222.70.182.146 - - [07/Jun/2024:13:26:31 +0800] "GET /xingrg/all/function/internal_message.html?_=1717737990217&CODE_STATE=getMsg HTTP/1.1" 200 27
116.232.195.13 - - [07/Jun/2024:13:26:37 +0800] "GET /xingrg/all/function/internal_message.html?_=1717737985130&CODE_STATE=getMsg HTTP/1.1" 200 27
180.169.147.146 - - [07/Jun/2024:13:26:54 +0800] "GET /xingrg/all/function/internal_message.html?_=1717738017843&CODE_STATE=getMsg HTTP/1.1" 302 -
116.238.97.31 - - [07/Jun/2024:13:27:01 +0800] "GET /xingrg/all/function/internal_message.html?_=1717738026350&CODE_STATE=getMsg HTTP/1.1" 302 -
180.169.147.146 - - [07/Jun/2024:13:27:02 +0800] "GET /xingrg/all/function/internal_message.html?_=1717738021971&CODE_STATE=getMsg HTTP/1.1" 200 27
58.37.208.233 - - [07/Jun/2024:13:27:03 +0800] "GET /xingrg/check_reg.html?_=1717738023439 HTTP/1.1" 302 -
222.70.182.146 - - [07/Jun/2024:13:27:16 +0800] "GET /xingrg/all/function/internal_message.html?_=1717738036219&CODE_STATE=getMsg HTTP/1.1" 200 27
101.83.241.138 - - [07/Jun/2024:13:27:22 +0800] "GET /xingrg/all/function/internal_message.html?_=1717738042022&CODE_STATE=getMsg HTTP/1.1" 200 27
222.70.114.167 - - [07/Jun/2024:13:27:28 +0800] "GET /xingrg/all/function/internal_message.html?_=1717738058378&CODE_STATE=getMsg HTTP/1.1" 302 -
222.70.182.146 - - [07/Jun/2024:13:27:31 +0800] "GET /xingrg/all/function/internal_message.html?_=1717738050217&CODE_STATE=getMsg HTTP/1.1" 200 27
116.232.195.13 - - [07/Jun/2024:13:27:37 +0800] "GET /xingrg/all/function/internal_message.html?_=1717738045126&CODE_STATE=getMsg HTTP/1.1" 200 27
180.169.147.146 - - [07/Jun/2024:13:27:54 +0800] "GET /xingrg/all/function/internal_message.html?_=1717738077827&CODE_STATE=getMsg HTTP/1.1" 302 -
116.238.97.31 - - [07/Jun/2024:13:28:01 +0800] "GET /xingrg/all/function/internal_message.html?_=1717738086348&CODE_STATE=getMsg HTTP/1.1" 302 -
180.169.147.146 - - [07/Jun/2024:13:28:02 +0800] "GET /xingrg/all/function/internal_message.html?_=1717738081964&CODE_STATE=getMsg HTTP/1.1" 200 27
222.70.182.146 - - [07/Jun/2024:13:28:16 +0800] "GET /xingrg/all/function/internal_message.html?_=1717738096209&CODE_STATE=getMsg HTTP/1.1" 200 27
222.70.182.146 - - [07/Jun/2024:13:28:16 +0800] "GET /xingrg/check_reg.html?_=1717738096213 HTTP/1.1" 200 22
101.83.241.138 - - [07/Jun/2024:13:28:22 +0800] "GET /xingrg/all/function/internal_message.html?_=1717738102023&CODE_STATE=getMsg HTTP/1.1" 200 27
222.70.114.167 - - [07/Jun/2024:13:28:28 +0800] "GET /xingrg/all/function/internal_message.html?_=1717738118384&CODE_STATE=getMsg HTTP/1.1" 302 -
222.70.182.146 - - [07/Jun/2024:13:28:31 +0800] "GET /xingrg/all/function/internal_message.html?_=1717738110216&CODE_STATE=getMsg HTTP/1.1" 200 27
116.232.195.13 - - [07/Jun/2024:13:28:37 +0800] "GET /xingrg/all/function/internal_message.html?_=1717738105135&CODE_STATE=getMsg HTTP/1.1" 200 27
116.232.195.13 - - [07/Jun/2024:13:28:37 +0800] "GET /xingrg/check_reg.html?_=1717738105140 HTTP/1.1" 200 22
58.40.7.146 - - [07/Jun/2024:13:28:43 +0800] "GET /xingrg/check_reg.html?_=1717738123692 HTTP/1.1" 302 -
180.169.147.146 - - [07/Jun/2024:13:28:54 +0800] "GET /xingrg/all/function/internal_message.html?_=1717738137811&CODE_STATE=getMsg HTTP/1.1" 302 -
180.169.147.146 - - [07/Jun/2024:13:28:55 +0800] "GET /xingrg/check_reg.html?_=1717738138266 HTTP/1.1" 302 -
116.238.97.31 - - [07/Jun/2024:13:29:01 +0800] "GET /xingrg/all/function/internal_message.html?_=1717738146362&CODE_STATE=getMsg HTTP/1.1" 302 -
180.169.147.146 - - [07/Jun/2024:13:29:02 +0800] "GET /xingrg/check_reg.html?_=1717738141981 HTTP/1.1" 200 22
180.169.147.146 - - [07/Jun/2024:13:29:02 +0800] "GET /xingrg/all/function/internal_message.html?_=1717738141982&CODE_STATE=getMsg HTTP/1.1" 200 27
222.70.182.146 - - [07/Jun/2024:13:29:16 +0800] "GET /xingrg/all/function/internal_message.html?_=1717738156209&CODE_STATE=getMsg HTTP/1.1" 200 27
101.83.241.138 - - [07/Jun/2024:13:29:22 +0800] "GET /xingrg/all/function/internal_message.html?_=1717738162020&CODE_STATE=getMsg HTTP/1.1" 200 27
116.235.94.80 - - [07/Jun/2024:13:29:24 +0800] "GET /xingrg/check_reg.html?_=1717738154810 HTTP/1.1" 302 -
180.169.147.146 - - [07/Jun/2024:13:29:27 +0800] "GET /xingrg/all/function/internal_message.html?_=1717738167429&CODE_STATE=getMsg HTTP/1.1" 200 27
180.169.147.146 - - [07/Jun/2024:13:29:27 +0800] "GET /xingrg/check_reg.html?_=1717738167431 HTTP/1.1" 200 22
180.169.147.146 - - [07/Jun/2024:13:29:27 +0800] "GET /xingrg/kc/cost/cost_page.html HTTP/1.1" 200 4088
180.169.147.146 - - [07/Jun/2024:13:29:27 +0800] "GET /xingrg/css/blue.css HTTP/1.1" 304 -
180.169.147.146 - - [07/Jun/2024:13:29:27 +0800] "GET /xingrg/javascript/jquery_easy_ui/themes/default/easyui.css HTTP/1.1" 304 -
180.169.147.146 - - [07/Jun/2024:13:29:27 +0800] "GET /xingrg/javascript/jquery_easy_ui/themes/icon.css HTTP/1.1" 304 -
180.169.147.146 - - [07/Jun/2024:13:29:27 +0800] "GET /xingrg/javascript/step/step.css HTTP/1.1" 304 -
180.169.147.146 - - [07/Jun/2024:13:29:27 +0800] "GET /xingrg/css/table.css HTTP/1.1" 304 -
180.169.147.146 - - [07/Jun/2024:13:29:27 +0800] "GET /xingrg/dwr/interface/AjaxReportQueryService.js HTTP/1.1" 200 13203
180.169.147.146 - - [07/Jun/2024:13:29:27 +0800] "GET /xingrg/dwr/engine.js HTTP/1.1" 200 43631
180.169.147.146 - - [07/Jun/2024:13:29:27 +0800] "GET /xingrg/dwr/util.js HTTP/1.1" 304 -
180.169.147.146 - - [07/Jun/2024:13:29:27 +0800] "GET /xingrg/javascript/jquery-1.4.2.min.js HTTP/1.1" 304 -
180.169.147.146 - - [07/Jun/2024:13:29:27 +0800] "GET /xingrg/javascript/jquery_easy_ui/jquery.easyui.min.js HTTP/1.1" 304 -
180.169.147.146 - - [07/Jun/2024:13:29:27 +0800] "GET /xingrg/javascript/jquery_easy_ui/easyui-lang-zh_CN.js HTTP/1.1" 304 -
180.169.147.146 - - [07/Jun/2024:13:29:27 +0800] "GET /xingrg/javascript/jquery.utils.js HTTP/1.1" 304 -
180.169.147.146 - - [07/Jun/2024:13:29:27 +0800] "GET /xingrg/images/control/ajaxLoader.gif HTTP/1.1" 304 -
222.70.114.167 - - [07/Jun/2024:13:29:28 +0800] "GET /xingrg/all/function/internal_message.html?_=1717738178385&CODE_STATE=getMsg HTTP/1.1" 302 -
222.70.182.146 - - [07/Jun/2024:13:29:32 +0800] "GET /xingrg/check_reg.html?_=1717738170216 HTTP/1.1" 200 22
222.70.182.146 - - [07/Jun/2024:13:29:32 +0800] "GET /xingrg/all/function/internal_message.html?_=1717738170218&CODE_STATE=getMsg HTTP/1.1" 200 27
116.232.195.13 - - [07/Jun/2024:13:29:37 +0800] "GET /xingrg/all/function/internal_message.html?_=1717738165127&CODE_STATE=getMsg HTTP/1.1" 200 27
180.169.147.146 - - [07/Jun/2024:13:29:54 +0800] "GET /xingrg/all/function/internal_message.html?_=1717738197782&CODE_STATE=getMsg HTTP/1.1" 302 -
116.238.97.31 - - [07/Jun/2024:13:30:01 +0800] "GET /xingrg/all/function/internal_message.html?_=1717738206369&CODE_STATE=getMsg HTTP/1.1" 302 -
180.169.147.146 - - [07/Jun/2024:13:30:02 +0800] "GET /xingrg/all/function/internal_message.html?_=1717738201981&CODE_STATE=getMsg HTTP/1.1" 200 27
222.70.182.146 - - [07/Jun/2024:13:30:16 +0800] "GET /xingrg/all/function/internal_message.html?_=1717738216214&CODE_STATE=getMsg HTTP/1.1" 200 27
101.83.241.138 - - [07/Jun/2024:13:30:22 +0800] "GET /xingrg/all/function/internal_message.html?_=1717738222016&CODE_STATE=getMsg HTTP/1.1" 200 27
101.83.144.49 - - [07/Jun/2024:13:30:26 +0800] "GET /favicon.ico HTTP/1.1" 404 -
180.169.147.146 - - [07/Jun/2024:13:30:27 +0800] "GET /xingrg/all/function/internal_message.html?_=1717738227421&CODE_STATE=getMsg HTTP/1.1" 200 27
101.83.144.49 - - [07/Jun/2024:13:30:28 +0800] "GET /xingrg/index.html?sysBaseUrl=http%3A%2F%2F180.169.147.146%3A18081%2Fxingrg%2F&costTime=36×tamp=1585223203754 HTTP/1.1" 302 -
101.83.144.49 - - [07/Jun/2024:13:30:28 +0800] "GET /xingrg/login.html HTTP/1.1" 200 7641
101.83.144.49 - - [07/Jun/2024:13:30:28 +0800] "GET /xingrg/images/blue/jxLogo.png HTTP/1.1" 304 -
222.70.114.167 - - [07/Jun/2024:13:30:28 +0800] "GET /xingrg/all/function/internal_message.html?_=1717738238400&CODE_STATE=getMsg HTTP/1.1" 302 -
101.83.144.49 - - [07/Jun/2024:13:30:28 +0800] "GET /xingrg/images/blue/login_bg.png HTTP/1.1" 304 -
101.83.144.49 - - [07/Jun/2024:13:30:28 +0800] "GET /xingrg/images/blue/hj.png HTTP/1.1" 304 -
101.83.144.49 - - [07/Jun/2024:13:30:29 +0800] "GET /xingrg/images/blue/srbg.png HTTP/1.1" 304 -
101.83.144.49 - - [07/Jun/2024:13:30:29 +0800] "GET /favicon.ico HTTP/1.1" 404 -
222.70.182.146 - - [07/Jun/2024:13:30:31 +0800] "GET /xingrg/all/function/internal_message.html?_=1717738230203&CODE_STATE=getMsg HTTP/1.1" 200 27
116.232.195.13 - - [07/Jun/2024:13:30:37 +0800] "GET /xingrg/all/function/internal_message.html?_=1717738225147&CODE_STATE=getMsg HTTP/1.1" 200 27
101.83.144.49 - - [07/Jun/2024:13:30:40 +0800] "POST /xingrg/login.do HTTP/1.1" 200 2421
101.83.144.49 - - [07/Jun/2024:13:30:40 +0800] "GET /xingrg/css/blue.css HTTP/1.1" 304 -
101.83.144.49 - - [07/Jun/2024:13:30:40 +0800] "GET /xingrg/javascript/myfunction.js HTTP/1.1" 304 -
101.83.144.49 - - [07/Jun/2024:13:30:40 +0800] "GET /xingrg/images/blue/pic_top.gif HTTP/1.1" 304 -
101.83.144.49 - - [07/Jun/2024:13:30:40 +0800] "GET /xingrg/images/blue/pic_notice.jpg HTTP/1.1" 304 -
101.83.144.49 - - [07/Jun/2024:13:30:40 +0800] "GET /xingrg/images/blue/error_mid.gif HTTP/1.1" 304 -
101.83.144.49 - - [07/Jun/2024:13:30:40 +0800] "GET /xingrg/images/blue/error_top.gif HTTP/1.1" 304 -
101.83.144.49 - - [07/Jun/2024:13:30:40 +0800] "GET /xingrg/images/blue/error_buttom.gif HTTP/1.1" 304 -
101.83.144.49 - - [07/Jun/2024:13:30:40 +0800] "GET /favicon.ico HTTP/1.1" 404 -
101.83.144.49 - - [07/Jun/2024:13:30:41 +0800] "GET /xingrg/login.html HTTP/1.1" 200 7641
101.83.144.49 - - [07/Jun/2024:13:30:41 +0800] "GET /favicon.ico HTTP/1.1" 404 -
101.83.144.49 - - [07/Jun/2024:13:30:43 +0800] "POST /xingrg/login.do HTTP/1.1" 302 -
101.83.144.49 - - [07/Jun/2024:13:30:43 +0800] "GET /xingrg/index.html?sysBaseUrl=http%3A%2F%2F180.169.147.146%3A18081%2Fxingrg%2F&costTime=841×tamp=1717738243185 HTTP/1.1" 200 17173
101.83.144.49 - - [07/Jun/2024:13:30:43 +0800] "GET /xingrg/javascript/jquery_easy_ui/themes/default/easyui.css HTTP/1.1" 304 -
101.83.144.49 - - [07/Jun/2024:13:30:43 +0800] "GET /xingrg/css/form.css HTTP/1.1" 304 -
101.83.144.49 - - [07/Jun/2024:13:30:43 +0800] "GET /xingrg/javascript/jquery_easy_ui/themes/icon.css HTTP/1.1" 304 -
101.83.144.49 - - [07/Jun/2024:13:30:43 +0800] "GET /xingrg/javascript/jquery_easy_ui/easyui-lang-zh_CN.js HTTP/1.1" 304 -
101.83.144.49 - - [07/Jun/2024:13:30:43 +0800] "GET /xingrg/javascript/jquery-1.4.2.min.js HTTP/1.1" 304 -
101.83.144.49 - - [07/Jun/2024:13:30:43 +0800] "GET /xingrg/javascript/jquery.timers.js HTTP/1.1" 304 -
101.83.144.49 - - [07/Jun/2024:13:30:43 +0800] "GET /xingrg/javascript/jquery_easy_ui/jquery.easyui.min.js HTTP/1.1" 304 -
101.83.144.49 - - [07/Jun/2024:13:30:43 +0800] "GET /xingrg/javascript/jquery.utils.js HTTP/1.1" 304 -
101.83.144.49 - - [07/Jun/2024:13:30:43 +0800] "GET /xingrg/javascript/jquery.form.js HTTP/1.1" 304 -
101.83.144.49 - - [07/Jun/2024:13:30:43 +0800] "GET /xingrg/javascript/jquery_easy_ui/themes/icons/settle_new.png HTTP/1.1" 304 -
101.83.144.49 - - [07/Jun/2024:13:30:43 +0800] "GET /xingrg/images/blue/navBackgound.jpg HTTP/1.1" 304 -
101.83.144.49 - - [07/Jun/2024:13:30:44 +0800] "POST /xingrg/all/common/load_tree.html?tree=area_rest_tree_json&manage=1 HTTP/1.1" 200 4010
101.83.144.49 - - [07/Jun/2024:13:30:44 +0800] "GET /xingrg/images/blue/pingpu.png HTTP/1.1" 304 -
101.83.144.49 - - [07/Jun/2024:13:30:44 +0800] "GET /xingrg/javascript/jquery_easy_ui/themes/default/images/tabs_leftarrow.png HTTP/1.1" 304 -
101.83.144.49 - - [07/Jun/2024:13:30:44 +0800] "GET /xingrg/all/function/internal_message.html?_=1717738245975&CODE_STATE=count HTTP/1.1" 200 11
101.83.144.49 - - [07/Jun/2024:13:30:44 +0800] "GET /xingrg/check_reg.html?_=1717738245976 HTTP/1.1" 200 22
101.83.144.49 - - [07/Jun/2024:13:30:44 +0800] "GET /xingrg/javascript/jquery_easy_ui/themes/default/images/tabs_rightarrow.png HTTP/1.1" 304 -
101.83.144.49 - - [07/Jun/2024:13:30:44 +0800] "GET /xingrg/javascript/jquery_easy_ui/themes/default/images/panel_tool_collapse.gif HTTP/1.1" 304 -
101.83.144.49 - - [07/Jun/2024:13:30:44 +0800] "GET /favicon.ico HTTP/1.1" 404 -
101.83.144.49 - - [07/Jun/2024:13:30:44 +0800] "GET /xingrg/javascript/jquery_easy_ui/themes/default/images/tree_arrows.gif HTTP/1.1" 304 -
101.83.144.49 - - [07/Jun/2024:13:30:44 +0800] "POST /xingrg/load_menu.html HTTP/1.1" 200 5138
101.83.144.49 - - [07/Jun/2024:13:30:44 +0800] "GET /xingrg/javascript/jquery_easy_ui/themes/default/images/tree_folder_open.gif HTTP/1.1" 304 -
101.83.144.49 - - [07/Jun/2024:13:30:44 +0800] "GET /xingrg/javascript/jquery_easy_ui/themes/icons/storage_new.png HTTP/1.1" 304 -
101.83.144.49 - - [07/Jun/2024:13:30:44 +0800] "GET /xingrg/javascript/jquery_easy_ui/themes/default/images/tree_folder.gif HTTP/1.1" 304 -
101.83.144.49 - - [07/Jun/2024:13:30:44 +0800] "GET /xingrg/javascript/jquery_easy_ui/themes/icons/search_new.png HTTP/1.1" 304 -
101.83.144.49 - - [07/Jun/2024:13:30:44 +0800] "GET /xingrg/javascript/jquery_easy_ui/themes/icons/forms_new.png HTTP/1.1" 304 -
101.83.144.49 - - [07/Jun/2024:13:30:44 +0800] "GET /xingrg/javascript/jquery_easy_ui/themes/default/images/tree_file.gif HTTP/1.1" 304 -
180.169.147.146 - - [07/Jun/2024:13:30:54 +0800] "GET /xingrg/all/function/internal_message.html?_=1717738257765&CODE_STATE=getMsg HTTP/1.1" 302 -
116.238.97.31 - - [07/Jun/2024:13:31:01 +0800] "GET /xingrg/check_reg.html?_=1717738266369 HTTP/1.1" 302 -
116.238.97.31 - - [07/Jun/2024:13:31:01 +0800] "GET /xingrg/all/function/internal_message.html?_=1717738266369&CODE_STATE=getMsg HTTP/1.1" 302 -
180.169.147.146 - - [07/Jun/2024:13:31:02 +0800] "GET /xingrg/all/function/internal_message.html?_=1717738261959&CODE_STATE=getMsg HTTP/1.1" 200 27
180.156.239.18 - - [07/Jun/2024:13:31:05 +0800] "GET /xingrg/check_reg.html?_=1717738265153 HTTP/1.1" 302 -
222.70.182.146 - - [07/Jun/2024:13:31:16 +0800] "GET /xingrg/all/function/internal_message.html?_=1717738276217&CODE_STATE=getMsg HTTP/1.1" 200 27
101.83.241.138 - - [07/Jun/2024:13:31:22 +0800] "GET /xingrg/all/function/internal_message.html?_=1717738282018&CODE_STATE=getMsg HTTP/1.1" 200 27
101.83.241.138 - - [07/Jun/2024:13:31:22 +0800] "GET /xingrg/check_reg.html?_=1717738282019 HTTP/1.1" 200 22
180.169.147.146 - - [07/Jun/2024:13:31:27 +0800] "GET /xingrg/all/function/internal_message.html?_=1717738287422&CODE_STATE=getMsg HTTP/1.1" 200 27
222.70.114.167 - - [07/Jun/2024:13:31:28 +0800] "GET /xingrg/check_reg.html?_=1717738298406 HTTP/1.1" 302 -
222.70.114.167 - - [07/Jun/2024:13:31:28 +0800] "GET /xingrg/all/function/internal_message.html?_=1717738298409&CODE_STATE=getMsg HTTP/1.1" 302 -
222.70.182.146 - - [07/Jun/2024:13:31:32 +0800] "GET /xingrg/all/function/internal_message.html?_=1717738290218&CODE_STATE=getMsg HTTP/1.1" 200 27
101.83.144.49 - - [07/Jun/2024:13:31:34 +0800] "POST /xingrg/services/DataTransmitService HTTP/1.1" 200 524
101.83.144.49 - - [07/Jun/2024:13:31:37 +0800] "POST /xingrg/services/DataTransmitService HTTP/1.1" 200 501
101.83.144.49 - - [07/Jun/2024:13:31:37 +0800] "POST /xingrg/services/DataTransmitService HTTP/1.1" 200 501
116.232.195.13 - - [07/Jun/2024:13:31:37 +0800] "GET /xingrg/all/function/internal_message.html?_=1717738285123&CODE_STATE=getMsg HTTP/1.1" 200 27
101.83.144.49 - - [07/Jun/2024:13:31:38 +0800] "POST /xingrg/services/DataTransmitService HTTP/1.1" 200 501
101.83.144.49 - - [07/Jun/2024:13:31:39 +0800] "POST /xingrg/services/DataTransmitService HTTP/1.1" 200 501
101.83.144.49 - - [07/Jun/2024:13:31:40 +0800] "POST /xingrg/services/DataTransmitService HTTP/1.1" 200 501
101.83.144.49 - - [07/Jun/2024:13:31:41 +0800] "POST /xingrg/services/DataTransmitService HTTP/1.1" 200 501
101.83.144.49 - - [07/Jun/2024:13:31:41 +0800] "POST /xingrg/services/DataTransmitService HTTP/1.1" 200 501
101.83.144.49 - - [07/Jun/2024:13:31:42 +0800] "POST /xingrg/services/DataTransmitService HTTP/1.1" 200 501
101.83.144.49 - - [07/Jun/2024:13:31:42 +0800] "POST /xingrg/services/DataTransmitService HTTP/1.1" 200 412
101.83.144.49 - - [07/Jun/2024:13:31:44 +0800] "GET /xingrg/all/function/internal_message.html?_=1717738305983&CODE_STATE=getMsg HTTP/1.1" 200 27
180.169.147.146 - - [07/Jun/2024:13:31:54 +0800] "GET /xingrg/all/function/internal_message.html?_=1717738317750&CODE_STATE=getMsg HTTP/1.1" 302 -
116.238.97.31 - - [07/Jun/2024:13:32:01 +0800] "GET /xingrg/all/function/internal_message.html?_=1717738326369&CODE_STATE=getMsg HTTP/1.1" 302 -
180.169.147.146 - - [07/Jun/2024:13:32:02 +0800] "GET /xingrg/all/function/internal_message.html?_=1717738321970&CODE_STATE=getMsg HTTP/1.1" 200 27
58.37.208.233 - - [07/Jun/2024:13:32:03 +0800] "GET /xingrg/check_reg.html?_=1717738323425 HTTP/1.1" 302 -
222.70.182.146 - - [07/Jun/2024:13:32:16 +0800] "GET /xingrg/all/function/internal_message.html?_=1717738336212&CODE_STATE=getMsg HTTP/1.1" 200 27
101.83.241.138 - - [07/Jun/2024:13:32:22 +0800] "GET /xingrg/all/function/internal_message.html?_=1717738342016&CODE_STATE=getMsg HTTP/1.1" 200 27
101.83.144.49 - - [07/Jun/2024:13:32:25 +0800] "GET /xingrg/javascript/jquery_easy_ui/themes/icons/area.png HTTP/1.1" 304 -
101.83.144.49 - - [07/Jun/2024:13:32:25 +0800] "GET /xingrg/javascript/jquery_easy_ui/themes/icons/manage.png HTTP/1.1" 304 -
101.83.144.49 - - [07/Jun/2024:13:32:25 +0800] "GET /xingrg/javascript/jquery_easy_ui/themes/icons/rest.png HTTP/1.1" 304 -
180.169.147.146 - - [07/Jun/2024:13:32:27 +0800] "GET /xingrg/all/function/internal_message.html?_=1717738347407&CODE_STATE=getMsg HTTP/1.1" 200 27
101.83.144.49 - - [07/Jun/2024:13:32:28 +0800] "GET /xingrg/javascript/jquery_easy_ui/themes/default/images/tabs_close.gif HTTP/1.1" 304 -
101.83.144.49 - - [07/Jun/2024:13:32:28 +0800] "GET /xingrg/kc/base/check_order_list.html HTTP/1.1" 200 16334
101.83.144.49 - - [07/Jun/2024:13:32:28 +0800] "GET /xingrg/css/base.css HTTP/1.1" 304 -
101.83.144.49 - - [07/Jun/2024:13:32:28 +0800] "GET /xingrg/css/site.css HTTP/1.1" 304 -
101.83.144.49 - - [07/Jun/2024:13:32:28 +0800] "GET /xingrg/javascript/jquery_tools/datebox.css HTTP/1.1" 304 -
101.83.144.49 - - [07/Jun/2024:13:32:28 +0800] "GET /xingrg/javascript/jquery_tools/fix.css HTTP/1.1" 304 -
101.83.144.49 - - [07/Jun/2024:13:32:28 +0800] "GET /xingrg/javascript/jquery_tools/jquery.tools.extend.js HTTP/1.1" 304 -
101.83.144.49 - - [07/Jun/2024:13:32:28 +0800] "GET /xingrg/javascript/easyui/themes/icon.css HTTP/1.1" 304 -
101.83.144.49 - - [07/Jun/2024:13:32:28 +0800] "GET /xingrg/javascript/jquery_tools/jquery.tools.hotkey.js HTTP/1.1" 304 -
101.83.144.49 - - [07/Jun/2024:13:32:28 +0800] "GET /xingrg/javascript/easyui/themes/default/easyui.css HTTP/1.1" 304 -
101.83.144.49 - - [07/Jun/2024:13:32:28 +0800] "GET /xingrg/javascript/jquery_tools/table.css HTTP/1.1" 304 -
101.83.144.49 - - [07/Jun/2024:13:32:28 +0800] "GET /xingrg/javascript/auto/jquery.autocomplete.css HTTP/1.1" 304 -
101.83.144.49 - - [07/Jun/2024:13:32:28 +0800] "GET /xingrg/javascript/easyui/easyloader.js HTTP/1.1" 304 -
101.83.144.49 - - [07/Jun/2024:13:32:28 +0800] "GET /xingrg/javascript/jquery_tools/jquery.tools.min.js HTTP/1.1" 304 -
101.83.144.49 - - [07/Jun/2024:13:32:28 +0800] "GET /xingrg/javascript/auto/jquery.autocomplete.js HTTP/1.1" 304 -
101.83.144.49 - - [07/Jun/2024:13:32:28 +0800] "GET /xingrg/javascript/jquery.cookie.js HTTP/1.1" 304 -
101.83.144.49 - - [07/Jun/2024:13:32:28 +0800] "GET /xingrg/javascript/jquery_tools/jquery.tools.table.js HTTP/1.1" 304 -
101.83.144.49 - - [07/Jun/2024:13:32:28 +0800] "GET /xingrg/javascript/jquery_tools/list_manager.js HTTP/1.1" 304 -
101.83.144.49 - - [07/Jun/2024:13:32:28 +0800] "GET /xingrg/javascript/easyui/plugins/jquery.parser.js HTTP/1.1" 304 -
101.83.144.49 - - [07/Jun/2024:13:32:28 +0800] "GET /xingrg/images/control/ajaxLoader.gif HTTP/1.1" 304 -
101.83.144.49 - - [07/Jun/2024:13:32:28 +0800] "GET /xingrg/javascript/easyui/themes/icons/cance_new.png HTTP/1.1" 304 -
101.83.144.49 - - [07/Jun/2024:13:32:28 +0800] "GET /xingrg/javascript/easyui/themes/icons/edit_add_new.png HTTP/1.1" 304 -
101.83.144.49 - - [07/Jun/2024:13:32:28 +0800] "GET /xingrg/javascript/easyui/themes/icons/check_new.png HTTP/1.1" 304 -
101.83.144.49 - - [07/Jun/2024:13:32:28 +0800] "GET /xingrg/javascript/easyui/themes/icons/field_new.png HTTP/1.1" 304 -
222.70.114.167 - - [07/Jun/2024:13:32:28 +0800] "GET /xingrg/all/function/internal_message.html?_=1717738358407&CODE_STATE=getMsg HTTP/1.1" 302 -
101.83.144.49 - - [07/Jun/2024:13:32:29 +0800] "POST /xingrg/kc/base/check_list_operate.html HTTP/1.1" 200 781
222.70.182.146 - - [07/Jun/2024:13:32:32 +0800] "GET /xingrg/all/function/internal_message.html?_=1717738350216&CODE_STATE=getMsg HTTP/1.1" 200 27
116.232.195.13 - - [07/Jun/2024:13:32:37 +0800] "GET /xingrg/all/function/internal_message.html?_=1717738345133&CODE_STATE=getMsg HTTP/1.1" 200 27
101.83.144.49 - - [07/Jun/2024:13:32:38 +0800] "GET /xingrg/javascript/jquery_tools/images/next.gif HTTP/1.1" 404 1086
101.83.144.49 - - [07/Jun/2024:13:32:38 +0800] "GET /xingrg/javascript/jquery_tools/images/prev.gif HTTP/1.1" 404 1086
222.70.244.42 - - [07/Jun/2024:13:32:40 +0800] "POST /xingrg/services/DataTransmitService HTTP/1.1" 200 524
101.83.144.49 - - [07/Jun/2024:13:32:44 +0800] "GET /xingrg/all/function/internal_message.html?_=1717738365982&CODE_STATE=getMsg HTTP/1.1" 200 27
101.83.144.49 - - [07/Jun/2024:13:32:48 +0800] "POST /xingrg/kc/base/check_list_operate.html HTTP/1.1" 200 4959
101.83.144.49 - - [07/Jun/2024:13:32:51 +0800] "GET /xingrg/kc/base/check_order_info.html?code=452024053100420 HTTP/1.1" 200 22860
101.83.144.49 - - [07/Jun/2024:13:32:51 +0800] "GET /xingrg/css/table.css HTTP/1.1" 304 -
101.83.144.49 - - [07/Jun/2024:13:32:51 +0800] "GET /xingrg/javascript/pic_change.js HTTP/1.1" 304 -
101.83.144.49 - - [07/Jun/2024:13:32:51 +0800] "GET /xingrg/dwr/interface/AjaxComOrderService.js HTTP/1.1" 200 18264
101.83.144.49 - - [07/Jun/2024:13:32:51 +0800] "GET /xingrg/dwr/interface/AjaxCheckService.js HTTP/1.1" 200 14003
101.83.144.49 - - [07/Jun/2024:13:32:51 +0800] "GET /xingrg/dwr/util.js HTTP/1.1" 200 35990
101.83.144.49 - - [07/Jun/2024:13:32:51 +0800] "GET /xingrg/dwr/engine.js HTTP/1.1" 200 43631
101.83.144.49 - - [07/Jun/2024:13:32:51 +0800] "GET /xingrg/javascript/AjaxInfoList.js HTTP/1.1" 304 -
101.83.144.49 - - [07/Jun/2024:13:32:51 +0800] "GET /xingrg/javascript/Calendar.js HTTP/1.1" 304 -
101.83.144.49 - - [07/Jun/2024:13:32:51 +0800] "GET /xingrg/javascript/convert.js HTTP/1.1" 304 -
101.83.144.49 - - [07/Jun/2024:13:32:51 +0800] "GET /xingrg/javascript/print/kc_print.js HTTP/1.1" 304 -
101.83.144.49 - - [07/Jun/2024:13:32:51 +0800] "GET /xingrg/javascript/print/LodopFuncs.js HTTP/1.1" 304 -
101.83.144.49 - - [07/Jun/2024:13:32:51 +0800] "GET /xingrg/javascript/jquery_easy_ui/themes/icons/exam_new.png HTTP/1.1" 304 -
101.83.144.49 - - [07/Jun/2024:13:32:51 +0800] "GET /xingrg/javascript/jquery_easy_ui/themes/icons/print.png HTTP/1.1" 304 -
101.83.144.49 - - [07/Jun/2024:13:32:51 +0800] "GET /xingrg/javascript/jquery_easy_ui/themes/default/images/menu_downarrow.png HTTP/1.1" 304 -
101.83.144.49 - - [07/Jun/2024:13:32:51 +0800] "GET /xingrg/javascript/jquery_easy_ui/themes/icons/back_new.png HTTP/1.1" 304 -
101.83.144.49 - - [07/Jun/2024:13:32:52 +0800] "POST /xingrg/dwr/call/plaincall/AjaxCheckService.loadOrderItems.dwr HTTP/1.1" 200 4185
180.169.147.146 - - [07/Jun/2024:13:32:54 +0800] "GET /xingrg/all/function/internal_message.html?_=1717738377721&CODE_STATE=getMsg HTTP/1.1" 302 -
101.83.144.49 - - [07/Jun/2024:13:32:54 +0800] "GET /xingrg/javascript/jquery_easy_ui/themes/default/images/button_plain_hover.png HTTP/1.1" 304 -
101.83.144.49 - - [07/Jun/2024:13:32:55 +0800] "GET /xingrg/kc/base/check_order_list.html?isBack=1 HTTP/1.1" 200 16334
101.83.144.49 - - [07/Jun/2024:13:32:56 +0800] "POST /xingrg/kc/base/check_list_operate.html HTTP/1.1" 200 781
116.238.97.31 - - [07/Jun/2024:13:33:01 +0800] "GET /xingrg/all/function/internal_message.html?_=1717738386366&CODE_STATE=getMsg HTTP/1.1" 302 -
180.169.147.146 - - [07/Jun/2024:13:33:02 +0800] "GET /xingrg/all/function/internal_message.html?_=1717738381970&CODE_STATE=getMsg HTTP/1.1" 200 27
101.83.144.49 - - [07/Jun/2024:13:33:07 +0800] "POST /xingrg/kc/base/check_list_operate.html HTTP/1.1" 200 4935
101.83.144.49 - - [07/Jun/2024:13:33:11 +0800] "POST /xingrg/kc/base/check_list_operate.html HTTP/1.1" 200 4258
222.70.182.146 - - [07/Jun/2024:13:33:16 +0800] "GET /xingrg/all/function/internal_message.html?_=1717738396224&CODE_STATE=getMsg HTTP/1.1" 200 27
222.70.182.146 - - [07/Jun/2024:13:33:16 +0800] "GET /xingrg/check_reg.html?_=1717738396227 HTTP/1.1" 200 22
101.83.144.49 - - [07/Jun/2024:13:33:20 +0800] "GET /xingrg/kc/base/check_order_list.html HTTP/1.1" 200 16334
101.83.144.49 - - [07/Jun/2024:13:33:20 +0800] "POST /xingrg/kc/base/check_list_operate.html HTTP/1.1" 200 781
101.83.144.49 - - [07/Jun/2024:13:33:21 +0800] "GET /xingrg/javascript/easyui/themes/default/images/button_plain_hover.png HTTP/1.1" 304 -
101.83.144.49 - - [07/Jun/2024:13:33:21 +0800] "GET /xingrg/kc/base/check_order_add.html HTTP/1.1" 200 26518
101.83.144.49 - - [07/Jun/2024:13:33:21 +0800] "GET /xingrg/dwr/interface/AjaxComOrderService.js HTTP/1.1" 200 18264
101.83.144.49 - - [07/Jun/2024:13:33:21 +0800] "GET /xingrg/dwr/interface/AjaxCheckService.js HTTP/1.1" 200 14003
101.83.144.49 - - [07/Jun/2024:13:33:21 +0800] "GET /xingrg/dwr/engine.js HTTP/1.1" 200 43631
101.83.144.49 - - [07/Jun/2024:13:33:21 +0800] "GET /xingrg/javascript/jquery_easy_ui/themes/icons/check_new.png HTTP/1.1" 304 -
101.83.144.49 - - [07/Jun/2024:13:33:21 +0800] "GET /xingrg/javascript/jquery_easy_ui/themes/icons/cance_new.png HTTP/1.1" 304 -
101.83.241.138 - - [07/Jun/2024:13:33:22 +0800] "GET /xingrg/all/function/internal_message.html?_=1717738402013&CODE_STATE=getMsg HTTP/1.1" 200 27
180.169.147.146 - - [07/Jun/2024:13:33:27 +0800] "GET /xingrg/all/function/internal_message.html?_=1717738407403&CODE_STATE=getMsg HTTP/1.1" 200 27
222.70.114.167 - - [07/Jun/2024:13:33:28 +0800] "GET /xingrg/all/function/internal_message.html?_=1717738418408&CODE_STATE=getMsg HTTP/1.1" 302 -
222.70.182.146 - - [07/Jun/2024:13:33:32 +0800] "GET /xingrg/all/function/internal_message.html?_=1717738410215&CODE_STATE=getMsg HTTP/1.1" 200 27
116.232.195.13 - - [07/Jun/2024:13:33:37 +0800] "GET /xingrg/all/function/internal_message.html?_=1717738405122&CODE_STATE=getMsg HTTP/1.1" 200 27
116.232.195.13 - - [07/Jun/2024:13:33:37 +0800] "GET /xingrg/check_reg.html?_=1717738405122 HTTP/1.1" 200 22
58.40.7.146 - - [07/Jun/2024:13:33:43 +0800] "GET /xingrg/check_reg.html?_=1717738423671 HTTP/1.1" 302 -
101.83.144.49 - - [07/Jun/2024:13:33:44 +0800] "GET /xingrg/all/function/internal_message.html?_=1717738425992&CODE_STATE=getMsg HTTP/1.1" 200 27
180.169.147.146 - - [07/Jun/2024:13:33:54 +0800] "GET /xingrg/all/function/internal_message.html?_=1717738437704&CODE_STATE=getMsg HTTP/1.1" 302 -
180.169.147.146 - - [07/Jun/2024:13:33:55 +0800] "GET /xingrg/check_reg.html?_=1717738438236 HTTP/1.1" 302 -
116.238.97.31 - - [07/Jun/2024:13:34:01 +0800] "GET /xingrg/all/function/internal_message.html?_=1717738446365&CODE_STATE=getMsg HTTP/1.1" 302 -
180.169.147.146 - - [07/Jun/2024:13:34:02 +0800] "GET /xingrg/all/function/internal_message.html?_=1717738441958&CODE_STATE=getMsg HTTP/1.1" 200 27
180.169.147.146 - - [07/Jun/2024:13:34:02 +0800] "GET /xingrg/check_reg.html?_=1717738441963 HTTP/1.1" 200 22
61.165.227.88 - - [07/Jun/2024:13:34:05 +0800] "GET /favicon.ico HTTP/1.1" 404 -
61.165.227.88 - - [07/Jun/2024:13:34:14 +0800] "GET /xingrg/login.html HTTP/1.1" 200 7641
61.165.227.88 - - [07/Jun/2024:13:34:15 +0800] "GET /favicon.ico HTTP/1.1" 404 -
222.70.182.146 - - [07/Jun/2024:13:34:16 +0800] "GET /xingrg/all/function/internal_message.html?_=1717738456221&CODE_STATE=getMsg HTTP/1.1" 200 27
61.165.227.88 - - [07/Jun/2024:13:34:18 +0800] "GET /xingrg/login.html HTTP/1.1" 200 7641
61.165.227.88 - - [07/Jun/2024:13:34:18 +0800] "GET /xingrg/images/blue/jxLogo.png HTTP/1.1" 200 6156
61.165.227.88 - - [07/Jun/2024:13:34:18 +0800] "POST /xingrg/login.do HTTP/1.1" 302 -
61.165.227.88 - - [07/Jun/2024:13:34:18 +0800] "GET /xingrg/index.html?sysBaseUrl=http%3A%2F%2F180.169.147.146%3A18081%2Fxingrg%2F&costTime=821×tamp=1717738458445 HTTP/1.1" 200 17177
61.165.227.88 - - [07/Jun/2024:13:34:18 +0800] "GET /xingrg/images/blue/hj.png HTTP/1.1" 200 1014
61.165.227.88 - - [07/Jun/2024:13:34:18 +0800] "GET /xingrg/images/blue/login_bg.png HTTP/1.1" 200 22101
61.165.227.88 - - [07/Jun/2024:13:34:18 +0800] "GET /xingrg/images/blue/srbg.png HTTP/1.1" 200 138
61.165.227.88 - - [07/Jun/2024:13:34:18 +0800] "GET /favicon.ico HTTP/1.1" 404 -
61.165.227.88 - - [07/Jun/2024:13:34:18 +0800] "GET /favicon.ico HTTP/1.1" 404 -
61.165.227.88 - - [07/Jun/2024:13:34:18 +0800] "GET /xingrg/all/function/internal_message.html?_=1717738460832&CODE_STATE=count HTTP/1.1" 200 11
61.165.227.88 - - [07/Jun/2024:13:34:18 +0800] "GET /xingrg/check_reg.html?_=1717738460834 HTTP/1.1" 200 22
61.165.227.88 - - [07/Jun/2024:13:34:18 +0800] "POST /xingrg/all/common/load_tree.html?tree=area_rest_tree_json&manage=1 HTTP/1.1" 200 601
61.165.227.88 - - [07/Jun/2024:13:34:18 +0800] "POST /xingrg/load_menu.html HTTP/1.1" 200 5138
101.83.241.138 - - [07/Jun/2024:13:34:22 +0800] "GET /xingrg/all/function/internal_message.html?_=1717738462010&CODE_STATE=getMsg HTTP/1.1" 200 27
180.156.239.18 - - [07/Jun/2024:13:34:24 +0800] "POST /xingrg/services/DataTransmitService HTTP/1.1" 200 524
116.235.94.80 - - [07/Jun/2024:13:34:24 +0800] "GET /xingrg/check_reg.html?_=1717738454803 HTTP/1.1" 302 -
180.156.239.18 - - [07/Jun/2024:13:34:26 +0800] "POST /xingrg/services/DataTransmitService HTTP/1.1" 200 501
180.156.239.18 - - [07/Jun/2024:13:34:26 +0800] "POST /xingrg/services/DataTransmitService HTTP/1.1" 200 501
180.169.147.146 - - [07/Jun/2024:13:34:27 +0800] "GET /xingrg/all/function/internal_message.html?_=1717738467388&CODE_STATE=getMsg HTTP/1.1" 200 27
180.169.147.146 - - [07/Jun/2024:13:34:27 +0800] "GET /xingrg/check_reg.html?_=1717738467407 HTTP/1.1" 200 22
180.156.239.18 - - [07/Jun/2024:13:34:28 +0800] "POST /xingrg/services/DataTransmitService HTTP/1.1" 200 501
222.70.114.167 - - [07/Jun/2024:13:34:28 +0800] "GET /xingrg/all/function/internal_message.html?_=1717738478409&CODE_STATE=getMsg HTTP/1.1" 302 -
180.156.239.18 - - [07/Jun/2024:13:34:29 +0800] "POST /xingrg/services/DataTransmitService HTTP/1.1" 200 501
61.165.227.88 - - [07/Jun/2024:13:34:30 +0800] "POST /xingrg/all/user/operate.html HTTP/1.1" 200 36
180.156.239.18 - - [07/Jun/2024:13:34:30 +0800] "POST /xingrg/services/DataTransmitService HTTP/1.1" 200 501
61.165.227.88 - - [07/Jun/2024:13:34:30 +0800] "GET /xingrg/index.html?sysBaseUrl=http%3A%2F%2F180.169.147.146%3A18081%2Fxingrg%2F&costTime=821×tamp=1717738458445 HTTP/1.1" 200 17177
61.165.227.88 - - [07/Jun/2024:13:34:30 +0800] "GET /xingrg/javascript/jquery_easy_ui/themes/default/easyui.css HTTP/1.1" 304 -
61.165.227.88 - - [07/Jun/2024:13:34:30 +0800] "GET /xingrg/javascript/jquery_easy_ui/themes/icon.css HTTP/1.1" 304 -
61.165.227.88 - - [07/Jun/2024:13:34:30 +0800] "GET /xingrg/css/form.css HTTP/1.1" 304 -
61.165.227.88 - - [07/Jun/2024:13:34:30 +0800] "GET /xingrg/javascript/jquery-1.4.2.min.js HTTP/1.1" 304 -
61.165.227.88 - - [07/Jun/2024:13:34:30 +0800] "GET /xingrg/javascript/jquery_easy_ui/jquery.easyui.min.js HTTP/1.1" 304 -
61.165.227.88 - - [07/Jun/2024:13:34:30 +0800] "GET /xingrg/javascript/jquery_easy_ui/easyui-lang-zh_CN.js HTTP/1.1" 304 -
61.165.227.88 - - [07/Jun/2024:13:34:30 +0800] "GET /xingrg/javascript/jquery.form.js HTTP/1.1" 304 -
61.165.227.88 - - [07/Jun/2024:13:34:30 +0800] "GET /xingrg/javascript/jquery.utils.js HTTP/1.1" 304 -
61.165.227.88 - - [07/Jun/2024:13:34:30 +0800] "GET /xingrg/javascript/jquery.timers.js HTTP/1.1" 304 -
61.165.227.88 - - [07/Jun/2024:13:34:30 +0800] "GET /xingrg/images/blue/jxLogo.png HTTP/1.1" 304 -
61.165.227.88 - - [07/Jun/2024:13:34:30 +0800] "GET /xingrg/images/blue/navBackgound.jpg HTTP/1.1" 304 -
61.165.227.88 - - [07/Jun/2024:13:34:30 +0800] "GET /xingrg/javascript/jquery_easy_ui/themes/icons/settle_new.png HTTP/1.1" 304 -
61.165.227.88 - - [07/Jun/2024:13:34:30 +0800] "GET /xingrg/check_reg.html?_=1717738472666 HTTP/1.1" 200 22
61.165.227.88 - - [07/Jun/2024:13:34:30 +0800] "GET /xingrg/all/function/internal_message.html?_=1717738472665&CODE_STATE=count HTTP/1.1" 200 11
61.165.227.88 - - [07/Jun/2024:13:34:30 +0800] "GET /xingrg/javascript/jquery_easy_ui/themes/default/images/panel_tool_collapse.gif HTTP/1.1" 304 -
61.165.227.88 - - [07/Jun/2024:13:34:30 +0800] "GET /xingrg/images/blue/pingpu.png HTTP/1.1" 304 -
61.165.227.88 - - [07/Jun/2024:13:34:30 +0800] "GET /xingrg/javascript/jquery_easy_ui/themes/default/images/tabs_leftarrow.png HTTP/1.1" 304 -
61.165.227.88 - - [07/Jun/2024:13:34:30 +0800] "GET /xingrg/javascript/jquery_easy_ui/themes/default/images/tabs_rightarrow.png HTTP/1.1" 304 -
61.165.227.88 - - [07/Jun/2024:13:34:30 +0800] "POST /xingrg/all/common/load_tree.html?tree=area_rest_tree_json&manage=1 HTTP/1.1" 200 601
61.165.227.88 - - [07/Jun/2024:13:34:30 +0800] "POST /xingrg/load_menu.html HTTP/1.1" 200 5138
180.156.239.18 - - [07/Jun/2024:13:34:30 +0800] "POST /xingrg/services/DataTransmitService HTTP/1.1" 200 501
180.156.239.18 - - [07/Jun/2024:13:34:31 +0800] "POST /xingrg/services/DataTransmitService HTTP/1.1" 200 501
61.165.227.88 - - [07/Jun/2024:13:34:31 +0800] "GET /xingrg/kc/mdqp/qp_main.html HTTP/1.1" 200 10633
61.165.227.88 - - [07/Jun/2024:13:34:31 +0800] "GET /xingrg/images/blue/button/qqpsd.gif HTTP/1.1" 200 2548
61.165.227.88 - - [07/Jun/2024:13:34:31 +0800] "GET /xingrg/images/blue/button/pszx.gif HTTP/1.1" 200 2648
61.165.227.88 - - [07/Jun/2024:13:34:31 +0800] "GET /xingrg/images/blue/button/psshd.gif HTTP/1.1" 200 2692
180.156.239.18 - - [07/Jun/2024:13:34:31 +0800] "POST /xingrg/services/DataTransmitService HTTP/1.1" 200 412
222.70.182.146 - - [07/Jun/2024:13:34:32 +0800] "GET /xingrg/all/function/internal_message.html?_=1717738470214&CODE_STATE=getMsg HTTP/1.1" 200 27
222.70.182.146 - - [07/Jun/2024:13:34:32 +0800] "GET /xingrg/check_reg.html?_=1717738470216 HTTP/1.1" 200 22
61.165.227.88 - - [07/Jun/2024:13:34:32 +0800] "GET /xingrg/images/yd/bt.gif HTTP/1.1" 404 1040
61.165.227.88 - - [07/Jun/2024:13:34:33 +0800] "GET /xingrg/kc/mdqp/pssh_order_list.html HTTP/1.1" 200 17022
101.83.144.49 - - [07/Jun/2024:13:34:34 +0800] "POST /xingrg/dwr/call/plaincall/AjaxCheckService.saveOrder.dwr HTTP/1.1" 200 275
61.165.227.88 - - [07/Jun/2024:13:34:34 +0800] "POST /xingrg/kc/mdqp/pssh_list_operate.html HTTP/1.1" 200 5360
61.165.227.88 - - [07/Jun/2024:13:34:35 +0800] "POST /xingrg/kc/mdqp/pssh_list_operate.html HTTP/1.1" 200 664
61.165.227.88 - - [07/Jun/2024:13:34:36 +0800] "POST /xingrg/kc/mdqp/pssh_list_operate.html HTTP/1.1" 200 772
116.232.195.13 - - [07/Jun/2024:13:34:37 +0800] "GET /xingrg/all/function/internal_message.html?_=1717738465129&CODE_STATE=getMsg HTTP/1.1" 200 27
101.83.144.49 - - [07/Jun/2024:13:34:38 +0800] "POST /xingrg/dwr/call/plaincall/AjaxCheckService.saveOrder.dwr HTTP/1.1" 200 275
61.165.227.88 - - [07/Jun/2024:13:34:43 +0800] "GET /xingrg/kc/mdqp/qp_main.html HTTP/1.1" 200 10633
101.83.144.49 - - [07/Jun/2024:13:34:44 +0800] "GET /xingrg/all/function/internal_message.html?_=1717738485988&CODE_STATE=getMsg HTTP/1.1" 200 27
61.165.227.88 - - [07/Jun/2024:13:34:44 +0800] "GET /xingrg/images/yd/bt.gif HTTP/1.1" 404 1040
61.165.227.88 - - [07/Jun/2024:13:34:45 +0800] "GET /xingrg/kc/mdqp/qqps_order_list.html HTTP/1.1" 200 9222
61.165.227.88 - - [07/Jun/2024:13:34:45 +0800] "GET /xingrg/dwr/interface/AjaxQqpsService.js HTTP/1.1" 200 16326
61.165.227.88 - - [07/Jun/2024:13:34:45 +0800] "GET /xingrg/dwr/interface/AjaxReportQueryService.js HTTP/1.1" 200 13203
61.165.227.88 - - [07/Jun/2024:13:34:45 +0800] "GET /xingrg/dwr/engine.js HTTP/1.1" 200 43631
61.165.227.88 - - [07/Jun/2024:13:34:45 +0800] "GET /xingrg/javascript/jquery_easy_ui/themes/icons/uncheck_new.png HTTP/1.1" 200 3197
61.165.227.88 - - [07/Jun/2024:13:34:45 +0800] "GET /xingrg/javascript/jquery_easy_ui/themes/icons/edit_add_new.png HTTP/1.1" 200 2997
101.83.144.49 - - [07/Jun/2024:13:34:45 +0800] "POST /xingrg/dwr/call/plaincall/AjaxCheckService.saveOrder.dwr HTTP/1.1" 200 275
61.165.227.88 - - [07/Jun/2024:13:34:49 +0800] "GET /xingrg/kc/mdqp/qqps_order_list.html?isQuery=1&timeSelect=1&orderTime=day&startTime=2024-06-01&endTime=2024-06-07&state=all&query=%C8%B7++%B6%A8 HTTP/1.1" 200 10575
61.165.227.88 - - [07/Jun/2024:13:34:49 +0800] "GET /xingrg/dwr/interface/AjaxQqpsService.js HTTP/1.1" 200 16326
61.165.227.88 - - [07/Jun/2024:13:34:49 +0800] "GET /xingrg/dwr/interface/AjaxReportQueryService.js HTTP/1.1" 200 13203
61.165.227.88 - - [07/Jun/2024:13:34:49 +0800] "GET /xingrg/dwr/engine.js HTTP/1.1" 200 43631
101.83.144.49 - - [07/Jun/2024:13:34:54 +0800] "GET /xingrg/index.html?sysBaseUrl=http%3A%2F%2F180.169.147.146%3A18081%2Fxingrg%2F&costTime=36×tamp=1585223203754 HTTP/1.1" 302 -
101.83.144.49 - - [07/Jun/2024:13:34:54 +0800] "GET /xingrg/login.html HTTP/1.1" 200 7641
101.83.144.49 - - [07/Jun/2024:13:34:54 +0800] "GET /favicon.ico HTTP/1.1" 404 -
180.169.147.146 - - [07/Jun/2024:13:34:54 +0800] "GET /xingrg/all/function/internal_message.html?_=1717738497677&CODE_STATE=getMsg HTTP/1.1" 302 -
101.83.144.49 - - [07/Jun/2024:13:34:55 +0800] "POST /xingrg/login.do HTTP/1.1" 200 2421
101.83.144.49 - - [07/Jun/2024:13:34:55 +0800] "GET /favicon.ico HTTP/1.1" 404 -
101.83.144.49 - - [07/Jun/2024:13:34:59 +0800] "GET /xingrg/login.html HTTP/1.1" 200 7641
101.83.144.49 - - [07/Jun/2024:13:34:59 +0800] "GET /favicon.ico HTTP/1.1" 404 -
116.238.97.31 - - [07/Jun/2024:13:35:01 +0800] "GET /xingrg/all/function/internal_message.html?_=1717738506379&CODE_STATE=getMsg HTTP/1.1" 302 -
180.169.147.146 - - [07/Jun/2024:13:35:02 +0800] "GET /xingrg/all/function/internal_message.html?_=1717738501973&CODE_STATE=getMsg HTTP/1.1" 200 27
222.70.182.146 - - [07/Jun/2024:13:35:16 +0800] "GET /xingrg/all/function/internal_message.html?_=1717738516222&CODE_STATE=getMsg HTTP/1.1" 200 27
101.83.241.138 - - [07/Jun/2024:13:35:22 +0800] "GET /xingrg/all/function/internal_message.html?_=1717738522017&CODE_STATE=getMsg HTTP/1.1" 200 27
180.169.147.146 - - [07/Jun/2024:13:35:27 +0800] "GET /xingrg/all/function/internal_message.html?_=1717738527374&CODE_STATE=getMsg HTTP/1.1" 200 27
222.70.114.167 - - [07/Jun/2024:13:35:28 +0800] "GET /xingrg/all/function/internal_message.html?_=1717738538409&CODE_STATE=getMsg HTTP/1.1" 302 -
61.165.227.88 - - [07/Jun/2024:13:35:30 +0800] "GET /xingrg/all/function/internal_message.html?_=1717738532681&CODE_STATE=getMsg HTTP/1.1" 200 27
222.70.182.146 - - [07/Jun/2024:13:35:32 +0800] "GET /xingrg/all/function/internal_message.html?_=1717738530215&CODE_STATE=getMsg HTTP/1.1" 200 27
116.232.195.13 - - [07/Jun/2024:13:35:37 +0800] "GET /xingrg/all/function/internal_message.html?_=1717738525138&CODE_STATE=getMsg HTTP/1.1" 200 27
180.169.147.146 - - [07/Jun/2024:13:35:54 +0800] "GET /xingrg/all/function/internal_message.html?_=1717738557646&CODE_STATE=getMsg HTTP/1.1" 302 -
116.238.97.31 - - [07/Jun/2024:13:36:01 +0800] "GET /xingrg/check_reg.html?_=1717738566377 HTTP/1.1" 302 -
116.238.97.31 - - [07/Jun/2024:13:36:01 +0800] "GET /xingrg/all/function/internal_message.html?_=1717738566379&CODE_STATE=getMsg HTTP/1.1" 302 -
180.169.147.146 - - [07/Jun/2024:13:36:02 +0800] "GET /xingrg/all/function/internal_message.html?_=1717738561960&CODE_STATE=getMsg HTTP/1.1" 200 27
180.156.239.18 - - [07/Jun/2024:13:36:05 +0800] "GET /xingrg/check_reg.html?_=1717738565151 HTTP/1.1" 302 -
222.70.182.146 - - [07/Jun/2024:13:36:16 +0800] "GET /xingrg/all/function/internal_message.html?_=1717738576216&CODE_STATE=getMsg HTTP/1.1" 200 27
101.83.241.138 - - [07/Jun/2024:13:36:22 +0800] "GET /xingrg/all/function/internal_message.html?_=1717738582013&CODE_STATE=getMsg HTTP/1.1" 200 27
101.83.241.138 - - [07/Jun/2024:13:36:22 +0800] "GET /xingrg/check_reg.html?_=1717738582017 HTTP/1.1" 200 22
180.169.147.146 - - [07/Jun/2024:13:36:27 +0800] "GET /xingrg/all/function/internal_message.html?_=1717738587364&CODE_STATE=getMsg HTTP/1.1" 200 27
222.70.114.167 - - [07/Jun/2024:13:36:28 +0800] "GET /xingrg/all/function/internal_message.html?_=1717738598415&CODE_STATE=getMsg HTTP/1.1" 302 -
222.70.114.167 - - [07/Jun/2024:13:36:28 +0800] "GET /xingrg/check_reg.html?_=1717738598411 HTTP/1.1" 302 -
61.165.227.88 - - [07/Jun/2024:13:36:30 +0800] "GET /xingrg/all/function/internal_message.html?_=1717738592685&CODE_STATE=getMsg HTTP/1.1" 200 27
222.70.182.146 - - [07/Jun/2024:13:36:32 +0800] "GET /xingrg/all/function/internal_message.html?_=1717738590215&CODE_STATE=getMsg HTTP/1.1" 200 27
116.232.195.13 - - [07/Jun/2024:13:36:37 +0800] "GET /xingrg/all/function/internal_message.html?_=1717738585140&CODE_STATE=getMsg HTTP/1.1" 200 27
222.64.60.180 - - [07/Jun/2024:13:36:48 +0800] "POST /xingrg/services/DataTransmitService HTTP/1.1" 200 524
222.64.60.180 - - [07/Jun/2024:13:36:51 +0800] "POST /xingrg/services/DataTransmitService HTTP/1.1" 200 501
222.64.60.180 - - [07/Jun/2024:13:36:51 +0800] "POST /xingrg/services/DataTransmitService HTTP/1.1" 200 501
222.64.60.180 - - [07/Jun/2024:13:36:52 +0800] "POST /xingrg/services/DataTransmitService HTTP/1.1" 200 501
222.64.60.180 - - [07/Jun/2024:13:36:53 +0800] "POST /xingrg/services/DataTransmitService HTTP/1.1" 200 501
222.64.60.180 - - [07/Jun/2024:13:36:53 +0800] "POST /xingrg/services/DataTransmitService HTTP/1.1" 200 501
222.64.60.180 - - [07/Jun/2024:13:36:54 +0800] "POST /xingrg/services/DataTransmitService HTTP/1.1" 200 501
180.169.147.146 - - [07/Jun/2024:13:36:54 +0800] "GET /xingrg/all/function/internal_message.html?_=1717738617630&CODE_STATE=getMsg HTTP/1.1" 302 -
222.64.60.180 - - [07/Jun/2024:13:36:54 +0800] "POST /xingrg/services/DataTransmitService HTTP/1.1" 200 501
222.64.60.180 - - [07/Jun/2024:13:36:55 +0800] "POST /xingrg/services/DataTransmitService HTTP/1.1" 200 501
222.64.60.180 - - [07/Jun/2024:13:36:55 +0800] "POST /xingrg/services/DataTransmitService HTTP/1.1" 200 412
116.238.97.31 - - [07/Jun/2024:13:37:01 +0800] "GET /xingrg/all/function/internal_message.html?_=1717738626389&CODE_STATE=getMsg HTTP/1.1" 302 -
180.169.147.146 - - [07/Jun/2024:13:37:02 +0800] "GET /xingrg/all/function/internal_message.html?_=1717738621956&CODE_STATE=getMsg HTTP/1.1" 200 27
58.37.208.233 - - [07/Jun/2024:13:37:03 +0800] "GET /xingrg/check_reg.html?_=1717738623405 HTTP/1.1" 302 -
222.70.182.146 - - [07/Jun/2024:13:37:16 +0800] "GET /xingrg/all/function/internal_message.html?_=1717738636209&CODE_STATE=getMsg HTTP/1.1" 200 27
101.83.241.138 - - [07/Jun/2024:13:37:22 +0800] "GET /xingrg/all/function/internal_message.html?_=1717738642015&CODE_STATE=getMsg HTTP/1.1" 200 27
180.169.147.146 - - [07/Jun/2024:13:37:27 +0800] "GET /xingrg/all/function/internal_message.html?_=1717738647340&CODE_STATE=getMsg HTTP/1.1" 200 27
222.70.114.167 - - [07/Jun/2024:13:37:28 +0800] "GET /xingrg/all/function/internal_message.html?_=1717738658398&CODE_STATE=getMsg HTTP/1.1" 302 -
61.165.227.88 - - [07/Jun/2024:13:37:30 +0800] "GET /xingrg/all/function/internal_message.html?_=1717738652676&CODE_STATE=getMsg HTTP/1.1" 200 27
222.70.182.146 - - [07/Jun/2024:13:37:32 +0800] "GET /xingrg/all/function/internal_message.html?_=1717738650215&CODE_STATE=getMsg HTTP/1.1" 200 27
116.232.195.13 - - [07/Jun/2024:13:37:37 +0800] "GET /xingrg/all/function/internal_message.html?_=1717738645140&CODE_STATE=getMsg HTTP/1.1" 200 27
180.169.147.146 - - [07/Jun/2024:13:37:54 +0800] "GET /xingrg/all/function/internal_message.html?_=1717738677611&CODE_STATE=getMsg HTTP/1.1" 302 -
116.238.97.31 - - [07/Jun/2024:13:38:01 +0800] "GET /xingrg/all/function/internal_message.html?_=1717738686388&CODE_STATE=getMsg HTTP/1.1" 302 -
180.169.147.146 - - [07/Jun/2024:13:38:02 +0800] "GET /xingrg/all/function/internal_message.html?_=1717738681966&CODE_STATE=getMsg HTTP/1.1" 200 27
222.70.182.146 - - [07/Jun/2024:13:38:16 +0800] "GET /xingrg/all/function/internal_message.html?_=1717738696219&CODE_STATE=getMsg HTTP/1.1" 200 27
222.70.182.146 - - [07/Jun/2024:13:38:16 +0800] "GET /xingrg/check_reg.html?_=1717738696221 HTTP/1.1" 200 22
101.83.241.138 - - [07/Jun/2024:13:38:22 +0800] "GET /xingrg/all/function/internal_message.html?_=1717738702007&CODE_STATE=getMsg HTTP/1.1" 200 27
180.169.147.146 - - [07/Jun/2024:13:38:27 +0800] "GET /xingrg/all/function/internal_message.html?_=1717738707329&CODE_STATE=getMsg HTTP/1.1" 200 27
222.70.114.167 - - [07/Jun/2024:13:38:28 +0800] "GET /xingrg/all/function/internal_message.html?_=1717738718398&CODE_STATE=getMsg HTTP/1.1" 302 -
61.165.227.88 - - [07/Jun/2024:13:38:30 +0800] "GET /xingrg/all/function/internal_message.html?_=1717738712696&CODE_STATE=getMsg HTTP/1.1" 200 27
222.70.182.146 - - [07/Jun/2024:13:38:32 +0800] "GET /xingrg/all/function/internal_message.html?_=1717738710213&CODE_STATE=getMsg HTTP/1.1" 200 27
116.232.195.13 - - [07/Jun/2024:13:38:37 +0800] "GET /xingrg/check_reg.html?_=1717738705140 HTTP/1.1" 200 22
116.232.195.13 - - [07/Jun/2024:13:38:37 +0800] "GET /xingrg/all/function/internal_message.html?_=1717738705144&CODE_STATE=getMsg HTTP/1.1" 200 27
58.40.7.146 - - [07/Jun/2024:13:38:43 +0800] "GET /xingrg/check_reg.html?_=1717738723649 HTTP/1.1" 302 -
180.169.147.146 - - [07/Jun/2024:13:38:54 +0800] "GET /xingrg/all/function/internal_message.html?_=1717738737589&CODE_STATE=getMsg HTTP/1.1" 302 -
180.169.147.146 - - [07/Jun/2024:13:38:55 +0800] "GET /xingrg/check_reg.html?_=1717738738204 HTTP/1.1" 302 -
116.238.97.31 - - [07/Jun/2024:13:39:01 +0800] "GET /xingrg/all/function/internal_message.html?_=1717738746387&CODE_STATE=getMsg HTTP/1.1" 302 -
180.169.147.146 - - [07/Jun/2024:13:39:02 +0800] "GET /xingrg/check_reg.html?_=1717738741959 HTTP/1.1" 200 22
180.169.147.146 - - [07/Jun/2024:13:39:02 +0800] "GET /xingrg/all/function/internal_message.html?_=1717738741966&CODE_STATE=getMsg HTTP/1.1" 200 27
222.70.182.146 - - [07/Jun/2024:13:39:16 +0800] "GET /xingrg/all/function/internal_message.html?_=1717738756209&CODE_STATE=getMsg HTTP/1.1" 200 27
101.83.241.138 - - [07/Jun/2024:13:39:22 +0800] "GET /xingrg/all/function/internal_message.html?_=1717738762027&CODE_STATE=getMsg HTTP/1.1" 200 27
116.235.94.80 - - [07/Jun/2024:13:39:24 +0800] "GET /xingrg/check_reg.html?_=1717738754793 HTTP/1.1" 302 -
180.169.147.146 - - [07/Jun/2024:13:39:26 +0800] "GET /xingrg/kc/report/report_main.html HTTP/1.1" 200 7340
180.169.147.146 - - [07/Jun/2024:13:39:27 +0800] "GET /xingrg/all/function/internal_message.html?_=1717738767299&CODE_STATE=getMsg HTTP/1.1" 200 27
180.169.147.146 - - [07/Jun/2024:13:39:27 +0800] "GET /xingrg/check_reg.html?_=1717738767380 HTTP/1.1" 200 22
180.169.147.146 - - [07/Jun/2024:13:39:28 +0800] "GET /xingrg/kc/base/crk_hz.html HTTP/1.1" 200 11247
180.169.147.146 - - [07/Jun/2024:13:39:28 +0800] "POST /xingrg/kc/cost/cost_operate.html?command=get_base_tree HTTP/1.1" 200 922
180.169.147.146 - - [07/Jun/2024:13:39:28 +0800] "POST /xingrg/all/common/load_tree.html?tree=materiel_sort_tree_json HTTP/1.1" 200 9734
222.70.114.167 - - [07/Jun/2024:13:39:28 +0800] "GET /xingrg/all/function/internal_message.html?_=1717738778397&CODE_STATE=getMsg HTTP/1.1" 302 -
180.169.147.146 - - [07/Jun/2024:13:39:29 +0800] "GET /xingrg/all/common/get_data_part.html?part=previousMonth&_=1717738769818 HTTP/1.1" 200 41
61.165.227.88 - - [07/Jun/2024:13:39:30 +0800] "GET /xingrg/check_reg.html?_=1717738772698 HTTP/1.1" 200 22
61.165.227.88 - - [07/Jun/2024:13:39:30 +0800] "GET /xingrg/all/function/internal_message.html?_=1717738772703&CODE_STATE=getMsg HTTP/1.1" 200 27
222.70.182.146 - - [07/Jun/2024:13:39:32 +0800] "GET /xingrg/all/function/internal_message.html?_=1717738770238&CODE_STATE=getMsg HTTP/1.1" 200 27
222.70.182.146 - - [07/Jun/2024:13:39:32 +0800] "GET /xingrg/check_reg.html?_=1717738770240 HTTP/1.1" 200 22
180.169.147.146 - - [07/Jun/2024:13:39:34 +0800] "GET /xingrg/kc/base/crk_hz.html?_=1717738774083&command=get_cost_id&end_date=2024-05-31&start_date=2024-05-01 HTTP/1.1" 200 51
180.169.147.146 - - [07/Jun/2024:13:39:34 +0800] "GET /xingrg/all/report/report_query.html?isQuery=1&onlyBody=1&rh=99999&rw=1800&varString=start:20240501,cost_id:5052,mid:20240501&fileName=kc/base/crk_hz_type_by_base.xml&queryString=%20m.sort_code%20in%20('00101001','00101002','00101003','00101004','00101005','00101006','00101007','00101008','00101009','00101010','00101011','00101012','00101013','00101014','00101015','00101016','00101017','00101018','00101019','00101020','00101021','00101022','00101023','00101024','00101025','00101026','00101027','00101028','00101029','00101030','00101031','00101032','00101033','00101034','00101036','00101037','00101038','00101039','00101040','00101041','00101042','00101043','00101044','00101045')%20&queryText=ÈÕÆÚ£º2024-05-01ÖÁ2024-05-31&tableQueryString=materiel_table$sp1$$sp$before_table$sp1$$sp$crk_table$sp1$order_day%20between%2020240501%20and%2020240531 HTTP/1.1" 200 49866
180.169.147.146 - - [07/Jun/2024:13:39:34 +0800] "GET /xingrg/dwr/interface/AjaxReportQueryService.js HTTP/1.1" 200 13203
180.169.147.146 - - [07/Jun/2024:13:39:34 +0800] "GET /xingrg/dwr/engine.js HTTP/1.1" 200 43631
58.37.208.233 - - [07/Jun/2024:13:39:37 +0800] "GET /xingrg/login.html HTTP/1.1" 200 7641
58.37.208.233 - - [07/Jun/2024:13:39:37 +0800] "GET /favicon.ico HTTP/1.1" 404 -
116.232.195.13 - - [07/Jun/2024:13:39:37 +0800] "GET /xingrg/all/function/internal_message.html?_=1717738765134&CODE_STATE=getMsg HTTP/1.1" 200 27
180.169.147.146 - - [07/Jun/2024:13:39:38 +0800] "POST /xingrg/all/report/load_report_page.html HTTP/1.1" 200 261979
180.169.147.146 - - [07/Jun/2024:13:39:38 +0800] "GET /xingrg/servlets/image?cache=0.031060288555592952&image=px HTTP/1.1" 200 807
58.37.208.233 - - [07/Jun/2024:13:39:42 +0800] "POST /xingrg/login.do HTTP/1.1" 302 -
