180.169.147.146 - - [07/Jun/2024:15:18:20 +0800] "GET /xingrg/all/function/internal_message.html?_=1717744695677&CODE_STATE=getMsg HTTP/1.1" 200 27
61.165.227.88 - - [07/Jun/2024:15:18:25 +0800] "GET /xingrg/all/function/internal_message.html?_=1717744708585&CODE_STATE=getMsg HTTP/1.1" 200 27
58.37.208.233 - - [07/Jun/2024:15:18:25 +0800] "GET /xingrg/all/function/internal_message.html?_=1717744701672&CODE_STATE=getMsg HTTP/1.1" 200 27
101.83.144.49 - - [07/Jun/2024:15:18:26 +0800] "GET /xingrg/all/function/internal_message.html?_=1717744708079&CODE_STATE=getMsg HTTP/1.1" 200 27
222.70.114.167 - - [07/Jun/2024:15:18:28 +0800] "GET /xingrg/all/function/internal_message.html?_=1717744718669&CODE_STATE=getMsg HTTP/1.1" 302 -
222.70.182.146 - - [07/Jun/2024:15:18:32 +0800] "GET /xingrg/all/function/internal_message.html?_=1717744710391&CODE_STATE=getMsg HTTP/1.1" 200 27
116.232.195.13 - - [07/Jun/2024:15:18:38 +0800] "GET /xingrg/all/function/internal_message.html?_=1717744705126&CODE_STATE=getMsg HTTP/1.1" 200 27
116.232.195.13 - - [07/Jun/2024:15:18:38 +0800] "GET /xingrg/check_reg.html?_=1717744705128 HTTP/1.1" 200 22
58.40.7.146 - - [07/Jun/2024:15:18:43 +0800] "GET /xingrg/check_reg.html?_=1717744723396 HTTP/1.1" 302 -
180.169.147.146 - - [07/Jun/2024:15:18:49 +0800] "GET /xingrg/all/function/internal_message.html?_=1717744729408&CODE_STATE=getMsg HTTP/1.1" 200 27
180.169.147.146 - - [07/Jun/2024:15:18:51 +0800] "GET /xingrg/all/function/internal_message.html?_=1717744735125&CODE_STATE=getMsg HTTP/1.1" 302 -
180.169.147.146 - - [07/Jun/2024:15:18:54 +0800] "GET /xingrg/check_reg.html?_=1717744737750 HTTP/1.1" 302 -
116.238.97.31 - - [07/Jun/2024:15:19:01 +0800] "GET /xingrg/all/function/internal_message.html?_=1717744746480&CODE_STATE=getMsg HTTP/1.1" 302 -
180.169.147.146 - - [07/Jun/2024:15:19:02 +0800] "GET /xingrg/check_reg.html?_=1717744741967 HTTP/1.1" 200 22
180.169.147.146 - - [07/Jun/2024:15:19:02 +0800] "GET /xingrg/all/function/internal_message.html?_=1717744741968&CODE_STATE=getMsg HTTP/1.1" 200 27
222.70.182.146 - - [07/Jun/2024:15:19:17 +0800] "GET /xingrg/all/function/internal_message.html?_=1717744756207&CODE_STATE=getMsg HTTP/1.1" 200 27
180.169.147.146 - - [07/Jun/2024:15:19:20 +0800] "GET /xingrg/all/function/internal_message.html?_=1717744755678&CODE_STATE=getMsg HTTP/1.1" 200 27
61.165.227.88 - - [07/Jun/2024:15:19:25 +0800] "GET /xingrg/all/function/internal_message.html?_=1717744768573&CODE_STATE=getMsg HTTP/1.1" 200 27
58.37.208.233 - - [07/Jun/2024:15:19:25 +0800] "GET /xingrg/all/function/internal_message.html?_=1717744761672&CODE_STATE=getMsg HTTP/1.1" 200 27
101.83.144.49 - - [07/Jun/2024:15:19:26 +0800] "GET /xingrg/all/function/internal_message.html?_=1717744768079&CODE_STATE=getMsg HTTP/1.1" 200 27
116.235.94.80 - - [07/Jun/2024:15:19:28 +0800] "GET /xingrg/check_reg.html?_=1717744758008 HTTP/1.1" 302 -
222.70.114.167 - - [07/Jun/2024:15:19:28 +0800] "GET /xingrg/all/function/internal_message.html?_=1717744778667&CODE_STATE=getMsg HTTP/1.1" 302 -
222.70.182.146 - - [07/Jun/2024:15:19:32 +0800] "GET /xingrg/check_reg.html?_=1717744770394 HTTP/1.1" 200 22
222.70.182.146 - - [07/Jun/2024:15:19:32 +0800] "GET /xingrg/all/function/internal_message.html?_=1717744770393&CODE_STATE=getMsg HTTP/1.1" 200 27
116.232.195.13 - - [07/Jun/2024:15:19:38 +0800] "GET /xingrg/all/function/internal_message.html?_=1717744765138&CODE_STATE=getMsg HTTP/1.1" 200 27
180.169.147.146 - - [07/Jun/2024:15:19:49 +0800] "GET /xingrg/all/function/internal_message.html?_=1717744789417&CODE_STATE=getMsg HTTP/1.1" 200 27
180.169.147.146 - - [07/Jun/2024:15:19:49 +0800] "GET /xingrg/check_reg.html?_=1717744789420 HTTP/1.1" 200 22
180.169.147.146 - - [07/Jun/2024:15:19:51 +0800] "GET /xingrg/all/function/internal_message.html?_=1717744795106&CODE_STATE=getMsg HTTP/1.1" 302 -
116.238.97.31 - - [07/Jun/2024:15:20:01 +0800] "GET /xingrg/all/function/internal_message.html?_=1717744806476&CODE_STATE=getMsg HTTP/1.1" 302 -
180.169.147.146 - - [07/Jun/2024:15:20:02 +0800] "GET /xingrg/all/function/internal_message.html?_=1717744801962&CODE_STATE=getMsg HTTP/1.1" 200 27
222.70.182.146 - - [07/Jun/2024:15:20:17 +0800] "GET /xingrg/all/function/internal_message.html?_=1717744816224&CODE_STATE=getMsg HTTP/1.1" 200 27
180.169.147.146 - - [07/Jun/2024:15:20:20 +0800] "GET /xingrg/all/function/internal_message.html?_=1717744815678&CODE_STATE=getMsg HTTP/1.1" 200 27
61.165.227.88 - - [07/Jun/2024:15:20:25 +0800] "GET /xingrg/all/function/internal_message.html?_=1717744828559&CODE_STATE=getMsg HTTP/1.1" 200 27
58.37.208.233 - - [07/Jun/2024:15:20:25 +0800] "GET /xingrg/all/function/internal_message.html?_=1717744821671&CODE_STATE=getMsg HTTP/1.1" 200 27
101.83.144.49 - - [07/Jun/2024:15:20:26 +0800] "GET /xingrg/all/function/internal_message.html?_=1717744828079&CODE_STATE=getMsg HTTP/1.1" 200 27
222.70.114.167 - - [07/Jun/2024:15:20:28 +0800] "GET /xingrg/all/function/internal_message.html?_=1717744838666&CODE_STATE=getMsg HTTP/1.1" 302 -
222.70.182.146 - - [07/Jun/2024:15:20:32 +0800] "GET /xingrg/all/function/internal_message.html?_=1717744830392&CODE_STATE=getMsg HTTP/1.1" 200 27
116.232.195.13 - - [07/Jun/2024:15:20:38 +0800] "GET /xingrg/all/function/internal_message.html?_=1717744825124&CODE_STATE=getMsg HTTP/1.1" 200 27
180.169.147.146 - - [07/Jun/2024:15:20:49 +0800] "GET /xingrg/all/function/internal_message.html?_=1717744849423&CODE_STATE=getMsg HTTP/1.1" 200 27
180.169.147.146 - - [07/Jun/2024:15:20:51 +0800] "GET /xingrg/all/function/internal_message.html?_=1717744855079&CODE_STATE=getMsg HTTP/1.1" 302 -
116.238.97.31 - - [07/Jun/2024:15:21:01 +0800] "GET /xingrg/check_reg.html?_=1717744866460 HTTP/1.1" 302 -
116.238.97.31 - - [07/Jun/2024:15:21:01 +0800] "GET /xingrg/all/function/internal_message.html?_=1717744866462&CODE_STATE=getMsg HTTP/1.1" 302 -
180.169.147.146 - - [07/Jun/2024:15:21:02 +0800] "GET /xingrg/all/function/internal_message.html?_=1717744861957&CODE_STATE=getMsg HTTP/1.1" 200 27
180.156.239.18 - - [07/Jun/2024:15:21:04 +0800] "GET /xingrg/check_reg.html?_=1717744864845 HTTP/1.1" 302 -
222.70.182.146 - - [07/Jun/2024:15:21:17 +0800] "GET /xingrg/all/function/internal_message.html?_=1717744876211&CODE_STATE=getMsg HTTP/1.1" 200 27
180.169.147.146 - - [07/Jun/2024:15:21:20 +0800] "GET /xingrg/check_reg.html?_=1717744875678 HTTP/1.1" 200 22
180.169.147.146 - - [07/Jun/2024:15:21:20 +0800] "GET /xingrg/all/function/internal_message.html?_=1717744875682&CODE_STATE=getMsg HTTP/1.1" 200 27
61.165.227.88 - - [07/Jun/2024:15:21:25 +0800] "GET /xingrg/all/function/internal_message.html?_=1717744888539&CODE_STATE=getMsg HTTP/1.1" 200 27
58.37.208.233 - - [07/Jun/2024:15:21:25 +0800] "GET /xingrg/check_reg.html?_=1717744881670 HTTP/1.1" 200 22
58.37.208.233 - - [07/Jun/2024:15:21:25 +0800] "GET /xingrg/all/function/internal_message.html?_=1717744881671&CODE_STATE=getMsg HTTP/1.1" 200 27
61.165.227.88 - - [07/Jun/2024:15:21:25 +0800] "GET /xingrg/check_reg.html?_=1717744888968 HTTP/1.1" 200 22
101.83.144.49 - - [07/Jun/2024:15:21:26 +0800] "GET /xingrg/all/function/internal_message.html?_=1717744888105&CODE_STATE=getMsg HTTP/1.1" 200 27
222.70.114.167 - - [07/Jun/2024:15:21:28 +0800] "GET /xingrg/all/function/internal_message.html?_=1717744898665&CODE_STATE=getMsg HTTP/1.1" 302 -
222.70.114.167 - - [07/Jun/2024:15:21:28 +0800] "GET /xingrg/check_reg.html?_=1717744898666 HTTP/1.1" 302 -
222.70.182.146 - - [07/Jun/2024:15:21:32 +0800] "GET /xingrg/all/function/internal_message.html?_=1717744890393&CODE_STATE=getMsg HTTP/1.1" 200 27
116.232.195.13 - - [07/Jun/2024:15:21:38 +0800] "GET /xingrg/all/function/internal_message.html?_=1717744885137&CODE_STATE=getMsg HTTP/1.1" 200 27
180.169.147.146 - - [07/Jun/2024:15:21:49 +0800] "GET /xingrg/all/function/internal_message.html?_=1717744909419&CODE_STATE=getMsg HTTP/1.1" 200 27
180.169.147.146 - - [07/Jun/2024:15:21:51 +0800] "GET /xingrg/all/function/internal_message.html?_=1717744915049&CODE_STATE=getMsg HTTP/1.1" 302 -
116.238.97.31 - - [07/Jun/2024:15:22:01 +0800] "GET /xingrg/all/function/internal_message.html?_=1717744926460&CODE_STATE=getMsg HTTP/1.1" 302 -
180.169.147.146 - - [07/Jun/2024:15:22:02 +0800] "GET /xingrg/all/function/internal_message.html?_=1717744921963&CODE_STATE=getMsg HTTP/1.1" 200 27
58.37.208.233 - - [07/Jun/2024:15:22:03 +0800] "GET /xingrg/check_reg.html?_=1717744922998 HTTP/1.1" 302 -
222.70.182.146 - - [07/Jun/2024:15:22:17 +0800] "GET /xingrg/all/function/internal_message.html?_=1717744936217&CODE_STATE=getMsg HTTP/1.1" 200 27
180.169.147.146 - - [07/Jun/2024:15:22:20 +0800] "GET /xingrg/all/function/internal_message.html?_=1717744935666&CODE_STATE=getMsg HTTP/1.1" 200 27
61.165.227.88 - - [07/Jun/2024:15:22:25 +0800] "GET /xingrg/all/function/internal_message.html?_=1717744948521&CODE_STATE=getMsg HTTP/1.1" 200 27
58.37.208.233 - - [07/Jun/2024:15:22:25 +0800] "GET /xingrg/all/function/internal_message.html?_=1717744941669&CODE_STATE=getMsg HTTP/1.1" 200 27
101.83.144.49 - - [07/Jun/2024:15:22:26 +0800] "GET /xingrg/check_reg.html?_=1717744948105 HTTP/1.1" 200 22
101.83.144.49 - - [07/Jun/2024:15:22:26 +0800] "GET /xingrg/all/function/internal_message.html?_=1717744948108&CODE_STATE=getMsg HTTP/1.1" 200 27
222.70.114.167 - - [07/Jun/2024:15:22:28 +0800] "GET /xingrg/all/function/internal_message.html?_=1717744958664&CODE_STATE=getMsg HTTP/1.1" 302 -
222.70.182.146 - - [07/Jun/2024:15:22:32 +0800] "GET /xingrg/all/function/internal_message.html?_=1717744950392&CODE_STATE=getMsg HTTP/1.1" 200 27
116.232.195.13 - - [07/Jun/2024:15:22:38 +0800] "GET /xingrg/all/function/internal_message.html?_=1717744945132&CODE_STATE=getMsg HTTP/1.1" 200 27
180.169.147.146 - - [07/Jun/2024:15:22:49 +0800] "GET /xingrg/all/function/internal_message.html?_=1717744969419&CODE_STATE=getMsg HTTP/1.1" 200 27
180.169.147.146 - - [07/Jun/2024:15:22:51 +0800] "GET /xingrg/all/function/internal_message.html?_=1717744975031&CODE_STATE=getMsg HTTP/1.1" 302 -
116.238.97.31 - - [07/Jun/2024:15:23:01 +0800] "GET /xingrg/all/function/internal_message.html?_=1717744986475&CODE_STATE=getMsg HTTP/1.1" 302 -
180.169.147.146 - - [07/Jun/2024:15:23:02 +0800] "GET /xingrg/all/function/internal_message.html?_=1717744981975&CODE_STATE=getMsg HTTP/1.1" 200 27
222.70.182.146 - - [07/Jun/2024:15:23:17 +0800] "GET /xingrg/check_reg.html?_=1717744996219 HTTP/1.1" 200 22
222.70.182.146 - - [07/Jun/2024:15:23:17 +0800] "GET /xingrg/all/function/internal_message.html?_=1717744996226&CODE_STATE=getMsg HTTP/1.1" 200 27
180.169.147.146 - - [07/Jun/2024:15:23:20 +0800] "GET /xingrg/all/function/internal_message.html?_=1717744995667&CODE_STATE=getMsg HTTP/1.1" 200 27
180.169.147.146 - - [07/Jun/2024:15:23:21 +0800] "POST /xingrg/kc/base/stock_operate.html HTTP/1.1" 200 1465
180.169.147.146 - - [07/Jun/2024:15:23:22 +0800] "GET /xingrg/kc/base/stock_detail.html?m=00102021031 HTTP/1.1" 200 6386
61.165.227.88 - - [07/Jun/2024:15:23:25 +0800] "GET /xingrg/all/function/internal_message.html?_=1717745008507&CODE_STATE=getMsg HTTP/1.1" 200 27
58.37.208.233 - - [07/Jun/2024:15:23:25 +0800] "GET /xingrg/all/function/internal_message.html?_=1717745001668&CODE_STATE=getMsg HTTP/1.1" 200 27
101.83.144.49 - - [07/Jun/2024:15:23:26 +0800] "GET /xingrg/all/function/internal_message.html?_=1717745008109&CODE_STATE=getMsg HTTP/1.1" 200 27
180.169.147.146 - - [07/Jun/2024:15:23:26 +0800] "GET /xingrg/kc/base/stock_operate.html?_=1717745006565&command=get_report_file&start_day=20230601 HTTP/1.1" 200 53
180.169.147.146 - - [07/Jun/2024:15:23:26 +0800] "GET /xingrg/all/report/report_query.html?isQuery=1&onlyBody=1&rh=2000&fileName=kc/base/kc_stock_detail_new.xml&queryString=(1=1)&queryText=&tableQueryString=init_table$sp1$$sp$crk_table$sp1$order_day%20between%2020230601%20and%2020240630&varString=start_day:20230601,materiel_code:00102021031,cost_id:4402,end_date:20230531 HTTP/1.1" 200 48701
180.169.147.146 - - [07/Jun/2024:15:23:26 +0800] "GET /xingrg/dwr/interface/AjaxReportQueryService.js HTTP/1.1" 200 13203
180.169.147.146 - - [07/Jun/2024:15:23:26 +0800] "GET /xingrg/dwr/engine.js HTTP/1.1" 200 43631
180.169.147.146 - - [07/Jun/2024:15:23:28 +0800] "POST /xingrg/all/report/load_report_page.html HTTP/1.1" 200 20235
180.169.147.146 - - [07/Jun/2024:15:23:28 +0800] "GET /xingrg/servlets/image?cache=0.5942556767516025&image=px HTTP/1.1" 200 807
222.70.114.167 - - [07/Jun/2024:15:23:28 +0800] "GET /xingrg/all/function/internal_message.html?_=1717745018663&CODE_STATE=getMsg HTTP/1.1" 302 -
222.70.182.146 - - [07/Jun/2024:15:23:32 +0800] "GET /xingrg/all/function/internal_message.html?_=1717745010390&CODE_STATE=getMsg HTTP/1.1" 200 27
180.169.147.146 - - [07/Jun/2024:15:23:32 +0800] "GET /xingrg/kc/guide/show_order.html?code=212024052607808&type=21 HTTP/1.1" 302 -
180.169.147.146 - - [07/Jun/2024:15:23:34 +0800] "GET /xingrg/kc/buy/cgsh_order_info.html?code=212024052607808&sysBaseUrl=http%3A%2F%2F180.169.147.146%3A18081%2Fxingrg%2F&costTime=0×tamp=1717745012903 HTTP/1.1" 200 68928
180.169.147.146 - - [07/Jun/2024:15:23:34 +0800] "GET /favicon.ico HTTP/1.1" 404 -
180.169.147.146 - - [07/Jun/2024:15:23:34 +0800] "GET /xingrg/words/20240601133356_words.js HTTP/1.1" 304 -
180.169.147.146 - - [07/Jun/2024:15:23:34 +0800] "GET /xingrg/javascript/easyui/themes/default/validatebox.css HTTP/1.1" 404 1104
180.169.147.146 - - [07/Jun/2024:15:23:35 +0800] "POST /xingrg/kc/buy/cgsh_order_operate.html HTTP/1.1" 200 1225
116.232.195.13 - - [07/Jun/2024:15:23:38 +0800] "GET /xingrg/check_reg.html?_=1717745005132 HTTP/1.1" 200 22
116.232.195.13 - - [07/Jun/2024:15:23:38 +0800] "GET /xingrg/all/function/internal_message.html?_=1717745005133&CODE_STATE=getMsg HTTP/1.1" 200 27
58.40.7.146 - - [07/Jun/2024:15:23:43 +0800] "GET /xingrg/check_reg.html?_=1717745023384 HTTP/1.1" 302 -
180.169.147.146 - - [07/Jun/2024:15:23:49 +0800] "GET /xingrg/all/function/internal_message.html?_=1717745029415&CODE_STATE=getMsg HTTP/1.1" 200 27
180.169.147.146 - - [07/Jun/2024:15:23:51 +0800] "GET /xingrg/all/function/internal_message.html?_=1717745035008&CODE_STATE=getMsg HTTP/1.1" 302 -
180.169.147.146 - - [07/Jun/2024:15:23:54 +0800] "GET /xingrg/check_reg.html?_=1717745037723 HTTP/1.1" 302 -
116.238.97.31 - - [07/Jun/2024:15:24:01 +0800] "GET /xingrg/all/function/internal_message.html?_=1717745046459&CODE_STATE=getMsg HTTP/1.1" 302 -
180.169.147.146 - - [07/Jun/2024:15:24:02 +0800] "GET /xingrg/check_reg.html?_=1717745041977 HTTP/1.1" 200 22
180.169.147.146 - - [07/Jun/2024:15:24:02 +0800] "GET /xingrg/all/function/internal_message.html?_=1717745041978&CODE_STATE=getMsg HTTP/1.1" 200 27
222.70.182.146 - - [07/Jun/2024:15:24:17 +0800] "GET /xingrg/all/function/internal_message.html?_=1717745056220&CODE_STATE=getMsg HTTP/1.1" 200 27
180.169.147.146 - - [07/Jun/2024:15:24:20 +0800] "GET /xingrg/all/function/internal_message.html?_=1717745055667&CODE_STATE=getMsg HTTP/1.1" 200 27
61.165.227.88 - - [07/Jun/2024:15:24:25 +0800] "GET /xingrg/all/function/internal_message.html?_=1717745068493&CODE_STATE=getMsg HTTP/1.1" 200 27
58.37.208.233 - - [07/Jun/2024:15:24:25 +0800] "GET /xingrg/all/function/internal_message.html?_=1717745061666&CODE_STATE=getMsg HTTP/1.1" 200 27
101.83.144.49 - - [07/Jun/2024:15:24:26 +0800] "GET /xingrg/all/function/internal_message.html?_=1717745068109&CODE_STATE=getMsg HTTP/1.1" 200 27
180.169.147.146 - - [07/Jun/2024:15:24:27 +0800] "GET /xingrg/kc/cost/cost_list.html HTTP/1.1" 200 6093
180.169.147.146 - - [07/Jun/2024:15:24:27 +0800] "GET /xingrg/dwr/interface/AjaxReportQueryService.js HTTP/1.1" 200 13203
180.169.147.146 - - [07/Jun/2024:15:24:27 +0800] "GET /xingrg/dwr/engine.js HTTP/1.1" 200 43631
180.169.147.146 - - [07/Jun/2024:15:24:27 +0800] "GET /xingrg/kc/cost/cost_operate.html?_=1717745067713&command=load_cost_list HTTP/1.1" 200 10991
222.70.114.167 - - [07/Jun/2024:15:24:28 +0800] "GET /xingrg/all/function/internal_message.html?_=1717745078661&CODE_STATE=getMsg HTTP/1.1" 302 -
116.235.94.80 - - [07/Jun/2024:15:24:29 +0800] "GET /xingrg/check_reg.html?_=1717745058002 HTTP/1.1" 302 -
222.70.182.146 - - [07/Jun/2024:15:24:32 +0800] "GET /xingrg/all/function/internal_message.html?_=1717745070415&CODE_STATE=getMsg HTTP/1.1" 200 27
222.70.182.146 - - [07/Jun/2024:15:24:32 +0800] "GET /xingrg/check_reg.html?_=1717745070417 HTTP/1.1" 200 22
116.232.195.13 - - [07/Jun/2024:15:24:38 +0800] "GET /xingrg/all/function/internal_message.html?_=1717745065126&CODE_STATE=getMsg HTTP/1.1" 200 27
180.169.147.146 - - [07/Jun/2024:15:24:40 +0800] "POST /xingrg/kc/cost/cost_operate.html HTTP/1.1" 200 4
222.70.182.146 - - [07/Jun/2024:15:24:41 +0800] "GET /xingrg/all/report/report_query.html?isQuery=1&onlyBody=1&rh=999&varString=cost_id:5038,rk_cost:cgsh_rk_money-cgth_ck_money$add$pssh_rk_money-psth_ck_money$add$yddb_rk_money$add$qt_rk_money$add$wldb_rk_money$add$check_rk_money,ck_cost:cgsh_rk_money-cgth_ck_money$add$pssh_rk_money-psth_ck_money$add$yddb_rk_money$add$qt_rk_money$add$wldb_rk_money$add$check_rk_money,rk_nums:cgsh_rk_number-cgth_ck_number$add$pssh_rk_number-psth_ck_number$add$yddb_rk_number$add$qt_rk_number$add$wldb_rk_number$add$check_rk_number,ck_nums:cgsh_rk_number-cgth_ck_number$add$pssh_rk_number-psth_ck_number$add$yddb_rk_number$add$qt_rk_number$add$wldb_rk_number$add$check_rk_number&fileName=kc/cost/crk_define_by_materiel.xml&queryString=%20a.base_code%20in%20('0010291')%20%20and%20m.sort_code%20in%20('00101001','00101002','00101003','00101004','00101005','00101006','00101007','00101008','00101009','00101010','00101011','00101012','00101013','00101014','00101015','00101016','00101017','00101018','00101019','00101020','00101021','00101022','00101023','00101024','00101025','00101026','00101027','00101028','00101029','00101030','00101031','00101032','00101033','00101034','00101036','00101037','00101038','00101039','00101040','00101041','00101042','00101043','00101044','00101045')%20&queryText=Ô·ݣº2024Äê5ÔÂ%20²Ö¿â£ºÔÁ²Ë&tableQueryString=materiel_table$sp1$$sp$before_table$sp1$$sp$crk_table$sp1$order_day%20between%2020240501%20and%2020240531 HTTP/1.1" 200 49609
222.70.182.146 - - [07/Jun/2024:15:24:41 +0800] "GET /xingrg/dwr/interface/AjaxReportQueryService.js HTTP/1.1" 200 13203
222.70.182.146 - - [07/Jun/2024:15:24:41 +0800] "GET /xingrg/dwr/util.js HTTP/1.1" 304 -
222.70.182.146 - - [07/Jun/2024:15:24:41 +0800] "GET /xingrg/dwr/engine.js HTTP/1.1" 200 43631
180.169.147.146 - - [07/Jun/2024:15:24:44 +0800] "GET /xingrg/kc/cost/cost_operate.html?_=1717745082378&command=load_cost_list HTTP/1.1" 200 10796
222.70.182.146 - - [07/Jun/2024:15:24:45 +0800] "POST /xingrg/all/report/load_report_page.html HTTP/1.1" 200 216807
222.70.182.146 - - [07/Jun/2024:15:24:45 +0800] "GET /xingrg/servlets/image?cache=0.10357846321049013&image=px HTTP/1.1" 200 807
180.169.147.146 - - [07/Jun/2024:15:24:49 +0800] "GET /xingrg/all/function/internal_message.html?_=1717745089407&CODE_STATE=getMsg HTTP/1.1" 200 27
180.169.147.146 - - [07/Jun/2024:15:24:49 +0800] "GET /xingrg/check_reg.html?_=1717745089410 HTTP/1.1" 200 22
180.169.147.146 - - [07/Jun/2024:15:24:51 +0800] "GET /xingrg/all/function/internal_message.html?_=1717745094978&CODE_STATE=getMsg HTTP/1.1" 302 -
222.70.182.146 - - [07/Jun/2024:15:24:53 +0800] "GET /xingrg/all/report/report_print.html?isPrint=1&fileName=kc/cost/crk_define_by_materiel.xml&condition=%20a.base_code%20in%20('0010291')%20%20and%20m.sort_code%20in%20('00101001','00101002','00101003','00101004','00101005','00101006','00101007','00101008','00101009','00101010','00101011','00101012','00101013','00101014','00101015','00101016','00101017','00101018','00101019','00101020','00101021','00101022','00101023','00101024','00101025','00101026','00101027','00101028','00101029','00101030','00101031','00101032','00101033','00101034','00101036','00101037','00101038','00101039','00101040','00101041','00101042','00101043','00101044','00101045')%20&condition_show=Ô·ݣº2024Äê5ÔÂ%20²Ö¿â£ºÔÁ²Ë&tableQueryString=materiel_table$sp1$$sp$before_table$sp1$$sp$crk_table$sp1$order_day%20between%2020240501%20and%2020240531&fileType=servlets/xls&varString=cost_id:5038,rk_cost:cgsh_rk_money-cgth_ck_money$add$pssh_rk_money-psth_ck_money$add$yddb_rk_money$add$qt_rk_money$add$wldb_rk_money$add$check_rk_money,ck_cost:cgsh_rk_money-cgth_ck_money$add$pssh_rk_money-psth_ck_money$add$yddb_rk_money$add$qt_rk_money$add$wldb_rk_money$add$check_rk_money,rk_nums:cgsh_rk_number-cgth_ck_number$add$pssh_rk_number-psth_ck_number$add$yddb_rk_number$add$qt_rk_number$add$wldb_rk_number$add$check_rk_number,ck_nums:cgsh_rk_number-cgth_ck_number$add$pssh_rk_number-psth_ck_number$add$yddb_rk_number$add$qt_rk_number$add$wldb_rk_number$add$check_rk_number HTTP/1.1" 200 153245
58.37.208.233 - - [07/Jun/2024:15:24:54 +0800] "POST /xingrg/services/DataTransmitService HTTP/1.1" 200 524
116.238.97.31 - - [07/Jun/2024:15:25:01 +0800] "GET /xingrg/all/function/internal_message.html?_=1717745106474&CODE_STATE=getMsg HTTP/1.1" 302 -
180.169.147.146 - - [07/Jun/2024:15:25:02 +0800] "POST /xingrg/kc/base/stock_operate.html HTTP/1.1" 200 1724
180.169.147.146 - - [07/Jun/2024:15:25:02 +0800] "GET /xingrg/all/function/internal_message.html?_=1717745101968&CODE_STATE=getMsg HTTP/1.1" 200 27
180.169.147.146 - - [07/Jun/2024:15:25:04 +0800] "GET /xingrg/kc/base/stock_detail.html?m=00102021006 HTTP/1.1" 200 6386
180.169.147.146 - - [07/Jun/2024:15:25:11 +0800] "GET /xingrg/kc/base/stock_operate.html?_=1717745110919&command=get_report_file&start_day=20240501 HTTP/1.1" 200 53
180.169.147.146 - - [07/Jun/2024:15:25:11 +0800] "GET /xingrg/all/report/report_query.html?isQuery=1&onlyBody=1&rh=2000&fileName=kc/base/kc_stock_detail_new.xml&queryString=(1=1)&queryText=&tableQueryString=init_table$sp1$$sp$crk_table$sp1$order_day%20between%2020240501%20and%2020240630&varString=start_day:20240501,materiel_code:00102021006,cost_id:5052,end_date:20240430 HTTP/1.1" 200 48701
180.169.147.146 - - [07/Jun/2024:15:25:11 +0800] "GET /xingrg/dwr/interface/AjaxReportQueryService.js HTTP/1.1" 200 13203
180.169.147.146 - - [07/Jun/2024:15:25:11 +0800] "GET /xingrg/dwr/engine.js HTTP/1.1" 200 43631
180.169.147.146 - - [07/Jun/2024:15:25:12 +0800] "POST /xingrg/all/report/load_report_page.html HTTP/1.1" 200 29997
180.169.147.146 - - [07/Jun/2024:15:25:12 +0800] "GET /xingrg/servlets/image?cache=0.847858749881411&image=px HTTP/1.1" 200 807
222.70.182.146 - - [07/Jun/2024:15:25:17 +0800] "GET /xingrg/all/function/internal_message.html?_=1717745116206&CODE_STATE=getMsg HTTP/1.1" 200 27
180.169.147.146 - - [07/Jun/2024:15:25:20 +0800] "GET /xingrg/all/function/internal_message.html?_=1717745115667&CODE_STATE=getMsg HTTP/1.1" 200 27
180.169.147.146 - - [07/Jun/2024:15:25:21 +0800] "GET /xingrg/kc/base/check_order_list.html HTTP/1.1" 200 16599
180.169.147.146 - - [07/Jun/2024:15:25:21 +0800] "POST /xingrg/kc/base/check_list_operate.html HTTP/1.1" 200 781
180.169.147.146 - - [07/Jun/2024:15:25:24 +0800] "GET /xingrg/javascript/jquery_tools/images/next.gif HTTP/1.1" 404 1086
180.169.147.146 - - [07/Jun/2024:15:25:24 +0800] "GET /xingrg/javascript/jquery_tools/images/prev.gif HTTP/1.1" 404 1086
61.165.227.88 - - [07/Jun/2024:15:25:25 +0800] "GET /xingrg/all/function/internal_message.html?_=1717745128479&CODE_STATE=getMsg HTTP/1.1" 200 27
58.37.208.233 - - [07/Jun/2024:15:25:25 +0800] "GET /xingrg/all/function/internal_message.html?_=1717745121665&CODE_STATE=getMsg HTTP/1.1" 200 27
101.83.144.49 - - [07/Jun/2024:15:25:26 +0800] "GET /xingrg/all/function/internal_message.html?_=1717745128095&CODE_STATE=getMsg HTTP/1.1" 200 27
180.169.147.146 - - [07/Jun/2024:15:25:28 +0800] "POST /xingrg/kc/base/check_list_operate.html HTTP/1.1" 200 2626
222.70.114.167 - - [07/Jun/2024:15:25:28 +0800] "GET /xingrg/all/function/internal_message.html?_=1717745138675&CODE_STATE=getMsg HTTP/1.1" 302 -
222.70.182.146 - - [07/Jun/2024:15:25:32 +0800] "GET /xingrg/all/function/internal_message.html?_=1717745130416&CODE_STATE=getMsg HTTP/1.1" 200 27
180.169.147.146 - - [07/Jun/2024:15:25:36 +0800] "GET /xingrg/kc/base/check_order_info.html?code=452024060700067 HTTP/1.1" 200 23116
180.169.147.146 - - [07/Jun/2024:15:25:36 +0800] "GET /xingrg/dwr/interface/AjaxComOrderService.js HTTP/1.1" 200 18264
180.169.147.146 - - [07/Jun/2024:15:25:36 +0800] "GET /xingrg/dwr/interface/AjaxCheckService.js HTTP/1.1" 200 14003
180.169.147.146 - - [07/Jun/2024:15:25:36 +0800] "GET /xingrg/dwr/engine.js HTTP/1.1" 200 43631
180.169.147.146 - - [07/Jun/2024:15:25:36 +0800] "POST /xingrg/dwr/call/plaincall/AjaxCheckService.loadOrderItems.dwr HTTP/1.1" 200 5410
116.232.195.13 - - [07/Jun/2024:15:25:38 +0800] "GET /xingrg/all/function/internal_message.html?_=1717745125129&CODE_STATE=getMsg HTTP/1.1" 200 27
180.169.147.146 - - [07/Jun/2024:15:25:49 +0800] "GET /xingrg/all/function/internal_message.html?_=1717745149403&CODE_STATE=getMsg HTTP/1.1" 200 27
180.169.147.146 - - [07/Jun/2024:15:25:49 +0800] "POST /xingrg/kc/base/check_list_operate.html HTTP/1.1" 200 4
180.169.147.146 - - [07/Jun/2024:15:25:51 +0800] "GET /xingrg/all/function/internal_message.html?_=1717745154956&CODE_STATE=getMsg HTTP/1.1" 302 -
180.169.147.146 - - [07/Jun/2024:15:25:52 +0800] "POST /xingrg/kc/base/check_list_operate.html HTTP/1.1" 200 2604
180.169.147.146 - - [07/Jun/2024:15:25:55 +0800] "GET /xingrg/kc/buy/cgsh_order_list.html HTTP/1.1" 200 59187
180.169.147.146 - - [07/Jun/2024:15:25:57 +0800] "POST /xingrg/kc/buy/cgsh_list_operate.html HTTP/1.1" 200 645
116.238.97.31 - - [07/Jun/2024:15:26:01 +0800] "GET /xingrg/check_reg.html?_=1717745166473 HTTP/1.1" 302 -
116.238.97.31 - - [07/Jun/2024:15:26:01 +0800] "GET /xingrg/all/function/internal_message.html?_=1717745166475&CODE_STATE=getMsg HTTP/1.1" 302 -
180.169.147.146 - - [07/Jun/2024:15:26:02 +0800] "GET /xingrg/all/function/internal_message.html?_=1717745161965&CODE_STATE=getMsg HTTP/1.1" 200 27
180.156.239.18 - - [07/Jun/2024:15:26:04 +0800] "GET /xingrg/check_reg.html?_=1717745164841 HTTP/1.1" 302 -
180.169.147.146 - - [07/Jun/2024:15:26:06 +0800] "GET /xingrg/javascript/auto/indicator.gif HTTP/1.1" 404 1066
222.70.182.146 - - [07/Jun/2024:15:26:17 +0800] "GET /xingrg/all/function/internal_message.html?_=1717745176219&CODE_STATE=getMsg HTTP/1.1" 200 27
180.169.147.146 - - [07/Jun/2024:15:26:20 +0800] "GET /xingrg/all/function/internal_message.html?_=1717745175667&CODE_STATE=getMsg HTTP/1.1" 200 27
180.169.147.146 - - [07/Jun/2024:15:26:20 +0800] "GET /xingrg/check_reg.html?_=1717745175668 HTTP/1.1" 200 22
180.169.147.146 - - [07/Jun/2024:15:26:20 +0800] "POST /xingrg/kc/buy/cgsh_list_operate.html HTTP/1.1" 200 1722
61.165.227.88 - - [07/Jun/2024:15:26:25 +0800] "GET /xingrg/all/function/internal_message.html?_=1717745188471&CODE_STATE=getMsg HTTP/1.1" 200 27
58.37.208.233 - - [07/Jun/2024:15:26:25 +0800] "GET /xingrg/all/function/internal_message.html?_=1717745181664&CODE_STATE=getMsg HTTP/1.1" 200 27
58.37.208.233 - - [07/Jun/2024:15:26:25 +0800] "GET /xingrg/check_reg.html?_=1717745181667 HTTP/1.1" 200 22
61.165.227.88 - - [07/Jun/2024:15:26:25 +0800] "GET /xingrg/check_reg.html?_=1717745188962 HTTP/1.1" 200 22
101.83.144.49 - - [07/Jun/2024:15:26:26 +0800] "GET /xingrg/all/function/internal_message.html?_=1717745188096&CODE_STATE=getMsg HTTP/1.1" 200 27
180.169.147.146 - - [07/Jun/2024:15:26:27 +0800] "POST /xingrg/kc/buy/cgsh_list_operate.html HTTP/1.1" 200 294
180.169.147.146 - - [07/Jun/2024:15:26:28 +0800] "GET /xingrg/kc/buy/cgsh_order_info.html?code=212024052607808 HTTP/1.1" 200 68928
222.70.114.167 - - [07/Jun/2024:15:26:28 +0800] "GET /xingrg/check_reg.html?_=1717745198674 HTTP/1.1" 302 -
222.70.114.167 - - [07/Jun/2024:15:26:28 +0800] "GET /xingrg/all/function/internal_message.html?_=1717745198675&CODE_STATE=getMsg HTTP/1.1" 302 -
180.169.147.146 - - [07/Jun/2024:15:26:29 +0800] "GET /xingrg/javascript/easyui/themes/default/validatebox.css HTTP/1.1" 404 1104
180.169.147.146 - - [07/Jun/2024:15:26:30 +0800] "POST /xingrg/kc/buy/cgsh_order_operate.html HTTP/1.1" 200 1225
222.70.182.146 - - [07/Jun/2024:15:26:32 +0800] "GET /xingrg/all/function/internal_message.html?_=1717745190416&CODE_STATE=getMsg HTTP/1.1" 200 27
180.169.147.146 - - [07/Jun/2024:15:26:34 +0800] "POST /xingrg/kc/buy/cgsh_order_operate.html HTTP/1.1" 200 12
180.169.147.146 - - [07/Jun/2024:15:26:37 +0800] "GET /xingrg/kc/buy/cgsh_order_info.html?code=212024052607808 HTTP/1.1" 200 73771
180.169.147.146 - - [07/Jun/2024:15:26:37 +0800] "GET /xingrg/javascript/easyui/themes/default/validatebox.css HTTP/1.1" 404 1104
180.169.147.146 - - [07/Jun/2024:15:26:37 +0800] "GET /xingrg/all/common/auto_word.html?type=employee&rest_code=00153 HTTP/1.1" 200 47
180.169.147.146 - - [07/Jun/2024:15:26:37 +0800] "GET /xingrg/all/common/auto_word.html?type=employee&rest_code=00153 HTTP/1.1" 200 47
116.232.195.13 - - [07/Jun/2024:15:26:38 +0800] "GET /xingrg/all/function/internal_message.html?_=1717745185134&CODE_STATE=getMsg HTTP/1.1" 200 27
180.169.147.146 - - [07/Jun/2024:15:26:38 +0800] "POST /xingrg/kc/buy/cgsh_order_operate.html HTTP/1.1" 200 3275
180.169.147.146 - - [07/Jun/2024:15:26:42 +0800] "POST /xingrg/kc/buy/cgsh_order_operate.html HTTP/1.1" 200 12
180.169.147.146 - - [07/Jun/2024:15:26:49 +0800] "POST /xingrg/kc/buy/cgsh_list_operate.html HTTP/1.1" 200 1411
180.169.147.146 - - [07/Jun/2024:15:26:49 +0800] "GET /xingrg/all/function/internal_message.html?_=1717745209428&CODE_STATE=getMsg HTTP/1.1" 200 27
180.169.147.146 - - [07/Jun/2024:15:26:51 +0800] "GET /xingrg/all/function/internal_message.html?_=1717745214937&CODE_STATE=getMsg HTTP/1.1" 302 -
116.238.97.31 - - [07/Jun/2024:15:27:01 +0800] "GET /xingrg/all/function/internal_message.html?_=1717745226474&CODE_STATE=getMsg HTTP/1.1" 302 -
180.169.147.146 - - [07/Jun/2024:15:27:02 +0800] "GET /xingrg/all/function/internal_message.html?_=1717745221959&CODE_STATE=getMsg HTTP/1.1" 200 27
58.37.208.233 - - [07/Jun/2024:15:27:02 +0800] "GET /xingrg/check_reg.html?_=1717745222976 HTTP/1.1" 302 -
222.70.114.167 - - [07/Jun/2024:15:27:04 +0800] "POST /xingrg/services/DataTransmitService HTTP/1.1" 200 524
222.70.114.167 - - [07/Jun/2024:15:27:05 +0800] "POST /xingrg/services/DataTransmitService HTTP/1.1" 200 501
222.70.182.146 - - [07/Jun/2024:15:27:17 +0800] "GET /xingrg/all/function/internal_message.html?_=1717745236220&CODE_STATE=getMsg HTTP/1.1" 200 27
180.169.147.146 - - [07/Jun/2024:15:27:17 +0800] "GET /xingrg/kc/base/check_order_list.html HTTP/1.1" 200 16599
180.169.147.146 - - [07/Jun/2024:15:27:17 +0800] "POST /xingrg/kc/base/check_list_operate.html HTTP/1.1" 200 1557
180.169.147.146 - - [07/Jun/2024:15:27:20 +0800] "GET /xingrg/all/function/internal_message.html?_=1717745235666&CODE_STATE=getMsg HTTP/1.1" 200 27
180.169.147.146 - - [07/Jun/2024:15:27:20 +0800] "POST /xingrg/kc/buy/cgsh_list_operate.html HTTP/1.1" 200 1411
61.165.227.88 - - [07/Jun/2024:15:27:25 +0800] "GET /xingrg/all/function/internal_message.html?_=1717745248457&CODE_STATE=getMsg HTTP/1.1" 200 27
58.37.208.233 - - [07/Jun/2024:15:27:25 +0800] "GET /xingrg/all/function/internal_message.html?_=1717745241665&CODE_STATE=getMsg HTTP/1.1" 200 27
180.169.147.146 - - [07/Jun/2024:15:27:25 +0800] "GET /xingrg/kc/base/base_main.html HTTP/1.1" 200 12142
101.83.144.49 - - [07/Jun/2024:15:27:26 +0800] "GET /xingrg/all/function/internal_message.html?_=1717745248097&CODE_STATE=getMsg HTTP/1.1" 200 27
101.83.144.49 - - [07/Jun/2024:15:27:26 +0800] "GET /xingrg/check_reg.html?_=1717745248101 HTTP/1.1" 200 22
180.169.147.146 - - [07/Jun/2024:15:27:27 +0800] "POST /xingrg/kc/base/check_list_operate.html HTTP/1.1" 200 4
180.169.147.146 - - [07/Jun/2024:15:27:27 +0800] "GET /xingrg/kc/base/check_order_list.html HTTP/1.1" 200 16601
222.70.114.167 - - [07/Jun/2024:15:27:28 +0800] "GET /xingrg/all/function/internal_message.html?_=1717745258699&CODE_STATE=getMsg HTTP/1.1" 302 -
180.169.147.146 - - [07/Jun/2024:15:27:29 +0800] "POST /xingrg/kc/base/check_list_operate.html HTTP/1.1" 200 781
180.169.147.146 - - [07/Jun/2024:15:27:29 +0800] "POST /xingrg/kc/base/check_list_operate.html HTTP/1.1" 200 781
222.70.182.146 - - [07/Jun/2024:15:27:32 +0800] "GET /xingrg/all/function/internal_message.html?_=1717745250415&CODE_STATE=getMsg HTTP/1.1" 200 27
180.169.147.146 - - [07/Jun/2024:15:27:32 +0800] "POST /xingrg/kc/base/check_list_operate.html HTTP/1.1" 200 5457
180.169.147.146 - - [07/Jun/2024:15:27:34 +0800] "GET /xingrg/kc/cost/cost_list.html HTTP/1.1" 200 6093
180.169.147.146 - - [07/Jun/2024:15:27:34 +0800] "GET /xingrg/dwr/interface/AjaxReportQueryService.js HTTP/1.1" 200 13203
180.169.147.146 - - [07/Jun/2024:15:27:34 +0800] "GET /xingrg/dwr/engine.js HTTP/1.1" 200 43631
180.169.147.146 - - [07/Jun/2024:15:27:34 +0800] "GET /xingrg/kc/cost/cost_operate.html?_=1717745254267&command=load_cost_list HTTP/1.1" 200 10796
180.169.147.146 - - [07/Jun/2024:15:27:36 +0800] "GET /xingrg/kc/base/check_order_info.html?code=452024053100245 HTTP/1.1" 200 23122
180.169.147.146 - - [07/Jun/2024:15:27:36 +0800] "GET /xingrg/dwr/interface/AjaxComOrderService.js HTTP/1.1" 200 18264
180.169.147.146 - - [07/Jun/2024:15:27:36 +0800] "GET /xingrg/dwr/interface/AjaxCheckService.js HTTP/1.1" 200 14003
180.169.147.146 - - [07/Jun/2024:15:27:36 +0800] "GET /xingrg/dwr/engine.js HTTP/1.1" 200 43631
180.169.147.146 - - [07/Jun/2024:15:27:37 +0800] "POST /xingrg/dwr/call/plaincall/AjaxCheckService.loadOrderItems.dwr HTTP/1.1" 200 932
116.232.195.13 - - [07/Jun/2024:15:27:38 +0800] "GET /xingrg/all/function/internal_message.html?_=1717745245122&CODE_STATE=getMsg HTTP/1.1" 200 27
180.169.147.146 - - [07/Jun/2024:15:27:39 +0800] "GET /xingrg/kc/cost/cost_page.html HTTP/1.1" 200 4088
180.169.147.146 - - [07/Jun/2024:15:27:39 +0800] "GET /xingrg/dwr/interface/AjaxReportQueryService.js HTTP/1.1" 200 13203
180.169.147.146 - - [07/Jun/2024:15:27:39 +0800] "GET /xingrg/dwr/engine.js HTTP/1.1" 200 43631
180.169.147.146 - - [07/Jun/2024:15:27:41 +0800] "POST /xingrg/kc/cost/cost_operate.html HTTP/1.1" 200 4
180.169.147.146 - - [07/Jun/2024:15:27:42 +0800] "GET /xingrg/kc/cost/cost_page.html HTTP/1.1" 200 4363
180.169.147.146 - - [07/Jun/2024:15:27:42 +0800] "GET /xingrg/css/blue.css HTTP/1.1" 304 -
180.169.147.146 - - [07/Jun/2024:15:27:42 +0800] "GET /xingrg/javascript/jquery_easy_ui/themes/default/easyui.css HTTP/1.1" 304 -
180.169.147.146 - - [07/Jun/2024:15:27:42 +0800] "GET /xingrg/javascript/jquery_easy_ui/themes/icon.css HTTP/1.1" 304 -
180.169.147.146 - - [07/Jun/2024:15:27:42 +0800] "GET /xingrg/javascript/step/step.css HTTP/1.1" 304 -
180.169.147.146 - - [07/Jun/2024:15:27:42 +0800] "GET /xingrg/css/table.css HTTP/1.1" 304 -
180.169.147.146 - - [07/Jun/2024:15:27:42 +0800] "GET /xingrg/dwr/interface/AjaxReportQueryService.js HTTP/1.1" 200 13203
180.169.147.146 - - [07/Jun/2024:15:27:42 +0800] "GET /xingrg/dwr/engine.js HTTP/1.1" 200 43631
180.169.147.146 - - [07/Jun/2024:15:27:42 +0800] "GET /xingrg/dwr/util.js HTTP/1.1" 304 -
180.169.147.146 - - [07/Jun/2024:15:27:42 +0800] "GET /xingrg/javascript/jquery-1.4.2.min.js HTTP/1.1" 304 -
180.169.147.146 - - [07/Jun/2024:15:27:42 +0800] "GET /xingrg/javascript/jquery_easy_ui/jquery.easyui.min.js HTTP/1.1" 304 -
180.169.147.146 - - [07/Jun/2024:15:27:42 +0800] "GET /xingrg/javascript/jquery_easy_ui/easyui-lang-zh_CN.js HTTP/1.1" 304 -
180.169.147.146 - - [07/Jun/2024:15:27:42 +0800] "GET /xingrg/javascript/jquery.utils.js HTTP/1.1" 304 -
180.169.147.146 - - [07/Jun/2024:15:27:42 +0800] "GET /xingrg/images/control/ajaxLoader.gif HTTP/1.1" 304 -
180.169.147.146 - - [07/Jun/2024:15:27:49 +0800] "GET /xingrg/all/function/internal_message.html?_=1717745269413&CODE_STATE=getMsg HTTP/1.1" 200 27
180.169.147.146 - - [07/Jun/2024:15:27:51 +0800] "GET /xingrg/all/function/internal_message.html?_=1717745274912&CODE_STATE=getMsg HTTP/1.1" 302 -
116.238.97.31 - - [07/Jun/2024:15:28:01 +0800] "GET /xingrg/all/function/internal_message.html?_=1717745286473&CODE_STATE=getMsg HTTP/1.1" 302 -
180.169.147.146 - - [07/Jun/2024:15:28:02 +0800] "GET /xingrg/all/function/internal_message.html?_=1717745281976&CODE_STATE=getMsg HTTP/1.1" 200 27
180.169.147.146 - - [07/Jun/2024:15:28:07 +0800] "POST /xingrg/kc/cost/cost_operate.html HTTP/1.1" 200 4
180.169.147.146 - - [07/Jun/2024:15:28:13 +0800] "GET /xingrg/kc/cost/cost_page.html HTTP/1.1" 200 4088
180.169.147.146 - - [07/Jun/2024:15:28:13 +0800] "GET /xingrg/css/blue.css HTTP/1.1" 304 -
180.169.147.146 - - [07/Jun/2024:15:28:13 +0800] "GET /xingrg/javascript/jquery_easy_ui/themes/default/easyui.css HTTP/1.1" 304 -
180.169.147.146 - - [07/Jun/2024:15:28:13 +0800] "GET /xingrg/javascript/jquery_easy_ui/themes/icon.css HTTP/1.1" 304 -
180.169.147.146 - - [07/Jun/2024:15:28:13 +0800] "GET /xingrg/javascript/step/step.css HTTP/1.1" 304 -
180.169.147.146 - - [07/Jun/2024:15:28:13 +0800] "GET /xingrg/css/table.css HTTP/1.1" 304 -
180.169.147.146 - - [07/Jun/2024:15:28:13 +0800] "GET /xingrg/dwr/interface/AjaxReportQueryService.js HTTP/1.1" 200 13203
180.169.147.146 - - [07/Jun/2024:15:28:13 +0800] "GET /xingrg/dwr/engine.js HTTP/1.1" 200 43631
180.169.147.146 - - [07/Jun/2024:15:28:13 +0800] "GET /xingrg/dwr/util.js HTTP/1.1" 304 -
180.169.147.146 - - [07/Jun/2024:15:28:13 +0800] "GET /xingrg/javascript/jquery-1.4.2.min.js HTTP/1.1" 304 -
180.169.147.146 - - [07/Jun/2024:15:28:13 +0800] "GET /xingrg/javascript/jquery_easy_ui/jquery.easyui.min.js HTTP/1.1" 304 -
180.169.147.146 - - [07/Jun/2024:15:28:13 +0800] "GET /xingrg/javascript/jquery_easy_ui/easyui-lang-zh_CN.js HTTP/1.1" 304 -
180.169.147.146 - - [07/Jun/2024:15:28:13 +0800] "GET /xingrg/javascript/jquery.utils.js HTTP/1.1" 304 -
180.169.147.146 - - [07/Jun/2024:15:28:13 +0800] "GET /xingrg/images/control/ajaxLoader.gif HTTP/1.1" 304 -
180.169.147.146 - - [07/Jun/2024:15:28:16 +0800] "GET /xingrg/kc/report/report_main.html HTTP/1.1" 200 7340
222.70.182.146 - - [07/Jun/2024:15:28:17 +0800] "GET /xingrg/check_reg.html?_=1717745296214 HTTP/1.1" 200 22
222.70.182.146 - - [07/Jun/2024:15:28:17 +0800] "GET /xingrg/all/function/internal_message.html?_=1717745296221&CODE_STATE=getMsg HTTP/1.1" 200 27
180.169.147.146 - - [07/Jun/2024:15:28:17 +0800] "GET /xingrg/kc/base/crk_hz.html HTTP/1.1" 200 11247
180.169.147.146 - - [07/Jun/2024:15:28:17 +0800] "POST /xingrg/kc/cost/cost_operate.html?command=get_base_tree HTTP/1.1" 200 922
180.169.147.146 - - [07/Jun/2024:15:28:17 +0800] "POST /xingrg/all/common/load_tree.html?tree=materiel_sort_tree_json HTTP/1.1" 200 9734
180.169.147.146 - - [07/Jun/2024:15:28:20 +0800] "GET /xingrg/all/function/internal_message.html?_=1717745295684&CODE_STATE=getMsg HTTP/1.1" 200 27
180.169.147.146 - - [07/Jun/2024:15:28:22 +0800] "GET /xingrg/all/common/get_data_part.html?part=previousMonth&_=1717745302717 HTTP/1.1" 200 41
58.37.208.233 - - [07/Jun/2024:15:28:25 +0800] "GET /xingrg/all/function/internal_message.html?_=1717745301665&CODE_STATE=getMsg HTTP/1.1" 200 27
101.83.144.49 - - [07/Jun/2024:15:28:26 +0800] "GET /xingrg/all/function/internal_message.html?_=1717745308101&CODE_STATE=getMsg HTTP/1.1" 200 27
222.70.114.167 - - [07/Jun/2024:15:28:28 +0800] "GET /xingrg/all/function/internal_message.html?_=1717745318696&CODE_STATE=getMsg HTTP/1.1" 302 -
222.70.182.146 - - [07/Jun/2024:15:28:32 +0800] "GET /xingrg/all/function/internal_message.html?_=1717745310414&CODE_STATE=getMsg HTTP/1.1" 200 27
116.232.195.13 - - [07/Jun/2024:15:28:38 +0800] "GET /xingrg/all/function/internal_message.html?_=1717745305136&CODE_STATE=getMsg HTTP/1.1" 200 27
116.232.195.13 - - [07/Jun/2024:15:28:38 +0800] "GET /xingrg/check_reg.html?_=1717745305138 HTTP/1.1" 200 22
58.40.7.146 - - [07/Jun/2024:15:28:43 +0800] "GET /xingrg/check_reg.html?_=1717745323370 HTTP/1.1" 302 -
180.169.147.146 - - [07/Jun/2024:15:28:49 +0800] "GET /xingrg/all/function/internal_message.html?_=1717745329422&CODE_STATE=getMsg HTTP/1.1" 200 27
180.169.147.146 - - [07/Jun/2024:15:28:51 +0800] "GET /xingrg/all/function/internal_message.html?_=1717745334881&CODE_STATE=getMsg HTTP/1.1" 302 -
180.169.147.146 - - [07/Jun/2024:15:28:54 +0800] "GET /xingrg/check_reg.html?_=1717745337700 HTTP/1.1" 302 -
116.238.97.31 - - [07/Jun/2024:15:29:01 +0800] "GET /xingrg/all/function/internal_message.html?_=1717745346472&CODE_STATE=getMsg HTTP/1.1" 302 -
180.169.147.146 - - [07/Jun/2024:15:29:02 +0800] "GET /xingrg/check_reg.html?_=1717745341974 HTTP/1.1" 200 22
180.169.147.146 - - [07/Jun/2024:15:29:02 +0800] "GET /xingrg/all/function/internal_message.html?_=1717745341975&CODE_STATE=getMsg HTTP/1.1" 200 27
222.70.182.146 - - [07/Jun/2024:15:29:17 +0800] "GET /xingrg/all/function/internal_message.html?_=1717745356214&CODE_STATE=getMsg HTTP/1.1" 200 27
180.169.147.146 - - [07/Jun/2024:15:29:20 +0800] "GET /xingrg/all/function/internal_message.html?_=1717745355684&CODE_STATE=getMsg HTTP/1.1" 200 27
58.37.208.233 - - [07/Jun/2024:15:29:25 +0800] "GET /xingrg/all/function/internal_message.html?_=1717745361664&CODE_STATE=getMsg HTTP/1.1" 200 27
101.83.144.49 - - [07/Jun/2024:15:29:26 +0800] "GET /xingrg/all/function/internal_message.html?_=1717745368101&CODE_STATE=getMsg HTTP/1.1" 200 27
116.235.94.80 - - [07/Jun/2024:15:29:28 +0800] "GET /xingrg/check_reg.html?_=1717745357993 HTTP/1.1" 302 -
222.70.114.167 - - [07/Jun/2024:15:29:28 +0800] "GET /xingrg/all/function/internal_message.html?_=1717745378694&CODE_STATE=getMsg HTTP/1.1" 302 -
222.70.182.146 - - [07/Jun/2024:15:29:32 +0800] "GET /xingrg/all/function/internal_message.html?_=1717745370415&CODE_STATE=getMsg HTTP/1.1" 200 27
222.70.182.146 - - [07/Jun/2024:15:29:32 +0800] "GET /xingrg/check_reg.html?_=1717745370416 HTTP/1.1" 200 22
116.232.195.13 - - [07/Jun/2024:15:29:38 +0800] "GET /xingrg/all/function/internal_message.html?_=1717745365125&CODE_STATE=getMsg HTTP/1.1" 200 27
180.169.147.146 - - [07/Jun/2024:15:29:43 +0800] "GET /xingrg/kc/report/report_main.html HTTP/1.1" 200 7340
180.169.147.146 - - [07/Jun/2024:15:29:44 +0800] "GET /xingrg/kc/base/kc_stocks.html HTTP/1.1" 200 16716
180.169.147.146 - - [07/Jun/2024:15:29:44 +0800] "GET /xingrg/javascript/easyui/themes/default/tree.css HTTP/1.1" 404 1090
180.169.147.146 - - [07/Jun/2024:15:29:44 +0800] "GET /xingrg/all/common/auto_word.html?type=base&rest_code=00153 HTTP/1.1" 200 651
180.169.147.146 - - [07/Jun/2024:15:29:45 +0800] "POST /xingrg/all/common/load_tree.html?tree=materiel_sort_tree_json HTTP/1.1" 200 9734
180.169.147.146 - - [07/Jun/2024:15:29:47 +0800] "POST /xingrg/kc/base/stock_operate.html HTTP/1.1" 200 1464
180.169.147.146 - - [07/Jun/2024:15:29:48 +0800] "GET /xingrg/kc/base/stock_detail.html?m=00102021022 HTTP/1.1" 200 6384
180.169.147.146 - - [07/Jun/2024:15:29:49 +0800] "GET /xingrg/check_reg.html?_=1717745389404 HTTP/1.1" 200 22
180.169.147.146 - - [07/Jun/2024:15:29:49 +0800] "GET /xingrg/all/function/internal_message.html?_=1717745389408&CODE_STATE=getMsg HTTP/1.1" 200 27
180.169.147.146 - - [07/Jun/2024:15:29:51 +0800] "GET /xingrg/all/function/internal_message.html?_=1717745394863&CODE_STATE=getMsg HTTP/1.1" 302 -
180.169.147.146 - - [07/Jun/2024:15:29:52 +0800] "GET /xingrg/kc/base/stock_operate.html?_=1717745392380&command=get_report_file&start_day=20240501 HTTP/1.1" 200 53
180.169.147.146 - - [07/Jun/2024:15:29:52 +0800] "GET /xingrg/all/report/report_query.html?isQuery=1&onlyBody=1&rh=2000&fileName=kc/base/kc_stock_detail_new.xml&queryString=(1=1)&queryText=&tableQueryString=init_table$sp1$$sp$crk_table$sp1$order_day%20between%2020240501%20and%2020240630&varString=start_day:20240501,materiel_code:00102021022,cost_id:5052,end_date:20240430 HTTP/1.1" 200 48701
180.169.147.146 - - [07/Jun/2024:15:29:52 +0800] "GET /xingrg/dwr/interface/AjaxReportQueryService.js HTTP/1.1" 200 13203
180.169.147.146 - - [07/Jun/2024:15:29:52 +0800] "GET /xingrg/dwr/engine.js HTTP/1.1" 200 43631
180.169.147.146 - - [07/Jun/2024:15:29:54 +0800] "POST /xingrg/all/report/load_report_page.html HTTP/1.1" 200 25156
180.169.147.146 - - [07/Jun/2024:15:29:54 +0800] "GET /xingrg/servlets/image?cache=0.47556474642130475&image=px HTTP/1.1" 200 807
180.169.147.146 - - [07/Jun/2024:15:29:58 +0800] "GET /xingrg/kc/base/stock_operate.html?_=1717745398404&command=get_report_file&start_day=20230501 HTTP/1.1" 200 53
180.169.147.146 - - [07/Jun/2024:15:29:58 +0800] "GET /xingrg/all/report/report_query.html?isQuery=1&onlyBody=1&rh=2000&fileName=kc/base/kc_stock_detail_new.xml&queryString=(1=1)&queryText=&tableQueryString=init_table$sp1$$sp$crk_table$sp1$order_day%20between%2020230501%20and%2020240630&varString=start_day:20230501,materiel_code:00102021022,cost_id:4352,end_date:20230430 HTTP/1.1" 200 48701
180.169.147.146 - - [07/Jun/2024:15:29:58 +0800] "GET /xingrg/dwr/interface/AjaxReportQueryService.js HTTP/1.1" 200 13203
180.169.147.146 - - [07/Jun/2024:15:29:58 +0800] "GET /xingrg/dwr/engine.js HTTP/1.1" 200 43631
180.169.147.146 - - [07/Jun/2024:15:30:00 +0800] "POST /xingrg/all/report/load_report_page.html HTTP/1.1" 200 78848
180.169.147.146 - - [07/Jun/2024:15:30:00 +0800] "GET /xingrg/servlets/image?cache=0.8072281630332696&image=px HTTP/1.1" 200 807
116.238.97.31 - - [07/Jun/2024:15:30:01 +0800] "GET /xingrg/all/function/internal_message.html?_=1717745406472&CODE_STATE=getMsg HTTP/1.1" 302 -
180.169.147.146 - - [07/Jun/2024:15:30:02 +0800] "GET /xingrg/all/function/internal_message.html?_=1717745401977&CODE_STATE=getMsg HTTP/1.1" 200 27
180.169.147.146 - - [07/Jun/2024:15:30:08 +0800] "GET /xingrg/kc/base/stock_operate.html?_=1717745408468&command=get_report_file&start_day=20220501 HTTP/1.1" 200 53
180.169.147.146 - - [07/Jun/2024:15:30:08 +0800] "GET /xingrg/all/report/report_query.html?isQuery=1&onlyBody=1&rh=2000&fileName=kc/base/kc_stock_detail_new.xml&queryString=(1=1)&queryText=&tableQueryString=init_table$sp1$$sp$crk_table$sp1$order_day%20between%2020220501%20and%2020240630&varString=start_day:20220501,materiel_code:00102021022,cost_id:3713,end_date:20220430 HTTP/1.1" 200 48701
180.169.147.146 - - [07/Jun/2024:15:30:08 +0800] "GET /xingrg/dwr/interface/AjaxReportQueryService.js HTTP/1.1" 200 13203
180.169.147.146 - - [07/Jun/2024:15:30:08 +0800] "GET /xingrg/dwr/engine.js HTTP/1.1" 200 43631
180.169.147.146 - - [07/Jun/2024:15:30:10 +0800] "POST /xingrg/all/report/load_report_page.html HTTP/1.1" 200 147305
180.169.147.146 - - [07/Jun/2024:15:30:10 +0800] "GET /xingrg/servlets/image?cache=0.7667938078282188&image=px HTTP/1.1" 200 807
222.70.182.146 - - [07/Jun/2024:15:30:17 +0800] "GET /xingrg/all/function/internal_message.html?_=1717745416210&CODE_STATE=getMsg HTTP/1.1" 200 27
180.169.147.146 - - [07/Jun/2024:15:30:20 +0800] "GET /xingrg/all/function/internal_message.html?_=1717745415685&CODE_STATE=getMsg HTTP/1.1" 200 27
58.37.208.233 - - [07/Jun/2024:15:30:25 +0800] "GET /xingrg/all/function/internal_message.html?_=1717745421679&CODE_STATE=getMsg HTTP/1.1" 200 27
101.83.144.49 - - [07/Jun/2024:15:30:26 +0800] "GET /xingrg/all/function/internal_message.html?_=1717745428101&CODE_STATE=getMsg HTTP/1.1" 200 27
222.70.114.167 - - [07/Jun/2024:15:30:28 +0800] "GET /xingrg/all/function/internal_message.html?_=1717745438692&CODE_STATE=getMsg HTTP/1.1" 302 -
222.70.182.146 - - [07/Jun/2024:15:30:32 +0800] "GET /xingrg/all/function/internal_message.html?_=1717745430415&CODE_STATE=getMsg HTTP/1.1" 200 27
180.169.147.146 - - [07/Jun/2024:15:30:35 +0800] "GET /xingrg/kc/base/stock_operate.html?_=1717745435143&command=get_report_file&start_day=20200501 HTTP/1.1" 200 53
180.169.147.146 - - [07/Jun/2024:15:30:35 +0800] "GET /xingrg/all/report/report_query.html?isQuery=1&onlyBody=1&rh=2000&fileName=kc/base/kc_stock_detail_new.xml&queryString=(1=1)&queryText=&tableQueryString=init_table$sp1$$sp$crk_table$sp1$order_day%20between%2020200501%20and%2020240630&varString=start_day:20200501,materiel_code:00102021022,cost_id:2667,end_date:20200430 HTTP/1.1" 200 48701
180.169.147.146 - - [07/Jun/2024:15:30:35 +0800] "GET /xingrg/dwr/interface/AjaxReportQueryService.js HTTP/1.1" 200 13203
180.169.147.146 - - [07/Jun/2024:15:30:35 +0800] "GET /xingrg/dwr/engine.js HTTP/1.1" 200 43631
180.169.147.146 - - [07/Jun/2024:15:30:37 +0800] "POST /xingrg/all/report/load_report_page.html HTTP/1.1" 200 279097
180.169.147.146 - - [07/Jun/2024:15:30:37 +0800] "GET /xingrg/servlets/image?cache=0.6039805174339533&image=px HTTP/1.1" 200 807
116.232.195.13 - - [07/Jun/2024:15:30:38 +0800] "GET /xingrg/all/function/internal_message.html?_=1717745425140&CODE_STATE=getMsg HTTP/1.1" 200 27
101.83.241.138 - - [07/Jun/2024:15:30:47 +0800] "POST /xingrg/services/DataTransmitService HTTP/1.1" 200 524
180.169.147.146 - - [07/Jun/2024:15:30:47 +0800] "GET /xingrg/kc/base/stock_operate.html?_=1717745447511&command=get_report_file&start_day=20190501 HTTP/1.1" 200 21
180.169.147.146 - - [07/Jun/2024:15:30:47 +0800] "GET /xingrg/all/report/report_query.html?isQuery=1&onlyBody=1&rh=2000&fileName=kc/base/kc_stock_detail.xml&queryString=(1=1)&queryText=&tableQueryString=init_table$sp1$$sp$crk_table$sp1$order_day%20between%2020190501%20and%2020240630&varString=start_day:20190501,materiel_code:00102021022,cost_id:undefined,end_date:undefined HTTP/1.1" 200 48699
180.169.147.146 - - [07/Jun/2024:15:30:47 +0800] "GET /xingrg/dwr/interface/AjaxReportQueryService.js HTTP/1.1" 200 13203
180.169.147.146 - - [07/Jun/2024:15:30:47 +0800] "GET /xingrg/dwr/engine.js HTTP/1.1" 200 43631
101.83.241.138 - - [07/Jun/2024:15:30:48 +0800] "POST /xingrg/services/DataTransmitService HTTP/1.1" 200 501
101.83.241.138 - - [07/Jun/2024:15:30:48 +0800] "POST /xingrg/services/DataTransmitService HTTP/1.1" 200 501
101.83.241.138 - - [07/Jun/2024:15:30:49 +0800] "POST /xingrg/services/DataTransmitService HTTP/1.1" 200 501
180.169.147.146 - - [07/Jun/2024:15:30:49 +0800] "GET /xingrg/all/function/internal_message.html?_=1717745449417&CODE_STATE=getMsg HTTP/1.1" 200 27
101.83.241.138 - - [07/Jun/2024:15:30:49 +0800] "POST /xingrg/services/DataTransmitService HTTP/1.1" 200 501
180.169.147.146 - - [07/Jun/2024:15:30:50 +0800] "POST /xingrg/all/report/load_report_page.html HTTP/1.1" 200 323062
