180.169.147.146 - - [07/Jun/2024:16:03:50 +0800] "GET /xingrg/all/function/internal_message.html?_=1717747434030&CODE_STATE=getMsg HTTP/1.1" 302 -
180.169.147.146 - - [07/Jun/2024:16:03:54 +0800] "GET /xingrg/check_reg.html?_=1717747437533 HTTP/1.1" 302 -
116.238.97.31 - - [07/Jun/2024:16:04:01 +0800] "GET /xingrg/all/function/internal_message.html?_=1717747446506&CODE_STATE=getMsg HTTP/1.1" 302 -
180.169.147.146 - - [07/Jun/2024:16:04:02 +0800] "GET /xingrg/check_reg.html?_=1717747441960 HTTP/1.1" 200 22
180.169.147.146 - - [07/Jun/2024:16:04:02 +0800] "GET /xingrg/all/function/internal_message.html?_=1717747441962&CODE_STATE=getMsg HTTP/1.1" 200 27
222.70.182.146 - - [07/Jun/2024:16:04:17 +0800] "GET /xingrg/all/function/internal_message.html?_=1717747456202&CODE_STATE=getMsg HTTP/1.1" 200 27
58.37.208.233 - - [07/Jun/2024:16:04:25 +0800] "GET /xingrg/all/function/internal_message.html?_=1717747461710&CODE_STATE=getMsg HTTP/1.1" 200 27
101.83.144.49 - - [07/Jun/2024:16:04:26 +0800] "GET /xingrg/all/function/internal_message.html?_=1717747468152&CODE_STATE=getMsg HTTP/1.1" 200 27
222.70.114.167 - - [07/Jun/2024:16:04:28 +0800] "GET /xingrg/all/function/internal_message.html?_=1717747478779&CODE_STATE=getMsg HTTP/1.1" 302 -
116.235.94.80 - - [07/Jun/2024:16:04:29 +0800] "GET /xingrg/check_reg.html?_=1717747459437 HTTP/1.1" 302 -
222.70.182.146 - - [07/Jun/2024:16:04:32 +0800] "GET /xingrg/all/function/internal_message.html?_=1717747470471&CODE_STATE=getMsg HTTP/1.1" 200 27
222.70.182.146 - - [07/Jun/2024:16:04:32 +0800] "GET /xingrg/check_reg.html?_=1717747470473 HTTP/1.1" 200 22
116.232.195.13 - - [07/Jun/2024:16:04:38 +0800] "GET /xingrg/all/function/internal_message.html?_=1717747465130&CODE_STATE=getMsg HTTP/1.1" 200 27
180.169.147.146 - - [07/Jun/2024:16:04:43 +0800] "GET /xingrg/all/function/internal_message.html?_=1717747478410&CODE_STATE=getMsg HTTP/1.1" 200 27
180.169.147.146 - - [07/Jun/2024:16:04:49 +0800] "GET /xingrg/check_reg.html?_=1717747489418 HTTP/1.1" 200 22
180.169.147.146 - - [07/Jun/2024:16:04:49 +0800] "GET /xingrg/all/function/internal_message.html?_=1717747489421&CODE_STATE=getMsg HTTP/1.1" 200 27
116.238.97.31 - - [07/Jun/2024:16:05:01 +0800] "GET /xingrg/all/function/internal_message.html?_=1717747506525&CODE_STATE=getMsg HTTP/1.1" 302 -
180.169.147.146 - - [07/Jun/2024:16:05:02 +0800] "GET /xingrg/all/function/internal_message.html?_=1717747501973&CODE_STATE=getMsg HTTP/1.1" 200 27
222.70.182.146 - - [07/Jun/2024:16:05:17 +0800] "GET /xingrg/all/function/internal_message.html?_=1717747516211&CODE_STATE=getMsg HTTP/1.1" 200 27
58.37.208.233 - - [07/Jun/2024:16:05:25 +0800] "GET /xingrg/all/function/internal_message.html?_=1717747521696&CODE_STATE=getMsg HTTP/1.1" 200 27
101.83.144.49 - - [07/Jun/2024:16:05:26 +0800] "GET /xingrg/all/function/internal_message.html?_=1717747528152&CODE_STATE=getMsg HTTP/1.1" 200 27
222.70.114.167 - - [07/Jun/2024:16:05:28 +0800] "GET /xingrg/all/function/internal_message.html?_=1717747538769&CODE_STATE=getMsg HTTP/1.1" 302 -
222.70.182.146 - - [07/Jun/2024:16:05:32 +0800] "GET /xingrg/all/function/internal_message.html?_=1717747530471&CODE_STATE=getMsg HTTP/1.1" 200 27
116.232.195.13 - - [07/Jun/2024:16:05:38 +0800] "GET /xingrg/all/function/internal_message.html?_=1717747525127&CODE_STATE=getMsg HTTP/1.1" 200 27
180.169.147.146 - - [07/Jun/2024:16:05:43 +0800] "GET /xingrg/check_reg.html?_=1717747538410 HTTP/1.1" 200 22
180.169.147.146 - - [07/Jun/2024:16:05:43 +0800] "GET /xingrg/all/function/internal_message.html?_=1717747538413&CODE_STATE=getMsg HTTP/1.1" 200 27
180.169.147.146 - - [07/Jun/2024:16:05:49 +0800] "GET /xingrg/all/function/internal_message.html?_=1717747549508&CODE_STATE=getMsg HTTP/1.1" 200 27
116.238.97.31 - - [07/Jun/2024:16:06:01 +0800] "GET /xingrg/check_reg.html?_=1717747566510 HTTP/1.1" 302 -
116.238.97.31 - - [07/Jun/2024:16:06:01 +0800] "GET /xingrg/all/function/internal_message.html?_=1717747566512&CODE_STATE=getMsg HTTP/1.1" 302 -
180.169.147.146 - - [07/Jun/2024:16:06:02 +0800] "GET /xingrg/all/function/internal_message.html?_=1717747561961&CODE_STATE=getMsg HTTP/1.1" 200 27
180.156.239.18 - - [07/Jun/2024:16:06:04 +0800] "GET /xingrg/check_reg.html?_=1717747564718 HTTP/1.1" 302 -
222.70.182.146 - - [07/Jun/2024:16:06:17 +0800] "GET /xingrg/all/function/internal_message.html?_=1717747576217&CODE_STATE=getMsg HTTP/1.1" 200 27
58.37.208.233 - - [07/Jun/2024:16:06:25 +0800] "GET /xingrg/check_reg.html?_=1717747581710 HTTP/1.1" 200 22
58.37.208.233 - - [07/Jun/2024:16:06:25 +0800] "GET /xingrg/all/function/internal_message.html?_=1717747581712&CODE_STATE=getMsg HTTP/1.1" 200 27
101.83.144.49 - - [07/Jun/2024:16:06:26 +0800] "GET /xingrg/all/function/internal_message.html?_=1717747588152&CODE_STATE=getMsg HTTP/1.1" 200 27
222.70.114.167 - - [07/Jun/2024:16:06:28 +0800] "GET /xingrg/all/function/internal_message.html?_=1717747598776&CODE_STATE=getMsg HTTP/1.1" 302 -
222.70.114.167 - - [07/Jun/2024:16:06:28 +0800] "GET /xingrg/check_reg.html?_=1717747598778 HTTP/1.1" 302 -
222.70.182.146 - - [07/Jun/2024:16:06:32 +0800] "GET /xingrg/all/function/internal_message.html?_=1717747590471&CODE_STATE=getMsg HTTP/1.1" 200 27
58.37.208.233 - - [07/Jun/2024:16:06:35 +0800] "GET /xingrg/all/report/report_query.html?isQuery=1&onlyBody=1&rh=999&varString=cost_id:5031,rk_cost:cgsh_rk_money-cgth_ck_money$add$pssh_rk_money-psth_ck_money$add$yddb_rk_money$add$qt_rk_money$add$wldb_rk_money$add$check_rk_money,ck_cost:cgsh_rk_money-cgth_ck_money$add$pssh_rk_money-psth_ck_money$add$yddb_rk_money$add$qt_rk_money$add$wldb_rk_money$add$check_rk_money,rk_nums:cgsh_rk_number-cgth_ck_number$add$pssh_rk_number-psth_ck_number$add$yddb_rk_number$add$qt_rk_number$add$wldb_rk_number$add$check_rk_number,ck_nums:cgsh_rk_number-cgth_ck_number$add$pssh_rk_number-psth_ck_number$add$yddb_rk_number$add$qt_rk_number$add$wldb_rk_number$add$check_rk_number&fileName=kc/cost/crk_define_by_materiel.xml&queryString=%20a.base_code%20in%20('0010388')%20%20and%20m.sort_code%20in%20('00101001','00101002','00101003','00101004','00101005','00101006','00101007','00101008','00101009','00101010','00101011','00101012','00101013','00101014','00101015','00101016','00101017','00101018','00101019','00101020','00101021','00101022','00101023','00101024','00101025','00101026','00101027','00101028','00101029','00101030','00101031','00101032','00101033','00101034','00101036','00101037','00101038','00101039','00101040','00101041','00101042','00101043','00101044','00101045')%20&queryText=Ô·ݣº2024Äê5ÔÂ%20²Ö¿â£ºÉÕ±&tableQueryString=materiel_table$sp1$$sp$before_table$sp1$$sp$crk_table$sp1$order_day%20between%2020240501%20and%2020240531 HTTP/1.1" 200 49609
58.37.208.233 - - [07/Jun/2024:16:06:35 +0800] "GET /xingrg/dwr/interface/AjaxReportQueryService.js HTTP/1.1" 200 13203
58.37.208.233 - - [07/Jun/2024:16:06:35 +0800] "GET /xingrg/dwr/engine.js HTTP/1.1" 200 43631
116.232.195.13 - - [07/Jun/2024:16:06:38 +0800] "GET /xingrg/all/function/internal_message.html?_=1717747585145&CODE_STATE=getMsg HTTP/1.1" 200 27
58.37.208.233 - - [07/Jun/2024:16:06:41 +0800] "POST /xingrg/all/report/load_report_page.html HTTP/1.1" 200 216933
58.37.208.233 - - [07/Jun/2024:16:06:41 +0800] "GET /xingrg/servlets/image?cache=0.22717449040029158&image=px HTTP/1.1" 200 807
180.169.147.146 - - [07/Jun/2024:16:06:43 +0800] "GET /xingrg/all/function/internal_message.html?_=1717747598412&CODE_STATE=getMsg HTTP/1.1" 200 27
180.169.147.146 - - [07/Jun/2024:16:06:49 +0800] "GET /xingrg/all/function/internal_message.html?_=1717747609407&CODE_STATE=getMsg HTTP/1.1" 200 27
116.238.97.31 - - [07/Jun/2024:16:07:01 +0800] "GET /xingrg/all/function/internal_message.html?_=1717747626510&CODE_STATE=getMsg HTTP/1.1" 302 -
180.169.147.146 - - [07/Jun/2024:16:07:02 +0800] "GET /xingrg/all/function/internal_message.html?_=1717747621966&CODE_STATE=getMsg HTTP/1.1" 200 27
58.37.208.233 - - [07/Jun/2024:16:07:02 +0800] "GET /xingrg/check_reg.html?_=1717747622854 HTTP/1.1" 302 -
222.70.182.146 - - [07/Jun/2024:16:07:17 +0800] "GET /xingrg/all/function/internal_message.html?_=1717747636208&CODE_STATE=getMsg HTTP/1.1" 200 27
58.37.208.233 - - [07/Jun/2024:16:07:25 +0800] "GET /xingrg/all/function/internal_message.html?_=1717747641730&CODE_STATE=getMsg HTTP/1.1" 200 27
101.83.144.49 - - [07/Jun/2024:16:07:26 +0800] "GET /xingrg/check_reg.html?_=1717747648154 HTTP/1.1" 200 22
101.83.144.49 - - [07/Jun/2024:16:07:26 +0800] "GET /xingrg/all/function/internal_message.html?_=1717747648156&CODE_STATE=getMsg HTTP/1.1" 200 27
222.70.114.167 - - [07/Jun/2024:16:07:28 +0800] "GET /xingrg/all/function/internal_message.html?_=1717747658778&CODE_STATE=getMsg HTTP/1.1" 302 -
222.70.182.146 - - [07/Jun/2024:16:07:32 +0800] "GET /xingrg/all/function/internal_message.html?_=1717747650471&CODE_STATE=getMsg HTTP/1.1" 200 27
116.232.195.13 - - [07/Jun/2024:16:07:38 +0800] "GET /xingrg/all/function/internal_message.html?_=1717747645140&CODE_STATE=getMsg HTTP/1.1" 200 27
180.169.147.146 - - [07/Jun/2024:16:07:43 +0800] "GET /xingrg/all/function/internal_message.html?_=1717747658412&CODE_STATE=getMsg HTTP/1.1" 200 27
180.169.147.146 - - [07/Jun/2024:16:07:49 +0800] "GET /xingrg/all/function/internal_message.html?_=1717747669421&CODE_STATE=getMsg HTTP/1.1" 200 27
116.238.97.31 - - [07/Jun/2024:16:08:01 +0800] "GET /xingrg/all/function/internal_message.html?_=1717747686509&CODE_STATE=getMsg HTTP/1.1" 302 -
180.169.147.146 - - [07/Jun/2024:16:08:02 +0800] "GET /xingrg/all/function/internal_message.html?_=1717747681961&CODE_STATE=getMsg HTTP/1.1" 200 27
222.70.182.146 - - [07/Jun/2024:16:08:17 +0800] "GET /xingrg/all/function/internal_message.html?_=1717747696203&CODE_STATE=getMsg HTTP/1.1" 200 27
222.70.182.146 - - [07/Jun/2024:16:08:17 +0800] "GET /xingrg/check_reg.html?_=1717747696208 HTTP/1.1" 200 22
58.37.208.233 - - [07/Jun/2024:16:08:25 +0800] "GET /xingrg/all/function/internal_message.html?_=1717747701714&CODE_STATE=getMsg HTTP/1.1" 200 27
101.83.144.49 - - [07/Jun/2024:16:08:26 +0800] "GET /xingrg/all/function/internal_message.html?_=1717747708157&CODE_STATE=getMsg HTTP/1.1" 200 27
222.70.114.167 - - [07/Jun/2024:16:08:28 +0800] "GET /xingrg/all/function/internal_message.html?_=1717747718779&CODE_STATE=getMsg HTTP/1.1" 302 -
222.70.182.146 - - [07/Jun/2024:16:08:32 +0800] "GET /xingrg/all/function/internal_message.html?_=1717747710499&CODE_STATE=getMsg HTTP/1.1" 200 27
116.232.195.13 - - [07/Jun/2024:16:08:38 +0800] "GET /xingrg/check_reg.html?_=1717747705131 HTTP/1.1" 200 22
116.232.195.13 - - [07/Jun/2024:16:08:38 +0800] "GET /xingrg/all/function/internal_message.html?_=1717747705135&CODE_STATE=getMsg HTTP/1.1" 200 27
180.169.147.146 - - [07/Jun/2024:16:08:43 +0800] "GET /xingrg/all/function/internal_message.html?_=1717747718439&CODE_STATE=getMsg HTTP/1.1" 200 27
58.40.7.146 - - [07/Jun/2024:16:08:43 +0800] "GET /xingrg/check_reg.html?_=1717747723286 HTTP/1.1" 302 -
180.169.147.146 - - [07/Jun/2024:16:08:49 +0800] "GET /xingrg/all/function/internal_message.html?_=1717747729419&CODE_STATE=getMsg HTTP/1.1" 200 27
116.238.97.31 - - [07/Jun/2024:16:09:01 +0800] "GET /xingrg/all/function/internal_message.html?_=1717747746508&CODE_STATE=getMsg HTTP/1.1" 302 -
180.169.147.146 - - [07/Jun/2024:16:09:02 +0800] "GET /xingrg/check_reg.html?_=1717747741969 HTTP/1.1" 200 22
180.169.147.146 - - [07/Jun/2024:16:09:02 +0800] "GET /xingrg/all/function/internal_message.html?_=1717747741971&CODE_STATE=getMsg HTTP/1.1" 200 27
222.70.182.146 - - [07/Jun/2024:16:09:17 +0800] "GET /xingrg/all/function/internal_message.html?_=1717747756218&CODE_STATE=getMsg HTTP/1.1" 200 27
58.37.208.233 - - [07/Jun/2024:16:09:25 +0800] "GET /xingrg/all/function/internal_message.html?_=1717747761728&CODE_STATE=getMsg HTTP/1.1" 200 27
101.83.144.49 - - [07/Jun/2024:16:09:26 +0800] "GET /xingrg/all/function/internal_message.html?_=1717747768158&CODE_STATE=getMsg HTTP/1.1" 200 27
222.70.114.167 - - [07/Jun/2024:16:09:28 +0800] "GET /xingrg/all/function/internal_message.html?_=1717747778781&CODE_STATE=getMsg HTTP/1.1" 302 -
116.235.94.80 - - [07/Jun/2024:16:09:29 +0800] "GET /xingrg/check_reg.html?_=1717747759420 HTTP/1.1" 302 -
222.70.182.146 - - [07/Jun/2024:16:09:32 +0800] "GET /xingrg/all/function/internal_message.html?_=1717747770501&CODE_STATE=getMsg HTTP/1.1" 200 27
222.70.182.146 - - [07/Jun/2024:16:09:32 +0800] "GET /xingrg/check_reg.html?_=1717747770499 HTTP/1.1" 200 22
116.232.195.13 - - [07/Jun/2024:16:09:38 +0800] "GET /xingrg/all/function/internal_message.html?_=1717747765131&CODE_STATE=getMsg HTTP/1.1" 200 27
180.169.147.146 - - [07/Jun/2024:16:09:43 +0800] "GET /xingrg/all/function/internal_message.html?_=1717747778439&CODE_STATE=getMsg HTTP/1.1" 200 27
180.169.147.146 - - [07/Jun/2024:16:09:49 +0800] "GET /xingrg/check_reg.html?_=1717747789423 HTTP/1.1" 200 22
180.169.147.146 - - [07/Jun/2024:16:09:49 +0800] "GET /xingrg/all/function/internal_message.html?_=1717747789427&CODE_STATE=getMsg HTTP/1.1" 200 27
116.238.97.31 - - [07/Jun/2024:16:10:01 +0800] "GET /xingrg/all/function/internal_message.html?_=1717747806508&CODE_STATE=getMsg HTTP/1.1" 302 -
180.169.147.146 - - [07/Jun/2024:16:10:02 +0800] "GET /xingrg/all/function/internal_message.html?_=1717747801958&CODE_STATE=getMsg HTTP/1.1" 200 27
222.70.182.146 - - [07/Jun/2024:16:10:17 +0800] "GET /xingrg/all/function/internal_message.html?_=1717747816210&CODE_STATE=getMsg HTTP/1.1" 200 27
58.37.208.233 - - [07/Jun/2024:16:10:25 +0800] "GET /xingrg/all/function/internal_message.html?_=1717747821722&CODE_STATE=getMsg HTTP/1.1" 200 27
101.83.144.49 - - [07/Jun/2024:16:10:26 +0800] "GET /xingrg/all/function/internal_message.html?_=1717747828158&CODE_STATE=getMsg HTTP/1.1" 200 27
222.70.114.167 - - [07/Jun/2024:16:10:28 +0800] "GET /xingrg/all/function/internal_message.html?_=1717747838782&CODE_STATE=getMsg HTTP/1.1" 302 -
58.37.208.233 - - [07/Jun/2024:16:10:29 +0800] "GET /xingrg/all/report/report_print.html?isPrint=1&fileName=kc/cost/crk_define_by_materiel.xml&condition=%20a.base_code%20in%20('0010388')%20%20and%20m.sort_code%20in%20('00101001','00101002','00101003','00101004','00101005','00101006','00101007','00101008','00101009','00101010','00101011','00101012','00101013','00101014','00101015','00101016','00101017','00101018','00101019','00101020','00101021','00101022','00101023','00101024','00101025','00101026','00101027','00101028','00101029','00101030','00101031','00101032','00101033','00101034','00101036','00101037','00101038','00101039','00101040','00101041','00101042','00101043','00101044','00101045')%20&condition_show=Ô·ݣº2024Äê5ÔÂ%20²Ö¿â£ºÉÕ±&tableQueryString=materiel_table$sp1$$sp$before_table$sp1$$sp$crk_table$sp1$order_day%20between%2020240501%20and%2020240531&fileType=servlets/xls&varString=cost_id:5031,rk_cost:cgsh_rk_money-cgth_ck_money$add$pssh_rk_money-psth_ck_money$add$yddb_rk_money$add$qt_rk_money$add$wldb_rk_money$add$check_rk_money,ck_cost:cgsh_rk_money-cgth_ck_money$add$pssh_rk_money-psth_ck_money$add$yddb_rk_money$add$qt_rk_money$add$wldb_rk_money$add$check_rk_money,rk_nums:cgsh_rk_number-cgth_ck_number$add$pssh_rk_number-psth_ck_number$add$yddb_rk_number$add$qt_rk_number$add$wldb_rk_number$add$check_rk_number,ck_nums:cgsh_rk_number-cgth_ck_number$add$pssh_rk_number-psth_ck_number$add$yddb_rk_number$add$qt_rk_number$add$wldb_rk_number$add$check_rk_number HTTP/1.1" 200 19996
222.70.182.146 - - [07/Jun/2024:16:10:32 +0800] "GET /xingrg/all/function/internal_message.html?_=1717747830499&CODE_STATE=getMsg HTTP/1.1" 200 27
116.232.195.13 - - [07/Jun/2024:16:10:38 +0800] "GET /xingrg/all/function/internal_message.html?_=1717747825129&CODE_STATE=getMsg HTTP/1.1" 200 27
180.169.147.146 - - [07/Jun/2024:16:10:43 +0800] "GET /xingrg/check_reg.html?_=1717747838437 HTTP/1.1" 200 22
180.169.147.146 - - [07/Jun/2024:16:10:43 +0800] "GET /xingrg/all/function/internal_message.html?_=1717747838443&CODE_STATE=getMsg HTTP/1.1" 200 27
180.169.147.146 - - [07/Jun/2024:16:10:49 +0800] "GET /xingrg/all/function/internal_message.html?_=1717747849425&CODE_STATE=getMsg HTTP/1.1" 200 27
116.238.97.31 - - [07/Jun/2024:16:11:01 +0800] "GET /xingrg/all/function/internal_message.html?_=1717747866506&CODE_STATE=getMsg HTTP/1.1" 302 -
116.238.97.31 - - [07/Jun/2024:16:11:01 +0800] "GET /xingrg/check_reg.html?_=1717747866508 HTTP/1.1" 302 -
180.169.147.146 - - [07/Jun/2024:16:11:02 +0800] "GET /xingrg/all/function/internal_message.html?_=1717747861971&CODE_STATE=getMsg HTTP/1.1" 200 27
180.156.239.18 - - [07/Jun/2024:16:11:04 +0800] "GET /xingrg/check_reg.html?_=1717747864710 HTTP/1.1" 302 -
222.70.182.146 - - [07/Jun/2024:16:11:17 +0800] "GET /xingrg/all/function/internal_message.html?_=1717747876227&CODE_STATE=getMsg HTTP/1.1" 200 27
58.37.208.233 - - [07/Jun/2024:16:11:25 +0800] "GET /xingrg/check_reg.html?_=1717747881718 HTTP/1.1" 200 22
58.37.208.233 - - [07/Jun/2024:16:11:25 +0800] "GET /xingrg/all/function/internal_message.html?_=1717747881717&CODE_STATE=getMsg HTTP/1.1" 200 27
101.83.144.49 - - [07/Jun/2024:16:11:26 +0800] "GET /xingrg/all/function/internal_message.html?_=1717747888159&CODE_STATE=getMsg HTTP/1.1" 200 27
222.70.114.167 - - [07/Jun/2024:16:11:28 +0800] "GET /xingrg/check_reg.html?_=1717747898795 HTTP/1.1" 302 -
222.70.114.167 - - [07/Jun/2024:16:11:28 +0800] "GET /xingrg/all/function/internal_message.html?_=1717747898797&CODE_STATE=getMsg HTTP/1.1" 302 -
222.70.182.146 - - [07/Jun/2024:16:11:32 +0800] "GET /xingrg/all/function/internal_message.html?_=1717747890499&CODE_STATE=getMsg HTTP/1.1" 200 27
116.232.195.13 - - [07/Jun/2024:16:11:38 +0800] "GET /xingrg/all/function/internal_message.html?_=1717747885131&CODE_STATE=getMsg HTTP/1.1" 200 27
180.169.147.146 - - [07/Jun/2024:16:11:43 +0800] "GET /xingrg/all/function/internal_message.html?_=1717747898442&CODE_STATE=getMsg HTTP/1.1" 200 27
180.169.147.146 - - [07/Jun/2024:16:11:49 +0800] "GET /xingrg/all/function/internal_message.html?_=1717747909430&CODE_STATE=getMsg HTTP/1.1" 200 27
116.238.97.31 - - [07/Jun/2024:16:12:01 +0800] "GET /xingrg/all/function/internal_message.html?_=1717747926507&CODE_STATE=getMsg HTTP/1.1" 302 -
180.169.147.146 - - [07/Jun/2024:16:12:02 +0800] "GET /xingrg/all/function/internal_message.html?_=1717747921958&CODE_STATE=getMsg HTTP/1.1" 200 27
58.37.208.233 - - [07/Jun/2024:16:12:02 +0800] "GET /xingrg/check_reg.html?_=1717747922846 HTTP/1.1" 302 -
58.37.208.233 - - [07/Jun/2024:16:12:05 +0800] "POST /xingrg/all/report/load_report_page.html HTTP/1.1" 200 44463
58.37.208.233 - - [07/Jun/2024:16:12:06 +0800] "GET /xingrg/servlets/image?cache=0.014210563528381681&image=px HTTP/1.1" 200 807
222.70.182.146 - - [07/Jun/2024:16:12:17 +0800] "GET /xingrg/all/function/internal_message.html?_=1717747936220&CODE_STATE=getMsg HTTP/1.1" 200 27
58.37.208.233 - - [07/Jun/2024:16:12:25 +0800] "GET /xingrg/all/function/internal_message.html?_=1717747941716&CODE_STATE=getMsg HTTP/1.1" 200 27
101.83.144.49 - - [07/Jun/2024:16:12:26 +0800] "GET /xingrg/check_reg.html?_=1717747948159 HTTP/1.1" 200 22
101.83.144.49 - - [07/Jun/2024:16:12:26 +0800] "GET /xingrg/all/function/internal_message.html?_=1717747948162&CODE_STATE=getMsg HTTP/1.1" 200 27
222.70.114.167 - - [07/Jun/2024:16:12:28 +0800] "GET /xingrg/all/function/internal_message.html?_=1717747958794&CODE_STATE=getMsg HTTP/1.1" 302 -
222.70.182.146 - - [07/Jun/2024:16:12:32 +0800] "GET /xingrg/all/function/internal_message.html?_=1717747950500&CODE_STATE=getMsg HTTP/1.1" 200 27
116.232.195.13 - - [07/Jun/2024:16:12:38 +0800] "GET /xingrg/all/function/internal_message.html?_=1717747945131&CODE_STATE=getMsg HTTP/1.1" 200 27
180.169.147.146 - - [07/Jun/2024:16:12:43 +0800] "GET /xingrg/all/function/internal_message.html?_=1717747958442&CODE_STATE=getMsg HTTP/1.1" 200 27
58.37.208.233 - - [07/Jun/2024:16:12:47 +0800] "GET /xingrg/all/report/report_query.html?isQuery=1&onlyBody=1&rh=999&varString=cost_id:5031,rk_cost:cgsh_rk_money-cgth_ck_money$add$pssh_rk_money-psth_ck_money$add$yddb_rk_money$add$qt_rk_money$add$wldb_rk_money$add$check_rk_money,ck_cost:cgsh_rk_money-cgth_ck_money$add$pssh_rk_money-psth_ck_money$add$yddb_rk_money$add$qt_rk_money$add$wldb_rk_money$add$check_rk_money,rk_nums:cgsh_rk_number-cgth_ck_number$add$pssh_rk_number-psth_ck_number$add$yddb_rk_number$add$qt_rk_number$add$wldb_rk_number$add$check_rk_number,ck_nums:cgsh_rk_number-cgth_ck_number$add$pssh_rk_number-psth_ck_number$add$yddb_rk_number$add$qt_rk_number$add$wldb_rk_number$add$check_rk_number&fileName=kc/cost/crk_define_by_materiel.xml&queryString=%20a.base_code%20in%20('0010389')%20%20and%20m.sort_code%20in%20('00101001','00101002','00101003','00101004','00101005','00101006','00101007','00101008','00101009','00101010','00101011','00101012','00101013','00101014','00101015','00101016','00101017','00101018','00101019','00101020','00101021','00101022','00101023','00101024','00101025','00101026','00101027','00101028','00101029','00101030','00101031','00101032','00101033','00101034','00101036','00101037','00101038','00101039','00101040','00101041','00101042','00101043','00101044','00101045')%20&queryText=Ô·ݣº2024Äê5ÔÂ%20²Ö¿â£º´ÌÉí&tableQueryString=materiel_table$sp1$$sp$before_table$sp1$$sp$crk_table$sp1$order_day%20between%2020240501%20and%2020240531 HTTP/1.1" 200 49609
58.37.208.233 - - [07/Jun/2024:16:12:47 +0800] "GET /xingrg/dwr/interface/AjaxReportQueryService.js HTTP/1.1" 200 13203
58.37.208.233 - - [07/Jun/2024:16:12:47 +0800] "GET /xingrg/dwr/engine.js HTTP/1.1" 200 43631
180.169.147.146 - - [07/Jun/2024:16:12:49 +0800] "GET /xingrg/all/function/internal_message.html?_=1717747969411&CODE_STATE=getMsg HTTP/1.1" 200 27
58.37.208.233 - - [07/Jun/2024:16:12:51 +0800] "POST /xingrg/all/report/load_report_page.html HTTP/1.1" 200 167711
58.37.208.233 - - [07/Jun/2024:16:12:51 +0800] "GET /xingrg/servlets/image?cache=0.7222068657781812&image=px HTTP/1.1" 200 807
58.37.208.233 - - [07/Jun/2024:16:12:56 +0800] "GET /xingrg/all/report/report_print.html?isPrint=1&fileName=kc/cost/crk_define_by_materiel.xml&condition=%20a.base_code%20in%20('0010389')%20%20and%20m.sort_code%20in%20('00101001','00101002','00101003','00101004','00101005','00101006','00101007','00101008','00101009','00101010','00101011','00101012','00101013','00101014','00101015','00101016','00101017','00101018','00101019','00101020','00101021','00101022','00101023','00101024','00101025','00101026','00101027','00101028','00101029','00101030','00101031','00101032','00101033','00101034','00101036','00101037','00101038','00101039','00101040','00101041','00101042','00101043','00101044','00101045')%20&condition_show=Ô·ݣº2024Äê5ÔÂ%20²Ö¿â£º´ÌÉí&tableQueryString=materiel_table$sp1$$sp$before_table$sp1$$sp$crk_table$sp1$order_day%20between%2020240501%20and%2020240531&fileType=servlets/xls&varString=cost_id:5031,rk_cost:cgsh_rk_money-cgth_ck_money$add$pssh_rk_money-psth_ck_money$add$yddb_rk_money$add$qt_rk_money$add$wldb_rk_money$add$check_rk_money,ck_cost:cgsh_rk_money-cgth_ck_money$add$pssh_rk_money-psth_ck_money$add$yddb_rk_money$add$qt_rk_money$add$wldb_rk_money$add$check_rk_money,rk_nums:cgsh_rk_number-cgth_ck_number$add$pssh_rk_number-psth_ck_number$add$yddb_rk_number$add$qt_rk_number$add$wldb_rk_number$add$check_rk_number,ck_nums:cgsh_rk_number-cgth_ck_number$add$pssh_rk_number-psth_ck_number$add$yddb_rk_number$add$qt_rk_number$add$wldb_rk_number$add$check_rk_number HTTP/1.1" 200 15381
116.238.97.31 - - [07/Jun/2024:16:13:01 +0800] "GET /xingrg/all/function/internal_message.html?_=1717747986520&CODE_STATE=getMsg HTTP/1.1" 302 -
180.169.147.146 - - [07/Jun/2024:16:13:02 +0800] "GET /xingrg/all/function/internal_message.html?_=1717747981974&CODE_STATE=getMsg HTTP/1.1" 200 27
222.70.182.146 - - [07/Jun/2024:16:13:17 +0800] "GET /xingrg/check_reg.html?_=1717747996209 HTTP/1.1" 200 22
222.70.182.146 - - [07/Jun/2024:16:13:17 +0800] "GET /xingrg/all/function/internal_message.html?_=1717747996210&CODE_STATE=getMsg HTTP/1.1" 200 27
58.37.208.233 - - [07/Jun/2024:16:13:25 +0800] "GET /xingrg/all/function/internal_message.html?_=1717748001734&CODE_STATE=getMsg HTTP/1.1" 200 27
101.83.144.49 - - [07/Jun/2024:16:13:26 +0800] "GET /xingrg/all/function/internal_message.html?_=1717748008147&CODE_STATE=getMsg HTTP/1.1" 200 27
222.70.114.167 - - [07/Jun/2024:16:13:28 +0800] "GET /xingrg/all/function/internal_message.html?_=1717748018798&CODE_STATE=getMsg HTTP/1.1" 302 -
222.70.182.146 - - [07/Jun/2024:16:13:32 +0800] "GET /xingrg/all/function/internal_message.html?_=1717748010500&CODE_STATE=getMsg HTTP/1.1" 200 27
116.232.195.13 - - [07/Jun/2024:16:13:38 +0800] "GET /xingrg/check_reg.html?_=1717748005131 HTTP/1.1" 200 22
116.232.195.13 - - [07/Jun/2024:16:13:38 +0800] "GET /xingrg/all/function/internal_message.html?_=1717748005133&CODE_STATE=getMsg HTTP/1.1" 200 27
180.169.147.146 - - [07/Jun/2024:16:13:43 +0800] "GET /xingrg/all/function/internal_message.html?_=1717748018441&CODE_STATE=getMsg HTTP/1.1" 200 27
58.40.7.146 - - [07/Jun/2024:16:13:43 +0800] "GET /xingrg/check_reg.html?_=1717748023269 HTTP/1.1" 302 -
180.169.147.146 - - [07/Jun/2024:16:13:49 +0800] "GET /xingrg/all/function/internal_message.html?_=1717748029412&CODE_STATE=getMsg HTTP/1.1" 200 27
116.238.97.31 - - [07/Jun/2024:16:14:01 +0800] "GET /xingrg/all/function/internal_message.html?_=1717748046519&CODE_STATE=getMsg HTTP/1.1" 302 -
180.169.147.146 - - [07/Jun/2024:16:14:02 +0800] "GET /xingrg/check_reg.html?_=1717748041974 HTTP/1.1" 200 22
180.169.147.146 - - [07/Jun/2024:16:14:02 +0800] "GET /xingrg/all/function/internal_message.html?_=1717748041976&CODE_STATE=getMsg HTTP/1.1" 200 27
222.70.182.146 - - [07/Jun/2024:16:14:17 +0800] "GET /xingrg/all/function/internal_message.html?_=1717748056213&CODE_STATE=getMsg HTTP/1.1" 200 27
58.37.208.233 - - [07/Jun/2024:16:14:25 +0800] "GET /xingrg/all/function/internal_message.html?_=1717748061732&CODE_STATE=getMsg HTTP/1.1" 200 27
101.83.144.49 - - [07/Jun/2024:16:14:26 +0800] "GET /xingrg/all/function/internal_message.html?_=1717748068148&CODE_STATE=getMsg HTTP/1.1" 200 27
222.70.114.167 - - [07/Jun/2024:16:14:28 +0800] "GET /xingrg/all/function/internal_message.html?_=1717748078797&CODE_STATE=getMsg HTTP/1.1" 302 -
222.70.182.146 - - [07/Jun/2024:16:14:32 +0800] "GET /xingrg/check_reg.html?_=1717748070500 HTTP/1.1" 200 22
222.70.182.146 - - [07/Jun/2024:16:14:32 +0800] "GET /xingrg/all/function/internal_message.html?_=1717748070501&CODE_STATE=getMsg HTTP/1.1" 200 27
116.232.195.13 - - [07/Jun/2024:16:14:38 +0800] "GET /xingrg/all/function/internal_message.html?_=1717748065125&CODE_STATE=getMsg HTTP/1.1" 200 27
180.169.147.146 - - [07/Jun/2024:16:14:43 +0800] "GET /xingrg/all/function/internal_message.html?_=1717748078443&CODE_STATE=getMsg HTTP/1.1" 200 27
180.169.147.146 - - [07/Jun/2024:16:14:49 +0800] "GET /xingrg/all/function/internal_message.html?_=1717748089415&CODE_STATE=getMsg HTTP/1.1" 200 27
180.169.147.146 - - [07/Jun/2024:16:14:49 +0800] "GET /xingrg/check_reg.html?_=1717748089419 HTTP/1.1" 200 22
116.238.97.31 - - [07/Jun/2024:16:15:01 +0800] "GET /xingrg/all/function/internal_message.html?_=1717748106517&CODE_STATE=getMsg HTTP/1.1" 302 -
180.169.147.146 - - [07/Jun/2024:16:15:02 +0800] "GET /xingrg/all/function/internal_message.html?_=1717748101974&CODE_STATE=getMsg HTTP/1.1" 200 27
124.78.25.193 - - [07/Jun/2024:16:15:16 +0800] "POST /xingrg/services/DataTransmitService HTTP/1.1" 200 524
124.78.25.193 - - [07/Jun/2024:16:15:16 +0800] "POST /xingrg/services/DataTransmitService HTTP/1.1" 200 501
222.70.182.146 - - [07/Jun/2024:16:15:17 +0800] "GET /xingrg/all/function/internal_message.html?_=1717748116204&CODE_STATE=getMsg HTTP/1.1" 200 27
58.37.208.233 - - [07/Jun/2024:16:15:25 +0800] "GET /xingrg/all/function/internal_message.html?_=1717748121732&CODE_STATE=getMsg HTTP/1.1" 200 27
101.83.144.49 - - [07/Jun/2024:16:15:26 +0800] "GET /xingrg/all/function/internal_message.html?_=1717748128148&CODE_STATE=getMsg HTTP/1.1" 200 27
222.70.114.167 - - [07/Jun/2024:16:15:28 +0800] "GET /xingrg/all/function/internal_message.html?_=1717748138797&CODE_STATE=getMsg HTTP/1.1" 302 -
222.70.182.146 - - [07/Jun/2024:16:15:32 +0800] "GET /xingrg/all/function/internal_message.html?_=1717748130500&CODE_STATE=getMsg HTTP/1.1" 200 27
116.232.195.13 - - [07/Jun/2024:16:15:38 +0800] "GET /xingrg/all/function/internal_message.html?_=1717748125127&CODE_STATE=getMsg HTTP/1.1" 200 27
180.169.147.146 - - [07/Jun/2024:16:15:43 +0800] "GET /xingrg/check_reg.html?_=1717748138444 HTTP/1.1" 200 22
180.169.147.146 - - [07/Jun/2024:16:15:43 +0800] "GET /xingrg/all/function/internal_message.html?_=1717748138447&CODE_STATE=getMsg HTTP/1.1" 200 27
180.169.147.146 - - [07/Jun/2024:16:15:49 +0800] "GET /xingrg/all/function/internal_message.html?_=1717748149417&CODE_STATE=getMsg HTTP/1.1" 200 27
116.238.97.31 - - [07/Jun/2024:16:16:01 +0800] "GET /xingrg/all/function/internal_message.html?_=1717748166516&CODE_STATE=getMsg HTTP/1.1" 302 -
116.238.97.31 - - [07/Jun/2024:16:16:01 +0800] "GET /xingrg/check_reg.html?_=1717748166514 HTTP/1.1" 302 -
180.169.147.146 - - [07/Jun/2024:16:16:02 +0800] "GET /xingrg/all/function/internal_message.html?_=1717748161968&CODE_STATE=getMsg HTTP/1.1" 200 27
180.156.239.18 - - [07/Jun/2024:16:16:04 +0800] "GET /xingrg/check_reg.html?_=1717748164686 HTTP/1.1" 302 -
222.70.182.146 - - [07/Jun/2024:16:16:17 +0800] "GET /xingrg/all/function/internal_message.html?_=1717748176221&CODE_STATE=getMsg HTTP/1.1" 200 27
58.37.208.233 - - [07/Jun/2024:16:16:25 +0800] "GET /xingrg/check_reg.html?_=1717748181727 HTTP/1.1" 200 22
58.37.208.233 - - [07/Jun/2024:16:16:25 +0800] "GET /xingrg/all/function/internal_message.html?_=1717748181728&CODE_STATE=getMsg HTTP/1.1" 200 27
101.83.144.49 - - [07/Jun/2024:16:16:26 +0800] "GET /xingrg/all/function/internal_message.html?_=1717748188149&CODE_STATE=getMsg HTTP/1.1" 200 27
222.70.114.167 - - [07/Jun/2024:16:16:28 +0800] "GET /xingrg/check_reg.html?_=1717748198794 HTTP/1.1" 302 -
222.70.114.167 - - [07/Jun/2024:16:16:28 +0800] "GET /xingrg/all/function/internal_message.html?_=1717748198799&CODE_STATE=getMsg HTTP/1.1" 302 -
222.70.182.146 - - [07/Jun/2024:16:16:32 +0800] "GET /xingrg/all/function/internal_message.html?_=1717748190498&CODE_STATE=getMsg HTTP/1.1" 200 27
180.169.147.146 - - [07/Jun/2024:16:16:34 +0800] "GET /xingrg/kc/report/report_main.html HTTP/1.1" 200 7340
180.169.147.146 - - [07/Jun/2024:16:16:35 +0800] "GET /xingrg/kc/base/crk_hz.html HTTP/1.1" 200 11247
180.169.147.146 - - [07/Jun/2024:16:16:35 +0800] "POST /xingrg/kc/cost/cost_operate.html?command=get_base_tree HTTP/1.1" 200 2725
180.169.147.146 - - [07/Jun/2024:16:16:35 +0800] "POST /xingrg/all/common/load_tree.html?tree=materiel_sort_tree_json HTTP/1.1" 200 9734
180.169.147.146 - - [07/Jun/2024:16:16:37 +0800] "GET /xingrg/all/common/get_data_part.html?part=previousMonth&_=1717748192959 HTTP/1.1" 200 41
116.232.195.13 - - [07/Jun/2024:16:16:38 +0800] "GET /xingrg/all/function/internal_message.html?_=1717748185138&CODE_STATE=getMsg HTTP/1.1" 200 27
180.169.147.146 - - [07/Jun/2024:16:16:41 +0800] "GET /xingrg/kc/base/crk_hz.html?_=1717748197273&command=get_cost_id&end_date=2024-05-31&start_date=2024-05-01 HTTP/1.1" 200 51
180.169.147.146 - - [07/Jun/2024:16:16:42 +0800] "GET /xingrg/all/report/report_query.html?isQuery=1&onlyBody=1&rh=99999&rw=1800&varString=start:20240501,cost_id:5099,mid:20240501&fileName=kc/base/crk_hz_type_by_base.xml&queryString=%20a.base_code%20in%20('0010740')%20&queryText=ÈÕÆÚ£º2024-05-01ÖÁ2024-05-31%20²Ö¿â£ºÎïÁϲֿâ&tableQueryString=materiel_table$sp1$$sp$before_table$sp1$$sp$crk_table$sp1$order_day%20between%2020240501%20and%2020240531 HTTP/1.1" 200 49401
180.169.147.146 - - [07/Jun/2024:16:16:42 +0800] "GET /xingrg/dwr/interface/AjaxReportQueryService.js HTTP/1.1" 200 13203
180.169.147.146 - - [07/Jun/2024:16:16:42 +0800] "GET /xingrg/dwr/engine.js HTTP/1.1" 200 43631
180.169.147.146 - - [07/Jun/2024:16:16:43 +0800] "GET /xingrg/all/function/internal_message.html?_=1717748198465&CODE_STATE=getMsg HTTP/1.1" 200 27
180.169.147.146 - - [07/Jun/2024:16:16:45 +0800] "POST /xingrg/all/report/load_report_page.html HTTP/1.1" 200 94722
180.169.147.146 - - [07/Jun/2024:16:16:45 +0800] "GET /xingrg/servlets/image?cache=0.7167347233312663&image=px HTTP/1.1" 200 807
180.169.147.146 - - [07/Jun/2024:16:16:49 +0800] "GET /xingrg/all/function/internal_message.html?_=1717748209420&CODE_STATE=getMsg HTTP/1.1" 200 27
116.238.97.31 - - [07/Jun/2024:16:17:01 +0800] "GET /xingrg/all/function/internal_message.html?_=1717748226514&CODE_STATE=getMsg HTTP/1.1" 302 -
58.37.208.233 - - [07/Jun/2024:16:17:02 +0800] "GET /xingrg/check_reg.html?_=1717748222824 HTTP/1.1" 302 -
180.169.147.146 - - [07/Jun/2024:16:17:02 +0800] "GET /xingrg/all/function/internal_message.html?_=1717748221959&CODE_STATE=getMsg HTTP/1.1" 200 27
222.70.182.146 - - [07/Jun/2024:16:17:17 +0800] "GET /xingrg/all/function/internal_message.html?_=1717748236208&CODE_STATE=getMsg HTTP/1.1" 200 27
58.37.208.233 - - [07/Jun/2024:16:17:25 +0800] "GET /xingrg/all/function/internal_message.html?_=1717748241718&CODE_STATE=getMsg HTTP/1.1" 200 27
101.83.144.49 - - [07/Jun/2024:16:17:26 +0800] "GET /xingrg/all/function/internal_message.html?_=1717748248175&CODE_STATE=getMsg HTTP/1.1" 200 27
101.83.144.49 - - [07/Jun/2024:16:17:26 +0800] "GET /xingrg/check_reg.html?_=1717748248178 HTTP/1.1" 200 22
58.37.208.233 - - [07/Jun/2024:16:17:28 +0800] "GET /xingrg/all/report/report_query.html?isQuery=1&onlyBody=1&rh=999&varString=cost_id:5031,rk_cost:cgsh_rk_money-cgth_ck_money$add$pssh_rk_money-psth_ck_money$add$yddb_rk_money$add$qt_rk_money$add$wldb_rk_money$add$check_rk_money,ck_cost:cgsh_rk_money-cgth_ck_money$add$pssh_rk_money-psth_ck_money$add$yddb_rk_money$add$qt_rk_money$add$wldb_rk_money$add$check_rk_money,rk_nums:cgsh_rk_number-cgth_ck_number$add$pssh_rk_number-psth_ck_number$add$yddb_rk_number$add$qt_rk_number$add$wldb_rk_number$add$check_rk_number,ck_nums:cgsh_rk_number-cgth_ck_number$add$pssh_rk_number-psth_ck_number$add$yddb_rk_number$add$qt_rk_number$add$wldb_rk_number$add$check_rk_number&fileName=kc/cost/crk_define_by_materiel.xml&queryString=%20a.base_code%20in%20('0010391')%20%20and%20m.sort_code%20in%20('00101001','00101002','00101003','00101004','00101005','00101006','00101007','00101008','00101009','00101010','00101011','00101012','00101013','00101014','00101015','00101016','00101017','00101018','00101019','00101020','00101021','00101022','00101023','00101024','00101025','00101026','00101027','00101028','00101029','00101030','00101031','00101032','00101033','00101034','00101036','00101037','00101038','00101039','00101040','00101041','00101042','00101043','00101044','00101045')%20&queryText=Ô·ݣº2024Äê5ÔÂ%20²Ö¿â£ºº£ÅÉ&tableQueryString=materiel_table$sp1$$sp$before_table$sp1$$sp$crk_table$sp1$order_day%20between%2020240501%20and%2020240531 HTTP/1.1" 200 49609
58.37.208.233 - - [07/Jun/2024:16:17:28 +0800] "GET /xingrg/dwr/engine.js HTTP/1.1" 200 43631
58.37.208.233 - - [07/Jun/2024:16:17:28 +0800] "GET /xingrg/dwr/interface/AjaxReportQueryService.js HTTP/1.1" 200 13203
222.70.114.167 - - [07/Jun/2024:16:17:28 +0800] "GET /xingrg/all/function/internal_message.html?_=1717748258798&CODE_STATE=getMsg HTTP/1.1" 302 -
58.37.208.233 - - [07/Jun/2024:16:17:32 +0800] "POST /xingrg/all/report/load_report_page.html HTTP/1.1" 200 217548
58.37.208.233 - - [07/Jun/2024:16:17:32 +0800] "GET /xingrg/servlets/image?cache=0.6572366418560819&image=px HTTP/1.1" 200 807
222.70.182.146 - - [07/Jun/2024:16:17:32 +0800] "GET /xingrg/all/function/internal_message.html?_=1717748250497&CODE_STATE=getMsg HTTP/1.1" 200 27
116.232.195.13 - - [07/Jun/2024:16:17:38 +0800] "GET /xingrg/all/function/internal_message.html?_=1717748245131&CODE_STATE=getMsg HTTP/1.1" 200 27
58.37.208.233 - - [07/Jun/2024:16:17:39 +0800] "GET /xingrg/all/report/report_print.html?isPrint=1&fileName=kc/cost/crk_define_by_materiel.xml&condition=%20a.base_code%20in%20('0010391')%20%20and%20m.sort_code%20in%20('00101001','00101002','00101003','00101004','00101005','00101006','00101007','00101008','00101009','00101010','00101011','00101012','00101013','00101014','00101015','00101016','00101017','00101018','00101019','00101020','00101021','00101022','00101023','00101024','00101025','00101026','00101027','00101028','00101029','00101030','00101031','00101032','00101033','00101034','00101036','00101037','00101038','00101039','00101040','00101041','00101042','00101043','00101044','00101045')%20&condition_show=Ô·ݣº2024Äê5ÔÂ%20²Ö¿â£ºº£ÅÉ&tableQueryString=materiel_table$sp1$$sp$before_table$sp1$$sp$crk_table$sp1$order_day%20between%2020240501%20and%2020240531&fileType=servlets/xls&varString=cost_id:5031,rk_cost:cgsh_rk_money-cgth_ck_money$add$pssh_rk_money-psth_ck_money$add$yddb_rk_money$add$qt_rk_money$add$wldb_rk_money$add$check_rk_money,ck_cost:cgsh_rk_money-cgth_ck_money$add$pssh_rk_money-psth_ck_money$add$yddb_rk_money$add$qt_rk_money$add$wldb_rk_money$add$check_rk_money,rk_nums:cgsh_rk_number-cgth_ck_number$add$pssh_rk_number-psth_ck_number$add$yddb_rk_number$add$qt_rk_number$add$wldb_rk_number$add$check_rk_number,ck_nums:cgsh_rk_number-cgth_ck_number$add$pssh_rk_number-psth_ck_number$add$yddb_rk_number$add$qt_rk_number$add$wldb_rk_number$add$check_rk_number HTTP/1.1" 200 98405
180.169.147.146 - - [07/Jun/2024:16:17:43 +0800] "GET /xingrg/all/function/internal_message.html?_=1717748258455&CODE_STATE=getMsg HTTP/1.1" 200 27
180.169.147.146 - - [07/Jun/2024:16:17:49 +0800] "GET /xingrg/all/function/internal_message.html?_=1717748269414&CODE_STATE=getMsg HTTP/1.1" 200 27
116.238.97.31 - - [07/Jun/2024:16:18:01 +0800] "GET /xingrg/all/function/internal_message.html?_=1717748286515&CODE_STATE=getMsg HTTP/1.1" 302 -
180.169.147.146 - - [07/Jun/2024:16:18:02 +0800] "GET /xingrg/all/function/internal_message.html?_=1717748281975&CODE_STATE=getMsg HTTP/1.1" 200 27
222.70.182.146 - - [07/Jun/2024:16:18:17 +0800] "GET /xingrg/all/function/internal_message.html?_=1717748296221&CODE_STATE=getMsg HTTP/1.1" 200 27
222.70.182.146 - - [07/Jun/2024:16:18:17 +0800] "GET /xingrg/check_reg.html?_=1717748296226 HTTP/1.1" 200 22
58.37.208.233 - - [07/Jun/2024:16:18:25 +0800] "GET /xingrg/all/function/internal_message.html?_=1717748301728&CODE_STATE=getMsg HTTP/1.1" 200 27
101.83.144.49 - - [07/Jun/2024:16:18:26 +0800] "GET /xingrg/all/function/internal_message.html?_=1717748308178&CODE_STATE=getMsg HTTP/1.1" 200 27
222.70.114.167 - - [07/Jun/2024:16:18:28 +0800] "GET /xingrg/all/function/internal_message.html?_=1717748318799&CODE_STATE=getMsg HTTP/1.1" 302 -
222.70.182.146 - - [07/Jun/2024:16:18:32 +0800] "GET /xingrg/all/function/internal_message.html?_=1717748310494&CODE_STATE=getMsg HTTP/1.1" 200 27
116.232.195.13 - - [07/Jun/2024:16:18:38 +0800] "GET /xingrg/check_reg.html?_=1717748305124 HTTP/1.1" 200 22
116.232.195.13 - - [07/Jun/2024:16:18:38 +0800] "GET /xingrg/all/function/internal_message.html?_=1717748305125&CODE_STATE=getMsg HTTP/1.1" 200 27
180.169.147.146 - - [07/Jun/2024:16:18:43 +0800] "GET /xingrg/all/function/internal_message.html?_=1717748318455&CODE_STATE=getMsg HTTP/1.1" 200 27
58.40.7.146 - - [07/Jun/2024:16:18:43 +0800] "GET /xingrg/check_reg.html?_=1717748323264 HTTP/1.1" 302 -
180.169.147.146 - - [07/Jun/2024:16:18:49 +0800] "GET /xingrg/all/function/internal_message.html?_=1717748329410&CODE_STATE=getMsg HTTP/1.1" 200 27
116.238.97.31 - - [07/Jun/2024:16:19:01 +0800] "GET /xingrg/all/function/internal_message.html?_=1717748346514&CODE_STATE=getMsg HTTP/1.1" 302 -
180.169.147.146 - - [07/Jun/2024:16:19:02 +0800] "GET /xingrg/check_reg.html?_=1717748341972 HTTP/1.1" 200 22
180.169.147.146 - - [07/Jun/2024:16:19:02 +0800] "GET /xingrg/all/function/internal_message.html?_=1717748341977&CODE_STATE=getMsg HTTP/1.1" 200 27
222.70.182.146 - - [07/Jun/2024:16:19:17 +0800] "GET /xingrg/all/function/internal_message.html?_=1717748356218&CODE_STATE=getMsg HTTP/1.1" 200 27
58.37.208.233 - - [07/Jun/2024:16:19:25 +0800] "GET /xingrg/all/function/internal_message.html?_=1717748361726&CODE_STATE=getMsg HTTP/1.1" 200 27
101.83.144.49 - - [07/Jun/2024:16:19:26 +0800] "GET /xingrg/all/function/internal_message.html?_=1717748368179&CODE_STATE=getMsg HTTP/1.1" 200 27
222.70.114.167 - - [07/Jun/2024:16:19:28 +0800] "GET /xingrg/all/function/internal_message.html?_=1717748378799&CODE_STATE=getMsg HTTP/1.1" 302 -
222.70.182.146 - - [07/Jun/2024:16:19:32 +0800] "GET /xingrg/all/function/internal_message.html?_=1717748370493&CODE_STATE=getMsg HTTP/1.1" 200 27
222.70.182.146 - - [07/Jun/2024:16:19:32 +0800] "GET /xingrg/check_reg.html?_=1717748370493 HTTP/1.1" 200 22
116.238.97.31 - - [07/Jun/2024:16:19:33 +0800] "POST /xingrg/services/DataTransmitService HTTP/1.1" 200 524
116.238.97.31 - - [07/Jun/2024:16:19:34 +0800] "POST /xingrg/services/DataTransmitService HTTP/1.1" 200 501
116.232.195.13 - - [07/Jun/2024:16:19:38 +0800] "GET /xingrg/all/function/internal_message.html?_=1717748365130&CODE_STATE=getMsg HTTP/1.1" 200 27
180.169.147.146 - - [07/Jun/2024:16:19:43 +0800] "GET /xingrg/all/function/internal_message.html?_=1717748378461&CODE_STATE=getMsg HTTP/1.1" 200 27
180.169.147.146 - - [07/Jun/2024:16:19:49 +0800] "GET /xingrg/all/function/internal_message.html?_=1717748389416&CODE_STATE=getMsg HTTP/1.1" 200 27
180.169.147.146 - - [07/Jun/2024:16:19:49 +0800] "GET /xingrg/check_reg.html?_=1717748389420 HTTP/1.1" 200 22
116.238.97.31 - - [07/Jun/2024:16:20:01 +0800] "GET /xingrg/all/function/internal_message.html?_=1717748406517&CODE_STATE=getMsg HTTP/1.1" 302 -
180.169.147.146 - - [07/Jun/2024:16:20:02 +0800] "GET /xingrg/all/function/internal_message.html?_=1717748401972&CODE_STATE=getMsg HTTP/1.1" 200 27
58.37.208.233 - - [07/Jun/2024:16:20:16 +0800] "POST /xingrg/kc/base/stock_operate.html HTTP/1.1" 200 1469
222.70.182.146 - - [07/Jun/2024:16:20:17 +0800] "GET /xingrg/all/function/internal_message.html?_=1717748416212&CODE_STATE=getMsg HTTP/1.1" 200 27
58.37.208.233 - - [07/Jun/2024:16:20:17 +0800] "GET /xingrg/kc/base/stock_detail.html?m=00101006401 HTTP/1.1" 200 7359
58.37.208.233 - - [07/Jun/2024:16:20:22 +0800] "GET /xingrg/kc/base/stock_operate.html?_=1717748417996&command=get_report_file&start_day=20240401 HTTP/1.1" 200 53
58.37.208.233 - - [07/Jun/2024:16:20:22 +0800] "GET /xingrg/all/report/report_query.html?isQuery=1&onlyBody=1&rh=2000&fileName=kc/base/kc_stock_detail_new.xml&queryString=(1=1)&queryText=&tableQueryString=init_table$sp1$$sp$crk_table$sp1$order_day%20between%2020240401%20and%2020240630&varString=start_day:20240401,materiel_code:00101006401,cost_id:4979,end_date:20240331 HTTP/1.1" 200 48701
58.37.208.233 - - [07/Jun/2024:16:20:22 +0800] "GET /xingrg/dwr/interface/AjaxReportQueryService.js HTTP/1.1" 200 13203
58.37.208.233 - - [07/Jun/2024:16:20:22 +0800] "GET /xingrg/dwr/engine.js HTTP/1.1" 200 43631
58.37.208.233 - - [07/Jun/2024:16:20:23 +0800] "POST /xingrg/all/report/load_report_page.html HTTP/1.1" 200 20353
58.37.208.233 - - [07/Jun/2024:16:20:23 +0800] "GET /xingrg/servlets/image?cache=0.10337268282012413&image=px HTTP/1.1" 200 807
58.37.208.233 - - [07/Jun/2024:16:20:25 +0800] "GET /xingrg/kc/guide/show_order.html?code=212024052407156&type=21 HTTP/1.1" 302 -
58.37.208.233 - - [07/Jun/2024:16:20:25 +0800] "GET /xingrg/all/function/internal_message.html?_=1717748421731&CODE_STATE=getMsg HTTP/1.1" 200 27
101.83.144.49 - - [07/Jun/2024:16:20:26 +0800] "GET /xingrg/all/function/internal_message.html?_=1717748428180&CODE_STATE=getMsg HTTP/1.1" 200 27
58.37.208.233 - - [07/Jun/2024:16:20:26 +0800] "GET /xingrg/kc/buy/cgsh_order_info.html?code=212024052407156&sysBaseUrl=http%3A%2F%2F180.169.147.146%3A18081%2Fxingrg%2F&costTime=0×tamp=1717748425460 HTTP/1.1" 200 69878
58.37.208.233 - - [07/Jun/2024:16:20:27 +0800] "GET /xingrg/javascript/easyui/themes/default/validatebox.css HTTP/1.1" 404 1104
58.37.208.233 - - [07/Jun/2024:16:20:28 +0800] "POST /xingrg/kc/buy/cgsh_order_operate.html HTTP/1.1" 200 614
222.70.114.167 - - [07/Jun/2024:16:20:28 +0800] "GET /xingrg/all/function/internal_message.html?_=1717748438797&CODE_STATE=getMsg HTTP/1.1" 302 -
222.70.182.146 - - [07/Jun/2024:16:20:32 +0800] "GET /xingrg/all/function/internal_message.html?_=1717748430492&CODE_STATE=getMsg HTTP/1.1" 200 27
58.37.208.233 - - [07/Jun/2024:16:20:32 +0800] "GET /xingrg/kc/guide/show_order.html?code=212024052407156&type=21 HTTP/1.1" 302 -
58.37.208.233 - - [07/Jun/2024:16:20:33 +0800] "GET /xingrg/kc/buy/cgsh_order_info.html?code=212024052407156&sysBaseUrl=http%3A%2F%2F180.169.147.146%3A18081%2Fxingrg%2F&costTime=1×tamp=1717748432410 HTTP/1.1" 200 69878
58.37.208.233 - - [07/Jun/2024:16:20:34 +0800] "GET /xingrg/javascript/easyui/themes/default/validatebox.css HTTP/1.1" 404 1104
58.37.208.233 - - [07/Jun/2024:16:20:35 +0800] "POST /xingrg/kc/buy/cgsh_order_operate.html HTTP/1.1" 200 614
116.232.195.13 - - [07/Jun/2024:16:20:38 +0800] "GET /xingrg/all/function/internal_message.html?_=1717748425127&CODE_STATE=getMsg HTTP/1.1" 200 27
180.169.147.146 - - [07/Jun/2024:16:20:43 +0800] "GET /xingrg/check_reg.html?_=1717748438460 HTTP/1.1" 200 22
180.169.147.146 - - [07/Jun/2024:16:20:43 +0800] "GET /xingrg/all/function/internal_message.html?_=1717748438463&CODE_STATE=getMsg HTTP/1.1" 200 27
180.169.147.146 - - [07/Jun/2024:16:20:49 +0800] "GET /xingrg/all/function/internal_message.html?_=1717748449421&CODE_STATE=getMsg HTTP/1.1" 200 27
116.238.97.31 - - [07/Jun/2024:16:21:01 +0800] "GET /xingrg/check_reg.html?_=1717748466516 HTTP/1.1" 302 -
116.238.97.31 - - [07/Jun/2024:16:21:01 +0800] "GET /xingrg/all/function/internal_message.html?_=1717748466518&CODE_STATE=getMsg HTTP/1.1" 302 -
180.169.147.146 - - [07/Jun/2024:16:21:02 +0800] "GET /xingrg/all/function/internal_message.html?_=1717748461966&CODE_STATE=getMsg HTTP/1.1" 200 27
180.156.239.18 - - [07/Jun/2024:16:21:04 +0800] "GET /xingrg/check_reg.html?_=1717748464676 HTTP/1.1" 302 -
222.70.182.146 - - [07/Jun/2024:16:21:17 +0800] "GET /xingrg/all/function/internal_message.html?_=1717748476219&CODE_STATE=getMsg HTTP/1.1" 200 27
58.37.208.233 - - [07/Jun/2024:16:21:25 +0800] "GET /xingrg/all/function/internal_message.html?_=1717748481737&CODE_STATE=getMsg HTTP/1.1" 200 27
58.37.208.233 - - [07/Jun/2024:16:21:25 +0800] "GET /xingrg/check_reg.html?_=1717748481739 HTTP/1.1" 200 22
101.83.144.49 - - [07/Jun/2024:16:21:26 +0800] "GET /xingrg/all/function/internal_message.html?_=1717748488181&CODE_STATE=getMsg HTTP/1.1" 200 27
222.70.114.167 - - [07/Jun/2024:16:21:28 +0800] "GET /xingrg/check_reg.html?_=1717748498800 HTTP/1.1" 302 -
222.70.114.167 - - [07/Jun/2024:16:21:28 +0800] "GET /xingrg/all/function/internal_message.html?_=1717748498802&CODE_STATE=getMsg HTTP/1.1" 302 -
222.70.182.146 - - [07/Jun/2024:16:21:32 +0800] "GET /xingrg/all/function/internal_message.html?_=1717748490490&CODE_STATE=getMsg HTTP/1.1" 200 27
116.232.195.13 - - [07/Jun/2024:16:21:38 +0800] "GET /xingrg/all/function/internal_message.html?_=1717748485130&CODE_STATE=getMsg HTTP/1.1" 200 27
180.169.147.146 - - [07/Jun/2024:16:21:43 +0800] "GET /xingrg/all/function/internal_message.html?_=1717748498448&CODE_STATE=getMsg HTTP/1.1" 200 27
180.169.147.146 - - [07/Jun/2024:16:21:49 +0800] "GET /xingrg/all/function/internal_message.html?_=1717748509418&CODE_STATE=getMsg HTTP/1.1" 200 27
116.238.97.31 - - [07/Jun/2024:16:22:01 +0800] "GET /xingrg/all/function/internal_message.html?_=1717748526518&CODE_STATE=getMsg HTTP/1.1" 302 -
58.37.208.233 - - [07/Jun/2024:16:22:02 +0800] "GET /xingrg/check_reg.html?_=1717748522805 HTTP/1.1" 302 -
180.169.147.146 - - [07/Jun/2024:16:22:02 +0800] "GET /xingrg/all/function/internal_message.html?_=1717748521965&CODE_STATE=getMsg HTTP/1.1" 200 27
180.169.147.146 - - [07/Jun/2024:16:22:11 +0800] "GET /xingrg/kc/cost/crk_report.html HTTP/1.1" 200 23312
180.169.147.146 - - [07/Jun/2024:16:22:11 +0800] "POST /xingrg/kc/cost/cost_operate.html?command=get_base_tree HTTP/1.1" 200 2725
180.169.147.146 - - [07/Jun/2024:16:22:11 +0800] "POST /xingrg/kc/cost/cost_operate.html HTTP/1.1" 200 37
180.169.147.146 - - [07/Jun/2024:16:22:11 +0800] "POST /xingrg/all/common/load_tree.html?tree=materiel_sort_tree_json HTTP/1.1" 200 9734
222.70.182.146 - - [07/Jun/2024:16:22:17 +0800] "GET /xingrg/all/function/internal_message.html?_=1717748536219&CODE_STATE=getMsg HTTP/1.1" 200 27
180.169.147.146 - - [07/Jun/2024:16:22:19 +0800] "GET /xingrg/all/report/report_query.html?isQuery=1&onlyBody=1&rh=999&varString=cost_id:5099,rk_cost:cgsh_rk_money-cgth_ck_money$add$pssh_rk_money-psth_ck_money$add$yddb_rk_money$add$qt_rk_money$add$wldb_rk_money$add$check_rk_money,ck_cost:cgsh_rk_money-cgth_ck_money$add$pssh_rk_money-psth_ck_money$add$yddb_rk_money$add$qt_rk_money$add$wldb_rk_money$add$check_rk_money,rk_nums:cgsh_rk_number-cgth_ck_number$add$pssh_rk_number-psth_ck_number$add$yddb_rk_number$add$qt_rk_number$add$wldb_rk_number$add$check_rk_number,ck_nums:cgsh_rk_number-cgth_ck_number$add$pssh_rk_number-psth_ck_number$add$yddb_rk_number$add$qt_rk_number$add$wldb_rk_number$add$check_rk_number&fileName=kc/cost/crk_define_by_materiel.xml&queryString=%20a.base_code%20in%20('0010739')%20&queryText=Ô·ݣº2024Äê5ÔÂ%20²Ö¿â£ºÊ³Æ·²Ö¿â&tableQueryString=materiel_table$sp1$$sp$before_table$sp1$$sp$crk_table$sp1$order_day%20between%2020240501%20and%2020240531 HTTP/1.1" 200 49097
180.169.147.146 - - [07/Jun/2024:16:22:19 +0800] "GET /xingrg/dwr/interface/AjaxReportQueryService.js HTTP/1.1" 200 13203
180.169.147.146 - - [07/Jun/2024:16:22:19 +0800] "GET /xingrg/dwr/engine.js HTTP/1.1" 200 43631
180.169.147.146 - - [07/Jun/2024:16:22:22 +0800] "POST /xingrg/all/report/load_report_page.html HTTP/1.1" 200 215038
180.169.147.146 - - [07/Jun/2024:16:22:22 +0800] "GET /xingrg/servlets/image?cache=0.9053139301651844&image=px HTTP/1.1" 200 807
58.37.208.233 - - [07/Jun/2024:16:22:25 +0800] "GET /xingrg/all/function/internal_message.html?_=1717748541737&CODE_STATE=getMsg HTTP/1.1" 200 27
101.83.144.49 - - [07/Jun/2024:16:22:26 +0800] "GET /xingrg/check_reg.html?_=1717748548182 HTTP/1.1" 200 22
