61.165.227.88 - - [05/Jun/2024:16:20:51 +0800] "GET /xingrg/all/function/internal_message.html?_=1717575651755&CODE_STATE=getMsg HTTP/1.1" 200 27
61.165.227.88 - - [05/Jun/2024:16:20:51 +0800] "GET /xingrg/check_reg.html?_=1717575651761 HTTP/1.1" 200 22
222.70.182.146 - - [05/Jun/2024:16:21:00 +0800] "GET /xingrg/all/function/internal_message.html?_=1717575659487&CODE_STATE=getMsg HTTP/1.1" 200 27
58.39.109.22 - - [05/Jun/2024:16:21:01 +0800] "POST /xingrg/dwr/call/plaincall/AjaxCheckService.setItemNumber.dwr HTTP/1.1" 200 76
172.20.0.100 - - [05/Jun/2024:16:21:02 +0800] "POST /xingrg/dwr/call/plaincall/AjaxBaseInfoService.searchMateriels.dwr HTTP/1.1" 200 314
58.39.109.22 - - [05/Jun/2024:16:21:03 +0800] "POST /xingrg/dwr/call/plaincall/AjaxCheckService.setItemNumber.dwr HTTP/1.1" 200 76
172.20.0.100 - - [05/Jun/2024:16:21:03 +0800] "GET /xingrg/system/info/materiel_info.html?code=01041074 HTTP/1.1" 200 38673
172.20.0.100 - - [05/Jun/2024:16:21:03 +0800] "GET /xingrg/dwr/engine.js HTTP/1.1" 200 43631
172.20.0.100 - - [05/Jun/2024:16:21:03 +0800] "GET /xingrg/dwr/util.js HTTP/1.1" 304 -
222.64.2.11 - - [05/Jun/2024:16:21:03 +0800] "GET /xingrg/all/function/internal_message.html?_=1717575661926&CODE_STATE=getMsg HTTP/1.1" 200 27
172.20.0.100 - - [05/Jun/2024:16:21:03 +0800] "GET /favicon.ico HTTP/1.1" 404 -
172.20.0.100 - - [05/Jun/2024:16:21:04 +0800] "POST /xingrg/all/common/load_tree.html?tree=area_rest_tree_json HTTP/1.1" 200 4010
58.39.109.22 - - [05/Jun/2024:16:21:04 +0800] "POST /xingrg/dwr/call/plaincall/AjaxCheckService.setItemNumber.dwr HTTP/1.1" 200 76
172.20.0.100 - - [05/Jun/2024:16:21:04 +0800] "POST /xingrg/dwr/call/plaincall/AjaxBaseInfoService.getMaterielInfo.dwr HTTP/1.1" 200 592
172.20.0.100 - - [05/Jun/2024:16:21:05 +0800] "POST /xingrg/all/common/load_tree.html?tree=area_rest_tree_json&defaultRests=undefined HTTP/1.1" 200 4010
58.39.109.22 - - [05/Jun/2024:16:21:07 +0800] "POST /xingrg/dwr/call/plaincall/AjaxCheckService.setItemNumber.dwr HTTP/1.1" 200 76
58.39.109.22 - - [05/Jun/2024:16:21:08 +0800] "POST /xingrg/dwr/call/plaincall/AjaxCheckService.setItemNumber.dwr HTTP/1.1" 200 76
58.39.109.22 - - [05/Jun/2024:16:21:08 +0800] "POST /xingrg/dwr/call/plaincall/AjaxCheckService.setItemNumber.dwr HTTP/1.1" 200 76
58.39.109.22 - - [05/Jun/2024:16:21:10 +0800] "POST /xingrg/dwr/call/plaincall/AjaxCheckService.setItemNumber.dwr HTTP/1.1" 200 77
116.238.97.31 - - [05/Jun/2024:16:21:10 +0800] "GET /xingrg/all/function/internal_message.html?_=1717575672309&CODE_STATE=getMsg HTTP/1.1" 200 27
172.20.0.100 - - [05/Jun/2024:16:21:12 +0800] "GET /xingrg/all/function/internal_message.html?_=1717575671328&CODE_STATE=getMsg HTTP/1.1" 200 27
180.169.147.146 - - [05/Jun/2024:16:21:21 +0800] "GET /xingrg/all/function/internal_message.html?_=1717575681074&CODE_STATE=getMsg HTTP/1.1" 200 27
172.20.0.100 - - [05/Jun/2024:16:21:28 +0800] "POST /xingrg/dwr/call/plaincall/AjaxBaseInfoService.searchMateriels.dwr HTTP/1.1" 200 314
172.20.0.100 - - [05/Jun/2024:16:21:29 +0800] "GET /xingrg/system/info/materiel_info.html?code=01044039 HTTP/1.1" 200 38673
172.20.0.100 - - [05/Jun/2024:16:21:29 +0800] "GET /xingrg/dwr/engine.js HTTP/1.1" 200 43631
172.20.0.100 - - [05/Jun/2024:16:21:29 +0800] "GET /favicon.ico HTTP/1.1" 404 -
172.20.0.100 - - [05/Jun/2024:16:21:29 +0800] "POST /xingrg/all/common/load_tree.html?tree=area_rest_tree_json HTTP/1.1" 200 4010
172.20.0.100 - - [05/Jun/2024:16:21:30 +0800] "POST /xingrg/dwr/call/plaincall/AjaxBaseInfoService.getMaterielInfo.dwr HTTP/1.1" 200 588
172.20.0.100 - - [05/Jun/2024:16:21:30 +0800] "POST /xingrg/all/common/load_tree.html?tree=area_rest_tree_json&defaultRests=undefined HTTP/1.1" 200 4010
180.169.147.146 - - [05/Jun/2024:16:21:37 +0800] "GET /xingrg/all/function/internal_message.html?_=1717575695121&CODE_STATE=getMsg HTTP/1.1" 200 27
58.39.109.22 - - [05/Jun/2024:16:21:37 +0800] "GET /xingrg/all/function/internal_message.html?_=1717575697532&CODE_STATE=getMsg HTTP/1.1" 200 27
61.165.227.88 - - [05/Jun/2024:16:21:51 +0800] "GET /xingrg/all/function/internal_message.html?_=1717575711761&CODE_STATE=getMsg HTTP/1.1" 200 27
222.70.182.146 - - [05/Jun/2024:16:22:01 +0800] "GET /xingrg/all/function/internal_message.html?_=1717575720433&CODE_STATE=getMsg HTTP/1.1" 200 27
222.64.2.11 - - [05/Jun/2024:16:22:03 +0800] "GET /xingrg/all/function/internal_message.html?_=1717575721924&CODE_STATE=getMsg HTTP/1.1" 200 27
116.238.97.31 - - [05/Jun/2024:16:22:05 +0800] "GET /favicon.ico HTTP/1.1" 404 -
116.238.97.31 - - [05/Jun/2024:16:22:10 +0800] "GET /xingrg/all/function/internal_message.html?_=1717575732293&CODE_STATE=getMsg HTTP/1.1" 200 27
172.20.0.100 - - [05/Jun/2024:16:22:12 +0800] "GET /xingrg/all/function/internal_message.html?_=1717575731305&CODE_STATE=getMsg HTTP/1.1" 200 27
180.169.147.146 - - [05/Jun/2024:16:22:21 +0800] "GET /xingrg/all/function/internal_message.html?_=1717575741052&CODE_STATE=getMsg HTTP/1.1" 200 27
180.169.147.146 - - [05/Jun/2024:16:22:37 +0800] "GET /xingrg/all/function/internal_message.html?_=1717575755122&CODE_STATE=getMsg HTTP/1.1" 200 27
58.39.109.22 - - [05/Jun/2024:16:22:37 +0800] "GET /xingrg/all/function/internal_message.html?_=1717575757519&CODE_STATE=getMsg HTTP/1.1" 200 27
172.20.0.100 - - [05/Jun/2024:16:22:38 +0800] "POST /xingrg/dwr/call/plaincall/AjaxBaseInfoService.searchMateriels.dwr HTTP/1.1" 200 509
172.20.0.100 - - [05/Jun/2024:16:22:39 +0800] "GET /xingrg/system/info/materiel_info.html?code=01022128 HTTP/1.1" 200 38673
172.20.0.100 - - [05/Jun/2024:16:22:39 +0800] "GET /xingrg/dwr/engine.js HTTP/1.1" 200 43631
172.20.0.100 - - [05/Jun/2024:16:22:40 +0800] "GET /favicon.ico HTTP/1.1" 404 -
172.20.0.100 - - [05/Jun/2024:16:22:40 +0800] "POST /xingrg/all/common/load_tree.html?tree=area_rest_tree_json HTTP/1.1" 200 4010
172.20.0.100 - - [05/Jun/2024:16:22:40 +0800] "POST /xingrg/dwr/call/plaincall/AjaxBaseInfoService.getMaterielInfo.dwr HTTP/1.1" 200 609
172.20.0.100 - - [05/Jun/2024:16:22:41 +0800] "POST /xingrg/all/common/load_tree.html?tree=area_rest_tree_json&defaultRests=undefined HTTP/1.1" 200 4010
61.165.227.88 - - [05/Jun/2024:16:22:51 +0800] "GET /xingrg/all/function/internal_message.html?_=1717575771750&CODE_STATE=getMsg HTTP/1.1" 200 27
222.64.2.11 - - [05/Jun/2024:16:22:52 +0800] "GET /xingrg/check_reg.html?_=1717575772337 HTTP/1.1" 302 -
172.20.0.100 - - [05/Jun/2024:16:22:55 +0800] "POST /xingrg/dwr/call/plaincall/AjaxBaseInfoService.searchMateriels.dwr HTTP/1.1" 200 314
172.20.0.100 - - [05/Jun/2024:16:22:57 +0800] "GET /xingrg/system/info/materiel_info.html?code=01044044 HTTP/1.1" 200 38673
172.20.0.100 - - [05/Jun/2024:16:22:57 +0800] "GET /xingrg/dwr/engine.js HTTP/1.1" 200 43631
172.20.0.100 - - [05/Jun/2024:16:22:57 +0800] "GET /favicon.ico HTTP/1.1" 404 -
172.20.0.100 - - [05/Jun/2024:16:22:57 +0800] "POST /xingrg/all/common/load_tree.html?tree=area_rest_tree_json HTTP/1.1" 200 4010
172.20.0.100 - - [05/Jun/2024:16:22:58 +0800] "POST /xingrg/dwr/call/plaincall/AjaxBaseInfoService.getMaterielInfo.dwr HTTP/1.1" 200 588
172.20.0.100 - - [05/Jun/2024:16:22:58 +0800] "POST /xingrg/all/common/load_tree.html?tree=area_rest_tree_json&defaultRests=undefined HTTP/1.1" 200 4010
222.70.182.146 - - [05/Jun/2024:16:23:02 +0800] "GET /xingrg/all/function/internal_message.html?_=1717575781436&CODE_STATE=getMsg HTTP/1.1" 200 27
180.156.239.18 - - [05/Jun/2024:16:23:03 +0800] "GET /xingrg/check_reg.html?_=1717575783519 HTTP/1.1" 302 -
222.64.2.11 - - [05/Jun/2024:16:23:03 +0800] "GET /xingrg/all/function/internal_message.html?_=1717575781924&CODE_STATE=getMsg HTTP/1.1" 200 27
116.238.97.31 - - [05/Jun/2024:16:23:10 +0800] "GET /xingrg/all/function/internal_message.html?_=1717575792264&CODE_STATE=getMsg HTTP/1.1" 200 27
172.20.0.100 - - [05/Jun/2024:16:23:12 +0800] "GET /xingrg/check_reg.html?_=1717575791244 HTTP/1.1" 200 22
172.20.0.100 - - [05/Jun/2024:16:23:12 +0800] "GET /xingrg/all/function/internal_message.html?_=1717575791280&CODE_STATE=getMsg HTTP/1.1" 200 27
116.238.97.31 - - [05/Jun/2024:16:23:20 +0800] "GET /xingrg/check_reg.html?_=1717575802139 HTTP/1.1" 200 22
180.169.147.146 - - [05/Jun/2024:16:23:21 +0800] "GET /xingrg/all/function/internal_message.html?_=1717575801039&CODE_STATE=getMsg HTTP/1.1" 200 27
180.169.147.146 - - [05/Jun/2024:16:23:37 +0800] "GET /xingrg/check_reg.html?_=1717575815122 HTTP/1.1" 200 22
180.169.147.146 - - [05/Jun/2024:16:23:37 +0800] "GET /xingrg/all/function/internal_message.html?_=1717575815126&CODE_STATE=getMsg HTTP/1.1" 200 27
58.39.109.22 - - [05/Jun/2024:16:23:37 +0800] "GET /xingrg/all/function/internal_message.html?_=1717575817519&CODE_STATE=getMsg HTTP/1.1" 200 27
61.165.227.88 - - [05/Jun/2024:16:23:51 +0800] "GET /xingrg/all/function/internal_message.html?_=1717575831742&CODE_STATE=getMsg HTTP/1.1" 200 27
222.70.182.146 - - [05/Jun/2024:16:24:03 +0800] "GET /xingrg/all/function/internal_message.html?_=1717575842438&CODE_STATE=getMsg HTTP/1.1" 200 27
222.70.182.146 - - [05/Jun/2024:16:24:03 +0800] "GET /xingrg/check_reg.html?_=1717575842438 HTTP/1.1" 200 22
222.64.2.11 - - [05/Jun/2024:16:24:03 +0800] "GET /xingrg/all/function/internal_message.html?_=1717575841923&CODE_STATE=getMsg HTTP/1.1" 200 27
222.64.2.11 - - [05/Jun/2024:16:24:03 +0800] "GET /xingrg/check_reg.html?_=1717575841926 HTTP/1.1" 200 22
116.238.97.31 - - [05/Jun/2024:16:24:10 +0800] "GET /xingrg/all/function/internal_message.html?_=1717575852249&CODE_STATE=getMsg HTTP/1.1" 200 27
172.20.0.100 - - [05/Jun/2024:16:24:12 +0800] "GET /xingrg/all/function/internal_message.html?_=1717575851262&CODE_STATE=getMsg HTTP/1.1" 200 27
180.169.147.146 - - [05/Jun/2024:16:24:21 +0800] "GET /xingrg/all/function/internal_message.html?_=1717575861029&CODE_STATE=getMsg HTTP/1.1" 200 27
172.20.0.100 - - [05/Jun/2024:16:24:33 +0800] "POST /xingrg/dwr/call/plaincall/AjaxBaseInfoService.searchMateriels.dwr HTTP/1.1" 200 346
172.20.0.100 - - [05/Jun/2024:16:24:35 +0800] "GET /xingrg/system/info/materiel_info.html?code=01040129 HTTP/1.1" 200 38673
172.20.0.100 - - [05/Jun/2024:16:24:35 +0800] "GET /xingrg/dwr/engine.js HTTP/1.1" 200 43631
172.20.0.100 - - [05/Jun/2024:16:24:35 +0800] "GET /favicon.ico HTTP/1.1" 404 -
172.20.0.100 - - [05/Jun/2024:16:24:35 +0800] "POST /xingrg/all/common/load_tree.html?tree=area_rest_tree_json HTTP/1.1" 200 4010
172.20.0.100 - - [05/Jun/2024:16:24:36 +0800] "POST /xingrg/dwr/call/plaincall/AjaxBaseInfoService.getMaterielInfo.dwr HTTP/1.1" 200 628
172.20.0.100 - - [05/Jun/2024:16:24:36 +0800] "POST /xingrg/all/common/load_tree.html?tree=area_rest_tree_json&defaultRests=undefined HTTP/1.1" 200 4010
180.169.147.146 - - [05/Jun/2024:16:24:37 +0800] "GET /xingrg/all/function/internal_message.html?_=1717575875125&CODE_STATE=getMsg HTTP/1.1" 200 27
58.39.109.22 - - [05/Jun/2024:16:24:37 +0800] "GET /xingrg/all/function/internal_message.html?_=1717575877512&CODE_STATE=getMsg HTTP/1.1" 200 27
61.165.227.88 - - [05/Jun/2024:16:24:51 +0800] "GET /xingrg/all/function/internal_message.html?_=1717575891754&CODE_STATE=getMsg HTTP/1.1" 200 27
180.169.147.146 - - [05/Jun/2024:16:24:57 +0800] "GET /xingrg/check_reg.html?_=1717575896899 HTTP/1.1" 200 22
180.164.6.225 - - [05/Jun/2024:16:24:59 +0800] "GET /xingrg/check_reg.html?_=1717575899457 HTTP/1.1" 302 -
172.20.0.100 - - [05/Jun/2024:16:25:02 +0800] "POST /xingrg/dwr/call/plaincall/AjaxBaseInfoService.searchMateriels.dwr HTTP/1.1" 200 344
222.64.2.11 - - [05/Jun/2024:16:25:03 +0800] "GET /xingrg/all/function/internal_message.html?_=1717575901952&CODE_STATE=getMsg HTTP/1.1" 200 27
222.70.182.146 - - [05/Jun/2024:16:25:04 +0800] "GET /xingrg/all/function/internal_message.html?_=1717575903433&CODE_STATE=getMsg HTTP/1.1" 200 27
172.20.0.100 - - [05/Jun/2024:16:25:05 +0800] "POST /xingrg/dwr/call/plaincall/AjaxBaseInfoService.searchMateriels.dwr HTTP/1.1" 200 344
116.238.97.31 - - [05/Jun/2024:16:25:10 +0800] "GET /xingrg/all/function/internal_message.html?_=1717575912234&CODE_STATE=getMsg HTTP/1.1" 200 27
172.20.0.100 - - [05/Jun/2024:16:25:12 +0800] "GET /xingrg/all/function/internal_message.html?_=1717575911259&CODE_STATE=getMsg HTTP/1.1" 200 27
180.169.147.146 - - [05/Jun/2024:16:25:17 +0800] "POST /xingrg/all/user/operate.html HTTP/1.1" 200 36
180.169.147.146 - - [05/Jun/2024:16:25:18 +0800] "GET /xingrg/index.html?sysBaseUrl=http%3A%2F%2F180.169.147.146%3A18081%2Fxingrg%2F&costTime=31×tamp=1717571613010 HTTP/1.1" 200 17503
180.169.147.146 - - [05/Jun/2024:16:25:18 +0800] "GET /xingrg/javascript/jquery_easy_ui/themes/default/easyui.css HTTP/1.1" 304 -
180.169.147.146 - - [05/Jun/2024:16:25:18 +0800] "GET /xingrg/javascript/jquery_easy_ui/themes/icon.css HTTP/1.1" 304 -
180.169.147.146 - - [05/Jun/2024:16:25:18 +0800] "GET /xingrg/css/form.css HTTP/1.1" 304 -
180.169.147.146 - - [05/Jun/2024:16:25:18 +0800] "GET /xingrg/javascript/jquery-1.4.2.min.js HTTP/1.1" 304 -
180.169.147.146 - - [05/Jun/2024:16:25:18 +0800] "GET /xingrg/javascript/jquery_easy_ui/jquery.easyui.min.js HTTP/1.1" 304 -
180.169.147.146 - - [05/Jun/2024:16:25:18 +0800] "GET /xingrg/javascript/jquery_easy_ui/easyui-lang-zh_CN.js HTTP/1.1" 304 -
180.169.147.146 - - [05/Jun/2024:16:25:18 +0800] "GET /xingrg/javascript/jquery.form.js HTTP/1.1" 304 -
180.169.147.146 - - [05/Jun/2024:16:25:18 +0800] "GET /xingrg/javascript/jquery.utils.js HTTP/1.1" 304 -
180.169.147.146 - - [05/Jun/2024:16:25:18 +0800] "GET /xingrg/javascript/jquery.timers.js HTTP/1.1" 304 -
180.169.147.146 - - [05/Jun/2024:16:25:18 +0800] "GET /xingrg/images/blue/jxLogo.png HTTP/1.1" 304 -
180.169.147.146 - - [05/Jun/2024:16:25:18 +0800] "GET /xingrg/javascript/jquery_easy_ui/themes/icons/settle_new.png HTTP/1.1" 304 -
180.169.147.146 - - [05/Jun/2024:16:25:18 +0800] "GET /xingrg/images/blue/navBackgound.jpg HTTP/1.1" 304 -
180.169.147.146 - - [05/Jun/2024:16:25:18 +0800] "GET /xingrg/all/function/internal_message.html?_=1717575918260&CODE_STATE=count HTTP/1.1" 200 11
180.169.147.146 - - [05/Jun/2024:16:25:18 +0800] "GET /xingrg/check_reg.html?_=1717575918261 HTTP/1.1" 200 22
180.169.147.146 - - [05/Jun/2024:16:25:18 +0800] "GET /xingrg/javascript/jquery_easy_ui/themes/default/images/panel_tool_collapse.gif HTTP/1.1" 304 -
180.169.147.146 - - [05/Jun/2024:16:25:18 +0800] "GET /xingrg/images/blue/pingpu.png HTTP/1.1" 304 -
180.169.147.146 - - [05/Jun/2024:16:25:18 +0800] "GET /xingrg/javascript/jquery_easy_ui/themes/default/images/panel_tool_expand.gif HTTP/1.1" 304 -
180.169.147.146 - - [05/Jun/2024:16:25:18 +0800] "GET /xingrg/javascript/jquery_easy_ui/themes/default/images/tabs_leftarrow.png HTTP/1.1" 304 -
180.169.147.146 - - [05/Jun/2024:16:25:18 +0800] "GET /xingrg/javascript/jquery_easy_ui/themes/default/images/tabs_rightarrow.png HTTP/1.1" 304 -
180.169.147.146 - - [05/Jun/2024:16:25:18 +0800] "POST /xingrg/all/common/load_tree.html?tree=area_rest_tree_json&manage=1 HTTP/1.1" 200 4010
180.169.147.146 - - [05/Jun/2024:16:25:18 +0800] "POST /xingrg/load_menu.html HTTP/1.1" 200 11564
180.169.147.146 - - [05/Jun/2024:16:25:19 +0800] "GET /xingrg/kc/report/report_main.html HTTP/1.1" 200 8599
180.169.147.146 - - [05/Jun/2024:16:25:21 +0800] "GET /xingrg/all/report/report_query.html?fileName=kc/buy/gys_amount_base_rest.xml HTTP/1.1" 200 51664
180.169.147.146 - - [05/Jun/2024:16:25:21 +0800] "GET /xingrg/dwr/interface/AjaxReportQueryService.js HTTP/1.1" 200 13203
180.169.147.146 - - [05/Jun/2024:16:25:21 +0800] "GET /xingrg/dwr/engine.js HTTP/1.1" 200 43631
180.169.147.146 - - [05/Jun/2024:16:25:21 +0800] "GET /xingrg/dwr/util.js HTTP/1.1" 304 -
180.169.147.146 - - [05/Jun/2024:16:25:21 +0800] "POST /xingrg/dwr/call/plaincall/AjaxReportQueryService.getFixDate.dwr HTTP/1.1" 200 111
180.169.147.146 - - [05/Jun/2024:16:25:21 +0800] "POST /xingrg/all/common/load_tree.html?tree=area_rest_tree_json&manage=1 HTTP/1.1" 200 4010
180.169.147.146 - - [05/Jun/2024:16:25:22 +0800] "POST /xingrg/all/common/load_tree.html?tree=supplier_tree_json&manage=1 HTTP/1.1" 200 82736
180.169.147.146 - - [05/Jun/2024:16:25:37 +0800] "GET /xingrg/all/function/internal_message.html?_=1717575935126&CODE_STATE=getMsg HTTP/1.1" 200 27
58.39.109.22 - - [05/Jun/2024:16:25:37 +0800] "GET /xingrg/all/function/internal_message.html?_=1717575937526&CODE_STATE=getMsg HTTP/1.1" 200 27
58.39.109.22 - - [05/Jun/2024:16:25:37 +0800] "GET /xingrg/check_reg.html?_=1717575937528 HTTP/1.1" 200 22
61.165.227.88 - - [05/Jun/2024:16:25:51 +0800] "GET /xingrg/all/function/internal_message.html?_=1717575951747&CODE_STATE=getMsg HTTP/1.1" 200 27
61.165.227.88 - - [05/Jun/2024:16:25:51 +0800] "GET /xingrg/check_reg.html?_=1717575951749 HTTP/1.1" 200 22
172.20.0.100 - - [05/Jun/2024:16:25:52 +0800] "POST /xingrg/dwr/call/plaincall/AjaxBaseInfoService.searchMateriels.dwr HTTP/1.1" 200 332
172.20.0.100 - - [05/Jun/2024:16:25:54 +0800] "GET /xingrg/system/info/materiel_info.html?code=01029113 HTTP/1.1" 200 38673
172.20.0.100 - - [05/Jun/2024:16:25:54 +0800] "GET /xingrg/dwr/engine.js HTTP/1.1" 200 43631
172.20.0.100 - - [05/Jun/2024:16:25:54 +0800] "GET /favicon.ico HTTP/1.1" 404 -
172.20.0.100 - - [05/Jun/2024:16:25:54 +0800] "POST /xingrg/all/common/load_tree.html?tree=area_rest_tree_json HTTP/1.1" 200 4010
172.20.0.100 - - [05/Jun/2024:16:25:54 +0800] "POST /xingrg/dwr/call/plaincall/AjaxBaseInfoService.getMaterielInfo.dwr HTTP/1.1" 200 584
172.20.0.100 - - [05/Jun/2024:16:25:55 +0800] "POST /xingrg/all/common/load_tree.html?tree=area_rest_tree_json&defaultRests=undefined HTTP/1.1" 200 4010
180.169.147.146 - - [05/Jun/2024:16:25:57 +0800] "POST /xingrg/dwr/call/plaincall/AjaxReportQueryService.refreshCache.dwr HTTP/1.1" 200 78
180.169.147.146 - - [05/Jun/2024:16:26:00 +0800] "POST /xingrg/all/report/load_report_page.html HTTP/1.1" 200 57612
180.169.147.146 - - [05/Jun/2024:16:26:00 +0800] "GET /xingrg/servlets/image?cache=0.14188616727877867&image=px HTTP/1.1" 200 807
222.64.2.11 - - [05/Jun/2024:16:26:03 +0800] "GET /xingrg/all/function/internal_message.html?_=1717575961951&CODE_STATE=getMsg HTTP/1.1" 200 27
222.70.182.146 - - [05/Jun/2024:16:26:05 +0800] "GET /xingrg/all/function/internal_message.html?_=1717575964435&CODE_STATE=getMsg HTTP/1.1" 200 27
116.238.97.31 - - [05/Jun/2024:16:26:10 +0800] "GET /xingrg/all/function/internal_message.html?_=1717575972220&CODE_STATE=getMsg HTTP/1.1" 200 27
172.20.0.100 - - [05/Jun/2024:16:26:12 +0800] "GET /xingrg/all/function/internal_message.html?_=1717575971255&CODE_STATE=getMsg HTTP/1.1" 200 27
180.169.147.146 - - [05/Jun/2024:16:26:18 +0800] "GET /xingrg/all/function/internal_message.html?_=1717575978278&CODE_STATE=getMsg HTTP/1.1" 200 27
180.169.147.146 - - [05/Jun/2024:16:26:23 +0800] "POST /xingrg/all/report/report_print.html HTTP/1.1" 200 7680
180.169.147.146 - - [05/Jun/2024:16:26:23 +0800] "GET /favicon.ico HTTP/1.1" 404 -
180.169.147.146 - - [05/Jun/2024:16:26:37 +0800] "GET /xingrg/all/function/internal_message.html?_=1717575995125&CODE_STATE=getMsg HTTP/1.1" 200 27
58.39.109.22 - - [05/Jun/2024:16:26:37 +0800] "GET /xingrg/all/function/internal_message.html?_=1717575997521&CODE_STATE=getMsg HTTP/1.1" 200 27
61.165.227.88 - - [05/Jun/2024:16:26:51 +0800] "GET /xingrg/all/function/internal_message.html?_=1717576011761&CODE_STATE=getMsg HTTP/1.1" 200 27
222.64.2.11 - - [05/Jun/2024:16:27:03 +0800] "GET /xingrg/all/function/internal_message.html?_=1717576021949&CODE_STATE=getMsg HTTP/1.1" 200 27
222.70.182.146 - - [05/Jun/2024:16:27:06 +0800] "GET /xingrg/all/function/internal_message.html?_=1717576025434&CODE_STATE=getMsg HTTP/1.1" 200 27
101.83.144.49 - - [05/Jun/2024:16:27:08 +0800] "POST /xingrg/services/DataTransmitService HTTP/1.1" 200 524
116.238.97.31 - - [05/Jun/2024:16:27:10 +0800] "GET /xingrg/all/function/internal_message.html?_=1717576032190&CODE_STATE=getMsg HTTP/1.1" 200 27
101.83.144.49 - - [05/Jun/2024:16:27:12 +0800] "POST /xingrg/services/DataTransmitService HTTP/1.1" 200 501
172.20.0.100 - - [05/Jun/2024:16:27:12 +0800] "GET /xingrg/all/function/internal_message.html?_=1717576031254&CODE_STATE=getMsg HTTP/1.1" 200 27
101.83.144.49 - - [05/Jun/2024:16:27:12 +0800] "POST /xingrg/services/DataTransmitService HTTP/1.1" 200 501
101.83.144.49 - - [05/Jun/2024:16:27:14 +0800] "POST /xingrg/services/DataTransmitService HTTP/1.1" 200 501
172.20.0.100 - - [05/Jun/2024:16:27:15 +0800] "POST /xingrg/dwr/call/plaincall/AjaxBaseInfoService.searchMateriels.dwr HTTP/1.1" 200 499
101.83.144.49 - - [05/Jun/2024:16:27:17 +0800] "POST /xingrg/services/DataTransmitService HTTP/1.1" 200 501
101.83.144.49 - - [05/Jun/2024:16:27:17 +0800] "POST /xingrg/services/DataTransmitService HTTP/1.1" 200 501
172.20.0.100 - - [05/Jun/2024:16:27:17 +0800] "GET /xingrg/system/info/materiel_info.html?code=01020074 HTTP/1.1" 200 38673
172.20.0.100 - - [05/Jun/2024:16:27:18 +0800] "GET /xingrg/dwr/engine.js HTTP/1.1" 200 43631
172.20.0.100 - - [05/Jun/2024:16:27:18 +0800] "GET /favicon.ico HTTP/1.1" 404 -
180.169.147.146 - - [05/Jun/2024:16:27:18 +0800] "GET /xingrg/all/function/internal_message.html?_=1717576038278&CODE_STATE=getMsg HTTP/1.1" 200 27
172.20.0.100 - - [05/Jun/2024:16:27:18 +0800] "POST /xingrg/all/common/load_tree.html?tree=area_rest_tree_json HTTP/1.1" 200 4010
172.20.0.100 - - [05/Jun/2024:16:27:19 +0800] "POST /xingrg/dwr/call/plaincall/AjaxBaseInfoService.getMaterielInfo.dwr HTTP/1.1" 200 587
172.20.0.100 - - [05/Jun/2024:16:27:19 +0800] "POST /xingrg/all/common/load_tree.html?tree=area_rest_tree_json&defaultRests=undefined HTTP/1.1" 200 4010
101.83.144.49 - - [05/Jun/2024:16:27:19 +0800] "POST /xingrg/services/DataTransmitService HTTP/1.1" 200 501
101.83.144.49 - - [05/Jun/2024:16:27:19 +0800] "POST /xingrg/services/DataTransmitService HTTP/1.1" 200 501
101.83.144.49 - - [05/Jun/2024:16:27:20 +0800] "POST /xingrg/services/DataTransmitService HTTP/1.1" 200 501
101.83.144.49 - - [05/Jun/2024:16:27:20 +0800] "POST /xingrg/services/DataTransmitService HTTP/1.1" 200 412
180.169.147.146 - - [05/Jun/2024:16:27:37 +0800] "GET /xingrg/all/function/internal_message.html?_=1717576055126&CODE_STATE=getMsg HTTP/1.1" 200 27
58.39.109.22 - - [05/Jun/2024:16:27:37 +0800] "GET /xingrg/all/function/internal_message.html?_=1717576057512&CODE_STATE=getMsg HTTP/1.1" 200 27
61.165.227.88 - - [05/Jun/2024:16:27:51 +0800] "GET /xingrg/all/function/internal_message.html?_=1717576071763&CODE_STATE=getMsg HTTP/1.1" 200 27
222.64.2.11 - - [05/Jun/2024:16:27:52 +0800] "GET /xingrg/check_reg.html?_=1717576072350 HTTP/1.1" 302 -
180.156.239.18 - - [05/Jun/2024:16:28:01 +0800] "POST /xingrg/services/DataTransmitService HTTP/1.1" 200 524
180.156.239.18 - - [05/Jun/2024:16:28:02 +0800] "POST /xingrg/services/DataTransmitService HTTP/1.1" 200 2079
180.156.239.18 - - [05/Jun/2024:16:28:03 +0800] "POST /xingrg/services/DataTransmitService HTTP/1.1" 200 135456
180.156.239.18 - - [05/Jun/2024:16:28:03 +0800] "GET /xingrg/check_reg.html?_=1717576083505 HTTP/1.1" 302 -
222.64.2.11 - - [05/Jun/2024:16:28:03 +0800] "GET /xingrg/all/function/internal_message.html?_=1717576081948&CODE_STATE=getMsg HTTP/1.1" 200 27
222.70.182.146 - - [05/Jun/2024:16:28:07 +0800] "GET /xingrg/all/function/internal_message.html?_=1717576086432&CODE_STATE=getMsg HTTP/1.1" 200 27
116.238.97.31 - - [05/Jun/2024:16:28:10 +0800] "GET /xingrg/all/function/internal_message.html?_=1717576092175&CODE_STATE=getMsg HTTP/1.1" 200 27
172.20.0.100 - - [05/Jun/2024:16:28:12 +0800] "GET /xingrg/check_reg.html?_=1717576091247 HTTP/1.1" 200 22
172.20.0.100 - - [05/Jun/2024:16:28:12 +0800] "GET /xingrg/all/function/internal_message.html?_=1717576091250&CODE_STATE=getMsg HTTP/1.1" 200 27
180.169.147.146 - - [05/Jun/2024:16:28:18 +0800] "GET /xingrg/all/function/internal_message.html?_=1717576098284&CODE_STATE=getMsg HTTP/1.1" 200 27
116.238.97.31 - - [05/Jun/2024:16:28:20 +0800] "GET /xingrg/check_reg.html?_=1717576102117 HTTP/1.1" 200 22
180.169.147.146 - - [05/Jun/2024:16:28:37 +0800] "GET /xingrg/check_reg.html?_=1717576115126 HTTP/1.1" 200 22
180.169.147.146 - - [05/Jun/2024:16:28:37 +0800] "GET /xingrg/all/function/internal_message.html?_=1717576115128&CODE_STATE=getMsg HTTP/1.1" 200 27
58.39.109.22 - - [05/Jun/2024:16:28:37 +0800] "GET /xingrg/all/function/internal_message.html?_=1717576117527&CODE_STATE=getMsg HTTP/1.1" 200 27
61.165.227.88 - - [05/Jun/2024:16:28:51 +0800] "GET /xingrg/all/function/internal_message.html?_=1717576131755&CODE_STATE=getMsg HTTP/1.1" 200 27
222.64.2.11 - - [05/Jun/2024:16:29:03 +0800] "GET /xingrg/all/function/internal_message.html?_=1717576141947&CODE_STATE=getMsg HTTP/1.1" 200 27
222.64.2.11 - - [05/Jun/2024:16:29:03 +0800] "GET /xingrg/check_reg.html?_=1717576141948 HTTP/1.1" 200 22
222.70.182.146 - - [05/Jun/2024:16:29:08 +0800] "GET /xingrg/all/function/internal_message.html?_=1717576147439&CODE_STATE=getMsg HTTP/1.1" 200 27
222.70.182.146 - - [05/Jun/2024:16:29:08 +0800] "GET /xingrg/check_reg.html?_=1717576147451 HTTP/1.1" 200 22
116.238.97.31 - - [05/Jun/2024:16:29:10 +0800] "GET /xingrg/all/function/internal_message.html?_=1717576152148&CODE_STATE=getMsg HTTP/1.1" 200 27
172.20.0.100 - - [05/Jun/2024:16:29:12 +0800] "GET /xingrg/all/function/internal_message.html?_=1717576151251&CODE_STATE=getMsg HTTP/1.1" 200 27
180.169.147.146 - - [05/Jun/2024:16:29:18 +0800] "GET /xingrg/all/function/internal_message.html?_=1717576158281&CODE_STATE=getMsg HTTP/1.1" 200 27
180.169.147.146 - - [05/Jun/2024:16:29:37 +0800] "GET /xingrg/all/function/internal_message.html?_=1717576175113&CODE_STATE=getMsg HTTP/1.1" 200 27
58.39.109.22 - - [05/Jun/2024:16:29:37 +0800] "GET /xingrg/all/function/internal_message.html?_=1717576177513&CODE_STATE=getMsg HTTP/1.1" 200 27
58.39.109.22 - - [05/Jun/2024:16:29:41 +0800] "POST /xingrg/dwr/call/plaincall/AjaxCheckService.setItemNumber.dwr HTTP/1.1" 200 77
61.165.227.88 - - [05/Jun/2024:16:29:51 +0800] "GET /xingrg/all/function/internal_message.html?_=1717576191758&CODE_STATE=getMsg HTTP/1.1" 200 27
58.39.109.22 - - [05/Jun/2024:16:29:54 +0800] "POST /xingrg/dwr/call/plaincall/AjaxCheckService.setItemNumber.dwr HTTP/1.1" 200 77
58.39.109.22 - - [05/Jun/2024:16:29:58 +0800] "POST /xingrg/dwr/call/plaincall/AjaxCheckService.setItemNumber.dwr HTTP/1.1" 200 77
180.156.239.18 - - [05/Jun/2024:16:29:59 +0800] "POST /xingrg/services/DataTransmitService HTTP/1.1" 200 524
58.39.109.22 - - [05/Jun/2024:16:29:59 +0800] "POST /xingrg/dwr/call/plaincall/AjaxCheckService.setItemNumber.dwr HTTP/1.1" 200 77
180.164.6.225 - - [05/Jun/2024:16:29:59 +0800] "GET /xingrg/check_reg.html?_=1717576199441 HTTP/1.1" 302 -
180.156.239.18 - - [05/Jun/2024:16:30:00 +0800] "POST /xingrg/services/DataTransmitService HTTP/1.1" 200 501
180.156.239.18 - - [05/Jun/2024:16:30:00 +0800] "POST /xingrg/services/DataTransmitService HTTP/1.1" 200 501
58.39.109.22 - - [05/Jun/2024:16:30:00 +0800] "POST /xingrg/dwr/call/plaincall/AjaxCheckService.setItemNumber.dwr HTTP/1.1" 200 77
180.156.239.18 - - [05/Jun/2024:16:30:02 +0800] "POST /xingrg/services/DataTransmitService HTTP/1.1" 200 501
116.232.37.129 - - [05/Jun/2024:16:30:02 +0800] "POST /xingrg/services/DataTransmitService HTTP/1.1" 200 524
180.156.239.18 - - [05/Jun/2024:16:30:03 +0800] "POST /xingrg/services/DataTransmitService HTTP/1.1" 200 501
58.39.109.22 - - [05/Jun/2024:16:30:03 +0800] "POST /xingrg/dwr/call/plaincall/AjaxCheckService.setItemNumber.dwr HTTP/1.1" 200 77
222.64.2.11 - - [05/Jun/2024:16:30:03 +0800] "GET /xingrg/all/function/internal_message.html?_=1717576201946&CODE_STATE=getMsg HTTP/1.1" 200 27
180.156.239.18 - - [05/Jun/2024:16:30:03 +0800] "POST /xingrg/services/DataTransmitService HTTP/1.1" 200 501
180.156.239.18 - - [05/Jun/2024:16:30:05 +0800] "POST /xingrg/services/DataTransmitService HTTP/1.1" 200 501
180.156.239.18 - - [05/Jun/2024:16:30:05 +0800] "POST /xingrg/services/DataTransmitService HTTP/1.1" 200 501
180.156.239.18 - - [05/Jun/2024:16:30:05 +0800] "POST /xingrg/services/DataTransmitService HTTP/1.1" 200 501
58.39.109.22 - - [05/Jun/2024:16:30:06 +0800] "POST /xingrg/dwr/call/plaincall/AjaxCheckService.setItemNumber.dwr HTTP/1.1" 200 77
180.156.239.18 - - [05/Jun/2024:16:30:06 +0800] "POST /xingrg/services/DataTransmitService HTTP/1.1" 200 412
58.39.109.22 - - [05/Jun/2024:16:30:07 +0800] "POST /xingrg/dwr/call/plaincall/AjaxCheckService.setItemNumber.dwr HTTP/1.1" 200 77
116.232.37.129 - - [05/Jun/2024:16:30:07 +0800] "POST /xingrg/services/DataTransmitService HTTP/1.1" 200 501
116.232.37.129 - - [05/Jun/2024:16:30:08 +0800] "POST /xingrg/services/DataTransmitService HTTP/1.1" 200 501
222.70.182.146 - - [05/Jun/2024:16:30:09 +0800] "GET /xingrg/all/function/internal_message.html?_=1717576208439&CODE_STATE=getMsg HTTP/1.1" 200 27
58.39.109.22 - - [05/Jun/2024:16:30:09 +0800] "POST /xingrg/dwr/call/plaincall/AjaxCheckService.setItemNumber.dwr HTTP/1.1" 200 77
116.238.97.31 - - [05/Jun/2024:16:30:10 +0800] "GET /xingrg/all/function/internal_message.html?_=1717576212134&CODE_STATE=getMsg HTTP/1.1" 200 27
58.39.109.22 - - [05/Jun/2024:16:30:11 +0800] "POST /xingrg/dwr/call/plaincall/AjaxCheckService.setItemNumber.dwr HTTP/1.1" 200 77
116.232.37.129 - - [05/Jun/2024:16:30:11 +0800] "POST /xingrg/services/DataTransmitService HTTP/1.1" 200 501
172.20.0.100 - - [05/Jun/2024:16:30:12 +0800] "GET /xingrg/all/function/internal_message.html?_=1717576211253&CODE_STATE=getMsg HTTP/1.1" 200 27
116.232.37.129 - - [05/Jun/2024:16:30:14 +0800] "POST /xingrg/services/DataTransmitService HTTP/1.1" 200 501
116.232.37.129 - - [05/Jun/2024:16:30:15 +0800] "POST /xingrg/services/DataTransmitService HTTP/1.1" 200 501
116.232.37.129 - - [05/Jun/2024:16:30:15 +0800] "POST /xingrg/services/DataTransmitService HTTP/1.1" 200 501
116.232.37.129 - - [05/Jun/2024:16:30:16 +0800] "POST /xingrg/services/DataTransmitService HTTP/1.1" 200 501
116.232.37.129 - - [05/Jun/2024:16:30:17 +0800] "POST /xingrg/services/DataTransmitService HTTP/1.1" 200 501
116.232.37.129 - - [05/Jun/2024:16:30:17 +0800] "POST /xingrg/services/DataTransmitService HTTP/1.1" 200 501
180.169.147.146 - - [05/Jun/2024:16:30:18 +0800] "GET /xingrg/check_reg.html?_=1717576218280 HTTP/1.1" 200 22
180.169.147.146 - - [05/Jun/2024:16:30:18 +0800] "GET /xingrg/all/function/internal_message.html?_=1717576218283&CODE_STATE=getMsg HTTP/1.1" 200 27
116.232.37.129 - - [05/Jun/2024:16:30:18 +0800] "POST /xingrg/services/DataTransmitService HTTP/1.1" 200 501
116.232.37.129 - - [05/Jun/2024:16:30:18 +0800] "POST /xingrg/services/DataTransmitService HTTP/1.1" 200 412
58.39.109.22 - - [05/Jun/2024:16:30:19 +0800] "POST /xingrg/dwr/call/plaincall/AjaxCheckService.setItemNumber.dwr HTTP/1.1" 200 77
58.39.109.22 - - [05/Jun/2024:16:30:21 +0800] "POST /xingrg/dwr/call/plaincall/AjaxCheckService.setItemNumber.dwr HTTP/1.1" 200 77
58.39.109.22 - - [05/Jun/2024:16:30:25 +0800] "POST /xingrg/dwr/call/plaincall/AjaxCheckService.setItemNumber.dwr HTTP/1.1" 200 77
58.39.109.22 - - [05/Jun/2024:16:30:28 +0800] "POST /xingrg/dwr/call/plaincall/AjaxCheckService.setItemNumber.dwr HTTP/1.1" 200 77
58.39.109.22 - - [05/Jun/2024:16:30:33 +0800] "POST /xingrg/dwr/call/plaincall/AjaxCheckService.setItemNumber.dwr HTTP/1.1" 200 77
180.169.147.146 - - [05/Jun/2024:16:30:37 +0800] "GET /xingrg/all/function/internal_message.html?_=1717576235139&CODE_STATE=getMsg HTTP/1.1" 200 27
58.39.109.22 - - [05/Jun/2024:16:30:37 +0800] "GET /xingrg/all/function/internal_message.html?_=1717576237519&CODE_STATE=getMsg HTTP/1.1" 200 27
58.39.109.22 - - [05/Jun/2024:16:30:37 +0800] "GET /xingrg/check_reg.html?_=1717576237522 HTTP/1.1" 200 22
61.165.227.88 - - [05/Jun/2024:16:30:51 +0800] "GET /xingrg/check_reg.html?_=1717576251757 HTTP/1.1" 200 22
61.165.227.88 - - [05/Jun/2024:16:30:51 +0800] "GET /xingrg/all/function/internal_message.html?_=1717576251761&CODE_STATE=getMsg HTTP/1.1" 200 27
222.70.182.146 - - [05/Jun/2024:16:31:01 +0800] "GET /xingrg/all/function/internal_message.html?_=1717576260431&CODE_STATE=getMsg HTTP/1.1" 200 27
222.64.2.11 - - [05/Jun/2024:16:31:03 +0800] "GET /xingrg/all/function/internal_message.html?_=1717576261945&CODE_STATE=getMsg HTTP/1.1" 200 27
116.238.97.31 - - [05/Jun/2024:16:31:10 +0800] "GET /xingrg/all/function/internal_message.html?_=1717576272120&CODE_STATE=getMsg HTTP/1.1" 200 27
172.20.0.100 - - [05/Jun/2024:16:31:12 +0800] "GET /xingrg/all/function/internal_message.html?_=1717576271243&CODE_STATE=getMsg HTTP/1.1" 200 27
180.169.147.146 - - [05/Jun/2024:16:31:18 +0800] "GET /xingrg/all/function/internal_message.html?_=1717576278275&CODE_STATE=getMsg HTTP/1.1" 200 27
180.169.147.146 - - [05/Jun/2024:16:31:37 +0800] "GET /xingrg/all/function/internal_message.html?_=1717576295153&CODE_STATE=getMsg HTTP/1.1" 200 27
58.39.109.22 - - [05/Jun/2024:16:31:37 +0800] "GET /xingrg/all/function/internal_message.html?_=1717576297512&CODE_STATE=getMsg HTTP/1.1" 200 27
61.165.227.88 - - [05/Jun/2024:16:31:51 +0800] "GET /xingrg/all/function/internal_message.html?_=1717576311756&CODE_STATE=getMsg HTTP/1.1" 200 27
222.70.182.146 - - [05/Jun/2024:16:32:01 +0800] "GET /xingrg/all/function/internal_message.html?_=1717576320431&CODE_STATE=getMsg HTTP/1.1" 200 27
222.64.2.11 - - [05/Jun/2024:16:32:03 +0800] "GET /xingrg/all/function/internal_message.html?_=1717576321946&CODE_STATE=getMsg HTTP/1.1" 200 27
116.238.97.31 - - [05/Jun/2024:16:32:10 +0800] "GET /xingrg/all/function/internal_message.html?_=1717576332105&CODE_STATE=getMsg HTTP/1.1" 200 27
172.20.0.100 - - [05/Jun/2024:16:32:12 +0800] "GET /xingrg/all/function/internal_message.html?_=1717576331246&CODE_STATE=getMsg HTTP/1.1" 200 27
222.70.244.42 - - [05/Jun/2024:16:32:14 +0800] "POST /xingrg/services/DataTransmitService HTTP/1.1" 200 524
180.169.147.146 - - [05/Jun/2024:16:32:18 +0800] "GET /xingrg/all/function/internal_message.html?_=1717576338280&CODE_STATE=getMsg HTTP/1.1" 200 27
180.169.147.146 - - [05/Jun/2024:16:32:37 +0800] "GET /xingrg/all/function/internal_message.html?_=1717576355138&CODE_STATE=getMsg HTTP/1.1" 200 27
58.39.109.22 - - [05/Jun/2024:16:32:37 +0800] "GET /xingrg/all/function/internal_message.html?_=1717576357518&CODE_STATE=getMsg HTTP/1.1" 200 27
58.39.109.22 - - [05/Jun/2024:16:32:51 +0800] "POST /xingrg/dwr/call/plaincall/AjaxCheckService.setItemNumber.dwr HTTP/1.1" 200 77
61.165.227.88 - - [05/Jun/2024:16:32:51 +0800] "GET /xingrg/all/function/internal_message.html?_=1717576371754&CODE_STATE=getMsg HTTP/1.1" 200 27
222.64.2.11 - - [05/Jun/2024:16:32:52 +0800] "GET /xingrg/check_reg.html?_=1717576372344 HTTP/1.1" 302 -
58.39.109.22 - - [05/Jun/2024:16:32:55 +0800] "POST /xingrg/dwr/call/plaincall/AjaxCheckService.setItemNumber.dwr HTTP/1.1" 200 77
58.39.109.22 - - [05/Jun/2024:16:32:57 +0800] "POST /xingrg/dwr/call/plaincall/AjaxCheckService.setItemNumber.dwr HTTP/1.1" 200 77
58.39.109.22 - - [05/Jun/2024:16:32:58 +0800] "POST /xingrg/dwr/call/plaincall/AjaxCheckService.setItemNumber.dwr HTTP/1.1" 200 77
58.39.109.22 - - [05/Jun/2024:16:32:58 +0800] "POST /xingrg/dwr/call/plaincall/AjaxCheckService.setItemNumber.dwr HTTP/1.1" 200 77
222.70.182.146 - - [05/Jun/2024:16:33:01 +0800] "GET /xingrg/all/function/internal_message.html?_=1717576380437&CODE_STATE=getMsg HTTP/1.1" 200 27
58.39.109.22 - - [05/Jun/2024:16:33:02 +0800] "POST /xingrg/dwr/call/plaincall/AjaxCheckService.setItemNumber.dwr HTTP/1.1" 200 77
180.156.239.18 - - [05/Jun/2024:16:33:03 +0800] "GET /xingrg/check_reg.html?_=1717576383486 HTTP/1.1" 302 -
222.64.2.11 - - [05/Jun/2024:16:33:03 +0800] "GET /xingrg/all/function/internal_message.html?_=1717576381946&CODE_STATE=getMsg HTTP/1.1" 200 27
58.39.109.22 - - [05/Jun/2024:16:33:03 +0800] "POST /xingrg/dwr/call/plaincall/AjaxCheckService.setItemNumber.dwr HTTP/1.1" 200 77
116.237.79.188 - - [05/Jun/2024:16:33:04 +0800] "POST /xingrg/services/DataTransmitService HTTP/1.1" 200 524
58.39.109.22 - - [05/Jun/2024:16:33:05 +0800] "POST /xingrg/dwr/call/plaincall/AjaxCheckService.setItemNumber.dwr HTTP/1.1" 200 77
58.39.109.22 - - [05/Jun/2024:16:33:06 +0800] "POST /xingrg/dwr/call/plaincall/AjaxCheckService.setItemNumber.dwr HTTP/1.1" 200 77
58.39.109.22 - - [05/Jun/2024:16:33:07 +0800] "POST /xingrg/dwr/call/plaincall/AjaxCheckService.setItemNumber.dwr HTTP/1.1" 200 77
58.39.109.22 - - [05/Jun/2024:16:33:09 +0800] "POST /xingrg/dwr/call/plaincall/AjaxCheckService.setItemNumber.dwr HTTP/1.1" 200 77
116.238.97.31 - - [05/Jun/2024:16:33:10 +0800] "GET /xingrg/all/function/internal_message.html?_=1717576392076&CODE_STATE=getMsg HTTP/1.1" 200 27
58.39.109.22 - - [05/Jun/2024:16:33:11 +0800] "POST /xingrg/dwr/call/plaincall/AjaxCheckService.setItemNumber.dwr HTTP/1.1" 200 77
172.20.0.100 - - [05/Jun/2024:16:33:12 +0800] "GET /xingrg/all/function/internal_message.html?_=1717576391249&CODE_STATE=getMsg HTTP/1.1" 200 27
172.20.0.100 - - [05/Jun/2024:16:33:12 +0800] "GET /xingrg/check_reg.html?_=1717576391251 HTTP/1.1" 200 22
116.237.79.188 - - [05/Jun/2024:16:33:13 +0800] "POST /xingrg/services/DataTransmitService HTTP/1.1" 200 501
116.237.79.188 - - [05/Jun/2024:16:33:14 +0800] "POST /xingrg/services/DataTransmitService HTTP/1.1" 200 501
58.39.109.22 - - [05/Jun/2024:16:33:14 +0800] "POST /xingrg/dwr/call/plaincall/AjaxCheckService.setItemNumber.dwr HTTP/1.1" 200 77
58.39.109.22 - - [05/Jun/2024:16:33:17 +0800] "POST /xingrg/dwr/call/plaincall/AjaxCheckService.setItemNumber.dwr HTTP/1.1" 200 77
180.169.147.146 - - [05/Jun/2024:16:33:18 +0800] "GET /xingrg/all/function/internal_message.html?_=1717576398284&CODE_STATE=getMsg HTTP/1.1" 200 27
58.39.109.22 - - [05/Jun/2024:16:33:18 +0800] "POST /xingrg/dwr/call/plaincall/AjaxCheckService.setItemNumber.dwr HTTP/1.1" 200 77
116.237.79.188 - - [05/Jun/2024:16:33:19 +0800] "POST /xingrg/services/DataTransmitService HTTP/1.1" 200 501
116.238.97.31 - - [05/Jun/2024:16:33:20 +0800] "GET /xingrg/check_reg.html?_=1717576402090 HTTP/1.1" 200 22
58.39.109.22 - - [05/Jun/2024:16:33:20 +0800] "POST /xingrg/dwr/call/plaincall/AjaxCheckService.setItemNumber.dwr HTTP/1.1" 200 77
58.39.109.22 - - [05/Jun/2024:16:33:21 +0800] "POST /xingrg/dwr/call/plaincall/AjaxCheckService.setItemNumber.dwr HTTP/1.1" 200 77
58.39.109.22 - - [05/Jun/2024:16:33:21 +0800] "POST /xingrg/dwr/call/plaincall/AjaxCheckService.setItemNumber.dwr HTTP/1.1" 200 77
116.237.79.188 - - [05/Jun/2024:16:33:25 +0800] "POST /xingrg/services/DataTransmitService HTTP/1.1" 200 501
116.237.79.188 - - [05/Jun/2024:16:33:26 +0800] "POST /xingrg/services/DataTransmitService HTTP/1.1" 200 501
116.237.79.188 - - [05/Jun/2024:16:33:26 +0800] "POST /xingrg/services/DataTransmitService HTTP/1.1" 200 501
58.39.109.22 - - [05/Jun/2024:16:33:27 +0800] "POST /xingrg/dwr/call/plaincall/AjaxCheckService.setItemNumber.dwr HTTP/1.1" 200 77
116.237.79.188 - - [05/Jun/2024:16:33:29 +0800] "POST /xingrg/services/DataTransmitService HTTP/1.1" 200 501
116.237.79.188 - - [05/Jun/2024:16:33:30 +0800] "POST /xingrg/services/DataTransmitService HTTP/1.1" 200 501
116.237.79.188 - - [05/Jun/2024:16:33:30 +0800] "POST /xingrg/services/DataTransmitService HTTP/1.1" 200 501
116.237.79.188 - - [05/Jun/2024:16:33:31 +0800] "POST /xingrg/services/DataTransmitService HTTP/1.1" 200 412
58.39.109.22 - - [05/Jun/2024:16:33:35 +0800] "POST /xingrg/dwr/call/plaincall/AjaxCheckService.setItemNumber.dwr HTTP/1.1" 200 77
180.169.147.146 - - [05/Jun/2024:16:33:37 +0800] "GET /xingrg/check_reg.html?_=1717576415141 HTTP/1.1" 200 22
180.169.147.146 - - [05/Jun/2024:16:33:37 +0800] "GET /xingrg/all/function/internal_message.html?_=1717576415139&CODE_STATE=getMsg HTTP/1.1" 200 27
58.39.109.22 - - [05/Jun/2024:16:33:37 +0800] "GET /xingrg/all/function/internal_message.html?_=1717576417512&CODE_STATE=getMsg HTTP/1.1" 200 27
58.39.109.22 - - [05/Jun/2024:16:33:40 +0800] "POST /xingrg/dwr/call/plaincall/AjaxCheckService.setItemNumber.dwr HTTP/1.1" 200 77
58.39.109.22 - - [05/Jun/2024:16:33:47 +0800] "POST /xingrg/dwr/call/plaincall/AjaxCheckService.setItemNumber.dwr HTTP/1.1" 200 77
61.165.227.88 - - [05/Jun/2024:16:33:51 +0800] "GET /xingrg/all/function/internal_message.html?_=1717576431752&CODE_STATE=getMsg HTTP/1.1" 200 27
58.39.109.22 - - [05/Jun/2024:16:33:53 +0800] "POST /xingrg/dwr/call/plaincall/AjaxCheckService.setItemNumber.dwr HTTP/1.1" 200 77
58.39.109.22 - - [05/Jun/2024:16:33:55 +0800] "POST /xingrg/dwr/call/plaincall/AjaxCheckService.setItemNumber.dwr HTTP/1.1" 200 77
58.39.109.22 - - [05/Jun/2024:16:33:59 +0800] "POST /xingrg/dwr/call/plaincall/AjaxCheckService.setItemNumber.dwr HTTP/1.1" 200 77
58.39.109.22 - - [05/Jun/2024:16:34:00 +0800] "POST /xingrg/dwr/call/plaincall/AjaxCheckService.setItemNumber.dwr HTTP/1.1" 200 77
222.70.182.146 - - [05/Jun/2024:16:34:01 +0800] "GET /xingrg/all/function/internal_message.html?_=1717576440436&CODE_STATE=getMsg HTTP/1.1" 200 27
222.70.182.146 - - [05/Jun/2024:16:34:01 +0800] "GET /xingrg/check_reg.html?_=1717576440437 HTTP/1.1" 200 22
222.64.2.11 - - [05/Jun/2024:16:34:03 +0800] "GET /xingrg/all/function/internal_message.html?_=1717576441946&CODE_STATE=getMsg HTTP/1.1" 200 27
222.64.2.11 - - [05/Jun/2024:16:34:03 +0800] "GET /xingrg/check_reg.html?_=1717576441948 HTTP/1.1" 200 22
58.39.109.22 - - [05/Jun/2024:16:34:07 +0800] "POST /xingrg/kc/base/check_list_operate.html HTTP/1.1" 200 2913
116.238.97.31 - - [05/Jun/2024:16:34:10 +0800] "GET /xingrg/all/function/internal_message.html?_=1717576452058&CODE_STATE=getMsg HTTP/1.1" 200 27
172.20.0.100 - - [05/Jun/2024:16:34:12 +0800] "GET /xingrg/all/function/internal_message.html?_=1717576451256&CODE_STATE=getMsg HTTP/1.1" 200 27
180.169.147.146 - - [05/Jun/2024:16:34:18 +0800] "GET /xingrg/all/function/internal_message.html?_=1717576458277&CODE_STATE=getMsg HTTP/1.1" 200 27
180.169.147.146 - - [05/Jun/2024:16:34:37 +0800] "GET /xingrg/all/function/internal_message.html?_=1717576475139&CODE_STATE=getMsg HTTP/1.1" 200 27
58.39.109.22 - - [05/Jun/2024:16:34:37 +0800] "GET /xingrg/all/function/internal_message.html?_=1717576477520&CODE_STATE=getMsg HTTP/1.1" 200 27
61.165.227.88 - - [05/Jun/2024:16:34:51 +0800] "GET /xingrg/all/function/internal_message.html?_=1717576491752&CODE_STATE=getMsg HTTP/1.1" 200 27
180.164.6.225 - - [05/Jun/2024:16:34:59 +0800] "GET /xingrg/check_reg.html?_=1717576499427 HTTP/1.1" 302 -
222.70.182.146 - - [05/Jun/2024:16:35:02 +0800] "GET /xingrg/all/function/internal_message.html?_=1717576501428&CODE_STATE=getMsg HTTP/1.1" 200 27
222.64.2.11 - - [05/Jun/2024:16:35:03 +0800] "GET /xingrg/all/function/internal_message.html?_=1717576501972&CODE_STATE=getMsg HTTP/1.1" 200 27
116.238.97.31 - - [05/Jun/2024:16:35:10 +0800] "GET /xingrg/all/function/internal_message.html?_=1717576512046&CODE_STATE=getMsg HTTP/1.1" 200 27
172.20.0.100 - - [05/Jun/2024:16:35:12 +0800] "GET /xingrg/all/function/internal_message.html?_=1717576511244&CODE_STATE=getMsg HTTP/1.1" 200 27
180.169.147.146 - - [05/Jun/2024:16:35:18 +0800] "GET /xingrg/all/function/internal_message.html?_=1717576518295&CODE_STATE=getMsg HTTP/1.1" 200 27
180.169.147.146 - - [05/Jun/2024:16:35:18 +0800] "GET /xingrg/check_reg.html?_=1717576518299 HTTP/1.1" 200 22
180.169.147.146 - - [05/Jun/2024:16:35:37 +0800] "GET /xingrg/all/function/internal_message.html?_=1717576535140&CODE_STATE=getMsg HTTP/1.1" 200 27
58.39.109.22 - - [05/Jun/2024:16:35:37 +0800] "GET /xingrg/all/function/internal_message.html?_=1717576537518&CODE_STATE=getMsg HTTP/1.1" 200 27
58.39.109.22 - - [05/Jun/2024:16:35:37 +0800] "GET /xingrg/check_reg.html?_=1717576537522 HTTP/1.1" 200 22
61.165.227.88 - - [05/Jun/2024:16:35:51 +0800] "GET /xingrg/all/function/internal_message.html?_=1717576551756&CODE_STATE=getMsg HTTP/1.1" 200 27
61.165.227.88 - - [05/Jun/2024:16:35:51 +0800] "GET /xingrg/check_reg.html?_=1717576551759 HTTP/1.1" 200 22
222.70.182.146 - - [05/Jun/2024:16:36:00 +0800] "GET /xingrg/all/function/internal_message.html?_=1717576559491&CODE_STATE=getMsg HTTP/1.1" 200 27
222.64.2.11 - - [05/Jun/2024:16:36:03 +0800] "GET /xingrg/all/function/internal_message.html?_=1717576561971&CODE_STATE=getMsg HTTP/1.1" 200 27
116.238.97.31 - - [05/Jun/2024:16:36:10 +0800] "GET /xingrg/all/function/internal_message.html?_=1717576572031&CODE_STATE=getMsg HTTP/1.1" 200 27
172.20.0.100 - - [05/Jun/2024:16:36:12 +0800] "GET /xingrg/all/function/internal_message.html?_=1717576571246&CODE_STATE=getMsg HTTP/1.1" 200 27
180.169.147.146 - - [05/Jun/2024:16:36:18 +0800] "GET /xingrg/all/function/internal_message.html?_=1717576578281&CODE_STATE=getMsg HTTP/1.1" 200 27
180.169.147.146 - - [05/Jun/2024:16:36:37 +0800] "GET /xingrg/all/function/internal_message.html?_=1717576595151&CODE_STATE=getMsg HTTP/1.1" 200 27
58.39.109.22 - - [05/Jun/2024:16:36:37 +0800] "GET /xingrg/all/function/internal_message.html?_=1717576597507&CODE_STATE=getMsg HTTP/1.1" 200 27
180.169.147.146 - - [05/Jun/2024:16:36:39 +0800] "POST /xingrg/all/user/operate.html HTTP/1.1" 200 36
180.169.147.146 - - [05/Jun/2024:16:36:39 +0800] "GET /xingrg/index.html?sysBaseUrl=http%3A%2F%2F180.169.147.146%3A18081%2Fxingrg%2F&costTime=914×tamp=1717573711428 HTTP/1.1" 200 17509
180.169.147.146 - - [05/Jun/2024:16:36:40 +0800] "GET /xingrg/javascript/jquery_easy_ui/themes/default/easyui.css HTTP/1.1" 304 -
180.169.147.146 - - [05/Jun/2024:16:36:40 +0800] "GET /xingrg/javascript/jquery_easy_ui/themes/icon.css HTTP/1.1" 304 -
180.169.147.146 - - [05/Jun/2024:16:36:40 +0800] "GET /xingrg/css/form.css HTTP/1.1" 304 -
180.169.147.146 - - [05/Jun/2024:16:36:40 +0800] "GET /xingrg/javascript/jquery-1.4.2.min.js HTTP/1.1" 304 -
180.169.147.146 - - [05/Jun/2024:16:36:40 +0800] "GET /xingrg/javascript/jquery_easy_ui/jquery.easyui.min.js HTTP/1.1" 304 -
180.169.147.146 - - [05/Jun/2024:16:36:40 +0800] "GET /xingrg/javascript/jquery_easy_ui/easyui-lang-zh_CN.js HTTP/1.1" 304 -
180.169.147.146 - - [05/Jun/2024:16:36:40 +0800] "GET /xingrg/javascript/jquery.form.js HTTP/1.1" 304 -
180.169.147.146 - - [05/Jun/2024:16:36:40 +0800] "GET /xingrg/javascript/jquery.utils.js HTTP/1.1" 304 -
180.169.147.146 - - [05/Jun/2024:16:36:40 +0800] "GET /xingrg/javascript/jquery.timers.js HTTP/1.1" 304 -
180.169.147.146 - - [05/Jun/2024:16:36:40 +0800] "GET /xingrg/images/blue/jxLogo.png HTTP/1.1" 304 -
180.169.147.146 - - [05/Jun/2024:16:36:40 +0800] "GET /xingrg/javascript/jquery_easy_ui/themes/icons/settle_new.png HTTP/1.1" 304 -
180.169.147.146 - - [05/Jun/2024:16:36:40 +0800] "GET /xingrg/images/blue/navBackgound.jpg HTTP/1.1" 304 -
180.169.147.146 - - [05/Jun/2024:16:36:40 +0800] "GET /xingrg/all/function/internal_message.html?_=1717576598170&CODE_STATE=count HTTP/1.1" 200 11
180.169.147.146 - - [05/Jun/2024:16:36:40 +0800] "GET /xingrg/check_reg.html?_=1717576598171 HTTP/1.1" 200 22
180.169.147.146 - - [05/Jun/2024:16:36:40 +0800] "GET /xingrg/javascript/jquery_easy_ui/themes/default/images/panel_tool_collapse.gif HTTP/1.1" 304 -
180.169.147.146 - - [05/Jun/2024:16:36:40 +0800] "GET /xingrg/javascript/jquery_easy_ui/themes/default/images/tabs_rightarrow.png HTTP/1.1" 304 -
180.169.147.146 - - [05/Jun/2024:16:36:40 +0800] "GET /xingrg/javascript/jquery_easy_ui/themes/default/images/panel_tool_expand.gif HTTP/1.1" 304 -
180.169.147.146 - - [05/Jun/2024:16:36:40 +0800] "GET /xingrg/images/blue/pingpu.png HTTP/1.1" 304 -
180.169.147.146 - - [05/Jun/2024:16:36:40 +0800] "GET /xingrg/javascript/jquery_easy_ui/themes/default/images/tabs_leftarrow.png HTTP/1.1" 304 -
180.169.147.146 - - [05/Jun/2024:16:36:40 +0800] "POST /xingrg/all/common/load_tree.html?tree=area_rest_tree_json&manage=1 HTTP/1.1" 200 4010
180.169.147.146 - - [05/Jun/2024:16:36:40 +0800] "POST /xingrg/load_menu.html HTTP/1.1" 200 9959
180.169.147.146 - - [05/Jun/2024:16:36:41 +0800] "GET /xingrg/kc/base/base_main.html HTTP/1.1" 200 12142
180.169.147.146 - - [05/Jun/2024:16:36:42 +0800] "GET /xingrg/kc/base/check_order_list.html HTTP/1.1" 200 16601
180.169.147.146 - - [05/Jun/2024:16:36:44 +0800] "POST /xingrg/kc/base/check_list_operate.html HTTP/1.1" 200 781
180.169.147.146 - - [05/Jun/2024:16:36:47 +0800] "POST /xingrg/kc/base/check_list_operate.html HTTP/1.1" 200 5505
180.169.147.146 - - [05/Jun/2024:16:36:49 +0800] "GET /xingrg/kc/base/check_order_info.html?code=452024053100374 HTTP/1.1" 200 23124
180.169.147.146 - - [05/Jun/2024:16:36:50 +0800] "GET /xingrg/dwr/interface/AjaxComOrderService.js HTTP/1.1" 200 18264
180.169.147.146 - - [05/Jun/2024:16:36:50 +0800] "GET /xingrg/dwr/interface/AjaxCheckService.js HTTP/1.1" 200 14003
180.169.147.146 - - [05/Jun/2024:16:36:50 +0800] "GET /xingrg/dwr/engine.js HTTP/1.1" 200 43631
180.169.147.146 - - [05/Jun/2024:16:36:51 +0800] "POST /xingrg/dwr/call/plaincall/AjaxCheckService.loadOrderItems.dwr HTTP/1.1" 200 21599
61.165.227.88 - - [05/Jun/2024:16:36:51 +0800] "GET /xingrg/all/function/internal_message.html?_=1717576611754&CODE_STATE=getMsg HTTP/1.1" 200 27
222.70.182.146 - - [05/Jun/2024:16:37:01 +0800] "GET /xingrg/all/function/internal_message.html?_=1717576620442&CODE_STATE=getMsg HTTP/1.1" 200 27
222.64.2.11 - - [05/Jun/2024:16:37:03 +0800] "GET /xingrg/all/function/internal_message.html?_=1717576621970&CODE_STATE=getMsg HTTP/1.1" 200 27
116.238.97.31 - - [05/Jun/2024:16:37:10 +0800] "GET /xingrg/all/function/internal_message.html?_=1717576632016&CODE_STATE=getMsg HTTP/1.1" 200 27
172.20.0.100 - - [05/Jun/2024:16:37:12 +0800] "GET /xingrg/all/function/internal_message.html?_=1717576631253&CODE_STATE=getMsg HTTP/1.1" 200 27
180.169.147.146 - - [05/Jun/2024:16:37:18 +0800] "GET /xingrg/all/function/internal_message.html?_=1717576638285&CODE_STATE=getMsg HTTP/1.1" 200 27
58.39.109.22 - - [05/Jun/2024:16:37:37 +0800] "GET /xingrg/all/function/internal_message.html?_=1717576657509&CODE_STATE=getMsg HTTP/1.1" 200 27
180.169.147.146 - - [05/Jun/2024:16:37:40 +0800] "GET /xingrg/all/function/internal_message.html?_=1717576658174&CODE_STATE=getMsg HTTP/1.1" 200 27
61.165.227.88 - - [05/Jun/2024:16:37:51 +0800] "GET /xingrg/all/function/internal_message.html?_=1717576671747&CODE_STATE=getMsg HTTP/1.1" 200 27
222.64.2.11 - - [05/Jun/2024:16:37:52 +0800] "GET /xingrg/check_reg.html?_=1717576672343 HTTP/1.1" 302 -
222.70.182.146 - - [05/Jun/2024:16:38:02 +0800] "GET /xingrg/all/function/internal_message.html?_=1717576681429&CODE_STATE=getMsg HTTP/1.1" 200 27
