222.64.2.11 - - [04/Jun/2024:22:57:52 +0800] "GET /xingrg/check_reg.html?_=1717513072627 HTTP/1.1" 200 22
180.156.239.18 - - [04/Jun/2024:22:58:03 +0800] "GET /xingrg/check_reg.html?_=1717513083515 HTTP/1.1" 200 22
180.156.239.18 - - [04/Jun/2024:22:58:07 +0800] "GET /xingrg/all/function/internal_message.html?_=1717513087179&CODE_STATE=getMsg HTTP/1.1" 200 27
180.169.147.146 - - [04/Jun/2024:22:58:19 +0800] "GET /xingrg/all/function/internal_message.html?_=1717513101258&CODE_STATE=getMsg HTTP/1.1" 200 27
116.232.195.13 - - [04/Jun/2024:22:58:32 +0800] "GET /xingrg/all/function/internal_message.html?_=1717513105767&CODE_STATE=getMsg HTTP/1.1" 200 27
172.20.0.253 - - [04/Jun/2024:22:58:39 +0800] "GET /xingrg/all/function/internal_message.html?_=1717513126108&CODE_STATE=getMsg HTTP/1.1" 200 27
180.169.147.146 - - [04/Jun/2024:22:58:52 +0800] "GET /xingrg/all/function/internal_message.html?_=1717513131763&CODE_STATE=getMsg HTTP/1.1" 200 27
101.83.144.49 - - [04/Jun/2024:22:59:06 +0800] "POST /xingrg/services/DataTransmitService HTTP/1.1" 200 524
180.156.239.18 - - [04/Jun/2024:22:59:07 +0800] "GET /xingrg/all/function/internal_message.html?_=1717513147171&CODE_STATE=getMsg HTTP/1.1" 200 27
180.169.147.146 - - [04/Jun/2024:22:59:19 +0800] "GET /xingrg/check_reg.html?_=1717513161259 HTTP/1.1" 200 22
180.169.147.146 - - [04/Jun/2024:22:59:19 +0800] "GET /xingrg/all/function/internal_message.html?_=1717513161257&CODE_STATE=getMsg HTTP/1.1" 200 27
116.235.94.80 - - [04/Jun/2024:22:59:21 +0800] "POST /xingrg/services/DataTransmitService HTTP/1.1" 200 524
180.169.147.146 - - [04/Jun/2024:22:59:21 +0800] "GET /xingrg/check_reg.html?_=1717513160709 HTTP/1.1" 200 22
116.232.195.13 - - [04/Jun/2024:22:59:32 +0800] "GET /xingrg/all/function/internal_message.html?_=1717513165783&CODE_STATE=getMsg HTTP/1.1" 200 27
116.235.94.80 - - [04/Jun/2024:22:59:33 +0800] "POST /xingrg/services/DataTransmitService HTTP/1.1" 200 501
116.235.94.80 - - [04/Jun/2024:22:59:34 +0800] "POST /xingrg/services/DataTransmitService HTTP/1.1" 200 501
172.20.0.253 - - [04/Jun/2024:22:59:39 +0800] "GET /xingrg/all/function/internal_message.html?_=1717513186137&CODE_STATE=getMsg HTTP/1.1" 200 27
116.235.94.80 - - [04/Jun/2024:22:59:39 +0800] "POST /xingrg/services/DataTransmitService HTTP/1.1" 200 501
116.235.94.80 - - [04/Jun/2024:22:59:44 +0800] "POST /xingrg/services/DataTransmitService HTTP/1.1" 200 501
116.235.94.80 - - [04/Jun/2024:22:59:45 +0800] "POST /xingrg/services/DataTransmitService HTTP/1.1" 200 501
116.235.94.80 - - [04/Jun/2024:22:59:45 +0800] "POST /xingrg/services/DataTransmitService HTTP/1.1" 200 501
116.235.94.80 - - [04/Jun/2024:22:59:48 +0800] "POST /xingrg/services/DataTransmitService HTTP/1.1" 200 501
116.235.94.80 - - [04/Jun/2024:22:59:49 +0800] "POST /xingrg/services/DataTransmitService HTTP/1.1" 200 501
116.235.94.80 - - [04/Jun/2024:22:59:49 +0800] "POST /xingrg/services/DataTransmitService HTTP/1.1" 200 501
116.235.94.80 - - [04/Jun/2024:22:59:50 +0800] "POST /xingrg/services/DataTransmitService HTTP/1.1" 200 412
180.169.147.146 - - [04/Jun/2024:22:59:52 +0800] "GET /xingrg/all/function/internal_message.html?_=1717513191752&CODE_STATE=getMsg HTTP/1.1" 200 27
180.156.239.18 - - [04/Jun/2024:23:00:07 +0800] "GET /xingrg/all/function/internal_message.html?_=1717513207159&CODE_STATE=getMsg HTTP/1.1" 200 27
180.169.147.146 - - [04/Jun/2024:23:00:19 +0800] "GET /xingrg/all/function/internal_message.html?_=1717513221258&CODE_STATE=getMsg HTTP/1.1" 200 27
172.20.0.253 - - [04/Jun/2024:23:00:27 +0800] "GET /xingrg/check_reg.html?_=1717513234686 HTTP/1.1" 200 22
116.232.195.13 - - [04/Jun/2024:23:00:32 +0800] "GET /xingrg/all/function/internal_message.html?_=1717513225775&CODE_STATE=getMsg HTTP/1.1" 200 27
172.20.0.253 - - [04/Jun/2024:23:00:39 +0800] "GET /xingrg/all/function/internal_message.html?_=1717513246150&CODE_STATE=getMsg HTTP/1.1" 200 27
180.169.147.146 - - [04/Jun/2024:23:00:52 +0800] "GET /xingrg/all/function/internal_message.html?_=1717513251728&CODE_STATE=getMsg HTTP/1.1" 200 27
180.156.239.18 - - [04/Jun/2024:23:01:07 +0800] "GET /xingrg/all/function/internal_message.html?_=1717513267140&CODE_STATE=getMsg HTTP/1.1" 200 27
180.169.147.146 - - [04/Jun/2024:23:01:19 +0800] "GET /xingrg/all/function/internal_message.html?_=1717513281259&CODE_STATE=getMsg HTTP/1.1" 200 27
116.232.195.13 - - [04/Jun/2024:23:01:32 +0800] "GET /xingrg/all/function/internal_message.html?_=1717513285777&CODE_STATE=getMsg HTTP/1.1" 200 27
172.20.0.253 - - [04/Jun/2024:23:01:39 +0800] "GET /xingrg/all/function/internal_message.html?_=1717513306164&CODE_STATE=getMsg HTTP/1.1" 200 27
180.169.147.146 - - [04/Jun/2024:23:01:52 +0800] "GET /xingrg/all/function/internal_message.html?_=1717513311704&CODE_STATE=getMsg HTTP/1.1" 200 27
180.156.239.18 - - [04/Jun/2024:23:02:07 +0800] "GET /xingrg/all/function/internal_message.html?_=1717513327114&CODE_STATE=getMsg HTTP/1.1" 200 27
180.169.147.146 - - [04/Jun/2024:23:02:19 +0800] "GET /xingrg/all/function/internal_message.html?_=1717513341259&CODE_STATE=getMsg HTTP/1.1" 200 27
116.232.195.13 - - [04/Jun/2024:23:02:32 +0800] "GET /xingrg/check_reg.html?_=1717513345773 HTTP/1.1" 200 22
116.232.195.13 - - [04/Jun/2024:23:02:32 +0800] "GET /xingrg/all/function/internal_message.html?_=1717513345777&CODE_STATE=getMsg HTTP/1.1" 200 27
172.20.0.253 - - [04/Jun/2024:23:02:39 +0800] "GET /xingrg/all/function/internal_message.html?_=1717513366185&CODE_STATE=getMsg HTTP/1.1" 200 27
180.169.147.146 - - [04/Jun/2024:23:02:52 +0800] "GET /xingrg/all/function/internal_message.html?_=1717513371676&CODE_STATE=getMsg HTTP/1.1" 200 27
222.64.2.11 - - [04/Jun/2024:23:02:52 +0800] "GET /xingrg/check_reg.html?_=1717513372617 HTTP/1.1" 200 22
180.156.239.18 - - [04/Jun/2024:23:03:03 +0800] "GET /xingrg/check_reg.html?_=1717513383519 HTTP/1.1" 200 22
180.156.239.18 - - [04/Jun/2024:23:03:07 +0800] "GET /xingrg/all/function/internal_message.html?_=1717513387098&CODE_STATE=getMsg HTTP/1.1" 200 27
180.169.147.146 - - [04/Jun/2024:23:03:19 +0800] "GET /xingrg/all/function/internal_message.html?_=1717513401258&CODE_STATE=getMsg HTTP/1.1" 200 27
116.232.195.13 - - [04/Jun/2024:23:03:32 +0800] "GET /xingrg/all/function/internal_message.html?_=1717513405773&CODE_STATE=getMsg HTTP/1.1" 200 27
172.20.0.253 - - [04/Jun/2024:23:03:39 +0800] "GET /xingrg/all/function/internal_message.html?_=1717513426207&CODE_STATE=getMsg HTTP/1.1" 200 27
180.169.147.146 - - [04/Jun/2024:23:03:52 +0800] "GET /xingrg/all/function/internal_message.html?_=1717513431651&CODE_STATE=getMsg HTTP/1.1" 200 27
180.156.239.18 - - [04/Jun/2024:23:04:07 +0800] "GET /xingrg/all/function/internal_message.html?_=1717513447082&CODE_STATE=getMsg HTTP/1.1" 200 27
180.169.147.146 - - [04/Jun/2024:23:04:19 +0800] "GET /xingrg/all/function/internal_message.html?_=1717513461256&CODE_STATE=getMsg HTTP/1.1" 200 27
180.169.147.146 - - [04/Jun/2024:23:04:19 +0800] "GET /xingrg/check_reg.html?_=1717513461258 HTTP/1.1" 200 22
180.169.147.146 - - [04/Jun/2024:23:04:21 +0800] "GET /xingrg/check_reg.html?_=1717513460719 HTTP/1.1" 200 22
116.232.195.13 - - [04/Jun/2024:23:04:32 +0800] "GET /xingrg/all/function/internal_message.html?_=1717513465763&CODE_STATE=getMsg HTTP/1.1" 200 27
172.20.0.253 - - [04/Jun/2024:23:04:39 +0800] "GET /xingrg/all/function/internal_message.html?_=1717513486224&CODE_STATE=getMsg HTTP/1.1" 200 27
180.169.147.146 - - [04/Jun/2024:23:04:52 +0800] "GET /xingrg/all/function/internal_message.html?_=1717513491639&CODE_STATE=getMsg HTTP/1.1" 200 27
180.156.239.18 - - [04/Jun/2024:23:05:07 +0800] "GET /xingrg/all/function/internal_message.html?_=1717513507079&CODE_STATE=getMsg HTTP/1.1" 200 27
180.169.147.146 - - [04/Jun/2024:23:05:19 +0800] "GET /xingrg/all/function/internal_message.html?_=1717513521259&CODE_STATE=getMsg HTTP/1.1" 200 27
172.20.0.253 - - [04/Jun/2024:23:05:27 +0800] "GET /xingrg/check_reg.html?_=1717513534690 HTTP/1.1" 200 22
116.232.195.13 - - [04/Jun/2024:23:05:32 +0800] "GET /xingrg/all/function/internal_message.html?_=1717513525777&CODE_STATE=getMsg HTTP/1.1" 200 27
172.20.0.253 - - [04/Jun/2024:23:05:39 +0800] "GET /xingrg/all/function/internal_message.html?_=1717513546234&CODE_STATE=getMsg HTTP/1.1" 200 27
180.169.147.146 - - [04/Jun/2024:23:05:52 +0800] "GET /xingrg/all/function/internal_message.html?_=1717513551609&CODE_STATE=getMsg HTTP/1.1" 200 27
180.156.239.18 - - [04/Jun/2024:23:06:07 +0800] "GET /xingrg/all/function/internal_message.html?_=1717513567059&CODE_STATE=getMsg HTTP/1.1" 200 27
180.169.147.146 - - [04/Jun/2024:23:06:19 +0800] "GET /xingrg/all/function/internal_message.html?_=1717513581258&CODE_STATE=getMsg HTTP/1.1" 200 27
116.232.195.13 - - [04/Jun/2024:23:06:32 +0800] "GET /xingrg/all/function/internal_message.html?_=1717513585775&CODE_STATE=getMsg HTTP/1.1" 200 27
172.20.0.253 - - [04/Jun/2024:23:06:39 +0800] "GET /xingrg/all/function/internal_message.html?_=1717513606248&CODE_STATE=getMsg HTTP/1.1" 200 27
180.169.147.146 - - [04/Jun/2024:23:06:52 +0800] "GET /xingrg/all/function/internal_message.html?_=1717513611584&CODE_STATE=getMsg HTTP/1.1" 200 27
180.156.239.18 - - [04/Jun/2024:23:07:07 +0800] "GET /xingrg/all/function/internal_message.html?_=1717513627048&CODE_STATE=getMsg HTTP/1.1" 200 27
180.169.147.146 - - [04/Jun/2024:23:07:19 +0800] "GET /xingrg/all/function/internal_message.html?_=1717513641257&CODE_STATE=getMsg HTTP/1.1" 200 27
116.232.195.13 - - [04/Jun/2024:23:07:32 +0800] "GET /xingrg/check_reg.html?_=1717513645774 HTTP/1.1" 200 22
116.232.195.13 - - [04/Jun/2024:23:07:32 +0800] "GET /xingrg/all/function/internal_message.html?_=1717513645778&CODE_STATE=getMsg HTTP/1.1" 200 27
172.20.0.253 - - [04/Jun/2024:23:07:39 +0800] "GET /xingrg/all/function/internal_message.html?_=1717513666277&CODE_STATE=getMsg HTTP/1.1" 200 27
180.169.147.146 - - [04/Jun/2024:23:07:52 +0800] "GET /xingrg/all/function/internal_message.html?_=1717513671575&CODE_STATE=getMsg HTTP/1.1" 200 27
222.64.2.11 - - [04/Jun/2024:23:07:52 +0800] "GET /xingrg/check_reg.html?_=1717513672608 HTTP/1.1" 200 22
180.156.239.18 - - [04/Jun/2024:23:08:03 +0800] "GET /xingrg/check_reg.html?_=1717513683518 HTTP/1.1" 200 22
180.156.239.18 - - [04/Jun/2024:23:08:07 +0800] "GET /xingrg/all/function/internal_message.html?_=1717513687024&CODE_STATE=getMsg HTTP/1.1" 200 27
180.169.147.146 - - [04/Jun/2024:23:08:19 +0800] "GET /xingrg/all/function/internal_message.html?_=1717513701257&CODE_STATE=getMsg HTTP/1.1" 200 27
116.232.195.13 - - [04/Jun/2024:23:08:32 +0800] "GET /xingrg/all/function/internal_message.html?_=1717513705778&CODE_STATE=getMsg HTTP/1.1" 200 27
172.20.0.253 - - [04/Jun/2024:23:08:39 +0800] "GET /xingrg/all/function/internal_message.html?_=1717513726291&CODE_STATE=getMsg HTTP/1.1" 200 27
180.169.147.146 - - [04/Jun/2024:23:08:52 +0800] "GET /xingrg/all/function/internal_message.html?_=1717513731548&CODE_STATE=getMsg HTTP/1.1" 200 27
180.156.239.18 - - [04/Jun/2024:23:09:06 +0800] "GET /xingrg/all/function/internal_message.html?_=1717513746996&CODE_STATE=getMsg HTTP/1.1" 200 27
180.169.147.146 - - [04/Jun/2024:23:09:19 +0800] "GET /xingrg/all/function/internal_message.html?_=1717513761255&CODE_STATE=getMsg HTTP/1.1" 200 27
180.169.147.146 - - [04/Jun/2024:23:09:19 +0800] "GET /xingrg/check_reg.html?_=1717513761258 HTTP/1.1" 200 22
180.169.147.146 - - [04/Jun/2024:23:09:21 +0800] "GET /xingrg/check_reg.html?_=1717513760720 HTTP/1.1" 200 22
116.232.195.13 - - [04/Jun/2024:23:09:32 +0800] "GET /xingrg/all/function/internal_message.html?_=1717513765777&CODE_STATE=getMsg HTTP/1.1" 200 27
172.20.0.253 - - [04/Jun/2024:23:09:39 +0800] "GET /xingrg/all/function/internal_message.html?_=1717513786309&CODE_STATE=getMsg HTTP/1.1" 200 27
180.169.147.146 - - [04/Jun/2024:23:09:52 +0800] "GET /xingrg/all/function/internal_message.html?_=1717513791525&CODE_STATE=getMsg HTTP/1.1" 200 27
180.156.239.18 - - [04/Jun/2024:23:10:06 +0800] "GET /xingrg/all/function/internal_message.html?_=1717513806988&CODE_STATE=getMsg HTTP/1.1" 200 27
180.169.147.146 - - [04/Jun/2024:23:10:19 +0800] "GET /xingrg/all/function/internal_message.html?_=1717513821256&CODE_STATE=getMsg HTTP/1.1" 200 27
172.20.0.253 - - [04/Jun/2024:23:10:27 +0800] "GET /xingrg/check_reg.html?_=1717513834696 HTTP/1.1" 200 22
116.232.195.13 - - [04/Jun/2024:23:10:32 +0800] "GET /xingrg/all/function/internal_message.html?_=1717513825772&CODE_STATE=getMsg HTTP/1.1" 200 27
172.20.0.253 - - [04/Jun/2024:23:10:39 +0800] "GET /xingrg/all/function/internal_message.html?_=1717513846318&CODE_STATE=getMsg HTTP/1.1" 200 27
180.169.147.146 - - [04/Jun/2024:23:10:52 +0800] "GET /xingrg/all/function/internal_message.html?_=1717513851519&CODE_STATE=getMsg HTTP/1.1" 200 27
180.156.239.18 - - [04/Jun/2024:23:11:06 +0800] "GET /xingrg/all/function/internal_message.html?_=1717513866972&CODE_STATE=getMsg HTTP/1.1" 200 27
180.169.147.146 - - [04/Jun/2024:23:11:19 +0800] "GET /xingrg/all/function/internal_message.html?_=1717513881256&CODE_STATE=getMsg HTTP/1.1" 200 27
116.232.195.13 - - [04/Jun/2024:23:11:32 +0800] "GET /xingrg/all/function/internal_message.html?_=1717513885762&CODE_STATE=getMsg HTTP/1.1" 200 27
180.164.6.225 - - [04/Jun/2024:23:11:35 +0800] "POST /xingrg/services/DataTransmitService HTTP/1.1" 200 524
172.20.0.253 - - [04/Jun/2024:23:11:39 +0800] "GET /xingrg/all/function/internal_message.html?_=1717513906331&CODE_STATE=getMsg HTTP/1.1" 200 27
180.164.6.225 - - [04/Jun/2024:23:11:40 +0800] "POST /xingrg/services/DataTransmitService HTTP/1.1" 200 501
180.169.147.146 - - [04/Jun/2024:23:11:52 +0800] "GET /xingrg/all/function/internal_message.html?_=1717513911492&CODE_STATE=getMsg HTTP/1.1" 200 27
180.156.239.18 - - [04/Jun/2024:23:12:06 +0800] "GET /xingrg/all/function/internal_message.html?_=1717513926962&CODE_STATE=getMsg HTTP/1.1" 200 27
180.169.147.146 - - [04/Jun/2024:23:12:19 +0800] "GET /xingrg/all/function/internal_message.html?_=1717513941281&CODE_STATE=getMsg HTTP/1.1" 200 27
116.232.195.13 - - [04/Jun/2024:23:12:32 +0800] "GET /xingrg/check_reg.html?_=1717513945780 HTTP/1.1" 200 22
116.232.195.13 - - [04/Jun/2024:23:12:32 +0800] "GET /xingrg/all/function/internal_message.html?_=1717513945773&CODE_STATE=getMsg HTTP/1.1" 200 27
172.20.0.253 - - [04/Jun/2024:23:12:39 +0800] "GET /xingrg/all/function/internal_message.html?_=1717513966351&CODE_STATE=getMsg HTTP/1.1" 200 27
180.169.147.146 - - [04/Jun/2024:23:12:52 +0800] "GET /xingrg/all/function/internal_message.html?_=1717513971467&CODE_STATE=getMsg HTTP/1.1" 200 27
222.64.2.11 - - [04/Jun/2024:23:12:52 +0800] "GET /xingrg/check_reg.html?_=1717513972597 HTTP/1.1" 200 22
180.156.239.18 - - [04/Jun/2024:23:13:03 +0800] "GET /xingrg/check_reg.html?_=1717513983521 HTTP/1.1" 200 22
180.156.239.18 - - [04/Jun/2024:23:13:06 +0800] "GET /xingrg/all/function/internal_message.html?_=1717513986950&CODE_STATE=getMsg HTTP/1.1" 200 27
180.169.147.146 - - [04/Jun/2024:23:13:19 +0800] "GET /xingrg/all/function/internal_message.html?_=1717514001280&CODE_STATE=getMsg HTTP/1.1" 200 27
116.232.195.13 - - [04/Jun/2024:23:13:32 +0800] "GET /xingrg/all/function/internal_message.html?_=1717514005775&CODE_STATE=getMsg HTTP/1.1" 200 27
172.20.0.253 - - [04/Jun/2024:23:13:39 +0800] "GET /xingrg/all/function/internal_message.html?_=1717514026360&CODE_STATE=getMsg HTTP/1.1" 200 27
180.169.147.146 - - [04/Jun/2024:23:13:52 +0800] "GET /xingrg/all/function/internal_message.html?_=1717514031467&CODE_STATE=getMsg HTTP/1.1" 200 27
180.156.239.18 - - [04/Jun/2024:23:14:06 +0800] "GET /xingrg/all/function/internal_message.html?_=1717514046931&CODE_STATE=getMsg HTTP/1.1" 200 27
180.169.147.146 - - [04/Jun/2024:23:14:19 +0800] "GET /xingrg/all/function/internal_message.html?_=1717514061280&CODE_STATE=getMsg HTTP/1.1" 200 27
180.169.147.146 - - [04/Jun/2024:23:14:19 +0800] "GET /xingrg/check_reg.html?_=1717514061282 HTTP/1.1" 200 22
180.169.147.146 - - [04/Jun/2024:23:14:21 +0800] "GET /xingrg/check_reg.html?_=1717514060714 HTTP/1.1" 200 22
116.232.195.13 - - [04/Jun/2024:23:14:32 +0800] "GET /xingrg/all/function/internal_message.html?_=1717514065773&CODE_STATE=getMsg HTTP/1.1" 200 27
172.20.0.253 - - [04/Jun/2024:23:14:39 +0800] "GET /xingrg/all/function/internal_message.html?_=1717514086393&CODE_STATE=getMsg HTTP/1.1" 200 27
180.169.147.146 - - [04/Jun/2024:23:14:52 +0800] "GET /xingrg/all/function/internal_message.html?_=1717514091456&CODE_STATE=getMsg HTTP/1.1" 200 27
180.156.239.18 - - [04/Jun/2024:23:15:06 +0800] "GET /xingrg/all/function/internal_message.html?_=1717514106920&CODE_STATE=getMsg HTTP/1.1" 200 27
180.169.147.146 - - [04/Jun/2024:23:15:19 +0800] "GET /xingrg/all/function/internal_message.html?_=1717514121279&CODE_STATE=getMsg HTTP/1.1" 200 27
106.55.202.186 - - [04/Jun/2024:23:15:21 +0800] "GET /xingrg/all/function/internal_message.html?_=1717503298673&CODE_STATE=getMsg HTTP/1.1" 302 -
106.55.200.45 - - [04/Jun/2024:23:15:21 +0800] "GET /xingrg/login.html HTTP/1.1" 200 2139
172.20.0.253 - - [04/Jun/2024:23:15:27 +0800] "GET /xingrg/check_reg.html?_=1717514134701 HTTP/1.1" 200 22
116.232.195.13 - - [04/Jun/2024:23:15:32 +0800] "GET /xingrg/all/function/internal_message.html?_=1717514125770&CODE_STATE=getMsg HTTP/1.1" 200 27
172.20.0.253 - - [04/Jun/2024:23:15:39 +0800] "GET /xingrg/all/function/internal_message.html?_=1717514146401&CODE_STATE=getMsg HTTP/1.1" 200 27
180.169.147.146 - - [04/Jun/2024:23:15:52 +0800] "GET /xingrg/all/function/internal_message.html?_=1717514151433&CODE_STATE=getMsg HTTP/1.1" 200 27
180.156.239.18 - - [04/Jun/2024:23:16:06 +0800] "GET /xingrg/all/function/internal_message.html?_=1717514166912&CODE_STATE=getMsg HTTP/1.1" 200 27
35.203.211.217 - - [04/Jun/2024:23:16:10 +0800] "GET / HTTP/1.1" 404 -
180.169.147.146 - - [04/Jun/2024:23:16:19 +0800] "GET /xingrg/all/function/internal_message.html?_=1717514181279&CODE_STATE=getMsg HTTP/1.1" 200 27
116.232.195.13 - - [04/Jun/2024:23:16:32 +0800] "GET /xingrg/all/function/internal_message.html?_=1717514185788&CODE_STATE=getMsg HTTP/1.1" 200 27
172.20.0.253 - - [04/Jun/2024:23:16:39 +0800] "GET /xingrg/all/function/internal_message.html?_=1717514206415&CODE_STATE=getMsg HTTP/1.1" 200 27
180.169.147.146 - - [04/Jun/2024:23:16:52 +0800] "GET /xingrg/all/function/internal_message.html?_=1717514211415&CODE_STATE=getMsg HTTP/1.1" 200 27
180.156.239.18 - - [04/Jun/2024:23:17:06 +0800] "GET /xingrg/all/function/internal_message.html?_=1717514226891&CODE_STATE=getMsg HTTP/1.1" 200 27
106.55.201.50 - - [04/Jun/2024:23:17:15 +0800] "GET /xingrg/check_reg.html?_=1717503538669 HTTP/1.1" 302 -
106.55.200.246 - - [04/Jun/2024:23:17:15 +0800] "GET /xingrg/login.html HTTP/1.1" 200 2139
180.169.147.146 - - [04/Jun/2024:23:17:19 +0800] "GET /xingrg/all/function/internal_message.html?_=1717514241279&CODE_STATE=getMsg HTTP/1.1" 200 27
116.232.195.13 - - [04/Jun/2024:23:17:32 +0800] "GET /xingrg/check_reg.html?_=1717514245778 HTTP/1.1" 200 22
116.232.195.13 - - [04/Jun/2024:23:17:32 +0800] "GET /xingrg/all/function/internal_message.html?_=1717514245780&CODE_STATE=getMsg HTTP/1.1" 200 27
172.20.0.253 - - [04/Jun/2024:23:17:39 +0800] "GET /xingrg/all/function/internal_message.html?_=1717514266435&CODE_STATE=getMsg HTTP/1.1" 200 27
180.169.147.146 - - [04/Jun/2024:23:17:52 +0800] "GET /xingrg/all/function/internal_message.html?_=1717514271390&CODE_STATE=getMsg HTTP/1.1" 200 27
222.64.2.11 - - [04/Jun/2024:23:17:52 +0800] "GET /xingrg/check_reg.html?_=1717514272592 HTTP/1.1" 200 22
180.156.239.18 - - [04/Jun/2024:23:18:03 +0800] "GET /xingrg/check_reg.html?_=1717514283506 HTTP/1.1" 200 22
180.156.239.18 - - [04/Jun/2024:23:18:06 +0800] "GET /xingrg/all/function/internal_message.html?_=1717514286878&CODE_STATE=getMsg HTTP/1.1" 200 27
180.169.147.146 - - [04/Jun/2024:23:18:19 +0800] "GET /xingrg/all/function/internal_message.html?_=1717514301278&CODE_STATE=getMsg HTTP/1.1" 200 27
116.232.195.13 - - [04/Jun/2024:23:18:32 +0800] "GET /xingrg/all/function/internal_message.html?_=1717514305775&CODE_STATE=getMsg HTTP/1.1" 200 27
172.20.0.253 - - [04/Jun/2024:23:18:39 +0800] "GET /xingrg/all/function/internal_message.html?_=1717514326442&CODE_STATE=getMsg HTTP/1.1" 200 27
180.169.147.146 - - [04/Jun/2024:23:18:52 +0800] "GET /xingrg/all/function/internal_message.html?_=1717514331366&CODE_STATE=getMsg HTTP/1.1" 200 27
180.156.239.18 - - [04/Jun/2024:23:19:06 +0800] "GET /xingrg/all/function/internal_message.html?_=1717514346877&CODE_STATE=getMsg HTTP/1.1" 200 27
180.169.147.146 - - [04/Jun/2024:23:19:19 +0800] "GET /xingrg/all/function/internal_message.html?_=1717514361278&CODE_STATE=getMsg HTTP/1.1" 200 27
180.169.147.146 - - [04/Jun/2024:23:19:19 +0800] "GET /xingrg/check_reg.html?_=1717514361280 HTTP/1.1" 200 22
180.169.147.146 - - [04/Jun/2024:23:19:21 +0800] "GET /xingrg/check_reg.html?_=1717514360718 HTTP/1.1" 200 22
116.232.195.13 - - [04/Jun/2024:23:19:32 +0800] "GET /xingrg/all/function/internal_message.html?_=1717514365768&CODE_STATE=getMsg HTTP/1.1" 200 27
172.20.0.253 - - [04/Jun/2024:23:19:39 +0800] "GET /xingrg/all/function/internal_message.html?_=1717514386473&CODE_STATE=getMsg HTTP/1.1" 200 27
180.169.147.146 - - [04/Jun/2024:23:19:52 +0800] "GET /xingrg/all/function/internal_message.html?_=1717514391349&CODE_STATE=getMsg HTTP/1.1" 200 27
180.156.239.18 - - [04/Jun/2024:23:20:06 +0800] "GET /xingrg/all/function/internal_message.html?_=1717514406854&CODE_STATE=getMsg HTTP/1.1" 200 27
180.169.147.146 - - [04/Jun/2024:23:20:19 +0800] "GET /xingrg/all/function/internal_message.html?_=1717514421278&CODE_STATE=getMsg HTTP/1.1" 200 27
106.55.201.50 - - [04/Jun/2024:23:20:20 +0800] "GET /xingrg/all/function/internal_message.html?_=1717502458665&CODE_STATE=getMsg HTTP/1.1" 302 -
106.55.200.45 - - [04/Jun/2024:23:20:20 +0800] "GET /xingrg/login.html HTTP/1.1" 200 2139
172.20.0.253 - - [04/Jun/2024:23:20:27 +0800] "GET /xingrg/check_reg.html?_=1717514434707 HTTP/1.1" 200 22
116.232.195.13 - - [04/Jun/2024:23:20:32 +0800] "GET /xingrg/all/function/internal_message.html?_=1717514425764&CODE_STATE=getMsg HTTP/1.1" 200 27
172.20.0.253 - - [04/Jun/2024:23:20:39 +0800] "GET /xingrg/all/function/internal_message.html?_=1717514446484&CODE_STATE=getMsg HTTP/1.1" 200 27
180.169.147.146 - - [04/Jun/2024:23:20:52 +0800] "GET /xingrg/all/function/internal_message.html?_=1717514451331&CODE_STATE=getMsg HTTP/1.1" 200 27
180.156.239.18 - - [04/Jun/2024:23:21:06 +0800] "GET /xingrg/all/function/internal_message.html?_=1717514466848&CODE_STATE=getMsg HTTP/1.1" 200 27
180.169.147.146 - - [04/Jun/2024:23:21:19 +0800] "GET /xingrg/all/function/internal_message.html?_=1717514481278&CODE_STATE=getMsg HTTP/1.1" 200 27
116.232.195.13 - - [04/Jun/2024:23:21:32 +0800] "GET /xingrg/all/function/internal_message.html?_=1717514485772&CODE_STATE=getMsg HTTP/1.1" 200 27
172.20.0.253 - - [04/Jun/2024:23:21:39 +0800] "GET /xingrg/all/function/internal_message.html?_=1717514506498&CODE_STATE=getMsg HTTP/1.1" 200 27
180.169.147.146 - - [04/Jun/2024:23:21:52 +0800] "GET /xingrg/all/function/internal_message.html?_=1717514511327&CODE_STATE=getMsg HTTP/1.1" 200 27
180.156.239.18 - - [04/Jun/2024:23:22:06 +0800] "GET /xingrg/all/function/internal_message.html?_=1717514526848&CODE_STATE=getMsg HTTP/1.1" 200 27
180.169.147.146 - - [04/Jun/2024:23:22:19 +0800] "GET /xingrg/all/function/internal_message.html?_=1717514541277&CODE_STATE=getMsg HTTP/1.1" 200 27
116.232.195.13 - - [04/Jun/2024:23:22:32 +0800] "GET /xingrg/all/function/internal_message.html?_=1717514545773&CODE_STATE=getMsg HTTP/1.1" 200 27
116.232.195.13 - - [04/Jun/2024:23:22:32 +0800] "GET /xingrg/check_reg.html?_=1717514545776 HTTP/1.1" 200 22
172.20.0.253 - - [04/Jun/2024:23:22:39 +0800] "GET /xingrg/all/function/internal_message.html?_=1717514566515&CODE_STATE=getMsg HTTP/1.1" 200 27
180.169.147.146 - - [04/Jun/2024:23:22:52 +0800] "GET /xingrg/all/function/internal_message.html?_=1717514571316&CODE_STATE=getMsg HTTP/1.1" 200 27
222.64.2.11 - - [04/Jun/2024:23:22:52 +0800] "GET /xingrg/check_reg.html?_=1717514572601 HTTP/1.1" 200 22
180.156.239.18 - - [04/Jun/2024:23:23:03 +0800] "GET /xingrg/check_reg.html?_=1717514583512 HTTP/1.1" 200 22
180.156.239.18 - - [04/Jun/2024:23:23:06 +0800] "GET /xingrg/all/function/internal_message.html?_=1717514586836&CODE_STATE=getMsg HTTP/1.1" 200 27
180.169.147.146 - - [04/Jun/2024:23:23:19 +0800] "GET /xingrg/all/function/internal_message.html?_=1717514601275&CODE_STATE=getMsg HTTP/1.1" 200 27
116.232.195.13 - - [04/Jun/2024:23:23:32 +0800] "GET /xingrg/all/function/internal_message.html?_=1717514605775&CODE_STATE=getMsg HTTP/1.1" 200 27
172.20.0.253 - - [04/Jun/2024:23:23:39 +0800] "GET /xingrg/all/function/internal_message.html?_=1717514626526&CODE_STATE=getMsg HTTP/1.1" 200 27
180.169.147.146 - - [04/Jun/2024:23:23:52 +0800] "GET /xingrg/all/function/internal_message.html?_=1717514631295&CODE_STATE=getMsg HTTP/1.1" 200 27
180.156.239.18 - - [04/Jun/2024:23:24:06 +0800] "GET /xingrg/all/function/internal_message.html?_=1717514646807&CODE_STATE=getMsg HTTP/1.1" 200 27
180.169.147.146 - - [04/Jun/2024:23:24:19 +0800] "GET /xingrg/check_reg.html?_=1717514661278 HTTP/1.1" 200 22
180.169.147.146 - - [04/Jun/2024:23:24:19 +0800] "GET /xingrg/all/function/internal_message.html?_=1717514661276&CODE_STATE=getMsg HTTP/1.1" 200 27
180.169.147.146 - - [04/Jun/2024:23:24:21 +0800] "GET /xingrg/check_reg.html?_=1717514660706 HTTP/1.1" 200 22
116.232.195.13 - - [04/Jun/2024:23:24:32 +0800] "GET /xingrg/all/function/internal_message.html?_=1717514665764&CODE_STATE=getMsg HTTP/1.1" 200 27
172.20.0.253 - - [04/Jun/2024:23:24:39 +0800] "GET /xingrg/all/function/internal_message.html?_=1717514686544&CODE_STATE=getMsg HTTP/1.1" 200 27
180.169.147.146 - - [04/Jun/2024:23:24:52 +0800] "GET /xingrg/all/function/internal_message.html?_=1717514691274&CODE_STATE=getMsg HTTP/1.1" 200 27
180.156.239.18 - - [04/Jun/2024:23:25:06 +0800] "GET /xingrg/all/function/internal_message.html?_=1717514706797&CODE_STATE=getMsg HTTP/1.1" 200 27
180.169.147.146 - - [04/Jun/2024:23:25:19 +0800] "GET /xingrg/all/function/internal_message.html?_=1717514721276&CODE_STATE=getMsg HTTP/1.1" 200 27
172.20.0.253 - - [04/Jun/2024:23:25:27 +0800] "GET /xingrg/check_reg.html?_=1717514734713 HTTP/1.1" 200 22
116.232.195.13 - - [04/Jun/2024:23:25:32 +0800] "GET /xingrg/all/function/internal_message.html?_=1717514725770&CODE_STATE=getMsg HTTP/1.1" 200 27
172.20.0.253 - - [04/Jun/2024:23:25:39 +0800] "GET /xingrg/all/function/internal_message.html?_=1717514746553&CODE_STATE=getMsg HTTP/1.1" 200 27
180.169.147.146 - - [04/Jun/2024:23:25:52 +0800] "GET /xingrg/all/function/internal_message.html?_=1717514751259&CODE_STATE=getMsg HTTP/1.1" 200 27
58.40.7.146 - - [04/Jun/2024:23:25:57 +0800] "GET /xingrg/login.html HTTP/1.1" 200 7641
58.40.7.146 - - [04/Jun/2024:23:25:58 +0800] "GET /favicon.ico HTTP/1.1" 404 -
58.40.7.146 - - [04/Jun/2024:23:26:00 +0800] "POST /xingrg/login.do HTTP/1.1" 302 -
58.40.7.146 - - [04/Jun/2024:23:26:00 +0800] "GET /xingrg/index.html?sysBaseUrl=http%3A%2F%2F180.169.147.146%3A18081%2Fxingrg%2F&costTime=841×tamp=1717514760785 HTTP/1.1" 200 17503
58.40.7.146 - - [04/Jun/2024:23:26:01 +0800] "GET /favicon.ico HTTP/1.1" 404 -
58.40.7.146 - - [04/Jun/2024:23:26:01 +0800] "POST /xingrg/all/common/load_tree.html?tree=area_rest_tree_json&manage=1 HTTP/1.1" 200 4010
58.40.7.146 - - [04/Jun/2024:23:26:01 +0800] "GET /xingrg/all/function/internal_message.html?_=1717514774750&CODE_STATE=count HTTP/1.1" 200 11
58.40.7.146 - - [04/Jun/2024:23:26:01 +0800] "GET /xingrg/check_reg.html?_=1717514774751 HTTP/1.1" 200 22
58.40.7.146 - - [04/Jun/2024:23:26:01 +0800] "POST /xingrg/load_menu.html HTTP/1.1" 200 11564
58.40.7.146 - - [04/Jun/2024:23:26:04 +0800] "POST /xingrg/all/user/operate.html HTTP/1.1" 200 36
58.40.7.146 - - [04/Jun/2024:23:26:04 +0800] "GET /xingrg/index.html?sysBaseUrl=http%3A%2F%2F180.169.147.146%3A18081%2Fxingrg%2F&costTime=841×tamp=1717514760785 HTTP/1.1" 200 17513
58.40.7.146 - - [04/Jun/2024:23:26:04 +0800] "GET /xingrg/javascript/jquery_easy_ui/themes/default/easyui.css HTTP/1.1" 304 -
58.40.7.146 - - [04/Jun/2024:23:26:04 +0800] "GET /xingrg/javascript/jquery_easy_ui/themes/icon.css HTTP/1.1" 304 -
58.40.7.146 - - [04/Jun/2024:23:26:04 +0800] "GET /xingrg/css/form.css HTTP/1.1" 304 -
58.40.7.146 - - [04/Jun/2024:23:26:04 +0800] "GET /xingrg/javascript/jquery-1.4.2.min.js HTTP/1.1" 304 -
58.40.7.146 - - [04/Jun/2024:23:26:04 +0800] "GET /xingrg/javascript/jquery_easy_ui/jquery.easyui.min.js HTTP/1.1" 304 -
58.40.7.146 - - [04/Jun/2024:23:26:04 +0800] "GET /xingrg/javascript/jquery_easy_ui/easyui-lang-zh_CN.js HTTP/1.1" 304 -
58.40.7.146 - - [04/Jun/2024:23:26:04 +0800] "GET /xingrg/javascript/jquery.form.js HTTP/1.1" 304 -
58.40.7.146 - - [04/Jun/2024:23:26:04 +0800] "GET /xingrg/javascript/jquery.utils.js HTTP/1.1" 304 -
58.40.7.146 - - [04/Jun/2024:23:26:04 +0800] "GET /xingrg/javascript/jquery.timers.js HTTP/1.1" 304 -
58.40.7.146 - - [04/Jun/2024:23:26:04 +0800] "GET /xingrg/images/blue/jxLogo.png HTTP/1.1" 304 -
58.40.7.146 - - [04/Jun/2024:23:26:04 +0800] "GET /xingrg/images/blue/navBackgound.jpg HTTP/1.1" 304 -
58.40.7.146 - - [04/Jun/2024:23:26:04 +0800] "GET /xingrg/javascript/jquery_easy_ui/themes/icons/settle_new.png HTTP/1.1" 304 -
58.40.7.146 - - [04/Jun/2024:23:26:04 +0800] "GET /xingrg/all/function/internal_message.html?_=1717514778226&CODE_STATE=count HTTP/1.1" 200 11
58.40.7.146 - - [04/Jun/2024:23:26:04 +0800] "GET /xingrg/check_reg.html?_=1717514778228 HTTP/1.1" 200 22
58.40.7.146 - - [04/Jun/2024:23:26:04 +0800] "GET /xingrg/javascript/jquery_easy_ui/themes/default/images/panel_tool_collapse.gif HTTP/1.1" 304 -
58.40.7.146 - - [04/Jun/2024:23:26:04 +0800] "GET /xingrg/javascript/jquery_easy_ui/themes/default/images/tabs_leftarrow.png HTTP/1.1" 304 -
58.40.7.146 - - [04/Jun/2024:23:26:04 +0800] "GET /xingrg/javascript/jquery_easy_ui/themes/default/images/panel_tool_expand.gif HTTP/1.1" 304 -
58.40.7.146 - - [04/Jun/2024:23:26:04 +0800] "GET /xingrg/javascript/jquery_easy_ui/themes/default/images/tabs_rightarrow.png HTTP/1.1" 304 -
58.40.7.146 - - [04/Jun/2024:23:26:04 +0800] "GET /xingrg/images/blue/pingpu.png HTTP/1.1" 304 -
58.40.7.146 - - [04/Jun/2024:23:26:04 +0800] "POST /xingrg/all/common/load_tree.html?tree=area_rest_tree_json&manage=1 HTTP/1.1" 200 4010
58.40.7.146 - - [04/Jun/2024:23:26:04 +0800] "POST /xingrg/load_menu.html HTTP/1.1" 200 9959
58.40.7.146 - - [04/Jun/2024:23:26:05 +0800] "GET /xingrg/kc/report/report_main.html HTTP/1.1" 200 7340
58.40.7.146 - - [04/Jun/2024:23:26:06 +0800] "GET /xingrg/kc/base/crk_hz.html HTTP/1.1" 200 11247
180.156.239.18 - - [04/Jun/2024:23:26:06 +0800] "GET /xingrg/all/function/internal_message.html?_=1717514766768&CODE_STATE=getMsg HTTP/1.1" 200 27
58.40.7.146 - - [04/Jun/2024:23:26:07 +0800] "POST /xingrg/kc/cost/cost_operate.html?command=get_base_tree HTTP/1.1" 200 2873
58.40.7.146 - - [04/Jun/2024:23:26:07 +0800] "POST /xingrg/all/common/load_tree.html?tree=materiel_sort_tree_json HTTP/1.1" 200 9734
58.40.7.146 - - [04/Jun/2024:23:26:10 +0800] "GET /xingrg/all/common/get_data_part.html?part=previousMonth&_=1717514784299 HTTP/1.1" 200 41
58.40.7.146 - - [04/Jun/2024:23:26:12 +0800] "GET /xingrg/kc/cost/cost_list.html HTTP/1.1" 200 6093
58.40.7.146 - - [04/Jun/2024:23:26:12 +0800] "GET /xingrg/dwr/interface/AjaxReportQueryService.js HTTP/1.1" 200 13203
58.40.7.146 - - [04/Jun/2024:23:26:12 +0800] "GET /xingrg/dwr/engine.js HTTP/1.1" 200 43631
58.40.7.146 - - [04/Jun/2024:23:26:12 +0800] "GET /xingrg/kc/cost/cost_operate.html?_=1717514786098&command=load_cost_list HTTP/1.1" 200 9696
58.40.7.146 - - [04/Jun/2024:23:26:17 +0800] "GET /xingrg/kc/base/base_main.html HTTP/1.1" 200 12142
58.40.7.146 - - [04/Jun/2024:23:26:19 +0800] "GET /xingrg/kc/report/report_main.html HTTP/1.1" 200 7340
180.169.147.146 - - [04/Jun/2024:23:26:19 +0800] "GET /xingrg/all/function/internal_message.html?_=1717514781274&CODE_STATE=getMsg HTTP/1.1" 200 27
58.40.7.146 - - [04/Jun/2024:23:26:20 +0800] "GET /xingrg/kc/base/crk_hz.html HTTP/1.1" 200 11247
58.40.7.146 - - [04/Jun/2024:23:26:20 +0800] "POST /xingrg/kc/cost/cost_operate.html?command=get_base_tree HTTP/1.1" 200 2873
58.40.7.146 - - [04/Jun/2024:23:26:21 +0800] "POST /xingrg/all/common/load_tree.html?tree=materiel_sort_tree_json HTTP/1.1" 200 9734
58.40.7.146 - - [04/Jun/2024:23:26:22 +0800] "GET /xingrg/all/common/get_data_part.html?part=previousMonth&_=1717514796213 HTTP/1.1" 200 41
116.232.195.13 - - [04/Jun/2024:23:26:32 +0800] "GET /xingrg/all/function/internal_message.html?_=1717514785786&CODE_STATE=getMsg HTTP/1.1" 200 27
58.40.7.146 - - [04/Jun/2024:23:26:39 +0800] "GET /xingrg/kc/base/crk_hz.html?_=1717514812631&command=get_cost_id&end_date=2024-05-31&start_date=2024-05-01 HTTP/1.1" 200 51
58.40.7.146 - - [04/Jun/2024:23:26:39 +0800] "GET /xingrg/all/report/report_query.html?isQuery=1&onlyBody=1&rh=99999&rw=1800&varString=start:20240501,cost_id:5022,mid:20240501&fileName=kc/base/crk_hz_type_by_base.xml&queryString=%20a.base_code%20in%20('0010538','0010539','0010540','0010541','0010542','0010543','0010544','0010545','0010546','0010547','0010548','0010549','0010550','0010551','0010552','0010553','0010554','0010555','0010556','0010557','0010558','0010559','0010560','0010561','0010562','0010563','0010564','0010565','0010566','0010567','0010568','0010602','0010667','0010688','0010689','0010709','0010777','0010861','0010862','0010863','0010879','0010880')%20&queryText=ڣ2024-05-012024-05-31%20ֿ⣺ȫֿ,ʳƷֿ,ϲֿ,ˮ,,,¥,̨ã,,װ޿,,,±,,,֭,ˮ̨,¥,̨,,Ӫҵ,˲,ڲ,,̲,,ܰ,,,װ޿,,Ѽ,Ƶ,Ʒ,ӿ,±,п,,̿,ˮ,ʳ,౫,Ա&tableQueryString=materiel_table$sp1$$sp$before_table$sp1$$sp$crk_table$sp1$order_day%20between%2020240501%20and%2020240531 HTTP/1.1" 200 50052
58.40.7.146 - - [04/Jun/2024:23:26:39 +0800] "GET /xingrg/dwr/interface/AjaxReportQueryService.js HTTP/1.1" 200 13203
58.40.7.146 - - [04/Jun/2024:23:26:39 +0800] "GET /xingrg/dwr/engine.js HTTP/1.1" 200 43631
172.20.0.253 - - [04/Jun/2024:23:26:39 +0800] "GET /xingrg/all/function/internal_message.html?_=1717514806566&CODE_STATE=getMsg HTTP/1.1" 200 27
58.40.7.146 - - [04/Jun/2024:23:26:43 +0800] "POST /xingrg/all/report/load_report_page.html HTTP/1.1" 200 762988
58.40.7.146 - - [04/Jun/2024:23:26:43 +0800] "GET /xingrg/servlets/image?cache=0.3429809700052092&image=px HTTP/1.1" 200 807
180.169.147.146 - - [04/Jun/2024:23:26:52 +0800] "GET /xingrg/all/function/internal_message.html?_=1717514811242&CODE_STATE=getMsg HTTP/1.1" 200 27
58.40.7.146 - - [04/Jun/2024:23:26:55 +0800] "GET /xingrg/all/report/report_query.html?isQuery=1&fileName=kc/base/crk_detail_by_small.xml&rh=99999&queryString=&queryText=%25E3%2580%2590%25E4%25BB%2593%25E5%25BA%2593%25E5%2590%258D%25E7%25A7%25B0%253A%25E5%2590%25A7%25E5%258F%25B0%25E3%2580%2591%25E3%2580%2590%25E4%25B8%259A%25E5%258A%25A1%25E7%25B1%25BB%25E5%259E%258B%25EF%25BC%259A%25E9%2597%25A8%25E5%25BA%2597%25E9%2580%2580%25E8%25B4%25A7%25E3%2580%2591%2520%253F%253F%253F%253F%253F2024-05-01%253F%253F2024-05-31%2520%253F%253F%253F%253F%253F%253F%253F%253F%253F%252C%253F%253F%253F%253F%253F%252C%253F%253F%253F%253F%253F%253F%252C%253F%253F%253F%253F%253F%252C%253F%253F%253F%253F%252C%253F%253F%253F%253F%252C%253F%253F%253F%252C%253F%253F%253F%253F%253F%253F%253F%253F%253F%253F%252C%253F%253F%253F%252C%253F%253F%253F%253F%252C%253F%253F%253F%253F%253F%253F%253F%253F%252C%253F%253F%253F%253F%252C%253F%253F%25C2%25B1%252C%253F%253F%253F%253F%252C%253F%253F%253F%253F%252C%253F%253F%253F%253F%253F%252C%253F%253F%252C%253F%253F%253F%252C%253F%253F%253F%252C%253F%253F%253F%253F%252C%253F%253F%253F%253F%252C%253F%253F%253F%253F%253F%252C%253F%253F%253F%253F%253F%252C%253F%253F%253F%253F%253F%253F%252C%253F%253F%253F%253F%253F%252C%253F%253F%253F%253F%252C%253F%253F%253F%252C%253F%253F%253F%253F%252C%253F%253F%253F%253F%252C%253F%253F%253F%253F%252C%253F%253F%253F%253F%252C%253F%253F%253F%252C%253F%253F%253F%253F%253F%253F%253F%252C%253F%253F%253F%253F%253F%253F%253F%253F%252C%253F%253F%253F%253F%253F%252C%253F%25C2%25B1%253F%253F%253F%252C%253F%253F%25D0%25BF%253F%252C%253F%253F%253F%253F%253F%253F%252C%253F%253F%253F%253F%253F%252C%253F%253F%253F%253F%253F%252C%253F%253F%253F%253F%253F%252C%253F%253F%253F%253F%253F%252C%253F%253F%253F%253F%253F&tableQueryString=crk_table%2524sp1%2524order_day%2520between%252020240501%2520and%252020240531%2520and%2520(base_code%253D'0010555')%2520and%2520(src_order_type%2520in%2520(32))%2520and%2520(is_rk%2520in%2520(0)) HTTP/1.1" 200 54262
58.40.7.146 - - [04/Jun/2024:23:26:56 +0800] "GET /xingrg/dwr/interface/AjaxReportQueryService.js HTTP/1.1" 200 13203
58.40.7.146 - - [04/Jun/2024:23:26:56 +0800] "GET /xingrg/dwr/engine.js HTTP/1.1" 200 43631
58.40.7.146 - - [04/Jun/2024:23:26:57 +0800] "POST /xingrg/all/report/load_report_page.html HTTP/1.1" 200 11730
58.40.7.146 - - [04/Jun/2024:23:26:58 +0800] "GET /xingrg/servlets/image?cache=0.06738157574918968&image=px HTTP/1.1" 200 807
58.40.7.146 - - [04/Jun/2024:23:27:04 +0800] "GET /xingrg/all/function/internal_message.html?_=1717514838359&CODE_STATE=getMsg HTTP/1.1" 200 27
180.156.239.18 - - [04/Jun/2024:23:27:06 +0800] "GET /xingrg/all/function/internal_message.html?_=1717514826754&CODE_STATE=getMsg HTTP/1.1" 200 27
58.40.7.146 - - [04/Jun/2024:23:27:07 +0800] "POST /xingrg/all/report/load_report_page.html HTTP/1.1" 200 19126
58.40.7.146 - - [04/Jun/2024:23:27:07 +0800] "GET /xingrg/servlets/image?cache=0.19237025848393996&image=px HTTP/1.1" 200 807
180.169.147.146 - - [04/Jun/2024:23:27:19 +0800] "GET /xingrg/all/function/internal_message.html?_=1717514841274&CODE_STATE=getMsg HTTP/1.1" 200 27
116.232.195.13 - - [04/Jun/2024:23:27:32 +0800] "GET /xingrg/check_reg.html?_=1717514845772 HTTP/1.1" 200 22
116.232.195.13 - - [04/Jun/2024:23:27:32 +0800] "GET /xingrg/all/function/internal_message.html?_=1717514845774&CODE_STATE=getMsg HTTP/1.1" 200 27
172.20.0.253 - - [04/Jun/2024:23:27:39 +0800] "GET /xingrg/all/function/internal_message.html?_=1717514866587&CODE_STATE=getMsg HTTP/1.1" 200 27
180.169.147.146 - - [04/Jun/2024:23:27:51 +0800] "GET /xingrg/all/function/internal_message.html?_=1717514871214&CODE_STATE=getMsg HTTP/1.1" 200 27
222.64.2.11 - - [04/Jun/2024:23:27:52 +0800] "GET /xingrg/check_reg.html?_=1717514872590 HTTP/1.1" 200 22
180.156.239.18 - - [04/Jun/2024:23:28:03 +0800] "GET /xingrg/check_reg.html?_=1717514883513 HTTP/1.1" 200 22
58.40.7.146 - - [04/Jun/2024:23:28:04 +0800] "GET /xingrg/all/function/internal_message.html?_=1717514898343&CODE_STATE=getMsg HTTP/1.1" 200 27
180.156.239.18 - - [04/Jun/2024:23:28:06 +0800] "GET /xingrg/all/function/internal_message.html?_=1717514886737&CODE_STATE=getMsg HTTP/1.1" 200 27
180.169.147.146 - - [04/Jun/2024:23:28:19 +0800] "GET /xingrg/all/function/internal_message.html?_=1717514901273&CODE_STATE=getMsg HTTP/1.1" 200 27
116.232.195.13 - - [04/Jun/2024:23:28:32 +0800] "GET /xingrg/all/function/internal_message.html?_=1717514905770&CODE_STATE=getMsg HTTP/1.1" 200 27
172.20.0.253 - - [04/Jun/2024:23:28:39 +0800] "GET /xingrg/all/function/internal_message.html?_=1717514926593&CODE_STATE=getMsg HTTP/1.1" 200 27
180.169.147.146 - - [04/Jun/2024:23:28:51 +0800] "GET /xingrg/all/function/internal_message.html?_=1717514931190&CODE_STATE=getMsg HTTP/1.1" 200 27
58.40.7.146 - - [04/Jun/2024:23:29:04 +0800] "GET /xingrg/all/function/internal_message.html?_=1717514958335&CODE_STATE=getMsg HTTP/1.1" 200 27
180.156.239.18 - - [04/Jun/2024:23:29:06 +0800] "GET /xingrg/all/function/internal_message.html?_=1717514946708&CODE_STATE=getMsg HTTP/1.1" 200 27
180.169.147.146 - - [04/Jun/2024:23:29:19 +0800] "GET /xingrg/all/function/internal_message.html?_=1717514961272&CODE_STATE=getMsg HTTP/1.1" 200 27
180.169.147.146 - - [04/Jun/2024:23:29:19 +0800] "GET /xingrg/check_reg.html?_=1717514961274 HTTP/1.1" 200 22
180.169.147.146 - - [04/Jun/2024:23:29:21 +0800] "GET /xingrg/check_reg.html?_=1717514960711 HTTP/1.1" 200 22
116.232.195.13 - - [04/Jun/2024:23:29:32 +0800] "GET /xingrg/all/function/internal_message.html?_=1717514965777&CODE_STATE=getMsg HTTP/1.1" 200 27
172.20.0.253 - - [04/Jun/2024:23:29:39 +0800] "GET /xingrg/all/function/internal_message.html?_=1717514986612&CODE_STATE=getMsg HTTP/1.1" 200 27
180.169.147.146 - - [04/Jun/2024:23:29:51 +0800] "GET /xingrg/all/function/internal_message.html?_=1717514991172&CODE_STATE=getMsg HTTP/1.1" 200 27
58.40.7.146 - - [04/Jun/2024:23:30:04 +0800] "GET /xingrg/all/function/internal_message.html?_=1717515018332&CODE_STATE=getMsg HTTP/1.1" 200 27
180.156.239.18 - - [04/Jun/2024:23:30:06 +0800] "GET /xingrg/all/function/internal_message.html?_=1717515006693&CODE_STATE=getMsg HTTP/1.1" 200 27
180.169.147.146 - - [04/Jun/2024:23:30:19 +0800] "GET /xingrg/all/function/internal_message.html?_=1717515021273&CODE_STATE=getMsg HTTP/1.1" 200 27
172.20.0.253 - - [04/Jun/2024:23:30:27 +0800] "GET /xingrg/check_reg.html?_=1717515034718 HTTP/1.1" 200 22
116.232.195.13 - - [04/Jun/2024:23:30:32 +0800] "GET /xingrg/all/function/internal_message.html?_=1717515025775&CODE_STATE=getMsg HTTP/1.1" 200 27
172.20.0.253 - - [04/Jun/2024:23:30:39 +0800] "GET /xingrg/all/function/internal_message.html?_=1717515046621&CODE_STATE=getMsg HTTP/1.1" 200 27
180.169.147.146 - - [04/Jun/2024:23:30:51 +0800] "GET /xingrg/all/function/internal_message.html?_=1717515051151&CODE_STATE=getMsg HTTP/1.1" 200 27
58.40.7.146 - - [04/Jun/2024:23:31:04 +0800] "GET /xingrg/check_reg.html?_=1717515078246 HTTP/1.1" 200 22
58.40.7.146 - - [04/Jun/2024:23:31:04 +0800] "GET /xingrg/all/function/internal_message.html?_=1717515078323&CODE_STATE=getMsg HTTP/1.1" 200 27
180.156.239.18 - - [04/Jun/2024:23:31:06 +0800] "GET /xingrg/all/function/internal_message.html?_=1717515066671&CODE_STATE=getMsg HTTP/1.1" 200 27
180.169.147.146 - - [04/Jun/2024:23:31:19 +0800] "GET /xingrg/all/function/internal_message.html?_=1717515081274&CODE_STATE=getMsg HTTP/1.1" 200 27
116.232.195.13 - - [04/Jun/2024:23:31:32 +0800] "GET /xingrg/all/function/internal_message.html?_=1717515085771&CODE_STATE=getMsg HTTP/1.1" 200 27
172.20.0.253 - - [04/Jun/2024:23:31:39 +0800] "GET /xingrg/all/function/internal_message.html?_=1717515106634&CODE_STATE=getMsg HTTP/1.1" 200 27
180.169.147.146 - - [04/Jun/2024:23:31:51 +0800] "GET /xingrg/all/function/internal_message.html?_=1717515111123&CODE_STATE=getMsg HTTP/1.1" 200 27
58.40.7.146 - - [04/Jun/2024:23:32:04 +0800] "GET /xingrg/all/function/internal_message.html?_=1717515138473&CODE_STATE=getMsg HTTP/1.1" 200 27
180.156.239.18 - - [04/Jun/2024:23:32:06 +0800] "GET /xingrg/all/function/internal_message.html?_=1717515126652&CODE_STATE=getMsg HTTP/1.1" 200 27
180.169.147.146 - - [04/Jun/2024:23:32:19 +0800] "GET /xingrg/all/function/internal_message.html?_=1717515141273&CODE_STATE=getMsg HTTP/1.1" 200 27
116.232.195.13 - - [04/Jun/2024:23:32:32 +0800] "GET /xingrg/all/function/internal_message.html?_=1717515145780&CODE_STATE=getMsg HTTP/1.1" 200 27
116.232.195.13 - - [04/Jun/2024:23:32:32 +0800] "GET /xingrg/check_reg.html?_=1717515145786 HTTP/1.1" 200 22
172.20.0.253 - - [04/Jun/2024:23:32:39 +0800] "GET /xingrg/all/function/internal_message.html?_=1717515166653&CODE_STATE=getMsg HTTP/1.1" 200 27
180.169.147.146 - - [04/Jun/2024:23:32:51 +0800] "GET /xingrg/all/function/internal_message.html?_=1717515171120&CODE_STATE=getMsg HTTP/1.1" 200 27
222.64.2.11 - - [04/Jun/2024:23:32:52 +0800] "GET /xingrg/check_reg.html?_=1717515172604 HTTP/1.1" 200 22
180.156.239.18 - - [04/Jun/2024:23:33:03 +0800] "GET /xingrg/check_reg.html?_=1717515183525 HTTP/1.1" 200 22
58.40.7.146 - - [04/Jun/2024:23:33:04 +0800] "GET /xingrg/all/function/internal_message.html?_=1717515198456&CODE_STATE=getMsg HTTP/1.1" 200 27
180.156.239.18 - - [04/Jun/2024:23:33:06 +0800] "GET /xingrg/all/function/internal_message.html?_=1717515186639&CODE_STATE=getMsg HTTP/1.1" 200 27
180.169.147.146 - - [04/Jun/2024:23:33:19 +0800] "GET /xingrg/all/function/internal_message.html?_=1717515201273&CODE_STATE=getMsg HTTP/1.1" 200 27
58.40.7.146 - - [04/Jun/2024:23:33:25 +0800] "GET /xingrg/kc/base/base_main.html HTTP/1.1" 200 12142
58.40.7.146 - - [04/Jun/2024:23:33:27 +0800] "GET /xingrg/kc/base/check_order_list.html HTTP/1.1" 200 16605
58.40.7.146 - - [04/Jun/2024:23:33:28 +0800] "POST /xingrg/kc/base/check_list_operate.html HTTP/1.1" 200 1569
116.232.195.13 - - [04/Jun/2024:23:33:32 +0800] "GET /xingrg/all/function/internal_message.html?_=1717515205782&CODE_STATE=getMsg HTTP/1.1" 200 27
58.40.7.146 - - [04/Jun/2024:23:33:33 +0800] "POST /xingrg/kc/base/check_list_operate.html HTTP/1.1" 200 5501
58.40.7.146 - - [04/Jun/2024:23:33:36 +0800] "GET /xingrg/kc/base/check_order_info.html?code=452024060100032 HTTP/1.1" 200 23114
58.40.7.146 - - [04/Jun/2024:23:33:36 +0800] "GET /xingrg/dwr/interface/AjaxComOrderService.js HTTP/1.1" 200 18264
58.40.7.146 - - [04/Jun/2024:23:33:36 +0800] "GET /xingrg/dwr/interface/AjaxCheckService.js HTTP/1.1" 200 14003
58.40.7.146 - - [04/Jun/2024:23:33:36 +0800] "GET /xingrg/dwr/engine.js HTTP/1.1" 200 43631
58.40.7.146 - - [04/Jun/2024:23:33:36 +0800] "POST /xingrg/dwr/call/plaincall/AjaxCheckService.loadOrderItems.dwr HTTP/1.1" 200 1893
172.20.0.253 - - [04/Jun/2024:23:33:39 +0800] "GET /xingrg/all/function/internal_message.html?_=1717515226661&CODE_STATE=getMsg HTTP/1.1" 200 27
58.40.7.146 - - [04/Jun/2024:23:33:40 +0800] "GET /xingrg/kc/cost/cost_list.html HTTP/1.1" 200 6093
58.40.7.146 - - [04/Jun/2024:23:33:40 +0800] "GET /xingrg/dwr/interface/AjaxReportQueryService.js HTTP/1.1" 200 13203
58.40.7.146 - - [04/Jun/2024:23:33:40 +0800] "GET /xingrg/dwr/engine.js HTTP/1.1" 200 43631
58.40.7.146 - - [04/Jun/2024:23:33:41 +0800] "GET /xingrg/kc/cost/cost_operate.html?_=1717515234412&command=load_cost_list HTTP/1.1" 200 9696
180.169.147.146 - - [04/Jun/2024:23:33:51 +0800] "GET /xingrg/all/function/internal_message.html?_=1717515231106&CODE_STATE=getMsg HTTP/1.1" 200 27
58.40.7.146 - - [04/Jun/2024:23:34:03 +0800] "POST /xingrg/kc/cost/cost_operate.html HTTP/1.1" 200 4
58.40.7.146 - - [04/Jun/2024:23:34:05 +0800] "GET /xingrg/kc/cost/cost_operate.html?_=1717515258857&command=load_cost_list HTTP/1.1" 200 9501
180.156.239.18 - - [04/Jun/2024:23:34:06 +0800] "GET /xingrg/all/function/internal_message.html?_=1717515246625&CODE_STATE=getMsg HTTP/1.1" 200 27
58.40.7.146 - - [04/Jun/2024:23:34:07 +0800] "POST /xingrg/load_menu.html HTTP/1.1" 200 10797
58.40.7.146 - - [04/Jun/2024:23:34:08 +0800] "GET /xingrg/all/report/report_query.html?fileName=dma/new_5.0/menu/menu_category_hz.xml HTTP/1.1" 200 53064
58.40.7.146 - - [04/Jun/2024:23:34:08 +0800] "GET /xingrg/dwr/interface/AjaxReportQueryService.js HTTP/1.1" 200 13203
58.40.7.146 - - [04/Jun/2024:23:34:08 +0800] "GET /xingrg/dwr/engine.js HTTP/1.1" 200 43631
58.40.7.146 - - [04/Jun/2024:23:34:09 +0800] "POST /xingrg/dwr/call/plaincall/AjaxReportQueryService.getFixDate.dwr HTTP/1.1" 200 111
58.40.7.146 - - [04/Jun/2024:23:34:09 +0800] "POST /xingrg/all/common/load_tree.html?tree=area_station_tree_json&manage=1 HTTP/1.1" 200 3399
58.40.7.146 - - [04/Jun/2024:23:34:10 +0800] "GET /xingrg/all/report/report_query.html?fileName=dma/new_5.0/menu/menu_stca_hz.xml HTTP/1.1" 200 51418
58.40.7.146 - - [04/Jun/2024:23:34:10 +0800] "GET /xingrg/dwr/interface/AjaxReportQueryService.js HTTP/1.1" 200 13203
58.40.7.146 - - [04/Jun/2024:23:34:10 +0800] "GET /xingrg/dwr/engine.js HTTP/1.1" 200 43631
58.40.7.146 - - [04/Jun/2024:23:34:10 +0800] "POST /xingrg/dwr/call/plaincall/AjaxReportQueryService.getFixDate.dwr HTTP/1.1" 200 111
58.40.7.146 - - [04/Jun/2024:23:34:10 +0800] "POST /xingrg/all/common/load_tree.html?tree=area_station_tree_json&manage=1 HTTP/1.1" 200 3399
58.40.7.146 - - [04/Jun/2024:23:34:12 +0800] "POST /xingrg/dwr/call/plaincall/AjaxReportQueryService.getFixDate.dwr HTTP/1.1" 200 111
58.40.7.146 - - [04/Jun/2024:23:34:14 +0800] "POST /xingrg/dwr/call/plaincall/AjaxReportQueryService.refreshCache.dwr HTTP/1.1" 200 78
58.40.7.146 - - [04/Jun/2024:23:34:15 +0800] "POST /xingrg/all/report/load_report_page.html HTTP/1.1" 200 59024
58.40.7.146 - - [04/Jun/2024:23:34:15 +0800] "GET /xingrg/servlets/image?cache=0.8649550351489977&image=px HTTP/1.1" 200 807
58.40.7.146 - - [04/Jun/2024:23:34:18 +0800] "GET /xingrg/all/report/report_query.html?isQuery=1&fileName=dma/new_5.0/menu/menu_hz.xml&queryString=(a.sale_day%2520between%252020240501%2520and%252020240531)%2520and%2520(a.sid%2520in%2520(20))%2520and%2520(a.tj_code%253D14)&queryText=%25E3%2580%2590%25E8%2590%25A5%25E4%25B8%259A%25E6%2597%25A5%25E6%259C%259F%253A2024-05-01%2520%25E8%2587%25B3%25202024-05-31%25E3%2580%2591%2520%25E5%25B9%25B6%25E4%25B8%2594%2520%2520%25E3%2580%2590%25E9%2597%25A8%25E5%25BA%2597%25E5%2590%258D%25E7%25A7%25B0%2520%253D%2520%25E6%25A6%2595%25E6%25B8%25AF%25E5%2590%258D%25E8%25BD%25A9%25E6%25B5%25A6%25E4%25B8%259C%25E5%25A4%25A7%25E9%2581%2593%25E5%25BA%2597%25E3%2580%2591%2520%25E5%25B9%25B6%25E4%25B8%2594%2520%25E3%2580%2590%25E7%25BB%259F%25E8%25AE%25A1%25E7%25B1%25BB%25E5%2588%25AB%2520%253D%2520%25E7%25A4%25BC%25E7%259B%2592%25E3%2580%2591 HTTP/1.1" 200 54124
58.40.7.146 - - [04/Jun/2024:23:34:18 +0800] "GET /xingrg/dwr/engine.js HTTP/1.1" 200 43631
58.40.7.146 - - [04/Jun/2024:23:34:18 +0800] "GET /favicon.ico HTTP/1.1" 404 -
58.40.7.146 - - [04/Jun/2024:23:34:19 +0800] "POST /xingrg/all/report/load_report_page.html HTTP/1.1" 200 22241
58.40.7.146 - - [04/Jun/2024:23:34:19 +0800] "GET /xingrg/servlets/image?cache=0.4555734345989425&image=px HTTP/1.1" 200 807
180.169.147.146 - - [04/Jun/2024:23:34:19 +0800] "GET /xingrg/all/function/internal_message.html?_=1717515261271&CODE_STATE=getMsg HTTP/1.1" 200 27
180.169.147.146 - - [04/Jun/2024:23:34:19 +0800] "GET /xingrg/check_reg.html?_=1717515261273 HTTP/1.1" 200 22
180.169.147.146 - - [04/Jun/2024:23:34:21 +0800] "GET /xingrg/check_reg.html?_=1717515260706 HTTP/1.1" 200 22
58.40.7.146 - - [04/Jun/2024:23:34:28 +0800] "GET /xingrg/kc/base/base_main.html HTTP/1.1" 200 12142
58.40.7.146 - - [04/Jun/2024:23:34:30 +0800] "GET /xingrg/kc/base/check_order_list.html HTTP/1.1" 200 16605
