61.170.233.172 - - [02/Jun/2024:09:30:52 +0800] "GET /xingrg/servlets/image?cache=0.0035066528194063196&image=px HTTP/1.1" 200 807
116.238.97.31 - - [02/Jun/2024:09:30:57 +0800] "GET /xingrg/all/function/internal_message.html?_=1717291858135&CODE_STATE=getMsg HTTP/1.1" 200 27
116.238.97.31 - - [02/Jun/2024:09:30:57 +0800] "GET /xingrg/check_reg.html?_=1717291858136 HTTP/1.1" 200 22
61.170.233.172 - - [02/Jun/2024:09:31:05 +0800] "GET /xingrg/kc/base/stock_detail.html?m=00101028062 HTTP/1.1" 200 7369
61.170.233.172 - - [02/Jun/2024:09:31:09 +0800] "GET /xingrg/kc/base/stock_operate.html?_=1717291869780&command=get_report_file&start_day=20240501 HTTP/1.1" 200 53
61.170.233.172 - - [02/Jun/2024:09:31:09 +0800] "GET /xingrg/all/report/report_query.html?isQuery=1&onlyBody=1&rh=2000&fileName=kc/base/kc_stock_detail_new.xml&queryString=(1=1)&queryText=&tableQueryString=init_table$sp1$$sp$crk_table$sp1$order_day%20between%2020240501%20and%2020240630&varString=start_day:20240501,materiel_code:00101028062,cost_id:5031,end_date:20240430 HTTP/1.1" 200 48701
61.170.233.172 - - [02/Jun/2024:09:31:10 +0800] "GET /xingrg/dwr/interface/AjaxReportQueryService.js HTTP/1.1" 200 13203
61.170.233.172 - - [02/Jun/2024:09:31:10 +0800] "GET /xingrg/dwr/engine.js HTTP/1.1" 200 43631
222.64.145.245 - - [02/Jun/2024:09:31:11 +0800] "GET /xingrg/all/function/internal_message.html?_=1717291872061&CODE_STATE=getMsg HTTP/1.1" 302 -
61.170.233.172 - - [02/Jun/2024:09:31:11 +0800] "POST /xingrg/all/report/load_report_page.html HTTP/1.1" 200 30024
61.170.233.172 - - [02/Jun/2024:09:31:11 +0800] "GET /xingrg/servlets/image?cache=0.6680891607752615&image=px HTTP/1.1" 200 807
61.170.233.172 - - [02/Jun/2024:09:31:19 +0800] "GET /xingrg/all/function/internal_message.html?_=1717291879404&CODE_STATE=getMsg HTTP/1.1" 200 27
222.69.129.238 - - [02/Jun/2024:09:31:24 +0800] "GET /xingrg/kc/base/check_order_list.html HTTP/1.1" 200 16340
222.69.129.238 - - [02/Jun/2024:09:31:24 +0800] "POST /xingrg/kc/base/check_list_operate.html HTTP/1.1" 200 1887
222.69.129.238 - - [02/Jun/2024:09:31:27 +0800] "GET /xingrg/all/function/internal_message.html?_=1717291889352&CODE_STATE=getMsg HTTP/1.1" 200 27
180.169.147.146 - - [02/Jun/2024:09:31:30 +0800] "GET /xingrg/all/function/internal_message.html?_=1717291890810&CODE_STATE=getMsg HTTP/1.1" 200 27
61.170.233.172 - - [02/Jun/2024:09:31:33 +0800] "GET /xingrg/kc/guide/show_order.html?code=212024051604454&type=21 HTTP/1.1" 302 -
61.170.233.172 - - [02/Jun/2024:09:31:34 +0800] "GET /xingrg/kc/buy/cgsh_order_info.html?code=212024051604454&sysBaseUrl=http%3A%2F%2F180.169.147.146%3A18081%2Fxingrg%2F&costTime=1×tamp=1717291893194 HTTP/1.1" 200 69868
61.170.233.172 - - [02/Jun/2024:09:31:34 +0800] "GET /favicon.ico HTTP/1.1" 404 -
61.170.233.172 - - [02/Jun/2024:09:31:34 +0800] "GET /xingrg/javascript/easyui/themes/default/validatebox.css HTTP/1.1" 404 1104
61.170.233.172 - - [02/Jun/2024:09:31:35 +0800] "POST /xingrg/kc/buy/cgsh_order_operate.html HTTP/1.1" 200 5576
222.69.129.238 - - [02/Jun/2024:09:31:37 +0800] "POST /xingrg/kc/base/check_list_operate.html HTTP/1.1" 200 4
222.69.129.238 - - [02/Jun/2024:09:31:39 +0800] "POST /xingrg/kc/base/check_list_operate.html HTTP/1.1" 200 781
180.156.239.18 - - [02/Jun/2024:09:31:40 +0800] "GET /xingrg/check_reg.html?_=1717291900863 HTTP/1.1" 200 22
222.69.129.238 - - [02/Jun/2024:09:31:44 +0800] "GET /xingrg/login.html HTTP/1.1" 200 7641
222.69.129.238 - - [02/Jun/2024:09:31:44 +0800] "GET /favicon.ico HTTP/1.1" 404 -
222.69.129.238 - - [02/Jun/2024:09:31:47 +0800] "POST /xingrg/login.do HTTP/1.1" 302 -
222.69.129.238 - - [02/Jun/2024:09:31:47 +0800] "GET /xingrg/index.html?sysBaseUrl=http%3A%2F%2F180.169.147.146%3A18081%2Fxingrg%2F&costTime=826×tamp=1717291907328 HTTP/1.1" 200 17179
222.69.129.238 - - [02/Jun/2024:09:31:47 +0800] "GET /favicon.ico HTTP/1.1" 404 -
222.69.129.238 - - [02/Jun/2024:09:31:47 +0800] "POST /xingrg/all/common/load_tree.html?tree=area_rest_tree_json&manage=1 HTTP/1.1" 200 351
222.69.129.238 - - [02/Jun/2024:09:31:47 +0800] "GET /xingrg/check_reg.html?_=1717291909536 HTTP/1.1" 200 22
222.69.129.238 - - [02/Jun/2024:09:31:47 +0800] "GET /xingrg/all/function/internal_message.html?_=1717291909536&CODE_STATE=count HTTP/1.1" 200 11
222.69.129.238 - - [02/Jun/2024:09:31:47 +0800] "POST /xingrg/load_menu.html HTTP/1.1" 200 5138
222.70.182.146 - - [02/Jun/2024:09:31:50 +0800] "GET /xingrg/all/function/internal_message.html?_=1717291909957&CODE_STATE=getMsg HTTP/1.1" 200 27
61.170.233.172 - - [02/Jun/2024:09:31:51 +0800] "GET /xingrg/kc/base/stock_detail.html?m=00101028034 HTTP/1.1" 200 7362
222.69.129.238 - - [02/Jun/2024:09:31:53 +0800] "GET /xingrg/kc/base/check_order_list.html HTTP/1.1" 200 16340
222.69.129.238 - - [02/Jun/2024:09:31:53 +0800] "POST /xingrg/kc/base/check_list_operate.html HTTP/1.1" 200 781
222.69.129.238 - - [02/Jun/2024:09:31:55 +0800] "GET /xingrg/kc/base/check_order_add.html HTTP/1.1" 200 25574
222.69.129.238 - - [02/Jun/2024:09:31:55 +0800] "GET /xingrg/dwr/interface/AjaxComOrderService.js HTTP/1.1" 200 18264
222.69.129.238 - - [02/Jun/2024:09:31:55 +0800] "GET /xingrg/dwr/interface/AjaxCheckService.js HTTP/1.1" 200 14003
222.69.129.238 - - [02/Jun/2024:09:31:55 +0800] "GET /xingrg/dwr/engine.js HTTP/1.1" 200 43631
116.238.97.31 - - [02/Jun/2024:09:31:57 +0800] "GET /xingrg/all/function/internal_message.html?_=1717291918135&CODE_STATE=getMsg HTTP/1.1" 200 27
222.69.129.238 - - [02/Jun/2024:09:32:11 +0800] "POST /xingrg/dwr/call/plaincall/AjaxCheckService.saveOrder.dwr HTTP/1.1" 200 78
222.64.145.245 - - [02/Jun/2024:09:32:11 +0800] "GET /xingrg/all/function/internal_message.html?_=1717291932059&CODE_STATE=getMsg HTTP/1.1" 302 -
222.69.129.238 - - [02/Jun/2024:09:32:13 +0800] "POST /xingrg/dwr/call/plaincall/AjaxCheckService.loadOrderItems.dwr HTTP/1.1" 200 367
222.67.233.39 - - [02/Jun/2024:09:32:13 +0800] "GET /xingrg/check_reg.html?_=1717291933480 HTTP/1.1" 302 -
222.69.129.238 - - [02/Jun/2024:09:32:14 +0800] "GET /xingrg/javascript/jquery_easy_ui/themes/default/images/button_span_bg.gif HTTP/1.1" 200 2061
222.69.129.238 - - [02/Jun/2024:09:32:14 +0800] "GET /xingrg/javascript/jquery_easy_ui/themes/icons/ok.png HTTP/1.1" 200 883
222.69.129.238 - - [02/Jun/2024:09:32:14 +0800] "GET /xingrg/javascript/jquery_easy_ui/themes/default/images/panel_title.png HTTP/1.1" 200 266
222.69.129.238 - - [02/Jun/2024:09:32:14 +0800] "GET /xingrg/javascript/jquery_easy_ui/themes/default/images/panel_tools.gif HTTP/1.1" 200 737
61.170.233.172 - - [02/Jun/2024:09:32:19 +0800] "GET /xingrg/all/function/internal_message.html?_=1717291939404&CODE_STATE=getMsg HTTP/1.1" 200 27
222.69.129.238 - - [02/Jun/2024:09:32:19 +0800] "POST /xingrg/dwr/call/plaincall/AjaxCheckService.importOrderItems.dwr HTTP/1.1" 200 78
222.69.129.238 - - [02/Jun/2024:09:32:21 +0800] "POST /xingrg/dwr/call/plaincall/AjaxCheckService.loadOrderItems.dwr HTTP/1.1" 200 19157
180.169.147.146 - - [02/Jun/2024:09:32:30 +0800] "GET /xingrg/all/function/internal_message.html?_=1717291950808&CODE_STATE=getMsg HTTP/1.1" 200 27
222.69.129.238 - - [02/Jun/2024:09:32:47 +0800] "GET /xingrg/all/function/internal_message.html?_=1717291969575&CODE_STATE=getMsg HTTP/1.1" 200 27
222.70.182.146 - - [02/Jun/2024:09:32:50 +0800] "GET /xingrg/all/function/internal_message.html?_=1717291969973&CODE_STATE=getMsg HTTP/1.1" 200 27
222.70.182.146 - - [02/Jun/2024:09:32:50 +0800] "GET /xingrg/check_reg.html?_=1717291969966 HTTP/1.1" 200 22
221.239.170.140 - - [02/Jun/2024:09:32:50 +0800] "GET /xingrg/check_reg.html?_=1717291969642 HTTP/1.1" 200 22
116.238.97.31 - - [02/Jun/2024:09:32:57 +0800] "GET /xingrg/all/function/internal_message.html?_=1717291978133&CODE_STATE=getMsg HTTP/1.1" 200 27
222.64.145.245 - - [02/Jun/2024:09:33:11 +0800] "GET /xingrg/all/function/internal_message.html?_=1717291992057&CODE_STATE=getMsg HTTP/1.1" 302 -
61.170.233.172 - - [02/Jun/2024:09:33:19 +0800] "GET /xingrg/all/function/internal_message.html?_=1717291999394&CODE_STATE=getMsg HTTP/1.1" 200 27
180.169.147.146 - - [02/Jun/2024:09:33:30 +0800] "GET /xingrg/all/function/internal_message.html?_=1717292010824&CODE_STATE=getMsg HTTP/1.1" 200 27
116.238.97.31 - - [02/Jun/2024:09:33:32 +0800] "GET /xingrg/check_reg.html?_=1717292011967 HTTP/1.1" 302 -
222.69.129.238 - - [02/Jun/2024:09:33:47 +0800] "GET /xingrg/all/function/internal_message.html?_=1717292029554&CODE_STATE=getMsg HTTP/1.1" 200 27
222.70.182.146 - - [02/Jun/2024:09:33:50 +0800] "GET /xingrg/all/function/internal_message.html?_=1717292029961&CODE_STATE=getMsg HTTP/1.1" 200 27
222.69.129.238 - - [02/Jun/2024:09:33:55 +0800] "POST /xingrg/dwr/call/plaincall/AjaxCheckService.setItemNumber.dwr HTTP/1.1" 200 76
116.238.97.31 - - [02/Jun/2024:09:33:57 +0800] "GET /xingrg/all/function/internal_message.html?_=1717292038137&CODE_STATE=getMsg HTTP/1.1" 200 27
222.64.145.245 - - [02/Jun/2024:09:34:11 +0800] "GET /xingrg/all/function/internal_message.html?_=1717292052055&CODE_STATE=getMsg HTTP/1.1" 302 -
222.69.129.238 - - [02/Jun/2024:09:34:13 +0800] "POST /xingrg/dwr/call/plaincall/AjaxCheckService.setItemNumber.dwr HTTP/1.1" 200 76
61.170.233.172 - - [02/Jun/2024:09:34:19 +0800] "GET /xingrg/all/function/internal_message.html?_=1717292059404&CODE_STATE=getMsg HTTP/1.1" 200 27
180.169.147.146 - - [02/Jun/2024:09:34:30 +0800] "GET /xingrg/all/function/internal_message.html?_=1717292070809&CODE_STATE=getMsg HTTP/1.1" 200 27
222.69.129.238 - - [02/Jun/2024:09:34:47 +0800] "GET /xingrg/all/function/internal_message.html?_=1717292089550&CODE_STATE=getMsg HTTP/1.1" 200 27
222.70.182.146 - - [02/Jun/2024:09:34:50 +0800] "GET /xingrg/all/function/internal_message.html?_=1717292089955&CODE_STATE=getMsg HTTP/1.1" 200 27
116.238.97.31 - - [02/Jun/2024:09:34:57 +0800] "GET /xingrg/all/function/internal_message.html?_=1717292098140&CODE_STATE=getMsg HTTP/1.1" 200 27
222.64.145.245 - - [02/Jun/2024:09:35:11 +0800] "GET /xingrg/check_reg.html?_=1717292112056 HTTP/1.1" 302 -
222.64.145.245 - - [02/Jun/2024:09:35:11 +0800] "GET /xingrg/all/function/internal_message.html?_=1717292112054&CODE_STATE=getMsg HTTP/1.1" 302 -
61.170.233.172 - - [02/Jun/2024:09:35:19 +0800] "GET /xingrg/check_reg.html?_=1717292119402 HTTP/1.1" 200 22
61.170.233.172 - - [02/Jun/2024:09:35:19 +0800] "GET /xingrg/all/function/internal_message.html?_=1717292119403&CODE_STATE=getMsg HTTP/1.1" 200 27
180.169.147.146 - - [02/Jun/2024:09:35:30 +0800] "GET /xingrg/all/function/internal_message.html?_=1717292130808&CODE_STATE=getMsg HTTP/1.1" 200 27
180.169.147.146 - - [02/Jun/2024:09:35:30 +0800] "GET /xingrg/check_reg.html?_=1717292130810 HTTP/1.1" 200 22
222.69.129.238 - - [02/Jun/2024:09:35:47 +0800] "GET /xingrg/all/function/internal_message.html?_=1717292149564&CODE_STATE=getMsg HTTP/1.1" 200 27
222.70.182.146 - - [02/Jun/2024:09:35:50 +0800] "GET /xingrg/all/function/internal_message.html?_=1717292149956&CODE_STATE=getMsg HTTP/1.1" 200 27
116.238.97.31 - - [02/Jun/2024:09:35:57 +0800] "GET /xingrg/check_reg.html?_=1717292158140 HTTP/1.1" 200 22
116.238.97.31 - - [02/Jun/2024:09:35:57 +0800] "GET /xingrg/all/function/internal_message.html?_=1717292158139&CODE_STATE=getMsg HTTP/1.1" 200 27
222.64.145.245 - - [02/Jun/2024:09:36:11 +0800] "GET /xingrg/all/function/internal_message.html?_=1717292172077&CODE_STATE=getMsg HTTP/1.1" 302 -
61.170.233.172 - - [02/Jun/2024:09:36:19 +0800] "GET /xingrg/all/function/internal_message.html?_=1717292179389&CODE_STATE=getMsg HTTP/1.1" 200 27
116.238.97.31 - - [02/Jun/2024:09:36:25 +0800] "GET /xingrg/kc/mdqp/qqps_order_list.html HTTP/1.1" 302 -
116.238.97.31 - - [02/Jun/2024:09:36:25 +0800] "GET /xingrg/login.html HTTP/1.1" 200 7641
116.238.97.31 - - [02/Jun/2024:09:36:25 +0800] "GET /xingrg/login.html HTTP/1.1" 200 7641
116.238.97.31 - - [02/Jun/2024:09:36:25 +0800] "GET /xingrg/images/blue/jxLogo.png HTTP/1.1" 200 6156
116.238.97.31 - - [02/Jun/2024:09:36:25 +0800] "GET /xingrg/images/blue/login_bg.png HTTP/1.1" 200 22101
116.238.97.31 - - [02/Jun/2024:09:36:25 +0800] "GET /xingrg/images/blue/hj.png HTTP/1.1" 200 1014
116.238.97.31 - - [02/Jun/2024:09:36:25 +0800] "GET /xingrg/images/blue/srbg.png HTTP/1.1" 200 138
116.238.97.31 - - [02/Jun/2024:09:36:25 +0800] "GET /favicon.ico HTTP/1.1" 404 -
116.238.97.31 - - [02/Jun/2024:09:36:27 +0800] "POST /xingrg/login.do HTTP/1.1" 302 -
116.238.97.31 - - [02/Jun/2024:09:36:27 +0800] "GET /xingrg/index.html?sysBaseUrl=http%3A%2F%2F180.169.147.146%3A18081%2Fxingrg%2F&costTime=831×tamp=1717292187565 HTTP/1.1" 200 17173
116.238.97.31 - - [02/Jun/2024:09:36:27 +0800] "GET /xingrg/javascript/jquery_easy_ui/themes/icon.css HTTP/1.1" 200 3949
116.238.97.31 - - [02/Jun/2024:09:36:27 +0800] "GET /xingrg/javascript/jquery_easy_ui/themes/default/easyui.css HTTP/1.1" 200 26500
116.238.97.31 - - [02/Jun/2024:09:36:27 +0800] "GET /xingrg/css/form.css HTTP/1.1" 200 893
116.238.97.31 - - [02/Jun/2024:09:36:27 +0800] "GET /xingrg/javascript/jquery_easy_ui/easyui-lang-zh_CN.js HTTP/1.1" 200 1900
116.238.97.31 - - [02/Jun/2024:09:36:27 +0800] "GET /xingrg/javascript/jquery_easy_ui/jquery.easyui.min.js HTTP/1.1" 200 213662
116.238.97.31 - - [02/Jun/2024:09:36:27 +0800] "GET /xingrg/javascript/jquery-1.4.2.min.js HTTP/1.1" 200 72205
116.238.97.31 - - [02/Jun/2024:09:36:27 +0800] "GET /xingrg/javascript/jquery.form.js HTTP/1.1" 200 23110
116.238.97.31 - - [02/Jun/2024:09:36:27 +0800] "GET /xingrg/javascript/jquery.utils.js HTTP/1.1" 200 11805
116.238.97.31 - - [02/Jun/2024:09:36:27 +0800] "GET /xingrg/javascript/jquery.timers.js HTTP/1.1" 200 3532
116.238.97.31 - - [02/Jun/2024:09:36:27 +0800] "GET /favicon.ico HTTP/1.1" 404 -
116.238.97.31 - - [02/Jun/2024:09:36:27 +0800] "GET /xingrg/javascript/jquery_easy_ui/themes/icons/settle_new.png HTTP/1.1" 200 826
116.238.97.31 - - [02/Jun/2024:09:36:27 +0800] "GET /xingrg/images/blue/navBackgound.jpg HTTP/1.1" 200 12378
116.238.97.31 - - [02/Jun/2024:09:36:27 +0800] "GET /xingrg/check_reg.html?_=1717292187810 HTTP/1.1" 200 22
116.238.97.31 - - [02/Jun/2024:09:36:27 +0800] "GET /xingrg/all/function/internal_message.html?_=1717292187809&CODE_STATE=count HTTP/1.1" 200 11
116.238.97.31 - - [02/Jun/2024:09:36:27 +0800] "GET /xingrg/images/blue/pingpu.png HTTP/1.1" 200 231
116.238.97.31 - - [02/Jun/2024:09:36:27 +0800] "GET /xingrg/javascript/jquery_easy_ui/themes/default/images/panel_tool_collapse.gif HTTP/1.1" 200 246
116.238.97.31 - - [02/Jun/2024:09:36:27 +0800] "GET /xingrg/javascript/jquery_easy_ui/themes/default/images/tabs_leftarrow.png HTTP/1.1" 200 389
116.238.97.31 - - [02/Jun/2024:09:36:27 +0800] "GET /xingrg/javascript/jquery_easy_ui/themes/default/images/tabs_rightarrow.png HTTP/1.1" 200 395
116.238.97.31 - - [02/Jun/2024:09:36:27 +0800] "POST /xingrg/all/common/load_tree.html?tree=area_rest_tree_json&manage=1 HTTP/1.1" 200 342
116.238.97.31 - - [02/Jun/2024:09:36:28 +0800] "POST /xingrg/load_menu.html HTTP/1.1" 200 5138
116.238.97.31 - - [02/Jun/2024:09:36:28 +0800] "GET /xingrg/javascript/jquery_easy_ui/themes/default/images/tree_arrows.gif HTTP/1.1" 200 1043
116.238.97.31 - - [02/Jun/2024:09:36:28 +0800] "GET /xingrg/javascript/jquery_easy_ui/themes/icons/storage_new.png HTTP/1.1" 200 853
116.238.97.31 - - [02/Jun/2024:09:36:28 +0800] "GET /xingrg/javascript/jquery_easy_ui/themes/default/images/tree_folder_open.gif HTTP/1.1" 200 956
116.238.97.31 - - [02/Jun/2024:09:36:28 +0800] "GET /xingrg/javascript/jquery_easy_ui/themes/default/images/tree_file.gif HTTP/1.1" 200 118
116.238.97.31 - - [02/Jun/2024:09:36:28 +0800] "GET /xingrg/javascript/jquery_easy_ui/themes/icons/search_new.png HTTP/1.1" 200 586
116.238.97.31 - - [02/Jun/2024:09:36:28 +0800] "GET /xingrg/javascript/jquery_easy_ui/themes/icons/forms_new.png HTTP/1.1" 200 350
116.238.97.31 - - [02/Jun/2024:09:36:28 +0800] "GET /xingrg/javascript/jquery_easy_ui/themes/default/images/tree_folder.gif HTTP/1.1" 200 952
116.238.97.31 - - [02/Jun/2024:09:36:30 +0800] "GET /xingrg/javascript/jquery_easy_ui/themes/default/images/tabs_close.gif HTTP/1.1" 200 829
116.238.97.31 - - [02/Jun/2024:09:36:30 +0800] "GET /xingrg/kc/mdqp/qqps_order_list.html HTTP/1.1" 200 9222
116.238.97.31 - - [02/Jun/2024:09:36:30 +0800] "GET /xingrg/javascript/pic_change.js HTTP/1.1" 200 4739
116.238.97.31 - - [02/Jun/2024:09:36:30 +0800] "GET /xingrg/css/blue.css HTTP/1.1" 200 15949
116.238.97.31 - - [02/Jun/2024:09:36:30 +0800] "GET /xingrg/dwr/interface/AjaxQqpsService.js HTTP/1.1" 200 16326
116.238.97.31 - - [02/Jun/2024:09:36:30 +0800] "GET /xingrg/dwr/util.js HTTP/1.1" 200 35990
116.238.97.31 - - [02/Jun/2024:09:36:30 +0800] "GET /xingrg/dwr/interface/AjaxReportQueryService.js HTTP/1.1" 200 13203
116.238.97.31 - - [02/Jun/2024:09:36:30 +0800] "GET /xingrg/dwr/engine.js HTTP/1.1" 200 43631
116.238.97.31 - - [02/Jun/2024:09:36:30 +0800] "GET /xingrg/javascript/Calendar.js HTTP/1.1" 200 31561
116.238.97.31 - - [02/Jun/2024:09:36:30 +0800] "GET /xingrg/javascript/myfunction.js HTTP/1.1" 200 24559
116.238.97.31 - - [02/Jun/2024:09:36:30 +0800] "GET /xingrg/javascript/ToolTips.js HTTP/1.1" 200 5615
116.238.97.31 - - [02/Jun/2024:09:36:30 +0800] "GET /xingrg/javascript/jquery_easy_ui/themes/icons/check_new.png HTTP/1.1" 200 3224
116.238.97.31 - - [02/Jun/2024:09:36:30 +0800] "GET /xingrg/javascript/jquery_easy_ui/themes/icons/uncheck_new.png HTTP/1.1" 200 3197
116.238.97.31 - - [02/Jun/2024:09:36:30 +0800] "GET /xingrg/javascript/jquery_easy_ui/themes/icons/edit_add_new.png HTTP/1.1" 200 2997
116.238.97.31 - - [02/Jun/2024:09:36:30 +0800] "GET /xingrg/javascript/jquery_easy_ui/themes/icons/cance_new.png HTTP/1.1" 200 3986
180.169.147.146 - - [02/Jun/2024:09:36:30 +0800] "GET /xingrg/all/function/internal_message.html?_=1717292190809&CODE_STATE=getMsg HTTP/1.1" 200 27
116.238.97.31 - - [02/Jun/2024:09:36:39 +0800] "GET /xingrg/kc/mdqp/qqps_order_list.html?isQuery=1&timeSelect=1&orderTime=day&startTime=2024-05-30&endTime=2024-05-30&state=all&query=%C8%B7++%B6%A8 HTTP/1.1" 200 11814
116.238.97.31 - - [02/Jun/2024:09:36:39 +0800] "GET /xingrg/dwr/interface/AjaxQqpsService.js HTTP/1.1" 200 16326
116.238.97.31 - - [02/Jun/2024:09:36:39 +0800] "GET /xingrg/dwr/interface/AjaxReportQueryService.js HTTP/1.1" 200 13203
116.238.97.31 - - [02/Jun/2024:09:36:39 +0800] "GET /xingrg/dwr/engine.js HTTP/1.1" 200 43631
180.156.239.18 - - [02/Jun/2024:09:36:40 +0800] "GET /xingrg/check_reg.html?_=1717292200862 HTTP/1.1" 200 22
116.238.97.31 - - [02/Jun/2024:09:36:41 +0800] "GET /xingrg/kc/mdqp/qqps_order_info.html?code=302024053000467 HTTP/1.1" 200 26710
116.238.97.31 - - [02/Jun/2024:09:36:41 +0800] "GET /xingrg/javascript/auto/jquery.autocomplete.css HTTP/1.1" 200 587
116.238.97.31 - - [02/Jun/2024:09:36:41 +0800] "GET /xingrg/javascript/auto/jquery.autocomplete.js HTTP/1.1" 200 21624
116.238.97.31 - - [02/Jun/2024:09:36:41 +0800] "GET /xingrg/javascript/tools/jquery.qtip-1.0.0-rc3.min.js HTTP/1.1" 200 38404
116.238.97.31 - - [02/Jun/2024:09:36:41 +0800] "GET /xingrg/dwr/interface/AjaxComOrderService.js HTTP/1.1" 200 18264
116.238.97.31 - - [02/Jun/2024:09:36:41 +0800] "GET /xingrg/dwr/interface/AjaxQqpsService.js HTTP/1.1" 200 16326
116.238.97.31 - - [02/Jun/2024:09:36:41 +0800] "GET /xingrg/dwr/engine.js HTTP/1.1" 200 43631
116.238.97.31 - - [02/Jun/2024:09:36:41 +0800] "GET /xingrg/javascript/AjaxInfoList.js HTTP/1.1" 200 3774
116.238.97.31 - - [02/Jun/2024:09:36:41 +0800] "GET /xingrg/javascript/Grid.js HTTP/1.1" 200 58908
116.238.97.31 - - [02/Jun/2024:09:36:41 +0800] "GET /xingrg/javascript/print/kc_print.js HTTP/1.1" 200 11415
116.238.97.31 - - [02/Jun/2024:09:36:41 +0800] "GET /xingrg/javascript/print/LodopFuncs.js HTTP/1.1" 200 5121
116.238.97.31 - - [02/Jun/2024:09:36:41 +0800] "GET /xingrg/words/20240601133356_words.js HTTP/1.1" 200 1031853
116.238.97.31 - - [02/Jun/2024:09:36:41 +0800] "GET /xingrg/javascript/jquery_easy_ui/themes/icons/back_new.png HTTP/1.1" 200 3414
116.238.97.31 - - [02/Jun/2024:09:36:41 +0800] "GET /xingrg/javascript/jquery_easy_ui/themes/default/images/menu_downarrow.png HTTP/1.1" 200 173
116.238.97.31 - - [02/Jun/2024:09:36:41 +0800] "GET /xingrg/javascript/jquery_easy_ui/themes/icons/print.png HTTP/1.1" 200 1057
116.238.97.31 - - [02/Jun/2024:09:36:41 +0800] "GET /xingrg/javascript/jquery_easy_ui/themes/icons/template_new.png HTTP/1.1" 200 3956
116.238.97.31 - - [02/Jun/2024:09:36:41 +0800] "GET /xingrg/javascript/jquery_easy_ui/themes/icons/copy_new.png HTTP/1.1" 200 815
116.238.97.31 - - [02/Jun/2024:09:36:42 +0800] "GET /xingrg/images/blue/wait.gif HTTP/1.1" 200 1100
116.238.97.31 - - [02/Jun/2024:09:36:42 +0800] "GET /xingrg/images/blue/kc_tab_left.gif HTTP/1.1" 200 188
116.238.97.31 - - [02/Jun/2024:09:36:42 +0800] "GET /xingrg/images/blue/kc_tab_mid.gif HTTP/1.1" 200 44
116.238.97.31 - - [02/Jun/2024:09:36:42 +0800] "GET /xingrg/javascript/jquery_easy_ui/themes/default/images/combo_arrow_dot.gif HTTP/1.1" 200 79
116.238.97.31 - - [02/Jun/2024:09:36:42 +0800] "GET /xingrg/images/blue/kc_tab_right.gif HTTP/1.1" 200 643
116.238.97.31 - - [02/Jun/2024:09:36:43 +0800] "POST /xingrg/dwr/call/plaincall/AjaxQqpsService.loadMaterielItems.dwr HTTP/1.1" 200 644
116.238.97.31 - - [02/Jun/2024:09:36:45 +0800] "GET /xingrg/javascript/jquery_easy_ui/themes/default/images/button_plain_hover.png HTTP/1.1" 200 252
116.238.97.31 - - [02/Jun/2024:09:36:45 +0800] "GET /xingrg/kc/mdqp/qqps_order_list.html?isBack=1 HTTP/1.1" 302 -
116.238.97.31 - - [02/Jun/2024:09:36:45 +0800] "GET /xingrg/kc/mdqp/qqps_order_list.html?isQuery=1&timeSelect=1&orderTime=day&startTime=2024-05-30&endTime=2024-05-30&state=all&query=%C8%B7++%B6%A8 HTTP/1.1" 200 11814
116.238.97.31 - - [02/Jun/2024:09:36:45 +0800] "GET /xingrg/dwr/interface/AjaxReportQueryService.js HTTP/1.1" 200 13203
116.238.97.31 - - [02/Jun/2024:09:36:45 +0800] "GET /xingrg/dwr/interface/AjaxQqpsService.js HTTP/1.1" 200 16326
116.238.97.31 - - [02/Jun/2024:09:36:45 +0800] "GET /xingrg/dwr/engine.js HTTP/1.1" 200 43631
116.238.97.31 - - [02/Jun/2024:09:36:47 +0800] "POST /xingrg/services/DataTransmitService HTTP/1.1" 200 524
222.69.129.238 - - [02/Jun/2024:09:36:47 +0800] "GET /xingrg/check_reg.html?_=1717292209554 HTTP/1.1" 200 22
222.69.129.238 - - [02/Jun/2024:09:36:47 +0800] "GET /xingrg/all/function/internal_message.html?_=1717292209558&CODE_STATE=getMsg HTTP/1.1" 200 27
116.238.97.31 - - [02/Jun/2024:09:36:47 +0800] "GET /xingrg/kc/mdqp/qqps_order_info.html?code=302024053000466 HTTP/1.1" 200 26710
116.238.97.31 - - [02/Jun/2024:09:36:47 +0800] "GET /xingrg/dwr/interface/AjaxComOrderService.js HTTP/1.1" 200 18264
116.238.97.31 - - [02/Jun/2024:09:36:47 +0800] "GET /xingrg/dwr/interface/AjaxQqpsService.js HTTP/1.1" 200 16326
116.238.97.31 - - [02/Jun/2024:09:36:47 +0800] "GET /xingrg/dwr/engine.js HTTP/1.1" 200 43631
116.238.97.31 - - [02/Jun/2024:09:36:50 +0800] "POST /xingrg/dwr/call/plaincall/AjaxQqpsService.loadMaterielItems.dwr HTTP/1.1" 200 916
222.70.182.146 - - [02/Jun/2024:09:36:50 +0800] "GET /xingrg/all/function/internal_message.html?_=1717292209964&CODE_STATE=getMsg HTTP/1.1" 200 27
116.238.97.31 - - [02/Jun/2024:09:36:55 +0800] "GET /xingrg/kc/mdqp/qqps_order_list.html?isBack=1 HTTP/1.1" 302 -
116.238.97.31 - - [02/Jun/2024:09:36:56 +0800] "GET /xingrg/kc/mdqp/qqps_order_list.html?isQuery=1&timeSelect=1&orderTime=day&startTime=2024-05-30&endTime=2024-05-30&state=all&query=%C8%B7++%B6%A8 HTTP/1.1" 200 11814
116.238.97.31 - - [02/Jun/2024:09:36:56 +0800] "GET /xingrg/dwr/interface/AjaxQqpsService.js HTTP/1.1" 200 16326
116.238.97.31 - - [02/Jun/2024:09:36:56 +0800] "GET /xingrg/dwr/interface/AjaxReportQueryService.js HTTP/1.1" 200 13203
116.238.97.31 - - [02/Jun/2024:09:36:56 +0800] "GET /xingrg/dwr/engine.js HTTP/1.1" 200 43631
116.238.97.31 - - [02/Jun/2024:09:36:57 +0800] "GET /xingrg/all/function/internal_message.html?_=1717292218152&CODE_STATE=getMsg HTTP/1.1" 200 27
116.238.97.31 - - [02/Jun/2024:09:36:58 +0800] "GET /xingrg/kc/mdqp/qqps_order_info.html?code=302024053000465 HTTP/1.1" 200 26710
116.238.97.31 - - [02/Jun/2024:09:36:58 +0800] "GET /xingrg/dwr/interface/AjaxComOrderService.js HTTP/1.1" 200 18264
116.238.97.31 - - [02/Jun/2024:09:36:58 +0800] "GET /xingrg/dwr/interface/AjaxQqpsService.js HTTP/1.1" 200 16326
116.238.97.31 - - [02/Jun/2024:09:36:58 +0800] "GET /xingrg/dwr/engine.js HTTP/1.1" 200 43631
116.238.97.31 - - [02/Jun/2024:09:36:59 +0800] "POST /xingrg/dwr/call/plaincall/AjaxQqpsService.loadMaterielItems.dwr HTTP/1.1" 200 616
116.238.97.31 - - [02/Jun/2024:09:37:06 +0800] "GET /xingrg/kc/mdqp/qqps_order_list.html?isBack=1 HTTP/1.1" 302 -
116.238.97.31 - - [02/Jun/2024:09:37:06 +0800] "GET /xingrg/kc/mdqp/qqps_order_list.html?isQuery=1&timeSelect=1&orderTime=day&startTime=2024-05-30&endTime=2024-05-30&state=all&query=%C8%B7++%B6%A8 HTTP/1.1" 200 11814
116.238.97.31 - - [02/Jun/2024:09:37:06 +0800] "GET /xingrg/dwr/interface/AjaxReportQueryService.js HTTP/1.1" 200 13203
116.238.97.31 - - [02/Jun/2024:09:37:06 +0800] "GET /xingrg/dwr/interface/AjaxQqpsService.js HTTP/1.1" 200 16326
116.238.97.31 - - [02/Jun/2024:09:37:06 +0800] "GET /xingrg/dwr/engine.js HTTP/1.1" 200 43631
116.238.97.31 - - [02/Jun/2024:09:37:08 +0800] "GET /xingrg/javascript/jquery_easy_ui/themes/default/images/tabs_active.png HTTP/1.1" 200 2894
222.64.145.245 - - [02/Jun/2024:09:37:11 +0800] "GET /xingrg/all/function/internal_message.html?_=1717292232071&CODE_STATE=getMsg HTTP/1.1" 302 -
222.67.233.39 - - [02/Jun/2024:09:37:13 +0800] "GET /xingrg/check_reg.html?_=1717292233454 HTTP/1.1" 302 -
61.170.233.172 - - [02/Jun/2024:09:37:19 +0800] "GET /xingrg/all/function/internal_message.html?_=1717292239405&CODE_STATE=getMsg HTTP/1.1" 200 27
116.238.97.31 - - [02/Jun/2024:09:37:27 +0800] "GET /xingrg/all/function/internal_message.html?_=1717292247835&CODE_STATE=getMsg HTTP/1.1" 200 27
180.169.147.146 - - [02/Jun/2024:09:37:30 +0800] "GET /xingrg/all/function/internal_message.html?_=1717292250808&CODE_STATE=getMsg HTTP/1.1" 200 27
222.69.129.238 - - [02/Jun/2024:09:37:47 +0800] "GET /xingrg/all/function/internal_message.html?_=1717292269570&CODE_STATE=getMsg HTTP/1.1" 200 27
222.70.182.146 - - [02/Jun/2024:09:37:50 +0800] "GET /xingrg/check_reg.html?_=1717292269965 HTTP/1.1" 200 22
222.70.182.146 - - [02/Jun/2024:09:37:50 +0800] "GET /xingrg/all/function/internal_message.html?_=1717292269958&CODE_STATE=getMsg HTTP/1.1" 200 27
221.239.170.140 - - [02/Jun/2024:09:37:50 +0800] "GET /xingrg/check_reg.html?_=1717292269617 HTTP/1.1" 200 22
116.238.97.31 - - [02/Jun/2024:09:37:57 +0800] "GET /xingrg/all/function/internal_message.html?_=1717292278140&CODE_STATE=getMsg HTTP/1.1" 200 27
222.64.145.245 - - [02/Jun/2024:09:38:11 +0800] "GET /xingrg/all/function/internal_message.html?_=1717292292064&CODE_STATE=getMsg HTTP/1.1" 302 -
61.170.233.172 - - [02/Jun/2024:09:38:19 +0800] "GET /xingrg/all/function/internal_message.html?_=1717292299397&CODE_STATE=getMsg HTTP/1.1" 200 27
116.238.97.31 - - [02/Jun/2024:09:38:27 +0800] "GET /xingrg/all/function/internal_message.html?_=1717292307828&CODE_STATE=getMsg HTTP/1.1" 200 27
180.169.147.146 - - [02/Jun/2024:09:38:30 +0800] "GET /xingrg/all/function/internal_message.html?_=1717292310823&CODE_STATE=getMsg HTTP/1.1" 200 27
222.69.129.238 - - [02/Jun/2024:09:38:47 +0800] "GET /xingrg/all/function/internal_message.html?_=1717292329554&CODE_STATE=getMsg HTTP/1.1" 200 27
222.70.182.146 - - [02/Jun/2024:09:38:50 +0800] "GET /xingrg/all/function/internal_message.html?_=1717292329949&CODE_STATE=getMsg HTTP/1.1" 200 27
116.238.97.31 - - [02/Jun/2024:09:38:57 +0800] "GET /xingrg/all/function/internal_message.html?_=1717292338137&CODE_STATE=getMsg HTTP/1.1" 200 27
222.64.145.245 - - [02/Jun/2024:09:39:11 +0800] "GET /xingrg/all/function/internal_message.html?_=1717292352062&CODE_STATE=getMsg HTTP/1.1" 302 -
61.170.233.172 - - [02/Jun/2024:09:39:19 +0800] "GET /xingrg/all/function/internal_message.html?_=1717292359413&CODE_STATE=getMsg HTTP/1.1" 200 27
116.238.97.31 - - [02/Jun/2024:09:39:27 +0800] "GET /xingrg/all/function/internal_message.html?_=1717292367821&CODE_STATE=getMsg HTTP/1.1" 200 27
180.169.147.146 - - [02/Jun/2024:09:39:30 +0800] "GET /xingrg/all/function/internal_message.html?_=1717292370823&CODE_STATE=getMsg HTTP/1.1" 200 27
180.164.6.225 - - [02/Jun/2024:09:39:42 +0800] "POST /xingrg/services/DataTransmitService HTTP/1.1" 200 524
222.69.129.238 - - [02/Jun/2024:09:39:47 +0800] "GET /xingrg/all/function/internal_message.html?_=1717292389555&CODE_STATE=getMsg HTTP/1.1" 200 27
222.70.182.146 - - [02/Jun/2024:09:39:50 +0800] "GET /xingrg/all/function/internal_message.html?_=1717292389960&CODE_STATE=getMsg HTTP/1.1" 200 27
116.238.97.31 - - [02/Jun/2024:09:39:57 +0800] "GET /xingrg/all/function/internal_message.html?_=1717292398167&CODE_STATE=getMsg HTTP/1.1" 200 27
222.64.145.245 - - [02/Jun/2024:09:40:11 +0800] "GET /xingrg/all/function/internal_message.html?_=1717292412060&CODE_STATE=getMsg HTTP/1.1" 302 -
222.64.145.245 - - [02/Jun/2024:09:40:11 +0800] "GET /xingrg/check_reg.html?_=1717292412061 HTTP/1.1" 302 -
61.170.233.172 - - [02/Jun/2024:09:40:19 +0800] "GET /xingrg/check_reg.html?_=1717292419408 HTTP/1.1" 200 22
61.170.233.172 - - [02/Jun/2024:09:40:19 +0800] "GET /xingrg/all/function/internal_message.html?_=1717292419409&CODE_STATE=getMsg HTTP/1.1" 200 27
116.238.97.31 - - [02/Jun/2024:09:40:27 +0800] "GET /xingrg/all/function/internal_message.html?_=1717292427832&CODE_STATE=getMsg HTTP/1.1" 200 27
180.169.147.146 - - [02/Jun/2024:09:40:30 +0800] "GET /xingrg/check_reg.html?_=1717292430822 HTTP/1.1" 200 22
180.169.147.146 - - [02/Jun/2024:09:40:30 +0800] "GET /xingrg/all/function/internal_message.html?_=1717292430824&CODE_STATE=getMsg HTTP/1.1" 200 27
222.69.129.238 - - [02/Jun/2024:09:40:47 +0800] "GET /xingrg/all/function/internal_message.html?_=1717292449564&CODE_STATE=getMsg HTTP/1.1" 200 27
222.70.182.146 - - [02/Jun/2024:09:40:50 +0800] "GET /xingrg/all/function/internal_message.html?_=1717292449957&CODE_STATE=getMsg HTTP/1.1" 200 27
116.238.97.31 - - [02/Jun/2024:09:40:57 +0800] "GET /xingrg/all/function/internal_message.html?_=1717292458151&CODE_STATE=getMsg HTTP/1.1" 200 27
116.238.97.31 - - [02/Jun/2024:09:40:57 +0800] "GET /xingrg/check_reg.html?_=1717292458150 HTTP/1.1" 200 22
222.64.145.245 - - [02/Jun/2024:09:41:11 +0800] "GET /xingrg/all/function/internal_message.html?_=1717292472059&CODE_STATE=getMsg HTTP/1.1" 302 -
112.51.232.125 - - [02/Jun/2024:09:41:17 +0800] "GET /xingrg/check_reg.html?_=1717292477447 HTTP/1.1" 200 22
112.51.232.125 - - [02/Jun/2024:09:41:17 +0800] "GET /xingrg/all/function/internal_message.html?_=1717292477438&CODE_STATE=getMsg HTTP/1.1" 200 27
61.170.233.172 - - [02/Jun/2024:09:41:19 +0800] "GET /xingrg/all/function/internal_message.html?_=1717292479407&CODE_STATE=getMsg HTTP/1.1" 200 27
116.238.97.31 - - [02/Jun/2024:09:41:27 +0800] "GET /xingrg/check_reg.html?_=1717292487822 HTTP/1.1" 200 22
116.238.97.31 - - [02/Jun/2024:09:41:27 +0800] "GET /xingrg/all/function/internal_message.html?_=1717292487826&CODE_STATE=getMsg HTTP/1.1" 200 27
180.169.147.146 - - [02/Jun/2024:09:41:30 +0800] "GET /xingrg/all/function/internal_message.html?_=1717292490822&CODE_STATE=getMsg HTTP/1.1" 200 27
180.156.239.18 - - [02/Jun/2024:09:41:40 +0800] "GET /xingrg/check_reg.html?_=1717292500865 HTTP/1.1" 200 22
222.69.129.238 - - [02/Jun/2024:09:41:41 +0800] "GET /xingrg/kc/base/wldb_order_list.html HTTP/1.1" 200 19221
222.69.129.238 - - [02/Jun/2024:09:41:42 +0800] "POST /xingrg/kc/base/wldb_list_operate.html HTTP/1.1" 200 928
222.69.129.238 - - [02/Jun/2024:09:41:44 +0800] "GET /xingrg/kc/base/wldb_order_add.html HTTP/1.1" 200 30709
222.69.129.238 - - [02/Jun/2024:09:41:44 +0800] "POST /xingrg/kc/base/wldb_order_operate.html HTTP/1.1" 200 6806
222.69.129.238 - - [02/Jun/2024:09:41:44 +0800] "GET /xingrg/all/common/auto_word.html?type=base&rest_code=00154 HTTP/1.1" 200 831
222.69.129.238 - - [02/Jun/2024:09:41:44 +0800] "GET /xingrg/all/common/auto_word.html?type=base&rest_code=00154 HTTP/1.1" 200 831
222.69.129.238 - - [02/Jun/2024:09:41:44 +0800] "GET /xingrg/javascript/easyui/themes/default/validatebox.css HTTP/1.1" 404 1104
222.69.129.238 - - [02/Jun/2024:09:41:47 +0800] "GET /xingrg/check_reg.html?_=1717292509550 HTTP/1.1" 200 22
222.69.129.238 - - [02/Jun/2024:09:41:47 +0800] "GET /xingrg/all/function/internal_message.html?_=1717292509555&CODE_STATE=getMsg HTTP/1.1" 200 27
222.70.182.146 - - [02/Jun/2024:09:41:50 +0800] "GET /xingrg/all/function/internal_message.html?_=1717292509968&CODE_STATE=getMsg HTTP/1.1" 200 27
116.238.97.31 - - [02/Jun/2024:09:41:57 +0800] "GET /xingrg/all/function/internal_message.html?_=1717292518152&CODE_STATE=getMsg HTTP/1.1" 200 27
222.64.145.245 - - [02/Jun/2024:09:42:11 +0800] "GET /xingrg/all/function/internal_message.html?_=1717292532058&CODE_STATE=getMsg HTTP/1.1" 302 -
222.67.233.39 - - [02/Jun/2024:09:42:13 +0800] "GET /xingrg/check_reg.html?_=1717292533435 HTTP/1.1" 302 -
222.69.129.238 - - [02/Jun/2024:09:42:15 +0800] "POST /xingrg/all/common/load_combo.html?type=base HTTP/1.1" 200 1491
112.51.232.125 - - [02/Jun/2024:09:42:17 +0800] "GET /xingrg/all/function/internal_message.html?_=1717292537411&CODE_STATE=getMsg HTTP/1.1" 200 27
61.170.233.172 - - [02/Jun/2024:09:42:19 +0800] "GET /xingrg/all/function/internal_message.html?_=1717292539412&CODE_STATE=getMsg HTTP/1.1" 200 27
222.69.129.238 - - [02/Jun/2024:09:42:21 +0800] "POST /xingrg/all/common/load_combo.html?type=base HTTP/1.1" 200 1491
116.238.97.31 - - [02/Jun/2024:09:42:27 +0800] "GET /xingrg/all/function/internal_message.html?_=1717292547826&CODE_STATE=getMsg HTTP/1.1" 200 27
222.69.129.238 - - [02/Jun/2024:09:42:28 +0800] "GET /xingrg/javascript/jquery_tools/images/prev.gif HTTP/1.1" 404 1086
222.69.129.238 - - [02/Jun/2024:09:42:28 +0800] "GET /xingrg/javascript/jquery_tools/images/next.gif HTTP/1.1" 404 1086
180.169.147.146 - - [02/Jun/2024:09:42:30 +0800] "GET /xingrg/all/function/internal_message.html?_=1717292550822&CODE_STATE=getMsg HTTP/1.1" 200 27
222.69.129.238 - - [02/Jun/2024:09:42:37 +0800] "GET /xingrg/javascript/auto/indicator.gif HTTP/1.1" 404 1066
222.69.129.238 - - [02/Jun/2024:09:42:38 +0800] "GET /xingrg/kc/base/wldb_order_operate.html?command=get_materiel&rest_code=00154&base_code=0010858&code=00101029124 HTTP/1.1" 200 445
222.69.129.238 - - [02/Jun/2024:09:42:47 +0800] "GET /xingrg/all/function/internal_message.html?_=1717292569544&CODE_STATE=getMsg HTTP/1.1" 200 27
222.70.182.146 - - [02/Jun/2024:09:42:50 +0800] "GET /xingrg/check_reg.html?_=1717292569960 HTTP/1.1" 200 22
222.70.182.146 - - [02/Jun/2024:09:42:50 +0800] "GET /xingrg/all/function/internal_message.html?_=1717292569966&CODE_STATE=getMsg HTTP/1.1" 200 27
221.239.170.140 - - [02/Jun/2024:09:42:50 +0800] "GET /xingrg/check_reg.html?_=1717292569623 HTTP/1.1" 200 22
116.238.97.31 - - [02/Jun/2024:09:42:57 +0800] "GET /xingrg/all/function/internal_message.html?_=1717292578151&CODE_STATE=getMsg HTTP/1.1" 200 27
222.64.145.245 - - [02/Jun/2024:09:43:11 +0800] "GET /xingrg/all/function/internal_message.html?_=1717292592092&CODE_STATE=getMsg HTTP/1.1" 302 -
222.69.129.238 - - [02/Jun/2024:09:43:12 +0800] "POST /xingrg/kc/base/wldb_order_operate.html HTTP/1.1" 200 37
112.51.232.125 - - [02/Jun/2024:09:43:17 +0800] "GET /xingrg/all/function/internal_message.html?_=1717292597385&CODE_STATE=getMsg HTTP/1.1" 200 27
222.69.129.238 - - [02/Jun/2024:09:43:18 +0800] "POST /xingrg/kc/base/wldb_order_operate.html HTTP/1.1" 200 12
222.69.129.238 - - [02/Jun/2024:09:43:18 +0800] "POST /xingrg/kc/base/wldb_order_operate.html HTTP/1.1" 200 2189
222.69.129.238 - - [02/Jun/2024:09:43:19 +0800] "GET /xingrg/kc/base/wldb_order_info.html?code=422024060200017 HTTP/1.1" 200 26586
61.170.233.172 - - [02/Jun/2024:09:43:19 +0800] "GET /xingrg/all/function/internal_message.html?_=1717292599390&CODE_STATE=getMsg HTTP/1.1" 200 27
222.69.129.238 - - [02/Jun/2024:09:43:19 +0800] "GET /xingrg/javascript/easyui/themes/default/validatebox.css HTTP/1.1" 404 1104
222.69.129.238 - - [02/Jun/2024:09:43:20 +0800] "POST /xingrg/kc/base/wldb_order_operate.html HTTP/1.1" 200 482
222.69.129.238 - - [02/Jun/2024:09:43:21 +0800] "GET /xingrg/kc/print/load_config.html?kc_code=wldb HTTP/1.1" 200 2261
222.69.129.238 - - [02/Jun/2024:09:43:22 +0800] "GET /xingrg/kc/print/load_data.html?order_code=422024060200017&kc_code=wldb&condition= HTTP/1.1" 200 597
116.238.97.31 - - [02/Jun/2024:09:43:27 +0800] "GET /xingrg/all/function/internal_message.html?_=1717292607820&CODE_STATE=getMsg HTTP/1.1" 200 27
180.169.147.146 - - [02/Jun/2024:09:43:30 +0800] "GET /xingrg/all/function/internal_message.html?_=1717292610820&CODE_STATE=getMsg HTTP/1.1" 200 27
222.69.129.238 - - [02/Jun/2024:09:43:47 +0800] "GET /xingrg/all/function/internal_message.html?_=1717292629545&CODE_STATE=getMsg HTTP/1.1" 200 27
222.70.182.146 - - [02/Jun/2024:09:43:50 +0800] "GET /xingrg/all/function/internal_message.html?_=1717292629951&CODE_STATE=getMsg HTTP/1.1" 200 27
116.238.97.31 - - [02/Jun/2024:09:43:57 +0800] "GET /xingrg/all/function/internal_message.html?_=1717292638149&CODE_STATE=getMsg HTTP/1.1" 200 27
222.64.145.245 - - [02/Jun/2024:09:44:11 +0800] "GET /xingrg/all/function/internal_message.html?_=1717292652087&CODE_STATE=getMsg HTTP/1.1" 302 -
112.51.232.125 - - [02/Jun/2024:09:44:17 +0800] "GET /xingrg/all/function/internal_message.html?_=1717292657359&CODE_STATE=getMsg HTTP/1.1" 200 27
61.170.233.172 - - [02/Jun/2024:09:44:19 +0800] "GET /xingrg/all/function/internal_message.html?_=1717292659398&CODE_STATE=getMsg HTTP/1.1" 200 27
116.238.97.31 - - [02/Jun/2024:09:44:27 +0800] "GET /xingrg/all/function/internal_message.html?_=1717292667827&CODE_STATE=getMsg HTTP/1.1" 200 27
180.169.147.146 - - [02/Jun/2024:09:44:30 +0800] "GET /xingrg/all/function/internal_message.html?_=1717292670820&CODE_STATE=getMsg HTTP/1.1" 200 27
222.69.129.238 - - [02/Jun/2024:09:44:47 +0800] "GET /xingrg/all/function/internal_message.html?_=1717292689569&CODE_STATE=getMsg HTTP/1.1" 200 27
222.70.182.146 - - [02/Jun/2024:09:44:50 +0800] "GET /xingrg/all/function/internal_message.html?_=1717292689951&CODE_STATE=getMsg HTTP/1.1" 200 27
116.238.97.31 - - [02/Jun/2024:09:44:57 +0800] "GET /xingrg/all/function/internal_message.html?_=1717292698165&CODE_STATE=getMsg HTTP/1.1" 200 27
222.64.145.245 - - [02/Jun/2024:09:45:11 +0800] "GET /xingrg/all/function/internal_message.html?_=1717292712078&CODE_STATE=getMsg HTTP/1.1" 302 -
222.64.145.245 - - [02/Jun/2024:09:45:11 +0800] "GET /xingrg/check_reg.html?_=1717292712076 HTTP/1.1" 302 -
112.51.232.125 - - [02/Jun/2024:09:45:17 +0800] "GET /xingrg/all/function/internal_message.html?_=1717292717337&CODE_STATE=getMsg HTTP/1.1" 200 27
61.170.233.172 - - [02/Jun/2024:09:45:19 +0800] "GET /xingrg/all/function/internal_message.html?_=1717292719387&CODE_STATE=getMsg HTTP/1.1" 200 27
61.170.233.172 - - [02/Jun/2024:09:45:19 +0800] "GET /xingrg/check_reg.html?_=1717292719392 HTTP/1.1" 200 22
116.238.97.31 - - [02/Jun/2024:09:45:27 +0800] "GET /xingrg/all/function/internal_message.html?_=1717292727816&CODE_STATE=getMsg HTTP/1.1" 200 27
180.169.147.146 - - [02/Jun/2024:09:45:30 +0800] "GET /xingrg/check_reg.html?_=1717292730822 HTTP/1.1" 200 22
180.169.147.146 - - [02/Jun/2024:09:45:30 +0800] "GET /xingrg/all/function/internal_message.html?_=1717292730820&CODE_STATE=getMsg HTTP/1.1" 200 27
222.69.129.238 - - [02/Jun/2024:09:45:40 +0800] "GET /xingrg/login.html HTTP/1.1" 200 7641
222.69.129.238 - - [02/Jun/2024:09:45:40 +0800] "GET /favicon.ico HTTP/1.1" 404 -
222.69.129.238 - - [02/Jun/2024:09:45:43 +0800] "POST /xingrg/login.do HTTP/1.1" 302 -
222.69.129.238 - - [02/Jun/2024:09:45:43 +0800] "GET /xingrg/index.html?sysBaseUrl=http%3A%2F%2F180.169.147.146%3A18081%2Fxingrg%2F&costTime=830×tamp=1717292743096 HTTP/1.1" 200 17179
222.69.129.238 - - [02/Jun/2024:09:45:43 +0800] "GET /favicon.ico HTTP/1.1" 404 -
222.69.129.238 - - [02/Jun/2024:09:45:43 +0800] "GET /xingrg/all/function/internal_message.html?_=1717292745321&CODE_STATE=count HTTP/1.1" 200 11
222.69.129.238 - - [02/Jun/2024:09:45:43 +0800] "GET /xingrg/check_reg.html?_=1717292745322 HTTP/1.1" 200 22
222.69.129.238 - - [02/Jun/2024:09:45:43 +0800] "POST /xingrg/all/common/load_tree.html?tree=area_rest_tree_json&manage=1 HTTP/1.1" 200 351
222.69.129.238 - - [02/Jun/2024:09:45:43 +0800] "POST /xingrg/load_menu.html HTTP/1.1" 200 5138
222.69.129.238 - - [02/Jun/2024:09:45:47 +0800] "GET /xingrg/kc/base/check_order_list.html HTTP/1.1" 200 16340
222.69.129.238 - - [02/Jun/2024:09:45:47 +0800] "POST /xingrg/kc/base/check_list_operate.html HTTP/1.1" 200 1557
222.70.182.146 - - [02/Jun/2024:09:45:50 +0800] "GET /xingrg/all/function/internal_message.html?_=1717292749962&CODE_STATE=getMsg HTTP/1.1" 200 27
222.69.129.238 - - [02/Jun/2024:09:45:53 +0800] "POST /xingrg/kc/base/check_list_operate.html HTTP/1.1" 200 4
222.69.129.238 - - [02/Jun/2024:09:45:54 +0800] "POST /xingrg/kc/base/check_list_operate.html HTTP/1.1" 200 781
116.238.97.31 - - [02/Jun/2024:09:45:57 +0800] "GET /xingrg/check_reg.html?_=1717292758167 HTTP/1.1" 200 22
116.238.97.31 - - [02/Jun/2024:09:45:57 +0800] "GET /xingrg/all/function/internal_message.html?_=1717292758168&CODE_STATE=getMsg HTTP/1.1" 200 27
222.69.129.238 - - [02/Jun/2024:09:45:58 +0800] "GET /xingrg/login.html HTTP/1.1" 200 7641
222.69.129.238 - - [02/Jun/2024:09:45:58 +0800] "GET /favicon.ico HTTP/1.1" 404 -
222.69.129.238 - - [02/Jun/2024:09:46:00 +0800] "POST /xingrg/login.do HTTP/1.1" 302 -
222.69.129.238 - - [02/Jun/2024:09:46:01 +0800] "GET /xingrg/index.html?sysBaseUrl=http%3A%2F%2F180.169.147.146%3A18081%2Fxingrg%2F&costTime=829×tamp=1717292760969 HTTP/1.1" 200 17179
222.69.129.238 - - [02/Jun/2024:09:46:01 +0800] "GET /favicon.ico HTTP/1.1" 404 -
222.69.129.238 - - [02/Jun/2024:09:46:01 +0800] "GET /xingrg/all/function/internal_message.html?_=1717292763169&CODE_STATE=count HTTP/1.1" 200 11
222.69.129.238 - - [02/Jun/2024:09:46:01 +0800] "GET /xingrg/check_reg.html?_=1717292763172 HTTP/1.1" 200 22
222.69.129.238 - - [02/Jun/2024:09:46:01 +0800] "POST /xingrg/all/common/load_tree.html?tree=area_rest_tree_json&manage=1 HTTP/1.1" 200 351
222.69.129.238 - - [02/Jun/2024:09:46:01 +0800] "POST /xingrg/load_menu.html HTTP/1.1" 200 5138
222.69.129.238 - - [02/Jun/2024:09:46:05 +0800] "GET /xingrg/kc/base/check_order_list.html HTTP/1.1" 200 16340
222.69.129.238 - - [02/Jun/2024:09:46:05 +0800] "POST /xingrg/kc/base/check_list_operate.html HTTP/1.1" 200 781
222.64.145.245 - - [02/Jun/2024:09:46:11 +0800] "GET /xingrg/all/function/internal_message.html?_=1717292772061&CODE_STATE=getMsg HTTP/1.1" 302 -
222.69.129.238 - - [02/Jun/2024:09:46:12 +0800] "GET /xingrg/kc/base/check_order_add.html HTTP/1.1" 200 25574
222.69.129.238 - - [02/Jun/2024:09:46:12 +0800] "GET /xingrg/dwr/interface/AjaxComOrderService.js HTTP/1.1" 200 18264
222.69.129.238 - - [02/Jun/2024:09:46:12 +0800] "GET /xingrg/dwr/interface/AjaxCheckService.js HTTP/1.1" 200 14003
222.69.129.238 - - [02/Jun/2024:09:46:12 +0800] "GET /xingrg/dwr/engine.js HTTP/1.1" 200 43631
112.51.232.125 - - [02/Jun/2024:09:46:17 +0800] "GET /xingrg/all/function/internal_message.html?_=1717292777319&CODE_STATE=getMsg HTTP/1.1" 200 27
112.51.232.125 - - [02/Jun/2024:09:46:17 +0800] "GET /xingrg/check_reg.html?_=1717292777446 HTTP/1.1" 200 22
222.69.129.238 - - [02/Jun/2024:09:46:18 +0800] "POST /xingrg/dwr/call/plaincall/AjaxCheckService.saveOrder.dwr HTTP/1.1" 200 78
61.170.233.172 - - [02/Jun/2024:09:46:19 +0800] "GET /xingrg/all/function/internal_message.html?_=1717292779401&CODE_STATE=getMsg HTTP/1.1" 200 27
222.69.129.238 - - [02/Jun/2024:09:46:20 +0800] "POST /xingrg/dwr/call/plaincall/AjaxCheckService.loadOrderItems.dwr HTTP/1.1" 200 367
116.238.97.31 - - [02/Jun/2024:09:46:27 +0800] "GET /xingrg/check_reg.html?_=1717292787838 HTTP/1.1" 200 22
116.238.97.31 - - [02/Jun/2024:09:46:27 +0800] "GET /xingrg/all/function/internal_message.html?_=1717292787833&CODE_STATE=getMsg HTTP/1.1" 200 27
180.169.147.146 - - [02/Jun/2024:09:46:30 +0800] "GET /xingrg/all/function/internal_message.html?_=1717292790820&CODE_STATE=getMsg HTTP/1.1" 200 27
222.69.129.238 - - [02/Jun/2024:09:46:32 +0800] "POST /xingrg/dwr/call/plaincall/AjaxCheckService.saveOrder.dwr HTTP/1.1" 200 78
222.69.129.238 - - [02/Jun/2024:09:46:33 +0800] "POST /xingrg/dwr/call/plaincall/AjaxCheckService.loadOrderItems.dwr HTTP/1.1" 200 367
180.156.239.18 - - [02/Jun/2024:09:46:40 +0800] "GET /xingrg/check_reg.html?_=1717292800881 HTTP/1.1" 200 22
222.69.129.238 - - [02/Jun/2024:09:46:48 +0800] "POST /xingrg/dwr/call/plaincall/AjaxCheckService.importOrderItems.dwr HTTP/1.1" 200 78
222.70.182.146 - - [02/Jun/2024:09:46:50 +0800] "GET /xingrg/all/function/internal_message.html?_=1717292809979&CODE_STATE=getMsg HTTP/1.1" 200 27
222.69.129.238 - - [02/Jun/2024:09:46:50 +0800] "POST /xingrg/dwr/call/plaincall/AjaxCheckService.loadOrderItems.dwr HTTP/1.1" 200 19157
116.238.97.31 - - [02/Jun/2024:09:46:57 +0800] "GET /xingrg/all/function/internal_message.html?_=1717292818159&CODE_STATE=getMsg HTTP/1.1" 200 27
222.69.129.238 - - [02/Jun/2024:09:46:58 +0800] "POST /xingrg/dwr/call/plaincall/AjaxCheckService.setItemNumber.dwr HTTP/1.1" 200 76
222.69.129.238 - - [02/Jun/2024:09:47:01 +0800] "GET /xingrg/all/function/internal_message.html?_=1717292823183&CODE_STATE=getMsg HTTP/1.1" 200 27
222.69.129.238 - - [02/Jun/2024:09:47:02 +0800] "POST /xingrg/dwr/call/plaincall/AjaxCheckService.setItemNumber.dwr HTTP/1.1" 200 76
222.64.145.245 - - [02/Jun/2024:09:47:11 +0800] "GET /xingrg/all/function/internal_message.html?_=1717292832060&CODE_STATE=getMsg HTTP/1.1" 302 -
222.67.233.39 - - [02/Jun/2024:09:47:13 +0800] "GET /xingrg/check_reg.html?_=1717292833431 HTTP/1.1" 302 -
112.51.232.125 - - [02/Jun/2024:09:47:17 +0800] "GET /xingrg/all/function/internal_message.html?_=1717292837306&CODE_STATE=getMsg HTTP/1.1" 200 27
222.69.129.238 - - [02/Jun/2024:09:47:17 +0800] "POST /xingrg/dwr/call/plaincall/AjaxCheckService.setItemNumber.dwr HTTP/1.1" 200 76
61.170.233.172 - - [02/Jun/2024:09:47:19 +0800] "GET /xingrg/all/function/internal_message.html?_=1717292839395&CODE_STATE=getMsg HTTP/1.1" 200 27
222.69.129.238 - - [02/Jun/2024:09:47:26 +0800] "POST /xingrg/dwr/call/plaincall/AjaxCheckService.setItemNumber.dwr HTTP/1.1" 200 76
116.238.97.31 - - [02/Jun/2024:09:47:27 +0800] "GET /xingrg/all/function/internal_message.html?_=1717292847831&CODE_STATE=getMsg HTTP/1.1" 200 27
180.169.147.146 - - [02/Jun/2024:09:47:30 +0800] "GET /xingrg/all/function/internal_message.html?_=1717292850819&CODE_STATE=getMsg HTTP/1.1" 200 27
222.69.129.238 - - [02/Jun/2024:09:47:34 +0800] "POST /xingrg/dwr/call/plaincall/AjaxCheckService.setItemNumber.dwr HTTP/1.1" 200 77
222.69.129.238 - - [02/Jun/2024:09:47:44 +0800] "POST /xingrg/dwr/call/plaincall/AjaxCheckService.setItemNumber.dwr HTTP/1.1" 200 77
222.69.129.238 - - [02/Jun/2024:09:47:48 +0800] "POST /xingrg/dwr/call/plaincall/AjaxCheckService.setItemNumber.dwr HTTP/1.1" 200 77
222.70.182.146 - - [02/Jun/2024:09:47:50 +0800] "GET /xingrg/check_reg.html?_=1717292869986 HTTP/1.1" 200 22
222.70.182.146 - - [02/Jun/2024:09:47:50 +0800] "GET /xingrg/all/function/internal_message.html?_=1717292869980&CODE_STATE=getMsg HTTP/1.1" 200 27
221.239.170.140 - - [02/Jun/2024:09:47:50 +0800] "GET /xingrg/check_reg.html?_=1717292869601 HTTP/1.1" 200 22
222.69.129.238 - - [02/Jun/2024:09:47:52 +0800] "POST /xingrg/dwr/call/plaincall/AjaxCheckService.setItemNumber.dwr HTTP/1.1" 200 77
116.238.97.31 - - [02/Jun/2024:09:47:57 +0800] "GET /xingrg/all/function/internal_message.html?_=1717292878158&CODE_STATE=getMsg HTTP/1.1" 200 27
222.69.129.238 - - [02/Jun/2024:09:48:01 +0800] "GET /xingrg/all/function/internal_message.html?_=1717292883205&CODE_STATE=getMsg HTTP/1.1" 200 27
222.69.129.238 - - [02/Jun/2024:09:48:06 +0800] "POST /xingrg/dwr/call/plaincall/AjaxCheckService.setItemNumber.dwr HTTP/1.1" 200 77
222.64.145.245 - - [02/Jun/2024:09:48:11 +0800] "GET /xingrg/all/function/internal_message.html?_=1717292892059&CODE_STATE=getMsg HTTP/1.1" 302 -
61.170.233.172 - - [02/Jun/2024:09:48:19 +0800] "GET /xingrg/all/function/internal_message.html?_=1717292899400&CODE_STATE=getMsg HTTP/1.1" 200 27
116.238.97.31 - - [02/Jun/2024:09:48:27 +0800] "GET /xingrg/all/function/internal_message.html?_=1717292907827&CODE_STATE=getMsg HTTP/1.1" 200 27
222.69.129.238 - - [02/Jun/2024:09:48:29 +0800] "POST /xingrg/dwr/call/plaincall/AjaxCheckService.setItemNumber.dwr HTTP/1.1" 200 77
180.169.147.146 - - [02/Jun/2024:09:48:30 +0800] "GET /xingrg/all/function/internal_message.html?_=1717292910818&CODE_STATE=getMsg HTTP/1.1" 200 27
222.69.129.238 - - [02/Jun/2024:09:48:35 +0800] "POST /xingrg/dwr/call/plaincall/AjaxCheckService.setItemNumber.dwr HTTP/1.1" 200 77
222.69.129.238 - - [02/Jun/2024:09:48:38 +0800] "POST /xingrg/dwr/call/plaincall/AjaxCheckService.setItemNumber.dwr HTTP/1.1" 200 77
222.69.129.238 - - [02/Jun/2024:09:48:50 +0800] "POST /xingrg/dwr/call/plaincall/AjaxCheckService.setItemNumber.dwr HTTP/1.1" 200 77
222.70.182.146 - - [02/Jun/2024:09:48:50 +0800] "GET /xingrg/all/function/internal_message.html?_=1717292929989&CODE_STATE=getMsg HTTP/1.1" 200 27
222.69.129.238 - - [02/Jun/2024:09:48:57 +0800] "POST /xingrg/dwr/call/plaincall/AjaxCheckService.setItemNumber.dwr HTTP/1.1" 200 77
116.238.97.31 - - [02/Jun/2024:09:48:57 +0800] "GET /xingrg/all/function/internal_message.html?_=1717292938175&CODE_STATE=getMsg HTTP/1.1" 200 27
222.69.129.238 - - [02/Jun/2024:09:49:01 +0800] "GET /xingrg/all/function/internal_message.html?_=1717292943186&CODE_STATE=getMsg HTTP/1.1" 200 27
222.69.129.238 - - [02/Jun/2024:09:49:04 +0800] "POST /xingrg/dwr/call/plaincall/AjaxCheckService.setItemNumber.dwr HTTP/1.1" 200 77
222.64.145.245 - - [02/Jun/2024:09:49:11 +0800] "GET /xingrg/all/function/internal_message.html?_=1717292952058&CODE_STATE=getMsg HTTP/1.1" 302 -
222.69.129.238 - - [02/Jun/2024:09:49:14 +0800] "POST /xingrg/dwr/call/plaincall/AjaxCheckService.setItemNumber.dwr HTTP/1.1" 200 77
