116.232.195.13 - - [01/Jun/2024:11:02:47 +0800] "GET /xingrg/index.html?sysBaseUrl=http%3A%2F%2F180.169.147.146%3A18081%2Fxingrg%2F&costTime=1779×tamp=1684631389383 HTTP/1.1" 200 17179
116.232.195.13 - - [01/Jun/2024:11:02:48 +0800] "GET /xingrg/all/function/internal_message.html?_=1717210966744&CODE_STATE=count HTTP/1.1" 200 11
116.232.195.13 - - [01/Jun/2024:11:02:48 +0800] "GET /xingrg/check_reg.html?_=1717210966745 HTTP/1.1" 200 22
116.232.195.13 - - [01/Jun/2024:11:02:48 +0800] "GET /favicon.ico HTTP/1.1" 404 -
116.232.195.13 - - [01/Jun/2024:11:02:48 +0800] "POST /xingrg/all/common/load_tree.html?tree=area_rest_tree_json&manage=1 HTTP/1.1" 200 351
116.232.195.13 - - [01/Jun/2024:11:02:48 +0800] "POST /xingrg/load_menu.html HTTP/1.1" 200 5138
114.84.152.157 - - [01/Jun/2024:11:02:50 +0800] "GET /xingrg/all/function/internal_message.html?_=1717209313481&CODE_STATE=getMsg HTTP/1.1" 200 27
180.169.147.146 - - [01/Jun/2024:11:02:51 +0800] "GET /xingrg/all/function/internal_message.html?_=1717210972002&CODE_STATE=getMsg HTTP/1.1" 200 27
116.232.195.13 - - [01/Jun/2024:11:02:54 +0800] "GET /xingrg/kc/report/report_main.html HTTP/1.1" 200 7340
116.232.195.13 - - [01/Jun/2024:11:02:54 +0800] "GET /xingrg/javascript/jquery_ui/themes/humanity/humanity.css HTTP/1.1" 200 27801
116.232.195.13 - - [01/Jun/2024:11:02:54 +0800] "GET /xingrg/javascript/json2.js HTTP/1.1" 200 11259
116.232.195.13 - - [01/Jun/2024:11:02:57 +0800] "GET /xingrg/kc/base/kc_stocks.html HTTP/1.1" 200 16718
116.232.195.13 - - [01/Jun/2024:11:02:57 +0800] "GET /xingrg/javascript/easyui/themes/sunny/easyui.css HTTP/1.1" 200 34304
116.232.195.13 - - [01/Jun/2024:11:02:57 +0800] "GET /xingrg/javascript/easyui/themes/icons/print_new.png HTTP/1.1" 200 3580
116.232.195.13 - - [01/Jun/2024:11:02:57 +0800] "GET /xingrg/javascript/easyui/themes/icons/filter_new.png HTTP/1.1" 200 795
116.232.195.13 - - [01/Jun/2024:11:02:57 +0800] "GET /xingrg/javascript/easyui/themes/icons/refresh_new.png HTTP/1.1" 200 685
116.232.195.13 - - [01/Jun/2024:11:02:57 +0800] "GET /xingrg/javascript/easyui/themes/icons/import_new.png HTTP/1.1" 200 1247
116.232.195.13 - - [01/Jun/2024:11:02:57 +0800] "GET /xingrg/javascript/easyui/plugins/jquery.draggable.js HTTP/1.1" 200 6121
116.232.195.13 - - [01/Jun/2024:11:02:57 +0800] "GET /xingrg/javascript/easyui/plugins/jquery.droppable.js HTTP/1.1" 200 1167
116.232.195.13 - - [01/Jun/2024:11:02:57 +0800] "GET /xingrg/javascript/easyui/themes/default/tree.css HTTP/1.1" 404 1090
116.232.195.13 - - [01/Jun/2024:11:02:57 +0800] "GET /xingrg/javascript/easyui/plugins/jquery.tree.js HTTP/1.1" 200 20874
116.232.195.13 - - [01/Jun/2024:11:02:57 +0800] "GET /xingrg/all/common/auto_word.html?type=base&rest_code=00155 HTTP/1.1" 200 1907
116.232.195.13 - - [01/Jun/2024:11:02:58 +0800] "POST /xingrg/all/common/load_tree.html?tree=materiel_sort_tree_json HTTP/1.1" 200 9734
116.232.195.13 - - [01/Jun/2024:11:02:58 +0800] "GET /xingrg/javascript/easyui/themes/sunny/images/tree_arrows.gif HTTP/1.1" 200 617
116.232.195.13 - - [01/Jun/2024:11:02:58 +0800] "GET /xingrg/javascript/easyui/themes/sunny/images/tree_folder_open.gif HTTP/1.1" 200 956
116.232.195.13 - - [01/Jun/2024:11:02:58 +0800] "GET /xingrg/javascript/easyui/themes/sunny/images/tree_folder.gif HTTP/1.1" 200 952
116.232.195.13 - - [01/Jun/2024:11:02:58 +0800] "GET /xingrg/javascript/easyui/themes/sunny/images/tree_file.gif HTTP/1.1" 200 118
58.39.109.22 - - [01/Jun/2024:11:03:00 +0800] "POST /xingrg/kc/buy/cgsh_list_operate.html HTTP/1.1" 200 4
101.83.144.49 - - [01/Jun/2024:11:03:03 +0800] "GET /xingrg/all/function/internal_message.html?_=1717210724205&CODE_STATE=getMsg HTTP/1.1" 200 27
101.83.144.49 - - [01/Jun/2024:11:03:03 +0800] "GET /xingrg/check_reg.html?_=1717210724208 HTTP/1.1" 200 22
180.156.239.18 - - [01/Jun/2024:11:03:03 +0800] "GET /xingrg/all/function/internal_message.html?_=1717210984005&CODE_STATE=getMsg HTTP/1.1" 200 27
116.232.195.13 - - [01/Jun/2024:11:03:05 +0800] "POST /xingrg/kc/base/stock_operate.html HTTP/1.1" 200 3787
116.232.195.13 - - [01/Jun/2024:11:03:05 +0800] "GET /xingrg/javascript/jquery_tools/fix_table.js HTTP/1.1" 200 6528
116.238.97.31 - - [01/Jun/2024:11:03:07 +0800] "GET /xingrg/all/function/internal_message.html?_=1717210988058&CODE_STATE=getMsg HTTP/1.1" 200 27
222.70.182.146 - - [01/Jun/2024:11:03:07 +0800] "GET /xingrg/all/function/internal_message.html?_=1717210987302&CODE_STATE=getMsg HTTP/1.1" 200 27
222.70.182.146 - - [01/Jun/2024:11:03:07 +0800] "GET /xingrg/check_reg.html?_=1717210987306 HTTP/1.1" 200 22
221.239.170.140 - - [01/Jun/2024:11:03:08 +0800] "GET /xingrg/all/function/internal_message.html?_=1717210987950&CODE_STATE=getMsg HTTP/1.1" 200 27
124.79.78.120 - - [01/Jun/2024:11:03:11 +0800] "GET /xingrg/all/function/internal_message.html?_=1717211001198&CODE_STATE=getMsg HTTP/1.1" 200 27
124.79.78.120 - - [01/Jun/2024:11:03:11 +0800] "GET /xingrg/check_reg.html?_=1717211001199 HTTP/1.1" 200 22
124.78.158.238 - - [01/Jun/2024:11:03:14 +0800] "GET /xingrg/check_reg.html?_=1717210994209 HTTP/1.1" 200 22
124.78.158.238 - - [01/Jun/2024:11:03:14 +0800] "GET /xingrg/all/function/internal_message.html?_=1717210994211&CODE_STATE=getMsg HTTP/1.1" 200 27
222.67.233.39 - - [01/Jun/2024:11:03:18 +0800] "GET /xingrg/all/function/internal_message.html?_=1717210998519&CODE_STATE=getMsg HTTP/1.1" 200 27
116.232.195.13 - - [01/Jun/2024:11:03:19 +0800] "POST /xingrg/kc/base/stock_operate.html HTTP/1.1" 200 765
58.39.109.22 - - [01/Jun/2024:11:03:26 +0800] "POST /xingrg/kc/buy/cgsh_list_operate.html HTTP/1.1" 200 645
101.83.144.49 - - [01/Jun/2024:11:03:27 +0800] "GET /xingrg/all/function/internal_message.html?_=1717211007679&CODE_STATE=getMsg HTTP/1.1" 200 27
116.232.195.13 - - [01/Jun/2024:11:03:30 +0800] "GET /xingrg/all/function/internal_message.html?_=1717211009124&CODE_STATE=getMsg HTTP/1.1" 200 27
116.232.195.13 - - [01/Jun/2024:11:03:31 +0800] "GET /xingrg/javascript/jquery_easy_ui/themes/default/images/tabs_active.png HTTP/1.1" 200 2894
222.67.233.39 - - [01/Jun/2024:11:03:37 +0800] "GET /xingrg/all/function/internal_message.html?_=1717211017224&CODE_STATE=getMsg HTTP/1.1" 200 27
116.238.97.31 - - [01/Jun/2024:11:03:43 +0800] "GET /xingrg/all/function/internal_message.html?_=1717211023105&CODE_STATE=getMsg HTTP/1.1" 200 27
61.165.227.88 - - [01/Jun/2024:11:03:43 +0800] "GET /xingrg/all/function/internal_message.html?_=1717211025464&CODE_STATE=getMsg HTTP/1.1" 200 27
124.78.158.238 - - [01/Jun/2024:11:03:44 +0800] "POST /xingrg/load_menu.html HTTP/1.1" 200 9695
124.78.158.238 - - [01/Jun/2024:11:03:45 +0800] "GET /xingrg/all/report/report_query.html?fileName=dma/new_5.0/menu/menu_hz_all.xml HTTP/1.1" 200 51795
124.78.158.238 - - [01/Jun/2024:11:03:45 +0800] "GET /xingrg/dwr/interface/AjaxReportQueryService.js HTTP/1.1" 200 13203
124.78.158.238 - - [01/Jun/2024:11:03:45 +0800] "GET /xingrg/dwr/engine.js HTTP/1.1" 200 43631
124.78.158.238 - - [01/Jun/2024:11:03:45 +0800] "POST /xingrg/dwr/call/plaincall/AjaxReportQueryService.getFixDate.dwr HTTP/1.1" 200 111
124.78.158.238 - - [01/Jun/2024:11:03:46 +0800] "POST /xingrg/all/common/load_tree.html?tree=area_station_tree_json&manage=1 HTTP/1.1" 200 3399
124.78.158.238 - - [01/Jun/2024:11:03:47 +0800] "POST /xingrg/dwr/call/plaincall/AjaxReportQueryService.getFixDate.dwr HTTP/1.1" 200 111
114.84.152.157 - - [01/Jun/2024:11:03:48 +0800] "POST /xingrg/dwr/call/plaincall/AjaxCheckService.setItemNumber.dwr HTTP/1.1" 200 77
116.232.195.13 - - [01/Jun/2024:11:03:48 +0800] "GET /xingrg/all/function/internal_message.html?_=1717211026763&CODE_STATE=getMsg HTTP/1.1" 200 27
116.232.195.13 - - [01/Jun/2024:11:03:49 +0800] "POST /xingrg/kc/base/stock_operate.html HTTP/1.1" 200 1468
114.84.152.157 - - [01/Jun/2024:11:03:50 +0800] "GET /xingrg/all/function/internal_message.html?_=1717209373467&CODE_STATE=getMsg HTTP/1.1" 200 27
180.169.147.146 - - [01/Jun/2024:11:03:51 +0800] "GET /xingrg/all/function/internal_message.html?_=1717211032000&CODE_STATE=getMsg HTTP/1.1" 200 27
116.232.195.13 - - [01/Jun/2024:11:03:51 +0800] "GET /xingrg/kc/base/stock_detail.html?m=00102002426 HTTP/1.1" 200 7443
116.232.195.13 - - [01/Jun/2024:11:03:52 +0800] "GET /xingrg/javascript/jquery_easy_ui/themes/default/images/button_a_bg.gif HTTP/1.1" 200 1194
116.232.195.13 - - [01/Jun/2024:11:03:52 +0800] "GET /xingrg/javascript/jquery_easy_ui/themes/default/images/button_span_bg.gif HTTP/1.1" 200 2061
116.232.195.13 - - [01/Jun/2024:11:03:52 +0800] "GET /xingrg/javascript/jquery_easy_ui/themes/icons/search.png HTTP/1.1" 200 813
116.232.195.13 - - [01/Jun/2024:11:03:52 +0800] "GET /xingrg/javascript/jquery_easy_ui/themes/default/images/menu.gif HTTP/1.1" 200 834
116.232.195.13 - - [01/Jun/2024:11:03:52 +0800] "GET /xingrg/javascript/jquery_easy_ui/themes/default/images/calendar_prevmonth.gif HTTP/1.1" 200 66
116.232.195.13 - - [01/Jun/2024:11:03:52 +0800] "GET /xingrg/javascript/jquery_easy_ui/themes/default/images/calendar_nextyear.gif HTTP/1.1" 200 75
116.232.195.13 - - [01/Jun/2024:11:03:52 +0800] "GET /xingrg/javascript/jquery_easy_ui/themes/default/images/calendar_nextmonth.gif HTTP/1.1" 200 64
116.232.195.13 - - [01/Jun/2024:11:03:52 +0800] "GET /xingrg/javascript/jquery_easy_ui/themes/default/images/calendar_prevyear.gif HTTP/1.1" 200 76
124.78.158.238 - - [01/Jun/2024:11:03:54 +0800] "POST /xingrg/dwr/call/plaincall/AjaxReportQueryService.refreshCache.dwr HTTP/1.1" 200 78
124.78.158.238 - - [01/Jun/2024:11:03:55 +0800] "POST /xingrg/all/report/load_report_page.html HTTP/1.1" 200 19839
124.78.158.238 - - [01/Jun/2024:11:03:55 +0800] "GET /xingrg/servlets/image?cache=0.7718571592979044&image=px HTTP/1.1" 200 807
101.83.144.49 - - [01/Jun/2024:11:04:03 +0800] "GET /xingrg/all/function/internal_message.html?_=1717210784208&CODE_STATE=getMsg HTTP/1.1" 200 27
180.156.239.18 - - [01/Jun/2024:11:04:03 +0800] "GET /xingrg/all/function/internal_message.html?_=1717211044004&CODE_STATE=getMsg HTTP/1.1" 200 27
114.84.152.157 - - [01/Jun/2024:11:04:07 +0800] "POST /xingrg/dwr/call/plaincall/AjaxCheckService.checkOrder.dwr HTTP/1.1" 200 79
116.238.97.31 - - [01/Jun/2024:11:04:07 +0800] "GET /xingrg/all/function/internal_message.html?_=1717211048069&CODE_STATE=getMsg HTTP/1.1" 200 27
116.238.97.31 - - [01/Jun/2024:11:04:07 +0800] "GET /xingrg/check_reg.html?_=1717211048073 HTTP/1.1" 200 22
222.70.182.146 - - [01/Jun/2024:11:04:07 +0800] "GET /xingrg/all/function/internal_message.html?_=1717211047299&CODE_STATE=getMsg HTTP/1.1" 200 27
221.239.170.140 - - [01/Jun/2024:11:04:08 +0800] "GET /xingrg/all/function/internal_message.html?_=1717211047934&CODE_STATE=getMsg HTTP/1.1" 200 27
114.84.152.157 - - [01/Jun/2024:11:04:10 +0800] "GET /xingrg/kc/base/check_order_info.html?code=452024053000168 HTTP/1.1" 200 22874
114.84.152.157 - - [01/Jun/2024:11:04:10 +0800] "GET /xingrg/dwr/interface/AjaxComOrderService.js HTTP/1.1" 200 18264
114.84.152.157 - - [01/Jun/2024:11:04:10 +0800] "GET /xingrg/dwr/interface/AjaxCheckService.js HTTP/1.1" 200 14003
114.84.152.157 - - [01/Jun/2024:11:04:10 +0800] "GET /xingrg/dwr/engine.js HTTP/1.1" 200 43631
114.84.152.157 - - [01/Jun/2024:11:04:10 +0800] "POST /xingrg/dwr/call/plaincall/AjaxCheckService.loadOrderItems.dwr HTTP/1.1" 200 8185
124.79.78.120 - - [01/Jun/2024:11:04:11 +0800] "GET /xingrg/all/function/internal_message.html?_=1717211061197&CODE_STATE=getMsg HTTP/1.1" 200 27
116.232.195.13 - - [01/Jun/2024:11:04:12 +0800] "GET /xingrg/kc/base/stock_operate.html?_=1717211050535&command=get_report_file&start_day=20230501 HTTP/1.1" 200 53
116.232.195.13 - - [01/Jun/2024:11:04:12 +0800] "GET /xingrg/all/report/report_query.html?isQuery=1&onlyBody=1&rh=2000&fileName=kc/base/kc_stock_detail_new.xml&queryString=(1=1)&queryText=&tableQueryString=init_table$sp1$$sp$crk_table$sp1$order_day%20between%2020230501%20and%2020240630&varString=start_day:20230501,materiel_code:00102002426,cost_id:4315,end_date:20230430 HTTP/1.1" 200 48701
116.232.195.13 - - [01/Jun/2024:11:04:12 +0800] "GET /xingrg/javascript/multi_select/jqueryMultiSelect.css HTTP/1.1" 200 951
116.232.195.13 - - [01/Jun/2024:11:04:12 +0800] "GET /xingrg/javascript/calendar/timePicker.css HTTP/1.1" 200 523
116.232.195.13 - - [01/Jun/2024:11:04:12 +0800] "GET /xingrg/javascript/bigrid/fix.css HTTP/1.1" 200 1702
116.232.195.13 - - [01/Jun/2024:11:04:12 +0800] "GET /xingrg/dwr/interface/AjaxReportQueryService.js HTTP/1.1" 200 13203
116.232.195.13 - - [01/Jun/2024:11:04:12 +0800] "GET /xingrg/dwr/engine.js HTTP/1.1" 200 43631
116.232.195.13 - - [01/Jun/2024:11:04:12 +0800] "GET /xingrg/javascript/jqueryMultiSelect.js HTTP/1.1" 200 11866
116.232.195.13 - - [01/Jun/2024:11:04:12 +0800] "GET /xingrg/javascript/calendar/jquery.timePicker.min.js HTTP/1.1" 200 2997
116.232.195.13 - - [01/Jun/2024:11:04:12 +0800] "GET /xingrg/javascript/bigrid/fix.js HTTP/1.1" 200 6439
116.232.195.13 - - [01/Jun/2024:11:04:12 +0800] "GET /xingrg/images/control/loading.gif HTTP/1.1" 200 13463
116.232.195.13 - - [01/Jun/2024:11:04:12 +0800] "GET /xingrg/images/blue/button/advanceover.gif HTTP/1.1" 200 1347
116.232.195.13 - - [01/Jun/2024:11:04:12 +0800] "GET /xingrg/images/blue/button/advance2over.gif HTTP/1.1" 200 1336
116.232.195.13 - - [01/Jun/2024:11:04:12 +0800] "GET /xingrg/images/blue/button/back2over.gif HTTP/1.1" 200 1335
116.232.195.13 - - [01/Jun/2024:11:04:12 +0800] "GET /xingrg/images/blue/button/backover.gif HTTP/1.1" 200 1348
116.232.195.13 - - [01/Jun/2024:11:04:12 +0800] "GET /xingrg/javascript/jquery_easy_ui/themes/icons/help.png HTTP/1.1" 200 1187
116.232.195.13 - - [01/Jun/2024:11:04:14 +0800] "POST /xingrg/all/report/load_report_page.html HTTP/1.1" 200 254040
116.232.195.13 - - [01/Jun/2024:11:04:14 +0800] "GET /xingrg/servlets/image?cache=0.5775734094650372&image=px HTTP/1.1" 200 807
124.78.158.238 - - [01/Jun/2024:11:04:14 +0800] "GET /xingrg/all/function/internal_message.html?_=1717211054200&CODE_STATE=getMsg HTTP/1.1" 200 27
114.84.152.157 - - [01/Jun/2024:11:04:14 +0800] "POST /xingrg/kc/base/check_list_operate.html HTTP/1.1" 200 2256
222.67.233.39 - - [01/Jun/2024:11:04:18 +0800] "GET /xingrg/all/function/internal_message.html?_=1717211058503&CODE_STATE=getMsg HTTP/1.1" 200 27
101.83.144.49 - - [01/Jun/2024:11:04:27 +0800] "GET /xingrg/all/function/internal_message.html?_=1717211067657&CODE_STATE=getMsg HTTP/1.1" 200 27
116.232.195.13 - - [01/Jun/2024:11:04:30 +0800] "GET /xingrg/all/function/internal_message.html?_=1717211069140&CODE_STATE=getMsg HTTP/1.1" 200 27
222.67.233.39 - - [01/Jun/2024:11:04:37 +0800] "GET /xingrg/all/function/internal_message.html?_=1717211077230&CODE_STATE=getMsg HTTP/1.1" 200 27
116.238.97.31 - - [01/Jun/2024:11:04:43 +0800] "GET /xingrg/all/function/internal_message.html?_=1717211083104&CODE_STATE=getMsg HTTP/1.1" 200 27
61.165.227.88 - - [01/Jun/2024:11:04:43 +0800] "GET /xingrg/all/function/internal_message.html?_=1717211085448&CODE_STATE=getMsg HTTP/1.1" 200 27
116.232.195.13 - - [01/Jun/2024:11:04:48 +0800] "GET /xingrg/all/function/internal_message.html?_=1717211086752&CODE_STATE=getMsg HTTP/1.1" 200 27
114.84.152.157 - - [01/Jun/2024:11:04:50 +0800] "GET /xingrg/all/function/internal_message.html?_=1717209433467&CODE_STATE=getMsg HTTP/1.1" 200 27
180.169.147.146 - - [01/Jun/2024:11:04:51 +0800] "GET /xingrg/check_reg.html?_=1717211092016 HTTP/1.1" 200 22
180.169.147.146 - - [01/Jun/2024:11:04:51 +0800] "GET /xingrg/all/function/internal_message.html?_=1717211092014&CODE_STATE=getMsg HTTP/1.1" 200 27
61.165.227.88 - - [01/Jun/2024:11:05:01 +0800] "GET /xingrg/kc/base/wldb_order_add.html HTTP/1.1" 200 30703
61.165.227.88 - - [01/Jun/2024:11:05:01 +0800] "POST /xingrg/kc/base/wldb_order_operate.html HTTP/1.1" 200 6806
61.165.227.88 - - [01/Jun/2024:11:05:01 +0800] "GET /xingrg/javascript/easyui/themes/default/validatebox.css HTTP/1.1" 404 1104
101.83.144.49 - - [01/Jun/2024:11:05:03 +0800] "GET /xingrg/all/function/internal_message.html?_=1717210844208&CODE_STATE=getMsg HTTP/1.1" 200 27
180.156.239.18 - - [01/Jun/2024:11:05:03 +0800] "GET /xingrg/all/function/internal_message.html?_=1717211103997&CODE_STATE=getMsg HTTP/1.1" 200 27
116.238.97.31 - - [01/Jun/2024:11:05:07 +0800] "GET /xingrg/all/function/internal_message.html?_=1717211108067&CODE_STATE=getMsg HTTP/1.1" 200 27
222.70.182.146 - - [01/Jun/2024:11:05:07 +0800] "GET /xingrg/all/function/internal_message.html?_=1717211107317&CODE_STATE=getMsg HTTP/1.1" 200 27
221.239.170.140 - - [01/Jun/2024:11:05:08 +0800] "GET /xingrg/all/function/internal_message.html?_=1717211107918&CODE_STATE=getMsg HTTP/1.1" 200 27
124.78.158.238 - - [01/Jun/2024:11:05:09 +0800] "POST /xingrg/dwr/call/plaincall/AjaxReportQueryService.refreshCache.dwr HTTP/1.1" 200 78
124.78.158.238 - - [01/Jun/2024:11:05:09 +0800] "POST /xingrg/all/report/load_report_page.html HTTP/1.1" 200 108277
124.78.158.238 - - [01/Jun/2024:11:05:09 +0800] "GET /xingrg/servlets/image?cache=0.3231729854925268&image=px HTTP/1.1" 200 807
124.79.78.120 - - [01/Jun/2024:11:05:11 +0800] "GET /xingrg/all/function/internal_message.html?_=1717211121196&CODE_STATE=getMsg HTTP/1.1" 200 27
124.78.158.238 - - [01/Jun/2024:11:05:14 +0800] "GET /xingrg/all/function/internal_message.html?_=1717211114200&CODE_STATE=getMsg HTTP/1.1" 200 27
222.67.233.39 - - [01/Jun/2024:11:05:18 +0800] "GET /xingrg/all/function/internal_message.html?_=1717211118482&CODE_STATE=getMsg HTTP/1.1" 200 27
101.83.144.49 - - [01/Jun/2024:11:05:25 +0800] "GET /xingrg/check_reg.html?_=1717211125611 HTTP/1.1" 200 22
101.83.144.49 - - [01/Jun/2024:11:05:27 +0800] "GET /xingrg/all/function/internal_message.html?_=1717211127636&CODE_STATE=getMsg HTTP/1.1" 200 27
124.78.158.238 - - [01/Jun/2024:11:05:29 +0800] "POST /xingrg/dwr/call/plaincall/AjaxReportQueryService.refreshCache.dwr HTTP/1.1" 200 78
124.78.158.238 - - [01/Jun/2024:11:05:29 +0800] "POST /xingrg/all/report/load_report_page.html HTTP/1.1" 200 108000
124.78.158.238 - - [01/Jun/2024:11:05:30 +0800] "GET /xingrg/servlets/image?cache=0.8749518784491508&image=px HTTP/1.1" 200 807
116.232.195.13 - - [01/Jun/2024:11:05:30 +0800] "GET /xingrg/check_reg.html?_=1717211129135 HTTP/1.1" 200 22
116.232.195.13 - - [01/Jun/2024:11:05:30 +0800] "GET /xingrg/all/function/internal_message.html?_=1717211129137&CODE_STATE=getMsg HTTP/1.1" 200 27
222.69.134.12 - - [01/Jun/2024:11:05:34 +0800] "GET /xingrg/check_reg.html?_=1717211135731 HTTP/1.1" 200 22
222.67.233.39 - - [01/Jun/2024:11:05:37 +0800] "GET /xingrg/all/function/internal_message.html?_=1717211137226&CODE_STATE=getMsg HTTP/1.1" 200 27
222.67.233.39 - - [01/Jun/2024:11:05:37 +0800] "GET /xingrg/check_reg.html?_=1717211137229 HTTP/1.1" 200 22
116.238.97.31 - - [01/Jun/2024:11:05:43 +0800] "GET /xingrg/all/function/internal_message.html?_=1717211143103&CODE_STATE=getMsg HTTP/1.1" 200 27
61.165.227.88 - - [01/Jun/2024:11:05:43 +0800] "GET /xingrg/all/function/internal_message.html?_=1717211145433&CODE_STATE=getMsg HTTP/1.1" 200 27
114.84.152.157 - - [01/Jun/2024:11:05:47 +0800] "GET /xingrg/check_reg.html?_=1717209490150 HTTP/1.1" 200 22
116.232.195.13 - - [01/Jun/2024:11:05:48 +0800] "GET /xingrg/all/function/internal_message.html?_=1717211146770&CODE_STATE=getMsg HTTP/1.1" 200 27
114.84.152.157 - - [01/Jun/2024:11:05:50 +0800] "GET /xingrg/all/function/internal_message.html?_=1717209493447&CODE_STATE=getMsg HTTP/1.1" 200 27
180.169.147.146 - - [01/Jun/2024:11:05:51 +0800] "GET /xingrg/all/function/internal_message.html?_=1717211152014&CODE_STATE=getMsg HTTP/1.1" 200 27
124.78.158.238 - - [01/Jun/2024:11:05:54 +0800] "POST /xingrg/all/report/load_report_page.html HTTP/1.1" 200 81232
124.78.158.238 - - [01/Jun/2024:11:05:54 +0800] "GET /xingrg/servlets/image?cache=0.7807878031484341&image=px HTTP/1.1" 200 807
101.83.144.49 - - [01/Jun/2024:11:06:03 +0800] "GET /xingrg/all/function/internal_message.html?_=1717210904209&CODE_STATE=getMsg HTTP/1.1" 200 27
180.156.239.18 - - [01/Jun/2024:11:06:03 +0800] "GET /xingrg/all/function/internal_message.html?_=1717211164009&CODE_STATE=getMsg HTTP/1.1" 200 27
116.238.97.31 - - [01/Jun/2024:11:06:07 +0800] "GET /xingrg/all/function/internal_message.html?_=1717211168068&CODE_STATE=getMsg HTTP/1.1" 200 27
222.70.182.146 - - [01/Jun/2024:11:06:07 +0800] "GET /xingrg/all/function/internal_message.html?_=1717211167305&CODE_STATE=getMsg HTTP/1.1" 200 27
221.239.170.140 - - [01/Jun/2024:11:06:08 +0800] "GET /xingrg/all/function/internal_message.html?_=1717211167902&CODE_STATE=getMsg HTTP/1.1" 200 27
124.78.158.238 - - [01/Jun/2024:11:06:10 +0800] "POST /xingrg/all/report/load_report_page.html HTTP/1.1" 200 108000
124.78.158.238 - - [01/Jun/2024:11:06:10 +0800] "GET /xingrg/servlets/image?cache=0.6097624845874803&image=px HTTP/1.1" 200 807
124.79.78.120 - - [01/Jun/2024:11:06:11 +0800] "GET /xingrg/all/function/internal_message.html?_=1717211181194&CODE_STATE=getMsg HTTP/1.1" 200 27
124.78.158.238 - - [01/Jun/2024:11:06:14 +0800] "GET /xingrg/all/function/internal_message.html?_=1717211174194&CODE_STATE=getMsg HTTP/1.1" 200 27
222.67.233.39 - - [01/Jun/2024:11:06:18 +0800] "GET /xingrg/all/function/internal_message.html?_=1717211178469&CODE_STATE=getMsg HTTP/1.1" 200 27
221.239.170.140 - - [01/Jun/2024:11:06:19 +0800] "GET /xingrg/check_reg.html?_=1717211178918 HTTP/1.1" 200 22
124.78.158.238 - - [01/Jun/2024:11:06:23 +0800] "GET /xingrg/all/report/report_query.html?isQuery=1&fileName=dma/new_5.0/menu/menu_mx.xml&queryString=(a.sale_day%2520between%252020240501%2520and%252020240531)%2520and%2520(a.sid%2520in%2520(4))%2520and%2520(a.menu_name%2520like%2520'%2524bf%2524%25E5%259B%25A2%25E8%25B4%25AD%2524bf%2524')%2520and%2520(a.menu_name%253D'%25E6%2597%25B6%25E4%25BB%25A4%25E5%258A%259F%25E5%25A4%25AB%25E6%25B1%25A4B(%25E5%259B%25A2%25E8%25B4%25AD)'%2520and%2520a.menu_unit%253D'%25E4%25BE%258B')&queryText=%25E3%2580%2590%25E8%2590%25A5%25E4%25B8%259A%25E6%2597%25A5%25E6%259C%259F%253A2024-05-01%2520%25E8%2587%25B3%25202024-05-31%25E3%2580%2591%2520%25E5%25B9%25B6%25E4%25B8%2594%2520%2520%25E3%2580%2590%25E9%2597%25A8%25E5%25BA%2597%25E5%2590%258D%25E7%25A7%25B0%2520%253D%2520%25E6%2599%25AE%25E9%2599%2580%25E6%25A6%2595%25E6%25B8%25AF%25E3%2580%2591%2520%25E5%25B9%25B6%25E4%25B8%2594%2520%2520%25E3%2580%2590%25E8%258F%259C%25E5%2593%2581%25E5%2590%258D%25E7%25A7%25B0%2520%25E5%258C%2585%25E5%2590%25AB%2520%25E5%259B%25A2%25E8%25B4%25AD%25E3%2580%2591%2520%25E5%25B9%25B6%25E4%25B8%2594%2520%25E3%2580%2590%25E8%258F%259C%25E5%2593%2581%25E5%2590%258D%25E7%25A7%25B0%2520%253D%2520%25E6%2597%25B6%25E4%25BB%25A4%25E5%258A%259F%25E5%25A4%25AB%25E6%25B1%25A4B(%25E5%259B%25A2%25E8%25B4%25AD)%25E3%2580%2591%2520%25E3%2580%2590%25E5%258D%2595%25E4%25BD%258D%2520%253D%2520%25E4%25BE%258B%25E3%2580%2591 HTTP/1.1" 200 51853
124.78.158.238 - - [01/Jun/2024:11:06:23 +0800] "GET /xingrg/dwr/engine.js HTTP/1.1" 200 43631
124.78.158.238 - - [01/Jun/2024:11:06:23 +0800] "GET /favicon.ico HTTP/1.1" 404 -
124.78.158.238 - - [01/Jun/2024:11:06:23 +0800] "POST /xingrg/all/report/load_report_page.html HTTP/1.1" 200 125266
124.78.158.238 - - [01/Jun/2024:11:06:24 +0800] "GET /xingrg/servlets/image?cache=0.49324664374375893&image=px HTTP/1.1" 200 807
101.83.144.49 - - [01/Jun/2024:11:06:27 +0800] "GET /xingrg/all/function/internal_message.html?_=1717211187617&CODE_STATE=getMsg HTTP/1.1" 200 27
116.232.195.13 - - [01/Jun/2024:11:06:30 +0800] "GET /xingrg/all/function/internal_message.html?_=1717211189143&CODE_STATE=getMsg HTTP/1.1" 200 27
222.67.233.39 - - [01/Jun/2024:11:06:37 +0800] "POST /xingrg/services/DataTransmitService HTTP/1.1" 200 524
222.67.233.39 - - [01/Jun/2024:11:06:37 +0800] "GET /xingrg/all/function/internal_message.html?_=1717211197226&CODE_STATE=getMsg HTTP/1.1" 200 27
222.67.233.39 - - [01/Jun/2024:11:06:37 +0800] "POST /xingrg/services/DataTransmitService HTTP/1.1" 200 2331
222.67.233.39 - - [01/Jun/2024:11:06:39 +0800] "POST /xingrg/services/DataTransmitService HTTP/1.1" 200 187208
222.70.182.146 - - [01/Jun/2024:11:06:39 +0800] "POST /xingrg/services/DataTransmitService HTTP/1.1" 200 524
116.238.97.31 - - [01/Jun/2024:11:06:43 +0800] "GET /xingrg/all/function/internal_message.html?_=1717211203102&CODE_STATE=getMsg HTTP/1.1" 200 27
61.165.227.88 - - [01/Jun/2024:11:06:43 +0800] "GET /xingrg/all/function/internal_message.html?_=1717211205428&CODE_STATE=getMsg HTTP/1.1" 200 27
116.232.195.13 - - [01/Jun/2024:11:06:48 +0800] "GET /xingrg/all/function/internal_message.html?_=1717211206752&CODE_STATE=getMsg HTTP/1.1" 200 27
114.84.152.157 - - [01/Jun/2024:11:06:50 +0800] "GET /xingrg/all/function/internal_message.html?_=1717209553434&CODE_STATE=getMsg HTTP/1.1" 200 27
180.169.147.146 - - [01/Jun/2024:11:06:51 +0800] "GET /xingrg/all/function/internal_message.html?_=1717211212012&CODE_STATE=getMsg HTTP/1.1" 200 27
61.165.227.88 - - [01/Jun/2024:11:07:00 +0800] "GET /xingrg/kc/base/wldb_order_operate.html?command=get_materiel&rest_code=00158&base_code=0010887&code=00101020122 HTTP/1.1" 200 430
222.70.182.146 - - [01/Jun/2024:11:07:00 +0800] "POST /xingrg/services/DataTransmitService HTTP/1.1" 401 565
222.70.182.146 - - [01/Jun/2024:11:07:00 +0800] "POST /xingrg/services/DataTransmitService HTTP/1.1" 200 478
222.70.182.146 - - [01/Jun/2024:11:07:00 +0800] "POST /xingrg/services/DataTransmitService HTTP/1.1" 200 1319
222.70.182.146 - - [01/Jun/2024:11:07:01 +0800] "POST /xingrg/services/DataTransmitService HTTP/1.1" 200 478
222.70.182.146 - - [01/Jun/2024:11:07:01 +0800] "POST /xingrg/services/DataTransmitService HTTP/1.1" 200 1319
101.83.144.49 - - [01/Jun/2024:11:07:03 +0800] "GET /xingrg/all/function/internal_message.html?_=1717210964207&CODE_STATE=getMsg HTTP/1.1" 200 27
180.156.239.18 - - [01/Jun/2024:11:07:04 +0800] "GET /xingrg/all/function/internal_message.html?_=1717211224008&CODE_STATE=getMsg HTTP/1.1" 200 27
180.156.239.18 - - [01/Jun/2024:11:07:04 +0800] "GET /xingrg/check_reg.html?_=1717211224011 HTTP/1.1" 200 22
222.70.182.146 - - [01/Jun/2024:11:07:05 +0800] "POST /xingrg/services/DataTransmitService HTTP/1.1" 200 524
222.70.182.146 - - [01/Jun/2024:11:07:05 +0800] "POST /xingrg/services/DataTransmitService HTTP/1.1" 200 496
222.70.182.146 - - [01/Jun/2024:11:07:06 +0800] "POST /xingrg/services/DataTransmitService HTTP/1.1" 200 2499
222.70.182.146 - - [01/Jun/2024:11:07:06 +0800] "POST /xingrg/services/DataTransmitService HTTP/1.1" 200 45454
222.70.182.146 - - [01/Jun/2024:11:07:06 +0800] "POST /xingrg/services/DataTransmitService HTTP/1.1" 200 19237
116.238.97.31 - - [01/Jun/2024:11:07:07 +0800] "GET /xingrg/all/function/internal_message.html?_=1717211228070&CODE_STATE=getMsg HTTP/1.1" 200 27
222.70.182.146 - - [01/Jun/2024:11:07:07 +0800] "GET /xingrg/all/function/internal_message.html?_=1717211227302&CODE_STATE=getMsg HTTP/1.1" 200 27
61.165.227.88 - - [01/Jun/2024:11:07:07 +0800] "GET /xingrg/kc/base/wldb_order_operate.html?command=get_materiel&rest_code=00158&base_code=0010887&code=00101030003 HTTP/1.1" 200 435
221.239.170.140 - - [01/Jun/2024:11:07:08 +0800] "GET /xingrg/all/function/internal_message.html?_=1717211227896&CODE_STATE=getMsg HTTP/1.1" 200 27
180.169.147.146 - - [01/Jun/2024:11:07:10 +0800] "GET /xingrg/login.html HTTP/1.1" 200 7641
180.169.147.146 - - [01/Jun/2024:11:07:10 +0800] "GET /favicon.ico HTTP/1.1" 404 -
124.79.78.120 - - [01/Jun/2024:11:07:11 +0800] "GET /xingrg/all/function/internal_message.html?_=1717211241192&CODE_STATE=getMsg HTTP/1.1" 200 27
124.78.158.238 - - [01/Jun/2024:11:07:14 +0800] "GET /xingrg/all/function/internal_message.html?_=1717211234208&CODE_STATE=getMsg HTTP/1.1" 200 27
222.70.182.146 - - [01/Jun/2024:11:07:15 +0800] "POST /xingrg/services/DataTransmitService HTTP/1.1" 200 524
222.70.182.146 - - [01/Jun/2024:11:07:16 +0800] "POST /xingrg/services/DataTransmitService HTTP/1.1" 200 2499
180.169.147.146 - - [01/Jun/2024:11:07:18 +0800] "POST /xingrg/login.do HTTP/1.1" 302 -
222.67.233.39 - - [01/Jun/2024:11:07:18 +0800] "GET /xingrg/check_reg.html?_=1717211238072 HTTP/1.1" 200 22
180.169.147.146 - - [01/Jun/2024:11:07:18 +0800] "POST /xingrg/login.do HTTP/1.1" 302 -
180.169.147.146 - - [01/Jun/2024:11:07:18 +0800] "GET /xingrg/index.html?sysBaseUrl=http%3A%2F%2F180.169.147.146%3A18081%2Fxingrg%2F&costTime=1517×tamp=1717211238160 HTTP/1.1" 200 17179
180.169.147.146 - - [01/Jun/2024:11:07:18 +0800] "GET /favicon.ico HTTP/1.1" 404 -
180.169.147.146 - - [01/Jun/2024:11:07:18 +0800] "GET /xingrg/all/function/internal_message.html?_=1717211237992&CODE_STATE=count HTTP/1.1" 200 11
180.169.147.146 - - [01/Jun/2024:11:07:18 +0800] "GET /xingrg/check_reg.html?_=1717211237993 HTTP/1.1" 200 22
222.67.233.39 - - [01/Jun/2024:11:07:18 +0800] "GET /xingrg/all/function/internal_message.html?_=1717211238461&CODE_STATE=getMsg HTTP/1.1" 200 27
180.169.147.146 - - [01/Jun/2024:11:07:18 +0800] "POST /xingrg/all/common/load_tree.html?tree=area_rest_tree_json&manage=1 HTTP/1.1" 200 484
180.169.147.146 - - [01/Jun/2024:11:07:18 +0800] "POST /xingrg/load_menu.html HTTP/1.1" 200 5138
222.70.182.146 - - [01/Jun/2024:11:07:19 +0800] "POST /xingrg/services/DataTransmitService HTTP/1.1" 200 524
222.70.182.146 - - [01/Jun/2024:11:07:20 +0800] "POST /xingrg/services/DataTransmitService HTTP/1.1" 200 501
180.169.147.146 - - [01/Jun/2024:11:07:20 +0800] "GET /xingrg/kc/report/report_main.html HTTP/1.1" 200 7340
222.70.182.146 - - [01/Jun/2024:11:07:20 +0800] "POST /xingrg/services/DataTransmitService HTTP/1.1" 200 501
222.70.182.146 - - [01/Jun/2024:11:07:21 +0800] "POST /xingrg/services/DataTransmitService HTTP/1.1" 200 501
222.70.182.146 - - [01/Jun/2024:11:07:21 +0800] "POST /xingrg/services/DataTransmitService HTTP/1.1" 200 501
222.70.182.146 - - [01/Jun/2024:11:07:21 +0800] "POST /xingrg/services/DataTransmitService HTTP/1.1" 200 501
222.70.182.146 - - [01/Jun/2024:11:07:22 +0800] "POST /xingrg/services/DataTransmitService HTTP/1.1" 200 501
222.70.182.146 - - [01/Jun/2024:11:07:24 +0800] "POST /xingrg/services/DataTransmitService HTTP/1.1" 200 412
101.83.144.49 - - [01/Jun/2024:11:07:27 +0800] "GET /xingrg/all/function/internal_message.html?_=1717211247588&CODE_STATE=getMsg HTTP/1.1" 200 27
116.232.195.13 - - [01/Jun/2024:11:07:30 +0800] "GET /xingrg/all/function/internal_message.html?_=1717211249138&CODE_STATE=getMsg HTTP/1.1" 200 27
101.83.144.49 - - [01/Jun/2024:11:07:35 +0800] "POST /xingrg/services/DataTransmitService HTTP/1.1" 200 524
101.83.144.49 - - [01/Jun/2024:11:07:36 +0800] "POST /xingrg/services/DataTransmitService HTTP/1.1" 200 412
222.67.233.39 - - [01/Jun/2024:11:07:37 +0800] "GET /xingrg/all/function/internal_message.html?_=1717211257228&CODE_STATE=getMsg HTTP/1.1" 200 27
61.165.227.88 - - [01/Jun/2024:11:07:41 +0800] "GET /xingrg/kc/base/wldb_order_operate.html?command=get_materiel&rest_code=00158&base_code=0010887&code=00102001138 HTTP/1.1" 200 439
116.238.97.31 - - [01/Jun/2024:11:07:43 +0800] "GET /xingrg/check_reg.html?_=1717211263113 HTTP/1.1" 200 22
116.238.97.31 - - [01/Jun/2024:11:07:43 +0800] "GET /xingrg/all/function/internal_message.html?_=1717211263102&CODE_STATE=getMsg HTTP/1.1" 200 27
61.165.227.88 - - [01/Jun/2024:11:07:43 +0800] "GET /xingrg/all/function/internal_message.html?_=1717211265410&CODE_STATE=getMsg HTTP/1.1" 200 27
61.165.227.88 - - [01/Jun/2024:11:07:44 +0800] "GET /xingrg/check_reg.html?_=1717211265860 HTTP/1.1" 200 22
61.165.227.88 - - [01/Jun/2024:11:07:47 +0800] "GET /xingrg/kc/base/wldb_order_operate.html?command=get_materiel&rest_code=00158&base_code=0010887&code=00102001151 HTTP/1.1" 200 434
116.232.195.13 - - [01/Jun/2024:11:07:48 +0800] "GET /xingrg/check_reg.html?_=1717211266759 HTTP/1.1" 200 22
116.232.195.13 - - [01/Jun/2024:11:07:48 +0800] "GET /xingrg/all/function/internal_message.html?_=1717211266763&CODE_STATE=getMsg HTTP/1.1" 200 27
114.84.152.157 - - [01/Jun/2024:11:07:50 +0800] "GET /xingrg/all/function/internal_message.html?_=1717209613426&CODE_STATE=getMsg HTTP/1.1" 200 27
180.169.147.146 - - [01/Jun/2024:11:07:51 +0800] "GET /xingrg/all/function/internal_message.html?_=1717211272010&CODE_STATE=getMsg HTTP/1.1" 200 27
180.169.147.146 - - [01/Jun/2024:11:07:53 +0800] "GET /xingrg/all/report/report_query.html?fileName=kc/buy/gys_amount.xml&rh=99999 HTTP/1.1" 200 52006
180.169.147.146 - - [01/Jun/2024:11:07:53 +0800] "GET /xingrg/dwr/util.js HTTP/1.1" 304 -
180.169.147.146 - - [01/Jun/2024:11:07:53 +0800] "GET /xingrg/dwr/interface/AjaxReportQueryService.js HTTP/1.1" 200 13203
180.169.147.146 - - [01/Jun/2024:11:07:53 +0800] "GET /xingrg/dwr/engine.js HTTP/1.1" 200 43631
180.169.147.146 - - [01/Jun/2024:11:07:53 +0800] "POST /xingrg/dwr/call/plaincall/AjaxReportQueryService.getFixDate.dwr HTTP/1.1" 200 111
180.169.147.146 - - [01/Jun/2024:11:07:54 +0800] "POST /xingrg/dwr/call/plaincall/AjaxReportQueryService.getInitString.dwr HTTP/1.1" 200 1116
180.169.147.146 - - [01/Jun/2024:11:07:54 +0800] "POST /xingrg/all/common/load_tree.html?tree=materiel_sort_tree_json HTTP/1.1" 200 9734
180.169.147.146 - - [01/Jun/2024:11:07:54 +0800] "POST /xingrg/all/common/load_tree.html?tree=supplier_tree_json&manage=1 HTTP/1.1" 200 82736
61.165.227.88 - - [01/Jun/2024:11:07:59 +0800] "GET /xingrg/kc/base/wldb_order_operate.html?command=get_materiel&rest_code=00158&base_code=0010887&code=00102002010 HTTP/1.1" 200 436
101.83.144.49 - - [01/Jun/2024:11:08:03 +0800] "GET /xingrg/check_reg.html?_=1717211024208 HTTP/1.1" 200 22
101.83.144.49 - - [01/Jun/2024:11:08:03 +0800] "GET /xingrg/all/function/internal_message.html?_=1717211024211&CODE_STATE=getMsg HTTP/1.1" 200 27
180.156.239.18 - - [01/Jun/2024:11:08:03 +0800] "GET /xingrg/all/function/internal_message.html?_=1717211284002&CODE_STATE=getMsg HTTP/1.1" 200 27
116.238.97.31 - - [01/Jun/2024:11:08:07 +0800] "GET /xingrg/all/function/internal_message.html?_=1717211288059&CODE_STATE=getMsg HTTP/1.1" 200 27
222.70.182.146 - - [01/Jun/2024:11:08:07 +0800] "GET /xingrg/all/function/internal_message.html?_=1717211287292&CODE_STATE=getMsg HTTP/1.1" 200 27
222.70.182.146 - - [01/Jun/2024:11:08:07 +0800] "GET /xingrg/check_reg.html?_=1717211287296 HTTP/1.1" 200 22
221.239.170.140 - - [01/Jun/2024:11:08:08 +0800] "GET /xingrg/all/function/internal_message.html?_=1717211287879&CODE_STATE=getMsg HTTP/1.1" 200 27
61.165.227.88 - - [01/Jun/2024:11:08:09 +0800] "GET /xingrg/kc/base/wldb_order_operate.html?command=get_materiel&rest_code=00158&base_code=0010887&code=00102002028 HTTP/1.1" 200 467
124.79.78.120 - - [01/Jun/2024:11:08:11 +0800] "GET /xingrg/all/function/internal_message.html?_=1717211301190&CODE_STATE=getMsg HTTP/1.1" 200 27
124.79.78.120 - - [01/Jun/2024:11:08:11 +0800] "GET /xingrg/check_reg.html?_=1717211301191 HTTP/1.1" 200 22
180.169.147.146 - - [01/Jun/2024:11:08:12 +0800] "POST /xingrg/dwr/call/plaincall/AjaxReportQueryService.refreshCache.dwr HTTP/1.1" 200 78
180.169.147.146 - - [01/Jun/2024:11:08:14 +0800] "POST /xingrg/all/report/load_report_page.html HTTP/1.1" 200 8916
180.169.147.146 - - [01/Jun/2024:11:08:14 +0800] "GET /xingrg/servlets/image?cache=0.10320372433726943&image=px HTTP/1.1" 200 807
124.78.158.238 - - [01/Jun/2024:11:08:14 +0800] "GET /xingrg/all/function/internal_message.html?_=1717211294200&CODE_STATE=getMsg HTTP/1.1" 200 27
124.78.158.238 - - [01/Jun/2024:11:08:14 +0800] "GET /xingrg/check_reg.html?_=1717211294203 HTTP/1.1" 200 22
180.169.147.146 - - [01/Jun/2024:11:08:18 +0800] "GET /xingrg/all/function/internal_message.html?_=1717211297994&CODE_STATE=getMsg HTTP/1.1" 200 27
222.67.233.39 - - [01/Jun/2024:11:08:18 +0800] "GET /xingrg/all/function/internal_message.html?_=1717211298437&CODE_STATE=getMsg HTTP/1.1" 200 27
61.165.227.88 - - [01/Jun/2024:11:08:25 +0800] "GET /xingrg/kc/base/wldb_order_operate.html?command=get_materiel&rest_code=00158&base_code=0010887&code=00102002145 HTTP/1.1" 200 434
101.83.144.49 - - [01/Jun/2024:11:08:27 +0800] "GET /xingrg/all/function/internal_message.html?_=1717211307563&CODE_STATE=getMsg HTTP/1.1" 200 27
180.169.147.146 - - [01/Jun/2024:11:08:29 +0800] "GET /xingrg/kc/buy/buy_main.html HTTP/1.1" 200 12412
180.169.147.146 - - [01/Jun/2024:11:08:29 +0800] "GET /xingrg/css/new_ie.css HTTP/1.1" 404 1036
180.169.147.146 - - [01/Jun/2024:11:08:30 +0800] "GET /xingrg/images/yd/bt.gif HTTP/1.1" 404 1040
116.232.195.13 - - [01/Jun/2024:11:08:30 +0800] "GET /xingrg/all/function/internal_message.html?_=1717211309142&CODE_STATE=getMsg HTTP/1.1" 200 27
180.169.147.146 - - [01/Jun/2024:11:08:31 +0800] "GET /xingrg/kc/buy/cgsh_order_list.html HTTP/1.1" 200 58934
180.169.147.146 - - [01/Jun/2024:11:08:33 +0800] "POST /xingrg/kc/buy/cgsh_list_operate.html HTTP/1.1" 200 645
180.169.147.146 - - [01/Jun/2024:11:08:35 +0800] "GET /xingrg/kc/buy/cgsh_order_add.html HTTP/1.1" 200 74788
180.169.147.146 - - [01/Jun/2024:11:08:35 +0800] "GET /xingrg/words/20240531104254_words.js HTTP/1.1" 304 -
180.169.147.146 - - [01/Jun/2024:11:08:36 +0800] "POST /xingrg/kc/buy/cgsh_order_operate.html HTTP/1.1" 200 8245
180.169.147.146 - - [01/Jun/2024:11:08:36 +0800] "GET /xingrg/javascript/easyui/themes/default/validatebox.css HTTP/1.1" 404 1104
180.169.147.146 - - [01/Jun/2024:11:08:36 +0800] "GET /xingrg/all/common/auto_word.html?type=employee&rest_code=00147 HTTP/1.1" 200 101
180.169.147.146 - - [01/Jun/2024:11:08:36 +0800] "GET /xingrg/all/common/auto_word.html?type=employee&rest_code=00147 HTTP/1.1" 200 101
180.169.147.146 - - [01/Jun/2024:11:08:37 +0800] "GET /xingrg/javascript/auto/indicator.gif HTTP/1.1" 404 1066
222.67.233.39 - - [01/Jun/2024:11:08:37 +0800] "GET /xingrg/all/function/internal_message.html?_=1717211317219&CODE_STATE=getMsg HTTP/1.1" 200 27
180.169.147.146 - - [01/Jun/2024:11:08:40 +0800] "GET /xingrg/javascript/jquery_tools/images/prev.gif HTTP/1.1" 404 1086
180.169.147.146 - - [01/Jun/2024:11:08:40 +0800] "GET /xingrg/javascript/jquery_tools/images/next.gif HTTP/1.1" 404 1086
61.165.227.88 - - [01/Jun/2024:11:08:40 +0800] "GET /xingrg/kc/base/wldb_order_operate.html?command=get_materiel&rest_code=00158&base_code=0010887&code=00102002274 HTTP/1.1" 200 439
116.238.97.31 - - [01/Jun/2024:11:08:43 +0800] "GET /xingrg/all/function/internal_message.html?_=1717211323111&CODE_STATE=getMsg HTTP/1.1" 200 27
61.165.227.88 - - [01/Jun/2024:11:08:43 +0800] "GET /xingrg/all/function/internal_message.html?_=1717211325400&CODE_STATE=getMsg HTTP/1.1" 200 27
61.165.227.88 - - [01/Jun/2024:11:08:44 +0800] "GET /xingrg/kc/base/wldb_order_operate.html?command=get_materiel&rest_code=00158&base_code=0010887&code=00102002275 HTTP/1.1" 200 449
116.232.195.13 - - [01/Jun/2024:11:08:48 +0800] "GET /xingrg/all/function/internal_message.html?_=1717211326759&CODE_STATE=getMsg HTTP/1.1" 200 27
114.84.152.157 - - [01/Jun/2024:11:08:50 +0800] "GET /xingrg/all/function/internal_message.html?_=1717209673423&CODE_STATE=getMsg HTTP/1.1" 200 27
180.169.147.146 - - [01/Jun/2024:11:08:51 +0800] "GET /xingrg/all/function/internal_message.html?_=1717211332008&CODE_STATE=getMsg HTTP/1.1" 200 27
61.165.227.88 - - [01/Jun/2024:11:08:57 +0800] "GET /xingrg/kc/base/wldb_order_operate.html?command=get_materiel&rest_code=00158&base_code=0010887&code=00102002287 HTTP/1.1" 200 438
101.83.144.49 - - [01/Jun/2024:11:09:03 +0800] "GET /xingrg/all/function/internal_message.html?_=1717211084211&CODE_STATE=getMsg HTTP/1.1" 200 27
180.156.239.18 - - [01/Jun/2024:11:09:03 +0800] "GET /xingrg/all/function/internal_message.html?_=1717211343999&CODE_STATE=getMsg HTTP/1.1" 200 27
61.165.227.88 - - [01/Jun/2024:11:09:05 +0800] "GET /xingrg/kc/base/wldb_order_operate.html?command=get_materiel&rest_code=00158&base_code=0010887&code=00102002327 HTTP/1.1" 200 429
116.238.97.31 - - [01/Jun/2024:11:09:07 +0800] "GET /xingrg/all/function/internal_message.html?_=1717211348070&CODE_STATE=getMsg HTTP/1.1" 200 27
116.238.97.31 - - [01/Jun/2024:11:09:07 +0800] "GET /xingrg/check_reg.html?_=1717211348073 HTTP/1.1" 200 22
222.70.182.146 - - [01/Jun/2024:11:09:07 +0800] "GET /xingrg/all/function/internal_message.html?_=1717211347311&CODE_STATE=getMsg HTTP/1.1" 200 27
221.239.170.140 - - [01/Jun/2024:11:09:08 +0800] "GET /xingrg/all/function/internal_message.html?_=1717211347864&CODE_STATE=getMsg HTTP/1.1" 200 27
180.169.147.146 - - [01/Jun/2024:11:09:09 +0800] "GET /xingrg/kc/buy/cgsh_order_operate.html?command=get_materiel&rest_code=00147&code=00101009021&supplier_code=00100022&order_time=2024-05-31 HTTP/1.1" 200 416
124.79.78.120 - - [01/Jun/2024:11:09:11 +0800] "GET /xingrg/all/function/internal_message.html?_=1717211361189&CODE_STATE=getMsg HTTP/1.1" 200 27
124.78.158.238 - - [01/Jun/2024:11:09:14 +0800] "GET /xingrg/all/function/internal_message.html?_=1717211354211&CODE_STATE=getMsg HTTP/1.1" 200 27
61.165.227.88 - - [01/Jun/2024:11:09:16 +0800] "GET /xingrg/kc/base/wldb_order_operate.html?command=get_materiel&rest_code=00158&base_code=0010887&code=00102002347 HTTP/1.1" 200 457
114.84.152.157 - - [01/Jun/2024:11:09:16 +0800] "GET /xingrg/kc/base/check_order_info.html?code=452024053000180 HTTP/1.1" 200 25494
114.84.152.157 - - [01/Jun/2024:11:09:16 +0800] "GET /xingrg/dwr/interface/AjaxComOrderService.js HTTP/1.1" 200 18264
114.84.152.157 - - [01/Jun/2024:11:09:16 +0800] "GET /xingrg/dwr/engine.js HTTP/1.1" 200 43631
114.84.152.157 - - [01/Jun/2024:11:09:16 +0800] "GET /xingrg/dwr/interface/AjaxCheckService.js HTTP/1.1" 200 14003
114.84.152.157 - - [01/Jun/2024:11:09:17 +0800] "POST /xingrg/dwr/call/plaincall/AjaxCheckService.loadOrderItems.dwr HTTP/1.1" 200 3715
222.67.233.39 - - [01/Jun/2024:11:09:18 +0800] "GET /xingrg/all/function/internal_message.html?_=1717211358410&CODE_STATE=getMsg HTTP/1.1" 200 27
180.169.147.146 - - [01/Jun/2024:11:09:18 +0800] "GET /xingrg/all/function/internal_message.html?_=1717211358001&CODE_STATE=getMsg HTTP/1.1" 200 27
180.169.147.146 - - [01/Jun/2024:11:09:20 +0800] "GET /xingrg/kc/buy/cgsh_order_operate.html?command=get_materiel&rest_code=00147&code=00101009124&supplier_code=00100022&order_time=2024-05-31 HTTP/1.1" 200 416
114.84.152.157 - - [01/Jun/2024:11:09:22 +0800] "POST /xingrg/dwr/call/plaincall/AjaxCheckService.setItemNumber.dwr HTTP/1.1" 200 76
101.83.144.49 - - [01/Jun/2024:11:09:27 +0800] "GET /xingrg/all/function/internal_message.html?_=1717211367563&CODE_STATE=getMsg HTTP/1.1" 200 27
180.169.147.146 - - [01/Jun/2024:11:09:28 +0800] "GET /xingrg/kc/buy/cgsh_order_operate.html?command=get_materiel&rest_code=00147&code=00101009141&supplier_code=00100022&order_time=2024-05-31 HTTP/1.1" 200 412
116.232.195.13 - - [01/Jun/2024:11:09:30 +0800] "GET /xingrg/all/function/internal_message.html?_=1717211369141&CODE_STATE=getMsg HTTP/1.1" 200 27
180.169.147.146 - - [01/Jun/2024:11:09:37 +0800] "GET /xingrg/kc/buy/cgsh_order_operate.html?command=get_materiel&rest_code=00147&code=00101009109&supplier_code=00100022&order_time=2024-05-31 HTTP/1.1" 200 413
222.67.233.39 - - [01/Jun/2024:11:09:37 +0800] "GET /xingrg/all/function/internal_message.html?_=1717211377231&CODE_STATE=getMsg HTTP/1.1" 200 27
116.238.97.31 - - [01/Jun/2024:11:09:43 +0800] "GET /xingrg/all/function/internal_message.html?_=1717211383116&CODE_STATE=getMsg HTTP/1.1" 200 27
61.165.227.88 - - [01/Jun/2024:11:09:43 +0800] "GET /xingrg/all/function/internal_message.html?_=1717211385394&CODE_STATE=getMsg HTTP/1.1" 200 27
180.169.147.146 - - [01/Jun/2024:11:09:46 +0800] "GET /xingrg/kc/buy/cgsh_order_operate.html?command=get_materiel&rest_code=00147&code=00101009011&supplier_code=00100022&order_time=2024-05-31 HTTP/1.1" 200 417
61.165.227.88 - - [01/Jun/2024:11:09:47 +0800] "GET /xingrg/kc/base/wldb_order_operate.html?command=get_materiel&rest_code=00158&base_code=0010887&code=00102002391 HTTP/1.1" 200 437
116.232.195.13 - - [01/Jun/2024:11:09:48 +0800] "GET /xingrg/all/function/internal_message.html?_=1717211386769&CODE_STATE=getMsg HTTP/1.1" 200 27
114.84.152.157 - - [01/Jun/2024:11:09:50 +0800] "GET /xingrg/all/function/internal_message.html?_=1717209733428&CODE_STATE=getMsg HTTP/1.1" 200 27
180.169.147.146 - - [01/Jun/2024:11:09:51 +0800] "GET /xingrg/all/function/internal_message.html?_=1717211392000&CODE_STATE=getMsg HTTP/1.1" 200 27
180.169.147.146 - - [01/Jun/2024:11:09:51 +0800] "GET /xingrg/check_reg.html?_=1717211392002 HTTP/1.1" 200 22
180.169.147.146 - - [01/Jun/2024:11:09:54 +0800] "POST /xingrg/kc/buy/cgsh_order_operate.html HTTP/1.1" 200 37
180.169.147.146 - - [01/Jun/2024:11:09:56 +0800] "POST /xingrg/kc/buy/cgsh_order_operate.html HTTP/1.1" 200 5034
180.169.147.146 - - [01/Jun/2024:11:09:56 +0800] "GET /xingrg/kc/print/load_config.html?kc_code=cgsh HTTP/1.1" 200 1927
180.169.147.146 - - [01/Jun/2024:11:09:57 +0800] "GET /xingrg/kc/print/load_data.html?order_code=212024060100006&kc_code=cgsh&condition= HTTP/1.1" 200 1625
61.165.227.88 - - [01/Jun/2024:11:10:01 +0800] "GET /xingrg/kc/base/wldb_order_operate.html?command=get_materiel&rest_code=00158&base_code=0010887&code=00102002416 HTTP/1.1" 200 428
101.83.144.49 - - [01/Jun/2024:11:10:03 +0800] "GET /xingrg/all/function/internal_message.html?_=1717211144212&CODE_STATE=getMsg HTTP/1.1" 200 27
180.156.239.18 - - [01/Jun/2024:11:10:04 +0800] "GET /xingrg/all/function/internal_message.html?_=1717211404012&CODE_STATE=getMsg HTTP/1.1" 200 27
61.165.227.88 - - [01/Jun/2024:11:10:06 +0800] "GET /xingrg/kc/base/wldb_order_operate.html?command=get_materiel&rest_code=00158&base_code=0010887&code=00102002417 HTTP/1.1" 200 433
116.238.97.31 - - [01/Jun/2024:11:10:07 +0800] "GET /xingrg/all/function/internal_message.html?_=1717211408071&CODE_STATE=getMsg HTTP/1.1" 200 27
222.70.182.146 - - [01/Jun/2024:11:10:07 +0800] "GET /xingrg/all/function/internal_message.html?_=1717211407300&CODE_STATE=getMsg HTTP/1.1" 200 27
221.239.170.140 - - [01/Jun/2024:11:10:08 +0800] "GET /xingrg/all/function/internal_message.html?_=1717211407852&CODE_STATE=getMsg HTTP/1.1" 200 27
114.84.152.157 - - [01/Jun/2024:11:10:08 +0800] "POST /xingrg/dwr/call/plaincall/AjaxCheckService.setItemNumber.dwr HTTP/1.1" 200 76
124.79.78.120 - - [01/Jun/2024:11:10:11 +0800] "GET /xingrg/all/function/internal_message.html?_=1717211421187&CODE_STATE=getMsg HTTP/1.1" 200 27
124.78.158.238 - - [01/Jun/2024:11:10:14 +0800] "GET /xingrg/all/function/internal_message.html?_=1717211414202&CODE_STATE=getMsg HTTP/1.1" 200 27
61.165.227.88 - - [01/Jun/2024:11:10:16 +0800] "GET /xingrg/kc/base/wldb_order_operate.html?command=get_materiel&rest_code=00158&base_code=0010887&code=00102002445 HTTP/1.1" 200 430
222.67.233.39 - - [01/Jun/2024:11:10:18 +0800] "GET /xingrg/all/function/internal_message.html?_=1717211418391&CODE_STATE=getMsg HTTP/1.1" 200 27
180.169.147.146 - - [01/Jun/2024:11:10:18 +0800] "GET /xingrg/all/function/internal_message.html?_=1717211418007&CODE_STATE=getMsg HTTP/1.1" 200 27
116.232.195.13 - - [01/Jun/2024:11:10:20 +0800] "GET /xingrg/index.html?sysBaseUrl=http%3A%2F%2F180.169.147.146%3A18081%2Fxingrg%2F&costTime=1779×tamp=1684631389383 HTTP/1.1" 200 17179
116.232.195.13 - - [01/Jun/2024:11:10:20 +0800] "GET /xingrg/all/function/internal_message.html?_=1717211418929&CODE_STATE=count HTTP/1.1" 200 11
116.232.195.13 - - [01/Jun/2024:11:10:20 +0800] "GET /xingrg/check_reg.html?_=1717211418930 HTTP/1.1" 200 22
116.232.195.13 - - [01/Jun/2024:11:10:20 +0800] "POST /xingrg/all/common/load_tree.html?tree=area_rest_tree_json&manage=1 HTTP/1.1" 200 351
116.232.195.13 - - [01/Jun/2024:11:10:20 +0800] "GET /favicon.ico HTTP/1.1" 404 -
116.232.195.13 - - [01/Jun/2024:11:10:20 +0800] "POST /xingrg/load_menu.html HTTP/1.1" 200 5138
61.165.227.88 - - [01/Jun/2024:11:10:24 +0800] "GET /xingrg/kc/base/wldb_order_operate.html?command=get_materiel&rest_code=00158&base_code=0010887&code=00102002505 HTTP/1.1" 200 438
116.232.195.13 - - [01/Jun/2024:11:10:24 +0800] "GET /xingrg/kc/base/check_order_list.html HTTP/1.1" 200 16340
116.232.195.13 - - [01/Jun/2024:11:10:25 +0800] "POST /xingrg/kc/base/check_list_operate.html HTTP/1.1" 200 4706
101.83.144.49 - - [01/Jun/2024:11:10:25 +0800] "GET /xingrg/check_reg.html?_=1717211425635 HTTP/1.1" 200 22
101.83.144.49 - - [01/Jun/2024:11:10:27 +0800] "GET /xingrg/all/function/internal_message.html?_=1717211427534&CODE_STATE=getMsg HTTP/1.1" 200 27
116.232.195.13 - - [01/Jun/2024:11:10:29 +0800] "POST /xingrg/kc/base/check_list_operate.html HTTP/1.1" 200 5217
116.232.195.13 - - [01/Jun/2024:11:10:30 +0800] "GET /xingrg/check_reg.html?_=1717211429127 HTTP/1.1" 200 22
116.232.195.13 - - [01/Jun/2024:11:10:30 +0800] "GET /xingrg/all/function/internal_message.html?_=1717211429137&CODE_STATE=getMsg HTTP/1.1" 200 27
116.232.195.13 - - [01/Jun/2024:11:10:32 +0800] "POST /xingrg/kc/base/check_list_operate.html HTTP/1.1" 200 8647
116.232.195.13 - - [01/Jun/2024:11:10:35 +0800] "POST /xingrg/kc/base/check_list_operate.html HTTP/1.1" 200 9086
222.69.134.12 - - [01/Jun/2024:11:10:35 +0800] "GET /xingrg/check_reg.html?_=1717211435744 HTTP/1.1" 200 22
222.67.233.39 - - [01/Jun/2024:11:10:37 +0800] "GET /xingrg/check_reg.html?_=1717211437226 HTTP/1.1" 200 22
222.67.233.39 - - [01/Jun/2024:11:10:37 +0800] "GET /xingrg/all/function/internal_message.html?_=1717211437228&CODE_STATE=getMsg HTTP/1.1" 200 27
114.84.152.157 - - [01/Jun/2024:11:10:41 +0800] "POST /xingrg/dwr/call/plaincall/AjaxCheckService.setItemNumber.dwr HTTP/1.1" 200 76
116.232.195.13 - - [01/Jun/2024:11:10:43 +0800] "GET /xingrg/kc/base/check_order_info.html?code=452024043000362 HTTP/1.1" 200 22858
116.232.195.13 - - [01/Jun/2024:11:10:43 +0800] "GET /xingrg/dwr/interface/AjaxComOrderService.js HTTP/1.1" 200 18264
116.232.195.13 - - [01/Jun/2024:11:10:43 +0800] "GET /xingrg/dwr/interface/AjaxCheckService.js HTTP/1.1" 200 14003
116.232.195.13 - - [01/Jun/2024:11:10:43 +0800] "GET /xingrg/dwr/engine.js HTTP/1.1" 200 43631
116.232.195.13 - - [01/Jun/2024:11:10:43 +0800] "GET /xingrg/javascript/jquery_easy_ui/themes/icons/exam_new.png HTTP/1.1" 200 756
116.238.97.31 - - [01/Jun/2024:11:10:43 +0800] "GET /xingrg/all/function/internal_message.html?_=1717211443114&CODE_STATE=getMsg HTTP/1.1" 200 27
61.165.227.88 - - [01/Jun/2024:11:10:43 +0800] "GET /xingrg/all/function/internal_message.html?_=1717211445371&CODE_STATE=getMsg HTTP/1.1" 200 27
