116.238.97.31 - - [01/Jun/2024:11:35:19 +0800] "GET /xingrg/all/function/internal_message.html?_=1717212920023&CODE_STATE=count HTTP/1.1" 200 11
116.238.97.31 - - [01/Jun/2024:11:35:19 +0800] "GET /xingrg/javascript/jquery_easy_ui/themes/default/images/panel_tool_expand.gif HTTP/1.1" 200 247
116.238.97.31 - - [01/Jun/2024:11:35:19 +0800] "POST /xingrg/all/common/load_tree.html?tree=area_rest_tree_json&manage=1 HTTP/1.1" 200 4010
116.238.97.31 - - [01/Jun/2024:11:35:19 +0800] "POST /xingrg/load_menu.html HTTP/1.1" 200 11443
116.238.97.31 - - [01/Jun/2024:11:35:19 +0800] "GET /xingrg/javascript/jquery_easy_ui/themes/icons/delivery_new.png HTTP/1.1" 200 700
116.238.97.31 - - [01/Jun/2024:11:35:19 +0800] "GET /xingrg/javascript/jquery_easy_ui/themes/icons/checkout_new.png HTTP/1.1" 200 744
116.238.97.31 - - [01/Jun/2024:11:35:19 +0800] "GET /xingrg/javascript/jquery_easy_ui/themes/icons/setting_new.png HTTP/1.1" 200 450
116.238.97.31 - - [01/Jun/2024:11:35:19 +0800] "GET /xingrg/javascript/jquery_easy_ui/themes/icons/systemset_new.png HTTP/1.1" 200 606
116.232.195.13 - - [01/Jun/2024:11:35:20 +0800] "GET /xingrg/all/function/internal_message.html?_=1717212918948&CODE_STATE=getMsg HTTP/1.1" 200 27
116.232.195.13 - - [01/Jun/2024:11:35:20 +0800] "GET /xingrg/check_reg.html?_=1717212918951 HTTP/1.1" 200 22
116.238.97.31 - - [01/Jun/2024:11:35:20 +0800] "GET /xingrg/javascript/jquery_easy_ui/themes/icons/manage.png HTTP/1.1" 200 696
116.238.97.31 - - [01/Jun/2024:11:35:20 +0800] "GET /xingrg/javascript/jquery_easy_ui/themes/default/images/button_a_bg.gif HTTP/1.1" 200 1194
116.238.97.31 - - [01/Jun/2024:11:35:20 +0800] "GET /xingrg/javascript/jquery_easy_ui/themes/default/images/button_span_bg.gif HTTP/1.1" 200 2061
116.238.97.31 - - [01/Jun/2024:11:35:20 +0800] "GET /xingrg/javascript/jquery_easy_ui/themes/icons/ok.png HTTP/1.1" 200 883
116.238.97.31 - - [01/Jun/2024:11:35:20 +0800] "GET /xingrg/javascript/jquery_easy_ui/themes/default/images/panel_title.png HTTP/1.1" 200 266
116.238.97.31 - - [01/Jun/2024:11:35:20 +0800] "GET /xingrg/javascript/jquery_easy_ui/themes/default/images/panel_tools.gif HTTP/1.1" 200 737
116.238.97.31 - - [01/Jun/2024:11:35:24 +0800] "POST /xingrg/all/user/operate.html HTTP/1.1" 200 36
116.238.97.31 - - [01/Jun/2024:11:35:24 +0800] "GET /xingrg/index.html?sysBaseUrl=http%3A%2F%2F180.169.147.146%3A18081%2Fxingrg%2F&costTime=1548×tamp=1717212918836 HTTP/1.1" 200 17503
116.238.97.31 - - [01/Jun/2024:11:35:24 +0800] "GET /xingrg/javascript/jquery_easy_ui/themes/default/easyui.css HTTP/1.1" 304 -
116.238.97.31 - - [01/Jun/2024:11:35:24 +0800] "GET /xingrg/javascript/jquery_easy_ui/themes/icon.css HTTP/1.1" 304 -
116.238.97.31 - - [01/Jun/2024:11:35:24 +0800] "GET /xingrg/css/form.css HTTP/1.1" 304 -
116.238.97.31 - - [01/Jun/2024:11:35:24 +0800] "GET /xingrg/javascript/jquery-1.4.2.min.js HTTP/1.1" 304 -
116.238.97.31 - - [01/Jun/2024:11:35:24 +0800] "GET /xingrg/javascript/jquery_easy_ui/jquery.easyui.min.js HTTP/1.1" 304 -
116.238.97.31 - - [01/Jun/2024:11:35:24 +0800] "GET /xingrg/javascript/jquery_easy_ui/easyui-lang-zh_CN.js HTTP/1.1" 304 -
116.238.97.31 - - [01/Jun/2024:11:35:24 +0800] "GET /xingrg/javascript/jquery.form.js HTTP/1.1" 304 -
116.238.97.31 - - [01/Jun/2024:11:35:24 +0800] "GET /xingrg/javascript/jquery.utils.js HTTP/1.1" 304 -
116.238.97.31 - - [01/Jun/2024:11:35:24 +0800] "GET /xingrg/javascript/jquery.timers.js HTTP/1.1" 304 -
116.238.97.31 - - [01/Jun/2024:11:35:24 +0800] "GET /xingrg/images/blue/jxLogo.png HTTP/1.1" 304 -
116.238.97.31 - - [01/Jun/2024:11:35:24 +0800] "GET /xingrg/images/blue/navBackgound.jpg HTTP/1.1" 304 -
116.238.97.31 - - [01/Jun/2024:11:35:24 +0800] "GET /xingrg/javascript/jquery_easy_ui/themes/icons/settle_new.png HTTP/1.1" 304 -
116.238.97.31 - - [01/Jun/2024:11:35:24 +0800] "GET /xingrg/check_reg.html?_=1717212925314 HTTP/1.1" 200 22
116.238.97.31 - - [01/Jun/2024:11:35:24 +0800] "GET /xingrg/all/function/internal_message.html?_=1717212925314&CODE_STATE=count HTTP/1.1" 200 11
116.238.97.31 - - [01/Jun/2024:11:35:24 +0800] "GET /xingrg/javascript/jquery_easy_ui/themes/default/images/tabs_leftarrow.png HTTP/1.1" 304 -
116.238.97.31 - - [01/Jun/2024:11:35:24 +0800] "GET /xingrg/javascript/jquery_easy_ui/themes/default/images/panel_tool_expand.gif HTTP/1.1" 304 -
116.238.97.31 - - [01/Jun/2024:11:35:24 +0800] "GET /xingrg/javascript/jquery_easy_ui/themes/default/images/panel_tool_collapse.gif HTTP/1.1" 304 -
116.238.97.31 - - [01/Jun/2024:11:35:24 +0800] "GET /xingrg/javascript/jquery_easy_ui/themes/default/images/tabs_rightarrow.png HTTP/1.1" 304 -
116.238.97.31 - - [01/Jun/2024:11:35:24 +0800] "GET /xingrg/images/blue/pingpu.png HTTP/1.1" 304 -
116.238.97.31 - - [01/Jun/2024:11:35:24 +0800] "POST /xingrg/all/common/load_tree.html?tree=area_rest_tree_json&manage=1 HTTP/1.1" 200 4010
116.238.97.31 - - [01/Jun/2024:11:35:24 +0800] "POST /xingrg/load_menu.html HTTP/1.1" 200 9959
101.83.144.49 - - [01/Jun/2024:11:35:25 +0800] "GET /xingrg/check_reg.html?_=1717212925662 HTTP/1.1" 200 22
101.83.144.49 - - [01/Jun/2024:11:35:27 +0800] "GET /xingrg/all/function/internal_message.html?_=1717212926922&CODE_STATE=getMsg HTTP/1.1" 200 27
116.238.97.31 - - [01/Jun/2024:11:35:28 +0800] "GET /xingrg/kc/cost/cost_list.html HTTP/1.1" 200 6093
116.238.97.31 - - [01/Jun/2024:11:35:28 +0800] "GET /xingrg/javascript/step/step.css HTTP/1.1" 200 999
116.238.97.31 - - [01/Jun/2024:11:35:28 +0800] "GET /xingrg/dwr/interface/AjaxReportQueryService.js HTTP/1.1" 200 13203
116.238.97.31 - - [01/Jun/2024:11:35:28 +0800] "GET /xingrg/dwr/engine.js HTTP/1.1" 200 43631
116.238.97.31 - - [01/Jun/2024:11:35:29 +0800] "GET /xingrg/javascript/jquery_easy_ui/themes/icons/pencil.png HTTP/1.1" 200 713
116.238.97.31 - - [01/Jun/2024:11:35:29 +0800] "GET /xingrg/javascript/jquery_easy_ui/themes/default/images/datagrid_header_bg.gif HTTP/1.1" 200 97
116.238.97.31 - - [01/Jun/2024:11:35:29 +0800] "GET /xingrg/javascript/jquery_easy_ui/themes/icons/edit_remove.png HTTP/1.1" 200 625
116.238.97.31 - - [01/Jun/2024:11:35:29 +0800] "GET /xingrg/javascript/jquery_easy_ui/themes/default/images/pagination_loading.gif HTTP/1.1" 200 1737
116.238.97.31 - - [01/Jun/2024:11:35:29 +0800] "GET /xingrg/javascript/jquery_easy_ui/themes/icons/edit_add.png HTTP/1.1" 200 1088
116.238.97.31 - - [01/Jun/2024:11:35:29 +0800] "GET /xingrg/kc/cost/cost_operate.html?_=1717212929927&command=load_cost_list HTTP/1.1" 200 12432
116.232.195.13 - - [01/Jun/2024:11:35:30 +0800] "GET /xingrg/all/function/internal_message.html?_=1717212929130&CODE_STATE=getMsg HTTP/1.1" 200 27
116.232.195.13 - - [01/Jun/2024:11:35:30 +0800] "GET /xingrg/check_reg.html?_=1717212929134 HTTP/1.1" 200 22
222.69.134.12 - - [01/Jun/2024:11:35:34 +0800] "GET /xingrg/check_reg.html?_=1717212935747 HTTP/1.1" 200 22
222.67.233.39 - - [01/Jun/2024:11:35:37 +0800] "GET /xingrg/all/function/internal_message.html?_=1717212937230&CODE_STATE=getMsg HTTP/1.1" 200 27
222.67.233.39 - - [01/Jun/2024:11:35:37 +0800] "GET /xingrg/check_reg.html?_=1717212937233 HTTP/1.1" 200 22
116.238.97.31 - - [01/Jun/2024:11:35:42 +0800] "POST /xingrg/kc/base/check_list_operate.html HTTP/1.1" 200 4
61.165.227.88 - - [01/Jun/2024:11:35:43 +0800] "GET /xingrg/all/function/internal_message.html?_=1717212945117&CODE_STATE=getMsg HTTP/1.1" 200 27
114.84.152.157 - - [01/Jun/2024:11:35:47 +0800] "GET /xingrg/check_reg.html?_=1717211290205 HTTP/1.1" 200 22
116.232.195.13 - - [01/Jun/2024:11:35:48 +0800] "GET /xingrg/all/function/internal_message.html?_=1717212946764&CODE_STATE=getMsg HTTP/1.1" 200 27
114.84.152.157 - - [01/Jun/2024:11:35:50 +0800] "GET /xingrg/all/function/internal_message.html?_=1717211293231&CODE_STATE=getMsg HTTP/1.1" 200 27
180.169.147.146 - - [01/Jun/2024:11:35:51 +0800] "GET /xingrg/all/function/internal_message.html?_=1717212952062&CODE_STATE=getMsg HTTP/1.1" 302 -
116.232.37.13 - - [01/Jun/2024:11:35:52 +0800] "GET /xingrg/all/function/internal_message.html?_=1717212953454&CODE_STATE=getMsg HTTP/1.1" 200 27
116.238.97.31 - - [01/Jun/2024:11:35:54 +0800] "POST /xingrg/kc/base/check_list_operate.html HTTP/1.1" 200 781
116.238.97.31 - - [01/Jun/2024:11:35:56 +0800] "GET /xingrg/kc/cost/cost_page.html HTTP/1.1" 200 4088
116.238.97.31 - - [01/Jun/2024:11:35:56 +0800] "GET /xingrg/dwr/interface/AjaxReportQueryService.js HTTP/1.1" 200 13203
116.238.97.31 - - [01/Jun/2024:11:35:56 +0800] "GET /xingrg/dwr/engine.js HTTP/1.1" 200 43631
116.238.97.31 - - [01/Jun/2024:11:35:56 +0800] "GET /xingrg/javascript/jquery_easy_ui/themes/icons/search.png HTTP/1.1" 200 813
116.238.97.31 - - [01/Jun/2024:11:35:56 +0800] "GET /xingrg/javascript/jquery_easy_ui/themes/default/images/calendar_prevmonth.gif HTTP/1.1" 200 66
116.238.97.31 - - [01/Jun/2024:11:35:56 +0800] "GET /xingrg/javascript/jquery_easy_ui/themes/default/images/calendar_nextmonth.gif HTTP/1.1" 200 64
116.238.97.31 - - [01/Jun/2024:11:35:56 +0800] "GET /xingrg/javascript/jquery_easy_ui/themes/default/images/calendar_prevyear.gif HTTP/1.1" 200 76
116.238.97.31 - - [01/Jun/2024:11:35:56 +0800] "GET /xingrg/javascript/jquery_easy_ui/themes/default/images/calendar_nextyear.gif HTTP/1.1" 200 75
116.238.97.31 - - [01/Jun/2024:11:35:58 +0800] "POST /xingrg/kc/cost/cost_operate.html HTTP/1.1" 200 4
180.164.6.225 - - [01/Jun/2024:11:35:58 +0800] "GET /xingrg/all/function/internal_message.html?_=1717212956882&CODE_STATE=getMsg HTTP/1.1" 200 27
180.156.239.18 - - [01/Jun/2024:11:36:03 +0800] "GET /xingrg/all/function/internal_message.html?_=1717212964004&CODE_STATE=getMsg HTTP/1.1" 200 27
116.238.97.31 - - [01/Jun/2024:11:36:07 +0800] "GET /xingrg/all/function/internal_message.html?_=1717212968098&CODE_STATE=getMsg HTTP/1.1" 200 27
222.70.182.146 - - [01/Jun/2024:11:36:07 +0800] "GET /xingrg/all/function/internal_message.html?_=1717212967292&CODE_STATE=getMsg HTTP/1.1" 200 27
221.239.170.140 - - [01/Jun/2024:11:36:07 +0800] "GET /xingrg/all/function/internal_message.html?_=1717212967382&CODE_STATE=getMsg HTTP/1.1" 200 27
116.238.97.31 - - [01/Jun/2024:11:36:10 +0800] "GET /xingrg/kc/cost/cost_page.html HTTP/1.1" 200 4363
116.238.97.31 - - [01/Jun/2024:11:36:10 +0800] "GET /xingrg/css/blue.css HTTP/1.1" 304 -
116.238.97.31 - - [01/Jun/2024:11:36:10 +0800] "GET /xingrg/javascript/jquery_easy_ui/themes/default/easyui.css HTTP/1.1" 304 -
116.238.97.31 - - [01/Jun/2024:11:36:10 +0800] "GET /xingrg/javascript/jquery_easy_ui/themes/icon.css HTTP/1.1" 304 -
116.238.97.31 - - [01/Jun/2024:11:36:10 +0800] "GET /xingrg/javascript/step/step.css HTTP/1.1" 304 -
116.238.97.31 - - [01/Jun/2024:11:36:10 +0800] "GET /xingrg/css/table.css HTTP/1.1" 304 -
116.238.97.31 - - [01/Jun/2024:11:36:10 +0800] "GET /xingrg/dwr/interface/AjaxReportQueryService.js HTTP/1.1" 200 13203
116.238.97.31 - - [01/Jun/2024:11:36:10 +0800] "GET /xingrg/dwr/engine.js HTTP/1.1" 200 43631
116.238.97.31 - - [01/Jun/2024:11:36:10 +0800] "GET /xingrg/dwr/util.js HTTP/1.1" 304 -
116.238.97.31 - - [01/Jun/2024:11:36:10 +0800] "GET /xingrg/javascript/jquery-1.4.2.min.js HTTP/1.1" 304 -
116.238.97.31 - - [01/Jun/2024:11:36:10 +0800] "GET /xingrg/javascript/jquery_easy_ui/jquery.easyui.min.js HTTP/1.1" 304 -
116.238.97.31 - - [01/Jun/2024:11:36:10 +0800] "GET /xingrg/javascript/jquery_easy_ui/easyui-lang-zh_CN.js HTTP/1.1" 304 -
116.238.97.31 - - [01/Jun/2024:11:36:10 +0800] "GET /xingrg/javascript/jquery.utils.js HTTP/1.1" 304 -
116.238.97.31 - - [01/Jun/2024:11:36:10 +0800] "GET /xingrg/images/control/ajaxLoader.gif HTTP/1.1" 304 -
124.79.78.120 - - [01/Jun/2024:11:36:11 +0800] "GET /xingrg/all/function/internal_message.html?_=1717212981243&CODE_STATE=getMsg HTTP/1.1" 200 27
180.169.147.146 - - [01/Jun/2024:11:36:12 +0800] "GET /xingrg/kc/base/wldb_order_list.html HTTP/1.1" 200 19221
180.169.147.146 - - [01/Jun/2024:11:36:13 +0800] "POST /xingrg/kc/base/wldb_list_operate.html HTTP/1.1" 200 928
124.78.158.238 - - [01/Jun/2024:11:36:14 +0800] "GET /xingrg/all/function/internal_message.html?_=1717212974196&CODE_STATE=getMsg HTTP/1.1" 200 27
180.169.147.146 - - [01/Jun/2024:11:36:17 +0800] "GET /xingrg/kc/base/wldb_order_add.html HTTP/1.1" 200 30709
180.169.147.146 - - [01/Jun/2024:11:36:17 +0800] "POST /xingrg/kc/base/wldb_order_operate.html HTTP/1.1" 200 6806
222.67.233.39 - - [01/Jun/2024:11:36:17 +0800] "GET /xingrg/all/function/internal_message.html?_=1717212977884&CODE_STATE=getMsg HTTP/1.1" 200 27
180.169.147.146 - - [01/Jun/2024:11:36:17 +0800] "GET /xingrg/all/common/auto_word.html?type=base&rest_code=00147 HTTP/1.1" 200 1857
180.169.147.146 - - [01/Jun/2024:11:36:17 +0800] "GET /xingrg/all/common/auto_word.html?type=base&rest_code=00147 HTTP/1.1" 200 1857
180.169.147.146 - - [01/Jun/2024:11:36:17 +0800] "GET /xingrg/javascript/easyui/themes/default/validatebox.css HTTP/1.1" 404 1104
180.169.147.146 - - [01/Jun/2024:11:36:18 +0800] "GET /xingrg/all/function/internal_message.html?_=1717212977690&CODE_STATE=getMsg HTTP/1.1" 200 27
180.169.147.146 - - [01/Jun/2024:11:36:19 +0800] "POST /xingrg/all/common/load_combo.html?type=base HTTP/1.1" 200 3321
221.239.170.140 - - [01/Jun/2024:11:36:19 +0800] "GET /xingrg/check_reg.html?_=1717212978854 HTTP/1.1" 200 22
116.232.195.13 - - [01/Jun/2024:11:36:20 +0800] "GET /xingrg/all/function/internal_message.html?_=1717212978946&CODE_STATE=getMsg HTTP/1.1" 200 27
116.238.97.31 - - [01/Jun/2024:11:36:24 +0800] "GET /xingrg/all/function/internal_message.html?_=1717212985325&CODE_STATE=getMsg HTTP/1.1" 200 27
180.169.147.146 - - [01/Jun/2024:11:36:25 +0800] "POST /xingrg/all/common/load_combo.html?type=base HTTP/1.1" 200 3321
101.83.144.49 - - [01/Jun/2024:11:36:27 +0800] "GET /xingrg/all/function/internal_message.html?_=1717212986903&CODE_STATE=getMsg HTTP/1.1" 200 27
116.232.195.13 - - [01/Jun/2024:11:36:30 +0800] "GET /xingrg/all/function/internal_message.html?_=1717212989125&CODE_STATE=getMsg HTTP/1.1" 200 27
222.67.233.39 - - [01/Jun/2024:11:36:37 +0800] "GET /xingrg/all/function/internal_message.html?_=1717212997221&CODE_STATE=getMsg HTTP/1.1" 200 27
61.165.227.88 - - [01/Jun/2024:11:36:43 +0800] "GET /xingrg/all/function/internal_message.html?_=1717213005092&CODE_STATE=getMsg HTTP/1.1" 200 27
180.169.147.146 - - [01/Jun/2024:11:36:43 +0800] "GET /xingrg/kc/base/wldb_order_add.html HTTP/1.1" 200 30709
180.169.147.146 - - [01/Jun/2024:11:36:44 +0800] "POST /xingrg/kc/base/wldb_order_operate.html HTTP/1.1" 200 6806
180.169.147.146 - - [01/Jun/2024:11:36:44 +0800] "GET /xingrg/javascript/easyui/themes/default/validatebox.css HTTP/1.1" 404 1104
180.169.147.146 - - [01/Jun/2024:11:36:45 +0800] "POST /xingrg/all/common/load_combo.html?type=base HTTP/1.1" 200 3321
116.232.195.13 - - [01/Jun/2024:11:36:48 +0800] "GET /xingrg/all/function/internal_message.html?_=1717213006761&CODE_STATE=getMsg HTTP/1.1" 200 27
114.84.152.157 - - [01/Jun/2024:11:36:50 +0800] "GET /xingrg/all/function/internal_message.html?_=1717211353211&CODE_STATE=getMsg HTTP/1.1" 200 27
180.169.147.146 - - [01/Jun/2024:11:36:51 +0800] "GET /xingrg/all/function/internal_message.html?_=1717213012063&CODE_STATE=getMsg HTTP/1.1" 302 -
180.169.147.146 - - [01/Jun/2024:11:36:51 +0800] "POST /xingrg/all/common/load_combo.html?type=base HTTP/1.1" 200 3321
116.232.37.13 - - [01/Jun/2024:11:36:52 +0800] "GET /xingrg/check_reg.html?_=1717213013447 HTTP/1.1" 200 22
116.232.37.13 - - [01/Jun/2024:11:36:55 +0800] "GET /xingrg/all/function/internal_message.html?_=1717213013450&CODE_STATE=getMsg HTTP/1.1" 200 27
180.164.6.225 - - [01/Jun/2024:11:36:58 +0800] "GET /xingrg/all/function/internal_message.html?_=1717213016895&CODE_STATE=getMsg HTTP/1.1" 200 27
180.164.6.225 - - [01/Jun/2024:11:36:58 +0800] "GET /xingrg/check_reg.html?_=1717213016896 HTTP/1.1" 200 22
180.156.239.18 - - [01/Jun/2024:11:37:03 +0800] "GET /xingrg/all/function/internal_message.html?_=1717213023991&CODE_STATE=getMsg HTTP/1.1" 200 27
180.156.239.18 - - [01/Jun/2024:11:37:03 +0800] "GET /xingrg/check_reg.html?_=1717213023994 HTTP/1.1" 200 22
116.238.97.31 - - [01/Jun/2024:11:37:07 +0800] "GET /xingrg/all/function/internal_message.html?_=1717213028076&CODE_STATE=getMsg HTTP/1.1" 200 27
222.70.182.146 - - [01/Jun/2024:11:37:07 +0800] "GET /xingrg/all/function/internal_message.html?_=1717213027298&CODE_STATE=getMsg HTTP/1.1" 200 27
221.239.170.140 - - [01/Jun/2024:11:37:07 +0800] "GET /xingrg/all/function/internal_message.html?_=1717213027356&CODE_STATE=getMsg HTTP/1.1" 200 27
180.169.147.146 - - [01/Jun/2024:11:37:08 +0800] "GET /xingrg/javascript/jquery_tools/images/prev.gif HTTP/1.1" 404 1086
180.169.147.146 - - [01/Jun/2024:11:37:08 +0800] "GET /xingrg/javascript/jquery_tools/images/next.gif HTTP/1.1" 404 1086
124.79.78.120 - - [01/Jun/2024:11:37:11 +0800] "GET /xingrg/all/function/internal_message.html?_=1717213041243&CODE_STATE=getMsg HTTP/1.1" 200 27
180.169.147.146 - - [01/Jun/2024:11:37:12 +0800] "GET /xingrg/javascript/auto/indicator.gif HTTP/1.1" 404 1066
124.78.158.238 - - [01/Jun/2024:11:37:14 +0800] "GET /xingrg/all/function/internal_message.html?_=1717213034208&CODE_STATE=getMsg HTTP/1.1" 200 27
180.169.147.146 - - [01/Jun/2024:11:37:15 +0800] "GET /xingrg/kc/base/wldb_order_operate.html?command=get_materiel&rest_code=00147&base_code=0010340&code=00101036003 HTTP/1.1" 200 440
222.67.233.39 - - [01/Jun/2024:11:37:17 +0800] "GET /xingrg/all/function/internal_message.html?_=1717213037872&CODE_STATE=getMsg HTTP/1.1" 200 27
222.67.233.39 - - [01/Jun/2024:11:37:17 +0800] "GET /xingrg/check_reg.html?_=1717213037967 HTTP/1.1" 200 22
180.169.147.146 - - [01/Jun/2024:11:37:18 +0800] "GET /xingrg/all/function/internal_message.html?_=1717213037679&CODE_STATE=getMsg HTTP/1.1" 200 27
180.169.147.146 - - [01/Jun/2024:11:37:18 +0800] "GET /xingrg/check_reg.html?_=1717213038021 HTTP/1.1" 200 22
116.232.195.13 - - [01/Jun/2024:11:37:20 +0800] "GET /xingrg/all/function/internal_message.html?_=1717213038949&CODE_STATE=getMsg HTTP/1.1" 200 27
116.238.97.31 - - [01/Jun/2024:11:37:24 +0800] "GET /xingrg/all/function/internal_message.html?_=1717213045324&CODE_STATE=getMsg HTTP/1.1" 200 27
101.83.144.49 - - [01/Jun/2024:11:37:27 +0800] "GET /xingrg/all/function/internal_message.html?_=1717213046879&CODE_STATE=getMsg HTTP/1.1" 200 27
116.232.195.13 - - [01/Jun/2024:11:37:30 +0800] "GET /xingrg/all/function/internal_message.html?_=1717213049124&CODE_STATE=getMsg HTTP/1.1" 200 27
222.67.233.39 - - [01/Jun/2024:11:37:37 +0800] "GET /xingrg/all/function/internal_message.html?_=1717213057241&CODE_STATE=getMsg HTTP/1.1" 200 27
180.169.147.146 - - [01/Jun/2024:11:37:40 +0800] "POST /xingrg/kc/base/wldb_order_operate.html HTTP/1.1" 200 37
180.169.147.146 - - [01/Jun/2024:11:37:42 +0800] "GET /xingrg/kc/base/wldb_order_info.html?code=422024060100008 HTTP/1.1" 200 30722
180.169.147.146 - - [01/Jun/2024:11:37:42 +0800] "POST /xingrg/kc/base/wldb_order_operate.html HTTP/1.1" 200 2191
180.169.147.146 - - [01/Jun/2024:11:37:43 +0800] "GET /xingrg/javascript/easyui/themes/default/validatebox.css HTTP/1.1" 404 1104
61.165.227.88 - - [01/Jun/2024:11:37:43 +0800] "GET /xingrg/all/function/internal_message.html?_=1717213065089&CODE_STATE=getMsg HTTP/1.1" 200 27
61.165.227.88 - - [01/Jun/2024:11:37:44 +0800] "GET /xingrg/check_reg.html?_=1717213065785 HTTP/1.1" 200 22
116.238.97.31 - - [01/Jun/2024:11:37:44 +0800] "POST /xingrg/kc/cost/cost_operate.html HTTP/1.1" 200 4
180.169.147.146 - - [01/Jun/2024:11:37:44 +0800] "POST /xingrg/kc/base/wldb_order_operate.html HTTP/1.1" 200 2191
180.169.147.146 - - [01/Jun/2024:11:37:45 +0800] "GET /xingrg/kc/print/load_data.html?order_code=422024060100008&kc_code=wldb&condition= HTTP/1.1" 200 539
116.238.97.31 - - [01/Jun/2024:11:37:46 +0800] "GET /xingrg/kc/cost/cost_page.html HTTP/1.1" 200 4088
116.238.97.31 - - [01/Jun/2024:11:37:46 +0800] "GET /xingrg/css/blue.css HTTP/1.1" 304 -
116.238.97.31 - - [01/Jun/2024:11:37:46 +0800] "GET /xingrg/javascript/jquery_easy_ui/themes/default/easyui.css HTTP/1.1" 304 -
116.238.97.31 - - [01/Jun/2024:11:37:46 +0800] "GET /xingrg/javascript/jquery_easy_ui/themes/icon.css HTTP/1.1" 304 -
116.238.97.31 - - [01/Jun/2024:11:37:46 +0800] "GET /xingrg/javascript/step/step.css HTTP/1.1" 304 -
116.238.97.31 - - [01/Jun/2024:11:37:46 +0800] "GET /xingrg/css/table.css HTTP/1.1" 304 -
116.238.97.31 - - [01/Jun/2024:11:37:46 +0800] "GET /xingrg/dwr/interface/AjaxReportQueryService.js HTTP/1.1" 200 13203
116.238.97.31 - - [01/Jun/2024:11:37:46 +0800] "GET /xingrg/dwr/engine.js HTTP/1.1" 200 43631
116.238.97.31 - - [01/Jun/2024:11:37:46 +0800] "GET /xingrg/dwr/util.js HTTP/1.1" 304 -
116.238.97.31 - - [01/Jun/2024:11:37:46 +0800] "GET /xingrg/javascript/jquery-1.4.2.min.js HTTP/1.1" 304 -
116.238.97.31 - - [01/Jun/2024:11:37:46 +0800] "GET /xingrg/javascript/jquery_easy_ui/jquery.easyui.min.js HTTP/1.1" 304 -
116.238.97.31 - - [01/Jun/2024:11:37:46 +0800] "GET /xingrg/javascript/jquery_easy_ui/easyui-lang-zh_CN.js HTTP/1.1" 304 -
116.238.97.31 - - [01/Jun/2024:11:37:46 +0800] "GET /xingrg/javascript/jquery.utils.js HTTP/1.1" 304 -
116.238.97.31 - - [01/Jun/2024:11:37:46 +0800] "GET /xingrg/images/control/ajaxLoader.gif HTTP/1.1" 304 -
116.232.195.13 - - [01/Jun/2024:11:37:48 +0800] "GET /xingrg/all/function/internal_message.html?_=1717213066766&CODE_STATE=getMsg HTTP/1.1" 200 27
116.232.195.13 - - [01/Jun/2024:11:37:48 +0800] "GET /xingrg/check_reg.html?_=1717213066771 HTTP/1.1" 200 22
114.84.152.157 - - [01/Jun/2024:11:37:50 +0800] "GET /xingrg/all/function/internal_message.html?_=1717211413195&CODE_STATE=getMsg HTTP/1.1" 200 27
180.169.147.146 - - [01/Jun/2024:11:37:51 +0800] "GET /xingrg/all/function/internal_message.html?_=1717213072063&CODE_STATE=getMsg HTTP/1.1" 302 -
116.238.97.31 - - [01/Jun/2024:11:37:51 +0800] "GET /xingrg/kc/report/report_main.html HTTP/1.1" 200 7340
116.238.97.31 - - [01/Jun/2024:11:37:51 +0800] "GET /xingrg/javascript/jquery_ui/themes/humanity/humanity.css HTTP/1.1" 200 27801
116.232.37.13 - - [01/Jun/2024:11:37:52 +0800] "GET /xingrg/all/function/internal_message.html?_=1717213073429&CODE_STATE=getMsg HTTP/1.1" 200 27
116.238.97.31 - - [01/Jun/2024:11:37:52 +0800] "GET /xingrg/kc/cost/crk_report.html HTTP/1.1" 200 24156
116.238.97.31 - - [01/Jun/2024:11:37:53 +0800] "POST /xingrg/kc/cost/cost_operate.html?command=get_base_tree HTTP/1.1" 200 2589
116.238.97.31 - - [01/Jun/2024:11:37:53 +0800] "GET /xingrg/javascript/jquery_easy_ui/themes/default/images/menu.gif HTTP/1.1" 200 834
116.238.97.31 - - [01/Jun/2024:11:37:53 +0800] "GET /xingrg/javascript/jquery_easy_ui/themes/default/images/tree_checkbox_0.gif HTTP/1.1" 200 168
116.238.97.31 - - [01/Jun/2024:11:37:53 +0800] "POST /xingrg/all/common/load_tree.html?tree=materiel_sort_tree_json HTTP/1.1" 200 9734
116.238.97.31 - - [01/Jun/2024:11:37:53 +0800] "POST /xingrg/kc/cost/cost_operate.html HTTP/1.1" 200 37
116.238.97.31 - - [01/Jun/2024:11:37:58 +0800] "GET /xingrg/javascript/jquery_easy_ui/themes/default/images/tree_checkbox_1.gif HTTP/1.1" 200 174
116.238.97.31 - - [01/Jun/2024:11:37:58 +0800] "GET /xingrg/javascript/jquery_easy_ui/themes/default/images/tree_checkbox_2.gif HTTP/1.1" 200 181
180.164.6.225 - - [01/Jun/2024:11:37:58 +0800] "GET /xingrg/all/function/internal_message.html?_=1717213076884&CODE_STATE=getMsg HTTP/1.1" 200 27
180.156.239.18 - - [01/Jun/2024:11:38:04 +0800] "GET /xingrg/all/function/internal_message.html?_=1717213084004&CODE_STATE=getMsg HTTP/1.1" 200 27
116.238.97.31 - - [01/Jun/2024:11:38:07 +0800] "GET /xingrg/all/function/internal_message.html?_=1717213088069&CODE_STATE=getMsg HTTP/1.1" 200 27
222.70.182.146 - - [01/Jun/2024:11:38:07 +0800] "GET /xingrg/all/function/internal_message.html?_=1717213087303&CODE_STATE=getMsg HTTP/1.1" 200 27
222.70.182.146 - - [01/Jun/2024:11:38:07 +0800] "GET /xingrg/check_reg.html?_=1717213087305 HTTP/1.1" 200 22
221.239.170.140 - - [01/Jun/2024:11:38:07 +0800] "GET /xingrg/all/function/internal_message.html?_=1717213087340&CODE_STATE=getMsg HTTP/1.1" 200 27
124.79.78.120 - - [01/Jun/2024:11:38:11 +0800] "GET /xingrg/check_reg.html?_=1717213101242 HTTP/1.1" 200 22
124.79.78.120 - - [01/Jun/2024:11:38:11 +0800] "GET /xingrg/all/function/internal_message.html?_=1717213101245&CODE_STATE=getMsg HTTP/1.1" 200 27
124.78.158.238 - - [01/Jun/2024:11:38:14 +0800] "GET /xingrg/check_reg.html?_=1717213094201 HTTP/1.1" 200 22
124.78.158.238 - - [01/Jun/2024:11:38:14 +0800] "GET /xingrg/all/function/internal_message.html?_=1717213094202&CODE_STATE=getMsg HTTP/1.1" 200 27
222.67.233.39 - - [01/Jun/2024:11:38:17 +0800] "GET /xingrg/all/function/internal_message.html?_=1717213097848&CODE_STATE=getMsg HTTP/1.1" 200 27
180.169.147.146 - - [01/Jun/2024:11:38:18 +0800] "GET /xingrg/all/function/internal_message.html?_=1717213097655&CODE_STATE=getMsg HTTP/1.1" 200 27
116.232.195.13 - - [01/Jun/2024:11:38:20 +0800] "GET /xingrg/all/function/internal_message.html?_=1717213098940&CODE_STATE=getMsg HTTP/1.1" 200 27
116.238.97.31 - - [01/Jun/2024:11:38:21 +0800] "GET /xingrg/all/report/report_query.html?isQuery=1&onlyBody=1&rh=999&varString=cost_id:5048,rk_cost:cgsh_rk_money-cgth_ck_money$add$pssh_rk_money-psth_ck_money$add$yddb_rk_money$add$qt_rk_money$add$wldb_rk_money$add$check_rk_money,ck_cost:cgsh_rk_money-cgth_ck_money$add$pssh_rk_money-psth_ck_money$add$yddb_rk_money$add$qt_rk_money$add$wldb_rk_money$add$check_rk_money,rk_nums:cgsh_rk_number-cgth_ck_number$add$pssh_rk_number-psth_ck_number$add$yddb_rk_number$add$qt_rk_number$add$wldb_rk_number$add$check_rk_number,ck_nums:cgsh_rk_number-cgth_ck_number$add$pssh_rk_number-psth_ck_number$add$yddb_rk_number$add$qt_rk_number$add$wldb_rk_number$add$check_rk_number&fileName=kc/cost/crk_define_by_materiel.xml&queryString=%20a.base_code%20in%20('0010476','0010477','0010478','0010479','0010480','0010678','0010704','0010852')%20&queryText=月份:2024年5月%20仓库:食品仓库,物料仓库,燕鲍翅库,香烟库,酒水库,粽子库,礼盒库,果汁库&tableQueryString=materiel_table$sp1$$sp$before_table$sp1$$sp$crk_table$sp1$order_day%20between%2020240501%20and%2020240531 HTTP/1.1" 200 49215
116.238.97.31 - - [01/Jun/2024:11:38:21 +0800] "GET /xingrg/javascript/multi_select/jqueryMultiSelect.css HTTP/1.1" 200 951
116.238.97.31 - - [01/Jun/2024:11:38:21 +0800] "GET /xingrg/javascript/calendar/timePicker.css HTTP/1.1" 200 523
116.238.97.31 - - [01/Jun/2024:11:38:21 +0800] "GET /xingrg/javascript/bigrid/fix.css HTTP/1.1" 200 1702
116.238.97.31 - - [01/Jun/2024:11:38:21 +0800] "GET /xingrg/dwr/interface/AjaxReportQueryService.js HTTP/1.1" 200 13203
116.238.97.31 - - [01/Jun/2024:11:38:21 +0800] "GET /xingrg/javascript/calendar/jquery.timePicker.min.js HTTP/1.1" 200 2997
116.238.97.31 - - [01/Jun/2024:11:38:21 +0800] "GET /xingrg/javascript/bigrid/fix.js HTTP/1.1" 200 6439
116.238.97.31 - - [01/Jun/2024:11:38:21 +0800] "GET /xingrg/dwr/engine.js HTTP/1.1" 200 43631
116.238.97.31 - - [01/Jun/2024:11:38:21 +0800] "GET /xingrg/javascript/jqueryMultiSelect.js HTTP/1.1" 200 11866
116.238.97.31 - - [01/Jun/2024:11:38:21 +0800] "GET /xingrg/images/control/loading.gif HTTP/1.1" 200 13463
116.238.97.31 - - [01/Jun/2024:11:38:21 +0800] "GET /xingrg/images/blue/button/advanceover.gif HTTP/1.1" 200 1347
116.238.97.31 - - [01/Jun/2024:11:38:21 +0800] "GET /xingrg/images/blue/button/advance2over.gif HTTP/1.1" 200 1336
116.238.97.31 - - [01/Jun/2024:11:38:21 +0800] "GET /xingrg/images/blue/button/backover.gif HTTP/1.1" 200 1348
116.238.97.31 - - [01/Jun/2024:11:38:21 +0800] "GET /xingrg/images/blue/button/back2over.gif HTTP/1.1" 200 1335
116.238.97.31 - - [01/Jun/2024:11:38:21 +0800] "GET /xingrg/javascript/jquery_easy_ui/themes/icons/help.png HTTP/1.1" 200 1187
116.238.97.31 - - [01/Jun/2024:11:38:24 +0800] "GET /xingrg/all/function/internal_message.html?_=1717213105324&CODE_STATE=getMsg HTTP/1.1" 200 27
116.238.97.31 - - [01/Jun/2024:11:38:24 +0800] "POST /xingrg/all/report/load_report_page.html HTTP/1.1" 200 215878
116.238.97.31 - - [01/Jun/2024:11:38:25 +0800] "GET /xingrg/images/blue/button/back2.gif HTTP/1.1" 200 1339
116.238.97.31 - - [01/Jun/2024:11:38:25 +0800] "GET /xingrg/images/blue/button/back.gif HTTP/1.1" 200 1352
116.238.97.31 - - [01/Jun/2024:11:38:25 +0800] "GET /xingrg/servlets/image?cache=0.18421604556110793&image=px HTTP/1.1" 200 807
101.83.144.49 - - [01/Jun/2024:11:38:27 +0800] "GET /xingrg/all/function/internal_message.html?_=1717213106851&CODE_STATE=getMsg HTTP/1.1" 200 27
116.232.195.13 - - [01/Jun/2024:11:38:30 +0800] "GET /xingrg/all/function/internal_message.html?_=1717213109143&CODE_STATE=getMsg HTTP/1.1" 200 27
222.67.233.39 - - [01/Jun/2024:11:38:37 +0800] "GET /xingrg/all/function/internal_message.html?_=1717213117221&CODE_STATE=getMsg HTTP/1.1" 200 27
180.169.147.146 - - [01/Jun/2024:11:38:40 +0800] "POST /xingrg/kc/base/wldb_order_operate.html HTTP/1.1" 200 37
180.169.147.146 - - [01/Jun/2024:11:38:40 +0800] "POST /xingrg/kc/base/wldb_order_operate.html HTTP/1.1" 200 2191
180.169.147.146 - - [01/Jun/2024:11:38:40 +0800] "GET /xingrg/kc/base/wldb_order_info.html?code=422024060100008 HTTP/1.1" 200 30722
180.169.147.146 - - [01/Jun/2024:11:38:41 +0800] "GET /xingrg/javascript/easyui/themes/default/validatebox.css HTTP/1.1" 404 1104
180.169.147.146 - - [01/Jun/2024:11:38:41 +0800] "POST /xingrg/kc/base/wldb_order_operate.html HTTP/1.1" 200 2191
61.165.227.88 - - [01/Jun/2024:11:38:43 +0800] "GET /xingrg/all/function/internal_message.html?_=1717213125087&CODE_STATE=getMsg HTTP/1.1" 200 27
116.232.195.13 - - [01/Jun/2024:11:38:48 +0800] "GET /xingrg/all/function/internal_message.html?_=1717213126759&CODE_STATE=getMsg HTTP/1.1" 200 27
114.84.152.157 - - [01/Jun/2024:11:38:50 +0800] "GET /xingrg/all/function/internal_message.html?_=1717211473180&CODE_STATE=getMsg HTTP/1.1" 200 27
180.169.147.146 - - [01/Jun/2024:11:38:51 +0800] "GET /xingrg/all/function/internal_message.html?_=1717213132061&CODE_STATE=getMsg HTTP/1.1" 302 -
116.232.37.13 - - [01/Jun/2024:11:38:52 +0800] "GET /xingrg/all/function/internal_message.html?_=1717213133434&CODE_STATE=getMsg HTTP/1.1" 200 27
116.238.97.31 - - [01/Jun/2024:11:38:53 +0800] "GET /xingrg/all/report/report_query.html?isQuery=1&onlyBody=1&rh=999&varString=cost_id:5048,rk_cost:cgsh_rk_money-cgth_ck_money$add$pssh_rk_money-psth_ck_money$add$yddb_rk_money$add$qt_rk_money$add$wldb_rk_money$add$check_rk_money,ck_cost:cgsh_rk_money-cgth_ck_money$add$pssh_rk_money-psth_ck_money$add$yddb_rk_money$add$qt_rk_money$add$wldb_rk_money$add$check_rk_money,rk_nums:cgsh_rk_number-cgth_ck_number$add$pssh_rk_number-psth_ck_number$add$yddb_rk_number$add$qt_rk_number$add$wldb_rk_number$add$check_rk_number,ck_nums:cgsh_rk_number-cgth_ck_number$add$pssh_rk_number-psth_ck_number$add$yddb_rk_number$add$qt_rk_number$add$wldb_rk_number$add$check_rk_number&fileName=kc/cost/crk_define_by_materiel.xml&queryString=%20a.base_code%20in%20('0010476')%20&queryText=月份:2024年5月%20仓库:食品仓库&tableQueryString=materiel_table$sp1$$sp$before_table$sp1$$sp$crk_table$sp1$order_day%20between%2020240501%20and%2020240531 HTTP/1.1" 200 49097
116.238.97.31 - - [01/Jun/2024:11:38:53 +0800] "GET /xingrg/dwr/interface/AjaxReportQueryService.js HTTP/1.1" 200 13203
116.238.97.31 - - [01/Jun/2024:11:38:53 +0800] "GET /xingrg/dwr/engine.js HTTP/1.1" 200 43631
116.238.97.31 - - [01/Jun/2024:11:38:57 +0800] "POST /xingrg/all/report/load_report_page.html HTTP/1.1" 200 215706
116.238.97.31 - - [01/Jun/2024:11:38:57 +0800] "GET /xingrg/servlets/image?cache=0.4640039002803359&image=px HTTP/1.1" 200 807
180.164.6.225 - - [01/Jun/2024:11:38:58 +0800] "GET /xingrg/all/function/internal_message.html?_=1717213136879&CODE_STATE=getMsg HTTP/1.1" 200 27
116.238.97.31 - - [01/Jun/2024:11:39:02 +0800] "GET /xingrg/all/report/report_print.html?isPrint=1&fileName=kc/cost/crk_define_by_materiel.xml&condition=%20a.base_code%20in%20('0010476')%20&condition_show=月份:2024年5月%20仓库:食品仓库&tableQueryString=materiel_table$sp1$$sp$before_table$sp1$$sp$crk_table$sp1$order_day%20between%2020240501%20and%2020240531&fileType=servlets/xls&varString=cost_id:5048,rk_cost:cgsh_rk_money-cgth_ck_money$add$pssh_rk_money-psth_ck_money$add$yddb_rk_money$add$qt_rk_money$add$wldb_rk_money$add$check_rk_money,ck_cost:cgsh_rk_money-cgth_ck_money$add$pssh_rk_money-psth_ck_money$add$yddb_rk_money$add$qt_rk_money$add$wldb_rk_money$add$check_rk_money,rk_nums:cgsh_rk_number-cgth_ck_number$add$pssh_rk_number-psth_ck_number$add$yddb_rk_number$add$qt_rk_number$add$wldb_rk_number$add$check_rk_number,ck_nums:cgsh_rk_number-cgth_ck_number$add$pssh_rk_number-psth_ck_number$add$yddb_rk_number$add$qt_rk_number$add$wldb_rk_number$add$check_rk_number HTTP/1.1" 200 58948
180.156.239.18 - - [01/Jun/2024:11:39:03 +0800] "GET /xingrg/all/function/internal_message.html?_=1717213143995&CODE_STATE=getMsg HTTP/1.1" 200 27
116.238.97.31 - - [01/Jun/2024:11:39:04 +0800] "GET /xingrg/all/report/report_print.html?isPrint=1&fileName=kc/cost/crk_define_by_materiel.xml&condition=%20a.base_code%20in%20(%270010476%27)%20&condition_show=%D4%C2%B7%DD%A3%BA2024%C4%EA5%D4%C2%20%B2%D6%BF%E2%A3%BA%CA%B3%C6%B7%B2%D6%BF%E2&tableQueryString=materiel_table$sp1$$sp$before_table$sp1$$sp$crk_table$sp1$order_day%20between%2020240501%20and%2020240531&fileType=servlets/xls&varString=cost_id:5048,rk_cost:cgsh_rk_money-cgth_ck_money$add$pssh_rk_money-psth_ck_money$add$yddb_rk_money$add$qt_rk_money$add$wldb_rk_money$add$check_rk_money,ck_cost:cgsh_rk_money-cgth_ck_money$add$pssh_rk_money-psth_ck_money$add$yddb_rk_money$add$qt_rk_money$add$wldb_rk_money$add$check_rk_money,rk_nums:cgsh_rk_number-cgth_ck_number$add$pssh_rk_number-psth_ck_number$add$yddb_rk_number$add$qt_rk_number$add$wldb_rk_number$add$check_rk_number,ck_nums:cgsh_rk_number-cgth_ck_number$add$pssh_rk_number-psth_ck_number$add$yddb_rk_number$add$qt_rk_number$add$wldb_rk_number$add$check_rk_number HTTP/1.1" 200 58948
116.238.97.31 - - [01/Jun/2024:11:39:07 +0800] "GET /xingrg/check_reg.html?_=1717213148060 HTTP/1.1" 200 22
116.238.97.31 - - [01/Jun/2024:11:39:07 +0800] "GET /xingrg/all/function/internal_message.html?_=1717213148063&CODE_STATE=getMsg HTTP/1.1" 200 27
222.70.182.146 - - [01/Jun/2024:11:39:07 +0800] "GET /xingrg/all/function/internal_message.html?_=1717213147295&CODE_STATE=getMsg HTTP/1.1" 200 27
221.239.170.140 - - [01/Jun/2024:11:39:07 +0800] "GET /xingrg/all/function/internal_message.html?_=1717213147327&CODE_STATE=getMsg HTTP/1.1" 200 27
180.169.147.146 - - [01/Jun/2024:11:39:10 +0800] "GET /xingrg/kc/base/wldb_order_add.html HTTP/1.1" 200 30709
180.169.147.146 - - [01/Jun/2024:11:39:10 +0800] "POST /xingrg/kc/base/wldb_order_operate.html HTTP/1.1" 200 6806
180.169.147.146 - - [01/Jun/2024:11:39:11 +0800] "GET /xingrg/javascript/easyui/themes/default/validatebox.css HTTP/1.1" 404 1104
124.79.78.120 - - [01/Jun/2024:11:39:11 +0800] "GET /xingrg/all/function/internal_message.html?_=1717213161244&CODE_STATE=getMsg HTTP/1.1" 200 27
180.169.147.146 - - [01/Jun/2024:11:39:12 +0800] "POST /xingrg/all/common/load_combo.html?type=base HTTP/1.1" 200 3321
124.78.158.238 - - [01/Jun/2024:11:39:14 +0800] "GET /xingrg/all/function/internal_message.html?_=1717213154215&CODE_STATE=getMsg HTTP/1.1" 200 27
180.169.147.146 - - [01/Jun/2024:11:39:14 +0800] "POST /xingrg/all/common/load_combo.html?type=base HTTP/1.1" 200 3321
222.67.233.39 - - [01/Jun/2024:11:39:17 +0800] "GET /xingrg/all/function/internal_message.html?_=1717213157830&CODE_STATE=getMsg HTTP/1.1" 200 27
180.169.147.146 - - [01/Jun/2024:11:39:18 +0800] "GET /xingrg/all/function/internal_message.html?_=1717213157628&CODE_STATE=getMsg HTTP/1.1" 200 27
116.232.195.13 - - [01/Jun/2024:11:39:20 +0800] "GET /xingrg/all/function/internal_message.html?_=1717213158954&CODE_STATE=getMsg HTTP/1.1" 200 27
116.238.97.31 - - [01/Jun/2024:11:39:21 +0800] "GET /xingrg/all/report/report_query.html?isQuery=1&onlyBody=1&rh=999&varString=cost_id:5048,rk_cost:cgsh_rk_money-cgth_ck_money$add$pssh_rk_money-psth_ck_money$add$yddb_rk_money$add$qt_rk_money$add$wldb_rk_money$add$check_rk_money,ck_cost:cgsh_rk_money-cgth_ck_money$add$pssh_rk_money-psth_ck_money$add$yddb_rk_money$add$qt_rk_money$add$wldb_rk_money$add$check_rk_money,rk_nums:cgsh_rk_number-cgth_ck_number$add$pssh_rk_number-psth_ck_number$add$yddb_rk_number$add$qt_rk_number$add$wldb_rk_number$add$check_rk_number,ck_nums:cgsh_rk_number-cgth_ck_number$add$pssh_rk_number-psth_ck_number$add$yddb_rk_number$add$qt_rk_number$add$wldb_rk_number$add$check_rk_number&fileName=kc/cost/crk_define_by_materiel.xml&queryString=%20a.base_code%20in%20('0010476')%20&queryText=月份:2024年5月%20仓库:食品仓库&tableQueryString=materiel_table$sp1$$sp$before_table$sp1$$sp$crk_table$sp1$order_day%20between%2020240501%20and%2020240531 HTTP/1.1" 200 49097
116.238.97.31 - - [01/Jun/2024:11:39:21 +0800] "GET /xingrg/dwr/interface/AjaxReportQueryService.js HTTP/1.1" 200 13203
116.238.97.31 - - [01/Jun/2024:11:39:21 +0800] "GET /xingrg/dwr/engine.js HTTP/1.1" 200 43631
116.238.97.31 - - [01/Jun/2024:11:39:24 +0800] "POST /xingrg/all/report/load_report_page.html HTTP/1.1" 200 215706
116.238.97.31 - - [01/Jun/2024:11:39:24 +0800] "GET /xingrg/all/function/internal_message.html?_=1717213165324&CODE_STATE=getMsg HTTP/1.1" 200 27
116.238.97.31 - - [01/Jun/2024:11:39:24 +0800] "GET /xingrg/servlets/image?cache=0.5114647852978018&image=px HTTP/1.1" 200 807
101.83.144.49 - - [01/Jun/2024:11:39:27 +0800] "GET /xingrg/all/function/internal_message.html?_=1717213166850&CODE_STATE=getMsg HTTP/1.1" 200 27
116.232.195.13 - - [01/Jun/2024:11:39:30 +0800] "GET /xingrg/all/function/internal_message.html?_=1717213169127&CODE_STATE=getMsg HTTP/1.1" 200 27
180.169.147.146 - - [01/Jun/2024:11:39:33 +0800] "GET /xingrg/kc/base/wldb_order_operate.html?command=get_materiel&rest_code=00147&base_code=0010341&code=00101025085 HTTP/1.1" 200 443
116.238.97.31 - - [01/Jun/2024:11:39:33 +0800] "GET /xingrg/all/report/report_print.html?isPrint=1&fileName=kc/cost/crk_define_by_materiel.xml&condition=%20a.base_code%20in%20('0010476')%20&condition_show=月份:2024年5月%20仓库:食品仓库&tableQueryString=materiel_table$sp1$$sp$before_table$sp1$$sp$crk_table$sp1$order_day%20between%2020240501%20and%2020240531&fileType=servlets/xls&varString=cost_id:5048,rk_cost:cgsh_rk_money-cgth_ck_money$add$pssh_rk_money-psth_ck_money$add$yddb_rk_money$add$qt_rk_money$add$wldb_rk_money$add$check_rk_money,ck_cost:cgsh_rk_money-cgth_ck_money$add$pssh_rk_money-psth_ck_money$add$yddb_rk_money$add$qt_rk_money$add$wldb_rk_money$add$check_rk_money,rk_nums:cgsh_rk_number-cgth_ck_number$add$pssh_rk_number-psth_ck_number$add$yddb_rk_number$add$qt_rk_number$add$wldb_rk_number$add$check_rk_number,ck_nums:cgsh_rk_number-cgth_ck_number$add$pssh_rk_number-psth_ck_number$add$yddb_rk_number$add$qt_rk_number$add$wldb_rk_number$add$check_rk_number HTTP/1.1" 200 8206
222.67.233.39 - - [01/Jun/2024:11:39:37 +0800] "GET /xingrg/all/function/internal_message.html?_=1717213177233&CODE_STATE=getMsg HTTP/1.1" 200 27
116.238.97.31 - - [01/Jun/2024:11:39:37 +0800] "GET /xingrg/all/report/report_print.html?isPrint=1&fileName=kc/cost/crk_define_by_materiel.xml&condition=%20a.base_code%20in%20('0010476')%20&condition_show=月份:2024年5月%20仓库:食品仓库&tableQueryString=materiel_table$sp1$$sp$before_table$sp1$$sp$crk_table$sp1$order_day%20between%2020240501%20and%2020240531&fileType=printView.do&varString=cost_id:5048,rk_cost:cgsh_rk_money-cgth_ck_money$add$pssh_rk_money-psth_ck_money$add$yddb_rk_money$add$qt_rk_money$add$wldb_rk_money$add$check_rk_money,ck_cost:cgsh_rk_money-cgth_ck_money$add$pssh_rk_money-psth_ck_money$add$yddb_rk_money$add$qt_rk_money$add$wldb_rk_money$add$check_rk_money,rk_nums:cgsh_rk_number-cgth_ck_number$add$pssh_rk_number-psth_ck_number$add$yddb_rk_number$add$qt_rk_number$add$wldb_rk_number$add$check_rk_number,ck_nums:cgsh_rk_number-cgth_ck_number$add$pssh_rk_number-psth_ck_number$add$yddb_rk_number$add$qt_rk_number$add$wldb_rk_number$add$check_rk_number HTTP/1.1" 302 -
116.238.97.31 - - [01/Jun/2024:11:39:37 +0800] "GET /xingrg/printView.do?sysBaseUrl=http%3A%2F%2F180.169.147.146%3A18081%2Fxingrg%2F&costTime=2451×tamp=1717213177420 HTTP/1.1" 200 1153
116.238.97.31 - - [01/Jun/2024:11:39:37 +0800] "GET /favicon.ico HTTP/1.1" 404 -
180.169.147.146 - - [01/Jun/2024:11:39:38 +0800] "GET /xingrg/kc/base/wldb_order_operate.html?command=get_materiel&rest_code=00147&base_code=0010341&code=00101025076 HTTP/1.1" 200 447
116.238.97.31 - - [01/Jun/2024:11:39:38 +0800] "GET /xingrg/applets HTTP/1.1" 302 -
116.238.97.31 - - [01/Jun/2024:11:39:38 +0800] "GET /xingrg/applets/ HTTP/1.1" 404 992
61.165.227.88 - - [01/Jun/2024:11:39:43 +0800] "GET /xingrg/all/function/internal_message.html?_=1717213185071&CODE_STATE=getMsg HTTP/1.1" 200 27
116.238.97.31 - - [01/Jun/2024:11:39:44 +0800] "GET /xingrg/all/report/report_print.html?isPrint=1&fileName=kc/cost/crk_define_by_materiel.xml&condition=%20a.base_code%20in%20('0010476')%20&condition_show=月份:2024年5月%20仓库:食品仓库&tableQueryString=materiel_table$sp1$$sp$before_table$sp1$$sp$crk_table$sp1$order_day%20between%2020240501%20and%2020240531&fileType=printReport.do&varString=cost_id:5048,rk_cost:cgsh_rk_money-cgth_ck_money$add$pssh_rk_money-psth_ck_money$add$yddb_rk_money$add$qt_rk_money$add$wldb_rk_money$add$check_rk_money,ck_cost:cgsh_rk_money-cgth_ck_money$add$pssh_rk_money-psth_ck_money$add$yddb_rk_money$add$qt_rk_money$add$wldb_rk_money$add$check_rk_money,rk_nums:cgsh_rk_number-cgth_ck_number$add$pssh_rk_number-psth_ck_number$add$yddb_rk_number$add$qt_rk_number$add$wldb_rk_number$add$check_rk_number,ck_nums:cgsh_rk_number-cgth_ck_number$add$pssh_rk_number-psth_ck_number$add$yddb_rk_number$add$qt_rk_number$add$wldb_rk_number$add$check_rk_number HTTP/1.1" 302 -
116.232.195.13 - - [01/Jun/2024:11:39:48 +0800] "GET /xingrg/all/function/internal_message.html?_=1717213186759&CODE_STATE=getMsg HTTP/1.1" 200 27
116.238.97.31 - - [01/Jun/2024:11:39:48 +0800] "GET /xingrg/all/report/report_print.html?isPrint=1&fileName=kc/cost/crk_define_by_materiel.xml&condition=%20a.base_code%20in%20('0010476')%20&condition_show=月份:2024年5月%20仓库:食品仓库&tableQueryString=materiel_table$sp1$$sp$before_table$sp1$$sp$crk_table$sp1$order_day%20between%2020240501%20and%2020240531&fileType=servlets/xls&varString=cost_id:5048,rk_cost:cgsh_rk_money-cgth_ck_money$add$pssh_rk_money-psth_ck_money$add$yddb_rk_money$add$qt_rk_money$add$wldb_rk_money$add$check_rk_money,ck_cost:cgsh_rk_money-cgth_ck_money$add$pssh_rk_money-psth_ck_money$add$yddb_rk_money$add$qt_rk_money$add$wldb_rk_money$add$check_rk_money,rk_nums:cgsh_rk_number-cgth_ck_number$add$pssh_rk_number-psth_ck_number$add$yddb_rk_number$add$qt_rk_number$add$wldb_rk_number$add$check_rk_number,ck_nums:cgsh_rk_number-cgth_ck_number$add$pssh_rk_number-psth_ck_number$add$yddb_rk_number$add$qt_rk_number$add$wldb_rk_number$add$check_rk_number HTTP/1.1" 200 58948
114.84.152.157 - - [01/Jun/2024:11:39:50 +0800] "GET /xingrg/all/function/internal_message.html?_=1717211533150&CODE_STATE=getMsg HTTP/1.1" 200 27
116.232.37.13 - - [01/Jun/2024:11:39:50 +0800] "POST /xingrg/all/user/operate.html HTTP/1.1" 200 36
116.232.37.13 - - [01/Jun/2024:11:39:51 +0800] "GET /xingrg/index.html?sysBaseUrl=http%3A%2F%2F180.169.147.146%3A18081%2Fxingrg%2F&costTime=830×tamp=1717212690229 HTTP/1.1" 200 17509
116.232.37.13 - - [01/Jun/2024:11:39:51 +0800] "GET /xingrg/javascript/jquery_easy_ui/themes/default/easyui.css HTTP/1.1" 304 -
116.232.37.13 - - [01/Jun/2024:11:39:51 +0800] "GET /xingrg/javascript/jquery_easy_ui/themes/icon.css HTTP/1.1" 304 -
116.232.37.13 - - [01/Jun/2024:11:39:51 +0800] "GET /xingrg/css/form.css HTTP/1.1" 304 -
116.232.37.13 - - [01/Jun/2024:11:39:51 +0800] "GET /xingrg/javascript/jquery-1.4.2.min.js HTTP/1.1" 304 -
116.232.37.13 - - [01/Jun/2024:11:39:51 +0800] "GET /xingrg/javascript/jquery_easy_ui/jquery.easyui.min.js HTTP/1.1" 304 -
116.232.37.13 - - [01/Jun/2024:11:39:51 +0800] "GET /xingrg/javascript/jquery_easy_ui/easyui-lang-zh_CN.js HTTP/1.1" 304 -
116.232.37.13 - - [01/Jun/2024:11:39:51 +0800] "GET /xingrg/javascript/jquery.form.js HTTP/1.1" 304 -
116.232.37.13 - - [01/Jun/2024:11:39:51 +0800] "GET /xingrg/javascript/jquery.utils.js HTTP/1.1" 304 -
116.232.37.13 - - [01/Jun/2024:11:39:51 +0800] "GET /xingrg/javascript/jquery.timers.js HTTP/1.1" 304 -
116.232.37.13 - - [01/Jun/2024:11:39:51 +0800] "GET /xingrg/images/blue/jxLogo.png HTTP/1.1" 304 -
116.232.37.13 - - [01/Jun/2024:11:39:51 +0800] "GET /xingrg/javascript/jquery_easy_ui/themes/icons/settle_new.png HTTP/1.1" 304 -
116.232.37.13 - - [01/Jun/2024:11:39:51 +0800] "GET /xingrg/images/blue/navBackgound.jpg HTTP/1.1" 304 -
116.232.37.13 - - [01/Jun/2024:11:39:51 +0800] "GET /xingrg/all/function/internal_message.html?_=1717213191798&CODE_STATE=count HTTP/1.1" 200 11
116.232.37.13 - - [01/Jun/2024:11:39:51 +0800] "GET /xingrg/check_reg.html?_=1717213191799 HTTP/1.1" 200 22
116.232.37.13 - - [01/Jun/2024:11:39:51 +0800] "GET /xingrg/javascript/jquery_easy_ui/themes/default/images/tabs_leftarrow.png HTTP/1.1" 304 -
116.232.37.13 - - [01/Jun/2024:11:39:51 +0800] "GET /xingrg/javascript/jquery_easy_ui/themes/default/images/tabs_rightarrow.png HTTP/1.1" 304 -
116.232.37.13 - - [01/Jun/2024:11:39:51 +0800] "GET /xingrg/javascript/jquery_easy_ui/themes/default/images/panel_tool_expand.gif HTTP/1.1" 304 -
116.232.37.13 - - [01/Jun/2024:11:39:51 +0800] "GET /xingrg/javascript/jquery_easy_ui/themes/default/images/panel_tool_collapse.gif HTTP/1.1" 304 -
116.232.37.13 - - [01/Jun/2024:11:39:51 +0800] "GET /xingrg/images/blue/pingpu.png HTTP/1.1" 304 -
180.169.147.146 - - [01/Jun/2024:11:39:51 +0800] "GET /xingrg/all/function/internal_message.html?_=1717213192060&CODE_STATE=getMsg HTTP/1.1" 302 -
180.169.147.146 - - [01/Jun/2024:11:39:51 +0800] "GET /xingrg/check_reg.html?_=1717213192061 HTTP/1.1" 302 -
116.232.37.13 - - [01/Jun/2024:11:39:51 +0800] "POST /xingrg/all/common/load_tree.html?tree=area_rest_tree_json&manage=1 HTTP/1.1" 200 4010
116.232.37.13 - - [01/Jun/2024:11:39:51 +0800] "POST /xingrg/load_menu.html HTTP/1.1" 200 9959
116.232.37.13 - - [01/Jun/2024:11:39:53 +0800] "GET /xingrg/kc/report/report_main.html HTTP/1.1" 200 7340
116.232.37.13 - - [01/Jun/2024:11:39:54 +0800] "GET /xingrg/kc/base/crk_hz.html HTTP/1.1" 200 11247
116.232.37.13 - - [01/Jun/2024:11:39:54 +0800] "POST /xingrg/kc/cost/cost_operate.html?command=get_base_tree HTTP/1.1" 200 2793
116.232.37.13 - - [01/Jun/2024:11:39:54 +0800] "POST /xingrg/all/common/load_tree.html?tree=materiel_sort_tree_json HTTP/1.1" 200 9734
180.164.6.225 - - [01/Jun/2024:11:39:58 +0800] "GET /xingrg/all/function/internal_message.html?_=1717213196887&CODE_STATE=getMsg HTTP/1.1" 200 27
116.232.37.13 - - [01/Jun/2024:11:40:02 +0800] "GET /xingrg/all/common/get_data_part.html?part=previousMonth&_=1717213203345 HTTP/1.1" 200 41
180.156.239.18 - - [01/Jun/2024:11:40:04 +0800] "GET /xingrg/all/function/internal_message.html?_=1717213204008&CODE_STATE=getMsg HTTP/1.1" 200 27
116.238.97.31 - - [01/Jun/2024:11:40:07 +0800] "GET /xingrg/all/function/internal_message.html?_=1717213208079&CODE_STATE=getMsg HTTP/1.1" 200 27
222.70.182.146 - - [01/Jun/2024:11:40:07 +0800] "GET /xingrg/all/function/internal_message.html?_=1717213207312&CODE_STATE=getMsg HTTP/1.1" 200 27
221.239.170.140 - - [01/Jun/2024:11:40:07 +0800] "GET /xingrg/all/function/internal_message.html?_=1717213207312&CODE_STATE=getMsg HTTP/1.1" 200 27
124.79.78.120 - - [01/Jun/2024:11:40:11 +0800] "GET /xingrg/all/function/internal_message.html?_=1717213221270&CODE_STATE=getMsg HTTP/1.1" 200 27
124.78.158.238 - - [01/Jun/2024:11:40:14 +0800] "GET /xingrg/all/function/internal_message.html?_=1717213214206&CODE_STATE=getMsg HTTP/1.1" 200 27
222.67.233.39 - - [01/Jun/2024:11:40:17 +0800] "GET /xingrg/all/function/internal_message.html?_=1717213217816&CODE_STATE=getMsg HTTP/1.1" 200 27
180.169.147.146 - - [01/Jun/2024:11:40:17 +0800] "GET /xingrg/all/function/internal_message.html?_=1717213217610&CODE_STATE=getMsg HTTP/1.1" 200 27
116.232.195.13 - - [01/Jun/2024:11:40:20 +0800] "GET /xingrg/check_reg.html?_=1717213218953 HTTP/1.1" 200 22
116.232.195.13 - - [01/Jun/2024:11:40:20 +0800] "GET /xingrg/all/function/internal_message.html?_=1717213218956&CODE_STATE=getMsg HTTP/1.1" 200 27
116.238.97.31 - - [01/Jun/2024:11:40:24 +0800] "GET /xingrg/check_reg.html?_=1717213225324 HTTP/1.1" 200 22
116.238.97.31 - - [01/Jun/2024:11:40:24 +0800] "GET /xingrg/all/function/internal_message.html?_=1717213225329&CODE_STATE=getMsg HTTP/1.1" 200 27
101.83.144.49 - - [01/Jun/2024:11:40:25 +0800] "GET /xingrg/check_reg.html?_=1717213225691 HTTP/1.1" 200 22
101.83.144.49 - - [01/Jun/2024:11:40:27 +0800] "GET /xingrg/all/function/internal_message.html?_=1717213226829&CODE_STATE=getMsg HTTP/1.1" 200 27
116.232.195.13 - - [01/Jun/2024:11:40:30 +0800] "GET /xingrg/all/function/internal_message.html?_=1717213229142&CODE_STATE=getMsg HTTP/1.1" 200 27
116.232.195.13 - - [01/Jun/2024:11:40:30 +0800] "GET /xingrg/check_reg.html?_=1717213229143 HTTP/1.1" 200 22
222.69.134.12 - - [01/Jun/2024:11:40:34 +0800] "GET /xingrg/check_reg.html?_=1717213235736 HTTP/1.1" 200 22
222.67.233.39 - - [01/Jun/2024:11:40:37 +0800] "GET /xingrg/check_reg.html?_=1717213237237 HTTP/1.1" 200 22
222.67.233.39 - - [01/Jun/2024:11:40:37 +0800] "GET /xingrg/all/function/internal_message.html?_=1717213237239&CODE_STATE=getMsg HTTP/1.1" 200 27
61.165.227.88 - - [01/Jun/2024:11:40:43 +0800] "GET /xingrg/all/function/internal_message.html?_=1717213245061&CODE_STATE=getMsg HTTP/1.1" 200 27
114.84.152.157 - - [01/Jun/2024:11:40:47 +0800] "GET /xingrg/check_reg.html?_=1717211590195 HTTP/1.1" 200 22
116.232.195.13 - - [01/Jun/2024:11:40:48 +0800] "GET /xingrg/all/function/internal_message.html?_=1717213246759&CODE_STATE=getMsg HTTP/1.1" 200 27
114.84.152.157 - - [01/Jun/2024:11:40:50 +0800] "GET /xingrg/all/function/internal_message.html?_=1717211593124&CODE_STATE=getMsg HTTP/1.1" 200 27
116.232.37.13 - - [01/Jun/2024:11:40:51 +0800] "GET /xingrg/all/function/internal_message.html?_=1717213251808&CODE_STATE=getMsg HTTP/1.1" 200 27
180.169.147.146 - - [01/Jun/2024:11:40:51 +0800] "GET /xingrg/all/function/internal_message.html?_=1717213252085&CODE_STATE=getMsg HTTP/1.1" 302 -
