120.253.135.82 - - [30/May/2024:12:43:05 +0800] "GET /xingrg/javascript/jquery_easy_ui/themes/icon.css HTTP/1.1" 304 -
120.253.135.82 - - [30/May/2024:12:43:05 +0800] "GET /xingrg/css/form.css HTTP/1.1" 304 -
120.253.135.82 - - [30/May/2024:12:43:05 +0800] "GET /xingrg/javascript/jquery-1.4.2.min.js HTTP/1.1" 304 -
120.253.135.82 - - [30/May/2024:12:43:05 +0800] "GET /xingrg/javascript/jquery_easy_ui/jquery.easyui.min.js HTTP/1.1" 304 -
120.253.135.82 - - [30/May/2024:12:43:05 +0800] "GET /xingrg/javascript/jquery_easy_ui/easyui-lang-zh_CN.js HTTP/1.1" 304 -
120.253.135.82 - - [30/May/2024:12:43:05 +0800] "GET /xingrg/javascript/jquery.form.js HTTP/1.1" 304 -
120.253.135.82 - - [30/May/2024:12:43:05 +0800] "GET /xingrg/javascript/jquery.utils.js HTTP/1.1" 304 -
120.253.135.82 - - [30/May/2024:12:43:05 +0800] "GET /xingrg/javascript/jquery.timers.js HTTP/1.1" 304 -
120.253.135.82 - - [30/May/2024:12:43:05 +0800] "GET /favicon.ico HTTP/1.1" 404 -
120.253.135.82 - - [30/May/2024:12:43:06 +0800] "GET /xingrg/images/blue/navBackgound.jpg HTTP/1.1" 304 -
120.253.135.82 - - [30/May/2024:12:43:06 +0800] "GET /xingrg/javascript/jquery_easy_ui/themes/icons/settle_new.png HTTP/1.1" 304 -
120.253.135.82 - - [30/May/2024:12:43:06 +0800] "POST /xingrg/all/common/load_tree.html?tree=area_rest_tree_json&manage=1 HTTP/1.1" 200 344
120.253.135.82 - - [30/May/2024:12:43:06 +0800] "GET /xingrg/images/blue/pingpu.png HTTP/1.1" 304 -
120.253.135.82 - - [30/May/2024:12:43:07 +0800] "GET /xingrg/javascript/jquery_easy_ui/themes/default/images/tabs_leftarrow.png HTTP/1.1" 304 -
120.253.135.82 - - [30/May/2024:12:43:07 +0800] "GET /xingrg/javascript/jquery_easy_ui/themes/default/images/tabs_rightarrow.png HTTP/1.1" 304 -
120.253.135.82 - - [30/May/2024:12:43:07 +0800] "GET /xingrg/javascript/jquery_easy_ui/themes/default/images/panel_tool_collapse.gif HTTP/1.1" 304 -
180.164.6.225 - - [30/May/2024:12:43:07 +0800] "GET /xingrg/kc/buy/cgsh_order_add.html HTTP/1.1" 200 74833
180.164.6.225 - - [30/May/2024:12:43:07 +0800] "GET /xingrg/words/20240530123556_words.js HTTP/1.1" 304 -
180.164.6.225 - - [30/May/2024:12:43:07 +0800] "POST /xingrg/kc/buy/cgsh_order_operate.html HTTP/1.1" 200 8245
180.164.6.225 - - [30/May/2024:12:43:07 +0800] "GET /xingrg/javascript/easyui/themes/default/validatebox.css HTTP/1.1" 404 1104
101.83.144.49 - - [30/May/2024:12:43:08 +0800] "GET /xingrg/all/function/internal_message.html?_=1717044188173&CODE_STATE=getMsg HTTP/1.1" 200 27
120.253.135.82 - - [30/May/2024:12:43:08 +0800] "GET /xingrg/all/function/internal_message.html?_=1717044040619&CODE_STATE=count HTTP/1.1" 200 11
120.253.135.82 - - [30/May/2024:12:43:08 +0800] "GET /xingrg/check_reg.html?_=1717044040620 HTTP/1.1" 200 22
120.253.135.82 - - [30/May/2024:12:43:08 +0800] "POST /xingrg/load_menu.html HTTP/1.1" 200 6743
58.40.7.146 - - [30/May/2024:12:43:08 +0800] "GET /xingrg/all/function/internal_message.html?_=1717044188842&CODE_STATE=getMsg HTTP/1.1" 200 27
120.253.135.82 - - [30/May/2024:12:43:08 +0800] "GET /xingrg/javascript/jquery_easy_ui/themes/default/images/tree_arrows.gif HTTP/1.1" 304 -
120.253.135.82 - - [30/May/2024:12:43:09 +0800] "GET /xingrg/javascript/jquery_easy_ui/themes/default/images/tree_folder_open.gif HTTP/1.1" 304 -
120.253.135.82 - - [30/May/2024:12:43:09 +0800] "GET /xingrg/javascript/jquery_easy_ui/themes/icons/search_new.png HTTP/1.1" 304 -
120.253.135.82 - - [30/May/2024:12:43:09 +0800] "GET /xingrg/javascript/jquery_easy_ui/themes/icons/forms_new.png HTTP/1.1" 304 -
120.253.135.82 - - [30/May/2024:12:43:09 +0800] "GET /xingrg/javascript/jquery_easy_ui/themes/icons/delivery_new.png HTTP/1.1" 304 -
120.253.135.82 - - [30/May/2024:12:43:09 +0800] "GET /xingrg/javascript/jquery_easy_ui/themes/icons/storage_new.png HTTP/1.1" 304 -
120.253.135.82 - - [30/May/2024:12:43:09 +0800] "GET /xingrg/javascript/jquery_easy_ui/themes/default/images/tree_file.gif HTTP/1.1" 304 -
120.253.135.82 - - [30/May/2024:12:43:09 +0800] "GET /xingrg/javascript/jquery_easy_ui/themes/default/images/tree_folder.gif HTTP/1.1" 304 -
116.232.195.13 - - [30/May/2024:12:43:09 +0800] "GET /xingrg/all/function/internal_message.html?_=1717044133048&CODE_STATE=getMsg HTTP/1.1" 200 27
180.156.239.18 - - [30/May/2024:12:43:10 +0800] "GET /xingrg/all/function/internal_message.html?_=1717044189788&CODE_STATE=getMsg HTTP/1.1" 200 27
114.84.152.157 - - [30/May/2024:12:43:11 +0800] "GET /xingrg/all/function/internal_message.html?_=1717042537526&CODE_STATE=getMsg HTTP/1.1" 200 27
120.253.135.82 - - [30/May/2024:12:43:13 +0800] "GET /xingrg/kc/pszx/mdqp_order_list.html?state=10 HTTP/1.1" 200 10893
120.253.135.82 - - [30/May/2024:12:43:13 +0800] "GET /xingrg/javascript/jquery_easy_ui/themes/default/images/tabs_close.gif HTTP/1.1" 304 -
120.253.135.82 - - [30/May/2024:12:43:13 +0800] "GET /xingrg/css/blue.css HTTP/1.1" 304 -
120.253.135.82 - - [30/May/2024:12:43:13 +0800] "GET /xingrg/javascript/pic_change.js HTTP/1.1" 304 -
120.253.135.82 - - [30/May/2024:12:43:13 +0800] "GET /xingrg/dwr/interface/AjaxQqpsService.js HTTP/1.1" 200 16326
120.253.135.82 - - [30/May/2024:12:43:13 +0800] "GET /xingrg/dwr/interface/AjaxReportQueryService.js HTTP/1.1" 200 13203
120.253.135.82 - - [30/May/2024:12:43:13 +0800] "GET /xingrg/dwr/engine.js HTTP/1.1" 200 43631
120.253.135.82 - - [30/May/2024:12:43:13 +0800] "GET /xingrg/dwr/util.js HTTP/1.1" 304 -
120.253.135.82 - - [30/May/2024:12:43:13 +0800] "GET /xingrg/javascript/Calendar.js HTTP/1.1" 304 -
120.253.135.82 - - [30/May/2024:12:43:13 +0800] "GET /xingrg/javascript/myfunction.js HTTP/1.1" 304 -
120.253.135.82 - - [30/May/2024:12:43:14 +0800] "GET /xingrg/javascript/jquery_easy_ui/themes/icons/check_new.png HTTP/1.1" 304 -
120.253.135.82 - - [30/May/2024:12:43:14 +0800] "GET /xingrg/javascript/jquery_easy_ui/themes/icons/uncheck_new.png HTTP/1.1" 304 -
120.253.135.82 - - [30/May/2024:12:43:14 +0800] "GET /xingrg/javascript/jquery_easy_ui/themes/icons/back_new.png HTTP/1.1" 304 -
180.169.147.146 - - [30/May/2024:12:43:15 +0800] "GET /xingrg/kc/buy/cgsh_order_operate.html?command=get_materiel&rest_code=00147&code=00101028050&supplier_code=00100017&order_time=2024-05-30 HTTP/1.1" 200 432
124.78.152.34 - - [30/May/2024:12:43:16 +0800] "GET /xingrg/kc/buy/cgsh_order_operate.html?command=get_materiel&rest_code=00106&code=00101004038&supplier_code=00100312&order_time=2024-05-30 HTTP/1.1" 200 409
120.253.135.82 - - [30/May/2024:12:43:17 +0800] "GET /xingrg/kc/pszx/mdqp_order_list.html?state=10 HTTP/1.1" 200 10893
120.253.135.82 - - [30/May/2024:12:43:17 +0800] "GET /xingrg/dwr/interface/AjaxQqpsService.js HTTP/1.1" 200 16326
120.253.135.82 - - [30/May/2024:12:43:17 +0800] "GET /xingrg/dwr/interface/AjaxReportQueryService.js HTTP/1.1" 200 13203
120.253.135.82 - - [30/May/2024:12:43:17 +0800] "GET /xingrg/dwr/engine.js HTTP/1.1" 200 43631
124.78.152.34 - - [30/May/2024:12:43:18 +0800] "GET /xingrg/all/function/internal_message.html?_=1717044190462&CODE_STATE=getMsg HTTP/1.1" 200 27
120.253.135.82 - - [30/May/2024:12:43:19 +0800] "GET /xingrg/javascript/jquery_easy_ui/themes/default/images/tabs_active.png HTTP/1.1" 304 -
120.253.135.82 - - [30/May/2024:12:43:19 +0800] "GET /xingrg/javascript/jquery_easy_ui/themes/icons/manage.png HTTP/1.1" 304 -
120.253.135.82 - - [30/May/2024:12:43:19 +0800] "GET /xingrg/javascript/jquery_easy_ui/themes/icons/area.png HTTP/1.1" 304 -
180.164.6.225 - - [30/May/2024:12:43:21 +0800] "GET /xingrg/kc/buy/cgsh_order_operate.html?command=get_materiel&rest_code=00108&code=00101029077&supplier_code=00100151&order_time=2024-05-30 HTTP/1.1" 200 425
120.253.135.82 - - [30/May/2024:12:43:23 +0800] "GET /xingrg/kc/buy/cgsh_order_list.html HTTP/1.1" 200 58928
120.253.135.82 - - [30/May/2024:12:43:23 +0800] "GET /xingrg/css/base.css HTTP/1.1" 304 -
120.253.135.82 - - [30/May/2024:12:43:23 +0800] "GET /xingrg/javascript/jquery_tools/datebox.css HTTP/1.1" 304 -
120.253.135.82 - - [30/May/2024:12:43:23 +0800] "GET /xingrg/javascript/easyui/themes/default/easyui.css HTTP/1.1" 304 -
120.253.135.82 - - [30/May/2024:12:43:23 +0800] "GET /xingrg/javascript/easyui/themes/icon.css HTTP/1.1" 304 -
120.253.135.82 - - [30/May/2024:12:43:23 +0800] "GET /xingrg/css/site.css HTTP/1.1" 304 -
120.253.135.82 - - [30/May/2024:12:43:23 +0800] "GET /xingrg/javascript/auto/jquery.autocomplete.css HTTP/1.1" 304 -
120.253.135.82 - - [30/May/2024:12:43:23 +0800] "GET /xingrg/javascript/jquery_tools/jquery.tools.min.js HTTP/1.1" 304 -
120.253.135.82 - - [30/May/2024:12:43:23 +0800] "GET /xingrg/javascript/jquery_tools/table.css HTTP/1.1" 304 -
120.253.135.82 - - [30/May/2024:12:43:23 +0800] "GET /xingrg/javascript/jquery_tools/fix.css HTTP/1.1" 304 -
120.253.135.82 - - [30/May/2024:12:43:23 +0800] "GET /xingrg/javascript/jquery_tools/jquery.tools.extend.js HTTP/1.1" 304 -
120.253.135.82 - - [30/May/2024:12:43:23 +0800] "GET /xingrg/javascript/jquery_tools/jquery.tools.hotkey.js HTTP/1.1" 304 -
120.253.135.82 - - [30/May/2024:12:43:24 +0800] "GET /xingrg/javascript/jquery_tools/jquery.tools.table.js HTTP/1.1" 304 -
120.253.135.82 - - [30/May/2024:12:43:24 +0800] "GET /xingrg/javascript/jquery_tools/list_manager.js HTTP/1.1" 304 -
120.253.135.82 - - [30/May/2024:12:43:24 +0800] "GET /xingrg/javascript/auto/jquery.autocomplete.js HTTP/1.1" 304 -
120.253.135.82 - - [30/May/2024:12:43:24 +0800] "GET /xingrg/javascript/easyui/easyloader.js HTTP/1.1" 304 -
120.253.135.82 - - [30/May/2024:12:43:24 +0800] "GET /xingrg/javascript/jquery.cookie.js HTTP/1.1" 304 -
120.253.135.82 - - [30/May/2024:12:43:24 +0800] "GET /xingrg/javascript/print/LodopFuncs.js HTTP/1.1" 304 -
120.253.135.82 - - [30/May/2024:12:43:25 +0800] "GET /xingrg/javascript/easyui/themes/icons/edit_add_new.png HTTP/1.1" 304 -
120.253.135.82 - - [30/May/2024:12:43:25 +0800] "GET /xingrg/javascript/easyui/themes/icons/cance_new.png HTTP/1.1" 304 -
120.253.135.82 - - [30/May/2024:12:43:25 +0800] "GET /xingrg/javascript/easyui/themes/icons/check_new.png HTTP/1.1" 304 -
120.253.135.82 - - [30/May/2024:12:43:25 +0800] "GET /xingrg/javascript/easyui/themes/icons/field_new.png HTTP/1.1" 304 -
120.253.135.82 - - [30/May/2024:12:43:25 +0800] "GET /xingrg/javascript/easyui/themes/icons/import_new.png HTTP/1.1" 304 -
120.253.135.82 - - [30/May/2024:12:43:25 +0800] "GET /xingrg/javascript/easyui/plugins/jquery.parser.js HTTP/1.1" 304 -
120.253.135.82 - - [30/May/2024:12:43:25 +0800] "GET /xingrg/images/control/ajaxLoader.gif HTTP/1.1" 304 -
124.78.152.34 - - [30/May/2024:12:43:25 +0800] "GET /xingrg/all/function/internal_message.html?_=1717044207416&CODE_STATE=getMsg HTTP/1.1" 200 27
114.84.152.157 - - [30/May/2024:12:43:25 +0800] "GET /xingrg/kc/buy/cgsh_order_operate.html?command=get_materiel&rest_code=00142&code=00101023060&supplier_code=00100207&order_time=2024-05-30 HTTP/1.1" 200 464
120.253.135.82 - - [30/May/2024:12:43:26 +0800] "POST /xingrg/kc/buy/cgsh_list_operate.html HTTP/1.1" 200 645
222.67.233.39 - - [30/May/2024:12:43:29 +0800] "GET /xingrg/all/function/internal_message.html?_=1717044209921&CODE_STATE=getMsg HTTP/1.1" 200 27
222.67.233.39 - - [30/May/2024:12:43:29 +0800] "GET /xingrg/check_reg.html?_=1717044209925 HTTP/1.1" 200 22
114.84.152.157 - - [30/May/2024:12:43:30 +0800] "POST /xingrg/all/common/load_select.html HTTP/1.1" 200 25
120.253.135.82 - - [30/May/2024:12:43:33 +0800] "GET /xingrg/kc/buy/cgsh_order_list.html HTTP/1.1" 200 58928
124.78.152.34 - - [30/May/2024:12:43:33 +0800] "POST /xingrg/kc/buy/cgsh_order_operate.html HTTP/1.1" 200 37
114.84.152.157 - - [30/May/2024:12:43:36 +0800] "GET /xingrg/kc/buy/cgsh_order_operate.html?command=get_materiel_price&rest_code=00142&code=00101023060&unit_code=00100017&supplier_code=00100207&order_time=2024-05-30 HTTP/1.1" 200 28
112.51.231.100 - - [30/May/2024:12:43:37 +0800] "GET /xingrg/all/function/internal_message.html?_=1717044217518&CODE_STATE=getMsg HTTP/1.1" 200 27
124.78.152.34 - - [30/May/2024:12:43:38 +0800] "POST /xingrg/kc/buy/cgsh_order_operate.html HTTP/1.1" 200 12
120.253.135.82 - - [30/May/2024:12:43:38 +0800] "POST /xingrg/kc/buy/cgsh_list_operate.html HTTP/1.1" 200 645
124.78.152.34 - - [30/May/2024:12:43:39 +0800] "GET /xingrg/kc/buy/cgsh_order_info.html?code=212024053009049 HTTP/1.1" 200 69610
124.78.152.34 - - [30/May/2024:12:43:39 +0800] "GET /xingrg/words/20240530123556_words.js HTTP/1.1" 304 -
124.78.152.34 - - [30/May/2024:12:43:39 +0800] "GET /xingrg/javascript/easyui/themes/default/validatebox.css HTTP/1.1" 404 1104
124.78.152.34 - - [30/May/2024:12:43:40 +0800] "POST /xingrg/kc/buy/cgsh_order_operate.html HTTP/1.1" 200 2385
124.78.152.34 - - [30/May/2024:12:43:43 +0800] "GET /xingrg/kc/print/load_data.html?order_code=212024053009049&kc_code=cgsh&condition= HTTP/1.1" 200 1380
180.164.6.225 - - [30/May/2024:12:43:44 +0800] "GET /xingrg/all/function/internal_message.html?_=1717044223525&CODE_STATE=getMsg HTTP/1.1" 200 27
222.70.182.146 - - [30/May/2024:12:43:44 +0800] "GET /xingrg/all/function/internal_message.html?_=1717044220340&CODE_STATE=getMsg HTTP/1.1" 200 27
116.235.94.80 - - [30/May/2024:12:43:45 +0800] "GET /xingrg/all/function/internal_message.html?_=1717044269882&CODE_STATE=getMsg HTTP/1.1" 200 27
124.78.152.34 - - [30/May/2024:12:43:48 +0800] "GET /xingrg/kc/buy/cgsh_order_add.html HTTP/1.1" 200 74735
124.78.152.34 - - [30/May/2024:12:43:48 +0800] "POST /xingrg/kc/buy/cgsh_order_operate.html HTTP/1.1" 200 8245
124.78.152.34 - - [30/May/2024:12:43:48 +0800] "GET /xingrg/javascript/easyui/themes/default/validatebox.css HTTP/1.1" 404 1104
124.78.152.34 - - [30/May/2024:12:43:50 +0800] "GET /xingrg/javascript/easyui/themes/default/tree.css HTTP/1.1" 404 1090
124.78.152.34 - - [30/May/2024:12:43:50 +0800] "POST /xingrg/all/common/load_tree.html?tree=supplier_tree_json&isDelete=1 HTTP/1.1" 200 80320
180.164.6.225 - - [30/May/2024:12:43:51 +0800] "GET /xingrg/kc/buy/cgsh_order_operate.html?command=get_materiel&rest_code=00108&code=00102008055&supplier_code=00100151&order_time=2024-05-30 HTTP/1.1" 200 408
114.83.220.212 - - [30/May/2024:12:43:53 +0800] "GET /xingrg/all/function/internal_message.html?_=1717044233048&CODE_STATE=getMsg HTTP/1.1" 200 27
120.253.135.82 - - [30/May/2024:12:43:57 +0800] "GET /xingrg/kc/pszx/mdqp_order_list.html?state=10 HTTP/1.1" 200 10893
120.253.135.82 - - [30/May/2024:12:43:57 +0800] "GET /xingrg/dwr/interface/AjaxReportQueryService.js HTTP/1.1" 200 13203
120.253.135.82 - - [30/May/2024:12:43:57 +0800] "GET /xingrg/dwr/interface/AjaxQqpsService.js HTTP/1.1" 200 16326
120.253.135.82 - - [30/May/2024:12:43:57 +0800] "GET /xingrg/dwr/engine.js HTTP/1.1" 200 43631
120.253.135.82 - - [30/May/2024:12:44:00 +0800] "GET /xingrg/kc/buy/cgsh_order_list.html HTTP/1.1" 200 58928
120.253.135.82 - - [30/May/2024:12:44:01 +0800] "POST /xingrg/kc/buy/cgsh_list_operate.html HTTP/1.1" 200 645
222.67.233.39 - - [30/May/2024:12:44:01 +0800] "GET /xingrg/all/function/internal_message.html?_=1717044237478&CODE_STATE=getMsg HTTP/1.1" 200 27
116.232.195.13 - - [30/May/2024:12:44:02 +0800] "GET /xingrg/all/function/internal_message.html?_=1717044185208&CODE_STATE=getMsg HTTP/1.1" 200 27
101.83.144.49 - - [30/May/2024:12:44:04 +0800] "GET /xingrg/all/function/internal_message.html?_=1717043985500&CODE_STATE=getMsg HTTP/1.1" 200 27
101.83.144.49 - - [30/May/2024:12:44:08 +0800] "GET /xingrg/all/function/internal_message.html?_=1717044248174&CODE_STATE=getMsg HTTP/1.1" 200 27
120.253.135.82 - - [30/May/2024:12:44:08 +0800] "GET /xingrg/all/function/internal_message.html?_=1717044100619&CODE_STATE=getMsg HTTP/1.1" 200 27
120.253.135.82 - - [30/May/2024:12:44:08 +0800] "GET /xingrg/kc/buy/cgsh_order_list.html HTTP/1.1" 200 58928
58.40.7.146 - - [30/May/2024:12:44:08 +0800] "GET /xingrg/all/function/internal_message.html?_=1717044248842&CODE_STATE=getMsg HTTP/1.1" 200 27
120.253.135.82 - - [30/May/2024:12:44:09 +0800] "POST /xingrg/kc/buy/cgsh_list_operate.html HTTP/1.1" 200 645
116.232.195.13 - - [30/May/2024:12:44:09 +0800] "GET /xingrg/all/function/internal_message.html?_=1717044193062&CODE_STATE=getMsg HTTP/1.1" 200 27
180.156.239.18 - - [30/May/2024:12:44:10 +0800] "GET /xingrg/all/function/internal_message.html?_=1717044249763&CODE_STATE=getMsg HTTP/1.1" 200 27
114.84.152.157 - - [30/May/2024:12:44:11 +0800] "GET /xingrg/check_reg.html?_=1717042597531 HTTP/1.1" 200 22
114.84.152.157 - - [30/May/2024:12:44:11 +0800] "GET /xingrg/all/function/internal_message.html?_=1717042597532&CODE_STATE=getMsg HTTP/1.1" 200 27
124.78.152.34 - - [30/May/2024:12:44:15 +0800] "GET /xingrg/kc/buy/cgsh_order_operate.html?command=get_materiel&rest_code=00106&code=00101001138&supplier_code=00100430&order_time=2024-05-30 HTTP/1.1" 200 415
124.78.152.34 - - [30/May/2024:12:44:18 +0800] "GET /xingrg/all/function/internal_message.html?_=1717044250433&CODE_STATE=getMsg HTTP/1.1" 200 27
124.78.152.34 - - [30/May/2024:12:44:25 +0800] "GET /xingrg/all/function/internal_message.html?_=1717044267427&CODE_STATE=getMsg HTTP/1.1" 200 27
124.78.152.34 - - [30/May/2024:12:44:25 +0800] "GET /xingrg/check_reg.html?_=1717044267430 HTTP/1.1" 200 22
222.67.233.39 - - [30/May/2024:12:44:29 +0800] "GET /xingrg/all/function/internal_message.html?_=1717044269914&CODE_STATE=getMsg HTTP/1.1" 200 27
124.78.152.34 - - [30/May/2024:12:44:30 +0800] "POST /xingrg/kc/buy/cgsh_order_operate.html HTTP/1.1" 200 37
114.84.152.157 - - [30/May/2024:12:44:32 +0800] "GET /xingrg/kc/buy/cgsh_order_operate.html?command=get_materiel&rest_code=00142&code=00101020203&supplier_code=00100207&order_time=2024-05-30 HTTP/1.1" 200 424
124.78.152.34 - - [30/May/2024:12:44:35 +0800] "POST /xingrg/kc/buy/cgsh_order_operate.html HTTP/1.1" 200 12
124.78.152.34 - - [30/May/2024:12:44:36 +0800] "GET /xingrg/kc/buy/cgsh_order_info.html?code=212024053009050 HTTP/1.1" 200 69598
124.78.152.34 - - [30/May/2024:12:44:37 +0800] "GET /xingrg/words/20240530123556_words.js HTTP/1.1" 304 -
124.78.152.34 - - [30/May/2024:12:44:37 +0800] "GET /xingrg/javascript/easyui/themes/default/validatebox.css HTTP/1.1" 404 1104
112.51.231.100 - - [30/May/2024:12:44:37 +0800] "GET /xingrg/all/function/internal_message.html?_=1717044277534&CODE_STATE=getMsg HTTP/1.1" 200 27
180.164.6.225 - - [30/May/2024:12:44:37 +0800] "GET /xingrg/kc/buy/cgsh_order_operate.html?command=get_materiel&rest_code=00108&code=00102034026&supplier_code=00100151&order_time=2024-05-30 HTTP/1.1" 200 413
124.78.152.34 - - [30/May/2024:12:44:38 +0800] "POST /xingrg/kc/buy/cgsh_order_operate.html HTTP/1.1" 200 612
124.78.152.34 - - [30/May/2024:12:44:40 +0800] "GET /xingrg/kc/print/load_data.html?order_code=212024053009050&kc_code=cgsh&condition= HTTP/1.1" 200 681
222.67.233.39 - - [30/May/2024:12:44:43 +0800] "GET /xingrg/kc/buy/cgsh_order_info.html?code=212024053009025 HTTP/1.1" 200 74709
222.67.233.39 - - [30/May/2024:12:44:43 +0800] "GET /xingrg/css/base.css HTTP/1.1" 304 -
222.67.233.39 - - [30/May/2024:12:44:43 +0800] "GET /xingrg/css/site.css HTTP/1.1" 304 -
222.67.233.39 - - [30/May/2024:12:44:43 +0800] "GET /xingrg/javascript/jquery_tools/datebox.css HTTP/1.1" 304 -
222.67.233.39 - - [30/May/2024:12:44:43 +0800] "GET /xingrg/javascript/easyui/themes/default/easyui.css HTTP/1.1" 304 -
222.67.233.39 - - [30/May/2024:12:44:43 +0800] "GET /xingrg/javascript/easyui/themes/icon.css HTTP/1.1" 304 -
222.67.233.39 - - [30/May/2024:12:44:43 +0800] "GET /xingrg/javascript/auto/jquery.autocomplete.css HTTP/1.1" 304 -
222.67.233.39 - - [30/May/2024:12:44:43 +0800] "GET /xingrg/javascript/jquery_tools/fix.css HTTP/1.1" 304 -
222.67.233.39 - - [30/May/2024:12:44:43 +0800] "GET /xingrg/javascript/jquery_tools/table.css HTTP/1.1" 304 -
222.67.233.39 - - [30/May/2024:12:44:43 +0800] "GET /xingrg/javascript/pic_change.js HTTP/1.1" 304 -
222.67.233.39 - - [30/May/2024:12:44:43 +0800] "GET /xingrg/javascript/jquery_tools/jquery.tools.min.js HTTP/1.1" 304 -
222.67.233.39 - - [30/May/2024:12:44:43 +0800] "GET /xingrg/javascript/jquery_tools/jquery.tools.extend.js HTTP/1.1" 304 -
222.67.233.39 - - [30/May/2024:12:44:43 +0800] "GET /xingrg/javascript/jquery_tools/jquery.tools.hotkey.js HTTP/1.1" 304 -
222.67.233.39 - - [30/May/2024:12:44:43 +0800] "GET /xingrg/javascript/jquery_tools/jquery.tools.table.js HTTP/1.1" 304 -
222.67.233.39 - - [30/May/2024:12:44:43 +0800] "GET /xingrg/javascript/auto/jquery.autocomplete.js HTTP/1.1" 304 -
222.67.233.39 - - [30/May/2024:12:44:43 +0800] "GET /xingrg/javascript/easyui/easyloader.js HTTP/1.1" 304 -
222.67.233.39 - - [30/May/2024:12:44:43 +0800] "GET /xingrg/javascript/jquery.utils.js HTTP/1.1" 304 -
222.67.233.39 - - [30/May/2024:12:44:43 +0800] "GET /xingrg/javascript/jquery_tools/order_manager.js HTTP/1.1" 304 -
222.67.233.39 - - [30/May/2024:12:44:43 +0800] "GET /xingrg/javascript/convert.js HTTP/1.1" 304 -
222.67.233.39 - - [30/May/2024:12:44:43 +0800] "GET /xingrg/javascript/json2.js HTTP/1.1" 304 -
222.67.233.39 - - [30/May/2024:12:44:43 +0800] "GET /xingrg/javascript/jquery.cookie.js HTTP/1.1" 304 -
222.67.233.39 - - [30/May/2024:12:44:43 +0800] "GET /xingrg/javascript/print/kc_print.js HTTP/1.1" 304 -
222.67.233.39 - - [30/May/2024:12:44:43 +0800] "GET /xingrg/javascript/print/LodopFuncs.js HTTP/1.1" 304 -
222.67.233.39 - - [30/May/2024:12:44:43 +0800] "GET /xingrg/words/20240530123556_words.js HTTP/1.1" 200 1029702
222.67.233.39 - - [30/May/2024:12:44:44 +0800] "GET /xingrg/javascript/easyui/plugins/jquery.parser.js HTTP/1.1" 304 -
222.67.233.39 - - [30/May/2024:12:44:44 +0800] "GET /xingrg/images/control/ajaxLoader.gif HTTP/1.1" 304 -
222.67.233.39 - - [30/May/2024:12:44:44 +0800] "GET /xingrg/javascript/easyui/themes/default/validatebox.css HTTP/1.1" 404 1104
180.164.6.225 - - [30/May/2024:12:44:44 +0800] "GET /xingrg/all/function/internal_message.html?_=1717044283532&CODE_STATE=getMsg HTTP/1.1" 200 27
222.70.182.146 - - [30/May/2024:12:44:44 +0800] "GET /xingrg/all/function/internal_message.html?_=1717044280309&CODE_STATE=getMsg HTTP/1.1" 200 27
222.67.233.39 - - [30/May/2024:12:44:45 +0800] "POST /xingrg/kc/buy/cgsh_order_operate.html HTTP/1.1" 200 3845
116.235.94.80 - - [30/May/2024:12:44:45 +0800] "GET /xingrg/all/function/internal_message.html?_=1717044329862&CODE_STATE=getMsg HTTP/1.1" 200 27
124.78.152.34 - - [30/May/2024:12:44:45 +0800] "GET /xingrg/kc/buy/cgsh_order_add.html HTTP/1.1" 200 74735
124.78.152.34 - - [30/May/2024:12:44:45 +0800] "GET /xingrg/javascript/easyui/themes/default/validatebox.css HTTP/1.1" 404 1104
124.78.152.34 - - [30/May/2024:12:44:45 +0800] "POST /xingrg/kc/buy/cgsh_order_operate.html HTTP/1.1" 200 8245
124.78.152.34 - - [30/May/2024:12:44:47 +0800] "GET /xingrg/javascript/easyui/themes/default/tree.css HTTP/1.1" 404 1090
124.78.152.34 - - [30/May/2024:12:44:47 +0800] "POST /xingrg/all/common/load_tree.html?tree=supplier_tree_json&isDelete=1 HTTP/1.1" 200 80320
114.84.152.157 - - [30/May/2024:12:44:53 +0800] "GET /xingrg/kc/buy/cgsh_order_operate.html?command=get_materiel&rest_code=00142&code=00101010734&supplier_code=00100207&order_time=2024-05-30 HTTP/1.1" 200 425
114.83.220.212 - - [30/May/2024:12:44:53 +0800] "GET /xingrg/all/function/internal_message.html?_=1717044293048&CODE_STATE=getMsg HTTP/1.1" 200 27
222.67.233.39 - - [30/May/2024:12:45:01 +0800] "GET /xingrg/all/function/internal_message.html?_=1717044297477&CODE_STATE=getMsg HTTP/1.1" 200 27
222.67.233.39 - - [30/May/2024:12:45:01 +0800] "GET /xingrg/check_reg.html?_=1717044297478 HTTP/1.1" 200 22
116.232.195.13 - - [30/May/2024:12:45:02 +0800] "GET /xingrg/all/function/internal_message.html?_=1717044245210&CODE_STATE=getMsg HTTP/1.1" 200 27
101.83.144.49 - - [30/May/2024:12:45:04 +0800] "GET /xingrg/all/function/internal_message.html?_=1717044045508&CODE_STATE=getMsg HTTP/1.1" 200 27
180.164.6.225 - - [30/May/2024:12:45:07 +0800] "POST /xingrg/kc/buy/cgsh_order_operate.html HTTP/1.1" 200 37
101.83.144.49 - - [30/May/2024:12:45:07 +0800] "GET /xingrg/kc/buy/cgsh_order_add.html HTTP/1.1" 200 74823
101.83.144.49 - - [30/May/2024:12:45:08 +0800] "GET /xingrg/words/20240530123556_words.js HTTP/1.1" 200 1029702
58.40.7.146 - - [30/May/2024:12:45:08 +0800] "GET /xingrg/check_reg.html?_=1717044308049 HTTP/1.1" 200 22
101.83.144.49 - - [30/May/2024:12:45:08 +0800] "GET /xingrg/all/function/internal_message.html?_=1717044308175&CODE_STATE=getMsg HTTP/1.1" 200 27
120.253.135.82 - - [30/May/2024:12:45:08 +0800] "GET /xingrg/all/function/internal_message.html?_=1717044160646&CODE_STATE=getMsg HTTP/1.1" 200 27
101.83.144.49 - - [30/May/2024:12:45:08 +0800] "POST /xingrg/kc/buy/cgsh_order_operate.html HTTP/1.1" 200 8245
101.83.144.49 - - [30/May/2024:12:45:08 +0800] "GET /xingrg/javascript/easyui/themes/default/validatebox.css HTTP/1.1" 404 1104
180.164.6.225 - - [30/May/2024:12:45:08 +0800] "POST /xingrg/kc/buy/cgsh_order_operate.html HTTP/1.1" 200 3852
124.78.152.34 - - [30/May/2024:12:45:09 +0800] "GET /xingrg/kc/buy/cgsh_order_operate.html?command=get_materiel&rest_code=00106&code=00101002038&supplier_code=00100094&order_time=2024-05-30 HTTP/1.1" 200 416
58.40.7.146 - - [30/May/2024:12:45:09 +0800] "GET /xingrg/all/function/internal_message.html?_=1717044309232&CODE_STATE=getMsg HTTP/1.1" 200 27
116.232.195.13 - - [30/May/2024:12:45:09 +0800] "GET /xingrg/all/function/internal_message.html?_=1717044253061&CODE_STATE=getMsg HTTP/1.1" 200 27
180.156.239.18 - - [30/May/2024:12:45:10 +0800] "GET /xingrg/all/function/internal_message.html?_=1717044309734&CODE_STATE=getMsg HTTP/1.1" 200 27
114.84.152.157 - - [30/May/2024:12:45:11 +0800] "GET /xingrg/all/function/internal_message.html?_=1717042657529&CODE_STATE=getMsg HTTP/1.1" 200 27
124.78.152.34 - - [30/May/2024:12:45:18 +0800] "GET /xingrg/all/function/internal_message.html?_=1717044310406&CODE_STATE=getMsg HTTP/1.1" 200 27
124.78.152.34 - - [30/May/2024:12:45:20 +0800] "GET /xingrg/check_reg.html?_=1717044312036 HTTP/1.1" 200 22
124.78.152.34 - - [30/May/2024:12:45:24 +0800] "POST /xingrg/kc/buy/cgsh_order_operate.html HTTP/1.1" 200 37
114.83.220.212 - - [30/May/2024:12:45:25 +0800] "GET /xingrg/kc/mdqp/pssh_order_list.html HTTP/1.1" 200 18250
124.78.152.34 - - [30/May/2024:12:45:25 +0800] "GET /xingrg/all/function/internal_message.html?_=1717044327479&CODE_STATE=getMsg HTTP/1.1" 200 27
114.83.220.212 - - [30/May/2024:12:45:25 +0800] "POST /xingrg/kc/mdqp/pssh_list_operate.html HTTP/1.1" 200 5479
124.78.152.34 - - [30/May/2024:12:45:29 +0800] "POST /xingrg/kc/buy/cgsh_order_operate.html HTTP/1.1" 200 12
222.67.233.39 - - [30/May/2024:12:45:29 +0800] "GET /xingrg/all/function/internal_message.html?_=1717044329907&CODE_STATE=getMsg HTTP/1.1" 200 27
124.78.152.34 - - [30/May/2024:12:45:30 +0800] "GET /xingrg/kc/buy/cgsh_order_info.html?code=212024053009052 HTTP/1.1" 200 69606
124.78.152.34 - - [30/May/2024:12:45:30 +0800] "GET /xingrg/words/20240530123556_words.js HTTP/1.1" 304 -
124.78.152.34 - - [30/May/2024:12:45:30 +0800] "GET /xingrg/javascript/easyui/themes/default/validatebox.css HTTP/1.1" 404 1104
114.83.220.212 - - [30/May/2024:12:45:30 +0800] "POST /xingrg/kc/buy/cgsh_list_operate.html HTTP/1.1" 200 3977
124.78.152.34 - - [30/May/2024:12:45:31 +0800] "POST /xingrg/kc/buy/cgsh_order_operate.html HTTP/1.1" 200 613
101.83.144.49 - - [30/May/2024:12:45:32 +0800] "GET /xingrg/kc/buy/cgsh_order_add.html HTTP/1.1" 200 74823
101.83.144.49 - - [30/May/2024:12:45:32 +0800] "GET /xingrg/javascript/easyui/themes/default/validatebox.css HTTP/1.1" 404 1104
101.83.144.49 - - [30/May/2024:12:45:32 +0800] "POST /xingrg/kc/buy/cgsh_order_operate.html HTTP/1.1" 200 8245
114.83.220.212 - - [30/May/2024:12:45:33 +0800] "POST /xingrg/kc/mdqp/pssh_list_operate.html HTTP/1.1" 200 1967
124.78.152.34 - - [30/May/2024:12:45:35 +0800] "GET /xingrg/kc/print/load_data.html?order_code=212024053009052&kc_code=cgsh&condition= HTTP/1.1" 200 773
112.51.231.100 - - [30/May/2024:12:45:37 +0800] "GET /xingrg/all/function/internal_message.html?_=1717044337533&CODE_STATE=getMsg HTTP/1.1" 200 27
114.83.220.212 - - [30/May/2024:12:45:41 +0800] "GET /xingrg/kc/base/check_order_list.html HTTP/1.1" 200 16340
114.83.220.212 - - [30/May/2024:12:45:41 +0800] "POST /xingrg/kc/base/check_list_operate.html HTTP/1.1" 200 1557
124.78.152.34 - - [30/May/2024:12:45:42 +0800] "GET /xingrg/kc/buy/cgsh_order_add.html HTTP/1.1" 200 74735
124.78.152.34 - - [30/May/2024:12:45:42 +0800] "POST /xingrg/kc/buy/cgsh_order_operate.html HTTP/1.1" 200 8245
124.78.152.34 - - [30/May/2024:12:45:42 +0800] "GET /xingrg/javascript/easyui/themes/default/validatebox.css HTTP/1.1" 404 1104
114.84.152.157 - - [30/May/2024:12:45:42 +0800] "GET /xingrg/kc/buy/cgsh_order_operate.html?command=get_materiel&rest_code=00142&code=00101010982&supplier_code=00100207&order_time=2024-05-30 HTTP/1.1" 200 441
114.83.220.212 - - [30/May/2024:12:45:43 +0800] "GET /xingrg/kc/report/report_main.html HTTP/1.1" 200 7340
124.78.152.34 - - [30/May/2024:12:45:44 +0800] "GET /xingrg/javascript/easyui/themes/default/tree.css HTTP/1.1" 404 1090
124.78.152.34 - - [30/May/2024:12:45:44 +0800] "POST /xingrg/all/common/load_tree.html?tree=supplier_tree_json&isDelete=1 HTTP/1.1" 200 80320
180.164.6.225 - - [30/May/2024:12:45:44 +0800] "GET /xingrg/all/function/internal_message.html?_=1717044343526&CODE_STATE=getMsg HTTP/1.1" 200 27
114.83.220.212 - - [30/May/2024:12:45:44 +0800] "GET /xingrg/all/report/report_query.html?fileName=kc/buy/wlcg_cate_hz.xml HTTP/1.1" 200 53941
114.83.220.212 - - [30/May/2024:12:45:44 +0800] "GET /xingrg/dwr/interface/AjaxReportQueryService.js HTTP/1.1" 200 13203
114.83.220.212 - - [30/May/2024:12:45:44 +0800] "GET /xingrg/dwr/util.js HTTP/1.1" 304 -
114.83.220.212 - - [30/May/2024:12:45:44 +0800] "GET /xingrg/dwr/engine.js HTTP/1.1" 200 43631
114.83.220.212 - - [30/May/2024:12:45:44 +0800] "POST /xingrg/dwr/call/plaincall/AjaxReportQueryService.getFixDate.dwr HTTP/1.1" 200 111
222.70.182.146 - - [30/May/2024:12:45:44 +0800] "GET /xingrg/all/function/internal_message.html?_=1717044340294&CODE_STATE=getMsg HTTP/1.1" 200 27
114.83.220.212 - - [30/May/2024:12:45:45 +0800] "POST /xingrg/all/common/load_tree.html?tree=supplier_tree_json&manage=1 HTTP/1.1" 200 82736
222.70.182.146 - - [30/May/2024:12:45:45 +0800] "GET /xingrg/check_reg.html?_=1717044340688 HTTP/1.1" 200 22
116.235.94.80 - - [30/May/2024:12:45:45 +0800] "GET /xingrg/all/function/internal_message.html?_=1717044389843&CODE_STATE=getMsg HTTP/1.1" 200 27
114.83.220.212 - - [30/May/2024:12:45:46 +0800] "POST /xingrg/all/common/load_tree.html?tree=materiel_sort_tree_json HTTP/1.1" 200 9734
114.83.220.212 - - [30/May/2024:12:45:46 +0800] "POST /xingrg/all/common/load_tree.html?tree=base_tree_json HTTP/1.1" 200 3966
114.84.152.157 - - [30/May/2024:12:45:47 +0800] "POST /xingrg/all/common/load_select.html HTTP/1.1" 200 25
120.253.135.82 - - [30/May/2024:12:45:47 +0800] "GET /xingrg/kc/buy/cgsh_order_list.html HTTP/1.1" 200 58928
120.253.135.82 - - [30/May/2024:12:45:48 +0800] "POST /xingrg/kc/buy/cgsh_list_operate.html HTTP/1.1" 200 645
114.83.220.212 - - [30/May/2024:12:45:49 +0800] "GET /xingrg/all/report/report_query.html?fileName=kc/base/wldb_base.xml HTTP/1.1" 200 51144
114.83.220.212 - - [30/May/2024:12:45:49 +0800] "GET /xingrg/dwr/interface/AjaxReportQueryService.js HTTP/1.1" 200 13203
114.83.220.212 - - [30/May/2024:12:45:49 +0800] "GET /xingrg/dwr/engine.js HTTP/1.1" 200 43631
114.83.220.212 - - [30/May/2024:12:45:49 +0800] "POST /xingrg/dwr/call/plaincall/AjaxReportQueryService.getFixDate.dwr HTTP/1.1" 200 111
114.83.220.212 - - [30/May/2024:12:45:49 +0800] "POST /xingrg/dwr/call/plaincall/AjaxReportQueryService.getInitString.dwr HTTP/1.1" 200 1062
114.83.220.212 - - [30/May/2024:12:45:49 +0800] "POST /xingrg/dwr/call/plaincall/AjaxReportQueryService.getInitString.dwr HTTP/1.1" 200 1062
114.83.220.212 - - [30/May/2024:12:45:49 +0800] "POST /xingrg/all/common/load_tree.html?tree=materiel_sort_tree_json HTTP/1.1" 200 9734
120.253.135.82 - - [30/May/2024:12:45:50 +0800] "GET /xingrg/javascript/easyui/themes/default/images/button_plain_hover.png HTTP/1.1" 304 -
120.253.135.82 - - [30/May/2024:12:45:50 +0800] "GET /xingrg/javascript/easyui/themes/default/images/button_plain_hover.png HTTP/1.1" 304 -
120.253.135.82 - - [30/May/2024:12:45:50 +0800] "GET /xingrg/kc/buy/cgsh_order_add.html HTTP/1.1" 200 73798
120.253.135.82 - - [30/May/2024:12:45:50 +0800] "GET /xingrg/javascript/convert.js HTTP/1.1" 304 -
120.253.135.82 - - [30/May/2024:12:45:50 +0800] "GET /xingrg/javascript/jquery_tools/order_manager.js HTTP/1.1" 304 -
120.253.135.82 - - [30/May/2024:12:45:50 +0800] "GET /xingrg/javascript/json2.js HTTP/1.1" 304 -
120.253.135.82 - - [30/May/2024:12:45:50 +0800] "GET /xingrg/javascript/print/kc_print.js HTTP/1.1" 304 -
120.253.135.82 - - [30/May/2024:12:45:50 +0800] "GET /xingrg/words/20240530123556_words.js HTTP/1.1" 200 1029702
120.253.135.82 - - [30/May/2024:12:45:51 +0800] "GET /xingrg/javascript/easyui/themes/icons/copy_new.png HTTP/1.1" 304 -
120.253.135.82 - - [30/May/2024:12:45:51 +0800] "GET /xingrg/javascript/easyui/themes/icons/ok.png HTTP/1.1" 304 -
120.253.135.82 - - [30/May/2024:12:45:51 +0800] "GET /xingrg/javascript/easyui/themes/icons/print.png HTTP/1.1" 304 -
120.253.135.82 - - [30/May/2024:12:45:51 +0800] "GET /xingrg/javascript/easyui/themes/icons/template_new.png HTTP/1.1" 304 -
120.253.135.82 - - [30/May/2024:12:45:51 +0800] "GET /xingrg/javascript/easyui/themes/icons/cancel.png HTTP/1.1" 304 -
120.253.135.82 - - [30/May/2024:12:45:51 +0800] "GET /xingrg/javascript/easyui/themes/default/images/menu_downarrow.png HTTP/1.1" 304 -
120.253.135.82 - - [30/May/2024:12:45:51 +0800] "POST /xingrg/kc/buy/cgsh_order_operate.html HTTP/1.1" 200 8245
114.84.152.157 - - [30/May/2024:12:45:51 +0800] "GET /xingrg/kc/buy/cgsh_order_operate.html?command=get_materiel_price&rest_code=00142&code=00101010982&unit_code=00100036&supplier_code=00100207&order_time=2024-05-30 HTTP/1.1" 200 27
120.253.135.82 - - [30/May/2024:12:45:51 +0800] "GET /xingrg/javascript/easyui/themes/icons/edit_remove.png HTTP/1.1" 304 -
120.253.135.82 - - [30/May/2024:12:45:51 +0800] "GET /xingrg/all/common/auto_word.html?type=employee&rest_code=00101 HTTP/1.1" 200 1019
120.253.135.82 - - [30/May/2024:12:45:51 +0800] "GET /xingrg/all/common/auto_word.html?type=employee&rest_code=00101 HTTP/1.1" 200 1019
120.253.135.82 - - [30/May/2024:12:45:51 +0800] "GET /xingrg/javascript/easyui/themes/default/validatebox.css HTTP/1.1" 404 1104
120.253.135.82 - - [30/May/2024:12:45:51 +0800] "GET /xingrg/javascript/easyui/plugins/jquery.validatebox.js HTTP/1.1" 304 -
120.253.135.82 - - [30/May/2024:12:45:51 +0800] "GET /xingrg/javascript/easyui/plugins/jquery.numberbox.js HTTP/1.1" 304 -
120.253.135.82 - - [30/May/2024:12:45:52 +0800] "GET /xingrg/javascript/auto/indicator.gif HTTP/1.1" 404 1066
114.83.220.212 - - [30/May/2024:12:45:53 +0800] "GET /xingrg/all/function/internal_message.html?_=1717044353070&CODE_STATE=getMsg HTTP/1.1" 200 27
101.83.144.49 - - [30/May/2024:12:45:56 +0800] "GET /xingrg/kc/buy/cgsh_order_operate.html?command=get_materiel&rest_code=00105&code=00101011005&supplier_code=00100052&order_time=2024-05-30 HTTP/1.1" 200 408
114.83.220.212 - - [30/May/2024:12:45:59 +0800] "POST /xingrg/dwr/call/plaincall/AjaxReportQueryService.refreshCache.dwr HTTP/1.1" 200 78
114.83.220.212 - - [30/May/2024:12:46:00 +0800] "POST /xingrg/all/report/load_report_page.html HTTP/1.1" 200 92255
114.83.220.212 - - [30/May/2024:12:46:00 +0800] "GET /xingrg/servlets/image?cache=0.45923077164860404&image=px HTTP/1.1" 200 807
222.69.134.193 - - [30/May/2024:12:46:01 +0800] "GET /xingrg/check_reg.html?_=1717044363873 HTTP/1.1" 302 -
222.67.233.39 - - [30/May/2024:12:46:01 +0800] "GET /xingrg/all/function/internal_message.html?_=1717044357476&CODE_STATE=getMsg HTTP/1.1" 200 27
116.232.195.13 - - [30/May/2024:12:46:02 +0800] "GET /xingrg/all/function/internal_message.html?_=1717044305213&CODE_STATE=getMsg HTTP/1.1" 200 27
116.232.195.13 - - [30/May/2024:12:46:02 +0800] "GET /xingrg/check_reg.html?_=1717044305216 HTTP/1.1" 200 22
101.83.144.49 - - [30/May/2024:12:46:04 +0800] "GET /xingrg/all/function/internal_message.html?_=1717044105505&CODE_STATE=getMsg HTTP/1.1" 200 27
120.253.135.82 - - [30/May/2024:12:46:05 +0800] "GET /xingrg/css/images/panel_loading.gif HTTP/1.1" 304 -
120.253.135.82 - - [30/May/2024:12:46:05 +0800] "POST /xingrg/all/common/load_combo.html?type=employee HTTP/1.1" 200 1834
101.83.144.49 - - [30/May/2024:12:46:08 +0800] "GET /xingrg/all/function/internal_message.html?_=1717044368178&CODE_STATE=getMsg HTTP/1.1" 200 27
101.83.144.49 - - [30/May/2024:12:46:08 +0800] "GET /xingrg/check_reg.html?_=1717044368182 HTTP/1.1" 200 22
120.253.135.82 - - [30/May/2024:12:46:08 +0800] "GET /xingrg/all/function/internal_message.html?_=1717044220662&CODE_STATE=getMsg HTTP/1.1" 200 27
180.164.6.225 - - [30/May/2024:12:46:09 +0800] "GET /xingrg/kc/print/load_data.html?order_code=212024053009051&kc_code=cgsh&condition= HTTP/1.1" 200 1128
58.40.7.146 - - [30/May/2024:12:46:09 +0800] "GET /xingrg/all/function/internal_message.html?_=1717044369744&CODE_STATE=getMsg HTTP/1.1" 200 27
116.232.195.13 - - [30/May/2024:12:46:09 +0800] "GET /xingrg/all/function/internal_message.html?_=1717044313050&CODE_STATE=getMsg HTTP/1.1" 200 27
116.232.195.13 - - [30/May/2024:12:46:09 +0800] "GET /xingrg/check_reg.html?_=1717044313053 HTTP/1.1" 200 22
180.156.239.18 - - [30/May/2024:12:46:10 +0800] "GET /xingrg/all/function/internal_message.html?_=1717044369711&CODE_STATE=getMsg HTTP/1.1" 200 27
114.84.152.157 - - [30/May/2024:12:46:11 +0800] "GET /xingrg/all/function/internal_message.html?_=1717042717540&CODE_STATE=getMsg HTTP/1.1" 200 27
124.78.152.34 - - [30/May/2024:12:46:14 +0800] "GET /xingrg/kc/buy/cgsh_order_operate.html?command=get_materiel&rest_code=00106&code=00101001118&supplier_code=00100665&order_time=2024-05-30 HTTP/1.1" 200 427
101.83.144.49 - - [30/May/2024:12:46:17 +0800] "GET /xingrg/kc/buy/cgsh_order_operate.html?command=get_materiel&rest_code=00105&code=00101011001&supplier_code=00100052&order_time=2024-05-30 HTTP/1.1" 200 423
124.78.152.34 - - [30/May/2024:12:46:18 +0800] "GET /xingrg/all/function/internal_message.html?_=1717044370383&CODE_STATE=getMsg HTTP/1.1" 200 27
180.164.6.225 - - [30/May/2024:12:46:19 +0800] "GET /xingrg/kc/buy/cgsh_order_list.html HTTP/1.1" 200 58938
120.253.135.82 - - [30/May/2024:12:46:21 +0800] "GET /xingrg/kc/buy/cgsh_order_operate.html?command=get_materiel&rest_code=00101&code=00102002391&supplier_code=00100257&order_time=2024-05-30 HTTP/1.1" 200 416
124.78.152.34 - - [30/May/2024:12:46:25 +0800] "GET /xingrg/all/function/internal_message.html?_=1717044387458&CODE_STATE=getMsg HTTP/1.1" 200 27
124.78.152.34 - - [30/May/2024:12:46:29 +0800] "POST /xingrg/kc/buy/cgsh_order_operate.html HTTP/1.1" 200 37
222.67.233.39 - - [30/May/2024:12:46:29 +0800] "GET /xingrg/all/function/internal_message.html?_=1717044389922&CODE_STATE=getMsg HTTP/1.1" 200 27
116.232.195.13 - - [30/May/2024:12:46:30 +0800] "GET /xingrg/kc/buy/buy_main.html HTTP/1.1" 200 12412
116.232.195.13 - - [30/May/2024:12:46:30 +0800] "GET /xingrg/css/new_ie.css HTTP/1.1" 404 1036
222.70.182.146 - - [30/May/2024:12:46:30 +0800] "POST /xingrg/services/DataTransmitService HTTP/1.1" 200 524
116.232.195.13 - - [30/May/2024:12:46:31 +0800] "GET /xingrg/kc/base/base_main.html HTTP/1.1" 200 12142
116.232.195.13 - - [30/May/2024:12:46:31 +0800] "GET /xingrg/images/blue/button/wlsy.gif HTTP/1.1" 200 2536
116.232.195.13 - - [30/May/2024:12:46:31 +0800] "GET /xingrg/images/blue/button/ckpd.gif HTTP/1.1" 200 2051
116.232.195.13 - - [30/May/2024:12:46:31 +0800] "GET /xingrg/images/blue/button/yddb.gif HTTP/1.1" 200 2040
116.232.195.13 - - [30/May/2024:12:46:31 +0800] "GET /xingrg/images/blue/button/ckdb.gif HTTP/1.1" 200 1950
116.232.195.13 - - [30/May/2024:12:46:31 +0800] "GET /xingrg/images/blue/button/top_right.jpg HTTP/1.1" 200 1708
116.232.195.13 - - [30/May/2024:12:46:31 +0800] "GET /xingrg/images/blue/button/bottom_left.jpg HTTP/1.1" 200 1524
116.232.195.13 - - [30/May/2024:12:46:31 +0800] "GET /xingrg/images/blue/button/left_ah.jpg HTTP/1.1" 200 1643
116.232.195.13 - - [30/May/2024:12:46:31 +0800] "GET /xingrg/images/blue/button/bottom_right.jpg HTTP/1.1" 200 1436
116.232.195.13 - - [30/May/2024:12:46:31 +0800] "GET /xingrg/images/blue/button/down.jpg HTTP/1.1" 200 1560
116.232.195.13 - - [30/May/2024:12:46:31 +0800] "GET /xingrg/images/blue/button/top_left.jpg HTTP/1.1" 200 1632
101.83.144.49 - - [30/May/2024:12:46:33 +0800] "POST /xingrg/kc/buy/cgsh_order_operate.html HTTP/1.1" 200 37
116.232.195.13 - - [30/May/2024:12:46:33 +0800] "GET /xingrg/kc/base/wldb_order_list.html HTTP/1.1" 200 19221
116.232.195.13 - - [30/May/2024:12:46:34 +0800] "POST /xingrg/kc/base/wldb_list_operate.html HTTP/1.1" 200 928
180.164.6.225 - - [30/May/2024:12:46:34 +0800] "POST /xingrg/kc/buy/cgsh_list_operate.html HTTP/1.1" 200 4768
116.232.195.13 - - [30/May/2024:12:46:35 +0800] "GET /xingrg/kc/base/base_main.html HTTP/1.1" 200 12142
114.84.152.157 - - [30/May/2024:12:46:35 +0800] "GET /xingrg/kc/buy/cgsh_order_operate.html?command=get_materiel&rest_code=00142&code=00101044052&supplier_code=00100207&order_time=2024-05-30 HTTP/1.1" 200 416
101.83.144.49 - - [30/May/2024:12:46:36 +0800] "POST /xingrg/kc/buy/cgsh_order_operate.html HTTP/1.1" 200 3260
116.232.195.13 - - [30/May/2024:12:46:36 +0800] "GET /xingrg/kc/base/yddb_order_list.html HTTP/1.1" 200 16827
116.232.195.13 - - [30/May/2024:12:46:36 +0800] "POST /xingrg/kc/base/yddb_list_operate.html HTTP/1.1" 200 1346
114.84.152.157 - - [30/May/2024:12:46:37 +0800] "POST /xingrg/all/common/load_select.html HTTP/1.1" 200 25
112.51.231.100 - - [30/May/2024:12:46:37 +0800] "GET /xingrg/all/function/internal_message.html?_=1717044397528&CODE_STATE=getMsg HTTP/1.1" 200 27
124.78.152.34 - - [30/May/2024:12:46:38 +0800] "POST /xingrg/kc/buy/cgsh_order_operate.html HTTP/1.1" 200 12
124.78.152.34 - - [30/May/2024:12:46:39 +0800] "GET /xingrg/kc/buy/cgsh_order_info.html?code=212024053009053 HTTP/1.1" 200 69606
124.78.152.34 - - [30/May/2024:12:46:40 +0800] "GET /xingrg/words/20240530123556_words.js HTTP/1.1" 304 -
124.78.152.34 - - [30/May/2024:12:46:40 +0800] "GET /xingrg/javascript/easyui/themes/default/validatebox.css HTTP/1.1" 404 1104
101.83.144.49 - - [30/May/2024:12:46:40 +0800] "GET /xingrg/kc/print/load_data.html?order_code=212024053009054&kc_code=cgsh&condition= HTTP/1.1" 200 954
114.84.152.157 - - [30/May/2024:12:46:41 +0800] "GET /xingrg/kc/buy/cgsh_order_operate.html?command=get_materiel_price&rest_code=00142&code=00101044052&unit_code=00100567&supplier_code=00100207&order_time=2024-05-30 HTTP/1.1" 200 27
124.78.152.34 - - [30/May/2024:12:46:41 +0800] "POST /xingrg/kc/buy/cgsh_order_operate.html HTTP/1.1" 200 624
124.78.152.34 - - [30/May/2024:12:46:44 +0800] "GET /xingrg/kc/print/load_data.html?order_code=212024053009053&kc_code=cgsh&condition= HTTP/1.1" 200 707
180.164.6.225 - - [30/May/2024:12:46:44 +0800] "GET /xingrg/all/function/internal_message.html?_=1717044403526&CODE_STATE=getMsg HTTP/1.1" 200 27
180.164.6.225 - - [30/May/2024:12:46:44 +0800] "GET /xingrg/check_reg.html?_=1717044403528 HTTP/1.1" 200 22
222.70.182.146 - - [30/May/2024:12:46:44 +0800] "GET /xingrg/all/function/internal_message.html?_=1717044400267&CODE_STATE=getMsg HTTP/1.1" 200 27
116.235.94.80 - - [30/May/2024:12:46:45 +0800] "GET /xingrg/check_reg.html?_=1717044449794 HTTP/1.1" 200 22
116.235.94.80 - - [30/May/2024:12:46:45 +0800] "GET /xingrg/all/function/internal_message.html?_=1717044449812&CODE_STATE=getMsg HTTP/1.1" 200 27
116.232.195.13 - - [30/May/2024:12:46:47 +0800] "POST /xingrg/kc/base/yddb_list_operate.html HTTP/1.1" 200 202
180.164.6.225 - - [30/May/2024:12:46:48 +0800] "GET /xingrg/kc/buy/cgsh_order_list.html HTTP/1.1" 200 58938
124.78.152.34 - - [30/May/2024:12:46:49 +0800] "GET /xingrg/kc/buy/cgsh_order_add.html HTTP/1.1" 200 74735
116.232.195.13 - - [30/May/2024:12:46:49 +0800] "GET /xingrg/kc/base/yddb_order_info.html?code=482024053000189 HTTP/1.1" 200 31974
116.232.195.13 - - [30/May/2024:12:46:49 +0800] "GET /xingrg/dwr/interface/AjaxComOrderService.js HTTP/1.1" 200 18264
116.232.195.13 - - [30/May/2024:12:46:49 +0800] "GET /xingrg/dwr/interface/AjaxYddbService.js HTTP/1.1" 200 13201
116.232.195.13 - - [30/May/2024:12:46:49 +0800] "GET /xingrg/dwr/util.js HTTP/1.1" 304 -
116.232.195.13 - - [30/May/2024:12:46:49 +0800] "GET /xingrg/dwr/engine.js HTTP/1.1" 200 43631
116.232.195.13 - - [30/May/2024:12:46:49 +0800] "POST /xingrg/dwr/call/plaincall/AjaxYddbService.loadMaterielItems.dwr HTTP/1.1" 200 385
124.78.152.34 - - [30/May/2024:12:46:49 +0800] "POST /xingrg/kc/buy/cgsh_order_operate.html HTTP/1.1" 200 8245
124.78.152.34 - - [30/May/2024:12:46:49 +0800] "GET /xingrg/javascript/easyui/themes/default/validatebox.css HTTP/1.1" 404 1104
120.253.135.82 - - [30/May/2024:12:46:50 +0800] "GET /xingrg/kc/buy/cgsh_order_operate.html?command=get_materiel&rest_code=00101&code=00102002353&supplier_code=00100257&order_time=2024-05-30 HTTP/1.1" 200 421
124.78.152.34 - - [30/May/2024:12:46:51 +0800] "GET /xingrg/javascript/easyui/themes/default/tree.css HTTP/1.1" 404 1090
124.78.152.34 - - [30/May/2024:12:46:51 +0800] "POST /xingrg/all/common/load_tree.html?tree=supplier_tree_json&isDelete=1 HTTP/1.1" 200 80320
114.83.220.212 - - [30/May/2024:12:46:53 +0800] "GET /xingrg/all/function/internal_message.html?_=1717044413068&CODE_STATE=getMsg HTTP/1.1" 200 27
114.83.220.212 - - [30/May/2024:12:46:53 +0800] "GET /xingrg/check_reg.html?_=1717044413074 HTTP/1.1" 200 22
116.232.195.13 - - [30/May/2024:12:46:55 +0800] "GET /xingrg/check_reg.html?_=1717044358423 HTTP/1.1" 200 22
222.67.233.39 - - [30/May/2024:12:47:01 +0800] "GET /xingrg/all/function/internal_message.html?_=1717044417490&CODE_STATE=getMsg HTTP/1.1" 200 27
116.232.195.13 - - [30/May/2024:12:47:02 +0800] "GET /xingrg/all/function/internal_message.html?_=1717044365216&CODE_STATE=getMsg HTTP/1.1" 200 27
101.83.144.49 - - [30/May/2024:12:47:04 +0800] "GET /xingrg/all/function/internal_message.html?_=1717044165507&CODE_STATE=getMsg HTTP/1.1" 200 27
101.83.144.49 - - [30/May/2024:12:47:04 +0800] "GET /xingrg/check_reg.html?_=1717044165511 HTTP/1.1" 200 22
114.95.186.91 - - [30/May/2024:12:47:04 +0800] "GET /xingrg/login.html HTTP/1.1" 200 7641
180.164.6.225 - - [30/May/2024:12:47:05 +0800] "POST /xingrg/kc/buy/cgsh_list_operate.html HTTP/1.1" 200 3447
114.95.186.91 - - [30/May/2024:12:47:05 +0800] "GET /favicon.ico HTTP/1.1" 404 -
101.83.144.49 - - [30/May/2024:12:47:08 +0800] "GET /xingrg/all/function/internal_message.html?_=1717044428184&CODE_STATE=getMsg HTTP/1.1" 200 27
120.253.135.82 - - [30/May/2024:12:47:08 +0800] "GET /xingrg/all/function/internal_message.html?_=1717044280676&CODE_STATE=getMsg HTTP/1.1" 200 27
120.253.135.82 - - [30/May/2024:12:47:09 +0800] "POST /xingrg/kc/buy/cgsh_order_operate.html HTTP/1.1" 200 37
58.40.7.146 - - [30/May/2024:12:47:09 +0800] "GET /xingrg/all/function/internal_message.html?_=1717044429732&CODE_STATE=getMsg HTTP/1.1" 200 27
116.232.195.13 - - [30/May/2024:12:47:09 +0800] "GET /xingrg/all/function/internal_message.html?_=1717044373049&CODE_STATE=getMsg HTTP/1.1" 200 27
180.156.239.18 - - [30/May/2024:12:47:10 +0800] "GET /xingrg/all/function/internal_message.html?_=1717044429690&CODE_STATE=getMsg HTTP/1.1" 200 27
180.156.239.18 - - [30/May/2024:12:47:10 +0800] "GET /xingrg/check_reg.html?_=1717044429987 HTTP/1.1" 200 22
114.84.152.157 - - [30/May/2024:12:47:11 +0800] "GET /xingrg/all/function/internal_message.html?_=1717042777542&CODE_STATE=getMsg HTTP/1.1" 200 27
114.84.152.157 - - [30/May/2024:12:47:12 +0800] "GET /xingrg/kc/buy/cgsh_order_operate.html?command=get_materiel&rest_code=00142&code=00101044053&supplier_code=00100207&order_time=2024-05-30 HTTP/1.1" 200 427
114.84.152.157 - - [30/May/2024:12:47:15 +0800] "POST /xingrg/all/common/load_select.html HTTP/1.1" 200 25
114.95.186.91 - - [30/May/2024:12:47:16 +0800] "POST /xingrg/login.do HTTP/1.1" 302 -
114.95.186.91 - - [30/May/2024:12:47:16 +0800] "GET /xingrg/index.html?sysBaseUrl=http%3A%2F%2F180.169.147.146%3A18081%2Fxingrg%2F&costTime=17×tamp=1717044436320 HTTP/1.1" 200 17177
114.95.186.91 - - [30/May/2024:12:47:16 +0800] "GET /favicon.ico HTTP/1.1" 404 -
114.95.186.91 - - [30/May/2024:12:47:16 +0800] "POST /xingrg/all/common/load_tree.html?tree=area_rest_tree_json&manage=1 HTTP/1.1" 200 348
114.95.186.91 - - [30/May/2024:12:47:16 +0800] "GET /xingrg/check_reg.html?_=1717044437419 HTTP/1.1" 200 22
114.95.186.91 - - [30/May/2024:12:47:16 +0800] "GET /xingrg/all/function/internal_message.html?_=1717044437418&CODE_STATE=count HTTP/1.1" 200 11
114.95.186.91 - - [30/May/2024:12:47:16 +0800] "POST /xingrg/load_menu.html HTTP/1.1" 200 5138
124.78.152.34 - - [30/May/2024:12:47:17 +0800] "GET /xingrg/kc/buy/cgsh_order_operate.html?command=get_materiel&rest_code=00106&code=00101001168&supplier_code=00100313&order_time=2024-05-30 HTTP/1.1" 200 414
124.78.152.34 - - [30/May/2024:12:47:18 +0800] "GET /xingrg/all/function/internal_message.html?_=1717044430354&CODE_STATE=getMsg HTTP/1.1" 200 27
120.253.135.82 - - [30/May/2024:12:47:20 +0800] "POST /xingrg/kc/buy/cgsh_order_operate.html HTTP/1.1" 200 3275
114.84.152.157 - - [30/May/2024:12:47:20 +0800] "GET /xingrg/kc/buy/cgsh_order_operate.html?command=get_materiel_price&rest_code=00142&code=00101044053&unit_code=00100017&supplier_code=00100207&order_time=2024-05-30 HTTP/1.1" 200 27
114.95.186.91 - - [30/May/2024:12:47:20 +0800] "GET /xingrg/kc/buy/cgsh_order_list.html HTTP/1.1" 200 58932
120.253.135.82 - - [30/May/2024:12:47:21 +0800] "GET /xingrg/kc/print/load_config.html?kc_code=cgsh HTTP/1.1" 200 1927
120.253.135.82 - - [30/May/2024:12:47:22 +0800] "GET /xingrg/kc/print/load_data.html?order_code=212024053009055&kc_code=cgsh&condition= HTTP/1.1" 200 927
124.78.152.34 - - [30/May/2024:12:47:25 +0800] "GET /xingrg/all/function/internal_message.html?_=1717044447447&CODE_STATE=getMsg HTTP/1.1" 200 27
114.95.186.91 - - [30/May/2024:12:47:25 +0800] "POST /xingrg/kc/buy/cgsh_list_operate.html HTTP/1.1" 200 1681
