114.83.220.212 - - [30/May/2024:11:35:59 +0800] "GET /xingrg/servlets/html?sysBaseUrl=http%3A%2F%2F180.169.147.146%3A18081%2Fxingrg%2F&costTime=967×tamp=1717040159010 HTTP/1.1" 200 343351
114.83.220.212 - - [30/May/2024:11:35:59 +0800] "GET /xingrg/servlets/image?image=px HTTP/1.1" 200 807
114.83.220.212 - - [30/May/2024:11:35:59 +0800] "GET /favicon.ico HTTP/1.1" 404 -
180.169.147.146 - - [30/May/2024:11:36:00 +0800] "GET /xingrg/kc/buy/cgsh_order_operate.html?command=get_materiel&rest_code=00147&code=00101011001&supplier_code=00100096&order_time=2024-05-30 HTTP/1.1" 200 422
222.69.134.193 - - [30/May/2024:11:36:01 +0800] "GET /xingrg/check_reg.html?_=1717040163868 HTTP/1.1" 302 -
116.232.195.13 - - [30/May/2024:11:36:01 +0800] "GET /xingrg/check_reg.html?_=1717040105205 HTTP/1.1" 200 22
116.232.195.13 - - [30/May/2024:11:36:02 +0800] "GET /xingrg/all/function/internal_message.html?_=1717040105208&CODE_STATE=getMsg HTTP/1.1" 200 27
101.83.144.49 - - [30/May/2024:11:36:04 +0800] "GET /xingrg/all/function/internal_message.html?_=1717039905390&CODE_STATE=getMsg HTTP/1.1" 200 27
120.253.135.82 - - [30/May/2024:11:36:05 +0800] "GET /xingrg/all/function/internal_message.html?_=1717040018415&CODE_STATE=getMsg HTTP/1.1" 200 27
124.78.152.34 - - [30/May/2024:11:36:11 +0800] "POST /xingrg/kc/buy/cgsh_order_operate.html HTTP/1.1" 200 37
180.156.239.18 - - [30/May/2024:11:36:11 +0800] "GET /xingrg/all/function/internal_message.html?_=1717040171105&CODE_STATE=getMsg HTTP/1.1" 200 27
114.83.220.212 - - [30/May/2024:11:36:12 +0800] "POST /xingrg/dwr/call/plaincall/AjaxReportQueryService.refreshCache.dwr HTTP/1.1" 200 78
180.169.147.146 - - [30/May/2024:11:36:13 +0800] "GET /xingrg/kc/buy/cgsh_order_operate.html?command=get_materiel&rest_code=00147&code=00101011005&supplier_code=00100096&order_time=2024-05-30 HTTP/1.1" 200 409
114.83.220.212 - - [30/May/2024:11:36:14 +0800] "POST /xingrg/all/report/load_report_page.html HTTP/1.1" 200 60192
114.83.220.212 - - [30/May/2024:11:36:14 +0800] "GET /xingrg/servlets/image?cache=0.006504340419675514&image=px HTTP/1.1" 200 807
124.78.152.34 - - [30/May/2024:11:36:16 +0800] "POST /xingrg/kc/buy/cgsh_order_operate.html HTTP/1.1" 200 12
124.78.152.34 - - [30/May/2024:11:36:18 +0800] "GET /xingrg/kc/buy/cgsh_order_info.html?code=212024053009015 HTTP/1.1" 200 69612
124.78.152.34 - - [30/May/2024:11:36:19 +0800] "GET /xingrg/javascript/easyui/themes/default/validatebox.css HTTP/1.1" 404 1104
124.78.152.34 - - [30/May/2024:11:36:19 +0800] "GET /xingrg/all/function/internal_message.html?_=1717040171958&CODE_STATE=getMsg HTTP/1.1" 200 27
124.78.152.34 - - [30/May/2024:11:36:20 +0800] "POST /xingrg/kc/buy/cgsh_order_operate.html HTTP/1.1" 200 603
124.78.152.34 - - [30/May/2024:11:36:25 +0800] "GET /xingrg/kc/print/load_config.html?kc_code=cgsh HTTP/1.1" 200 1927
124.78.152.34 - - [30/May/2024:11:36:25 +0800] "GET /xingrg/kc/print/load_data.html?order_code=212024053009015&kc_code=cgsh&condition= HTTP/1.1" 200 697
180.169.147.146 - - [30/May/2024:11:36:29 +0800] "GET /xingrg/kc/buy/cgsh_order_operate.html?command=get_materiel&rest_code=00147&code=00101016053&supplier_code=00100096&order_time=2024-05-30 HTTP/1.1" 200 410
222.67.233.39 - - [30/May/2024:11:36:29 +0800] "GET /xingrg/all/function/internal_message.html?_=1717040189937&CODE_STATE=getMsg HTTP/1.1" 200 27
180.169.147.146 - - [30/May/2024:11:36:47 +0800] "GET /xingrg/kc/buy/cgsh_order_operate.html?command=get_materiel&rest_code=00147&code=00101016025&supplier_code=00100096&order_time=2024-05-30 HTTP/1.1" 200 408
124.78.152.34 - - [30/May/2024:11:36:50 +0800] "GET /xingrg/kc/buy/cgsh_order_add.html HTTP/1.1" 200 74741
124.78.152.34 - - [30/May/2024:11:36:51 +0800] "POST /xingrg/kc/buy/cgsh_order_operate.html HTTP/1.1" 200 8245
124.78.152.34 - - [30/May/2024:11:36:51 +0800] "GET /xingrg/javascript/easyui/themes/default/validatebox.css HTTP/1.1" 404 1104
114.83.220.212 - - [30/May/2024:11:36:53 +0800] "GET /xingrg/check_reg.html?_=1717040212942 HTTP/1.1" 200 22
114.83.220.212 - - [30/May/2024:11:36:53 +0800] "GET /xingrg/all/function/internal_message.html?_=1717040212946&CODE_STATE=getMsg HTTP/1.1" 200 27
116.232.195.13 - - [30/May/2024:11:36:55 +0800] "GET /xingrg/check_reg.html?_=1717040158402 HTTP/1.1" 200 22
180.169.147.146 - - [30/May/2024:11:36:55 +0800] "GET /xingrg/all/function/internal_message.html?_=1717040215362&CODE_STATE=getMsg HTTP/1.1" 200 27
180.169.147.146 - - [30/May/2024:11:36:57 +0800] "GET /xingrg/kc/buy/cgsh_order_operate.html?command=get_materiel&rest_code=00147&code=00101016105&supplier_code=00100096&order_time=2024-05-30 HTTP/1.1" 200 411
124.78.152.34 - - [30/May/2024:11:37:01 +0800] "GET /xingrg/javascript/easyui/themes/default/tree.css HTTP/1.1" 404 1090
124.78.152.34 - - [30/May/2024:11:37:01 +0800] "POST /xingrg/all/common/load_tree.html?tree=supplier_tree_json&isDelete=1 HTTP/1.1" 200 80320
116.232.195.13 - - [30/May/2024:11:37:01 +0800] "GET /xingrg/all/function/internal_message.html?_=1717040165201&CODE_STATE=getMsg HTTP/1.1" 200 27
101.83.144.49 - - [30/May/2024:11:37:04 +0800] "GET /xingrg/check_reg.html?_=1717039965385 HTTP/1.1" 200 22
101.83.144.49 - - [30/May/2024:11:37:04 +0800] "GET /xingrg/all/function/internal_message.html?_=1717039965414&CODE_STATE=getMsg HTTP/1.1" 200 27
120.253.135.82 - - [30/May/2024:11:37:05 +0800] "GET /xingrg/check_reg.html?_=1717040078170 HTTP/1.1" 200 22
120.253.135.82 - - [30/May/2024:11:37:05 +0800] "GET /xingrg/all/function/internal_message.html?_=1717040078444&CODE_STATE=getMsg HTTP/1.1" 200 27
180.169.147.146 - - [30/May/2024:11:37:10 +0800] "GET /xingrg/kc/buy/cgsh_order_operate.html?command=get_materiel&rest_code=00147&code=00101012019&supplier_code=00100096&order_time=2024-05-30 HTTP/1.1" 200 413
180.156.239.18 - - [30/May/2024:11:37:11 +0800] "GET /xingrg/all/function/internal_message.html?_=1717040231117&CODE_STATE=getMsg HTTP/1.1" 200 27
124.78.152.34 - - [30/May/2024:11:37:19 +0800] "GET /xingrg/all/function/internal_message.html?_=1717040231961&CODE_STATE=getMsg HTTP/1.1" 200 27
180.169.147.146 - - [30/May/2024:11:37:24 +0800] "GET /xingrg/kc/buy/cgsh_order_operate.html?command=get_materiel&rest_code=00147&code=00101006055&supplier_code=00100096&order_time=2024-05-30 HTTP/1.1" 200 410
222.67.233.39 - - [30/May/2024:11:37:29 +0800] "GET /xingrg/all/function/internal_message.html?_=1717040249935&CODE_STATE=getMsg HTTP/1.1" 200 27
114.83.220.212 - - [30/May/2024:11:37:41 +0800] "POST /xingrg/dwr/call/plaincall/AjaxReportQueryService.refreshCache.dwr HTTP/1.1" 200 78
114.83.220.212 - - [30/May/2024:11:37:44 +0800] "POST /xingrg/all/report/load_report_page.html HTTP/1.1" 200 117025
114.83.220.212 - - [30/May/2024:11:37:44 +0800] "GET /xingrg/servlets/image?cache=0.707972888077352&image=px HTTP/1.1" 200 807
114.83.220.212 - - [30/May/2024:11:37:53 +0800] "GET /xingrg/all/function/internal_message.html?_=1717040272930&CODE_STATE=getMsg HTTP/1.1" 200 27
180.169.147.146 - - [30/May/2024:11:37:55 +0800] "GET /xingrg/all/function/internal_message.html?_=1717040275347&CODE_STATE=getMsg HTTP/1.1" 200 27
114.83.220.212 - - [30/May/2024:11:37:58 +0800] "POST /xingrg/all/report/report_print.html HTTP/1.1" 302 -
114.83.220.212 - - [30/May/2024:11:37:58 +0800] "GET /xingrg/servlets/html?sysBaseUrl=http%3A%2F%2F180.169.147.146%3A18081%2Fxingrg%2F&costTime=742×tamp=1717040278286 HTTP/1.1" 200 309051
114.83.220.212 - - [30/May/2024:11:37:58 +0800] "GET /xingrg/servlets/image?image=px HTTP/1.1" 200 807
114.83.220.212 - - [30/May/2024:11:37:58 +0800] "GET /favicon.ico HTTP/1.1" 404 -
116.232.195.13 - - [30/May/2024:11:38:01 +0800] "GET /xingrg/all/function/internal_message.html?_=1717040225189&CODE_STATE=getMsg HTTP/1.1" 200 27
101.83.144.49 - - [30/May/2024:11:38:04 +0800] "GET /xingrg/all/function/internal_message.html?_=1717040025413&CODE_STATE=getMsg HTTP/1.1" 200 27
120.253.135.82 - - [30/May/2024:11:38:05 +0800] "GET /xingrg/all/function/internal_message.html?_=1717040138458&CODE_STATE=getMsg HTTP/1.1" 200 27
124.78.152.34 - - [30/May/2024:11:38:09 +0800] "GET /xingrg/kc/buy/cgsh_order_operate.html?command=get_materiel&rest_code=00106&code=00102035135&supplier_code=00100077&order_time=2024-05-30 HTTP/1.1" 200 417
180.156.239.18 - - [30/May/2024:11:38:11 +0800] "GET /xingrg/all/function/internal_message.html?_=1717040291110&CODE_STATE=getMsg HTTP/1.1" 200 27
114.83.220.212 - - [30/May/2024:11:38:17 +0800] "POST /xingrg/dwr/call/plaincall/AjaxReportQueryService.refreshCache.dwr HTTP/1.1" 200 78
114.83.220.212 - - [30/May/2024:11:38:18 +0800] "POST /xingrg/all/report/load_report_page.html HTTP/1.1" 200 70334
114.83.220.212 - - [30/May/2024:11:38:18 +0800] "GET /xingrg/servlets/image?cache=0.26401738654339557&image=px HTTP/1.1" 200 807
114.83.220.212 - - [30/May/2024:11:38:19 +0800] "POST /xingrg/all/report/report_print.html HTTP/1.1" 302 -
114.83.220.212 - - [30/May/2024:11:38:19 +0800] "GET /xingrg/servlets/html?sysBaseUrl=http%3A%2F%2F180.169.147.146%3A18081%2Fxingrg%2F&costTime=151×tamp=1717040299675 HTTP/1.1" 200 67872
114.83.220.212 - - [30/May/2024:11:38:19 +0800] "GET /xingrg/servlets/image?image=px HTTP/1.1" 200 807
114.83.220.212 - - [30/May/2024:11:38:19 +0800] "GET /favicon.ico HTTP/1.1" 404 -
124.78.152.34 - - [30/May/2024:11:38:19 +0800] "GET /xingrg/all/function/internal_message.html?_=1717040291958&CODE_STATE=getMsg HTTP/1.1" 200 27
180.169.147.146 - - [30/May/2024:11:38:22 +0800] "GET /xingrg/kc/buy/cgsh_order_operate.html?command=get_materiel&rest_code=00147&code=00101006068&supplier_code=00100096&order_time=2024-05-30 HTTP/1.1" 200 411
114.83.220.212 - - [30/May/2024:11:38:29 +0800] "POST /xingrg/all/report/report_print.html HTTP/1.1" 302 -
114.83.220.212 - - [30/May/2024:11:38:29 +0800] "GET /xingrg/servlets/html?sysBaseUrl=http%3A%2F%2F180.169.147.146%3A18081%2Fxingrg%2F&costTime=138×tamp=1717040309722 HTTP/1.1" 200 67872
114.83.220.212 - - [30/May/2024:11:38:29 +0800] "GET /xingrg/servlets/image?image=px HTTP/1.1" 200 807
114.83.220.212 - - [30/May/2024:11:38:29 +0800] "GET /favicon.ico HTTP/1.1" 404 -
222.67.233.39 - - [30/May/2024:11:38:29 +0800] "GET /xingrg/all/function/internal_message.html?_=1717040309941&CODE_STATE=getMsg HTTP/1.1" 200 27
222.67.233.39 - - [30/May/2024:11:38:29 +0800] "GET /xingrg/check_reg.html?_=1717040309945 HTTP/1.1" 200 22
124.78.152.34 - - [30/May/2024:11:38:33 +0800] "POST /xingrg/kc/buy/cgsh_order_operate.html HTTP/1.1" 200 37
101.83.144.49 - - [30/May/2024:11:38:36 +0800] "GET /xingrg/kc/buy/cgsh_order_operate.html?command=get_materiel&rest_code=00105&code=00101008502&supplier_code=00100008&order_time=2024-05-30 HTTP/1.1" 200 412
180.169.147.146 - - [30/May/2024:11:38:37 +0800] "GET /xingrg/kc/buy/cgsh_order_operate.html?command=get_materiel&rest_code=00147&code=00101006240&supplier_code=00100096&order_time=2024-05-30 HTTP/1.1" 200 424
124.78.152.34 - - [30/May/2024:11:38:38 +0800] "POST /xingrg/kc/buy/cgsh_order_operate.html HTTP/1.1" 200 12
124.78.152.34 - - [30/May/2024:11:38:40 +0800] "GET /xingrg/kc/buy/cgsh_order_info.html?code=212024053009016 HTTP/1.1" 200 69608
124.78.152.34 - - [30/May/2024:11:38:40 +0800] "GET /xingrg/javascript/easyui/themes/default/validatebox.css HTTP/1.1" 404 1104
124.78.152.34 - - [30/May/2024:11:38:41 +0800] "POST /xingrg/kc/buy/cgsh_order_operate.html HTTP/1.1" 200 615
124.78.152.34 - - [30/May/2024:11:38:42 +0800] "GET /xingrg/kc/print/load_data.html?order_code=212024053009016&kc_code=cgsh&condition= HTTP/1.1" 200 758
180.169.147.146 - - [30/May/2024:11:38:47 +0800] "GET /xingrg/kc/buy/cgsh_order_operate.html?command=get_materiel&rest_code=00147&code=00101016104&supplier_code=00100096&order_time=2024-05-30 HTTP/1.1" 200 408
114.83.220.212 - - [30/May/2024:11:38:53 +0800] "GET /xingrg/all/function/internal_message.html?_=1717040332952&CODE_STATE=getMsg HTTP/1.1" 200 27
180.169.147.146 - - [30/May/2024:11:38:55 +0800] "GET /xingrg/all/function/internal_message.html?_=1717040335318&CODE_STATE=getMsg HTTP/1.1" 200 27
124.78.152.34 - - [30/May/2024:11:39:00 +0800] "POST /xingrg/kc/buy/cgsh_list_operate.html HTTP/1.1" 200 573
116.232.195.13 - - [30/May/2024:11:39:02 +0800] "GET /xingrg/all/function/internal_message.html?_=1717040285208&CODE_STATE=getMsg HTTP/1.1" 200 27
124.78.152.34 - - [30/May/2024:11:39:02 +0800] "GET /xingrg/kc/buy/cgsh_order_info.html?code=212024053008930 HTTP/1.1" 200 74719
124.78.152.34 - - [30/May/2024:11:39:03 +0800] "GET /xingrg/javascript/easyui/themes/default/validatebox.css HTTP/1.1" 404 1104
124.78.152.34 - - [30/May/2024:11:39:04 +0800] "POST /xingrg/kc/buy/cgsh_order_operate.html HTTP/1.1" 200 26319
101.83.144.49 - - [30/May/2024:11:39:04 +0800] "GET /xingrg/all/function/internal_message.html?_=1717040085376&CODE_STATE=getMsg HTTP/1.1" 200 27
120.253.135.82 - - [30/May/2024:11:39:05 +0800] "GET /xingrg/all/function/internal_message.html?_=1717040198471&CODE_STATE=getMsg HTTP/1.1" 200 27
180.169.147.146 - - [30/May/2024:11:39:06 +0800] "GET /xingrg/check_reg.html?_=1717040346664 HTTP/1.1" 200 22
101.83.144.49 - - [30/May/2024:11:39:06 +0800] "GET /xingrg/kc/buy/cgsh_order_operate.html?command=get_materiel&rest_code=00105&code=00101008353&supplier_code=00100008&order_time=2024-05-30 HTTP/1.1" 200 408
114.83.220.212 - - [30/May/2024:11:39:06 +0800] "POST /xingrg/dwr/call/plaincall/AjaxReportQueryService.refreshCache.dwr HTTP/1.1" 200 78
116.232.195.13 - - [30/May/2024:11:39:07 +0800] "GET /xingrg/kc/buy/cgsh_order_operate.html?command=get_materiel&rest_code=00155&code=00101008087&supplier_code=00100005&order_time=2024-05-30 HTTP/1.1" 200 412
114.83.220.212 - - [30/May/2024:11:39:09 +0800] "POST /xingrg/all/report/load_report_page.html HTTP/1.1" 200 116986
114.83.220.212 - - [30/May/2024:11:39:09 +0800] "GET /xingrg/servlets/image?cache=0.8925779818203611&image=px HTTP/1.1" 200 807
124.79.78.120 - - [30/May/2024:11:39:09 +0800] "GET /xingrg/check_reg.html?_=1717040355736 HTTP/1.1" 302 -
124.79.78.120 - - [30/May/2024:11:39:09 +0800] "GET /xingrg/login.html HTTP/1.1" 200 7641
114.83.220.212 - - [30/May/2024:11:39:10 +0800] "POST /xingrg/all/report/report_print.html HTTP/1.1" 302 -
114.83.220.212 - - [30/May/2024:11:39:10 +0800] "GET /xingrg/servlets/image?image=px HTTP/1.1" 200 807
114.83.220.212 - - [30/May/2024:11:39:10 +0800] "GET /xingrg/servlets/html?sysBaseUrl=http%3A%2F%2F180.169.147.146%3A18081%2Fxingrg%2F&costTime=992×tamp=1717040350301 HTTP/1.1" 200 368874
114.83.220.212 - - [30/May/2024:11:39:10 +0800] "GET /favicon.ico HTTP/1.1" 404 -
124.78.152.34 - - [30/May/2024:11:39:10 +0800] "POST /xingrg/kc/buy/cgsh_order_operate.html HTTP/1.1" 200 37
180.169.147.146 - - [30/May/2024:11:39:11 +0800] "GET /xingrg/check_reg.html?_=1717040346355 HTTP/1.1" 302 -
180.156.239.18 - - [30/May/2024:11:39:11 +0800] "GET /xingrg/all/function/internal_message.html?_=1717040351104&CODE_STATE=getMsg HTTP/1.1" 200 27
180.169.147.146 - - [30/May/2024:11:39:11 +0800] "GET /xingrg/kc/buy/cgsh_order_operate.html?command=get_materiel&rest_code=00147&code=00101006293&supplier_code=00100096&order_time=2024-05-30 HTTP/1.1" 200 432
124.78.152.34 - - [30/May/2024:11:39:18 +0800] "POST /xingrg/kc/buy/cgsh_order_operate.html HTTP/1.1" 200 12
101.83.144.49 - - [30/May/2024:11:39:21 +0800] "GET /xingrg/kc/buy/cgsh_order_operate.html?command=get_materiel&rest_code=00105&code=00101008087&supplier_code=00100008&order_time=2024-05-30 HTTP/1.1" 200 412
180.169.147.146 - - [30/May/2024:11:39:23 +0800] "GET /favicon.ico HTTP/1.1" 404 -
124.78.152.34 - - [30/May/2024:11:39:25 +0800] "GET /xingrg/kc/buy/cgsh_order_info.html?code=212024053008930 HTTP/1.1" 200 69614
124.78.152.34 - - [30/May/2024:11:39:25 +0800] "GET /xingrg/javascript/easyui/themes/default/validatebox.css HTTP/1.1" 404 1104
222.67.233.39 - - [30/May/2024:11:39:26 +0800] "POST /xingrg/kc/buy/cgsh_order_operate.html HTTP/1.1" 200 37
124.78.152.34 - - [30/May/2024:11:39:26 +0800] "POST /xingrg/kc/buy/cgsh_order_operate.html HTTP/1.1" 200 24257
222.70.182.146 - - [30/May/2024:11:39:27 +0800] "GET /xingrg/check_reg.html?_=1717040363330 HTTP/1.1" 302 -
116.232.195.13 - - [30/May/2024:11:39:28 +0800] "GET /xingrg/kc/buy/cgsh_order_operate.html?command=get_materiel&rest_code=00155&code=00101008004&supplier_code=00100005&order_time=2024-05-30 HTTP/1.1" 200 416
222.67.233.39 - - [30/May/2024:11:39:29 +0800] "GET /xingrg/all/function/internal_message.html?_=1717040369944&CODE_STATE=getMsg HTTP/1.1" 200 27
101.83.144.49 - - [30/May/2024:11:39:30 +0800] "POST /xingrg/kc/buy/cgsh_order_operate.html HTTP/1.1" 200 2065
222.67.233.39 - - [30/May/2024:11:39:32 +0800] "POST /xingrg/kc/buy/cgsh_order_operate.html HTTP/1.1" 200 12
124.78.152.34 - - [30/May/2024:11:39:33 +0800] "GET /xingrg/kc/print/load_data.html?order_code=212024053008930&kc_code=cgsh&condition= HTTP/1.1" 200 9661
222.67.233.39 - - [30/May/2024:11:39:35 +0800] "GET /xingrg/kc/buy/cgsh_order_info.html?code=212024053009017 HTTP/1.1" 200 69602
222.67.233.39 - - [30/May/2024:11:39:36 +0800] "GET /xingrg/javascript/easyui/themes/default/validatebox.css HTTP/1.1" 404 1104
222.67.233.39 - - [30/May/2024:11:39:37 +0800] "POST /xingrg/kc/buy/cgsh_order_operate.html HTTP/1.1" 200 7789
101.83.144.49 - - [30/May/2024:11:39:50 +0800] "POST /xingrg/kc/buy/cgsh_list_operate.html HTTP/1.1" 302 -
114.83.220.212 - - [30/May/2024:11:39:53 +0800] "GET /xingrg/all/function/internal_message.html?_=1717040392939&CODE_STATE=getMsg HTTP/1.1" 200 27
180.169.147.146 - - [30/May/2024:11:39:55 +0800] "GET /xingrg/all/function/internal_message.html?_=1717040395287&CODE_STATE=getMsg HTTP/1.1" 200 27
180.169.147.146 - - [30/May/2024:11:39:56 +0800] "POST /xingrg/kc/buy/cgsh_order_operate.html HTTP/1.1" 200 37
222.67.233.39 - - [30/May/2024:11:39:59 +0800] "GET /xingrg/kc/print/load_data.html?order_code=212024053009017&kc_code=cgsh&condition= HTTP/1.1" 200 3464
116.232.195.13 - - [30/May/2024:11:40:01 +0800] "GET /xingrg/all/function/internal_message.html?_=1717040345187&CODE_STATE=getMsg HTTP/1.1" 200 27
101.83.144.49 - - [30/May/2024:11:40:04 +0800] "GET /xingrg/all/function/internal_message.html?_=1717040145370&CODE_STATE=getMsg HTTP/1.1" 200 27
120.253.135.82 - - [30/May/2024:11:40:05 +0800] "GET /xingrg/all/function/internal_message.html?_=1717040258492&CODE_STATE=getMsg HTTP/1.1" 200 27
180.156.239.18 - - [30/May/2024:11:40:11 +0800] "GET /xingrg/all/function/internal_message.html?_=1717040411121&CODE_STATE=getMsg HTTP/1.1" 200 27
180.156.239.18 - - [30/May/2024:11:40:11 +0800] "GET /xingrg/check_reg.html?_=1717040411125 HTTP/1.1" 200 22
101.83.144.49 - - [30/May/2024:11:40:19 +0800] "GET /xingrg/index.html?sysBaseUrl=http%3A%2F%2F180.169.147.146%3A18081%2Fxingrg%2F&costTime=36×tamp=1585223203754 HTTP/1.1" 302 -
101.83.144.49 - - [30/May/2024:11:40:19 +0800] "GET /xingrg/login.html HTTP/1.1" 200 7641
101.83.144.49 - - [30/May/2024:11:40:19 +0800] "GET /favicon.ico HTTP/1.1" 404 -
124.78.152.34 - - [30/May/2024:11:40:19 +0800] "GET /xingrg/check_reg.html?_=1717040411961 HTTP/1.1" 200 22
124.78.152.34 - - [30/May/2024:11:40:19 +0800] "GET /xingrg/all/function/internal_message.html?_=1717040411967&CODE_STATE=getMsg HTTP/1.1" 200 27
222.67.233.39 - - [30/May/2024:11:40:21 +0800] "POST /xingrg/kc/buy/cgsh_order_operate.html HTTP/1.1" 200 8245
222.67.233.39 - - [30/May/2024:11:40:21 +0800] "GET /xingrg/javascript/easyui/themes/default/validatebox.css HTTP/1.1" 404 1104
222.67.233.39 - - [30/May/2024:11:40:29 +0800] "GET /xingrg/all/function/internal_message.html?_=1717040429944&CODE_STATE=getMsg HTTP/1.1" 200 27
124.78.152.34 - - [30/May/2024:11:40:34 +0800] "POST /xingrg/kc/buy/cgsh_list_operate.html HTTP/1.1" 200 645
114.83.220.212 - - [30/May/2024:11:40:53 +0800] "GET /xingrg/all/function/internal_message.html?_=1717040452941&CODE_STATE=getMsg HTTP/1.1" 200 27
124.78.152.34 - - [30/May/2024:11:41:00 +0800] "GET /xingrg/kc/base/base_main.html HTTP/1.1" 200 12142
124.78.152.34 - - [30/May/2024:11:41:01 +0800] "GET /xingrg/kc/base/wldb_order_list.html HTTP/1.1" 200 19215
222.69.134.193 - - [30/May/2024:11:41:01 +0800] "GET /xingrg/check_reg.html?_=1717040463873 HTTP/1.1" 302 -
124.78.152.34 - - [30/May/2024:11:41:01 +0800] "POST /xingrg/kc/base/wldb_list_operate.html HTTP/1.1" 200 2950
116.232.195.13 - - [30/May/2024:11:41:02 +0800] "GET /xingrg/all/function/internal_message.html?_=1717040405205&CODE_STATE=getMsg HTTP/1.1" 200 27
116.232.195.13 - - [30/May/2024:11:41:02 +0800] "GET /xingrg/check_reg.html?_=1717040405206 HTTP/1.1" 200 22
101.83.144.49 - - [30/May/2024:11:41:04 +0800] "GET /xingrg/all/function/internal_message.html?_=1717040205376&CODE_STATE=getMsg HTTP/1.1" 200 27
120.253.135.82 - - [30/May/2024:11:41:06 +0800] "GET /xingrg/all/function/internal_message.html?_=1717040318498&CODE_STATE=getMsg HTTP/1.1" 200 27
101.83.144.49 - - [30/May/2024:11:41:06 +0800] "POST /xingrg/login.do HTTP/1.1" 200 2421
101.83.144.49 - - [30/May/2024:11:41:06 +0800] "GET /xingrg/javascript/myfunction.js HTTP/1.1" 304 -
101.83.144.49 - - [30/May/2024:11:41:06 +0800] "GET /xingrg/images/blue/pic_notice.jpg HTTP/1.1" 304 -
101.83.144.49 - - [30/May/2024:11:41:06 +0800] "GET /xingrg/images/blue/pic_top.gif HTTP/1.1" 304 -
101.83.144.49 - - [30/May/2024:11:41:06 +0800] "GET /xingrg/css/blue.css HTTP/1.1" 304 -
101.83.144.49 - - [30/May/2024:11:41:06 +0800] "GET /xingrg/images/blue/error_buttom.gif HTTP/1.1" 304 -
101.83.144.49 - - [30/May/2024:11:41:06 +0800] "GET /xingrg/images/blue/error_top.gif HTTP/1.1" 304 -
101.83.144.49 - - [30/May/2024:11:41:06 +0800] "GET /xingrg/images/blue/error_mid.gif HTTP/1.1" 304 -
101.83.144.49 - - [30/May/2024:11:41:06 +0800] "GET /favicon.ico HTTP/1.1" 404 -
101.83.144.49 - - [30/May/2024:11:41:07 +0800] "GET /xingrg/login.html HTTP/1.1" 200 7641
101.83.144.49 - - [30/May/2024:11:41:07 +0800] "GET /favicon.ico HTTP/1.1" 404 -
101.83.144.49 - - [30/May/2024:11:41:07 +0800] "POST /xingrg/login.do HTTP/1.1" 302 -
101.83.144.49 - - [30/May/2024:11:41:07 +0800] "GET /xingrg/index.html?sysBaseUrl=http%3A%2F%2F180.169.147.146%3A18081%2Fxingrg%2F&costTime=21×tamp=1717040467805 HTTP/1.1" 200 17173
101.83.144.49 - - [30/May/2024:11:41:07 +0800] "GET /favicon.ico HTTP/1.1" 404 -
101.83.144.49 - - [30/May/2024:11:41:07 +0800] "POST /xingrg/all/common/load_tree.html?tree=area_rest_tree_json&manage=1 HTTP/1.1" 200 4010
101.83.144.49 - - [30/May/2024:11:41:08 +0800] "GET /xingrg/check_reg.html?_=1717040468116 HTTP/1.1" 200 22
101.83.144.49 - - [30/May/2024:11:41:08 +0800] "GET /xingrg/all/function/internal_message.html?_=1717040468115&CODE_STATE=count HTTP/1.1" 200 11
101.83.144.49 - - [30/May/2024:11:41:08 +0800] "POST /xingrg/load_menu.html HTTP/1.1" 200 5138
124.78.152.34 - - [30/May/2024:11:41:09 +0800] "GET /xingrg/kc/base/wldb_order_add.html HTTP/1.1" 200 30707
124.78.152.34 - - [30/May/2024:11:41:09 +0800] "POST /xingrg/kc/base/wldb_order_operate.html HTTP/1.1" 200 6806
124.78.152.34 - - [30/May/2024:11:41:09 +0800] "GET /xingrg/all/common/auto_word.html?type=base&rest_code=00106 HTTP/1.1" 200 1799
124.78.152.34 - - [30/May/2024:11:41:09 +0800] "GET /xingrg/all/common/auto_word.html?type=base&rest_code=00106 HTTP/1.1" 200 1799
124.78.152.34 - - [30/May/2024:11:41:09 +0800] "GET /xingrg/javascript/easyui/themes/default/validatebox.css HTTP/1.1" 404 1104
124.78.152.34 - - [30/May/2024:11:41:10 +0800] "POST /xingrg/all/common/load_combo.html?type=base HTTP/1.1" 200 3227
180.156.239.18 - - [30/May/2024:11:41:11 +0800] "GET /xingrg/all/function/internal_message.html?_=1717040471110&CODE_STATE=getMsg HTTP/1.1" 200 27
101.83.144.49 - - [30/May/2024:11:41:11 +0800] "GET /xingrg/kc/buy/cgsh_order_list.html HTTP/1.1" 200 58928
124.78.152.34 - - [30/May/2024:11:41:12 +0800] "POST /xingrg/all/common/load_combo.html?type=base HTTP/1.1" 200 3227
124.78.152.34 - - [30/May/2024:11:41:19 +0800] "GET /xingrg/all/function/internal_message.html?_=1717040471953&CODE_STATE=getMsg HTTP/1.1" 200 27
101.83.144.49 - - [30/May/2024:11:41:24 +0800] "POST /xingrg/kc/buy/cgsh_list_operate.html HTTP/1.1" 200 2728
124.78.152.34 - - [30/May/2024:11:41:26 +0800] "GET /xingrg/kc/base/wldb_order_operate.html?command=get_materiel&rest_code=00106&base_code=0010397&code=00102002448 HTTP/1.1" 200 439
222.67.233.39 - - [30/May/2024:11:41:29 +0800] "GET /xingrg/all/function/internal_message.html?_=1717040489929&CODE_STATE=getMsg HTTP/1.1" 200 27
124.78.152.34 - - [30/May/2024:11:41:37 +0800] "GET /xingrg/kc/base/wldb_order_operate.html?command=get_materiel&rest_code=00106&base_code=0010397&code=00102002204 HTTP/1.1" 200 447
101.83.144.49 - - [30/May/2024:11:41:37 +0800] "GET /xingrg/kc/buy/cgsh_order_add.html HTTP/1.1" 200 74823
101.83.144.49 - - [30/May/2024:11:41:37 +0800] "GET /xingrg/words/20240530100417_words.js HTTP/1.1" 304 -
101.83.144.49 - - [30/May/2024:11:41:38 +0800] "GET /xingrg/all/common/auto_word.html?type=employee&rest_code=00105 HTTP/1.1" 200 193
101.83.144.49 - - [30/May/2024:11:41:38 +0800] "GET /xingrg/all/common/auto_word.html?type=employee&rest_code=00105 HTTP/1.1" 200 193
101.83.144.49 - - [30/May/2024:11:41:38 +0800] "GET /xingrg/javascript/easyui/themes/default/validatebox.css HTTP/1.1" 404 1104
101.83.144.49 - - [30/May/2024:11:41:38 +0800] "POST /xingrg/kc/buy/cgsh_order_operate.html HTTP/1.1" 200 8245
222.67.233.39 - - [30/May/2024:11:41:39 +0800] "GET /xingrg/kc/buy/cgsh_order_operate.html?command=get_materiel&rest_code=00141&code=00102009745&supplier_code=00100151&order_time=2024-05-30 HTTP/1.1" 200 413
101.83.144.49 - - [30/May/2024:11:41:39 +0800] "GET /xingrg/javascript/auto/indicator.gif HTTP/1.1" 404 1066
124.78.152.34 - - [30/May/2024:11:41:44 +0800] "GET /xingrg/kc/base/wldb_order_operate.html?command=get_materiel&rest_code=00106&base_code=0010397&code=00102002022 HTTP/1.1" 200 472
114.83.220.212 - - [30/May/2024:11:41:53 +0800] "GET /xingrg/all/function/internal_message.html?_=1717040512944&CODE_STATE=getMsg HTTP/1.1" 200 27
114.83.220.212 - - [30/May/2024:11:41:53 +0800] "GET /xingrg/check_reg.html?_=1717040512946 HTTP/1.1" 200 22
124.78.152.34 - - [30/May/2024:11:41:53 +0800] "GET /xingrg/kc/base/wldb_order_operate.html?command=get_materiel&rest_code=00106&base_code=0010397&code=00102004006 HTTP/1.1" 200 442
116.232.195.13 - - [30/May/2024:11:41:55 +0800] "GET /xingrg/check_reg.html?_=1717040458409 HTTP/1.1" 200 22
116.232.195.13 - - [30/May/2024:11:42:02 +0800] "GET /xingrg/all/function/internal_message.html?_=1717040465203&CODE_STATE=getMsg HTTP/1.1" 200 27
124.78.152.34 - - [30/May/2024:11:42:03 +0800] "POST /xingrg/kc/base/wldb_order_operate.html HTTP/1.1" 200 37
124.78.152.34 - - [30/May/2024:11:42:03 +0800] "POST /xingrg/kc/base/wldb_order_operate.html HTTP/1.1" 200 3659
101.83.144.49 - - [30/May/2024:11:42:04 +0800] "GET /xingrg/check_reg.html?_=1717040265403 HTTP/1.1" 200 22
101.83.144.49 - - [30/May/2024:11:42:04 +0800] "GET /xingrg/all/function/internal_message.html?_=1717040265407&CODE_STATE=getMsg HTTP/1.1" 200 27
120.253.135.82 - - [30/May/2024:11:42:05 +0800] "GET /xingrg/check_reg.html?_=1717040378181 HTTP/1.1" 200 22
124.78.152.34 - - [30/May/2024:11:42:05 +0800] "GET /xingrg/kc/base/wldb_order_info.html?code=422024053002108 HTTP/1.1" 200 30722
120.253.135.82 - - [30/May/2024:11:42:05 +0800] "GET /xingrg/all/function/internal_message.html?_=1717040378511&CODE_STATE=getMsg HTTP/1.1" 200 27
124.78.152.34 - - [30/May/2024:11:42:06 +0800] "GET /xingrg/javascript/easyui/themes/default/validatebox.css HTTP/1.1" 404 1104
124.78.152.34 - - [30/May/2024:11:42:06 +0800] "POST /xingrg/kc/base/wldb_order_operate.html HTTP/1.1" 200 3659
101.83.144.49 - - [30/May/2024:11:42:07 +0800] "GET /xingrg/kc/buy/cgsh_order_operate.html?command=get_materiel&rest_code=00105&code=00101008361&supplier_code=00100008&order_time=2024-05-30 HTTP/1.1" 200 408
222.67.233.39 - - [30/May/2024:11:42:07 +0800] "GET /xingrg/kc/buy/cgsh_order_operate.html?command=get_materiel&rest_code=00141&code=00101003085&supplier_code=00100151&order_time=2024-05-30 HTTP/1.1" 200 416
101.83.144.49 - - [30/May/2024:11:42:08 +0800] "GET /xingrg/all/function/internal_message.html?_=1717040528179&CODE_STATE=getMsg HTTP/1.1" 200 27
180.156.239.18 - - [30/May/2024:11:42:11 +0800] "GET /xingrg/all/function/internal_message.html?_=1717040531098&CODE_STATE=getMsg HTTP/1.1" 200 27
101.83.144.49 - - [30/May/2024:11:42:15 +0800] "GET /xingrg/kc/buy/cgsh_order_operate.html?command=get_materiel&rest_code=00105&code=00101008210&supplier_code=00100151&order_time=2024-05-30 HTTP/1.1" 200 408
101.83.144.49 - - [30/May/2024:11:42:19 +0800] "GET /xingrg/javascript/jquery_easy_ui/themes/default/images/tabs_active.png HTTP/1.1" 304 -
124.78.152.34 - - [30/May/2024:11:42:19 +0800] "GET /xingrg/all/function/internal_message.html?_=1717040531935&CODE_STATE=getMsg HTTP/1.1" 200 27
101.83.144.49 - - [30/May/2024:11:42:24 +0800] "GET /xingrg/kc/buy/cgsh_order_operate.html?command=get_materiel&rest_code=00105&code=00101008137&supplier_code=00100008&order_time=2024-05-30 HTTP/1.1" 200 408
222.67.233.39 - - [30/May/2024:11:42:29 +0800] "GET /xingrg/all/function/internal_message.html?_=1717040549940&CODE_STATE=getMsg HTTP/1.1" 200 27
222.67.233.39 - - [30/May/2024:11:42:33 +0800] "GET /xingrg/kc/buy/cgsh_order_operate.html?command=get_materiel&rest_code=00141&code=00101020087&supplier_code=00100151&order_time=2024-05-30 HTTP/1.1" 200 409
124.78.152.34 - - [30/May/2024:11:42:42 +0800] "GET /xingrg/kc/base/wldb_order_add.html HTTP/1.1" 200 30707
124.78.152.34 - - [30/May/2024:11:42:43 +0800] "POST /xingrg/kc/base/wldb_order_operate.html HTTP/1.1" 200 6806
124.78.152.34 - - [30/May/2024:11:42:43 +0800] "GET /xingrg/javascript/easyui/themes/default/validatebox.css HTTP/1.1" 404 1104
101.83.144.49 - - [30/May/2024:11:42:44 +0800] "POST /xingrg/kc/buy/cgsh_order_operate.html HTTP/1.1" 200 37
124.78.152.34 - - [30/May/2024:11:42:45 +0800] "POST /xingrg/all/common/load_combo.html?type=base HTTP/1.1" 200 3227
124.78.152.34 - - [30/May/2024:11:42:50 +0800] "POST /xingrg/all/common/load_combo.html?type=base HTTP/1.1" 200 3227
114.83.220.212 - - [30/May/2024:11:42:53 +0800] "GET /xingrg/all/function/internal_message.html?_=1717040572952&CODE_STATE=getMsg HTTP/1.1" 200 27
101.83.144.49 - - [30/May/2024:11:42:53 +0800] "POST /xingrg/kc/buy/cgsh_order_operate.html HTTP/1.1" 200 2657
101.83.144.49 - - [30/May/2024:11:42:58 +0800] "GET /xingrg/kc/print/load_config.html?kc_code=cgsh HTTP/1.1" 200 1927
101.83.144.49 - - [30/May/2024:11:42:58 +0800] "GET /xingrg/kc/print/load_data.html?order_code=212024053009019&kc_code=cgsh&condition= HTTP/1.1" 200 645
116.232.195.13 - - [30/May/2024:11:43:02 +0800] "GET /xingrg/all/function/internal_message.html?_=1717040525198&CODE_STATE=getMsg HTTP/1.1" 200 27
101.83.144.49 - - [30/May/2024:11:43:04 +0800] "GET /xingrg/all/function/internal_message.html?_=1717040325456&CODE_STATE=getMsg HTTP/1.1" 200 27
120.253.135.82 - - [30/May/2024:11:43:05 +0800] "GET /xingrg/all/function/internal_message.html?_=1717040438526&CODE_STATE=getMsg HTTP/1.1" 200 27
101.83.144.49 - - [30/May/2024:11:43:08 +0800] "GET /xingrg/all/function/internal_message.html?_=1717040588154&CODE_STATE=getMsg HTTP/1.1" 200 27
101.83.144.49 - - [30/May/2024:11:43:08 +0800] "GET /xingrg/kc/buy/cgsh_order_operate.html?command=get_materiel&rest_code=00105&code=00101008213&supplier_code=00100008&order_time=2024-05-30 HTTP/1.1" 200 412
180.156.239.18 - - [30/May/2024:11:43:11 +0800] "GET /xingrg/all/function/internal_message.html?_=1717040591113&CODE_STATE=getMsg HTTP/1.1" 200 27
124.78.152.34 - - [30/May/2024:11:43:11 +0800] "POST /xingrg/kc/base/wldb_order_operate.html HTTP/1.1" 200 37
124.78.152.34 - - [30/May/2024:11:43:12 +0800] "POST /xingrg/kc/base/wldb_order_operate.html HTTP/1.1" 200 2189
124.78.152.34 - - [30/May/2024:11:43:21 +0800] "GET /xingrg/kc/base/wldb_order_info.html?code=422024053002109 HTTP/1.1" 200 30721
124.78.152.34 - - [30/May/2024:11:43:22 +0800] "GET /xingrg/javascript/easyui/themes/default/validatebox.css HTTP/1.1" 404 1104
124.78.152.34 - - [30/May/2024:11:43:22 +0800] "POST /xingrg/kc/base/wldb_order_operate.html HTTP/1.1" 200 2189
124.78.152.34 - - [30/May/2024:11:43:28 +0800] "POST /xingrg/kc/base/wldb_list_operate.html HTTP/1.1" 200 3747
124.78.152.34 - - [30/May/2024:11:43:29 +0800] "POST /xingrg/kc/base/wldb_list_operate.html HTTP/1.1" 200 200
222.67.233.39 - - [30/May/2024:11:43:29 +0800] "GET /xingrg/all/function/internal_message.html?_=1717040609935&CODE_STATE=getMsg HTTP/1.1" 200 27
222.67.233.39 - - [30/May/2024:11:43:29 +0800] "GET /xingrg/check_reg.html?_=1717040609941 HTTP/1.1" 200 22
101.83.144.49 - - [30/May/2024:11:43:32 +0800] "GET /xingrg/kc/buy/cgsh_order_operate.html?command=get_materiel&rest_code=00105&code=00101008201&supplier_code=00100008&order_time=2024-05-30 HTTP/1.1" 200 412
124.78.152.34 - - [30/May/2024:11:43:34 +0800] "POST /xingrg/kc/base/wldb_list_operate.html HTTP/1.1" 200 445
114.83.220.212 - - [30/May/2024:11:43:53 +0800] "GET /xingrg/all/function/internal_message.html?_=1717040632939&CODE_STATE=getMsg HTTP/1.1" 200 27
101.83.144.49 - - [30/May/2024:11:43:57 +0800] "GET /xingrg/kc/buy/cgsh_order_operate.html?command=get_materiel&rest_code=00105&code=00101008118&supplier_code=00100008&order_time=2024-05-30 HTTP/1.1" 200 418
101.83.144.49 - - [30/May/2024:11:44:01 +0800] "POST /xingrg/kc/buy/cgsh_order_operate.html HTTP/1.1" 200 2065
116.232.195.13 - - [30/May/2024:11:44:01 +0800] "GET /xingrg/all/function/internal_message.html?_=1717040585187&CODE_STATE=getMsg HTTP/1.1" 200 27
101.83.144.49 - - [30/May/2024:11:44:04 +0800] "GET /xingrg/all/function/internal_message.html?_=1717040385429&CODE_STATE=getMsg HTTP/1.1" 200 27
120.253.135.82 - - [30/May/2024:11:44:05 +0800] "GET /xingrg/all/function/internal_message.html?_=1717040498538&CODE_STATE=getMsg HTTP/1.1" 200 27
101.83.144.49 - - [30/May/2024:11:44:08 +0800] "GET /xingrg/all/function/internal_message.html?_=1717040648134&CODE_STATE=getMsg HTTP/1.1" 200 27
124.79.78.120 - - [30/May/2024:11:44:09 +0800] "GET /xingrg/check_reg.html?_=1717040655718 HTTP/1.1" 302 -
180.156.239.18 - - [30/May/2024:11:44:11 +0800] "GET /xingrg/all/function/internal_message.html?_=1717040651108&CODE_STATE=getMsg HTTP/1.1" 200 27
101.83.144.49 - - [30/May/2024:11:44:12 +0800] "GET /xingrg/kc/buy/cgsh_order_operate.html?command=get_materiel&rest_code=00105&code=00101008261&supplier_code=00100008&order_time=2024-05-30 HTTP/1.1" 200 408
124.78.152.34 - - [30/May/2024:11:44:19 +0800] "GET /xingrg/all/function/internal_message.html?_=1717040651947&CODE_STATE=getMsg HTTP/1.1" 200 27
222.70.182.146 - - [30/May/2024:11:44:27 +0800] "GET /xingrg/check_reg.html?_=1717040663360 HTTP/1.1" 302 -
101.83.144.49 - - [30/May/2024:11:44:29 +0800] "GET /xingrg/kc/buy/cgsh_order_operate.html?command=get_materiel&rest_code=00105&code=00101008357&supplier_code=00100008&order_time=2024-05-30 HTTP/1.1" 200 408
222.67.233.39 - - [30/May/2024:11:44:29 +0800] "GET /xingrg/all/function/internal_message.html?_=1717040669921&CODE_STATE=getMsg HTTP/1.1" 200 27
101.83.144.49 - - [30/May/2024:11:44:47 +0800] "GET /xingrg/kc/buy/cgsh_order_operate.html?command=get_materiel&rest_code=00105&code=00101008210&supplier_code=00100008&order_time=2024-05-30 HTTP/1.1" 200 408
114.83.220.212 - - [30/May/2024:11:44:53 +0800] "GET /xingrg/all/function/internal_message.html?_=1717040692943&CODE_STATE=getMsg HTTP/1.1" 200 27
116.232.195.13 - - [30/May/2024:11:45:02 +0800] "GET /xingrg/all/function/internal_message.html?_=1717040645200&CODE_STATE=getMsg HTTP/1.1" 200 27
101.83.144.49 - - [30/May/2024:11:45:04 +0800] "GET /xingrg/all/function/internal_message.html?_=1717040445399&CODE_STATE=getMsg HTTP/1.1" 200 27
120.253.135.82 - - [30/May/2024:11:45:05 +0800] "GET /xingrg/all/function/internal_message.html?_=1717040558564&CODE_STATE=getMsg HTTP/1.1" 200 27
101.83.144.49 - - [30/May/2024:11:45:08 +0800] "GET /xingrg/all/function/internal_message.html?_=1717040708125&CODE_STATE=getMsg HTTP/1.1" 200 27
180.156.239.18 - - [30/May/2024:11:45:11 +0800] "GET /xingrg/all/function/internal_message.html?_=1717040711110&CODE_STATE=getMsg HTTP/1.1" 200 27
180.156.239.18 - - [30/May/2024:11:45:11 +0800] "GET /xingrg/check_reg.html?_=1717040711113 HTTP/1.1" 200 22
101.83.144.49 - - [30/May/2024:11:45:12 +0800] "GET /xingrg/kc/buy/cgsh_order_operate.html?command=get_materiel&rest_code=00105&code=00101008359&supplier_code=00100008&order_time=2024-05-30 HTTP/1.1" 200 408
116.232.195.13 - - [30/May/2024:11:45:18 +0800] "GET /xingrg/kc/buy/cgsh_order_operate.html?command=get_materiel&rest_code=00155&code=00101008137&supplier_code=00100005&order_time=2024-05-30 HTTP/1.1" 200 408
124.78.152.34 - - [30/May/2024:11:45:19 +0800] "GET /xingrg/all/function/internal_message.html?_=1717040711933&CODE_STATE=getMsg HTTP/1.1" 200 27
124.78.152.34 - - [30/May/2024:11:45:19 +0800] "GET /xingrg/check_reg.html?_=1717040711954 HTTP/1.1" 200 22
222.67.233.39 - - [30/May/2024:11:45:29 +0800] "GET /xingrg/kc/buy/cgsh_order_operate.html?command=get_materiel&rest_code=00141&code=00101015054&supplier_code=00100151&order_time=2024-05-30 HTTP/1.1" 200 405
222.67.233.39 - - [30/May/2024:11:45:29 +0800] "GET /xingrg/all/function/internal_message.html?_=1717040729921&CODE_STATE=getMsg HTTP/1.1" 200 27
116.232.195.13 - - [30/May/2024:11:45:30 +0800] "GET /xingrg/kc/buy/cgsh_order_operate.html?command=get_materiel&rest_code=00155&code=00101008694&supplier_code=00100005&order_time=2024-05-30 HTTP/1.1" 200 420
101.83.144.49 - - [30/May/2024:11:45:37 +0800] "GET /xingrg/kc/buy/cgsh_order_operate.html?command=get_materiel&rest_code=00105&code=00101008169&supplier_code=00100008&order_time=2024-05-30 HTTP/1.1" 200 412
101.83.144.49 - - [30/May/2024:11:45:42 +0800] "POST /xingrg/kc/buy/cgsh_order_operate.html HTTP/1.1" 200 2065
116.232.195.13 - - [30/May/2024:11:45:43 +0800] "GET /xingrg/kc/buy/cgsh_order_operate.html?command=get_materiel&rest_code=00155&code=00101008298&supplier_code=00100005&order_time=2024-05-30 HTTP/1.1" 200 412
114.83.220.212 - - [30/May/2024:11:45:53 +0800] "GET /xingrg/all/function/internal_message.html?_=1717040752945&CODE_STATE=getMsg HTTP/1.1" 200 27
101.83.144.49 - - [30/May/2024:11:45:56 +0800] "GET /xingrg/kc/buy/cgsh_order_operate.html?command=get_materiel&rest_code=00105&code=00101008027&supplier_code=00100008&order_time=2024-05-30 HTTP/1.1" 200 408
116.232.195.13 - - [30/May/2024:11:46:01 +0800] "GET /xingrg/kc/buy/cgsh_order_operate.html?command=get_materiel&rest_code=00155&code=00101016090&supplier_code=00100005&order_time=2024-05-30 HTTP/1.1" 200 409
222.69.134.193 - - [30/May/2024:11:46:01 +0800] "GET /xingrg/check_reg.html?_=1717040763867 HTTP/1.1" 302 -
116.232.195.13 - - [30/May/2024:11:46:01 +0800] "GET /xingrg/all/function/internal_message.html?_=1717040705190&CODE_STATE=getMsg HTTP/1.1" 200 27
116.232.195.13 - - [30/May/2024:11:46:02 +0800] "GET /xingrg/check_reg.html?_=1717040705194 HTTP/1.1" 200 22
101.83.144.49 - - [30/May/2024:11:46:04 +0800] "GET /xingrg/all/function/internal_message.html?_=1717040505406&CODE_STATE=getMsg HTTP/1.1" 200 27
120.253.135.82 - - [30/May/2024:11:46:05 +0800] "GET /xingrg/all/function/internal_message.html?_=1717040618581&CODE_STATE=getMsg HTTP/1.1" 200 27
101.83.144.49 - - [30/May/2024:11:46:08 +0800] "GET /xingrg/check_reg.html?_=1717040768129 HTTP/1.1" 200 22
101.83.144.49 - - [30/May/2024:11:46:08 +0800] "GET /xingrg/all/function/internal_message.html?_=1717040768133&CODE_STATE=getMsg HTTP/1.1" 200 27
180.156.239.18 - - [30/May/2024:11:46:11 +0800] "GET /xingrg/all/function/internal_message.html?_=1717040771105&CODE_STATE=getMsg HTTP/1.1" 200 27
116.232.195.13 - - [30/May/2024:11:46:16 +0800] "GET /xingrg/kc/buy/cgsh_order_operate.html?command=get_materiel&rest_code=00155&code=00101008091&supplier_code=00100005&order_time=2024-05-30 HTTP/1.1" 200 413
124.78.152.34 - - [30/May/2024:11:46:19 +0800] "GET /xingrg/all/function/internal_message.html?_=1717040771911&CODE_STATE=getMsg HTTP/1.1" 200 27
101.83.144.49 - - [30/May/2024:11:46:20 +0800] "POST /xingrg/kc/buy/cgsh_order_operate.html HTTP/1.1" 200 37
101.83.144.49 - - [30/May/2024:11:46:22 +0800] "POST /xingrg/kc/buy/cgsh_order_operate.html HTTP/1.1" 200 34558
222.67.233.39 - - [30/May/2024:11:46:29 +0800] "GET /xingrg/all/function/internal_message.html?_=1717040789934&CODE_STATE=getMsg HTTP/1.1" 200 27
114.83.220.212 - - [30/May/2024:11:46:53 +0800] "GET /xingrg/all/function/internal_message.html?_=1717040812946&CODE_STATE=getMsg HTTP/1.1" 200 27
114.83.220.212 - - [30/May/2024:11:46:53 +0800] "GET /xingrg/check_reg.html?_=1717040812949 HTTP/1.1" 200 22
180.164.6.225 - - [30/May/2024:11:46:53 +0800] "POST /xingrg/services/DataTransmitService HTTP/1.1" 200 524
180.164.6.225 - - [30/May/2024:11:46:54 +0800] "POST /xingrg/services/DataTransmitService HTTP/1.1" 200 412
116.232.195.13 - - [30/May/2024:11:46:55 +0800] "GET /xingrg/check_reg.html?_=1717040758403 HTTP/1.1" 200 22
116.232.195.13 - - [30/May/2024:11:47:01 +0800] "GET /xingrg/all/function/internal_message.html?_=1717040765187&CODE_STATE=getMsg HTTP/1.1" 200 27
101.83.144.49 - - [30/May/2024:11:47:04 +0800] "GET /xingrg/check_reg.html?_=1717040565401 HTTP/1.1" 200 22
101.83.144.49 - - [30/May/2024:11:47:04 +0800] "GET /xingrg/all/function/internal_message.html?_=1717040565405&CODE_STATE=getMsg HTTP/1.1" 200 27
101.83.144.49 - - [30/May/2024:11:47:04 +0800] "POST /xingrg/kc/buy/cgsh_order_operate.html HTTP/1.1" 200 37
120.253.135.82 - - [30/May/2024:11:47:05 +0800] "GET /xingrg/check_reg.html?_=1717040678214 HTTP/1.1" 200 22
120.253.135.82 - - [30/May/2024:11:47:05 +0800] "GET /xingrg/all/function/internal_message.html?_=1717040678595&CODE_STATE=getMsg HTTP/1.1" 200 27
101.83.144.49 - - [30/May/2024:11:47:08 +0800] "GET /xingrg/all/function/internal_message.html?_=1717040828133&CODE_STATE=getMsg HTTP/1.1" 200 27
101.83.144.49 - - [30/May/2024:11:47:09 +0800] "POST /xingrg/kc/buy/cgsh_order_operate.html HTTP/1.1" 200 34558
180.156.239.18 - - [30/May/2024:11:47:11 +0800] "GET /xingrg/all/function/internal_message.html?_=1717040831119&CODE_STATE=getMsg HTTP/1.1" 200 27
124.78.152.34 - - [30/May/2024:11:47:19 +0800] "GET /xingrg/all/function/internal_message.html?_=1717040831894&CODE_STATE=getMsg HTTP/1.1" 200 27
222.67.233.39 - - [30/May/2024:11:47:29 +0800] "GET /xingrg/all/function/internal_message.html?_=1717040849931&CODE_STATE=getMsg HTTP/1.1" 200 27
124.79.78.120 - - [30/May/2024:11:47:48 +0800] "GET /xingrg/logout.do HTTP/1.1" 302 -
124.79.78.120 - - [30/May/2024:11:47:48 +0800] "GET /xingrg/login.html HTTP/1.1" 200 7641
114.83.220.212 - - [30/May/2024:11:47:53 +0800] "GET /xingrg/all/function/internal_message.html?_=1717040872960&CODE_STATE=getMsg HTTP/1.1" 200 27
124.79.78.120 - - [30/May/2024:11:47:53 +0800] "POST /xingrg/login.do HTTP/1.1" 302 -
124.79.78.120 - - [30/May/2024:11:47:53 +0800] "GET /xingrg/index.html?sysBaseUrl=http%3A%2F%2F180.169.147.146%3A18081%2Fxingrg%2F&costTime=13×tamp=1717040873795 HTTP/1.1" 200 17179
124.79.78.120 - - [30/May/2024:11:47:53 +0800] "POST /xingrg/all/common/load_tree.html?tree=area_rest_tree_json&manage=1 HTTP/1.1" 200 351
124.79.78.120 - - [30/May/2024:11:47:53 +0800] "GET /xingrg/check_reg.html?_=1717040879982 HTTP/1.1" 200 22
124.79.78.120 - - [30/May/2024:11:47:53 +0800] "GET /xingrg/all/function/internal_message.html?_=1717040879982&CODE_STATE=count HTTP/1.1" 200 11
124.79.78.120 - - [30/May/2024:11:47:53 +0800] "POST /xingrg/load_menu.html HTTP/1.1" 200 5138
124.79.78.120 - - [30/May/2024:11:47:55 +0800] "GET /xingrg/kc/buy/buy_main.html HTTP/1.1" 200 12412
124.79.78.120 - - [30/May/2024:11:47:55 +0800] "GET /xingrg/css/new_ie.css HTTP/1.1" 404 1036
124.79.78.120 - - [30/May/2024:11:47:56 +0800] "GET /xingrg/images/yd/bt.gif HTTP/1.1" 404 1040
124.79.78.120 - - [30/May/2024:11:47:56 +0800] "GET /xingrg/kc/buy/cgsh_order_list.html HTTP/1.1" 200 58934
114.83.220.212 - - [30/May/2024:11:48:00 +0800] "POST /xingrg/dwr/call/plaincall/AjaxReportQueryService.refreshCache.dwr HTTP/1.1" 200 78
124.79.78.120 - - [30/May/2024:11:48:01 +0800] "POST /xingrg/kc/buy/cgsh_list_operate.html HTTP/1.1" 200 1676
116.232.195.13 - - [30/May/2024:11:48:02 +0800] "GET /xingrg/all/function/internal_message.html?_=1717040825205&CODE_STATE=getMsg HTTP/1.1" 200 27
114.83.220.212 - - [30/May/2024:11:48:02 +0800] "POST /xingrg/all/report/load_report_page.html HTTP/1.1" 200 100726
114.83.220.212 - - [30/May/2024:11:48:02 +0800] "GET /xingrg/servlets/image?cache=0.24857251875220265&image=px HTTP/1.1" 200 807
114.83.220.212 - - [30/May/2024:11:48:04 +0800] "POST /xingrg/all/report/report_print.html HTTP/1.1" 302 -
114.83.220.212 - - [30/May/2024:11:48:04 +0800] "GET /xingrg/servlets/html?sysBaseUrl=http%3A%2F%2F180.169.147.146%3A18081%2Fxingrg%2F&costTime=182×tamp=1717040884019 HTTP/1.1" 200 95985
114.83.220.212 - - [30/May/2024:11:48:04 +0800] "GET /xingrg/servlets/image?image=px HTTP/1.1" 200 807
114.83.220.212 - - [30/May/2024:11:48:04 +0800] "GET /favicon.ico HTTP/1.1" 404 -
101.83.144.49 - - [30/May/2024:11:48:04 +0800] "GET /xingrg/all/function/internal_message.html?_=1717040625396&CODE_STATE=getMsg HTTP/1.1" 200 27
120.253.135.82 - - [30/May/2024:11:48:05 +0800] "GET /xingrg/all/function/internal_message.html?_=1717040738609&CODE_STATE=getMsg HTTP/1.1" 200 27
101.83.144.49 - - [30/May/2024:11:48:08 +0800] "GET /xingrg/all/function/internal_message.html?_=1717040888120&CODE_STATE=getMsg HTTP/1.1" 200 27
180.156.239.18 - - [30/May/2024:11:48:11 +0800] "GET /xingrg/all/function/internal_message.html?_=1717040891119&CODE_STATE=getMsg HTTP/1.1" 200 27
124.78.152.34 - - [30/May/2024:11:48:19 +0800] "GET /xingrg/all/function/internal_message.html?_=1717040891867&CODE_STATE=getMsg HTTP/1.1" 200 27
114.83.220.212 - - [30/May/2024:11:48:21 +0800] "POST /xingrg/kc/base/check_list_operate.html HTTP/1.1" 200 1557
114.83.220.212 - - [30/May/2024:11:48:22 +0800] "GET /xingrg/kc/base/check_order_info.html?code=452024053000162 HTTP/1.1" 200 26513
114.83.220.212 - - [30/May/2024:11:48:22 +0800] "GET /xingrg/dwr/interface/AjaxComOrderService.js HTTP/1.1" 200 18264
114.83.220.212 - - [30/May/2024:11:48:22 +0800] "GET /xingrg/dwr/interface/AjaxCheckService.js HTTP/1.1" 200 14003
114.83.220.212 - - [30/May/2024:11:48:22 +0800] "GET /xingrg/dwr/engine.js HTTP/1.1" 200 43631
114.83.220.212 - - [30/May/2024:11:48:22 +0800] "GET /xingrg/dwr/util.js HTTP/1.1" 304 -
114.83.220.212 - - [30/May/2024:11:48:22 +0800] "POST /xingrg/dwr/call/plaincall/AjaxCheckService.loadOrderItems.dwr HTTP/1.1" 200 34377
222.67.233.39 - - [30/May/2024:11:48:29 +0800] "GET /xingrg/all/function/internal_message.html?_=1717040909932&CODE_STATE=getMsg HTTP/1.1" 200 27
222.67.233.39 - - [30/May/2024:11:48:29 +0800] "GET /xingrg/check_reg.html?_=1717040909943 HTTP/1.1" 200 22
114.83.220.212 - - [30/May/2024:11:48:39 +0800] "POST /xingrg/dwr/call/plaincall/AjaxCheckService.saveOrder.dwr HTTP/1.1" 200 78
114.83.220.212 - - [30/May/2024:11:48:40 +0800] "POST /xingrg/dwr/call/plaincall/AjaxCheckService.loadOrderItems.dwr HTTP/1.1" 200 34377
114.83.220.212 - - [30/May/2024:11:48:43 +0800] "POST /xingrg/kc/report/common_data.html?type=materiel_category_tree HTTP/1.1" 200 4017
114.83.220.212 - - [30/May/2024:11:48:49 +0800] "POST /xingrg/dwr/call/plaincall/AjaxCheckService.importOrderItems.dwr HTTP/1.1" 200 78
114.83.220.212 - - [30/May/2024:11:48:50 +0800] "POST /xingrg/dwr/call/plaincall/AjaxCheckService.loadOrderItems.dwr HTTP/1.1" 200 47765
114.83.220.212 - - [30/May/2024:11:48:53 +0800] "GET /xingrg/all/function/internal_message.html?_=1717040932952&CODE_STATE=getMsg HTTP/1.1" 200 27
124.79.78.120 - - [30/May/2024:11:48:53 +0800] "GET /xingrg/all/function/internal_message.html?_=1717040939996&CODE_STATE=getMsg HTTP/1.1" 200 27
114.83.220.212 - - [30/May/2024:11:48:54 +0800] "GET /xingrg/kc/print/load_config.html?_=1717040933782&kc_code=check HTTP/1.1" 200 2488
114.83.220.212 - - [30/May/2024:11:48:54 +0800] "GET /xingrg/kc/print/load_data.html?_=1717040933837&order_code=452024053000162&kc_code=check&condition= HTTP/1.1" 200 12713
116.232.195.13 - - [30/May/2024:11:49:02 +0800] "GET /xingrg/all/function/internal_message.html?_=1717040885207&CODE_STATE=getMsg HTTP/1.1" 200 27
101.83.144.49 - - [30/May/2024:11:49:04 +0800] "GET /xingrg/all/function/internal_message.html?_=1717040685395&CODE_STATE=getMsg HTTP/1.1" 200 27
120.253.135.82 - - [30/May/2024:11:49:05 +0800] "GET /xingrg/all/function/internal_message.html?_=1717040798622&CODE_STATE=getMsg HTTP/1.1" 200 27
101.83.144.49 - - [30/May/2024:11:49:08 +0800] "GET /xingrg/all/function/internal_message.html?_=1717040948122&CODE_STATE=getMsg HTTP/1.1" 200 27
124.79.78.120 - - [30/May/2024:11:49:08 +0800] "GET /xingrg/kc/buy/cgsh_order_add.html HTTP/1.1" 200 74820
124.79.78.120 - - [30/May/2024:11:49:08 +0800] "GET /xingrg/words/20240530100417_words.js HTTP/1.1" 200 1029392
124.79.78.120 - - [30/May/2024:11:49:09 +0800] "POST /xingrg/kc/buy/cgsh_order_operate.html HTTP/1.1" 200 8245
124.79.78.120 - - [30/May/2024:11:49:09 +0800] "GET /xingrg/javascript/easyui/themes/default/validatebox.css HTTP/1.1" 404 1104
124.79.78.120 - - [30/May/2024:11:49:09 +0800] "GET /xingrg/all/common/auto_word.html?type=employee&rest_code=00156 HTTP/1.1" 200 47
124.79.78.120 - - [30/May/2024:11:49:09 +0800] "GET /xingrg/all/common/auto_word.html?type=employee&rest_code=00156 HTTP/1.1" 200 47
114.83.220.212 - - [30/May/2024:11:49:11 +0800] "GET /xingrg/kc/mdqp/pssh_order_list.html HTTP/1.1" 200 18250
180.156.239.18 - - [30/May/2024:11:49:11 +0800] "GET /xingrg/all/function/internal_message.html?_=1717040951110&CODE_STATE=getMsg HTTP/1.1" 200 27
114.83.220.212 - - [30/May/2024:11:49:11 +0800] "POST /xingrg/kc/mdqp/pssh_list_operate.html HTTP/1.1" 200 5460
124.78.152.34 - - [30/May/2024:11:49:19 +0800] "GET /xingrg/all/function/internal_message.html?_=1717040951838&CODE_STATE=getMsg HTTP/1.1" 200 27
124.79.78.120 - - [30/May/2024:11:49:24 +0800] "GET /xingrg/javascript/auto/indicator.gif HTTP/1.1" 404 1066
222.70.182.146 - - [30/May/2024:11:49:27 +0800] "GET /xingrg/check_reg.html?_=1717040963369 HTTP/1.1" 302 -
