124.78.152.34 - - [30/May/2024:12:36:44 +0800] "POST /xingrg/kc/buy/cgsh_list_operate.html HTTP/1.1" 200 645
180.164.6.225 - - [30/May/2024:12:36:44 +0800] "GET /xingrg/check_reg.html?_=1717043803509 HTTP/1.1" 200 22
180.164.6.225 - - [30/May/2024:12:36:44 +0800] "GET /xingrg/all/function/internal_message.html?_=1717043803509&CODE_STATE=count HTTP/1.1" 200 11
180.164.6.225 - - [30/May/2024:12:36:44 +0800] "POST /xingrg/load_menu.html HTTP/1.1" 200 5138
180.169.147.146 - - [30/May/2024:12:36:44 +0800] "POST /xingrg/kc/buy/cgsh_order_operate.html HTTP/1.1" 200 16348
222.70.182.146 - - [30/May/2024:12:36:45 +0800] "GET /xingrg/all/function/internal_message.html?_=1717043800491&CODE_STATE=getMsg HTTP/1.1" 200 27
116.235.94.80 - - [30/May/2024:12:36:45 +0800] "GET /xingrg/all/function/internal_message.html?_=1717043849784&CODE_STATE=getMsg HTTP/1.1" 200 27
116.235.94.80 - - [30/May/2024:12:36:45 +0800] "GET /xingrg/check_reg.html?_=1717043849785 HTTP/1.1" 200 22
180.164.6.225 - - [30/May/2024:12:36:46 +0800] "GET /xingrg/kc/buy/cgsh_order_list.html HTTP/1.1" 200 58938
124.78.152.34 - - [30/May/2024:12:36:47 +0800] "GET /xingrg/kc/buy/cgsh_order_add.html HTTP/1.1" 200 74735
124.78.152.34 - - [30/May/2024:12:36:47 +0800] "GET /xingrg/words/20240530123556_words.js HTTP/1.1" 200 1029702
124.78.152.34 - - [30/May/2024:12:36:47 +0800] "GET /xingrg/javascript/easyui/themes/icons/copy_new.png HTTP/1.1" 304 -
124.78.152.34 - - [30/May/2024:12:36:47 +0800] "POST /xingrg/kc/buy/cgsh_order_operate.html HTTP/1.1" 200 8245
124.78.152.34 - - [30/May/2024:12:36:47 +0800] "GET /xingrg/all/common/auto_word.html?type=employee&rest_code=00106 HTTP/1.1" 200 205
124.78.152.34 - - [30/May/2024:12:36:47 +0800] "GET /xingrg/javascript/easyui/themes/default/validatebox.css HTTP/1.1" 404 1104
124.78.152.34 - - [30/May/2024:12:36:47 +0800] "GET /xingrg/all/common/auto_word.html?type=employee&rest_code=00106 HTTP/1.1" 200 205
124.78.152.34 - - [30/May/2024:12:36:49 +0800] "GET /xingrg/javascript/easyui/themes/default/tree.css HTTP/1.1" 404 1090
124.78.152.34 - - [30/May/2024:12:36:49 +0800] "POST /xingrg/all/common/load_tree.html?tree=supplier_tree_json&isDelete=1 HTTP/1.1" 200 80320
124.78.152.34 - - [30/May/2024:12:36:50 +0800] "GET /xingrg/javascript/easyui/themes/default/images/tree_arrows.gif HTTP/1.1" 200 617
124.78.152.34 - - [30/May/2024:12:36:50 +0800] "GET /xingrg/javascript/easyui/themes/default/images/tree_folder_open.gif HTTP/1.1" 200 956
124.78.152.34 - - [30/May/2024:12:36:50 +0800] "GET /xingrg/javascript/easyui/themes/default/images/tree_file.gif HTTP/1.1" 200 118
124.78.152.34 - - [30/May/2024:12:36:50 +0800] "GET /xingrg/javascript/easyui/themes/default/images/tree_folder.gif HTTP/1.1" 200 952
114.83.220.212 - - [30/May/2024:12:36:53 +0800] "GET /xingrg/check_reg.html?_=1717043813042 HTTP/1.1" 200 22
114.83.220.212 - - [30/May/2024:12:36:53 +0800] "GET /xingrg/all/function/internal_message.html?_=1717043813046&CODE_STATE=getMsg HTTP/1.1" 200 27
116.232.195.13 - - [30/May/2024:12:36:55 +0800] "GET /xingrg/check_reg.html?_=1717043758408 HTTP/1.1" 200 22
180.164.6.225 - - [30/May/2024:12:36:57 +0800] "POST /xingrg/kc/buy/cgsh_list_operate.html HTTP/1.1" 200 2595
222.67.233.39 - - [30/May/2024:12:37:01 +0800] "GET /xingrg/all/function/internal_message.html?_=1717043817456&CODE_STATE=getMsg HTTP/1.1" 200 27
116.232.195.13 - - [30/May/2024:12:37:02 +0800] "GET /xingrg/all/function/internal_message.html?_=1717043765203&CODE_STATE=getMsg HTTP/1.1" 200 27
180.164.6.225 - - [30/May/2024:12:37:02 +0800] "GET /xingrg/kc/buy/cgsh_order_add.html HTTP/1.1" 200 74833
180.164.6.225 - - [30/May/2024:12:37:02 +0800] "GET /xingrg/words/20240530123556_words.js HTTP/1.1" 200 1029702
180.164.6.225 - - [30/May/2024:12:37:03 +0800] "POST /xingrg/kc/buy/cgsh_order_operate.html HTTP/1.1" 200 8245
180.164.6.225 - - [30/May/2024:12:37:03 +0800] "GET /xingrg/javascript/easyui/themes/default/validatebox.css HTTP/1.1" 404 1104
101.83.144.49 - - [30/May/2024:12:37:04 +0800] "GET /xingrg/all/function/internal_message.html?_=1717043565483&CODE_STATE=getMsg HTTP/1.1" 200 27
101.83.144.49 - - [30/May/2024:12:37:04 +0800] "GET /xingrg/check_reg.html?_=1717043565486 HTTP/1.1" 200 22
180.164.6.225 - - [30/May/2024:12:37:06 +0800] "GET /xingrg/javascript/auto/indicator.gif HTTP/1.1" 404 1066
124.78.152.34 - - [30/May/2024:12:37:06 +0800] "GET /xingrg/javascript/auto/indicator.gif HTTP/1.1" 404 1066
58.40.7.146 - - [30/May/2024:12:37:07 +0800] "GET /xingrg/all/function/internal_message.html?_=1717043827365&CODE_STATE=getMsg HTTP/1.1" 200 27
101.83.144.49 - - [30/May/2024:12:37:08 +0800] "GET /xingrg/all/function/internal_message.html?_=1717043828176&CODE_STATE=getMsg HTTP/1.1" 200 27
116.232.195.13 - - [30/May/2024:12:37:09 +0800] "GET /xingrg/all/function/internal_message.html?_=1717043773057&CODE_STATE=getMsg HTTP/1.1" 200 27
180.164.6.225 - - [30/May/2024:12:37:10 +0800] "GET /xingrg/javascript/jquery_tools/images/prev.gif HTTP/1.1" 404 1086
180.164.6.225 - - [30/May/2024:12:37:10 +0800] "GET /xingrg/javascript/jquery_tools/images/next.gif HTTP/1.1" 404 1086
180.156.239.18 - - [30/May/2024:12:37:10 +0800] "GET /xingrg/all/function/internal_message.html?_=1717043829930&CODE_STATE=getMsg HTTP/1.1" 200 27
180.156.239.18 - - [30/May/2024:12:37:10 +0800] "GET /xingrg/check_reg.html?_=1717043829980 HTTP/1.1" 200 22
124.78.152.34 - - [30/May/2024:12:37:15 +0800] "GET /xingrg/kc/buy/cgsh_order_operate.html?command=get_materiel&rest_code=00106&code=00101001037&supplier_code=00100675&order_time=2024-05-30 HTTP/1.1" 200 418
124.78.152.34 - - [30/May/2024:12:37:18 +0800] "GET /xingrg/all/function/internal_message.html?_=1717043830619&CODE_STATE=getMsg HTTP/1.1" 200 27
180.164.6.225 - - [30/May/2024:12:37:22 +0800] "GET /xingrg/kc/buy/cgsh_order_operate.html?command=get_materiel&rest_code=00108&code=00101006398&supplier_code=00100670&order_time=2024-05-30 HTTP/1.1" 200 402
124.78.152.34 - - [30/May/2024:12:37:25 +0800] "GET /xingrg/all/function/internal_message.html?_=1717043847397&CODE_STATE=getMsg HTTP/1.1" 200 27
180.169.147.146 - - [30/May/2024:12:37:27 +0800] "POST /xingrg/kc/buy/cgsh_order_operate.html HTTP/1.1" 200 37
180.169.147.146 - - [30/May/2024:12:37:29 +0800] "POST /xingrg/kc/buy/cgsh_order_operate.html HTTP/1.1" 200 9214
222.67.233.39 - - [30/May/2024:12:37:29 +0800] "GET /xingrg/all/function/internal_message.html?_=1717043849924&CODE_STATE=getMsg HTTP/1.1" 200 27
114.84.152.157 - - [30/May/2024:12:37:32 +0800] "GET /xingrg/check_reg.html?_=1717042198908 HTTP/1.1" 200 22
114.84.152.157 - - [30/May/2024:12:37:33 +0800] "GET /xingrg/all/function/internal_message.html?_=1717042198909&CODE_STATE=getMsg HTTP/1.1" 200 27
124.78.152.34 - - [30/May/2024:12:37:36 +0800] "POST /xingrg/kc/buy/cgsh_order_operate.html HTTP/1.1" 200 37
112.51.231.100 - - [30/May/2024:12:37:37 +0800] "GET /xingrg/check_reg.html?_=1717043857533 HTTP/1.1" 200 22
112.51.231.100 - - [30/May/2024:12:37:37 +0800] "GET /xingrg/all/function/internal_message.html?_=1717043857535&CODE_STATE=getMsg HTTP/1.1" 200 27
124.78.152.34 - - [30/May/2024:12:37:41 +0800] "POST /xingrg/kc/buy/cgsh_order_operate.html HTTP/1.1" 200 12
124.78.152.34 - - [30/May/2024:12:37:42 +0800] "GET /xingrg/kc/buy/cgsh_order_info.html?code=212024053009040 HTTP/1.1" 200 69600
124.78.152.34 - - [30/May/2024:12:37:43 +0800] "GET /xingrg/words/20240530123556_words.js HTTP/1.1" 304 -
124.78.152.34 - - [30/May/2024:12:37:43 +0800] "GET /xingrg/javascript/easyui/themes/default/validatebox.css HTTP/1.1" 404 1104
124.78.152.34 - - [30/May/2024:12:37:44 +0800] "POST /xingrg/kc/buy/cgsh_order_operate.html HTTP/1.1" 200 613
180.164.6.225 - - [30/May/2024:12:37:44 +0800] "GET /xingrg/all/function/internal_message.html?_=1717043863523&CODE_STATE=getMsg HTTP/1.1" 200 27
222.70.182.146 - - [30/May/2024:12:37:44 +0800] "GET /xingrg/all/function/internal_message.html?_=1717043860476&CODE_STATE=getMsg HTTP/1.1" 200 27
116.235.94.80 - - [30/May/2024:12:37:45 +0800] "GET /xingrg/all/function/internal_message.html?_=1717043909783&CODE_STATE=getMsg HTTP/1.1" 200 27
124.78.152.34 - - [30/May/2024:12:37:46 +0800] "GET /xingrg/kc/print/load_config.html?kc_code=cgsh HTTP/1.1" 200 1927
124.78.152.34 - - [30/May/2024:12:37:46 +0800] "GET /xingrg/kc/print/load_data.html?order_code=212024053009040&kc_code=cgsh&condition= HTTP/1.1" 200 690
114.83.220.212 - - [30/May/2024:12:37:53 +0800] "GET /xingrg/all/function/internal_message.html?_=1717043873028&CODE_STATE=getMsg HTTP/1.1" 200 27
124.78.152.34 - - [30/May/2024:12:37:56 +0800] "GET /xingrg/kc/buy/cgsh_order_add.html HTTP/1.1" 200 74735
124.78.152.34 - - [30/May/2024:12:37:56 +0800] "GET /xingrg/words/20240530123556_words.js HTTP/1.1" 304 -
124.78.152.34 - - [30/May/2024:12:37:56 +0800] "POST /xingrg/kc/buy/cgsh_order_operate.html HTTP/1.1" 200 8245
124.78.152.34 - - [30/May/2024:12:37:56 +0800] "GET /xingrg/javascript/easyui/themes/default/validatebox.css HTTP/1.1" 404 1104
124.78.152.34 - - [30/May/2024:12:37:58 +0800] "GET /xingrg/javascript/easyui/themes/default/tree.css HTTP/1.1" 404 1090
124.78.152.34 - - [30/May/2024:12:37:58 +0800] "POST /xingrg/all/common/load_tree.html?tree=supplier_tree_json&isDelete=1 HTTP/1.1" 200 80320
180.164.6.225 - - [30/May/2024:12:38:01 +0800] "GET /xingrg/kc/buy/cgsh_order_operate.html?command=get_materiel&rest_code=00108&code=00101006397&supplier_code=00100670&order_time=2024-05-30 HTTP/1.1" 200 402
222.67.233.39 - - [30/May/2024:12:38:01 +0800] "GET /xingrg/all/function/internal_message.html?_=1717043877455&CODE_STATE=getMsg HTTP/1.1" 200 27
116.232.195.13 - - [30/May/2024:12:38:02 +0800] "GET /xingrg/all/function/internal_message.html?_=1717043825192&CODE_STATE=getMsg HTTP/1.1" 200 27
101.83.144.49 - - [30/May/2024:12:38:04 +0800] "GET /xingrg/all/function/internal_message.html?_=1717043625471&CODE_STATE=getMsg HTTP/1.1" 200 27
58.40.7.146 - - [30/May/2024:12:38:07 +0800] "GET /xingrg/all/function/internal_message.html?_=1717043887370&CODE_STATE=getMsg HTTP/1.1" 200 27
101.83.144.49 - - [30/May/2024:12:38:08 +0800] "GET /xingrg/all/function/internal_message.html?_=1717043888178&CODE_STATE=getMsg HTTP/1.1" 200 27
116.232.195.13 - - [30/May/2024:12:38:09 +0800] "GET /xingrg/all/function/internal_message.html?_=1717043833044&CODE_STATE=getMsg HTTP/1.1" 200 27
180.156.239.18 - - [30/May/2024:12:38:10 +0800] "GET /xingrg/all/function/internal_message.html?_=1717043889916&CODE_STATE=getMsg HTTP/1.1" 200 27
180.164.6.225 - - [30/May/2024:12:38:16 +0800] "GET /xingrg/kc/buy/cgsh_order_operate.html?command=get_materiel&rest_code=00108&code=00101006396&supplier_code=00100670&order_time=2024-05-30 HTTP/1.1" 200 404
124.78.152.34 - - [30/May/2024:12:38:18 +0800] "GET /xingrg/kc/buy/cgsh_order_operate.html?command=get_materiel&rest_code=00106&code=00101001169&supplier_code=00100090&order_time=2024-05-30 HTTP/1.1" 200 415
124.78.152.34 - - [30/May/2024:12:38:18 +0800] "GET /xingrg/all/function/internal_message.html?_=1717043890592&CODE_STATE=getMsg HTTP/1.1" 200 27
180.169.147.146 - - [30/May/2024:12:38:22 +0800] "GET /xingrg/kc/buy/cgsh_order_operate.html?command=get_materiel&rest_code=00147&code=00101007061&supplier_code=00100096&order_time=2024-05-30 HTTP/1.1" 200 411
124.78.152.34 - - [30/May/2024:12:38:25 +0800] "GET /xingrg/all/function/internal_message.html?_=1717043907400&CODE_STATE=getMsg HTTP/1.1" 200 27
222.67.233.39 - - [30/May/2024:12:38:29 +0800] "GET /xingrg/check_reg.html?_=1717043909922 HTTP/1.1" 200 22
222.67.233.39 - - [30/May/2024:12:38:29 +0800] "GET /xingrg/all/function/internal_message.html?_=1717043909927&CODE_STATE=getMsg HTTP/1.1" 200 27
114.84.152.157 - - [30/May/2024:12:38:33 +0800] "GET /xingrg/all/function/internal_message.html?_=1717042258920&CODE_STATE=getMsg HTTP/1.1" 200 27
180.164.6.225 - - [30/May/2024:12:38:36 +0800] "GET /xingrg/kc/buy/cgsh_order_operate.html?command=get_materiel&rest_code=00108&code=00101006399&supplier_code=00100670&order_time=2024-05-30 HTTP/1.1" 200 402
112.51.231.100 - - [30/May/2024:12:38:37 +0800] "GET /xingrg/all/function/internal_message.html?_=1717043917533&CODE_STATE=getMsg HTTP/1.1" 200 27
180.164.6.225 - - [30/May/2024:12:38:44 +0800] "GET /xingrg/all/function/internal_message.html?_=1717043923526&CODE_STATE=getMsg HTTP/1.1" 200 27
222.70.182.146 - - [30/May/2024:12:38:44 +0800] "GET /xingrg/all/function/internal_message.html?_=1717043920446&CODE_STATE=getMsg HTTP/1.1" 200 27
116.235.94.80 - - [30/May/2024:12:38:45 +0800] "GET /xingrg/all/function/internal_message.html?_=1717043969783&CODE_STATE=getMsg HTTP/1.1" 200 27
101.83.144.49 - - [30/May/2024:12:38:45 +0800] "POST /xingrg/kc/buy/cgsh_order_operate.html HTTP/1.1" 200 37
101.83.144.49 - - [30/May/2024:12:38:48 +0800] "POST /xingrg/kc/buy/cgsh_order_operate.html HTTP/1.1" 200 34561
124.78.152.34 - - [30/May/2024:12:38:52 +0800] "GET /xingrg/kc/buy/cgsh_order_operate.html?command=get_materiel&rest_code=00106&code=00101001140&supplier_code=00100090&order_time=2024-05-30 HTTP/1.1" 200 417
114.83.220.212 - - [30/May/2024:12:38:53 +0800] "GET /xingrg/all/function/internal_message.html?_=1717043933044&CODE_STATE=getMsg HTTP/1.1" 200 27
180.164.6.225 - - [30/May/2024:12:38:54 +0800] "GET /xingrg/kc/buy/cgsh_order_operate.html?command=get_materiel&rest_code=00108&code=00102026001&supplier_code=00100670&order_time=2024-05-30 HTTP/1.1" 200 409
116.232.195.13 - - [30/May/2024:12:39:02 +0800] "GET /xingrg/all/function/internal_message.html?_=1717043885190&CODE_STATE=getMsg HTTP/1.1" 200 27
222.67.233.39 - - [30/May/2024:12:39:02 +0800] "GET /xingrg/all/function/internal_message.html?_=1717043937481&CODE_STATE=getMsg HTTP/1.1" 200 27
101.83.144.49 - - [30/May/2024:12:39:04 +0800] "GET /xingrg/all/function/internal_message.html?_=1717043685495&CODE_STATE=getMsg HTTP/1.1" 200 27
180.169.147.146 - - [30/May/2024:12:39:06 +0800] "GET /xingrg/check_reg.html?_=1717043946442 HTTP/1.1" 200 22
124.78.152.34 - - [30/May/2024:12:39:07 +0800] "POST /xingrg/kc/buy/cgsh_order_operate.html HTTP/1.1" 200 37
58.40.7.146 - - [30/May/2024:12:39:07 +0800] "GET /xingrg/all/function/internal_message.html?_=1717043947360&CODE_STATE=getMsg HTTP/1.1" 200 27
101.83.144.49 - - [30/May/2024:12:39:08 +0800] "GET /xingrg/all/function/internal_message.html?_=1717043948181&CODE_STATE=getMsg HTTP/1.1" 200 27
116.232.195.13 - - [30/May/2024:12:39:09 +0800] "GET /xingrg/all/function/internal_message.html?_=1717043893066&CODE_STATE=getMsg HTTP/1.1" 200 27
180.156.239.18 - - [30/May/2024:12:39:10 +0800] "GET /xingrg/all/function/internal_message.html?_=1717043949899&CODE_STATE=getMsg HTTP/1.1" 200 27
114.84.152.157 - - [30/May/2024:12:39:11 +0800] "POST /xingrg/all/user/operate.html HTTP/1.1" 200 36
114.84.152.157 - - [30/May/2024:12:39:11 +0800] "GET /xingrg/index.html?sysBaseUrl=http%3A%2F%2F180.169.147.146%3A18081%2Fxingrg%2F&costTime=12×tamp=1717042175429 HTTP/1.1" 200 17179
114.84.152.157 - - [30/May/2024:12:39:11 +0800] "GET /xingrg/javascript/jquery_easy_ui/themes/default/easyui.css HTTP/1.1" 304 -
114.84.152.157 - - [30/May/2024:12:39:11 +0800] "GET /xingrg/javascript/jquery_easy_ui/themes/icon.css HTTP/1.1" 304 -
114.84.152.157 - - [30/May/2024:12:39:11 +0800] "GET /xingrg/css/form.css HTTP/1.1" 304 -
114.84.152.157 - - [30/May/2024:12:39:11 +0800] "GET /xingrg/javascript/jquery-1.4.2.min.js HTTP/1.1" 304 -
114.84.152.157 - - [30/May/2024:12:39:11 +0800] "GET /xingrg/javascript/jquery_easy_ui/jquery.easyui.min.js HTTP/1.1" 304 -
114.84.152.157 - - [30/May/2024:12:39:11 +0800] "GET /xingrg/javascript/jquery_easy_ui/easyui-lang-zh_CN.js HTTP/1.1" 304 -
114.84.152.157 - - [30/May/2024:12:39:11 +0800] "GET /xingrg/javascript/jquery.form.js HTTP/1.1" 304 -
114.84.152.157 - - [30/May/2024:12:39:11 +0800] "GET /xingrg/javascript/jquery.utils.js HTTP/1.1" 304 -
114.84.152.157 - - [30/May/2024:12:39:11 +0800] "GET /xingrg/javascript/jquery.timers.js HTTP/1.1" 304 -
114.84.152.157 - - [30/May/2024:12:39:11 +0800] "GET /xingrg/images/blue/jxLogo.png HTTP/1.1" 304 -
114.84.152.157 - - [30/May/2024:12:39:11 +0800] "GET /xingrg/javascript/jquery_easy_ui/themes/icons/settle_new.png HTTP/1.1" 304 -
114.84.152.157 - - [30/May/2024:12:39:11 +0800] "GET /xingrg/images/blue/navBackgound.jpg HTTP/1.1" 304 -
114.84.152.157 - - [30/May/2024:12:39:11 +0800] "GET /xingrg/javascript/jquery_easy_ui/themes/default/images/panel_tool_collapse.gif HTTP/1.1" 304 -
114.84.152.157 - - [30/May/2024:12:39:11 +0800] "GET /xingrg/check_reg.html?_=1717042297504 HTTP/1.1" 200 22
114.84.152.157 - - [30/May/2024:12:39:11 +0800] "GET /xingrg/all/function/internal_message.html?_=1717042297504&CODE_STATE=count HTTP/1.1" 200 11
114.84.152.157 - - [30/May/2024:12:39:11 +0800] "GET /xingrg/javascript/jquery_easy_ui/themes/default/images/tabs_rightarrow.png HTTP/1.1" 304 -
114.84.152.157 - - [30/May/2024:12:39:11 +0800] "POST /xingrg/all/common/load_tree.html?tree=area_rest_tree_json&manage=1 HTTP/1.1" 200 479
114.84.152.157 - - [30/May/2024:12:39:11 +0800] "GET /xingrg/javascript/jquery_easy_ui/themes/default/images/tabs_leftarrow.png HTTP/1.1" 304 -
114.84.152.157 - - [30/May/2024:12:39:11 +0800] "GET /xingrg/images/blue/pingpu.png HTTP/1.1" 304 -
114.84.152.157 - - [30/May/2024:12:39:11 +0800] "POST /xingrg/load_menu.html HTTP/1.1" 200 5138
180.164.6.225 - - [30/May/2024:12:39:12 +0800] "POST /xingrg/kc/buy/cgsh_order_operate.html HTTP/1.1" 200 37
114.84.152.157 - - [30/May/2024:12:39:13 +0800] "GET /xingrg/kc/buy/buy_main.html HTTP/1.1" 200 12412
114.84.152.157 - - [30/May/2024:12:39:13 +0800] "GET /xingrg/css/new_ie.css HTTP/1.1" 404 1036
114.84.152.157 - - [30/May/2024:12:39:14 +0800] "GET /xingrg/images/yd/bt.gif HTTP/1.1" 404 1040
114.84.152.157 - - [30/May/2024:12:39:14 +0800] "GET /xingrg/kc/buy/cgsh_order_list.html HTTP/1.1" 200 58934
124.78.152.34 - - [30/May/2024:12:39:14 +0800] "POST /xingrg/kc/buy/cgsh_order_operate.html HTTP/1.1" 200 12
180.164.6.225 - - [30/May/2024:12:39:15 +0800] "POST /xingrg/kc/buy/cgsh_order_operate.html HTTP/1.1" 200 5035
124.78.152.34 - - [30/May/2024:12:39:16 +0800] "GET /xingrg/kc/buy/cgsh_order_info.html?code=212024053009041 HTTP/1.1" 200 69610
124.78.152.34 - - [30/May/2024:12:39:16 +0800] "GET /xingrg/words/20240530123556_words.js HTTP/1.1" 304 -
124.78.152.34 - - [30/May/2024:12:39:16 +0800] "GET /xingrg/javascript/easyui/themes/default/validatebox.css HTTP/1.1" 404 1104
114.84.152.157 - - [30/May/2024:12:39:16 +0800] "POST /xingrg/kc/buy/cgsh_list_operate.html HTTP/1.1" 200 645
124.78.152.34 - - [30/May/2024:12:39:17 +0800] "POST /xingrg/kc/buy/cgsh_order_operate.html HTTP/1.1" 200 1213
180.164.6.225 - - [30/May/2024:12:39:18 +0800] "GET /xingrg/kc/print/load_data.html?order_code=212024053009042&kc_code=cgsh&condition= HTTP/1.1" 200 1567
124.78.152.34 - - [30/May/2024:12:39:18 +0800] "GET /xingrg/all/function/internal_message.html?_=1717043950564&CODE_STATE=getMsg HTTP/1.1" 200 27
180.169.147.146 - - [30/May/2024:12:39:19 +0800] "GET /xingrg/kc/buy/cgsh_order_operate.html?command=get_materiel&rest_code=00147&code=00101007181&supplier_code=00100096&order_time=2024-05-30 HTTP/1.1" 200 412
124.78.152.34 - - [30/May/2024:12:39:19 +0800] "GET /xingrg/kc/print/load_data.html?order_code=212024053009041&kc_code=cgsh&condition= HTTP/1.1" 200 1003
114.84.152.157 - - [30/May/2024:12:39:20 +0800] "GET /xingrg/kc/buy/cgsh_order_add.html HTTP/1.1" 200 73859
114.84.152.157 - - [30/May/2024:12:39:20 +0800] "GET /xingrg/words/20240530123556_words.js HTTP/1.1" 200 1029702
114.84.152.157 - - [30/May/2024:12:39:21 +0800] "POST /xingrg/kc/buy/cgsh_order_operate.html HTTP/1.1" 200 8245
114.84.152.157 - - [30/May/2024:12:39:21 +0800] "GET /xingrg/javascript/easyui/themes/default/validatebox.css HTTP/1.1" 404 1104
114.84.152.157 - - [30/May/2024:12:39:22 +0800] "GET /xingrg/javascript/easyui/themes/default/tree.css HTTP/1.1" 404 1090
114.84.152.157 - - [30/May/2024:12:39:22 +0800] "POST /xingrg/all/common/load_tree.html?tree=supplier_tree_json&isDelete=1 HTTP/1.1" 200 80320
180.164.6.225 - - [30/May/2024:12:39:22 +0800] "GET /xingrg/kc/buy/cgsh_order_add.html HTTP/1.1" 200 74833
180.164.6.225 - - [30/May/2024:12:39:22 +0800] "GET /xingrg/words/20240530123556_words.js HTTP/1.1" 304 -
180.164.6.225 - - [30/May/2024:12:39:23 +0800] "POST /xingrg/kc/buy/cgsh_order_operate.html HTTP/1.1" 200 8245
180.164.6.225 - - [30/May/2024:12:39:23 +0800] "GET /xingrg/javascript/easyui/themes/default/validatebox.css HTTP/1.1" 404 1104
124.78.152.34 - - [30/May/2024:12:39:25 +0800] "GET /xingrg/all/function/internal_message.html?_=1717043967414&CODE_STATE=getMsg HTTP/1.1" 200 27
124.78.152.34 - - [30/May/2024:12:39:25 +0800] "GET /xingrg/check_reg.html?_=1717043967417 HTTP/1.1" 200 22
124.78.152.34 - - [30/May/2024:12:39:26 +0800] "GET /xingrg/kc/buy/cgsh_order_add.html HTTP/1.1" 200 74735
124.78.152.34 - - [30/May/2024:12:39:26 +0800] "POST /xingrg/kc/buy/cgsh_order_operate.html HTTP/1.1" 200 8245
124.78.152.34 - - [30/May/2024:12:39:26 +0800] "GET /xingrg/javascript/easyui/themes/default/validatebox.css HTTP/1.1" 404 1104
124.78.152.34 - - [30/May/2024:12:39:28 +0800] "GET /xingrg/javascript/easyui/themes/default/tree.css HTTP/1.1" 404 1090
124.78.152.34 - - [30/May/2024:12:39:28 +0800] "POST /xingrg/all/common/load_tree.html?tree=supplier_tree_json&isDelete=1 HTTP/1.1" 200 80320
222.67.233.39 - - [30/May/2024:12:39:29 +0800] "GET /xingrg/all/function/internal_message.html?_=1717043969916&CODE_STATE=getMsg HTTP/1.1" 200 27
112.51.231.100 - - [30/May/2024:12:39:37 +0800] "GET /xingrg/all/function/internal_message.html?_=1717043977530&CODE_STATE=getMsg HTTP/1.1" 200 27
180.164.6.225 - - [30/May/2024:12:39:44 +0800] "GET /xingrg/all/function/internal_message.html?_=1717043983538&CODE_STATE=getMsg HTTP/1.1" 200 27
116.235.94.80 - - [30/May/2024:12:39:44 +0800] "GET /xingrg/kc/buy/cgsh_order_add.html HTTP/1.1" 200 74782
116.235.94.80 - - [30/May/2024:12:39:44 +0800] "GET /xingrg/javascript/convert.js HTTP/1.1" 200 1239
116.235.94.80 - - [30/May/2024:12:39:44 +0800] "GET /xingrg/javascript/pic_change.js HTTP/1.1" 200 4739
116.235.94.80 - - [30/May/2024:12:39:44 +0800] "GET /xingrg/javascript/json2.js HTTP/1.1" 200 11259
116.235.94.80 - - [30/May/2024:12:39:44 +0800] "GET /xingrg/javascript/jquery_tools/order_manager.js HTTP/1.1" 200 11183
116.235.94.80 - - [30/May/2024:12:39:44 +0800] "GET /xingrg/javascript/print/kc_print.js HTTP/1.1" 200 11415
116.235.94.80 - - [30/May/2024:12:39:44 +0800] "GET /xingrg/words/20240530123556_words.js HTTP/1.1" 200 1029702
222.70.182.146 - - [30/May/2024:12:39:44 +0800] "GET /xingrg/all/function/internal_message.html?_=1717043980432&CODE_STATE=getMsg HTTP/1.1" 200 27
116.235.94.80 - - [30/May/2024:12:39:45 +0800] "GET /xingrg/all/function/internal_message.html?_=1717044029971&CODE_STATE=getMsg HTTP/1.1" 200 27
116.235.94.80 - - [30/May/2024:12:39:45 +0800] "GET /xingrg/javascript/easyui/themes/icons/copy_new.png HTTP/1.1" 200 815
116.235.94.80 - - [30/May/2024:12:39:45 +0800] "GET /xingrg/javascript/easyui/themes/icons/template_new.png HTTP/1.1" 200 3956
116.235.94.80 - - [30/May/2024:12:39:45 +0800] "GET /xingrg/javascript/easyui/themes/icons/ok.png HTTP/1.1" 200 883
116.235.94.80 - - [30/May/2024:12:39:45 +0800] "GET /xingrg/javascript/easyui/themes/icons/print.png HTTP/1.1" 200 1057
116.235.94.80 - - [30/May/2024:12:39:45 +0800] "GET /xingrg/javascript/easyui/themes/default/images/menu_downarrow.png HTTP/1.1" 200 173
116.235.94.80 - - [30/May/2024:12:39:45 +0800] "GET /xingrg/javascript/easyui/themes/icons/cancel.png HTTP/1.1" 200 1133
116.235.94.80 - - [30/May/2024:12:39:45 +0800] "GET /xingrg/all/common/auto_word.html?type=employee&rest_code=00104 HTTP/1.1" 200 245
116.235.94.80 - - [30/May/2024:12:39:45 +0800] "GET /xingrg/all/common/auto_word.html?type=employee&rest_code=00104 HTTP/1.1" 200 245
116.235.94.80 - - [30/May/2024:12:39:45 +0800] "GET /xingrg/javascript/easyui/themes/default/validatebox.css HTTP/1.1" 404 1104
116.235.94.80 - - [30/May/2024:12:39:45 +0800] "POST /xingrg/kc/buy/cgsh_order_operate.html HTTP/1.1" 200 8245
116.235.94.80 - - [30/May/2024:12:39:45 +0800] "GET /xingrg/javascript/easyui/plugins/jquery.validatebox.js HTTP/1.1" 200 6103
116.235.94.80 - - [30/May/2024:12:39:45 +0800] "GET /xingrg/javascript/easyui/themes/icons/edit_remove.png HTTP/1.1" 200 625
116.235.94.80 - - [30/May/2024:12:39:45 +0800] "GET /xingrg/javascript/easyui/plugins/jquery.numberbox.js HTTP/1.1" 200 5213
124.78.152.34 - - [30/May/2024:12:39:47 +0800] "GET /xingrg/kc/buy/cgsh_order_operate.html?command=get_materiel&rest_code=00106&code=00101005088&supplier_code=00100086&order_time=2024-05-30 HTTP/1.1" 200 414
180.169.147.146 - - [30/May/2024:12:39:48 +0800] "POST /xingrg/kc/buy/cgsh_order_operate.html HTTP/1.1" 200 2065
114.83.220.212 - - [30/May/2024:12:39:53 +0800] "GET /xingrg/all/function/internal_message.html?_=1717043993055&CODE_STATE=getMsg HTTP/1.1" 200 27
116.235.94.80 - - [30/May/2024:12:39:54 +0800] "GET /xingrg/javascript/auto/indicator.gif HTTP/1.1" 404 1066
180.169.147.146 - - [30/May/2024:12:39:55 +0800] "GET /xingrg/kc/buy/cgsh_order_operate.html?command=get_materiel&rest_code=00147&code=00101007072&supplier_code=00100096&order_time=2024-05-30 HTTP/1.1" 200 419
124.78.152.34 - - [30/May/2024:12:40:01 +0800] "POST /xingrg/kc/buy/cgsh_order_operate.html HTTP/1.1" 200 37
222.67.233.39 - - [30/May/2024:12:40:01 +0800] "GET /xingrg/all/function/internal_message.html?_=1717043997484&CODE_STATE=getMsg HTTP/1.1" 200 27
222.67.233.39 - - [30/May/2024:12:40:01 +0800] "GET /xingrg/check_reg.html?_=1717043997485 HTTP/1.1" 200 22
116.232.195.13 - - [30/May/2024:12:40:02 +0800] "GET /xingrg/all/function/internal_message.html?_=1717043945187&CODE_STATE=getMsg HTTP/1.1" 200 27
101.83.144.49 - - [30/May/2024:12:40:04 +0800] "GET /xingrg/all/function/internal_message.html?_=1717043745481&CODE_STATE=getMsg HTTP/1.1" 200 27
124.78.152.34 - - [30/May/2024:12:40:07 +0800] "POST /xingrg/kc/buy/cgsh_order_operate.html HTTP/1.1" 200 12
58.40.7.146 - - [30/May/2024:12:40:08 +0800] "GET /xingrg/all/function/internal_message.html?_=1717044008077&CODE_STATE=getMsg HTTP/1.1" 200 27
58.40.7.146 - - [30/May/2024:12:40:08 +0800] "GET /xingrg/check_reg.html?_=1717044008062 HTTP/1.1" 200 22
101.83.144.49 - - [30/May/2024:12:40:08 +0800] "GET /xingrg/all/function/internal_message.html?_=1717044008182&CODE_STATE=getMsg HTTP/1.1" 200 27
124.78.152.34 - - [30/May/2024:12:40:08 +0800] "GET /xingrg/kc/buy/cgsh_order_info.html?code=212024053009043 HTTP/1.1" 200 69610
124.78.152.34 - - [30/May/2024:12:40:08 +0800] "GET /xingrg/words/20240530123556_words.js HTTP/1.1" 304 -
116.235.94.80 - - [30/May/2024:12:40:08 +0800] "GET /xingrg/kc/buy/cgsh_order_operate.html?command=get_materiel&rest_code=00104&code=00101008354&supplier_code=00100008&order_time=2024-05-30 HTTP/1.1" 200 412
124.78.152.34 - - [30/May/2024:12:40:08 +0800] "GET /xingrg/javascript/easyui/themes/default/validatebox.css HTTP/1.1" 404 1104
124.78.152.34 - - [30/May/2024:12:40:09 +0800] "POST /xingrg/kc/buy/cgsh_order_operate.html HTTP/1.1" 200 612
116.232.195.13 - - [30/May/2024:12:40:09 +0800] "GET /xingrg/all/function/internal_message.html?_=1717043953051&CODE_STATE=getMsg HTTP/1.1" 200 27
180.156.239.18 - - [30/May/2024:12:40:10 +0800] "GET /xingrg/all/function/internal_message.html?_=1717044009872&CODE_STATE=getMsg HTTP/1.1" 200 27
114.84.152.157 - - [30/May/2024:12:40:11 +0800] "GET /xingrg/all/function/internal_message.html?_=1717042357525&CODE_STATE=getMsg HTTP/1.1" 200 27
124.78.152.34 - - [30/May/2024:12:40:12 +0800] "GET /xingrg/kc/print/load_data.html?order_code=212024053009043&kc_code=cgsh&condition= HTTP/1.1" 200 767
124.78.152.34 - - [30/May/2024:12:40:16 +0800] "GET /xingrg/kc/buy/cgsh_order_add.html HTTP/1.1" 200 74735
124.78.152.34 - - [30/May/2024:12:40:17 +0800] "POST /xingrg/kc/buy/cgsh_order_operate.html HTTP/1.1" 200 8245
124.78.152.34 - - [30/May/2024:12:40:17 +0800] "GET /xingrg/javascript/easyui/themes/default/validatebox.css HTTP/1.1" 404 1104
124.78.152.34 - - [30/May/2024:12:40:18 +0800] "GET /xingrg/all/function/internal_message.html?_=1717044010533&CODE_STATE=getMsg HTTP/1.1" 200 27
180.169.147.146 - - [30/May/2024:12:40:19 +0800] "POST /xingrg/kc/buy/cgsh_order_operate.html HTTP/1.1" 200 37
124.78.152.34 - - [30/May/2024:12:40:19 +0800] "GET /xingrg/javascript/easyui/themes/default/tree.css HTTP/1.1" 404 1090
124.78.152.34 - - [30/May/2024:12:40:19 +0800] "POST /xingrg/all/common/load_tree.html?tree=supplier_tree_json&isDelete=1 HTTP/1.1" 200 80320
124.78.152.34 - - [30/May/2024:12:40:20 +0800] "GET /xingrg/check_reg.html?_=1717044012022 HTTP/1.1" 200 22
180.169.147.146 - - [30/May/2024:12:40:21 +0800] "POST /xingrg/kc/buy/cgsh_order_operate.html HTTP/1.1" 200 12178
180.169.147.146 - - [30/May/2024:12:40:22 +0800] "GET /xingrg/kc/print/report_design.html?orderType=cgsh HTTP/1.1" 200 8625
180.169.147.146 - - [30/May/2024:12:40:22 +0800] "GET /xingrg/css/design.css HTTP/1.1" 304 -
180.169.147.146 - - [30/May/2024:12:40:22 +0800] "GET /xingrg/javascript/easyui/themes/sunny/easyui.css HTTP/1.1" 304 -
180.169.147.146 - - [30/May/2024:12:40:22 +0800] "GET /xingrg/javascript/easyui/jquery.easyui.min.js HTTP/1.1" 304 -
180.169.147.146 - - [30/May/2024:12:40:22 +0800] "GET /xingrg/javascript/print/report.js HTTP/1.1" 304 -
180.169.147.146 - - [30/May/2024:12:40:22 +0800] "GET /xingrg/javascript/print/report.helper.js HTTP/1.1" 304 -
180.169.147.146 - - [30/May/2024:12:40:22 +0800] "GET /xingrg/javascript/easyui/themes/sunny/images/ui-bg_highlight-soft_100_feeebd_1x100.png HTTP/1.1" 304 -
180.169.147.146 - - [30/May/2024:12:40:22 +0800] "GET /xingrg/javascript/easyui/themes/sunny/images/ui-bg_gloss-wave_45_817865_500x100.png HTTP/1.1" 304 -
180.169.147.146 - - [30/May/2024:12:40:22 +0800] "GET /xingrg/javascript/easyui/themes/sunny/images/ui-icons_fadc7a_256x240.png HTTP/1.1" 304 -
180.169.147.146 - - [30/May/2024:12:40:22 +0800] "GET /xingrg/javascript/easyui/themes/sunny/images/blank.gif HTTP/1.1" 304 -
180.169.147.146 - - [30/May/2024:12:40:22 +0800] "GET /xingrg/javascript/easyui/themes/sunny/images/ui-bg_gloss-wave_70_ffdd57_500x100.png HTTP/1.1" 304 -
180.169.147.146 - - [30/May/2024:12:40:22 +0800] "GET /xingrg/javascript/easyui/themes/sunny/images/ui-icons_bd7b00_256x240.png HTTP/1.1" 304 -
180.169.147.146 - - [30/May/2024:12:40:22 +0800] "GET /favicon.ico HTTP/1.1" 404 -
180.169.147.146 - - [30/May/2024:12:40:22 +0800] "GET /xingrg/kc/print/design_operate.html?_=1717044022707&command=load_config&code=cgsh HTTP/1.1" 200 2837
180.169.147.146 - - [30/May/2024:12:40:22 +0800] "GET /xingrg/css/images/background.png HTTP/1.1" 304 -
180.169.147.146 - - [30/May/2024:12:40:25 +0800] "GET /xingrg/kc/print/load_data.html?order_code=212024053009018&kc_code=cgsh&condition= HTTP/1.1" 200 4270
124.78.152.34 - - [30/May/2024:12:40:25 +0800] "GET /xingrg/all/function/internal_message.html?_=1717044027413&CODE_STATE=getMsg HTTP/1.1" 200 27
116.232.195.13 - - [30/May/2024:12:40:28 +0800] "GET /xingrg/kc/buy/cgsh_order_list.html HTTP/1.1" 200 58934
116.235.94.80 - - [30/May/2024:12:40:28 +0800] "GET /xingrg/kc/buy/cgsh_order_operate.html?command=get_materiel&rest_code=00104&code=00101008125&supplier_code=00100008&order_time=2024-05-30 HTTP/1.1" 200 413
222.67.233.39 - - [30/May/2024:12:40:29 +0800] "GET /xingrg/all/function/internal_message.html?_=1717044029907&CODE_STATE=getMsg HTTP/1.1" 200 27
116.232.195.13 - - [30/May/2024:12:40:34 +0800] "GET /xingrg/kc/buy/cgsh_order_add.html HTTP/1.1" 200 74829
116.232.195.13 - - [30/May/2024:12:40:34 +0800] "GET /xingrg/words/20240530123556_words.js HTTP/1.1" 200 1029702
116.232.195.13 - - [30/May/2024:12:40:34 +0800] "POST /xingrg/kc/buy/cgsh_order_operate.html HTTP/1.1" 200 8245
116.232.195.13 - - [30/May/2024:12:40:34 +0800] "GET /xingrg/javascript/easyui/themes/default/validatebox.css HTTP/1.1" 404 1104
112.51.231.100 - - [30/May/2024:12:40:37 +0800] "GET /xingrg/all/function/internal_message.html?_=1717044037529&CODE_STATE=getMsg HTTP/1.1" 200 27
124.78.152.34 - - [30/May/2024:12:40:38 +0800] "GET /xingrg/kc/buy/cgsh_order_operate.html?command=get_materiel&rest_code=00106&code=00101004034&supplier_code=00100085&order_time=2024-05-30 HTTP/1.1" 200 416
116.232.195.13 - - [30/May/2024:12:40:40 +0800] "POST /xingrg/kc/buy/cgsh_list_operate.html HTTP/1.1" 200 2840
180.164.6.225 - - [30/May/2024:12:40:44 +0800] "GET /xingrg/all/function/internal_message.html?_=1717044043534&CODE_STATE=getMsg HTTP/1.1" 200 27
222.70.182.146 - - [30/May/2024:12:40:44 +0800] "GET /xingrg/all/function/internal_message.html?_=1717044040402&CODE_STATE=getMsg HTTP/1.1" 200 27
222.70.182.146 - - [30/May/2024:12:40:45 +0800] "GET /xingrg/check_reg.html?_=1717044040684 HTTP/1.1" 200 22
116.235.94.80 - - [30/May/2024:12:40:45 +0800] "GET /xingrg/all/function/internal_message.html?_=1717044089954&CODE_STATE=getMsg HTTP/1.1" 200 27
114.83.220.212 - - [30/May/2024:12:40:53 +0800] "GET /xingrg/all/function/internal_message.html?_=1717044053054&CODE_STATE=getMsg HTTP/1.1" 200 27
116.232.195.13 - - [30/May/2024:12:40:56 +0800] "POST /xingrg/kc/buy/cgsh_list_operate.html HTTP/1.1" 200 4716
124.78.152.34 - - [30/May/2024:12:40:59 +0800] "POST /xingrg/kc/buy/cgsh_order_operate.html HTTP/1.1" 200 37
116.232.195.13 - - [30/May/2024:12:40:59 +0800] "POST /xingrg/kc/buy/cgsh_list_operate.html HTTP/1.1" 200 202
222.69.134.193 - - [30/May/2024:12:41:01 +0800] "GET /xingrg/check_reg.html?_=1717044063880 HTTP/1.1" 302 -
222.67.233.39 - - [30/May/2024:12:41:01 +0800] "GET /xingrg/all/function/internal_message.html?_=1717044057484&CODE_STATE=getMsg HTTP/1.1" 200 27
116.232.195.13 - - [30/May/2024:12:41:02 +0800] "GET /xingrg/all/function/internal_message.html?_=1717044005209&CODE_STATE=getMsg HTTP/1.1" 200 27
116.232.195.13 - - [30/May/2024:12:41:02 +0800] "GET /xingrg/check_reg.html?_=1717044005217 HTTP/1.1" 200 22
116.232.195.13 - - [30/May/2024:12:41:03 +0800] "POST /xingrg/kc/buy/cgsh_list_operate.html HTTP/1.1" 200 209
101.83.144.49 - - [30/May/2024:12:41:04 +0800] "GET /xingrg/all/function/internal_message.html?_=1717043805482&CODE_STATE=getMsg HTTP/1.1" 200 27
124.78.152.34 - - [30/May/2024:12:41:04 +0800] "POST /xingrg/kc/buy/cgsh_order_operate.html HTTP/1.1" 200 12
124.78.152.34 - - [30/May/2024:12:41:05 +0800] "GET /xingrg/kc/buy/cgsh_order_info.html?code=212024053009044 HTTP/1.1" 200 69608
124.78.152.34 - - [30/May/2024:12:41:05 +0800] "GET /xingrg/words/20240530123556_words.js HTTP/1.1" 304 -
124.78.152.34 - - [30/May/2024:12:41:06 +0800] "GET /xingrg/javascript/easyui/themes/default/validatebox.css HTTP/1.1" 404 1104
116.232.195.13 - - [30/May/2024:12:41:06 +0800] "POST /xingrg/kc/buy/cgsh_list_operate.html HTTP/1.1" 200 505
124.78.152.34 - - [30/May/2024:12:41:07 +0800] "POST /xingrg/kc/buy/cgsh_order_operate.html HTTP/1.1" 200 616
58.40.7.146 - - [30/May/2024:12:41:08 +0800] "GET /xingrg/all/function/internal_message.html?_=1717044068073&CODE_STATE=getMsg HTTP/1.1" 200 27
101.83.144.49 - - [30/May/2024:12:41:08 +0800] "GET /xingrg/check_reg.html?_=1717044068184 HTTP/1.1" 200 22
101.83.144.49 - - [30/May/2024:12:41:08 +0800] "GET /xingrg/all/function/internal_message.html?_=1717044068188&CODE_STATE=getMsg HTTP/1.1" 200 27
124.78.152.34 - - [30/May/2024:12:41:09 +0800] "GET /xingrg/kc/print/load_data.html?order_code=212024053009044&kc_code=cgsh&condition= HTTP/1.1" 200 763
116.232.195.13 - - [30/May/2024:12:41:09 +0800] "GET /xingrg/all/function/internal_message.html?_=1717044013066&CODE_STATE=getMsg HTTP/1.1" 200 27
116.232.195.13 - - [30/May/2024:12:41:09 +0800] "GET /xingrg/check_reg.html?_=1717044013071 HTTP/1.1" 200 22
180.156.239.18 - - [30/May/2024:12:41:10 +0800] "GET /xingrg/all/function/internal_message.html?_=1717044069844&CODE_STATE=getMsg HTTP/1.1" 200 27
114.84.152.157 - - [30/May/2024:12:41:11 +0800] "GET /xingrg/all/function/internal_message.html?_=1717042417529&CODE_STATE=getMsg HTTP/1.1" 200 27
116.232.195.13 - - [30/May/2024:12:41:11 +0800] "POST /xingrg/kc/buy/cgsh_list_operate.html HTTP/1.1" 200 205
116.232.195.13 - - [30/May/2024:12:41:14 +0800] "POST /xingrg/kc/buy/cgsh_list_operate.html HTTP/1.1" 200 356
124.78.152.34 - - [30/May/2024:12:41:14 +0800] "GET /xingrg/kc/buy/cgsh_order_add.html HTTP/1.1" 200 74735
124.78.152.34 - - [30/May/2024:12:41:14 +0800] "POST /xingrg/kc/buy/cgsh_order_operate.html HTTP/1.1" 200 8245
124.78.152.34 - - [30/May/2024:12:41:14 +0800] "GET /xingrg/javascript/easyui/themes/default/validatebox.css HTTP/1.1" 404 1104
124.78.152.34 - - [30/May/2024:12:41:16 +0800] "GET /xingrg/javascript/easyui/themes/default/tree.css HTTP/1.1" 404 1090
124.78.152.34 - - [30/May/2024:12:41:16 +0800] "POST /xingrg/all/common/load_tree.html?tree=supplier_tree_json&isDelete=1 HTTP/1.1" 200 80320
116.232.195.13 - - [30/May/2024:12:41:16 +0800] "POST /xingrg/kc/buy/cgsh_list_operate.html HTTP/1.1" 200 349
124.78.152.34 - - [30/May/2024:12:41:18 +0800] "GET /xingrg/all/function/internal_message.html?_=1717044070521&CODE_STATE=getMsg HTTP/1.1" 200 27
116.232.195.13 - - [30/May/2024:12:41:19 +0800] "POST /xingrg/kc/buy/cgsh_list_operate.html HTTP/1.1" 200 438
116.232.195.13 - - [30/May/2024:12:41:23 +0800] "POST /xingrg/kc/buy/cgsh_list_operate.html HTTP/1.1" 200 359
124.78.152.34 - - [30/May/2024:12:41:25 +0800] "GET /xingrg/all/function/internal_message.html?_=1717044087417&CODE_STATE=getMsg HTTP/1.1" 200 27
114.84.152.157 - - [30/May/2024:12:41:27 +0800] "GET /xingrg/javascript/auto/indicator.gif HTTP/1.1" 404 1066
180.164.6.225 - - [30/May/2024:12:41:28 +0800] "GET /xingrg/kc/buy/cgsh_order_operate.html?command=get_materiel&rest_code=00108&code=00101006055&supplier_code=00100151&order_time=2024-05-30 HTTP/1.1" 200 409
222.67.233.39 - - [30/May/2024:12:41:29 +0800] "GET /xingrg/all/function/internal_message.html?_=1717044089903&CODE_STATE=getMsg HTTP/1.1" 200 27
124.78.152.34 - - [30/May/2024:12:41:32 +0800] "GET /xingrg/kc/buy/cgsh_order_operate.html?command=get_materiel&rest_code=00106&code=00101002006&supplier_code=00100091&order_time=2024-05-30 HTTP/1.1" 200 414
112.51.231.100 - - [30/May/2024:12:41:37 +0800] "GET /xingrg/all/function/internal_message.html?_=1717044097531&CODE_STATE=getMsg HTTP/1.1" 200 27
101.83.144.49 - - [30/May/2024:12:41:39 +0800] "GET /xingrg/kc/print/load_config.html?kc_code=cgsh HTTP/1.1" 200 1927
101.83.144.49 - - [30/May/2024:12:41:39 +0800] "GET /xingrg/kc/print/load_data.html?order_code=212024053009005&kc_code=cgsh&condition= HTTP/1.1" 200 12706
180.169.147.146 - - [30/May/2024:12:41:40 +0800] "GET /xingrg/kc/buy/cgsh_order_add.html HTTP/1.1" 200 74788
180.169.147.146 - - [30/May/2024:12:41:40 +0800] "GET /xingrg/words/20240530123556_words.js HTTP/1.1" 200 1029702
180.169.147.146 - - [30/May/2024:12:41:40 +0800] "POST /xingrg/kc/buy/cgsh_order_operate.html HTTP/1.1" 200 8245
180.169.147.146 - - [30/May/2024:12:41:40 +0800] "GET /xingrg/javascript/easyui/themes/default/validatebox.css HTTP/1.1" 404 1104
180.164.6.225 - - [30/May/2024:12:41:44 +0800] "GET /xingrg/check_reg.html?_=1717044103542 HTTP/1.1" 200 22
180.164.6.225 - - [30/May/2024:12:41:44 +0800] "GET /xingrg/all/function/internal_message.html?_=1717044103544&CODE_STATE=getMsg HTTP/1.1" 200 27
222.70.182.146 - - [30/May/2024:12:41:44 +0800] "GET /xingrg/all/function/internal_message.html?_=1717044100386&CODE_STATE=getMsg HTTP/1.1" 200 27
116.235.94.80 - - [30/May/2024:12:41:45 +0800] "GET /xingrg/check_reg.html?_=1717044149806 HTTP/1.1" 200 22
116.235.94.80 - - [30/May/2024:12:41:45 +0800] "GET /xingrg/all/function/internal_message.html?_=1717044149924&CODE_STATE=getMsg HTTP/1.1" 200 27
124.78.152.34 - - [30/May/2024:12:41:46 +0800] "POST /xingrg/kc/buy/cgsh_order_operate.html HTTP/1.1" 200 37
114.84.152.157 - - [30/May/2024:12:41:47 +0800] "GET /xingrg/kc/buy/cgsh_order_operate.html?command=get_materiel&rest_code=00142&code=00101044051&supplier_code=00100207&order_time=2024-05-30 HTTP/1.1" 200 408
114.84.152.157 - - [30/May/2024:12:41:50 +0800] "POST /xingrg/all/common/load_select.html HTTP/1.1" 200 38
124.78.152.34 - - [30/May/2024:12:41:51 +0800] "POST /xingrg/kc/buy/cgsh_order_operate.html HTTP/1.1" 200 12
180.169.147.146 - - [30/May/2024:12:41:52 +0800] "GET /xingrg/kc/buy/cgsh_order_operate.html?command=get_materiel&rest_code=00147&code=00101009011&supplier_code=00100022&order_time=2024-05-30 HTTP/1.1" 200 416
124.78.152.34 - - [30/May/2024:12:41:52 +0800] "GET /xingrg/kc/buy/cgsh_order_info.html?code=212024053009045 HTTP/1.1" 200 69610
124.78.152.34 - - [30/May/2024:12:41:53 +0800] "GET /xingrg/words/20240530123556_words.js HTTP/1.1" 304 -
124.78.152.34 - - [30/May/2024:12:41:53 +0800] "GET /xingrg/javascript/easyui/themes/default/validatebox.css HTTP/1.1" 404 1104
114.83.220.212 - - [30/May/2024:12:41:53 +0800] "GET /xingrg/check_reg.html?_=1717044113057 HTTP/1.1" 200 22
114.83.220.212 - - [30/May/2024:12:41:53 +0800] "GET /xingrg/all/function/internal_message.html?_=1717044113054&CODE_STATE=getMsg HTTP/1.1" 200 27
124.78.152.34 - - [30/May/2024:12:41:54 +0800] "POST /xingrg/kc/buy/cgsh_order_operate.html HTTP/1.1" 200 611
116.232.195.13 - - [30/May/2024:12:41:55 +0800] "GET /xingrg/check_reg.html?_=1717044058401 HTTP/1.1" 200 22
124.78.152.34 - - [30/May/2024:12:41:56 +0800] "GET /xingrg/kc/print/load_data.html?order_code=212024053009045&kc_code=cgsh&condition= HTTP/1.1" 200 769
124.78.152.34 - - [30/May/2024:12:42:01 +0800] "GET /xingrg/kc/buy/cgsh_order_add.html HTTP/1.1" 200 74735
124.78.152.34 - - [30/May/2024:12:42:01 +0800] "POST /xingrg/kc/buy/cgsh_order_operate.html HTTP/1.1" 200 8245
124.78.152.34 - - [30/May/2024:12:42:01 +0800] "GET /xingrg/javascript/easyui/themes/default/validatebox.css HTTP/1.1" 404 1104
222.67.233.39 - - [30/May/2024:12:42:01 +0800] "GET /xingrg/all/function/internal_message.html?_=1717044117482&CODE_STATE=getMsg HTTP/1.1" 200 27
116.232.195.13 - - [30/May/2024:12:42:02 +0800] "GET /xingrg/all/function/internal_message.html?_=1717044065215&CODE_STATE=getMsg HTTP/1.1" 200 27
180.169.147.146 - - [30/May/2024:12:42:04 +0800] "GET /xingrg/kc/buy/cgsh_order_operate.html?command=get_materiel&rest_code=00147&code=00101009141&supplier_code=00100022&order_time=2024-05-30 HTTP/1.1" 200 412
101.83.144.49 - - [30/May/2024:12:42:04 +0800] "GET /xingrg/all/function/internal_message.html?_=1717043865497&CODE_STATE=getMsg HTTP/1.1" 200 27
101.83.144.49 - - [30/May/2024:12:42:04 +0800] "GET /xingrg/check_reg.html?_=1717043865501 HTTP/1.1" 200 22
124.78.152.34 - - [30/May/2024:12:42:04 +0800] "GET /xingrg/javascript/easyui/themes/default/tree.css HTTP/1.1" 404 1090
124.78.152.34 - - [30/May/2024:12:42:04 +0800] "POST /xingrg/all/common/load_tree.html?tree=supplier_tree_json&isDelete=1 HTTP/1.1" 200 80320
101.83.144.49 - - [30/May/2024:12:42:08 +0800] "GET /xingrg/all/function/internal_message.html?_=1717044128172&CODE_STATE=getMsg HTTP/1.1" 200 27
58.40.7.146 - - [30/May/2024:12:42:08 +0800] "GET /xingrg/all/function/internal_message.html?_=1717044128509&CODE_STATE=getMsg HTTP/1.1" 200 27
116.232.195.13 - - [30/May/2024:12:42:09 +0800] "GET /xingrg/all/function/internal_message.html?_=1717044073051&CODE_STATE=getMsg HTTP/1.1" 200 27
180.156.239.18 - - [30/May/2024:12:42:10 +0800] "GET /xingrg/all/function/internal_message.html?_=1717044129816&CODE_STATE=getMsg HTTP/1.1" 200 27
180.156.239.18 - - [30/May/2024:12:42:10 +0800] "GET /xingrg/check_reg.html?_=1717044129987 HTTP/1.1" 200 22
114.84.152.157 - - [30/May/2024:12:42:11 +0800] "GET /xingrg/all/function/internal_message.html?_=1717042477523&CODE_STATE=getMsg HTTP/1.1" 200 27
180.169.147.146 - - [30/May/2024:12:42:11 +0800] "POST /xingrg/kc/buy/cgsh_order_operate.html HTTP/1.1" 200 37
180.169.147.146 - - [30/May/2024:12:42:13 +0800] "POST /xingrg/kc/buy/cgsh_order_operate.html HTTP/1.1" 200 3251
180.169.147.146 - - [30/May/2024:12:42:14 +0800] "GET /xingrg/kc/print/load_data.html?order_code=212024053009046&kc_code=cgsh&condition= HTTP/1.1" 200 944
180.169.147.146 - - [30/May/2024:12:42:17 +0800] "GET /xingrg/kc/buy/cgsh_order_add.html HTTP/1.1" 200 74788
180.169.147.146 - - [30/May/2024:12:42:17 +0800] "GET /xingrg/words/20240530123556_words.js HTTP/1.1" 304 -
180.169.147.146 - - [30/May/2024:12:42:17 +0800] "POST /xingrg/kc/buy/cgsh_order_operate.html HTTP/1.1" 200 8245
180.169.147.146 - - [30/May/2024:12:42:17 +0800] "GET /xingrg/javascript/easyui/themes/default/validatebox.css HTTP/1.1" 404 1104
124.78.152.34 - - [30/May/2024:12:42:18 +0800] "GET /xingrg/all/function/internal_message.html?_=1717044130491&CODE_STATE=getMsg HTTP/1.1" 200 27
124.78.152.34 - - [30/May/2024:12:42:20 +0800] "GET /xingrg/kc/buy/cgsh_order_operate.html?command=get_materiel&rest_code=00106&code=00101004051&supplier_code=00100312&order_time=2024-05-30 HTTP/1.1" 200 429
124.78.152.34 - - [30/May/2024:12:42:25 +0800] "GET /xingrg/all/function/internal_message.html?_=1717044147413&CODE_STATE=getMsg HTTP/1.1" 200 27
180.169.147.146 - - [30/May/2024:12:42:27 +0800] "GET /xingrg/kc/buy/cgsh_order_operate.html?command=get_materiel&rest_code=00147&code=00101009109&supplier_code=00100022&order_time=2024-05-30 HTTP/1.1" 200 413
114.84.152.157 - - [30/May/2024:12:42:28 +0800] "GET /xingrg/kc/buy/cgsh_order_operate.html?command=get_materiel_price&rest_code=00142&code=00101044051&unit_code=00100682&supplier_code=00100207&order_time=2024-05-30 HTTP/1.1" 200 27
222.67.233.39 - - [30/May/2024:12:42:29 +0800] "GET /xingrg/all/function/internal_message.html?_=1717044149914&CODE_STATE=getMsg HTTP/1.1" 200 27
180.169.147.146 - - [30/May/2024:12:42:35 +0800] "POST /xingrg/kc/buy/cgsh_order_operate.html HTTP/1.1" 200 37
180.169.147.146 - - [30/May/2024:12:42:37 +0800] "POST /xingrg/kc/buy/cgsh_order_operate.html HTTP/1.1" 200 2658
112.51.231.100 - - [30/May/2024:12:42:37 +0800] "GET /xingrg/all/function/internal_message.html?_=1717044157529&CODE_STATE=getMsg HTTP/1.1" 200 27
112.51.231.100 - - [30/May/2024:12:42:37 +0800] "GET /xingrg/check_reg.html?_=1717044157532 HTTP/1.1" 200 22
180.164.6.225 - - [30/May/2024:12:42:37 +0800] "GET /xingrg/kc/buy/cgsh_order_operate.html?command=get_materiel&rest_code=00108&code=00102015046&supplier_code=00100151&order_time=2024-05-30 HTTP/1.1" 200 409
180.169.147.146 - - [30/May/2024:12:42:37 +0800] "GET /xingrg/kc/print/load_data.html?order_code=212024053009047&kc_code=cgsh&condition= HTTP/1.1" 200 718
180.169.147.146 - - [30/May/2024:12:42:40 +0800] "GET /xingrg/kc/buy/cgsh_order_add.html HTTP/1.1" 200 74788
180.169.147.146 - - [30/May/2024:12:42:41 +0800] "POST /xingrg/kc/buy/cgsh_order_operate.html HTTP/1.1" 200 8245
180.169.147.146 - - [30/May/2024:12:42:41 +0800] "GET /xingrg/javascript/easyui/themes/default/validatebox.css HTTP/1.1" 404 1104
124.78.152.34 - - [30/May/2024:12:42:43 +0800] "GET /xingrg/kc/buy/cgsh_order_operate.html?command=get_materiel&rest_code=00106&code=00101004030&supplier_code=00100312&order_time=2024-05-30 HTTP/1.1" 200 408
180.164.6.225 - - [30/May/2024:12:42:44 +0800] "GET /xingrg/all/function/internal_message.html?_=1717044163535&CODE_STATE=getMsg HTTP/1.1" 200 27
222.70.182.146 - - [30/May/2024:12:42:44 +0800] "GET /xingrg/all/function/internal_message.html?_=1717044160356&CODE_STATE=getMsg HTTP/1.1" 200 27
116.235.94.80 - - [30/May/2024:12:42:45 +0800] "GET /xingrg/all/function/internal_message.html?_=1717044209902&CODE_STATE=getMsg HTTP/1.1" 200 27
114.83.220.212 - - [30/May/2024:12:42:53 +0800] "GET /xingrg/all/function/internal_message.html?_=1717044173062&CODE_STATE=getMsg HTTP/1.1" 200 27
120.253.135.82 - - [30/May/2024:12:42:55 +0800] "GET /xingrg/login.html HTTP/1.1" 200 7641
180.169.147.146 - - [30/May/2024:12:42:55 +0800] "GET /xingrg/kc/buy/cgsh_order_operate.html?command=get_materiel&rest_code=00147&code=00101029009&supplier_code=00100017&order_time=2024-05-30 HTTP/1.1" 200 456
120.253.135.82 - - [30/May/2024:12:42:55 +0800] "GET /xingrg/images/blue/jxLogo.png HTTP/1.1" 304 -
120.253.135.82 - - [30/May/2024:12:42:55 +0800] "GET /xingrg/images/blue/login_bg.png HTTP/1.1" 304 -
180.169.147.146 - - [30/May/2024:12:42:55 +0800] "POST /xingrg/all/common/load_select.html HTTP/1.1" 200 25
120.253.135.82 - - [30/May/2024:12:42:59 +0800] "GET /xingrg/images/blue/hj.png HTTP/1.1" 304 -
120.253.135.82 - - [30/May/2024:12:42:59 +0800] "GET /xingrg/images/blue/srbg.png HTTP/1.1" 304 -
120.253.135.82 - - [30/May/2024:12:42:59 +0800] "GET /favicon.ico HTTP/1.1" 404 -
180.164.6.225 - - [30/May/2024:12:43:00 +0800] "POST /xingrg/kc/buy/cgsh_order_operate.html HTTP/1.1" 200 37
124.78.152.34 - - [30/May/2024:12:43:01 +0800] "GET /xingrg/kc/buy/cgsh_order_operate.html?command=get_materiel&rest_code=00106&code=00101001029&supplier_code=00100312&order_time=2024-05-30 HTTP/1.1" 200 417
222.67.233.39 - - [30/May/2024:12:43:01 +0800] "GET /xingrg/all/function/internal_message.html?_=1717044177481&CODE_STATE=getMsg HTTP/1.1" 200 27
180.164.6.225 - - [30/May/2024:12:43:02 +0800] "POST /xingrg/kc/buy/cgsh_order_operate.html HTTP/1.1" 200 3241
116.232.195.13 - - [30/May/2024:12:43:02 +0800] "GET /xingrg/all/function/internal_message.html?_=1717044125211&CODE_STATE=getMsg HTTP/1.1" 200 27
180.169.147.146 - - [30/May/2024:12:43:02 +0800] "GET /xingrg/kc/buy/cgsh_order_operate.html?command=get_materiel_price&rest_code=00147&code=00101029009&unit_code=00100179&supplier_code=00100017&order_time=2024-05-30 HTTP/1.1" 200 29
180.164.6.225 - - [30/May/2024:12:43:03 +0800] "GET /xingrg/kc/print/load_data.html?order_code=212024053009048&kc_code=cgsh&condition= HTTP/1.1" 200 885
101.83.144.49 - - [30/May/2024:12:43:04 +0800] "GET /xingrg/all/function/internal_message.html?_=1717043925501&CODE_STATE=getMsg HTTP/1.1" 200 27
120.253.135.82 - - [30/May/2024:12:43:05 +0800] "POST /xingrg/login.do HTTP/1.1" 302 -
120.253.135.82 - - [30/May/2024:12:43:05 +0800] "GET /xingrg/index.html?sysBaseUrl=http%3A%2F%2F180.169.147.146%3A18081%2Fxingrg%2F&costTime=13×tamp=1717044185419 HTTP/1.1" 200 17173
120.253.135.82 - - [30/May/2024:12:43:05 +0800] "GET /xingrg/javascript/jquery_easy_ui/themes/default/easyui.css HTTP/1.1" 304 -
