222.69.134.193 - - [30/May/2024:10:48:48 +0800] "GET /xingrg/kc/buy/cgsh_order_operate.html?command=get_materiel&rest_code=00154&code=00101009066&supplier_code=00100466&order_time=2024-05-30 HTTP/1.1" 200 417
116.238.97.31 - - [30/May/2024:10:48:48 +0800] "GET /xingrg/all/function/internal_message.html?_=1717037325431&CODE_STATE=getMsg HTTP/1.1" 200 27
124.78.152.34 - - [30/May/2024:10:48:52 +0800] "GET /xingrg/javascript/jquery_easy_ui/themes/default/images/tabs_active.png HTTP/1.1" 304 -
222.67.233.39 - - [30/May/2024:10:48:53 +0800] "GET /xingrg/all/function/internal_message.html?_=1717037333745&CODE_STATE=getMsg HTTP/1.1" 200 27
124.78.152.34 - - [30/May/2024:10:48:54 +0800] "GET /xingrg/kc/base/wldb_order_operate.html?command=get_materiel&rest_code=00106&base_code=0010396&code=00101019295 HTTP/1.1" 200 476
116.232.195.13 - - [30/May/2024:10:48:55 +0800] "GET /xingrg/all/function/internal_message.html?_=1717037278411&CODE_STATE=getMsg HTTP/1.1" 200 27
180.156.239.18 - - [30/May/2024:10:48:55 +0800] "GET /xingrg/kc/buy/cgsh_order_operate.html?command=get_materiel&rest_code=00150&code=00101004051&supplier_code=00100317&order_time=2024-05-30 HTTP/1.1" 200 429
116.238.97.31 - - [30/May/2024:10:48:58 +0800] "GET /xingrg/all/function/internal_message.html?_=1717037356370&CODE_STATE=getMsg HTTP/1.1" 200 27
124.79.78.120 - - [30/May/2024:10:49:00 +0800] "GET /xingrg/check_reg.html?_=1717037346602 HTTP/1.1" 200 22
124.79.78.120 - - [30/May/2024:10:49:00 +0800] "GET /xingrg/all/function/internal_message.html?_=1717037346614&CODE_STATE=getMsg HTTP/1.1" 200 27
222.69.134.193 - - [30/May/2024:10:49:01 +0800] "GET /xingrg/all/function/internal_message.html?_=1717037343214&CODE_STATE=getMsg HTTP/1.1" 200 27
124.78.152.34 - - [30/May/2024:10:49:06 +0800] "GET /xingrg/kc/base/wldb_order_operate.html?command=get_materiel&rest_code=00106&base_code=0010396&code=00101019258 HTTP/1.1" 200 483
180.156.239.18 - - [30/May/2024:10:49:06 +0800] "GET /xingrg/kc/buy/cgsh_order_operate.html?command=get_materiel&rest_code=00150&code=00101004046&supplier_code=00100317&order_time=2024-05-30 HTTP/1.1" 200 417
124.78.152.34 - - [30/May/2024:10:49:17 +0800] "GET /xingrg/all/function/internal_message.html?_=1717037359080&CODE_STATE=getMsg HTTP/1.1" 200 27
180.156.239.18 - - [30/May/2024:10:49:17 +0800] "GET /xingrg/kc/buy/cgsh_order_operate.html?command=get_materiel&rest_code=00150&code=00101004067&supplier_code=00100317&order_time=2024-05-30 HTTP/1.1" 200 413
116.238.97.31 - - [30/May/2024:10:49:20 +0800] "GET /xingrg/all/function/internal_message.html?_=1717037357181&CODE_STATE=getMsg HTTP/1.1" 200 27
180.156.239.18 - - [30/May/2024:10:49:20 +0800] "GET /xingrg/all/function/internal_message.html?_=1717037360666&CODE_STATE=getMsg HTTP/1.1" 200 27
124.78.152.34 - - [30/May/2024:10:49:21 +0800] "GET /xingrg/kc/base/wldb_order_operate.html?command=get_materiel&rest_code=00106&base_code=0010396&code=00101019492 HTTP/1.1" 200 457
101.83.144.49 - - [30/May/2024:10:49:21 +0800] "GET /xingrg/all/function/internal_message.html?_=1717037102467&CODE_STATE=getMsg HTTP/1.1" 200 27
101.83.144.49 - - [30/May/2024:10:49:23 +0800] "GET /xingrg/all/function/internal_message.html?_=1717037363251&CODE_STATE=getMsg HTTP/1.1" 200 27
116.235.94.80 - - [30/May/2024:10:49:24 +0800] "POST /xingrg/services/DataTransmitService HTTP/1.1" 200 524
222.69.134.193 - - [30/May/2024:10:49:25 +0800] "GET /xingrg/kc/buy/cgsh_order_operate.html?command=get_materiel&rest_code=00154&code=00101023053&supplier_code=00100466&order_time=2024-05-30 HTTP/1.1" 200 466
114.84.152.157 - - [30/May/2024:10:49:26 +0800] "GET /xingrg/all/function/internal_message.html?_=1717035712449&CODE_STATE=getMsg HTTP/1.1" 200 27
222.70.182.146 - - [30/May/2024:10:49:27 +0800] "GET /xingrg/all/function/internal_message.html?_=1717037362735&CODE_STATE=getMsg HTTP/1.1" 200 27
222.70.182.146 - - [30/May/2024:10:49:27 +0800] "GET /xingrg/check_reg.html?_=1717037363284 HTTP/1.1" 200 22
180.164.6.225 - - [30/May/2024:10:49:28 +0800] "GET /xingrg/all/function/internal_message.html?_=1717037367085&CODE_STATE=getMsg HTTP/1.1" 200 27
180.156.239.18 - - [30/May/2024:10:49:28 +0800] "GET /xingrg/kc/buy/cgsh_order_operate.html?command=get_materiel&rest_code=00150&code=00101004027&supplier_code=00100317&order_time=2024-05-30 HTTP/1.1" 200 409
180.156.239.18 - - [30/May/2024:10:49:29 +0800] "GET /xingrg/all/function/internal_message.html?_=1717037369766&CODE_STATE=getMsg HTTP/1.1" 200 27
124.78.152.34 - - [30/May/2024:10:49:30 +0800] "GET /xingrg/all/function/internal_message.html?_=1717037362597&CODE_STATE=getMsg HTTP/1.1" 200 27
114.83.220.212 - - [30/May/2024:10:49:38 +0800] "GET /xingrg/all/function/internal_message.html?_=1717037377651&CODE_STATE=getMsg HTTP/1.1" 200 27
180.169.147.146 - - [30/May/2024:10:49:39 +0800] "GET /xingrg/all/function/internal_message.html?_=1717037374494&CODE_STATE=getMsg HTTP/1.1" 200 27
180.156.239.18 - - [30/May/2024:10:49:39 +0800] "GET /xingrg/kc/buy/cgsh_order_operate.html?command=get_materiel&rest_code=00150&code=00101004071&supplier_code=00100317&order_time=2024-05-30 HTTP/1.1" 200 409
116.238.97.31 - - [30/May/2024:10:49:48 +0800] "GET /xingrg/all/function/internal_message.html?_=1717037385428&CODE_STATE=getMsg HTTP/1.1" 200 27
180.156.239.18 - - [30/May/2024:10:49:51 +0800] "POST /xingrg/kc/buy/cgsh_order_operate.html HTTP/1.1" 200 37
124.78.152.34 - - [30/May/2024:10:49:51 +0800] "GET /xingrg/kc/base/wldb_order_operate.html?command=get_materiel&rest_code=00106&base_code=0010396&code=00101013052 HTTP/1.1" 200 442
222.69.134.193 - - [30/May/2024:10:49:52 +0800] "GET /xingrg/kc/buy/cgsh_order_operate.html?command=get_materiel&rest_code=00154&code=00101010161&supplier_code=00100466&order_time=2024-05-30 HTTP/1.1" 200 409
114.83.220.212 - - [30/May/2024:10:49:53 +0800] "GET /xingrg/kc/buy/cgsh_order_operate.html?command=get_materiel&rest_code=00149&code=00101007061&supplier_code=00100096&order_time=2024-05-30 HTTP/1.1" 200 411
222.67.233.39 - - [30/May/2024:10:49:53 +0800] "GET /xingrg/all/function/internal_message.html?_=1717037393726&CODE_STATE=getMsg HTTP/1.1" 200 27
101.83.144.49 - - [30/May/2024:10:49:54 +0800] "GET /xingrg/kc/buy/cgsh_order_add.html HTTP/1.1" 200 74823
101.83.144.49 - - [30/May/2024:10:49:54 +0800] "GET /xingrg/words/20240530100417_words.js HTTP/1.1" 304 -
101.83.144.49 - - [30/May/2024:10:49:55 +0800] "POST /xingrg/kc/buy/cgsh_order_operate.html HTTP/1.1" 200 8245
101.83.144.49 - - [30/May/2024:10:49:55 +0800] "GET /xingrg/javascript/easyui/themes/default/validatebox.css HTTP/1.1" 404 1104
116.232.195.13 - - [30/May/2024:10:49:55 +0800] "GET /xingrg/all/function/internal_message.html?_=1717037338416&CODE_STATE=getMsg HTTP/1.1" 200 27
116.238.97.31 - - [30/May/2024:10:49:58 +0800] "GET /xingrg/all/function/internal_message.html?_=1717037416367&CODE_STATE=getMsg HTTP/1.1" 200 27
180.156.239.18 - - [30/May/2024:10:49:59 +0800] "POST /xingrg/kc/buy/cgsh_order_operate.html HTTP/1.1" 200 12
124.79.78.120 - - [30/May/2024:10:50:00 +0800] "GET /xingrg/all/function/internal_message.html?_=1717037406598&CODE_STATE=getMsg HTTP/1.1" 200 27
124.78.152.34 - - [30/May/2024:10:50:01 +0800] "GET /xingrg/kc/base/wldb_order_operate.html?command=get_materiel&rest_code=00106&base_code=0010396&code=00101016094 HTTP/1.1" 200 470
222.69.134.193 - - [30/May/2024:10:50:01 +0800] "GET /xingrg/all/function/internal_message.html?_=1717037403198&CODE_STATE=getMsg HTTP/1.1" 200 27
180.156.239.18 - - [30/May/2024:10:50:01 +0800] "GET /xingrg/kc/buy/cgsh_order_info.html?code=212024053008981 HTTP/1.1" 200 69676
180.156.239.18 - - [30/May/2024:10:50:02 +0800] "GET /xingrg/javascript/easyui/themes/default/validatebox.css HTTP/1.1" 404 1104
180.156.239.18 - - [30/May/2024:10:50:03 +0800] "POST /xingrg/kc/buy/cgsh_order_operate.html HTTP/1.1" 200 2981
180.156.239.18 - - [30/May/2024:10:50:04 +0800] "GET /xingrg/kc/print/load_data.html?order_code=212024053008981&kc_code=cgsh&condition= HTTP/1.1" 200 1647
114.83.220.212 - - [30/May/2024:10:50:07 +0800] "GET /xingrg/kc/buy/cgsh_order_operate.html?command=get_materiel&rest_code=00149&code=00101007049&supplier_code=00100096&order_time=2024-05-30 HTTP/1.1" 200 429
222.70.240.255 - - [30/May/2024:10:50:11 +0800] "POST /xingrg/services/DataTransmitService HTTP/1.1" 200 524
180.156.239.18 - - [30/May/2024:10:50:15 +0800] "GET /xingrg/kc/buy/cgsh_order_add.html HTTP/1.1" 200 74797
180.156.239.18 - - [30/May/2024:10:50:15 +0800] "POST /xingrg/kc/buy/cgsh_order_operate.html HTTP/1.1" 200 8245
180.156.239.18 - - [30/May/2024:10:50:15 +0800] "GET /xingrg/javascript/easyui/themes/default/validatebox.css HTTP/1.1" 404 1104
124.78.152.34 - - [30/May/2024:10:50:17 +0800] "GET /xingrg/all/function/internal_message.html?_=1717037419080&CODE_STATE=getMsg HTTP/1.1" 200 27
116.238.97.31 - - [30/May/2024:10:50:20 +0800] "GET /xingrg/all/function/internal_message.html?_=1717037417176&CODE_STATE=getMsg HTTP/1.1" 200 27
180.156.239.18 - - [30/May/2024:10:50:20 +0800] "GET /xingrg/all/function/internal_message.html?_=1717037420646&CODE_STATE=getMsg HTTP/1.1" 200 27
101.83.144.49 - - [30/May/2024:10:50:21 +0800] "GET /xingrg/all/function/internal_message.html?_=1717037162448&CODE_STATE=getMsg HTTP/1.1" 200 27
101.83.144.49 - - [30/May/2024:10:50:23 +0800] "GET /xingrg/all/function/internal_message.html?_=1717037423249&CODE_STATE=getMsg HTTP/1.1" 200 27
101.83.144.49 - - [30/May/2024:10:50:23 +0800] "GET /xingrg/check_reg.html?_=1717037423252 HTTP/1.1" 200 22
114.83.220.212 - - [30/May/2024:10:50:23 +0800] "GET /xingrg/kc/buy/cgsh_order_operate.html?command=get_materiel&rest_code=00149&code=00101006130&supplier_code=00100096&order_time=2024-05-30 HTTP/1.1" 200 437
124.78.152.34 - - [30/May/2024:10:50:24 +0800] "GET /xingrg/kc/base/wldb_order_operate.html?command=get_materiel&rest_code=00106&base_code=0010396&code=00101016083 HTTP/1.1" 200 448
114.84.152.157 - - [30/May/2024:10:50:26 +0800] "GET /xingrg/all/function/internal_message.html?_=1717035772440&CODE_STATE=getMsg HTTP/1.1" 200 27
222.70.182.146 - - [30/May/2024:10:50:27 +0800] "GET /xingrg/all/function/internal_message.html?_=1717037422710&CODE_STATE=getMsg HTTP/1.1" 200 27
180.164.6.225 - - [30/May/2024:10:50:28 +0800] "GET /xingrg/all/function/internal_message.html?_=1717037427084&CODE_STATE=getMsg HTTP/1.1" 200 27
180.156.239.18 - - [30/May/2024:10:50:29 +0800] "GET /xingrg/all/function/internal_message.html?_=1717037429770&CODE_STATE=getMsg HTTP/1.1" 200 27
124.78.152.34 - - [30/May/2024:10:50:30 +0800] "GET /xingrg/all/function/internal_message.html?_=1717037422568&CODE_STATE=getMsg HTTP/1.1" 200 27
124.78.152.34 - - [30/May/2024:10:50:37 +0800] "GET /xingrg/kc/base/wldb_order_operate.html?command=get_materiel&rest_code=00106&base_code=0010396&code=00101019448 HTTP/1.1" 200 483
114.83.220.212 - - [30/May/2024:10:50:38 +0800] "GET /xingrg/all/function/internal_message.html?_=1717037437650&CODE_STATE=getMsg HTTP/1.1" 200 27
180.156.239.18 - - [30/May/2024:10:50:38 +0800] "GET /xingrg/kc/buy/cgsh_order_operate.html?command=get_materiel&rest_code=00150&code=00101003082&supplier_code=00100094&order_time=2024-05-30 HTTP/1.1" 200 418
180.169.147.146 - - [30/May/2024:10:50:39 +0800] "GET /xingrg/all/function/internal_message.html?_=1717037434508&CODE_STATE=getMsg HTTP/1.1" 200 27
222.69.134.193 - - [30/May/2024:10:50:40 +0800] "GET /xingrg/kc/buy/cgsh_order_operate.html?command=get_materiel&rest_code=00154&code=00101023069&supplier_code=00100466&order_time=2024-05-30 HTTP/1.1" 200 456
180.156.239.18 - - [30/May/2024:10:50:42 +0800] "GET /xingrg/check_reg.html?_=1717037442385 HTTP/1.1" 200 22
222.69.134.193 - - [30/May/2024:10:50:44 +0800] "POST /xingrg/all/common/load_select.html HTTP/1.1" 200 25
114.83.220.212 - - [30/May/2024:10:50:48 +0800] "GET /xingrg/kc/buy/cgsh_order_operate.html?command=get_materiel&rest_code=00149&code=00101006111&supplier_code=00100096&order_time=2024-05-30 HTTP/1.1" 200 411
116.238.97.31 - - [30/May/2024:10:50:48 +0800] "GET /xingrg/all/function/internal_message.html?_=1717037445448&CODE_STATE=getMsg HTTP/1.1" 200 27
116.238.97.31 - - [30/May/2024:10:50:48 +0800] "GET /xingrg/check_reg.html?_=1717037445450 HTTP/1.1" 200 22
222.69.134.193 - - [30/May/2024:10:50:50 +0800] "GET /xingrg/kc/buy/cgsh_order_operate.html?command=get_materiel_price&rest_code=00154&code=00101023069&unit_code=00100110&supplier_code=00100466&order_time=2024-05-30 HTTP/1.1" 200 29
180.156.239.18 - - [30/May/2024:10:50:52 +0800] "GET /xingrg/kc/buy/cgsh_order_operate.html?command=get_materiel&rest_code=00150&code=00101002038&supplier_code=00100094&order_time=2024-05-30 HTTP/1.1" 200 416
222.67.233.39 - - [30/May/2024:10:50:53 +0800] "GET /xingrg/check_reg.html?_=1717037453490 HTTP/1.1" 200 22
222.67.233.39 - - [30/May/2024:10:50:53 +0800] "GET /xingrg/all/function/internal_message.html?_=1717037453710&CODE_STATE=getMsg HTTP/1.1" 200 27
116.232.195.13 - - [30/May/2024:10:50:55 +0800] "GET /xingrg/all/function/internal_message.html?_=1717037398407&CODE_STATE=getMsg HTTP/1.1" 200 27
116.238.97.31 - - [30/May/2024:10:50:58 +0800] "GET /xingrg/all/function/internal_message.html?_=1717037476379&CODE_STATE=getMsg HTTP/1.1" 200 27
124.79.78.120 - - [30/May/2024:10:51:00 +0800] "GET /xingrg/all/function/internal_message.html?_=1717037466627&CODE_STATE=getMsg HTTP/1.1" 200 27
222.69.134.193 - - [30/May/2024:10:51:01 +0800] "GET /xingrg/all/function/internal_message.html?_=1717037463188&CODE_STATE=getMsg HTTP/1.1" 200 27
222.69.134.193 - - [30/May/2024:10:51:01 +0800] "GET /xingrg/check_reg.html?_=1717037463880 HTTP/1.1" 200 22
120.253.135.82 - - [30/May/2024:10:51:03 +0800] "GET /xingrg/check_reg.html?_=1717037315877 HTTP/1.1" 200 22
114.83.220.212 - - [30/May/2024:10:51:03 +0800] "GET /xingrg/kc/buy/cgsh_order_operate.html?command=get_materiel&rest_code=00149&code=00101006112&supplier_code=00100096&order_time=2024-05-30 HTTP/1.1" 200 411
180.156.239.18 - - [30/May/2024:10:51:07 +0800] "POST /xingrg/kc/buy/cgsh_order_operate.html HTTP/1.1" 200 37
222.69.134.193 - - [30/May/2024:10:51:10 +0800] "GET /xingrg/kc/buy/cgsh_order_operate.html?command=get_materiel&rest_code=00154&code=00102002453&supplier_code=00100466&order_time=2024-05-30 HTTP/1.1" 200 435
124.78.152.34 - - [30/May/2024:10:51:14 +0800] "POST /xingrg/kc/base/wldb_order_operate.html HTTP/1.1" 200 37
180.156.239.18 - - [30/May/2024:10:51:15 +0800] "POST /xingrg/kc/buy/cgsh_order_operate.html HTTP/1.1" 200 12
124.78.152.34 - - [30/May/2024:10:51:15 +0800] "POST /xingrg/kc/base/wldb_order_operate.html HTTP/1.1" 200 6227
124.78.152.34 - - [30/May/2024:10:51:16 +0800] "GET /xingrg/kc/base/wldb_order_info.html?code=422024053002092 HTTP/1.1" 200 30718
124.78.152.34 - - [30/May/2024:10:51:17 +0800] "GET /xingrg/all/function/internal_message.html?_=1717037479157&CODE_STATE=getMsg HTTP/1.1" 200 27
124.78.152.34 - - [30/May/2024:10:51:17 +0800] "GET /xingrg/javascript/easyui/themes/default/validatebox.css HTTP/1.1" 404 1104
114.83.220.212 - - [30/May/2024:10:51:17 +0800] "GET /xingrg/kc/buy/cgsh_order_operate.html?command=get_materiel&rest_code=00149&code=00101006177&supplier_code=00100096&order_time=2024-05-30 HTTP/1.1" 200 408
180.156.239.18 - - [30/May/2024:10:51:17 +0800] "GET /xingrg/kc/buy/cgsh_order_info.html?code=212024053008982 HTTP/1.1" 200 69672
180.156.239.18 - - [30/May/2024:10:51:17 +0800] "GET /xingrg/javascript/easyui/themes/default/validatebox.css HTTP/1.1" 404 1104
124.78.152.34 - - [30/May/2024:10:51:17 +0800] "POST /xingrg/kc/base/wldb_order_operate.html HTTP/1.1" 200 6227
180.156.239.18 - - [30/May/2024:10:51:19 +0800] "POST /xingrg/kc/buy/cgsh_order_operate.html HTTP/1.1" 200 1219
116.238.97.31 - - [30/May/2024:10:51:20 +0800] "GET /xingrg/check_reg.html?_=1717037477189 HTTP/1.1" 200 22
116.238.97.31 - - [30/May/2024:10:51:20 +0800] "GET /xingrg/all/function/internal_message.html?_=1717037477185&CODE_STATE=getMsg HTTP/1.1" 200 27
180.156.239.18 - - [30/May/2024:10:51:20 +0800] "GET /xingrg/all/function/internal_message.html?_=1717037480621&CODE_STATE=getMsg HTTP/1.1" 200 27
101.83.144.49 - - [30/May/2024:10:51:20 +0800] "GET /xingrg/kc/buy/cgsh_order_operate.html?command=get_materiel&rest_code=00105&code=00101029011&supplier_code=00100017&order_time=2024-05-30 HTTP/1.1" 200 480
101.83.144.49 - - [30/May/2024:10:51:21 +0800] "GET /xingrg/all/function/internal_message.html?_=1717037222432&CODE_STATE=getMsg HTTP/1.1" 200 27
180.156.239.18 - - [30/May/2024:10:51:22 +0800] "GET /xingrg/kc/print/load_data.html?order_code=212024053008982&kc_code=cgsh&condition= HTTP/1.1" 200 1061
101.83.144.49 - - [30/May/2024:10:51:23 +0800] "GET /xingrg/all/function/internal_message.html?_=1717037483252&CODE_STATE=getMsg HTTP/1.1" 200 27
114.84.152.157 - - [30/May/2024:10:51:26 +0800] "GET /xingrg/all/function/internal_message.html?_=1717035832439&CODE_STATE=getMsg HTTP/1.1" 200 27
222.70.182.146 - - [30/May/2024:10:51:27 +0800] "GET /xingrg/all/function/internal_message.html?_=1717037482704&CODE_STATE=getMsg HTTP/1.1" 200 27
180.164.6.225 - - [30/May/2024:10:51:28 +0800] "GET /xingrg/all/function/internal_message.html?_=1717037487074&CODE_STATE=getMsg HTTP/1.1" 200 27
180.164.6.225 - - [30/May/2024:10:51:28 +0800] "GET /xingrg/check_reg.html?_=1717037487078 HTTP/1.1" 200 22
180.156.239.18 - - [30/May/2024:10:51:28 +0800] "GET /xingrg/kc/buy/cgsh_order_add.html HTTP/1.1" 200 74797
180.156.239.18 - - [30/May/2024:10:51:28 +0800] "POST /xingrg/kc/buy/cgsh_order_operate.html HTTP/1.1" 200 8245
180.156.239.18 - - [30/May/2024:10:51:28 +0800] "GET /xingrg/javascript/easyui/themes/default/validatebox.css HTTP/1.1" 404 1104
180.156.239.18 - - [30/May/2024:10:51:29 +0800] "GET /xingrg/all/function/internal_message.html?_=1717037489763&CODE_STATE=getMsg HTTP/1.1" 200 27
124.78.152.34 - - [30/May/2024:10:51:30 +0800] "GET /xingrg/all/function/internal_message.html?_=1717037482552&CODE_STATE=getMsg HTTP/1.1" 200 27
124.78.152.34 - - [30/May/2024:10:51:31 +0800] "POST /xingrg/kc/base/wldb_order_operate.html HTTP/1.1" 200 37
124.78.152.34 - - [30/May/2024:10:51:32 +0800] "POST /xingrg/kc/base/wldb_order_operate.html HTTP/1.1" 200 6227
114.83.220.212 - - [30/May/2024:10:51:32 +0800] "GET /xingrg/kc/buy/cgsh_order_operate.html?command=get_materiel&rest_code=00149&code=00101006055&supplier_code=00100096&order_time=2024-05-30 HTTP/1.1" 200 431
124.78.152.34 - - [30/May/2024:10:51:32 +0800] "GET /xingrg/kc/base/wldb_order_info.html?code=422024053002092 HTTP/1.1" 200 30718
124.78.152.34 - - [30/May/2024:10:51:33 +0800] "GET /xingrg/javascript/easyui/themes/default/validatebox.css HTTP/1.1" 404 1104
124.78.152.34 - - [30/May/2024:10:51:33 +0800] "POST /xingrg/kc/base/wldb_order_operate.html HTTP/1.1" 200 6227
124.78.152.34 - - [30/May/2024:10:51:37 +0800] "GET /xingrg/kc/base/wldb_order_add.html HTTP/1.1" 200 30703
124.78.152.34 - - [30/May/2024:10:51:37 +0800] "POST /xingrg/kc/base/wldb_order_operate.html HTTP/1.1" 200 6806
124.78.152.34 - - [30/May/2024:10:51:38 +0800] "GET /xingrg/javascript/easyui/themes/default/validatebox.css HTTP/1.1" 404 1104
114.83.220.212 - - [30/May/2024:10:51:38 +0800] "GET /xingrg/all/function/internal_message.html?_=1717037497655&CODE_STATE=getMsg HTTP/1.1" 200 27
180.156.239.18 - - [30/May/2024:10:51:39 +0800] "GET /xingrg/kc/buy/cgsh_order_operate.html?command=get_materiel&rest_code=00150&code=00101002006&supplier_code=00100091&order_time=2024-05-30 HTTP/1.1" 200 414
180.169.147.146 - - [30/May/2024:10:51:39 +0800] "GET /xingrg/all/function/internal_message.html?_=1717037494506&CODE_STATE=getMsg HTTP/1.1" 200 27
180.169.147.146 - - [30/May/2024:10:51:39 +0800] "GET /xingrg/check_reg.html?_=1717037494509 HTTP/1.1" 200 22
124.78.152.34 - - [30/May/2024:10:51:39 +0800] "POST /xingrg/all/common/load_combo.html?type=base HTTP/1.1" 200 3227
124.78.152.34 - - [30/May/2024:10:51:45 +0800] "POST /xingrg/all/common/load_combo.html?type=base HTTP/1.1" 200 3227
222.69.134.193 - - [30/May/2024:10:51:47 +0800] "GET /xingrg/kc/buy/cgsh_order_operate.html?command=get_materiel&rest_code=00154&code=00101016153&supplier_code=00100466&order_time=2024-05-30 HTTP/1.1" 200 417
114.83.220.212 - - [30/May/2024:10:51:47 +0800] "GET /xingrg/kc/buy/cgsh_order_operate.html?command=get_materiel&rest_code=00149&code=00101012025&supplier_code=00100096&order_time=2024-05-30 HTTP/1.1" 200 412
116.238.97.31 - - [30/May/2024:10:51:48 +0800] "GET /xingrg/all/function/internal_message.html?_=1717037505436&CODE_STATE=getMsg HTTP/1.1" 200 27
180.156.239.18 - - [30/May/2024:10:51:52 +0800] "GET /xingrg/kc/buy/cgsh_order_operate.html?command=get_materiel&rest_code=00150&code=00101002034&supplier_code=00100091&order_time=2024-05-30 HTTP/1.1" 200 410
222.67.233.39 - - [30/May/2024:10:51:53 +0800] "GET /xingrg/all/function/internal_message.html?_=1717037513693&CODE_STATE=getMsg HTTP/1.1" 200 27
116.232.195.13 - - [30/May/2024:10:51:55 +0800] "GET /xingrg/check_reg.html?_=1717037458427 HTTP/1.1" 200 22
116.232.195.13 - - [30/May/2024:10:51:55 +0800] "GET /xingrg/all/function/internal_message.html?_=1717037458431&CODE_STATE=getMsg HTTP/1.1" 200 27
116.238.97.31 - - [30/May/2024:10:51:58 +0800] "GET /xingrg/check_reg.html?_=1717037536376 HTTP/1.1" 200 22
116.238.97.31 - - [30/May/2024:10:51:58 +0800] "GET /xingrg/all/function/internal_message.html?_=1717037536378&CODE_STATE=getMsg HTTP/1.1" 200 27
114.83.220.212 - - [30/May/2024:10:52:00 +0800] "GET /xingrg/kc/buy/cgsh_order_operate.html?command=get_materiel&rest_code=00149&code=00101012059&supplier_code=00100096&order_time=2024-05-30 HTTP/1.1" 200 412
124.78.152.34 - - [30/May/2024:10:52:00 +0800] "GET /xingrg/kc/base/wldb_order_operate.html?command=get_materiel&rest_code=00106&base_code=0010396&code=00101019079 HTTP/1.1" 200 479
222.69.134.193 - - [30/May/2024:10:52:00 +0800] "GET /xingrg/kc/buy/cgsh_order_operate.html?command=get_materiel&rest_code=00154&code=00101010967&supplier_code=00100466&order_time=2024-05-30 HTTP/1.1" 200 415
124.79.78.120 - - [30/May/2024:10:52:00 +0800] "GET /xingrg/all/function/internal_message.html?_=1717037526628&CODE_STATE=getMsg HTTP/1.1" 200 27
222.69.134.193 - - [30/May/2024:10:52:01 +0800] "GET /xingrg/all/function/internal_message.html?_=1717037523167&CODE_STATE=getMsg HTTP/1.1" 200 27
180.156.239.18 - - [30/May/2024:10:52:06 +0800] "POST /xingrg/kc/buy/cgsh_order_operate.html HTTP/1.1" 200 37
101.83.144.49 - - [30/May/2024:10:52:07 +0800] "GET /xingrg/check_reg.html?_=1717037268299 HTTP/1.1" 200 22
124.78.152.34 - - [30/May/2024:10:52:07 +0800] "GET /xingrg/kc/base/wldb_order_operate.html?command=get_materiel&rest_code=00106&base_code=0010396&code=00101019315 HTTP/1.1" 200 474
114.83.220.212 - - [30/May/2024:10:52:11 +0800] "GET /xingrg/kc/buy/cgsh_order_operate.html?command=get_materiel&rest_code=00149&code=00101016030&supplier_code=00100096&order_time=2024-05-30 HTTP/1.1" 200 412
180.156.239.18 - - [30/May/2024:10:52:13 +0800] "POST /xingrg/kc/buy/cgsh_order_operate.html HTTP/1.1" 200 12
180.156.239.18 - - [30/May/2024:10:52:15 +0800] "GET /xingrg/kc/buy/cgsh_order_info.html?code=212024053008983 HTTP/1.1" 200 69676
180.156.239.18 - - [30/May/2024:10:52:15 +0800] "GET /xingrg/words/20240530100417_words.js HTTP/1.1" 304 -
180.156.239.18 - - [30/May/2024:10:52:16 +0800] "GET /xingrg/javascript/easyui/themes/default/validatebox.css HTTP/1.1" 404 1104
124.78.152.34 - - [30/May/2024:10:52:17 +0800] "GET /xingrg/check_reg.html?_=1717037539089 HTTP/1.1" 200 22
124.78.152.34 - - [30/May/2024:10:52:17 +0800] "GET /xingrg/all/function/internal_message.html?_=1717037539138&CODE_STATE=getMsg HTTP/1.1" 200 27
180.156.239.18 - - [30/May/2024:10:52:17 +0800] "POST /xingrg/kc/buy/cgsh_order_operate.html HTTP/1.1" 200 1203
222.69.134.193 - - [30/May/2024:10:52:18 +0800] "GET /xingrg/kc/buy/cgsh_order_operate.html?command=get_materiel&rest_code=00154&code=00101029124&supplier_code=00100466&order_time=2024-05-30 HTTP/1.1" 200 425
180.156.239.18 - - [30/May/2024:10:52:19 +0800] "GET /xingrg/kc/print/load_data.html?order_code=212024053008983&kc_code=cgsh&condition= HTTP/1.1" 200 1027
116.238.97.31 - - [30/May/2024:10:52:20 +0800] "GET /xingrg/all/function/internal_message.html?_=1717037537185&CODE_STATE=getMsg HTTP/1.1" 200 27
180.156.239.18 - - [30/May/2024:10:52:20 +0800] "GET /xingrg/all/function/internal_message.html?_=1717037540592&CODE_STATE=getMsg HTTP/1.1" 200 27
101.83.144.49 - - [30/May/2024:10:52:21 +0800] "GET /xingrg/all/function/internal_message.html?_=1717037282409&CODE_STATE=getMsg HTTP/1.1" 200 27
101.83.144.49 - - [30/May/2024:10:52:23 +0800] "GET /xingrg/all/function/internal_message.html?_=1717037543252&CODE_STATE=getMsg HTTP/1.1" 200 27
114.84.152.157 - - [30/May/2024:10:52:26 +0800] "GET /xingrg/all/function/internal_message.html?_=1717035892452&CODE_STATE=getMsg HTTP/1.1" 200 27
222.70.182.146 - - [30/May/2024:10:52:27 +0800] "GET /xingrg/all/function/internal_message.html?_=1717037542692&CODE_STATE=getMsg HTTP/1.1" 200 27
180.156.239.18 - - [30/May/2024:10:52:27 +0800] "GET /xingrg/kc/buy/cgsh_order_add.html HTTP/1.1" 200 74797
180.156.239.18 - - [30/May/2024:10:52:27 +0800] "POST /xingrg/kc/buy/cgsh_order_operate.html HTTP/1.1" 200 8245
180.156.239.18 - - [30/May/2024:10:52:27 +0800] "GET /xingrg/javascript/easyui/themes/default/validatebox.css HTTP/1.1" 404 1104
180.164.6.225 - - [30/May/2024:10:52:28 +0800] "GET /xingrg/all/function/internal_message.html?_=1717037547082&CODE_STATE=getMsg HTTP/1.1" 200 27
180.156.239.18 - - [30/May/2024:10:52:29 +0800] "GET /xingrg/check_reg.html?_=1717037549769 HTTP/1.1" 200 22
180.156.239.18 - - [30/May/2024:10:52:29 +0800] "GET /xingrg/all/function/internal_message.html?_=1717037549771&CODE_STATE=getMsg HTTP/1.1" 200 27
124.78.152.34 - - [30/May/2024:10:52:30 +0800] "GET /xingrg/all/function/internal_message.html?_=1717037542527&CODE_STATE=getMsg HTTP/1.1" 200 27
222.70.182.146 - - [30/May/2024:10:52:37 +0800] "GET /xingrg/kc/buy/cgsh_order_add.html HTTP/1.1" 200 74697
222.70.182.146 - - [30/May/2024:10:52:38 +0800] "POST /xingrg/kc/buy/cgsh_order_operate.html HTTP/1.1" 200 8245
222.70.182.146 - - [30/May/2024:10:52:38 +0800] "GET /xingrg/javascript/easyui/themes/default/validatebox.css HTTP/1.1" 404 1104
114.83.220.212 - - [30/May/2024:10:52:38 +0800] "GET /xingrg/all/function/internal_message.html?_=1717037557670&CODE_STATE=getMsg HTTP/1.1" 200 27
114.83.220.212 - - [30/May/2024:10:52:38 +0800] "POST /xingrg/kc/buy/cgsh_order_operate.html HTTP/1.1" 200 37
180.169.147.146 - - [30/May/2024:10:52:39 +0800] "GET /xingrg/all/function/internal_message.html?_=1717037554496&CODE_STATE=getMsg HTTP/1.1" 200 27
124.78.152.34 - - [30/May/2024:10:52:45 +0800] "GET /xingrg/kc/base/wldb_order_operate.html?command=get_materiel&rest_code=00106&base_code=0010396&code=00101019391 HTTP/1.1" 200 485
180.156.239.18 - - [30/May/2024:10:52:47 +0800] "GET /xingrg/kc/buy/cgsh_order_operate.html?command=get_materiel&rest_code=00150&code=00101001125&supplier_code=00100090&order_time=2024-05-30 HTTP/1.1" 200 417
116.238.97.31 - - [30/May/2024:10:52:48 +0800] "GET /xingrg/all/function/internal_message.html?_=1717037565437&CODE_STATE=getMsg HTTP/1.1" 200 27
101.83.144.49 - - [30/May/2024:10:52:52 +0800] "GET /xingrg/kc/buy/cgsh_order_operate.html?command=get_materiel&rest_code=00105&code=00101028032&supplier_code=00100017&order_time=2024-05-30 HTTP/1.1" 200 438
222.67.233.39 - - [30/May/2024:10:52:53 +0800] "GET /xingrg/all/function/internal_message.html?_=1717037573678&CODE_STATE=getMsg HTTP/1.1" 200 27
222.70.182.146 - - [30/May/2024:10:52:53 +0800] "GET /xingrg/kc/buy/cgsh_order_operate.html?command=get_materiel&rest_code=00111&code=00101004030&supplier_code=00100199&order_time=2024-05-30 HTTP/1.1" 200 408
114.83.220.212 - - [30/May/2024:10:52:54 +0800] "POST /xingrg/kc/buy/cgsh_order_operate.html HTTP/1.1" 200 12
116.232.195.13 - - [30/May/2024:10:52:55 +0800] "GET /xingrg/all/function/internal_message.html?_=1717037518408&CODE_STATE=getMsg HTTP/1.1" 200 27
114.83.220.212 - - [30/May/2024:10:52:56 +0800] "GET /xingrg/kc/buy/cgsh_order_info.html?code=212024053008984 HTTP/1.1" 200 69690
114.83.220.212 - - [30/May/2024:10:52:57 +0800] "GET /xingrg/words/20240530100417_words.js HTTP/1.1" 304 -
114.83.220.212 - - [30/May/2024:10:52:57 +0800] "GET /xingrg/javascript/easyui/themes/default/validatebox.css HTTP/1.1" 404 1104
116.238.97.31 - - [30/May/2024:10:52:58 +0800] "GET /xingrg/all/function/internal_message.html?_=1717037596373&CODE_STATE=getMsg HTTP/1.1" 200 27
114.83.220.212 - - [30/May/2024:10:52:58 +0800] "POST /xingrg/kc/buy/cgsh_order_operate.html HTTP/1.1" 200 5946
114.83.220.212 - - [30/May/2024:10:53:00 +0800] "GET /xingrg/kc/print/load_data.html?order_code=212024053008984&kc_code=cgsh&condition= HTTP/1.1" 200 2711
101.83.144.49 - - [30/May/2024:10:53:00 +0800] "POST /xingrg/all/common/load_select.html HTTP/1.1" 200 25
124.79.78.120 - - [30/May/2024:10:53:00 +0800] "GET /xingrg/all/function/internal_message.html?_=1717037586629&CODE_STATE=getMsg HTTP/1.1" 200 27
222.69.134.193 - - [30/May/2024:10:53:01 +0800] "GET /xingrg/all/function/internal_message.html?_=1717037583147&CODE_STATE=getMsg HTTP/1.1" 200 27
180.156.239.18 - - [30/May/2024:10:53:03 +0800] "GET /xingrg/kc/buy/cgsh_order_operate.html?command=get_materiel&rest_code=00150&code=00101004104&supplier_code=00100090&order_time=2024-05-30 HTTP/1.1" 200 429
222.70.182.146 - - [30/May/2024:10:53:05 +0800] "GET /xingrg/kc/buy/cgsh_order_operate.html?command=get_materiel&rest_code=00111&code=00101002022&supplier_code=00100199&order_time=2024-05-30 HTTP/1.1" 200 409
101.83.144.49 - - [30/May/2024:10:53:06 +0800] "GET /xingrg/kc/buy/cgsh_order_operate.html?command=get_materiel_price&rest_code=00105&code=00101028032&unit_code=00100156&supplier_code=00100017&order_time=2024-05-30 HTTP/1.1" 200 27
180.156.239.18 - - [30/May/2024:10:53:10 +0800] "GET /xingrg/kc/buy/cgsh_order_operate.html?command=get_materiel&rest_code=00150&code=00101004101&supplier_code=00100090&order_time=2024-05-30 HTTP/1.1" 200 433
124.78.152.34 - - [30/May/2024:10:53:15 +0800] "POST /xingrg/kc/base/wldb_order_operate.html HTTP/1.1" 200 37
124.78.152.34 - - [30/May/2024:10:53:16 +0800] "POST /xingrg/kc/base/wldb_order_operate.html HTTP/1.1" 200 3747
124.78.152.34 - - [30/May/2024:10:53:17 +0800] "GET /xingrg/all/function/internal_message.html?_=1717037599337&CODE_STATE=getMsg HTTP/1.1" 200 27
124.78.152.34 - - [30/May/2024:10:53:18 +0800] "GET /xingrg/kc/base/wldb_order_info.html?code=422024053002093 HTTP/1.1" 200 30717
124.78.152.34 - - [30/May/2024:10:53:18 +0800] "GET /xingrg/words/20240530100417_words.js HTTP/1.1" 304 -
124.78.152.34 - - [30/May/2024:10:53:18 +0800] "GET /xingrg/javascript/easyui/themes/default/validatebox.css HTTP/1.1" 404 1104
124.78.152.34 - - [30/May/2024:10:53:19 +0800] "POST /xingrg/kc/base/wldb_order_operate.html HTTP/1.1" 200 3747
116.238.97.31 - - [30/May/2024:10:53:20 +0800] "GET /xingrg/all/function/internal_message.html?_=1717037597180&CODE_STATE=getMsg HTTP/1.1" 200 27
180.156.239.18 - - [30/May/2024:10:53:20 +0800] "GET /xingrg/all/function/internal_message.html?_=1717037600571&CODE_STATE=getMsg HTTP/1.1" 200 27
101.83.144.49 - - [30/May/2024:10:53:21 +0800] "GET /xingrg/all/function/internal_message.html?_=1717037342380&CODE_STATE=getMsg HTTP/1.1" 200 27
124.78.152.34 - - [30/May/2024:10:53:22 +0800] "GET /xingrg/kc/base/wldb_order_add.html HTTP/1.1" 200 30703
124.78.152.34 - - [30/May/2024:10:53:22 +0800] "POST /xingrg/kc/base/wldb_order_operate.html HTTP/1.1" 200 6806
124.78.152.34 - - [30/May/2024:10:53:23 +0800] "GET /xingrg/javascript/easyui/themes/default/validatebox.css HTTP/1.1" 404 1104
101.83.144.49 - - [30/May/2024:10:53:23 +0800] "GET /xingrg/all/function/internal_message.html?_=1717037603254&CODE_STATE=getMsg HTTP/1.1" 200 27
124.78.152.34 - - [30/May/2024:10:53:25 +0800] "POST /xingrg/all/common/load_combo.html?type=base HTTP/1.1" 200 3227
114.84.152.157 - - [30/May/2024:10:53:26 +0800] "GET /xingrg/all/function/internal_message.html?_=1717035952459&CODE_STATE=getMsg HTTP/1.1" 200 27
114.84.152.157 - - [30/May/2024:10:53:26 +0800] "GET /xingrg/check_reg.html?_=1717035952458 HTTP/1.1" 200 22
222.70.182.146 - - [30/May/2024:10:53:26 +0800] "POST /xingrg/kc/buy/cgsh_order_operate.html HTTP/1.1" 200 64
180.156.239.18 - - [30/May/2024:10:53:27 +0800] "POST /xingrg/kc/buy/cgsh_order_operate.html HTTP/1.1" 200 37
180.164.6.225 - - [30/May/2024:10:53:28 +0800] "GET /xingrg/all/function/internal_message.html?_=1717037607092&CODE_STATE=getMsg HTTP/1.1" 200 27
116.238.97.31 - - [30/May/2024:10:53:28 +0800] "GET /xingrg/check_reg.html?_=1717037607820 HTTP/1.1" 200 22
124.78.152.34 - - [30/May/2024:10:53:29 +0800] "POST /xingrg/all/common/load_combo.html?type=base HTTP/1.1" 200 3227
222.69.134.193 - - [30/May/2024:10:53:29 +0800] "GET /xingrg/kc/buy/cgsh_order_operate.html?command=get_materiel&rest_code=00154&code=00101040101&supplier_code=00100466&order_time=2024-05-30 HTTP/1.1" 200 416
180.156.239.18 - - [30/May/2024:10:53:29 +0800] "GET /xingrg/all/function/internal_message.html?_=1717037609768&CODE_STATE=getMsg HTTP/1.1" 200 27
124.78.152.34 - - [30/May/2024:10:53:30 +0800] "GET /xingrg/all/function/internal_message.html?_=1717037602498&CODE_STATE=getMsg HTTP/1.1" 200 27
124.78.152.34 - - [30/May/2024:10:53:32 +0800] "GET /xingrg/check_reg.html?_=1717037604585 HTTP/1.1" 200 22
114.83.220.212 - - [30/May/2024:10:53:34 +0800] "GET /xingrg/kc/buy/cgsh_order_add.html HTTP/1.1" 200 74829
114.83.220.212 - - [30/May/2024:10:53:34 +0800] "POST /xingrg/kc/buy/cgsh_order_operate.html HTTP/1.1" 200 8245
114.83.220.212 - - [30/May/2024:10:53:35 +0800] "GET /xingrg/javascript/easyui/themes/default/validatebox.css HTTP/1.1" 404 1104
222.70.182.146 - - [30/May/2024:10:53:36 +0800] "POST /xingrg/kc/buy/cgsh_order_operate.html HTTP/1.1" 200 37
180.156.239.18 - - [30/May/2024:10:53:38 +0800] "POST /xingrg/kc/buy/cgsh_order_operate.html HTTP/1.1" 200 12
114.83.220.212 - - [30/May/2024:10:53:38 +0800] "GET /xingrg/all/function/internal_message.html?_=1717037617659&CODE_STATE=getMsg HTTP/1.1" 200 27
180.169.147.146 - - [30/May/2024:10:53:39 +0800] "GET /xingrg/all/function/internal_message.html?_=1717037614495&CODE_STATE=getMsg HTTP/1.1" 200 27
222.70.182.146 - - [30/May/2024:10:53:43 +0800] "POST /xingrg/kc/buy/cgsh_order_operate.html HTTP/1.1" 200 12
180.156.239.18 - - [30/May/2024:10:53:44 +0800] "GET /xingrg/kc/buy/cgsh_order_info.html?code=212024053008985 HTTP/1.1" 200 69676
180.156.239.18 - - [30/May/2024:10:53:44 +0800] "GET /xingrg/javascript/easyui/themes/default/validatebox.css HTTP/1.1" 404 1104
180.156.239.18 - - [30/May/2024:10:53:45 +0800] "GET /xingrg/kc/print/load_data.html?order_code=212024053008985&kc_code=cgsh&condition= HTTP/1.1" 200 1257
222.70.182.146 - - [30/May/2024:10:53:45 +0800] "GET /xingrg/kc/buy/cgsh_order_info.html?code=212024053008987 HTTP/1.1" 200 69566
180.156.239.18 - - [30/May/2024:10:53:46 +0800] "POST /xingrg/kc/buy/cgsh_order_operate.html HTTP/1.1" 200 1799
222.70.182.146 - - [30/May/2024:10:53:46 +0800] "GET /xingrg/javascript/easyui/themes/default/validatebox.css HTTP/1.1" 404 1104
222.70.182.146 - - [30/May/2024:10:53:47 +0800] "POST /xingrg/kc/buy/cgsh_order_operate.html HTTP/1.1" 200 1192
222.69.134.193 - - [30/May/2024:10:53:47 +0800] "GET /xingrg/kc/buy/cgsh_order_operate.html?command=get_materiel&rest_code=00154&code=00101016011&supplier_code=00100466&order_time=2024-05-30 HTTP/1.1" 200 410
116.238.97.31 - - [30/May/2024:10:53:48 +0800] "GET /xingrg/all/function/internal_message.html?_=1717037625440&CODE_STATE=getMsg HTTP/1.1" 200 27
180.156.239.18 - - [30/May/2024:10:53:49 +0800] "GET /xingrg/kc/print/load_data.html?order_code=212024053008985&kc_code=cgsh&condition= HTTP/1.1" 200 1257
114.83.220.212 - - [30/May/2024:10:53:50 +0800] "GET /xingrg/kc/buy/cgsh_order_operate.html?command=get_materiel&rest_code=00149&code=00101001161&supplier_code=00100083&order_time=2024-05-30 HTTP/1.1" 200 409
222.70.182.146 - - [30/May/2024:10:53:50 +0800] "GET /xingrg/kc/print/load_data.html?order_code=212024053008987&kc_code=cgsh&condition= HTTP/1.1" 200 911
124.78.152.34 - - [30/May/2024:10:53:52 +0800] "GET /xingrg/kc/base/wldb_order_operate.html?command=get_materiel&rest_code=00106&base_code=0010396&code=00101019184 HTTP/1.1" 200 458
222.67.233.39 - - [30/May/2024:10:53:53 +0800] "GET /xingrg/all/function/internal_message.html?_=1717037633649&CODE_STATE=getMsg HTTP/1.1" 200 27
116.232.195.13 - - [30/May/2024:10:53:55 +0800] "GET /xingrg/all/function/internal_message.html?_=1717037578423&CODE_STATE=getMsg HTTP/1.1" 200 27
116.238.97.31 - - [30/May/2024:10:53:58 +0800] "GET /xingrg/all/function/internal_message.html?_=1717037656370&CODE_STATE=getMsg HTTP/1.1" 200 27
180.156.239.18 - - [30/May/2024:10:53:58 +0800] "GET /xingrg/kc/buy/cgsh_order_add.html HTTP/1.1" 200 74797
180.156.239.18 - - [30/May/2024:10:53:58 +0800] "POST /xingrg/kc/buy/cgsh_order_operate.html HTTP/1.1" 200 8245
180.156.239.18 - - [30/May/2024:10:53:58 +0800] "GET /xingrg/javascript/easyui/themes/default/validatebox.css HTTP/1.1" 404 1104
116.238.97.31 - - [30/May/2024:10:53:59 +0800] "POST /xingrg/services/DataTransmitService HTTP/1.1" 401 565
114.83.220.212 - - [30/May/2024:10:53:59 +0800] "GET /xingrg/kc/buy/cgsh_order_operate.html?command=get_materiel&rest_code=00149&code=00101004051&supplier_code=00100083&order_time=2024-05-30 HTTP/1.1" 200 429
116.238.97.31 - - [30/May/2024:10:53:59 +0800] "POST /xingrg/services/DataTransmitService HTTP/1.1" 200 478
116.238.97.31 - - [30/May/2024:10:54:00 +0800] "POST /xingrg/services/DataTransmitService HTTP/1.1" 200 1319
116.238.97.31 - - [30/May/2024:10:54:00 +0800] "POST /xingrg/services/DataTransmitService HTTP/1.1" 200 478
116.238.97.31 - - [30/May/2024:10:54:00 +0800] "POST /xingrg/services/DataTransmitService HTTP/1.1" 200 1319
116.238.97.31 - - [30/May/2024:10:54:00 +0800] "POST /xingrg/services/DataTransmitService HTTP/1.1" 200 524
124.79.78.120 - - [30/May/2024:10:54:00 +0800] "GET /xingrg/check_reg.html?_=1717037646630 HTTP/1.1" 200 22
124.79.78.120 - - [30/May/2024:10:54:00 +0800] "GET /xingrg/all/function/internal_message.html?_=1717037646634&CODE_STATE=getMsg HTTP/1.1" 200 27
222.69.134.193 - - [30/May/2024:10:54:01 +0800] "GET /xingrg/all/function/internal_message.html?_=1717037643156&CODE_STATE=getMsg HTTP/1.1" 200 27
116.238.97.31 - - [30/May/2024:10:54:01 +0800] "POST /xingrg/services/DataTransmitService HTTP/1.1" 200 2395
116.238.97.31 - - [30/May/2024:10:54:01 +0800] "POST /xingrg/services/DataTransmitService HTTP/1.1" 200 45454
101.83.144.49 - - [30/May/2024:10:54:01 +0800] "GET /xingrg/kc/buy/cgsh_order_operate.html?command=get_materiel&rest_code=00105&code=00101028005&supplier_code=00100017&order_time=2024-05-30 HTTP/1.1" 200 434
116.238.97.31 - - [30/May/2024:10:54:01 +0800] "POST /xingrg/services/DataTransmitService HTTP/1.1" 200 19237
124.78.152.34 - - [30/May/2024:10:54:04 +0800] "GET /xingrg/kc/base/wldb_order_operate.html?command=get_materiel&rest_code=00106&base_code=0010396&code=00101019400 HTTP/1.1" 200 464
116.238.97.31 - - [30/May/2024:10:54:07 +0800] "POST /xingrg/services/DataTransmitService HTTP/1.1" 200 524
222.69.134.193 - - [30/May/2024:10:54:08 +0800] "GET /xingrg/kc/buy/cgsh_order_operate.html?command=get_materiel&rest_code=00154&code=00101040102&supplier_code=00100466&order_time=2024-05-30 HTTP/1.1" 200 413
116.238.97.31 - - [30/May/2024:10:54:11 +0800] "POST /xingrg/services/DataTransmitService HTTP/1.1" 200 501
180.156.239.18 - - [30/May/2024:10:54:11 +0800] "GET /xingrg/kc/buy/cgsh_order_operate.html?command=get_materiel&rest_code=00150&code=00101001008&supplier_code=00100482&order_time=2024-05-30 HTTP/1.1" 200 414
116.238.97.31 - - [30/May/2024:10:54:12 +0800] "POST /xingrg/services/DataTransmitService HTTP/1.1" 200 501
124.78.152.34 - - [30/May/2024:10:54:17 +0800] "GET /xingrg/all/function/internal_message.html?_=1717037659322&CODE_STATE=getMsg HTTP/1.1" 200 27
114.83.220.212 - - [30/May/2024:10:54:18 +0800] "POST /xingrg/kc/buy/cgsh_order_operate.html HTTP/1.1" 200 37
116.238.97.31 - - [30/May/2024:10:54:20 +0800] "GET /xingrg/all/function/internal_message.html?_=1717037657179&CODE_STATE=getMsg HTTP/1.1" 200 27
180.156.239.18 - - [30/May/2024:10:54:20 +0800] "GET /xingrg/all/function/internal_message.html?_=1717037660556&CODE_STATE=getMsg HTTP/1.1" 200 27
101.83.144.49 - - [30/May/2024:10:54:21 +0800] "GET /xingrg/all/function/internal_message.html?_=1717037402349&CODE_STATE=getMsg HTTP/1.1" 200 27
124.78.152.34 - - [30/May/2024:10:54:22 +0800] "GET /xingrg/kc/base/wldb_order_operate.html?command=get_materiel&rest_code=00106&base_code=0010396&code=00101019071 HTTP/1.1" 200 469
101.83.144.49 - - [30/May/2024:10:54:23 +0800] "GET /xingrg/all/function/internal_message.html?_=1717037663256&CODE_STATE=getMsg HTTP/1.1" 200 27
116.238.97.31 - - [30/May/2024:10:54:24 +0800] "POST /xingrg/services/DataTransmitService HTTP/1.1" 200 501
114.84.152.157 - - [30/May/2024:10:54:26 +0800] "GET /xingrg/all/function/internal_message.html?_=1717036012448&CODE_STATE=getMsg HTTP/1.1" 200 27
222.70.182.146 - - [30/May/2024:10:54:27 +0800] "GET /xingrg/all/function/internal_message.html?_=1717037662715&CODE_STATE=getMsg HTTP/1.1" 200 27
222.70.182.146 - - [30/May/2024:10:54:27 +0800] "GET /xingrg/check_reg.html?_=1717037663314 HTTP/1.1" 200 22
180.164.6.225 - - [30/May/2024:10:54:28 +0800] "GET /xingrg/all/function/internal_message.html?_=1717037667089&CODE_STATE=getMsg HTTP/1.1" 200 27
180.156.239.18 - - [30/May/2024:10:54:29 +0800] "GET /xingrg/all/function/internal_message.html?_=1717037669759&CODE_STATE=getMsg HTTP/1.1" 200 27
124.78.152.34 - - [30/May/2024:10:54:30 +0800] "GET /xingrg/all/function/internal_message.html?_=1717037662480&CODE_STATE=getMsg HTTP/1.1" 200 27
180.156.239.18 - - [30/May/2024:10:54:30 +0800] "POST /xingrg/kc/buy/cgsh_order_operate.html HTTP/1.1" 200 37
222.69.134.193 - - [30/May/2024:10:54:30 +0800] "GET /xingrg/kc/buy/cgsh_order_operate.html?command=get_materiel&rest_code=00154&code=00101010174&supplier_code=00100466&order_time=2024-05-30 HTTP/1.1" 200 422
114.83.220.212 - - [30/May/2024:10:54:34 +0800] "POST /xingrg/kc/buy/cgsh_order_operate.html HTTP/1.1" 200 12
180.169.147.146 - - [30/May/2024:10:54:39 +0800] "GET /xingrg/all/function/internal_message.html?_=1717037674493&CODE_STATE=getMsg HTTP/1.1" 200 27
124.78.152.34 - - [30/May/2024:10:54:39 +0800] "POST /xingrg/kc/base/wldb_order_operate.html HTTP/1.1" 200 37
124.78.152.34 - - [30/May/2024:10:54:41 +0800] "GET /xingrg/kc/base/wldb_order_info.html?code=422024053002094 HTTP/1.1" 200 30716
116.238.97.31 - - [30/May/2024:10:54:41 +0800] "POST /xingrg/services/DataTransmitService HTTP/1.1" 200 501
124.78.152.34 - - [30/May/2024:10:54:41 +0800] "GET /xingrg/javascript/easyui/themes/default/validatebox.css HTTP/1.1" 404 1104
116.238.97.31 - - [30/May/2024:10:54:42 +0800] "POST /xingrg/services/DataTransmitService HTTP/1.1" 200 501
180.156.239.18 - - [30/May/2024:10:54:45 +0800] "POST /xingrg/kc/buy/cgsh_order_operate.html HTTP/1.1" 200 12
124.78.152.34 - - [30/May/2024:10:54:45 +0800] "POST /xingrg/kc/base/wldb_order_operate.html HTTP/1.1" 200 3198
124.78.152.34 - - [30/May/2024:10:54:45 +0800] "POST /xingrg/kc/base/wldb_order_operate.html HTTP/1.1" 200 3198
114.83.220.212 - - [30/May/2024:10:54:46 +0800] "GET /xingrg/kc/buy/cgsh_order_info.html?code=212024053008988 HTTP/1.1" 200 69698
114.83.220.212 - - [30/May/2024:10:54:47 +0800] "GET /xingrg/javascript/easyui/themes/default/validatebox.css HTTP/1.1" 404 1104
116.238.97.31 - - [30/May/2024:10:54:48 +0800] "GET /xingrg/all/function/internal_message.html?_=1717037685440&CODE_STATE=getMsg HTTP/1.1" 200 27
124.78.152.34 - - [30/May/2024:10:54:48 +0800] "GET /xingrg/kc/base/wldb_order_add.html HTTP/1.1" 200 30703
124.78.152.34 - - [30/May/2024:10:54:49 +0800] "POST /xingrg/kc/base/wldb_order_operate.html HTTP/1.1" 200 6806
180.156.239.18 - - [30/May/2024:10:54:49 +0800] "GET /xingrg/kc/buy/cgsh_order_info.html?code=212024053008989 HTTP/1.1" 200 69680
124.78.152.34 - - [30/May/2024:10:54:49 +0800] "GET /xingrg/javascript/easyui/themes/default/validatebox.css HTTP/1.1" 404 1104
114.83.220.212 - - [30/May/2024:10:54:49 +0800] "POST /xingrg/kc/buy/cgsh_order_operate.html HTTP/1.1" 200 1196
180.156.239.18 - - [30/May/2024:10:54:49 +0800] "GET /xingrg/javascript/easyui/themes/default/validatebox.css HTTP/1.1" 404 1104
124.78.152.34 - - [30/May/2024:10:54:50 +0800] "POST /xingrg/all/common/load_combo.html?type=base HTTP/1.1" 200 3227
180.156.239.18 - - [30/May/2024:10:54:51 +0800] "POST /xingrg/kc/buy/cgsh_order_operate.html HTTP/1.1" 200 613
114.83.220.212 - - [30/May/2024:10:54:52 +0800] "GET /xingrg/kc/print/load_data.html?order_code=212024053008988&kc_code=cgsh&condition= HTTP/1.1" 200 938
222.67.233.39 - - [30/May/2024:10:54:53 +0800] "GET /xingrg/all/function/internal_message.html?_=1717037693629&CODE_STATE=getMsg HTTP/1.1" 200 27
180.156.239.18 - - [30/May/2024:10:54:53 +0800] "GET /xingrg/kc/print/load_data.html?order_code=212024053008989&kc_code=cgsh&condition= HTTP/1.1" 200 739
124.78.152.34 - - [30/May/2024:10:54:54 +0800] "POST /xingrg/all/common/load_combo.html?type=base HTTP/1.1" 200 3227
116.238.97.31 - - [30/May/2024:10:54:54 +0800] "POST /xingrg/services/DataTransmitService HTTP/1.1" 200 501
116.238.97.31 - - [30/May/2024:10:54:54 +0800] "POST /xingrg/services/DataTransmitService HTTP/1.1" 200 501
116.232.195.13 - - [30/May/2024:10:54:55 +0800] "GET /xingrg/all/function/internal_message.html?_=1717037638410&CODE_STATE=getMsg HTTP/1.1" 200 27
116.238.97.31 - - [30/May/2024:10:54:55 +0800] "POST /xingrg/services/DataTransmitService HTTP/1.1" 200 501
114.83.220.212 - - [30/May/2024:10:54:57 +0800] "GET /xingrg/kc/buy/cgsh_order_add.html HTTP/1.1" 200 74829
116.238.97.31 - - [30/May/2024:10:54:58 +0800] "POST /xingrg/services/DataTransmitService HTTP/1.1" 200 412
116.238.97.31 - - [30/May/2024:10:54:58 +0800] "GET /xingrg/all/function/internal_message.html?_=1717037716382&CODE_STATE=getMsg HTTP/1.1" 200 27
114.83.220.212 - - [30/May/2024:10:54:58 +0800] "POST /xingrg/kc/buy/cgsh_order_operate.html HTTP/1.1" 200 8245
114.83.220.212 - - [30/May/2024:10:54:58 +0800] "GET /xingrg/javascript/easyui/themes/default/validatebox.css HTTP/1.1" 404 1104
180.156.239.18 - - [30/May/2024:10:54:59 +0800] "GET /xingrg/kc/buy/cgsh_order_add.html HTTP/1.1" 200 74797
180.156.239.18 - - [30/May/2024:10:55:00 +0800] "POST /xingrg/kc/buy/cgsh_order_operate.html HTTP/1.1" 200 8245
180.156.239.18 - - [30/May/2024:10:55:00 +0800] "GET /xingrg/javascript/easyui/themes/default/validatebox.css HTTP/1.1" 404 1104
124.79.78.120 - - [30/May/2024:10:55:00 +0800] "GET /xingrg/all/function/internal_message.html?_=1717037706632&CODE_STATE=getMsg HTTP/1.1" 200 27
222.69.134.193 - - [30/May/2024:10:55:01 +0800] "GET /xingrg/all/function/internal_message.html?_=1717037703125&CODE_STATE=getMsg HTTP/1.1" 200 27
114.83.220.212 - - [30/May/2024:10:55:07 +0800] "GET /xingrg/kc/buy/cgsh_order_operate.html?command=get_materiel&rest_code=00149&code=00101010161&supplier_code=00100039&order_time=2024-05-30 HTTP/1.1" 200 409
222.69.134.193 - - [30/May/2024:10:55:10 +0800] "GET /xingrg/kc/buy/cgsh_order_operate.html?command=get_materiel&rest_code=00154&code=00101009049&supplier_code=00100466&order_time=2024-05-30 HTTP/1.1" 200 416
101.83.144.49 - - [30/May/2024:10:55:12 +0800] "GET /xingrg/kc/buy/cgsh_order_operate.html?command=get_materiel&rest_code=00105&code=00101029022&supplier_code=00100017&order_time=2024-05-30 HTTP/1.1" 200 474
180.156.239.18 - - [30/May/2024:10:55:13 +0800] "GET /xingrg/kc/buy/cgsh_order_operate.html?command=get_materiel&rest_code=00150&code=00101004023&supplier_code=00100674&order_time=2024-05-30 HTTP/1.1" 200 409
124.78.152.34 - - [30/May/2024:10:55:17 +0800] "GET /xingrg/all/function/internal_message.html?_=1717037719301&CODE_STATE=getMsg HTTP/1.1" 200 27
114.83.220.212 - - [30/May/2024:10:55:19 +0800] "GET /xingrg/kc/buy/cgsh_order_operate.html?command=get_materiel&rest_code=00149&code=00101005037&supplier_code=00100039&order_time=2024-05-30 HTTP/1.1" 200 409
116.238.97.31 - - [30/May/2024:10:55:20 +0800] "GET /xingrg/all/function/internal_message.html?_=1717037717194&CODE_STATE=getMsg HTTP/1.1" 200 27
180.156.239.18 - - [30/May/2024:10:55:20 +0800] "GET /xingrg/all/function/internal_message.html?_=1717037720530&CODE_STATE=getMsg HTTP/1.1" 200 27
101.83.144.49 - - [30/May/2024:10:55:21 +0800] "GET /xingrg/all/function/internal_message.html?_=1717037462326&CODE_STATE=getMsg HTTP/1.1" 200 27
101.83.144.49 - - [30/May/2024:10:55:23 +0800] "GET /xingrg/check_reg.html?_=1717037723258 HTTP/1.1" 200 22
101.83.144.49 - - [30/May/2024:10:55:23 +0800] "GET /xingrg/all/function/internal_message.html?_=1717037723263&CODE_STATE=getMsg HTTP/1.1" 200 27
180.156.239.18 - - [30/May/2024:10:55:25 +0800] "GET /xingrg/kc/buy/cgsh_order_operate.html?command=get_materiel&rest_code=00150&code=00101001052&supplier_code=00100674&order_time=2024-05-30 HTTP/1.1" 200 411
114.84.152.157 - - [30/May/2024:10:55:26 +0800] "GET /xingrg/all/function/internal_message.html?_=1717036072450&CODE_STATE=getMsg HTTP/1.1" 200 27
222.70.182.146 - - [30/May/2024:10:55:27 +0800] "GET /xingrg/all/function/internal_message.html?_=1717037722696&CODE_STATE=getMsg HTTP/1.1" 200 27
180.164.6.225 - - [30/May/2024:10:55:28 +0800] "GET /xingrg/all/function/internal_message.html?_=1717037727079&CODE_STATE=getMsg HTTP/1.1" 200 27
124.78.152.34 - - [30/May/2024:10:55:29 +0800] "GET /xingrg/kc/base/wldb_order_operate.html?command=get_materiel&rest_code=00106&base_code=0010396&code=00101013221 HTTP/1.1" 200 435
180.156.239.18 - - [30/May/2024:10:55:29 +0800] "GET /xingrg/all/function/internal_message.html?_=1717037729784&CODE_STATE=getMsg HTTP/1.1" 200 27
124.78.152.34 - - [30/May/2024:10:55:30 +0800] "GET /xingrg/all/function/internal_message.html?_=1717037722452&CODE_STATE=getMsg HTTP/1.1" 200 27
