114.95.186.91 - - [30/May/2024:09:19:27 +0800] "GET /xingrg/all/function/internal_message.html?_=1717031967428&CODE_STATE=getMsg HTTP/1.1" 200 27
180.156.239.18 - - [30/May/2024:09:19:27 +0800] "GET /xingrg/kc/buy/cgsh_order_operate.html?command=get_materiel&rest_code=00151&code=00101008356&supplier_code=00100008&order_time=2024-05-30 HTTP/1.1" 200 408
222.69.134.193 - - [30/May/2024:09:19:31 +0800] "GET /xingrg/all/function/internal_message.html?_=1717031973099&CODE_STATE=getMsg HTTP/1.1" 200 27
124.78.152.34 - - [30/May/2024:09:19:32 +0800] "GET /xingrg/all/function/internal_message.html?_=1717031964596&CODE_STATE=getMsg HTTP/1.1" 200 27
180.156.239.18 - - [30/May/2024:09:19:39 +0800] "GET /xingrg/kc/buy/cgsh_order_operate.html?command=get_materiel&rest_code=00151&code=00101008300&supplier_code=00100008&order_time=2024-05-30 HTTP/1.1" 200 23
180.156.239.18 - - [30/May/2024:09:19:43 +0800] "GET /xingrg/all/function/internal_message.html?_=1717031983462&CODE_STATE=getMsg HTTP/1.1" 200 27
222.69.134.193 - - [30/May/2024:09:19:44 +0800] "GET /xingrg/kc/buy/cgsh_order_operate.html?command=get_materiel&rest_code=00154&code=00101008087&supplier_code=00100417&order_time=2024-05-30 HTTP/1.1" 200 23
124.78.152.34 - - [30/May/2024:09:19:45 +0800] "POST /xingrg/kc/buy/cgsh_order_operate.html HTTP/1.1" 200 37
180.164.6.225 - - [30/May/2024:09:19:48 +0800] "GET /xingrg/kc/buy/cgsh_order_list.html HTTP/1.1" 200 58938
116.232.195.13 - - [30/May/2024:09:19:49 +0800] "GET /xingrg/all/function/internal_message.html?_=1717031932572&CODE_STATE=getMsg HTTP/1.1" 200 27
180.156.239.18 - - [30/May/2024:09:19:53 +0800] "POST /xingrg/kc/buy/cgsh_order_operate.html HTTP/1.1" 200 37
180.156.239.18 - - [30/May/2024:09:19:56 +0800] "GET /xingrg/javascript/jquery_easy_ui/themes/default/images/tabs_active.png HTTP/1.1" 304 -
222.69.134.193 - - [30/May/2024:09:19:58 +0800] "POST /xingrg/kc/buy/cgsh_order_operate.html HTTP/1.1" 200 37
180.156.239.18 - - [30/May/2024:09:19:58 +0800] "POST /xingrg/kc/buy/cgsh_order_operate.html HTTP/1.1" 200 9154
116.238.97.31 - - [30/May/2024:09:19:58 +0800] "GET /xingrg/all/function/internal_message.html?_=1717032016298&CODE_STATE=getMsg HTTP/1.1" 200 27
124.79.78.120 - - [30/May/2024:09:20:00 +0800] "GET /xingrg/all/function/internal_message.html?_=1717032006413&CODE_STATE=getMsg HTTP/1.1" 200 27
222.69.134.193 - - [30/May/2024:09:20:01 +0800] "POST /xingrg/kc/buy/cgsh_order_operate.html HTTP/1.1" 200 5596
116.232.195.13 - - [30/May/2024:09:20:01 +0800] "GET /xingrg/all/function/internal_message.html?_=1717031945268&CODE_STATE=getMsg HTTP/1.1" 200 27
180.164.6.225 - - [30/May/2024:09:20:04 +0800] "GET /xingrg/check_reg.html?_=1717032003475 HTTP/1.1" 200 22
180.164.6.225 - - [30/May/2024:09:20:04 +0800] "GET /xingrg/all/function/internal_message.html?_=1717032003479&CODE_STATE=getMsg HTTP/1.1" 200 27
101.83.144.49 - - [30/May/2024:09:20:06 +0800] "GET /xingrg/kc/buy/cgsh_order_info.html?code=212024052206247 HTTP/1.1" 200 69684
101.83.144.49 - - [30/May/2024:09:20:06 +0800] "GET /xingrg/javascript/easyui/themes/default/validatebox.css HTTP/1.1" 404 1104
180.164.6.225 - - [30/May/2024:09:20:07 +0800] "POST /xingrg/kc/buy/cgsh_list_operate.html HTTP/1.1" 200 4308
180.164.6.225 - - [30/May/2024:09:20:07 +0800] "GET /xingrg/all/function/internal_message.html?_=1717032006830&CODE_STATE=getMsg HTTP/1.1" 200 27
101.83.144.49 - - [30/May/2024:09:20:07 +0800] "POST /xingrg/kc/buy/cgsh_order_operate.html HTTP/1.1" 200 1212
180.156.239.18 - - [30/May/2024:09:20:10 +0800] "GET /xingrg/login.html HTTP/1.1" 200 7641
124.78.152.34 - - [30/May/2024:09:20:10 +0800] "POST /xingrg/kc/buy/cgsh_order_operate.html HTTP/1.1" 200 20406
180.156.239.18 - - [30/May/2024:09:20:10 +0800] "GET /favicon.ico HTTP/1.1" 404 -
222.69.134.193 - - [30/May/2024:09:20:12 +0800] "GET /xingrg/login.html HTTP/1.1" 200 7641
180.156.239.18 - - [30/May/2024:09:20:12 +0800] "POST /xingrg/login.do HTTP/1.1" 302 -
180.156.239.18 - - [30/May/2024:09:20:12 +0800] "GET /xingrg/index.html?sysBaseUrl=http%3A%2F%2F180.169.147.146%3A18081%2Fxingrg%2F&costTime=833×tamp=1717032012516 HTTP/1.1" 200 17179
180.156.239.18 - - [30/May/2024:09:20:12 +0800] "POST /xingrg/all/common/load_tree.html?tree=area_rest_tree_json&manage=1 HTTP/1.1" 200 476
180.156.239.18 - - [30/May/2024:09:20:12 +0800] "GET /xingrg/check_reg.html?_=1717032012490 HTTP/1.1" 200 22
180.156.239.18 - - [30/May/2024:09:20:12 +0800] "GET /xingrg/all/function/internal_message.html?_=1717032012488&CODE_STATE=count HTTP/1.1" 200 11
180.156.239.18 - - [30/May/2024:09:20:12 +0800] "POST /xingrg/load_menu.html HTTP/1.1" 200 5138
180.156.239.18 - - [30/May/2024:09:20:13 +0800] "GET /favicon.ico HTTP/1.1" 404 -
222.69.134.193 - - [30/May/2024:09:20:13 +0800] "GET /favicon.ico HTTP/1.1" 404 -
222.69.134.193 - - [30/May/2024:09:20:15 +0800] "POST /xingrg/login.do HTTP/1.1" 302 -
222.69.134.193 - - [30/May/2024:09:20:15 +0800] "GET /xingrg/index.html?sysBaseUrl=http%3A%2F%2F180.169.147.146%3A18081%2Fxingrg%2F&costTime=830×tamp=1717032015298 HTTP/1.1" 200 17179
222.69.134.193 - - [30/May/2024:09:20:15 +0800] "GET /favicon.ico HTTP/1.1" 404 -
222.69.134.193 - - [30/May/2024:09:20:15 +0800] "GET /xingrg/all/function/internal_message.html?_=1717032017562&CODE_STATE=count HTTP/1.1" 200 11
222.69.134.193 - - [30/May/2024:09:20:15 +0800] "GET /xingrg/check_reg.html?_=1717032017564 HTTP/1.1" 200 22
222.69.134.193 - - [30/May/2024:09:20:15 +0800] "POST /xingrg/all/common/load_tree.html?tree=area_rest_tree_json&manage=1 HTTP/1.1" 200 351
222.69.134.193 - - [30/May/2024:09:20:15 +0800] "POST /xingrg/load_menu.html HTTP/1.1" 200 5138
180.156.239.18 - - [30/May/2024:09:20:16 +0800] "POST /xingrg/all/user/operate.html HTTP/1.1" 200 36
180.156.239.18 - - [30/May/2024:09:20:16 +0800] "GET /xingrg/index.html?sysBaseUrl=http%3A%2F%2F180.169.147.146%3A18081%2Fxingrg%2F&costTime=833×tamp=1717032012516 HTTP/1.1" 200 17177
180.156.239.18 - - [30/May/2024:09:20:16 +0800] "GET /xingrg/javascript/jquery_easy_ui/themes/default/easyui.css HTTP/1.1" 304 -
180.156.239.18 - - [30/May/2024:09:20:16 +0800] "GET /xingrg/javascript/jquery_easy_ui/themes/icon.css HTTP/1.1" 304 -
180.156.239.18 - - [30/May/2024:09:20:16 +0800] "GET /xingrg/css/form.css HTTP/1.1" 304 -
180.156.239.18 - - [30/May/2024:09:20:16 +0800] "GET /xingrg/javascript/jquery-1.4.2.min.js HTTP/1.1" 304 -
180.156.239.18 - - [30/May/2024:09:20:16 +0800] "GET /xingrg/javascript/jquery_easy_ui/jquery.easyui.min.js HTTP/1.1" 304 -
180.156.239.18 - - [30/May/2024:09:20:16 +0800] "GET /xingrg/javascript/jquery_easy_ui/easyui-lang-zh_CN.js HTTP/1.1" 304 -
180.156.239.18 - - [30/May/2024:09:20:16 +0800] "GET /xingrg/javascript/jquery.form.js HTTP/1.1" 304 -
180.156.239.18 - - [30/May/2024:09:20:16 +0800] "GET /xingrg/javascript/jquery.utils.js HTTP/1.1" 304 -
180.156.239.18 - - [30/May/2024:09:20:16 +0800] "GET /xingrg/javascript/jquery.timers.js HTTP/1.1" 304 -
180.156.239.18 - - [30/May/2024:09:20:16 +0800] "GET /xingrg/images/blue/jxLogo.png HTTP/1.1" 304 -
180.156.239.18 - - [30/May/2024:09:20:16 +0800] "GET /xingrg/javascript/jquery_easy_ui/themes/icons/settle_new.png HTTP/1.1" 304 -
180.156.239.18 - - [30/May/2024:09:20:16 +0800] "GET /xingrg/images/blue/navBackgound.jpg HTTP/1.1" 304 -
180.156.239.18 - - [30/May/2024:09:20:16 +0800] "GET /xingrg/all/function/internal_message.html?_=1717032016152&CODE_STATE=count HTTP/1.1" 200 11
180.156.239.18 - - [30/May/2024:09:20:16 +0800] "GET /xingrg/javascript/jquery_easy_ui/themes/default/images/panel_tool_collapse.gif HTTP/1.1" 304 -
180.156.239.18 - - [30/May/2024:09:20:16 +0800] "GET /xingrg/check_reg.html?_=1717032016153 HTTP/1.1" 200 22
180.156.239.18 - - [30/May/2024:09:20:16 +0800] "GET /xingrg/images/blue/pingpu.png HTTP/1.1" 304 -
180.156.239.18 - - [30/May/2024:09:20:16 +0800] "GET /xingrg/javascript/jquery_easy_ui/themes/default/images/tabs_leftarrow.png HTTP/1.1" 304 -
180.156.239.18 - - [30/May/2024:09:20:16 +0800] "GET /xingrg/javascript/jquery_easy_ui/themes/default/images/tabs_rightarrow.png HTTP/1.1" 304 -
180.156.239.18 - - [30/May/2024:09:20:16 +0800] "POST /xingrg/all/common/load_tree.html?tree=area_rest_tree_json&manage=1 HTTP/1.1" 200 476
180.156.239.18 - - [30/May/2024:09:20:16 +0800] "POST /xingrg/load_menu.html HTTP/1.1" 200 5138
180.156.239.18 - - [30/May/2024:09:20:20 +0800] "GET /xingrg/kc/buy/cgsh_order_list.html HTTP/1.1" 200 58932
222.69.134.193 - - [30/May/2024:09:20:20 +0800] "GET /xingrg/kc/buy/cgsh_order_list.html HTTP/1.1" 200 58934
180.156.239.18 - - [30/May/2024:09:20:22 +0800] "GET /xingrg/all/function/internal_message.html?_=1717032022410&CODE_STATE=getMsg HTTP/1.1" 200 27
101.83.144.49 - - [30/May/2024:09:20:23 +0800] "GET /xingrg/all/function/internal_message.html?_=1717032023209&CODE_STATE=getMsg HTTP/1.1" 200 27
101.83.144.49 - - [30/May/2024:09:20:23 +0800] "GET /xingrg/check_reg.html?_=1717032023213 HTTP/1.1" 200 22
180.164.6.225 - - [30/May/2024:09:20:24 +0800] "POST /xingrg/kc/buy/cgsh_list_operate.html HTTP/1.1" 200 4308
180.156.239.18 - - [30/May/2024:09:20:24 +0800] "POST /xingrg/kc/buy/cgsh_list_operate.html HTTP/1.1" 200 1384
222.69.134.193 - - [30/May/2024:09:20:26 +0800] "POST /xingrg/kc/buy/cgsh_list_operate.html HTTP/1.1" 200 1685
180.156.239.18 - - [30/May/2024:09:20:27 +0800] "POST /xingrg/kc/buy/cgsh_list_operate.html HTTP/1.1" 200 566
114.95.186.91 - - [30/May/2024:09:20:27 +0800] "GET /xingrg/check_reg.html?_=1717032027418 HTTP/1.1" 200 22
114.95.186.91 - - [30/May/2024:09:20:27 +0800] "GET /xingrg/all/function/internal_message.html?_=1717032027422&CODE_STATE=getMsg HTTP/1.1" 200 27
180.156.239.18 - - [30/May/2024:09:20:28 +0800] "GET /xingrg/kc/buy/cgsh_order_info.html?code=212024053008934 HTTP/1.1" 200 74329
180.156.239.18 - - [30/May/2024:09:20:29 +0800] "GET /xingrg/javascript/easyui/themes/default/validatebox.css HTTP/1.1" 404 1104
180.156.239.18 - - [30/May/2024:09:20:29 +0800] "GET /xingrg/all/common/auto_word.html?type=employee&rest_code=00151 HTTP/1.1" 200 293
180.156.239.18 - - [30/May/2024:09:20:29 +0800] "GET /xingrg/all/common/auto_word.html?type=employee&rest_code=00151 HTTP/1.1" 200 293
180.156.239.18 - - [30/May/2024:09:20:30 +0800] "POST /xingrg/kc/buy/cgsh_order_operate.html HTTP/1.1" 200 9154
124.78.152.34 - - [30/May/2024:09:20:32 +0800] "GET /xingrg/all/function/internal_message.html?_=1717032024572&CODE_STATE=getMsg HTTP/1.1" 200 27
180.156.239.18 - - [30/May/2024:09:20:38 +0800] "GET /xingrg/javascript/auto/indicator.gif HTTP/1.1" 404 1066
180.156.239.18 - - [30/May/2024:09:20:42 +0800] "GET /xingrg/check_reg.html?_=1717032042676 HTTP/1.1" 200 22
180.156.239.18 - - [30/May/2024:09:20:42 +0800] "GET /xingrg/kc/buy/cgsh_order_operate.html?command=get_materiel&rest_code=00151&code=00101008091&supplier_code=00100008&order_time=2024-05-30 HTTP/1.1" 200 413
116.232.195.13 - - [30/May/2024:09:20:49 +0800] "GET /xingrg/all/function/internal_message.html?_=1717031992578&CODE_STATE=getMsg HTTP/1.1" 200 27
116.232.195.13 - - [30/May/2024:09:20:49 +0800] "GET /xingrg/check_reg.html?_=1717031992580 HTTP/1.1" 200 22
116.238.97.31 - - [30/May/2024:09:20:58 +0800] "GET /xingrg/all/function/internal_message.html?_=1717032076295&CODE_STATE=getMsg HTTP/1.1" 200 27
124.79.78.120 - - [30/May/2024:09:21:00 +0800] "GET /xingrg/all/function/internal_message.html?_=1717032066413&CODE_STATE=getMsg HTTP/1.1" 200 27
116.232.195.13 - - [30/May/2024:09:21:01 +0800] "GET /xingrg/all/function/internal_message.html?_=1717032005237&CODE_STATE=getMsg HTTP/1.1" 200 27
124.78.152.34 - - [30/May/2024:09:21:02 +0800] "GET /xingrg/kc/buy/cgsh_order_operate.html?command=get_materiel&rest_code=00106&code=00101009015&supplier_code=00100008&order_time=2024-05-30 HTTP/1.1" 200 416
180.164.6.225 - - [30/May/2024:09:21:04 +0800] "GET /xingrg/all/function/internal_message.html?_=1717032063466&CODE_STATE=getMsg HTTP/1.1" 200 27
180.164.6.225 - - [30/May/2024:09:21:07 +0800] "GET /xingrg/all/function/internal_message.html?_=1717032066829&CODE_STATE=getMsg HTTP/1.1" 200 27
124.78.152.34 - - [30/May/2024:09:21:13 +0800] "GET /xingrg/kc/buy/cgsh_order_operate.html?command=get_materiel&rest_code=00106&code=00101009011&supplier_code=00100008&order_time=2024-05-30 HTTP/1.1" 200 416
180.156.239.18 - - [30/May/2024:09:21:14 +0800] "GET /xingrg/kc/buy/cgsh_order_operate.html?command=get_materiel&rest_code=00151&code=00101008300&supplier_code=00100008&order_time=2024-05-30 HTTP/1.1" 200 412
222.69.134.193 - - [30/May/2024:09:21:15 +0800] "GET /xingrg/all/function/internal_message.html?_=1717032077590&CODE_STATE=getMsg HTTP/1.1" 200 27
124.78.152.34 - - [30/May/2024:09:21:16 +0800] "POST /xingrg/kc/buy/cgsh_order_operate.html HTTP/1.1" 200 2065
180.156.239.18 - - [30/May/2024:09:21:16 +0800] "GET /xingrg/all/function/internal_message.html?_=1717032076182&CODE_STATE=getMsg HTTP/1.1" 200 27
180.156.239.18 - - [30/May/2024:09:21:22 +0800] "GET /xingrg/all/function/internal_message.html?_=1717032082388&CODE_STATE=getMsg HTTP/1.1" 200 27
101.83.144.49 - - [30/May/2024:09:21:23 +0800] "GET /xingrg/all/function/internal_message.html?_=1717032083182&CODE_STATE=getMsg HTTP/1.1" 200 27
124.78.152.34 - - [30/May/2024:09:21:23 +0800] "GET /xingrg/kc/buy/cgsh_order_operate.html?command=get_materiel&rest_code=00106&code=00101008145&supplier_code=00100008&order_time=2024-05-30 HTTP/1.1" 200 416
114.95.186.91 - - [30/May/2024:09:21:27 +0800] "GET /xingrg/all/function/internal_message.html?_=1717032087400&CODE_STATE=getMsg HTTP/1.1" 200 27
180.156.239.18 - - [30/May/2024:09:21:27 +0800] "GET /xingrg/kc/buy/cgsh_order_operate.html?command=get_materiel&rest_code=00151&code=00101008286&supplier_code=00100008&order_time=2024-05-30 HTTP/1.1" 200 408
180.164.6.225 - - [30/May/2024:09:21:31 +0800] "POST /xingrg/kc/buy/cgsh_list_operate.html HTTP/1.1" 200 4
124.78.152.34 - - [30/May/2024:09:21:32 +0800] "GET /xingrg/all/function/internal_message.html?_=1717032084551&CODE_STATE=getMsg HTTP/1.1" 200 27
222.69.134.193 - - [30/May/2024:09:21:32 +0800] "POST /xingrg/kc/buy/cgsh_list_operate.html HTTP/1.1" 200 645
114.95.186.91 - - [30/May/2024:09:21:34 +0800] "POST /xingrg/kc/buy/cgsh_list_operate.html HTTP/1.1" 200 1681
180.156.239.18 - - [30/May/2024:09:21:36 +0800] "GET /xingrg/kc/buy/cgsh_order_operate.html?command=get_materiel&rest_code=00151&code=00101008169&supplier_code=00100008&order_time=2024-05-30 HTTP/1.1" 200 412
222.69.134.193 - - [30/May/2024:09:21:38 +0800] "POST /xingrg/kc/buy/cgsh_list_operate.html HTTP/1.1" 200 645
124.78.152.34 - - [30/May/2024:09:21:40 +0800] "GET /xingrg/kc/buy/cgsh_order_operate.html?command=get_materiel&rest_code=00106&code=00101008706&supplier_code=00100008&order_time=2024-05-30 HTTP/1.1" 200 413
180.156.239.18 - - [30/May/2024:09:21:46 +0800] "GET /xingrg/kc/buy/cgsh_order_operate.html?command=get_materiel&rest_code=00151&code=00101008261&supplier_code=00100008&order_time=2024-05-30 HTTP/1.1" 200 408
116.232.195.13 - - [30/May/2024:09:21:49 +0800] "GET /xingrg/all/function/internal_message.html?_=1717032052576&CODE_STATE=getMsg HTTP/1.1" 200 27
222.69.134.193 - - [30/May/2024:09:21:49 +0800] "POST /xingrg/kc/buy/cgsh_list_operate.html HTTP/1.1" 200 1685
180.164.6.225 - - [30/May/2024:09:21:51 +0800] "POST /xingrg/kc/buy/cgsh_list_operate.html HTTP/1.1" 200 3788
180.156.239.18 - - [30/May/2024:09:21:54 +0800] "GET /xingrg/kc/buy/cgsh_order_operate.html?command=get_materiel&rest_code=00151&code=00101008072&supplier_code=00100008&order_time=2024-05-30 HTTP/1.1" 200 408
222.69.134.193 - - [30/May/2024:09:21:55 +0800] "POST /xingrg/kc/buy/cgsh_list_operate.html HTTP/1.1" 200 557
222.69.134.193 - - [30/May/2024:09:21:57 +0800] "GET /xingrg/kc/buy/cgsh_order_info.html?code=212024053008933 HTTP/1.1" 200 73924
222.69.134.193 - - [30/May/2024:09:21:58 +0800] "GET /xingrg/javascript/easyui/themes/default/validatebox.css HTTP/1.1" 404 1104
222.69.134.193 - - [30/May/2024:09:21:58 +0800] "GET /xingrg/all/common/auto_word.html?type=employee&rest_code=00154 HTTP/1.1" 200 101
222.69.134.193 - - [30/May/2024:09:21:58 +0800] "GET /xingrg/all/common/auto_word.html?type=employee&rest_code=00154 HTTP/1.1" 200 101
124.78.152.34 - - [30/May/2024:09:21:58 +0800] "GET /xingrg/kc/buy/cgsh_order_operate.html?command=get_materiel&rest_code=00106&code=00101008402&supplier_code=00100008&order_time=2024-05-30 HTTP/1.1" 200 409
116.238.97.31 - - [30/May/2024:09:21:58 +0800] "GET /xingrg/all/function/internal_message.html?_=1717032136293&CODE_STATE=getMsg HTTP/1.1" 200 27
116.238.97.31 - - [30/May/2024:09:21:58 +0800] "GET /xingrg/check_reg.html?_=1717032136291 HTTP/1.1" 200 22
222.69.134.193 - - [30/May/2024:09:21:59 +0800] "POST /xingrg/kc/buy/cgsh_order_operate.html HTTP/1.1" 200 11501
124.79.78.120 - - [30/May/2024:09:22:00 +0800] "GET /xingrg/all/function/internal_message.html?_=1717032126448&CODE_STATE=getMsg HTTP/1.1" 200 27
116.232.195.13 - - [30/May/2024:09:22:01 +0800] "GET /xingrg/all/function/internal_message.html?_=1717032065223&CODE_STATE=getMsg HTTP/1.1" 200 27
180.164.6.225 - - [30/May/2024:09:22:04 +0800] "GET /xingrg/all/function/internal_message.html?_=1717032123467&CODE_STATE=getMsg HTTP/1.1" 200 27
180.156.239.18 - - [30/May/2024:09:22:06 +0800] "POST /xingrg/kc/buy/cgsh_order_operate.html HTTP/1.1" 200 37
180.164.6.225 - - [30/May/2024:09:22:07 +0800] "GET /xingrg/all/function/internal_message.html?_=1717032126839&CODE_STATE=getMsg HTTP/1.1" 200 27
180.156.239.18 - - [30/May/2024:09:22:08 +0800] "POST /xingrg/kc/buy/cgsh_order_operate.html HTTP/1.1" 200 12098
101.83.144.49 - - [30/May/2024:09:22:10 +0800] "POST /xingrg/kc/buy/cgsh_list_operate.html HTTP/1.1" 200 4115
124.78.152.34 - - [30/May/2024:09:22:10 +0800] "GET /xingrg/kc/buy/cgsh_order_operate.html?command=get_materiel&rest_code=00106&code=00101015022&supplier_code=00100008&order_time=2024-05-30 HTTP/1.1" 200 408
180.156.239.18 - - [30/May/2024:09:22:16 +0800] "GET /xingrg/kc/buy/cgsh_order_operate.html?command=get_materiel&rest_code=00151&code=00101008370&supplier_code=00100008&order_time=2024-05-30 HTTP/1.1" 200 412
180.156.239.18 - - [30/May/2024:09:22:16 +0800] "GET /xingrg/all/function/internal_message.html?_=1717032136189&CODE_STATE=getMsg HTTP/1.1" 200 27
222.69.134.193 - - [30/May/2024:09:22:17 +0800] "GET /xingrg/all/function/internal_message.html?_=1717032138893&CODE_STATE=getMsg HTTP/1.1" 200 27
124.78.152.34 - - [30/May/2024:09:22:20 +0800] "GET /xingrg/kc/buy/cgsh_order_operate.html?command=get_materiel&rest_code=00106&code=00101015107&supplier_code=00100008&order_time=2024-05-30 HTTP/1.1" 200 411
222.69.134.193 - - [30/May/2024:09:22:20 +0800] "POST /xingrg/kc/buy/cgsh_order_operate.html HTTP/1.1" 200 37
180.156.239.18 - - [30/May/2024:09:22:22 +0800] "GET /xingrg/all/function/internal_message.html?_=1717032142368&CODE_STATE=getMsg HTTP/1.1" 200 27
101.83.144.49 - - [30/May/2024:09:22:23 +0800] "GET /xingrg/all/function/internal_message.html?_=1717032143172&CODE_STATE=getMsg HTTP/1.1" 200 27
124.78.152.34 - - [30/May/2024:09:22:23 +0800] "POST /xingrg/kc/buy/cgsh_order_operate.html HTTP/1.1" 200 2065
180.156.239.18 - - [30/May/2024:09:22:24 +0800] "GET /xingrg/kc/buy/cgsh_order_operate.html?command=get_materiel&rest_code=00151&code=00101008350&supplier_code=00100008&order_time=2024-05-30 HTTP/1.1" 200 408
114.95.186.91 - - [30/May/2024:09:22:27 +0800] "GET /xingrg/all/function/internal_message.html?_=1717032147414&CODE_STATE=getMsg HTTP/1.1" 200 27
222.69.134.193 - - [30/May/2024:09:22:29 +0800] "POST /xingrg/kc/buy/cgsh_order_operate.html HTTP/1.1" 200 12
124.78.152.34 - - [30/May/2024:09:22:32 +0800] "GET /xingrg/all/function/internal_message.html?_=1717032144537&CODE_STATE=getMsg HTTP/1.1" 200 27
124.78.152.34 - - [30/May/2024:09:22:40 +0800] "POST /xingrg/kc/buy/cgsh_order_operate.html HTTP/1.1" 200 205
222.69.134.193 - - [30/May/2024:09:22:42 +0800] "GET /xingrg/kc/buy/cgsh_order_info.html?code=212024053008933 HTTP/1.1" 200 68818
222.69.134.193 - - [30/May/2024:09:22:42 +0800] "GET /xingrg/javascript/easyui/themes/default/validatebox.css HTTP/1.1" 404 1104
222.69.134.193 - - [30/May/2024:09:22:43 +0800] "POST /xingrg/kc/buy/cgsh_order_operate.html HTTP/1.1" 200 9446
116.232.195.13 - - [30/May/2024:09:22:49 +0800] "GET /xingrg/all/function/internal_message.html?_=1717032112592&CODE_STATE=getMsg HTTP/1.1" 200 27
116.238.97.31 - - [30/May/2024:09:22:58 +0800] "GET /xingrg/all/function/internal_message.html?_=1717032196288&CODE_STATE=getMsg HTTP/1.1" 200 27
180.156.239.18 - - [30/May/2024:09:22:58 +0800] "GET /xingrg/kc/buy/cgsh_order_operate.html?command=get_materiel&rest_code=00151&code=00101020131&supplier_code=00100008&order_time=2024-05-30 HTTP/1.1" 200 23
124.78.152.34 - - [30/May/2024:09:23:00 +0800] "POST /xingrg/kc/buy/cgsh_order_operate.html HTTP/1.1" 200 37
222.69.134.193 - - [30/May/2024:09:23:00 +0800] "POST /xingrg/kc/buy/cgsh_list_operate.html HTTP/1.1" 200 560
124.79.78.120 - - [30/May/2024:09:23:00 +0800] "GET /xingrg/all/function/internal_message.html?_=1717032186447&CODE_STATE=getMsg HTTP/1.1" 200 27
116.232.195.13 - - [30/May/2024:09:23:01 +0800] "GET /xingrg/all/function/internal_message.html?_=1717032125203&CODE_STATE=getMsg HTTP/1.1" 200 27
124.78.152.34 - - [30/May/2024:09:23:03 +0800] "POST /xingrg/kc/buy/cgsh_order_operate.html HTTP/1.1" 200 25728
222.69.134.193 - - [30/May/2024:09:23:03 +0800] "GET /xingrg/kc/buy/cgsh_order_info.html?code=212024053008935 HTTP/1.1" 200 73924
222.69.134.193 - - [30/May/2024:09:23:04 +0800] "GET /xingrg/javascript/easyui/themes/default/validatebox.css HTTP/1.1" 404 1104
180.164.6.225 - - [30/May/2024:09:23:04 +0800] "GET /xingrg/all/function/internal_message.html?_=1717032183455&CODE_STATE=getMsg HTTP/1.1" 200 27
124.78.152.34 - - [30/May/2024:09:23:04 +0800] "GET /xingrg/kc/base/base_main.html HTTP/1.1" 200 12142
222.69.134.193 - - [30/May/2024:09:23:05 +0800] "POST /xingrg/kc/buy/cgsh_order_operate.html HTTP/1.1" 200 5596
124.78.152.34 - - [30/May/2024:09:23:06 +0800] "GET /xingrg/kc/base/yddb_order_list.html HTTP/1.1" 200 16821
124.78.152.34 - - [30/May/2024:09:23:07 +0800] "POST /xingrg/kc/base/yddb_list_operate.html HTTP/1.1" 200 636
180.164.6.225 - - [30/May/2024:09:23:07 +0800] "GET /xingrg/all/function/internal_message.html?_=1717032186848&CODE_STATE=getMsg HTTP/1.1" 200 27
124.78.152.34 - - [30/May/2024:09:23:11 +0800] "POST /xingrg/kc/base/yddb_list_operate.html HTTP/1.1" 200 4284
180.156.239.18 - - [30/May/2024:09:23:12 +0800] "GET /xingrg/kc/buy/cgsh_order_operate.html?command=get_materiel&rest_code=00151&code=00101020139&supplier_code=00100008&order_time=2024-05-30 HTTP/1.1" 200 454
124.78.152.34 - - [30/May/2024:09:23:12 +0800] "POST /xingrg/kc/base/yddb_list_operate.html HTTP/1.1" 200 625
116.232.195.13 - - [30/May/2024:09:23:16 +0800] "GET /xingrg/check_reg.html?_=1717032139503 HTTP/1.1" 200 22
180.156.239.18 - - [30/May/2024:09:23:16 +0800] "GET /xingrg/all/function/internal_message.html?_=1717032196209&CODE_STATE=getMsg HTTP/1.1" 200 27
222.69.134.193 - - [30/May/2024:09:23:16 +0800] "GET /xingrg/all/function/internal_message.html?_=1717032198876&CODE_STATE=getMsg HTTP/1.1" 200 27
222.69.134.193 - - [30/May/2024:09:23:17 +0800] "GET /xingrg/javascript/auto/indicator.gif HTTP/1.1" 404 1066
180.156.239.18 - - [30/May/2024:09:23:22 +0800] "GET /xingrg/all/function/internal_message.html?_=1717032202347&CODE_STATE=getMsg HTTP/1.1" 200 27
222.69.134.193 - - [30/May/2024:09:23:22 +0800] "GET /xingrg/kc/buy/cgsh_order_operate.html?command=get_materiel&rest_code=00154&code=00101008087&supplier_code=00100417&order_time=2024-05-30 HTTP/1.1" 200 412
101.83.144.49 - - [30/May/2024:09:23:23 +0800] "GET /xingrg/all/function/internal_message.html?_=1717032203175&CODE_STATE=getMsg HTTP/1.1" 200 27
114.95.186.91 - - [30/May/2024:09:23:27 +0800] "GET /xingrg/all/function/internal_message.html?_=1717032207412&CODE_STATE=getMsg HTTP/1.1" 200 27
124.78.152.34 - - [30/May/2024:09:23:32 +0800] "GET /xingrg/all/function/internal_message.html?_=1717032204509&CODE_STATE=getMsg HTTP/1.1" 200 27
124.78.152.34 - - [30/May/2024:09:23:32 +0800] "GET /xingrg/check_reg.html?_=1717032204861 HTTP/1.1" 200 22
180.156.239.18 - - [30/May/2024:09:23:34 +0800] "POST /xingrg/kc/buy/cgsh_order_operate.html HTTP/1.1" 200 205
124.78.152.34 - - [30/May/2024:09:23:37 +0800] "GET /xingrg/kc/buy/buy_main.html HTTP/1.1" 200 12412
124.78.152.34 - - [30/May/2024:09:23:37 +0800] "GET /xingrg/css/new_ie.css HTTP/1.1" 404 1036
222.69.134.193 - - [30/May/2024:09:23:38 +0800] "GET /xingrg/kc/buy/cgsh_order_operate.html?command=get_materiel&rest_code=00154&code=00101012070&supplier_code=00100417&order_time=2024-05-30 HTTP/1.1" 200 412
116.232.195.13 - - [30/May/2024:09:23:49 +0800] "GET /xingrg/all/function/internal_message.html?_=1717032172565&CODE_STATE=getMsg HTTP/1.1" 200 27
180.156.239.18 - - [30/May/2024:09:23:51 +0800] "POST /xingrg/kc/buy/cgsh_order_operate.html HTTP/1.1" 200 205
222.69.134.193 - - [30/May/2024:09:23:58 +0800] "POST /xingrg/kc/buy/cgsh_order_operate.html HTTP/1.1" 200 37
116.238.97.31 - - [30/May/2024:09:23:58 +0800] "GET /xingrg/all/function/internal_message.html?_=1717032256302&CODE_STATE=getMsg HTTP/1.1" 200 27
180.164.6.225 - - [30/May/2024:09:23:59 +0800] "POST /xingrg/kc/buy/cgsh_list_operate.html HTTP/1.1" 200 4
114.95.186.91 - - [30/May/2024:09:24:00 +0800] "GET /xingrg/login.html HTTP/1.1" 200 7641
124.79.78.120 - - [30/May/2024:09:24:00 +0800] "GET /xingrg/check_reg.html?_=1717032246447 HTTP/1.1" 200 22
124.79.78.120 - - [30/May/2024:09:24:00 +0800] "GET /xingrg/all/function/internal_message.html?_=1717032246451&CODE_STATE=getMsg HTTP/1.1" 200 27
114.95.186.91 - - [30/May/2024:09:24:01 +0800] "GET /favicon.ico HTTP/1.1" 404 -
116.232.195.13 - - [30/May/2024:09:24:01 +0800] "GET /xingrg/all/function/internal_message.html?_=1717032185194&CODE_STATE=getMsg HTTP/1.1" 200 27
180.164.6.225 - - [30/May/2024:09:24:04 +0800] "GET /xingrg/all/function/internal_message.html?_=1717032243463&CODE_STATE=getMsg HTTP/1.1" 200 27
222.69.134.193 - - [30/May/2024:09:24:06 +0800] "POST /xingrg/kc/buy/cgsh_order_operate.html HTTP/1.1" 200 12
101.83.144.49 - - [30/May/2024:09:24:06 +0800] "POST /xingrg/kc/buy/cgsh_list_operate.html HTTP/1.1" 200 2419
222.69.134.193 - - [30/May/2024:09:24:09 +0800] "GET /xingrg/kc/buy/cgsh_order_info.html?code=212024053008935 HTTP/1.1" 200 68818
222.69.134.193 - - [30/May/2024:09:24:09 +0800] "GET /xingrg/javascript/easyui/themes/default/validatebox.css HTTP/1.1" 404 1104
222.69.134.193 - - [30/May/2024:09:24:10 +0800] "POST /xingrg/kc/buy/cgsh_order_operate.html HTTP/1.1" 200 4725
120.253.135.82 - - [30/May/2024:09:24:11 +0800] "GET /xingrg/check_reg.html?_=1717032103500 HTTP/1.1" 200 22
222.69.134.193 - - [30/May/2024:09:24:12 +0800] "GET /xingrg/kc/print/load_config.html?kc_code=cgsh HTTP/1.1" 200 1927
222.69.134.193 - - [30/May/2024:09:24:13 +0800] "GET /xingrg/kc/print/load_data.html?order_code=212024053008935&kc_code=cgsh&condition= HTTP/1.1" 200 2258
222.69.134.193 - - [30/May/2024:09:24:16 +0800] "GET /xingrg/all/function/internal_message.html?_=1717032258867&CODE_STATE=getMsg HTTP/1.1" 200 27
180.156.239.18 - - [30/May/2024:09:24:22 +0800] "GET /xingrg/all/function/internal_message.html?_=1717032262320&CODE_STATE=getMsg HTTP/1.1" 200 27
101.83.144.49 - - [30/May/2024:09:24:23 +0800] "GET /xingrg/all/function/internal_message.html?_=1717032263178&CODE_STATE=getMsg HTTP/1.1" 200 27
124.78.152.34 - - [30/May/2024:09:24:32 +0800] "GET /xingrg/all/function/internal_message.html?_=1717032264492&CODE_STATE=getMsg HTTP/1.1" 200 27
116.232.195.13 - - [30/May/2024:09:24:49 +0800] "GET /xingrg/all/function/internal_message.html?_=1717032232574&CODE_STATE=getMsg HTTP/1.1" 200 27
180.156.239.18 - - [30/May/2024:09:24:55 +0800] "GET /xingrg/all/function/internal_message.html?_=1717032295236&CODE_STATE=getMsg HTTP/1.1" 200 27
116.238.97.31 - - [30/May/2024:09:24:58 +0800] "GET /xingrg/all/function/internal_message.html?_=1717032316298&CODE_STATE=getMsg HTTP/1.1" 200 27
124.79.78.120 - - [30/May/2024:09:25:00 +0800] "GET /xingrg/all/function/internal_message.html?_=1717032306434&CODE_STATE=getMsg HTTP/1.1" 200 27
116.232.195.13 - - [30/May/2024:09:25:01 +0800] "GET /xingrg/all/function/internal_message.html?_=1717032245174&CODE_STATE=getMsg HTTP/1.1" 200 27
180.164.6.225 - - [30/May/2024:09:25:04 +0800] "GET /xingrg/all/function/internal_message.html?_=1717032303480&CODE_STATE=getMsg HTTP/1.1" 200 27
180.164.6.225 - - [30/May/2024:09:25:04 +0800] "GET /xingrg/check_reg.html?_=1717032303481 HTTP/1.1" 200 22
180.156.239.18 - - [30/May/2024:09:25:06 +0800] "POST /xingrg/kc/buy/cgsh_order_operate.html HTTP/1.1" 200 37
180.156.239.18 - - [30/May/2024:09:25:08 +0800] "POST /xingrg/kc/buy/cgsh_order_operate.html HTTP/1.1" 200 13885
222.69.134.193 - - [30/May/2024:09:25:15 +0800] "GET /xingrg/check_reg.html?_=1717032317566 HTTP/1.1" 200 22
180.156.239.18 - - [30/May/2024:09:25:16 +0800] "GET /xingrg/check_reg.html?_=1717032316214 HTTP/1.1" 200 22
222.69.134.193 - - [30/May/2024:09:25:16 +0800] "GET /xingrg/all/function/internal_message.html?_=1717032318867&CODE_STATE=getMsg HTTP/1.1" 200 27
180.156.239.18 - - [30/May/2024:09:25:19 +0800] "POST /xingrg/kc/buy/cgsh_order_operate.html HTTP/1.1" 200 37
180.156.239.18 - - [30/May/2024:09:25:22 +0800] "GET /xingrg/all/function/internal_message.html?_=1717032322301&CODE_STATE=getMsg HTTP/1.1" 200 27
101.83.144.49 - - [30/May/2024:09:25:23 +0800] "GET /xingrg/all/function/internal_message.html?_=1717032323183&CODE_STATE=getMsg HTTP/1.1" 200 27
101.83.144.49 - - [30/May/2024:09:25:23 +0800] "GET /xingrg/check_reg.html?_=1717032323187 HTTP/1.1" 200 22
180.156.239.18 - - [30/May/2024:09:25:27 +0800] "POST /xingrg/kc/buy/cgsh_order_operate.html HTTP/1.1" 200 12
124.78.152.34 - - [30/May/2024:09:25:32 +0800] "GET /xingrg/all/function/internal_message.html?_=1717032324467&CODE_STATE=getMsg HTTP/1.1" 200 27
180.156.239.18 - - [30/May/2024:09:25:42 +0800] "GET /xingrg/check_reg.html?_=1717032342653 HTTP/1.1" 200 22
116.232.195.13 - - [30/May/2024:09:25:49 +0800] "GET /xingrg/all/function/internal_message.html?_=1717032292584&CODE_STATE=getMsg HTTP/1.1" 200 27
116.232.195.13 - - [30/May/2024:09:25:49 +0800] "GET /xingrg/check_reg.html?_=1717032292587 HTTP/1.1" 200 22
222.69.134.193 - - [30/May/2024:09:25:51 +0800] "GET /xingrg/kc/buy/cgsh_order_add.html HTTP/1.1" 200 73944
222.69.134.193 - - [30/May/2024:09:25:51 +0800] "POST /xingrg/kc/buy/cgsh_order_operate.html HTTP/1.1" 200 8245
222.69.134.193 - - [30/May/2024:09:25:51 +0800] "GET /xingrg/javascript/easyui/themes/default/validatebox.css HTTP/1.1" 404 1104
180.156.239.18 - - [30/May/2024:09:25:52 +0800] "GET /xingrg/kc/buy/cgsh_order_info.html?code=212024053008934 HTTP/1.1" 200 69226
180.156.239.18 - - [30/May/2024:09:25:52 +0800] "GET /xingrg/javascript/easyui/themes/default/validatebox.css HTTP/1.1" 404 1104
180.156.239.18 - - [30/May/2024:09:25:53 +0800] "POST /xingrg/kc/buy/cgsh_order_operate.html HTTP/1.1" 200 11829
180.156.239.18 - - [30/May/2024:09:25:55 +0800] "GET /xingrg/all/function/internal_message.html?_=1717032355214&CODE_STATE=getMsg HTTP/1.1" 200 27
116.238.97.31 - - [30/May/2024:09:25:58 +0800] "GET /xingrg/all/function/internal_message.html?_=1717032376295&CODE_STATE=getMsg HTTP/1.1" 200 27
124.79.78.120 - - [30/May/2024:09:26:00 +0800] "GET /xingrg/all/function/internal_message.html?_=1717032366434&CODE_STATE=getMsg HTTP/1.1" 200 27
116.232.195.13 - - [30/May/2024:09:26:01 +0800] "GET /xingrg/all/function/internal_message.html?_=1717032305160&CODE_STATE=getMsg HTTP/1.1" 200 27
180.164.6.225 - - [30/May/2024:09:26:04 +0800] "GET /xingrg/all/function/internal_message.html?_=1717032363453&CODE_STATE=getMsg HTTP/1.1" 200 27
222.69.134.193 - - [30/May/2024:09:26:15 +0800] "GET /xingrg/kc/buy/cgsh_order_operate.html?command=get_materiel&rest_code=00154&code=00101012059&supplier_code=00100417&order_time=2024-05-30 HTTP/1.1" 200 413
222.69.134.193 - - [30/May/2024:09:26:16 +0800] "GET /xingrg/all/function/internal_message.html?_=1717032378863&CODE_STATE=getMsg HTTP/1.1" 200 27
180.156.239.18 - - [30/May/2024:09:26:22 +0800] "GET /xingrg/all/function/internal_message.html?_=1717032382285&CODE_STATE=getMsg HTTP/1.1" 200 27
101.83.144.49 - - [30/May/2024:09:26:23 +0800] "GET /xingrg/all/function/internal_message.html?_=1717032383172&CODE_STATE=getMsg HTTP/1.1" 200 27
180.156.239.18 - - [30/May/2024:09:26:29 +0800] "GET /xingrg/kc/print/load_config.html?kc_code=cgsh HTTP/1.1" 200 1927
180.156.239.18 - - [30/May/2024:09:26:30 +0800] "GET /xingrg/kc/print/load_data.html?order_code=212024053008934&kc_code=cgsh&condition= HTTP/1.1" 200 4970
124.78.152.34 - - [30/May/2024:09:26:32 +0800] "GET /xingrg/all/function/internal_message.html?_=1717032384455&CODE_STATE=getMsg HTTP/1.1" 200 27
222.69.134.193 - - [30/May/2024:09:26:33 +0800] "GET /xingrg/kc/buy/cgsh_order_operate.html?command=get_materiel&rest_code=00154&code=00101008270&supplier_code=00100417&order_time=2024-05-30 HTTP/1.1" 200 412
180.156.239.18 - - [30/May/2024:09:26:47 +0800] "GET /xingrg/kc/buy/cgsh_order_add.html HTTP/1.1" 200 74351
180.156.239.18 - - [30/May/2024:09:26:47 +0800] "POST /xingrg/kc/buy/cgsh_order_operate.html HTTP/1.1" 200 8245
180.156.239.18 - - [30/May/2024:09:26:47 +0800] "GET /xingrg/javascript/easyui/themes/default/validatebox.css HTTP/1.1" 404 1104
116.232.195.13 - - [30/May/2024:09:26:49 +0800] "GET /xingrg/all/function/internal_message.html?_=1717032352580&CODE_STATE=getMsg HTTP/1.1" 200 27
180.156.239.18 - - [30/May/2024:09:26:55 +0800] "GET /xingrg/all/function/internal_message.html?_=1717032415209&CODE_STATE=getMsg HTTP/1.1" 200 27
116.238.97.31 - - [30/May/2024:09:26:58 +0800] "GET /xingrg/all/function/internal_message.html?_=1717032436294&CODE_STATE=getMsg HTTP/1.1" 200 27
116.238.97.31 - - [30/May/2024:09:26:58 +0800] "GET /xingrg/check_reg.html?_=1717032436292 HTTP/1.1" 200 22
114.83.220.212 - - [30/May/2024:09:26:58 +0800] "POST /xingrg/services/DataTransmitService HTTP/1.1" 200 524
180.156.239.18 - - [30/May/2024:09:26:59 +0800] "GET /xingrg/kc/buy/cgsh_order_operate.html?command=get_materiel&rest_code=00151&code=00101011010&supplier_code=00100047&order_time=2024-05-30 HTTP/1.1" 200 418
124.79.78.120 - - [30/May/2024:09:27:00 +0800] "GET /xingrg/all/function/internal_message.html?_=1717032426451&CODE_STATE=getMsg HTTP/1.1" 200 27
116.232.195.13 - - [30/May/2024:09:27:01 +0800] "GET /xingrg/all/function/internal_message.html?_=1717032365142&CODE_STATE=getMsg HTTP/1.1" 200 27
180.164.6.225 - - [30/May/2024:09:27:04 +0800] "GET /xingrg/all/function/internal_message.html?_=1717032423467&CODE_STATE=getMsg HTTP/1.1" 200 27
222.69.134.193 - - [30/May/2024:09:27:08 +0800] "GET /xingrg/kc/buy/cgsh_order_operate.html?command=get_materiel&rest_code=00154&code=00101008005&supplier_code=00100417&order_time=2024-05-30 HTTP/1.1" 200 412
180.156.239.18 - - [30/May/2024:09:27:14 +0800] "POST /xingrg/kc/buy/cgsh_order_operate.html HTTP/1.1" 200 37
222.69.134.193 - - [30/May/2024:09:27:17 +0800] "GET /xingrg/all/function/internal_message.html?_=1717032439479&CODE_STATE=getMsg HTTP/1.1" 200 27
180.156.239.18 - - [30/May/2024:09:27:21 +0800] "POST /xingrg/kc/buy/cgsh_order_operate.html HTTP/1.1" 200 12
180.156.239.18 - - [30/May/2024:09:27:22 +0800] "GET /xingrg/all/function/internal_message.html?_=1717032442274&CODE_STATE=getMsg HTTP/1.1" 200 27
101.83.144.49 - - [30/May/2024:09:27:23 +0800] "GET /xingrg/all/function/internal_message.html?_=1717032443173&CODE_STATE=getMsg HTTP/1.1" 200 27
180.156.239.18 - - [30/May/2024:09:27:24 +0800] "GET /xingrg/kc/buy/cgsh_order_info.html?code=212024053008936 HTTP/1.1" 200 69226
180.156.239.18 - - [30/May/2024:09:27:24 +0800] "GET /xingrg/javascript/easyui/themes/default/validatebox.css HTTP/1.1" 404 1104
180.156.239.18 - - [30/May/2024:09:27:25 +0800] "POST /xingrg/kc/buy/cgsh_order_operate.html HTTP/1.1" 200 612
180.156.239.18 - - [30/May/2024:09:27:28 +0800] "GET /xingrg/kc/print/load_data.html?order_code=212024053008936&kc_code=cgsh&condition= HTTP/1.1" 200 779
222.69.134.193 - - [30/May/2024:09:27:32 +0800] "GET /xingrg/kc/buy/cgsh_order_operate.html?command=get_materiel&rest_code=00154&code=00101008350&supplier_code=00100417&order_time=2024-05-30 HTTP/1.1" 200 408
124.78.152.34 - - [30/May/2024:09:27:32 +0800] "GET /xingrg/all/function/internal_message.html?_=1717032444428&CODE_STATE=getMsg HTTP/1.1" 200 27
222.69.134.193 - - [30/May/2024:09:27:43 +0800] "GET /xingrg/kc/buy/cgsh_order_operate.html?command=get_materiel&rest_code=00154&code=00101008268&supplier_code=00100417&order_time=2024-05-30 HTTP/1.1" 200 408
116.232.195.13 - - [30/May/2024:09:27:49 +0800] "GET /xingrg/all/function/internal_message.html?_=1717032412581&CODE_STATE=getMsg HTTP/1.1" 200 27
180.156.239.18 - - [30/May/2024:09:27:55 +0800] "GET /xingrg/all/function/internal_message.html?_=1717032475191&CODE_STATE=getMsg HTTP/1.1" 200 27
116.238.97.31 - - [30/May/2024:09:27:58 +0800] "GET /xingrg/all/function/internal_message.html?_=1717032496289&CODE_STATE=getMsg HTTP/1.1" 200 27
222.69.134.193 - - [30/May/2024:09:27:59 +0800] "GET /xingrg/kc/buy/cgsh_order_operate.html?command=get_materiel&rest_code=00154&code=00101008354&supplier_code=00100417&order_time=2024-05-30 HTTP/1.1" 200 412
124.79.78.120 - - [30/May/2024:09:28:00 +0800] "GET /xingrg/all/function/internal_message.html?_=1717032486435&CODE_STATE=getMsg HTTP/1.1" 200 27
116.232.195.13 - - [30/May/2024:09:28:01 +0800] "GET /xingrg/all/function/internal_message.html?_=1717032425143&CODE_STATE=getMsg HTTP/1.1" 200 27
180.164.6.225 - - [30/May/2024:09:28:04 +0800] "GET /xingrg/all/function/internal_message.html?_=1717032483462&CODE_STATE=getMsg HTTP/1.1" 200 27
222.69.134.193 - - [30/May/2024:09:28:09 +0800] "GET /xingrg/kc/buy/cgsh_order_operate.html?command=get_materiel&rest_code=00154&code=00101008264&supplier_code=00100417&order_time=2024-05-30 HTTP/1.1" 200 412
116.232.195.13 - - [30/May/2024:09:28:16 +0800] "GET /xingrg/check_reg.html?_=1717032439511 HTTP/1.1" 200 22
222.69.134.193 - - [30/May/2024:09:28:17 +0800] "GET /xingrg/all/function/internal_message.html?_=1717032499458&CODE_STATE=getMsg HTTP/1.1" 200 27
222.69.134.193 - - [30/May/2024:09:28:20 +0800] "GET /xingrg/kc/buy/cgsh_order_operate.html?command=get_materiel&rest_code=00154&code=00101008298&supplier_code=00100417&order_time=2024-05-30 HTTP/1.1" 200 412
180.156.239.18 - - [30/May/2024:09:28:22 +0800] "GET /xingrg/all/function/internal_message.html?_=1717032502262&CODE_STATE=getMsg HTTP/1.1" 200 27
101.83.144.49 - - [30/May/2024:09:28:23 +0800] "GET /xingrg/all/function/internal_message.html?_=1717032503175&CODE_STATE=getMsg HTTP/1.1" 200 27
116.238.97.31 - - [30/May/2024:09:28:28 +0800] "GET /xingrg/check_reg.html?_=1717032508174 HTTP/1.1" 200 22
124.78.152.34 - - [30/May/2024:09:28:32 +0800] "GET /xingrg/all/function/internal_message.html?_=1717032504416&CODE_STATE=getMsg HTTP/1.1" 200 27
124.78.152.34 - - [30/May/2024:09:28:32 +0800] "GET /xingrg/check_reg.html?_=1717032504841 HTTP/1.1" 200 22
222.69.134.193 - - [30/May/2024:09:28:34 +0800] "GET /xingrg/kc/buy/cgsh_order_operate.html?command=get_materiel&rest_code=00154&code=00101008353&supplier_code=00100417&order_time=2024-05-30 HTTP/1.1" 200 408
222.70.182.146 - - [30/May/2024:09:28:38 +0800] "POST /xingrg/services/DataTransmitService HTTP/1.1" 200 524
222.69.134.193 - - [30/May/2024:09:28:45 +0800] "GET /xingrg/kc/buy/cgsh_order_operate.html?command=get_materiel&rest_code=00154&code=00101008024&supplier_code=00100417&order_time=2024-05-30 HTTP/1.1" 200 408
172.20.0.100 - - [30/May/2024:09:28:46 +0800] "GET /favicon.ico HTTP/1.1" 404 -
172.20.0.100 - - [30/May/2024:09:28:46 +0800] "GET /favicon.ico HTTP/1.1" 404 -
172.20.0.100 - - [30/May/2024:09:28:47 +0800] "GET /favicon.ico HTTP/1.1" 404 -
172.20.0.100 - - [30/May/2024:09:28:47 +0800] "GET /favicon.ico HTTP/1.1" 404 -
116.232.195.13 - - [30/May/2024:09:28:49 +0800] "GET /xingrg/all/function/internal_message.html?_=1717032472578&CODE_STATE=getMsg HTTP/1.1" 200 27
222.70.182.146 - - [30/May/2024:09:28:49 +0800] "GET /xingrg/login.html HTTP/1.1" 200 7641
222.70.182.146 - - [30/May/2024:09:28:50 +0800] "GET /favicon.ico HTTP/1.1" 404 -
180.156.239.18 - - [30/May/2024:09:28:55 +0800] "GET /xingrg/all/function/internal_message.html?_=1717032535172&CODE_STATE=getMsg HTTP/1.1" 200 27
222.69.134.193 - - [30/May/2024:09:28:56 +0800] "GET /xingrg/kc/buy/cgsh_order_operate.html?command=get_materiel&rest_code=00154&code=00101008286&supplier_code=00100417&order_time=2024-05-30 HTTP/1.1" 200 409
116.238.97.31 - - [30/May/2024:09:28:58 +0800] "GET /xingrg/all/function/internal_message.html?_=1717032556301&CODE_STATE=getMsg HTTP/1.1" 200 27
124.79.78.120 - - [30/May/2024:09:29:00 +0800] "GET /xingrg/check_reg.html?_=1717032546437 HTTP/1.1" 200 22
124.79.78.120 - - [30/May/2024:09:29:00 +0800] "GET /xingrg/all/function/internal_message.html?_=1717032546435&CODE_STATE=getMsg HTTP/1.1" 200 27
116.232.195.13 - - [30/May/2024:09:29:01 +0800] "GET /xingrg/all/function/internal_message.html?_=1717032485125&CODE_STATE=getMsg HTTP/1.1" 200 27
180.164.6.225 - - [30/May/2024:09:29:04 +0800] "GET /xingrg/all/function/internal_message.html?_=1717032543463&CODE_STATE=getMsg HTTP/1.1" 200 27
222.69.134.193 - - [30/May/2024:09:29:05 +0800] "GET /xingrg/kc/buy/cgsh_order_operate.html?command=get_materiel&rest_code=00154&code=00101012029&supplier_code=00100417&order_time=2024-05-30 HTTP/1.1" 200 412
120.253.135.82 - - [30/May/2024:09:29:11 +0800] "GET /xingrg/check_reg.html?_=1717032403511 HTTP/1.1" 200 22
222.69.134.193 - - [30/May/2024:09:29:17 +0800] "GET /xingrg/all/function/internal_message.html?_=1717032559433&CODE_STATE=getMsg HTTP/1.1" 200 27
222.69.134.193 - - [30/May/2024:09:29:19 +0800] "GET /xingrg/kc/buy/cgsh_order_operate.html?command=get_materiel&rest_code=00154&code=00101008300&supplier_code=00100417&order_time=2024-05-30 HTTP/1.1" 200 412
180.156.239.18 - - [30/May/2024:09:29:22 +0800] "GET /xingrg/all/function/internal_message.html?_=1717032562237&CODE_STATE=getMsg HTTP/1.1" 200 27
101.83.144.49 - - [30/May/2024:09:29:23 +0800] "GET /xingrg/all/function/internal_message.html?_=1717032563176&CODE_STATE=getMsg HTTP/1.1" 200 27
124.78.152.34 - - [30/May/2024:09:29:32 +0800] "GET /xingrg/all/function/internal_message.html?_=1717032564391&CODE_STATE=getMsg HTTP/1.1" 200 27
222.69.134.193 - - [30/May/2024:09:29:44 +0800] "POST /xingrg/kc/buy/cgsh_order_operate.html HTTP/1.1" 200 37
116.232.195.13 - - [30/May/2024:09:29:49 +0800] "GET /xingrg/all/function/internal_message.html?_=1717032532577&CODE_STATE=getMsg HTTP/1.1" 200 27
222.69.134.193 - - [30/May/2024:09:29:51 +0800] "POST /xingrg/kc/buy/cgsh_order_operate.html HTTP/1.1" 200 12
222.69.134.193 - - [30/May/2024:09:29:54 +0800] "GET /xingrg/kc/buy/cgsh_order_info.html?code=212024053008937 HTTP/1.1" 200 68818
222.69.134.193 - - [30/May/2024:09:29:54 +0800] "GET /xingrg/javascript/easyui/themes/default/validatebox.css HTTP/1.1" 404 1104
222.69.134.193 - - [30/May/2024:09:29:55 +0800] "POST /xingrg/kc/buy/cgsh_order_operate.html HTTP/1.1" 200 8289
180.156.239.18 - - [30/May/2024:09:29:55 +0800] "GET /xingrg/all/function/internal_message.html?_=1717032595157&CODE_STATE=getMsg HTTP/1.1" 200 27
222.69.134.193 - - [30/May/2024:09:29:57 +0800] "GET /xingrg/kc/print/load_data.html?order_code=212024053008937&kc_code=cgsh&condition= HTTP/1.1" 200 3594
116.238.97.31 - - [30/May/2024:09:29:58 +0800] "GET /xingrg/all/function/internal_message.html?_=1717032616298&CODE_STATE=getMsg HTTP/1.1" 200 27
124.79.78.120 - - [30/May/2024:09:30:00 +0800] "GET /xingrg/all/function/internal_message.html?_=1717032606435&CODE_STATE=getMsg HTTP/1.1" 200 27
116.232.195.13 - - [30/May/2024:09:30:01 +0800] "GET /xingrg/all/function/internal_message.html?_=1717032545124&CODE_STATE=getMsg HTTP/1.1" 200 27
180.164.6.225 - - [30/May/2024:09:30:04 +0800] "GET /xingrg/all/function/internal_message.html?_=1717032603454&CODE_STATE=getMsg HTTP/1.1" 200 27
180.164.6.225 - - [30/May/2024:09:30:04 +0800] "GET /xingrg/check_reg.html?_=1717032603455 HTTP/1.1" 200 22
222.69.134.193 - - [30/May/2024:09:30:15 +0800] "GET /xingrg/check_reg.html?_=1717032617574 HTTP/1.1" 200 22
180.156.239.18 - - [30/May/2024:09:30:16 +0800] "GET /xingrg/check_reg.html?_=1717032616234 HTTP/1.1" 200 22
222.69.134.193 - - [30/May/2024:09:30:17 +0800] "GET /xingrg/all/function/internal_message.html?_=1717032619418&CODE_STATE=getMsg HTTP/1.1" 200 27
180.156.239.18 - - [30/May/2024:09:30:22 +0800] "GET /xingrg/all/function/internal_message.html?_=1717032622217&CODE_STATE=getMsg HTTP/1.1" 200 27
101.83.144.49 - - [30/May/2024:09:30:23 +0800] "GET /xingrg/all/function/internal_message.html?_=1717032623176&CODE_STATE=getMsg HTTP/1.1" 200 27
101.83.144.49 - - [30/May/2024:09:30:23 +0800] "GET /xingrg/check_reg.html?_=1717032623180 HTTP/1.1" 200 22
124.78.152.34 - - [30/May/2024:09:30:32 +0800] "GET /xingrg/all/function/internal_message.html?_=1717032624365&CODE_STATE=getMsg HTTP/1.1" 200 27
180.156.239.18 - - [30/May/2024:09:30:42 +0800] "GET /xingrg/check_reg.html?_=1717032642638 HTTP/1.1" 200 22
116.232.195.13 - - [30/May/2024:09:30:49 +0800] "GET /xingrg/all/function/internal_message.html?_=1717032592567&CODE_STATE=getMsg HTTP/1.1" 200 27
116.232.195.13 - - [30/May/2024:09:30:49 +0800] "GET /xingrg/check_reg.html?_=1717032592569 HTTP/1.1" 200 22
222.70.182.146 - - [30/May/2024:09:30:53 +0800] "POST /xingrg/login.do HTTP/1.1" 302 -
222.70.182.146 - - [30/May/2024:09:30:53 +0800] "GET /xingrg/index.html?sysBaseUrl=http%3A%2F%2F180.169.147.146%3A18081%2Fxingrg%2F&costTime=822×tamp=1717032653462 HTTP/1.1" 200 17173
222.70.182.146 - - [30/May/2024:09:30:53 +0800] "GET /favicon.ico HTTP/1.1" 404 -
222.70.182.146 - - [30/May/2024:09:30:53 +0800] "GET /xingrg/all/function/internal_message.html?_=1717032649494&CODE_STATE=count HTTP/1.1" 200 11
222.70.182.146 - - [30/May/2024:09:30:53 +0800] "GET /xingrg/check_reg.html?_=1717032649495 HTTP/1.1" 200 22
222.70.182.146 - - [30/May/2024:09:30:53 +0800] "POST /xingrg/all/common/load_tree.html?tree=area_rest_tree_json&manage=1 HTTP/1.1" 200 342
222.70.182.146 - - [30/May/2024:09:30:53 +0800] "POST /xingrg/load_menu.html HTTP/1.1" 200 5138
180.156.239.18 - - [30/May/2024:09:30:55 +0800] "GET /xingrg/all/function/internal_message.html?_=1717032655157&CODE_STATE=getMsg HTTP/1.1" 200 27
116.238.97.31 - - [30/May/2024:09:30:58 +0800] "GET /xingrg/all/function/internal_message.html?_=1717032676295&CODE_STATE=getMsg HTTP/1.1" 200 27
124.79.78.120 - - [30/May/2024:09:31:00 +0800] "GET /xingrg/all/function/internal_message.html?_=1717032666450&CODE_STATE=getMsg HTTP/1.1" 200 27
180.164.6.225 - - [30/May/2024:09:31:01 +0800] "GET /xingrg/check_reg.html?_=1717032660316 HTTP/1.1" 200 22
180.164.6.225 - - [30/May/2024:09:31:01 +0800] "GET /xingrg/all/function/internal_message.html?_=1717032660321&CODE_STATE=getMsg HTTP/1.1" 200 27
116.232.195.13 - - [30/May/2024:09:31:01 +0800] "GET /xingrg/all/function/internal_message.html?_=1717032605111&CODE_STATE=getMsg HTTP/1.1" 200 27
222.70.182.146 - - [30/May/2024:09:31:02 +0800] "GET /xingrg/kc/buy/cgsh_order_list.html HTTP/1.1" 200 58928
222.70.182.146 - - [30/May/2024:09:31:02 +0800] "GET /xingrg/javascript/easyui/themes/icons/edit_add_new.png HTTP/1.1" 200 2997
222.70.182.146 - - [30/May/2024:09:31:02 +0800] "GET /xingrg/javascript/easyui/themes/icons/cance_new.png HTTP/1.1" 200 3986
222.70.182.146 - - [30/May/2024:09:31:02 +0800] "GET /xingrg/javascript/easyui/themes/icons/check_new.png HTTP/1.1" 200 3224
222.70.182.146 - - [30/May/2024:09:31:02 +0800] "GET /xingrg/javascript/easyui/themes/icons/field_new.png HTTP/1.1" 200 1097
222.70.182.146 - - [30/May/2024:09:31:02 +0800] "GET /xingrg/javascript/easyui/themes/icons/import_new.png HTTP/1.1" 200 1247
222.70.182.146 - - [30/May/2024:09:31:02 +0800] "GET /xingrg/images/control/ajaxLoader.gif HTTP/1.1" 200 4659
180.164.6.225 - - [30/May/2024:09:31:04 +0800] "GET /xingrg/all/function/internal_message.html?_=1717032663470&CODE_STATE=getMsg HTTP/1.1" 200 27
222.70.182.146 - - [30/May/2024:09:31:04 +0800] "POST /xingrg/kc/buy/cgsh_list_operate.html HTTP/1.1" 200 645
180.164.6.225 - - [30/May/2024:09:31:05 +0800] "POST /xingrg/kc/buy/cgsh_list_operate.html HTTP/1.1" 200 1395
222.70.182.146 - - [30/May/2024:09:31:11 +0800] "GET /xingrg/javascript/easyui/themes/default/images/button_plain_hover.png HTTP/1.1" 200 144
222.70.182.146 - - [30/May/2024:09:31:12 +0800] "GET /xingrg/kc/buy/cgsh_order_add.html HTTP/1.1" 200 74697
222.70.182.146 - - [30/May/2024:09:31:12 +0800] "GET /xingrg/words/20240529172903_words.js HTTP/1.1" 304 -
222.70.182.146 - - [30/May/2024:09:31:12 +0800] "GET /xingrg/javascript/easyui/themes/icons/copy_new.png HTTP/1.1" 200 815
222.70.182.146 - - [30/May/2024:09:31:12 +0800] "GET /xingrg/javascript/easyui/themes/icons/template_new.png HTTP/1.1" 200 3956
222.70.182.146 - - [30/May/2024:09:31:12 +0800] "GET /xingrg/javascript/easyui/themes/icons/ok.png HTTP/1.1" 200 883
222.70.182.146 - - [30/May/2024:09:31:12 +0800] "GET /xingrg/javascript/easyui/themes/icons/print.png HTTP/1.1" 200 1057
222.70.182.146 - - [30/May/2024:09:31:12 +0800] "GET /xingrg/javascript/easyui/themes/default/images/menu_downarrow.png HTTP/1.1" 200 173
222.70.182.146 - - [30/May/2024:09:31:12 +0800] "GET /xingrg/javascript/easyui/themes/icons/cancel.png HTTP/1.1" 200 1133
222.70.182.146 - - [30/May/2024:09:31:12 +0800] "GET /xingrg/javascript/easyui/themes/default/validatebox.css HTTP/1.1" 404 1104
222.70.182.146 - - [30/May/2024:09:31:13 +0800] "POST /xingrg/kc/buy/cgsh_order_operate.html HTTP/1.1" 200 8245
222.70.182.146 - - [30/May/2024:09:31:13 +0800] "GET /xingrg/all/common/auto_word.html?type=employee&rest_code=00111 HTTP/1.1" 200 105
222.70.182.146 - - [30/May/2024:09:31:13 +0800] "GET /xingrg/all/common/auto_word.html?type=employee&rest_code=00111 HTTP/1.1" 200 105
222.70.182.146 - - [30/May/2024:09:31:13 +0800] "GET /xingrg/javascript/easyui/themes/icons/edit_remove.png HTTP/1.1" 200 625
