116.238.97.31 - - [30/May/2024:10:21:38 +0800] "GET /xingrg/kc/base/stock_operate.html?_=1717035695523&command=get_report_file&start_day=20230501 HTTP/1.1" 200 53
116.238.97.31 - - [30/May/2024:10:21:38 +0800] "GET /xingrg/all/report/report_query.html?isQuery=1&onlyBody=1&rh=2000&fileName=kc/base/kc_stock_detail_new.xml&queryString=(1=1)&queryText=&tableQueryString=init_table$sp1$$sp$crk_table$sp1$order_day%20between%2020230501%20and%2020240531&varString=start_day:20230501,materiel_code:00102008054,cost_id:4369,end_date:20230430 HTTP/1.1" 200 48701
116.238.97.31 - - [30/May/2024:10:21:39 +0800] "GET /xingrg/dwr/interface/AjaxReportQueryService.js HTTP/1.1" 200 13203
116.238.97.31 - - [30/May/2024:10:21:39 +0800] "GET /xingrg/dwr/engine.js HTTP/1.1" 200 43631
116.238.97.31 - - [30/May/2024:10:21:39 +0800] "GET /xingrg/dwr/util.js HTTP/1.1" 200 35990
180.169.147.146 - - [30/May/2024:10:21:39 +0800] "GET /xingrg/all/function/internal_message.html?_=1717035694442&CODE_STATE=getMsg HTTP/1.1" 200 27
180.169.147.146 - - [30/May/2024:10:21:39 +0800] "GET /xingrg/check_reg.html?_=1717035694498 HTTP/1.1" 200 22
116.238.97.31 - - [30/May/2024:10:21:40 +0800] "POST /xingrg/all/report/load_report_page.html HTTP/1.1" 200 89
114.84.152.157 - - [30/May/2024:10:21:45 +0800] "GET /xingrg/all/function/internal_message.html?_=1717034051676&CODE_STATE=getMsg HTTP/1.1" 200 27
116.238.97.31 - - [30/May/2024:10:21:48 +0800] "GET /xingrg/all/function/internal_message.html?_=1717035705377&CODE_STATE=getMsg HTTP/1.1" 200 27
116.232.195.13 - - [30/May/2024:10:21:49 +0800] "GET /xingrg/all/function/internal_message.html?_=1717035652591&CODE_STATE=getMsg HTTP/1.1" 200 27
58.40.7.146 - - [30/May/2024:10:21:52 +0800] "GET /xingrg/all/function/internal_message.html?_=1717035712374&CODE_STATE=getMsg HTTP/1.1" 200 27
222.67.233.39 - - [30/May/2024:10:21:53 +0800] "GET /xingrg/all/function/internal_message.html?_=1717035713556&CODE_STATE=getMsg HTTP/1.1" 200 27
114.83.220.212 - - [30/May/2024:10:21:56 +0800] "POST /xingrg/kc/buy/cgsh_order_operate.html HTTP/1.1" 200 37
116.238.97.31 - - [30/May/2024:10:21:56 +0800] "POST /xingrg/kc/base/stock_operate.html HTTP/1.1" 200 1697
116.238.97.31 - - [30/May/2024:10:21:57 +0800] "GET /xingrg/kc/base/stock_detail.html?m=00102010483 HTTP/1.1" 200 7399
116.238.97.31 - - [30/May/2024:10:21:58 +0800] "GET /xingrg/check_reg.html?_=1717035736355 HTTP/1.1" 200 22
116.238.97.31 - - [30/May/2024:10:21:58 +0800] "GET /xingrg/all/function/internal_message.html?_=1717035736353&CODE_STATE=getMsg HTTP/1.1" 200 27
124.79.78.120 - - [30/May/2024:10:22:00 +0800] "GET /xingrg/all/function/internal_message.html?_=1717035726551&CODE_STATE=getMsg HTTP/1.1" 200 27
116.238.97.31 - - [30/May/2024:10:22:00 +0800] "GET /xingrg/kc/base/stock_operate.html?_=1717035717452&command=get_report_file&start_day=20230501 HTTP/1.1" 200 53
116.238.97.31 - - [30/May/2024:10:22:00 +0800] "GET /xingrg/all/report/report_query.html?isQuery=1&onlyBody=1&rh=2000&fileName=kc/base/kc_stock_detail_new.xml&queryString=(1=1)&queryText=&tableQueryString=init_table$sp1$$sp$crk_table$sp1$order_day%20between%2020230501%20and%2020240531&varString=start_day:20230501,materiel_code:00102010483,cost_id:4369,end_date:20230430 HTTP/1.1" 200 48701
116.232.195.13 - - [30/May/2024:10:22:00 +0800] "GET /xingrg/all/function/internal_message.html?_=1717035664201&CODE_STATE=getMsg HTTP/1.1" 200 27
116.238.97.31 - - [30/May/2024:10:22:00 +0800] "GET /xingrg/dwr/interface/AjaxReportQueryService.js HTTP/1.1" 200 13203
116.238.97.31 - - [30/May/2024:10:22:00 +0800] "GET /xingrg/dwr/engine.js HTTP/1.1" 200 43631
222.69.134.193 - - [30/May/2024:10:22:01 +0800] "GET /xingrg/all/function/internal_message.html?_=1717035723589&CODE_STATE=getMsg HTTP/1.1" 200 27
116.238.97.31 - - [30/May/2024:10:22:02 +0800] "POST /xingrg/all/report/load_report_page.html HTTP/1.1" 200 54291
116.238.97.31 - - [30/May/2024:10:22:02 +0800] "GET /xingrg/servlets/image?cache=0.6712593703044025&image=px HTTP/1.1" 200 807
114.83.220.212 - - [30/May/2024:10:22:05 +0800] "POST /xingrg/kc/buy/cgsh_order_operate.html HTTP/1.1" 200 22148
124.78.25.193 - - [30/May/2024:10:22:15 +0800] "POST /xingrg/services/DataTransmitService HTTP/1.1" 401 565
124.78.25.193 - - [30/May/2024:10:22:15 +0800] "POST /xingrg/services/DataTransmitService HTTP/1.1" 200 478
124.78.25.193 - - [30/May/2024:10:22:15 +0800] "POST /xingrg/services/DataTransmitService HTTP/1.1" 200 1319
124.78.25.193 - - [30/May/2024:10:22:15 +0800] "POST /xingrg/services/DataTransmitService HTTP/1.1" 200 478
124.78.25.193 - - [30/May/2024:10:22:15 +0800] "POST /xingrg/services/DataTransmitService HTTP/1.1" 200 1319
124.78.25.193 - - [30/May/2024:10:22:15 +0800] "POST /xingrg/services/DataTransmitService HTTP/1.1" 200 524
124.78.25.193 - - [30/May/2024:10:22:16 +0800] "POST /xingrg/services/DataTransmitService HTTP/1.1" 200 1731
124.78.25.193 - - [30/May/2024:10:22:17 +0800] "POST /xingrg/services/DataTransmitService HTTP/1.1" 200 45454
124.78.25.193 - - [30/May/2024:10:22:17 +0800] "POST /xingrg/services/DataTransmitService HTTP/1.1" 200 19237
116.238.97.31 - - [30/May/2024:10:22:20 +0800] "GET /xingrg/all/function/internal_message.html?_=1717035737115&CODE_STATE=getMsg HTTP/1.1" 200 27
180.156.239.18 - - [30/May/2024:10:22:21 +0800] "GET /xingrg/all/function/internal_message.html?_=1717035741215&CODE_STATE=getMsg HTTP/1.1" 200 27
101.83.144.49 - - [30/May/2024:10:22:23 +0800] "GET /xingrg/all/function/internal_message.html?_=1717035743230&CODE_STATE=getMsg HTTP/1.1" 200 27
222.70.182.146 - - [30/May/2024:10:22:27 +0800] "GET /xingrg/all/function/internal_message.html?_=1717035743137&CODE_STATE=getMsg HTTP/1.1" 200 27
180.164.6.225 - - [30/May/2024:10:22:28 +0800] "GET /xingrg/all/function/internal_message.html?_=1717035747085&CODE_STATE=getMsg HTTP/1.1" 200 27
180.156.239.18 - - [30/May/2024:10:22:29 +0800] "GET /xingrg/check_reg.html?_=1717035749762 HTTP/1.1" 200 22
180.156.239.18 - - [30/May/2024:10:22:29 +0800] "GET /xingrg/all/function/internal_message.html?_=1717035749759&CODE_STATE=getMsg HTTP/1.1" 200 27
124.78.152.34 - - [30/May/2024:10:22:31 +0800] "GET /xingrg/all/function/internal_message.html?_=1717035743210&CODE_STATE=getMsg HTTP/1.1" 200 27
222.67.233.39 - - [30/May/2024:10:22:35 +0800] "GET /xingrg/kc/buy/cgsh_order_operate.html?command=get_materiel&rest_code=00141&code=00101007061&supplier_code=00100096&order_time=2024-05-30 HTTP/1.1" 200 411
114.83.220.212 - - [30/May/2024:10:22:38 +0800] "GET /xingrg/all/function/internal_message.html?_=1717035757605&CODE_STATE=getMsg HTTP/1.1" 200 27
180.169.147.146 - - [30/May/2024:10:22:39 +0800] "GET /xingrg/all/function/internal_message.html?_=1717035754456&CODE_STATE=getMsg HTTP/1.1" 200 27
116.238.97.31 - - [30/May/2024:10:22:42 +0800] "POST /xingrg/kc/base/stock_operate.html HTTP/1.1" 200 2834
114.84.152.157 - - [30/May/2024:10:22:45 +0800] "GET /xingrg/all/function/internal_message.html?_=1717034111668&CODE_STATE=getMsg HTTP/1.1" 200 27
116.238.97.31 - - [30/May/2024:10:22:48 +0800] "GET /xingrg/all/function/internal_message.html?_=1717035765370&CODE_STATE=getMsg HTTP/1.1" 200 27
116.232.195.13 - - [30/May/2024:10:22:49 +0800] "GET /xingrg/all/function/internal_message.html?_=1717035712574&CODE_STATE=getMsg HTTP/1.1" 200 27
58.40.7.146 - - [30/May/2024:10:22:52 +0800] "GET /xingrg/all/function/internal_message.html?_=1717035772361&CODE_STATE=getMsg HTTP/1.1" 200 27
222.67.233.39 - - [30/May/2024:10:22:52 +0800] "GET /xingrg/kc/buy/cgsh_order_operate.html?command=get_materiel&rest_code=00141&code=00101007181&supplier_code=00100096&order_time=2024-05-30 HTTP/1.1" 200 412
222.67.233.39 - - [30/May/2024:10:22:53 +0800] "GET /xingrg/all/function/internal_message.html?_=1717035773539&CODE_STATE=getMsg HTTP/1.1" 200 27
116.238.97.31 - - [30/May/2024:10:22:58 +0800] "GET /xingrg/all/function/internal_message.html?_=1717035796350&CODE_STATE=getMsg HTTP/1.1" 200 27
124.79.78.120 - - [30/May/2024:10:23:00 +0800] "GET /xingrg/all/function/internal_message.html?_=1717035786550&CODE_STATE=getMsg HTTP/1.1" 200 27
116.232.195.13 - - [30/May/2024:10:23:00 +0800] "GET /xingrg/all/function/internal_message.html?_=1717035724186&CODE_STATE=getMsg HTTP/1.1" 200 27
222.69.134.193 - - [30/May/2024:10:23:01 +0800] "GET /xingrg/all/function/internal_message.html?_=1717035783580&CODE_STATE=getMsg HTTP/1.1" 200 27
116.232.195.13 - - [30/May/2024:10:23:14 +0800] "GET /favicon.ico HTTP/1.1" 404 -
222.67.233.39 - - [30/May/2024:10:23:15 +0800] "GET /xingrg/kc/buy/cgsh_order_operate.html?command=get_materiel&rest_code=00141&code=00101007031&supplier_code=00100096&order_time=2024-05-30 HTTP/1.1" 200 415
116.232.195.13 - - [30/May/2024:10:23:16 +0800] "GET /xingrg/check_reg.html?_=1717035739512 HTTP/1.1" 200 22
116.238.97.31 - - [30/May/2024:10:23:20 +0800] "GET /xingrg/all/function/internal_message.html?_=1717035797119&CODE_STATE=getMsg HTTP/1.1" 200 27
114.84.152.157 - - [30/May/2024:10:23:20 +0800] "GET /xingrg/kc/buy/cgsh_order_operate.html?command=get_materiel_price&rest_code=00142&code=00101040069&unit_code=00100626&supplier_code=00100207&order_time=2024-05-30 HTTP/1.1" 200 27
180.156.239.18 - - [30/May/2024:10:23:21 +0800] "GET /xingrg/all/function/internal_message.html?_=1717035801193&CODE_STATE=getMsg HTTP/1.1" 200 27
101.83.144.49 - - [30/May/2024:10:23:23 +0800] "GET /xingrg/all/function/internal_message.html?_=1717035803234&CODE_STATE=getMsg HTTP/1.1" 200 27
222.70.182.146 - - [30/May/2024:10:23:27 +0800] "GET /xingrg/all/function/internal_message.html?_=1717035803128&CODE_STATE=getMsg HTTP/1.1" 200 27
180.164.6.225 - - [30/May/2024:10:23:28 +0800] "GET /xingrg/all/function/internal_message.html?_=1717035807083&CODE_STATE=getMsg HTTP/1.1" 200 27
116.238.97.31 - - [30/May/2024:10:23:28 +0800] "GET /xingrg/check_reg.html?_=1717035807932 HTTP/1.1" 200 22
180.156.239.18 - - [30/May/2024:10:23:29 +0800] "GET /xingrg/all/function/internal_message.html?_=1717035809746&CODE_STATE=getMsg HTTP/1.1" 200 27
124.78.152.34 - - [30/May/2024:10:23:31 +0800] "GET /xingrg/all/function/internal_message.html?_=1717035803180&CODE_STATE=getMsg HTTP/1.1" 200 27
124.78.152.34 - - [30/May/2024:10:23:32 +0800] "GET /xingrg/check_reg.html?_=1717035804673 HTTP/1.1" 200 22
222.67.233.39 - - [30/May/2024:10:23:36 +0800] "GET /xingrg/kc/buy/cgsh_order_operate.html?command=get_materiel&rest_code=00141&code=00101007060&supplier_code=00100096&order_time=2024-05-30 HTTP/1.1" 200 409
114.83.220.212 - - [30/May/2024:10:23:38 +0800] "GET /xingrg/all/function/internal_message.html?_=1717035817592&CODE_STATE=getMsg HTTP/1.1" 200 27
180.169.147.146 - - [30/May/2024:10:23:39 +0800] "GET /xingrg/all/function/internal_message.html?_=1717035814453&CODE_STATE=getMsg HTTP/1.1" 200 27
114.84.152.157 - - [30/May/2024:10:23:45 +0800] "GET /xingrg/all/function/internal_message.html?_=1717034171683&CODE_STATE=getMsg HTTP/1.1" 200 27
116.238.97.31 - - [30/May/2024:10:23:48 +0800] "GET /xingrg/all/function/internal_message.html?_=1717035825386&CODE_STATE=getMsg HTTP/1.1" 200 27
116.232.195.13 - - [30/May/2024:10:23:49 +0800] "GET /xingrg/all/function/internal_message.html?_=1717035772591&CODE_STATE=getMsg HTTP/1.1" 200 27
58.40.7.146 - - [30/May/2024:10:23:52 +0800] "GET /xingrg/all/function/internal_message.html?_=1717035832367&CODE_STATE=getMsg HTTP/1.1" 200 27
222.67.233.39 - - [30/May/2024:10:23:53 +0800] "GET /xingrg/all/function/internal_message.html?_=1717035833557&CODE_STATE=getMsg HTTP/1.1" 200 27
116.238.97.31 - - [30/May/2024:10:23:58 +0800] "GET /xingrg/all/function/internal_message.html?_=1717035856347&CODE_STATE=getMsg HTTP/1.1" 200 27
124.79.78.120 - - [30/May/2024:10:24:00 +0800] "GET /xingrg/all/function/internal_message.html?_=1717035846550&CODE_STATE=getMsg HTTP/1.1" 200 27
124.79.78.120 - - [30/May/2024:10:24:00 +0800] "GET /xingrg/check_reg.html?_=1717035846555 HTTP/1.1" 200 22
116.232.195.13 - - [30/May/2024:10:24:00 +0800] "GET /xingrg/all/function/internal_message.html?_=1717035784185&CODE_STATE=getMsg HTTP/1.1" 200 27
222.69.134.193 - - [30/May/2024:10:24:01 +0800] "GET /xingrg/all/function/internal_message.html?_=1717035843560&CODE_STATE=getMsg HTTP/1.1" 200 27
120.253.135.82 - - [30/May/2024:10:24:19 +0800] "GET /xingrg/kc/pszx/mdps_order_operate.html?command=get_materiel&pszx_code=00101&rest_code=00103&base_code=0010246&code=00101013223 HTTP/1.1" 200 419
116.238.97.31 - - [30/May/2024:10:24:20 +0800] "GET /xingrg/all/function/internal_message.html?_=1717035857124&CODE_STATE=getMsg HTTP/1.1" 200 27
180.156.239.18 - - [30/May/2024:10:24:21 +0800] "GET /xingrg/all/function/internal_message.html?_=1717035861176&CODE_STATE=getMsg HTTP/1.1" 200 27
101.83.144.49 - - [30/May/2024:10:24:23 +0800] "GET /xingrg/all/function/internal_message.html?_=1717035863240&CODE_STATE=getMsg HTTP/1.1" 200 27
222.70.182.146 - - [30/May/2024:10:24:27 +0800] "GET /xingrg/all/function/internal_message.html?_=1717035863120&CODE_STATE=getMsg HTTP/1.1" 200 27
222.70.182.146 - - [30/May/2024:10:24:27 +0800] "GET /xingrg/check_reg.html?_=1717035863269 HTTP/1.1" 200 22
180.164.6.225 - - [30/May/2024:10:24:28 +0800] "GET /xingrg/all/function/internal_message.html?_=1717035867090&CODE_STATE=getMsg HTTP/1.1" 200 27
180.156.239.18 - - [30/May/2024:10:24:29 +0800] "GET /xingrg/all/function/internal_message.html?_=1717035869760&CODE_STATE=getMsg HTTP/1.1" 200 27
124.78.152.34 - - [30/May/2024:10:24:31 +0800] "GET /xingrg/all/function/internal_message.html?_=1717035863161&CODE_STATE=getMsg HTTP/1.1" 200 27
114.83.220.212 - - [30/May/2024:10:24:38 +0800] "GET /xingrg/all/function/internal_message.html?_=1717035877592&CODE_STATE=getMsg HTTP/1.1" 200 27
180.169.147.146 - - [30/May/2024:10:24:39 +0800] "GET /xingrg/all/function/internal_message.html?_=1717035874474&CODE_STATE=getMsg HTTP/1.1" 200 27
114.84.152.157 - - [30/May/2024:10:24:45 +0800] "GET /xingrg/all/function/internal_message.html?_=1717034231668&CODE_STATE=getMsg HTTP/1.1" 200 27
120.253.135.82 - - [30/May/2024:10:24:47 +0800] "GET /xingrg/kc/pszx/mdps_order_operate.html?command=get_materiel&pszx_code=00101&rest_code=00103&base_code=0010246&code=00101019380 HTTP/1.1" 200 478
116.238.97.31 - - [30/May/2024:10:24:48 +0800] "GET /xingrg/all/function/internal_message.html?_=1717035885370&CODE_STATE=getMsg HTTP/1.1" 200 27
116.232.195.13 - - [30/May/2024:10:24:49 +0800] "GET /xingrg/all/function/internal_message.html?_=1717035832589&CODE_STATE=getMsg HTTP/1.1" 200 27
120.253.135.82 - - [30/May/2024:10:24:49 +0800] "POST /xingrg/all/common/load_select.html HTTP/1.1" 200 25
120.253.135.82 - - [30/May/2024:10:24:51 +0800] "GET /xingrg/kc/pszx/mdps_order_operate.html?command=get_materiel_price&pszx_code=00101&rest_code=00103&base_code=0010246&code=00101019380&unit_code=00100049&order_time=2024-05-31 HTTP/1.1" 200 48
58.40.7.146 - - [30/May/2024:10:24:52 +0800] "GET /xingrg/all/function/internal_message.html?_=1717035892386&CODE_STATE=getMsg HTTP/1.1" 200 27
222.67.233.39 - - [30/May/2024:10:24:53 +0800] "GET /xingrg/all/function/internal_message.html?_=1717035893563&CODE_STATE=getMsg HTTP/1.1" 200 27
116.238.97.31 - - [30/May/2024:10:24:58 +0800] "GET /xingrg/all/function/internal_message.html?_=1717035916343&CODE_STATE=getMsg HTTP/1.1" 200 27
124.79.78.120 - - [30/May/2024:10:25:00 +0800] "GET /xingrg/all/function/internal_message.html?_=1717035906553&CODE_STATE=getMsg HTTP/1.1" 200 27
116.232.195.13 - - [30/May/2024:10:25:00 +0800] "GET /xingrg/all/function/internal_message.html?_=1717035844169&CODE_STATE=getMsg HTTP/1.1" 200 27
222.69.134.193 - - [30/May/2024:10:25:01 +0800] "GET /xingrg/all/function/internal_message.html?_=1717035903540&CODE_STATE=getMsg HTTP/1.1" 200 27
120.253.135.82 - - [30/May/2024:10:25:04 +0800] "POST /xingrg/kc/pszx/mdps_order_operate.html HTTP/1.1" 200 37
120.253.135.82 - - [30/May/2024:10:25:07 +0800] "GET /xingrg/kc/pszx/mdps_order_info.html?code=312024052900576 HTTP/1.1" 200 23976
120.253.135.82 - - [30/May/2024:10:25:08 +0800] "GET /xingrg/javascript/easyui/themes/default/validatebox.css HTTP/1.1" 404 1104
120.253.135.82 - - [30/May/2024:10:25:08 +0800] "POST /xingrg/kc/pszx/mdps_order_operate.html HTTP/1.1" 200 4282
120.253.135.82 - - [30/May/2024:10:25:10 +0800] "POST /xingrg/kc/pszx/mdps_list_operate.html HTTP/1.1" 200 2426
120.253.135.82 - - [30/May/2024:10:25:12 +0800] "POST /xingrg/kc/pszx/mdps_list_operate.html HTTP/1.1" 200 596
120.253.135.82 - - [30/May/2024:10:25:14 +0800] "GET /xingrg/kc/pszx/mdps_order_info.html?code=312024052900574 HTTP/1.1" 200 23976
120.253.135.82 - - [30/May/2024:10:25:15 +0800] "GET /xingrg/javascript/easyui/themes/default/validatebox.css HTTP/1.1" 404 1104
120.253.135.82 - - [30/May/2024:10:25:15 +0800] "POST /xingrg/kc/pszx/mdps_order_operate.html HTTP/1.1" 200 8882
116.238.97.31 - - [30/May/2024:10:25:20 +0800] "GET /xingrg/all/function/internal_message.html?_=1717035917121&CODE_STATE=getMsg HTTP/1.1" 200 27
180.156.239.18 - - [30/May/2024:10:25:21 +0800] "GET /xingrg/all/function/internal_message.html?_=1717035921171&CODE_STATE=getMsg HTTP/1.1" 200 27
101.83.144.49 - - [30/May/2024:10:25:23 +0800] "GET /xingrg/check_reg.html?_=1717035923236 HTTP/1.1" 200 22
101.83.144.49 - - [30/May/2024:10:25:23 +0800] "GET /xingrg/all/function/internal_message.html?_=1717035923239&CODE_STATE=getMsg HTTP/1.1" 200 27
222.70.182.146 - - [30/May/2024:10:25:27 +0800] "GET /xingrg/all/function/internal_message.html?_=1717035923101&CODE_STATE=getMsg HTTP/1.1" 200 27
180.164.6.225 - - [30/May/2024:10:25:28 +0800] "GET /xingrg/all/function/internal_message.html?_=1717035927079&CODE_STATE=getMsg HTTP/1.1" 200 27
180.156.239.18 - - [30/May/2024:10:25:29 +0800] "GET /xingrg/all/function/internal_message.html?_=1717035929761&CODE_STATE=getMsg HTTP/1.1" 200 27
124.78.152.34 - - [30/May/2024:10:25:31 +0800] "GET /xingrg/all/function/internal_message.html?_=1717035923149&CODE_STATE=getMsg HTTP/1.1" 200 27
116.238.97.31 - - [30/May/2024:10:25:33 +0800] "GET /xingrg/kc/base/wldb_order_list.html HTTP/1.1" 200 19215
116.238.97.31 - - [30/May/2024:10:25:33 +0800] "GET /xingrg/javascript/jquery_tools/list_manager.js HTTP/1.1" 200 3652
116.238.97.31 - - [30/May/2024:10:25:33 +0800] "GET /xingrg/javascript/easyui/themes/icons/edit_add_new.png HTTP/1.1" 200 2997
116.238.97.31 - - [30/May/2024:10:25:33 +0800] "GET /xingrg/javascript/easyui/themes/icons/check_new.png HTTP/1.1" 200 3224
116.238.97.31 - - [30/May/2024:10:25:33 +0800] "GET /xingrg/javascript/easyui/themes/icons/cance_new.png HTTP/1.1" 200 3986
116.238.97.31 - - [30/May/2024:10:25:33 +0800] "GET /xingrg/javascript/easyui/themes/icons/field_new.png HTTP/1.1" 200 1097
116.238.97.31 - - [30/May/2024:10:25:33 +0800] "GET /xingrg/javascript/easyui/themes/icons/import_new.png HTTP/1.1" 200 1247
116.238.97.31 - - [30/May/2024:10:25:33 +0800] "GET /xingrg/images/control/ajaxLoader.gif HTTP/1.1" 200 4659
116.238.97.31 - - [30/May/2024:10:25:34 +0800] "POST /xingrg/kc/base/wldb_list_operate.html HTTP/1.1" 200 928
222.67.233.39 - - [30/May/2024:10:25:34 +0800] "POST /xingrg/kc/buy/cgsh_order_operate.html HTTP/1.1" 200 37
116.238.97.31 - - [30/May/2024:10:25:34 +0800] "GET /xingrg/javascript/easyui/themes/default/images/button_plain_hover.png HTTP/1.1" 200 144
116.238.97.31 - - [30/May/2024:10:25:35 +0800] "GET /xingrg/kc/base/wldb_order_add.html HTTP/1.1" 200 30699
116.238.97.31 - - [30/May/2024:10:25:35 +0800] "GET /xingrg/words/20240530100417_words.js HTTP/1.1" 200 1029392
116.238.97.31 - - [30/May/2024:10:25:35 +0800] "GET /xingrg/javascript/easyui/themes/icons/template_new.png HTTP/1.1" 200 3956
116.238.97.31 - - [30/May/2024:10:25:35 +0800] "GET /xingrg/javascript/easyui/themes/icons/ok.png HTTP/1.1" 200 883
116.238.97.31 - - [30/May/2024:10:25:35 +0800] "GET /xingrg/javascript/easyui/themes/icons/print.png HTTP/1.1" 200 1057
116.238.97.31 - - [30/May/2024:10:25:35 +0800] "GET /xingrg/javascript/easyui/themes/default/images/menu_downarrow.png HTTP/1.1" 200 173
116.238.97.31 - - [30/May/2024:10:25:35 +0800] "GET /xingrg/javascript/easyui/themes/icons/cancel.png HTTP/1.1" 200 1133
116.238.97.31 - - [30/May/2024:10:25:35 +0800] "POST /xingrg/kc/base/wldb_order_operate.html HTTP/1.1" 200 6806
116.238.97.31 - - [30/May/2024:10:25:35 +0800] "GET /xingrg/all/common/auto_word.html?type=base&rest_code=00102 HTTP/1.1" 200 1857
116.238.97.31 - - [30/May/2024:10:25:35 +0800] "GET /xingrg/javascript/easyui/themes/default/validatebox.css HTTP/1.1" 404 1104
116.238.97.31 - - [30/May/2024:10:25:35 +0800] "GET /xingrg/all/common/auto_word.html?type=base&rest_code=00102 HTTP/1.1" 200 1857
116.238.97.31 - - [30/May/2024:10:25:35 +0800] "GET /xingrg/javascript/easyui/themes/icons/edit_remove.png HTTP/1.1" 200 625
116.238.97.31 - - [30/May/2024:10:25:37 +0800] "GET /xingrg/css/images/panel_loading.gif HTTP/1.1" 200 1737
116.238.97.31 - - [30/May/2024:10:25:37 +0800] "POST /xingrg/all/common/load_combo.html?type=base HTTP/1.1" 200 3321
120.253.135.82 - - [30/May/2024:10:25:37 +0800] "POST /xingrg/kc/pszx/mdps_order_operate.html HTTP/1.1" 200 37
114.83.220.212 - - [30/May/2024:10:25:38 +0800] "GET /xingrg/all/function/internal_message.html?_=1717035937599&CODE_STATE=getMsg HTTP/1.1" 200 27
180.169.147.146 - - [30/May/2024:10:25:39 +0800] "GET /xingrg/all/function/internal_message.html?_=1717035934464&CODE_STATE=getMsg HTTP/1.1" 200 27
120.253.135.82 - - [30/May/2024:10:25:39 +0800] "GET /xingrg/kc/pszx/mdps_order_info.html?code=312024052900574 HTTP/1.1" 200 23976
116.238.97.31 - - [30/May/2024:10:25:39 +0800] "GET /xingrg/javascript/auto/indicator.gif HTTP/1.1" 404 1066
120.253.135.82 - - [30/May/2024:10:25:40 +0800] "GET /xingrg/javascript/easyui/themes/default/validatebox.css HTTP/1.1" 404 1104
120.253.135.82 - - [30/May/2024:10:25:40 +0800] "POST /xingrg/kc/pszx/mdps_order_operate.html HTTP/1.1" 200 7359
116.238.97.31 - - [30/May/2024:10:25:42 +0800] "GET /xingrg/kc/base/wldb_order_operate.html?command=get_materiel&rest_code=00102&base_code=0010476&code=00101016094 HTTP/1.1" 200 468
180.156.239.18 - - [30/May/2024:10:25:42 +0800] "GET /xingrg/check_reg.html?_=1717035942460 HTTP/1.1" 200 22
120.253.135.82 - - [30/May/2024:10:25:42 +0800] "POST /xingrg/kc/pszx/mdps_list_operate.html HTTP/1.1" 200 2426
120.253.135.82 - - [30/May/2024:10:25:43 +0800] "POST /xingrg/kc/pszx/mdps_list_operate.html HTTP/1.1" 200 283
114.84.152.157 - - [30/May/2024:10:25:45 +0800] "GET /xingrg/all/function/internal_message.html?_=1717034291667&CODE_STATE=getMsg HTTP/1.1" 200 27
114.84.152.157 - - [30/May/2024:10:25:45 +0800] "GET /xingrg/check_reg.html?_=1717034291668 HTTP/1.1" 200 22
222.67.233.39 - - [30/May/2024:10:25:45 +0800] "POST /xingrg/kc/buy/cgsh_order_operate.html HTTP/1.1" 200 12
120.253.135.82 - - [30/May/2024:10:25:46 +0800] "GET /xingrg/kc/pszx/mdps_order_info.html?code=312024052900575 HTTP/1.1" 200 23976
120.253.135.82 - - [30/May/2024:10:25:46 +0800] "GET /xingrg/javascript/easyui/themes/default/validatebox.css HTTP/1.1" 404 1104
120.253.135.82 - - [30/May/2024:10:25:47 +0800] "POST /xingrg/kc/pszx/mdps_order_operate.html HTTP/1.1" 200 2771
116.238.97.31 - - [30/May/2024:10:25:48 +0800] "GET /xingrg/check_reg.html?_=1717035945386 HTTP/1.1" 200 22
116.238.97.31 - - [30/May/2024:10:25:48 +0800] "GET /xingrg/all/function/internal_message.html?_=1717035945386&CODE_STATE=getMsg HTTP/1.1" 200 27
116.232.195.13 - - [30/May/2024:10:25:49 +0800] "GET /xingrg/check_reg.html?_=1717035892581 HTTP/1.1" 200 22
222.67.233.39 - - [30/May/2024:10:25:49 +0800] "GET /xingrg/kc/buy/cgsh_order_info.html?code=212024053008964 HTTP/1.1" 200 69602
116.232.195.13 - - [30/May/2024:10:25:49 +0800] "GET /xingrg/all/function/internal_message.html?_=1717035892585&CODE_STATE=getMsg HTTP/1.1" 200 27
222.67.233.39 - - [30/May/2024:10:25:49 +0800] "GET /xingrg/javascript/easyui/themes/default/validatebox.css HTTP/1.1" 404 1104
222.67.233.39 - - [30/May/2024:10:25:50 +0800] "POST /xingrg/kc/buy/cgsh_order_operate.html HTTP/1.1" 200 8358
58.40.7.146 - - [30/May/2024:10:25:52 +0800] "GET /xingrg/check_reg.html?_=1717035952364 HTTP/1.1" 200 22
120.253.135.82 - - [30/May/2024:10:25:53 +0800] "POST /xingrg/kc/pszx/mdps_order_operate.html HTTP/1.1" 200 37
222.67.233.39 - - [30/May/2024:10:25:53 +0800] "GET /xingrg/check_reg.html?_=1717035953498 HTTP/1.1" 200 22
222.67.233.39 - - [30/May/2024:10:25:53 +0800] "GET /xingrg/all/function/internal_message.html?_=1717035953531&CODE_STATE=getMsg HTTP/1.1" 200 27
120.253.135.82 - - [30/May/2024:10:25:54 +0800] "GET /xingrg/kc/pszx/mdps_order_info.html?code=312024052900575 HTTP/1.1" 200 23976
222.67.233.39 - - [30/May/2024:10:25:55 +0800] "GET /xingrg/kc/print/load_data.html?order_code=212024053008964&kc_code=cgsh&condition= HTTP/1.1" 200 3640
120.253.135.82 - - [30/May/2024:10:25:55 +0800] "GET /xingrg/javascript/easyui/themes/default/validatebox.css HTTP/1.1" 404 1104
120.253.135.82 - - [30/May/2024:10:25:55 +0800] "POST /xingrg/kc/pszx/mdps_order_operate.html HTTP/1.1" 200 2286
116.238.97.31 - - [30/May/2024:10:25:58 +0800] "GET /xingrg/all/function/internal_message.html?_=1717035976356&CODE_STATE=getMsg HTTP/1.1" 200 27
120.253.135.82 - - [30/May/2024:10:25:58 +0800] "GET /xingrg/kc/print/load_config.html?kc_code=mdps HTTP/1.1" 200 2390
120.253.135.82 - - [30/May/2024:10:25:59 +0800] "GET /xingrg/kc/print/load_data.html?order_code=312024052900575&kc_code=mdps&condition= HTTP/1.1" 200 686
124.79.78.120 - - [30/May/2024:10:26:00 +0800] "GET /xingrg/all/function/internal_message.html?_=1717035966581&CODE_STATE=getMsg HTTP/1.1" 200 27
116.232.195.13 - - [30/May/2024:10:26:00 +0800] "GET /xingrg/all/function/internal_message.html?_=1717035904143&CODE_STATE=getMsg HTTP/1.1" 200 27
222.69.134.193 - - [30/May/2024:10:26:01 +0800] "GET /xingrg/all/function/internal_message.html?_=1717035963531&CODE_STATE=getMsg HTTP/1.1" 200 27
222.69.134.193 - - [30/May/2024:10:26:01 +0800] "GET /xingrg/check_reg.html?_=1717035963869 HTTP/1.1" 200 22
120.253.135.82 - - [30/May/2024:10:26:02 +0800] "GET /xingrg/check_reg.html?_=1717035815622 HTTP/1.1" 200 22
120.253.135.82 - - [30/May/2024:10:26:05 +0800] "POST /xingrg/kc/pszx/mdps_list_operate.html HTTP/1.1" 200 2426
120.253.135.82 - - [30/May/2024:10:26:06 +0800] "POST /xingrg/kc/pszx/mdps_list_operate.html HTTP/1.1" 200 618
120.253.135.82 - - [30/May/2024:10:26:07 +0800] "GET /xingrg/kc/pszx/mdps_order_info.html?code=312024052900574 HTTP/1.1" 200 23976
120.253.135.82 - - [30/May/2024:10:26:08 +0800] "GET /xingrg/javascript/easyui/themes/default/validatebox.css HTTP/1.1" 404 1104
120.253.135.82 - - [30/May/2024:10:26:08 +0800] "POST /xingrg/kc/pszx/mdps_order_operate.html HTTP/1.1" 200 7359
120.253.135.82 - - [30/May/2024:10:26:11 +0800] "GET /xingrg/kc/print/load_data.html?order_code=312024052900574&kc_code=mdps&condition= HTTP/1.1" 200 3050
222.67.233.39 - - [30/May/2024:10:26:13 +0800] "POST /xingrg/kc/buy/cgsh_order_operate.html HTTP/1.1" 200 8245
222.67.233.39 - - [30/May/2024:10:26:13 +0800] "GET /xingrg/javascript/easyui/themes/default/validatebox.css HTTP/1.1" 404 1104
116.238.97.31 - - [30/May/2024:10:26:20 +0800] "GET /xingrg/check_reg.html?_=1717035977129 HTTP/1.1" 200 22
116.238.97.31 - - [30/May/2024:10:26:20 +0800] "GET /xingrg/all/function/internal_message.html?_=1717035977133&CODE_STATE=getMsg HTTP/1.1" 200 27
180.156.239.18 - - [30/May/2024:10:26:21 +0800] "GET /xingrg/all/function/internal_message.html?_=1717035981153&CODE_STATE=getMsg HTTP/1.1" 200 27
101.83.144.49 - - [30/May/2024:10:26:23 +0800] "GET /xingrg/all/function/internal_message.html?_=1717035983243&CODE_STATE=getMsg HTTP/1.1" 200 27
222.67.233.39 - - [30/May/2024:10:26:26 +0800] "GET /xingrg/kc/buy/cgsh_order_operate.html?command=get_materiel&rest_code=00141&code=00101008223&supplier_code=00100008&order_time=2024-05-30 HTTP/1.1" 200 412
222.70.182.146 - - [30/May/2024:10:26:27 +0800] "GET /xingrg/all/function/internal_message.html?_=1717035983077&CODE_STATE=getMsg HTTP/1.1" 200 27
180.164.6.225 - - [30/May/2024:10:26:28 +0800] "GET /xingrg/all/function/internal_message.html?_=1717035987093&CODE_STATE=getMsg HTTP/1.1" 200 27
180.164.6.225 - - [30/May/2024:10:26:28 +0800] "GET /xingrg/check_reg.html?_=1717035987096 HTTP/1.1" 200 22
180.156.239.18 - - [30/May/2024:10:26:29 +0800] "GET /xingrg/all/function/internal_message.html?_=1717035989766&CODE_STATE=getMsg HTTP/1.1" 200 27
222.67.233.39 - - [30/May/2024:10:26:36 +0800] "GET /xingrg/kc/buy/cgsh_order_operate.html?command=get_materiel&rest_code=00141&code=00101008674&supplier_code=00100008&order_time=2024-05-30 HTTP/1.1" 200 412
101.83.144.49 - - [30/May/2024:10:26:37 +0800] "GET /xingrg/index.html?sysBaseUrl=http%3A%2F%2F180.169.147.146%3A18081%2Fxingrg%2F&costTime=32×tamp=1585224308505 HTTP/1.1" 302 -
101.83.144.49 - - [30/May/2024:10:26:37 +0800] "GET /xingrg/login.html HTTP/1.1" 200 7641
101.83.144.49 - - [30/May/2024:10:26:37 +0800] "GET /xingrg/images/blue/jxLogo.png HTTP/1.1" 304 -
114.83.220.212 - - [30/May/2024:10:26:38 +0800] "GET /xingrg/all/function/internal_message.html?_=1717035997605&CODE_STATE=getMsg HTTP/1.1" 200 27
101.83.144.49 - - [30/May/2024:10:26:38 +0800] "GET /xingrg/images/blue/login_bg.png HTTP/1.1" 304 -
101.83.144.49 - - [30/May/2024:10:26:38 +0800] "GET /xingrg/images/blue/srbg.png HTTP/1.1" 304 -
101.83.144.49 - - [30/May/2024:10:26:38 +0800] "GET /xingrg/images/blue/hj.png HTTP/1.1" 304 -
101.83.144.49 - - [30/May/2024:10:26:39 +0800] "GET /favicon.ico HTTP/1.1" 404 -
180.169.147.146 - - [30/May/2024:10:26:39 +0800] "GET /xingrg/all/function/internal_message.html?_=1717035994450&CODE_STATE=getMsg HTTP/1.1" 200 27
180.169.147.146 - - [30/May/2024:10:26:39 +0800] "GET /xingrg/check_reg.html?_=1717035994473 HTTP/1.1" 200 22
124.78.152.34 - - [30/May/2024:10:26:43 +0800] "GET /xingrg/all/function/internal_message.html?_=1717035983120&CODE_STATE=getMsg HTTP/1.1" 200 27
114.84.152.157 - - [30/May/2024:10:26:45 +0800] "GET /xingrg/all/function/internal_message.html?_=1717034351673&CODE_STATE=getMsg HTTP/1.1" 200 27
222.67.233.39 - - [30/May/2024:10:26:46 +0800] "GET /xingrg/kc/buy/cgsh_order_operate.html?command=get_materiel&rest_code=00141&code=00101008114&supplier_code=00100008&order_time=2024-05-30 HTTP/1.1" 200 412
116.238.97.31 - - [30/May/2024:10:26:48 +0800] "GET /xingrg/all/function/internal_message.html?_=1717036005384&CODE_STATE=getMsg HTTP/1.1" 200 27
116.232.195.13 - - [30/May/2024:10:26:49 +0800] "GET /xingrg/all/function/internal_message.html?_=1717035952577&CODE_STATE=getMsg HTTP/1.1" 200 27
222.67.233.39 - - [30/May/2024:10:26:53 +0800] "GET /xingrg/all/function/internal_message.html?_=1717036013515&CODE_STATE=getMsg HTTP/1.1" 200 27
116.238.97.31 - - [30/May/2024:10:26:58 +0800] "GET /xingrg/all/function/internal_message.html?_=1717036036354&CODE_STATE=getMsg HTTP/1.1" 200 27
116.238.97.31 - - [30/May/2024:10:26:58 +0800] "GET /xingrg/check_reg.html?_=1717036036352 HTTP/1.1" 200 22
124.79.78.120 - - [30/May/2024:10:27:00 +0800] "GET /xingrg/all/function/internal_message.html?_=1717036026567&CODE_STATE=getMsg HTTP/1.1" 200 27
116.232.195.13 - - [30/May/2024:10:27:00 +0800] "POST /xingrg/services/DataTransmitService HTTP/1.1" 200 524
116.232.195.13 - - [30/May/2024:10:27:00 +0800] "GET /xingrg/all/function/internal_message.html?_=1717035964127&CODE_STATE=getMsg HTTP/1.1" 200 27
222.69.134.193 - - [30/May/2024:10:27:01 +0800] "GET /xingrg/all/function/internal_message.html?_=1717036023519&CODE_STATE=getMsg HTTP/1.1" 200 27
101.83.144.49 - - [30/May/2024:10:27:06 +0800] "POST /xingrg/login.do HTTP/1.1" 302 -
101.83.144.49 - - [30/May/2024:10:27:06 +0800] "GET /xingrg/index.html?sysBaseUrl=http%3A%2F%2F180.169.147.146%3A18081%2Fxingrg%2F&costTime=961×tamp=1717036026303 HTTP/1.1" 200 17173
101.83.144.49 - - [30/May/2024:10:27:06 +0800] "GET /xingrg/javascript/jquery_easy_ui/themes/default/easyui.css HTTP/1.1" 304 -
101.83.144.49 - - [30/May/2024:10:27:06 +0800] "GET /xingrg/javascript/jquery_easy_ui/themes/icon.css HTTP/1.1" 304 -
101.83.144.49 - - [30/May/2024:10:27:06 +0800] "GET /xingrg/css/form.css HTTP/1.1" 304 -
101.83.144.49 - - [30/May/2024:10:27:06 +0800] "GET /xingrg/javascript/jquery-1.4.2.min.js HTTP/1.1" 304 -
101.83.144.49 - - [30/May/2024:10:27:06 +0800] "GET /xingrg/javascript/jquery_easy_ui/jquery.easyui.min.js HTTP/1.1" 304 -
101.83.144.49 - - [30/May/2024:10:27:06 +0800] "GET /xingrg/javascript/jquery_easy_ui/easyui-lang-zh_CN.js HTTP/1.1" 304 -
101.83.144.49 - - [30/May/2024:10:27:06 +0800] "GET /xingrg/javascript/jquery.form.js HTTP/1.1" 304 -
101.83.144.49 - - [30/May/2024:10:27:06 +0800] "GET /xingrg/javascript/jquery.utils.js HTTP/1.1" 304 -
101.83.144.49 - - [30/May/2024:10:27:06 +0800] "GET /xingrg/javascript/jquery.timers.js HTTP/1.1" 304 -
101.83.144.49 - - [30/May/2024:10:27:06 +0800] "GET /favicon.ico HTTP/1.1" 404 -
101.83.144.49 - - [30/May/2024:10:27:06 +0800] "GET /xingrg/javascript/jquery_easy_ui/themes/icons/settle_new.png HTTP/1.1" 304 -
101.83.144.49 - - [30/May/2024:10:27:06 +0800] "GET /xingrg/images/blue/navBackgound.jpg HTTP/1.1" 304 -
101.83.144.49 - - [30/May/2024:10:27:07 +0800] "POST /xingrg/all/common/load_tree.html?tree=area_rest_tree_json&manage=1 HTTP/1.1" 200 342
101.83.144.49 - - [30/May/2024:10:27:07 +0800] "GET /xingrg/all/function/internal_message.html?_=1717035768248&CODE_STATE=count HTTP/1.1" 200 11
101.83.144.49 - - [30/May/2024:10:27:07 +0800] "GET /xingrg/check_reg.html?_=1717035768249 HTTP/1.1" 200 22
101.83.144.49 - - [30/May/2024:10:27:07 +0800] "GET /xingrg/images/blue/pingpu.png HTTP/1.1" 304 -
101.83.144.49 - - [30/May/2024:10:27:07 +0800] "GET /xingrg/javascript/jquery_easy_ui/themes/default/images/tabs_leftarrow.png HTTP/1.1" 304 -
101.83.144.49 - - [30/May/2024:10:27:07 +0800] "GET /xingrg/javascript/jquery_easy_ui/themes/default/images/panel_tool_collapse.gif HTTP/1.1" 304 -
101.83.144.49 - - [30/May/2024:10:27:07 +0800] "GET /xingrg/javascript/jquery_easy_ui/themes/default/images/tabs_rightarrow.png HTTP/1.1" 304 -
101.83.144.49 - - [30/May/2024:10:27:07 +0800] "POST /xingrg/load_menu.html HTTP/1.1" 200 5138
101.83.144.49 - - [30/May/2024:10:27:07 +0800] "GET /xingrg/javascript/jquery_easy_ui/themes/default/images/tree_arrows.gif HTTP/1.1" 304 -
101.83.144.49 - - [30/May/2024:10:27:07 +0800] "GET /xingrg/javascript/jquery_easy_ui/themes/default/images/tree_folder_open.gif HTTP/1.1" 304 -
101.83.144.49 - - [30/May/2024:10:27:07 +0800] "GET /xingrg/javascript/jquery_easy_ui/themes/icons/search_new.png HTTP/1.1" 304 -
101.83.144.49 - - [30/May/2024:10:27:07 +0800] "GET /xingrg/javascript/jquery_easy_ui/themes/default/images/tree_folder.gif HTTP/1.1" 304 -
101.83.144.49 - - [30/May/2024:10:27:07 +0800] "GET /xingrg/javascript/jquery_easy_ui/themes/icons/storage_new.png HTTP/1.1" 304 -
101.83.144.49 - - [30/May/2024:10:27:07 +0800] "GET /xingrg/javascript/jquery_easy_ui/themes/icons/forms_new.png HTTP/1.1" 304 -
101.83.144.49 - - [30/May/2024:10:27:07 +0800] "GET /xingrg/javascript/jquery_easy_ui/themes/default/images/tree_file.gif HTTP/1.1" 304 -
222.67.233.39 - - [30/May/2024:10:27:08 +0800] "GET /xingrg/kc/buy/cgsh_order_operate.html?command=get_materiel&rest_code=00141&code=00101008095&supplier_code=00100008&order_time=2024-05-30 HTTP/1.1" 200 412
101.83.144.49 - - [30/May/2024:10:27:13 +0800] "GET /xingrg/kc/buy/buy_main.html HTTP/1.1" 200 12412
101.83.144.49 - - [30/May/2024:10:27:13 +0800] "GET /xingrg/javascript/jquery_easy_ui/themes/default/images/tabs_close.gif HTTP/1.1" 304 -
101.83.144.49 - - [30/May/2024:10:27:13 +0800] "GET /xingrg/css/blue.css HTTP/1.1" 304 -
101.83.144.49 - - [30/May/2024:10:27:13 +0800] "GET /xingrg/css/new_ie.css HTTP/1.1" 404 1036
101.83.144.49 - - [30/May/2024:10:27:13 +0800] "GET /xingrg/javascript/jquery_ui/themes/humanity/humanity.css HTTP/1.1" 304 -
101.83.144.49 - - [30/May/2024:10:27:13 +0800] "GET /xingrg/javascript/pic_change.js HTTP/1.1" 304 -
101.83.144.49 - - [30/May/2024:10:27:13 +0800] "GET /xingrg/javascript/ToolTips.js HTTP/1.1" 304 -
101.83.144.49 - - [30/May/2024:10:27:13 +0800] "GET /xingrg/javascript/myfunction.js HTTP/1.1" 304 -
101.83.144.49 - - [30/May/2024:10:27:13 +0800] "GET /xingrg/javascript/jquery_ui/jquery-ui.min.js HTTP/1.1" 304 -
101.83.144.49 - - [30/May/2024:10:27:13 +0800] "GET /xingrg/images/blue/button/cgydd.gif HTTP/1.1" 304 -
101.83.144.49 - - [30/May/2024:10:27:13 +0800] "GET /xingrg/images/blue/button/cgxqd.gif HTTP/1.1" 304 -
101.83.144.49 - - [30/May/2024:10:27:13 +0800] "GET /xingrg/images/blue/button/cgshd.gif HTTP/1.1" 304 -
101.83.144.49 - - [30/May/2024:10:27:13 +0800] "GET /xingrg/images/blue/button/cgfkd.gif HTTP/1.1" 304 -
101.83.144.49 - - [30/May/2024:10:27:13 +0800] "GET /xingrg/images/blue/button/kc.gif HTTP/1.1" 304 -
101.83.144.49 - - [30/May/2024:10:27:13 +0800] "GET /xingrg/images/blue/button/ckthd.gif HTTP/1.1" 304 -
101.83.144.49 - - [30/May/2024:10:27:13 +0800] "GET /xingrg/images/blue/pic_form2.gif HTTP/1.1" 304 -
101.83.144.49 - - [30/May/2024:10:27:13 +0800] "GET /xingrg/images/blue/bg_dotted.jpg HTTP/1.1" 304 -
101.83.144.49 - - [30/May/2024:10:27:13 +0800] "GET /xingrg/javascript/jquery_ui/themes/humanity/images/ui-bg_inset-soft_100_f4f0ec_1x100.png HTTP/1.1" 304 -
101.83.144.49 - - [30/May/2024:10:27:13 +0800] "GET /xingrg/images/blue/button/right_ah.jpg HTTP/1.1" 304 -
101.83.144.49 - - [30/May/2024:10:27:13 +0800] "GET /xingrg/images/blue/button/down_ah.jpg HTTP/1.1" 304 -
101.83.144.49 - - [30/May/2024:10:27:13 +0800] "GET /xingrg/javascript/jquery_ui/themes/humanity/images/ui-iconsnew.jpg HTTP/1.1" 304 -
101.83.144.49 - - [30/May/2024:10:27:13 +0800] "GET /xingrg/javascript/jquery_ui/themes/humanity/images/ui-icons_ffffff_256x240.png HTTP/1.1" 304 -
101.83.144.49 - - [30/May/2024:10:27:13 +0800] "GET /xingrg/javascript/jquery_ui/themes/humanity/images/ui-icons_c47a23_256x240.png HTTP/1.1" 304 -
101.83.144.49 - - [30/May/2024:10:27:13 +0800] "GET /xingrg/javascript/jquery_ui/themes/humanity/images/ui-bg_glass_70_ede4d4_1x400.png HTTP/1.1" 304 -
101.83.144.49 - - [30/May/2024:10:27:15 +0800] "GET /xingrg/images/yd/bt.gif HTTP/1.1" 404 1040
101.83.144.49 - - [30/May/2024:10:27:16 +0800] "GET /xingrg/kc/buy/cgsh_order_list.html HTTP/1.1" 200 58928
101.83.144.49 - - [30/May/2024:10:27:16 +0800] "GET /xingrg/css/base.css HTTP/1.1" 304 -
101.83.144.49 - - [30/May/2024:10:27:16 +0800] "GET /xingrg/css/site.css HTTP/1.1" 304 -
101.83.144.49 - - [30/May/2024:10:27:16 +0800] "GET /xingrg/javascript/jquery_tools/datebox.css HTTP/1.1" 304 -
101.83.144.49 - - [30/May/2024:10:27:16 +0800] "GET /xingrg/javascript/easyui/themes/default/easyui.css HTTP/1.1" 304 -
101.83.144.49 - - [30/May/2024:10:27:16 +0800] "GET /xingrg/javascript/easyui/themes/icon.css HTTP/1.1" 304 -
101.83.144.49 - - [30/May/2024:10:27:16 +0800] "GET /xingrg/javascript/auto/jquery.autocomplete.css HTTP/1.1" 304 -
101.83.144.49 - - [30/May/2024:10:27:16 +0800] "GET /xingrg/javascript/jquery_tools/fix.css HTTP/1.1" 304 -
101.83.144.49 - - [30/May/2024:10:27:16 +0800] "GET /xingrg/javascript/jquery_tools/table.css HTTP/1.1" 304 -
101.83.144.49 - - [30/May/2024:10:27:16 +0800] "GET /xingrg/javascript/jquery_tools/jquery.tools.min.js HTTP/1.1" 304 -
101.83.144.49 - - [30/May/2024:10:27:16 +0800] "GET /xingrg/javascript/jquery_tools/jquery.tools.extend.js HTTP/1.1" 304 -
101.83.144.49 - - [30/May/2024:10:27:16 +0800] "GET /xingrg/javascript/jquery_tools/jquery.tools.hotkey.js HTTP/1.1" 304 -
101.83.144.49 - - [30/May/2024:10:27:16 +0800] "GET /xingrg/javascript/jquery_tools/jquery.tools.table.js HTTP/1.1" 304 -
101.83.144.49 - - [30/May/2024:10:27:16 +0800] "GET /xingrg/javascript/jquery_tools/list_manager.js HTTP/1.1" 304 -
101.83.144.49 - - [30/May/2024:10:27:16 +0800] "GET /xingrg/javascript/auto/jquery.autocomplete.js HTTP/1.1" 304 -
101.83.144.49 - - [30/May/2024:10:27:16 +0800] "GET /xingrg/javascript/easyui/easyloader.js HTTP/1.1" 304 -
101.83.144.49 - - [30/May/2024:10:27:16 +0800] "GET /xingrg/javascript/jquery.cookie.js HTTP/1.1" 304 -
101.83.144.49 - - [30/May/2024:10:27:16 +0800] "GET /xingrg/javascript/print/LodopFuncs.js HTTP/1.1" 304 -
101.83.144.49 - - [30/May/2024:10:27:18 +0800] "GET /xingrg/javascript/easyui/themes/icons/import_new.png HTTP/1.1" 304 -
101.83.144.49 - - [30/May/2024:10:27:18 +0800] "GET /xingrg/javascript/easyui/themes/icons/check_new.png HTTP/1.1" 304 -
101.83.144.49 - - [30/May/2024:10:27:18 +0800] "GET /xingrg/javascript/easyui/themes/icons/field_new.png HTTP/1.1" 304 -
101.83.144.49 - - [30/May/2024:10:27:18 +0800] "GET /xingrg/javascript/easyui/themes/icons/cance_new.png HTTP/1.1" 304 -
101.83.144.49 - - [30/May/2024:10:27:18 +0800] "GET /xingrg/javascript/easyui/themes/icons/edit_add_new.png HTTP/1.1" 304 -
101.83.144.49 - - [30/May/2024:10:27:18 +0800] "GET /xingrg/javascript/easyui/plugins/jquery.parser.js HTTP/1.1" 304 -
101.83.144.49 - - [30/May/2024:10:27:18 +0800] "GET /xingrg/images/control/ajaxLoader.gif HTTP/1.1" 304 -
116.238.97.31 - - [30/May/2024:10:27:20 +0800] "GET /xingrg/all/function/internal_message.html?_=1717036037125&CODE_STATE=getMsg HTTP/1.1" 200 27
180.156.239.18 - - [30/May/2024:10:27:21 +0800] "GET /xingrg/all/function/internal_message.html?_=1717036041131&CODE_STATE=getMsg HTTP/1.1" 200 27
101.83.144.49 - - [30/May/2024:10:27:23 +0800] "GET /xingrg/all/function/internal_message.html?_=1717036043231&CODE_STATE=getMsg HTTP/1.1" 200 27
222.70.182.146 - - [30/May/2024:10:27:27 +0800] "GET /xingrg/all/function/internal_message.html?_=1717036043062&CODE_STATE=getMsg HTTP/1.1" 200 27
222.67.233.39 - - [30/May/2024:10:27:27 +0800] "GET /xingrg/kc/buy/cgsh_order_operate.html?command=get_materiel&rest_code=00141&code=00101008356&supplier_code=00100008&order_time=2024-05-30 HTTP/1.1" 200 408
180.164.6.225 - - [30/May/2024:10:27:28 +0800] "GET /xingrg/all/function/internal_message.html?_=1717036047087&CODE_STATE=getMsg HTTP/1.1" 200 27
180.156.239.18 - - [30/May/2024:10:27:29 +0800] "GET /xingrg/check_reg.html?_=1717036049760 HTTP/1.1" 200 22
180.156.239.18 - - [30/May/2024:10:27:29 +0800] "GET /xingrg/all/function/internal_message.html?_=1717036049763&CODE_STATE=getMsg HTTP/1.1" 200 27
124.78.152.34 - - [30/May/2024:10:27:31 +0800] "GET /xingrg/all/function/internal_message.html?_=1717036043090&CODE_STATE=getMsg HTTP/1.1" 200 27
101.83.144.49 - - [30/May/2024:10:27:31 +0800] "POST /xingrg/kc/buy/cgsh_list_operate.html HTTP/1.1" 200 1899
120.253.135.82 - - [30/May/2024:10:27:35 +0800] "POST /xingrg/kc/pszx/mdps_list_operate.html HTTP/1.1" 200 2426
222.67.233.39 - - [30/May/2024:10:27:36 +0800] "GET /xingrg/kc/buy/cgsh_order_operate.html?command=get_materiel&rest_code=00141&code=00101008155&supplier_code=00100008&order_time=2024-05-30 HTTP/1.1" 200 408
114.83.220.212 - - [30/May/2024:10:27:38 +0800] "GET /xingrg/all/function/internal_message.html?_=1717036057608&CODE_STATE=getMsg HTTP/1.1" 200 27
180.169.147.146 - - [30/May/2024:10:27:39 +0800] "GET /xingrg/all/function/internal_message.html?_=1717036054441&CODE_STATE=getMsg HTTP/1.1" 200 27
101.83.144.49 - - [30/May/2024:10:27:43 +0800] "POST /xingrg/kc/buy/cgsh_list_operate.html HTTP/1.1" 200 353
114.84.152.157 - - [30/May/2024:10:27:45 +0800] "GET /xingrg/all/function/internal_message.html?_=1717034411673&CODE_STATE=getMsg HTTP/1.1" 200 27
222.67.233.39 - - [30/May/2024:10:27:46 +0800] "GET /xingrg/kc/buy/cgsh_order_operate.html?command=get_materiel&rest_code=00141&code=00101008331&supplier_code=00100008&order_time=2024-05-30 HTTP/1.1" 200 416
116.238.97.31 - - [30/May/2024:10:27:48 +0800] "GET /xingrg/all/function/internal_message.html?_=1717036065384&CODE_STATE=getMsg HTTP/1.1" 200 27
116.232.195.13 - - [30/May/2024:10:27:49 +0800] "GET /xingrg/all/function/internal_message.html?_=1717036012577&CODE_STATE=getMsg HTTP/1.1" 200 27
101.83.144.49 - - [30/May/2024:10:27:51 +0800] "POST /xingrg/kc/buy/cgsh_list_operate.html HTTP/1.1" 200 576
222.67.233.39 - - [30/May/2024:10:27:53 +0800] "GET /xingrg/all/function/internal_message.html?_=1717036073515&CODE_STATE=getMsg HTTP/1.1" 200 27
116.238.97.31 - - [30/May/2024:10:27:58 +0800] "GET /xingrg/all/function/internal_message.html?_=1717036096349&CODE_STATE=getMsg HTTP/1.1" 200 27
222.67.233.39 - - [30/May/2024:10:27:58 +0800] "GET /xingrg/kc/buy/cgsh_order_operate.html?command=get_materiel&rest_code=00141&code=00101008061&supplier_code=00100008&order_time=2024-05-30 HTTP/1.1" 200 422
101.83.144.49 - - [30/May/2024:10:28:00 +0800] "POST /xingrg/kc/buy/cgsh_list_operate.html HTTP/1.1" 200 202
124.79.78.120 - - [30/May/2024:10:28:00 +0800] "GET /xingrg/all/function/internal_message.html?_=1717036086571&CODE_STATE=getMsg HTTP/1.1" 200 27
116.232.195.13 - - [30/May/2024:10:28:00 +0800] "GET /xingrg/all/function/internal_message.html?_=1717036024110&CODE_STATE=getMsg HTTP/1.1" 200 27
222.69.134.193 - - [30/May/2024:10:28:01 +0800] "GET /xingrg/all/function/internal_message.html?_=1717036083510&CODE_STATE=getMsg HTTP/1.1" 200 27
101.83.144.49 - - [30/May/2024:10:28:03 +0800] "GET /xingrg/javascript/easyui/themes/default/images/button_plain_hover.png HTTP/1.1" 304 -
101.83.144.49 - - [30/May/2024:10:28:05 +0800] "GET /xingrg/kc/buy/cgsh_order_add.html HTTP/1.1" 200 74823
101.83.144.49 - - [30/May/2024:10:28:05 +0800] "GET /xingrg/javascript/jquery_tools/order_manager.js HTTP/1.1" 304 -
101.83.144.49 - - [30/May/2024:10:28:05 +0800] "GET /xingrg/javascript/convert.js HTTP/1.1" 304 -
101.83.144.49 - - [30/May/2024:10:28:05 +0800] "GET /xingrg/javascript/json2.js HTTP/1.1" 304 -
101.83.144.49 - - [30/May/2024:10:28:05 +0800] "GET /xingrg/javascript/print/kc_print.js HTTP/1.1" 304 -
101.83.144.49 - - [30/May/2024:10:28:05 +0800] "GET /xingrg/words/20240530100417_words.js HTTP/1.1" 200 1029392
101.83.144.49 - - [30/May/2024:10:28:05 +0800] "GET /xingrg/javascript/easyui/themes/icons/ok.png HTTP/1.1" 304 -
101.83.144.49 - - [30/May/2024:10:28:05 +0800] "GET /xingrg/javascript/easyui/themes/icons/copy_new.png HTTP/1.1" 304 -
101.83.144.49 - - [30/May/2024:10:28:05 +0800] "GET /xingrg/javascript/easyui/themes/icons/template_new.png HTTP/1.1" 304 -
101.83.144.49 - - [30/May/2024:10:28:05 +0800] "GET /xingrg/javascript/easyui/themes/icons/print.png HTTP/1.1" 304 -
101.83.144.49 - - [30/May/2024:10:28:05 +0800] "GET /xingrg/javascript/easyui/themes/default/images/menu_downarrow.png HTTP/1.1" 304 -
101.83.144.49 - - [30/May/2024:10:28:05 +0800] "GET /xingrg/javascript/easyui/themes/icons/cancel.png HTTP/1.1" 304 -
101.83.144.49 - - [30/May/2024:10:28:06 +0800] "POST /xingrg/kc/buy/cgsh_order_operate.html HTTP/1.1" 200 8245
101.83.144.49 - - [30/May/2024:10:28:06 +0800] "GET /xingrg/javascript/easyui/themes/default/validatebox.css HTTP/1.1" 404 1104
101.83.144.49 - - [30/May/2024:10:28:06 +0800] "GET /xingrg/javascript/easyui/plugins/jquery.validatebox.js HTTP/1.1" 304 -
101.83.144.49 - - [30/May/2024:10:28:06 +0800] "GET /xingrg/all/common/auto_word.html?type=employee&rest_code=00105 HTTP/1.1" 200 193
101.83.144.49 - - [30/May/2024:10:28:06 +0800] "GET /xingrg/javascript/easyui/themes/icons/edit_remove.png HTTP/1.1" 304 -
101.83.144.49 - - [30/May/2024:10:28:06 +0800] "GET /xingrg/javascript/easyui/plugins/jquery.numberbox.js HTTP/1.1" 304 -
101.83.144.49 - - [30/May/2024:10:28:06 +0800] "GET /xingrg/all/common/auto_word.html?type=employee&rest_code=00105 HTTP/1.1" 200 193
101.83.144.49 - - [30/May/2024:10:28:07 +0800] "GET /xingrg/all/function/internal_message.html?_=1717035828260&CODE_STATE=getMsg HTTP/1.1" 200 27
222.67.233.39 - - [30/May/2024:10:28:07 +0800] "GET /xingrg/kc/buy/cgsh_order_operate.html?command=get_materiel&rest_code=00141&code=00101008065&supplier_code=00100008&order_time=2024-05-30 HTTP/1.1" 200 412
101.83.144.49 - - [30/May/2024:10:28:10 +0800] "GET /xingrg/javascript/auto/indicator.gif HTTP/1.1" 404 1066
116.232.195.13 - - [30/May/2024:10:28:16 +0800] "GET /xingrg/check_reg.html?_=1717036039493 HTTP/1.1" 200 22
222.67.233.39 - - [30/May/2024:10:28:17 +0800] "GET /xingrg/kc/buy/cgsh_order_operate.html?command=get_materiel&rest_code=00141&code=00101008145&supplier_code=00100008&order_time=2024-05-30 HTTP/1.1" 200 416
116.238.97.31 - - [30/May/2024:10:28:20 +0800] "GET /xingrg/all/function/internal_message.html?_=1717036097127&CODE_STATE=getMsg HTTP/1.1" 200 27
180.156.239.18 - - [30/May/2024:10:28:21 +0800] "GET /xingrg/all/function/internal_message.html?_=1717036101109&CODE_STATE=getMsg HTTP/1.1" 200 27
101.83.144.49 - - [30/May/2024:10:28:23 +0800] "GET /xingrg/all/function/internal_message.html?_=1717036103233&CODE_STATE=getMsg HTTP/1.1" 200 27
120.253.135.82 - - [30/May/2024:10:28:26 +0800] "GET /xingrg/kc/pszx/mdqp_order_list.html?state=10 HTTP/1.1" 200 10893
120.253.135.82 - - [30/May/2024:10:28:26 +0800] "GET /xingrg/dwr/interface/AjaxQqpsService.js HTTP/1.1" 200 16326
120.253.135.82 - - [30/May/2024:10:28:26 +0800] "GET /xingrg/dwr/engine.js HTTP/1.1" 200 43631
120.253.135.82 - - [30/May/2024:10:28:26 +0800] "GET /xingrg/dwr/interface/AjaxReportQueryService.js HTTP/1.1" 200 13203
222.70.182.146 - - [30/May/2024:10:28:27 +0800] "GET /xingrg/all/function/internal_message.html?_=1717036103043&CODE_STATE=getMsg HTTP/1.1" 200 27
180.164.6.225 - - [30/May/2024:10:28:28 +0800] "GET /xingrg/all/function/internal_message.html?_=1717036107086&CODE_STATE=getMsg HTTP/1.1" 200 27
116.238.97.31 - - [30/May/2024:10:28:28 +0800] "GET /xingrg/check_reg.html?_=1717036107910 HTTP/1.1" 200 22
222.67.233.39 - - [30/May/2024:10:28:28 +0800] "GET /xingrg/kc/buy/cgsh_order_operate.html?command=get_materiel&rest_code=00141&code=00101008350&supplier_code=00100008&order_time=2024-05-30 HTTP/1.1" 200 408
120.253.135.82 - - [30/May/2024:10:28:29 +0800] "GET /xingrg/kc/pszx/mdqp_order_info.html?code=302024053000460 HTTP/1.1" 200 13338
120.253.135.82 - - [30/May/2024:10:28:29 +0800] "GET /xingrg/dwr/interface/AjaxQqpsService.js HTTP/1.1" 200 16326
120.253.135.82 - - [30/May/2024:10:28:29 +0800] "GET /xingrg/dwr/engine.js HTTP/1.1" 200 43631
120.253.135.82 - - [30/May/2024:10:28:29 +0800] "GET /xingrg/dwr/interface/AjaxComOrderService.js HTTP/1.1" 200 18264
