114.83.220.212 - - [30/May/2024:10:55:32 +0800] "GET /xingrg/kc/buy/cgsh_order_operate.html?command=get_materiel&rest_code=00149&code=00101001191&supplier_code=00100039&order_time=2024-05-30 HTTP/1.1" 200 415
114.83.220.212 - - [30/May/2024:10:55:38 +0800] "GET /xingrg/all/function/internal_message.html?_=1717037737658&CODE_STATE=getMsg HTTP/1.1" 200 27
114.83.220.212 - - [30/May/2024:10:55:38 +0800] "GET /xingrg/check_reg.html?_=1717037737662 HTTP/1.1" 200 22
180.169.147.146 - - [30/May/2024:10:55:39 +0800] "GET /xingrg/all/function/internal_message.html?_=1717037734494&CODE_STATE=getMsg HTTP/1.1" 200 27
124.78.152.34 - - [30/May/2024:10:55:40 +0800] "POST /xingrg/kc/base/wldb_order_operate.html HTTP/1.1" 200 37
124.78.152.34 - - [30/May/2024:10:55:40 +0800] "POST /xingrg/kc/base/wldb_order_operate.html HTTP/1.1" 200 2687
124.78.152.34 - - [30/May/2024:10:55:41 +0800] "GET /xingrg/kc/base/wldb_order_info.html?code=422024053002095 HTTP/1.1" 200 30718
124.78.152.34 - - [30/May/2024:10:55:41 +0800] "GET /xingrg/javascript/easyui/themes/default/validatebox.css HTTP/1.1" 404 1104
180.156.239.18 - - [30/May/2024:10:55:42 +0800] "GET /xingrg/check_reg.html?_=1717037742364 HTTP/1.1" 200 22
124.78.152.34 - - [30/May/2024:10:55:42 +0800] "POST /xingrg/kc/base/wldb_order_operate.html HTTP/1.1" 200 2687
180.156.239.18 - - [30/May/2024:10:55:43 +0800] "POST /xingrg/kc/buy/cgsh_order_operate.html HTTP/1.1" 200 37
116.238.97.31 - - [30/May/2024:10:55:48 +0800] "GET /xingrg/all/function/internal_message.html?_=1717037745460&CODE_STATE=getMsg HTTP/1.1" 200 27
116.238.97.31 - - [30/May/2024:10:55:48 +0800] "GET /xingrg/check_reg.html?_=1717037745464 HTTP/1.1" 200 22
114.83.220.212 - - [30/May/2024:10:55:49 +0800] "POST /xingrg/kc/buy/cgsh_order_operate.html HTTP/1.1" 200 37
101.83.144.49 - - [30/May/2024:10:55:49 +0800] "GET /xingrg/kc/buy/cgsh_order_operate.html?command=get_materiel&rest_code=00105&code=00101028055&supplier_code=00100017&order_time=2024-05-30 HTTP/1.1" 200 431
222.67.233.39 - - [30/May/2024:10:55:53 +0800] "GET /xingrg/check_reg.html?_=1717037753493 HTTP/1.1" 200 22
222.67.233.39 - - [30/May/2024:10:55:53 +0800] "GET /xingrg/all/function/internal_message.html?_=1717037753622&CODE_STATE=getMsg HTTP/1.1" 200 27
180.156.239.18 - - [30/May/2024:10:55:53 +0800] "POST /xingrg/kc/buy/cgsh_order_operate.html HTTP/1.1" 200 12
116.232.195.13 - - [30/May/2024:10:55:55 +0800] "GET /xingrg/all/function/internal_message.html?_=1717037698417&CODE_STATE=getMsg HTTP/1.1" 200 27
222.69.134.193 - - [30/May/2024:10:55:56 +0800] "GET /xingrg/kc/buy/cgsh_order_operate.html?command=get_materiel&rest_code=00154&code=00101029101&supplier_code=00100466&order_time=2024-05-30 HTTP/1.1" 200 439
114.83.220.212 - - [30/May/2024:10:55:57 +0800] "POST /xingrg/kc/buy/cgsh_order_operate.html HTTP/1.1" 200 12
222.69.134.193 - - [30/May/2024:10:55:57 +0800] "POST /xingrg/all/common/load_select.html HTTP/1.1" 200 25
116.238.97.31 - - [30/May/2024:10:55:58 +0800] "GET /xingrg/all/function/internal_message.html?_=1717037776379&CODE_STATE=getMsg HTTP/1.1" 200 27
180.156.239.18 - - [30/May/2024:10:55:59 +0800] "GET /xingrg/kc/buy/cgsh_order_info.html?code=212024053008990 HTTP/1.1" 200 69672
180.156.239.18 - - [30/May/2024:10:55:59 +0800] "GET /xingrg/javascript/easyui/themes/default/validatebox.css HTTP/1.1" 404 1104
114.83.220.212 - - [30/May/2024:10:56:00 +0800] "GET /xingrg/kc/buy/cgsh_order_info.html?code=212024053008991 HTTP/1.1" 200 69700
180.156.239.18 - - [30/May/2024:10:56:00 +0800] "POST /xingrg/kc/buy/cgsh_order_operate.html HTTP/1.1" 200 1192
124.79.78.120 - - [30/May/2024:10:56:00 +0800] "GET /xingrg/all/function/internal_message.html?_=1717037766633&CODE_STATE=getMsg HTTP/1.1" 200 27
114.83.220.212 - - [30/May/2024:10:56:01 +0800] "GET /xingrg/javascript/easyui/themes/default/validatebox.css HTTP/1.1" 404 1104
180.156.239.18 - - [30/May/2024:10:56:02 +0800] "GET /xingrg/kc/print/load_data.html?order_code=212024053008990&kc_code=cgsh&condition= HTTP/1.1" 200 942
114.83.220.212 - - [30/May/2024:10:56:02 +0800] "POST /xingrg/kc/buy/cgsh_order_operate.html HTTP/1.1" 200 1782
222.69.134.193 - - [30/May/2024:10:56:03 +0800] "GET /xingrg/kc/buy/cgsh_order_operate.html?command=get_materiel_price&rest_code=00154&code=00101029101&unit_code=00100179&supplier_code=00100466&order_time=2024-05-30 HTTP/1.1" 200 29
120.253.135.82 - - [30/May/2024:10:56:03 +0800] "GET /xingrg/check_reg.html?_=1717037615939 HTTP/1.1" 200 22
180.156.239.18 - - [30/May/2024:10:56:10 +0800] "GET /xingrg/kc/buy/cgsh_order_add.html HTTP/1.1" 200 74797
180.156.239.18 - - [30/May/2024:10:56:10 +0800] "POST /xingrg/kc/buy/cgsh_order_operate.html HTTP/1.1" 200 8245
180.156.239.18 - - [30/May/2024:10:56:10 +0800] "GET /xingrg/javascript/easyui/themes/default/validatebox.css HTTP/1.1" 404 1104
114.83.220.212 - - [30/May/2024:10:56:11 +0800] "GET /xingrg/kc/print/load_data.html?order_code=212024053008991&kc_code=cgsh&condition= HTTP/1.1" 200 1162
114.83.220.212 - - [30/May/2024:10:56:16 +0800] "GET /xingrg/kc/buy/cgsh_order_add.html HTTP/1.1" 200 74829
114.83.220.212 - - [30/May/2024:10:56:16 +0800] "POST /xingrg/kc/buy/cgsh_order_operate.html HTTP/1.1" 200 8245
114.83.220.212 - - [30/May/2024:10:56:16 +0800] "GET /xingrg/javascript/easyui/themes/default/validatebox.css HTTP/1.1" 404 1104
124.78.152.34 - - [30/May/2024:10:56:17 +0800] "GET /xingrg/all/function/internal_message.html?_=1717037779288&CODE_STATE=getMsg HTTP/1.1" 200 27
101.83.144.49 - - [30/May/2024:10:56:20 +0800] "GET /xingrg/kc/buy/cgsh_order_operate.html?command=get_materiel&rest_code=00105&code=00101029002&supplier_code=00100017&order_time=2024-05-30 HTTP/1.1" 200 450
116.238.97.31 - - [30/May/2024:10:56:20 +0800] "GET /xingrg/check_reg.html?_=1717037777198 HTTP/1.1" 200 22
116.238.97.31 - - [30/May/2024:10:56:20 +0800] "GET /xingrg/all/function/internal_message.html?_=1717037777195&CODE_STATE=getMsg HTTP/1.1" 200 27
180.156.239.18 - - [30/May/2024:10:56:20 +0800] "GET /xingrg/all/function/internal_message.html?_=1717037780513&CODE_STATE=getMsg HTTP/1.1" 200 27
101.83.144.49 - - [30/May/2024:10:56:21 +0800] "GET /xingrg/all/function/internal_message.html?_=1717037522303&CODE_STATE=getMsg HTTP/1.1" 200 27
180.156.239.18 - - [30/May/2024:10:56:21 +0800] "GET /xingrg/kc/buy/cgsh_order_operate.html?command=get_materiel&rest_code=00150&code=00101010636&supplier_code=00100211&order_time=2024-05-30 HTTP/1.1" 200 414
124.78.152.34 - - [30/May/2024:10:56:22 +0800] "GET /xingrg/javascript/jquery_easy_ui/themes/icons/rest.png HTTP/1.1" 304 -
124.78.152.34 - - [30/May/2024:10:56:22 +0800] "GET /xingrg/javascript/jquery_easy_ui/themes/icons/area.png HTTP/1.1" 304 -
101.83.144.49 - - [30/May/2024:10:56:23 +0800] "GET /xingrg/all/function/internal_message.html?_=1717037783248&CODE_STATE=getMsg HTTP/1.1" 200 27
124.78.152.34 - - [30/May/2024:10:56:24 +0800] "GET /xingrg/kc/base/base_main.html HTTP/1.1" 200 12142
114.84.152.157 - - [30/May/2024:10:56:26 +0800] "GET /xingrg/all/function/internal_message.html?_=1717036132455&CODE_STATE=getMsg HTTP/1.1" 200 27
124.78.152.34 - - [30/May/2024:10:56:26 +0800] "GET /xingrg/kc/base/wldb_order_list.html HTTP/1.1" 200 19215
114.83.220.212 - - [30/May/2024:10:56:26 +0800] "GET /xingrg/kc/buy/cgsh_order_operate.html?command=get_materiel&rest_code=00149&code=00101009109&supplier_code=00100201&order_time=2024-05-30 HTTP/1.1" 200 413
222.70.182.146 - - [30/May/2024:10:56:27 +0800] "GET /xingrg/all/function/internal_message.html?_=1717037782687&CODE_STATE=getMsg HTTP/1.1" 200 27
124.78.152.34 - - [30/May/2024:10:56:27 +0800] "POST /xingrg/kc/base/wldb_list_operate.html HTTP/1.1" 200 2950
180.164.6.225 - - [30/May/2024:10:56:28 +0800] "GET /xingrg/check_reg.html?_=1717037787082 HTTP/1.1" 200 22
180.164.6.225 - - [30/May/2024:10:56:28 +0800] "GET /xingrg/all/function/internal_message.html?_=1717037787084&CODE_STATE=getMsg HTTP/1.1" 200 27
180.156.239.18 - - [30/May/2024:10:56:29 +0800] "GET /xingrg/all/function/internal_message.html?_=1717037789770&CODE_STATE=getMsg HTTP/1.1" 200 27
124.78.152.34 - - [30/May/2024:10:56:30 +0800] "GET /xingrg/all/function/internal_message.html?_=1717037782431&CODE_STATE=getMsg HTTP/1.1" 200 27
180.156.239.18 - - [30/May/2024:10:56:30 +0800] "POST /xingrg/kc/buy/cgsh_order_operate.html HTTP/1.1" 200 37
124.78.152.34 - - [30/May/2024:10:56:31 +0800] "GET /xingrg/kc/base/base_main.html HTTP/1.1" 200 12142
124.78.152.34 - - [30/May/2024:10:56:33 +0800] "GET /xingrg/kc/base/wldb_order_list.html HTTP/1.1" 200 19215
124.78.152.34 - - [30/May/2024:10:56:33 +0800] "POST /xingrg/kc/base/wldb_list_operate.html HTTP/1.1" 200 2950
222.69.134.193 - - [30/May/2024:10:56:36 +0800] "GET /xingrg/kc/buy/cgsh_order_operate.html?command=get_materiel&rest_code=00154&code=00101040103&supplier_code=00100466&order_time=2024-05-30 HTTP/1.1" 200 418
180.156.239.18 - - [30/May/2024:10:56:38 +0800] "POST /xingrg/kc/buy/cgsh_order_operate.html HTTP/1.1" 200 12
114.83.220.212 - - [30/May/2024:10:56:38 +0800] "GET /xingrg/all/function/internal_message.html?_=1717037797646&CODE_STATE=getMsg HTTP/1.1" 200 27
180.169.147.146 - - [30/May/2024:10:56:39 +0800] "GET /xingrg/all/function/internal_message.html?_=1717037794511&CODE_STATE=getMsg HTTP/1.1" 200 27
180.169.147.146 - - [30/May/2024:10:56:39 +0800] "GET /xingrg/check_reg.html?_=1717037794514 HTTP/1.1" 200 22
114.83.220.212 - - [30/May/2024:10:56:40 +0800] "GET /xingrg/kc/buy/cgsh_order_operate.html?command=get_materiel&rest_code=00149&code=00101009011&supplier_code=00100201&order_time=2024-05-30 HTTP/1.1" 200 416
180.156.239.18 - - [30/May/2024:10:56:40 +0800] "GET /xingrg/kc/buy/cgsh_order_info.html?code=212024053008992 HTTP/1.1" 200 69670
180.156.239.18 - - [30/May/2024:10:56:40 +0800] "GET /xingrg/javascript/easyui/themes/default/validatebox.css HTTP/1.1" 404 1104
180.156.239.18 - - [30/May/2024:10:56:41 +0800] "POST /xingrg/kc/buy/cgsh_order_operate.html HTTP/1.1" 200 609
180.156.239.18 - - [30/May/2024:10:56:43 +0800] "GET /xingrg/kc/print/load_data.html?order_code=212024053008992&kc_code=cgsh&condition= HTTP/1.1" 200 716
116.238.97.31 - - [30/May/2024:10:56:48 +0800] "GET /xingrg/all/function/internal_message.html?_=1717037805449&CODE_STATE=getMsg HTTP/1.1" 200 27
120.253.135.82 - - [30/May/2024:10:56:52 +0800] "GET /xingrg/kc/pszx/mdqp_order_list.html?state=10 HTTP/1.1" 200 10893
120.253.135.82 - - [30/May/2024:10:56:52 +0800] "GET /xingrg/dwr/interface/AjaxQqpsService.js HTTP/1.1" 200 16326
180.156.239.18 - - [30/May/2024:10:56:52 +0800] "GET /xingrg/kc/buy/cgsh_order_add.html HTTP/1.1" 200 74797
180.156.239.18 - - [30/May/2024:10:56:53 +0800] "POST /xingrg/kc/buy/cgsh_order_operate.html HTTP/1.1" 200 8245
180.156.239.18 - - [30/May/2024:10:56:53 +0800] "GET /xingrg/javascript/easyui/themes/default/validatebox.css HTTP/1.1" 404 1104
222.67.233.39 - - [30/May/2024:10:56:53 +0800] "GET /xingrg/all/function/internal_message.html?_=1717037813603&CODE_STATE=getMsg HTTP/1.1" 200 27
116.232.195.13 - - [30/May/2024:10:56:55 +0800] "GET /xingrg/all/function/internal_message.html?_=1717037758416&CODE_STATE=getMsg HTTP/1.1" 200 27
116.232.195.13 - - [30/May/2024:10:56:55 +0800] "GET /xingrg/check_reg.html?_=1717037758419 HTTP/1.1" 200 22
116.238.97.31 - - [30/May/2024:10:56:58 +0800] "GET /xingrg/all/function/internal_message.html?_=1717037836378&CODE_STATE=getMsg HTTP/1.1" 200 27
116.238.97.31 - - [30/May/2024:10:56:58 +0800] "GET /xingrg/check_reg.html?_=1717037836376 HTTP/1.1" 200 22
114.83.220.212 - - [30/May/2024:10:56:58 +0800] "GET /xingrg/kc/buy/cgsh_order_operate.html?command=get_materiel&rest_code=00149&code=00101009062&supplier_code=00100201&order_time=2024-05-30 HTTP/1.1" 200 414
124.79.78.120 - - [30/May/2024:10:57:00 +0800] "GET /xingrg/all/function/internal_message.html?_=1717037826619&CODE_STATE=getMsg HTTP/1.1" 200 27
120.253.135.82 - - [30/May/2024:10:57:01 +0800] "GET /xingrg/kc/pszx/mdqp_order_list.html?state=10 HTTP/1.1" 200 10893
180.156.239.18 - - [30/May/2024:10:57:03 +0800] "GET /xingrg/kc/buy/cgsh_order_operate.html?command=get_materiel&rest_code=00150&code=00101010161&supplier_code=00100316&order_time=2024-05-30 HTTP/1.1" 200 411
120.253.135.82 - - [30/May/2024:10:57:03 +0800] "GET /xingrg/kc/pszx/mdqp_order_list.html?state=10 HTTP/1.1" 200 10893
124.78.152.34 - - [30/May/2024:10:57:03 +0800] "GET /xingrg/kc/buy/buy_main.html HTTP/1.1" 200 12412
124.78.152.34 - - [30/May/2024:10:57:03 +0800] "GET /xingrg/css/new_ie.css HTTP/1.1" 404 1036
120.253.135.82 - - [30/May/2024:10:57:04 +0800] "GET /xingrg/kc/pszx/mdqp_order_list.html?state=10 HTTP/1.1" 200 10893
124.78.152.34 - - [30/May/2024:10:57:05 +0800] "GET /xingrg/images/yd/bt.gif HTTP/1.1" 404 1040
124.78.152.34 - - [30/May/2024:10:57:06 +0800] "GET /xingrg/kc/buy/cgsh_order_list.html HTTP/1.1" 200 58928
101.83.144.49 - - [30/May/2024:10:57:07 +0800] "GET /xingrg/check_reg.html?_=1717037568299 HTTP/1.1" 200 22
120.253.135.82 - - [30/May/2024:10:57:08 +0800] "GET /xingrg/kc/pszx/mdqp_order_list.html?state=10 HTTP/1.1" 200 10893
120.253.135.82 - - [30/May/2024:10:57:10 +0800] "GET /xingrg/kc/pszx/mdqp_order_list.html?state=10 HTTP/1.1" 200 10893
124.78.152.34 - - [30/May/2024:10:57:10 +0800] "POST /xingrg/kc/buy/cgsh_list_operate.html HTTP/1.1" 200 1378
120.253.135.82 - - [30/May/2024:10:57:10 +0800] "GET /xingrg/kc/pszx/mdqp_order_list.html?state=10 HTTP/1.1" 200 10893
120.253.135.82 - - [30/May/2024:10:57:10 +0800] "GET /xingrg/dwr/interface/AjaxQqpsService.js HTTP/1.1" 200 16326
120.253.135.82 - - [30/May/2024:10:57:10 +0800] "GET /xingrg/dwr/engine.js HTTP/1.1" 200 43631
120.253.135.82 - - [30/May/2024:10:57:10 +0800] "GET /xingrg/dwr/interface/AjaxReportQueryService.js HTTP/1.1" 200 13203
124.78.152.34 - - [30/May/2024:10:57:13 +0800] "GET /xingrg/kc/base/base_main.html HTTP/1.1" 200 12142
120.253.135.82 - - [30/May/2024:10:57:13 +0800] "GET /xingrg/kc/pszx/mdqp_order_info.html?code=302024053000460 HTTP/1.1" 200 13338
120.253.135.82 - - [30/May/2024:10:57:13 +0800] "GET /xingrg/dwr/interface/AjaxComOrderService.js HTTP/1.1" 200 18264
120.253.135.82 - - [30/May/2024:10:57:13 +0800] "GET /xingrg/dwr/interface/AjaxQqpsService.js HTTP/1.1" 200 16326
120.253.135.82 - - [30/May/2024:10:57:13 +0800] "GET /xingrg/dwr/engine.js HTTP/1.1" 200 43631
120.253.135.82 - - [30/May/2024:10:57:14 +0800] "POST /xingrg/dwr/call/plaincall/AjaxQqpsService.loadMaterielItems.dwr HTTP/1.1" 200 351
124.78.152.34 - - [30/May/2024:10:57:15 +0800] "GET /xingrg/kc/base/wldb_order_list.html HTTP/1.1" 200 19215
124.78.152.34 - - [30/May/2024:10:57:16 +0800] "POST /xingrg/kc/base/wldb_list_operate.html HTTP/1.1" 200 2950
124.78.152.34 - - [30/May/2024:10:57:17 +0800] "GET /xingrg/check_reg.html?_=1717037839100 HTTP/1.1" 200 22
124.78.152.34 - - [30/May/2024:10:57:17 +0800] "GET /xingrg/all/function/internal_message.html?_=1717037839274&CODE_STATE=getMsg HTTP/1.1" 200 27
120.253.135.82 - - [30/May/2024:10:57:17 +0800] "GET /xingrg/kc/pszx/mdqp_order_list.html?isBack=1 HTTP/1.1" 302 -
120.253.135.82 - - [30/May/2024:10:57:17 +0800] "GET /xingrg/images/yd/bt.gif HTTP/1.1" 404 1040
120.253.135.82 - - [30/May/2024:10:57:17 +0800] "GET /xingrg/images/yd/bt2.gif HTTP/1.1" 404 1042
120.253.135.82 - - [30/May/2024:10:57:17 +0800] "GET /xingrg/kc/pszx/mdqp_order_list.html?state=10 HTTP/1.1" 200 10893
120.253.135.82 - - [30/May/2024:10:57:17 +0800] "GET /xingrg/dwr/interface/AjaxReportQueryService.js HTTP/1.1" 200 13203
120.253.135.82 - - [30/May/2024:10:57:17 +0800] "GET /xingrg/dwr/interface/AjaxQqpsService.js HTTP/1.1" 200 16326
120.253.135.82 - - [30/May/2024:10:57:17 +0800] "GET /xingrg/dwr/engine.js HTTP/1.1" 200 43631
180.156.239.18 - - [30/May/2024:10:57:18 +0800] "POST /xingrg/kc/buy/cgsh_order_operate.html HTTP/1.1" 200 37
180.156.239.18 - - [30/May/2024:10:57:20 +0800] "GET /xingrg/all/function/internal_message.html?_=1717037840486&CODE_STATE=getMsg HTTP/1.1" 200 27
116.238.97.31 - - [30/May/2024:10:57:20 +0800] "GET /xingrg/all/function/internal_message.html?_=1717037837199&CODE_STATE=getMsg HTTP/1.1" 200 27
101.83.144.49 - - [30/May/2024:10:57:21 +0800] "GET /xingrg/all/function/internal_message.html?_=1717037582279&CODE_STATE=getMsg HTTP/1.1" 200 27
101.83.144.49 - - [30/May/2024:10:57:22 +0800] "POST /xingrg/kc/buy/cgsh_order_operate.html HTTP/1.1" 200 37
101.83.144.49 - - [30/May/2024:10:57:23 +0800] "GET /xingrg/all/function/internal_message.html?_=1717037843249&CODE_STATE=getMsg HTTP/1.1" 200 27
101.83.144.49 - - [30/May/2024:10:57:25 +0800] "POST /xingrg/kc/buy/cgsh_order_operate.html HTTP/1.1" 200 5162
114.84.152.157 - - [30/May/2024:10:57:26 +0800] "GET /xingrg/all/function/internal_message.html?_=1717036192446&CODE_STATE=getMsg HTTP/1.1" 200 27
222.70.182.146 - - [30/May/2024:10:57:27 +0800] "GET /xingrg/all/function/internal_message.html?_=1717037842674&CODE_STATE=getMsg HTTP/1.1" 200 27
180.164.6.225 - - [30/May/2024:10:57:28 +0800] "GET /xingrg/all/function/internal_message.html?_=1717037847076&CODE_STATE=getMsg HTTP/1.1" 200 27
180.156.239.18 - - [30/May/2024:10:57:28 +0800] "POST /xingrg/kc/buy/cgsh_order_operate.html HTTP/1.1" 200 12
101.83.144.49 - - [30/May/2024:10:57:28 +0800] "GET /xingrg/kc/print/load_data.html?order_code=212024053008994&kc_code=cgsh&condition= HTTP/1.1" 200 1769
124.78.152.34 - - [30/May/2024:10:57:30 +0800] "GET /xingrg/all/function/internal_message.html?_=1717037842416&CODE_STATE=getMsg HTTP/1.1" 200 27
180.156.239.18 - - [30/May/2024:10:57:31 +0800] "GET /xingrg/kc/buy/cgsh_order_info.html?code=212024053008993 HTTP/1.1" 200 69676
180.156.239.18 - - [30/May/2024:10:57:31 +0800] "GET /xingrg/words/20240530100417_words.js HTTP/1.1" 304 -
180.156.239.18 - - [30/May/2024:10:57:31 +0800] "GET /xingrg/javascript/easyui/themes/default/validatebox.css HTTP/1.1" 404 1104
180.156.239.18 - - [30/May/2024:10:57:32 +0800] "POST /xingrg/kc/buy/cgsh_order_operate.html HTTP/1.1" 200 605
180.156.239.18 - - [30/May/2024:10:57:34 +0800] "GET /xingrg/kc/print/load_data.html?order_code=212024053008993&kc_code=cgsh&condition= HTTP/1.1" 200 735
114.83.220.212 - - [30/May/2024:10:57:37 +0800] "GET /xingrg/kc/buy/cgsh_order_operate.html?command=get_materiel&rest_code=00149&code=00101009059&supplier_code=00100201&order_time=2024-05-30 HTTP/1.1" 200 409
114.83.220.212 - - [30/May/2024:10:57:38 +0800] "GET /xingrg/all/function/internal_message.html?_=1717037857617&CODE_STATE=getMsg HTTP/1.1" 200 27
180.169.147.146 - - [30/May/2024:10:57:39 +0800] "GET /xingrg/all/function/internal_message.html?_=1717037854531&CODE_STATE=getMsg HTTP/1.1" 200 27
180.156.239.18 - - [30/May/2024:10:57:41 +0800] "GET /xingrg/kc/buy/cgsh_order_add.html HTTP/1.1" 200 74797
180.156.239.18 - - [30/May/2024:10:57:41 +0800] "POST /xingrg/kc/buy/cgsh_order_operate.html HTTP/1.1" 200 8245
180.156.239.18 - - [30/May/2024:10:57:41 +0800] "GET /xingrg/javascript/easyui/themes/default/validatebox.css HTTP/1.1" 404 1104
116.238.97.31 - - [30/May/2024:10:57:48 +0800] "GET /xingrg/all/function/internal_message.html?_=1717037865448&CODE_STATE=getMsg HTTP/1.1" 200 27
180.156.239.18 - - [30/May/2024:10:57:52 +0800] "GET /xingrg/kc/buy/cgsh_order_operate.html?command=get_materiel&rest_code=00150&code=00101014131&supplier_code=00100326&order_time=2024-05-30 HTTP/1.1" 200 444
222.67.233.39 - - [30/May/2024:10:57:53 +0800] "GET /xingrg/all/function/internal_message.html?_=1717037873579&CODE_STATE=getMsg HTTP/1.1" 200 27
116.232.195.13 - - [30/May/2024:10:57:55 +0800] "GET /xingrg/all/function/internal_message.html?_=1717037818415&CODE_STATE=getMsg HTTP/1.1" 200 27
116.238.97.31 - - [30/May/2024:10:57:58 +0800] "GET /xingrg/all/function/internal_message.html?_=1717037896372&CODE_STATE=getMsg HTTP/1.1" 200 27
124.79.78.120 - - [30/May/2024:10:58:00 +0800] "GET /xingrg/all/function/internal_message.html?_=1717037886622&CODE_STATE=getMsg HTTP/1.1" 200 27
180.156.239.18 - - [30/May/2024:10:58:10 +0800] "GET /xingrg/kc/buy/cgsh_order_operate.html?command=get_materiel&rest_code=00150&code=00101007168&supplier_code=00100326&order_time=2024-05-30 HTTP/1.1" 200 410
124.78.152.34 - - [30/May/2024:10:58:17 +0800] "GET /xingrg/all/function/internal_message.html?_=1717037899251&CODE_STATE=getMsg HTTP/1.1" 200 27
101.83.144.49 - - [30/May/2024:10:58:17 +0800] "GET /xingrg/kc/buy/cgsh_order_add.html HTTP/1.1" 200 74823
101.83.144.49 - - [30/May/2024:10:58:18 +0800] "GET /xingrg/words/20240530100417_words.js HTTP/1.1" 304 -
101.83.144.49 - - [30/May/2024:10:58:18 +0800] "POST /xingrg/kc/buy/cgsh_order_operate.html HTTP/1.1" 200 8245
101.83.144.49 - - [30/May/2024:10:58:18 +0800] "GET /xingrg/javascript/easyui/themes/default/validatebox.css HTTP/1.1" 404 1104
180.156.239.18 - - [30/May/2024:10:58:20 +0800] "GET /xingrg/all/function/internal_message.html?_=1717037900459&CODE_STATE=getMsg HTTP/1.1" 200 27
116.238.97.31 - - [30/May/2024:10:58:20 +0800] "GET /xingrg/all/function/internal_message.html?_=1717037897204&CODE_STATE=getMsg HTTP/1.1" 200 27
101.83.144.49 - - [30/May/2024:10:58:21 +0800] "GET /xingrg/all/function/internal_message.html?_=1717037642279&CODE_STATE=getMsg HTTP/1.1" 200 27
101.83.144.49 - - [30/May/2024:10:58:23 +0800] "GET /xingrg/all/function/internal_message.html?_=1717037903263&CODE_STATE=getMsg HTTP/1.1" 200 27
180.156.239.18 - - [30/May/2024:10:58:25 +0800] "POST /xingrg/kc/buy/cgsh_order_operate.html HTTP/1.1" 200 37
114.84.152.157 - - [30/May/2024:10:58:26 +0800] "GET /xingrg/check_reg.html?_=1717036252478 HTTP/1.1" 200 22
114.84.152.157 - - [30/May/2024:10:58:26 +0800] "GET /xingrg/all/function/internal_message.html?_=1717036252477&CODE_STATE=getMsg HTTP/1.1" 200 27
222.70.182.146 - - [30/May/2024:10:58:27 +0800] "GET /xingrg/all/function/internal_message.html?_=1717037902658&CODE_STATE=getMsg HTTP/1.1" 200 27
180.164.6.225 - - [30/May/2024:10:58:28 +0800] "GET /xingrg/all/function/internal_message.html?_=1717037907095&CODE_STATE=getMsg HTTP/1.1" 200 27
116.238.97.31 - - [30/May/2024:10:58:28 +0800] "GET /xingrg/check_reg.html?_=1717037907793 HTTP/1.1" 200 22
114.83.220.212 - - [30/May/2024:10:58:29 +0800] "POST /xingrg/kc/buy/cgsh_order_operate.html HTTP/1.1" 200 88
180.156.239.18 - - [30/May/2024:10:58:29 +0800] "GET /xingrg/all/function/internal_message.html?_=1717037909780&CODE_STATE=getMsg HTTP/1.1" 200 27
124.78.152.34 - - [30/May/2024:10:58:30 +0800] "GET /xingrg/all/function/internal_message.html?_=1717037902388&CODE_STATE=getMsg HTTP/1.1" 200 27
124.78.152.34 - - [30/May/2024:10:58:32 +0800] "GET /xingrg/check_reg.html?_=1717037904579 HTTP/1.1" 200 22
180.156.239.18 - - [30/May/2024:10:58:35 +0800] "POST /xingrg/kc/buy/cgsh_order_operate.html HTTP/1.1" 200 12
180.156.239.18 - - [30/May/2024:10:58:37 +0800] "GET /xingrg/kc/buy/cgsh_order_info.html?code=212024053008995 HTTP/1.1" 200 69676
180.156.239.18 - - [30/May/2024:10:58:37 +0800] "GET /xingrg/javascript/easyui/themes/default/validatebox.css HTTP/1.1" 404 1104
222.70.182.146 - - [30/May/2024:10:58:38 +0800] "POST /xingrg/services/DataTransmitService HTTP/1.1" 200 524
222.70.182.146 - - [30/May/2024:10:58:39 +0800] "POST /xingrg/services/DataTransmitService HTTP/1.1" 200 501
180.169.147.146 - - [30/May/2024:10:58:39 +0800] "GET /xingrg/all/function/internal_message.html?_=1717037914516&CODE_STATE=getMsg HTTP/1.1" 200 27
114.83.220.212 - - [30/May/2024:10:58:41 +0800] "GET /xingrg/all/function/internal_message.html?_=1717037917598&CODE_STATE=getMsg HTTP/1.1" 200 27
114.83.220.212 - - [30/May/2024:10:58:42 +0800] "POST /xingrg/kc/buy/cgsh_order_operate.html HTTP/1.1" 200 37
180.156.239.18 - - [30/May/2024:10:58:42 +0800] "POST /xingrg/kc/buy/cgsh_order_operate.html HTTP/1.1" 200 1810
180.156.239.18 - - [30/May/2024:10:58:44 +0800] "GET /xingrg/kc/print/load_data.html?order_code=212024053008995&kc_code=cgsh&condition= HTTP/1.1" 200 1216
101.83.144.49 - - [30/May/2024:10:58:47 +0800] "GET /xingrg/kc/buy/cgsh_order_operate.html?command=get_materiel&rest_code=00105&code=00101008197&supplier_code=00100008&order_time=2024-05-30 HTTP/1.1" 200 416
116.238.97.31 - - [30/May/2024:10:58:48 +0800] "GET /xingrg/all/function/internal_message.html?_=1717037925466&CODE_STATE=getMsg HTTP/1.1" 200 27
114.83.220.212 - - [30/May/2024:10:58:50 +0800] "POST /xingrg/kc/buy/cgsh_order_operate.html HTTP/1.1" 200 12
114.83.220.212 - - [30/May/2024:10:58:52 +0800] "GET /xingrg/kc/buy/cgsh_order_info.html?code=212024053008997 HTTP/1.1" 200 69700
114.83.220.212 - - [30/May/2024:10:58:53 +0800] "GET /xingrg/words/20240530100417_words.js HTTP/1.1" 304 -
114.83.220.212 - - [30/May/2024:10:58:53 +0800] "GET /xingrg/javascript/easyui/themes/default/validatebox.css HTTP/1.1" 404 1104
222.67.233.39 - - [30/May/2024:10:58:53 +0800] "GET /xingrg/all/function/internal_message.html?_=1717037933562&CODE_STATE=getMsg HTTP/1.1" 200 27
114.83.220.212 - - [30/May/2024:10:58:54 +0800] "POST /xingrg/kc/buy/cgsh_order_operate.html HTTP/1.1" 200 2385
116.232.195.13 - - [30/May/2024:10:58:55 +0800] "GET /xingrg/all/function/internal_message.html?_=1717037878415&CODE_STATE=getMsg HTTP/1.1" 200 27
180.156.239.18 - - [30/May/2024:10:58:55 +0800] "GET /xingrg/kc/buy/cgsh_order_add.html HTTP/1.1" 200 74797
180.156.239.18 - - [30/May/2024:10:58:56 +0800] "POST /xingrg/kc/buy/cgsh_order_operate.html HTTP/1.1" 200 8245
180.156.239.18 - - [30/May/2024:10:58:56 +0800] "GET /xingrg/javascript/easyui/themes/default/validatebox.css HTTP/1.1" 404 1104
114.83.220.212 - - [30/May/2024:10:58:57 +0800] "GET /xingrg/kc/print/load_data.html?order_code=212024053008997&kc_code=cgsh&condition= HTTP/1.1" 200 1391
116.238.97.31 - - [30/May/2024:10:58:58 +0800] "GET /xingrg/all/function/internal_message.html?_=1717037956369&CODE_STATE=getMsg HTTP/1.1" 200 27
124.79.78.120 - - [30/May/2024:10:59:00 +0800] "GET /xingrg/all/function/internal_message.html?_=1717037946623&CODE_STATE=getMsg HTTP/1.1" 200 27
124.79.78.120 - - [30/May/2024:10:59:00 +0800] "GET /xingrg/check_reg.html?_=1717037946626 HTTP/1.1" 200 22
114.83.220.212 - - [30/May/2024:10:59:01 +0800] "GET /xingrg/kc/buy/cgsh_order_add.html HTTP/1.1" 200 74829
114.83.220.212 - - [30/May/2024:10:59:02 +0800] "POST /xingrg/kc/buy/cgsh_order_operate.html HTTP/1.1" 200 8245
114.83.220.212 - - [30/May/2024:10:59:02 +0800] "GET /xingrg/javascript/easyui/themes/default/validatebox.css HTTP/1.1" 404 1104
180.156.239.18 - - [30/May/2024:10:59:08 +0800] "GET /xingrg/kc/buy/cgsh_order_operate.html?command=get_materiel&rest_code=00150&code=00101010938&supplier_code=00100570&order_time=2024-05-30 HTTP/1.1" 200 418
101.83.144.49 - - [30/May/2024:10:59:14 +0800] "GET /xingrg/kc/buy/cgsh_order_operate.html?command=get_materiel&rest_code=00105&code=00102014106&supplier_code=00100008&order_time=2024-05-30 HTTP/1.1" 200 413
124.78.152.34 - - [30/May/2024:10:59:17 +0800] "GET /xingrg/all/function/internal_message.html?_=1717037959235&CODE_STATE=getMsg HTTP/1.1" 200 27
114.83.220.212 - - [30/May/2024:10:59:18 +0800] "GET /xingrg/kc/buy/cgsh_order_operate.html?command=get_materiel&rest_code=00149&code=00101027025&supplier_code=00100019&order_time=2024-05-30 HTTP/1.1" 200 443
180.156.239.18 - - [30/May/2024:10:59:19 +0800] "GET /xingrg/kc/buy/cgsh_order_operate.html?command=get_materiel&rest_code=00150&code=00101010936&supplier_code=00100570&order_time=2024-05-30 HTTP/1.1" 200 417
180.156.239.18 - - [30/May/2024:10:59:20 +0800] "GET /xingrg/all/function/internal_message.html?_=1717037960436&CODE_STATE=getMsg HTTP/1.1" 200 27
116.238.97.31 - - [30/May/2024:10:59:20 +0800] "GET /xingrg/all/function/internal_message.html?_=1717037957204&CODE_STATE=getMsg HTTP/1.1" 200 27
101.83.144.49 - - [30/May/2024:10:59:21 +0800] "GET /xingrg/all/function/internal_message.html?_=1717037702260&CODE_STATE=getMsg HTTP/1.1" 200 27
101.83.144.49 - - [30/May/2024:10:59:23 +0800] "GET /xingrg/all/function/internal_message.html?_=1717037963249&CODE_STATE=getMsg HTTP/1.1" 200 27
114.84.152.157 - - [30/May/2024:10:59:26 +0800] "GET /xingrg/all/function/internal_message.html?_=1717036312476&CODE_STATE=getMsg HTTP/1.1" 200 27
222.70.182.146 - - [30/May/2024:10:59:27 +0800] "GET /xingrg/all/function/internal_message.html?_=1717037962646&CODE_STATE=getMsg HTTP/1.1" 200 27
222.70.182.146 - - [30/May/2024:10:59:27 +0800] "GET /xingrg/check_reg.html?_=1717037963303 HTTP/1.1" 200 22
180.164.6.225 - - [30/May/2024:10:59:28 +0800] "GET /xingrg/all/function/internal_message.html?_=1717037967091&CODE_STATE=getMsg HTTP/1.1" 200 27
180.156.239.18 - - [30/May/2024:10:59:29 +0800] "GET /xingrg/all/function/internal_message.html?_=1717037969761&CODE_STATE=getMsg HTTP/1.1" 200 27
124.78.152.34 - - [30/May/2024:10:59:30 +0800] "GET /xingrg/all/function/internal_message.html?_=1717037962364&CODE_STATE=getMsg HTTP/1.1" 200 27
180.156.239.18 - - [30/May/2024:10:59:30 +0800] "GET /xingrg/kc/buy/cgsh_order_operate.html?command=get_materiel&rest_code=00150&code=00101001313&supplier_code=00100570&order_time=2024-05-30 HTTP/1.1" 200 414
101.83.144.49 - - [30/May/2024:10:59:31 +0800] "GET /xingrg/kc/buy/cgsh_order_operate.html?command=get_materiel&rest_code=00105&code=00101008125&supplier_code=00100008&order_time=2024-05-30 HTTP/1.1" 200 413
124.78.152.34 - - [30/May/2024:10:59:37 +0800] "GET /xingrg/kc/buy/buy_main.html HTTP/1.1" 200 12412
124.78.152.34 - - [30/May/2024:10:59:37 +0800] "GET /xingrg/css/new_ie.css HTTP/1.1" 404 1036
114.83.220.212 - - [30/May/2024:10:59:38 +0800] "GET /xingrg/all/function/internal_message.html?_=1717037977588&CODE_STATE=getMsg HTTP/1.1" 200 27
180.169.147.146 - - [30/May/2024:10:59:39 +0800] "GET /xingrg/all/function/internal_message.html?_=1717037974528&CODE_STATE=getMsg HTTP/1.1" 200 27
124.78.152.34 - - [30/May/2024:10:59:39 +0800] "GET /xingrg/images/yd/bt.gif HTTP/1.1" 404 1040
124.78.152.34 - - [30/May/2024:10:59:40 +0800] "GET /xingrg/kc/buy/cgsh_order_list.html HTTP/1.1" 200 58928
180.156.239.18 - - [30/May/2024:10:59:42 +0800] "GET /xingrg/kc/buy/cgsh_order_operate.html?command=get_materiel&rest_code=00150&code=00101020448&supplier_code=00100570&order_time=2024-05-30 HTTP/1.1" 200 421
114.83.220.212 - - [30/May/2024:10:59:45 +0800] "GET /xingrg/kc/buy/cgsh_order_operate.html?command=get_materiel&rest_code=00149&code=00101027024&supplier_code=00100019&order_time=2024-05-30 HTTP/1.1" 200 443
124.78.152.34 - - [30/May/2024:10:59:46 +0800] "POST /xingrg/kc/buy/cgsh_list_operate.html HTTP/1.1" 200 1378
116.238.97.31 - - [30/May/2024:10:59:48 +0800] "GET /xingrg/all/function/internal_message.html?_=1717037985464&CODE_STATE=getMsg HTTP/1.1" 200 27
124.78.152.34 - - [30/May/2024:10:59:50 +0800] "GET /xingrg/kc/buy/buy_main.html HTTP/1.1" 200 12412
124.78.152.34 - - [30/May/2024:10:59:50 +0800] "GET /xingrg/css/new_ie.css HTTP/1.1" 404 1036
124.78.152.34 - - [30/May/2024:10:59:51 +0800] "GET /xingrg/images/yd/bt.gif HTTP/1.1" 404 1040
124.78.152.34 - - [30/May/2024:10:59:53 +0800] "GET /xingrg/kc/buy/cgsh_order_list.html HTTP/1.1" 200 58928
222.67.233.39 - - [30/May/2024:10:59:53 +0800] "GET /xingrg/all/function/internal_message.html?_=1717037993537&CODE_STATE=getMsg HTTP/1.1" 200 27
116.232.195.13 - - [30/May/2024:10:59:55 +0800] "GET /xingrg/all/function/internal_message.html?_=1717037938416&CODE_STATE=getMsg HTTP/1.1" 200 27
116.238.97.31 - - [30/May/2024:10:59:58 +0800] "GET /xingrg/all/function/internal_message.html?_=1717038016382&CODE_STATE=getMsg HTTP/1.1" 200 27
180.156.239.18 - - [30/May/2024:11:00:00 +0800] "POST /xingrg/kc/buy/cgsh_order_operate.html HTTP/1.1" 200 37
101.83.144.49 - - [30/May/2024:11:00:00 +0800] "GET /xingrg/kc/buy/cgsh_order_operate.html?command=get_materiel&rest_code=00105&code=00101008119&supplier_code=00100008&order_time=2024-05-30 HTTP/1.1" 200 412
124.79.78.120 - - [30/May/2024:11:00:00 +0800] "GET /xingrg/all/function/internal_message.html?_=1717038006624&CODE_STATE=getMsg HTTP/1.1" 200 27
124.78.152.34 - - [30/May/2024:11:00:04 +0800] "GET /xingrg/kc/base/base_main.html HTTP/1.1" 200 12142
114.83.220.212 - - [30/May/2024:11:00:05 +0800] "GET /xingrg/kc/buy/cgsh_order_operate.html?command=get_materiel&rest_code=00149&code=00101027022&supplier_code=00100019&order_time=2024-05-30 HTTP/1.1" 200 445
124.78.152.34 - - [30/May/2024:11:00:05 +0800] "GET /xingrg/kc/base/wldb_order_list.html HTTP/1.1" 200 19215
124.78.152.34 - - [30/May/2024:11:00:06 +0800] "POST /xingrg/kc/base/wldb_list_operate.html HTTP/1.1" 200 2950
180.156.239.18 - - [30/May/2024:11:00:11 +0800] "POST /xingrg/kc/buy/cgsh_order_operate.html HTTP/1.1" 200 12
124.78.152.34 - - [30/May/2024:11:00:11 +0800] "GET /xingrg/kc/base/base_main.html HTTP/1.1" 200 12142
124.78.152.34 - - [30/May/2024:11:00:13 +0800] "GET /xingrg/kc/base/wldb_order_list.html HTTP/1.1" 200 19215
124.78.152.34 - - [30/May/2024:11:00:13 +0800] "POST /xingrg/kc/buy/cgsh_list_operate.html HTTP/1.1" 200 1378
124.78.152.34 - - [30/May/2024:11:00:14 +0800] "POST /xingrg/kc/base/wldb_list_operate.html HTTP/1.1" 200 2950
180.156.239.18 - - [30/May/2024:11:00:14 +0800] "GET /xingrg/kc/buy/cgsh_order_info.html?code=212024053008998 HTTP/1.1" 200 69674
180.156.239.18 - - [30/May/2024:11:00:14 +0800] "GET /xingrg/javascript/easyui/themes/default/validatebox.css HTTP/1.1" 404 1104
124.78.152.34 - - [30/May/2024:11:00:16 +0800] "GET /xingrg/kc/mdqp/qp_main.html HTTP/1.1" 200 10633
124.78.152.34 - - [30/May/2024:11:00:16 +0800] "GET /xingrg/images/blue/button/pszx.gif HTTP/1.1" 200 2648
124.78.152.34 - - [30/May/2024:11:00:16 +0800] "GET /xingrg/images/blue/button/qqpsd.gif HTTP/1.1" 200 2548
124.78.152.34 - - [30/May/2024:11:00:16 +0800] "GET /xingrg/images/blue/button/psshd.gif HTTP/1.1" 200 2692
180.156.239.18 - - [30/May/2024:11:00:16 +0800] "POST /xingrg/kc/buy/cgsh_order_operate.html HTTP/1.1" 200 2403
124.78.152.34 - - [30/May/2024:11:00:17 +0800] "GET /xingrg/all/function/internal_message.html?_=1717038019216&CODE_STATE=getMsg HTTP/1.1" 200 27
124.78.152.34 - - [30/May/2024:11:00:17 +0800] "GET /xingrg/images/yd/bt.gif HTTP/1.1" 404 1040
124.78.152.34 - - [30/May/2024:11:00:19 +0800] "GET /xingrg/kc/mdqp/qqps_order_list.html HTTP/1.1" 200 9222
124.78.152.34 - - [30/May/2024:11:00:19 +0800] "GET /xingrg/dwr/interface/AjaxQqpsService.js HTTP/1.1" 200 16326
124.78.152.34 - - [30/May/2024:11:00:19 +0800] "GET /xingrg/dwr/interface/AjaxReportQueryService.js HTTP/1.1" 200 13203
180.156.239.18 - - [30/May/2024:11:00:19 +0800] "GET /xingrg/kc/print/load_data.html?order_code=212024053008998&kc_code=cgsh&condition= HTTP/1.1" 200 1428
124.78.152.34 - - [30/May/2024:11:00:19 +0800] "GET /xingrg/dwr/engine.js HTTP/1.1" 200 43631
124.78.152.34 - - [30/May/2024:11:00:19 +0800] "GET /xingrg/dwr/util.js HTTP/1.1" 200 35990
124.78.152.34 - - [30/May/2024:11:00:19 +0800] "GET /xingrg/javascript/Calendar.js HTTP/1.1" 200 31561
124.78.152.34 - - [30/May/2024:11:00:19 +0800] "GET /xingrg/javascript/jquery_easy_ui/themes/icons/check_new.png HTTP/1.1" 200 3224
124.78.152.34 - - [30/May/2024:11:00:19 +0800] "GET /xingrg/javascript/jquery_easy_ui/themes/icons/uncheck_new.png HTTP/1.1" 200 3197
124.78.152.34 - - [30/May/2024:11:00:19 +0800] "GET /xingrg/javascript/jquery_easy_ui/themes/icons/edit_add_new.png HTTP/1.1" 200 2997
124.78.152.34 - - [30/May/2024:11:00:19 +0800] "GET /xingrg/javascript/jquery_easy_ui/themes/icons/cance_new.png HTTP/1.1" 200 3986
101.83.144.49 - - [30/May/2024:11:00:19 +0800] "GET /xingrg/kc/buy/cgsh_order_operate.html?command=get_materiel&rest_code=00105&code=00101008096&supplier_code=00100008&order_time=2024-05-30 HTTP/1.1" 200 412
180.156.239.18 - - [30/May/2024:11:00:20 +0800] "GET /xingrg/all/function/internal_message.html?_=1717038020410&CODE_STATE=getMsg HTTP/1.1" 200 27
116.238.97.31 - - [30/May/2024:11:00:20 +0800] "GET /xingrg/all/function/internal_message.html?_=1717038017209&CODE_STATE=getMsg HTTP/1.1" 200 27
101.83.144.49 - - [30/May/2024:11:00:21 +0800] "GET /xingrg/all/function/internal_message.html?_=1717037762233&CODE_STATE=getMsg HTTP/1.1" 200 27
101.83.144.49 - - [30/May/2024:11:00:23 +0800] "GET /xingrg/all/function/internal_message.html?_=1717038023250&CODE_STATE=getMsg HTTP/1.1" 200 27
101.83.144.49 - - [30/May/2024:11:00:23 +0800] "GET /xingrg/check_reg.html?_=1717038023254 HTTP/1.1" 200 22
114.83.220.212 - - [30/May/2024:11:00:26 +0800] "GET /xingrg/kc/buy/cgsh_order_operate.html?command=get_materiel&rest_code=00149&code=00101027058&supplier_code=00100019&order_time=2024-05-30 HTTP/1.1" 200 493
114.84.152.157 - - [30/May/2024:11:00:26 +0800] "GET /xingrg/all/function/internal_message.html?_=1717036372485&CODE_STATE=getMsg HTTP/1.1" 200 27
222.70.182.146 - - [30/May/2024:11:00:27 +0800] "GET /xingrg/all/function/internal_message.html?_=1717038022617&CODE_STATE=getMsg HTTP/1.1" 200 27
180.164.6.225 - - [30/May/2024:11:00:28 +0800] "GET /xingrg/all/function/internal_message.html?_=1717038027083&CODE_STATE=getMsg HTTP/1.1" 200 27
180.156.239.18 - - [30/May/2024:11:00:29 +0800] "GET /xingrg/all/function/internal_message.html?_=1717038029737&CODE_STATE=getMsg HTTP/1.1" 200 27
124.78.152.34 - - [30/May/2024:11:00:30 +0800] "GET /xingrg/all/function/internal_message.html?_=1717038022335&CODE_STATE=getMsg HTTP/1.1" 200 27
124.78.152.34 - - [30/May/2024:11:00:31 +0800] "GET /xingrg/kc/mdqp/qp_main.html HTTP/1.1" 200 10633
180.156.239.18 - - [30/May/2024:11:00:33 +0800] "GET /xingrg/kc/buy/cgsh_order_add.html HTTP/1.1" 200 74797
180.156.239.18 - - [30/May/2024:11:00:33 +0800] "POST /xingrg/kc/buy/cgsh_order_operate.html HTTP/1.1" 200 8245
180.156.239.18 - - [30/May/2024:11:00:33 +0800] "GET /xingrg/javascript/easyui/themes/default/validatebox.css HTTP/1.1" 404 1104
124.78.152.34 - - [30/May/2024:11:00:33 +0800] "GET /xingrg/images/yd/bt.gif HTTP/1.1" 404 1040
124.78.152.34 - - [30/May/2024:11:00:34 +0800] "GET /xingrg/kc/mdqp/pssh_order_list.html HTTP/1.1" 200 18166
124.78.152.34 - - [30/May/2024:11:00:35 +0800] "POST /xingrg/kc/mdqp/pssh_list_operate.html HTTP/1.1" 200 5461
101.83.144.49 - - [30/May/2024:11:00:38 +0800] "GET /xingrg/kc/buy/cgsh_order_operate.html?command=get_materiel&rest_code=00105&code=00101008038&supplier_code=00100008&order_time=2024-05-30 HTTP/1.1" 200 412
114.83.220.212 - - [30/May/2024:11:00:38 +0800] "GET /xingrg/all/function/internal_message.html?_=1717038037563&CODE_STATE=getMsg HTTP/1.1" 200 27
114.83.220.212 - - [30/May/2024:11:00:38 +0800] "GET /xingrg/check_reg.html?_=1717038037677 HTTP/1.1" 200 22
180.169.147.146 - - [30/May/2024:11:00:39 +0800] "GET /xingrg/all/function/internal_message.html?_=1717038034521&CODE_STATE=getMsg HTTP/1.1" 200 27
180.156.239.18 - - [30/May/2024:11:00:42 +0800] "GET /xingrg/check_reg.html?_=1717038042358 HTTP/1.1" 200 22
124.78.152.34 - - [30/May/2024:11:00:44 +0800] "POST /xingrg/kc/mdqp/pssh_list_operate.html HTTP/1.1" 200 260
180.156.239.18 - - [30/May/2024:11:00:44 +0800] "GET /xingrg/kc/buy/cgsh_order_operate.html?command=get_materiel&rest_code=00150&code=00101010263&supplier_code=00100327&order_time=2024-05-30 HTTP/1.1" 200 409
124.78.152.34 - - [30/May/2024:11:00:45 +0800] "GET /xingrg/kc/mdqp/pssh_order_info.html?code=312024052600499 HTTP/1.1" 200 17301
124.78.152.34 - - [30/May/2024:11:00:45 +0800] "GET /xingrg/javascript/jquery_tools/jquery-1.4.2.min.js HTTP/1.1" 404 1094
124.78.152.34 - - [30/May/2024:11:00:45 +0800] "GET /xingrg/words/20240530100417_words.js HTTP/1.1" 304 -
124.78.152.34 - - [30/May/2024:11:00:45 +0800] "GET /xingrg/javascript/easyui/themes/icons/back_new.png HTTP/1.1" 200 3414
124.78.152.34 - - [30/May/2024:11:00:45 +0800] "GET /xingrg/javascript/easyui/themes/default/validatebox.css HTTP/1.1" 404 1104
124.78.152.34 - - [30/May/2024:11:00:45 +0800] "GET /xingrg/all/common/auto_word.html?type=base&rest_code=00106&rest_code=00106 HTTP/1.1" 200 1799
124.78.152.34 - - [30/May/2024:11:00:45 +0800] "GET /xingrg/all/common/auto_word.html?type=employee&rest_code=00106 HTTP/1.1" 200 205
124.78.152.34 - - [30/May/2024:11:00:45 +0800] "POST /xingrg/kc/mdqp/pssh_order_operate.html HTTP/1.1" 200 531
222.69.134.193 - - [30/May/2024:11:00:46 +0800] "GET /xingrg/kc/buy/cgsh_order_operate.html?command=get_materiel&rest_code=00154&code=00101020136&supplier_code=00100466&order_time=2024-05-30 HTTP/1.1" 200 410
116.238.97.31 - - [30/May/2024:11:00:48 +0800] "GET /xingrg/all/function/internal_message.html?_=1717038045462&CODE_STATE=getMsg HTTP/1.1" 200 27
116.238.97.31 - - [30/May/2024:11:00:48 +0800] "GET /xingrg/check_reg.html?_=1717038045464 HTTP/1.1" 200 22
222.67.233.39 - - [30/May/2024:11:00:53 +0800] "GET /xingrg/check_reg.html?_=1717038053491 HTTP/1.1" 200 22
222.67.233.39 - - [30/May/2024:11:00:53 +0800] "GET /xingrg/all/function/internal_message.html?_=1717038053521&CODE_STATE=getMsg HTTP/1.1" 200 27
101.83.144.49 - - [30/May/2024:11:00:54 +0800] "GET /xingrg/kc/buy/cgsh_order_operate.html?command=get_materiel&rest_code=00105&code=00101008283&supplier_code=00100008&order_time=2024-05-30 HTTP/1.1" 200 408
116.232.195.13 - - [30/May/2024:11:00:55 +0800] "GET /xingrg/all/function/internal_message.html?_=1717037998409&CODE_STATE=getMsg HTTP/1.1" 200 27
124.78.152.34 - - [30/May/2024:11:00:56 +0800] "GET /xingrg/kc/base/base_main.html HTTP/1.1" 200 12142
180.156.239.18 - - [30/May/2024:11:00:57 +0800] "GET /xingrg/kc/buy/cgsh_order_operate.html?command=get_materiel&rest_code=00150&code=00101006309&supplier_code=00100327&order_time=2024-05-30 HTTP/1.1" 200 430
116.238.97.31 - - [30/May/2024:11:00:58 +0800] "GET /xingrg/all/function/internal_message.html?_=1717038076378&CODE_STATE=getMsg HTTP/1.1" 200 27
124.79.78.120 - - [30/May/2024:11:01:00 +0800] "GET /xingrg/all/function/internal_message.html?_=1717038066628&CODE_STATE=getMsg HTTP/1.1" 200 27
222.69.134.193 - - [30/May/2024:11:01:01 +0800] "GET /xingrg/check_reg.html?_=1717038063889 HTTP/1.1" 200 22
114.83.220.212 - - [30/May/2024:11:01:02 +0800] "GET /xingrg/kc/buy/cgsh_order_operate.html?command=get_materiel&rest_code=00149&code=00101027061&supplier_code=00100019&order_time=2024-05-30 HTTP/1.1" 200 436
120.253.135.82 - - [30/May/2024:11:01:03 +0800] "GET /xingrg/check_reg.html?_=1717037915944 HTTP/1.1" 200 22
180.156.239.18 - - [30/May/2024:11:01:07 +0800] "GET /xingrg/kc/buy/cgsh_order_operate.html?command=get_materiel&rest_code=00150&code=00101006389&supplier_code=00100327&order_time=2024-05-30 HTTP/1.1" 200 404
101.83.144.49 - - [30/May/2024:11:01:11 +0800] "GET /xingrg/kc/buy/cgsh_order_operate.html?command=get_materiel&rest_code=00105&code=00101008264&supplier_code=00100008&order_time=2024-05-30 HTTP/1.1" 200 412
222.69.134.193 - - [30/May/2024:11:01:15 +0800] "GET /xingrg/kc/buy/cgsh_order_operate.html?command=get_materiel&rest_code=00154&code=00102002304&supplier_code=00100466&order_time=2024-05-30 HTTP/1.1" 200 462
180.156.239.18 - - [30/May/2024:11:01:16 +0800] "GET /xingrg/kc/buy/cgsh_order_operate.html?command=get_materiel&rest_code=00150&code=00101010569&supplier_code=00100327&order_time=2024-05-30 HTTP/1.1" 200 409
221.239.170.140 - - [30/May/2024:11:01:16 +0800] "GET /xingrg/login.html HTTP/1.1" 200 7641
221.239.170.140 - - [30/May/2024:11:01:16 +0800] "GET /xingrg/images/blue/jxLogo.png HTTP/1.1" 304 -
221.239.170.140 - - [30/May/2024:11:01:16 +0800] "GET /xingrg/images/blue/login_bg.png HTTP/1.1" 304 -
221.239.170.140 - - [30/May/2024:11:01:16 +0800] "GET /xingrg/images/blue/hj.png HTTP/1.1" 304 -
221.239.170.140 - - [30/May/2024:11:01:16 +0800] "GET /xingrg/images/blue/srbg.png HTTP/1.1" 304 -
221.239.170.140 - - [30/May/2024:11:01:16 +0800] "GET /favicon.ico HTTP/1.1" 404 -
124.78.152.34 - - [30/May/2024:11:01:17 +0800] "GET /xingrg/all/function/internal_message.html?_=1717038079194&CODE_STATE=getMsg HTTP/1.1" 200 27
180.156.239.18 - - [30/May/2024:11:01:20 +0800] "GET /xingrg/all/function/internal_message.html?_=1717038080399&CODE_STATE=getMsg HTTP/1.1" 200 27
116.238.97.31 - - [30/May/2024:11:01:20 +0800] "GET /xingrg/check_reg.html?_=1717038077211 HTTP/1.1" 200 22
116.238.97.31 - - [30/May/2024:11:01:20 +0800] "GET /xingrg/all/function/internal_message.html?_=1717038077211&CODE_STATE=getMsg HTTP/1.1" 200 27
101.83.144.49 - - [30/May/2024:11:01:21 +0800] "GET /xingrg/all/function/internal_message.html?_=1717037822275&CODE_STATE=getMsg HTTP/1.1" 200 27
101.83.144.49 - - [30/May/2024:11:01:23 +0800] "GET /xingrg/all/function/internal_message.html?_=1717038083254&CODE_STATE=getMsg HTTP/1.1" 200 27
180.156.239.18 - - [30/May/2024:11:01:26 +0800] "GET /xingrg/kc/buy/cgsh_order_operate.html?command=get_materiel&rest_code=00150&code=00101008171&supplier_code=00100327&order_time=2024-05-30 HTTP/1.1" 200 421
114.83.220.212 - - [30/May/2024:11:01:26 +0800] "GET /xingrg/kc/buy/cgsh_order_operate.html?command=get_materiel&rest_code=00149&code=00101026183&supplier_code=00100019&order_time=2024-05-30 HTTP/1.1" 200 440
114.84.152.157 - - [30/May/2024:11:01:26 +0800] "GET /xingrg/all/function/internal_message.html?_=1717036432474&CODE_STATE=getMsg HTTP/1.1" 200 27
101.83.144.49 - - [30/May/2024:11:01:26 +0800] "GET /xingrg/kc/buy/cgsh_order_operate.html?command=get_materiel&rest_code=00105&code=00101008352&supplier_code=00100008&order_time=2024-05-30 HTTP/1.1" 200 412
222.70.182.146 - - [30/May/2024:11:01:27 +0800] "GET /xingrg/all/function/internal_message.html?_=1717038082608&CODE_STATE=getMsg HTTP/1.1" 200 27
180.164.6.225 - - [30/May/2024:11:01:28 +0800] "GET /xingrg/check_reg.html?_=1717038087095 HTTP/1.1" 200 22
180.164.6.225 - - [30/May/2024:11:01:28 +0800] "GET /xingrg/all/function/internal_message.html?_=1717038087097&CODE_STATE=getMsg HTTP/1.1" 200 27
180.156.239.18 - - [30/May/2024:11:01:29 +0800] "GET /xingrg/all/function/internal_message.html?_=1717038089727&CODE_STATE=getMsg HTTP/1.1" 200 27
124.78.152.34 - - [30/May/2024:11:01:30 +0800] "GET /xingrg/all/function/internal_message.html?_=1717038082310&CODE_STATE=getMsg HTTP/1.1" 200 27
114.83.220.212 - - [30/May/2024:11:01:38 +0800] "GET /xingrg/all/function/internal_message.html?_=1717038097537&CODE_STATE=getMsg HTTP/1.1" 200 27
180.156.239.18 - - [30/May/2024:11:01:39 +0800] "POST /xingrg/kc/buy/cgsh_order_operate.html HTTP/1.1" 200 37
180.169.147.146 - - [30/May/2024:11:01:39 +0800] "GET /xingrg/all/function/internal_message.html?_=1717038094522&CODE_STATE=getMsg HTTP/1.1" 200 27
180.169.147.146 - - [30/May/2024:11:01:39 +0800] "GET /xingrg/check_reg.html?_=1717038094537 HTTP/1.1" 200 22
114.83.220.212 - - [30/May/2024:11:01:41 +0800] "GET /xingrg/kc/buy/cgsh_order_operate.html?command=get_materiel&rest_code=00149&code=00101020079&supplier_code=00100019&order_time=2024-05-30 HTTP/1.1" 200 421
101.83.144.49 - - [30/May/2024:11:01:47 +0800] "GET /xingrg/kc/buy/cgsh_order_operate.html?command=get_materiel&rest_code=00105&code=00101008271&supplier_code=00100008&order_time=2024-05-30 HTTP/1.1" 200 408
116.238.97.31 - - [30/May/2024:11:01:48 +0800] "GET /xingrg/all/function/internal_message.html?_=1717038105463&CODE_STATE=getMsg HTTP/1.1" 200 27
180.156.239.18 - - [30/May/2024:11:01:50 +0800] "POST /xingrg/kc/buy/cgsh_order_operate.html HTTP/1.1" 200 12
222.69.134.193 - - [30/May/2024:11:01:51 +0800] "POST /xingrg/kc/buy/cgsh_order_operate.html HTTP/1.1" 200 2065
222.67.233.39 - - [30/May/2024:11:01:53 +0800] "GET /xingrg/all/function/internal_message.html?_=1717038113491&CODE_STATE=getMsg HTTP/1.1" 200 27
180.156.239.18 - - [30/May/2024:11:01:53 +0800] "GET /xingrg/kc/buy/cgsh_order_info.html?code=212024053008999 HTTP/1.1" 200 69672
180.156.239.18 - - [30/May/2024:11:01:54 +0800] "GET /xingrg/javascript/easyui/themes/default/validatebox.css HTTP/1.1" 404 1104
116.232.195.13 - - [30/May/2024:11:01:55 +0800] "GET /xingrg/check_reg.html?_=1717038058435 HTTP/1.1" 200 22
116.232.195.13 - - [30/May/2024:11:01:55 +0800] "GET /xingrg/all/function/internal_message.html?_=1717038058430&CODE_STATE=getMsg HTTP/1.1" 200 27
180.156.239.18 - - [30/May/2024:11:01:55 +0800] "POST /xingrg/kc/buy/cgsh_order_operate.html HTTP/1.1" 200 3002
114.83.220.212 - - [30/May/2024:11:01:57 +0800] "GET /xingrg/kc/buy/cgsh_order_operate.html?command=get_materiel&rest_code=00149&code=00101028034&supplier_code=00100019&order_time=2024-05-30 HTTP/1.1" 200 443
116.238.97.31 - - [30/May/2024:11:01:58 +0800] "GET /xingrg/all/function/internal_message.html?_=1717038136377&CODE_STATE=getMsg HTTP/1.1" 200 27
116.238.97.31 - - [30/May/2024:11:01:58 +0800] "GET /xingrg/check_reg.html?_=1717038136375 HTTP/1.1" 200 22
180.156.239.18 - - [30/May/2024:11:02:00 +0800] "GET /xingrg/kc/print/load_data.html?order_code=212024053008999&kc_code=cgsh&condition= HTTP/1.1" 200 1669
124.79.78.120 - - [30/May/2024:11:02:00 +0800] "GET /xingrg/all/function/internal_message.html?_=1717038126630&CODE_STATE=getMsg HTTP/1.1" 200 27
101.83.144.49 - - [30/May/2024:11:02:07 +0800] "GET /xingrg/check_reg.html?_=1717037868315 HTTP/1.1" 200 22
180.156.239.18 - - [30/May/2024:11:02:07 +0800] "GET /xingrg/kc/buy/cgsh_order_add.html HTTP/1.1" 200 74797
180.156.239.18 - - [30/May/2024:11:02:07 +0800] "POST /xingrg/kc/buy/cgsh_order_operate.html HTTP/1.1" 200 8245
180.156.239.18 - - [30/May/2024:11:02:07 +0800] "GET /xingrg/javascript/easyui/themes/default/validatebox.css HTTP/1.1" 404 1104
101.83.144.49 - - [30/May/2024:11:02:08 +0800] "GET /xingrg/kc/buy/cgsh_order_operate.html?command=get_materiel&rest_code=00105&code=00101008069&supplier_code=00100008&order_time=2024-05-30 HTTP/1.1" 200 412
114.83.220.212 - - [30/May/2024:11:02:10 +0800] "GET /xingrg/kc/buy/cgsh_order_operate.html?command=get_materiel&rest_code=00149&code=00101028011&supplier_code=00100019&order_time=2024-05-30 HTTP/1.1" 200 454
124.78.152.34 - - [30/May/2024:11:02:17 +0800] "GET /xingrg/check_reg.html?_=1717038139107 HTTP/1.1" 200 22
124.78.152.34 - - [30/May/2024:11:02:17 +0800] "GET /xingrg/all/function/internal_message.html?_=1717038139171&CODE_STATE=getMsg HTTP/1.1" 200 27
180.156.239.18 - - [30/May/2024:11:02:20 +0800] "GET /xingrg/all/function/internal_message.html?_=1717038140376&CODE_STATE=getMsg HTTP/1.1" 200 27
116.238.97.31 - - [30/May/2024:11:02:20 +0800] "GET /xingrg/all/function/internal_message.html?_=1717038137211&CODE_STATE=getMsg HTTP/1.1" 200 27
