116.237.76.229 - - [29/May/2024:11:12:43 +0800] "POST /xingrg/all/common/load_combo.html?type=base HTTP/1.1" 200 3227
180.156.239.18 - - [29/May/2024:11:12:45 +0800] "GET /xingrg/all/function/internal_message.html?_=1716952365367&CODE_STATE=getMsg HTTP/1.1" 200 27
120.253.135.82 - - [29/May/2024:11:12:50 +0800] "GET /xingrg/kc/buy/cgsh_order_operate.html?command=get_materiel&rest_code=00101&code=00101029011&supplier_code=00100540&order_time=2024-05-29 HTTP/1.1" 200 482
114.83.216.162 - - [29/May/2024:11:12:51 +0800] "GET /xingrg/all/function/internal_message.html?_=1716952371638&CODE_STATE=getMsg HTTP/1.1" 200 27
222.70.182.146 - - [29/May/2024:11:12:51 +0800] "GET /xingrg/kc/buy/cgsh_order_operate.html?command=get_materiel&rest_code=00111&code=00101019816&supplier_code=00100151&order_time=2024-05-29 HTTP/1.1" 200 445
58.40.7.146 - - [29/May/2024:11:12:52 +0800] "GET /xingrg/all/function/internal_message.html?_=1716952372065&CODE_STATE=getMsg HTTP/1.1" 200 27
222.69.132.75 - - [29/May/2024:11:12:52 +0800] "GET /xingrg/all/function/internal_message.html?_=1716952372525&CODE_STATE=getMsg HTTP/1.1" 200 27
222.69.132.75 - - [29/May/2024:11:12:52 +0800] "GET /xingrg/check_reg.html?_=1716952372527 HTTP/1.1" 200 22
124.79.78.120 - - [29/May/2024:11:12:53 +0800] "GET /xingrg/check_reg.html?_=1716952376942 HTTP/1.1" 200 22
124.79.78.120 - - [29/May/2024:11:12:53 +0800] "GET /xingrg/all/function/internal_message.html?_=1716952376949&CODE_STATE=getMsg HTTP/1.1" 200 27
120.253.135.82 - - [29/May/2024:11:12:53 +0800] "POST /xingrg/all/common/load_select.html HTTP/1.1" 200 25
180.169.147.146 - - [29/May/2024:11:12:54 +0800] "GET /xingrg/check_reg.html?_=1716952376533 HTTP/1.1" 200 22
180.169.147.146 - - [29/May/2024:11:12:54 +0800] "GET /xingrg/all/function/internal_message.html?_=1716952376534&CODE_STATE=getMsg HTTP/1.1" 200 27
116.237.76.229 - - [29/May/2024:11:12:54 +0800] "GET /xingrg/kc/base/wldb_order_operate.html?command=get_materiel&rest_code=00106&base_code=0010397&code=00102002347 HTTP/1.1" 200 458
101.83.144.49 - - [29/May/2024:11:12:54 +0800] "GET /xingrg/all/function/internal_message.html?_=1716952116763&CODE_STATE=getMsg HTTP/1.1" 200 27
58.40.7.146 - - [29/May/2024:11:12:57 +0800] "GET /xingrg/all/report/report_query.html?isQuery=1&fileName=kc/buy/wlcg_cate_hz.xml&queryString=(CONVERT(char(10)%2Ca.order_time%2C%20120)%3E%3D'2023-05-01')%20and%20(CONVERT(char(10)%2Ca.order_time%2C%20120)%3C%3D'2024-05-31')%20and%20(a.supplier_code%3D'00100246')%20and%20(a.base_code%3D'0010612')&queryText=%E3%80%90%E9%87%87%E8%B4%AD%E6%97%A5%E6%9C%9F%3A2023-05-01%20%E8%87%B3%202024-05-31%E3%80%91%20%E5%B9%B6%E4%B8%94%20%E3%80%90%E4%BE%9B%E5%BA%94%E5%95%86%3D%E4%B8%8A%E6%B5%B7%E5%90%9B%E8%AA%89%E5%AE%9E%E4%B8%9A%E6%9C%89%E9%99%90%E5%85%AC%E5%8F%B8%E3%80%91%E5%B9%B6%E4%B8%94%E3%80%90%E4%BB%93%E5%BA%93%E5%90%8D%E7%A7%B0%20%3D%20%E6%88%BF%E5%8A%A1%E9%83%A8%E3%80%91&rand=0.7385578649139526 HTTP/1.1" 200 54449
61.165.227.88 - - [29/May/2024:11:12:57 +0800] "GET /xingrg/all/function/internal_message.html?_=1716952380334&CODE_STATE=getMsg HTTP/1.1" 200 27
221.239.170.140 - - [29/May/2024:11:12:58 +0800] "GET /xingrg/all/function/internal_message.html?_=1716952376537&CODE_STATE=getMsg HTTP/1.1" 200 27
58.40.7.146 - - [29/May/2024:11:12:58 +0800] "GET /xingrg/all/report/report_query.html?isQuery=1&fileName=kc/buy/wlcg_cate_hz.xml&queryString=(CONVERT(char(10)%2Ca.order_time%2C%20120)%3E%3D'2023-05-01')%20and%20(CONVERT(char(10)%2Ca.order_time%2C%20120)%3C%3D'2024-05-31')%20and%20(a.supplier_code%3D'00100246')%20and%20(a.base_code%3D'0010612')&queryText=%E3%80%90%E9%87%87%E8%B4%AD%E6%97%A5%E6%9C%9F%3A2023-05-01%20%E8%87%B3%202024-05-31%E3%80%91%20%E5%B9%B6%E4%B8%94%20%E3%80%90%E4%BE%9B%E5%BA%94%E5%95%86%3D%E4%B8%8A%E6%B5%B7%E5%90%9B%E8%AA%89%E5%AE%9E%E4%B8%9A%E6%9C%89%E9%99%90%E5%85%AC%E5%8F%B8%E3%80%91%E5%B9%B6%E4%B8%94%E3%80%90%E4%BB%93%E5%BA%93%E5%90%8D%E7%A7%B0%20%3D%20%E6%88%BF%E5%8A%A1%E9%83%A8%E3%80%91&rand=0.7385578649139526 HTTP/1.1" 200 54449
58.40.7.146 - - [29/May/2024:11:12:58 +0800] "GET /xingrg/dwr/engine.js HTTP/1.1" 200 43631
120.253.135.82 - - [29/May/2024:11:12:58 +0800] "GET /xingrg/kc/buy/cgsh_order_operate.html?command=get_materiel_price&rest_code=00101&code=00101029011&unit_code=00100157&supplier_code=00100540&order_time=2024-05-29 HTTP/1.1" 200 29
116.237.76.229 - - [29/May/2024:11:12:59 +0800] "GET /xingrg/kc/buy/cgsh_order_operate.html?command=get_materiel&rest_code=00106&code=00101010446&supplier_code=00100564&order_time=2024-05-29 HTTP/1.1" 200 424
58.40.7.146 - - [29/May/2024:11:13:00 +0800] "POST /xingrg/all/report/load_report_page.html HTTP/1.1" 200 8711
58.40.7.146 - - [29/May/2024:11:13:00 +0800] "GET /xingrg/servlets/image?cache=0.6063086815763763&image=px HTTP/1.1" 200 807
116.237.76.229 - - [29/May/2024:11:13:03 +0800] "GET /xingrg/kc/base/wldb_order_operate.html?command=get_materiel&rest_code=00106&base_code=0010397&code=00102034154 HTTP/1.1" 200 439
58.40.7.146 - - [29/May/2024:11:13:03 +0800] "POST /xingrg/all/report/load_report_page.html HTTP/1.1" 200 23129
58.40.7.146 - - [29/May/2024:11:13:03 +0800] "GET /xingrg/servlets/image?cache=0.23290348929342863&image=px HTTP/1.1" 200 807
116.238.97.31 - - [29/May/2024:11:13:06 +0800] "GET /xingrg/all/function/internal_message.html?_=1716952399226&CODE_STATE=getMsg HTTP/1.1" 200 27
116.237.76.229 - - [29/May/2024:11:13:10 +0800] "POST /xingrg/kc/base/wldb_order_operate.html HTTP/1.1" 200 37
180.169.147.146 - - [29/May/2024:11:13:10 +0800] "GET /xingrg/check_reg.html?_=1716952389776 HTTP/1.1" 302 -
116.237.76.229 - - [29/May/2024:11:13:11 +0800] "POST /xingrg/kc/base/wldb_order_operate.html HTTP/1.1" 200 2702
116.237.76.229 - - [29/May/2024:11:13:11 +0800] "GET /xingrg/kc/base/wldb_order_info.html?code=422024052902020 HTTP/1.1" 200 30681
116.237.76.229 - - [29/May/2024:11:13:11 +0800] "GET /xingrg/javascript/easyui/themes/default/validatebox.css HTTP/1.1" 404 1104
116.237.76.229 - - [29/May/2024:11:13:12 +0800] "POST /xingrg/kc/base/wldb_order_operate.html HTTP/1.1" 200 2702
221.239.170.140 - - [29/May/2024:11:13:15 +0800] "GET /xingrg/check_reg.html?_=1716952394278 HTTP/1.1" 200 22
120.253.135.82 - - [29/May/2024:11:13:16 +0800] "POST /xingrg/kc/buy/cgsh_order_operate.html HTTP/1.1" 200 37
120.253.135.82 - - [29/May/2024:11:13:18 +0800] "POST /xingrg/kc/buy/cgsh_order_operate.html HTTP/1.1" 200 3324
116.237.76.229 - - [29/May/2024:11:13:20 +0800] "GET /xingrg/kc/buy/cgsh_order_operate.html?command=get_materiel&rest_code=00106&code=00101010678&supplier_code=00100564&order_time=2024-05-29 HTTP/1.1" 200 427
180.169.147.146 - - [29/May/2024:11:13:21 +0800] "GET /xingrg/kc/buy/cgsh_order_add.html HTTP/1.1" 200 74747
180.164.6.225 - - [29/May/2024:11:13:21 +0800] "GET /xingrg/all/function/internal_message.html?_=1716952400699&CODE_STATE=getMsg HTTP/1.1" 200 27
180.164.6.225 - - [29/May/2024:11:13:21 +0800] "GET /xingrg/check_reg.html?_=1716952400703 HTTP/1.1" 200 22
180.169.147.146 - - [29/May/2024:11:13:21 +0800] "POST /xingrg/kc/buy/cgsh_order_operate.html HTTP/1.1" 200 8245
180.169.147.146 - - [29/May/2024:11:13:21 +0800] "GET /xingrg/javascript/easyui/themes/default/validatebox.css HTTP/1.1" 404 1104
180.169.147.146 - - [29/May/2024:11:13:21 +0800] "GET /xingrg/all/common/auto_word.html?type=employee&rest_code=00147 HTTP/1.1" 200 101
180.169.147.146 - - [29/May/2024:11:13:21 +0800] "GET /xingrg/all/common/auto_word.html?type=employee&rest_code=00147 HTTP/1.1" 200 101
116.232.195.13 - - [29/May/2024:11:13:21 +0800] "GET /xingrg/check_reg.html?_=1716952346854 HTTP/1.1" 200 22
116.237.76.229 - - [29/May/2024:11:13:21 +0800] "GET /xingrg/check_reg.html?_=1716952403087 HTTP/1.1" 200 22
116.237.76.229 - - [29/May/2024:11:13:21 +0800] "GET /xingrg/all/function/internal_message.html?_=1716952403541&CODE_STATE=getMsg HTTP/1.1" 200 27
116.232.195.13 - - [29/May/2024:11:13:22 +0800] "GET /xingrg/all/function/internal_message.html?_=1716952348219&CODE_STATE=getMsg HTTP/1.1" 200 27
116.237.76.229 - - [29/May/2024:11:13:23 +0800] "GET /xingrg/check_reg.html?_=1716952405067 HTTP/1.1" 200 22
116.237.76.229 - - [29/May/2024:11:13:23 +0800] "GET /xingrg/all/function/internal_message.html?_=1716952405070&CODE_STATE=getMsg HTTP/1.1" 200 27
222.70.240.253 - - [29/May/2024:11:13:30 +0800] "GET /xingrg/all/function/internal_message.html?_=1716952420487&CODE_STATE=getMsg HTTP/1.1" 302 -
116.237.76.229 - - [29/May/2024:11:13:36 +0800] "POST /xingrg/kc/buy/cgsh_order_operate.html HTTP/1.1" 200 37
116.237.76.229 - - [29/May/2024:11:13:38 +0800] "GET /xingrg/all/function/internal_message.html?_=1716952410958&CODE_STATE=getMsg HTTP/1.1" 200 27
120.253.135.82 - - [29/May/2024:11:13:38 +0800] "GET /xingrg/kc/print/load_config.html?kc_code=cgsh HTTP/1.1" 200 1927
120.253.135.82 - - [29/May/2024:11:13:39 +0800] "GET /xingrg/kc/print/load_data.html?order_code=212024052908688&kc_code=cgsh&condition= HTTP/1.1" 200 963
222.70.182.146 - - [29/May/2024:11:13:40 +0800] "GET /xingrg/kc/buy/cgsh_order_operate.html?command=get_materiel&rest_code=00111&code=00101019670&supplier_code=00100151&order_time=2024-05-29 HTTP/1.1" 200 435
116.237.76.229 - - [29/May/2024:11:13:40 +0800] "GET /xingrg/kc/base/wldb_order_add.html HTTP/1.1" 200 30666
116.237.76.229 - - [29/May/2024:11:13:40 +0800] "POST /xingrg/kc/base/wldb_order_operate.html HTTP/1.1" 200 6806
116.237.76.229 - - [29/May/2024:11:13:40 +0800] "GET /xingrg/javascript/easyui/themes/default/validatebox.css HTTP/1.1" 404 1104
116.237.76.229 - - [29/May/2024:11:13:41 +0800] "POST /xingrg/all/common/load_combo.html?type=base HTTP/1.1" 200 3227
116.238.97.31 - - [29/May/2024:11:13:42 +0800] "GET /xingrg/all/function/internal_message.html?_=1716952422589&CODE_STATE=getMsg HTTP/1.1" 200 27
222.70.182.146 - - [29/May/2024:11:13:42 +0800] "GET /xingrg/all/function/internal_message.html?_=1716952418634&CODE_STATE=getMsg HTTP/1.1" 200 27
222.70.182.146 - - [29/May/2024:11:13:42 +0800] "GET /xingrg/check_reg.html?_=1716952418903 HTTP/1.1" 200 22
116.237.76.229 - - [29/May/2024:11:13:43 +0800] "POST /xingrg/kc/buy/cgsh_order_operate.html HTTP/1.1" 200 12
116.237.76.229 - - [29/May/2024:11:13:44 +0800] "POST /xingrg/all/common/load_combo.html?type=base HTTP/1.1" 200 3227
180.156.239.18 - - [29/May/2024:11:13:45 +0800] "GET /xingrg/all/function/internal_message.html?_=1716952425345&CODE_STATE=getMsg HTTP/1.1" 200 27
116.237.76.229 - - [29/May/2024:11:13:45 +0800] "GET /xingrg/kc/buy/cgsh_order_info.html?code=212024052908689 HTTP/1.1" 200 69557
116.237.76.229 - - [29/May/2024:11:13:45 +0800] "GET /xingrg/javascript/easyui/themes/default/validatebox.css HTTP/1.1" 404 1104
116.237.76.229 - - [29/May/2024:11:13:47 +0800] "POST /xingrg/kc/buy/cgsh_order_operate.html HTTP/1.1" 200 614
116.238.97.31 - - [29/May/2024:11:13:48 +0800] "GET /xingrg/kc/base/wldb_order_operate.html?command=get_materiel&rest_code=00102&base_code=0010476&code=00101019543 HTTP/1.1" 200 468
116.237.76.229 - - [29/May/2024:11:13:50 +0800] "GET /xingrg/kc/print/load_data.html?order_code=212024052908689&kc_code=cgsh&condition= HTTP/1.1" 200 684
114.83.216.162 - - [29/May/2024:11:13:51 +0800] "GET /xingrg/all/function/internal_message.html?_=1716952431627&CODE_STATE=getMsg HTTP/1.1" 200 27
58.40.7.146 - - [29/May/2024:11:13:52 +0800] "GET /xingrg/all/function/internal_message.html?_=1716952432051&CODE_STATE=getMsg HTTP/1.1" 200 27
222.69.132.75 - - [29/May/2024:11:13:52 +0800] "GET /xingrg/all/function/internal_message.html?_=1716952432539&CODE_STATE=getMsg HTTP/1.1" 200 27
124.79.78.120 - - [29/May/2024:11:13:53 +0800] "GET /xingrg/all/function/internal_message.html?_=1716952436942&CODE_STATE=getMsg HTTP/1.1" 200 27
116.237.76.229 - - [29/May/2024:11:13:53 +0800] "GET /xingrg/kc/base/wldb_order_operate.html?command=get_materiel&rest_code=00106&base_code=0010397&code=00102002118 HTTP/1.1" 200 465
116.238.97.31 - - [29/May/2024:11:13:54 +0800] "GET /xingrg/kc/base/wldb_order_operate.html?command=get_materiel&rest_code=00102&base_code=0010476&code=00101019527 HTTP/1.1" 200 474
180.169.147.146 - - [29/May/2024:11:13:54 +0800] "GET /xingrg/all/function/internal_message.html?_=1716952436620&CODE_STATE=getMsg HTTP/1.1" 200 27
101.83.144.49 - - [29/May/2024:11:13:54 +0800] "GET /xingrg/all/function/internal_message.html?_=1716952176744&CODE_STATE=getMsg HTTP/1.1" 200 27
101.83.144.49 - - [29/May/2024:11:13:56 +0800] "GET /xingrg/check_reg.html?_=1716952178167 HTTP/1.1" 200 22
61.165.227.88 - - [29/May/2024:11:13:57 +0800] "GET /xingrg/all/function/internal_message.html?_=1716952440336&CODE_STATE=getMsg HTTP/1.1" 200 27
221.239.170.140 - - [29/May/2024:11:13:57 +0800] "GET /xingrg/all/function/internal_message.html?_=1716952436520&CODE_STATE=getMsg HTTP/1.1" 200 27
116.237.76.229 - - [29/May/2024:11:14:00 +0800] "POST /xingrg/kc/base/wldb_order_operate.html HTTP/1.1" 200 37
116.237.76.229 - - [29/May/2024:11:14:01 +0800] "POST /xingrg/kc/base/wldb_order_operate.html HTTP/1.1" 200 2210
116.237.76.229 - - [29/May/2024:11:14:02 +0800] "GET /xingrg/kc/base/wldb_order_info.html?code=422024052902021 HTTP/1.1" 200 30677
116.237.76.229 - - [29/May/2024:11:14:03 +0800] "GET /xingrg/javascript/easyui/themes/default/validatebox.css HTTP/1.1" 404 1104
116.238.97.31 - - [29/May/2024:11:14:03 +0800] "GET /xingrg/kc/base/wldb_order_operate.html?command=get_materiel&rest_code=00102&base_code=0010476&code=00101019270 HTTP/1.1" 200 477
116.237.76.229 - - [29/May/2024:11:14:04 +0800] "POST /xingrg/kc/base/wldb_order_operate.html HTTP/1.1" 200 2210
116.238.97.31 - - [29/May/2024:11:14:06 +0800] "GET /xingrg/all/function/internal_message.html?_=1716952459229&CODE_STATE=getMsg HTTP/1.1" 200 27
116.238.97.31 - - [29/May/2024:11:14:06 +0800] "GET /xingrg/check_reg.html?_=1716952459231 HTTP/1.1" 200 22
222.70.182.146 - - [29/May/2024:11:14:07 +0800] "POST /xingrg/kc/buy/cgsh_order_operate.html HTTP/1.1" 200 37
116.238.97.31 - - [29/May/2024:11:14:09 +0800] "GET /xingrg/kc/base/wldb_order_operate.html?command=get_materiel&rest_code=00102&base_code=0010476&code=00101019135 HTTP/1.1" 200 474
120.253.135.82 - - [29/May/2024:11:14:09 +0800] "POST /xingrg/kc/buy/cgsh_order_operate.html HTTP/1.1" 200 37
222.70.182.146 - - [29/May/2024:11:14:16 +0800] "POST /xingrg/kc/buy/cgsh_order_operate.html HTTP/1.1" 200 12
116.238.97.31 - - [29/May/2024:11:14:17 +0800] "GET /xingrg/kc/base/wldb_order_operate.html?command=get_materiel&rest_code=00102&base_code=0010476&code=00101019238 HTTP/1.1" 200 466
114.83.216.162 - - [29/May/2024:11:14:21 +0800] "GET /xingrg/kc/base/wldb_order_list.html HTTP/1.1" 200 19180
180.164.6.225 - - [29/May/2024:11:14:21 +0800] "GET /xingrg/all/function/internal_message.html?_=1716952460699&CODE_STATE=getMsg HTTP/1.1" 200 27
114.83.216.162 - - [29/May/2024:11:14:21 +0800] "POST /xingrg/kc/base/wldb_list_operate.html HTTP/1.1" 200 928
116.237.76.229 - - [29/May/2024:11:14:21 +0800] "GET /xingrg/all/function/internal_message.html?_=1716952463521&CODE_STATE=getMsg HTTP/1.1" 200 27
116.232.195.13 - - [29/May/2024:11:14:22 +0800] "GET /xingrg/all/function/internal_message.html?_=1716952408188&CODE_STATE=getMsg HTTP/1.1" 200 27
116.237.76.229 - - [29/May/2024:11:14:23 +0800] "GET /xingrg/all/function/internal_message.html?_=1716952465069&CODE_STATE=getMsg HTTP/1.1" 200 27
114.83.216.162 - - [29/May/2024:11:14:23 +0800] "GET /xingrg/kc/base/wldb_order_add.html HTTP/1.1" 200 30668
114.83.216.162 - - [29/May/2024:11:14:24 +0800] "POST /xingrg/kc/base/wldb_order_operate.html HTTP/1.1" 200 6806
114.83.216.162 - - [29/May/2024:11:14:24 +0800] "GET /xingrg/all/common/auto_word.html?type=base&rest_code=00149 HTTP/1.1" 200 1907
114.83.216.162 - - [29/May/2024:11:14:24 +0800] "GET /xingrg/all/common/auto_word.html?type=base&rest_code=00149 HTTP/1.1" 200 1907
114.83.216.162 - - [29/May/2024:11:14:24 +0800] "GET /xingrg/javascript/easyui/themes/default/validatebox.css HTTP/1.1" 404 1104
116.238.97.31 - - [29/May/2024:11:14:28 +0800] "GET /xingrg/kc/base/wldb_order_operate.html?command=get_materiel&rest_code=00102&base_code=0010476&code=00101019390 HTTP/1.1" 200 469
222.70.240.253 - - [29/May/2024:11:14:30 +0800] "GET /xingrg/all/function/internal_message.html?_=1716952480494&CODE_STATE=getMsg HTTP/1.1" 302 -
116.237.76.229 - - [29/May/2024:11:14:34 +0800] "POST /xingrg/kc/base/wldb_list_operate.html HTTP/1.1" 200 2177
116.238.97.31 - - [29/May/2024:11:14:34 +0800] "GET /xingrg/kc/base/wldb_order_operate.html?command=get_materiel&rest_code=00102&base_code=0010476&code=00101019297 HTTP/1.1" 200 476
116.238.97.31 - - [29/May/2024:11:14:35 +0800] "POST /xingrg/kc/base/wldb_order_operate.html HTTP/1.1" 200 1710
114.83.216.162 - - [29/May/2024:11:14:36 +0800] "GET /xingrg/kc/base/wldb_order_operate.html?command=get_materiel&rest_code=00149&base_code=0010395&code=00102002258 HTTP/1.1" 200 447
116.237.76.229 - - [29/May/2024:11:14:37 +0800] "GET /xingrg/check_reg.html?_=1716952470718 HTTP/1.1" 200 22
116.237.76.229 - - [29/May/2024:11:14:38 +0800] "GET /xingrg/all/function/internal_message.html?_=1716952470940&CODE_STATE=getMsg HTTP/1.1" 200 27
116.237.76.229 - - [29/May/2024:11:14:38 +0800] "POST /xingrg/kc/base/wldb_list_operate.html HTTP/1.1" 200 297
58.40.7.146 - - [29/May/2024:11:14:40 +0800] "GET /xingrg/all/report/report_query.html?fileName=kc/buy/wlcg_mx.xml HTTP/1.1" 200 51648
58.40.7.146 - - [29/May/2024:11:14:40 +0800] "GET /xingrg/dwr/interface/AjaxReportQueryService.js HTTP/1.1" 200 13203
58.40.7.146 - - [29/May/2024:11:14:40 +0800] "GET /xingrg/dwr/engine.js HTTP/1.1" 200 43631
58.40.7.146 - - [29/May/2024:11:14:40 +0800] "POST /xingrg/dwr/call/plaincall/AjaxReportQueryService.getFixDate.dwr HTTP/1.1" 200 111
116.237.76.229 - - [29/May/2024:11:14:40 +0800] "POST /xingrg/kc/base/wldb_list_operate.html HTTP/1.1" 200 210
116.238.97.31 - - [29/May/2024:11:14:40 +0800] "GET /xingrg/kc/base/wldb_order_operate.html?command=get_materiel&rest_code=00102&base_code=0010476&code=00101019247 HTTP/1.1" 200 455
58.40.7.146 - - [29/May/2024:11:14:41 +0800] "POST /xingrg/dwr/call/plaincall/AjaxReportQueryService.getInitString.dwr HTTP/1.1" 200 38002
58.40.7.146 - - [29/May/2024:11:14:42 +0800] "POST /xingrg/dwr/call/plaincall/AjaxReportQueryService.getInitString.dwr HTTP/1.1" 200 792
116.238.97.31 - - [29/May/2024:11:14:42 +0800] "GET /xingrg/all/function/internal_message.html?_=1716952482595&CODE_STATE=getMsg HTTP/1.1" 200 27
116.237.76.229 - - [29/May/2024:11:14:43 +0800] "GET /xingrg/kc/buy/cgsh_order_add.html HTTP/1.1" 200 74694
116.237.76.229 - - [29/May/2024:11:14:43 +0800] "POST /xingrg/kc/buy/cgsh_order_operate.html HTTP/1.1" 200 8245
116.237.76.229 - - [29/May/2024:11:14:43 +0800] "GET /xingrg/javascript/easyui/themes/default/validatebox.css HTTP/1.1" 404 1104
180.156.239.18 - - [29/May/2024:11:14:45 +0800] "GET /xingrg/all/function/internal_message.html?_=1716952485321&CODE_STATE=getMsg HTTP/1.1" 200 27
116.238.97.31 - - [29/May/2024:11:14:45 +0800] "GET /xingrg/kc/base/wldb_order_operate.html?command=get_materiel&rest_code=00102&base_code=0010476&code=00101019253 HTTP/1.1" 200 482
116.237.76.229 - - [29/May/2024:11:14:45 +0800] "GET /xingrg/javascript/easyui/themes/default/tree.css HTTP/1.1" 404 1090
116.237.76.229 - - [29/May/2024:11:14:46 +0800] "POST /xingrg/all/common/load_tree.html?tree=supplier_tree_json&isDelete=1 HTTP/1.1" 200 80320
114.83.216.162 - - [29/May/2024:11:14:46 +0800] "GET /xingrg/kc/base/wldb_order_operate.html?command=get_materiel&rest_code=00149&base_code=0010395&code=00102002557 HTTP/1.1" 200 443
58.40.7.146 - - [29/May/2024:11:14:47 +0800] "POST /xingrg/dwr/call/plaincall/AjaxReportQueryService.refreshCache.dwr HTTP/1.1" 200 78
222.70.182.146 - - [29/May/2024:11:14:47 +0800] "GET /xingrg/kc/buy/cgsh_order_info.html?code=212024052908690 HTTP/1.1" 200 69517
222.70.182.146 - - [29/May/2024:11:14:47 +0800] "GET /xingrg/javascript/easyui/themes/default/validatebox.css HTTP/1.1" 404 1104
116.237.76.229 - - [29/May/2024:11:14:48 +0800] "GET /xingrg/kc/buy/buy_main.html HTTP/1.1" 200 12412
116.237.76.229 - - [29/May/2024:11:14:48 +0800] "GET /xingrg/css/new_ie.css HTTP/1.1" 404 1036
58.40.7.146 - - [29/May/2024:11:14:49 +0800] "POST /xingrg/dwr/call/plaincall/AjaxReportQueryService.getInitString.dwr HTTP/1.1" 200 125
222.70.182.146 - - [29/May/2024:11:14:49 +0800] "POST /xingrg/kc/buy/cgsh_order_operate.html HTTP/1.1" 200 622
114.83.216.162 - - [29/May/2024:11:14:51 +0800] "GET /xingrg/all/function/internal_message.html?_=1716952491612&CODE_STATE=getMsg HTTP/1.1" 200 27
58.40.7.146 - - [29/May/2024:11:14:52 +0800] "GET /xingrg/all/function/internal_message.html?_=1716952492054&CODE_STATE=getMsg HTTP/1.1" 200 27
222.69.132.75 - - [29/May/2024:11:14:52 +0800] "GET /xingrg/all/function/internal_message.html?_=1716952492526&CODE_STATE=getMsg HTTP/1.1" 200 27
116.237.76.229 - - [29/May/2024:11:14:52 +0800] "GET /xingrg/images/yd/bt.gif HTTP/1.1" 404 1040
124.79.78.120 - - [29/May/2024:11:14:53 +0800] "GET /xingrg/all/function/internal_message.html?_=1716952496932&CODE_STATE=getMsg HTTP/1.1" 200 27
222.70.182.146 - - [29/May/2024:11:14:54 +0800] "GET /xingrg/kc/print/load_data.html?order_code=212024052908690&kc_code=cgsh&condition= HTTP/1.1" 200 699
180.169.147.146 - - [29/May/2024:11:14:54 +0800] "GET /xingrg/all/function/internal_message.html?_=1716952496538&CODE_STATE=getMsg HTTP/1.1" 200 27
116.238.97.31 - - [29/May/2024:11:14:54 +0800] "GET /xingrg/kc/base/wldb_order_operate.html?command=get_materiel&rest_code=00102&base_code=0010476&code=00101019132 HTTP/1.1" 200 471
101.83.144.49 - - [29/May/2024:11:14:54 +0800] "GET /xingrg/all/function/internal_message.html?_=1716952236722&CODE_STATE=getMsg HTTP/1.1" 200 27
61.165.227.88 - - [29/May/2024:11:14:57 +0800] "GET /xingrg/all/function/internal_message.html?_=1716952500328&CODE_STATE=getMsg HTTP/1.1" 200 27
221.239.170.140 - - [29/May/2024:11:14:57 +0800] "GET /xingrg/all/function/internal_message.html?_=1716952496507&CODE_STATE=getMsg HTTP/1.1" 200 27
116.237.76.229 - - [29/May/2024:11:15:01 +0800] "GET /xingrg/kc/buy/cgsh_order_list.html HTTP/1.1" 200 58887
58.40.7.146 - - [29/May/2024:11:15:02 +0800] "POST /xingrg/all/report/load_report_page.html HTTP/1.1" 200 178098
58.40.7.146 - - [29/May/2024:11:15:02 +0800] "GET /xingrg/images/blue/button/back2.gif HTTP/1.1" 200 1339
58.40.7.146 - - [29/May/2024:11:15:02 +0800] "GET /xingrg/images/blue/button/back.gif HTTP/1.1" 200 1352
58.40.7.146 - - [29/May/2024:11:15:02 +0800] "GET /xingrg/servlets/image?cache=0.6671582267661255&image=px HTTP/1.1" 200 807
116.237.76.229 - - [29/May/2024:11:15:03 +0800] "POST /xingrg/kc/buy/cgsh_list_operate.html HTTP/1.1" 200 645
116.238.97.31 - - [29/May/2024:11:15:06 +0800] "GET /xingrg/all/function/internal_message.html?_=1716952519238&CODE_STATE=getMsg HTTP/1.1" 200 27
120.253.135.82 - - [29/May/2024:11:15:09 +0800] "POST /xingrg/kc/buy/cgsh_order_operate.html HTTP/1.1" 200 12
120.253.135.82 - - [29/May/2024:11:15:13 +0800] "GET /xingrg/kc/buy/cgsh_order_info.html?code=212024052908688 HTTP/1.1" 200 68633
114.83.216.162 - - [29/May/2024:11:15:13 +0800] "POST /xingrg/kc/base/wldb_order_operate.html HTTP/1.1" 200 37
120.253.135.82 - - [29/May/2024:11:15:13 +0800] "GET /xingrg/javascript/easyui/themes/default/validatebox.css HTTP/1.1" 404 1104
114.83.216.162 - - [29/May/2024:11:15:14 +0800] "POST /xingrg/kc/base/wldb_order_operate.html HTTP/1.1" 200 2671
114.83.216.162 - - [29/May/2024:11:15:14 +0800] "GET /xingrg/kc/base/wldb_order_info.html?code=422024052902022 HTTP/1.1" 200 30683
120.253.135.82 - - [29/May/2024:11:15:14 +0800] "POST /xingrg/kc/buy/cgsh_order_operate.html HTTP/1.1" 200 1274
114.83.216.162 - - [29/May/2024:11:15:15 +0800] "GET /xingrg/javascript/easyui/themes/default/validatebox.css HTTP/1.1" 404 1104
114.83.216.162 - - [29/May/2024:11:15:15 +0800] "POST /xingrg/kc/base/wldb_order_operate.html HTTP/1.1" 200 2671
116.237.76.229 - - [29/May/2024:11:15:17 +0800] "POST /xingrg/kc/buy/cgsh_list_operate.html HTTP/1.1" 200 4746
114.83.216.162 - - [29/May/2024:11:15:17 +0800] "GET /xingrg/kc/base/wldb_order_add.html HTTP/1.1" 200 30668
116.238.97.31 - - [29/May/2024:11:15:17 +0800] "GET /xingrg/kc/base/wldb_order_operate.html?command=get_materiel&rest_code=00102&base_code=0010476&code=00101019026 HTTP/1.1" 200 480
114.83.216.162 - - [29/May/2024:11:15:17 +0800] "POST /xingrg/kc/base/wldb_order_operate.html HTTP/1.1" 200 6806
114.83.216.162 - - [29/May/2024:11:15:17 +0800] "GET /xingrg/javascript/easyui/themes/default/validatebox.css HTTP/1.1" 404 1104
58.40.7.146 - - [29/May/2024:11:15:18 +0800] "GET /xingrg/all/report/report_query.html?fileName=kc/buy/gys_amount_base.xml&rh=99999 HTTP/1.1" 200 51871
58.40.7.146 - - [29/May/2024:11:15:18 +0800] "GET /xingrg/dwr/interface/AjaxReportQueryService.js HTTP/1.1" 200 13203
58.40.7.146 - - [29/May/2024:11:15:18 +0800] "GET /xingrg/dwr/engine.js HTTP/1.1" 200 43631
58.40.7.146 - - [29/May/2024:11:15:19 +0800] "POST /xingrg/dwr/call/plaincall/AjaxReportQueryService.getFixDate.dwr HTTP/1.1" 200 111
58.40.7.146 - - [29/May/2024:11:15:19 +0800] "POST /xingrg/dwr/call/plaincall/AjaxReportQueryService.getInitString.dwr HTTP/1.1" 200 792
58.40.7.146 - - [29/May/2024:11:15:19 +0800] "POST /xingrg/all/common/load_tree.html?tree=supplier_tree_json&manage=1 HTTP/1.1" 200 82736
58.40.7.146 - - [29/May/2024:11:15:19 +0800] "POST /xingrg/all/common/load_tree.html?tree=materiel_sort_tree_json HTTP/1.1" 200 9734
180.164.6.225 - - [29/May/2024:11:15:21 +0800] "GET /xingrg/all/function/internal_message.html?_=1716952520711&CODE_STATE=getMsg HTTP/1.1" 200 27
116.237.76.229 - - [29/May/2024:11:15:21 +0800] "GET /xingrg/all/function/internal_message.html?_=1716952523501&CODE_STATE=getMsg HTTP/1.1" 200 27
116.232.195.13 - - [29/May/2024:11:15:22 +0800] "GET /xingrg/all/function/internal_message.html?_=1716952468179&CODE_STATE=getMsg HTTP/1.1" 200 27
116.237.76.229 - - [29/May/2024:11:15:23 +0800] "GET /xingrg/all/function/internal_message.html?_=1716952525070&CODE_STATE=getMsg HTTP/1.1" 200 27
58.40.7.146 - - [29/May/2024:11:15:25 +0800] "POST /xingrg/dwr/call/plaincall/AjaxReportQueryService.refreshCache.dwr HTTP/1.1" 200 78
120.253.135.82 - - [29/May/2024:11:15:27 +0800] "GET /xingrg/kc/pszx/mdqp_order_list.html?state=10 HTTP/1.1" 200 12098
120.253.135.82 - - [29/May/2024:11:15:27 +0800] "GET /xingrg/dwr/interface/AjaxQqpsService.js HTTP/1.1" 200 16326
120.253.135.82 - - [29/May/2024:11:15:27 +0800] "GET /xingrg/dwr/interface/AjaxReportQueryService.js HTTP/1.1" 200 13203
120.253.135.82 - - [29/May/2024:11:15:27 +0800] "GET /xingrg/dwr/engine.js HTTP/1.1" 200 43631
114.83.216.162 - - [29/May/2024:11:15:27 +0800] "GET /xingrg/kc/base/wldb_order_operate.html?command=get_materiel&rest_code=00149&base_code=0010395&code=00101017003 HTTP/1.1" 200 448
222.70.240.253 - - [29/May/2024:11:15:30 +0800] "GET /xingrg/all/function/internal_message.html?_=1716952540511&CODE_STATE=getMsg HTTP/1.1" 302 -
120.253.135.82 - - [29/May/2024:11:15:31 +0800] "GET /xingrg/kc/pszx/jzcl_ps.html HTTP/1.1" 200 7683
120.253.135.82 - - [29/May/2024:11:15:31 +0800] "GET /xingrg/javascript/step/step.css HTTP/1.1" 304 -
120.253.135.82 - - [29/May/2024:11:15:31 +0800] "GET /xingrg/css/table.css HTTP/1.1" 304 -
120.253.135.82 - - [29/May/2024:11:15:31 +0800] "GET /xingrg/javascript/step/images/navCurrentBtn.gif HTTP/1.1" 304 -
120.253.135.82 - - [29/May/2024:11:15:31 +0800] "GET /xingrg/javascript/jquery_easy_ui/themes/default/images/button_a_bg.gif HTTP/1.1" 304 -
120.253.135.82 - - [29/May/2024:11:15:31 +0800] "GET /xingrg/javascript/jquery_easy_ui/themes/default/images/button_span_bg.gif HTTP/1.1" 304 -
120.253.135.82 - - [29/May/2024:11:15:31 +0800] "GET /xingrg/javascript/jquery_easy_ui/themes/icons/search.png HTTP/1.1" 304 -
120.253.135.82 - - [29/May/2024:11:15:31 +0800] "GET /xingrg/javascript/jquery_easy_ui/themes/default/images/combo_arrow_dot.gif HTTP/1.1" 304 -
120.253.135.82 - - [29/May/2024:11:15:31 +0800] "GET /xingrg/javascript/jquery_easy_ui/themes/default/images/calendar_nextmonth.gif HTTP/1.1" 304 -
120.253.135.82 - - [29/May/2024:11:15:31 +0800] "GET /xingrg/javascript/jquery_easy_ui/themes/default/images/calendar_prevmonth.gif HTTP/1.1" 304 -
120.253.135.82 - - [29/May/2024:11:15:31 +0800] "GET /xingrg/javascript/jquery_easy_ui/themes/default/images/calendar_prevyear.gif HTTP/1.1" 304 -
120.253.135.82 - - [29/May/2024:11:15:31 +0800] "GET /xingrg/javascript/jquery_easy_ui/themes/default/images/calendar_nextyear.gif HTTP/1.1" 304 -
120.253.135.82 - - [29/May/2024:11:15:31 +0800] "POST /xingrg/all/common/load_tree.html?tree=area_rest_tree_json HTTP/1.1" 200 4010
120.253.135.82 - - [29/May/2024:11:15:31 +0800] "GET /xingrg/javascript/jquery_easy_ui/themes/default/images/datagrid_header_bg.gif HTTP/1.1" 304 -
120.253.135.82 - - [29/May/2024:11:15:31 +0800] "GET /xingrg/javascript/jquery_easy_ui/themes/default/images/pagination_loading.gif HTTP/1.1" 304 -
116.237.76.229 - - [29/May/2024:11:15:31 +0800] "POST /xingrg/kc/buy/cgsh_list_operate.html HTTP/1.1" 200 198
120.253.135.82 - - [29/May/2024:11:15:31 +0800] "GET /xingrg/javascript/jquery_easy_ui/themes/default/images/tree_checkbox_0.gif HTTP/1.1" 304 -
120.253.135.82 - - [29/May/2024:11:15:32 +0800] "GET /xingrg/javascript/jquery_easy_ui/themes/icons/rest.png HTTP/1.1" 304 -
120.253.135.82 - - [29/May/2024:11:15:32 +0800] "POST /xingrg/kc/pszx/jzcl_ps_operate.html HTTP/1.1" 200 1625
120.253.135.82 - - [29/May/2024:11:15:32 +0800] "POST /xingrg/kc/pszx/jzcl_ps_operate.html HTTP/1.1" 200 1625
116.238.97.31 - - [29/May/2024:11:15:33 +0800] "GET /xingrg/kc/base/wldb_order_operate.html?command=get_materiel&rest_code=00102&base_code=0010476&code=00101019192 HTTP/1.1" 200 475
58.40.7.146 - - [29/May/2024:11:15:33 +0800] "POST /xingrg/all/report/load_report_page.html HTTP/1.1" 200 480695
58.40.7.146 - - [29/May/2024:11:15:33 +0800] "GET /xingrg/servlets/image?cache=0.719108903429647&image=px HTTP/1.1" 200 807
116.237.76.229 - - [29/May/2024:11:15:38 +0800] "GET /xingrg/all/function/internal_message.html?_=1716952530914&CODE_STATE=getMsg HTTP/1.1" 200 27
116.238.97.31 - - [29/May/2024:11:15:38 +0800] "GET /xingrg/kc/base/wldb_order_operate.html?command=get_materiel&rest_code=00102&base_code=0010476&code=00101019108 HTTP/1.1" 200 476
116.237.76.229 - - [29/May/2024:11:15:39 +0800] "GET /xingrg/kc/buy/cgsh_order_operate.html?command=get_materiel&rest_code=00106&code=00101012046&supplier_code=00100487&order_time=2024-05-29 HTTP/1.1" 200 417
120.253.135.82 - - [29/May/2024:11:15:39 +0800] "GET /xingrg/check_reg.html?_=1716952391631 HTTP/1.1" 200 22
116.238.97.31 - - [29/May/2024:11:15:42 +0800] "GET /xingrg/all/function/internal_message.html?_=1716952542587&CODE_STATE=getMsg HTTP/1.1" 200 27
222.70.182.146 - - [29/May/2024:11:15:42 +0800] "GET /xingrg/all/function/internal_message.html?_=1716952538651&CODE_STATE=getMsg HTTP/1.1" 200 27
114.83.216.162 - - [29/May/2024:11:15:43 +0800] "POST /xingrg/kc/base/wldb_order_operate.html HTTP/1.1" 200 37
116.237.76.229 - - [29/May/2024:11:15:44 +0800] "POST /xingrg/kc/buy/cgsh_list_operate.html HTTP/1.1" 200 4872
114.83.216.162 - - [29/May/2024:11:15:44 +0800] "POST /xingrg/kc/base/wldb_order_operate.html HTTP/1.1" 200 2200
114.83.216.162 - - [29/May/2024:11:15:45 +0800] "GET /xingrg/kc/base/wldb_order_info.html?code=422024052902023 HTTP/1.1" 200 30682
180.156.239.18 - - [29/May/2024:11:15:45 +0800] "GET /xingrg/all/function/internal_message.html?_=1716952545298&CODE_STATE=getMsg HTTP/1.1" 200 27
114.83.216.162 - - [29/May/2024:11:15:45 +0800] "GET /xingrg/javascript/easyui/themes/default/validatebox.css HTTP/1.1" 404 1104
180.156.239.18 - - [29/May/2024:11:15:45 +0800] "GET /xingrg/check_reg.html?_=1716952545986 HTTP/1.1" 200 22
114.83.216.162 - - [29/May/2024:11:15:46 +0800] "POST /xingrg/kc/base/wldb_order_operate.html HTTP/1.1" 200 2200
116.232.195.13 - - [29/May/2024:11:15:46 +0800] "GET /xingrg/index.html?sysBaseUrl=http%3A%2F%2F180.169.147.146%3A18081%2Fxingrg%2F&costTime=1277×tamp=1606817596806 HTTP/1.1" 200 17179
116.232.195.13 - - [29/May/2024:11:15:47 +0800] "GET /xingrg/check_reg.html?_=1716952492563 HTTP/1.1" 200 22
116.232.195.13 - - [29/May/2024:11:15:47 +0800] "GET /xingrg/all/function/internal_message.html?_=1716952492563&CODE_STATE=count HTTP/1.1" 200 11
116.232.195.13 - - [29/May/2024:11:15:47 +0800] "GET /favicon.ico HTTP/1.1" 404 -
116.232.195.13 - - [29/May/2024:11:15:47 +0800] "POST /xingrg/all/common/load_tree.html?tree=area_rest_tree_json&manage=1 HTTP/1.1" 200 351
116.232.195.13 - - [29/May/2024:11:15:47 +0800] "POST /xingrg/load_menu.html HTTP/1.1" 200 5138
114.83.216.162 - - [29/May/2024:11:15:51 +0800] "GET /xingrg/all/function/internal_message.html?_=1716952551585&CODE_STATE=getMsg HTTP/1.1" 200 27
116.232.195.13 - - [29/May/2024:11:15:51 +0800] "GET /xingrg/kc/buy/cgyd_order_list.html HTTP/1.1" 200 58360
114.83.216.162 - - [29/May/2024:11:15:51 +0800] "GET /xingrg/kc/base/wldb_order_add.html HTTP/1.1" 200 30668
114.83.216.162 - - [29/May/2024:11:15:51 +0800] "POST /xingrg/kc/base/wldb_order_operate.html HTTP/1.1" 200 6806
114.83.216.162 - - [29/May/2024:11:15:52 +0800] "GET /xingrg/javascript/easyui/themes/default/validatebox.css HTTP/1.1" 404 1104
58.40.7.146 - - [29/May/2024:11:15:52 +0800] "GET /xingrg/all/function/internal_message.html?_=1716952552065&CODE_STATE=getMsg HTTP/1.1" 200 27
222.69.132.75 - - [29/May/2024:11:15:52 +0800] "GET /xingrg/all/function/internal_message.html?_=1716952552531&CODE_STATE=getMsg HTTP/1.1" 200 27
116.232.195.13 - - [29/May/2024:11:15:52 +0800] "GET /xingrg/kc/buy/cgsh_order_list.html HTTP/1.1" 200 58893
114.83.216.162 - - [29/May/2024:11:15:53 +0800] "GET /xingrg/check_reg.html?_=1716952553479 HTTP/1.1" 200 22
124.79.78.120 - - [29/May/2024:11:15:53 +0800] "GET /xingrg/all/function/internal_message.html?_=1716952556935&CODE_STATE=getMsg HTTP/1.1" 200 27
116.232.195.13 - - [29/May/2024:11:15:53 +0800] "POST /xingrg/kc/buy/cgyd_list_operate.html HTTP/1.1" 200 976
116.232.195.13 - - [29/May/2024:11:15:54 +0800] "GET /xingrg/kc/buy/cgsh_order_list.html HTTP/1.1" 200 58893
180.169.147.146 - - [29/May/2024:11:15:54 +0800] "GET /xingrg/all/function/internal_message.html?_=1716952556533&CODE_STATE=getMsg HTTP/1.1" 200 27
101.83.144.49 - - [29/May/2024:11:15:54 +0800] "GET /xingrg/all/function/internal_message.html?_=1716952296692&CODE_STATE=getMsg HTTP/1.1" 200 27
116.232.195.13 - - [29/May/2024:11:15:57 +0800] "GET /xingrg/kc/mdqp/pssh_order_list.html HTTP/1.1" 200 18209
61.165.227.88 - - [29/May/2024:11:15:57 +0800] "GET /xingrg/all/function/internal_message.html?_=1716952560319&CODE_STATE=getMsg HTTP/1.1" 200 27
61.165.227.88 - - [29/May/2024:11:15:57 +0800] "GET /xingrg/check_reg.html?_=1716952560324 HTTP/1.1" 200 22
221.239.170.140 - - [29/May/2024:11:15:57 +0800] "GET /xingrg/all/function/internal_message.html?_=1716952556492&CODE_STATE=getMsg HTTP/1.1" 200 27
116.232.195.13 - - [29/May/2024:11:15:58 +0800] "POST /xingrg/kc/mdqp/pssh_list_operate.html HTTP/1.1" 200 9013
114.83.216.162 - - [29/May/2024:11:15:59 +0800] "GET /xingrg/kc/base/wldb_order_operate.html?command=get_materiel&rest_code=00149&base_code=0010394&code=00101016094 HTTP/1.1" 200 469
120.253.135.82 - - [29/May/2024:11:16:00 +0800] "POST /xingrg/kc/pszx/jzcl_ps_operate.html HTTP/1.1" 200 4
120.253.135.82 - - [29/May/2024:11:16:00 +0800] "GET /xingrg/javascript/step/images/navDoneBtn.gif HTTP/1.1" 304 -
120.253.135.82 - - [29/May/2024:11:16:00 +0800] "GET /xingrg/javascript/step/images/navLastDoneBtn.gif HTTP/1.1" 304 -
116.232.195.13 - - [29/May/2024:11:16:01 +0800] "POST /xingrg/kc/mdqp/pssh_list_operate.html HTTP/1.1" 200 266
120.253.135.82 - - [29/May/2024:11:16:02 +0800] "POST /xingrg/kc/pszx/jzcl_ps_operate.html HTTP/1.1" 200 21
120.253.135.82 - - [29/May/2024:11:16:02 +0800] "GET /xingrg/kc/pszx/mdps_order_list.html HTTP/1.1" 200 21313
120.253.135.82 - - [29/May/2024:11:16:02 +0800] "POST /xingrg/kc/pszx/mdps_list_operate.html HTTP/1.1" 200 3536
114.83.216.162 - - [29/May/2024:11:16:03 +0800] "GET /xingrg/kc/base/wldb_order_operate.html?command=get_materiel&rest_code=00149&base_code=0010394&code=00101016120 HTTP/1.1" 200 455
116.232.195.13 - - [29/May/2024:11:16:03 +0800] "GET /xingrg/kc/mdqp/pssh_order_info.html?code=312024052800564 HTTP/1.1" 200 17305
116.232.195.13 - - [29/May/2024:11:16:03 +0800] "GET /xingrg/javascript/jquery_tools/jquery-1.4.2.min.js HTTP/1.1" 404 1094
116.232.195.13 - - [29/May/2024:11:16:03 +0800] "GET /xingrg/javascript/easyui/themes/icons/back_new.png HTTP/1.1" 200 3414
116.232.195.13 - - [29/May/2024:11:16:03 +0800] "GET /xingrg/javascript/easyui/themes/default/validatebox.css HTTP/1.1" 404 1104
116.232.195.13 - - [29/May/2024:11:16:04 +0800] "GET /xingrg/all/common/auto_word.html?type=base&rest_code=00155&rest_code=00155 HTTP/1.1" 200 1907
116.232.195.13 - - [29/May/2024:11:16:04 +0800] "POST /xingrg/kc/mdqp/pssh_order_operate.html HTTP/1.1" 200 556
116.232.195.13 - - [29/May/2024:11:16:05 +0800] "POST /xingrg/kc/buy/cgsh_list_operate.html HTTP/1.1" 200 2544
116.238.97.31 - - [29/May/2024:11:16:06 +0800] "GET /xingrg/all/function/internal_message.html?_=1716952579222&CODE_STATE=getMsg HTTP/1.1" 200 27
114.83.216.162 - - [29/May/2024:11:16:06 +0800] "GET /xingrg/kc/base/wldb_order_operate.html?command=get_materiel&rest_code=00149&base_code=0010394&code=00101019376 HTTP/1.1" 200 476
120.253.135.82 - - [29/May/2024:11:16:08 +0800] "POST /xingrg/kc/pszx/mdps_list_operate.html HTTP/1.1" 200 1687
120.253.135.82 - - [29/May/2024:11:16:10 +0800] "POST /xingrg/kc/pszx/mdps_list_operate.html HTTP/1.1" 200 209
114.83.216.162 - - [29/May/2024:11:16:10 +0800] "GET /xingrg/kc/base/wldb_order_operate.html?command=get_materiel&rest_code=00149&base_code=0010394&code=00101019187 HTTP/1.1" 200 479
120.253.135.82 - - [29/May/2024:11:16:11 +0800] "GET /xingrg/kc/pszx/mdps_order_info.html?code=312024052900577 HTTP/1.1" 200 23976
120.253.135.82 - - [29/May/2024:11:16:11 +0800] "GET /xingrg/javascript/easyui/themes/default/validatebox.css HTTP/1.1" 404 1104
120.253.135.82 - - [29/May/2024:11:16:12 +0800] "POST /xingrg/kc/pszx/mdps_order_operate.html HTTP/1.1" 200 2285
114.83.216.162 - - [29/May/2024:11:16:14 +0800] "GET /xingrg/kc/base/wldb_order_operate.html?command=get_materiel&rest_code=00149&base_code=0010394&code=00101019253 HTTP/1.1" 200 482
114.83.216.162 - - [29/May/2024:11:16:17 +0800] "GET /xingrg/kc/base/wldb_order_operate.html?command=get_materiel&rest_code=00149&base_code=0010394&code=00101019184 HTTP/1.1" 200 458
120.253.135.82 - - [29/May/2024:11:16:18 +0800] "GET /xingrg/kc/pszx/mdps_order_info.html?code=312024052900577 HTTP/1.1" 200 23976
120.253.135.82 - - [29/May/2024:11:16:18 +0800] "GET /xingrg/javascript/easyui/themes/default/validatebox.css HTTP/1.1" 404 1104
120.253.135.82 - - [29/May/2024:11:16:18 +0800] "POST /xingrg/kc/pszx/mdps_order_operate.html HTTP/1.1" 200 2285
116.237.76.229 - - [29/May/2024:11:16:19 +0800] "GET /xingrg/kc/buy/cgsh_order_operate.html?command=get_materiel&rest_code=00106&code=00101008576&supplier_code=00100487&order_time=2024-05-29 HTTP/1.1" 200 416
114.83.216.162 - - [29/May/2024:11:16:20 +0800] "GET /xingrg/kc/base/wldb_order_operate.html?command=get_materiel&rest_code=00149&base_code=0010394&code=00101019391 HTTP/1.1" 200 485
180.164.6.225 - - [29/May/2024:11:16:21 +0800] "GET /xingrg/all/function/internal_message.html?_=1716952580708&CODE_STATE=getMsg HTTP/1.1" 200 27
116.237.76.229 - - [29/May/2024:11:16:21 +0800] "GET /xingrg/all/function/internal_message.html?_=1716952583507&CODE_STATE=getMsg HTTP/1.1" 200 27
120.253.135.82 - - [29/May/2024:11:16:22 +0800] "POST /xingrg/kc/pszx/mdps_order_operate.html HTTP/1.1" 200 37
116.232.195.13 - - [29/May/2024:11:16:22 +0800] "GET /xingrg/all/function/internal_message.html?_=1716952528159&CODE_STATE=getMsg HTTP/1.1" 200 27
120.253.135.82 - - [29/May/2024:11:16:23 +0800] "GET /xingrg/kc/pszx/mdps_order_info.html?code=312024052900577 HTTP/1.1" 200 23976
116.237.76.229 - - [29/May/2024:11:16:23 +0800] "GET /xingrg/all/function/internal_message.html?_=1716952585070&CODE_STATE=getMsg HTTP/1.1" 200 27
120.253.135.82 - - [29/May/2024:11:16:23 +0800] "GET /xingrg/javascript/easyui/themes/default/validatebox.css HTTP/1.1" 404 1104
120.253.135.82 - - [29/May/2024:11:16:24 +0800] "POST /xingrg/kc/pszx/mdps_order_operate.html HTTP/1.1" 200 2292
120.253.135.82 - - [29/May/2024:11:16:26 +0800] "POST /xingrg/kc/pszx/mdps_list_operate.html HTTP/1.1" 200 1687
222.70.240.253 - - [29/May/2024:11:16:30 +0800] "GET /xingrg/all/function/internal_message.html?_=1716952600515&CODE_STATE=getMsg HTTP/1.1" 302 -
120.253.135.82 - - [29/May/2024:11:16:36 +0800] "POST /xingrg/kc/pszx/mdps_list_operate.html HTTP/1.1" 200 2426
222.67.233.39 - - [29/May/2024:11:16:37 +0800] "GET /xingrg/check_reg.html?_=1716952597148 HTTP/1.1" 200 22
120.253.135.82 - - [29/May/2024:11:16:38 +0800] "POST /xingrg/kc/pszx/mdps_list_operate.html HTTP/1.1" 200 596
116.237.76.229 - - [29/May/2024:11:16:38 +0800] "GET /xingrg/all/function/internal_message.html?_=1716952590891&CODE_STATE=getMsg HTTP/1.1" 200 27
120.253.135.82 - - [29/May/2024:11:16:39 +0800] "GET /xingrg/kc/pszx/mdps_order_info.html?code=312024052900574 HTTP/1.1" 200 23976
120.253.135.82 - - [29/May/2024:11:16:39 +0800] "GET /xingrg/javascript/easyui/themes/default/validatebox.css HTTP/1.1" 404 1104
116.237.76.229 - - [29/May/2024:11:16:40 +0800] "POST /xingrg/kc/buy/cgsh_order_operate.html HTTP/1.1" 200 37
120.253.135.82 - - [29/May/2024:11:16:40 +0800] "POST /xingrg/kc/pszx/mdps_order_operate.html HTTP/1.1" 200 8745
116.238.97.31 - - [29/May/2024:11:16:42 +0800] "GET /xingrg/check_reg.html?_=1716952602581 HTTP/1.1" 200 22
116.238.97.31 - - [29/May/2024:11:16:42 +0800] "GET /xingrg/all/function/internal_message.html?_=1716952602584&CODE_STATE=getMsg HTTP/1.1" 200 27
222.70.182.146 - - [29/May/2024:11:16:42 +0800] "GET /xingrg/all/function/internal_message.html?_=1716952598628&CODE_STATE=getMsg HTTP/1.1" 200 27
120.253.135.82 - - [29/May/2024:11:16:43 +0800] "POST /xingrg/kc/pszx/mdps_order_operate.html HTTP/1.1" 200 37
120.253.135.82 - - [29/May/2024:11:16:44 +0800] "GET /xingrg/kc/pszx/mdps_order_info.html?code=312024052900574 HTTP/1.1" 200 23976
114.83.216.162 - - [29/May/2024:11:16:44 +0800] "POST /xingrg/kc/base/wldb_order_operate.html HTTP/1.1" 200 37
120.253.135.82 - - [29/May/2024:11:16:44 +0800] "GET /xingrg/javascript/easyui/themes/default/validatebox.css HTTP/1.1" 404 1104
180.156.239.18 - - [29/May/2024:11:16:45 +0800] "GET /xingrg/all/function/internal_message.html?_=1716952605285&CODE_STATE=getMsg HTTP/1.1" 200 27
114.83.216.162 - - [29/May/2024:11:16:45 +0800] "POST /xingrg/kc/base/wldb_order_operate.html HTTP/1.1" 200 5244
120.253.135.82 - - [29/May/2024:11:16:45 +0800] "POST /xingrg/kc/pszx/mdps_order_operate.html HTTP/1.1" 200 8852
114.83.216.162 - - [29/May/2024:11:16:46 +0800] "GET /xingrg/kc/base/wldb_order_info.html?code=422024052902024 HTTP/1.1" 200 30683
114.83.216.162 - - [29/May/2024:11:16:46 +0800] "GET /xingrg/javascript/easyui/themes/default/validatebox.css HTTP/1.1" 404 1104
116.232.195.13 - - [29/May/2024:11:16:47 +0800] "GET /xingrg/all/function/internal_message.html?_=1716952552571&CODE_STATE=getMsg HTTP/1.1" 200 27
116.237.76.229 - - [29/May/2024:11:16:49 +0800] "POST /xingrg/kc/buy/cgsh_order_operate.html HTTP/1.1" 200 12
114.83.216.162 - - [29/May/2024:11:16:49 +0800] "POST /xingrg/kc/base/wldb_order_operate.html HTTP/1.1" 200 5244
116.237.76.229 - - [29/May/2024:11:16:51 +0800] "GET /xingrg/kc/buy/cgsh_order_info.html?code=212024052908691 HTTP/1.1" 200 69575
114.83.216.162 - - [29/May/2024:11:16:51 +0800] "GET /xingrg/kc/base/wldb_order_add.html HTTP/1.1" 200 30668
114.83.216.162 - - [29/May/2024:11:16:51 +0800] "GET /xingrg/all/function/internal_message.html?_=1716952611571&CODE_STATE=getMsg HTTP/1.1" 200 27
116.237.76.229 - - [29/May/2024:11:16:51 +0800] "GET /xingrg/javascript/easyui/themes/default/validatebox.css HTTP/1.1" 404 1104
114.83.216.162 - - [29/May/2024:11:16:51 +0800] "POST /xingrg/kc/base/wldb_order_operate.html HTTP/1.1" 200 6806
114.83.216.162 - - [29/May/2024:11:16:51 +0800] "GET /xingrg/javascript/easyui/themes/default/validatebox.css HTTP/1.1" 404 1104
116.232.195.13 - - [29/May/2024:11:16:51 +0800] "GET /xingrg/kc/mdqp/pssh_order_list.html HTTP/1.1" 200 18209
58.40.7.146 - - [29/May/2024:11:16:52 +0800] "GET /xingrg/all/function/internal_message.html?_=1716952612045&CODE_STATE=getMsg HTTP/1.1" 200 27
58.40.7.146 - - [29/May/2024:11:16:52 +0800] "GET /xingrg/check_reg.html?_=1716952612047 HTTP/1.1" 200 22
116.232.195.13 - - [29/May/2024:11:16:52 +0800] "POST /xingrg/kc/mdqp/pssh_list_operate.html HTTP/1.1" 200 9013
222.69.132.75 - - [29/May/2024:11:16:52 +0800] "GET /xingrg/all/function/internal_message.html?_=1716952612527&CODE_STATE=getMsg HTTP/1.1" 200 27
116.237.76.229 - - [29/May/2024:11:16:52 +0800] "POST /xingrg/kc/buy/cgsh_order_operate.html HTTP/1.1" 200 1205
124.79.78.120 - - [29/May/2024:11:16:53 +0800] "GET /xingrg/all/function/internal_message.html?_=1716952616940&CODE_STATE=getMsg HTTP/1.1" 200 27
116.232.195.13 - - [29/May/2024:11:16:53 +0800] "POST /xingrg/kc/mdqp/pssh_list_operate.html HTTP/1.1" 200 266
180.169.147.146 - - [29/May/2024:11:16:54 +0800] "GET /xingrg/all/function/internal_message.html?_=1716952616544&CODE_STATE=getMsg HTTP/1.1" 200 27
101.83.144.49 - - [29/May/2024:11:16:54 +0800] "GET /xingrg/all/function/internal_message.html?_=1716952356679&CODE_STATE=getMsg HTTP/1.1" 200 27
116.237.76.229 - - [29/May/2024:11:16:55 +0800] "GET /xingrg/kc/print/load_data.html?order_code=212024052908691&kc_code=cgsh&condition= HTTP/1.1" 200 936
116.232.195.13 - - [29/May/2024:11:16:55 +0800] "GET /xingrg/kc/mdqp/pssh_order_info.html?code=312024052800564 HTTP/1.1" 200 17305
116.232.195.13 - - [29/May/2024:11:16:55 +0800] "GET /xingrg/javascript/jquery_tools/jquery-1.4.2.min.js HTTP/1.1" 404 1094
116.232.195.13 - - [29/May/2024:11:16:56 +0800] "GET /xingrg/javascript/easyui/themes/default/validatebox.css HTTP/1.1" 404 1104
116.232.195.13 - - [29/May/2024:11:16:56 +0800] "GET /xingrg/all/common/auto_word.html?type=employee&rest_code=00155 HTTP/1.1" 200 255
116.232.195.13 - - [29/May/2024:11:16:56 +0800] "POST /xingrg/kc/mdqp/pssh_order_operate.html HTTP/1.1" 200 556
61.165.227.88 - - [29/May/2024:11:16:57 +0800] "GET /xingrg/all/function/internal_message.html?_=1716952620320&CODE_STATE=getMsg HTTP/1.1" 200 27
116.232.195.13 - - [29/May/2024:11:16:57 +0800] "GET /xingrg/css/images/panel_loading.gif HTTP/1.1" 200 1737
116.232.195.13 - - [29/May/2024:11:16:57 +0800] "POST /xingrg/all/common/load_combo.html?type=employee HTTP/1.1" 200 453
221.239.170.140 - - [29/May/2024:11:16:57 +0800] "GET /xingrg/all/function/internal_message.html?_=1716952616479&CODE_STATE=getMsg HTTP/1.1" 200 27
114.83.216.162 - - [29/May/2024:11:17:04 +0800] "GET /xingrg/kc/base/wldb_order_operate.html?command=get_materiel&rest_code=00149&base_code=0010394&code=00101019222 HTTP/1.1" 200 451
116.232.195.13 - - [29/May/2024:11:17:05 +0800] "POST /xingrg/kc/mdqp/pssh_order_operate.html HTTP/1.1" 200 37
116.238.97.31 - - [29/May/2024:11:17:06 +0800] "GET /xingrg/all/function/internal_message.html?_=1716952639223&CODE_STATE=getMsg HTTP/1.1" 200 27
114.83.216.162 - - [29/May/2024:11:17:08 +0800] "GET /xingrg/kc/base/wldb_order_operate.html?command=get_materiel&rest_code=00149&base_code=0010394&code=00101019400 HTTP/1.1" 200 465
116.232.195.13 - - [29/May/2024:11:17:08 +0800] "POST /xingrg/kc/mdqp/pssh_order_operate.html HTTP/1.1" 200 12
116.232.195.13 - - [29/May/2024:11:17:10 +0800] "GET /xingrg/kc/mdqp/pssh_order_info.html?code=312024052800564 HTTP/1.1" 200 14394
116.232.195.13 - - [29/May/2024:11:17:10 +0800] "GET /xingrg/javascript/jquery_tools/jquery-1.4.2.min.js HTTP/1.1" 404 1094
116.232.195.13 - - [29/May/2024:11:17:10 +0800] "GET /xingrg/javascript/easyui/themes/icons/uncheck_new.png HTTP/1.1" 200 3197
116.232.195.13 - - [29/May/2024:11:17:10 +0800] "GET /xingrg/javascript/easyui/themes/default/validatebox.css HTTP/1.1" 404 1104
116.232.195.13 - - [29/May/2024:11:17:11 +0800] "POST /xingrg/kc/mdqp/pssh_order_operate.html HTTP/1.1" 200 556
222.70.240.253 - - [29/May/2024:11:17:12 +0800] "GET /xingrg/check_reg.html?_=1716952642667 HTTP/1.1" 302 -
116.232.195.13 - - [29/May/2024:11:17:13 +0800] "GET /xingrg/kc/print/load_config.html?kc_code=pssh HTTP/1.1" 200 2368
116.237.76.229 - - [29/May/2024:11:17:13 +0800] "GET /xingrg/kc/buy/cgsh_order_add.html HTTP/1.1" 200 74694
116.232.195.13 - - [29/May/2024:11:17:13 +0800] "GET /xingrg/kc/print/load_data.html?order_code=312024052800564&kc_code=pssh&condition= HTTP/1.1" 200 707
116.237.76.229 - - [29/May/2024:11:17:14 +0800] "POST /xingrg/kc/buy/cgsh_order_operate.html HTTP/1.1" 200 8245
116.237.76.229 - - [29/May/2024:11:17:14 +0800] "GET /xingrg/javascript/easyui/themes/default/validatebox.css HTTP/1.1" 404 1104
116.237.76.229 - - [29/May/2024:11:17:16 +0800] "GET /xingrg/javascript/easyui/themes/default/tree.css HTTP/1.1" 404 1090
114.83.216.162 - - [29/May/2024:11:17:16 +0800] "GET /xingrg/kc/base/wldb_order_operate.html?command=get_materiel&rest_code=00149&base_code=0010394&code=00101019706 HTTP/1.1" 200 460
116.237.76.229 - - [29/May/2024:11:17:16 +0800] "POST /xingrg/all/common/load_tree.html?tree=supplier_tree_json&isDelete=1 HTTP/1.1" 200 80320
120.253.135.82 - - [29/May/2024:11:17:19 +0800] "GET /xingrg/kc/pszx/mdps_order_operate.html?command=get_materiel&pszx_code=00101&rest_code=00103&base_code=0010246&code=00101016179 HTTP/1.1" 200 430
116.237.76.229 - - [29/May/2024:11:17:20 +0800] "POST /xingrg/kc/buy/cgsh_list_operate.html HTTP/1.1" 200 4746
114.83.216.162 - - [29/May/2024:11:17:20 +0800] "GET /xingrg/kc/base/wldb_order_operate.html?command=get_materiel&rest_code=00149&base_code=0010394&code=00101019527 HTTP/1.1" 200 474
180.164.6.225 - - [29/May/2024:11:17:21 +0800] "GET /xingrg/all/function/internal_message.html?_=1716952640707&CODE_STATE=getMsg HTTP/1.1" 200 27
