222.70.182.146 - - [29/May/2024:10:49:46 +0800] "GET /xingrg/kc/buy/cgsh_order_operate.html?command=get_materiel&rest_code=00111&code=00101005022&supplier_code=00100674&order_time=2024-05-29 HTTP/1.1" 200 417
114.83.216.162 - - [29/May/2024:10:49:46 +0800] "GET /xingrg/kc/buy/cgsh_order_add.html HTTP/1.1" 200 74788
114.83.216.162 - - [29/May/2024:10:49:47 +0800] "POST /xingrg/kc/buy/cgsh_order_operate.html HTTP/1.1" 200 8245
114.83.216.162 - - [29/May/2024:10:49:47 +0800] "GET /xingrg/javascript/easyui/themes/default/validatebox.css HTTP/1.1" 404 1104
124.79.78.120 - - [29/May/2024:10:49:48 +0800] "POST /xingrg/services/DataTransmitService HTTP/1.1" 200 524
114.83.216.162 - - [29/May/2024:10:49:51 +0800] "GET /xingrg/all/function/internal_message.html?_=1716950991989&CODE_STATE=getMsg HTTP/1.1" 200 27
58.40.7.146 - - [29/May/2024:10:49:52 +0800] "GET /xingrg/all/function/internal_message.html?_=1716950992049&CODE_STATE=getMsg HTTP/1.1" 200 27
222.69.132.75 - - [29/May/2024:10:49:52 +0800] "GET /xingrg/all/function/internal_message.html?_=1716950992527&CODE_STATE=getMsg HTTP/1.1" 200 27
180.169.147.146 - - [29/May/2024:10:49:54 +0800] "GET /xingrg/all/function/internal_message.html?_=1716950996516&CODE_STATE=getMsg HTTP/1.1" 200 27
101.83.144.49 - - [29/May/2024:10:49:55 +0800] "GET /xingrg/all/function/internal_message.html?_=1716950737021&CODE_STATE=getMsg HTTP/1.1" 200 27
180.156.239.18 - - [29/May/2024:10:49:57 +0800] "GET /xingrg/kc/buy/cgsh_order_operate.html?command=get_materiel&rest_code=00150&code=00101003040&supplier_code=00100671&order_time=2024-05-29 HTTP/1.1" 200 417
221.239.170.140 - - [29/May/2024:10:49:58 +0800] "GET /xingrg/all/function/internal_message.html?_=1716950996920&CODE_STATE=getMsg HTTP/1.1" 200 27
114.83.216.162 - - [29/May/2024:10:49:58 +0800] "GET /xingrg/kc/buy/cgsh_order_operate.html?command=get_materiel&rest_code=00149&code=00101001045&supplier_code=00100665&order_time=2024-05-29 HTTP/1.1" 200 421
222.70.182.146 - - [29/May/2024:10:49:58 +0800] "GET /xingrg/kc/buy/cgsh_order_operate.html?command=get_materiel&rest_code=00111&code=00101004020&supplier_code=00100674&order_time=2024-05-29 HTTP/1.1" 200 409
124.79.78.120 - - [29/May/2024:10:50:03 +0800] "GET /xingrg/all/function/internal_message.html?_=1716951007376&CODE_STATE=getMsg HTTP/1.1" 200 27
116.238.97.31 - - [29/May/2024:10:50:06 +0800] "GET /xingrg/all/function/internal_message.html?_=1716951019198&CODE_STATE=getMsg HTTP/1.1" 200 27
180.156.239.18 - - [29/May/2024:10:50:10 +0800] "POST /xingrg/kc/buy/cgsh_order_operate.html HTTP/1.1" 200 37
222.70.182.146 - - [29/May/2024:10:50:11 +0800] "GET /xingrg/kc/buy/cgsh_order_operate.html?command=get_materiel&rest_code=00111&code=00101001029&supplier_code=00100674&order_time=2024-05-29 HTTP/1.1" 200 417
180.164.6.225 - - [29/May/2024:10:50:21 +0800] "GET /xingrg/all/function/internal_message.html?_=1716951020704&CODE_STATE=getMsg HTTP/1.1" 200 27
116.232.195.13 - - [29/May/2024:10:50:23 +0800] "GET /xingrg/all/function/internal_message.html?_=1716950968637&CODE_STATE=getMsg HTTP/1.1" 200 27
116.237.76.229 - - [29/May/2024:10:50:23 +0800] "GET /xingrg/all/function/internal_message.html?_=1716951025015&CODE_STATE=getMsg HTTP/1.1" 200 27
114.83.216.162 - - [29/May/2024:10:50:23 +0800] "POST /xingrg/kc/buy/cgsh_order_operate.html HTTP/1.1" 200 37
222.70.240.253 - - [29/May/2024:10:50:30 +0800] "GET /xingrg/all/function/internal_message.html?_=1716951040162&CODE_STATE=getMsg HTTP/1.1" 302 -
114.83.216.162 - - [29/May/2024:10:50:33 +0800] "POST /xingrg/kc/buy/cgsh_order_operate.html HTTP/1.1" 200 12
222.70.182.146 - - [29/May/2024:10:50:33 +0800] "GET /xingrg/kc/buy/cgsh_order_operate.html?command=get_materiel&rest_code=00111&code=00101004103&supplier_code=00100674&order_time=2024-05-29 HTTP/1.1" 200 413
114.83.216.162 - - [29/May/2024:10:50:38 +0800] "GET /xingrg/kc/buy/cgsh_order_info.html?code=212024052908648 HTTP/1.1" 200 69659
114.83.216.162 - - [29/May/2024:10:50:39 +0800] "GET /xingrg/javascript/easyui/themes/default/validatebox.css HTTP/1.1" 404 1104
120.253.135.82 - - [29/May/2024:10:50:39 +0800] "GET /xingrg/check_reg.html?_=1716950891587 HTTP/1.1" 200 22
114.83.216.162 - - [29/May/2024:10:50:40 +0800] "POST /xingrg/kc/buy/cgsh_order_operate.html HTTP/1.1" 200 618
116.238.97.31 - - [29/May/2024:10:50:42 +0800] "GET /xingrg/all/function/internal_message.html?_=1716951042578&CODE_STATE=getMsg HTTP/1.1" 200 27
114.83.216.162 - - [29/May/2024:10:50:42 +0800] "GET /xingrg/kc/print/load_data.html?order_code=212024052908648&kc_code=cgsh&condition= HTTP/1.1" 200 710
222.70.182.146 - - [29/May/2024:10:50:42 +0800] "GET /xingrg/all/function/internal_message.html?_=1716951038935&CODE_STATE=getMsg HTTP/1.1" 200 27
114.83.216.162 - - [29/May/2024:10:50:47 +0800] "GET /xingrg/kc/buy/cgsh_order_add.html HTTP/1.1" 200 74788
114.83.216.162 - - [29/May/2024:10:50:47 +0800] "POST /xingrg/kc/buy/cgsh_order_operate.html HTTP/1.1" 200 8245
114.83.216.162 - - [29/May/2024:10:50:47 +0800] "GET /xingrg/javascript/easyui/themes/default/validatebox.css HTTP/1.1" 404 1104
114.83.216.162 - - [29/May/2024:10:50:51 +0800] "GET /xingrg/all/function/internal_message.html?_=1716951051976&CODE_STATE=getMsg HTTP/1.1" 200 27
58.40.7.146 - - [29/May/2024:10:50:52 +0800] "GET /xingrg/all/function/internal_message.html?_=1716951052048&CODE_STATE=getMsg HTTP/1.1" 200 27
222.69.132.75 - - [29/May/2024:10:50:52 +0800] "GET /xingrg/all/function/internal_message.html?_=1716951052540&CODE_STATE=getMsg HTTP/1.1" 200 27
114.83.216.162 - - [29/May/2024:10:50:53 +0800] "GET /xingrg/check_reg.html?_=1716951053453 HTTP/1.1" 200 22
180.169.147.146 - - [29/May/2024:10:50:54 +0800] "GET /xingrg/all/function/internal_message.html?_=1716951056514&CODE_STATE=getMsg HTTP/1.1" 200 27
101.83.144.49 - - [29/May/2024:10:50:55 +0800] "GET /xingrg/all/function/internal_message.html?_=1716950797001&CODE_STATE=getMsg HTTP/1.1" 200 27
221.239.170.140 - - [29/May/2024:10:50:58 +0800] "GET /xingrg/all/function/internal_message.html?_=1716951056912&CODE_STATE=getMsg HTTP/1.1" 200 27
124.79.78.120 - - [29/May/2024:10:51:03 +0800] "GET /xingrg/all/function/internal_message.html?_=1716951067376&CODE_STATE=getMsg HTTP/1.1" 200 27
222.70.182.146 - - [29/May/2024:10:51:04 +0800] "POST /xingrg/kc/buy/cgsh_order_operate.html HTTP/1.1" 200 37
114.83.216.162 - - [29/May/2024:10:51:05 +0800] "GET /xingrg/kc/buy/cgsh_order_operate.html?command=get_materiel&rest_code=00149&code=00101001256&supplier_code=00100479&order_time=2024-05-29 HTTP/1.1" 200 438
116.238.97.31 - - [29/May/2024:10:51:06 +0800] "GET /xingrg/all/function/internal_message.html?_=1716951079200&CODE_STATE=getMsg HTTP/1.1" 200 27
222.70.182.146 - - [29/May/2024:10:51:21 +0800] "POST /xingrg/kc/buy/cgsh_order_operate.html HTTP/1.1" 200 12
180.164.6.225 - - [29/May/2024:10:51:21 +0800] "GET /xingrg/all/function/internal_message.html?_=1716951080706&CODE_STATE=getMsg HTTP/1.1" 200 27
116.232.195.13 - - [29/May/2024:10:51:23 +0800] "GET /xingrg/all/function/internal_message.html?_=1716951028621&CODE_STATE=getMsg HTTP/1.1" 200 27
116.237.76.229 - - [29/May/2024:10:51:23 +0800] "GET /xingrg/all/function/internal_message.html?_=1716951085016&CODE_STATE=getMsg HTTP/1.1" 200 27
114.83.216.162 - - [29/May/2024:10:51:27 +0800] "POST /xingrg/kc/buy/cgsh_order_operate.html HTTP/1.1" 200 37
222.70.240.253 - - [29/May/2024:10:51:30 +0800] "GET /xingrg/all/function/internal_message.html?_=1716951100189&CODE_STATE=getMsg HTTP/1.1" 302 -
180.156.239.18 - - [29/May/2024:10:51:32 +0800] "POST /xingrg/kc/buy/cgsh_order_operate.html HTTP/1.1" 200 12
222.70.182.146 - - [29/May/2024:10:51:33 +0800] "GET /xingrg/kc/buy/cgsh_order_info.html?code=212024052908649 HTTP/1.1" 200 69527
222.70.182.146 - - [29/May/2024:10:51:33 +0800] "GET /xingrg/javascript/easyui/themes/default/validatebox.css HTTP/1.1" 404 1104
222.70.182.146 - - [29/May/2024:10:51:35 +0800] "POST /xingrg/kc/buy/cgsh_order_operate.html HTTP/1.1" 200 3585
222.67.233.39 - - [29/May/2024:10:51:37 +0800] "GET /xingrg/check_reg.html?_=1716951097230 HTTP/1.1" 200 22
222.70.182.146 - - [29/May/2024:10:51:37 +0800] "GET /xingrg/kc/print/load_data.html?order_code=212024052908649&kc_code=cgsh&condition= HTTP/1.1" 200 1829
114.83.216.162 - - [29/May/2024:10:51:38 +0800] "POST /xingrg/kc/buy/cgsh_order_operate.html HTTP/1.1" 200 12
180.156.239.18 - - [29/May/2024:10:51:39 +0800] "GET /xingrg/kc/buy/cgsh_order_info.html?code=212024052908647 HTTP/1.1" 200 69623
180.156.239.18 - - [29/May/2024:10:51:39 +0800] "GET /xingrg/javascript/easyui/themes/default/validatebox.css HTTP/1.1" 404 1104
180.156.239.18 - - [29/May/2024:10:51:40 +0800] "POST /xingrg/kc/buy/cgsh_order_operate.html HTTP/1.1" 200 616
114.83.216.162 - - [29/May/2024:10:51:41 +0800] "GET /xingrg/kc/buy/cgsh_order_info.html?code=212024052908650 HTTP/1.1" 200 69667
114.83.216.162 - - [29/May/2024:10:51:41 +0800] "GET /xingrg/javascript/easyui/themes/default/validatebox.css HTTP/1.1" 404 1104
116.238.97.31 - - [29/May/2024:10:51:42 +0800] "GET /xingrg/all/function/internal_message.html?_=1716951102590&CODE_STATE=getMsg HTTP/1.1" 200 27
116.238.97.31 - - [29/May/2024:10:51:42 +0800] "GET /xingrg/check_reg.html?_=1716951102592 HTTP/1.1" 200 22
222.70.182.146 - - [29/May/2024:10:51:42 +0800] "GET /xingrg/all/function/internal_message.html?_=1716951098917&CODE_STATE=getMsg HTTP/1.1" 200 27
114.83.216.162 - - [29/May/2024:10:51:42 +0800] "POST /xingrg/kc/buy/cgsh_order_operate.html HTTP/1.1" 200 613
180.156.239.18 - - [29/May/2024:10:51:43 +0800] "GET /xingrg/kc/print/load_data.html?order_code=212024052908647&kc_code=cgsh&condition= HTTP/1.1" 200 728
222.70.182.146 - - [29/May/2024:10:51:43 +0800] "GET /xingrg/kc/buy/cgsh_order_add.html HTTP/1.1" 200 74656
222.70.182.146 - - [29/May/2024:10:51:43 +0800] "POST /xingrg/kc/buy/cgsh_order_operate.html HTTP/1.1" 200 8245
222.70.182.146 - - [29/May/2024:10:51:43 +0800] "GET /xingrg/javascript/easyui/themes/default/validatebox.css HTTP/1.1" 404 1104
114.83.216.162 - - [29/May/2024:10:51:44 +0800] "GET /xingrg/kc/print/load_data.html?order_code=212024052908650&kc_code=cgsh&condition= HTTP/1.1" 200 717
180.156.239.18 - - [29/May/2024:10:51:45 +0800] "GET /xingrg/all/function/internal_message.html?_=1716951105742&CODE_STATE=getMsg HTTP/1.1" 200 27
180.156.239.18 - - [29/May/2024:10:51:47 +0800] "GET /xingrg/kc/buy/cgsh_order_add.html HTTP/1.1" 200 74744
180.156.239.18 - - [29/May/2024:10:51:48 +0800] "POST /xingrg/kc/buy/cgsh_order_operate.html HTTP/1.1" 200 8245
180.156.239.18 - - [29/May/2024:10:51:48 +0800] "GET /xingrg/javascript/easyui/themes/default/validatebox.css HTTP/1.1" 404 1104
114.83.216.162 - - [29/May/2024:10:51:49 +0800] "GET /xingrg/kc/buy/cgsh_order_add.html HTTP/1.1" 200 74788
114.83.216.162 - - [29/May/2024:10:51:49 +0800] "POST /xingrg/kc/buy/cgsh_order_operate.html HTTP/1.1" 200 8245
114.83.216.162 - - [29/May/2024:10:51:49 +0800] "GET /xingrg/javascript/easyui/themes/default/validatebox.css HTTP/1.1" 404 1104
114.83.216.162 - - [29/May/2024:10:51:51 +0800] "GET /xingrg/all/function/internal_message.html?_=1716951111951&CODE_STATE=getMsg HTTP/1.1" 200 27
58.40.7.146 - - [29/May/2024:10:51:52 +0800] "GET /xingrg/all/function/internal_message.html?_=1716951112037&CODE_STATE=getMsg HTTP/1.1" 200 27
58.40.7.146 - - [29/May/2024:10:51:52 +0800] "GET /xingrg/check_reg.html?_=1716951112041 HTTP/1.1" 200 22
222.69.132.75 - - [29/May/2024:10:51:52 +0800] "GET /xingrg/all/function/internal_message.html?_=1716951112532&CODE_STATE=getMsg HTTP/1.1" 200 27
180.169.147.146 - - [29/May/2024:10:51:54 +0800] "GET /xingrg/all/function/internal_message.html?_=1716951116512&CODE_STATE=getMsg HTTP/1.1" 200 27
101.83.144.49 - - [29/May/2024:10:51:55 +0800] "GET /xingrg/all/function/internal_message.html?_=1716950856989&CODE_STATE=getMsg HTTP/1.1" 200 27
180.156.239.18 - - [29/May/2024:10:51:57 +0800] "GET /xingrg/kc/buy/cgsh_order_operate.html?command=get_materiel&rest_code=00150&code=00101008171&supplier_code=00100327&order_time=2024-05-29 HTTP/1.1" 200 421
221.239.170.140 - - [29/May/2024:10:51:58 +0800] "GET /xingrg/all/function/internal_message.html?_=1716951116887&CODE_STATE=getMsg HTTP/1.1" 200 27
222.70.182.146 - - [29/May/2024:10:51:58 +0800] "GET /xingrg/kc/buy/cgsh_order_operate.html?command=get_materiel&rest_code=00111&code=00101004101&supplier_code=00100086&order_time=2024-05-29 HTTP/1.1" 200 413
114.83.216.162 - - [29/May/2024:10:52:00 +0800] "GET /xingrg/kc/buy/cgsh_order_operate.html?command=get_materiel&rest_code=00149&code=00101002038&supplier_code=00100094&order_time=2024-05-29 HTTP/1.1" 200 416
124.79.78.120 - - [29/May/2024:10:52:03 +0800] "GET /xingrg/all/function/internal_message.html?_=1716951127376&CODE_STATE=getMsg HTTP/1.1" 200 27
116.238.97.31 - - [29/May/2024:10:52:06 +0800] "GET /xingrg/all/function/internal_message.html?_=1716951139206&CODE_STATE=getMsg HTTP/1.1" 200 27
222.70.240.253 - - [29/May/2024:10:52:12 +0800] "GET /xingrg/check_reg.html?_=1716951142615 HTTP/1.1" 302 -
180.156.239.18 - - [29/May/2024:10:52:15 +0800] "GET /xingrg/kc/buy/cgsh_order_operate.html?command=get_materiel&rest_code=00150&code=00101010263&supplier_code=00100327&order_time=2024-05-29 HTTP/1.1" 200 408
114.83.216.162 - - [29/May/2024:10:52:20 +0800] "POST /xingrg/kc/buy/cgsh_order_operate.html HTTP/1.1" 200 37
180.164.6.225 - - [29/May/2024:10:52:21 +0800] "GET /xingrg/all/function/internal_message.html?_=1716951140707&CODE_STATE=getMsg HTTP/1.1" 200 27
116.232.195.13 - - [29/May/2024:10:52:23 +0800] "GET /xingrg/all/function/internal_message.html?_=1716951088604&CODE_STATE=getMsg HTTP/1.1" 200 27
116.237.76.229 - - [29/May/2024:10:52:23 +0800] "GET /xingrg/all/function/internal_message.html?_=1716951145016&CODE_STATE=getMsg HTTP/1.1" 200 27
222.70.182.146 - - [29/May/2024:10:52:24 +0800] "POST /xingrg/kc/buy/cgsh_order_operate.html HTTP/1.1" 200 88
222.70.240.253 - - [29/May/2024:10:52:30 +0800] "GET /xingrg/all/function/internal_message.html?_=1716951160189&CODE_STATE=getMsg HTTP/1.1" 302 -
180.156.239.18 - - [29/May/2024:10:52:32 +0800] "POST /xingrg/kc/buy/cgsh_order_operate.html HTTP/1.1" 200 37
114.83.216.162 - - [29/May/2024:10:52:33 +0800] "POST /xingrg/kc/buy/cgsh_order_operate.html HTTP/1.1" 200 12
114.83.216.162 - - [29/May/2024:10:52:36 +0800] "GET /xingrg/kc/buy/cgsh_order_info.html?code=212024052908651 HTTP/1.1" 200 69659
114.83.216.162 - - [29/May/2024:10:52:36 +0800] "GET /xingrg/javascript/easyui/themes/default/validatebox.css HTTP/1.1" 404 1104
58.40.7.146 - - [29/May/2024:10:52:37 +0800] "GET /xingrg/all/report/report_query.html?isQuery=1&fileName=kc/buy/wlcg_cate_hz.xml&queryString=(CONVERT(char(10)%2Ca.order_time%2C%20120)%3E%3D'2024-01-01')%20and%20(CONVERT(char(10)%2Ca.order_time%2C%20120)%3C%3D'2024-05-31')%20and%20(a.supplier_code%3D'00100246')%20and%20(a.base_code%3D'0010612')&queryText=%E3%80%90%E9%87%87%E8%B4%AD%E6%97%A5%E6%9C%9F%3A2024-01-01%20%E8%87%B3%202024-05-31%E3%80%91%20%E5%B9%B6%E4%B8%94%20%E3%80%90%E4%BE%9B%E5%BA%94%E5%95%86%3D%E4%B8%8A%E6%B5%B7%E5%90%9B%E8%AA%89%E5%AE%9E%E4%B8%9A%E6%9C%89%E9%99%90%E5%85%AC%E5%8F%B8%E3%80%91%E5%B9%B6%E4%B8%94%E3%80%90%E4%BB%93%E5%BA%93%E5%90%8D%E7%A7%B0%20%3D%20%E6%88%BF%E5%8A%A1%E9%83%A8%E3%80%91&rand=0.29228451914632686 HTTP/1.1" 200 54449
58.40.7.146 - - [29/May/2024:10:52:37 +0800] "GET /xingrg/all/report/report_query.html?isQuery=1&fileName=kc/buy/wlcg_cate_hz.xml&queryString=(CONVERT(char(10)%2Ca.order_time%2C%20120)%3E%3D'2024-01-01')%20and%20(CONVERT(char(10)%2Ca.order_time%2C%20120)%3C%3D'2024-05-31')%20and%20(a.supplier_code%3D'00100246')%20and%20(a.base_code%3D'0010612')&queryText=%E3%80%90%E9%87%87%E8%B4%AD%E6%97%A5%E6%9C%9F%3A2024-01-01%20%E8%87%B3%202024-05-31%E3%80%91%20%E5%B9%B6%E4%B8%94%20%E3%80%90%E4%BE%9B%E5%BA%94%E5%95%86%3D%E4%B8%8A%E6%B5%B7%E5%90%9B%E8%AA%89%E5%AE%9E%E4%B8%9A%E6%9C%89%E9%99%90%E5%85%AC%E5%8F%B8%E3%80%91%E5%B9%B6%E4%B8%94%E3%80%90%E4%BB%93%E5%BA%93%E5%90%8D%E7%A7%B0%20%3D%20%E6%88%BF%E5%8A%A1%E9%83%A8%E3%80%91&rand=0.29228451914632686 HTTP/1.1" 200 54449
58.40.7.146 - - [29/May/2024:10:52:37 +0800] "GET /xingrg/dwr/engine.js HTTP/1.1" 200 43631
222.70.182.146 - - [29/May/2024:10:52:37 +0800] "POST /xingrg/kc/buy/cgsh_order_operate.html HTTP/1.1" 200 37
114.83.216.162 - - [29/May/2024:10:52:37 +0800] "POST /xingrg/kc/buy/cgsh_order_operate.html HTTP/1.1" 200 615
114.83.216.162 - - [29/May/2024:10:52:39 +0800] "GET /xingrg/kc/print/load_data.html?order_code=212024052908651&kc_code=cgsh&condition= HTTP/1.1" 200 782
58.40.7.146 - - [29/May/2024:10:52:39 +0800] "POST /xingrg/all/report/load_report_page.html HTTP/1.1" 200 8719
58.40.7.146 - - [29/May/2024:10:52:39 +0800] "GET /xingrg/servlets/image?cache=0.11726604614816172&image=px HTTP/1.1" 200 807
116.238.97.31 - - [29/May/2024:10:52:42 +0800] "GET /xingrg/all/function/internal_message.html?_=1716951162581&CODE_STATE=getMsg HTTP/1.1" 200 27
222.70.182.146 - - [29/May/2024:10:52:42 +0800] "GET /xingrg/all/function/internal_message.html?_=1716951158889&CODE_STATE=getMsg HTTP/1.1" 200 27
58.40.7.146 - - [29/May/2024:10:52:44 +0800] "GET /xingrg/all/report/report_query.html?isQuery=1&fileName=kc/buy/wlcg_cate_small_hz.xml&queryString=(CONVERT(char(10)%2Ca.order_time%2C%20120)%3E%3D'2024-01-01')%20and%20(CONVERT(char(10)%2Ca.order_time%2C%20120)%3C%3D'2024-05-31')%20and%20(a.supplier_code%3D'00100246')%20and%20(a.base_code%3D'0010612')%20and%20(a.big_sort%3D'00102')&queryText=%E3%80%90%E9%87%87%E8%B4%AD%E6%97%A5%E6%9C%9F%3A2024-01-01%20%E8%87%B3%202024-05-31%E3%80%91%20%E5%B9%B6%E4%B8%94%20%E3%80%90%E4%BE%9B%E5%BA%94%E5%95%86%3D%E4%B8%8A%E6%B5%B7%E5%90%9B%E8%AA%89%E5%AE%9E%E4%B8%9A%E6%9C%89%E9%99%90%E5%85%AC%E5%8F%B8%E3%80%91%E5%B9%B6%E4%B8%94%E3%80%90%E4%BB%93%E5%BA%93%E5%90%8D%E7%A7%B0%20%3D%20%E6%88%BF%E5%8A%A1%E9%83%A8%E3%80%91%20%E5%B9%B6%E4%B8%94%20%E3%80%90%E6%9D%90%E6%96%99%E5%A4%A7%E7%B1%BB%20%3D%20%E8%B4%B9%E7%94%A8%E7%B1%BB%E3%80%91&rand=0.5689869885480134 HTTP/1.1" 200 8211
58.40.7.146 - - [29/May/2024:10:52:44 +0800] "GET /xingrg/all/report/report_query.html?isQuery=1&fileName=kc/buy/wlcg_cate_small_hz.xml&queryString=(CONVERT(char(10)%2Ca.order_time%2C%20120)%3E%3D'2024-01-01')%20and%20(CONVERT(char(10)%2Ca.order_time%2C%20120)%3C%3D'2024-05-31')%20and%20(a.supplier_code%3D'00100246')%20and%20(a.base_code%3D'0010612')%20and%20(a.big_sort%3D'00102')&queryText=%E3%80%90%E9%87%87%E8%B4%AD%E6%97%A5%E6%9C%9F%3A2024-01-01%20%E8%87%B3%202024-05-31%E3%80%91%20%E5%B9%B6%E4%B8%94%20%E3%80%90%E4%BE%9B%E5%BA%94%E5%95%86%3D%E4%B8%8A%E6%B5%B7%E5%90%9B%E8%AA%89%E5%AE%9E%E4%B8%9A%E6%9C%89%E9%99%90%E5%85%AC%E5%8F%B8%E3%80%91%E5%B9%B6%E4%B8%94%E3%80%90%E4%BB%93%E5%BA%93%E5%90%8D%E7%A7%B0%20%3D%20%E6%88%BF%E5%8A%A1%E9%83%A8%E3%80%91%20%E5%B9%B6%E4%B8%94%20%E3%80%90%E6%9D%90%E6%96%99%E5%A4%A7%E7%B1%BB%20%3D%20%E8%B4%B9%E7%94%A8%E7%B1%BB%E3%80%91&rand=0.5689869885480134 HTTP/1.1" 200 52729
58.40.7.146 - - [29/May/2024:10:52:44 +0800] "GET /xingrg/dwr/engine.js HTTP/1.1" 200 43631
114.83.216.162 - - [29/May/2024:10:52:45 +0800] "GET /xingrg/kc/buy/cgsh_order_add.html HTTP/1.1" 200 74788
114.83.216.162 - - [29/May/2024:10:52:45 +0800] "POST /xingrg/kc/buy/cgsh_order_operate.html HTTP/1.1" 200 8245
114.83.216.162 - - [29/May/2024:10:52:45 +0800] "GET /xingrg/javascript/easyui/themes/default/validatebox.css HTTP/1.1" 404 1104
180.156.239.18 - - [29/May/2024:10:52:45 +0800] "POST /xingrg/kc/buy/cgsh_order_operate.html HTTP/1.1" 200 12
58.40.7.146 - - [29/May/2024:10:52:46 +0800] "POST /xingrg/all/report/load_report_page.html HTTP/1.1" 200 13169
58.40.7.146 - - [29/May/2024:10:52:47 +0800] "GET /xingrg/servlets/image?cache=0.14307312046008103&image=px HTTP/1.1" 200 807
222.70.182.146 - - [29/May/2024:10:52:50 +0800] "POST /xingrg/kc/buy/cgsh_order_operate.html HTTP/1.1" 200 12
180.156.239.18 - - [29/May/2024:10:52:51 +0800] "GET /xingrg/kc/buy/cgsh_order_info.html?code=212024052908653 HTTP/1.1" 200 69615
114.83.216.162 - - [29/May/2024:10:52:51 +0800] "GET /xingrg/all/function/internal_message.html?_=1716951171948&CODE_STATE=getMsg HTTP/1.1" 200 27
180.156.239.18 - - [29/May/2024:10:52:51 +0800] "GET /xingrg/javascript/easyui/themes/default/validatebox.css HTTP/1.1" 404 1104
58.40.7.146 - - [29/May/2024:10:52:52 +0800] "GET /xingrg/all/function/internal_message.html?_=1716951172045&CODE_STATE=getMsg HTTP/1.1" 200 27
222.69.132.75 - - [29/May/2024:10:52:52 +0800] "GET /xingrg/all/function/internal_message.html?_=1716951172539&CODE_STATE=getMsg HTTP/1.1" 200 27
222.69.132.75 - - [29/May/2024:10:52:52 +0800] "GET /xingrg/check_reg.html?_=1716951172542 HTTP/1.1" 200 22
222.70.182.146 - - [29/May/2024:10:52:53 +0800] "GET /xingrg/kc/buy/cgsh_order_info.html?code=212024052908654 HTTP/1.1" 200 69531
180.156.239.18 - - [29/May/2024:10:52:53 +0800] "POST /xingrg/kc/buy/cgsh_order_operate.html HTTP/1.1" 200 1203
222.70.182.146 - - [29/May/2024:10:52:53 +0800] "GET /xingrg/javascript/easyui/themes/default/validatebox.css HTTP/1.1" 404 1104
180.169.147.146 - - [29/May/2024:10:52:54 +0800] "GET /xingrg/all/function/internal_message.html?_=1716951176527&CODE_STATE=getMsg HTTP/1.1" 200 27
180.169.147.146 - - [29/May/2024:10:52:54 +0800] "GET /xingrg/check_reg.html?_=1716951176528 HTTP/1.1" 200 22
222.70.182.146 - - [29/May/2024:10:52:54 +0800] "POST /xingrg/kc/buy/cgsh_order_operate.html HTTP/1.1" 200 610
114.83.216.162 - - [29/May/2024:10:52:54 +0800] "GET /xingrg/kc/buy/cgsh_order_operate.html?command=get_materiel&rest_code=00149&code=00101007032&supplier_code=00100328&order_time=2024-05-29 HTTP/1.1" 200 413
180.156.239.18 - - [29/May/2024:10:52:55 +0800] "GET /xingrg/kc/print/load_data.html?order_code=212024052908653&kc_code=cgsh&condition= HTTP/1.1" 200 940
222.70.182.146 - - [29/May/2024:10:52:58 +0800] "GET /xingrg/kc/print/load_data.html?order_code=212024052908654&kc_code=cgsh&condition= HTTP/1.1" 200 768
221.239.170.140 - - [29/May/2024:10:52:58 +0800] "GET /xingrg/all/function/internal_message.html?_=1716951176876&CODE_STATE=getMsg HTTP/1.1" 200 27
101.83.144.49 - - [29/May/2024:10:52:58 +0800] "GET /xingrg/all/function/internal_message.html?_=1716950917122&CODE_STATE=getMsg HTTP/1.1" 200 27
180.156.239.18 - - [29/May/2024:10:53:00 +0800] "GET /xingrg/kc/base/wldb_order_list.html HTTP/1.1" 200 19180
180.156.239.18 - - [29/May/2024:10:53:00 +0800] "POST /xingrg/kc/base/wldb_list_operate.html HTTP/1.1" 200 928
180.156.239.18 - - [29/May/2024:10:53:01 +0800] "GET /xingrg/kc/base/wldb_order_add.html HTTP/1.1" 200 30668
180.156.239.18 - - [29/May/2024:10:53:02 +0800] "POST /xingrg/kc/base/wldb_order_operate.html HTTP/1.1" 200 6806
180.156.239.18 - - [29/May/2024:10:53:02 +0800] "GET /xingrg/javascript/easyui/themes/default/validatebox.css HTTP/1.1" 404 1104
58.40.7.146 - - [29/May/2024:10:53:02 +0800] "GET /xingrg/all/report/report_query.html?fileName=kc/buy/gys_amount.xml&rh=99999 HTTP/1.1" 200 52006
58.40.7.146 - - [29/May/2024:10:53:02 +0800] "GET /xingrg/dwr/interface/AjaxReportQueryService.js HTTP/1.1" 200 13203
58.40.7.146 - - [29/May/2024:10:53:02 +0800] "GET /xingrg/dwr/engine.js HTTP/1.1" 200 43631
58.40.7.146 - - [29/May/2024:10:53:02 +0800] "POST /xingrg/dwr/call/plaincall/AjaxReportQueryService.getFixDate.dwr HTTP/1.1" 200 111
124.79.78.120 - - [29/May/2024:10:53:03 +0800] "GET /xingrg/all/function/internal_message.html?_=1716951187377&CODE_STATE=getMsg HTTP/1.1" 200 27
58.40.7.146 - - [29/May/2024:10:53:03 +0800] "POST /xingrg/dwr/call/plaincall/AjaxReportQueryService.getInitString.dwr HTTP/1.1" 200 792
58.40.7.146 - - [29/May/2024:10:53:03 +0800] "POST /xingrg/all/common/load_tree.html?tree=materiel_sort_tree_json HTTP/1.1" 200 9734
58.40.7.146 - - [29/May/2024:10:53:03 +0800] "POST /xingrg/all/common/load_tree.html?tree=supplier_tree_json&manage=1 HTTP/1.1" 200 82736
222.70.182.146 - - [29/May/2024:10:53:05 +0800] "GET /xingrg/kc/buy/cgsh_order_add.html HTTP/1.1" 200 74656
222.70.182.146 - - [29/May/2024:10:53:05 +0800] "POST /xingrg/kc/buy/cgsh_order_operate.html HTTP/1.1" 200 8245
222.70.182.146 - - [29/May/2024:10:53:05 +0800] "GET /xingrg/javascript/easyui/themes/default/validatebox.css HTTP/1.1" 404 1104
116.238.97.31 - - [29/May/2024:10:53:06 +0800] "GET /xingrg/all/function/internal_message.html?_=1716951199195&CODE_STATE=getMsg HTTP/1.1" 200 27
114.83.216.162 - - [29/May/2024:10:53:08 +0800] "POST /xingrg/kc/buy/cgsh_order_operate.html HTTP/1.1" 200 37
180.169.147.146 - - [29/May/2024:10:53:11 +0800] "GET /xingrg/check_reg.html?_=1716951189821 HTTP/1.1" 302 -
180.156.239.18 - - [29/May/2024:10:53:11 +0800] "GET /xingrg/kc/base/wldb_order_operate.html?command=get_materiel&rest_code=00150&base_code=0010446&code=00102021018 HTTP/1.1" 200 446
58.40.7.146 - - [29/May/2024:10:53:11 +0800] "POST /xingrg/dwr/call/plaincall/AjaxReportQueryService.refreshCache.dwr HTTP/1.1" 200 78
114.83.216.162 - - [29/May/2024:10:53:15 +0800] "POST /xingrg/kc/buy/cgsh_order_operate.html HTTP/1.1" 200 12
221.239.170.140 - - [29/May/2024:10:53:15 +0800] "GET /xingrg/check_reg.html?_=1716951194336 HTTP/1.1" 200 22
180.156.239.18 - - [29/May/2024:10:53:16 +0800] "GET /xingrg/kc/base/wldb_order_operate.html?command=get_materiel&rest_code=00150&base_code=0010446&code=00102002679 HTTP/1.1" 200 459
222.70.182.146 - - [29/May/2024:10:53:16 +0800] "GET /xingrg/kc/buy/cgsh_order_operate.html?command=get_materiel&rest_code=00111&code=00101002075&supplier_code=00100653&order_time=2024-05-29 HTTP/1.1" 200 413
114.83.216.162 - - [29/May/2024:10:53:17 +0800] "GET /xingrg/kc/buy/cgsh_order_info.html?code=212024052908655 HTTP/1.1" 200 69663
114.83.216.162 - - [29/May/2024:10:53:18 +0800] "GET /xingrg/javascript/easyui/themes/default/validatebox.css HTTP/1.1" 404 1104
58.40.7.146 - - [29/May/2024:10:53:18 +0800] "POST /xingrg/all/report/load_report_page.html HTTP/1.1" 200 98017
58.40.7.146 - - [29/May/2024:10:53:18 +0800] "GET /xingrg/servlets/image?cache=0.7160664418238472&image=px HTTP/1.1" 200 807
114.83.216.162 - - [29/May/2024:10:53:19 +0800] "POST /xingrg/kc/buy/cgsh_order_operate.html HTTP/1.1" 200 608
114.83.216.162 - - [29/May/2024:10:53:20 +0800] "GET /xingrg/kc/print/load_data.html?order_code=212024052908655&kc_code=cgsh&condition= HTTP/1.1" 200 709
180.164.6.225 - - [29/May/2024:10:53:21 +0800] "GET /xingrg/all/function/internal_message.html?_=1716951200701&CODE_STATE=getMsg HTTP/1.1" 200 27
180.164.6.225 - - [29/May/2024:10:53:21 +0800] "GET /xingrg/check_reg.html?_=1716951200703 HTTP/1.1" 200 22
116.232.195.13 - - [29/May/2024:10:53:21 +0800] "GET /xingrg/check_reg.html?_=1716951146853 HTTP/1.1" 200 22
180.156.239.18 - - [29/May/2024:10:53:21 +0800] "GET /xingrg/kc/base/wldb_order_operate.html?command=get_materiel&rest_code=00150&base_code=0010446&code=00102002933 HTTP/1.1" 200 430
116.232.195.13 - - [29/May/2024:10:53:23 +0800] "GET /xingrg/all/function/internal_message.html?_=1716951148587&CODE_STATE=getMsg HTTP/1.1" 200 27
116.237.76.229 - - [29/May/2024:10:53:23 +0800] "GET /xingrg/all/function/internal_message.html?_=1716951205016&CODE_STATE=getMsg HTTP/1.1" 200 27
116.237.76.229 - - [29/May/2024:10:53:23 +0800] "GET /xingrg/check_reg.html?_=1716951205017 HTTP/1.1" 200 22
114.83.216.162 - - [29/May/2024:10:53:26 +0800] "GET /xingrg/kc/buy/cgsh_order_add.html HTTP/1.1" 200 74788
180.156.239.18 - - [29/May/2024:10:53:26 +0800] "GET /xingrg/kc/base/wldb_order_operate.html?command=get_materiel&rest_code=00150&base_code=0010446&code=00102002321 HTTP/1.1" 200 447
114.83.216.162 - - [29/May/2024:10:53:27 +0800] "POST /xingrg/kc/buy/cgsh_order_operate.html HTTP/1.1" 200 8245
114.83.216.162 - - [29/May/2024:10:53:27 +0800] "GET /xingrg/javascript/easyui/themes/default/validatebox.css HTTP/1.1" 404 1104
222.70.182.146 - - [29/May/2024:10:53:30 +0800] "POST /xingrg/kc/buy/cgsh_order_operate.html HTTP/1.1" 200 37
222.70.240.253 - - [29/May/2024:10:53:30 +0800] "GET /xingrg/all/function/internal_message.html?_=1716951220208&CODE_STATE=getMsg HTTP/1.1" 302 -
114.83.216.162 - - [29/May/2024:10:53:36 +0800] "GET /xingrg/kc/buy/cgsh_order_operate.html?command=get_materiel&rest_code=00149&code=00101004034&supplier_code=00100085&order_time=2024-05-29 HTTP/1.1" 200 416
116.238.97.31 - - [29/May/2024:10:53:42 +0800] "GET /xingrg/all/function/internal_message.html?_=1716951222599&CODE_STATE=getMsg HTTP/1.1" 200 27
180.156.239.18 - - [29/May/2024:10:53:42 +0800] "POST /xingrg/kc/base/wldb_order_operate.html HTTP/1.1" 200 37
222.70.182.146 - - [29/May/2024:10:53:42 +0800] "GET /xingrg/all/function/internal_message.html?_=1716951218876&CODE_STATE=getMsg HTTP/1.1" 200 27
222.70.182.146 - - [29/May/2024:10:53:42 +0800] "GET /xingrg/check_reg.html?_=1716951218957 HTTP/1.1" 200 22
222.70.182.146 - - [29/May/2024:10:53:42 +0800] "POST /xingrg/kc/buy/cgsh_order_operate.html HTTP/1.1" 200 12
180.156.239.18 - - [29/May/2024:10:53:42 +0800] "POST /xingrg/kc/base/wldb_order_operate.html HTTP/1.1" 200 3640
180.156.239.18 - - [29/May/2024:10:53:45 +0800] "GET /xingrg/all/function/internal_message.html?_=1716951225737&CODE_STATE=getMsg HTTP/1.1" 200 27
116.237.76.229 - - [29/May/2024:10:53:46 +0800] "GET /xingrg/index.html?sysBaseUrl=http%3A%2F%2F180.169.147.146%3A18081%2Fxingrg%2F&costTime=824×tamp=1716944676407 HTTP/1.1" 200 17173
180.156.239.18 - - [29/May/2024:10:53:48 +0800] "POST /xingrg/kc/base/wldb_order_operate.html HTTP/1.1" 200 12
116.237.76.229 - - [29/May/2024:10:53:49 +0800] "POST /xingrg/all/common/load_tree.html?tree=area_rest_tree_json&manage=1 HTTP/1.1" 200 342
116.237.76.229 - - [29/May/2024:10:53:49 +0800] "GET /xingrg/all/function/internal_message.html?_=1716951222302&CODE_STATE=count HTTP/1.1" 200 11
116.237.76.229 - - [29/May/2024:10:53:49 +0800] "GET /xingrg/check_reg.html?_=1716951222304 HTTP/1.1" 200 22
116.237.76.229 - - [29/May/2024:10:53:49 +0800] "POST /xingrg/load_menu.html HTTP/1.1" 200 5138
116.237.76.229 - - [29/May/2024:10:53:50 +0800] "GET /favicon.ico HTTP/1.1" 404 -
180.156.239.18 - - [29/May/2024:10:53:50 +0800] "GET /xingrg/kc/base/wldb_order_info.html?code=422024052902018 HTTP/1.1" 200 26547
180.156.239.18 - - [29/May/2024:10:53:51 +0800] "GET /xingrg/javascript/easyui/themes/default/validatebox.css HTTP/1.1" 404 1104
180.156.239.18 - - [29/May/2024:10:53:51 +0800] "POST /xingrg/kc/base/wldb_order_operate.html HTTP/1.1" 200 1900
114.83.216.162 - - [29/May/2024:10:53:51 +0800] "GET /xingrg/all/function/internal_message.html?_=1716951231929&CODE_STATE=getMsg HTTP/1.1" 200 27
58.40.7.146 - - [29/May/2024:10:53:52 +0800] "GET /xingrg/all/function/internal_message.html?_=1716951232054&CODE_STATE=getMsg HTTP/1.1" 200 27
222.69.132.75 - - [29/May/2024:10:53:52 +0800] "GET /xingrg/all/function/internal_message.html?_=1716951232529&CODE_STATE=getMsg HTTP/1.1" 200 27
114.83.216.162 - - [29/May/2024:10:53:53 +0800] "POST /xingrg/kc/buy/cgsh_order_operate.html HTTP/1.1" 200 37
180.156.239.18 - - [29/May/2024:10:53:53 +0800] "GET /xingrg/kc/base/wldb_order_add.html HTTP/1.1" 200 30668
180.156.239.18 - - [29/May/2024:10:53:53 +0800] "POST /xingrg/kc/base/wldb_order_operate.html HTTP/1.1" 200 6806
180.156.239.18 - - [29/May/2024:10:53:53 +0800] "GET /xingrg/javascript/easyui/themes/default/validatebox.css HTTP/1.1" 404 1104
180.169.147.146 - - [29/May/2024:10:53:54 +0800] "GET /xingrg/all/function/internal_message.html?_=1716951236512&CODE_STATE=getMsg HTTP/1.1" 200 27
222.70.182.146 - - [29/May/2024:10:53:55 +0800] "GET /xingrg/kc/buy/cgsh_order_info.html?code=212024052908656 HTTP/1.1" 200 69519
101.83.144.49 - - [29/May/2024:10:53:55 +0800] "GET /xingrg/all/function/internal_message.html?_=1716950977108&CODE_STATE=getMsg HTTP/1.1" 200 27
222.70.182.146 - - [29/May/2024:10:53:55 +0800] "GET /xingrg/javascript/easyui/themes/default/validatebox.css HTTP/1.1" 404 1104
101.83.144.49 - - [29/May/2024:10:53:56 +0800] "GET /xingrg/check_reg.html?_=1716950978126 HTTP/1.1" 200 22
222.70.182.146 - - [29/May/2024:10:53:56 +0800] "POST /xingrg/kc/buy/cgsh_order_operate.html HTTP/1.1" 200 610
221.239.170.140 - - [29/May/2024:10:53:58 +0800] "GET /xingrg/all/function/internal_message.html?_=1716951236847&CODE_STATE=getMsg HTTP/1.1" 200 27
222.70.182.146 - - [29/May/2024:10:53:59 +0800] "GET /xingrg/kc/print/load_data.html?order_code=212024052908656&kc_code=cgsh&condition= HTTP/1.1" 200 681
180.156.239.18 - - [29/May/2024:10:54:00 +0800] "GET /xingrg/kc/base/wldb_order_operate.html?command=get_materiel&rest_code=00150&base_code=0010445&code=00101019373 HTTP/1.1" 200 466
124.79.78.120 - - [29/May/2024:10:54:03 +0800] "GET /xingrg/check_reg.html?_=1716951247376 HTTP/1.1" 200 22
124.79.78.120 - - [29/May/2024:10:54:03 +0800] "GET /xingrg/all/function/internal_message.html?_=1716951247379&CODE_STATE=getMsg HTTP/1.1" 200 27
180.156.239.18 - - [29/May/2024:10:54:05 +0800] "GET /xingrg/kc/base/wldb_order_operate.html?command=get_materiel&rest_code=00150&base_code=0010445&code=00101019358 HTTP/1.1" 200 459
222.70.182.146 - - [29/May/2024:10:54:05 +0800] "GET /xingrg/kc/buy/cgsh_order_add.html HTTP/1.1" 200 74656
114.83.216.162 - - [29/May/2024:10:54:05 +0800] "POST /xingrg/kc/buy/cgsh_order_operate.html HTTP/1.1" 200 12
222.70.182.146 - - [29/May/2024:10:54:05 +0800] "POST /xingrg/kc/buy/cgsh_order_operate.html HTTP/1.1" 200 8245
222.70.182.146 - - [29/May/2024:10:54:05 +0800] "GET /xingrg/javascript/easyui/themes/default/validatebox.css HTTP/1.1" 404 1104
116.238.97.31 - - [29/May/2024:10:54:06 +0800] "GET /xingrg/all/function/internal_message.html?_=1716951259196&CODE_STATE=getMsg HTTP/1.1" 200 27
116.238.97.31 - - [29/May/2024:10:54:06 +0800] "GET /xingrg/check_reg.html?_=1716951259198 HTTP/1.1" 200 22
114.83.216.162 - - [29/May/2024:10:54:08 +0800] "GET /xingrg/kc/buy/cgsh_order_info.html?code=212024052908657 HTTP/1.1" 200 69661
114.83.216.162 - - [29/May/2024:10:54:09 +0800] "GET /xingrg/javascript/easyui/themes/default/validatebox.css HTTP/1.1" 404 1104
114.83.216.162 - - [29/May/2024:10:54:10 +0800] "POST /xingrg/kc/buy/cgsh_order_operate.html HTTP/1.1" 200 613
180.156.239.18 - - [29/May/2024:10:54:10 +0800] "POST /xingrg/kc/base/wldb_order_operate.html HTTP/1.1" 200 37
114.83.216.162 - - [29/May/2024:10:54:12 +0800] "GET /xingrg/kc/print/load_data.html?order_code=212024052908657&kc_code=cgsh&condition= HTTP/1.1" 200 764
114.83.216.162 - - [29/May/2024:10:54:17 +0800] "GET /xingrg/kc/buy/cgsh_order_add.html HTTP/1.1" 200 74788
114.83.216.162 - - [29/May/2024:10:54:18 +0800] "POST /xingrg/kc/buy/cgsh_order_operate.html HTTP/1.1" 200 8245
114.83.216.162 - - [29/May/2024:10:54:18 +0800] "GET /xingrg/javascript/easyui/themes/default/validatebox.css HTTP/1.1" 404 1104
180.156.239.18 - - [29/May/2024:10:54:19 +0800] "POST /xingrg/kc/base/wldb_order_operate.html HTTP/1.1" 200 12
180.156.239.18 - - [29/May/2024:10:54:19 +0800] "POST /xingrg/kc/base/wldb_order_operate.html HTTP/1.1" 200 2698
180.156.239.18 - - [29/May/2024:10:54:20 +0800] "GET /xingrg/kc/base/wldb_order_info.html?code=422024052902019 HTTP/1.1" 200 26545
180.164.6.225 - - [29/May/2024:10:54:21 +0800] "GET /xingrg/all/function/internal_message.html?_=1716951260692&CODE_STATE=getMsg HTTP/1.1" 200 27
180.156.239.18 - - [29/May/2024:10:54:21 +0800] "GET /xingrg/javascript/easyui/themes/default/validatebox.css HTTP/1.1" 404 1104
180.156.239.18 - - [29/May/2024:10:54:21 +0800] "POST /xingrg/kc/base/wldb_order_operate.html HTTP/1.1" 200 982
116.232.195.13 - - [29/May/2024:10:54:23 +0800] "GET /xingrg/all/function/internal_message.html?_=1716951208571&CODE_STATE=getMsg HTTP/1.1" 200 27
116.237.76.229 - - [29/May/2024:10:54:23 +0800] "GET /xingrg/all/function/internal_message.html?_=1716951265017&CODE_STATE=getMsg HTTP/1.1" 200 27
222.70.182.146 - - [29/May/2024:10:54:24 +0800] "GET /xingrg/kc/buy/cgsh_order_operate.html?command=get_materiel&rest_code=00111&code=00101003004&supplier_code=00100671&order_time=2024-05-29 HTTP/1.1" 200 422
114.83.216.162 - - [29/May/2024:10:54:28 +0800] "GET /xingrg/kc/buy/cgsh_order_operate.html?command=get_materiel&rest_code=00149&code=00101003006&supplier_code=00100497&order_time=2024-05-29 HTTP/1.1" 200 414
222.70.240.253 - - [29/May/2024:10:54:30 +0800] "GET /xingrg/all/function/internal_message.html?_=1716951280219&CODE_STATE=getMsg HTTP/1.1" 302 -
116.238.97.31 - - [29/May/2024:10:54:42 +0800] "GET /xingrg/all/function/internal_message.html?_=1716951282587&CODE_STATE=getMsg HTTP/1.1" 200 27
222.70.182.146 - - [29/May/2024:10:54:42 +0800] "GET /xingrg/all/function/internal_message.html?_=1716951278858&CODE_STATE=getMsg HTTP/1.1" 200 27
114.83.216.162 - - [29/May/2024:10:54:43 +0800] "POST /xingrg/kc/buy/cgsh_order_operate.html HTTP/1.1" 200 37
180.156.239.18 - - [29/May/2024:10:54:45 +0800] "GET /xingrg/all/function/internal_message.html?_=1716951285736&CODE_STATE=getMsg HTTP/1.1" 200 27
222.70.182.146 - - [29/May/2024:10:54:47 +0800] "GET /xingrg/kc/buy/cgsh_order_operate.html?command=get_materiel&rest_code=00111&code=00101003003&supplier_code=00100671&order_time=2024-05-29 HTTP/1.1" 200 416
116.237.76.229 - - [29/May/2024:10:54:49 +0800] "GET /xingrg/all/function/internal_message.html?_=1716951282314&CODE_STATE=getMsg HTTP/1.1" 200 27
114.83.216.162 - - [29/May/2024:10:54:51 +0800] "GET /xingrg/all/function/internal_message.html?_=1716951291907&CODE_STATE=getMsg HTTP/1.1" 200 27
58.40.7.146 - - [29/May/2024:10:54:52 +0800] "GET /xingrg/all/function/internal_message.html?_=1716951292053&CODE_STATE=getMsg HTTP/1.1" 200 27
222.69.132.75 - - [29/May/2024:10:54:52 +0800] "GET /xingrg/all/function/internal_message.html?_=1716951292529&CODE_STATE=getMsg HTTP/1.1" 200 27
114.83.216.162 - - [29/May/2024:10:54:54 +0800] "POST /xingrg/kc/buy/cgsh_order_operate.html HTTP/1.1" 200 12
180.169.147.146 - - [29/May/2024:10:54:54 +0800] "GET /xingrg/all/function/internal_message.html?_=1716951296527&CODE_STATE=getMsg HTTP/1.1" 200 27
101.83.144.49 - - [29/May/2024:10:54:55 +0800] "GET /xingrg/all/function/internal_message.html?_=1716951037087&CODE_STATE=getMsg HTTP/1.1" 200 27
221.239.170.140 - - [29/May/2024:10:54:58 +0800] "GET /xingrg/all/function/internal_message.html?_=1716951296835&CODE_STATE=getMsg HTTP/1.1" 200 27
116.237.76.229 - - [29/May/2024:10:55:00 +0800] "GET /xingrg/kc/buy/buy_main.html HTTP/1.1" 200 12412
116.237.76.229 - - [29/May/2024:10:55:00 +0800] "GET /xingrg/css/new_ie.css HTTP/1.1" 404 1036
116.237.76.229 - - [29/May/2024:10:55:00 +0800] "GET /xingrg/images/yd/bt.gif HTTP/1.1" 404 1040
114.83.216.162 - - [29/May/2024:10:55:01 +0800] "GET /xingrg/kc/buy/cgsh_order_info.html?code=212024052908658 HTTP/1.1" 200 69665
114.83.216.162 - - [29/May/2024:10:55:01 +0800] "GET /xingrg/javascript/easyui/themes/default/validatebox.css HTTP/1.1" 404 1104
116.237.76.229 - - [29/May/2024:10:55:02 +0800] "GET /xingrg/kc/buy/cgsh_order_list.html HTTP/1.1" 200 58887
114.83.216.162 - - [29/May/2024:10:55:03 +0800] "POST /xingrg/kc/buy/cgsh_order_operate.html HTTP/1.1" 200 611
124.79.78.120 - - [29/May/2024:10:55:03 +0800] "GET /xingrg/all/function/internal_message.html?_=1716951307377&CODE_STATE=getMsg HTTP/1.1" 200 27
114.83.216.162 - - [29/May/2024:10:55:05 +0800] "GET /xingrg/kc/print/load_data.html?order_code=212024052908658&kc_code=cgsh&condition= HTTP/1.1" 200 710
116.238.97.31 - - [29/May/2024:10:55:06 +0800] "GET /xingrg/all/function/internal_message.html?_=1716951319204&CODE_STATE=getMsg HTTP/1.1" 200 27
120.253.135.82 - - [29/May/2024:10:55:07 +0800] "GET /xingrg/kc/pszx/mdps_order_list.html?orderType=0 HTTP/1.1" 200 21313
120.253.135.82 - - [29/May/2024:10:55:07 +0800] "POST /xingrg/kc/pszx/mdps_list_operate.html HTTP/1.1" 200 2061
120.253.135.82 - - [29/May/2024:10:55:08 +0800] "GET /xingrg/javascript/easyui/themes/default/images/button_plain_hover.png HTTP/1.1" 304 -
116.237.76.229 - - [29/May/2024:10:55:09 +0800] "POST /xingrg/kc/buy/cgsh_list_operate.html HTTP/1.1" 200 1380
120.253.135.82 - - [29/May/2024:10:55:10 +0800] "GET /xingrg/kc/pszx/mdps_order_add.html HTTP/1.1" 200 29382
120.253.135.82 - - [29/May/2024:10:55:10 +0800] "GET /xingrg/javascript/convert.js HTTP/1.1" 304 -
120.253.135.82 - - [29/May/2024:10:55:10 +0800] "GET /xingrg/javascript/print/kc_print.js HTTP/1.1" 304 -
120.253.135.82 - - [29/May/2024:10:55:10 +0800] "GET /xingrg/javascript/jquery_tools/order_manager.js HTTP/1.1" 304 -
120.253.135.82 - - [29/May/2024:10:55:10 +0800] "GET /xingrg/javascript/json2.js HTTP/1.1" 304 -
120.253.135.82 - - [29/May/2024:10:55:10 +0800] "GET /xingrg/words/20240528134831_words.js HTTP/1.1" 304 -
120.253.135.82 - - [29/May/2024:10:55:10 +0800] "GET /xingrg/javascript/easyui/themes/default/images/menu_downarrow.png HTTP/1.1" 304 -
120.253.135.82 - - [29/May/2024:10:55:10 +0800] "GET /xingrg/javascript/easyui/themes/icons/ok.png HTTP/1.1" 304 -
120.253.135.82 - - [29/May/2024:10:55:10 +0800] "GET /xingrg/javascript/easyui/themes/icons/copy_new.png HTTP/1.1" 304 -
120.253.135.82 - - [29/May/2024:10:55:10 +0800] "GET /xingrg/javascript/easyui/themes/icons/print.png HTTP/1.1" 304 -
120.253.135.82 - - [29/May/2024:10:55:10 +0800] "GET /xingrg/javascript/easyui/themes/icons/cancel.png HTTP/1.1" 304 -
120.253.135.82 - - [29/May/2024:10:55:10 +0800] "POST /xingrg/kc/pszx/mdps_order_operate.html HTTP/1.1" 200 7126
120.253.135.82 - - [29/May/2024:10:55:10 +0800] "GET /xingrg/javascript/easyui/themes/icons/edit_remove.png HTTP/1.1" 304 -
114.83.216.162 - - [29/May/2024:10:55:10 +0800] "GET /xingrg/kc/buy/cgsh_order_add.html HTTP/1.1" 200 74788
120.253.135.82 - - [29/May/2024:10:55:10 +0800] "GET /xingrg/javascript/easyui/themes/default/validatebox.css HTTP/1.1" 404 1104
120.253.135.82 - - [29/May/2024:10:55:10 +0800] "GET /xingrg/javascript/easyui/plugins/jquery.validatebox.js HTTP/1.1" 304 -
120.253.135.82 - - [29/May/2024:10:55:10 +0800] "GET /xingrg/all/common/auto_word.html?type=base&rest_code=00101 HTTP/1.1" 200 671
120.253.135.82 - - [29/May/2024:10:55:10 +0800] "GET /xingrg/javascript/easyui/plugins/jquery.numberbox.js HTTP/1.1" 304 -
114.83.216.162 - - [29/May/2024:10:55:10 +0800] "POST /xingrg/kc/buy/cgsh_order_operate.html HTTP/1.1" 200 8245
114.83.216.162 - - [29/May/2024:10:55:10 +0800] "GET /xingrg/javascript/easyui/themes/default/validatebox.css HTTP/1.1" 404 1104
120.253.135.82 - - [29/May/2024:10:55:11 +0800] "GET /xingrg/javascript/auto/indicator.gif HTTP/1.1" 404 1066
116.237.76.229 - - [29/May/2024:10:55:12 +0800] "GET /xingrg/kc/buy/cgsh_order_add.html HTTP/1.1" 200 74700
116.237.76.229 - - [29/May/2024:10:55:13 +0800] "GET /xingrg/javascript/easyui/themes/default/validatebox.css HTTP/1.1" 404 1104
116.237.76.229 - - [29/May/2024:10:55:13 +0800] "GET /xingrg/all/common/auto_word.html?type=employee&rest_code=00106 HTTP/1.1" 200 205
116.237.76.229 - - [29/May/2024:10:55:13 +0800] "GET /xingrg/all/common/auto_word.html?type=employee&rest_code=00106 HTTP/1.1" 200 205
116.237.76.229 - - [29/May/2024:10:55:13 +0800] "POST /xingrg/kc/buy/cgsh_order_operate.html HTTP/1.1" 200 8245
222.70.182.146 - - [29/May/2024:10:55:13 +0800] "POST /xingrg/kc/buy/cgsh_order_operate.html HTTP/1.1" 200 37
120.253.135.82 - - [29/May/2024:10:55:14 +0800] "GET /xingrg/css/images/panel_loading.gif HTTP/1.1" 304 -
120.253.135.82 - - [29/May/2024:10:55:14 +0800] "POST /xingrg/all/common/load_combo.html?type=base HTTP/1.1" 200 1169
180.164.6.225 - - [29/May/2024:10:55:21 +0800] "GET /xingrg/all/function/internal_message.html?_=1716951320706&CODE_STATE=getMsg HTTP/1.1" 200 27
120.253.135.82 - - [29/May/2024:10:55:22 +0800] "GET /xingrg/kc/pszx/mdps_order_operate.html?command=get_materiel&pszx_code=00101&rest_code=00157&base_code=0010246&code=00101013052 HTTP/1.1" 200 428
116.232.195.13 - - [29/May/2024:10:55:23 +0800] "GET /xingrg/all/function/internal_message.html?_=1716951268554&CODE_STATE=getMsg HTTP/1.1" 200 27
116.237.76.229 - - [29/May/2024:10:55:23 +0800] "GET /xingrg/all/function/internal_message.html?_=1716951325015&CODE_STATE=getMsg HTTP/1.1" 200 27
120.253.135.82 - - [29/May/2024:10:55:29 +0800] "POST /xingrg/kc/pszx/mdps_order_operate.html HTTP/1.1" 200 37
222.70.240.253 - - [29/May/2024:10:55:30 +0800] "GET /xingrg/all/function/internal_message.html?_=1716951340241&CODE_STATE=getMsg HTTP/1.1" 302 -
116.237.76.229 - - [29/May/2024:10:55:30 +0800] "GET /xingrg/javascript/easyui/themes/default/tree.css HTTP/1.1" 404 1090
120.253.135.82 - - [29/May/2024:10:55:30 +0800] "GET /xingrg/kc/pszx/mdps_order_info.html?code=312024052900573 HTTP/1.1" 200 23976
120.253.135.82 - - [29/May/2024:10:55:31 +0800] "GET /xingrg/javascript/easyui/themes/default/validatebox.css HTTP/1.1" 404 1104
114.83.216.162 - - [29/May/2024:10:55:31 +0800] "GET /xingrg/kc/buy/cgsh_order_operate.html?command=get_materiel&rest_code=00149&code=00101003003&supplier_code=00100671&order_time=2024-05-29 HTTP/1.1" 200 416
116.237.76.229 - - [29/May/2024:10:55:31 +0800] "POST /xingrg/all/common/load_tree.html?tree=supplier_tree_json&isDelete=1 HTTP/1.1" 200 80320
120.253.135.82 - - [29/May/2024:10:55:32 +0800] "POST /xingrg/kc/pszx/mdps_order_operate.html HTTP/1.1" 200 2282
120.253.135.82 - - [29/May/2024:10:55:33 +0800] "GET /xingrg/kc/print/load_config.html?kc_code=mdps HTTP/1.1" 200 2390
120.253.135.82 - - [29/May/2024:10:55:34 +0800] "GET /xingrg/kc/print/load_data.html?order_code=312024052900573&kc_code=mdps&condition= HTTP/1.1" 200 684
114.83.216.162 - - [29/May/2024:10:55:37 +0800] "POST /xingrg/services/DataTransmitService HTTP/1.1" 200 524
114.83.216.162 - - [29/May/2024:10:55:38 +0800] "POST /xingrg/services/DataTransmitService HTTP/1.1" 200 412
120.253.135.82 - - [29/May/2024:10:55:39 +0800] "GET /xingrg/check_reg.html?_=1716951191591 HTTP/1.1" 200 22
61.165.227.88 - - [29/May/2024:10:55:40 +0800] "GET /xingrg/login.html HTTP/1.1" 200 7641
61.165.227.88 - - [29/May/2024:10:55:41 +0800] "GET /favicon.ico HTTP/1.1" 404 -
116.238.97.31 - - [29/May/2024:10:55:42 +0800] "GET /xingrg/all/function/internal_message.html?_=1716951342587&CODE_STATE=getMsg HTTP/1.1" 200 27
222.70.182.146 - - [29/May/2024:10:55:42 +0800] "GET /xingrg/all/function/internal_message.html?_=1716951338844&CODE_STATE=getMsg HTTP/1.1" 200 27
222.70.182.146 - - [29/May/2024:10:55:42 +0800] "POST /xingrg/kc/buy/cgsh_order_operate.html HTTP/1.1" 200 12
222.70.182.146 - - [29/May/2024:10:55:44 +0800] "GET /xingrg/kc/buy/cgsh_order_info.html?code=212024052908659 HTTP/1.1" 200 69535
222.70.182.146 - - [29/May/2024:10:55:45 +0800] "GET /xingrg/javascript/easyui/themes/default/validatebox.css HTTP/1.1" 404 1104
180.156.239.18 - - [29/May/2024:10:55:45 +0800] "GET /xingrg/all/function/internal_message.html?_=1716951345715&CODE_STATE=getMsg HTTP/1.1" 200 27
180.156.239.18 - - [29/May/2024:10:55:46 +0800] "GET /xingrg/check_reg.html?_=1716951346013 HTTP/1.1" 200 22
222.70.182.146 - - [29/May/2024:10:55:46 +0800] "POST /xingrg/kc/buy/cgsh_order_operate.html HTTP/1.1" 200 1223
116.237.76.229 - - [29/May/2024:10:55:49 +0800] "GET /xingrg/all/function/internal_message.html?_=1716951342309&CODE_STATE=getMsg HTTP/1.1" 200 27
61.165.227.88 - - [29/May/2024:10:55:51 +0800] "POST /xingrg/login.do HTTP/1.1" 302 -
61.165.227.88 - - [29/May/2024:10:55:51 +0800] "GET /xingrg/index.html?sysBaseUrl=http%3A%2F%2F180.169.147.146%3A18081%2Fxingrg%2F&costTime=835×tamp=1716951351616 HTTP/1.1" 200 17177
114.83.216.162 - - [29/May/2024:10:55:51 +0800] "GET /xingrg/all/function/internal_message.html?_=1716951351883&CODE_STATE=getMsg HTTP/1.1" 200 27
61.165.227.88 - - [29/May/2024:10:55:51 +0800] "GET /favicon.ico HTTP/1.1" 404 -
61.165.227.88 - - [29/May/2024:10:55:51 +0800] "GET /xingrg/all/function/internal_message.html?_=1716951354433&CODE_STATE=count HTTP/1.1" 200 11
61.165.227.88 - - [29/May/2024:10:55:51 +0800] "GET /xingrg/check_reg.html?_=1716951354434 HTTP/1.1" 200 22
61.165.227.88 - - [29/May/2024:10:55:51 +0800] "POST /xingrg/all/common/load_tree.html?tree=area_rest_tree_json&manage=1 HTTP/1.1" 200 601
61.165.227.88 - - [29/May/2024:10:55:51 +0800] "POST /xingrg/load_menu.html HTTP/1.1" 200 5138
58.40.7.146 - - [29/May/2024:10:55:52 +0800] "GET /xingrg/all/function/internal_message.html?_=1716951352058&CODE_STATE=getMsg HTTP/1.1" 200 27
222.69.132.75 - - [29/May/2024:10:55:52 +0800] "GET /xingrg/all/function/internal_message.html?_=1716951352523&CODE_STATE=getMsg HTTP/1.1" 200 27
114.83.216.162 - - [29/May/2024:10:55:52 +0800] "POST /xingrg/kc/buy/cgsh_order_operate.html HTTP/1.1" 200 37
222.70.182.146 - - [29/May/2024:10:55:52 +0800] "GET /xingrg/kc/print/load_data.html?order_code=212024052908659&kc_code=cgsh&condition= HTTP/1.1" 200 959
180.169.147.146 - - [29/May/2024:10:55:54 +0800] "GET /xingrg/all/function/internal_message.html?_=1716951356525&CODE_STATE=getMsg HTTP/1.1" 200 27
101.83.144.49 - - [29/May/2024:10:55:55 +0800] "GET /xingrg/all/function/internal_message.html?_=1716951097090&CODE_STATE=getMsg HTTP/1.1" 200 27
116.237.76.229 - - [29/May/2024:10:55:56 +0800] "GET /xingrg/javascript/auto/indicator.gif HTTP/1.1" 404 1066
61.165.227.88 - - [29/May/2024:10:55:57 +0800] "POST /xingrg/all/user/operate.html HTTP/1.1" 200 36
61.165.227.88 - - [29/May/2024:10:55:57 +0800] "GET /xingrg/index.html?sysBaseUrl=http%3A%2F%2F180.169.147.146%3A18081%2Fxingrg%2F&costTime=835×tamp=1716951351616 HTTP/1.1" 200 17177
61.165.227.88 - - [29/May/2024:10:55:57 +0800] "GET /xingrg/javascript/jquery_easy_ui/themes/default/easyui.css HTTP/1.1" 304 -
61.165.227.88 - - [29/May/2024:10:55:57 +0800] "GET /xingrg/javascript/jquery_easy_ui/themes/icon.css HTTP/1.1" 304 -
61.165.227.88 - - [29/May/2024:10:55:57 +0800] "GET /xingrg/css/form.css HTTP/1.1" 304 -
61.165.227.88 - - [29/May/2024:10:55:57 +0800] "GET /xingrg/javascript/jquery-1.4.2.min.js HTTP/1.1" 304 -
61.165.227.88 - - [29/May/2024:10:55:57 +0800] "GET /xingrg/javascript/jquery_easy_ui/jquery.easyui.min.js HTTP/1.1" 304 -
61.165.227.88 - - [29/May/2024:10:55:57 +0800] "GET /xingrg/javascript/jquery_easy_ui/easyui-lang-zh_CN.js HTTP/1.1" 304 -
61.165.227.88 - - [29/May/2024:10:55:57 +0800] "GET /xingrg/javascript/jquery.form.js HTTP/1.1" 304 -
61.165.227.88 - - [29/May/2024:10:55:57 +0800] "GET /xingrg/javascript/jquery.utils.js HTTP/1.1" 304 -
61.165.227.88 - - [29/May/2024:10:55:57 +0800] "GET /xingrg/javascript/jquery.timers.js HTTP/1.1" 304 -
