116.232.195.13 - - [29/May/2024:09:49:07 +0800] "GET /xingrg/kc/buy/cgsh_order_operate.html?command=get_materiel&rest_code=00155&code=00101009004&supplier_code=00100005&order_time=2024-05-29 HTTP/1.1" 200 409
120.253.135.82 - - [29/May/2024:09:49:20 +0800] "GET /xingrg/all/function/internal_message.html?_=1716947212615&CODE_STATE=getMsg HTTP/1.1" 200 27
180.164.6.225 - - [29/May/2024:09:49:21 +0800] "GET /xingrg/all/function/internal_message.html?_=1716947360701&CODE_STATE=getMsg HTTP/1.1" 200 27
116.232.195.13 - - [29/May/2024:09:49:24 +0800] "GET /xingrg/all/function/internal_message.html?_=1716947309654&CODE_STATE=getMsg HTTP/1.1" 200 27
222.70.240.253 - - [29/May/2024:09:49:29 +0800] "GET /xingrg/all/function/internal_message.html?_=1716947379343&CODE_STATE=getMsg HTTP/1.1" 302 -
116.238.97.31 - - [29/May/2024:09:49:31 +0800] "POST /xingrg/kc/base/wldb_order_operate.html HTTP/1.1" 200 37
116.238.97.31 - - [29/May/2024:09:49:31 +0800] "POST /xingrg/kc/base/wldb_order_operate.html HTTP/1.1" 200 10770
116.237.76.229 - - [29/May/2024:09:49:38 +0800] "GET /xingrg/all/function/internal_message.html?_=1716947371673&CODE_STATE=getMsg HTTP/1.1" 200 27
116.237.76.229 - - [29/May/2024:09:49:39 +0800] "GET /xingrg/check_reg.html?_=1716947372212 HTTP/1.1" 200 22
180.156.239.18 - - [29/May/2024:09:49:41 +0800] "GET /xingrg/all/function/internal_message.html?_=1716947381580&CODE_STATE=getMsg HTTP/1.1" 200 27
222.70.182.146 - - [29/May/2024:09:49:42 +0800] "GET /xingrg/all/function/internal_message.html?_=1716947378866&CODE_STATE=getMsg HTTP/1.1" 200 27
116.232.195.13 - - [29/May/2024:09:49:49 +0800] "GET /xingrg/kc/buy/cgsh_order_operate.html?command=get_materiel&rest_code=00155&code=00101008633&supplier_code=00100005&order_time=2024-05-29 HTTP/1.1" 200 414
116.232.195.13 - - [29/May/2024:09:49:51 +0800] "POST /xingrg/kc/buy/cgsh_order_operate.html HTTP/1.1" 200 2065
114.83.216.162 - - [29/May/2024:09:49:52 +0800] "GET /xingrg/all/function/internal_message.html?_=1716947393111&CODE_STATE=getMsg HTTP/1.1" 200 27
101.83.144.49 - - [29/May/2024:09:49:55 +0800] "GET /xingrg/all/function/internal_message.html?_=1716947137727&CODE_STATE=getMsg HTTP/1.1" 200 27
116.232.195.13 - - [29/May/2024:09:49:59 +0800] "GET /xingrg/kc/buy/cgsh_order_operate.html?command=get_materiel&rest_code=00155&code=00101009011&supplier_code=00100005&order_time=2024-05-29 HTTP/1.1" 200 416
221.239.170.140 - - [29/May/2024:09:49:59 +0800] "GET /xingrg/all/function/internal_message.html?_=1716947397766&CODE_STATE=getMsg HTTP/1.1" 200 27
116.238.97.31 - - [29/May/2024:09:50:00 +0800] "GET /xingrg/kc/base/wldb_order_info.html?code=422024052902006 HTTP/1.1" 200 30675
116.238.97.31 - - [29/May/2024:09:50:00 +0800] "GET /xingrg/javascript/easyui/themes/default/validatebox.css HTTP/1.1" 404 1104
116.238.97.31 - - [29/May/2024:09:50:01 +0800] "POST /xingrg/kc/base/wldb_order_operate.html HTTP/1.1" 200 10770
116.238.97.31 - - [29/May/2024:09:50:06 +0800] "GET /xingrg/all/function/internal_message.html?_=1716947419152&CODE_STATE=getMsg HTTP/1.1" 200 27
120.253.135.82 - - [29/May/2024:09:50:19 +0800] "GET /xingrg/check_reg.html?_=1716947272089 HTTP/1.1" 200 22
120.253.135.82 - - [29/May/2024:09:50:20 +0800] "GET /xingrg/all/function/internal_message.html?_=1716947272628&CODE_STATE=getMsg HTTP/1.1" 200 27
180.164.6.225 - - [29/May/2024:09:50:21 +0800] "GET /xingrg/all/function/internal_message.html?_=1716947420692&CODE_STATE=getMsg HTTP/1.1" 200 27
116.232.195.13 - - [29/May/2024:09:50:22 +0800] "GET /xingrg/kc/buy/cgsh_order_operate.html?command=get_materiel&rest_code=00155&code=00101009015&supplier_code=00100005&order_time=2024-05-29 HTTP/1.1" 200 416
116.238.97.31 - - [29/May/2024:09:50:23 +0800] "GET /xingrg/check_reg.html?_=1716947424074 HTTP/1.1" 200 22
116.232.195.13 - - [29/May/2024:09:50:24 +0800] "GET /xingrg/all/function/internal_message.html?_=1716947369680&CODE_STATE=getMsg HTTP/1.1" 200 27
222.70.240.253 - - [29/May/2024:09:50:29 +0800] "GET /xingrg/all/function/internal_message.html?_=1716947439348&CODE_STATE=getMsg HTTP/1.1" 302 -
116.232.195.13 - - [29/May/2024:09:50:33 +0800] "GET /xingrg/kc/buy/cgsh_order_operate.html?command=get_materiel&rest_code=00155&code=00101008061&supplier_code=00100005&order_time=2024-05-29 HTTP/1.1" 200 422
116.237.76.229 - - [29/May/2024:09:50:38 +0800] "GET /xingrg/all/function/internal_message.html?_=1716947431650&CODE_STATE=getMsg HTTP/1.1" 200 27
180.156.239.18 - - [29/May/2024:09:50:41 +0800] "GET /xingrg/all/function/internal_message.html?_=1716947441569&CODE_STATE=getMsg HTTP/1.1" 200 27
180.156.239.18 - - [29/May/2024:09:50:41 +0800] "GET /xingrg/check_reg.html?_=1716947441741 HTTP/1.1" 200 22
222.70.182.146 - - [29/May/2024:09:50:42 +0800] "GET /xingrg/all/function/internal_message.html?_=1716947438872&CODE_STATE=getMsg HTTP/1.1" 200 27
116.232.195.13 - - [29/May/2024:09:50:45 +0800] "GET /xingrg/kc/buy/cgsh_order_operate.html?command=get_materiel&rest_code=00155&code=00101008223&supplier_code=00100005&order_time=2024-05-29 HTTP/1.1" 200 412
114.83.216.162 - - [29/May/2024:09:50:52 +0800] "GET /xingrg/all/function/internal_message.html?_=1716947453085&CODE_STATE=getMsg HTTP/1.1" 200 27
114.83.216.162 - - [29/May/2024:09:50:53 +0800] "GET /xingrg/check_reg.html?_=1716947453339 HTTP/1.1" 200 22
116.232.195.13 - - [29/May/2024:09:50:54 +0800] "GET /xingrg/kc/buy/cgsh_order_operate.html?command=get_materiel&rest_code=00155&code=00101008168&supplier_code=00100005&order_time=2024-05-29 HTTP/1.1" 200 412
101.83.144.49 - - [29/May/2024:09:50:55 +0800] "GET /xingrg/all/function/internal_message.html?_=1716947197712&CODE_STATE=getMsg HTTP/1.1" 200 27
221.239.170.140 - - [29/May/2024:09:50:59 +0800] "GET /xingrg/all/function/internal_message.html?_=1716947457742&CODE_STATE=getMsg HTTP/1.1" 200 27
116.232.195.13 - - [29/May/2024:09:51:02 +0800] "POST /xingrg/kc/buy/cgsh_order_operate.html HTTP/1.1" 200 2065
116.238.97.31 - - [29/May/2024:09:51:02 +0800] "POST /xingrg/kc/base/wldb_order_operate.html HTTP/1.1" 200 37
116.238.97.31 - - [29/May/2024:09:51:03 +0800] "POST /xingrg/kc/base/wldb_order_operate.html HTTP/1.1" 200 10770
116.238.97.31 - - [29/May/2024:09:51:06 +0800] "GET /xingrg/all/function/internal_message.html?_=1716947479160&CODE_STATE=getMsg HTTP/1.1" 200 27
116.232.195.13 - - [29/May/2024:09:51:17 +0800] "GET /xingrg/kc/buy/cgsh_order_operate.html?command=get_materiel&rest_code=00155&code=00101008131&supplier_code=00100005&order_time=2024-05-29 HTTP/1.1" 200 408
120.253.135.82 - - [29/May/2024:09:51:20 +0800] "GET /xingrg/all/function/internal_message.html?_=1716947332643&CODE_STATE=getMsg HTTP/1.1" 200 27
180.164.6.225 - - [29/May/2024:09:51:21 +0800] "GET /xingrg/all/function/internal_message.html?_=1716947480698&CODE_STATE=getMsg HTTP/1.1" 200 27
116.232.195.13 - - [29/May/2024:09:51:24 +0800] "GET /xingrg/all/function/internal_message.html?_=1716947429667&CODE_STATE=getMsg HTTP/1.1" 200 27
116.232.195.13 - - [29/May/2024:09:51:26 +0800] "GET /xingrg/kc/buy/cgsh_order_operate.html?command=get_materiel&rest_code=00155&code=00101013011&supplier_code=00100005&order_time=2024-05-29 HTTP/1.1" 200 448
180.156.239.18 - - [29/May/2024:09:51:27 +0800] "GET /xingrg/javascript/jquery_easy_ui/themes/default/images/tabs_active.png HTTP/1.1" 200 2894
222.70.240.253 - - [29/May/2024:09:51:29 +0800] "GET /xingrg/all/function/internal_message.html?_=1716947499368&CODE_STATE=getMsg HTTP/1.1" 302 -
116.232.195.13 - - [29/May/2024:09:51:37 +0800] "GET /xingrg/kc/buy/cgsh_order_operate.html?command=get_materiel&rest_code=00155&code=00101008360&supplier_code=00100005&order_time=2024-05-29 HTTP/1.1" 200 412
222.67.233.39 - - [29/May/2024:09:51:37 +0800] "GET /xingrg/check_reg.html?_=1716947497443 HTTP/1.1" 200 22
116.237.76.229 - - [29/May/2024:09:51:38 +0800] "GET /xingrg/all/function/internal_message.html?_=1716947491637&CODE_STATE=getMsg HTTP/1.1" 200 27
116.238.97.31 - - [29/May/2024:09:51:40 +0800] "GET /xingrg/kc/base/wldb_order_info.html?code=422024052902006 HTTP/1.1" 200 30675
116.238.97.31 - - [29/May/2024:09:51:40 +0800] "GET /xingrg/javascript/easyui/themes/default/validatebox.css HTTP/1.1" 404 1104
116.238.97.31 - - [29/May/2024:09:51:41 +0800] "POST /xingrg/kc/base/wldb_order_operate.html HTTP/1.1" 200 10770
180.156.239.18 - - [29/May/2024:09:51:41 +0800] "GET /xingrg/all/function/internal_message.html?_=1716947501576&CODE_STATE=getMsg HTTP/1.1" 200 27
222.70.182.146 - - [29/May/2024:09:51:42 +0800] "GET /xingrg/all/function/internal_message.html?_=1716947498870&CODE_STATE=getMsg HTTP/1.1" 200 27
116.232.195.13 - - [29/May/2024:09:51:46 +0800] "GET /xingrg/kc/buy/cgsh_order_operate.html?command=get_materiel&rest_code=00155&code=00101008175&supplier_code=00100005&order_time=2024-05-29 HTTP/1.1" 200 412
116.232.195.13 - - [29/May/2024:09:51:47 +0800] "POST /xingrg/kc/buy/cgsh_order_operate.html HTTP/1.1" 200 2065
116.238.97.31 - - [29/May/2024:09:51:52 +0800] "GET /xingrg/login.html HTTP/1.1" 200 7641
116.238.97.31 - - [29/May/2024:09:51:52 +0800] "GET /favicon.ico HTTP/1.1" 404 -
114.83.216.162 - - [29/May/2024:09:51:52 +0800] "GET /xingrg/all/function/internal_message.html?_=1716947513072&CODE_STATE=getMsg HTTP/1.1" 200 27
116.238.97.31 - - [29/May/2024:09:51:54 +0800] "POST /xingrg/login.do HTTP/1.1" 302 -
116.238.97.31 - - [29/May/2024:09:51:54 +0800] "GET /xingrg/index.html?sysBaseUrl=http%3A%2F%2F180.169.147.146%3A18081%2Fxingrg%2F&costTime=828×tamp=1716947514555 HTTP/1.1" 200 17173
116.238.97.31 - - [29/May/2024:09:51:54 +0800] "GET /favicon.ico HTTP/1.1" 404 -
116.238.97.31 - - [29/May/2024:09:51:54 +0800] "GET /xingrg/check_reg.html?_=1716947515868 HTTP/1.1" 200 22
116.238.97.31 - - [29/May/2024:09:51:54 +0800] "GET /xingrg/all/function/internal_message.html?_=1716947515868&CODE_STATE=count HTTP/1.1" 200 11
116.238.97.31 - - [29/May/2024:09:51:54 +0800] "POST /xingrg/all/common/load_tree.html?tree=area_rest_tree_json&manage=1 HTTP/1.1" 200 342
116.238.97.31 - - [29/May/2024:09:51:55 +0800] "POST /xingrg/load_menu.html HTTP/1.1" 200 5138
101.83.144.49 - - [29/May/2024:09:51:55 +0800] "GET /xingrg/all/function/internal_message.html?_=1716947257697&CODE_STATE=getMsg HTTP/1.1" 200 27
116.232.195.13 - - [29/May/2024:09:51:55 +0800] "GET /xingrg/kc/buy/cgsh_order_operate.html?command=get_materiel&rest_code=00155&code=00101009031&supplier_code=00100005&order_time=2024-05-29 HTTP/1.1" 200 413
116.238.97.31 - - [29/May/2024:09:51:57 +0800] "GET /xingrg/kc/base/wldb_order_list.html HTTP/1.1" 200 19174
116.238.97.31 - - [29/May/2024:09:51:58 +0800] "POST /xingrg/kc/base/wldb_list_operate.html HTTP/1.1" 200 1769
221.239.170.140 - - [29/May/2024:09:51:59 +0800] "GET /xingrg/all/function/internal_message.html?_=1716947517709&CODE_STATE=getMsg HTTP/1.1" 200 27
116.238.97.31 - - [29/May/2024:09:51:59 +0800] "GET /xingrg/kc/base/wldb_order_add.html HTTP/1.1" 200 30658
116.238.97.31 - - [29/May/2024:09:51:59 +0800] "POST /xingrg/kc/base/wldb_order_operate.html HTTP/1.1" 200 6806
116.238.97.31 - - [29/May/2024:09:51:59 +0800] "GET /xingrg/all/common/auto_word.html?type=base&rest_code=00102 HTTP/1.1" 200 1857
116.238.97.31 - - [29/May/2024:09:51:59 +0800] "GET /xingrg/javascript/easyui/themes/default/validatebox.css HTTP/1.1" 404 1104
116.238.97.31 - - [29/May/2024:09:51:59 +0800] "GET /xingrg/all/common/auto_word.html?type=base&rest_code=00102 HTTP/1.1" 200 1857
116.238.97.31 - - [29/May/2024:09:52:00 +0800] "POST /xingrg/all/common/load_combo.html?type=base HTTP/1.1" 200 3321
116.238.97.31 - - [29/May/2024:09:52:02 +0800] "GET /xingrg/javascript/auto/indicator.gif HTTP/1.1" 404 1066
116.238.97.31 - - [29/May/2024:09:52:05 +0800] "GET /xingrg/kc/base/wldb_order_operate.html?command=get_materiel&rest_code=00102&base_code=0010476&code=00101011005 HTTP/1.1" 200 431
116.238.97.31 - - [29/May/2024:09:52:06 +0800] "GET /xingrg/all/function/internal_message.html?_=1716947539151&CODE_STATE=getMsg HTTP/1.1" 200 27
222.70.240.253 - - [29/May/2024:09:52:12 +0800] "GET /xingrg/check_reg.html?_=1716947542527 HTTP/1.1" 302 -
120.253.135.82 - - [29/May/2024:09:52:20 +0800] "GET /xingrg/all/function/internal_message.html?_=1716947392661&CODE_STATE=getMsg HTTP/1.1" 200 27
180.164.6.225 - - [29/May/2024:09:52:21 +0800] "GET /xingrg/all/function/internal_message.html?_=1716947540715&CODE_STATE=getMsg HTTP/1.1" 200 27
116.232.195.13 - - [29/May/2024:09:52:24 +0800] "GET /xingrg/all/function/internal_message.html?_=1716947489649&CODE_STATE=getMsg HTTP/1.1" 200 27
222.70.240.253 - - [29/May/2024:09:52:29 +0800] "GET /xingrg/all/function/internal_message.html?_=1716947559374&CODE_STATE=getMsg HTTP/1.1" 302 -
116.237.76.229 - - [29/May/2024:09:52:38 +0800] "GET /xingrg/all/function/internal_message.html?_=1716947551625&CODE_STATE=getMsg HTTP/1.1" 200 27
180.156.239.18 - - [29/May/2024:09:52:41 +0800] "GET /xingrg/all/function/internal_message.html?_=1716947561568&CODE_STATE=getMsg HTTP/1.1" 200 27
222.70.182.146 - - [29/May/2024:09:52:42 +0800] "GET /xingrg/all/function/internal_message.html?_=1716947558866&CODE_STATE=getMsg HTTP/1.1" 200 27
114.83.216.162 - - [29/May/2024:09:52:52 +0800] "GET /xingrg/all/function/internal_message.html?_=1716947573056&CODE_STATE=getMsg HTTP/1.1" 200 27
116.238.97.31 - - [29/May/2024:09:52:54 +0800] "GET /xingrg/all/function/internal_message.html?_=1716947575883&CODE_STATE=getMsg HTTP/1.1" 200 27
101.83.144.49 - - [29/May/2024:09:52:55 +0800] "GET /xingrg/all/function/internal_message.html?_=1716947317682&CODE_STATE=getMsg HTTP/1.1" 200 27
221.239.170.140 - - [29/May/2024:09:52:59 +0800] "GET /xingrg/all/function/internal_message.html?_=1716947577710&CODE_STATE=getMsg HTTP/1.1" 200 27
116.238.97.31 - - [29/May/2024:09:53:06 +0800] "GET /xingrg/all/function/internal_message.html?_=1716947599159&CODE_STATE=getMsg HTTP/1.1" 200 27
180.169.147.146 - - [29/May/2024:09:53:11 +0800] "GET /xingrg/check_reg.html?_=1716947589983 HTTP/1.1" 302 -
221.239.170.140 - - [29/May/2024:09:53:15 +0800] "GET /xingrg/check_reg.html?_=1716947594468 HTTP/1.1" 200 22
116.238.97.31 - - [29/May/2024:09:53:16 +0800] "GET /xingrg/kc/base/wldb_order_operate.html?command=get_materiel&rest_code=00102&base_code=0010476&code=00101016094 HTTP/1.1" 200 469
120.253.135.82 - - [29/May/2024:09:53:20 +0800] "GET /xingrg/all/function/internal_message.html?_=1716947452671&CODE_STATE=getMsg HTTP/1.1" 200 27
180.164.6.225 - - [29/May/2024:09:53:21 +0800] "GET /xingrg/check_reg.html?_=1716947600708 HTTP/1.1" 200 22
180.164.6.225 - - [29/May/2024:09:53:21 +0800] "GET /xingrg/all/function/internal_message.html?_=1716947600711&CODE_STATE=getMsg HTTP/1.1" 200 27
116.232.195.13 - - [29/May/2024:09:53:21 +0800] "GET /xingrg/check_reg.html?_=1716947546873 HTTP/1.1" 200 22
116.232.195.13 - - [29/May/2024:09:53:24 +0800] "GET /xingrg/all/function/internal_message.html?_=1716947549667&CODE_STATE=getMsg HTTP/1.1" 200 27
222.70.240.253 - - [29/May/2024:09:53:29 +0800] "GET /xingrg/all/function/internal_message.html?_=1716947619398&CODE_STATE=getMsg HTTP/1.1" 302 -
58.40.7.146 - - [29/May/2024:09:53:32 +0800] "GET /favicon.ico HTTP/1.1" 404 -
116.237.76.229 - - [29/May/2024:09:53:38 +0800] "GET /xingrg/all/function/internal_message.html?_=1716947611596&CODE_STATE=getMsg HTTP/1.1" 200 27
180.156.239.18 - - [29/May/2024:09:53:41 +0800] "GET /xingrg/all/function/internal_message.html?_=1716947621585&CODE_STATE=getMsg HTTP/1.1" 200 27
222.70.182.146 - - [29/May/2024:09:53:42 +0800] "GET /xingrg/all/function/internal_message.html?_=1716947618870&CODE_STATE=getMsg HTTP/1.1" 200 27
222.70.182.146 - - [29/May/2024:09:53:42 +0800] "GET /xingrg/check_reg.html?_=1716947618872 HTTP/1.1" 200 22
116.232.195.13 - - [29/May/2024:09:53:44 +0800] "POST /xingrg/kc/buy/cgsh_order_operate.html HTTP/1.1" 200 37
116.232.195.13 - - [29/May/2024:09:53:47 +0800] "POST /xingrg/kc/buy/cgsh_order_operate.html HTTP/1.1" 200 31141
116.232.195.13 - - [29/May/2024:09:53:49 +0800] "GET /xingrg/kc/print/load_data.html?order_code=212024052908604&kc_code=cgsh&condition= HTTP/1.1" 200 11546
114.83.216.162 - - [29/May/2024:09:53:52 +0800] "GET /xingrg/all/function/internal_message.html?_=1716947633046&CODE_STATE=getMsg HTTP/1.1" 200 27
116.238.97.31 - - [29/May/2024:09:53:54 +0800] "GET /xingrg/all/function/internal_message.html?_=1716947635884&CODE_STATE=getMsg HTTP/1.1" 200 27
116.238.97.31 - - [29/May/2024:09:53:55 +0800] "GET /xingrg/kc/base/yddb_order_list.html HTTP/1.1" 200 16780
101.83.144.49 - - [29/May/2024:09:53:55 +0800] "GET /xingrg/all/function/internal_message.html?_=1716947377667&CODE_STATE=getMsg HTTP/1.1" 200 27
101.83.144.49 - - [29/May/2024:09:53:56 +0800] "GET /xingrg/check_reg.html?_=1716947378044 HTTP/1.1" 200 22
116.238.97.31 - - [29/May/2024:09:53:56 +0800] "POST /xingrg/kc/base/yddb_list_operate.html HTTP/1.1" 200 636
116.232.195.13 - - [29/May/2024:09:53:57 +0800] "GET /xingrg/kc/print/load_data.html?order_code=212024052908604&kc_code=cgsh HTTP/1.1" 200 11546
221.239.170.140 - - [29/May/2024:09:53:59 +0800] "GET /xingrg/all/function/internal_message.html?_=1716947637700&CODE_STATE=getMsg HTTP/1.1" 200 27
116.238.97.31 - - [29/May/2024:09:54:06 +0800] "GET /xingrg/check_reg.html?_=1716947659161 HTTP/1.1" 200 22
116.238.97.31 - - [29/May/2024:09:54:06 +0800] "GET /xingrg/all/function/internal_message.html?_=1716947659164&CODE_STATE=getMsg HTTP/1.1" 200 27
116.238.97.31 - - [29/May/2024:09:54:12 +0800] "POST /xingrg/kc/base/yddb_list_operate.html HTTP/1.1" 200 4304
116.238.97.31 - - [29/May/2024:09:54:14 +0800] "POST /xingrg/kc/base/yddb_list_operate.html HTTP/1.1" 200 395
116.238.97.31 - - [29/May/2024:09:54:15 +0800] "GET /xingrg/kc/base/yddb_order_info.html?code=482024051300044 HTTP/1.1" 200 31065
116.238.97.31 - - [29/May/2024:09:54:15 +0800] "GET /xingrg/dwr/interface/AjaxComOrderService.js HTTP/1.1" 200 18264
116.238.97.31 - - [29/May/2024:09:54:15 +0800] "GET /xingrg/dwr/engine.js HTTP/1.1" 200 43631
116.238.97.31 - - [29/May/2024:09:54:15 +0800] "GET /xingrg/dwr/util.js HTTP/1.1" 304 -
116.238.97.31 - - [29/May/2024:09:54:15 +0800] "GET /xingrg/dwr/interface/AjaxYddbService.js HTTP/1.1" 200 13201
116.238.97.31 - - [29/May/2024:09:54:16 +0800] "POST /xingrg/dwr/call/plaincall/AjaxYddbService.loadMaterielItems.dwr HTTP/1.1" 200 1116
116.232.195.13 - - [29/May/2024:09:54:16 +0800] "GET /xingrg/kc/buy/cgsh_order_list.html HTTP/1.1" 200 58893
120.253.135.82 - - [29/May/2024:09:54:20 +0800] "GET /xingrg/all/function/internal_message.html?_=1716947512708&CODE_STATE=getMsg HTTP/1.1" 200 27
180.164.6.225 - - [29/May/2024:09:54:21 +0800] "GET /xingrg/all/function/internal_message.html?_=1716947660711&CODE_STATE=getMsg HTTP/1.1" 200 27
116.232.195.13 - - [29/May/2024:09:54:24 +0800] "GET /xingrg/all/function/internal_message.html?_=1716947609638&CODE_STATE=getMsg HTTP/1.1" 200 27
116.232.195.13 - - [29/May/2024:09:54:27 +0800] "POST /xingrg/kc/buy/cgsh_list_operate.html HTTP/1.1" 200 2544
222.70.240.253 - - [29/May/2024:09:54:29 +0800] "GET /xingrg/all/function/internal_message.html?_=1716947679402&CODE_STATE=getMsg HTTP/1.1" 302 -
116.232.195.13 - - [29/May/2024:09:54:36 +0800] "POST /xingrg/kc/buy/cgsh_list_operate.html HTTP/1.1" 200 564
116.232.195.13 - - [29/May/2024:09:54:37 +0800] "GET /xingrg/kc/buy/cgsh_order_info.html?code=212024052908590 HTTP/1.1" 200 74764
116.232.195.13 - - [29/May/2024:09:54:37 +0800] "GET /xingrg/javascript/easyui/themes/default/validatebox.css HTTP/1.1" 404 1104
116.237.76.229 - - [29/May/2024:09:54:38 +0800] "GET /xingrg/all/function/internal_message.html?_=1716947671585&CODE_STATE=getMsg HTTP/1.1" 200 27
116.232.195.13 - - [29/May/2024:09:54:38 +0800] "POST /xingrg/kc/buy/cgsh_order_operate.html HTTP/1.1" 200 5615
116.237.76.229 - - [29/May/2024:09:54:39 +0800] "GET /xingrg/check_reg.html?_=1716947672229 HTTP/1.1" 200 22
180.156.239.18 - - [29/May/2024:09:54:41 +0800] "GET /xingrg/all/function/internal_message.html?_=1716947681571&CODE_STATE=getMsg HTTP/1.1" 200 27
222.70.182.146 - - [29/May/2024:09:54:42 +0800] "GET /xingrg/all/function/internal_message.html?_=1716947678875&CODE_STATE=getMsg HTTP/1.1" 200 27
116.232.195.13 - - [29/May/2024:09:54:43 +0800] "GET /xingrg/kc/print/load_data.html?order_code=212024052908590&kc_code=cgsh HTTP/1.1" 200 1795
114.83.216.162 - - [29/May/2024:09:54:52 +0800] "GET /xingrg/all/function/internal_message.html?_=1716947693029&CODE_STATE=getMsg HTTP/1.1" 200 27
116.238.97.31 - - [29/May/2024:09:54:54 +0800] "GET /xingrg/all/function/internal_message.html?_=1716947695894&CODE_STATE=getMsg HTTP/1.1" 200 27
101.83.144.49 - - [29/May/2024:09:54:55 +0800] "GET /xingrg/all/function/internal_message.html?_=1716947437639&CODE_STATE=getMsg HTTP/1.1" 200 27
221.239.170.140 - - [29/May/2024:09:54:59 +0800] "GET /xingrg/all/function/internal_message.html?_=1716947697700&CODE_STATE=getMsg HTTP/1.1" 200 27
116.238.97.31 - - [29/May/2024:09:55:06 +0800] "GET /xingrg/all/function/internal_message.html?_=1716947719163&CODE_STATE=getMsg HTTP/1.1" 200 27
120.253.135.82 - - [29/May/2024:09:55:19 +0800] "GET /xingrg/check_reg.html?_=1716947572099 HTTP/1.1" 200 22
120.253.135.82 - - [29/May/2024:09:55:20 +0800] "GET /xingrg/all/function/internal_message.html?_=1716947572726&CODE_STATE=getMsg HTTP/1.1" 200 27
180.164.6.225 - - [29/May/2024:09:55:21 +0800] "GET /xingrg/all/function/internal_message.html?_=1716947720699&CODE_STATE=getMsg HTTP/1.1" 200 27
116.232.195.13 - - [29/May/2024:09:55:24 +0800] "GET /xingrg/all/function/internal_message.html?_=1716947669631&CODE_STATE=getMsg HTTP/1.1" 200 27
222.70.240.253 - - [29/May/2024:09:55:29 +0800] "GET /xingrg/all/function/internal_message.html?_=1716947739421&CODE_STATE=getMsg HTTP/1.1" 302 -
116.237.76.229 - - [29/May/2024:09:55:38 +0800] "GET /xingrg/all/function/internal_message.html?_=1716947731559&CODE_STATE=getMsg HTTP/1.1" 200 27
180.156.239.18 - - [29/May/2024:09:55:41 +0800] "GET /xingrg/all/function/internal_message.html?_=1716947741558&CODE_STATE=getMsg HTTP/1.1" 200 27
180.156.239.18 - - [29/May/2024:09:55:41 +0800] "GET /xingrg/check_reg.html?_=1716947741725 HTTP/1.1" 200 22
222.70.182.146 - - [29/May/2024:09:55:42 +0800] "GET /xingrg/all/function/internal_message.html?_=1716947738871&CODE_STATE=getMsg HTTP/1.1" 200 27
114.83.216.162 - - [29/May/2024:09:55:52 +0800] "GET /xingrg/all/function/internal_message.html?_=1716947753017&CODE_STATE=getMsg HTTP/1.1" 200 27
114.83.216.162 - - [29/May/2024:09:55:53 +0800] "GET /xingrg/check_reg.html?_=1716947753350 HTTP/1.1" 200 22
116.238.97.31 - - [29/May/2024:09:55:54 +0800] "GET /xingrg/all/function/internal_message.html?_=1716947755883&CODE_STATE=getMsg HTTP/1.1" 200 27
101.83.144.49 - - [29/May/2024:09:55:55 +0800] "GET /xingrg/all/function/internal_message.html?_=1716947497624&CODE_STATE=getMsg HTTP/1.1" 200 27
221.239.170.140 - - [29/May/2024:09:55:59 +0800] "GET /xingrg/all/function/internal_message.html?_=1716947757691&CODE_STATE=getMsg HTTP/1.1" 200 27
116.232.195.13 - - [29/May/2024:09:56:04 +0800] "POST /xingrg/kc/buy/cgsh_list_operate.html HTTP/1.1" 200 2544
116.232.195.13 - - [29/May/2024:09:56:06 +0800] "POST /xingrg/kc/buy/cgsh_list_operate.html HTTP/1.1" 200 429
116.238.97.31 - - [29/May/2024:09:56:06 +0800] "GET /xingrg/all/function/internal_message.html?_=1716947779158&CODE_STATE=getMsg HTTP/1.1" 200 27
116.232.195.13 - - [29/May/2024:09:56:07 +0800] "GET /xingrg/kc/buy/cgsh_order_info.html?code=212024052908587 HTTP/1.1" 200 74768
116.232.195.13 - - [29/May/2024:09:56:08 +0800] "GET /xingrg/javascript/easyui/themes/default/validatebox.css HTTP/1.1" 404 1104
116.232.195.13 - - [29/May/2024:09:56:09 +0800] "POST /xingrg/kc/buy/cgsh_order_operate.html HTTP/1.1" 200 4447
116.232.195.13 - - [29/May/2024:09:56:13 +0800] "GET /xingrg/kc/print/load_data.html?order_code=212024052908587&kc_code=cgsh HTTP/1.1" 200 1442
120.253.135.82 - - [29/May/2024:09:56:20 +0800] "GET /xingrg/all/function/internal_message.html?_=1716947632741&CODE_STATE=getMsg HTTP/1.1" 200 27
180.164.6.225 - - [29/May/2024:09:56:21 +0800] "GET /xingrg/all/function/internal_message.html?_=1716947780716&CODE_STATE=getMsg HTTP/1.1" 200 27
222.64.57.101 - - [29/May/2024:09:56:23 +0800] "POST /xingrg/services/DataTransmitService HTTP/1.1" 200 524
116.232.195.13 - - [29/May/2024:09:56:24 +0800] "GET /xingrg/all/function/internal_message.html?_=1716947729621&CODE_STATE=getMsg HTTP/1.1" 200 27
222.70.240.253 - - [29/May/2024:09:56:29 +0800] "GET /xingrg/all/function/internal_message.html?_=1716947799428&CODE_STATE=getMsg HTTP/1.1" 302 -
222.67.233.39 - - [29/May/2024:09:56:37 +0800] "GET /xingrg/check_reg.html?_=1716947797420 HTTP/1.1" 200 22
116.237.76.229 - - [29/May/2024:09:56:38 +0800] "GET /xingrg/all/function/internal_message.html?_=1716947791533&CODE_STATE=getMsg HTTP/1.1" 200 27
180.156.239.18 - - [29/May/2024:09:56:41 +0800] "GET /xingrg/all/function/internal_message.html?_=1716947801585&CODE_STATE=getMsg HTTP/1.1" 200 27
222.70.182.146 - - [29/May/2024:09:56:42 +0800] "GET /xingrg/all/function/internal_message.html?_=1716947798880&CODE_STATE=getMsg HTTP/1.1" 200 27
116.232.195.13 - - [29/May/2024:09:56:42 +0800] "GET /xingrg/javascript/jquery_easy_ui/themes/icons/rest.png HTTP/1.1" 200 695
116.232.195.13 - - [29/May/2024:09:56:42 +0800] "GET /xingrg/javascript/jquery_easy_ui/themes/icons/area.png HTTP/1.1" 200 262
114.83.216.162 - - [29/May/2024:09:56:52 +0800] "GET /xingrg/all/function/internal_message.html?_=1716947812993&CODE_STATE=getMsg HTTP/1.1" 200 27
116.238.97.31 - - [29/May/2024:09:56:54 +0800] "GET /xingrg/check_reg.html?_=1716947815880 HTTP/1.1" 200 22
116.238.97.31 - - [29/May/2024:09:56:54 +0800] "GET /xingrg/all/function/internal_message.html?_=1716947815885&CODE_STATE=getMsg HTTP/1.1" 200 27
101.83.144.49 - - [29/May/2024:09:56:55 +0800] "GET /xingrg/all/function/internal_message.html?_=1716947557610&CODE_STATE=getMsg HTTP/1.1" 200 27
221.239.170.140 - - [29/May/2024:09:56:59 +0800] "GET /xingrg/all/function/internal_message.html?_=1716947817688&CODE_STATE=getMsg HTTP/1.1" 200 27
116.238.97.31 - - [29/May/2024:09:57:06 +0800] "GET /xingrg/all/function/internal_message.html?_=1716947839160&CODE_STATE=getMsg HTTP/1.1" 200 27
222.70.240.253 - - [29/May/2024:09:57:12 +0800] "GET /xingrg/check_reg.html?_=1716947842543 HTTP/1.1" 302 -
120.253.135.82 - - [29/May/2024:09:57:20 +0800] "GET /xingrg/all/function/internal_message.html?_=1716947692754&CODE_STATE=getMsg HTTP/1.1" 200 27
180.164.6.225 - - [29/May/2024:09:57:21 +0800] "GET /xingrg/all/function/internal_message.html?_=1716947840704&CODE_STATE=getMsg HTTP/1.1" 200 27
116.232.195.13 - - [29/May/2024:09:57:24 +0800] "GET /xingrg/all/function/internal_message.html?_=1716947789601&CODE_STATE=getMsg HTTP/1.1" 200 27
222.70.240.253 - - [29/May/2024:09:57:29 +0800] "GET /xingrg/all/function/internal_message.html?_=1716947859447&CODE_STATE=getMsg HTTP/1.1" 302 -
116.237.76.229 - - [29/May/2024:09:57:38 +0800] "GET /xingrg/all/function/internal_message.html?_=1716947851519&CODE_STATE=getMsg HTTP/1.1" 200 27
180.156.239.18 - - [29/May/2024:09:57:41 +0800] "GET /xingrg/all/function/internal_message.html?_=1716947861564&CODE_STATE=getMsg HTTP/1.1" 200 27
222.70.182.146 - - [29/May/2024:09:57:42 +0800] "GET /xingrg/all/function/internal_message.html?_=1716947858881&CODE_STATE=getMsg HTTP/1.1" 200 27
114.83.216.162 - - [29/May/2024:09:57:52 +0800] "GET /xingrg/all/function/internal_message.html?_=1716947872978&CODE_STATE=getMsg HTTP/1.1" 200 27
116.238.97.31 - - [29/May/2024:09:57:54 +0800] "GET /xingrg/all/function/internal_message.html?_=1716947875885&CODE_STATE=getMsg HTTP/1.1" 200 27
101.83.144.49 - - [29/May/2024:09:57:55 +0800] "GET /xingrg/all/function/internal_message.html?_=1716947617596&CODE_STATE=getMsg HTTP/1.1" 200 27
221.239.170.140 - - [29/May/2024:09:57:59 +0800] "GET /xingrg/all/function/internal_message.html?_=1716947877685&CODE_STATE=getMsg HTTP/1.1" 200 27
116.238.97.31 - - [29/May/2024:09:58:06 +0800] "GET /xingrg/all/function/internal_message.html?_=1716947899164&CODE_STATE=getMsg HTTP/1.1" 200 27
180.169.147.146 - - [29/May/2024:09:58:11 +0800] "GET /xingrg/check_reg.html?_=1716947889970 HTTP/1.1" 302 -
221.239.170.140 - - [29/May/2024:09:58:15 +0800] "GET /xingrg/check_reg.html?_=1716947894467 HTTP/1.1" 200 22
120.253.135.82 - - [29/May/2024:09:58:20 +0800] "GET /xingrg/all/function/internal_message.html?_=1716947752774&CODE_STATE=getMsg HTTP/1.1" 200 27
180.164.6.225 - - [29/May/2024:09:58:21 +0800] "GET /xingrg/all/function/internal_message.html?_=1716947900699&CODE_STATE=getMsg HTTP/1.1" 200 27
180.164.6.225 - - [29/May/2024:09:58:21 +0800] "GET /xingrg/check_reg.html?_=1716947900702 HTTP/1.1" 200 22
116.232.195.13 - - [29/May/2024:09:58:21 +0800] "GET /xingrg/check_reg.html?_=1716947846858 HTTP/1.1" 200 22
116.232.195.13 - - [29/May/2024:09:58:24 +0800] "GET /xingrg/all/function/internal_message.html?_=1716947849582&CODE_STATE=getMsg HTTP/1.1" 200 27
222.70.240.253 - - [29/May/2024:09:58:29 +0800] "GET /xingrg/all/function/internal_message.html?_=1716947919455&CODE_STATE=getMsg HTTP/1.1" 302 -
116.237.76.229 - - [29/May/2024:09:58:38 +0800] "GET /xingrg/all/function/internal_message.html?_=1716947911505&CODE_STATE=getMsg HTTP/1.1" 200 27
180.156.239.18 - - [29/May/2024:09:58:41 +0800] "GET /xingrg/all/function/internal_message.html?_=1716947921579&CODE_STATE=getMsg HTTP/1.1" 200 27
222.70.182.146 - - [29/May/2024:09:58:42 +0800] "GET /xingrg/all/function/internal_message.html?_=1716947918880&CODE_STATE=getMsg HTTP/1.1" 200 27
222.70.182.146 - - [29/May/2024:09:58:42 +0800] "GET /xingrg/check_reg.html?_=1716947918878 HTTP/1.1" 200 22
114.83.216.162 - - [29/May/2024:09:58:52 +0800] "GET /xingrg/all/function/internal_message.html?_=1716947932964&CODE_STATE=getMsg HTTP/1.1" 200 27
116.238.97.31 - - [29/May/2024:09:58:54 +0800] "GET /xingrg/all/function/internal_message.html?_=1716947935881&CODE_STATE=getMsg HTTP/1.1" 200 27
101.83.144.49 - - [29/May/2024:09:58:55 +0800] "GET /xingrg/all/function/internal_message.html?_=1716947677582&CODE_STATE=getMsg HTTP/1.1" 200 27
101.83.144.49 - - [29/May/2024:09:58:56 +0800] "GET /xingrg/check_reg.html?_=1716947678038 HTTP/1.1" 200 22
221.239.170.140 - - [29/May/2024:09:58:59 +0800] "GET /xingrg/all/function/internal_message.html?_=1716947937671&CODE_STATE=getMsg HTTP/1.1" 200 27
116.238.97.31 - - [29/May/2024:09:59:06 +0800] "GET /xingrg/all/function/internal_message.html?_=1716947959154&CODE_STATE=getMsg HTTP/1.1" 200 27
116.238.97.31 - - [29/May/2024:09:59:06 +0800] "GET /xingrg/check_reg.html?_=1716947959156 HTTP/1.1" 200 22
120.253.135.82 - - [29/May/2024:09:59:20 +0800] "GET /xingrg/all/function/internal_message.html?_=1716947812781&CODE_STATE=getMsg HTTP/1.1" 200 27
180.164.6.225 - - [29/May/2024:09:59:21 +0800] "GET /xingrg/all/function/internal_message.html?_=1716947960703&CODE_STATE=getMsg HTTP/1.1" 200 27
116.232.195.13 - - [29/May/2024:09:59:24 +0800] "GET /xingrg/all/function/internal_message.html?_=1716947909565&CODE_STATE=getMsg HTTP/1.1" 200 27
222.70.240.253 - - [29/May/2024:09:59:29 +0800] "GET /xingrg/all/function/internal_message.html?_=1716947979482&CODE_STATE=getMsg HTTP/1.1" 302 -
116.237.76.229 - - [29/May/2024:09:59:38 +0800] "GET /xingrg/all/function/internal_message.html?_=1716947971491&CODE_STATE=getMsg HTTP/1.1" 200 27
116.237.76.229 - - [29/May/2024:09:59:39 +0800] "GET /xingrg/check_reg.html?_=1716947972232 HTTP/1.1" 200 22
180.156.239.18 - - [29/May/2024:09:59:41 +0800] "GET /xingrg/all/function/internal_message.html?_=1716947981572&CODE_STATE=getMsg HTTP/1.1" 200 27
222.70.182.146 - - [29/May/2024:09:59:42 +0800] "GET /xingrg/all/function/internal_message.html?_=1716947978873&CODE_STATE=getMsg HTTP/1.1" 200 27
114.83.216.162 - - [29/May/2024:09:59:52 +0800] "GET /xingrg/all/function/internal_message.html?_=1716947992944&CODE_STATE=getMsg HTTP/1.1" 200 27
116.238.97.31 - - [29/May/2024:09:59:54 +0800] "GET /xingrg/all/function/internal_message.html?_=1716947995878&CODE_STATE=getMsg HTTP/1.1" 200 27
101.83.144.49 - - [29/May/2024:09:59:55 +0800] "GET /xingrg/all/function/internal_message.html?_=1716947737555&CODE_STATE=getMsg HTTP/1.1" 200 27
221.239.170.140 - - [29/May/2024:09:59:59 +0800] "GET /xingrg/all/function/internal_message.html?_=1716947997661&CODE_STATE=getMsg HTTP/1.1" 200 27
116.238.97.31 - - [29/May/2024:10:00:06 +0800] "GET /xingrg/all/function/internal_message.html?_=1716948019156&CODE_STATE=getMsg HTTP/1.1" 200 27
120.253.135.82 - - [29/May/2024:10:00:19 +0800] "GET /xingrg/check_reg.html?_=1716947872103 HTTP/1.1" 200 22
120.253.135.82 - - [29/May/2024:10:00:20 +0800] "GET /xingrg/all/function/internal_message.html?_=1716947872795&CODE_STATE=getMsg HTTP/1.1" 200 27
180.164.6.225 - - [29/May/2024:10:00:21 +0800] "GET /xingrg/all/function/internal_message.html?_=1716948020699&CODE_STATE=getMsg HTTP/1.1" 200 27
116.232.195.13 - - [29/May/2024:10:00:24 +0800] "GET /xingrg/all/function/internal_message.html?_=1716947969549&CODE_STATE=getMsg HTTP/1.1" 200 27
222.70.240.253 - - [29/May/2024:10:00:29 +0800] "GET /xingrg/all/function/internal_message.html?_=1716948039483&CODE_STATE=getMsg HTTP/1.1" 302 -
116.237.76.229 - - [29/May/2024:10:00:38 +0800] "GET /xingrg/all/function/internal_message.html?_=1716948031469&CODE_STATE=getMsg HTTP/1.1" 200 27
180.156.239.18 - - [29/May/2024:10:00:41 +0800] "GET /xingrg/all/function/internal_message.html?_=1716948041569&CODE_STATE=getMsg HTTP/1.1" 200 27
180.156.239.18 - - [29/May/2024:10:00:41 +0800] "GET /xingrg/check_reg.html?_=1716948041704 HTTP/1.1" 200 22
222.70.182.146 - - [29/May/2024:10:00:42 +0800] "GET /xingrg/all/function/internal_message.html?_=1716948038876&CODE_STATE=getMsg HTTP/1.1" 200 27
114.83.216.162 - - [29/May/2024:10:00:52 +0800] "GET /xingrg/all/function/internal_message.html?_=1716948052929&CODE_STATE=getMsg HTTP/1.1" 200 27
114.83.216.162 - - [29/May/2024:10:00:53 +0800] "GET /xingrg/check_reg.html?_=1716948053354 HTTP/1.1" 200 22
116.238.97.31 - - [29/May/2024:10:00:54 +0800] "GET /xingrg/all/function/internal_message.html?_=1716948055871&CODE_STATE=getMsg HTTP/1.1" 200 27
101.83.144.49 - - [29/May/2024:10:00:55 +0800] "GET /xingrg/all/function/internal_message.html?_=1716947797524&CODE_STATE=getMsg HTTP/1.1" 200 27
221.239.170.140 - - [29/May/2024:10:00:59 +0800] "GET /xingrg/all/function/internal_message.html?_=1716948057657&CODE_STATE=getMsg HTTP/1.1" 200 27
116.238.97.31 - - [29/May/2024:10:01:06 +0800] "GET /xingrg/all/function/internal_message.html?_=1716948079162&CODE_STATE=getMsg HTTP/1.1" 200 27
120.253.135.82 - - [29/May/2024:10:01:20 +0800] "GET /xingrg/all/function/internal_message.html?_=1716947932809&CODE_STATE=getMsg HTTP/1.1" 200 27
180.164.6.225 - - [29/May/2024:10:01:21 +0800] "GET /xingrg/all/function/internal_message.html?_=1716948080706&CODE_STATE=getMsg HTTP/1.1" 200 27
116.232.195.13 - - [29/May/2024:10:01:24 +0800] "GET /xingrg/all/function/internal_message.html?_=1716948029525&CODE_STATE=getMsg HTTP/1.1" 200 27
222.70.240.253 - - [29/May/2024:10:01:29 +0800] "GET /xingrg/all/function/internal_message.html?_=1716948099504&CODE_STATE=getMsg HTTP/1.1" 302 -
222.67.233.39 - - [29/May/2024:10:01:37 +0800] "GET /xingrg/check_reg.html?_=1716948097408 HTTP/1.1" 200 22
116.237.76.229 - - [29/May/2024:10:01:38 +0800] "GET /xingrg/all/function/internal_message.html?_=1716948091442&CODE_STATE=getMsg HTTP/1.1" 200 27
180.156.239.18 - - [29/May/2024:10:01:41 +0800] "GET /xingrg/all/function/internal_message.html?_=1716948101567&CODE_STATE=getMsg HTTP/1.1" 200 27
222.70.182.146 - - [29/May/2024:10:01:42 +0800] "GET /xingrg/all/function/internal_message.html?_=1716948098874&CODE_STATE=getMsg HTTP/1.1" 200 27
114.83.216.162 - - [29/May/2024:10:01:52 +0800] "GET /xingrg/all/function/internal_message.html?_=1716948112915&CODE_STATE=getMsg HTTP/1.1" 200 27
116.238.97.31 - - [29/May/2024:10:01:54 +0800] "GET /xingrg/all/function/internal_message.html?_=1716948115872&CODE_STATE=getMsg HTTP/1.1" 200 27
116.238.97.31 - - [29/May/2024:10:01:54 +0800] "GET /xingrg/check_reg.html?_=1716948115875 HTTP/1.1" 200 22
101.83.144.49 - - [29/May/2024:10:01:55 +0800] "GET /xingrg/all/function/internal_message.html?_=1716947857509&CODE_STATE=getMsg HTTP/1.1" 200 27
221.239.170.140 - - [29/May/2024:10:01:59 +0800] "GET /xingrg/all/function/internal_message.html?_=1716948117638&CODE_STATE=getMsg HTTP/1.1" 200 27
116.238.97.31 - - [29/May/2024:10:02:06 +0800] "GET /xingrg/all/function/internal_message.html?_=1716948139170&CODE_STATE=getMsg HTTP/1.1" 200 27
222.70.240.253 - - [29/May/2024:10:02:12 +0800] "GET /xingrg/check_reg.html?_=1716948142538 HTTP/1.1" 302 -
120.253.135.82 - - [29/May/2024:10:02:20 +0800] "GET /xingrg/all/function/internal_message.html?_=1716947992822&CODE_STATE=getMsg HTTP/1.1" 200 27
180.164.6.225 - - [29/May/2024:10:02:21 +0800] "GET /xingrg/all/function/internal_message.html?_=1716948140698&CODE_STATE=getMsg HTTP/1.1" 200 27
116.232.195.13 - - [29/May/2024:10:02:24 +0800] "GET /xingrg/all/function/internal_message.html?_=1716948089507&CODE_STATE=getMsg HTTP/1.1" 200 27
222.70.240.253 - - [29/May/2024:10:02:29 +0800] "GET /xingrg/all/function/internal_message.html?_=1716948159511&CODE_STATE=getMsg HTTP/1.1" 302 -
116.237.76.229 - - [29/May/2024:10:02:38 +0800] "GET /xingrg/all/function/internal_message.html?_=1716948151428&CODE_STATE=getMsg HTTP/1.1" 200 27
180.156.239.18 - - [29/May/2024:10:02:41 +0800] "GET /xingrg/all/function/internal_message.html?_=1716948161586&CODE_STATE=getMsg HTTP/1.1" 200 27
222.70.182.146 - - [29/May/2024:10:02:42 +0800] "GET /xingrg/all/function/internal_message.html?_=1716948158871&CODE_STATE=getMsg HTTP/1.1" 200 27
114.83.216.162 - - [29/May/2024:10:02:52 +0800] "GET /xingrg/all/function/internal_message.html?_=1716948172900&CODE_STATE=getMsg HTTP/1.1" 200 27
116.238.97.31 - - [29/May/2024:10:02:54 +0800] "GET /xingrg/all/function/internal_message.html?_=1716948175880&CODE_STATE=getMsg HTTP/1.1" 200 27
101.83.144.49 - - [29/May/2024:10:02:55 +0800] "GET /xingrg/all/function/internal_message.html?_=1716947917494&CODE_STATE=getMsg HTTP/1.1" 200 27
221.239.170.140 - - [29/May/2024:10:02:59 +0800] "GET /xingrg/all/function/internal_message.html?_=1716948177636&CODE_STATE=getMsg HTTP/1.1" 200 27
116.238.97.31 - - [29/May/2024:10:03:06 +0800] "GET /xingrg/all/function/internal_message.html?_=1716948199161&CODE_STATE=getMsg HTTP/1.1" 200 27
180.169.147.146 - - [29/May/2024:10:03:11 +0800] "GET /xingrg/check_reg.html?_=1716948189950 HTTP/1.1" 302 -
221.239.170.140 - - [29/May/2024:10:03:15 +0800] "GET /xingrg/check_reg.html?_=1716948194474 HTTP/1.1" 200 22
120.253.135.82 - - [29/May/2024:10:03:20 +0800] "GET /xingrg/all/function/internal_message.html?_=1716948052853&CODE_STATE=getMsg HTTP/1.1" 200 27
180.164.6.225 - - [29/May/2024:10:03:21 +0800] "GET /xingrg/all/function/internal_message.html?_=1716948200705&CODE_STATE=getMsg HTTP/1.1" 200 27
180.164.6.225 - - [29/May/2024:10:03:21 +0800] "GET /xingrg/check_reg.html?_=1716948200707 HTTP/1.1" 200 22
116.232.195.13 - - [29/May/2024:10:03:21 +0800] "GET /xingrg/check_reg.html?_=1716948146863 HTTP/1.1" 200 22
116.232.195.13 - - [29/May/2024:10:03:24 +0800] "GET /xingrg/all/function/internal_message.html?_=1716948149498&CODE_STATE=getMsg HTTP/1.1" 200 27
222.70.240.253 - - [29/May/2024:10:03:29 +0800] "GET /xingrg/all/function/internal_message.html?_=1716948219532&CODE_STATE=getMsg HTTP/1.1" 302 -
116.237.76.229 - - [29/May/2024:10:03:38 +0800] "GET /xingrg/all/function/internal_message.html?_=1716948211398&CODE_STATE=getMsg HTTP/1.1" 200 27
180.156.239.18 - - [29/May/2024:10:03:41 +0800] "GET /xingrg/all/function/internal_message.html?_=1716948221575&CODE_STATE=getMsg HTTP/1.1" 200 27
222.70.182.146 - - [29/May/2024:10:03:42 +0800] "GET /xingrg/kc/buy/cgsh_order_operate.html?command=get_materiel&rest_code=00111&code=00101016105&supplier_code=00100037&order_time=2024-05-29 HTTP/1.1" 200 409
222.70.182.146 - - [29/May/2024:10:03:42 +0800] "GET /xingrg/all/function/internal_message.html?_=1716948218872&CODE_STATE=getMsg HTTP/1.1" 200 27
222.70.182.146 - - [29/May/2024:10:03:42 +0800] "GET /xingrg/check_reg.html?_=1716948218875 HTTP/1.1" 200 22
114.83.216.162 - - [29/May/2024:10:03:52 +0800] "GET /xingrg/all/function/internal_message.html?_=1716948232874&CODE_STATE=getMsg HTTP/1.1" 200 27
116.238.97.31 - - [29/May/2024:10:03:54 +0800] "GET /xingrg/all/function/internal_message.html?_=1716948235878&CODE_STATE=getMsg HTTP/1.1" 200 27
222.70.182.146 - - [29/May/2024:10:03:55 +0800] "GET /xingrg/kc/buy/cgsh_order_operate.html?command=get_materiel&rest_code=00111&code=00101013011&supplier_code=00100037&order_time=2024-05-29 HTTP/1.1" 200 448
101.83.144.49 - - [29/May/2024:10:03:55 +0800] "GET /xingrg/all/function/internal_message.html?_=1716947977479&CODE_STATE=getMsg HTTP/1.1" 200 27
101.83.144.49 - - [29/May/2024:10:03:56 +0800] "GET /xingrg/check_reg.html?_=1716947978043 HTTP/1.1" 200 22
221.239.170.140 - - [29/May/2024:10:03:59 +0800] "GET /xingrg/all/function/internal_message.html?_=1716948237623&CODE_STATE=getMsg HTTP/1.1" 200 27
222.70.182.146 - - [29/May/2024:10:04:05 +0800] "GET /xingrg/kc/buy/cgsh_order_operate.html?command=get_materiel&rest_code=00111&code=00101012029&supplier_code=00100037&order_time=2024-05-29 HTTP/1.1" 200 412
116.238.97.31 - - [29/May/2024:10:04:06 +0800] "GET /xingrg/check_reg.html?_=1716948259162 HTTP/1.1" 200 22
116.238.97.31 - - [29/May/2024:10:04:06 +0800] "GET /xingrg/all/function/internal_message.html?_=1716948259164&CODE_STATE=getMsg HTTP/1.1" 200 27
120.253.135.82 - - [29/May/2024:10:04:20 +0800] "GET /xingrg/all/function/internal_message.html?_=1716948112872&CODE_STATE=getMsg HTTP/1.1" 200 27
222.70.182.146 - - [29/May/2024:10:04:20 +0800] "GET /xingrg/kc/buy/cgsh_order_operate.html?command=get_materiel&rest_code=00111&code=00101011005&supplier_code=00100037&order_time=2024-05-29 HTTP/1.1" 200 429
180.164.6.225 - - [29/May/2024:10:04:21 +0800] "GET /xingrg/all/function/internal_message.html?_=1716948260699&CODE_STATE=getMsg HTTP/1.1" 200 27
116.232.195.13 - - [29/May/2024:10:04:23 +0800] "GET /xingrg/all/function/internal_message.html?_=1716948209480&CODE_STATE=getMsg HTTP/1.1" 200 27
222.70.240.253 - - [29/May/2024:10:04:29 +0800] "GET /xingrg/all/function/internal_message.html?_=1716948279538&CODE_STATE=getMsg HTTP/1.1" 302 -
222.70.182.146 - - [29/May/2024:10:04:30 +0800] "GET /xingrg/kc/buy/cgsh_order_operate.html?command=get_materiel&rest_code=00111&code=00101040102&supplier_code=00100037&order_time=2024-05-29 HTTP/1.1" 200 412
116.237.76.229 - - [29/May/2024:10:04:38 +0800] "GET /xingrg/all/function/internal_message.html?_=1716948271369&CODE_STATE=getMsg HTTP/1.1" 200 27
116.237.76.229 - - [29/May/2024:10:04:39 +0800] "GET /xingrg/check_reg.html?_=1716948272231 HTTP/1.1" 200 22
180.156.239.18 - - [29/May/2024:10:04:41 +0800] "GET /xingrg/all/function/internal_message.html?_=1716948281572&CODE_STATE=getMsg HTTP/1.1" 200 27
222.70.182.146 - - [29/May/2024:10:04:42 +0800] "GET /xingrg/all/function/internal_message.html?_=1716948278868&CODE_STATE=getMsg HTTP/1.1" 200 27
222.70.182.146 - - [29/May/2024:10:04:47 +0800] "GET /xingrg/kc/buy/cgsh_order_operate.html?command=get_materiel&rest_code=00111&code=00101016030&supplier_code=00100037&order_time=2024-05-29 HTTP/1.1" 200 412
114.83.216.162 - - [29/May/2024:10:04:52 +0800] "GET /xingrg/all/function/internal_message.html?_=1716948292844&CODE_STATE=getMsg HTTP/1.1" 200 27
116.238.97.31 - - [29/May/2024:10:04:54 +0800] "GET /xingrg/all/function/internal_message.html?_=1716948295878&CODE_STATE=getMsg HTTP/1.1" 200 27
101.83.144.49 - - [29/May/2024:10:04:55 +0800] "GET /xingrg/all/function/internal_message.html?_=1716948037476&CODE_STATE=getMsg HTTP/1.1" 200 27
222.70.182.146 - - [29/May/2024:10:04:56 +0800] "GET /xingrg/kc/buy/cgsh_order_operate.html?command=get_materiel&rest_code=00111&code=00101012040&supplier_code=00100037&order_time=2024-05-29 HTTP/1.1" 200 412
221.239.170.140 - - [29/May/2024:10:04:59 +0800] "GET /xingrg/all/function/internal_message.html?_=1716948297600&CODE_STATE=getMsg HTTP/1.1" 200 27
116.238.97.31 - - [29/May/2024:10:05:06 +0800] "GET /xingrg/all/function/internal_message.html?_=1716948319164&CODE_STATE=getMsg HTTP/1.1" 200 27
120.253.135.82 - - [29/May/2024:10:05:19 +0800] "GET /xingrg/check_reg.html?_=1716948172110 HTTP/1.1" 200 22
120.253.135.82 - - [29/May/2024:10:05:20 +0800] "GET /xingrg/all/function/internal_message.html?_=1716948172879&CODE_STATE=getMsg HTTP/1.1" 200 27
180.164.6.225 - - [29/May/2024:10:05:21 +0800] "GET /xingrg/all/function/internal_message.html?_=1716948320717&CODE_STATE=getMsg HTTP/1.1" 200 27
222.70.182.146 - - [29/May/2024:10:05:23 +0800] "GET /xingrg/kc/buy/cgsh_order_operate.html?command=get_materiel&rest_code=00111&code=00101009113&supplier_code=00100037&order_time=2024-05-29 HTTP/1.1" 200 413
116.232.195.13 - - [29/May/2024:10:05:23 +0800] "GET /xingrg/all/function/internal_message.html?_=1716948269465&CODE_STATE=getMsg HTTP/1.1" 200 27
222.70.240.253 - - [29/May/2024:10:05:29 +0800] "GET /xingrg/all/function/internal_message.html?_=1716948339562&CODE_STATE=getMsg HTTP/1.1" 302 -
222.70.182.146 - - [29/May/2024:10:05:36 +0800] "GET /xingrg/kc/buy/cgsh_order_operate.html?command=get_materiel&rest_code=00111&code=00101009015&supplier_code=00100037&order_time=2024-05-29 HTTP/1.1" 200 416
116.237.76.229 - - [29/May/2024:10:05:38 +0800] "GET /xingrg/all/function/internal_message.html?_=1716948331342&CODE_STATE=getMsg HTTP/1.1" 200 27
180.156.239.18 - - [29/May/2024:10:05:41 +0800] "GET /xingrg/all/function/internal_message.html?_=1716948341575&CODE_STATE=getMsg HTTP/1.1" 200 27
180.156.239.18 - - [29/May/2024:10:05:41 +0800] "GET /xingrg/check_reg.html?_=1716948341699 HTTP/1.1" 200 22
222.70.182.146 - - [29/May/2024:10:05:42 +0800] "GET /xingrg/all/function/internal_message.html?_=1716948338933&CODE_STATE=getMsg HTTP/1.1" 200 27
222.70.182.146 - - [29/May/2024:10:05:48 +0800] "GET /xingrg/kc/buy/cgsh_order_operate.html?command=get_materiel&rest_code=00111&code=00101009063&supplier_code=00100037&order_time=2024-05-29 HTTP/1.1" 200 409
114.83.216.162 - - [29/May/2024:10:05:52 +0800] "GET /xingrg/all/function/internal_message.html?_=1716948352821&CODE_STATE=getMsg HTTP/1.1" 200 27
114.83.216.162 - - [29/May/2024:10:05:53 +0800] "GET /xingrg/check_reg.html?_=1716948353375 HTTP/1.1" 200 22
116.238.97.31 - - [29/May/2024:10:05:54 +0800] "GET /xingrg/all/function/internal_message.html?_=1716948355874&CODE_STATE=getMsg HTTP/1.1" 200 27
101.83.144.49 - - [29/May/2024:10:05:55 +0800] "GET /xingrg/all/function/internal_message.html?_=1716948097460&CODE_STATE=getMsg HTTP/1.1" 200 27
221.239.170.140 - - [29/May/2024:10:05:59 +0800] "GET /xingrg/all/function/internal_message.html?_=1716948357590&CODE_STATE=getMsg HTTP/1.1" 200 27
116.238.97.31 - - [29/May/2024:10:06:06 +0800] "GET /xingrg/all/function/internal_message.html?_=1716948379152&CODE_STATE=getMsg HTTP/1.1" 200 27
222.70.182.146 - - [29/May/2024:10:06:09 +0800] "GET /xingrg/kc/buy/cgsh_order_operate.html?command=get_materiel&rest_code=00111&code=00101007109&supplier_code=00100037&order_time=2024-05-29 HTTP/1.1" 200 408
120.253.135.82 - - [29/May/2024:10:06:20 +0800] "GET /xingrg/all/function/internal_message.html?_=1716948232905&CODE_STATE=getMsg HTTP/1.1" 200 27
180.164.6.225 - - [29/May/2024:10:06:21 +0800] "GET /xingrg/all/function/internal_message.html?_=1716948380691&CODE_STATE=getMsg HTTP/1.1" 200 27
222.70.182.146 - - [29/May/2024:10:06:21 +0800] "GET /xingrg/kc/buy/cgsh_order_operate.html?command=get_materiel&rest_code=00111&code=00101019816&supplier_code=00100037&order_time=2024-05-29 HTTP/1.1" 200 447
116.232.195.13 - - [29/May/2024:10:06:24 +0800] "GET /xingrg/all/function/internal_message.html?_=1716948329450&CODE_STATE=getMsg HTTP/1.1" 200 27
222.70.240.253 - - [29/May/2024:10:06:29 +0800] "GET /xingrg/all/function/internal_message.html?_=1716948399565&CODE_STATE=getMsg HTTP/1.1" 302 -
222.70.182.146 - - [29/May/2024:10:06:37 +0800] "GET /xingrg/kc/buy/cgsh_order_operate.html?command=get_materiel&rest_code=00111&code=00101023022&supplier_code=00100037&order_time=2024-05-29 HTTP/1.1" 200 406
222.67.233.39 - - [29/May/2024:10:06:37 +0800] "GET /xingrg/check_reg.html?_=1716948397400 HTTP/1.1" 200 22
116.237.76.229 - - [29/May/2024:10:06:38 +0800] "GET /xingrg/all/function/internal_message.html?_=1716948391312&CODE_STATE=getMsg HTTP/1.1" 200 27
180.156.239.18 - - [29/May/2024:10:06:41 +0800] "GET /xingrg/all/function/internal_message.html?_=1716948401563&CODE_STATE=getMsg HTTP/1.1" 200 27
222.70.182.146 - - [29/May/2024:10:06:42 +0800] "GET /xingrg/all/function/internal_message.html?_=1716948398938&CODE_STATE=getMsg HTTP/1.1" 200 27
114.83.216.162 - - [29/May/2024:10:06:52 +0800] "GET /xingrg/all/function/internal_message.html?_=1716948412799&CODE_STATE=getMsg HTTP/1.1" 200 27
116.238.97.31 - - [29/May/2024:10:06:54 +0800] "GET /xingrg/all/function/internal_message.html?_=1716948415879&CODE_STATE=getMsg HTTP/1.1" 200 27
116.238.97.31 - - [29/May/2024:10:06:54 +0800] "GET /xingrg/check_reg.html?_=1716948415882 HTTP/1.1" 200 22
222.70.182.146 - - [29/May/2024:10:06:55 +0800] "GET /xingrg/kc/buy/cgsh_order_operate.html?command=get_materiel&rest_code=00111&code=00101009066&supplier_code=00100037&order_time=2024-05-29 HTTP/1.1" 200 416
101.83.144.49 - - [29/May/2024:10:06:55 +0800] "GET /xingrg/all/function/internal_message.html?_=1716948157445&CODE_STATE=getMsg HTTP/1.1" 200 27
221.239.170.140 - - [29/May/2024:10:06:59 +0800] "GET /xingrg/all/function/internal_message.html?_=1716948417597&CODE_STATE=getMsg HTTP/1.1" 200 27
116.238.97.31 - - [29/May/2024:10:07:06 +0800] "GET /xingrg/all/function/internal_message.html?_=1716948439152&CODE_STATE=getMsg HTTP/1.1" 200 27
222.70.240.253 - - [29/May/2024:10:07:12 +0800] "GET /xingrg/check_reg.html?_=1716948442553 HTTP/1.1" 302 -
222.70.182.146 - - [29/May/2024:10:07:13 +0800] "POST /xingrg/kc/buy/cgsh_order_operate.html HTTP/1.1" 200 37
