180.156.239.18 - - [29/May/2024:09:14:38 +0800] "GET /xingrg/kc/buy/cgsh_order_operate.html?command=get_materiel&rest_code=00150&code=00101008163&supplier_code=00100008&order_time=2024-05-29 HTTP/1.1" 200 409
116.237.76.229 - - [29/May/2024:09:14:39 +0800] "GET /xingrg/check_reg.html?_=1716945272181 HTTP/1.1" 200 22
116.237.76.229 - - [29/May/2024:09:14:39 +0800] "GET /xingrg/all/function/internal_message.html?_=1716945272177&CODE_STATE=getMsg HTTP/1.1" 200 27
114.83.216.162 - - [29/May/2024:09:14:40 +0800] "GET /xingrg/kc/buy/cgsh_order_operate.html?command=get_materiel&rest_code=00149&code=00101008101&supplier_code=00100008&order_time=2024-05-29 HTTP/1.1" 200 412
180.164.6.225 - - [29/May/2024:09:14:42 +0800] "POST /xingrg/kc/buy/cgsh_list_operate.html HTTP/1.1" 200 4097
180.156.239.18 - - [29/May/2024:09:14:45 +0800] "GET /xingrg/all/function/internal_message.html?_=1716945285322&CODE_STATE=getMsg HTTP/1.1" 200 27
180.156.239.18 - - [29/May/2024:09:14:48 +0800] "GET /xingrg/kc/buy/cgsh_order_operate.html?command=get_materiel&rest_code=00150&code=00101008291&supplier_code=00100008&order_time=2024-05-29 HTTP/1.1" 200 408
101.83.144.49 - - [29/May/2024:09:14:48 +0800] "GET /xingrg/kc/buy/cgsh_order_operate.html?command=get_materiel&rest_code=00105&code=00101008197&supplier_code=00100008&order_time=2024-05-29 HTTP/1.1" 200 416
114.83.216.162 - - [29/May/2024:09:14:50 +0800] "GET /xingrg/kc/buy/cgsh_order_operate.html?command=get_materiel&rest_code=00149&code=00101008072&supplier_code=00100008&order_time=2024-05-29 HTTP/1.1" 200 408
114.83.216.162 - - [29/May/2024:09:14:53 +0800] "GET /xingrg/all/function/internal_message.html?_=1716945293269&CODE_STATE=getMsg HTTP/1.1" 200 27
116.232.195.13 - - [29/May/2024:09:14:53 +0800] "GET /xingrg/all/function/internal_message.html?_=1716945238946&CODE_STATE=getMsg HTTP/1.1" 200 27
101.83.144.49 - - [29/May/2024:09:14:56 +0800] "GET /xingrg/all/function/internal_message.html?_=1716945037980&CODE_STATE=getMsg HTTP/1.1" 200 27
180.156.239.18 - - [29/May/2024:09:14:57 +0800] "GET /xingrg/kc/buy/cgsh_order_operate.html?command=get_materiel&rest_code=00150&code=00101008257&supplier_code=00100008&order_time=2024-05-29 HTTP/1.1" 200 416
221.239.170.140 - - [29/May/2024:09:14:59 +0800] "GET /xingrg/all/function/internal_message.html?_=1716945298367&CODE_STATE=getMsg HTTP/1.1" 200 27
114.83.216.162 - - [29/May/2024:09:15:00 +0800] "POST /xingrg/kc/buy/cgsh_order_operate.html HTTP/1.1" 200 2065
101.83.144.49 - - [29/May/2024:09:15:04 +0800] "GET /xingrg/kc/buy/cgsh_order_operate.html?command=get_materiel&rest_code=00105&code=00101008136&supplier_code=00100008&order_time=2024-05-29 HTTP/1.1" 200 413
180.156.239.18 - - [29/May/2024:09:15:05 +0800] "GET /xingrg/kc/buy/cgsh_order_operate.html?command=get_materiel&rest_code=00150&code=00101008357&supplier_code=00100008&order_time=2024-05-29 HTTP/1.1" 200 408
180.156.239.18 - - [29/May/2024:09:15:06 +0800] "POST /xingrg/kc/buy/cgsh_order_operate.html HTTP/1.1" 200 2065
114.83.216.162 - - [29/May/2024:09:15:10 +0800] "GET /xingrg/kc/buy/cgsh_order_operate.html?command=get_materiel&rest_code=00149&code=00101008244&supplier_code=00100008&order_time=2024-05-29 HTTP/1.1" 200 408
180.164.6.225 - - [29/May/2024:09:15:11 +0800] "GET /xingrg/all/function/internal_message.html?_=1716945311085&CODE_STATE=getMsg HTTP/1.1" 200 27
180.164.6.225 - - [29/May/2024:09:15:13 +0800] "GET /xingrg/check_reg.html?_=1716945312959 HTTP/1.1" 200 22
180.164.6.225 - - [29/May/2024:09:15:13 +0800] "GET /xingrg/all/function/internal_message.html?_=1716945312961&CODE_STATE=getMsg HTTP/1.1" 200 27
180.156.239.18 - - [29/May/2024:09:15:13 +0800] "GET /xingrg/kc/buy/cgsh_order_operate.html?command=get_materiel&rest_code=00150&code=00101008101&supplier_code=00100008&order_time=2024-05-29 HTTP/1.1" 200 412
120.253.135.82 - - [29/May/2024:09:15:19 +0800] "GET /xingrg/check_reg.html?_=1716945172043 HTTP/1.1" 200 22
120.253.135.82 - - [29/May/2024:09:15:19 +0800] "GET /xingrg/all/function/internal_message.html?_=1716945172110&CODE_STATE=getMsg HTTP/1.1" 200 27
180.156.239.18 - - [29/May/2024:09:15:21 +0800] "GET /xingrg/kc/buy/cgsh_order_operate.html?command=get_materiel&rest_code=00150&code=00101008210&supplier_code=00100008&order_time=2024-05-29 HTTP/1.1" 200 408
114.83.216.162 - - [29/May/2024:09:15:21 +0800] "GET /xingrg/kc/buy/cgsh_order_operate.html?command=get_materiel&rest_code=00149&code=00101008005&supplier_code=00100008&order_time=2024-05-29 HTTP/1.1" 200 412
116.232.195.13 - - [29/May/2024:09:15:23 +0800] "GET /xingrg/all/function/internal_message.html?_=1716945268815&CODE_STATE=getMsg HTTP/1.1" 200 27
101.83.144.49 - - [29/May/2024:09:15:25 +0800] "GET /xingrg/kc/buy/cgsh_order_operate.html?command=get_materiel&rest_code=00105&code=00101008354&supplier_code=00100008&order_time=2024-05-29 HTTP/1.1" 200 412
222.70.240.253 - - [29/May/2024:09:15:29 +0800] "GET /xingrg/all/function/internal_message.html?_=1716945338881&CODE_STATE=getMsg HTTP/1.1" 302 -
180.156.239.18 - - [29/May/2024:09:15:30 +0800] "GET /xingrg/kc/buy/cgsh_order_operate.html?command=get_materiel&rest_code=00150&code=00101008359&supplier_code=00100008&order_time=2024-05-29 HTTP/1.1" 200 408
116.232.195.13 - - [29/May/2024:09:15:37 +0800] "GET /xingrg/all/function/internal_message.html?_=1716945283519&CODE_STATE=getMsg HTTP/1.1" 200 27
180.156.239.18 - - [29/May/2024:09:15:38 +0800] "GET /xingrg/kc/buy/cgsh_order_operate.html?command=get_materiel&rest_code=00150&code=00101008371&supplier_code=00100008&order_time=2024-05-29 HTTP/1.1" 200 412
116.237.76.229 - - [29/May/2024:09:15:39 +0800] "GET /xingrg/all/function/internal_message.html?_=1716945332168&CODE_STATE=getMsg HTTP/1.1" 200 27
101.83.144.49 - - [29/May/2024:09:15:40 +0800] "GET /xingrg/kc/buy/cgsh_order_operate.html?command=get_materiel&rest_code=00105&code=00101008125&supplier_code=00100008&order_time=2024-05-29 HTTP/1.1" 200 413
114.83.216.162 - - [29/May/2024:09:15:42 +0800] "GET /xingrg/kc/buy/cgsh_order_operate.html?command=get_materiel&rest_code=00149&code=00101015110&supplier_code=00100008&order_time=2024-05-29 HTTP/1.1" 200 413
180.156.239.18 - - [29/May/2024:09:15:45 +0800] "GET /xingrg/check_reg.html?_=1716945345284 HTTP/1.1" 200 22
180.156.239.18 - - [29/May/2024:09:15:45 +0800] "GET /xingrg/all/function/internal_message.html?_=1716945345299&CODE_STATE=getMsg HTTP/1.1" 200 27
180.156.239.18 - - [29/May/2024:09:15:47 +0800] "GET /xingrg/kc/buy/cgsh_order_operate.html?command=get_materiel&rest_code=00150&code=00101008244&supplier_code=00100008&order_time=2024-05-29 HTTP/1.1" 200 408
180.164.6.225 - - [29/May/2024:09:15:47 +0800] "POST /xingrg/kc/buy/cgsh_list_operate.html HTTP/1.1" 200 4
180.156.239.18 - - [29/May/2024:09:15:50 +0800] "POST /xingrg/kc/buy/cgsh_order_operate.html HTTP/1.1" 200 2065
114.83.216.162 - - [29/May/2024:09:15:53 +0800] "GET /xingrg/all/function/internal_message.html?_=1716945353270&CODE_STATE=getMsg HTTP/1.1" 200 27
114.83.216.162 - - [29/May/2024:09:15:53 +0800] "GET /xingrg/check_reg.html?_=1716945353272 HTTP/1.1" 200 22
116.232.195.13 - - [29/May/2024:09:15:53 +0800] "GET /xingrg/all/function/internal_message.html?_=1716945298935&CODE_STATE=getMsg HTTP/1.1" 200 27
180.164.6.225 - - [29/May/2024:09:15:53 +0800] "POST /xingrg/kc/buy/cgsh_list_operate.html HTTP/1.1" 200 645
101.83.144.49 - - [29/May/2024:09:15:55 +0800] "GET /xingrg/kc/buy/cgsh_order_operate.html?command=get_materiel&rest_code=00105&code=00101008298&supplier_code=00100008&order_time=2024-05-29 HTTP/1.1" 200 412
101.83.144.49 - - [29/May/2024:09:15:56 +0800] "GET /xingrg/all/function/internal_message.html?_=1716945097989&CODE_STATE=getMsg HTTP/1.1" 200 27
180.164.6.225 - - [29/May/2024:09:15:56 +0800] "GET /xingrg/kc/buy/cgsh_order_add.html HTTP/1.1" 200 74792
180.164.6.225 - - [29/May/2024:09:15:56 +0800] "GET /xingrg/words/20240528134831_words.js HTTP/1.1" 304 -
180.164.6.225 - - [29/May/2024:09:15:56 +0800] "POST /xingrg/kc/buy/cgsh_order_operate.html HTTP/1.1" 200 8245
180.164.6.225 - - [29/May/2024:09:15:56 +0800] "GET /xingrg/javascript/easyui/themes/default/validatebox.css HTTP/1.1" 404 1104
180.164.6.225 - - [29/May/2024:09:15:56 +0800] "GET /xingrg/all/common/auto_word.html?type=employee&rest_code=00108 HTTP/1.1" 200 101
180.164.6.225 - - [29/May/2024:09:15:56 +0800] "GET /xingrg/all/common/auto_word.html?type=employee&rest_code=00108 HTTP/1.1" 200 101
180.156.239.18 - - [29/May/2024:09:15:57 +0800] "GET /xingrg/kc/buy/cgsh_order_operate.html?command=get_materiel&rest_code=00150&code=00101008149&supplier_code=00100008&order_time=2024-05-29 HTTP/1.1" 200 408
221.239.170.140 - - [29/May/2024:09:15:59 +0800] "GET /xingrg/all/function/internal_message.html?_=1716945358354&CODE_STATE=getMsg HTTP/1.1" 200 27
114.83.216.162 - - [29/May/2024:09:16:05 +0800] "POST /xingrg/kc/buy/cgsh_order_operate.html HTTP/1.1" 200 2065
116.238.97.31 - - [29/May/2024:09:16:05 +0800] "POST /xingrg/services/DataTransmitService HTTP/1.1" 200 524
180.156.239.18 - - [29/May/2024:09:16:07 +0800] "GET /xingrg/kc/buy/cgsh_order_operate.html?command=get_materiel&rest_code=00150&code=00101008005&supplier_code=00100008&order_time=2024-05-29 HTTP/1.1" 200 412
180.164.6.225 - - [29/May/2024:09:16:11 +0800] "GET /xingrg/all/function/internal_message.html?_=1716945371058&CODE_STATE=getMsg HTTP/1.1" 200 27
180.164.6.225 - - [29/May/2024:09:16:11 +0800] "GET /xingrg/javascript/auto/indicator.gif HTTP/1.1" 404 1066
114.83.216.162 - - [29/May/2024:09:16:12 +0800] "GET /xingrg/kc/buy/cgsh_order_operate.html?command=get_materiel&rest_code=00149&code=00101008704&supplier_code=00100008&order_time=2024-05-29 HTTP/1.1" 200 409
101.83.144.49 - - [29/May/2024:09:16:12 +0800] "GET /xingrg/kc/buy/cgsh_order_operate.html?command=get_materiel&rest_code=00105&code=00101008283&supplier_code=00100008&order_time=2024-05-29 HTTP/1.1" 200 408
180.164.6.225 - - [29/May/2024:09:16:13 +0800] "GET /xingrg/all/function/internal_message.html?_=1716945372959&CODE_STATE=getMsg HTTP/1.1" 200 27
180.164.6.225 - - [29/May/2024:09:16:14 +0800] "GET /xingrg/javascript/jquery_tools/images/next.gif HTTP/1.1" 404 1086
180.164.6.225 - - [29/May/2024:09:16:14 +0800] "GET /xingrg/javascript/jquery_tools/images/prev.gif HTTP/1.1" 404 1086
180.156.239.18 - - [29/May/2024:09:16:16 +0800] "GET /xingrg/kc/buy/cgsh_order_operate.html?command=get_materiel&rest_code=00150&code=00101008372&supplier_code=00100008&order_time=2024-05-29 HTTP/1.1" 200 408
120.253.135.82 - - [29/May/2024:09:16:19 +0800] "GET /xingrg/all/function/internal_message.html?_=1716945232119&CODE_STATE=getMsg HTTP/1.1" 200 27
114.83.216.162 - - [29/May/2024:09:16:22 +0800] "GET /xingrg/kc/buy/cgsh_order_operate.html?command=get_materiel&rest_code=00149&code=00101008509&supplier_code=00100008&order_time=2024-05-29 HTTP/1.1" 200 409
116.232.195.13 - - [29/May/2024:09:16:23 +0800] "GET /xingrg/all/function/internal_message.html?_=1716945328798&CODE_STATE=getMsg HTTP/1.1" 200 27
180.164.6.225 - - [29/May/2024:09:16:25 +0800] "GET /xingrg/kc/buy/cgsh_order_operate.html?command=get_materiel&rest_code=00108&code=00101008264&supplier_code=00100007&order_time=2024-05-29 HTTP/1.1" 200 412
180.156.239.18 - - [29/May/2024:09:16:25 +0800] "GET /xingrg/kc/buy/cgsh_order_operate.html?command=get_materiel&rest_code=00150&code=00101008284&supplier_code=00100008&order_time=2024-05-29 HTTP/1.1" 200 412
222.70.240.253 - - [29/May/2024:09:16:29 +0800] "GET /xingrg/all/function/internal_message.html?_=1716945398886&CODE_STATE=getMsg HTTP/1.1" 302 -
101.83.144.49 - - [29/May/2024:09:16:30 +0800] "GET /xingrg/kc/buy/cgsh_order_operate.html?command=get_materiel&rest_code=00105&code=00101008264&supplier_code=00100008&order_time=2024-05-29 HTTP/1.1" 200 412
180.156.239.18 - - [29/May/2024:09:16:33 +0800] "GET /xingrg/kc/buy/cgsh_order_operate.html?command=get_materiel&rest_code=00150&code=00101008704&supplier_code=00100008&order_time=2024-05-29 HTTP/1.1" 200 409
180.156.239.18 - - [29/May/2024:09:16:34 +0800] "POST /xingrg/kc/buy/cgsh_order_operate.html HTTP/1.1" 200 2065
116.232.195.13 - - [29/May/2024:09:16:34 +0800] "GET /xingrg/check_reg.html?_=1716945339920 HTTP/1.1" 200 22
180.164.6.225 - - [29/May/2024:09:16:35 +0800] "GET /xingrg/kc/buy/cgsh_order_operate.html?command=get_materiel&rest_code=00108&code=00101008137&supplier_code=00100007&order_time=2024-05-29 HTTP/1.1" 200 408
114.83.216.162 - - [29/May/2024:09:16:35 +0800] "GET /xingrg/kc/buy/cgsh_order_operate.html?command=get_materiel&rest_code=00149&code=00101008145&supplier_code=00100008&order_time=2024-05-29 HTTP/1.1" 200 416
222.67.233.39 - - [29/May/2024:09:16:37 +0800] "GET /xingrg/check_reg.html?_=1716945397523 HTTP/1.1" 200 22
116.232.195.13 - - [29/May/2024:09:16:37 +0800] "GET /xingrg/all/function/internal_message.html?_=1716945343509&CODE_STATE=getMsg HTTP/1.1" 200 27
116.232.195.13 - - [29/May/2024:09:16:37 +0800] "GET /xingrg/check_reg.html?_=1716945343511 HTTP/1.1" 200 22
116.237.76.229 - - [29/May/2024:09:16:39 +0800] "GET /xingrg/all/function/internal_message.html?_=1716945392171&CODE_STATE=getMsg HTTP/1.1" 200 27
180.156.239.18 - - [29/May/2024:09:16:42 +0800] "GET /xingrg/kc/buy/cgsh_order_operate.html?command=get_materiel&rest_code=00150&code=00101009011&supplier_code=00100008&order_time=2024-05-29 HTTP/1.1" 200 416
180.164.6.225 - - [29/May/2024:09:16:42 +0800] "GET /xingrg/kc/buy/cgsh_order_operate.html?command=get_materiel&rest_code=00108&code=00101008004&supplier_code=00100007&order_time=2024-05-29 HTTP/1.1" 200 416
101.83.144.49 - - [29/May/2024:09:16:44 +0800] "GET /xingrg/kc/buy/cgsh_order_operate.html?command=get_materiel&rest_code=00105&code=00101008352&supplier_code=00100008&order_time=2024-05-29 HTTP/1.1" 200 412
180.156.239.18 - - [29/May/2024:09:16:45 +0800] "GET /xingrg/all/function/internal_message.html?_=1716945405295&CODE_STATE=getMsg HTTP/1.1" 200 27
114.83.216.162 - - [29/May/2024:09:16:49 +0800] "GET /xingrg/kc/buy/cgsh_order_operate.html?command=get_materiel&rest_code=00149&code=00101009004&supplier_code=00100008&order_time=2024-05-29 HTTP/1.1" 200 408
180.156.239.18 - - [29/May/2024:09:16:49 +0800] "GET /xingrg/kc/buy/cgsh_order_operate.html?command=get_materiel&rest_code=00150&code=00101009015&supplier_code=00100008&order_time=2024-05-29 HTTP/1.1" 200 416
180.164.6.225 - - [29/May/2024:09:16:51 +0800] "GET /xingrg/kc/buy/cgsh_order_operate.html?command=get_materiel&rest_code=00108&code=00101008101&supplier_code=00100007&order_time=2024-05-29 HTTP/1.1" 200 412
114.83.216.162 - - [29/May/2024:09:16:53 +0800] "GET /xingrg/all/function/internal_message.html?_=1716945413285&CODE_STATE=getMsg HTTP/1.1" 200 27
116.232.195.13 - - [29/May/2024:09:16:53 +0800] "GET /xingrg/all/function/internal_message.html?_=1716945358941&CODE_STATE=getMsg HTTP/1.1" 200 27
101.83.144.49 - - [29/May/2024:09:16:56 +0800] "GET /xingrg/all/function/internal_message.html?_=1716945157987&CODE_STATE=getMsg HTTP/1.1" 200 27
114.83.216.162 - - [29/May/2024:09:16:57 +0800] "GET /xingrg/kc/buy/cgsh_order_operate.html?command=get_materiel&rest_code=00149&code=00101009113&supplier_code=00100008&order_time=2024-05-29 HTTP/1.1" 200 414
221.239.170.140 - - [29/May/2024:09:16:59 +0800] "GET /xingrg/all/function/internal_message.html?_=1716945418332&CODE_STATE=getMsg HTTP/1.1" 200 27
180.164.6.225 - - [29/May/2024:09:17:00 +0800] "GET /xingrg/kc/buy/cgsh_order_operate.html?command=get_materiel&rest_code=00108&code=00101008185&supplier_code=00100007&order_time=2024-05-29 HTTP/1.1" 200 408
114.83.216.162 - - [29/May/2024:09:17:01 +0800] "POST /xingrg/kc/buy/cgsh_order_operate.html HTTP/1.1" 200 2065
101.83.144.49 - - [29/May/2024:09:17:03 +0800] "GET /xingrg/kc/buy/cgsh_order_operate.html?command=get_materiel&rest_code=00105&code=00101008271&supplier_code=00100008&order_time=2024-05-29 HTTP/1.1" 200 408
114.83.216.162 - - [29/May/2024:09:17:06 +0800] "GET /xingrg/kc/buy/cgsh_order_operate.html?command=get_materiel&rest_code=00149&code=00101008706&supplier_code=00100008&order_time=2024-05-29 HTTP/1.1" 200 413
180.156.239.18 - - [29/May/2024:09:17:10 +0800] "GET /xingrg/kc/buy/cgsh_order_operate.html?command=get_materiel&rest_code=00150&code=00101008123&supplier_code=00100008&order_time=2024-05-29 HTTP/1.1" 200 412
180.164.6.225 - - [29/May/2024:09:17:10 +0800] "GET /xingrg/kc/buy/cgsh_order_operate.html?command=get_materiel&rest_code=00108&code=00101008163&supplier_code=00100007&order_time=2024-05-29 HTTP/1.1" 200 409
180.164.6.225 - - [29/May/2024:09:17:11 +0800] "GET /xingrg/all/function/internal_message.html?_=1716945431047&CODE_STATE=getMsg HTTP/1.1" 200 27
222.70.240.253 - - [29/May/2024:09:17:13 +0800] "GET /xingrg/check_reg.html?_=1716945442497 HTTP/1.1" 302 -
180.164.6.225 - - [29/May/2024:09:17:13 +0800] "GET /xingrg/all/function/internal_message.html?_=1716945432972&CODE_STATE=getMsg HTTP/1.1" 200 27
180.156.239.18 - - [29/May/2024:09:17:18 +0800] "GET /xingrg/kc/buy/cgsh_order_operate.html?command=get_materiel&rest_code=00150&code=00101008591&supplier_code=00100008&order_time=2024-05-29 HTTP/1.1" 200 409
120.253.135.82 - - [29/May/2024:09:17:19 +0800] "GET /xingrg/all/function/internal_message.html?_=1716945292134&CODE_STATE=getMsg HTTP/1.1" 200 27
114.83.216.162 - - [29/May/2024:09:17:20 +0800] "GET /xingrg/kc/buy/cgsh_order_operate.html?command=get_materiel&rest_code=00149&code=00101008400&supplier_code=00100008&order_time=2024-05-29 HTTP/1.1" 200 409
101.83.144.49 - - [29/May/2024:09:17:20 +0800] "GET /xingrg/kc/buy/cgsh_order_operate.html?command=get_materiel&rest_code=00105&code=00101008069&supplier_code=00100008&order_time=2024-05-29 HTTP/1.1" 200 412
180.164.6.225 - - [29/May/2024:09:17:21 +0800] "GET /xingrg/kc/buy/cgsh_order_operate.html?command=get_materiel&rest_code=00108&code=00101008148&supplier_code=00100007&order_time=2024-05-29 HTTP/1.1" 200 416
116.232.195.13 - - [29/May/2024:09:17:23 +0800] "GET /xingrg/all/function/internal_message.html?_=1716945388782&CODE_STATE=getMsg HTTP/1.1" 200 27
180.164.6.225 - - [29/May/2024:09:17:25 +0800] "GET /xingrg/check_reg.html?_=1716945445559 HTTP/1.1" 200 22
222.70.240.253 - - [29/May/2024:09:17:29 +0800] "GET /xingrg/all/function/internal_message.html?_=1716945458903&CODE_STATE=getMsg HTTP/1.1" 302 -
180.164.6.225 - - [29/May/2024:09:17:32 +0800] "GET /xingrg/kc/buy/cgsh_order_operate.html?command=get_materiel&rest_code=00108&code=00101008357&supplier_code=00100007&order_time=2024-05-29 HTTP/1.1" 200 408
116.232.195.13 - - [29/May/2024:09:17:37 +0800] "GET /xingrg/all/function/internal_message.html?_=1716945403522&CODE_STATE=getMsg HTTP/1.1" 200 27
116.237.76.229 - - [29/May/2024:09:17:39 +0800] "GET /xingrg/all/function/internal_message.html?_=1716945452171&CODE_STATE=getMsg HTTP/1.1" 200 27
114.83.216.162 - - [29/May/2024:09:17:42 +0800] "POST /xingrg/kc/buy/cgsh_order_operate.html HTTP/1.1" 200 37
180.164.6.225 - - [29/May/2024:09:17:44 +0800] "GET /xingrg/kc/buy/cgsh_order_operate.html?command=get_materiel&rest_code=00108&code=00101008354&supplier_code=00100007&order_time=2024-05-29 HTTP/1.1" 200 412
101.83.144.49 - - [29/May/2024:09:17:44 +0800] "GET /xingrg/kc/buy/cgsh_order_operate.html?command=get_materiel&rest_code=00105&code=00101008131&supplier_code=00100008&order_time=2024-05-29 HTTP/1.1" 200 408
180.156.239.18 - - [29/May/2024:09:17:45 +0800] "GET /xingrg/all/function/internal_message.html?_=1716945465278&CODE_STATE=getMsg HTTP/1.1" 200 27
114.83.216.162 - - [29/May/2024:09:17:53 +0800] "GET /xingrg/all/function/internal_message.html?_=1716945473276&CODE_STATE=getMsg HTTP/1.1" 200 27
116.232.195.13 - - [29/May/2024:09:17:53 +0800] "GET /xingrg/all/function/internal_message.html?_=1716945418936&CODE_STATE=getMsg HTTP/1.1" 200 27
180.164.6.225 - - [29/May/2024:09:17:54 +0800] "GET /xingrg/kc/buy/cgsh_order_operate.html?command=get_materiel&rest_code=00108&code=00101008198&supplier_code=00100007&order_time=2024-05-29 HTTP/1.1" 200 413
101.83.144.49 - - [29/May/2024:09:17:56 +0800] "GET /xingrg/all/function/internal_message.html?_=1716945217990&CODE_STATE=getMsg HTTP/1.1" 200 27
114.83.216.162 - - [29/May/2024:09:17:58 +0800] "POST /xingrg/kc/buy/cgsh_order_operate.html HTTP/1.1" 200 12
221.239.170.140 - - [29/May/2024:09:17:59 +0800] "GET /xingrg/all/function/internal_message.html?_=1716945478305&CODE_STATE=getMsg HTTP/1.1" 200 27
180.164.6.225 - - [29/May/2024:09:18:04 +0800] "GET /xingrg/kc/buy/cgsh_order_operate.html?command=get_materiel&rest_code=00108&code=00101008038&supplier_code=00100007&order_time=2024-05-29 HTTP/1.1" 200 413
101.83.144.49 - - [29/May/2024:09:18:05 +0800] "GET /xingrg/kc/buy/cgsh_order_operate.html?command=get_materiel&rest_code=00105&code=00101008353&supplier_code=00100008&order_time=2024-05-29 HTTP/1.1" 200 408
114.83.216.162 - - [29/May/2024:09:18:05 +0800] "GET /xingrg/kc/buy/cgsh_order_info.html?code=212024052908574 HTTP/1.1" 200 69659
114.83.216.162 - - [29/May/2024:09:18:05 +0800] "GET /xingrg/javascript/easyui/themes/default/validatebox.css HTTP/1.1" 404 1104
114.83.216.162 - - [29/May/2024:09:18:06 +0800] "POST /xingrg/kc/buy/cgsh_order_operate.html HTTP/1.1" 200 27227
114.83.216.162 - - [29/May/2024:09:18:08 +0800] "GET /xingrg/kc/print/load_config.html?kc_code=cgsh HTTP/1.1" 200 1927
114.83.216.162 - - [29/May/2024:09:18:08 +0800] "GET /xingrg/kc/print/load_data.html?order_code=212024052908574&kc_code=cgsh&condition= HTTP/1.1" 200 10784
116.235.94.80 - - [29/May/2024:09:18:09 +0800] "POST /xingrg/services/DataTransmitService HTTP/1.1" 200 524
180.169.147.146 - - [29/May/2024:09:18:11 +0800] "GET /xingrg/check_reg.html?_=1716945490119 HTTP/1.1" 302 -
180.164.6.225 - - [29/May/2024:09:18:11 +0800] "GET /xingrg/all/function/internal_message.html?_=1716945491022&CODE_STATE=getMsg HTTP/1.1" 200 27
180.164.6.225 - - [29/May/2024:09:18:13 +0800] "GET /xingrg/all/function/internal_message.html?_=1716945492970&CODE_STATE=getMsg HTTP/1.1" 200 27
114.83.216.162 - - [29/May/2024:09:18:15 +0800] "GET /xingrg/kc/buy/cgsh_order_add.html HTTP/1.1" 200 74788
221.239.170.140 - - [29/May/2024:09:18:15 +0800] "GET /xingrg/check_reg.html?_=1716945494506 HTTP/1.1" 200 22
114.83.216.162 - - [29/May/2024:09:18:16 +0800] "POST /xingrg/kc/buy/cgsh_order_operate.html HTTP/1.1" 200 8245
114.83.216.162 - - [29/May/2024:09:18:16 +0800] "GET /xingrg/javascript/easyui/themes/default/validatebox.css HTTP/1.1" 404 1104
120.253.135.82 - - [29/May/2024:09:18:19 +0800] "GET /xingrg/all/function/internal_message.html?_=1716945352150&CODE_STATE=getMsg HTTP/1.1" 200 27
116.232.195.13 - - [29/May/2024:09:18:23 +0800] "GET /xingrg/all/function/internal_message.html?_=1716945448775&CODE_STATE=getMsg HTTP/1.1" 200 27
180.156.239.18 - - [29/May/2024:09:18:23 +0800] "POST /xingrg/kc/buy/cgsh_order_operate.html HTTP/1.1" 200 37
180.164.6.225 - - [29/May/2024:09:18:26 +0800] "GET /xingrg/kc/buy/cgsh_order_operate.html?command=get_materiel&rest_code=00108&code=00101008674&supplier_code=00100007&order_time=2024-05-29 HTTP/1.1" 200 412
180.156.239.18 - - [29/May/2024:09:18:26 +0800] "POST /xingrg/kc/buy/cgsh_order_operate.html HTTP/1.1" 200 31030
222.70.240.253 - - [29/May/2024:09:18:29 +0800] "GET /xingrg/all/function/internal_message.html?_=1716945518913&CODE_STATE=getMsg HTTP/1.1" 302 -
180.164.6.225 - - [29/May/2024:09:18:36 +0800] "GET /xingrg/kc/buy/cgsh_order_operate.html?command=get_materiel&rest_code=00108&code=00101008010&supplier_code=00100007&order_time=2024-05-29 HTTP/1.1" 200 412
116.232.195.13 - - [29/May/2024:09:18:37 +0800] "GET /xingrg/all/function/internal_message.html?_=1716945463519&CODE_STATE=getMsg HTTP/1.1" 200 27
222.70.182.146 - - [29/May/2024:09:18:38 +0800] "GET /xingrg/login.html HTTP/1.1" 200 7641
116.237.76.229 - - [29/May/2024:09:18:39 +0800] "GET /xingrg/all/function/internal_message.html?_=1716945512173&CODE_STATE=getMsg HTTP/1.1" 200 27
222.70.182.146 - - [29/May/2024:09:18:39 +0800] "GET /favicon.ico HTTP/1.1" 404 -
222.70.182.146 - - [29/May/2024:09:18:41 +0800] "POST /xingrg/login.do HTTP/1.1" 302 -
222.70.182.146 - - [29/May/2024:09:18:41 +0800] "GET /xingrg/index.html?sysBaseUrl=http%3A%2F%2F180.169.147.146%3A18081%2Fxingrg%2F&costTime=824×tamp=1716945521675 HTTP/1.1" 200 17173
222.70.182.146 - - [29/May/2024:09:18:42 +0800] "GET /favicon.ico HTTP/1.1" 404 -
222.70.182.146 - - [29/May/2024:09:18:42 +0800] "POST /xingrg/all/common/load_tree.html?tree=area_rest_tree_json&manage=1 HTTP/1.1" 200 342
222.70.182.146 - - [29/May/2024:09:18:42 +0800] "GET /xingrg/check_reg.html?_=1716945518834 HTTP/1.1" 200 22
222.70.182.146 - - [29/May/2024:09:18:42 +0800] "GET /xingrg/all/function/internal_message.html?_=1716945518833&CODE_STATE=count HTTP/1.1" 200 11
222.70.182.146 - - [29/May/2024:09:18:42 +0800] "POST /xingrg/load_menu.html HTTP/1.1" 200 5138
180.156.239.18 - - [29/May/2024:09:18:45 +0800] "GET /xingrg/all/function/internal_message.html?_=1716945525293&CODE_STATE=getMsg HTTP/1.1" 200 27
180.164.6.225 - - [29/May/2024:09:18:51 +0800] "GET /xingrg/kc/buy/cgsh_order_operate.html?command=get_materiel&rest_code=00108&code=00101008283&supplier_code=00100007&order_time=2024-05-29 HTTP/1.1" 200 408
114.83.216.162 - - [29/May/2024:09:18:53 +0800] "GET /xingrg/all/function/internal_message.html?_=1716945533279&CODE_STATE=getMsg HTTP/1.1" 200 27
116.232.195.13 - - [29/May/2024:09:18:53 +0800] "GET /xingrg/all/function/internal_message.html?_=1716945478937&CODE_STATE=getMsg HTTP/1.1" 200 27
116.232.195.13 - - [29/May/2024:09:18:53 +0800] "GET /xingrg/check_reg.html?_=1716945478938 HTTP/1.1" 200 22
101.83.144.49 - - [29/May/2024:09:18:56 +0800] "GET /xingrg/check_reg.html?_=1716945277987 HTTP/1.1" 200 22
101.83.144.49 - - [29/May/2024:09:18:56 +0800] "GET /xingrg/all/function/internal_message.html?_=1716945277991&CODE_STATE=getMsg HTTP/1.1" 200 27
221.239.170.140 - - [29/May/2024:09:18:59 +0800] "GET /xingrg/all/function/internal_message.html?_=1716945538283&CODE_STATE=getMsg HTTP/1.1" 200 27
222.70.182.146 - - [29/May/2024:09:18:59 +0800] "GET /xingrg/kc/buy/cgsh_order_list.html HTTP/1.1" 200 58887
180.164.6.225 - - [29/May/2024:09:19:00 +0800] "GET /xingrg/kc/buy/cgsh_order_operate.html?command=get_materiel&rest_code=00108&code=00101008182&supplier_code=00100007&order_time=2024-05-29 HTTP/1.1" 200 412
222.70.182.146 - - [29/May/2024:09:19:02 +0800] "POST /xingrg/kc/buy/cgsh_list_operate.html HTTP/1.1" 200 645
222.70.182.146 - - [29/May/2024:09:19:04 +0800] "GET /xingrg/kc/buy/cgsh_order_add.html HTTP/1.1" 200 74656
222.70.182.146 - - [29/May/2024:09:19:04 +0800] "GET /xingrg/words/20240528134831_words.js HTTP/1.1" 304 -
222.70.182.146 - - [29/May/2024:09:19:04 +0800] "POST /xingrg/kc/buy/cgsh_order_operate.html HTTP/1.1" 200 8245
222.70.182.146 - - [29/May/2024:09:19:04 +0800] "GET /xingrg/javascript/easyui/themes/default/validatebox.css HTTP/1.1" 404 1104
222.70.182.146 - - [29/May/2024:09:19:04 +0800] "GET /xingrg/all/common/auto_word.html?type=employee&rest_code=00111 HTTP/1.1" 200 105
222.70.182.146 - - [29/May/2024:09:19:04 +0800] "GET /xingrg/all/common/auto_word.html?type=employee&rest_code=00111 HTTP/1.1" 200 105
101.83.144.49 - - [29/May/2024:09:19:05 +0800] "GET /xingrg/kc/buy/cgsh_order_operate.html?command=get_materiel&rest_code=00105&code=00101008361&supplier_code=00100008&order_time=2024-05-29 HTTP/1.1" 200 408
222.70.182.146 - - [29/May/2024:09:19:09 +0800] "GET /xingrg/javascript/auto/indicator.gif HTTP/1.1" 404 1066
222.70.182.146 - - [29/May/2024:09:19:11 +0800] "GET /xingrg/javascript/jquery_tools/images/prev.gif HTTP/1.1" 404 1086
222.70.182.146 - - [29/May/2024:09:19:11 +0800] "GET /xingrg/javascript/jquery_tools/images/next.gif HTTP/1.1" 404 1086
180.164.6.225 - - [29/May/2024:09:19:11 +0800] "GET /xingrg/all/function/internal_message.html?_=1716945550999&CODE_STATE=getMsg HTTP/1.1" 200 27
180.164.6.225 - - [29/May/2024:09:19:13 +0800] "GET /xingrg/all/function/internal_message.html?_=1716945552955&CODE_STATE=getMsg HTTP/1.1" 200 27
180.164.6.225 - - [29/May/2024:09:19:14 +0800] "GET /xingrg/kc/buy/cgsh_order_operate.html?command=get_materiel&rest_code=00108&code=00101008371&supplier_code=00100007&order_time=2024-05-29 HTTP/1.1" 200 412
120.253.135.82 - - [29/May/2024:09:19:19 +0800] "GET /xingrg/all/function/internal_message.html?_=1716945412161&CODE_STATE=getMsg HTTP/1.1" 200 27
222.70.182.146 - - [29/May/2024:09:19:20 +0800] "GET /xingrg/kc/buy/cgsh_order_operate.html?command=get_materiel&rest_code=00111&code=00101008176&supplier_code=00100008&order_time=2024-05-29 HTTP/1.1" 200 413
116.232.195.13 - - [29/May/2024:09:19:23 +0800] "GET /xingrg/all/function/internal_message.html?_=1716945508751&CODE_STATE=getMsg HTTP/1.1" 200 27
180.164.6.225 - - [29/May/2024:09:19:24 +0800] "GET /xingrg/kc/buy/cgsh_order_operate.html?command=get_materiel&rest_code=00108&code=00101008694&supplier_code=00100007&order_time=2024-05-29 HTTP/1.1" 200 420
222.70.240.253 - - [29/May/2024:09:19:29 +0800] "GET /xingrg/all/function/internal_message.html?_=1716945578937&CODE_STATE=getMsg HTTP/1.1" 302 -
116.237.76.229 - - [29/May/2024:09:19:31 +0800] "GET /xingrg/kc/buy/cgsh_order_add.html HTTP/1.1" 200 74700
116.237.76.229 - - [29/May/2024:09:19:32 +0800] "POST /xingrg/kc/buy/cgsh_order_operate.html HTTP/1.1" 200 8245
116.237.76.229 - - [29/May/2024:09:19:32 +0800] "GET /xingrg/javascript/easyui/themes/default/validatebox.css HTTP/1.1" 404 1104
101.83.144.49 - - [29/May/2024:09:19:32 +0800] "GET /xingrg/kc/buy/cgsh_order_operate.html?command=get_materiel&rest_code=00105&code=00101008355&supplier_code=00100008&order_time=2024-05-29 HTTP/1.1" 200 408
222.70.182.146 - - [29/May/2024:09:19:33 +0800] "GET /xingrg/kc/buy/cgsh_order_operate.html?command=get_materiel&rest_code=00111&code=00101008196&supplier_code=00100008&order_time=2024-05-29 HTTP/1.1" 200 416
180.164.6.225 - - [29/May/2024:09:19:35 +0800] "GET /xingrg/kc/buy/cgsh_order_operate.html?command=get_materiel&rest_code=00108&code=00101013266&supplier_code=00100007&order_time=2024-05-29 HTTP/1.1" 200 434
116.232.195.13 - - [29/May/2024:09:19:37 +0800] "GET /xingrg/all/function/internal_message.html?_=1716945523510&CODE_STATE=getMsg HTTP/1.1" 200 27
116.237.76.229 - - [29/May/2024:09:19:39 +0800] "GET /xingrg/all/function/internal_message.html?_=1716945572185&CODE_STATE=getMsg HTTP/1.1" 200 27
116.237.76.229 - - [29/May/2024:09:19:39 +0800] "GET /xingrg/check_reg.html?_=1716945572188 HTTP/1.1" 200 22
222.70.182.146 - - [29/May/2024:09:19:42 +0800] "GET /xingrg/all/function/internal_message.html?_=1716945578836&CODE_STATE=getMsg HTTP/1.1" 200 27
180.156.239.18 - - [29/May/2024:09:19:45 +0800] "GET /xingrg/all/function/internal_message.html?_=1716945585295&CODE_STATE=getMsg HTTP/1.1" 200 27
116.237.76.229 - - [29/May/2024:09:19:51 +0800] "GET /xingrg/javascript/easyui/themes/default/tree.css HTTP/1.1" 404 1090
116.237.76.229 - - [29/May/2024:09:19:52 +0800] "POST /xingrg/all/common/load_tree.html?tree=supplier_tree_json&isDelete=1 HTTP/1.1" 200 80320
101.83.144.49 - - [29/May/2024:09:19:52 +0800] "GET /xingrg/kc/buy/cgsh_order_operate.html?command=get_materiel&rest_code=00105&code=00101008004&supplier_code=00100008&order_time=2024-05-29 HTTP/1.1" 200 416
180.164.6.225 - - [29/May/2024:09:19:53 +0800] "GET /xingrg/kc/buy/cgsh_order_operate.html?command=get_materiel&rest_code=00108&code=00101013137&supplier_code=00100007&order_time=2024-05-29 HTTP/1.1" 200 414
114.83.216.162 - - [29/May/2024:09:19:53 +0800] "GET /xingrg/all/function/internal_message.html?_=1716945593272&CODE_STATE=getMsg HTTP/1.1" 200 27
116.232.195.13 - - [29/May/2024:09:19:53 +0800] "GET /xingrg/all/function/internal_message.html?_=1716945538932&CODE_STATE=getMsg HTTP/1.1" 200 27
101.83.144.49 - - [29/May/2024:09:19:56 +0800] "GET /xingrg/all/function/internal_message.html?_=1716945337997&CODE_STATE=getMsg HTTP/1.1" 200 27
222.70.182.146 - - [29/May/2024:09:19:56 +0800] "GET /xingrg/kc/buy/cgsh_order_operate.html?command=get_materiel&rest_code=00111&code=00101008354&supplier_code=00100008&order_time=2024-05-29 HTTP/1.1" 200 412
221.239.170.140 - - [29/May/2024:09:19:59 +0800] "GET /xingrg/all/function/internal_message.html?_=1716945598268&CODE_STATE=getMsg HTTP/1.1" 200 27
180.164.6.225 - - [29/May/2024:09:20:00 +0800] "GET /xingrg/kc/buy/cgsh_order_operate.html?command=get_materiel&rest_code=00108&code=00101008375&supplier_code=00100007&order_time=2024-05-29 HTTP/1.1" 200 416
116.237.76.229 - - [29/May/2024:09:20:05 +0800] "GET /xingrg/javascript/auto/indicator.gif HTTP/1.1" 404 1066
180.164.6.225 - - [29/May/2024:09:20:09 +0800] "GET /xingrg/kc/buy/cgsh_order_operate.html?command=get_materiel&rest_code=00108&code=00101008131&supplier_code=00100007&order_time=2024-05-29 HTTP/1.1" 200 408
101.83.144.49 - - [29/May/2024:09:20:10 +0800] "GET /xingrg/kc/buy/cgsh_order_operate.html?command=get_materiel&rest_code=00105&code=00101008811&supplier_code=00100008&order_time=2024-05-29 HTTP/1.1" 200 398
180.164.6.225 - - [29/May/2024:09:20:10 +0800] "POST /xingrg/kc/buy/cgsh_order_operate.html HTTP/1.1" 200 2065
180.164.6.225 - - [29/May/2024:09:20:11 +0800] "GET /xingrg/all/function/internal_message.html?_=1716945610982&CODE_STATE=getMsg HTTP/1.1" 200 27
222.70.182.146 - - [29/May/2024:09:20:12 +0800] "GET /xingrg/kc/buy/cgsh_order_operate.html?command=get_materiel&rest_code=00111&code=00101008283&supplier_code=00100008&order_time=2024-05-29 HTTP/1.1" 200 408
180.164.6.225 - - [29/May/2024:09:20:13 +0800] "GET /xingrg/all/function/internal_message.html?_=1716945612966&CODE_STATE=getMsg HTTP/1.1" 200 27
180.164.6.225 - - [29/May/2024:09:20:13 +0800] "GET /xingrg/check_reg.html?_=1716945612970 HTTP/1.1" 200 22
120.253.135.82 - - [29/May/2024:09:20:19 +0800] "GET /xingrg/check_reg.html?_=1716945472059 HTTP/1.1" 200 22
120.253.135.82 - - [29/May/2024:09:20:19 +0800] "GET /xingrg/all/function/internal_message.html?_=1716945472173&CODE_STATE=getMsg HTTP/1.1" 200 27
116.237.76.229 - - [29/May/2024:09:20:22 +0800] "GET /xingrg/kc/buy/cgsh_order_operate.html?command=get_materiel&rest_code=00106&code=00101008147&supplier_code=00100009&order_time=2024-05-29 HTTP/1.1" 200 416
116.232.195.13 - - [29/May/2024:09:20:23 +0800] "GET /xingrg/all/function/internal_message.html?_=1716945568726&CODE_STATE=getMsg HTTP/1.1" 200 27
222.70.240.253 - - [29/May/2024:09:20:29 +0800] "GET /xingrg/all/function/internal_message.html?_=1716945638939&CODE_STATE=getMsg HTTP/1.1" 302 -
180.164.6.225 - - [29/May/2024:09:20:30 +0800] "GET /xingrg/kc/buy/cgsh_order_operate.html?command=get_materiel&rest_code=00108&code=00101008353&supplier_code=00100007&order_time=2024-05-29 HTTP/1.1" 200 408
101.83.144.49 - - [29/May/2024:09:20:30 +0800] "GET /xingrg/kc/buy/cgsh_order_operate.html?command=get_materiel&rest_code=00105&code=00101008213&supplier_code=00100008&order_time=2024-05-29 HTTP/1.1" 200 412
222.70.182.146 - - [29/May/2024:09:20:33 +0800] "GET /xingrg/kc/buy/cgsh_order_operate.html?command=get_materiel&rest_code=00111&code=00101008069&supplier_code=00100008&order_time=2024-05-29 HTTP/1.1" 200 412
116.232.195.13 - - [29/May/2024:09:20:37 +0800] "GET /xingrg/all/function/internal_message.html?_=1716945583512&CODE_STATE=getMsg HTTP/1.1" 200 27
222.70.182.146 - - [29/May/2024:09:20:42 +0800] "GET /xingrg/all/function/internal_message.html?_=1716945638838&CODE_STATE=getMsg HTTP/1.1" 200 27
116.237.76.229 - - [29/May/2024:09:20:44 +0800] "POST /xingrg/kc/buy/cgsh_order_operate.html HTTP/1.1" 200 37
180.156.239.18 - - [29/May/2024:09:20:45 +0800] "GET /xingrg/check_reg.html?_=1716945645284 HTTP/1.1" 200 22
180.156.239.18 - - [29/May/2024:09:20:45 +0800] "GET /xingrg/all/function/internal_message.html?_=1716945645288&CODE_STATE=getMsg HTTP/1.1" 200 27
222.70.182.146 - - [29/May/2024:09:20:47 +0800] "GET /xingrg/kc/buy/cgsh_order_operate.html?command=get_materiel&rest_code=00111&code=00101008131&supplier_code=00100008&order_time=2024-05-29 HTTP/1.1" 200 408
101.83.144.49 - - [29/May/2024:09:20:48 +0800] "GET /xingrg/kc/buy/cgsh_order_operate.html?command=get_materiel&rest_code=00105&code=00101008163&supplier_code=00100008&order_time=2024-05-29 HTTP/1.1" 200 409
101.83.144.49 - - [29/May/2024:09:20:51 +0800] "POST /xingrg/kc/buy/cgsh_order_operate.html HTTP/1.1" 200 2065
114.83.216.162 - - [29/May/2024:09:20:53 +0800] "GET /xingrg/all/function/internal_message.html?_=1716945653282&CODE_STATE=getMsg HTTP/1.1" 200 27
114.83.216.162 - - [29/May/2024:09:20:53 +0800] "GET /xingrg/check_reg.html?_=1716945653286 HTTP/1.1" 200 22
116.237.76.229 - - [29/May/2024:09:20:53 +0800] "POST /xingrg/kc/buy/cgsh_order_operate.html HTTP/1.1" 200 12
116.232.195.13 - - [29/May/2024:09:20:53 +0800] "GET /xingrg/all/function/internal_message.html?_=1716945598946&CODE_STATE=getMsg HTTP/1.1" 200 27
180.164.6.225 - - [29/May/2024:09:20:53 +0800] "GET /xingrg/kc/buy/cgsh_order_operate.html?command=get_materiel&rest_code=00108&code=00101008286&supplier_code=00100007&order_time=2024-05-29 HTTP/1.1" 200 408
116.237.76.229 - - [29/May/2024:09:20:55 +0800] "GET /xingrg/kc/buy/cgsh_order_info.html?code=212024052908576 HTTP/1.1" 200 69577
101.83.144.49 - - [29/May/2024:09:20:56 +0800] "GET /xingrg/all/function/internal_message.html?_=1716945397991&CODE_STATE=getMsg HTTP/1.1" 200 27
116.237.76.229 - - [29/May/2024:09:20:56 +0800] "GET /xingrg/javascript/easyui/themes/default/validatebox.css HTTP/1.1" 404 1104
116.237.76.229 - - [29/May/2024:09:20:57 +0800] "POST /xingrg/kc/buy/cgsh_order_operate.html HTTP/1.1" 200 609
221.239.170.140 - - [29/May/2024:09:20:59 +0800] "GET /xingrg/all/function/internal_message.html?_=1716945658254&CODE_STATE=getMsg HTTP/1.1" 200 27
180.164.6.225 - - [29/May/2024:09:21:03 +0800] "GET /xingrg/kc/buy/cgsh_order_operate.html?command=get_materiel&rest_code=00108&code=00101008132&supplier_code=00100007&order_time=2024-05-29 HTTP/1.1" 200 408
101.83.144.49 - - [29/May/2024:09:21:04 +0800] "GET /xingrg/kc/buy/cgsh_order_operate.html?command=get_materiel&rest_code=00105&code=00101008044&supplier_code=00100008&order_time=2024-05-29 HTTP/1.1" 200 408
116.237.76.229 - - [29/May/2024:09:21:06 +0800] "GET /xingrg/kc/print/load_config.html?kc_code=cgsh HTTP/1.1" 200 1927
222.70.182.146 - - [29/May/2024:09:21:06 +0800] "GET /xingrg/kc/buy/cgsh_order_operate.html?command=get_materiel&rest_code=00111&code=00101008286&supplier_code=00100008&order_time=2024-05-29 HTTP/1.1" 200 408
116.237.76.229 - - [29/May/2024:09:21:06 +0800] "GET /xingrg/kc/print/load_data.html?order_code=212024052908576&kc_code=cgsh&condition= HTTP/1.1" 200 780
180.164.6.225 - - [29/May/2024:09:21:11 +0800] "GET /xingrg/all/function/internal_message.html?_=1716945670969&CODE_STATE=getMsg HTTP/1.1" 200 27
180.164.6.225 - - [29/May/2024:09:21:13 +0800] "GET /xingrg/all/function/internal_message.html?_=1716945672961&CODE_STATE=getMsg HTTP/1.1" 200 27
222.70.182.146 - - [29/May/2024:09:21:18 +0800] "GET /xingrg/kc/buy/cgsh_order_operate.html?command=get_materiel&rest_code=00111&code=00101008224&supplier_code=00100008&order_time=2024-05-29 HTTP/1.1" 200 416
120.253.135.82 - - [29/May/2024:09:21:19 +0800] "GET /xingrg/all/function/internal_message.html?_=1716945532187&CODE_STATE=getMsg HTTP/1.1" 200 27
101.83.144.49 - - [29/May/2024:09:21:21 +0800] "GET /xingrg/kc/buy/cgsh_order_operate.html?command=get_materiel&rest_code=00105&code=00101009004&supplier_code=00100008&order_time=2024-05-29 HTTP/1.1" 200 408
180.164.6.225 - - [29/May/2024:09:21:22 +0800] "GET /xingrg/kc/buy/cgsh_order_operate.html?command=get_materiel&rest_code=00108&code=00101008095&supplier_code=00100007&order_time=2024-05-29 HTTP/1.1" 200 412
116.232.195.13 - - [29/May/2024:09:21:23 +0800] "GET /xingrg/all/function/internal_message.html?_=1716945628706&CODE_STATE=getMsg HTTP/1.1" 200 27
180.164.6.225 - - [29/May/2024:09:21:24 +0800] "POST /xingrg/kc/buy/cgsh_order_operate.html HTTP/1.1" 200 2065
222.70.240.253 - - [29/May/2024:09:21:29 +0800] "GET /xingrg/all/function/internal_message.html?_=1716945698962&CODE_STATE=getMsg HTTP/1.1" 302 -
116.232.195.13 - - [29/May/2024:09:21:34 +0800] "GET /xingrg/check_reg.html?_=1716945639904 HTTP/1.1" 200 22
180.164.6.225 - - [29/May/2024:09:21:35 +0800] "POST /xingrg/kc/buy/cgsh_order_operate.html HTTP/1.1" 200 37
222.67.233.39 - - [29/May/2024:09:21:37 +0800] "GET /xingrg/check_reg.html?_=1716945697515 HTTP/1.1" 200 22
116.232.195.13 - - [29/May/2024:09:21:37 +0800] "GET /xingrg/check_reg.html?_=1716945643516 HTTP/1.1" 200 22
116.232.195.13 - - [29/May/2024:09:21:37 +0800] "GET /xingrg/all/function/internal_message.html?_=1716945643516&CODE_STATE=getMsg HTTP/1.1" 200 27
222.70.182.146 - - [29/May/2024:09:21:37 +0800] "GET /xingrg/kc/buy/cgsh_order_operate.html?command=get_materiel&rest_code=00111&code=00101008291&supplier_code=00100008&order_time=2024-05-29 HTTP/1.1" 200 408
116.237.76.229 - - [29/May/2024:09:21:39 +0800] "GET /xingrg/all/function/internal_message.html?_=1716945692225&CODE_STATE=getMsg HTTP/1.1" 200 27
222.70.182.146 - - [29/May/2024:09:21:42 +0800] "GET /xingrg/all/function/internal_message.html?_=1716945698849&CODE_STATE=getMsg HTTP/1.1" 200 27
180.156.239.18 - - [29/May/2024:09:21:42 +0800] "GET /xingrg/kc/buy/cgsh_order_operate.html?command=get_materiel&rest_code=00150&code=00101008509&supplier_code=00100008&order_time=2024-05-29 HTTP/1.1" 200 409
180.164.6.225 - - [29/May/2024:09:21:44 +0800] "POST /xingrg/kc/buy/cgsh_order_operate.html HTTP/1.1" 200 16250
180.156.239.18 - - [29/May/2024:09:21:45 +0800] "GET /xingrg/all/function/internal_message.html?_=1716945705293&CODE_STATE=getMsg HTTP/1.1" 200 27
222.70.182.146 - - [29/May/2024:09:21:49 +0800] "GET /xingrg/kc/buy/cgsh_order_operate.html?command=get_materiel&rest_code=00111&code=00101008265&supplier_code=00100008&order_time=2024-05-29 HTTP/1.1" 200 408
114.83.216.162 - - [29/May/2024:09:21:53 +0800] "GET /xingrg/all/function/internal_message.html?_=1716945713284&CODE_STATE=getMsg HTTP/1.1" 200 27
116.232.195.13 - - [29/May/2024:09:21:53 +0800] "GET /xingrg/all/function/internal_message.html?_=1716945658932&CODE_STATE=getMsg HTTP/1.1" 200 27
101.83.144.49 - - [29/May/2024:09:21:56 +0800] "GET /xingrg/all/function/internal_message.html?_=1716945457997&CODE_STATE=getMsg HTTP/1.1" 200 27
221.239.170.140 - - [29/May/2024:09:21:59 +0800] "GET /xingrg/all/function/internal_message.html?_=1716945718239&CODE_STATE=getMsg HTTP/1.1" 200 27
180.156.239.18 - - [29/May/2024:09:21:59 +0800] "POST /xingrg/kc/buy/cgsh_order_operate.html HTTP/1.1" 200 37
101.83.144.49 - - [29/May/2024:09:22:05 +0800] "GET /xingrg/kc/buy/cgsh_order_operate.html?command=get_materiel&rest_code=00105&code=00101008312&supplier_code=00100008&order_time=2024-05-29 HTTP/1.1" 200 412
222.70.182.146 - - [29/May/2024:09:22:06 +0800] "GET /xingrg/kc/buy/cgsh_order_operate.html?command=get_materiel&rest_code=00111&code=00101008098&supplier_code=00100008&order_time=2024-05-29 HTTP/1.1" 200 412
180.156.239.18 - - [29/May/2024:09:22:10 +0800] "POST /xingrg/kc/buy/cgsh_order_operate.html HTTP/1.1" 200 12
180.164.6.225 - - [29/May/2024:09:22:11 +0800] "GET /xingrg/all/function/internal_message.html?_=1716945730960&CODE_STATE=getMsg HTTP/1.1" 200 27
222.70.240.253 - - [29/May/2024:09:22:13 +0800] "GET /xingrg/check_reg.html?_=1716945742498 HTTP/1.1" 302 -
180.164.6.225 - - [29/May/2024:09:22:13 +0800] "GET /xingrg/all/function/internal_message.html?_=1716945732977&CODE_STATE=getMsg HTTP/1.1" 200 27
180.156.239.18 - - [29/May/2024:09:22:13 +0800] "GET /xingrg/kc/buy/cgsh_order_info.html?code=212024052908575 HTTP/1.1" 200 69615
116.237.76.229 - - [29/May/2024:09:22:13 +0800] "GET /xingrg/kc/buy/cgsh_order_add.html HTTP/1.1" 200 74700
116.237.76.229 - - [29/May/2024:09:22:14 +0800] "POST /xingrg/kc/buy/cgsh_order_operate.html HTTP/1.1" 200 8245
116.237.76.229 - - [29/May/2024:09:22:14 +0800] "GET /xingrg/javascript/easyui/themes/default/validatebox.css HTTP/1.1" 404 1104
180.156.239.18 - - [29/May/2024:09:22:14 +0800] "GET /xingrg/javascript/easyui/themes/default/validatebox.css HTTP/1.1" 404 1104
180.156.239.18 - - [29/May/2024:09:22:15 +0800] "POST /xingrg/kc/buy/cgsh_order_operate.html HTTP/1.1" 200 29562
180.156.239.18 - - [29/May/2024:09:22:17 +0800] "GET /xingrg/kc/print/load_data.html?order_code=212024052908575&kc_code=cgsh&condition= HTTP/1.1" 200 11647
116.237.76.229 - - [29/May/2024:09:22:18 +0800] "GET /xingrg/javascript/easyui/themes/default/tree.css HTTP/1.1" 404 1090
116.237.76.229 - - [29/May/2024:09:22:19 +0800] "POST /xingrg/all/common/load_tree.html?tree=supplier_tree_json&isDelete=1 HTTP/1.1" 200 80320
120.253.135.82 - - [29/May/2024:09:22:19 +0800] "GET /xingrg/all/function/internal_message.html?_=1716945592201&CODE_STATE=getMsg HTTP/1.1" 200 27
116.232.195.13 - - [29/May/2024:09:22:23 +0800] "GET /xingrg/all/function/internal_message.html?_=1716945688698&CODE_STATE=getMsg HTTP/1.1" 200 27
180.156.239.18 - - [29/May/2024:09:22:23 +0800] "GET /xingrg/kc/buy/cgsh_order_add.html HTTP/1.1" 200 74744
180.156.239.18 - - [29/May/2024:09:22:23 +0800] "POST /xingrg/kc/buy/cgsh_order_operate.html HTTP/1.1" 200 8245
180.156.239.18 - - [29/May/2024:09:22:24 +0800] "GET /xingrg/javascript/easyui/themes/default/validatebox.css HTTP/1.1" 404 1104
222.70.182.146 - - [29/May/2024:09:22:24 +0800] "GET /xingrg/kc/buy/cgsh_order_operate.html?command=get_materiel&rest_code=00111&code=00101008244&supplier_code=00100008&order_time=2024-05-29 HTTP/1.1" 200 408
180.164.6.225 - - [29/May/2024:09:22:25 +0800] "GET /xingrg/check_reg.html?_=1716945745566 HTTP/1.1" 200 22
222.70.240.253 - - [29/May/2024:09:22:29 +0800] "GET /xingrg/all/function/internal_message.html?_=1716945758967&CODE_STATE=getMsg HTTP/1.1" 302 -
180.156.239.18 - - [29/May/2024:09:22:36 +0800] "GET /xingrg/kc/buy/cgsh_order_operate.html?command=get_materiel&rest_code=00150&code=00101009059&supplier_code=00100022&order_time=2024-05-29 HTTP/1.1" 200 409
116.232.195.13 - - [29/May/2024:09:22:37 +0800] "GET /xingrg/all/function/internal_message.html?_=1716945703524&CODE_STATE=getMsg HTTP/1.1" 200 27
116.237.76.229 - - [29/May/2024:09:22:39 +0800] "GET /xingrg/kc/buy/cgsh_order_operate.html?command=get_materiel&rest_code=00106&code=00101011001&supplier_code=00100096&order_time=2024-05-29 HTTP/1.1" 200 422
116.237.76.229 - - [29/May/2024:09:22:39 +0800] "GET /xingrg/all/function/internal_message.html?_=1716945752200&CODE_STATE=getMsg HTTP/1.1" 200 27
222.70.182.146 - - [29/May/2024:09:22:42 +0800] "GET /xingrg/all/function/internal_message.html?_=1716945758838&CODE_STATE=getMsg HTTP/1.1" 200 27
180.156.239.18 - - [29/May/2024:09:22:45 +0800] "GET /xingrg/all/function/internal_message.html?_=1716945765301&CODE_STATE=getMsg HTTP/1.1" 200 27
101.83.144.49 - - [29/May/2024:09:22:46 +0800] "GET /xingrg/kc/buy/cgsh_order_operate.html?command=get_materiel&rest_code=00105&code=00101008230&supplier_code=00100008&order_time=2024-05-29 HTTP/1.1" 200 408
222.70.182.146 - - [29/May/2024:09:22:46 +0800] "GET /xingrg/kc/buy/cgsh_order_operate.html?command=get_materiel&rest_code=00111&code=00101008368&supplier_code=00100008&order_time=2024-05-29 HTTP/1.1" 200 408
180.156.239.18 - - [29/May/2024:09:22:49 +0800] "GET /xingrg/kc/buy/cgsh_order_operate.html?command=get_materiel&rest_code=00150&code=00101009124&supplier_code=00100022&order_time=2024-05-29 HTTP/1.1" 200 416
114.83.216.162 - - [29/May/2024:09:22:53 +0800] "GET /xingrg/all/function/internal_message.html?_=1716945773289&CODE_STATE=getMsg HTTP/1.1" 200 27
116.232.195.13 - - [29/May/2024:09:22:53 +0800] "GET /xingrg/all/function/internal_message.html?_=1716945718939&CODE_STATE=getMsg HTTP/1.1" 200 27
116.237.76.229 - - [29/May/2024:09:22:54 +0800] "POST /xingrg/kc/buy/cgsh_order_operate.html HTTP/1.1" 200 37
101.83.144.49 - - [29/May/2024:09:22:56 +0800] "GET /xingrg/all/function/internal_message.html?_=1716945517988&CODE_STATE=getMsg HTTP/1.1" 200 27
180.156.239.18 - - [29/May/2024:09:22:57 +0800] "GET /xingrg/kc/buy/cgsh_order_operate.html?command=get_materiel&rest_code=00150&code=00101009011&supplier_code=00100022&order_time=2024-05-29 HTTP/1.1" 200 416
222.70.182.146 - - [29/May/2024:09:22:58 +0800] "GET /xingrg/kc/buy/cgsh_order_operate.html?command=get_materiel&rest_code=00111&code=00101008350&supplier_code=00100008&order_time=2024-05-29 HTTP/1.1" 200 408
116.237.76.229 - - [29/May/2024:09:22:59 +0800] "POST /xingrg/kc/buy/cgsh_order_operate.html HTTP/1.1" 200 2664
221.239.170.140 - - [29/May/2024:09:22:59 +0800] "GET /xingrg/all/function/internal_message.html?_=1716945778224&CODE_STATE=getMsg HTTP/1.1" 200 27
101.83.144.49 - - [29/May/2024:09:23:01 +0800] "GET /xingrg/kc/buy/cgsh_order_operate.html?command=get_materiel&rest_code=00105&code=00101008286&supplier_code=00100008&order_time=2024-05-29 HTTP/1.1" 200 408
101.83.144.49 - - [29/May/2024:09:23:05 +0800] "POST /xingrg/kc/buy/cgsh_order_operate.html HTTP/1.1" 200 2065
180.156.239.18 - - [29/May/2024:09:23:08 +0800] "GET /xingrg/kc/buy/cgsh_order_operate.html?command=get_materiel&rest_code=00150&code=00101009039&supplier_code=00100022&order_time=2024-05-29 HTTP/1.1" 200 408
180.169.147.146 - - [29/May/2024:09:23:11 +0800] "GET /xingrg/check_reg.html?_=1716945790103 HTTP/1.1" 302 -
180.169.147.146 - - [29/May/2024:09:23:11 +0800] "GET /xingrg/login.html HTTP/1.1" 200 7641
180.164.6.225 - - [29/May/2024:09:23:11 +0800] "GET /xingrg/all/function/internal_message.html?_=1716945790939&CODE_STATE=getMsg HTTP/1.1" 200 27
180.164.6.225 - - [29/May/2024:09:23:13 +0800] "GET /xingrg/all/function/internal_message.html?_=1716945792975&CODE_STATE=getMsg HTTP/1.1" 200 27
221.239.170.140 - - [29/May/2024:09:23:15 +0800] "GET /xingrg/check_reg.html?_=1716945794514 HTTP/1.1" 200 22
120.253.135.82 - - [29/May/2024:09:23:19 +0800] "GET /xingrg/all/function/internal_message.html?_=1716945652218&CODE_STATE=getMsg HTTP/1.1" 200 27
116.232.195.13 - - [29/May/2024:09:23:23 +0800] "GET /xingrg/all/function/internal_message.html?_=1716945748672&CODE_STATE=getMsg HTTP/1.1" 200 27
114.83.216.162 - - [29/May/2024:09:23:26 +0800] "GET /xingrg/kc/buy/cgsh_order_operate.html?command=get_materiel&rest_code=00149&code=00101006111&supplier_code=00100096&order_time=2024-05-29 HTTP/1.1" 200 411
