116.238.97.31 - - [29/May/2024:11:22:36 +0800] "POST /xingrg/kc/base/wldb_order_operate.html HTTP/1.1" 200 37
180.156.239.18 - - [29/May/2024:11:22:36 +0800] "GET /xingrg/check_reg.html?_=1716952956408 HTTP/1.1" 200 22
180.156.239.18 - - [29/May/2024:11:22:36 +0800] "GET /xingrg/all/function/internal_message.html?_=1716952956411&CODE_STATE=getMsg HTTP/1.1" 200 27
116.237.76.229 - - [29/May/2024:11:22:38 +0800] "GET /xingrg/all/function/internal_message.html?_=1716952950766&CODE_STATE=getMsg HTTP/1.1" 200 27
116.237.76.229 - - [29/May/2024:11:22:38 +0800] "GET /xingrg/kc/buy/cgsh_order_add.html HTTP/1.1" 200 74694
116.237.76.229 - - [29/May/2024:11:22:38 +0800] "POST /xingrg/kc/buy/cgsh_order_operate.html HTTP/1.1" 200 8245
116.237.76.229 - - [29/May/2024:11:22:38 +0800] "GET /xingrg/javascript/easyui/themes/default/validatebox.css HTTP/1.1" 404 1104
116.237.76.229 - - [29/May/2024:11:22:40 +0800] "GET /xingrg/javascript/easyui/themes/default/tree.css HTTP/1.1" 404 1090
116.237.76.229 - - [29/May/2024:11:22:40 +0800] "POST /xingrg/all/common/load_tree.html?tree=supplier_tree_json&isDelete=1 HTTP/1.1" 200 80320
116.238.97.31 - - [29/May/2024:11:22:42 +0800] "GET /xingrg/all/function/internal_message.html?_=1716952962589&CODE_STATE=getMsg HTTP/1.1" 200 27
222.70.182.146 - - [29/May/2024:11:22:42 +0800] "GET /xingrg/all/function/internal_message.html?_=1716952958523&CODE_STATE=getMsg HTTP/1.1" 200 27
116.238.97.31 - - [29/May/2024:11:22:42 +0800] "POST /xingrg/kc/base/wldb_order_operate.html HTTP/1.1" 200 12
116.238.97.31 - - [29/May/2024:11:22:42 +0800] "POST /xingrg/kc/base/wldb_order_operate.html HTTP/1.1" 200 2211
116.238.97.31 - - [29/May/2024:11:22:45 +0800] "GET /xingrg/kc/base/wldb_order_info.html?code=422024052902035 HTTP/1.1" 200 26540
116.238.97.31 - - [29/May/2024:11:22:46 +0800] "GET /xingrg/javascript/easyui/themes/default/validatebox.css HTTP/1.1" 404 1104
116.238.97.31 - - [29/May/2024:11:22:47 +0800] "POST /xingrg/kc/base/wldb_order_operate.html HTTP/1.1" 200 506
116.232.195.13 - - [29/May/2024:11:22:47 +0800] "GET /xingrg/all/function/internal_message.html?_=1716952912587&CODE_STATE=getMsg HTTP/1.1" 200 27
114.83.216.162 - - [29/May/2024:11:22:48 +0800] "GET /xingrg/kc/base/wldb_order_info.html?code=422024052902034 HTTP/1.1" 200 30684
114.83.216.162 - - [29/May/2024:11:22:49 +0800] "GET /xingrg/javascript/easyui/themes/default/validatebox.css HTTP/1.1" 404 1104
124.78.25.193 - - [29/May/2024:11:22:49 +0800] "POST /xingrg/services/DataTransmitService HTTP/1.1" 200 524
114.83.216.162 - - [29/May/2024:11:22:49 +0800] "POST /xingrg/kc/base/wldb_order_operate.html HTTP/1.1" 200 2198
124.78.25.193 - - [29/May/2024:11:22:50 +0800] "POST /xingrg/services/DataTransmitService HTTP/1.1" 200 1731
124.78.25.193 - - [29/May/2024:11:22:50 +0800] "POST /xingrg/services/DataTransmitService HTTP/1.1" 200 19911
114.83.216.162 - - [29/May/2024:11:22:51 +0800] "GET /xingrg/all/function/internal_message.html?_=1716952971517&CODE_STATE=getMsg HTTP/1.1" 200 27
58.40.7.146 - - [29/May/2024:11:22:52 +0800] "GET /xingrg/all/function/internal_message.html?_=1716952972055&CODE_STATE=getMsg HTTP/1.1" 200 27
222.69.132.75 - - [29/May/2024:11:22:52 +0800] "GET /xingrg/all/function/internal_message.html?_=1716952972529&CODE_STATE=getMsg HTTP/1.1" 200 27
222.69.132.75 - - [29/May/2024:11:22:52 +0800] "GET /xingrg/check_reg.html?_=1716952972532 HTTP/1.1" 200 22
124.79.78.120 - - [29/May/2024:11:22:53 +0800] "GET /xingrg/all/function/internal_message.html?_=1716952976931&CODE_STATE=getMsg HTTP/1.1" 200 27
124.79.78.120 - - [29/May/2024:11:22:53 +0800] "GET /xingrg/check_reg.html?_=1716952976933 HTTP/1.1" 200 22
180.169.147.146 - - [29/May/2024:11:22:54 +0800] "GET /xingrg/all/function/internal_message.html?_=1716952976536&CODE_STATE=getMsg HTTP/1.1" 200 27
180.169.147.146 - - [29/May/2024:11:22:54 +0800] "GET /xingrg/check_reg.html?_=1716952976537 HTTP/1.1" 200 22
101.83.144.49 - - [29/May/2024:11:22:54 +0800] "GET /xingrg/all/function/internal_message.html?_=1716952716547&CODE_STATE=getMsg HTTP/1.1" 200 27
116.237.76.229 - - [29/May/2024:11:22:56 +0800] "POST /xingrg/kc/buy/cgsh_list_operate.html HTTP/1.1" 200 4746
221.239.170.140 - - [29/May/2024:11:22:57 +0800] "GET /xingrg/all/function/internal_message.html?_=1716952976338&CODE_STATE=getMsg HTTP/1.1" 200 27
61.165.227.88 - - [29/May/2024:11:22:57 +0800] "GET /xingrg/all/function/internal_message.html?_=1716952980321&CODE_STATE=getMsg HTTP/1.1" 200 27
116.238.97.31 - - [29/May/2024:11:23:00 +0800] "GET /xingrg/kc/base/wldb_order_operate.html?command=get_materiel&rest_code=00102&base_code=0010476&code=00101013182 HTTP/1.1" 200 430
116.238.97.31 - - [29/May/2024:11:23:06 +0800] "GET /xingrg/all/function/internal_message.html?_=1716952999228&CODE_STATE=getMsg HTTP/1.1" 200 27
180.169.147.146 - - [29/May/2024:11:23:07 +0800] "GET /xingrg/javascript/auto/indicator.gif HTTP/1.1" 404 1066
116.237.76.229 - - [29/May/2024:11:23:07 +0800] "POST /xingrg/kc/buy/cgsh_list_operate.html HTTP/1.1" 200 4887
180.169.147.146 - - [29/May/2024:11:23:10 +0800] "GET /xingrg/check_reg.html?_=1716952989745 HTTP/1.1" 302 -
101.83.144.49 - - [29/May/2024:11:23:12 +0800] "POST /xingrg/all/common/load_select.html HTTP/1.1" 200 12
116.238.97.31 - - [29/May/2024:11:23:13 +0800] "GET /xingrg/kc/mdqp/pssh_order_list.html HTTP/1.1" 200 18169
116.238.97.31 - - [29/May/2024:11:23:13 +0800] "POST /xingrg/kc/mdqp/pssh_list_operate.html HTTP/1.1" 200 5463
221.239.170.140 - - [29/May/2024:11:23:15 +0800] "GET /xingrg/check_reg.html?_=1716952994250 HTTP/1.1" 200 22
180.164.6.225 - - [29/May/2024:11:23:21 +0800] "GET /xingrg/check_reg.html?_=1716953000704 HTTP/1.1" 200 22
180.164.6.225 - - [29/May/2024:11:23:21 +0800] "GET /xingrg/all/function/internal_message.html?_=1716953000705&CODE_STATE=getMsg HTTP/1.1" 200 27
116.232.195.13 - - [29/May/2024:11:23:21 +0800] "GET /xingrg/check_reg.html?_=1716952946875 HTTP/1.1" 200 22
116.237.76.229 - - [29/May/2024:11:23:21 +0800] "GET /xingrg/check_reg.html?_=1716953003113 HTTP/1.1" 200 22
116.237.76.229 - - [29/May/2024:11:23:21 +0800] "GET /xingrg/all/function/internal_message.html?_=1716953003405&CODE_STATE=getMsg HTTP/1.1" 200 27
116.232.195.13 - - [29/May/2024:11:23:22 +0800] "GET /xingrg/all/function/internal_message.html?_=1716952948061&CODE_STATE=getMsg HTTP/1.1" 200 27
116.237.76.229 - - [29/May/2024:11:23:23 +0800] "GET /xingrg/check_reg.html?_=1716953005098 HTTP/1.1" 200 22
116.237.76.229 - - [29/May/2024:11:23:23 +0800] "GET /xingrg/all/function/internal_message.html?_=1716953005100&CODE_STATE=getMsg HTTP/1.1" 200 27
116.232.195.13 - - [29/May/2024:11:23:24 +0800] "GET /xingrg/kc/mdqp/pssh_order_list.html?isBack=1 HTTP/1.1" 200 18209
116.232.195.13 - - [29/May/2024:11:23:24 +0800] "POST /xingrg/kc/mdqp/pssh_list_operate.html HTTP/1.1" 200 9113
114.83.216.162 - - [29/May/2024:11:23:25 +0800] "POST /xingrg/kc/base/wldb_list_operate.html HTTP/1.1" 200 5587
116.238.97.31 - - [29/May/2024:11:23:25 +0800] "GET /xingrg/javascript/jquery_easy_ui/themes/icons/rest.png HTTP/1.1" 200 695
116.238.97.31 - - [29/May/2024:11:23:25 +0800] "GET /xingrg/javascript/jquery_easy_ui/themes/icons/area.png HTTP/1.1" 200 262
116.232.195.13 - - [29/May/2024:11:23:26 +0800] "POST /xingrg/kc/mdqp/pssh_list_operate.html HTTP/1.1" 200 259
116.232.195.13 - - [29/May/2024:11:23:27 +0800] "POST /xingrg/kc/mdqp/pssh_list_operate.html HTTP/1.1" 200 814
116.232.195.13 - - [29/May/2024:11:23:27 +0800] "GET /xingrg/kc/mdqp/pssh_order_info.html?code=312024052600517 HTTP/1.1" 200 17278
116.232.195.13 - - [29/May/2024:11:23:27 +0800] "GET /xingrg/javascript/jquery_tools/jquery-1.4.2.min.js HTTP/1.1" 404 1094
116.232.195.13 - - [29/May/2024:11:23:27 +0800] "GET /xingrg/javascript/easyui/themes/default/validatebox.css HTTP/1.1" 404 1104
116.232.195.13 - - [29/May/2024:11:23:27 +0800] "POST /xingrg/kc/mdqp/pssh_order_operate.html HTTP/1.1" 200 535
116.238.97.31 - - [29/May/2024:11:23:29 +0800] "GET /xingrg/kc/base/wldb_order_operate.html?command=get_materiel&rest_code=00102&base_code=0010476&code=00101013150 HTTP/1.1" 200 428
222.70.240.253 - - [29/May/2024:11:23:30 +0800] "GET /xingrg/all/function/internal_message.html?_=1716953020632&CODE_STATE=getMsg HTTP/1.1" 302 -
180.169.147.146 - - [29/May/2024:11:23:31 +0800] "GET /xingrg/kc/buy/cgsh_order_operate.html?command=get_materiel&rest_code=00147&code=00101009044&supplier_code=00100008&order_time=2024-05-29 HTTP/1.1" 200 412
116.237.76.229 - - [29/May/2024:11:23:31 +0800] "GET /xingrg/kc/buy/cgsh_order_operate.html?command=get_materiel&rest_code=00106&code=00101010167&supplier_code=00100323&order_time=2024-05-29 HTTP/1.1" 200 413
116.232.195.13 - - [29/May/2024:11:23:31 +0800] "POST /xingrg/all/common/load_combo.html?type=employee HTTP/1.1" 200 453
116.232.195.13 - - [29/May/2024:11:23:35 +0800] "POST /xingrg/all/common/load_combo.html?type=base&rest_code=00155 HTTP/1.1" 200 3409
116.238.97.31 - - [29/May/2024:11:23:36 +0800] "GET /xingrg/kc/base/wldb_order_operate.html?command=get_materiel&rest_code=00102&base_code=0010476&code=00101013123 HTTP/1.1" 200 432
180.156.239.18 - - [29/May/2024:11:23:36 +0800] "GET /xingrg/all/function/internal_message.html?_=1716953016413&CODE_STATE=getMsg HTTP/1.1" 200 27
116.237.76.229 - - [29/May/2024:11:23:38 +0800] "GET /xingrg/all/function/internal_message.html?_=1716953010739&CODE_STATE=getMsg HTTP/1.1" 200 27
180.169.147.146 - - [29/May/2024:11:23:39 +0800] "GET /xingrg/kc/buy/cgsh_order_operate.html?command=get_materiel&rest_code=00147&code=00101009021&supplier_code=00100008&order_time=2024-05-29 HTTP/1.1" 200 416
116.238.97.31 - - [29/May/2024:11:23:41 +0800] "GET /xingrg/kc/base/wldb_order_operate.html?command=get_materiel&rest_code=00102&base_code=0010476&code=00101013018 HTTP/1.1" 200 428
116.238.97.31 - - [29/May/2024:11:23:42 +0800] "GET /xingrg/all/function/internal_message.html?_=1716953022571&CODE_STATE=getMsg HTTP/1.1" 200 27
222.70.182.146 - - [29/May/2024:11:23:42 +0800] "GET /xingrg/all/function/internal_message.html?_=1716953018506&CODE_STATE=getMsg HTTP/1.1" 200 27
116.232.195.13 - - [29/May/2024:11:23:42 +0800] "POST /xingrg/kc/mdqp/pssh_order_operate.html HTTP/1.1" 200 37
222.70.182.146 - - [29/May/2024:11:23:42 +0800] "GET /xingrg/check_reg.html?_=1716953018865 HTTP/1.1" 200 22
116.232.195.13 - - [29/May/2024:11:23:47 +0800] "GET /xingrg/all/function/internal_message.html?_=1716952972569&CODE_STATE=getMsg HTTP/1.1" 200 27
180.169.147.146 - - [29/May/2024:11:23:47 +0800] "GET /xingrg/kc/buy/cgsh_order_operate.html?command=get_materiel&rest_code=00147&code=00101016157&supplier_code=00100008&order_time=2024-05-29 HTTP/1.1" 200 412
116.232.195.13 - - [29/May/2024:11:23:50 +0800] "POST /xingrg/kc/mdqp/pssh_order_operate.html HTTP/1.1" 200 12
114.83.216.162 - - [29/May/2024:11:23:51 +0800] "GET /xingrg/all/function/internal_message.html?_=1716953031488&CODE_STATE=getMsg HTTP/1.1" 200 27
58.40.7.146 - - [29/May/2024:11:23:52 +0800] "GET /xingrg/all/function/internal_message.html?_=1716953032051&CODE_STATE=getMsg HTTP/1.1" 200 27
222.69.132.75 - - [29/May/2024:11:23:52 +0800] "GET /xingrg/all/function/internal_message.html?_=1716953032532&CODE_STATE=getMsg HTTP/1.1" 200 27
180.169.147.146 - - [29/May/2024:11:23:53 +0800] "GET /xingrg/kc/buy/cgsh_order_operate.html?command=get_materiel&rest_code=00147&code=00101010889&supplier_code=00100008&order_time=2024-05-29 HTTP/1.1" 200 412
116.232.195.13 - - [29/May/2024:11:23:53 +0800] "GET /xingrg/kc/mdqp/pssh_order_info.html?code=312024052600517 HTTP/1.1" 200 14394
116.232.195.13 - - [29/May/2024:11:23:53 +0800] "GET /xingrg/javascript/jquery_tools/jquery-1.4.2.min.js HTTP/1.1" 404 1094
116.232.195.13 - - [29/May/2024:11:23:53 +0800] "GET /xingrg/words/20240528134831_words.js HTTP/1.1" 304 -
124.79.78.120 - - [29/May/2024:11:23:53 +0800] "GET /xingrg/all/function/internal_message.html?_=1716953036958&CODE_STATE=getMsg HTTP/1.1" 200 27
116.232.195.13 - - [29/May/2024:11:23:53 +0800] "GET /xingrg/javascript/easyui/themes/default/validatebox.css HTTP/1.1" 404 1104
116.232.195.13 - - [29/May/2024:11:23:53 +0800] "POST /xingrg/kc/mdqp/pssh_order_operate.html HTTP/1.1" 200 535
180.169.147.146 - - [29/May/2024:11:23:54 +0800] "GET /xingrg/all/function/internal_message.html?_=1716953036529&CODE_STATE=getMsg HTTP/1.1" 200 27
101.83.144.49 - - [29/May/2024:11:23:54 +0800] "GET /xingrg/all/function/internal_message.html?_=1716952776525&CODE_STATE=getMsg HTTP/1.1" 200 27
116.232.195.13 - - [29/May/2024:11:23:55 +0800] "GET /xingrg/kc/print/load_data.html?order_code=312024052600517&kc_code=pssh&condition= HTTP/1.1" 200 677
101.83.144.49 - - [29/May/2024:11:23:56 +0800] "GET /xingrg/check_reg.html?_=1716952778164 HTTP/1.1" 200 22
221.239.170.140 - - [29/May/2024:11:23:57 +0800] "GET /xingrg/all/function/internal_message.html?_=1716953036313&CODE_STATE=getMsg HTTP/1.1" 200 27
61.165.227.88 - - [29/May/2024:11:23:57 +0800] "GET /xingrg/all/function/internal_message.html?_=1716953040320&CODE_STATE=getMsg HTTP/1.1" 200 27
180.169.147.146 - - [29/May/2024:11:24:02 +0800] "GET /xingrg/kc/buy/cgsh_order_operate.html?command=get_materiel&rest_code=00147&code=00101008312&supplier_code=00100008&order_time=2024-05-29 HTTP/1.1" 200 412
116.238.97.31 - - [29/May/2024:11:24:06 +0800] "GET /xingrg/all/function/internal_message.html?_=1716953059232&CODE_STATE=getMsg HTTP/1.1" 200 27
116.238.97.31 - - [29/May/2024:11:24:06 +0800] "GET /xingrg/check_reg.html?_=1716953059235 HTTP/1.1" 200 22
180.169.147.146 - - [29/May/2024:11:24:12 +0800] "GET /xingrg/kc/buy/cgsh_order_operate.html?command=get_materiel&rest_code=00147&code=00101008354&supplier_code=00100008&order_time=2024-05-29 HTTP/1.1" 200 412
116.238.97.31 - - [29/May/2024:11:24:16 +0800] "GET /xingrg/kc/base/wldb_order_add.html HTTP/1.1" 200 30658
116.238.97.31 - - [29/May/2024:11:24:17 +0800] "POST /xingrg/kc/base/wldb_order_operate.html HTTP/1.1" 200 6806
116.238.97.31 - - [29/May/2024:11:24:17 +0800] "GET /xingrg/javascript/easyui/themes/default/validatebox.css HTTP/1.1" 404 1104
116.238.97.31 - - [29/May/2024:11:24:18 +0800] "POST /xingrg/all/common/load_combo.html?type=base HTTP/1.1" 200 3321
180.164.6.225 - - [29/May/2024:11:24:21 +0800] "GET /xingrg/all/function/internal_message.html?_=1716953060696&CODE_STATE=getMsg HTTP/1.1" 200 27
116.237.76.229 - - [29/May/2024:11:24:22 +0800] "GET /xingrg/all/function/internal_message.html?_=1716953064187&CODE_STATE=getMsg HTTP/1.1" 200 27
116.232.195.13 - - [29/May/2024:11:24:22 +0800] "GET /xingrg/all/function/internal_message.html?_=1716953008040&CODE_STATE=getMsg HTTP/1.1" 200 27
116.238.97.31 - - [29/May/2024:11:24:23 +0800] "GET /xingrg/kc/base/wldb_order_operate.html?command=get_materiel&rest_code=00102&base_code=0010476&code=00101013065 HTTP/1.1" 200 433
180.169.147.146 - - [29/May/2024:11:24:23 +0800] "GET /xingrg/kc/buy/cgsh_order_operate.html?command=get_materiel&rest_code=00147&code=00101008358&supplier_code=00100008&order_time=2024-05-29 HTTP/1.1" 200 412
116.237.76.229 - - [29/May/2024:11:24:23 +0800] "GET /xingrg/all/function/internal_message.html?_=1716953065100&CODE_STATE=getMsg HTTP/1.1" 200 27
116.238.97.31 - - [29/May/2024:11:24:30 +0800] "GET /xingrg/kc/base/wldb_order_operate.html?command=get_materiel&rest_code=00102&base_code=0010476&code=00101019727 HTTP/1.1" 200 431
222.70.240.253 - - [29/May/2024:11:24:30 +0800] "GET /xingrg/all/function/internal_message.html?_=1716953080639&CODE_STATE=getMsg HTTP/1.1" 302 -
180.169.147.146 - - [29/May/2024:11:24:31 +0800] "GET /xingrg/kc/buy/cgsh_order_operate.html?command=get_materiel&rest_code=00147&code=00101008298&supplier_code=00100008&order_time=2024-05-29 HTTP/1.1" 200 412
114.83.216.162 - - [29/May/2024:11:24:34 +0800] "POST /xingrg/kc/base/wldb_list_operate.html HTTP/1.1" 200 4
116.238.97.31 - - [29/May/2024:11:24:34 +0800] "GET /xingrg/kc/base/wldb_order_operate.html?command=get_materiel&rest_code=00102&base_code=0010476&code=00101013010 HTTP/1.1" 200 436
180.156.239.18 - - [29/May/2024:11:24:36 +0800] "GET /xingrg/all/function/internal_message.html?_=1716953076411&CODE_STATE=getMsg HTTP/1.1" 200 27
114.83.216.162 - - [29/May/2024:11:24:36 +0800] "POST /xingrg/kc/base/wldb_list_operate.html HTTP/1.1" 200 2185
116.237.76.229 - - [29/May/2024:11:24:37 +0800] "GET /xingrg/check_reg.html?_=1716953070679 HTTP/1.1" 200 22
116.237.76.229 - - [29/May/2024:11:24:37 +0800] "GET /xingrg/all/function/internal_message.html?_=1716953070716&CODE_STATE=getMsg HTTP/1.1" 200 27
116.237.76.229 - - [29/May/2024:11:24:40 +0800] "GET /xingrg/kc/buy/cgsh_order_operate.html?command=get_materiel&rest_code=00106&code=00101010196&supplier_code=00100323&order_time=2024-05-29 HTTP/1.1" 200 417
116.238.97.31 - - [29/May/2024:11:24:42 +0800] "GET /xingrg/all/function/internal_message.html?_=1716953082583&CODE_STATE=getMsg HTTP/1.1" 200 27
222.70.182.146 - - [29/May/2024:11:24:42 +0800] "GET /xingrg/all/function/internal_message.html?_=1716953078488&CODE_STATE=getMsg HTTP/1.1" 200 27
180.169.147.146 - - [29/May/2024:11:24:43 +0800] "GET /xingrg/kc/buy/cgsh_order_operate.html?command=get_materiel&rest_code=00147&code=00101008283&supplier_code=00100008&order_time=2024-05-29 HTTP/1.1" 200 408
116.232.195.13 - - [29/May/2024:11:24:47 +0800] "GET /xingrg/all/function/internal_message.html?_=1716953032571&CODE_STATE=getMsg HTTP/1.1" 200 27
101.83.144.49 - - [29/May/2024:11:24:50 +0800] "GET /xingrg/kc/buy/cgsh_order_operate.html?command=get_materiel_price&rest_code=00105&code=00101008163&unit_code=00100001&supplier_code=00100008&order_time=2024-05-29 HTTP/1.1" 200 28
114.83.216.162 - - [29/May/2024:11:24:51 +0800] "GET /xingrg/all/function/internal_message.html?_=1716953091461&CODE_STATE=getMsg HTTP/1.1" 200 27
114.83.216.162 - - [29/May/2024:11:24:51 +0800] "POST /xingrg/kc/base/wldb_list_operate.html HTTP/1.1" 200 4
58.40.7.146 - - [29/May/2024:11:24:52 +0800] "GET /xingrg/all/function/internal_message.html?_=1716953092053&CODE_STATE=getMsg HTTP/1.1" 200 27
222.69.132.75 - - [29/May/2024:11:24:52 +0800] "GET /xingrg/all/function/internal_message.html?_=1716953092530&CODE_STATE=getMsg HTTP/1.1" 200 27
124.79.78.120 - - [29/May/2024:11:24:53 +0800] "GET /xingrg/all/function/internal_message.html?_=1716953096958&CODE_STATE=getMsg HTTP/1.1" 200 27
180.169.147.146 - - [29/May/2024:11:24:54 +0800] "GET /xingrg/all/function/internal_message.html?_=1716953096541&CODE_STATE=getMsg HTTP/1.1" 200 27
101.83.144.49 - - [29/May/2024:11:24:54 +0800] "GET /xingrg/all/function/internal_message.html?_=1716952836502&CODE_STATE=getMsg HTTP/1.1" 200 27
180.169.147.146 - - [29/May/2024:11:24:56 +0800] "GET /xingrg/kc/buy/cgsh_order_operate.html?command=get_materiel&rest_code=00147&code=00101008353&supplier_code=00100008&order_time=2024-05-29 HTTP/1.1" 200 408
221.239.170.140 - - [29/May/2024:11:24:57 +0800] "GET /xingrg/all/function/internal_message.html?_=1716953096289&CODE_STATE=getMsg HTTP/1.1" 200 27
61.165.227.88 - - [29/May/2024:11:24:57 +0800] "GET /xingrg/all/function/internal_message.html?_=1716953100319&CODE_STATE=getMsg HTTP/1.1" 200 27
114.83.216.162 - - [29/May/2024:11:24:59 +0800] "POST /xingrg/kc/base/wldb_list_operate.html HTTP/1.1" 200 928
116.238.97.31 - - [29/May/2024:11:25:05 +0800] "GET /xingrg/kc/base/wldb_order_operate.html?command=get_materiel&rest_code=00102&base_code=0010476&code=00101013177 HTTP/1.1" 200 431
116.238.97.31 - - [29/May/2024:11:25:06 +0800] "GET /xingrg/all/function/internal_message.html?_=1716953119243&CODE_STATE=getMsg HTTP/1.1" 200 27
180.169.147.146 - - [29/May/2024:11:25:06 +0800] "GET /xingrg/kc/buy/cgsh_order_operate.html?command=get_materiel&rest_code=00147&code=00101008126&supplier_code=00100008&order_time=2024-05-29 HTTP/1.1" 200 412
116.237.76.229 - - [29/May/2024:11:25:14 +0800] "GET /xingrg/kc/buy/cgsh_order_operate.html?command=get_materiel&rest_code=00106&code=00101005056&supplier_code=00100323&order_time=2024-05-29 HTTP/1.1" 200 425
180.169.147.146 - - [29/May/2024:11:25:19 +0800] "GET /xingrg/kc/buy/cgsh_order_operate.html?command=get_materiel&rest_code=00147&code=00101008355&supplier_code=00100008&order_time=2024-05-29 HTTP/1.1" 200 408
180.164.6.225 - - [29/May/2024:11:25:21 +0800] "GET /xingrg/all/function/internal_message.html?_=1716953120706&CODE_STATE=getMsg HTTP/1.1" 200 27
116.237.76.229 - - [29/May/2024:11:25:22 +0800] "GET /xingrg/all/function/internal_message.html?_=1716953124180&CODE_STATE=getMsg HTTP/1.1" 200 27
116.232.195.13 - - [29/May/2024:11:25:22 +0800] "GET /xingrg/all/function/internal_message.html?_=1716953068014&CODE_STATE=getMsg HTTP/1.1" 200 27
116.237.76.229 - - [29/May/2024:11:25:23 +0800] "GET /xingrg/all/function/internal_message.html?_=1716953125100&CODE_STATE=getMsg HTTP/1.1" 200 27
222.70.240.253 - - [29/May/2024:11:25:30 +0800] "GET /xingrg/all/function/internal_message.html?_=1716953140664&CODE_STATE=getMsg HTTP/1.1" 302 -
180.169.147.146 - - [29/May/2024:11:25:31 +0800] "GET /xingrg/kc/buy/cgsh_order_operate.html?command=get_materiel&rest_code=00147&code=00101008004&supplier_code=00100008&order_time=2024-05-29 HTTP/1.1" 200 416
180.156.239.18 - - [29/May/2024:11:25:36 +0800] "GET /xingrg/all/function/internal_message.html?_=1716953136421&CODE_STATE=getMsg HTTP/1.1" 200 27
116.237.76.229 - - [29/May/2024:11:25:37 +0800] "GET /xingrg/all/function/internal_message.html?_=1716953130702&CODE_STATE=getMsg HTTP/1.1" 200 27
116.232.195.13 - - [29/May/2024:11:25:38 +0800] "GET /xingrg/kc/print/load_data.html?order_code=312024052600517&kc_code=pssh HTTP/1.1" 200 677
180.169.147.146 - - [29/May/2024:11:25:39 +0800] "GET /xingrg/kc/buy/cgsh_order_operate.html?command=get_materiel&rest_code=00147&code=00101008356&supplier_code=00100008&order_time=2024-05-29 HTTP/1.1" 200 408
120.253.135.82 - - [29/May/2024:11:25:40 +0800] "GET /xingrg/check_reg.html?_=1716952991644 HTTP/1.1" 200 22
116.238.97.31 - - [29/May/2024:11:25:42 +0800] "GET /xingrg/all/function/internal_message.html?_=1716953142586&CODE_STATE=getMsg HTTP/1.1" 200 27
222.70.182.146 - - [29/May/2024:11:25:42 +0800] "GET /xingrg/all/function/internal_message.html?_=1716953138461&CODE_STATE=getMsg HTTP/1.1" 200 27
116.237.76.229 - - [29/May/2024:11:25:42 +0800] "GET /xingrg/kc/buy/cgsh_order_operate.html?command=get_materiel&rest_code=00106&code=00101012121&supplier_code=00100323&order_time=2024-05-29 HTTP/1.1" 200 413
116.232.195.13 - - [29/May/2024:11:25:48 +0800] "GET /xingrg/all/function/internal_message.html?_=1716953093968&CODE_STATE=getMsg HTTP/1.1" 200 27
116.232.195.13 - - [29/May/2024:11:25:48 +0800] "GET /xingrg/check_reg.html?_=1716953093971 HTTP/1.1" 200 22
180.169.147.146 - - [29/May/2024:11:25:49 +0800] "GET /xingrg/kc/buy/cgsh_order_operate.html?command=get_materiel&rest_code=00147&code=00101008185&supplier_code=00100008&order_time=2024-05-29 HTTP/1.1" 200 408
114.83.216.162 - - [29/May/2024:11:25:51 +0800] "GET /xingrg/all/function/internal_message.html?_=1716953151447&CODE_STATE=getMsg HTTP/1.1" 200 27
58.40.7.146 - - [29/May/2024:11:25:52 +0800] "GET /xingrg/all/function/internal_message.html?_=1716953152055&CODE_STATE=getMsg HTTP/1.1" 200 27
222.69.132.75 - - [29/May/2024:11:25:52 +0800] "GET /xingrg/all/function/internal_message.html?_=1716953152533&CODE_STATE=getMsg HTTP/1.1" 200 27
124.79.78.120 - - [29/May/2024:11:25:53 +0800] "GET /xingrg/all/function/internal_message.html?_=1716953156961&CODE_STATE=getMsg HTTP/1.1" 200 27
114.83.216.162 - - [29/May/2024:11:25:53 +0800] "GET /xingrg/check_reg.html?_=1716953153510 HTTP/1.1" 200 22
180.169.147.146 - - [29/May/2024:11:25:54 +0800] "GET /xingrg/all/function/internal_message.html?_=1716953156542&CODE_STATE=getMsg HTTP/1.1" 200 27
101.83.144.49 - - [29/May/2024:11:25:54 +0800] "GET /xingrg/all/function/internal_message.html?_=1716952896476&CODE_STATE=getMsg HTTP/1.1" 200 27
221.239.170.140 - - [29/May/2024:11:25:57 +0800] "GET /xingrg/all/function/internal_message.html?_=1716953156258&CODE_STATE=getMsg HTTP/1.1" 200 27
61.165.227.88 - - [29/May/2024:11:25:57 +0800] "GET /xingrg/all/function/internal_message.html?_=1716953160326&CODE_STATE=getMsg HTTP/1.1" 200 27
61.165.227.88 - - [29/May/2024:11:25:57 +0800] "GET /xingrg/check_reg.html?_=1716953160331 HTTP/1.1" 200 22
180.169.147.146 - - [29/May/2024:11:25:59 +0800] "GET /xingrg/kc/buy/cgsh_order_operate.html?command=get_materiel&rest_code=00147&code=00101008213&supplier_code=00100008&order_time=2024-05-29 HTTP/1.1" 200 412
116.238.97.31 - - [29/May/2024:11:26:06 +0800] "GET /xingrg/all/function/internal_message.html?_=1716953179234&CODE_STATE=getMsg HTTP/1.1" 200 27
116.237.76.229 - - [29/May/2024:11:26:10 +0800] "POST /xingrg/kc/buy/cgsh_order_operate.html HTTP/1.1" 200 37
180.169.147.146 - - [29/May/2024:11:26:13 +0800] "GET /xingrg/kc/buy/cgsh_order_operate.html?command=get_materiel&rest_code=00147&code=00101008360&supplier_code=00100008&order_time=2024-05-29 HTTP/1.1" 200 412
116.237.76.229 - - [29/May/2024:11:26:18 +0800] "POST /xingrg/kc/buy/cgsh_order_operate.html HTTP/1.1" 200 12
116.237.76.229 - - [29/May/2024:11:26:20 +0800] "GET /xingrg/kc/buy/cgsh_order_info.html?code=212024052908695 HTTP/1.1" 200 69568
116.237.76.229 - - [29/May/2024:11:26:20 +0800] "GET /xingrg/javascript/easyui/themes/default/validatebox.css HTTP/1.1" 404 1104
180.164.6.225 - - [29/May/2024:11:26:21 +0800] "GET /xingrg/all/function/internal_message.html?_=1716953180706&CODE_STATE=getMsg HTTP/1.1" 200 27
116.237.76.229 - - [29/May/2024:11:26:21 +0800] "POST /xingrg/kc/buy/cgsh_order_operate.html HTTP/1.1" 200 2402
116.232.195.13 - - [29/May/2024:11:26:22 +0800] "GET /xingrg/all/function/internal_message.html?_=1716953127986&CODE_STATE=getMsg HTTP/1.1" 200 27
116.237.76.229 - - [29/May/2024:11:26:22 +0800] "GET /xingrg/all/function/internal_message.html?_=1716953184175&CODE_STATE=getMsg HTTP/1.1" 200 27
180.169.147.146 - - [29/May/2024:11:26:23 +0800] "GET /xingrg/kc/buy/cgsh_order_operate.html?command=get_materiel&rest_code=00147&code=00101008286&supplier_code=00100008&order_time=2024-05-29 HTTP/1.1" 200 408
222.64.57.101 - - [29/May/2024:11:26:23 +0800] "POST /xingrg/services/DataTransmitService HTTP/1.1" 200 524
116.237.76.229 - - [29/May/2024:11:26:23 +0800] "GET /xingrg/all/function/internal_message.html?_=1716953185100&CODE_STATE=getMsg HTTP/1.1" 200 27
222.64.57.101 - - [29/May/2024:11:26:23 +0800] "POST /xingrg/services/DataTransmitService HTTP/1.1" 200 501
116.237.76.229 - - [29/May/2024:11:26:25 +0800] "GET /xingrg/kc/print/load_data.html?order_code=212024052908695&kc_code=cgsh&condition= HTTP/1.1" 200 1399
222.70.240.253 - - [29/May/2024:11:26:30 +0800] "GET /xingrg/all/function/internal_message.html?_=1716953200667&CODE_STATE=getMsg HTTP/1.1" 302 -
116.237.76.229 - - [29/May/2024:11:26:34 +0800] "GET /xingrg/kc/buy/buy_main.html HTTP/1.1" 200 12412
116.237.76.229 - - [29/May/2024:11:26:34 +0800] "GET /xingrg/css/new_ie.css HTTP/1.1" 404 1036
116.237.76.229 - - [29/May/2024:11:26:35 +0800] "GET /xingrg/images/yd/bt.gif HTTP/1.1" 404 1040
180.156.239.18 - - [29/May/2024:11:26:36 +0800] "GET /xingrg/all/function/internal_message.html?_=1716953196420&CODE_STATE=getMsg HTTP/1.1" 200 27
116.237.76.229 - - [29/May/2024:11:26:37 +0800] "GET /xingrg/kc/buy/cgsh_order_list.html HTTP/1.1" 200 58887
222.67.233.39 - - [29/May/2024:11:26:37 +0800] "GET /xingrg/check_reg.html?_=1716953197128 HTTP/1.1" 200 22
116.237.76.229 - - [29/May/2024:11:26:37 +0800] "GET /xingrg/all/function/internal_message.html?_=1716953190698&CODE_STATE=getMsg HTTP/1.1" 200 27
116.237.76.229 - - [29/May/2024:11:26:39 +0800] "POST /xingrg/kc/buy/cgsh_list_operate.html HTTP/1.1" 200 645
180.169.147.146 - - [29/May/2024:11:26:40 +0800] "GET /xingrg/kc/buy/cgsh_order_operate.html?command=get_materiel&rest_code=00147&code=00101008318&supplier_code=00100008&order_time=2024-05-29 HTTP/1.1" 200 408
116.238.97.31 - - [29/May/2024:11:26:42 +0800] "GET /xingrg/all/function/internal_message.html?_=1716953202591&CODE_STATE=getMsg HTTP/1.1" 200 27
222.70.182.146 - - [29/May/2024:11:26:42 +0800] "GET /xingrg/all/function/internal_message.html?_=1716953198445&CODE_STATE=getMsg HTTP/1.1" 200 27
116.238.97.31 - - [29/May/2024:11:26:42 +0800] "GET /xingrg/check_reg.html?_=1716953202594 HTTP/1.1" 200 22
180.169.147.146 - - [29/May/2024:11:26:43 +0800] "POST /xingrg/kc/buy/cgsh_order_operate.html HTTP/1.1" 200 2065
116.232.195.13 - - [29/May/2024:11:26:48 +0800] "GET /xingrg/all/function/internal_message.html?_=1716953153968&CODE_STATE=getMsg HTTP/1.1" 200 27
180.169.147.146 - - [29/May/2024:11:26:50 +0800] "GET /xingrg/kc/buy/cgsh_order_operate.html?command=get_materiel&rest_code=00147&code=00101008291&supplier_code=00100008&order_time=2024-05-29 HTTP/1.1" 200 408
114.83.216.162 - - [29/May/2024:11:26:51 +0800] "GET /xingrg/all/function/internal_message.html?_=1716953211423&CODE_STATE=getMsg HTTP/1.1" 200 27
58.40.7.146 - - [29/May/2024:11:26:52 +0800] "GET /xingrg/all/function/internal_message.html?_=1716953212056&CODE_STATE=getMsg HTTP/1.1" 200 27
222.69.132.75 - - [29/May/2024:11:26:52 +0800] "GET /xingrg/all/function/internal_message.html?_=1716953212526&CODE_STATE=getMsg HTTP/1.1" 200 27
58.40.7.146 - - [29/May/2024:11:26:53 +0800] "GET /xingrg/check_reg.html?_=1716953212062 HTTP/1.1" 200 22
124.79.78.120 - - [29/May/2024:11:26:53 +0800] "GET /xingrg/all/function/internal_message.html?_=1716953216966&CODE_STATE=getMsg HTTP/1.1" 200 27
116.237.76.229 - - [29/May/2024:11:26:54 +0800] "GET /xingrg/login.html?r=1 HTTP/1.1" 200 7641
180.169.147.146 - - [29/May/2024:11:26:54 +0800] "GET /xingrg/all/function/internal_message.html?_=1716953216532&CODE_STATE=getMsg HTTP/1.1" 200 27
116.237.76.229 - - [29/May/2024:11:26:54 +0800] "GET /favicon.ico HTTP/1.1" 404 -
101.83.144.49 - - [29/May/2024:11:26:54 +0800] "GET /xingrg/all/function/internal_message.html?_=1716952956458&CODE_STATE=getMsg HTTP/1.1" 200 27
116.237.76.229 - - [29/May/2024:11:26:56 +0800] "POST /xingrg/login.do HTTP/1.1" 302 -
116.237.76.229 - - [29/May/2024:11:26:57 +0800] "GET /xingrg/index.html?sysBaseUrl=http%3A%2F%2F180.169.147.146%3A18081%2Fxingrg%2F&costTime=828×tamp=1716953216938 HTTP/1.1" 200 17173
116.237.76.229 - - [29/May/2024:11:26:57 +0800] "GET /favicon.ico HTTP/1.1" 404 -
116.237.76.229 - - [29/May/2024:11:26:57 +0800] "GET /xingrg/all/function/internal_message.html?_=1716953218805&CODE_STATE=count HTTP/1.1" 200 11
116.237.76.229 - - [29/May/2024:11:26:57 +0800] "GET /xingrg/check_reg.html?_=1716953218806 HTTP/1.1" 200 22
116.237.76.229 - - [29/May/2024:11:26:57 +0800] "POST /xingrg/all/common/load_tree.html?tree=area_rest_tree_json&manage=1 HTTP/1.1" 200 342
116.237.76.229 - - [29/May/2024:11:26:57 +0800] "POST /xingrg/load_menu.html HTTP/1.1" 200 5138
221.239.170.140 - - [29/May/2024:11:26:57 +0800] "GET /xingrg/all/function/internal_message.html?_=1716953216242&CODE_STATE=getMsg HTTP/1.1" 200 27
61.165.227.88 - - [29/May/2024:11:26:57 +0800] "GET /xingrg/all/function/internal_message.html?_=1716953220321&CODE_STATE=getMsg HTTP/1.1" 200 27
116.237.76.229 - - [29/May/2024:11:26:59 +0800] "GET /xingrg/kc/base/base_main.html HTTP/1.1" 200 12142
116.237.76.229 - - [29/May/2024:11:26:59 +0800] "GET /xingrg/images/blue/button/ckpd.gif HTTP/1.1" 200 2051
116.237.76.229 - - [29/May/2024:11:26:59 +0800] "GET /xingrg/images/blue/button/wlsy.gif HTTP/1.1" 200 2536
116.237.76.229 - - [29/May/2024:11:26:59 +0800] "GET /xingrg/images/blue/button/yddb.gif HTTP/1.1" 200 2040
116.237.76.229 - - [29/May/2024:11:26:59 +0800] "GET /xingrg/images/blue/button/ckdb.gif HTTP/1.1" 200 1950
116.237.76.229 - - [29/May/2024:11:26:59 +0800] "GET /xingrg/images/blue/button/top_left.jpg HTTP/1.1" 200 1632
116.237.76.229 - - [29/May/2024:11:26:59 +0800] "GET /xingrg/images/blue/button/top_right.jpg HTTP/1.1" 200 1708
116.237.76.229 - - [29/May/2024:11:26:59 +0800] "GET /xingrg/images/blue/button/down.jpg HTTP/1.1" 200 1560
116.237.76.229 - - [29/May/2024:11:26:59 +0800] "GET /xingrg/images/blue/button/bottom_left.jpg HTTP/1.1" 200 1524
116.237.76.229 - - [29/May/2024:11:26:59 +0800] "GET /xingrg/images/blue/button/left_ah.jpg HTTP/1.1" 200 1643
116.237.76.229 - - [29/May/2024:11:26:59 +0800] "GET /xingrg/images/blue/button/bottom_right.jpg HTTP/1.1" 200 1436
116.237.76.229 - - [29/May/2024:11:27:00 +0800] "GET /xingrg/kc/base/wldb_order_list.html HTTP/1.1" 200 19174
116.237.76.229 - - [29/May/2024:11:27:01 +0800] "POST /xingrg/kc/base/wldb_list_operate.html HTTP/1.1" 200 2177
116.237.76.229 - - [29/May/2024:11:27:04 +0800] "GET /xingrg/kc/base/wldb_order_add.html HTTP/1.1" 200 30662
180.169.147.146 - - [29/May/2024:11:27:04 +0800] "GET /xingrg/kc/buy/cgsh_order_operate.html?command=get_materiel&rest_code=00147&code=00101008357&supplier_code=00100008&order_time=2024-05-29 HTTP/1.1" 200 408
116.237.76.229 - - [29/May/2024:11:27:04 +0800] "POST /xingrg/kc/base/wldb_order_operate.html HTTP/1.1" 200 6806
116.237.76.229 - - [29/May/2024:11:27:04 +0800] "GET /xingrg/javascript/easyui/themes/default/validatebox.css HTTP/1.1" 404 1104
116.237.76.229 - - [29/May/2024:11:27:05 +0800] "GET /xingrg/all/common/auto_word.html?type=base&rest_code=00106 HTTP/1.1" 200 1799
116.237.76.229 - - [29/May/2024:11:27:05 +0800] "GET /xingrg/all/common/auto_word.html?type=base&rest_code=00106 HTTP/1.1" 200 1799
116.238.97.31 - - [29/May/2024:11:27:06 +0800] "GET /xingrg/all/function/internal_message.html?_=1716953239243&CODE_STATE=getMsg HTTP/1.1" 200 27
116.237.76.229 - - [29/May/2024:11:27:06 +0800] "POST /xingrg/all/common/load_combo.html?type=base HTTP/1.1" 200 3227
116.237.76.229 - - [29/May/2024:11:27:08 +0800] "POST /xingrg/kc/buy/cgsh_list_operate.html HTTP/1.1" 200 4746
116.237.76.229 - - [29/May/2024:11:27:10 +0800] "POST /xingrg/all/common/load_combo.html?type=base HTTP/1.1" 200 3227
222.70.240.253 - - [29/May/2024:11:27:12 +0800] "GET /xingrg/check_reg.html?_=1716953242688 HTTP/1.1" 302 -
180.164.6.225 - - [29/May/2024:11:27:21 +0800] "GET /xingrg/all/function/internal_message.html?_=1716953240696&CODE_STATE=getMsg HTTP/1.1" 200 27
180.169.147.146 - - [29/May/2024:11:27:22 +0800] "GET /xingrg/kc/buy/cgsh_order_operate.html?command=get_materiel&rest_code=00147&code=00101008005&supplier_code=00100008&order_time=2024-05-29 HTTP/1.1" 200 412
116.232.195.13 - - [29/May/2024:11:27:22 +0800] "GET /xingrg/all/function/internal_message.html?_=1716953187977&CODE_STATE=getMsg HTTP/1.1" 200 27
222.70.240.253 - - [29/May/2024:11:27:30 +0800] "GET /xingrg/all/function/internal_message.html?_=1716953260686&CODE_STATE=getMsg HTTP/1.1" 302 -
180.156.239.18 - - [29/May/2024:11:27:36 +0800] "GET /xingrg/check_reg.html?_=1716953256411 HTTP/1.1" 200 22
180.156.239.18 - - [29/May/2024:11:27:36 +0800] "GET /xingrg/all/function/internal_message.html?_=1716953256413&CODE_STATE=getMsg HTTP/1.1" 200 27
116.237.76.229 - - [29/May/2024:11:27:37 +0800] "GET /xingrg/all/function/internal_message.html?_=1716953250683&CODE_STATE=getMsg HTTP/1.1" 200 27
116.238.97.31 - - [29/May/2024:11:27:42 +0800] "GET /xingrg/all/function/internal_message.html?_=1716953262586&CODE_STATE=getMsg HTTP/1.1" 200 27
222.70.182.146 - - [29/May/2024:11:27:42 +0800] "GET /xingrg/all/function/internal_message.html?_=1716953258422&CODE_STATE=getMsg HTTP/1.1" 200 27
116.232.195.13 - - [29/May/2024:11:27:48 +0800] "GET /xingrg/all/function/internal_message.html?_=1716953213948&CODE_STATE=getMsg HTTP/1.1" 200 27
114.83.216.162 - - [29/May/2024:11:27:51 +0800] "GET /xingrg/all/function/internal_message.html?_=1716953271408&CODE_STATE=getMsg HTTP/1.1" 200 27
58.40.7.146 - - [29/May/2024:11:27:52 +0800] "GET /xingrg/all/function/internal_message.html?_=1716953272061&CODE_STATE=getMsg HTTP/1.1" 200 27
222.69.132.75 - - [29/May/2024:11:27:52 +0800] "GET /xingrg/all/function/internal_message.html?_=1716953272538&CODE_STATE=getMsg HTTP/1.1" 200 27
222.69.132.75 - - [29/May/2024:11:27:52 +0800] "GET /xingrg/check_reg.html?_=1716953272540 HTTP/1.1" 200 22
124.79.78.120 - - [29/May/2024:11:27:53 +0800] "GET /xingrg/all/function/internal_message.html?_=1716953276963&CODE_STATE=getMsg HTTP/1.1" 200 27
124.79.78.120 - - [29/May/2024:11:27:53 +0800] "GET /xingrg/check_reg.html?_=1716953276959 HTTP/1.1" 200 22
180.169.147.146 - - [29/May/2024:11:27:54 +0800] "GET /xingrg/all/function/internal_message.html?_=1716953276530&CODE_STATE=getMsg HTTP/1.1" 200 27
180.169.147.146 - - [29/May/2024:11:27:54 +0800] "GET /xingrg/check_reg.html?_=1716953276532 HTTP/1.1" 200 22
101.83.144.49 - - [29/May/2024:11:27:54 +0800] "GET /xingrg/all/function/internal_message.html?_=1716953016434&CODE_STATE=getMsg HTTP/1.1" 200 27
116.237.76.229 - - [29/May/2024:11:27:57 +0800] "GET /xingrg/all/function/internal_message.html?_=1716953278817&CODE_STATE=getMsg HTTP/1.1" 200 27
221.239.170.140 - - [29/May/2024:11:27:57 +0800] "GET /xingrg/all/function/internal_message.html?_=1716953276228&CODE_STATE=getMsg HTTP/1.1" 200 27
61.165.227.88 - - [29/May/2024:11:27:57 +0800] "GET /xingrg/all/function/internal_message.html?_=1716953280312&CODE_STATE=getMsg HTTP/1.1" 200 27
116.237.76.229 - - [29/May/2024:11:28:04 +0800] "GET /xingrg/javascript/auto/indicator.gif HTTP/1.1" 404 1066
116.237.76.229 - - [29/May/2024:11:28:06 +0800] "GET /xingrg/kc/base/wldb_order_operate.html?command=get_materiel&rest_code=00106&base_code=0010396&code=00101019359 HTTP/1.1" 200 462
116.238.97.31 - - [29/May/2024:11:28:06 +0800] "GET /xingrg/all/function/internal_message.html?_=1716953299233&CODE_STATE=getMsg HTTP/1.1" 200 27
180.169.147.146 - - [29/May/2024:11:28:10 +0800] "GET /xingrg/check_reg.html?_=1716953289735 HTTP/1.1" 302 -
221.239.170.140 - - [29/May/2024:11:28:15 +0800] "GET /xingrg/check_reg.html?_=1716953294243 HTTP/1.1" 200 22
180.164.6.225 - - [29/May/2024:11:28:21 +0800] "GET /xingrg/all/function/internal_message.html?_=1716953300707&CODE_STATE=getMsg HTTP/1.1" 200 27
180.164.6.225 - - [29/May/2024:11:28:21 +0800] "GET /xingrg/check_reg.html?_=1716953300710 HTTP/1.1" 200 22
116.232.195.13 - - [29/May/2024:11:28:21 +0800] "GET /xingrg/check_reg.html?_=1716953246870 HTTP/1.1" 200 22
116.237.76.229 - - [29/May/2024:11:28:22 +0800] "GET /xingrg/kc/base/wldb_order_operate.html?command=get_materiel&rest_code=00106&base_code=0010396&code=00101019405 HTTP/1.1" 200 482
116.232.195.13 - - [29/May/2024:11:28:22 +0800] "GET /xingrg/all/function/internal_message.html?_=1716953247956&CODE_STATE=getMsg HTTP/1.1" 200 27
222.70.240.253 - - [29/May/2024:11:28:30 +0800] "GET /xingrg/all/function/internal_message.html?_=1716953320694&CODE_STATE=getMsg HTTP/1.1" 302 -
180.156.239.18 - - [29/May/2024:11:28:36 +0800] "GET /xingrg/all/function/internal_message.html?_=1716953316402&CODE_STATE=getMsg HTTP/1.1" 200 27
180.169.147.146 - - [29/May/2024:11:28:37 +0800] "GET /xingrg/kc/buy/cgsh_order_operate.html?command=get_materiel&rest_code=00147&code=00101008691&supplier_code=00100008&order_time=2024-05-29 HTTP/1.1" 200 410
116.237.76.229 - - [29/May/2024:11:28:37 +0800] "GET /xingrg/kc/base/wldb_order_operate.html?command=get_materiel&rest_code=00106&base_code=0010396&code=00101019184 HTTP/1.1" 200 458
116.237.76.229 - - [29/May/2024:11:28:37 +0800] "GET /xingrg/all/function/internal_message.html?_=1716953310700&CODE_STATE=getMsg HTTP/1.1" 200 27
116.238.97.31 - - [29/May/2024:11:28:39 +0800] "GET /xingrg/kc/base/wldb_order_operate.html?command=get_materiel&rest_code=00102&base_code=0010476&code=00101019063 HTTP/1.1" 200 461
116.238.97.31 - - [29/May/2024:11:28:42 +0800] "GET /xingrg/all/function/internal_message.html?_=1716953322569&CODE_STATE=getMsg HTTP/1.1" 200 27
222.70.182.146 - - [29/May/2024:11:28:42 +0800] "GET /xingrg/all/function/internal_message.html?_=1716953318407&CODE_STATE=getMsg HTTP/1.1" 200 27
116.237.76.229 - - [29/May/2024:11:28:42 +0800] "GET /favicon.ico HTTP/1.1" 404 -
222.70.182.146 - - [29/May/2024:11:28:42 +0800] "GET /xingrg/check_reg.html?_=1716953318849 HTTP/1.1" 200 22
116.238.97.31 - - [29/May/2024:11:28:44 +0800] "GET /xingrg/kc/base/wldb_order_operate.html?command=get_materiel&rest_code=00102&base_code=0010476&code=00101019313 HTTP/1.1" 200 457
116.237.76.229 - - [29/May/2024:11:28:45 +0800] "GET /favicon.ico HTTP/1.1" 404 -
116.232.195.13 - - [29/May/2024:11:28:48 +0800] "GET /xingrg/all/function/internal_message.html?_=1716953273939&CODE_STATE=getMsg HTTP/1.1" 200 27
116.237.76.229 - - [29/May/2024:11:28:50 +0800] "GET /xingrg/kc/base/wldb_order_operate.html?command=get_materiel&rest_code=00106&base_code=0010396&code=00101019400 HTTP/1.1" 200 464
116.238.97.31 - - [29/May/2024:11:28:50 +0800] "GET /xingrg/kc/base/wldb_order_operate.html?command=get_materiel&rest_code=00102&base_code=0010476&code=00101019015 HTTP/1.1" 200 451
114.83.216.162 - - [29/May/2024:11:28:51 +0800] "GET /xingrg/all/function/internal_message.html?_=1716953331394&CODE_STATE=getMsg HTTP/1.1" 200 27
58.40.7.146 - - [29/May/2024:11:28:52 +0800] "GET /xingrg/all/function/internal_message.html?_=1716953332055&CODE_STATE=getMsg HTTP/1.1" 200 27
222.69.132.75 - - [29/May/2024:11:28:52 +0800] "GET /xingrg/all/function/internal_message.html?_=1716953332541&CODE_STATE=getMsg HTTP/1.1" 200 27
124.79.78.120 - - [29/May/2024:11:28:53 +0800] "GET /xingrg/all/function/internal_message.html?_=1716953336963&CODE_STATE=getMsg HTTP/1.1" 200 27
180.169.147.146 - - [29/May/2024:11:28:54 +0800] "GET /xingrg/kc/buy/cgsh_order_operate.html?command=get_materiel&rest_code=00147&code=00101008101&supplier_code=00100008&order_time=2024-05-29 HTTP/1.1" 200 412
180.169.147.146 - - [29/May/2024:11:28:54 +0800] "GET /xingrg/all/function/internal_message.html?_=1716953336541&CODE_STATE=getMsg HTTP/1.1" 200 27
101.83.144.49 - - [29/May/2024:11:28:54 +0800] "GET /xingrg/all/function/internal_message.html?_=1716953076419&CODE_STATE=getMsg HTTP/1.1" 200 27
101.83.144.49 - - [29/May/2024:11:28:56 +0800] "GET /xingrg/check_reg.html?_=1716953078168 HTTP/1.1" 200 22
180.169.147.146 - - [29/May/2024:11:28:56 +0800] "POST /xingrg/kc/buy/cgsh_order_operate.html HTTP/1.1" 200 2065
116.237.76.229 - - [29/May/2024:11:28:57 +0800] "GET /xingrg/all/function/internal_message.html?_=1716953338824&CODE_STATE=getMsg HTTP/1.1" 200 27
221.239.170.140 - - [29/May/2024:11:28:57 +0800] "GET /xingrg/all/function/internal_message.html?_=1716953336208&CODE_STATE=getMsg HTTP/1.1" 200 27
61.165.227.88 - - [29/May/2024:11:28:57 +0800] "GET /xingrg/all/function/internal_message.html?_=1716953340322&CODE_STATE=getMsg HTTP/1.1" 200 27
116.238.97.31 - - [29/May/2024:11:28:58 +0800] "GET /xingrg/kc/base/wldb_order_operate.html?command=get_materiel&rest_code=00102&base_code=0010476&code=00101016019 HTTP/1.1" 200 451
180.169.147.146 - - [29/May/2024:11:29:02 +0800] "GET /xingrg/kc/buy/cgsh_order_operate.html?command=get_materiel&rest_code=00147&code=00101008037&supplier_code=00100008&order_time=2024-05-29 HTTP/1.1" 200 413
116.238.97.31 - - [29/May/2024:11:29:02 +0800] "GET /xingrg/kc/base/wldb_order_operate.html?command=get_materiel&rest_code=00102&base_code=0010476&code=00101016049 HTTP/1.1" 200 445
124.79.78.120 - - [29/May/2024:11:29:03 +0800] "GET /xingrg/index.html?sysBaseUrl=http%3A%2F%2F180.169.147.146%3A18081%2Fxingrg%2F&costTime=833×tamp=1716952073077 HTTP/1.1" 200 17179
124.79.78.120 - - [29/May/2024:11:29:03 +0800] "GET /xingrg/check_reg.html?_=1716953347490 HTTP/1.1" 200 22
124.79.78.120 - - [29/May/2024:11:29:03 +0800] "GET /xingrg/all/function/internal_message.html?_=1716953347490&CODE_STATE=count HTTP/1.1" 200 11
124.79.78.120 - - [29/May/2024:11:29:03 +0800] "POST /xingrg/all/common/load_tree.html?tree=area_rest_tree_json&manage=1 HTTP/1.1" 200 351
124.79.78.120 - - [29/May/2024:11:29:03 +0800] "POST /xingrg/load_menu.html HTTP/1.1" 200 5138
124.79.78.120 - - [29/May/2024:11:29:03 +0800] "GET /favicon.ico HTTP/1.1" 404 -
124.79.78.120 - - [29/May/2024:11:29:05 +0800] "GET /xingrg/kc/buy/buy_main.html HTTP/1.1" 200 12412
116.237.76.229 - - [29/May/2024:11:29:05 +0800] "GET /xingrg/kc/base/wldb_order_operate.html?command=get_materiel&rest_code=00106&base_code=0010396&code=00101019492 HTTP/1.1" 200 457
124.79.78.120 - - [29/May/2024:11:29:05 +0800] "GET /xingrg/css/new_ie.css HTTP/1.1" 404 1036
116.238.97.31 - - [29/May/2024:11:29:06 +0800] "GET /xingrg/check_reg.html?_=1716953359240 HTTP/1.1" 200 22
116.238.97.31 - - [29/May/2024:11:29:06 +0800] "GET /xingrg/all/function/internal_message.html?_=1716953359238&CODE_STATE=getMsg HTTP/1.1" 200 27
124.79.78.120 - - [29/May/2024:11:29:07 +0800] "GET /xingrg/kc/buy/cgsh_order_list.html HTTP/1.1" 200 58893
124.79.78.120 - - [29/May/2024:11:29:10 +0800] "POST /xingrg/kc/buy/cgsh_list_operate.html HTTP/1.1" 200 645
180.169.147.146 - - [29/May/2024:11:29:13 +0800] "GET /xingrg/kc/buy/cgsh_order_operate.html?command=get_materiel&rest_code=00147&code=00101008350&supplier_code=00100008&order_time=2024-05-29 HTTP/1.1" 200 408
124.79.78.120 - - [29/May/2024:11:29:13 +0800] "GET /xingrg/kc/buy/cgsh_order_add.html HTTP/1.1" 200 74779
124.79.78.120 - - [29/May/2024:11:29:13 +0800] "GET /xingrg/words/20240528134831_words.js HTTP/1.1" 304 -
124.79.78.120 - - [29/May/2024:11:29:14 +0800] "POST /xingrg/kc/buy/cgsh_order_operate.html HTTP/1.1" 200 8245
124.79.78.120 - - [29/May/2024:11:29:14 +0800] "GET /xingrg/javascript/easyui/themes/default/validatebox.css HTTP/1.1" 404 1104
124.79.78.120 - - [29/May/2024:11:29:14 +0800] "GET /xingrg/all/common/auto_word.html?type=employee&rest_code=00156 HTTP/1.1" 200 47
116.238.97.31 - - [29/May/2024:11:29:14 +0800] "GET /xingrg/kc/base/wldb_order_operate.html?command=get_materiel&rest_code=00102&base_code=0010476&code=00101019183 HTTP/1.1" 200 449
124.79.78.120 - - [29/May/2024:11:29:14 +0800] "GET /xingrg/all/common/auto_word.html?type=employee&rest_code=00156 HTTP/1.1" 200 47
124.79.78.120 - - [29/May/2024:11:29:16 +0800] "GET /xingrg/kc/mdqp/qp_main.html HTTP/1.1" 200 10633
124.79.78.120 - - [29/May/2024:11:29:17 +0800] "GET /xingrg/kc/mdqp/pssh_order_list.html HTTP/1.1" 200 18207
124.79.78.120 - - [29/May/2024:11:29:18 +0800] "POST /xingrg/kc/mdqp/pssh_list_operate.html HTTP/1.1" 200 5445
116.238.97.31 - - [29/May/2024:11:29:18 +0800] "GET /xingrg/kc/base/wldb_order_operate.html?command=get_materiel&rest_code=00102&base_code=0010476&code=00101019184 HTTP/1.1" 200 458
101.83.144.49 - - [29/May/2024:11:29:18 +0800] "POST /xingrg/kc/buy/cgsh_order_operate.html HTTP/1.1" 200 75
116.237.76.229 - - [29/May/2024:11:29:19 +0800] "GET /xingrg/kc/base/wldb_order_operate.html?command=get_materiel&rest_code=00106&base_code=0010396&code=00101016094 HTTP/1.1" 200 470
124.79.78.120 - - [29/May/2024:11:29:19 +0800] "POST /xingrg/kc/mdqp/pssh_list_operate.html HTTP/1.1" 200 260
116.238.97.31 - - [29/May/2024:11:29:20 +0800] "GET /xingrg/kc/base/wldb_order_operate.html?command=get_materiel&rest_code=00102&base_code=0010476&code=00101019400 HTTP/1.1" 200 464
180.164.6.225 - - [29/May/2024:11:29:21 +0800] "GET /xingrg/all/function/internal_message.html?_=1716953360710&CODE_STATE=getMsg HTTP/1.1" 200 27
124.79.78.120 - - [29/May/2024:11:29:21 +0800] "GET /xingrg/kc/mdqp/pssh_order_info.html?code=312024052600519 HTTP/1.1" 200 17272
124.79.78.120 - - [29/May/2024:11:29:21 +0800] "GET /xingrg/javascript/jquery_tools/jquery-1.4.2.min.js HTTP/1.1" 404 1094
124.79.78.120 - - [29/May/2024:11:29:21 +0800] "GET /xingrg/javascript/easyui/themes/default/validatebox.css HTTP/1.1" 404 1104
124.79.78.120 - - [29/May/2024:11:29:21 +0800] "GET /xingrg/all/common/auto_word.html?type=employee&rest_code=00156 HTTP/1.1" 200 47
124.79.78.120 - - [29/May/2024:11:29:21 +0800] "GET /xingrg/all/common/auto_word.html?type=base&rest_code=00156&rest_code=00156 HTTP/1.1" 200 1903
124.79.78.120 - - [29/May/2024:11:29:21 +0800] "POST /xingrg/kc/mdqp/pssh_order_operate.html HTTP/1.1" 200 532
116.232.195.13 - - [29/May/2024:11:29:22 +0800] "GET /xingrg/all/function/internal_message.html?_=1716953307932&CODE_STATE=getMsg HTTP/1.1" 200 27
124.79.78.120 - - [29/May/2024:11:29:23 +0800] "GET /xingrg/javascript/jquery_tools/images/prev.gif HTTP/1.1" 404 1086
124.79.78.120 - - [29/May/2024:11:29:23 +0800] "GET /xingrg/javascript/jquery_tools/images/next.gif HTTP/1.1" 404 1086
180.169.147.146 - - [29/May/2024:11:29:24 +0800] "GET /xingrg/kc/buy/cgsh_order_operate.html?command=get_materiel&rest_code=00147&code=00101008033&supplier_code=00100008&order_time=2024-05-29 HTTP/1.1" 200 408
116.238.97.31 - - [29/May/2024:11:29:25 +0800] "GET /xingrg/kc/base/wldb_order_operate.html?command=get_materiel&rest_code=00102&base_code=0010476&code=00101019450 HTTP/1.1" 200 482
101.83.144.49 - - [29/May/2024:11:29:25 +0800] "POST /xingrg/kc/buy/cgsh_order_operate.html HTTP/1.1" 200 75
124.79.78.120 - - [29/May/2024:11:29:29 +0800] "POST /xingrg/kc/mdqp/pssh_order_operate.html HTTP/1.1" 200 37
222.70.240.253 - - [29/May/2024:11:29:30 +0800] "GET /xingrg/all/function/internal_message.html?_=1716953380714&CODE_STATE=getMsg HTTP/1.1" 302 -
124.79.78.120 - - [29/May/2024:11:29:34 +0800] "POST /xingrg/kc/mdqp/pssh_order_operate.html HTTP/1.1" 200 12
116.238.97.31 - - [29/May/2024:11:29:34 +0800] "GET /xingrg/kc/base/wldb_order_operate.html?command=get_materiel&rest_code=00102&base_code=0010476&code=00101019131 HTTP/1.1" 200 468
180.156.239.18 - - [29/May/2024:11:29:36 +0800] "GET /xingrg/all/function/internal_message.html?_=1716953376409&CODE_STATE=getMsg HTTP/1.1" 200 27
124.79.78.120 - - [29/May/2024:11:29:36 +0800] "GET /xingrg/kc/mdqp/pssh_order_info.html?code=312024052600519 HTTP/1.1" 200 14384
124.79.78.120 - - [29/May/2024:11:29:36 +0800] "GET /xingrg/javascript/jquery_tools/jquery-1.4.2.min.js HTTP/1.1" 404 1094
124.79.78.120 - - [29/May/2024:11:29:36 +0800] "GET /xingrg/javascript/easyui/themes/default/validatebox.css HTTP/1.1" 404 1104
124.79.78.120 - - [29/May/2024:11:29:36 +0800] "POST /xingrg/kc/mdqp/pssh_order_operate.html HTTP/1.1" 200 532
124.79.78.120 - - [29/May/2024:11:29:37 +0800] "GET /xingrg/kc/print/load_config.html?kc_code=pssh HTTP/1.1" 200 2368
116.237.76.229 - - [29/May/2024:11:29:37 +0800] "GET /xingrg/check_reg.html?_=1716953370691 HTTP/1.1" 200 22
