58.40.7.146 - - [29/May/2024:10:41:51 +0800] "GET /xingrg/index.html?sysBaseUrl=http%3A%2F%2F180.169.147.146%3A18081%2Fxingrg%2F&costTime=910×tamp=1716950445898 HTTP/1.1" 200 17507
58.40.7.146 - - [29/May/2024:10:41:51 +0800] "GET /xingrg/javascript/jquery_easy_ui/themes/default/easyui.css HTTP/1.1" 304 -
58.40.7.146 - - [29/May/2024:10:41:51 +0800] "GET /xingrg/javascript/jquery_easy_ui/themes/icon.css HTTP/1.1" 304 -
58.40.7.146 - - [29/May/2024:10:41:51 +0800] "GET /xingrg/css/form.css HTTP/1.1" 304 -
58.40.7.146 - - [29/May/2024:10:41:51 +0800] "GET /xingrg/javascript/jquery-1.4.2.min.js HTTP/1.1" 304 -
58.40.7.146 - - [29/May/2024:10:41:51 +0800] "GET /xingrg/javascript/jquery_easy_ui/jquery.easyui.min.js HTTP/1.1" 304 -
58.40.7.146 - - [29/May/2024:10:41:51 +0800] "GET /xingrg/javascript/jquery_easy_ui/easyui-lang-zh_CN.js HTTP/1.1" 304 -
58.40.7.146 - - [29/May/2024:10:41:51 +0800] "GET /xingrg/javascript/jquery.form.js HTTP/1.1" 304 -
58.40.7.146 - - [29/May/2024:10:41:51 +0800] "GET /xingrg/javascript/jquery.utils.js HTTP/1.1" 304 -
58.40.7.146 - - [29/May/2024:10:41:51 +0800] "GET /xingrg/javascript/jquery.timers.js HTTP/1.1" 304 -
58.40.7.146 - - [29/May/2024:10:41:51 +0800] "GET /xingrg/images/blue/jxLogo.png HTTP/1.1" 304 -
58.40.7.146 - - [29/May/2024:10:41:51 +0800] "GET /xingrg/javascript/jquery_easy_ui/themes/icons/settle_new.png HTTP/1.1" 304 -
58.40.7.146 - - [29/May/2024:10:41:51 +0800] "GET /xingrg/images/blue/navBackgound.jpg HTTP/1.1" 304 -
114.83.216.162 - - [29/May/2024:10:41:51 +0800] "GET /xingrg/all/function/internal_message.html?_=1716950512139&CODE_STATE=getMsg HTTP/1.1" 200 27
58.40.7.146 - - [29/May/2024:10:41:52 +0800] "GET /xingrg/all/function/internal_message.html?_=1716950512024&CODE_STATE=count HTTP/1.1" 200 11
58.40.7.146 - - [29/May/2024:10:41:52 +0800] "GET /xingrg/check_reg.html?_=1716950512024 HTTP/1.1" 200 22
58.40.7.146 - - [29/May/2024:10:41:52 +0800] "GET /xingrg/javascript/jquery_easy_ui/themes/default/images/panel_tool_collapse.gif HTTP/1.1" 304 -
58.40.7.146 - - [29/May/2024:10:41:52 +0800] "GET /xingrg/images/blue/pingpu.png HTTP/1.1" 304 -
58.40.7.146 - - [29/May/2024:10:41:52 +0800] "GET /xingrg/javascript/jquery_easy_ui/themes/default/images/panel_tool_expand.gif HTTP/1.1" 304 -
58.40.7.146 - - [29/May/2024:10:41:52 +0800] "GET /xingrg/javascript/jquery_easy_ui/themes/default/images/tabs_leftarrow.png HTTP/1.1" 304 -
58.40.7.146 - - [29/May/2024:10:41:52 +0800] "GET /xingrg/javascript/jquery_easy_ui/themes/default/images/tabs_rightarrow.png HTTP/1.1" 304 -
58.40.7.146 - - [29/May/2024:10:41:52 +0800] "POST /xingrg/all/common/load_tree.html?tree=area_rest_tree_json&manage=1 HTTP/1.1" 200 4010
58.40.7.146 - - [29/May/2024:10:41:52 +0800] "POST /xingrg/load_menu.html HTTP/1.1" 200 9959
222.69.132.75 - - [29/May/2024:10:41:52 +0800] "GET /xingrg/all/function/internal_message.html?_=1716950512523&CODE_STATE=getMsg HTTP/1.1" 200 27
101.83.144.49 - - [29/May/2024:10:41:55 +0800] "GET /xingrg/all/function/internal_message.html?_=1716950257090&CODE_STATE=getMsg HTTP/1.1" 200 27
221.239.170.140 - - [29/May/2024:10:41:58 +0800] "GET /xingrg/all/function/internal_message.html?_=1716950517063&CODE_STATE=getMsg HTTP/1.1" 200 27
58.40.7.146 - - [29/May/2024:10:42:00 +0800] "GET /xingrg/system/info/base.html HTTP/1.1" 200 5755
58.40.7.146 - - [29/May/2024:10:42:00 +0800] "GET /xingrg/dwr/interface/AjaxBaseInfoService.js HTTP/1.1" 200 21363
58.40.7.146 - - [29/May/2024:10:42:00 +0800] "GET /xingrg/dwr/engine.js HTTP/1.1" 200 43631
124.79.78.120 - - [29/May/2024:10:42:00 +0800] "GET /favicon.ico HTTP/1.1" 404 -
58.40.7.146 - - [29/May/2024:10:42:00 +0800] "POST /xingrg/dwr/call/plaincall/AjaxBaseInfoService.modifyAllBase.dwr HTTP/1.1" 200 2404
124.79.78.120 - - [29/May/2024:10:42:03 +0800] "GET /xingrg/all/function/internal_message.html?_=1716950527349&CODE_STATE=getMsg HTTP/1.1" 200 27
116.238.97.31 - - [29/May/2024:10:42:06 +0800] "GET /xingrg/all/function/internal_message.html?_=1716950539204&CODE_STATE=getMsg HTTP/1.1" 200 27
222.70.240.253 - - [29/May/2024:10:42:12 +0800] "GET /xingrg/check_reg.html?_=1716950542604 HTTP/1.1" 302 -
101.83.144.49 - - [29/May/2024:10:42:13 +0800] "GET /xingrg/kc/buy/cgsh_order_operate.html?command=get_materiel&rest_code=00105&code=00101008331&supplier_code=00100008&order_time=2024-05-29 HTTP/1.1" 200 416
101.83.144.49 - - [29/May/2024:10:42:18 +0800] "POST /xingrg/kc/buy/cgsh_order_operate.html HTTP/1.1" 200 2065
180.164.6.225 - - [29/May/2024:10:42:21 +0800] "GET /xingrg/all/function/internal_message.html?_=1716950540715&CODE_STATE=getMsg HTTP/1.1" 200 27
116.232.195.13 - - [29/May/2024:10:42:23 +0800] "GET /xingrg/all/function/internal_message.html?_=1716950488788&CODE_STATE=getMsg HTTP/1.1" 200 27
116.237.76.229 - - [29/May/2024:10:42:23 +0800] "GET /xingrg/all/function/internal_message.html?_=1716950544993&CODE_STATE=getMsg HTTP/1.1" 200 27
58.40.7.146 - - [29/May/2024:10:42:25 +0800] "GET /xingrg/system/info/base.html HTTP/1.1" 200 5755
58.40.7.146 - - [29/May/2024:10:42:25 +0800] "GET /xingrg/dwr/interface/AjaxBaseInfoService.js HTTP/1.1" 200 21363
58.40.7.146 - - [29/May/2024:10:42:25 +0800] "GET /xingrg/dwr/engine.js HTTP/1.1" 200 43631
58.40.7.146 - - [29/May/2024:10:42:25 +0800] "POST /xingrg/dwr/call/plaincall/AjaxBaseInfoService.modifyAllBase.dwr HTTP/1.1" 200 2404
180.156.239.18 - - [29/May/2024:10:42:30 +0800] "GET /xingrg/kc/buy/cgsh_order_operate.html?command=get_materiel&rest_code=00150&code=00101004101&supplier_code=00100090&order_time=2024-05-29 HTTP/1.1" 200 413
222.70.240.253 - - [29/May/2024:10:42:30 +0800] "GET /xingrg/all/function/internal_message.html?_=1716950560053&CODE_STATE=getMsg HTTP/1.1" 302 -
116.237.76.229 - - [29/May/2024:10:42:34 +0800] "GET /xingrg/kc/buy/cgsh_order_operate.html?command=get_materiel&rest_code=00106&code=00101001037&supplier_code=00100675&order_time=2024-05-29 HTTP/1.1" 200 418
101.83.144.49 - - [29/May/2024:10:42:34 +0800] "GET /xingrg/kc/buy/cgsh_order_operate.html?command=get_materiel&rest_code=00105&code=00101008270&supplier_code=00100008&order_time=2024-05-29 HTTP/1.1" 200 412
58.40.7.146 - - [29/May/2024:10:42:34 +0800] "POST /xingrg/load_menu.html HTTP/1.1" 200 10797
116.237.76.229 - - [29/May/2024:10:42:39 +0800] "GET /xingrg/all/function/internal_message.html?_=1716950551890&CODE_STATE=getMsg HTTP/1.1" 200 27
116.238.97.31 - - [29/May/2024:10:42:42 +0800] "GET /xingrg/all/function/internal_message.html?_=1716950562598&CODE_STATE=getMsg HTTP/1.1" 200 27
222.70.182.146 - - [29/May/2024:10:42:42 +0800] "GET /xingrg/all/function/internal_message.html?_=1716950558922&CODE_STATE=getMsg HTTP/1.1" 200 27
180.156.239.18 - - [29/May/2024:10:42:45 +0800] "GET /xingrg/all/function/internal_message.html?_=1716950565865&CODE_STATE=getMsg HTTP/1.1" 200 27
58.40.7.146 - - [29/May/2024:10:42:51 +0800] "GET /xingrg/kc/report/report_main.html HTTP/1.1" 200 7340
58.40.7.146 - - [29/May/2024:10:42:51 +0800] "GET /xingrg/javascript/jquery_ui/themes/humanity/humanity.css HTTP/1.1" 200 27801
58.40.7.146 - - [29/May/2024:10:42:51 +0800] "GET /xingrg/javascript/json2.js HTTP/1.1" 200 11259
101.83.144.49 - - [29/May/2024:10:42:51 +0800] "GET /xingrg/kc/buy/cgsh_order_operate.html?command=get_materiel&rest_code=00105&code=00101008003&supplier_code=00100008&order_time=2024-05-29 HTTP/1.1" 200 408
180.169.147.146 - - [29/May/2024:10:42:51 +0800] "GET /xingrg/login.html HTTP/1.1" 200 7641
180.169.147.146 - - [29/May/2024:10:42:51 +0800] "GET /favicon.ico HTTP/1.1" 404 -
114.83.216.162 - - [29/May/2024:10:42:51 +0800] "GET /xingrg/all/function/internal_message.html?_=1716950572123&CODE_STATE=getMsg HTTP/1.1" 200 27
58.40.7.146 - - [29/May/2024:10:42:52 +0800] "GET /xingrg/all/function/internal_message.html?_=1716950572039&CODE_STATE=getMsg HTTP/1.1" 200 27
222.69.132.75 - - [29/May/2024:10:42:52 +0800] "GET /xingrg/all/function/internal_message.html?_=1716950572536&CODE_STATE=getMsg HTTP/1.1" 200 27
222.69.132.75 - - [29/May/2024:10:42:52 +0800] "GET /xingrg/check_reg.html?_=1716950572539 HTTP/1.1" 200 22
180.169.147.146 - - [29/May/2024:10:42:54 +0800] "POST /xingrg/login.do HTTP/1.1" 302 -
180.169.147.146 - - [29/May/2024:10:42:54 +0800] "GET /xingrg/index.html?sysBaseUrl=http%3A%2F%2F180.169.147.146%3A18081%2Fxingrg%2F&costTime=837×tamp=1716950574375 HTTP/1.1" 200 17179
180.169.147.146 - - [29/May/2024:10:42:54 +0800] "GET /favicon.ico HTTP/1.1" 404 -
180.169.147.146 - - [29/May/2024:10:42:54 +0800] "GET /xingrg/all/function/internal_message.html?_=1716950576511&CODE_STATE=count HTTP/1.1" 200 11
180.169.147.146 - - [29/May/2024:10:42:54 +0800] "GET /xingrg/check_reg.html?_=1716950576512 HTTP/1.1" 200 22
180.169.147.146 - - [29/May/2024:10:42:54 +0800] "POST /xingrg/all/common/load_tree.html?tree=area_rest_tree_json&manage=1 HTTP/1.1" 200 484
58.40.7.146 - - [29/May/2024:10:42:54 +0800] "GET /xingrg/all/report/report_query.html?fileName=kc/buy/gys_amount_base.xml&rh=99999 HTTP/1.1" 200 51871
58.40.7.146 - - [29/May/2024:10:42:54 +0800] "GET /xingrg/javascript/multi_select/jqueryMultiSelect.css HTTP/1.1" 200 951
58.40.7.146 - - [29/May/2024:10:42:54 +0800] "GET /xingrg/javascript/calendar/timePicker.css HTTP/1.1" 200 523
180.169.147.146 - - [29/May/2024:10:42:54 +0800] "POST /xingrg/load_menu.html HTTP/1.1" 200 5138
58.40.7.146 - - [29/May/2024:10:42:54 +0800] "GET /xingrg/javascript/bigrid/fix.css HTTP/1.1" 200 1702
58.40.7.146 - - [29/May/2024:10:42:54 +0800] "GET /xingrg/dwr/interface/AjaxReportQueryService.js HTTP/1.1" 200 13203
58.40.7.146 - - [29/May/2024:10:42:54 +0800] "GET /xingrg/dwr/engine.js HTTP/1.1" 200 43631
58.40.7.146 - - [29/May/2024:10:42:54 +0800] "GET /xingrg/javascript/jqueryMultiSelect.js HTTP/1.1" 200 11866
58.40.7.146 - - [29/May/2024:10:42:54 +0800] "GET /xingrg/javascript/calendar/jquery.timePicker.min.js HTTP/1.1" 200 2997
58.40.7.146 - - [29/May/2024:10:42:54 +0800] "GET /xingrg/javascript/bigrid/fix.js HTTP/1.1" 200 6439
58.40.7.146 - - [29/May/2024:10:42:54 +0800] "GET /xingrg/images/control/loading.gif HTTP/1.1" 200 13463
58.40.7.146 - - [29/May/2024:10:42:54 +0800] "GET /xingrg/images/blue/button/advanceover.gif HTTP/1.1" 200 1347
58.40.7.146 - - [29/May/2024:10:42:54 +0800] "GET /xingrg/images/blue/button/advance2over.gif HTTP/1.1" 200 1336
58.40.7.146 - - [29/May/2024:10:42:54 +0800] "GET /xingrg/images/blue/button/back2over.gif HTTP/1.1" 200 1335
58.40.7.146 - - [29/May/2024:10:42:54 +0800] "GET /xingrg/images/blue/button/backover.gif HTTP/1.1" 200 1348
58.40.7.146 - - [29/May/2024:10:42:54 +0800] "GET /xingrg/javascript/jquery_easy_ui/themes/icons/help.png HTTP/1.1" 200 1187
58.40.7.146 - - [29/May/2024:10:42:54 +0800] "GET /xingrg/javascript/jquery_easy_ui/themes/icons/pencil.png HTTP/1.1" 200 713
58.40.7.146 - - [29/May/2024:10:42:54 +0800] "GET /xingrg/javascript/jquery_easy_ui/themes/icons/print.png HTTP/1.1" 200 1057
58.40.7.146 - - [29/May/2024:10:42:54 +0800] "GET /xingrg/javascript/jquery_easy_ui/themes/default/images/menu_rightarrow.png HTTP/1.1" 200 3617
58.40.7.146 - - [29/May/2024:10:42:54 +0800] "GET /xingrg/javascript/jquery_easy_ui/themes/default/images/menu_downarrow.png HTTP/1.1" 200 173
58.40.7.146 - - [29/May/2024:10:42:54 +0800] "GET /xingrg/javascript/jquery_easy_ui/themes/default/images/menu.gif HTTP/1.1" 200 834
58.40.7.146 - - [29/May/2024:10:42:54 +0800] "POST /xingrg/dwr/call/plaincall/AjaxReportQueryService.getFixDate.dwr HTTP/1.1" 200 111
58.40.7.146 - - [29/May/2024:10:42:55 +0800] "POST /xingrg/dwr/call/plaincall/AjaxReportQueryService.getInitString.dwr HTTP/1.1" 200 792
58.40.7.146 - - [29/May/2024:10:42:55 +0800] "GET /xingrg/javascript/multi_select/dropdown.gif HTTP/1.1" 200 61
58.40.7.146 - - [29/May/2024:10:42:55 +0800] "GET /xingrg/javascript/jquery_easy_ui/themes/default/images/combo_arrow_dot.gif HTTP/1.1" 200 79
101.83.144.49 - - [29/May/2024:10:42:55 +0800] "GET /xingrg/all/function/internal_message.html?_=1716950317075&CODE_STATE=getMsg HTTP/1.1" 200 27
58.40.7.146 - - [29/May/2024:10:42:55 +0800] "POST /xingrg/all/common/load_tree.html?tree=materiel_sort_tree_json HTTP/1.1" 200 9734
58.40.7.146 - - [29/May/2024:10:42:55 +0800] "POST /xingrg/all/common/load_tree.html?tree=supplier_tree_json&manage=1 HTTP/1.1" 200 82736
180.169.147.146 - - [29/May/2024:10:42:56 +0800] "GET /xingrg/kc/buy/buy_main.html HTTP/1.1" 200 12412
180.169.147.146 - - [29/May/2024:10:42:56 +0800] "GET /xingrg/css/new_ie.css HTTP/1.1" 404 1036
180.169.147.146 - - [29/May/2024:10:42:56 +0800] "GET /xingrg/images/yd/bt.gif HTTP/1.1" 404 1040
58.40.7.146 - - [29/May/2024:10:42:57 +0800] "GET /xingrg/javascript/jquery_easy_ui/themes/default/images/tree_checkbox_0.gif HTTP/1.1" 200 168
180.169.147.146 - - [29/May/2024:10:42:57 +0800] "GET /xingrg/kc/buy/cgsh_order_list.html HTTP/1.1" 200 58893
221.239.170.140 - - [29/May/2024:10:42:58 +0800] "GET /xingrg/all/function/internal_message.html?_=1716950577038&CODE_STATE=getMsg HTTP/1.1" 200 27
116.238.97.31 - - [29/May/2024:10:43:02 +0800] "GET /xingrg/kc/base/wldb_order_operate.html?command=get_materiel&rest_code=00102&base_code=0010476&code=00101011005 HTTP/1.1" 200 429
58.40.7.146 - - [29/May/2024:10:43:03 +0800] "POST /xingrg/dwr/call/plaincall/AjaxReportQueryService.refreshCache.dwr HTTP/1.1" 200 78
124.79.78.120 - - [29/May/2024:10:43:03 +0800] "GET /xingrg/all/function/internal_message.html?_=1716950587348&CODE_STATE=getMsg HTTP/1.1" 200 27
58.40.7.146 - - [29/May/2024:10:43:06 +0800] "GET /xingrg/javascript/multi_select/dropdown_hover.gif HTTP/1.1" 200 61
116.238.97.31 - - [29/May/2024:10:43:06 +0800] "GET /xingrg/all/function/internal_message.html?_=1716950599206&CODE_STATE=getMsg HTTP/1.1" 200 27
58.40.7.146 - - [29/May/2024:10:43:06 +0800] "GET /xingrg/javascript/multi_select/dropdown_active.gif HTTP/1.1" 200 61
180.169.147.146 - - [29/May/2024:10:43:11 +0800] "GET /xingrg/check_reg.html?_=1716950589851 HTTP/1.1" 302 -
116.237.76.229 - - [29/May/2024:10:43:13 +0800] "POST /xingrg/kc/buy/cgsh_order_operate.html HTTP/1.1" 200 37
58.40.7.146 - - [29/May/2024:10:43:13 +0800] "POST /xingrg/all/report/load_report_page.html HTTP/1.1" 200 310982
58.40.7.146 - - [29/May/2024:10:43:13 +0800] "GET /xingrg/servlets/image?cache=0.6211449117600786&image=px HTTP/1.1" 200 807
221.239.170.140 - - [29/May/2024:10:43:15 +0800] "GET /xingrg/check_reg.html?_=1716950594374 HTTP/1.1" 200 22
180.164.6.225 - - [29/May/2024:10:43:21 +0800] "GET /xingrg/check_reg.html?_=1716950600720 HTTP/1.1" 200 22
180.164.6.225 - - [29/May/2024:10:43:21 +0800] "GET /xingrg/all/function/internal_message.html?_=1716950600724&CODE_STATE=getMsg HTTP/1.1" 200 27
116.237.76.229 - - [29/May/2024:10:43:21 +0800] "POST /xingrg/kc/buy/cgsh_order_operate.html HTTP/1.1" 200 12
116.232.195.13 - - [29/May/2024:10:43:21 +0800] "GET /xingrg/check_reg.html?_=1716950546864 HTTP/1.1" 200 22
116.232.195.13 - - [29/May/2024:10:43:23 +0800] "GET /xingrg/all/function/internal_message.html?_=1716950548771&CODE_STATE=getMsg HTTP/1.1" 200 27
116.237.76.229 - - [29/May/2024:10:43:23 +0800] "GET /xingrg/check_reg.html?_=1716950604997 HTTP/1.1" 200 22
116.237.76.229 - - [29/May/2024:10:43:23 +0800] "GET /xingrg/all/function/internal_message.html?_=1716950605000&CODE_STATE=getMsg HTTP/1.1" 200 27
116.237.76.229 - - [29/May/2024:10:43:23 +0800] "GET /xingrg/kc/buy/cgsh_order_info.html?code=212024052908635 HTTP/1.1" 200 69559
116.237.76.229 - - [29/May/2024:10:43:23 +0800] "GET /xingrg/javascript/easyui/themes/default/validatebox.css HTTP/1.1" 404 1104
116.237.76.229 - - [29/May/2024:10:43:25 +0800] "POST /xingrg/kc/buy/cgsh_order_operate.html HTTP/1.1" 200 615
116.237.76.229 - - [29/May/2024:10:43:29 +0800] "GET /xingrg/kc/print/load_data.html?order_code=212024052908635&kc_code=cgsh&condition= HTTP/1.1" 200 690
222.70.240.253 - - [29/May/2024:10:43:30 +0800] "GET /xingrg/all/function/internal_message.html?_=1716950620075&CODE_STATE=getMsg HTTP/1.1" 302 -
116.237.76.229 - - [29/May/2024:10:43:37 +0800] "GET /xingrg/kc/buy/cgsh_order_add.html HTTP/1.1" 200 74694
116.237.76.229 - - [29/May/2024:10:43:37 +0800] "POST /xingrg/kc/buy/cgsh_order_operate.html HTTP/1.1" 200 8245
116.237.76.229 - - [29/May/2024:10:43:37 +0800] "GET /xingrg/javascript/easyui/themes/default/validatebox.css HTTP/1.1" 404 1104
116.237.76.229 - - [29/May/2024:10:43:38 +0800] "GET /xingrg/javascript/easyui/themes/default/tree.css HTTP/1.1" 404 1090
116.237.76.229 - - [29/May/2024:10:43:39 +0800] "GET /xingrg/all/function/internal_message.html?_=1716950611875&CODE_STATE=getMsg HTTP/1.1" 200 27
116.237.76.229 - - [29/May/2024:10:43:39 +0800] "POST /xingrg/all/common/load_tree.html?tree=supplier_tree_json&isDelete=1 HTTP/1.1" 200 80320
116.238.97.31 - - [29/May/2024:10:43:42 +0800] "GET /xingrg/all/function/internal_message.html?_=1716950622595&CODE_STATE=getMsg HTTP/1.1" 200 27
222.70.182.146 - - [29/May/2024:10:43:42 +0800] "GET /xingrg/check_reg.html?_=1716950618909 HTTP/1.1" 200 22
222.70.182.146 - - [29/May/2024:10:43:42 +0800] "GET /xingrg/all/function/internal_message.html?_=1716950618913&CODE_STATE=getMsg HTTP/1.1" 200 27
180.156.239.18 - - [29/May/2024:10:43:45 +0800] "GET /xingrg/all/function/internal_message.html?_=1716950625843&CODE_STATE=getMsg HTTP/1.1" 200 27
222.70.182.146 - - [29/May/2024:10:43:49 +0800] "GET /xingrg/kc/buy/cgsh_order_operate.html?command=get_materiel&rest_code=00111&code=00102026001&supplier_code=00100670&order_time=2024-05-29 HTTP/1.1" 200 409
114.83.216.162 - - [29/May/2024:10:43:51 +0800] "GET /xingrg/all/function/internal_message.html?_=1716950632107&CODE_STATE=getMsg HTTP/1.1" 200 27
58.40.7.146 - - [29/May/2024:10:43:52 +0800] "GET /xingrg/all/function/internal_message.html?_=1716950632031&CODE_STATE=getMsg HTTP/1.1" 200 27
180.169.147.146 - - [29/May/2024:10:43:52 +0800] "POST /xingrg/kc/buy/cgsh_list_operate.html HTTP/1.1" 200 4279
222.69.132.75 - - [29/May/2024:10:43:52 +0800] "GET /xingrg/all/function/internal_message.html?_=1716950632539&CODE_STATE=getMsg HTTP/1.1" 200 27
180.169.147.146 - - [29/May/2024:10:43:54 +0800] "GET /xingrg/all/function/internal_message.html?_=1716950636511&CODE_STATE=getMsg HTTP/1.1" 200 27
101.83.144.49 - - [29/May/2024:10:43:55 +0800] "GET /xingrg/all/function/internal_message.html?_=1716950377148&CODE_STATE=getMsg HTTP/1.1" 200 27
101.83.144.49 - - [29/May/2024:10:43:56 +0800] "GET /xingrg/check_reg.html?_=1716950378110 HTTP/1.1" 200 22
221.239.170.140 - - [29/May/2024:10:43:58 +0800] "GET /xingrg/all/function/internal_message.html?_=1716950637019&CODE_STATE=getMsg HTTP/1.1" 200 27
180.156.239.18 - - [29/May/2024:10:43:58 +0800] "POST /xingrg/kc/buy/cgsh_order_operate.html HTTP/1.1" 200 37
116.237.76.229 - - [29/May/2024:10:43:58 +0800] "GET /xingrg/kc/buy/cgsh_order_operate.html?command=get_materiel&rest_code=00106&code=00101004051&supplier_code=00100312&order_time=2024-05-29 HTTP/1.1" 200 408
124.79.78.120 - - [29/May/2024:10:44:03 +0800] "GET /xingrg/all/function/internal_message.html?_=1716950647349&CODE_STATE=getMsg HTTP/1.1" 200 27
124.79.78.120 - - [29/May/2024:10:44:03 +0800] "GET /xingrg/check_reg.html?_=1716950647352 HTTP/1.1" 200 22
116.238.97.31 - - [29/May/2024:10:44:06 +0800] "GET /xingrg/check_reg.html?_=1716950659214 HTTP/1.1" 200 22
116.238.97.31 - - [29/May/2024:10:44:06 +0800] "GET /xingrg/all/function/internal_message.html?_=1716950659216&CODE_STATE=getMsg HTTP/1.1" 200 27
180.156.239.18 - - [29/May/2024:10:44:07 +0800] "POST /xingrg/kc/buy/cgsh_order_operate.html HTTP/1.1" 200 12
180.156.239.18 - - [29/May/2024:10:44:09 +0800] "GET /xingrg/kc/buy/cgsh_order_info.html?code=212024052908636 HTTP/1.1" 200 69619
180.156.239.18 - - [29/May/2024:10:44:10 +0800] "GET /xingrg/javascript/easyui/themes/default/validatebox.css HTTP/1.1" 404 1104
180.156.239.18 - - [29/May/2024:10:44:11 +0800] "POST /xingrg/kc/buy/cgsh_order_operate.html HTTP/1.1" 200 1200
180.156.239.18 - - [29/May/2024:10:44:14 +0800] "GET /xingrg/kc/print/load_data.html?order_code=212024052908636&kc_code=cgsh&condition= HTTP/1.1" 200 1000
222.70.182.146 - - [29/May/2024:10:44:18 +0800] "POST /xingrg/kc/buy/cgsh_order_operate.html HTTP/1.1" 200 37
180.164.6.225 - - [29/May/2024:10:44:21 +0800] "GET /xingrg/all/function/internal_message.html?_=1716950660721&CODE_STATE=getMsg HTTP/1.1" 200 27
116.232.195.13 - - [29/May/2024:10:44:23 +0800] "GET /xingrg/all/function/internal_message.html?_=1716950608753&CODE_STATE=getMsg HTTP/1.1" 200 27
116.237.76.229 - - [29/May/2024:10:44:23 +0800] "GET /xingrg/all/function/internal_message.html?_=1716950665010&CODE_STATE=getMsg HTTP/1.1" 200 27
180.156.239.18 - - [29/May/2024:10:44:27 +0800] "GET /xingrg/kc/buy/cgsh_order_add.html HTTP/1.1" 200 74744
180.156.239.18 - - [29/May/2024:10:44:28 +0800] "POST /xingrg/kc/buy/cgsh_order_operate.html HTTP/1.1" 200 8245
180.156.239.18 - - [29/May/2024:10:44:28 +0800] "GET /xingrg/javascript/easyui/themes/default/validatebox.css HTTP/1.1" 404 1104
222.70.240.253 - - [29/May/2024:10:44:30 +0800] "GET /xingrg/all/function/internal_message.html?_=1716950680080&CODE_STATE=getMsg HTTP/1.1" 302 -
101.83.144.49 - - [29/May/2024:10:44:31 +0800] "POST /xingrg/kc/buy/cgsh_order_operate.html HTTP/1.1" 200 37
116.237.76.229 - - [29/May/2024:10:44:32 +0800] "GET /xingrg/kc/buy/cgsh_order_operate.html?command=get_materiel&rest_code=00106&code=00101004046&supplier_code=00100312&order_time=2024-05-29 HTTP/1.1" 200 417
101.83.144.49 - - [29/May/2024:10:44:35 +0800] "POST /xingrg/kc/buy/cgsh_order_operate.html HTTP/1.1" 200 36352
222.70.182.146 - - [29/May/2024:10:44:36 +0800] "POST /xingrg/kc/buy/cgsh_order_operate.html HTTP/1.1" 200 12
180.156.239.18 - - [29/May/2024:10:44:38 +0800] "GET /xingrg/kc/buy/cgsh_order_operate.html?command=get_materiel&rest_code=00150&code=00101010079&supplier_code=00100336&order_time=2024-05-29 HTTP/1.1" 200 413
116.237.76.229 - - [29/May/2024:10:44:39 +0800] "GET /xingrg/all/function/internal_message.html?_=1716950671845&CODE_STATE=getMsg HTTP/1.1" 200 27
116.237.76.229 - - [29/May/2024:10:44:39 +0800] "GET /xingrg/check_reg.html?_=1716950672285 HTTP/1.1" 200 22
222.70.182.146 - - [29/May/2024:10:44:41 +0800] "GET /xingrg/kc/buy/cgsh_order_info.html?code=212024052908637 HTTP/1.1" 200 69521
116.238.97.31 - - [29/May/2024:10:44:42 +0800] "GET /xingrg/all/function/internal_message.html?_=1716950682588&CODE_STATE=getMsg HTTP/1.1" 200 27
222.70.182.146 - - [29/May/2024:10:44:42 +0800] "GET /xingrg/javascript/easyui/themes/default/validatebox.css HTTP/1.1" 404 1104
222.70.182.146 - - [29/May/2024:10:44:42 +0800] "GET /xingrg/all/function/internal_message.html?_=1716950678937&CODE_STATE=getMsg HTTP/1.1" 200 27
222.70.182.146 - - [29/May/2024:10:44:43 +0800] "POST /xingrg/kc/buy/cgsh_order_operate.html HTTP/1.1" 200 2988
180.156.239.18 - - [29/May/2024:10:44:45 +0800] "GET /xingrg/all/function/internal_message.html?_=1716950685832&CODE_STATE=getMsg HTTP/1.1" 200 27
180.156.239.18 - - [29/May/2024:10:44:48 +0800] "POST /xingrg/kc/buy/cgsh_order_operate.html HTTP/1.1" 200 37
222.70.182.146 - - [29/May/2024:10:44:51 +0800] "GET /xingrg/kc/print/load_data.html?order_code=212024052908637&kc_code=cgsh&condition= HTTP/1.1" 200 1582
114.83.216.162 - - [29/May/2024:10:44:51 +0800] "GET /xingrg/all/function/internal_message.html?_=1716950692087&CODE_STATE=getMsg HTTP/1.1" 200 27
58.40.7.146 - - [29/May/2024:10:44:52 +0800] "GET /xingrg/all/function/internal_message.html?_=1716950692040&CODE_STATE=getMsg HTTP/1.1" 200 27
222.69.132.75 - - [29/May/2024:10:44:52 +0800] "GET /xingrg/all/function/internal_message.html?_=1716950692532&CODE_STATE=getMsg HTTP/1.1" 200 27
180.169.147.146 - - [29/May/2024:10:44:54 +0800] "GET /xingrg/all/function/internal_message.html?_=1716950696512&CODE_STATE=getMsg HTTP/1.1" 200 27
116.237.76.229 - - [29/May/2024:10:44:54 +0800] "GET /xingrg/kc/buy/cgsh_order_operate.html?command=get_materiel&rest_code=00106&code=00101010860&supplier_code=00100312&order_time=2024-05-29 HTTP/1.1" 200 415
101.83.144.49 - - [29/May/2024:10:44:55 +0800] "GET /xingrg/all/function/internal_message.html?_=1716950437127&CODE_STATE=getMsg HTTP/1.1" 200 27
221.239.170.140 - - [29/May/2024:10:44:58 +0800] "GET /xingrg/all/function/internal_message.html?_=1716950697006&CODE_STATE=getMsg HTTP/1.1" 200 27
180.156.239.18 - - [29/May/2024:10:45:00 +0800] "POST /xingrg/kc/buy/cgsh_order_operate.html HTTP/1.1" 200 12
124.79.78.120 - - [29/May/2024:10:45:03 +0800] "GET /xingrg/all/function/internal_message.html?_=1716950707349&CODE_STATE=getMsg HTTP/1.1" 200 27
180.156.239.18 - - [29/May/2024:10:45:04 +0800] "GET /xingrg/kc/buy/cgsh_order_info.html?code=212024052908638 HTTP/1.1" 200 69615
180.156.239.18 - - [29/May/2024:10:45:04 +0800] "GET /xingrg/javascript/easyui/themes/default/validatebox.css HTTP/1.1" 404 1104
180.156.239.18 - - [29/May/2024:10:45:05 +0800] "POST /xingrg/kc/buy/cgsh_order_operate.html HTTP/1.1" 200 607
116.238.97.31 - - [29/May/2024:10:45:06 +0800] "GET /xingrg/all/function/internal_message.html?_=1716950719206&CODE_STATE=getMsg HTTP/1.1" 200 27
180.156.239.18 - - [29/May/2024:10:45:07 +0800] "GET /xingrg/kc/print/load_data.html?order_code=212024052908638&kc_code=cgsh&condition= HTTP/1.1" 200 711
180.156.239.18 - - [29/May/2024:10:45:12 +0800] "GET /xingrg/kc/buy/cgsh_order_add.html HTTP/1.1" 200 74744
180.156.239.18 - - [29/May/2024:10:45:12 +0800] "POST /xingrg/kc/buy/cgsh_order_operate.html HTTP/1.1" 200 8245
180.156.239.18 - - [29/May/2024:10:45:12 +0800] "GET /xingrg/javascript/easyui/themes/default/validatebox.css HTTP/1.1" 404 1104
180.164.6.225 - - [29/May/2024:10:45:21 +0800] "GET /xingrg/all/function/internal_message.html?_=1716950720702&CODE_STATE=getMsg HTTP/1.1" 200 27
116.232.195.13 - - [29/May/2024:10:45:23 +0800] "GET /xingrg/all/function/internal_message.html?_=1716950668736&CODE_STATE=getMsg HTTP/1.1" 200 27
116.237.76.229 - - [29/May/2024:10:45:23 +0800] "GET /xingrg/all/function/internal_message.html?_=1716950724999&CODE_STATE=getMsg HTTP/1.1" 200 27
180.156.239.18 - - [29/May/2024:10:45:24 +0800] "GET /xingrg/kc/buy/cgsh_order_operate.html?command=get_materiel&rest_code=00150&code=00101002002&supplier_code=00100087&order_time=2024-05-29 HTTP/1.1" 200 422
222.70.240.253 - - [29/May/2024:10:45:30 +0800] "GET /xingrg/all/function/internal_message.html?_=1716950740107&CODE_STATE=getMsg HTTP/1.1" 302 -
180.169.147.146 - - [29/May/2024:10:45:34 +0800] "POST /xingrg/kc/buy/cgsh_list_operate.html HTTP/1.1" 200 4
116.237.76.229 - - [29/May/2024:10:45:39 +0800] "GET /xingrg/all/function/internal_message.html?_=1716950731827&CODE_STATE=getMsg HTTP/1.1" 200 27
120.253.135.82 - - [29/May/2024:10:45:40 +0800] "GET /xingrg/check_reg.html?_=1716950591580 HTTP/1.1" 200 22
180.156.239.18 - - [29/May/2024:10:45:40 +0800] "POST /xingrg/kc/buy/cgsh_order_operate.html HTTP/1.1" 200 37
116.238.97.31 - - [29/May/2024:10:45:42 +0800] "GET /xingrg/all/function/internal_message.html?_=1716950742583&CODE_STATE=getMsg HTTP/1.1" 200 27
222.70.182.146 - - [29/May/2024:10:45:42 +0800] "GET /xingrg/all/function/internal_message.html?_=1716950738937&CODE_STATE=getMsg HTTP/1.1" 200 27
180.156.239.18 - - [29/May/2024:10:45:45 +0800] "GET /xingrg/all/function/internal_message.html?_=1716950745807&CODE_STATE=getMsg HTTP/1.1" 200 27
180.156.239.18 - - [29/May/2024:10:45:45 +0800] "GET /xingrg/check_reg.html?_=1716950745991 HTTP/1.1" 200 22
180.156.239.18 - - [29/May/2024:10:45:47 +0800] "POST /xingrg/kc/buy/cgsh_order_operate.html HTTP/1.1" 200 12
180.156.239.18 - - [29/May/2024:10:45:50 +0800] "GET /xingrg/kc/buy/cgsh_order_info.html?code=212024052908639 HTTP/1.1" 200 69615
180.156.239.18 - - [29/May/2024:10:45:50 +0800] "GET /xingrg/javascript/easyui/themes/default/validatebox.css HTTP/1.1" 404 1104
180.156.239.18 - - [29/May/2024:10:45:51 +0800] "POST /xingrg/kc/buy/cgsh_order_operate.html HTTP/1.1" 200 622
114.83.216.162 - - [29/May/2024:10:45:51 +0800] "GET /xingrg/all/function/internal_message.html?_=1716950752068&CODE_STATE=getMsg HTTP/1.1" 200 27
58.40.7.146 - - [29/May/2024:10:45:52 +0800] "GET /xingrg/all/function/internal_message.html?_=1716950752037&CODE_STATE=getMsg HTTP/1.1" 200 27
222.69.132.75 - - [29/May/2024:10:45:52 +0800] "GET /xingrg/all/function/internal_message.html?_=1716950752535&CODE_STATE=getMsg HTTP/1.1" 200 27
180.156.239.18 - - [29/May/2024:10:45:53 +0800] "GET /xingrg/kc/print/load_data.html?order_code=212024052908639&kc_code=cgsh&condition= HTTP/1.1" 200 783
114.83.216.162 - - [29/May/2024:10:45:53 +0800] "GET /xingrg/check_reg.html?_=1716950753441 HTTP/1.1" 200 22
180.169.147.146 - - [29/May/2024:10:45:54 +0800] "GET /xingrg/all/function/internal_message.html?_=1716950756510&CODE_STATE=getMsg HTTP/1.1" 200 27
101.83.144.49 - - [29/May/2024:10:45:55 +0800] "GET /xingrg/all/function/internal_message.html?_=1716950497105&CODE_STATE=getMsg HTTP/1.1" 200 27
116.237.76.229 - - [29/May/2024:10:45:57 +0800] "POST /xingrg/kc/buy/cgsh_order_operate.html HTTP/1.1" 200 37
180.156.239.18 - - [29/May/2024:10:45:58 +0800] "GET /xingrg/kc/buy/cgsh_order_add.html HTTP/1.1" 200 74744
221.239.170.140 - - [29/May/2024:10:45:58 +0800] "GET /xingrg/all/function/internal_message.html?_=1716950756989&CODE_STATE=getMsg HTTP/1.1" 200 27
180.156.239.18 - - [29/May/2024:10:45:58 +0800] "POST /xingrg/kc/buy/cgsh_order_operate.html HTTP/1.1" 200 8245
180.156.239.18 - - [29/May/2024:10:45:58 +0800] "GET /xingrg/javascript/easyui/themes/default/validatebox.css HTTP/1.1" 404 1104
124.79.78.120 - - [29/May/2024:10:46:03 +0800] "GET /xingrg/all/function/internal_message.html?_=1716950767349&CODE_STATE=getMsg HTTP/1.1" 200 27
116.237.76.229 - - [29/May/2024:10:46:04 +0800] "POST /xingrg/kc/buy/cgsh_order_operate.html HTTP/1.1" 200 12
116.238.97.31 - - [29/May/2024:10:46:05 +0800] "POST /xingrg/services/DataTransmitService HTTP/1.1" 200 524
116.238.97.31 - - [29/May/2024:10:46:06 +0800] "GET /xingrg/all/function/internal_message.html?_=1716950779195&CODE_STATE=getMsg HTTP/1.1" 200 27
116.237.76.229 - - [29/May/2024:10:46:06 +0800] "GET /xingrg/kc/buy/cgsh_order_info.html?code=212024052908640 HTTP/1.1" 200 69569
116.238.97.31 - - [29/May/2024:10:46:06 +0800] "POST /xingrg/services/DataTransmitService HTTP/1.1" 200 501
116.237.76.229 - - [29/May/2024:10:46:07 +0800] "GET /xingrg/javascript/easyui/themes/default/validatebox.css HTTP/1.1" 404 1104
116.238.97.31 - - [29/May/2024:10:46:07 +0800] "POST /xingrg/services/DataTransmitService HTTP/1.1" 200 501
116.238.97.31 - - [29/May/2024:10:46:07 +0800] "POST /xingrg/services/DataTransmitService HTTP/1.1" 200 501
180.156.239.18 - - [29/May/2024:10:46:07 +0800] "GET /xingrg/kc/buy/cgsh_order_operate.html?command=get_materiel&rest_code=00150&code=00101007069&supplier_code=00100574&order_time=2024-05-29 HTTP/1.1" 200 415
116.238.97.31 - - [29/May/2024:10:46:07 +0800] "POST /xingrg/services/DataTransmitService HTTP/1.1" 200 501
116.237.76.229 - - [29/May/2024:10:46:08 +0800] "POST /xingrg/kc/buy/cgsh_order_operate.html HTTP/1.1" 200 1798
116.238.97.31 - - [29/May/2024:10:46:08 +0800] "POST /xingrg/services/DataTransmitService HTTP/1.1" 200 501
116.238.97.31 - - [29/May/2024:10:46:09 +0800] "POST /xingrg/services/DataTransmitService HTTP/1.1" 200 501
116.238.97.31 - - [29/May/2024:10:46:09 +0800] "POST /xingrg/services/DataTransmitService HTTP/1.1" 200 412
116.237.76.229 - - [29/May/2024:10:46:11 +0800] "GET /xingrg/kc/print/load_data.html?order_code=212024052908640&kc_code=cgsh&condition= HTTP/1.1" 200 1162
180.169.147.146 - - [29/May/2024:10:46:18 +0800] "POST /xingrg/kc/buy/cgsh_list_operate.html HTTP/1.1" 200 4207
180.164.6.225 - - [29/May/2024:10:46:21 +0800] "GET /xingrg/all/function/internal_message.html?_=1716950780700&CODE_STATE=getMsg HTTP/1.1" 200 27
222.70.182.146 - - [29/May/2024:10:46:22 +0800] "GET /xingrg/kc/buy/cgsh_order_add.html HTTP/1.1" 200 74656
116.237.76.229 - - [29/May/2024:10:46:22 +0800] "GET /xingrg/kc/buy/cgsh_order_add.html HTTP/1.1" 200 74694
180.156.239.18 - - [29/May/2024:10:46:22 +0800] "POST /xingrg/kc/buy/cgsh_order_operate.html HTTP/1.1" 200 37
116.237.76.229 - - [29/May/2024:10:46:22 +0800] "POST /xingrg/kc/buy/cgsh_order_operate.html HTTP/1.1" 200 8245
116.237.76.229 - - [29/May/2024:10:46:22 +0800] "GET /xingrg/javascript/easyui/themes/default/validatebox.css HTTP/1.1" 404 1104
222.70.182.146 - - [29/May/2024:10:46:22 +0800] "POST /xingrg/kc/buy/cgsh_order_operate.html HTTP/1.1" 200 8245
222.70.182.146 - - [29/May/2024:10:46:22 +0800] "GET /xingrg/javascript/easyui/themes/default/validatebox.css HTTP/1.1" 404 1104
116.232.195.13 - - [29/May/2024:10:46:23 +0800] "GET /xingrg/all/function/internal_message.html?_=1716950728720&CODE_STATE=getMsg HTTP/1.1" 200 27
116.237.76.229 - - [29/May/2024:10:46:23 +0800] "GET /xingrg/all/function/internal_message.html?_=1716950785010&CODE_STATE=getMsg HTTP/1.1" 200 27
116.237.76.229 - - [29/May/2024:10:46:25 +0800] "GET /xingrg/javascript/easyui/themes/default/tree.css HTTP/1.1" 404 1090
116.237.76.229 - - [29/May/2024:10:46:26 +0800] "POST /xingrg/all/common/load_tree.html?tree=supplier_tree_json&isDelete=1 HTTP/1.1" 200 80320
222.70.240.253 - - [29/May/2024:10:46:30 +0800] "GET /xingrg/all/function/internal_message.html?_=1716950800108&CODE_STATE=getMsg HTTP/1.1" 302 -
180.156.239.18 - - [29/May/2024:10:46:33 +0800] "POST /xingrg/kc/buy/cgsh_order_operate.html HTTP/1.1" 200 12
222.67.233.39 - - [29/May/2024:10:46:37 +0800] "GET /xingrg/check_reg.html?_=1716950797252 HTTP/1.1" 200 22
222.70.182.146 - - [29/May/2024:10:46:37 +0800] "GET /xingrg/kc/buy/cgsh_order_operate.html?command=get_materiel&rest_code=00111&code=00101001045&supplier_code=00100665&order_time=2024-05-29 HTTP/1.1" 200 421
116.237.76.229 - - [29/May/2024:10:46:39 +0800] "GET /xingrg/all/function/internal_message.html?_=1716950791804&CODE_STATE=getMsg HTTP/1.1" 200 27
180.156.239.18 - - [29/May/2024:10:46:39 +0800] "GET /xingrg/kc/buy/cgsh_order_info.html?code=212024052908641 HTTP/1.1" 200 69621
180.156.239.18 - - [29/May/2024:10:46:39 +0800] "GET /xingrg/javascript/easyui/themes/default/validatebox.css HTTP/1.1" 404 1104
180.156.239.18 - - [29/May/2024:10:46:41 +0800] "POST /xingrg/kc/buy/cgsh_order_operate.html HTTP/1.1" 200 611
116.238.97.31 - - [29/May/2024:10:46:42 +0800] "GET /xingrg/check_reg.html?_=1716950802580 HTTP/1.1" 200 22
116.238.97.31 - - [29/May/2024:10:46:42 +0800] "GET /xingrg/all/function/internal_message.html?_=1716950802583&CODE_STATE=getMsg HTTP/1.1" 200 27
222.70.182.146 - - [29/May/2024:10:46:42 +0800] "GET /xingrg/all/function/internal_message.html?_=1716950798945&CODE_STATE=getMsg HTTP/1.1" 200 27
180.156.239.18 - - [29/May/2024:10:46:45 +0800] "GET /xingrg/all/function/internal_message.html?_=1716950805790&CODE_STATE=getMsg HTTP/1.1" 200 27
116.237.76.229 - - [29/May/2024:10:46:47 +0800] "GET /xingrg/kc/buy/cgsh_order_operate.html?command=get_materiel&rest_code=00106&code=00101002007&supplier_code=00100442&order_time=2024-05-29 HTTP/1.1" 200 409
114.83.216.162 - - [29/May/2024:10:46:51 +0800] "GET /xingrg/all/function/internal_message.html?_=1716950812052&CODE_STATE=getMsg HTTP/1.1" 200 27
58.40.7.146 - - [29/May/2024:10:46:52 +0800] "GET /xingrg/check_reg.html?_=1716950812057 HTTP/1.1" 200 22
58.40.7.146 - - [29/May/2024:10:46:52 +0800] "GET /xingrg/all/function/internal_message.html?_=1716950812066&CODE_STATE=getMsg HTTP/1.1" 200 27
222.69.132.75 - - [29/May/2024:10:46:52 +0800] "GET /xingrg/all/function/internal_message.html?_=1716950812525&CODE_STATE=getMsg HTTP/1.1" 200 27
180.169.147.146 - - [29/May/2024:10:46:54 +0800] "GET /xingrg/all/function/internal_message.html?_=1716950816524&CODE_STATE=getMsg HTTP/1.1" 200 27
101.83.144.49 - - [29/May/2024:10:46:55 +0800] "GET /xingrg/all/function/internal_message.html?_=1716950557090&CODE_STATE=getMsg HTTP/1.1" 200 27
221.239.170.140 - - [29/May/2024:10:46:58 +0800] "GET /xingrg/all/function/internal_message.html?_=1716950816976&CODE_STATE=getMsg HTTP/1.1" 200 27
222.70.182.146 - - [29/May/2024:10:47:03 +0800] "POST /xingrg/kc/buy/cgsh_order_operate.html HTTP/1.1" 200 37
124.79.78.120 - - [29/May/2024:10:47:03 +0800] "GET /xingrg/all/function/internal_message.html?_=1716950827375&CODE_STATE=getMsg HTTP/1.1" 200 27
116.238.97.31 - - [29/May/2024:10:47:06 +0800] "GET /xingrg/all/function/internal_message.html?_=1716950839195&CODE_STATE=getMsg HTTP/1.1" 200 27
116.237.76.229 - - [29/May/2024:10:47:07 +0800] "POST /xingrg/kc/buy/cgsh_order_operate.html HTTP/1.1" 200 88
222.70.240.253 - - [29/May/2024:10:47:12 +0800] "GET /xingrg/check_reg.html?_=1716950842613 HTTP/1.1" 302 -
116.237.76.229 - - [29/May/2024:10:47:15 +0800] "POST /xingrg/kc/buy/cgsh_order_operate.html HTTP/1.1" 200 37
222.70.182.146 - - [29/May/2024:10:47:16 +0800] "POST /xingrg/kc/buy/cgsh_order_operate.html HTTP/1.1" 200 12
116.237.76.229 - - [29/May/2024:10:47:18 +0800] "POST /xingrg/kc/buy/cgsh_order_operate.html HTTP/1.1" 200 2655
222.70.182.146 - - [29/May/2024:10:47:20 +0800] "GET /xingrg/kc/buy/cgsh_order_info.html?code=212024052908642 HTTP/1.1" 200 69527
222.70.182.146 - - [29/May/2024:10:47:20 +0800] "GET /xingrg/javascript/easyui/themes/default/validatebox.css HTTP/1.1" 404 1104
180.164.6.225 - - [29/May/2024:10:47:21 +0800] "GET /xingrg/all/function/internal_message.html?_=1716950840701&CODE_STATE=getMsg HTTP/1.1" 200 27
222.70.182.146 - - [29/May/2024:10:47:21 +0800] "POST /xingrg/kc/buy/cgsh_order_operate.html HTTP/1.1" 200 618
116.232.195.13 - - [29/May/2024:10:47:23 +0800] "GET /xingrg/all/function/internal_message.html?_=1716950788688&CODE_STATE=getMsg HTTP/1.1" 200 27
116.237.76.229 - - [29/May/2024:10:47:23 +0800] "GET /xingrg/all/function/internal_message.html?_=1716950845016&CODE_STATE=getMsg HTTP/1.1" 200 27
222.70.182.146 - - [29/May/2024:10:47:24 +0800] "GET /xingrg/kc/print/load_data.html?order_code=212024052908642&kc_code=cgsh&condition= HTTP/1.1" 200 701
116.237.76.229 - - [29/May/2024:10:47:26 +0800] "POST /xingrg/kc/buy/cgsh_order_operate.html HTTP/1.1" 200 37
222.70.240.253 - - [29/May/2024:10:47:30 +0800] "GET /xingrg/all/function/internal_message.html?_=1716950860129&CODE_STATE=getMsg HTTP/1.1" 302 -
116.237.76.229 - - [29/May/2024:10:47:35 +0800] "POST /xingrg/kc/buy/cgsh_order_operate.html HTTP/1.1" 200 12
116.237.76.229 - - [29/May/2024:10:47:39 +0800] "GET /xingrg/all/function/internal_message.html?_=1716950851793&CODE_STATE=getMsg HTTP/1.1" 200 27
116.237.76.229 - - [29/May/2024:10:47:40 +0800] "GET /xingrg/kc/buy/cgsh_order_info.html?code=212024052908644 HTTP/1.1" 200 69567
116.237.76.229 - - [29/May/2024:10:47:40 +0800] "GET /xingrg/javascript/easyui/themes/default/validatebox.css HTTP/1.1" 404 1104
116.237.76.229 - - [29/May/2024:10:47:41 +0800] "POST /xingrg/kc/buy/cgsh_order_operate.html HTTP/1.1" 200 605
116.238.97.31 - - [29/May/2024:10:47:42 +0800] "GET /xingrg/all/function/internal_message.html?_=1716950862582&CODE_STATE=getMsg HTTP/1.1" 200 27
222.70.182.146 - - [29/May/2024:10:47:42 +0800] "GET /xingrg/all/function/internal_message.html?_=1716950858945&CODE_STATE=getMsg HTTP/1.1" 200 27
222.70.182.146 - - [29/May/2024:10:47:43 +0800] "GET /xingrg/kc/buy/cgsh_order_add.html HTTP/1.1" 200 74656
222.70.182.146 - - [29/May/2024:10:47:43 +0800] "POST /xingrg/kc/buy/cgsh_order_operate.html HTTP/1.1" 200 8245
222.70.182.146 - - [29/May/2024:10:47:43 +0800] "GET /xingrg/javascript/easyui/themes/default/validatebox.css HTTP/1.1" 404 1104
116.237.76.229 - - [29/May/2024:10:47:44 +0800] "GET /xingrg/kc/print/load_data.html?order_code=212024052908644&kc_code=cgsh&condition= HTTP/1.1" 200 693
180.156.239.18 - - [29/May/2024:10:47:45 +0800] "GET /xingrg/all/function/internal_message.html?_=1716950865766&CODE_STATE=getMsg HTTP/1.1" 200 27
180.169.147.146 - - [29/May/2024:10:47:45 +0800] "POST /xingrg/kc/buy/cgsh_list_operate.html HTTP/1.1" 200 4
114.83.216.162 - - [29/May/2024:10:47:51 +0800] "GET /xingrg/all/function/internal_message.html?_=1716950872036&CODE_STATE=getMsg HTTP/1.1" 200 27
58.40.7.146 - - [29/May/2024:10:47:52 +0800] "GET /xingrg/all/function/internal_message.html?_=1716950872053&CODE_STATE=getMsg HTTP/1.1" 200 27
222.69.132.75 - - [29/May/2024:10:47:52 +0800] "GET /xingrg/all/function/internal_message.html?_=1716950872530&CODE_STATE=getMsg HTTP/1.1" 200 27
222.69.132.75 - - [29/May/2024:10:47:52 +0800] "GET /xingrg/check_reg.html?_=1716950872534 HTTP/1.1" 200 22
180.169.147.146 - - [29/May/2024:10:47:54 +0800] "GET /xingrg/check_reg.html?_=1716950876522 HTTP/1.1" 200 22
180.169.147.146 - - [29/May/2024:10:47:54 +0800] "GET /xingrg/all/function/internal_message.html?_=1716950876523&CODE_STATE=getMsg HTTP/1.1" 200 27
101.83.144.49 - - [29/May/2024:10:47:55 +0800] "GET /xingrg/all/function/internal_message.html?_=1716950617069&CODE_STATE=getMsg HTTP/1.1" 200 27
180.169.147.146 - - [29/May/2024:10:47:57 +0800] "POST /xingrg/kc/buy/cgsh_list_operate.html HTTP/1.1" 200 2265
222.70.182.146 - - [29/May/2024:10:47:58 +0800] "GET /xingrg/kc/buy/cgsh_order_operate.html?command=get_materiel&rest_code=00111&code=00101002038&supplier_code=00100094&order_time=2024-05-29 HTTP/1.1" 200 418
221.239.170.140 - - [29/May/2024:10:47:58 +0800] "GET /xingrg/all/function/internal_message.html?_=1716950876953&CODE_STATE=getMsg HTTP/1.1" 200 27
114.83.216.162 - - [29/May/2024:10:48:00 +0800] "GET /xingrg/kc/buy/cgsh_order_operate.html?command=get_materiel&rest_code=00149&code=00101004003&supplier_code=00100323&order_time=2024-05-29 HTTP/1.1" 200 410
124.79.78.120 - - [29/May/2024:10:48:03 +0800] "GET /xingrg/all/function/internal_message.html?_=1716950887374&CODE_STATE=getMsg HTTP/1.1" 200 27
116.238.97.31 - - [29/May/2024:10:48:06 +0800] "GET /xingrg/all/function/internal_message.html?_=1716950899194&CODE_STATE=getMsg HTTP/1.1" 200 27
116.235.94.80 - - [29/May/2024:10:48:09 +0800] "POST /xingrg/services/DataTransmitService HTTP/1.1" 200 524
180.169.147.146 - - [29/May/2024:10:48:11 +0800] "GET /xingrg/check_reg.html?_=1716950889837 HTTP/1.1" 302 -
114.83.216.162 - - [29/May/2024:10:48:11 +0800] "GET /xingrg/kc/buy/cgsh_order_operate.html?command=get_materiel&rest_code=00149&code=00101006350&supplier_code=00100323&order_time=2024-05-29 HTTP/1.1" 200 409
221.239.170.140 - - [29/May/2024:10:48:15 +0800] "GET /xingrg/check_reg.html?_=1716950894350 HTTP/1.1" 200 22
222.70.182.146 - - [29/May/2024:10:48:16 +0800] "POST /xingrg/kc/buy/cgsh_order_operate.html HTTP/1.1" 200 37
180.164.6.225 - - [29/May/2024:10:48:21 +0800] "GET /xingrg/all/function/internal_message.html?_=1716950900703&CODE_STATE=getMsg HTTP/1.1" 200 27
180.164.6.225 - - [29/May/2024:10:48:21 +0800] "GET /xingrg/check_reg.html?_=1716950900708 HTTP/1.1" 200 22
116.232.195.13 - - [29/May/2024:10:48:21 +0800] "GET /xingrg/check_reg.html?_=1716950846853 HTTP/1.1" 200 22
116.232.195.13 - - [29/May/2024:10:48:23 +0800] "GET /xingrg/all/function/internal_message.html?_=1716950848676&CODE_STATE=getMsg HTTP/1.1" 200 27
116.237.76.229 - - [29/May/2024:10:48:23 +0800] "GET /xingrg/check_reg.html?_=1716950905024 HTTP/1.1" 200 22
116.237.76.229 - - [29/May/2024:10:48:23 +0800] "GET /xingrg/all/function/internal_message.html?_=1716950905027&CODE_STATE=getMsg HTTP/1.1" 200 27
114.83.216.162 - - [29/May/2024:10:48:26 +0800] "GET /xingrg/kc/buy/cgsh_order_operate.html?command=get_materiel&rest_code=00149&code=00101006060&supplier_code=00100323&order_time=2024-05-29 HTTP/1.1" 200 409
222.70.240.253 - - [29/May/2024:10:48:30 +0800] "GET /xingrg/all/function/internal_message.html?_=1716950920135&CODE_STATE=getMsg HTTP/1.1" 302 -
114.83.216.162 - - [29/May/2024:10:48:34 +0800] "GET /xingrg/kc/buy/cgsh_order_operate.html?command=get_materiel&rest_code=00149&code=00101008214&supplier_code=00100323&order_time=2024-05-29 HTTP/1.1" 200 409
180.169.147.146 - - [29/May/2024:10:48:35 +0800] "POST /xingrg/kc/buy/cgsh_list_operate.html HTTP/1.1" 200 4
116.237.76.229 - - [29/May/2024:10:48:39 +0800] "GET /xingrg/all/function/internal_message.html?_=1716950911776&CODE_STATE=getMsg HTTP/1.1" 200 27
180.169.147.146 - - [29/May/2024:10:48:39 +0800] "POST /xingrg/kc/buy/cgsh_list_operate.html HTTP/1.1" 200 645
116.238.97.31 - - [29/May/2024:10:48:42 +0800] "GET /xingrg/all/function/internal_message.html?_=1716950922583&CODE_STATE=getMsg HTTP/1.1" 200 27
114.83.216.162 - - [29/May/2024:10:48:44 +0800] "GET /xingrg/kc/buy/cgsh_order_operate.html?command=get_materiel&rest_code=00149&code=00101008203&supplier_code=00100323&order_time=2024-05-29 HTTP/1.1" 200 408
180.156.239.18 - - [29/May/2024:10:48:45 +0800] "GET /xingrg/all/function/internal_message.html?_=1716950925738&CODE_STATE=getMsg HTTP/1.1" 200 27
222.70.182.146 - - [29/May/2024:10:48:50 +0800] "POST /xingrg/kc/buy/cgsh_order_operate.html HTTP/1.1" 200 12
114.83.216.162 - - [29/May/2024:10:48:51 +0800] "GET /xingrg/all/function/internal_message.html?_=1716950932027&CODE_STATE=getMsg HTTP/1.1" 200 27
58.40.7.146 - - [29/May/2024:10:48:52 +0800] "GET /xingrg/all/function/internal_message.html?_=1716950932056&CODE_STATE=getMsg HTTP/1.1" 200 27
222.69.132.75 - - [29/May/2024:10:48:52 +0800] "GET /xingrg/all/function/internal_message.html?_=1716950932522&CODE_STATE=getMsg HTTP/1.1" 200 27
222.70.182.146 - - [29/May/2024:10:48:53 +0800] "GET /xingrg/kc/buy/cgsh_order_info.html?code=212024052908645 HTTP/1.1" 200 69527
222.70.182.146 - - [29/May/2024:10:48:53 +0800] "GET /xingrg/javascript/easyui/themes/default/validatebox.css HTTP/1.1" 404 1104
222.70.182.146 - - [29/May/2024:10:48:54 +0800] "POST /xingrg/kc/buy/cgsh_order_operate.html HTTP/1.1" 200 614
180.169.147.146 - - [29/May/2024:10:48:54 +0800] "GET /xingrg/all/function/internal_message.html?_=1716950936519&CODE_STATE=getMsg HTTP/1.1" 200 27
101.83.144.49 - - [29/May/2024:10:48:55 +0800] "GET /xingrg/all/function/internal_message.html?_=1716950677050&CODE_STATE=getMsg HTTP/1.1" 200 27
101.83.144.49 - - [29/May/2024:10:48:56 +0800] "GET /xingrg/check_reg.html?_=1716950678136 HTTP/1.1" 200 22
114.83.216.162 - - [29/May/2024:10:48:57 +0800] "GET /xingrg/kc/buy/cgsh_order_operate.html?command=get_materiel&rest_code=00149&code=00101020019&supplier_code=00100323&order_time=2024-05-29 HTTP/1.1" 200 426
222.70.182.146 - - [29/May/2024:10:48:57 +0800] "GET /xingrg/kc/print/load_data.html?order_code=212024052908645&kc_code=cgsh&condition= HTTP/1.1" 200 784
221.239.170.140 - - [29/May/2024:10:48:58 +0800] "GET /xingrg/all/function/internal_message.html?_=1716950936929&CODE_STATE=getMsg HTTP/1.1" 200 27
124.79.78.120 - - [29/May/2024:10:49:03 +0800] "GET /xingrg/all/function/internal_message.html?_=1716950947374&CODE_STATE=getMsg HTTP/1.1" 200 27
124.79.78.120 - - [29/May/2024:10:49:03 +0800] "GET /xingrg/check_reg.html?_=1716950947377 HTTP/1.1" 200 22
116.238.97.31 - - [29/May/2024:10:49:06 +0800] "GET /xingrg/all/function/internal_message.html?_=1716950959195&CODE_STATE=getMsg HTTP/1.1" 200 27
116.238.97.31 - - [29/May/2024:10:49:06 +0800] "GET /xingrg/check_reg.html?_=1716950959198 HTTP/1.1" 200 22
222.70.182.146 - - [29/May/2024:10:49:08 +0800] "GET /xingrg/kc/buy/cgsh_order_add.html HTTP/1.1" 200 74656
222.70.182.146 - - [29/May/2024:10:49:09 +0800] "POST /xingrg/kc/buy/cgsh_order_operate.html HTTP/1.1" 200 8245
222.70.182.146 - - [29/May/2024:10:49:09 +0800] "GET /xingrg/javascript/easyui/themes/default/validatebox.css HTTP/1.1" 404 1104
114.83.216.162 - - [29/May/2024:10:49:15 +0800] "POST /xingrg/kc/buy/cgsh_order_operate.html HTTP/1.1" 200 37
180.164.6.225 - - [29/May/2024:10:49:21 +0800] "GET /xingrg/all/function/internal_message.html?_=1716950960698&CODE_STATE=getMsg HTTP/1.1" 200 27
222.70.182.146 - - [29/May/2024:10:49:23 +0800] "GET /xingrg/kc/buy/cgsh_order_operate.html?command=get_materiel&rest_code=00111&code=00101004067&supplier_code=00100674&order_time=2024-05-29 HTTP/1.1" 200 413
116.232.195.13 - - [29/May/2024:10:49:23 +0800] "GET /xingrg/all/function/internal_message.html?_=1716950908662&CODE_STATE=getMsg HTTP/1.1" 200 27
116.237.76.229 - - [29/May/2024:10:49:23 +0800] "GET /xingrg/all/function/internal_message.html?_=1716950965015&CODE_STATE=getMsg HTTP/1.1" 200 27
222.70.240.253 - - [29/May/2024:10:49:30 +0800] "GET /xingrg/all/function/internal_message.html?_=1716950980156&CODE_STATE=getMsg HTTP/1.1" 302 -
114.83.216.162 - - [29/May/2024:10:49:32 +0800] "POST /xingrg/kc/buy/cgsh_order_operate.html HTTP/1.1" 200 12
222.70.182.146 - - [29/May/2024:10:49:36 +0800] "GET /xingrg/kc/buy/cgsh_order_operate.html?command=get_materiel&rest_code=00111&code=00101004038&supplier_code=00100674&order_time=2024-05-29 HTTP/1.1" 200 409
114.83.216.162 - - [29/May/2024:10:49:36 +0800] "GET /xingrg/kc/buy/cgsh_order_info.html?code=212024052908646 HTTP/1.1" 200 69662
114.83.216.162 - - [29/May/2024:10:49:37 +0800] "GET /xingrg/javascript/easyui/themes/default/validatebox.css HTTP/1.1" 404 1104
180.156.239.18 - - [29/May/2024:10:49:38 +0800] "GET /xingrg/kc/print/load_data.html?order_code=212024052908641&kc_code=cgsh&condition= HTTP/1.1" 200 720
114.83.216.162 - - [29/May/2024:10:49:38 +0800] "POST /xingrg/kc/buy/cgsh_order_operate.html HTTP/1.1" 200 3560
114.83.216.162 - - [29/May/2024:10:49:40 +0800] "GET /xingrg/kc/print/load_data.html?order_code=212024052908646&kc_code=cgsh&condition= HTTP/1.1" 200 1833
116.238.97.31 - - [29/May/2024:10:49:41 +0800] "GET /xingrg/all/function/internal_message.html?_=1716950982571&CODE_STATE=getMsg HTTP/1.1" 200 27
180.156.239.18 - - [29/May/2024:10:49:42 +0800] "GET /xingrg/kc/buy/cgsh_order_add.html HTTP/1.1" 200 74744
222.70.182.146 - - [29/May/2024:10:49:42 +0800] "GET /xingrg/all/function/internal_message.html?_=1716950978961&CODE_STATE=getMsg HTTP/1.1" 200 27
180.156.239.18 - - [29/May/2024:10:49:43 +0800] "POST /xingrg/kc/buy/cgsh_order_operate.html HTTP/1.1" 200 8245
180.156.239.18 - - [29/May/2024:10:49:43 +0800] "GET /xingrg/javascript/easyui/themes/default/validatebox.css HTTP/1.1" 404 1104
180.156.239.18 - - [29/May/2024:10:49:45 +0800] "GET /xingrg/all/function/internal_message.html?_=1716950985730&CODE_STATE=getMsg HTTP/1.1" 200 27
