116.232.195.13 - - [29/May/2024:09:29:24 +0800] "GET /xingrg/all/function/internal_message.html?_=1716946109996&CODE_STATE=getMsg HTTP/1.1" 200 27
116.232.195.13 - - [29/May/2024:09:29:25 +0800] "POST /xingrg/kc/buy/cgsh_order_operate.html HTTP/1.1" 200 3251
116.232.195.13 - - [29/May/2024:09:29:26 +0800] "GET /xingrg/kc/print/load_config.html?kc_code=cgsh HTTP/1.1" 200 1927
180.164.6.225 - - [29/May/2024:09:29:26 +0800] "POST /xingrg/kc/buy/cgsh_order_operate.html HTTP/1.1" 200 2065
116.232.195.13 - - [29/May/2024:09:29:27 +0800] "GET /xingrg/kc/print/load_data.html?order_code=212024052908583&kc_code=cgsh&condition= HTTP/1.1" 200 982
222.70.240.253 - - [29/May/2024:09:29:29 +0800] "GET /xingrg/all/function/internal_message.html?_=1716946179073&CODE_STATE=getMsg HTTP/1.1" 302 -
114.83.216.162 - - [29/May/2024:09:29:31 +0800] "GET /xingrg/kc/buy/cgsh_order_operate.html?command=get_materiel&rest_code=00149&code=00101016174&supplier_code=00100573&order_time=2024-05-29 HTTP/1.1" 200 431
180.164.6.225 - - [29/May/2024:09:29:33 +0800] "GET /xingrg/kc/buy/cgsh_order_operate.html?command=get_materiel&rest_code=00108&code=00101009113&supplier_code=00100007&order_time=2024-05-29 HTTP/1.1" 200 413
222.70.182.146 - - [29/May/2024:09:29:34 +0800] "GET /xingrg/kc/buy/cgsh_order_operate.html?command=get_materiel&rest_code=00111&code=00101008106&supplier_code=00100008&order_time=2024-05-29 HTTP/1.1" 200 412
180.156.239.18 - - [29/May/2024:09:29:35 +0800] "GET /xingrg/kc/buy/cgsh_order_operate.html?command=get_materiel&rest_code=00151&code=00101006129&supplier_code=00100096&order_time=2024-05-29 HTTP/1.1" 200 441
116.237.76.229 - - [29/May/2024:09:29:39 +0800] "GET /xingrg/all/function/internal_message.html?_=1716946172049&CODE_STATE=getMsg HTTP/1.1" 200 27
116.237.76.229 - - [29/May/2024:09:29:39 +0800] "GET /xingrg/check_reg.html?_=1716946172197 HTTP/1.1" 200 22
116.232.195.13 - - [29/May/2024:09:29:39 +0800] "GET /xingrg/kc/buy/cgsh_order_list.html HTTP/1.1" 200 58893
116.232.195.13 - - [29/May/2024:09:29:40 +0800] "GET /xingrg/javascript/jquery_easy_ui/themes/default/images/tabs_active.png HTTP/1.1" 200 2894
114.83.216.162 - - [29/May/2024:09:29:42 +0800] "GET /xingrg/kc/buy/cgsh_order_operate.html?command=get_materiel&rest_code=00149&code=00101016097&supplier_code=00100573&order_time=2024-05-29 HTTP/1.1" 200 450
222.70.182.146 - - [29/May/2024:09:29:42 +0800] "GET /xingrg/all/function/internal_message.html?_=1716946178835&CODE_STATE=getMsg HTTP/1.1" 200 27
116.232.195.13 - - [29/May/2024:09:29:45 +0800] "POST /xingrg/kc/buy/cgsh_list_operate.html HTTP/1.1" 200 1669
180.164.6.225 - - [29/May/2024:09:29:46 +0800] "GET /xingrg/kc/buy/cgsh_order_operate.html?command=get_materiel&rest_code=00108&code=00101008049&supplier_code=00100007&order_time=2024-05-29 HTTP/1.1" 200 408
180.156.239.18 - - [29/May/2024:09:29:47 +0800] "GET /xingrg/kc/buy/cgsh_order_operate.html?command=get_materiel&rest_code=00151&code=00101010711&supplier_code=00100096&order_time=2024-05-29 HTTP/1.1" 200 405
222.70.182.146 - - [29/May/2024:09:29:50 +0800] "GET /xingrg/kc/buy/cgsh_order_operate.html?command=get_materiel&rest_code=00111&code=00101008223&supplier_code=00100008&order_time=2024-05-29 HTTP/1.1" 200 412
180.156.239.18 - - [29/May/2024:09:29:53 +0800] "GET /xingrg/check_reg.html?_=1716946193059 HTTP/1.1" 200 22
180.156.239.18 - - [29/May/2024:09:29:53 +0800] "GET /xingrg/all/function/internal_message.html?_=1716946193062&CODE_STATE=getMsg HTTP/1.1" 200 27
114.83.216.162 - - [29/May/2024:09:29:53 +0800] "GET /xingrg/all/function/internal_message.html?_=1716946193296&CODE_STATE=getMsg HTTP/1.1" 200 27
114.83.216.162 - - [29/May/2024:09:29:54 +0800] "POST /xingrg/kc/buy/cgsh_order_operate.html HTTP/1.1" 200 37
222.70.182.146 - - [29/May/2024:09:29:54 +0800] "POST /xingrg/kc/buy/cgsh_order_operate.html HTTP/1.1" 200 2065
101.83.144.49 - - [29/May/2024:09:29:56 +0800] "GET /xingrg/all/function/internal_message.html?_=1716945938100&CODE_STATE=getMsg HTTP/1.1" 200 27
180.164.6.225 - - [29/May/2024:09:29:57 +0800] "GET /xingrg/kc/buy/cgsh_order_operate.html?command=get_materiel&rest_code=00108&code=00101008370&supplier_code=00100007&order_time=2024-05-29 HTTP/1.1" 200 412
221.239.170.140 - - [29/May/2024:09:29:59 +0800] "GET /xingrg/all/function/internal_message.html?_=1716946198057&CODE_STATE=getMsg HTTP/1.1" 200 27
222.70.182.146 - - [29/May/2024:09:30:03 +0800] "GET /xingrg/kc/buy/cgsh_order_operate.html?command=get_materiel&rest_code=00111&code=00101008150&supplier_code=00100008&order_time=2024-05-29 HTTP/1.1" 200 409
114.83.216.162 - - [29/May/2024:09:30:03 +0800] "POST /xingrg/kc/buy/cgsh_order_operate.html HTTP/1.1" 200 12
116.232.195.13 - - [29/May/2024:09:30:05 +0800] "GET /xingrg/kc/buy/cgsh_order_add.html HTTP/1.1" 200 74788
116.232.195.13 - - [29/May/2024:09:30:05 +0800] "POST /xingrg/kc/buy/cgsh_order_operate.html HTTP/1.1" 200 8245
116.232.195.13 - - [29/May/2024:09:30:05 +0800] "GET /xingrg/javascript/easyui/themes/default/validatebox.css HTTP/1.1" 404 1104
180.164.6.225 - - [29/May/2024:09:30:07 +0800] "GET /xingrg/kc/buy/cgsh_order_operate.html?command=get_materiel&rest_code=00108&code=00101008199&supplier_code=00100007&order_time=2024-05-29 HTTP/1.1" 200 408
180.156.239.18 - - [29/May/2024:09:30:13 +0800] "POST /xingrg/kc/buy/cgsh_order_operate.html HTTP/1.1" 200 37
116.232.195.13 - - [29/May/2024:09:30:14 +0800] "GET /xingrg/javascript/jquery_tools/images/prev.gif HTTP/1.1" 404 1086
116.232.195.13 - - [29/May/2024:09:30:14 +0800] "GET /xingrg/javascript/jquery_tools/images/next.gif HTTP/1.1" 404 1086
222.70.182.146 - - [29/May/2024:09:30:16 +0800] "GET /xingrg/kc/buy/cgsh_order_operate.html?command=get_materiel&rest_code=00111&code=00101008095&supplier_code=00100008&order_time=2024-05-29 HTTP/1.1" 200 412
180.164.6.225 - - [29/May/2024:09:30:17 +0800] "GET /xingrg/kc/buy/cgsh_order_operate.html?command=get_materiel&rest_code=00108&code=00101008312&supplier_code=00100007&order_time=2024-05-29 HTTP/1.1" 200 412
180.164.6.225 - - [29/May/2024:09:30:19 +0800] "POST /xingrg/kc/buy/cgsh_order_operate.html HTTP/1.1" 200 2065
120.253.135.82 - - [29/May/2024:09:30:19 +0800] "GET /xingrg/check_reg.html?_=1716946072062 HTTP/1.1" 200 22
120.253.135.82 - - [29/May/2024:09:30:19 +0800] "GET /xingrg/all/function/internal_message.html?_=1716946072309&CODE_STATE=getMsg HTTP/1.1" 200 27
180.164.6.225 - - [29/May/2024:09:30:21 +0800] "GET /xingrg/all/function/internal_message.html?_=1716946220701&CODE_STATE=getMsg HTTP/1.1" 200 27
180.156.239.18 - - [29/May/2024:09:30:24 +0800] "POST /xingrg/kc/buy/cgsh_order_operate.html HTTP/1.1" 200 12
116.232.195.13 - - [29/May/2024:09:30:24 +0800] "GET /xingrg/all/function/internal_message.html?_=1716946170025&CODE_STATE=getMsg HTTP/1.1" 200 27
114.83.216.162 - - [29/May/2024:09:30:25 +0800] "GET /xingrg/kc/buy/cgsh_order_info.html?code=212024052908584 HTTP/1.1" 200 69659
114.83.216.162 - - [29/May/2024:09:30:25 +0800] "GET /xingrg/javascript/easyui/themes/default/validatebox.css HTTP/1.1" 404 1104
222.70.182.146 - - [29/May/2024:09:30:26 +0800] "GET /xingrg/kc/buy/cgsh_order_operate.html?command=get_materiel&rest_code=00111&code=00101008674&supplier_code=00100008&order_time=2024-05-29 HTTP/1.1" 200 412
180.156.239.18 - - [29/May/2024:09:30:26 +0800] "GET /xingrg/kc/buy/cgsh_order_info.html?code=212024052908585 HTTP/1.1" 200 69159
180.156.239.18 - - [29/May/2024:09:30:26 +0800] "GET /xingrg/javascript/easyui/themes/default/validatebox.css HTTP/1.1" 404 1104
114.83.216.162 - - [29/May/2024:09:30:26 +0800] "POST /xingrg/kc/buy/cgsh_order_operate.html HTTP/1.1" 200 1254
180.156.239.18 - - [29/May/2024:09:30:27 +0800] "POST /xingrg/kc/buy/cgsh_order_operate.html HTTP/1.1" 200 4151
180.164.6.225 - - [29/May/2024:09:30:28 +0800] "GET /xingrg/kc/buy/cgsh_order_operate.html?command=get_materiel&rest_code=00108&code=00101009062&supplier_code=00100007&order_time=2024-05-29 HTTP/1.1" 200 412
116.232.195.13 - - [29/May/2024:09:30:28 +0800] "GET /xingrg/kc/buy/cgsh_order_operate.html?command=get_materiel&rest_code=00155&code=00101016105&supplier_code=00100036&order_time=2024-05-29 HTTP/1.1" 200 409
180.156.239.18 - - [29/May/2024:09:30:29 +0800] "GET /xingrg/kc/print/load_data.html?order_code=212024052908585&kc_code=cgsh&condition= HTTP/1.1" 200 2024
222.70.240.253 - - [29/May/2024:09:30:29 +0800] "GET /xingrg/all/function/internal_message.html?_=1716946239076&CODE_STATE=getMsg HTTP/1.1" 302 -
180.156.239.18 - - [29/May/2024:09:30:34 +0800] "GET /xingrg/kc/buy/cgsh_order_add.html HTTP/1.1" 200 74298
180.156.239.18 - - [29/May/2024:09:30:34 +0800] "POST /xingrg/kc/buy/cgsh_order_operate.html HTTP/1.1" 200 8245
180.156.239.18 - - [29/May/2024:09:30:35 +0800] "GET /xingrg/javascript/easyui/themes/default/validatebox.css HTTP/1.1" 404 1104
116.232.195.13 - - [29/May/2024:09:30:39 +0800] "GET /xingrg/kc/buy/cgsh_order_operate.html?command=get_materiel&rest_code=00155&code=00101006058&supplier_code=00100036&order_time=2024-05-29 HTTP/1.1" 200 413
116.237.76.229 - - [29/May/2024:09:30:39 +0800] "GET /xingrg/all/function/internal_message.html?_=1716946232023&CODE_STATE=getMsg HTTP/1.1" 200 27
114.83.216.162 - - [29/May/2024:09:30:39 +0800] "GET /xingrg/kc/print/load_data.html?order_code=212024052908584&kc_code=cgsh&condition= HTTP/1.1" 200 988
180.164.6.225 - - [29/May/2024:09:30:40 +0800] "GET /xingrg/kc/buy/cgsh_order_operate.html?command=get_materiel&rest_code=00108&code=00101009041&supplier_code=00100007&order_time=2024-05-29 HTTP/1.1" 200 409
222.70.182.146 - - [29/May/2024:09:30:41 +0800] "GET /xingrg/kc/buy/cgsh_order_operate.html?command=get_materiel&rest_code=00111&code=00101008114&supplier_code=00100008&order_time=2024-05-29 HTTP/1.1" 200 412
222.70.182.146 - - [29/May/2024:09:30:42 +0800] "GET /xingrg/all/function/internal_message.html?_=1716946238842&CODE_STATE=getMsg HTTP/1.1" 200 27
114.83.216.162 - - [29/May/2024:09:30:43 +0800] "GET /xingrg/kc/buy/cgsh_order_add.html HTTP/1.1" 200 74788
114.83.216.162 - - [29/May/2024:09:30:44 +0800] "POST /xingrg/kc/buy/cgsh_order_operate.html HTTP/1.1" 200 8245
114.83.216.162 - - [29/May/2024:09:30:44 +0800] "GET /xingrg/javascript/easyui/themes/default/validatebox.css HTTP/1.1" 404 1104
116.232.195.13 - - [29/May/2024:09:30:50 +0800] "GET /xingrg/kc/buy/cgsh_order_operate.html?command=get_materiel&rest_code=00155&code=00101010248&supplier_code=00100036&order_time=2024-05-29 HTTP/1.1" 200 430
180.156.239.18 - - [29/May/2024:09:30:52 +0800] "GET /xingrg/kc/buy/cgsh_order_operate.html?command=get_materiel&rest_code=00151&code=00101008223&supplier_code=00100008&order_time=2024-05-29 HTTP/1.1" 200 412
180.156.239.18 - - [29/May/2024:09:30:53 +0800] "GET /xingrg/all/function/internal_message.html?_=1716946253052&CODE_STATE=getMsg HTTP/1.1" 200 27
114.83.216.162 - - [29/May/2024:09:30:53 +0800] "GET /xingrg/all/function/internal_message.html?_=1716946253298&CODE_STATE=getMsg HTTP/1.1" 200 27
114.83.216.162 - - [29/May/2024:09:30:53 +0800] "GET /xingrg/check_reg.html?_=1716946253300 HTTP/1.1" 200 22
101.83.144.49 - - [29/May/2024:09:30:56 +0800] "GET /xingrg/all/function/internal_message.html?_=1716945998112&CODE_STATE=getMsg HTTP/1.1" 200 27
114.83.216.162 - - [29/May/2024:09:30:56 +0800] "GET /xingrg/kc/buy/cgsh_order_operate.html?command=get_materiel&rest_code=00149&code=00101011003&supplier_code=00100051&order_time=2024-05-29 HTTP/1.1" 200 413
222.70.182.146 - - [29/May/2024:09:30:56 +0800] "POST /xingrg/kc/buy/cgsh_order_operate.html HTTP/1.1" 200 2065
221.239.170.140 - - [29/May/2024:09:30:59 +0800] "GET /xingrg/all/function/internal_message.html?_=1716946258027&CODE_STATE=getMsg HTTP/1.1" 200 27
116.232.195.13 - - [29/May/2024:09:30:59 +0800] "GET /xingrg/kc/buy/cgsh_order_operate.html?command=get_materiel&rest_code=00155&code=00101016030&supplier_code=00100036&order_time=2024-05-29 HTTP/1.1" 200 412
114.83.216.162 - - [29/May/2024:09:31:05 +0800] "GET /xingrg/kc/buy/cgsh_order_operate.html?command=get_materiel&rest_code=00149&code=00101011005&supplier_code=00100051&order_time=2024-05-29 HTTP/1.1" 200 429
114.83.216.162 - - [29/May/2024:09:31:16 +0800] "POST /xingrg/kc/buy/cgsh_order_operate.html HTTP/1.1" 200 37
120.253.135.82 - - [29/May/2024:09:31:19 +0800] "GET /xingrg/all/function/internal_message.html?_=1716946132323&CODE_STATE=getMsg HTTP/1.1" 200 27
180.164.6.225 - - [29/May/2024:09:31:21 +0800] "GET /xingrg/all/function/internal_message.html?_=1716946280694&CODE_STATE=getMsg HTTP/1.1" 200 27
114.83.216.162 - - [29/May/2024:09:31:24 +0800] "POST /xingrg/kc/buy/cgsh_order_operate.html HTTP/1.1" 200 12
116.232.195.13 - - [29/May/2024:09:31:24 +0800] "GET /xingrg/all/function/internal_message.html?_=1716946229998&CODE_STATE=getMsg HTTP/1.1" 200 27
180.156.239.18 - - [29/May/2024:09:31:26 +0800] "GET /xingrg/kc/buy/cgsh_order_operate.html?command=get_materiel&rest_code=00151&code=00101008110&supplier_code=00100008&order_time=2024-05-29 HTTP/1.1" 200 408
114.83.216.162 - - [29/May/2024:09:31:26 +0800] "GET /xingrg/kc/buy/cgsh_order_info.html?code=212024052908586 HTTP/1.1" 200 69659
114.83.216.162 - - [29/May/2024:09:31:27 +0800] "GET /xingrg/javascript/easyui/themes/default/validatebox.css HTTP/1.1" 404 1104
180.164.6.225 - - [29/May/2024:09:31:28 +0800] "GET /xingrg/kc/buy/cgsh_order_operate.html?command=get_materiel&rest_code=00108&code=00101008145&supplier_code=00100007&order_time=2024-05-29 HTTP/1.1" 200 416
114.83.216.162 - - [29/May/2024:09:31:28 +0800] "POST /xingrg/kc/buy/cgsh_order_operate.html HTTP/1.1" 200 1197
222.70.240.253 - - [29/May/2024:09:31:29 +0800] "GET /xingrg/all/function/internal_message.html?_=1716946299096&CODE_STATE=getMsg HTTP/1.1" 302 -
114.83.216.162 - - [29/May/2024:09:31:30 +0800] "GET /xingrg/kc/print/load_data.html?order_code=212024052908586&kc_code=cgsh&condition= HTTP/1.1" 200 948
114.83.216.162 - - [29/May/2024:09:31:34 +0800] "GET /xingrg/kc/buy/cgsh_order_add.html HTTP/1.1" 200 74788
114.83.216.162 - - [29/May/2024:09:31:34 +0800] "POST /xingrg/kc/buy/cgsh_order_operate.html HTTP/1.1" 200 8245
114.83.216.162 - - [29/May/2024:09:31:34 +0800] "GET /xingrg/javascript/easyui/themes/default/validatebox.css HTTP/1.1" 404 1104
180.156.239.18 - - [29/May/2024:09:31:35 +0800] "GET /xingrg/kc/buy/cgsh_order_operate.html?command=get_materiel&rest_code=00151&code=00101008038&supplier_code=00100008&order_time=2024-05-29 HTTP/1.1" 200 412
222.67.233.39 - - [29/May/2024:09:31:37 +0800] "GET /xingrg/check_reg.html?_=1716946297473 HTTP/1.1" 200 22
116.237.76.229 - - [29/May/2024:09:31:39 +0800] "GET /xingrg/all/function/internal_message.html?_=1716946292024&CODE_STATE=getMsg HTTP/1.1" 200 27
116.232.195.13 - - [29/May/2024:09:31:40 +0800] "POST /xingrg/kc/buy/cgsh_order_operate.html HTTP/1.1" 200 37
222.70.182.146 - - [29/May/2024:09:31:42 +0800] "GET /xingrg/all/function/internal_message.html?_=1716946298842&CODE_STATE=getMsg HTTP/1.1" 200 27
116.232.195.13 - - [29/May/2024:09:31:42 +0800] "POST /xingrg/kc/buy/cgsh_order_operate.html HTTP/1.1" 200 4447
116.237.76.229 - - [29/May/2024:09:31:43 +0800] "GET /xingrg/kc/buy/cgsh_order_operate.html?command=get_materiel&rest_code=00106&code=00101006112&supplier_code=00100096&order_time=2024-05-29 HTTP/1.1" 200 411
180.156.239.18 - - [29/May/2024:09:31:45 +0800] "GET /xingrg/kc/buy/cgsh_order_operate.html?command=get_materiel&rest_code=00151&code=00101008017&supplier_code=00100008&order_time=2024-05-29 HTTP/1.1" 200 416
114.83.216.162 - - [29/May/2024:09:31:46 +0800] "GET /xingrg/kc/buy/cgsh_order_operate.html?command=get_materiel&rest_code=00149&code=00101001161&supplier_code=00100083&order_time=2024-05-29 HTTP/1.1" 200 409
116.232.195.13 - - [29/May/2024:09:31:48 +0800] "GET /xingrg/kc/print/load_data.html?order_code=212024052908587&kc_code=cgsh&condition= HTTP/1.1" 200 1442
222.70.182.146 - - [29/May/2024:09:31:48 +0800] "POST /xingrg/kc/buy/cgsh_order_operate.html HTTP/1.1" 200 2065
180.156.239.18 - - [29/May/2024:09:31:53 +0800] "GET /xingrg/all/function/internal_message.html?_=1716946313053&CODE_STATE=getMsg HTTP/1.1" 200 27
114.83.216.162 - - [29/May/2024:09:31:53 +0800] "GET /xingrg/all/function/internal_message.html?_=1716946313302&CODE_STATE=getMsg HTTP/1.1" 200 27
101.83.144.49 - - [29/May/2024:09:31:56 +0800] "GET /xingrg/all/function/internal_message.html?_=1716946058097&CODE_STATE=getMsg HTTP/1.1" 200 27
180.164.6.225 - - [29/May/2024:09:31:56 +0800] "POST /xingrg/kc/buy/cgsh_order_operate.html HTTP/1.1" 200 37
221.239.170.140 - - [29/May/2024:09:31:59 +0800] "GET /xingrg/all/function/internal_message.html?_=1716946317998&CODE_STATE=getMsg HTTP/1.1" 200 27
180.156.239.18 - - [29/May/2024:09:31:59 +0800] "GET /xingrg/kc/buy/cgsh_order_operate.html?command=get_materiel&rest_code=00151&code=00101008131&supplier_code=00100008&order_time=2024-05-29 HTTP/1.1" 200 23
116.232.195.13 - - [29/May/2024:09:32:00 +0800] "GET /xingrg/kc/buy/cgsh_order_add.html HTTP/1.1" 200 74788
116.232.195.13 - - [29/May/2024:09:32:00 +0800] "POST /xingrg/kc/buy/cgsh_order_operate.html HTTP/1.1" 200 8245
116.232.195.13 - - [29/May/2024:09:32:00 +0800] "GET /xingrg/javascript/easyui/themes/default/validatebox.css HTTP/1.1" 404 1104
116.237.76.229 - - [29/May/2024:09:32:02 +0800] "POST /xingrg/kc/buy/cgsh_order_operate.html HTTP/1.1" 200 37
180.164.6.225 - - [29/May/2024:09:32:02 +0800] "POST /xingrg/kc/buy/cgsh_order_operate.html HTTP/1.1" 200 26332
101.83.144.49 - - [29/May/2024:09:32:04 +0800] "POST /xingrg/services/DataTransmitService HTTP/1.1" 200 524
180.164.6.225 - - [29/May/2024:09:32:05 +0800] "GET /xingrg/kc/print/load_config.html?kc_code=cgsh HTTP/1.1" 200 1927
180.156.239.18 - - [29/May/2024:09:32:06 +0800] "POST /xingrg/kc/buy/cgsh_order_operate.html HTTP/1.1" 200 37
180.164.6.225 - - [29/May/2024:09:32:06 +0800] "GET /xingrg/kc/print/load_data.html?order_code=212024052908577&kc_code=cgsh&condition= HTTP/1.1" 200 9702
222.70.182.146 - - [29/May/2024:09:32:07 +0800] "GET /xingrg/kc/buy/cgsh_order_operate.html?command=get_materiel&rest_code=00111&code=00101008331&supplier_code=00100008&order_time=2024-05-29 HTTP/1.1" 200 416
180.156.239.18 - - [29/May/2024:09:32:08 +0800] "POST /xingrg/kc/buy/cgsh_order_operate.html HTTP/1.1" 200 4421
222.70.240.253 - - [29/May/2024:09:32:12 +0800] "GET /xingrg/check_reg.html?_=1716946342503 HTTP/1.1" 302 -
180.164.6.225 - - [29/May/2024:09:32:13 +0800] "GET /xingrg/kc/buy/cgsh_order_add.html HTTP/1.1" 200 74792
180.164.6.225 - - [29/May/2024:09:32:13 +0800] "POST /xingrg/kc/buy/cgsh_order_operate.html HTTP/1.1" 200 8245
180.164.6.225 - - [29/May/2024:09:32:13 +0800] "GET /xingrg/javascript/easyui/themes/default/validatebox.css HTTP/1.1" 404 1104
180.156.239.18 - - [29/May/2024:09:32:14 +0800] "GET /xingrg/index.html?sysBaseUrl=http%3A%2F%2F180.169.147.146%3A18081%2Fxingrg%2F&costTime=14×tamp=1698040851670 HTTP/1.1" 302 -
180.156.239.18 - - [29/May/2024:09:32:14 +0800] "GET /xingrg/login.html HTTP/1.1" 200 7641
180.156.239.18 - - [29/May/2024:09:32:14 +0800] "GET /favicon.ico HTTP/1.1" 404 -
120.253.135.82 - - [29/May/2024:09:32:19 +0800] "GET /xingrg/all/function/internal_message.html?_=1716946192336&CODE_STATE=getMsg HTTP/1.1" 200 27
180.164.6.225 - - [29/May/2024:09:32:21 +0800] "GET /xingrg/all/function/internal_message.html?_=1716946340700&CODE_STATE=getMsg HTTP/1.1" 200 27
180.156.239.18 - - [29/May/2024:09:32:21 +0800] "POST /xingrg/login.do HTTP/1.1" 302 -
180.156.239.18 - - [29/May/2024:09:32:21 +0800] "GET /xingrg/index.html?sysBaseUrl=http%3A%2F%2F180.169.147.146%3A18081%2Fxingrg%2F&costTime=887×tamp=1716946341404 HTTP/1.1" 200 17177
180.156.239.18 - - [29/May/2024:09:32:21 +0800] "GET /favicon.ico HTTP/1.1" 404 -
180.156.239.18 - - [29/May/2024:09:32:21 +0800] "POST /xingrg/all/common/load_tree.html?tree=area_rest_tree_json&manage=1 HTTP/1.1" 200 476
180.156.239.18 - - [29/May/2024:09:32:21 +0800] "GET /xingrg/all/function/internal_message.html?_=1716946341991&CODE_STATE=count HTTP/1.1" 200 11
180.156.239.18 - - [29/May/2024:09:32:21 +0800] "GET /xingrg/check_reg.html?_=1716946341992 HTTP/1.1" 200 22
180.156.239.18 - - [29/May/2024:09:32:22 +0800] "POST /xingrg/load_menu.html HTTP/1.1" 200 5138
222.70.182.146 - - [29/May/2024:09:32:23 +0800] "GET /xingrg/kc/buy/cgsh_order_operate.html?command=get_materiel&rest_code=00111&code=00101015004&supplier_code=00100008&order_time=2024-05-29 HTTP/1.1" 200 409
114.83.216.162 - - [29/May/2024:09:32:24 +0800] "GET /xingrg/kc/buy/cgsh_order_operate.html?command=get_materiel&rest_code=00149&code=00101004051&supplier_code=00100083&order_time=2024-05-29 HTTP/1.1" 200 408
180.156.239.18 - - [29/May/2024:09:32:24 +0800] "GET /xingrg/kc/buy/cgsh_order_list.html HTTP/1.1" 200 58891
116.232.195.13 - - [29/May/2024:09:32:24 +0800] "GET /xingrg/all/function/internal_message.html?_=1716946289982&CODE_STATE=getMsg HTTP/1.1" 200 27
180.156.239.18 - - [29/May/2024:09:32:28 +0800] "POST /xingrg/kc/buy/cgsh_list_operate.html HTTP/1.1" 200 1382
222.70.240.253 - - [29/May/2024:09:32:29 +0800] "GET /xingrg/all/function/internal_message.html?_=1716946359103&CODE_STATE=getMsg HTTP/1.1" 302 -
180.164.6.225 - - [29/May/2024:09:32:31 +0800] "GET /xingrg/javascript/jquery_tools/images/prev.gif HTTP/1.1" 404 1086
180.164.6.225 - - [29/May/2024:09:32:31 +0800] "GET /xingrg/javascript/jquery_tools/images/next.gif HTTP/1.1" 404 1086
222.70.182.146 - - [29/May/2024:09:32:33 +0800] "GET /xingrg/kc/buy/cgsh_order_operate.html?command=get_materiel&rest_code=00111&code=00101008060&supplier_code=00100008&order_time=2024-05-29 HTTP/1.1" 200 416
114.83.216.162 - - [29/May/2024:09:32:40 +0800] "POST /xingrg/kc/buy/cgsh_order_operate.html HTTP/1.1" 200 37
222.70.182.146 - - [29/May/2024:09:32:42 +0800] "GET /xingrg/all/function/internal_message.html?_=1716946358840&CODE_STATE=getMsg HTTP/1.1" 200 27
116.232.195.13 - - [29/May/2024:09:32:43 +0800] "GET /xingrg/kc/buy/cgsh_order_operate.html?command=get_materiel&rest_code=00155&code=00101002027&supplier_code=00100199&order_time=2024-05-29 HTTP/1.1" 200 413
222.70.182.146 - - [29/May/2024:09:32:44 +0800] "GET /xingrg/kc/buy/cgsh_order_operate.html?command=get_materiel&rest_code=00111&code=00101008704&supplier_code=00100008&order_time=2024-05-29 HTTP/1.1" 200 409
114.83.216.162 - - [29/May/2024:09:32:49 +0800] "POST /xingrg/kc/buy/cgsh_order_operate.html HTTP/1.1" 200 12
114.83.216.162 - - [29/May/2024:09:32:51 +0800] "GET /xingrg/kc/buy/cgsh_order_info.html?code=212024052908589 HTTP/1.1" 200 69657
114.83.216.162 - - [29/May/2024:09:32:52 +0800] "GET /xingrg/javascript/easyui/themes/default/validatebox.css HTTP/1.1" 404 1104
116.232.195.13 - - [29/May/2024:09:32:52 +0800] "GET /xingrg/kc/buy/cgsh_order_operate.html?command=get_materiel&rest_code=00155&code=00101002007&supplier_code=00100199&order_time=2024-05-29 HTTP/1.1" 200 409
114.83.216.162 - - [29/May/2024:09:32:53 +0800] "POST /xingrg/kc/buy/cgsh_order_operate.html HTTP/1.1" 200 1196
114.83.216.162 - - [29/May/2024:09:32:53 +0800] "GET /xingrg/all/function/internal_message.html?_=1716946373394&CODE_STATE=getMsg HTTP/1.1" 200 27
180.164.6.225 - - [29/May/2024:09:32:53 +0800] "GET /xingrg/kc/buy/cgsh_order_operate.html?command=get_materiel&rest_code=00108&code=00101006129&supplier_code=00100012&order_time=2024-05-29 HTTP/1.1" 200 439
114.83.216.162 - - [29/May/2024:09:32:56 +0800] "GET /xingrg/kc/print/load_data.html?order_code=212024052908589&kc_code=cgsh&condition= HTTP/1.1" 200 941
101.83.144.49 - - [29/May/2024:09:32:56 +0800] "GET /xingrg/all/function/internal_message.html?_=1716946118083&CODE_STATE=getMsg HTTP/1.1" 200 27
116.237.76.229 - - [29/May/2024:09:32:57 +0800] "POST /xingrg/kc/buy/cgsh_order_operate.html HTTP/1.1" 200 6811
222.70.182.146 - - [29/May/2024:09:32:59 +0800] "GET /xingrg/kc/buy/cgsh_order_operate.html?command=get_materiel&rest_code=00111&code=00101008145&supplier_code=00100008&order_time=2024-05-29 HTTP/1.1" 200 416
221.239.170.140 - - [29/May/2024:09:32:59 +0800] "GET /xingrg/all/function/internal_message.html?_=1716946377988&CODE_STATE=getMsg HTTP/1.1" 200 27
114.83.216.162 - - [29/May/2024:09:33:01 +0800] "GET /xingrg/kc/buy/cgsh_order_add.html HTTP/1.1" 200 74788
114.83.216.162 - - [29/May/2024:09:33:01 +0800] "POST /xingrg/kc/buy/cgsh_order_operate.html HTTP/1.1" 200 8245
114.83.216.162 - - [29/May/2024:09:33:01 +0800] "GET /xingrg/javascript/easyui/themes/default/validatebox.css HTTP/1.1" 404 1104
222.70.182.146 - - [29/May/2024:09:33:01 +0800] "POST /xingrg/kc/buy/cgsh_order_operate.html HTTP/1.1" 200 2065
116.232.195.13 - - [29/May/2024:09:33:03 +0800] "GET /xingrg/kc/buy/cgsh_order_operate.html?command=get_materiel&rest_code=00155&code=00101004038&supplier_code=00100199&order_time=2024-05-29 HTTP/1.1" 200 409
180.164.6.225 - - [29/May/2024:09:33:04 +0800] "GET /xingrg/kc/buy/cgsh_order_operate.html?command=get_materiel&rest_code=00108&code=00101006055&supplier_code=00100012&order_time=2024-05-29 HTTP/1.1" 200 409
222.70.182.146 - - [29/May/2024:09:33:08 +0800] "GET /xingrg/kc/buy/cgsh_order_operate.html?command=get_materiel&rest_code=00111&code=00101008123&supplier_code=00100008&order_time=2024-05-29 HTTP/1.1" 200 412
180.169.147.146 - - [29/May/2024:09:33:11 +0800] "GET /xingrg/check_reg.html?_=1716946390056 HTTP/1.1" 302 -
114.83.216.162 - - [29/May/2024:09:33:12 +0800] "GET /xingrg/kc/buy/cgsh_order_operate.html?command=get_materiel&rest_code=00149&code=00101002022&supplier_code=00100039&order_time=2024-05-29 HTTP/1.1" 200 411
116.237.76.229 - - [29/May/2024:09:33:13 +0800] "POST /xingrg/kc/buy/cgsh_order_operate.html HTTP/1.1" 200 37
116.232.195.13 - - [29/May/2024:09:33:14 +0800] "GET /xingrg/kc/buy/cgsh_order_operate.html?command=get_materiel&rest_code=00155&code=00101001052&supplier_code=00100199&order_time=2024-05-29 HTTP/1.1" 200 411
221.239.170.140 - - [29/May/2024:09:33:15 +0800] "GET /xingrg/check_reg.html?_=1716946394526 HTTP/1.1" 200 22
180.164.6.225 - - [29/May/2024:09:33:18 +0800] "GET /xingrg/kc/buy/cgsh_order_operate.html?command=get_materiel&rest_code=00108&code=00101006065&supplier_code=00100012&order_time=2024-05-29 HTTP/1.1" 200 409
222.70.182.146 - - [29/May/2024:09:33:18 +0800] "GET /xingrg/kc/buy/cgsh_order_operate.html?command=get_materiel&rest_code=00111&code=00101008594&supplier_code=00100008&order_time=2024-05-29 HTTP/1.1" 200 410
120.253.135.82 - - [29/May/2024:09:33:19 +0800] "GET /xingrg/all/function/internal_message.html?_=1716946252355&CODE_STATE=getMsg HTTP/1.1" 200 27
180.164.6.225 - - [29/May/2024:09:33:21 +0800] "GET /xingrg/check_reg.html?_=1716946400693 HTTP/1.1" 200 22
180.164.6.225 - - [29/May/2024:09:33:21 +0800] "GET /xingrg/all/function/internal_message.html?_=1716946400698&CODE_STATE=getMsg HTTP/1.1" 200 27
116.232.195.13 - - [29/May/2024:09:33:21 +0800] "GET /xingrg/check_reg.html?_=1716946346859 HTTP/1.1" 200 22
116.237.76.229 - - [29/May/2024:09:33:21 +0800] "POST /xingrg/kc/buy/cgsh_order_operate.html HTTP/1.1" 200 12
180.156.239.18 - - [29/May/2024:09:33:22 +0800] "GET /xingrg/all/function/internal_message.html?_=1716946402008&CODE_STATE=getMsg HTTP/1.1" 200 27
116.237.76.229 - - [29/May/2024:09:33:24 +0800] "GET /xingrg/kc/buy/cgsh_order_info.html?code=212024052908578 HTTP/1.1" 200 69563
116.232.195.13 - - [29/May/2024:09:33:24 +0800] "GET /xingrg/all/function/internal_message.html?_=1716946349963&CODE_STATE=getMsg HTTP/1.1" 200 27
116.237.76.229 - - [29/May/2024:09:33:24 +0800] "GET /xingrg/javascript/easyui/themes/default/validatebox.css HTTP/1.1" 404 1104
116.237.76.229 - - [29/May/2024:09:33:25 +0800] "POST /xingrg/kc/buy/cgsh_order_operate.html HTTP/1.1" 200 4757
116.232.195.13 - - [29/May/2024:09:33:26 +0800] "GET /xingrg/kc/buy/cgsh_order_operate.html?command=get_materiel&rest_code=00155&code=00101010161&supplier_code=00100199&order_time=2024-05-29 HTTP/1.1" 200 409
180.164.6.225 - - [29/May/2024:09:33:28 +0800] "GET /xingrg/kc/buy/cgsh_order_operate.html?command=get_materiel&rest_code=00108&code=00101006109&supplier_code=00100012&order_time=2024-05-29 HTTP/1.1" 200 409
116.237.76.229 - - [29/May/2024:09:33:28 +0800] "GET /xingrg/kc/print/load_data.html?order_code=212024052908578&kc_code=cgsh&condition= HTTP/1.1" 200 2258
222.70.240.253 - - [29/May/2024:09:33:29 +0800] "GET /xingrg/all/function/internal_message.html?_=1716946419121&CODE_STATE=getMsg HTTP/1.1" 302 -
222.70.182.146 - - [29/May/2024:09:33:34 +0800] "GET /xingrg/kc/buy/cgsh_order_operate.html?command=get_materiel&rest_code=00111&code=00101008403&supplier_code=00100008&order_time=2024-05-29 HTTP/1.1" 200 412
116.237.76.229 - - [29/May/2024:09:33:39 +0800] "GET /xingrg/all/function/internal_message.html?_=1716946412022&CODE_STATE=getMsg HTTP/1.1" 200 27
116.237.76.229 - - [29/May/2024:09:33:40 +0800] "GET /xingrg/kc/print/load_data.html?order_code=212024052908578&kc_code=cgsh HTTP/1.1" 200 2258
114.83.216.162 - - [29/May/2024:09:33:41 +0800] "GET /xingrg/kc/buy/cgsh_order_operate.html?command=get_materiel&rest_code=00149&code=00101001191&supplier_code=00100039&order_time=2024-05-29 HTTP/1.1" 200 413
222.70.182.146 - - [29/May/2024:09:33:42 +0800] "GET /xingrg/all/function/internal_message.html?_=1716946418842&CODE_STATE=getMsg HTTP/1.1" 200 27
222.70.182.146 - - [29/May/2024:09:33:42 +0800] "GET /xingrg/check_reg.html?_=1716946418846 HTTP/1.1" 200 22
180.164.6.225 - - [29/May/2024:09:33:51 +0800] "POST /xingrg/kc/buy/cgsh_order_operate.html HTTP/1.1" 200 64
116.232.195.13 - - [29/May/2024:09:33:51 +0800] "POST /xingrg/kc/buy/cgsh_order_operate.html HTTP/1.1" 200 37
114.83.216.162 - - [29/May/2024:09:33:53 +0800] "GET /xingrg/all/function/internal_message.html?_=1716946433313&CODE_STATE=getMsg HTTP/1.1" 200 27
116.232.195.13 - - [29/May/2024:09:33:53 +0800] "POST /xingrg/kc/buy/cgsh_order_operate.html HTTP/1.1" 200 5615
222.70.182.146 - - [29/May/2024:09:33:53 +0800] "GET /xingrg/kc/buy/cgsh_order_operate.html?command=get_materiel&rest_code=00111&code=00101008096&supplier_code=00100008&order_time=2024-05-29 HTTP/1.1" 200 412
101.83.144.49 - - [29/May/2024:09:33:56 +0800] "GET /xingrg/check_reg.html?_=1716946178006 HTTP/1.1" 200 22
101.83.144.49 - - [29/May/2024:09:33:56 +0800] "GET /xingrg/all/function/internal_message.html?_=1716946178056&CODE_STATE=getMsg HTTP/1.1" 200 27
221.239.170.140 - - [29/May/2024:09:33:59 +0800] "GET /xingrg/all/function/internal_message.html?_=1716946437959&CODE_STATE=getMsg HTTP/1.1" 200 27
180.164.6.225 - - [29/May/2024:09:33:59 +0800] "POST /xingrg/kc/buy/cgsh_order_operate.html HTTP/1.1" 200 37
116.232.195.13 - - [29/May/2024:09:33:59 +0800] "GET /xingrg/kc/print/load_data.html?order_code=212024052908590&kc_code=cgsh&condition= HTTP/1.1" 200 1795
180.164.6.225 - - [29/May/2024:09:34:01 +0800] "POST /xingrg/kc/buy/cgsh_order_operate.html HTTP/1.1" 200 4448
180.164.6.225 - - [29/May/2024:09:34:03 +0800] "GET /xingrg/kc/print/load_data.html?order_code=212024052908592&kc_code=cgsh&condition= HTTP/1.1" 200 1469
116.232.195.13 - - [29/May/2024:09:34:06 +0800] "GET /xingrg/kc/buy/cgsh_order_add.html HTTP/1.1" 200 74788
116.232.195.13 - - [29/May/2024:09:34:06 +0800] "POST /xingrg/kc/buy/cgsh_order_operate.html HTTP/1.1" 200 8245
116.232.195.13 - - [29/May/2024:09:34:06 +0800] "GET /xingrg/javascript/easyui/themes/default/validatebox.css HTTP/1.1" 404 1104
180.164.6.225 - - [29/May/2024:09:34:08 +0800] "GET /xingrg/kc/buy/cgsh_order_add.html HTTP/1.1" 200 74792
180.164.6.225 - - [29/May/2024:09:34:08 +0800] "POST /xingrg/kc/buy/cgsh_order_operate.html HTTP/1.1" 200 8245
180.164.6.225 - - [29/May/2024:09:34:08 +0800] "GET /xingrg/javascript/easyui/themes/default/validatebox.css HTTP/1.1" 404 1104
222.70.182.146 - - [29/May/2024:09:34:09 +0800] "GET /xingrg/kc/buy/cgsh_order_operate.html?command=get_materiel&rest_code=00111&code=00101008298&supplier_code=00100008&order_time=2024-05-29 HTTP/1.1" 200 412
180.156.239.18 - - [29/May/2024:09:34:11 +0800] "POST /xingrg/all/user/operate.html HTTP/1.1" 200 36
180.156.239.18 - - [29/May/2024:09:34:11 +0800] "GET /xingrg/index.html?sysBaseUrl=http%3A%2F%2F180.169.147.146%3A18081%2Fxingrg%2F&costTime=887×tamp=1716946341404 HTTP/1.1" 200 17179
222.70.182.146 - - [29/May/2024:09:34:11 +0800] "POST /xingrg/kc/buy/cgsh_order_operate.html HTTP/1.1" 200 2065
180.156.239.18 - - [29/May/2024:09:34:11 +0800] "GET /xingrg/javascript/jquery_easy_ui/themes/default/easyui.css HTTP/1.1" 304 -
180.156.239.18 - - [29/May/2024:09:34:11 +0800] "GET /xingrg/javascript/jquery_easy_ui/themes/icon.css HTTP/1.1" 304 -
180.156.239.18 - - [29/May/2024:09:34:11 +0800] "GET /xingrg/css/form.css HTTP/1.1" 304 -
180.156.239.18 - - [29/May/2024:09:34:11 +0800] "GET /xingrg/javascript/jquery-1.4.2.min.js HTTP/1.1" 304 -
180.156.239.18 - - [29/May/2024:09:34:11 +0800] "GET /xingrg/javascript/jquery_easy_ui/jquery.easyui.min.js HTTP/1.1" 304 -
180.156.239.18 - - [29/May/2024:09:34:11 +0800] "GET /xingrg/javascript/jquery_easy_ui/easyui-lang-zh_CN.js HTTP/1.1" 304 -
180.156.239.18 - - [29/May/2024:09:34:11 +0800] "GET /xingrg/javascript/jquery.form.js HTTP/1.1" 304 -
180.156.239.18 - - [29/May/2024:09:34:11 +0800] "GET /xingrg/javascript/jquery.utils.js HTTP/1.1" 304 -
180.156.239.18 - - [29/May/2024:09:34:11 +0800] "GET /xingrg/javascript/jquery.timers.js HTTP/1.1" 304 -
180.156.239.18 - - [29/May/2024:09:34:11 +0800] "GET /xingrg/images/blue/jxLogo.png HTTP/1.1" 304 -
180.156.239.18 - - [29/May/2024:09:34:11 +0800] "GET /xingrg/javascript/jquery_easy_ui/themes/icons/settle_new.png HTTP/1.1" 304 -
180.156.239.18 - - [29/May/2024:09:34:11 +0800] "GET /xingrg/images/blue/navBackgound.jpg HTTP/1.1" 304 -
180.156.239.18 - - [29/May/2024:09:34:11 +0800] "GET /xingrg/all/function/internal_message.html?_=1716946451916&CODE_STATE=count HTTP/1.1" 200 11
180.156.239.18 - - [29/May/2024:09:34:11 +0800] "GET /xingrg/javascript/jquery_easy_ui/themes/default/images/panel_tool_collapse.gif HTTP/1.1" 304 -
180.156.239.18 - - [29/May/2024:09:34:11 +0800] "GET /xingrg/images/blue/pingpu.png HTTP/1.1" 304 -
180.156.239.18 - - [29/May/2024:09:34:11 +0800] "GET /xingrg/check_reg.html?_=1716946451916 HTTP/1.1" 200 22
180.156.239.18 - - [29/May/2024:09:34:11 +0800] "GET /xingrg/javascript/jquery_easy_ui/themes/default/images/tabs_leftarrow.png HTTP/1.1" 304 -
180.156.239.18 - - [29/May/2024:09:34:11 +0800] "GET /xingrg/javascript/jquery_easy_ui/themes/default/images/tabs_rightarrow.png HTTP/1.1" 304 -
180.156.239.18 - - [29/May/2024:09:34:11 +0800] "POST /xingrg/all/common/load_tree.html?tree=area_rest_tree_json&manage=1 HTTP/1.1" 200 476
180.156.239.18 - - [29/May/2024:09:34:12 +0800] "POST /xingrg/load_menu.html HTTP/1.1" 200 5138
180.156.239.18 - - [29/May/2024:09:34:14 +0800] "GET /xingrg/kc/buy/cgsh_order_list.html HTTP/1.1" 200 58893
114.83.216.162 - - [29/May/2024:09:34:14 +0800] "GET /xingrg/kc/buy/cgsh_order_operate.html?command=get_materiel&rest_code=00149&code=00101005036&supplier_code=00100039&order_time=2024-05-29 HTTP/1.1" 200 409
180.156.239.18 - - [29/May/2024:09:34:16 +0800] "POST /xingrg/kc/buy/cgsh_list_operate.html HTTP/1.1" 200 645
120.253.135.82 - - [29/May/2024:09:34:19 +0800] "GET /xingrg/all/function/internal_message.html?_=1716946312364&CODE_STATE=getMsg HTTP/1.1" 200 27
180.164.6.225 - - [29/May/2024:09:34:21 +0800] "GET /xingrg/all/function/internal_message.html?_=1716946460693&CODE_STATE=getMsg HTTP/1.1" 200 27
180.164.6.225 - - [29/May/2024:09:34:23 +0800] "GET /xingrg/kc/buy/cgsh_order_operate.html?command=get_materiel&rest_code=00108&code=00101016025&supplier_code=00100036&order_time=2024-05-29 HTTP/1.1" 200 408
116.232.195.13 - - [29/May/2024:09:34:24 +0800] "GET /xingrg/all/function/internal_message.html?_=1716946409938&CODE_STATE=getMsg HTTP/1.1" 200 27
180.156.239.18 - - [29/May/2024:09:34:28 +0800] "GET /xingrg/kc/buy/cgsh_order_add.html HTTP/1.1" 200 74744
180.156.239.18 - - [29/May/2024:09:34:29 +0800] "POST /xingrg/kc/buy/cgsh_order_operate.html HTTP/1.1" 200 8245
180.156.239.18 - - [29/May/2024:09:34:29 +0800] "GET /xingrg/javascript/easyui/themes/default/validatebox.css HTTP/1.1" 404 1104
180.156.239.18 - - [29/May/2024:09:34:29 +0800] "GET /xingrg/all/common/auto_word.html?type=employee&rest_code=00150 HTTP/1.1" 200 159
180.156.239.18 - - [29/May/2024:09:34:29 +0800] "GET /xingrg/all/common/auto_word.html?type=employee&rest_code=00150 HTTP/1.1" 200 159
222.70.240.253 - - [29/May/2024:09:34:29 +0800] "GET /xingrg/all/function/internal_message.html?_=1716946479129&CODE_STATE=getMsg HTTP/1.1" 302 -
180.156.239.18 - - [29/May/2024:09:34:32 +0800] "GET /xingrg/javascript/auto/indicator.gif HTTP/1.1" 404 1066
222.70.182.146 - - [29/May/2024:09:34:36 +0800] "GET /xingrg/kc/buy/cgsh_order_operate.html?command=get_materiel&rest_code=00111&code=00101008087&supplier_code=00100008&order_time=2024-05-29 HTTP/1.1" 200 412
180.164.6.225 - - [29/May/2024:09:34:36 +0800] "GET /xingrg/kc/buy/cgsh_order_operate.html?command=get_materiel&rest_code=00108&code=00101012032&supplier_code=00100036&order_time=2024-05-29 HTTP/1.1" 200 416
116.237.76.229 - - [29/May/2024:09:34:39 +0800] "GET /xingrg/all/function/internal_message.html?_=1716946472002&CODE_STATE=getMsg HTTP/1.1" 200 27
116.237.76.229 - - [29/May/2024:09:34:39 +0800] "GET /xingrg/check_reg.html?_=1716946472192 HTTP/1.1" 200 22
116.232.195.13 - - [29/May/2024:09:34:40 +0800] "GET /xingrg/kc/buy/cgsh_order_operate.html?command=get_materiel&rest_code=00155&code=00101008101&supplier_code=00100005&order_time=2024-05-29 HTTP/1.1" 200 412
222.70.182.146 - - [29/May/2024:09:34:42 +0800] "GET /xingrg/all/function/internal_message.html?_=1716946478847&CODE_STATE=getMsg HTTP/1.1" 200 27
180.156.239.18 - - [29/May/2024:09:34:43 +0800] "GET /xingrg/kc/buy/cgsh_order_operate.html?command=get_materiel&rest_code=00150&code=00101002022&supplier_code=00100151&order_time=2024-05-29 HTTP/1.1" 200 411
180.164.6.225 - - [29/May/2024:09:34:45 +0800] "GET /xingrg/kc/buy/cgsh_order_operate.html?command=get_materiel&rest_code=00108&code=00101011005&supplier_code=00100036&order_time=2024-05-29 HTTP/1.1" 200 429
222.70.182.146 - - [29/May/2024:09:34:49 +0800] "GET /xingrg/kc/buy/cgsh_order_operate.html?command=get_materiel&rest_code=00111&code=00101008321&supplier_code=00100008&order_time=2024-05-29 HTTP/1.1" 200 412
116.232.195.13 - - [29/May/2024:09:34:52 +0800] "GET /xingrg/kc/buy/cgsh_order_operate.html?command=get_materiel&rest_code=00155&code=00101008049&supplier_code=00100005&order_time=2024-05-29 HTTP/1.1" 200 408
101.83.144.49 - - [29/May/2024:09:34:56 +0800] "GET /xingrg/all/function/internal_message.html?_=1716946238042&CODE_STATE=getMsg HTTP/1.1" 200 27
221.239.170.140 - - [29/May/2024:09:34:59 +0800] "GET /xingrg/all/function/internal_message.html?_=1716946497942&CODE_STATE=getMsg HTTP/1.1" 200 27
180.164.6.225 - - [29/May/2024:09:35:00 +0800] "GET /xingrg/kc/buy/cgsh_order_operate.html?command=get_materiel&rest_code=00108&code=00101007109&supplier_code=00100036&order_time=2024-05-29 HTTP/1.1" 200 408
180.156.239.18 - - [29/May/2024:09:35:05 +0800] "POST /xingrg/kc/buy/cgsh_order_operate.html HTTP/1.1" 200 37
222.70.182.146 - - [29/May/2024:09:35:07 +0800] "GET /xingrg/kc/buy/cgsh_order_operate.html?command=get_materiel&rest_code=00111&code=00101008362&supplier_code=00100008&order_time=2024-05-29 HTTP/1.1" 200 408
116.232.195.13 - - [29/May/2024:09:35:07 +0800] "GET /xingrg/kc/buy/cgsh_order_operate.html?command=get_materiel&rest_code=00155&code=00101008149&supplier_code=00100005&order_time=2024-05-29 HTTP/1.1" 200 408
114.83.216.162 - - [29/May/2024:09:35:09 +0800] "POST /xingrg/kc/buy/cgsh_order_operate.html HTTP/1.1" 200 88
180.156.239.18 - - [29/May/2024:09:35:11 +0800] "GET /xingrg/all/function/internal_message.html?_=1716946511919&CODE_STATE=getMsg HTTP/1.1" 200 27
180.156.239.18 - - [29/May/2024:09:35:14 +0800] "POST /xingrg/kc/buy/cgsh_order_operate.html HTTP/1.1" 200 12
180.156.239.18 - - [29/May/2024:09:35:17 +0800] "GET /xingrg/kc/buy/cgsh_order_info.html?code=212024052908593 HTTP/1.1" 200 69605
180.156.239.18 - - [29/May/2024:09:35:17 +0800] "GET /xingrg/javascript/easyui/themes/default/validatebox.css HTTP/1.1" 404 1104
120.253.135.82 - - [29/May/2024:09:35:19 +0800] "GET /xingrg/check_reg.html?_=1716946372069 HTTP/1.1" 200 22
120.253.135.82 - - [29/May/2024:09:35:19 +0800] "GET /xingrg/all/function/internal_message.html?_=1716946372377&CODE_STATE=getMsg HTTP/1.1" 200 27
180.164.6.225 - - [29/May/2024:09:35:21 +0800] "GET /xingrg/all/function/internal_message.html?_=1716946520690&CODE_STATE=getMsg HTTP/1.1" 200 27
116.232.195.13 - - [29/May/2024:09:35:24 +0800] "GET /xingrg/all/function/internal_message.html?_=1716946469911&CODE_STATE=getMsg HTTP/1.1" 200 27
180.156.239.18 - - [29/May/2024:09:35:26 +0800] "POST /xingrg/kc/buy/cgsh_order_operate.html HTTP/1.1" 200 15
180.156.239.18 - - [29/May/2024:09:35:27 +0800] "GET /xingrg/kc/print/load_config.html?kc_code=cgsh HTTP/1.1" 200 1927
222.70.240.253 - - [29/May/2024:09:35:29 +0800] "GET /xingrg/all/function/internal_message.html?_=1716946539152&CODE_STATE=getMsg HTTP/1.1" 302 -
180.164.6.225 - - [29/May/2024:09:35:31 +0800] "POST /xingrg/kc/buy/cgsh_order_operate.html HTTP/1.1" 200 37
222.70.182.146 - - [29/May/2024:09:35:33 +0800] "GET /xingrg/kc/buy/cgsh_order_operate.html?command=get_materiel&rest_code=00111&code=00101008261&supplier_code=00100008&order_time=2024-05-29 HTTP/1.1" 200 408
180.156.239.18 - - [29/May/2024:09:35:34 +0800] "GET /xingrg/kc/print/load_data.html?order_code=212024052908593&kc_code=cgsh&condition= HTTP/1.1" 200 684
180.164.6.225 - - [29/May/2024:09:35:35 +0800] "POST /xingrg/kc/buy/cgsh_order_operate.html HTTP/1.1" 200 4431
114.83.216.162 - - [29/May/2024:09:35:35 +0800] "POST /xingrg/kc/buy/cgsh_order_operate.html HTTP/1.1" 200 88
180.164.6.225 - - [29/May/2024:09:35:37 +0800] "GET /xingrg/kc/print/load_data.html?order_code=212024052908595&kc_code=cgsh&condition= HTTP/1.1" 200 1435
222.70.182.146 - - [29/May/2024:09:35:38 +0800] "POST /xingrg/kc/buy/cgsh_order_operate.html HTTP/1.1" 200 2065
116.237.76.229 - - [29/May/2024:09:35:39 +0800] "GET /xingrg/all/function/internal_message.html?_=1716946531974&CODE_STATE=getMsg HTTP/1.1" 200 27
180.156.239.18 - - [29/May/2024:09:35:40 +0800] "POST /xingrg/all/user/operate.html HTTP/1.1" 200 36
180.156.239.18 - - [29/May/2024:09:35:41 +0800] "GET /xingrg/index.html?sysBaseUrl=http%3A%2F%2F180.169.147.146%3A18081%2Fxingrg%2F&costTime=887×tamp=1716946341404 HTTP/1.1" 200 17177
180.156.239.18 - - [29/May/2024:09:35:41 +0800] "GET /xingrg/javascript/jquery_easy_ui/themes/default/easyui.css HTTP/1.1" 304 -
180.156.239.18 - - [29/May/2024:09:35:41 +0800] "GET /xingrg/javascript/jquery_easy_ui/themes/icon.css HTTP/1.1" 304 -
180.156.239.18 - - [29/May/2024:09:35:41 +0800] "GET /xingrg/css/form.css HTTP/1.1" 304 -
180.156.239.18 - - [29/May/2024:09:35:41 +0800] "GET /xingrg/javascript/jquery-1.4.2.min.js HTTP/1.1" 304 -
180.156.239.18 - - [29/May/2024:09:35:41 +0800] "GET /xingrg/javascript/jquery_easy_ui/jquery.easyui.min.js HTTP/1.1" 304 -
180.156.239.18 - - [29/May/2024:09:35:41 +0800] "GET /xingrg/javascript/jquery_easy_ui/easyui-lang-zh_CN.js HTTP/1.1" 304 -
180.156.239.18 - - [29/May/2024:09:35:41 +0800] "GET /xingrg/javascript/jquery.form.js HTTP/1.1" 304 -
180.156.239.18 - - [29/May/2024:09:35:41 +0800] "GET /xingrg/javascript/jquery.utils.js HTTP/1.1" 304 -
180.156.239.18 - - [29/May/2024:09:35:41 +0800] "GET /xingrg/javascript/jquery.timers.js HTTP/1.1" 304 -
180.156.239.18 - - [29/May/2024:09:35:41 +0800] "GET /xingrg/images/blue/jxLogo.png HTTP/1.1" 304 -
180.156.239.18 - - [29/May/2024:09:35:41 +0800] "GET /xingrg/javascript/jquery_easy_ui/themes/icons/settle_new.png HTTP/1.1" 304 -
180.156.239.18 - - [29/May/2024:09:35:41 +0800] "GET /xingrg/images/blue/navBackgound.jpg HTTP/1.1" 304 -
180.156.239.18 - - [29/May/2024:09:35:41 +0800] "GET /xingrg/all/function/internal_message.html?_=1716946541563&CODE_STATE=count HTTP/1.1" 200 11
180.156.239.18 - - [29/May/2024:09:35:41 +0800] "GET /xingrg/check_reg.html?_=1716946541563 HTTP/1.1" 200 22
180.156.239.18 - - [29/May/2024:09:35:41 +0800] "GET /xingrg/javascript/jquery_easy_ui/themes/default/images/tabs_rightarrow.png HTTP/1.1" 304 -
180.156.239.18 - - [29/May/2024:09:35:41 +0800] "GET /xingrg/javascript/jquery_easy_ui/themes/default/images/tabs_leftarrow.png HTTP/1.1" 304 -
180.156.239.18 - - [29/May/2024:09:35:41 +0800] "POST /xingrg/all/common/load_tree.html?tree=area_rest_tree_json&manage=1 HTTP/1.1" 200 476
180.156.239.18 - - [29/May/2024:09:35:41 +0800] "POST /xingrg/load_menu.html HTTP/1.1" 200 5138
180.156.239.18 - - [29/May/2024:09:35:41 +0800] "GET /xingrg/javascript/jquery_easy_ui/themes/default/images/tree_arrows.gif HTTP/1.1" 304 -
180.156.239.18 - - [29/May/2024:09:35:41 +0800] "GET /xingrg/javascript/jquery_easy_ui/themes/default/images/tree_file.gif HTTP/1.1" 304 -
180.156.239.18 - - [29/May/2024:09:35:41 +0800] "GET /xingrg/javascript/jquery_easy_ui/themes/icons/storage_new.png HTTP/1.1" 304 -
180.156.239.18 - - [29/May/2024:09:35:41 +0800] "GET /xingrg/javascript/jquery_easy_ui/themes/icons/forms_new.png HTTP/1.1" 304 -
180.156.239.18 - - [29/May/2024:09:35:41 +0800] "GET /xingrg/javascript/jquery_easy_ui/themes/default/images/tree_folder.gif HTTP/1.1" 304 -
180.156.239.18 - - [29/May/2024:09:35:41 +0800] "GET /xingrg/javascript/jquery_easy_ui/themes/icons/search_new.png HTTP/1.1" 304 -
180.156.239.18 - - [29/May/2024:09:35:41 +0800] "GET /xingrg/javascript/jquery_easy_ui/themes/default/images/panel_tool_collapse.gif HTTP/1.1" 304 -
180.156.239.18 - - [29/May/2024:09:35:41 +0800] "GET /xingrg/images/blue/pingpu.png HTTP/1.1" 304 -
180.156.239.18 - - [29/May/2024:09:35:42 +0800] "GET /xingrg/javascript/jquery_easy_ui/themes/default/images/tree_folder_open.gif HTTP/1.1" 304 -
222.70.182.146 - - [29/May/2024:09:35:42 +0800] "GET /xingrg/all/function/internal_message.html?_=1716946538847&CODE_STATE=getMsg HTTP/1.1" 200 27
180.164.6.225 - - [29/May/2024:09:35:43 +0800] "GET /xingrg/kc/buy/cgsh_order_add.html HTTP/1.1" 200 74792
180.164.6.225 - - [29/May/2024:09:35:43 +0800] "POST /xingrg/kc/buy/cgsh_order_operate.html HTTP/1.1" 200 8245
180.164.6.225 - - [29/May/2024:09:35:43 +0800] "GET /xingrg/javascript/easyui/themes/default/validatebox.css HTTP/1.1" 404 1104
180.156.239.18 - - [29/May/2024:09:35:43 +0800] "GET /xingrg/kc/buy/cgsh_order_list.html HTTP/1.1" 200 58891
114.83.216.162 - - [29/May/2024:09:35:50 +0800] "POST /xingrg/kc/buy/cgsh_order_operate.html HTTP/1.1" 200 37
222.70.182.146 - - [29/May/2024:09:35:52 +0800] "GET /xingrg/kc/buy/cgsh_order_operate.html?command=get_materiel&rest_code=00111&code=00101008059&supplier_code=00100008&order_time=2024-05-29 HTTP/1.1" 200 408
114.83.216.162 - - [29/May/2024:09:35:53 +0800] "GET /xingrg/check_reg.html?_=1716946553316 HTTP/1.1" 200 22
114.83.216.162 - - [29/May/2024:09:35:53 +0800] "GET /xingrg/all/function/internal_message.html?_=1716946553318&CODE_STATE=getMsg HTTP/1.1" 200 27
180.164.6.225 - - [29/May/2024:09:35:55 +0800] "GET /xingrg/kc/buy/cgsh_order_operate.html?command=get_materiel&rest_code=00108&code=00101007076&supplier_code=00100002&order_time=2024-05-29 HTTP/1.1" 200 408
101.83.144.49 - - [29/May/2024:09:35:56 +0800] "GET /xingrg/all/function/internal_message.html?_=1716946298012&CODE_STATE=getMsg HTTP/1.1" 200 27
114.83.216.162 - - [29/May/2024:09:35:58 +0800] "POST /xingrg/kc/buy/cgsh_order_operate.html HTTP/1.1" 200 12
180.156.239.18 - - [29/May/2024:09:35:58 +0800] "POST /xingrg/kc/buy/cgsh_list_operate.html HTTP/1.1" 200 1382
221.239.170.140 - - [29/May/2024:09:35:59 +0800] "GET /xingrg/all/function/internal_message.html?_=1716946557924&CODE_STATE=getMsg HTTP/1.1" 200 27
114.83.216.162 - - [29/May/2024:09:36:01 +0800] "GET /xingrg/kc/buy/cgsh_order_info.html?code=212024052908597 HTTP/1.1" 200 69659
114.83.216.162 - - [29/May/2024:09:36:02 +0800] "GET /xingrg/javascript/easyui/themes/default/validatebox.css HTTP/1.1" 404 1104
114.83.216.162 - - [29/May/2024:09:36:03 +0800] "POST /xingrg/kc/buy/cgsh_order_operate.html HTTP/1.1" 200 1787
116.238.97.31 - - [29/May/2024:09:36:03 +0800] "GET /xingrg/kc/buy/cgsh_order_operate.html?command=get_materiel&rest_code=00102&code=00101004056&supplier_code=00100663&order_time=2024-05-29 HTTP/1.1" 200 419
114.83.216.162 - - [29/May/2024:09:36:05 +0800] "GET /xingrg/kc/print/load_data.html?order_code=212024052908597&kc_code=cgsh&condition= HTTP/1.1" 200 1169
180.164.6.225 - - [29/May/2024:09:36:09 +0800] "GET /xingrg/kc/buy/cgsh_order_operate.html?command=get_materiel&rest_code=00108&code=00101007071&supplier_code=00100002&order_time=2024-05-29 HTTP/1.1" 200 417
114.83.216.162 - - [29/May/2024:09:36:11 +0800] "GET /xingrg/kc/buy/cgsh_order_add.html HTTP/1.1" 200 74788
114.83.216.162 - - [29/May/2024:09:36:11 +0800] "POST /xingrg/kc/buy/cgsh_order_operate.html HTTP/1.1" 200 8245
114.83.216.162 - - [29/May/2024:09:36:11 +0800] "GET /xingrg/javascript/easyui/themes/default/validatebox.css HTTP/1.1" 404 1104
116.232.195.13 - - [29/May/2024:09:36:13 +0800] "GET /xingrg/kc/buy/cgsh_order_operate.html?command=get_materiel&rest_code=00155&code=00101008811&supplier_code=00100005&order_time=2024-05-29 HTTP/1.1" 200 398
116.238.97.31 - - [29/May/2024:09:36:17 +0800] "GET /xingrg/kc/buy/cgsh_order_operate.html?command=get_materiel&rest_code=00102&code=00101005037&supplier_code=00100663&order_time=2024-05-29 HTTP/1.1" 200 409
180.156.239.18 - - [29/May/2024:09:36:18 +0800] "POST /xingrg/kc/buy/cgsh_list_operate.html HTTP/1.1" 200 422
180.164.6.225 - - [29/May/2024:09:36:19 +0800] "GET /xingrg/kc/buy/cgsh_order_operate.html?command=get_materiel&rest_code=00108&code=00101007072&supplier_code=00100002&order_time=2024-05-29 HTTP/1.1" 200 419
180.156.239.18 - - [29/May/2024:09:36:19 +0800] "GET /xingrg/kc/buy/cgsh_order_info.html?code=212024052908588 HTTP/1.1" 200 74276
120.253.135.82 - - [29/May/2024:09:36:19 +0800] "GET /xingrg/all/function/internal_message.html?_=1716946432391&CODE_STATE=getMsg HTTP/1.1" 200 27
180.156.239.18 - - [29/May/2024:09:36:20 +0800] "GET /xingrg/javascript/easyui/themes/default/validatebox.css HTTP/1.1" 404 1104
