116.238.97.31 - - [29/May/2024:08:30:27 +0800] "GET /xingrg/all/function/internal_message.html?_=1716942627141&CODE_STATE=getMsg HTTP/1.1" 200 27
222.70.240.253 - - [29/May/2024:08:30:28 +0800] "GET /xingrg/all/function/internal_message.html?_=1716942638229&CODE_STATE=getMsg HTTP/1.1" 302 -
116.232.195.13 - - [29/May/2024:08:30:37 +0800] "GET /xingrg/all/function/internal_message.html?_=1716942583522&CODE_STATE=getMsg HTTP/1.1" 200 27
116.238.97.31 - - [29/May/2024:08:30:49 +0800] "GET /xingrg/kc/buy/cgsh_order_list.html HTTP/1.1" 200 58887
116.238.97.31 - - [29/May/2024:08:30:51 +0800] "POST /xingrg/kc/buy/cgsh_list_operate.html HTTP/1.1" 200 645
116.238.97.31 - - [29/May/2024:08:30:53 +0800] "GET /xingrg/kc/buy/cgsh_order_add.html HTTP/1.1" 200 74735
116.238.97.31 - - [29/May/2024:08:30:53 +0800] "POST /xingrg/kc/buy/cgsh_order_operate.html HTTP/1.1" 200 8245
116.238.97.31 - - [29/May/2024:08:30:53 +0800] "GET /xingrg/javascript/easyui/themes/default/validatebox.css HTTP/1.1" 404 1104
116.238.97.31 - - [29/May/2024:08:30:55 +0800] "GET /xingrg/javascript/auto/indicator.gif HTTP/1.1" 404 1066
101.83.144.49 - - [29/May/2024:08:30:56 +0800] "GET /xingrg/all/function/internal_message.html?_=1716942397916&CODE_STATE=getMsg HTTP/1.1" 200 27
221.239.170.140 - - [29/May/2024:08:31:00 +0800] "GET /xingrg/all/function/internal_message.html?_=1716942659069&CODE_STATE=getMsg HTTP/1.1" 200 27
180.164.6.225 - - [29/May/2024:08:31:12 +0800] "GET /xingrg/all/function/internal_message.html?_=1716942671883&CODE_STATE=getMsg HTTP/1.1" 200 27
116.238.97.31 - - [29/May/2024:08:31:21 +0800] "GET /xingrg/kc/buy/cgsh_order_operate.html?command=get_materiel&rest_code=00102&code=00101006074&supplier_code=00100096&order_time=2024-05-29 HTTP/1.1" 200 420
116.232.195.13 - - [29/May/2024:08:31:23 +0800] "GET /xingrg/all/function/internal_message.html?_=1716942629524&CODE_STATE=getMsg HTTP/1.1" 200 27
116.238.97.31 - - [29/May/2024:08:31:27 +0800] "GET /xingrg/all/function/internal_message.html?_=1716942687142&CODE_STATE=getMsg HTTP/1.1" 200 27
222.70.240.253 - - [29/May/2024:08:31:28 +0800] "GET /xingrg/all/function/internal_message.html?_=1716942698251&CODE_STATE=getMsg HTTP/1.1" 302 -
116.232.195.13 - - [29/May/2024:08:31:34 +0800] "GET /xingrg/check_reg.html?_=1716942640054 HTTP/1.1" 200 22
222.67.233.39 - - [29/May/2024:08:31:37 +0800] "GET /xingrg/check_reg.html?_=1716942697621 HTTP/1.1" 200 22
116.232.195.13 - - [29/May/2024:08:31:37 +0800] "GET /xingrg/check_reg.html?_=1716942643509 HTTP/1.1" 200 22
116.232.195.13 - - [29/May/2024:08:31:37 +0800] "GET /xingrg/all/function/internal_message.html?_=1716942643510&CODE_STATE=getMsg HTTP/1.1" 200 27
116.238.97.31 - - [29/May/2024:08:31:52 +0800] "GET /xingrg/kc/buy/cgsh_order_operate.html?command=get_materiel&rest_code=00102&code=00101006111&supplier_code=00100096&order_time=2024-05-29 HTTP/1.1" 200 409
120.253.135.82 - - [29/May/2024:08:31:54 +0800] "GET /xingrg/check_reg.html?_=1716942567101 HTTP/1.1" 200 22
101.83.144.49 - - [29/May/2024:08:31:56 +0800] "GET /xingrg/all/function/internal_message.html?_=1716942457917&CODE_STATE=getMsg HTTP/1.1" 200 27
221.239.170.140 - - [29/May/2024:08:32:00 +0800] "GET /xingrg/all/function/internal_message.html?_=1716942719059&CODE_STATE=getMsg HTTP/1.1" 200 27
116.238.97.31 - - [29/May/2024:08:32:02 +0800] "GET /xingrg/kc/buy/cgsh_order_operate.html?command=get_materiel&rest_code=00102&code=00101007022&supplier_code=00100096&order_time=2024-05-29 HTTP/1.1" 200 415
180.164.6.225 - - [29/May/2024:08:32:12 +0800] "GET /xingrg/all/function/internal_message.html?_=1716942731869&CODE_STATE=getMsg HTTP/1.1" 200 27
222.70.240.253 - - [29/May/2024:08:32:13 +0800] "GET /xingrg/check_reg.html?_=1716942742438 HTTP/1.1" 302 -
116.238.97.31 - - [29/May/2024:08:32:16 +0800] "POST /xingrg/kc/buy/cgsh_order_operate.html HTTP/1.1" 200 37
116.232.195.13 - - [29/May/2024:08:32:23 +0800] "GET /xingrg/all/function/internal_message.html?_=1716942689514&CODE_STATE=getMsg HTTP/1.1" 200 27
180.164.6.225 - - [29/May/2024:08:32:25 +0800] "GET /xingrg/check_reg.html?_=1716942745571 HTTP/1.1" 200 22
116.238.97.31 - - [29/May/2024:08:32:26 +0800] "POST /xingrg/kc/buy/cgsh_order_operate.html HTTP/1.1" 200 12
222.70.240.253 - - [29/May/2024:08:32:28 +0800] "GET /xingrg/all/function/internal_message.html?_=1716942758257&CODE_STATE=getMsg HTTP/1.1" 302 -
116.238.97.31 - - [29/May/2024:08:32:36 +0800] "GET /xingrg/kc/buy/cgsh_order_info.html?code=212024052908569 HTTP/1.1" 200 69594
116.238.97.31 - - [29/May/2024:08:32:36 +0800] "GET /xingrg/javascript/easyui/themes/default/validatebox.css HTTP/1.1" 404 1104
116.238.97.31 - - [29/May/2024:08:32:37 +0800] "POST /xingrg/kc/buy/cgsh_order_operate.html HTTP/1.1" 200 1797
116.232.195.13 - - [29/May/2024:08:32:37 +0800] "GET /xingrg/all/function/internal_message.html?_=1716942703523&CODE_STATE=getMsg HTTP/1.1" 200 27
116.238.97.31 - - [29/May/2024:08:32:50 +0800] "GET /xingrg/kc/print/load_config.html?kc_code=cgsh HTTP/1.1" 200 1927
116.238.97.31 - - [29/May/2024:08:32:50 +0800] "GET /xingrg/kc/print/load_data.html?order_code=212024052908569&kc_code=cgsh&condition= HTTP/1.1" 200 1120
116.238.97.31 - - [29/May/2024:08:32:55 +0800] "GET /xingrg/kc/buy/cgsh_order_add.html HTTP/1.1" 200 74735
116.238.97.31 - - [29/May/2024:08:32:56 +0800] "POST /xingrg/kc/buy/cgsh_order_operate.html HTTP/1.1" 200 8245
101.83.144.49 - - [29/May/2024:08:32:56 +0800] "GET /xingrg/all/function/internal_message.html?_=1716942517917&CODE_STATE=getMsg HTTP/1.1" 200 27
116.238.97.31 - - [29/May/2024:08:32:56 +0800] "GET /xingrg/javascript/easyui/themes/default/validatebox.css HTTP/1.1" 404 1104
221.239.170.140 - - [29/May/2024:08:33:00 +0800] "GET /xingrg/all/function/internal_message.html?_=1716942779034&CODE_STATE=getMsg HTTP/1.1" 200 27
180.169.147.146 - - [29/May/2024:08:33:11 +0800] "GET /xingrg/check_reg.html?_=1716942790304 HTTP/1.1" 302 -
180.164.6.225 - - [29/May/2024:08:33:12 +0800] "GET /xingrg/all/function/internal_message.html?_=1716942791850&CODE_STATE=getMsg HTTP/1.1" 200 27
221.239.170.140 - - [29/May/2024:08:33:16 +0800] "GET /xingrg/check_reg.html?_=1716942794627 HTTP/1.1" 200 22
116.232.195.13 - - [29/May/2024:08:33:23 +0800] "GET /xingrg/all/function/internal_message.html?_=1716942749510&CODE_STATE=getMsg HTTP/1.1" 200 27
116.238.97.31 - - [29/May/2024:08:33:27 +0800] "GET /xingrg/all/function/internal_message.html?_=1716942807147&CODE_STATE=getMsg HTTP/1.1" 200 27
116.238.97.31 - - [29/May/2024:08:33:27 +0800] "GET /xingrg/kc/buy/cgsh_order_operate.html?command=get_materiel&rest_code=00102&code=00101011005&supplier_code=00100047&order_time=2024-05-29 HTTP/1.1" 200 429
222.70.240.253 - - [29/May/2024:08:33:28 +0800] "GET /xingrg/all/function/internal_message.html?_=1716942818279&CODE_STATE=getMsg HTTP/1.1" 302 -
116.238.97.31 - - [29/May/2024:08:33:37 +0800] "GET /xingrg/kc/buy/cgsh_order_operate.html?command=get_materiel&rest_code=00102&code=00101011003&supplier_code=00100047&order_time=2024-05-29 HTTP/1.1" 200 413
116.232.195.13 - - [29/May/2024:08:33:37 +0800] "GET /xingrg/all/function/internal_message.html?_=1716942763521&CODE_STATE=getMsg HTTP/1.1" 200 27
116.238.97.31 - - [29/May/2024:08:33:48 +0800] "GET /xingrg/kc/buy/cgsh_order_operate.html?command=get_materiel&rest_code=00102&code=00101011010&supplier_code=00100047&order_time=2024-05-29 HTTP/1.1" 200 418
101.83.144.49 - - [29/May/2024:08:33:56 +0800] "GET /xingrg/check_reg.html?_=1716942577917 HTTP/1.1" 200 22
101.83.144.49 - - [29/May/2024:08:33:56 +0800] "GET /xingrg/all/function/internal_message.html?_=1716942577920&CODE_STATE=getMsg HTTP/1.1" 200 27
120.253.135.82 - - [29/May/2024:08:34:00 +0800] "GET /xingrg/kc/pszx/mdqp_order_list.html?state=10 HTTP/1.1" 200 10897
120.253.135.82 - - [29/May/2024:08:34:00 +0800] "GET /xingrg/dwr/interface/AjaxQqpsService.js HTTP/1.1" 200 16326
120.253.135.82 - - [29/May/2024:08:34:00 +0800] "GET /xingrg/dwr/interface/AjaxReportQueryService.js HTTP/1.1" 200 13203
120.253.135.82 - - [29/May/2024:08:34:00 +0800] "GET /xingrg/dwr/engine.js HTTP/1.1" 200 43631
221.239.170.140 - - [29/May/2024:08:34:00 +0800] "GET /xingrg/all/function/internal_message.html?_=1716942839018&CODE_STATE=getMsg HTTP/1.1" 200 27
116.238.97.31 - - [29/May/2024:08:34:00 +0800] "POST /xingrg/kc/buy/cgsh_order_operate.html HTTP/1.1" 200 37
120.253.135.82 - - [29/May/2024:08:34:04 +0800] "GET /xingrg/kc/pszx/mdps_order_list.html?orderType=0 HTTP/1.1" 200 21313
120.253.135.82 - - [29/May/2024:08:34:04 +0800] "POST /xingrg/kc/pszx/mdps_list_operate.html HTTP/1.1" 200 3546
116.238.97.31 - - [29/May/2024:08:34:10 +0800] "POST /xingrg/kc/buy/cgsh_order_operate.html HTTP/1.1" 200 12
120.253.135.82 - - [29/May/2024:08:34:10 +0800] "POST /xingrg/kc/pszx/mdps_list_operate.html HTTP/1.1" 200 1688
120.253.135.82 - - [29/May/2024:08:34:11 +0800] "POST /xingrg/kc/pszx/mdps_list_operate.html HTTP/1.1" 200 198
180.164.6.225 - - [29/May/2024:08:34:12 +0800] "GET /xingrg/all/function/internal_message.html?_=1716942851843&CODE_STATE=getMsg HTTP/1.1" 200 27
120.253.135.82 - - [29/May/2024:08:34:13 +0800] "GET /xingrg/kc/pszx/mdps_order_info.html?code=312024052900569 HTTP/1.1" 200 23978
116.238.97.31 - - [29/May/2024:08:34:13 +0800] "GET /xingrg/kc/buy/cgsh_order_info.html?code=212024052908570 HTTP/1.1" 200 69604
116.238.97.31 - - [29/May/2024:08:34:13 +0800] "GET /xingrg/javascript/easyui/themes/default/validatebox.css HTTP/1.1" 404 1104
120.253.135.82 - - [29/May/2024:08:34:14 +0800] "GET /xingrg/javascript/easyui/themes/default/validatebox.css HTTP/1.1" 404 1104
120.253.135.82 - - [29/May/2024:08:34:14 +0800] "POST /xingrg/kc/pszx/mdps_order_operate.html HTTP/1.1" 200 2273
116.238.97.31 - - [29/May/2024:08:34:14 +0800] "POST /xingrg/kc/buy/cgsh_order_operate.html HTTP/1.1" 200 1804
120.253.135.82 - - [29/May/2024:08:34:18 +0800] "POST /xingrg/kc/pszx/mdps_order_operate.html HTTP/1.1" 200 37
120.253.135.82 - - [29/May/2024:08:34:22 +0800] "POST /xingrg/kc/pszx/mdps_order_operate.html HTTP/1.1" 200 12
116.232.195.13 - - [29/May/2024:08:34:23 +0800] "GET /xingrg/all/function/internal_message.html?_=1716942809492&CODE_STATE=getMsg HTTP/1.1" 200 27
116.238.97.31 - - [29/May/2024:08:34:26 +0800] "GET /xingrg/kc/print/load_data.html?order_code=212024052908570&kc_code=cgsh&condition= HTTP/1.1" 200 1199
116.238.97.31 - - [29/May/2024:08:34:27 +0800] "GET /xingrg/check_reg.html?_=1716942867143 HTTP/1.1" 200 22
116.238.97.31 - - [29/May/2024:08:34:27 +0800] "GET /xingrg/all/function/internal_message.html?_=1716942867146&CODE_STATE=getMsg HTTP/1.1" 200 27
222.70.240.253 - - [29/May/2024:08:34:28 +0800] "GET /xingrg/all/function/internal_message.html?_=1716942878283&CODE_STATE=getMsg HTTP/1.1" 302 -
116.238.97.31 - - [29/May/2024:08:34:31 +0800] "GET /xingrg/kc/buy/cgsh_order_add.html HTTP/1.1" 200 74735
116.238.97.31 - - [29/May/2024:08:34:32 +0800] "POST /xingrg/kc/buy/cgsh_order_operate.html HTTP/1.1" 200 8245
116.238.97.31 - - [29/May/2024:08:34:32 +0800] "GET /xingrg/javascript/easyui/themes/default/validatebox.css HTTP/1.1" 404 1104
116.232.195.13 - - [29/May/2024:08:34:37 +0800] "GET /xingrg/all/function/internal_message.html?_=1716942823516&CODE_STATE=getMsg HTTP/1.1" 200 27
101.83.144.49 - - [29/May/2024:08:34:56 +0800] "GET /xingrg/all/function/internal_message.html?_=1716942637905&CODE_STATE=getMsg HTTP/1.1" 200 27
221.239.170.140 - - [29/May/2024:08:35:00 +0800] "GET /xingrg/all/function/internal_message.html?_=1716942899008&CODE_STATE=getMsg HTTP/1.1" 200 27
180.164.6.225 - - [29/May/2024:08:35:12 +0800] "GET /xingrg/all/function/internal_message.html?_=1716942911817&CODE_STATE=getMsg HTTP/1.1" 200 27
180.156.239.18 - - [29/May/2024:08:35:20 +0800] "GET /xingrg/index.html?sysBaseUrl=http%3A%2F%2F180.169.147.146%3A18081%2Fxingrg%2F&costTime=14×tamp=1698040851670 HTTP/1.1" 302 -
180.156.239.18 - - [29/May/2024:08:35:20 +0800] "GET /xingrg/login.html HTTP/1.1" 200 7641
180.156.239.18 - - [29/May/2024:08:35:20 +0800] "GET /favicon.ico HTTP/1.1" 404 -
116.232.195.13 - - [29/May/2024:08:35:23 +0800] "GET /xingrg/all/function/internal_message.html?_=1716942869480&CODE_STATE=getMsg HTTP/1.1" 200 27
116.238.97.31 - - [29/May/2024:08:35:27 +0800] "GET /xingrg/all/function/internal_message.html?_=1716942927133&CODE_STATE=getMsg HTTP/1.1" 200 27
120.253.135.82 - - [29/May/2024:08:35:27 +0800] "GET /xingrg/kc/pszx/mdps_order_info.html?code=312024052900569 HTTP/1.1" 200 19638
120.253.135.82 - - [29/May/2024:08:35:28 +0800] "GET /xingrg/javascript/easyui/themes/default/validatebox.css HTTP/1.1" 404 1104
120.253.135.82 - - [29/May/2024:08:35:28 +0800] "POST /xingrg/kc/pszx/mdps_order_operate.html HTTP/1.1" 200 494
222.70.240.253 - - [29/May/2024:08:35:28 +0800] "GET /xingrg/all/function/internal_message.html?_=1716942938305&CODE_STATE=getMsg HTTP/1.1" 302 -
120.253.135.82 - - [29/May/2024:08:35:34 +0800] "GET /xingrg/kc/pszx/mdps_order_info.html?code=312024052900569 HTTP/1.1" 200 19638
120.253.135.82 - - [29/May/2024:08:35:35 +0800] "GET /xingrg/javascript/easyui/themes/default/validatebox.css HTTP/1.1" 404 1104
120.253.135.82 - - [29/May/2024:08:35:35 +0800] "POST /xingrg/kc/pszx/mdps_order_operate.html HTTP/1.1" 200 494
120.253.135.82 - - [29/May/2024:08:35:37 +0800] "POST /xingrg/kc/pszx/mdps_list_operate.html HTTP/1.1" 200 868
116.232.195.13 - - [29/May/2024:08:35:37 +0800] "GET /xingrg/all/function/internal_message.html?_=1716942883515&CODE_STATE=getMsg HTTP/1.1" 200 27
180.156.239.18 - - [29/May/2024:08:35:39 +0800] "POST /xingrg/login.do HTTP/1.1" 302 -
180.156.239.18 - - [29/May/2024:08:35:39 +0800] "GET /xingrg/index.html?sysBaseUrl=http%3A%2F%2F180.169.147.146%3A18081%2Fxingrg%2F&costTime=865×tamp=1716942939857 HTTP/1.1" 200 17177
180.156.239.18 - - [29/May/2024:08:35:40 +0800] "GET /favicon.ico HTTP/1.1" 404 -
180.156.239.18 - - [29/May/2024:08:35:40 +0800] "POST /xingrg/all/common/load_tree.html?tree=area_rest_tree_json&manage=1 HTTP/1.1" 200 476
180.156.239.18 - - [29/May/2024:08:35:40 +0800] "GET /xingrg/all/function/internal_message.html?_=1716942940665&CODE_STATE=count HTTP/1.1" 200 11
180.156.239.18 - - [29/May/2024:08:35:40 +0800] "GET /xingrg/check_reg.html?_=1716942940667 HTTP/1.1" 200 22
180.156.239.18 - - [29/May/2024:08:35:40 +0800] "POST /xingrg/load_menu.html HTTP/1.1" 200 5138
180.156.239.18 - - [29/May/2024:08:35:42 +0800] "GET /xingrg/javascript/jquery_easy_ui/themes/icons/area.png HTTP/1.1" 200 262
180.156.239.18 - - [29/May/2024:08:35:42 +0800] "GET /xingrg/javascript/jquery_easy_ui/themes/icons/rest.png HTTP/1.1" 200 695
180.156.239.18 - - [29/May/2024:08:35:42 +0800] "GET /xingrg/javascript/jquery_easy_ui/themes/default/images/button_a_bg.gif HTTP/1.1" 200 1194
180.156.239.18 - - [29/May/2024:08:35:42 +0800] "GET /xingrg/javascript/jquery_easy_ui/themes/default/images/button_span_bg.gif HTTP/1.1" 200 2061
180.156.239.18 - - [29/May/2024:08:35:42 +0800] "GET /xingrg/javascript/jquery_easy_ui/themes/icons/ok.png HTTP/1.1" 200 883
180.156.239.18 - - [29/May/2024:08:35:42 +0800] "GET /xingrg/javascript/jquery_easy_ui/themes/default/images/panel_title.png HTTP/1.1" 200 266
180.156.239.18 - - [29/May/2024:08:35:43 +0800] "GET /xingrg/javascript/jquery_easy_ui/themes/default/images/panel_tools.gif HTTP/1.1" 200 737
180.156.239.18 - - [29/May/2024:08:35:44 +0800] "POST /xingrg/all/user/operate.html HTTP/1.1" 200 36
180.156.239.18 - - [29/May/2024:08:35:44 +0800] "GET /xingrg/index.html?sysBaseUrl=http%3A%2F%2F180.169.147.146%3A18081%2Fxingrg%2F&costTime=865×tamp=1716942939857 HTTP/1.1" 200 17179
180.156.239.18 - - [29/May/2024:08:35:45 +0800] "GET /xingrg/javascript/jquery_easy_ui/themes/default/easyui.css HTTP/1.1" 304 -
180.156.239.18 - - [29/May/2024:08:35:45 +0800] "GET /xingrg/javascript/jquery_easy_ui/themes/icon.css HTTP/1.1" 304 -
180.156.239.18 - - [29/May/2024:08:35:45 +0800] "GET /xingrg/css/form.css HTTP/1.1" 304 -
180.156.239.18 - - [29/May/2024:08:35:45 +0800] "GET /xingrg/javascript/jquery-1.4.2.min.js HTTP/1.1" 304 -
180.156.239.18 - - [29/May/2024:08:35:45 +0800] "GET /xingrg/javascript/jquery_easy_ui/jquery.easyui.min.js HTTP/1.1" 304 -
180.156.239.18 - - [29/May/2024:08:35:45 +0800] "GET /xingrg/javascript/jquery_easy_ui/easyui-lang-zh_CN.js HTTP/1.1" 304 -
180.156.239.18 - - [29/May/2024:08:35:45 +0800] "GET /xingrg/javascript/jquery.form.js HTTP/1.1" 304 -
180.156.239.18 - - [29/May/2024:08:35:45 +0800] "GET /xingrg/javascript/jquery.utils.js HTTP/1.1" 304 -
180.156.239.18 - - [29/May/2024:08:35:45 +0800] "GET /xingrg/javascript/jquery.timers.js HTTP/1.1" 304 -
180.156.239.18 - - [29/May/2024:08:35:45 +0800] "GET /xingrg/images/blue/jxLogo.png HTTP/1.1" 304 -
180.156.239.18 - - [29/May/2024:08:35:45 +0800] "GET /xingrg/images/blue/navBackgound.jpg HTTP/1.1" 304 -
180.156.239.18 - - [29/May/2024:08:35:45 +0800] "GET /xingrg/javascript/jquery_easy_ui/themes/icons/settle_new.png HTTP/1.1" 304 -
180.156.239.18 - - [29/May/2024:08:35:45 +0800] "GET /xingrg/all/function/internal_message.html?_=1716942945266&CODE_STATE=count HTTP/1.1" 200 11
180.156.239.18 - - [29/May/2024:08:35:45 +0800] "GET /xingrg/check_reg.html?_=1716942945267 HTTP/1.1" 200 22
180.156.239.18 - - [29/May/2024:08:35:45 +0800] "GET /xingrg/images/blue/pingpu.png HTTP/1.1" 304 -
180.156.239.18 - - [29/May/2024:08:35:45 +0800] "GET /xingrg/javascript/jquery_easy_ui/themes/default/images/tabs_leftarrow.png HTTP/1.1" 304 -
180.156.239.18 - - [29/May/2024:08:35:45 +0800] "GET /xingrg/javascript/jquery_easy_ui/themes/default/images/panel_tool_collapse.gif HTTP/1.1" 304 -
180.156.239.18 - - [29/May/2024:08:35:45 +0800] "GET /xingrg/javascript/jquery_easy_ui/themes/default/images/tabs_rightarrow.png HTTP/1.1" 304 -
180.156.239.18 - - [29/May/2024:08:35:45 +0800] "POST /xingrg/all/common/load_tree.html?tree=area_rest_tree_json&manage=1 HTTP/1.1" 200 476
180.156.239.18 - - [29/May/2024:08:35:45 +0800] "POST /xingrg/load_menu.html HTTP/1.1" 200 5138
120.253.135.82 - - [29/May/2024:08:35:45 +0800] "POST /xingrg/kc/pszx/mdps_list_operate.html HTTP/1.1" 200 1690
120.253.135.82 - - [29/May/2024:08:35:47 +0800] "POST /xingrg/kc/pszx/mdps_list_operate.html HTTP/1.1" 200 290
180.156.239.18 - - [29/May/2024:08:35:47 +0800] "GET /xingrg/kc/buy/cgsh_order_list.html HTTP/1.1" 200 58893
180.156.239.18 - - [29/May/2024:08:35:48 +0800] "GET /xingrg/javascript/print/LodopFuncs.js HTTP/1.1" 200 5121
180.156.239.18 - - [29/May/2024:08:35:48 +0800] "GET /xingrg/javascript/easyui/themes/icons/import_new.png HTTP/1.1" 200 1247
180.156.239.18 - - [29/May/2024:08:35:48 +0800] "GET /xingrg/javascript/easyui/themes/icons/cance_new.png HTTP/1.1" 200 3986
180.156.239.18 - - [29/May/2024:08:35:48 +0800] "GET /xingrg/javascript/easyui/themes/icons/check_new.png HTTP/1.1" 200 3224
180.156.239.18 - - [29/May/2024:08:35:48 +0800] "GET /xingrg/javascript/easyui/themes/icons/edit_add_new.png HTTP/1.1" 200 2997
120.253.135.82 - - [29/May/2024:08:35:48 +0800] "GET /xingrg/kc/pszx/mdps_order_info.html?code=312024052900571 HTTP/1.1" 200 23978
120.253.135.82 - - [29/May/2024:08:35:48 +0800] "GET /xingrg/javascript/easyui/themes/default/validatebox.css HTTP/1.1" 404 1104
120.253.135.82 - - [29/May/2024:08:35:49 +0800] "POST /xingrg/kc/pszx/mdps_order_operate.html HTTP/1.1" 200 2788
180.156.239.18 - - [29/May/2024:08:35:50 +0800] "POST /xingrg/kc/buy/cgsh_list_operate.html HTTP/1.1" 200 645
120.253.135.82 - - [29/May/2024:08:35:53 +0800] "POST /xingrg/kc/pszx/mdps_order_operate.html HTTP/1.1" 200 37
180.156.239.18 - - [29/May/2024:08:35:55 +0800] "GET /xingrg/javascript/easyui/themes/default/images/button_plain_hover.png HTTP/1.1" 200 144
101.83.144.49 - - [29/May/2024:08:35:56 +0800] "GET /xingrg/all/function/internal_message.html?_=1716942697905&CODE_STATE=getMsg HTTP/1.1" 200 27
180.156.239.18 - - [29/May/2024:08:35:57 +0800] "GET /xingrg/kc/buy/cgsh_order_add.html HTTP/1.1" 200 74744
180.156.239.18 - - [29/May/2024:08:35:57 +0800] "GET /xingrg/javascript/pic_change.js HTTP/1.1" 200 4739
180.156.239.18 - - [29/May/2024:08:35:57 +0800] "GET /xingrg/javascript/jquery_tools/order_manager.js HTTP/1.1" 200 11183
180.156.239.18 - - [29/May/2024:08:35:57 +0800] "GET /xingrg/javascript/json2.js HTTP/1.1" 200 11259
180.156.239.18 - - [29/May/2024:08:35:57 +0800] "GET /xingrg/javascript/convert.js HTTP/1.1" 200 1239
180.156.239.18 - - [29/May/2024:08:35:57 +0800] "GET /xingrg/javascript/print/kc_print.js HTTP/1.1" 200 11415
180.156.239.18 - - [29/May/2024:08:35:57 +0800] "GET /xingrg/words/20240528134831_words.js HTTP/1.1" 200 1028864
180.156.239.18 - - [29/May/2024:08:35:57 +0800] "GET /xingrg/javascript/easyui/themes/icons/copy_new.png HTTP/1.1" 200 815
180.156.239.18 - - [29/May/2024:08:35:57 +0800] "GET /xingrg/javascript/easyui/themes/icons/template_new.png HTTP/1.1" 200 3956
180.156.239.18 - - [29/May/2024:08:35:57 +0800] "GET /xingrg/javascript/easyui/themes/icons/ok.png HTTP/1.1" 200 883
180.156.239.18 - - [29/May/2024:08:35:57 +0800] "GET /xingrg/javascript/easyui/themes/icons/print.png HTTP/1.1" 200 1057
180.156.239.18 - - [29/May/2024:08:35:57 +0800] "GET /xingrg/javascript/easyui/themes/default/images/menu_downarrow.png HTTP/1.1" 200 173
180.156.239.18 - - [29/May/2024:08:35:57 +0800] "GET /xingrg/javascript/easyui/themes/icons/cancel.png HTTP/1.1" 200 1133
120.253.135.82 - - [29/May/2024:08:35:57 +0800] "POST /xingrg/kc/pszx/mdps_order_operate.html HTTP/1.1" 200 12
180.156.239.18 - - [29/May/2024:08:35:57 +0800] "POST /xingrg/kc/buy/cgsh_order_operate.html HTTP/1.1" 200 8245
180.156.239.18 - - [29/May/2024:08:35:57 +0800] "GET /xingrg/javascript/easyui/themes/default/validatebox.css HTTP/1.1" 404 1104
180.156.239.18 - - [29/May/2024:08:35:57 +0800] "GET /xingrg/javascript/easyui/plugins/jquery.validatebox.js HTTP/1.1" 200 6103
180.156.239.18 - - [29/May/2024:08:35:57 +0800] "GET /xingrg/all/common/auto_word.html?type=employee&rest_code=00150 HTTP/1.1" 200 159
180.156.239.18 - - [29/May/2024:08:35:57 +0800] "GET /xingrg/all/common/auto_word.html?type=employee&rest_code=00150 HTTP/1.1" 200 159
180.156.239.18 - - [29/May/2024:08:35:57 +0800] "GET /xingrg/javascript/easyui/plugins/jquery.numberbox.js HTTP/1.1" 200 5213
180.156.239.18 - - [29/May/2024:08:35:57 +0800] "GET /xingrg/javascript/easyui/themes/icons/edit_remove.png HTTP/1.1" 200 625
120.253.135.82 - - [29/May/2024:08:35:58 +0800] "GET /xingrg/kc/pszx/mdps_order_info.html?code=312024052900571 HTTP/1.1" 200 19638
120.253.135.82 - - [29/May/2024:08:35:59 +0800] "GET /xingrg/javascript/easyui/themes/default/validatebox.css HTTP/1.1" 404 1104
120.253.135.82 - - [29/May/2024:08:35:59 +0800] "POST /xingrg/kc/pszx/mdps_order_operate.html HTTP/1.1" 200 1005
221.239.170.140 - - [29/May/2024:08:36:00 +0800] "GET /xingrg/all/function/internal_message.html?_=1716942958995&CODE_STATE=getMsg HTTP/1.1" 200 27
120.253.135.82 - - [29/May/2024:08:36:00 +0800] "POST /xingrg/kc/pszx/mdps_list_operate.html HTTP/1.1" 200 868
180.156.239.18 - - [29/May/2024:08:36:02 +0800] "GET /xingrg/javascript/auto/indicator.gif HTTP/1.1" 404 1066
120.253.135.82 - - [29/May/2024:08:36:11 +0800] "POST /xingrg/kc/pszx/mdps_list_operate.html HTTP/1.1" 200 1692
180.164.6.225 - - [29/May/2024:08:36:12 +0800] "GET /xingrg/all/function/internal_message.html?_=1716942971797&CODE_STATE=getMsg HTTP/1.1" 200 27
120.253.135.82 - - [29/May/2024:08:36:12 +0800] "POST /xingrg/kc/pszx/mdps_list_operate.html HTTP/1.1" 200 646
120.253.135.82 - - [29/May/2024:08:36:13 +0800] "GET /xingrg/kc/pszx/mdps_order_info.html?code=312024052900572 HTTP/1.1" 200 23978
120.253.135.82 - - [29/May/2024:08:36:14 +0800] "GET /xingrg/javascript/easyui/themes/default/validatebox.css HTTP/1.1" 404 1104
180.156.239.18 - - [29/May/2024:08:36:14 +0800] "GET /xingrg/kc/buy/cgsh_order_operate.html?command=get_materiel&rest_code=00150&code=00101007061&supplier_code=00100096&order_time=2024-05-29 HTTP/1.1" 200 411
120.253.135.82 - - [29/May/2024:08:36:14 +0800] "POST /xingrg/kc/pszx/mdps_order_operate.html HTTP/1.1" 200 4858
120.253.135.82 - - [29/May/2024:08:36:22 +0800] "POST /xingrg/kc/pszx/mdps_order_operate.html HTTP/1.1" 200 37
116.232.195.13 - - [29/May/2024:08:36:23 +0800] "GET /xingrg/all/function/internal_message.html?_=1716942929478&CODE_STATE=getMsg HTTP/1.1" 200 27
116.238.97.31 - - [29/May/2024:08:36:27 +0800] "GET /xingrg/all/function/internal_message.html?_=1716942987121&CODE_STATE=getMsg HTTP/1.1" 200 27
120.253.135.82 - - [29/May/2024:08:36:27 +0800] "POST /xingrg/kc/pszx/mdps_order_operate.html HTTP/1.1" 200 12
222.70.240.253 - - [29/May/2024:08:36:28 +0800] "GET /xingrg/all/function/internal_message.html?_=1716942998310&CODE_STATE=getMsg HTTP/1.1" 302 -
120.253.135.82 - - [29/May/2024:08:36:33 +0800] "GET /xingrg/kc/pszx/mdps_order_info.html?code=312024052900572 HTTP/1.1" 200 19638
120.253.135.82 - - [29/May/2024:08:36:33 +0800] "GET /xingrg/javascript/easyui/themes/default/validatebox.css HTTP/1.1" 404 1104
180.156.239.18 - - [29/May/2024:08:36:34 +0800] "GET /xingrg/kc/buy/cgsh_order_operate.html?command=get_materiel&rest_code=00150&code=00101007181&supplier_code=00100096&order_time=2024-05-29 HTTP/1.1" 200 412
120.253.135.82 - - [29/May/2024:08:36:34 +0800] "POST /xingrg/kc/pszx/mdps_order_operate.html HTTP/1.1" 200 3058
116.232.195.13 - - [29/May/2024:08:36:34 +0800] "GET /xingrg/check_reg.html?_=1716942940031 HTTP/1.1" 200 22
120.253.135.82 - - [29/May/2024:08:36:35 +0800] "POST /xingrg/kc/pszx/mdps_list_operate.html HTTP/1.1" 200 868
222.67.233.39 - - [29/May/2024:08:36:37 +0800] "GET /xingrg/check_reg.html?_=1716942997602 HTTP/1.1" 200 22
116.232.195.13 - - [29/May/2024:08:36:37 +0800] "GET /xingrg/check_reg.html?_=1716942943531 HTTP/1.1" 200 22
116.232.195.13 - - [29/May/2024:08:36:37 +0800] "GET /xingrg/all/function/internal_message.html?_=1716942943534&CODE_STATE=getMsg HTTP/1.1" 200 27
180.156.239.18 - - [29/May/2024:08:36:45 +0800] "GET /xingrg/all/function/internal_message.html?_=1716943005279&CODE_STATE=getMsg HTTP/1.1" 200 27
180.156.239.18 - - [29/May/2024:08:36:48 +0800] "GET /xingrg/kc/buy/cgsh_order_operate.html?command=get_materiel&rest_code=00150&code=00101007081&supplier_code=00100096&order_time=2024-05-29 HTTP/1.1" 200 415
120.253.135.82 - - [29/May/2024:08:36:54 +0800] "GET /xingrg/check_reg.html?_=1716942867190 HTTP/1.1" 200 22
101.83.144.49 - - [29/May/2024:08:36:56 +0800] "GET /xingrg/all/function/internal_message.html?_=1716942757905&CODE_STATE=getMsg HTTP/1.1" 200 27
221.239.170.140 - - [29/May/2024:08:37:00 +0800] "GET /xingrg/all/function/internal_message.html?_=1716943018967&CODE_STATE=getMsg HTTP/1.1" 200 27
120.253.135.82 - - [29/May/2024:08:37:03 +0800] "GET /xingrg/kc/report/report_main.html HTTP/1.1" 200 8599
120.253.135.82 - - [29/May/2024:08:37:04 +0800] "POST /xingrg/kc/pszx/mdps_list_operate.html HTTP/1.1" 200 868
120.253.135.82 - - [29/May/2024:08:37:05 +0800] "GET /xingrg/kc/base/kc_stocks.html HTTP/1.1" 200 16712
120.253.135.82 - - [29/May/2024:08:37:05 +0800] "GET /xingrg/javascript/easyui/themes/default/tree.css HTTP/1.1" 404 1090
120.253.135.82 - - [29/May/2024:08:37:05 +0800] "POST /xingrg/all/common/load_tree.html?tree=materiel_sort_tree_json HTTP/1.1" 200 9734
120.253.135.82 - - [29/May/2024:08:37:06 +0800] "POST /xingrg/all/common/load_combo.html?type=base HTTP/1.1" 200 1169
180.156.239.18 - - [29/May/2024:08:37:10 +0800] "GET /xingrg/kc/buy/cgsh_order_operate.html?command=get_materiel&rest_code=00150&code=00101006129&supplier_code=00100096&order_time=2024-05-29 HTTP/1.1" 200 441
180.164.6.225 - - [29/May/2024:08:37:12 +0800] "GET /xingrg/all/function/internal_message.html?_=1716943031773&CODE_STATE=getMsg HTTP/1.1" 200 27
222.70.240.253 - - [29/May/2024:08:37:13 +0800] "GET /xingrg/check_reg.html?_=1716943042454 HTTP/1.1" 302 -
120.253.135.82 - - [29/May/2024:08:37:17 +0800] "POST /xingrg/kc/base/stock_operate.html HTTP/1.1" 200 2761
116.232.195.13 - - [29/May/2024:08:37:23 +0800] "GET /xingrg/all/function/internal_message.html?_=1716942989460&CODE_STATE=getMsg HTTP/1.1" 200 27
180.156.239.18 - - [29/May/2024:08:37:23 +0800] "GET /xingrg/kc/buy/cgsh_order_operate.html?command=get_materiel&rest_code=00150&code=00101006062&supplier_code=00100096&order_time=2024-05-29 HTTP/1.1" 200 411
180.164.6.225 - - [29/May/2024:08:37:25 +0800] "GET /xingrg/check_reg.html?_=1716943045558 HTTP/1.1" 200 22
116.238.97.31 - - [29/May/2024:08:37:27 +0800] "GET /xingrg/all/function/internal_message.html?_=1716943047090&CODE_STATE=getMsg HTTP/1.1" 200 27
222.70.240.253 - - [29/May/2024:08:37:28 +0800] "GET /xingrg/all/function/internal_message.html?_=1716943058330&CODE_STATE=getMsg HTTP/1.1" 302 -
116.232.195.13 - - [29/May/2024:08:37:37 +0800] "GET /xingrg/all/function/internal_message.html?_=1716943003523&CODE_STATE=getMsg HTTP/1.1" 200 27
180.156.239.18 - - [29/May/2024:08:37:45 +0800] "GET /xingrg/all/function/internal_message.html?_=1716943065281&CODE_STATE=getMsg HTTP/1.1" 200 27
101.83.144.49 - - [29/May/2024:08:37:56 +0800] "GET /xingrg/all/function/internal_message.html?_=1716942817905&CODE_STATE=getMsg HTTP/1.1" 200 27
221.239.170.140 - - [29/May/2024:08:38:00 +0800] "GET /xingrg/all/function/internal_message.html?_=1716943078954&CODE_STATE=getMsg HTTP/1.1" 200 27
180.169.147.146 - - [29/May/2024:08:38:11 +0800] "GET /xingrg/check_reg.html?_=1716943090281 HTTP/1.1" 302 -
180.164.6.225 - - [29/May/2024:08:38:12 +0800] "GET /xingrg/all/function/internal_message.html?_=1716943091755&CODE_STATE=getMsg HTTP/1.1" 200 27
221.239.170.140 - - [29/May/2024:08:38:16 +0800] "GET /xingrg/check_reg.html?_=1716943094608 HTTP/1.1" 200 22
116.232.195.13 - - [29/May/2024:08:38:23 +0800] "GET /xingrg/all/function/internal_message.html?_=1716943049447&CODE_STATE=getMsg HTTP/1.1" 200 27
116.238.97.31 - - [29/May/2024:08:38:27 +0800] "GET /xingrg/all/function/internal_message.html?_=1716943107066&CODE_STATE=getMsg HTTP/1.1" 200 27
222.70.240.253 - - [29/May/2024:08:38:28 +0800] "GET /xingrg/all/function/internal_message.html?_=1716943118337&CODE_STATE=getMsg HTTP/1.1" 302 -
116.232.195.13 - - [29/May/2024:08:38:37 +0800] "GET /xingrg/all/function/internal_message.html?_=1716943063528&CODE_STATE=getMsg HTTP/1.1" 200 27
180.156.239.18 - - [29/May/2024:08:38:45 +0800] "GET /xingrg/all/function/internal_message.html?_=1716943125283&CODE_STATE=getMsg HTTP/1.1" 200 27
101.83.144.49 - - [29/May/2024:08:38:56 +0800] "GET /xingrg/check_reg.html?_=1716942877906 HTTP/1.1" 200 22
101.83.144.49 - - [29/May/2024:08:38:56 +0800] "GET /xingrg/all/function/internal_message.html?_=1716942877905&CODE_STATE=getMsg HTTP/1.1" 200 27
221.239.170.140 - - [29/May/2024:08:39:00 +0800] "GET /xingrg/all/function/internal_message.html?_=1716943138933&CODE_STATE=getMsg HTTP/1.1" 200 27
120.253.135.82 - - [29/May/2024:08:39:03 +0800] "GET /xingrg/kc/pszx/mdqp_order_list.html?state=10 HTTP/1.1" 200 10897
120.253.135.82 - - [29/May/2024:08:39:03 +0800] "GET /xingrg/dwr/interface/AjaxQqpsService.js HTTP/1.1" 200 16326
120.253.135.82 - - [29/May/2024:08:39:03 +0800] "GET /xingrg/dwr/engine.js HTTP/1.1" 200 43631
120.253.135.82 - - [29/May/2024:08:39:03 +0800] "GET /xingrg/dwr/interface/AjaxReportQueryService.js HTTP/1.1" 200 13203
120.253.135.82 - - [29/May/2024:08:39:05 +0800] "GET /xingrg/kc/pszx/mdps_order_list.html?orderType=0 HTTP/1.1" 200 21313
120.253.135.82 - - [29/May/2024:08:39:06 +0800] "POST /xingrg/kc/pszx/mdps_list_operate.html HTTP/1.1" 200 2433
180.164.6.225 - - [29/May/2024:08:39:12 +0800] "GET /xingrg/all/function/internal_message.html?_=1716943151732&CODE_STATE=getMsg HTTP/1.1" 200 27
120.253.135.82 - - [29/May/2024:08:39:13 +0800] "POST /xingrg/kc/pszx/mdps_list_operate.html HTTP/1.1" 200 2433
120.253.135.82 - - [29/May/2024:08:39:14 +0800] "GET /xingrg/kc/pszx/mdps_order_list.html?orderType=0 HTTP/1.1" 200 21313
120.253.135.82 - - [29/May/2024:08:39:14 +0800] "POST /xingrg/kc/pszx/mdps_list_operate.html HTTP/1.1" 200 2433
180.156.239.18 - - [29/May/2024:08:39:16 +0800] "POST /xingrg/kc/buy/cgsh_order_operate.html HTTP/1.1" 200 37
120.253.135.82 - - [29/May/2024:08:39:17 +0800] "GET /xingrg/kc/pszx/mdps_order_list.html?orderType=0 HTTP/1.1" 200 21313
120.253.135.82 - - [29/May/2024:08:39:17 +0800] "POST /xingrg/kc/pszx/mdps_list_operate.html HTTP/1.1" 200 2433
120.253.135.82 - - [29/May/2024:08:39:20 +0800] "POST /xingrg/kc/pszx/mdps_list_operate.html HTTP/1.1" 200 210
120.253.135.82 - - [29/May/2024:08:39:22 +0800] "POST /xingrg/kc/pszx/mdps_list_operate.html HTTP/1.1" 200 205
116.232.195.13 - - [29/May/2024:08:39:23 +0800] "GET /xingrg/all/function/internal_message.html?_=1716943109430&CODE_STATE=getMsg HTTP/1.1" 200 27
120.253.135.82 - - [29/May/2024:08:39:24 +0800] "POST /xingrg/kc/pszx/mdps_list_operate.html HTTP/1.1" 200 208
116.238.97.31 - - [29/May/2024:08:39:27 +0800] "GET /xingrg/all/function/internal_message.html?_=1716943167044&CODE_STATE=getMsg HTTP/1.1" 200 27
116.238.97.31 - - [29/May/2024:08:39:27 +0800] "GET /xingrg/check_reg.html?_=1716943167131 HTTP/1.1" 200 22
222.70.240.253 - - [29/May/2024:08:39:28 +0800] "GET /xingrg/all/function/internal_message.html?_=1716943178363&CODE_STATE=getMsg HTTP/1.1" 302 -
120.253.135.82 - - [29/May/2024:08:39:29 +0800] "GET /xingrg/kc/pszx/mdps_order_info.html?code=312024050200067 HTTP/1.1" 200 23978
120.253.135.82 - - [29/May/2024:08:39:30 +0800] "GET /xingrg/javascript/easyui/themes/default/validatebox.css HTTP/1.1" 404 1104
180.156.239.18 - - [29/May/2024:08:39:31 +0800] "POST /xingrg/kc/buy/cgsh_order_operate.html HTTP/1.1" 200 12
120.253.135.82 - - [29/May/2024:08:39:31 +0800] "POST /xingrg/kc/pszx/mdps_order_operate.html HTTP/1.1" 200 2288
180.156.239.18 - - [29/May/2024:08:39:33 +0800] "GET /xingrg/kc/buy/cgsh_order_info.html?code=212024052908571 HTTP/1.1" 200 69605
180.156.239.18 - - [29/May/2024:08:39:34 +0800] "GET /xingrg/javascript/easyui/themes/default/validatebox.css HTTP/1.1" 404 1104
180.156.239.18 - - [29/May/2024:08:39:35 +0800] "POST /xingrg/kc/buy/cgsh_order_operate.html HTTP/1.1" 200 2998
120.253.135.82 - - [29/May/2024:08:39:37 +0800] "POST /xingrg/kc/pszx/mdps_order_operate.html HTTP/1.1" 200 12
116.232.195.13 - - [29/May/2024:08:39:37 +0800] "GET /xingrg/all/function/internal_message.html?_=1716943123524&CODE_STATE=getMsg HTTP/1.1" 200 27
180.156.239.18 - - [29/May/2024:08:39:42 +0800] "GET /xingrg/kc/print/load_config.html?kc_code=cgsh HTTP/1.1" 200 1927
180.156.239.18 - - [29/May/2024:08:39:42 +0800] "GET /xingrg/kc/print/load_data.html?order_code=212024052908571&kc_code=cgsh&condition= HTTP/1.1" 200 1610
180.156.239.18 - - [29/May/2024:08:39:45 +0800] "GET /xingrg/all/function/internal_message.html?_=1716943185272&CODE_STATE=getMsg HTTP/1.1" 200 27
120.253.135.82 - - [29/May/2024:08:39:47 +0800] "GET /xingrg/kc/pszx/mdqp_order_list.html?state=10 HTTP/1.1" 200 10897
120.253.135.82 - - [29/May/2024:08:39:47 +0800] "GET /xingrg/dwr/interface/AjaxReportQueryService.js HTTP/1.1" 200 13203
120.253.135.82 - - [29/May/2024:08:39:47 +0800] "GET /xingrg/dwr/interface/AjaxQqpsService.js HTTP/1.1" 200 16326
120.253.135.82 - - [29/May/2024:08:39:47 +0800] "GET /xingrg/dwr/engine.js HTTP/1.1" 200 43631
180.156.239.18 - - [29/May/2024:08:39:48 +0800] "GET /xingrg/kc/buy/cgsh_order_add.html HTTP/1.1" 200 74744
180.156.239.18 - - [29/May/2024:08:39:49 +0800] "POST /xingrg/kc/buy/cgsh_order_operate.html HTTP/1.1" 200 8245
180.156.239.18 - - [29/May/2024:08:39:49 +0800] "GET /xingrg/javascript/easyui/themes/default/validatebox.css HTTP/1.1" 404 1104
120.253.135.82 - - [29/May/2024:08:39:50 +0800] "GET /xingrg/kc/pszx/mdps_order_list.html?orderType=0 HTTP/1.1" 200 21313
120.253.135.82 - - [29/May/2024:08:39:51 +0800] "POST /xingrg/kc/pszx/mdps_list_operate.html HTTP/1.1" 200 2061
120.253.135.82 - - [29/May/2024:08:39:53 +0800] "POST /xingrg/kc/pszx/mdps_list_operate.html HTTP/1.1" 200 210
120.253.135.82 - - [29/May/2024:08:39:55 +0800] "POST /xingrg/kc/pszx/mdps_list_operate.html HTTP/1.1" 200 205
101.83.144.49 - - [29/May/2024:08:39:56 +0800] "GET /xingrg/all/function/internal_message.html?_=1716942937905&CODE_STATE=getMsg HTTP/1.1" 200 27
221.239.170.140 - - [29/May/2024:08:40:00 +0800] "GET /xingrg/all/function/internal_message.html?_=1716943198913&CODE_STATE=getMsg HTTP/1.1" 200 27
180.164.6.225 - - [29/May/2024:08:40:12 +0800] "GET /xingrg/all/function/internal_message.html?_=1716943211718&CODE_STATE=getMsg HTTP/1.1" 200 27
116.232.195.13 - - [29/May/2024:08:40:23 +0800] "GET /xingrg/all/function/internal_message.html?_=1716943169404&CODE_STATE=getMsg HTTP/1.1" 200 27
116.238.97.31 - - [29/May/2024:08:40:27 +0800] "GET /xingrg/all/function/internal_message.html?_=1716943227024&CODE_STATE=getMsg HTTP/1.1" 200 27
222.70.240.253 - - [29/May/2024:08:40:29 +0800] "GET /xingrg/all/function/internal_message.html?_=1716943238382&CODE_STATE=getMsg HTTP/1.1" 302 -
120.253.135.82 - - [29/May/2024:08:40:36 +0800] "GET /xingrg/kc/report/report_main.html HTTP/1.1" 200 8599
120.253.135.82 - - [29/May/2024:08:40:37 +0800] "GET /xingrg/kc/base/kc_stocks.html HTTP/1.1" 200 16712
120.253.135.82 - - [29/May/2024:08:40:37 +0800] "GET /xingrg/javascript/easyui/themes/default/tree.css HTTP/1.1" 404 1090
116.232.195.13 - - [29/May/2024:08:40:37 +0800] "GET /xingrg/all/function/internal_message.html?_=1716943183521&CODE_STATE=getMsg HTTP/1.1" 200 27
120.253.135.82 - - [29/May/2024:08:40:37 +0800] "POST /xingrg/all/common/load_tree.html?tree=materiel_sort_tree_json HTTP/1.1" 200 9734
120.253.135.82 - - [29/May/2024:08:40:39 +0800] "POST /xingrg/all/common/load_combo.html?type=base HTTP/1.1" 200 1169
180.156.239.18 - - [29/May/2024:08:40:45 +0800] "GET /xingrg/check_reg.html?_=1716943245301 HTTP/1.1" 200 22
180.156.239.18 - - [29/May/2024:08:40:45 +0800] "GET /xingrg/all/function/internal_message.html?_=1716943245305&CODE_STATE=getMsg HTTP/1.1" 200 27
120.253.135.82 - - [29/May/2024:08:40:50 +0800] "POST /xingrg/kc/base/stock_operate.html HTTP/1.1" 200 1753
101.83.144.49 - - [29/May/2024:08:40:56 +0800] "GET /xingrg/all/function/internal_message.html?_=1716942997930&CODE_STATE=getMsg HTTP/1.1" 200 27
221.239.170.140 - - [29/May/2024:08:41:00 +0800] "GET /xingrg/all/function/internal_message.html?_=1716943258896&CODE_STATE=getMsg HTTP/1.1" 200 27
180.164.6.225 - - [29/May/2024:08:41:12 +0800] "GET /xingrg/all/function/internal_message.html?_=1716943271697&CODE_STATE=getMsg HTTP/1.1" 200 27
116.232.195.13 - - [29/May/2024:08:41:23 +0800] "GET /xingrg/all/function/internal_message.html?_=1716943229383&CODE_STATE=getMsg HTTP/1.1" 200 27
116.238.97.31 - - [29/May/2024:08:41:27 +0800] "GET /xingrg/all/function/internal_message.html?_=1716943287006&CODE_STATE=getMsg HTTP/1.1" 200 27
222.70.240.253 - - [29/May/2024:08:41:29 +0800] "GET /xingrg/all/function/internal_message.html?_=1716943298402&CODE_STATE=getMsg HTTP/1.1" 302 -
116.232.195.13 - - [29/May/2024:08:41:34 +0800] "GET /xingrg/check_reg.html?_=1716943240011 HTTP/1.1" 200 22
222.67.233.39 - - [29/May/2024:08:41:37 +0800] "GET /xingrg/check_reg.html?_=1716943297585 HTTP/1.1" 200 22
116.232.195.13 - - [29/May/2024:08:41:37 +0800] "GET /xingrg/all/function/internal_message.html?_=1716943243507&CODE_STATE=getMsg HTTP/1.1" 200 27
116.232.195.13 - - [29/May/2024:08:41:37 +0800] "GET /xingrg/check_reg.html?_=1716943243510 HTTP/1.1" 200 22
180.156.239.18 - - [29/May/2024:08:41:45 +0800] "GET /xingrg/all/function/internal_message.html?_=1716943305284&CODE_STATE=getMsg HTTP/1.1" 200 27
120.253.135.82 - - [29/May/2024:08:41:54 +0800] "GET /xingrg/check_reg.html?_=1716943167196 HTTP/1.1" 200 22
101.83.144.49 - - [29/May/2024:08:41:56 +0800] "GET /xingrg/all/function/internal_message.html?_=1716943057930&CODE_STATE=getMsg HTTP/1.1" 200 27
221.239.170.140 - - [29/May/2024:08:42:00 +0800] "GET /xingrg/all/function/internal_message.html?_=1716943318874&CODE_STATE=getMsg HTTP/1.1" 200 27
180.164.6.225 - - [29/May/2024:08:42:12 +0800] "GET /xingrg/all/function/internal_message.html?_=1716943331673&CODE_STATE=getMsg HTTP/1.1" 200 27
222.70.240.253 - - [29/May/2024:08:42:13 +0800] "GET /xingrg/check_reg.html?_=1716943342452 HTTP/1.1" 302 -
120.253.135.82 - - [29/May/2024:08:42:18 +0800] "POST /xingrg/kc/base/stock_operate.html HTTP/1.1" 200 1488
116.232.195.13 - - [29/May/2024:08:42:23 +0800] "GET /xingrg/all/function/internal_message.html?_=1716943289364&CODE_STATE=getMsg HTTP/1.1" 200 27
180.164.6.225 - - [29/May/2024:08:42:25 +0800] "GET /xingrg/check_reg.html?_=1716943345559 HTTP/1.1" 200 22
116.238.97.31 - - [29/May/2024:08:42:27 +0800] "GET /xingrg/all/function/internal_message.html?_=1716943346981&CODE_STATE=getMsg HTTP/1.1" 200 27
222.70.240.253 - - [29/May/2024:08:42:29 +0800] "GET /xingrg/all/function/internal_message.html?_=1716943358407&CODE_STATE=getMsg HTTP/1.1" 302 -
116.232.195.13 - - [29/May/2024:08:42:37 +0800] "GET /xingrg/all/function/internal_message.html?_=1716943303513&CODE_STATE=getMsg HTTP/1.1" 200 27
120.253.135.82 - - [29/May/2024:08:42:43 +0800] "POST /xingrg/kc/base/stock_operate.html HTTP/1.1" 200 1734
180.156.239.18 - - [29/May/2024:08:42:45 +0800] "GET /xingrg/all/function/internal_message.html?_=1716943365282&CODE_STATE=getMsg HTTP/1.1" 200 27
120.253.135.82 - - [29/May/2024:08:42:50 +0800] "GET /xingrg/kc/base/stock_detail.html?m=00101019536 HTTP/1.1" 200 6440
101.83.144.49 - - [29/May/2024:08:42:56 +0800] "GET /xingrg/all/function/internal_message.html?_=1716943117931&CODE_STATE=getMsg HTTP/1.1" 200 27
120.253.135.82 - - [29/May/2024:08:42:56 +0800] "GET /xingrg/kc/base/stock_operate.html?_=1716943228676&command=get_report_file&start_day=20240501 HTTP/1.1" 200 53
120.253.135.82 - - [29/May/2024:08:42:56 +0800] "GET /xingrg/all/report/report_query.html?isQuery=1&onlyBody=1&rh=2000&fileName=kc/base/kc_stock_detail_new.xml&queryString=(1=1)&queryText=&tableQueryString=init_table$sp1$$sp$crk_table$sp1$order_day%20between%2020240501%20and%2020240531&varString=start_day:20240501,materiel_code:00101019536,cost_id:4965,end_date:20240331 HTTP/1.1" 200 48701
120.253.135.82 - - [29/May/2024:08:42:56 +0800] "GET /xingrg/dwr/interface/AjaxReportQueryService.js HTTP/1.1" 200 13203
120.253.135.82 - - [29/May/2024:08:42:56 +0800] "GET /xingrg/dwr/engine.js HTTP/1.1" 200 43631
120.253.135.82 - - [29/May/2024:08:42:57 +0800] "POST /xingrg/all/report/load_report_page.html HTTP/1.1" 200 118176
120.253.135.82 - - [29/May/2024:08:42:58 +0800] "GET /xingrg/servlets/image?cache=0.37611705387511896&image=px HTTP/1.1" 200 807
221.239.170.140 - - [29/May/2024:08:43:00 +0800] "GET /xingrg/all/function/internal_message.html?_=1716943378852&CODE_STATE=getMsg HTTP/1.1" 200 27
180.169.147.146 - - [29/May/2024:08:43:11 +0800] "GET /xingrg/check_reg.html?_=1716943390254 HTTP/1.1" 302 -
180.164.6.225 - - [29/May/2024:08:43:12 +0800] "GET /xingrg/all/function/internal_message.html?_=1716943391664&CODE_STATE=getMsg HTTP/1.1" 200 27
221.239.170.140 - - [29/May/2024:08:43:16 +0800] "GET /xingrg/check_reg.html?_=1716943394607 HTTP/1.1" 200 22
116.232.195.13 - - [29/May/2024:08:43:23 +0800] "GET /xingrg/all/function/internal_message.html?_=1716943349363&CODE_STATE=getMsg HTTP/1.1" 200 27
116.238.97.31 - - [29/May/2024:08:43:27 +0800] "GET /xingrg/all/function/internal_message.html?_=1716943406961&CODE_STATE=getMsg HTTP/1.1" 200 27
222.70.240.253 - - [29/May/2024:08:43:29 +0800] "GET /xingrg/all/function/internal_message.html?_=1716943418427&CODE_STATE=getMsg HTTP/1.1" 302 -
116.232.195.13 - - [29/May/2024:08:43:37 +0800] "GET /xingrg/all/function/internal_message.html?_=1716943363523&CODE_STATE=getMsg HTTP/1.1" 200 27
180.156.239.18 - - [29/May/2024:08:43:45 +0800] "GET /xingrg/all/function/internal_message.html?_=1716943425277&CODE_STATE=getMsg HTTP/1.1" 200 27
101.83.144.49 - - [29/May/2024:08:43:56 +0800] "GET /xingrg/all/function/internal_message.html?_=1716943177932&CODE_STATE=getMsg HTTP/1.1" 200 27
101.83.144.49 - - [29/May/2024:08:43:56 +0800] "GET /xingrg/check_reg.html?_=1716943177936 HTTP/1.1" 200 22
221.239.170.140 - - [29/May/2024:08:44:00 +0800] "GET /xingrg/all/function/internal_message.html?_=1716943438850&CODE_STATE=getMsg HTTP/1.1" 200 27
180.164.6.225 - - [29/May/2024:08:44:12 +0800] "GET /xingrg/all/function/internal_message.html?_=1716943451635&CODE_STATE=getMsg HTTP/1.1" 200 27
116.232.195.13 - - [29/May/2024:08:44:23 +0800] "GET /xingrg/all/function/internal_message.html?_=1716943409338&CODE_STATE=getMsg HTTP/1.1" 200 27
116.238.97.31 - - [29/May/2024:08:44:27 +0800] "GET /xingrg/all/function/internal_message.html?_=1716943466936&CODE_STATE=getMsg HTTP/1.1" 200 27
116.238.97.31 - - [29/May/2024:08:44:27 +0800] "GET /xingrg/check_reg.html?_=1716943467141 HTTP/1.1" 200 22
222.70.240.253 - - [29/May/2024:08:44:29 +0800] "GET /xingrg/all/function/internal_message.html?_=1716943478435&CODE_STATE=getMsg HTTP/1.1" 302 -
116.232.195.13 - - [29/May/2024:08:44:37 +0800] "GET /xingrg/all/function/internal_message.html?_=1716943423516&CODE_STATE=getMsg HTTP/1.1" 200 27
180.164.6.225 - - [29/May/2024:08:44:38 +0800] "POST /xingrg/services/DataTransmitService HTTP/1.1" 200 524
180.156.239.18 - - [29/May/2024:08:44:45 +0800] "GET /xingrg/all/function/internal_message.html?_=1716943485290&CODE_STATE=getMsg HTTP/1.1" 200 27
101.83.144.49 - - [29/May/2024:08:44:56 +0800] "GET /xingrg/all/function/internal_message.html?_=1716943237936&CODE_STATE=getMsg HTTP/1.1" 200 27
221.239.170.140 - - [29/May/2024:08:45:00 +0800] "GET /xingrg/all/function/internal_message.html?_=1716943498842&CODE_STATE=getMsg HTTP/1.1" 200 27
180.164.6.225 - - [29/May/2024:08:45:12 +0800] "GET /xingrg/all/function/internal_message.html?_=1716943511629&CODE_STATE=getMsg HTTP/1.1" 200 27
116.232.195.13 - - [29/May/2024:08:45:23 +0800] "GET /xingrg/all/function/internal_message.html?_=1716943469317&CODE_STATE=getMsg HTTP/1.1" 200 27
116.238.97.31 - - [29/May/2024:08:45:26 +0800] "GET /xingrg/all/function/internal_message.html?_=1716943526924&CODE_STATE=getMsg HTTP/1.1" 200 27
222.70.240.253 - - [29/May/2024:08:45:29 +0800] "GET /xingrg/all/function/internal_message.html?_=1716943538455&CODE_STATE=getMsg HTTP/1.1" 302 -
116.232.195.13 - - [29/May/2024:08:45:37 +0800] "GET /xingrg/all/function/internal_message.html?_=1716943483526&CODE_STATE=getMsg HTTP/1.1" 200 27
180.156.239.18 - - [29/May/2024:08:45:45 +0800] "GET /xingrg/all/function/internal_message.html?_=1716943545302&CODE_STATE=getMsg HTTP/1.1" 200 27
180.156.239.18 - - [29/May/2024:08:45:45 +0800] "GET /xingrg/check_reg.html?_=1716943545305 HTTP/1.1" 200 22
101.83.144.49 - - [29/May/2024:08:45:56 +0800] "GET /xingrg/all/function/internal_message.html?_=1716943297936&CODE_STATE=getMsg HTTP/1.1" 200 27
221.239.170.140 - - [29/May/2024:08:46:00 +0800] "GET /xingrg/all/function/internal_message.html?_=1716943558824&CODE_STATE=getMsg HTTP/1.1" 200 27
180.164.6.225 - - [29/May/2024:08:46:11 +0800] "GET /xingrg/all/function/internal_message.html?_=1716943571606&CODE_STATE=getMsg HTTP/1.1" 200 27
116.232.195.13 - - [29/May/2024:08:46:23 +0800] "GET /xingrg/all/function/internal_message.html?_=1716943529300&CODE_STATE=getMsg HTTP/1.1" 200 27
116.238.97.31 - - [29/May/2024:08:46:26 +0800] "GET /xingrg/all/function/internal_message.html?_=1716943586909&CODE_STATE=getMsg HTTP/1.1" 200 27
222.70.240.253 - - [29/May/2024:08:46:29 +0800] "GET /xingrg/all/function/internal_message.html?_=1716943598464&CODE_STATE=getMsg HTTP/1.1" 302 -
116.232.195.13 - - [29/May/2024:08:46:34 +0800] "GET /xingrg/check_reg.html?_=1716943540003 HTTP/1.1" 200 22
222.67.233.39 - - [29/May/2024:08:46:37 +0800] "GET /xingrg/check_reg.html?_=1716943597568 HTTP/1.1" 200 22
116.232.195.13 - - [29/May/2024:08:46:37 +0800] "GET /xingrg/check_reg.html?_=1716943543523 HTTP/1.1" 200 22
116.232.195.13 - - [29/May/2024:08:46:37 +0800] "GET /xingrg/all/function/internal_message.html?_=1716943543526&CODE_STATE=getMsg HTTP/1.1" 200 27
180.156.239.18 - - [29/May/2024:08:46:45 +0800] "GET /xingrg/all/function/internal_message.html?_=1716943605280&CODE_STATE=getMsg HTTP/1.1" 200 27
120.253.135.82 - - [29/May/2024:08:46:54 +0800] "GET /xingrg/check_reg.html?_=1716943467204 HTTP/1.1" 200 22
101.83.144.49 - - [29/May/2024:08:46:56 +0800] "GET /xingrg/all/function/internal_message.html?_=1716943357936&CODE_STATE=getMsg HTTP/1.1" 200 27
221.239.170.140 - - [29/May/2024:08:47:00 +0800] "GET /xingrg/all/function/internal_message.html?_=1716943618805&CODE_STATE=getMsg HTTP/1.1" 200 27
180.164.6.225 - - [29/May/2024:08:47:11 +0800] "GET /xingrg/all/function/internal_message.html?_=1716943631587&CODE_STATE=getMsg HTTP/1.1" 200 27
222.70.240.253 - - [29/May/2024:08:47:13 +0800] "GET /xingrg/check_reg.html?_=1716943642463 HTTP/1.1" 302 -
116.232.195.13 - - [29/May/2024:08:47:23 +0800] "GET /xingrg/all/function/internal_message.html?_=1716943589283&CODE_STATE=getMsg HTTP/1.1" 200 27
180.164.6.225 - - [29/May/2024:08:47:25 +0800] "GET /xingrg/check_reg.html?_=1716943645572 HTTP/1.1" 200 22
116.238.97.31 - - [29/May/2024:08:47:26 +0800] "GET /xingrg/all/function/internal_message.html?_=1716943646900&CODE_STATE=getMsg HTTP/1.1" 200 27
222.70.240.253 - - [29/May/2024:08:47:29 +0800] "GET /xingrg/all/function/internal_message.html?_=1716943658481&CODE_STATE=getMsg HTTP/1.1" 302 -
116.232.195.13 - - [29/May/2024:08:47:37 +0800] "GET /xingrg/all/function/internal_message.html?_=1716943603520&CODE_STATE=getMsg HTTP/1.1" 200 27
180.156.239.18 - - [29/May/2024:08:47:45 +0800] "GET /xingrg/all/function/internal_message.html?_=1716943665296&CODE_STATE=getMsg HTTP/1.1" 200 27
101.83.144.49 - - [29/May/2024:08:47:56 +0800] "GET /xingrg/all/function/internal_message.html?_=1716943417936&CODE_STATE=getMsg HTTP/1.1" 200 27
221.239.170.140 - - [29/May/2024:08:48:00 +0800] "GET /xingrg/all/function/internal_message.html?_=1716943678794&CODE_STATE=getMsg HTTP/1.1" 200 27
180.169.147.146 - - [29/May/2024:08:48:11 +0800] "GET /xingrg/check_reg.html?_=1716943690240 HTTP/1.1" 302 -
180.164.6.225 - - [29/May/2024:08:48:11 +0800] "GET /xingrg/all/function/internal_message.html?_=1716943691568&CODE_STATE=getMsg HTTP/1.1" 200 27
221.239.170.140 - - [29/May/2024:08:48:16 +0800] "GET /xingrg/check_reg.html?_=1716943694586 HTTP/1.1" 200 22
