180.164.6.225 - - [27/May/2024:10:59:10 +0800] "GET /xingrg/kc/buy/cgsh_order_operate.html?command=get_materiel&rest_code=00108&code=00101001008&supplier_code=00100482&order_time=2024-05-27 HTTP/1.1" 200 414
180.156.239.18 - - [27/May/2024:10:59:15 +0800] "GET /xingrg/kc/buy/cgsh_order_operate.html?command=get_materiel&rest_code=00150&code=00101007085&supplier_code=00100328&order_time=2024-05-27 HTTP/1.1" 200 413
116.238.97.31 - - [27/May/2024:10:59:16 +0800] "GET /xingrg/all/function/internal_message.html?_=1716778758510&CODE_STATE=getMsg HTTP/1.1" 200 27
116.228.172.94 - - [27/May/2024:10:59:22 +0800] "GET /xingrg/all/function/internal_message.html?_=1716778757873&CODE_STATE=getMsg HTTP/1.1" 200 27
180.164.6.225 - - [27/May/2024:10:59:22 +0800] "POST /xingrg/kc/buy/cgsh_order_operate.html HTTP/1.1" 200 37
222.70.172.41 - - [27/May/2024:10:59:24 +0800] "GET /xingrg/all/function/internal_message.html?_=1716778765902&CODE_STATE=getMsg HTTP/1.1" 200 27
120.253.135.82 - - [27/May/2024:10:59:24 +0800] "GET /xingrg/check_reg.html?_=1716778617076 HTTP/1.1" 200 22
180.156.239.18 - - [27/May/2024:10:59:28 +0800] "POST /xingrg/kc/buy/cgsh_order_operate.html HTTP/1.1" 200 37
180.164.6.225 - - [27/May/2024:10:59:28 +0800] "POST /xingrg/kc/buy/cgsh_order_operate.html HTTP/1.1" 200 2662
180.164.6.225 - - [27/May/2024:10:59:32 +0800] "GET /xingrg/kc/print/load_data.html?order_code=212024052707977&kc_code=cgsh&condition= HTTP/1.1" 200 691
222.70.182.146 - - [27/May/2024:10:59:34 +0800] "GET /xingrg/all/function/internal_message.html?_=1716778771793&CODE_STATE=getMsg HTTP/1.1" 200 27
124.78.157.125 - - [27/May/2024:10:59:35 +0800] "GET /xingrg/all/function/internal_message.html?_=1716778769356&CODE_STATE=getMsg HTTP/1.1" 200 27
180.156.239.18 - - [27/May/2024:10:59:35 +0800] "POST /xingrg/kc/buy/cgsh_order_operate.html HTTP/1.1" 200 12
180.164.6.225 - - [27/May/2024:10:59:40 +0800] "GET /xingrg/kc/buy/cgsh_order_add.html HTTP/1.1" 200 74792
180.164.6.225 - - [27/May/2024:10:59:40 +0800] "POST /xingrg/kc/buy/cgsh_order_operate.html HTTP/1.1" 200 8245
180.164.6.225 - - [27/May/2024:10:59:40 +0800] "GET /xingrg/javascript/easyui/themes/default/validatebox.css HTTP/1.1" 404 1104
180.156.239.18 - - [27/May/2024:10:59:42 +0800] "GET /xingrg/kc/buy/cgsh_order_info.html?code=212024052707978 HTTP/1.1" 200 69619
180.156.239.18 - - [27/May/2024:10:59:43 +0800] "GET /xingrg/javascript/easyui/themes/default/validatebox.css HTTP/1.1" 404 1104
180.156.239.18 - - [27/May/2024:10:59:44 +0800] "POST /xingrg/kc/buy/cgsh_order_operate.html HTTP/1.1" 200 608
222.70.182.146 - - [27/May/2024:10:59:44 +0800] "GET /xingrg/kc/buy/cgsh_order_operate.html?command=get_materiel&rest_code=00111&code=00101011005&supplier_code=00100037&order_time=2024-05-27 HTTP/1.1" 200 428
180.156.239.18 - - [27/May/2024:10:59:45 +0800] "GET /xingrg/kc/print/load_data.html?order_code=212024052707978&kc_code=cgsh&condition= HTTP/1.1" 200 709
180.156.239.18 - - [27/May/2024:10:59:50 +0800] "GET /xingrg/all/function/internal_message.html?_=1716778790154&CODE_STATE=getMsg HTTP/1.1" 200 27
180.156.239.18 - - [27/May/2024:10:59:50 +0800] "GET /xingrg/kc/buy/cgsh_order_add.html HTTP/1.1" 200 74744
180.156.239.18 - - [27/May/2024:10:59:50 +0800] "POST /xingrg/kc/buy/cgsh_order_operate.html HTTP/1.1" 200 8245
180.156.239.18 - - [27/May/2024:10:59:50 +0800] "GET /xingrg/javascript/easyui/themes/default/validatebox.css HTTP/1.1" 404 1104
180.156.239.18 - - [27/May/2024:10:59:51 +0800] "GET /xingrg/check_reg.html?_=1716778791470 HTTP/1.1" 200 22
124.78.157.125 - - [27/May/2024:10:59:52 +0800] "GET /xingrg/login.html?r=1 HTTP/1.1" 200 7641
124.78.157.125 - - [27/May/2024:10:59:52 +0800] "GET /favicon.ico HTTP/1.1" 404 -
124.78.157.125 - - [27/May/2024:10:59:55 +0800] "POST /xingrg/login.do HTTP/1.1" 302 -
124.78.157.125 - - [27/May/2024:10:59:55 +0800] "GET /xingrg/index.html?sysBaseUrl=http%3A%2F%2F180.169.147.146%3A18081%2Fxingrg%2F&costTime=804×tamp=1716778795607 HTTP/1.1" 200 17173
124.78.157.125 - - [27/May/2024:10:59:55 +0800] "GET /favicon.ico HTTP/1.1" 404 -
124.78.157.125 - - [27/May/2024:10:59:55 +0800] "GET /xingrg/all/function/internal_message.html?_=1716778796722&CODE_STATE=count HTTP/1.1" 200 11
124.78.157.125 - - [27/May/2024:10:59:55 +0800] "GET /xingrg/check_reg.html?_=1716778796723 HTTP/1.1" 200 22
124.78.157.125 - - [27/May/2024:10:59:55 +0800] "POST /xingrg/all/common/load_tree.html?tree=area_rest_tree_json&manage=1 HTTP/1.1" 200 342
124.78.157.125 - - [27/May/2024:10:59:55 +0800] "POST /xingrg/load_menu.html HTTP/1.1" 200 5138
124.78.157.125 - - [27/May/2024:10:59:57 +0800] "GET /xingrg/kc/buy/buy_main.html HTTP/1.1" 200 12412
124.78.157.125 - - [27/May/2024:10:59:57 +0800] "GET /xingrg/css/new_ie.css HTTP/1.1" 404 1036
101.83.144.49 - - [27/May/2024:10:59:58 +0800] "GET /xingrg/all/function/internal_message.html?_=1716778540270&CODE_STATE=getMsg HTTP/1.1" 200 27
180.164.6.225 - - [27/May/2024:10:59:58 +0800] "GET /xingrg/javascript/jquery_easy_ui/themes/icons/area.png HTTP/1.1" 200 262
180.164.6.225 - - [27/May/2024:10:59:58 +0800] "GET /xingrg/javascript/jquery_easy_ui/themes/icons/rest.png HTTP/1.1" 200 695
124.78.157.125 - - [27/May/2024:10:59:58 +0800] "GET /xingrg/images/yd/bt.gif HTTP/1.1" 404 1040
124.78.157.125 - - [27/May/2024:11:00:00 +0800] "GET /xingrg/kc/buy/cgsh_order_list.html HTTP/1.1" 200 58887
180.164.6.225 - - [27/May/2024:11:00:00 +0800] "GET /xingrg/kc/buy/cgsh_order_operate.html?command=get_materiel&rest_code=00108&code=00101004049&supplier_code=00100312&order_time=2024-05-27 HTTP/1.1" 200 415
222.70.182.146 - - [27/May/2024:11:00:00 +0800] "GET /xingrg/kc/buy/cgsh_order_operate.html?command=get_materiel&rest_code=00111&code=00101012025&supplier_code=00100037&order_time=2024-05-27 HTTP/1.1" 200 412
101.80.230.31 - - [27/May/2024:11:00:01 +0800] "GET /xingrg/all/function/internal_message.html?_=1716778801452&CODE_STATE=getMsg HTTP/1.1" 200 27
222.70.172.41 - - [27/May/2024:11:00:01 +0800] "GET /xingrg/all/function/internal_message.html?_=1716778802961&CODE_STATE=getMsg HTTP/1.1" 200 27
180.156.239.18 - - [27/May/2024:11:00:01 +0800] "GET /xingrg/kc/buy/cgsh_order_operate.html?command=get_materiel&rest_code=00150&code=00101010535&supplier_code=00100547&order_time=2024-05-27 HTTP/1.1" 200 442
222.67.233.39 - - [27/May/2024:11:00:02 +0800] "GET /xingrg/all/function/internal_message.html?_=1716778802998&CODE_STATE=getMsg HTTP/1.1" 200 27
124.78.157.125 - - [27/May/2024:11:00:06 +0800] "POST /xingrg/kc/buy/cgsh_list_operate.html HTTP/1.1" 200 1650
222.69.134.83 - - [27/May/2024:11:00:07 +0800] "GET /xingrg/check_reg.html?_=1716778808273 HTTP/1.1" 200 22
222.69.134.83 - - [27/May/2024:11:00:07 +0800] "GET /xingrg/all/function/internal_message.html?_=1716778808341&CODE_STATE=getMsg HTTP/1.1" 200 27
124.78.157.125 - - [27/May/2024:11:00:09 +0800] "POST /xingrg/kc/buy/cgsh_list_operate.html HTTP/1.1" 200 283
124.78.157.125 - - [27/May/2024:11:00:10 +0800] "GET /xingrg/kc/buy/cgsh_order_info.html?code=212024052707958 HTTP/1.1" 200 74664
124.78.157.125 - - [27/May/2024:11:00:10 +0800] "GET /xingrg/words/20240527094251_words.js HTTP/1.1" 304 -
124.78.157.125 - - [27/May/2024:11:00:11 +0800] "GET /xingrg/javascript/easyui/themes/default/validatebox.css HTTP/1.1" 404 1104
124.78.157.125 - - [27/May/2024:11:00:11 +0800] "GET /xingrg/all/common/auto_word.html?type=employee&rest_code=00106 HTTP/1.1" 200 205
124.78.157.125 - - [27/May/2024:11:00:11 +0800] "GET /xingrg/all/common/auto_word.html?type=employee&rest_code=00106 HTTP/1.1" 200 205
180.164.6.225 - - [27/May/2024:11:00:11 +0800] "GET /xingrg/kc/buy/cgsh_order_operate.html?command=get_materiel&rest_code=00108&code=00101004046&supplier_code=00100312&order_time=2024-05-27 HTTP/1.1" 200 417
124.78.157.125 - - [27/May/2024:11:00:12 +0800] "POST /xingrg/kc/buy/cgsh_order_operate.html HTTP/1.1" 200 3262
180.156.239.18 - - [27/May/2024:11:00:13 +0800] "GET /xingrg/kc/buy/cgsh_order_operate.html?command=get_materiel&rest_code=00150&code=00101018008&supplier_code=00100547&order_time=2024-05-27 HTTP/1.1" 200 413
116.238.97.31 - - [27/May/2024:11:00:16 +0800] "GET /xingrg/all/function/internal_message.html?_=1716778818509&CODE_STATE=getMsg HTTP/1.1" 200 27
222.70.182.146 - - [27/May/2024:11:00:16 +0800] "GET /xingrg/kc/buy/cgsh_order_operate.html?command=get_materiel&rest_code=00111&code=00101009113&supplier_code=00100037&order_time=2024-05-27 HTTP/1.1" 200 413
116.228.172.94 - - [27/May/2024:11:00:22 +0800] "GET /xingrg/all/function/internal_message.html?_=1716778817870&CODE_STATE=getMsg HTTP/1.1" 200 27
124.78.157.125 - - [27/May/2024:11:00:23 +0800] "POST /xingrg/kc/buy/cgsh_order_operate.html HTTP/1.1" 200 37
180.164.6.225 - - [27/May/2024:11:00:23 +0800] "GET /xingrg/kc/buy/cgsh_order_operate.html?command=get_materiel&rest_code=00108&code=00101004067&supplier_code=00100312&order_time=2024-05-27 HTTP/1.1" 200 413
180.164.6.225 - - [27/May/2024:11:00:23 +0800] "GET /xingrg/all/function/internal_message.html?_=1716778822364&CODE_STATE=getMsg HTTP/1.1" 200 27
222.70.172.41 - - [27/May/2024:11:00:24 +0800] "GET /xingrg/all/function/internal_message.html?_=1716778825927&CODE_STATE=getMsg HTTP/1.1" 200 27
124.78.157.125 - - [27/May/2024:11:00:30 +0800] "POST /xingrg/kc/buy/cgsh_order_operate.html HTTP/1.1" 200 12
222.70.182.146 - - [27/May/2024:11:00:33 +0800] "GET /xingrg/kc/buy/cgsh_order_operate.html?command=get_materiel&rest_code=00111&code=00101009079&supplier_code=00100037&order_time=2024-05-27 HTTP/1.1" 200 409
124.78.157.125 - - [27/May/2024:11:00:34 +0800] "GET /xingrg/kc/buy/cgsh_order_info.html?code=212024052707958 HTTP/1.1" 200 69557
222.70.182.146 - - [27/May/2024:11:00:34 +0800] "GET /xingrg/all/function/internal_message.html?_=1716778831778&CODE_STATE=getMsg HTTP/1.1" 200 27
124.78.157.125 - - [27/May/2024:11:00:34 +0800] "GET /xingrg/javascript/easyui/themes/default/validatebox.css HTTP/1.1" 404 1104
124.78.157.125 - - [27/May/2024:11:00:35 +0800] "GET /xingrg/check_reg.html?_=1716778829344 HTTP/1.1" 200 22
124.78.157.125 - - [27/May/2024:11:00:35 +0800] "GET /xingrg/all/function/internal_message.html?_=1716778829348&CODE_STATE=getMsg HTTP/1.1" 200 27
124.78.157.125 - - [27/May/2024:11:00:35 +0800] "POST /xingrg/kc/buy/cgsh_order_operate.html HTTP/1.1" 200 1212
180.164.6.225 - - [27/May/2024:11:00:35 +0800] "GET /xingrg/kc/buy/cgsh_order_operate.html?command=get_materiel&rest_code=00108&code=00101004057&supplier_code=00100312&order_time=2024-05-27 HTTP/1.1" 200 429
124.78.157.125 - - [27/May/2024:11:00:38 +0800] "GET /xingrg/kc/print/load_config.html?kc_code=cgsh HTTP/1.1" 200 1927
124.78.157.125 - - [27/May/2024:11:00:39 +0800] "GET /xingrg/kc/print/load_data.html?order_code=212024052707958&kc_code=cgsh&condition= HTTP/1.1" 200 915
222.67.233.39 - - [27/May/2024:11:00:43 +0800] "GET /xingrg/check_reg.html?_=1716778843915 HTTP/1.1" 200 22
180.156.239.18 - - [27/May/2024:11:00:44 +0800] "POST /xingrg/kc/buy/cgsh_order_operate.html HTTP/1.1" 200 37
222.70.182.146 - - [27/May/2024:11:00:46 +0800] "GET /xingrg/kc/buy/cgsh_order_operate.html?command=get_materiel&rest_code=00111&code=00101009011&supplier_code=00100037&order_time=2024-05-27 HTTP/1.1" 200 416
180.164.6.225 - - [27/May/2024:11:00:49 +0800] "GET /xingrg/kc/buy/cgsh_order_operate.html?command=get_materiel&rest_code=00108&code=00101004023&supplier_code=00100312&order_time=2024-05-27 HTTP/1.1" 200 409
180.156.239.18 - - [27/May/2024:11:00:50 +0800] "GET /xingrg/all/function/internal_message.html?_=1716778850116&CODE_STATE=getMsg HTTP/1.1" 200 27
180.156.239.18 - - [27/May/2024:11:00:51 +0800] "POST /xingrg/kc/buy/cgsh_order_operate.html HTTP/1.1" 200 12
180.156.239.18 - - [27/May/2024:11:00:53 +0800] "GET /xingrg/kc/buy/cgsh_order_info.html?code=212024052707979 HTTP/1.1" 200 69607
180.156.239.18 - - [27/May/2024:11:00:54 +0800] "GET /xingrg/javascript/easyui/themes/default/validatebox.css HTTP/1.1" 404 1104
180.156.239.18 - - [27/May/2024:11:00:55 +0800] "POST /xingrg/kc/buy/cgsh_order_operate.html HTTP/1.1" 200 1223
124.78.157.125 - - [27/May/2024:11:00:55 +0800] "GET /xingrg/all/function/internal_message.html?_=1716778856732&CODE_STATE=getMsg HTTP/1.1" 200 27
101.83.144.49 - - [27/May/2024:11:00:58 +0800] "GET /xingrg/all/function/internal_message.html?_=1716778600255&CODE_STATE=getMsg HTTP/1.1" 200 27
180.156.239.18 - - [27/May/2024:11:00:58 +0800] "GET /xingrg/kc/print/load_data.html?order_code=212024052707979&kc_code=cgsh&condition= HTTP/1.1" 200 939
222.70.182.146 - - [27/May/2024:11:00:59 +0800] "GET /xingrg/kc/buy/cgsh_order_operate.html?command=get_materiel&rest_code=00111&code=00101009015&supplier_code=00100037&order_time=2024-05-27 HTTP/1.1" 200 416
180.164.6.225 - - [27/May/2024:11:00:59 +0800] "GET /xingrg/kc/buy/cgsh_order_operate.html?command=get_materiel&rest_code=00108&code=00101001047&supplier_code=00100312&order_time=2024-05-27 HTTP/1.1" 200 423
101.80.230.31 - - [27/May/2024:11:01:01 +0800] "GET /xingrg/all/function/internal_message.html?_=1716778861455&CODE_STATE=getMsg HTTP/1.1" 200 27
222.70.172.41 - - [27/May/2024:11:01:01 +0800] "GET /xingrg/all/function/internal_message.html?_=1716778862994&CODE_STATE=getMsg HTTP/1.1" 200 27
222.67.233.39 - - [27/May/2024:11:01:02 +0800] "GET /xingrg/all/function/internal_message.html?_=1716778862979&CODE_STATE=getMsg HTTP/1.1" 200 27
180.156.239.18 - - [27/May/2024:11:01:04 +0800] "GET /xingrg/kc/buy/cgsh_order_add.html HTTP/1.1" 200 74744
180.156.239.18 - - [27/May/2024:11:01:04 +0800] "POST /xingrg/kc/buy/cgsh_order_operate.html HTTP/1.1" 200 8245
180.156.239.18 - - [27/May/2024:11:01:04 +0800] "GET /xingrg/javascript/easyui/themes/default/validatebox.css HTTP/1.1" 404 1104
124.78.157.125 - - [27/May/2024:11:01:06 +0800] "GET /xingrg/kc/buy/cgsh_order_add.html HTTP/1.1" 200 74694
124.78.157.125 - - [27/May/2024:11:01:07 +0800] "POST /xingrg/kc/buy/cgsh_order_operate.html HTTP/1.1" 200 8245
124.78.157.125 - - [27/May/2024:11:01:07 +0800] "GET /xingrg/javascript/easyui/themes/default/validatebox.css HTTP/1.1" 404 1104
222.69.134.83 - - [27/May/2024:11:01:07 +0800] "GET /xingrg/all/function/internal_message.html?_=1716778868334&CODE_STATE=getMsg HTTP/1.1" 200 27
124.78.157.125 - - [27/May/2024:11:01:09 +0800] "GET /xingrg/javascript/easyui/themes/default/tree.css HTTP/1.1" 404 1090
124.78.157.125 - - [27/May/2024:11:01:09 +0800] "POST /xingrg/all/common/load_tree.html?tree=supplier_tree_json&isDelete=1 HTTP/1.1" 200 80320
180.164.6.225 - - [27/May/2024:11:01:10 +0800] "GET /xingrg/kc/buy/cgsh_order_operate.html?command=get_materiel&rest_code=00108&code=00101004013&supplier_code=00100312&order_time=2024-05-27 HTTP/1.1" 200 414
116.238.97.31 - - [27/May/2024:11:01:16 +0800] "GET /xingrg/check_reg.html?_=1716778878510 HTTP/1.1" 200 22
116.238.97.31 - - [27/May/2024:11:01:16 +0800] "GET /xingrg/all/function/internal_message.html?_=1716778878508&CODE_STATE=getMsg HTTP/1.1" 200 27
222.70.182.146 - - [27/May/2024:11:01:16 +0800] "GET /xingrg/kc/buy/cgsh_order_operate.html?command=get_materiel&rest_code=00111&code=00101015021&supplier_code=00100037&order_time=2024-05-27 HTTP/1.1" 200 408
116.228.172.94 - - [27/May/2024:11:01:22 +0800] "GET /xingrg/all/function/internal_message.html?_=1716778877864&CODE_STATE=getMsg HTTP/1.1" 200 27
116.228.172.94 - - [27/May/2024:11:01:22 +0800] "GET /xingrg/check_reg.html?_=1716778877867 HTTP/1.1" 200 22
180.164.6.225 - - [27/May/2024:11:01:22 +0800] "POST /xingrg/kc/buy/cgsh_order_operate.html HTTP/1.1" 200 37
222.70.172.41 - - [27/May/2024:11:01:24 +0800] "GET /xingrg/all/function/internal_message.html?_=1716778885929&CODE_STATE=getMsg HTTP/1.1" 200 27
180.164.6.225 - - [27/May/2024:11:01:25 +0800] "POST /xingrg/kc/buy/cgsh_order_operate.html HTTP/1.1" 200 6234
180.164.6.225 - - [27/May/2024:11:01:29 +0800] "GET /xingrg/kc/print/load_data.html?order_code=212024052707980&kc_code=cgsh&condition= HTTP/1.1" 200 2061
124.78.157.125 - - [27/May/2024:11:01:31 +0800] "GET /xingrg/javascript/auto/indicator.gif HTTP/1.1" 404 1066
222.70.182.146 - - [27/May/2024:11:01:31 +0800] "GET /xingrg/kc/buy/cgsh_order_operate.html?command=get_materiel&rest_code=00111&code=00101015062&supplier_code=00100037&order_time=2024-05-27 HTTP/1.1" 200 412
180.164.6.225 - - [27/May/2024:11:01:33 +0800] "GET /xingrg/kc/buy/cgsh_order_add.html HTTP/1.1" 200 74792
222.70.182.146 - - [27/May/2024:11:01:34 +0800] "GET /xingrg/all/function/internal_message.html?_=1716778891748&CODE_STATE=getMsg HTTP/1.1" 200 27
180.164.6.225 - - [27/May/2024:11:01:34 +0800] "POST /xingrg/kc/buy/cgsh_order_operate.html HTTP/1.1" 200 8245
180.164.6.225 - - [27/May/2024:11:01:34 +0800] "GET /xingrg/javascript/easyui/themes/default/validatebox.css HTTP/1.1" 404 1104
124.78.157.125 - - [27/May/2024:11:01:35 +0800] "GET /xingrg/all/function/internal_message.html?_=1716778889353&CODE_STATE=getMsg HTTP/1.1" 200 27
222.70.172.41 - - [27/May/2024:11:01:37 +0800] "GET /xingrg/check_reg.html?_=1716778899221 HTTP/1.1" 200 22
124.78.157.125 - - [27/May/2024:11:01:41 +0800] "GET /xingrg/kc/buy/cgsh_order_operate.html?command=get_materiel&rest_code=00106&code=00101010021&supplier_code=00100339&order_time=2024-05-27 HTTP/1.1" 200 414
180.164.6.225 - - [27/May/2024:11:01:45 +0800] "GET /xingrg/kc/buy/cgsh_order_operate.html?command=get_materiel&rest_code=00108&code=00101007032&supplier_code=00100328&order_time=2024-05-27 HTTP/1.1" 200 413
222.70.182.146 - - [27/May/2024:11:01:45 +0800] "GET /xingrg/kc/buy/cgsh_order_operate.html?command=get_materiel&rest_code=00111&code=00101009044&supplier_code=00100037&order_time=2024-05-27 HTTP/1.1" 200 412
180.156.239.18 - - [27/May/2024:11:01:50 +0800] "GET /xingrg/all/function/internal_message.html?_=1716778910100&CODE_STATE=getMsg HTTP/1.1" 200 27
124.78.157.125 - - [27/May/2024:11:01:55 +0800] "GET /xingrg/all/function/internal_message.html?_=1716778916739&CODE_STATE=getMsg HTTP/1.1" 200 27
101.83.144.49 - - [27/May/2024:11:01:58 +0800] "GET /xingrg/all/function/internal_message.html?_=1716778660240&CODE_STATE=getMsg HTTP/1.1" 200 27
101.83.144.49 - - [27/May/2024:11:01:58 +0800] "GET /xingrg/check_reg.html?_=1716778660617 HTTP/1.1" 200 22
180.164.6.225 - - [27/May/2024:11:02:00 +0800] "POST /xingrg/kc/buy/cgsh_order_operate.html HTTP/1.1" 200 64
101.80.230.31 - - [27/May/2024:11:02:01 +0800] "GET /xingrg/all/function/internal_message.html?_=1716778921457&CODE_STATE=getMsg HTTP/1.1" 200 27
124.78.157.125 - - [27/May/2024:11:02:01 +0800] "POST /xingrg/kc/buy/cgsh_order_operate.html HTTP/1.1" 200 37
222.70.172.41 - - [27/May/2024:11:02:01 +0800] "GET /xingrg/all/function/internal_message.html?_=1716778923004&CODE_STATE=getMsg HTTP/1.1" 200 27
222.67.233.39 - - [27/May/2024:11:02:02 +0800] "GET /xingrg/all/function/internal_message.html?_=1716778922967&CODE_STATE=getMsg HTTP/1.1" 200 27
222.70.182.146 - - [27/May/2024:11:02:03 +0800] "GET /xingrg/kc/buy/cgsh_order_operate.html?command=get_materiel&rest_code=00111&code=00101009066&supplier_code=00100037&order_time=2024-05-27 HTTP/1.1" 200 416
222.69.134.83 - - [27/May/2024:11:02:07 +0800] "GET /xingrg/all/function/internal_message.html?_=1716778928315&CODE_STATE=getMsg HTTP/1.1" 200 27
180.164.6.225 - - [27/May/2024:11:02:09 +0800] "POST /xingrg/kc/buy/cgsh_order_operate.html HTTP/1.1" 200 37
124.78.157.125 - - [27/May/2024:11:02:10 +0800] "POST /xingrg/kc/buy/cgsh_order_operate.html HTTP/1.1" 200 12
180.164.6.225 - - [27/May/2024:11:02:11 +0800] "POST /xingrg/kc/buy/cgsh_order_operate.html HTTP/1.1" 200 2657
124.78.157.125 - - [27/May/2024:11:02:13 +0800] "GET /xingrg/kc/buy/cgsh_order_info.html?code=212024052707981 HTTP/1.1" 200 69568
124.78.157.125 - - [27/May/2024:11:02:13 +0800] "GET /xingrg/javascript/easyui/themes/default/validatebox.css HTTP/1.1" 404 1104
180.164.6.225 - - [27/May/2024:11:02:13 +0800] "GET /xingrg/kc/print/load_data.html?order_code=212024052707983&kc_code=cgsh&condition= HTTP/1.1" 200 685
124.78.157.125 - - [27/May/2024:11:02:14 +0800] "POST /xingrg/kc/buy/cgsh_order_operate.html HTTP/1.1" 200 608
116.238.97.31 - - [27/May/2024:11:02:16 +0800] "GET /xingrg/all/function/internal_message.html?_=1716778938506&CODE_STATE=getMsg HTTP/1.1" 200 27
180.164.6.225 - - [27/May/2024:11:02:18 +0800] "GET /xingrg/kc/buy/cgsh_order_add.html HTTP/1.1" 200 74792
124.78.157.125 - - [27/May/2024:11:02:18 +0800] "GET /xingrg/kc/print/load_data.html?order_code=212024052707981&kc_code=cgsh&condition= HTTP/1.1" 200 704
180.164.6.225 - - [27/May/2024:11:02:18 +0800] "POST /xingrg/kc/buy/cgsh_order_operate.html HTTP/1.1" 200 8245
180.164.6.225 - - [27/May/2024:11:02:18 +0800] "GET /xingrg/javascript/easyui/themes/default/validatebox.css HTTP/1.1" 404 1104
116.228.172.94 - - [27/May/2024:11:02:22 +0800] "GET /xingrg/all/function/internal_message.html?_=1716778937881&CODE_STATE=getMsg HTTP/1.1" 200 27
180.164.6.225 - - [27/May/2024:11:02:23 +0800] "GET /xingrg/all/function/internal_message.html?_=1716778942383&CODE_STATE=getMsg HTTP/1.1" 200 27
222.70.172.41 - - [27/May/2024:11:02:24 +0800] "GET /xingrg/all/function/internal_message.html?_=1716778945968&CODE_STATE=getMsg HTTP/1.1" 200 27
180.156.239.18 - - [27/May/2024:11:02:25 +0800] "GET /xingrg/kc/buy/cgsh_order_operate.html?command=get_materiel&rest_code=00150&code=00101007144&supplier_code=00100322&order_time=2024-05-27 HTTP/1.1" 200 442
180.164.6.225 - - [27/May/2024:11:02:29 +0800] "GET /xingrg/kc/buy/cgsh_order_operate.html?command=get_materiel&rest_code=00108&code=00101001037&supplier_code=00100675&order_time=2024-05-27 HTTP/1.1" 200 416
124.78.157.125 - - [27/May/2024:11:02:31 +0800] "GET /xingrg/kc/buy/cgsh_order_add.html HTTP/1.1" 200 74694
124.78.157.125 - - [27/May/2024:11:02:32 +0800] "POST /xingrg/kc/buy/cgsh_order_operate.html HTTP/1.1" 200 8245
124.78.157.125 - - [27/May/2024:11:02:32 +0800] "GET /xingrg/javascript/easyui/themes/default/validatebox.css HTTP/1.1" 404 1104
222.70.182.146 - - [27/May/2024:11:02:34 +0800] "GET /xingrg/all/function/internal_message.html?_=1716778951728&CODE_STATE=getMsg HTTP/1.1" 200 27
124.78.157.125 - - [27/May/2024:11:02:34 +0800] "GET /xingrg/javascript/easyui/themes/default/tree.css HTTP/1.1" 404 1090
124.78.157.125 - - [27/May/2024:11:02:34 +0800] "POST /xingrg/all/common/load_tree.html?tree=supplier_tree_json&isDelete=1 HTTP/1.1" 200 80320
124.78.157.125 - - [27/May/2024:11:02:35 +0800] "GET /xingrg/all/function/internal_message.html?_=1716778949357&CODE_STATE=getMsg HTTP/1.1" 200 27
180.164.6.225 - - [27/May/2024:11:02:42 +0800] "POST /xingrg/kc/buy/cgsh_order_operate.html HTTP/1.1" 200 37
180.164.6.225 - - [27/May/2024:11:02:44 +0800] "POST /xingrg/kc/buy/cgsh_order_operate.html HTTP/1.1" 200 2665
222.70.182.146 - - [27/May/2024:11:02:45 +0800] "POST /xingrg/kc/buy/cgsh_order_operate.html HTTP/1.1" 200 75
180.164.6.225 - - [27/May/2024:11:02:46 +0800] "GET /xingrg/kc/print/load_data.html?order_code=212024052707984&kc_code=cgsh&condition= HTTP/1.1" 200 676
180.156.239.18 - - [27/May/2024:11:02:49 +0800] "POST /xingrg/kc/buy/cgsh_order_operate.html HTTP/1.1" 200 37
180.164.6.225 - - [27/May/2024:11:02:51 +0800] "GET /xingrg/kc/buy/cgsh_order_add.html HTTP/1.1" 200 74792
180.164.6.225 - - [27/May/2024:11:02:51 +0800] "POST /xingrg/kc/buy/cgsh_order_operate.html HTTP/1.1" 200 8245
180.164.6.225 - - [27/May/2024:11:02:51 +0800] "GET /xingrg/javascript/easyui/themes/default/validatebox.css HTTP/1.1" 404 1104
61.165.227.88 - - [27/May/2024:11:02:53 +0800] "GET /xingrg/check_reg.html?_=1716778973137 HTTP/1.1" 302 -
124.78.157.125 - - [27/May/2024:11:02:55 +0800] "GET /xingrg/all/function/internal_message.html?_=1716778976754&CODE_STATE=getMsg HTTP/1.1" 200 27
180.156.239.18 - - [27/May/2024:11:02:56 +0800] "POST /xingrg/kc/buy/cgsh_order_operate.html HTTP/1.1" 200 12
101.83.144.49 - - [27/May/2024:11:02:58 +0800] "GET /xingrg/all/function/internal_message.html?_=1716778720212&CODE_STATE=getMsg HTTP/1.1" 200 27
180.156.239.18 - - [27/May/2024:11:02:59 +0800] "GET /xingrg/kc/buy/cgsh_order_info.html?code=212024052707986 HTTP/1.1" 200 69609
180.156.239.18 - - [27/May/2024:11:02:59 +0800] "GET /xingrg/javascript/easyui/themes/default/validatebox.css HTTP/1.1" 404 1104
180.156.239.18 - - [27/May/2024:11:03:00 +0800] "POST /xingrg/kc/buy/cgsh_order_operate.html HTTP/1.1" 200 629
101.80.230.31 - - [27/May/2024:11:03:01 +0800] "GET /xingrg/all/function/internal_message.html?_=1716778981458&CODE_STATE=getMsg HTTP/1.1" 200 27
101.80.230.31 - - [27/May/2024:11:03:01 +0800] "GET /xingrg/check_reg.html?_=1716778981459 HTTP/1.1" 200 22
222.70.172.41 - - [27/May/2024:11:03:01 +0800] "GET /xingrg/all/function/internal_message.html?_=1716778983017&CODE_STATE=getMsg HTTP/1.1" 200 27
222.70.172.41 - - [27/May/2024:11:03:02 +0800] "GET /xingrg/check_reg.html?_=1716778984506 HTTP/1.1" 200 22
222.67.233.39 - - [27/May/2024:11:03:02 +0800] "GET /xingrg/all/function/internal_message.html?_=1716778982949&CODE_STATE=getMsg HTTP/1.1" 200 27
222.70.182.146 - - [27/May/2024:11:03:07 +0800] "POST /xingrg/kc/buy/cgsh_order_operate.html HTTP/1.1" 200 37
180.164.6.225 - - [27/May/2024:11:03:07 +0800] "GET /xingrg/kc/buy/cgsh_order_operate.html?command=get_materiel&rest_code=00108&code=00101006067&supplier_code=00100330&order_time=2024-05-27 HTTP/1.1" 200 409
222.69.134.83 - - [27/May/2024:11:03:07 +0800] "GET /xingrg/all/function/internal_message.html?_=1716778988349&CODE_STATE=getMsg HTTP/1.1" 200 27
180.156.239.18 - - [27/May/2024:11:03:07 +0800] "GET /xingrg/kc/print/load_data.html?order_code=212024052707986&kc_code=cgsh&condition= HTTP/1.1" 200 723
124.78.157.125 - - [27/May/2024:11:03:09 +0800] "GET /xingrg/kc/buy/cgsh_order_operate.html?command=get_materiel&rest_code=00106&code=00101012046&supplier_code=00100487&order_time=2024-05-27 HTTP/1.1" 200 417
222.70.182.146 - - [27/May/2024:11:03:09 +0800] "POST /xingrg/kc/buy/cgsh_order_operate.html HTTP/1.1" 200 7973
222.70.182.146 - - [27/May/2024:11:03:12 +0800] "GET /xingrg/kc/buy/cgsh_order_add.html HTTP/1.1" 200 74656
222.70.182.146 - - [27/May/2024:11:03:12 +0800] "POST /xingrg/kc/buy/cgsh_order_operate.html HTTP/1.1" 200 8245
222.70.182.146 - - [27/May/2024:11:03:12 +0800] "GET /xingrg/javascript/easyui/themes/default/validatebox.css HTTP/1.1" 404 1104
116.238.97.31 - - [27/May/2024:11:03:16 +0800] "GET /xingrg/all/function/internal_message.html?_=1716778998520&CODE_STATE=getMsg HTTP/1.1" 200 27
180.164.6.225 - - [27/May/2024:11:03:19 +0800] "POST /xingrg/kc/buy/cgsh_order_operate.html HTTP/1.1" 200 37
180.164.6.225 - - [27/May/2024:11:03:21 +0800] "POST /xingrg/kc/buy/cgsh_order_operate.html HTTP/1.1" 200 2653
116.228.172.94 - - [27/May/2024:11:03:22 +0800] "GET /xingrg/all/function/internal_message.html?_=1716778997872&CODE_STATE=getMsg HTTP/1.1" 200 27
180.164.6.225 - - [27/May/2024:11:03:22 +0800] "GET /xingrg/kc/print/load_data.html?order_code=212024052707988&kc_code=cgsh&condition= HTTP/1.1" 200 690
180.164.6.225 - - [27/May/2024:11:03:23 +0800] "GET /xingrg/all/function/internal_message.html?_=1716779002386&CODE_STATE=getMsg HTTP/1.1" 200 27
222.70.172.41 - - [27/May/2024:11:03:24 +0800] "GET /xingrg/all/function/internal_message.html?_=1716779005973&CODE_STATE=getMsg HTTP/1.1" 200 27
180.164.6.225 - - [27/May/2024:11:03:26 +0800] "GET /xingrg/kc/buy/cgsh_order_add.html HTTP/1.1" 200 74792
180.164.6.225 - - [27/May/2024:11:03:26 +0800] "POST /xingrg/kc/buy/cgsh_order_operate.html HTTP/1.1" 200 8245
180.164.6.225 - - [27/May/2024:11:03:26 +0800] "GET /xingrg/javascript/easyui/themes/default/validatebox.css HTTP/1.1" 404 1104
222.70.182.146 - - [27/May/2024:11:03:27 +0800] "GET /xingrg/check_reg.html?_=1716779004985 HTTP/1.1" 200 22
222.70.182.146 - - [27/May/2024:11:03:30 +0800] "GET /xingrg/kc/buy/cgsh_order_operate.html?command=get_materiel&rest_code=00111&code=00101006398&supplier_code=00100670&order_time=2024-05-27 HTTP/1.1" 200 402
222.70.182.146 - - [27/May/2024:11:03:34 +0800] "GET /xingrg/all/function/internal_message.html?_=1716779011716&CODE_STATE=getMsg HTTP/1.1" 200 27
124.78.157.125 - - [27/May/2024:11:03:35 +0800] "GET /xingrg/all/function/internal_message.html?_=1716779009358&CODE_STATE=getMsg HTTP/1.1" 200 27
180.156.239.18 - - [27/May/2024:11:03:50 +0800] "GET /xingrg/all/function/internal_message.html?_=1716779030111&CODE_STATE=getMsg HTTP/1.1" 200 27
124.78.157.125 - - [27/May/2024:11:03:55 +0800] "GET /xingrg/all/function/internal_message.html?_=1716779036736&CODE_STATE=getMsg HTTP/1.1" 200 27
101.83.144.49 - - [27/May/2024:11:03:58 +0800] "GET /xingrg/all/function/internal_message.html?_=1716778780198&CODE_STATE=getMsg HTTP/1.1" 200 27
222.70.182.146 - - [27/May/2024:11:03:58 +0800] "GET /xingrg/kc/buy/cgsh_order_operate.html?command=get_materiel&rest_code=00111&code=00101006397&supplier_code=00100670&order_time=2024-05-27 HTTP/1.1" 200 401
116.238.97.31 - - [27/May/2024:11:03:58 +0800] "GET /xingrg/check_reg.html?_=1716779039607 HTTP/1.1" 200 22
101.80.230.31 - - [27/May/2024:11:04:01 +0800] "GET /xingrg/all/function/internal_message.html?_=1716779041461&CODE_STATE=getMsg HTTP/1.1" 200 27
222.70.172.41 - - [27/May/2024:11:04:01 +0800] "GET /xingrg/all/function/internal_message.html?_=1716779043040&CODE_STATE=getMsg HTTP/1.1" 200 27
222.67.233.39 - - [27/May/2024:11:04:02 +0800] "GET /xingrg/all/function/internal_message.html?_=1716779042936&CODE_STATE=getMsg HTTP/1.1" 200 27
222.69.134.83 - - [27/May/2024:11:04:07 +0800] "GET /xingrg/all/function/internal_message.html?_=1716779048344&CODE_STATE=getMsg HTTP/1.1" 200 27
124.78.157.125 - - [27/May/2024:11:04:15 +0800] "GET /xingrg/kc/buy/cgsh_order_operate.html?command=get_materiel&rest_code=00106&code=00101008576&supplier_code=00100487&order_time=2024-05-27 HTTP/1.1" 200 416
116.238.97.31 - - [27/May/2024:11:04:16 +0800] "GET /xingrg/all/function/internal_message.html?_=1716779058530&CODE_STATE=getMsg HTTP/1.1" 200 27
116.228.172.94 - - [27/May/2024:11:04:22 +0800] "GET /xingrg/all/function/internal_message.html?_=1716779057868&CODE_STATE=getMsg HTTP/1.1" 200 27
180.164.6.225 - - [27/May/2024:11:04:23 +0800] "GET /xingrg/all/function/internal_message.html?_=1716779062374&CODE_STATE=getMsg HTTP/1.1" 200 27
222.70.182.146 - - [27/May/2024:11:04:23 +0800] "GET /xingrg/kc/buy/cgsh_order_operate.html?command=get_materiel&rest_code=00111&code=00101006396&supplier_code=00100670&order_time=2024-05-27 HTTP/1.1" 200 406
222.70.172.41 - - [27/May/2024:11:04:24 +0800] "GET /xingrg/all/function/internal_message.html?_=1716779065987&CODE_STATE=getMsg HTTP/1.1" 200 27
120.253.135.82 - - [27/May/2024:11:04:24 +0800] "GET /xingrg/check_reg.html?_=1716778917096 HTTP/1.1" 200 22
222.70.182.146 - - [27/May/2024:11:04:33 +0800] "GET /xingrg/all/function/internal_message.html?_=1716779071692&CODE_STATE=getMsg HTTP/1.1" 200 27
124.78.157.125 - - [27/May/2024:11:04:35 +0800] "GET /xingrg/all/function/internal_message.html?_=1716779069360&CODE_STATE=getMsg HTTP/1.1" 200 27
124.78.157.125 - - [27/May/2024:11:04:37 +0800] "POST /xingrg/kc/buy/cgsh_order_operate.html HTTP/1.1" 200 37
222.70.182.146 - - [27/May/2024:11:04:40 +0800] "GET /xingrg/kc/buy/cgsh_order_operate.html?command=get_materiel&rest_code=00111&code=00101006399&supplier_code=00100670&order_time=2024-05-27 HTTP/1.1" 200 402
124.78.157.125 - - [27/May/2024:11:04:45 +0800] "POST /xingrg/kc/buy/cgsh_order_operate.html HTTP/1.1" 200 12
124.78.157.125 - - [27/May/2024:11:04:49 +0800] "GET /xingrg/kc/buy/cgsh_order_info.html?code=212024052707989 HTTP/1.1" 200 69575
124.78.157.125 - - [27/May/2024:11:04:49 +0800] "GET /xingrg/javascript/easyui/themes/default/validatebox.css HTTP/1.1" 404 1104
180.156.239.18 - - [27/May/2024:11:04:50 +0800] "GET /xingrg/all/function/internal_message.html?_=1716779090098&CODE_STATE=getMsg HTTP/1.1" 200 27
124.78.157.125 - - [27/May/2024:11:04:50 +0800] "POST /xingrg/kc/buy/cgsh_order_operate.html HTTP/1.1" 200 1800
180.156.239.18 - - [27/May/2024:11:04:51 +0800] "GET /xingrg/check_reg.html?_=1716779091470 HTTP/1.1" 200 22
124.78.157.125 - - [27/May/2024:11:04:54 +0800] "GET /xingrg/kc/print/load_data.html?order_code=212024052707989&kc_code=cgsh&condition= HTTP/1.1" 200 1167
124.78.157.125 - - [27/May/2024:11:04:55 +0800] "GET /xingrg/check_reg.html?_=1716779096752 HTTP/1.1" 200 22
124.78.157.125 - - [27/May/2024:11:04:55 +0800] "GET /xingrg/all/function/internal_message.html?_=1716779096754&CODE_STATE=getMsg HTTP/1.1" 200 27
180.156.239.18 - - [27/May/2024:11:04:57 +0800] "GET /xingrg/kc/buy/cgsh_order_add.html HTTP/1.1" 200 74744
180.156.239.18 - - [27/May/2024:11:04:57 +0800] "POST /xingrg/kc/buy/cgsh_order_operate.html HTTP/1.1" 200 8245
180.156.239.18 - - [27/May/2024:11:04:57 +0800] "GET /xingrg/javascript/easyui/themes/default/validatebox.css HTTP/1.1" 404 1104
101.83.144.49 - - [27/May/2024:11:04:57 +0800] "GET /xingrg/all/function/internal_message.html?_=1716778840183&CODE_STATE=getMsg HTTP/1.1" 200 27
101.80.230.31 - - [27/May/2024:11:05:01 +0800] "GET /xingrg/all/function/internal_message.html?_=1716779101463&CODE_STATE=getMsg HTTP/1.1" 200 27
124.78.157.125 - - [27/May/2024:11:05:01 +0800] "GET /xingrg/kc/buy/cgsh_order_add.html HTTP/1.1" 200 74694
124.78.157.125 - - [27/May/2024:11:05:01 +0800] "POST /xingrg/kc/buy/cgsh_order_operate.html HTTP/1.1" 200 8245
222.70.172.41 - - [27/May/2024:11:05:01 +0800] "GET /xingrg/all/function/internal_message.html?_=1716779103046&CODE_STATE=getMsg HTTP/1.1" 200 27
124.78.157.125 - - [27/May/2024:11:05:01 +0800] "GET /xingrg/javascript/easyui/themes/default/validatebox.css HTTP/1.1" 404 1104
222.67.233.39 - - [27/May/2024:11:05:02 +0800] "GET /xingrg/all/function/internal_message.html?_=1716779102920&CODE_STATE=getMsg HTTP/1.1" 200 27
124.78.157.125 - - [27/May/2024:11:05:03 +0800] "GET /xingrg/javascript/easyui/themes/default/tree.css HTTP/1.1" 404 1090
124.78.157.125 - - [27/May/2024:11:05:04 +0800] "POST /xingrg/all/common/load_tree.html?tree=supplier_tree_json&isDelete=1 HTTP/1.1" 200 80320
222.70.182.146 - - [27/May/2024:11:05:04 +0800] "GET /xingrg/kc/buy/cgsh_order_operate.html?command=get_materiel&rest_code=00111&code=00102026001&supplier_code=00100670&order_time=2024-05-27 HTTP/1.1" 200 409
222.69.134.83 - - [27/May/2024:11:05:07 +0800] "GET /xingrg/check_reg.html?_=1716779108283 HTTP/1.1" 200 22
222.69.134.83 - - [27/May/2024:11:05:07 +0800] "GET /xingrg/all/function/internal_message.html?_=1716779108329&CODE_STATE=getMsg HTTP/1.1" 200 27
116.238.97.31 - - [27/May/2024:11:05:16 +0800] "GET /xingrg/all/function/internal_message.html?_=1716779118543&CODE_STATE=getMsg HTTP/1.1" 200 27
180.156.239.18 - - [27/May/2024:11:05:16 +0800] "GET /xingrg/kc/buy/cgsh_order_operate.html?command=get_materiel&rest_code=00150&code=00101044035&supplier_code=00100323&order_time=2024-05-27 HTTP/1.1" 200 406
116.228.172.94 - - [27/May/2024:11:05:22 +0800] "GET /xingrg/all/function/internal_message.html?_=1716779117873&CODE_STATE=getMsg HTTP/1.1" 200 27
180.164.6.225 - - [27/May/2024:11:05:23 +0800] "GET /xingrg/all/function/internal_message.html?_=1716779122357&CODE_STATE=getMsg HTTP/1.1" 200 27
222.70.172.41 - - [27/May/2024:11:05:24 +0800] "GET /xingrg/all/function/internal_message.html?_=1716779126006&CODE_STATE=getMsg HTTP/1.1" 200 27
222.70.182.146 - - [27/May/2024:11:05:24 +0800] "POST /xingrg/kc/buy/cgsh_order_operate.html HTTP/1.1" 200 37
124.78.157.125 - - [27/May/2024:11:05:26 +0800] "GET /xingrg/kc/buy/cgsh_order_operate.html?command=get_materiel&rest_code=00106&code=00101010161&supplier_code=00100334&order_time=2024-05-27 HTTP/1.1" 200 409
180.156.239.18 - - [27/May/2024:11:05:30 +0800] "GET /xingrg/kc/buy/cgsh_order_operate.html?command=get_materiel&rest_code=00150&code=00101007216&supplier_code=00100323&order_time=2024-05-27 HTTP/1.1" 200 412
222.70.182.146 - - [27/May/2024:11:05:31 +0800] "POST /xingrg/kc/buy/cgsh_order_operate.html HTTP/1.1" 200 12
222.70.182.146 - - [27/May/2024:11:05:33 +0800] "GET /xingrg/all/function/internal_message.html?_=1716779131662&CODE_STATE=getMsg HTTP/1.1" 200 27
222.70.182.146 - - [27/May/2024:11:05:34 +0800] "GET /xingrg/kc/buy/cgsh_order_info.html?code=212024052707990 HTTP/1.1" 200 69521
222.70.182.146 - - [27/May/2024:11:05:35 +0800] "GET /xingrg/javascript/easyui/themes/default/validatebox.css HTTP/1.1" 404 1104
124.78.157.125 - - [27/May/2024:11:05:35 +0800] "GET /xingrg/check_reg.html?_=1716779129352 HTTP/1.1" 200 22
124.78.157.125 - - [27/May/2024:11:05:35 +0800] "GET /xingrg/all/function/internal_message.html?_=1716779129371&CODE_STATE=getMsg HTTP/1.1" 200 27
222.70.182.146 - - [27/May/2024:11:05:36 +0800] "POST /xingrg/kc/buy/cgsh_order_operate.html HTTP/1.1" 200 2981
222.70.182.146 - - [27/May/2024:11:05:39 +0800] "GET /xingrg/kc/print/load_data.html?order_code=212024052707990&kc_code=cgsh&condition= HTTP/1.1" 200 1584
222.67.233.39 - - [27/May/2024:11:05:43 +0800] "GET /xingrg/check_reg.html?_=1716779143895 HTTP/1.1" 200 22
222.70.182.146 - - [27/May/2024:11:05:45 +0800] "GET /xingrg/kc/buy/cgsh_order_list.html HTTP/1.1" 200 58887
124.78.157.125 - - [27/May/2024:11:05:48 +0800] "POST /xingrg/kc/buy/cgsh_order_operate.html HTTP/1.1" 200 37
180.156.239.18 - - [27/May/2024:11:05:50 +0800] "GET /xingrg/all/function/internal_message.html?_=1716779150078&CODE_STATE=getMsg HTTP/1.1" 200 27
180.156.239.18 - - [27/May/2024:11:05:53 +0800] "GET /xingrg/kc/buy/cgsh_order_operate.html?command=get_materiel&rest_code=00150&code=00101007016&supplier_code=00100323&order_time=2024-05-27 HTTP/1.1" 200 410
124.78.157.125 - - [27/May/2024:11:05:54 +0800] "POST /xingrg/kc/buy/cgsh_order_operate.html HTTP/1.1" 200 12
101.83.144.49 - - [27/May/2024:11:05:57 +0800] "GET /xingrg/all/function/internal_message.html?_=1716778900169&CODE_STATE=getMsg HTTP/1.1" 200 27
124.78.157.125 - - [27/May/2024:11:06:01 +0800] "GET /xingrg/kc/buy/cgsh_order_info.html?code=212024052707991 HTTP/1.1" 200 69569
101.80.230.31 - - [27/May/2024:11:06:01 +0800] "GET /xingrg/all/function/internal_message.html?_=1716779161465&CODE_STATE=getMsg HTTP/1.1" 200 27
124.78.157.125 - - [27/May/2024:11:06:01 +0800] "GET /xingrg/javascript/easyui/themes/default/validatebox.css HTTP/1.1" 404 1104
222.70.172.41 - - [27/May/2024:11:06:01 +0800] "GET /xingrg/all/function/internal_message.html?_=1716779163069&CODE_STATE=getMsg HTTP/1.1" 200 27
124.78.157.125 - - [27/May/2024:11:06:02 +0800] "POST /xingrg/kc/buy/cgsh_order_operate.html HTTP/1.1" 200 606
222.70.182.146 - - [27/May/2024:11:06:02 +0800] "POST /xingrg/kc/buy/cgsh_list_operate.html HTTP/1.1" 200 2509
222.67.233.39 - - [27/May/2024:11:06:02 +0800] "GET /xingrg/all/function/internal_message.html?_=1716779162905&CODE_STATE=getMsg HTTP/1.1" 200 27
222.70.182.146 - - [27/May/2024:11:06:05 +0800] "POST /xingrg/kc/buy/cgsh_list_operate.html HTTP/1.1" 200 573
124.78.157.125 - - [27/May/2024:11:06:05 +0800] "GET /xingrg/kc/print/load_data.html?order_code=212024052707991&kc_code=cgsh&condition= HTTP/1.1" 200 705
222.69.134.83 - - [27/May/2024:11:06:07 +0800] "GET /xingrg/all/function/internal_message.html?_=1716779168312&CODE_STATE=getMsg HTTP/1.1" 200 27
222.70.182.146 - - [27/May/2024:11:06:07 +0800] "GET /xingrg/kc/buy/cgsh_order_info.html?code=212024052707987 HTTP/1.1" 200 74636
222.70.182.146 - - [27/May/2024:11:06:07 +0800] "GET /xingrg/javascript/easyui/themes/default/validatebox.css HTTP/1.1" 404 1104
222.70.182.146 - - [27/May/2024:11:06:08 +0800] "POST /xingrg/kc/buy/cgsh_order_operate.html HTTP/1.1" 200 7973
180.156.239.18 - - [27/May/2024:11:06:12 +0800] "GET /xingrg/kc/buy/cgsh_order_operate.html?command=get_materiel&rest_code=00150&code=00101001100&supplier_code=00100323&order_time=2024-05-27 HTTP/1.1" 200 419
124.78.157.125 - - [27/May/2024:11:06:12 +0800] "GET /xingrg/kc/buy/cgsh_order_add.html HTTP/1.1" 200 74694
124.78.157.125 - - [27/May/2024:11:06:13 +0800] "POST /xingrg/kc/buy/cgsh_order_operate.html HTTP/1.1" 200 8245
124.78.157.125 - - [27/May/2024:11:06:13 +0800] "GET /xingrg/javascript/easyui/themes/default/validatebox.css HTTP/1.1" 404 1104
116.238.97.31 - - [27/May/2024:11:06:15 +0800] "GET /xingrg/kc/base/check_order_list.html HTTP/1.1" 200 16293
124.78.157.125 - - [27/May/2024:11:06:15 +0800] "GET /xingrg/javascript/easyui/themes/default/tree.css HTTP/1.1" 404 1090
116.238.97.31 - - [27/May/2024:11:06:15 +0800] "POST /xingrg/kc/base/check_list_operate.html HTTP/1.1" 200 781
124.78.157.125 - - [27/May/2024:11:06:15 +0800] "POST /xingrg/all/common/load_tree.html?tree=supplier_tree_json&isDelete=1 HTTP/1.1" 200 80320
116.238.97.31 - - [27/May/2024:11:06:16 +0800] "GET /xingrg/check_reg.html?_=1716779178541 HTTP/1.1" 200 22
116.238.97.31 - - [27/May/2024:11:06:16 +0800] "GET /xingrg/all/function/internal_message.html?_=1716779178543&CODE_STATE=getMsg HTTP/1.1" 200 27
116.228.172.94 - - [27/May/2024:11:06:22 +0800] "GET /xingrg/check_reg.html?_=1716779177864 HTTP/1.1" 200 22
116.228.172.94 - - [27/May/2024:11:06:22 +0800] "GET /xingrg/all/function/internal_message.html?_=1716779177866&CODE_STATE=getMsg HTTP/1.1" 200 27
180.164.6.225 - - [27/May/2024:11:06:23 +0800] "GET /xingrg/all/function/internal_message.html?_=1716779182333&CODE_STATE=getMsg HTTP/1.1" 200 27
180.164.6.225 - - [27/May/2024:11:06:23 +0800] "GET /xingrg/check_reg.html?_=1716779183017 HTTP/1.1" 200 22
222.70.172.41 - - [27/May/2024:11:06:24 +0800] "GET /xingrg/all/function/internal_message.html?_=1716779186012&CODE_STATE=getMsg HTTP/1.1" 200 27
222.70.182.146 - - [27/May/2024:11:06:33 +0800] "GET /xingrg/all/function/internal_message.html?_=1716779191640&CODE_STATE=getMsg HTTP/1.1" 200 27
124.78.157.125 - - [27/May/2024:11:06:35 +0800] "GET /xingrg/all/function/internal_message.html?_=1716779189358&CODE_STATE=getMsg HTTP/1.1" 200 27
222.70.172.41 - - [27/May/2024:11:06:37 +0800] "GET /xingrg/check_reg.html?_=1716779199225 HTTP/1.1" 200 22
124.78.157.125 - - [27/May/2024:11:06:43 +0800] "GET /xingrg/kc/buy/cgsh_order_operate.html?command=get_materiel&rest_code=00106&code=00101007085&supplier_code=00100328&order_time=2024-05-27 HTTP/1.1" 200 413
180.156.239.18 - - [27/May/2024:11:06:50 +0800] "GET /xingrg/all/function/internal_message.html?_=1716779210055&CODE_STATE=getMsg HTTP/1.1" 200 27
180.156.239.18 - - [27/May/2024:11:06:52 +0800] "POST /xingrg/kc/buy/cgsh_order_operate.html HTTP/1.1" 200 37
124.78.157.125 - - [27/May/2024:11:06:55 +0800] "GET /xingrg/all/function/internal_message.html?_=1716779216762&CODE_STATE=getMsg HTTP/1.1" 200 27
101.83.144.49 - - [27/May/2024:11:06:57 +0800] "GET /xingrg/all/function/internal_message.html?_=1716778960154&CODE_STATE=getMsg HTTP/1.1" 200 27
101.83.144.49 - - [27/May/2024:11:06:58 +0800] "GET /xingrg/check_reg.html?_=1716778960625 HTTP/1.1" 200 22
124.78.157.125 - - [27/May/2024:11:06:59 +0800] "POST /xingrg/kc/buy/cgsh_order_operate.html HTTP/1.1" 200 37
101.80.230.31 - - [27/May/2024:11:07:01 +0800] "GET /xingrg/all/function/internal_message.html?_=1716779221467&CODE_STATE=getMsg HTTP/1.1" 200 27
222.70.172.41 - - [27/May/2024:11:07:01 +0800] "GET /xingrg/all/function/internal_message.html?_=1716779223071&CODE_STATE=getMsg HTTP/1.1" 200 27
180.156.239.18 - - [27/May/2024:11:07:01 +0800] "POST /xingrg/kc/buy/cgsh_order_operate.html HTTP/1.1" 200 12
222.67.233.39 - - [27/May/2024:11:07:02 +0800] "GET /xingrg/all/function/internal_message.html?_=1716779222887&CODE_STATE=getMsg HTTP/1.1" 200 27
124.78.157.125 - - [27/May/2024:11:07:06 +0800] "POST /xingrg/kc/buy/cgsh_order_operate.html HTTP/1.1" 200 12
222.69.134.83 - - [27/May/2024:11:07:07 +0800] "GET /xingrg/all/function/internal_message.html?_=1716779228303&CODE_STATE=getMsg HTTP/1.1" 200 27
180.156.239.18 - - [27/May/2024:11:07:07 +0800] "GET /xingrg/kc/buy/cgsh_order_info.html?code=212024052707992 HTTP/1.1" 200 69618
180.156.239.18 - - [27/May/2024:11:07:07 +0800] "GET /xingrg/words/20240527094251_words.js HTTP/1.1" 304 -
180.156.239.18 - - [27/May/2024:11:07:08 +0800] "GET /xingrg/javascript/easyui/themes/default/validatebox.css HTTP/1.1" 404 1104
124.78.157.125 - - [27/May/2024:11:07:08 +0800] "GET /xingrg/kc/buy/cgsh_order_info.html?code=212024052707993 HTTP/1.1" 200 69569
180.156.239.18 - - [27/May/2024:11:07:09 +0800] "POST /xingrg/kc/buy/cgsh_order_operate.html HTTP/1.1" 200 2393
124.78.157.125 - - [27/May/2024:11:07:09 +0800] "GET /xingrg/javascript/easyui/themes/default/validatebox.css HTTP/1.1" 404 1104
124.78.157.125 - - [27/May/2024:11:07:10 +0800] "POST /xingrg/kc/buy/cgsh_order_operate.html HTTP/1.1" 200 608
124.78.157.125 - - [27/May/2024:11:07:13 +0800] "GET /xingrg/kc/print/load_data.html?order_code=212024052707993&kc_code=cgsh&condition= HTTP/1.1" 200 700
116.238.97.31 - - [27/May/2024:11:07:16 +0800] "GET /xingrg/all/function/internal_message.html?_=1716779238538&CODE_STATE=getMsg HTTP/1.1" 200 27
124.78.157.125 - - [27/May/2024:11:07:20 +0800] "GET /xingrg/kc/buy/cgsh_order_add.html HTTP/1.1" 200 74694
124.78.157.125 - - [27/May/2024:11:07:20 +0800] "POST /xingrg/kc/buy/cgsh_order_operate.html HTTP/1.1" 200 8245
124.78.157.125 - - [27/May/2024:11:07:20 +0800] "GET /xingrg/javascript/easyui/themes/default/validatebox.css HTTP/1.1" 404 1104
116.228.172.94 - - [27/May/2024:11:07:22 +0800] "GET /xingrg/all/function/internal_message.html?_=1716779237873&CODE_STATE=getMsg HTTP/1.1" 200 27
124.78.157.125 - - [27/May/2024:11:07:22 +0800] "GET /xingrg/javascript/easyui/themes/default/tree.css HTTP/1.1" 404 1090
180.164.6.225 - - [27/May/2024:11:07:23 +0800] "GET /xingrg/all/function/internal_message.html?_=1716779242331&CODE_STATE=getMsg HTTP/1.1" 200 27
124.78.157.125 - - [27/May/2024:11:07:23 +0800] "POST /xingrg/all/common/load_tree.html?tree=supplier_tree_json&isDelete=1 HTTP/1.1" 200 80320
222.70.172.41 - - [27/May/2024:11:07:24 +0800] "GET /xingrg/all/function/internal_message.html?_=1716779246038&CODE_STATE=getMsg HTTP/1.1" 200 27
180.156.239.18 - - [27/May/2024:11:07:24 +0800] "GET /xingrg/kc/print/load_data.html?order_code=212024052707992&kc_code=cgsh&condition= HTTP/1.1" 200 1403
222.70.182.146 - - [27/May/2024:11:07:33 +0800] "GET /xingrg/all/function/internal_message.html?_=1716779251610&CODE_STATE=getMsg HTTP/1.1" 200 27
124.78.157.125 - - [27/May/2024:11:07:35 +0800] "GET /xingrg/all/function/internal_message.html?_=1716779249358&CODE_STATE=getMsg HTTP/1.1" 200 27
180.156.239.18 - - [27/May/2024:11:07:50 +0800] "GET /xingrg/all/function/internal_message.html?_=1716779270056&CODE_STATE=getMsg HTTP/1.1" 200 27
124.78.157.125 - - [27/May/2024:11:07:51 +0800] "GET /xingrg/kc/buy/cgsh_order_operate.html?command=get_materiel&rest_code=00106&code=00101001256&supplier_code=00100479&order_time=2024-05-27 HTTP/1.1" 200 438
61.165.227.88 - - [27/May/2024:11:07:53 +0800] "GET /xingrg/check_reg.html?_=1716779273118 HTTP/1.1" 302 -
124.78.157.125 - - [27/May/2024:11:07:55 +0800] "GET /xingrg/all/function/internal_message.html?_=1716779276745&CODE_STATE=getMsg HTTP/1.1" 200 27
101.83.144.49 - - [27/May/2024:11:07:57 +0800] "GET /xingrg/all/function/internal_message.html?_=1716779020127&CODE_STATE=getMsg HTTP/1.1" 200 27
180.164.6.225 - - [27/May/2024:11:08:01 +0800] "POST /xingrg/kc/buy/cgsh_list_operate.html HTTP/1.1" 200 2890
101.80.230.31 - - [27/May/2024:11:08:01 +0800] "GET /xingrg/all/function/internal_message.html?_=1716779281471&CODE_STATE=getMsg HTTP/1.1" 200 27
101.80.230.31 - - [27/May/2024:11:08:01 +0800] "GET /xingrg/check_reg.html?_=1716779281471 HTTP/1.1" 200 22
222.70.172.41 - - [27/May/2024:11:08:01 +0800] "GET /xingrg/all/function/internal_message.html?_=1716779283088&CODE_STATE=getMsg HTTP/1.1" 200 27
222.70.172.41 - - [27/May/2024:11:08:02 +0800] "GET /xingrg/check_reg.html?_=1716779284516 HTTP/1.1" 200 22
222.67.233.39 - - [27/May/2024:11:08:02 +0800] "GET /xingrg/all/function/internal_message.html?_=1716779282870&CODE_STATE=getMsg HTTP/1.1" 200 27
180.164.6.225 - - [27/May/2024:11:08:05 +0800] "POST /xingrg/kc/buy/cgsh_list_operate.html HTTP/1.1" 200 560
222.69.134.83 - - [27/May/2024:11:08:07 +0800] "GET /xingrg/all/function/internal_message.html?_=1716779288286&CODE_STATE=getMsg HTTP/1.1" 200 27
124.78.157.125 - - [27/May/2024:11:08:08 +0800] "POST /xingrg/kc/buy/cgsh_order_operate.html HTTP/1.1" 200 37
180.164.6.225 - - [27/May/2024:11:08:10 +0800] "POST /xingrg/kc/buy/cgsh_list_operate.html HTTP/1.1" 200 282
180.164.6.225 - - [27/May/2024:11:08:12 +0800] "POST /xingrg/kc/buy/cgsh_list_operate.html HTTP/1.1" 200 488
180.164.6.225 - - [27/May/2024:11:08:15 +0800] "POST /xingrg/kc/buy/cgsh_list_operate.html HTTP/1.1" 200 577
116.238.97.31 - - [27/May/2024:11:08:16 +0800] "GET /xingrg/all/function/internal_message.html?_=1716779298536&CODE_STATE=getMsg HTTP/1.1" 200 27
124.78.157.125 - - [27/May/2024:11:08:19 +0800] "POST /xingrg/kc/buy/cgsh_order_operate.html HTTP/1.1" 200 12
180.164.6.225 - - [27/May/2024:11:08:19 +0800] "GET /xingrg/kc/buy/cgsh_order_info.html?code=212024042807901 HTTP/1.1" 200 69653
180.164.6.225 - - [27/May/2024:11:08:19 +0800] "GET /xingrg/words/20240527094251_words.js HTTP/1.1" 304 -
180.164.6.225 - - [27/May/2024:11:08:20 +0800] "GET /xingrg/javascript/easyui/themes/default/validatebox.css HTTP/1.1" 404 1104
180.164.6.225 - - [27/May/2024:11:08:21 +0800] "POST /xingrg/kc/buy/cgsh_order_operate.html HTTP/1.1" 200 8333
124.78.157.125 - - [27/May/2024:11:08:21 +0800] "GET /xingrg/kc/buy/cgsh_order_info.html?code=212024052707994 HTTP/1.1" 200 69573
124.78.157.125 - - [27/May/2024:11:08:21 +0800] "GET /xingrg/words/20240527094251_words.js HTTP/1.1" 304 -
124.78.157.125 - - [27/May/2024:11:08:21 +0800] "GET /xingrg/javascript/easyui/themes/default/validatebox.css HTTP/1.1" 404 1104
116.228.172.94 - - [27/May/2024:11:08:22 +0800] "GET /xingrg/all/function/internal_message.html?_=1716779297868&CODE_STATE=getMsg HTTP/1.1" 200 27
180.156.239.18 - - [27/May/2024:11:08:22 +0800] "GET /xingrg/kc/buy/cgsh_order_add.html HTTP/1.1" 200 74744
124.78.157.125 - - [27/May/2024:11:08:22 +0800] "POST /xingrg/kc/buy/cgsh_order_operate.html HTTP/1.1" 200 613
180.156.239.18 - - [27/May/2024:11:08:22 +0800] "POST /xingrg/kc/buy/cgsh_order_operate.html HTTP/1.1" 200 8245
180.156.239.18 - - [27/May/2024:11:08:22 +0800] "GET /xingrg/javascript/easyui/themes/default/validatebox.css HTTP/1.1" 404 1104
