116.238.97.31 - - [27/May/2024:11:23:57 +0800] "POST /xingrg/kc/mdqp/pssh_list_operate.html HTTP/1.1" 200 5595
101.80.230.31 - - [27/May/2024:11:23:58 +0800] "GET /xingrg/kc/buy/cgsh_order_operate.html?command=get_materiel&rest_code=00156&code=00101006184&supplier_code=00100012&order_time=2024-05-26 HTTP/1.1" 200 408
116.238.97.31 - - [27/May/2024:11:23:58 +0800] "GET /xingrg/check_reg.html?_=1716780239536 HTTP/1.1" 200 22
101.80.230.31 - - [27/May/2024:11:24:01 +0800] "GET /xingrg/all/function/internal_message.html?_=1716780241555&CODE_STATE=getMsg HTTP/1.1" 200 27
222.67.233.39 - - [27/May/2024:11:24:01 +0800] "GET /xingrg/kc/buy/cgsh_order_operate.html?command=get_materiel&rest_code=00141&code=00101001037&supplier_code=00100675&order_time=2024-05-27 HTTP/1.1" 200 416
222.70.172.41 - - [27/May/2024:11:24:01 +0800] "GET /xingrg/all/function/internal_message.html?_=1716780243350&CODE_STATE=getMsg HTTP/1.1" 200 27
222.67.233.39 - - [27/May/2024:11:24:02 +0800] "GET /xingrg/all/function/internal_message.html?_=1716780242600&CODE_STATE=getMsg HTTP/1.1" 200 27
116.238.97.31 - - [27/May/2024:11:24:03 +0800] "POST /xingrg/kc/mdqp/pssh_list_operate.html HTTP/1.1" 200 5596
101.80.230.31 - - [27/May/2024:11:24:06 +0800] "GET /xingrg/kc/buy/cgsh_order_operate.html?command=get_materiel&rest_code=00156&code=00101009025&supplier_code=00100012&order_time=2024-05-26 HTTP/1.1" 200 409
222.69.134.83 - - [27/May/2024:11:24:07 +0800] "GET /xingrg/all/function/internal_message.html?_=1716780248270&CODE_STATE=getMsg HTTP/1.1" 200 27
116.238.97.31 - - [27/May/2024:11:24:08 +0800] "POST /xingrg/kc/mdqp/pssh_list_operate.html HTTP/1.1" 200 5592
116.238.97.31 - - [27/May/2024:11:24:11 +0800] "POST /xingrg/kc/mdqp/pssh_list_operate.html HTTP/1.1" 200 360
116.238.97.31 - - [27/May/2024:11:24:16 +0800] "GET /xingrg/all/function/internal_message.html?_=1716780258532&CODE_STATE=getMsg HTTP/1.1" 200 27
222.67.233.39 - - [27/May/2024:11:24:18 +0800] "POST /xingrg/kc/buy/cgsh_order_operate.html HTTP/1.1" 200 37
101.80.230.31 - - [27/May/2024:11:24:20 +0800] "GET /xingrg/kc/buy/cgsh_order_operate.html?command=get_materiel&rest_code=00156&code=00101009087&supplier_code=00100012&order_time=2024-05-26 HTTP/1.1" 200 409
124.78.157.125 - - [27/May/2024:11:24:20 +0800] "GET /xingrg/kc/buy/cgsh_order_operate.html?command=get_materiel&rest_code=00106&code=00101006399&supplier_code=00100670&order_time=2024-05-27 HTTP/1.1" 200 402
116.228.172.94 - - [27/May/2024:11:24:22 +0800] "GET /xingrg/all/function/internal_message.html?_=1716780257868&CODE_STATE=getMsg HTTP/1.1" 200 27
180.164.6.225 - - [27/May/2024:11:24:22 +0800] "GET /xingrg/all/function/internal_message.html?_=1716780262071&CODE_STATE=getMsg HTTP/1.1" 200 27
222.70.172.41 - - [27/May/2024:11:24:24 +0800] "GET /xingrg/all/function/internal_message.html?_=1716780266273&CODE_STATE=getMsg HTTP/1.1" 200 27
120.253.135.82 - - [27/May/2024:11:24:25 +0800] "GET /xingrg/check_reg.html?_=1716780117135 HTTP/1.1" 200 22
116.238.97.31 - - [27/May/2024:11:24:25 +0800] "POST /xingrg/kc/mdqp/pssh_list_operate.html HTTP/1.1" 200 5585
222.67.233.39 - - [27/May/2024:11:24:26 +0800] "POST /xingrg/kc/buy/cgsh_order_operate.html HTTP/1.1" 200 12
116.238.97.31 - - [27/May/2024:11:24:29 +0800] "POST /xingrg/kc/mdqp/pssh_list_operate.html HTTP/1.1" 200 348
101.80.230.31 - - [27/May/2024:11:24:30 +0800] "GET /xingrg/kc/buy/cgsh_order_operate.html?command=get_materiel&rest_code=00156&code=00101009021&supplier_code=00100012&order_time=2024-05-26 HTTP/1.1" 200 417
116.232.195.13 - - [27/May/2024:11:24:31 +0800] "GET /xingrg/all/function/internal_message.html?_=1716780221647&CODE_STATE=getMsg HTTP/1.1" 200 27
222.70.182.146 - - [27/May/2024:11:24:33 +0800] "GET /xingrg/all/function/internal_message.html?_=1716780271279&CODE_STATE=getMsg HTTP/1.1" 200 27
124.78.157.125 - - [27/May/2024:11:24:35 +0800] "GET /xingrg/all/function/internal_message.html?_=1716780269385&CODE_STATE=getMsg HTTP/1.1" 200 27
222.67.233.39 - - [27/May/2024:11:24:40 +0800] "GET /xingrg/kc/buy/cgsh_order_info.html?code=212024052708015 HTTP/1.1" 200 69565
101.80.230.31 - - [27/May/2024:11:24:41 +0800] "GET /xingrg/kc/buy/cgsh_order_operate.html?command=get_materiel&rest_code=00156&code=00101007109&supplier_code=00100012&order_time=2024-05-26 HTTP/1.1" 200 408
222.67.233.39 - - [27/May/2024:11:24:41 +0800] "GET /xingrg/javascript/easyui/themes/default/validatebox.css HTTP/1.1" 404 1104
222.67.233.39 - - [27/May/2024:11:24:42 +0800] "POST /xingrg/kc/buy/cgsh_order_operate.html HTTP/1.1" 200 616
222.67.233.39 - - [27/May/2024:11:24:44 +0800] "GET /xingrg/kc/print/load_data.html?order_code=212024052708015&kc_code=cgsh&condition= HTTP/1.1" 200 704
180.169.147.146 - - [27/May/2024:11:24:48 +0800] "GET /xingrg/all/function/internal_message.html?_=1716780289342&CODE_STATE=getMsg HTTP/1.1" 200 27
222.67.233.39 - - [27/May/2024:11:24:49 +0800] "POST /xingrg/kc/buy/cgsh_order_operate.html HTTP/1.1" 200 8245
222.67.233.39 - - [27/May/2024:11:24:49 +0800] "GET /xingrg/javascript/easyui/themes/default/validatebox.css HTTP/1.1" 404 1104
180.156.239.18 - - [27/May/2024:11:24:49 +0800] "GET /xingrg/all/function/internal_message.html?_=1716780289805&CODE_STATE=getMsg HTTP/1.1" 200 27
180.156.239.18 - - [27/May/2024:11:24:51 +0800] "GET /xingrg/check_reg.html?_=1716780291476 HTTP/1.1" 200 22
124.78.157.125 - - [27/May/2024:11:24:55 +0800] "GET /xingrg/all/function/internal_message.html?_=1716780296381&CODE_STATE=getMsg HTTP/1.1" 200 27
124.78.157.125 - - [27/May/2024:11:24:55 +0800] "GET /xingrg/check_reg.html?_=1716780296785 HTTP/1.1" 200 22
101.80.230.31 - - [27/May/2024:11:24:57 +0800] "POST /xingrg/kc/buy/cgsh_order_operate.html HTTP/1.1" 200 37
101.83.144.49 - - [27/May/2024:11:24:57 +0800] "GET /xingrg/all/function/internal_message.html?_=1716780039829&CODE_STATE=getMsg HTTP/1.1" 200 27
124.78.157.125 - - [27/May/2024:11:24:59 +0800] "GET /xingrg/kc/buy/cgsh_order_operate.html?command=get_materiel&rest_code=00106&code=00102026001&supplier_code=00100670&order_time=2024-05-27 HTTP/1.1" 200 410
222.67.233.39 - - [27/May/2024:11:24:59 +0800] "GET /xingrg/kc/buy/cgsh_order_operate.html?command=get_materiel&rest_code=00141&code=00101001324&supplier_code=00100090&order_time=2024-05-27 HTTP/1.1" 200 400
101.80.230.31 - - [27/May/2024:11:25:00 +0800] "POST /xingrg/kc/buy/cgsh_order_operate.html HTTP/1.1" 200 5007
101.80.230.31 - - [27/May/2024:11:25:01 +0800] "GET /xingrg/all/function/internal_message.html?_=1716780301508&CODE_STATE=getMsg HTTP/1.1" 200 27
222.70.172.41 - - [27/May/2024:11:25:01 +0800] "GET /xingrg/all/function/internal_message.html?_=1716780303363&CODE_STATE=getMsg HTTP/1.1" 200 27
222.67.233.39 - - [27/May/2024:11:25:02 +0800] "GET /xingrg/all/function/internal_message.html?_=1716780302572&CODE_STATE=getMsg HTTP/1.1" 200 27
101.80.230.31 - - [27/May/2024:11:25:05 +0800] "GET /xingrg/kc/print/load_config.html?kc_code=cgsh HTTP/1.1" 200 1927
101.80.230.31 - - [27/May/2024:11:25:05 +0800] "GET /xingrg/kc/print/load_data.html?order_code=212024052708016&kc_code=cgsh&condition= HTTP/1.1" 200 1645
222.69.134.83 - - [27/May/2024:11:25:07 +0800] "GET /xingrg/all/function/internal_message.html?_=1716780308274&CODE_STATE=getMsg HTTP/1.1" 200 27
222.69.134.83 - - [27/May/2024:11:25:07 +0800] "GET /xingrg/check_reg.html?_=1716780308278 HTTP/1.1" 200 22
114.95.186.91 - - [27/May/2024:11:25:08 +0800] "GET /xingrg/check_reg.html?_=1716780308507 HTTP/1.1" 200 22
114.95.186.91 - - [27/May/2024:11:25:08 +0800] "GET /xingrg/all/function/internal_message.html?_=1716780308511&CODE_STATE=getMsg HTTP/1.1" 200 27
114.95.186.91 - - [27/May/2024:11:25:09 +0800] "POST /xingrg/kc/buy/cgsh_order_operate.html HTTP/1.1" 200 15748
222.67.233.39 - - [27/May/2024:11:25:09 +0800] "GET /xingrg/kc/buy/cgsh_order_operate.html?command=get_materiel&rest_code=00141&code=00101004065&supplier_code=00100090&order_time=2024-05-27 HTTP/1.1" 200 413
101.80.230.31 - - [27/May/2024:11:25:11 +0800] "GET /xingrg/kc/buy/cgsh_order_add.html HTTP/1.1" 200 74779
101.80.230.31 - - [27/May/2024:11:25:11 +0800] "POST /xingrg/kc/buy/cgsh_order_operate.html HTTP/1.1" 200 8245
101.80.230.31 - - [27/May/2024:11:25:12 +0800] "GET /xingrg/javascript/easyui/themes/default/validatebox.css HTTP/1.1" 404 1104
101.80.230.31 - - [27/May/2024:11:25:13 +0800] "GET /xingrg/all/common/auto_word.html?type=employee&rest_code=00156 HTTP/1.1" 200 47
101.80.230.31 - - [27/May/2024:11:25:13 +0800] "GET /xingrg/all/common/auto_word.html?type=employee&rest_code=00156 HTTP/1.1" 200 47
116.238.97.31 - - [27/May/2024:11:25:13 +0800] "GET /xingrg/kc/buy/cgsh_order_list.html HTTP/1.1" 200 58887
116.238.97.31 - - [27/May/2024:11:25:16 +0800] "GET /xingrg/all/function/internal_message.html?_=1716780318533&CODE_STATE=getMsg HTTP/1.1" 200 27
101.80.230.31 - - [27/May/2024:11:25:16 +0800] "GET /xingrg/javascript/jquery_tools/images/next.gif HTTP/1.1" 404 1086
101.80.230.31 - - [27/May/2024:11:25:16 +0800] "GET /xingrg/javascript/jquery_tools/images/prev.gif HTTP/1.1" 404 1086
116.228.172.94 - - [27/May/2024:11:25:22 +0800] "GET /xingrg/all/function/internal_message.html?_=1716780317875&CODE_STATE=getMsg HTTP/1.1" 200 27
180.164.6.225 - - [27/May/2024:11:25:22 +0800] "GET /xingrg/all/function/internal_message.html?_=1716780322043&CODE_STATE=getMsg HTTP/1.1" 200 27
222.67.233.39 - - [27/May/2024:11:25:23 +0800] "POST /xingrg/kc/buy/cgsh_order_operate.html HTTP/1.1" 200 37
222.70.172.41 - - [27/May/2024:11:25:24 +0800] "GET /xingrg/all/function/internal_message.html?_=1716780326298&CODE_STATE=getMsg HTTP/1.1" 200 27
180.169.147.146 - - [27/May/2024:11:25:25 +0800] "GET /favicon.ico HTTP/1.1" 404 -
116.238.97.31 - - [27/May/2024:11:25:30 +0800] "POST /xingrg/kc/buy/cgsh_list_operate.html HTTP/1.1" 200 154
101.80.230.31 - - [27/May/2024:11:25:31 +0800] "GET /xingrg/kc/buy/cgsh_order_operate.html?command=get_materiel&rest_code=00156&code=00101029022&supplier_code=00100017&order_time=2024-05-25 HTTP/1.1" 200 474
116.232.195.13 - - [27/May/2024:11:25:31 +0800] "GET /xingrg/all/function/internal_message.html?_=1716780281638&CODE_STATE=getMsg HTTP/1.1" 200 27
222.70.182.146 - - [27/May/2024:11:25:33 +0800] "GET /xingrg/all/function/internal_message.html?_=1716780331264&CODE_STATE=getMsg HTTP/1.1" 200 27
124.78.157.125 - - [27/May/2024:11:25:35 +0800] "GET /xingrg/check_reg.html?_=1716780329375 HTTP/1.1" 200 22
124.78.157.125 - - [27/May/2024:11:25:35 +0800] "GET /xingrg/all/function/internal_message.html?_=1716780329377&CODE_STATE=getMsg HTTP/1.1" 200 27
180.169.147.146 - - [27/May/2024:11:25:35 +0800] "GET /xingrg/login.html HTTP/1.1" 200 7641
222.67.233.39 - - [27/May/2024:11:25:35 +0800] "POST /xingrg/kc/buy/cgsh_order_operate.html HTTP/1.1" 200 12
222.67.233.39 - - [27/May/2024:11:25:38 +0800] "GET /xingrg/kc/buy/cgsh_order_info.html?code=212024052708017 HTTP/1.1" 200 69575
222.67.233.39 - - [27/May/2024:11:25:38 +0800] "GET /xingrg/javascript/easyui/themes/default/validatebox.css HTTP/1.1" 404 1104
180.169.147.146 - - [27/May/2024:11:25:39 +0800] "GET /favicon.ico HTTP/1.1" 404 -
222.67.233.39 - - [27/May/2024:11:25:39 +0800] "POST /xingrg/kc/buy/cgsh_order_operate.html HTTP/1.1" 200 1206
222.67.233.39 - - [27/May/2024:11:25:41 +0800] "GET /xingrg/kc/print/load_data.html?order_code=212024052708017&kc_code=cgsh&condition= HTTP/1.1" 200 1009
114.95.186.91 - - [27/May/2024:11:25:41 +0800] "GET /xingrg/kc/buy/cgsh_order_operate.html?command=get_materiel&rest_code=00160&code=00101009066&supplier_code=00100207&order_time=2024-05-26 HTTP/1.1" 200 417
120.253.135.82 - - [27/May/2024:11:25:43 +0800] "GET /xingrg/kc/pszx/mdqp_order_list.html?state=10 HTTP/1.1" 200 12925
120.253.135.82 - - [27/May/2024:11:25:43 +0800] "GET /xingrg/dwr/interface/AjaxQqpsService.js HTTP/1.1" 200 16326
120.253.135.82 - - [27/May/2024:11:25:43 +0800] "GET /xingrg/dwr/interface/AjaxReportQueryService.js HTTP/1.1" 200 13203
120.253.135.82 - - [27/May/2024:11:25:43 +0800] "GET /xingrg/dwr/engine.js HTTP/1.1" 200 43631
101.80.230.31 - - [27/May/2024:11:25:43 +0800] "GET /xingrg/kc/buy/cgsh_order_operate.html?command=get_materiel&rest_code=00156&code=00101028016&supplier_code=00100017&order_time=2024-05-25 HTTP/1.1" 200 448
222.67.233.39 - - [27/May/2024:11:25:43 +0800] "GET /xingrg/check_reg.html?_=1716780343854 HTTP/1.1" 200 22
222.67.233.39 - - [27/May/2024:11:25:47 +0800] "POST /xingrg/kc/buy/cgsh_order_operate.html HTTP/1.1" 200 8245
222.67.233.39 - - [27/May/2024:11:25:47 +0800] "GET /xingrg/javascript/easyui/themes/default/validatebox.css HTTP/1.1" 404 1104
180.169.147.146 - - [27/May/2024:11:25:48 +0800] "GET /xingrg/all/function/internal_message.html?_=1716780349345&CODE_STATE=getMsg HTTP/1.1" 200 27
180.169.147.146 - - [27/May/2024:11:25:48 +0800] "GET /xingrg/check_reg.html?_=1716780349346 HTTP/1.1" 200 22
120.253.135.82 - - [27/May/2024:11:25:49 +0800] "GET /xingrg/kc/pszx/mdqp_order_info.html?code=302024052700426 HTTP/1.1" 200 13350
120.253.135.82 - - [27/May/2024:11:25:49 +0800] "GET /xingrg/dwr/interface/AjaxQqpsService.js HTTP/1.1" 200 16326
120.253.135.82 - - [27/May/2024:11:25:49 +0800] "GET /xingrg/dwr/interface/AjaxComOrderService.js HTTP/1.1" 200 18264
120.253.135.82 - - [27/May/2024:11:25:49 +0800] "GET /xingrg/dwr/engine.js HTTP/1.1" 200 43631
180.156.239.18 - - [27/May/2024:11:25:49 +0800] "GET /xingrg/all/function/internal_message.html?_=1716780349777&CODE_STATE=getMsg HTTP/1.1" 200 27
120.253.135.82 - - [27/May/2024:11:25:50 +0800] "POST /xingrg/dwr/call/plaincall/AjaxQqpsService.loadMaterielItems.dwr HTTP/1.1" 200 350
120.253.135.82 - - [27/May/2024:11:25:52 +0800] "GET /xingrg/kc/pszx/mdqp_order_list.html?isBack=1 HTTP/1.1" 302 -
120.253.135.82 - - [27/May/2024:11:25:52 +0800] "GET /xingrg/kc/pszx/mdqp_order_list.html?state=10 HTTP/1.1" 200 12925
120.253.135.82 - - [27/May/2024:11:25:52 +0800] "GET /xingrg/dwr/interface/AjaxQqpsService.js HTTP/1.1" 200 16326
120.253.135.82 - - [27/May/2024:11:25:52 +0800] "GET /xingrg/dwr/interface/AjaxReportQueryService.js HTTP/1.1" 200 13203
120.253.135.82 - - [27/May/2024:11:25:52 +0800] "GET /xingrg/dwr/engine.js HTTP/1.1" 200 43631
120.253.135.82 - - [27/May/2024:11:25:54 +0800] "GET /xingrg/kc/pszx/mdqp_order_info.html?code=302024052700427 HTTP/1.1" 200 13350
120.253.135.82 - - [27/May/2024:11:25:54 +0800] "GET /xingrg/dwr/interface/AjaxQqpsService.js HTTP/1.1" 200 16326
120.253.135.82 - - [27/May/2024:11:25:54 +0800] "GET /xingrg/dwr/interface/AjaxComOrderService.js HTTP/1.1" 200 18264
120.253.135.82 - - [27/May/2024:11:25:54 +0800] "GET /xingrg/dwr/engine.js HTTP/1.1" 200 43631
124.78.157.125 - - [27/May/2024:11:25:55 +0800] "GET /xingrg/all/function/internal_message.html?_=1716780356358&CODE_STATE=getMsg HTTP/1.1" 200 27
120.253.135.82 - - [27/May/2024:11:25:56 +0800] "POST /xingrg/dwr/call/plaincall/AjaxQqpsService.loadMaterielItems.dwr HTTP/1.1" 200 343
124.78.157.125 - - [27/May/2024:11:25:56 +0800] "POST /xingrg/kc/buy/cgsh_order_operate.html HTTP/1.1" 200 37
101.83.144.49 - - [27/May/2024:11:25:57 +0800] "GET /xingrg/all/function/internal_message.html?_=1716780099812&CODE_STATE=getMsg HTTP/1.1" 200 27
120.253.135.82 - - [27/May/2024:11:26:00 +0800] "GET /xingrg/kc/pszx/mdqp_order_list.html?isBack=1 HTTP/1.1" 302 -
120.253.135.82 - - [27/May/2024:11:26:00 +0800] "GET /xingrg/images/yd/bt.gif HTTP/1.1" 404 1040
120.253.135.82 - - [27/May/2024:11:26:00 +0800] "GET /xingrg/images/yd/bt2.gif HTTP/1.1" 404 1042
120.253.135.82 - - [27/May/2024:11:26:00 +0800] "GET /xingrg/kc/pszx/mdqp_order_list.html?state=10 HTTP/1.1" 200 12925
120.253.135.82 - - [27/May/2024:11:26:00 +0800] "GET /xingrg/dwr/engine.js HTTP/1.1" 200 43631
120.253.135.82 - - [27/May/2024:11:26:00 +0800] "GET /xingrg/dwr/interface/AjaxQqpsService.js HTTP/1.1" 200 16326
120.253.135.82 - - [27/May/2024:11:26:00 +0800] "GET /xingrg/dwr/interface/AjaxReportQueryService.js HTTP/1.1" 200 13203
101.80.230.31 - - [27/May/2024:11:26:01 +0800] "GET /xingrg/all/function/internal_message.html?_=1716780361510&CODE_STATE=getMsg HTTP/1.1" 200 27
222.70.172.41 - - [27/May/2024:11:26:01 +0800] "GET /xingrg/all/function/internal_message.html?_=1716780363398&CODE_STATE=getMsg HTTP/1.1" 200 27
222.67.233.39 - - [27/May/2024:11:26:02 +0800] "GET /xingrg/all/function/internal_message.html?_=1716780362548&CODE_STATE=getMsg HTTP/1.1" 200 27
101.80.230.31 - - [27/May/2024:11:26:02 +0800] "POST /xingrg/kc/buy/cgsh_order_operate.html HTTP/1.1" 200 37
180.169.147.146 - - [27/May/2024:11:26:03 +0800] "POST /xingrg/login.do HTTP/1.1" 302 -
180.169.147.146 - - [27/May/2024:11:26:03 +0800] "GET /xingrg/index.html?sysBaseUrl=http%3A%2F%2F180.169.147.146%3A18081%2Fxingrg%2F&costTime=908×tamp=1716780363337 HTTP/1.1" 200 17503
180.169.147.146 - - [27/May/2024:11:26:04 +0800] "GET /favicon.ico HTTP/1.1" 404 -
180.169.147.146 - - [27/May/2024:11:26:04 +0800] "POST /xingrg/all/common/load_tree.html?tree=area_rest_tree_json&manage=1 HTTP/1.1" 200 4010
101.80.230.31 - - [27/May/2024:11:26:04 +0800] "POST /xingrg/kc/buy/cgsh_order_operate.html HTTP/1.1" 200 3319
180.169.147.146 - - [27/May/2024:11:26:05 +0800] "GET /xingrg/all/function/internal_message.html?_=1716780363427&CODE_STATE=count HTTP/1.1" 200 11
180.169.147.146 - - [27/May/2024:11:26:05 +0800] "GET /xingrg/check_reg.html?_=1716780363428 HTTP/1.1" 200 22
180.169.147.146 - - [27/May/2024:11:26:05 +0800] "POST /xingrg/load_menu.html HTTP/1.1" 200 11443
120.253.135.82 - - [27/May/2024:11:26:06 +0800] "GET /xingrg/kc/pszx/mdqp_order_info.html?code=302024052700428 HTTP/1.1" 200 13350
120.253.135.82 - - [27/May/2024:11:26:06 +0800] "GET /xingrg/dwr/engine.js HTTP/1.1" 200 43631
120.253.135.82 - - [27/May/2024:11:26:06 +0800] "GET /xingrg/dwr/interface/AjaxComOrderService.js HTTP/1.1" 200 18264
120.253.135.82 - - [27/May/2024:11:26:06 +0800] "GET /xingrg/dwr/interface/AjaxQqpsService.js HTTP/1.1" 200 16326
222.69.134.83 - - [27/May/2024:11:26:07 +0800] "GET /xingrg/all/function/internal_message.html?_=1716780368275&CODE_STATE=getMsg HTTP/1.1" 200 27
120.253.135.82 - - [27/May/2024:11:26:07 +0800] "POST /xingrg/dwr/call/plaincall/AjaxQqpsService.loadMaterielItems.dwr HTTP/1.1" 200 642
101.80.230.31 - - [27/May/2024:11:26:07 +0800] "GET /xingrg/kc/print/load_config.html?kc_code=cgsh HTTP/1.1" 200 1927
120.253.135.82 - - [27/May/2024:11:26:07 +0800] "GET /xingrg/images/yd/bt2.gif HTTP/1.1" 404 1042
120.253.135.82 - - [27/May/2024:11:26:07 +0800] "GET /xingrg/images/yd/bt.gif HTTP/1.1" 404 1040
114.95.186.91 - - [27/May/2024:11:26:08 +0800] "GET /xingrg/all/function/internal_message.html?_=1716780368504&CODE_STATE=getMsg HTTP/1.1" 200 27
101.80.230.31 - - [27/May/2024:11:26:08 +0800] "GET /xingrg/kc/print/load_data.html?order_code=212024052708019&kc_code=cgsh&condition= HTTP/1.1" 200 1022
180.169.147.146 - - [27/May/2024:11:26:09 +0800] "POST /xingrg/all/user/operate.html HTTP/1.1" 200 36
180.169.147.146 - - [27/May/2024:11:26:09 +0800] "GET /xingrg/index.html?sysBaseUrl=http%3A%2F%2F180.169.147.146%3A18081%2Fxingrg%2F&costTime=908×tamp=1716780363337 HTTP/1.1" 200 17509
180.169.147.146 - - [27/May/2024:11:26:09 +0800] "GET /xingrg/javascript/jquery_easy_ui/themes/default/easyui.css HTTP/1.1" 304 -
180.169.147.146 - - [27/May/2024:11:26:09 +0800] "GET /xingrg/javascript/jquery_easy_ui/themes/icon.css HTTP/1.1" 304 -
180.169.147.146 - - [27/May/2024:11:26:09 +0800] "GET /xingrg/css/form.css HTTP/1.1" 304 -
180.169.147.146 - - [27/May/2024:11:26:09 +0800] "GET /xingrg/javascript/jquery-1.4.2.min.js HTTP/1.1" 304 -
180.169.147.146 - - [27/May/2024:11:26:09 +0800] "GET /xingrg/javascript/jquery.timers.js HTTP/1.1" 304 -
180.169.147.146 - - [27/May/2024:11:26:09 +0800] "GET /xingrg/javascript/jquery.form.js HTTP/1.1" 304 -
180.169.147.146 - - [27/May/2024:11:26:09 +0800] "GET /xingrg/javascript/jquery_easy_ui/easyui-lang-zh_CN.js HTTP/1.1" 304 -
180.169.147.146 - - [27/May/2024:11:26:09 +0800] "GET /xingrg/javascript/jquery_easy_ui/jquery.easyui.min.js HTTP/1.1" 304 -
180.169.147.146 - - [27/May/2024:11:26:09 +0800] "GET /xingrg/javascript/jquery.utils.js HTTP/1.1" 304 -
180.169.147.146 - - [27/May/2024:11:26:09 +0800] "GET /xingrg/images/blue/jxLogo.png HTTP/1.1" 304 -
180.169.147.146 - - [27/May/2024:11:26:09 +0800] "GET /xingrg/images/blue/navBackgound.jpg HTTP/1.1" 304 -
180.169.147.146 - - [27/May/2024:11:26:09 +0800] "GET /xingrg/javascript/jquery_easy_ui/themes/icons/settle_new.png HTTP/1.1" 304 -
180.169.147.146 - - [27/May/2024:11:26:09 +0800] "GET /xingrg/all/function/internal_message.html?_=1716780367936&CODE_STATE=count HTTP/1.1" 200 11
180.169.147.146 - - [27/May/2024:11:26:09 +0800] "GET /xingrg/check_reg.html?_=1716780367937 HTTP/1.1" 200 22
180.169.147.146 - - [27/May/2024:11:26:09 +0800] "GET /xingrg/javascript/jquery_easy_ui/themes/default/images/tabs_rightarrow.png HTTP/1.1" 304 -
180.169.147.146 - - [27/May/2024:11:26:09 +0800] "GET /xingrg/javascript/jquery_easy_ui/themes/default/images/panel_tool_collapse.gif HTTP/1.1" 304 -
180.169.147.146 - - [27/May/2024:11:26:09 +0800] "GET /xingrg/javascript/jquery_easy_ui/themes/default/images/panel_tool_expand.gif HTTP/1.1" 304 -
180.169.147.146 - - [27/May/2024:11:26:09 +0800] "GET /xingrg/javascript/jquery_easy_ui/themes/default/images/tabs_leftarrow.png HTTP/1.1" 304 -
180.169.147.146 - - [27/May/2024:11:26:09 +0800] "GET /xingrg/images/blue/pingpu.png HTTP/1.1" 304 -
180.169.147.146 - - [27/May/2024:11:26:09 +0800] "POST /xingrg/all/common/load_tree.html?tree=area_rest_tree_json&manage=1 HTTP/1.1" 200 4010
180.169.147.146 - - [27/May/2024:11:26:09 +0800] "POST /xingrg/load_menu.html HTTP/1.1" 200 9959
120.253.135.82 - - [27/May/2024:11:26:10 +0800] "GET /xingrg/kc/pszx/mdqp_order_list.html?isBack=1 HTTP/1.1" 302 -
120.253.135.82 - - [27/May/2024:11:26:10 +0800] "GET /xingrg/kc/pszx/mdqp_order_list.html?state=10 HTTP/1.1" 200 12925
120.253.135.82 - - [27/May/2024:11:26:10 +0800] "GET /xingrg/dwr/interface/AjaxReportQueryService.js HTTP/1.1" 200 13203
120.253.135.82 - - [27/May/2024:11:26:10 +0800] "GET /xingrg/dwr/interface/AjaxQqpsService.js HTTP/1.1" 200 16326
120.253.135.82 - - [27/May/2024:11:26:10 +0800] "GET /xingrg/dwr/engine.js HTTP/1.1" 200 43631
124.78.157.125 - - [27/May/2024:11:26:11 +0800] "POST /xingrg/kc/buy/cgsh_order_operate.html HTTP/1.1" 200 12
120.253.135.82 - - [27/May/2024:11:26:12 +0800] "GET /xingrg/kc/pszx/mdqp_order_info.html?code=302024052700423 HTTP/1.1" 200 13350
180.169.147.146 - - [27/May/2024:11:26:12 +0800] "POST /xingrg/load_menu.html HTTP/1.1" 200 9695
120.253.135.82 - - [27/May/2024:11:26:12 +0800] "GET /xingrg/dwr/interface/AjaxQqpsService.js HTTP/1.1" 200 16326
120.253.135.82 - - [27/May/2024:11:26:12 +0800] "GET /xingrg/dwr/interface/AjaxComOrderService.js HTTP/1.1" 200 18264
120.253.135.82 - - [27/May/2024:11:26:12 +0800] "GET /xingrg/dwr/engine.js HTTP/1.1" 200 43631
120.253.135.82 - - [27/May/2024:11:26:14 +0800] "POST /xingrg/dwr/call/plaincall/AjaxQqpsService.loadMaterielItems.dwr HTTP/1.1" 200 1253
124.78.157.125 - - [27/May/2024:11:26:14 +0800] "GET /xingrg/kc/buy/cgsh_order_info.html?code=212024052708018 HTTP/1.1" 200 69559
124.78.157.125 - - [27/May/2024:11:26:14 +0800] "GET /xingrg/javascript/easyui/themes/default/validatebox.css HTTP/1.1" 404 1104
124.78.157.125 - - [27/May/2024:11:26:15 +0800] "POST /xingrg/kc/buy/cgsh_order_operate.html HTTP/1.1" 200 2985
116.238.97.31 - - [27/May/2024:11:26:16 +0800] "GET /xingrg/check_reg.html?_=1716780378546 HTTP/1.1" 200 22
116.238.97.31 - - [27/May/2024:11:26:16 +0800] "GET /xingrg/all/function/internal_message.html?_=1716780378548&CODE_STATE=getMsg HTTP/1.1" 200 27
222.67.233.39 - - [27/May/2024:11:26:17 +0800] "GET /xingrg/kc/buy/cgsh_order_operate.html?command=get_materiel&rest_code=00141&code=00101003004&supplier_code=00100093&order_time=2024-05-27 HTTP/1.1" 200 422
101.80.230.31 - - [27/May/2024:11:26:18 +0800] "GET /xingrg/kc/buy/cgsh_order_add.html HTTP/1.1" 200 74779
101.80.230.31 - - [27/May/2024:11:26:19 +0800] "POST /xingrg/kc/buy/cgsh_order_operate.html HTTP/1.1" 200 8245
124.78.157.125 - - [27/May/2024:11:26:19 +0800] "GET /xingrg/kc/print/load_data.html?order_code=212024052708018&kc_code=cgsh&condition= HTTP/1.1" 200 1591
101.80.230.31 - - [27/May/2024:11:26:19 +0800] "GET /xingrg/javascript/easyui/themes/default/validatebox.css HTTP/1.1" 404 1104
101.80.230.31 - - [27/May/2024:11:26:19 +0800] "GET /xingrg/all/common/auto_word.html?type=employee&rest_code=00156 HTTP/1.1" 200 47
101.80.230.31 - - [27/May/2024:11:26:19 +0800] "GET /xingrg/all/common/auto_word.html?type=employee&rest_code=00156 HTTP/1.1" 200 47
120.253.135.82 - - [27/May/2024:11:26:21 +0800] "GET /xingrg/kc/pszx/mdps_order_list.html?orderType=0 HTTP/1.1" 200 21313
120.253.135.82 - - [27/May/2024:11:26:22 +0800] "POST /xingrg/kc/pszx/mdps_list_operate.html HTTP/1.1" 200 5399
116.228.172.94 - - [27/May/2024:11:26:22 +0800] "GET /xingrg/all/function/internal_message.html?_=1716780377869&CODE_STATE=getMsg HTTP/1.1" 200 27
116.228.172.94 - - [27/May/2024:11:26:22 +0800] "GET /xingrg/check_reg.html?_=1716780377871 HTTP/1.1" 200 22
180.164.6.225 - - [27/May/2024:11:26:22 +0800] "GET /xingrg/all/function/internal_message.html?_=1716780382019&CODE_STATE=getMsg HTTP/1.1" 200 27
180.164.6.225 - - [27/May/2024:11:26:23 +0800] "GET /xingrg/check_reg.html?_=1716780382958 HTTP/1.1" 200 22
101.80.230.31 - - [27/May/2024:11:26:23 +0800] "GET /xingrg/javascript/jquery_tools/images/prev.gif HTTP/1.1" 404 1086
101.80.230.31 - - [27/May/2024:11:26:23 +0800] "GET /xingrg/javascript/jquery_tools/images/next.gif HTTP/1.1" 404 1086
222.70.172.41 - - [27/May/2024:11:26:24 +0800] "GET /xingrg/all/function/internal_message.html?_=1716780386301&CODE_STATE=getMsg HTTP/1.1" 200 27
124.78.157.125 - - [27/May/2024:11:26:25 +0800] "GET /xingrg/kc/buy/cgsh_order_add.html HTTP/1.1" 200 74694
124.78.157.125 - - [27/May/2024:11:26:25 +0800] "POST /xingrg/kc/buy/cgsh_order_operate.html HTTP/1.1" 200 8245
124.78.157.125 - - [27/May/2024:11:26:25 +0800] "GET /xingrg/javascript/easyui/themes/default/validatebox.css HTTP/1.1" 404 1104
124.78.157.125 - - [27/May/2024:11:26:27 +0800] "GET /xingrg/javascript/easyui/themes/default/tree.css HTTP/1.1" 404 1090
124.78.157.125 - - [27/May/2024:11:26:27 +0800] "POST /xingrg/all/common/load_tree.html?tree=supplier_tree_json&isDelete=1 HTTP/1.1" 200 80320
120.253.135.82 - - [27/May/2024:11:26:31 +0800] "POST /xingrg/kc/pszx/mdps_list_operate.html HTTP/1.1" 200 3927
116.232.195.13 - - [27/May/2024:11:26:31 +0800] "GET /xingrg/check_reg.html?_=1716780341641 HTTP/1.1" 200 22
116.232.195.13 - - [27/May/2024:11:26:31 +0800] "GET /xingrg/all/function/internal_message.html?_=1716780341642&CODE_STATE=getMsg HTTP/1.1" 200 27
222.70.182.146 - - [27/May/2024:11:26:33 +0800] "GET /xingrg/all/function/internal_message.html?_=1716780391234&CODE_STATE=getMsg HTTP/1.1" 200 27
222.67.233.39 - - [27/May/2024:11:26:34 +0800] "POST /xingrg/kc/buy/cgsh_order_operate.html HTTP/1.1" 200 37
124.78.157.125 - - [27/May/2024:11:26:35 +0800] "GET /xingrg/all/function/internal_message.html?_=1716780389376&CODE_STATE=getMsg HTTP/1.1" 200 27
120.253.135.82 - - [27/May/2024:11:26:36 +0800] "POST /xingrg/kc/pszx/mdps_list_operate.html HTTP/1.1" 200 639
114.95.186.91 - - [27/May/2024:11:26:37 +0800] "GET /xingrg/kc/buy/cgsh_order_operate.html?command=get_materiel&rest_code=00160&code=00101010242&supplier_code=00100207&order_time=2024-05-26 HTTP/1.1" 200 412
120.253.135.82 - - [27/May/2024:11:26:37 +0800] "GET /xingrg/kc/pszx/mdps_order_info.html?code=312024052600510 HTTP/1.1" 200 23978
222.70.172.41 - - [27/May/2024:11:26:37 +0800] "GET /xingrg/check_reg.html?_=1716780399241 HTTP/1.1" 200 22
120.253.135.82 - - [27/May/2024:11:26:38 +0800] "GET /xingrg/javascript/easyui/themes/default/validatebox.css HTTP/1.1" 404 1104
120.253.135.82 - - [27/May/2024:11:26:38 +0800] "POST /xingrg/kc/pszx/mdps_order_operate.html HTTP/1.1" 200 9516
222.67.233.39 - - [27/May/2024:11:26:42 +0800] "POST /xingrg/kc/buy/cgsh_order_operate.html HTTP/1.1" 200 12
120.253.135.82 - - [27/May/2024:11:26:44 +0800] "POST /xingrg/kc/pszx/mdps_order_operate.html HTTP/1.1" 200 37
222.67.233.39 - - [27/May/2024:11:26:46 +0800] "GET /xingrg/kc/buy/cgsh_order_info.html?code=212024052708020 HTTP/1.1" 200 69573
222.67.233.39 - - [27/May/2024:11:26:47 +0800] "GET /xingrg/javascript/easyui/themes/default/validatebox.css HTTP/1.1" 404 1104
222.67.233.39 - - [27/May/2024:11:26:48 +0800] "POST /xingrg/kc/buy/cgsh_order_operate.html HTTP/1.1" 200 621
180.169.147.146 - - [27/May/2024:11:26:48 +0800] "GET /xingrg/all/function/internal_message.html?_=1716780409343&CODE_STATE=getMsg HTTP/1.1" 200 27
180.156.239.18 - - [27/May/2024:11:26:49 +0800] "GET /xingrg/all/function/internal_message.html?_=1716780409776&CODE_STATE=getMsg HTTP/1.1" 200 27
222.67.233.39 - - [27/May/2024:11:26:49 +0800] "GET /xingrg/kc/print/load_data.html?order_code=212024052708020&kc_code=cgsh&condition= HTTP/1.1" 200 776
120.253.135.82 - - [27/May/2024:11:26:50 +0800] "POST /xingrg/kc/pszx/mdps_order_operate.html HTTP/1.1" 200 12
120.253.135.82 - - [27/May/2024:11:26:53 +0800] "GET /xingrg/kc/pszx/mdps_order_info.html?code=312024052600510 HTTP/1.1" 200 19638
120.253.135.82 - - [27/May/2024:11:26:53 +0800] "GET /xingrg/javascript/easyui/themes/default/validatebox.css HTTP/1.1" 404 1104
120.253.135.82 - - [27/May/2024:11:26:54 +0800] "POST /xingrg/kc/pszx/mdps_order_operate.html HTTP/1.1" 200 7659
124.78.157.125 - - [27/May/2024:11:26:55 +0800] "GET /xingrg/all/function/internal_message.html?_=1716780416349&CODE_STATE=getMsg HTTP/1.1" 200 27
114.95.186.91 - - [27/May/2024:11:26:56 +0800] "POST /xingrg/kc/buy/cgsh_order_operate.html HTTP/1.1" 200 37
120.253.135.82 - - [27/May/2024:11:26:57 +0800] "POST /xingrg/kc/pszx/mdps_list_operate.html HTTP/1.1" 200 280
124.78.157.125 - - [27/May/2024:11:26:57 +0800] "GET /xingrg/kc/buy/cgsh_order_operate.html?command=get_materiel&rest_code=00106&code=00101007233&supplier_code=00100570&order_time=2024-05-27 HTTP/1.1" 200 400
101.83.144.49 - - [27/May/2024:11:26:57 +0800] "GET /xingrg/all/function/internal_message.html?_=1716780159797&CODE_STATE=getMsg HTTP/1.1" 200 27
222.67.233.39 - - [27/May/2024:11:26:57 +0800] "POST /xingrg/kc/buy/cgsh_order_operate.html HTTP/1.1" 200 8245
222.67.233.39 - - [27/May/2024:11:26:57 +0800] "GET /xingrg/javascript/easyui/themes/default/validatebox.css HTTP/1.1" 404 1104
120.253.135.82 - - [27/May/2024:11:26:58 +0800] "GET /xingrg/kc/pszx/mdps_order_info.html?code=312024052600511 HTTP/1.1" 200 23978
101.83.144.49 - - [27/May/2024:11:26:58 +0800] "GET /xingrg/check_reg.html?_=1716780160642 HTTP/1.1" 200 22
120.253.135.82 - - [27/May/2024:11:26:58 +0800] "GET /xingrg/javascript/easyui/themes/default/validatebox.css HTTP/1.1" 404 1104
114.95.186.91 - - [27/May/2024:11:26:58 +0800] "POST /xingrg/kc/buy/cgsh_order_operate.html HTTP/1.1" 200 16948
120.253.135.82 - - [27/May/2024:11:26:59 +0800] "POST /xingrg/kc/pszx/mdps_order_operate.html HTTP/1.1" 200 2772
101.80.230.31 - - [27/May/2024:11:27:01 +0800] "GET /xingrg/all/function/internal_message.html?_=1716780421513&CODE_STATE=getMsg HTTP/1.1" 200 27
222.70.172.41 - - [27/May/2024:11:27:01 +0800] "GET /xingrg/all/function/internal_message.html?_=1716780423406&CODE_STATE=getMsg HTTP/1.1" 200 27
120.253.135.82 - - [27/May/2024:11:27:02 +0800] "POST /xingrg/kc/pszx/mdps_order_operate.html HTTP/1.1" 200 37
222.67.233.39 - - [27/May/2024:11:27:02 +0800] "GET /xingrg/all/function/internal_message.html?_=1716780422547&CODE_STATE=getMsg HTTP/1.1" 200 27
120.253.135.82 - - [27/May/2024:11:27:06 +0800] "POST /xingrg/kc/pszx/mdps_order_operate.html HTTP/1.1" 200 12
222.69.134.83 - - [27/May/2024:11:27:07 +0800] "GET /xingrg/all/function/internal_message.html?_=1716780428286&CODE_STATE=getMsg HTTP/1.1" 200 27
114.95.186.91 - - [27/May/2024:11:27:08 +0800] "GET /xingrg/all/function/internal_message.html?_=1716780428494&CODE_STATE=getMsg HTTP/1.1" 200 27
222.67.233.39 - - [27/May/2024:11:27:08 +0800] "GET /xingrg/kc/buy/cgsh_order_operate.html?command=get_materiel&rest_code=00141&code=00101009011&supplier_code=00100022&order_time=2024-05-27 HTTP/1.1" 200 416
180.169.147.146 - - [27/May/2024:11:27:09 +0800] "GET /xingrg/all/function/internal_message.html?_=1716780427948&CODE_STATE=getMsg HTTP/1.1" 200 27
120.253.135.82 - - [27/May/2024:11:27:09 +0800] "GET /xingrg/kc/pszx/mdps_order_info.html?code=312024052600511 HTTP/1.1" 200 19638
120.253.135.82 - - [27/May/2024:11:27:10 +0800] "GET /xingrg/javascript/easyui/themes/default/validatebox.css HTTP/1.1" 404 1104
120.253.135.82 - - [27/May/2024:11:27:10 +0800] "POST /xingrg/kc/pszx/mdps_order_operate.html HTTP/1.1" 200 991
124.78.157.125 - - [27/May/2024:11:27:14 +0800] "POST /xingrg/kc/buy/cgsh_order_operate.html HTTP/1.1" 200 37
120.253.135.82 - - [27/May/2024:11:27:14 +0800] "POST /xingrg/kc/pszx/mdps_list_operate.html HTTP/1.1" 200 3183
116.238.97.31 - - [27/May/2024:11:27:16 +0800] "GET /xingrg/all/function/internal_message.html?_=1716780438544&CODE_STATE=getMsg HTTP/1.1" 200 27
180.169.147.146 - - [27/May/2024:11:27:20 +0800] "GET /xingrg/kc/buy/buy_main.html HTTP/1.1" 200 12412
180.169.147.146 - - [27/May/2024:11:27:20 +0800] "GET /xingrg/css/new_ie.css HTTP/1.1" 404 1036
120.253.135.82 - - [27/May/2024:11:27:20 +0800] "POST /xingrg/kc/pszx/mdps_list_operate.html HTTP/1.1" 200 203
124.78.157.125 - - [27/May/2024:11:27:20 +0800] "POST /xingrg/kc/buy/cgsh_order_operate.html HTTP/1.1" 200 12
222.67.233.39 - - [27/May/2024:11:27:21 +0800] "GET /xingrg/kc/buy/cgsh_order_operate.html?command=get_materiel&rest_code=00141&code=00101009015&supplier_code=00100022&order_time=2024-05-27 HTTP/1.1" 200 416
120.253.135.82 - - [27/May/2024:11:27:21 +0800] "GET /xingrg/kc/pszx/mdps_order_info.html?code=312024052200445 HTTP/1.1" 200 23982
180.169.147.146 - - [27/May/2024:11:27:21 +0800] "GET /xingrg/login.html HTTP/1.1" 200 7641
120.253.135.82 - - [27/May/2024:11:27:21 +0800] "GET /xingrg/javascript/easyui/themes/default/validatebox.css HTTP/1.1" 404 1104
180.169.147.146 - - [27/May/2024:11:27:21 +0800] "GET /favicon.ico HTTP/1.1" 404 -
120.253.135.82 - - [27/May/2024:11:27:22 +0800] "POST /xingrg/kc/pszx/mdps_order_operate.html HTTP/1.1" 200 2282
116.228.172.94 - - [27/May/2024:11:27:22 +0800] "GET /xingrg/all/function/internal_message.html?_=1716780437860&CODE_STATE=getMsg HTTP/1.1" 200 27
180.164.6.225 - - [27/May/2024:11:27:22 +0800] "GET /xingrg/all/function/internal_message.html?_=1716780442004&CODE_STATE=getMsg HTTP/1.1" 200 27
124.78.157.125 - - [27/May/2024:11:27:23 +0800] "GET /xingrg/kc/buy/cgsh_order_info.html?code=212024052708021 HTTP/1.1" 200 69567
124.78.157.125 - - [27/May/2024:11:27:23 +0800] "GET /xingrg/words/20240527094251_words.js HTTP/1.1" 304 -
124.78.157.125 - - [27/May/2024:11:27:23 +0800] "GET /xingrg/javascript/easyui/themes/default/validatebox.css HTTP/1.1" 404 1104
180.169.147.146 - - [27/May/2024:11:27:24 +0800] "POST /xingrg/login.do HTTP/1.1" 302 -
180.169.147.146 - - [27/May/2024:11:27:24 +0800] "GET /xingrg/index.html?sysBaseUrl=http%3A%2F%2F180.169.147.146%3A18081%2Fxingrg%2F&costTime=1238×tamp=1716780444116 HTTP/1.1" 200 17179
180.169.147.146 - - [27/May/2024:11:27:24 +0800] "GET /favicon.ico HTTP/1.1" 404 -
180.169.147.146 - - [27/May/2024:11:27:24 +0800] "GET /xingrg/all/function/internal_message.html?_=1716780445160&CODE_STATE=count HTTP/1.1" 200 11
180.169.147.146 - - [27/May/2024:11:27:24 +0800] "GET /xingrg/check_reg.html?_=1716780445161 HTTP/1.1" 200 22
180.169.147.146 - - [27/May/2024:11:27:24 +0800] "POST /xingrg/all/common/load_tree.html?tree=area_rest_tree_json&manage=1 HTTP/1.1" 200 484
180.169.147.146 - - [27/May/2024:11:27:24 +0800] "POST /xingrg/load_menu.html HTTP/1.1" 200 5138
222.70.172.41 - - [27/May/2024:11:27:24 +0800] "GET /xingrg/all/function/internal_message.html?_=1716780446321&CODE_STATE=getMsg HTTP/1.1" 200 27
124.78.157.125 - - [27/May/2024:11:27:24 +0800] "POST /xingrg/kc/buy/cgsh_order_operate.html HTTP/1.1" 200 609
120.253.135.82 - - [27/May/2024:11:27:25 +0800] "POST /xingrg/kc/pszx/mdps_order_operate.html HTTP/1.1" 200 37
180.169.147.146 - - [27/May/2024:11:27:25 +0800] "GET /xingrg/kc/buy/buy_main.html HTTP/1.1" 200 12412
180.169.147.146 - - [27/May/2024:11:27:25 +0800] "GET /xingrg/css/new_ie.css HTTP/1.1" 404 1036
180.169.147.146 - - [27/May/2024:11:27:26 +0800] "GET /xingrg/images/yd/bt.gif HTTP/1.1" 404 1040
180.169.147.146 - - [27/May/2024:11:27:27 +0800] "GET /xingrg/kc/buy/cgsh_order_list.html HTTP/1.1" 200 58893
124.78.157.125 - - [27/May/2024:11:27:28 +0800] "GET /xingrg/kc/print/load_data.html?order_code=212024052708021&kc_code=cgsh&condition= HTTP/1.1" 200 695
180.169.147.146 - - [27/May/2024:11:27:29 +0800] "POST /xingrg/kc/buy/cgsh_list_operate.html HTTP/1.1" 200 645
222.67.233.39 - - [27/May/2024:11:27:30 +0800] "GET /xingrg/kc/buy/cgsh_order_operate.html?command=get_materiel&rest_code=00141&code=00101009004&supplier_code=00100022&order_time=2024-05-27 HTTP/1.1" 200 409
120.253.135.82 - - [27/May/2024:11:27:30 +0800] "POST /xingrg/kc/pszx/mdps_order_operate.html HTTP/1.1" 200 12
116.232.195.13 - - [27/May/2024:11:27:31 +0800] "GET /xingrg/all/function/internal_message.html?_=1716780401647&CODE_STATE=getMsg HTTP/1.1" 200 27
222.70.182.146 - - [27/May/2024:11:27:33 +0800] "GET /xingrg/all/function/internal_message.html?_=1716780451218&CODE_STATE=getMsg HTTP/1.1" 200 27
124.78.157.125 - - [27/May/2024:11:27:34 +0800] "GET /xingrg/kc/buy/buy_main.html HTTP/1.1" 200 12412
124.78.157.125 - - [27/May/2024:11:27:34 +0800] "GET /xingrg/css/new_ie.css HTTP/1.1" 404 1036
124.78.157.125 - - [27/May/2024:11:27:35 +0800] "GET /xingrg/images/yd/bt.gif HTTP/1.1" 404 1040
124.78.157.125 - - [27/May/2024:11:27:35 +0800] "GET /xingrg/all/function/internal_message.html?_=1716780449379&CODE_STATE=getMsg HTTP/1.1" 200 27
124.78.157.125 - - [27/May/2024:11:27:36 +0800] "GET /xingrg/kc/buy/cgsh_order_list.html HTTP/1.1" 200 58887
222.67.233.39 - - [27/May/2024:11:27:39 +0800] "GET /xingrg/kc/buy/cgsh_order_operate.html?command=get_materiel&rest_code=00141&code=00101009160&supplier_code=00100022&order_time=2024-05-27 HTTP/1.1" 200 415
124.78.157.125 - - [27/May/2024:11:27:40 +0800] "POST /xingrg/kc/buy/cgsh_list_operate.html HTTP/1.1" 200 1380
124.78.157.125 - - [27/May/2024:11:27:42 +0800] "GET /xingrg/kc/base/base_main.html HTTP/1.1" 200 12142
124.78.157.125 - - [27/May/2024:11:27:42 +0800] "GET /xingrg/images/blue/button/wlsy.gif HTTP/1.1" 200 2536
124.78.157.125 - - [27/May/2024:11:27:42 +0800] "GET /xingrg/images/blue/button/ckdb.gif HTTP/1.1" 200 1950
124.78.157.125 - - [27/May/2024:11:27:42 +0800] "GET /xingrg/images/blue/button/ckpd.gif HTTP/1.1" 200 2051
124.78.157.125 - - [27/May/2024:11:27:42 +0800] "GET /xingrg/images/blue/button/yddb.gif HTTP/1.1" 200 2040
124.78.157.125 - - [27/May/2024:11:27:42 +0800] "GET /xingrg/images/blue/button/down.jpg HTTP/1.1" 200 1560
124.78.157.125 - - [27/May/2024:11:27:42 +0800] "GET /xingrg/images/blue/button/top_left.jpg HTTP/1.1" 200 1632
124.78.157.125 - - [27/May/2024:11:27:42 +0800] "GET /xingrg/images/blue/button/bottom_right.jpg HTTP/1.1" 200 1436
124.78.157.125 - - [27/May/2024:11:27:42 +0800] "GET /xingrg/images/blue/button/bottom_left.jpg HTTP/1.1" 200 1524
124.78.157.125 - - [27/May/2024:11:27:42 +0800] "GET /xingrg/images/blue/button/top_right.jpg HTTP/1.1" 200 1708
124.78.157.125 - - [27/May/2024:11:27:42 +0800] "GET /xingrg/images/blue/button/left_ah.jpg HTTP/1.1" 200 1643
124.78.157.125 - - [27/May/2024:11:27:43 +0800] "GET /xingrg/kc/base/wldb_order_list.html HTTP/1.1" 200 19174
124.78.157.125 - - [27/May/2024:11:27:44 +0800] "POST /xingrg/kc/base/wldb_list_operate.html HTTP/1.1" 200 928
124.78.157.125 - - [27/May/2024:11:27:46 +0800] "GET /xingrg/kc/base/wldb_order_add.html HTTP/1.1" 200 30662
124.78.157.125 - - [27/May/2024:11:27:47 +0800] "POST /xingrg/kc/base/wldb_order_operate.html HTTP/1.1" 200 6806
124.78.157.125 - - [27/May/2024:11:27:47 +0800] "GET /xingrg/all/common/auto_word.html?type=base&rest_code=00106 HTTP/1.1" 200 1799
124.78.157.125 - - [27/May/2024:11:27:47 +0800] "GET /xingrg/all/common/auto_word.html?type=base&rest_code=00106 HTTP/1.1" 200 1799
124.78.157.125 - - [27/May/2024:11:27:47 +0800] "GET /xingrg/javascript/easyui/themes/default/validatebox.css HTTP/1.1" 404 1104
124.78.157.125 - - [27/May/2024:11:27:48 +0800] "POST /xingrg/all/common/load_combo.html?type=base HTTP/1.1" 200 3227
222.67.233.39 - - [27/May/2024:11:27:49 +0800] "GET /xingrg/kc/buy/cgsh_order_operate.html?command=get_materiel&rest_code=00141&code=00101009109&supplier_code=00100022&order_time=2024-05-27 HTTP/1.1" 200 413
180.156.239.18 - - [27/May/2024:11:27:49 +0800] "GET /xingrg/all/function/internal_message.html?_=1716780469777&CODE_STATE=getMsg HTTP/1.1" 200 27
61.165.227.88 - - [27/May/2024:11:27:53 +0800] "GET /xingrg/check_reg.html?_=1716780473062 HTTP/1.1" 302 -
124.78.157.125 - - [27/May/2024:11:27:55 +0800] "GET /xingrg/all/function/internal_message.html?_=1716780476323&CODE_STATE=getMsg HTTP/1.1" 200 27
114.95.186.91 - - [27/May/2024:11:27:56 +0800] "GET /xingrg/kc/buy/cgsh_order_operate.html?command=get_materiel&rest_code=00160&code=00101006252&supplier_code=00100207&order_time=2024-05-26 HTTP/1.1" 200 411
101.83.144.49 - - [27/May/2024:11:27:57 +0800] "GET /xingrg/all/function/internal_message.html?_=1716780219776&CODE_STATE=getMsg HTTP/1.1" 200 27
124.78.157.125 - - [27/May/2024:11:27:59 +0800] "POST /xingrg/all/common/load_combo.html?type=base HTTP/1.1" 200 3227
222.67.233.39 - - [27/May/2024:11:28:00 +0800] "GET /xingrg/kc/buy/cgsh_order_operate.html?command=get_materiel&rest_code=00141&code=00101009062&supplier_code=00100022&order_time=2024-05-27 HTTP/1.1" 200 412
101.80.230.31 - - [27/May/2024:11:28:01 +0800] "GET /xingrg/all/function/internal_message.html?_=1716780481516&CODE_STATE=getMsg HTTP/1.1" 200 27
101.80.230.31 - - [27/May/2024:11:28:01 +0800] "GET /xingrg/check_reg.html?_=1716780481517 HTTP/1.1" 200 22
222.70.172.41 - - [27/May/2024:11:28:01 +0800] "GET /xingrg/all/function/internal_message.html?_=1716780483419&CODE_STATE=getMsg HTTP/1.1" 200 27
222.67.233.39 - - [27/May/2024:11:28:02 +0800] "GET /xingrg/all/function/internal_message.html?_=1716780482522&CODE_STATE=getMsg HTTP/1.1" 200 27
222.70.172.41 - - [27/May/2024:11:28:02 +0800] "GET /xingrg/check_reg.html?_=1716780484538 HTTP/1.1" 200 22
222.69.134.83 - - [27/May/2024:11:28:07 +0800] "GET /xingrg/all/function/internal_message.html?_=1716780488277&CODE_STATE=getMsg HTTP/1.1" 200 27
180.156.239.18 - - [27/May/2024:11:28:07 +0800] "GET /xingrg/kc/buy/cgsh_order_operate.html?command=get_materiel&rest_code=00150&code=00101001115&supplier_code=00100089&order_time=2024-05-27 HTTP/1.1" 200 415
114.95.186.91 - - [27/May/2024:11:28:08 +0800] "GET /xingrg/all/function/internal_message.html?_=1716780488484&CODE_STATE=getMsg HTTP/1.1" 200 27
180.169.147.146 - - [27/May/2024:11:28:09 +0800] "GET /xingrg/all/function/internal_message.html?_=1716780487943&CODE_STATE=getMsg HTTP/1.1" 200 27
116.238.97.31 - - [27/May/2024:11:28:16 +0800] "GET /xingrg/all/function/internal_message.html?_=1716780498543&CODE_STATE=getMsg HTTP/1.1" 200 27
124.78.157.125 - - [27/May/2024:11:28:18 +0800] "GET /xingrg/kc/base/wldb_order_operate.html?command=get_materiel&rest_code=00106&base_code=0010396&code=00101013052 HTTP/1.1" 200 442
116.228.172.94 - - [27/May/2024:11:28:22 +0800] "GET /xingrg/all/function/internal_message.html?_=1716780497867&CODE_STATE=getMsg HTTP/1.1" 200 27
180.164.6.225 - - [27/May/2024:11:28:22 +0800] "GET /xingrg/all/function/internal_message.html?_=1716780501984&CODE_STATE=getMsg HTTP/1.1" 200 27
120.253.135.82 - - [27/May/2024:11:28:22 +0800] "GET /xingrg/kc/pszx/mdps_order_info.html?code=312024052200445 HTTP/1.1" 200 19642
180.169.147.146 - - [27/May/2024:11:28:22 +0800] "GET /xingrg/kc/buy/cgsh_order_add.html HTTP/1.1" 200 74747
180.169.147.146 - - [27/May/2024:11:28:22 +0800] "GET /xingrg/words/20240527094251_words.js HTTP/1.1" 304 -
180.169.147.146 - - [27/May/2024:11:28:23 +0800] "GET /xingrg/javascript/easyui/themes/default/validatebox.css HTTP/1.1" 404 1104
180.169.147.146 - - [27/May/2024:11:28:23 +0800] "POST /xingrg/kc/buy/cgsh_order_operate.html HTTP/1.1" 200 8245
180.169.147.146 - - [27/May/2024:11:28:23 +0800] "GET /xingrg/all/common/auto_word.html?type=employee&rest_code=00147 HTTP/1.1" 200 101
180.169.147.146 - - [27/May/2024:11:28:23 +0800] "GET /xingrg/all/common/auto_word.html?type=employee&rest_code=00147 HTTP/1.1" 200 101
120.253.135.82 - - [27/May/2024:11:28:23 +0800] "GET /xingrg/javascript/easyui/themes/default/validatebox.css HTTP/1.1" 404 1104
120.253.135.82 - - [27/May/2024:11:28:23 +0800] "POST /xingrg/kc/pszx/mdps_order_operate.html HTTP/1.1" 200 503
180.169.147.146 - - [27/May/2024:11:28:24 +0800] "GET /xingrg/javascript/auto/indicator.gif HTTP/1.1" 404 1066
180.169.147.146 - - [27/May/2024:11:28:24 +0800] "GET /xingrg/all/function/internal_message.html?_=1716780505169&CODE_STATE=getMsg HTTP/1.1" 200 27
114.95.186.91 - - [27/May/2024:11:28:24 +0800] "GET /xingrg/kc/buy/cgsh_order_operate.html?command=get_materiel&rest_code=00160&code=00101001002&supplier_code=00100207&order_time=2024-05-26 HTTP/1.1" 200 413
222.70.172.41 - - [27/May/2024:11:28:24 +0800] "GET /xingrg/all/function/internal_message.html?_=1716780506328&CODE_STATE=getMsg HTTP/1.1" 200 27
120.253.135.82 - - [27/May/2024:11:28:25 +0800] "POST /xingrg/kc/pszx/mdps_list_operate.html HTTP/1.1" 200 2804
222.70.182.146 - - [27/May/2024:11:28:27 +0800] "GET /xingrg/check_reg.html?_=1716780504870 HTTP/1.1" 200 22
180.169.147.146 - - [27/May/2024:11:28:27 +0800] "GET /xingrg/javascript/jquery_tools/images/prev.gif HTTP/1.1" 404 1086
180.169.147.146 - - [27/May/2024:11:28:27 +0800] "GET /xingrg/javascript/jquery_tools/images/next.gif HTTP/1.1" 404 1086
120.253.135.82 - - [27/May/2024:11:28:27 +0800] "POST /xingrg/kc/pszx/mdps_list_operate.html HTTP/1.1" 200 208
120.253.135.82 - - [27/May/2024:11:28:28 +0800] "GET /xingrg/kc/pszx/mdps_order_info.html?code=312024052600523 HTTP/1.1" 200 23978
120.253.135.82 - - [27/May/2024:11:28:29 +0800] "GET /xingrg/javascript/easyui/themes/default/validatebox.css HTTP/1.1" 404 1104
120.253.135.82 - - [27/May/2024:11:28:29 +0800] "POST /xingrg/kc/pszx/mdps_order_operate.html HTTP/1.1" 200 2300
116.232.195.13 - - [27/May/2024:11:28:31 +0800] "GET /xingrg/all/function/internal_message.html?_=1716780461660&CODE_STATE=getMsg HTTP/1.1" 200 27
180.156.239.18 - - [27/May/2024:11:28:32 +0800] "POST /xingrg/all/user/operate.html HTTP/1.1" 200 36
180.156.239.18 - - [27/May/2024:11:28:32 +0800] "GET /xingrg/index.html?sysBaseUrl=http%3A%2F%2F180.169.147.146%3A18081%2Fxingrg%2F&costTime=1291×tamp=1716771793119 HTTP/1.1" 200 17177
180.156.239.18 - - [27/May/2024:11:28:32 +0800] "GET /xingrg/javascript/jquery_easy_ui/themes/default/easyui.css HTTP/1.1" 304 -
180.156.239.18 - - [27/May/2024:11:28:32 +0800] "GET /xingrg/javascript/jquery_easy_ui/themes/icon.css HTTP/1.1" 304 -
180.156.239.18 - - [27/May/2024:11:28:32 +0800] "GET /xingrg/css/form.css HTTP/1.1" 304 -
180.156.239.18 - - [27/May/2024:11:28:32 +0800] "GET /xingrg/javascript/jquery-1.4.2.min.js HTTP/1.1" 304 -
180.156.239.18 - - [27/May/2024:11:28:32 +0800] "GET /xingrg/javascript/jquery_easy_ui/jquery.easyui.min.js HTTP/1.1" 304 -
180.156.239.18 - - [27/May/2024:11:28:32 +0800] "GET /xingrg/javascript/jquery_easy_ui/easyui-lang-zh_CN.js HTTP/1.1" 304 -
180.156.239.18 - - [27/May/2024:11:28:32 +0800] "GET /xingrg/javascript/jquery.form.js HTTP/1.1" 304 -
180.156.239.18 - - [27/May/2024:11:28:32 +0800] "GET /xingrg/javascript/jquery.utils.js HTTP/1.1" 304 -
180.156.239.18 - - [27/May/2024:11:28:32 +0800] "GET /xingrg/javascript/jquery.timers.js HTTP/1.1" 304 -
180.156.239.18 - - [27/May/2024:11:28:32 +0800] "GET /xingrg/images/blue/jxLogo.png HTTP/1.1" 304 -
180.156.239.18 - - [27/May/2024:11:28:32 +0800] "GET /xingrg/javascript/jquery_easy_ui/themes/icons/settle_new.png HTTP/1.1" 304 -
180.156.239.18 - - [27/May/2024:11:28:32 +0800] "GET /xingrg/images/blue/navBackgound.jpg HTTP/1.1" 304 -
180.156.239.18 - - [27/May/2024:11:28:32 +0800] "GET /xingrg/check_reg.html?_=1716780512723 HTTP/1.1" 200 22
180.156.239.18 - - [27/May/2024:11:28:32 +0800] "GET /xingrg/all/function/internal_message.html?_=1716780512722&CODE_STATE=count HTTP/1.1" 200 11
180.156.239.18 - - [27/May/2024:11:28:32 +0800] "GET /xingrg/javascript/jquery_easy_ui/themes/default/images/tabs_leftarrow.png HTTP/1.1" 304 -
180.156.239.18 - - [27/May/2024:11:28:32 +0800] "GET /xingrg/images/blue/pingpu.png HTTP/1.1" 304 -
180.156.239.18 - - [27/May/2024:11:28:32 +0800] "GET /xingrg/javascript/jquery_easy_ui/themes/default/images/tabs_rightarrow.png HTTP/1.1" 304 -
180.156.239.18 - - [27/May/2024:11:28:32 +0800] "GET /xingrg/javascript/jquery_easy_ui/themes/default/images/panel_tool_collapse.gif HTTP/1.1" 304 -
180.156.239.18 - - [27/May/2024:11:28:32 +0800] "POST /xingrg/all/common/load_tree.html?tree=area_rest_tree_json&manage=1 HTTP/1.1" 200 476
180.156.239.18 - - [27/May/2024:11:28:32 +0800] "POST /xingrg/load_menu.html HTTP/1.1" 200 5138
222.70.182.146 - - [27/May/2024:11:28:33 +0800] "GET /xingrg/all/function/internal_message.html?_=1716780511216&CODE_STATE=getMsg HTTP/1.1" 200 27
124.78.157.125 - - [27/May/2024:11:28:34 +0800] "GET /xingrg/kc/base/wldb_order_operate.html?command=get_materiel&rest_code=00106&base_code=0010396&code=00101019095 HTTP/1.1" 200 466
120.253.135.82 - - [27/May/2024:11:28:35 +0800] "POST /xingrg/kc/pszx/mdps_order_operate.html HTTP/1.1" 200 37
124.78.157.125 - - [27/May/2024:11:28:35 +0800] "GET /xingrg/all/function/internal_message.html?_=1716780509381&CODE_STATE=getMsg HTTP/1.1" 200 27
180.169.147.146 - - [27/May/2024:11:28:35 +0800] "GET /xingrg/kc/buy/cgsh_order_operate.html?command=get_materiel&rest_code=00147&code=00101008176&supplier_code=00100008&order_time=2024-05-27 HTTP/1.1" 200 413
180.156.239.18 - - [27/May/2024:11:28:36 +0800] "GET /xingrg/kc/buy/cgsh_order_list.html HTTP/1.1" 200 58891
