222.67.233.39 - - [22/May/2024:10:12:12 +0800] "GET /xingrg/check_reg.html?_=1716343932802 HTTP/1.1" 200 22
180.164.6.225 - - [22/May/2024:10:12:19 +0800] "GET /xingrg/all/function/internal_message.html?_=1716343939455&CODE_STATE=getMsg HTTP/1.1" 200 27
180.156.239.18 - - [22/May/2024:10:12:25 +0800] "GET /xingrg/all/function/internal_message.html?_=1716343945853&CODE_STATE=getMsg HTTP/1.1" 200 27
101.83.144.49 - - [22/May/2024:10:12:28 +0800] "GET /xingrg/all/function/internal_message.html?_=1716343692457&CODE_STATE=getMsg HTTP/1.1" 200 27
222.70.183.82 - - [22/May/2024:10:12:33 +0800] "GET /xingrg/all/function/internal_message.html?_=1716343951680&CODE_STATE=getMsg HTTP/1.1" 200 27
124.78.155.1 - - [22/May/2024:10:12:35 +0800] "GET /xingrg/kc/buy/cgsh_order_operate.html?command=get_materiel&rest_code=00106&code=00101001037&supplier_code=00100675&order_time=2024-05-22 HTTP/1.1" 200 418
101.83.144.49 - - [22/May/2024:10:12:36 +0800] "GET /xingrg/javascript/easyui/themes/default/images/button_plain_hover.png HTTP/1.1" 304 -
101.83.144.49 - - [22/May/2024:10:12:37 +0800] "GET /xingrg/kc/buy/cgsh_order_add.html HTTP/1.1" 200 74720
101.83.144.49 - - [22/May/2024:10:12:38 +0800] "GET /xingrg/javascript/easyui/themes/icons/template_new.png HTTP/1.1" 304 -
101.83.144.49 - - [22/May/2024:10:12:38 +0800] "GET /xingrg/javascript/easyui/themes/icons/ok.png HTTP/1.1" 304 -
101.83.144.49 - - [22/May/2024:10:12:38 +0800] "POST /xingrg/kc/buy/cgsh_order_operate.html HTTP/1.1" 200 8245
101.83.144.49 - - [22/May/2024:10:12:38 +0800] "GET /xingrg/javascript/easyui/themes/default/validatebox.css HTTP/1.1" 404 1104
101.83.144.49 - - [22/May/2024:10:12:38 +0800] "GET /xingrg/all/common/auto_word.html?type=employee&rest_code=00105 HTTP/1.1" 200 193
101.83.144.49 - - [22/May/2024:10:12:38 +0800] "GET /xingrg/all/common/auto_word.html?type=employee&rest_code=00105 HTTP/1.1" 200 193
180.156.239.18 - - [22/May/2024:10:12:38 +0800] "GET /xingrg/all/function/internal_message.html?_=1716343958466&CODE_STATE=getMsg HTTP/1.1" 200 27
101.80.230.31 - - [22/May/2024:10:12:47 +0800] "GET /xingrg/all/function/internal_message.html?_=1716343973154&CODE_STATE=getMsg HTTP/1.1" 200 27
116.232.195.13 - - [22/May/2024:10:12:47 +0800] "GET /xingrg/all/function/internal_message.html?_=1716343920178&CODE_STATE=getMsg HTTP/1.1" 200 27
222.69.135.47 - - [22/May/2024:10:12:56 +0800] "GET /xingrg/all/function/internal_message.html?_=1716343976986&CODE_STATE=getMsg HTTP/1.1" 200 27
222.69.135.47 - - [22/May/2024:10:12:56 +0800] "GET /xingrg/check_reg.html?_=1716343976988 HTTP/1.1" 200 22
222.67.233.39 - - [22/May/2024:10:12:57 +0800] "GET /xingrg/all/function/internal_message.html?_=1716343977362&CODE_STATE=getMsg HTTP/1.1" 200 27
120.253.135.82 - - [22/May/2024:10:12:57 +0800] "GET /xingrg/all/function/internal_message.html?_=1716343829776&CODE_STATE=getMsg HTTP/1.1" 200 27
124.78.155.1 - - [22/May/2024:10:13:05 +0800] "POST /xingrg/kc/buy/cgsh_order_operate.html HTTP/1.1" 200 37
124.78.155.1 - - [22/May/2024:10:13:07 +0800] "POST /xingrg/kc/buy/cgsh_order_operate.html HTTP/1.1" 200 2665
101.83.144.49 - - [22/May/2024:10:13:08 +0800] "GET /xingrg/check_reg.html?_=1716343990653 HTTP/1.1" 200 22
101.83.144.49 - - [22/May/2024:10:13:08 +0800] "GET /xingrg/all/function/internal_message.html?_=1716343990657&CODE_STATE=getMsg HTTP/1.1" 200 27
116.238.97.31 - - [22/May/2024:10:13:08 +0800] "GET /xingrg/all/function/internal_message.html?_=1716344001622&CODE_STATE=getMsg HTTP/1.1" 200 27
124.78.155.1 - - [22/May/2024:10:13:16 +0800] "POST /xingrg/kc/buy/cgsh_order_operate.html HTTP/1.1" 200 37
180.164.6.225 - - [22/May/2024:10:13:19 +0800] "GET /xingrg/all/function/internal_message.html?_=1716343999449&CODE_STATE=getMsg HTTP/1.1" 200 27
124.78.155.1 - - [22/May/2024:10:13:23 +0800] "POST /xingrg/kc/buy/cgsh_order_operate.html HTTP/1.1" 200 12
124.78.155.1 - - [22/May/2024:10:13:25 +0800] "GET /xingrg/kc/buy/cgsh_order_info.html?code=212024052206238 HTTP/1.1" 200 69497
180.156.239.18 - - [22/May/2024:10:13:25 +0800] "GET /xingrg/all/function/internal_message.html?_=1716344005848&CODE_STATE=getMsg HTTP/1.1" 200 27
124.78.155.1 - - [22/May/2024:10:13:25 +0800] "GET /xingrg/javascript/easyui/themes/default/validatebox.css HTTP/1.1" 404 1104
124.78.155.1 - - [22/May/2024:10:13:27 +0800] "POST /xingrg/kc/buy/cgsh_order_operate.html HTTP/1.1" 200 615
101.83.144.49 - - [22/May/2024:10:13:28 +0800] "GET /xingrg/all/function/internal_message.html?_=1716343752457&CODE_STATE=getMsg HTTP/1.1" 200 27
124.78.155.1 - - [22/May/2024:10:13:29 +0800] "GET /xingrg/kc/print/load_data.html?order_code=212024052206238&kc_code=cgsh&condition= HTTP/1.1" 200 690
222.70.183.82 - - [22/May/2024:10:13:33 +0800] "GET /xingrg/all/function/internal_message.html?_=1716344011680&CODE_STATE=getMsg HTTP/1.1" 200 27
124.78.155.1 - - [22/May/2024:10:13:35 +0800] "GET /xingrg/kc/buy/cgsh_order_add.html HTTP/1.1" 200 74632
124.78.155.1 - - [22/May/2024:10:13:35 +0800] "POST /xingrg/kc/buy/cgsh_order_operate.html HTTP/1.1" 200 8245
124.78.155.1 - - [22/May/2024:10:13:35 +0800] "GET /xingrg/javascript/easyui/themes/default/validatebox.css HTTP/1.1" 404 1104
124.78.155.1 - - [22/May/2024:10:13:37 +0800] "GET /xingrg/javascript/easyui/themes/default/tree.css HTTP/1.1" 404 1090
124.78.155.1 - - [22/May/2024:10:13:38 +0800] "POST /xingrg/all/common/load_tree.html?tree=supplier_tree_json&isDelete=1 HTTP/1.1" 200 80195
180.156.239.18 - - [22/May/2024:10:13:38 +0800] "GET /xingrg/all/function/internal_message.html?_=1716344018483&CODE_STATE=getMsg HTTP/1.1" 200 27
101.80.230.31 - - [22/May/2024:10:13:47 +0800] "GET /xingrg/all/function/internal_message.html?_=1716344033157&CODE_STATE=getMsg HTTP/1.1" 200 27
116.232.195.13 - - [22/May/2024:10:13:47 +0800] "GET /xingrg/all/function/internal_message.html?_=1716343980195&CODE_STATE=getMsg HTTP/1.1" 200 27
222.69.135.47 - - [22/May/2024:10:13:56 +0800] "GET /xingrg/all/function/internal_message.html?_=1716344036980&CODE_STATE=getMsg HTTP/1.1" 200 27
222.67.233.39 - - [22/May/2024:10:13:57 +0800] "GET /xingrg/all/function/internal_message.html?_=1716344037344&CODE_STATE=getMsg HTTP/1.1" 200 27
120.253.135.82 - - [22/May/2024:10:13:57 +0800] "GET /xingrg/all/function/internal_message.html?_=1716343889791&CODE_STATE=getMsg HTTP/1.1" 200 27
124.78.155.1 - - [22/May/2024:10:13:59 +0800] "GET /xingrg/kc/buy/cgsh_order_operate.html?command=get_materiel&rest_code=00106&code=00101001044&supplier_code=00100090&order_time=2024-05-22 HTTP/1.1" 200 413
124.78.155.1 - - [22/May/2024:10:14:00 +0800] "GET /xingrg/all/function/internal_message.html?_=1716344041417&CODE_STATE=getMsg HTTP/1.1" 200 27
101.83.144.49 - - [22/May/2024:10:14:08 +0800] "GET /xingrg/all/function/internal_message.html?_=1716344050627&CODE_STATE=getMsg HTTP/1.1" 200 27
116.238.97.31 - - [22/May/2024:10:14:08 +0800] "GET /xingrg/all/function/internal_message.html?_=1716344061612&CODE_STATE=getMsg HTTP/1.1" 200 27
120.253.135.82 - - [22/May/2024:10:14:18 +0800] "GET /xingrg/kc/pszx/mdqp_order_list.html?state=10 HTTP/1.1" 200 10459
120.253.135.82 - - [22/May/2024:10:14:18 +0800] "GET /xingrg/dwr/interface/AjaxQqpsService.js HTTP/1.1" 200 16326
120.253.135.82 - - [22/May/2024:10:14:18 +0800] "GET /xingrg/dwr/interface/AjaxReportQueryService.js HTTP/1.1" 200 13203
120.253.135.82 - - [22/May/2024:10:14:18 +0800] "GET /xingrg/dwr/engine.js HTTP/1.1" 200 43631
180.164.6.225 - - [22/May/2024:10:14:19 +0800] "GET /xingrg/all/function/internal_message.html?_=1716344059453&CODE_STATE=getMsg HTTP/1.1" 200 27
180.156.239.18 - - [22/May/2024:10:14:25 +0800] "GET /xingrg/all/function/internal_message.html?_=1716344065843&CODE_STATE=getMsg HTTP/1.1" 200 27
101.83.144.49 - - [22/May/2024:10:14:28 +0800] "GET /xingrg/all/function/internal_message.html?_=1716343812457&CODE_STATE=getMsg HTTP/1.1" 200 27
124.78.155.1 - - [22/May/2024:10:14:32 +0800] "GET /xingrg/kc/buy/cgsh_order_operate.html?command=get_materiel&rest_code=00106&code=00101003041&supplier_code=00100090&order_time=2024-05-22 HTTP/1.1" 200 418
222.70.183.82 - - [22/May/2024:10:14:33 +0800] "GET /xingrg/check_reg.html?_=1716344071680 HTTP/1.1" 200 22
222.70.183.82 - - [22/May/2024:10:14:34 +0800] "GET /xingrg/all/function/internal_message.html?_=1716344071682&CODE_STATE=getMsg HTTP/1.1" 200 27
120.253.135.82 - - [22/May/2024:10:14:35 +0800] "GET /xingrg/kc/pszx/mdqp_order_list.html?state=10 HTTP/1.1" 200 10459
120.253.135.82 - - [22/May/2024:10:14:35 +0800] "GET /xingrg/dwr/interface/AjaxQqpsService.js HTTP/1.1" 200 16326
120.253.135.82 - - [22/May/2024:10:14:35 +0800] "GET /xingrg/dwr/interface/AjaxReportQueryService.js HTTP/1.1" 200 13203
120.253.135.82 - - [22/May/2024:10:14:35 +0800] "GET /xingrg/dwr/engine.js HTTP/1.1" 200 43631
101.83.144.49 - - [22/May/2024:10:14:38 +0800] "GET /xingrg/kc/buy/cgsh_order_operate.html?command=get_materiel&rest_code=00105&code=00101010469&supplier_code=00100466&order_time=2024-05-22 HTTP/1.1" 200 428
180.156.239.18 - - [22/May/2024:10:14:38 +0800] "GET /xingrg/check_reg.html?_=1716344078486 HTTP/1.1" 200 22
180.156.239.18 - - [22/May/2024:10:14:38 +0800] "GET /xingrg/all/function/internal_message.html?_=1716344078489&CODE_STATE=getMsg HTTP/1.1" 200 27
120.253.135.82 - - [22/May/2024:10:14:40 +0800] "GET /xingrg/kc/pszx/mdqp_order_list.html?state=10 HTTP/1.1" 200 10459
120.253.135.82 - - [22/May/2024:10:14:40 +0800] "GET /xingrg/dwr/interface/AjaxQqpsService.js HTTP/1.1" 200 16326
120.253.135.82 - - [22/May/2024:10:14:40 +0800] "GET /xingrg/dwr/interface/AjaxReportQueryService.js HTTP/1.1" 200 13203
120.253.135.82 - - [22/May/2024:10:14:40 +0800] "GET /xingrg/dwr/engine.js HTTP/1.1" 200 43631
120.253.135.82 - - [22/May/2024:10:14:43 +0800] "GET /xingrg/kc/pszx/mdps_order_list.html?orderType=0 HTTP/1.1" 200 21313
120.253.135.82 - - [22/May/2024:10:14:44 +0800] "POST /xingrg/kc/pszx/mdps_list_operate.html HTTP/1.1" 200 5401
101.83.144.49 - - [22/May/2024:10:14:44 +0800] "POST /xingrg/all/common/load_select.html HTTP/1.1" 200 12
101.80.230.31 - - [22/May/2024:10:14:47 +0800] "GET /xingrg/all/function/internal_message.html?_=1716344093159&CODE_STATE=getMsg HTTP/1.1" 200 27
116.232.195.13 - - [22/May/2024:10:14:47 +0800] "GET /xingrg/all/function/internal_message.html?_=1716344040194&CODE_STATE=getMsg HTTP/1.1" 200 27
124.78.155.1 - - [22/May/2024:10:14:53 +0800] "POST /xingrg/kc/buy/cgsh_order_operate.html HTTP/1.1" 200 37
101.83.144.49 - - [22/May/2024:10:14:54 +0800] "GET /xingrg/kc/buy/cgsh_order_operate.html?command=get_materiel_price&rest_code=00105&code=00101010469&unit_code=00100020&supplier_code=00100466&order_time=2024-05-22 HTTP/1.1" 200 27
120.253.135.82 - - [22/May/2024:10:14:55 +0800] "GET /xingrg/check_reg.html?_=1716343947560 HTTP/1.1" 200 22
120.253.135.82 - - [22/May/2024:10:14:55 +0800] "GET /xingrg/kc/pszx/mdqp_order_list.html?state=10 HTTP/1.1" 200 10459
120.253.135.82 - - [22/May/2024:10:14:55 +0800] "GET /xingrg/dwr/interface/AjaxReportQueryService.js HTTP/1.1" 200 13203
120.253.135.82 - - [22/May/2024:10:14:55 +0800] "GET /xingrg/dwr/interface/AjaxQqpsService.js HTTP/1.1" 200 16326
120.253.135.82 - - [22/May/2024:10:14:55 +0800] "GET /xingrg/dwr/engine.js HTTP/1.1" 200 43631
222.69.135.47 - - [22/May/2024:10:14:56 +0800] "GET /xingrg/all/function/internal_message.html?_=1716344096988&CODE_STATE=getMsg HTTP/1.1" 200 27
222.67.233.39 - - [22/May/2024:10:14:57 +0800] "GET /xingrg/all/function/internal_message.html?_=1716344097318&CODE_STATE=getMsg HTTP/1.1" 200 27
120.253.135.82 - - [22/May/2024:10:14:57 +0800] "GET /xingrg/all/function/internal_message.html?_=1716343949977&CODE_STATE=getMsg HTTP/1.1" 200 27
124.78.155.1 - - [22/May/2024:10:15:00 +0800] "GET /xingrg/check_reg.html?_=1716344101389 HTTP/1.1" 200 22
124.78.155.1 - - [22/May/2024:10:15:00 +0800] "GET /xingrg/all/function/internal_message.html?_=1716344101392&CODE_STATE=getMsg HTTP/1.1" 200 27
124.78.155.1 - - [22/May/2024:10:15:01 +0800] "POST /xingrg/kc/buy/cgsh_order_operate.html HTTP/1.1" 200 12
124.78.155.1 - - [22/May/2024:10:15:04 +0800] "GET /xingrg/kc/buy/cgsh_order_info.html?code=212024052206239 HTTP/1.1" 200 69507
124.78.155.1 - - [22/May/2024:10:15:04 +0800] "GET /xingrg/javascript/easyui/themes/default/validatebox.css HTTP/1.1" 404 1104
124.78.155.1 - - [22/May/2024:10:15:06 +0800] "POST /xingrg/kc/buy/cgsh_order_operate.html HTTP/1.1" 200 1210
101.83.144.49 - - [22/May/2024:10:15:06 +0800] "GET /xingrg/kc/buy/cgsh_order_operate.html?command=get_materiel&rest_code=00105&code=00101010756&supplier_code=00100466&order_time=2024-05-22 HTTP/1.1" 200 454
120.253.135.82 - - [22/May/2024:10:15:07 +0800] "GET /xingrg/kc/pszx/mdqp_order_list.html?state=10 HTTP/1.1" 200 10459
120.253.135.82 - - [22/May/2024:10:15:07 +0800] "GET /xingrg/dwr/interface/AjaxQqpsService.js HTTP/1.1" 200 16326
120.253.135.82 - - [22/May/2024:10:15:07 +0800] "GET /xingrg/dwr/interface/AjaxReportQueryService.js HTTP/1.1" 200 13203
120.253.135.82 - - [22/May/2024:10:15:07 +0800] "GET /xingrg/dwr/engine.js HTTP/1.1" 200 43631
101.83.144.49 - - [22/May/2024:10:15:08 +0800] "GET /xingrg/all/function/internal_message.html?_=1716344110632&CODE_STATE=getMsg HTTP/1.1" 200 27
116.238.97.31 - - [22/May/2024:10:15:08 +0800] "GET /xingrg/all/function/internal_message.html?_=1716344121603&CODE_STATE=getMsg HTTP/1.1" 200 27
124.78.155.1 - - [22/May/2024:10:15:09 +0800] "GET /xingrg/kc/print/load_data.html?order_code=212024052206239&kc_code=cgsh&condition= HTTP/1.1" 200 1007
124.78.155.1 - - [22/May/2024:10:15:17 +0800] "GET /xingrg/kc/buy/cgsh_order_add.html HTTP/1.1" 200 74632
124.78.155.1 - - [22/May/2024:10:15:17 +0800] "GET /xingrg/javascript/easyui/themes/default/validatebox.css HTTP/1.1" 404 1104
124.78.155.1 - - [22/May/2024:10:15:17 +0800] "POST /xingrg/kc/buy/cgsh_order_operate.html HTTP/1.1" 200 8245
124.78.155.1 - - [22/May/2024:10:15:17 +0800] "GET /xingrg/javascript/jquery_easy_ui/themes/default/images/tabs_active.png HTTP/1.1" 304 -
124.78.155.1 - - [22/May/2024:10:15:19 +0800] "GET /xingrg/javascript/easyui/themes/default/tree.css HTTP/1.1" 404 1090
180.164.6.225 - - [22/May/2024:10:15:19 +0800] "GET /xingrg/check_reg.html?_=1716344119465 HTTP/1.1" 200 22
180.164.6.225 - - [22/May/2024:10:15:19 +0800] "GET /xingrg/all/function/internal_message.html?_=1716344119469&CODE_STATE=getMsg HTTP/1.1" 200 27
124.78.155.1 - - [22/May/2024:10:15:19 +0800] "POST /xingrg/all/common/load_tree.html?tree=supplier_tree_json&isDelete=1 HTTP/1.1" 200 80195
180.156.239.18 - - [22/May/2024:10:15:25 +0800] "GET /xingrg/all/function/internal_message.html?_=1716344125831&CODE_STATE=getMsg HTTP/1.1" 200 27
101.83.144.49 - - [22/May/2024:10:15:28 +0800] "GET /xingrg/all/function/internal_message.html?_=1716343872457&CODE_STATE=getMsg HTTP/1.1" 200 27
222.70.183.82 - - [22/May/2024:10:15:33 +0800] "GET /xingrg/all/function/internal_message.html?_=1716344131681&CODE_STATE=getMsg HTTP/1.1" 200 27
180.156.239.18 - - [22/May/2024:10:15:38 +0800] "GET /xingrg/all/function/internal_message.html?_=1716344138488&CODE_STATE=getMsg HTTP/1.1" 200 27
124.78.155.1 - - [22/May/2024:10:15:40 +0800] "GET /xingrg/kc/buy/cgsh_order_operate.html?command=get_materiel&rest_code=00106&code=00101003040&supplier_code=00100093&order_time=2024-05-22 HTTP/1.1" 200 415
101.80.230.31 - - [22/May/2024:10:15:47 +0800] "GET /xingrg/all/function/internal_message.html?_=1716344153162&CODE_STATE=getMsg HTTP/1.1" 200 27
101.80.230.31 - - [22/May/2024:10:15:47 +0800] "GET /xingrg/check_reg.html?_=1716344153164 HTTP/1.1" 200 22
116.232.195.13 - - [22/May/2024:10:15:47 +0800] "GET /xingrg/all/function/internal_message.html?_=1716344100191&CODE_STATE=getMsg HTTP/1.1" 200 27
116.232.195.13 - - [22/May/2024:10:15:47 +0800] "GET /xingrg/check_reg.html?_=1716344100193 HTTP/1.1" 200 22
222.69.135.47 - - [22/May/2024:10:15:56 +0800] "GET /xingrg/all/function/internal_message.html?_=1716344156983&CODE_STATE=getMsg HTTP/1.1" 200 27
222.67.233.39 - - [22/May/2024:10:15:57 +0800] "GET /xingrg/all/function/internal_message.html?_=1716344157299&CODE_STATE=getMsg HTTP/1.1" 200 27
120.253.135.82 - - [22/May/2024:10:15:57 +0800] "GET /xingrg/all/function/internal_message.html?_=1716344009989&CODE_STATE=getMsg HTTP/1.1" 200 27
124.78.155.1 - - [22/May/2024:10:16:05 +0800] "POST /xingrg/kc/buy/cgsh_order_operate.html HTTP/1.1" 200 37
101.83.144.49 - - [22/May/2024:10:16:08 +0800] "GET /xingrg/kc/buy/cgsh_order_operate.html?command=get_materiel&rest_code=00105&code=00101010220&supplier_code=00100466&order_time=2024-05-22 HTTP/1.1" 200 433
101.83.144.49 - - [22/May/2024:10:16:08 +0800] "GET /xingrg/all/function/internal_message.html?_=1716344170641&CODE_STATE=getMsg HTTP/1.1" 200 27
116.238.97.31 - - [22/May/2024:10:16:08 +0800] "GET /xingrg/all/function/internal_message.html?_=1716344181593&CODE_STATE=getMsg HTTP/1.1" 200 27
116.238.97.31 - - [22/May/2024:10:16:09 +0800] "GET /xingrg/check_reg.html?_=1716344181985 HTTP/1.1" 200 22
124.78.155.1 - - [22/May/2024:10:16:12 +0800] "POST /xingrg/kc/buy/cgsh_order_operate.html HTTP/1.1" 200 12
124.78.155.1 - - [22/May/2024:10:16:15 +0800] "GET /xingrg/kc/buy/cgsh_order_info.html?code=212024052206240 HTTP/1.1" 200 69505
124.78.155.1 - - [22/May/2024:10:16:15 +0800] "GET /xingrg/javascript/easyui/themes/default/validatebox.css HTTP/1.1" 404 1104
124.78.155.1 - - [22/May/2024:10:16:16 +0800] "POST /xingrg/kc/buy/cgsh_order_operate.html HTTP/1.1" 200 616
124.78.155.1 - - [22/May/2024:10:16:19 +0800] "GET /xingrg/kc/print/load_data.html?order_code=212024052206240&kc_code=cgsh&condition= HTTP/1.1" 200 763
180.164.6.225 - - [22/May/2024:10:16:19 +0800] "GET /xingrg/all/function/internal_message.html?_=1716344179459&CODE_STATE=getMsg HTTP/1.1" 200 27
124.78.155.1 - - [22/May/2024:10:16:24 +0800] "GET /xingrg/kc/buy/cgsh_order_add.html HTTP/1.1" 200 74632
124.78.155.1 - - [22/May/2024:10:16:24 +0800] "POST /xingrg/kc/buy/cgsh_order_operate.html HTTP/1.1" 200 8245
124.78.155.1 - - [22/May/2024:10:16:24 +0800] "GET /xingrg/javascript/easyui/themes/default/validatebox.css HTTP/1.1" 404 1104
180.156.239.18 - - [22/May/2024:10:16:25 +0800] "GET /xingrg/check_reg.html?_=1716344185856 HTTP/1.1" 200 22
180.156.239.18 - - [22/May/2024:10:16:25 +0800] "GET /xingrg/all/function/internal_message.html?_=1716344185854&CODE_STATE=getMsg HTTP/1.1" 200 27
124.78.155.1 - - [22/May/2024:10:16:26 +0800] "GET /xingrg/javascript/easyui/themes/default/tree.css HTTP/1.1" 404 1090
124.78.155.1 - - [22/May/2024:10:16:27 +0800] "POST /xingrg/all/common/load_tree.html?tree=supplier_tree_json&isDelete=1 HTTP/1.1" 200 80195
101.83.144.49 - - [22/May/2024:10:16:28 +0800] "GET /xingrg/check_reg.html?_=1716343932458 HTTP/1.1" 200 22
101.83.144.49 - - [22/May/2024:10:16:28 +0800] "GET /xingrg/all/function/internal_message.html?_=1716343932461&CODE_STATE=getMsg HTTP/1.1" 200 27
101.83.144.49 - - [22/May/2024:10:16:31 +0800] "GET /xingrg/kc/buy/cgsh_order_operate.html?command=get_materiel&rest_code=00105&code=00101010668&supplier_code=00100466&order_time=2024-05-22 HTTP/1.1" 200 422
222.70.183.82 - - [22/May/2024:10:16:33 +0800] "GET /xingrg/all/function/internal_message.html?_=1716344191679&CODE_STATE=getMsg HTTP/1.1" 200 27
180.156.239.18 - - [22/May/2024:10:16:38 +0800] "GET /xingrg/all/function/internal_message.html?_=1716344198489&CODE_STATE=getMsg HTTP/1.1" 200 27
101.83.144.49 - - [22/May/2024:10:16:43 +0800] "POST /xingrg/all/common/load_select.html HTTP/1.1" 200 25
101.83.144.49 - - [22/May/2024:10:16:46 +0800] "GET /xingrg/kc/buy/cgsh_order_operate.html?command=get_materiel_price&rest_code=00105&code=00101010668&unit_code=00100228&supplier_code=00100466&order_time=2024-05-22 HTTP/1.1" 200 27
116.232.195.13 - - [22/May/2024:10:16:47 +0800] "GET /xingrg/index.html?sysBaseUrl=http%3A%2F%2F180.169.147.146%3A18081%2Fxingrg%2F&costTime=1779×tamp=1684631389383 HTTP/1.1" 200 17179
101.80.230.31 - - [22/May/2024:10:16:47 +0800] "GET /xingrg/all/function/internal_message.html?_=1716344213163&CODE_STATE=getMsg HTTP/1.1" 200 27
116.232.195.13 - - [22/May/2024:10:16:47 +0800] "GET /xingrg/javascript/jquery_easy_ui/themes/default/easyui.css HTTP/1.1" 200 26500
116.232.195.13 - - [22/May/2024:10:16:47 +0800] "GET /xingrg/javascript/jquery_easy_ui/themes/icon.css HTTP/1.1" 200 3949
116.232.195.13 - - [22/May/2024:10:16:47 +0800] "GET /xingrg/css/form.css HTTP/1.1" 200 893
116.232.195.13 - - [22/May/2024:10:16:47 +0800] "GET /xingrg/javascript/jquery-1.4.2.min.js HTTP/1.1" 200 72205
116.232.195.13 - - [22/May/2024:10:16:47 +0800] "GET /xingrg/javascript/jquery_easy_ui/easyui-lang-zh_CN.js HTTP/1.1" 200 1900
116.232.195.13 - - [22/May/2024:10:16:47 +0800] "GET /xingrg/javascript/jquery.form.js HTTP/1.1" 200 23110
116.232.195.13 - - [22/May/2024:10:16:47 +0800] "GET /xingrg/javascript/jquery_easy_ui/jquery.easyui.min.js HTTP/1.1" 200 213662
116.232.195.13 - - [22/May/2024:10:16:47 +0800] "GET /xingrg/javascript/jquery.utils.js HTTP/1.1" 200 11805
116.232.195.13 - - [22/May/2024:10:16:47 +0800] "GET /xingrg/javascript/jquery.timers.js HTTP/1.1" 200 3532
116.232.195.13 - - [22/May/2024:10:16:47 +0800] "GET /xingrg/images/blue/jxLogo.png HTTP/1.1" 200 6156
116.232.195.13 - - [22/May/2024:10:16:48 +0800] "GET /xingrg/images/blue/navBackgound.jpg HTTP/1.1" 200 12378
116.232.195.13 - - [22/May/2024:10:16:48 +0800] "GET /xingrg/javascript/jquery_easy_ui/themes/icons/settle_new.png HTTP/1.1" 200 826
116.232.195.13 - - [22/May/2024:10:16:48 +0800] "POST /xingrg/all/common/load_tree.html?tree=area_rest_tree_json&manage=1 HTTP/1.1" 200 479
116.232.195.13 - - [22/May/2024:10:16:48 +0800] "GET /xingrg/check_reg.html?_=1716344160867 HTTP/1.1" 200 22
116.232.195.13 - - [22/May/2024:10:16:48 +0800] "GET /xingrg/all/function/internal_message.html?_=1716344160866&CODE_STATE=count HTTP/1.1" 200 11
116.232.195.13 - - [22/May/2024:10:16:48 +0800] "GET /xingrg/images/blue/pingpu.png HTTP/1.1" 200 231
116.232.195.13 - - [22/May/2024:10:16:48 +0800] "GET /xingrg/javascript/jquery_easy_ui/themes/default/images/tabs_leftarrow.png HTTP/1.1" 200 389
116.232.195.13 - - [22/May/2024:10:16:48 +0800] "GET /xingrg/javascript/jquery_easy_ui/themes/default/images/tabs_rightarrow.png HTTP/1.1" 200 395
116.232.195.13 - - [22/May/2024:10:16:48 +0800] "GET /xingrg/javascript/jquery_easy_ui/themes/default/images/panel_tool_collapse.gif HTTP/1.1" 200 246
116.232.195.13 - - [22/May/2024:10:16:48 +0800] "POST /xingrg/load_menu.html HTTP/1.1" 200 5138
116.232.195.13 - - [22/May/2024:10:16:48 +0800] "GET /favicon.ico HTTP/1.1" 404 -
116.232.195.13 - - [22/May/2024:10:16:48 +0800] "GET /xingrg/javascript/jquery_easy_ui/themes/default/images/tree_arrows.gif HTTP/1.1" 200 1043
116.232.195.13 - - [22/May/2024:10:16:48 +0800] "GET /xingrg/javascript/jquery_easy_ui/themes/default/images/tree_folder_open.gif HTTP/1.1" 200 956
116.232.195.13 - - [22/May/2024:10:16:48 +0800] "GET /xingrg/javascript/jquery_easy_ui/themes/default/images/tree_folder.gif HTTP/1.1" 200 952
116.232.195.13 - - [22/May/2024:10:16:48 +0800] "GET /xingrg/javascript/jquery_easy_ui/themes/icons/search_new.png HTTP/1.1" 200 586
116.232.195.13 - - [22/May/2024:10:16:48 +0800] "GET /xingrg/javascript/jquery_easy_ui/themes/icons/storage_new.png HTTP/1.1" 200 853
116.232.195.13 - - [22/May/2024:10:16:48 +0800] "GET /xingrg/javascript/jquery_easy_ui/themes/icons/forms_new.png HTTP/1.1" 200 350
116.232.195.13 - - [22/May/2024:10:16:48 +0800] "GET /xingrg/javascript/jquery_easy_ui/themes/default/images/tree_file.gif HTTP/1.1" 200 118
116.232.195.13 - - [22/May/2024:10:16:52 +0800] "GET /xingrg/javascript/jquery_easy_ui/themes/default/images/tabs_close.gif HTTP/1.1" 200 829
116.232.195.13 - - [22/May/2024:10:16:52 +0800] "GET /xingrg/kc/buy/cgsh_order_list.html HTTP/1.1" 200 58831
116.232.195.13 - - [22/May/2024:10:16:52 +0800] "GET /xingrg/css/site.css HTTP/1.1" 200 7541
116.232.195.13 - - [22/May/2024:10:16:52 +0800] "GET /xingrg/css/base.css HTTP/1.1" 200 2811
116.232.195.13 - - [22/May/2024:10:16:52 +0800] "GET /xingrg/javascript/jquery_tools/datebox.css HTTP/1.1" 200 2597
116.232.195.13 - - [22/May/2024:10:16:52 +0800] "GET /xingrg/javascript/easyui/themes/default/easyui.css HTTP/1.1" 200 30432
116.232.195.13 - - [22/May/2024:10:16:52 +0800] "GET /xingrg/javascript/easyui/themes/icon.css HTTP/1.1" 200 4483
116.232.195.13 - - [22/May/2024:10:16:52 +0800] "GET /xingrg/javascript/auto/jquery.autocomplete.css HTTP/1.1" 200 587
116.232.195.13 - - [22/May/2024:10:16:52 +0800] "GET /xingrg/javascript/jquery_tools/fix.css HTTP/1.1" 200 1702
116.232.195.13 - - [22/May/2024:10:16:52 +0800] "GET /xingrg/javascript/jquery_tools/jquery.tools.extend.js HTTP/1.1" 200 15385
116.232.195.13 - - [22/May/2024:10:16:52 +0800] "GET /xingrg/javascript/jquery_tools/list_manager.js HTTP/1.1" 200 3652
116.232.195.13 - - [22/May/2024:10:16:52 +0800] "GET /xingrg/javascript/jquery_tools/jquery.tools.table.js HTTP/1.1" 200 6994
116.232.195.13 - - [22/May/2024:10:16:52 +0800] "GET /xingrg/javascript/easyui/easyloader.js HTTP/1.1" 200 5975
116.232.195.13 - - [22/May/2024:10:16:52 +0800] "GET /xingrg/javascript/auto/jquery.autocomplete.js HTTP/1.1" 200 21624
116.232.195.13 - - [22/May/2024:10:16:52 +0800] "GET /xingrg/javascript/jquery.cookie.js HTTP/1.1" 200 5513
116.232.195.13 - - [22/May/2024:10:16:52 +0800] "GET /xingrg/javascript/jquery_tools/jquery.tools.hotkey.js HTTP/1.1" 200 3242
116.232.195.13 - - [22/May/2024:10:16:52 +0800] "GET /xingrg/javascript/jquery_tools/table.css HTTP/1.1" 200 1032
116.232.195.13 - - [22/May/2024:10:16:52 +0800] "GET /xingrg/javascript/jquery_tools/jquery.tools.min.js HTTP/1.1" 200 138801
116.232.195.13 - - [22/May/2024:10:16:52 +0800] "GET /xingrg/javascript/print/LodopFuncs.js HTTP/1.1" 200 5121
116.232.195.13 - - [22/May/2024:10:16:53 +0800] "GET /xingrg/javascript/easyui/themes/icons/cance_new.png HTTP/1.1" 200 3986
116.232.195.13 - - [22/May/2024:10:16:53 +0800] "GET /xingrg/javascript/easyui/themes/icons/edit_add_new.png HTTP/1.1" 200 2997
116.232.195.13 - - [22/May/2024:10:16:53 +0800] "GET /xingrg/javascript/easyui/themes/icons/field_new.png HTTP/1.1" 200 1097
116.232.195.13 - - [22/May/2024:10:16:53 +0800] "GET /xingrg/javascript/easyui/themes/icons/check_new.png HTTP/1.1" 200 3224
116.232.195.13 - - [22/May/2024:10:16:53 +0800] "GET /xingrg/javascript/easyui/themes/icons/import_new.png HTTP/1.1" 200 1247
116.232.195.13 - - [22/May/2024:10:16:53 +0800] "GET /xingrg/javascript/easyui/plugins/jquery.parser.js HTTP/1.1" 200 1142
116.232.195.13 - - [22/May/2024:10:16:53 +0800] "GET /xingrg/images/control/ajaxLoader.gif HTTP/1.1" 200 4659
116.232.195.13 - - [22/May/2024:10:16:55 +0800] "POST /xingrg/kc/buy/cgsh_list_operate.html HTTP/1.1" 200 645
222.69.135.47 - - [22/May/2024:10:16:56 +0800] "GET /xingrg/all/function/internal_message.html?_=1716344216980&CODE_STATE=getMsg HTTP/1.1" 200 27
222.67.233.39 - - [22/May/2024:10:16:57 +0800] "GET /xingrg/all/function/internal_message.html?_=1716344217283&CODE_STATE=getMsg HTTP/1.1" 200 27
120.253.135.82 - - [22/May/2024:10:16:57 +0800] "GET /xingrg/all/function/internal_message.html?_=1716344070004&CODE_STATE=getMsg HTTP/1.1" 200 27
124.78.155.1 - - [22/May/2024:10:16:59 +0800] "GET /xingrg/kc/buy/cgsh_order_operate.html?command=get_materiel&rest_code=00106&code=00101001060&supplier_code=00100442&order_time=2024-05-22 HTTP/1.1" 200 421
124.78.155.1 - - [22/May/2024:10:17:00 +0800] "GET /xingrg/all/function/internal_message.html?_=1716344221410&CODE_STATE=getMsg HTTP/1.1" 200 27
101.83.144.49 - - [22/May/2024:10:17:08 +0800] "GET /xingrg/all/function/internal_message.html?_=1716344230685&CODE_STATE=getMsg HTTP/1.1" 200 27
116.238.97.31 - - [22/May/2024:10:17:08 +0800] "GET /xingrg/all/function/internal_message.html?_=1716344241573&CODE_STATE=getMsg HTTP/1.1" 200 27
222.67.233.39 - - [22/May/2024:10:17:12 +0800] "GET /xingrg/check_reg.html?_=1716344232772 HTTP/1.1" 200 22
180.164.6.225 - - [22/May/2024:10:17:19 +0800] "GET /xingrg/all/function/internal_message.html?_=1716344239460&CODE_STATE=getMsg HTTP/1.1" 200 27
180.156.239.18 - - [22/May/2024:10:17:25 +0800] "GET /xingrg/all/function/internal_message.html?_=1716344245850&CODE_STATE=getMsg HTTP/1.1" 200 27
101.83.144.49 - - [22/May/2024:10:17:26 +0800] "GET /xingrg/kc/buy/cgsh_order_operate.html?command=get_materiel&rest_code=00105&code=00101010219&supplier_code=00100466&order_time=2024-05-22 HTTP/1.1" 200 419
124.78.155.1 - - [22/May/2024:10:17:27 +0800] "GET /xingrg/kc/buy/cgsh_order_operate.html?command=get_materiel&rest_code=00106&code=00101002007&supplier_code=00100442&order_time=2024-05-22 HTTP/1.1" 200 409
101.83.144.49 - - [22/May/2024:10:17:28 +0800] "GET /xingrg/all/function/internal_message.html?_=1716343992461&CODE_STATE=getMsg HTTP/1.1" 200 27
222.70.183.82 - - [22/May/2024:10:17:33 +0800] "GET /xingrg/all/function/internal_message.html?_=1716344251679&CODE_STATE=getMsg HTTP/1.1" 200 27
180.156.239.18 - - [22/May/2024:10:17:38 +0800] "GET /xingrg/all/function/internal_message.html?_=1716344258494&CODE_STATE=getMsg HTTP/1.1" 200 27
101.80.230.31 - - [22/May/2024:10:17:47 +0800] "GET /xingrg/all/function/internal_message.html?_=1716344273166&CODE_STATE=getMsg HTTP/1.1" 200 27
116.232.195.13 - - [22/May/2024:10:17:48 +0800] "GET /xingrg/all/function/internal_message.html?_=1716344220890&CODE_STATE=getMsg HTTP/1.1" 200 27
124.78.155.1 - - [22/May/2024:10:17:51 +0800] "POST /xingrg/kc/buy/cgsh_order_operate.html HTTP/1.1" 200 37
222.69.135.47 - - [22/May/2024:10:17:56 +0800] "GET /xingrg/check_reg.html?_=1716344276991 HTTP/1.1" 200 22
222.69.135.47 - - [22/May/2024:10:17:56 +0800] "GET /xingrg/all/function/internal_message.html?_=1716344276986&CODE_STATE=getMsg HTTP/1.1" 200 27
222.67.233.39 - - [22/May/2024:10:17:57 +0800] "GET /xingrg/all/function/internal_message.html?_=1716344277264&CODE_STATE=getMsg HTTP/1.1" 200 27
120.253.135.82 - - [22/May/2024:10:17:57 +0800] "GET /xingrg/all/function/internal_message.html?_=1716344130120&CODE_STATE=getMsg HTTP/1.1" 200 27
124.78.155.1 - - [22/May/2024:10:17:58 +0800] "POST /xingrg/kc/buy/cgsh_order_operate.html HTTP/1.1" 200 12
124.78.155.1 - - [22/May/2024:10:18:00 +0800] "GET /xingrg/all/function/internal_message.html?_=1716344281388&CODE_STATE=getMsg HTTP/1.1" 200 27
124.78.155.1 - - [22/May/2024:10:18:00 +0800] "GET /xingrg/kc/buy/cgsh_order_info.html?code=212024052206241 HTTP/1.1" 200 69505
124.78.155.1 - - [22/May/2024:10:18:01 +0800] "GET /xingrg/javascript/easyui/themes/default/validatebox.css HTTP/1.1" 404 1104
124.78.155.1 - - [22/May/2024:10:18:02 +0800] "POST /xingrg/kc/buy/cgsh_order_operate.html HTTP/1.1" 200 1207
124.78.155.1 - - [22/May/2024:10:18:05 +0800] "GET /xingrg/kc/print/load_data.html?order_code=212024052206241&kc_code=cgsh&condition= HTTP/1.1" 200 936
101.83.144.49 - - [22/May/2024:10:18:08 +0800] "GET /xingrg/check_reg.html?_=1716344290641 HTTP/1.1" 200 22
101.83.144.49 - - [22/May/2024:10:18:08 +0800] "GET /xingrg/all/function/internal_message.html?_=1716344290662&CODE_STATE=getMsg HTTP/1.1" 200 27
116.238.97.31 - - [22/May/2024:10:18:08 +0800] "GET /xingrg/all/function/internal_message.html?_=1716344301563&CODE_STATE=getMsg HTTP/1.1" 200 27
124.78.155.1 - - [22/May/2024:10:18:11 +0800] "GET /xingrg/kc/buy/cgsh_order_add.html HTTP/1.1" 200 74632
124.78.155.1 - - [22/May/2024:10:18:11 +0800] "POST /xingrg/kc/buy/cgsh_order_operate.html HTTP/1.1" 200 8245
124.78.155.1 - - [22/May/2024:10:18:11 +0800] "GET /xingrg/javascript/easyui/themes/default/validatebox.css HTTP/1.1" 404 1104
124.78.155.1 - - [22/May/2024:10:18:13 +0800] "GET /xingrg/javascript/easyui/themes/default/tree.css HTTP/1.1" 404 1090
124.78.155.1 - - [22/May/2024:10:18:13 +0800] "POST /xingrg/all/common/load_tree.html?tree=supplier_tree_json&isDelete=1 HTTP/1.1" 200 80195
180.164.6.225 - - [22/May/2024:10:18:19 +0800] "GET /xingrg/all/function/internal_message.html?_=1716344299453&CODE_STATE=getMsg HTTP/1.1" 200 27
180.156.239.18 - - [22/May/2024:10:18:25 +0800] "GET /xingrg/all/function/internal_message.html?_=1716344305850&CODE_STATE=getMsg HTTP/1.1" 200 27
101.83.144.49 - - [22/May/2024:10:18:28 +0800] "GET /xingrg/all/function/internal_message.html?_=1716344052447&CODE_STATE=getMsg HTTP/1.1" 200 27
222.70.183.82 - - [22/May/2024:10:18:33 +0800] "GET /xingrg/all/function/internal_message.html?_=1716344311679&CODE_STATE=getMsg HTTP/1.1" 200 27
180.156.239.18 - - [22/May/2024:10:18:38 +0800] "GET /xingrg/all/function/internal_message.html?_=1716344318495&CODE_STATE=getMsg HTTP/1.1" 200 27
101.80.230.31 - - [22/May/2024:10:18:47 +0800] "GET /xingrg/all/function/internal_message.html?_=1716344333168&CODE_STATE=getMsg HTTP/1.1" 200 27
116.232.195.13 - - [22/May/2024:10:18:48 +0800] "GET /xingrg/all/function/internal_message.html?_=1716344280881&CODE_STATE=getMsg HTTP/1.1" 200 27
124.78.155.1 - - [22/May/2024:10:18:48 +0800] "GET /xingrg/kc/buy/cgsh_order_operate.html?command=get_materiel&rest_code=00106&code=00101004049&supplier_code=00100312&order_time=2024-05-22 HTTP/1.1" 200 415
101.83.144.49 - - [22/May/2024:10:18:49 +0800] "GET /xingrg/kc/buy/cgsh_order_operate.html?command=get_materiel&rest_code=00105&code=00101010169&supplier_code=00100466&order_time=2024-05-22 HTTP/1.1" 200 413
101.83.144.49 - - [22/May/2024:10:18:50 +0800] "GET /xingrg/kc/buy/cgsh_order_add.html HTTP/1.1" 200 74720
101.83.144.49 - - [22/May/2024:10:18:51 +0800] "POST /xingrg/kc/buy/cgsh_order_operate.html HTTP/1.1" 200 8245
101.83.144.49 - - [22/May/2024:10:18:51 +0800] "GET /xingrg/javascript/easyui/themes/default/validatebox.css HTTP/1.1" 404 1104
222.69.135.47 - - [22/May/2024:10:18:56 +0800] "GET /xingrg/all/function/internal_message.html?_=1716344336993&CODE_STATE=getMsg HTTP/1.1" 200 27
222.67.233.39 - - [22/May/2024:10:18:57 +0800] "GET /xingrg/all/function/internal_message.html?_=1716344337261&CODE_STATE=getMsg HTTP/1.1" 200 27
120.253.135.82 - - [22/May/2024:10:18:57 +0800] "GET /xingrg/all/function/internal_message.html?_=1716344190124&CODE_STATE=getMsg HTTP/1.1" 200 27
124.78.155.1 - - [22/May/2024:10:19:00 +0800] "GET /xingrg/all/function/internal_message.html?_=1716344341363&CODE_STATE=getMsg HTTP/1.1" 200 27
101.83.144.49 - - [22/May/2024:10:19:08 +0800] "GET /xingrg/all/function/internal_message.html?_=1716344350631&CODE_STATE=getMsg HTTP/1.1" 200 27
116.238.97.31 - - [22/May/2024:10:19:08 +0800] "GET /xingrg/all/function/internal_message.html?_=1716344361553&CODE_STATE=getMsg HTTP/1.1" 200 27
101.83.144.49 - - [22/May/2024:10:19:12 +0800] "GET /xingrg/kc/buy/cgsh_order_add.html HTTP/1.1" 200 8212
101.83.144.49 - - [22/May/2024:10:19:12 +0800] "GET /xingrg/kc/buy/cgsh_order_add.html HTTP/1.1" 200 74720
101.83.144.49 - - [22/May/2024:10:19:13 +0800] "GET /xingrg/javascript/easyui/themes/default/validatebox.css HTTP/1.1" 404 1104
101.83.144.49 - - [22/May/2024:10:19:13 +0800] "POST /xingrg/kc/buy/cgsh_order_operate.html HTTP/1.1" 200 8245
124.78.155.1 - - [22/May/2024:10:19:16 +0800] "GET /xingrg/kc/buy/cgsh_order_operate.html?command=get_materiel&rest_code=00106&code=00101004051&supplier_code=00100312&order_time=2024-05-22 HTTP/1.1" 200 408
180.164.6.225 - - [22/May/2024:10:19:19 +0800] "GET /xingrg/all/function/internal_message.html?_=1716344359467&CODE_STATE=getMsg HTTP/1.1" 200 27
101.83.144.49 - - [22/May/2024:10:19:19 +0800] "GET /xingrg/kc/buy/cgsh_order_operate.html?command=get_materiel&rest_code=00105&code=00101008092&supplier_code=00100008&order_time=2024-05-22 HTTP/1.1" 200 413
180.156.239.18 - - [22/May/2024:10:19:25 +0800] "GET /xingrg/all/function/internal_message.html?_=1716344365836&CODE_STATE=getMsg HTTP/1.1" 200 27
101.83.144.49 - - [22/May/2024:10:19:28 +0800] "GET /xingrg/all/function/internal_message.html?_=1716344112470&CODE_STATE=getMsg HTTP/1.1" 200 27
101.83.144.49 - - [22/May/2024:10:19:30 +0800] "POST /xingrg/all/common/load_select.html HTTP/1.1" 200 25
124.78.155.1 - - [22/May/2024:10:19:32 +0800] "GET /xingrg/kc/buy/cgsh_order_operate.html?command=get_materiel&rest_code=00106&code=00101004071&supplier_code=00100312&order_time=2024-05-22 HTTP/1.1" 200 409
222.70.183.82 - - [22/May/2024:10:19:33 +0800] "GET /xingrg/check_reg.html?_=1716344371680 HTTP/1.1" 200 22
222.70.183.82 - - [22/May/2024:10:19:34 +0800] "GET /xingrg/all/function/internal_message.html?_=1716344371682&CODE_STATE=getMsg HTTP/1.1" 200 27
180.156.239.18 - - [22/May/2024:10:19:38 +0800] "GET /xingrg/all/function/internal_message.html?_=1716344378505&CODE_STATE=getMsg HTTP/1.1" 200 27
180.156.239.18 - - [22/May/2024:10:19:38 +0800] "GET /xingrg/check_reg.html?_=1716344378509 HTTP/1.1" 200 22
124.78.155.1 - - [22/May/2024:10:19:46 +0800] "GET /xingrg/kc/buy/cgsh_order_operate.html?command=get_materiel&rest_code=00106&code=00101001029&supplier_code=00100312&order_time=2024-05-22 HTTP/1.1" 200 415
101.83.144.49 - - [22/May/2024:10:19:47 +0800] "GET /xingrg/kc/buy/cgsh_order_operate.html?command=get_materiel&rest_code=00105&code=00101008125&supplier_code=00100008&order_time=2024-05-22 HTTP/1.1" 200 413
101.80.230.31 - - [22/May/2024:10:19:47 +0800] "GET /xingrg/all/function/internal_message.html?_=1716344393172&CODE_STATE=getMsg HTTP/1.1" 200 27
116.232.195.13 - - [22/May/2024:10:19:48 +0800] "GET /xingrg/all/function/internal_message.html?_=1716344340884&CODE_STATE=getMsg HTTP/1.1" 200 27
101.83.144.49 - - [22/May/2024:10:19:52 +0800] "POST /xingrg/all/common/load_select.html HTTP/1.1" 200 25
120.253.135.82 - - [22/May/2024:10:19:55 +0800] "GET /xingrg/check_reg.html?_=1716344247660 HTTP/1.1" 200 22
222.69.135.47 - - [22/May/2024:10:19:56 +0800] "GET /xingrg/all/function/internal_message.html?_=1716344396982&CODE_STATE=getMsg HTTP/1.1" 200 27
222.67.233.39 - - [22/May/2024:10:19:57 +0800] "GET /xingrg/all/function/internal_message.html?_=1716344397244&CODE_STATE=getMsg HTTP/1.1" 200 27
120.253.135.82 - - [22/May/2024:10:19:57 +0800] "GET /xingrg/all/function/internal_message.html?_=1716344250137&CODE_STATE=getMsg HTTP/1.1" 200 27
124.78.155.1 - - [22/May/2024:10:20:00 +0800] "GET /xingrg/all/function/internal_message.html?_=1716344401348&CODE_STATE=getMsg HTTP/1.1" 200 27
124.78.155.1 - - [22/May/2024:10:20:00 +0800] "GET /xingrg/check_reg.html?_=1716344401414 HTTP/1.1" 200 22
101.83.144.49 - - [22/May/2024:10:20:07 +0800] "GET /xingrg/kc/buy/cgsh_order_operate.html?command=get_materiel&rest_code=00105&code=00101008026&supplier_code=00100008&order_time=2024-05-22 HTTP/1.1" 200 409
101.83.144.49 - - [22/May/2024:10:20:08 +0800] "GET /xingrg/all/function/internal_message.html?_=1716344410646&CODE_STATE=getMsg HTTP/1.1" 200 27
116.238.97.31 - - [22/May/2024:10:20:08 +0800] "GET /xingrg/all/function/internal_message.html?_=1716344421544&CODE_STATE=getMsg HTTP/1.1" 200 27
101.83.144.49 - - [22/May/2024:10:20:13 +0800] "POST /xingrg/all/common/load_select.html HTTP/1.1" 200 25
180.164.6.225 - - [22/May/2024:10:20:19 +0800] "GET /xingrg/check_reg.html?_=1716344419462 HTTP/1.1" 200 22
180.164.6.225 - - [22/May/2024:10:20:19 +0800] "GET /xingrg/all/function/internal_message.html?_=1716344419465&CODE_STATE=getMsg HTTP/1.1" 200 27
124.78.155.1 - - [22/May/2024:10:20:20 +0800] "GET /xingrg/kc/buy/cgsh_order_operate.html?command=get_materiel&rest_code=00106&code=00101010860&supplier_code=00100312&order_time=2024-05-22 HTTP/1.1" 200 415
101.83.144.49 - - [22/May/2024:10:20:23 +0800] "GET /xingrg/kc/buy/cgsh_order_operate.html?command=get_materiel&rest_code=00105&code=00101008119&supplier_code=00100008&order_time=2024-05-22 HTTP/1.1" 200 412
101.83.144.49 - - [22/May/2024:10:20:28 +0800] "GET /xingrg/all/function/internal_message.html?_=1716344172472&CODE_STATE=getMsg HTTP/1.1" 200 27
222.70.183.82 - - [22/May/2024:10:20:34 +0800] "GET /xingrg/all/function/internal_message.html?_=1716344431683&CODE_STATE=getMsg HTTP/1.1" 200 27
180.156.239.18 - - [22/May/2024:10:20:38 +0800] "GET /xingrg/all/function/internal_message.html?_=1716344438513&CODE_STATE=getMsg HTTP/1.1" 200 27
101.83.144.49 - - [22/May/2024:10:20:40 +0800] "GET /xingrg/kc/buy/cgsh_order_operate.html?command=get_materiel&rest_code=00105&code=00101008298&supplier_code=00100008&order_time=2024-05-22 HTTP/1.1" 200 412
101.80.230.31 - - [22/May/2024:10:20:47 +0800] "GET /xingrg/all/function/internal_message.html?_=1716344453173&CODE_STATE=getMsg HTTP/1.1" 200 27
101.80.230.31 - - [22/May/2024:10:20:47 +0800] "GET /xingrg/check_reg.html?_=1716344453174 HTTP/1.1" 200 22
116.232.195.13 - - [22/May/2024:10:20:48 +0800] "GET /xingrg/all/function/internal_message.html?_=1716344400872&CODE_STATE=getMsg HTTP/1.1" 200 27
101.83.144.49 - - [22/May/2024:10:20:56 +0800] "POST /xingrg/kc/buy/cgsh_order_operate.html HTTP/1.1" 200 37
222.69.135.47 - - [22/May/2024:10:20:56 +0800] "GET /xingrg/all/function/internal_message.html?_=1716344456992&CODE_STATE=getMsg HTTP/1.1" 200 27
222.67.233.39 - - [22/May/2024:10:20:57 +0800] "GET /xingrg/all/function/internal_message.html?_=1716344457219&CODE_STATE=getMsg HTTP/1.1" 200 27
120.253.135.82 - - [22/May/2024:10:20:58 +0800] "GET /xingrg/all/function/internal_message.html?_=1716344310151&CODE_STATE=getMsg HTTP/1.1" 200 27
101.83.144.49 - - [22/May/2024:10:21:00 +0800] "POST /xingrg/kc/buy/cgsh_order_operate.html HTTP/1.1" 200 3873
124.78.155.1 - - [22/May/2024:10:21:00 +0800] "GET /xingrg/all/function/internal_message.html?_=1716344461316&CODE_STATE=getMsg HTTP/1.1" 200 27
101.83.144.49 - - [22/May/2024:10:21:00 +0800] "GET /xingrg/kc/buy/cgsh_order_operate.html?command=get_materiel&rest_code=00105&code=00101008271&supplier_code=00100008&order_time=2024-05-22 HTTP/1.1" 200 408
101.83.144.49 - - [22/May/2024:10:21:01 +0800] "GET /xingrg/kc/print/load_config.html?kc_code=cgsh HTTP/1.1" 200 1927
101.83.144.49 - - [22/May/2024:10:21:02 +0800] "GET /xingrg/kc/print/load_data.html?order_code=212024052206242&kc_code=cgsh&condition= HTTP/1.1" 200 1139
124.78.155.1 - - [22/May/2024:10:21:08 +0800] "POST /xingrg/kc/buy/cgsh_order_operate.html HTTP/1.1" 200 37
101.83.144.49 - - [22/May/2024:10:21:08 +0800] "GET /xingrg/all/function/internal_message.html?_=1716344470645&CODE_STATE=getMsg HTTP/1.1" 200 27
116.238.97.31 - - [22/May/2024:10:21:08 +0800] "GET /xingrg/all/function/internal_message.html?_=1716344481534&CODE_STATE=getMsg HTTP/1.1" 200 27
116.238.97.31 - - [22/May/2024:10:21:09 +0800] "GET /xingrg/check_reg.html?_=1716344481996 HTTP/1.1" 200 22
124.78.155.1 - - [22/May/2024:10:21:15 +0800] "POST /xingrg/kc/buy/cgsh_order_operate.html HTTP/1.1" 200 12
124.78.155.1 - - [22/May/2024:10:21:17 +0800] "GET /xingrg/kc/buy/cgsh_order_info.html?code=212024052206243 HTTP/1.1" 200 69507
124.78.155.1 - - [22/May/2024:10:21:18 +0800] "GET /xingrg/javascript/easyui/themes/default/validatebox.css HTTP/1.1" 404 1104
101.83.144.49 - - [22/May/2024:10:21:18 +0800] "GET /xingrg/kc/buy/cgsh_order_operate.html?command=get_materiel&rest_code=00105&code=00101008131&supplier_code=00100008&order_time=2024-05-22 HTTP/1.1" 200 408
124.78.155.1 - - [22/May/2024:10:21:19 +0800] "POST /xingrg/kc/buy/cgsh_order_operate.html HTTP/1.1" 200 3578
180.164.6.225 - - [22/May/2024:10:21:19 +0800] "GET /xingrg/all/function/internal_message.html?_=1716344479453&CODE_STATE=getMsg HTTP/1.1" 200 27
124.78.155.1 - - [22/May/2024:10:21:23 +0800] "GET /xingrg/kc/print/load_data.html?order_code=212024052206243&kc_code=cgsh&condition= HTTP/1.1" 200 1844
101.83.144.49 - - [22/May/2024:10:21:28 +0800] "GET /xingrg/all/function/internal_message.html?_=1716344232468&CODE_STATE=getMsg HTTP/1.1" 200 27
101.83.144.49 - - [22/May/2024:10:21:28 +0800] "GET /xingrg/check_reg.html?_=1716344232472 HTTP/1.1" 200 22
124.78.155.1 - - [22/May/2024:10:21:31 +0800] "GET /xingrg/kc/buy/cgsh_order_add.html HTTP/1.1" 200 74632
124.78.155.1 - - [22/May/2024:10:21:31 +0800] "POST /xingrg/kc/buy/cgsh_order_operate.html HTTP/1.1" 200 8245
124.78.155.1 - - [22/May/2024:10:21:31 +0800] "GET /xingrg/javascript/easyui/themes/default/validatebox.css HTTP/1.1" 404 1104
124.78.155.1 - - [22/May/2024:10:21:32 +0800] "GET /xingrg/javascript/easyui/themes/default/tree.css HTTP/1.1" 404 1090
124.78.155.1 - - [22/May/2024:10:21:33 +0800] "POST /xingrg/all/common/load_tree.html?tree=supplier_tree_json&isDelete=1 HTTP/1.1" 200 80195
101.83.144.49 - - [22/May/2024:10:21:33 +0800] "GET /xingrg/kc/buy/cgsh_order_operate.html?command=get_materiel&rest_code=00105&code=00101008379&supplier_code=00100008&order_time=2024-05-22 HTTP/1.1" 200 408
222.70.183.82 - - [22/May/2024:10:21:34 +0800] "GET /xingrg/all/function/internal_message.html?_=1716344491682&CODE_STATE=getMsg HTTP/1.1" 200 27
180.156.239.18 - - [22/May/2024:10:21:38 +0800] "GET /xingrg/all/function/internal_message.html?_=1716344498516&CODE_STATE=getMsg HTTP/1.1" 200 27
101.80.230.31 - - [22/May/2024:10:21:47 +0800] "GET /xingrg/all/function/internal_message.html?_=1716344513176&CODE_STATE=getMsg HTTP/1.1" 200 27
116.232.195.13 - - [22/May/2024:10:21:48 +0800] "GET /xingrg/check_reg.html?_=1716344460882 HTTP/1.1" 200 22
116.232.195.13 - - [22/May/2024:10:21:48 +0800] "GET /xingrg/all/function/internal_message.html?_=1716344460884&CODE_STATE=getMsg HTTP/1.1" 200 27
101.83.144.49 - - [22/May/2024:10:21:50 +0800] "GET /xingrg/kc/buy/cgsh_order_operate.html?command=get_materiel&rest_code=00105&code=00101008361&supplier_code=00100008&order_time=2024-05-22 HTTP/1.1" 200 408
222.69.135.47 - - [22/May/2024:10:21:56 +0800] "GET /xingrg/all/function/internal_message.html?_=1716344516986&CODE_STATE=getMsg HTTP/1.1" 200 27
222.67.233.39 - - [22/May/2024:10:21:57 +0800] "GET /xingrg/all/function/internal_message.html?_=1716344517201&CODE_STATE=getMsg HTTP/1.1" 200 27
120.253.135.82 - - [22/May/2024:10:21:58 +0800] "GET /xingrg/all/function/internal_message.html?_=1716344370164&CODE_STATE=getMsg HTTP/1.1" 200 27
124.78.155.1 - - [22/May/2024:10:22:00 +0800] "GET /xingrg/all/function/internal_message.html?_=1716344521307&CODE_STATE=getMsg HTTP/1.1" 200 27
124.78.155.1 - - [22/May/2024:10:22:04 +0800] "GET /xingrg/kc/buy/cgsh_order_operate.html?command=get_materiel&rest_code=00106&code=00101002006&supplier_code=00100091&order_time=2024-05-22 HTTP/1.1" 200 414
101.83.144.49 - - [22/May/2024:10:22:07 +0800] "GET /xingrg/kc/buy/cgsh_order_operate.html?command=get_materiel&rest_code=00105&code=00101008004&supplier_code=00100008&order_time=2024-05-22 HTTP/1.1" 200 418
101.83.144.49 - - [22/May/2024:10:22:08 +0800] "GET /xingrg/all/function/internal_message.html?_=1716344530642&CODE_STATE=getMsg HTTP/1.1" 200 27
116.238.97.31 - - [22/May/2024:10:22:08 +0800] "GET /xingrg/all/function/internal_message.html?_=1716344541515&CODE_STATE=getMsg HTTP/1.1" 200 27
222.67.233.39 - - [22/May/2024:10:22:12 +0800] "GET /xingrg/check_reg.html?_=1716344532770 HTTP/1.1" 200 22
180.164.6.225 - - [22/May/2024:10:22:19 +0800] "GET /xingrg/all/function/internal_message.html?_=1716344539469&CODE_STATE=getMsg HTTP/1.1" 200 27
101.83.144.49 - - [22/May/2024:10:22:28 +0800] "GET /xingrg/all/function/internal_message.html?_=1716344292549&CODE_STATE=getMsg HTTP/1.1" 200 27
101.83.144.49 - - [22/May/2024:10:22:28 +0800] "GET /xingrg/kc/buy/cgsh_order_operate.html?command=get_materiel&rest_code=00105&code=00101008811&supplier_code=00100008&order_time=2024-05-22 HTTP/1.1" 200 398
124.78.155.1 - - [22/May/2024:10:22:31 +0800] "GET /xingrg/kc/buy/cgsh_order_operate.html?command=get_materiel&rest_code=00106&code=00101003053&supplier_code=00100091&order_time=2024-05-22 HTTP/1.1" 200 410
222.70.183.82 - - [22/May/2024:10:22:34 +0800] "GET /xingrg/all/function/internal_message.html?_=1716344551683&CODE_STATE=getMsg HTTP/1.1" 200 27
180.156.239.18 - - [22/May/2024:10:22:38 +0800] "GET /xingrg/all/function/internal_message.html?_=1716344558513&CODE_STATE=getMsg HTTP/1.1" 200 27
101.80.230.31 - - [22/May/2024:10:22:47 +0800] "GET /xingrg/all/function/internal_message.html?_=1716344573178&CODE_STATE=getMsg HTTP/1.1" 200 27
116.232.195.13 - - [22/May/2024:10:22:48 +0800] "GET /xingrg/all/function/internal_message.html?_=1716344520879&CODE_STATE=getMsg HTTP/1.1" 200 27
124.78.155.1 - - [22/May/2024:10:22:48 +0800] "POST /xingrg/kc/buy/cgsh_order_operate.html HTTP/1.1" 200 37
124.78.155.1 - - [22/May/2024:10:22:56 +0800] "POST /xingrg/kc/buy/cgsh_order_operate.html HTTP/1.1" 200 12
222.69.135.47 - - [22/May/2024:10:22:56 +0800] "GET /xingrg/all/function/internal_message.html?_=1716344576987&CODE_STATE=getMsg HTTP/1.1" 200 27
222.69.135.47 - - [22/May/2024:10:22:56 +0800] "GET /xingrg/check_reg.html?_=1716344576989 HTTP/1.1" 200 22
222.67.233.39 - - [22/May/2024:10:22:57 +0800] "GET /xingrg/all/function/internal_message.html?_=1716344577176&CODE_STATE=getMsg HTTP/1.1" 200 27
101.83.144.49 - - [22/May/2024:10:22:57 +0800] "GET /xingrg/kc/buy/cgsh_order_operate.html?command=get_materiel&rest_code=00105&code=00101008163&supplier_code=00100008&order_time=2024-05-22 HTTP/1.1" 200 409
120.253.135.82 - - [22/May/2024:10:22:58 +0800] "GET /xingrg/all/function/internal_message.html?_=1716344430282&CODE_STATE=getMsg HTTP/1.1" 200 27
222.67.233.39 - - [22/May/2024:10:22:58 +0800] "GET /xingrg/kc/print/load_data.html?order_code=212024052206233&kc_code=cgsh&condition= HTTP/1.1" 200 12068
124.78.155.1 - - [22/May/2024:10:22:58 +0800] "GET /xingrg/kc/buy/cgsh_order_info.html?code=212024052206244 HTTP/1.1" 200 69507
124.78.155.1 - - [22/May/2024:10:22:59 +0800] "GET /xingrg/javascript/easyui/themes/default/validatebox.css HTTP/1.1" 404 1104
124.78.155.1 - - [22/May/2024:10:23:00 +0800] "POST /xingrg/kc/buy/cgsh_order_operate.html HTTP/1.1" 200 1204
124.78.155.1 - - [22/May/2024:10:23:00 +0800] "GET /xingrg/all/function/internal_message.html?_=1716344581288&CODE_STATE=getMsg HTTP/1.1" 200 27
124.78.155.1 - - [22/May/2024:10:23:02 +0800] "GET /xingrg/kc/print/load_data.html?order_code=212024052206244&kc_code=cgsh&condition= HTTP/1.1" 200 998
101.83.144.49 - - [22/May/2024:10:23:08 +0800] "GET /xingrg/all/function/internal_message.html?_=1716344590647&CODE_STATE=getMsg HTTP/1.1" 200 27
101.83.144.49 - - [22/May/2024:10:23:08 +0800] "GET /xingrg/check_reg.html?_=1716344590652 HTTP/1.1" 200 22
