222.67.233.39 - - [22/May/2024:09:28:57 +0800] "GET /xingrg/all/function/internal_message.html?_=1716341337837&CODE_STATE=getMsg HTTP/1.1" 200 27
101.83.144.49 - - [22/May/2024:09:29:08 +0800] "POST /xingrg/kc/buy/cgsh_order_operate.html HTTP/1.1" 200 37
116.238.97.31 - - [22/May/2024:09:29:09 +0800] "GET /xingrg/all/function/internal_message.html?_=1716341361926&CODE_STATE=getMsg HTTP/1.1" 200 27
222.70.183.82 - - [22/May/2024:09:29:10 +0800] "GET /xingrg/kc/buy/cgsh_order_operate.html?command=get_materiel&rest_code=00111&code=00101002022&supplier_code=00100199&order_time=2024-05-22 HTTP/1.1" 200 409
101.83.144.49 - - [22/May/2024:09:29:10 +0800] "POST /xingrg/kc/buy/cgsh_order_operate.html HTTP/1.1" 200 2657
101.80.230.31 - - [22/May/2024:09:29:10 +0800] "GET /xingrg/all/function/internal_message.html?_=1716341356173&CODE_STATE=getMsg HTTP/1.1" 200 27
101.83.144.49 - - [22/May/2024:09:29:12 +0800] "GET /xingrg/kc/print/load_config.html?kc_code=cgsh HTTP/1.1" 200 1927
101.83.144.49 - - [22/May/2024:09:29:13 +0800] "GET /xingrg/kc/print/load_data.html?order_code=212024052206212&kc_code=cgsh&condition= HTTP/1.1" 200 646
116.238.97.31 - - [22/May/2024:09:29:16 +0800] "GET /xingrg/all/function/internal_message.html?_=1716341356944&CODE_STATE=getMsg HTTP/1.1" 200 27
180.164.6.225 - - [22/May/2024:09:29:19 +0800] "GET /xingrg/all/function/internal_message.html?_=1716341359466&CODE_STATE=getMsg HTTP/1.1" 200 27
180.156.239.18 - - [22/May/2024:09:29:21 +0800] "POST /xingrg/kc/buy/cgsh_order_operate.html HTTP/1.1" 200 37
180.156.239.18 - - [22/May/2024:09:29:25 +0800] "GET /xingrg/all/function/internal_message.html?_=1716341365843&CODE_STATE=getMsg HTTP/1.1" 200 27
180.169.147.146 - - [22/May/2024:09:29:26 +0800] "GET /xingrg/all/function/internal_message.html?_=1716341366622&CODE_STATE=getMsg HTTP/1.1" 200 27
101.83.144.49 - - [22/May/2024:09:29:28 +0800] "GET /xingrg/all/function/internal_message.html?_=1716341112396&CODE_STATE=getMsg HTTP/1.1" 200 27
222.70.183.82 - - [22/May/2024:09:29:28 +0800] "GET /xingrg/kc/buy/cgsh_order_operate.html?command=get_materiel&rest_code=00111&code=00101001008&supplier_code=00100199&order_time=2024-05-22 HTTP/1.1" 200 415
58.40.7.146 - - [22/May/2024:09:29:29 +0800] "GET /xingrg/all/function/internal_message.html?_=1716341385717&CODE_STATE=getMsg HTTP/1.1" 302 -
222.70.183.82 - - [22/May/2024:09:29:33 +0800] "GET /xingrg/check_reg.html?_=1716341371647 HTTP/1.1" 200 22
222.70.183.82 - - [22/May/2024:09:29:34 +0800] "GET /xingrg/all/function/internal_message.html?_=1716341371805&CODE_STATE=getMsg HTTP/1.1" 200 27
180.156.239.18 - - [22/May/2024:09:29:36 +0800] "POST /xingrg/kc/buy/cgsh_order_operate.html HTTP/1.1" 200 12
180.156.239.18 - - [22/May/2024:09:29:41 +0800] "GET /xingrg/kc/buy/cgsh_order_info.html?code=212024052206211 HTTP/1.1" 200 69123
180.156.239.18 - - [22/May/2024:09:29:41 +0800] "GET /xingrg/javascript/easyui/themes/default/validatebox.css HTTP/1.1" 404 1104
180.156.239.18 - - [22/May/2024:09:29:42 +0800] "GET /xingrg/all/function/internal_message.html?_=1716341381843&CODE_STATE=getMsg HTTP/1.1" 200 27
180.156.239.18 - - [22/May/2024:09:29:42 +0800] "GET /xingrg/check_reg.html?_=1716341381905 HTTP/1.1" 200 22
222.70.183.82 - - [22/May/2024:09:29:44 +0800] "POST /xingrg/services/DataTransmitService HTTP/1.1" 200 524
222.70.183.82 - - [22/May/2024:09:29:45 +0800] "POST /xingrg/kc/buy/cgsh_order_operate.html HTTP/1.1" 200 37
180.156.239.18 - - [22/May/2024:09:29:45 +0800] "POST /xingrg/kc/buy/cgsh_order_operate.html HTTP/1.1" 200 8870
116.232.195.13 - - [22/May/2024:09:29:47 +0800] "GET /xingrg/all/function/internal_message.html?_=1716341340182&CODE_STATE=getMsg HTTP/1.1" 200 27
222.70.183.82 - - [22/May/2024:09:29:53 +0800] "POST /xingrg/kc/buy/cgsh_order_operate.html HTTP/1.1" 200 12
120.253.135.82 - - [22/May/2024:09:29:54 +0800] "GET /xingrg/check_reg.html?_=1716341246749 HTTP/1.1" 200 22
222.70.183.82 - - [22/May/2024:09:29:55 +0800] "GET /xingrg/kc/buy/cgsh_order_info.html?code=212024052206213 HTTP/1.1" 200 69463
120.253.135.82 - - [22/May/2024:09:29:56 +0800] "GET /xingrg/all/function/internal_message.html?_=1716341248320&CODE_STATE=getMsg HTTP/1.1" 200 27
222.70.183.82 - - [22/May/2024:09:29:56 +0800] "GET /xingrg/javascript/easyui/themes/default/validatebox.css HTTP/1.1" 404 1104
222.69.135.47 - - [22/May/2024:09:29:56 +0800] "GET /xingrg/all/function/internal_message.html?_=1716341396979&CODE_STATE=getMsg HTTP/1.1" 200 27
222.70.183.82 - - [22/May/2024:09:29:57 +0800] "POST /xingrg/kc/buy/cgsh_order_operate.html HTTP/1.1" 200 2383
222.67.233.39 - - [22/May/2024:09:29:57 +0800] "GET /xingrg/all/function/internal_message.html?_=1716341397819&CODE_STATE=getMsg HTTP/1.1" 200 27
222.70.183.82 - - [22/May/2024:09:30:00 +0800] "GET /xingrg/kc/print/load_data.html?order_code=212024052206213&kc_code=cgsh&condition= HTTP/1.1" 200 1366
116.238.97.31 - - [22/May/2024:09:30:09 +0800] "GET /xingrg/all/function/internal_message.html?_=1716341421957&CODE_STATE=getMsg HTTP/1.1" 200 27
101.80.230.31 - - [22/May/2024:09:30:10 +0800] "GET /xingrg/all/function/internal_message.html?_=1716341416179&CODE_STATE=getMsg HTTP/1.1" 200 27
116.238.97.31 - - [22/May/2024:09:30:16 +0800] "GET /xingrg/all/function/internal_message.html?_=1716341416936&CODE_STATE=getMsg HTTP/1.1" 200 27
180.156.239.18 - - [22/May/2024:09:30:18 +0800] "GET /xingrg/kc/print/load_data.html?order_code=212024052206211&kc_code=cgsh&condition= HTTP/1.1" 200 3854
180.164.6.225 - - [22/May/2024:09:30:19 +0800] "GET /xingrg/check_reg.html?_=1716341419453 HTTP/1.1" 200 22
180.164.6.225 - - [22/May/2024:09:30:19 +0800] "GET /xingrg/all/function/internal_message.html?_=1716341419456&CODE_STATE=getMsg HTTP/1.1" 200 27
180.156.239.18 - - [22/May/2024:09:30:25 +0800] "GET /xingrg/all/function/internal_message.html?_=1716341425842&CODE_STATE=getMsg HTTP/1.1" 200 27
180.169.147.146 - - [22/May/2024:09:30:26 +0800] "GET /xingrg/all/function/internal_message.html?_=1716341426626&CODE_STATE=getMsg HTTP/1.1" 200 27
180.169.147.146 - - [22/May/2024:09:30:26 +0800] "GET /xingrg/check_reg.html?_=1716341426629 HTTP/1.1" 200 22
101.83.144.49 - - [22/May/2024:09:30:28 +0800] "GET /xingrg/all/function/internal_message.html?_=1716341172397&CODE_STATE=getMsg HTTP/1.1" 200 27
58.40.7.146 - - [22/May/2024:09:30:29 +0800] "GET /xingrg/all/function/internal_message.html?_=1716341445728&CODE_STATE=getMsg HTTP/1.1" 302 -
222.70.183.82 - - [22/May/2024:09:30:34 +0800] "GET /xingrg/all/function/internal_message.html?_=1716341431791&CODE_STATE=getMsg HTTP/1.1" 200 27
180.156.239.18 - - [22/May/2024:09:30:42 +0800] "GET /xingrg/all/function/internal_message.html?_=1716341441841&CODE_STATE=getMsg HTTP/1.1" 200 27
116.232.195.13 - - [22/May/2024:09:30:47 +0800] "GET /xingrg/all/function/internal_message.html?_=1716341400195&CODE_STATE=getMsg HTTP/1.1" 200 27
116.232.195.13 - - [22/May/2024:09:30:47 +0800] "GET /xingrg/check_reg.html?_=1716341400198 HTTP/1.1" 200 22
120.253.135.82 - - [22/May/2024:09:30:56 +0800] "GET /xingrg/all/function/internal_message.html?_=1716341308333&CODE_STATE=getMsg HTTP/1.1" 200 27
222.69.135.47 - - [22/May/2024:09:30:56 +0800] "GET /xingrg/all/function/internal_message.html?_=1716341456991&CODE_STATE=getMsg HTTP/1.1" 200 27
222.67.233.39 - - [22/May/2024:09:30:57 +0800] "GET /xingrg/all/function/internal_message.html?_=1716341457803&CODE_STATE=getMsg HTTP/1.1" 200 27
116.238.97.31 - - [22/May/2024:09:31:09 +0800] "GET /xingrg/check_reg.html?_=1716341481957 HTTP/1.1" 200 22
116.238.97.31 - - [22/May/2024:09:31:09 +0800] "GET /xingrg/all/function/internal_message.html?_=1716341481959&CODE_STATE=getMsg HTTP/1.1" 200 27
101.80.230.31 - - [22/May/2024:09:31:10 +0800] "GET /xingrg/all/function/internal_message.html?_=1716341476184&CODE_STATE=getMsg HTTP/1.1" 200 27
116.238.97.31 - - [22/May/2024:09:31:13 +0800] "GET /xingrg/kc/buy/cgsh_order_add.html HTTP/1.1" 200 74673
116.238.97.31 - - [22/May/2024:09:31:13 +0800] "POST /xingrg/kc/buy/cgsh_order_operate.html HTTP/1.1" 200 8245
116.238.97.31 - - [22/May/2024:09:31:14 +0800] "GET /xingrg/javascript/easyui/themes/default/validatebox.css HTTP/1.1" 404 1104
116.238.97.31 - - [22/May/2024:09:31:16 +0800] "GET /xingrg/all/function/internal_message.html?_=1716341476944&CODE_STATE=getMsg HTTP/1.1" 200 27
180.164.6.225 - - [22/May/2024:09:31:19 +0800] "GET /xingrg/all/function/internal_message.html?_=1716341479448&CODE_STATE=getMsg HTTP/1.1" 200 27
180.156.239.18 - - [22/May/2024:09:31:25 +0800] "GET /xingrg/all/function/internal_message.html?_=1716341485831&CODE_STATE=getMsg HTTP/1.1" 200 27
180.156.239.18 - - [22/May/2024:09:31:25 +0800] "GET /xingrg/check_reg.html?_=1716341485835 HTTP/1.1" 200 22
180.169.147.146 - - [22/May/2024:09:31:26 +0800] "GET /xingrg/all/function/internal_message.html?_=1716341486625&CODE_STATE=getMsg HTTP/1.1" 200 27
101.83.144.49 - - [22/May/2024:09:31:28 +0800] "GET /xingrg/all/function/internal_message.html?_=1716341232398&CODE_STATE=getMsg HTTP/1.1" 200 27
101.83.144.49 - - [22/May/2024:09:31:28 +0800] "GET /xingrg/check_reg.html?_=1716341232401 HTTP/1.1" 200 22
58.40.7.146 - - [22/May/2024:09:31:29 +0800] "GET /xingrg/all/function/internal_message.html?_=1716341505724&CODE_STATE=getMsg HTTP/1.1" 302 -
58.40.7.146 - - [22/May/2024:09:31:29 +0800] "GET /xingrg/check_reg.html?_=1716341505726 HTTP/1.1" 302 -
180.156.239.18 - - [22/May/2024:09:31:31 +0800] "POST /xingrg/services/DataTransmitService HTTP/1.1" 200 524
116.238.97.31 - - [22/May/2024:09:31:33 +0800] "GET /xingrg/kc/buy/cgsh_order_operate.html?command=get_materiel&rest_code=00102&code=00101012025&supplier_code=00100096&order_time=2024-05-22 HTTP/1.1" 200 412
222.70.183.82 - - [22/May/2024:09:31:34 +0800] "GET /xingrg/all/function/internal_message.html?_=1716341491763&CODE_STATE=getMsg HTTP/1.1" 200 27
180.156.239.18 - - [22/May/2024:09:31:42 +0800] "GET /xingrg/all/function/internal_message.html?_=1716341501828&CODE_STATE=getMsg HTTP/1.1" 200 27
116.238.97.31 - - [22/May/2024:09:31:45 +0800] "GET /xingrg/kc/buy/cgsh_order_operate.html?command=get_materiel&rest_code=00102&code=00101012070&supplier_code=00100096&order_time=2024-05-22 HTTP/1.1" 200 412
116.232.195.13 - - [22/May/2024:09:31:47 +0800] "GET /xingrg/all/function/internal_message.html?_=1716341460191&CODE_STATE=getMsg HTTP/1.1" 200 27
120.253.135.82 - - [22/May/2024:09:31:56 +0800] "GET /xingrg/all/function/internal_message.html?_=1716341368347&CODE_STATE=getMsg HTTP/1.1" 200 27
222.69.135.47 - - [22/May/2024:09:31:56 +0800] "GET /xingrg/all/function/internal_message.html?_=1716341516980&CODE_STATE=getMsg HTTP/1.1" 200 27
222.67.233.39 - - [22/May/2024:09:31:57 +0800] "GET /xingrg/all/function/internal_message.html?_=1716341517778&CODE_STATE=getMsg HTTP/1.1" 200 27
116.238.97.31 - - [22/May/2024:09:32:09 +0800] "GET /xingrg/all/function/internal_message.html?_=1716341541957&CODE_STATE=getMsg HTTP/1.1" 200 27
101.80.230.31 - - [22/May/2024:09:32:10 +0800] "GET /xingrg/all/function/internal_message.html?_=1716341536176&CODE_STATE=getMsg HTTP/1.1" 200 27
222.67.233.39 - - [22/May/2024:09:32:12 +0800] "GET /xingrg/check_reg.html?_=1716341532783 HTTP/1.1" 200 22
116.238.97.31 - - [22/May/2024:09:32:16 +0800] "GET /xingrg/all/function/internal_message.html?_=1716341536945&CODE_STATE=getMsg HTTP/1.1" 200 27
180.164.6.225 - - [22/May/2024:09:32:19 +0800] "GET /xingrg/all/function/internal_message.html?_=1716341539455&CODE_STATE=getMsg HTTP/1.1" 200 27
116.238.97.31 - - [22/May/2024:09:32:20 +0800] "GET /xingrg/kc/buy/cgsh_order_operate.html?command=get_materiel&rest_code=00102&code=00101006087&supplier_code=00100096&order_time=2024-05-22 HTTP/1.1" 200 411
180.156.239.18 - - [22/May/2024:09:32:25 +0800] "GET /xingrg/all/function/internal_message.html?_=1716341545839&CODE_STATE=getMsg HTTP/1.1" 200 27
180.169.147.146 - - [22/May/2024:09:32:26 +0800] "GET /xingrg/all/function/internal_message.html?_=1716341546616&CODE_STATE=getMsg HTTP/1.1" 200 27
101.83.144.49 - - [22/May/2024:09:32:28 +0800] "GET /xingrg/all/function/internal_message.html?_=1716341292403&CODE_STATE=getMsg HTTP/1.1" 200 27
222.70.183.82 - - [22/May/2024:09:32:34 +0800] "GET /xingrg/all/function/internal_message.html?_=1716341551733&CODE_STATE=getMsg HTTP/1.1" 200 27
116.238.97.31 - - [22/May/2024:09:32:39 +0800] "GET /xingrg/kc/buy/cgsh_order_operate.html?command=get_materiel&rest_code=00102&code=00101008084&supplier_code=00100096&order_time=2024-05-22 HTTP/1.1" 200 412
180.156.239.18 - - [22/May/2024:09:32:42 +0800] "GET /xingrg/all/function/internal_message.html?_=1716341561806&CODE_STATE=getMsg HTTP/1.1" 200 27
116.232.195.13 - - [22/May/2024:09:32:47 +0800] "GET /xingrg/all/function/internal_message.html?_=1716341520182&CODE_STATE=getMsg HTTP/1.1" 200 27
116.238.97.31 - - [22/May/2024:09:32:52 +0800] "GET /xingrg/kc/buy/cgsh_order_operate.html?command=get_materiel&rest_code=00102&code=00101006111&supplier_code=00100096&order_time=2024-05-22 HTTP/1.1" 200 409
120.253.135.82 - - [22/May/2024:09:32:56 +0800] "GET /xingrg/all/function/internal_message.html?_=1716341428438&CODE_STATE=getMsg HTTP/1.1" 200 27
222.70.183.82 - - [22/May/2024:09:32:56 +0800] "GET /xingrg/kc/buy/cgsh_order_add.html HTTP/1.1" 200 74594
222.70.183.82 - - [22/May/2024:09:32:56 +0800] "POST /xingrg/kc/buy/cgsh_order_operate.html HTTP/1.1" 200 8245
222.69.135.47 - - [22/May/2024:09:32:56 +0800] "GET /xingrg/all/function/internal_message.html?_=1716341576994&CODE_STATE=getMsg HTTP/1.1" 200 27
222.69.135.47 - - [22/May/2024:09:32:56 +0800] "GET /xingrg/check_reg.html?_=1716341576997 HTTP/1.1" 200 22
222.70.183.82 - - [22/May/2024:09:32:56 +0800] "GET /xingrg/javascript/easyui/themes/default/validatebox.css HTTP/1.1" 404 1104
222.67.233.39 - - [22/May/2024:09:32:57 +0800] "GET /xingrg/all/function/internal_message.html?_=1716341577765&CODE_STATE=getMsg HTTP/1.1" 200 27
116.238.97.31 - - [22/May/2024:09:33:03 +0800] "GET /xingrg/kc/buy/cgsh_order_operate.html?command=get_materiel&rest_code=00102&code=00101006177&supplier_code=00100096&order_time=2024-05-22 HTTP/1.1" 200 408
116.238.97.31 - - [22/May/2024:09:33:09 +0800] "GET /xingrg/all/function/internal_message.html?_=1716341601951&CODE_STATE=getMsg HTTP/1.1" 200 27
222.70.183.82 - - [22/May/2024:09:33:10 +0800] "GET /xingrg/kc/buy/cgsh_order_operate.html?command=get_materiel&rest_code=00111&code=00101016025&supplier_code=00100037&order_time=2024-05-22 HTTP/1.1" 200 408
101.80.230.31 - - [22/May/2024:09:33:10 +0800] "GET /xingrg/all/function/internal_message.html?_=1716341596181&CODE_STATE=getMsg HTTP/1.1" 200 27
101.80.230.31 - - [22/May/2024:09:33:10 +0800] "GET /xingrg/check_reg.html?_=1716341596190 HTTP/1.1" 200 22
116.238.97.31 - - [22/May/2024:09:33:16 +0800] "GET /xingrg/all/function/internal_message.html?_=1716341596932&CODE_STATE=getMsg HTTP/1.1" 200 27
116.238.97.31 - - [22/May/2024:09:33:16 +0800] "GET /xingrg/check_reg.html?_=1716341596935 HTTP/1.1" 200 22
116.238.97.31 - - [22/May/2024:09:33:18 +0800] "GET /xingrg/kc/buy/cgsh_order_operate.html?command=get_materiel&rest_code=00102&code=00101007022&supplier_code=00100096&order_time=2024-05-22 HTTP/1.1" 200 415
180.164.6.225 - - [22/May/2024:09:33:19 +0800] "GET /xingrg/all/function/internal_message.html?_=1716341599448&CODE_STATE=getMsg HTTP/1.1" 200 27
180.156.239.18 - - [22/May/2024:09:33:25 +0800] "GET /xingrg/all/function/internal_message.html?_=1716341605857&CODE_STATE=getMsg HTTP/1.1" 200 27
222.70.183.82 - - [22/May/2024:09:33:26 +0800] "GET /xingrg/kc/buy/cgsh_order_operate.html?command=get_materiel&rest_code=00111&code=00101012029&supplier_code=00100037&order_time=2024-05-22 HTTP/1.1" 200 412
180.169.147.146 - - [22/May/2024:09:33:26 +0800] "GET /xingrg/all/function/internal_message.html?_=1716341606612&CODE_STATE=getMsg HTTP/1.1" 200 27
101.83.144.49 - - [22/May/2024:09:33:28 +0800] "GET /xingrg/all/function/internal_message.html?_=1716341352403&CODE_STATE=getMsg HTTP/1.1" 200 27
222.70.183.82 - - [22/May/2024:09:33:34 +0800] "GET /xingrg/all/function/internal_message.html?_=1716341611761&CODE_STATE=getMsg HTTP/1.1" 200 27
116.238.97.31 - - [22/May/2024:09:33:39 +0800] "POST /xingrg/kc/buy/cgsh_order_operate.html HTTP/1.1" 200 37
180.156.239.18 - - [22/May/2024:09:33:42 +0800] "GET /xingrg/all/function/internal_message.html?_=1716341621777&CODE_STATE=getMsg HTTP/1.1" 200 27
222.70.183.82 - - [22/May/2024:09:33:46 +0800] "GET /xingrg/kc/buy/cgsh_order_operate.html?command=get_materiel&rest_code=00111&code=00101011005&supplier_code=00100037&order_time=2024-05-22 HTTP/1.1" 200 408
116.238.97.31 - - [22/May/2024:09:33:47 +0800] "POST /xingrg/kc/buy/cgsh_order_operate.html HTTP/1.1" 200 12
116.232.195.13 - - [22/May/2024:09:33:47 +0800] "GET /xingrg/all/function/internal_message.html?_=1716341580192&CODE_STATE=getMsg HTTP/1.1" 200 27
116.238.97.31 - - [22/May/2024:09:33:49 +0800] "GET /xingrg/kc/buy/cgsh_order_info.html?code=212024052206214 HTTP/1.1" 200 69532
116.238.97.31 - - [22/May/2024:09:33:49 +0800] "GET /xingrg/javascript/easyui/themes/default/validatebox.css HTTP/1.1" 404 1104
116.238.97.31 - - [22/May/2024:09:33:50 +0800] "POST /xingrg/kc/buy/cgsh_order_operate.html HTTP/1.1" 200 4153
116.238.97.31 - - [22/May/2024:09:33:53 +0800] "GET /xingrg/kc/print/load_config.html?kc_code=cgsh HTTP/1.1" 200 1927
116.238.97.31 - - [22/May/2024:09:33:54 +0800] "GET /xingrg/kc/print/load_data.html?order_code=212024052206214&kc_code=cgsh&condition= HTTP/1.1" 200 2006
120.253.135.82 - - [22/May/2024:09:33:56 +0800] "GET /xingrg/all/function/internal_message.html?_=1716341488452&CODE_STATE=getMsg HTTP/1.1" 200 27
222.69.135.47 - - [22/May/2024:09:33:56 +0800] "GET /xingrg/all/function/internal_message.html?_=1716341636995&CODE_STATE=getMsg HTTP/1.1" 200 27
222.67.233.39 - - [22/May/2024:09:33:57 +0800] "GET /xingrg/all/function/internal_message.html?_=1716341637742&CODE_STATE=getMsg HTTP/1.1" 200 27
116.238.97.31 - - [22/May/2024:09:34:04 +0800] "GET /xingrg/kc/buy/cgsh_order_add.html HTTP/1.1" 200 74673
116.238.97.31 - - [22/May/2024:09:34:04 +0800] "POST /xingrg/kc/buy/cgsh_order_operate.html HTTP/1.1" 200 8245
116.238.97.31 - - [22/May/2024:09:34:04 +0800] "GET /xingrg/javascript/easyui/themes/default/validatebox.css HTTP/1.1" 404 1104
116.238.97.31 - - [22/May/2024:09:34:09 +0800] "GET /xingrg/all/function/internal_message.html?_=1716341661962&CODE_STATE=getMsg HTTP/1.1" 200 27
101.80.230.31 - - [22/May/2024:09:34:10 +0800] "GET /xingrg/all/function/internal_message.html?_=1716341656175&CODE_STATE=getMsg HTTP/1.1" 200 27
222.70.183.82 - - [22/May/2024:09:34:11 +0800] "GET /xingrg/kc/buy/cgsh_order_operate.html?command=get_materiel&rest_code=00111&code=00101012040&supplier_code=00100037&order_time=2024-05-22 HTTP/1.1" 200 412
116.238.97.31 - - [22/May/2024:09:34:16 +0800] "GET /xingrg/all/function/internal_message.html?_=1716341656951&CODE_STATE=getMsg HTTP/1.1" 200 27
180.164.6.225 - - [22/May/2024:09:34:19 +0800] "GET /xingrg/all/function/internal_message.html?_=1716341659459&CODE_STATE=getMsg HTTP/1.1" 200 27
116.238.97.31 - - [22/May/2024:09:34:19 +0800] "GET /xingrg/kc/buy/cgsh_order_operate.html?command=get_materiel&rest_code=00102&code=00101009124&supplier_code=00100022&order_time=2024-05-22 HTTP/1.1" 200 416
180.156.239.18 - - [22/May/2024:09:34:25 +0800] "GET /xingrg/all/function/internal_message.html?_=1716341665828&CODE_STATE=getMsg HTTP/1.1" 200 27
180.169.147.146 - - [22/May/2024:09:34:26 +0800] "GET /xingrg/all/function/internal_message.html?_=1716341666635&CODE_STATE=getMsg HTTP/1.1" 200 27
101.83.144.49 - - [22/May/2024:09:34:28 +0800] "GET /xingrg/all/function/internal_message.html?_=1716341412403&CODE_STATE=getMsg HTTP/1.1" 200 27
116.238.97.31 - - [22/May/2024:09:34:31 +0800] "GET /xingrg/kc/buy/cgsh_order_operate.html?command=get_materiel&rest_code=00102&code=00101009015&supplier_code=00100022&order_time=2024-05-22 HTTP/1.1" 200 416
222.70.183.82 - - [22/May/2024:09:34:33 +0800] "GET /xingrg/check_reg.html?_=1716341671648 HTTP/1.1" 200 22
222.70.183.82 - - [22/May/2024:09:34:34 +0800] "GET /xingrg/all/function/internal_message.html?_=1716341671743&CODE_STATE=getMsg HTTP/1.1" 200 27
116.238.97.31 - - [22/May/2024:09:34:39 +0800] "GET /xingrg/kc/buy/cgsh_order_operate.html?command=get_materiel&rest_code=00102&code=00101009059&supplier_code=00100022&order_time=2024-05-22 HTTP/1.1" 200 409
222.70.183.82 - - [22/May/2024:09:34:41 +0800] "GET /xingrg/kc/buy/cgsh_order_operate.html?command=get_materiel&rest_code=00111&code=00101009079&supplier_code=00100037&order_time=2024-05-22 HTTP/1.1" 200 409
180.156.239.18 - - [22/May/2024:09:34:42 +0800] "GET /xingrg/all/function/internal_message.html?_=1716341681771&CODE_STATE=getMsg HTTP/1.1" 200 27
180.156.239.18 - - [22/May/2024:09:34:42 +0800] "GET /xingrg/check_reg.html?_=1716341681926 HTTP/1.1" 200 22
116.232.195.13 - - [22/May/2024:09:34:47 +0800] "GET /xingrg/all/function/internal_message.html?_=1716341640184&CODE_STATE=getMsg HTTP/1.1" 200 27
120.253.135.82 - - [22/May/2024:09:34:54 +0800] "GET /xingrg/check_reg.html?_=1716341546859 HTTP/1.1" 200 22
120.253.135.82 - - [22/May/2024:09:34:56 +0800] "GET /xingrg/all/function/internal_message.html?_=1716341548466&CODE_STATE=getMsg HTTP/1.1" 200 27
222.69.135.47 - - [22/May/2024:09:34:56 +0800] "GET /xingrg/all/function/internal_message.html?_=1716341696999&CODE_STATE=getMsg HTTP/1.1" 200 27
222.67.233.39 - - [22/May/2024:09:34:57 +0800] "GET /xingrg/all/function/internal_message.html?_=1716341697718&CODE_STATE=getMsg HTTP/1.1" 200 27
116.238.97.31 - - [22/May/2024:09:35:03 +0800] "GET /xingrg/kc/buy/cgsh_order_operate.html?command=get_materiel&rest_code=00102&code=00101009109&supplier_code=00100022&order_time=2024-05-22 HTTP/1.1" 200 415
116.238.97.31 - - [22/May/2024:09:35:09 +0800] "GET /xingrg/all/function/internal_message.html?_=1716341721956&CODE_STATE=getMsg HTTP/1.1" 200 27
101.80.230.31 - - [22/May/2024:09:35:10 +0800] "GET /xingrg/all/function/internal_message.html?_=1716341716183&CODE_STATE=getMsg HTTP/1.1" 200 27
116.238.97.31 - - [22/May/2024:09:35:16 +0800] "GET /xingrg/all/function/internal_message.html?_=1716341716939&CODE_STATE=getMsg HTTP/1.1" 200 27
116.238.97.31 - - [22/May/2024:09:35:18 +0800] "GET /xingrg/kc/buy/cgsh_order_operate.html?command=get_materiel&rest_code=00102&code=00101009062&supplier_code=00100022&order_time=2024-05-22 HTTP/1.1" 200 412
180.164.6.225 - - [22/May/2024:09:35:19 +0800] "GET /xingrg/check_reg.html?_=1716341719457 HTTP/1.1" 200 22
180.164.6.225 - - [22/May/2024:09:35:19 +0800] "GET /xingrg/all/function/internal_message.html?_=1716341719458&CODE_STATE=getMsg HTTP/1.1" 200 27
180.156.239.18 - - [22/May/2024:09:35:25 +0800] "GET /xingrg/all/function/internal_message.html?_=1716341725831&CODE_STATE=getMsg HTTP/1.1" 200 27
180.169.147.146 - - [22/May/2024:09:35:26 +0800] "GET /xingrg/check_reg.html?_=1716341726626 HTTP/1.1" 200 22
180.169.147.146 - - [22/May/2024:09:35:26 +0800] "GET /xingrg/all/function/internal_message.html?_=1716341726629&CODE_STATE=getMsg HTTP/1.1" 200 27
101.83.144.49 - - [22/May/2024:09:35:28 +0800] "GET /xingrg/all/function/internal_message.html?_=1716341472404&CODE_STATE=getMsg HTTP/1.1" 200 27
222.70.183.82 - - [22/May/2024:09:35:34 +0800] "GET /xingrg/all/function/internal_message.html?_=1716341731711&CODE_STATE=getMsg HTTP/1.1" 200 27
222.70.183.82 - - [22/May/2024:09:35:34 +0800] "GET /xingrg/kc/buy/cgsh_order_operate.html?command=get_materiel&rest_code=00111&code=00101009113&supplier_code=00100037&order_time=2024-05-22 HTTP/1.1" 200 413
222.67.233.39 - - [22/May/2024:09:35:38 +0800] "GET /xingrg/css/new_ie.css HTTP/1.1" 404 1036
222.67.233.39 - - [22/May/2024:09:35:39 +0800] "GET /xingrg/images/yd/bt.gif HTTP/1.1" 404 1040
180.156.239.18 - - [22/May/2024:09:35:42 +0800] "GET /xingrg/all/function/internal_message.html?_=1716341741762&CODE_STATE=getMsg HTTP/1.1" 200 27
222.67.233.39 - - [22/May/2024:09:35:42 +0800] "POST /xingrg/kc/buy/cgsh_list_operate.html HTTP/1.1" 200 645
116.238.97.31 - - [22/May/2024:09:35:46 +0800] "POST /xingrg/kc/buy/cgsh_order_operate.html HTTP/1.1" 200 37
116.232.195.13 - - [22/May/2024:09:35:47 +0800] "GET /xingrg/all/function/internal_message.html?_=1716341700183&CODE_STATE=getMsg HTTP/1.1" 200 27
116.232.195.13 - - [22/May/2024:09:35:47 +0800] "GET /xingrg/check_reg.html?_=1716341700189 HTTP/1.1" 200 22
222.70.183.82 - - [22/May/2024:09:35:48 +0800] "GET /xingrg/kc/buy/cgsh_order_operate.html?command=get_materiel&rest_code=00111&code=00101008509&supplier_code=00100037&order_time=2024-05-22 HTTP/1.1" 200 409
222.67.233.39 - - [22/May/2024:09:35:49 +0800] "GET /xingrg/javascript/easyui/themes/default/validatebox.css HTTP/1.1" 404 1104
222.67.233.39 - - [22/May/2024:09:35:49 +0800] "POST /xingrg/kc/buy/cgsh_order_operate.html HTTP/1.1" 200 8245
222.67.233.39 - - [22/May/2024:09:35:51 +0800] "GET /xingrg/javascript/auto/indicator.gif HTTP/1.1" 404 1066
222.67.233.39 - - [22/May/2024:09:35:51 +0800] "GET /xingrg/javascript/jquery_tools/images/prev.gif HTTP/1.1" 404 1086
222.67.233.39 - - [22/May/2024:09:35:51 +0800] "GET /xingrg/javascript/jquery_tools/images/next.gif HTTP/1.1" 404 1086
222.67.233.39 - - [22/May/2024:09:35:55 +0800] "GET /xingrg/kc/buy/cgsh_order_add.html HTTP/1.1" 200 74638
222.67.233.39 - - [22/May/2024:09:35:55 +0800] "GET /xingrg/css/base.css HTTP/1.1" 304 -
222.67.233.39 - - [22/May/2024:09:35:55 +0800] "GET /xingrg/css/site.css HTTP/1.1" 304 -
222.67.233.39 - - [22/May/2024:09:35:55 +0800] "GET /xingrg/javascript/jquery_tools/datebox.css HTTP/1.1" 304 -
222.67.233.39 - - [22/May/2024:09:35:55 +0800] "GET /xingrg/javascript/easyui/themes/default/easyui.css HTTP/1.1" 304 -
222.67.233.39 - - [22/May/2024:09:35:55 +0800] "GET /xingrg/javascript/easyui/themes/icon.css HTTP/1.1" 304 -
222.67.233.39 - - [22/May/2024:09:35:55 +0800] "GET /xingrg/javascript/auto/jquery.autocomplete.css HTTP/1.1" 304 -
222.67.233.39 - - [22/May/2024:09:35:55 +0800] "GET /xingrg/javascript/jquery_tools/fix.css HTTP/1.1" 304 -
222.67.233.39 - - [22/May/2024:09:35:55 +0800] "GET /xingrg/javascript/jquery_tools/table.css HTTP/1.1" 304 -
222.67.233.39 - - [22/May/2024:09:35:55 +0800] "GET /xingrg/javascript/pic_change.js HTTP/1.1" 304 -
222.67.233.39 - - [22/May/2024:09:35:55 +0800] "GET /xingrg/javascript/jquery_tools/jquery.tools.min.js HTTP/1.1" 304 -
222.67.233.39 - - [22/May/2024:09:35:55 +0800] "GET /xingrg/javascript/jquery_tools/jquery.tools.extend.js HTTP/1.1" 304 -
222.67.233.39 - - [22/May/2024:09:35:55 +0800] "GET /xingrg/javascript/jquery_tools/jquery.tools.hotkey.js HTTP/1.1" 304 -
222.67.233.39 - - [22/May/2024:09:35:55 +0800] "GET /xingrg/javascript/jquery_tools/jquery.tools.table.js HTTP/1.1" 304 -
222.67.233.39 - - [22/May/2024:09:35:55 +0800] "GET /xingrg/javascript/auto/jquery.autocomplete.js HTTP/1.1" 304 -
222.67.233.39 - - [22/May/2024:09:35:55 +0800] "GET /xingrg/javascript/easyui/easyloader.js HTTP/1.1" 304 -
222.67.233.39 - - [22/May/2024:09:35:55 +0800] "GET /xingrg/javascript/jquery.utils.js HTTP/1.1" 304 -
222.67.233.39 - - [22/May/2024:09:35:55 +0800] "GET /xingrg/javascript/jquery_tools/order_manager.js HTTP/1.1" 304 -
222.67.233.39 - - [22/May/2024:09:35:55 +0800] "GET /xingrg/javascript/convert.js HTTP/1.1" 304 -
222.67.233.39 - - [22/May/2024:09:35:55 +0800] "GET /xingrg/javascript/json2.js HTTP/1.1" 304 -
222.67.233.39 - - [22/May/2024:09:35:55 +0800] "GET /xingrg/javascript/jquery.cookie.js HTTP/1.1" 304 -
222.67.233.39 - - [22/May/2024:09:35:55 +0800] "GET /xingrg/javascript/print/kc_print.js HTTP/1.1" 304 -
222.67.233.39 - - [22/May/2024:09:35:55 +0800] "GET /xingrg/javascript/print/LodopFuncs.js HTTP/1.1" 304 -
222.67.233.39 - - [22/May/2024:09:35:56 +0800] "GET /xingrg/words/20240521164956_words.js HTTP/1.1" 304 -
222.67.233.39 - - [22/May/2024:09:35:56 +0800] "GET /xingrg/javascript/easyui/plugins/jquery.parser.js HTTP/1.1" 304 -
222.67.233.39 - - [22/May/2024:09:35:56 +0800] "GET /xingrg/images/control/ajaxLoader.gif HTTP/1.1" 304 -
222.67.233.39 - - [22/May/2024:09:35:56 +0800] "POST /xingrg/kc/buy/cgsh_order_operate.html HTTP/1.1" 200 8245
120.253.135.82 - - [22/May/2024:09:35:56 +0800] "GET /xingrg/all/function/internal_message.html?_=1716341608478&CODE_STATE=getMsg HTTP/1.1" 200 27
222.67.233.39 - - [22/May/2024:09:35:56 +0800] "GET /xingrg/javascript/easyui/themes/default/validatebox.css HTTP/1.1" 404 1104
222.69.135.47 - - [22/May/2024:09:35:56 +0800] "GET /xingrg/all/function/internal_message.html?_=1716341756977&CODE_STATE=getMsg HTTP/1.1" 200 27
222.67.233.39 - - [22/May/2024:09:35:57 +0800] "GET /xingrg/all/function/internal_message.html?_=1716341757739&CODE_STATE=getMsg HTTP/1.1" 200 27
222.70.183.82 - - [22/May/2024:09:36:01 +0800] "GET /xingrg/kc/buy/cgsh_order_operate.html?command=get_materiel&rest_code=00111&code=00101008704&supplier_code=00100037&order_time=2024-05-22 HTTP/1.1" 200 409
222.67.233.39 - - [22/May/2024:09:36:07 +0800] "GET /xingrg/kc/buy/cgsh_order_operate.html?command=get_materiel&rest_code=00141&code=00101011005&supplier_code=00100096&order_time=2024-05-22 HTTP/1.1" 200 408
116.238.97.31 - - [22/May/2024:09:36:09 +0800] "GET /xingrg/all/function/internal_message.html?_=1716341781947&CODE_STATE=getMsg HTTP/1.1" 200 27
116.238.97.31 - - [22/May/2024:09:36:09 +0800] "GET /xingrg/check_reg.html?_=1716341781949 HTTP/1.1" 200 22
101.80.230.31 - - [22/May/2024:09:36:10 +0800] "GET /xingrg/all/function/internal_message.html?_=1716341776175&CODE_STATE=getMsg HTTP/1.1" 200 27
116.238.97.31 - - [22/May/2024:09:36:16 +0800] "GET /xingrg/all/function/internal_message.html?_=1716341776950&CODE_STATE=getMsg HTTP/1.1" 200 27
116.238.97.31 - - [22/May/2024:09:36:18 +0800] "POST /xingrg/kc/buy/cgsh_order_operate.html HTTP/1.1" 200 12
180.164.6.225 - - [22/May/2024:09:36:19 +0800] "GET /xingrg/all/function/internal_message.html?_=1716341779454&CODE_STATE=getMsg HTTP/1.1" 200 27
116.238.97.31 - - [22/May/2024:09:36:23 +0800] "GET /xingrg/kc/buy/cgsh_order_info.html?code=212024052206215 HTTP/1.1" 200 69540
116.238.97.31 - - [22/May/2024:09:36:23 +0800] "GET /xingrg/javascript/easyui/themes/default/validatebox.css HTTP/1.1" 404 1104
116.238.97.31 - - [22/May/2024:09:36:24 +0800] "POST /xingrg/kc/buy/cgsh_order_operate.html HTTP/1.1" 200 2980
180.156.239.18 - - [22/May/2024:09:36:25 +0800] "GET /xingrg/all/function/internal_message.html?_=1716341785839&CODE_STATE=getMsg HTTP/1.1" 200 27
180.156.239.18 - - [22/May/2024:09:36:25 +0800] "GET /xingrg/check_reg.html?_=1716341785841 HTTP/1.1" 200 22
180.169.147.146 - - [22/May/2024:09:36:26 +0800] "GET /xingrg/all/function/internal_message.html?_=1716341786619&CODE_STATE=getMsg HTTP/1.1" 200 27
101.83.144.49 - - [22/May/2024:09:36:28 +0800] "GET /xingrg/check_reg.html?_=1716341532405 HTTP/1.1" 200 22
101.83.144.49 - - [22/May/2024:09:36:28 +0800] "GET /xingrg/all/function/internal_message.html?_=1716341532408&CODE_STATE=getMsg HTTP/1.1" 200 27
116.238.97.31 - - [22/May/2024:09:36:30 +0800] "GET /xingrg/kc/print/load_data.html?order_code=212024052206215&kc_code=cgsh&condition= HTTP/1.1" 200 1620
222.70.183.82 - - [22/May/2024:09:36:33 +0800] "GET /xingrg/all/function/internal_message.html?_=1716341791691&CODE_STATE=getMsg HTTP/1.1" 200 27
222.67.233.39 - - [22/May/2024:09:36:34 +0800] "GET /xingrg/kc/buy/cgsh_order_operate.html?command=get_materiel&rest_code=00141&code=00101011001&supplier_code=00100096&order_time=2024-05-22 HTTP/1.1" 200 422
116.238.97.31 - - [22/May/2024:09:36:38 +0800] "GET /xingrg/kc/buy/cgsh_order_add.html HTTP/1.1" 200 74673
116.238.97.31 - - [22/May/2024:09:36:38 +0800] "POST /xingrg/kc/buy/cgsh_order_operate.html HTTP/1.1" 200 8245
116.238.97.31 - - [22/May/2024:09:36:38 +0800] "GET /xingrg/javascript/easyui/themes/default/validatebox.css HTTP/1.1" 404 1104
180.156.239.18 - - [22/May/2024:09:36:42 +0800] "GET /xingrg/all/function/internal_message.html?_=1716341801743&CODE_STATE=getMsg HTTP/1.1" 200 27
116.232.195.13 - - [22/May/2024:09:36:47 +0800] "GET /xingrg/all/function/internal_message.html?_=1716341760193&CODE_STATE=getMsg HTTP/1.1" 200 27
222.67.233.39 - - [22/May/2024:09:36:52 +0800] "GET /xingrg/kc/buy/cgsh_order_operate.html?command=get_materiel&rest_code=00141&code=00101001299&supplier_code=00100096&order_time=2024-05-22 HTTP/1.1" 200 415
120.253.135.82 - - [22/May/2024:09:36:56 +0800] "GET /xingrg/all/function/internal_message.html?_=1716341668493&CODE_STATE=getMsg HTTP/1.1" 200 27
222.69.135.47 - - [22/May/2024:09:36:56 +0800] "GET /xingrg/all/function/internal_message.html?_=1716341816984&CODE_STATE=getMsg HTTP/1.1" 200 27
222.67.233.39 - - [22/May/2024:09:36:57 +0800] "GET /xingrg/all/function/internal_message.html?_=1716341817720&CODE_STATE=getMsg HTTP/1.1" 200 27
116.238.97.31 - - [22/May/2024:09:37:09 +0800] "GET /xingrg/all/function/internal_message.html?_=1716341841942&CODE_STATE=getMsg HTTP/1.1" 200 27
101.80.230.31 - - [22/May/2024:09:37:10 +0800] "GET /xingrg/all/function/internal_message.html?_=1716341836202&CODE_STATE=getMsg HTTP/1.1" 200 27
222.67.233.39 - - [22/May/2024:09:37:12 +0800] "GET /xingrg/check_reg.html?_=1716341832788 HTTP/1.1" 200 22
222.70.183.82 - - [22/May/2024:09:37:14 +0800] "POST /xingrg/kc/buy/cgsh_order_operate.html HTTP/1.1" 200 37
116.238.97.31 - - [22/May/2024:09:37:16 +0800] "GET /xingrg/all/function/internal_message.html?_=1716341836936&CODE_STATE=getMsg HTTP/1.1" 200 27
180.164.6.225 - - [22/May/2024:09:37:19 +0800] "GET /xingrg/all/function/internal_message.html?_=1716341839465&CODE_STATE=getMsg HTTP/1.1" 200 27
222.70.183.82 - - [22/May/2024:09:37:22 +0800] "POST /xingrg/kc/buy/cgsh_order_operate.html HTTP/1.1" 200 12
222.70.183.82 - - [22/May/2024:09:37:24 +0800] "GET /xingrg/kc/buy/cgsh_order_info.html?code=212024052206216 HTTP/1.1" 200 69467
222.70.183.82 - - [22/May/2024:09:37:25 +0800] "GET /xingrg/javascript/easyui/themes/default/validatebox.css HTTP/1.1" 404 1104
180.156.239.18 - - [22/May/2024:09:37:25 +0800] "GET /xingrg/all/function/internal_message.html?_=1716341845830&CODE_STATE=getMsg HTTP/1.1" 200 27
222.70.183.82 - - [22/May/2024:09:37:26 +0800] "POST /xingrg/kc/buy/cgsh_order_operate.html HTTP/1.1" 200 4725
180.169.147.146 - - [22/May/2024:09:37:26 +0800] "GET /xingrg/all/function/internal_message.html?_=1716341846639&CODE_STATE=getMsg HTTP/1.1" 200 27
101.83.144.49 - - [22/May/2024:09:37:28 +0800] "GET /xingrg/all/function/internal_message.html?_=1716341592408&CODE_STATE=getMsg HTTP/1.1" 200 27
222.70.183.82 - - [22/May/2024:09:37:28 +0800] "GET /xingrg/kc/print/load_data.html?order_code=212024052206216&kc_code=cgsh&condition= HTTP/1.1" 200 2307
222.67.233.39 - - [22/May/2024:09:37:31 +0800] "GET /xingrg/kc/buy/cgsh_order_operate.html?command=get_materiel&rest_code=00141&code=00101016030&supplier_code=00100096&order_time=2024-05-22 HTTP/1.1" 200 412
222.70.183.82 - - [22/May/2024:09:37:33 +0800] "GET /xingrg/all/function/internal_message.html?_=1716341851680&CODE_STATE=getMsg HTTP/1.1" 200 27
180.169.147.146 - - [22/May/2024:09:37:38 +0800] "POST /xingrg/dwr/call/plaincall/AjaxReportQueryService.refreshCache.dwr HTTP/1.1" 200 78
180.169.147.146 - - [22/May/2024:09:37:39 +0800] "POST /xingrg/dwr/call/plaincall/AjaxReportQueryService.refreshCache.dwr HTTP/1.1" 200 78
180.169.147.146 - - [22/May/2024:09:37:41 +0800] "POST /xingrg/all/report/load_report_page.html HTTP/1.1" 200 57544
180.169.147.146 - - [22/May/2024:09:37:41 +0800] "GET /xingrg/servlets/image?cache=0.224475496343013&image=px HTTP/1.1" 200 807
180.156.239.18 - - [22/May/2024:09:37:42 +0800] "GET /xingrg/all/function/internal_message.html?_=1716341861720&CODE_STATE=getMsg HTTP/1.1" 200 27
180.169.147.146 - - [22/May/2024:09:37:42 +0800] "POST /xingrg/all/report/load_report_page.html HTTP/1.1" 200 57660
180.169.147.146 - - [22/May/2024:09:37:42 +0800] "GET /xingrg/servlets/image?cache=0.41310067486107394&image=px HTTP/1.1" 200 807
116.232.195.13 - - [22/May/2024:09:37:47 +0800] "GET /xingrg/all/function/internal_message.html?_=1716341820203&CODE_STATE=getMsg HTTP/1.1" 200 27
120.253.135.82 - - [22/May/2024:09:37:56 +0800] "GET /xingrg/all/function/internal_message.html?_=1716341728616&CODE_STATE=getMsg HTTP/1.1" 200 27
222.69.135.47 - - [22/May/2024:09:37:56 +0800] "GET /xingrg/all/function/internal_message.html?_=1716341876974&CODE_STATE=getMsg HTTP/1.1" 200 27
222.69.135.47 - - [22/May/2024:09:37:56 +0800] "GET /xingrg/check_reg.html?_=1716341876978 HTTP/1.1" 200 22
222.67.233.39 - - [22/May/2024:09:37:57 +0800] "GET /xingrg/all/function/internal_message.html?_=1716341877733&CODE_STATE=getMsg HTTP/1.1" 200 27
180.169.147.146 - - [22/May/2024:09:38:00 +0800] "POST /xingrg/dwr/call/plaincall/AjaxReportQueryService.refreshCache.dwr HTTP/1.1" 200 78
180.169.147.146 - - [22/May/2024:09:38:03 +0800] "POST /xingrg/all/report/load_report_page.html HTTP/1.1" 200 57652
180.169.147.146 - - [22/May/2024:09:38:03 +0800] "GET /xingrg/servlets/image?cache=0.6429172901458777&image=px HTTP/1.1" 200 807
116.238.97.31 - - [22/May/2024:09:38:09 +0800] "GET /xingrg/all/function/internal_message.html?_=1716341901943&CODE_STATE=getMsg HTTP/1.1" 200 27
222.67.233.39 - - [22/May/2024:09:38:10 +0800] "GET /xingrg/kc/buy/cgsh_order_operate.html?command=get_materiel&rest_code=00141&code=00101012030&supplier_code=00100096&order_time=2024-05-22 HTTP/1.1" 200 416
101.80.230.31 - - [22/May/2024:09:38:10 +0800] "GET /xingrg/all/function/internal_message.html?_=1716341896203&CODE_STATE=getMsg HTTP/1.1" 200 27
101.80.230.31 - - [22/May/2024:09:38:10 +0800] "GET /xingrg/check_reg.html?_=1716341896212 HTTP/1.1" 200 22
116.238.97.31 - - [22/May/2024:09:38:16 +0800] "GET /xingrg/check_reg.html?_=1716341896961 HTTP/1.1" 200 22
116.238.97.31 - - [22/May/2024:09:38:16 +0800] "GET /xingrg/all/function/internal_message.html?_=1716341896962&CODE_STATE=getMsg HTTP/1.1" 200 27
180.164.6.225 - - [22/May/2024:09:38:19 +0800] "GET /xingrg/all/function/internal_message.html?_=1716341899465&CODE_STATE=getMsg HTTP/1.1" 200 27
180.169.147.146 - - [22/May/2024:09:38:24 +0800] "POST /xingrg/all/report/report_print.html HTTP/1.1" 200 7680
180.156.239.18 - - [22/May/2024:09:38:25 +0800] "GET /xingrg/all/function/internal_message.html?_=1716341905844&CODE_STATE=getMsg HTTP/1.1" 200 27
180.169.147.146 - - [22/May/2024:09:38:27 +0800] "GET /xingrg/all/function/internal_message.html?_=1716341907007&CODE_STATE=getMsg HTTP/1.1" 200 27
222.67.233.39 - - [22/May/2024:09:38:27 +0800] "GET /xingrg/kc/buy/cgsh_order_operate.html?command=get_materiel&rest_code=00141&code=00101012026&supplier_code=00100096&order_time=2024-05-22 HTTP/1.1" 200 408
101.83.144.49 - - [22/May/2024:09:38:28 +0800] "GET /xingrg/all/function/internal_message.html?_=1716341652408&CODE_STATE=getMsg HTTP/1.1" 200 27
222.70.183.82 - - [22/May/2024:09:38:33 +0800] "GET /xingrg/all/function/internal_message.html?_=1716341911662&CODE_STATE=getMsg HTTP/1.1" 200 27
180.156.239.18 - - [22/May/2024:09:38:42 +0800] "GET /xingrg/all/function/internal_message.html?_=1716341921711&CODE_STATE=getMsg HTTP/1.1" 200 27
116.232.195.13 - - [22/May/2024:09:38:47 +0800] "GET /xingrg/all/function/internal_message.html?_=1716341880188&CODE_STATE=getMsg HTTP/1.1" 200 27
222.67.233.39 - - [22/May/2024:09:38:51 +0800] "GET /xingrg/kc/buy/cgsh_order_operate.html?command=get_materiel&rest_code=00141&code=00101007072&supplier_code=00100096&order_time=2024-05-22 HTTP/1.1" 200 421
120.253.135.82 - - [22/May/2024:09:38:56 +0800] "GET /xingrg/all/function/internal_message.html?_=1716341788629&CODE_STATE=getMsg HTTP/1.1" 200 27
222.69.135.47 - - [22/May/2024:09:38:56 +0800] "GET /xingrg/all/function/internal_message.html?_=1716341936992&CODE_STATE=getMsg HTTP/1.1" 200 27
222.67.233.39 - - [22/May/2024:09:38:57 +0800] "GET /xingrg/all/function/internal_message.html?_=1716341937718&CODE_STATE=getMsg HTTP/1.1" 200 27
222.67.233.39 - - [22/May/2024:09:39:05 +0800] "GET /xingrg/kc/buy/cgsh_order_operate.html?command=get_materiel&rest_code=00141&code=00101006109&supplier_code=00100096&order_time=2024-05-22 HTTP/1.1" 200 408
116.238.97.31 - - [22/May/2024:09:39:09 +0800] "GET /xingrg/all/function/internal_message.html?_=1716341961949&CODE_STATE=getMsg HTTP/1.1" 200 27
101.80.230.31 - - [22/May/2024:09:39:10 +0800] "GET /xingrg/all/function/internal_message.html?_=1716341956211&CODE_STATE=getMsg HTTP/1.1" 200 27
116.238.97.31 - - [22/May/2024:09:39:16 +0800] "GET /xingrg/all/function/internal_message.html?_=1716341956950&CODE_STATE=getMsg HTTP/1.1" 200 27
180.164.6.225 - - [22/May/2024:09:39:19 +0800] "GET /xingrg/all/function/internal_message.html?_=1716341959461&CODE_STATE=getMsg HTTP/1.1" 200 27
180.156.239.18 - - [22/May/2024:09:39:25 +0800] "GET /xingrg/all/function/internal_message.html?_=1716341965832&CODE_STATE=getMsg HTTP/1.1" 200 27
180.169.147.146 - - [22/May/2024:09:39:27 +0800] "GET /xingrg/all/function/internal_message.html?_=1716341966982&CODE_STATE=getMsg HTTP/1.1" 200 27
101.83.144.49 - - [22/May/2024:09:39:28 +0800] "GET /xingrg/all/function/internal_message.html?_=1716341712408&CODE_STATE=getMsg HTTP/1.1" 200 27
180.169.147.146 - - [22/May/2024:09:39:31 +0800] "GET /xingrg/kc/report/report_main.html HTTP/1.1" 200 8599
222.67.233.39 - - [22/May/2024:09:39:31 +0800] "GET /xingrg/kc/buy/cgsh_order_operate.html?command=get_materiel&rest_code=00141&code=00101006057&supplier_code=00100096&order_time=2024-05-22 HTTP/1.1" 200 413
180.169.147.146 - - [22/May/2024:09:39:32 +0800] "GET /xingrg/all/report/report_query.html?fileName=kc/buy/wlcg_cate_hz_rest.xml&autoQuery=1 HTTP/1.1" 200 53789
180.169.147.146 - - [22/May/2024:09:39:32 +0800] "GET /xingrg/dwr/interface/AjaxReportQueryService.js HTTP/1.1" 200 13203
180.169.147.146 - - [22/May/2024:09:39:32 +0800] "GET /xingrg/dwr/engine.js HTTP/1.1" 200 43631
180.169.147.146 - - [22/May/2024:09:39:32 +0800] "POST /xingrg/dwr/call/plaincall/AjaxReportQueryService.getFixDate.dwr HTTP/1.1" 200 111
180.169.147.146 - - [22/May/2024:09:39:32 +0800] "POST /xingrg/all/common/load_tree.html?tree=area_rest_tree_json&manage=1 HTTP/1.1" 200 4010
180.169.147.146 - - [22/May/2024:09:39:33 +0800] "POST /xingrg/all/common/load_tree.html?tree=supplier_tree_json&manage=1 HTTP/1.1" 200 82611
180.169.147.146 - - [22/May/2024:09:39:33 +0800] "POST /xingrg/all/common/load_tree.html?tree=materiel_sort_tree_json HTTP/1.1" 200 9734
222.70.183.82 - - [22/May/2024:09:39:33 +0800] "GET /xingrg/check_reg.html?_=1716341971649 HTTP/1.1" 200 22
222.70.183.82 - - [22/May/2024:09:39:33 +0800] "GET /xingrg/all/function/internal_message.html?_=1716341971651&CODE_STATE=getMsg HTTP/1.1" 200 27
180.169.147.146 - - [22/May/2024:09:39:36 +0800] "POST /xingrg/all/report/load_report_page.html HTTP/1.1" 200 8725
180.169.147.146 - - [22/May/2024:09:39:36 +0800] "GET /xingrg/servlets/image?cache=0.37711305732375755&image=px HTTP/1.1" 200 807
180.156.239.18 - - [22/May/2024:09:39:42 +0800] "GET /xingrg/all/function/internal_message.html?_=1716341981697&CODE_STATE=getMsg HTTP/1.1" 200 27
180.156.239.18 - - [22/May/2024:09:39:42 +0800] "GET /xingrg/check_reg.html?_=1716341981927 HTTP/1.1" 200 22
116.232.195.13 - - [22/May/2024:09:39:47 +0800] "GET /xingrg/all/function/internal_message.html?_=1716341940186&CODE_STATE=getMsg HTTP/1.1" 200 27
222.67.233.39 - - [22/May/2024:09:39:52 +0800] "GET /xingrg/kc/buy/cgsh_order_operate.html?command=get_materiel&rest_code=00141&code=00101006113&supplier_code=00100096&order_time=2024-05-22 HTTP/1.1" 200 415
180.169.147.146 - - [22/May/2024:09:39:54 +0800] "POST /xingrg/dwr/call/plaincall/AjaxReportQueryService.refreshCache.dwr HTTP/1.1" 200 78
120.253.135.82 - - [22/May/2024:09:39:54 +0800] "GET /xingrg/check_reg.html?_=1716341846973 HTTP/1.1" 200 22
180.169.147.146 - - [22/May/2024:09:39:55 +0800] "POST /xingrg/all/report/load_report_page.html HTTP/1.1" 200 10897
180.169.147.146 - - [22/May/2024:09:39:55 +0800] "GET /xingrg/servlets/image?cache=0.11124451887865228&image=px HTTP/1.1" 200 807
120.253.135.82 - - [22/May/2024:09:39:56 +0800] "GET /xingrg/all/function/internal_message.html?_=1716341848642&CODE_STATE=getMsg HTTP/1.1" 200 27
222.69.135.47 - - [22/May/2024:09:39:56 +0800] "GET /xingrg/all/function/internal_message.html?_=1716341996984&CODE_STATE=getMsg HTTP/1.1" 200 27
222.67.233.39 - - [22/May/2024:09:39:57 +0800] "GET /xingrg/all/function/internal_message.html?_=1716341997705&CODE_STATE=getMsg HTTP/1.1" 200 27
180.169.147.146 - - [22/May/2024:09:40:04 +0800] "POST /xingrg/all/report/load_report_page.html HTTP/1.1" 200 53350
180.169.147.146 - - [22/May/2024:09:40:04 +0800] "GET /xingrg/servlets/image?cache=0.5092204687522572&image=px HTTP/1.1" 200 807
180.169.147.146 - - [22/May/2024:09:40:08 +0800] "POST /xingrg/all/report/load_report_page.html HTTP/1.1" 200 53350
180.169.147.146 - - [22/May/2024:09:40:08 +0800] "GET /xingrg/servlets/image?cache=0.1874400128463405&image=px HTTP/1.1" 200 807
116.238.97.31 - - [22/May/2024:09:40:09 +0800] "GET /xingrg/all/function/internal_message.html?_=1716342021950&CODE_STATE=getMsg HTTP/1.1" 200 27
101.80.230.31 - - [22/May/2024:09:40:10 +0800] "GET /xingrg/all/function/internal_message.html?_=1716342016209&CODE_STATE=getMsg HTTP/1.1" 200 27
180.169.147.146 - - [22/May/2024:09:40:11 +0800] "POST /xingrg/all/report/load_report_page.html HTTP/1.1" 200 53350
180.169.147.146 - - [22/May/2024:09:40:11 +0800] "GET /xingrg/servlets/image?cache=0.5414058370577229&image=px HTTP/1.1" 200 807
222.67.233.39 - - [22/May/2024:09:40:13 +0800] "GET /xingrg/kc/buy/cgsh_order_operate.html?command=get_materiel&rest_code=00141&code=00101006129&supplier_code=00100096&order_time=2024-05-22 HTTP/1.1" 200 439
180.169.147.146 - - [22/May/2024:09:40:13 +0800] "POST /xingrg/all/report/report_print.html HTTP/1.1" 200 7680
116.238.97.31 - - [22/May/2024:09:40:16 +0800] "GET /xingrg/all/function/internal_message.html?_=1716342016944&CODE_STATE=getMsg HTTP/1.1" 200 27
180.164.6.225 - - [22/May/2024:09:40:19 +0800] "GET /xingrg/check_reg.html?_=1716342019457 HTTP/1.1" 200 22
180.164.6.225 - - [22/May/2024:09:40:19 +0800] "GET /xingrg/all/function/internal_message.html?_=1716342019457&CODE_STATE=getMsg HTTP/1.1" 200 27
124.78.155.1 - - [22/May/2024:09:40:24 +0800] "POST /xingrg/services/DataTransmitService HTTP/1.1" 200 524
180.156.239.18 - - [22/May/2024:09:40:25 +0800] "GET /xingrg/all/function/internal_message.html?_=1716342025840&CODE_STATE=getMsg HTTP/1.1" 200 27
180.169.147.146 - - [22/May/2024:09:40:26 +0800] "GET /xingrg/check_reg.html?_=1716342026642 HTTP/1.1" 200 22
124.78.155.1 - - [22/May/2024:09:40:26 +0800] "POST /xingrg/services/DataTransmitService HTTP/1.1" 200 412
180.169.147.146 - - [22/May/2024:09:40:27 +0800] "GET /xingrg/all/function/internal_message.html?_=1716342026978&CODE_STATE=getMsg HTTP/1.1" 200 27
101.83.144.49 - - [22/May/2024:09:40:28 +0800] "GET /xingrg/all/function/internal_message.html?_=1716341772409&CODE_STATE=getMsg HTTP/1.1" 200 27
101.80.230.31 - - [22/May/2024:09:40:29 +0800] "GET /xingrg/logout.do HTTP/1.1" 302 -
101.80.230.31 - - [22/May/2024:09:40:29 +0800] "GET /xingrg/login.html?sysBaseUrl=http%3A%2F%2F180.169.147.146%3A18081%2Fxingrg%2F&costTime=31×tamp=1716342029509 HTTP/1.1" 200 7641
222.70.183.82 - - [22/May/2024:09:40:33 +0800] "GET /xingrg/all/function/internal_message.html?_=1716342031651&CODE_STATE=getMsg HTTP/1.1" 200 27
101.80.230.31 - - [22/May/2024:09:40:34 +0800] "POST /xingrg/login.do HTTP/1.1" 200 2421
101.80.230.31 - - [22/May/2024:09:40:34 +0800] "POST /xingrg/login.do HTTP/1.1" 200 2421
101.80.230.31 - - [22/May/2024:09:40:34 +0800] "GET /xingrg/images/blue/pic_top.gif HTTP/1.1" 200 3656
101.80.230.31 - - [22/May/2024:09:40:34 +0800] "GET /xingrg/images/blue/pic_notice.jpg HTTP/1.1" 200 3583
101.80.230.31 - - [22/May/2024:09:40:34 +0800] "GET /xingrg/images/blue/error_top.gif HTTP/1.1" 200 1790
101.80.230.31 - - [22/May/2024:09:40:34 +0800] "GET /xingrg/images/blue/error_mid.gif HTTP/1.1" 200 215
101.80.230.31 - - [22/May/2024:09:40:34 +0800] "GET /xingrg/images/blue/error_buttom.gif HTTP/1.1" 200 1750
101.80.230.31 - - [22/May/2024:09:40:36 +0800] "GET /xingrg/login.html HTTP/1.1" 200 7641
180.156.239.18 - - [22/May/2024:09:40:42 +0800] "GET /xingrg/all/function/internal_message.html?_=1716342041682&CODE_STATE=getMsg HTTP/1.1" 200 27
101.80.230.31 - - [22/May/2024:09:40:42 +0800] "POST /xingrg/login.do HTTP/1.1" 302 -
101.80.230.31 - - [22/May/2024:09:40:42 +0800] "GET /xingrg/index.html?sysBaseUrl=http%3A%2F%2F180.169.147.146%3A18081%2Fxingrg%2F&costTime=841×tamp=1716342042189 HTTP/1.1" 200 17179
101.80.230.31 - - [22/May/2024:09:40:42 +0800] "GET /xingrg/check_reg.html?_=1716342047892 HTTP/1.1" 200 22
101.80.230.31 - - [22/May/2024:09:40:42 +0800] "GET /xingrg/all/function/internal_message.html?_=1716342047891&CODE_STATE=count HTTP/1.1" 200 11
101.80.230.31 - - [22/May/2024:09:40:42 +0800] "POST /xingrg/load_menu.html HTTP/1.1" 200 5138
101.80.230.31 - - [22/May/2024:09:40:42 +0800] "POST /xingrg/all/common/load_tree.html?tree=area_rest_tree_json&manage=1 HTTP/1.1" 200 351
180.169.147.146 - - [22/May/2024:09:40:44 +0800] "GET /xingrg/all/report/report_query.html?isQuery=1&fileName=kc/buy/wlcg_mx_rest.xml&queryString=(CONVERT(char(10)%2Ca.order_time%2C%20120)%3E%3D'2024-05-11')%20and%20(CONVERT(char(10)%2Ca.order_time%2C%20120)%3C%3D'2024-05-20')%20and%20(a.supplier_code%20in%20('00100670'))%20and%20(a.materiel_code%3D'00101006398')&queryText=%E3%80%90%E5%8D%95%E6%8D%AE%E6%97%A5%E6%9C%9F%3A2024-05-11%20%E8%87%B3%202024-05-20%E3%80%91%20%E5%B9%B6%E4%B8%94%20%20%E3%80%90%E4%BE%9B%E5%BA%94%E5%95%86%20%3D%20%E6%89%AC%E5%B7%9E%E8%80%81%E9%B9%85%E3%80%91%20%E5%B9%B6%E4%B8%94%20%E3%80%90%E6%9D%90%E6%96%99%E5%90%8D%E7%A7%B0%20%3D%20%E7%9B%90%E6%B0%B4%E9%B9%85%E8%82%9D%E3%80%91&rand=0.73799147639358 HTTP/1.1" 200 51150
