116.232.195.13 - - [22/May/2024:11:15:04 +0800] "POST /xingrg/kc/buy/cgsh_order_operate.html HTTP/1.1" 200 18660
116.238.97.31 - - [22/May/2024:11:15:07 +0800] "GET /xingrg/all/function/internal_message.html?_=1716347720897&CODE_STATE=getMsg HTTP/1.1" 200 27
180.156.239.18 - - [22/May/2024:11:15:10 +0800] "GET /xingrg/kc/buy/cgsh_order_add.html HTTP/1.1" 200 74694
180.156.239.18 - - [22/May/2024:11:15:11 +0800] "GET /xingrg/words/20240522104350_words.js HTTP/1.1" 304 -
180.156.239.18 - - [22/May/2024:11:15:11 +0800] "POST /xingrg/kc/buy/cgsh_order_operate.html HTTP/1.1" 200 8245
180.156.239.18 - - [22/May/2024:11:15:11 +0800] "GET /xingrg/javascript/easyui/themes/default/validatebox.css HTTP/1.1" 404 1104
114.95.186.91 - - [22/May/2024:11:15:11 +0800] "GET /xingrg/login.html HTTP/1.1" 200 7641
114.95.186.91 - - [22/May/2024:11:15:11 +0800] "GET /xingrg/images/blue/jxLogo.png HTTP/1.1" 200 6156
114.95.186.91 - - [22/May/2024:11:15:12 +0800] "GET /xingrg/images/blue/login_bg.png HTTP/1.1" 200 22101
114.95.186.91 - - [22/May/2024:11:15:12 +0800] "GET /xingrg/images/blue/hj.png HTTP/1.1" 200 1014
114.95.186.91 - - [22/May/2024:11:15:12 +0800] "GET /xingrg/images/blue/srbg.png HTTP/1.1" 200 138
114.95.186.91 - - [22/May/2024:11:15:12 +0800] "GET /favicon.ico HTTP/1.1" 404 -
114.95.186.91 - - [22/May/2024:11:15:14 +0800] "GET /xingrg/login.html HTTP/1.1" 200 7641
114.95.186.91 - - [22/May/2024:11:15:14 +0800] "GET /xingrg/images/blue/jxLogo.png HTTP/1.1" 200 6156
114.95.186.91 - - [22/May/2024:11:15:14 +0800] "GET /xingrg/images/blue/login_bg.png HTTP/1.1" 200 22101
114.95.186.91 - - [22/May/2024:11:15:14 +0800] "GET /xingrg/images/blue/hj.png HTTP/1.1" 200 1014
114.95.186.91 - - [22/May/2024:11:15:14 +0800] "GET /xingrg/images/blue/srbg.png HTTP/1.1" 200 138
114.95.186.91 - - [22/May/2024:11:15:14 +0800] "GET /favicon.ico HTTP/1.1" 404 -
114.95.186.91 - - [22/May/2024:11:15:15 +0800] "GET /xingrg/login.html HTTP/1.1" 200 7641
114.95.186.91 - - [22/May/2024:11:15:16 +0800] "GET /favicon.ico HTTP/1.1" 404 -
222.67.233.39 - - [22/May/2024:11:15:17 +0800] "POST /xingrg/kc/buy/cgsh_order_operate.html HTTP/1.1" 200 12
222.70.183.82 - - [22/May/2024:11:15:17 +0800] "GET /xingrg/kc/buy/cgsh_order_operate.html?command=get_materiel&rest_code=00111&code=00101004023&supplier_code=00100674&order_time=2024-05-22 HTTP/1.1" 200 409
180.164.6.225 - - [22/May/2024:11:15:19 +0800] "GET /xingrg/check_reg.html?_=1716347719447 HTTP/1.1" 200 22
180.164.6.225 - - [22/May/2024:11:15:19 +0800] "GET /xingrg/all/function/internal_message.html?_=1716347719449&CODE_STATE=getMsg HTTP/1.1" 200 27
222.67.233.39 - - [22/May/2024:11:15:20 +0800] "GET /xingrg/kc/buy/cgsh_order_info.html?code=212024052206293 HTTP/1.1" 200 69513
222.67.233.39 - - [22/May/2024:11:15:20 +0800] "GET /xingrg/words/20240522104350_words.js HTTP/1.1" 200 1025643
222.67.233.39 - - [22/May/2024:11:15:20 +0800] "GET /xingrg/javascript/easyui/themes/default/validatebox.css HTTP/1.1" 404 1104
222.67.233.39 - - [22/May/2024:11:15:21 +0800] "POST /xingrg/kc/buy/cgsh_order_operate.html HTTP/1.1" 200 636
180.156.239.18 - - [22/May/2024:11:15:22 +0800] "GET /xingrg/kc/buy/cgsh_order_operate.html?command=get_materiel&rest_code=00150&code=00101001037&supplier_code=00100675&order_time=2024-05-22 HTTP/1.1" 200 418
114.95.186.91 - - [22/May/2024:11:15:22 +0800] "POST /xingrg/login.do HTTP/1.1" 302 -
114.95.186.91 - - [22/May/2024:11:15:22 +0800] "GET /xingrg/index.html?sysBaseUrl=http%3A%2F%2F180.169.147.146%3A18081%2Fxingrg%2F&costTime=813×tamp=1716347722347 HTTP/1.1" 200 17177
114.95.186.91 - - [22/May/2024:11:15:22 +0800] "GET /xingrg/javascript/jquery_easy_ui/themes/default/easyui.css HTTP/1.1" 200 26500
114.95.186.91 - - [22/May/2024:11:15:22 +0800] "GET /xingrg/javascript/jquery_easy_ui/themes/icon.css HTTP/1.1" 200 3949
114.95.186.91 - - [22/May/2024:11:15:22 +0800] "GET /xingrg/css/form.css HTTP/1.1" 200 893
114.95.186.91 - - [22/May/2024:11:15:22 +0800] "GET /xingrg/javascript/jquery-1.4.2.min.js HTTP/1.1" 200 72205
114.95.186.91 - - [22/May/2024:11:15:22 +0800] "GET /xingrg/javascript/jquery_easy_ui/easyui-lang-zh_CN.js HTTP/1.1" 200 1900
114.95.186.91 - - [22/May/2024:11:15:22 +0800] "GET /xingrg/javascript/jquery_easy_ui/jquery.easyui.min.js HTTP/1.1" 200 213662
114.95.186.91 - - [22/May/2024:11:15:22 +0800] "GET /xingrg/javascript/jquery.form.js HTTP/1.1" 200 23110
114.95.186.91 - - [22/May/2024:11:15:22 +0800] "GET /xingrg/javascript/jquery.utils.js HTTP/1.1" 200 11805
114.95.186.91 - - [22/May/2024:11:15:22 +0800] "GET /xingrg/javascript/jquery.timers.js HTTP/1.1" 200 3532
114.95.186.91 - - [22/May/2024:11:15:22 +0800] "GET /favicon.ico HTTP/1.1" 404 -
114.95.186.91 - - [22/May/2024:11:15:22 +0800] "GET /xingrg/javascript/jquery_easy_ui/themes/icons/settle_new.png HTTP/1.1" 200 826
114.95.186.91 - - [22/May/2024:11:15:22 +0800] "GET /xingrg/images/blue/navBackgound.jpg HTTP/1.1" 200 12378
114.95.186.91 - - [22/May/2024:11:15:22 +0800] "GET /xingrg/check_reg.html?_=1716347725474 HTTP/1.1" 200 22
114.95.186.91 - - [22/May/2024:11:15:22 +0800] "GET /xingrg/images/blue/pingpu.png HTTP/1.1" 200 231
114.95.186.91 - - [22/May/2024:11:15:22 +0800] "GET /xingrg/javascript/jquery_easy_ui/themes/default/images/tabs_leftarrow.png HTTP/1.1" 200 389
114.95.186.91 - - [22/May/2024:11:15:22 +0800] "GET /xingrg/javascript/jquery_easy_ui/themes/default/images/tabs_rightarrow.png HTTP/1.1" 200 395
114.95.186.91 - - [22/May/2024:11:15:22 +0800] "GET /xingrg/javascript/jquery_easy_ui/themes/default/images/panel_tool_collapse.gif HTTP/1.1" 200 246
114.95.186.91 - - [22/May/2024:11:15:22 +0800] "POST /xingrg/all/common/load_tree.html?tree=area_rest_tree_json&manage=1 HTTP/1.1" 200 348
114.95.186.91 - - [22/May/2024:11:15:22 +0800] "GET /xingrg/all/function/internal_message.html?_=1716347725474&CODE_STATE=count HTTP/1.1" 200 11
114.95.186.91 - - [22/May/2024:11:15:22 +0800] "POST /xingrg/load_menu.html HTTP/1.1" 200 5138
114.95.186.91 - - [22/May/2024:11:15:22 +0800] "GET /xingrg/javascript/jquery_easy_ui/themes/default/images/tree_arrows.gif HTTP/1.1" 200 1043
114.95.186.91 - - [22/May/2024:11:15:22 +0800] "GET /xingrg/javascript/jquery_easy_ui/themes/default/images/tree_folder_open.gif HTTP/1.1" 200 956
114.95.186.91 - - [22/May/2024:11:15:22 +0800] "GET /xingrg/javascript/jquery_easy_ui/themes/icons/search_new.png HTTP/1.1" 200 586
114.95.186.91 - - [22/May/2024:11:15:22 +0800] "GET /xingrg/javascript/jquery_easy_ui/themes/default/images/tree_folder.gif HTTP/1.1" 200 952
114.95.186.91 - - [22/May/2024:11:15:22 +0800] "GET /xingrg/javascript/jquery_easy_ui/themes/icons/storage_new.png HTTP/1.1" 200 853
114.95.186.91 - - [22/May/2024:11:15:22 +0800] "GET /xingrg/javascript/jquery_easy_ui/themes/icons/forms_new.png HTTP/1.1" 200 350
114.95.186.91 - - [22/May/2024:11:15:22 +0800] "GET /xingrg/javascript/jquery_easy_ui/themes/default/images/tree_file.gif HTTP/1.1" 200 118
222.67.233.39 - - [22/May/2024:11:15:23 +0800] "GET /xingrg/kc/print/load_data.html?order_code=212024052206293&kc_code=cgsh&condition= HTTP/1.1" 200 734
114.84.152.157 - - [22/May/2024:11:15:24 +0800] "GET /xingrg/all/function/internal_message.html?_=1716346082385&CODE_STATE=getMsg HTTP/1.1" 200 27
180.156.239.18 - - [22/May/2024:11:15:26 +0800] "GET /xingrg/all/function/internal_message.html?_=1716347726593&CODE_STATE=getMsg HTTP/1.1" 200 27
101.83.144.49 - - [22/May/2024:11:15:28 +0800] "GET /xingrg/all/function/internal_message.html?_=1716347472465&CODE_STATE=getMsg HTTP/1.1" 200 27
114.95.186.91 - - [22/May/2024:11:15:32 +0800] "GET /xingrg/javascript/jquery_easy_ui/themes/default/images/tabs_close.gif HTTP/1.1" 200 829
222.70.183.82 - - [22/May/2024:11:15:33 +0800] "POST /xingrg/kc/buy/cgsh_order_operate.html HTTP/1.1" 200 37
114.95.186.91 - - [22/May/2024:11:15:33 +0800] "GET /xingrg/kc/buy/cgsh_order_list.html HTTP/1.1" 200 58829
114.95.186.91 - - [22/May/2024:11:15:33 +0800] "GET /xingrg/css/base.css HTTP/1.1" 200 2811
114.95.186.91 - - [22/May/2024:11:15:33 +0800] "GET /xingrg/css/site.css HTTP/1.1" 200 7541
114.95.186.91 - - [22/May/2024:11:15:33 +0800] "GET /xingrg/javascript/jquery_tools/datebox.css HTTP/1.1" 200 2597
114.95.186.91 - - [22/May/2024:11:15:33 +0800] "GET /xingrg/javascript/easyui/themes/default/easyui.css HTTP/1.1" 200 30432
114.95.186.91 - - [22/May/2024:11:15:33 +0800] "GET /xingrg/javascript/easyui/themes/icon.css HTTP/1.1" 200 4483
114.95.186.91 - - [22/May/2024:11:15:33 +0800] "GET /xingrg/javascript/auto/jquery.autocomplete.css HTTP/1.1" 200 587
114.95.186.91 - - [22/May/2024:11:15:33 +0800] "GET /xingrg/javascript/jquery_tools/fix.css HTTP/1.1" 200 1702
114.95.186.91 - - [22/May/2024:11:15:33 +0800] "GET /xingrg/javascript/jquery_tools/table.css HTTP/1.1" 200 1032
114.95.186.91 - - [22/May/2024:11:15:33 +0800] "GET /xingrg/javascript/jquery_tools/jquery.tools.min.js HTTP/1.1" 200 138801
114.95.186.91 - - [22/May/2024:11:15:33 +0800] "GET /xingrg/javascript/jquery_tools/jquery.tools.extend.js HTTP/1.1" 200 15385
114.95.186.91 - - [22/May/2024:11:15:33 +0800] "GET /xingrg/javascript/jquery_tools/jquery.tools.hotkey.js HTTP/1.1" 200 3242
114.95.186.91 - - [22/May/2024:11:15:33 +0800] "GET /xingrg/javascript/jquery_tools/jquery.tools.table.js HTTP/1.1" 200 6994
114.95.186.91 - - [22/May/2024:11:15:33 +0800] "GET /xingrg/javascript/jquery_tools/list_manager.js HTTP/1.1" 200 3652
114.95.186.91 - - [22/May/2024:11:15:33 +0800] "GET /xingrg/javascript/auto/jquery.autocomplete.js HTTP/1.1" 200 21624
114.95.186.91 - - [22/May/2024:11:15:33 +0800] "GET /xingrg/javascript/jquery.cookie.js HTTP/1.1" 200 5513
114.95.186.91 - - [22/May/2024:11:15:33 +0800] "GET /xingrg/javascript/easyui/easyloader.js HTTP/1.1" 200 5975
114.95.186.91 - - [22/May/2024:11:15:33 +0800] "GET /xingrg/javascript/print/LodopFuncs.js HTTP/1.1" 200 5121
114.95.186.91 - - [22/May/2024:11:15:33 +0800] "GET /xingrg/javascript/easyui/themes/icons/cance_new.png HTTP/1.1" 200 3986
114.95.186.91 - - [22/May/2024:11:15:33 +0800] "GET /xingrg/javascript/easyui/themes/icons/edit_add_new.png HTTP/1.1" 200 2997
114.95.186.91 - - [22/May/2024:11:15:33 +0800] "GET /xingrg/javascript/easyui/themes/icons/check_new.png HTTP/1.1" 200 3224
114.95.186.91 - - [22/May/2024:11:15:33 +0800] "GET /xingrg/javascript/easyui/themes/icons/field_new.png HTTP/1.1" 200 1097
114.95.186.91 - - [22/May/2024:11:15:33 +0800] "GET /xingrg/javascript/easyui/themes/icons/import_new.png HTTP/1.1" 200 1247
114.95.186.91 - - [22/May/2024:11:15:33 +0800] "GET /xingrg/javascript/easyui/plugins/jquery.parser.js HTTP/1.1" 200 1142
114.95.186.91 - - [22/May/2024:11:15:33 +0800] "GET /xingrg/images/control/ajaxLoader.gif HTTP/1.1" 200 4659
116.232.195.13 - - [22/May/2024:11:15:37 +0800] "GET /xingrg/kc/buy/cgsh_order_operate.html?command=get_materiel&rest_code=00155&code=00101008213&supplier_code=00100005&order_time=2024-05-22 HTTP/1.1" 200 412
114.95.186.91 - - [22/May/2024:11:15:37 +0800] "POST /xingrg/kc/buy/cgsh_list_operate.html HTTP/1.1" 200 1381
180.156.239.18 - - [22/May/2024:11:15:38 +0800] "GET /xingrg/kc/buy/cgsh_order_operate.html?command=get_materiel&rest_code=00150&code=00101001140&supplier_code=00100675&order_time=2024-05-22 HTTP/1.1" 200 417
116.232.195.13 - - [22/May/2024:11:15:48 +0800] "GET /xingrg/all/function/internal_message.html?_=1716347700883&CODE_STATE=getMsg HTTP/1.1" 200 27
114.83.217.73 - - [22/May/2024:11:15:50 +0800] "POST /xingrg/services/DataTransmitService HTTP/1.1" 200 524
180.156.239.18 - - [22/May/2024:11:15:51 +0800] "POST /xingrg/kc/buy/cgsh_order_operate.html HTTP/1.1" 200 37
116.232.195.13 - - [22/May/2024:11:15:51 +0800] "GET /xingrg/kc/buy/cgsh_order_operate.html?command=get_materiel&rest_code=00155&code=00101008283&supplier_code=00100005&order_time=2024-05-22 HTTP/1.1" 200 408
222.67.233.39 - - [22/May/2024:11:15:56 +0800] "GET /xingrg/all/function/internal_message.html?_=1716347756282&CODE_STATE=getMsg HTTP/1.1" 200 27
222.69.135.47 - - [22/May/2024:11:15:56 +0800] "GET /xingrg/all/function/internal_message.html?_=1716347756981&CODE_STATE=getMsg HTTP/1.1" 200 27
120.253.135.82 - - [22/May/2024:11:15:59 +0800] "GET /xingrg/all/function/internal_message.html?_=1716347611834&CODE_STATE=getMsg HTTP/1.1" 200 27
180.156.239.18 - - [22/May/2024:11:16:00 +0800] "POST /xingrg/kc/buy/cgsh_order_operate.html HTTP/1.1" 200 12
180.169.147.146 - - [22/May/2024:11:16:00 +0800] "GET /xingrg/all/function/internal_message.html?_=1716347764045&CODE_STATE=getMsg HTTP/1.1" 200 27
116.232.195.13 - - [22/May/2024:11:16:03 +0800] "GET /xingrg/kc/buy/cgsh_order_operate.html?command=get_materiel&rest_code=00155&code=00101008101&supplier_code=00100005&order_time=2024-05-22 HTTP/1.1" 200 412
101.80.230.31 - - [22/May/2024:11:16:04 +0800] "GET /xingrg/all/function/internal_message.html?_=1716347769954&CODE_STATE=getMsg HTTP/1.1" 200 27
101.80.230.31 - - [22/May/2024:11:16:04 +0800] "GET /xingrg/check_reg.html?_=1716347769955 HTTP/1.1" 200 22
116.238.97.31 - - [22/May/2024:11:16:07 +0800] "GET /xingrg/all/function/internal_message.html?_=1716347780888&CODE_STATE=getMsg HTTP/1.1" 200 27
116.238.97.31 - - [22/May/2024:11:16:09 +0800] "GET /xingrg/check_reg.html?_=1716347782048 HTTP/1.1" 200 22
180.156.239.18 - - [22/May/2024:11:16:10 +0800] "GET /xingrg/kc/print/load_data.html?order_code=212024052206295&kc_code=cgsh&condition= HTTP/1.1" 200 960
222.70.183.82 - - [22/May/2024:11:16:13 +0800] "POST /xingrg/kc/buy/cgsh_order_operate.html HTTP/1.1" 200 12
180.156.239.18 - - [22/May/2024:11:16:14 +0800] "GET /xingrg/kc/buy/cgsh_order_info.html?code=212024052206295 HTTP/1.1" 200 69563
180.156.239.18 - - [22/May/2024:11:16:14 +0800] "GET /xingrg/javascript/easyui/themes/default/validatebox.css HTTP/1.1" 404 1104
222.67.233.39 - - [22/May/2024:11:16:15 +0800] "POST /xingrg/kc/buy/cgsh_order_operate.html HTTP/1.1" 200 8245
222.67.233.39 - - [22/May/2024:11:16:15 +0800] "GET /xingrg/javascript/easyui/themes/default/validatebox.css HTTP/1.1" 404 1104
116.232.195.13 - - [22/May/2024:11:16:15 +0800] "GET /xingrg/kc/buy/cgsh_order_operate.html?command=get_materiel&rest_code=00155&code=00101008005&supplier_code=00100005&order_time=2024-05-22 HTTP/1.1" 200 412
180.156.239.18 - - [22/May/2024:11:16:15 +0800] "POST /xingrg/kc/buy/cgsh_order_operate.html HTTP/1.1" 200 1212
180.164.6.225 - - [22/May/2024:11:16:19 +0800] "GET /xingrg/all/function/internal_message.html?_=1716347779454&CODE_STATE=getMsg HTTP/1.1" 200 27
116.232.195.13 - - [22/May/2024:11:16:21 +0800] "POST /xingrg/kc/buy/cgsh_order_operate.html HTTP/1.1" 200 2065
222.70.183.82 - - [22/May/2024:11:16:22 +0800] "GET /xingrg/kc/buy/cgsh_order_info.html?code=212024052206294 HTTP/1.1" 200 69465
180.156.239.18 - - [22/May/2024:11:16:22 +0800] "GET /xingrg/kc/buy/cgsh_order_add.html HTTP/1.1" 200 74694
222.70.183.82 - - [22/May/2024:11:16:22 +0800] "GET /xingrg/javascript/easyui/themes/default/validatebox.css HTTP/1.1" 404 1104
114.95.186.91 - - [22/May/2024:11:16:22 +0800] "GET /xingrg/all/function/internal_message.html?_=1716347785491&CODE_STATE=getMsg HTTP/1.1" 200 27
180.156.239.18 - - [22/May/2024:11:16:22 +0800] "POST /xingrg/kc/buy/cgsh_order_operate.html HTTP/1.1" 200 8245
180.156.239.18 - - [22/May/2024:11:16:22 +0800] "GET /xingrg/javascript/easyui/themes/default/validatebox.css HTTP/1.1" 404 1104
222.70.183.82 - - [22/May/2024:11:16:23 +0800] "POST /xingrg/kc/buy/cgsh_order_operate.html HTTP/1.1" 200 3569
114.84.152.157 - - [22/May/2024:11:16:24 +0800] "GET /xingrg/all/function/internal_message.html?_=1716346142393&CODE_STATE=getMsg HTTP/1.1" 200 27
114.84.152.157 - - [22/May/2024:11:16:24 +0800] "GET /xingrg/check_reg.html?_=1716346142390 HTTP/1.1" 200 22
180.156.239.18 - - [22/May/2024:11:16:26 +0800] "GET /xingrg/all/function/internal_message.html?_=1716347786588&CODE_STATE=getMsg HTTP/1.1" 200 27
222.70.183.82 - - [22/May/2024:11:16:28 +0800] "GET /xingrg/kc/print/load_data.html?order_code=212024052206294&kc_code=cgsh&condition= HTTP/1.1" 200 1820
101.83.144.49 - - [22/May/2024:11:16:28 +0800] "GET /xingrg/all/function/internal_message.html?_=1716347532438&CODE_STATE=getMsg HTTP/1.1" 200 27
101.83.144.49 - - [22/May/2024:11:16:28 +0800] "GET /xingrg/check_reg.html?_=1716347532550 HTTP/1.1" 200 22
101.80.230.31 - - [22/May/2024:11:16:29 +0800] "POST /xingrg/services/DataTransmitService HTTP/1.1" 200 524
101.80.230.31 - - [22/May/2024:11:16:29 +0800] "POST /xingrg/services/DataTransmitService HTTP/1.1" 200 501
222.67.233.39 - - [22/May/2024:11:16:33 +0800] "GET /xingrg/kc/buy/cgsh_order_operate.html?command=get_materiel&rest_code=00141&code=00101001324&supplier_code=00100090&order_time=2024-05-22 HTTP/1.1" 200 400
222.70.183.82 - - [22/May/2024:11:16:34 +0800] "GET /xingrg/all/function/internal_message.html?_=1716347791733&CODE_STATE=getMsg HTTP/1.1" 200 27
222.70.183.82 - - [22/May/2024:11:16:42 +0800] "GET /xingrg/kc/buy/cgsh_order_add.html HTTP/1.1" 200 74594
222.70.183.82 - - [22/May/2024:11:16:42 +0800] "POST /xingrg/kc/buy/cgsh_order_operate.html HTTP/1.1" 200 8245
222.70.183.82 - - [22/May/2024:11:16:42 +0800] "GET /xingrg/javascript/easyui/themes/default/validatebox.css HTTP/1.1" 404 1104
222.67.233.39 - - [22/May/2024:11:16:45 +0800] "GET /xingrg/kc/buy/cgsh_order_operate.html?command=get_materiel&rest_code=00141&code=00101001169&supplier_code=00100090&order_time=2024-05-22 HTTP/1.1" 200 417
101.80.230.31 - - [22/May/2024:11:16:47 +0800] "GET /xingrg/all/function/internal_message.html?_=1716347813310&CODE_STATE=getMsg HTTP/1.1" 200 27
116.232.195.13 - - [22/May/2024:11:16:48 +0800] "GET /xingrg/check_reg.html?_=1716347760869 HTTP/1.1" 200 22
116.232.195.13 - - [22/May/2024:11:16:48 +0800] "GET /xingrg/all/function/internal_message.html?_=1716347760867&CODE_STATE=getMsg HTTP/1.1" 200 27
180.156.239.18 - - [22/May/2024:11:16:53 +0800] "GET /xingrg/kc/buy/cgsh_order_operate.html?command=get_materiel&rest_code=00150&code=00101001139&supplier_code=00100674&order_time=2024-05-22 HTTP/1.1" 200 419
222.70.183.82 - - [22/May/2024:11:16:55 +0800] "GET /xingrg/kc/buy/cgsh_order_operate.html?command=get_materiel&rest_code=00111&code=00101002002&supplier_code=00100087&order_time=2024-05-22 HTTP/1.1" 200 420
222.67.233.39 - - [22/May/2024:11:16:56 +0800] "GET /xingrg/all/function/internal_message.html?_=1716347816264&CODE_STATE=getMsg HTTP/1.1" 200 27
222.69.135.47 - - [22/May/2024:11:16:56 +0800] "GET /xingrg/all/function/internal_message.html?_=1716347816994&CODE_STATE=getMsg HTTP/1.1" 200 27
120.253.135.82 - - [22/May/2024:11:16:59 +0800] "GET /xingrg/all/function/internal_message.html?_=1716347671847&CODE_STATE=getMsg HTTP/1.1" 200 27
180.169.147.146 - - [22/May/2024:11:17:00 +0800] "GET /xingrg/check_reg.html?_=1716347824067 HTTP/1.1" 200 22
180.169.147.146 - - [22/May/2024:11:17:00 +0800] "GET /xingrg/all/function/internal_message.html?_=1716347824068&CODE_STATE=getMsg HTTP/1.1" 200 27
116.232.195.13 - - [22/May/2024:11:17:07 +0800] "GET /xingrg/kc/buy/cgsh_order_operate.html?command=get_materiel&rest_code=00155&code=00101008103&supplier_code=00100005&order_time=2024-05-22 HTTP/1.1" 200 417
116.238.97.31 - - [22/May/2024:11:17:07 +0800] "GET /xingrg/all/function/internal_message.html?_=1716347840867&CODE_STATE=getMsg HTTP/1.1" 200 27
222.67.233.39 - - [22/May/2024:11:17:12 +0800] "GET /xingrg/check_reg.html?_=1716347832785 HTTP/1.1" 200 22
222.70.183.82 - - [22/May/2024:11:17:13 +0800] "POST /xingrg/kc/buy/cgsh_order_operate.html HTTP/1.1" 200 37
222.67.233.39 - - [22/May/2024:11:17:13 +0800] "GET /xingrg/kc/buy/cgsh_order_operate.html?command=get_materiel&rest_code=00141&code=00101014036&supplier_code=00100090&order_time=2024-05-22 HTTP/1.1" 200 415
180.169.147.146 - - [22/May/2024:11:17:14 +0800] "POST /xingrg/kc/buy/cgsh_list_operate.html HTTP/1.1" 200 4
180.164.6.225 - - [22/May/2024:11:17:19 +0800] "GET /xingrg/all/function/internal_message.html?_=1716347839449&CODE_STATE=getMsg HTTP/1.1" 200 27
116.232.195.13 - - [22/May/2024:11:17:21 +0800] "POST /xingrg/kc/buy/cgsh_order_operate.html HTTP/1.1" 200 2065
114.95.186.91 - - [22/May/2024:11:17:22 +0800] "GET /xingrg/all/function/internal_message.html?_=1716347845500&CODE_STATE=getMsg HTTP/1.1" 200 27
114.84.152.157 - - [22/May/2024:11:17:24 +0800] "GET /xingrg/all/function/internal_message.html?_=1716346202374&CODE_STATE=getMsg HTTP/1.1" 200 27
180.156.239.18 - - [22/May/2024:11:17:26 +0800] "GET /xingrg/all/function/internal_message.html?_=1716347846565&CODE_STATE=getMsg HTTP/1.1" 200 27
101.83.144.49 - - [22/May/2024:11:17:28 +0800] "GET /xingrg/all/function/internal_message.html?_=1716347592432&CODE_STATE=getMsg HTTP/1.1" 200 27
222.67.233.39 - - [22/May/2024:11:17:28 +0800] "GET /xingrg/kc/buy/cgsh_order_operate.html?command=get_materiel&rest_code=00141&code=00101001148&supplier_code=00100090&order_time=2024-05-22 HTTP/1.1" 200 409
180.164.6.225 - - [22/May/2024:11:17:31 +0800] "GET /xingrg/kc/buy/cgsh_order_add.html HTTP/1.1" 200 74730
180.164.6.225 - - [22/May/2024:11:17:31 +0800] "GET /xingrg/words/20240522104350_words.js HTTP/1.1" 200 1025643
180.164.6.225 - - [22/May/2024:11:17:32 +0800] "POST /xingrg/kc/buy/cgsh_order_operate.html HTTP/1.1" 200 8245
180.164.6.225 - - [22/May/2024:11:17:32 +0800] "GET /xingrg/javascript/easyui/themes/default/validatebox.css HTTP/1.1" 404 1104
180.164.6.225 - - [22/May/2024:11:17:32 +0800] "GET /xingrg/all/common/auto_word.html?type=employee&rest_code=00108 HTTP/1.1" 200 101
180.164.6.225 - - [22/May/2024:11:17:32 +0800] "GET /xingrg/all/common/auto_word.html?type=employee&rest_code=00108 HTTP/1.1" 200 101
116.238.97.31 - - [22/May/2024:11:17:33 +0800] "GET /xingrg/check_reg.html?_=1716347854951 HTTP/1.1" 200 22
116.232.195.13 - - [22/May/2024:11:17:35 +0800] "GET /xingrg/kc/buy/cgsh_order_operate.html?command=get_materiel&rest_code=00155&code=00101008061&supplier_code=00100005&order_time=2024-05-22 HTTP/1.1" 200 422
222.67.233.39 - - [22/May/2024:11:17:42 +0800] "POST /xingrg/kc/buy/cgsh_order_operate.html HTTP/1.1" 200 37
222.70.183.82 - - [22/May/2024:11:17:43 +0800] "POST /xingrg/kc/buy/cgsh_order_operate.html HTTP/1.1" 200 12
116.232.195.13 - - [22/May/2024:11:17:45 +0800] "GET /xingrg/kc/buy/cgsh_order_operate.html?command=get_materiel&rest_code=00155&code=00101008168&supplier_code=00100005&order_time=2024-05-22 HTTP/1.1" 200 412
101.80.230.31 - - [22/May/2024:11:17:47 +0800] "GET /xingrg/all/function/internal_message.html?_=1716347873313&CODE_STATE=getMsg HTTP/1.1" 200 27
116.232.195.13 - - [22/May/2024:11:17:48 +0800] "GET /xingrg/all/function/internal_message.html?_=1716347820885&CODE_STATE=getMsg HTTP/1.1" 200 27
222.67.233.39 - - [22/May/2024:11:17:50 +0800] "POST /xingrg/kc/buy/cgsh_order_operate.html HTTP/1.1" 200 12
222.70.183.82 - - [22/May/2024:11:17:51 +0800] "GET /xingrg/kc/buy/cgsh_order_info.html?code=212024052206296 HTTP/1.1" 200 69465
222.70.183.82 - - [22/May/2024:11:17:52 +0800] "GET /xingrg/javascript/easyui/themes/default/validatebox.css HTTP/1.1" 404 1104
180.164.6.225 - - [22/May/2024:11:17:52 +0800] "GET /xingrg/kc/buy/cgsh_order_operate.html?command=get_materiel&rest_code=00108&code=00101010218&supplier_code=&order_time=2024-05-22 HTTP/1.1" 200 419
222.70.183.82 - - [22/May/2024:11:17:53 +0800] "POST /xingrg/kc/buy/cgsh_order_operate.html HTTP/1.1" 200 618
222.67.233.39 - - [22/May/2024:11:17:53 +0800] "GET /xingrg/kc/buy/cgsh_order_info.html?code=212024052206297 HTTP/1.1" 200 69513
222.67.233.39 - - [22/May/2024:11:17:53 +0800] "GET /xingrg/javascript/easyui/themes/default/validatebox.css HTTP/1.1" 404 1104
222.67.233.39 - - [22/May/2024:11:17:54 +0800] "POST /xingrg/kc/buy/cgsh_order_operate.html HTTP/1.1" 200 2394
116.232.195.13 - - [22/May/2024:11:17:55 +0800] "GET /xingrg/kc/buy/cgsh_order_operate.html?command=get_materiel&rest_code=00155&code=00101008119&supplier_code=00100005&order_time=2024-05-22 HTTP/1.1" 200 412
222.70.183.82 - - [22/May/2024:11:17:56 +0800] "GET /xingrg/kc/print/load_data.html?order_code=212024052206296&kc_code=cgsh&condition= HTTP/1.1" 200 765
222.67.233.39 - - [22/May/2024:11:17:56 +0800] "GET /xingrg/all/function/internal_message.html?_=1716347876240&CODE_STATE=getMsg HTTP/1.1" 200 27
222.69.135.47 - - [22/May/2024:11:17:56 +0800] "GET /xingrg/check_reg.html?_=1716347876982 HTTP/1.1" 200 22
222.69.135.47 - - [22/May/2024:11:17:56 +0800] "GET /xingrg/all/function/internal_message.html?_=1716347876986&CODE_STATE=getMsg HTTP/1.1" 200 27
180.164.6.225 - - [22/May/2024:11:17:58 +0800] "POST /xingrg/services/DataTransmitService HTTP/1.1" 200 524
120.253.135.82 - - [22/May/2024:11:17:59 +0800] "GET /xingrg/all/function/internal_message.html?_=1716347731975&CODE_STATE=getMsg HTTP/1.1" 200 27
180.169.147.146 - - [22/May/2024:11:18:00 +0800] "GET /xingrg/all/function/internal_message.html?_=1716347884052&CODE_STATE=getMsg HTTP/1.1" 200 27
222.67.233.39 - - [22/May/2024:11:18:01 +0800] "GET /xingrg/kc/print/load_data.html?order_code=212024052206297&kc_code=cgsh&condition= HTTP/1.1" 200 1461
222.70.183.82 - - [22/May/2024:11:18:03 +0800] "GET /xingrg/kc/buy/cgsh_order_add.html HTTP/1.1" 200 74594
222.70.183.82 - - [22/May/2024:11:18:04 +0800] "GET /xingrg/javascript/easyui/themes/default/validatebox.css HTTP/1.1" 404 1104
222.70.183.82 - - [22/May/2024:11:18:04 +0800] "POST /xingrg/kc/buy/cgsh_order_operate.html HTTP/1.1" 200 8245
222.67.233.39 - - [22/May/2024:11:18:06 +0800] "POST /xingrg/kc/buy/cgsh_order_operate.html HTTP/1.1" 200 8245
222.67.233.39 - - [22/May/2024:11:18:06 +0800] "GET /xingrg/javascript/easyui/themes/default/validatebox.css HTTP/1.1" 404 1104
116.238.97.31 - - [22/May/2024:11:18:07 +0800] "GET /xingrg/all/function/internal_message.html?_=1716347900857&CODE_STATE=getMsg HTTP/1.1" 200 27
116.232.195.13 - - [22/May/2024:11:18:08 +0800] "GET /xingrg/kc/buy/cgsh_order_operate.html?command=get_materiel&rest_code=00155&code=00101008674&supplier_code=00100005&order_time=2024-05-22 HTTP/1.1" 200 412
222.67.233.39 - - [22/May/2024:11:18:17 +0800] "GET /xingrg/kc/buy/cgsh_order_operate.html?command=get_materiel&rest_code=00141&code=00101001037&supplier_code=00100675&order_time=2024-05-22 HTTP/1.1" 200 418
222.70.183.82 - - [22/May/2024:11:18:17 +0800] "GET /xingrg/kc/buy/cgsh_order_operate.html?command=get_materiel&rest_code=00111&code=00101003006&supplier_code=00100497&order_time=2024-05-22 HTTP/1.1" 200 414
180.164.6.225 - - [22/May/2024:11:18:19 +0800] "GET /xingrg/all/function/internal_message.html?_=1716347899440&CODE_STATE=getMsg HTTP/1.1" 200 27
124.78.155.1 - - [22/May/2024:11:18:21 +0800] "GET /xingrg/login.html?r=1 HTTP/1.1" 200 7641
124.78.155.1 - - [22/May/2024:11:18:21 +0800] "GET /favicon.ico HTTP/1.1" 404 -
114.95.186.91 - - [22/May/2024:11:18:22 +0800] "GET /xingrg/all/function/internal_message.html?_=1716347905479&CODE_STATE=getMsg HTTP/1.1" 200 27
101.83.144.49 - - [22/May/2024:11:18:22 +0800] "POST /xingrg/kc/buy/cgsh_order_operate.html HTTP/1.1" 200 37
124.78.155.1 - - [22/May/2024:11:18:24 +0800] "POST /xingrg/login.do HTTP/1.1" 302 -
124.78.155.1 - - [22/May/2024:11:18:24 +0800] "GET /xingrg/index.html?sysBaseUrl=http%3A%2F%2F180.169.147.146%3A18081%2Fxingrg%2F&costTime=1132×tamp=1716347904412 HTTP/1.1" 200 17173
124.78.155.1 - - [22/May/2024:11:18:24 +0800] "GET /favicon.ico HTTP/1.1" 404 -
114.84.152.157 - - [22/May/2024:11:18:24 +0800] "GET /xingrg/all/function/internal_message.html?_=1716346262384&CODE_STATE=getMsg HTTP/1.1" 200 27
124.78.155.1 - - [22/May/2024:11:18:24 +0800] "GET /xingrg/all/function/internal_message.html?_=1716347905553&CODE_STATE=count HTTP/1.1" 200 11
124.78.155.1 - - [22/May/2024:11:18:24 +0800] "GET /xingrg/check_reg.html?_=1716347905554 HTTP/1.1" 200 22
124.78.155.1 - - [22/May/2024:11:18:24 +0800] "POST /xingrg/all/common/load_tree.html?tree=area_rest_tree_json&manage=1 HTTP/1.1" 200 342
124.78.155.1 - - [22/May/2024:11:18:24 +0800] "POST /xingrg/load_menu.html HTTP/1.1" 200 5138
101.83.144.49 - - [22/May/2024:11:18:25 +0800] "POST /xingrg/kc/buy/cgsh_order_operate.html HTTP/1.1" 200 30433
124.78.155.1 - - [22/May/2024:11:18:26 +0800] "GET /xingrg/kc/mdqp/qp_main.html HTTP/1.1" 200 10633
124.78.155.1 - - [22/May/2024:11:18:26 +0800] "GET /xingrg/images/blue/button/qqpsd.gif HTTP/1.1" 200 2548
124.78.155.1 - - [22/May/2024:11:18:26 +0800] "GET /xingrg/images/blue/button/psshd.gif HTTP/1.1" 200 2692
124.78.155.1 - - [22/May/2024:11:18:26 +0800] "GET /xingrg/images/blue/button/pszx.gif HTTP/1.1" 200 2648
180.169.147.146 - - [22/May/2024:11:18:26 +0800] "POST /xingrg/kc/buy/cgsh_list_operate.html HTTP/1.1" 200 4221
180.156.239.18 - - [22/May/2024:11:18:26 +0800] "GET /xingrg/all/function/internal_message.html?_=1716347906557&CODE_STATE=getMsg HTTP/1.1" 200 27
180.156.239.18 - - [22/May/2024:11:18:26 +0800] "GET /xingrg/check_reg.html?_=1716347906651 HTTP/1.1" 200 22
124.78.155.1 - - [22/May/2024:11:18:27 +0800] "GET /xingrg/images/yd/bt.gif HTTP/1.1" 404 1040
116.232.195.13 - - [22/May/2024:11:18:27 +0800] "GET /xingrg/kc/buy/cgsh_order_operate.html?command=get_materiel&rest_code=00155&code=00101009004&supplier_code=00100005&order_time=2024-05-22 HTTP/1.1" 200 409
124.78.155.1 - - [22/May/2024:11:18:28 +0800] "GET /xingrg/kc/mdqp/pssh_order_list.html HTTP/1.1" 200 18125
101.83.144.49 - - [22/May/2024:11:18:28 +0800] "GET /xingrg/all/function/internal_message.html?_=1716347652399&CODE_STATE=getMsg HTTP/1.1" 200 27
124.78.155.1 - - [22/May/2024:11:18:28 +0800] "POST /xingrg/kc/mdqp/pssh_list_operate.html HTTP/1.1" 200 5263
124.78.155.1 - - [22/May/2024:11:18:31 +0800] "POST /xingrg/kc/mdqp/pssh_list_operate.html HTTP/1.1" 200 459
124.78.155.1 - - [22/May/2024:11:18:31 +0800] "GET /xingrg/kc/mdqp/pssh_order_info.html?code=312024052100410 HTTP/1.1" 200 17271
124.78.155.1 - - [22/May/2024:11:18:32 +0800] "GET /xingrg/javascript/jquery_tools/jquery-1.4.2.min.js HTTP/1.1" 404 1094
124.78.155.1 - - [22/May/2024:11:18:32 +0800] "GET /xingrg/words/20240522104350_words.js HTTP/1.1" 304 -
124.78.155.1 - - [22/May/2024:11:18:32 +0800] "GET /xingrg/javascript/easyui/themes/icons/back_new.png HTTP/1.1" 200 3414
124.78.155.1 - - [22/May/2024:11:18:32 +0800] "GET /xingrg/javascript/easyui/themes/default/validatebox.css HTTP/1.1" 404 1104
124.78.155.1 - - [22/May/2024:11:18:32 +0800] "GET /xingrg/all/common/auto_word.html?type=base&rest_code=00106&rest_code=00106 HTTP/1.1" 200 1799
124.78.155.1 - - [22/May/2024:11:18:32 +0800] "GET /xingrg/all/common/auto_word.html?type=employee&rest_code=00106 HTTP/1.1" 200 205
124.78.155.1 - - [22/May/2024:11:18:32 +0800] "POST /xingrg/kc/mdqp/pssh_order_operate.html HTTP/1.1" 200 1583
222.70.183.82 - - [22/May/2024:11:18:34 +0800] "GET /xingrg/all/function/internal_message.html?_=1716347911740&CODE_STATE=getMsg HTTP/1.1" 200 27
124.78.155.1 - - [22/May/2024:11:18:35 +0800] "GET /xingrg/javascript/jquery_easy_ui/themes/icons/rest.png HTTP/1.1" 304 -
124.78.155.1 - - [22/May/2024:11:18:35 +0800] "GET /xingrg/javascript/jquery_easy_ui/themes/icons/area.png HTTP/1.1" 304 -
222.70.183.82 - - [22/May/2024:11:18:36 +0800] "POST /xingrg/kc/buy/cgsh_order_operate.html HTTP/1.1" 200 64
222.67.233.39 - - [22/May/2024:11:18:37 +0800] "POST /xingrg/kc/buy/cgsh_order_operate.html HTTP/1.1" 200 37
124.78.155.1 - - [22/May/2024:11:18:37 +0800] "GET /xingrg/kc/mdqp/pssh_order_list.html?isBack=1 HTTP/1.1" 200 18125
124.78.155.1 - - [22/May/2024:11:18:38 +0800] "POST /xingrg/kc/mdqp/pssh_list_operate.html HTTP/1.1" 200 5263
116.232.195.13 - - [22/May/2024:11:18:41 +0800] "GET /xingrg/kc/buy/cgsh_order_operate.html?command=get_materiel&rest_code=00155&code=00101009160&supplier_code=00100005&order_time=2024-05-22 HTTP/1.1" 200 415
116.232.195.13 - - [22/May/2024:11:18:43 +0800] "POST /xingrg/kc/buy/cgsh_order_operate.html HTTP/1.1" 200 2065
101.80.230.31 - - [22/May/2024:11:18:47 +0800] "GET /xingrg/all/function/internal_message.html?_=1716347933315&CODE_STATE=getMsg HTTP/1.1" 200 27
222.67.233.39 - - [22/May/2024:11:18:48 +0800] "POST /xingrg/kc/buy/cgsh_order_operate.html HTTP/1.1" 200 12
116.232.195.13 - - [22/May/2024:11:18:48 +0800] "GET /xingrg/all/function/internal_message.html?_=1716347880874&CODE_STATE=getMsg HTTP/1.1" 200 27
222.70.183.82 - - [22/May/2024:11:18:52 +0800] "POST /xingrg/kc/buy/cgsh_order_operate.html HTTP/1.1" 200 37
222.67.233.39 - - [22/May/2024:11:18:55 +0800] "GET /xingrg/kc/buy/cgsh_order_info.html?code=212024052206299 HTTP/1.1" 200 69503
222.67.233.39 - - [22/May/2024:11:18:55 +0800] "GET /xingrg/javascript/easyui/themes/default/validatebox.css HTTP/1.1" 404 1104
222.67.233.39 - - [22/May/2024:11:18:56 +0800] "GET /xingrg/all/function/internal_message.html?_=1716347936212&CODE_STATE=getMsg HTTP/1.1" 200 27
222.69.135.47 - - [22/May/2024:11:18:56 +0800] "GET /xingrg/all/function/internal_message.html?_=1716347936977&CODE_STATE=getMsg HTTP/1.1" 200 27
222.67.233.39 - - [22/May/2024:11:18:56 +0800] "POST /xingrg/kc/buy/cgsh_order_operate.html HTTP/1.1" 200 615
222.70.169.40 - - [22/May/2024:11:18:58 +0800] "GET /favicon.ico HTTP/1.1" 404 -
222.67.233.39 - - [22/May/2024:11:18:58 +0800] "GET /xingrg/kc/print/load_data.html?order_code=212024052206299&kc_code=cgsh&condition= HTTP/1.1" 200 699
120.253.135.82 - - [22/May/2024:11:18:59 +0800] "GET /xingrg/all/function/internal_message.html?_=1716347791984&CODE_STATE=getMsg HTTP/1.1" 200 27
180.169.147.146 - - [22/May/2024:11:19:00 +0800] "GET /xingrg/all/function/internal_message.html?_=1716347944047&CODE_STATE=getMsg HTTP/1.1" 200 27
222.67.233.39 - - [22/May/2024:11:19:04 +0800] "POST /xingrg/kc/buy/cgsh_order_operate.html HTTP/1.1" 200 8245
222.67.233.39 - - [22/May/2024:11:19:04 +0800] "GET /xingrg/javascript/easyui/themes/default/validatebox.css HTTP/1.1" 404 1104
116.238.97.31 - - [22/May/2024:11:19:07 +0800] "GET /xingrg/all/function/internal_message.html?_=1716347960848&CODE_STATE=getMsg HTTP/1.1" 200 27
222.70.183.82 - - [22/May/2024:11:19:08 +0800] "POST /xingrg/kc/buy/cgsh_order_operate.html HTTP/1.1" 200 12
222.67.233.39 - - [22/May/2024:11:19:13 +0800] "GET /xingrg/kc/buy/cgsh_order_operate.html?command=get_materiel&rest_code=00141&code=00101001330&supplier_code=00100319&order_time=2024-05-22 HTTP/1.1" 200 398
222.70.183.82 - - [22/May/2024:11:19:16 +0800] "GET /xingrg/kc/buy/cgsh_order_info.html?code=212024052206300 HTTP/1.1" 200 69471
222.70.183.82 - - [22/May/2024:11:19:16 +0800] "GET /xingrg/javascript/easyui/themes/default/validatebox.css HTTP/1.1" 404 1104
180.164.6.225 - - [22/May/2024:11:19:19 +0800] "GET /xingrg/all/function/internal_message.html?_=1716347959440&CODE_STATE=getMsg HTTP/1.1" 200 27
114.95.186.91 - - [22/May/2024:11:19:22 +0800] "GET /xingrg/all/function/internal_message.html?_=1716347965497&CODE_STATE=getMsg HTTP/1.1" 200 27
114.84.152.157 - - [22/May/2024:11:19:24 +0800] "GET /xingrg/all/function/internal_message.html?_=1716346322374&CODE_STATE=getMsg HTTP/1.1" 200 27
222.70.183.82 - - [22/May/2024:11:19:25 +0800] "POST /xingrg/kc/buy/cgsh_order_operate.html HTTP/1.1" 200 15
180.156.239.18 - - [22/May/2024:11:19:26 +0800] "GET /xingrg/all/function/internal_message.html?_=1716347966525&CODE_STATE=getMsg HTTP/1.1" 200 27
116.232.195.13 - - [22/May/2024:11:19:26 +0800] "POST /xingrg/kc/buy/cgsh_order_operate.html HTTP/1.1" 200 37
101.83.144.49 - - [22/May/2024:11:19:28 +0800] "GET /xingrg/all/function/internal_message.html?_=1716347712370&CODE_STATE=getMsg HTTP/1.1" 200 27
180.164.6.225 - - [22/May/2024:11:19:28 +0800] "POST /xingrg/kc/buy/cgsh_list_operate.html HTTP/1.1" 200 4326
180.156.239.18 - - [22/May/2024:11:19:30 +0800] "GET /xingrg/kc/buy/cgsh_order_operate.html?command=get_materiel&rest_code=00150&code=00101010847&supplier_code=00100674&order_time=2024-05-22 HTTP/1.1" 200 23
222.70.183.82 - - [22/May/2024:11:19:30 +0800] "GET /xingrg/kc/print/load_data.html?order_code=212024052206300&kc_code=cgsh&condition= HTTP/1.1" 200 704
116.232.195.13 - - [22/May/2024:11:19:30 +0800] "POST /xingrg/kc/buy/cgsh_order_operate.html HTTP/1.1" 200 26969
101.80.230.31 - - [22/May/2024:11:19:33 +0800] "GET /xingrg/kc/buy/cgsh_order_add.html HTTP/1.1" 200 74717
101.80.230.31 - - [22/May/2024:11:19:33 +0800] "GET /xingrg/words/20240522104350_words.js HTTP/1.1" 304 -
101.80.230.31 - - [22/May/2024:11:19:33 +0800] "POST /xingrg/kc/buy/cgsh_order_operate.html HTTP/1.1" 200 8245
101.80.230.31 - - [22/May/2024:11:19:33 +0800] "GET /xingrg/javascript/easyui/themes/default/validatebox.css HTTP/1.1" 404 1104
101.80.230.31 - - [22/May/2024:11:19:33 +0800] "GET /xingrg/all/common/auto_word.html?type=employee&rest_code=00156 HTTP/1.1" 200 47
101.80.230.31 - - [22/May/2024:11:19:33 +0800] "GET /xingrg/all/common/auto_word.html?type=employee&rest_code=00156 HTTP/1.1" 200 47
222.70.183.82 - - [22/May/2024:11:19:34 +0800] "GET /xingrg/check_reg.html?_=1716347971717 HTTP/1.1" 200 22
222.70.183.82 - - [22/May/2024:11:19:34 +0800] "GET /xingrg/all/function/internal_message.html?_=1716347971719&CODE_STATE=getMsg HTTP/1.1" 200 27
222.70.183.82 - - [22/May/2024:11:19:36 +0800] "GET /xingrg/kc/buy/cgsh_order_add.html HTTP/1.1" 200 74594
222.67.233.39 - - [22/May/2024:11:19:36 +0800] "POST /xingrg/kc/buy/cgsh_order_operate.html HTTP/1.1" 200 37
222.70.183.82 - - [22/May/2024:11:19:36 +0800] "POST /xingrg/kc/buy/cgsh_order_operate.html HTTP/1.1" 200 8245
222.70.183.82 - - [22/May/2024:11:19:36 +0800] "GET /xingrg/javascript/easyui/themes/default/validatebox.css HTTP/1.1" 404 1104
120.253.135.82 - - [22/May/2024:11:19:42 +0800] "GET /xingrg/kc/pszx/mdqp_order_list.html?state=10 HTTP/1.1" 200 10459
120.253.135.82 - - [22/May/2024:11:19:42 +0800] "GET /xingrg/dwr/interface/AjaxQqpsService.js HTTP/1.1" 200 16326
120.253.135.82 - - [22/May/2024:11:19:42 +0800] "GET /xingrg/dwr/interface/AjaxReportQueryService.js HTTP/1.1" 200 13203
120.253.135.82 - - [22/May/2024:11:19:42 +0800] "GET /xingrg/dwr/engine.js HTTP/1.1" 200 43631
101.80.230.31 - - [22/May/2024:11:19:42 +0800] "GET /xingrg/kc/buy/cgsh_order_operate.html?command=get_materiel&rest_code=00156&code=00101012032&supplier_code=00100012&order_time=2024-05-22 HTTP/1.1" 200 416
116.232.195.13 - - [22/May/2024:11:19:44 +0800] "GET /xingrg/kc/buy/cgsh_order_operate.html?command=get_materiel&rest_code=00155&code=00101008765&supplier_code=00100005&order_time=2024-05-22 HTTP/1.1" 200 416
101.80.230.31 - - [22/May/2024:11:19:47 +0800] "GET /xingrg/all/function/internal_message.html?_=1716347993318&CODE_STATE=getMsg HTTP/1.1" 200 27
120.253.135.82 - - [22/May/2024:11:19:47 +0800] "GET /xingrg/kc/pszx/mdqp_order_list.html?state=10 HTTP/1.1" 200 10459
120.253.135.82 - - [22/May/2024:11:19:47 +0800] "GET /xingrg/dwr/interface/AjaxReportQueryService.js HTTP/1.1" 200 13203
120.253.135.82 - - [22/May/2024:11:19:47 +0800] "GET /xingrg/dwr/interface/AjaxQqpsService.js HTTP/1.1" 200 16326
120.253.135.82 - - [22/May/2024:11:19:47 +0800] "GET /xingrg/dwr/engine.js HTTP/1.1" 200 43631
222.67.233.39 - - [22/May/2024:11:19:48 +0800] "POST /xingrg/kc/buy/cgsh_order_operate.html HTTP/1.1" 200 12
116.232.195.13 - - [22/May/2024:11:19:48 +0800] "GET /xingrg/all/function/internal_message.html?_=1716347940885&CODE_STATE=getMsg HTTP/1.1" 200 27
120.253.135.82 - - [22/May/2024:11:19:51 +0800] "GET /xingrg/kc/pszx/mdqp_order_list.html?state=10 HTTP/1.1" 200 10459
120.253.135.82 - - [22/May/2024:11:19:51 +0800] "GET /xingrg/dwr/interface/AjaxQqpsService.js HTTP/1.1" 200 16326
120.253.135.82 - - [22/May/2024:11:19:51 +0800] "GET /xingrg/dwr/interface/AjaxReportQueryService.js HTTP/1.1" 200 13203
120.253.135.82 - - [22/May/2024:11:19:51 +0800] "GET /xingrg/dwr/engine.js HTTP/1.1" 200 43631
101.80.230.31 - - [22/May/2024:11:19:52 +0800] "GET /xingrg/kc/buy/cgsh_order_operate.html?command=get_materiel&rest_code=00156&code=00101009078&supplier_code=00100012&order_time=2024-05-22 HTTP/1.1" 200 408
222.70.183.82 - - [22/May/2024:11:19:52 +0800] "GET /xingrg/kc/buy/cgsh_order_operate.html?command=get_materiel&rest_code=00111&code=00101001008&supplier_code=00100482&order_time=2024-05-22 HTTP/1.1" 200 415
180.156.239.18 - - [22/May/2024:11:19:54 +0800] "GET /xingrg/kc/buy/cgsh_order_operate.html?command=get_materiel&rest_code=00150&code=00101001016&supplier_code=00100674&order_time=2024-05-22 HTTP/1.1" 200 413
222.67.233.39 - - [22/May/2024:11:19:56 +0800] "GET /xingrg/all/function/internal_message.html?_=1716347996194&CODE_STATE=getMsg HTTP/1.1" 200 27
120.253.135.82 - - [22/May/2024:11:19:56 +0800] "GET /xingrg/check_reg.html?_=1716347848846 HTTP/1.1" 200 22
222.69.135.47 - - [22/May/2024:11:19:56 +0800] "GET /xingrg/all/function/internal_message.html?_=1716347996981&CODE_STATE=getMsg HTTP/1.1" 200 27
222.67.233.39 - - [22/May/2024:11:19:58 +0800] "GET /xingrg/kc/print/load_data.html?order_code=212024052206301&kc_code=cgsh&condition= HTTP/1.1" 200 712
120.253.135.82 - - [22/May/2024:11:19:59 +0800] "GET /xingrg/all/function/internal_message.html?_=1716347851999&CODE_STATE=getMsg HTTP/1.1" 200 27
222.67.233.39 - - [22/May/2024:11:20:00 +0800] "GET /xingrg/kc/buy/cgsh_order_info.html?code=212024052206301 HTTP/1.1" 200 69513
180.169.147.146 - - [22/May/2024:11:20:00 +0800] "GET /xingrg/all/function/internal_message.html?_=1716348004046&CODE_STATE=getMsg HTTP/1.1" 200 27
222.67.233.39 - - [22/May/2024:11:20:00 +0800] "GET /xingrg/javascript/easyui/themes/default/validatebox.css HTTP/1.1" 404 1104
222.67.233.39 - - [22/May/2024:11:20:01 +0800] "POST /xingrg/kc/buy/cgsh_order_operate.html HTTP/1.1" 200 611
101.80.230.31 - - [22/May/2024:11:20:05 +0800] "GET /xingrg/kc/buy/cgsh_order_operate.html?command=get_materiel&rest_code=00156&code=00101011005&supplier_code=00100012&order_time=2024-05-22 HTTP/1.1" 200 408
114.84.152.157 - - [22/May/2024:11:20:06 +0800] "GET /xingrg/kc/buy/buy_main.html HTTP/1.1" 200 12412
114.84.152.157 - - [22/May/2024:11:20:06 +0800] "GET /xingrg/javascript/jquery_easy_ui/themes/default/images/tabs_close.gif HTTP/1.1" 304 -
114.84.152.157 - - [22/May/2024:11:20:06 +0800] "GET /xingrg/css/blue.css HTTP/1.1" 304 -
114.84.152.157 - - [22/May/2024:11:20:06 +0800] "GET /xingrg/images/blue/button/cgxqd.gif HTTP/1.1" 304 -
114.84.152.157 - - [22/May/2024:11:20:06 +0800] "GET /xingrg/css/new_ie.css HTTP/1.1" 404 1036
114.84.152.157 - - [22/May/2024:11:20:06 +0800] "GET /xingrg/images/blue/button/cgfkd.gif HTTP/1.1" 304 -
114.84.152.157 - - [22/May/2024:11:20:06 +0800] "GET /xingrg/javascript/ToolTips.js HTTP/1.1" 304 -
114.84.152.157 - - [22/May/2024:11:20:06 +0800] "GET /xingrg/javascript/jquery_ui/themes/humanity/humanity.css HTTP/1.1" 304 -
114.84.152.157 - - [22/May/2024:11:20:06 +0800] "GET /xingrg/javascript/pic_change.js HTTP/1.1" 304 -
114.84.152.157 - - [22/May/2024:11:20:06 +0800] "GET /xingrg/javascript/jquery_ui/jquery-ui.min.js HTTP/1.1" 304 -
114.84.152.157 - - [22/May/2024:11:20:06 +0800] "GET /xingrg/javascript/myfunction.js HTTP/1.1" 304 -
114.84.152.157 - - [22/May/2024:11:20:06 +0800] "GET /xingrg/images/blue/button/kc.gif HTTP/1.1" 304 -
114.84.152.157 - - [22/May/2024:11:20:06 +0800] "GET /xingrg/images/blue/button/cgydd.gif HTTP/1.1" 304 -
114.84.152.157 - - [22/May/2024:11:20:06 +0800] "GET /xingrg/images/blue/button/cgshd.gif HTTP/1.1" 304 -
114.84.152.157 - - [22/May/2024:11:20:06 +0800] "GET /xingrg/images/blue/button/ckthd.gif HTTP/1.1" 304 -
114.84.152.157 - - [22/May/2024:11:20:06 +0800] "GET /xingrg/images/blue/pic_form2.gif HTTP/1.1" 304 -
114.84.152.157 - - [22/May/2024:11:20:07 +0800] "GET /xingrg/images/blue/bg_dotted.jpg HTTP/1.1" 304 -
114.84.152.157 - - [22/May/2024:11:20:07 +0800] "GET /xingrg/javascript/jquery_ui/themes/humanity/images/ui-bg_inset-soft_100_f4f0ec_1x100.png HTTP/1.1" 304 -
114.84.152.157 - - [22/May/2024:11:20:07 +0800] "GET /xingrg/images/blue/button/right_ah.jpg HTTP/1.1" 304 -
114.84.152.157 - - [22/May/2024:11:20:07 +0800] "GET /xingrg/images/blue/button/down_ah.jpg HTTP/1.1" 304 -
114.84.152.157 - - [22/May/2024:11:20:07 +0800] "GET /xingrg/javascript/jquery_ui/themes/humanity/images/ui-icons_ffffff_256x240.png HTTP/1.1" 304 -
114.84.152.157 - - [22/May/2024:11:20:07 +0800] "GET /xingrg/javascript/jquery_ui/themes/humanity/images/ui-iconsnew.jpg HTTP/1.1" 304 -
114.84.152.157 - - [22/May/2024:11:20:07 +0800] "GET /xingrg/javascript/jquery_ui/themes/humanity/images/ui-icons_c47a23_256x240.png HTTP/1.1" 304 -
114.84.152.157 - - [22/May/2024:11:20:07 +0800] "GET /xingrg/javascript/jquery_ui/themes/humanity/images/ui-bg_glass_70_ede4d4_1x400.png HTTP/1.1" 304 -
116.238.97.31 - - [22/May/2024:11:20:07 +0800] "GET /xingrg/all/function/internal_message.html?_=1716348020838&CODE_STATE=getMsg HTTP/1.1" 200 27
114.84.152.157 - - [22/May/2024:11:20:07 +0800] "GET /xingrg/images/yd/bt.gif HTTP/1.1" 404 1040
114.84.152.157 - - [22/May/2024:11:20:09 +0800] "GET /xingrg/kc/buy/cgsh_order_list.html HTTP/1.1" 200 58831
114.84.152.157 - - [22/May/2024:11:20:09 +0800] "GET /xingrg/css/site.css HTTP/1.1" 304 -
114.84.152.157 - - [22/May/2024:11:20:09 +0800] "GET /xingrg/css/base.css HTTP/1.1" 304 -
114.84.152.157 - - [22/May/2024:11:20:09 +0800] "GET /xingrg/javascript/jquery_tools/datebox.css HTTP/1.1" 304 -
114.84.152.157 - - [22/May/2024:11:20:09 +0800] "GET /xingrg/javascript/easyui/themes/default/easyui.css HTTP/1.1" 304 -
114.84.152.157 - - [22/May/2024:11:20:09 +0800] "GET /xingrg/javascript/easyui/themes/icon.css HTTP/1.1" 304 -
114.84.152.157 - - [22/May/2024:11:20:09 +0800] "GET /xingrg/javascript/auto/jquery.autocomplete.css HTTP/1.1" 304 -
114.84.152.157 - - [22/May/2024:11:20:09 +0800] "GET /xingrg/javascript/jquery_tools/fix.css HTTP/1.1" 304 -
114.84.152.157 - - [22/May/2024:11:20:09 +0800] "GET /xingrg/javascript/jquery_tools/table.css HTTP/1.1" 304 -
114.84.152.157 - - [22/May/2024:11:20:09 +0800] "GET /xingrg/javascript/jquery_tools/jquery.tools.min.js HTTP/1.1" 304 -
114.84.152.157 - - [22/May/2024:11:20:09 +0800] "GET /xingrg/javascript/jquery_tools/jquery.tools.extend.js HTTP/1.1" 304 -
114.84.152.157 - - [22/May/2024:11:20:09 +0800] "GET /xingrg/javascript/jquery_tools/jquery.tools.hotkey.js HTTP/1.1" 304 -
114.84.152.157 - - [22/May/2024:11:20:09 +0800] "GET /xingrg/javascript/jquery_tools/jquery.tools.table.js HTTP/1.1" 304 -
114.84.152.157 - - [22/May/2024:11:20:09 +0800] "GET /xingrg/javascript/jquery_tools/list_manager.js HTTP/1.1" 304 -
114.84.152.157 - - [22/May/2024:11:20:09 +0800] "GET /xingrg/javascript/auto/jquery.autocomplete.js HTTP/1.1" 304 -
114.84.152.157 - - [22/May/2024:11:20:09 +0800] "GET /xingrg/javascript/easyui/easyloader.js HTTP/1.1" 304 -
114.84.152.157 - - [22/May/2024:11:20:09 +0800] "GET /xingrg/javascript/jquery.cookie.js HTTP/1.1" 304 -
114.84.152.157 - - [22/May/2024:11:20:09 +0800] "GET /xingrg/javascript/print/LodopFuncs.js HTTP/1.1" 304 -
114.84.152.157 - - [22/May/2024:11:20:09 +0800] "GET /xingrg/javascript/easyui/themes/icons/cance_new.png HTTP/1.1" 304 -
114.84.152.157 - - [22/May/2024:11:20:09 +0800] "GET /xingrg/javascript/easyui/themes/icons/check_new.png HTTP/1.1" 304 -
114.84.152.157 - - [22/May/2024:11:20:09 +0800] "GET /xingrg/javascript/easyui/themes/icons/edit_add_new.png HTTP/1.1" 304 -
114.84.152.157 - - [22/May/2024:11:20:09 +0800] "GET /xingrg/javascript/easyui/themes/icons/field_new.png HTTP/1.1" 304 -
114.84.152.157 - - [22/May/2024:11:20:09 +0800] "GET /xingrg/javascript/easyui/themes/icons/import_new.png HTTP/1.1" 304 -
114.84.152.157 - - [22/May/2024:11:20:09 +0800] "GET /xingrg/javascript/easyui/plugins/jquery.parser.js HTTP/1.1" 304 -
114.84.152.157 - - [22/May/2024:11:20:09 +0800] "GET /xingrg/images/control/ajaxLoader.gif HTTP/1.1" 304 -
222.70.183.82 - - [22/May/2024:11:20:09 +0800] "POST /xingrg/kc/buy/cgsh_order_operate.html HTTP/1.1" 200 37
116.232.195.13 - - [22/May/2024:11:20:09 +0800] "GET /xingrg/kc/buy/cgsh_order_operate.html?command=get_materiel&rest_code=00155&code=00101029006&supplier_code=00100005&order_time=2024-05-22 HTTP/1.1" 200 439
222.67.233.39 - - [22/May/2024:11:20:14 +0800] "POST /xingrg/kc/buy/cgsh_order_operate.html HTTP/1.1" 200 8245
222.67.233.39 - - [22/May/2024:11:20:14 +0800] "GET /xingrg/javascript/easyui/themes/default/validatebox.css HTTP/1.1" 404 1104
101.80.230.31 - - [22/May/2024:11:20:15 +0800] "GET /xingrg/kc/buy/cgsh_order_operate.html?command=get_materiel&rest_code=00156&code=00101001191&supplier_code=00100012&order_time=2024-05-22 HTTP/1.1" 200 413
180.164.6.225 - - [22/May/2024:11:20:19 +0800] "GET /xingrg/all/function/internal_message.html?_=1716348019441&CODE_STATE=getMsg HTTP/1.1" 200 27
180.164.6.225 - - [22/May/2024:11:20:19 +0800] "GET /xingrg/check_reg.html?_=1716348019443 HTTP/1.1" 200 22
114.95.186.91 - - [22/May/2024:11:20:22 +0800] "GET /xingrg/check_reg.html?_=1716348025504 HTTP/1.1" 200 22
114.95.186.91 - - [22/May/2024:11:20:22 +0800] "GET /xingrg/all/function/internal_message.html?_=1716348025511&CODE_STATE=getMsg HTTP/1.1" 200 27
180.169.147.146 - - [22/May/2024:11:20:22 +0800] "POST /xingrg/kc/buy/cgsh_list_operate.html HTTP/1.1" 200 4
114.84.152.157 - - [22/May/2024:11:20:24 +0800] "GET /xingrg/all/function/internal_message.html?_=1716346382389&CODE_STATE=getMsg HTTP/1.1" 200 27
222.70.183.82 - - [22/May/2024:11:20:26 +0800] "POST /xingrg/kc/buy/cgsh_order_operate.html HTTP/1.1" 200 12
180.156.239.18 - - [22/May/2024:11:20:26 +0800] "GET /xingrg/all/function/internal_message.html?_=1716348026514&CODE_STATE=getMsg HTTP/1.1" 200 27
116.232.195.13 - - [22/May/2024:11:20:27 +0800] "GET /xingrg/kc/buy/cgsh_order_operate.html?command=get_materiel&rest_code=00155&code=00101009021&supplier_code=00100005&order_time=2024-05-22 HTTP/1.1" 200 417
101.83.144.49 - - [22/May/2024:11:20:28 +0800] "GET /xingrg/all/function/internal_message.html?_=1716347772345&CODE_STATE=getMsg HTTP/1.1" 200 27
101.80.230.31 - - [22/May/2024:11:20:33 +0800] "POST /xingrg/kc/buy/cgsh_order_operate.html HTTP/1.1" 200 37
222.70.183.82 - - [22/May/2024:11:20:34 +0800] "GET /xingrg/all/function/internal_message.html?_=1716348031698&CODE_STATE=getMsg HTTP/1.1" 200 27
180.156.239.18 - - [22/May/2024:11:20:34 +0800] "GET /xingrg/kc/buy/cgsh_order_operate.html?command=get_materiel&rest_code=00150&code=00101004023&supplier_code=00100674&order_time=2024-05-22 HTTP/1.1" 200 409
