180.164.6.225 - - [22/May/2024:08:48:19 +0800] "GET /xingrg/all/function/internal_message.html?_=1716338899460&CODE_STATE=getMsg HTTP/1.1" 200 27
120.253.135.82 - - [22/May/2024:08:48:20 +0800] "POST /xingrg/kc/pszx/mdps_list_operate.html HTTP/1.1" 200 5401
180.156.239.18 - - [22/May/2024:08:48:24 +0800] "GET /xingrg/check_reg.html?_=1716338904289 HTTP/1.1" 200 22
180.156.239.18 - - [22/May/2024:08:48:24 +0800] "GET /xingrg/all/function/internal_message.html?_=1716338904290&CODE_STATE=getMsg HTTP/1.1" 200 27
180.156.239.18 - - [22/May/2024:08:48:25 +0800] "GET /xingrg/all/function/internal_message.html?_=1716338905846&CODE_STATE=getMsg HTTP/1.1" 200 27
180.156.239.18 - - [22/May/2024:08:48:25 +0800] "GET /xingrg/kc/buy/cgsh_order_operate.html?command=get_materiel&rest_code=00150&code=00101008223&supplier_code=00100008&order_time=2024-05-22 HTTP/1.1" 200 412
222.70.183.82 - - [22/May/2024:08:48:26 +0800] "GET /xingrg/check_reg.html?_=1716338904293 HTTP/1.1" 200 22
58.40.7.146 - - [22/May/2024:08:48:29 +0800] "GET /xingrg/all/function/internal_message.html?_=1716338925720&CODE_STATE=getMsg HTTP/1.1" 302 -
180.156.239.18 - - [22/May/2024:08:48:33 +0800] "GET /xingrg/kc/buy/cgsh_order_operate.html?command=get_materiel&rest_code=00150&code=00101008558&supplier_code=00100008&order_time=2024-05-22 HTTP/1.1" 200 409
222.70.183.82 - - [22/May/2024:08:48:45 +0800] "GET /xingrg/all/function/internal_message.html?_=1716338923077&CODE_STATE=getMsg HTTP/1.1" 200 27
180.156.239.18 - - [22/May/2024:08:48:46 +0800] "GET /xingrg/kc/buy/cgsh_order_operate.html?command=get_materiel&rest_code=00150&code=00101008150&supplier_code=00100008&order_time=2024-05-22 HTTP/1.1" 200 409
120.253.135.82 - - [22/May/2024:08:48:53 +0800] "GET /xingrg/kc/pszx/mdqp_order_list.html?state=10 HTTP/1.1" 200 10459
120.253.135.82 - - [22/May/2024:08:48:53 +0800] "GET /xingrg/dwr/interface/AjaxQqpsService.js HTTP/1.1" 200 16326
120.253.135.82 - - [22/May/2024:08:48:53 +0800] "GET /xingrg/dwr/interface/AjaxReportQueryService.js HTTP/1.1" 200 13203
120.253.135.82 - - [22/May/2024:08:48:53 +0800] "GET /xingrg/dwr/engine.js HTTP/1.1" 200 43631
120.253.135.82 - - [22/May/2024:08:48:54 +0800] "GET /xingrg/all/function/internal_message.html?_=1716338787154&CODE_STATE=getMsg HTTP/1.1" 200 27
120.253.135.82 - - [22/May/2024:08:48:56 +0800] "GET /xingrg/kc/buy/buy_main.html HTTP/1.1" 200 12341
120.253.135.82 - - [22/May/2024:08:48:56 +0800] "GET /xingrg/css/new_ie.css HTTP/1.1" 404 1036
120.253.135.82 - - [22/May/2024:08:48:57 +0800] "GET /xingrg/images/yd/bt.gif HTTP/1.1" 404 1040
120.253.135.82 - - [22/May/2024:08:48:58 +0800] "GET /xingrg/kc/buy/cgsh_order_list.html HTTP/1.1" 200 58825
222.67.233.39 - - [22/May/2024:08:48:58 +0800] "GET /xingrg/all/function/internal_message.html?_=1716338938560&CODE_STATE=getMsg HTTP/1.1" 200 27
180.156.239.18 - - [22/May/2024:08:48:58 +0800] "GET /xingrg/kc/buy/cgsh_order_operate.html?command=get_materiel&rest_code=00150&code=00101008238&supplier_code=00100008&order_time=2024-05-22 HTTP/1.1" 200 416
120.253.135.82 - - [22/May/2024:08:49:00 +0800] "POST /xingrg/kc/buy/cgsh_list_operate.html HTTP/1.1" 200 645
120.253.135.82 - - [22/May/2024:08:49:02 +0800] "GET /xingrg/kc/buy/cgsh_order_add.html HTTP/1.1" 200 73695
120.253.135.82 - - [22/May/2024:08:49:02 +0800] "POST /xingrg/kc/buy/cgsh_order_operate.html HTTP/1.1" 200 8245
120.253.135.82 - - [22/May/2024:08:49:02 +0800] "GET /xingrg/javascript/easyui/themes/default/validatebox.css HTTP/1.1" 404 1104
116.238.97.31 - - [22/May/2024:08:49:09 +0800] "GET /xingrg/all/function/internal_message.html?_=1716338961900&CODE_STATE=getMsg HTTP/1.1" 200 27
120.253.135.82 - - [22/May/2024:08:49:11 +0800] "GET /xingrg/kc/buy/cgsh_order_operate.html?command=get_materiel&rest_code=00101&code=00101019253&supplier_code=&order_time=2024-05-22 HTTP/1.1" 200 462
101.80.230.31 - - [22/May/2024:08:49:12 +0800] "GET /xingrg/all/function/internal_message.html?_=1716338957365&CODE_STATE=getMsg HTTP/1.1" 302 -
101.80.230.31 - - [22/May/2024:08:49:12 +0800] "GET /xingrg/login.html HTTP/1.1" 200 7641
180.156.239.18 - - [22/May/2024:08:49:13 +0800] "GET /xingrg/kc/buy/cgsh_order_operate.html?command=get_materiel&rest_code=00150&code=00101008278&supplier_code=00100008&order_time=2024-05-22 HTTP/1.1" 200 408
180.164.6.225 - - [22/May/2024:08:49:19 +0800] "GET /xingrg/all/function/internal_message.html?_=1716338959446&CODE_STATE=getMsg HTTP/1.1" 200 27
180.156.239.18 - - [22/May/2024:08:49:24 +0800] "GET /xingrg/kc/buy/cgsh_order_operate.html?command=get_materiel&rest_code=00150&code=00101008307&supplier_code=00100008&order_time=2024-05-22 HTTP/1.1" 200 420
180.156.239.18 - - [22/May/2024:08:49:24 +0800] "GET /xingrg/all/function/internal_message.html?_=1716338964285&CODE_STATE=getMsg HTTP/1.1" 200 27
180.156.239.18 - - [22/May/2024:08:49:25 +0800] "GET /xingrg/all/function/internal_message.html?_=1716338965840&CODE_STATE=getMsg HTTP/1.1" 200 27
58.40.7.146 - - [22/May/2024:08:49:29 +0800] "GET /xingrg/all/function/internal_message.html?_=1716338985730&CODE_STATE=getMsg HTTP/1.1" 302 -
120.253.135.82 - - [22/May/2024:08:49:30 +0800] "GET /xingrg/kc/report/report_main.html HTTP/1.1" 200 8599
120.253.135.82 - - [22/May/2024:08:49:31 +0800] "GET /xingrg/kc/base/kc_stocks.html HTTP/1.1" 200 16712
120.253.135.82 - - [22/May/2024:08:49:31 +0800] "GET /xingrg/javascript/easyui/themes/sunny/easyui.css HTTP/1.1" 304 -
120.253.135.82 - - [22/May/2024:08:49:31 +0800] "GET /xingrg/javascript/easyui/plugins/jquery.draggable.js HTTP/1.1" 304 -
120.253.135.82 - - [22/May/2024:08:49:31 +0800] "GET /xingrg/javascript/easyui/plugins/jquery.droppable.js HTTP/1.1" 304 -
120.253.135.82 - - [22/May/2024:08:49:31 +0800] "GET /xingrg/javascript/easyui/themes/default/tree.css HTTP/1.1" 404 1090
120.253.135.82 - - [22/May/2024:08:49:31 +0800] "GET /xingrg/javascript/easyui/plugins/jquery.tree.js HTTP/1.1" 304 -
120.253.135.82 - - [22/May/2024:08:49:32 +0800] "POST /xingrg/all/common/load_tree.html?tree=materiel_sort_tree_json HTTP/1.1" 200 9734
120.253.135.82 - - [22/May/2024:08:49:32 +0800] "POST /xingrg/all/common/load_combo.html?type=base HTTP/1.1" 200 1169
180.156.239.18 - - [22/May/2024:08:49:35 +0800] "GET /xingrg/kc/buy/cgsh_order_operate.html?command=get_materiel&rest_code=00150&code=00101008198&supplier_code=00100008&order_time=2024-05-22 HTTP/1.1" 200 413
120.253.135.82 - - [22/May/2024:08:49:43 +0800] "POST /xingrg/kc/base/stock_operate.html HTTP/1.1" 200 1491
120.253.135.82 - - [22/May/2024:08:49:43 +0800] "GET /xingrg/javascript/jquery_tools/fix_table.js HTTP/1.1" 304 -
222.70.183.82 - - [22/May/2024:08:49:45 +0800] "GET /xingrg/all/function/internal_message.html?_=1716338983060&CODE_STATE=getMsg HTTP/1.1" 200 27
120.253.135.82 - - [22/May/2024:08:49:46 +0800] "GET /xingrg/kc/base/stock_detail.html?m=00101019253 HTTP/1.1" 200 6445
120.253.135.82 - - [22/May/2024:08:49:48 +0800] "GET /xingrg/kc/base/stock_operate.html?_=1716338840129&command=get_report_file&start_day=20240501 HTTP/1.1" 200 53
120.253.135.82 - - [22/May/2024:08:49:48 +0800] "GET /xingrg/all/report/report_query.html?isQuery=1&onlyBody=1&rh=2000&fileName=kc/base/kc_stock_detail_new.xml&queryString=(1=1)&queryText=&tableQueryString=init_table$sp1$$sp$crk_table$sp1$order_day%20between%2020240501%20and%2020240531&varString=start_day:20240501,materiel_code:00101019253,cost_id:4965,end_date:20240331 HTTP/1.1" 200 48701
120.253.135.82 - - [22/May/2024:08:49:48 +0800] "GET /xingrg/javascript/bigrid/fix.css HTTP/1.1" 304 -
120.253.135.82 - - [22/May/2024:08:49:48 +0800] "GET /xingrg/javascript/calendar/timePicker.css HTTP/1.1" 304 -
120.253.135.82 - - [22/May/2024:08:49:48 +0800] "GET /xingrg/javascript/multi_select/jqueryMultiSelect.css HTTP/1.1" 304 -
120.253.135.82 - - [22/May/2024:08:49:48 +0800] "GET /xingrg/javascript/bigrid/fix.js HTTP/1.1" 304 -
120.253.135.82 - - [22/May/2024:08:49:48 +0800] "GET /xingrg/dwr/interface/AjaxReportQueryService.js HTTP/1.1" 200 13203
120.253.135.82 - - [22/May/2024:08:49:48 +0800] "GET /xingrg/javascript/jqueryMultiSelect.js HTTP/1.1" 304 -
120.253.135.82 - - [22/May/2024:08:49:48 +0800] "GET /xingrg/dwr/engine.js HTTP/1.1" 200 43631
120.253.135.82 - - [22/May/2024:08:49:48 +0800] "GET /xingrg/javascript/calendar/jquery.timePicker.min.js HTTP/1.1" 304 -
180.156.239.18 - - [22/May/2024:08:49:48 +0800] "GET /xingrg/kc/buy/cgsh_order_operate.html?command=get_materiel&rest_code=00150&code=00101008312&supplier_code=00100008&order_time=2024-05-22 HTTP/1.1" 200 412
120.253.135.82 - - [22/May/2024:08:49:49 +0800] "POST /xingrg/all/report/load_report_page.html HTTP/1.1" 200 93661
120.253.135.82 - - [22/May/2024:08:49:49 +0800] "GET /xingrg/servlets/image?cache=0.2176939374867043&image=px HTTP/1.1" 200 807
120.253.135.82 - - [22/May/2024:08:49:54 +0800] "GET /xingrg/check_reg.html?_=1716338846310 HTTP/1.1" 200 22
120.253.135.82 - - [22/May/2024:08:49:55 +0800] "GET /xingrg/all/function/internal_message.html?_=1716338847168&CODE_STATE=getMsg HTTP/1.1" 200 27
120.253.135.82 - - [22/May/2024:08:49:55 +0800] "GET /xingrg/kc/guide/show_order.html?code=212024051102934&type=21 HTTP/1.1" 302 -
120.253.135.82 - - [22/May/2024:08:49:56 +0800] "GET /xingrg/kc/buy/cgsh_order_info.html?code=212024051102934&sysBaseUrl=http%3A%2F%2F180.169.147.146%3A18081%2Fxingrg%2F&costTime=1×tamp=1716338995598 HTTP/1.1" 200 68573
120.253.135.82 - - [22/May/2024:08:49:57 +0800] "GET /favicon.ico HTTP/1.1" 404 -
120.253.135.82 - - [22/May/2024:08:49:57 +0800] "GET /xingrg/javascript/easyui/themes/default/validatebox.css HTTP/1.1" 404 1104
180.156.239.18 - - [22/May/2024:08:49:57 +0800] "GET /xingrg/kc/buy/cgsh_order_operate.html?command=get_materiel&rest_code=00150&code=00101008010&supplier_code=00100008&order_time=2024-05-22 HTTP/1.1" 200 412
120.253.135.82 - - [22/May/2024:08:49:58 +0800] "POST /xingrg/kc/buy/cgsh_order_operate.html HTTP/1.1" 200 10630
222.67.233.39 - - [22/May/2024:08:49:58 +0800] "GET /xingrg/all/function/internal_message.html?_=1716338998541&CODE_STATE=getMsg HTTP/1.1" 200 27
180.156.239.18 - - [22/May/2024:08:50:06 +0800] "GET /xingrg/kc/buy/cgsh_order_operate.html?command=get_materiel&rest_code=00150&code=00101008415&supplier_code=00100008&order_time=2024-05-22 HTTP/1.1" 200 412
116.238.97.31 - - [22/May/2024:08:50:09 +0800] "GET /xingrg/all/function/internal_message.html?_=1716339021906&CODE_STATE=getMsg HTTP/1.1" 200 27
101.80.230.31 - - [22/May/2024:08:50:12 +0800] "GET /xingrg/all/function/internal_message.html?_=1716339017368&CODE_STATE=getMsg HTTP/1.1" 302 -
101.80.230.31 - - [22/May/2024:08:50:12 +0800] "GET /xingrg/login.html HTTP/1.1" 200 7641
180.156.239.18 - - [22/May/2024:08:50:15 +0800] "GET /xingrg/kc/buy/cgsh_order_operate.html?command=get_materiel&rest_code=00150&code=00101008217&supplier_code=00100008&order_time=2024-05-22 HTTP/1.1" 200 412
180.164.6.225 - - [22/May/2024:08:50:19 +0800] "GET /xingrg/all/function/internal_message.html?_=1716339019455&CODE_STATE=getMsg HTTP/1.1" 200 27
180.164.6.225 - - [22/May/2024:08:50:19 +0800] "GET /xingrg/check_reg.html?_=1716339019459 HTTP/1.1" 200 22
180.156.239.18 - - [22/May/2024:08:50:24 +0800] "GET /xingrg/all/function/internal_message.html?_=1716339024281&CODE_STATE=getMsg HTTP/1.1" 200 27
180.156.239.18 - - [22/May/2024:08:50:25 +0800] "GET /xingrg/all/function/internal_message.html?_=1716339025852&CODE_STATE=getMsg HTTP/1.1" 200 27
58.40.7.146 - - [22/May/2024:08:50:29 +0800] "GET /xingrg/all/function/internal_message.html?_=1716339045728&CODE_STATE=getMsg HTTP/1.1" 302 -
180.156.239.18 - - [22/May/2024:08:50:32 +0800] "GET /xingrg/kc/buy/cgsh_order_operate.html?command=get_materiel&rest_code=00150&code=00101008358&supplier_code=00100008&order_time=2024-05-22 HTTP/1.1" 200 412
180.156.239.18 - - [22/May/2024:08:50:43 +0800] "GET /xingrg/kc/buy/cgsh_order_operate.html?command=get_materiel&rest_code=00150&code=00101008298&supplier_code=00100008&order_time=2024-05-22 HTTP/1.1" 200 412
222.70.183.82 - - [22/May/2024:08:50:45 +0800] "GET /xingrg/all/function/internal_message.html?_=1716339043044&CODE_STATE=getMsg HTTP/1.1" 200 27
120.253.135.82 - - [22/May/2024:08:50:51 +0800] "POST /xingrg/kc/base/stock_operate.html HTTP/1.1" 200 1484
120.253.135.82 - - [22/May/2024:08:50:55 +0800] "GET /xingrg/all/function/internal_message.html?_=1716338907181&CODE_STATE=getMsg HTTP/1.1" 200 27
180.156.239.18 - - [22/May/2024:08:50:56 +0800] "GET /xingrg/kc/buy/cgsh_order_operate.html?command=get_materiel&rest_code=00150&code=00101008283&supplier_code=00100008&order_time=2024-05-22 HTTP/1.1" 200 408
222.67.233.39 - - [22/May/2024:08:50:58 +0800] "GET /xingrg/all/function/internal_message.html?_=1716339058517&CODE_STATE=getMsg HTTP/1.1" 200 27
180.156.239.18 - - [22/May/2024:08:51:05 +0800] "GET /xingrg/kc/buy/cgsh_order_operate.html?command=get_materiel&rest_code=00150&code=00101008069&supplier_code=00100008&order_time=2024-05-22 HTTP/1.1" 200 412
116.238.97.31 - - [22/May/2024:08:51:09 +0800] "GET /xingrg/check_reg.html?_=1716339081911 HTTP/1.1" 200 22
116.238.97.31 - - [22/May/2024:08:51:09 +0800] "GET /xingrg/all/function/internal_message.html?_=1716339081909&CODE_STATE=getMsg HTTP/1.1" 200 27
101.80.230.31 - - [22/May/2024:08:51:12 +0800] "GET /xingrg/all/function/internal_message.html?_=1716339077370&CODE_STATE=getMsg HTTP/1.1" 302 -
101.80.230.31 - - [22/May/2024:08:51:12 +0800] "GET /xingrg/login.html HTTP/1.1" 200 7641
180.156.239.18 - - [22/May/2024:08:51:13 +0800] "GET /xingrg/kc/buy/cgsh_order_operate.html?command=get_materiel&rest_code=00150&code=00101008131&supplier_code=00100008&order_time=2024-05-22 HTTP/1.1" 200 408
180.164.6.225 - - [22/May/2024:08:51:19 +0800] "GET /xingrg/all/function/internal_message.html?_=1716339079454&CODE_STATE=getMsg HTTP/1.1" 200 27
180.156.239.18 - - [22/May/2024:08:51:22 +0800] "GET /xingrg/kc/buy/cgsh_order_operate.html?command=get_materiel&rest_code=00150&code=00101008353&supplier_code=00100008&order_time=2024-05-22 HTTP/1.1" 200 408
180.156.239.18 - - [22/May/2024:08:51:24 +0800] "GET /xingrg/all/function/internal_message.html?_=1716339084301&CODE_STATE=getMsg HTTP/1.1" 200 27
180.156.239.18 - - [22/May/2024:08:51:25 +0800] "GET /xingrg/all/function/internal_message.html?_=1716339085845&CODE_STATE=getMsg HTTP/1.1" 200 27
180.156.239.18 - - [22/May/2024:08:51:25 +0800] "GET /xingrg/check_reg.html?_=1716339085848 HTTP/1.1" 200 22
58.40.7.146 - - [22/May/2024:08:51:29 +0800] "GET /xingrg/all/function/internal_message.html?_=1716339105726&CODE_STATE=getMsg HTTP/1.1" 302 -
58.40.7.146 - - [22/May/2024:08:51:29 +0800] "GET /xingrg/check_reg.html?_=1716339105729 HTTP/1.1" 302 -
180.156.239.18 - - [22/May/2024:08:51:32 +0800] "POST /xingrg/kc/buy/cgsh_order_operate.html HTTP/1.1" 200 37
180.156.239.18 - - [22/May/2024:08:51:44 +0800] "POST /xingrg/kc/buy/cgsh_order_operate.html HTTP/1.1" 200 13893
222.70.183.82 - - [22/May/2024:08:51:45 +0800] "GET /xingrg/all/function/internal_message.html?_=1716339103028&CODE_STATE=getMsg HTTP/1.1" 200 27
120.253.135.82 - - [22/May/2024:08:51:55 +0800] "GET /xingrg/all/function/internal_message.html?_=1716338967194&CODE_STATE=getMsg HTTP/1.1" 200 27
222.67.233.39 - - [22/May/2024:08:51:58 +0800] "GET /xingrg/all/function/internal_message.html?_=1716339118511&CODE_STATE=getMsg HTTP/1.1" 200 27
180.156.239.18 - - [22/May/2024:08:52:03 +0800] "GET /xingrg/kc/buy/cgsh_order_operate.html?command=get_materiel&rest_code=00150&code=00101020138&supplier_code=00100008&order_time=2024-05-22 HTTP/1.1" 200 426
116.238.97.31 - - [22/May/2024:08:52:09 +0800] "GET /xingrg/all/function/internal_message.html?_=1716339141915&CODE_STATE=getMsg HTTP/1.1" 200 27
101.80.230.31 - - [22/May/2024:08:52:12 +0800] "GET /xingrg/all/function/internal_message.html?_=1716339137372&CODE_STATE=getMsg HTTP/1.1" 302 -
101.80.230.31 - - [22/May/2024:08:52:12 +0800] "GET /xingrg/check_reg.html?_=1716339137373 HTTP/1.1" 302 -
101.80.230.31 - - [22/May/2024:08:52:12 +0800] "GET /xingrg/login.html HTTP/1.1" 200 7641
101.80.230.31 - - [22/May/2024:08:52:12 +0800] "GET /xingrg/login.html HTTP/1.1" 200 7641
222.67.233.39 - - [22/May/2024:08:52:12 +0800] "GET /xingrg/check_reg.html?_=1716339132759 HTTP/1.1" 200 22
180.156.239.18 - - [22/May/2024:08:52:15 +0800] "GET /xingrg/kc/buy/cgsh_order_operate.html?command=get_materiel&rest_code=00150&code=00101008361&supplier_code=00100008&order_time=2024-05-22 HTTP/1.1" 200 408
180.164.6.225 - - [22/May/2024:08:52:19 +0800] "GET /xingrg/all/function/internal_message.html?_=1716339139458&CODE_STATE=getMsg HTTP/1.1" 200 27
180.156.239.18 - - [22/May/2024:08:52:24 +0800] "GET /xingrg/kc/buy/cgsh_order_operate.html?command=get_materiel&rest_code=00150&code=00101008355&supplier_code=00100008&order_time=2024-05-22 HTTP/1.1" 200 408
180.156.239.18 - - [22/May/2024:08:52:24 +0800] "GET /xingrg/all/function/internal_message.html?_=1716339144290&CODE_STATE=getMsg HTTP/1.1" 200 27
180.156.239.18 - - [22/May/2024:08:52:25 +0800] "GET /xingrg/all/function/internal_message.html?_=1716339145846&CODE_STATE=getMsg HTTP/1.1" 200 27
58.40.7.146 - - [22/May/2024:08:52:29 +0800] "GET /xingrg/all/function/internal_message.html?_=1716339165729&CODE_STATE=getMsg HTTP/1.1" 302 -
180.156.239.18 - - [22/May/2024:08:52:33 +0800] "GET /xingrg/kc/buy/cgsh_order_operate.html?command=get_materiel&rest_code=00150&code=00101008004&supplier_code=00100008&order_time=2024-05-22 HTTP/1.1" 200 416
180.156.239.18 - - [22/May/2024:08:52:45 +0800] "POST /xingrg/kc/buy/cgsh_order_operate.html HTTP/1.1" 200 37
222.70.183.82 - - [22/May/2024:08:52:45 +0800] "GET /xingrg/all/function/internal_message.html?_=1716339163023&CODE_STATE=getMsg HTTP/1.1" 200 27
101.80.230.31 - - [22/May/2024:08:52:48 +0800] "GET /xingrg/logout.do HTTP/1.1" 302 -
101.80.230.31 - - [22/May/2024:08:52:48 +0800] "GET /xingrg/login.html HTTP/1.1" 200 7641
180.156.239.18 - - [22/May/2024:08:52:49 +0800] "POST /xingrg/kc/buy/cgsh_order_operate.html HTTP/1.1" 200 16862
120.253.135.82 - - [22/May/2024:08:52:55 +0800] "GET /xingrg/all/function/internal_message.html?_=1716339027251&CODE_STATE=getMsg HTTP/1.1" 200 27
222.67.233.39 - - [22/May/2024:08:52:58 +0800] "GET /xingrg/all/function/internal_message.html?_=1716339178498&CODE_STATE=getMsg HTTP/1.1" 200 27
180.156.239.18 - - [22/May/2024:08:52:59 +0800] "GET /xingrg/kc/buy/cgsh_order_operate.html?command=get_materiel&rest_code=00150&code=00101008024&supplier_code=00100008&order_time=2024-05-22 HTTP/1.1" 200 408
101.80.230.31 - - [22/May/2024:08:53:04 +0800] "POST /xingrg/login.do HTTP/1.1" 302 -
101.80.230.31 - - [22/May/2024:08:53:04 +0800] "POST /xingrg/login.do HTTP/1.1" 302 -
101.80.230.31 - - [22/May/2024:08:53:04 +0800] "GET /xingrg/index.html?sysBaseUrl=http%3A%2F%2F180.169.147.146%3A18081%2Fxingrg%2F&costTime=1585×tamp=1716339184248 HTTP/1.1" 200 17503
101.80.230.31 - - [22/May/2024:08:53:04 +0800] "GET /xingrg/check_reg.html?_=1716339189727 HTTP/1.1" 200 22
101.80.230.31 - - [22/May/2024:08:53:04 +0800] "GET /xingrg/all/function/internal_message.html?_=1716339189726&CODE_STATE=count HTTP/1.1" 200 11
101.80.230.31 - - [22/May/2024:08:53:04 +0800] "POST /xingrg/all/common/load_tree.html?tree=area_rest_tree_json&manage=1 HTTP/1.1" 200 2231
101.80.230.31 - - [22/May/2024:08:53:04 +0800] "POST /xingrg/load_menu.html HTTP/1.1" 200 11564
101.80.230.31 - - [22/May/2024:08:53:06 +0800] "POST /xingrg/load_menu.html HTTP/1.1" 200 10483
180.156.239.18 - - [22/May/2024:08:53:07 +0800] "GET /xingrg/kc/buy/cgsh_order_operate.html?command=get_materiel&rest_code=00150&code=00101008356&supplier_code=00100008&order_time=2024-05-22 HTTP/1.1" 200 409
101.80.230.31 - - [22/May/2024:08:53:08 +0800] "GET /xingrg/index.html?sysBaseUrl=http%3A%2F%2F180.169.147.146%3A18081%2Fxingrg%2F&costTime=1585×tamp=1716339184248 HTTP/1.1" 200 17503
101.80.230.31 - - [22/May/2024:08:53:08 +0800] "GET /xingrg/check_reg.html?_=1716339193724 HTTP/1.1" 200 22
101.80.230.31 - - [22/May/2024:08:53:08 +0800] "GET /xingrg/all/function/internal_message.html?_=1716339193723&CODE_STATE=count HTTP/1.1" 200 11
101.80.230.31 - - [22/May/2024:08:53:08 +0800] "POST /xingrg/all/common/load_tree.html?tree=area_rest_tree_json&manage=1 HTTP/1.1" 200 2231
101.80.230.31 - - [22/May/2024:08:53:08 +0800] "POST /xingrg/load_menu.html HTTP/1.1" 200 11564
116.238.97.31 - - [22/May/2024:08:53:09 +0800] "GET /xingrg/all/function/internal_message.html?_=1716339201902&CODE_STATE=getMsg HTTP/1.1" 200 27
101.80.230.31 - - [22/May/2024:08:53:10 +0800] "GET /xingrg/index.html?sysBaseUrl=http%3A%2F%2F180.169.147.146%3A18081%2Fxingrg%2F&costTime=1585×tamp=1716339184248 HTTP/1.1" 200 17503
101.80.230.31 - - [22/May/2024:08:53:10 +0800] "GET /xingrg/check_reg.html?_=1716339196091 HTTP/1.1" 200 22
101.80.230.31 - - [22/May/2024:08:53:10 +0800] "GET /xingrg/all/function/internal_message.html?_=1716339196090&CODE_STATE=count HTTP/1.1" 200 11
101.80.230.31 - - [22/May/2024:08:53:10 +0800] "POST /xingrg/all/common/load_tree.html?tree=area_rest_tree_json&manage=1 HTTP/1.1" 200 2231
101.80.230.31 - - [22/May/2024:08:53:10 +0800] "POST /xingrg/load_menu.html HTTP/1.1" 200 11564
120.253.135.82 - - [22/May/2024:08:53:11 +0800] "GET /xingrg/kc/pszx/mdqp_order_list.html?state=10 HTTP/1.1" 200 10459
120.253.135.82 - - [22/May/2024:08:53:11 +0800] "GET /xingrg/dwr/interface/AjaxQqpsService.js HTTP/1.1" 200 16326
120.253.135.82 - - [22/May/2024:08:53:11 +0800] "GET /xingrg/dwr/interface/AjaxReportQueryService.js HTTP/1.1" 200 13203
120.253.135.82 - - [22/May/2024:08:53:11 +0800] "GET /xingrg/dwr/engine.js HTTP/1.1" 200 43631
101.80.230.31 - - [22/May/2024:08:53:11 +0800] "POST /xingrg/load_menu.html HTTP/1.1" 200 10483
101.80.230.31 - - [22/May/2024:08:53:12 +0800] "GET /xingrg/all/report/report_query.html?fileName=dma/new_5.0/yingye/yy_hz.xml&rw=1600 HTTP/1.1" 200 56155
101.80.230.31 - - [22/May/2024:08:53:12 +0800] "GET /xingrg/dwr/interface/AjaxReportQueryService.js HTTP/1.1" 200 13203
101.80.230.31 - - [22/May/2024:08:53:12 +0800] "GET /xingrg/dwr/engine.js HTTP/1.1" 200 43631
101.80.230.31 - - [22/May/2024:08:53:12 +0800] "GET /xingrg/dwr/util.js HTTP/1.1" 200 35990
101.80.230.31 - - [22/May/2024:08:53:13 +0800] "POST /xingrg/dwr/call/plaincall/AjaxReportQueryService.getFixDate.dwr HTTP/1.1" 200 111
101.80.230.31 - - [22/May/2024:08:53:13 +0800] "POST /xingrg/all/common/load_tree.html?tree=area_station_tree_json&manage=1 HTTP/1.1" 200 2035
101.80.230.31 - - [22/May/2024:08:53:15 +0800] "POST /xingrg/dwr/call/plaincall/AjaxReportQueryService.getFixDate.dwr HTTP/1.1" 200 111
120.253.135.82 - - [22/May/2024:08:53:15 +0800] "GET /xingrg/kc/pszx/mdth_order_list.html HTTP/1.1" 200 18737
120.253.135.82 - - [22/May/2024:08:53:15 +0800] "POST /xingrg/kc/pszx/mdth_order_new_list.html HTTP/1.1" 200 4746
101.80.230.31 - - [22/May/2024:08:53:16 +0800] "POST /xingrg/dwr/call/plaincall/AjaxReportQueryService.refreshCache.dwr HTTP/1.1" 200 78
180.156.239.18 - - [22/May/2024:08:53:17 +0800] "GET /xingrg/kc/buy/cgsh_order_operate.html?command=get_materiel&rest_code=00150&code=00101008137&supplier_code=00100008&order_time=2024-05-22 HTTP/1.1" 200 408
101.80.230.31 - - [22/May/2024:08:53:17 +0800] "POST /xingrg/all/report/load_report_page.html HTTP/1.1" 200 127988
101.80.230.31 - - [22/May/2024:08:53:17 +0800] "GET /xingrg/servlets/image?cache=0.869367637810937&image=px HTTP/1.1" 200 807
120.253.135.82 - - [22/May/2024:08:53:17 +0800] "POST /xingrg/kc/pszx/mdth_order_new_list.html HTTP/1.1" 200 288
120.253.135.82 - - [22/May/2024:08:53:19 +0800] "POST /xingrg/kc/pszx/mdth_order_new_list.html HTTP/1.1" 200 213
180.164.6.225 - - [22/May/2024:08:53:19 +0800] "GET /xingrg/all/function/internal_message.html?_=1716339199450&CODE_STATE=getMsg HTTP/1.1" 200 27
180.156.239.18 - - [22/May/2024:08:53:24 +0800] "GET /xingrg/check_reg.html?_=1716339204286 HTTP/1.1" 200 22
180.156.239.18 - - [22/May/2024:08:53:24 +0800] "GET /xingrg/all/function/internal_message.html?_=1716339204288&CODE_STATE=getMsg HTTP/1.1" 200 27
180.156.239.18 - - [22/May/2024:08:53:25 +0800] "GET /xingrg/all/function/internal_message.html?_=1716339205832&CODE_STATE=getMsg HTTP/1.1" 200 27
180.156.239.18 - - [22/May/2024:08:53:26 +0800] "GET /xingrg/kc/buy/cgsh_order_operate.html?command=get_materiel&rest_code=00150&code=00101008185&supplier_code=00100008&order_time=2024-05-22 HTTP/1.1" 200 408
101.80.230.31 - - [22/May/2024:08:53:27 +0800] "POST /xingrg/dwr/call/plaincall/AjaxReportQueryService.getFixDate.dwr HTTP/1.1" 200 111
101.80.230.31 - - [22/May/2024:08:53:29 +0800] "POST /xingrg/dwr/call/plaincall/AjaxReportQueryService.refreshCache.dwr HTTP/1.1" 200 78
58.40.7.146 - - [22/May/2024:08:53:29 +0800] "GET /xingrg/all/function/internal_message.html?_=1716339225726&CODE_STATE=getMsg HTTP/1.1" 302 -
101.80.230.31 - - [22/May/2024:08:53:30 +0800] "POST /xingrg/all/report/load_report_page.html HTTP/1.1" 200 128405
101.80.230.31 - - [22/May/2024:08:53:30 +0800] "GET /xingrg/servlets/image?cache=0.45913696133841475&image=px HTTP/1.1" 200 807
180.156.239.18 - - [22/May/2024:08:53:35 +0800] "GET /xingrg/kc/buy/cgsh_order_operate.html?command=get_materiel&rest_code=00150&code=00101008213&supplier_code=00100008&order_time=2024-05-22 HTTP/1.1" 200 412
180.156.239.18 - - [22/May/2024:08:53:45 +0800] "POST /xingrg/kc/buy/cgsh_order_operate.html HTTP/1.1" 200 37
180.156.239.18 - - [22/May/2024:08:53:47 +0800] "POST /xingrg/kc/buy/cgsh_order_operate.html HTTP/1.1" 200 19801
120.253.135.82 - - [22/May/2024:08:53:55 +0800] "GET /xingrg/all/function/internal_message.html?_=1716339087284&CODE_STATE=getMsg HTTP/1.1" 200 27
222.67.233.39 - - [22/May/2024:08:53:58 +0800] "GET /xingrg/all/function/internal_message.html?_=1716339238477&CODE_STATE=getMsg HTTP/1.1" 200 27
116.238.97.31 - - [22/May/2024:08:54:09 +0800] "GET /xingrg/all/function/internal_message.html?_=1716339261907&CODE_STATE=getMsg HTTP/1.1" 200 27
101.80.230.31 - - [22/May/2024:08:54:10 +0800] "GET /xingrg/all/function/internal_message.html?_=1716339256098&CODE_STATE=getMsg HTTP/1.1" 200 27
180.156.239.18 - - [22/May/2024:08:54:10 +0800] "GET /xingrg/kc/buy/cgsh_order_operate.html?command=get_materiel&rest_code=00150&code=00101008360&supplier_code=00100008&order_time=2024-05-22 HTTP/1.1" 200 412
180.164.6.225 - - [22/May/2024:08:54:19 +0800] "GET /xingrg/all/function/internal_message.html?_=1716339259461&CODE_STATE=getMsg HTTP/1.1" 200 27
180.156.239.18 - - [22/May/2024:08:54:21 +0800] "GET /xingrg/kc/buy/cgsh_order_operate.html?command=get_materiel&rest_code=00150&code=00101008286&supplier_code=00100008&order_time=2024-05-22 HTTP/1.1" 200 408
180.156.239.18 - - [22/May/2024:08:54:24 +0800] "GET /xingrg/all/function/internal_message.html?_=1716339264293&CODE_STATE=getMsg HTTP/1.1" 200 27
180.156.239.18 - - [22/May/2024:08:54:25 +0800] "GET /xingrg/all/function/internal_message.html?_=1716339265860&CODE_STATE=getMsg HTTP/1.1" 200 27
58.40.7.146 - - [22/May/2024:08:54:29 +0800] "GET /xingrg/all/function/internal_message.html?_=1716339285718&CODE_STATE=getMsg HTTP/1.1" 302 -
180.156.239.18 - - [22/May/2024:08:54:30 +0800] "GET /xingrg/kc/buy/cgsh_order_operate.html?command=get_materiel&rest_code=00150&code=00101008224&supplier_code=00100008&order_time=2024-05-22 HTTP/1.1" 200 416
180.156.239.18 - - [22/May/2024:08:54:45 +0800] "GET /xingrg/kc/buy/cgsh_order_operate.html?command=get_materiel&rest_code=00150&code=00101008130&supplier_code=00100008&order_time=2024-05-22 HTTP/1.1" 200 413
120.253.135.82 - - [22/May/2024:08:54:54 +0800] "GET /xingrg/check_reg.html?_=1716339146320 HTTP/1.1" 200 22
120.253.135.82 - - [22/May/2024:08:54:55 +0800] "GET /xingrg/all/function/internal_message.html?_=1716339147298&CODE_STATE=getMsg HTTP/1.1" 200 27
180.156.239.18 - - [22/May/2024:08:54:56 +0800] "GET /xingrg/kc/buy/cgsh_order_operate.html?command=get_materiel&rest_code=00150&code=00101008694&supplier_code=00100008&order_time=2024-05-22 HTTP/1.1" 200 420
222.67.233.39 - - [22/May/2024:08:54:58 +0800] "GET /xingrg/all/function/internal_message.html?_=1716339298453&CODE_STATE=getMsg HTTP/1.1" 200 27
180.156.239.18 - - [22/May/2024:08:55:05 +0800] "POST /xingrg/kc/buy/cgsh_order_operate.html HTTP/1.1" 200 37
180.156.239.18 - - [22/May/2024:08:55:07 +0800] "POST /xingrg/kc/buy/cgsh_order_operate.html HTTP/1.1" 200 22764
116.238.97.31 - - [22/May/2024:08:55:09 +0800] "GET /xingrg/all/function/internal_message.html?_=1716339321909&CODE_STATE=getMsg HTTP/1.1" 200 27
101.80.230.31 - - [22/May/2024:08:55:10 +0800] "GET /xingrg/all/function/internal_message.html?_=1716339316105&CODE_STATE=getMsg HTTP/1.1" 200 27
180.156.239.18 - - [22/May/2024:08:55:17 +0800] "GET /xingrg/kc/buy/cgsh_order_operate.html?command=get_materiel&rest_code=00150&code=00101008169&supplier_code=00100008&order_time=2024-05-22 HTTP/1.1" 200 412
180.164.6.225 - - [22/May/2024:08:55:19 +0800] "GET /xingrg/check_reg.html?_=1716339319456 HTTP/1.1" 200 22
180.164.6.225 - - [22/May/2024:08:55:19 +0800] "GET /xingrg/all/function/internal_message.html?_=1716339319458&CODE_STATE=getMsg HTTP/1.1" 200 27
180.156.239.18 - - [22/May/2024:08:55:24 +0800] "GET /xingrg/all/function/internal_message.html?_=1716339324280&CODE_STATE=getMsg HTTP/1.1" 200 27
180.156.239.18 - - [22/May/2024:08:55:25 +0800] "GET /xingrg/all/function/internal_message.html?_=1716339325834&CODE_STATE=getMsg HTTP/1.1" 200 27
180.156.239.18 - - [22/May/2024:08:55:27 +0800] "GET /xingrg/kc/buy/cgsh_order_operate.html?command=get_materiel&rest_code=00150&code=00101008318&supplier_code=00100008&order_time=2024-05-22 HTTP/1.1" 200 408
58.40.7.146 - - [22/May/2024:08:55:29 +0800] "GET /xingrg/all/function/internal_message.html?_=1716339345731&CODE_STATE=getMsg HTTP/1.1" 302 -
180.156.239.18 - - [22/May/2024:08:55:37 +0800] "GET /xingrg/kc/buy/cgsh_order_operate.html?command=get_materiel&rest_code=00150&code=00101008163&supplier_code=00100008&order_time=2024-05-22 HTTP/1.1" 200 409
180.156.239.18 - - [22/May/2024:08:55:46 +0800] "POST /xingrg/kc/buy/cgsh_order_operate.html HTTP/1.1" 200 37
180.156.239.18 - - [22/May/2024:08:55:48 +0800] "POST /xingrg/kc/buy/cgsh_order_operate.html HTTP/1.1" 200 24530
120.253.135.82 - - [22/May/2024:08:55:55 +0800] "GET /xingrg/all/function/internal_message.html?_=1716339207311&CODE_STATE=getMsg HTTP/1.1" 200 27
180.156.239.18 - - [22/May/2024:08:55:55 +0800] "GET /xingrg/kc/buy/cgsh_order_operate.html?command=get_materiel&rest_code=00150&code=00101008411&supplier_code=00100008&order_time=2024-05-22 HTTP/1.1" 200 413
222.69.135.47 - - [22/May/2024:08:55:58 +0800] "GET /favicon.ico HTTP/1.1" 404 -
222.67.233.39 - - [22/May/2024:08:55:58 +0800] "GET /xingrg/all/function/internal_message.html?_=1716339358433&CODE_STATE=getMsg HTTP/1.1" 200 27
180.156.239.18 - - [22/May/2024:08:56:06 +0800] "GET /xingrg/kc/buy/cgsh_order_operate.html?command=get_materiel&rest_code=00150&code=00101008261&supplier_code=00100008&order_time=2024-05-22 HTTP/1.1" 200 408
116.238.97.31 - - [22/May/2024:08:56:09 +0800] "GET /xingrg/all/function/internal_message.html?_=1716339381910&CODE_STATE=getMsg HTTP/1.1" 200 27
116.238.97.31 - - [22/May/2024:08:56:09 +0800] "GET /xingrg/check_reg.html?_=1716339381911 HTTP/1.1" 200 22
101.80.230.31 - - [22/May/2024:08:56:10 +0800] "GET /xingrg/all/function/internal_message.html?_=1716339376098&CODE_STATE=getMsg HTTP/1.1" 200 27
180.156.239.18 - - [22/May/2024:08:56:19 +0800] "GET /xingrg/kc/buy/cgsh_order_operate.html?command=get_materiel&rest_code=00150&code=00101008357&supplier_code=00100008&order_time=2024-05-22 HTTP/1.1" 200 408
180.164.6.225 - - [22/May/2024:08:56:19 +0800] "GET /xingrg/all/function/internal_message.html?_=1716339379449&CODE_STATE=getMsg HTTP/1.1" 200 27
180.156.239.18 - - [22/May/2024:08:56:24 +0800] "GET /xingrg/all/function/internal_message.html?_=1716339384290&CODE_STATE=getMsg HTTP/1.1" 200 27
180.156.239.18 - - [22/May/2024:08:56:25 +0800] "GET /xingrg/all/function/internal_message.html?_=1716339385844&CODE_STATE=getMsg HTTP/1.1" 200 27
180.156.239.18 - - [22/May/2024:08:56:25 +0800] "GET /xingrg/check_reg.html?_=1716339385846 HTTP/1.1" 200 22
58.40.7.146 - - [22/May/2024:08:56:29 +0800] "GET /xingrg/check_reg.html?_=1716339405726 HTTP/1.1" 302 -
58.40.7.146 - - [22/May/2024:08:56:29 +0800] "GET /xingrg/all/function/internal_message.html?_=1716339405727&CODE_STATE=getMsg HTTP/1.1" 302 -
180.156.239.18 - - [22/May/2024:08:56:35 +0800] "GET /xingrg/kc/buy/cgsh_order_operate.html?command=get_materiel&rest_code=00150&code=00101008016&supplier_code=00100008&order_time=2024-05-22 HTTP/1.1" 200 416
180.156.239.18 - - [22/May/2024:08:56:44 +0800] "GET /xingrg/kc/buy/cgsh_order_operate.html?command=get_materiel&rest_code=00150&code=00101008344&supplier_code=00100008&order_time=2024-05-22 HTTP/1.1" 200 412
120.253.135.82 - - [22/May/2024:08:56:45 +0800] "GET /xingrg/kc/pszx/mdqp_order_list.html?state=10 HTTP/1.1" 200 10459
120.253.135.82 - - [22/May/2024:08:56:45 +0800] "GET /xingrg/dwr/interface/AjaxQqpsService.js HTTP/1.1" 200 16326
120.253.135.82 - - [22/May/2024:08:56:45 +0800] "GET /xingrg/dwr/interface/AjaxReportQueryService.js HTTP/1.1" 200 13203
120.253.135.82 - - [22/May/2024:08:56:45 +0800] "GET /xingrg/dwr/engine.js HTTP/1.1" 200 43631
120.253.135.82 - - [22/May/2024:08:56:50 +0800] "GET /xingrg/kc/pszx/mdth_order_list.html HTTP/1.1" 200 18737
120.253.135.82 - - [22/May/2024:08:56:51 +0800] "POST /xingrg/kc/pszx/mdth_order_new_list.html HTTP/1.1" 200 4746
180.156.239.18 - - [22/May/2024:08:56:54 +0800] "POST /xingrg/kc/buy/cgsh_order_operate.html HTTP/1.1" 200 37
120.253.135.82 - - [22/May/2024:08:56:55 +0800] "GET /xingrg/all/function/internal_message.html?_=1716339267326&CODE_STATE=getMsg HTTP/1.1" 200 27
120.253.135.82 - - [22/May/2024:08:56:55 +0800] "GET /xingrg/kc/pszx/mdqp_order_list.html?state=10 HTTP/1.1" 200 10459
120.253.135.82 - - [22/May/2024:08:56:55 +0800] "GET /xingrg/dwr/engine.js HTTP/1.1" 200 43631
120.253.135.82 - - [22/May/2024:08:56:55 +0800] "GET /xingrg/dwr/interface/AjaxQqpsService.js HTTP/1.1" 200 16326
120.253.135.82 - - [22/May/2024:08:56:55 +0800] "GET /xingrg/dwr/interface/AjaxReportQueryService.js HTTP/1.1" 200 13203
180.156.239.18 - - [22/May/2024:08:56:56 +0800] "POST /xingrg/kc/buy/cgsh_order_operate.html HTTP/1.1" 200 27492
222.67.233.39 - - [22/May/2024:08:56:58 +0800] "GET /xingrg/all/function/internal_message.html?_=1716339418419&CODE_STATE=getMsg HTTP/1.1" 200 27
120.253.135.82 - - [22/May/2024:08:56:58 +0800] "GET /xingrg/kc/pszx/mdps_order_list.html?orderType=0 HTTP/1.1" 200 21313
120.253.135.82 - - [22/May/2024:08:56:59 +0800] "POST /xingrg/kc/pszx/mdps_list_operate.html HTTP/1.1" 200 5401
180.156.239.18 - - [22/May/2024:08:57:06 +0800] "GET /xingrg/kc/buy/cgsh_order_operate.html?command=get_materiel&rest_code=00150&code=00101008101&supplier_code=00100008&order_time=2024-05-22 HTTP/1.1" 200 412
116.238.97.31 - - [22/May/2024:08:57:09 +0800] "GET /xingrg/all/function/internal_message.html?_=1716339441911&CODE_STATE=getMsg HTTP/1.1" 200 27
101.80.230.31 - - [22/May/2024:08:57:10 +0800] "GET /xingrg/all/function/internal_message.html?_=1716339436104&CODE_STATE=getMsg HTTP/1.1" 200 27
222.67.233.39 - - [22/May/2024:08:57:12 +0800] "GET /xingrg/check_reg.html?_=1716339432752 HTTP/1.1" 200 22
180.156.239.18 - - [22/May/2024:08:57:16 +0800] "GET /xingrg/kc/buy/cgsh_order_operate.html?command=get_materiel&rest_code=00150&code=00101008210&supplier_code=00100008&order_time=2024-05-22 HTTP/1.1" 200 408
180.164.6.225 - - [22/May/2024:08:57:19 +0800] "GET /xingrg/all/function/internal_message.html?_=1716339439456&CODE_STATE=getMsg HTTP/1.1" 200 27
120.253.135.82 - - [22/May/2024:08:57:23 +0800] "POST /xingrg/kc/pszx/mdps_list_operate.html HTTP/1.1" 200 2808
180.156.239.18 - - [22/May/2024:08:57:24 +0800] "GET /xingrg/all/function/internal_message.html?_=1716339444286&CODE_STATE=getMsg HTTP/1.1" 200 27
120.253.135.82 - - [22/May/2024:08:57:25 +0800] "POST /xingrg/kc/pszx/mdps_list_operate.html HTTP/1.1" 200 606
180.156.239.18 - - [22/May/2024:08:57:25 +0800] "GET /xingrg/all/function/internal_message.html?_=1716339445842&CODE_STATE=getMsg HTTP/1.1" 200 27
180.156.239.18 - - [22/May/2024:08:57:27 +0800] "GET /xingrg/kc/buy/cgsh_order_operate.html?command=get_materiel&rest_code=00150&code=00101008331&supplier_code=00100008&order_time=2024-05-22 HTTP/1.1" 200 416
120.253.135.82 - - [22/May/2024:08:57:27 +0800] "GET /xingrg/kc/pszx/mdps_order_info.html?code=312024052200426 HTTP/1.1" 200 23978
120.253.135.82 - - [22/May/2024:08:57:28 +0800] "GET /xingrg/javascript/easyui/themes/default/validatebox.css HTTP/1.1" 404 1104
120.253.135.82 - - [22/May/2024:08:57:28 +0800] "POST /xingrg/kc/pszx/mdps_order_operate.html HTTP/1.1" 200 13929
58.40.7.146 - - [22/May/2024:08:57:29 +0800] "GET /xingrg/all/function/internal_message.html?_=1716339465729&CODE_STATE=getMsg HTTP/1.1" 302 -
180.156.239.18 - - [22/May/2024:08:57:47 +0800] "GET /xingrg/kc/buy/cgsh_order_operate.html?command=get_materiel&rest_code=00150&code=00101008149&supplier_code=00100008&order_time=2024-05-22 HTTP/1.1" 200 408
120.253.135.82 - - [22/May/2024:08:57:55 +0800] "GET /xingrg/all/function/internal_message.html?_=1716339327339&CODE_STATE=getMsg HTTP/1.1" 200 27
222.67.233.39 - - [22/May/2024:08:57:58 +0800] "GET /xingrg/all/function/internal_message.html?_=1716339478407&CODE_STATE=getMsg HTTP/1.1" 200 27
180.169.147.146 - - [22/May/2024:08:57:58 +0800] "GET /favicon.ico HTTP/1.1" 404 -
180.156.239.18 - - [22/May/2024:08:58:04 +0800] "POST /xingrg/kc/buy/cgsh_order_operate.html HTTP/1.1" 200 37
180.156.239.18 - - [22/May/2024:08:58:06 +0800] "POST /xingrg/kc/buy/cgsh_order_operate.html HTTP/1.1" 200 30447
116.238.97.31 - - [22/May/2024:08:58:09 +0800] "GET /xingrg/all/function/internal_message.html?_=1716339501914&CODE_STATE=getMsg HTTP/1.1" 200 27
101.80.230.31 - - [22/May/2024:08:58:10 +0800] "GET /xingrg/check_reg.html?_=1716339496099 HTTP/1.1" 200 22
101.80.230.31 - - [22/May/2024:08:58:10 +0800] "GET /xingrg/all/function/internal_message.html?_=1716339496107&CODE_STATE=getMsg HTTP/1.1" 200 27
180.156.239.18 - - [22/May/2024:08:58:16 +0800] "GET /xingrg/kc/buy/cgsh_order_operate.html?command=get_materiel&rest_code=00150&code=00101008005&supplier_code=00100008&order_time=2024-05-22 HTTP/1.1" 200 412
180.164.6.225 - - [22/May/2024:08:58:19 +0800] "GET /xingrg/all/function/internal_message.html?_=1716339499452&CODE_STATE=getMsg HTTP/1.1" 200 27
180.156.239.18 - - [22/May/2024:08:58:24 +0800] "GET /xingrg/check_reg.html?_=1716339504289 HTTP/1.1" 200 22
180.156.239.18 - - [22/May/2024:08:58:24 +0800] "GET /xingrg/all/function/internal_message.html?_=1716339504292&CODE_STATE=getMsg HTTP/1.1" 200 27
180.156.239.18 - - [22/May/2024:08:58:25 +0800] "GET /xingrg/all/function/internal_message.html?_=1716339505838&CODE_STATE=getMsg HTTP/1.1" 200 27
58.40.7.146 - - [22/May/2024:08:58:29 +0800] "GET /xingrg/all/function/internal_message.html?_=1716339525721&CODE_STATE=getMsg HTTP/1.1" 302 -
180.156.239.18 - - [22/May/2024:08:58:31 +0800] "GET /xingrg/kc/buy/cgsh_order_operate.html?command=get_materiel&rest_code=00150&code=00101008370&supplier_code=00100008&order_time=2024-05-22 HTTP/1.1" 200 412
180.156.239.18 - - [22/May/2024:08:58:43 +0800] "GET /xingrg/kc/buy/cgsh_order_operate.html?command=get_materiel&rest_code=00150&code=00101008372&supplier_code=00100008&order_time=2024-05-22 HTTP/1.1" 200 408
120.253.135.82 - - [22/May/2024:08:58:55 +0800] "GET /xingrg/all/function/internal_message.html?_=1716339387399&CODE_STATE=getMsg HTTP/1.1" 200 27
222.67.233.39 - - [22/May/2024:08:58:58 +0800] "GET /xingrg/all/function/internal_message.html?_=1716339538385&CODE_STATE=getMsg HTTP/1.1" 200 27
120.253.135.82 - - [22/May/2024:08:58:58 +0800] "GET /xingrg/kc/buy/buy_main.html HTTP/1.1" 200 12341
120.253.135.82 - - [22/May/2024:08:58:58 +0800] "GET /xingrg/css/new_ie.css HTTP/1.1" 404 1036
120.253.135.82 - - [22/May/2024:08:58:58 +0800] "POST /xingrg/kc/pszx/mdps_list_operate.html HTTP/1.1" 200 2808
180.156.239.18 - - [22/May/2024:08:58:59 +0800] "GET /xingrg/kc/buy/cgsh_order_operate.html?command=get_materiel&rest_code=00150&code=00101008042&supplier_code=00100008&order_time=2024-05-22 HTTP/1.1" 200 416
120.253.135.82 - - [22/May/2024:08:58:59 +0800] "GET /xingrg/images/yd/bt.gif HTTP/1.1" 404 1040
120.253.135.82 - - [22/May/2024:08:59:00 +0800] "GET /xingrg/kc/buy/cgsh_order_list.html HTTP/1.1" 200 58825
120.253.135.82 - - [22/May/2024:08:59:02 +0800] "POST /xingrg/kc/buy/cgsh_list_operate.html HTTP/1.1" 200 645
120.253.135.82 - - [22/May/2024:08:59:04 +0800] "GET /xingrg/kc/buy/cgsh_order_add.html HTTP/1.1" 200 73695
120.253.135.82 - - [22/May/2024:08:59:05 +0800] "POST /xingrg/kc/buy/cgsh_order_operate.html HTTP/1.1" 200 8245
120.253.135.82 - - [22/May/2024:08:59:05 +0800] "GET /xingrg/javascript/easyui/themes/default/validatebox.css HTTP/1.1" 404 1104
180.156.239.18 - - [22/May/2024:08:59:09 +0800] "GET /xingrg/kc/buy/cgsh_order_operate.html?command=get_materiel&rest_code=00150&code=00101008020&supplier_code=00100008&order_time=2024-05-22 HTTP/1.1" 200 408
116.238.97.31 - - [22/May/2024:08:59:09 +0800] "GET /xingrg/all/function/internal_message.html?_=1716339561919&CODE_STATE=getMsg HTTP/1.1" 200 27
101.83.144.49 - - [22/May/2024:08:59:10 +0800] "GET /xingrg/index.html?sysBaseUrl=http%3A%2F%2F180.169.147.146%3A18081%2Fxingrg%2F&costTime=32×tamp=1585224308505 HTTP/1.1" 302 -
101.83.144.49 - - [22/May/2024:08:59:10 +0800] "GET /xingrg/login.html HTTP/1.1" 200 7641
101.83.144.49 - - [22/May/2024:08:59:10 +0800] "GET /xingrg/images/blue/jxLogo.png HTTP/1.1" 304 -
101.80.230.31 - - [22/May/2024:08:59:10 +0800] "GET /xingrg/all/function/internal_message.html?_=1716339556106&CODE_STATE=getMsg HTTP/1.1" 200 27
101.83.144.49 - - [22/May/2024:08:59:11 +0800] "GET /xingrg/images/blue/login_bg.png HTTP/1.1" 304 -
101.83.144.49 - - [22/May/2024:08:59:11 +0800] "GET /xingrg/images/blue/hj.png HTTP/1.1" 304 -
101.83.144.49 - - [22/May/2024:08:59:11 +0800] "GET /xingrg/images/blue/srbg.png HTTP/1.1" 304 -
101.83.144.49 - - [22/May/2024:08:59:11 +0800] "GET /favicon.ico HTTP/1.1" 404 -
120.253.135.82 - - [22/May/2024:08:59:15 +0800] "GET /xingrg/kc/buy/cgsh_order_operate.html?command=get_materiel&rest_code=00101&code=00101019066&supplier_code=&order_time=2024-05-22 HTTP/1.1" 200 437
180.164.6.225 - - [22/May/2024:08:59:19 +0800] "GET /xingrg/all/function/internal_message.html?_=1716339559466&CODE_STATE=getMsg HTTP/1.1" 200 27
180.156.239.18 - - [22/May/2024:08:59:21 +0800] "POST /xingrg/kc/buy/cgsh_order_operate.html HTTP/1.1" 200 37
120.253.135.82 - - [22/May/2024:08:59:22 +0800] "GET /xingrg/kc/pszx/mdps_order_list.html?orderType=0 HTTP/1.1" 200 21313
120.253.135.82 - - [22/May/2024:08:59:23 +0800] "POST /xingrg/kc/pszx/mdps_list_operate.html HTTP/1.1" 200 5401
180.156.239.18 - - [22/May/2024:08:59:24 +0800] "POST /xingrg/kc/buy/cgsh_order_operate.html HTTP/1.1" 200 33412
120.253.135.82 - - [22/May/2024:08:59:24 +0800] "POST /xingrg/kc/buy/cgsh_list_operate.html HTTP/1.1" 200 645
180.156.239.18 - - [22/May/2024:08:59:24 +0800] "GET /xingrg/all/function/internal_message.html?_=1716339564277&CODE_STATE=getMsg HTTP/1.1" 200 27
180.156.239.18 - - [22/May/2024:08:59:25 +0800] "GET /xingrg/all/function/internal_message.html?_=1716339565845&CODE_STATE=getMsg HTTP/1.1" 200 27
58.40.7.146 - - [22/May/2024:08:59:29 +0800] "GET /xingrg/all/function/internal_message.html?_=1716339585729&CODE_STATE=getMsg HTTP/1.1" 302 -
180.156.239.18 - - [22/May/2024:08:59:34 +0800] "GET /xingrg/kc/buy/cgsh_order_operate.html?command=get_materiel&rest_code=00150&code=00101008103&supplier_code=00100008&order_time=2024-05-22 HTTP/1.1" 200 417
120.253.135.82 - - [22/May/2024:08:59:34 +0800] "POST /xingrg/kc/pszx/mdps_list_operate.html HTTP/1.1" 200 2808
120.253.135.82 - - [22/May/2024:08:59:37 +0800] "POST /xingrg/kc/pszx/mdps_list_operate.html HTTP/1.1" 200 606
120.253.135.82 - - [22/May/2024:08:59:38 +0800] "GET /xingrg/kc/pszx/mdps_order_info.html?code=312024052200426 HTTP/1.1" 200 23978
120.253.135.82 - - [22/May/2024:08:59:39 +0800] "GET /xingrg/javascript/easyui/themes/default/validatebox.css HTTP/1.1" 404 1104
120.253.135.82 - - [22/May/2024:08:59:39 +0800] "POST /xingrg/kc/pszx/mdps_order_operate.html HTTP/1.1" 200 13929
180.156.239.18 - - [22/May/2024:08:59:45 +0800] "GET /xingrg/kc/buy/cgsh_order_operate.html?command=get_materiel&rest_code=00150&code=00101015215&supplier_code=00100008&order_time=2024-05-22 HTTP/1.1" 200 410
222.70.169.40 - - [22/May/2024:08:59:46 +0800] "POST /xingrg/services/DataTransmitService HTTP/1.1" 200 524
120.253.135.82 - - [22/May/2024:08:59:54 +0800] "GET /xingrg/check_reg.html?_=1716339446327 HTTP/1.1" 200 22
120.253.135.82 - - [22/May/2024:08:59:55 +0800] "GET /xingrg/all/function/internal_message.html?_=1716339447413&CODE_STATE=getMsg HTTP/1.1" 200 27
222.67.233.39 - - [22/May/2024:08:59:58 +0800] "GET /xingrg/all/function/internal_message.html?_=1716339598361&CODE_STATE=getMsg HTTP/1.1" 200 27
180.156.239.18 - - [22/May/2024:08:59:59 +0800] "GET /xingrg/kc/buy/cgsh_order_operate.html?command=get_materiel&rest_code=00150&code=00101009160&supplier_code=00100008&order_time=2024-05-22 HTTP/1.1" 200 414
120.253.135.82 - - [22/May/2024:09:00:03 +0800] "POST /xingrg/all/common/load_select.html HTTP/1.1" 200 25
120.253.135.82 - - [22/May/2024:09:00:05 +0800] "GET /xingrg/kc/pszx/mdps_order_operate.html?command=get_materiel_price&pszx_code=00101&rest_code=00149&base_code=0010246&code=00101019400&unit_code=00100111&order_time=2024-05-23 HTTP/1.1" 200 36
116.238.97.31 - - [22/May/2024:09:00:09 +0800] "GET /xingrg/all/function/internal_message.html?_=1716339621911&CODE_STATE=getMsg HTTP/1.1" 200 27
180.156.239.18 - - [22/May/2024:09:00:09 +0800] "GET /xingrg/kc/buy/cgsh_order_operate.html?command=get_materiel&rest_code=00150&code=00101009155&supplier_code=00100008&order_time=2024-05-22 HTTP/1.1" 200 417
101.80.230.31 - - [22/May/2024:09:00:10 +0800] "GET /xingrg/all/function/internal_message.html?_=1716339616106&CODE_STATE=getMsg HTTP/1.1" 200 27
116.238.97.31 - - [22/May/2024:09:00:15 +0800] "GET /xingrg/kc/buy/cgsh_order_list.html HTTP/1.1" 200 58825
116.238.97.31 - - [22/May/2024:09:00:18 +0800] "POST /xingrg/kc/buy/cgsh_list_operate.html HTTP/1.1" 200 645
180.164.6.225 - - [22/May/2024:09:00:19 +0800] "GET /xingrg/check_reg.html?_=1716339619466 HTTP/1.1" 200 22
180.164.6.225 - - [22/May/2024:09:00:19 +0800] "GET /xingrg/all/function/internal_message.html?_=1716339619467&CODE_STATE=getMsg HTTP/1.1" 200 27
180.169.147.146 - - [22/May/2024:09:00:21 +0800] "GET /xingrg/index.html?sysBaseUrl=http%3A%2F%2F180.169.147.146%3A18081%2Fxingrg%2F&costTime=39×tamp=1592034574635 HTTP/1.1" 302 -
180.169.147.146 - - [22/May/2024:09:00:21 +0800] "GET /xingrg/login.html HTTP/1.1" 200 7641
180.169.147.146 - - [22/May/2024:09:00:22 +0800] "GET /favicon.ico HTTP/1.1" 404 -
120.253.135.82 - - [22/May/2024:09:00:23 +0800] "POST /xingrg/kc/pszx/mdps_order_operate.html HTTP/1.1" 200 37
180.156.239.18 - - [22/May/2024:09:00:24 +0800] "GET /xingrg/all/function/internal_message.html?_=1716339624290&CODE_STATE=getMsg HTTP/1.1" 200 27
120.253.135.82 - - [22/May/2024:09:00:24 +0800] "GET /xingrg/kc/pszx/mdps_order_info.html?code=312024052200426 HTTP/1.1" 200 23978
120.253.135.82 - - [22/May/2024:09:00:25 +0800] "GET /xingrg/javascript/easyui/themes/default/validatebox.css HTTP/1.1" 404 1104
180.156.239.18 - - [22/May/2024:09:00:25 +0800] "GET /xingrg/all/function/internal_message.html?_=1716339625841&CODE_STATE=getMsg HTTP/1.1" 200 27
120.253.135.82 - - [22/May/2024:09:00:25 +0800] "POST /xingrg/kc/pszx/mdps_order_operate.html HTTP/1.1" 200 13930
180.169.147.146 - - [22/May/2024:09:00:26 +0800] "POST /xingrg/login.do HTTP/1.1" 302 -
180.169.147.146 - - [22/May/2024:09:00:26 +0800] "GET /xingrg/index.html?sysBaseUrl=http%3A%2F%2F180.169.147.146%3A18081%2Fxingrg%2F&costTime=1228×tamp=1716339626245 HTTP/1.1" 200 17503
180.169.147.146 - - [22/May/2024:09:00:26 +0800] "GET /favicon.ico HTTP/1.1" 404 -
180.169.147.146 - - [22/May/2024:09:00:26 +0800] "GET /xingrg/all/function/internal_message.html?_=1716339626591&CODE_STATE=count HTTP/1.1" 200 11
180.169.147.146 - - [22/May/2024:09:00:26 +0800] "GET /xingrg/check_reg.html?_=1716339626592 HTTP/1.1" 200 22
180.169.147.146 - - [22/May/2024:09:00:26 +0800] "POST /xingrg/all/common/load_tree.html?tree=area_rest_tree_json&manage=1 HTTP/1.1" 200 4010
180.169.147.146 - - [22/May/2024:09:00:26 +0800] "POST /xingrg/load_menu.html HTTP/1.1" 200 11564
180.156.239.18 - - [22/May/2024:09:00:27 +0800] "POST /xingrg/kc/buy/cgsh_order_operate.html HTTP/1.1" 200 37
180.169.147.146 - - [22/May/2024:09:00:28 +0800] "GET /xingrg/kc/report/report_main.html HTTP/1.1" 200 8599
120.253.135.82 - - [22/May/2024:09:00:28 +0800] "POST /xingrg/kc/pszx/mdps_list_operate.html HTTP/1.1" 200 278
180.169.147.146 - - [22/May/2024:09:00:29 +0800] "GET /xingrg/all/report/report_query.html?fileName=kc/buy/gys_amount_base_rest.xml HTTP/1.1" 200 51664
58.40.7.146 - - [22/May/2024:09:00:29 +0800] "GET /xingrg/all/function/internal_message.html?_=1716339645726&CODE_STATE=getMsg HTTP/1.1" 302 -
180.169.147.146 - - [22/May/2024:09:00:29 +0800] "GET /xingrg/dwr/interface/AjaxReportQueryService.js HTTP/1.1" 200 13203
180.169.147.146 - - [22/May/2024:09:00:29 +0800] "GET /xingrg/dwr/util.js HTTP/1.1" 200 35990
180.169.147.146 - - [22/May/2024:09:00:29 +0800] "GET /xingrg/dwr/engine.js HTTP/1.1" 200 43631
180.169.147.146 - - [22/May/2024:09:00:29 +0800] "POST /xingrg/dwr/call/plaincall/AjaxReportQueryService.getFixDate.dwr HTTP/1.1" 200 111
180.169.147.146 - - [22/May/2024:09:00:30 +0800] "POST /xingrg/all/common/load_tree.html?tree=area_rest_tree_json&manage=1 HTTP/1.1" 200 4010
180.169.147.146 - - [22/May/2024:09:00:31 +0800] "POST /xingrg/all/common/load_tree.html?tree=supplier_tree_json&manage=1 HTTP/1.1" 200 82611
120.253.135.82 - - [22/May/2024:09:00:31 +0800] "GET /xingrg/kc/pszx/mdps_order_info.html?code=312024052200427 HTTP/1.1" 200 23978
120.253.135.82 - - [22/May/2024:09:00:31 +0800] "GET /xingrg/javascript/easyui/themes/default/validatebox.css HTTP/1.1" 404 1104
