116.232.195.13 - - [21/May/2024:07:51:43 +0800] "GET /xingrg/all/function/internal_message.html?_=1716249058467&CODE_STATE=getMsg HTTP/1.1" 200 27
116.232.195.13 - - [21/May/2024:07:51:45 +0800] "GET /xingrg/all/function/internal_message.html?_=1716249060050&CODE_STATE=getMsg HTTP/1.1" 200 27
120.253.135.82 - - [21/May/2024:07:51:46 +0800] "GET /xingrg/all/function/internal_message.html?_=1716248957785&CODE_STATE=getMsg HTTP/1.1" 200 27
120.253.135.82 - - [21/May/2024:07:51:49 +0800] "GET /xingrg/all/function/internal_message.html?_=1716248960422&CODE_STATE=getMsg HTTP/1.1" 200 27
116.238.97.31 - - [21/May/2024:07:52:02 +0800] "GET /xingrg/kc/buy/cgsh_order_operate.html?command=get_materiel&rest_code=00102&code=00101009175&supplier_code=00100008&order_time=2024-05-21 HTTP/1.1" 200 414
116.238.97.31 - - [21/May/2024:07:52:03 +0800] "GET /xingrg/all/function/internal_message.html?_=1716249124172&CODE_STATE=getMsg HTTP/1.1" 200 27
180.156.239.18 - - [21/May/2024:07:52:03 +0800] "GET /xingrg/all/function/internal_message.html?_=1716249123883&CODE_STATE=getMsg HTTP/1.1" 200 27
120.253.135.82 - - [21/May/2024:07:52:09 +0800] "POST /xingrg/kc/pszx/mdps_list_operate.html HTTP/1.1" 200 2800
120.253.135.82 - - [21/May/2024:07:52:11 +0800] "POST /xingrg/kc/pszx/mdps_list_operate.html HTTP/1.1" 200 617
120.253.135.82 - - [21/May/2024:07:52:12 +0800] "GET /xingrg/kc/pszx/mdps_order_info.html?code=312024052000386 HTTP/1.1" 200 23976
222.67.233.39 - - [21/May/2024:07:52:12 +0800] "GET /xingrg/all/function/internal_message.html?_=1716249132597&CODE_STATE=getMsg HTTP/1.1" 200 27
120.253.135.82 - - [21/May/2024:07:52:13 +0800] "GET /xingrg/javascript/easyui/themes/default/validatebox.css HTTP/1.1" 404 1104
120.253.135.82 - - [21/May/2024:07:52:13 +0800] "POST /xingrg/kc/pszx/mdps_order_operate.html HTTP/1.1" 200 12946
222.70.169.40 - - [21/May/2024:07:52:14 +0800] "GET /xingrg/all/function/internal_message.html?_=1716249139768&CODE_STATE=getMsg HTTP/1.1" 200 27
221.239.170.140 - - [21/May/2024:07:52:18 +0800] "GET /xingrg/all/function/internal_message.html?_=1716249137498&CODE_STATE=getMsg HTTP/1.1" 200 27
58.40.7.146 - - [21/May/2024:07:52:30 +0800] "GET /xingrg/all/function/internal_message.html?_=1716249165727&CODE_STATE=getMsg HTTP/1.1" 200 27
116.238.97.31 - - [21/May/2024:07:52:31 +0800] "GET /xingrg/kc/buy/cgsh_order_operate.html?command=get_materiel&rest_code=00102&code=00101009107&supplier_code=00100008&order_time=2024-05-21 HTTP/1.1" 200 426
116.232.195.13 - - [21/May/2024:07:52:32 +0800] "GET /xingrg/all/function/internal_message.html?_=1716249107171&CODE_STATE=getMsg HTTP/1.1" 200 27
120.253.135.82 - - [21/May/2024:07:52:41 +0800] "GET /xingrg/kc/pszx/mdqp_order_list.html?state=10 HTTP/1.1" 200 10459
120.253.135.82 - - [21/May/2024:07:52:41 +0800] "GET /xingrg/dwr/interface/AjaxReportQueryService.js HTTP/1.1" 200 13203
120.253.135.82 - - [21/May/2024:07:52:41 +0800] "GET /xingrg/dwr/engine.js HTTP/1.1" 200 43631
120.253.135.82 - - [21/May/2024:07:52:41 +0800] "GET /xingrg/dwr/interface/AjaxQqpsService.js HTTP/1.1" 200 16326
116.232.195.13 - - [21/May/2024:07:52:43 +0800] "GET /xingrg/all/function/internal_message.html?_=1716249118472&CODE_STATE=getMsg HTTP/1.1" 200 27
120.253.135.82 - - [21/May/2024:07:52:43 +0800] "GET /xingrg/kc/pszx/mdps_order_list.html?orderType=0 HTTP/1.1" 200 21313
120.253.135.82 - - [21/May/2024:07:52:44 +0800] "POST /xingrg/kc/pszx/mdps_list_operate.html HTTP/1.1" 200 5252
116.232.195.13 - - [21/May/2024:07:52:45 +0800] "GET /xingrg/all/function/internal_message.html?_=1716249120037&CODE_STATE=getMsg HTTP/1.1" 200 27
120.253.135.82 - - [21/May/2024:07:52:46 +0800] "GET /xingrg/all/function/internal_message.html?_=1716249018037&CODE_STATE=getMsg HTTP/1.1" 200 27
120.253.135.82 - - [21/May/2024:07:52:49 +0800] "GET /xingrg/all/function/internal_message.html?_=1716249020435&CODE_STATE=getMsg HTTP/1.1" 200 27
112.51.231.89 - - [21/May/2024:07:53:02 +0800] "GET /xingrg/login.html HTTP/1.1" 200 7641
112.51.231.89 - - [21/May/2024:07:53:02 +0800] "GET /xingrg/images/blue/jxLogo.png HTTP/1.1" 304 -
112.51.231.89 - - [21/May/2024:07:53:02 +0800] "GET /xingrg/images/blue/hj.png HTTP/1.1" 304 -
112.51.231.89 - - [21/May/2024:07:53:02 +0800] "GET /xingrg/images/blue/login_bg.png HTTP/1.1" 304 -
112.51.231.89 - - [21/May/2024:07:53:02 +0800] "GET /xingrg/images/blue/srbg.png HTTP/1.1" 304 -
112.51.231.89 - - [21/May/2024:07:53:02 +0800] "GET /favicon.ico HTTP/1.1" 404 -
116.238.97.31 - - [21/May/2024:07:53:03 +0800] "GET /xingrg/kc/buy/cgsh_order_operate.html?command=get_materiel&rest_code=00102&code=00101008061&supplier_code=00100008&order_time=2024-05-21 HTTP/1.1" 200 422
116.238.97.31 - - [21/May/2024:07:53:03 +0800] "GET /xingrg/check_reg.html?_=1716249184131 HTTP/1.1" 200 22
116.238.97.31 - - [21/May/2024:07:53:03 +0800] "GET /xingrg/all/function/internal_message.html?_=1716249184148&CODE_STATE=getMsg HTTP/1.1" 200 27
180.156.239.18 - - [21/May/2024:07:53:03 +0800] "GET /xingrg/all/function/internal_message.html?_=1716249183874&CODE_STATE=getMsg HTTP/1.1" 200 27
112.51.231.89 - - [21/May/2024:07:53:05 +0800] "POST /xingrg/login.do HTTP/1.1" 302 -
112.51.231.89 - - [21/May/2024:07:53:05 +0800] "GET /xingrg/index.html?sysBaseUrl=http%3A%2F%2F180.169.147.146%3A18081%2Fxingrg%2F&costTime=826×tamp=1716249185847 HTTP/1.1" 200 17503
112.51.231.89 - - [21/May/2024:07:53:05 +0800] "GET /xingrg/javascript/jquery_easy_ui/themes/default/easyui.css HTTP/1.1" 304 -
112.51.231.89 - - [21/May/2024:07:53:06 +0800] "GET /xingrg/javascript/jquery_easy_ui/themes/icon.css HTTP/1.1" 304 -
112.51.231.89 - - [21/May/2024:07:53:06 +0800] "GET /favicon.ico HTTP/1.1" 404 -
112.51.231.89 - - [21/May/2024:07:53:06 +0800] "GET /xingrg/javascript/jquery-1.4.2.min.js HTTP/1.1" 304 -
112.51.231.89 - - [21/May/2024:07:53:06 +0800] "GET /xingrg/javascript/jquery_easy_ui/easyui-lang-zh_CN.js HTTP/1.1" 304 -
112.51.231.89 - - [21/May/2024:07:53:06 +0800] "GET /xingrg/css/form.css HTTP/1.1" 304 -
112.51.231.89 - - [21/May/2024:07:53:06 +0800] "GET /xingrg/javascript/jquery.timers.js HTTP/1.1" 304 -
112.51.231.89 - - [21/May/2024:07:53:06 +0800] "GET /xingrg/javascript/jquery.utils.js HTTP/1.1" 304 -
112.51.231.89 - - [21/May/2024:07:53:06 +0800] "GET /xingrg/javascript/jquery.form.js HTTP/1.1" 304 -
112.51.231.89 - - [21/May/2024:07:53:06 +0800] "GET /xingrg/javascript/jquery_easy_ui/jquery.easyui.min.js HTTP/1.1" 304 -
112.51.231.89 - - [21/May/2024:07:53:06 +0800] "GET /xingrg/javascript/jquery_easy_ui/themes/icons/settle_new.png HTTP/1.1" 304 -
112.51.231.89 - - [21/May/2024:07:53:06 +0800] "GET /xingrg/images/blue/navBackgound.jpg HTTP/1.1" 304 -
112.51.231.89 - - [21/May/2024:07:53:06 +0800] "GET /xingrg/images/blue/pingpu.png HTTP/1.1" 304 -
112.51.231.89 - - [21/May/2024:07:53:06 +0800] "GET /xingrg/javascript/jquery_easy_ui/themes/default/images/tabs_leftarrow.png HTTP/1.1" 304 -
112.51.231.89 - - [21/May/2024:07:53:06 +0800] "GET /xingrg/javascript/jquery_easy_ui/themes/default/images/tabs_rightarrow.png HTTP/1.1" 304 -
112.51.231.89 - - [21/May/2024:07:53:06 +0800] "GET /xingrg/javascript/jquery_easy_ui/themes/default/images/panel_tool_collapse.gif HTTP/1.1" 304 -
112.51.231.89 - - [21/May/2024:07:53:06 +0800] "GET /xingrg/javascript/jquery_easy_ui/themes/default/images/panel_tool_expand.gif HTTP/1.1" 304 -
112.51.231.89 - - [21/May/2024:07:53:06 +0800] "POST /xingrg/all/common/load_tree.html?tree=area_rest_tree_json&manage=1 HTTP/1.1" 200 4010
112.51.231.89 - - [21/May/2024:07:53:06 +0800] "GET /xingrg/check_reg.html?_=1716249189693 HTTP/1.1" 200 22
112.51.231.89 - - [21/May/2024:07:53:06 +0800] "GET /xingrg/all/function/internal_message.html?_=1716249189690&CODE_STATE=count HTTP/1.1" 200 11
112.51.231.89 - - [21/May/2024:07:53:06 +0800] "POST /xingrg/load_menu.html HTTP/1.1" 200 11443
112.51.231.89 - - [21/May/2024:07:53:06 +0800] "GET /xingrg/javascript/jquery_easy_ui/themes/default/images/tree_arrows.gif HTTP/1.1" 304 -
112.51.231.89 - - [21/May/2024:07:53:07 +0800] "GET /xingrg/javascript/jquery_easy_ui/themes/icons/forms_new.png HTTP/1.1" 304 -
112.51.231.89 - - [21/May/2024:07:53:07 +0800] "GET /xingrg/javascript/jquery_easy_ui/themes/icons/search_new.png HTTP/1.1" 304 -
112.51.231.89 - - [21/May/2024:07:53:07 +0800] "GET /xingrg/javascript/jquery_easy_ui/themes/default/images/tree_folder_open.gif HTTP/1.1" 304 -
112.51.231.89 - - [21/May/2024:07:53:07 +0800] "GET /xingrg/javascript/jquery_easy_ui/themes/icons/delivery_new.png HTTP/1.1" 304 -
112.51.231.89 - - [21/May/2024:07:53:07 +0800] "GET /xingrg/javascript/jquery_easy_ui/themes/icons/setting_new.png HTTP/1.1" 304 -
112.51.231.89 - - [21/May/2024:07:53:07 +0800] "GET /xingrg/javascript/jquery_easy_ui/themes/icons/checkout_new.png HTTP/1.1" 304 -
112.51.231.89 - - [21/May/2024:07:53:07 +0800] "GET /xingrg/javascript/jquery_easy_ui/themes/icons/storage_new.png HTTP/1.1" 304 -
112.51.231.89 - - [21/May/2024:07:53:07 +0800] "GET /xingrg/javascript/jquery_easy_ui/themes/icons/systemset_new.png HTTP/1.1" 304 -
112.51.231.89 - - [21/May/2024:07:53:07 +0800] "GET /xingrg/javascript/jquery_easy_ui/themes/default/images/tree_file.gif HTTP/1.1" 304 -
112.51.231.89 - - [21/May/2024:07:53:07 +0800] "GET /xingrg/javascript/jquery_easy_ui/themes/default/images/tree_folder.gif HTTP/1.1" 304 -
112.51.231.89 - - [21/May/2024:07:53:10 +0800] "GET /xingrg/javascript/jquery_easy_ui/themes/icons/rest.png HTTP/1.1" 304 -
112.51.231.89 - - [21/May/2024:07:53:10 +0800] "GET /xingrg/javascript/jquery_easy_ui/themes/icons/area.png HTTP/1.1" 304 -
112.51.231.89 - - [21/May/2024:07:53:10 +0800] "GET /xingrg/javascript/jquery_easy_ui/themes/icons/manage.png HTTP/1.1" 304 -
112.51.231.89 - - [21/May/2024:07:53:10 +0800] "GET /xingrg/javascript/jquery_easy_ui/themes/default/images/button_span_bg.gif HTTP/1.1" 304 -
112.51.231.89 - - [21/May/2024:07:53:10 +0800] "GET /xingrg/javascript/jquery_easy_ui/themes/icons/ok.png HTTP/1.1" 304 -
112.51.231.89 - - [21/May/2024:07:53:10 +0800] "GET /xingrg/javascript/jquery_easy_ui/themes/default/images/panel_tools.gif HTTP/1.1" 304 -
112.51.231.89 - - [21/May/2024:07:53:10 +0800] "GET /xingrg/javascript/jquery_easy_ui/themes/default/images/panel_title.png HTTP/1.1" 304 -
112.51.231.89 - - [21/May/2024:07:53:10 +0800] "GET /xingrg/javascript/jquery_easy_ui/themes/default/images/button_a_bg.gif HTTP/1.1" 304 -
116.238.97.31 - - [21/May/2024:07:53:11 +0800] "GET /xingrg/kc/buy/cgsh_order_operate.html?command=get_materiel&rest_code=00102&code=00101009140&supplier_code=00100008&order_time=2024-05-21 HTTP/1.1" 200 414
222.67.233.39 - - [21/May/2024:07:53:12 +0800] "GET /xingrg/all/function/internal_message.html?_=1716249192595&CODE_STATE=getMsg HTTP/1.1" 200 27
222.70.169.40 - - [21/May/2024:07:53:14 +0800] "GET /xingrg/all/function/internal_message.html?_=1716249199783&CODE_STATE=getMsg HTTP/1.1" 200 27
116.238.97.31 - - [21/May/2024:07:53:17 +0800] "POST /xingrg/kc/buy/cgsh_order_operate.html HTTP/1.1" 200 2065
221.239.170.140 - - [21/May/2024:07:53:18 +0800] "GET /xingrg/all/function/internal_message.html?_=1716249197497&CODE_STATE=getMsg HTTP/1.1" 200 27
112.51.231.89 - - [21/May/2024:07:53:20 +0800] "GET /xingrg/images/control/ajaxLoader.gif HTTP/1.1" 304 -
112.51.231.89 - - [21/May/2024:07:53:20 +0800] "POST /xingrg/all/user/operate.html HTTP/1.1" 200 36
112.51.231.89 - - [21/May/2024:07:53:20 +0800] "GET /xingrg/index.html?sysBaseUrl=http%3A%2F%2F180.169.147.146%3A18081%2Fxingrg%2F&costTime=826×tamp=1716249185847 HTTP/1.1" 200 17509
112.51.231.89 - - [21/May/2024:07:53:20 +0800] "GET /xingrg/javascript/jquery_easy_ui/themes/default/easyui.css HTTP/1.1" 304 -
112.51.231.89 - - [21/May/2024:07:53:20 +0800] "GET /xingrg/javascript/jquery_easy_ui/themes/icon.css HTTP/1.1" 304 -
112.51.231.89 - - [21/May/2024:07:53:20 +0800] "GET /xingrg/css/form.css HTTP/1.1" 304 -
112.51.231.89 - - [21/May/2024:07:53:20 +0800] "GET /xingrg/javascript/jquery-1.4.2.min.js HTTP/1.1" 304 -
112.51.231.89 - - [21/May/2024:07:53:20 +0800] "GET /xingrg/javascript/jquery_easy_ui/jquery.easyui.min.js HTTP/1.1" 304 -
112.51.231.89 - - [21/May/2024:07:53:20 +0800] "GET /xingrg/javascript/jquery_easy_ui/easyui-lang-zh_CN.js HTTP/1.1" 304 -
112.51.231.89 - - [21/May/2024:07:53:21 +0800] "GET /xingrg/javascript/jquery.form.js HTTP/1.1" 304 -
112.51.231.89 - - [21/May/2024:07:53:21 +0800] "GET /xingrg/javascript/jquery.utils.js HTTP/1.1" 304 -
112.51.231.89 - - [21/May/2024:07:53:21 +0800] "GET /xingrg/javascript/jquery.timers.js HTTP/1.1" 304 -
112.51.231.89 - - [21/May/2024:07:53:21 +0800] "GET /xingrg/images/blue/jxLogo.png HTTP/1.1" 304 -
112.51.231.89 - - [21/May/2024:07:53:21 +0800] "GET /xingrg/images/blue/navBackgound.jpg HTTP/1.1" 304 -
112.51.231.89 - - [21/May/2024:07:53:21 +0800] "GET /xingrg/javascript/jquery_easy_ui/themes/icons/settle_new.png HTTP/1.1" 304 -
112.51.231.89 - - [21/May/2024:07:53:21 +0800] "GET /xingrg/images/blue/pingpu.png HTTP/1.1" 304 -
112.51.231.89 - - [21/May/2024:07:53:21 +0800] "GET /xingrg/javascript/jquery_easy_ui/themes/default/images/tabs_rightarrow.png HTTP/1.1" 304 -
112.51.231.89 - - [21/May/2024:07:53:21 +0800] "GET /xingrg/javascript/jquery_easy_ui/themes/default/images/tabs_leftarrow.png HTTP/1.1" 304 -
112.51.231.89 - - [21/May/2024:07:53:21 +0800] "GET /xingrg/javascript/jquery_easy_ui/themes/default/images/panel_tool_collapse.gif HTTP/1.1" 304 -
112.51.231.89 - - [21/May/2024:07:53:21 +0800] "GET /xingrg/javascript/jquery_easy_ui/themes/default/images/panel_tool_expand.gif HTTP/1.1" 304 -
112.51.231.89 - - [21/May/2024:07:53:21 +0800] "POST /xingrg/all/common/load_tree.html?tree=area_rest_tree_json&manage=1 HTTP/1.1" 200 4010
112.51.231.89 - - [21/May/2024:07:53:21 +0800] "GET /xingrg/all/function/internal_message.html?_=1716249204559&CODE_STATE=count HTTP/1.1" 200 11
112.51.231.89 - - [21/May/2024:07:53:21 +0800] "GET /xingrg/check_reg.html?_=1716249204564 HTTP/1.1" 200 22
112.51.231.89 - - [21/May/2024:07:53:21 +0800] "POST /xingrg/load_menu.html HTTP/1.1" 200 9959
116.238.97.31 - - [21/May/2024:07:53:24 +0800] "GET /xingrg/kc/buy/cgsh_order_operate.html?command=get_materiel&rest_code=00102&code=00101015215&supplier_code=00100008&order_time=2024-05-21 HTTP/1.1" 200 410
112.51.231.89 - - [21/May/2024:07:53:25 +0800] "GET /xingrg/kc/base/base_main.html HTTP/1.1" 200 12142
112.51.231.89 - - [21/May/2024:07:53:25 +0800] "GET /xingrg/javascript/jquery_easy_ui/themes/default/images/tabs_close.gif HTTP/1.1" 304 -
112.51.231.89 - - [21/May/2024:07:53:25 +0800] "GET /xingrg/javascript/pic_change.js HTTP/1.1" 304 -
112.51.231.89 - - [21/May/2024:07:53:25 +0800] "GET /xingrg/css/blue.css HTTP/1.1" 304 -
112.51.231.89 - - [21/May/2024:07:53:25 +0800] "GET /xingrg/javascript/myfunction.js HTTP/1.1" 304 -
112.51.231.89 - - [21/May/2024:07:53:25 +0800] "GET /xingrg/images/blue/button/ckdb.gif HTTP/1.1" 200 1950
112.51.231.89 - - [21/May/2024:07:53:25 +0800] "GET /xingrg/images/blue/button/ckpd.gif HTTP/1.1" 200 2051
112.51.231.89 - - [21/May/2024:07:53:25 +0800] "GET /xingrg/images/blue/button/wlsy.gif HTTP/1.1" 200 2536
112.51.231.89 - - [21/May/2024:07:53:25 +0800] "GET /xingrg/images/blue/pic_form2.gif HTTP/1.1" 304 -
112.51.231.89 - - [21/May/2024:07:53:25 +0800] "GET /xingrg/images/blue/button/kc.gif HTTP/1.1" 304 -
112.51.231.89 - - [21/May/2024:07:53:25 +0800] "GET /xingrg/images/blue/button/yddb.gif HTTP/1.1" 200 2040
112.51.231.89 - - [21/May/2024:07:53:25 +0800] "GET /xingrg/images/blue/button/right_ah.jpg HTTP/1.1" 304 -
112.51.231.89 - - [21/May/2024:07:53:25 +0800] "GET /xingrg/images/blue/bg_dotted.jpg HTTP/1.1" 304 -
112.51.231.89 - - [21/May/2024:07:53:25 +0800] "GET /xingrg/images/blue/button/top_right.jpg HTTP/1.1" 200 1708
112.51.231.89 - - [21/May/2024:07:53:25 +0800] "GET /xingrg/images/blue/button/top_left.jpg HTTP/1.1" 200 1632
112.51.231.89 - - [21/May/2024:07:53:25 +0800] "GET /xingrg/images/blue/button/bottom_left.jpg HTTP/1.1" 200 1524
112.51.231.89 - - [21/May/2024:07:53:25 +0800] "GET /xingrg/images/blue/button/down.jpg HTTP/1.1" 200 1560
112.51.231.89 - - [21/May/2024:07:53:25 +0800] "GET /xingrg/images/blue/button/left_ah.jpg HTTP/1.1" 200 1643
112.51.231.89 - - [21/May/2024:07:53:25 +0800] "GET /xingrg/images/blue/button/bottom_right.jpg HTTP/1.1" 200 1436
112.51.231.89 - - [21/May/2024:07:53:27 +0800] "GET /xingrg/kc/base/check_order_list.html HTTP/1.1" 200 16560
112.51.231.89 - - [21/May/2024:07:53:27 +0800] "GET /xingrg/javascript/jquery_tools/datebox.css HTTP/1.1" 304 -
112.51.231.89 - - [21/May/2024:07:53:27 +0800] "GET /xingrg/javascript/auto/jquery.autocomplete.css HTTP/1.1" 304 -
112.51.231.89 - - [21/May/2024:07:53:27 +0800] "GET /xingrg/css/base.css HTTP/1.1" 304 -
112.51.231.89 - - [21/May/2024:07:53:27 +0800] "GET /xingrg/javascript/easyui/themes/default/easyui.css HTTP/1.1" 304 -
112.51.231.89 - - [21/May/2024:07:53:27 +0800] "GET /xingrg/css/site.css HTTP/1.1" 304 -
112.51.231.89 - - [21/May/2024:07:53:27 +0800] "GET /xingrg/javascript/easyui/themes/icon.css HTTP/1.1" 304 -
112.51.231.89 - - [21/May/2024:07:53:27 +0800] "GET /xingrg/javascript/jquery_tools/table.css HTTP/1.1" 304 -
112.51.231.89 - - [21/May/2024:07:53:27 +0800] "GET /xingrg/javascript/jquery_tools/fix.css HTTP/1.1" 304 -
112.51.231.89 - - [21/May/2024:07:53:27 +0800] "GET /xingrg/javascript/jquery_tools/jquery.tools.min.js HTTP/1.1" 304 -
112.51.231.89 - - [21/May/2024:07:53:27 +0800] "GET /xingrg/javascript/jquery_tools/jquery.tools.extend.js HTTP/1.1" 304 -
112.51.231.89 - - [21/May/2024:07:53:27 +0800] "GET /xingrg/javascript/jquery_tools/list_manager.js HTTP/1.1" 304 -
112.51.231.89 - - [21/May/2024:07:53:27 +0800] "GET /xingrg/javascript/jquery_tools/jquery.tools.hotkey.js HTTP/1.1" 304 -
112.51.231.89 - - [21/May/2024:07:53:27 +0800] "GET /xingrg/javascript/easyui/easyloader.js HTTP/1.1" 304 -
112.51.231.89 - - [21/May/2024:07:53:27 +0800] "GET /xingrg/javascript/auto/jquery.autocomplete.js HTTP/1.1" 304 -
112.51.231.89 - - [21/May/2024:07:53:27 +0800] "GET /xingrg/javascript/jquery.cookie.js HTTP/1.1" 304 -
112.51.231.89 - - [21/May/2024:07:53:27 +0800] "GET /xingrg/javascript/jquery_tools/jquery.tools.table.js HTTP/1.1" 304 -
112.51.231.89 - - [21/May/2024:07:53:27 +0800] "GET /xingrg/javascript/easyui/themes/icons/uncheck_new.png HTTP/1.1" 304 -
112.51.231.89 - - [21/May/2024:07:53:27 +0800] "GET /xingrg/javascript/easyui/themes/icons/field_new.png HTTP/1.1" 304 -
112.51.231.89 - - [21/May/2024:07:53:27 +0800] "GET /xingrg/javascript/easyui/themes/icons/edit_add_new.png HTTP/1.1" 304 -
112.51.231.89 - - [21/May/2024:07:53:27 +0800] "GET /xingrg/javascript/easyui/themes/icons/cance_new.png HTTP/1.1" 304 -
112.51.231.89 - - [21/May/2024:07:53:27 +0800] "GET /xingrg/javascript/easyui/themes/icons/check_new.png HTTP/1.1" 304 -
112.51.231.89 - - [21/May/2024:07:53:27 +0800] "GET /xingrg/javascript/easyui/plugins/jquery.parser.js HTTP/1.1" 304 -
112.51.231.89 - - [21/May/2024:07:53:28 +0800] "POST /xingrg/kc/base/check_list_operate.html HTTP/1.1" 200 3204
58.40.7.146 - - [21/May/2024:07:53:30 +0800] "GET /xingrg/all/function/internal_message.html?_=1716249225712&CODE_STATE=getMsg HTTP/1.1" 200 27
116.232.195.13 - - [21/May/2024:07:53:32 +0800] "GET /xingrg/all/function/internal_message.html?_=1716249167164&CODE_STATE=getMsg HTTP/1.1" 200 27
112.51.231.89 - - [21/May/2024:07:53:33 +0800] "POST /xingrg/kc/base/check_list_operate.html HTTP/1.1" 200 5259
116.238.97.31 - - [21/May/2024:07:53:36 +0800] "POST /xingrg/kc/buy/cgsh_order_operate.html HTTP/1.1" 200 37
116.238.97.31 - - [21/May/2024:07:53:39 +0800] "POST /xingrg/kc/buy/cgsh_order_operate.html HTTP/1.1" 200 16876
116.232.195.13 - - [21/May/2024:07:53:43 +0800] "GET /xingrg/all/function/internal_message.html?_=1716249178462&CODE_STATE=getMsg HTTP/1.1" 200 27
116.232.195.13 - - [21/May/2024:07:53:45 +0800] "GET /xingrg/all/function/internal_message.html?_=1716249180032&CODE_STATE=getMsg HTTP/1.1" 200 27
112.51.231.89 - - [21/May/2024:07:53:46 +0800] "GET /xingrg/javascript/easyui/themes/default/images/button_plain_hover.png HTTP/1.1" 304 -
120.253.135.82 - - [21/May/2024:07:53:46 +0800] "GET /xingrg/all/function/internal_message.html?_=1716249078048&CODE_STATE=getMsg HTTP/1.1" 200 27
120.253.135.82 - - [21/May/2024:07:53:47 +0800] "POST /xingrg/kc/pszx/mdps_list_operate.html HTTP/1.1" 200 2428
120.253.135.82 - - [21/May/2024:07:53:48 +0800] "POST /xingrg/kc/pszx/mdps_list_operate.html HTTP/1.1" 200 215
120.253.135.82 - - [21/May/2024:07:53:49 +0800] "GET /xingrg/all/function/internal_message.html?_=1716249080447&CODE_STATE=getMsg HTTP/1.1" 200 27
120.253.135.82 - - [21/May/2024:07:53:50 +0800] "POST /xingrg/kc/pszx/mdps_list_operate.html HTTP/1.1" 200 275
116.232.195.13 - - [21/May/2024:07:53:56 +0800] "GET /xingrg/check_reg.html?_=1716249191238 HTTP/1.1" 200 22
116.238.97.31 - - [21/May/2024:07:54:00 +0800] "GET /xingrg/kc/buy/cgsh_order_operate.html?command=get_materiel&rest_code=00102&code=00101008355&supplier_code=00100008&order_time=2024-05-21 HTTP/1.1" 200 408
116.238.97.31 - - [21/May/2024:07:54:03 +0800] "GET /xingrg/all/function/internal_message.html?_=1716249244125&CODE_STATE=getMsg HTTP/1.1" 200 27
180.156.239.18 - - [21/May/2024:07:54:03 +0800] "GET /xingrg/all/function/internal_message.html?_=1716249243874&CODE_STATE=getMsg HTTP/1.1" 200 27
180.156.239.18 - - [21/May/2024:07:54:03 +0800] "GET /xingrg/check_reg.html?_=1716249243878 HTTP/1.1" 200 22
222.67.233.39 - - [21/May/2024:07:54:12 +0800] "GET /xingrg/all/function/internal_message.html?_=1716249252587&CODE_STATE=getMsg HTTP/1.1" 200 27
222.70.169.40 - - [21/May/2024:07:54:14 +0800] "GET /xingrg/all/function/internal_message.html?_=1716249259918&CODE_STATE=getMsg HTTP/1.1" 200 27
116.238.97.31 - - [21/May/2024:07:54:16 +0800] "GET /xingrg/kc/buy/cgsh_order_operate.html?command=get_materiel&rest_code=00102&code=00101008291&supplier_code=00100008&order_time=2024-05-21 HTTP/1.1" 200 427
221.239.170.140 - - [21/May/2024:07:54:18 +0800] "GET /xingrg/all/function/internal_message.html?_=1716249257499&CODE_STATE=getMsg HTTP/1.1" 200 27
112.51.231.89 - - [21/May/2024:07:54:21 +0800] "GET /xingrg/all/function/internal_message.html?_=1716249264567&CODE_STATE=getMsg HTTP/1.1" 200 27
116.238.97.31 - - [21/May/2024:07:54:25 +0800] "GET /xingrg/kc/buy/cgsh_order_operate.html?command=get_materiel&rest_code=00102&code=00101008261&supplier_code=00100008&order_time=2024-05-21 HTTP/1.1" 200 429
120.253.135.82 - - [21/May/2024:07:54:26 +0800] "POST /xingrg/kc/pszx/mdps_list_operate.html HTTP/1.1" 200 3844
120.253.135.82 - - [21/May/2024:07:54:28 +0800] "POST /xingrg/kc/pszx/mdps_list_operate.html HTTP/1.1" 200 597
58.40.7.146 - - [21/May/2024:07:54:30 +0800] "GET /xingrg/all/function/internal_message.html?_=1716249285721&CODE_STATE=getMsg HTTP/1.1" 200 27
120.253.135.82 - - [21/May/2024:07:54:30 +0800] "GET /xingrg/kc/pszx/mdps_order_info.html?code=312024052000376 HTTP/1.1" 200 23970
120.253.135.82 - - [21/May/2024:07:54:31 +0800] "GET /xingrg/javascript/easyui/themes/default/validatebox.css HTTP/1.1" 404 1104
120.253.135.82 - - [21/May/2024:07:54:31 +0800] "POST /xingrg/kc/pszx/mdps_order_operate.html HTTP/1.1" 200 8359
116.232.195.13 - - [21/May/2024:07:54:32 +0800] "GET /xingrg/all/function/internal_message.html?_=1716249227148&CODE_STATE=getMsg HTTP/1.1" 200 27
116.238.97.31 - - [21/May/2024:07:54:35 +0800] "GET /xingrg/kc/buy/cgsh_order_operate.html?command=get_materiel&rest_code=00102&code=00101008359&supplier_code=00100008&order_time=2024-05-21 HTTP/1.1" 200 408
116.238.97.31 - - [21/May/2024:07:54:37 +0800] "POST /xingrg/kc/buy/cgsh_order_operate.html HTTP/1.1" 200 2065
116.232.195.13 - - [21/May/2024:07:54:43 +0800] "GET /xingrg/all/function/internal_message.html?_=1716249238466&CODE_STATE=getMsg HTTP/1.1" 200 27
116.232.195.13 - - [21/May/2024:07:54:43 +0800] "GET /xingrg/check_reg.html?_=1716249238468 HTTP/1.1" 200 22
120.253.135.82 - - [21/May/2024:07:54:44 +0800] "GET /xingrg/check_reg.html?_=1716249135819 HTTP/1.1" 200 22
116.232.195.13 - - [21/May/2024:07:54:45 +0800] "GET /xingrg/all/function/internal_message.html?_=1716249240015&CODE_STATE=getMsg HTTP/1.1" 200 27
120.253.135.82 - - [21/May/2024:07:54:46 +0800] "GET /xingrg/all/function/internal_message.html?_=1716249138059&CODE_STATE=getMsg HTTP/1.1" 200 27
120.253.135.82 - - [21/May/2024:07:54:49 +0800] "GET /xingrg/all/function/internal_message.html?_=1716249140498&CODE_STATE=getMsg HTTP/1.1" 200 27
120.253.135.82 - - [21/May/2024:07:54:57 +0800] "POST /xingrg/kc/pszx/mdps_list_operate.html HTTP/1.1" 200 283
120.253.135.82 - - [21/May/2024:07:54:59 +0800] "POST /xingrg/kc/pszx/mdps_list_operate.html HTTP/1.1" 200 205
120.253.135.82 - - [21/May/2024:07:55:00 +0800] "POST /xingrg/kc/pszx/mdps_list_operate.html HTTP/1.1" 200 600
120.253.135.82 - - [21/May/2024:07:55:02 +0800] "GET /xingrg/kc/pszx/mdps_order_info.html?code=312024052000380 HTTP/1.1" 200 23970
120.253.135.82 - - [21/May/2024:07:55:03 +0800] "GET /xingrg/javascript/easyui/themes/default/validatebox.css HTTP/1.1" 404 1104
120.253.135.82 - - [21/May/2024:07:55:03 +0800] "POST /xingrg/kc/pszx/mdps_order_operate.html HTTP/1.1" 200 10443
116.238.97.31 - - [21/May/2024:07:55:03 +0800] "GET /xingrg/all/function/internal_message.html?_=1716249304129&CODE_STATE=getMsg HTTP/1.1" 200 27
180.156.239.18 - - [21/May/2024:07:55:03 +0800] "GET /xingrg/all/function/internal_message.html?_=1716249303870&CODE_STATE=getMsg HTTP/1.1" 200 27
112.51.231.89 - - [21/May/2024:07:55:06 +0800] "POST /xingrg/kc/base/check_list_operate.html HTTP/1.1" 200 4
116.238.97.31 - - [21/May/2024:07:55:08 +0800] "GET /xingrg/kc/buy/cgsh_order_operate.html?command=get_materiel&rest_code=00102&code=00101008296&supplier_code=00100008&order_time=2024-05-21 HTTP/1.1" 200 416
222.67.233.39 - - [21/May/2024:07:55:12 +0800] "GET /xingrg/all/function/internal_message.html?_=1716249312601&CODE_STATE=getMsg HTTP/1.1" 200 27
222.67.233.39 - - [21/May/2024:07:55:12 +0800] "GET /xingrg/check_reg.html?_=1716249312606 HTTP/1.1" 200 22
222.70.169.40 - - [21/May/2024:07:55:14 +0800] "GET /xingrg/all/function/internal_message.html?_=1716249319934&CODE_STATE=getMsg HTTP/1.1" 200 27
221.239.170.140 - - [21/May/2024:07:55:18 +0800] "GET /xingrg/all/function/internal_message.html?_=1716249317498&CODE_STATE=getMsg HTTP/1.1" 200 27
116.238.97.31 - - [21/May/2024:07:55:20 +0800] "POST /xingrg/kc/buy/cgsh_order_operate.html HTTP/1.1" 200 37
116.238.97.31 - - [21/May/2024:07:55:26 +0800] "POST /xingrg/kc/buy/cgsh_order_operate.html HTTP/1.1" 200 19838
58.40.7.146 - - [21/May/2024:07:55:30 +0800] "GET /xingrg/all/function/internal_message.html?_=1716249345736&CODE_STATE=getMsg HTTP/1.1" 200 27
116.232.195.13 - - [21/May/2024:07:55:32 +0800] "GET /xingrg/all/function/internal_message.html?_=1716249287131&CODE_STATE=getMsg HTTP/1.1" 200 27
116.232.195.13 - - [21/May/2024:07:55:43 +0800] "GET /xingrg/all/function/internal_message.html?_=1716249298470&CODE_STATE=getMsg HTTP/1.1" 200 27
116.232.195.13 - - [21/May/2024:07:55:45 +0800] "GET /xingrg/all/function/internal_message.html?_=1716249300000&CODE_STATE=getMsg HTTP/1.1" 200 27
116.238.97.31 - - [21/May/2024:07:55:45 +0800] "POST /xingrg/kc/buy/cgsh_order_operate.html HTTP/1.1" 200 37
120.253.135.82 - - [21/May/2024:07:55:46 +0800] "GET /xingrg/all/function/internal_message.html?_=1716249198073&CODE_STATE=getMsg HTTP/1.1" 200 27
120.253.135.82 - - [21/May/2024:07:55:48 +0800] "GET /xingrg/check_reg.html?_=1716249199493 HTTP/1.1" 200 22
120.253.135.82 - - [21/May/2024:07:55:49 +0800] "GET /xingrg/all/function/internal_message.html?_=1716249200506&CODE_STATE=getMsg HTTP/1.1" 200 27
116.238.97.31 - - [21/May/2024:07:55:56 +0800] "POST /xingrg/kc/buy/cgsh_order_operate.html HTTP/1.1" 200 12
116.238.97.31 - - [21/May/2024:07:55:59 +0800] "GET /xingrg/kc/buy/cgsh_order_info.html?code=212024052105894 HTTP/1.1" 200 69542
116.238.97.31 - - [21/May/2024:07:55:59 +0800] "GET /xingrg/javascript/easyui/themes/default/validatebox.css HTTP/1.1" 404 1104
116.238.97.31 - - [21/May/2024:07:56:00 +0800] "POST /xingrg/kc/buy/cgsh_order_operate.html HTTP/1.1" 200 17787
116.238.97.31 - - [21/May/2024:07:56:03 +0800] "GET /xingrg/kc/buy/cgsh_order_add.html HTTP/1.1" 200 74673
116.238.97.31 - - [21/May/2024:07:56:03 +0800] "POST /xingrg/kc/buy/cgsh_order_operate.html HTTP/1.1" 200 8245
116.238.97.31 - - [21/May/2024:07:56:03 +0800] "GET /xingrg/javascript/easyui/themes/default/validatebox.css HTTP/1.1" 404 1104
116.238.97.31 - - [21/May/2024:07:56:03 +0800] "GET /xingrg/all/function/internal_message.html?_=1716249364131&CODE_STATE=getMsg HTTP/1.1" 200 27
180.156.239.18 - - [21/May/2024:07:56:03 +0800] "GET /xingrg/all/function/internal_message.html?_=1716249363857&CODE_STATE=getMsg HTTP/1.1" 200 27
222.67.233.39 - - [21/May/2024:07:56:12 +0800] "GET /xingrg/all/function/internal_message.html?_=1716249372607&CODE_STATE=getMsg HTTP/1.1" 200 27
222.70.169.40 - - [21/May/2024:07:56:14 +0800] "GET /xingrg/all/function/internal_message.html?_=1716249380051&CODE_STATE=getMsg HTTP/1.1" 200 27
221.239.170.140 - - [21/May/2024:07:56:18 +0800] "GET /xingrg/all/function/internal_message.html?_=1716249377496&CODE_STATE=getMsg HTTP/1.1" 200 27
221.239.170.140 - - [21/May/2024:07:56:18 +0800] "GET /xingrg/check_reg.html?_=1716249377500 HTTP/1.1" 200 22
116.238.97.31 - - [21/May/2024:07:56:18 +0800] "GET /xingrg/kc/buy/cgsh_order_operate.html?command=get_materiel&rest_code=00102&code=00101012070&supplier_code=00100096&order_time=2024-05-21 HTTP/1.1" 200 432
112.51.231.89 - - [21/May/2024:07:56:24 +0800] "POST /xingrg/kc/base/check_list_operate.html HTTP/1.1" 200 5409
222.70.169.40 - - [21/May/2024:07:56:29 +0800] "GET /xingrg/check_reg.html?_=1716249394207 HTTP/1.1" 200 22
58.40.7.146 - - [21/May/2024:07:56:30 +0800] "GET /xingrg/check_reg.html?_=1716249405736 HTTP/1.1" 200 22
58.40.7.146 - - [21/May/2024:07:56:30 +0800] "GET /xingrg/all/function/internal_message.html?_=1716249405738&CODE_STATE=getMsg HTTP/1.1" 200 27
112.51.231.89 - - [21/May/2024:07:56:30 +0800] "GET /xingrg/all/function/internal_message.html?_=1716249393465&CODE_STATE=getMsg HTTP/1.1" 200 27
116.232.195.13 - - [21/May/2024:07:56:32 +0800] "GET /xingrg/all/function/internal_message.html?_=1716249347113&CODE_STATE=getMsg HTTP/1.1" 200 27
116.238.97.31 - - [21/May/2024:07:56:33 +0800] "GET /xingrg/kc/buy/cgsh_order_operate.html?command=get_materiel&rest_code=00102&code=00101006111&supplier_code=00100096&order_time=2024-05-21 HTTP/1.1" 200 409
112.51.231.89 - - [21/May/2024:07:56:33 +0800] "GET /xingrg/kc/cost/cost_list.html HTTP/1.1" 200 6093
112.51.231.89 - - [21/May/2024:07:56:33 +0800] "GET /xingrg/css/table.css HTTP/1.1" 200 3684
112.51.231.89 - - [21/May/2024:07:56:33 +0800] "GET /xingrg/dwr/interface/AjaxReportQueryService.js HTTP/1.1" 200 13203
112.51.231.89 - - [21/May/2024:07:56:33 +0800] "GET /xingrg/dwr/util.js HTTP/1.1" 200 35990
112.51.231.89 - - [21/May/2024:07:56:33 +0800] "GET /xingrg/javascript/step/step.css HTTP/1.1" 200 999
112.51.231.89 - - [21/May/2024:07:56:33 +0800] "GET /xingrg/dwr/engine.js HTTP/1.1" 200 43631
112.51.231.89 - - [21/May/2024:07:56:34 +0800] "GET /xingrg/javascript/jquery_easy_ui/themes/icons/edit_add.png HTTP/1.1" 200 1088
112.51.231.89 - - [21/May/2024:07:56:34 +0800] "GET /xingrg/javascript/jquery_easy_ui/themes/icons/edit_remove.png HTTP/1.1" 200 625
112.51.231.89 - - [21/May/2024:07:56:34 +0800] "GET /xingrg/javascript/jquery_easy_ui/themes/icons/pencil.png HTTP/1.1" 200 713
112.51.231.89 - - [21/May/2024:07:56:34 +0800] "GET /xingrg/javascript/jquery_easy_ui/themes/default/images/datagrid_header_bg.gif HTTP/1.1" 200 97
112.51.231.89 - - [21/May/2024:07:56:34 +0800] "GET /xingrg/javascript/jquery_easy_ui/themes/default/images/pagination_loading.gif HTTP/1.1" 200 1737
112.51.231.89 - - [21/May/2024:07:56:34 +0800] "GET /xingrg/javascript/jquery_easy_ui/themes/default/images/button_plain_hover.png HTTP/1.1" 200 252
112.51.231.89 - - [21/May/2024:07:56:34 +0800] "GET /xingrg/kc/cost/cost_operate.html?_=1716249397712&command=load_cost_list HTTP/1.1" 200 8355
112.51.231.89 - - [21/May/2024:07:56:37 +0800] "GET /xingrg/kc/cost/cost_page.html HTTP/1.1" 200 4088
112.51.231.89 - - [21/May/2024:07:56:37 +0800] "GET /xingrg/dwr/interface/AjaxReportQueryService.js HTTP/1.1" 200 13203
112.51.231.89 - - [21/May/2024:07:56:38 +0800] "GET /xingrg/dwr/engine.js HTTP/1.1" 200 43631
112.51.231.89 - - [21/May/2024:07:56:38 +0800] "GET /xingrg/javascript/jquery_easy_ui/themes/icons/search.png HTTP/1.1" 200 813
112.51.231.89 - - [21/May/2024:07:56:38 +0800] "GET /xingrg/javascript/jquery_easy_ui/themes/icons/back_new.png HTTP/1.1" 200 3414
112.51.231.89 - - [21/May/2024:07:56:38 +0800] "GET /xingrg/javascript/jquery_easy_ui/themes/default/images/calendar_prevmonth.gif HTTP/1.1" 200 66
112.51.231.89 - - [21/May/2024:07:56:38 +0800] "GET /xingrg/javascript/jquery_easy_ui/themes/default/images/calendar_nextmonth.gif HTTP/1.1" 200 64
112.51.231.89 - - [21/May/2024:07:56:38 +0800] "GET /xingrg/javascript/jquery_easy_ui/themes/default/images/calendar_nextyear.gif HTTP/1.1" 200 75
112.51.231.89 - - [21/May/2024:07:56:38 +0800] "GET /xingrg/javascript/jquery_easy_ui/themes/default/images/calendar_prevyear.gif HTTP/1.1" 200 76
116.238.97.31 - - [21/May/2024:07:56:42 +0800] "GET /xingrg/kc/buy/cgsh_order_operate.html?command=get_materiel&rest_code=00102&code=00101016104&supplier_code=00100096&order_time=2024-05-21 HTTP/1.1" 200 408
116.232.195.13 - - [21/May/2024:07:56:43 +0800] "GET /xingrg/check_reg.html?_=1716249357816 HTTP/1.1" 200 22
116.232.195.13 - - [21/May/2024:07:56:43 +0800] "GET /xingrg/all/function/internal_message.html?_=1716249358463&CODE_STATE=getMsg HTTP/1.1" 200 27
116.232.195.13 - - [21/May/2024:07:56:45 +0800] "GET /xingrg/all/function/internal_message.html?_=1716249359982&CODE_STATE=getMsg HTTP/1.1" 200 27
120.253.135.82 - - [21/May/2024:07:56:45 +0800] "POST /xingrg/kc/pszx/mdps_list_operate.html HTTP/1.1" 200 3844
120.253.135.82 - - [21/May/2024:07:56:46 +0800] "GET /xingrg/all/function/internal_message.html?_=1716249258086&CODE_STATE=getMsg HTTP/1.1" 200 27
112.51.231.89 - - [21/May/2024:07:56:47 +0800] "POST /xingrg/kc/cost/cost_operate.html HTTP/1.1" 200 4
120.253.135.82 - - [21/May/2024:07:56:49 +0800] "GET /xingrg/all/function/internal_message.html?_=1716249260520&CODE_STATE=getMsg HTTP/1.1" 200 27
112.51.231.89 - - [21/May/2024:07:56:49 +0800] "GET /xingrg/kc/cost/cost_page.html HTTP/1.1" 200 4363
112.51.231.89 - - [21/May/2024:07:56:49 +0800] "GET /xingrg/css/blue.css HTTP/1.1" 304 -
112.51.231.89 - - [21/May/2024:07:56:49 +0800] "GET /xingrg/javascript/step/step.css HTTP/1.1" 304 -
112.51.231.89 - - [21/May/2024:07:56:49 +0800] "GET /xingrg/css/table.css HTTP/1.1" 304 -
112.51.231.89 - - [21/May/2024:07:56:49 +0800] "GET /xingrg/javascript/jquery_easy_ui/themes/default/easyui.css HTTP/1.1" 304 -
112.51.231.89 - - [21/May/2024:07:56:49 +0800] "GET /xingrg/javascript/jquery_easy_ui/themes/icon.css HTTP/1.1" 304 -
112.51.231.89 - - [21/May/2024:07:56:49 +0800] "GET /xingrg/javascript/jquery_easy_ui/easyui-lang-zh_CN.js HTTP/1.1" 304 -
112.51.231.89 - - [21/May/2024:07:56:49 +0800] "GET /xingrg/javascript/jquery.utils.js HTTP/1.1" 304 -
112.51.231.89 - - [21/May/2024:07:56:49 +0800] "GET /xingrg/dwr/interface/AjaxReportQueryService.js HTTP/1.1" 200 13203
112.51.231.89 - - [21/May/2024:07:56:49 +0800] "GET /xingrg/dwr/engine.js HTTP/1.1" 200 43631
112.51.231.89 - - [21/May/2024:07:56:49 +0800] "GET /xingrg/javascript/jquery-1.4.2.min.js HTTP/1.1" 304 -
112.51.231.89 - - [21/May/2024:07:56:49 +0800] "GET /xingrg/dwr/util.js HTTP/1.1" 304 -
112.51.231.89 - - [21/May/2024:07:56:49 +0800] "GET /xingrg/javascript/jquery_easy_ui/jquery.easyui.min.js HTTP/1.1" 304 -
112.51.231.89 - - [21/May/2024:07:56:49 +0800] "GET /xingrg/javascript/jquery_easy_ui/themes/default/images/button_a_bg.gif HTTP/1.1" 304 -
112.51.231.89 - - [21/May/2024:07:56:49 +0800] "GET /xingrg/javascript/jquery_easy_ui/themes/default/images/button_span_bg.gif HTTP/1.1" 304 -
112.51.231.89 - - [21/May/2024:07:56:49 +0800] "GET /xingrg/javascript/jquery_easy_ui/themes/icons/search.png HTTP/1.1" 304 -
112.51.231.89 - - [21/May/2024:07:56:50 +0800] "GET /xingrg/images/control/ajaxLoader.gif HTTP/1.1" 304 -
222.70.183.82 - - [21/May/2024:07:56:51 +0800] "POST /xingrg/services/DataTransmitService HTTP/1.1" 200 524
116.238.97.31 - - [21/May/2024:07:56:55 +0800] "GET /xingrg/kc/buy/cgsh_order_operate.html?command=get_materiel&rest_code=00102&code=00101007022&supplier_code=00100096&order_time=2024-05-21 HTTP/1.1" 200 415
180.156.239.18 - - [21/May/2024:07:57:03 +0800] "GET /xingrg/all/function/internal_message.html?_=1716249423861&CODE_STATE=getMsg HTTP/1.1" 200 27
116.238.97.31 - - [21/May/2024:07:57:09 +0800] "POST /xingrg/kc/buy/cgsh_order_operate.html HTTP/1.1" 200 37
222.67.233.39 - - [21/May/2024:07:57:12 +0800] "GET /xingrg/all/function/internal_message.html?_=1716249432596&CODE_STATE=getMsg HTTP/1.1" 200 27
116.238.97.31 - - [21/May/2024:07:57:14 +0800] "POST /xingrg/kc/buy/cgsh_order_operate.html HTTP/1.1" 200 100
222.70.169.40 - - [21/May/2024:07:57:14 +0800] "GET /xingrg/all/function/internal_message.html?_=1716249440057&CODE_STATE=getMsg HTTP/1.1" 200 27
221.239.170.140 - - [21/May/2024:07:57:18 +0800] "GET /xingrg/all/function/internal_message.html?_=1716249437500&CODE_STATE=getMsg HTTP/1.1" 200 27
120.253.135.82 - - [21/May/2024:07:57:26 +0800] "GET /xingrg/kc/buy/cgth_order_list.html HTTP/1.1" 200 58228
120.253.135.82 - - [21/May/2024:07:57:27 +0800] "POST /xingrg/kc/buy/cgth_list_operate.html HTTP/1.1" 200 1035
58.40.7.146 - - [21/May/2024:07:57:30 +0800] "GET /xingrg/all/function/internal_message.html?_=1716249465727&CODE_STATE=getMsg HTTP/1.1" 200 27
112.51.231.89 - - [21/May/2024:07:57:30 +0800] "GET /xingrg/all/function/internal_message.html?_=1716249453464&CODE_STATE=getMsg HTTP/1.1" 200 27
120.253.135.82 - - [21/May/2024:07:57:30 +0800] "GET /xingrg/kc/buy/cgth_order_add.html HTTP/1.1" 200 75760
120.253.135.82 - - [21/May/2024:07:57:30 +0800] "GET /xingrg/javascript/tools/jquery.qtip-1.0.0-rc3.min.js HTTP/1.1" 304 -
120.253.135.82 - - [21/May/2024:07:57:30 +0800] "GET /xingrg/dwr/interface/AjaxComOrderService.js HTTP/1.1" 200 18264
120.253.135.82 - - [21/May/2024:07:57:30 +0800] "GET /xingrg/dwr/engine.js HTTP/1.1" 200 43631
120.253.135.82 - - [21/May/2024:07:57:30 +0800] "GET /xingrg/javascript/Grid.js HTTP/1.1" 304 -
120.253.135.82 - - [21/May/2024:07:57:30 +0800] "GET /xingrg/javascript/AjaxInfoList.js HTTP/1.1" 304 -
120.253.135.82 - - [21/May/2024:07:57:30 +0800] "GET /xingrg/dwr/interface/AjaxCgthService.js HTTP/1.1" 200 14519
120.253.135.82 - - [21/May/2024:07:57:30 +0800] "GET /xingrg/javascript/ToolTips.js HTTP/1.1" 304 -
120.253.135.82 - - [21/May/2024:07:57:30 +0800] "GET /xingrg/javascript/jquery_easy_ui/themes/icons/edit_add_new.png HTTP/1.1" 304 -
120.253.135.82 - - [21/May/2024:07:57:30 +0800] "GET /xingrg/javascript/jquery_easy_ui/themes/icons/ok.png HTTP/1.1" 304 -
120.253.135.82 - - [21/May/2024:07:57:30 +0800] "GET /xingrg/javascript/jquery_easy_ui/themes/icons/cance_new.png HTTP/1.1" 304 -
120.253.135.82 - - [21/May/2024:07:57:30 +0800] "GET /xingrg/javascript/jquery_easy_ui/themes/default/images/combo_arrow_dot.gif HTTP/1.1" 304 -
120.253.135.82 - - [21/May/2024:07:57:31 +0800] "GET /xingrg/javascript/jquery_easy_ui/themes/default/images/validatebox_warning.png HTTP/1.1" 304 -
120.253.135.82 - - [21/May/2024:07:57:31 +0800] "GET /xingrg/javascript/jquery_easy_ui/themes/default/images/validatebox_pointer.gif HTTP/1.1" 304 -
120.253.135.82 - - [21/May/2024:07:57:31 +0800] "GET /xingrg/images/blue/button/kc_tab_add.gif HTTP/1.1" 304 -
120.253.135.82 - - [21/May/2024:07:57:31 +0800] "GET /xingrg/images/blue/button/kc_tab_del.gif HTTP/1.1" 304 -
120.253.135.82 - - [21/May/2024:07:57:32 +0800] "POST /xingrg/all/common/load_tree.html?tree=supplier_tree_json&isDelete=1 HTTP/1.1" 200 80195
116.232.195.13 - - [21/May/2024:07:57:32 +0800] "GET /xingrg/all/function/internal_message.html?_=1716249407091&CODE_STATE=getMsg HTTP/1.1" 200 27
116.238.97.31 - - [21/May/2024:07:57:35 +0800] "POST /xingrg/kc/buy/cgsh_order_operate.html HTTP/1.1" 200 37
116.238.97.31 - - [21/May/2024:07:57:37 +0800] "POST /xingrg/kc/buy/cgsh_order_operate.html HTTP/1.1" 200 6801
116.232.195.13 - - [21/May/2024:07:57:43 +0800] "GET /xingrg/all/function/internal_message.html?_=1716249418476&CODE_STATE=getMsg HTTP/1.1" 200 27
116.232.195.13 - - [21/May/2024:07:57:45 +0800] "GET /xingrg/all/function/internal_message.html?_=1716249419971&CODE_STATE=getMsg HTTP/1.1" 200 27
120.253.135.82 - - [21/May/2024:07:57:47 +0800] "GET /xingrg/all/function/internal_message.html?_=1716249318348&CODE_STATE=getMsg HTTP/1.1" 200 27
120.253.135.82 - - [21/May/2024:07:57:49 +0800] "GET /xingrg/all/function/internal_message.html?_=1716249320534&CODE_STATE=getMsg HTTP/1.1" 200 27
120.253.135.82 - - [21/May/2024:07:57:49 +0800] "POST /xingrg/dwr/call/plaincall/AjaxCgthService.saveOrder.dwr HTTP/1.1" 200 78
120.253.135.82 - - [21/May/2024:07:57:50 +0800] "GET /xingrg/images/yd/bt.gif HTTP/1.1" 404 1040
116.238.97.31 - - [21/May/2024:07:57:53 +0800] "POST /xingrg/kc/buy/cgsh_order_operate.html HTTP/1.1" 200 37
120.253.135.82 - - [21/May/2024:07:57:55 +0800] "POST /xingrg/dwr/call/plaincall/AjaxComOrderService.getMaterielSearchList.dwr HTTP/1.1" 200 38897
116.238.97.31 - - [21/May/2024:07:57:55 +0800] "POST /xingrg/kc/buy/cgsh_order_operate.html HTTP/1.1" 200 4431
120.253.135.82 - - [21/May/2024:07:57:57 +0800] "POST /xingrg/dwr/call/plaincall/AjaxComOrderService.getMaterielSearchList.dwr HTTP/1.1" 200 673
120.253.135.82 - - [21/May/2024:07:57:57 +0800] "POST /xingrg/dwr/call/plaincall/AjaxComOrderService.getMaterielSearchList.dwr HTTP/1.1" 200 287
116.238.97.31 - - [21/May/2024:07:58:02 +0800] "POST /xingrg/kc/buy/cgsh_order_operate.html HTTP/1.1" 200 37
180.156.239.18 - - [21/May/2024:07:58:03 +0800] "GET /xingrg/all/function/internal_message.html?_=1716249483874&CODE_STATE=getMsg HTTP/1.1" 200 27
120.253.135.82 - - [21/May/2024:07:58:05 +0800] "POST /xingrg/dwr/call/plaincall/AjaxCgthService.getMaterielByMap.dwr HTTP/1.1" 200 1745
116.238.97.31 - - [21/May/2024:07:58:10 +0800] "POST /xingrg/kc/buy/cgsh_order_operate.html HTTP/1.1" 200 12
112.51.231.89 - - [21/May/2024:07:58:11 +0800] "POST /xingrg/kc/cost/cost_operate.html HTTP/1.1" 200 4
222.67.233.39 - - [21/May/2024:07:58:12 +0800] "GET /xingrg/all/function/internal_message.html?_=1716249492593&CODE_STATE=getMsg HTTP/1.1" 200 27
116.238.97.31 - - [21/May/2024:07:58:12 +0800] "GET /xingrg/kc/buy/cgsh_order_info.html?code=212024052105895 HTTP/1.1" 200 69532
116.238.97.31 - - [21/May/2024:07:58:13 +0800] "GET /xingrg/javascript/easyui/themes/default/validatebox.css HTTP/1.1" 404 1104
180.156.239.18 - - [21/May/2024:07:58:13 +0800] "POST /xingrg/services/DataTransmitService HTTP/1.1" 200 524
116.238.97.31 - - [21/May/2024:07:58:14 +0800] "POST /xingrg/kc/buy/cgsh_order_operate.html HTTP/1.1" 200 2381
222.70.169.40 - - [21/May/2024:07:58:14 +0800] "GET /xingrg/all/function/internal_message.html?_=1716249500068&CODE_STATE=getMsg HTTP/1.1" 200 27
116.238.97.31 - - [21/May/2024:07:58:16 +0800] "GET /xingrg/kc/print/load_data.html?order_code=212024052105895&kc_code=cgsh&condition= HTTP/1.1" 200 1335
221.239.170.140 - - [21/May/2024:07:58:18 +0800] "GET /xingrg/all/function/internal_message.html?_=1716249497501&CODE_STATE=getMsg HTTP/1.1" 200 27
120.253.135.82 - - [21/May/2024:07:58:19 +0800] "POST /xingrg/dwr/call/plaincall/AjaxCgthService.saveMaterielItem.dwr HTTP/1.1" 200 78
120.253.135.82 - - [21/May/2024:07:58:22 +0800] "POST /xingrg/dwr/call/plaincall/AjaxCgthService.saveOrder.dwr HTTP/1.1" 200 78
116.238.97.31 - - [21/May/2024:07:58:24 +0800] "GET /xingrg/kc/buy/cgsh_order_add.html HTTP/1.1" 200 74673
116.238.97.31 - - [21/May/2024:07:58:24 +0800] "POST /xingrg/kc/buy/cgsh_order_operate.html HTTP/1.1" 200 8245
116.238.97.31 - - [21/May/2024:07:58:24 +0800] "GET /xingrg/javascript/easyui/themes/default/validatebox.css HTTP/1.1" 404 1104
120.253.135.82 - - [21/May/2024:07:58:26 +0800] "GET /xingrg/kc/print/load_config.html?_=1716249358227&kc_code=cgth HTTP/1.1" 200 2458
120.253.135.82 - - [21/May/2024:07:58:27 +0800] "GET /xingrg/kc/print/load_data.html?_=1716249358296&order_code=232024052100007&kc_code=cgth&condition= HTTP/1.1" 200 529
58.40.7.146 - - [21/May/2024:07:58:30 +0800] "GET /xingrg/all/function/internal_message.html?_=1716249525721&CODE_STATE=getMsg HTTP/1.1" 200 27
112.51.231.89 - - [21/May/2024:07:58:31 +0800] "GET /xingrg/kc/cost/cost_page.html HTTP/1.1" 200 4088
112.51.231.89 - - [21/May/2024:07:58:31 +0800] "GET /xingrg/css/blue.css HTTP/1.1" 304 -
112.51.231.89 - - [21/May/2024:07:58:31 +0800] "GET /xingrg/javascript/jquery_easy_ui/easyui-lang-zh_CN.js HTTP/1.1" 304 -
112.51.231.89 - - [21/May/2024:07:58:31 +0800] "GET /xingrg/javascript/jquery_easy_ui/themes/default/easyui.css HTTP/1.1" 304 -
112.51.231.89 - - [21/May/2024:07:58:31 +0800] "GET /xingrg/javascript/step/step.css HTTP/1.1" 304 -
112.51.231.89 - - [21/May/2024:07:58:31 +0800] "GET /xingrg/javascript/jquery-1.4.2.min.js HTTP/1.1" 304 -
112.51.231.89 - - [21/May/2024:07:58:31 +0800] "GET /xingrg/dwr/engine.js HTTP/1.1" 200 43631
112.51.231.89 - - [21/May/2024:07:58:31 +0800] "GET /xingrg/dwr/util.js HTTP/1.1" 304 -
112.51.231.89 - - [21/May/2024:07:58:31 +0800] "GET /xingrg/javascript/jquery_easy_ui/jquery.easyui.min.js HTTP/1.1" 304 -
112.51.231.89 - - [21/May/2024:07:58:31 +0800] "GET /xingrg/javascript/jquery.utils.js HTTP/1.1" 304 -
112.51.231.89 - - [21/May/2024:07:58:31 +0800] "GET /xingrg/css/table.css HTTP/1.1" 304 -
112.51.231.89 - - [21/May/2024:07:58:31 +0800] "GET /xingrg/javascript/jquery_easy_ui/themes/icon.css HTTP/1.1" 304 -
112.51.231.89 - - [21/May/2024:07:58:31 +0800] "GET /xingrg/dwr/interface/AjaxReportQueryService.js HTTP/1.1" 200 13203
112.51.231.89 - - [21/May/2024:07:58:31 +0800] "GET /xingrg/javascript/jquery_easy_ui/themes/default/images/button_a_bg.gif HTTP/1.1" 304 -
112.51.231.89 - - [21/May/2024:07:58:31 +0800] "GET /xingrg/javascript/jquery_easy_ui/themes/icons/back_new.png HTTP/1.1" 304 -
112.51.231.89 - - [21/May/2024:07:58:31 +0800] "GET /xingrg/javascript/jquery_easy_ui/themes/icons/search.png HTTP/1.1" 304 -
112.51.231.89 - - [21/May/2024:07:58:31 +0800] "GET /xingrg/javascript/jquery_easy_ui/themes/default/images/button_span_bg.gif HTTP/1.1" 304 -
112.51.231.89 - - [21/May/2024:07:58:31 +0800] "GET /xingrg/javascript/jquery_easy_ui/themes/default/images/calendar_prevmonth.gif HTTP/1.1" 304 -
112.51.231.89 - - [21/May/2024:07:58:31 +0800] "GET /xingrg/javascript/jquery_easy_ui/themes/default/images/calendar_nextmonth.gif HTTP/1.1" 304 -
112.51.231.89 - - [21/May/2024:07:58:31 +0800] "GET /xingrg/javascript/jquery_easy_ui/themes/default/images/calendar_prevyear.gif HTTP/1.1" 304 -
112.51.231.89 - - [21/May/2024:07:58:31 +0800] "GET /xingrg/javascript/jquery_easy_ui/themes/default/images/calendar_nextyear.gif HTTP/1.1" 304 -
112.51.231.89 - - [21/May/2024:07:58:32 +0800] "GET /xingrg/images/control/ajaxLoader.gif HTTP/1.1" 304 -
116.232.195.13 - - [21/May/2024:07:58:32 +0800] "GET /xingrg/all/function/internal_message.html?_=1716249467062&CODE_STATE=getMsg HTTP/1.1" 200 27
112.51.231.89 - - [21/May/2024:07:58:43 +0800] "GET /xingrg/kc/report/report_main.html HTTP/1.1" 200 7340
112.51.231.89 - - [21/May/2024:07:58:43 +0800] "GET /xingrg/check_reg.html?_=1716249526137 HTTP/1.1" 200 22
112.51.231.89 - - [21/May/2024:07:58:43 +0800] "GET /xingrg/all/function/internal_message.html?_=1716249526140&CODE_STATE=getMsg HTTP/1.1" 200 27
112.51.231.89 - - [21/May/2024:07:58:43 +0800] "GET /xingrg/javascript/json2.js HTTP/1.1" 304 -
112.51.231.89 - - [21/May/2024:07:58:43 +0800] "GET /xingrg/javascript/jquery_ui/themes/humanity/humanity.css HTTP/1.1" 304 -
116.232.195.13 - - [21/May/2024:07:58:43 +0800] "GET /xingrg/all/function/internal_message.html?_=1716249478477&CODE_STATE=getMsg HTTP/1.1" 200 27
116.232.195.13 - - [21/May/2024:07:58:45 +0800] "GET /xingrg/all/function/internal_message.html?_=1716249479944&CODE_STATE=getMsg HTTP/1.1" 200 27
120.253.135.82 - - [21/May/2024:07:58:47 +0800] "GET /xingrg/all/function/internal_message.html?_=1716249378363&CODE_STATE=getMsg HTTP/1.1" 200 27
112.51.231.89 - - [21/May/2024:07:58:47 +0800] "GET /xingrg/kc/base/crk_hz.html HTTP/1.1" 200 11247
112.51.231.89 - - [21/May/2024:07:58:47 +0800] "GET /xingrg/javascript/jquery_easy_ui/themes/default/images/menu_downarrow.png HTTP/1.1" 200 173
116.238.97.31 - - [21/May/2024:07:58:47 +0800] "GET /xingrg/javascript/jquery_easy_ui/themes/icons/rest.png HTTP/1.1" 200 695
112.51.231.89 - - [21/May/2024:07:58:47 +0800] "GET /xingrg/javascript/jquery_easy_ui/themes/icons/print.png HTTP/1.1" 200 1057
116.238.97.31 - - [21/May/2024:07:58:47 +0800] "GET /xingrg/javascript/jquery_easy_ui/themes/icons/area.png HTTP/1.1" 200 262
112.51.231.89 - - [21/May/2024:07:58:47 +0800] "GET /xingrg/javascript/jquery_easy_ui/themes/default/images/menu.gif HTTP/1.1" 200 834
112.51.231.89 - - [21/May/2024:07:58:48 +0800] "GET /xingrg/javascript/jquery_easy_ui/themes/default/images/combo_arrow_dot.gif HTTP/1.1" 200 79
112.51.231.89 - - [21/May/2024:07:58:48 +0800] "POST /xingrg/kc/cost/cost_operate.html?command=get_base_tree HTTP/1.1" 200 2725
112.51.231.89 - - [21/May/2024:07:58:48 +0800] "POST /xingrg/all/common/load_tree.html?tree=materiel_sort_tree_json HTTP/1.1" 200 9734
112.51.231.89 - - [21/May/2024:07:58:48 +0800] "GET /xingrg/javascript/jquery_easy_ui/themes/default/images/tree_checkbox_0.gif HTTP/1.1" 200 168
120.253.135.82 - - [21/May/2024:07:58:49 +0800] "GET /xingrg/all/function/internal_message.html?_=1716249380546&CODE_STATE=getMsg HTTP/1.1" 200 27
116.238.97.31 - - [21/May/2024:07:58:56 +0800] "GET /xingrg/kc/buy/cgsh_order_operate.html?command=get_materiel&rest_code=00102&code=00101031001&supplier_code=00100064&order_time=2024-05-21 HTTP/1.1" 200 419
