114.83.217.213 - - [18/May/2024:09:47:59 +0800] "GET /xingrg/check_reg.html?_=1715996875722 HTTP/1.1" 200 22
114.83.217.213 - - [18/May/2024:09:47:59 +0800] "GET /xingrg/all/function/internal_message.html?_=1715996875723&CODE_STATE=getMsg HTTP/1.1" 200 27
180.164.6.225 - - [18/May/2024:09:48:01 +0800] "GET /xingrg/kc/buy/cgsh_order_add.html HTTP/1.1" 200 74685
180.164.6.225 - - [18/May/2024:09:48:01 +0800] "POST /xingrg/kc/buy/cgsh_order_operate.html HTTP/1.1" 200 8245
180.164.6.225 - - [18/May/2024:09:48:01 +0800] "GET /xingrg/javascript/easyui/themes/default/validatebox.css HTTP/1.1" 404 1104
101.80.230.31 - - [18/May/2024:09:48:04 +0800] "GET /xingrg/all/function/internal_message.html?_=1715996894828&CODE_STATE=getMsg HTTP/1.1" 200 27
101.80.230.31 - - [18/May/2024:09:48:04 +0800] "GET /xingrg/check_reg.html?_=1715996894830 HTTP/1.1" 200 22
101.83.144.49 - - [18/May/2024:09:48:12 +0800] "GET /xingrg/all/function/internal_message.html?_=1715996892235&CODE_STATE=getMsg HTTP/1.1" 200 27
180.164.6.225 - - [18/May/2024:09:48:15 +0800] "GET /xingrg/all/function/internal_message.html?_=1715996893849&CODE_STATE=getMsg HTTP/1.1" 200 27
180.156.239.18 - - [18/May/2024:09:48:16 +0800] "GET /xingrg/check_reg.html?_=1715996896423 HTTP/1.1" 200 22
180.156.239.18 - - [18/May/2024:09:48:16 +0800] "GET /xingrg/all/function/internal_message.html?_=1715996896541&CODE_STATE=getMsg HTTP/1.1" 200 27
101.80.230.31 - - [18/May/2024:09:48:17 +0800] "GET /xingrg/javascript/jquery_tools/images/prev.gif HTTP/1.1" 404 1086
101.80.230.31 - - [18/May/2024:09:48:17 +0800] "GET /xingrg/javascript/jquery_tools/images/next.gif HTTP/1.1" 404 1086
124.78.156.206 - - [18/May/2024:09:48:20 +0800] "POST /xingrg/kc/buy/cgsh_order_operate.html HTTP/1.1" 200 12793
116.238.97.31 - - [18/May/2024:09:48:27 +0800] "GET /xingrg/all/function/internal_message.html?_=1715996907454&CODE_STATE=getMsg HTTP/1.1" 200 27
116.235.244.24 - - [18/May/2024:09:48:28 +0800] "GET /xingrg/all/function/internal_message.html?_=1715996930022&CODE_STATE=getMsg HTTP/1.1" 200 27
222.70.183.82 - - [18/May/2024:09:48:32 +0800] "GET /xingrg/all/function/internal_message.html?_=1715996912075&CODE_STATE=getMsg HTTP/1.1" 200 27
101.83.144.49 - - [18/May/2024:09:48:34 +0800] "GET /xingrg/all/function/internal_message.html?_=1715996660979&CODE_STATE=getMsg HTTP/1.1" 200 27
124.78.156.206 - - [18/May/2024:09:48:41 +0800] "GET /xingrg/check_reg.html?_=1715996912887 HTTP/1.1" 200 22
124.78.156.206 - - [18/May/2024:09:48:41 +0800] "GET /xingrg/all/function/internal_message.html?_=1715996913035&CODE_STATE=getMsg HTTP/1.1" 200 27
180.156.239.18 - - [18/May/2024:09:48:42 +0800] "GET /xingrg/all/function/internal_message.html?_=1715996922009&CODE_STATE=getMsg HTTP/1.1" 200 27
120.253.135.82 - - [18/May/2024:09:48:45 +0800] "GET /xingrg/all/function/internal_message.html?_=1715996777066&CODE_STATE=getMsg HTTP/1.1" 200 27
124.78.156.206 - - [18/May/2024:09:48:54 +0800] "GET /xingrg/kc/buy/cgsh_order_add.html HTTP/1.1" 200 74593
114.83.217.213 - - [18/May/2024:09:48:59 +0800] "GET /xingrg/all/function/internal_message.html?_=1715996935722&CODE_STATE=getMsg HTTP/1.1" 200 27
101.80.230.31 - - [18/May/2024:09:49:04 +0800] "GET /xingrg/all/function/internal_message.html?_=1715996954830&CODE_STATE=getMsg HTTP/1.1" 200 27
124.78.156.206 - - [18/May/2024:09:49:10 +0800] "GET /xingrg/javascript/easyui/themes/default/validatebox.css HTTP/1.1" 404 1104
124.78.156.206 - - [18/May/2024:09:49:10 +0800] "POST /xingrg/kc/buy/cgsh_order_operate.html HTTP/1.1" 200 8245
101.83.144.49 - - [18/May/2024:09:49:12 +0800] "GET /xingrg/all/function/internal_message.html?_=1715996952232&CODE_STATE=getMsg HTTP/1.1" 200 27
124.78.156.206 - - [18/May/2024:09:49:12 +0800] "GET /xingrg/javascript/easyui/themes/default/tree.css HTTP/1.1" 404 1090
124.78.156.206 - - [18/May/2024:09:49:12 +0800] "POST /xingrg/all/common/load_tree.html?tree=supplier_tree_json&isDelete=1 HTTP/1.1" 200 80088
180.164.6.225 - - [18/May/2024:09:49:15 +0800] "GET /xingrg/all/function/internal_message.html?_=1715996953840&CODE_STATE=getMsg HTTP/1.1" 200 27
180.164.6.225 - - [18/May/2024:09:49:15 +0800] "GET /xingrg/check_reg.html?_=1715996953847 HTTP/1.1" 200 22
180.156.239.18 - - [18/May/2024:09:49:16 +0800] "GET /xingrg/all/function/internal_message.html?_=1715996956520&CODE_STATE=getMsg HTTP/1.1" 200 27
116.238.97.31 - - [18/May/2024:09:49:27 +0800] "GET /xingrg/check_reg.html?_=1715996967448 HTTP/1.1" 200 22
116.238.97.31 - - [18/May/2024:09:49:27 +0800] "GET /xingrg/all/function/internal_message.html?_=1715996967451&CODE_STATE=getMsg HTTP/1.1" 200 27
116.235.244.24 - - [18/May/2024:09:49:28 +0800] "GET /xingrg/all/function/internal_message.html?_=1715996990046&CODE_STATE=getMsg HTTP/1.1" 200 27
222.70.183.82 - - [18/May/2024:09:49:32 +0800] "GET /xingrg/all/function/internal_message.html?_=1715996972074&CODE_STATE=getMsg HTTP/1.1" 200 27
222.70.183.82 - - [18/May/2024:09:49:32 +0800] "GET /xingrg/check_reg.html?_=1715996972067 HTTP/1.1" 200 22
124.78.156.206 - - [18/May/2024:09:49:33 +0800] "GET /xingrg/kc/buy/cgsh_order_operate.html?command=get_materiel&rest_code=00106&code=00101008312&supplier_code=00100008&order_time=2024-05-18 HTTP/1.1" 200 412
101.83.144.49 - - [18/May/2024:09:49:34 +0800] "GET /xingrg/all/function/internal_message.html?_=1715996720979&CODE_STATE=getMsg HTTP/1.1" 200 27
101.83.144.49 - - [18/May/2024:09:49:34 +0800] "GET /xingrg/check_reg.html?_=1715996720983 HTTP/1.1" 200 22
124.78.156.206 - - [18/May/2024:09:49:41 +0800] "GET /xingrg/all/function/internal_message.html?_=1715996973023&CODE_STATE=getMsg HTTP/1.1" 200 27
180.156.239.18 - - [18/May/2024:09:49:42 +0800] "GET /xingrg/all/function/internal_message.html?_=1715996982022&CODE_STATE=getMsg HTTP/1.1" 200 27
180.156.239.18 - - [18/May/2024:09:49:42 +0800] "GET /xingrg/check_reg.html?_=1715996982026 HTTP/1.1" 200 22
120.253.135.82 - - [18/May/2024:09:49:46 +0800] "GET /xingrg/all/function/internal_message.html?_=1715996837268&CODE_STATE=getMsg HTTP/1.1" 200 27
124.78.156.206 - - [18/May/2024:09:49:49 +0800] "GET /xingrg/kc/buy/cgsh_order_operate.html?command=get_materiel&rest_code=00106&code=00101008674&supplier_code=00100008&order_time=2024-05-18 HTTP/1.1" 200 412
101.80.230.31 - - [18/May/2024:09:49:53 +0800] "GET /xingrg/kc/buy/cgsh_order_operate.html?command=get_materiel&rest_code=00156&code=00101001037&supplier_code=00100675&order_time=2024-05-18 HTTP/1.1" 200 418
114.83.217.213 - - [18/May/2024:09:49:59 +0800] "GET /xingrg/all/function/internal_message.html?_=1715996995722&CODE_STATE=getMsg HTTP/1.1" 200 27
124.78.156.206 - - [18/May/2024:09:50:00 +0800] "GET /xingrg/kc/buy/cgsh_order_operate.html?command=get_materiel&rest_code=00106&code=00101008038&supplier_code=00100008&order_time=2024-05-18 HTTP/1.1" 200 412
101.80.230.31 - - [18/May/2024:09:50:04 +0800] "GET /xingrg/all/function/internal_message.html?_=1715997014833&CODE_STATE=getMsg HTTP/1.1" 200 27
101.83.144.49 - - [18/May/2024:09:50:12 +0800] "GET /xingrg/all/function/internal_message.html?_=1715997012231&CODE_STATE=getMsg HTTP/1.1" 200 27
124.78.156.206 - - [18/May/2024:09:50:12 +0800] "GET /xingrg/kc/buy/cgsh_order_operate.html?command=get_materiel&rest_code=00106&code=00101008298&supplier_code=00100008&order_time=2024-05-18 HTTP/1.1" 200 412
180.164.6.225 - - [18/May/2024:09:50:15 +0800] "GET /xingrg/all/function/internal_message.html?_=1715997013864&CODE_STATE=getMsg HTTP/1.1" 200 27
180.156.239.18 - - [18/May/2024:09:50:16 +0800] "GET /xingrg/all/function/internal_message.html?_=1715997016503&CODE_STATE=getMsg HTTP/1.1" 200 27
124.78.156.206 - - [18/May/2024:09:50:22 +0800] "GET /xingrg/kc/buy/cgsh_order_operate.html?command=get_materiel&rest_code=00106&code=00101008264&supplier_code=00100008&order_time=2024-05-18 HTTP/1.1" 200 412
116.238.97.31 - - [18/May/2024:09:50:27 +0800] "GET /xingrg/all/function/internal_message.html?_=1715997027453&CODE_STATE=getMsg HTTP/1.1" 200 27
116.235.244.24 - - [18/May/2024:09:50:28 +0800] "GET /xingrg/all/function/internal_message.html?_=1715997050049&CODE_STATE=getMsg HTTP/1.1" 200 27
222.70.183.82 - - [18/May/2024:09:50:32 +0800] "GET /xingrg/all/function/internal_message.html?_=1715997032058&CODE_STATE=getMsg HTTP/1.1" 200 27
124.78.156.206 - - [18/May/2024:09:50:34 +0800] "GET /xingrg/kc/buy/cgsh_order_operate.html?command=get_materiel&rest_code=00106&code=00101008352&supplier_code=00100008&order_time=2024-05-18 HTTP/1.1" 200 412
101.83.144.49 - - [18/May/2024:09:50:34 +0800] "GET /xingrg/all/function/internal_message.html?_=1715996780982&CODE_STATE=getMsg HTTP/1.1" 200 27
120.253.135.82 - - [18/May/2024:09:50:35 +0800] "GET /xingrg/check_reg.html?_=1715996886770 HTTP/1.1" 200 22
124.78.156.206 - - [18/May/2024:09:50:42 +0800] "GET /xingrg/all/function/internal_message.html?_=1715997033002&CODE_STATE=getMsg HTTP/1.1" 200 27
180.156.239.18 - - [18/May/2024:09:50:42 +0800] "GET /xingrg/all/function/internal_message.html?_=1715997042026&CODE_STATE=getMsg HTTP/1.1" 200 27
120.253.135.82 - - [18/May/2024:09:50:46 +0800] "GET /xingrg/all/function/internal_message.html?_=1715996897288&CODE_STATE=getMsg HTTP/1.1" 200 27
114.83.217.213 - - [18/May/2024:09:50:59 +0800] "GET /xingrg/all/function/internal_message.html?_=1715997055730&CODE_STATE=getMsg HTTP/1.1" 200 27
101.80.230.31 - - [18/May/2024:09:51:04 +0800] "GET /xingrg/all/function/internal_message.html?_=1715997074835&CODE_STATE=getMsg HTTP/1.1" 200 27
101.80.230.31 - - [18/May/2024:09:51:10 +0800] "POST /xingrg/kc/buy/cgsh_order_operate.html HTTP/1.1" 200 37
101.83.144.49 - - [18/May/2024:09:51:12 +0800] "GET /xingrg/check_reg.html?_=1715997072231 HTTP/1.1" 200 22
101.83.144.49 - - [18/May/2024:09:51:12 +0800] "GET /xingrg/all/function/internal_message.html?_=1715997072235&CODE_STATE=getMsg HTTP/1.1" 200 27
222.67.233.39 - - [18/May/2024:09:51:13 +0800] "GET /xingrg/login.html HTTP/1.1" 200 7641
101.80.230.31 - - [18/May/2024:09:51:13 +0800] "POST /xingrg/kc/buy/cgsh_order_operate.html HTTP/1.1" 200 2665
222.67.233.39 - - [18/May/2024:09:51:13 +0800] "GET /favicon.ico HTTP/1.1" 404 -
101.80.230.31 - - [18/May/2024:09:51:14 +0800] "GET /xingrg/kc/print/load_config.html?kc_code=cgsh HTTP/1.1" 200 1927
101.80.230.31 - - [18/May/2024:09:51:15 +0800] "GET /xingrg/kc/print/load_data.html?order_code=212024051805021&kc_code=cgsh&condition= HTTP/1.1" 200 661
180.164.6.225 - - [18/May/2024:09:51:15 +0800] "GET /xingrg/all/function/internal_message.html?_=1715997073853&CODE_STATE=getMsg HTTP/1.1" 200 27
222.67.233.39 - - [18/May/2024:09:51:16 +0800] "POST /xingrg/login.do HTTP/1.1" 302 -
222.67.233.39 - - [18/May/2024:09:51:16 +0800] "GET /xingrg/index.html?sysBaseUrl=http%3A%2F%2F180.169.147.146%3A18081%2Fxingrg%2F&costTime=800×tamp=1715997076027 HTTP/1.1" 200 17179
222.67.233.39 - - [18/May/2024:09:51:16 +0800] "GET /favicon.ico HTTP/1.1" 404 -
222.67.233.39 - - [18/May/2024:09:51:16 +0800] "POST /xingrg/all/common/load_tree.html?tree=area_rest_tree_json&manage=1 HTTP/1.1" 200 351
222.67.233.39 - - [18/May/2024:09:51:16 +0800] "GET /xingrg/all/function/internal_message.html?_=1715997076409&CODE_STATE=count HTTP/1.1" 200 11
222.67.233.39 - - [18/May/2024:09:51:16 +0800] "GET /xingrg/check_reg.html?_=1715997076410 HTTP/1.1" 200 22
222.67.233.39 - - [18/May/2024:09:51:16 +0800] "POST /xingrg/load_menu.html HTTP/1.1" 200 5138
180.156.239.18 - - [18/May/2024:09:51:16 +0800] "GET /xingrg/all/function/internal_message.html?_=1715997076480&CODE_STATE=getMsg HTTP/1.1" 200 27
222.67.233.39 - - [18/May/2024:09:51:17 +0800] "GET /xingrg/css/new_ie.css HTTP/1.1" 404 1036
222.67.233.39 - - [18/May/2024:09:51:17 +0800] "GET /xingrg/images/yd/bt.gif HTTP/1.1" 404 1040
101.80.230.31 - - [18/May/2024:09:51:20 +0800] "GET /xingrg/kc/buy/cgsh_order_add.html HTTP/1.1" 200 74672
101.80.230.31 - - [18/May/2024:09:51:20 +0800] "POST /xingrg/kc/buy/cgsh_order_operate.html HTTP/1.1" 200 8245
101.80.230.31 - - [18/May/2024:09:51:20 +0800] "GET /xingrg/javascript/easyui/themes/default/validatebox.css HTTP/1.1" 404 1104
101.80.230.31 - - [18/May/2024:09:51:20 +0800] "GET /xingrg/all/common/auto_word.html?type=employee&rest_code=00156 HTTP/1.1" 200 47
101.80.230.31 - - [18/May/2024:09:51:20 +0800] "GET /xingrg/all/common/auto_word.html?type=employee&rest_code=00156 HTTP/1.1" 200 47
222.67.233.39 - - [18/May/2024:09:51:21 +0800] "POST /xingrg/kc/buy/cgsh_list_operate.html HTTP/1.1" 200 645
101.80.230.31 - - [18/May/2024:09:51:22 +0800] "GET /xingrg/javascript/jquery_tools/images/prev.gif HTTP/1.1" 404 1086
101.80.230.31 - - [18/May/2024:09:51:22 +0800] "GET /xingrg/javascript/jquery_tools/images/next.gif HTTP/1.1" 404 1086
222.67.233.39 - - [18/May/2024:09:51:23 +0800] "POST /xingrg/kc/buy/cgsh_order_operate.html HTTP/1.1" 200 8245
222.67.233.39 - - [18/May/2024:09:51:23 +0800] "GET /xingrg/javascript/easyui/themes/default/validatebox.css HTTP/1.1" 404 1104
116.238.97.31 - - [18/May/2024:09:51:27 +0800] "GET /xingrg/all/function/internal_message.html?_=1715997087457&CODE_STATE=getMsg HTTP/1.1" 200 27
116.235.244.24 - - [18/May/2024:09:51:28 +0800] "GET /xingrg/all/function/internal_message.html?_=1715997110071&CODE_STATE=getMsg HTTP/1.1" 200 27
101.80.230.31 - - [18/May/2024:09:51:31 +0800] "GET /xingrg/kc/buy/cgsh_order_operate.html?command=get_materiel&rest_code=00156&code=00101004094&supplier_code=00100090&order_time=2024-05-18 HTTP/1.1" 200 411
222.70.183.82 - - [18/May/2024:09:51:32 +0800] "GET /xingrg/all/function/internal_message.html?_=1715997092066&CODE_STATE=getMsg HTTP/1.1" 200 27
124.78.156.206 - - [18/May/2024:09:51:33 +0800] "GET /xingrg/kc/buy/cgsh_order_operate.html?command=get_materiel&rest_code=00106&code=00101008069&supplier_code=00100008&order_time=2024-05-18 HTTP/1.1" 200 412
222.67.233.39 - - [18/May/2024:09:51:33 +0800] "GET /xingrg/kc/buy/cgsh_order_add.html HTTP/1.1" 200 74593
222.67.233.39 - - [18/May/2024:09:51:33 +0800] "GET /xingrg/css/base.css HTTP/1.1" 304 -
222.67.233.39 - - [18/May/2024:09:51:33 +0800] "GET /xingrg/css/site.css HTTP/1.1" 304 -
222.67.233.39 - - [18/May/2024:09:51:33 +0800] "GET /xingrg/javascript/jquery_tools/datebox.css HTTP/1.1" 304 -
222.67.233.39 - - [18/May/2024:09:51:33 +0800] "GET /xingrg/javascript/easyui/themes/default/easyui.css HTTP/1.1" 304 -
222.67.233.39 - - [18/May/2024:09:51:33 +0800] "GET /xingrg/javascript/easyui/themes/icon.css HTTP/1.1" 304 -
222.67.233.39 - - [18/May/2024:09:51:33 +0800] "GET /xingrg/javascript/auto/jquery.autocomplete.css HTTP/1.1" 304 -
222.67.233.39 - - [18/May/2024:09:51:33 +0800] "GET /xingrg/javascript/jquery_tools/fix.css HTTP/1.1" 304 -
222.67.233.39 - - [18/May/2024:09:51:33 +0800] "GET /xingrg/javascript/jquery_tools/table.css HTTP/1.1" 304 -
222.67.233.39 - - [18/May/2024:09:51:33 +0800] "GET /xingrg/javascript/pic_change.js HTTP/1.1" 304 -
222.67.233.39 - - [18/May/2024:09:51:33 +0800] "GET /xingrg/javascript/jquery_tools/jquery.tools.min.js HTTP/1.1" 304 -
222.67.233.39 - - [18/May/2024:09:51:33 +0800] "GET /xingrg/javascript/jquery_tools/jquery.tools.extend.js HTTP/1.1" 304 -
222.67.233.39 - - [18/May/2024:09:51:33 +0800] "GET /xingrg/javascript/jquery_tools/jquery.tools.hotkey.js HTTP/1.1" 304 -
222.67.233.39 - - [18/May/2024:09:51:33 +0800] "GET /xingrg/javascript/jquery_tools/jquery.tools.table.js HTTP/1.1" 304 -
222.67.233.39 - - [18/May/2024:09:51:33 +0800] "GET /xingrg/javascript/auto/jquery.autocomplete.js HTTP/1.1" 304 -
222.67.233.39 - - [18/May/2024:09:51:33 +0800] "GET /xingrg/javascript/easyui/easyloader.js HTTP/1.1" 304 -
222.67.233.39 - - [18/May/2024:09:51:33 +0800] "GET /xingrg/javascript/jquery.utils.js HTTP/1.1" 304 -
222.67.233.39 - - [18/May/2024:09:51:33 +0800] "GET /xingrg/javascript/jquery_tools/order_manager.js HTTP/1.1" 304 -
222.67.233.39 - - [18/May/2024:09:51:33 +0800] "GET /xingrg/javascript/convert.js HTTP/1.1" 304 -
222.67.233.39 - - [18/May/2024:09:51:33 +0800] "GET /xingrg/javascript/json2.js HTTP/1.1" 304 -
222.67.233.39 - - [18/May/2024:09:51:33 +0800] "GET /xingrg/javascript/jquery.cookie.js HTTP/1.1" 304 -
222.67.233.39 - - [18/May/2024:09:51:33 +0800] "GET /xingrg/javascript/print/kc_print.js HTTP/1.1" 304 -
222.67.233.39 - - [18/May/2024:09:51:33 +0800] "GET /xingrg/javascript/print/LodopFuncs.js HTTP/1.1" 304 -
222.67.233.39 - - [18/May/2024:09:51:33 +0800] "GET /xingrg/words/20240517155125_words.js HTTP/1.1" 304 -
222.67.233.39 - - [18/May/2024:09:51:34 +0800] "GET /xingrg/javascript/easyui/plugins/jquery.parser.js HTTP/1.1" 304 -
222.67.233.39 - - [18/May/2024:09:51:34 +0800] "GET /xingrg/images/control/ajaxLoader.gif HTTP/1.1" 304 -
222.67.233.39 - - [18/May/2024:09:51:34 +0800] "POST /xingrg/kc/buy/cgsh_order_operate.html HTTP/1.1" 200 8245
222.67.233.39 - - [18/May/2024:09:51:34 +0800] "GET /xingrg/javascript/easyui/themes/default/validatebox.css HTTP/1.1" 404 1104
101.83.144.49 - - [18/May/2024:09:51:34 +0800] "GET /xingrg/all/function/internal_message.html?_=1715996840982&CODE_STATE=getMsg HTTP/1.1" 200 27
222.67.233.39 - - [18/May/2024:09:51:35 +0800] "GET /xingrg/javascript/auto/indicator.gif HTTP/1.1" 404 1066
222.67.233.39 - - [18/May/2024:09:51:38 +0800] "GET /xingrg/javascript/jquery_tools/images/prev.gif HTTP/1.1" 404 1086
222.67.233.39 - - [18/May/2024:09:51:38 +0800] "GET /xingrg/javascript/jquery_tools/images/next.gif HTTP/1.1" 404 1086
124.78.156.206 - - [18/May/2024:09:51:41 +0800] "GET /xingrg/all/function/internal_message.html?_=1715997092978&CODE_STATE=getMsg HTTP/1.1" 200 27
124.78.156.206 - - [18/May/2024:09:51:41 +0800] "GET /xingrg/kc/buy/cgsh_order_operate.html?command=get_materiel&rest_code=00106&code=00101008131&supplier_code=00100008&order_time=2024-05-18 HTTP/1.1" 200 408
180.156.239.18 - - [18/May/2024:09:51:42 +0800] "GET /xingrg/all/function/internal_message.html?_=1715997102014&CODE_STATE=getMsg HTTP/1.1" 200 27
120.253.135.82 - - [18/May/2024:09:51:46 +0800] "GET /xingrg/all/function/internal_message.html?_=1715996957294&CODE_STATE=getMsg HTTP/1.1" 200 27
222.67.233.39 - - [18/May/2024:09:51:46 +0800] "GET /xingrg/kc/buy/cgsh_order_operate.html?command=get_materiel&rest_code=00141&code=00101012029&supplier_code=00100096&order_time=2024-05-18 HTTP/1.1" 200 412
101.80.230.31 - - [18/May/2024:09:51:51 +0800] "POST /xingrg/kc/buy/cgsh_order_operate.html HTTP/1.1" 200 37
101.80.230.31 - - [18/May/2024:09:51:53 +0800] "POST /xingrg/kc/buy/cgsh_order_operate.html HTTP/1.1" 200 2655
124.78.156.206 - - [18/May/2024:09:51:54 +0800] "GET /xingrg/kc/buy/cgsh_order_operate.html?command=get_materiel&rest_code=00106&code=00101008353&supplier_code=00100008&order_time=2024-05-18 HTTP/1.1" 200 408
101.80.230.31 - - [18/May/2024:09:51:54 +0800] "GET /xingrg/kc/print/load_config.html?kc_code=cgsh HTTP/1.1" 200 1927
101.80.230.31 - - [18/May/2024:09:51:54 +0800] "GET /xingrg/kc/print/load_data.html?order_code=212024051805022&kc_code=cgsh&condition= HTTP/1.1" 200 728
101.80.230.31 - - [18/May/2024:09:51:58 +0800] "GET /xingrg/kc/buy/cgsh_order_add.html HTTP/1.1" 200 74672
101.80.230.31 - - [18/May/2024:09:51:59 +0800] "POST /xingrg/kc/buy/cgsh_order_operate.html HTTP/1.1" 200 8245
101.80.230.31 - - [18/May/2024:09:51:59 +0800] "GET /xingrg/javascript/easyui/themes/default/validatebox.css HTTP/1.1" 404 1104
101.80.230.31 - - [18/May/2024:09:51:59 +0800] "GET /xingrg/all/common/auto_word.html?type=employee&rest_code=00156 HTTP/1.1" 200 47
101.80.230.31 - - [18/May/2024:09:51:59 +0800] "GET /xingrg/all/common/auto_word.html?type=employee&rest_code=00156 HTTP/1.1" 200 47
114.83.217.213 - - [18/May/2024:09:51:59 +0800] "GET /xingrg/all/function/internal_message.html?_=1715997115730&CODE_STATE=getMsg HTTP/1.1" 200 27
101.80.230.31 - - [18/May/2024:09:52:00 +0800] "GET /xingrg/javascript/jquery_tools/images/next.gif HTTP/1.1" 404 1086
101.80.230.31 - - [18/May/2024:09:52:00 +0800] "GET /xingrg/javascript/jquery_tools/images/prev.gif HTTP/1.1" 404 1086
101.80.230.31 - - [18/May/2024:09:52:04 +0800] "GET /xingrg/all/function/internal_message.html?_=1715997134836&CODE_STATE=getMsg HTTP/1.1" 200 27
124.78.156.206 - - [18/May/2024:09:52:05 +0800] "POST /xingrg/kc/buy/cgsh_order_operate.html HTTP/1.1" 200 37
124.78.156.206 - - [18/May/2024:09:52:07 +0800] "POST /xingrg/kc/buy/cgsh_order_operate.html HTTP/1.1" 200 7371
101.80.230.31 - - [18/May/2024:09:52:10 +0800] "GET /xingrg/kc/buy/cgsh_order_operate.html?command=get_materiel&rest_code=00156&code=00101003040&supplier_code=00100093&order_time=2024-05-17 HTTP/1.1" 200 417
222.67.233.39 - - [18/May/2024:09:52:10 +0800] "GET /xingrg/kc/buy/cgsh_order_operate.html?command=get_materiel&rest_code=00141&code=00101012025&supplier_code=00100096&order_time=2024-05-18 HTTP/1.1" 200 412
116.235.244.24 - - [18/May/2024:09:52:11 +0800] "GET /xingrg/check_reg.html?_=1715997152869 HTTP/1.1" 200 22
101.83.144.49 - - [18/May/2024:09:52:12 +0800] "GET /xingrg/all/function/internal_message.html?_=1715997132236&CODE_STATE=getMsg HTTP/1.1" 200 27
180.164.6.225 - - [18/May/2024:09:52:15 +0800] "GET /xingrg/all/function/internal_message.html?_=1715997133850&CODE_STATE=getMsg HTTP/1.1" 200 27
222.67.233.39 - - [18/May/2024:09:52:16 +0800] "GET /xingrg/all/function/internal_message.html?_=1715997136413&CODE_STATE=getMsg HTTP/1.1" 200 27
180.156.239.18 - - [18/May/2024:09:52:16 +0800] "GET /xingrg/all/function/internal_message.html?_=1715997136458&CODE_STATE=getMsg HTTP/1.1" 200 27
124.78.156.206 - - [18/May/2024:09:52:20 +0800] "GET /xingrg/kc/buy/cgsh_order_operate.html?command=get_materiel&rest_code=00106&code=00101008355&supplier_code=00100008&order_time=2024-05-18 HTTP/1.1" 200 408
116.238.97.31 - - [18/May/2024:09:52:27 +0800] "GET /xingrg/all/function/internal_message.html?_=1715997147455&CODE_STATE=getMsg HTTP/1.1" 200 27
116.235.244.24 - - [18/May/2024:09:52:28 +0800] "GET /xingrg/all/function/internal_message.html?_=1715997170077&CODE_STATE=getMsg HTTP/1.1" 200 27
101.80.230.31 - - [18/May/2024:09:52:29 +0800] "POST /xingrg/kc/buy/cgsh_order_operate.html HTTP/1.1" 200 37
101.80.230.31 - - [18/May/2024:09:52:30 +0800] "POST /xingrg/kc/buy/cgsh_order_operate.html HTTP/1.1" 200 2664
124.78.156.206 - - [18/May/2024:09:52:31 +0800] "GET /xingrg/kc/buy/cgsh_order_operate.html?command=get_materiel&rest_code=00106&code=00101008163&supplier_code=00100008&order_time=2024-05-18 HTTP/1.1" 200 409
222.70.183.82 - - [18/May/2024:09:52:32 +0800] "GET /xingrg/all/function/internal_message.html?_=1715997152074&CODE_STATE=getMsg HTTP/1.1" 200 27
101.80.230.31 - - [18/May/2024:09:52:33 +0800] "GET /xingrg/kc/print/load_config.html?kc_code=cgsh HTTP/1.1" 200 1927
101.80.230.31 - - [18/May/2024:09:52:33 +0800] "GET /xingrg/kc/print/load_data.html?order_code=212024051805024&kc_code=cgsh&condition= HTTP/1.1" 200 725
101.83.144.49 - - [18/May/2024:09:52:34 +0800] "GET /xingrg/all/function/internal_message.html?_=1715996900982&CODE_STATE=getMsg HTTP/1.1" 200 27
101.80.230.31 - - [18/May/2024:09:52:36 +0800] "GET /xingrg/kc/buy/cgsh_order_add.html HTTP/1.1" 200 74672
101.80.230.31 - - [18/May/2024:09:52:37 +0800] "POST /xingrg/kc/buy/cgsh_order_operate.html HTTP/1.1" 200 8245
101.80.230.31 - - [18/May/2024:09:52:37 +0800] "GET /xingrg/javascript/easyui/themes/default/validatebox.css HTTP/1.1" 404 1104
101.80.230.31 - - [18/May/2024:09:52:37 +0800] "GET /xingrg/all/common/auto_word.html?type=employee&rest_code=00156 HTTP/1.1" 200 47
101.80.230.31 - - [18/May/2024:09:52:37 +0800] "GET /xingrg/all/common/auto_word.html?type=employee&rest_code=00156 HTTP/1.1" 200 47
101.80.230.31 - - [18/May/2024:09:52:39 +0800] "GET /xingrg/javascript/jquery_tools/images/prev.gif HTTP/1.1" 404 1086
101.80.230.31 - - [18/May/2024:09:52:39 +0800] "GET /xingrg/javascript/jquery_tools/images/next.gif HTTP/1.1" 404 1086
222.67.233.39 - - [18/May/2024:09:52:39 +0800] "GET /xingrg/kc/buy/cgsh_order_operate.html?command=get_materiel&rest_code=00141&code=00101012003&supplier_code=00100096&order_time=2024-05-18 HTTP/1.1" 200 412
124.78.156.206 - - [18/May/2024:09:52:41 +0800] "GET /xingrg/all/function/internal_message.html?_=1715997152951&CODE_STATE=getMsg HTTP/1.1" 200 27
180.156.239.18 - - [18/May/2024:09:52:42 +0800] "GET /xingrg/all/function/internal_message.html?_=1715997162010&CODE_STATE=getMsg HTTP/1.1" 200 27
124.78.156.206 - - [18/May/2024:09:52:43 +0800] "GET /xingrg/kc/buy/cgsh_order_operate.html?command=get_materiel&rest_code=00106&code=00101008005&supplier_code=00100008&order_time=2024-05-18 HTTP/1.1" 200 412
120.253.135.82 - - [18/May/2024:09:52:46 +0800] "GET /xingrg/all/function/internal_message.html?_=1715997017460&CODE_STATE=getMsg HTTP/1.1" 200 27
101.80.230.31 - - [18/May/2024:09:52:51 +0800] "GET /xingrg/kc/buy/cgsh_order_operate.html?command=get_materiel&rest_code=00156&code=00101002064&supplier_code=00100442&order_time=2024-05-17 HTTP/1.1" 200 415
124.78.156.206 - - [18/May/2024:09:52:56 +0800] "GET /xingrg/kc/buy/cgsh_order_operate.html?command=get_materiel&rest_code=00106&code=00101008321&supplier_code=00100008&order_time=2024-05-18 HTTP/1.1" 200 412
222.67.233.39 - - [18/May/2024:09:52:57 +0800] "GET /xingrg/kc/buy/cgsh_order_operate.html?command=get_materiel&rest_code=00141&code=00101012026&supplier_code=00100096&order_time=2024-05-18 HTTP/1.1" 200 408
114.83.217.213 - - [18/May/2024:09:52:59 +0800] "GET /xingrg/check_reg.html?_=1715997175728 HTTP/1.1" 200 22
114.83.217.213 - - [18/May/2024:09:52:59 +0800] "GET /xingrg/all/function/internal_message.html?_=1715997175730&CODE_STATE=getMsg HTTP/1.1" 200 27
124.78.156.206 - - [18/May/2024:09:53:01 +0800] "POST /xingrg/kc/buy/cgsh_order_operate.html HTTP/1.1" 200 2065
120.253.135.82 - - [18/May/2024:09:53:01 +0800] "GET /xingrg/kc/pszx/mdth_order_list.html HTTP/1.1" 200 18737
120.253.135.82 - - [18/May/2024:09:53:02 +0800] "POST /xingrg/kc/pszx/mdth_order_new_list.html HTTP/1.1" 200 4752
120.253.135.82 - - [18/May/2024:09:53:04 +0800] "POST /xingrg/kc/pszx/mdth_order_new_list.html HTTP/1.1" 200 309
101.80.230.31 - - [18/May/2024:09:53:04 +0800] "GET /xingrg/all/function/internal_message.html?_=1715997194839&CODE_STATE=getMsg HTTP/1.1" 200 27
101.80.230.31 - - [18/May/2024:09:53:04 +0800] "GET /xingrg/check_reg.html?_=1715997194840 HTTP/1.1" 200 22
124.78.156.206 - - [18/May/2024:09:53:08 +0800] "GET /xingrg/kc/buy/cgsh_order_operate.html?command=get_materiel&rest_code=00106&code=00101008331&supplier_code=00100008&order_time=2024-05-18 HTTP/1.1" 200 416
120.253.135.82 - - [18/May/2024:09:53:08 +0800] "GET /xingrg/kc/pszx/mdth_order_info.html?code=322024051800008 HTTP/1.1" 200 22495
120.253.135.82 - - [18/May/2024:09:53:09 +0800] "GET /xingrg/javascript/easyui/themes/default/validatebox.css HTTP/1.1" 404 1104
120.253.135.82 - - [18/May/2024:09:53:09 +0800] "GET /xingrg/all/common/auto_word.html?type=employee&rest_code=00101 HTTP/1.1" 200 1019
120.253.135.82 - - [18/May/2024:09:53:09 +0800] "POST /xingrg/kc/pszx/mdth_order_new_info.html HTTP/1.1" 200 601
101.83.144.49 - - [18/May/2024:09:53:12 +0800] "GET /xingrg/all/function/internal_message.html?_=1715997192264&CODE_STATE=getMsg HTTP/1.1" 200 27
101.80.230.31 - - [18/May/2024:09:53:14 +0800] "GET /xingrg/kc/buy/cgsh_order_operate.html?command=get_materiel&rest_code=00156&code=00101005039&supplier_code=00100442&order_time=2024-05-17 HTTP/1.1" 200 419
180.164.6.225 - - [18/May/2024:09:53:15 +0800] "GET /xingrg/all/function/internal_message.html?_=1715997193843&CODE_STATE=getMsg HTTP/1.1" 200 27
222.67.233.39 - - [18/May/2024:09:53:16 +0800] "GET /xingrg/all/function/internal_message.html?_=1715997196428&CODE_STATE=getMsg HTTP/1.1" 200 27
180.156.239.18 - - [18/May/2024:09:53:16 +0800] "GET /xingrg/check_reg.html?_=1715997196420 HTTP/1.1" 200 22
180.156.239.18 - - [18/May/2024:09:53:16 +0800] "GET /xingrg/all/function/internal_message.html?_=1715997196454&CODE_STATE=getMsg HTTP/1.1" 200 27
124.78.156.206 - - [18/May/2024:09:53:24 +0800] "GET /xingrg/kc/buy/cgsh_order_operate.html?command=get_materiel&rest_code=00106&code=00101009140&supplier_code=00100008&order_time=2024-05-18 HTTP/1.1" 200 412
222.67.233.39 - - [18/May/2024:09:53:24 +0800] "GET /xingrg/kc/buy/cgsh_order_operate.html?command=get_materiel&rest_code=00141&code=00101016010&supplier_code=00100096&order_time=2024-05-18 HTTP/1.1" 200 408
116.238.97.31 - - [18/May/2024:09:53:27 +0800] "GET /xingrg/all/function/internal_message.html?_=1715997207452&CODE_STATE=getMsg HTTP/1.1" 200 27
116.235.244.24 - - [18/May/2024:09:53:28 +0800] "GET /xingrg/all/function/internal_message.html?_=1715997230090&CODE_STATE=getMsg HTTP/1.1" 200 27
222.70.183.82 - - [18/May/2024:09:53:32 +0800] "GET /xingrg/all/function/internal_message.html?_=1715997212071&CODE_STATE=getMsg HTTP/1.1" 200 27
101.83.144.49 - - [18/May/2024:09:53:34 +0800] "GET /xingrg/all/function/internal_message.html?_=1715996960984&CODE_STATE=getMsg HTTP/1.1" 200 27
222.67.233.39 - - [18/May/2024:09:53:39 +0800] "GET /xingrg/kc/buy/cgsh_order_operate.html?command=get_materiel&rest_code=00141&code=00101016030&supplier_code=00100096&order_time=2024-05-18 HTTP/1.1" 200 412
222.69.133.140 - - [18/May/2024:09:53:40 +0800] "GET /xingrg/login.html HTTP/1.1" 200 7641
222.69.133.140 - - [18/May/2024:09:53:40 +0800] "GET /favicon.ico HTTP/1.1" 404 -
124.78.156.206 - - [18/May/2024:09:53:41 +0800] "GET /xingrg/check_reg.html?_=1715997212921 HTTP/1.1" 200 22
124.78.156.206 - - [18/May/2024:09:53:41 +0800] "GET /xingrg/all/function/internal_message.html?_=1715997212939&CODE_STATE=getMsg HTTP/1.1" 200 27
180.156.239.18 - - [18/May/2024:09:53:42 +0800] "GET /xingrg/all/function/internal_message.html?_=1715997222023&CODE_STATE=getMsg HTTP/1.1" 200 27
120.253.135.82 - - [18/May/2024:09:53:46 +0800] "GET /xingrg/all/function/internal_message.html?_=1715997077617&CODE_STATE=getMsg HTTP/1.1" 200 27
222.69.133.140 - - [18/May/2024:09:53:48 +0800] "POST /xingrg/login.do HTTP/1.1" 302 -
222.69.133.140 - - [18/May/2024:09:53:48 +0800] "GET /xingrg/index.html?sysBaseUrl=http%3A%2F%2F180.169.147.146%3A18081%2Fxingrg%2F&costTime=1588×tamp=1715997228793 HTTP/1.1" 200 17179
222.69.133.140 - - [18/May/2024:09:53:49 +0800] "GET /favicon.ico HTTP/1.1" 404 -
222.69.133.140 - - [18/May/2024:09:53:49 +0800] "GET /xingrg/check_reg.html?_=1715997230295 HTTP/1.1" 200 22
222.69.133.140 - - [18/May/2024:09:53:49 +0800] "POST /xingrg/all/common/load_tree.html?tree=area_rest_tree_json&manage=1 HTTP/1.1" 200 351
222.69.133.140 - - [18/May/2024:09:53:49 +0800] "GET /xingrg/all/function/internal_message.html?_=1715997230294&CODE_STATE=count HTTP/1.1" 200 11
222.69.133.140 - - [18/May/2024:09:53:49 +0800] "POST /xingrg/load_menu.html HTTP/1.1" 200 5138
101.80.230.31 - - [18/May/2024:09:53:51 +0800] "POST /xingrg/kc/buy/cgsh_order_operate.html HTTP/1.1" 200 37
124.78.156.206 - - [18/May/2024:09:53:55 +0800] "POST /xingrg/kc/buy/cgsh_order_operate.html HTTP/1.1" 200 37
120.253.135.82 - - [18/May/2024:09:53:56 +0800] "POST /xingrg/all/common/load_combo.html?type=employee HTTP/1.1" 200 1834
114.83.217.213 - - [18/May/2024:09:53:59 +0800] "GET /xingrg/all/function/internal_message.html?_=1715997235751&CODE_STATE=getMsg HTTP/1.1" 200 27
124.78.156.206 - - [18/May/2024:09:54:00 +0800] "POST /xingrg/kc/buy/cgsh_order_operate.html HTTP/1.1" 200 10947
120.253.135.82 - - [18/May/2024:09:54:01 +0800] "POST /xingrg/all/common/load_combo.html?type=base HTTP/1.1" 200 1169
114.83.217.213 - - [18/May/2024:09:54:03 +0800] "GET /xingrg/kc/buy/cgsh_order_operate.html?command=get_materiel&rest_code=00149&code=00101006240&supplier_code=00100096&order_time=2024-05-18 HTTP/1.1" 200 424
120.253.135.82 - - [18/May/2024:09:54:06 +0800] "POST /xingrg/kc/pszx/mdth_order_new_info.html HTTP/1.1" 200 37
120.253.135.82 - - [18/May/2024:09:54:08 +0800] "POST /xingrg/kc/pszx/mdth_order_new_info.html HTTP/1.1" 200 615
101.83.144.49 - - [18/May/2024:09:54:12 +0800] "GET /xingrg/all/function/internal_message.html?_=1715997252268&CODE_STATE=getMsg HTTP/1.1" 200 27
120.253.135.82 - - [18/May/2024:09:54:13 +0800] "GET /xingrg/kc/print/load_config.html?kc_code=mdth HTTP/1.1" 200 3088
101.80.230.31 - - [18/May/2024:09:54:14 +0800] "GET /xingrg/all/function/internal_message.html?_=1715997264046&CODE_STATE=getMsg HTTP/1.1" 200 27
120.253.135.82 - - [18/May/2024:09:54:14 +0800] "GET /xingrg/kc/print/load_data.html?order_code=322024051800008&kc_code=mdth&condition= HTTP/1.1" 200 852
222.67.233.39 - - [18/May/2024:09:54:14 +0800] "GET /xingrg/kc/buy/cgsh_order_operate.html?command=get_materiel&rest_code=00141&code=00101001299&supplier_code=00100096&order_time=2024-05-18 HTTP/1.1" 200 415
124.78.156.206 - - [18/May/2024:09:54:14 +0800] "GET /xingrg/kc/buy/cgsh_order_operate.html?command=get_materiel&rest_code=00106&code=00101008223&supplier_code=00100008&order_time=2024-05-18 HTTP/1.1" 200 412
101.80.230.31 - - [18/May/2024:09:54:15 +0800] "POST /xingrg/kc/buy/cgsh_order_operate.html HTTP/1.1" 200 3263
180.164.6.225 - - [18/May/2024:09:54:15 +0800] "GET /xingrg/all/function/internal_message.html?_=1715997253845&CODE_STATE=getMsg HTTP/1.1" 200 27
180.164.6.225 - - [18/May/2024:09:54:15 +0800] "GET /xingrg/check_reg.html?_=1715997253848 HTTP/1.1" 200 22
222.67.233.39 - - [18/May/2024:09:54:16 +0800] "GET /xingrg/all/function/internal_message.html?_=1715997256423&CODE_STATE=getMsg HTTP/1.1" 200 27
116.238.97.31 - - [18/May/2024:09:54:27 +0800] "GET /xingrg/check_reg.html?_=1715997267449 HTTP/1.1" 200 22
116.238.97.31 - - [18/May/2024:09:54:27 +0800] "GET /xingrg/all/function/internal_message.html?_=1715997267451&CODE_STATE=getMsg HTTP/1.1" 200 27
116.235.244.24 - - [18/May/2024:09:54:28 +0800] "GET /xingrg/all/function/internal_message.html?_=1715997290114&CODE_STATE=getMsg HTTP/1.1" 200 27
124.78.156.206 - - [18/May/2024:09:54:28 +0800] "GET /xingrg/kc/buy/cgsh_order_operate.html?command=get_materiel&rest_code=00106&code=00101008150&supplier_code=00100008&order_time=2024-05-18 HTTP/1.1" 200 409
222.70.183.82 - - [18/May/2024:09:54:32 +0800] "GET /xingrg/check_reg.html?_=1715997272074 HTTP/1.1" 200 22
222.70.183.82 - - [18/May/2024:09:54:32 +0800] "GET /xingrg/all/function/internal_message.html?_=1715997272081&CODE_STATE=getMsg HTTP/1.1" 200 27
101.80.230.31 - - [18/May/2024:09:54:33 +0800] "GET /xingrg/kc/print/load_config.html?kc_code=cgsh HTTP/1.1" 200 1927
101.80.230.31 - - [18/May/2024:09:54:34 +0800] "GET /xingrg/kc/print/load_data.html?order_code=212024051805025&kc_code=cgsh&condition= HTTP/1.1" 200 910
101.83.144.49 - - [18/May/2024:09:54:34 +0800] "GET /xingrg/check_reg.html?_=1715997020986 HTTP/1.1" 200 22
222.69.133.140 - - [18/May/2024:09:54:34 +0800] "GET /xingrg/kc/base/wldb_order_list.html HTTP/1.1" 200 19180
101.83.144.49 - - [18/May/2024:09:54:34 +0800] "GET /xingrg/all/function/internal_message.html?_=1715997020989&CODE_STATE=getMsg HTTP/1.1" 200 27
222.69.133.140 - - [18/May/2024:09:54:35 +0800] "POST /xingrg/kc/base/wldb_list_operate.html HTTP/1.1" 200 928
222.67.233.39 - - [18/May/2024:09:54:36 +0800] "GET /xingrg/kc/buy/cgsh_order_operate.html?command=get_materiel&rest_code=00141&code=00101006067&supplier_code=00100096&order_time=2024-05-18 HTTP/1.1" 200 409
124.78.156.206 - - [18/May/2024:09:54:37 +0800] "GET /xingrg/kc/buy/cgsh_order_operate.html?command=get_materiel&rest_code=00106&code=00101008168&supplier_code=00100008&order_time=2024-05-18 HTTP/1.1" 200 412
124.78.156.206 - - [18/May/2024:09:54:41 +0800] "GET /xingrg/all/function/internal_message.html?_=1715997272962&CODE_STATE=getMsg HTTP/1.1" 200 27
222.69.133.140 - - [18/May/2024:09:54:42 +0800] "GET /xingrg/kc/base/wldb_order_add.html HTTP/1.1" 200 30668
222.69.133.140 - - [18/May/2024:09:54:42 +0800] "GET /xingrg/words/20240517155125_words.js HTTP/1.1" 200 1025236
222.69.133.140 - - [18/May/2024:09:54:42 +0800] "POST /xingrg/kc/base/wldb_order_operate.html HTTP/1.1" 200 6806
222.69.133.140 - - [18/May/2024:09:54:42 +0800] "GET /xingrg/javascript/easyui/themes/default/validatebox.css HTTP/1.1" 404 1104
222.69.133.140 - - [18/May/2024:09:54:42 +0800] "GET /xingrg/all/common/auto_word.html?type=base&rest_code=00154 HTTP/1.1" 200 831
222.69.133.140 - - [18/May/2024:09:54:42 +0800] "GET /xingrg/all/common/auto_word.html?type=base&rest_code=00154 HTTP/1.1" 200 831
101.80.230.31 - - [18/May/2024:09:54:42 +0800] "GET /xingrg/kc/buy/cgsh_order_add.html HTTP/1.1" 200 74672
101.80.230.31 - - [18/May/2024:09:54:43 +0800] "POST /xingrg/kc/buy/cgsh_order_operate.html HTTP/1.1" 200 8245
101.80.230.31 - - [18/May/2024:09:54:43 +0800] "GET /xingrg/javascript/easyui/themes/default/validatebox.css HTTP/1.1" 404 1104
101.80.230.31 - - [18/May/2024:09:54:43 +0800] "GET /xingrg/all/common/auto_word.html?type=employee&rest_code=00156 HTTP/1.1" 200 47
101.80.230.31 - - [18/May/2024:09:54:43 +0800] "GET /xingrg/all/common/auto_word.html?type=employee&rest_code=00156 HTTP/1.1" 200 47
101.80.230.31 - - [18/May/2024:09:54:44 +0800] "GET /xingrg/javascript/jquery_tools/images/prev.gif HTTP/1.1" 404 1086
101.80.230.31 - - [18/May/2024:09:54:44 +0800] "GET /xingrg/javascript/jquery_tools/images/next.gif HTTP/1.1" 404 1086
124.78.156.206 - - [18/May/2024:09:54:44 +0800] "GET /xingrg/kc/buy/cgsh_order_operate.html?command=get_materiel&rest_code=00106&code=00101008041&supplier_code=00100008&order_time=2024-05-18 HTTP/1.1" 200 408
120.253.135.82 - - [18/May/2024:09:54:46 +0800] "GET /xingrg/all/function/internal_message.html?_=1715997137632&CODE_STATE=getMsg HTTP/1.1" 200 27
124.78.156.206 - - [18/May/2024:09:54:46 +0800] "POST /xingrg/kc/buy/cgsh_order_operate.html HTTP/1.1" 200 2065
114.83.217.213 - - [18/May/2024:09:54:47 +0800] "GET /xingrg/kc/buy/cgsh_order_operate.html?command=get_materiel&rest_code=00149&code=00101006111&supplier_code=00100096&order_time=2024-05-18 HTTP/1.1" 200 411
222.69.133.140 - - [18/May/2024:09:54:49 +0800] "GET /xingrg/all/function/internal_message.html?_=1715997290315&CODE_STATE=getMsg HTTP/1.1" 200 27
101.80.230.31 - - [18/May/2024:09:54:52 +0800] "GET /xingrg/kc/buy/cgsh_order_operate.html?command=get_materiel&rest_code=00156&code=00101008636&supplier_code=00100487&order_time=2024-05-17 HTTP/1.1" 200 421
124.78.156.206 - - [18/May/2024:09:54:53 +0800] "GET /xingrg/kc/buy/cgsh_order_operate.html?command=get_materiel&rest_code=00106&code=00101008095&supplier_code=00100008&order_time=2024-05-18 HTTP/1.1" 200 412
114.83.217.213 - - [18/May/2024:09:54:59 +0800] "GET /xingrg/all/function/internal_message.html?_=1715997295745&CODE_STATE=getMsg HTTP/1.1" 200 27
114.83.217.213 - - [18/May/2024:09:55:00 +0800] "GET /xingrg/kc/buy/cgsh_order_operate.html?command=get_materiel&rest_code=00149&code=00101006112&supplier_code=00100096&order_time=2024-05-18 HTTP/1.1" 200 411
101.80.230.31 - - [18/May/2024:09:55:04 +0800] "POST /xingrg/kc/buy/cgsh_order_operate.html HTTP/1.1" 200 37
101.80.230.31 - - [18/May/2024:09:55:05 +0800] "GET /xingrg/all/function/internal_message.html?_=1715997314910&CODE_STATE=getMsg HTTP/1.1" 200 27
101.80.230.31 - - [18/May/2024:09:55:06 +0800] "POST /xingrg/kc/buy/cgsh_order_operate.html HTTP/1.1" 200 2666
222.67.233.39 - - [18/May/2024:09:55:06 +0800] "GET /xingrg/kc/buy/cgsh_order_operate.html?command=get_materiel&rest_code=00141&code=00101018007&supplier_code=00100096&order_time=2024-05-18 HTTP/1.1" 200 409
101.80.230.31 - - [18/May/2024:09:55:08 +0800] "GET /xingrg/kc/print/load_config.html?kc_code=cgsh HTTP/1.1" 200 1927
101.80.230.31 - - [18/May/2024:09:55:08 +0800] "GET /xingrg/kc/print/load_data.html?order_code=212024051805026&kc_code=cgsh&condition= HTTP/1.1" 200 679
101.83.144.49 - - [18/May/2024:09:55:12 +0800] "GET /xingrg/all/function/internal_message.html?_=1715997312270&CODE_STATE=getMsg HTTP/1.1" 200 27
101.80.230.31 - - [18/May/2024:09:55:12 +0800] "GET /xingrg/kc/buy/cgsh_order_add.html HTTP/1.1" 200 74672
101.80.230.31 - - [18/May/2024:09:55:12 +0800] "POST /xingrg/kc/buy/cgsh_order_operate.html HTTP/1.1" 200 8245
101.80.230.31 - - [18/May/2024:09:55:12 +0800] "GET /xingrg/javascript/easyui/themes/default/validatebox.css HTTP/1.1" 404 1104
101.80.230.31 - - [18/May/2024:09:55:12 +0800] "GET /xingrg/all/common/auto_word.html?type=employee&rest_code=00156 HTTP/1.1" 200 47
101.80.230.31 - - [18/May/2024:09:55:12 +0800] "GET /xingrg/all/common/auto_word.html?type=employee&rest_code=00156 HTTP/1.1" 200 47
101.80.230.31 - - [18/May/2024:09:55:14 +0800] "GET /xingrg/javascript/jquery_tools/images/prev.gif HTTP/1.1" 404 1086
101.80.230.31 - - [18/May/2024:09:55:14 +0800] "GET /xingrg/javascript/jquery_tools/images/next.gif HTTP/1.1" 404 1086
180.164.6.225 - - [18/May/2024:09:55:15 +0800] "GET /xingrg/all/function/internal_message.html?_=1715997313851&CODE_STATE=getMsg HTTP/1.1" 200 27
222.67.233.39 - - [18/May/2024:09:55:16 +0800] "GET /xingrg/all/function/internal_message.html?_=1715997316415&CODE_STATE=getMsg HTTP/1.1" 200 27
222.67.233.39 - - [18/May/2024:09:55:19 +0800] "GET /xingrg/kc/buy/cgsh_order_operate.html?command=get_materiel&rest_code=00141&code=00101011005&supplier_code=00100096&order_time=2024-05-18 HTTP/1.1" 200 430
222.69.133.140 - - [18/May/2024:09:55:19 +0800] "GET /xingrg/css/images/panel_loading.gif HTTP/1.1" 200 1737
222.69.133.140 - - [18/May/2024:09:55:19 +0800] "POST /xingrg/all/common/load_combo.html?type=base HTTP/1.1" 200 1491
101.80.230.31 - - [18/May/2024:09:55:21 +0800] "GET /xingrg/kc/buy/cgsh_order_operate.html?command=get_materiel&rest_code=00156&code=00101007032&supplier_code=00100328&order_time=2024-05-17 HTTP/1.1" 200 412
222.69.133.140 - - [18/May/2024:09:55:22 +0800] "POST /xingrg/all/common/load_combo.html?type=base HTTP/1.1" 200 1491
116.238.97.31 - - [18/May/2024:09:55:27 +0800] "GET /xingrg/all/function/internal_message.html?_=1715997327448&CODE_STATE=getMsg HTTP/1.1" 200 27
114.83.217.213 - - [18/May/2024:09:55:28 +0800] "GET /xingrg/kc/buy/cgsh_order_operate.html?command=get_materiel&rest_code=00149&code=00101006055&supplier_code=00100096&order_time=2024-05-18 HTTP/1.1" 200 411
116.235.244.24 - - [18/May/2024:09:55:28 +0800] "GET /xingrg/all/function/internal_message.html?_=1715997350117&CODE_STATE=getMsg HTTP/1.1" 200 27
101.80.230.31 - - [18/May/2024:09:55:30 +0800] "GET /xingrg/kc/buy/cgsh_order_operate.html?command=get_materiel&rest_code=00156&code=00101007085&supplier_code=00100328&order_time=2024-05-17 HTTP/1.1" 200 413
222.70.183.82 - - [18/May/2024:09:55:32 +0800] "GET /xingrg/all/function/internal_message.html?_=1715997332067&CODE_STATE=getMsg HTTP/1.1" 200 27
101.83.144.49 - - [18/May/2024:09:55:34 +0800] "GET /xingrg/all/function/internal_message.html?_=1715997080989&CODE_STATE=getMsg HTTP/1.1" 200 27
120.253.135.82 - - [18/May/2024:09:55:35 +0800] "GET /xingrg/check_reg.html?_=1715997186773 HTTP/1.1" 200 22
101.80.230.31 - - [18/May/2024:09:55:41 +0800] "POST /xingrg/kc/buy/cgsh_order_operate.html HTTP/1.1" 200 37
124.78.156.206 - - [18/May/2024:09:55:41 +0800] "GET /xingrg/all/function/internal_message.html?_=1715997332909&CODE_STATE=getMsg HTTP/1.1" 200 27
124.78.156.206 - - [18/May/2024:09:55:42 +0800] "GET /xingrg/kc/buy/cgsh_order_operate.html?command=get_materiel&rest_code=00106&code=00101008361&supplier_code=00100008&order_time=2024-05-18 HTTP/1.1" 200 408
101.80.230.31 - - [18/May/2024:09:55:43 +0800] "POST /xingrg/kc/buy/cgsh_order_operate.html HTTP/1.1" 200 2658
114.83.217.213 - - [18/May/2024:09:55:43 +0800] "GET /xingrg/kc/buy/cgsh_order_operate.html?command=get_materiel&rest_code=00149&code=00101006065&supplier_code=00100096&order_time=2024-05-18 HTTP/1.1" 200 410
101.80.230.31 - - [18/May/2024:09:55:43 +0800] "GET /xingrg/kc/print/load_config.html?kc_code=cgsh HTTP/1.1" 200 1927
101.80.230.31 - - [18/May/2024:09:55:44 +0800] "GET /xingrg/kc/print/load_data.html?order_code=212024051805027&kc_code=cgsh&condition= HTTP/1.1" 200 671
120.253.135.82 - - [18/May/2024:09:55:46 +0800] "GET /xingrg/all/function/internal_message.html?_=1715997197801&CODE_STATE=getMsg HTTP/1.1" 200 27
101.80.230.31 - - [18/May/2024:09:55:48 +0800] "GET /xingrg/kc/buy/cgsh_order_add.html HTTP/1.1" 200 74672
101.80.230.31 - - [18/May/2024:09:55:48 +0800] "POST /xingrg/kc/buy/cgsh_order_operate.html HTTP/1.1" 200 8245
101.80.230.31 - - [18/May/2024:09:55:48 +0800] "GET /xingrg/javascript/easyui/themes/default/validatebox.css HTTP/1.1" 404 1104
101.80.230.31 - - [18/May/2024:09:55:48 +0800] "GET /xingrg/all/common/auto_word.html?type=employee&rest_code=00156 HTTP/1.1" 200 47
101.80.230.31 - - [18/May/2024:09:55:48 +0800] "GET /xingrg/all/common/auto_word.html?type=employee&rest_code=00156 HTTP/1.1" 200 47
222.69.133.140 - - [18/May/2024:09:55:49 +0800] "GET /xingrg/all/function/internal_message.html?_=1715997350306&CODE_STATE=getMsg HTTP/1.1" 200 27
101.80.230.31 - - [18/May/2024:09:55:50 +0800] "GET /xingrg/javascript/jquery_tools/images/prev.gif HTTP/1.1" 404 1086
101.80.230.31 - - [18/May/2024:09:55:50 +0800] "GET /xingrg/javascript/jquery_tools/images/next.gif HTTP/1.1" 404 1086
222.69.133.140 - - [18/May/2024:09:55:51 +0800] "GET /xingrg/javascript/auto/indicator.gif HTTP/1.1" 404 1066
124.78.156.206 - - [18/May/2024:09:55:51 +0800] "GET /xingrg/kc/buy/cgsh_order_operate.html?command=get_materiel&rest_code=00106&code=00101008061&supplier_code=00100008&order_time=2024-05-18 HTTP/1.1" 200 422
120.253.135.82 - - [18/May/2024:09:55:57 +0800] "POST /xingrg/kc/pszx/mdth_order_new_info.html HTTP/1.1" 200 37
101.80.230.31 - - [18/May/2024:09:55:58 +0800] "GET /xingrg/kc/buy/cgsh_order_operate.html?command=get_materiel&rest_code=00156&code=00101004046&supplier_code=00100312&order_time=2024-05-17 HTTP/1.1" 200 417
120.253.135.82 - - [18/May/2024:09:55:59 +0800] "POST /xingrg/kc/pszx/mdth_order_new_info.html HTTP/1.1" 200 615
114.83.217.213 - - [18/May/2024:09:55:59 +0800] "GET /xingrg/all/function/internal_message.html?_=1715997355733&CODE_STATE=getMsg HTTP/1.1" 200 27
124.78.156.206 - - [18/May/2024:09:56:00 +0800] "POST /xingrg/kc/buy/cgsh_order_operate.html HTTP/1.1" 200 2065
120.253.135.82 - - [18/May/2024:09:56:02 +0800] "POST /xingrg/kc/pszx/mdth_order_new_info.html HTTP/1.1" 200 12
114.83.217.213 - - [18/May/2024:09:56:03 +0800] "GET /xingrg/kc/buy/cgsh_order_operate.html?command=get_materiel&rest_code=00149&code=00101007049&supplier_code=00100096&order_time=2024-05-18 HTTP/1.1" 200 409
222.67.233.39 - - [18/May/2024:09:56:04 +0800] "GET /xingrg/kc/buy/cgsh_order_operate.html?command=get_materiel&rest_code=00141&code=00101007085&supplier_code=00100096&order_time=2024-05-18 HTTP/1.1" 200 413
101.80.230.31 - - [18/May/2024:09:56:04 +0800] "GET /xingrg/all/function/internal_message.html?_=1715997374846&CODE_STATE=getMsg HTTP/1.1" 200 27
120.253.135.82 - - [18/May/2024:09:56:04 +0800] "GET /xingrg/kc/pszx/mdth_order_info.html?code=322024051800008 HTTP/1.1" 200 20556
101.80.230.31 - - [18/May/2024:09:56:06 +0800] "GET /xingrg/kc/buy/cgsh_order_operate.html?command=get_materiel&rest_code=00156&code=00101004103&supplier_code=00100312&order_time=2024-05-17 HTTP/1.1" 200 413
120.253.135.82 - - [18/May/2024:09:56:06 +0800] "GET /xingrg/javascript/easyui/themes/default/validatebox.css HTTP/1.1" 404 1104
120.253.135.82 - - [18/May/2024:09:56:06 +0800] "POST /xingrg/kc/pszx/mdth_order_new_info.html HTTP/1.1" 200 615
222.69.133.140 - - [18/May/2024:09:56:09 +0800] "GET /xingrg/kc/base/wldb_order_operate.html?command=get_materiel&rest_code=00154&base_code=0010724&code=00101019222 HTTP/1.1" 200 454
120.253.135.82 - - [18/May/2024:09:56:11 +0800] "GET /xingrg/kc/pszx/mdth_order_info.html?code=322024051800008 HTTP/1.1" 200 20556
114.83.217.213 - - [18/May/2024:09:56:11 +0800] "GET /xingrg/kc/buy/cgsh_order_operate.html?command=get_materiel&rest_code=00149&code=00101007060&supplier_code=00100096&order_time=2024-05-18 HTTP/1.1" 200 409
120.253.135.82 - - [18/May/2024:09:56:11 +0800] "GET /xingrg/javascript/easyui/themes/default/validatebox.css HTTP/1.1" 404 1104
120.253.135.82 - - [18/May/2024:09:56:11 +0800] "POST /xingrg/kc/pszx/mdth_order_new_info.html HTTP/1.1" 200 615
101.83.144.49 - - [18/May/2024:09:56:12 +0800] "GET /xingrg/check_reg.html?_=1715997372271 HTTP/1.1" 200 22
101.83.144.49 - - [18/May/2024:09:56:12 +0800] "GET /xingrg/all/function/internal_message.html?_=1715997372275&CODE_STATE=getMsg HTTP/1.1" 200 27
124.78.156.206 - - [18/May/2024:09:56:12 +0800] "GET /xingrg/kc/buy/cgsh_order_operate.html?command=get_materiel&rest_code=00106&code=00101008704&supplier_code=00100008&order_time=2024-05-18 HTTP/1.1" 200 409
120.253.135.82 - - [18/May/2024:09:56:14 +0800] "POST /xingrg/kc/pszx/mdth_order_new_list.html HTTP/1.1" 200 4737
180.164.6.225 - - [18/May/2024:09:56:15 +0800] "GET /xingrg/all/function/internal_message.html?_=1715997373847&CODE_STATE=getMsg HTTP/1.1" 200 27
222.67.233.39 - - [18/May/2024:09:56:16 +0800] "GET /xingrg/check_reg.html?_=1715997376430 HTTP/1.1" 200 22
222.67.233.39 - - [18/May/2024:09:56:16 +0800] "GET /xingrg/all/function/internal_message.html?_=1715997376435&CODE_STATE=getMsg HTTP/1.1" 200 27
222.69.133.140 - - [18/May/2024:09:56:17 +0800] "GET /xingrg/kc/base/wldb_order_operate.html?command=get_materiel&rest_code=00154&base_code=0010724&code=00101019184 HTTP/1.1" 200 458
101.80.230.31 - - [18/May/2024:09:56:19 +0800] "POST /xingrg/kc/buy/cgsh_order_operate.html HTTP/1.1" 200 37
101.80.230.31 - - [18/May/2024:09:56:20 +0800] "POST /xingrg/kc/buy/cgsh_order_operate.html HTTP/1.1" 200 3258
114.83.217.213 - - [18/May/2024:09:56:21 +0800] "GET /xingrg/kc/buy/cgsh_order_operate.html?command=get_materiel&rest_code=00149&code=00101007116&supplier_code=00100096&order_time=2024-05-18 HTTP/1.1" 200 421
101.80.230.31 - - [18/May/2024:09:56:21 +0800] "GET /xingrg/kc/print/load_config.html?kc_code=cgsh HTTP/1.1" 200 1927
101.80.230.31 - - [18/May/2024:09:56:22 +0800] "GET /xingrg/kc/print/load_data.html?order_code=212024051805028&kc_code=cgsh&condition= HTTP/1.1" 200 910
124.78.156.206 - - [18/May/2024:09:56:23 +0800] "GET /xingrg/kc/buy/cgsh_order_operate.html?command=get_materiel&rest_code=00106&code=00101009044&supplier_code=00100008&order_time=2024-05-18 HTTP/1.1" 200 412
101.80.230.31 - - [18/May/2024:09:56:26 +0800] "GET /xingrg/kc/buy/cgsh_order_add.html HTTP/1.1" 200 74672
