114.83.217.213 - - [18/May/2024:10:13:28 +0800] "GET /xingrg/kc/buy/cgsh_order_add.html HTTP/1.1" 200 74681
116.235.244.24 - - [18/May/2024:10:13:28 +0800] "GET /xingrg/all/function/internal_message.html?_=1715998430378&CODE_STATE=getMsg HTTP/1.1" 200 27
114.83.217.213 - - [18/May/2024:10:13:28 +0800] "POST /xingrg/kc/buy/cgsh_order_operate.html HTTP/1.1" 200 8245
114.83.217.213 - - [18/May/2024:10:13:29 +0800] "GET /xingrg/javascript/easyui/themes/default/validatebox.css HTTP/1.1" 404 1104
101.83.144.49 - - [18/May/2024:10:13:29 +0800] "POST /xingrg/login.do HTTP/1.1" 200 2421
101.83.144.49 - - [18/May/2024:10:13:29 +0800] "GET /favicon.ico HTTP/1.1" 404 -
101.83.144.49 - - [18/May/2024:10:13:30 +0800] "GET /xingrg/login.html HTTP/1.1" 200 7641
101.83.144.49 - - [18/May/2024:10:13:30 +0800] "GET /favicon.ico HTTP/1.1" 404 -
101.83.144.49 - - [18/May/2024:10:13:31 +0800] "POST /xingrg/login.do HTTP/1.1" 302 -
101.83.144.49 - - [18/May/2024:10:13:31 +0800] "GET /xingrg/index.html?sysBaseUrl=http%3A%2F%2F180.169.147.146%3A18081%2Fxingrg%2F&costTime=833×tamp=1715998411844 HTTP/1.1" 200 17173
101.83.144.49 - - [18/May/2024:10:13:31 +0800] "GET /favicon.ico HTTP/1.1" 404 -
101.83.144.49 - - [18/May/2024:10:13:32 +0800] "GET /xingrg/all/function/internal_message.html?_=1715998412276&CODE_STATE=count HTTP/1.1" 200 11
101.83.144.49 - - [18/May/2024:10:13:32 +0800] "GET /xingrg/check_reg.html?_=1715998412277 HTTP/1.1" 200 22
222.70.183.82 - - [18/May/2024:10:13:32 +0800] "GET /xingrg/all/function/internal_message.html?_=1715998412089&CODE_STATE=getMsg HTTP/1.1" 200 27
101.83.144.49 - - [18/May/2024:10:13:32 +0800] "POST /xingrg/all/common/load_tree.html?tree=area_rest_tree_json&manage=1 HTTP/1.1" 200 4010
101.83.144.49 - - [18/May/2024:10:13:32 +0800] "POST /xingrg/load_menu.html HTTP/1.1" 200 5138
101.83.144.49 - - [18/May/2024:10:13:34 +0800] "GET /xingrg/all/function/internal_message.html?_=1715998161013&CODE_STATE=getMsg HTTP/1.1" 200 27
101.83.144.49 - - [18/May/2024:10:13:35 +0800] "GET /xingrg/kc/buy/cgsh_order_list.html HTTP/1.1" 200 58780
101.83.144.49 - - [18/May/2024:10:13:41 +0800] "POST /xingrg/kc/buy/cgsh_list_operate.html HTTP/1.1" 200 1646
120.253.135.82 - - [18/May/2024:10:13:47 +0800] "GET /xingrg/all/function/internal_message.html?_=1715998278796&CODE_STATE=getMsg HTTP/1.1" 200 27
101.83.144.49 - - [18/May/2024:10:13:48 +0800] "GET /xingrg/kc/buy/cgsh_order_operate.html?command=get_materiel&rest_code=00105&code=00101008049&supplier_code=00100008&order_time=2024-05-18 HTTP/1.1" 200 408
222.69.133.140 - - [18/May/2024:10:13:49 +0800] "GET /xingrg/all/function/internal_message.html?_=1715998430308&CODE_STATE=getMsg HTTP/1.1" 200 27
222.69.133.140 - - [18/May/2024:10:13:49 +0800] "GET /xingrg/check_reg.html?_=1715998430310 HTTP/1.1" 200 22
114.83.217.213 - - [18/May/2024:10:13:49 +0800] "GET /xingrg/kc/buy/cgsh_order_operate.html?command=get_materiel&rest_code=00149&code=00101009109&supplier_code=00100201&order_time=2024-05-18 HTTP/1.1" 200 413
114.83.217.213 - - [18/May/2024:10:13:57 +0800] "GET /xingrg/kc/buy/cgsh_order_operate.html?command=get_materiel&rest_code=00149&code=00101009011&supplier_code=00100201&order_time=2024-05-18 HTTP/1.1" 200 416
114.83.217.213 - - [18/May/2024:10:13:59 +0800] "GET /xingrg/all/function/internal_message.html?_=1715998435785&CODE_STATE=getMsg HTTP/1.1" 200 27
101.83.144.49 - - [18/May/2024:10:14:05 +0800] "POST /xingrg/kc/buy/cgsh_list_operate.html HTTP/1.1" 200 572
114.83.217.213 - - [18/May/2024:10:14:06 +0800] "GET /xingrg/kc/buy/cgsh_order_operate.html?command=get_materiel&rest_code=00149&code=00101009062&supplier_code=00100201&order_time=2024-05-18 HTTP/1.1" 200 414
101.83.144.49 - - [18/May/2024:10:14:06 +0800] "GET /xingrg/kc/buy/cgsh_order_operate.html?command=get_materiel&rest_code=00105&code=00101008003&supplier_code=00100008&order_time=2024-05-18 HTTP/1.1" 200 408
101.83.144.49 - - [18/May/2024:10:14:06 +0800] "GET /xingrg/kc/buy/cgsh_order_info.html?code=212024051804996 HTTP/1.1" 200 74643
101.83.144.49 - - [18/May/2024:10:14:06 +0800] "GET /xingrg/javascript/easyui/themes/default/validatebox.css HTTP/1.1" 404 1104
101.83.144.49 - - [18/May/2024:10:14:06 +0800] "GET /xingrg/all/common/auto_word.html?type=employee&rest_code=00105 HTTP/1.1" 200 193
101.83.144.49 - - [18/May/2024:10:14:07 +0800] "GET /xingrg/all/common/auto_word.html?type=employee&rest_code=00105 HTTP/1.1" 200 193
101.83.144.49 - - [18/May/2024:10:14:08 +0800] "POST /xingrg/kc/buy/cgsh_order_operate.html HTTP/1.1" 200 6207
101.83.144.49 - - [18/May/2024:10:14:09 +0800] "GET /xingrg/kc/print/load_config.html?kc_code=cgsh HTTP/1.1" 200 1927
101.80.230.31 - - [18/May/2024:10:14:09 +0800] "GET /xingrg/all/function/internal_message.html?_=1715998459926&CODE_STATE=getMsg HTTP/1.1" 200 27
101.83.144.49 - - [18/May/2024:10:14:10 +0800] "GET /xingrg/kc/print/load_data.html?order_code=212024051804996&kc_code=cgsh&condition= HTTP/1.1" 200 1994
180.164.6.225 - - [18/May/2024:10:14:15 +0800] "GET /xingrg/all/function/internal_message.html?_=1715998453842&CODE_STATE=getMsg HTTP/1.1" 200 27
180.164.6.225 - - [18/May/2024:10:14:15 +0800] "GET /xingrg/check_reg.html?_=1715998453843 HTTP/1.1" 200 22
222.67.233.39 - - [18/May/2024:10:14:16 +0800] "GET /xingrg/all/function/internal_message.html?_=1715998456417&CODE_STATE=getMsg HTTP/1.1" 200 27
116.232.195.13 - - [18/May/2024:10:14:17 +0800] "GET /xingrg/all/function/internal_message.html?_=1715998419397&CODE_STATE=getMsg HTTP/1.1" 200 27
114.83.217.213 - - [18/May/2024:10:14:20 +0800] "GET /xingrg/kc/buy/cgsh_order_operate.html?command=get_materiel&rest_code=00149&code=00101009059&supplier_code=00100201&order_time=2024-05-18 HTTP/1.1" 200 409
116.238.97.31 - - [18/May/2024:10:14:27 +0800] "GET /xingrg/all/function/internal_message.html?_=1715998467454&CODE_STATE=getMsg HTTP/1.1" 200 27
116.238.97.31 - - [18/May/2024:10:14:27 +0800] "GET /xingrg/check_reg.html?_=1715998467456 HTTP/1.1" 200 22
180.156.239.18 - - [18/May/2024:10:14:27 +0800] "GET /xingrg/all/function/internal_message.html?_=1715998467673&CODE_STATE=getMsg HTTP/1.1" 200 27
116.235.244.24 - - [18/May/2024:10:14:28 +0800] "GET /xingrg/all/function/internal_message.html?_=1715998490401&CODE_STATE=getMsg HTTP/1.1" 200 27
101.83.144.49 - - [18/May/2024:10:14:32 +0800] "GET /xingrg/all/function/internal_message.html?_=1715998472295&CODE_STATE=getMsg HTTP/1.1" 200 27
222.70.183.82 - - [18/May/2024:10:14:32 +0800] "GET /xingrg/check_reg.html?_=1715998472104 HTTP/1.1" 200 22
222.70.183.82 - - [18/May/2024:10:14:32 +0800] "GET /xingrg/all/function/internal_message.html?_=1715998472099&CODE_STATE=getMsg HTTP/1.1" 200 27
114.83.217.213 - - [18/May/2024:10:14:34 +0800] "POST /xingrg/kc/buy/cgsh_order_operate.html HTTP/1.1" 200 37
101.83.144.49 - - [18/May/2024:10:14:34 +0800] "GET /xingrg/check_reg.html?_=1715998221010 HTTP/1.1" 200 22
101.83.144.49 - - [18/May/2024:10:14:37 +0800] "GET /xingrg/all/function/internal_message.html?_=1715998221013&CODE_STATE=getMsg HTTP/1.1" 200 27
101.83.144.49 - - [18/May/2024:10:14:39 +0800] "POST /xingrg/kc/buy/cgsh_order_operate.html HTTP/1.1" 200 37
101.83.144.49 - - [18/May/2024:10:14:41 +0800] "POST /xingrg/kc/buy/cgsh_order_operate.html HTTP/1.1" 200 39891
114.83.217.213 - - [18/May/2024:10:14:43 +0800] "POST /xingrg/kc/buy/cgsh_order_operate.html HTTP/1.1" 200 12
114.83.217.213 - - [18/May/2024:10:14:47 +0800] "GET /xingrg/kc/buy/cgsh_order_info.html?code=212024051805039 HTTP/1.1" 200 69552
114.83.217.213 - - [18/May/2024:10:14:47 +0800] "GET /xingrg/javascript/easyui/themes/default/validatebox.css HTTP/1.1" 404 1104
120.253.135.82 - - [18/May/2024:10:14:47 +0800] "GET /xingrg/all/function/internal_message.html?_=1715998338968&CODE_STATE=getMsg HTTP/1.1" 200 27
114.83.217.213 - - [18/May/2024:10:14:48 +0800] "POST /xingrg/kc/buy/cgsh_order_operate.html HTTP/1.1" 200 2384
222.69.133.140 - - [18/May/2024:10:14:49 +0800] "GET /xingrg/all/function/internal_message.html?_=1715998490300&CODE_STATE=getMsg HTTP/1.1" 200 27
114.83.217.213 - - [18/May/2024:10:14:50 +0800] "GET /xingrg/kc/print/load_data.html?order_code=212024051805039&kc_code=cgsh&condition= HTTP/1.1" 200 1392
114.83.217.213 - - [18/May/2024:10:14:55 +0800] "GET /xingrg/kc/buy/cgsh_order_add.html HTTP/1.1" 200 74681
114.83.217.213 - - [18/May/2024:10:14:55 +0800] "POST /xingrg/kc/buy/cgsh_order_operate.html HTTP/1.1" 200 8245
114.83.217.213 - - [18/May/2024:10:14:55 +0800] "GET /xingrg/javascript/easyui/themes/default/validatebox.css HTTP/1.1" 404 1104
114.83.217.213 - - [18/May/2024:10:14:59 +0800] "GET /xingrg/all/function/internal_message.html?_=1715998495768&CODE_STATE=getMsg HTTP/1.1" 200 27
114.83.217.213 - - [18/May/2024:10:15:07 +0800] "GET /xingrg/kc/buy/cgsh_order_operate.html?command=get_materiel&rest_code=00149&code=00101029005&supplier_code=00100019&order_time=2024-05-18 HTTP/1.1" 200 436
101.80.230.31 - - [18/May/2024:10:15:09 +0800] "GET /xingrg/all/function/internal_message.html?_=1715998519931&CODE_STATE=getMsg HTTP/1.1" 200 27
180.164.6.225 - - [18/May/2024:10:15:15 +0800] "GET /xingrg/all/function/internal_message.html?_=1715998513847&CODE_STATE=getMsg HTTP/1.1" 200 27
222.67.233.39 - - [18/May/2024:10:15:16 +0800] "GET /xingrg/all/function/internal_message.html?_=1715998516414&CODE_STATE=getMsg HTTP/1.1" 200 27
116.232.195.13 - - [18/May/2024:10:15:17 +0800] "GET /xingrg/check_reg.html?_=1715998479411 HTTP/1.1" 200 22
116.232.195.13 - - [18/May/2024:10:15:17 +0800] "GET /xingrg/all/function/internal_message.html?_=1715998479414&CODE_STATE=getMsg HTTP/1.1" 200 27
114.83.217.213 - - [18/May/2024:10:15:22 +0800] "GET /xingrg/kc/buy/cgsh_order_operate.html?command=get_materiel&rest_code=00149&code=00101028011&supplier_code=00100019&order_time=2024-05-18 HTTP/1.1" 200 454
116.238.97.31 - - [18/May/2024:10:15:27 +0800] "GET /xingrg/all/function/internal_message.html?_=1715998527444&CODE_STATE=getMsg HTTP/1.1" 200 27
180.156.239.18 - - [18/May/2024:10:15:27 +0800] "GET /xingrg/all/function/internal_message.html?_=1715998527658&CODE_STATE=getMsg HTTP/1.1" 200 27
116.235.244.24 - - [18/May/2024:10:15:28 +0800] "GET /xingrg/all/function/internal_message.html?_=1715998550405&CODE_STATE=getMsg HTTP/1.1" 200 27
101.83.144.49 - - [18/May/2024:10:15:32 +0800] "GET /xingrg/all/function/internal_message.html?_=1715998532290&CODE_STATE=getMsg HTTP/1.1" 200 27
222.70.183.82 - - [18/May/2024:10:15:32 +0800] "GET /xingrg/all/function/internal_message.html?_=1715998532093&CODE_STATE=getMsg HTTP/1.1" 200 27
101.83.144.49 - - [18/May/2024:10:15:34 +0800] "GET /xingrg/all/function/internal_message.html?_=1715998281004&CODE_STATE=getMsg HTTP/1.1" 200 27
114.83.217.213 - - [18/May/2024:10:15:35 +0800] "GET /xingrg/kc/buy/cgsh_order_operate.html?command=get_materiel&rest_code=00149&code=00101028076&supplier_code=00100019&order_time=2024-05-18 HTTP/1.1" 200 443
120.253.135.82 - - [18/May/2024:10:15:35 +0800] "GET /xingrg/check_reg.html?_=1715998387153 HTTP/1.1" 200 22
114.83.217.213 - - [18/May/2024:10:15:46 +0800] "GET /xingrg/kc/buy/cgsh_order_operate.html?command=get_materiel&rest_code=00149&code=00101020079&supplier_code=00100019&order_time=2024-05-18 HTTP/1.1" 200 421
120.253.135.82 - - [18/May/2024:10:15:47 +0800] "GET /xingrg/all/function/internal_message.html?_=1715998398978&CODE_STATE=getMsg HTTP/1.1" 200 27
222.69.133.140 - - [18/May/2024:10:15:49 +0800] "GET /xingrg/all/function/internal_message.html?_=1715998550305&CODE_STATE=getMsg HTTP/1.1" 200 27
114.83.217.213 - - [18/May/2024:10:15:59 +0800] "GET /xingrg/all/function/internal_message.html?_=1715998555766&CODE_STATE=getMsg HTTP/1.1" 200 27
114.83.217.213 - - [18/May/2024:10:16:04 +0800] "GET /xingrg/kc/buy/cgsh_order_operate.html?command=get_materiel&rest_code=00149&code=00101028034&supplier_code=00100019&order_time=2024-05-18 HTTP/1.1" 200 443
101.80.230.31 - - [18/May/2024:10:16:09 +0800] "GET /xingrg/all/function/internal_message.html?_=1715998579934&CODE_STATE=getMsg HTTP/1.1" 200 27
180.164.6.225 - - [18/May/2024:10:16:15 +0800] "GET /xingrg/all/function/internal_message.html?_=1715998573854&CODE_STATE=getMsg HTTP/1.1" 200 27
222.67.233.39 - - [18/May/2024:10:16:16 +0800] "GET /xingrg/all/function/internal_message.html?_=1715998576430&CODE_STATE=getMsg HTTP/1.1" 200 27
222.67.233.39 - - [18/May/2024:10:16:16 +0800] "GET /xingrg/check_reg.html?_=1715998576433 HTTP/1.1" 200 22
116.232.195.13 - - [18/May/2024:10:16:17 +0800] "GET /xingrg/all/function/internal_message.html?_=1715998539411&CODE_STATE=getMsg HTTP/1.1" 200 27
114.83.217.213 - - [18/May/2024:10:16:19 +0800] "POST /xingrg/kc/buy/cgsh_order_operate.html HTTP/1.1" 200 37
116.238.97.31 - - [18/May/2024:10:16:27 +0800] "GET /xingrg/all/function/internal_message.html?_=1715998587455&CODE_STATE=getMsg HTTP/1.1" 200 27
180.156.239.18 - - [18/May/2024:10:16:27 +0800] "GET /xingrg/all/function/internal_message.html?_=1715998587644&CODE_STATE=getMsg HTTP/1.1" 200 27
116.235.244.24 - - [18/May/2024:10:16:28 +0800] "GET /xingrg/all/function/internal_message.html?_=1715998610425&CODE_STATE=getMsg HTTP/1.1" 200 27
101.83.144.49 - - [18/May/2024:10:16:32 +0800] "GET /xingrg/all/function/internal_message.html?_=1715998592293&CODE_STATE=getMsg HTTP/1.1" 200 27
222.70.183.82 - - [18/May/2024:10:16:32 +0800] "GET /xingrg/all/function/internal_message.html?_=1715998592098&CODE_STATE=getMsg HTTP/1.1" 200 27
114.83.217.213 - - [18/May/2024:10:16:32 +0800] "POST /xingrg/kc/buy/cgsh_order_operate.html HTTP/1.1" 200 12
101.83.144.49 - - [18/May/2024:10:16:34 +0800] "GET /xingrg/all/function/internal_message.html?_=1715998341004&CODE_STATE=getMsg HTTP/1.1" 200 27
114.83.217.213 - - [18/May/2024:10:16:35 +0800] "GET /xingrg/kc/buy/cgsh_order_info.html?code=212024051805040 HTTP/1.1" 200 69550
114.83.217.213 - - [18/May/2024:10:16:35 +0800] "GET /xingrg/javascript/easyui/themes/default/validatebox.css HTTP/1.1" 404 1104
114.83.217.213 - - [18/May/2024:10:16:36 +0800] "POST /xingrg/kc/buy/cgsh_order_operate.html HTTP/1.1" 200 3091
114.83.217.213 - - [18/May/2024:10:16:38 +0800] "GET /xingrg/kc/print/load_data.html?order_code=212024051805040&kc_code=cgsh&condition= HTTP/1.1" 200 1784
114.83.217.213 - - [18/May/2024:10:16:43 +0800] "GET /xingrg/kc/buy/cgsh_order_add.html HTTP/1.1" 200 74681
114.83.217.213 - - [18/May/2024:10:16:44 +0800] "POST /xingrg/kc/buy/cgsh_order_operate.html HTTP/1.1" 200 8245
114.83.217.213 - - [18/May/2024:10:16:44 +0800] "GET /xingrg/javascript/easyui/themes/default/validatebox.css HTTP/1.1" 404 1104
124.78.156.206 - - [18/May/2024:10:16:45 +0800] "POST /xingrg/kc/buy/cgsh_order_operate.html HTTP/1.1" 200 19808
120.253.135.82 - - [18/May/2024:10:16:47 +0800] "GET /xingrg/all/function/internal_message.html?_=1715998458991&CODE_STATE=getMsg HTTP/1.1" 200 27
222.69.133.140 - - [18/May/2024:10:16:49 +0800] "GET /xingrg/all/function/internal_message.html?_=1715998610308&CODE_STATE=getMsg HTTP/1.1" 200 27
114.83.217.213 - - [18/May/2024:10:16:59 +0800] "GET /xingrg/all/function/internal_message.html?_=1715998615739&CODE_STATE=getMsg HTTP/1.1" 200 27
101.80.230.31 - - [18/May/2024:10:17:09 +0800] "GET /xingrg/all/function/internal_message.html?_=1715998639933&CODE_STATE=getMsg HTTP/1.1" 200 27
116.235.244.24 - - [18/May/2024:10:17:11 +0800] "GET /xingrg/check_reg.html?_=1715998652903 HTTP/1.1" 200 22
180.164.6.225 - - [18/May/2024:10:17:15 +0800] "GET /xingrg/all/function/internal_message.html?_=1715998633853&CODE_STATE=getMsg HTTP/1.1" 200 27
222.67.233.39 - - [18/May/2024:10:17:16 +0800] "GET /xingrg/all/function/internal_message.html?_=1715998636411&CODE_STATE=getMsg HTTP/1.1" 200 27
116.232.195.13 - - [18/May/2024:10:17:17 +0800] "GET /xingrg/all/function/internal_message.html?_=1715998599412&CODE_STATE=getMsg HTTP/1.1" 200 27
124.78.156.206 - - [18/May/2024:10:17:17 +0800] "GET /xingrg/kc/buy/cgsh_order_operate.html?command=get_materiel&rest_code=00106&code=00101009030&supplier_code=00100008&order_time=2024-05-18 HTTP/1.1" 200 412
116.238.97.31 - - [18/May/2024:10:17:27 +0800] "GET /xingrg/all/function/internal_message.html?_=1715998647446&CODE_STATE=getMsg HTTP/1.1" 200 27
180.156.239.18 - - [18/May/2024:10:17:27 +0800] "GET /xingrg/all/function/internal_message.html?_=1715998647643&CODE_STATE=getMsg HTTP/1.1" 200 27
180.156.239.18 - - [18/May/2024:10:17:28 +0800] "GET /xingrg/check_reg.html?_=1715998647766 HTTP/1.1" 200 22
116.235.244.24 - - [18/May/2024:10:17:28 +0800] "GET /xingrg/all/function/internal_message.html?_=1715998670431&CODE_STATE=getMsg HTTP/1.1" 200 27
124.78.156.206 - - [18/May/2024:10:17:28 +0800] "GET /xingrg/kc/buy/cgsh_order_operate.html?command=get_materiel&rest_code=00106&code=00101008085&supplier_code=00100008&order_time=2024-05-18 HTTP/1.1" 200 412
101.83.144.49 - - [18/May/2024:10:17:32 +0800] "GET /xingrg/all/function/internal_message.html?_=1715998652293&CODE_STATE=getMsg HTTP/1.1" 200 27
222.70.183.82 - - [18/May/2024:10:17:32 +0800] "GET /xingrg/all/function/internal_message.html?_=1715998652097&CODE_STATE=getMsg HTTP/1.1" 200 27
101.83.144.49 - - [18/May/2024:10:17:34 +0800] "GET /xingrg/all/function/internal_message.html?_=1715998401010&CODE_STATE=getMsg HTTP/1.1" 200 27
124.78.156.206 - - [18/May/2024:10:17:41 +0800] "GET /xingrg/all/function/internal_message.html?_=1715998652917&CODE_STATE=getMsg HTTP/1.1" 200 27
124.78.156.206 - - [18/May/2024:10:17:43 +0800] "GET /xingrg/kc/buy/cgsh_order_operate.html?command=get_materiel&rest_code=00106&code=00101008107&supplier_code=00100008&order_time=2024-05-18 HTTP/1.1" 200 412
120.253.135.82 - - [18/May/2024:10:17:47 +0800] "GET /xingrg/all/function/internal_message.html?_=1715998519190&CODE_STATE=getMsg HTTP/1.1" 200 27
222.69.133.140 - - [18/May/2024:10:17:49 +0800] "GET /xingrg/all/function/internal_message.html?_=1715998670327&CODE_STATE=getMsg HTTP/1.1" 200 27
124.78.156.206 - - [18/May/2024:10:17:57 +0800] "POST /xingrg/kc/buy/cgsh_order_operate.html HTTP/1.1" 200 2065
114.83.217.213 - - [18/May/2024:10:17:59 +0800] "GET /xingrg/all/function/internal_message.html?_=1715998675726&CODE_STATE=getMsg HTTP/1.1" 200 27
114.83.217.213 - - [18/May/2024:10:17:59 +0800] "GET /xingrg/check_reg.html?_=1715998675793 HTTP/1.1" 200 22
124.78.156.206 - - [18/May/2024:10:18:07 +0800] "GET /xingrg/kc/buy/cgsh_order_operate.html?command=get_materiel&rest_code=00106&code=00101008186&supplier_code=00100008&order_time=2024-05-18 HTTP/1.1" 200 408
101.80.230.31 - - [18/May/2024:10:18:09 +0800] "GET /xingrg/all/function/internal_message.html?_=1715998699935&CODE_STATE=getMsg HTTP/1.1" 200 27
101.80.230.31 - - [18/May/2024:10:18:09 +0800] "GET /xingrg/check_reg.html?_=1715998699935 HTTP/1.1" 200 22
180.164.6.225 - - [18/May/2024:10:18:15 +0800] "GET /xingrg/all/function/internal_message.html?_=1715998693851&CODE_STATE=getMsg HTTP/1.1" 200 27
222.67.233.39 - - [18/May/2024:10:18:16 +0800] "GET /xingrg/all/function/internal_message.html?_=1715998696426&CODE_STATE=getMsg HTTP/1.1" 200 27
124.78.156.206 - - [18/May/2024:10:18:16 +0800] "GET /xingrg/kc/buy/cgsh_order_operate.html?command=get_materiel&rest_code=00106&code=00101008403&supplier_code=00100008&order_time=2024-05-18 HTTP/1.1" 200 412
116.232.195.13 - - [18/May/2024:10:18:17 +0800] "GET /xingrg/all/function/internal_message.html?_=1715998659411&CODE_STATE=getMsg HTTP/1.1" 200 27
116.238.97.31 - - [18/May/2024:10:18:27 +0800] "GET /xingrg/all/function/internal_message.html?_=1715998707455&CODE_STATE=getMsg HTTP/1.1" 200 27
180.156.239.18 - - [18/May/2024:10:18:27 +0800] "GET /xingrg/all/function/internal_message.html?_=1715998707642&CODE_STATE=getMsg HTTP/1.1" 200 27
116.235.244.24 - - [18/May/2024:10:18:28 +0800] "GET /xingrg/all/function/internal_message.html?_=1715998730445&CODE_STATE=getMsg HTTP/1.1" 200 27
124.78.156.206 - - [18/May/2024:10:18:29 +0800] "GET /xingrg/kc/buy/cgsh_order_operate.html?command=get_materiel&rest_code=00106&code=00101008283&supplier_code=00100008&order_time=2024-05-18 HTTP/1.1" 200 408
101.83.144.49 - - [18/May/2024:10:18:32 +0800] "GET /xingrg/all/function/internal_message.html?_=1715998712285&CODE_STATE=getMsg HTTP/1.1" 200 27
101.83.144.49 - - [18/May/2024:10:18:32 +0800] "GET /xingrg/check_reg.html?_=1715998712281 HTTP/1.1" 200 22
222.70.183.82 - - [18/May/2024:10:18:32 +0800] "GET /xingrg/all/function/internal_message.html?_=1715998712090&CODE_STATE=getMsg HTTP/1.1" 200 27
101.83.144.49 - - [18/May/2024:10:18:34 +0800] "GET /xingrg/all/function/internal_message.html?_=1715998461010&CODE_STATE=getMsg HTTP/1.1" 200 27
124.78.156.206 - - [18/May/2024:10:18:41 +0800] "GET /xingrg/all/function/internal_message.html?_=1715998712873&CODE_STATE=getMsg HTTP/1.1" 200 27
124.78.156.206 - - [18/May/2024:10:18:41 +0800] "GET /xingrg/check_reg.html?_=1715998712940 HTTP/1.1" 200 22
120.253.135.82 - - [18/May/2024:10:18:47 +0800] "GET /xingrg/all/function/internal_message.html?_=1715998579190&CODE_STATE=getMsg HTTP/1.1" 200 27
222.69.133.140 - - [18/May/2024:10:18:49 +0800] "GET /xingrg/check_reg.html?_=1715998730312 HTTP/1.1" 200 22
222.69.133.140 - - [18/May/2024:10:18:49 +0800] "GET /xingrg/all/function/internal_message.html?_=1715998730314&CODE_STATE=getMsg HTTP/1.1" 200 27
101.83.144.49 - - [18/May/2024:10:18:55 +0800] "GET /xingrg/javascript/auto/indicator.gif HTTP/1.1" 404 1066
114.83.217.213 - - [18/May/2024:10:18:59 +0800] "GET /xingrg/all/function/internal_message.html?_=1715998735700&CODE_STATE=getMsg HTTP/1.1" 200 27
101.83.144.49 - - [18/May/2024:10:19:07 +0800] "GET /xingrg/kc/buy/cgsh_order_operate.html?command=get_materiel&rest_code=00105&code=00101016096&supplier_code=00100151&order_time=2024-05-18 HTTP/1.1" 200 447
101.80.230.31 - - [18/May/2024:10:19:09 +0800] "GET /xingrg/all/function/internal_message.html?_=1715998759937&CODE_STATE=getMsg HTTP/1.1" 200 27
101.83.144.49 - - [18/May/2024:10:19:15 +0800] "GET /xingrg/kc/buy/cgsh_order_operate.html?command=get_materiel&rest_code=00105&code=00101016029&supplier_code=00100151&order_time=2024-05-18 HTTP/1.1" 200 459
180.164.6.225 - - [18/May/2024:10:19:15 +0800] "GET /xingrg/check_reg.html?_=1715998753867 HTTP/1.1" 200 22
180.164.6.225 - - [18/May/2024:10:19:15 +0800] "GET /xingrg/all/function/internal_message.html?_=1715998753870&CODE_STATE=getMsg HTTP/1.1" 200 27
124.78.156.206 - - [18/May/2024:10:19:15 +0800] "POST /xingrg/kc/buy/cgsh_order_operate.html HTTP/1.1" 200 2065
222.67.233.39 - - [18/May/2024:10:19:16 +0800] "GET /xingrg/all/function/internal_message.html?_=1715998756413&CODE_STATE=getMsg HTTP/1.1" 200 27
116.232.195.13 - - [18/May/2024:10:19:17 +0800] "GET /xingrg/all/function/internal_message.html?_=1715998719407&CODE_STATE=getMsg HTTP/1.1" 200 27
116.238.97.31 - - [18/May/2024:10:19:27 +0800] "GET /xingrg/all/function/internal_message.html?_=1715998767451&CODE_STATE=getMsg HTTP/1.1" 200 27
116.238.97.31 - - [18/May/2024:10:19:27 +0800] "GET /xingrg/check_reg.html?_=1715998767454 HTTP/1.1" 200 22
180.156.239.18 - - [18/May/2024:10:19:27 +0800] "GET /xingrg/all/function/internal_message.html?_=1715998767612&CODE_STATE=getMsg HTTP/1.1" 200 27
116.235.244.24 - - [18/May/2024:10:19:28 +0800] "GET /xingrg/all/function/internal_message.html?_=1715998790470&CODE_STATE=getMsg HTTP/1.1" 200 27
222.70.183.82 - - [18/May/2024:10:19:32 +0800] "GET /xingrg/check_reg.html?_=1715998772100 HTTP/1.1" 200 22
101.83.144.49 - - [18/May/2024:10:19:32 +0800] "GET /xingrg/all/function/internal_message.html?_=1715998772341&CODE_STATE=getMsg HTTP/1.1" 200 27
222.70.183.82 - - [18/May/2024:10:19:32 +0800] "GET /xingrg/all/function/internal_message.html?_=1715998772093&CODE_STATE=getMsg HTTP/1.1" 200 27
101.83.144.49 - - [18/May/2024:10:19:34 +0800] "GET /xingrg/check_reg.html?_=1715998521010 HTTP/1.1" 200 22
101.83.144.49 - - [18/May/2024:10:19:34 +0800] "GET /xingrg/all/function/internal_message.html?_=1715998521013&CODE_STATE=getMsg HTTP/1.1" 200 27
124.78.156.206 - - [18/May/2024:10:19:34 +0800] "GET /xingrg/kc/buy/cgsh_order_operate.html?command=get_materiel&rest_code=00106&code=00101008356&supplier_code=00100008&order_time=2024-05-18 HTTP/1.1" 200 409
124.78.156.206 - - [18/May/2024:10:19:41 +0800] "GET /xingrg/all/function/internal_message.html?_=1715998772872&CODE_STATE=getMsg HTTP/1.1" 200 27
124.78.156.206 - - [18/May/2024:10:19:47 +0800] "GET /xingrg/kc/buy/cgsh_order_operate.html?command=get_materiel&rest_code=00106&code=00101008037&supplier_code=00100008&order_time=2024-05-18 HTTP/1.1" 200 413
120.253.135.82 - - [18/May/2024:10:19:48 +0800] "GET /xingrg/all/function/internal_message.html?_=1715998639372&CODE_STATE=getMsg HTTP/1.1" 200 27
222.69.133.140 - - [18/May/2024:10:19:49 +0800] "GET /xingrg/all/function/internal_message.html?_=1715998790311&CODE_STATE=getMsg HTTP/1.1" 200 27
124.78.156.206 - - [18/May/2024:10:19:58 +0800] "GET /xingrg/kc/buy/cgsh_order_operate.html?command=get_materiel&rest_code=00106&code=00101008213&supplier_code=00100008&order_time=2024-05-18 HTTP/1.1" 200 412
114.83.217.213 - - [18/May/2024:10:19:59 +0800] "GET /xingrg/all/function/internal_message.html?_=1715998795685&CODE_STATE=getMsg HTTP/1.1" 200 27
124.78.156.206 - - [18/May/2024:10:20:07 +0800] "GET /xingrg/kc/buy/cgsh_order_operate.html?command=get_materiel&rest_code=00106&code=00101008108&supplier_code=00100008&order_time=2024-05-18 HTTP/1.1" 200 412
101.80.230.31 - - [18/May/2024:10:20:09 +0800] "GET /xingrg/all/function/internal_message.html?_=1715998819941&CODE_STATE=getMsg HTTP/1.1" 200 27
124.78.156.206 - - [18/May/2024:10:20:10 +0800] "POST /xingrg/kc/buy/cgsh_order_operate.html HTTP/1.1" 200 2065
180.164.6.225 - - [18/May/2024:10:20:15 +0800] "GET /xingrg/all/function/internal_message.html?_=1715998813852&CODE_STATE=getMsg HTTP/1.1" 200 27
222.67.233.39 - - [18/May/2024:10:20:16 +0800] "GET /xingrg/all/function/internal_message.html?_=1715998816405&CODE_STATE=getMsg HTTP/1.1" 200 27
116.232.195.13 - - [18/May/2024:10:20:17 +0800] "GET /xingrg/all/function/internal_message.html?_=1715998779396&CODE_STATE=getMsg HTTP/1.1" 200 27
116.232.195.13 - - [18/May/2024:10:20:17 +0800] "GET /xingrg/check_reg.html?_=1715998779399 HTTP/1.1" 200 22
124.78.156.206 - - [18/May/2024:10:20:21 +0800] "GET /xingrg/kc/buy/cgsh_order_operate.html?command=get_materiel&rest_code=00106&code=00101008275&supplier_code=00100008&order_time=2024-05-18 HTTP/1.1" 200 416
116.238.97.31 - - [18/May/2024:10:20:27 +0800] "GET /xingrg/all/function/internal_message.html?_=1715998827441&CODE_STATE=getMsg HTTP/1.1" 200 27
180.156.239.18 - - [18/May/2024:10:20:27 +0800] "GET /xingrg/all/function/internal_message.html?_=1715998827603&CODE_STATE=getMsg HTTP/1.1" 200 27
116.235.244.24 - - [18/May/2024:10:20:28 +0800] "GET /xingrg/all/function/internal_message.html?_=1715998850474&CODE_STATE=getMsg HTTP/1.1" 200 27
101.83.144.49 - - [18/May/2024:10:20:32 +0800] "GET /xingrg/all/function/internal_message.html?_=1715998832290&CODE_STATE=getMsg HTTP/1.1" 200 27
222.70.183.82 - - [18/May/2024:10:20:32 +0800] "GET /xingrg/all/function/internal_message.html?_=1715998832093&CODE_STATE=getMsg HTTP/1.1" 200 27
124.78.156.206 - - [18/May/2024:10:20:33 +0800] "GET /xingrg/kc/buy/cgsh_order_operate.html?command=get_materiel&rest_code=00106&code=00101013137&supplier_code=00100008&order_time=2024-05-18 HTTP/1.1" 200 412
101.83.144.49 - - [18/May/2024:10:20:34 +0800] "GET /xingrg/all/function/internal_message.html?_=1715998581049&CODE_STATE=getMsg HTTP/1.1" 200 27
120.253.135.82 - - [18/May/2024:10:20:35 +0800] "GET /xingrg/check_reg.html?_=1715998687159 HTTP/1.1" 200 22
124.78.156.206 - - [18/May/2024:10:20:41 +0800] "GET /xingrg/all/function/internal_message.html?_=1715998832830&CODE_STATE=getMsg HTTP/1.1" 200 27
124.78.156.206 - - [18/May/2024:10:20:45 +0800] "GET /xingrg/kc/buy/cgsh_order_operate.html?command=get_materiel&rest_code=00106&code=00101008101&supplier_code=00100008&order_time=2024-05-18 HTTP/1.1" 200 412
120.253.135.82 - - [18/May/2024:10:20:48 +0800] "GET /xingrg/all/function/internal_message.html?_=1715998699374&CODE_STATE=getMsg HTTP/1.1" 200 27
222.69.133.140 - - [18/May/2024:10:20:49 +0800] "GET /xingrg/all/function/internal_message.html?_=1715998850314&CODE_STATE=getMsg HTTP/1.1" 200 27
114.83.217.213 - - [18/May/2024:10:20:59 +0800] "GET /xingrg/all/function/internal_message.html?_=1715998855667&CODE_STATE=getMsg HTTP/1.1" 200 27
124.78.156.206 - - [18/May/2024:10:21:03 +0800] "GET /xingrg/kc/buy/cgsh_order_operate.html?command=get_materiel&rest_code=00106&code=00101008042&supplier_code=00100008&order_time=2024-05-18 HTTP/1.1" 200 416
101.80.230.31 - - [18/May/2024:10:21:09 +0800] "GET /xingrg/all/function/internal_message.html?_=1715998879942&CODE_STATE=getMsg HTTP/1.1" 200 27
124.78.156.206 - - [18/May/2024:10:21:15 +0800] "GET /xingrg/kc/buy/cgsh_order_operate.html?command=get_materiel&rest_code=00106&code=00101008351&supplier_code=00100008&order_time=2024-05-18 HTTP/1.1" 200 408
180.164.6.225 - - [18/May/2024:10:21:15 +0800] "GET /xingrg/all/function/internal_message.html?_=1715998873848&CODE_STATE=getMsg HTTP/1.1" 200 27
222.67.233.39 - - [18/May/2024:10:21:16 +0800] "GET /xingrg/all/function/internal_message.html?_=1715998876423&CODE_STATE=getMsg HTTP/1.1" 200 27
222.67.233.39 - - [18/May/2024:10:21:16 +0800] "GET /xingrg/check_reg.html?_=1715998876428 HTTP/1.1" 200 22
116.232.195.13 - - [18/May/2024:10:21:17 +0800] "GET /xingrg/all/function/internal_message.html?_=1715998839404&CODE_STATE=getMsg HTTP/1.1" 200 27
124.78.156.206 - - [18/May/2024:10:21:19 +0800] "POST /xingrg/kc/buy/cgsh_order_operate.html HTTP/1.1" 200 2065
180.169.147.146 - - [18/May/2024:10:21:26 +0800] "GET /xingrg/check_reg.html?_=1715998887669 HTTP/1.1" 200 22
116.238.97.31 - - [18/May/2024:10:21:27 +0800] "GET /xingrg/all/function/internal_message.html?_=1715998887450&CODE_STATE=getMsg HTTP/1.1" 200 27
180.156.239.18 - - [18/May/2024:10:21:27 +0800] "GET /xingrg/all/function/internal_message.html?_=1715998887592&CODE_STATE=getMsg HTTP/1.1" 200 27
116.235.244.24 - - [18/May/2024:10:21:28 +0800] "GET /xingrg/all/function/internal_message.html?_=1715998910494&CODE_STATE=getMsg HTTP/1.1" 200 27
124.78.156.206 - - [18/May/2024:10:21:29 +0800] "POST /xingrg/kc/buy/cgsh_order_operate.html HTTP/1.1" 200 37
101.83.144.49 - - [18/May/2024:10:21:32 +0800] "GET /xingrg/all/function/internal_message.html?_=1715998892289&CODE_STATE=getMsg HTTP/1.1" 200 27
222.70.183.82 - - [18/May/2024:10:21:32 +0800] "GET /xingrg/all/function/internal_message.html?_=1715998892102&CODE_STATE=getMsg HTTP/1.1" 200 27
101.83.144.49 - - [18/May/2024:10:21:34 +0800] "GET /xingrg/all/function/internal_message.html?_=1715998641041&CODE_STATE=getMsg HTTP/1.1" 200 27
120.253.135.82 - - [18/May/2024:10:21:48 +0800] "GET /xingrg/all/function/internal_message.html?_=1715998759386&CODE_STATE=getMsg HTTP/1.1" 200 27
222.69.133.140 - - [18/May/2024:10:21:49 +0800] "GET /xingrg/all/function/internal_message.html?_=1715998910305&CODE_STATE=getMsg HTTP/1.1" 200 27
114.83.217.213 - - [18/May/2024:10:21:59 +0800] "GET /xingrg/all/function/internal_message.html?_=1715998915663&CODE_STATE=getMsg HTTP/1.1" 200 27
101.80.230.31 - - [18/May/2024:10:22:09 +0800] "GET /xingrg/all/function/internal_message.html?_=1715998939947&CODE_STATE=getMsg HTTP/1.1" 200 27
116.235.244.24 - - [18/May/2024:10:22:11 +0800] "GET /xingrg/check_reg.html?_=1715998952905 HTTP/1.1" 200 22
180.164.6.225 - - [18/May/2024:10:22:15 +0800] "GET /xingrg/all/function/internal_message.html?_=1715998933859&CODE_STATE=getMsg HTTP/1.1" 200 27
222.67.233.39 - - [18/May/2024:10:22:16 +0800] "GET /xingrg/all/function/internal_message.html?_=1715998936408&CODE_STATE=getMsg HTTP/1.1" 200 27
124.78.156.206 - - [18/May/2024:10:22:17 +0800] "POST /xingrg/kc/buy/cgsh_order_operate.html HTTP/1.1" 200 31038
116.232.195.13 - - [18/May/2024:10:22:17 +0800] "GET /xingrg/all/function/internal_message.html?_=1715998899409&CODE_STATE=getMsg HTTP/1.1" 200 27
222.67.233.39 - - [18/May/2024:10:22:17 +0800] "POST /xingrg/kc/buy/cgsh_order_operate.html HTTP/1.1" 200 8245
222.67.233.39 - - [18/May/2024:10:22:17 +0800] "GET /xingrg/javascript/easyui/themes/default/validatebox.css HTTP/1.1" 404 1104
116.238.97.31 - - [18/May/2024:10:22:27 +0800] "GET /xingrg/all/function/internal_message.html?_=1715998947453&CODE_STATE=getMsg HTTP/1.1" 200 27
180.156.239.18 - - [18/May/2024:10:22:27 +0800] "GET /xingrg/all/function/internal_message.html?_=1715998947578&CODE_STATE=getMsg HTTP/1.1" 200 27
180.156.239.18 - - [18/May/2024:10:22:28 +0800] "GET /xingrg/check_reg.html?_=1715998947763 HTTP/1.1" 200 22
116.235.244.24 - - [18/May/2024:10:22:28 +0800] "GET /xingrg/all/function/internal_message.html?_=1715998970501&CODE_STATE=getMsg HTTP/1.1" 200 27
101.83.144.49 - - [18/May/2024:10:22:32 +0800] "GET /xingrg/all/function/internal_message.html?_=1715998952282&CODE_STATE=getMsg HTTP/1.1" 200 27
222.70.183.82 - - [18/May/2024:10:22:32 +0800] "GET /xingrg/all/function/internal_message.html?_=1715998952096&CODE_STATE=getMsg HTTP/1.1" 200 27
101.83.144.49 - - [18/May/2024:10:22:34 +0800] "GET /xingrg/all/function/internal_message.html?_=1715998701042&CODE_STATE=getMsg HTTP/1.1" 200 27
124.78.156.206 - - [18/May/2024:10:22:37 +0800] "GET /xingrg/kc/buy/cgsh_order_operate.html?command=get_materiel&rest_code=00106&code=00101008087&supplier_code=00100008&order_time=2024-05-18 HTTP/1.1" 200 412
124.78.156.206 - - [18/May/2024:10:22:41 +0800] "GET /xingrg/all/function/internal_message.html?_=1715998952848&CODE_STATE=getMsg HTTP/1.1" 200 27
120.253.135.82 - - [18/May/2024:10:22:48 +0800] "GET /xingrg/all/function/internal_message.html?_=1715998819562&CODE_STATE=getMsg HTTP/1.1" 200 27
124.78.156.206 - - [18/May/2024:10:22:48 +0800] "GET /xingrg/kc/buy/cgsh_order_operate.html?command=get_materiel&rest_code=00106&code=00101008332&supplier_code=00100008&order_time=2024-05-18 HTTP/1.1" 200 412
222.69.133.140 - - [18/May/2024:10:22:49 +0800] "GET /xingrg/all/function/internal_message.html?_=1715998970316&CODE_STATE=getMsg HTTP/1.1" 200 27
124.78.156.206 - - [18/May/2024:10:22:59 +0800] "GET /xingrg/kc/buy/cgsh_order_operate.html?command=get_materiel&rest_code=00106&code=00101008261&supplier_code=00100008&order_time=2024-05-18 HTTP/1.1" 200 408
114.83.217.213 - - [18/May/2024:10:22:59 +0800] "GET /xingrg/all/function/internal_message.html?_=1715998975648&CODE_STATE=getMsg HTTP/1.1" 200 27
114.83.217.213 - - [18/May/2024:10:22:59 +0800] "GET /xingrg/check_reg.html?_=1715998975781 HTTP/1.1" 200 22
222.67.233.39 - - [18/May/2024:10:23:01 +0800] "GET /xingrg/kc/buy/cgsh_order_operate.html?command=get_materiel&rest_code=00141&code=00101008091&supplier_code=00100008&order_time=2024-05-18 HTTP/1.1" 200 413
222.67.233.39 - - [18/May/2024:10:23:09 +0800] "GET /xingrg/kc/buy/cgsh_order_operate.html?command=get_materiel&rest_code=00141&code=00101008196&supplier_code=00100008&order_time=2024-05-18 HTTP/1.1" 200 416
101.80.230.31 - - [18/May/2024:10:23:09 +0800] "GET /xingrg/all/function/internal_message.html?_=1715998999946&CODE_STATE=getMsg HTTP/1.1" 200 27
101.80.230.31 - - [18/May/2024:10:23:09 +0800] "GET /xingrg/check_reg.html?_=1715998999949 HTTP/1.1" 200 22
180.164.6.225 - - [18/May/2024:10:23:15 +0800] "GET /xingrg/all/function/internal_message.html?_=1715998993854&CODE_STATE=getMsg HTTP/1.1" 200 27
222.67.233.39 - - [18/May/2024:10:23:16 +0800] "GET /xingrg/all/function/internal_message.html?_=1715998996414&CODE_STATE=getMsg HTTP/1.1" 200 27
124.78.156.206 - - [18/May/2024:10:23:16 +0800] "GET /xingrg/kc/buy/cgsh_order_operate.html?command=get_materiel&rest_code=00106&code=00101008210&supplier_code=00100008&order_time=2024-05-18 HTTP/1.1" 200 408
116.232.195.13 - - [18/May/2024:10:23:17 +0800] "GET /xingrg/all/function/internal_message.html?_=1715998959410&CODE_STATE=getMsg HTTP/1.1" 200 27
124.78.156.206 - - [18/May/2024:10:23:20 +0800] "POST /xingrg/kc/buy/cgsh_order_operate.html HTTP/1.1" 200 2065
116.238.97.31 - - [18/May/2024:10:23:27 +0800] "GET /xingrg/all/function/internal_message.html?_=1715999007456&CODE_STATE=getMsg HTTP/1.1" 200 27
180.156.239.18 - - [18/May/2024:10:23:27 +0800] "GET /xingrg/all/function/internal_message.html?_=1715999007556&CODE_STATE=getMsg HTTP/1.1" 200 27
116.235.244.24 - - [18/May/2024:10:23:28 +0800] "GET /xingrg/all/function/internal_message.html?_=1715999030514&CODE_STATE=getMsg HTTP/1.1" 200 27
101.83.144.49 - - [18/May/2024:10:23:32 +0800] "GET /xingrg/check_reg.html?_=1715999012294 HTTP/1.1" 200 22
101.83.144.49 - - [18/May/2024:10:23:32 +0800] "GET /xingrg/all/function/internal_message.html?_=1715999012296&CODE_STATE=getMsg HTTP/1.1" 200 27
222.70.183.82 - - [18/May/2024:10:23:32 +0800] "GET /xingrg/all/function/internal_message.html?_=1715999012088&CODE_STATE=getMsg HTTP/1.1" 200 27
124.78.156.206 - - [18/May/2024:10:23:32 +0800] "POST /xingrg/kc/buy/cgsh_order_operate.html HTTP/1.1" 200 37
101.83.144.49 - - [18/May/2024:10:23:34 +0800] "GET /xingrg/all/function/internal_message.html?_=1715998761031&CODE_STATE=getMsg HTTP/1.1" 200 27
222.67.233.39 - - [18/May/2024:10:23:39 +0800] "GET /xingrg/kc/buy/cgsh_order_operate.html?command=get_materiel&rest_code=00141&code=00101008740&supplier_code=00100008&order_time=2024-05-18 HTTP/1.1" 200 413
114.92.138.103 - - [18/May/2024:10:23:41 +0800] "GET /favicon.ico HTTP/1.1" 404 -
120.253.135.82 - - [18/May/2024:10:23:48 +0800] "GET /xingrg/all/function/internal_message.html?_=1715998879570&CODE_STATE=getMsg HTTP/1.1" 200 27
222.69.133.140 - - [18/May/2024:10:23:49 +0800] "GET /xingrg/check_reg.html?_=1715999030311 HTTP/1.1" 200 22
222.69.133.140 - - [18/May/2024:10:23:49 +0800] "GET /xingrg/all/function/internal_message.html?_=1715999030312&CODE_STATE=getMsg HTTP/1.1" 200 27
114.83.217.213 - - [18/May/2024:10:23:59 +0800] "GET /xingrg/all/function/internal_message.html?_=1715999035624&CODE_STATE=getMsg HTTP/1.1" 200 27
124.78.156.206 - - [18/May/2024:10:24:06 +0800] "POST /xingrg/kc/buy/cgsh_order_operate.html HTTP/1.1" 200 12
101.80.230.31 - - [18/May/2024:10:24:09 +0800] "GET /xingrg/all/function/internal_message.html?_=1715999059952&CODE_STATE=getMsg HTTP/1.1" 200 27
124.78.156.206 - - [18/May/2024:10:24:12 +0800] "GET /xingrg/kc/buy/cgsh_order_info.html?code=212024051805023 HTTP/1.1" 200 69466
180.164.6.225 - - [18/May/2024:10:24:15 +0800] "GET /xingrg/all/function/internal_message.html?_=1715999053846&CODE_STATE=getMsg HTTP/1.1" 200 27
180.164.6.225 - - [18/May/2024:10:24:15 +0800] "GET /xingrg/check_reg.html?_=1715999053849 HTTP/1.1" 200 22
222.67.233.39 - - [18/May/2024:10:24:16 +0800] "GET /xingrg/all/function/internal_message.html?_=1715999056425&CODE_STATE=getMsg HTTP/1.1" 200 27
124.78.156.206 - - [18/May/2024:10:24:16 +0800] "GET /xingrg/javascript/easyui/themes/default/validatebox.css HTTP/1.1" 404 1104
124.78.156.206 - - [18/May/2024:10:24:17 +0800] "POST /xingrg/kc/buy/cgsh_order_operate.html HTTP/1.1" 200 31355
116.232.195.13 - - [18/May/2024:10:24:17 +0800] "GET /xingrg/all/function/internal_message.html?_=1715999019410&CODE_STATE=getMsg HTTP/1.1" 200 27
124.78.156.206 - - [18/May/2024:10:24:18 +0800] "GET /xingrg/kc/print/load_config.html?kc_code=cgsh HTTP/1.1" 200 1927
124.78.156.206 - - [18/May/2024:10:24:19 +0800] "GET /xingrg/kc/print/load_data.html?order_code=212024051805023&kc_code=cgsh&condition= HTTP/1.1" 200 12339
116.238.97.31 - - [18/May/2024:10:24:27 +0800] "GET /xingrg/check_reg.html?_=1715999067458 HTTP/1.1" 200 22
116.238.97.31 - - [18/May/2024:10:24:27 +0800] "GET /xingrg/all/function/internal_message.html?_=1715999067461&CODE_STATE=getMsg HTTP/1.1" 200 27
180.156.239.18 - - [18/May/2024:10:24:27 +0800] "GET /xingrg/all/function/internal_message.html?_=1715999067561&CODE_STATE=getMsg HTTP/1.1" 200 27
116.235.244.24 - - [18/May/2024:10:24:28 +0800] "GET /xingrg/all/function/internal_message.html?_=1715999090539&CODE_STATE=getMsg HTTP/1.1" 200 27
101.83.144.49 - - [18/May/2024:10:24:32 +0800] "GET /xingrg/all/function/internal_message.html?_=1715999072280&CODE_STATE=getMsg HTTP/1.1" 200 27
222.70.183.82 - - [18/May/2024:10:24:32 +0800] "GET /xingrg/check_reg.html?_=1715999072101 HTTP/1.1" 200 22
222.70.183.82 - - [18/May/2024:10:24:32 +0800] "GET /xingrg/all/function/internal_message.html?_=1715999072094&CODE_STATE=getMsg HTTP/1.1" 200 27
101.83.144.49 - - [18/May/2024:10:24:34 +0800] "GET /xingrg/all/function/internal_message.html?_=1715998821030&CODE_STATE=getMsg HTTP/1.1" 200 27
101.83.144.49 - - [18/May/2024:10:24:34 +0800] "GET /xingrg/check_reg.html?_=1715998821033 HTTP/1.1" 200 22
124.78.156.206 - - [18/May/2024:10:24:36 +0800] "GET /xingrg/kc/print/load_data.html?order_code=212024051805023&kc_code=cgsh HTTP/1.1" 200 12339
124.78.156.206 - - [18/May/2024:10:24:42 +0800] "GET /xingrg/all/function/internal_message.html?_=1715999073427&CODE_STATE=getMsg HTTP/1.1" 200 27
120.253.135.82 - - [18/May/2024:10:24:48 +0800] "GET /xingrg/all/function/internal_message.html?_=1715998939754&CODE_STATE=getMsg HTTP/1.1" 200 27
222.69.133.140 - - [18/May/2024:10:24:49 +0800] "GET /xingrg/all/function/internal_message.html?_=1715999090308&CODE_STATE=getMsg HTTP/1.1" 200 27
114.83.217.213 - - [18/May/2024:10:24:59 +0800] "GET /xingrg/all/function/internal_message.html?_=1715999095594&CODE_STATE=getMsg HTTP/1.1" 200 27
222.67.233.39 - - [18/May/2024:10:25:00 +0800] "GET /xingrg/kc/buy/cgsh_order_operate.html?command=get_materiel&rest_code=00141&code=00101008130&supplier_code=00100008&order_time=2024-05-18 HTTP/1.1" 200 413
101.80.230.31 - - [18/May/2024:10:25:09 +0800] "GET /xingrg/all/function/internal_message.html?_=1715999119951&CODE_STATE=getMsg HTTP/1.1" 200 27
101.83.144.49 - - [18/May/2024:10:25:10 +0800] "POST /xingrg/services/DataTransmitService HTTP/1.1" 200 524
101.83.144.49 - - [18/May/2024:10:25:12 +0800] "POST /xingrg/services/DataTransmitService HTTP/1.1" 200 412
180.164.6.225 - - [18/May/2024:10:25:15 +0800] "GET /xingrg/all/function/internal_message.html?_=1715999113860&CODE_STATE=getMsg HTTP/1.1" 200 27
222.67.233.39 - - [18/May/2024:10:25:16 +0800] "GET /xingrg/all/function/internal_message.html?_=1715999116418&CODE_STATE=getMsg HTTP/1.1" 200 27
116.232.195.13 - - [18/May/2024:10:25:17 +0800] "GET /xingrg/check_reg.html?_=1715999079398 HTTP/1.1" 200 22
116.232.195.13 - - [18/May/2024:10:25:17 +0800] "GET /xingrg/all/function/internal_message.html?_=1715999079401&CODE_STATE=getMsg HTTP/1.1" 200 27
222.67.233.39 - - [18/May/2024:10:25:27 +0800] "GET /xingrg/kc/buy/cgsh_order_operate.html?command=get_materiel&rest_code=00141&code=00101008354&supplier_code=00100008&order_time=2024-05-18 HTTP/1.1" 200 412
116.238.97.31 - - [18/May/2024:10:25:27 +0800] "GET /xingrg/all/function/internal_message.html?_=1715999127448&CODE_STATE=getMsg HTTP/1.1" 200 27
180.156.239.18 - - [18/May/2024:10:25:27 +0800] "GET /xingrg/all/function/internal_message.html?_=1715999127550&CODE_STATE=getMsg HTTP/1.1" 200 27
116.235.244.24 - - [18/May/2024:10:25:28 +0800] "GET /xingrg/all/function/internal_message.html?_=1715999150541&CODE_STATE=getMsg HTTP/1.1" 200 27
101.83.144.49 - - [18/May/2024:10:25:32 +0800] "GET /xingrg/all/function/internal_message.html?_=1715999132281&CODE_STATE=getMsg HTTP/1.1" 200 27
222.70.183.82 - - [18/May/2024:10:25:32 +0800] "GET /xingrg/all/function/internal_message.html?_=1715999132086&CODE_STATE=getMsg HTTP/1.1" 200 27
101.83.144.49 - - [18/May/2024:10:25:34 +0800] "GET /xingrg/all/function/internal_message.html?_=1715998881030&CODE_STATE=getMsg HTTP/1.1" 200 27
120.253.135.82 - - [18/May/2024:10:25:35 +0800] "GET /xingrg/check_reg.html?_=1715998987172 HTTP/1.1" 200 22
222.67.233.39 - - [18/May/2024:10:25:38 +0800] "GET /xingrg/kc/buy/cgsh_order_operate.html?command=get_materiel&rest_code=00141&code=00101008010&supplier_code=00100008&order_time=2024-05-18 HTTP/1.1" 200 412
124.78.156.206 - - [18/May/2024:10:25:42 +0800] "GET /xingrg/all/function/internal_message.html?_=1715999133406&CODE_STATE=getMsg HTTP/1.1" 200 27
120.253.135.82 - - [18/May/2024:10:25:48 +0800] "GET /xingrg/all/function/internal_message.html?_=1715998999771&CODE_STATE=getMsg HTTP/1.1" 200 27
222.69.133.140 - - [18/May/2024:10:25:49 +0800] "GET /xingrg/all/function/internal_message.html?_=1715999150320&CODE_STATE=getMsg HTTP/1.1" 200 27
222.67.233.39 - - [18/May/2024:10:25:54 +0800] "GET /xingrg/kc/buy/cgsh_order_operate.html?command=get_materiel&rest_code=00141&code=00101008028&supplier_code=00100008&order_time=2024-05-18 HTTP/1.1" 200 412
124.78.156.206 - - [18/May/2024:10:25:57 +0800] "GET /favicon.ico HTTP/1.1" 404 -
114.83.217.213 - - [18/May/2024:10:25:59 +0800] "GET /xingrg/all/function/internal_message.html?_=1715999155565&CODE_STATE=getMsg HTTP/1.1" 200 27
222.67.233.39 - - [18/May/2024:10:26:02 +0800] "GET /xingrg/kc/buy/cgsh_order_operate.html?command=get_materiel&rest_code=00141&code=00101008125&supplier_code=00100008&order_time=2024-05-18 HTTP/1.1" 200 413
124.78.156.206 - - [18/May/2024:10:26:08 +0800] "GET /xingrg/login.html?r=1 HTTP/1.1" 200 7641
124.78.156.206 - - [18/May/2024:10:26:08 +0800] "GET /xingrg/images/blue/jxLogo.png HTTP/1.1" 304 -
124.78.156.206 - - [18/May/2024:10:26:09 +0800] "GET /xingrg/images/blue/login_bg.png HTTP/1.1" 304 -
124.78.156.206 - - [18/May/2024:10:26:09 +0800] "GET /xingrg/images/blue/srbg.png HTTP/1.1" 304 -
124.78.156.206 - - [18/May/2024:10:26:09 +0800] "GET /xingrg/images/blue/hj.png HTTP/1.1" 304 -
124.78.156.206 - - [18/May/2024:10:26:09 +0800] "GET /favicon.ico HTTP/1.1" 404 -
101.80.230.31 - - [18/May/2024:10:26:09 +0800] "GET /xingrg/all/function/internal_message.html?_=1715999179953&CODE_STATE=getMsg HTTP/1.1" 200 27
124.78.156.206 - - [18/May/2024:10:26:12 +0800] "POST /xingrg/login.do HTTP/1.1" 302 -
124.78.156.206 - - [18/May/2024:10:26:12 +0800] "GET /xingrg/index.html?sysBaseUrl=http%3A%2F%2F180.169.147.146%3A18081%2Fxingrg%2F&costTime=888×tamp=1715999172351 HTTP/1.1" 200 17173
124.78.156.206 - - [18/May/2024:10:26:12 +0800] "GET /xingrg/javascript/jquery_easy_ui/themes/default/easyui.css HTTP/1.1" 304 -
124.78.156.206 - - [18/May/2024:10:26:12 +0800] "GET /xingrg/javascript/jquery_easy_ui/themes/icon.css HTTP/1.1" 304 -
124.78.156.206 - - [18/May/2024:10:26:12 +0800] "GET /xingrg/css/form.css HTTP/1.1" 304 -
124.78.156.206 - - [18/May/2024:10:26:12 +0800] "GET /xingrg/javascript/jquery-1.4.2.min.js HTTP/1.1" 304 -
124.78.156.206 - - [18/May/2024:10:26:12 +0800] "GET /xingrg/javascript/jquery.form.js HTTP/1.1" 304 -
124.78.156.206 - - [18/May/2024:10:26:12 +0800] "GET /xingrg/javascript/jquery.utils.js HTTP/1.1" 304 -
124.78.156.206 - - [18/May/2024:10:26:12 +0800] "GET /xingrg/javascript/jquery_easy_ui/jquery.easyui.min.js HTTP/1.1" 304 -
124.78.156.206 - - [18/May/2024:10:26:12 +0800] "GET /xingrg/javascript/jquery_easy_ui/easyui-lang-zh_CN.js HTTP/1.1" 304 -
124.78.156.206 - - [18/May/2024:10:26:12 +0800] "GET /xingrg/javascript/jquery.timers.js HTTP/1.1" 304 -
124.78.156.206 - - [18/May/2024:10:26:12 +0800] "GET /favicon.ico HTTP/1.1" 404 -
124.78.156.206 - - [18/May/2024:10:26:12 +0800] "GET /xingrg/javascript/jquery_easy_ui/themes/icons/settle_new.png HTTP/1.1" 304 -
124.78.156.206 - - [18/May/2024:10:26:12 +0800] "GET /xingrg/images/blue/navBackgound.jpg HTTP/1.1" 304 -
124.78.156.206 - - [18/May/2024:10:26:13 +0800] "GET /xingrg/all/function/internal_message.html?_=1715999174523&CODE_STATE=count HTTP/1.1" 200 11
124.78.156.206 - - [18/May/2024:10:26:13 +0800] "GET /xingrg/check_reg.html?_=1715999174524 HTTP/1.1" 200 22
124.78.156.206 - - [18/May/2024:10:26:13 +0800] "GET /xingrg/images/blue/pingpu.png HTTP/1.1" 304 -
124.78.156.206 - - [18/May/2024:10:26:13 +0800] "GET /xingrg/javascript/jquery_easy_ui/themes/default/images/tabs_leftarrow.png HTTP/1.1" 304 -
124.78.156.206 - - [18/May/2024:10:26:13 +0800] "GET /xingrg/javascript/jquery_easy_ui/themes/default/images/panel_tool_collapse.gif HTTP/1.1" 304 -
124.78.156.206 - - [18/May/2024:10:26:13 +0800] "GET /xingrg/javascript/jquery_easy_ui/themes/default/images/tabs_rightarrow.png HTTP/1.1" 304 -
124.78.156.206 - - [18/May/2024:10:26:13 +0800] "POST /xingrg/load_menu.html HTTP/1.1" 200 5138
124.78.156.206 - - [18/May/2024:10:26:13 +0800] "POST /xingrg/all/common/load_tree.html?tree=area_rest_tree_json&manage=1 HTTP/1.1" 200 342
124.78.156.206 - - [18/May/2024:10:26:13 +0800] "GET /xingrg/javascript/jquery_easy_ui/themes/default/images/tree_arrows.gif HTTP/1.1" 304 -
124.78.156.206 - - [18/May/2024:10:26:13 +0800] "GET /xingrg/javascript/jquery_easy_ui/themes/default/images/tree_folder_open.gif HTTP/1.1" 304 -
124.78.156.206 - - [18/May/2024:10:26:13 +0800] "GET /xingrg/javascript/jquery_easy_ui/themes/icons/search_new.png HTTP/1.1" 304 -
124.78.156.206 - - [18/May/2024:10:26:13 +0800] "GET /xingrg/javascript/jquery_easy_ui/themes/default/images/tree_folder.gif HTTP/1.1" 304 -
124.78.156.206 - - [18/May/2024:10:26:13 +0800] "GET /xingrg/javascript/jquery_easy_ui/themes/icons/storage_new.png HTTP/1.1" 304 -
124.78.156.206 - - [18/May/2024:10:26:13 +0800] "GET /xingrg/javascript/jquery_easy_ui/themes/icons/forms_new.png HTTP/1.1" 304 -
124.78.156.206 - - [18/May/2024:10:26:13 +0800] "GET /xingrg/javascript/jquery_easy_ui/themes/default/images/tree_file.gif HTTP/1.1" 304 -
124.78.156.206 - - [18/May/2024:10:26:13 +0800] "POST /xingrg/kc/buy/cgsh_list_operate.html HTTP/1.1" 200 1365
124.78.156.206 - - [18/May/2024:10:26:14 +0800] "GET /xingrg/kc/buy/buy_main.html HTTP/1.1" 200 12412
124.78.156.206 - - [18/May/2024:10:26:14 +0800] "GET /xingrg/javascript/jquery_easy_ui/themes/default/images/tabs_close.gif HTTP/1.1" 304 -
124.78.156.206 - - [18/May/2024:10:26:14 +0800] "GET /xingrg/css/new_ie.css HTTP/1.1" 404 1036
124.78.156.206 - - [18/May/2024:10:26:14 +0800] "GET /xingrg/css/blue.css HTTP/1.1" 304 -
124.78.156.206 - - [18/May/2024:10:26:14 +0800] "GET /xingrg/javascript/jquery_ui/themes/humanity/humanity.css HTTP/1.1" 304 -
124.78.156.206 - - [18/May/2024:10:26:14 +0800] "GET /xingrg/javascript/pic_change.js HTTP/1.1" 304 -
124.78.156.206 - - [18/May/2024:10:26:14 +0800] "GET /xingrg/javascript/ToolTips.js HTTP/1.1" 304 -
124.78.156.206 - - [18/May/2024:10:26:14 +0800] "GET /xingrg/javascript/myfunction.js HTTP/1.1" 304 -
