124.78.156.206 - - [18/May/2024:10:26:14 +0800] "GET /xingrg/javascript/jquery_ui/jquery-ui.min.js HTTP/1.1" 304 -
124.78.156.206 - - [18/May/2024:10:26:14 +0800] "GET /xingrg/images/blue/button/cgshd.gif HTTP/1.1" 304 -
124.78.156.206 - - [18/May/2024:10:26:14 +0800] "GET /xingrg/images/blue/button/cgxqd.gif HTTP/1.1" 304 -
124.78.156.206 - - [18/May/2024:10:26:14 +0800] "GET /xingrg/images/blue/button/cgydd.gif HTTP/1.1" 304 -
124.78.156.206 - - [18/May/2024:10:26:14 +0800] "GET /xingrg/images/blue/button/cgfkd.gif HTTP/1.1" 304 -
124.78.156.206 - - [18/May/2024:10:26:14 +0800] "GET /xingrg/images/blue/button/ckthd.gif HTTP/1.1" 304 -
124.78.156.206 - - [18/May/2024:10:26:14 +0800] "GET /xingrg/images/blue/button/kc.gif HTTP/1.1" 304 -
124.78.156.206 - - [18/May/2024:10:26:14 +0800] "GET /xingrg/images/blue/pic_form2.gif HTTP/1.1" 304 -
124.78.156.206 - - [18/May/2024:10:26:14 +0800] "GET /xingrg/javascript/jquery_ui/themes/humanity/images/ui-bg_inset-soft_100_f4f0ec_1x100.png HTTP/1.1" 304 -
124.78.156.206 - - [18/May/2024:10:26:14 +0800] "GET /xingrg/images/blue/bg_dotted.jpg HTTP/1.1" 304 -
124.78.156.206 - - [18/May/2024:10:26:14 +0800] "GET /xingrg/images/blue/button/right_ah.jpg HTTP/1.1" 304 -
124.78.156.206 - - [18/May/2024:10:26:14 +0800] "GET /xingrg/images/blue/button/down_ah.jpg HTTP/1.1" 304 -
124.78.156.206 - - [18/May/2024:10:26:15 +0800] "GET /xingrg/javascript/jquery_ui/themes/humanity/images/ui-iconsnew.jpg HTTP/1.1" 304 -
124.78.156.206 - - [18/May/2024:10:26:15 +0800] "GET /xingrg/javascript/jquery_ui/themes/humanity/images/ui-icons_ffffff_256x240.png HTTP/1.1" 304 -
124.78.156.206 - - [18/May/2024:10:26:15 +0800] "GET /xingrg/javascript/jquery_ui/themes/humanity/images/ui-icons_c47a23_256x240.png HTTP/1.1" 304 -
124.78.156.206 - - [18/May/2024:10:26:15 +0800] "GET /xingrg/javascript/jquery_ui/themes/humanity/images/ui-bg_glass_70_ede4d4_1x400.png HTTP/1.1" 304 -
222.67.233.39 - - [18/May/2024:10:26:15 +0800] "GET /xingrg/kc/buy/cgsh_order_operate.html?command=get_materiel&rest_code=00141&code=00101008264&supplier_code=00100008&order_time=2024-05-18 HTTP/1.1" 200 412
180.164.6.225 - - [18/May/2024:10:26:15 +0800] "GET /xingrg/all/function/internal_message.html?_=1715999173860&CODE_STATE=getMsg HTTP/1.1" 200 27
124.78.156.206 - - [18/May/2024:10:26:16 +0800] "GET /xingrg/images/yd/bt.gif HTTP/1.1" 404 1040
222.67.233.39 - - [18/May/2024:10:26:16 +0800] "GET /xingrg/all/function/internal_message.html?_=1715999176411&CODE_STATE=getMsg HTTP/1.1" 200 27
222.67.233.39 - - [18/May/2024:10:26:16 +0800] "GET /xingrg/check_reg.html?_=1715999176415 HTTP/1.1" 200 22
124.78.156.206 - - [18/May/2024:10:26:17 +0800] "GET /xingrg/kc/buy/cgsh_order_list.html HTTP/1.1" 200 58780
124.78.156.206 - - [18/May/2024:10:26:17 +0800] "GET /xingrg/css/base.css HTTP/1.1" 304 -
124.78.156.206 - - [18/May/2024:10:26:17 +0800] "GET /xingrg/css/site.css HTTP/1.1" 304 -
124.78.156.206 - - [18/May/2024:10:26:17 +0800] "GET /xingrg/javascript/jquery_tools/datebox.css HTTP/1.1" 304 -
124.78.156.206 - - [18/May/2024:10:26:17 +0800] "GET /xingrg/javascript/easyui/themes/default/easyui.css HTTP/1.1" 304 -
124.78.156.206 - - [18/May/2024:10:26:17 +0800] "GET /xingrg/javascript/easyui/themes/icon.css HTTP/1.1" 304 -
124.78.156.206 - - [18/May/2024:10:26:17 +0800] "GET /xingrg/javascript/jquery_tools/fix.css HTTP/1.1" 304 -
124.78.156.206 - - [18/May/2024:10:26:17 +0800] "GET /xingrg/javascript/auto/jquery.autocomplete.css HTTP/1.1" 304 -
124.78.156.206 - - [18/May/2024:10:26:17 +0800] "GET /xingrg/javascript/jquery_tools/table.css HTTP/1.1" 304 -
124.78.156.206 - - [18/May/2024:10:26:17 +0800] "GET /xingrg/javascript/jquery_tools/jquery.tools.min.js HTTP/1.1" 304 -
124.78.156.206 - - [18/May/2024:10:26:17 +0800] "GET /xingrg/javascript/jquery_tools/jquery.tools.extend.js HTTP/1.1" 304 -
124.78.156.206 - - [18/May/2024:10:26:17 +0800] "GET /xingrg/javascript/jquery_tools/jquery.tools.table.js HTTP/1.1" 304 -
124.78.156.206 - - [18/May/2024:10:26:17 +0800] "GET /xingrg/javascript/jquery_tools/jquery.tools.hotkey.js HTTP/1.1" 304 -
124.78.156.206 - - [18/May/2024:10:26:17 +0800] "GET /xingrg/javascript/jquery_tools/list_manager.js HTTP/1.1" 304 -
124.78.156.206 - - [18/May/2024:10:26:17 +0800] "GET /xingrg/javascript/auto/jquery.autocomplete.js HTTP/1.1" 304 -
124.78.156.206 - - [18/May/2024:10:26:17 +0800] "GET /xingrg/javascript/easyui/easyloader.js HTTP/1.1" 304 -
124.78.156.206 - - [18/May/2024:10:26:17 +0800] "GET /xingrg/javascript/jquery.cookie.js HTTP/1.1" 304 -
124.78.156.206 - - [18/May/2024:10:26:17 +0800] "GET /xingrg/javascript/print/LodopFuncs.js HTTP/1.1" 304 -
124.78.156.206 - - [18/May/2024:10:26:17 +0800] "GET /xingrg/javascript/easyui/themes/icons/cance_new.png HTTP/1.1" 304 -
124.78.156.206 - - [18/May/2024:10:26:17 +0800] "GET /xingrg/javascript/easyui/themes/icons/import_new.png HTTP/1.1" 304 -
124.78.156.206 - - [18/May/2024:10:26:17 +0800] "GET /xingrg/javascript/easyui/themes/icons/edit_add_new.png HTTP/1.1" 304 -
124.78.156.206 - - [18/May/2024:10:26:17 +0800] "GET /xingrg/javascript/easyui/themes/icons/check_new.png HTTP/1.1" 304 -
124.78.156.206 - - [18/May/2024:10:26:17 +0800] "GET /xingrg/javascript/easyui/themes/icons/field_new.png HTTP/1.1" 304 -
124.78.156.206 - - [18/May/2024:10:26:17 +0800] "GET /xingrg/javascript/easyui/plugins/jquery.parser.js HTTP/1.1" 304 -
124.78.156.206 - - [18/May/2024:10:26:17 +0800] "GET /xingrg/images/control/ajaxLoader.gif HTTP/1.1" 304 -
116.232.195.13 - - [18/May/2024:10:26:17 +0800] "GET /xingrg/all/function/internal_message.html?_=1715999139412&CODE_STATE=getMsg HTTP/1.1" 200 27
124.78.156.206 - - [18/May/2024:10:26:21 +0800] "POST /xingrg/kc/buy/cgsh_list_operate.html HTTP/1.1" 200 1365
124.78.156.206 - - [18/May/2024:10:26:24 +0800] "POST /xingrg/kc/buy/cgsh_list_operate.html HTTP/1.1" 200 572
124.78.156.206 - - [18/May/2024:10:26:24 +0800] "GET /xingrg/kc/base/base_main.html HTTP/1.1" 200 12142
124.78.156.206 - - [18/May/2024:10:26:24 +0800] "GET /xingrg/images/blue/button/wlsy.gif HTTP/1.1" 200 2536
124.78.156.206 - - [18/May/2024:10:26:24 +0800] "GET /xingrg/images/blue/button/ckpd.gif HTTP/1.1" 200 2051
124.78.156.206 - - [18/May/2024:10:26:24 +0800] "GET /xingrg/images/blue/button/ckdb.gif HTTP/1.1" 200 1950
124.78.156.206 - - [18/May/2024:10:26:24 +0800] "GET /xingrg/images/blue/button/yddb.gif HTTP/1.1" 200 2040
124.78.156.206 - - [18/May/2024:10:26:24 +0800] "GET /xingrg/images/blue/button/top_right.jpg HTTP/1.1" 200 1708
124.78.156.206 - - [18/May/2024:10:26:24 +0800] "GET /xingrg/images/blue/button/bottom_left.jpg HTTP/1.1" 200 1524
124.78.156.206 - - [18/May/2024:10:26:24 +0800] "GET /xingrg/images/blue/button/bottom_right.jpg HTTP/1.1" 200 1436
124.78.156.206 - - [18/May/2024:10:26:24 +0800] "GET /xingrg/images/blue/button/left_ah.jpg HTTP/1.1" 200 1643
124.78.156.206 - - [18/May/2024:10:26:24 +0800] "GET /xingrg/images/blue/button/down.jpg HTTP/1.1" 200 1560
124.78.156.206 - - [18/May/2024:10:26:24 +0800] "GET /xingrg/images/blue/button/top_left.jpg HTTP/1.1" 200 1632
124.78.156.206 - - [18/May/2024:10:26:26 +0800] "GET /xingrg/kc/buy/cgsh_order_info.html?code=212024051805012 HTTP/1.1" 200 74561
124.78.156.206 - - [18/May/2024:10:26:26 +0800] "GET /xingrg/kc/base/wldb_order_list.html HTTP/1.1" 200 19174
180.169.147.146 - - [18/May/2024:10:26:26 +0800] "GET /xingrg/check_reg.html?_=1715999187647 HTTP/1.1" 200 22
124.78.156.206 - - [18/May/2024:10:26:26 +0800] "GET /xingrg/javascript/easyui/themes/default/validatebox.css HTTP/1.1" 404 1104
124.78.156.206 - - [18/May/2024:10:26:26 +0800] "POST /xingrg/kc/base/wldb_list_operate.html HTTP/1.1" 200 928
116.238.97.31 - - [18/May/2024:10:26:27 +0800] "GET /xingrg/all/function/internal_message.html?_=1715999187457&CODE_STATE=getMsg HTTP/1.1" 200 27
124.78.156.206 - - [18/May/2024:10:26:27 +0800] "POST /xingrg/kc/buy/cgsh_order_operate.html HTTP/1.1" 200 12793
180.156.239.18 - - [18/May/2024:10:26:27 +0800] "GET /xingrg/all/function/internal_message.html?_=1715999187530&CODE_STATE=getMsg HTTP/1.1" 200 27
124.78.156.206 - - [18/May/2024:10:26:28 +0800] "GET /xingrg/javascript/easyui/themes/default/images/button_plain_hover.png HTTP/1.1" 304 -
222.67.233.39 - - [18/May/2024:10:26:28 +0800] "GET /xingrg/kc/buy/cgsh_order_operate.html?command=get_materiel&rest_code=00141&code=00101008352&supplier_code=00100008&order_time=2024-05-18 HTTP/1.1" 200 412
116.235.244.24 - - [18/May/2024:10:26:28 +0800] "GET /xingrg/all/function/internal_message.html?_=1715999210562&CODE_STATE=getMsg HTTP/1.1" 200 27
124.78.156.206 - - [18/May/2024:10:26:28 +0800] "GET /xingrg/kc/base/wldb_order_add.html HTTP/1.1" 200 30662
124.78.156.206 - - [18/May/2024:10:26:28 +0800] "GET /xingrg/javascript/jquery_tools/order_manager.js HTTP/1.1" 304 -
124.78.156.206 - - [18/May/2024:10:26:28 +0800] "GET /xingrg/javascript/convert.js HTTP/1.1" 304 -
124.78.156.206 - - [18/May/2024:10:26:28 +0800] "GET /xingrg/javascript/json2.js HTTP/1.1" 304 -
124.78.156.206 - - [18/May/2024:10:26:28 +0800] "GET /xingrg/javascript/print/kc_print.js HTTP/1.1" 304 -
124.78.156.206 - - [18/May/2024:10:26:28 +0800] "GET /xingrg/words/20240517155125_words.js HTTP/1.1" 200 1025236
124.78.156.206 - - [18/May/2024:10:26:28 +0800] "GET /xingrg/javascript/easyui/themes/icons/ok.png HTTP/1.1" 200 883
124.78.156.206 - - [18/May/2024:10:26:28 +0800] "GET /xingrg/javascript/easyui/themes/icons/print.png HTTP/1.1" 304 -
124.78.156.206 - - [18/May/2024:10:26:28 +0800] "GET /xingrg/javascript/easyui/themes/icons/template_new.png HTTP/1.1" 200 3956
124.78.156.206 - - [18/May/2024:10:26:28 +0800] "GET /xingrg/javascript/easyui/themes/default/images/menu_downarrow.png HTTP/1.1" 304 -
124.78.156.206 - - [18/May/2024:10:26:28 +0800] "GET /xingrg/javascript/easyui/themes/icons/cancel.png HTTP/1.1" 304 -
124.78.156.206 - - [18/May/2024:10:26:29 +0800] "POST /xingrg/kc/base/wldb_order_operate.html HTTP/1.1" 200 6806
124.78.156.206 - - [18/May/2024:10:26:29 +0800] "POST /xingrg/kc/buy/cgsh_list_operate.html HTTP/1.1" 200 1365
124.78.156.206 - - [18/May/2024:10:26:29 +0800] "GET /xingrg/all/common/auto_word.html?type=base&rest_code=00106 HTTP/1.1" 200 1799
124.78.156.206 - - [18/May/2024:10:26:29 +0800] "GET /xingrg/javascript/easyui/themes/default/validatebox.css HTTP/1.1" 404 1104
124.78.156.206 - - [18/May/2024:10:26:29 +0800] "GET /xingrg/javascript/easyui/plugins/jquery.validatebox.js HTTP/1.1" 304 -
124.78.156.206 - - [18/May/2024:10:26:29 +0800] "GET /xingrg/all/common/auto_word.html?type=base&rest_code=00106 HTTP/1.1" 200 1799
124.78.156.206 - - [18/May/2024:10:26:29 +0800] "GET /xingrg/javascript/easyui/plugins/jquery.numberbox.js HTTP/1.1" 304 -
124.78.156.206 - - [18/May/2024:10:26:29 +0800] "GET /xingrg/javascript/easyui/themes/icons/edit_remove.png HTTP/1.1" 304 -
124.78.156.206 - - [18/May/2024:10:26:30 +0800] "GET /xingrg/css/images/panel_loading.gif HTTP/1.1" 200 1737
124.78.156.206 - - [18/May/2024:10:26:30 +0800] "POST /xingrg/all/common/load_combo.html?type=base HTTP/1.1" 200 3227
101.83.144.49 - - [18/May/2024:10:26:32 +0800] "GET /xingrg/all/function/internal_message.html?_=1715999192289&CODE_STATE=getMsg HTTP/1.1" 200 27
222.70.183.82 - - [18/May/2024:10:26:32 +0800] "GET /xingrg/all/function/internal_message.html?_=1715999192091&CODE_STATE=getMsg HTTP/1.1" 200 27
101.83.144.49 - - [18/May/2024:10:26:34 +0800] "GET /xingrg/all/function/internal_message.html?_=1715998941030&CODE_STATE=getMsg HTTP/1.1" 200 27
124.78.156.206 - - [18/May/2024:10:26:38 +0800] "POST /xingrg/all/common/load_combo.html?type=base HTTP/1.1" 200 3227
124.78.156.206 - - [18/May/2024:10:26:42 +0800] "GET /xingrg/all/function/internal_message.html?_=1715999193388&CODE_STATE=getMsg HTTP/1.1" 200 27
120.253.135.82 - - [18/May/2024:10:26:48 +0800] "GET /xingrg/all/function/internal_message.html?_=1715999059783&CODE_STATE=getMsg HTTP/1.1" 200 27
222.69.133.140 - - [18/May/2024:10:26:49 +0800] "GET /xingrg/all/function/internal_message.html?_=1715999210310&CODE_STATE=getMsg HTTP/1.1" 200 27
222.67.233.39 - - [18/May/2024:10:26:49 +0800] "GET /xingrg/kc/buy/cgsh_order_operate.html?command=get_materiel&rest_code=00141&code=00101008069&supplier_code=00100008&order_time=2024-05-18 HTTP/1.1" 200 412
114.83.217.213 - - [18/May/2024:10:26:59 +0800] "GET /xingrg/all/function/internal_message.html?_=1715999215538&CODE_STATE=getMsg HTTP/1.1" 200 27
222.67.233.39 - - [18/May/2024:10:26:59 +0800] "GET /xingrg/kc/buy/cgsh_order_operate.html?command=get_materiel&rest_code=00141&code=00101008368&supplier_code=00100008&order_time=2024-05-18 HTTP/1.1" 200 408
124.78.156.206 - - [18/May/2024:10:27:02 +0800] "GET /xingrg/javascript/auto/indicator.gif HTTP/1.1" 404 1066
101.80.230.31 - - [18/May/2024:10:27:09 +0800] "GET /xingrg/all/function/internal_message.html?_=1715999239956&CODE_STATE=getMsg HTTP/1.1" 200 27
116.235.244.24 - - [18/May/2024:10:27:11 +0800] "GET /xingrg/check_reg.html?_=1715999252910 HTTP/1.1" 200 22
124.78.156.206 - - [18/May/2024:10:27:13 +0800] "GET /xingrg/all/function/internal_message.html?_=1715999234542&CODE_STATE=getMsg HTTP/1.1" 200 27
222.67.233.39 - - [18/May/2024:10:27:14 +0800] "GET /xingrg/kc/buy/cgsh_order_operate.html?command=get_materiel&rest_code=00141&code=00101015163&supplier_code=00100008&order_time=2024-05-18 HTTP/1.1" 200 409
222.70.183.82 - - [18/May/2024:10:27:15 +0800] "POST /xingrg/services/DataTransmitService HTTP/1.1" 200 524
180.164.6.225 - - [18/May/2024:10:27:15 +0800] "GET /xingrg/all/function/internal_message.html?_=1715999233858&CODE_STATE=getMsg HTTP/1.1" 200 27
222.67.233.39 - - [18/May/2024:10:27:16 +0800] "GET /xingrg/all/function/internal_message.html?_=1715999236421&CODE_STATE=getMsg HTTP/1.1" 200 27
222.70.183.82 - - [18/May/2024:10:27:17 +0800] "POST /xingrg/services/DataTransmitService HTTP/1.1" 200 2499
116.232.195.13 - - [18/May/2024:10:27:17 +0800] "GET /xingrg/all/function/internal_message.html?_=1715999199399&CODE_STATE=getMsg HTTP/1.1" 200 27
222.70.183.82 - - [18/May/2024:10:27:18 +0800] "POST /xingrg/services/DataTransmitService HTTP/1.1" 200 2563
222.70.183.82 - - [18/May/2024:10:27:18 +0800] "POST /xingrg/services/DataTransmitService HTTP/1.1" 200 1439
222.70.183.82 - - [18/May/2024:10:27:19 +0800] "POST /xingrg/services/DataTransmitService HTTP/1.1" 200 216811
180.156.239.18 - - [18/May/2024:10:27:20 +0800] "POST /xingrg/services/DataTransmitService HTTP/1.1" 200 524
124.78.156.206 - - [18/May/2024:10:27:20 +0800] "POST /xingrg/services/DataTransmitService HTTP/1.1" 200 524
124.78.156.206 - - [18/May/2024:10:27:22 +0800] "POST /xingrg/services/DataTransmitService HTTP/1.1" 200 501
222.67.233.39 - - [18/May/2024:10:27:22 +0800] "GET /xingrg/kc/buy/cgsh_order_operate.html?command=get_materiel&rest_code=00141&code=00101008064&supplier_code=00100008&order_time=2024-05-18 HTTP/1.1" 200 412
124.78.156.206 - - [18/May/2024:10:27:25 +0800] "GET /xingrg/kc/base/wldb_order_operate.html?command=get_materiel&rest_code=00106&base_code=0010396&code=00101019185 HTTP/1.1" 200 468
116.238.97.31 - - [18/May/2024:10:27:27 +0800] "GET /xingrg/all/function/internal_message.html?_=1715999247448&CODE_STATE=getMsg HTTP/1.1" 200 27
180.156.239.18 - - [18/May/2024:10:27:27 +0800] "GET /xingrg/all/function/internal_message.html?_=1715999247520&CODE_STATE=getMsg HTTP/1.1" 200 27
180.156.239.18 - - [18/May/2024:10:27:28 +0800] "GET /xingrg/check_reg.html?_=1715999247780 HTTP/1.1" 200 22
116.235.244.24 - - [18/May/2024:10:27:28 +0800] "GET /xingrg/all/function/internal_message.html?_=1715999270568&CODE_STATE=getMsg HTTP/1.1" 200 27
101.83.144.49 - - [18/May/2024:10:27:32 +0800] "GET /xingrg/all/function/internal_message.html?_=1715999252291&CODE_STATE=getMsg HTTP/1.1" 200 27
222.70.183.82 - - [18/May/2024:10:27:32 +0800] "GET /xingrg/all/function/internal_message.html?_=1715999252096&CODE_STATE=getMsg HTTP/1.1" 200 27
101.83.144.49 - - [18/May/2024:10:27:34 +0800] "GET /xingrg/all/function/internal_message.html?_=1715999001042&CODE_STATE=getMsg HTTP/1.1" 200 27
222.67.233.39 - - [18/May/2024:10:27:36 +0800] "GET /xingrg/kc/buy/cgsh_order_operate.html?command=get_materiel&rest_code=00141&code=00101008004&supplier_code=00100008&order_time=2024-05-18 HTTP/1.1" 200 416
124.78.156.206 - - [18/May/2024:10:27:38 +0800] "GET /xingrg/javascript/jquery_easy_ui/themes/icons/rest.png HTTP/1.1" 200 695
124.78.156.206 - - [18/May/2024:10:27:38 +0800] "GET /xingrg/javascript/jquery_easy_ui/themes/icons/area.png HTTP/1.1" 200 262
124.78.156.206 - - [18/May/2024:10:27:38 +0800] "GET /xingrg/kc/base/wldb_order_operate.html?command=get_materiel&rest_code=00106&base_code=0010396&code=00101019492 HTTP/1.1" 200 457
124.78.156.206 - - [18/May/2024:10:27:40 +0800] "GET /xingrg/kc/print/load_data.html?order_code=212024051805012&kc_code=cgsh HTTP/1.1" 200 4503
124.78.156.206 - - [18/May/2024:10:27:42 +0800] "GET /xingrg/all/function/internal_message.html?_=1715999253379&CODE_STATE=getMsg HTTP/1.1" 200 27
120.253.135.82 - - [18/May/2024:10:27:48 +0800] "GET /xingrg/all/function/internal_message.html?_=1715999119969&CODE_STATE=getMsg HTTP/1.1" 200 27
222.67.233.39 - - [18/May/2024:10:27:49 +0800] "GET /xingrg/kc/buy/cgsh_order_operate.html?command=get_materiel&rest_code=00141&code=00101008356&supplier_code=00100008&order_time=2024-05-18 HTTP/1.1" 200 409
222.69.133.140 - - [18/May/2024:10:27:49 +0800] "GET /xingrg/all/function/internal_message.html?_=1715999270315&CODE_STATE=getMsg HTTP/1.1" 200 27
124.78.156.206 - - [18/May/2024:10:27:52 +0800] "GET /xingrg/kc/base/wldb_order_operate.html?command=get_materiel&rest_code=00106&base_code=0010396&code=00101019133 HTTP/1.1" 200 480
114.83.217.213 - - [18/May/2024:10:27:59 +0800] "GET /xingrg/all/function/internal_message.html?_=1715999275529&CODE_STATE=getMsg HTTP/1.1" 200 27
114.83.217.213 - - [18/May/2024:10:27:59 +0800] "GET /xingrg/check_reg.html?_=1715999275767 HTTP/1.1" 200 22
101.80.230.31 - - [18/May/2024:10:28:09 +0800] "GET /xingrg/check_reg.html?_=1715999299959 HTTP/1.1" 200 22
101.80.230.31 - - [18/May/2024:10:28:09 +0800] "GET /xingrg/all/function/internal_message.html?_=1715999299958&CODE_STATE=getMsg HTTP/1.1" 200 27
124.78.156.206 - - [18/May/2024:10:28:10 +0800] "GET /xingrg/kc/base/wldb_order_operate.html?command=get_materiel&rest_code=00106&base_code=0010396&code=00101019071 HTTP/1.1" 200 471
222.67.233.39 - - [18/May/2024:10:28:12 +0800] "GET /xingrg/kc/buy/cgsh_order_operate.html?command=get_materiel&rest_code=00141&code=00101008286&supplier_code=00100008&order_time=2024-05-18 HTTP/1.1" 200 408
124.78.156.206 - - [18/May/2024:10:28:13 +0800] "GET /xingrg/all/function/internal_message.html?_=1715999294527&CODE_STATE=getMsg HTTP/1.1" 200 27
180.164.6.225 - - [18/May/2024:10:28:15 +0800] "GET /xingrg/all/function/internal_message.html?_=1715999293858&CODE_STATE=getMsg HTTP/1.1" 200 27
222.67.233.39 - - [18/May/2024:10:28:16 +0800] "GET /xingrg/all/function/internal_message.html?_=1715999296429&CODE_STATE=getMsg HTTP/1.1" 200 27
116.232.195.13 - - [18/May/2024:10:28:17 +0800] "GET /xingrg/all/function/internal_message.html?_=1715999259405&CODE_STATE=getMsg HTTP/1.1" 200 27
222.67.233.39 - - [18/May/2024:10:28:25 +0800] "GET /xingrg/kc/buy/cgsh_order_operate.html?command=get_materiel&rest_code=00141&code=00101008272&supplier_code=00100008&order_time=2024-05-18 HTTP/1.1" 200 412
116.238.97.31 - - [18/May/2024:10:28:27 +0800] "GET /xingrg/all/function/internal_message.html?_=1715999307455&CODE_STATE=getMsg HTTP/1.1" 200 27
180.156.239.18 - - [18/May/2024:10:28:27 +0800] "GET /xingrg/all/function/internal_message.html?_=1715999307515&CODE_STATE=getMsg HTTP/1.1" 200 27
116.235.244.24 - - [18/May/2024:10:28:28 +0800] "GET /xingrg/all/function/internal_message.html?_=1715999330581&CODE_STATE=getMsg HTTP/1.1" 200 27
124.78.156.206 - - [18/May/2024:10:28:29 +0800] "GET /xingrg/kc/base/wldb_order_operate.html?command=get_materiel&rest_code=00106&base_code=0010396&code=00101019536 HTTP/1.1" 200 471
101.83.144.49 - - [18/May/2024:10:28:32 +0800] "GET /xingrg/check_reg.html?_=1715999312298 HTTP/1.1" 200 22
101.83.144.49 - - [18/May/2024:10:28:32 +0800] "GET /xingrg/all/function/internal_message.html?_=1715999312292&CODE_STATE=getMsg HTTP/1.1" 200 27
222.70.183.82 - - [18/May/2024:10:28:32 +0800] "GET /xingrg/all/function/internal_message.html?_=1715999312101&CODE_STATE=getMsg HTTP/1.1" 200 27
101.83.144.49 - - [18/May/2024:10:28:34 +0800] "GET /xingrg/all/function/internal_message.html?_=1715999061037&CODE_STATE=getMsg HTTP/1.1" 200 27
124.78.156.206 - - [18/May/2024:10:28:41 +0800] "GET /xingrg/check_reg.html?_=1715999312960 HTTP/1.1" 200 22
124.78.156.206 - - [18/May/2024:10:28:42 +0800] "GET /xingrg/all/function/internal_message.html?_=1715999313356&CODE_STATE=getMsg HTTP/1.1" 200 27
124.78.156.206 - - [18/May/2024:10:28:43 +0800] "GET /xingrg/kc/base/wldb_order_operate.html?command=get_materiel&rest_code=00106&base_code=0010396&code=00101019405 HTTP/1.1" 200 481
120.253.135.82 - - [18/May/2024:10:28:48 +0800] "GET /xingrg/all/function/internal_message.html?_=1715999179982&CODE_STATE=getMsg HTTP/1.1" 200 27
222.69.133.140 - - [18/May/2024:10:28:49 +0800] "GET /xingrg/check_reg.html?_=1715999330308 HTTP/1.1" 200 22
222.69.133.140 - - [18/May/2024:10:28:49 +0800] "GET /xingrg/all/function/internal_message.html?_=1715999330311&CODE_STATE=getMsg HTTP/1.1" 200 27
116.235.244.24 - - [18/May/2024:10:28:49 +0800] "POST /xingrg/services/DataTransmitService HTTP/1.1" 200 524
124.78.156.206 - - [18/May/2024:10:28:55 +0800] "GET /xingrg/kc/base/wldb_order_operate.html?command=get_materiel&rest_code=00106&base_code=0010396&code=00101019400 HTTP/1.1" 200 465
114.83.217.213 - - [18/May/2024:10:28:59 +0800] "GET /xingrg/all/function/internal_message.html?_=1715999335503&CODE_STATE=getMsg HTTP/1.1" 200 27
222.67.233.39 - - [18/May/2024:10:29:00 +0800] "GET /xingrg/kc/buy/cgsh_order_operate.html?command=get_materiel&rest_code=00141&code=00101008318&supplier_code=00100008&order_time=2024-05-18 HTTP/1.1" 200 408
101.80.230.31 - - [18/May/2024:10:29:09 +0800] "GET /xingrg/all/function/internal_message.html?_=1715999359960&CODE_STATE=getMsg HTTP/1.1" 200 27
124.78.156.206 - - [18/May/2024:10:29:13 +0800] "GET /xingrg/all/function/internal_message.html?_=1715999354531&CODE_STATE=getMsg HTTP/1.1" 200 27
180.164.6.225 - - [18/May/2024:10:29:15 +0800] "GET /xingrg/check_reg.html?_=1715999353849 HTTP/1.1" 200 22
180.164.6.225 - - [18/May/2024:10:29:15 +0800] "GET /xingrg/all/function/internal_message.html?_=1715999353849&CODE_STATE=getMsg HTTP/1.1" 200 27
222.67.233.39 - - [18/May/2024:10:29:16 +0800] "GET /xingrg/all/function/internal_message.html?_=1715999356419&CODE_STATE=getMsg HTTP/1.1" 200 27
116.232.195.13 - - [18/May/2024:10:29:17 +0800] "GET /xingrg/all/function/internal_message.html?_=1715999319410&CODE_STATE=getMsg HTTP/1.1" 200 27
222.67.233.39 - - [18/May/2024:10:29:18 +0800] "GET /xingrg/kc/buy/cgsh_order_operate.html?command=get_materiel&rest_code=00141&code=00101008163&supplier_code=00100008&order_time=2024-05-18 HTTP/1.1" 200 409
222.67.233.39 - - [18/May/2024:10:29:20 +0800] "POST /xingrg/kc/buy/cgsh_order_operate.html HTTP/1.1" 200 2065
116.238.97.31 - - [18/May/2024:10:29:27 +0800] "GET /xingrg/all/function/internal_message.html?_=1715999367443&CODE_STATE=getMsg HTTP/1.1" 200 27
116.238.97.31 - - [18/May/2024:10:29:27 +0800] "GET /xingrg/check_reg.html?_=1715999367447 HTTP/1.1" 200 22
180.156.239.18 - - [18/May/2024:10:29:27 +0800] "GET /xingrg/all/function/internal_message.html?_=1715999367491&CODE_STATE=getMsg HTTP/1.1" 200 27
222.67.233.39 - - [18/May/2024:10:29:28 +0800] "GET /xingrg/kc/buy/cgsh_order_operate.html?command=get_materiel&rest_code=00141&code=00101008331&supplier_code=00100008&order_time=2024-05-18 HTTP/1.1" 200 416
116.235.244.24 - - [18/May/2024:10:29:28 +0800] "GET /xingrg/all/function/internal_message.html?_=1715999390606&CODE_STATE=getMsg HTTP/1.1" 200 27
101.83.144.49 - - [18/May/2024:10:29:32 +0800] "GET /xingrg/all/function/internal_message.html?_=1715999372310&CODE_STATE=getMsg HTTP/1.1" 200 27
222.70.183.82 - - [18/May/2024:10:29:32 +0800] "GET /xingrg/all/function/internal_message.html?_=1715999372102&CODE_STATE=getMsg HTTP/1.1" 200 27
222.70.183.82 - - [18/May/2024:10:29:32 +0800] "GET /xingrg/check_reg.html?_=1715999372096 HTTP/1.1" 200 22
101.83.144.49 - - [18/May/2024:10:29:34 +0800] "GET /xingrg/check_reg.html?_=1715999121056 HTTP/1.1" 200 22
101.83.144.49 - - [18/May/2024:10:29:34 +0800] "GET /xingrg/all/function/internal_message.html?_=1715999121059&CODE_STATE=getMsg HTTP/1.1" 200 27
222.70.183.82 - - [18/May/2024:10:29:37 +0800] "POST /xingrg/services/DataTransmitService HTTP/1.1" 200 524
222.67.233.39 - - [18/May/2024:10:29:37 +0800] "GET /xingrg/kc/buy/cgsh_order_operate.html?command=get_materiel&rest_code=00141&code=00101008098&supplier_code=00100008&order_time=2024-05-18 HTTP/1.1" 200 412
222.70.183.82 - - [18/May/2024:10:29:38 +0800] "POST /xingrg/services/DataTransmitService HTTP/1.1" 200 501
124.78.156.206 - - [18/May/2024:10:29:40 +0800] "GET /xingrg/kc/base/wldb_order_operate.html?command=get_materiel&rest_code=00106&base_code=0010396&code=00101019222 HTTP/1.1" 200 452
124.78.156.206 - - [18/May/2024:10:29:42 +0800] "GET /xingrg/all/function/internal_message.html?_=1715999373341&CODE_STATE=getMsg HTTP/1.1" 200 27
222.67.233.39 - - [18/May/2024:10:29:48 +0800] "GET /xingrg/kc/buy/cgsh_order_operate.html?command=get_materiel&rest_code=00141&code=00101008005&supplier_code=00100008&order_time=2024-05-18 HTTP/1.1" 200 412
120.253.135.82 - - [18/May/2024:10:29:48 +0800] "GET /xingrg/all/function/internal_message.html?_=1715999240173&CODE_STATE=getMsg HTTP/1.1" 200 27
222.69.133.140 - - [18/May/2024:10:29:49 +0800] "GET /xingrg/all/function/internal_message.html?_=1715999390314&CODE_STATE=getMsg HTTP/1.1" 200 27
124.78.156.206 - - [18/May/2024:10:29:50 +0800] "GET /xingrg/kc/base/wldb_order_operate.html?command=get_materiel&rest_code=00106&base_code=0010396&code=00101019359 HTTP/1.1" 200 462
114.83.217.213 - - [18/May/2024:10:29:59 +0800] "GET /xingrg/all/function/internal_message.html?_=1715999395473&CODE_STATE=getMsg HTTP/1.1" 200 27
222.67.233.39 - - [18/May/2024:10:30:00 +0800] "GET /xingrg/kc/buy/cgsh_order_operate.html?command=get_materiel&rest_code=00141&code=00101008096&supplier_code=00100008&order_time=2024-05-18 HTTP/1.1" 200 412
101.80.230.31 - - [18/May/2024:10:30:09 +0800] "GET /xingrg/all/function/internal_message.html?_=1715999419965&CODE_STATE=getMsg HTTP/1.1" 200 27
222.67.233.39 - - [18/May/2024:10:30:11 +0800] "GET /xingrg/kc/buy/cgsh_order_operate.html?command=get_materiel&rest_code=00141&code=00101008298&supplier_code=00100008&order_time=2024-05-18 HTTP/1.1" 200 412
124.78.156.206 - - [18/May/2024:10:30:13 +0800] "GET /xingrg/all/function/internal_message.html?_=1715999414542&CODE_STATE=getMsg HTTP/1.1" 200 27
222.67.233.39 - - [18/May/2024:10:30:13 +0800] "POST /xingrg/kc/buy/cgsh_order_operate.html HTTP/1.1" 200 2065
180.164.6.225 - - [18/May/2024:10:30:15 +0800] "GET /xingrg/all/function/internal_message.html?_=1715999413861&CODE_STATE=getMsg HTTP/1.1" 200 27
222.67.233.39 - - [18/May/2024:10:30:16 +0800] "GET /xingrg/all/function/internal_message.html?_=1715999416421&CODE_STATE=getMsg HTTP/1.1" 200 27
116.232.195.13 - - [18/May/2024:10:30:17 +0800] "GET /xingrg/check_reg.html?_=1715999379403 HTTP/1.1" 200 22
116.232.195.13 - - [18/May/2024:10:30:17 +0800] "GET /xingrg/all/function/internal_message.html?_=1715999379405&CODE_STATE=getMsg HTTP/1.1" 200 27
124.78.156.206 - - [18/May/2024:10:30:19 +0800] "GET /xingrg/kc/base/wldb_order_operate.html?command=get_materiel&rest_code=00106&base_code=0010396&code=00101013052 HTTP/1.1" 200 443
222.67.233.39 - - [18/May/2024:10:30:19 +0800] "GET /xingrg/kc/buy/cgsh_order_operate.html?command=get_materiel&rest_code=00141&code=00101008283&supplier_code=00100008&order_time=2024-05-18 HTTP/1.1" 200 408
116.238.97.31 - - [18/May/2024:10:30:27 +0800] "GET /xingrg/all/function/internal_message.html?_=1715999427453&CODE_STATE=getMsg HTTP/1.1" 200 27
180.156.239.18 - - [18/May/2024:10:30:27 +0800] "GET /xingrg/all/function/internal_message.html?_=1715999427478&CODE_STATE=getMsg HTTP/1.1" 200 27
116.235.244.24 - - [18/May/2024:10:30:28 +0800] "GET /xingrg/all/function/internal_message.html?_=1715999450608&CODE_STATE=getMsg HTTP/1.1" 200 27
222.67.233.39 - - [18/May/2024:10:30:28 +0800] "GET /xingrg/kc/buy/cgsh_order_operate.html?command=get_materiel&rest_code=00141&code=00101008131&supplier_code=00100008&order_time=2024-05-18 HTTP/1.1" 200 408
124.78.156.206 - - [18/May/2024:10:30:30 +0800] "GET /xingrg/kc/base/wldb_order_operate.html?command=get_materiel&rest_code=00106&base_code=0010396&code=00101016094 HTTP/1.1" 200 470
101.83.144.49 - - [18/May/2024:10:30:32 +0800] "GET /xingrg/all/function/internal_message.html?_=1715999432311&CODE_STATE=getMsg HTTP/1.1" 200 27
222.70.183.82 - - [18/May/2024:10:30:32 +0800] "GET /xingrg/all/function/internal_message.html?_=1715999432091&CODE_STATE=getMsg HTTP/1.1" 200 27
101.83.144.49 - - [18/May/2024:10:30:34 +0800] "GET /xingrg/all/function/internal_message.html?_=1715999181035&CODE_STATE=getMsg HTTP/1.1" 200 27
120.253.135.82 - - [18/May/2024:10:30:35 +0800] "GET /xingrg/check_reg.html?_=1715999287172 HTTP/1.1" 200 22
222.67.233.39 - - [18/May/2024:10:30:37 +0800] "GET /xingrg/kc/buy/cgsh_order_operate.html?command=get_materiel&rest_code=00141&code=00101008353&supplier_code=00100008&order_time=2024-05-18 HTTP/1.1" 200 408
124.78.156.206 - - [18/May/2024:10:30:42 +0800] "GET /xingrg/all/function/internal_message.html?_=1715999433327&CODE_STATE=getMsg HTTP/1.1" 200 27
120.253.135.82 - - [18/May/2024:10:30:48 +0800] "GET /xingrg/all/function/internal_message.html?_=1715999300180&CODE_STATE=getMsg HTTP/1.1" 200 27
222.69.133.140 - - [18/May/2024:10:30:49 +0800] "GET /xingrg/all/function/internal_message.html?_=1715999450307&CODE_STATE=getMsg HTTP/1.1" 200 27
124.78.156.206 - - [18/May/2024:10:30:49 +0800] "POST /xingrg/kc/base/wldb_order_operate.html HTTP/1.1" 200 37
116.232.195.13 - - [18/May/2024:10:30:50 +0800] "POST /xingrg/services/DataTransmitService HTTP/1.1" 200 524
124.78.156.206 - - [18/May/2024:10:30:50 +0800] "POST /xingrg/kc/base/wldb_order_operate.html HTTP/1.1" 200 7198
124.78.156.206 - - [18/May/2024:10:30:51 +0800] "GET /xingrg/kc/base/wldb_order_info.html?code=422024051801194 HTTP/1.1" 200 30677
116.232.195.13 - - [18/May/2024:10:30:51 +0800] "POST /xingrg/services/DataTransmitService HTTP/1.1" 200 412
124.78.156.206 - - [18/May/2024:10:30:51 +0800] "GET /xingrg/javascript/easyui/themes/default/validatebox.css HTTP/1.1" 404 1104
124.78.156.206 - - [18/May/2024:10:30:52 +0800] "POST /xingrg/kc/base/wldb_order_operate.html HTTP/1.1" 200 7198
114.83.217.213 - - [18/May/2024:10:30:59 +0800] "GET /xingrg/all/function/internal_message.html?_=1715999455463&CODE_STATE=getMsg HTTP/1.1" 200 27
222.67.233.39 - - [18/May/2024:10:30:59 +0800] "GET /xingrg/kc/buy/cgsh_order_operate.html?command=get_materiel&rest_code=00141&code=00101008087&supplier_code=00100008&order_time=2024-05-18 HTTP/1.1" 200 412
101.80.230.31 - - [18/May/2024:10:31:09 +0800] "GET /xingrg/all/function/internal_message.html?_=1715999479964&CODE_STATE=getMsg HTTP/1.1" 200 27
124.78.156.206 - - [18/May/2024:10:31:13 +0800] "GET /xingrg/check_reg.html?_=1715999474545 HTTP/1.1" 200 22
124.78.156.206 - - [18/May/2024:10:31:13 +0800] "GET /xingrg/all/function/internal_message.html?_=1715999474548&CODE_STATE=getMsg HTTP/1.1" 200 27
180.164.6.225 - - [18/May/2024:10:31:15 +0800] "GET /xingrg/all/function/internal_message.html?_=1715999473858&CODE_STATE=getMsg HTTP/1.1" 200 27
222.67.233.39 - - [18/May/2024:10:31:16 +0800] "GET /xingrg/all/function/internal_message.html?_=1715999476421&CODE_STATE=getMsg HTTP/1.1" 200 27
222.67.233.39 - - [18/May/2024:10:31:16 +0800] "GET /xingrg/check_reg.html?_=1715999476426 HTTP/1.1" 200 22
116.232.195.13 - - [18/May/2024:10:31:17 +0800] "GET /xingrg/all/function/internal_message.html?_=1715999439421&CODE_STATE=getMsg HTTP/1.1" 200 27
222.67.233.39 - - [18/May/2024:10:31:20 +0800] "GET /xingrg/kc/buy/cgsh_order_operate.html?command=get_materiel&rest_code=00141&code=00101008137&supplier_code=00100008&order_time=2024-05-18 HTTP/1.1" 200 408
222.67.233.39 - - [18/May/2024:10:31:23 +0800] "POST /xingrg/kc/buy/cgsh_order_operate.html HTTP/1.1" 200 2065
180.169.147.146 - - [18/May/2024:10:31:26 +0800] "GET /xingrg/check_reg.html?_=1715999487622 HTTP/1.1" 200 22
116.238.97.31 - - [18/May/2024:10:31:27 +0800] "GET /xingrg/all/function/internal_message.html?_=1715999487446&CODE_STATE=getMsg HTTP/1.1" 200 27
180.156.239.18 - - [18/May/2024:10:31:27 +0800] "GET /xingrg/all/function/internal_message.html?_=1715999487457&CODE_STATE=getMsg HTTP/1.1" 200 27
116.235.244.24 - - [18/May/2024:10:31:28 +0800] "GET /xingrg/all/function/internal_message.html?_=1715999510631&CODE_STATE=getMsg HTTP/1.1" 200 27
222.67.233.39 - - [18/May/2024:10:31:30 +0800] "GET /xingrg/kc/buy/cgsh_order_operate.html?command=get_materiel&rest_code=00141&code=00101008213&supplier_code=00100008&order_time=2024-05-18 HTTP/1.1" 200 412
101.83.144.49 - - [18/May/2024:10:31:32 +0800] "GET /xingrg/all/function/internal_message.html?_=1715999492314&CODE_STATE=getMsg HTTP/1.1" 200 27
222.70.183.82 - - [18/May/2024:10:31:32 +0800] "GET /xingrg/all/function/internal_message.html?_=1715999492127&CODE_STATE=getMsg HTTP/1.1" 200 27
101.83.144.49 - - [18/May/2024:10:31:34 +0800] "GET /xingrg/all/function/internal_message.html?_=1715999241039&CODE_STATE=getMsg HTTP/1.1" 200 27
222.67.233.39 - - [18/May/2024:10:31:41 +0800] "GET /xingrg/kc/buy/cgsh_order_operate.html?command=get_materiel&rest_code=00141&code=00101008169&supplier_code=00100008&order_time=2024-05-18 HTTP/1.1" 200 412
124.78.156.206 - - [18/May/2024:10:31:42 +0800] "GET /xingrg/all/function/internal_message.html?_=1715999493299&CODE_STATE=getMsg HTTP/1.1" 200 27
120.253.135.82 - - [18/May/2024:10:31:48 +0800] "GET /xingrg/all/function/internal_message.html?_=1715999360194&CODE_STATE=getMsg HTTP/1.1" 200 27
222.69.133.140 - - [18/May/2024:10:31:49 +0800] "GET /xingrg/all/function/internal_message.html?_=1715999510325&CODE_STATE=getMsg HTTP/1.1" 200 27
222.67.233.39 - - [18/May/2024:10:31:54 +0800] "GET /xingrg/kc/buy/cgsh_order_operate.html?command=get_materiel&rest_code=00141&code=00101008072&supplier_code=00100008&order_time=2024-05-18 HTTP/1.1" 200 408
114.83.217.213 - - [18/May/2024:10:31:59 +0800] "GET /xingrg/all/function/internal_message.html?_=1715999515450&CODE_STATE=getMsg HTTP/1.1" 200 27
222.67.233.39 - - [18/May/2024:10:32:07 +0800] "GET /xingrg/kc/buy/cgsh_order_operate.html?command=get_materiel&rest_code=00141&code=00101008210&supplier_code=00100008&order_time=2024-05-18 HTTP/1.1" 200 408
101.80.230.31 - - [18/May/2024:10:32:09 +0800] "GET /xingrg/all/function/internal_message.html?_=1715999539970&CODE_STATE=getMsg HTTP/1.1" 200 27
116.235.244.24 - - [18/May/2024:10:32:11 +0800] "GET /xingrg/check_reg.html?_=1715999552923 HTTP/1.1" 200 22
124.78.156.206 - - [18/May/2024:10:32:13 +0800] "GET /xingrg/all/function/internal_message.html?_=1715999534549&CODE_STATE=getMsg HTTP/1.1" 200 27
180.164.6.225 - - [18/May/2024:10:32:15 +0800] "GET /xingrg/all/function/internal_message.html?_=1715999533849&CODE_STATE=getMsg HTTP/1.1" 200 27
222.67.233.39 - - [18/May/2024:10:32:16 +0800] "GET /xingrg/all/function/internal_message.html?_=1715999536407&CODE_STATE=getMsg HTTP/1.1" 200 27
222.67.233.39 - - [18/May/2024:10:32:17 +0800] "GET /xingrg/kc/buy/cgsh_order_operate.html?command=get_materiel&rest_code=00141&code=00101023033&supplier_code=00100008&order_time=2024-05-18 HTTP/1.1" 200 409
116.232.195.13 - - [18/May/2024:10:32:17 +0800] "GET /xingrg/all/function/internal_message.html?_=1715999499408&CODE_STATE=getMsg HTTP/1.1" 200 27
222.67.233.39 - - [18/May/2024:10:32:20 +0800] "POST /xingrg/kc/buy/cgsh_order_operate.html HTTP/1.1" 200 2065
116.238.97.31 - - [18/May/2024:10:32:27 +0800] "GET /xingrg/all/function/internal_message.html?_=1715999547459&CODE_STATE=getMsg HTTP/1.1" 200 27
180.156.239.18 - - [18/May/2024:10:32:27 +0800] "GET /xingrg/all/function/internal_message.html?_=1715999547447&CODE_STATE=getMsg HTTP/1.1" 200 27
180.156.239.18 - - [18/May/2024:10:32:28 +0800] "GET /xingrg/check_reg.html?_=1715999547776 HTTP/1.1" 200 22
116.235.244.24 - - [18/May/2024:10:32:28 +0800] "GET /xingrg/all/function/internal_message.html?_=1715999570636&CODE_STATE=getMsg HTTP/1.1" 200 27
101.83.144.49 - - [18/May/2024:10:32:32 +0800] "GET /xingrg/all/function/internal_message.html?_=1715999552316&CODE_STATE=getMsg HTTP/1.1" 200 27
222.70.183.82 - - [18/May/2024:10:32:32 +0800] "GET /xingrg/all/function/internal_message.html?_=1715999552117&CODE_STATE=getMsg HTTP/1.1" 200 27
101.83.144.49 - - [18/May/2024:10:32:34 +0800] "GET /xingrg/all/function/internal_message.html?_=1715999301037&CODE_STATE=getMsg HTTP/1.1" 200 27
222.67.233.39 - - [18/May/2024:10:32:37 +0800] "GET /xingrg/kc/buy/cgsh_order_operate.html?command=get_materiel&rest_code=00141&code=00101008350&supplier_code=00100008&order_time=2024-05-18 HTTP/1.1" 200 408
124.78.156.206 - - [18/May/2024:10:32:42 +0800] "GET /xingrg/kc/base/wldb_order_add.html HTTP/1.1" 200 30662
124.78.156.206 - - [18/May/2024:10:32:42 +0800] "GET /xingrg/all/function/internal_message.html?_=1715999553272&CODE_STATE=getMsg HTTP/1.1" 200 27
124.78.156.206 - - [18/May/2024:10:32:42 +0800] "GET /xingrg/javascript/easyui/themes/default/validatebox.css HTTP/1.1" 404 1104
124.78.156.206 - - [18/May/2024:10:32:42 +0800] "POST /xingrg/kc/base/wldb_order_operate.html HTTP/1.1" 200 6806
124.78.156.206 - - [18/May/2024:10:32:43 +0800] "POST /xingrg/all/common/load_combo.html?type=base HTTP/1.1" 200 3227
124.78.156.206 - - [18/May/2024:10:32:47 +0800] "POST /xingrg/all/common/load_combo.html?type=base HTTP/1.1" 200 3227
222.69.133.140 - - [18/May/2024:10:32:49 +0800] "GET /xingrg/all/function/internal_message.html?_=1715999570318&CODE_STATE=getMsg HTTP/1.1" 200 27
120.253.135.82 - - [18/May/2024:10:32:49 +0800] "GET /xingrg/all/function/internal_message.html?_=1715999420383&CODE_STATE=getMsg HTTP/1.1" 200 27
114.83.217.213 - - [18/May/2024:10:32:59 +0800] "GET /xingrg/all/function/internal_message.html?_=1715999575434&CODE_STATE=getMsg HTTP/1.1" 200 27
114.83.217.213 - - [18/May/2024:10:32:59 +0800] "GET /xingrg/check_reg.html?_=1715999575752 HTTP/1.1" 200 22
101.80.230.31 - - [18/May/2024:10:33:09 +0800] "GET /xingrg/all/function/internal_message.html?_=1715999599969&CODE_STATE=getMsg HTTP/1.1" 200 27
101.80.230.31 - - [18/May/2024:10:33:09 +0800] "GET /xingrg/check_reg.html?_=1715999599973 HTTP/1.1" 200 22
124.78.156.206 - - [18/May/2024:10:33:13 +0800] "GET /xingrg/all/function/internal_message.html?_=1715999594546&CODE_STATE=getMsg HTTP/1.1" 200 27
180.164.6.225 - - [18/May/2024:10:33:15 +0800] "GET /xingrg/all/function/internal_message.html?_=1715999593862&CODE_STATE=getMsg HTTP/1.1" 200 27
222.67.233.39 - - [18/May/2024:10:33:16 +0800] "GET /xingrg/all/function/internal_message.html?_=1715999596438&CODE_STATE=getMsg HTTP/1.1" 200 27
116.232.195.13 - - [18/May/2024:10:33:17 +0800] "GET /xingrg/all/function/internal_message.html?_=1715999559411&CODE_STATE=getMsg HTTP/1.1" 200 27
124.78.156.206 - - [18/May/2024:10:33:25 +0800] "GET /xingrg/kc/base/wldb_order_operate.html?command=get_materiel&rest_code=00106&base_code=0010396&code=00101019391 HTTP/1.1" 200 485
116.238.97.31 - - [18/May/2024:10:33:27 +0800] "GET /xingrg/all/function/internal_message.html?_=1715999607447&CODE_STATE=getMsg HTTP/1.1" 200 27
180.156.239.18 - - [18/May/2024:10:33:27 +0800] "GET /xingrg/all/function/internal_message.html?_=1715999607418&CODE_STATE=getMsg HTTP/1.1" 200 27
116.235.244.24 - - [18/May/2024:10:33:28 +0800] "GET /xingrg/all/function/internal_message.html?_=1715999630649&CODE_STATE=getMsg HTTP/1.1" 200 27
101.83.144.49 - - [18/May/2024:10:33:32 +0800] "GET /xingrg/all/function/internal_message.html?_=1715999612317&CODE_STATE=getMsg HTTP/1.1" 200 27
101.83.144.49 - - [18/May/2024:10:33:32 +0800] "GET /xingrg/check_reg.html?_=1715999612322 HTTP/1.1" 200 22
222.70.183.82 - - [18/May/2024:10:33:32 +0800] "GET /xingrg/all/function/internal_message.html?_=1715999612123&CODE_STATE=getMsg HTTP/1.1" 200 27
101.83.144.49 - - [18/May/2024:10:33:34 +0800] "GET /xingrg/all/function/internal_message.html?_=1715999361043&CODE_STATE=getMsg HTTP/1.1" 200 27
124.78.156.206 - - [18/May/2024:10:33:41 +0800] "GET /xingrg/kc/base/wldb_order_operate.html?command=get_materiel&rest_code=00106&base_code=0010396&code=00101013003 HTTP/1.1" 200 430
124.78.156.206 - - [18/May/2024:10:33:41 +0800] "GET /xingrg/check_reg.html?_=1715999612948 HTTP/1.1" 200 22
124.78.156.206 - - [18/May/2024:10:33:42 +0800] "GET /xingrg/all/function/internal_message.html?_=1715999613249&CODE_STATE=getMsg HTTP/1.1" 200 27
222.69.133.140 - - [18/May/2024:10:33:49 +0800] "GET /xingrg/check_reg.html?_=1715999630304 HTTP/1.1" 200 22
222.69.133.140 - - [18/May/2024:10:33:49 +0800] "GET /xingrg/all/function/internal_message.html?_=1715999630307&CODE_STATE=getMsg HTTP/1.1" 200 27
120.253.135.82 - - [18/May/2024:10:33:49 +0800] "GET /xingrg/all/function/internal_message.html?_=1715999480393&CODE_STATE=getMsg HTTP/1.1" 200 27
114.83.217.213 - - [18/May/2024:10:33:59 +0800] "GET /xingrg/all/function/internal_message.html?_=1715999635407&CODE_STATE=getMsg HTTP/1.1" 200 27
124.79.240.51 - - [18/May/2024:10:34:01 +0800] "POST /xingrg/services/DataTransmitService HTTP/1.1" 200 524
124.79.240.51 - - [18/May/2024:10:34:02 +0800] "POST /xingrg/services/DataTransmitService HTTP/1.1" 200 412
101.80.230.31 - - [18/May/2024:10:34:09 +0800] "GET /xingrg/all/function/internal_message.html?_=1715999659971&CODE_STATE=getMsg HTTP/1.1" 200 27
124.78.156.206 - - [18/May/2024:10:34:13 +0800] "GET /xingrg/all/function/internal_message.html?_=1715999654544&CODE_STATE=getMsg HTTP/1.1" 200 27
180.164.6.225 - - [18/May/2024:10:34:15 +0800] "GET /xingrg/check_reg.html?_=1715999653858 HTTP/1.1" 200 22
180.164.6.225 - - [18/May/2024:10:34:15 +0800] "GET /xingrg/all/function/internal_message.html?_=1715999653862&CODE_STATE=getMsg HTTP/1.1" 200 27
222.67.233.39 - - [18/May/2024:10:34:16 +0800] "GET /xingrg/all/function/internal_message.html?_=1715999656424&CODE_STATE=getMsg HTTP/1.1" 200 27
116.232.195.13 - - [18/May/2024:10:34:17 +0800] "GET /xingrg/all/function/internal_message.html?_=1715999619403&CODE_STATE=getMsg HTTP/1.1" 200 27
124.78.156.206 - - [18/May/2024:10:34:24 +0800] "POST /xingrg/kc/base/wldb_order_operate.html HTTP/1.1" 200 37
124.78.156.206 - - [18/May/2024:10:34:24 +0800] "POST /xingrg/kc/base/wldb_order_operate.html HTTP/1.1" 200 4196
124.78.156.206 - - [18/May/2024:10:34:26 +0800] "GET /xingrg/kc/base/wldb_order_info.html?code=422024051801195 HTTP/1.1" 200 30677
124.78.156.206 - - [18/May/2024:10:34:26 +0800] "GET /xingrg/javascript/easyui/themes/default/validatebox.css HTTP/1.1" 404 1104
124.78.156.206 - - [18/May/2024:10:34:27 +0800] "POST /xingrg/kc/base/wldb_order_operate.html HTTP/1.1" 200 4196
116.238.97.31 - - [18/May/2024:10:34:27 +0800] "GET /xingrg/all/function/internal_message.html?_=1715999667457&CODE_STATE=getMsg HTTP/1.1" 200 27
116.238.97.31 - - [18/May/2024:10:34:27 +0800] "GET /xingrg/check_reg.html?_=1715999667461 HTTP/1.1" 200 22
180.156.239.18 - - [18/May/2024:10:34:27 +0800] "GET /xingrg/all/function/internal_message.html?_=1715999667407&CODE_STATE=getMsg HTTP/1.1" 200 27
116.235.244.24 - - [18/May/2024:10:34:28 +0800] "GET /xingrg/all/function/internal_message.html?_=1715999690670&CODE_STATE=getMsg HTTP/1.1" 200 27
124.78.156.206 - - [18/May/2024:10:34:30 +0800] "GET /xingrg/kc/base/wldb_order_add.html HTTP/1.1" 200 30662
124.78.156.206 - - [18/May/2024:10:34:30 +0800] "POST /xingrg/kc/base/wldb_order_operate.html HTTP/1.1" 200 6806
124.78.156.206 - - [18/May/2024:10:34:30 +0800] "GET /xingrg/javascript/easyui/themes/default/validatebox.css HTTP/1.1" 404 1104
124.78.156.206 - - [18/May/2024:10:34:32 +0800] "POST /xingrg/all/common/load_combo.html?type=base HTTP/1.1" 200 3227
101.83.144.49 - - [18/May/2024:10:34:32 +0800] "GET /xingrg/all/function/internal_message.html?_=1715999672308&CODE_STATE=getMsg HTTP/1.1" 200 27
222.70.183.82 - - [18/May/2024:10:34:32 +0800] "GET /xingrg/all/function/internal_message.html?_=1715999672119&CODE_STATE=getMsg HTTP/1.1" 200 27
222.70.183.82 - - [18/May/2024:10:34:32 +0800] "GET /xingrg/check_reg.html?_=1715999672114 HTTP/1.1" 200 22
222.67.233.39 - - [18/May/2024:10:34:34 +0800] "GET /xingrg/kc/buy/cgsh_order_operate.html?command=get_materiel&rest_code=00141&code=00101008223&supplier_code=00100008&order_time=2024-05-18 HTTP/1.1" 200 412
101.83.144.49 - - [18/May/2024:10:34:34 +0800] "GET /xingrg/check_reg.html?_=1715999421033 HTTP/1.1" 200 22
101.83.144.49 - - [18/May/2024:10:34:34 +0800] "GET /xingrg/all/function/internal_message.html?_=1715999421036&CODE_STATE=getMsg HTTP/1.1" 200 27
124.78.156.206 - - [18/May/2024:10:34:35 +0800] "POST /xingrg/all/common/load_combo.html?type=base HTTP/1.1" 200 3227
124.78.156.206 - - [18/May/2024:10:34:42 +0800] "GET /xingrg/all/function/internal_message.html?_=1715999673235&CODE_STATE=getMsg HTTP/1.1" 200 27
222.67.233.39 - - [18/May/2024:10:34:47 +0800] "GET /xingrg/kc/buy/cgsh_order_operate.html?command=get_materiel&rest_code=00141&code=00101008150&supplier_code=00100008&order_time=2024-05-18 HTTP/1.1" 200 409
222.69.133.140 - - [18/May/2024:10:34:49 +0800] "GET /xingrg/all/function/internal_message.html?_=1715999690322&CODE_STATE=getMsg HTTP/1.1" 200 27
120.253.135.82 - - [18/May/2024:10:34:49 +0800] "GET /xingrg/all/function/internal_message.html?_=1715999540579&CODE_STATE=getMsg HTTP/1.1" 200 27
222.67.233.39 - - [18/May/2024:10:34:56 +0800] "GET /xingrg/kc/buy/cgsh_order_operate.html?command=get_materiel&rest_code=00141&code=00101008168&supplier_code=00100008&order_time=2024-05-18 HTTP/1.1" 200 412
114.83.217.213 - - [18/May/2024:10:34:59 +0800] "GET /xingrg/all/function/internal_message.html?_=1715999695379&CODE_STATE=getMsg HTTP/1.1" 200 27
222.67.233.39 - - [18/May/2024:10:34:59 +0800] "POST /xingrg/kc/buy/cgsh_order_operate.html HTTP/1.1" 200 2065
124.78.156.206 - - [18/May/2024:10:35:03 +0800] "GET /xingrg/kc/base/wldb_order_operate.html?command=get_materiel&rest_code=00106&base_code=0010396&code=00101019216 HTTP/1.1" 200 477
222.67.233.39 - - [18/May/2024:10:35:05 +0800] "GET /xingrg/kc/buy/cgsh_order_operate.html?command=get_materiel&rest_code=00141&code=00101008114&supplier_code=00100008&order_time=2024-05-18 HTTP/1.1" 200 412
101.80.230.31 - - [18/May/2024:10:35:09 +0800] "GET /xingrg/all/function/internal_message.html?_=1715999719973&CODE_STATE=getMsg HTTP/1.1" 200 27
124.78.156.206 - - [18/May/2024:10:35:13 +0800] "GET /xingrg/all/function/internal_message.html?_=1715999714553&CODE_STATE=getMsg HTTP/1.1" 200 27
124.78.156.206 - - [18/May/2024:10:35:14 +0800] "GET /xingrg/kc/base/wldb_order_operate.html?command=get_materiel&rest_code=00106&base_code=0010396&code=00101019258 HTTP/1.1" 200 483
180.164.6.225 - - [18/May/2024:10:35:15 +0800] "GET /xingrg/all/function/internal_message.html?_=1715999713851&CODE_STATE=getMsg HTTP/1.1" 200 27
222.67.233.39 - - [18/May/2024:10:35:16 +0800] "GET /xingrg/all/function/internal_message.html?_=1715999716445&CODE_STATE=getMsg HTTP/1.1" 200 27
116.232.195.13 - - [18/May/2024:10:35:17 +0800] "GET /xingrg/check_reg.html?_=1715999679427 HTTP/1.1" 200 22
116.232.195.13 - - [18/May/2024:10:35:17 +0800] "GET /xingrg/all/function/internal_message.html?_=1715999679431&CODE_STATE=getMsg HTTP/1.1" 200 27
222.67.233.39 - - [18/May/2024:10:35:21 +0800] "GET /xingrg/kc/buy/cgsh_order_operate.html?command=get_materiel&rest_code=00141&code=00101008224&supplier_code=00100008&order_time=2024-05-18 HTTP/1.1" 200 416
116.238.97.31 - - [18/May/2024:10:35:27 +0800] "GET /xingrg/all/function/internal_message.html?_=1715999727456&CODE_STATE=getMsg HTTP/1.1" 200 27
180.156.239.18 - - [18/May/2024:10:35:27 +0800] "GET /xingrg/all/function/internal_message.html?_=1715999727381&CODE_STATE=getMsg HTTP/1.1" 200 27
116.235.244.24 - - [18/May/2024:10:35:28 +0800] "GET /xingrg/all/function/internal_message.html?_=1715999750676&CODE_STATE=getMsg HTTP/1.1" 200 27
101.83.144.49 - - [18/May/2024:10:35:32 +0800] "GET /xingrg/all/function/internal_message.html?_=1715999732309&CODE_STATE=getMsg HTTP/1.1" 200 27
222.70.183.82 - - [18/May/2024:10:35:32 +0800] "GET /xingrg/all/function/internal_message.html?_=1715999732125&CODE_STATE=getMsg HTTP/1.1" 200 27
124.78.156.206 - - [18/May/2024:10:35:32 +0800] "GET /xingrg/kc/base/wldb_order_operate.html?command=get_materiel&rest_code=00106&base_code=0010396&code=00101019528 HTTP/1.1" 200 480
101.83.144.49 - - [18/May/2024:10:35:34 +0800] "GET /xingrg/all/function/internal_message.html?_=1715999481107&CODE_STATE=getMsg HTTP/1.1" 200 27
120.253.135.82 - - [18/May/2024:10:35:35 +0800] "GET /xingrg/check_reg.html?_=1715999587175 HTTP/1.1" 200 22
124.78.156.206 - - [18/May/2024:10:35:42 +0800] "GET /xingrg/all/function/internal_message.html?_=1715999733208&CODE_STATE=getMsg HTTP/1.1" 200 27
222.67.233.39 - - [18/May/2024:10:35:44 +0800] "GET /xingrg/kc/buy/cgsh_order_operate.html?command=get_materiel&rest_code=00141&code=00101008061&supplier_code=00100008&order_time=2024-05-18 HTTP/1.1" 200 423
116.232.195.13 - - [18/May/2024:10:35:46 +0800] "GET /favicon.ico HTTP/1.1" 404 -
180.164.6.225 - - [18/May/2024:10:35:47 +0800] "POST /xingrg/services/DataTransmitService HTTP/1.1" 200 524
222.67.233.39 - - [18/May/2024:10:35:48 +0800] "POST /xingrg/kc/buy/cgsh_order_operate.html HTTP/1.1" 200 2065
222.69.133.140 - - [18/May/2024:10:35:49 +0800] "GET /xingrg/all/function/internal_message.html?_=1715999750313&CODE_STATE=getMsg HTTP/1.1" 200 27
120.253.135.82 - - [18/May/2024:10:35:49 +0800] "GET /xingrg/all/function/internal_message.html?_=1715999600591&CODE_STATE=getMsg HTTP/1.1" 200 27
