114.84.152.157 - - [18/May/2024:12:47:29 +0800] "GET /xingrg/javascript/easyui/themes/default/validatebox.css HTTP/1.1" 404 1104
116.235.244.24 - - [18/May/2024:12:47:30 +0800] "GET /xingrg/all/function/internal_message.html?_=1716007672626&CODE_STATE=getMsg HTTP/1.1" 200 27
114.84.152.157 - - [18/May/2024:12:47:30 +0800] "POST /xingrg/kc/buy/cgsh_order_operate.html HTTP/1.1" 200 9064
101.83.144.49 - - [18/May/2024:12:47:32 +0800] "GET /xingrg/all/function/internal_message.html?_=1716007652523&CODE_STATE=getMsg HTTP/1.1" 200 27
101.80.230.31 - - [18/May/2024:12:47:34 +0800] "GET /xingrg/kc/buy/cgsh_order_operate.html?command=get_materiel&rest_code=00156&code=00101009059&supplier_code=00100012&order_time=2024-05-17 HTTP/1.1" 200 410
101.83.144.49 - - [18/May/2024:12:47:35 +0800] "GET /xingrg/all/function/internal_message.html?_=1716007401338&CODE_STATE=getMsg HTTP/1.1" 200 27
116.232.195.13 - - [18/May/2024:12:47:37 +0800] "GET /xingrg/kc/buy/cgsh_order_operate.html?command=get_materiel&rest_code=00155&code=00101005037&supplier_code=00100151&order_time=2024-05-18 HTTP/1.1" 200 409
101.80.230.31 - - [18/May/2024:12:47:38 +0800] "GET /xingrg/all/function/internal_message.html?_=1716007668974&CODE_STATE=getMsg HTTP/1.1" 200 27
120.253.135.82 - - [18/May/2024:12:47:43 +0800] "POST /xingrg/kc/buy/cgsh_order_operate.html HTTP/1.1" 200 37
120.253.135.82 - - [18/May/2024:12:47:44 +0800] "GET /xingrg/kc/pszx/mdps_order_operate.html?command=get_materiel&pszx_code=00101&rest_code=00141&base_code=0010246&code=00101022019 HTTP/1.1" 200 444
222.67.233.39 - - [18/May/2024:12:47:45 +0800] "GET /xingrg/all/function/internal_message.html?_=1716007665203&CODE_STATE=getMsg HTTP/1.1" 200 27
222.67.233.39 - - [18/May/2024:12:47:45 +0800] "GET /xingrg/check_reg.html?_=1716007665214 HTTP/1.1" 200 22
222.69.133.140 - - [18/May/2024:12:47:48 +0800] "GET /xingrg/all/function/internal_message.html?_=1716007670314&CODE_STATE=getMsg HTTP/1.1" 200 27
101.80.230.31 - - [18/May/2024:12:47:49 +0800] "POST /xingrg/kc/buy/cgsh_order_operate.html HTTP/1.1" 200 37
120.253.135.82 - - [18/May/2024:12:47:49 +0800] "POST /xingrg/kc/buy/cgsh_order_operate.html HTTP/1.1" 200 11950
114.95.186.91 - - [18/May/2024:12:47:50 +0800] "GET /xingrg/all/function/internal_message.html?_=1716007671867&CODE_STATE=getMsg HTTP/1.1" 200 27
120.253.135.82 - - [18/May/2024:12:47:53 +0800] "POST /xingrg/kc/pszx/mdps_order_operate.html HTTP/1.1" 200 37
101.80.230.31 - - [18/May/2024:12:47:54 +0800] "POST /xingrg/kc/buy/cgsh_order_operate.html HTTP/1.1" 200 7988
120.253.135.82 - - [18/May/2024:12:47:55 +0800] "GET /xingrg/kc/pszx/mdps_order_info.html?code=312024051800370 HTTP/1.1" 200 23978
101.80.230.31 - - [18/May/2024:12:47:55 +0800] "GET /xingrg/kc/print/report_design.html?orderType=cgsh HTTP/1.1" 200 8625
101.80.230.31 - - [18/May/2024:12:47:55 +0800] "GET /xingrg/kc/print/design_operate.html?_=1716007686236&command=load_config&code=cgsh HTTP/1.1" 200 2837
120.253.135.82 - - [18/May/2024:12:47:55 +0800] "GET /xingrg/javascript/easyui/themes/default/validatebox.css HTTP/1.1" 404 1104
120.253.135.82 - - [18/May/2024:12:47:56 +0800] "POST /xingrg/kc/pszx/mdps_order_operate.html HTTP/1.1" 200 2284
101.80.230.31 - - [18/May/2024:12:47:57 +0800] "GET /xingrg/kc/print/load_config.html?kc_code=cgsh HTTP/1.1" 200 1927
101.80.230.31 - - [18/May/2024:12:47:58 +0800] "GET /xingrg/kc/print/load_data.html?order_code=212024051805120&kc_code=cgsh&condition= HTTP/1.1" 200 2787
120.253.135.82 - - [18/May/2024:12:47:59 +0800] "GET /xingrg/all/function/internal_message.html?_=1716007865231&CODE_STATE=getMsg HTTP/1.1" 200 27
120.253.135.82 - - [18/May/2024:12:48:02 +0800] "GET /xingrg/all/function/internal_message.html?_=1716007533269&CODE_STATE=getMsg HTTP/1.1" 200 27
101.80.230.31 - - [18/May/2024:12:48:03 +0800] "GET /xingrg/kc/buy/cgsh_order_add.html HTTP/1.1" 200 74672
101.80.230.31 - - [18/May/2024:12:48:03 +0800] "POST /xingrg/kc/buy/cgsh_order_operate.html HTTP/1.1" 200 8245
101.80.230.31 - - [18/May/2024:12:48:03 +0800] "GET /xingrg/javascript/easyui/themes/default/validatebox.css HTTP/1.1" 404 1104
101.80.230.31 - - [18/May/2024:12:48:03 +0800] "GET /xingrg/all/common/auto_word.html?type=employee&rest_code=00156 HTTP/1.1" 200 47
101.80.230.31 - - [18/May/2024:12:48:03 +0800] "GET /xingrg/all/common/auto_word.html?type=employee&rest_code=00156 HTTP/1.1" 200 47
120.253.135.82 - - [18/May/2024:12:48:04 +0800] "GET /xingrg/kc/buy/cgsh_order_operate.html?command=get_materiel&rest_code=00101&code=00101019517&supplier_code=00100672&order_time=2024-05-18 HTTP/1.1" 200 451
120.253.135.82 - - [18/May/2024:12:48:04 +0800] "POST /xingrg/all/common/load_select.html HTTP/1.1" 200 25
114.84.152.157 - - [18/May/2024:12:48:06 +0800] "POST /xingrg/kc/buy/cgsh_list_operate.html HTTP/1.1" 200 1411
180.169.147.146 - - [18/May/2024:12:48:08 +0800] "GET /xingrg/all/function/internal_message.html?_=1716007689877&CODE_STATE=getMsg HTTP/1.1" 200 27
120.253.135.82 - - [18/May/2024:12:48:09 +0800] "GET /xingrg/kc/buy/cgsh_order_operate.html?command=get_materiel_price&rest_code=00101&code=00101019517&unit_code=00100157&supplier_code=00100672&order_time=2024-05-18 HTTP/1.1" 200 30
221.239.170.140 - - [18/May/2024:12:48:13 +0800] "GET /xingrg/all/function/internal_message.html?_=1716007693277&CODE_STATE=getMsg HTTP/1.1" 200 27
221.239.170.140 - - [18/May/2024:12:48:13 +0800] "GET /xingrg/check_reg.html?_=1716007693278 HTTP/1.1" 200 22
101.83.144.49 - - [18/May/2024:12:48:14 +0800] "GET /xingrg/kc/mdqp/pssh_order_list.html?isBack=1 HTTP/1.1" 200 18209
101.83.144.49 - - [18/May/2024:12:48:14 +0800] "POST /xingrg/kc/mdqp/pssh_list_operate.html HTTP/1.1" 200 5461
120.253.135.82 - - [18/May/2024:12:48:15 +0800] "GET /xingrg/all/function/internal_message.html?_=1716007546816&CODE_STATE=getMsg HTTP/1.1" 200 27
180.164.6.225 - - [18/May/2024:12:48:15 +0800] "GET /xingrg/all/function/internal_message.html?_=1716007693842&CODE_STATE=getMsg HTTP/1.1" 200 27
120.253.135.82 - - [18/May/2024:12:48:17 +0800] "POST /xingrg/kc/pszx/mdps_list_operate.html HTTP/1.1" 200 2063
101.83.144.49 - - [18/May/2024:12:48:17 +0800] "POST /xingrg/kc/mdqp/pssh_list_operate.html HTTP/1.1" 200 260
101.83.144.49 - - [18/May/2024:12:48:17 +0800] "POST /xingrg/kc/mdqp/pssh_list_operate.html HTTP/1.1" 200 1574
116.232.195.13 - - [18/May/2024:12:48:18 +0800] "GET /xingrg/all/function/internal_message.html?_=1716007659417&CODE_STATE=getMsg HTTP/1.1" 200 27
101.83.144.49 - - [18/May/2024:12:48:18 +0800] "GET /xingrg/kc/mdqp/pssh_order_info.html?code=312024051100222 HTTP/1.1" 200 17272
101.83.144.49 - - [18/May/2024:12:48:18 +0800] "GET /xingrg/javascript/jquery_tools/jquery-1.4.2.min.js HTTP/1.1" 404 1094
120.253.135.82 - - [18/May/2024:12:48:18 +0800] "POST /xingrg/kc/pszx/mdps_list_operate.html HTTP/1.1" 200 210
116.232.195.13 - - [18/May/2024:12:48:19 +0800] "GET /xingrg/all/function/internal_message.html?_=1716007660314&CODE_STATE=getMsg HTTP/1.1" 200 27
101.83.144.49 - - [18/May/2024:12:48:19 +0800] "POST /xingrg/kc/mdqp/pssh_order_operate.html HTTP/1.1" 200 531
101.83.144.49 - - [18/May/2024:12:48:19 +0800] "GET /xingrg/javascript/easyui/themes/default/validatebox.css HTTP/1.1" 404 1104
120.253.135.82 - - [18/May/2024:12:48:20 +0800] "POST /xingrg/kc/pszx/mdps_list_operate.html HTTP/1.1" 200 363
116.232.195.13 - - [18/May/2024:12:48:20 +0800] "GET /xingrg/check_reg.html?_=1716007661915 HTTP/1.1" 200 22
114.84.152.157 - - [18/May/2024:12:48:20 +0800] "GET /xingrg/all/function/internal_message.html?_=1716006065028&CODE_STATE=getMsg HTTP/1.1" 200 27
116.232.195.13 - - [18/May/2024:12:48:22 +0800] "POST /xingrg/kc/buy/cgsh_order_operate.html HTTP/1.1" 200 37
180.156.239.18 - - [18/May/2024:12:48:25 +0800] "GET /xingrg/all/function/internal_message.html?_=1716007704984&CODE_STATE=getMsg HTTP/1.1" 200 27
116.232.195.13 - - [18/May/2024:12:48:26 +0800] "POST /xingrg/kc/buy/cgsh_order_operate.html HTTP/1.1" 200 3829
124.78.156.206 - - [18/May/2024:12:48:28 +0800] "GET /xingrg/all/function/internal_message.html?_=1716007699401&CODE_STATE=getMsg HTTP/1.1" 200 27
116.232.195.13 - - [18/May/2024:12:48:29 +0800] "GET /xingrg/kc/print/load_data.html?order_code=212024051805121&kc_code=cgsh&condition= HTTP/1.1" 200 1093
116.235.244.24 - - [18/May/2024:12:48:30 +0800] "GET /xingrg/all/function/internal_message.html?_=1716007732639&CODE_STATE=getMsg HTTP/1.1" 200 27
101.83.144.49 - - [18/May/2024:12:48:32 +0800] "GET /xingrg/all/function/internal_message.html?_=1716007712550&CODE_STATE=getMsg HTTP/1.1" 200 27
101.83.144.49 - - [18/May/2024:12:48:32 +0800] "GET /xingrg/check_reg.html?_=1716007712555 HTTP/1.1" 200 22
101.83.144.49 - - [18/May/2024:12:48:33 +0800] "POST /xingrg/all/common/load_combo.html?type=employee HTTP/1.1" 200 356
101.83.144.49 - - [18/May/2024:12:48:35 +0800] "GET /xingrg/all/function/internal_message.html?_=1716007461318&CODE_STATE=getMsg HTTP/1.1" 200 27
101.80.230.31 - - [18/May/2024:12:48:38 +0800] "GET /xingrg/all/function/internal_message.html?_=1716007728973&CODE_STATE=getMsg HTTP/1.1" 200 27
101.80.230.31 - - [18/May/2024:12:48:38 +0800] "GET /xingrg/check_reg.html?_=1716007728977 HTTP/1.1" 200 22
120.253.135.82 - - [18/May/2024:12:48:43 +0800] "GET /xingrg/kc/buy/cgsh_order_list.html HTTP/1.1" 200 58780
101.83.144.49 - - [18/May/2024:12:48:43 +0800] "POST /xingrg/kc/mdqp/pssh_order_operate.html HTTP/1.1" 200 37
116.232.195.13 - - [18/May/2024:12:48:45 +0800] "GET /xingrg/kc/buy/cgsh_order_add.html HTTP/1.1" 200 74681
222.67.233.39 - - [18/May/2024:12:48:45 +0800] "GET /xingrg/all/function/internal_message.html?_=1716007725205&CODE_STATE=getMsg HTTP/1.1" 200 27
116.232.195.13 - - [18/May/2024:12:48:45 +0800] "POST /xingrg/kc/buy/cgsh_order_operate.html HTTP/1.1" 200 8245
116.232.195.13 - - [18/May/2024:12:48:45 +0800] "GET /xingrg/javascript/easyui/themes/default/validatebox.css HTTP/1.1" 404 1104
101.83.144.49 - - [18/May/2024:12:48:46 +0800] "POST /xingrg/kc/mdqp/pssh_order_operate.html HTTP/1.1" 200 12
222.69.133.140 - - [18/May/2024:12:48:48 +0800] "GET /xingrg/check_reg.html?_=1716007730302 HTTP/1.1" 200 22
222.69.133.140 - - [18/May/2024:12:48:48 +0800] "GET /xingrg/all/function/internal_message.html?_=1716007730303&CODE_STATE=getMsg HTTP/1.1" 200 27
101.83.144.49 - - [18/May/2024:12:48:49 +0800] "GET /xingrg/kc/mdqp/pssh_order_info.html?code=312024051100222 HTTP/1.1" 200 14388
101.83.144.49 - - [18/May/2024:12:48:49 +0800] "GET /xingrg/javascript/jquery_tools/jquery-1.4.2.min.js HTTP/1.1" 404 1094
101.83.144.49 - - [18/May/2024:12:48:49 +0800] "GET /xingrg/javascript/easyui/themes/default/validatebox.css HTTP/1.1" 404 1104
101.83.144.49 - - [18/May/2024:12:48:49 +0800] "POST /xingrg/kc/mdqp/pssh_order_operate.html HTTP/1.1" 200 531
114.95.186.91 - - [18/May/2024:12:48:50 +0800] "GET /xingrg/all/function/internal_message.html?_=1716007731869&CODE_STATE=getMsg HTTP/1.1" 200 27
120.253.135.82 - - [18/May/2024:12:48:52 +0800] "GET /xingrg/kc/buy/cgsh_order_operate.html?command=get_materiel&rest_code=00101&code=00101019018&supplier_code=00100672&order_time=2024-05-18 HTTP/1.1" 200 446
101.83.144.49 - - [18/May/2024:12:48:54 +0800] "GET /xingrg/kc/print/load_data.html?order_code=312024051100222&kc_code=pssh&condition= HTTP/1.1" 200 661
120.253.135.82 - - [18/May/2024:12:48:54 +0800] "POST /xingrg/kc/buy/cgsh_list_operate.html HTTP/1.1" 200 2548
120.253.135.82 - - [18/May/2024:12:48:59 +0800] "GET /xingrg/all/function/internal_message.html?_=1716007925238&CODE_STATE=getMsg HTTP/1.1" 200 27
116.232.195.13 - - [18/May/2024:12:48:59 +0800] "GET /xingrg/kc/buy/cgsh_order_operate.html?command=get_materiel&rest_code=00155&code=00102010558&supplier_code=00100151&order_time=2024-05-18 HTTP/1.1" 200 413
120.253.135.82 - - [18/May/2024:12:49:01 +0800] "POST /xingrg/kc/buy/cgsh_list_operate.html HTTP/1.1" 200 606
120.253.135.82 - - [18/May/2024:12:49:02 +0800] "GET /xingrg/all/function/internal_message.html?_=1716007593273&CODE_STATE=getMsg HTTP/1.1" 200 27
120.253.135.82 - - [18/May/2024:12:49:03 +0800] "GET /xingrg/kc/buy/cgsh_order_info.html?code=212024051805119 HTTP/1.1" 200 73628
120.253.135.82 - - [18/May/2024:12:49:03 +0800] "GET /xingrg/javascript/easyui/themes/default/validatebox.css HTTP/1.1" 404 1104
120.253.135.82 - - [18/May/2024:12:49:04 +0800] "POST /xingrg/kc/buy/cgsh_order_operate.html HTTP/1.1" 200 11950
180.169.147.146 - - [18/May/2024:12:49:08 +0800] "GET /xingrg/all/function/internal_message.html?_=1716007749876&CODE_STATE=getMsg HTTP/1.1" 200 27
221.239.170.140 - - [18/May/2024:12:49:13 +0800] "GET /xingrg/all/function/internal_message.html?_=1716007753289&CODE_STATE=getMsg HTTP/1.1" 200 27
120.253.135.82 - - [18/May/2024:12:49:15 +0800] "GET /xingrg/all/function/internal_message.html?_=1716007606827&CODE_STATE=getMsg HTTP/1.1" 200 27
180.164.6.225 - - [18/May/2024:12:49:15 +0800] "GET /xingrg/all/function/internal_message.html?_=1716007753854&CODE_STATE=getMsg HTTP/1.1" 200 27
180.164.6.225 - - [18/May/2024:12:49:15 +0800] "GET /xingrg/check_reg.html?_=1716007753857 HTTP/1.1" 200 22
116.232.195.13 - - [18/May/2024:12:49:18 +0800] "GET /xingrg/all/function/internal_message.html?_=1716007719418&CODE_STATE=getMsg HTTP/1.1" 200 27
116.232.195.13 - - [18/May/2024:12:49:18 +0800] "GET /xingrg/all/function/internal_message.html?_=1716007720288&CODE_STATE=getMsg HTTP/1.1" 200 27
114.84.152.157 - - [18/May/2024:12:49:20 +0800] "GET /xingrg/all/function/internal_message.html?_=1716006125033&CODE_STATE=getMsg HTTP/1.1" 200 27
180.156.239.18 - - [18/May/2024:12:49:25 +0800] "GET /xingrg/all/function/internal_message.html?_=1716007764974&CODE_STATE=getMsg HTTP/1.1" 200 27
124.78.156.206 - - [18/May/2024:12:49:28 +0800] "GET /xingrg/all/function/internal_message.html?_=1716007759397&CODE_STATE=getMsg HTTP/1.1" 200 27
120.253.135.82 - - [18/May/2024:12:49:29 +0800] "GET /xingrg/kc/buy/cgsh_order_operate.html?command=get_materiel&rest_code=00101&code=00101022019&supplier_code=00100672&order_time=2024-05-18 HTTP/1.1" 200 444
116.235.244.24 - - [18/May/2024:12:49:30 +0800] "GET /xingrg/all/function/internal_message.html?_=1716007792661&CODE_STATE=getMsg HTTP/1.1" 200 27
101.83.144.49 - - [18/May/2024:12:49:32 +0800] "GET /xingrg/all/function/internal_message.html?_=1716007772555&CODE_STATE=getMsg HTTP/1.1" 200 27
101.83.144.49 - - [18/May/2024:12:49:35 +0800] "GET /xingrg/check_reg.html?_=1716007521207 HTTP/1.1" 200 22
101.83.144.49 - - [18/May/2024:12:49:35 +0800] "GET /xingrg/all/function/internal_message.html?_=1716007521289&CODE_STATE=getMsg HTTP/1.1" 200 27
101.80.230.31 - - [18/May/2024:12:49:38 +0800] "GET /xingrg/all/function/internal_message.html?_=1716007788974&CODE_STATE=getMsg HTTP/1.1" 200 27
222.67.233.39 - - [18/May/2024:12:49:45 +0800] "GET /xingrg/all/function/internal_message.html?_=1716007785204&CODE_STATE=getMsg HTTP/1.1" 200 27
222.69.133.140 - - [18/May/2024:12:49:48 +0800] "GET /xingrg/all/function/internal_message.html?_=1716007790309&CODE_STATE=getMsg HTTP/1.1" 200 27
114.95.186.91 - - [18/May/2024:12:49:50 +0800] "GET /xingrg/all/function/internal_message.html?_=1716007791860&CODE_STATE=getMsg HTTP/1.1" 200 27
120.253.135.82 - - [18/May/2024:12:49:51 +0800] "GET /xingrg/kc/report/report_main.html HTTP/1.1" 200 8599
120.253.135.82 - - [18/May/2024:12:49:51 +0800] "GET /xingrg/javascript/jquery_ui/themes/humanity/humanity.css HTTP/1.1" 304 -
120.253.135.82 - - [18/May/2024:12:49:53 +0800] "GET /xingrg/kc/base/kc_stocks.html HTTP/1.1" 200 16712
120.253.135.82 - - [18/May/2024:12:49:53 +0800] "GET /xingrg/javascript/easyui/themes/sunny/easyui.css HTTP/1.1" 304 -
120.253.135.82 - - [18/May/2024:12:49:53 +0800] "GET /xingrg/javascript/easyui/themes/icons/print_new.png HTTP/1.1" 304 -
120.253.135.82 - - [18/May/2024:12:49:53 +0800] "GET /xingrg/javascript/easyui/themes/icons/refresh_new.png HTTP/1.1" 304 -
120.253.135.82 - - [18/May/2024:12:49:53 +0800] "GET /xingrg/javascript/easyui/themes/icons/filter_new.png HTTP/1.1" 304 -
120.253.135.82 - - [18/May/2024:12:49:53 +0800] "GET /xingrg/javascript/easyui/plugins/jquery.draggable.js HTTP/1.1" 304 -
120.253.135.82 - - [18/May/2024:12:49:53 +0800] "GET /xingrg/javascript/easyui/plugins/jquery.droppable.js HTTP/1.1" 304 -
120.253.135.82 - - [18/May/2024:12:49:53 +0800] "GET /xingrg/javascript/easyui/themes/default/tree.css HTTP/1.1" 404 1090
120.253.135.82 - - [18/May/2024:12:49:53 +0800] "GET /xingrg/javascript/easyui/plugins/jquery.tree.js HTTP/1.1" 304 -
120.253.135.82 - - [18/May/2024:12:49:53 +0800] "POST /xingrg/all/common/load_tree.html?tree=materiel_sort_tree_json HTTP/1.1" 200 9734
120.253.135.82 - - [18/May/2024:12:49:54 +0800] "GET /xingrg/javascript/easyui/themes/sunny/images/tree_arrows.gif HTTP/1.1" 304 -
120.253.135.82 - - [18/May/2024:12:49:54 +0800] "GET /xingrg/javascript/easyui/themes/sunny/images/tree_folder_open.gif HTTP/1.1" 304 -
120.253.135.82 - - [18/May/2024:12:49:54 +0800] "GET /xingrg/javascript/easyui/themes/sunny/images/tree_folder.gif HTTP/1.1" 304 -
120.253.135.82 - - [18/May/2024:12:49:54 +0800] "GET /xingrg/javascript/easyui/themes/sunny/images/tree_file.gif HTTP/1.1" 304 -
120.253.135.82 - - [18/May/2024:12:49:57 +0800] "GET /xingrg/kc/buy/cgsh_order_list.html HTTP/1.1" 200 58780
120.253.135.82 - - [18/May/2024:12:49:59 +0800] "GET /xingrg/all/function/internal_message.html?_=1716007985975&CODE_STATE=getMsg HTTP/1.1" 200 27
120.253.135.82 - - [18/May/2024:12:50:02 +0800] "GET /xingrg/all/function/internal_message.html?_=1716007653448&CODE_STATE=getMsg HTTP/1.1" 200 27
120.253.135.82 - - [18/May/2024:12:50:05 +0800] "POST /xingrg/kc/buy/cgsh_order_operate.html HTTP/1.1" 200 37
180.169.147.146 - - [18/May/2024:12:50:08 +0800] "GET /xingrg/all/function/internal_message.html?_=1716007809900&CODE_STATE=getMsg HTTP/1.1" 200 27
120.253.135.82 - - [18/May/2024:12:50:11 +0800] "POST /xingrg/kc/buy/cgsh_list_operate.html HTTP/1.1" 200 2548
120.253.135.82 - - [18/May/2024:12:50:11 +0800] "POST /xingrg/kc/buy/cgsh_order_operate.html HTTP/1.1" 200 13818
221.239.170.140 - - [18/May/2024:12:50:13 +0800] "GET /xingrg/all/function/internal_message.html?_=1716007813287&CODE_STATE=getMsg HTTP/1.1" 200 27
120.253.135.82 - - [18/May/2024:12:50:14 +0800] "GET /xingrg/check_reg.html?_=1716007665294 HTTP/1.1" 200 22
120.253.135.82 - - [18/May/2024:12:50:15 +0800] "GET /xingrg/all/function/internal_message.html?_=1716007666841&CODE_STATE=getMsg HTTP/1.1" 200 27
180.164.6.225 - - [18/May/2024:12:50:15 +0800] "GET /xingrg/all/function/internal_message.html?_=1716007813855&CODE_STATE=getMsg HTTP/1.1" 200 27
116.232.195.13 - - [18/May/2024:12:50:18 +0800] "GET /xingrg/all/function/internal_message.html?_=1716007779416&CODE_STATE=getMsg HTTP/1.1" 200 27
116.232.195.13 - - [18/May/2024:12:50:18 +0800] "GET /xingrg/check_reg.html?_=1716007779419 HTTP/1.1" 200 22
116.232.195.13 - - [18/May/2024:12:50:18 +0800] "GET /xingrg/all/function/internal_message.html?_=1716007780298&CODE_STATE=getMsg HTTP/1.1" 200 27
114.84.152.157 - - [18/May/2024:12:50:20 +0800] "GET /xingrg/all/function/internal_message.html?_=1716006185036&CODE_STATE=getMsg HTTP/1.1" 200 27
180.156.239.18 - - [18/May/2024:12:50:25 +0800] "GET /xingrg/all/function/internal_message.html?_=1716007824955&CODE_STATE=getMsg HTTP/1.1" 200 27
124.78.156.206 - - [18/May/2024:12:50:28 +0800] "GET /xingrg/all/function/internal_message.html?_=1716007819403&CODE_STATE=getMsg HTTP/1.1" 200 27
116.235.244.24 - - [18/May/2024:12:50:30 +0800] "GET /xingrg/all/function/internal_message.html?_=1716007852667&CODE_STATE=getMsg HTTP/1.1" 200 27
101.83.144.49 - - [18/May/2024:12:50:32 +0800] "GET /xingrg/all/function/internal_message.html?_=1716007832557&CODE_STATE=getMsg HTTP/1.1" 200 27
101.83.144.49 - - [18/May/2024:12:50:35 +0800] "GET /xingrg/all/function/internal_message.html?_=1716007581274&CODE_STATE=getMsg HTTP/1.1" 200 27
120.253.135.82 - - [18/May/2024:12:50:36 +0800] "GET /xingrg/check_reg.html?_=1716007687823 HTTP/1.1" 200 22
101.80.230.31 - - [18/May/2024:12:50:38 +0800] "GET /xingrg/all/function/internal_message.html?_=1716007848976&CODE_STATE=getMsg HTTP/1.1" 200 27
116.232.195.13 - - [18/May/2024:12:50:42 +0800] "GET /xingrg/kc/buy/cgsh_order_operate.html?command=get_materiel&rest_code=00155&code=00102010066&supplier_code=00100151&order_time=2024-05-18 HTTP/1.1" 200 414
116.232.195.13 - - [18/May/2024:12:50:44 +0800] "POST /xingrg/all/common/load_select.html HTTP/1.1" 200 12
222.67.233.39 - - [18/May/2024:12:50:45 +0800] "GET /xingrg/all/function/internal_message.html?_=1716007845204&CODE_STATE=getMsg HTTP/1.1" 200 27
222.69.133.140 - - [18/May/2024:12:50:48 +0800] "GET /xingrg/all/function/internal_message.html?_=1716007850320&CODE_STATE=getMsg HTTP/1.1" 200 27
116.232.195.13 - - [18/May/2024:12:50:49 +0800] "GET /xingrg/kc/buy/cgsh_order_operate.html?command=get_materiel_price&rest_code=00155&code=00102010066&unit_code=00100020&supplier_code=00100151&order_time=2024-05-18 HTTP/1.1" 200 29
114.95.186.91 - - [18/May/2024:12:50:50 +0800] "GET /xingrg/all/function/internal_message.html?_=1716007851860&CODE_STATE=getMsg HTTP/1.1" 200 27
120.253.135.82 - - [18/May/2024:12:50:59 +0800] "GET /xingrg/all/function/internal_message.html?_=1716008045248&CODE_STATE=getMsg HTTP/1.1" 200 27
120.253.135.82 - - [18/May/2024:12:51:02 +0800] "GET /xingrg/all/function/internal_message.html?_=1716007713454&CODE_STATE=getMsg HTTP/1.1" 200 27
114.83.217.213 - - [18/May/2024:12:51:06 +0800] "GET /xingrg/check_reg.html?_=1716007859625 HTTP/1.1" 200 22
120.253.135.82 - - [18/May/2024:12:51:07 +0800] "POST /xingrg/kc/buy/cgsh_order_operate.html HTTP/1.1" 200 37
180.169.147.146 - - [18/May/2024:12:51:08 +0800] "GET /xingrg/all/function/internal_message.html?_=1716007869898&CODE_STATE=getMsg HTTP/1.1" 200 27
180.169.147.146 - - [18/May/2024:12:51:08 +0800] "GET /xingrg/check_reg.html?_=1716007869900 HTTP/1.1" 200 22
221.239.170.140 - - [18/May/2024:12:51:13 +0800] "GET /xingrg/all/function/internal_message.html?_=1716007873286&CODE_STATE=getMsg HTTP/1.1" 200 27
120.253.135.82 - - [18/May/2024:12:51:13 +0800] "POST /xingrg/kc/buy/cgsh_list_operate.html HTTP/1.1" 200 447
120.253.135.82 - - [18/May/2024:12:51:15 +0800] "GET /xingrg/all/function/internal_message.html?_=1716007726854&CODE_STATE=getMsg HTTP/1.1" 200 27
180.164.6.225 - - [18/May/2024:12:51:15 +0800] "GET /xingrg/all/function/internal_message.html?_=1716007873849&CODE_STATE=getMsg HTTP/1.1" 200 27
116.232.195.13 - - [18/May/2024:12:51:18 +0800] "GET /xingrg/all/function/internal_message.html?_=1716007839419&CODE_STATE=getMsg HTTP/1.1" 200 27
116.232.195.13 - - [18/May/2024:12:51:18 +0800] "GET /xingrg/all/function/internal_message.html?_=1716007840273&CODE_STATE=getMsg HTTP/1.1" 200 27
114.84.152.157 - - [18/May/2024:12:51:20 +0800] "GET /xingrg/all/function/internal_message.html?_=1716006245027&CODE_STATE=getMsg HTTP/1.1" 200 27
120.253.135.82 - - [18/May/2024:12:51:23 +0800] "GET /xingrg/kc/pszx/ps_main.html HTTP/1.1" 200 13401
120.253.135.82 - - [18/May/2024:12:51:24 +0800] "GET /xingrg/images/yd/bt.gif HTTP/1.1" 404 1040
180.156.239.18 - - [18/May/2024:12:51:25 +0800] "GET /xingrg/all/function/internal_message.html?_=1716007884945&CODE_STATE=getMsg HTTP/1.1" 200 27
180.169.147.146 - - [18/May/2024:12:51:25 +0800] "GET /xingrg/check_reg.html?_=1716007887028 HTTP/1.1" 200 22
120.253.135.82 - - [18/May/2024:12:51:26 +0800] "GET /xingrg/kc/pszx/mdqp_order_list.html HTTP/1.1" 200 80311
120.253.135.82 - - [18/May/2024:12:51:26 +0800] "GET /xingrg/dwr/interface/AjaxQqpsService.js HTTP/1.1" 200 16326
120.253.135.82 - - [18/May/2024:12:51:26 +0800] "GET /xingrg/dwr/interface/AjaxReportQueryService.js HTTP/1.1" 200 13203
120.253.135.82 - - [18/May/2024:12:51:26 +0800] "GET /xingrg/dwr/engine.js HTTP/1.1" 200 43631
124.78.156.206 - - [18/May/2024:12:51:28 +0800] "GET /xingrg/all/function/internal_message.html?_=1716007879405&CODE_STATE=getMsg HTTP/1.1" 200 27
120.253.135.82 - - [18/May/2024:12:51:29 +0800] "GET /xingrg/kc/pszx/mdqp_order_info.html?code=302024051700259 HTTP/1.1" 200 12921
120.253.135.82 - - [18/May/2024:12:51:29 +0800] "GET /xingrg/javascript/tools/jquery.qtip-1.0.0-rc3.min.js HTTP/1.1" 304 -
120.253.135.82 - - [18/May/2024:12:51:29 +0800] "GET /xingrg/dwr/interface/AjaxComOrderService.js HTTP/1.1" 200 18264
120.253.135.82 - - [18/May/2024:12:51:29 +0800] "GET /xingrg/dwr/interface/AjaxQqpsService.js HTTP/1.1" 200 16326
120.253.135.82 - - [18/May/2024:12:51:29 +0800] "GET /xingrg/dwr/engine.js HTTP/1.1" 200 43631
120.253.135.82 - - [18/May/2024:12:51:29 +0800] "GET /xingrg/javascript/Grid.js HTTP/1.1" 304 -
120.253.135.82 - - [18/May/2024:12:51:29 +0800] "GET /xingrg/javascript/checkform.js HTTP/1.1" 304 -
120.253.135.82 - - [18/May/2024:12:51:29 +0800] "GET /xingrg/javascript/AjaxInfoList.js HTTP/1.1" 304 -
120.253.135.82 - - [18/May/2024:12:51:30 +0800] "POST /xingrg/dwr/call/plaincall/AjaxQqpsService.loadMaterielItems.dwr HTTP/1.1" 200 2633
116.235.244.24 - - [18/May/2024:12:51:30 +0800] "GET /xingrg/all/function/internal_message.html?_=1716007912689&CODE_STATE=getMsg HTTP/1.1" 200 27
120.253.135.82 - - [18/May/2024:12:51:31 +0800] "GET /xingrg/javascript/jquery_easy_ui/themes/default/images/button_plain_hover.png HTTP/1.1" 304 -
101.83.144.49 - - [18/May/2024:12:51:32 +0800] "GET /xingrg/all/function/internal_message.html?_=1716007892559&CODE_STATE=getMsg HTTP/1.1" 200 27
120.253.135.82 - - [18/May/2024:12:51:33 +0800] "GET /xingrg/kc/pszx/mdqp_order_list.html?isBack=1 HTTP/1.1" 200 80338
120.253.135.82 - - [18/May/2024:12:51:33 +0800] "GET /xingrg/dwr/interface/AjaxQqpsService.js HTTP/1.1" 200 16326
120.253.135.82 - - [18/May/2024:12:51:33 +0800] "GET /xingrg/dwr/interface/AjaxReportQueryService.js HTTP/1.1" 200 13203
120.253.135.82 - - [18/May/2024:12:51:33 +0800] "GET /xingrg/dwr/engine.js HTTP/1.1" 200 43631
101.83.144.49 - - [18/May/2024:12:51:35 +0800] "GET /xingrg/all/function/internal_message.html?_=1716007641244&CODE_STATE=getMsg HTTP/1.1" 200 27
120.253.135.82 - - [18/May/2024:12:51:36 +0800] "GET /xingrg/kc/pszx/mdqp_order_info.html?code=302024051700260 HTTP/1.1" 200 12921
120.253.135.82 - - [18/May/2024:12:51:36 +0800] "GET /xingrg/dwr/interface/AjaxComOrderService.js HTTP/1.1" 200 18264
120.253.135.82 - - [18/May/2024:12:51:36 +0800] "GET /xingrg/dwr/interface/AjaxQqpsService.js HTTP/1.1" 200 16326
120.253.135.82 - - [18/May/2024:12:51:36 +0800] "GET /xingrg/dwr/engine.js HTTP/1.1" 200 43631
120.253.135.82 - - [18/May/2024:12:51:37 +0800] "POST /xingrg/dwr/call/plaincall/AjaxQqpsService.loadMaterielItems.dwr HTTP/1.1" 200 10865
120.253.135.82 - - [18/May/2024:12:51:37 +0800] "GET /xingrg/images/yd/bt.gif HTTP/1.1" 404 1040
120.253.135.82 - - [18/May/2024:12:51:37 +0800] "GET /xingrg/images/yd/bt2.gif HTTP/1.1" 404 1042
101.80.230.31 - - [18/May/2024:12:51:38 +0800] "GET /xingrg/all/function/internal_message.html?_=1716007908978&CODE_STATE=getMsg HTTP/1.1" 200 27
116.232.195.13 - - [18/May/2024:12:51:39 +0800] "GET /xingrg/kc/buy/cgsh_order_operate.html?command=get_materiel&rest_code=00155&code=00102009949&supplier_code=00100151&order_time=2024-05-18 HTTP/1.1" 200 410
120.253.135.82 - - [18/May/2024:12:51:40 +0800] "POST /xingrg/kc/buy/cgsh_order_operate.html HTTP/1.1" 200 13818
116.232.195.13 - - [18/May/2024:12:51:41 +0800] "POST /xingrg/all/common/load_select.html HTTP/1.1" 200 12
222.67.233.39 - - [18/May/2024:12:51:45 +0800] "GET /xingrg/all/function/internal_message.html?_=1716007905203&CODE_STATE=getMsg HTTP/1.1" 200 27
116.232.195.13 - - [18/May/2024:12:51:46 +0800] "GET /xingrg/kc/buy/cgsh_order_operate.html?command=get_materiel_price&rest_code=00155&code=00102009949&unit_code=00100020&supplier_code=00100151&order_time=2024-05-18 HTTP/1.1" 200 29
222.69.133.140 - - [18/May/2024:12:51:48 +0800] "GET /xingrg/all/function/internal_message.html?_=1716007910321&CODE_STATE=getMsg HTTP/1.1" 200 27
114.95.186.91 - - [18/May/2024:12:51:50 +0800] "GET /xingrg/all/function/internal_message.html?_=1716007911862&CODE_STATE=getMsg HTTP/1.1" 200 27
114.95.186.91 - - [18/May/2024:12:51:50 +0800] "GET /xingrg/check_reg.html?_=1716007911866 HTTP/1.1" 200 22
120.253.135.82 - - [18/May/2024:12:51:53 +0800] "GET /xingrg/kc/pszx/mdqp_order_list.html?isBack=1 HTTP/1.1" 200 80338
120.253.135.82 - - [18/May/2024:12:51:53 +0800] "GET /xingrg/dwr/interface/AjaxQqpsService.js HTTP/1.1" 200 16326
120.253.135.82 - - [18/May/2024:12:51:53 +0800] "GET /xingrg/dwr/interface/AjaxReportQueryService.js HTTP/1.1" 200 13203
120.253.135.82 - - [18/May/2024:12:51:53 +0800] "GET /xingrg/dwr/engine.js HTTP/1.1" 200 43631
120.253.135.82 - - [18/May/2024:12:51:56 +0800] "GET /xingrg/kc/buy/cgsh_order_list.html HTTP/1.1" 200 58780
120.253.135.82 - - [18/May/2024:12:51:59 +0800] "GET /xingrg/all/function/internal_message.html?_=1716008105252&CODE_STATE=getMsg HTTP/1.1" 200 27
120.253.135.82 - - [18/May/2024:12:51:59 +0800] "GET /xingrg/check_reg.html?_=1716008105255 HTTP/1.1" 200 22
120.253.135.82 - - [18/May/2024:12:52:02 +0800] "GET /xingrg/all/function/internal_message.html?_=1716007773468&CODE_STATE=getMsg HTTP/1.1" 200 27
120.253.135.82 - - [18/May/2024:12:52:07 +0800] "POST /xingrg/kc/buy/cgsh_list_operate.html HTTP/1.1" 200 2548
180.169.147.146 - - [18/May/2024:12:52:08 +0800] "GET /xingrg/all/function/internal_message.html?_=1716007929897&CODE_STATE=getMsg HTTP/1.1" 200 27
116.235.244.24 - - [18/May/2024:12:52:10 +0800] "GET /xingrg/check_reg.html?_=1716007953068 HTTP/1.1" 200 22
221.239.170.140 - - [18/May/2024:12:52:13 +0800] "GET /xingrg/all/function/internal_message.html?_=1716007933286&CODE_STATE=getMsg HTTP/1.1" 200 27
120.253.135.82 - - [18/May/2024:12:52:15 +0800] "GET /xingrg/all/function/internal_message.html?_=1716007786877&CODE_STATE=getMsg HTTP/1.1" 200 27
180.164.6.225 - - [18/May/2024:12:52:15 +0800] "GET /xingrg/all/function/internal_message.html?_=1716007933855&CODE_STATE=getMsg HTTP/1.1" 200 27
116.232.195.13 - - [18/May/2024:12:52:18 +0800] "GET /xingrg/all/function/internal_message.html?_=1716007899407&CODE_STATE=getMsg HTTP/1.1" 200 27
116.232.195.13 - - [18/May/2024:12:52:18 +0800] "GET /xingrg/all/function/internal_message.html?_=1716007900247&CODE_STATE=getMsg HTTP/1.1" 200 27
114.84.152.157 - - [18/May/2024:12:52:20 +0800] "GET /xingrg/all/function/internal_message.html?_=1716006305040&CODE_STATE=getMsg HTTP/1.1" 200 27
114.84.152.157 - - [18/May/2024:12:52:20 +0800] "GET /xingrg/check_reg.html?_=1716006305043 HTTP/1.1" 200 22
116.232.195.13 - - [18/May/2024:12:52:21 +0800] "GET /xingrg/kc/buy/cgsh_order_operate.html?command=get_materiel&rest_code=00155&code=00102010397&supplier_code=00100151&order_time=2024-05-18 HTTP/1.1" 200 412
120.253.135.82 - - [18/May/2024:12:52:22 +0800] "POST /xingrg/kc/buy/cgsh_list_operate.html HTTP/1.1" 200 447
120.253.135.82 - - [18/May/2024:12:52:24 +0800] "GET /xingrg/kc/buy/cgsh_order_info.html?code=212024051805112 HTTP/1.1" 200 73624
120.253.135.82 - - [18/May/2024:12:52:24 +0800] "GET /xingrg/javascript/easyui/themes/default/validatebox.css HTTP/1.1" 404 1104
180.156.239.18 - - [18/May/2024:12:52:25 +0800] "GET /xingrg/all/function/internal_message.html?_=1716007944917&CODE_STATE=getMsg HTTP/1.1" 200 27
120.253.135.82 - - [18/May/2024:12:52:25 +0800] "POST /xingrg/kc/buy/cgsh_order_operate.html HTTP/1.1" 200 4480
180.156.239.18 - - [18/May/2024:12:52:28 +0800] "GET /xingrg/check_reg.html?_=1716007947774 HTTP/1.1" 200 22
124.78.156.206 - - [18/May/2024:12:52:28 +0800] "GET /xingrg/check_reg.html?_=1716007939408 HTTP/1.1" 200 22
124.78.156.206 - - [18/May/2024:12:52:28 +0800] "GET /xingrg/all/function/internal_message.html?_=1716007939412&CODE_STATE=getMsg HTTP/1.1" 200 27
116.235.244.24 - - [18/May/2024:12:52:30 +0800] "GET /xingrg/all/function/internal_message.html?_=1716007972694&CODE_STATE=getMsg HTTP/1.1" 200 27
101.83.144.49 - - [18/May/2024:12:52:32 +0800] "GET /xingrg/all/function/internal_message.html?_=1716007952560&CODE_STATE=getMsg HTTP/1.1" 200 27
101.83.144.49 - - [18/May/2024:12:52:35 +0800] "GET /xingrg/all/function/internal_message.html?_=1716007701229&CODE_STATE=getMsg HTTP/1.1" 200 27
120.253.135.82 - - [18/May/2024:12:52:38 +0800] "GET /xingrg/kc/print/load_data.html?order_code=212024051805112&kc_code=cgsh&condition= HTTP/1.1" 200 1458
114.84.152.157 - - [18/May/2024:12:52:38 +0800] "POST /xingrg/all/user/operate.html HTTP/1.1" 200 36
114.84.152.157 - - [18/May/2024:12:52:38 +0800] "GET /xingrg/index.html?sysBaseUrl=http%3A%2F%2F180.169.147.146%3A18081%2Fxingrg%2F&costTime=811×tamp=1716007332063 HTTP/1.1" 200 17179
114.84.152.157 - - [18/May/2024:12:52:38 +0800] "GET /xingrg/javascript/jquery_easy_ui/themes/default/easyui.css HTTP/1.1" 304 -
114.84.152.157 - - [18/May/2024:12:52:38 +0800] "GET /xingrg/javascript/jquery_easy_ui/themes/icon.css HTTP/1.1" 304 -
114.84.152.157 - - [18/May/2024:12:52:38 +0800] "GET /xingrg/css/form.css HTTP/1.1" 304 -
114.84.152.157 - - [18/May/2024:12:52:38 +0800] "GET /xingrg/javascript/jquery-1.4.2.min.js HTTP/1.1" 304 -
114.84.152.157 - - [18/May/2024:12:52:38 +0800] "GET /xingrg/javascript/jquery_easy_ui/jquery.easyui.min.js HTTP/1.1" 304 -
114.84.152.157 - - [18/May/2024:12:52:38 +0800] "GET /xingrg/javascript/jquery_easy_ui/easyui-lang-zh_CN.js HTTP/1.1" 304 -
101.80.230.31 - - [18/May/2024:12:52:38 +0800] "GET /xingrg/all/function/internal_message.html?_=1716007969286&CODE_STATE=getMsg HTTP/1.1" 200 27
114.84.152.157 - - [18/May/2024:12:52:38 +0800] "GET /xingrg/javascript/jquery.form.js HTTP/1.1" 304 -
114.84.152.157 - - [18/May/2024:12:52:38 +0800] "GET /xingrg/javascript/jquery.utils.js HTTP/1.1" 304 -
114.84.152.157 - - [18/May/2024:12:52:38 +0800] "GET /xingrg/javascript/jquery.timers.js HTTP/1.1" 304 -
114.84.152.157 - - [18/May/2024:12:52:38 +0800] "GET /xingrg/images/blue/jxLogo.png HTTP/1.1" 304 -
114.84.152.157 - - [18/May/2024:12:52:38 +0800] "GET /xingrg/javascript/jquery_easy_ui/themes/icons/settle_new.png HTTP/1.1" 304 -
114.84.152.157 - - [18/May/2024:12:52:38 +0800] "GET /xingrg/images/blue/navBackgound.jpg HTTP/1.1" 304 -
114.84.152.157 - - [18/May/2024:12:52:39 +0800] "GET /xingrg/all/function/internal_message.html?_=1716006323246&CODE_STATE=count HTTP/1.1" 200 11
114.84.152.157 - - [18/May/2024:12:52:39 +0800] "GET /xingrg/check_reg.html?_=1716006323247 HTTP/1.1" 200 22
114.84.152.157 - - [18/May/2024:12:52:39 +0800] "GET /xingrg/javascript/jquery_easy_ui/themes/default/images/panel_tool_collapse.gif HTTP/1.1" 304 -
114.84.152.157 - - [18/May/2024:12:52:39 +0800] "GET /xingrg/javascript/jquery_easy_ui/themes/default/images/tabs_leftarrow.png HTTP/1.1" 304 -
114.84.152.157 - - [18/May/2024:12:52:39 +0800] "GET /xingrg/javascript/jquery_easy_ui/themes/default/images/tabs_rightarrow.png HTTP/1.1" 304 -
114.84.152.157 - - [18/May/2024:12:52:39 +0800] "GET /xingrg/images/blue/pingpu.png HTTP/1.1" 304 -
114.84.152.157 - - [18/May/2024:12:52:39 +0800] "POST /xingrg/all/common/load_tree.html?tree=area_rest_tree_json&manage=1 HTTP/1.1" 200 479
114.84.152.157 - - [18/May/2024:12:52:39 +0800] "POST /xingrg/load_menu.html HTTP/1.1" 200 5138
114.84.152.157 - - [18/May/2024:12:52:40 +0800] "GET /xingrg/kc/buy/buy_main.html HTTP/1.1" 200 12412
114.84.152.157 - - [18/May/2024:12:52:40 +0800] "GET /xingrg/css/new_ie.css HTTP/1.1" 404 1036
114.84.152.157 - - [18/May/2024:12:52:41 +0800] "GET /xingrg/images/yd/bt.gif HTTP/1.1" 404 1040
114.84.152.157 - - [18/May/2024:12:52:42 +0800] "GET /xingrg/kc/buy/cgsh_order_list.html HTTP/1.1" 200 58786
222.67.233.39 - - [18/May/2024:12:52:45 +0800] "GET /xingrg/all/function/internal_message.html?_=1716007965204&CODE_STATE=getMsg HTTP/1.1" 200 27
222.67.233.39 - - [18/May/2024:12:52:45 +0800] "GET /xingrg/check_reg.html?_=1716007965207 HTTP/1.1" 200 22
116.232.195.13 - - [18/May/2024:12:52:46 +0800] "POST /xingrg/kc/buy/cgsh_order_operate.html HTTP/1.1" 200 37
222.69.133.140 - - [18/May/2024:12:52:48 +0800] "GET /xingrg/all/function/internal_message.html?_=1716007970320&CODE_STATE=getMsg HTTP/1.1" 200 27
116.232.195.13 - - [18/May/2024:12:52:49 +0800] "POST /xingrg/kc/buy/cgsh_order_operate.html HTTP/1.1" 200 3249
114.84.152.157 - - [18/May/2024:12:52:49 +0800] "POST /xingrg/kc/buy/cgsh_list_operate.html HTTP/1.1" 200 1386
114.95.186.91 - - [18/May/2024:12:52:50 +0800] "GET /xingrg/all/function/internal_message.html?_=1716007971858&CODE_STATE=getMsg HTTP/1.1" 200 27
116.232.195.13 - - [18/May/2024:12:52:51 +0800] "GET /xingrg/kc/print/load_data.html?order_code=212024051805122&kc_code=cgsh&condition= HTTP/1.1" 200 880
114.84.152.157 - - [18/May/2024:12:52:57 +0800] "GET /xingrg/kc/buy/cgsh_order_add.html HTTP/1.1" 200 73705
114.84.152.157 - - [18/May/2024:12:52:57 +0800] "POST /xingrg/kc/buy/cgsh_order_operate.html HTTP/1.1" 200 8245
114.84.152.157 - - [18/May/2024:12:52:57 +0800] "GET /xingrg/javascript/easyui/themes/default/validatebox.css HTTP/1.1" 404 1104
114.84.152.157 - - [18/May/2024:12:52:57 +0800] "GET /xingrg/all/common/auto_word.html?type=employee&rest_code=00143 HTTP/1.1" 200 55
114.84.152.157 - - [18/May/2024:12:52:57 +0800] "GET /xingrg/all/common/auto_word.html?type=employee&rest_code=00143 HTTP/1.1" 200 55
101.80.230.31 - - [18/May/2024:12:52:59 +0800] "GET /xingrg/javascript/jquery_tools/images/prev.gif HTTP/1.1" 404 1086
101.80.230.31 - - [18/May/2024:12:52:59 +0800] "GET /xingrg/javascript/jquery_tools/images/next.gif HTTP/1.1" 404 1086
114.84.152.157 - - [18/May/2024:12:52:59 +0800] "GET /xingrg/javascript/easyui/themes/default/tree.css HTTP/1.1" 404 1090
114.84.152.157 - - [18/May/2024:12:53:00 +0800] "POST /xingrg/all/common/load_tree.html?tree=supplier_tree_json&isDelete=1 HTTP/1.1" 200 80088
120.253.135.82 - - [18/May/2024:12:53:02 +0800] "GET /xingrg/all/function/internal_message.html?_=1716007833663&CODE_STATE=getMsg HTTP/1.1" 200 27
101.80.230.31 - - [18/May/2024:12:53:05 +0800] "GET /xingrg/kc/buy/cgsh_order_operate.html?command=get_materiel&rest_code=00156&code=00101008155&supplier_code=00100651&order_time=2024-05-18 HTTP/1.1" 200 408
180.169.147.146 - - [18/May/2024:12:53:08 +0800] "GET /xingrg/all/function/internal_message.html?_=1716007989896&CODE_STATE=getMsg HTTP/1.1" 200 27
221.239.170.140 - - [18/May/2024:12:53:13 +0800] "GET /xingrg/check_reg.html?_=1716007993292 HTTP/1.1" 200 22
221.239.170.140 - - [18/May/2024:12:53:13 +0800] "GET /xingrg/all/function/internal_message.html?_=1716007993293&CODE_STATE=getMsg HTTP/1.1" 200 27
120.253.135.82 - - [18/May/2024:12:53:14 +0800] "POST /xingrg/kc/buy/cgsh_order_operate.html HTTP/1.1" 200 37
101.80.230.31 - - [18/May/2024:12:53:14 +0800] "GET /xingrg/kc/buy/cgsh_order_operate.html?command=get_materiel&rest_code=00156&code=00101008350&supplier_code=00100651&order_time=2024-05-18 HTTP/1.1" 200 408
180.164.6.225 - - [18/May/2024:12:53:15 +0800] "GET /xingrg/all/function/internal_message.html?_=1716007993856&CODE_STATE=getMsg HTTP/1.1" 200 27
116.232.195.13 - - [18/May/2024:12:53:18 +0800] "GET /xingrg/all/function/internal_message.html?_=1716007959425&CODE_STATE=getMsg HTTP/1.1" 200 27
116.232.195.13 - - [18/May/2024:12:53:18 +0800] "GET /xingrg/all/function/internal_message.html?_=1716007960237&CODE_STATE=getMsg HTTP/1.1" 200 27
116.232.195.13 - - [18/May/2024:12:53:20 +0800] "GET /xingrg/check_reg.html?_=1716007961933 HTTP/1.1" 200 22
116.232.195.13 - - [18/May/2024:12:53:22 +0800] "GET /xingrg/kc/buy/cgsh_order_operate.html?command=get_materiel&rest_code=00155&code=00102010039&supplier_code=00100151&order_time=2024-05-18 HTTP/1.1" 200 408
101.80.230.31 - - [18/May/2024:12:53:23 +0800] "GET /xingrg/kc/buy/cgsh_order_operate.html?command=get_materiel&rest_code=00156&code=00101008088&supplier_code=00100651&order_time=2024-05-18 HTTP/1.1" 200 408
180.156.239.18 - - [18/May/2024:12:53:25 +0800] "GET /xingrg/all/function/internal_message.html?_=1716008004891&CODE_STATE=getMsg HTTP/1.1" 200 27
120.253.135.82 - - [18/May/2024:12:53:28 +0800] "POST /xingrg/kc/buy/cgsh_order_operate.html HTTP/1.1" 200 12
124.78.156.206 - - [18/May/2024:12:53:28 +0800] "GET /xingrg/all/function/internal_message.html?_=1716007999399&CODE_STATE=getMsg HTTP/1.1" 200 27
101.80.230.31 - - [18/May/2024:12:53:30 +0800] "GET /xingrg/kc/buy/cgsh_order_operate.html?command=get_materiel&rest_code=00156&code=00101008264&supplier_code=00100651&order_time=2024-05-18 HTTP/1.1" 200 412
116.235.244.24 - - [18/May/2024:12:53:30 +0800] "GET /xingrg/all/function/internal_message.html?_=1716008032708&CODE_STATE=getMsg HTTP/1.1" 200 27
120.253.135.82 - - [18/May/2024:12:53:30 +0800] "GET /xingrg/all/function/internal_message.html?_=1716007862155&CODE_STATE=getMsg HTTP/1.1" 200 27
120.253.135.82 - - [18/May/2024:12:53:31 +0800] "GET /xingrg/kc/buy/cgsh_order_info.html?code=212024051805112 HTTP/1.1" 200 68524
120.253.135.82 - - [18/May/2024:12:53:31 +0800] "GET /xingrg/javascript/easyui/themes/default/validatebox.css HTTP/1.1" 404 1104
101.83.144.49 - - [18/May/2024:12:53:32 +0800] "GET /xingrg/check_reg.html?_=1716008012548 HTTP/1.1" 200 22
101.83.144.49 - - [18/May/2024:12:53:32 +0800] "GET /xingrg/all/function/internal_message.html?_=1716008012552&CODE_STATE=getMsg HTTP/1.1" 200 27
120.253.135.82 - - [18/May/2024:12:53:32 +0800] "POST /xingrg/kc/buy/cgsh_order_operate.html HTTP/1.1" 200 2430
101.83.144.49 - - [18/May/2024:12:53:35 +0800] "GET /xingrg/all/function/internal_message.html?_=1716007761214&CODE_STATE=getMsg HTTP/1.1" 200 27
116.232.195.13 - - [18/May/2024:12:53:37 +0800] "POST /xingrg/kc/buy/cgsh_order_operate.html HTTP/1.1" 200 37
120.253.135.82 - - [18/May/2024:12:53:37 +0800] "POST /xingrg/kc/buy/cgsh_list_operate.html HTTP/1.1" 200 283
101.80.230.31 - - [18/May/2024:12:53:38 +0800] "GET /xingrg/all/function/internal_message.html?_=1716008028984&CODE_STATE=getMsg HTTP/1.1" 200 27
101.80.230.31 - - [18/May/2024:12:53:38 +0800] "GET /xingrg/check_reg.html?_=1716008028985 HTTP/1.1" 200 22
114.84.152.157 - - [18/May/2024:12:53:39 +0800] "GET /xingrg/all/function/internal_message.html?_=1716006383257&CODE_STATE=getMsg HTTP/1.1" 200 27
120.253.135.82 - - [18/May/2024:12:53:39 +0800] "GET /xingrg/kc/buy/cgsh_order_info.html?code=212024051805113 HTTP/1.1" 200 73628
120.253.135.82 - - [18/May/2024:12:53:39 +0800] "GET /xingrg/javascript/easyui/themes/default/validatebox.css HTTP/1.1" 404 1104
116.232.195.13 - - [18/May/2024:12:53:40 +0800] "POST /xingrg/kc/buy/cgsh_order_operate.html HTTP/1.1" 200 3245
120.253.135.82 - - [18/May/2024:12:53:40 +0800] "POST /xingrg/kc/buy/cgsh_order_operate.html HTTP/1.1" 200 3269
101.80.230.31 - - [18/May/2024:12:53:40 +0800] "GET /xingrg/kc/buy/cgsh_order_operate.html?command=get_materiel&rest_code=00156&code=00101008110&supplier_code=00100651&order_time=2024-05-18 HTTP/1.1" 200 408
120.253.135.82 - - [18/May/2024:12:53:43 +0800] "GET /xingrg/kc/print/load_data.html?order_code=212024051805113&kc_code=cgsh&condition= HTTP/1.1" 200 970
222.67.233.39 - - [18/May/2024:12:53:45 +0800] "GET /xingrg/all/function/internal_message.html?_=1716008025203&CODE_STATE=getMsg HTTP/1.1" 200 27
101.80.230.31 - - [18/May/2024:12:53:47 +0800] "GET /xingrg/kc/buy/cgsh_order_operate.html?command=get_materiel&rest_code=00156&code=00101008095&supplier_code=00100651&order_time=2024-05-18 HTTP/1.1" 200 412
222.69.133.140 - - [18/May/2024:12:53:48 +0800] "GET /xingrg/check_reg.html?_=1716008030319 HTTP/1.1" 200 22
222.69.133.140 - - [18/May/2024:12:53:48 +0800] "GET /xingrg/all/function/internal_message.html?_=1716008030322&CODE_STATE=getMsg HTTP/1.1" 200 27
114.95.186.91 - - [18/May/2024:12:53:50 +0800] "GET /xingrg/all/function/internal_message.html?_=1716008031860&CODE_STATE=getMsg HTTP/1.1" 200 27
120.253.135.82 - - [18/May/2024:12:53:53 +0800] "POST /xingrg/kc/buy/cgsh_order_operate.html HTTP/1.1" 200 37
101.80.230.31 - - [18/May/2024:12:53:58 +0800] "GET /xingrg/kc/buy/cgsh_order_operate.html?command=get_materiel&rest_code=00156&code=00101008163&supplier_code=00100651&order_time=2024-05-18 HTTP/1.1" 200 409
116.232.195.13 - - [18/May/2024:12:53:59 +0800] "GET /xingrg/index.html?sysBaseUrl=http%3A%2F%2F180.169.147.146%3A18081%2Fxingrg%2F&costTime=1779×tamp=1684631389383 HTTP/1.1" 302 -
116.232.195.13 - - [18/May/2024:12:53:59 +0800] "GET /xingrg/login.html HTTP/1.1" 200 7641
116.232.195.13 - - [18/May/2024:12:54:00 +0800] "GET /xingrg/images/blue/login_bg.png HTTP/1.1" 200 22101
116.232.195.13 - - [18/May/2024:12:54:00 +0800] "GET /xingrg/images/blue/hj.png HTTP/1.1" 200 1014
116.232.195.13 - - [18/May/2024:12:54:00 +0800] "GET /xingrg/images/blue/srbg.png HTTP/1.1" 200 138
116.232.195.13 - - [18/May/2024:12:54:00 +0800] "GET /favicon.ico HTTP/1.1" 404 -
120.253.135.82 - - [18/May/2024:12:54:02 +0800] "GET /xingrg/all/function/internal_message.html?_=1716007893667&CODE_STATE=getMsg HTTP/1.1" 200 27
101.80.230.31 - - [18/May/2024:12:54:04 +0800] "GET /xingrg/kc/buy/cgsh_order_operate.html?command=get_materiel&rest_code=00156&code=00101008224&supplier_code=00100651&order_time=2024-05-18 HTTP/1.1" 200 416
180.169.147.146 - - [18/May/2024:12:54:08 +0800] "GET /xingrg/all/function/internal_message.html?_=1716008049894&CODE_STATE=getMsg HTTP/1.1" 200 27
120.253.135.82 - - [18/May/2024:12:54:09 +0800] "POST /xingrg/kc/buy/cgsh_order_operate.html HTTP/1.1" 200 12
114.84.152.157 - - [18/May/2024:12:54:09 +0800] "GET /xingrg/javascript/auto/indicator.gif HTTP/1.1" 404 1066
116.232.195.13 - - [18/May/2024:12:54:10 +0800] "POST /xingrg/login.do HTTP/1.1" 302 -
116.232.195.13 - - [18/May/2024:12:54:10 +0800] "GET /xingrg/index.html?sysBaseUrl=http%3A%2F%2F180.169.147.146%3A18081%2Fxingrg%2F&costTime=800×tamp=1716008050246 HTTP/1.1" 200 17179
116.232.195.13 - - [18/May/2024:12:54:10 +0800] "GET /favicon.ico HTTP/1.1" 404 -
116.232.195.13 - - [18/May/2024:12:54:10 +0800] "GET /xingrg/all/function/internal_message.html?_=1716008011853&CODE_STATE=count HTTP/1.1" 200 11
116.232.195.13 - - [18/May/2024:12:54:10 +0800] "GET /xingrg/check_reg.html?_=1716008011854 HTTP/1.1" 200 22
116.232.195.13 - - [18/May/2024:12:54:10 +0800] "POST /xingrg/all/common/load_tree.html?tree=area_rest_tree_json&manage=1 HTTP/1.1" 200 351
116.232.195.13 - - [18/May/2024:12:54:10 +0800] "POST /xingrg/load_menu.html HTTP/1.1" 200 5138
101.80.230.31 - - [18/May/2024:12:54:11 +0800] "GET /xingrg/kc/buy/cgsh_order_operate.html?command=get_materiel&rest_code=00156&code=00101008356&supplier_code=00100651&order_time=2024-05-18 HTTP/1.1" 200 408
120.253.135.82 - - [18/May/2024:12:54:11 +0800] "GET /xingrg/kc/buy/cgsh_order_info.html?code=212024051805113 HTTP/1.1" 200 68528
120.253.135.82 - - [18/May/2024:12:54:12 +0800] "GET /xingrg/javascript/easyui/themes/default/validatebox.css HTTP/1.1" 404 1104
116.232.195.13 - - [18/May/2024:12:54:13 +0800] "GET /xingrg/kc/buy/buy_main.html HTTP/1.1" 200 12412
116.232.195.13 - - [18/May/2024:12:54:13 +0800] "GET /xingrg/css/new_ie.css HTTP/1.1" 404 1036
120.253.135.82 - - [18/May/2024:12:54:13 +0800] "POST /xingrg/kc/buy/cgsh_order_operate.html HTTP/1.1" 200 1219
116.232.195.13 - - [18/May/2024:12:54:13 +0800] "GET /xingrg/images/yd/bt.gif HTTP/1.1" 404 1040
221.239.170.140 - - [18/May/2024:12:54:13 +0800] "GET /xingrg/all/function/internal_message.html?_=1716008053290&CODE_STATE=getMsg HTTP/1.1" 200 27
116.232.195.13 - - [18/May/2024:12:54:14 +0800] "GET /xingrg/kc/buy/cgsh_order_list.html HTTP/1.1" 200 58786
114.84.152.157 - - [18/May/2024:12:54:14 +0800] "GET /xingrg/kc/buy/cgsh_order_operate.html?command=get_materiel&rest_code=00143&code=00101006201&supplier_code=00100177&order_time=2024-05-18 HTTP/1.1" 200 405
180.164.6.225 - - [18/May/2024:12:54:15 +0800] "GET /xingrg/all/function/internal_message.html?_=1716008053843&CODE_STATE=getMsg HTTP/1.1" 200 27
180.164.6.225 - - [18/May/2024:12:54:15 +0800] "GET /xingrg/check_reg.html?_=1716008053846 HTTP/1.1" 200 22
101.80.230.31 - - [18/May/2024:12:54:16 +0800] "GET /xingrg/javascript/auto/indicator.gif HTTP/1.1" 404 1066
101.80.230.31 - - [18/May/2024:12:54:21 +0800] "GET /xingrg/kc/buy/cgsh_order_operate.html?command=get_materiel&rest_code=00156&code=00101008694&supplier_code=00100651&order_time=2024-05-18 HTTP/1.1" 200 420
180.156.239.18 - - [18/May/2024:12:54:25 +0800] "GET /xingrg/all/function/internal_message.html?_=1716008064891&CODE_STATE=getMsg HTTP/1.1" 200 27
120.253.135.82 - - [18/May/2024:12:54:26 +0800] "POST /xingrg/kc/buy/cgsh_list_operate.html HTTP/1.1" 200 1972
101.80.230.31 - - [18/May/2024:12:54:28 +0800] "GET /xingrg/kc/buy/cgsh_order_operate.html?command=get_materiel&rest_code=00156&code=00101008318&supplier_code=00100651&order_time=2024-05-18 HTTP/1.1" 200 408
124.78.156.206 - - [18/May/2024:12:54:28 +0800] "GET /xingrg/all/function/internal_message.html?_=1716008059400&CODE_STATE=getMsg HTTP/1.1" 200 27
120.253.135.82 - - [18/May/2024:12:54:28 +0800] "POST /xingrg/kc/buy/cgsh_list_operate.html HTTP/1.1" 200 201
116.235.244.24 - - [18/May/2024:12:54:30 +0800] "GET /xingrg/all/function/internal_message.html?_=1716008092728&CODE_STATE=getMsg HTTP/1.1" 200 27
120.253.135.82 - - [18/May/2024:12:54:30 +0800] "GET /xingrg/kc/buy/cgsh_order_info.html?code=212024051805117 HTTP/1.1" 200 73638
120.253.135.82 - - [18/May/2024:12:54:31 +0800] "GET /xingrg/javascript/easyui/themes/default/validatebox.css HTTP/1.1" 404 1104
120.253.135.82 - - [18/May/2024:12:54:31 +0800] "GET /xingrg/all/function/internal_message.html?_=1716007922290&CODE_STATE=getMsg HTTP/1.1" 200 27
120.253.135.82 - - [18/May/2024:12:54:31 +0800] "GET /xingrg/all/function/internal_message.html?_=1716008257865&CODE_STATE=getMsg HTTP/1.1" 200 27
120.253.135.82 - - [18/May/2024:12:54:32 +0800] "POST /xingrg/kc/buy/cgsh_order_operate.html HTTP/1.1" 200 2670
101.83.144.49 - - [18/May/2024:12:54:32 +0800] "GET /xingrg/all/function/internal_message.html?_=1716008072552&CODE_STATE=getMsg HTTP/1.1" 200 27
101.80.230.31 - - [18/May/2024:12:54:34 +0800] "GET /xingrg/kc/buy/cgsh_order_operate.html?command=get_materiel&rest_code=00156&code=00101008213&supplier_code=00100651&order_time=2024-05-18 HTTP/1.1" 200 412
101.83.144.49 - - [18/May/2024:12:54:35 +0800] "GET /xingrg/check_reg.html?_=1716007821201 HTTP/1.1" 200 22
