101.83.144.49 - - [18/May/2024:12:54:35 +0800] "GET /xingrg/all/function/internal_message.html?_=1716007821203&CODE_STATE=getMsg HTTP/1.1" 200 27
120.253.135.82 - - [18/May/2024:12:54:35 +0800] "GET /xingrg/kc/print/load_data.html?order_code=212024051805117&kc_code=cgsh&condition= HTTP/1.1" 200 677
120.253.135.82 - - [18/May/2024:12:54:35 +0800] "POST /xingrg/kc/buy/cgsh_order_operate.html HTTP/1.1" 200 37
101.80.230.31 - - [18/May/2024:12:54:38 +0800] "GET /xingrg/all/function/internal_message.html?_=1716008088986&CODE_STATE=getMsg HTTP/1.1" 200 27
120.253.135.82 - - [18/May/2024:12:54:38 +0800] "POST /xingrg/kc/buy/cgsh_order_operate.html HTTP/1.1" 200 13818
114.84.152.157 - - [18/May/2024:12:54:39 +0800] "GET /xingrg/all/function/internal_message.html?_=1716006443245&CODE_STATE=getMsg HTTP/1.1" 200 27
222.67.233.39 - - [18/May/2024:12:54:45 +0800] "GET /xingrg/all/function/internal_message.html?_=1716008085203&CODE_STATE=getMsg HTTP/1.1" 200 27
101.80.230.31 - - [18/May/2024:12:54:45 +0800] "GET /xingrg/kc/buy/cgsh_order_operate.html?command=get_materiel&rest_code=00156&code=00101008118&supplier_code=00100651&order_time=2024-05-18 HTTP/1.1" 200 418
222.69.133.140 - - [18/May/2024:12:54:48 +0800] "GET /xingrg/all/function/internal_message.html?_=1716008090317&CODE_STATE=getMsg HTTP/1.1" 200 27
114.95.186.91 - - [18/May/2024:12:54:50 +0800] "GET /xingrg/all/function/internal_message.html?_=1716008091856&CODE_STATE=getMsg HTTP/1.1" 200 27
120.253.135.82 - - [18/May/2024:12:54:55 +0800] "POST /xingrg/kc/buy/cgsh_order_operate.html HTTP/1.1" 200 37
116.232.195.13 - - [18/May/2024:12:54:55 +0800] "POST /xingrg/kc/buy/cgsh_list_operate.html HTTP/1.1" 200 4281
101.80.230.31 - - [18/May/2024:12:54:57 +0800] "GET /xingrg/kc/buy/cgsh_order_operate.html?command=get_materiel&rest_code=00156&code=00101008361&supplier_code=00100651&order_time=2024-05-18 HTTP/1.1" 200 408
120.253.135.82 - - [18/May/2024:12:54:59 +0800] "GET /xingrg/all/function/internal_message.html?_=1716008285272&CODE_STATE=getMsg HTTP/1.1" 200 27
120.253.135.82 - - [18/May/2024:12:55:02 +0800] "GET /xingrg/all/function/internal_message.html?_=1716007953870&CODE_STATE=getMsg HTTP/1.1" 200 27
120.253.135.82 - - [18/May/2024:12:55:03 +0800] "POST /xingrg/kc/buy/cgsh_order_operate.html HTTP/1.1" 200 12
101.80.230.31 - - [18/May/2024:12:55:04 +0800] "GET /xingrg/kc/buy/cgsh_order_operate.html?command=get_materiel&rest_code=00156&code=00101008144&supplier_code=00100651&order_time=2024-05-18 HTTP/1.1" 200 412
120.253.135.82 - - [18/May/2024:12:55:06 +0800] "GET /xingrg/kc/buy/cgsh_order_info.html?code=212024051805117 HTTP/1.1" 200 68538
120.253.135.82 - - [18/May/2024:12:55:07 +0800] "GET /xingrg/javascript/easyui/themes/default/validatebox.css HTTP/1.1" 404 1104
180.169.147.146 - - [18/May/2024:12:55:08 +0800] "GET /xingrg/all/function/internal_message.html?_=1716008109909&CODE_STATE=getMsg HTTP/1.1" 200 27
120.253.135.82 - - [18/May/2024:12:55:08 +0800] "POST /xingrg/kc/buy/cgsh_order_operate.html HTTP/1.1" 200 620
116.232.195.13 - - [18/May/2024:12:55:09 +0800] "GET /xingrg/kc/buy/cgsh_order_list.html HTTP/1.1" 200 58786
116.232.195.13 - - [18/May/2024:12:55:10 +0800] "GET /favicon.ico HTTP/1.1" 404 -
116.232.195.13 - - [18/May/2024:12:55:10 +0800] "GET /xingrg/all/function/internal_message.html?_=1716008071845&CODE_STATE=getMsg HTTP/1.1" 200 27
101.80.230.31 - - [18/May/2024:12:55:11 +0800] "GET /xingrg/kc/buy/cgsh_order_operate.html?command=get_materiel&rest_code=00156&code=00101008223&supplier_code=00100651&order_time=2024-05-18 HTTP/1.1" 200 412
221.239.170.140 - - [18/May/2024:12:55:13 +0800] "GET /xingrg/all/function/internal_message.html?_=1716008113290&CODE_STATE=getMsg HTTP/1.1" 200 27
120.253.135.82 - - [18/May/2024:12:55:14 +0800] "GET /xingrg/check_reg.html?_=1716007965287 HTTP/1.1" 200 22
180.164.6.225 - - [18/May/2024:12:55:15 +0800] "GET /xingrg/all/function/internal_message.html?_=1716008113853&CODE_STATE=getMsg HTTP/1.1" 200 27
222.70.183.82 - - [18/May/2024:12:55:16 +0800] "GET /xingrg/index.html?sysBaseUrl=http%3A%2F%2F180.169.147.146%3A18081%2Fxingrg%2F&costTime=878×tamp=1715994871686 HTTP/1.1" 200 17173
120.253.135.82 - - [18/May/2024:12:55:17 +0800] "POST /xingrg/kc/buy/cgsh_list_operate.html HTTP/1.1" 200 1672
101.80.230.31 - - [18/May/2024:12:55:19 +0800] "GET /xingrg/kc/buy/cgsh_order_operate.html?command=get_materiel&rest_code=00156&code=00101008185&supplier_code=00100651&order_time=2024-05-18 HTTP/1.1" 200 408
116.232.195.13 - - [18/May/2024:12:55:22 +0800] "GET /xingrg/index.html?sysBaseUrl=http%3A%2F%2F180.169.147.146%3A18081%2Fxingrg%2F&costTime=1779×tamp=1684631389383 HTTP/1.1" 200 17179
120.253.135.82 - - [18/May/2024:12:55:23 +0800] "POST /xingrg/kc/buy/cgsh_list_operate.html HTTP/1.1" 200 347
116.232.195.13 - - [18/May/2024:12:55:23 +0800] "GET /xingrg/all/function/internal_message.html?_=1716008084534&CODE_STATE=count HTTP/1.1" 200 11
116.232.195.13 - - [18/May/2024:12:55:23 +0800] "GET /xingrg/check_reg.html?_=1716008084536 HTTP/1.1" 200 22
116.232.195.13 - - [18/May/2024:12:55:23 +0800] "GET /favicon.ico HTTP/1.1" 404 -
116.232.195.13 - - [18/May/2024:12:55:23 +0800] "POST /xingrg/all/common/load_tree.html?tree=area_rest_tree_json&manage=1 HTTP/1.1" 200 351
116.232.195.13 - - [18/May/2024:12:55:23 +0800] "POST /xingrg/load_menu.html HTTP/1.1" 200 5138
116.232.195.13 - - [18/May/2024:12:55:24 +0800] "GET /xingrg/kc/buy/buy_main.html HTTP/1.1" 200 12412
116.232.195.13 - - [18/May/2024:12:55:24 +0800] "GET /xingrg/css/new_ie.css HTTP/1.1" 404 1036
120.253.135.82 - - [18/May/2024:12:55:24 +0800] "GET /xingrg/kc/buy/cgsh_order_info.html?code=212024051805118 HTTP/1.1" 200 73622
180.156.239.18 - - [18/May/2024:12:55:25 +0800] "GET /xingrg/all/function/internal_message.html?_=1716008124875&CODE_STATE=getMsg HTTP/1.1" 200 27
120.253.135.82 - - [18/May/2024:12:55:25 +0800] "GET /xingrg/javascript/easyui/themes/default/validatebox.css HTTP/1.1" 404 1104
222.70.183.82 - - [18/May/2024:12:55:25 +0800] "GET /favicon.ico HTTP/1.1" 404 -
116.232.195.13 - - [18/May/2024:12:55:25 +0800] "GET /xingrg/images/yd/bt.gif HTTP/1.1" 404 1040
120.253.135.82 - - [18/May/2024:12:55:26 +0800] "POST /xingrg/kc/buy/cgsh_order_operate.html HTTP/1.1" 200 3858
222.70.183.82 - - [18/May/2024:12:55:27 +0800] "POST /xingrg/all/common/load_tree.html?tree=area_rest_tree_json&manage=1 HTTP/1.1" 200 342
116.232.195.13 - - [18/May/2024:12:55:27 +0800] "GET /xingrg/kc/buy/cgsh_order_list.html HTTP/1.1" 200 58786
222.70.183.82 - - [18/May/2024:12:55:27 +0800] "GET /xingrg/check_reg.html?_=1716008127044 HTTP/1.1" 200 22
222.70.183.82 - - [18/May/2024:12:55:27 +0800] "GET /xingrg/all/function/internal_message.html?_=1716008127040&CODE_STATE=count HTTP/1.1" 200 11
101.80.230.31 - - [18/May/2024:12:55:27 +0800] "GET /xingrg/kc/buy/cgsh_order_operate.html?command=get_materiel&rest_code=00156&code=00101008069&supplier_code=00100651&order_time=2024-05-18 HTTP/1.1" 200 412
222.70.183.82 - - [18/May/2024:12:55:27 +0800] "POST /xingrg/load_menu.html HTTP/1.1" 200 5138
124.78.156.206 - - [18/May/2024:12:55:28 +0800] "GET /xingrg/all/function/internal_message.html?_=1716008119407&CODE_STATE=getMsg HTTP/1.1" 200 27
116.235.244.24 - - [18/May/2024:12:55:30 +0800] "GET /xingrg/all/function/internal_message.html?_=1716008152735&CODE_STATE=getMsg HTTP/1.1" 200 27
120.253.135.82 - - [18/May/2024:12:55:30 +0800] "GET /xingrg/kc/print/load_data.html?order_code=212024051805118&kc_code=cgsh&condition= HTTP/1.1" 200 1191
120.253.135.82 - - [18/May/2024:12:55:31 +0800] "GET /xingrg/all/function/internal_message.html?_=1716007982453&CODE_STATE=getMsg HTTP/1.1" 200 27
101.83.144.49 - - [18/May/2024:12:55:32 +0800] "GET /xingrg/all/function/internal_message.html?_=1716008132553&CODE_STATE=getMsg HTTP/1.1" 200 27
101.80.230.31 - - [18/May/2024:12:55:34 +0800] "GET /xingrg/kc/buy/cgsh_order_operate.html?command=get_materiel&rest_code=00156&code=00101008696&supplier_code=00100651&order_time=2024-05-18 HTTP/1.1" 200 412
101.83.144.49 - - [18/May/2024:12:55:35 +0800] "GET /xingrg/all/function/internal_message.html?_=1716007881203&CODE_STATE=getMsg HTTP/1.1" 200 27
120.253.135.82 - - [18/May/2024:12:55:36 +0800] "GET /xingrg/check_reg.html?_=1716007987829 HTTP/1.1" 200 22
101.80.230.31 - - [18/May/2024:12:55:36 +0800] "POST /xingrg/kc/buy/cgsh_order_operate.html HTTP/1.1" 200 2065
101.80.230.31 - - [18/May/2024:12:55:38 +0800] "GET /xingrg/all/function/internal_message.html?_=1716008148988&CODE_STATE=getMsg HTTP/1.1" 200 27
114.84.152.157 - - [18/May/2024:12:55:39 +0800] "GET /xingrg/all/function/internal_message.html?_=1716006503252&CODE_STATE=getMsg HTTP/1.1" 200 27
120.253.135.82 - - [18/May/2024:12:55:41 +0800] "POST /xingrg/kc/buy/cgsh_order_operate.html HTTP/1.1" 200 37
101.80.230.31 - - [18/May/2024:12:55:43 +0800] "GET /xingrg/kc/buy/cgsh_order_operate.html?command=get_materiel&rest_code=00156&code=00101008137&supplier_code=00100651&order_time=2024-05-18 HTTP/1.1" 200 408
222.67.233.39 - - [18/May/2024:12:55:45 +0800] "GET /xingrg/all/function/internal_message.html?_=1716008145198&CODE_STATE=getMsg HTTP/1.1" 200 27
116.232.195.13 - - [18/May/2024:12:55:45 +0800] "POST /xingrg/kc/buy/cgsh_list_operate.html HTTP/1.1" 200 7176
222.69.133.140 - - [18/May/2024:12:55:48 +0800] "GET /xingrg/all/function/internal_message.html?_=1716008150318&CODE_STATE=getMsg HTTP/1.1" 200 27
101.80.230.31 - - [18/May/2024:12:55:50 +0800] "GET /xingrg/kc/buy/cgsh_order_operate.html?command=get_materiel&rest_code=00156&code=00101008270&supplier_code=00100651&order_time=2024-05-18 HTTP/1.1" 200 412
114.95.186.91 - - [18/May/2024:12:55:50 +0800] "GET /xingrg/all/function/internal_message.html?_=1716008151855&CODE_STATE=getMsg HTTP/1.1" 200 27
116.232.195.13 - - [18/May/2024:12:55:50 +0800] "POST /xingrg/kc/buy/cgsh_list_operate.html HTTP/1.1" 200 7176
222.70.183.82 - - [18/May/2024:12:55:54 +0800] "GET /xingrg/kc/buy/cgsh_order_list.html HTTP/1.1" 200 58780
101.80.230.31 - - [18/May/2024:12:55:56 +0800] "GET /xingrg/kc/buy/cgsh_order_operate.html?command=get_materiel&rest_code=00156&code=00101008131&supplier_code=00100651&order_time=2024-05-18 HTTP/1.1" 200 408
120.253.135.82 - - [18/May/2024:12:55:58 +0800] "POST /xingrg/kc/buy/cgsh_order_operate.html HTTP/1.1" 200 12
120.253.135.82 - - [18/May/2024:12:55:59 +0800] "GET /xingrg/all/function/internal_message.html?_=1716008345275&CODE_STATE=getMsg HTTP/1.1" 200 27
120.253.135.82 - - [18/May/2024:12:56:02 +0800] "GET /xingrg/all/function/internal_message.html?_=1716008013882&CODE_STATE=getMsg HTTP/1.1" 200 27
222.70.183.82 - - [18/May/2024:12:56:03 +0800] "POST /xingrg/kc/buy/cgsh_list_operate.html HTTP/1.1" 200 1660
114.83.217.213 - - [18/May/2024:12:56:03 +0800] "GET /xingrg/check_reg.html?_=1716008159610 HTTP/1.1" 200 22
120.253.135.82 - - [18/May/2024:12:56:05 +0800] "GET /xingrg/kc/buy/cgsh_order_info.html?code=212024051805118 HTTP/1.1" 200 68522
120.253.135.82 - - [18/May/2024:12:56:06 +0800] "GET /xingrg/javascript/easyui/themes/default/validatebox.css HTTP/1.1" 404 1104
222.70.183.82 - - [18/May/2024:12:56:07 +0800] "GET /xingrg/kc/buy/cgsh_order_add.html HTTP/1.1" 200 74549
222.70.183.82 - - [18/May/2024:12:56:07 +0800] "GET /xingrg/words/20240517155125_words.js HTTP/1.1" 304 -
120.253.135.82 - - [18/May/2024:12:56:07 +0800] "POST /xingrg/kc/buy/cgsh_order_operate.html HTTP/1.1" 200 1808
222.70.183.82 - - [18/May/2024:12:56:07 +0800] "POST /xingrg/kc/buy/cgsh_order_operate.html HTTP/1.1" 200 8245
222.70.183.82 - - [18/May/2024:12:56:07 +0800] "GET /xingrg/javascript/easyui/themes/default/validatebox.css HTTP/1.1" 404 1104
222.70.183.82 - - [18/May/2024:12:56:07 +0800] "GET /xingrg/all/common/auto_word.html?type=employee&rest_code=00111 HTTP/1.1" 200 105
222.70.183.82 - - [18/May/2024:12:56:07 +0800] "GET /xingrg/all/common/auto_word.html?type=employee&rest_code=00111 HTTP/1.1" 200 105
180.169.147.146 - - [18/May/2024:12:56:08 +0800] "GET /xingrg/check_reg.html?_=1716008169908 HTTP/1.1" 200 22
180.169.147.146 - - [18/May/2024:12:56:08 +0800] "GET /xingrg/all/function/internal_message.html?_=1716008169909&CODE_STATE=getMsg HTTP/1.1" 200 27
101.80.230.31 - - [18/May/2024:12:56:09 +0800] "GET /xingrg/kc/buy/cgsh_order_operate.html?command=get_materiel&rest_code=00156&code=00101008357&supplier_code=00100651&order_time=2024-05-18 HTTP/1.1" 200 408
116.232.195.13 - - [18/May/2024:12:56:10 +0800] "GET /xingrg/all/function/internal_message.html?_=1716008131863&CODE_STATE=getMsg HTTP/1.1" 200 27
222.70.183.82 - - [18/May/2024:12:56:12 +0800] "GET /xingrg/javascript/auto/indicator.gif HTTP/1.1" 404 1066
221.239.170.140 - - [18/May/2024:12:56:13 +0800] "GET /xingrg/all/function/internal_message.html?_=1716008173290&CODE_STATE=getMsg HTTP/1.1" 200 27
120.253.135.82 - - [18/May/2024:12:56:13 +0800] "POST /xingrg/kc/buy/cgsh_list_operate.html HTTP/1.1" 200 1389
116.232.195.13 - - [18/May/2024:12:56:13 +0800] "POST /xingrg/kc/buy/cgsh_list_operate.html HTTP/1.1" 200 7176
180.164.6.225 - - [18/May/2024:12:56:15 +0800] "GET /xingrg/all/function/internal_message.html?_=1716008173844&CODE_STATE=getMsg HTTP/1.1" 200 27
101.80.230.31 - - [18/May/2024:12:56:16 +0800] "GET /xingrg/kc/buy/cgsh_order_operate.html?command=get_materiel&rest_code=00156&code=00101008101&supplier_code=00100651&order_time=2024-05-18 HTTP/1.1" 200 412
101.80.230.31 - - [18/May/2024:12:56:18 +0800] "POST /xingrg/kc/buy/cgsh_order_operate.html HTTP/1.1" 200 2065
222.70.183.82 - - [18/May/2024:12:56:21 +0800] "GET /xingrg/javascript/jquery_tools/images/prev.gif HTTP/1.1" 404 1086
222.70.183.82 - - [18/May/2024:12:56:21 +0800] "GET /xingrg/javascript/jquery_tools/images/next.gif HTTP/1.1" 404 1086
116.232.195.13 - - [18/May/2024:12:56:23 +0800] "GET /xingrg/all/function/internal_message.html?_=1716008144561&CODE_STATE=getMsg HTTP/1.1" 200 27
180.156.239.18 - - [18/May/2024:12:56:25 +0800] "GET /xingrg/all/function/internal_message.html?_=1716008184849&CODE_STATE=getMsg HTTP/1.1" 200 27
101.80.230.31 - - [18/May/2024:12:56:25 +0800] "GET /xingrg/kc/buy/cgsh_order_operate.html?command=get_materiel&rest_code=00156&code=00101008781&supplier_code=00100651&order_time=2024-05-18 HTTP/1.1" 200 408
180.169.147.146 - - [18/May/2024:12:56:25 +0800] "GET /xingrg/check_reg.html?_=1716008187005 HTTP/1.1" 200 22
222.70.183.82 - - [18/May/2024:12:56:27 +0800] "GET /xingrg/all/function/internal_message.html?_=1716008187060&CODE_STATE=getMsg HTTP/1.1" 200 27
124.78.156.206 - - [18/May/2024:12:56:28 +0800] "GET /xingrg/all/function/internal_message.html?_=1716008179409&CODE_STATE=getMsg HTTP/1.1" 200 27
222.70.183.82 - - [18/May/2024:12:56:30 +0800] "GET /xingrg/kc/buy/cgsh_order_operate.html?command=get_materiel&rest_code=00111&code=00101009109&supplier_code=00100022&order_time=2024-05-18 HTTP/1.1" 200 413
116.235.244.24 - - [18/May/2024:12:56:30 +0800] "GET /xingrg/all/function/internal_message.html?_=1716008212758&CODE_STATE=getMsg HTTP/1.1" 200 27
120.253.135.82 - - [18/May/2024:12:56:31 +0800] "GET /xingrg/all/function/internal_message.html?_=1716008042460&CODE_STATE=getMsg HTTP/1.1" 200 27
101.83.144.49 - - [18/May/2024:12:56:32 +0800] "GET /xingrg/all/function/internal_message.html?_=1716008192554&CODE_STATE=getMsg HTTP/1.1" 200 27
120.253.135.82 - - [18/May/2024:12:56:33 +0800] "POST /xingrg/kc/buy/cgsh_list_operate.html HTTP/1.1" 200 606
101.80.230.31 - - [18/May/2024:12:56:33 +0800] "GET /xingrg/kc/buy/cgsh_order_operate.html?command=get_materiel&rest_code=00156&code=00101008792&supplier_code=00100651&order_time=2024-05-18 HTTP/1.1" 200 402
120.253.135.82 - - [18/May/2024:12:56:35 +0800] "GET /xingrg/kc/buy/cgsh_order_info.html?code=212024051805119 HTTP/1.1" 200 73628
101.83.144.49 - - [18/May/2024:12:56:35 +0800] "GET /xingrg/all/function/internal_message.html?_=1716007941203&CODE_STATE=getMsg HTTP/1.1" 200 27
120.253.135.82 - - [18/May/2024:12:56:35 +0800] "GET /xingrg/javascript/easyui/themes/default/validatebox.css HTTP/1.1" 404 1104
120.253.135.82 - - [18/May/2024:12:56:36 +0800] "POST /xingrg/kc/buy/cgsh_order_operate.html HTTP/1.1" 200 13818
101.80.230.31 - - [18/May/2024:12:56:38 +0800] "GET /xingrg/all/function/internal_message.html?_=1716008208991&CODE_STATE=getMsg HTTP/1.1" 200 27
114.84.152.157 - - [18/May/2024:12:56:39 +0800] "GET /xingrg/all/function/internal_message.html?_=1716006563237&CODE_STATE=getMsg HTTP/1.1" 200 27
101.80.230.31 - - [18/May/2024:12:56:42 +0800] "GET /xingrg/kc/buy/cgsh_order_operate.html?command=get_materiel&rest_code=00156&code=00101008372&supplier_code=00100651&order_time=2024-05-18 HTTP/1.1" 200 408
222.67.233.39 - - [18/May/2024:12:56:45 +0800] "GET /xingrg/all/function/internal_message.html?_=1716008205211&CODE_STATE=getMsg HTTP/1.1" 200 27
222.69.133.140 - - [18/May/2024:12:56:48 +0800] "GET /xingrg/all/function/internal_message.html?_=1716008210312&CODE_STATE=getMsg HTTP/1.1" 200 27
114.95.186.91 - - [18/May/2024:12:56:50 +0800] "GET /xingrg/all/function/internal_message.html?_=1716008211872&CODE_STATE=getMsg HTTP/1.1" 200 27
114.95.186.91 - - [18/May/2024:12:56:50 +0800] "GET /xingrg/check_reg.html?_=1716008211876 HTTP/1.1" 200 22
222.70.183.82 - - [18/May/2024:12:56:50 +0800] "GET /xingrg/kc/buy/cgsh_order_operate.html?command=get_materiel&rest_code=00111&code=00101009062&supplier_code=00100022&order_time=2024-05-18 HTTP/1.1" 200 412
101.80.230.31 - - [18/May/2024:12:56:51 +0800] "GET /xingrg/kc/buy/cgsh_order_operate.html?command=get_materiel&rest_code=00156&code=00101008358&supplier_code=00100651&order_time=2024-05-18 HTTP/1.1" 200 412
101.80.230.31 - - [18/May/2024:12:56:58 +0800] "GET /xingrg/kc/buy/cgsh_order_operate.html?command=get_materiel&rest_code=00156&code=00101008087&supplier_code=00100651&order_time=2024-05-18 HTTP/1.1" 200 412
120.253.135.82 - - [18/May/2024:12:56:59 +0800] "GET /xingrg/all/function/internal_message.html?_=1716008405280&CODE_STATE=getMsg HTTP/1.1" 200 27
120.253.135.82 - - [18/May/2024:12:56:59 +0800] "GET /xingrg/check_reg.html?_=1716008405283 HTTP/1.1" 200 22
101.80.230.31 - - [18/May/2024:12:56:59 +0800] "POST /xingrg/kc/buy/cgsh_order_operate.html HTTP/1.1" 200 2065
120.253.135.82 - - [18/May/2024:12:57:02 +0800] "GET /xingrg/all/function/internal_message.html?_=1716008073894&CODE_STATE=getMsg HTTP/1.1" 200 27
222.70.183.82 - - [18/May/2024:12:57:04 +0800] "GET /xingrg/kc/buy/cgsh_order_operate.html?command=get_materiel&rest_code=00111&code=00101009011&supplier_code=00100022&order_time=2024-05-18 HTTP/1.1" 200 416
101.80.230.31 - - [18/May/2024:12:57:06 +0800] "GET /xingrg/kc/buy/cgsh_order_operate.html?command=get_materiel&rest_code=00156&code=00101008355&supplier_code=00100651&order_time=2024-05-18 HTTP/1.1" 200 408
180.169.147.146 - - [18/May/2024:12:57:08 +0800] "GET /xingrg/all/function/internal_message.html?_=1716008229908&CODE_STATE=getMsg HTTP/1.1" 200 27
116.232.195.13 - - [18/May/2024:12:57:10 +0800] "GET /xingrg/all/function/internal_message.html?_=1716008191848&CODE_STATE=getMsg HTTP/1.1" 200 27
116.235.244.24 - - [18/May/2024:12:57:10 +0800] "GET /xingrg/check_reg.html?_=1716008253073 HTTP/1.1" 200 22
116.232.195.13 - - [18/May/2024:12:57:12 +0800] "POST /xingrg/kc/buy/cgsh_list_operate.html HTTP/1.1" 200 1838
221.239.170.140 - - [18/May/2024:12:57:13 +0800] "GET /xingrg/all/function/internal_message.html?_=1716008233289&CODE_STATE=getMsg HTTP/1.1" 200 27
101.80.230.31 - - [18/May/2024:12:57:14 +0800] "GET /xingrg/kc/buy/cgsh_order_operate.html?command=get_materiel&rest_code=00156&code=00101008696&supplier_code=00100651&order_time=2024-05-18 HTTP/1.1" 200 412
180.164.6.225 - - [18/May/2024:12:57:15 +0800] "GET /xingrg/all/function/internal_message.html?_=1716008233847&CODE_STATE=getMsg HTTP/1.1" 200 27
114.84.152.157 - - [18/May/2024:12:57:20 +0800] "POST /xingrg/kc/buy/cgsh_order_operate.html HTTP/1.1" 200 37
222.70.183.82 - - [18/May/2024:12:57:22 +0800] "GET /xingrg/kc/buy/cgsh_order_operate.html?command=get_materiel&rest_code=00111&code=00101009066&supplier_code=00100022&order_time=2024-05-18 HTTP/1.1" 200 416
114.84.152.157 - - [18/May/2024:12:57:22 +0800] "POST /xingrg/kc/buy/cgsh_order_operate.html HTTP/1.1" 200 2652
116.232.195.13 - - [18/May/2024:12:57:23 +0800] "GET /xingrg/all/function/internal_message.html?_=1716008204554&CODE_STATE=getMsg HTTP/1.1" 200 27
180.156.239.18 - - [18/May/2024:12:57:25 +0800] "GET /xingrg/all/function/internal_message.html?_=1716008244838&CODE_STATE=getMsg HTTP/1.1" 200 27
222.70.183.82 - - [18/May/2024:12:57:27 +0800] "GET /xingrg/all/function/internal_message.html?_=1716008247050&CODE_STATE=getMsg HTTP/1.1" 200 27
180.156.239.18 - - [18/May/2024:12:57:28 +0800] "GET /xingrg/check_reg.html?_=1716008247761 HTTP/1.1" 200 22
124.78.156.206 - - [18/May/2024:12:57:28 +0800] "GET /xingrg/all/function/internal_message.html?_=1716008239413&CODE_STATE=getMsg HTTP/1.1" 200 27
124.78.156.206 - - [18/May/2024:12:57:28 +0800] "GET /xingrg/check_reg.html?_=1716008239416 HTTP/1.1" 200 22
101.80.230.31 - - [18/May/2024:12:57:29 +0800] "POST /xingrg/kc/buy/cgsh_order_operate.html HTTP/1.1" 200 37
120.253.135.82 - - [18/May/2024:12:57:29 +0800] "GET /xingrg/kc/print/load_data.html?order_code=212024051805119&kc_code=cgsh&condition= HTTP/1.1" 200 5193
116.235.244.24 - - [18/May/2024:12:57:30 +0800] "GET /xingrg/all/function/internal_message.html?_=1716008272762&CODE_STATE=getMsg HTTP/1.1" 200 27
120.253.135.82 - - [18/May/2024:12:57:31 +0800] "GET /xingrg/all/function/internal_message.html?_=1716008102474&CODE_STATE=getMsg HTTP/1.1" 200 27
222.70.183.82 - - [18/May/2024:12:57:31 +0800] "GET /xingrg/kc/buy/cgsh_order_operate.html?command=get_materiel&rest_code=00111&code=00101009021&supplier_code=00100022&order_time=2024-05-18 HTTP/1.1" 200 417
101.83.144.49 - - [18/May/2024:12:57:32 +0800] "GET /xingrg/all/function/internal_message.html?_=1716008252555&CODE_STATE=getMsg HTTP/1.1" 200 27
101.80.230.31 - - [18/May/2024:12:57:32 +0800] "POST /xingrg/kc/buy/cgsh_order_operate.html HTTP/1.1" 200 20390
101.83.144.49 - - [18/May/2024:12:57:35 +0800] "GET /xingrg/all/function/internal_message.html?_=1716008001203&CODE_STATE=getMsg HTTP/1.1" 200 27
101.80.230.31 - - [18/May/2024:12:57:38 +0800] "GET /xingrg/all/function/internal_message.html?_=1716008269000&CODE_STATE=getMsg HTTP/1.1" 200 27
114.84.152.157 - - [18/May/2024:12:57:39 +0800] "GET /xingrg/check_reg.html?_=1716006623257 HTTP/1.1" 200 22
114.84.152.157 - - [18/May/2024:12:57:39 +0800] "GET /xingrg/all/function/internal_message.html?_=1716006623259&CODE_STATE=getMsg HTTP/1.1" 200 27
222.67.233.39 - - [18/May/2024:12:57:45 +0800] "GET /xingrg/check_reg.html?_=1716008265201 HTTP/1.1" 200 22
222.67.233.39 - - [18/May/2024:12:57:45 +0800] "GET /xingrg/all/function/internal_message.html?_=1716008265211&CODE_STATE=getMsg HTTP/1.1" 200 27
222.69.133.140 - - [18/May/2024:12:57:48 +0800] "GET /xingrg/all/function/internal_message.html?_=1716008270308&CODE_STATE=getMsg HTTP/1.1" 200 27
114.95.186.91 - - [18/May/2024:12:57:50 +0800] "GET /xingrg/all/function/internal_message.html?_=1716008271846&CODE_STATE=getMsg HTTP/1.1" 200 27
120.253.135.82 - - [18/May/2024:12:57:54 +0800] "POST /xingrg/kc/buy/cgsh_order_operate.html HTTP/1.1" 200 37
114.84.152.157 - - [18/May/2024:12:57:54 +0800] "POST /xingrg/kc/buy/cgsh_order_operate.html HTTP/1.1" 200 37
101.80.230.31 - - [18/May/2024:12:57:56 +0800] "POST /xingrg/kc/buy/cgsh_order_operate.html HTTP/1.1" 200 37
120.253.135.82 - - [18/May/2024:12:57:59 +0800] "GET /xingrg/all/function/internal_message.html?_=1716008465285&CODE_STATE=getMsg HTTP/1.1" 200 27
101.80.230.31 - - [18/May/2024:12:57:59 +0800] "POST /xingrg/kc/buy/cgsh_order_operate.html HTTP/1.1" 200 20390
120.253.135.82 - - [18/May/2024:12:58:02 +0800] "GET /xingrg/all/function/internal_message.html?_=1716008134097&CODE_STATE=getMsg HTTP/1.1" 200 27
222.70.183.82 - - [18/May/2024:12:58:04 +0800] "POST /xingrg/kc/buy/cgsh_order_operate.html HTTP/1.1" 200 37
114.84.152.157 - - [18/May/2024:12:58:05 +0800] "POST /xingrg/kc/buy/cgsh_order_operate.html HTTP/1.1" 200 12
180.169.147.146 - - [18/May/2024:12:58:08 +0800] "GET /xingrg/all/function/internal_message.html?_=1716008289906&CODE_STATE=getMsg HTTP/1.1" 200 27
116.232.195.13 - - [18/May/2024:12:58:10 +0800] "GET /xingrg/all/function/internal_message.html?_=1716008251860&CODE_STATE=getMsg HTTP/1.1" 200 27
222.70.183.82 - - [18/May/2024:12:58:11 +0800] "POST /xingrg/kc/buy/cgsh_order_operate.html HTTP/1.1" 200 12
114.84.152.157 - - [18/May/2024:12:58:12 +0800] "GET /xingrg/kc/buy/cgsh_order_info.html?code=212024051805123 HTTP/1.1" 200 68581
114.84.152.157 - - [18/May/2024:12:58:12 +0800] "GET /xingrg/javascript/easyui/themes/default/validatebox.css HTTP/1.1" 404 1104
221.239.170.140 - - [18/May/2024:12:58:13 +0800] "GET /xingrg/all/function/internal_message.html?_=1716008293289&CODE_STATE=getMsg HTTP/1.1" 200 27
221.239.170.140 - - [18/May/2024:12:58:13 +0800] "GET /xingrg/check_reg.html?_=1716008293292 HTTP/1.1" 200 22
114.84.152.157 - - [18/May/2024:12:58:13 +0800] "POST /xingrg/kc/buy/cgsh_order_operate.html HTTP/1.1" 200 602
222.70.183.82 - - [18/May/2024:12:58:14 +0800] "GET /xingrg/kc/buy/cgsh_order_info.html?code=212024051805125 HTTP/1.1" 200 69418
222.70.183.82 - - [18/May/2024:12:58:14 +0800] "GET /xingrg/javascript/easyui/themes/default/validatebox.css HTTP/1.1" 404 1104
101.80.230.31 - - [18/May/2024:12:58:14 +0800] "POST /xingrg/kc/buy/cgsh_order_operate.html HTTP/1.1" 200 37
222.70.183.82 - - [18/May/2024:12:58:15 +0800] "POST /xingrg/kc/buy/cgsh_order_operate.html HTTP/1.1" 200 2390
180.164.6.225 - - [18/May/2024:12:58:15 +0800] "GET /xingrg/all/function/internal_message.html?_=1716008293850&CODE_STATE=getMsg HTTP/1.1" 200 27
114.84.152.157 - - [18/May/2024:12:58:16 +0800] "GET /xingrg/kc/print/load_config.html?kc_code=cgsh HTTP/1.1" 200 1927
114.84.152.157 - - [18/May/2024:12:58:16 +0800] "GET /xingrg/kc/print/load_data.html?order_code=212024051805123&kc_code=cgsh&condition= HTTP/1.1" 200 759
222.70.183.82 - - [18/May/2024:12:58:16 +0800] "GET /xingrg/kc/print/load_config.html?kc_code=cgsh HTTP/1.1" 200 1927
101.80.230.31 - - [18/May/2024:12:58:17 +0800] "POST /xingrg/kc/buy/cgsh_order_operate.html HTTP/1.1" 200 20390
222.70.183.82 - - [18/May/2024:12:58:17 +0800] "GET /xingrg/kc/print/load_data.html?order_code=212024051805125&kc_code=cgsh&condition= HTTP/1.1" 200 1416
101.80.230.31 - - [18/May/2024:12:58:19 +0800] "GET /xingrg/kc/print/load_config.html?kc_code=cgsh HTTP/1.1" 200 1927
101.80.230.31 - - [18/May/2024:12:58:20 +0800] "GET /xingrg/kc/print/load_data.html?order_code=212024051805124&kc_code=cgsh&condition= HTTP/1.1" 200 7333
116.232.195.13 - - [18/May/2024:12:58:23 +0800] "GET /xingrg/all/function/internal_message.html?_=1716008264551&CODE_STATE=getMsg HTTP/1.1" 200 27
180.156.239.18 - - [18/May/2024:12:58:25 +0800] "GET /xingrg/all/function/internal_message.html?_=1716008304814&CODE_STATE=getMsg HTTP/1.1" 200 27
222.70.183.82 - - [18/May/2024:12:58:27 +0800] "GET /xingrg/all/function/internal_message.html?_=1716008307048&CODE_STATE=getMsg HTTP/1.1" 200 27
124.78.156.206 - - [18/May/2024:12:58:28 +0800] "GET /xingrg/all/function/internal_message.html?_=1716008299416&CODE_STATE=getMsg HTTP/1.1" 200 27
116.235.244.24 - - [18/May/2024:12:58:30 +0800] "GET /xingrg/all/function/internal_message.html?_=1716008332775&CODE_STATE=getMsg HTTP/1.1" 200 27
101.83.144.49 - - [18/May/2024:12:58:32 +0800] "GET /xingrg/check_reg.html?_=1716008312557 HTTP/1.1" 200 22
101.83.144.49 - - [18/May/2024:12:58:32 +0800] "GET /xingrg/all/function/internal_message.html?_=1716008312561&CODE_STATE=getMsg HTTP/1.1" 200 27
101.83.144.49 - - [18/May/2024:12:58:35 +0800] "GET /xingrg/all/function/internal_message.html?_=1716008061203&CODE_STATE=getMsg HTTP/1.1" 200 27
101.80.230.31 - - [18/May/2024:12:58:38 +0800] "GET /xingrg/all/function/internal_message.html?_=1716008328995&CODE_STATE=getMsg HTTP/1.1" 200 27
101.80.230.31 - - [18/May/2024:12:58:38 +0800] "GET /xingrg/check_reg.html?_=1716008328996 HTTP/1.1" 200 22
114.84.152.157 - - [18/May/2024:12:58:39 +0800] "GET /xingrg/all/function/internal_message.html?_=1716006683267&CODE_STATE=getMsg HTTP/1.1" 200 27
120.253.135.82 - - [18/May/2024:12:58:45 +0800] "POST /xingrg/kc/buy/cgsh_order_operate.html HTTP/1.1" 200 12
222.67.233.39 - - [18/May/2024:12:58:45 +0800] "GET /xingrg/all/function/internal_message.html?_=1716008325201&CODE_STATE=getMsg HTTP/1.1" 200 27
222.69.133.140 - - [18/May/2024:12:58:48 +0800] "GET /xingrg/all/function/internal_message.html?_=1716008330324&CODE_STATE=getMsg HTTP/1.1" 200 27
222.69.133.140 - - [18/May/2024:12:58:48 +0800] "GET /xingrg/check_reg.html?_=1716008330327 HTTP/1.1" 200 22
120.253.135.82 - - [18/May/2024:12:58:50 +0800] "GET /xingrg/all/function/internal_message.html?_=1716008181301&CODE_STATE=getMsg HTTP/1.1" 200 27
114.95.186.91 - - [18/May/2024:12:58:50 +0800] "GET /xingrg/all/function/internal_message.html?_=1716008331859&CODE_STATE=getMsg HTTP/1.1" 200 27
120.253.135.82 - - [18/May/2024:12:58:50 +0800] "GET /xingrg/kc/buy/cgsh_order_info.html?code=212024051805119 HTTP/1.1" 200 68528
120.253.135.82 - - [18/May/2024:12:58:51 +0800] "GET /xingrg/javascript/easyui/themes/default/validatebox.css HTTP/1.1" 404 1104
120.253.135.82 - - [18/May/2024:12:58:52 +0800] "POST /xingrg/kc/buy/cgsh_order_operate.html HTTP/1.1" 200 11762
120.253.135.82 - - [18/May/2024:12:58:59 +0800] "GET /xingrg/all/function/internal_message.html?_=1716008525290&CODE_STATE=getMsg HTTP/1.1" 200 27
116.232.195.13 - - [18/May/2024:12:59:00 +0800] "POST /xingrg/kc/buy/cgsh_list_operate.html HTTP/1.1" 200 274
116.232.195.13 - - [18/May/2024:12:59:02 +0800] "GET /xingrg/kc/buy/cgsh_order_info.html?code=212024051805122 HTTP/1.1" 200 74649
116.232.195.13 - - [18/May/2024:12:59:02 +0800] "GET /xingrg/javascript/easyui/themes/default/validatebox.css HTTP/1.1" 404 1104
116.232.195.13 - - [18/May/2024:12:59:02 +0800] "GET /xingrg/all/common/auto_word.html?type=employee&rest_code=00155 HTTP/1.1" 200 255
116.232.195.13 - - [18/May/2024:12:59:02 +0800] "GET /xingrg/all/common/auto_word.html?type=employee&rest_code=00155 HTTP/1.1" 200 255
120.253.135.82 - - [18/May/2024:12:59:02 +0800] "GET /xingrg/all/function/internal_message.html?_=1716008194110&CODE_STATE=getMsg HTTP/1.1" 200 27
116.232.195.13 - - [18/May/2024:12:59:03 +0800] "POST /xingrg/kc/buy/cgsh_order_operate.html HTTP/1.1" 200 3245
180.169.147.146 - - [18/May/2024:12:59:08 +0800] "GET /xingrg/all/function/internal_message.html?_=1716008349904&CODE_STATE=getMsg HTTP/1.1" 200 27
116.232.195.13 - - [18/May/2024:12:59:10 +0800] "GET /xingrg/check_reg.html?_=1716008311880 HTTP/1.1" 200 22
116.232.195.13 - - [18/May/2024:12:59:10 +0800] "GET /xingrg/all/function/internal_message.html?_=1716008311885&CODE_STATE=getMsg HTTP/1.1" 200 27
221.239.170.140 - - [18/May/2024:12:59:13 +0800] "GET /xingrg/all/function/internal_message.html?_=1716008353280&CODE_STATE=getMsg HTTP/1.1" 200 27
180.164.6.225 - - [18/May/2024:12:59:15 +0800] "GET /xingrg/check_reg.html?_=1716008353857 HTTP/1.1" 200 22
180.164.6.225 - - [18/May/2024:12:59:15 +0800] "GET /xingrg/all/function/internal_message.html?_=1716008353860&CODE_STATE=getMsg HTTP/1.1" 200 27
116.232.195.13 - - [18/May/2024:12:59:23 +0800] "GET /xingrg/all/function/internal_message.html?_=1716008324563&CODE_STATE=getMsg HTTP/1.1" 200 27
180.156.239.18 - - [18/May/2024:12:59:25 +0800] "GET /xingrg/all/function/internal_message.html?_=1716008364791&CODE_STATE=getMsg HTTP/1.1" 200 27
222.70.183.82 - - [18/May/2024:12:59:27 +0800] "GET /xingrg/all/function/internal_message.html?_=1716008367050&CODE_STATE=getMsg HTTP/1.1" 200 27
114.83.217.213 - - [18/May/2024:12:59:27 +0800] "POST /xingrg/services/DataTransmitService HTTP/1.1" 200 524
124.78.156.206 - - [18/May/2024:12:59:28 +0800] "GET /xingrg/all/function/internal_message.html?_=1716008359405&CODE_STATE=getMsg HTTP/1.1" 200 27
114.83.217.213 - - [18/May/2024:12:59:28 +0800] "POST /xingrg/services/DataTransmitService HTTP/1.1" 200 501
114.83.217.213 - - [18/May/2024:12:59:29 +0800] "POST /xingrg/services/DataTransmitService HTTP/1.1" 200 501
116.235.244.24 - - [18/May/2024:12:59:30 +0800] "GET /xingrg/all/function/internal_message.html?_=1716008392796&CODE_STATE=getMsg HTTP/1.1" 200 27
114.83.217.213 - - [18/May/2024:12:59:30 +0800] "POST /xingrg/services/DataTransmitService HTTP/1.1" 200 501
101.83.144.49 - - [18/May/2024:12:59:32 +0800] "GET /xingrg/all/function/internal_message.html?_=1716008372561&CODE_STATE=getMsg HTTP/1.1" 200 27
114.83.217.213 - - [18/May/2024:12:59:32 +0800] "POST /xingrg/services/DataTransmitService HTTP/1.1" 200 501
114.83.217.213 - - [18/May/2024:12:59:33 +0800] "POST /xingrg/services/DataTransmitService HTTP/1.1" 200 501
114.83.217.213 - - [18/May/2024:12:59:33 +0800] "POST /xingrg/services/DataTransmitService HTTP/1.1" 200 501
114.83.217.213 - - [18/May/2024:12:59:34 +0800] "POST /xingrg/services/DataTransmitService HTTP/1.1" 200 501
114.83.217.213 - - [18/May/2024:12:59:34 +0800] "POST /xingrg/services/DataTransmitService HTTP/1.1" 200 412
101.83.144.49 - - [18/May/2024:12:59:35 +0800] "GET /xingrg/check_reg.html?_=1716008121203 HTTP/1.1" 200 22
101.83.144.49 - - [18/May/2024:12:59:35 +0800] "GET /xingrg/all/function/internal_message.html?_=1716008121206&CODE_STATE=getMsg HTTP/1.1" 200 27
101.80.230.31 - - [18/May/2024:12:59:38 +0800] "GET /xingrg/all/function/internal_message.html?_=1716008388997&CODE_STATE=getMsg HTTP/1.1" 200 27
114.84.152.157 - - [18/May/2024:12:59:39 +0800] "GET /xingrg/all/function/internal_message.html?_=1716006743270&CODE_STATE=getMsg HTTP/1.1" 200 27
222.67.233.39 - - [18/May/2024:12:59:45 +0800] "GET /xingrg/all/function/internal_message.html?_=1716008385201&CODE_STATE=getMsg HTTP/1.1" 200 27
222.69.133.140 - - [18/May/2024:12:59:48 +0800] "GET /xingrg/all/function/internal_message.html?_=1716008390301&CODE_STATE=getMsg HTTP/1.1" 200 27
120.253.135.82 - - [18/May/2024:12:59:50 +0800] "GET /xingrg/all/function/internal_message.html?_=1716008241331&CODE_STATE=getMsg HTTP/1.1" 200 27
114.95.186.91 - - [18/May/2024:12:59:50 +0800] "GET /xingrg/all/function/internal_message.html?_=1716008391859&CODE_STATE=getMsg HTTP/1.1" 200 27
120.253.135.82 - - [18/May/2024:12:59:59 +0800] "GET /xingrg/all/function/internal_message.html?_=1716008585296&CODE_STATE=getMsg HTTP/1.1" 200 27
120.253.135.82 - - [18/May/2024:13:00:03 +0800] "GET /xingrg/all/function/internal_message.html?_=1716008254282&CODE_STATE=getMsg HTTP/1.1" 200 27
180.169.147.146 - - [18/May/2024:13:00:08 +0800] "GET /xingrg/all/function/internal_message.html?_=1716008409902&CODE_STATE=getMsg HTTP/1.1" 200 27
116.232.195.13 - - [18/May/2024:13:00:10 +0800] "GET /xingrg/all/function/internal_message.html?_=1716008371874&CODE_STATE=getMsg HTTP/1.1" 200 27
221.239.170.140 - - [18/May/2024:13:00:13 +0800] "GET /xingrg/all/function/internal_message.html?_=1716008413286&CODE_STATE=getMsg HTTP/1.1" 200 27
120.253.135.82 - - [18/May/2024:13:00:14 +0800] "GET /xingrg/check_reg.html?_=1716008265292 HTTP/1.1" 200 22
180.164.6.225 - - [18/May/2024:13:00:15 +0800] "GET /xingrg/all/function/internal_message.html?_=1716008413859&CODE_STATE=getMsg HTTP/1.1" 200 27
116.232.195.13 - - [18/May/2024:13:00:23 +0800] "GET /xingrg/check_reg.html?_=1716008384563 HTTP/1.1" 200 22
116.232.195.13 - - [18/May/2024:13:00:23 +0800] "GET /xingrg/all/function/internal_message.html?_=1716008384565&CODE_STATE=getMsg HTTP/1.1" 200 27
180.156.239.18 - - [18/May/2024:13:00:25 +0800] "GET /xingrg/all/function/internal_message.html?_=1716008424770&CODE_STATE=getMsg HTTP/1.1" 200 27
222.70.183.82 - - [18/May/2024:13:00:27 +0800] "GET /xingrg/check_reg.html?_=1716008427047 HTTP/1.1" 200 22
222.70.183.82 - - [18/May/2024:13:00:27 +0800] "GET /xingrg/all/function/internal_message.html?_=1716008427048&CODE_STATE=getMsg HTTP/1.1" 200 27
124.78.156.206 - - [18/May/2024:13:00:28 +0800] "GET /xingrg/all/function/internal_message.html?_=1716008419408&CODE_STATE=getMsg HTTP/1.1" 200 27
116.235.244.24 - - [18/May/2024:13:00:30 +0800] "GET /xingrg/all/function/internal_message.html?_=1716008452801&CODE_STATE=getMsg HTTP/1.1" 200 27
101.83.144.49 - - [18/May/2024:13:00:32 +0800] "GET /xingrg/all/function/internal_message.html?_=1716008432547&CODE_STATE=getMsg HTTP/1.1" 200 27
101.83.144.49 - - [18/May/2024:13:00:35 +0800] "GET /xingrg/all/function/internal_message.html?_=1716008181206&CODE_STATE=getMsg HTTP/1.1" 200 27
120.253.135.82 - - [18/May/2024:13:00:36 +0800] "GET /xingrg/check_reg.html?_=1716008287836 HTTP/1.1" 200 22
101.80.230.31 - - [18/May/2024:13:00:38 +0800] "GET /xingrg/all/function/internal_message.html?_=1716008449000&CODE_STATE=getMsg HTTP/1.1" 200 27
114.84.152.157 - - [18/May/2024:13:00:39 +0800] "GET /xingrg/all/function/internal_message.html?_=1716006803259&CODE_STATE=getMsg HTTP/1.1" 200 27
222.67.233.39 - - [18/May/2024:13:00:45 +0800] "GET /xingrg/all/function/internal_message.html?_=1716008445201&CODE_STATE=getMsg HTTP/1.1" 200 27
101.83.144.49 - - [18/May/2024:13:00:47 +0800] "POST /xingrg/kc/mdqp/pssh_list_operate.html HTTP/1.1" 200 1574
222.69.133.140 - - [18/May/2024:13:00:48 +0800] "GET /xingrg/all/function/internal_message.html?_=1716008450313&CODE_STATE=getMsg HTTP/1.1" 200 27
120.253.135.82 - - [18/May/2024:13:00:50 +0800] "GET /xingrg/all/function/internal_message.html?_=1716008301345&CODE_STATE=getMsg HTTP/1.1" 200 27
114.95.186.91 - - [18/May/2024:13:00:50 +0800] "GET /xingrg/all/function/internal_message.html?_=1716008451860&CODE_STATE=getMsg HTTP/1.1" 200 27
116.232.195.13 - - [18/May/2024:13:00:53 +0800] "GET /xingrg/kc/print/load_config.html?kc_code=cgsh HTTP/1.1" 200 1927
116.232.195.13 - - [18/May/2024:13:00:54 +0800] "GET /xingrg/kc/print/load_data.html?order_code=212024051805122&kc_code=cgsh&condition= HTTP/1.1" 200 876
120.253.135.82 - - [18/May/2024:13:00:59 +0800] "GET /xingrg/all/function/internal_message.html?_=1716008645299&CODE_STATE=getMsg HTTP/1.1" 200 27
120.253.135.82 - - [18/May/2024:13:01:03 +0800] "GET /xingrg/all/function/internal_message.html?_=1716008314293&CODE_STATE=getMsg HTTP/1.1" 200 27
114.83.217.213 - - [18/May/2024:13:01:03 +0800] "GET /xingrg/check_reg.html?_=1716008459617 HTTP/1.1" 200 22
180.169.147.146 - - [18/May/2024:13:01:08 +0800] "GET /xingrg/all/function/internal_message.html?_=1716008469901&CODE_STATE=getMsg HTTP/1.1" 200 27
180.169.147.146 - - [18/May/2024:13:01:08 +0800] "GET /xingrg/check_reg.html?_=1716008469902 HTTP/1.1" 200 22
116.232.195.13 - - [18/May/2024:13:01:10 +0800] "GET /xingrg/all/function/internal_message.html?_=1716008431874&CODE_STATE=getMsg HTTP/1.1" 200 27
221.239.170.140 - - [18/May/2024:13:01:13 +0800] "GET /xingrg/all/function/internal_message.html?_=1716008473288&CODE_STATE=getMsg HTTP/1.1" 200 27
180.164.6.225 - - [18/May/2024:13:01:15 +0800] "GET /xingrg/all/function/internal_message.html?_=1716008473855&CODE_STATE=getMsg HTTP/1.1" 200 27
116.232.195.13 - - [18/May/2024:13:01:23 +0800] "GET /xingrg/all/function/internal_message.html?_=1716008444561&CODE_STATE=getMsg HTTP/1.1" 200 27
180.156.239.18 - - [18/May/2024:13:01:25 +0800] "GET /xingrg/all/function/internal_message.html?_=1716008484744&CODE_STATE=getMsg HTTP/1.1" 200 27
101.83.144.49 - - [18/May/2024:13:01:25 +0800] "GET /xingrg/kc/base/base_main.html HTTP/1.1" 200 12142
101.83.144.49 - - [18/May/2024:13:01:25 +0800] "GET /xingrg/images/blue/button/wlsy.gif HTTP/1.1" 304 -
101.83.144.49 - - [18/May/2024:13:01:25 +0800] "GET /xingrg/images/blue/button/ckdb.gif HTTP/1.1" 304 -
101.83.144.49 - - [18/May/2024:13:01:25 +0800] "GET /xingrg/images/blue/button/yddb.gif HTTP/1.1" 304 -
101.83.144.49 - - [18/May/2024:13:01:25 +0800] "GET /xingrg/images/blue/button/ckpd.gif HTTP/1.1" 304 -
101.83.144.49 - - [18/May/2024:13:01:25 +0800] "GET /xingrg/images/blue/button/bottom_right.jpg HTTP/1.1" 304 -
101.83.144.49 - - [18/May/2024:13:01:25 +0800] "GET /xingrg/images/blue/button/top_right.jpg HTTP/1.1" 304 -
101.83.144.49 - - [18/May/2024:13:01:25 +0800] "GET /xingrg/images/blue/button/down.jpg HTTP/1.1" 304 -
101.83.144.49 - - [18/May/2024:13:01:25 +0800] "GET /xingrg/images/blue/button/left_ah.jpg HTTP/1.1" 304 -
101.83.144.49 - - [18/May/2024:13:01:25 +0800] "GET /xingrg/images/blue/button/bottom_left.jpg HTTP/1.1" 304 -
101.83.144.49 - - [18/May/2024:13:01:25 +0800] "GET /xingrg/images/blue/button/top_left.jpg HTTP/1.1" 304 -
180.169.147.146 - - [18/May/2024:13:01:25 +0800] "GET /xingrg/check_reg.html?_=1716008486980 HTTP/1.1" 200 22
101.83.144.49 - - [18/May/2024:13:01:26 +0800] "GET /xingrg/kc/base/wldb_order_list.html HTTP/1.1" 200 19174
222.70.183.82 - - [18/May/2024:13:01:27 +0800] "GET /xingrg/all/function/internal_message.html?_=1716008487050&CODE_STATE=getMsg HTTP/1.1" 200 27
101.83.144.49 - - [18/May/2024:13:01:27 +0800] "POST /xingrg/kc/base/wldb_list_operate.html HTTP/1.1" 200 928
124.78.156.206 - - [18/May/2024:13:01:28 +0800] "GET /xingrg/all/function/internal_message.html?_=1716008479410&CODE_STATE=getMsg HTTP/1.1" 200 27
101.83.144.49 - - [18/May/2024:13:01:30 +0800] "GET /xingrg/kc/base/wldb_order_add.html HTTP/1.1" 200 30662
116.235.244.24 - - [18/May/2024:13:01:30 +0800] "GET /xingrg/all/function/internal_message.html?_=1716008512823&CODE_STATE=getMsg HTTP/1.1" 200 27
101.83.144.49 - - [18/May/2024:13:01:30 +0800] "POST /xingrg/kc/base/wldb_order_operate.html HTTP/1.1" 200 6806
101.83.144.49 - - [18/May/2024:13:01:30 +0800] "GET /xingrg/all/common/auto_word.html?type=base&rest_code=00105 HTTP/1.1" 200 1907
101.83.144.49 - - [18/May/2024:13:01:30 +0800] "GET /xingrg/all/common/auto_word.html?type=base&rest_code=00105 HTTP/1.1" 200 1907
101.83.144.49 - - [18/May/2024:13:01:30 +0800] "GET /xingrg/javascript/easyui/themes/default/validatebox.css HTTP/1.1" 404 1104
101.83.144.49 - - [18/May/2024:13:01:32 +0800] "GET /xingrg/all/function/internal_message.html?_=1716008492547&CODE_STATE=getMsg HTTP/1.1" 200 27
101.83.144.49 - - [18/May/2024:13:01:35 +0800] "GET /xingrg/all/function/internal_message.html?_=1716008241223&CODE_STATE=getMsg HTTP/1.1" 200 27
101.83.144.49 - - [18/May/2024:13:01:36 +0800] "GET /xingrg/javascript/auto/indicator.gif HTTP/1.1" 404 1066
101.80.230.31 - - [18/May/2024:13:01:38 +0800] "GET /xingrg/all/function/internal_message.html?_=1716008509002&CODE_STATE=getMsg HTTP/1.1" 200 27
101.80.230.31 - - [18/May/2024:13:01:38 +0800] "POST /xingrg/kc/buy/cgsh_list_operate.html HTTP/1.1" 200 6387
114.84.152.157 - - [18/May/2024:13:01:39 +0800] "GET /xingrg/all/function/internal_message.html?_=1716006863261&CODE_STATE=getMsg HTTP/1.1" 200 27
222.67.233.39 - - [18/May/2024:13:01:45 +0800] "GET /xingrg/all/function/internal_message.html?_=1716008505203&CODE_STATE=getMsg HTTP/1.1" 200 27
222.69.133.140 - - [18/May/2024:13:01:48 +0800] "GET /xingrg/all/function/internal_message.html?_=1716008510306&CODE_STATE=getMsg HTTP/1.1" 200 27
120.253.135.82 - - [18/May/2024:13:01:50 +0800] "GET /xingrg/all/function/internal_message.html?_=1716008361358&CODE_STATE=getMsg HTTP/1.1" 200 27
114.95.186.91 - - [18/May/2024:13:01:50 +0800] "GET /xingrg/all/function/internal_message.html?_=1716008511865&CODE_STATE=getMsg HTTP/1.1" 200 27
114.95.186.91 - - [18/May/2024:13:01:50 +0800] "GET /xingrg/check_reg.html?_=1716008511872 HTTP/1.1" 200 22
101.83.144.49 - - [18/May/2024:13:01:55 +0800] "GET /xingrg/kc/base/wldb_order_operate.html?command=get_materiel&rest_code=00105&base_code=0010513&code=00101019248 HTTP/1.1" 200 459
120.253.135.82 - - [18/May/2024:13:01:59 +0800] "GET /xingrg/all/function/internal_message.html?_=1716008705305&CODE_STATE=getMsg HTTP/1.1" 200 27
120.253.135.82 - - [18/May/2024:13:01:59 +0800] "GET /xingrg/check_reg.html?_=1716008705308 HTTP/1.1" 200 22
120.253.135.82 - - [18/May/2024:13:02:03 +0800] "GET /xingrg/all/function/internal_message.html?_=1716008374306&CODE_STATE=getMsg HTTP/1.1" 200 27
180.169.147.146 - - [18/May/2024:13:02:08 +0800] "GET /xingrg/all/function/internal_message.html?_=1716008529900&CODE_STATE=getMsg HTTP/1.1" 200 27
116.232.195.13 - - [18/May/2024:13:02:10 +0800] "GET /xingrg/all/function/internal_message.html?_=1716008491878&CODE_STATE=getMsg HTTP/1.1" 200 27
116.235.244.24 - - [18/May/2024:13:02:10 +0800] "GET /xingrg/check_reg.html?_=1716008553085 HTTP/1.1" 200 22
221.239.170.140 - - [18/May/2024:13:02:13 +0800] "GET /xingrg/all/function/internal_message.html?_=1716008533305&CODE_STATE=getMsg HTTP/1.1" 200 27
101.83.144.49 - - [18/May/2024:13:02:15 +0800] "GET /xingrg/kc/base/wldb_order_operate.html?command=get_materiel&rest_code=00105&base_code=0010513&code=00101008130 HTTP/1.1" 200 433
180.164.6.225 - - [18/May/2024:13:02:15 +0800] "GET /xingrg/all/function/internal_message.html?_=1716008533850&CODE_STATE=getMsg HTTP/1.1" 200 27
116.232.195.13 - - [18/May/2024:13:02:23 +0800] "GET /xingrg/all/function/internal_message.html?_=1716008504551&CODE_STATE=getMsg HTTP/1.1" 200 27
180.156.239.18 - - [18/May/2024:13:02:25 +0800] "GET /xingrg/all/function/internal_message.html?_=1716008544729&CODE_STATE=getMsg HTTP/1.1" 200 27
222.70.183.82 - - [18/May/2024:13:02:27 +0800] "GET /xingrg/all/function/internal_message.html?_=1716008547049&CODE_STATE=getMsg HTTP/1.1" 200 27
180.156.239.18 - - [18/May/2024:13:02:28 +0800] "GET /xingrg/check_reg.html?_=1716008547779 HTTP/1.1" 200 22
124.78.156.206 - - [18/May/2024:13:02:28 +0800] "GET /xingrg/all/function/internal_message.html?_=1716008539410&CODE_STATE=getMsg HTTP/1.1" 200 27
124.78.156.206 - - [18/May/2024:13:02:28 +0800] "GET /xingrg/check_reg.html?_=1716008539415 HTTP/1.1" 200 22
116.235.244.24 - - [18/May/2024:13:02:30 +0800] "GET /xingrg/all/function/internal_message.html?_=1716008572829&CODE_STATE=getMsg HTTP/1.1" 200 27
101.83.144.49 - - [18/May/2024:13:02:32 +0800] "GET /xingrg/all/function/internal_message.html?_=1716008552576&CODE_STATE=getMsg HTTP/1.1" 200 27
101.83.144.49 - - [18/May/2024:13:02:35 +0800] "GET /xingrg/all/function/internal_message.html?_=1716008301219&CODE_STATE=getMsg HTTP/1.1" 200 27
101.80.230.31 - - [18/May/2024:13:02:38 +0800] "GET /xingrg/all/function/internal_message.html?_=1716008569003&CODE_STATE=getMsg HTTP/1.1" 200 27
114.84.152.157 - - [18/May/2024:13:02:39 +0800] "GET /xingrg/all/function/internal_message.html?_=1716006923273&CODE_STATE=getMsg HTTP/1.1" 200 27
114.84.152.157 - - [18/May/2024:13:02:39 +0800] "GET /xingrg/check_reg.html?_=1716006923276 HTTP/1.1" 200 22
222.67.233.39 - - [18/May/2024:13:02:45 +0800] "GET /xingrg/check_reg.html?_=1716008565203 HTTP/1.1" 200 22
222.67.233.39 - - [18/May/2024:13:02:45 +0800] "GET /xingrg/all/function/internal_message.html?_=1716008565207&CODE_STATE=getMsg HTTP/1.1" 200 27
101.83.144.49 - - [18/May/2024:13:02:45 +0800] "GET /xingrg/kc/base/wldb_order_operate.html?command=get_materiel&rest_code=00105&base_code=0010513&code=00101013073 HTTP/1.1" 200 435
222.69.133.140 - - [18/May/2024:13:02:48 +0800] "GET /xingrg/all/function/internal_message.html?_=1716008570300&CODE_STATE=getMsg HTTP/1.1" 200 27
120.253.135.82 - - [18/May/2024:13:02:50 +0800] "GET /xingrg/all/function/internal_message.html?_=1716008421413&CODE_STATE=getMsg HTTP/1.1" 200 27
101.83.144.49 - - [18/May/2024:13:02:55 +0800] "GET /xingrg/kc/base/wldb_order_operate.html?command=get_materiel&rest_code=00105&base_code=0010513&code=00101015054 HTTP/1.1" 200 423
120.253.135.82 - - [18/May/2024:13:02:59 +0800] "GET /xingrg/all/function/internal_message.html?_=1716008765310&CODE_STATE=getMsg HTTP/1.1" 200 27
120.253.135.82 - - [18/May/2024:13:03:03 +0800] "GET /xingrg/all/function/internal_message.html?_=1716008434506&CODE_STATE=getMsg HTTP/1.1" 200 27
120.253.135.82 - - [18/May/2024:13:03:07 +0800] "POST /xingrg/kc/buy/cgsh_list_operate.html HTTP/1.1" 200 645
180.169.147.146 - - [18/May/2024:13:03:08 +0800] "GET /xingrg/all/function/internal_message.html?_=1716008589899&CODE_STATE=getMsg HTTP/1.1" 200 27
116.232.195.13 - - [18/May/2024:13:03:10 +0800] "GET /xingrg/all/function/internal_message.html?_=1716008551871&CODE_STATE=getMsg HTTP/1.1" 200 27
120.253.135.82 - - [18/May/2024:13:03:12 +0800] "POST /xingrg/kc/buy/cgsh_list_operate.html HTTP/1.1" 200 645
120.253.135.82 - - [18/May/2024:13:03:12 +0800] "POST /xingrg/kc/buy/cgsh_list_operate.html HTTP/1.1" 200 645
120.253.135.82 - - [18/May/2024:13:03:13 +0800] "GET /xingrg/kc/buy/cgsh_order_list.html HTTP/1.1" 200 58780
101.83.144.49 - - [18/May/2024:13:03:13 +0800] "GET /xingrg/kc/base/wldb_order_operate.html?command=get_materiel&rest_code=00105&base_code=0010513&code=00101008253 HTTP/1.1" 200 437
221.239.170.140 - - [18/May/2024:13:03:13 +0800] "GET /xingrg/check_reg.html?_=1716008593290 HTTP/1.1" 200 22
221.239.170.140 - - [18/May/2024:13:03:13 +0800] "GET /xingrg/all/function/internal_message.html?_=1716008593291&CODE_STATE=getMsg HTTP/1.1" 200 27
120.253.135.82 - - [18/May/2024:13:03:15 +0800] "POST /xingrg/kc/buy/cgsh_list_operate.html HTTP/1.1" 200 645
180.164.6.225 - - [18/May/2024:13:03:15 +0800] "GET /xingrg/all/function/internal_message.html?_=1716008593840&CODE_STATE=getMsg HTTP/1.1" 200 27
116.232.195.13 - - [18/May/2024:13:03:23 +0800] "GET /xingrg/all/function/internal_message.html?_=1716008564567&CODE_STATE=getMsg HTTP/1.1" 200 27
180.156.239.18 - - [18/May/2024:13:03:25 +0800] "GET /xingrg/all/function/internal_message.html?_=1716008604714&CODE_STATE=getMsg HTTP/1.1" 200 27
222.70.183.82 - - [18/May/2024:13:03:27 +0800] "GET /xingrg/all/function/internal_message.html?_=1716008607052&CODE_STATE=getMsg HTTP/1.1" 200 27
124.78.156.206 - - [18/May/2024:13:03:28 +0800] "GET /xingrg/all/function/internal_message.html?_=1716008599415&CODE_STATE=getMsg HTTP/1.1" 200 27
120.253.135.82 - - [18/May/2024:13:03:29 +0800] "GET /xingrg/kc/buy/cgsh_order_list.html HTTP/1.1" 200 58780
116.235.244.24 - - [18/May/2024:13:03:30 +0800] "GET /xingrg/all/function/internal_message.html?_=1716008632843&CODE_STATE=getMsg HTTP/1.1" 200 27
120.253.135.82 - - [18/May/2024:13:03:31 +0800] "POST /xingrg/kc/buy/cgsh_list_operate.html HTTP/1.1" 200 645
