124.78.152.42 - - [17/May/2024:10:39:03 +0800] "GET /xingrg/kc/buy/cgsh_order_operate.html?command=get_materiel&rest_code=00106&code=00101015107&supplier_code=00100008&order_time=2024-05-17 HTTP/1.1" 200 411
124.78.152.42 - - [17/May/2024:10:39:04 +0800] "POST /xingrg/kc/buy/cgsh_order_operate.html HTTP/1.1" 200 12
101.83.144.49 - - [17/May/2024:10:39:04 +0800] "GET /xingrg/kc/buy/cgsh_order_operate.html?command=get_materiel&rest_code=00105&code=00101005009&supplier_code=00100316&order_time=2024-05-17 HTTP/1.1" 200 415
222.70.183.82 - - [17/May/2024:10:39:05 +0800] "GET /xingrg/kc/buy/cgsh_order_operate.html?command=get_materiel&rest_code=00111&code=00101008368&supplier_code=00100008&order_time=2024-05-17 HTTP/1.1" 200 408
124.78.152.42 - - [17/May/2024:10:39:05 +0800] "GET /xingrg/all/function/internal_message.html?_=1715913547018&CODE_STATE=getMsg HTTP/1.1" 200 27
116.238.97.31 - - [17/May/2024:10:39:07 +0800] "GET /xingrg/kc/buy/cgsh_order_operate.html?command=get_materiel&rest_code=00102&code=00101006129&supplier_code=00100151&order_time=2024-05-17 HTTP/1.1" 200 439
180.156.239.18 - - [17/May/2024:10:39:10 +0800] "POST /xingrg/kc/buy/cgsh_order_operate.html HTTP/1.1" 200 12
124.79.240.51 - - [17/May/2024:10:39:10 +0800] "GET /xingrg/all/function/internal_message.html?_=1715913592465&CODE_STATE=getMsg HTTP/1.1" 200 27
124.78.152.42 - - [17/May/2024:10:39:12 +0800] "GET /xingrg/kc/buy/cgsh_order_info.html?code=212024051704721 HTTP/1.1" 200 69462
124.78.152.42 - - [17/May/2024:10:39:12 +0800] "GET /xingrg/javascript/easyui/themes/default/validatebox.css HTTP/1.1" 404 1104
180.156.239.18 - - [17/May/2024:10:39:13 +0800] "GET /xingrg/kc/buy/cgsh_order_info.html?code=212024051704722 HTTP/1.1" 200 69506
180.156.239.18 - - [17/May/2024:10:39:13 +0800] "GET /xingrg/javascript/easyui/themes/default/validatebox.css HTTP/1.1" 404 1104
116.238.97.31 - - [17/May/2024:10:39:16 +0800] "GET /xingrg/check_reg.html?_=1715913558699 HTTP/1.1" 200 22
221.239.170.140 - - [17/May/2024:10:39:17 +0800] "GET /xingrg/all/function/internal_message.html?_=1715913554923&CODE_STATE=getMsg HTTP/1.1" 200 27
124.78.152.42 - - [17/May/2024:10:39:18 +0800] "POST /xingrg/kc/buy/cgsh_order_operate.html HTTP/1.1" 200 15
222.70.183.82 - - [17/May/2024:10:39:22 +0800] "GET /xingrg/all/function/internal_message.html?_=1715913560062&CODE_STATE=getMsg HTTP/1.1" 200 27
180.156.239.18 - - [17/May/2024:10:39:23 +0800] "GET /xingrg/all/function/internal_message.html?_=1715913562157&CODE_STATE=getMsg HTTP/1.1" 200 27
180.156.239.18 - - [17/May/2024:10:39:23 +0800] "POST /xingrg/kc/buy/cgsh_order_operate.html HTTP/1.1" 200 15
124.78.152.42 - - [17/May/2024:10:39:24 +0800] "POST /xingrg/kc/buy/cgsh_order_operate.html HTTP/1.1" 200 37
180.156.239.18 - - [17/May/2024:10:39:25 +0800] "GET /xingrg/kc/print/load_config.html?kc_code=cgsh HTTP/1.1" 200 1927
180.164.6.225 - - [17/May/2024:10:39:25 +0800] "GET /xingrg/all/function/internal_message.html?_=1715913564489&CODE_STATE=getMsg HTTP/1.1" 200 27
124.78.152.42 - - [17/May/2024:10:39:26 +0800] "GET /xingrg/check_reg.html?_=1715913558704 HTTP/1.1" 200 22
101.83.144.49 - - [17/May/2024:10:39:27 +0800] "POST /xingrg/kc/buy/cgsh_order_operate.html HTTP/1.1" 200 37
124.78.152.42 - - [17/May/2024:10:39:27 +0800] "POST /xingrg/kc/buy/cgsh_order_operate.html HTTP/1.1" 200 23348
124.78.152.42 - - [17/May/2024:10:39:27 +0800] "GET /xingrg/kc/print/load_data.html?order_code=212024051704721&kc_code=cgsh&condition= HTTP/1.1" 200 1238
180.156.239.18 - - [17/May/2024:10:39:27 +0800] "GET /xingrg/kc/print/load_data.html?order_code=212024051704722&kc_code=cgsh&condition= HTTP/1.1" 200 1596
116.238.97.31 - - [17/May/2024:10:39:29 +0800] "GET /xingrg/kc/buy/cgsh_order_operate.html?command=get_materiel&rest_code=00102&code=00101006184&supplier_code=00100151&order_time=2024-05-17 HTTP/1.1" 200 408
222.70.183.82 - - [17/May/2024:10:39:30 +0800] "GET /xingrg/kc/buy/cgsh_order_operate.html?command=get_materiel&rest_code=00111&code=00101008131&supplier_code=00100008&order_time=2024-05-17 HTTP/1.1" 200 408
101.83.144.49 - - [17/May/2024:10:39:30 +0800] "POST /xingrg/kc/buy/cgsh_order_operate.html HTTP/1.1" 200 2660
114.83.217.213 - - [17/May/2024:10:39:31 +0800] "GET /xingrg/all/function/internal_message.html?_=1715913567769&CODE_STATE=getMsg HTTP/1.1" 200 27
114.83.217.213 - - [17/May/2024:10:39:31 +0800] "GET /xingrg/check_reg.html?_=1715913567767 HTTP/1.1" 200 22
180.156.239.18 - - [17/May/2024:10:39:33 +0800] "GET /xingrg/kc/buy/cgsh_order_add.html HTTP/1.1" 200 74637
120.253.135.82 - - [17/May/2024:10:39:33 +0800] "GET /xingrg/all/function/internal_message.html?_=1715913424313&CODE_STATE=getMsg HTTP/1.1" 200 27
120.253.135.82 - - [17/May/2024:10:39:33 +0800] "GET /xingrg/kc/pszx/mdqp_order_list.html?state=10 HTTP/1.1" 200 11304
120.253.135.82 - - [17/May/2024:10:39:33 +0800] "GET /xingrg/css/blue.css HTTP/1.1" 304 -
120.253.135.82 - - [17/May/2024:10:39:33 +0800] "GET /xingrg/dwr/interface/AjaxQqpsService.js HTTP/1.1" 200 16326
120.253.135.82 - - [17/May/2024:10:39:33 +0800] "GET /xingrg/dwr/interface/AjaxReportQueryService.js HTTP/1.1" 200 13203
120.253.135.82 - - [17/May/2024:10:39:33 +0800] "GET /xingrg/dwr/util.js HTTP/1.1" 304 -
120.253.135.82 - - [17/May/2024:10:39:33 +0800] "GET /xingrg/dwr/engine.js HTTP/1.1" 200 43631
120.253.135.82 - - [17/May/2024:10:39:33 +0800] "GET /xingrg/javascript/Calendar.js HTTP/1.1" 304 -
180.156.239.18 - - [17/May/2024:10:39:33 +0800] "POST /xingrg/kc/buy/cgsh_order_operate.html HTTP/1.1" 200 8245
101.83.144.49 - - [17/May/2024:10:39:33 +0800] "GET /xingrg/kc/print/load_data.html?order_code=212024051704723&kc_code=cgsh&condition= HTTP/1.1" 200 679
180.156.239.18 - - [17/May/2024:10:39:33 +0800] "GET /xingrg/javascript/easyui/themes/default/validatebox.css HTTP/1.1" 404 1104
124.78.152.42 - - [17/May/2024:10:39:35 +0800] "GET /xingrg/kc/buy/cgsh_order_add.html HTTP/1.1" 200 74587
124.78.152.42 - - [17/May/2024:10:39:35 +0800] "POST /xingrg/kc/buy/cgsh_order_operate.html HTTP/1.1" 200 8245
124.78.152.42 - - [17/May/2024:10:39:35 +0800] "GET /xingrg/javascript/easyui/themes/default/validatebox.css HTTP/1.1" 404 1104
124.78.152.42 - - [17/May/2024:10:39:37 +0800] "GET /xingrg/javascript/easyui/themes/default/tree.css HTTP/1.1" 404 1090
124.78.152.42 - - [17/May/2024:10:39:37 +0800] "POST /xingrg/all/common/load_tree.html?tree=supplier_tree_json&isDelete=1 HTTP/1.1" 200 80088
180.169.147.146 - - [17/May/2024:10:39:38 +0800] "GET /xingrg/all/function/internal_message.html?_=1715913578330&CODE_STATE=getMsg HTTP/1.1" 200 27
101.83.144.49 - - [17/May/2024:10:39:38 +0800] "GET /xingrg/all/function/internal_message.html?_=1715913325070&CODE_STATE=getMsg HTTP/1.1" 200 27
114.83.217.213 - - [17/May/2024:10:39:39 +0800] "GET /xingrg/kc/mdqp/qqps_order_list.html?isBack=1 HTTP/1.1" 302 -
114.83.217.213 - - [17/May/2024:10:39:39 +0800] "GET /xingrg/kc/mdqp/qqps_order_list.html?isQuery=1&timeSelect=1&orderTime=day&startTime=2024-05-16&endTime=2024-05-17&state=all&query=%C8%B7++%B6%A8 HTTP/1.1" 200 11818
114.83.217.213 - - [17/May/2024:10:39:39 +0800] "GET /xingrg/dwr/interface/AjaxQqpsService.js HTTP/1.1" 200 16326
114.83.217.213 - - [17/May/2024:10:39:39 +0800] "GET /xingrg/dwr/interface/AjaxReportQueryService.js HTTP/1.1" 200 13203
114.83.217.213 - - [17/May/2024:10:39:39 +0800] "GET /xingrg/dwr/engine.js HTTP/1.1" 200 43631
222.70.183.82 - - [17/May/2024:10:39:40 +0800] "GET /xingrg/kc/buy/cgsh_order_operate.html?command=get_materiel&rest_code=00111&code=00101008353&supplier_code=00100008&order_time=2024-05-17 HTTP/1.1" 200 408
116.238.97.31 - - [17/May/2024:10:39:40 +0800] "GET /xingrg/kc/buy/cgsh_order_operate.html?command=get_materiel&rest_code=00102&code=00101006056&supplier_code=00100151&order_time=2024-05-17 HTTP/1.1" 200 415
180.156.239.18 - - [17/May/2024:10:39:41 +0800] "GET /xingrg/kc/buy/cgsh_order_operate.html?command=get_materiel&rest_code=00150&code=00101028005&supplier_code=00100018&order_time=2024-05-17 HTTP/1.1" 200 434
114.83.217.213 - - [17/May/2024:10:39:41 +0800] "GET /xingrg/kc/mdqp/qqps_order_add.html HTTP/1.1" 200 28317
114.83.217.213 - - [17/May/2024:10:39:41 +0800] "GET /xingrg/dwr/interface/AjaxComOrderService.js HTTP/1.1" 200 18264
114.83.217.213 - - [17/May/2024:10:39:41 +0800] "GET /xingrg/dwr/interface/AjaxQqpsService.js HTTP/1.1" 200 16326
114.83.217.213 - - [17/May/2024:10:39:41 +0800] "GET /xingrg/dwr/engine.js HTTP/1.1" 200 43631
114.83.217.213 - - [17/May/2024:10:39:42 +0800] "GET /xingrg/words/20240517094214_words.js HTTP/1.1" 304 -
116.235.244.24 - - [17/May/2024:10:39:42 +0800] "GET /xingrg/all/function/internal_message.html?_=1715913600215&CODE_STATE=getMsg HTTP/1.1" 200 27
222.67.233.39 - - [17/May/2024:10:39:43 +0800] "GET /xingrg/all/function/internal_message.html?_=1715913583977&CODE_STATE=getMsg HTTP/1.1" 200 27
101.83.144.49 - - [17/May/2024:10:39:48 +0800] "GET /xingrg/kc/buy/cgsh_order_add.html HTTP/1.1" 200 74675
101.83.144.49 - - [17/May/2024:10:39:48 +0800] "POST /xingrg/kc/buy/cgsh_order_operate.html HTTP/1.1" 200 8245
101.83.144.49 - - [17/May/2024:10:39:48 +0800] "GET /xingrg/javascript/easyui/themes/default/validatebox.css HTTP/1.1" 404 1104
180.156.239.18 - - [17/May/2024:10:39:49 +0800] "GET /xingrg/check_reg.html?_=1715913589657 HTTP/1.1" 200 22
180.156.239.18 - - [17/May/2024:10:39:49 +0800] "GET /xingrg/all/function/internal_message.html?_=1715913589661&CODE_STATE=getMsg HTTP/1.1" 200 27
114.83.217.213 - - [17/May/2024:10:39:51 +0800] "POST /xingrg/dwr/call/plaincall/AjaxQqpsService.saveOrder.dwr HTTP/1.1" 200 78
180.156.239.18 - - [17/May/2024:10:39:51 +0800] "POST /xingrg/kc/buy/cgsh_order_operate.html HTTP/1.1" 200 37
114.83.217.213 - - [17/May/2024:10:39:53 +0800] "POST /xingrg/dwr/call/plaincall/AjaxQqpsService.getMaterielByCode.dwr HTTP/1.1" 200 2744
222.70.183.82 - - [17/May/2024:10:39:54 +0800] "GET /xingrg/kc/buy/cgsh_order_operate.html?command=get_materiel&rest_code=00111&code=00101008361&supplier_code=00100008&order_time=2024-05-17 HTTP/1.1" 200 408
114.83.217.213 - - [17/May/2024:10:39:55 +0800] "POST /xingrg/dwr/call/plaincall/AjaxQqpsService.saveMaterielItem.dwr HTTP/1.1" 200 78
180.169.147.146 - - [17/May/2024:10:39:57 +0800] "GET /xingrg/check_reg.html?_=1715913598345 HTTP/1.1" 200 22
124.78.152.42 - - [17/May/2024:10:39:57 +0800] "GET /xingrg/kc/buy/cgsh_order_operate.html?command=get_materiel&rest_code=00106&code=00101003040&supplier_code=00100093&order_time=2024-05-17 HTTP/1.1" 200 437
114.83.217.213 - - [17/May/2024:10:39:58 +0800] "POST /xingrg/dwr/call/plaincall/AjaxQqpsService.checkOrder.dwr HTTP/1.1" 200 78
116.232.195.13 - - [17/May/2024:10:39:58 +0800] "GET /xingrg/all/function/internal_message.html?_=1715913562804&CODE_STATE=getMsg HTTP/1.1" 200 27
116.238.97.31 - - [17/May/2024:10:40:04 +0800] "GET /xingrg/kc/buy/cgsh_order_operate.html?command=get_materiel&rest_code=00102&code=00101006130&supplier_code=00100151&order_time=2024-05-17 HTTP/1.1" 200 437
114.83.217.213 - - [17/May/2024:10:40:04 +0800] "GET /xingrg/kc/mdqp/qqps_order_info.html?code=302024051700256 HTTP/1.1" 200 26720
114.83.217.213 - - [17/May/2024:10:40:04 +0800] "GET /xingrg/dwr/interface/AjaxComOrderService.js HTTP/1.1" 200 18264
114.83.217.213 - - [17/May/2024:10:40:04 +0800] "GET /xingrg/dwr/interface/AjaxQqpsService.js HTTP/1.1" 200 16326
114.83.217.213 - - [17/May/2024:10:40:04 +0800] "GET /xingrg/dwr/engine.js HTTP/1.1" 200 43631
124.78.152.42 - - [17/May/2024:10:40:05 +0800] "GET /xingrg/check_reg.html?_=1715913606759 HTTP/1.1" 200 22
124.78.152.42 - - [17/May/2024:10:40:05 +0800] "GET /xingrg/all/function/internal_message.html?_=1715913607010&CODE_STATE=getMsg HTTP/1.1" 200 27
114.83.217.213 - - [17/May/2024:10:40:06 +0800] "POST /xingrg/dwr/call/plaincall/AjaxQqpsService.loadMaterielItems.dwr HTTP/1.1" 200 331
101.83.144.49 - - [17/May/2024:10:40:06 +0800] "GET /xingrg/kc/buy/cgsh_order_operate.html?command=get_materiel&rest_code=00105&code=00101002007&supplier_code=00100442&order_time=2024-05-17 HTTP/1.1" 200 409
222.70.183.82 - - [17/May/2024:10:40:09 +0800] "GET /xingrg/kc/buy/cgsh_order_operate.html?command=get_materiel&rest_code=00111&code=00101008286&supplier_code=00100008&order_time=2024-05-17 HTTP/1.1" 200 408
180.156.239.18 - - [17/May/2024:10:40:10 +0800] "POST /xingrg/kc/buy/cgsh_order_operate.html HTTP/1.1" 200 12
124.79.240.51 - - [17/May/2024:10:40:10 +0800] "GET /xingrg/all/function/internal_message.html?_=1715913652463&CODE_STATE=getMsg HTTP/1.1" 200 27
124.79.240.51 - - [17/May/2024:10:40:11 +0800] "GET /xingrg/check_reg.html?_=1715913652465 HTTP/1.1" 200 22
114.83.217.213 - - [17/May/2024:10:40:11 +0800] "GET /xingrg/kc/mdqp/qqps_order_list.html?isBack=1 HTTP/1.1" 302 -
114.83.217.213 - - [17/May/2024:10:40:11 +0800] "GET /xingrg/kc/mdqp/qqps_order_list.html?isQuery=1&timeSelect=1&orderTime=day&startTime=2024-05-16&endTime=2024-05-17&state=all&query=%C8%B7++%B6%A8 HTTP/1.1" 200 12227
114.83.217.213 - - [17/May/2024:10:40:11 +0800] "GET /xingrg/dwr/interface/AjaxQqpsService.js HTTP/1.1" 200 16326
114.83.217.213 - - [17/May/2024:10:40:11 +0800] "GET /xingrg/dwr/interface/AjaxReportQueryService.js HTTP/1.1" 200 13203
114.83.217.213 - - [17/May/2024:10:40:11 +0800] "GET /xingrg/dwr/engine.js HTTP/1.1" 200 43631
180.156.239.18 - - [17/May/2024:10:40:12 +0800] "GET /xingrg/kc/buy/cgsh_order_info.html?code=212024051704724 HTTP/1.1" 200 69506
180.156.239.18 - - [17/May/2024:10:40:13 +0800] "GET /xingrg/javascript/easyui/themes/default/validatebox.css HTTP/1.1" 404 1104
180.156.239.18 - - [17/May/2024:10:40:14 +0800] "POST /xingrg/kc/buy/cgsh_order_operate.html HTTP/1.1" 200 623
124.78.152.42 - - [17/May/2024:10:40:14 +0800] "GET /xingrg/kc/buy/cgsh_order_operate.html?command=get_materiel&rest_code=00106&code=00101008403&supplier_code=00100008&order_time=2024-05-17 HTTP/1.1" 200 412
180.156.239.18 - - [17/May/2024:10:40:15 +0800] "GET /xingrg/kc/print/load_data.html?order_code=212024051704724&kc_code=cgsh&condition= HTTP/1.1" 200 769
221.239.170.140 - - [17/May/2024:10:40:17 +0800] "GET /xingrg/all/function/internal_message.html?_=1715913614928&CODE_STATE=getMsg HTTP/1.1" 200 27
222.70.183.82 - - [17/May/2024:10:40:22 +0800] "GET /xingrg/all/function/internal_message.html?_=1715913620061&CODE_STATE=getMsg HTTP/1.1" 200 27
222.70.183.82 - - [17/May/2024:10:40:22 +0800] "GET /xingrg/kc/buy/cgsh_order_operate.html?command=get_materiel&rest_code=00111&code=00101008106&supplier_code=00100008&order_time=2024-05-17 HTTP/1.1" 200 412
180.156.239.18 - - [17/May/2024:10:40:23 +0800] "GET /xingrg/all/function/internal_message.html?_=1715913622174&CODE_STATE=getMsg HTTP/1.1" 200 27
101.83.144.49 - - [17/May/2024:10:40:24 +0800] "GET /xingrg/kc/buy/cgsh_order_operate.html?command=get_materiel&rest_code=00105&code=00101002041&supplier_code=00100442&order_time=2024-05-17 HTTP/1.1" 200 409
124.78.152.42 - - [17/May/2024:10:40:25 +0800] "GET /xingrg/all/function/internal_message.html?_=1715913617084&CODE_STATE=getMsg HTTP/1.1" 200 27
180.164.6.225 - - [17/May/2024:10:40:25 +0800] "GET /xingrg/all/function/internal_message.html?_=1715913624503&CODE_STATE=getMsg HTTP/1.1" 200 27
180.156.239.18 - - [17/May/2024:10:40:27 +0800] "GET /xingrg/kc/mdqp/qqps_order_list.html HTTP/1.1" 200 9668
180.156.239.18 - - [17/May/2024:10:40:27 +0800] "GET /xingrg/dwr/interface/AjaxQqpsService.js HTTP/1.1" 200 16326
180.156.239.18 - - [17/May/2024:10:40:27 +0800] "GET /xingrg/dwr/interface/AjaxReportQueryService.js HTTP/1.1" 200 13203
180.156.239.18 - - [17/May/2024:10:40:27 +0800] "GET /xingrg/dwr/engine.js HTTP/1.1" 200 43631
180.156.239.18 - - [17/May/2024:10:40:28 +0800] "GET /xingrg/kc/mdqp/qqps_order_add.html HTTP/1.1" 200 28246
180.156.239.18 - - [17/May/2024:10:40:28 +0800] "GET /xingrg/dwr/interface/AjaxComOrderService.js HTTP/1.1" 200 18264
180.156.239.18 - - [17/May/2024:10:40:28 +0800] "GET /xingrg/dwr/interface/AjaxQqpsService.js HTTP/1.1" 200 16326
180.156.239.18 - - [17/May/2024:10:40:28 +0800] "GET /xingrg/dwr/engine.js HTTP/1.1" 200 43631
114.83.217.213 - - [17/May/2024:10:40:31 +0800] "GET /xingrg/all/function/internal_message.html?_=1715913627777&CODE_STATE=getMsg HTTP/1.1" 200 27
120.253.135.82 - - [17/May/2024:10:40:33 +0800] "GET /xingrg/check_reg.html?_=1715913484218 HTTP/1.1" 200 22
120.253.135.82 - - [17/May/2024:10:40:33 +0800] "GET /xingrg/all/function/internal_message.html?_=1715913484326&CODE_STATE=getMsg HTTP/1.1" 200 27
180.169.147.146 - - [17/May/2024:10:40:38 +0800] "GET /xingrg/all/function/internal_message.html?_=1715913638335&CODE_STATE=getMsg HTTP/1.1" 200 27
101.83.144.49 - - [17/May/2024:10:40:38 +0800] "GET /xingrg/all/function/internal_message.html?_=1715913385074&CODE_STATE=getMsg HTTP/1.1" 200 27
180.156.239.18 - - [17/May/2024:10:40:41 +0800] "POST /xingrg/dwr/call/plaincall/AjaxQqpsService.saveOrder.dwr HTTP/1.1" 200 78
116.235.244.24 - - [17/May/2024:10:40:42 +0800] "GET /xingrg/all/function/internal_message.html?_=1715913660230&CODE_STATE=getMsg HTTP/1.1" 200 27
222.70.183.82 - - [17/May/2024:10:40:43 +0800] "GET /xingrg/kc/buy/cgsh_order_operate.html?command=get_materiel&rest_code=00111&code=00101008357&supplier_code=00100008&order_time=2024-05-17 HTTP/1.1" 200 408
222.67.233.39 - - [17/May/2024:10:40:43 +0800] "GET /xingrg/all/function/internal_message.html?_=1715913643976&CODE_STATE=getMsg HTTP/1.1" 200 27
222.67.233.39 - - [17/May/2024:10:40:43 +0800] "GET /xingrg/check_reg.html?_=1715913643980 HTTP/1.1" 200 22
114.83.217.213 - - [17/May/2024:10:40:45 +0800] "GET /xingrg/kc/base/wldb_order_list.html HTTP/1.1" 200 19180
114.83.217.213 - - [17/May/2024:10:40:46 +0800] "POST /xingrg/kc/base/wldb_list_operate.html HTTP/1.1" 200 928
180.156.239.18 - - [17/May/2024:10:40:49 +0800] "GET /xingrg/all/function/internal_message.html?_=1715913649687&CODE_STATE=getMsg HTTP/1.1" 200 27
101.83.144.49 - - [17/May/2024:10:40:51 +0800] "POST /xingrg/kc/buy/cgsh_order_operate.html HTTP/1.1" 200 37
114.83.217.213 - - [17/May/2024:10:40:51 +0800] "GET /xingrg/kc/base/wldb_order_add.html HTTP/1.1" 200 30668
114.83.217.213 - - [17/May/2024:10:40:52 +0800] "POST /xingrg/kc/base/wldb_order_operate.html HTTP/1.1" 200 6806
114.83.217.213 - - [17/May/2024:10:40:52 +0800] "GET /xingrg/all/common/auto_word.html?type=base&rest_code=00149 HTTP/1.1" 200 1907
114.83.217.213 - - [17/May/2024:10:40:52 +0800] "GET /xingrg/javascript/easyui/themes/default/validatebox.css HTTP/1.1" 404 1104
114.83.217.213 - - [17/May/2024:10:40:52 +0800] "GET /xingrg/all/common/auto_word.html?type=base&rest_code=00149 HTTP/1.1" 200 1907
101.83.144.49 - - [17/May/2024:10:40:53 +0800] "POST /xingrg/kc/buy/cgsh_order_operate.html HTTP/1.1" 200 3249
116.232.195.13 - - [17/May/2024:10:40:58 +0800] "GET /xingrg/check_reg.html?_=1715913622805 HTTP/1.1" 200 22
116.232.195.13 - - [17/May/2024:10:40:58 +0800] "GET /xingrg/all/function/internal_message.html?_=1715913622810&CODE_STATE=getMsg HTTP/1.1" 200 27
124.78.152.42 - - [17/May/2024:10:40:59 +0800] "POST /xingrg/kc/buy/cgsh_order_operate.html HTTP/1.1" 200 37
124.78.152.42 - - [17/May/2024:10:40:59 +0800] "GET /xingrg/kc/buy/cgsh_order_operate.html?command=get_materiel&rest_code=00106&code=00101008283&supplier_code=00100008&order_time=2024-05-17 HTTP/1.1" 200 408
114.83.217.213 - - [17/May/2024:10:41:01 +0800] "GET /xingrg/javascript/auto/indicator.gif HTTP/1.1" 404 1066
116.238.97.31 - - [17/May/2024:10:41:01 +0800] "GET /xingrg/kc/buy/cgsh_order_operate.html?command=get_materiel&rest_code=00102&code=00101006372&supplier_code=00100151&order_time=2024-05-17 HTTP/1.1" 200 421
222.70.183.82 - - [17/May/2024:10:41:01 +0800] "GET /xingrg/kc/buy/cgsh_order_operate.html?command=get_materiel&rest_code=00111&code=00101008005&supplier_code=00100008&order_time=2024-05-17 HTTP/1.1" 200 412
101.83.144.49 - - [17/May/2024:10:41:02 +0800] "POST /xingrg/kc/buy/cgsh_order_operate.html HTTP/1.1" 200 37
114.83.217.213 - - [17/May/2024:10:41:03 +0800] "GET /xingrg/javascript/jquery_tools/images/prev.gif HTTP/1.1" 404 1086
114.83.217.213 - - [17/May/2024:10:41:03 +0800] "GET /xingrg/javascript/jquery_tools/images/next.gif HTTP/1.1" 404 1086
101.83.144.49 - - [17/May/2024:10:41:05 +0800] "POST /xingrg/kc/buy/cgsh_order_operate.html HTTP/1.1" 200 3249
124.78.152.42 - - [17/May/2024:10:41:05 +0800] "GET /xingrg/all/function/internal_message.html?_=1715913666990&CODE_STATE=getMsg HTTP/1.1" 200 27
124.78.152.42 - - [17/May/2024:10:41:07 +0800] "POST /xingrg/kc/buy/cgsh_order_operate.html HTTP/1.1" 200 12
114.83.217.213 - - [17/May/2024:10:41:07 +0800] "GET /xingrg/kc/base/wldb_order_operate.html?command=get_materiel&rest_code=00149&base_code=0010394&code=00101019185 HTTP/1.1" 200 469
124.78.152.42 - - [17/May/2024:10:41:09 +0800] "GET /xingrg/kc/buy/cgsh_order_info.html?code=212024051704726 HTTP/1.1" 200 69460
124.78.152.42 - - [17/May/2024:10:41:09 +0800] "GET /xingrg/javascript/easyui/themes/default/validatebox.css HTTP/1.1" 404 1104
124.78.152.42 - - [17/May/2024:10:41:10 +0800] "POST /xingrg/kc/buy/cgsh_order_operate.html HTTP/1.1" 200 615
101.83.144.49 - - [17/May/2024:10:41:10 +0800] "GET /xingrg/kc/print/load_data.html?order_code=212024051704725&kc_code=cgsh&condition= HTTP/1.1" 200 896
114.83.217.213 - - [17/May/2024:10:41:10 +0800] "GET /xingrg/kc/base/wldb_order_operate.html?command=get_materiel&rest_code=00149&base_code=0010394&code=00101019133 HTTP/1.1" 200 480
124.79.240.51 - - [17/May/2024:10:41:10 +0800] "GET /xingrg/all/function/internal_message.html?_=1715913712462&CODE_STATE=getMsg HTTP/1.1" 200 27
114.83.217.213 - - [17/May/2024:10:41:13 +0800] "GET /xingrg/kc/base/wldb_order_operate.html?command=get_materiel&rest_code=00149&base_code=0010394&code=00101016094 HTTP/1.1" 200 468
124.78.152.42 - - [17/May/2024:10:41:14 +0800] "GET /xingrg/kc/print/load_data.html?order_code=212024051704726&kc_code=cgsh&condition= HTTP/1.1" 200 752
114.83.217.213 - - [17/May/2024:10:41:16 +0800] "GET /xingrg/kc/base/wldb_order_operate.html?command=get_materiel&rest_code=00149&base_code=0010394&code=00101019187 HTTP/1.1" 200 479
221.239.170.140 - - [17/May/2024:10:41:17 +0800] "GET /xingrg/all/function/internal_message.html?_=1715913674933&CODE_STATE=getMsg HTTP/1.1" 200 27
221.239.170.140 - - [17/May/2024:10:41:17 +0800] "GET /xingrg/check_reg.html?_=1715913674953 HTTP/1.1" 200 22
114.83.217.213 - - [17/May/2024:10:41:19 +0800] "GET /xingrg/kc/base/wldb_order_operate.html?command=get_materiel&rest_code=00149&base_code=0010394&code=00101019376 HTTP/1.1" 200 476
222.70.183.82 - - [17/May/2024:10:41:22 +0800] "GET /xingrg/check_reg.html?_=1715913680061 HTTP/1.1" 200 22
222.70.183.82 - - [17/May/2024:10:41:22 +0800] "GET /xingrg/all/function/internal_message.html?_=1715913680065&CODE_STATE=getMsg HTTP/1.1" 200 27
180.156.239.18 - - [17/May/2024:10:41:23 +0800] "GET /xingrg/all/function/internal_message.html?_=1715913682168&CODE_STATE=getMsg HTTP/1.1" 200 27
114.83.217.213 - - [17/May/2024:10:41:23 +0800] "GET /xingrg/kc/base/wldb_order_operate.html?command=get_materiel&rest_code=00149&base_code=0010394&code=00101019297 HTTP/1.1" 200 478
124.78.152.42 - - [17/May/2024:10:41:25 +0800] "GET /xingrg/all/function/internal_message.html?_=1715913677065&CODE_STATE=getMsg HTTP/1.1" 200 27
180.164.6.225 - - [17/May/2024:10:41:25 +0800] "GET /xingrg/all/function/internal_message.html?_=1715913684505&CODE_STATE=getMsg HTTP/1.1" 200 27
124.78.152.42 - - [17/May/2024:10:41:27 +0800] "GET /xingrg/kc/buy/cgsh_order_add.html HTTP/1.1" 200 74587
124.78.152.42 - - [17/May/2024:10:41:27 +0800] "GET /xingrg/words/20240517094214_words.js HTTP/1.1" 304 -
124.78.152.42 - - [17/May/2024:10:41:27 +0800] "POST /xingrg/kc/buy/cgsh_order_operate.html HTTP/1.1" 200 8245
124.78.152.42 - - [17/May/2024:10:41:27 +0800] "GET /xingrg/javascript/easyui/themes/default/validatebox.css HTTP/1.1" 404 1104
114.83.217.213 - - [17/May/2024:10:41:31 +0800] "GET /xingrg/all/function/internal_message.html?_=1715913687787&CODE_STATE=getMsg HTTP/1.1" 200 27
124.78.152.42 - - [17/May/2024:10:41:31 +0800] "GET /xingrg/javascript/easyui/themes/default/tree.css HTTP/1.1" 404 1090
124.78.152.42 - - [17/May/2024:10:41:32 +0800] "POST /xingrg/all/common/load_tree.html?tree=supplier_tree_json&isDelete=1 HTTP/1.1" 200 80088
120.253.135.82 - - [17/May/2024:10:41:33 +0800] "GET /xingrg/all/function/internal_message.html?_=1715913544341&CODE_STATE=getMsg HTTP/1.1" 200 27
180.169.147.146 - - [17/May/2024:10:41:38 +0800] "GET /xingrg/all/function/internal_message.html?_=1715913698339&CODE_STATE=getMsg HTTP/1.1" 200 27
101.83.144.49 - - [17/May/2024:10:41:38 +0800] "GET /xingrg/all/function/internal_message.html?_=1715913445079&CODE_STATE=getMsg HTTP/1.1" 200 27
116.235.244.24 - - [17/May/2024:10:41:42 +0800] "GET /xingrg/all/function/internal_message.html?_=1715913720294&CODE_STATE=getMsg HTTP/1.1" 200 27
222.67.233.39 - - [17/May/2024:10:41:43 +0800] "GET /xingrg/all/function/internal_message.html?_=1715913703975&CODE_STATE=getMsg HTTP/1.1" 200 27
180.156.239.18 - - [17/May/2024:10:41:49 +0800] "GET /xingrg/all/function/internal_message.html?_=1715913709685&CODE_STATE=getMsg HTTP/1.1" 200 27
114.83.217.213 - - [17/May/2024:10:41:54 +0800] "POST /xingrg/kc/base/wldb_order_operate.html HTTP/1.1" 200 37
114.83.217.213 - - [17/May/2024:10:41:55 +0800] "POST /xingrg/kc/base/wldb_order_operate.html HTTP/1.1" 200 4758
114.83.217.213 - - [17/May/2024:10:41:58 +0800] "GET /xingrg/kc/base/wldb_order_info.html?code=422024051701127 HTTP/1.1" 200 30683
116.232.195.13 - - [17/May/2024:10:41:58 +0800] "GET /xingrg/all/function/internal_message.html?_=1715913682799&CODE_STATE=getMsg HTTP/1.1" 200 27
114.83.217.213 - - [17/May/2024:10:41:59 +0800] "GET /xingrg/javascript/easyui/themes/default/validatebox.css HTTP/1.1" 404 1104
114.83.217.213 - - [17/May/2024:10:42:00 +0800] "POST /xingrg/kc/base/wldb_order_operate.html HTTP/1.1" 200 4758
124.78.152.42 - - [17/May/2024:10:42:01 +0800] "GET /xingrg/kc/buy/cgsh_order_operate.html?command=get_materiel&rest_code=00106&code=00101002007&supplier_code=00100442&order_time=2024-05-17 HTTP/1.1" 200 409
114.83.217.213 - - [17/May/2024:10:42:02 +0800] "GET /xingrg/kc/base/wldb_order_add.html HTTP/1.1" 200 30668
114.83.217.213 - - [17/May/2024:10:42:03 +0800] "GET /xingrg/javascript/easyui/themes/default/validatebox.css HTTP/1.1" 404 1104
114.83.217.213 - - [17/May/2024:10:42:03 +0800] "POST /xingrg/kc/base/wldb_order_operate.html HTTP/1.1" 200 6806
124.78.152.42 - - [17/May/2024:10:42:05 +0800] "GET /xingrg/all/function/internal_message.html?_=1715913727012&CODE_STATE=getMsg HTTP/1.1" 200 27
180.156.239.18 - - [17/May/2024:10:42:09 +0800] "POST /xingrg/services/DataTransmitService HTTP/1.1" 200 524
124.79.240.51 - - [17/May/2024:10:42:10 +0800] "GET /xingrg/all/function/internal_message.html?_=1715913772461&CODE_STATE=getMsg HTTP/1.1" 200 27
221.239.170.140 - - [17/May/2024:10:42:17 +0800] "GET /xingrg/all/function/internal_message.html?_=1715913734940&CODE_STATE=getMsg HTTP/1.1" 200 27
124.78.152.42 - - [17/May/2024:10:42:21 +0800] "GET /xingrg/kc/buy/cgsh_order_operate.html?command=get_materiel&rest_code=00106&code=00101008037&supplier_code=00100008&order_time=2024-05-17 HTTP/1.1" 200 413
222.70.183.82 - - [17/May/2024:10:42:22 +0800] "GET /xingrg/all/function/internal_message.html?_=1715913740057&CODE_STATE=getMsg HTTP/1.1" 200 27
180.156.239.18 - - [17/May/2024:10:42:23 +0800] "GET /xingrg/all/function/internal_message.html?_=1715913742163&CODE_STATE=getMsg HTTP/1.1" 200 27
124.78.152.42 - - [17/May/2024:10:42:25 +0800] "GET /xingrg/all/function/internal_message.html?_=1715913737047&CODE_STATE=getMsg HTTP/1.1" 200 27
180.164.6.225 - - [17/May/2024:10:42:25 +0800] "GET /xingrg/all/function/internal_message.html?_=1715913744495&CODE_STATE=getMsg HTTP/1.1" 200 27
114.83.217.213 - - [17/May/2024:10:42:28 +0800] "GET /xingrg/kc/base/wldb_order_operate.html?command=get_materiel&rest_code=00149&base_code=0010394&code=00101019422 HTTP/1.1" 200 472
114.83.217.213 - - [17/May/2024:10:42:31 +0800] "GET /xingrg/all/function/internal_message.html?_=1715913747789&CODE_STATE=getMsg HTTP/1.1" 200 27
120.253.135.82 - - [17/May/2024:10:42:33 +0800] "GET /xingrg/all/function/internal_message.html?_=1715913604353&CODE_STATE=getMsg HTTP/1.1" 200 27
114.83.217.213 - - [17/May/2024:10:42:33 +0800] "GET /xingrg/kc/base/wldb_order_operate.html?command=get_materiel&rest_code=00149&base_code=0010394&code=00101019637 HTTP/1.1" 200 449
114.83.217.213 - - [17/May/2024:10:42:37 +0800] "GET /xingrg/kc/base/wldb_order_operate.html?command=get_materiel&rest_code=00149&base_code=0010394&code=00101019306 HTTP/1.1" 200 479
180.169.147.146 - - [17/May/2024:10:42:38 +0800] "GET /xingrg/all/function/internal_message.html?_=1715913758328&CODE_STATE=getMsg HTTP/1.1" 200 27
101.83.144.49 - - [17/May/2024:10:42:38 +0800] "GET /xingrg/all/function/internal_message.html?_=1715913505079&CODE_STATE=getMsg HTTP/1.1" 200 27
124.78.152.42 - - [17/May/2024:10:42:39 +0800] "GET /xingrg/kc/buy/cgsh_order_operate.html?command=get_materiel&rest_code=00106&code=00101002037&supplier_code=00100442&order_time=2024-05-17 HTTP/1.1" 200 419
116.235.244.24 - - [17/May/2024:10:42:42 +0800] "GET /xingrg/all/function/internal_message.html?_=1715913780305&CODE_STATE=getMsg HTTP/1.1" 200 27
222.67.233.39 - - [17/May/2024:10:42:43 +0800] "GET /xingrg/all/function/internal_message.html?_=1715913763966&CODE_STATE=getMsg HTTP/1.1" 200 27
101.83.144.49 - - [17/May/2024:10:42:47 +0800] "GET /xingrg/kc/buy/cgsh_order_add.html HTTP/1.1" 200 74675
101.83.144.49 - - [17/May/2024:10:42:47 +0800] "POST /xingrg/kc/buy/cgsh_order_operate.html HTTP/1.1" 200 8245
101.83.144.49 - - [17/May/2024:10:42:47 +0800] "GET /xingrg/javascript/easyui/themes/default/validatebox.css HTTP/1.1" 404 1104
180.156.239.18 - - [17/May/2024:10:42:49 +0800] "GET /xingrg/all/function/internal_message.html?_=1715913769676&CODE_STATE=getMsg HTTP/1.1" 200 27
114.83.217.213 - - [17/May/2024:10:42:50 +0800] "GET /xingrg/kc/base/wldb_order_operate.html?command=get_materiel&rest_code=00149&base_code=0010394&code=00101019400 HTTP/1.1" 200 464
116.232.195.13 - - [17/May/2024:10:42:58 +0800] "GET /xingrg/all/function/internal_message.html?_=1715913742798&CODE_STATE=getMsg HTTP/1.1" 200 27
124.78.152.42 - - [17/May/2024:10:43:02 +0800] "POST /xingrg/kc/buy/cgsh_order_operate.html HTTP/1.1" 200 37
124.78.152.42 - - [17/May/2024:10:43:05 +0800] "POST /xingrg/kc/buy/cgsh_order_operate.html HTTP/1.1" 200 25127
124.78.152.42 - - [17/May/2024:10:43:05 +0800] "GET /xingrg/all/function/internal_message.html?_=1715913786987&CODE_STATE=getMsg HTTP/1.1" 200 27
124.78.152.42 - - [17/May/2024:10:43:09 +0800] "GET /xingrg/kc/buy/cgsh_order_operate.html?command=get_materiel&rest_code=00106&code=00101002016&supplier_code=00100442&order_time=2024-05-17 HTTP/1.1" 200 413
124.79.240.51 - - [17/May/2024:10:43:10 +0800] "GET /xingrg/all/function/internal_message.html?_=1715913832459&CODE_STATE=getMsg HTTP/1.1" 200 27
114.83.217.213 - - [17/May/2024:10:43:12 +0800] "POST /xingrg/kc/base/wldb_order_operate.html HTTP/1.1" 200 37
114.83.217.213 - - [17/May/2024:10:43:13 +0800] "POST /xingrg/kc/base/wldb_order_operate.html HTTP/1.1" 200 4721
114.83.217.213 - - [17/May/2024:10:43:14 +0800] "GET /xingrg/kc/base/wldb_order_info.html?code=422024051701128 HTTP/1.1" 200 30683
114.83.217.213 - - [17/May/2024:10:43:15 +0800] "GET /xingrg/javascript/easyui/themes/default/validatebox.css HTTP/1.1" 404 1104
114.83.217.213 - - [17/May/2024:10:43:15 +0800] "POST /xingrg/kc/base/wldb_order_operate.html HTTP/1.1" 200 4721
221.239.170.140 - - [17/May/2024:10:43:17 +0800] "GET /xingrg/all/function/internal_message.html?_=1715913794930&CODE_STATE=getMsg HTTP/1.1" 200 27
114.83.217.213 - - [17/May/2024:10:43:17 +0800] "GET /xingrg/kc/base/wldb_order_add.html HTTP/1.1" 200 30668
114.83.217.213 - - [17/May/2024:10:43:17 +0800] "POST /xingrg/kc/base/wldb_order_operate.html HTTP/1.1" 200 6806
114.83.217.213 - - [17/May/2024:10:43:18 +0800] "GET /xingrg/javascript/easyui/themes/default/validatebox.css HTTP/1.1" 404 1104
222.70.183.82 - - [17/May/2024:10:43:22 +0800] "GET /xingrg/all/function/internal_message.html?_=1715913800059&CODE_STATE=getMsg HTTP/1.1" 200 27
180.156.239.18 - - [17/May/2024:10:43:22 +0800] "GET /xingrg/check_reg.html?_=1715913801865 HTTP/1.1" 200 22
180.156.239.18 - - [17/May/2024:10:43:23 +0800] "GET /xingrg/all/function/internal_message.html?_=1715913802162&CODE_STATE=getMsg HTTP/1.1" 200 27
124.78.152.42 - - [17/May/2024:10:43:25 +0800] "GET /xingrg/all/function/internal_message.html?_=1715913797042&CODE_STATE=getMsg HTTP/1.1" 200 27
180.164.6.225 - - [17/May/2024:10:43:25 +0800] "GET /xingrg/all/function/internal_message.html?_=1715913804490&CODE_STATE=getMsg HTTP/1.1" 200 27
180.164.6.225 - - [17/May/2024:10:43:25 +0800] "GET /xingrg/check_reg.html?_=1715913804493 HTTP/1.1" 200 22
114.83.217.213 - - [17/May/2024:10:43:27 +0800] "GET /xingrg/kc/base/wldb_order_operate.html?command=get_materiel&rest_code=00149&base_code=0010394&code=00101019222 HTTP/1.1" 200 451
114.83.217.213 - - [17/May/2024:10:43:30 +0800] "GET /xingrg/kc/base/wldb_order_operate.html?command=get_materiel&rest_code=00149&base_code=0010394&code=00101019391 HTTP/1.1" 200 485
114.83.217.213 - - [17/May/2024:10:43:31 +0800] "GET /xingrg/all/function/internal_message.html?_=1715913807817&CODE_STATE=getMsg HTTP/1.1" 200 27
120.253.135.82 - - [17/May/2024:10:43:33 +0800] "GET /xingrg/all/function/internal_message.html?_=1715913664371&CODE_STATE=getMsg HTTP/1.1" 200 27
114.83.217.213 - - [17/May/2024:10:43:33 +0800] "GET /xingrg/kc/base/wldb_order_operate.html?command=get_materiel&rest_code=00149&base_code=0010394&code=00101008555 HTTP/1.1" 200 444
222.70.183.82 - - [17/May/2024:10:43:37 +0800] "GET /xingrg/kc/buy/cgsh_order_operate.html?command=get_materiel&rest_code=00111&code=00101008350&supplier_code=00100008&order_time=2024-05-17 HTTP/1.1" 200 408
114.83.217.213 - - [17/May/2024:10:43:37 +0800] "GET /xingrg/kc/base/wldb_order_operate.html?command=get_materiel&rest_code=00149&base_code=0010394&code=00101019438 HTTP/1.1" 200 461
180.169.147.146 - - [17/May/2024:10:43:38 +0800] "GET /xingrg/all/function/internal_message.html?_=1715913818347&CODE_STATE=getMsg HTTP/1.1" 200 27
180.169.147.146 - - [17/May/2024:10:43:38 +0800] "GET /xingrg/check_reg.html?_=1715913818356 HTTP/1.1" 200 22
101.83.144.49 - - [17/May/2024:10:43:38 +0800] "GET /xingrg/all/function/internal_message.html?_=1715913565080&CODE_STATE=getMsg HTTP/1.1" 200 27
101.83.144.49 - - [17/May/2024:10:43:38 +0800] "GET /xingrg/check_reg.html?_=1715913565084 HTTP/1.1" 200 22
116.235.244.24 - - [17/May/2024:10:43:42 +0800] "GET /xingrg/all/function/internal_message.html?_=1715913840370&CODE_STATE=getMsg HTTP/1.1" 200 27
222.67.233.39 - - [17/May/2024:10:43:43 +0800] "GET /xingrg/all/function/internal_message.html?_=1715913823971&CODE_STATE=getMsg HTTP/1.1" 200 27
124.78.152.42 - - [17/May/2024:10:43:46 +0800] "GET /xingrg/kc/buy/cgsh_order_operate.html?command=get_materiel&rest_code=00106&code=00101008224&supplier_code=00100008&order_time=2024-05-17 HTTP/1.1" 200 416
180.156.239.18 - - [17/May/2024:10:43:49 +0800] "GET /xingrg/all/function/internal_message.html?_=1715913829680&CODE_STATE=getMsg HTTP/1.1" 200 27
114.83.217.213 - - [17/May/2024:10:43:51 +0800] "POST /xingrg/kc/base/wldb_order_operate.html HTTP/1.1" 200 37
114.83.217.213 - - [17/May/2024:10:43:52 +0800] "POST /xingrg/kc/base/wldb_order_operate.html HTTP/1.1" 200 3701
114.83.217.213 - - [17/May/2024:10:43:52 +0800] "GET /xingrg/kc/base/wldb_order_info.html?code=422024051701129 HTTP/1.1" 200 30683
114.83.217.213 - - [17/May/2024:10:43:53 +0800] "GET /xingrg/javascript/easyui/themes/default/validatebox.css HTTP/1.1" 404 1104
114.83.217.213 - - [17/May/2024:10:43:54 +0800] "POST /xingrg/kc/base/wldb_order_operate.html HTTP/1.1" 200 3701
114.83.217.213 - - [17/May/2024:10:43:55 +0800] "GET /xingrg/kc/base/wldb_order_add.html HTTP/1.1" 200 30668
114.83.217.213 - - [17/May/2024:10:43:55 +0800] "POST /xingrg/kc/base/wldb_order_operate.html HTTP/1.1" 200 6806
114.83.217.213 - - [17/May/2024:10:43:55 +0800] "GET /xingrg/javascript/easyui/themes/default/validatebox.css HTTP/1.1" 404 1104
116.232.195.13 - - [17/May/2024:10:43:58 +0800] "GET /xingrg/all/function/internal_message.html?_=1715913802794&CODE_STATE=getMsg HTTP/1.1" 200 27
124.78.152.42 - - [17/May/2024:10:43:59 +0800] "GET /xingrg/kc/buy/cgsh_order_operate.html?command=get_materiel&rest_code=00106&code=00101008108&supplier_code=00100008&order_time=2024-05-17 HTTP/1.1" 200 412
116.235.244.24 - - [17/May/2024:10:44:03 +0800] "GET /xingrg/check_reg.html?_=1715913861176 HTTP/1.1" 200 22
114.83.217.213 - - [17/May/2024:10:44:04 +0800] "GET /xingrg/kc/base/wldb_order_operate.html?command=get_materiel&rest_code=00149&base_code=0010394&code=00101016049 HTTP/1.1" 200 445
124.78.152.42 - - [17/May/2024:10:44:05 +0800] "GET /xingrg/all/function/internal_message.html?_=1715913846965&CODE_STATE=getMsg HTTP/1.1" 200 27
114.83.217.213 - - [17/May/2024:10:44:08 +0800] "GET /xingrg/kc/base/wldb_order_operate.html?command=get_materiel&rest_code=00149&base_code=0010394&code=00101019108 HTTP/1.1" 200 477
124.79.240.51 - - [17/May/2024:10:44:10 +0800] "GET /xingrg/all/function/internal_message.html?_=1715913892457&CODE_STATE=getMsg HTTP/1.1" 200 27
124.78.152.42 - - [17/May/2024:10:44:11 +0800] "GET /xingrg/kc/buy/cgsh_order_operate.html?command=get_materiel&rest_code=00106&code=00101008042&supplier_code=00100008&order_time=2024-05-17 HTTP/1.1" 200 416
116.238.97.31 - - [17/May/2024:10:44:16 +0800] "GET /xingrg/check_reg.html?_=1715913858684 HTTP/1.1" 200 22
221.239.170.140 - - [17/May/2024:10:44:17 +0800] "GET /xingrg/all/function/internal_message.html?_=1715913854932&CODE_STATE=getMsg HTTP/1.1" 200 27
222.70.183.82 - - [17/May/2024:10:44:22 +0800] "GET /xingrg/all/function/internal_message.html?_=1715913860070&CODE_STATE=getMsg HTTP/1.1" 200 27
180.156.239.18 - - [17/May/2024:10:44:23 +0800] "GET /xingrg/all/function/internal_message.html?_=1715913862164&CODE_STATE=getMsg HTTP/1.1" 200 27
114.83.217.213 - - [17/May/2024:10:44:23 +0800] "POST /xingrg/kc/base/wldb_order_operate.html HTTP/1.1" 200 37
114.83.217.213 - - [17/May/2024:10:44:24 +0800] "POST /xingrg/kc/base/wldb_order_operate.html HTTP/1.1" 200 3205
124.78.152.42 - - [17/May/2024:10:44:25 +0800] "GET /xingrg/all/function/internal_message.html?_=1715913857004&CODE_STATE=getMsg HTTP/1.1" 200 27
180.164.6.225 - - [17/May/2024:10:44:25 +0800] "GET /xingrg/all/function/internal_message.html?_=1715913864489&CODE_STATE=getMsg HTTP/1.1" 200 27
222.70.183.82 - - [17/May/2024:10:44:26 +0800] "GET /xingrg/kc/buy/cgsh_order_operate.html?command=get_materiel&rest_code=00111&code=00101008223&supplier_code=00100008&order_time=2024-05-17 HTTP/1.1" 200 412
114.83.217.213 - - [17/May/2024:10:44:26 +0800] "GET /xingrg/kc/base/wldb_order_info.html?code=422024051701130 HTTP/1.1" 200 30683
124.78.152.42 - - [17/May/2024:10:44:26 +0800] "GET /xingrg/check_reg.html?_=1715913858713 HTTP/1.1" 200 22
114.83.217.213 - - [17/May/2024:10:44:27 +0800] "GET /xingrg/javascript/easyui/themes/default/validatebox.css HTTP/1.1" 404 1104
114.83.217.213 - - [17/May/2024:10:44:27 +0800] "POST /xingrg/kc/base/wldb_order_operate.html HTTP/1.1" 200 3205
114.83.217.213 - - [17/May/2024:10:44:29 +0800] "GET /xingrg/kc/base/wldb_order_add.html HTTP/1.1" 200 30668
114.83.217.213 - - [17/May/2024:10:44:29 +0800] "GET /xingrg/javascript/easyui/themes/default/validatebox.css HTTP/1.1" 404 1104
114.83.217.213 - - [17/May/2024:10:44:29 +0800] "POST /xingrg/kc/base/wldb_order_operate.html HTTP/1.1" 200 6806
114.83.217.213 - - [17/May/2024:10:44:31 +0800] "GET /xingrg/check_reg.html?_=1715913867777 HTTP/1.1" 200 22
114.83.217.213 - - [17/May/2024:10:44:31 +0800] "GET /xingrg/all/function/internal_message.html?_=1715913867799&CODE_STATE=getMsg HTTP/1.1" 200 27
124.78.152.42 - - [17/May/2024:10:44:33 +0800] "POST /xingrg/kc/buy/cgsh_order_operate.html HTTP/1.1" 200 2065
120.253.135.82 - - [17/May/2024:10:44:33 +0800] "GET /xingrg/all/function/internal_message.html?_=1715913724380&CODE_STATE=getMsg HTTP/1.1" 200 27
180.169.147.146 - - [17/May/2024:10:44:38 +0800] "GET /xingrg/all/function/internal_message.html?_=1715913878340&CODE_STATE=getMsg HTTP/1.1" 200 27
101.83.144.49 - - [17/May/2024:10:44:38 +0800] "GET /xingrg/all/function/internal_message.html?_=1715913625083&CODE_STATE=getMsg HTTP/1.1" 200 27
114.83.217.213 - - [17/May/2024:10:44:38 +0800] "GET /xingrg/kc/base/wldb_order_operate.html?command=get_materiel&rest_code=00149&base_code=0010395&code=00102004026 HTTP/1.1" 200 444
116.235.244.24 - - [17/May/2024:10:44:42 +0800] "GET /xingrg/all/function/internal_message.html?_=1715913900377&CODE_STATE=getMsg HTTP/1.1" 200 27
114.83.217.213 - - [17/May/2024:10:44:42 +0800] "GET /xingrg/kc/base/wldb_order_operate.html?command=get_materiel&rest_code=00149&base_code=0010395&code=00102002238 HTTP/1.1" 200 433
222.67.233.39 - - [17/May/2024:10:44:43 +0800] "GET /xingrg/all/function/internal_message.html?_=1715913883979&CODE_STATE=getMsg HTTP/1.1" 200 27
124.78.152.42 - - [17/May/2024:10:44:46 +0800] "POST /xingrg/kc/buy/cgsh_order_operate.html HTTP/1.1" 200 37
114.83.217.213 - - [17/May/2024:10:44:47 +0800] "GET /xingrg/kc/base/wldb_order_operate.html?command=get_materiel&rest_code=00149&base_code=0010395&code=00102034154 HTTP/1.1" 200 439
124.78.152.42 - - [17/May/2024:10:44:47 +0800] "GET /xingrg/kc/buy/cgsh_order_operate.html?command=get_materiel&rest_code=00106&code=00101008358&supplier_code=00100008&order_time=2024-05-17 HTTP/1.1" 200 412
180.156.239.18 - - [17/May/2024:10:44:49 +0800] "GET /xingrg/check_reg.html?_=1715913889686 HTTP/1.1" 200 22
180.156.239.18 - - [17/May/2024:10:44:49 +0800] "GET /xingrg/all/function/internal_message.html?_=1715913889689&CODE_STATE=getMsg HTTP/1.1" 200 27
124.78.152.42 - - [17/May/2024:10:44:52 +0800] "POST /xingrg/kc/buy/cgsh_order_operate.html HTTP/1.1" 200 12
124.78.152.42 - - [17/May/2024:10:44:54 +0800] "GET /xingrg/kc/buy/cgsh_order_info.html?code=212024051704727 HTTP/1.1" 200 69460
124.78.152.42 - - [17/May/2024:10:44:55 +0800] "GET /xingrg/javascript/easyui/themes/default/validatebox.css HTTP/1.1" 404 1104
124.78.152.42 - - [17/May/2024:10:44:56 +0800] "POST /xingrg/kc/buy/cgsh_order_operate.html HTTP/1.1" 200 1797
180.169.147.146 - - [17/May/2024:10:44:57 +0800] "GET /xingrg/check_reg.html?_=1715913898363 HTTP/1.1" 200 22
114.83.217.213 - - [17/May/2024:10:44:58 +0800] "POST /xingrg/kc/base/wldb_order_operate.html HTTP/1.1" 200 37
116.232.195.13 - - [17/May/2024:10:44:58 +0800] "GET /xingrg/all/function/internal_message.html?_=1715913862783&CODE_STATE=getMsg HTTP/1.1" 200 27
124.78.152.42 - - [17/May/2024:10:44:59 +0800] "GET /xingrg/kc/print/load_data.html?order_code=212024051704727&kc_code=cgsh&condition= HTTP/1.1" 200 1162
114.83.217.213 - - [17/May/2024:10:44:59 +0800] "POST /xingrg/kc/base/wldb_order_operate.html HTTP/1.1" 200 3155
114.83.217.213 - - [17/May/2024:10:44:59 +0800] "GET /xingrg/kc/base/wldb_order_info.html?code=422024051701131 HTTP/1.1" 200 30681
222.70.183.82 - - [17/May/2024:10:45:00 +0800] "GET /xingrg/kc/buy/cgsh_order_operate.html?command=get_materiel&rest_code=00111&code=00101008150&supplier_code=00100008&order_time=2024-05-17 HTTP/1.1" 200 409
114.83.217.213 - - [17/May/2024:10:45:00 +0800] "GET /xingrg/javascript/easyui/themes/default/validatebox.css HTTP/1.1" 404 1104
114.83.217.213 - - [17/May/2024:10:45:01 +0800] "POST /xingrg/kc/base/wldb_order_operate.html HTTP/1.1" 200 3155
124.78.152.42 - - [17/May/2024:10:45:05 +0800] "GET /xingrg/check_reg.html?_=1715913906785 HTTP/1.1" 200 22
124.78.152.42 - - [17/May/2024:10:45:05 +0800] "GET /xingrg/all/function/internal_message.html?_=1715913906959&CODE_STATE=getMsg HTTP/1.1" 200 27
124.78.152.42 - - [17/May/2024:10:45:06 +0800] "GET /xingrg/kc/buy/cgsh_order_add.html HTTP/1.1" 200 74587
124.78.152.42 - - [17/May/2024:10:45:07 +0800] "POST /xingrg/kc/buy/cgsh_order_operate.html HTTP/1.1" 200 8245
124.78.152.42 - - [17/May/2024:10:45:07 +0800] "GET /xingrg/javascript/easyui/themes/default/validatebox.css HTTP/1.1" 404 1104
124.78.152.42 - - [17/May/2024:10:45:09 +0800] "GET /xingrg/javascript/easyui/themes/default/tree.css HTTP/1.1" 404 1090
124.78.152.42 - - [17/May/2024:10:45:09 +0800] "POST /xingrg/all/common/load_tree.html?tree=supplier_tree_json&isDelete=1 HTTP/1.1" 200 80088
124.79.240.51 - - [17/May/2024:10:45:11 +0800] "GET /xingrg/all/function/internal_message.html?_=1715913952497&CODE_STATE=getMsg HTTP/1.1" 200 27
124.79.240.51 - - [17/May/2024:10:45:11 +0800] "GET /xingrg/check_reg.html?_=1715913952499 HTTP/1.1" 200 22
101.83.144.49 - - [17/May/2024:10:45:11 +0800] "GET /xingrg/kc/buy/cgsh_order_operate.html?command=get_materiel&rest_code=00105&code=00101003040&supplier_code=00100671&order_time=2024-05-17 HTTP/1.1" 200 436
222.70.183.82 - - [17/May/2024:10:45:11 +0800] "GET /xingrg/kc/buy/cgsh_order_operate.html?command=get_materiel&rest_code=00111&code=00101008168&supplier_code=00100008&order_time=2024-05-17 HTTP/1.1" 200 412
124.78.152.42 - - [17/May/2024:10:45:16 +0800] "GET /xingrg/kc/buy/cgsh_order_operate.html?command=get_materiel&rest_code=00106&code=00101008355&supplier_code=00100008&order_time=2024-05-17 HTTP/1.1" 200 408
221.239.170.140 - - [17/May/2024:10:45:17 +0800] "GET /xingrg/all/function/internal_message.html?_=1715913914950&CODE_STATE=getMsg HTTP/1.1" 200 27
222.70.183.82 - - [17/May/2024:10:45:22 +0800] "GET /xingrg/all/function/internal_message.html?_=1715913920057&CODE_STATE=getMsg HTTP/1.1" 200 27
180.156.239.18 - - [17/May/2024:10:45:23 +0800] "GET /xingrg/all/function/internal_message.html?_=1715913922155&CODE_STATE=getMsg HTTP/1.1" 200 27
124.78.152.42 - - [17/May/2024:10:45:25 +0800] "GET /xingrg/all/function/internal_message.html?_=1715913916987&CODE_STATE=getMsg HTTP/1.1" 200 27
180.164.6.225 - - [17/May/2024:10:45:25 +0800] "GET /xingrg/all/function/internal_message.html?_=1715913924497&CODE_STATE=getMsg HTTP/1.1" 200 27
114.83.217.213 - - [17/May/2024:10:45:31 +0800] "GET /xingrg/all/function/internal_message.html?_=1715913927793&CODE_STATE=getMsg HTTP/1.1" 200 27
124.78.152.42 - - [17/May/2024:10:45:32 +0800] "GET /xingrg/kc/buy/cgsh_order_operate.html?command=get_materiel&rest_code=00106&code=00101008300&supplier_code=00100008&order_time=2024-05-17 HTTP/1.1" 200 412
120.253.135.82 - - [17/May/2024:10:45:33 +0800] "GET /xingrg/check_reg.html?_=1715913784224 HTTP/1.1" 200 22
120.253.135.82 - - [17/May/2024:10:45:33 +0800] "GET /xingrg/all/function/internal_message.html?_=1715913784394&CODE_STATE=getMsg HTTP/1.1" 200 27
180.169.147.146 - - [17/May/2024:10:45:38 +0800] "GET /xingrg/all/function/internal_message.html?_=1715913938341&CODE_STATE=getMsg HTTP/1.1" 200 27
101.83.144.49 - - [17/May/2024:10:45:38 +0800] "GET /xingrg/all/function/internal_message.html?_=1715913685084&CODE_STATE=getMsg HTTP/1.1" 200 27
116.235.244.24 - - [17/May/2024:10:45:42 +0800] "GET /xingrg/all/function/internal_message.html?_=1715913960391&CODE_STATE=getMsg HTTP/1.1" 200 27
222.67.233.39 - - [17/May/2024:10:45:43 +0800] "GET /xingrg/all/function/internal_message.html?_=1715913943977&CODE_STATE=getMsg HTTP/1.1" 200 27
222.67.233.39 - - [17/May/2024:10:45:43 +0800] "GET /xingrg/check_reg.html?_=1715913943982 HTTP/1.1" 200 22
101.83.144.49 - - [17/May/2024:10:45:44 +0800] "POST /xingrg/kc/buy/cgsh_order_operate.html HTTP/1.1" 200 37
124.78.152.42 - - [17/May/2024:10:45:45 +0800] "GET /xingrg/kc/buy/cgsh_order_operate.html?command=get_materiel&rest_code=00106&code=00101004051&supplier_code=00100312&order_time=2024-05-17 HTTP/1.1" 200 408
101.83.144.49 - - [17/May/2024:10:45:47 +0800] "POST /xingrg/kc/buy/cgsh_order_operate.html HTTP/1.1" 200 2664
180.156.239.18 - - [17/May/2024:10:45:49 +0800] "GET /xingrg/all/function/internal_message.html?_=1715913949673&CODE_STATE=getMsg HTTP/1.1" 200 27
101.83.144.49 - - [17/May/2024:10:45:51 +0800] "GET /xingrg/kc/print/load_data.html?order_code=212024051704728&kc_code=cgsh&condition= HTTP/1.1" 200 679
116.232.195.13 - - [17/May/2024:10:45:58 +0800] "GET /xingrg/all/function/internal_message.html?_=1715913922802&CODE_STATE=getMsg HTTP/1.1" 200 27
116.232.195.13 - - [17/May/2024:10:45:58 +0800] "GET /xingrg/check_reg.html?_=1715913922807 HTTP/1.1" 200 22
124.78.152.42 - - [17/May/2024:10:46:05 +0800] "GET /xingrg/all/function/internal_message.html?_=1715913966933&CODE_STATE=getMsg HTTP/1.1" 200 27
222.70.183.82 - - [17/May/2024:10:46:05 +0800] "POST /xingrg/kc/buy/cgsh_order_operate.html HTTP/1.1" 200 2065
124.79.240.51 - - [17/May/2024:10:46:11 +0800] "GET /xingrg/all/function/internal_message.html?_=1715914012496&CODE_STATE=getMsg HTTP/1.1" 200 27
124.78.152.42 - - [17/May/2024:10:46:12 +0800] "GET /xingrg/kc/buy/cgsh_order_operate.html?command=get_materiel&rest_code=00106&code=00101008169&supplier_code=00100008&order_time=2024-05-17 HTTP/1.1" 200 412
114.83.217.213 - - [17/May/2024:10:46:13 +0800] "GET /xingrg/kc/base/wldb_order_add.html HTTP/1.1" 200 30668
114.83.217.213 - - [17/May/2024:10:46:14 +0800] "GET /xingrg/words/20240517094214_words.js HTTP/1.1" 304 -
114.83.217.213 - - [17/May/2024:10:46:14 +0800] "GET /xingrg/javascript/easyui/themes/default/validatebox.css HTTP/1.1" 404 1104
114.83.217.213 - - [17/May/2024:10:46:14 +0800] "POST /xingrg/kc/base/wldb_order_operate.html HTTP/1.1" 200 6806
221.239.170.140 - - [17/May/2024:10:46:17 +0800] "GET /xingrg/check_reg.html?_=1715913974971 HTTP/1.1" 200 22
221.239.170.140 - - [17/May/2024:10:46:17 +0800] "GET /xingrg/all/function/internal_message.html?_=1715913974947&CODE_STATE=getMsg HTTP/1.1" 200 27
124.78.152.42 - - [17/May/2024:10:46:20 +0800] "GET /xingrg/kc/buy/cgsh_order_operate.html?command=get_materiel&rest_code=00106&code=00101004067&supplier_code=00100312&order_time=2024-05-17 HTTP/1.1" 200 413
222.70.183.82 - - [17/May/2024:10:46:22 +0800] "GET /xingrg/all/function/internal_message.html?_=1715913980065&CODE_STATE=getMsg HTTP/1.1" 200 27
