124.78.152.42 - - [17/May/2024:10:50:28 +0800] "GET /xingrg/kc/buy/cgsh_order_operate.html?command=get_materiel&rest_code=00106&code=00101008286&supplier_code=00100008&order_time=2024-05-17 HTTP/1.1" 200 408
124.78.152.42 - - [17/May/2024:10:50:30 +0800] "GET /xingrg/javascript/auto/indicator.gif HTTP/1.1" 404 1066
222.70.183.82 - - [17/May/2024:10:50:32 +0800] "GET /xingrg/kc/buy/cgsh_order_operate.html?command=get_materiel&rest_code=00111&code=00101008257&supplier_code=00100008&order_time=2024-05-17 HTTP/1.1" 200 416
120.253.135.82 - - [17/May/2024:10:50:33 +0800] "GET /xingrg/check_reg.html?_=1715914084234 HTTP/1.1" 302 -
120.253.135.82 - - [17/May/2024:10:50:33 +0800] "GET /xingrg/all/function/internal_message.html?_=1715914084463&CODE_STATE=getMsg HTTP/1.1" 302 -
222.70.183.82 - - [17/May/2024:10:50:35 +0800] "POST /xingrg/kc/buy/cgsh_order_operate.html HTTP/1.1" 200 2065
124.78.152.42 - - [17/May/2024:10:50:36 +0800] "GET /xingrg/kc/buy/cgsh_order_operate.html?command=get_materiel&rest_code=00106&code=00101004034&supplier_code=00100085&order_time=2024-05-17 HTTP/1.1" 200 418
114.83.217.213 - - [17/May/2024:10:50:38 +0800] "POST /xingrg/kc/base/wldb_order_operate.html HTTP/1.1" 200 37
114.83.217.213 - - [17/May/2024:10:50:39 +0800] "POST /xingrg/kc/base/wldb_order_operate.html HTTP/1.1" 200 2676
180.169.147.146 - - [17/May/2024:10:50:40 +0800] "GET /xingrg/index.html?sysBaseUrl=http%3A%2F%2F180.169.147.146%3A18081%2Fxingrg%2F&costTime=39×tamp=1592034574635 HTTP/1.1" 302 -
180.169.147.146 - - [17/May/2024:10:50:40 +0800] "GET /xingrg/login.html HTTP/1.1" 200 7641
114.83.217.213 - - [17/May/2024:10:50:41 +0800] "GET /xingrg/kc/base/wldb_order_info.html?code=422024051701134 HTTP/1.1" 200 30682
180.169.147.146 - - [17/May/2024:10:50:41 +0800] "GET /favicon.ico HTTP/1.1" 404 -
124.78.152.42 - - [17/May/2024:10:50:41 +0800] "GET /xingrg/kc/buy/cgsh_order_operate.html?command=get_materiel&rest_code=00106&code=00101008224&supplier_code=00100008&order_time=2024-05-17 HTTP/1.1" 200 416
116.238.97.31 - - [17/May/2024:10:50:41 +0800] "GET /xingrg/kc/buy/cgsh_order_operate.html?command=get_materiel&rest_code=00102&code=00101007024&supplier_code=00100151&order_time=2024-05-17 HTTP/1.1" 302 -
114.83.217.213 - - [17/May/2024:10:50:41 +0800] "GET /xingrg/javascript/easyui/themes/default/validatebox.css HTTP/1.1" 404 1104
114.83.217.213 - - [17/May/2024:10:50:42 +0800] "POST /xingrg/kc/base/wldb_order_operate.html HTTP/1.1" 200 2676
180.169.147.146 - - [17/May/2024:10:50:42 +0800] "POST /xingrg/login.do HTTP/1.1" 302 -
180.169.147.146 - - [17/May/2024:10:50:42 +0800] "GET /xingrg/index.html?sysBaseUrl=http%3A%2F%2F180.169.147.146%3A18081%2Fxingrg%2F&costTime=30×tamp=1715914242530 HTTP/1.1" 200 17503
180.169.147.146 - - [17/May/2024:10:50:42 +0800] "GET /favicon.ico HTTP/1.1" 404 -
116.235.244.24 - - [17/May/2024:10:50:42 +0800] "GET /xingrg/all/function/internal_message.html?_=1715914260619&CODE_STATE=getMsg HTTP/1.1" 302 -
180.169.147.146 - - [17/May/2024:10:50:42 +0800] "POST /xingrg/all/common/load_tree.html?tree=area_rest_tree_json&manage=1 HTTP/1.1" 200 4010
180.169.147.146 - - [17/May/2024:10:50:42 +0800] "GET /xingrg/check_reg.html?_=1715914242785 HTTP/1.1" 200 22
180.169.147.146 - - [17/May/2024:10:50:42 +0800] "GET /xingrg/all/function/internal_message.html?_=1715914242785&CODE_STATE=count HTTP/1.1" 200 11
180.169.147.146 - - [17/May/2024:10:50:42 +0800] "POST /xingrg/load_menu.html HTTP/1.1" 200 11564
114.83.217.213 - - [17/May/2024:10:50:43 +0800] "GET /xingrg/kc/base/wldb_order_add.html HTTP/1.1" 200 30668
222.67.233.39 - - [17/May/2024:10:50:43 +0800] "GET /xingrg/all/function/internal_message.html?_=1715914243984&CODE_STATE=getMsg HTTP/1.1" 302 -
222.67.233.39 - - [17/May/2024:10:50:43 +0800] "GET /xingrg/check_reg.html?_=1715914243995 HTTP/1.1" 302 -
114.83.217.213 - - [17/May/2024:10:50:44 +0800] "POST /xingrg/kc/base/wldb_order_operate.html HTTP/1.1" 200 6806
114.83.217.213 - - [17/May/2024:10:50:44 +0800] "GET /xingrg/javascript/easyui/themes/default/validatebox.css HTTP/1.1" 404 1104
116.232.195.13 - - [17/May/2024:10:50:45 +0800] "GET /xingrg/all/function/internal_message.html?_=1715914209631&CODE_STATE=getMsg HTTP/1.1" 200 27
180.164.6.225 - - [17/May/2024:10:50:46 +0800] "POST /xingrg/services/DataTransmitService HTTP/1.1" 200 524
116.238.97.31 - - [17/May/2024:10:50:46 +0800] "GET /xingrg/javascript/jquery_easy_ui/themes/icons/rest.png HTTP/1.1" 200 695
116.238.97.31 - - [17/May/2024:10:50:46 +0800] "GET /xingrg/javascript/jquery_easy_ui/themes/icons/area.png HTTP/1.1" 200 262
116.238.97.31 - - [17/May/2024:10:50:48 +0800] "POST /xingrg/kc/buy/cgsh_order_operate.html HTTP/1.1" 302 -
114.83.217.213 - - [17/May/2024:10:50:48 +0800] "GET /xingrg/kc/base/wldb_order_operate.html?command=get_materiel&rest_code=00149&base_code=0010394&code=00101019295 HTTP/1.1" 200 476
180.156.239.18 - - [17/May/2024:10:50:49 +0800] "GET /xingrg/all/function/internal_message.html?_=1715914249681&CODE_STATE=getMsg HTTP/1.1" 302 -
180.169.147.146 - - [17/May/2024:10:50:50 +0800] "POST /xingrg/all/user/operate.html HTTP/1.1" 200 36
180.169.147.146 - - [17/May/2024:10:50:50 +0800] "GET /xingrg/index.html?sysBaseUrl=http%3A%2F%2F180.169.147.146%3A18081%2Fxingrg%2F&costTime=30×tamp=1715914242530 HTTP/1.1" 200 17503
180.169.147.146 - - [17/May/2024:10:50:50 +0800] "GET /xingrg/javascript/jquery_easy_ui/themes/default/easyui.css HTTP/1.1" 304 -
180.169.147.146 - - [17/May/2024:10:50:50 +0800] "GET /xingrg/javascript/jquery_easy_ui/themes/icon.css HTTP/1.1" 304 -
180.169.147.146 - - [17/May/2024:10:50:50 +0800] "GET /xingrg/css/form.css HTTP/1.1" 304 -
180.169.147.146 - - [17/May/2024:10:50:50 +0800] "GET /xingrg/javascript/jquery-1.4.2.min.js HTTP/1.1" 304 -
180.169.147.146 - - [17/May/2024:10:50:50 +0800] "GET /xingrg/javascript/jquery_easy_ui/jquery.easyui.min.js HTTP/1.1" 304 -
180.169.147.146 - - [17/May/2024:10:50:50 +0800] "GET /xingrg/javascript/jquery_easy_ui/easyui-lang-zh_CN.js HTTP/1.1" 304 -
180.169.147.146 - - [17/May/2024:10:50:50 +0800] "GET /xingrg/javascript/jquery.form.js HTTP/1.1" 304 -
180.169.147.146 - - [17/May/2024:10:50:50 +0800] "GET /xingrg/javascript/jquery.utils.js HTTP/1.1" 304 -
180.169.147.146 - - [17/May/2024:10:50:50 +0800] "GET /xingrg/javascript/jquery.timers.js HTTP/1.1" 304 -
180.169.147.146 - - [17/May/2024:10:50:50 +0800] "GET /xingrg/images/blue/jxLogo.png HTTP/1.1" 304 -
180.169.147.146 - - [17/May/2024:10:50:50 +0800] "GET /xingrg/images/blue/navBackgound.jpg HTTP/1.1" 304 -
180.169.147.146 - - [17/May/2024:10:50:50 +0800] "GET /xingrg/javascript/jquery_easy_ui/themes/icons/settle_new.png HTTP/1.1" 304 -
180.169.147.146 - - [17/May/2024:10:50:50 +0800] "POST /xingrg/all/common/load_tree.html?tree=area_rest_tree_json&manage=1 HTTP/1.1" 200 4010
180.169.147.146 - - [17/May/2024:10:50:50 +0800] "GET /xingrg/all/function/internal_message.html?_=1715914250795&CODE_STATE=count HTTP/1.1" 200 11
180.169.147.146 - - [17/May/2024:10:50:50 +0800] "GET /xingrg/check_reg.html?_=1715914250796 HTTP/1.1" 200 22
180.169.147.146 - - [17/May/2024:10:50:50 +0800] "GET /xingrg/javascript/jquery_easy_ui/themes/default/images/tabs_rightarrow.png HTTP/1.1" 304 -
180.169.147.146 - - [17/May/2024:10:50:50 +0800] "GET /xingrg/javascript/jquery_easy_ui/themes/default/images/panel_tool_expand.gif HTTP/1.1" 304 -
180.169.147.146 - - [17/May/2024:10:50:50 +0800] "GET /xingrg/javascript/jquery_easy_ui/themes/default/images/panel_tool_collapse.gif HTTP/1.1" 304 -
180.169.147.146 - - [17/May/2024:10:50:50 +0800] "GET /xingrg/javascript/jquery_easy_ui/themes/default/images/tabs_leftarrow.png HTTP/1.1" 304 -
180.169.147.146 - - [17/May/2024:10:50:50 +0800] "GET /xingrg/images/blue/pingpu.png HTTP/1.1" 304 -
180.169.147.146 - - [17/May/2024:10:50:50 +0800] "POST /xingrg/load_menu.html HTTP/1.1" 200 9959
180.169.147.146 - - [17/May/2024:10:50:52 +0800] "GET /xingrg/kc/buy/cgsh_order_list.html HTTP/1.1" 200 59035
222.70.183.82 - - [17/May/2024:10:50:54 +0800] "GET /xingrg/kc/buy/cgsh_order_operate.html?command=get_materiel&rest_code=00111&code=00101008244&supplier_code=00100008&order_time=2024-05-17 HTTP/1.1" 200 408
116.238.97.31 - - [17/May/2024:10:50:55 +0800] "POST /xingrg/kc/buy/cgsh_order_operate.html HTTP/1.1" 302 -
114.83.217.213 - - [17/May/2024:10:50:56 +0800] "POST /xingrg/kc/base/wldb_order_operate.html HTTP/1.1" 200 37
114.83.217.213 - - [17/May/2024:10:50:57 +0800] "POST /xingrg/kc/base/wldb_order_operate.html HTTP/1.1" 200 2216
124.78.152.42 - - [17/May/2024:10:50:58 +0800] "POST /xingrg/kc/buy/cgsh_order_operate.html HTTP/1.1" 200 37
124.78.152.42 - - [17/May/2024:10:51:00 +0800] "POST /xingrg/kc/buy/cgsh_order_operate.html HTTP/1.1" 200 2667
124.78.152.42 - - [17/May/2024:10:51:00 +0800] "GET /xingrg/kc/buy/cgsh_order_operate.html?command=get_materiel&rest_code=00106&code=00101008108&supplier_code=00100008&order_time=2024-05-17 HTTP/1.1" 200 412
116.238.97.31 - - [17/May/2024:10:51:03 +0800] "POST /xingrg/kc/buy/cgsh_order_operate.html HTTP/1.1" 302 -
124.78.152.42 - - [17/May/2024:10:51:03 +0800] "GET /xingrg/all/function/internal_message.html?_=1715914255180&CODE_STATE=getMsg HTTP/1.1" 200 27
101.83.144.49 - - [17/May/2024:10:51:04 +0800] "POST /xingrg/kc/buy/cgsh_list_operate.html HTTP/1.1" 200 4056
114.83.217.213 - - [17/May/2024:10:51:05 +0800] "GET /xingrg/kc/base/wldb_order_info.html?code=422024051701135 HTTP/1.1" 200 30681
114.83.217.213 - - [17/May/2024:10:51:06 +0800] "GET /xingrg/javascript/easyui/themes/default/validatebox.css HTTP/1.1" 404 1104
124.78.152.42 - - [17/May/2024:10:51:06 +0800] "POST /xingrg/kc/buy/cgsh_order_operate.html HTTP/1.1" 200 37
114.83.217.213 - - [17/May/2024:10:51:06 +0800] "POST /xingrg/kc/base/wldb_order_operate.html HTTP/1.1" 200 2216
101.83.144.49 - - [17/May/2024:10:51:08 +0800] "GET /xingrg/all/function/internal_message.html?_=1715914014491&CODE_STATE=getMsg HTTP/1.1" 200 27
124.78.152.42 - - [17/May/2024:10:51:09 +0800] "GET /xingrg/all/function/internal_message.html?_=1715914270434&CODE_STATE=getMsg HTTP/1.1" 200 27
222.70.183.82 - - [17/May/2024:10:51:10 +0800] "GET /xingrg/all/function/internal_message.html?_=1715914268512&CODE_STATE=getMsg HTTP/1.1" 200 27
124.78.152.42 - - [17/May/2024:10:51:10 +0800] "GET /xingrg/kc/buy/cgsh_order_operate.html?command=get_materiel&rest_code=00106&code=00101008042&supplier_code=00100008&order_time=2024-05-17 HTTP/1.1" 200 416
222.70.183.82 - - [17/May/2024:10:51:10 +0800] "GET /xingrg/kc/buy/cgsh_order_operate.html?command=get_materiel&rest_code=00111&code=00101008370&supplier_code=00100008&order_time=2024-05-17 HTTP/1.1" 200 412
124.79.240.51 - - [17/May/2024:10:51:11 +0800] "GET /xingrg/all/function/internal_message.html?_=1715914312486&CODE_STATE=getMsg HTTP/1.1" 302 -
114.83.217.213 - - [17/May/2024:10:51:11 +0800] "GET /xingrg/all/function/internal_message.html?_=1715914267830&CODE_STATE=getMsg HTTP/1.1" 200 27
124.78.152.42 - - [17/May/2024:10:51:11 +0800] "POST /xingrg/kc/buy/cgsh_order_operate.html HTTP/1.1" 200 12
124.78.152.42 - - [17/May/2024:10:51:12 +0800] "GET /xingrg/kc/buy/cgsh_order_info.html?code=212024051704731 HTTP/1.1" 200 69460
124.78.152.42 - - [17/May/2024:10:51:13 +0800] "GET /xingrg/javascript/easyui/themes/default/validatebox.css HTTP/1.1" 404 1104
124.78.152.42 - - [17/May/2024:10:51:14 +0800] "POST /xingrg/kc/buy/cgsh_order_operate.html HTTP/1.1" 200 617
124.78.152.42 - - [17/May/2024:10:51:15 +0800] "POST /xingrg/kc/buy/cgsh_order_operate.html HTTP/1.1" 200 2065
124.78.152.42 - - [17/May/2024:10:51:16 +0800] "GET /xingrg/kc/print/load_config.html?kc_code=cgsh HTTP/1.1" 200 1927
124.78.152.42 - - [17/May/2024:10:51:16 +0800] "GET /xingrg/kc/print/load_data.html?order_code=212024051704731&kc_code=cgsh&condition= HTTP/1.1" 200 767
221.239.170.140 - - [17/May/2024:10:51:17 +0800] "GET /xingrg/all/function/internal_message.html?_=1715914274941&CODE_STATE=getMsg HTTP/1.1" 302 -
221.239.170.140 - - [17/May/2024:10:51:17 +0800] "GET /xingrg/check_reg.html?_=1715914274943 HTTP/1.1" 302 -
114.83.217.213 - - [17/May/2024:10:51:21 +0800] "POST /xingrg/kc/base/wldb_list_operate.html HTTP/1.1" 200 4993
222.70.183.82 - - [17/May/2024:10:51:22 +0800] "GET /xingrg/all/function/internal_message.html?_=1715914280059&CODE_STATE=getMsg HTTP/1.1" 200 27
222.70.183.82 - - [17/May/2024:10:51:22 +0800] "GET /xingrg/check_reg.html?_=1715914280062 HTTP/1.1" 200 22
124.78.152.42 - - [17/May/2024:10:51:23 +0800] "GET /xingrg/kc/buy/cgsh_order_operate.html?command=get_materiel&rest_code=00106&code=00101008358&supplier_code=00100008&order_time=2024-05-17 HTTP/1.1" 200 412
180.156.239.18 - - [17/May/2024:10:51:23 +0800] "GET /xingrg/all/function/internal_message.html?_=1715914282169&CODE_STATE=getMsg HTTP/1.1" 302 -
180.164.6.225 - - [17/May/2024:10:51:25 +0800] "GET /xingrg/all/function/internal_message.html?_=1715914284498&CODE_STATE=getMsg HTTP/1.1" 302 -
180.169.147.146 - - [17/May/2024:10:51:33 +0800] "POST /xingrg/kc/buy/cgsh_list_operate.html HTTP/1.1" 200 4056
222.70.183.82 - - [17/May/2024:10:51:33 +0800] "GET /xingrg/kc/buy/cgsh_order_operate.html?command=get_materiel&rest_code=00111&code=00101008355&supplier_code=00100008&order_time=2024-05-17 HTTP/1.1" 200 408
120.253.135.82 - - [17/May/2024:10:51:33 +0800] "GET /xingrg/all/function/internal_message.html?_=1715914144481&CODE_STATE=getMsg HTTP/1.1" 302 -
124.78.152.42 - - [17/May/2024:10:51:37 +0800] "POST /xingrg/kc/buy/cgsh_order_operate.html HTTP/1.1" 200 37
124.78.152.42 - - [17/May/2024:10:51:40 +0800] "POST /xingrg/kc/buy/cgsh_order_operate.html HTTP/1.1" 200 28089
116.235.244.24 - - [17/May/2024:10:51:42 +0800] "GET /xingrg/all/function/internal_message.html?_=1715914320628&CODE_STATE=getMsg HTTP/1.1" 302 -
222.67.233.39 - - [17/May/2024:10:51:43 +0800] "GET /xingrg/all/function/internal_message.html?_=1715914303981&CODE_STATE=getMsg HTTP/1.1" 302 -
222.70.183.82 - - [17/May/2024:10:51:45 +0800] "GET /xingrg/kc/buy/cgsh_order_operate.html?command=get_materiel&rest_code=00111&code=00101008213&supplier_code=00100008&order_time=2024-05-17 HTTP/1.1" 200 412
116.232.195.13 - - [17/May/2024:10:51:45 +0800] "GET /xingrg/all/function/internal_message.html?_=1715914269642&CODE_STATE=getMsg HTTP/1.1" 200 27
222.70.183.82 - - [17/May/2024:10:51:47 +0800] "POST /xingrg/kc/buy/cgsh_order_operate.html HTTP/1.1" 200 2065
101.83.144.49 - - [17/May/2024:10:51:48 +0800] "POST /xingrg/kc/buy/cgsh_list_operate.html HTTP/1.1" 200 3566
180.156.239.18 - - [17/May/2024:10:51:49 +0800] "GET /xingrg/all/function/internal_message.html?_=1715914309684&CODE_STATE=getMsg HTTP/1.1" 302 -
180.169.147.146 - - [17/May/2024:10:51:50 +0800] "GET /xingrg/all/function/internal_message.html?_=1715914310795&CODE_STATE=getMsg HTTP/1.1" 200 27
116.232.195.13 - - [17/May/2024:10:51:50 +0800] "GET /xingrg/kc/buy/buy_main.html HTTP/1.1" 200 12412
116.232.195.13 - - [17/May/2024:10:51:50 +0800] "GET /xingrg/css/new_ie.css HTTP/1.1" 404 1036
116.232.195.13 - - [17/May/2024:10:51:51 +0800] "GET /xingrg/images/yd/bt.gif HTTP/1.1" 404 1040
116.232.195.13 - - [17/May/2024:10:51:52 +0800] "GET /xingrg/kc/buy/cgsh_order_list.html HTTP/1.1" 200 58786
116.238.97.31 - - [17/May/2024:10:51:53 +0800] "GET /xingrg/login.html HTTP/1.1" 200 7641
116.238.97.31 - - [17/May/2024:10:51:53 +0800] "GET /favicon.ico HTTP/1.1" 404 -
116.232.195.13 - - [17/May/2024:10:51:53 +0800] "POST /xingrg/kc/buy/cgsh_list_operate.html HTTP/1.1" 200 645
116.238.97.31 - - [17/May/2024:10:51:54 +0800] "POST /xingrg/login.do HTTP/1.1" 302 -
116.238.97.31 - - [17/May/2024:10:51:54 +0800] "GET /xingrg/index.html?sysBaseUrl=http%3A%2F%2F180.169.147.146%3A18081%2Fxingrg%2F&costTime=29×tamp=1715914314471 HTTP/1.1" 200 17173
116.238.97.31 - - [17/May/2024:10:51:54 +0800] "GET /favicon.ico HTTP/1.1" 404 -
116.238.97.31 - - [17/May/2024:10:51:54 +0800] "POST /xingrg/all/common/load_tree.html?tree=area_rest_tree_json&manage=1 HTTP/1.1" 200 342
116.238.97.31 - - [17/May/2024:10:51:54 +0800] "GET /xingrg/check_reg.html?_=1715914316574 HTTP/1.1" 200 22
116.238.97.31 - - [17/May/2024:10:51:54 +0800] "GET /xingrg/all/function/internal_message.html?_=1715914316573&CODE_STATE=count HTTP/1.1" 200 11
116.238.97.31 - - [17/May/2024:10:51:54 +0800] "POST /xingrg/load_menu.html HTTP/1.1" 200 5138
116.238.97.31 - - [17/May/2024:10:51:57 +0800] "GET /xingrg/kc/buy/cgsh_order_list.html HTTP/1.1" 200 58780
101.83.144.49 - - [17/May/2024:10:51:58 +0800] "GET /xingrg/kc/buy/cgsh_order_add.html HTTP/1.1" 200 74675
101.83.144.49 - - [17/May/2024:10:51:59 +0800] "POST /xingrg/kc/buy/cgsh_order_operate.html HTTP/1.1" 200 8245
101.83.144.49 - - [17/May/2024:10:51:59 +0800] "GET /xingrg/javascript/easyui/themes/default/validatebox.css HTTP/1.1" 404 1104
116.238.97.31 - - [17/May/2024:10:52:01 +0800] "POST /xingrg/kc/buy/cgsh_list_operate.html HTTP/1.1" 200 1361
116.238.97.31 - - [17/May/2024:10:52:03 +0800] "GET /xingrg/kc/buy/cgsh_order_add.html HTTP/1.1" 200 74628
124.78.152.42 - - [17/May/2024:10:52:03 +0800] "GET /xingrg/all/function/internal_message.html?_=1715914315171&CODE_STATE=getMsg HTTP/1.1" 200 27
116.238.97.31 - - [17/May/2024:10:52:03 +0800] "GET /xingrg/words/20240517094214_words.js HTTP/1.1" 304 -
116.238.97.31 - - [17/May/2024:10:52:03 +0800] "POST /xingrg/kc/buy/cgsh_order_operate.html HTTP/1.1" 200 8245
116.238.97.31 - - [17/May/2024:10:52:03 +0800] "GET /xingrg/all/common/auto_word.html?type=employee&rest_code=00102 HTTP/1.1" 200 189
116.238.97.31 - - [17/May/2024:10:52:03 +0800] "GET /xingrg/javascript/easyui/themes/default/validatebox.css HTTP/1.1" 404 1104
116.238.97.31 - - [17/May/2024:10:52:03 +0800] "GET /xingrg/all/common/auto_word.html?type=employee&rest_code=00102 HTTP/1.1" 200 189
116.238.97.31 - - [17/May/2024:10:52:04 +0800] "GET /xingrg/javascript/auto/indicator.gif HTTP/1.1" 404 1066
124.78.152.42 - - [17/May/2024:10:52:07 +0800] "GET /xingrg/kc/buy/cgsh_order_operate.html?command=get_materiel&rest_code=00106&code=00101008355&supplier_code=00100008&order_time=2024-05-17 HTTP/1.1" 200 408
222.70.183.82 - - [17/May/2024:10:52:07 +0800] "GET /xingrg/kc/buy/cgsh_order_operate.html?command=get_materiel&rest_code=00111&code=00101008296&supplier_code=00100008&order_time=2024-05-17 HTTP/1.1" 200 416
101.83.144.49 - - [17/May/2024:10:52:08 +0800] "GET /xingrg/all/function/internal_message.html?_=1715914074487&CODE_STATE=getMsg HTTP/1.1" 200 27
124.78.152.42 - - [17/May/2024:10:52:09 +0800] "GET /xingrg/all/function/internal_message.html?_=1715914330433&CODE_STATE=getMsg HTTP/1.1" 200 27
222.70.183.82 - - [17/May/2024:10:52:10 +0800] "GET /xingrg/all/function/internal_message.html?_=1715914328511&CODE_STATE=getMsg HTTP/1.1" 200 27
124.79.240.51 - - [17/May/2024:10:52:11 +0800] "GET /xingrg/all/function/internal_message.html?_=1715914372485&CODE_STATE=getMsg HTTP/1.1" 302 -
114.83.217.213 - - [17/May/2024:10:52:11 +0800] "GET /xingrg/all/function/internal_message.html?_=1715914327828&CODE_STATE=getMsg HTTP/1.1" 200 27
116.238.97.31 - - [17/May/2024:10:52:13 +0800] "GET /xingrg/kc/buy/cgsh_order_operate.html?command=get_materiel&rest_code=00102&code=00101006129&supplier_code=00100151&order_time=2024-05-17 HTTP/1.1" 200 439
101.83.144.49 - - [17/May/2024:10:52:13 +0800] "GET /xingrg/javascript/auto/indicator.gif HTTP/1.1" 404 1066
221.239.170.140 - - [17/May/2024:10:52:17 +0800] "GET /xingrg/all/function/internal_message.html?_=1715914334953&CODE_STATE=getMsg HTTP/1.1" 302 -
124.78.152.42 - - [17/May/2024:10:52:18 +0800] "GET /xingrg/kc/buy/cgsh_order_operate.html?command=get_materiel&rest_code=00106&code=00101008300&supplier_code=00100008&order_time=2024-05-17 HTTP/1.1" 200 412
222.70.183.82 - - [17/May/2024:10:52:22 +0800] "GET /xingrg/all/function/internal_message.html?_=1715914340063&CODE_STATE=getMsg HTTP/1.1" 200 27
180.156.239.18 - - [17/May/2024:10:52:23 +0800] "GET /xingrg/all/function/internal_message.html?_=1715914342163&CODE_STATE=getMsg HTTP/1.1" 302 -
116.238.97.31 - - [17/May/2024:10:52:24 +0800] "GET /xingrg/kc/buy/cgsh_order_operate.html?command=get_materiel&rest_code=00102&code=00101006184&supplier_code=00100151&order_time=2024-05-17 HTTP/1.1" 200 408
222.70.183.82 - - [17/May/2024:10:52:25 +0800] "GET /xingrg/kc/buy/cgsh_order_operate.html?command=get_materiel&rest_code=00111&code=00101008059&supplier_code=00100008&order_time=2024-05-17 HTTP/1.1" 200 408
180.164.6.225 - - [17/May/2024:10:52:25 +0800] "GET /xingrg/all/function/internal_message.html?_=1715914344498&CODE_STATE=getMsg HTTP/1.1" 302 -
101.83.144.49 - - [17/May/2024:10:52:27 +0800] "GET /xingrg/kc/buy/cgsh_order_operate.html?command=get_materiel&rest_code=00105&code=00101001115&supplier_code=00100089&order_time=2024-05-17 HTTP/1.1" 200 413
120.253.135.82 - - [17/May/2024:10:52:33 +0800] "GET /xingrg/all/function/internal_message.html?_=1715914204505&CODE_STATE=getMsg HTTP/1.1" 302 -
116.238.97.31 - - [17/May/2024:10:52:35 +0800] "GET /xingrg/kc/buy/cgsh_order_operate.html?command=get_materiel&rest_code=00102&code=00101006056&supplier_code=00100151&order_time=2024-05-17 HTTP/1.1" 200 415
124.78.152.42 - - [17/May/2024:10:52:37 +0800] "GET /xingrg/kc/buy/cgsh_order_operate.html?command=get_materiel&rest_code=00106&code=00101008169&supplier_code=00100008&order_time=2024-05-17 HTTP/1.1" 200 412
116.235.244.24 - - [17/May/2024:10:52:42 +0800] "GET /xingrg/all/function/internal_message.html?_=1715914380691&CODE_STATE=getMsg HTTP/1.1" 302 -
222.67.233.39 - - [17/May/2024:10:52:43 +0800] "GET /xingrg/all/function/internal_message.html?_=1715914363978&CODE_STATE=getMsg HTTP/1.1" 302 -
222.70.183.82 - - [17/May/2024:10:52:45 +0800] "GET /xingrg/kc/buy/cgsh_order_operate.html?command=get_materiel&rest_code=00111&code=00101008141&supplier_code=00100008&order_time=2024-05-17 HTTP/1.1" 200 412
116.238.97.31 - - [17/May/2024:10:52:45 +0800] "GET /xingrg/kc/buy/cgsh_order_operate.html?command=get_materiel&rest_code=00102&code=00101006130&supplier_code=00100151&order_time=2024-05-17 HTTP/1.1" 200 437
116.232.195.13 - - [17/May/2024:10:52:45 +0800] "GET /xingrg/all/function/internal_message.html?_=1715914329649&CODE_STATE=getMsg HTTP/1.1" 200 27
222.70.183.82 - - [17/May/2024:10:52:49 +0800] "POST /xingrg/kc/buy/cgsh_order_operate.html HTTP/1.1" 200 2065
180.156.239.18 - - [17/May/2024:10:52:49 +0800] "GET /xingrg/all/function/internal_message.html?_=1715914369693&CODE_STATE=getMsg HTTP/1.1" 302 -
180.169.147.146 - - [17/May/2024:10:52:50 +0800] "GET /xingrg/all/function/internal_message.html?_=1715914370800&CODE_STATE=getMsg HTTP/1.1" 200 27
124.78.152.42 - - [17/May/2024:10:52:53 +0800] "GET /xingrg/kc/buy/cgsh_order_operate.html?command=get_materiel&rest_code=00106&code=00101008350&supplier_code=00100008&order_time=2024-05-17 HTTP/1.1" 200 408
116.238.97.31 - - [17/May/2024:10:52:54 +0800] "GET /xingrg/all/function/internal_message.html?_=1715914376601&CODE_STATE=getMsg HTTP/1.1" 200 27
124.78.152.42 - - [17/May/2024:10:53:03 +0800] "GET /xingrg/all/function/internal_message.html?_=1715914375150&CODE_STATE=getMsg HTTP/1.1" 200 27
101.83.144.49 - - [17/May/2024:10:53:08 +0800] "GET /xingrg/all/function/internal_message.html?_=1715914134497&CODE_STATE=getMsg HTTP/1.1" 200 27
124.78.152.42 - - [17/May/2024:10:53:09 +0800] "GET /xingrg/all/function/internal_message.html?_=1715914390434&CODE_STATE=getMsg HTTP/1.1" 200 27
116.238.97.31 - - [17/May/2024:10:53:09 +0800] "GET /xingrg/kc/buy/cgsh_order_operate.html?command=get_materiel&rest_code=00102&code=00101006372&supplier_code=00100151&order_time=2024-05-17 HTTP/1.1" 200 421
222.70.183.82 - - [17/May/2024:10:53:10 +0800] "GET /xingrg/all/function/internal_message.html?_=1715914388509&CODE_STATE=getMsg HTTP/1.1" 200 27
124.79.240.51 - - [17/May/2024:10:53:11 +0800] "GET /xingrg/all/function/internal_message.html?_=1715914432486&CODE_STATE=getMsg HTTP/1.1" 302 -
114.83.217.213 - - [17/May/2024:10:53:11 +0800] "GET /xingrg/all/function/internal_message.html?_=1715914387826&CODE_STATE=getMsg HTTP/1.1" 200 27
221.239.170.140 - - [17/May/2024:10:53:17 +0800] "GET /xingrg/all/function/internal_message.html?_=1715914394946&CODE_STATE=getMsg HTTP/1.1" 302 -
124.78.152.42 - - [17/May/2024:10:53:21 +0800] "POST /xingrg/kc/buy/cgsh_order_operate.html HTTP/1.1" 200 2065
180.156.239.18 - - [17/May/2024:10:53:22 +0800] "GET /xingrg/check_reg.html?_=1715914401829 HTTP/1.1" 302 -
180.156.239.18 - - [17/May/2024:10:53:23 +0800] "GET /xingrg/all/function/internal_message.html?_=1715914402166&CODE_STATE=getMsg HTTP/1.1" 302 -
101.83.144.49 - - [17/May/2024:10:53:24 +0800] "POST /xingrg/kc/buy/cgsh_order_operate.html HTTP/1.1" 200 37
180.164.6.225 - - [17/May/2024:10:53:25 +0800] "GET /xingrg/check_reg.html?_=1715914404494 HTTP/1.1" 302 -
180.164.6.225 - - [17/May/2024:10:53:25 +0800] "GET /xingrg/all/function/internal_message.html?_=1715914404498&CODE_STATE=getMsg HTTP/1.1" 302 -
101.83.144.49 - - [17/May/2024:10:53:32 +0800] "POST /xingrg/kc/buy/cgsh_order_operate.html HTTP/1.1" 200 2065
116.238.97.31 - - [17/May/2024:10:53:32 +0800] "GET /xingrg/kc/buy/cgsh_order_operate.html?command=get_materiel&rest_code=00102&code=00101007024&supplier_code=00100151&order_time=2024-05-17 HTTP/1.1" 200 23
222.70.183.82 - - [17/May/2024:10:53:32 +0800] "POST /xingrg/kc/buy/cgsh_order_operate.html HTTP/1.1" 200 37
120.253.135.82 - - [17/May/2024:10:53:33 +0800] "GET /xingrg/all/function/internal_message.html?_=1715914264522&CODE_STATE=getMsg HTTP/1.1" 302 -
124.78.152.42 - - [17/May/2024:10:53:35 +0800] "GET /xingrg/kc/buy/cgsh_order_operate.html?command=get_materiel&rest_code=00106&code=00101008155&supplier_code=00100008&order_time=2024-05-17 HTTP/1.1" 200 408
222.70.183.82 - - [17/May/2024:10:53:36 +0800] "POST /xingrg/kc/buy/cgsh_order_operate.html HTTP/1.1" 200 25727
116.238.97.31 - - [17/May/2024:10:53:41 +0800] "POST /xingrg/kc/buy/cgsh_order_operate.html HTTP/1.1" 200 37
116.235.244.24 - - [17/May/2024:10:53:42 +0800] "GET /xingrg/all/function/internal_message.html?_=1715914440703&CODE_STATE=getMsg HTTP/1.1" 302 -
222.67.233.39 - - [17/May/2024:10:53:43 +0800] "GET /xingrg/all/function/internal_message.html?_=1715914423978&CODE_STATE=getMsg HTTP/1.1" 302 -
116.238.97.31 - - [17/May/2024:10:53:45 +0800] "POST /xingrg/kc/buy/cgsh_order_operate.html HTTP/1.1" 200 5090
116.232.195.13 - - [17/May/2024:10:53:45 +0800] "GET /xingrg/check_reg.html?_=1715914389646 HTTP/1.1" 200 22
116.232.195.13 - - [17/May/2024:10:53:45 +0800] "GET /xingrg/all/function/internal_message.html?_=1715914389647&CODE_STATE=getMsg HTTP/1.1" 200 27
180.156.239.18 - - [17/May/2024:10:53:49 +0800] "GET /xingrg/all/function/internal_message.html?_=1715914429694&CODE_STATE=getMsg HTTP/1.1" 302 -
124.78.152.42 - - [17/May/2024:10:53:49 +0800] "GET /xingrg/kc/buy/cgsh_order_operate.html?command=get_materiel&rest_code=00106&code=00101008005&supplier_code=00100008&order_time=2024-05-17 HTTP/1.1" 200 412
180.169.147.146 - - [17/May/2024:10:53:50 +0800] "GET /xingrg/all/function/internal_message.html?_=1715914430814&CODE_STATE=getMsg HTTP/1.1" 200 27
116.238.97.31 - - [17/May/2024:10:53:55 +0800] "GET /xingrg/login.html HTTP/1.1" 200 7641
116.238.97.31 - - [17/May/2024:10:53:56 +0800] "GET /favicon.ico HTTP/1.1" 404 -
116.238.97.31 - - [17/May/2024:10:53:58 +0800] "POST /xingrg/login.do HTTP/1.1" 302 -
116.238.97.31 - - [17/May/2024:10:53:58 +0800] "GET /xingrg/index.html?sysBaseUrl=http%3A%2F%2F180.169.147.146%3A18081%2Fxingrg%2F&costTime=1040×tamp=1715914438605 HTTP/1.1" 200 17173
116.238.97.31 - - [17/May/2024:10:53:59 +0800] "GET /favicon.ico HTTP/1.1" 404 -
116.238.97.31 - - [17/May/2024:10:53:59 +0800] "GET /xingrg/check_reg.html?_=1715914440923 HTTP/1.1" 200 22
116.238.97.31 - - [17/May/2024:10:53:59 +0800] "GET /xingrg/all/function/internal_message.html?_=1715914440923&CODE_STATE=count HTTP/1.1" 200 11
116.238.97.31 - - [17/May/2024:10:53:59 +0800] "POST /xingrg/all/common/load_tree.html?tree=area_rest_tree_json&manage=1 HTTP/1.1" 200 342
116.238.97.31 - - [17/May/2024:10:53:59 +0800] "POST /xingrg/load_menu.html HTTP/1.1" 200 5138
116.238.97.31 - - [17/May/2024:10:54:02 +0800] "GET /xingrg/kc/buy/cgsh_order_list.html HTTP/1.1" 200 58780
124.78.152.42 - - [17/May/2024:10:54:03 +0800] "GET /xingrg/all/function/internal_message.html?_=1715914435127&CODE_STATE=getMsg HTTP/1.1" 200 27
116.235.244.24 - - [17/May/2024:10:54:03 +0800] "GET /xingrg/check_reg.html?_=1715914461247 HTTP/1.1" 302 -
116.238.97.31 - - [17/May/2024:10:54:07 +0800] "POST /xingrg/kc/buy/cgsh_list_operate.html HTTP/1.1" 200 1629
101.83.144.49 - - [17/May/2024:10:54:08 +0800] "GET /xingrg/all/function/internal_message.html?_=1715914194493&CODE_STATE=getMsg HTTP/1.1" 200 27
222.70.183.82 - - [17/May/2024:10:54:08 +0800] "GET /xingrg/kc/print/load_config.html?kc_code=cgsh HTTP/1.1" 200 1927
124.78.152.42 - - [17/May/2024:10:54:08 +0800] "GET /xingrg/kc/buy/cgsh_order_operate.html?command=get_materiel&rest_code=00106&code=00101015006&supplier_code=00100008&order_time=2024-05-17 HTTP/1.1" 200 413
222.70.183.82 - - [17/May/2024:10:54:08 +0800] "GET /xingrg/kc/print/load_data.html?order_code=212024051704730&kc_code=cgsh&condition= HTTP/1.1" 200 9403
124.78.152.42 - - [17/May/2024:10:54:09 +0800] "GET /xingrg/check_reg.html?_=1715914450419 HTTP/1.1" 200 22
124.78.152.42 - - [17/May/2024:10:54:09 +0800] "GET /xingrg/all/function/internal_message.html?_=1715914450422&CODE_STATE=getMsg HTTP/1.1" 200 27
116.238.97.31 - - [17/May/2024:10:54:10 +0800] "POST /xingrg/kc/buy/cgsh_list_operate.html HTTP/1.1" 200 541
222.70.183.82 - - [17/May/2024:10:54:10 +0800] "GET /xingrg/check_reg.html?_=1715914448508 HTTP/1.1" 200 22
222.70.183.82 - - [17/May/2024:10:54:10 +0800] "GET /xingrg/all/function/internal_message.html?_=1715914448510&CODE_STATE=getMsg HTTP/1.1" 200 27
124.79.240.51 - - [17/May/2024:10:54:11 +0800] "GET /xingrg/all/function/internal_message.html?_=1715914492485&CODE_STATE=getMsg HTTP/1.1" 302 -
114.83.217.213 - - [17/May/2024:10:54:11 +0800] "GET /xingrg/all/function/internal_message.html?_=1715914447823&CODE_STATE=getMsg HTTP/1.1" 200 27
116.238.97.31 - - [17/May/2024:10:54:11 +0800] "GET /xingrg/kc/buy/cgsh_order_info.html?code=212024051704733 HTTP/1.1" 200 74596
116.238.97.31 - - [17/May/2024:10:54:11 +0800] "GET /xingrg/javascript/easyui/themes/default/validatebox.css HTTP/1.1" 404 1104
116.238.97.31 - - [17/May/2024:10:54:11 +0800] "GET /xingrg/all/common/auto_word.html?type=employee&rest_code=00102 HTTP/1.1" 200 189
116.238.97.31 - - [17/May/2024:10:54:11 +0800] "GET /xingrg/all/common/auto_word.html?type=employee&rest_code=00102 HTTP/1.1" 200 189
116.238.97.31 - - [17/May/2024:10:54:12 +0800] "POST /xingrg/kc/buy/cgsh_order_operate.html HTTP/1.1" 200 5090
116.238.97.31 - - [17/May/2024:10:54:16 +0800] "GET /xingrg/javascript/auto/indicator.gif HTTP/1.1" 404 1066
221.239.170.140 - - [17/May/2024:10:54:17 +0800] "GET /xingrg/all/function/internal_message.html?_=1715914454954&CODE_STATE=getMsg HTTP/1.1" 302 -
101.83.144.49 - - [17/May/2024:10:54:18 +0800] "POST /xingrg/kc/buy/cgsh_list_operate.html HTTP/1.1" 200 3851
222.70.183.82 - - [17/May/2024:10:54:22 +0800] "GET /xingrg/all/function/internal_message.html?_=1715914460086&CODE_STATE=getMsg HTTP/1.1" 200 27
180.156.239.18 - - [17/May/2024:10:54:23 +0800] "GET /xingrg/all/function/internal_message.html?_=1715914462168&CODE_STATE=getMsg HTTP/1.1" 302 -
116.238.97.31 - - [17/May/2024:10:54:25 +0800] "GET /xingrg/kc/buy/cgsh_order_operate.html?command=get_materiel&rest_code=00102&code=00101007024&supplier_code=00100151&order_time=2024-05-17 HTTP/1.1" 200 414
180.164.6.225 - - [17/May/2024:10:54:25 +0800] "GET /xingrg/all/function/internal_message.html?_=1715914464485&CODE_STATE=getMsg HTTP/1.1" 302 -
124.78.152.42 - - [17/May/2024:10:54:31 +0800] "POST /xingrg/kc/buy/cgsh_order_operate.html HTTP/1.1" 200 37
120.253.135.82 - - [17/May/2024:10:54:33 +0800] "GET /xingrg/all/function/internal_message.html?_=1715914324547&CODE_STATE=getMsg HTTP/1.1" 302 -
124.78.152.42 - - [17/May/2024:10:54:34 +0800] "POST /xingrg/kc/buy/cgsh_order_operate.html HTTP/1.1" 200 32237
101.83.144.49 - - [17/May/2024:10:54:34 +0800] "POST /xingrg/kc/buy/cgsh_list_operate.html HTTP/1.1" 200 1244
116.235.244.24 - - [17/May/2024:10:54:42 +0800] "GET /xingrg/all/function/internal_message.html?_=1715914500758&CODE_STATE=getMsg HTTP/1.1" 302 -
222.67.233.39 - - [17/May/2024:10:54:43 +0800] "GET /xingrg/all/function/internal_message.html?_=1715914483973&CODE_STATE=getMsg HTTP/1.1" 302 -
116.232.195.13 - - [17/May/2024:10:54:45 +0800] "GET /xingrg/all/function/internal_message.html?_=1715914449635&CODE_STATE=getMsg HTTP/1.1" 200 27
180.156.239.18 - - [17/May/2024:10:54:49 +0800] "GET /xingrg/check_reg.html?_=1715914489687 HTTP/1.1" 302 -
180.156.239.18 - - [17/May/2024:10:54:49 +0800] "GET /xingrg/all/function/internal_message.html?_=1715914489689&CODE_STATE=getMsg HTTP/1.1" 302 -
180.169.147.146 - - [17/May/2024:10:54:50 +0800] "GET /xingrg/all/function/internal_message.html?_=1715914490819&CODE_STATE=getMsg HTTP/1.1" 200 27
116.238.97.31 - - [17/May/2024:10:54:51 +0800] "POST /xingrg/kc/buy/cgsh_order_operate.html HTTP/1.1" 200 37
180.169.147.146 - - [17/May/2024:10:54:57 +0800] "GET /xingrg/check_reg.html?_=1715914498375 HTTP/1.1" 302 -
124.78.152.42 - - [17/May/2024:10:55:03 +0800] "GET /xingrg/all/function/internal_message.html?_=1715914495142&CODE_STATE=getMsg HTTP/1.1" 200 27
124.78.152.42 - - [17/May/2024:10:55:03 +0800] "GET /xingrg/check_reg.html?_=1715914495135 HTTP/1.1" 200 22
116.238.97.31 - - [17/May/2024:10:55:06 +0800] "GET /xingrg/all/function/internal_message.html?_=1715914507807&CODE_STATE=getMsg HTTP/1.1" 200 27
101.83.144.49 - - [17/May/2024:10:55:08 +0800] "GET /xingrg/all/function/internal_message.html?_=1715914254501&CODE_STATE=getMsg HTTP/1.1" 200 27
101.83.144.49 - - [17/May/2024:10:55:08 +0800] "GET /xingrg/check_reg.html?_=1715914254498 HTTP/1.1" 200 22
124.78.152.42 - - [17/May/2024:10:55:09 +0800] "GET /xingrg/all/function/internal_message.html?_=1715914510422&CODE_STATE=getMsg HTTP/1.1" 200 27
222.70.183.82 - - [17/May/2024:10:55:10 +0800] "GET /xingrg/all/function/internal_message.html?_=1715914508507&CODE_STATE=getMsg HTTP/1.1" 200 27
124.79.240.51 - - [17/May/2024:10:55:11 +0800] "GET /xingrg/all/function/internal_message.html?_=1715914552483&CODE_STATE=getMsg HTTP/1.1" 302 -
124.79.240.51 - - [17/May/2024:10:55:11 +0800] "GET /xingrg/check_reg.html?_=1715914552484 HTTP/1.1" 302 -
114.83.217.213 - - [17/May/2024:10:55:11 +0800] "GET /xingrg/check_reg.html?_=1715914507819 HTTP/1.1" 200 22
114.83.217.213 - - [17/May/2024:10:55:11 +0800] "GET /xingrg/all/function/internal_message.html?_=1715914507838&CODE_STATE=getMsg HTTP/1.1" 200 27
116.238.97.31 - - [17/May/2024:10:55:12 +0800] "POST /xingrg/kc/buy/cgsh_order_operate.html HTTP/1.1" 200 12
124.78.152.42 - - [17/May/2024:10:55:15 +0800] "GET /xingrg/kc/buy/cgsh_order_operate.html?command=get_materiel&rest_code=00106&code=00101009051&supplier_code=00100008&order_time=2024-05-17 HTTP/1.1" 200 408
221.239.170.140 - - [17/May/2024:10:55:17 +0800] "GET /xingrg/all/function/internal_message.html?_=1715914514953&CODE_STATE=getMsg HTTP/1.1" 302 -
116.232.195.13 - - [17/May/2024:10:55:17 +0800] "GET /xingrg/kc/buy/cgsh_order_add.html HTTP/1.1" 200 74681
116.232.195.13 - - [17/May/2024:10:55:17 +0800] "GET /xingrg/javascript/convert.js HTTP/1.1" 200 1239
116.232.195.13 - - [17/May/2024:10:55:17 +0800] "GET /xingrg/javascript/json2.js HTTP/1.1" 200 11259
116.232.195.13 - - [17/May/2024:10:55:17 +0800] "GET /xingrg/javascript/jquery_tools/order_manager.js HTTP/1.1" 200 11183
116.232.195.13 - - [17/May/2024:10:55:17 +0800] "GET /xingrg/javascript/print/kc_print.js HTTP/1.1" 200 11415
116.232.195.13 - - [17/May/2024:10:55:17 +0800] "GET /xingrg/words/20240517094214_words.js HTTP/1.1" 200 1024957
116.232.195.13 - - [17/May/2024:10:55:17 +0800] "GET /xingrg/javascript/easyui/themes/icons/ok.png HTTP/1.1" 200 883
116.232.195.13 - - [17/May/2024:10:55:17 +0800] "GET /xingrg/javascript/easyui/themes/icons/template_new.png HTTP/1.1" 200 3956
116.232.195.13 - - [17/May/2024:10:55:17 +0800] "GET /xingrg/javascript/easyui/themes/icons/copy_new.png HTTP/1.1" 200 815
116.232.195.13 - - [17/May/2024:10:55:17 +0800] "GET /xingrg/javascript/easyui/themes/icons/print.png HTTP/1.1" 200 1057
116.232.195.13 - - [17/May/2024:10:55:17 +0800] "GET /xingrg/javascript/easyui/themes/icons/cancel.png HTTP/1.1" 200 1133
116.232.195.13 - - [17/May/2024:10:55:17 +0800] "GET /xingrg/javascript/easyui/themes/default/images/menu_downarrow.png HTTP/1.1" 200 173
116.232.195.13 - - [17/May/2024:10:55:18 +0800] "POST /xingrg/kc/buy/cgsh_order_operate.html HTTP/1.1" 200 8245
116.232.195.13 - - [17/May/2024:10:55:18 +0800] "GET /xingrg/javascript/easyui/themes/default/validatebox.css HTTP/1.1" 404 1104
116.232.195.13 - - [17/May/2024:10:55:18 +0800] "GET /xingrg/all/common/auto_word.html?type=employee&rest_code=00155 HTTP/1.1" 200 255
116.232.195.13 - - [17/May/2024:10:55:18 +0800] "GET /xingrg/javascript/easyui/themes/icons/edit_remove.png HTTP/1.1" 200 625
116.232.195.13 - - [17/May/2024:10:55:18 +0800] "GET /xingrg/javascript/easyui/plugins/jquery.validatebox.js HTTP/1.1" 200 6103
116.232.195.13 - - [17/May/2024:10:55:18 +0800] "GET /xingrg/all/common/auto_word.html?type=employee&rest_code=00155 HTTP/1.1" 200 255
116.232.195.13 - - [17/May/2024:10:55:18 +0800] "GET /xingrg/javascript/easyui/plugins/jquery.numberbox.js HTTP/1.1" 200 5213
116.232.195.13 - - [17/May/2024:10:55:19 +0800] "GET /xingrg/javascript/auto/indicator.gif HTTP/1.1" 404 1066
116.238.97.31 - - [17/May/2024:10:55:20 +0800] "GET /xingrg/kc/buy/cgsh_order_info.html?code=212024051704733 HTTP/1.1" 200 69487
116.238.97.31 - - [17/May/2024:10:55:20 +0800] "GET /xingrg/javascript/easyui/themes/default/validatebox.css HTTP/1.1" 404 1104
116.238.97.31 - - [17/May/2024:10:55:21 +0800] "POST /xingrg/kc/buy/cgsh_order_operate.html HTTP/1.1" 200 3636
222.70.183.82 - - [17/May/2024:10:55:22 +0800] "GET /xingrg/all/function/internal_message.html?_=1715914520067&CODE_STATE=getMsg HTTP/1.1" 200 27
101.83.144.49 - - [17/May/2024:10:55:22 +0800] "GET /xingrg/kc/buy/buy_main.html HTTP/1.1" 200 12412
101.83.144.49 - - [17/May/2024:10:55:22 +0800] "GET /xingrg/css/new_ie.css HTTP/1.1" 404 1036
180.156.239.18 - - [17/May/2024:10:55:23 +0800] "GET /xingrg/all/function/internal_message.html?_=1715914522156&CODE_STATE=getMsg HTTP/1.1" 302 -
116.238.97.31 - - [17/May/2024:10:55:23 +0800] "GET /xingrg/kc/print/load_config.html?kc_code=cgsh HTTP/1.1" 200 1927
101.83.144.49 - - [17/May/2024:10:55:23 +0800] "GET /xingrg/images/yd/bt.gif HTTP/1.1" 404 1040
116.238.97.31 - - [17/May/2024:10:55:24 +0800] "GET /xingrg/kc/print/load_data.html?order_code=212024051704733&kc_code=cgsh&condition= HTTP/1.1" 200 1848
101.83.144.49 - - [17/May/2024:10:55:24 +0800] "GET /xingrg/kc/buy/cgsh_order_list.html HTTP/1.1" 200 58780
180.164.6.225 - - [17/May/2024:10:55:25 +0800] "GET /xingrg/all/function/internal_message.html?_=1715914524502&CODE_STATE=getMsg HTTP/1.1" 302 -
124.78.152.42 - - [17/May/2024:10:55:26 +0800] "GET /xingrg/kc/buy/cgsh_order_operate.html?command=get_materiel&rest_code=00106&code=00101009140&supplier_code=00100008&order_time=2024-05-17 HTTP/1.1" 200 412
116.238.97.31 - - [17/May/2024:10:55:29 +0800] "GET /xingrg/kc/buy/cgsh_order_add.html HTTP/1.1" 200 74628
116.238.97.31 - - [17/May/2024:10:55:30 +0800] "POST /xingrg/kc/buy/cgsh_order_operate.html HTTP/1.1" 200 8245
116.238.97.31 - - [17/May/2024:10:55:30 +0800] "GET /xingrg/javascript/easyui/themes/default/validatebox.css HTTP/1.1" 404 1104
120.253.135.82 - - [17/May/2024:10:55:33 +0800] "GET /xingrg/check_reg.html?_=1715914384240 HTTP/1.1" 302 -
120.253.135.82 - - [17/May/2024:10:55:33 +0800] "GET /xingrg/all/function/internal_message.html?_=1715914384572&CODE_STATE=getMsg HTTP/1.1" 302 -
116.232.195.13 - - [17/May/2024:10:55:41 +0800] "GET /xingrg/javascript/jquery_tools/images/next.gif HTTP/1.1" 404 1086
116.232.195.13 - - [17/May/2024:10:55:41 +0800] "GET /xingrg/javascript/jquery_tools/images/prev.gif HTTP/1.1" 404 1086
222.70.183.82 - - [17/May/2024:10:55:42 +0800] "GET /xingrg/kc/buy/cgsh_order_add.html HTTP/1.1" 200 74549
222.70.183.82 - - [17/May/2024:10:55:42 +0800] "POST /xingrg/kc/buy/cgsh_order_operate.html HTTP/1.1" 200 8245
222.70.183.82 - - [17/May/2024:10:55:42 +0800] "GET /xingrg/javascript/easyui/themes/default/validatebox.css HTTP/1.1" 404 1104
116.235.244.24 - - [17/May/2024:10:55:42 +0800] "GET /xingrg/all/function/internal_message.html?_=1715914560760&CODE_STATE=getMsg HTTP/1.1" 302 -
222.67.233.39 - - [17/May/2024:10:55:43 +0800] "GET /xingrg/all/function/internal_message.html?_=1715914543971&CODE_STATE=getMsg HTTP/1.1" 302 -
222.67.233.39 - - [17/May/2024:10:55:43 +0800] "GET /xingrg/check_reg.html?_=1715914543974 HTTP/1.1" 302 -
124.78.152.42 - - [17/May/2024:10:55:44 +0800] "GET /xingrg/kc/buy/cgsh_order_operate.html?command=get_materiel&rest_code=00106&code=00101008368&supplier_code=00100008&order_time=2024-05-17 HTTP/1.1" 200 408
116.238.97.31 - - [17/May/2024:10:55:45 +0800] "GET /xingrg/kc/buy/cgsh_order_operate.html?command=get_materiel&rest_code=00102&code=00101011005&supplier_code=00100047&order_time=2024-05-17 HTTP/1.1" 200 408
116.232.195.13 - - [17/May/2024:10:55:45 +0800] "GET /xingrg/all/function/internal_message.html?_=1715914509633&CODE_STATE=getMsg HTTP/1.1" 200 27
180.156.239.18 - - [17/May/2024:10:55:49 +0800] "GET /xingrg/all/function/internal_message.html?_=1715914549686&CODE_STATE=getMsg HTTP/1.1" 302 -
180.169.147.146 - - [17/May/2024:10:55:50 +0800] "GET /xingrg/check_reg.html?_=1715914550827 HTTP/1.1" 200 22
180.169.147.146 - - [17/May/2024:10:55:50 +0800] "GET /xingrg/all/function/internal_message.html?_=1715914550842&CODE_STATE=getMsg HTTP/1.1" 200 27
116.232.195.13 - - [17/May/2024:10:55:52 +0800] "GET /xingrg/kc/buy/cgsh_order_operate.html?command=get_materiel&rest_code=00155&code=00102013013&supplier_code=00100073&order_time=2024-05-17 HTTP/1.1" 200 409
116.238.97.31 - - [17/May/2024:10:55:55 +0800] "GET /xingrg/kc/buy/cgsh_order_operate.html?command=get_materiel&rest_code=00102&code=00101011003&supplier_code=00100047&order_time=2024-05-17 HTTP/1.1" 200 413
101.83.144.49 - - [17/May/2024:10:56:00 +0800] "POST /xingrg/kc/buy/cgsh_list_operate.html HTTP/1.1" 200 4056
124.78.152.42 - - [17/May/2024:10:56:02 +0800] "POST /xingrg/kc/buy/cgsh_order_operate.html HTTP/1.1" 200 37
116.238.97.31 - - [17/May/2024:10:56:06 +0800] "GET /xingrg/all/function/internal_message.html?_=1715914567795&CODE_STATE=getMsg HTTP/1.1" 200 27
116.238.97.31 - - [17/May/2024:10:56:06 +0800] "GET /xingrg/kc/buy/cgsh_order_operate.html?command=get_materiel&rest_code=00102&code=00101011010&supplier_code=00100047&order_time=2024-05-17 HTTP/1.1" 200 418
101.83.144.49 - - [17/May/2024:10:56:08 +0800] "GET /xingrg/all/function/internal_message.html?_=1715914314496&CODE_STATE=getMsg HTTP/1.1" 200 27
222.70.183.82 - - [17/May/2024:10:56:08 +0800] "GET /xingrg/kc/buy/cgsh_order_operate.html?command=get_materiel&rest_code=00111&code=00101011010&supplier_code=00100096&order_time=2024-05-17 HTTP/1.1" 200 418
124.78.152.42 - - [17/May/2024:10:56:09 +0800] "GET /xingrg/all/function/internal_message.html?_=1715914570422&CODE_STATE=getMsg HTTP/1.1" 200 27
222.70.183.82 - - [17/May/2024:10:56:10 +0800] "GET /xingrg/all/function/internal_message.html?_=1715914568508&CODE_STATE=getMsg HTTP/1.1" 200 27
124.79.240.51 - - [17/May/2024:10:56:11 +0800] "GET /xingrg/all/function/internal_message.html?_=1715914612498&CODE_STATE=getMsg HTTP/1.1" 302 -
114.83.217.213 - - [17/May/2024:10:56:11 +0800] "GET /xingrg/all/function/internal_message.html?_=1715914567829&CODE_STATE=getMsg HTTP/1.1" 200 27
222.67.233.39 - - [17/May/2024:10:56:13 +0800] "POST /xingrg/services/DataTransmitService HTTP/1.1" 200 524
221.239.170.140 - - [17/May/2024:10:56:17 +0800] "GET /xingrg/check_reg.html?_=1715914574957 HTTP/1.1" 302 -
221.239.170.140 - - [17/May/2024:10:56:17 +0800] "GET /xingrg/all/function/internal_message.html?_=1715914574969&CODE_STATE=getMsg HTTP/1.1" 302 -
116.238.97.31 - - [17/May/2024:10:56:18 +0800] "POST /xingrg/kc/buy/cgsh_order_operate.html HTTP/1.1" 200 37
124.78.152.42 - - [17/May/2024:10:56:20 +0800] "POST /xingrg/kc/buy/cgsh_order_operate.html HTTP/1.1" 200 34011
222.70.183.82 - - [17/May/2024:10:56:22 +0800] "GET /xingrg/all/function/internal_message.html?_=1715914580062&CODE_STATE=getMsg HTTP/1.1" 200 27
222.70.183.82 - - [17/May/2024:10:56:22 +0800] "GET /xingrg/check_reg.html?_=1715914580090 HTTP/1.1" 200 22
180.156.239.18 - - [17/May/2024:10:56:23 +0800] "GET /xingrg/all/function/internal_message.html?_=1715914582160&CODE_STATE=getMsg HTTP/1.1" 302 -
222.70.183.82 - - [17/May/2024:10:56:25 +0800] "GET /xingrg/kc/buy/cgsh_order_operate.html?command=get_materiel&rest_code=00111&code=00101011001&supplier_code=00100096&order_time=2024-05-17 HTTP/1.1" 200 422
180.164.6.225 - - [17/May/2024:10:56:25 +0800] "GET /xingrg/all/function/internal_message.html?_=1715914584501&CODE_STATE=getMsg HTTP/1.1" 302 -
116.238.97.31 - - [17/May/2024:10:56:27 +0800] "POST /xingrg/kc/buy/cgsh_order_operate.html HTTP/1.1" 200 12
120.253.135.82 - - [17/May/2024:10:56:33 +0800] "GET /xingrg/all/function/internal_message.html?_=1715914444592&CODE_STATE=getMsg HTTP/1.1" 302 -
116.238.97.31 - - [17/May/2024:10:56:39 +0800] "GET /xingrg/kc/buy/cgsh_order_info.html?code=212024051704734 HTTP/1.1" 200 69497
124.78.152.42 - - [17/May/2024:10:56:40 +0800] "POST /xingrg/kc/buy/cgsh_order_operate.html HTTP/1.1" 200 37
116.238.97.31 - - [17/May/2024:10:56:40 +0800] "GET /xingrg/javascript/easyui/themes/default/validatebox.css HTTP/1.1" 404 1104
180.156.239.18 - - [17/May/2024:10:56:40 +0800] "POST /xingrg/dwr/call/plaincall/AjaxQqpsService.getMaterielByCode.dwr HTTP/1.1" 200 237
116.238.97.31 - - [17/May/2024:10:56:42 +0800] "POST /xingrg/kc/buy/cgsh_order_operate.html HTTP/1.1" 200 1803
116.235.244.24 - - [17/May/2024:10:56:42 +0800] "GET /xingrg/all/function/internal_message.html?_=1715914620820&CODE_STATE=getMsg HTTP/1.1" 302 -
222.67.233.39 - - [17/May/2024:10:56:43 +0800] "GET /xingrg/all/function/internal_message.html?_=1715914603991&CODE_STATE=getMsg HTTP/1.1" 302 -
124.78.152.42 - - [17/May/2024:10:56:44 +0800] "POST /xingrg/kc/buy/cgsh_order_operate.html HTTP/1.1" 200 34011
116.238.97.31 - - [17/May/2024:10:56:44 +0800] "GET /xingrg/kc/print/load_data.html?order_code=212024051704734&kc_code=cgsh&condition= HTTP/1.1" 200 1201
116.232.195.13 - - [17/May/2024:10:56:45 +0800] "GET /xingrg/all/function/internal_message.html?_=1715914569628&CODE_STATE=getMsg HTTP/1.1" 200 27
116.232.195.13 - - [17/May/2024:10:56:48 +0800] "GET /xingrg/kc/buy/cgsh_order_operate.html?command=get_materiel&rest_code=00155&code=00102001118&supplier_code=00100073&order_time=2024-05-17 HTTP/1.1" 200 412
180.156.239.18 - - [17/May/2024:10:56:48 +0800] "GET /xingrg/index.html?sysBaseUrl=http%3A%2F%2F180.169.147.146%3A18081%2Fxingrg%2F&costTime=14×tamp=1698040851670 HTTP/1.1" 302 -
180.156.239.18 - - [17/May/2024:10:56:48 +0800] "GET /xingrg/login.html HTTP/1.1" 200 7641
180.156.239.18 - - [17/May/2024:10:56:49 +0800] "GET /favicon.ico HTTP/1.1" 404 -
124.78.152.42 - - [17/May/2024:10:56:50 +0800] "GET /xingrg/kc/print/load_config.html?kc_code=cgsh HTTP/1.1" 200 1927
180.169.147.146 - - [17/May/2024:10:56:50 +0800] "GET /xingrg/all/function/internal_message.html?_=1715914610828&CODE_STATE=getMsg HTTP/1.1" 200 27
124.78.152.42 - - [17/May/2024:10:56:50 +0800] "GET /xingrg/kc/print/load_data.html?order_code=212024051704709&kc_code=cgsh HTTP/1.1" 200 12540
116.238.97.31 - - [17/May/2024:10:56:53 +0800] "POST /xingrg/kc/buy/cgsh_list_operate.html HTTP/1.1" 200 1361
180.156.239.18 - - [17/May/2024:10:56:55 +0800] "POST /xingrg/login.do HTTP/1.1" 302 -
180.156.239.18 - - [17/May/2024:10:56:55 +0800] "GET /xingrg/index.html?sysBaseUrl=http%3A%2F%2F180.169.147.146%3A18081%2Fxingrg%2F&costTime=1000×tamp=1715914615680 HTTP/1.1" 200 17177
180.156.239.18 - - [17/May/2024:10:56:55 +0800] "GET /favicon.ico HTTP/1.1" 404 -
180.156.239.18 - - [17/May/2024:10:56:56 +0800] "GET /xingrg/check_reg.html?_=1715914616055 HTTP/1.1" 200 22
180.156.239.18 - - [17/May/2024:10:56:56 +0800] "POST /xingrg/all/common/load_tree.html?tree=area_rest_tree_json&manage=1 HTTP/1.1" 200 476
180.156.239.18 - - [17/May/2024:10:56:56 +0800] "GET /xingrg/all/function/internal_message.html?_=1715914616054&CODE_STATE=count HTTP/1.1" 200 11
180.156.239.18 - - [17/May/2024:10:56:56 +0800] "POST /xingrg/load_menu.html HTTP/1.1" 200 5138
116.238.97.31 - - [17/May/2024:10:56:58 +0800] "GET /xingrg/kc/base/wldb_order_list.html HTTP/1.1" 200 19174
116.238.97.31 - - [17/May/2024:10:56:58 +0800] "POST /xingrg/kc/base/wldb_list_operate.html HTTP/1.1" 200 928
180.156.239.18 - - [17/May/2024:10:56:59 +0800] "POST /xingrg/all/user/operate.html HTTP/1.1" 200 36
116.238.97.31 - - [17/May/2024:10:56:59 +0800] "GET /xingrg/kc/base/wldb_order_add.html HTTP/1.1" 200 30658
180.156.239.18 - - [17/May/2024:10:56:59 +0800] "GET /xingrg/index.html?sysBaseUrl=http%3A%2F%2F180.169.147.146%3A18081%2Fxingrg%2F&costTime=1000×tamp=1715914615680 HTTP/1.1" 200 17179
180.156.239.18 - - [17/May/2024:10:56:59 +0800] "GET /xingrg/javascript/jquery_easy_ui/themes/default/easyui.css HTTP/1.1" 304 -
180.156.239.18 - - [17/May/2024:10:56:59 +0800] "GET /xingrg/javascript/jquery_easy_ui/themes/icon.css HTTP/1.1" 304 -
180.156.239.18 - - [17/May/2024:10:56:59 +0800] "GET /xingrg/css/form.css HTTP/1.1" 304 -
180.156.239.18 - - [17/May/2024:10:56:59 +0800] "GET /xingrg/javascript/jquery-1.4.2.min.js HTTP/1.1" 304 -
180.156.239.18 - - [17/May/2024:10:56:59 +0800] "GET /xingrg/javascript/jquery_easy_ui/jquery.easyui.min.js HTTP/1.1" 304 -
116.238.97.31 - - [17/May/2024:10:56:59 +0800] "POST /xingrg/kc/base/wldb_order_operate.html HTTP/1.1" 200 6806
180.156.239.18 - - [17/May/2024:10:56:59 +0800] "GET /xingrg/javascript/jquery_easy_ui/easyui-lang-zh_CN.js HTTP/1.1" 304 -
