180.156.239.18 - - [17/May/2024:10:56:59 +0800] "GET /xingrg/javascript/jquery.form.js HTTP/1.1" 304 -
180.156.239.18 - - [17/May/2024:10:56:59 +0800] "GET /xingrg/javascript/jquery.utils.js HTTP/1.1" 304 -
180.156.239.18 - - [17/May/2024:10:56:59 +0800] "GET /xingrg/javascript/jquery.timers.js HTTP/1.1" 304 -
116.238.97.31 - - [17/May/2024:10:56:59 +0800] "GET /xingrg/all/common/auto_word.html?type=base&rest_code=00102 HTTP/1.1" 200 1857
180.156.239.18 - - [17/May/2024:10:56:59 +0800] "GET /xingrg/images/blue/jxLogo.png HTTP/1.1" 304 -
180.156.239.18 - - [17/May/2024:10:56:59 +0800] "GET /xingrg/images/blue/navBackgound.jpg HTTP/1.1" 304 -
180.156.239.18 - - [17/May/2024:10:56:59 +0800] "GET /xingrg/javascript/jquery_easy_ui/themes/icons/settle_new.png HTTP/1.1" 304 -
116.238.97.31 - - [17/May/2024:10:56:59 +0800] "GET /xingrg/javascript/easyui/themes/default/validatebox.css HTTP/1.1" 404 1104
116.238.97.31 - - [17/May/2024:10:56:59 +0800] "GET /xingrg/all/common/auto_word.html?type=base&rest_code=00102 HTTP/1.1" 200 1857
180.156.239.18 - - [17/May/2024:10:57:00 +0800] "GET /xingrg/all/function/internal_message.html?_=1715914620087&CODE_STATE=count HTTP/1.1" 200 11
180.156.239.18 - - [17/May/2024:10:57:00 +0800] "GET /xingrg/check_reg.html?_=1715914620087 HTTP/1.1" 200 22
180.156.239.18 - - [17/May/2024:10:57:00 +0800] "GET /xingrg/javascript/jquery_easy_ui/themes/default/images/tabs_rightarrow.png HTTP/1.1" 304 -
180.156.239.18 - - [17/May/2024:10:57:00 +0800] "GET /xingrg/javascript/jquery_easy_ui/themes/default/images/tabs_leftarrow.png HTTP/1.1" 304 -
180.156.239.18 - - [17/May/2024:10:57:00 +0800] "GET /xingrg/images/blue/pingpu.png HTTP/1.1" 304 -
180.156.239.18 - - [17/May/2024:10:57:00 +0800] "GET /xingrg/javascript/jquery_easy_ui/themes/default/images/panel_tool_collapse.gif HTTP/1.1" 304 -
180.156.239.18 - - [17/May/2024:10:57:00 +0800] "POST /xingrg/all/common/load_tree.html?tree=area_rest_tree_json&manage=1 HTTP/1.1" 200 476
180.156.239.18 - - [17/May/2024:10:57:00 +0800] "POST /xingrg/load_menu.html HTTP/1.1" 200 5138
116.238.97.31 - - [17/May/2024:10:57:01 +0800] "POST /xingrg/all/common/load_combo.html?type=base HTTP/1.1" 200 3321
180.156.239.18 - - [17/May/2024:10:57:02 +0800] "GET /xingrg/kc/buy/cgsh_order_list.html HTTP/1.1" 200 58786
116.238.97.31 - - [17/May/2024:10:57:03 +0800] "POST /xingrg/all/common/load_combo.html?type=base HTTP/1.1" 200 3321
116.232.195.13 - - [17/May/2024:10:57:03 +0800] "GET /xingrg/kc/buy/cgsh_order_operate.html?command=get_materiel&rest_code=00155&code=00102001036&supplier_code=00100073&order_time=2024-05-17 HTTP/1.1" 200 412
180.156.239.18 - - [17/May/2024:10:57:04 +0800] "POST /xingrg/kc/buy/cgsh_list_operate.html HTTP/1.1" 200 645
116.238.97.31 - - [17/May/2024:10:57:06 +0800] "GET /xingrg/all/function/internal_message.html?_=1715914627777&CODE_STATE=getMsg HTTP/1.1" 200 27
116.238.97.31 - - [17/May/2024:10:57:06 +0800] "GET /xingrg/javascript/auto/indicator.gif HTTP/1.1" 404 1066
180.156.239.18 - - [17/May/2024:10:57:07 +0800] "GET /xingrg/kc/buy/cgsh_order_add.html HTTP/1.1" 200 74637
180.156.239.18 - - [17/May/2024:10:57:07 +0800] "GET /xingrg/words/20240517094214_words.js HTTP/1.1" 304 -
180.156.239.18 - - [17/May/2024:10:57:07 +0800] "POST /xingrg/kc/buy/cgsh_order_operate.html HTTP/1.1" 200 8245
180.156.239.18 - - [17/May/2024:10:57:07 +0800] "GET /xingrg/javascript/easyui/themes/default/validatebox.css HTTP/1.1" 404 1104
180.156.239.18 - - [17/May/2024:10:57:07 +0800] "GET /xingrg/all/common/auto_word.html?type=employee&rest_code=00150 HTTP/1.1" 200 159
180.156.239.18 - - [17/May/2024:10:57:07 +0800] "GET /xingrg/all/common/auto_word.html?type=employee&rest_code=00150 HTTP/1.1" 200 159
101.83.144.49 - - [17/May/2024:10:57:08 +0800] "GET /xingrg/all/function/internal_message.html?_=1715914374496&CODE_STATE=getMsg HTTP/1.1" 200 27
124.78.152.42 - - [17/May/2024:10:57:09 +0800] "GET /xingrg/all/function/internal_message.html?_=1715914630422&CODE_STATE=getMsg HTTP/1.1" 200 27
116.235.244.24 - - [17/May/2024:10:57:09 +0800] "GET /xingrg/kc/base/check_order_list.html HTTP/1.1" 302 -
116.235.244.24 - - [17/May/2024:10:57:09 +0800] "GET /xingrg/login.html HTTP/1.1" 200 7641
116.235.244.24 - - [17/May/2024:10:57:09 +0800] "GET /xingrg/login.html HTTP/1.1" 200 7641
116.238.97.31 - - [17/May/2024:10:57:09 +0800] "GET /xingrg/kc/base/wldb_order_operate.html?command=get_materiel&rest_code=00102&base_code=0010476&code=00101019529 HTTP/1.1" 200 475
116.235.244.24 - - [17/May/2024:10:57:10 +0800] "GET /xingrg/images/blue/jxLogo.png HTTP/1.1" 304 -
116.235.244.24 - - [17/May/2024:10:57:10 +0800] "GET /xingrg/images/blue/srbg.png HTTP/1.1" 304 -
116.235.244.24 - - [17/May/2024:10:57:10 +0800] "GET /xingrg/images/blue/hj.png HTTP/1.1" 304 -
116.235.244.24 - - [17/May/2024:10:57:10 +0800] "GET /xingrg/images/blue/login_bg.png HTTP/1.1" 304 -
116.235.244.24 - - [17/May/2024:10:57:10 +0800] "GET /favicon.ico HTTP/1.1" 404 -
222.70.183.82 - - [17/May/2024:10:57:10 +0800] "GET /xingrg/all/function/internal_message.html?_=1715914628506&CODE_STATE=getMsg HTTP/1.1" 200 27
124.79.240.51 - - [17/May/2024:10:57:11 +0800] "GET /xingrg/all/function/internal_message.html?_=1715914672496&CODE_STATE=getMsg HTTP/1.1" 302 -
114.83.217.213 - - [17/May/2024:10:57:11 +0800] "GET /xingrg/all/function/internal_message.html?_=1715914627823&CODE_STATE=getMsg HTTP/1.1" 200 27
180.156.239.18 - - [17/May/2024:10:57:13 +0800] "GET /xingrg/javascript/auto/indicator.gif HTTP/1.1" 404 1066
116.235.244.24 - - [17/May/2024:10:57:13 +0800] "POST /xingrg/login.do HTTP/1.1" 302 -
116.235.244.24 - - [17/May/2024:10:57:13 +0800] "GET /xingrg/javascript/jquery_easy_ui/themes/default/easyui.css HTTP/1.1" 304 -
116.235.244.24 - - [17/May/2024:10:57:13 +0800] "GET /xingrg/javascript/jquery_easy_ui/themes/icon.css HTTP/1.1" 304 -
116.235.244.24 - - [17/May/2024:10:57:13 +0800] "GET /xingrg/css/form.css HTTP/1.1" 304 -
116.235.244.24 - - [17/May/2024:10:57:13 +0800] "GET /xingrg/index.html?sysBaseUrl=http%3A%2F%2F180.169.147.146%3A18081%2Fxingrg%2F&costTime=1066×tamp=1715914633134 HTTP/1.1" 200 17179
116.235.244.24 - - [17/May/2024:10:57:13 +0800] "GET /xingrg/javascript/jquery_easy_ui/easyui-lang-zh_CN.js HTTP/1.1" 304 -
116.235.244.24 - - [17/May/2024:10:57:13 +0800] "GET /xingrg/javascript/jquery-1.4.2.min.js HTTP/1.1" 304 -
116.235.244.24 - - [17/May/2024:10:57:13 +0800] "GET /xingrg/javascript/jquery.form.js HTTP/1.1" 304 -
116.235.244.24 - - [17/May/2024:10:57:13 +0800] "GET /xingrg/javascript/jquery_easy_ui/jquery.easyui.min.js HTTP/1.1" 304 -
116.235.244.24 - - [17/May/2024:10:57:13 +0800] "GET /xingrg/javascript/jquery.utils.js HTTP/1.1" 304 -
116.235.244.24 - - [17/May/2024:10:57:13 +0800] "GET /xingrg/javascript/jquery.timers.js HTTP/1.1" 304 -
116.235.244.24 - - [17/May/2024:10:57:13 +0800] "GET /favicon.ico HTTP/1.1" 404 -
116.235.244.24 - - [17/May/2024:10:57:13 +0800] "GET /xingrg/images/blue/navBackgound.jpg HTTP/1.1" 304 -
116.235.244.24 - - [17/May/2024:10:57:13 +0800] "GET /xingrg/javascript/jquery_easy_ui/themes/icons/settle_new.png HTTP/1.1" 304 -
116.235.244.24 - - [17/May/2024:10:57:13 +0800] "GET /xingrg/images/blue/pingpu.png HTTP/1.1" 304 -
116.235.244.24 - - [17/May/2024:10:57:13 +0800] "GET /xingrg/javascript/jquery_easy_ui/themes/default/images/tabs_leftarrow.png HTTP/1.1" 304 -
116.235.244.24 - - [17/May/2024:10:57:13 +0800] "GET /xingrg/javascript/jquery_easy_ui/themes/default/images/tabs_rightarrow.png HTTP/1.1" 304 -
116.235.244.24 - - [17/May/2024:10:57:13 +0800] "GET /xingrg/javascript/jquery_easy_ui/themes/default/images/panel_tool_collapse.gif HTTP/1.1" 304 -
116.235.244.24 - - [17/May/2024:10:57:13 +0800] "GET /xingrg/check_reg.html?_=1715914651335 HTTP/1.1" 200 22
116.235.244.24 - - [17/May/2024:10:57:13 +0800] "GET /xingrg/all/function/internal_message.html?_=1715914651334&CODE_STATE=count HTTP/1.1" 200 11
116.235.244.24 - - [17/May/2024:10:57:13 +0800] "POST /xingrg/load_menu.html HTTP/1.1" 200 5138
116.235.244.24 - - [17/May/2024:10:57:13 +0800] "POST /xingrg/all/common/load_tree.html?tree=area_rest_tree_json&manage=1 HTTP/1.1" 200 479
116.235.244.24 - - [17/May/2024:10:57:13 +0800] "GET /xingrg/javascript/jquery_easy_ui/themes/default/images/tree_arrows.gif HTTP/1.1" 304 -
116.235.244.24 - - [17/May/2024:10:57:13 +0800] "GET /xingrg/javascript/jquery_easy_ui/themes/default/images/tree_folder_open.gif HTTP/1.1" 304 -
116.235.244.24 - - [17/May/2024:10:57:13 +0800] "GET /xingrg/javascript/jquery_easy_ui/themes/icons/search_new.png HTTP/1.1" 304 -
116.235.244.24 - - [17/May/2024:10:57:13 +0800] "GET /xingrg/javascript/jquery_easy_ui/themes/default/images/tree_folder.gif HTTP/1.1" 304 -
116.235.244.24 - - [17/May/2024:10:57:13 +0800] "GET /xingrg/javascript/jquery_easy_ui/themes/icons/storage_new.png HTTP/1.1" 304 -
116.235.244.24 - - [17/May/2024:10:57:13 +0800] "GET /xingrg/javascript/jquery_easy_ui/themes/icons/forms_new.png HTTP/1.1" 304 -
116.235.244.24 - - [17/May/2024:10:57:13 +0800] "GET /xingrg/javascript/jquery_easy_ui/themes/default/images/tree_file.gif HTTP/1.1" 304 -
116.232.195.13 - - [17/May/2024:10:57:14 +0800] "GET /xingrg/kc/buy/cgsh_order_operate.html?command=get_materiel&rest_code=00155&code=00102001151&supplier_code=00100073&order_time=2024-05-17 HTTP/1.1" 200 412
116.238.97.31 - - [17/May/2024:10:57:15 +0800] "GET /xingrg/kc/base/wldb_order_operate.html?command=get_materiel&rest_code=00102&base_code=0010476&code=00101016060 HTTP/1.1" 200 464
221.239.170.140 - - [17/May/2024:10:57:17 +0800] "GET /xingrg/all/function/internal_message.html?_=1715914634961&CODE_STATE=getMsg HTTP/1.1" 302 -
116.238.97.31 - - [17/May/2024:10:57:20 +0800] "GET /xingrg/kc/base/wldb_order_operate.html?command=get_materiel&rest_code=00102&base_code=0010476&code=00101019358 HTTP/1.1" 200 459
180.156.239.18 - - [17/May/2024:10:57:20 +0800] "GET /xingrg/kc/buy/cgsh_order_operate.html?command=get_materiel&rest_code=00150&code=00101010785&supplier_code=00100547&order_time=2024-05-17 HTTP/1.1" 200 461
222.70.183.82 - - [17/May/2024:10:57:22 +0800] "GET /xingrg/all/function/internal_message.html?_=1715914640042&CODE_STATE=getMsg HTTP/1.1" 200 27
180.156.239.18 - - [17/May/2024:10:57:23 +0800] "GET /xingrg/all/function/internal_message.html?_=1715914642154&CODE_STATE=getMsg HTTP/1.1" 302 -
116.238.97.31 - - [17/May/2024:10:57:25 +0800] "GET /xingrg/kc/base/wldb_order_operate.html?command=get_materiel&rest_code=00102&base_code=0010476&code=00101016028 HTTP/1.1" 200 431
180.164.6.225 - - [17/May/2024:10:57:25 +0800] "GET /xingrg/all/function/internal_message.html?_=1715914644500&CODE_STATE=getMsg HTTP/1.1" 302 -
116.238.97.31 - - [17/May/2024:10:57:28 +0800] "GET /xingrg/kc/base/wldb_order_operate.html?command=get_materiel&rest_code=00102&base_code=0010476&code=00101019134 HTTP/1.1" 200 480
120.253.135.82 - - [17/May/2024:10:57:33 +0800] "GET /xingrg/all/function/internal_message.html?_=1715914504616&CODE_STATE=getMsg HTTP/1.1" 302 -
222.70.183.82 - - [17/May/2024:10:57:36 +0800] "GET /xingrg/kc/buy/cgsh_order_operate.html?command=get_materiel&rest_code=00111&code=00101006055&supplier_code=00100096&order_time=2024-05-17 HTTP/1.1" 200 411
116.238.97.31 - - [17/May/2024:10:57:38 +0800] "GET /xingrg/kc/base/wldb_order_operate.html?command=get_materiel&rest_code=00102&base_code=0010476&code=00101019187 HTTP/1.1" 200 479
180.169.147.146 - - [17/May/2024:10:57:38 +0800] "GET /favicon.ico HTTP/1.1" 404 -
124.78.152.42 - - [17/May/2024:10:57:39 +0800] "GET /xingrg/all/function/internal_message.html?_=1715914643075&CODE_STATE=getMsg HTTP/1.1" 200 27
222.67.233.39 - - [17/May/2024:10:57:43 +0800] "GET /xingrg/all/function/internal_message.html?_=1715914663974&CODE_STATE=getMsg HTTP/1.1" 302 -
116.232.195.13 - - [17/May/2024:10:57:45 +0800] "GET /xingrg/all/function/internal_message.html?_=1715914629636&CODE_STATE=getMsg HTTP/1.1" 200 27
180.169.147.146 - - [17/May/2024:10:57:50 +0800] "GET /xingrg/all/function/internal_message.html?_=1715914670813&CODE_STATE=getMsg HTTP/1.1" 200 27
116.235.244.24 - - [17/May/2024:10:57:51 +0800] "GET /xingrg/login.html HTTP/1.1" 200 7641
116.235.244.24 - - [17/May/2024:10:57:51 +0800] "GET /favicon.ico HTTP/1.1" 404 -
116.238.97.31 - - [17/May/2024:10:57:52 +0800] "GET /xingrg/kc/base/wldb_order_operate.html?command=get_materiel&rest_code=00102&base_code=0010476&code=00101019438 HTTP/1.1" 200 460
116.232.195.13 - - [17/May/2024:10:57:59 +0800] "POST /xingrg/kc/buy/cgsh_order_operate.html HTTP/1.1" 200 37
116.235.244.24 - - [17/May/2024:10:58:00 +0800] "POST /xingrg/login.do HTTP/1.1" 302 -
116.235.244.24 - - [17/May/2024:10:58:00 +0800] "GET /xingrg/index.html?sysBaseUrl=http%3A%2F%2F180.169.147.146%3A18081%2Fxingrg%2F&costTime=993×tamp=1715914680006 HTTP/1.1" 200 17503
180.156.239.18 - - [17/May/2024:10:58:00 +0800] "GET /xingrg/all/function/internal_message.html?_=1715914680093&CODE_STATE=getMsg HTTP/1.1" 200 27
116.235.244.24 - - [17/May/2024:10:58:00 +0800] "GET /xingrg/css/form.css HTTP/1.1" 304 -
116.235.244.24 - - [17/May/2024:10:58:00 +0800] "GET /xingrg/javascript/jquery_easy_ui/themes/default/easyui.css HTTP/1.1" 304 -
116.235.244.24 - - [17/May/2024:10:58:00 +0800] "GET /xingrg/javascript/jquery_easy_ui/themes/icon.css HTTP/1.1" 304 -
116.235.244.24 - - [17/May/2024:10:58:00 +0800] "GET /xingrg/javascript/jquery-1.4.2.min.js HTTP/1.1" 304 -
116.235.244.24 - - [17/May/2024:10:58:00 +0800] "GET /xingrg/javascript/jquery.form.js HTTP/1.1" 304 -
116.235.244.24 - - [17/May/2024:10:58:00 +0800] "GET /xingrg/javascript/jquery_easy_ui/easyui-lang-zh_CN.js HTTP/1.1" 304 -
116.235.244.24 - - [17/May/2024:10:58:00 +0800] "GET /xingrg/javascript/jquery.utils.js HTTP/1.1" 304 -
116.235.244.24 - - [17/May/2024:10:58:00 +0800] "GET /xingrg/javascript/jquery.timers.js HTTP/1.1" 304 -
116.235.244.24 - - [17/May/2024:10:58:00 +0800] "GET /xingrg/javascript/jquery_easy_ui/jquery.easyui.min.js HTTP/1.1" 304 -
116.235.244.24 - - [17/May/2024:10:58:00 +0800] "GET /favicon.ico HTTP/1.1" 404 -
116.235.244.24 - - [17/May/2024:10:58:00 +0800] "GET /xingrg/javascript/jquery_easy_ui/themes/default/images/panel_tool_expand.gif HTTP/1.1" 304 -
116.235.244.24 - - [17/May/2024:10:58:00 +0800] "POST /xingrg/all/common/load_tree.html?tree=area_rest_tree_json&manage=1 HTTP/1.1" 200 2231
116.235.244.24 - - [17/May/2024:10:58:00 +0800] "GET /xingrg/check_reg.html?_=1715914695508 HTTP/1.1" 200 22
116.235.244.24 - - [17/May/2024:10:58:00 +0800] "GET /xingrg/all/function/internal_message.html?_=1715914695506&CODE_STATE=count HTTP/1.1" 200 11
116.235.244.24 - - [17/May/2024:10:58:00 +0800] "POST /xingrg/load_menu.html HTTP/1.1" 200 11564
116.235.244.24 - - [17/May/2024:10:58:00 +0800] "GET /xingrg/javascript/jquery_easy_ui/themes/icons/delivery_new.png HTTP/1.1" 304 -
116.235.244.24 - - [17/May/2024:10:58:00 +0800] "GET /xingrg/javascript/jquery_easy_ui/themes/icons/checkout_new.png HTTP/1.1" 304 -
116.235.244.24 - - [17/May/2024:10:58:00 +0800] "GET /xingrg/javascript/jquery_easy_ui/themes/icons/setting_new.png HTTP/1.1" 304 -
116.235.244.24 - - [17/May/2024:10:58:00 +0800] "GET /xingrg/javascript/jquery_easy_ui/themes/icons/systemset_new.png HTTP/1.1" 304 -
116.232.195.13 - - [17/May/2024:10:58:01 +0800] "POST /xingrg/kc/buy/cgsh_order_operate.html HTTP/1.1" 200 4427
116.235.244.24 - - [17/May/2024:10:58:01 +0800] "GET /xingrg/javascript/jquery_easy_ui/themes/icons/manage.png HTTP/1.1" 304 -
116.235.244.24 - - [17/May/2024:10:58:01 +0800] "GET /xingrg/javascript/jquery_easy_ui/themes/default/images/panel_tools.gif HTTP/1.1" 304 -
116.235.244.24 - - [17/May/2024:10:58:02 +0800] "GET /xingrg/javascript/jquery_easy_ui/themes/default/images/panel_title.png HTTP/1.1" 304 -
116.232.195.13 - - [17/May/2024:10:58:02 +0800] "GET /xingrg/kc/print/load_config.html?kc_code=cgsh HTTP/1.1" 200 1927
116.232.195.13 - - [17/May/2024:10:58:03 +0800] "GET /xingrg/kc/print/load_data.html?order_code=212024051704735&kc_code=cgsh&condition= HTTP/1.1" 200 1397
116.235.244.24 - - [17/May/2024:10:58:04 +0800] "POST /xingrg/all/user/operate.html HTTP/1.1" 200 36
116.235.244.24 - - [17/May/2024:10:58:04 +0800] "GET /xingrg/index.html?sysBaseUrl=http%3A%2F%2F180.169.147.146%3A18081%2Fxingrg%2F&costTime=993×tamp=1715914680006 HTTP/1.1" 200 17503
116.235.244.24 - - [17/May/2024:10:58:04 +0800] "GET /xingrg/javascript/jquery_easy_ui/themes/default/easyui.css HTTP/1.1" 304 -
116.235.244.24 - - [17/May/2024:10:58:04 +0800] "GET /xingrg/javascript/jquery_easy_ui/themes/icon.css HTTP/1.1" 304 -
116.235.244.24 - - [17/May/2024:10:58:04 +0800] "GET /xingrg/css/form.css HTTP/1.1" 304 -
116.235.244.24 - - [17/May/2024:10:58:04 +0800] "GET /xingrg/javascript/jquery-1.4.2.min.js HTTP/1.1" 304 -
116.235.244.24 - - [17/May/2024:10:58:04 +0800] "GET /xingrg/javascript/jquery_easy_ui/jquery.easyui.min.js HTTP/1.1" 304 -
116.235.244.24 - - [17/May/2024:10:58:04 +0800] "GET /xingrg/javascript/jquery_easy_ui/easyui-lang-zh_CN.js HTTP/1.1" 304 -
116.235.244.24 - - [17/May/2024:10:58:04 +0800] "GET /xingrg/javascript/jquery.form.js HTTP/1.1" 304 -
116.235.244.24 - - [17/May/2024:10:58:04 +0800] "GET /xingrg/javascript/jquery.utils.js HTTP/1.1" 304 -
116.235.244.24 - - [17/May/2024:10:58:04 +0800] "GET /xingrg/javascript/jquery.timers.js HTTP/1.1" 304 -
116.235.244.24 - - [17/May/2024:10:58:04 +0800] "GET /xingrg/images/blue/jxLogo.png HTTP/1.1" 304 -
116.235.244.24 - - [17/May/2024:10:58:04 +0800] "GET /xingrg/images/blue/navBackgound.jpg HTTP/1.1" 304 -
116.235.244.24 - - [17/May/2024:10:58:04 +0800] "GET /xingrg/javascript/jquery_easy_ui/themes/icons/settle_new.png HTTP/1.1" 304 -
116.235.244.24 - - [17/May/2024:10:58:04 +0800] "GET /xingrg/images/blue/pingpu.png HTTP/1.1" 304 -
116.235.244.24 - - [17/May/2024:10:58:04 +0800] "GET /xingrg/javascript/jquery_easy_ui/themes/default/images/tabs_leftarrow.png HTTP/1.1" 304 -
116.235.244.24 - - [17/May/2024:10:58:04 +0800] "GET /xingrg/javascript/jquery_easy_ui/themes/default/images/tabs_rightarrow.png HTTP/1.1" 304 -
116.235.244.24 - - [17/May/2024:10:58:04 +0800] "GET /xingrg/javascript/jquery_easy_ui/themes/default/images/panel_tool_collapse.gif HTTP/1.1" 304 -
116.235.244.24 - - [17/May/2024:10:58:04 +0800] "GET /xingrg/javascript/jquery_easy_ui/themes/default/images/panel_tool_expand.gif HTTP/1.1" 304 -
116.235.244.24 - - [17/May/2024:10:58:04 +0800] "GET /xingrg/all/function/internal_message.html?_=1715914699933&CODE_STATE=count HTTP/1.1" 200 11
116.235.244.24 - - [17/May/2024:10:58:04 +0800] "GET /xingrg/check_reg.html?_=1715914699934 HTTP/1.1" 200 22
116.235.244.24 - - [17/May/2024:10:58:04 +0800] "GET /xingrg/javascript/jquery_easy_ui/themes/default/images/tabs_close.gif HTTP/1.1" 304 -
116.235.244.24 - - [17/May/2024:10:58:04 +0800] "POST /xingrg/all/common/load_tree.html?tree=area_rest_tree_json&manage=1 HTTP/1.1" 200 2231
116.235.244.24 - - [17/May/2024:10:58:05 +0800] "POST /xingrg/load_menu.html HTTP/1.1" 200 9959
116.235.244.24 - - [17/May/2024:10:58:05 +0800] "GET /xingrg/kc/base/check_order_list.html HTTP/1.1" 200 16299
116.235.244.24 - - [17/May/2024:10:58:05 +0800] "GET /xingrg/css/base.css HTTP/1.1" 304 -
116.235.244.24 - - [17/May/2024:10:58:05 +0800] "GET /xingrg/css/site.css HTTP/1.1" 304 -
116.235.244.24 - - [17/May/2024:10:58:05 +0800] "GET /xingrg/javascript/easyui/themes/icon.css HTTP/1.1" 304 -
116.235.244.24 - - [17/May/2024:10:58:05 +0800] "GET /xingrg/javascript/jquery_tools/fix.css HTTP/1.1" 304 -
116.235.244.24 - - [17/May/2024:10:58:05 +0800] "GET /xingrg/javascript/auto/jquery.autocomplete.css HTTP/1.1" 304 -
116.235.244.24 - - [17/May/2024:10:58:05 +0800] "GET /xingrg/javascript/jquery_tools/jquery.tools.min.js HTTP/1.1" 304 -
116.235.244.24 - - [17/May/2024:10:58:05 +0800] "GET /xingrg/javascript/jquery_tools/table.css HTTP/1.1" 304 -
116.235.244.24 - - [17/May/2024:10:58:05 +0800] "GET /xingrg/javascript/jquery_tools/jquery.tools.hotkey.js HTTP/1.1" 304 -
116.235.244.24 - - [17/May/2024:10:58:05 +0800] "GET /xingrg/javascript/jquery_tools/jquery.tools.table.js HTTP/1.1" 304 -
116.235.244.24 - - [17/May/2024:10:58:05 +0800] "GET /xingrg/javascript/jquery_tools/list_manager.js HTTP/1.1" 304 -
116.235.244.24 - - [17/May/2024:10:58:05 +0800] "GET /xingrg/javascript/jquery_tools/datebox.css HTTP/1.1" 304 -
116.235.244.24 - - [17/May/2024:10:58:05 +0800] "GET /xingrg/javascript/auto/jquery.autocomplete.js HTTP/1.1" 304 -
116.235.244.24 - - [17/May/2024:10:58:05 +0800] "GET /xingrg/javascript/jquery.cookie.js HTTP/1.1" 304 -
116.235.244.24 - - [17/May/2024:10:58:05 +0800] "GET /xingrg/javascript/jquery_tools/jquery.tools.extend.js HTTP/1.1" 304 -
116.235.244.24 - - [17/May/2024:10:58:05 +0800] "GET /xingrg/javascript/easyui/easyloader.js HTTP/1.1" 304 -
116.235.244.24 - - [17/May/2024:10:58:05 +0800] "GET /xingrg/javascript/easyui/themes/default/easyui.css HTTP/1.1" 304 -
116.235.244.24 - - [17/May/2024:10:58:05 +0800] "GET /xingrg/javascript/easyui/themes/icons/edit_add_new.png HTTP/1.1" 304 -
116.235.244.24 - - [17/May/2024:10:58:05 +0800] "GET /xingrg/javascript/easyui/themes/icons/cance_new.png HTTP/1.1" 304 -
116.235.244.24 - - [17/May/2024:10:58:05 +0800] "GET /xingrg/javascript/easyui/themes/icons/check_new.png HTTP/1.1" 304 -
116.235.244.24 - - [17/May/2024:10:58:05 +0800] "GET /xingrg/javascript/easyui/themes/icons/field_new.png HTTP/1.1" 304 -
116.235.244.24 - - [17/May/2024:10:58:05 +0800] "GET /xingrg/javascript/easyui/plugins/jquery.parser.js HTTP/1.1" 304 -
116.235.244.24 - - [17/May/2024:10:58:05 +0800] "GET /xingrg/images/control/ajaxLoader.gif HTTP/1.1" 304 -
116.235.244.24 - - [17/May/2024:10:58:05 +0800] "POST /xingrg/kc/base/check_list_operate.html HTTP/1.1" 200 781
116.238.97.31 - - [17/May/2024:10:58:05 +0800] "GET /xingrg/all/function/internal_message.html?_=1715914687746&CODE_STATE=getMsg HTTP/1.1" 200 27
116.235.244.24 - - [17/May/2024:10:58:07 +0800] "GET /xingrg/kc/buy/cgsh_order_list.html HTTP/1.1" 200 59035
116.235.244.24 - - [17/May/2024:10:58:07 +0800] "GET /xingrg/css/base.css HTTP/1.1" 304 -
116.235.244.24 - - [17/May/2024:10:58:07 +0800] "GET /xingrg/css/site.css HTTP/1.1" 304 -
116.235.244.24 - - [17/May/2024:10:58:07 +0800] "GET /xingrg/javascript/jquery_tools/datebox.css HTTP/1.1" 304 -
116.235.244.24 - - [17/May/2024:10:58:07 +0800] "GET /xingrg/javascript/easyui/themes/default/easyui.css HTTP/1.1" 304 -
116.235.244.24 - - [17/May/2024:10:58:07 +0800] "GET /xingrg/javascript/easyui/themes/icon.css HTTP/1.1" 304 -
116.235.244.24 - - [17/May/2024:10:58:07 +0800] "GET /xingrg/javascript/jquery_tools/fix.css HTTP/1.1" 304 -
116.235.244.24 - - [17/May/2024:10:58:07 +0800] "GET /xingrg/javascript/auto/jquery.autocomplete.css HTTP/1.1" 304 -
116.235.244.24 - - [17/May/2024:10:58:07 +0800] "GET /xingrg/javascript/jquery_tools/table.css HTTP/1.1" 304 -
116.235.244.24 - - [17/May/2024:10:58:07 +0800] "GET /xingrg/javascript/jquery_tools/jquery.tools.extend.js HTTP/1.1" 304 -
116.235.244.24 - - [17/May/2024:10:58:07 +0800] "GET /xingrg/javascript/jquery_tools/jquery.tools.table.js HTTP/1.1" 304 -
116.235.244.24 - - [17/May/2024:10:58:07 +0800] "GET /xingrg/javascript/jquery_tools/jquery.tools.hotkey.js HTTP/1.1" 304 -
116.235.244.24 - - [17/May/2024:10:58:07 +0800] "GET /xingrg/javascript/easyui/easyloader.js HTTP/1.1" 304 -
116.235.244.24 - - [17/May/2024:10:58:07 +0800] "GET /xingrg/javascript/auto/jquery.autocomplete.js HTTP/1.1" 304 -
116.235.244.24 - - [17/May/2024:10:58:07 +0800] "GET /xingrg/javascript/jquery_tools/jquery.tools.min.js HTTP/1.1" 304 -
116.235.244.24 - - [17/May/2024:10:58:07 +0800] "GET /xingrg/javascript/jquery.cookie.js HTTP/1.1" 304 -
116.235.244.24 - - [17/May/2024:10:58:07 +0800] "GET /xingrg/javascript/jquery_tools/list_manager.js HTTP/1.1" 304 -
116.235.244.24 - - [17/May/2024:10:58:07 +0800] "GET /xingrg/javascript/print/LodopFuncs.js HTTP/1.1" 304 -
116.235.244.24 - - [17/May/2024:10:58:08 +0800] "GET /xingrg/kc/base/check_order_list.html HTTP/1.1" 200 16299
116.235.244.24 - - [17/May/2024:10:58:08 +0800] "GET /xingrg/javascript/easyui/themes/icons/uncheck_new.png HTTP/1.1" 304 -
101.83.144.49 - - [17/May/2024:10:58:08 +0800] "GET /xingrg/all/function/internal_message.html?_=1715914434496&CODE_STATE=getMsg HTTP/1.1" 200 27
116.235.244.24 - - [17/May/2024:10:58:08 +0800] "GET /xingrg/javascript/easyui/plugins/jquery.parser.js HTTP/1.1" 304 -
116.235.244.24 - - [17/May/2024:10:58:08 +0800] "POST /xingrg/kc/base/check_list_operate.html HTTP/1.1" 200 781
124.78.152.42 - - [17/May/2024:10:58:09 +0800] "GET /xingrg/all/function/internal_message.html?_=1715914690423&CODE_STATE=getMsg HTTP/1.1" 200 27
222.70.183.82 - - [17/May/2024:10:58:10 +0800] "GET /xingrg/all/function/internal_message.html?_=1715914688505&CODE_STATE=getMsg HTTP/1.1" 200 27
124.79.240.51 - - [17/May/2024:10:58:11 +0800] "GET /xingrg/all/function/internal_message.html?_=1715914732494&CODE_STATE=getMsg HTTP/1.1" 302 -
114.83.217.213 - - [17/May/2024:10:58:11 +0800] "GET /xingrg/all/function/internal_message.html?_=1715914687820&CODE_STATE=getMsg HTTP/1.1" 200 27
116.235.244.24 - - [17/May/2024:10:58:12 +0800] "GET /xingrg/kc/base/check_order_list.html HTTP/1.1" 200 16299
116.235.244.24 - - [17/May/2024:10:58:12 +0800] "POST /xingrg/kc/base/check_list_operate.html HTTP/1.1" 200 781
116.235.244.24 - - [17/May/2024:10:58:13 +0800] "GET /xingrg/all/function/internal_message.html?_=1715914711349&CODE_STATE=getMsg HTTP/1.1" 200 27
116.238.97.31 - - [17/May/2024:10:58:13 +0800] "POST /xingrg/kc/base/wldb_order_operate.html HTTP/1.1" 200 37
221.239.170.140 - - [17/May/2024:10:58:17 +0800] "GET /xingrg/all/function/internal_message.html?_=1715914694954&CODE_STATE=getMsg HTTP/1.1" 302 -
116.238.97.31 - - [17/May/2024:10:58:21 +0800] "POST /xingrg/kc/base/wldb_order_operate.html HTTP/1.1" 200 12
116.238.97.31 - - [17/May/2024:10:58:21 +0800] "POST /xingrg/kc/base/wldb_order_operate.html HTTP/1.1" 200 5194
222.70.183.82 - - [17/May/2024:10:58:22 +0800] "GET /xingrg/all/function/internal_message.html?_=1715914700095&CODE_STATE=getMsg HTTP/1.1" 200 27
180.156.239.18 - - [17/May/2024:10:58:22 +0800] "GET /xingrg/check_reg.html?_=1715914701827 HTTP/1.1" 302 -
116.238.97.31 - - [17/May/2024:10:58:23 +0800] "GET /xingrg/kc/base/wldb_order_info.html?code=422024051701136 HTTP/1.1" 200 26535
180.156.239.18 - - [17/May/2024:10:58:23 +0800] "GET /xingrg/all/function/internal_message.html?_=1715914702170&CODE_STATE=getMsg HTTP/1.1" 302 -
116.238.97.31 - - [17/May/2024:10:58:23 +0800] "GET /xingrg/javascript/easyui/themes/default/validatebox.css HTTP/1.1" 404 1104
116.238.97.31 - - [17/May/2024:10:58:23 +0800] "POST /xingrg/kc/base/wldb_order_operate.html HTTP/1.1" 200 3423
116.238.97.31 - - [17/May/2024:10:58:25 +0800] "GET /xingrg/kc/base/wldb_order_add.html HTTP/1.1" 200 30658
116.238.97.31 - - [17/May/2024:10:58:25 +0800] "POST /xingrg/kc/base/wldb_order_operate.html HTTP/1.1" 200 6806
116.238.97.31 - - [17/May/2024:10:58:25 +0800] "GET /xingrg/javascript/easyui/themes/default/validatebox.css HTTP/1.1" 404 1104
180.164.6.225 - - [17/May/2024:10:58:25 +0800] "GET /xingrg/check_reg.html?_=1715914704496 HTTP/1.1" 302 -
180.164.6.225 - - [17/May/2024:10:58:25 +0800] "GET /xingrg/all/function/internal_message.html?_=1715914704499&CODE_STATE=getMsg HTTP/1.1" 302 -
116.238.97.31 - - [17/May/2024:10:58:26 +0800] "POST /xingrg/all/common/load_combo.html?type=base HTTP/1.1" 200 3321
116.232.195.13 - - [17/May/2024:10:58:27 +0800] "GET /xingrg/kc/buy/cgsh_order_add.html HTTP/1.1" 200 74681
116.232.195.13 - - [17/May/2024:10:58:27 +0800] "POST /xingrg/kc/buy/cgsh_order_operate.html HTTP/1.1" 200 8245
116.232.195.13 - - [17/May/2024:10:58:27 +0800] "GET /xingrg/javascript/easyui/themes/default/validatebox.css HTTP/1.1" 404 1104
116.238.97.31 - - [17/May/2024:10:58:28 +0800] "POST /xingrg/all/common/load_combo.html?type=base HTTP/1.1" 200 3321
222.70.183.82 - - [17/May/2024:10:58:28 +0800] "GET /xingrg/kc/buy/cgsh_order_operate.html?command=get_materiel&rest_code=00111&code=00101006128&supplier_code=00100096&order_time=2024-05-17 HTTP/1.1" 200 435
124.78.152.42 - - [17/May/2024:10:58:31 +0800] "GET /xingrg/all/function/internal_message.html?_=1715914703055&CODE_STATE=getMsg HTTP/1.1" 200 27
120.253.135.82 - - [17/May/2024:10:58:33 +0800] "GET /xingrg/all/function/internal_message.html?_=1715914564620&CODE_STATE=getMsg HTTP/1.1" 302 -
116.238.97.31 - - [17/May/2024:10:58:34 +0800] "GET /xingrg/kc/base/wldb_order_operate.html?command=get_materiel&rest_code=00102&base_code=0010476&code=00101019111 HTTP/1.1" 200 467
116.238.97.31 - - [17/May/2024:10:58:41 +0800] "POST /xingrg/kc/base/wldb_order_operate.html HTTP/1.1" 200 37
222.67.233.39 - - [17/May/2024:10:58:43 +0800] "GET /xingrg/all/function/internal_message.html?_=1715914723968&CODE_STATE=getMsg HTTP/1.1" 302 -
116.232.195.13 - - [17/May/2024:10:58:45 +0800] "GET /xingrg/all/function/internal_message.html?_=1715914689632&CODE_STATE=getMsg HTTP/1.1" 200 27
116.232.195.13 - - [17/May/2024:10:58:45 +0800] "GET /xingrg/check_reg.html?_=1715914689638 HTTP/1.1" 200 22
116.235.244.24 - - [17/May/2024:10:58:46 +0800] "POST /xingrg/kc/buy/cgsh_list_operate.html HTTP/1.1" 200 4056
116.238.97.31 - - [17/May/2024:10:58:47 +0800] "POST /xingrg/kc/base/wldb_order_operate.html HTTP/1.1" 200 12
116.238.97.31 - - [17/May/2024:10:58:47 +0800] "POST /xingrg/kc/base/wldb_order_operate.html HTTP/1.1" 200 2209
116.238.97.31 - - [17/May/2024:10:58:49 +0800] "GET /xingrg/kc/base/wldb_order_info.html?code=422024051701137 HTTP/1.1" 200 26531
116.238.97.31 - - [17/May/2024:10:58:49 +0800] "GET /xingrg/javascript/easyui/themes/default/validatebox.css HTTP/1.1" 404 1104
116.238.97.31 - - [17/May/2024:10:58:49 +0800] "POST /xingrg/kc/base/wldb_order_operate.html HTTP/1.1" 200 504
180.169.147.146 - - [17/May/2024:10:58:50 +0800] "GET /xingrg/all/function/internal_message.html?_=1715914730819&CODE_STATE=getMsg HTTP/1.1" 200 27
116.238.97.31 - - [17/May/2024:10:58:51 +0800] "GET /xingrg/kc/base/wldb_order_add.html HTTP/1.1" 200 30658
116.238.97.31 - - [17/May/2024:10:58:51 +0800] "POST /xingrg/kc/base/wldb_order_operate.html HTTP/1.1" 200 6806
116.238.97.31 - - [17/May/2024:10:58:51 +0800] "GET /xingrg/javascript/easyui/themes/default/validatebox.css HTTP/1.1" 404 1104
116.232.195.13 - - [17/May/2024:10:58:52 +0800] "GET /xingrg/javascript/jquery_easy_ui/themes/icons/rest.png HTTP/1.1" 200 695
116.232.195.13 - - [17/May/2024:10:58:52 +0800] "GET /xingrg/javascript/jquery_easy_ui/themes/icons/area.png HTTP/1.1" 200 262
116.238.97.31 - - [17/May/2024:10:58:52 +0800] "POST /xingrg/all/common/load_combo.html?type=base HTTP/1.1" 200 3321
222.70.183.82 - - [17/May/2024:10:58:54 +0800] "GET /xingrg/kc/buy/cgsh_order_operate.html?command=get_materiel&rest_code=00111&code=00101006193&supplier_code=00100096&order_time=2024-05-17 HTTP/1.1" 200 409
116.235.244.24 - - [17/May/2024:10:58:54 +0800] "POST /xingrg/kc/buy/cgsh_list_operate.html HTTP/1.1" 200 371
116.238.97.31 - - [17/May/2024:10:58:55 +0800] "POST /xingrg/all/common/load_combo.html?type=base HTTP/1.1" 200 3321
116.238.97.31 - - [17/May/2024:10:58:59 +0800] "GET /xingrg/check_reg.html?_=1715914740934 HTTP/1.1" 200 22
180.156.239.18 - - [17/May/2024:10:59:00 +0800] "GET /xingrg/all/function/internal_message.html?_=1715914740096&CODE_STATE=getMsg HTTP/1.1" 200 27
116.238.97.31 - - [17/May/2024:10:59:01 +0800] "GET /xingrg/kc/base/wldb_order_operate.html?command=get_materiel&rest_code=00102&base_code=0010476&code=00101013221 HTTP/1.1" 200 433
116.232.195.13 - - [17/May/2024:10:59:02 +0800] "GET /xingrg/kc/buy/cgsh_order_operate.html?command=get_materiel&rest_code=00155&code=00101006056&supplier_code=00100012&order_time=2024-05-17 HTTP/1.1" 200 413
116.235.244.24 - - [17/May/2024:10:59:04 +0800] "GET /xingrg/all/function/internal_message.html?_=1715914759947&CODE_STATE=getMsg HTTP/1.1" 200 27
116.238.97.31 - - [17/May/2024:10:59:07 +0800] "POST /xingrg/kc/base/wldb_order_operate.html HTTP/1.1" 200 37
101.83.144.49 - - [17/May/2024:10:59:08 +0800] "GET /xingrg/all/function/internal_message.html?_=1715914494500&CODE_STATE=getMsg HTTP/1.1" 200 27
124.78.152.42 - - [17/May/2024:10:59:09 +0800] "GET /xingrg/check_reg.html?_=1715914750422 HTTP/1.1" 200 22
124.78.152.42 - - [17/May/2024:10:59:09 +0800] "GET /xingrg/all/function/internal_message.html?_=1715914750423&CODE_STATE=getMsg HTTP/1.1" 200 27
222.70.183.82 - - [17/May/2024:10:59:10 +0800] "GET /xingrg/all/function/internal_message.html?_=1715914748504&CODE_STATE=getMsg HTTP/1.1" 200 27
222.70.183.82 - - [17/May/2024:10:59:10 +0800] "GET /xingrg/check_reg.html?_=1715914748505 HTTP/1.1" 200 22
124.79.240.51 - - [17/May/2024:10:59:11 +0800] "GET /xingrg/all/function/internal_message.html?_=1715914792492&CODE_STATE=getMsg HTTP/1.1" 302 -
114.83.217.213 - - [17/May/2024:10:59:11 +0800] "GET /xingrg/all/function/internal_message.html?_=1715914747819&CODE_STATE=getMsg HTTP/1.1" 200 27
222.70.183.82 - - [17/May/2024:10:59:12 +0800] "GET /xingrg/kc/buy/cgsh_order_operate.html?command=get_materiel&rest_code=00111&code=00101007022&supplier_code=00100096&order_time=2024-05-17 HTTP/1.1" 200 415
116.235.244.24 - - [17/May/2024:10:59:13 +0800] "GET /xingrg/all/function/internal_message.html?_=1715914771369&CODE_STATE=getMsg HTTP/1.1" 200 27
101.83.144.49 - - [17/May/2024:10:59:13 +0800] "POST /xingrg/kc/buy/cgsh_list_operate.html HTTP/1.1" 200 3851
116.238.97.31 - - [17/May/2024:10:59:13 +0800] "POST /xingrg/kc/base/wldb_order_operate.html HTTP/1.1" 200 12
116.238.97.31 - - [17/May/2024:10:59:13 +0800] "POST /xingrg/kc/base/wldb_order_operate.html HTTP/1.1" 200 2182
116.232.195.13 - - [17/May/2024:10:59:14 +0800] "GET /xingrg/kc/buy/cgsh_order_operate.html?command=get_materiel&rest_code=00155&code=00101006057&supplier_code=00100012&order_time=2024-05-17 HTTP/1.1" 200 413
116.238.97.31 - - [17/May/2024:10:59:14 +0800] "GET /xingrg/kc/base/wldb_order_info.html?code=422024051701138 HTTP/1.1" 200 26534
116.238.97.31 - - [17/May/2024:10:59:15 +0800] "GET /xingrg/words/20240517094214_words.js HTTP/1.1" 304 -
116.238.97.31 - - [17/May/2024:10:59:15 +0800] "GET /xingrg/javascript/easyui/themes/default/validatebox.css HTTP/1.1" 404 1104
116.238.97.31 - - [17/May/2024:10:59:15 +0800] "POST /xingrg/kc/base/wldb_order_operate.html HTTP/1.1" 200 477
116.238.97.31 - - [17/May/2024:10:59:17 +0800] "GET /xingrg/kc/base/wldb_order_add.html HTTP/1.1" 200 30658
116.238.97.31 - - [17/May/2024:10:59:17 +0800] "POST /xingrg/kc/base/wldb_order_operate.html HTTP/1.1" 200 6806
221.239.170.140 - - [17/May/2024:10:59:17 +0800] "GET /xingrg/all/function/internal_message.html?_=1715914754941&CODE_STATE=getMsg HTTP/1.1" 302 -
116.238.97.31 - - [17/May/2024:10:59:17 +0800] "GET /xingrg/javascript/easyui/themes/default/validatebox.css HTTP/1.1" 404 1104
116.238.97.31 - - [17/May/2024:10:59:18 +0800] "POST /xingrg/all/common/load_combo.html?type=base HTTP/1.1" 200 3321
116.238.97.31 - - [17/May/2024:10:59:20 +0800] "POST /xingrg/all/common/load_combo.html?type=base HTTP/1.1" 200 3321
222.70.183.82 - - [17/May/2024:10:59:22 +0800] "GET /xingrg/all/function/internal_message.html?_=1715914760077&CODE_STATE=getMsg HTTP/1.1" 200 27
180.156.239.18 - - [17/May/2024:10:59:23 +0800] "GET /xingrg/all/function/internal_message.html?_=1715914762172&CODE_STATE=getMsg HTTP/1.1" 302 -
116.232.195.13 - - [17/May/2024:10:59:24 +0800] "GET /xingrg/kc/buy/cgsh_order_operate.html?command=get_materiel&rest_code=00155&code=00101011007&supplier_code=00100012&order_time=2024-05-17 HTTP/1.1" 200 414
222.70.183.82 - - [17/May/2024:10:59:25 +0800] "GET /xingrg/kc/buy/cgsh_order_operate.html?command=get_materiel&rest_code=00111&code=00101007085&supplier_code=00100096&order_time=2024-05-17 HTTP/1.1" 200 413
180.164.6.225 - - [17/May/2024:10:59:25 +0800] "GET /xingrg/all/function/internal_message.html?_=1715914764499&CODE_STATE=getMsg HTTP/1.1" 302 -
116.238.97.31 - - [17/May/2024:10:59:27 +0800] "GET /xingrg/kc/base/wldb_order_operate.html?command=get_materiel&rest_code=00102&base_code=0010476&code=00101019027 HTTP/1.1" 200 475
124.78.152.42 - - [17/May/2024:10:59:31 +0800] "GET /xingrg/all/function/internal_message.html?_=1715914763026&CODE_STATE=getMsg HTTP/1.1" 200 27
116.238.97.31 - - [17/May/2024:10:59:31 +0800] "GET /xingrg/kc/base/wldb_order_operate.html?command=get_materiel&rest_code=00102&base_code=0010476&code=00101019400 HTTP/1.1" 200 465
120.253.135.82 - - [17/May/2024:10:59:33 +0800] "GET /xingrg/all/function/internal_message.html?_=1715914624632&CODE_STATE=getMsg HTTP/1.1" 302 -
116.235.244.24 - - [17/May/2024:10:59:34 +0800] "POST /xingrg/kc/buy/cgsh_list_operate.html HTTP/1.1" 200 3851
116.238.97.31 - - [17/May/2024:10:59:34 +0800] "GET /xingrg/kc/base/wldb_order_operate.html?command=get_materiel&rest_code=00102&base_code=0010476&code=00101019185 HTTP/1.1" 200 469
116.232.195.13 - - [17/May/2024:10:59:36 +0800] "GET /xingrg/kc/buy/cgsh_order_operate.html?command=get_materiel&rest_code=00155&code=00101011010&supplier_code=00100012&order_time=2024-05-17 HTTP/1.1" 200 418
116.238.97.31 - - [17/May/2024:10:59:37 +0800] "GET /xingrg/kc/base/wldb_order_operate.html?command=get_materiel&rest_code=00102&base_code=0010476&code=00101019391 HTTP/1.1" 200 485
116.238.97.31 - - [17/May/2024:10:59:40 +0800] "GET /xingrg/kc/base/wldb_order_operate.html?command=get_materiel&rest_code=00102&base_code=0010476&code=00101019015 HTTP/1.1" 200 451
222.67.233.39 - - [17/May/2024:10:59:43 +0800] "GET /xingrg/all/function/internal_message.html?_=1715914783987&CODE_STATE=getMsg HTTP/1.1" 302 -
116.232.195.13 - - [17/May/2024:10:59:45 +0800] "GET /xingrg/all/function/internal_message.html?_=1715914749632&CODE_STATE=getMsg HTTP/1.1" 200 27
116.238.97.31 - - [17/May/2024:10:59:46 +0800] "GET /xingrg/kc/base/wldb_order_operate.html?command=get_materiel&rest_code=00102&base_code=0010476&code=00101019108 HTTP/1.1" 200 477
116.232.195.13 - - [17/May/2024:10:59:46 +0800] "GET /xingrg/kc/buy/cgsh_order_operate.html?command=get_materiel&rest_code=00155&code=00101006123&supplier_code=00100012&order_time=2024-05-17 HTTP/1.1" 200 409
180.156.239.18 - - [17/May/2024:10:59:47 +0800] "GET /xingrg/kc/buy/cgsh_order_operate.html?command=get_materiel&rest_code=00150&code=00101020444&supplier_code=00100547&order_time=2024-05-17 HTTP/1.1" 200 410
180.169.147.146 - - [17/May/2024:10:59:50 +0800] "GET /xingrg/all/function/internal_message.html?_=1715914790816&CODE_STATE=getMsg HTTP/1.1" 200 27
116.238.97.31 - - [17/May/2024:10:59:51 +0800] "GET /xingrg/kc/base/wldb_order_operate.html?command=get_materiel&rest_code=00102&base_code=0010476&code=00101019238 HTTP/1.1" 200 466
222.70.183.82 - - [17/May/2024:10:59:53 +0800] "POST /xingrg/kc/buy/cgsh_order_operate.html HTTP/1.1" 200 37
116.238.97.31 - - [17/May/2024:10:59:56 +0800] "GET /xingrg/kc/base/wldb_order_operate.html?command=get_materiel&rest_code=00102&base_code=0010476&code=00101016094 HTTP/1.1" 200 469
180.156.239.18 - - [17/May/2024:10:59:57 +0800] "GET /xingrg/kc/buy/cgsh_order_operate.html?command=get_materiel&rest_code=00150&code=00101003005&supplier_code=00100547&order_time=2024-05-17 HTTP/1.1" 200 422
180.169.147.146 - - [17/May/2024:10:59:57 +0800] "GET /xingrg/check_reg.html?_=1715914798364 HTTP/1.1" 302 -
180.156.239.18 - - [17/May/2024:11:00:00 +0800] "GET /xingrg/all/function/internal_message.html?_=1715914800088&CODE_STATE=getMsg HTTP/1.1" 200 27
116.232.195.13 - - [17/May/2024:11:00:03 +0800] "GET /xingrg/kc/buy/cgsh_order_operate.html?command=get_materiel&rest_code=00155&code=00101006027&supplier_code=00100012&order_time=2024-05-17 HTTP/1.1" 200 408
124.78.152.42 - - [17/May/2024:11:00:03 +0800] "GET /xingrg/check_reg.html?_=1715914795135 HTTP/1.1" 200 22
222.70.183.82 - - [17/May/2024:11:00:04 +0800] "POST /xingrg/kc/buy/cgsh_order_operate.html HTTP/1.1" 200 12
116.235.244.24 - - [17/May/2024:11:00:04 +0800] "GET /xingrg/all/function/internal_message.html?_=1715914819962&CODE_STATE=getMsg HTTP/1.1" 200 27
124.78.152.42 - - [17/May/2024:11:00:05 +0800] "GET /xingrg/login.html?r=1 HTTP/1.1" 200 7641
124.78.152.42 - - [17/May/2024:11:00:05 +0800] "GET /favicon.ico HTTP/1.1" 404 -
116.238.97.31 - - [17/May/2024:11:00:05 +0800] "GET /xingrg/all/function/internal_message.html?_=1715914807761&CODE_STATE=getMsg HTTP/1.1" 200 27
222.70.183.82 - - [17/May/2024:11:00:07 +0800] "GET /xingrg/kc/buy/cgsh_order_info.html?code=212024051704736 HTTP/1.1" 200 69410
222.70.183.82 - - [17/May/2024:11:00:07 +0800] "GET /xingrg/javascript/easyui/themes/default/validatebox.css HTTP/1.1" 404 1104
101.83.144.49 - - [17/May/2024:11:00:08 +0800] "GET /xingrg/all/function/internal_message.html?_=1715914554514&CODE_STATE=getMsg HTTP/1.1" 200 27
101.83.144.49 - - [17/May/2024:11:00:08 +0800] "GET /xingrg/check_reg.html?_=1715914554518 HTTP/1.1" 200 22
222.70.183.82 - - [17/May/2024:11:00:08 +0800] "POST /xingrg/kc/buy/cgsh_order_operate.html HTTP/1.1" 200 4783
124.79.240.51 - - [17/May/2024:11:00:11 +0800] "GET /xingrg/check_reg.html?_=1715914852490 HTTP/1.1" 302 -
124.79.240.51 - - [17/May/2024:11:00:11 +0800] "GET /xingrg/all/function/internal_message.html?_=1715914852491&CODE_STATE=getMsg HTTP/1.1" 302 -
114.83.217.213 - - [17/May/2024:11:00:11 +0800] "GET /xingrg/check_reg.html?_=1715914807829 HTTP/1.1" 200 22
114.83.217.213 - - [17/May/2024:11:00:11 +0800] "GET /xingrg/all/function/internal_message.html?_=1715914807833&CODE_STATE=getMsg HTTP/1.1" 200 27
116.238.97.31 - - [17/May/2024:11:00:13 +0800] "POST /xingrg/kc/base/wldb_order_operate.html HTTP/1.1" 200 37
116.235.244.24 - - [17/May/2024:11:00:13 +0800] "GET /xingrg/all/function/internal_message.html?_=1715914831375&CODE_STATE=getMsg HTTP/1.1" 200 27
221.239.170.140 - - [17/May/2024:11:00:17 +0800] "GET /xingrg/all/function/internal_message.html?_=1715914814941&CODE_STATE=getMsg HTTP/1.1" 302 -
116.238.97.31 - - [17/May/2024:11:00:19 +0800] "POST /xingrg/kc/base/wldb_order_operate.html HTTP/1.1" 200 12
116.238.97.31 - - [17/May/2024:11:00:19 +0800] "POST /xingrg/kc/base/wldb_order_operate.html HTTP/1.1" 200 5728
222.70.183.82 - - [17/May/2024:11:00:22 +0800] "GET /xingrg/all/function/internal_message.html?_=1715914820064&CODE_STATE=getMsg HTTP/1.1" 200 27
124.78.152.42 - - [17/May/2024:11:00:23 +0800] "GET /xingrg/login.html?r=1 HTTP/1.1" 200 7641
180.156.239.18 - - [17/May/2024:11:00:23 +0800] "GET /xingrg/all/function/internal_message.html?_=1715914822168&CODE_STATE=getMsg HTTP/1.1" 302 -
124.78.152.42 - - [17/May/2024:11:00:23 +0800] "GET /favicon.ico HTTP/1.1" 404 -
180.164.6.225 - - [17/May/2024:11:00:25 +0800] "GET /xingrg/all/function/internal_message.html?_=1715914824497&CODE_STATE=getMsg HTTP/1.1" 302 -
124.78.152.42 - - [17/May/2024:11:00:26 +0800] "POST /xingrg/login.do HTTP/1.1" 302 -
124.78.152.42 - - [17/May/2024:11:00:26 +0800] "GET /xingrg/index.html?sysBaseUrl=http%3A%2F%2F180.169.147.146%3A18081%2Fxingrg%2F&costTime=1667×tamp=1715914826875 HTTP/1.1" 200 17173
124.78.152.42 - - [17/May/2024:11:00:27 +0800] "GET /favicon.ico HTTP/1.1" 404 -
124.78.152.42 - - [17/May/2024:11:00:27 +0800] "GET /xingrg/check_reg.html?_=1715914828361 HTTP/1.1" 200 22
124.78.152.42 - - [17/May/2024:11:00:27 +0800] "GET /xingrg/all/function/internal_message.html?_=1715914828360&CODE_STATE=count HTTP/1.1" 200 11
124.78.152.42 - - [17/May/2024:11:00:27 +0800] "POST /xingrg/all/common/load_tree.html?tree=area_rest_tree_json&manage=1 HTTP/1.1" 200 342
124.78.152.42 - - [17/May/2024:11:00:27 +0800] "POST /xingrg/load_menu.html HTTP/1.1" 200 5138
124.78.152.42 - - [17/May/2024:11:00:28 +0800] "GET /xingrg/kc/buy/buy_main.html HTTP/1.1" 200 12412
124.78.152.42 - - [17/May/2024:11:00:28 +0800] "GET /xingrg/css/new_ie.css HTTP/1.1" 404 1036
124.78.152.42 - - [17/May/2024:11:00:29 +0800] "GET /xingrg/images/yd/bt.gif HTTP/1.1" 404 1040
116.232.195.13 - - [17/May/2024:11:00:29 +0800] "POST /xingrg/kc/buy/cgsh_order_operate.html HTTP/1.1" 200 37
124.78.152.42 - - [17/May/2024:11:00:30 +0800] "GET /xingrg/kc/buy/cgsh_order_list.html HTTP/1.1" 200 58780
124.78.152.42 - - [17/May/2024:11:00:31 +0800] "GET /xingrg/all/function/internal_message.html?_=1715914823013&CODE_STATE=getMsg HTTP/1.1" 200 27
120.253.135.82 - - [17/May/2024:11:00:33 +0800] "GET /xingrg/check_reg.html?_=1715914684239 HTTP/1.1" 302 -
120.253.135.82 - - [17/May/2024:11:00:33 +0800] "GET /xingrg/all/function/internal_message.html?_=1715914684650&CODE_STATE=getMsg HTTP/1.1" 302 -
116.232.195.13 - - [17/May/2024:11:00:33 +0800] "POST /xingrg/kc/buy/cgsh_order_operate.html HTTP/1.1" 200 5628
124.78.152.42 - - [17/May/2024:11:00:34 +0800] "POST /xingrg/kc/buy/cgsh_list_operate.html HTTP/1.1" 200 1380
116.238.97.31 - - [17/May/2024:11:00:36 +0800] "GET /xingrg/kc/base/wldb_order_info.html?code=422024051701139 HTTP/1.1" 200 26535
116.238.97.31 - - [17/May/2024:11:00:36 +0800] "GET /xingrg/javascript/easyui/themes/default/validatebox.css HTTP/1.1" 404 1104
116.238.97.31 - - [17/May/2024:11:00:36 +0800] "POST /xingrg/kc/base/wldb_order_operate.html HTTP/1.1" 200 3943
124.78.152.42 - - [17/May/2024:11:00:37 +0800] "GET /xingrg/kc/buy/cgsh_order_add.html HTTP/1.1" 200 74587
124.78.152.42 - - [17/May/2024:11:00:37 +0800] "GET /xingrg/words/20240517094214_words.js HTTP/1.1" 304 -
124.78.152.42 - - [17/May/2024:11:00:37 +0800] "POST /xingrg/kc/buy/cgsh_order_operate.html HTTP/1.1" 200 8245
116.232.195.13 - - [17/May/2024:11:00:37 +0800] "GET /xingrg/kc/print/load_data.html?order_code=212024051704737&kc_code=cgsh&condition= HTTP/1.1" 200 1905
124.78.152.42 - - [17/May/2024:11:00:37 +0800] "GET /xingrg/javascript/easyui/themes/default/validatebox.css HTTP/1.1" 404 1104
180.156.239.18 - - [17/May/2024:11:00:37 +0800] "GET /xingrg/kc/buy/cgsh_order_operate.html?command=get_materiel&rest_code=00150&code=00101002020&supplier_code=00100547&order_time=2024-05-17 HTTP/1.1" 200 436
124.78.152.42 - - [17/May/2024:11:00:37 +0800] "GET /xingrg/all/common/auto_word.html?type=employee&rest_code=00106 HTTP/1.1" 200 205
124.78.152.42 - - [17/May/2024:11:00:37 +0800] "GET /xingrg/all/common/auto_word.html?type=employee&rest_code=00106 HTTP/1.1" 200 205
116.235.244.24 - - [17/May/2024:11:00:38 +0800] "POST /xingrg/kc/buy/cgsh_list_operate.html HTTP/1.1" 200 4601
124.78.152.42 - - [17/May/2024:11:00:39 +0800] "GET /xingrg/javascript/easyui/themes/default/tree.css HTTP/1.1" 404 1090
124.78.152.42 - - [17/May/2024:11:00:39 +0800] "POST /xingrg/all/common/load_tree.html?tree=supplier_tree_json&isDelete=1 HTTP/1.1" 200 80088
222.67.233.39 - - [17/May/2024:11:00:43 +0800] "GET /xingrg/check_reg.html?_=1715914843976 HTTP/1.1" 302 -
222.67.233.39 - - [17/May/2024:11:00:43 +0800] "GET /xingrg/all/function/internal_message.html?_=1715914843980&CODE_STATE=getMsg HTTP/1.1" 302 -
116.232.195.13 - - [17/May/2024:11:00:45 +0800] "GET /xingrg/all/function/internal_message.html?_=1715914809652&CODE_STATE=getMsg HTTP/1.1" 200 27
180.156.239.18 - - [17/May/2024:11:00:46 +0800] "GET /xingrg/kc/buy/cgsh_order_operate.html?command=get_materiel&rest_code=00150&code=00101010081&supplier_code=00100547&order_time=2024-05-17 HTTP/1.1" 200 413
124.78.152.42 - - [17/May/2024:11:00:48 +0800] "GET /xingrg/javascript/auto/indicator.gif HTTP/1.1" 404 1066
116.232.195.13 - - [17/May/2024:11:00:49 +0800] "GET /xingrg/kc/buy/cgsh_order_add.html HTTP/1.1" 200 74681
116.232.195.13 - - [17/May/2024:11:00:49 +0800] "POST /xingrg/kc/buy/cgsh_order_operate.html HTTP/1.1" 200 8245
116.232.195.13 - - [17/May/2024:11:00:49 +0800] "GET /xingrg/javascript/easyui/themes/default/validatebox.css HTTP/1.1" 404 1104
180.169.147.146 - - [17/May/2024:11:00:50 +0800] "GET /xingrg/all/function/internal_message.html?_=1715914850813&CODE_STATE=getMsg HTTP/1.1" 200 27
180.169.147.146 - - [17/May/2024:11:00:50 +0800] "GET /xingrg/check_reg.html?_=1715914850816 HTTP/1.1" 200 22
222.70.183.82 - - [17/May/2024:11:00:55 +0800] "GET /xingrg/kc/print/load_data.html?order_code=212024051704736&kc_code=cgsh&condition= HTTP/1.1" 200 2289
124.78.152.42 - - [17/May/2024:11:00:57 +0800] "GET /xingrg/kc/buy/cgsh_order_operate.html?command=get_materiel&rest_code=00106&code=00101004124&supplier_code=00100086&order_time=2024-05-17 HTTP/1.1" 200 412
180.156.239.18 - - [17/May/2024:11:01:00 +0800] "GET /xingrg/all/function/internal_message.html?_=1715914860101&CODE_STATE=getMsg HTTP/1.1" 200 27
101.83.144.49 - - [17/May/2024:11:01:00 +0800] "POST /xingrg/kc/buy/cgsh_list_operate.html HTTP/1.1" 200 201
101.83.144.49 - - [17/May/2024:11:01:03 +0800] "GET /xingrg/kc/buy/cgsh_order_info.html?code=212024051704732 HTTP/1.1" 200 74655
222.70.183.82 - - [17/May/2024:11:01:03 +0800] "GET /xingrg/kc/buy/cgsh_order_add.html HTTP/1.1" 200 74549
101.83.144.49 - - [17/May/2024:11:01:03 +0800] "GET /xingrg/words/20240517094214_words.js HTTP/1.1" 304 -
222.70.183.82 - - [17/May/2024:11:01:03 +0800] "POST /xingrg/kc/buy/cgsh_order_operate.html HTTP/1.1" 200 8245
222.70.183.82 - - [17/May/2024:11:01:03 +0800] "GET /xingrg/javascript/easyui/themes/default/validatebox.css HTTP/1.1" 404 1104
101.83.144.49 - - [17/May/2024:11:01:03 +0800] "GET /xingrg/javascript/easyui/themes/default/validatebox.css HTTP/1.1" 404 1104
101.83.144.49 - - [17/May/2024:11:01:04 +0800] "POST /xingrg/kc/buy/cgsh_order_operate.html HTTP/1.1" 200 2657
116.235.244.24 - - [17/May/2024:11:01:04 +0800] "GET /xingrg/all/function/internal_message.html?_=1715914879973&CODE_STATE=getMsg HTTP/1.1" 200 27
116.238.97.31 - - [17/May/2024:11:01:05 +0800] "GET /xingrg/all/function/internal_message.html?_=1715914867742&CODE_STATE=getMsg HTTP/1.1" 200 27
116.232.195.13 - - [17/May/2024:11:01:06 +0800] "GET /xingrg/kc/buy/cgsh_order_operate.html?command=get_materiel&rest_code=00155&code=00101007090&supplier_code=00100002&order_time=2024-05-17 HTTP/1.1" 200 413
180.156.239.18 - - [17/May/2024:11:01:07 +0800] "GET /xingrg/kc/buy/cgsh_order_operate.html?command=get_materiel&rest_code=00150&code=00101010535&supplier_code=00100547&order_time=2024-05-17 HTTP/1.1" 200 442
101.83.144.49 - - [17/May/2024:11:01:08 +0800] "GET /xingrg/all/function/internal_message.html?_=1715914614497&CODE_STATE=getMsg HTTP/1.1" 200 27
