120.253.135.82 - - [17/May/2024:06:53:39 +0800] "GET /xingrg/kc/buy/cgth_order_list.html HTTP/1.1" 200 58183
120.253.135.82 - - [17/May/2024:06:53:40 +0800] "POST /xingrg/kc/buy/cgth_list_operate.html HTTP/1.1" 200 1921
180.156.239.18 - - [17/May/2024:06:53:42 +0800] "GET /xingrg/all/function/internal_message.html?_=1715900022600&CODE_STATE=getMsg HTTP/1.1" 200 27
120.253.135.82 - - [17/May/2024:06:53:43 +0800] "POST /xingrg/kc/buy/cgth_list_operate.html HTTP/1.1" 200 211
120.253.135.82 - - [17/May/2024:06:53:45 +0800] "GET /xingrg/kc/buy/cgth_order_info.html?code=232024051600004 HTTP/1.1" 200 75854
120.253.135.82 - - [17/May/2024:06:53:45 +0800] "GET /xingrg/dwr/interface/AjaxCgthService.js HTTP/1.1" 200 14519
120.253.135.82 - - [17/May/2024:06:53:45 +0800] "GET /xingrg/dwr/engine.js HTTP/1.1" 200 43631
120.253.135.82 - - [17/May/2024:06:53:45 +0800] "GET /xingrg/dwr/interface/AjaxComOrderService.js HTTP/1.1" 200 18264
120.253.135.82 - - [17/May/2024:06:53:45 +0800] "GET /xingrg/javascript/jquery_easy_ui/themes/icons/edit_add_new.png HTTP/1.1" 304 -
120.253.135.82 - - [17/May/2024:06:53:45 +0800] "GET /xingrg/javascript/jquery_easy_ui/themes/icons/ok.png HTTP/1.1" 304 -
120.253.135.82 - - [17/May/2024:06:53:45 +0800] "GET /xingrg/javascript/jquery_easy_ui/themes/icons/cance_new.png HTTP/1.1" 304 -
120.253.135.82 - - [17/May/2024:06:53:46 +0800] "GET /xingrg/images/blue/button/kc_tab_add.gif HTTP/1.1" 304 -
120.253.135.82 - - [17/May/2024:06:53:46 +0800] "GET /xingrg/images/blue/button/kc_tab_del.gif HTTP/1.1" 304 -
120.253.135.82 - - [17/May/2024:06:53:46 +0800] "POST /xingrg/all/common/load_tree.html?tree=supplier_tree_json&isDelete=1 HTTP/1.1" 200 80088
120.253.135.82 - - [17/May/2024:06:53:48 +0800] "POST /xingrg/dwr/call/plaincall/AjaxCgthService.loadMaterielItems.dwr HTTP/1.1" 200 908
120.253.135.82 - - [17/May/2024:06:53:59 +0800] "GET /xingrg/images/yd/bt.gif HTTP/1.1" 404 1040
116.235.245.51 - - [17/May/2024:06:54:03 +0800] "GET /xingrg/check_reg.html?_=1715900060920 HTTP/1.1" 200 22
120.253.135.82 - - [17/May/2024:06:54:04 +0800] "POST /xingrg/dwr/call/plaincall/AjaxCgthService.checkOrder.dwr HTTP/1.1" 200 78
221.239.170.140 - - [17/May/2024:06:54:17 +0800] "GET /xingrg/all/function/internal_message.html?_=1715900054644&CODE_STATE=getMsg HTTP/1.1" 200 27
116.235.245.51 - - [17/May/2024:06:54:35 +0800] "GET /xingrg/all/function/internal_message.html?_=1715900092636&CODE_STATE=getMsg HTTP/1.1" 200 27
180.156.239.18 - - [17/May/2024:06:54:42 +0800] "GET /xingrg/all/function/internal_message.html?_=1715900082608&CODE_STATE=getMsg HTTP/1.1" 200 27
120.253.135.82 - - [17/May/2024:06:54:52 +0800] "GET /xingrg/all/function/internal_message.html?_=1715899943955&CODE_STATE=getMsg HTTP/1.1" 200 27
120.253.135.82 - - [17/May/2024:06:54:52 +0800] "GET /xingrg/kc/buy/cgth_order_info.html?code=232024051600004&part=buyck HTTP/1.1" 200 73594
120.253.135.82 - - [17/May/2024:06:54:52 +0800] "GET /xingrg/dwr/interface/AjaxCgthService.js HTTP/1.1" 200 14519
120.253.135.82 - - [17/May/2024:06:54:52 +0800] "GET /xingrg/dwr/engine.js HTTP/1.1" 200 43631
120.253.135.82 - - [17/May/2024:06:54:52 +0800] "GET /xingrg/dwr/interface/AjaxComOrderService.js HTTP/1.1" 200 18264
120.253.135.82 - - [17/May/2024:06:54:55 +0800] "POST /xingrg/all/common/load_tree.html?tree=supplier_tree_json&isDelete=1 HTTP/1.1" 200 80088
120.253.135.82 - - [17/May/2024:06:54:56 +0800] "POST /xingrg/dwr/call/plaincall/AjaxCgthService.loadMaterielItems.dwr HTTP/1.1" 200 820
180.169.147.146 - - [17/May/2024:06:54:57 +0800] "GET /xingrg/check_reg.html?_=1715900098213 HTTP/1.1" 200 22
120.253.135.82 - - [17/May/2024:06:55:11 +0800] "GET /xingrg/check_reg.html?_=1715899962238 HTTP/1.1" 200 22
221.239.170.140 - - [17/May/2024:06:55:17 +0800] "GET /xingrg/all/function/internal_message.html?_=1715900114644&CODE_STATE=getMsg HTTP/1.1" 200 27
120.253.135.82 - - [17/May/2024:06:55:20 +0800] "GET /xingrg/kc/buy/cgth_order_list.html?isBack=1 HTTP/1.1" 200 58183
120.253.135.82 - - [17/May/2024:06:55:22 +0800] "POST /xingrg/kc/buy/cgth_list_operate.html HTTP/1.1" 200 1035
116.235.245.51 - - [17/May/2024:06:55:35 +0800] "GET /xingrg/all/function/internal_message.html?_=1715900152649&CODE_STATE=getMsg HTTP/1.1" 200 27
180.156.239.18 - - [17/May/2024:06:55:42 +0800] "GET /xingrg/check_reg.html?_=1715900142600 HTTP/1.1" 200 22
180.156.239.18 - - [17/May/2024:06:55:42 +0800] "GET /xingrg/all/function/internal_message.html?_=1715900142604&CODE_STATE=getMsg HTTP/1.1" 200 27
221.239.170.140 - - [17/May/2024:06:56:17 +0800] "GET /xingrg/check_reg.html?_=1715900174644 HTTP/1.1" 200 22
221.239.170.140 - - [17/May/2024:06:56:17 +0800] "GET /xingrg/all/function/internal_message.html?_=1715900174643&CODE_STATE=getMsg HTTP/1.1" 200 27
116.235.245.51 - - [17/May/2024:06:56:35 +0800] "GET /xingrg/all/function/internal_message.html?_=1715900212718&CODE_STATE=getMsg HTTP/1.1" 200 27
120.253.135.82 - - [17/May/2024:06:56:38 +0800] "GET /xingrg/login.html HTTP/1.1" 200 7641
114.83.217.213 - - [17/May/2024:06:56:38 +0800] "POST /xingrg/services/DataTransmitService HTTP/1.1" 200 524
120.253.135.82 - - [17/May/2024:06:56:39 +0800] "GET /favicon.ico HTTP/1.1" 404 -
180.156.239.18 - - [17/May/2024:06:56:42 +0800] "GET /xingrg/all/function/internal_message.html?_=1715900202612&CODE_STATE=getMsg HTTP/1.1" 200 27
120.253.135.82 - - [17/May/2024:06:56:45 +0800] "POST /xingrg/login.do HTTP/1.1" 302 -
120.253.135.82 - - [17/May/2024:06:56:45 +0800] "GET /xingrg/index.html?sysBaseUrl=http%3A%2F%2F180.169.147.146%3A18081%2Fxingrg%2F&costTime=801×tamp=1715900205038 HTTP/1.1" 200 17173
120.253.135.82 - - [17/May/2024:06:56:45 +0800] "GET /xingrg/javascript/jquery_easy_ui/themes/default/easyui.css HTTP/1.1" 304 -
120.253.135.82 - - [17/May/2024:06:56:45 +0800] "GET /xingrg/javascript/jquery_easy_ui/easyui-lang-zh_CN.js HTTP/1.1" 304 -
120.253.135.82 - - [17/May/2024:06:56:45 +0800] "GET /xingrg/javascript/jquery_easy_ui/themes/icon.css HTTP/1.1" 304 -
120.253.135.82 - - [17/May/2024:06:56:45 +0800] "GET /xingrg/css/form.css HTTP/1.1" 304 -
120.253.135.82 - - [17/May/2024:06:56:45 +0800] "GET /xingrg/javascript/jquery-1.4.2.min.js HTTP/1.1" 304 -
120.253.135.82 - - [17/May/2024:06:56:45 +0800] "GET /xingrg/javascript/jquery_easy_ui/jquery.easyui.min.js HTTP/1.1" 304 -
120.253.135.82 - - [17/May/2024:06:56:45 +0800] "GET /xingrg/javascript/jquery.form.js HTTP/1.1" 304 -
120.253.135.82 - - [17/May/2024:06:56:45 +0800] "GET /xingrg/javascript/jquery.timers.js HTTP/1.1" 304 -
120.253.135.82 - - [17/May/2024:06:56:45 +0800] "GET /xingrg/javascript/jquery.utils.js HTTP/1.1" 304 -
120.253.135.82 - - [17/May/2024:06:56:45 +0800] "POST /xingrg/all/common/load_tree.html?tree=area_rest_tree_json&manage=1 HTTP/1.1" 200 344
120.253.135.82 - - [17/May/2024:06:56:45 +0800] "GET /xingrg/check_reg.html?_=1715900056958 HTTP/1.1" 200 22
120.253.135.82 - - [17/May/2024:06:56:45 +0800] "GET /xingrg/all/function/internal_message.html?_=1715900056957&CODE_STATE=count HTTP/1.1" 200 11
120.253.135.82 - - [17/May/2024:06:56:45 +0800] "GET /favicon.ico HTTP/1.1" 404 -
120.253.135.82 - - [17/May/2024:06:56:45 +0800] "POST /xingrg/load_menu.html HTTP/1.1" 200 6743
120.253.135.82 - - [17/May/2024:06:56:58 +0800] "GET /xingrg/kc/buy/cgsh_order_list.html HTTP/1.1" 200 58780
120.253.135.82 - - [17/May/2024:06:56:58 +0800] "GET /xingrg/css/site.css HTTP/1.1" 304 -
120.253.135.82 - - [17/May/2024:06:56:58 +0800] "GET /xingrg/javascript/jquery_tools/datebox.css HTTP/1.1" 304 -
120.253.135.82 - - [17/May/2024:06:56:58 +0800] "GET /xingrg/javascript/easyui/themes/default/easyui.css HTTP/1.1" 304 -
120.253.135.82 - - [17/May/2024:06:56:58 +0800] "GET /xingrg/javascript/easyui/themes/icon.css HTTP/1.1" 304 -
120.253.135.82 - - [17/May/2024:06:56:58 +0800] "GET /xingrg/javascript/auto/jquery.autocomplete.css HTTP/1.1" 304 -
120.253.135.82 - - [17/May/2024:06:56:58 +0800] "GET /xingrg/javascript/jquery.cookie.js HTTP/1.1" 304 -
120.253.135.82 - - [17/May/2024:06:56:58 +0800] "GET /xingrg/javascript/print/LodopFuncs.js HTTP/1.1" 304 -
120.253.135.82 - - [17/May/2024:06:56:58 +0800] "GET /xingrg/javascript/jquery_tools/jquery.tools.table.js HTTP/1.1" 304 -
120.253.135.82 - - [17/May/2024:06:56:58 +0800] "GET /xingrg/javascript/jquery_tools/table.css HTTP/1.1" 304 -
120.253.135.82 - - [17/May/2024:06:56:58 +0800] "GET /xingrg/javascript/easyui/easyloader.js HTTP/1.1" 304 -
120.253.135.82 - - [17/May/2024:06:56:58 +0800] "GET /xingrg/css/base.css HTTP/1.1" 304 -
120.253.135.82 - - [17/May/2024:06:56:58 +0800] "GET /xingrg/javascript/jquery_tools/fix.css HTTP/1.1" 304 -
120.253.135.82 - - [17/May/2024:06:56:58 +0800] "GET /xingrg/javascript/jquery_tools/jquery.tools.min.js HTTP/1.1" 304 -
120.253.135.82 - - [17/May/2024:06:56:58 +0800] "GET /xingrg/javascript/jquery_tools/list_manager.js HTTP/1.1" 304 -
120.253.135.82 - - [17/May/2024:06:56:58 +0800] "GET /xingrg/javascript/jquery_tools/jquery.tools.extend.js HTTP/1.1" 304 -
120.253.135.82 - - [17/May/2024:06:56:58 +0800] "GET /xingrg/javascript/jquery_tools/jquery.tools.hotkey.js HTTP/1.1" 304 -
120.253.135.82 - - [17/May/2024:06:56:58 +0800] "GET /xingrg/javascript/auto/jquery.autocomplete.js HTTP/1.1" 304 -
120.253.135.82 - - [17/May/2024:06:56:59 +0800] "GET /xingrg/javascript/easyui/plugins/jquery.parser.js HTTP/1.1" 304 -
120.253.135.82 - - [17/May/2024:06:57:03 +0800] "POST /xingrg/kc/buy/cgsh_list_operate.html HTTP/1.1" 200 1382
120.253.135.82 - - [17/May/2024:06:57:10 +0800] "POST /xingrg/kc/buy/cgsh_list_operate.html HTTP/1.1" 200 609
120.253.135.82 - - [17/May/2024:06:57:12 +0800] "GET /xingrg/kc/buy/cgsh_order_info.html?code=212024051604620 HTTP/1.1" 200 73626
120.253.135.82 - - [17/May/2024:06:57:12 +0800] "GET /xingrg/javascript/print/kc_print.js HTTP/1.1" 304 -
120.253.135.82 - - [17/May/2024:06:57:12 +0800] "GET /xingrg/javascript/jquery_tools/order_manager.js HTTP/1.1" 304 -
120.253.135.82 - - [17/May/2024:06:57:12 +0800] "GET /xingrg/javascript/json2.js HTTP/1.1" 304 -
120.253.135.82 - - [17/May/2024:06:57:12 +0800] "GET /xingrg/javascript/convert.js HTTP/1.1" 304 -
120.253.135.82 - - [17/May/2024:06:57:12 +0800] "GET /xingrg/javascript/pic_change.js HTTP/1.1" 304 -
120.253.135.82 - - [17/May/2024:06:57:12 +0800] "GET /xingrg/words/20240516191951_words.js HTTP/1.1" 304 -
120.253.135.82 - - [17/May/2024:06:57:12 +0800] "GET /xingrg/javascript/easyui/themes/icons/template_new.png HTTP/1.1" 304 -
120.253.135.82 - - [17/May/2024:06:57:12 +0800] "GET /xingrg/javascript/easyui/themes/default/validatebox.css HTTP/1.1" 404 1104
120.253.135.82 - - [17/May/2024:06:57:12 +0800] "GET /xingrg/javascript/easyui/plugins/jquery.validatebox.js HTTP/1.1" 304 -
120.253.135.82 - - [17/May/2024:06:57:12 +0800] "GET /xingrg/javascript/easyui/plugins/jquery.numberbox.js HTTP/1.1" 304 -
120.253.135.82 - - [17/May/2024:06:57:12 +0800] "GET /xingrg/all/common/auto_word.html?type=employee&rest_code=00101 HTTP/1.1" 200 1019
120.253.135.82 - - [17/May/2024:06:57:12 +0800] "GET /xingrg/all/common/auto_word.html?type=employee&rest_code=00101 HTTP/1.1" 200 1019
120.253.135.82 - - [17/May/2024:06:57:13 +0800] "POST /xingrg/kc/buy/cgsh_order_operate.html HTTP/1.1" 200 7531
221.239.170.140 - - [17/May/2024:06:57:17 +0800] "GET /xingrg/all/function/internal_message.html?_=1715900234646&CODE_STATE=getMsg HTTP/1.1" 200 27
116.235.245.51 - - [17/May/2024:06:57:35 +0800] "GET /xingrg/all/function/internal_message.html?_=1715900272722&CODE_STATE=getMsg HTTP/1.1" 200 27
180.156.239.18 - - [17/May/2024:06:57:42 +0800] "GET /xingrg/all/function/internal_message.html?_=1715900262600&CODE_STATE=getMsg HTTP/1.1" 200 27
120.253.135.82 - - [17/May/2024:06:57:45 +0800] "GET /xingrg/all/function/internal_message.html?_=1715900116976&CODE_STATE=getMsg HTTP/1.1" 200 27
120.253.135.82 - - [17/May/2024:06:57:56 +0800] "POST /xingrg/kc/buy/cgsh_order_operate.html HTTP/1.1" 200 37
120.253.135.82 - - [17/May/2024:06:58:15 +0800] "POST /xingrg/kc/buy/cgsh_order_operate.html HTTP/1.1" 200 12
221.239.170.140 - - [17/May/2024:06:58:17 +0800] "GET /xingrg/all/function/internal_message.html?_=1715900294650&CODE_STATE=getMsg HTTP/1.1" 200 27
120.253.135.82 - - [17/May/2024:06:58:24 +0800] "GET /xingrg/kc/buy/cgsh_order_info.html?code=212024051604620 HTTP/1.1" 200 68526
120.253.135.82 - - [17/May/2024:06:58:24 +0800] "GET /xingrg/javascript/easyui/themes/default/validatebox.css HTTP/1.1" 404 1104
120.253.135.82 - - [17/May/2024:06:58:25 +0800] "POST /xingrg/kc/buy/cgsh_order_operate.html HTTP/1.1" 200 5476
120.253.135.82 - - [17/May/2024:06:58:30 +0800] "GET /xingrg/kc/buy/cgsh_order_add.html HTTP/1.1" 200 73650
120.253.135.82 - - [17/May/2024:06:58:31 +0800] "POST /xingrg/kc/buy/cgsh_order_operate.html HTTP/1.1" 200 8245
120.253.135.82 - - [17/May/2024:06:58:31 +0800] "GET /xingrg/javascript/easyui/themes/default/validatebox.css HTTP/1.1" 404 1104
120.253.135.82 - - [17/May/2024:06:58:33 +0800] "GET /xingrg/javascript/auto/indicator.gif HTTP/1.1" 404 1066
116.235.245.51 - - [17/May/2024:06:58:35 +0800] "GET /xingrg/all/function/internal_message.html?_=1715900332785&CODE_STATE=getMsg HTTP/1.1" 200 27
180.156.239.18 - - [17/May/2024:06:58:42 +0800] "GET /xingrg/all/function/internal_message.html?_=1715900322621&CODE_STATE=getMsg HTTP/1.1" 200 27
120.253.135.82 - - [17/May/2024:06:58:45 +0800] "GET /xingrg/all/function/internal_message.html?_=1715900177000&CODE_STATE=getMsg HTTP/1.1" 200 27
120.253.135.82 - - [17/May/2024:06:58:45 +0800] "GET /xingrg/css/images/panel_loading.gif HTTP/1.1" 304 -
120.253.135.82 - - [17/May/2024:06:58:46 +0800] "POST /xingrg/all/common/load_combo.html?type=employee HTTP/1.1" 200 1834
116.235.245.51 - - [17/May/2024:06:59:03 +0800] "GET /xingrg/check_reg.html?_=1715900360925 HTTP/1.1" 200 22
120.253.135.82 - - [17/May/2024:06:59:04 +0800] "GET /xingrg/kc/buy/cgsh_order_operate.html?command=get_materiel&rest_code=00101&code=00102002287&supplier_code=00100135&order_time=2024-05-17 HTTP/1.1" 200 418
221.239.170.140 - - [17/May/2024:06:59:17 +0800] "GET /xingrg/all/function/internal_message.html?_=1715900354656&CODE_STATE=getMsg HTTP/1.1" 200 27
120.253.135.82 - - [17/May/2024:06:59:22 +0800] "POST /xingrg/kc/buy/cgsh_order_operate.html HTTP/1.1" 200 37
120.253.135.82 - - [17/May/2024:06:59:26 +0800] "POST /xingrg/kc/buy/cgsh_order_operate.html HTTP/1.1" 200 2671
120.253.135.82 - - [17/May/2024:06:59:28 +0800] "GET /xingrg/kc/print/load_config.html?kc_code=cgsh HTTP/1.1" 200 1927
120.253.135.82 - - [17/May/2024:06:59:29 +0800] "GET /xingrg/kc/print/load_data.html?order_code=212024051704666&kc_code=cgsh&condition= HTTP/1.1" 200 748
116.235.245.51 - - [17/May/2024:06:59:35 +0800] "GET /xingrg/all/function/internal_message.html?_=1715900392797&CODE_STATE=getMsg HTTP/1.1" 200 27
180.156.239.18 - - [17/May/2024:06:59:42 +0800] "GET /xingrg/all/function/internal_message.html?_=1715900382608&CODE_STATE=getMsg HTTP/1.1" 200 27
120.253.135.82 - - [17/May/2024:06:59:45 +0800] "GET /xingrg/all/function/internal_message.html?_=1715900237019&CODE_STATE=getMsg HTTP/1.1" 200 27
180.169.147.146 - - [17/May/2024:06:59:57 +0800] "GET /xingrg/check_reg.html?_=1715900398205 HTTP/1.1" 200 22
221.239.170.140 - - [17/May/2024:07:00:17 +0800] "GET /xingrg/all/function/internal_message.html?_=1715900414654&CODE_STATE=getMsg HTTP/1.1" 200 27
180.156.239.18 - - [17/May/2024:07:00:42 +0800] "GET /xingrg/check_reg.html?_=1715900442598 HTTP/1.1" 200 22
180.156.239.18 - - [17/May/2024:07:00:42 +0800] "GET /xingrg/all/function/internal_message.html?_=1715900442599&CODE_STATE=getMsg HTTP/1.1" 200 27
116.235.244.24 - - [17/May/2024:07:00:45 +0800] "GET /xingrg/all/function/internal_message.html?_=1715900452810&CODE_STATE=getMsg HTTP/1.1" 200 27
120.253.135.82 - - [17/May/2024:07:00:45 +0800] "GET /xingrg/all/function/internal_message.html?_=1715900297048&CODE_STATE=getMsg HTTP/1.1" 200 27
120.253.135.82 - - [17/May/2024:07:01:15 +0800] "POST /xingrg/kc/buy/cgsh_order_operate.html HTTP/1.1" 200 37
221.239.170.140 - - [17/May/2024:07:01:17 +0800] "GET /xingrg/check_reg.html?_=1715900474657 HTTP/1.1" 200 22
221.239.170.140 - - [17/May/2024:07:01:17 +0800] "GET /xingrg/all/function/internal_message.html?_=1715900474663&CODE_STATE=getMsg HTTP/1.1" 200 27
120.253.135.82 - - [17/May/2024:07:01:27 +0800] "POST /xingrg/kc/buy/cgsh_order_operate.html HTTP/1.1" 200 12
120.253.135.82 - - [17/May/2024:07:01:33 +0800] "GET /xingrg/kc/buy/cgsh_order_info.html?code=212024051704666 HTTP/1.1" 200 68532
120.253.135.82 - - [17/May/2024:07:01:33 +0800] "GET /xingrg/javascript/easyui/themes/default/validatebox.css HTTP/1.1" 404 1104
120.253.135.82 - - [17/May/2024:07:01:34 +0800] "POST /xingrg/kc/buy/cgsh_order_operate.html HTTP/1.1" 200 621
116.235.244.24 - - [17/May/2024:07:01:35 +0800] "GET /xingrg/all/function/internal_message.html?_=1715900512870&CODE_STATE=getMsg HTTP/1.1" 200 27
120.253.135.82 - - [17/May/2024:07:01:37 +0800] "POST /xingrg/kc/buy/cgsh_list_operate.html HTTP/1.1" 200 645
120.253.135.82 - - [17/May/2024:07:01:40 +0800] "GET /xingrg/kc/buy/cgsh_order_add.html HTTP/1.1" 200 73650
120.253.135.82 - - [17/May/2024:07:01:40 +0800] "POST /xingrg/kc/buy/cgsh_order_operate.html HTTP/1.1" 200 8245
120.253.135.82 - - [17/May/2024:07:01:40 +0800] "GET /xingrg/javascript/easyui/themes/default/validatebox.css HTTP/1.1" 404 1104
180.156.239.18 - - [17/May/2024:07:01:42 +0800] "GET /xingrg/all/function/internal_message.html?_=1715900502616&CODE_STATE=getMsg HTTP/1.1" 200 27
120.253.135.82 - - [17/May/2024:07:01:45 +0800] "GET /xingrg/check_reg.html?_=1715900356966 HTTP/1.1" 200 22
120.253.135.82 - - [17/May/2024:07:01:45 +0800] "GET /xingrg/all/function/internal_message.html?_=1715900357061&CODE_STATE=getMsg HTTP/1.1" 200 27
120.253.135.82 - - [17/May/2024:07:01:46 +0800] "POST /xingrg/all/common/load_combo.html?type=employee HTTP/1.1" 200 1834
120.253.135.82 - - [17/May/2024:07:01:58 +0800] "GET /xingrg/kc/buy/cgsh_order_operate.html?command=get_materiel&rest_code=00101&code=00101010880&supplier_code=00100097&order_time=2024-05-17 HTTP/1.1" 200 438
120.253.135.82 - - [17/May/2024:07:02:15 +0800] "POST /xingrg/kc/buy/cgsh_order_operate.html HTTP/1.1" 200 37
221.239.170.140 - - [17/May/2024:07:02:17 +0800] "GET /xingrg/all/function/internal_message.html?_=1715900534662&CODE_STATE=getMsg HTTP/1.1" 200 27
120.253.135.82 - - [17/May/2024:07:02:17 +0800] "POST /xingrg/kc/buy/cgsh_order_operate.html HTTP/1.1" 200 2670
120.253.135.82 - - [17/May/2024:07:02:20 +0800] "GET /xingrg/kc/print/load_data.html?order_code=212024051704667&kc_code=cgsh&condition= HTTP/1.1" 200 668
116.235.244.24 - - [17/May/2024:07:02:35 +0800] "GET /xingrg/all/function/internal_message.html?_=1715900572885&CODE_STATE=getMsg HTTP/1.1" 200 27
180.156.239.18 - - [17/May/2024:07:02:42 +0800] "GET /xingrg/all/function/internal_message.html?_=1715900562608&CODE_STATE=getMsg HTTP/1.1" 200 27
120.253.135.82 - - [17/May/2024:07:02:45 +0800] "GET /xingrg/all/function/internal_message.html?_=1715900417076&CODE_STATE=getMsg HTTP/1.1" 200 27
221.239.170.140 - - [17/May/2024:07:03:17 +0800] "GET /xingrg/all/function/internal_message.html?_=1715900594662&CODE_STATE=getMsg HTTP/1.1" 200 27
116.235.244.24 - - [17/May/2024:07:03:35 +0800] "GET /xingrg/all/function/internal_message.html?_=1715900632940&CODE_STATE=getMsg HTTP/1.1" 200 27
180.156.239.18 - - [17/May/2024:07:03:42 +0800] "GET /xingrg/all/function/internal_message.html?_=1715900622596&CODE_STATE=getMsg HTTP/1.1" 200 27
120.253.135.82 - - [17/May/2024:07:03:45 +0800] "GET /xingrg/all/function/internal_message.html?_=1715900477124&CODE_STATE=getMsg HTTP/1.1" 200 27
120.253.135.82 - - [17/May/2024:07:03:48 +0800] "POST /xingrg/kc/buy/cgsh_order_operate.html HTTP/1.1" 200 37
120.253.135.82 - - [17/May/2024:07:03:54 +0800] "POST /xingrg/kc/buy/cgsh_order_operate.html HTTP/1.1" 200 12
120.253.135.82 - - [17/May/2024:07:03:58 +0800] "GET /xingrg/kc/buy/cgsh_order_info.html?code=212024051704667 HTTP/1.1" 200 68520
120.253.135.82 - - [17/May/2024:07:03:58 +0800] "GET /xingrg/javascript/easyui/themes/default/validatebox.css HTTP/1.1" 404 1104
120.253.135.82 - - [17/May/2024:07:03:59 +0800] "POST /xingrg/kc/buy/cgsh_order_operate.html HTTP/1.1" 200 620
120.253.135.82 - - [17/May/2024:07:04:03 +0800] "POST /xingrg/kc/buy/cgsh_list_operate.html HTTP/1.1" 200 645
116.235.244.24 - - [17/May/2024:07:04:03 +0800] "GET /xingrg/check_reg.html?_=1715900660933 HTTP/1.1" 200 22
120.253.135.82 - - [17/May/2024:07:04:05 +0800] "GET /xingrg/kc/buy/cgsh_order_add.html HTTP/1.1" 200 73650
120.253.135.82 - - [17/May/2024:07:04:05 +0800] "POST /xingrg/kc/buy/cgsh_order_operate.html HTTP/1.1" 200 8245
120.253.135.82 - - [17/May/2024:07:04:06 +0800] "GET /xingrg/javascript/easyui/themes/default/validatebox.css HTTP/1.1" 404 1104
120.253.135.82 - - [17/May/2024:07:04:15 +0800] "POST /xingrg/all/common/load_combo.html?type=employee HTTP/1.1" 200 1834
221.239.170.140 - - [17/May/2024:07:04:17 +0800] "GET /xingrg/all/function/internal_message.html?_=1715900654662&CODE_STATE=getMsg HTTP/1.1" 200 27
120.253.135.82 - - [17/May/2024:07:04:29 +0800] "GET /xingrg/kc/buy/cgsh_order_operate.html?command=get_materiel&rest_code=00101&code=00101006002&supplier_code=00100139&order_time=2024-05-17 HTTP/1.1" 200 438
116.235.244.24 - - [17/May/2024:07:04:35 +0800] "GET /xingrg/all/function/internal_message.html?_=1715900692943&CODE_STATE=getMsg HTTP/1.1" 200 27
180.156.239.18 - - [17/May/2024:07:04:42 +0800] "GET /xingrg/all/function/internal_message.html?_=1715900682606&CODE_STATE=getMsg HTTP/1.1" 200 27
120.253.135.82 - - [17/May/2024:07:04:47 +0800] "GET /xingrg/all/function/internal_message.html?_=1715900538474&CODE_STATE=getMsg HTTP/1.1" 200 27
120.253.135.82 - - [17/May/2024:07:04:50 +0800] "POST /xingrg/kc/buy/cgsh_order_operate.html HTTP/1.1" 200 37
120.253.135.82 - - [17/May/2024:07:04:53 +0800] "POST /xingrg/kc/buy/cgsh_order_operate.html HTTP/1.1" 200 2671
120.253.135.82 - - [17/May/2024:07:04:55 +0800] "GET /xingrg/kc/print/load_data.html?order_code=212024051704668&kc_code=cgsh&condition= HTTP/1.1" 200 735
180.169.147.146 - - [17/May/2024:07:04:57 +0800] "GET /xingrg/check_reg.html?_=1715900698239 HTTP/1.1" 200 22
221.239.170.140 - - [17/May/2024:07:05:17 +0800] "GET /xingrg/all/function/internal_message.html?_=1715900714662&CODE_STATE=getMsg HTTP/1.1" 200 27
116.235.244.24 - - [17/May/2024:07:05:35 +0800] "GET /xingrg/all/function/internal_message.html?_=1715900752957&CODE_STATE=getMsg HTTP/1.1" 200 27
180.156.239.18 - - [17/May/2024:07:05:42 +0800] "GET /xingrg/check_reg.html?_=1715900742618 HTTP/1.1" 200 22
180.156.239.18 - - [17/May/2024:07:05:42 +0800] "GET /xingrg/all/function/internal_message.html?_=1715900742620&CODE_STATE=getMsg HTTP/1.1" 200 27
120.253.135.82 - - [17/May/2024:07:05:47 +0800] "GET /xingrg/all/function/internal_message.html?_=1715900598544&CODE_STATE=getMsg HTTP/1.1" 200 27
120.253.135.82 - - [17/May/2024:07:05:57 +0800] "POST /xingrg/kc/buy/cgsh_order_operate.html HTTP/1.1" 200 37
120.253.135.82 - - [17/May/2024:07:06:03 +0800] "POST /xingrg/kc/buy/cgsh_order_operate.html HTTP/1.1" 200 12
120.253.135.82 - - [17/May/2024:07:06:06 +0800] "GET /xingrg/kc/buy/cgsh_order_info.html?code=212024051704668 HTTP/1.1" 200 68528
120.253.135.82 - - [17/May/2024:07:06:06 +0800] "GET /xingrg/javascript/easyui/themes/default/validatebox.css HTTP/1.1" 404 1104
120.253.135.82 - - [17/May/2024:07:06:07 +0800] "POST /xingrg/kc/buy/cgsh_order_operate.html HTTP/1.1" 200 621
120.253.135.82 - - [17/May/2024:07:06:10 +0800] "POST /xingrg/kc/buy/cgsh_list_operate.html HTTP/1.1" 200 645
120.253.135.82 - - [17/May/2024:07:06:17 +0800] "GET /xingrg/kc/pszx/mdqp_order_list.html?state=10 HTTP/1.1" 200 10459
120.253.135.82 - - [17/May/2024:07:06:17 +0800] "GET /xingrg/css/blue.css HTTP/1.1" 304 -
120.253.135.82 - - [17/May/2024:07:06:17 +0800] "GET /xingrg/dwr/interface/AjaxQqpsService.js HTTP/1.1" 200 16326
120.253.135.82 - - [17/May/2024:07:06:17 +0800] "GET /xingrg/dwr/interface/AjaxReportQueryService.js HTTP/1.1" 200 13203
120.253.135.82 - - [17/May/2024:07:06:17 +0800] "GET /xingrg/dwr/util.js HTTP/1.1" 304 -
120.253.135.82 - - [17/May/2024:07:06:17 +0800] "GET /xingrg/javascript/myfunction.js HTTP/1.1" 304 -
120.253.135.82 - - [17/May/2024:07:06:17 +0800] "GET /xingrg/javascript/Calendar.js HTTP/1.1" 304 -
120.253.135.82 - - [17/May/2024:07:06:17 +0800] "GET /xingrg/dwr/engine.js HTTP/1.1" 200 43631
221.239.170.140 - - [17/May/2024:07:06:17 +0800] "GET /xingrg/all/function/internal_message.html?_=1715900774662&CODE_STATE=getMsg HTTP/1.1" 200 27
221.239.170.140 - - [17/May/2024:07:06:17 +0800] "GET /xingrg/check_reg.html?_=1715900774663 HTTP/1.1" 200 22
120.253.135.82 - - [17/May/2024:07:06:18 +0800] "GET /xingrg/kc/pszx/mdps_order_list.html?orderType=0 HTTP/1.1" 200 21313
120.253.135.82 - - [17/May/2024:07:06:19 +0800] "POST /xingrg/kc/pszx/mdps_list_operate.html HTTP/1.1" 200 5509
120.253.135.82 - - [17/May/2024:07:06:31 +0800] "POST /xingrg/kc/pszx/mdps_list_operate.html HTTP/1.1" 200 868
116.235.244.24 - - [17/May/2024:07:06:35 +0800] "GET /xingrg/all/function/internal_message.html?_=1715900813032&CODE_STATE=getMsg HTTP/1.1" 200 27
120.253.135.82 - - [17/May/2024:07:06:40 +0800] "POST /xingrg/kc/pszx/mdps_list_operate.html HTTP/1.1" 200 2814
120.253.135.82 - - [17/May/2024:07:06:41 +0800] "POST /xingrg/kc/pszx/mdps_list_operate.html HTTP/1.1" 200 205
180.156.239.18 - - [17/May/2024:07:06:42 +0800] "GET /xingrg/all/function/internal_message.html?_=1715900802618&CODE_STATE=getMsg HTTP/1.1" 200 27
120.253.135.82 - - [17/May/2024:07:06:43 +0800] "POST /xingrg/kc/pszx/mdps_list_operate.html HTTP/1.1" 200 205
120.253.135.82 - - [17/May/2024:07:06:45 +0800] "GET /xingrg/check_reg.html?_=1715900656973 HTTP/1.1" 200 22
120.253.135.82 - - [17/May/2024:07:06:47 +0800] "GET /xingrg/all/function/internal_message.html?_=1715900658549&CODE_STATE=getMsg HTTP/1.1" 200 27
120.253.135.82 - - [17/May/2024:07:06:48 +0800] "GET /xingrg/kc/pszx/mdps_order_info.html?code=312024051400273 HTTP/1.1" 200 23984
120.253.135.82 - - [17/May/2024:07:06:48 +0800] "GET /xingrg/javascript/easyui/themes/default/validatebox.css HTTP/1.1" 404 1104
120.253.135.82 - - [17/May/2024:07:06:49 +0800] "GET /xingrg/all/common/auto_word.html?type=base&rest_code=00101 HTTP/1.1" 200 671
120.253.135.82 - - [17/May/2024:07:06:49 +0800] "POST /xingrg/kc/pszx/mdps_order_operate.html HTTP/1.1" 200 2286
120.253.135.82 - - [17/May/2024:07:06:54 +0800] "GET /xingrg/kc/print/load_config.html?kc_code=mdps HTTP/1.1" 200 2390
120.253.135.82 - - [17/May/2024:07:06:54 +0800] "GET /xingrg/kc/print/load_data.html?order_code=312024051400273&kc_code=mdps&condition= HTTP/1.1" 200 703
120.253.135.82 - - [17/May/2024:07:07:03 +0800] "POST /xingrg/kc/pszx/mdps_order_operate.html HTTP/1.1" 200 37
120.253.135.82 - - [17/May/2024:07:07:08 +0800] "POST /xingrg/kc/pszx/mdps_order_operate.html HTTP/1.1" 200 12
120.253.135.82 - - [17/May/2024:07:07:09 +0800] "GET /xingrg/kc/pszx/mdps_order_info.html?code=312024051400273 HTTP/1.1" 200 19644
120.253.135.82 - - [17/May/2024:07:07:10 +0800] "GET /xingrg/javascript/easyui/themes/default/validatebox.css HTTP/1.1" 404 1104
120.253.135.82 - - [17/May/2024:07:07:10 +0800] "POST /xingrg/kc/pszx/mdps_order_operate.html HTTP/1.1" 200 507
120.253.135.82 - - [17/May/2024:07:07:13 +0800] "POST /xingrg/kc/pszx/mdps_list_operate.html HTTP/1.1" 200 283
120.253.135.82 - - [17/May/2024:07:07:14 +0800] "POST /xingrg/kc/pszx/mdps_list_operate.html HTTP/1.1" 200 276
221.239.170.140 - - [17/May/2024:07:07:17 +0800] "GET /xingrg/all/function/internal_message.html?_=1715900834665&CODE_STATE=getMsg HTTP/1.1" 200 27
120.253.135.82 - - [17/May/2024:07:07:18 +0800] "GET /xingrg/kc/pszx/mdps_order_info.html?code=312024051600309 HTTP/1.1" 200 23978
120.253.135.82 - - [17/May/2024:07:07:18 +0800] "GET /xingrg/javascript/easyui/themes/default/validatebox.css HTTP/1.1" 404 1104
120.253.135.82 - - [17/May/2024:07:07:19 +0800] "POST /xingrg/kc/pszx/mdps_order_operate.html HTTP/1.1" 200 2774
120.253.135.82 - - [17/May/2024:07:07:26 +0800] "GET /xingrg/kc/print/load_data.html?order_code=312024051600309&kc_code=mdps&condition= HTTP/1.1" 200 921
116.235.244.24 - - [17/May/2024:07:07:35 +0800] "GET /xingrg/all/function/internal_message.html?_=1715900873045&CODE_STATE=getMsg HTTP/1.1" 200 27
116.238.97.31 - - [17/May/2024:07:07:36 +0800] "GET /xingrg/check_reg.html?_=1715900856682 HTTP/1.1" 302 -
116.238.97.31 - - [17/May/2024:07:07:36 +0800] "GET /xingrg/all/function/internal_message.html?_=1715900856681&CODE_STATE=getMsg HTTP/1.1" 302 -
116.238.97.31 - - [17/May/2024:07:07:36 +0800] "GET /xingrg/login.html HTTP/1.1" 200 7641
116.238.97.31 - - [17/May/2024:07:07:36 +0800] "GET /xingrg/login.html HTTP/1.1" 200 7641
120.253.135.82 - - [17/May/2024:07:07:41 +0800] "POST /xingrg/kc/pszx/mdps_order_operate.html HTTP/1.1" 200 37
180.156.239.18 - - [17/May/2024:07:07:42 +0800] "GET /xingrg/all/function/internal_message.html?_=1715900862611&CODE_STATE=getMsg HTTP/1.1" 200 27
120.253.135.82 - - [17/May/2024:07:07:46 +0800] "POST /xingrg/kc/pszx/mdps_order_operate.html HTTP/1.1" 200 12
120.253.135.82 - - [17/May/2024:07:07:47 +0800] "GET /xingrg/all/function/internal_message.html?_=1715900718561&CODE_STATE=getMsg HTTP/1.1" 200 27
120.253.135.82 - - [17/May/2024:07:07:47 +0800] "GET /xingrg/kc/pszx/mdps_order_info.html?code=312024051600309 HTTP/1.1" 200 19638
120.253.135.82 - - [17/May/2024:07:07:48 +0800] "GET /xingrg/javascript/easyui/themes/default/validatebox.css HTTP/1.1" 404 1104
120.253.135.82 - - [17/May/2024:07:07:48 +0800] "POST /xingrg/kc/pszx/mdps_order_operate.html HTTP/1.1" 200 993
120.253.135.82 - - [17/May/2024:07:07:50 +0800] "POST /xingrg/kc/pszx/mdps_list_operate.html HTTP/1.1" 200 2060
120.253.135.82 - - [17/May/2024:07:07:51 +0800] "POST /xingrg/kc/pszx/mdps_list_operate.html HTTP/1.1" 200 276
120.253.135.82 - - [17/May/2024:07:07:52 +0800] "POST /xingrg/kc/pszx/mdps_list_operate.html HTTP/1.1" 200 205
120.253.135.82 - - [17/May/2024:07:07:59 +0800] "GET /xingrg/kc/pszx/mdth_order_list.html HTTP/1.1" 200 18737
120.253.135.82 - - [17/May/2024:07:08:00 +0800] "POST /xingrg/kc/pszx/mdth_order_new_list.html HTTP/1.1" 200 4753
120.253.135.82 - - [17/May/2024:07:08:02 +0800] "POST /xingrg/kc/pszx/mdth_order_new_list.html HTTP/1.1" 200 211
120.253.135.82 - - [17/May/2024:07:08:04 +0800] "GET /xingrg/kc/pszx/mdth_order_info.html?code=322024051500007 HTTP/1.1" 200 22559
120.253.135.82 - - [17/May/2024:07:08:04 +0800] "GET /xingrg/javascript/easyui/themes/default/validatebox.css HTTP/1.1" 404 1104
120.253.135.82 - - [17/May/2024:07:08:04 +0800] "POST /xingrg/kc/pszx/mdth_order_new_info.html HTTP/1.1" 200 289
221.239.170.140 - - [17/May/2024:07:08:17 +0800] "GET /xingrg/all/function/internal_message.html?_=1715900894664&CODE_STATE=getMsg HTTP/1.1" 200 27
116.235.244.24 - - [17/May/2024:07:08:35 +0800] "GET /xingrg/all/function/internal_message.html?_=1715900933109&CODE_STATE=getMsg HTTP/1.1" 200 27
116.238.97.31 - - [17/May/2024:07:08:36 +0800] "GET /xingrg/all/function/internal_message.html?_=1715900916658&CODE_STATE=getMsg HTTP/1.1" 302 -
180.156.239.18 - - [17/May/2024:07:08:42 +0800] "GET /xingrg/all/function/internal_message.html?_=1715900922607&CODE_STATE=getMsg HTTP/1.1" 200 27
120.253.135.82 - - [17/May/2024:07:08:47 +0800] "GET /xingrg/all/function/internal_message.html?_=1715900778632&CODE_STATE=getMsg HTTP/1.1" 200 27
116.235.244.24 - - [17/May/2024:07:09:03 +0800] "GET /xingrg/check_reg.html?_=1715900960941 HTTP/1.1" 200 22
221.239.170.140 - - [17/May/2024:07:09:17 +0800] "GET /xingrg/all/function/internal_message.html?_=1715900954664&CODE_STATE=getMsg HTTP/1.1" 200 27
116.235.244.24 - - [17/May/2024:07:09:35 +0800] "GET /xingrg/all/function/internal_message.html?_=1715900993120&CODE_STATE=getMsg HTTP/1.1" 200 27
116.238.97.31 - - [17/May/2024:07:09:36 +0800] "GET /xingrg/all/function/internal_message.html?_=1715900976636&CODE_STATE=getMsg HTTP/1.1" 302 -
180.156.239.18 - - [17/May/2024:07:09:42 +0800] "GET /xingrg/all/function/internal_message.html?_=1715900982596&CODE_STATE=getMsg HTTP/1.1" 200 27
120.253.135.82 - - [17/May/2024:07:09:47 +0800] "GET /xingrg/all/function/internal_message.html?_=1715900838636&CODE_STATE=getMsg HTTP/1.1" 200 27
180.169.147.146 - - [17/May/2024:07:09:57 +0800] "GET /xingrg/check_reg.html?_=1715900998228 HTTP/1.1" 200 22
221.239.170.140 - - [17/May/2024:07:10:17 +0800] "GET /xingrg/all/function/internal_message.html?_=1715901014662&CODE_STATE=getMsg HTTP/1.1" 200 27
116.235.244.24 - - [17/May/2024:07:10:35 +0800] "GET /xingrg/all/function/internal_message.html?_=1715901053134&CODE_STATE=getMsg HTTP/1.1" 200 27
116.238.97.31 - - [17/May/2024:07:10:36 +0800] "GET /xingrg/all/function/internal_message.html?_=1715901036611&CODE_STATE=getMsg HTTP/1.1" 302 -
180.156.239.18 - - [17/May/2024:07:10:42 +0800] "GET /xingrg/all/function/internal_message.html?_=1715901042598&CODE_STATE=getMsg HTTP/1.1" 200 27
180.156.239.18 - - [17/May/2024:07:10:42 +0800] "GET /xingrg/check_reg.html?_=1715901042599 HTTP/1.1" 200 22
120.253.135.82 - - [17/May/2024:07:10:47 +0800] "GET /xingrg/all/function/internal_message.html?_=1715900898700&CODE_STATE=getMsg HTTP/1.1" 200 27
221.239.170.140 - - [17/May/2024:07:11:17 +0800] "GET /xingrg/all/function/internal_message.html?_=1715901074662&CODE_STATE=getMsg HTTP/1.1" 200 27
221.239.170.140 - - [17/May/2024:07:11:17 +0800] "GET /xingrg/check_reg.html?_=1715901074668 HTTP/1.1" 200 22
116.235.244.24 - - [17/May/2024:07:11:35 +0800] "GET /xingrg/all/function/internal_message.html?_=1715901113201&CODE_STATE=getMsg HTTP/1.1" 200 27
116.238.97.31 - - [17/May/2024:07:11:36 +0800] "GET /xingrg/all/function/internal_message.html?_=1715901096587&CODE_STATE=getMsg HTTP/1.1" 302 -
180.156.239.18 - - [17/May/2024:07:11:42 +0800] "GET /xingrg/all/function/internal_message.html?_=1715901102610&CODE_STATE=getMsg HTTP/1.1" 200 27
120.253.135.82 - - [17/May/2024:07:11:45 +0800] "GET /xingrg/check_reg.html?_=1715900956982 HTTP/1.1" 200 22
120.253.135.82 - - [17/May/2024:07:11:47 +0800] "GET /xingrg/all/function/internal_message.html?_=1715900958756&CODE_STATE=getMsg HTTP/1.1" 200 27
221.239.170.140 - - [17/May/2024:07:12:17 +0800] "GET /xingrg/all/function/internal_message.html?_=1715901134668&CODE_STATE=getMsg HTTP/1.1" 200 27
116.235.244.24 - - [17/May/2024:07:12:35 +0800] "GET /xingrg/all/function/internal_message.html?_=1715901173208&CODE_STATE=getMsg HTTP/1.1" 200 27
116.238.97.31 - - [17/May/2024:07:12:36 +0800] "GET /xingrg/all/function/internal_message.html?_=1715901156563&CODE_STATE=getMsg HTTP/1.1" 302 -
116.238.97.31 - - [17/May/2024:07:12:36 +0800] "GET /xingrg/check_reg.html?_=1715901156661 HTTP/1.1" 302 -
180.156.239.18 - - [17/May/2024:07:12:42 +0800] "GET /xingrg/all/function/internal_message.html?_=1715901162605&CODE_STATE=getMsg HTTP/1.1" 200 27
120.253.135.82 - - [17/May/2024:07:12:47 +0800] "GET /xingrg/all/function/internal_message.html?_=1715901018770&CODE_STATE=getMsg HTTP/1.1" 200 27
221.239.170.140 - - [17/May/2024:07:13:17 +0800] "GET /xingrg/all/function/internal_message.html?_=1715901194672&CODE_STATE=getMsg HTTP/1.1" 200 27
116.235.244.24 - - [17/May/2024:07:13:36 +0800] "GET /xingrg/all/function/internal_message.html?_=1715901233288&CODE_STATE=getMsg HTTP/1.1" 200 27
116.238.97.31 - - [17/May/2024:07:13:36 +0800] "GET /xingrg/all/function/internal_message.html?_=1715901216552&CODE_STATE=getMsg HTTP/1.1" 302 -
180.156.239.18 - - [17/May/2024:07:13:42 +0800] "GET /xingrg/all/function/internal_message.html?_=1715901222603&CODE_STATE=getMsg HTTP/1.1" 200 27
120.253.135.82 - - [17/May/2024:07:13:47 +0800] "GET /xingrg/all/function/internal_message.html?_=1715901078784&CODE_STATE=getMsg HTTP/1.1" 200 27
116.235.244.24 - - [17/May/2024:07:14:03 +0800] "GET /xingrg/check_reg.html?_=1715901260953 HTTP/1.1" 200 22
221.239.170.140 - - [17/May/2024:07:14:17 +0800] "GET /xingrg/all/function/internal_message.html?_=1715901254675&CODE_STATE=getMsg HTTP/1.1" 200 27
116.238.97.31 - - [17/May/2024:07:14:36 +0800] "GET /xingrg/all/function/internal_message.html?_=1715901276536&CODE_STATE=getMsg HTTP/1.1" 302 -
116.235.244.24 - - [17/May/2024:07:14:36 +0800] "GET /xingrg/all/function/internal_message.html?_=1715901293297&CODE_STATE=getMsg HTTP/1.1" 200 27
180.156.239.18 - - [17/May/2024:07:14:42 +0800] "GET /xingrg/all/function/internal_message.html?_=1715901282609&CODE_STATE=getMsg HTTP/1.1" 200 27
120.253.135.82 - - [17/May/2024:07:14:47 +0800] "GET /xingrg/all/function/internal_message.html?_=1715901138844&CODE_STATE=getMsg HTTP/1.1" 200 27
180.169.147.146 - - [17/May/2024:07:14:57 +0800] "GET /xingrg/check_reg.html?_=1715901298233 HTTP/1.1" 200 22
221.239.170.140 - - [17/May/2024:07:15:17 +0800] "GET /xingrg/all/function/internal_message.html?_=1715901314678&CODE_STATE=getMsg HTTP/1.1" 200 27
116.238.97.31 - - [17/May/2024:07:15:35 +0800] "GET /xingrg/all/function/internal_message.html?_=1715901336508&CODE_STATE=getMsg HTTP/1.1" 302 -
116.235.244.24 - - [17/May/2024:07:15:36 +0800] "GET /xingrg/all/function/internal_message.html?_=1715901353310&CODE_STATE=getMsg HTTP/1.1" 200 27
180.156.239.18 - - [17/May/2024:07:15:42 +0800] "GET /xingrg/check_reg.html?_=1715901342605 HTTP/1.1" 200 22
180.156.239.18 - - [17/May/2024:07:15:42 +0800] "GET /xingrg/all/function/internal_message.html?_=1715901342607&CODE_STATE=getMsg HTTP/1.1" 200 27
120.253.135.82 - - [17/May/2024:07:15:47 +0800] "GET /xingrg/all/function/internal_message.html?_=1715901198858&CODE_STATE=getMsg HTTP/1.1" 200 27
221.239.170.140 - - [17/May/2024:07:16:17 +0800] "GET /xingrg/check_reg.html?_=1715901374678 HTTP/1.1" 200 22
221.239.170.140 - - [17/May/2024:07:16:17 +0800] "GET /xingrg/all/function/internal_message.html?_=1715901374681&CODE_STATE=getMsg HTTP/1.1" 200 27
116.238.97.31 - - [17/May/2024:07:16:35 +0800] "GET /xingrg/all/function/internal_message.html?_=1715901396481&CODE_STATE=getMsg HTTP/1.1" 302 -
116.235.244.24 - - [17/May/2024:07:16:36 +0800] "GET /xingrg/all/function/internal_message.html?_=1715901413375&CODE_STATE=getMsg HTTP/1.1" 200 27
180.156.239.18 - - [17/May/2024:07:16:42 +0800] "GET /xingrg/all/function/internal_message.html?_=1715901402607&CODE_STATE=getMsg HTTP/1.1" 200 27
120.253.135.82 - - [17/May/2024:07:16:45 +0800] "GET /xingrg/check_reg.html?_=1715901257043 HTTP/1.1" 200 22
120.253.135.82 - - [17/May/2024:07:16:47 +0800] "GET /xingrg/all/function/internal_message.html?_=1715901258871&CODE_STATE=getMsg HTTP/1.1" 200 27
221.239.170.140 - - [17/May/2024:07:17:17 +0800] "GET /xingrg/all/function/internal_message.html?_=1715901434680&CODE_STATE=getMsg HTTP/1.1" 200 27
116.238.97.31 - - [17/May/2024:07:17:35 +0800] "GET /xingrg/all/function/internal_message.html?_=1715901456460&CODE_STATE=getMsg HTTP/1.1" 302 -
116.235.244.24 - - [17/May/2024:07:17:36 +0800] "GET /xingrg/all/function/internal_message.html?_=1715901473385&CODE_STATE=getMsg HTTP/1.1" 200 27
116.238.97.31 - - [17/May/2024:07:17:36 +0800] "GET /xingrg/check_reg.html?_=1715901456636 HTTP/1.1" 302 -
180.156.239.18 - - [17/May/2024:07:17:42 +0800] "GET /xingrg/all/function/internal_message.html?_=1715901462614&CODE_STATE=getMsg HTTP/1.1" 200 27
120.253.135.82 - - [17/May/2024:07:17:47 +0800] "GET /xingrg/all/function/internal_message.html?_=1715901318884&CODE_STATE=getMsg HTTP/1.1" 200 27
221.239.170.140 - - [17/May/2024:07:18:17 +0800] "GET /xingrg/all/function/internal_message.html?_=1715901494680&CODE_STATE=getMsg HTTP/1.1" 200 27
116.238.97.31 - - [17/May/2024:07:18:35 +0800] "GET /xingrg/all/function/internal_message.html?_=1715901516433&CODE_STATE=getMsg HTTP/1.1" 302 -
116.235.244.24 - - [17/May/2024:07:18:36 +0800] "GET /xingrg/all/function/internal_message.html?_=1715901533445&CODE_STATE=getMsg HTTP/1.1" 200 27
180.156.239.18 - - [17/May/2024:07:18:42 +0800] "GET /xingrg/all/function/internal_message.html?_=1715901522603&CODE_STATE=getMsg HTTP/1.1" 200 27
120.253.135.82 - - [17/May/2024:07:18:47 +0800] "GET /xingrg/all/function/internal_message.html?_=1715901378899&CODE_STATE=getMsg HTTP/1.1" 200 27
116.235.244.24 - - [17/May/2024:07:19:03 +0800] "GET /xingrg/check_reg.html?_=1715901560948 HTTP/1.1" 200 22
221.239.170.140 - - [17/May/2024:07:19:17 +0800] "GET /xingrg/all/function/internal_message.html?_=1715901554681&CODE_STATE=getMsg HTTP/1.1" 200 27
116.238.97.31 - - [17/May/2024:07:19:35 +0800] "GET /xingrg/all/function/internal_message.html?_=1715901576422&CODE_STATE=getMsg HTTP/1.1" 302 -
116.235.244.24 - - [17/May/2024:07:19:36 +0800] "GET /xingrg/all/function/internal_message.html?_=1715901593459&CODE_STATE=getMsg HTTP/1.1" 200 27
180.156.239.18 - - [17/May/2024:07:19:42 +0800] "GET /xingrg/all/function/internal_message.html?_=1715901582614&CODE_STATE=getMsg HTTP/1.1" 200 27
120.253.135.82 - - [17/May/2024:07:19:47 +0800] "GET /xingrg/all/function/internal_message.html?_=1715901438949&CODE_STATE=getMsg HTTP/1.1" 200 27
180.169.147.146 - - [17/May/2024:07:19:57 +0800] "GET /xingrg/check_reg.html?_=1715901598238 HTTP/1.1" 200 22
221.239.170.140 - - [17/May/2024:07:20:17 +0800] "GET /xingrg/all/function/internal_message.html?_=1715901614680&CODE_STATE=getMsg HTTP/1.1" 200 27
116.238.97.31 - - [17/May/2024:07:20:35 +0800] "GET /xingrg/all/function/internal_message.html?_=1715901636392&CODE_STATE=getMsg HTTP/1.1" 302 -
116.235.244.24 - - [17/May/2024:07:20:36 +0800] "GET /xingrg/all/function/internal_message.html?_=1715901653472&CODE_STATE=getMsg HTTP/1.1" 200 27
180.156.239.18 - - [17/May/2024:07:20:42 +0800] "GET /xingrg/check_reg.html?_=1715901642599 HTTP/1.1" 200 22
180.156.239.18 - - [17/May/2024:07:20:42 +0800] "GET /xingrg/all/function/internal_message.html?_=1715901642601&CODE_STATE=getMsg HTTP/1.1" 200 27
120.253.135.82 - - [17/May/2024:07:20:47 +0800] "GET /xingrg/all/function/internal_message.html?_=1715901498958&CODE_STATE=getMsg HTTP/1.1" 200 27
124.78.152.42 - - [17/May/2024:07:21:14 +0800] "POST /xingrg/services/DataTransmitService HTTP/1.1" 200 524
221.239.170.140 - - [17/May/2024:07:21:17 +0800] "GET /xingrg/all/function/internal_message.html?_=1715901674678&CODE_STATE=getMsg HTTP/1.1" 200 27
221.239.170.140 - - [17/May/2024:07:21:17 +0800] "GET /xingrg/check_reg.html?_=1715901674680 HTTP/1.1" 200 22
116.238.97.31 - - [17/May/2024:07:21:35 +0800] "GET /xingrg/all/function/internal_message.html?_=1715901696365&CODE_STATE=getMsg HTTP/1.1" 302 -
116.235.244.24 - - [17/May/2024:07:21:36 +0800] "GET /xingrg/all/function/internal_message.html?_=1715901713542&CODE_STATE=getMsg HTTP/1.1" 200 27
180.156.239.18 - - [17/May/2024:07:21:42 +0800] "GET /xingrg/all/function/internal_message.html?_=1715901702606&CODE_STATE=getMsg HTTP/1.1" 200 27
120.253.135.82 - - [17/May/2024:07:21:45 +0800] "GET /xingrg/check_reg.html?_=1715901557096 HTTP/1.1" 200 22
120.253.135.82 - - [17/May/2024:07:21:47 +0800] "GET /xingrg/all/function/internal_message.html?_=1715901558970&CODE_STATE=getMsg HTTP/1.1" 200 27
221.239.170.140 - - [17/May/2024:07:22:17 +0800] "GET /xingrg/all/function/internal_message.html?_=1715901734681&CODE_STATE=getMsg HTTP/1.1" 200 27
116.238.97.31 - - [17/May/2024:07:22:35 +0800] "GET /xingrg/all/function/internal_message.html?_=1715901756350&CODE_STATE=getMsg HTTP/1.1" 302 -
116.238.97.31 - - [17/May/2024:07:22:36 +0800] "GET /xingrg/check_reg.html?_=1715901756630 HTTP/1.1" 302 -
116.235.244.24 - - [17/May/2024:07:22:36 +0800] "GET /xingrg/all/function/internal_message.html?_=1715901773546&CODE_STATE=getMsg HTTP/1.1" 200 27
180.156.239.18 - - [17/May/2024:07:22:42 +0800] "GET /xingrg/all/function/internal_message.html?_=1715901762604&CODE_STATE=getMsg HTTP/1.1" 200 27
120.253.135.82 - - [17/May/2024:07:22:47 +0800] "GET /xingrg/all/function/internal_message.html?_=1715901618985&CODE_STATE=getMsg HTTP/1.1" 200 27
101.83.144.49 - - [17/May/2024:07:23:05 +0800] "POST /xingrg/services/DataTransmitService HTTP/1.1" 200 524
221.239.170.140 - - [17/May/2024:07:23:17 +0800] "GET /xingrg/all/function/internal_message.html?_=1715901794681&CODE_STATE=getMsg HTTP/1.1" 200 27
116.238.97.31 - - [17/May/2024:07:23:35 +0800] "GET /xingrg/all/function/internal_message.html?_=1715901816341&CODE_STATE=getMsg HTTP/1.1" 302 -
116.235.244.24 - - [17/May/2024:07:23:36 +0800] "GET /xingrg/all/function/internal_message.html?_=1715901833616&CODE_STATE=getMsg HTTP/1.1" 200 27
180.156.239.18 - - [17/May/2024:07:23:42 +0800] "GET /xingrg/all/function/internal_message.html?_=1715901822622&CODE_STATE=getMsg HTTP/1.1" 200 27
120.253.135.82 - - [17/May/2024:07:23:47 +0800] "GET /xingrg/all/function/internal_message.html?_=1715901678998&CODE_STATE=getMsg HTTP/1.1" 200 27
116.235.244.24 - - [17/May/2024:07:24:03 +0800] "GET /xingrg/check_reg.html?_=1715901860953 HTTP/1.1" 200 22
221.239.170.140 - - [17/May/2024:07:24:17 +0800] "GET /xingrg/all/function/internal_message.html?_=1715901854681&CODE_STATE=getMsg HTTP/1.1" 200 27
116.238.97.31 - - [17/May/2024:07:24:35 +0800] "GET /xingrg/all/function/internal_message.html?_=1715901876332&CODE_STATE=getMsg HTTP/1.1" 302 -
116.235.244.24 - - [17/May/2024:07:24:36 +0800] "GET /xingrg/all/function/internal_message.html?_=1715901893620&CODE_STATE=getMsg HTTP/1.1" 200 27
180.156.239.18 - - [17/May/2024:07:24:42 +0800] "GET /xingrg/all/function/internal_message.html?_=1715901882610&CODE_STATE=getMsg HTTP/1.1" 200 27
120.253.135.82 - - [17/May/2024:07:24:47 +0800] "GET /xingrg/all/function/internal_message.html?_=1715901739055&CODE_STATE=getMsg HTTP/1.1" 200 27
180.169.147.146 - - [17/May/2024:07:24:57 +0800] "GET /xingrg/check_reg.html?_=1715901898228 HTTP/1.1" 200 22
221.239.170.140 - - [17/May/2024:07:25:17 +0800] "GET /xingrg/all/function/internal_message.html?_=1715901914683&CODE_STATE=getMsg HTTP/1.1" 200 27
116.238.97.31 - - [17/May/2024:07:25:35 +0800] "GET /xingrg/all/function/internal_message.html?_=1715901936326&CODE_STATE=getMsg HTTP/1.1" 302 -
116.235.244.24 - - [17/May/2024:07:25:36 +0800] "GET /xingrg/all/function/internal_message.html?_=1715901953635&CODE_STATE=getMsg HTTP/1.1" 200 27
180.156.239.18 - - [17/May/2024:07:25:36 +0800] "POST /xingrg/services/DataTransmitService HTTP/1.1" 200 524
180.156.239.18 - - [17/May/2024:07:25:42 +0800] "GET /xingrg/check_reg.html?_=1715901942603 HTTP/1.1" 200 22
180.156.239.18 - - [17/May/2024:07:25:42 +0800] "GET /xingrg/all/function/internal_message.html?_=1715901942606&CODE_STATE=getMsg HTTP/1.1" 200 27
120.253.135.82 - - [17/May/2024:07:25:47 +0800] "GET /xingrg/all/function/internal_message.html?_=1715901799056&CODE_STATE=getMsg HTTP/1.1" 200 27
221.239.170.140 - - [17/May/2024:07:26:17 +0800] "GET /xingrg/check_reg.html?_=1715901974690 HTTP/1.1" 200 22
221.239.170.140 - - [17/May/2024:07:26:17 +0800] "GET /xingrg/all/function/internal_message.html?_=1715901974693&CODE_STATE=getMsg HTTP/1.1" 200 27
116.238.97.31 - - [17/May/2024:07:26:28 +0800] "GET /xingrg/kc/buy/cgsh_order_list.html HTTP/1.1" 302 -
116.238.97.31 - - [17/May/2024:07:26:28 +0800] "GET /xingrg/login.html HTTP/1.1" 200 7641
116.238.97.31 - - [17/May/2024:07:26:28 +0800] "GET /xingrg/login.html HTTP/1.1" 200 7641
116.238.97.31 - - [17/May/2024:07:26:28 +0800] "GET /xingrg/images/blue/jxLogo.png HTTP/1.1" 200 6156
116.238.97.31 - - [17/May/2024:07:26:28 +0800] "GET /xingrg/images/blue/srbg.png HTTP/1.1" 200 138
116.238.97.31 - - [17/May/2024:07:26:28 +0800] "GET /xingrg/images/blue/login_bg.png HTTP/1.1" 200 22101
116.238.97.31 - - [17/May/2024:07:26:28 +0800] "GET /xingrg/images/blue/hj.png HTTP/1.1" 200 1014
116.238.97.31 - - [17/May/2024:07:26:28 +0800] "GET /favicon.ico HTTP/1.1" 404 -
116.238.97.31 - - [17/May/2024:07:26:30 +0800] "POST /xingrg/login.do HTTP/1.1" 302 -
116.238.97.31 - - [17/May/2024:07:26:30 +0800] "GET /xingrg/index.html?sysBaseUrl=http%3A%2F%2F180.169.147.146%3A18081%2Fxingrg%2F&costTime=802×tamp=1715901990236 HTTP/1.1" 200 17173
116.238.97.31 - - [17/May/2024:07:26:30 +0800] "GET /xingrg/javascript/jquery_easy_ui/themes/default/easyui.css HTTP/1.1" 200 26500
116.238.97.31 - - [17/May/2024:07:26:30 +0800] "GET /xingrg/javascript/jquery_easy_ui/themes/icon.css HTTP/1.1" 200 3949
116.238.97.31 - - [17/May/2024:07:26:30 +0800] "GET /xingrg/css/form.css HTTP/1.1" 200 893
116.238.97.31 - - [17/May/2024:07:26:30 +0800] "GET /xingrg/javascript/jquery-1.4.2.min.js HTTP/1.1" 200 72205
116.238.97.31 - - [17/May/2024:07:26:30 +0800] "GET /xingrg/javascript/jquery.form.js HTTP/1.1" 200 23110
116.238.97.31 - - [17/May/2024:07:26:30 +0800] "GET /xingrg/javascript/jquery_easy_ui/easyui-lang-zh_CN.js HTTP/1.1" 200 1900
116.238.97.31 - - [17/May/2024:07:26:30 +0800] "GET /xingrg/javascript/jquery_easy_ui/jquery.easyui.min.js HTTP/1.1" 200 213662
116.238.97.31 - - [17/May/2024:07:26:30 +0800] "GET /xingrg/javascript/jquery.utils.js HTTP/1.1" 200 11805
116.238.97.31 - - [17/May/2024:07:26:30 +0800] "GET /xingrg/javascript/jquery.timers.js HTTP/1.1" 200 3532
116.238.97.31 - - [17/May/2024:07:26:30 +0800] "GET /favicon.ico HTTP/1.1" 404 -
116.238.97.31 - - [17/May/2024:07:26:30 +0800] "GET /xingrg/javascript/jquery_easy_ui/themes/icons/settle_new.png HTTP/1.1" 200 826
116.238.97.31 - - [17/May/2024:07:26:30 +0800] "GET /xingrg/images/blue/navBackgound.jpg HTTP/1.1" 200 12378
116.238.97.31 - - [17/May/2024:07:26:30 +0800] "GET /xingrg/all/function/internal_message.html?_=1715901991045&CODE_STATE=count HTTP/1.1" 200 11
116.238.97.31 - - [17/May/2024:07:26:30 +0800] "GET /xingrg/check_reg.html?_=1715901991045 HTTP/1.1" 200 22
116.238.97.31 - - [17/May/2024:07:26:30 +0800] "GET /xingrg/images/blue/pingpu.png HTTP/1.1" 200 231
116.238.97.31 - - [17/May/2024:07:26:30 +0800] "GET /xingrg/javascript/jquery_easy_ui/themes/default/images/tabs_leftarrow.png HTTP/1.1" 200 389
116.238.97.31 - - [17/May/2024:07:26:30 +0800] "GET /xingrg/javascript/jquery_easy_ui/themes/default/images/tabs_rightarrow.png HTTP/1.1" 200 395
116.238.97.31 - - [17/May/2024:07:26:30 +0800] "GET /xingrg/javascript/jquery_easy_ui/themes/default/images/panel_tool_collapse.gif HTTP/1.1" 200 246
