116.235.245.51 - - [16/May/2024:11:10:37 +0800] "GET /xingrg/dwr/engine.js HTTP/1.1" 200 43631
116.235.245.51 - - [16/May/2024:11:10:37 +0800] "GET /xingrg/dwr/interface/AjaxComOrderService.js HTTP/1.1" 200 18264
116.235.245.51 - - [16/May/2024:11:10:37 +0800] "POST /xingrg/dwr/call/plaincall/AjaxCheckService.saveOrder.dwr HTTP/1.1" 200 78
116.235.245.51 - - [16/May/2024:11:10:37 +0800] "POST /xingrg/dwr/call/plaincall/AjaxCheckService.loadOrderItems.dwr HTTP/1.1" 200 74578
116.235.245.51 - - [16/May/2024:11:10:38 +0800] "POST /xingrg/dwr/call/plaincall/AjaxCheckService.loadOrderItems.dwr HTTP/1.1" 200 367
120.253.135.82 - - [16/May/2024:11:10:40 +0800] "GET /xingrg/kc/buy/cgsh_order_operate.html?command=get_materiel&rest_code=00101&code=00101008130&supplier_code=00100112&order_time=2024-05-16 HTTP/1.1" 200 413
116.235.245.51 - - [16/May/2024:11:10:43 +0800] "POST /xingrg/dwr/call/plaincall/AjaxCheckService.importOrderItems.dwr HTTP/1.1" 200 78
101.80.230.31 - - [16/May/2024:11:10:45 +0800] "GET /xingrg/all/function/internal_message.html?_=1715829050880&CODE_STATE=getMsg HTTP/1.1" 200 27
116.235.245.51 - - [16/May/2024:11:10:45 +0800] "POST /xingrg/dwr/call/plaincall/AjaxCheckService.loadOrderItems.dwr HTTP/1.1" 200 1651
180.156.239.18 - - [16/May/2024:11:10:46 +0800] "GET /xingrg/login.html HTTP/1.1" 200 7641
180.156.239.18 - - [16/May/2024:11:10:46 +0800] "GET /favicon.ico HTTP/1.1" 404 -
114.95.186.91 - - [16/May/2024:11:10:47 +0800] "GET /xingrg/all/function/internal_message.html?_=1715829046893&CODE_STATE=getMsg HTTP/1.1" 200 27
222.70.183.82 - - [16/May/2024:11:10:47 +0800] "GET /xingrg/all/function/internal_message.html?_=1715829043705&CODE_STATE=getMsg HTTP/1.1" 200 27
180.156.239.18 - - [16/May/2024:11:10:49 +0800] "POST /xingrg/login.do HTTP/1.1" 302 -
180.156.239.18 - - [16/May/2024:11:10:49 +0800] "GET /xingrg/index.html?sysBaseUrl=http%3A%2F%2F180.169.147.146%3A18081%2Fxingrg%2F&costTime=1204×tamp=1715829049371 HTTP/1.1" 200 17179
180.156.239.18 - - [16/May/2024:11:10:49 +0800] "GET /favicon.ico HTTP/1.1" 404 -
180.156.239.18 - - [16/May/2024:11:10:49 +0800] "GET /xingrg/all/function/internal_message.html?_=1715829049653&CODE_STATE=count HTTP/1.1" 200 11
180.156.239.18 - - [16/May/2024:11:10:49 +0800] "GET /xingrg/check_reg.html?_=1715829049654 HTTP/1.1" 200 22
180.156.239.18 - - [16/May/2024:11:10:49 +0800] "POST /xingrg/all/common/load_tree.html?tree=area_rest_tree_json&manage=1 HTTP/1.1" 200 476
180.156.239.18 - - [16/May/2024:11:10:49 +0800] "POST /xingrg/load_menu.html HTTP/1.1" 200 5138
114.83.217.213 - - [16/May/2024:11:10:50 +0800] "GET /xingrg/all/function/internal_message.html?_=1715829048271&CODE_STATE=getMsg HTTP/1.1" 200 27
116.232.195.13 - - [16/May/2024:11:10:53 +0800] "GET /xingrg/all/function/internal_message.html?_=1715829054231&CODE_STATE=getMsg HTTP/1.1" 200 27
116.232.195.13 - - [16/May/2024:11:10:56 +0800] "GET /xingrg/all/function/internal_message.html?_=1715829022741&CODE_STATE=getMsg HTTP/1.1" 200 27
120.253.135.82 - - [16/May/2024:11:10:57 +0800] "GET /xingrg/kc/buy/cgsh_order_operate.html?command=get_materiel&rest_code=00101&code=00101013073&supplier_code=00100112&order_time=2024-05-16 HTTP/1.1" 200 414
116.235.245.51 - - [16/May/2024:11:10:57 +0800] "POST /xingrg/dwr/call/plaincall/AjaxCheckService.setItemNumber.dwr HTTP/1.1" 200 76
101.83.144.49 - - [16/May/2024:11:10:58 +0800] "GET /xingrg/kc/base/wldb_order_operate.html?command=get_materiel&rest_code=00105&base_code=0010507&code=00101016076 HTTP/1.1" 200 477
116.235.245.51 - - [16/May/2024:11:10:58 +0800] "POST /xingrg/dwr/call/plaincall/AjaxCheckService.setItemNumber.dwr HTTP/1.1" 200 76
116.235.245.51 - - [16/May/2024:11:11:00 +0800] "POST /xingrg/dwr/call/plaincall/AjaxCheckService.setItemNumber.dwr HTTP/1.1" 200 76
114.95.186.91 - - [16/May/2024:11:11:00 +0800] "GET /xingrg/all/function/internal_message.html?_=1715829060052&CODE_STATE=getMsg HTTP/1.1" 200 27
120.253.135.82 - - [16/May/2024:11:11:01 +0800] "GET /xingrg/all/function/internal_message.html?_=1715829248225&CODE_STATE=getMsg HTTP/1.1" 200 27
116.235.245.51 - - [16/May/2024:11:11:03 +0800] "POST /xingrg/dwr/call/plaincall/AjaxCheckService.setItemNumber.dwr HTTP/1.1" 200 76
116.235.245.51 - - [16/May/2024:11:11:03 +0800] "POST /xingrg/dwr/call/plaincall/AjaxCheckService.setItemNumber.dwr HTTP/1.1" 200 76
116.238.97.31 - - [16/May/2024:11:11:05 +0800] "GET /xingrg/all/function/internal_message.html?_=1715829065310&CODE_STATE=getMsg HTTP/1.1" 200 27
116.235.245.51 - - [16/May/2024:11:11:06 +0800] "GET /xingrg/all/function/internal_message.html?_=1715829078471&CODE_STATE=getMsg HTTP/1.1" 200 27
180.156.239.18 - - [16/May/2024:11:11:06 +0800] "GET /xingrg/kc/buy/cgsh_order_list.html HTTP/1.1" 200 58786
116.235.245.51 - - [16/May/2024:11:11:07 +0800] "POST /xingrg/dwr/call/plaincall/AjaxCheckService.setItemNumber.dwr HTTP/1.1" 200 76
222.69.130.103 - - [16/May/2024:11:11:08 +0800] "GET /xingrg/all/function/internal_message.html?_=1715829069939&CODE_STATE=getMsg HTTP/1.1" 200 27
120.253.135.82 - - [16/May/2024:11:11:09 +0800] "POST /xingrg/kc/buy/cgsh_order_operate.html HTTP/1.1" 200 37
180.169.147.146 - - [16/May/2024:11:11:09 +0800] "GET /xingrg/all/function/internal_message.html?_=1715829069309&CODE_STATE=getMsg HTTP/1.1" 200 27
180.169.147.146 - - [16/May/2024:11:11:09 +0800] "GET /xingrg/check_reg.html?_=1715829069311 HTTP/1.1" 200 22
116.235.245.51 - - [16/May/2024:11:11:09 +0800] "POST /xingrg/dwr/call/plaincall/AjaxCheckService.setItemNumber.dwr HTTP/1.1" 200 76
101.83.144.49 - - [16/May/2024:11:11:10 +0800] "GET /xingrg/all/function/internal_message.html?_=1715829070892&CODE_STATE=getMsg HTTP/1.1" 200 27
180.156.239.18 - - [16/May/2024:11:11:10 +0800] "POST /xingrg/kc/buy/cgsh_list_operate.html HTTP/1.1" 200 645
116.235.245.51 - - [16/May/2024:11:11:11 +0800] "POST /xingrg/dwr/call/plaincall/AjaxCheckService.setItemNumber.dwr HTTP/1.1" 200 76
180.169.147.146 - - [16/May/2024:11:11:12 +0800] "GET /xingrg/all/function/internal_message.html?_=1715829072486&CODE_STATE=getMsg HTTP/1.1" 200 27
180.156.239.18 - - [16/May/2024:11:11:12 +0800] "GET /xingrg/kc/buy/cgsh_order_add.html HTTP/1.1" 200 74649
180.156.239.18 - - [16/May/2024:11:11:12 +0800] "GET /xingrg/words/20240515153719_words.js HTTP/1.1" 304 -
180.156.239.18 - - [16/May/2024:11:11:12 +0800] "POST /xingrg/kc/buy/cgsh_order_operate.html HTTP/1.1" 200 8245
180.156.239.18 - - [16/May/2024:11:11:12 +0800] "GET /xingrg/javascript/easyui/themes/default/validatebox.css HTTP/1.1" 404 1104
116.235.245.51 - - [16/May/2024:11:11:12 +0800] "POST /xingrg/dwr/call/plaincall/AjaxCheckService.setItemNumber.dwr HTTP/1.1" 200 76
180.156.239.18 - - [16/May/2024:11:11:13 +0800] "GET /xingrg/all/common/auto_word.html?type=employee&rest_code=00150 HTTP/1.1" 200 159
180.156.239.18 - - [16/May/2024:11:11:13 +0800] "GET /xingrg/all/common/auto_word.html?type=employee&rest_code=00150 HTTP/1.1" 200 159
116.235.245.51 - - [16/May/2024:11:11:13 +0800] "POST /xingrg/dwr/call/plaincall/AjaxCheckService.setItemNumber.dwr HTTP/1.1" 200 77
116.238.97.31 - - [16/May/2024:11:11:14 +0800] "GET /xingrg/all/function/internal_message.html?_=1715829072113&CODE_STATE=getMsg HTTP/1.1" 200 27
120.253.135.82 - - [16/May/2024:11:11:14 +0800] "POST /xingrg/kc/buy/cgsh_order_operate.html HTTP/1.1" 200 3262
222.67.233.39 - - [16/May/2024:11:11:14 +0800] "GET /xingrg/all/function/internal_message.html?_=1715829075019&CODE_STATE=getMsg HTTP/1.1" 200 27
116.235.245.51 - - [16/May/2024:11:11:15 +0800] "POST /xingrg/dwr/call/plaincall/AjaxCheckService.setItemNumber.dwr HTTP/1.1" 200 77
222.70.183.82 - - [16/May/2024:11:11:16 +0800] "GET /xingrg/check_reg.html?_=1715829072396 HTTP/1.1" 200 22
180.156.239.18 - - [16/May/2024:11:11:16 +0800] "GET /xingrg/javascript/auto/indicator.gif HTTP/1.1" 404 1066
116.235.245.51 - - [16/May/2024:11:11:17 +0800] "POST /xingrg/dwr/call/plaincall/AjaxCheckService.setItemNumber.dwr HTTP/1.1" 200 77
120.253.135.82 - - [16/May/2024:11:11:17 +0800] "GET /xingrg/kc/buy/cgsh_order_add.html HTTP/1.1" 200 73644
120.253.135.82 - - [16/May/2024:11:11:17 +0800] "POST /xingrg/kc/buy/cgsh_order_operate.html HTTP/1.1" 200 8245
120.253.135.82 - - [16/May/2024:11:11:17 +0800] "GET /xingrg/javascript/easyui/themes/default/validatebox.css HTTP/1.1" 404 1104
120.253.135.82 - - [16/May/2024:11:11:18 +0800] "GET /xingrg/all/common/auto_word.html?type=employee&rest_code=00101 HTTP/1.1" 200 1019
120.253.135.82 - - [16/May/2024:11:11:18 +0800] "GET /xingrg/all/common/auto_word.html?type=employee&rest_code=00101 HTTP/1.1" 200 1019
116.237.75.78 - - [16/May/2024:11:11:18 +0800] "GET /xingrg/all/function/internal_message.html?_=1715829071180&CODE_STATE=getMsg HTTP/1.1" 200 27
116.235.245.51 - - [16/May/2024:11:11:18 +0800] "POST /xingrg/dwr/call/plaincall/AjaxCheckService.setItemNumber.dwr HTTP/1.1" 200 77
114.84.152.157 - - [16/May/2024:11:11:18 +0800] "GET /xingrg/all/function/internal_message.html?_=1715827446441&CODE_STATE=getMsg HTTP/1.1" 200 27
120.253.135.82 - - [16/May/2024:11:11:19 +0800] "POST /xingrg/all/common/load_combo.html?type=employee HTTP/1.1" 200 1834
116.235.245.51 - - [16/May/2024:11:11:20 +0800] "POST /xingrg/dwr/call/plaincall/AjaxCheckService.setItemNumber.dwr HTTP/1.1" 200 77
101.83.144.49 - - [16/May/2024:11:11:20 +0800] "GET /xingrg/kc/base/wldb_order_operate.html?command=get_materiel&rest_code=00105&base_code=0010507&code=00101019438 HTTP/1.1" 200 462
101.83.144.49 - - [16/May/2024:11:11:21 +0800] "GET /xingrg/all/function/internal_message.html?_=1715828827983&CODE_STATE=getMsg HTTP/1.1" 200 27
116.235.245.51 - - [16/May/2024:11:11:21 +0800] "POST /xingrg/dwr/call/plaincall/AjaxCheckService.setItemNumber.dwr HTTP/1.1" 200 77
116.235.245.51 - - [16/May/2024:11:11:21 +0800] "GET /xingrg/all/function/internal_message.html?_=1715829095784&CODE_STATE=getMsg HTTP/1.1" 200 27
116.235.245.51 - - [16/May/2024:11:11:22 +0800] "POST /xingrg/dwr/call/plaincall/AjaxCheckService.setItemNumber.dwr HTTP/1.1" 200 77
124.79.240.51 - - [16/May/2024:11:11:23 +0800] "GET /xingrg/all/function/internal_message.html?_=1715829125165&CODE_STATE=getMsg HTTP/1.1" 200 27
116.235.245.51 - - [16/May/2024:11:11:23 +0800] "POST /xingrg/dwr/call/plaincall/AjaxCheckService.setItemNumber.dwr HTTP/1.1" 200 77
116.235.245.51 - - [16/May/2024:11:11:24 +0800] "POST /xingrg/dwr/call/plaincall/AjaxCheckService.setItemNumber.dwr HTTP/1.1" 200 77
116.235.245.51 - - [16/May/2024:11:11:25 +0800] "POST /xingrg/dwr/call/plaincall/AjaxCheckService.setItemNumber.dwr HTTP/1.1" 200 77
180.164.6.225 - - [16/May/2024:11:11:26 +0800] "GET /xingrg/all/function/internal_message.html?_=1715829086302&CODE_STATE=getMsg HTTP/1.1" 200 27
116.235.245.51 - - [16/May/2024:11:11:27 +0800] "POST /xingrg/dwr/call/plaincall/AjaxCheckService.setItemNumber.dwr HTTP/1.1" 200 77
116.235.245.51 - - [16/May/2024:11:11:28 +0800] "POST /xingrg/dwr/call/plaincall/AjaxCheckService.setItemNumber.dwr HTTP/1.1" 200 77
116.235.245.51 - - [16/May/2024:11:11:29 +0800] "POST /xingrg/dwr/call/plaincall/AjaxCheckService.setItemNumber.dwr HTTP/1.1" 200 77
116.235.245.51 - - [16/May/2024:11:11:31 +0800] "POST /xingrg/dwr/call/plaincall/AjaxCheckService.setItemNumber.dwr HTTP/1.1" 200 77
120.253.135.82 - - [16/May/2024:11:11:33 +0800] "GET /xingrg/all/function/internal_message.html?_=1715828944264&CODE_STATE=getMsg HTTP/1.1" 200 27
116.235.245.51 - - [16/May/2024:11:11:34 +0800] "POST /xingrg/dwr/call/plaincall/AjaxCheckService.setItemNumber.dwr HTTP/1.1" 200 77
120.253.135.82 - - [16/May/2024:11:11:36 +0800] "GET /xingrg/kc/buy/cgsh_order_operate.html?command=get_materiel&rest_code=00101&code=00101013093&supplier_code=00100101&order_time=2024-05-16 HTTP/1.1" 200 449
116.235.245.51 - - [16/May/2024:11:11:40 +0800] "POST /xingrg/dwr/call/plaincall/AjaxCheckService.setItemNumber.dwr HTTP/1.1" 200 77
116.235.245.51 - - [16/May/2024:11:11:40 +0800] "GET /xingrg/kc/print/load_config.html?_=1715829112081&kc_code=check HTTP/1.1" 200 2488
116.235.245.51 - - [16/May/2024:11:11:41 +0800] "GET /xingrg/kc/print/load_data.html?_=1715829112164&order_code=452024051600093&kc_code=check&condition= HTTP/1.1" 200 623
180.156.239.18 - - [16/May/2024:11:11:43 +0800] "GET /xingrg/kc/buy/cgsh_order_operate.html?command=get_materiel&rest_code=00150&code=00101011005&supplier_code=00100047&order_time=2024-05-16 HTTP/1.1" 200 428
114.83.217.213 - - [16/May/2024:11:11:44 +0800] "POST /xingrg/kc/base/wldb_list_operate.html HTTP/1.1" 200 4
101.80.230.31 - - [16/May/2024:11:11:45 +0800] "GET /xingrg/all/function/internal_message.html?_=1715829110882&CODE_STATE=getMsg HTTP/1.1" 200 27
116.235.245.51 - - [16/May/2024:11:11:46 +0800] "POST /xingrg/dwr/call/plaincall/AjaxCheckService.setItemNumber.dwr HTTP/1.1" 200 77
101.83.144.49 - - [16/May/2024:11:11:46 +0800] "GET /xingrg/kc/base/wldb_order_operate.html?command=get_materiel&rest_code=00105&base_code=0010507&code=00101019258 HTTP/1.1" 200 483
114.95.186.91 - - [16/May/2024:11:11:47 +0800] "GET /xingrg/all/function/internal_message.html?_=1715829106903&CODE_STATE=getMsg HTTP/1.1" 200 27
114.95.186.91 - - [16/May/2024:11:11:47 +0800] "GET /xingrg/check_reg.html?_=1715829106907 HTTP/1.1" 200 22
222.70.183.82 - - [16/May/2024:11:11:47 +0800] "GET /xingrg/all/function/internal_message.html?_=1715829103693&CODE_STATE=getMsg HTTP/1.1" 200 27
116.235.245.51 - - [16/May/2024:11:11:47 +0800] "POST /xingrg/dwr/call/plaincall/AjaxCheckService.setItemNumber.dwr HTTP/1.1" 200 77
116.235.245.51 - - [16/May/2024:11:11:49 +0800] "POST /xingrg/dwr/call/plaincall/AjaxCheckService.setItemNumber.dwr HTTP/1.1" 200 77
180.156.239.18 - - [16/May/2024:11:11:49 +0800] "GET /xingrg/all/function/internal_message.html?_=1715829109677&CODE_STATE=getMsg HTTP/1.1" 200 27
116.235.245.51 - - [16/May/2024:11:11:50 +0800] "POST /xingrg/dwr/call/plaincall/AjaxCheckService.setItemNumber.dwr HTTP/1.1" 200 77
116.235.245.51 - - [16/May/2024:11:11:52 +0800] "POST /xingrg/dwr/call/plaincall/AjaxCheckService.setItemNumber.dwr HTTP/1.1" 200 76
116.232.195.13 - - [16/May/2024:11:11:53 +0800] "GET /xingrg/all/function/internal_message.html?_=1715829114230&CODE_STATE=getMsg HTTP/1.1" 200 27
116.235.245.51 - - [16/May/2024:11:11:53 +0800] "POST /xingrg/dwr/call/plaincall/AjaxCheckService.setItemNumber.dwr HTTP/1.1" 200 76
116.235.245.51 - - [16/May/2024:11:11:54 +0800] "POST /xingrg/dwr/call/plaincall/AjaxCheckService.setItemNumber.dwr HTTP/1.1" 200 77
116.235.245.51 - - [16/May/2024:11:11:56 +0800] "POST /xingrg/dwr/call/plaincall/AjaxCheckService.setItemNumber.dwr HTTP/1.1" 200 77
116.232.195.13 - - [16/May/2024:11:11:56 +0800] "GET /xingrg/all/function/internal_message.html?_=1715829082735&CODE_STATE=getMsg HTTP/1.1" 200 27
116.235.245.51 - - [16/May/2024:11:11:57 +0800] "POST /xingrg/dwr/call/plaincall/AjaxCheckService.setItemNumber.dwr HTTP/1.1" 200 77
101.83.144.49 - - [16/May/2024:11:11:58 +0800] "GET /xingrg/kc/base/wldb_order_operate.html?command=get_materiel&rest_code=00105&base_code=0010507&code=00101019185 HTTP/1.1" 200 469
116.235.245.51 - - [16/May/2024:11:12:00 +0800] "POST /xingrg/dwr/call/plaincall/AjaxCheckService.checkOrder.dwr HTTP/1.1" 200 78
116.235.245.51 - - [16/May/2024:11:12:00 +0800] "POST /xingrg/dwr/call/plaincall/AjaxCheckService.setItemNumber.dwr HTTP/1.1" 200 77
180.156.239.18 - - [16/May/2024:11:12:00 +0800] "GET /xingrg/kc/buy/cgsh_order_operate.html?command=get_materiel&rest_code=00150&code=00101011003&supplier_code=00100047&order_time=2024-05-16 HTTP/1.1" 200 413
116.235.245.51 - - [16/May/2024:11:12:00 +0800] "POST /xingrg/dwr/call/plaincall/AjaxCheckService.setItemNumber.dwr HTTP/1.1" 200 77
114.95.186.91 - - [16/May/2024:11:12:00 +0800] "GET /xingrg/all/function/internal_message.html?_=1715829120058&CODE_STATE=getMsg HTTP/1.1" 200 27
116.235.245.51 - - [16/May/2024:11:12:01 +0800] "POST /xingrg/dwr/call/plaincall/AjaxCheckService.setItemNumber.dwr HTTP/1.1" 200 77
120.253.135.82 - - [16/May/2024:11:12:01 +0800] "GET /xingrg/all/function/internal_message.html?_=1715829308228&CODE_STATE=getMsg HTTP/1.1" 200 27
180.169.147.146 - - [16/May/2024:11:12:02 +0800] "GET /favicon.ico HTTP/1.1" 404 -
116.235.245.51 - - [16/May/2024:11:12:02 +0800] "POST /xingrg/dwr/call/plaincall/AjaxCheckService.setItemNumber.dwr HTTP/1.1" 200 77
120.253.135.82 - - [16/May/2024:11:12:04 +0800] "GET /xingrg/kc/buy/cgsh_order_operate.html?command=get_materiel&rest_code=00101&code=00101013139&supplier_code=00100101&order_time=2024-05-16 HTTP/1.1" 200 450
116.238.97.31 - - [16/May/2024:11:12:05 +0800] "GET /xingrg/all/function/internal_message.html?_=1715829125302&CODE_STATE=getMsg HTTP/1.1" 200 27
116.235.245.51 - - [16/May/2024:11:12:07 +0800] "POST /xingrg/dwr/call/plaincall/AjaxCheckService.setItemNumber.dwr HTTP/1.1" 200 77
116.235.245.51 - - [16/May/2024:11:12:07 +0800] "GET /xingrg/kc/base/check_order_info.html?code=452024051600093 HTTP/1.1" 200 23124
116.235.245.51 - - [16/May/2024:11:12:07 +0800] "GET /xingrg/dwr/interface/AjaxCheckService.js HTTP/1.1" 200 14003
116.235.245.51 - - [16/May/2024:11:12:07 +0800] "GET /xingrg/dwr/interface/AjaxComOrderService.js HTTP/1.1" 200 18264
116.235.245.51 - - [16/May/2024:11:12:07 +0800] "GET /xingrg/dwr/engine.js HTTP/1.1" 200 43631
116.235.245.51 - - [16/May/2024:11:12:07 +0800] "POST /xingrg/dwr/call/plaincall/AjaxCheckService.loadOrderItems.dwr HTTP/1.1" 200 941
116.235.245.51 - - [16/May/2024:11:12:08 +0800] "GET /xingrg/all/function/internal_message.html?_=1715829139812&CODE_STATE=getMsg HTTP/1.1" 200 27
222.69.130.103 - - [16/May/2024:11:12:08 +0800] "GET /xingrg/all/function/internal_message.html?_=1715829129932&CODE_STATE=getMsg HTTP/1.1" 200 27
180.169.147.146 - - [16/May/2024:11:12:09 +0800] "GET /xingrg/all/function/internal_message.html?_=1715829129309&CODE_STATE=getMsg HTTP/1.1" 200 27
116.235.245.51 - - [16/May/2024:11:12:09 +0800] "GET /xingrg/kc/base/check_order_info.html?code=452024051600091 HTTP/1.1" 200 26391
116.235.245.51 - - [16/May/2024:11:12:09 +0800] "GET /xingrg/dwr/interface/AjaxComOrderService.js HTTP/1.1" 200 18264
116.235.245.51 - - [16/May/2024:11:12:09 +0800] "GET /xingrg/dwr/interface/AjaxCheckService.js HTTP/1.1" 200 14003
116.235.245.51 - - [16/May/2024:11:12:09 +0800] "GET /xingrg/dwr/engine.js HTTP/1.1" 200 43631
116.235.245.51 - - [16/May/2024:11:12:10 +0800] "POST /xingrg/dwr/call/plaincall/AjaxCheckService.loadOrderItems.dwr HTTP/1.1" 200 55229
101.83.144.49 - - [16/May/2024:11:12:10 +0800] "GET /xingrg/all/function/internal_message.html?_=1715829130893&CODE_STATE=getMsg HTTP/1.1" 200 27
101.83.144.49 - - [16/May/2024:11:12:10 +0800] "GET /xingrg/kc/base/wldb_order_operate.html?command=get_materiel&rest_code=00105&base_code=0010507&code=00101019110 HTTP/1.1" 200 475
180.169.147.146 - - [16/May/2024:11:12:12 +0800] "GET /xingrg/check_reg.html?_=1715829132511 HTTP/1.1" 200 22
180.169.147.146 - - [16/May/2024:11:12:12 +0800] "GET /xingrg/all/function/internal_message.html?_=1715829132505&CODE_STATE=getMsg HTTP/1.1" 200 27
116.238.97.31 - - [16/May/2024:11:12:14 +0800] "GET /xingrg/all/function/internal_message.html?_=1715829132114&CODE_STATE=getMsg HTTP/1.1" 200 27
222.67.233.39 - - [16/May/2024:11:12:14 +0800] "GET /xingrg/all/function/internal_message.html?_=1715829135002&CODE_STATE=getMsg HTTP/1.1" 200 27
180.156.239.18 - - [16/May/2024:11:12:15 +0800] "POST /xingrg/kc/buy/cgsh_order_operate.html HTTP/1.1" 200 37
116.237.75.78 - - [16/May/2024:11:12:18 +0800] "GET /xingrg/all/function/internal_message.html?_=1715829131151&CODE_STATE=getMsg HTTP/1.1" 200 27
116.235.245.51 - - [16/May/2024:11:12:18 +0800] "POST /xingrg/dwr/call/plaincall/AjaxCheckService.setItemNumber.dwr HTTP/1.1" 200 77
114.84.152.157 - - [16/May/2024:11:12:18 +0800] "GET /xingrg/check_reg.html?_=1715827506411 HTTP/1.1" 200 22
114.84.152.157 - - [16/May/2024:11:12:18 +0800] "GET /xingrg/all/function/internal_message.html?_=1715827506414&CODE_STATE=getMsg HTTP/1.1" 200 27
101.83.144.49 - - [16/May/2024:11:12:20 +0800] "POST /xingrg/kc/base/wldb_order_operate.html HTTP/1.1" 200 37
116.235.245.51 - - [16/May/2024:11:12:21 +0800] "POST /xingrg/dwr/call/plaincall/AjaxCheckService.setItemNumber.dwr HTTP/1.1" 200 77
116.235.245.51 - - [16/May/2024:11:12:21 +0800] "POST /xingrg/dwr/call/plaincall/AjaxCheckService.setItemNumber.dwr HTTP/1.1" 200 77
116.235.245.51 - - [16/May/2024:11:12:21 +0800] "GET /xingrg/all/function/internal_message.html?_=1715829155799&CODE_STATE=getMsg HTTP/1.1" 200 27
101.83.144.49 - - [16/May/2024:11:12:22 +0800] "GET /xingrg/kc/base/wldb_order_info.html?code=422024051601074 HTTP/1.1" 200 30676
101.83.144.49 - - [16/May/2024:11:12:22 +0800] "GET /xingrg/javascript/easyui/themes/default/validatebox.css HTTP/1.1" 404 1104
124.79.240.51 - - [16/May/2024:11:12:23 +0800] "GET /xingrg/all/function/internal_message.html?_=1715829185169&CODE_STATE=getMsg HTTP/1.1" 200 27
120.253.135.82 - - [16/May/2024:11:12:24 +0800] "GET /xingrg/kc/buy/cgsh_order_operate.html?command=get_materiel&rest_code=00101&code=00101008417&supplier_code=00100101&order_time=2024-05-16 HTTP/1.1" 200 429
116.235.245.51 - - [16/May/2024:11:12:24 +0800] "POST /xingrg/dwr/call/plaincall/AjaxCheckService.importOrderItems.dwr HTTP/1.1" 200 78
116.235.245.51 - - [16/May/2024:11:12:25 +0800] "POST /xingrg/dwr/call/plaincall/AjaxCheckService.setItemNumber.dwr HTTP/1.1" 200 77
180.156.239.18 - - [16/May/2024:11:12:25 +0800] "POST /xingrg/kc/buy/cgsh_order_operate.html HTTP/1.1" 200 12
101.83.144.49 - - [16/May/2024:11:12:25 +0800] "POST /xingrg/kc/base/wldb_order_operate.html HTTP/1.1" 200 4230
101.83.144.49 - - [16/May/2024:11:12:25 +0800] "POST /xingrg/kc/base/wldb_order_operate.html HTTP/1.1" 200 4230
116.235.245.51 - - [16/May/2024:11:12:25 +0800] "POST /xingrg/dwr/call/plaincall/AjaxCheckService.setItemNumber.dwr HTTP/1.1" 200 77
116.235.245.51 - - [16/May/2024:11:12:26 +0800] "POST /xingrg/dwr/call/plaincall/AjaxCheckService.loadOrderItems.dwr HTTP/1.1" 200 55227
180.164.6.225 - - [16/May/2024:11:12:26 +0800] "GET /xingrg/all/function/internal_message.html?_=1715829146296&CODE_STATE=getMsg HTTP/1.1" 200 27
180.164.6.225 - - [16/May/2024:11:12:27 +0800] "GET /xingrg/check_reg.html?_=1715829147010 HTTP/1.1" 200 22
116.235.245.51 - - [16/May/2024:11:12:27 +0800] "POST /xingrg/dwr/call/plaincall/AjaxCheckService.setItemNumber.dwr HTTP/1.1" 200 77
116.235.245.51 - - [16/May/2024:11:12:28 +0800] "POST /xingrg/dwr/call/plaincall/AjaxCheckService.setItemNumber.dwr HTTP/1.1" 200 77
116.235.245.51 - - [16/May/2024:11:12:29 +0800] "POST /xingrg/dwr/call/plaincall/AjaxCheckService.setItemNumber.dwr HTTP/1.1" 200 77
180.156.239.18 - - [16/May/2024:11:12:30 +0800] "GET /xingrg/kc/buy/cgsh_order_info.html?code=212024051604432 HTTP/1.1" 200 69524
116.235.245.51 - - [16/May/2024:11:12:30 +0800] "GET /xingrg/kc/print/load_config.html?_=1715829162282&kc_code=check HTTP/1.1" 200 2488
180.156.239.18 - - [16/May/2024:11:12:31 +0800] "GET /xingrg/javascript/easyui/themes/default/validatebox.css HTTP/1.1" 404 1104
116.235.245.51 - - [16/May/2024:11:12:31 +0800] "GET /xingrg/kc/print/load_data.html?_=1715829162348&order_code=452024051600091&kc_code=check&condition= HTTP/1.1" 200 14575
180.156.239.18 - - [16/May/2024:11:12:31 +0800] "POST /xingrg/kc/buy/cgsh_order_operate.html HTTP/1.1" 200 1197
116.235.245.51 - - [16/May/2024:11:12:32 +0800] "POST /xingrg/dwr/call/plaincall/AjaxCheckService.setItemNumber.dwr HTTP/1.1" 200 77
180.156.239.18 - - [16/May/2024:11:12:32 +0800] "GET /xingrg/kc/print/load_config.html?kc_code=cgsh HTTP/1.1" 200 1927
116.235.245.51 - - [16/May/2024:11:12:33 +0800] "POST /xingrg/dwr/call/plaincall/AjaxCheckService.setItemNumber.dwr HTTP/1.1" 200 77
120.253.135.82 - - [16/May/2024:11:12:33 +0800] "GET /xingrg/all/function/internal_message.html?_=1715829004374&CODE_STATE=getMsg HTTP/1.1" 200 27
180.156.239.18 - - [16/May/2024:11:12:33 +0800] "GET /xingrg/kc/print/load_data.html?order_code=212024051604432&kc_code=cgsh&condition= HTTP/1.1" 200 1007
116.235.245.51 - - [16/May/2024:11:12:34 +0800] "POST /xingrg/dwr/call/plaincall/AjaxCheckService.setItemNumber.dwr HTTP/1.1" 200 77
116.235.245.51 - - [16/May/2024:11:12:36 +0800] "POST /xingrg/dwr/call/plaincall/AjaxCheckService.setItemNumber.dwr HTTP/1.1" 200 77
116.235.245.51 - - [16/May/2024:11:12:37 +0800] "POST /xingrg/dwr/call/plaincall/AjaxCheckService.setItemNumber.dwr HTTP/1.1" 200 77
114.84.152.157 - - [16/May/2024:11:12:38 +0800] "POST /xingrg/kc/base/wldb_order_operate.html HTTP/1.1" 200 37
116.235.245.51 - - [16/May/2024:11:12:38 +0800] "POST /xingrg/dwr/call/plaincall/AjaxCheckService.setItemNumber.dwr HTTP/1.1" 200 77
114.84.152.157 - - [16/May/2024:11:12:39 +0800] "POST /xingrg/kc/base/wldb_order_operate.html HTTP/1.1" 200 7002
116.235.245.51 - - [16/May/2024:11:12:40 +0800] "POST /xingrg/dwr/call/plaincall/AjaxCheckService.setItemNumber.dwr HTTP/1.1" 200 77
124.79.240.51 - - [16/May/2024:11:12:40 +0800] "GET /xingrg/kc/buy/cgsh_order_operate.html?command=get_materiel&rest_code=00104&code=00101008004&supplier_code=00100008&order_time=2024-05-16 HTTP/1.1" 200 416
114.84.152.157 - - [16/May/2024:11:12:40 +0800] "GET /xingrg/kc/base/wldb_order_info.html?code=422024051601075 HTTP/1.1" 200 30685
116.235.245.51 - - [16/May/2024:11:12:41 +0800] "POST /xingrg/dwr/call/plaincall/AjaxCheckService.setItemNumber.dwr HTTP/1.1" 200 77
114.84.152.157 - - [16/May/2024:11:12:41 +0800] "GET /xingrg/javascript/easyui/themes/default/validatebox.css HTTP/1.1" 404 1104
114.84.152.157 - - [16/May/2024:11:12:41 +0800] "POST /xingrg/kc/base/wldb_order_operate.html HTTP/1.1" 200 7002
116.235.245.51 - - [16/May/2024:11:12:42 +0800] "POST /xingrg/dwr/call/plaincall/AjaxCheckService.setItemNumber.dwr HTTP/1.1" 200 77
116.235.245.51 - - [16/May/2024:11:12:43 +0800] "POST /xingrg/dwr/call/plaincall/AjaxCheckService.setItemNumber.dwr HTTP/1.1" 200 77
101.80.230.31 - - [16/May/2024:11:12:45 +0800] "GET /xingrg/check_reg.html?_=1715829170881 HTTP/1.1" 200 22
101.80.230.31 - - [16/May/2024:11:12:45 +0800] "GET /xingrg/all/function/internal_message.html?_=1715829170882&CODE_STATE=getMsg HTTP/1.1" 200 27
116.235.245.51 - - [16/May/2024:11:12:45 +0800] "POST /xingrg/dwr/call/plaincall/AjaxCheckService.setItemNumber.dwr HTTP/1.1" 200 77
114.84.152.157 - - [16/May/2024:11:12:45 +0800] "GET /xingrg/javascript/jquery_easy_ui/themes/default/images/tabs_active.png HTTP/1.1" 304 -
114.84.152.157 - - [16/May/2024:11:12:46 +0800] "GET /xingrg/javascript/jquery_easy_ui/themes/icons/rest.png HTTP/1.1" 304 -
114.84.152.157 - - [16/May/2024:11:12:46 +0800] "GET /xingrg/javascript/jquery_easy_ui/themes/icons/area.png HTTP/1.1" 304 -
116.235.245.51 - - [16/May/2024:11:12:46 +0800] "POST /xingrg/dwr/call/plaincall/AjaxCheckService.setItemNumber.dwr HTTP/1.1" 200 77
114.95.186.91 - - [16/May/2024:11:12:47 +0800] "GET /xingrg/all/function/internal_message.html?_=1715829166897&CODE_STATE=getMsg HTTP/1.1" 200 27
222.70.183.82 - - [16/May/2024:11:12:47 +0800] "GET /xingrg/all/function/internal_message.html?_=1715829163684&CODE_STATE=getMsg HTTP/1.1" 200 27
120.253.135.82 - - [16/May/2024:11:12:47 +0800] "POST /xingrg/kc/buy/cgsh_order_operate.html HTTP/1.1" 200 37
116.235.245.51 - - [16/May/2024:11:12:47 +0800] "POST /xingrg/dwr/call/plaincall/AjaxCheckService.setItemNumber.dwr HTTP/1.1" 200 77
180.156.239.18 - - [16/May/2024:11:12:49 +0800] "GET /xingrg/all/function/internal_message.html?_=1715829169677&CODE_STATE=getMsg HTTP/1.1" 200 27
116.235.245.51 - - [16/May/2024:11:12:49 +0800] "POST /xingrg/dwr/call/plaincall/AjaxCheckService.setItemNumber.dwr HTTP/1.1" 200 77
120.253.135.82 - - [16/May/2024:11:12:50 +0800] "POST /xingrg/kc/buy/cgsh_order_operate.html HTTP/1.1" 200 3881
116.235.245.51 - - [16/May/2024:11:12:51 +0800] "POST /xingrg/dwr/call/plaincall/AjaxCheckService.setItemNumber.dwr HTTP/1.1" 200 77
116.235.245.51 - - [16/May/2024:11:12:52 +0800] "POST /xingrg/dwr/call/plaincall/AjaxCheckService.setItemNumber.dwr HTTP/1.1" 200 77
116.235.245.51 - - [16/May/2024:11:12:53 +0800] "POST /xingrg/dwr/call/plaincall/AjaxCheckService.setItemNumber.dwr HTTP/1.1" 200 77
120.253.135.82 - - [16/May/2024:11:12:53 +0800] "GET /xingrg/check_reg.html?_=1715829024261 HTTP/1.1" 200 22
116.232.195.13 - - [16/May/2024:11:12:53 +0800] "GET /xingrg/all/function/internal_message.html?_=1715829174232&CODE_STATE=getMsg HTTP/1.1" 200 27
116.232.195.13 - - [16/May/2024:11:12:53 +0800] "GET /xingrg/check_reg.html?_=1715829174235 HTTP/1.1" 200 22
116.235.245.51 - - [16/May/2024:11:12:54 +0800] "POST /xingrg/dwr/call/plaincall/AjaxCheckService.setItemNumber.dwr HTTP/1.1" 200 77
120.253.135.82 - - [16/May/2024:11:12:54 +0800] "GET /xingrg/kc/buy/cgsh_order_add.html HTTP/1.1" 200 73644
120.253.135.82 - - [16/May/2024:11:12:54 +0800] "POST /xingrg/kc/buy/cgsh_order_operate.html HTTP/1.1" 200 8245
120.253.135.82 - - [16/May/2024:11:12:54 +0800] "GET /xingrg/all/common/auto_word.html?type=employee&rest_code=00101 HTTP/1.1" 200 1019
120.253.135.82 - - [16/May/2024:11:12:54 +0800] "GET /xingrg/javascript/easyui/themes/default/validatebox.css HTTP/1.1" 404 1104
120.253.135.82 - - [16/May/2024:11:12:54 +0800] "GET /xingrg/all/common/auto_word.html?type=employee&rest_code=00101 HTTP/1.1" 200 1019
116.235.245.51 - - [16/May/2024:11:12:55 +0800] "POST /xingrg/dwr/call/plaincall/AjaxCheckService.setItemNumber.dwr HTTP/1.1" 200 77
114.84.152.157 - - [16/May/2024:11:12:55 +0800] "GET /xingrg HTTP/1.1" 302 -
120.253.135.82 - - [16/May/2024:11:12:55 +0800] "POST /xingrg/all/common/load_combo.html?type=employee HTTP/1.1" 200 1834
114.84.152.157 - - [16/May/2024:11:12:55 +0800] "GET /xingrg/index.html HTTP/1.1" 302 -
114.84.152.157 - - [16/May/2024:11:12:55 +0800] "GET /xingrg/login.html HTTP/1.1" 200 7641
114.84.152.157 - - [16/May/2024:11:12:56 +0800] "GET /favicon.ico HTTP/1.1" 404 -
114.84.152.157 - - [16/May/2024:11:12:56 +0800] "GET /favicon.ico HTTP/1.1" 404 -
116.235.245.51 - - [16/May/2024:11:12:56 +0800] "POST /xingrg/dwr/call/plaincall/AjaxCheckService.setItemNumber.dwr HTTP/1.1" 200 77
116.232.195.13 - - [16/May/2024:11:12:56 +0800] "GET /xingrg/check_reg.html?_=1715829142737 HTTP/1.1" 200 22
116.232.195.13 - - [16/May/2024:11:12:56 +0800] "GET /xingrg/all/function/internal_message.html?_=1715829142739&CODE_STATE=getMsg HTTP/1.1" 200 27
124.79.240.51 - - [16/May/2024:11:12:57 +0800] "GET /xingrg/kc/buy/cgsh_order_operate.html?command=get_materiel&rest_code=00104&code=00101008286&supplier_code=00100008&order_time=2024-05-16 HTTP/1.1" 200 408
116.235.245.51 - - [16/May/2024:11:12:57 +0800] "POST /xingrg/dwr/call/plaincall/AjaxCheckService.setItemNumber.dwr HTTP/1.1" 200 77
101.83.144.49 - - [16/May/2024:11:12:58 +0800] "GET /xingrg/kc/base/wldb_order_add.html HTTP/1.1" 200 30662
101.83.144.49 - - [16/May/2024:11:12:59 +0800] "POST /xingrg/kc/base/wldb_order_operate.html HTTP/1.1" 200 6806
116.235.245.51 - - [16/May/2024:11:12:59 +0800] "POST /xingrg/dwr/call/plaincall/AjaxCheckService.setItemNumber.dwr HTTP/1.1" 200 77
101.83.144.49 - - [16/May/2024:11:12:59 +0800] "GET /xingrg/javascript/easyui/themes/default/validatebox.css HTTP/1.1" 404 1104
114.95.186.91 - - [16/May/2024:11:13:00 +0800] "GET /xingrg/all/function/internal_message.html?_=1715829180055&CODE_STATE=getMsg HTTP/1.1" 200 27
114.95.186.91 - - [16/May/2024:11:13:00 +0800] "GET /xingrg/check_reg.html?_=1715829180056 HTTP/1.1" 200 22
116.235.245.51 - - [16/May/2024:11:13:01 +0800] "POST /xingrg/dwr/call/plaincall/AjaxCheckService.setItemNumber.dwr HTTP/1.1" 200 77
120.253.135.82 - - [16/May/2024:11:13:01 +0800] "GET /xingrg/all/function/internal_message.html?_=1715829368234&CODE_STATE=getMsg HTTP/1.1" 200 27
116.238.97.31 - - [16/May/2024:11:13:05 +0800] "GET /xingrg/check_reg.html?_=1715829185311 HTTP/1.1" 200 22
116.238.97.31 - - [16/May/2024:11:13:05 +0800] "GET /xingrg/all/function/internal_message.html?_=1715829185315&CODE_STATE=getMsg HTTP/1.1" 200 27
116.235.245.51 - - [16/May/2024:11:13:05 +0800] "POST /xingrg/dwr/call/plaincall/AjaxCheckService.setItemNumber.dwr HTTP/1.1" 200 77
116.235.245.51 - - [16/May/2024:11:13:06 +0800] "GET /xingrg/check_reg.html?_=1715829198443 HTTP/1.1" 200 22
116.235.245.51 - - [16/May/2024:11:13:08 +0800] "GET /xingrg/all/function/internal_message.html?_=1715829199825&CODE_STATE=getMsg HTTP/1.1" 200 27
222.69.130.103 - - [16/May/2024:11:13:08 +0800] "GET /xingrg/all/function/internal_message.html?_=1715829189946&CODE_STATE=getMsg HTTP/1.1" 200 27
114.84.152.157 - - [16/May/2024:11:13:09 +0800] "POST /xingrg/login.do HTTP/1.1" 302 -
180.169.147.146 - - [16/May/2024:11:13:09 +0800] "GET /xingrg/all/function/internal_message.html?_=1715829189323&CODE_STATE=getMsg HTTP/1.1" 200 27
114.84.152.157 - - [16/May/2024:11:13:09 +0800] "GET /xingrg/index.html?sysBaseUrl=http%3A%2F%2F180.169.147.146%3A18081%2Fxingrg%2F&costTime=807×tamp=1715829189313 HTTP/1.1" 200 17179
114.84.152.157 - - [16/May/2024:11:13:09 +0800] "GET /favicon.ico HTTP/1.1" 404 -
114.84.152.157 - - [16/May/2024:11:13:09 +0800] "GET /xingrg/all/function/internal_message.html?_=1715827557059&CODE_STATE=count HTTP/1.1" 200 11
114.84.152.157 - - [16/May/2024:11:13:09 +0800] "GET /xingrg/check_reg.html?_=1715827557060 HTTP/1.1" 200 22
114.84.152.157 - - [16/May/2024:11:13:09 +0800] "POST /xingrg/all/common/load_tree.html?tree=area_rest_tree_json&manage=1 HTTP/1.1" 200 479
114.84.152.157 - - [16/May/2024:11:13:09 +0800] "POST /xingrg/load_menu.html HTTP/1.1" 200 5138
101.83.144.49 - - [16/May/2024:11:13:10 +0800] "GET /xingrg/all/function/internal_message.html?_=1715829190896&CODE_STATE=getMsg HTTP/1.1" 200 27
114.84.152.157 - - [16/May/2024:11:13:11 +0800] "GET /xingrg/kc/base/base_main.html HTTP/1.1" 200 12142
180.169.147.146 - - [16/May/2024:11:13:12 +0800] "GET /xingrg/all/function/internal_message.html?_=1715829192496&CODE_STATE=getMsg HTTP/1.1" 200 27
114.84.152.157 - - [16/May/2024:11:13:13 +0800] "GET /xingrg/kc/base/wldb_order_list.html HTTP/1.1" 200 19180
114.84.152.157 - - [16/May/2024:11:13:13 +0800] "POST /xingrg/kc/base/wldb_list_operate.html HTTP/1.1" 200 1785
116.238.97.31 - - [16/May/2024:11:13:14 +0800] "GET /xingrg/all/function/internal_message.html?_=1715829192123&CODE_STATE=getMsg HTTP/1.1" 200 27
222.67.233.39 - - [16/May/2024:11:13:14 +0800] "GET /xingrg/all/function/internal_message.html?_=1715829194982&CODE_STATE=getMsg HTTP/1.1" 200 27
114.84.152.157 - - [16/May/2024:11:13:15 +0800] "POST /xingrg/kc/base/wldb_list_operate.html HTTP/1.1" 200 607
114.84.152.157 - - [16/May/2024:11:13:18 +0800] "GET /xingrg/kc/base/wldb_order_info.html?code=422024051601075 HTTP/1.1" 200 30685
114.84.152.157 - - [16/May/2024:11:13:18 +0800] "GET /xingrg/javascript/easyui/themes/default/validatebox.css HTTP/1.1" 404 1104
114.84.152.157 - - [16/May/2024:11:13:18 +0800] "GET /xingrg/all/common/auto_word.html?type=base&rest_code=00143 HTTP/1.1" 200 719
114.84.152.157 - - [16/May/2024:11:13:18 +0800] "GET /xingrg/all/common/auto_word.html?type=base&rest_code=00143 HTTP/1.1" 200 719
116.237.75.78 - - [16/May/2024:11:13:18 +0800] "GET /xingrg/all/function/internal_message.html?_=1715829191123&CODE_STATE=getMsg HTTP/1.1" 200 27
120.253.135.82 - - [16/May/2024:11:13:18 +0800] "GET /xingrg/kc/buy/cgsh_order_operate.html?command=get_materiel&rest_code=00101&code=00101010256&supplier_code=00100115&order_time=2024-05-16 HTTP/1.1" 200 409
114.84.152.157 - - [16/May/2024:11:13:19 +0800] "POST /xingrg/kc/base/wldb_order_operate.html HTTP/1.1" 200 7002
101.83.144.49 - - [16/May/2024:11:13:21 +0800] "GET /xingrg/all/function/internal_message.html?_=1715828948000&CODE_STATE=getMsg HTTP/1.1" 200 27
116.235.245.51 - - [16/May/2024:11:13:21 +0800] "GET /xingrg/all/function/internal_message.html?_=1715829215811&CODE_STATE=getMsg HTTP/1.1" 200 27
124.79.240.51 - - [16/May/2024:11:13:23 +0800] "GET /xingrg/all/function/internal_message.html?_=1715829245174&CODE_STATE=getMsg HTTP/1.1" 200 27
180.164.6.225 - - [16/May/2024:11:13:26 +0800] "GET /xingrg/all/function/internal_message.html?_=1715829206285&CODE_STATE=getMsg HTTP/1.1" 200 27
114.84.152.157 - - [16/May/2024:11:13:27 +0800] "GET /xingrg/javascript/auto/indicator.gif HTTP/1.1" 404 1066
114.84.152.157 - - [16/May/2024:11:13:31 +0800] "GET /xingrg/kc/base/wldb_order_operate.html?command=get_materiel&rest_code=00143&base_code=0010222&code=00102002500 HTTP/1.1" 200 454
124.79.240.51 - - [16/May/2024:11:13:32 +0800] "GET /xingrg/kc/buy/cgsh_order_operate.html?command=get_materiel&rest_code=00104&code=00101008224&supplier_code=00100008&order_time=2024-05-16 HTTP/1.1" 200 416
120.253.135.82 - - [16/May/2024:11:13:33 +0800] "GET /xingrg/all/function/internal_message.html?_=1715829064386&CODE_STATE=getMsg HTTP/1.1" 200 27
101.83.144.49 - - [16/May/2024:11:13:36 +0800] "GET /xingrg/kc/base/wldb_order_operate.html?command=get_materiel&rest_code=00105&base_code=0010508&code=00102002275 HTTP/1.1" 200 450
222.67.233.39 - - [16/May/2024:11:13:39 +0800] "GET /xingrg/check_reg.html?_=1715829219504 HTTP/1.1" 200 22
120.253.135.82 - - [16/May/2024:11:13:40 +0800] "POST /xingrg/kc/pszx/mdps_list_operate.html HTTP/1.1" 200 1699
120.253.135.82 - - [16/May/2024:11:13:40 +0800] "GET /xingrg/kc/pszx/mdqp_order_list.html?state=10 HTTP/1.1" 200 11693
120.253.135.82 - - [16/May/2024:11:13:40 +0800] "GET /xingrg/dwr/interface/AjaxReportQueryService.js HTTP/1.1" 200 13203
120.253.135.82 - - [16/May/2024:11:13:40 +0800] "GET /xingrg/dwr/interface/AjaxQqpsService.js HTTP/1.1" 200 16326
120.253.135.82 - - [16/May/2024:11:13:40 +0800] "GET /xingrg/dwr/engine.js HTTP/1.1" 200 43631
101.80.230.31 - - [16/May/2024:11:13:45 +0800] "GET /xingrg/all/function/internal_message.html?_=1715829230879&CODE_STATE=getMsg HTTP/1.1" 200 27
120.253.135.82 - - [16/May/2024:11:13:45 +0800] "GET /xingrg/kc/pszx/mdqp_order_info.html?code=302024051600232 HTTP/1.1" 200 13350
120.253.135.82 - - [16/May/2024:11:13:45 +0800] "GET /xingrg/dwr/interface/AjaxQqpsService.js HTTP/1.1" 200 16326
120.253.135.82 - - [16/May/2024:11:13:45 +0800] "GET /xingrg/dwr/interface/AjaxComOrderService.js HTTP/1.1" 200 18264
120.253.135.82 - - [16/May/2024:11:13:45 +0800] "GET /xingrg/dwr/engine.js HTTP/1.1" 200 43631
120.253.135.82 - - [16/May/2024:11:13:46 +0800] "POST /xingrg/dwr/call/plaincall/AjaxQqpsService.loadMaterielItems.dwr HTTP/1.1" 200 1317
114.95.186.91 - - [16/May/2024:11:13:47 +0800] "GET /xingrg/all/function/internal_message.html?_=1715829226907&CODE_STATE=getMsg HTTP/1.1" 200 27
222.70.183.82 - - [16/May/2024:11:13:47 +0800] "GET /xingrg/all/function/internal_message.html?_=1715829223677&CODE_STATE=getMsg HTTP/1.1" 200 27
180.156.239.18 - - [16/May/2024:11:13:49 +0800] "GET /xingrg/all/function/internal_message.html?_=1715829229666&CODE_STATE=getMsg HTTP/1.1" 200 27
120.253.135.82 - - [16/May/2024:11:13:50 +0800] "GET /xingrg/kc/pszx/mdqp_order_list.html?isBack=1 HTTP/1.1" 302 -
120.253.135.82 - - [16/May/2024:11:13:50 +0800] "GET /xingrg/images/yd/bt.gif HTTP/1.1" 404 1040
120.253.135.82 - - [16/May/2024:11:13:50 +0800] "GET /xingrg/images/yd/bt2.gif HTTP/1.1" 404 1042
120.253.135.82 - - [16/May/2024:11:13:51 +0800] "GET /xingrg/kc/pszx/mdqp_order_list.html?state=10 HTTP/1.1" 200 11693
120.253.135.82 - - [16/May/2024:11:13:51 +0800] "GET /xingrg/dwr/interface/AjaxQqpsService.js HTTP/1.1" 200 16326
120.253.135.82 - - [16/May/2024:11:13:51 +0800] "GET /xingrg/dwr/interface/AjaxReportQueryService.js HTTP/1.1" 200 13203
120.253.135.82 - - [16/May/2024:11:13:51 +0800] "GET /xingrg/dwr/engine.js HTTP/1.1" 200 43631
101.83.144.49 - - [16/May/2024:11:13:52 +0800] "GET /xingrg/kc/base/wldb_order_operate.html?command=get_materiel&rest_code=00105&base_code=0010508&code=00102002562 HTTP/1.1" 200 461
116.232.195.13 - - [16/May/2024:11:13:53 +0800] "GET /xingrg/all/function/internal_message.html?_=1715829234229&CODE_STATE=getMsg HTTP/1.1" 200 27
120.253.135.82 - - [16/May/2024:11:13:54 +0800] "GET /xingrg/kc/pszx/jzcl_ps.html HTTP/1.1" 200 7683
120.253.135.82 - - [16/May/2024:11:13:54 +0800] "GET /xingrg/javascript/step/step.css HTTP/1.1" 304 -
120.253.135.82 - - [16/May/2024:11:13:54 +0800] "GET /xingrg/css/table.css HTTP/1.1" 304 -
120.253.135.82 - - [16/May/2024:11:13:54 +0800] "GET /xingrg/javascript/step/images/navCurrentBtn.gif HTTP/1.1" 304 -
120.253.135.82 - - [16/May/2024:11:13:54 +0800] "GET /xingrg/javascript/jquery_easy_ui/themes/default/images/button_a_bg.gif HTTP/1.1" 304 -
120.253.135.82 - - [16/May/2024:11:13:54 +0800] "GET /xingrg/javascript/jquery_easy_ui/themes/default/images/button_span_bg.gif HTTP/1.1" 304 -
120.253.135.82 - - [16/May/2024:11:13:54 +0800] "GET /xingrg/javascript/jquery_easy_ui/themes/icons/search.png HTTP/1.1" 304 -
120.253.135.82 - - [16/May/2024:11:13:54 +0800] "GET /xingrg/javascript/jquery_easy_ui/themes/default/images/combo_arrow_dot.gif HTTP/1.1" 304 -
120.253.135.82 - - [16/May/2024:11:13:54 +0800] "GET /xingrg/javascript/jquery_easy_ui/themes/default/images/calendar_prevmonth.gif HTTP/1.1" 304 -
120.253.135.82 - - [16/May/2024:11:13:54 +0800] "GET /xingrg/javascript/jquery_easy_ui/themes/default/images/calendar_nextmonth.gif HTTP/1.1" 304 -
120.253.135.82 - - [16/May/2024:11:13:54 +0800] "GET /xingrg/javascript/jquery_easy_ui/themes/default/images/calendar_prevyear.gif HTTP/1.1" 304 -
120.253.135.82 - - [16/May/2024:11:13:54 +0800] "GET /xingrg/javascript/jquery_easy_ui/themes/default/images/calendar_nextyear.gif HTTP/1.1" 304 -
120.253.135.82 - - [16/May/2024:11:13:54 +0800] "POST /xingrg/all/common/load_tree.html?tree=area_rest_tree_json HTTP/1.1" 200 4010
120.253.135.82 - - [16/May/2024:11:13:54 +0800] "GET /xingrg/javascript/jquery_easy_ui/themes/default/images/datagrid_header_bg.gif HTTP/1.1" 304 -
120.253.135.82 - - [16/May/2024:11:13:54 +0800] "GET /xingrg/javascript/jquery_easy_ui/themes/default/images/pagination_loading.gif HTTP/1.1" 304 -
120.253.135.82 - - [16/May/2024:11:13:54 +0800] "GET /xingrg/javascript/jquery_easy_ui/themes/default/images/tree_checkbox_0.gif HTTP/1.1" 304 -
120.253.135.82 - - [16/May/2024:11:13:55 +0800] "POST /xingrg/kc/pszx/jzcl_ps_operate.html HTTP/1.1" 200 1228
120.253.135.82 - - [16/May/2024:11:13:55 +0800] "POST /xingrg/kc/pszx/jzcl_ps_operate.html HTTP/1.1" 200 1228
120.253.135.82 - - [16/May/2024:11:13:56 +0800] "GET /xingrg/javascript/jquery_easy_ui/themes/icons/rest.png HTTP/1.1" 304 -
116.232.195.13 - - [16/May/2024:11:13:56 +0800] "GET /xingrg/all/function/internal_message.html?_=1715829202730&CODE_STATE=getMsg HTTP/1.1" 200 27
120.253.135.82 - - [16/May/2024:11:13:57 +0800] "GET /xingrg/kc/buy/cgsh_order_operate.html?command=get_materiel&rest_code=00101&code=00101010059&supplier_code=00100115&order_time=2024-05-16 HTTP/1.1" 200 414
124.79.240.51 - - [16/May/2024:11:13:57 +0800] "GET /xingrg/kc/buy/cgsh_order_operate.html?command=get_materiel&rest_code=00104&code=00101008353&supplier_code=00100008&order_time=2024-05-16 HTTP/1.1" 200 408
114.95.186.91 - - [16/May/2024:11:14:00 +0800] "GET /xingrg/all/function/internal_message.html?_=1715829240158&CODE_STATE=getMsg HTTP/1.1" 200 27
120.253.135.82 - - [16/May/2024:11:14:01 +0800] "GET /xingrg/all/function/internal_message.html?_=1715829428237&CODE_STATE=getMsg HTTP/1.1" 200 27
120.253.135.82 - - [16/May/2024:11:14:01 +0800] "GET /xingrg/check_reg.html?_=1715829428239 HTTP/1.1" 200 22
120.253.135.82 - - [16/May/2024:11:14:01 +0800] "POST /xingrg/kc/pszx/jzcl_ps_operate.html HTTP/1.1" 200 4
120.253.135.82 - - [16/May/2024:11:14:02 +0800] "GET /xingrg/javascript/step/images/navBtn.gif HTTP/1.1" 200 361
120.253.135.82 - - [16/May/2024:11:14:02 +0800] "GET /xingrg/javascript/step/images/navBtn.gif HTTP/1.1" 200 361
120.253.135.82 - - [16/May/2024:11:14:02 +0800] "GET /xingrg/javascript/step/images/navLastDoneBtn.gif HTTP/1.1" 304 -
120.253.135.82 - - [16/May/2024:11:14:02 +0800] "GET /xingrg/javascript/step/images/navDoneBtn.gif HTTP/1.1" 304 -
116.235.245.51 - - [16/May/2024:11:14:02 +0800] "POST /xingrg/dwr/call/plaincall/AjaxCheckService.setItemNumber.dwr HTTP/1.1" 200 77
120.253.135.82 - - [16/May/2024:11:14:03 +0800] "GET /xingrg/kc/pszx/mdps_order_list.html HTTP/1.1" 200 21313
120.253.135.82 - - [16/May/2024:11:14:03 +0800] "POST /xingrg/kc/pszx/jzcl_ps_operate.html HTTP/1.1" 200 852
120.253.135.82 - - [16/May/2024:11:14:03 +0800] "POST /xingrg/kc/pszx/mdps_list_operate.html HTTP/1.1" 200 5441
116.235.245.51 - - [16/May/2024:11:14:03 +0800] "POST /xingrg/dwr/call/plaincall/AjaxCheckService.setItemNumber.dwr HTTP/1.1" 200 77
116.238.97.31 - - [16/May/2024:11:14:05 +0800] "GET /xingrg/all/function/internal_message.html?_=1715829245310&CODE_STATE=getMsg HTTP/1.1" 200 27
101.83.144.49 - - [16/May/2024:11:14:05 +0800] "POST /xingrg/kc/base/wldb_order_operate.html HTTP/1.1" 200 37
101.83.144.49 - - [16/May/2024:11:14:06 +0800] "POST /xingrg/kc/base/wldb_order_operate.html HTTP/1.1" 200 2689
101.83.144.49 - - [16/May/2024:11:14:07 +0800] "GET /xingrg/kc/base/wldb_order_info.html?code=422024051601076 HTTP/1.1" 200 30676
101.83.144.49 - - [16/May/2024:11:14:07 +0800] "GET /xingrg/javascript/easyui/themes/default/validatebox.css HTTP/1.1" 404 1104
116.235.245.51 - - [16/May/2024:11:14:08 +0800] "GET /xingrg/all/function/internal_message.html?_=1715829259838&CODE_STATE=getMsg HTTP/1.1" 200 27
101.83.144.49 - - [16/May/2024:11:14:08 +0800] "POST /xingrg/kc/base/wldb_order_operate.html HTTP/1.1" 200 2689
222.69.130.103 - - [16/May/2024:11:14:08 +0800] "GET /xingrg/all/function/internal_message.html?_=1715829249936&CODE_STATE=getMsg HTTP/1.1" 200 27
180.169.147.146 - - [16/May/2024:11:14:09 +0800] "GET /xingrg/all/function/internal_message.html?_=1715829249321&CODE_STATE=getMsg HTTP/1.1" 200 27
116.235.245.51 - - [16/May/2024:11:14:09 +0800] "POST /xingrg/dwr/call/plaincall/AjaxCheckService.setItemNumber.dwr HTTP/1.1" 200 77
114.84.152.157 - - [16/May/2024:11:14:09 +0800] "GET /xingrg/all/function/internal_message.html?_=1715827617070&CODE_STATE=getMsg HTTP/1.1" 200 27
101.83.144.49 - - [16/May/2024:11:14:10 +0800] "GET /xingrg/all/function/internal_message.html?_=1715829250896&CODE_STATE=getMsg HTTP/1.1" 200 27
101.83.144.49 - - [16/May/2024:11:14:10 +0800] "GET /xingrg/check_reg.html?_=1715829250898 HTTP/1.1" 200 22
116.235.245.51 - - [16/May/2024:11:14:10 +0800] "POST /xingrg/dwr/call/plaincall/AjaxCheckService.setItemNumber.dwr HTTP/1.1" 200 77
120.253.135.82 - - [16/May/2024:11:14:11 +0800] "POST /xingrg/kc/pszx/mdps_list_operate.html HTTP/1.1" 200 217
116.235.245.51 - - [16/May/2024:11:14:11 +0800] "POST /xingrg/dwr/call/plaincall/AjaxCheckService.setItemNumber.dwr HTTP/1.1" 200 77
180.169.147.146 - - [16/May/2024:11:14:12 +0800] "GET /xingrg/all/function/internal_message.html?_=1715829252495&CODE_STATE=getMsg HTTP/1.1" 200 27
120.253.135.82 - - [16/May/2024:11:14:12 +0800] "POST /xingrg/kc/pszx/mdps_list_operate.html HTTP/1.1" 200 5146
116.235.245.51 - - [16/May/2024:11:14:13 +0800] "POST /xingrg/dwr/call/plaincall/AjaxCheckService.setItemNumber.dwr HTTP/1.1" 200 77
114.84.152.157 - - [16/May/2024:11:14:13 +0800] "GET /xingrg/kc/base/base_main.html HTTP/1.1" 200 12142
120.253.135.82 - - [16/May/2024:11:14:14 +0800] "POST /xingrg/kc/buy/cgsh_order_operate.html HTTP/1.1" 200 37
116.238.97.31 - - [16/May/2024:11:14:14 +0800] "GET /xingrg/check_reg.html?_=1715829252127 HTTP/1.1" 200 22
116.238.97.31 - - [16/May/2024:11:14:14 +0800] "GET /xingrg/all/function/internal_message.html?_=1715829252132&CODE_STATE=getMsg HTTP/1.1" 200 27
116.235.245.51 - - [16/May/2024:11:14:14 +0800] "POST /xingrg/dwr/call/plaincall/AjaxCheckService.setItemNumber.dwr HTTP/1.1" 200 77
222.67.233.39 - - [16/May/2024:11:14:14 +0800] "GET /xingrg/all/function/internal_message.html?_=1715829254962&CODE_STATE=getMsg HTTP/1.1" 200 27
120.253.135.82 - - [16/May/2024:11:14:14 +0800] "POST /xingrg/kc/pszx/mdps_list_operate.html HTTP/1.1" 200 612
116.235.245.51 - - [16/May/2024:11:14:15 +0800] "POST /xingrg/dwr/call/plaincall/AjaxCheckService.setItemNumber.dwr HTTP/1.1" 200 77
116.235.245.51 - - [16/May/2024:11:14:16 +0800] "POST /xingrg/kc/base/check_list_operate.html HTTP/1.1" 200 5448
120.253.135.82 - - [16/May/2024:11:14:16 +0800] "POST /xingrg/kc/pszx/mdps_list_operate.html HTTP/1.1" 200 217
116.235.245.51 - - [16/May/2024:11:14:16 +0800] "POST /xingrg/dwr/call/plaincall/AjaxCheckService.setItemNumber.dwr HTTP/1.1" 200 77
116.235.245.51 - - [16/May/2024:11:14:17 +0800] "POST /xingrg/dwr/call/plaincall/AjaxCheckService.setItemNumber.dwr HTTP/1.1" 200 77
124.79.240.51 - - [16/May/2024:11:14:18 +0800] "GET /xingrg/kc/buy/cgsh_order_operate.html?command=get_materiel&rest_code=00104&code=00101008300&supplier_code=00100008&order_time=2024-05-16 HTTP/1.1" 200 412
116.237.75.78 - - [16/May/2024:11:14:18 +0800] "GET /xingrg/all/function/internal_message.html?_=1715829251101&CODE_STATE=getMsg HTTP/1.1" 200 27
114.84.152.157 - - [16/May/2024:11:14:18 +0800] "GET /xingrg/kc/base/check_order_list.html HTTP/1.1" 200 16299
116.235.245.51 - - [16/May/2024:11:14:18 +0800] "GET /xingrg/kc/base/check_order_info.html?code=452024041200104 HTTP/1.1" 200 23128
116.235.245.51 - - [16/May/2024:11:14:18 +0800] "GET /xingrg/dwr/interface/AjaxCheckService.js HTTP/1.1" 200 14003
116.235.245.51 - - [16/May/2024:11:14:18 +0800] "GET /xingrg/dwr/interface/AjaxComOrderService.js HTTP/1.1" 200 18264
116.235.245.51 - - [16/May/2024:11:14:18 +0800] "GET /xingrg/dwr/engine.js HTTP/1.1" 200 43631
114.84.152.157 - - [16/May/2024:11:14:19 +0800] "POST /xingrg/kc/base/check_list_operate.html HTTP/1.1" 200 781
116.235.245.51 - - [16/May/2024:11:14:19 +0800] "POST /xingrg/dwr/call/plaincall/AjaxCheckService.loadOrderItems.dwr HTTP/1.1" 200 25316
116.235.245.51 - - [16/May/2024:11:14:19 +0800] "POST /xingrg/dwr/call/plaincall/AjaxCheckService.setItemNumber.dwr HTTP/1.1" 200 77
120.253.135.82 - - [16/May/2024:11:14:20 +0800] "POST /xingrg/kc/pszx/mdps_list_operate.html HTTP/1.1" 200 1870
116.235.245.51 - - [16/May/2024:11:14:20 +0800] "POST /xingrg/dwr/call/plaincall/AjaxCheckService.setItemNumber.dwr HTTP/1.1" 200 77
101.83.144.49 - - [16/May/2024:11:14:21 +0800] "GET /xingrg/all/function/internal_message.html?_=1715829007987&CODE_STATE=getMsg HTTP/1.1" 200 27
