101.83.144.49 - - [16/May/2024:10:34:21 +0800] "GET /xingrg/all/function/internal_message.html?_=1715826608334&CODE_STATE=getMsg HTTP/1.1" 200 27
180.164.6.225 - - [16/May/2024:10:34:26 +0800] "GET /xingrg/all/function/internal_message.html?_=1715826866854&CODE_STATE=getMsg HTTP/1.1" 200 27
114.83.217.213 - - [16/May/2024:10:34:30 +0800] "GET /xingrg/kc/buy/cgsh_order_operate.html?command=get_materiel&rest_code=00149&code=00101011003&supplier_code=00100051&order_time=2024-05-16 HTTP/1.1" 200 413
120.253.135.82 - - [16/May/2024:10:34:31 +0800] "GET /xingrg/all/function/internal_message.html?_=1715826722577&CODE_STATE=getMsg HTTP/1.1" 200 27
116.237.75.78 - - [16/May/2024:10:34:31 +0800] "POST /xingrg/kc/buy/cgsh_order_operate.html HTTP/1.1" 200 2065
116.235.245.51 - - [16/May/2024:10:34:43 +0800] "GET /xingrg/check_reg.html?_=1715826897091 HTTP/1.1" 200 22
116.237.75.78 - - [16/May/2024:10:34:44 +0800] "GET /xingrg/kc/buy/cgsh_order_operate.html?command=get_materiel&rest_code=00106&code=00101008061&supplier_code=00100008&order_time=2024-05-16 HTTP/1.1" 200 422
101.80.230.31 - - [16/May/2024:10:34:45 +0800] "GET /xingrg/all/function/internal_message.html?_=1715826890796&CODE_STATE=getMsg HTTP/1.1" 200 27
114.95.186.91 - - [16/May/2024:10:34:47 +0800] "GET /xingrg/all/function/internal_message.html?_=1715826886903&CODE_STATE=getMsg HTTP/1.1" 200 27
222.70.183.82 - - [16/May/2024:10:34:48 +0800] "GET /xingrg/all/function/internal_message.html?_=1715826884182&CODE_STATE=getMsg HTTP/1.1" 200 27
114.83.217.213 - - [16/May/2024:10:34:49 +0800] "GET /xingrg/kc/buy/cgsh_order_operate.html?command=get_materiel&rest_code=00149&code=00101011010&supplier_code=00100051&order_time=2024-05-16 HTTP/1.1" 200 418
114.83.217.213 - - [16/May/2024:10:34:50 +0800] "GET /xingrg/all/function/internal_message.html?_=1715826888116&CODE_STATE=getMsg HTTP/1.1" 200 27
114.83.217.213 - - [16/May/2024:10:34:50 +0800] "GET /xingrg/check_reg.html?_=1715826888119 HTTP/1.1" 200 22
116.232.195.13 - - [16/May/2024:10:34:53 +0800] "GET /xingrg/all/function/internal_message.html?_=1715826894453&CODE_STATE=getMsg HTTP/1.1" 200 27
116.237.75.78 - - [16/May/2024:10:34:54 +0800] "GET /xingrg/kc/buy/cgsh_order_operate.html?command=get_materiel&rest_code=00106&code=00101008145&supplier_code=00100008&order_time=2024-05-16 HTTP/1.1" 200 416
116.237.75.78 - - [16/May/2024:10:34:56 +0800] "GET /xingrg/all/function/internal_message.html?_=1715826896038&CODE_STATE=getMsg HTTP/1.1" 200 27
116.232.195.13 - - [16/May/2024:10:34:56 +0800] "GET /xingrg/all/function/internal_message.html?_=1715826862723&CODE_STATE=getMsg HTTP/1.1" 200 27
101.83.144.49 - - [16/May/2024:10:34:56 +0800] "GET /xingrg/all/function/internal_message.html?_=1715826897081&CODE_STATE=getMsg HTTP/1.1" 200 27
116.237.75.78 - - [16/May/2024:10:34:57 +0800] "GET /xingrg/kc/base/wldb_order_operate.html?command=get_materiel&rest_code=00106&base_code=0010396&code=00101016029 HTTP/1.1" 200 460
180.169.147.146 - - [16/May/2024:10:34:57 +0800] "POST /xingrg/dwr/call/plaincall/AjaxReportQueryService.refreshCache.dwr HTTP/1.1" 200 78
116.235.245.51 - - [16/May/2024:10:34:59 +0800] "POST /xingrg/kc/base/check_list_operate.html HTTP/1.1" 200 4
114.95.186.91 - - [16/May/2024:10:35:00 +0800] "GET /xingrg/all/function/internal_message.html?_=1715826900060&CODE_STATE=getMsg HTTP/1.1" 200 27
116.235.245.51 - - [16/May/2024:10:35:01 +0800] "POST /xingrg/kc/base/check_list_operate.html HTTP/1.1" 200 781
114.83.217.213 - - [16/May/2024:10:35:03 +0800] "POST /xingrg/kc/buy/cgsh_order_operate.html HTTP/1.1" 200 37
180.169.147.146 - - [16/May/2024:10:35:03 +0800] "POST /xingrg/all/report/load_report_page.html HTTP/1.1" 200 120311
180.169.147.146 - - [16/May/2024:10:35:03 +0800] "GET /xingrg/servlets/image?cache=0.817425072427414&image=px HTTP/1.1" 200 807
222.69.130.103 - - [16/May/2024:10:35:08 +0800] "GET /xingrg/all/function/internal_message.html?_=1715826909936&CODE_STATE=getMsg HTTP/1.1" 200 27
222.69.130.103 - - [16/May/2024:10:35:08 +0800] "GET /xingrg/check_reg.html?_=1715826909939 HTTP/1.1" 200 22
116.237.75.78 - - [16/May/2024:10:35:12 +0800] "GET /xingrg/kc/buy/cgsh_order_operate.html?command=get_materiel&rest_code=00106&code=00101015107&supplier_code=00100008&order_time=2024-05-16 HTTP/1.1" 200 411
180.169.147.146 - - [16/May/2024:10:35:12 +0800] "GET /xingrg/all/function/internal_message.html?_=1715826912476&CODE_STATE=getMsg HTTP/1.1" 200 27
114.83.217.213 - - [16/May/2024:10:35:12 +0800] "POST /xingrg/kc/buy/cgsh_order_operate.html HTTP/1.1" 200 12
116.238.97.31 - - [16/May/2024:10:35:13 +0800] "GET /xingrg/all/function/internal_message.html?_=1715826913385&CODE_STATE=getMsg HTTP/1.1" 200 27
116.238.97.31 - - [16/May/2024:10:35:13 +0800] "GET /xingrg/check_reg.html?_=1715826913388 HTTP/1.1" 200 22
116.237.75.78 - - [16/May/2024:10:35:15 +0800] "GET /xingrg/all/function/internal_message.html?_=1715826907818&CODE_STATE=getMsg HTTP/1.1" 200 27
222.67.233.39 - - [16/May/2024:10:35:15 +0800] "GET /xingrg/all/function/internal_message.html?_=1715826915667&CODE_STATE=getMsg HTTP/1.1" 200 27
114.83.217.213 - - [16/May/2024:10:35:16 +0800] "GET /xingrg/kc/buy/cgsh_order_info.html?code=212024051604420 HTTP/1.1" 200 69552
116.237.75.78 - - [16/May/2024:10:35:16 +0800] "GET /xingrg/check_reg.html?_=1715826909349 HTTP/1.1" 200 22
114.83.217.213 - - [16/May/2024:10:35:16 +0800] "GET /xingrg/javascript/easyui/themes/default/validatebox.css HTTP/1.1" 404 1104
114.83.217.213 - - [16/May/2024:10:35:17 +0800] "POST /xingrg/kc/buy/cgsh_order_operate.html HTTP/1.1" 200 1797
101.83.144.49 - - [16/May/2024:10:35:21 +0800] "GET /xingrg/all/function/internal_message.html?_=1715826668343&CODE_STATE=getMsg HTTP/1.1" 200 27
116.237.75.78 - - [16/May/2024:10:35:24 +0800] "GET /xingrg/kc/base/wldb_order_operate.html?command=get_materiel&rest_code=00106&base_code=0010396&code=00101019405 HTTP/1.1" 200 481
116.237.75.78 - - [16/May/2024:10:35:26 +0800] "GET /xingrg/kc/buy/cgsh_order_operate.html?command=get_materiel&rest_code=00106&code=00102014106&supplier_code=00100008&order_time=2024-05-16 HTTP/1.1" 200 413
180.164.6.225 - - [16/May/2024:10:35:26 +0800] "GET /xingrg/all/function/internal_message.html?_=1715826926841&CODE_STATE=getMsg HTTP/1.1" 200 27
120.253.135.82 - - [16/May/2024:10:35:31 +0800] "GET /xingrg/all/function/internal_message.html?_=1715826782662&CODE_STATE=getMsg HTTP/1.1" 200 27
116.237.75.78 - - [16/May/2024:10:35:32 +0800] "GET /xingrg/kc/base/wldb_order_operate.html?command=get_materiel&rest_code=00106&base_code=0010396&code=00101019359 HTTP/1.1" 200 461
180.169.147.146 - - [16/May/2024:10:35:42 +0800] "POST /xingrg/dwr/call/plaincall/AjaxReportQueryService.refreshCache.dwr HTTP/1.1" 200 78
114.83.217.213 - - [16/May/2024:10:35:44 +0800] "GET /xingrg/kc/print/load_data.html?order_code=212024051604420&kc_code=cgsh&condition= HTTP/1.1" 200 1181
101.80.230.31 - - [16/May/2024:10:35:45 +0800] "GET /xingrg/all/function/internal_message.html?_=1715826950798&CODE_STATE=getMsg HTTP/1.1" 200 27
180.169.147.146 - - [16/May/2024:10:35:45 +0800] "POST /xingrg/all/report/load_report_page.html HTTP/1.1" 200 66918
180.169.147.146 - - [16/May/2024:10:35:45 +0800] "GET /xingrg/servlets/image?cache=0.7197475860695425&image=px HTTP/1.1" 200 807
116.237.75.78 - - [16/May/2024:10:35:47 +0800] "POST /xingrg/kc/buy/cgsh_order_operate.html HTTP/1.1" 200 2065
114.95.186.91 - - [16/May/2024:10:35:47 +0800] "GET /xingrg/all/function/internal_message.html?_=1715826946903&CODE_STATE=getMsg HTTP/1.1" 200 27
222.70.183.82 - - [16/May/2024:10:35:48 +0800] "GET /xingrg/all/function/internal_message.html?_=1715826944170&CODE_STATE=getMsg HTTP/1.1" 200 27
116.237.75.78 - - [16/May/2024:10:35:49 +0800] "GET /xingrg/kc/base/wldb_order_operate.html?command=get_materiel&rest_code=00106&base_code=0010396&code=00101016094 HTTP/1.1" 200 470
114.83.217.213 - - [16/May/2024:10:35:50 +0800] "GET /xingrg/all/function/internal_message.html?_=1715826948227&CODE_STATE=getMsg HTTP/1.1" 200 27
116.232.195.13 - - [16/May/2024:10:35:53 +0800] "GET /xingrg/all/function/internal_message.html?_=1715826954433&CODE_STATE=getMsg HTTP/1.1" 200 27
116.237.75.78 - - [16/May/2024:10:35:56 +0800] "GET /xingrg/all/function/internal_message.html?_=1715826956035&CODE_STATE=getMsg HTTP/1.1" 200 27
180.169.147.146 - - [16/May/2024:10:35:56 +0800] "POST /xingrg/all/report/report_print.html HTTP/1.1" 200 8724
116.232.195.13 - - [16/May/2024:10:35:56 +0800] "GET /xingrg/all/function/internal_message.html?_=1715826922722&CODE_STATE=getMsg HTTP/1.1" 200 27
101.83.144.49 - - [16/May/2024:10:35:56 +0800] "GET /xingrg/all/function/internal_message.html?_=1715826957082&CODE_STATE=getMsg HTTP/1.1" 200 27
101.83.144.49 - - [16/May/2024:10:35:56 +0800] "GET /xingrg/check_reg.html?_=1715826957084 HTTP/1.1" 200 22
116.235.245.51 - - [16/May/2024:10:35:59 +0800] "GET /xingrg/all/function/internal_message.html?_=1715826971007&CODE_STATE=getMsg HTTP/1.1" 200 27
114.95.186.91 - - [16/May/2024:10:36:00 +0800] "GET /xingrg/all/function/internal_message.html?_=1715826960057&CODE_STATE=getMsg HTTP/1.1" 200 27
116.237.75.78 - - [16/May/2024:10:36:00 +0800] "POST /xingrg/kc/buy/cgsh_order_operate.html HTTP/1.1" 200 37
222.69.130.103 - - [16/May/2024:10:36:08 +0800] "GET /xingrg/all/function/internal_message.html?_=1715826969933&CODE_STATE=getMsg HTTP/1.1" 200 27
180.169.147.146 - - [16/May/2024:10:36:12 +0800] "GET /xingrg/all/function/internal_message.html?_=1715826972479&CODE_STATE=getMsg HTTP/1.1" 200 27
116.238.97.31 - - [16/May/2024:10:36:13 +0800] "GET /xingrg/all/function/internal_message.html?_=1715826973383&CODE_STATE=getMsg HTTP/1.1" 200 27
222.67.233.39 - - [16/May/2024:10:36:15 +0800] "GET /xingrg/all/function/internal_message.html?_=1715826975645&CODE_STATE=getMsg HTTP/1.1" 200 27
222.70.183.82 - - [16/May/2024:10:36:16 +0800] "GET /xingrg/check_reg.html?_=1715826972349 HTTP/1.1" 200 22
116.237.75.78 - - [16/May/2024:10:36:19 +0800] "POST /xingrg/kc/base/wldb_order_operate.html HTTP/1.1" 200 37
116.237.75.78 - - [16/May/2024:10:36:20 +0800] "POST /xingrg/kc/base/wldb_order_operate.html HTTP/1.1" 200 4203
101.83.144.49 - - [16/May/2024:10:36:21 +0800] "GET /xingrg/all/function/internal_message.html?_=1715826728347&CODE_STATE=getMsg HTTP/1.1" 200 27
180.169.147.146 - - [16/May/2024:10:36:22 +0800] "POST /xingrg/all/report/report_print.html HTTP/1.1" 200 8724
116.237.75.78 - - [16/May/2024:10:36:22 +0800] "GET /xingrg/kc/base/wldb_order_info.html?code=422024051601049 HTTP/1.1" 200 30677
116.237.75.78 - - [16/May/2024:10:36:22 +0800] "GET /xingrg/javascript/easyui/themes/default/validatebox.css HTTP/1.1" 404 1104
116.232.195.13 - - [16/May/2024:10:36:23 +0800] "POST /xingrg/kc/buy/cgsh_list_operate.html HTTP/1.1" 200 7187
116.237.75.78 - - [16/May/2024:10:36:23 +0800] "POST /xingrg/kc/base/wldb_order_operate.html HTTP/1.1" 200 4203
114.83.217.213 - - [16/May/2024:10:36:26 +0800] "GET /xingrg/kc/buy/cgsh_order_add.html HTTP/1.1" 200 74681
180.164.6.225 - - [16/May/2024:10:36:26 +0800] "GET /xingrg/all/function/internal_message.html?_=1715826986814&CODE_STATE=getMsg HTTP/1.1" 200 27
116.237.75.78 - - [16/May/2024:10:36:26 +0800] "GET /xingrg/kc/base/wldb_order_add.html HTTP/1.1" 200 30662
116.237.75.78 - - [16/May/2024:10:36:27 +0800] "POST /xingrg/kc/base/wldb_order_operate.html HTTP/1.1" 200 6806
116.237.75.78 - - [16/May/2024:10:36:27 +0800] "GET /xingrg/javascript/easyui/themes/default/validatebox.css HTTP/1.1" 404 1104
116.237.75.78 - - [16/May/2024:10:36:28 +0800] "POST /xingrg/all/common/load_combo.html?type=base HTTP/1.1" 200 3227
120.253.135.82 - - [16/May/2024:10:36:31 +0800] "GET /xingrg/all/function/internal_message.html?_=1715826842666&CODE_STATE=getMsg HTTP/1.1" 200 27
116.237.75.78 - - [16/May/2024:10:36:33 +0800] "POST /xingrg/kc/buy/cgsh_order_operate.html HTTP/1.1" 200 25145
116.237.75.78 - - [16/May/2024:10:36:35 +0800] "POST /xingrg/all/common/load_combo.html?type=base HTTP/1.1" 200 3227
116.235.245.51 - - [16/May/2024:10:36:36 +0800] "POST /xingrg/kc/base/check_list_operate.html HTTP/1.1" 200 5520
114.83.217.213 - - [16/May/2024:10:36:36 +0800] "GET /xingrg/kc/buy/cgsh_order_add.html HTTP/1.1" 200 74681
114.83.217.213 - - [16/May/2024:10:36:39 +0800] "POST /xingrg/kc/buy/cgsh_order_operate.html HTTP/1.1" 200 8245
114.83.217.213 - - [16/May/2024:10:36:39 +0800] "GET /xingrg/javascript/easyui/themes/default/validatebox.css HTTP/1.1" 404 1104
116.235.245.51 - - [16/May/2024:10:36:42 +0800] "POST /xingrg/kc/base/check_list_operate.html HTTP/1.1" 200 5654
101.80.230.31 - - [16/May/2024:10:36:45 +0800] "GET /xingrg/all/function/internal_message.html?_=1715827010797&CODE_STATE=getMsg HTTP/1.1" 200 27
116.235.245.51 - - [16/May/2024:10:36:45 +0800] "POST /xingrg/kc/base/check_list_operate.html HTTP/1.1" 200 5520
114.95.186.91 - - [16/May/2024:10:36:47 +0800] "GET /xingrg/check_reg.html?_=1715827006897 HTTP/1.1" 200 22
114.95.186.91 - - [16/May/2024:10:36:47 +0800] "GET /xingrg/all/function/internal_message.html?_=1715827006900&CODE_STATE=getMsg HTTP/1.1" 200 27
222.70.183.82 - - [16/May/2024:10:36:48 +0800] "GET /xingrg/all/function/internal_message.html?_=1715827004148&CODE_STATE=getMsg HTTP/1.1" 200 27
114.83.217.213 - - [16/May/2024:10:36:50 +0800] "GET /xingrg/all/function/internal_message.html?_=1715827008207&CODE_STATE=getMsg HTTP/1.1" 200 27
116.235.245.51 - - [16/May/2024:10:36:51 +0800] "GET /xingrg/kc/base/wldb_order_list.html HTTP/1.1" 200 19435
116.235.245.51 - - [16/May/2024:10:36:52 +0800] "POST /xingrg/kc/base/wldb_list_operate.html HTTP/1.1" 200 928
101.80.230.31 - - [16/May/2024:10:36:52 +0800] "GET /favicon.ico HTTP/1.1" 404 -
114.83.217.213 - - [16/May/2024:10:36:53 +0800] "GET /xingrg/kc/buy/cgsh_order_operate.html?command=get_materiel&rest_code=00149&code=00101004051&supplier_code=00100083&order_time=2024-05-16 HTTP/1.1" 200 408
116.232.195.13 - - [16/May/2024:10:36:53 +0800] "GET /xingrg/all/function/internal_message.html?_=1715827014416&CODE_STATE=getMsg HTTP/1.1" 200 27
116.237.75.78 - - [16/May/2024:10:36:56 +0800] "GET /xingrg/all/function/internal_message.html?_=1715827016046&CODE_STATE=getMsg HTTP/1.1" 200 27
116.237.75.78 - - [16/May/2024:10:36:56 +0800] "GET /xingrg/check_reg.html?_=1715827016050 HTTP/1.1" 200 22
116.232.195.13 - - [16/May/2024:10:36:56 +0800] "GET /xingrg/all/function/internal_message.html?_=1715826982722&CODE_STATE=getMsg HTTP/1.1" 200 27
101.83.144.49 - - [16/May/2024:10:36:56 +0800] "GET /xingrg/all/function/internal_message.html?_=1715827017087&CODE_STATE=getMsg HTTP/1.1" 200 27
116.235.245.51 - - [16/May/2024:10:36:57 +0800] "POST /xingrg/kc/base/wldb_list_operate.html HTTP/1.1" 200 6225
116.235.245.51 - - [16/May/2024:10:36:59 +0800] "GET /xingrg/all/function/internal_message.html?_=1715827031231&CODE_STATE=getMsg HTTP/1.1" 200 27
116.237.75.78 - - [16/May/2024:10:36:59 +0800] "GET /xingrg/kc/base/wldb_order_operate.html?command=get_materiel&rest_code=00106&base_code=0010396&code=00101019079 HTTP/1.1" 200 479
114.95.186.91 - - [16/May/2024:10:37:00 +0800] "GET /xingrg/all/function/internal_message.html?_=1715827020056&CODE_STATE=getMsg HTTP/1.1" 200 27
116.235.245.51 - - [16/May/2024:10:37:02 +0800] "POST /xingrg/kc/base/wldb_list_operate.html HTTP/1.1" 200 212
114.83.217.213 - - [16/May/2024:10:37:04 +0800] "GET /xingrg/kc/buy/cgsh_order_operate.html?command=get_materiel&rest_code=00149&code=00101001161&supplier_code=00100083&order_time=2024-05-16 HTTP/1.1" 200 409
222.69.130.103 - - [16/May/2024:10:37:08 +0800] "GET /xingrg/all/function/internal_message.html?_=1715827029947&CODE_STATE=getMsg HTTP/1.1" 200 27
116.237.75.78 - - [16/May/2024:10:37:09 +0800] "GET /xingrg/kc/base/wldb_order_operate.html?command=get_materiel&rest_code=00106&base_code=0010396&code=00101019315 HTTP/1.1" 200 475
116.235.245.51 - - [16/May/2024:10:37:11 +0800] "POST /xingrg/kc/base/wldb_list_operate.html HTTP/1.1" 200 4
180.169.147.146 - - [16/May/2024:10:37:12 +0800] "GET /xingrg/all/function/internal_message.html?_=1715827032487&CODE_STATE=getMsg HTTP/1.1" 200 27
180.169.147.146 - - [16/May/2024:10:37:12 +0800] "GET /xingrg/check_reg.html?_=1715827032491 HTTP/1.1" 200 22
116.238.97.31 - - [16/May/2024:10:37:13 +0800] "GET /xingrg/all/function/internal_message.html?_=1715827033380&CODE_STATE=getMsg HTTP/1.1" 200 27
116.235.245.51 - - [16/May/2024:10:37:13 +0800] "POST /xingrg/kc/base/wldb_list_operate.html HTTP/1.1" 200 6209
114.83.217.213 - - [16/May/2024:10:37:14 +0800] "GET /xingrg/kc/buy/cgsh_order_operate.html?command=get_materiel&rest_code=00149&code=00101004030&supplier_code=00100083&order_time=2024-05-16 HTTP/1.1" 200 408
116.237.75.78 - - [16/May/2024:10:37:15 +0800] "GET /xingrg/kc/print/load_data.html?order_code=212024051604403&kc_code=cgsh HTTP/1.1" 200 9194
116.235.245.51 - - [16/May/2024:10:37:15 +0800] "POST /xingrg/kc/base/wldb_list_operate.html HTTP/1.1" 200 212
222.67.233.39 - - [16/May/2024:10:37:15 +0800] "GET /xingrg/all/function/internal_message.html?_=1715827035623&CODE_STATE=getMsg HTTP/1.1" 200 27
116.237.75.78 - - [16/May/2024:10:37:19 +0800] "GET /xingrg/all/function/internal_message.html?_=1715827031882&CODE_STATE=getMsg HTTP/1.1" 200 27
101.83.144.49 - - [16/May/2024:10:37:21 +0800] "GET /xingrg/check_reg.html?_=1715826788335 HTTP/1.1" 200 22
101.83.144.49 - - [16/May/2024:10:37:21 +0800] "GET /xingrg/all/function/internal_message.html?_=1715826788338&CODE_STATE=getMsg HTTP/1.1" 200 27
116.235.245.51 - - [16/May/2024:10:37:21 +0800] "GET /xingrg/kc/base/wldb_order_info.html?code=422024051100755 HTTP/1.1" 200 30682
116.235.245.51 - - [16/May/2024:10:37:22 +0800] "GET /xingrg/javascript/easyui/themes/default/validatebox.css HTTP/1.1" 404 1104
116.235.245.51 - - [16/May/2024:10:37:23 +0800] "POST /xingrg/kc/base/wldb_order_operate.html HTTP/1.1" 200 2198
180.164.6.225 - - [16/May/2024:10:37:26 +0800] "GET /xingrg/all/function/internal_message.html?_=1715827046810&CODE_STATE=getMsg HTTP/1.1" 200 27
180.164.6.225 - - [16/May/2024:10:37:27 +0800] "GET /xingrg/check_reg.html?_=1715827047013 HTTP/1.1" 200 22
116.238.97.31 - - [16/May/2024:10:37:27 +0800] "GET /xingrg/kc/buy/cgsh_order_operate.html?command=get_materiel&rest_code=00102&code=00101006143&supplier_code=00100151&order_time=2024-05-16 HTTP/1.1" 200 408
116.237.75.78 - - [16/May/2024:10:37:29 +0800] "GET /xingrg/kc/base/wldb_order_operate.html?command=get_materiel&rest_code=00106&base_code=0010396&code=00101019195 HTTP/1.1" 200 474
120.253.135.82 - - [16/May/2024:10:37:31 +0800] "GET /xingrg/all/function/internal_message.html?_=1715826902752&CODE_STATE=getMsg HTTP/1.1" 200 27
114.83.217.213 - - [16/May/2024:10:37:32 +0800] "GET /xingrg/kc/buy/cgsh_order_operate.html?command=get_materiel&rest_code=00149&code=00101005055&supplier_code=00100083&order_time=2024-05-16 HTTP/1.1" 200 406
116.232.195.13 - - [16/May/2024:10:37:34 +0800] "POST /xingrg/kc/buy/cgsh_list_operate.html HTTP/1.1" 200 3008
116.235.245.51 - - [16/May/2024:10:37:37 +0800] "POST /xingrg/kc/base/wldb_order_operate.html HTTP/1.1" 200 37
116.235.245.51 - - [16/May/2024:10:37:38 +0800] "POST /xingrg/kc/base/wldb_order_operate.html HTTP/1.1" 200 2198
116.237.75.78 - - [16/May/2024:10:37:38 +0800] "GET /xingrg/kc/base/wldb_order_operate.html?command=get_materiel&rest_code=00106&base_code=0010396&code=00101019391 HTTP/1.1" 200 485
116.235.245.51 - - [16/May/2024:10:37:38 +0800] "GET /xingrg/kc/base/wldb_order_info.html?code=422024051100755 HTTP/1.1" 200 30682
116.235.245.51 - - [16/May/2024:10:37:39 +0800] "GET /xingrg/javascript/easyui/themes/default/validatebox.css HTTP/1.1" 404 1104
116.235.245.51 - - [16/May/2024:10:37:40 +0800] "POST /xingrg/kc/base/wldb_order_operate.html HTTP/1.1" 200 2198
114.83.217.213 - - [16/May/2024:10:37:43 +0800] "POST /xingrg/kc/buy/cgsh_order_operate.html HTTP/1.1" 200 37
101.80.230.31 - - [16/May/2024:10:37:45 +0800] "GET /xingrg/check_reg.html?_=1715827070795 HTTP/1.1" 200 22
101.80.230.31 - - [16/May/2024:10:37:45 +0800] "GET /xingrg/all/function/internal_message.html?_=1715827070798&CODE_STATE=getMsg HTTP/1.1" 200 27
114.95.186.91 - - [16/May/2024:10:37:47 +0800] "GET /xingrg/all/function/internal_message.html?_=1715827066889&CODE_STATE=getMsg HTTP/1.1" 200 27
222.70.183.82 - - [16/May/2024:10:37:48 +0800] "GET /xingrg/all/function/internal_message.html?_=1715827064126&CODE_STATE=getMsg HTTP/1.1" 200 27
114.83.217.213 - - [16/May/2024:10:37:50 +0800] "GET /xingrg/all/function/internal_message.html?_=1715827068185&CODE_STATE=getMsg HTTP/1.1" 200 27
114.83.217.213 - - [16/May/2024:10:37:51 +0800] "POST /xingrg/kc/buy/cgsh_order_operate.html HTTP/1.1" 200 12
120.253.135.82 - - [16/May/2024:10:37:53 +0800] "GET /xingrg/check_reg.html?_=1715826924225 HTTP/1.1" 200 22
116.232.195.13 - - [16/May/2024:10:37:53 +0800] "GET /xingrg/check_reg.html?_=1715827074228 HTTP/1.1" 200 22
116.232.195.13 - - [16/May/2024:10:37:53 +0800] "GET /xingrg/all/function/internal_message.html?_=1715827074403&CODE_STATE=getMsg HTTP/1.1" 200 27
114.83.217.213 - - [16/May/2024:10:37:54 +0800] "GET /xingrg/kc/buy/cgsh_order_info.html?code=212024051604421 HTTP/1.1" 200 69550
114.83.217.213 - - [16/May/2024:10:37:54 +0800] "GET /xingrg/javascript/easyui/themes/default/validatebox.css HTTP/1.1" 404 1104
116.232.195.13 - - [16/May/2024:10:37:55 +0800] "POST /xingrg/kc/buy/cgsh_list_operate.html HTTP/1.1" 200 592
114.83.217.213 - - [16/May/2024:10:37:55 +0800] "POST /xingrg/kc/buy/cgsh_order_operate.html HTTP/1.1" 200 2374
116.237.75.78 - - [16/May/2024:10:37:56 +0800] "GET /xingrg/all/function/internal_message.html?_=1715827076043&CODE_STATE=getMsg HTTP/1.1" 200 27
116.232.195.13 - - [16/May/2024:10:37:56 +0800] "GET /xingrg/check_reg.html?_=1715827042718 HTTP/1.1" 200 22
116.232.195.13 - - [16/May/2024:10:37:56 +0800] "GET /xingrg/all/function/internal_message.html?_=1715827042719&CODE_STATE=getMsg HTTP/1.1" 200 27
101.83.144.49 - - [16/May/2024:10:37:56 +0800] "GET /xingrg/all/function/internal_message.html?_=1715827077087&CODE_STATE=getMsg HTTP/1.1" 200 27
116.232.195.13 - - [16/May/2024:10:37:56 +0800] "GET /xingrg/kc/buy/cgsh_order_info.html?code=212024051504341 HTTP/1.1" 200 74663
116.232.195.13 - - [16/May/2024:10:37:57 +0800] "GET /xingrg/words/20240515153719_words.js HTTP/1.1" 304 -
116.232.195.13 - - [16/May/2024:10:37:57 +0800] "GET /xingrg/javascript/easyui/themes/default/validatebox.css HTTP/1.1" 404 1104
116.232.195.13 - - [16/May/2024:10:37:57 +0800] "GET /xingrg/all/common/auto_word.html?type=employee&rest_code=00155 HTTP/1.1" 200 255
116.232.195.13 - - [16/May/2024:10:37:57 +0800] "GET /xingrg/all/common/auto_word.html?type=employee&rest_code=00155 HTTP/1.1" 200 255
116.232.195.13 - - [16/May/2024:10:37:58 +0800] "POST /xingrg/kc/buy/cgsh_order_operate.html HTTP/1.1" 200 7433
116.235.245.51 - - [16/May/2024:10:37:59 +0800] "GET /xingrg/all/function/internal_message.html?_=1715827091237&CODE_STATE=getMsg HTTP/1.1" 200 27
114.95.186.91 - - [16/May/2024:10:38:00 +0800] "GET /xingrg/all/function/internal_message.html?_=1715827080059&CODE_STATE=getMsg HTTP/1.1" 200 27
114.95.186.91 - - [16/May/2024:10:38:00 +0800] "GET /xingrg/check_reg.html?_=1715827080060 HTTP/1.1" 200 22
116.232.195.13 - - [16/May/2024:10:38:01 +0800] "GET /xingrg/javascript/auto/indicator.gif HTTP/1.1" 404 1066
222.69.130.103 - - [16/May/2024:10:38:08 +0800] "GET /xingrg/all/function/internal_message.html?_=1715827089947&CODE_STATE=getMsg HTTP/1.1" 200 27
180.169.147.146 - - [16/May/2024:10:38:12 +0800] "GET /xingrg/all/function/internal_message.html?_=1715827092486&CODE_STATE=getMsg HTTP/1.1" 200 27
116.232.195.13 - - [16/May/2024:10:38:12 +0800] "POST /xingrg/kc/buy/cgsh_order_operate.html HTTP/1.1" 200 37
116.238.97.31 - - [16/May/2024:10:38:13 +0800] "GET /xingrg/all/function/internal_message.html?_=1715827093371&CODE_STATE=getMsg HTTP/1.1" 200 27
116.232.195.13 - - [16/May/2024:10:38:15 +0800] "POST /xingrg/kc/buy/cgsh_order_operate.html HTTP/1.1" 200 7433
222.67.233.39 - - [16/May/2024:10:38:15 +0800] "GET /xingrg/all/function/internal_message.html?_=1715827095617&CODE_STATE=getMsg HTTP/1.1" 200 27
116.237.75.78 - - [16/May/2024:10:38:19 +0800] "GET /xingrg/all/function/internal_message.html?_=1715827091853&CODE_STATE=getMsg HTTP/1.1" 200 27
101.83.144.49 - - [16/May/2024:10:38:21 +0800] "GET /xingrg/all/function/internal_message.html?_=1715826848335&CODE_STATE=getMsg HTTP/1.1" 200 27
116.235.245.51 - - [16/May/2024:10:38:23 +0800] "POST /xingrg/kc/base/wldb_order_operate.html HTTP/1.1" 200 37
180.164.6.225 - - [16/May/2024:10:38:26 +0800] "GET /xingrg/all/function/internal_message.html?_=1715827106796&CODE_STATE=getMsg HTTP/1.1" 200 27
114.83.217.213 - - [16/May/2024:10:38:28 +0800] "GET /xingrg/kc/print/load_data.html?order_code=212024051604421&kc_code=cgsh&condition= HTTP/1.1" 200 1380
116.235.245.51 - - [16/May/2024:10:38:29 +0800] "POST /xingrg/kc/base/wldb_order_operate.html HTTP/1.1" 200 12
116.235.245.51 - - [16/May/2024:10:38:29 +0800] "POST /xingrg/kc/base/wldb_order_operate.html HTTP/1.1" 200 2198
120.253.135.82 - - [16/May/2024:10:38:31 +0800] "GET /xingrg/all/function/internal_message.html?_=1715826962755&CODE_STATE=getMsg HTTP/1.1" 200 27
116.237.75.78 - - [16/May/2024:10:38:32 +0800] "POST /xingrg/kc/base/wldb_order_operate.html HTTP/1.1" 200 37
116.237.75.78 - - [16/May/2024:10:38:33 +0800] "POST /xingrg/kc/base/wldb_order_operate.html HTTP/1.1" 200 4747
116.237.75.78 - - [16/May/2024:10:38:33 +0800] "GET /xingrg/kc/base/wldb_order_info.html?code=422024051601050 HTTP/1.1" 200 30676
116.232.195.13 - - [16/May/2024:10:38:33 +0800] "POST /xingrg/kc/buy/cgsh_order_operate.html HTTP/1.1" 200 37
116.237.75.78 - - [16/May/2024:10:38:34 +0800] "GET /xingrg/javascript/easyui/themes/default/validatebox.css HTTP/1.1" 404 1104
116.237.75.78 - - [16/May/2024:10:38:34 +0800] "POST /xingrg/kc/base/wldb_order_operate.html HTTP/1.1" 200 4747
116.232.195.13 - - [16/May/2024:10:38:36 +0800] "POST /xingrg/kc/buy/cgsh_order_operate.html HTTP/1.1" 200 7433
222.67.233.39 - - [16/May/2024:10:38:39 +0800] "GET /xingrg/check_reg.html?_=1715827119517 HTTP/1.1" 200 22
116.237.75.78 - - [16/May/2024:10:38:40 +0800] "GET /xingrg/kc/base/base_main.html HTTP/1.1" 200 12142
114.83.217.213 - - [16/May/2024:10:38:40 +0800] "GET /xingrg/kc/buy/cgsh_order_add.html HTTP/1.1" 200 74681
114.83.217.213 - - [16/May/2024:10:38:40 +0800] "POST /xingrg/kc/buy/cgsh_order_operate.html HTTP/1.1" 200 8245
114.83.217.213 - - [16/May/2024:10:38:40 +0800] "GET /xingrg/javascript/easyui/themes/default/validatebox.css HTTP/1.1" 404 1104
116.237.75.78 - - [16/May/2024:10:38:41 +0800] "GET /xingrg/kc/base/wldb_order_list.html HTTP/1.1" 200 19174
116.237.75.78 - - [16/May/2024:10:38:42 +0800] "POST /xingrg/kc/base/wldb_list_operate.html HTTP/1.1" 200 2558
101.80.230.31 - - [16/May/2024:10:38:45 +0800] "GET /xingrg/all/function/internal_message.html?_=1715827130825&CODE_STATE=getMsg HTTP/1.1" 200 27
114.95.186.91 - - [16/May/2024:10:38:47 +0800] "GET /xingrg/all/function/internal_message.html?_=1715827126902&CODE_STATE=getMsg HTTP/1.1" 200 27
222.70.183.82 - - [16/May/2024:10:38:48 +0800] "GET /xingrg/all/function/internal_message.html?_=1715827124108&CODE_STATE=getMsg HTTP/1.1" 200 27
114.83.217.213 - - [16/May/2024:10:38:50 +0800] "GET /xingrg/all/function/internal_message.html?_=1715827128171&CODE_STATE=getMsg HTTP/1.1" 200 27
116.232.195.13 - - [16/May/2024:10:38:53 +0800] "GET /xingrg/all/function/internal_message.html?_=1715827134386&CODE_STATE=getMsg HTTP/1.1" 200 27
116.237.75.78 - - [16/May/2024:10:38:56 +0800] "GET /xingrg/all/function/internal_message.html?_=1715827136056&CODE_STATE=getMsg HTTP/1.1" 200 27
116.232.195.13 - - [16/May/2024:10:38:56 +0800] "GET /xingrg/all/function/internal_message.html?_=1715827102726&CODE_STATE=getMsg HTTP/1.1" 200 27
101.83.144.49 - - [16/May/2024:10:38:56 +0800] "GET /xingrg/all/function/internal_message.html?_=1715827137086&CODE_STATE=getMsg HTTP/1.1" 200 27
114.95.186.91 - - [16/May/2024:10:39:00 +0800] "GET /xingrg/all/function/internal_message.html?_=1715827140055&CODE_STATE=getMsg HTTP/1.1" 200 27
114.83.217.213 - - [16/May/2024:10:39:01 +0800] "GET /xingrg/kc/buy/cgsh_order_operate.html?command=get_materiel&rest_code=00149&code=00101002027&supplier_code=00100039&order_time=2024-05-16 HTTP/1.1" 200 413
222.69.130.103 - - [16/May/2024:10:39:08 +0800] "GET /xingrg/all/function/internal_message.html?_=1715827149947&CODE_STATE=getMsg HTTP/1.1" 200 27
180.169.147.146 - - [16/May/2024:10:39:12 +0800] "GET /xingrg/all/function/internal_message.html?_=1715827152481&CODE_STATE=getMsg HTTP/1.1" 200 27
116.238.97.31 - - [16/May/2024:10:39:13 +0800] "GET /xingrg/all/function/internal_message.html?_=1715827153373&CODE_STATE=getMsg HTTP/1.1" 200 27
222.67.233.39 - - [16/May/2024:10:39:15 +0800] "GET /xingrg/all/function/internal_message.html?_=1715827155603&CODE_STATE=getMsg HTTP/1.1" 200 27
114.83.217.213 - - [16/May/2024:10:39:16 +0800] "GET /xingrg/kc/buy/cgsh_order_operate.html?command=get_materiel&rest_code=00149&code=00101002022&supplier_code=00100039&order_time=2024-05-16 HTTP/1.1" 200 409
116.237.75.78 - - [16/May/2024:10:39:19 +0800] "GET /xingrg/all/function/internal_message.html?_=1715827151831&CODE_STATE=getMsg HTTP/1.1" 200 27
116.232.195.13 - - [16/May/2024:10:39:19 +0800] "POST /xingrg/kc/buy/cgsh_list_operate.html HTTP/1.1" 200 4
101.83.144.49 - - [16/May/2024:10:39:21 +0800] "GET /xingrg/all/function/internal_message.html?_=1715826908363&CODE_STATE=getMsg HTTP/1.1" 200 27
180.164.6.225 - - [16/May/2024:10:39:26 +0800] "GET /xingrg/all/function/internal_message.html?_=1715827166772&CODE_STATE=getMsg HTTP/1.1" 200 27
116.237.75.78 - - [16/May/2024:10:39:29 +0800] "GET /xingrg/kc/mdqp/qp_main.html HTTP/1.1" 200 10633
116.237.75.78 - - [16/May/2024:10:39:29 +0800] "GET /xingrg/images/blue/button/qqpsd.gif HTTP/1.1" 200 2548
116.237.75.78 - - [16/May/2024:10:39:29 +0800] "GET /xingrg/images/blue/button/pszx.gif HTTP/1.1" 200 2648
116.237.75.78 - - [16/May/2024:10:39:29 +0800] "GET /xingrg/images/blue/button/psshd.gif HTTP/1.1" 200 2692
114.83.217.213 - - [16/May/2024:10:39:30 +0800] "GET /xingrg/kc/buy/cgsh_order_operate.html?command=get_materiel&rest_code=00149&code=00101001069&supplier_code=00100039&order_time=2024-05-16 HTTP/1.1" 200 409
116.237.75.78 - - [16/May/2024:10:39:30 +0800] "GET /xingrg/images/yd/bt.gif HTTP/1.1" 404 1040
116.237.75.78 - - [16/May/2024:10:39:31 +0800] "GET /xingrg/kc/mdqp/qqps_order_list.html HTTP/1.1" 200 9222
116.237.75.78 - - [16/May/2024:10:39:31 +0800] "GET /xingrg/dwr/interface/AjaxQqpsService.js HTTP/1.1" 200 16326
116.237.75.78 - - [16/May/2024:10:39:31 +0800] "GET /xingrg/dwr/interface/AjaxReportQueryService.js HTTP/1.1" 200 13203
116.237.75.78 - - [16/May/2024:10:39:31 +0800] "GET /xingrg/dwr/util.js HTTP/1.1" 200 35990
116.237.75.78 - - [16/May/2024:10:39:31 +0800] "GET /xingrg/dwr/engine.js HTTP/1.1" 200 43631
116.237.75.78 - - [16/May/2024:10:39:31 +0800] "GET /xingrg/javascript/Calendar.js HTTP/1.1" 200 31561
116.237.75.78 - - [16/May/2024:10:39:31 +0800] "GET /xingrg/javascript/jquery_easy_ui/themes/icons/cance_new.png HTTP/1.1" 200 3986
116.237.75.78 - - [16/May/2024:10:39:31 +0800] "GET /xingrg/javascript/jquery_easy_ui/themes/icons/edit_add_new.png HTTP/1.1" 200 2997
116.237.75.78 - - [16/May/2024:10:39:31 +0800] "GET /xingrg/javascript/jquery_easy_ui/themes/icons/check_new.png HTTP/1.1" 200 3224
116.237.75.78 - - [16/May/2024:10:39:31 +0800] "GET /xingrg/javascript/jquery_easy_ui/themes/icons/uncheck_new.png HTTP/1.1" 200 3197
120.253.135.82 - - [16/May/2024:10:39:31 +0800] "GET /xingrg/all/function/internal_message.html?_=1715827022769&CODE_STATE=getMsg HTTP/1.1" 200 27
116.237.75.78 - - [16/May/2024:10:39:32 +0800] "GET /xingrg/javascript/jquery_easy_ui/themes/default/images/button_plain_hover.png HTTP/1.1" 200 252
116.237.75.78 - - [16/May/2024:10:39:32 +0800] "GET /xingrg/kc/mdqp/qqps_order_add.html HTTP/1.1" 200 28236
116.237.75.78 - - [16/May/2024:10:39:32 +0800] "GET /xingrg/javascript/tools/jquery.qtip-1.0.0-rc3.min.js HTTP/1.1" 200 38404
116.237.75.78 - - [16/May/2024:10:39:32 +0800] "GET /xingrg/dwr/interface/AjaxComOrderService.js HTTP/1.1" 200 18264
116.237.75.78 - - [16/May/2024:10:39:32 +0800] "GET /xingrg/dwr/interface/AjaxQqpsService.js HTTP/1.1" 200 16326
116.237.75.78 - - [16/May/2024:10:39:32 +0800] "GET /xingrg/javascript/Grid.js HTTP/1.1" 200 58908
116.237.75.78 - - [16/May/2024:10:39:32 +0800] "GET /xingrg/javascript/AjaxInfoList.js HTTP/1.1" 200 3774
116.237.75.78 - - [16/May/2024:10:39:32 +0800] "GET /xingrg/dwr/engine.js HTTP/1.1" 200 43631
116.237.75.78 - - [16/May/2024:10:39:33 +0800] "GET /xingrg/images/blue/button/kc_tab_add.gif HTTP/1.1" 200 375
116.237.75.78 - - [16/May/2024:10:39:33 +0800] "GET /xingrg/images/blue/button/kc_tab_save.gif HTTP/1.1" 200 777
116.237.75.78 - - [16/May/2024:10:39:33 +0800] "GET /xingrg/images/blue/button/kc_tab_edit.gif HTTP/1.1" 200 551
116.237.75.78 - - [16/May/2024:10:39:33 +0800] "GET /xingrg/images/blue/button/kc_tab_del.gif HTTP/1.1" 200 383
116.237.75.78 - - [16/May/2024:10:39:33 +0800] "GET /xingrg/images/blue/kc_tab_right.gif HTTP/1.1" 200 643
116.237.75.78 - - [16/May/2024:10:39:33 +0800] "GET /xingrg/images/blue/kc_tab2_right.gif HTTP/1.1" 200 192
116.237.75.78 - - [16/May/2024:10:39:33 +0800] "GET /xingrg/images/blue/kc_tab_left.gif HTTP/1.1" 200 188
116.237.75.78 - - [16/May/2024:10:39:33 +0800] "GET /xingrg/images/blue/kc_tab2_left.gif HTTP/1.1" 200 625
116.237.75.78 - - [16/May/2024:10:39:33 +0800] "GET /xingrg/images/blue/kc_tab_mid.gif HTTP/1.1" 200 44
116.237.75.78 - - [16/May/2024:10:39:33 +0800] "GET /xingrg/javascript/jquery_easy_ui/themes/icons/copy_new.png HTTP/1.1" 200 815
116.237.75.78 - - [16/May/2024:10:39:33 +0800] "GET /xingrg/javascript/jquery_easy_ui/themes/default/images/menu_downarrow.png HTTP/1.1" 200 173
116.237.75.78 - - [16/May/2024:10:39:33 +0800] "GET /xingrg/javascript/jquery_easy_ui/themes/icons/ok.png HTTP/1.1" 200 883
116.237.75.78 - - [16/May/2024:10:39:33 +0800] "GET /xingrg/javascript/jquery_easy_ui/themes/icons/print.png HTTP/1.1" 200 1057
116.237.75.78 - - [16/May/2024:10:39:33 +0800] "GET /xingrg/javascript/jquery_easy_ui/themes/icons/template_new.png HTTP/1.1" 200 3956
116.237.75.78 - - [16/May/2024:10:39:33 +0800] "GET /xingrg/javascript/jquery_easy_ui/themes/default/images/combo_arrow_dot.gif HTTP/1.1" 200 79
116.237.75.78 - - [16/May/2024:10:39:33 +0800] "GET /xingrg/javascript/jquery_easy_ui/themes/icons/back_new.png HTTP/1.1" 200 3414
116.235.245.51 - - [16/May/2024:10:39:43 +0800] "GET /xingrg/check_reg.html?_=1715827197096 HTTP/1.1" 200 22
114.83.217.213 - - [16/May/2024:10:39:44 +0800] "GET /xingrg/kc/buy/cgsh_order_operate.html?command=get_materiel&rest_code=00149&code=00101010161&supplier_code=00100039&order_time=2024-05-16 HTTP/1.1" 200 410
101.80.230.31 - - [16/May/2024:10:39:45 +0800] "GET /xingrg/all/function/internal_message.html?_=1715827190825&CODE_STATE=getMsg HTTP/1.1" 200 27
114.95.186.91 - - [16/May/2024:10:39:47 +0800] "GET /xingrg/all/function/internal_message.html?_=1715827186903&CODE_STATE=getMsg HTTP/1.1" 200 27
222.70.183.82 - - [16/May/2024:10:39:48 +0800] "GET /xingrg/all/function/internal_message.html?_=1715827184128&CODE_STATE=getMsg HTTP/1.1" 200 27
116.237.75.78 - - [16/May/2024:10:39:48 +0800] "GET /xingrg/images/blue/wait.gif HTTP/1.1" 200 1100
116.237.75.78 - - [16/May/2024:10:39:49 +0800] "POST /xingrg/dwr/call/plaincall/AjaxQqpsService.saveOrder.dwr HTTP/1.1" 200 78
114.83.217.213 - - [16/May/2024:10:39:50 +0800] "GET /xingrg/check_reg.html?_=1715827188118 HTTP/1.1" 200 22
114.83.217.213 - - [16/May/2024:10:39:50 +0800] "GET /xingrg/all/function/internal_message.html?_=1715827188151&CODE_STATE=getMsg HTTP/1.1" 200 27
101.80.230.31 - - [16/May/2024:10:39:52 +0800] "GET /favicon.ico HTTP/1.1" 404 -
116.232.195.13 - - [16/May/2024:10:39:53 +0800] "GET /xingrg/all/function/internal_message.html?_=1715827194363&CODE_STATE=getMsg HTTP/1.1" 200 27
116.237.75.78 - - [16/May/2024:10:39:56 +0800] "GET /xingrg/all/function/internal_message.html?_=1715827196056&CODE_STATE=getMsg HTTP/1.1" 200 27
116.232.195.13 - - [16/May/2024:10:39:56 +0800] "GET /xingrg/all/function/internal_message.html?_=1715827162743&CODE_STATE=getMsg HTTP/1.1" 200 27
101.83.144.49 - - [16/May/2024:10:39:56 +0800] "GET /xingrg/all/function/internal_message.html?_=1715827197085&CODE_STATE=getMsg HTTP/1.1" 200 27
114.83.217.213 - - [16/May/2024:10:39:56 +0800] "GET /xingrg/kc/buy/cgsh_order_operate.html?command=get_materiel&rest_code=00149&code=00101001191&supplier_code=00100039&order_time=2024-05-16 HTTP/1.1" 200 415
116.232.195.13 - - [16/May/2024:10:40:00 +0800] "POST /xingrg/kc/buy/cgsh_list_operate.html HTTP/1.1" 200 6999
114.95.186.91 - - [16/May/2024:10:40:00 +0800] "GET /xingrg/all/function/internal_message.html?_=1715827200050&CODE_STATE=getMsg HTTP/1.1" 200 27
116.237.75.78 - - [16/May/2024:10:40:00 +0800] "GET /xingrg/javascript/auto/indicator.gif HTTP/1.1" 404 1066
116.237.75.78 - - [16/May/2024:10:40:07 +0800] "POST /xingrg/dwr/call/plaincall/AjaxQqpsService.getMaterielByCode.dwr HTTP/1.1" 200 2705
222.69.130.103 - - [16/May/2024:10:40:08 +0800] "GET /xingrg/check_reg.html?_=1715827209946 HTTP/1.1" 200 22
222.69.130.103 - - [16/May/2024:10:40:08 +0800] "GET /xingrg/all/function/internal_message.html?_=1715827209950&CODE_STATE=getMsg HTTP/1.1" 200 27
180.169.147.146 - - [16/May/2024:10:40:12 +0800] "GET /xingrg/all/function/internal_message.html?_=1715827212488&CODE_STATE=getMsg HTTP/1.1" 200 27
116.238.97.31 - - [16/May/2024:10:40:13 +0800] "GET /xingrg/all/function/internal_message.html?_=1715827213363&CODE_STATE=getMsg HTTP/1.1" 200 27
116.238.97.31 - - [16/May/2024:10:40:13 +0800] "GET /xingrg/check_reg.html?_=1715827213366 HTTP/1.1" 200 22
222.67.233.39 - - [16/May/2024:10:40:15 +0800] "GET /xingrg/all/function/internal_message.html?_=1715827215585&CODE_STATE=getMsg HTTP/1.1" 200 27
116.237.75.78 - - [16/May/2024:10:40:16 +0800] "GET /xingrg/check_reg.html?_=1715827209338 HTTP/1.1" 200 22
116.237.75.78 - - [16/May/2024:10:40:19 +0800] "GET /xingrg/all/function/internal_message.html?_=1715827211804&CODE_STATE=getMsg HTTP/1.1" 200 27
116.237.75.78 - - [16/May/2024:10:40:20 +0800] "POST /xingrg/dwr/call/plaincall/AjaxQqpsService.saveMaterielItem.dwr HTTP/1.1" 200 78
101.83.144.49 - - [16/May/2024:10:40:21 +0800] "GET /xingrg/all/function/internal_message.html?_=1715826968370&CODE_STATE=getMsg HTTP/1.1" 200 27
116.237.75.78 - - [16/May/2024:10:40:24 +0800] "POST /xingrg/dwr/call/plaincall/AjaxQqpsService.checkOrder.dwr HTTP/1.1" 200 78
114.83.217.213 - - [16/May/2024:10:40:24 +0800] "GET /xingrg/kc/buy/cgsh_order_operate.html?command=get_materiel&rest_code=00149&code=00101002041&supplier_code=00100039&order_time=2024-05-16 HTTP/1.1" 200 411
116.235.245.51 - - [16/May/2024:10:40:25 +0800] "GET /xingrg/kc/base/wldb_order_info.html?code=422024051100755 HTTP/1.1" 200 26803
116.235.245.51 - - [16/May/2024:10:40:26 +0800] "GET /xingrg/javascript/easyui/themes/default/validatebox.css HTTP/1.1" 404 1104
116.235.245.51 - - [16/May/2024:10:40:26 +0800] "GET /xingrg/check_reg.html?_=1715827237684 HTTP/1.1" 200 22
116.235.245.51 - - [16/May/2024:10:40:26 +0800] "GET /xingrg/all/function/internal_message.html?_=1715827237683&CODE_STATE=getMsg HTTP/1.1" 200 27
116.235.245.51 - - [16/May/2024:10:40:26 +0800] "POST /xingrg/kc/base/wldb_order_operate.html HTTP/1.1" 200 493
180.164.6.225 - - [16/May/2024:10:40:26 +0800] "GET /xingrg/all/function/internal_message.html?_=1715827226773&CODE_STATE=getMsg HTTP/1.1" 200 27
116.235.245.51 - - [16/May/2024:10:40:31 +0800] "GET /xingrg/kc/base/check_order_add.html HTTP/1.1" 200 26358
116.235.245.51 - - [16/May/2024:10:40:31 +0800] "GET /xingrg/dwr/interface/AjaxComOrderService.js HTTP/1.1" 200 18264
116.235.245.51 - - [16/May/2024:10:40:31 +0800] "GET /xingrg/dwr/engine.js HTTP/1.1" 200 43631
116.235.245.51 - - [16/May/2024:10:40:31 +0800] "GET /xingrg/dwr/interface/AjaxCheckService.js HTTP/1.1" 200 14003
120.253.135.82 - - [16/May/2024:10:40:31 +0800] "GET /xingrg/all/function/internal_message.html?_=1715827082851&CODE_STATE=getMsg HTTP/1.1" 200 27
116.237.75.78 - - [16/May/2024:10:40:34 +0800] "GET /xingrg/kc/mdqp/qqps_order_info.html?code=302024051600231 HTTP/1.1" 200 26639
116.237.75.78 - - [16/May/2024:10:40:34 +0800] "GET /xingrg/dwr/interface/AjaxComOrderService.js HTTP/1.1" 200 18264
116.237.75.78 - - [16/May/2024:10:40:34 +0800] "GET /xingrg/dwr/interface/AjaxQqpsService.js HTTP/1.1" 200 16326
116.237.75.78 - - [16/May/2024:10:40:34 +0800] "GET /xingrg/dwr/engine.js HTTP/1.1" 200 43631
116.237.75.78 - - [16/May/2024:10:40:35 +0800] "POST /xingrg/dwr/call/plaincall/AjaxQqpsService.loadMaterielItems.dwr HTTP/1.1" 200 355
116.235.245.51 - - [16/May/2024:10:40:38 +0800] "POST /xingrg/dwr/call/plaincall/AjaxCheckService.saveOrder.dwr HTTP/1.1" 200 78
116.237.75.78 - - [16/May/2024:10:40:38 +0800] "GET /xingrg/kc/mdqp/qqps_order_list.html?isBack=1 HTTP/1.1" 200 9677
116.237.75.78 - - [16/May/2024:10:40:38 +0800] "GET /xingrg/dwr/interface/AjaxReportQueryService.js HTTP/1.1" 200 13203
116.237.75.78 - - [16/May/2024:10:40:38 +0800] "GET /xingrg/dwr/interface/AjaxQqpsService.js HTTP/1.1" 200 16326
116.237.75.78 - - [16/May/2024:10:40:38 +0800] "GET /xingrg/dwr/engine.js HTTP/1.1" 200 43631
116.235.245.51 - - [16/May/2024:10:40:39 +0800] "POST /xingrg/dwr/call/plaincall/AjaxCheckService.loadOrderItems.dwr HTTP/1.1" 200 367
114.83.217.213 - - [16/May/2024:10:40:39 +0800] "POST /xingrg/kc/buy/cgsh_order_operate.html HTTP/1.1" 200 37
116.237.75.78 - - [16/May/2024:10:40:42 +0800] "GET /xingrg/kc/mdqp/qp_main.html HTTP/1.1" 200 10633
116.235.245.51 - - [16/May/2024:10:40:43 +0800] "POST /xingrg/dwr/call/plaincall/AjaxCheckService.importOrderItems.dwr HTTP/1.1" 200 78
116.237.75.78 - - [16/May/2024:10:40:44 +0800] "GET /xingrg/kc/mdqp/pssh_order_list.html HTTP/1.1" 200 18125
116.235.245.51 - - [16/May/2024:10:40:45 +0800] "POST /xingrg/dwr/call/plaincall/AjaxCheckService.loadOrderItems.dwr HTTP/1.1" 200 74564
101.80.230.31 - - [16/May/2024:10:40:45 +0800] "GET /xingrg/all/function/internal_message.html?_=1715827250825&CODE_STATE=getMsg HTTP/1.1" 200 27
116.237.75.78 - - [16/May/2024:10:40:45 +0800] "POST /xingrg/kc/mdqp/pssh_list_operate.html HTTP/1.1" 200 5149
114.95.186.91 - - [16/May/2024:10:40:47 +0800] "GET /xingrg/all/function/internal_message.html?_=1715827246905&CODE_STATE=getMsg HTTP/1.1" 200 27
222.70.183.82 - - [16/May/2024:10:40:48 +0800] "GET /xingrg/all/function/internal_message.html?_=1715827244118&CODE_STATE=getMsg HTTP/1.1" 200 27
116.237.75.78 - - [16/May/2024:10:40:50 +0800] "POST /xingrg/kc/mdqp/pssh_list_operate.html HTTP/1.1" 200 254
114.83.217.213 - - [16/May/2024:10:40:50 +0800] "GET /xingrg/all/function/internal_message.html?_=1715827248127&CODE_STATE=getMsg HTTP/1.1" 200 27
116.237.75.78 - - [16/May/2024:10:40:51 +0800] "GET /xingrg/kc/mdqp/pssh_order_info.html?code=312024051600319 HTTP/1.1" 200 17271
116.237.75.78 - - [16/May/2024:10:40:51 +0800] "GET /xingrg/javascript/jquery_tools/jquery-1.4.2.min.js HTTP/1.1" 404 1094
116.237.75.78 - - [16/May/2024:10:40:51 +0800] "GET /xingrg/javascript/easyui/themes/icons/back_new.png HTTP/1.1" 200 3414
116.237.75.78 - - [16/May/2024:10:40:51 +0800] "GET /xingrg/javascript/easyui/themes/default/validatebox.css HTTP/1.1" 404 1104
116.237.75.78 - - [16/May/2024:10:40:52 +0800] "GET /xingrg/all/common/auto_word.html?type=base&rest_code=00106&rest_code=00106 HTTP/1.1" 200 1799
116.237.75.78 - - [16/May/2024:10:40:52 +0800] "POST /xingrg/kc/mdqp/pssh_order_operate.html HTTP/1.1" 200 535
116.232.195.13 - - [16/May/2024:10:40:53 +0800] "GET /xingrg/all/function/internal_message.html?_=1715827254347&CODE_STATE=getMsg HTTP/1.1" 200 27
116.237.75.78 - - [16/May/2024:10:40:56 +0800] "GET /xingrg/all/function/internal_message.html?_=1715827256057&CODE_STATE=getMsg HTTP/1.1" 200 27
116.232.195.13 - - [16/May/2024:10:40:56 +0800] "GET /xingrg/all/function/internal_message.html?_=1715827222727&CODE_STATE=getMsg HTTP/1.1" 200 27
101.83.144.49 - - [16/May/2024:10:40:57 +0800] "GET /xingrg/check_reg.html?_=1715827257085 HTTP/1.1" 200 22
101.83.144.49 - - [16/May/2024:10:40:57 +0800] "GET /xingrg/all/function/internal_message.html?_=1715827257701&CODE_STATE=getMsg HTTP/1.1" 200 27
116.237.75.78 - - [16/May/2024:10:40:57 +0800] "GET /xingrg/kc/mdqp/pssh_order_list.html?isBack=1 HTTP/1.1" 200 18125
116.237.75.78 - - [16/May/2024:10:40:58 +0800] "POST /xingrg/kc/mdqp/pssh_list_operate.html HTTP/1.1" 200 5149
114.95.186.91 - - [16/May/2024:10:41:00 +0800] "GET /xingrg/all/function/internal_message.html?_=1715827260047&CODE_STATE=getMsg HTTP/1.1" 200 27
114.83.217.213 - - [16/May/2024:10:41:01 +0800] "POST /xingrg/kc/buy/cgsh_order_operate.html HTTP/1.1" 200 12
116.237.75.78 - - [16/May/2024:10:41:04 +0800] "GET /xingrg/kc/mdqp/qp_main.html HTTP/1.1" 200 10633
116.237.75.78 - - [16/May/2024:10:41:05 +0800] "GET /xingrg/images/yd/bt.gif HTTP/1.1" 404 1040
116.237.75.78 - - [16/May/2024:10:41:06 +0800] "GET /xingrg/kc/mdqp/qqps_order_list.html HTTP/1.1" 200 9668
116.237.75.78 - - [16/May/2024:10:41:06 +0800] "GET /xingrg/dwr/interface/AjaxQqpsService.js HTTP/1.1" 200 16326
116.237.75.78 - - [16/May/2024:10:41:06 +0800] "GET /xingrg/dwr/interface/AjaxReportQueryService.js HTTP/1.1" 200 13203
116.237.75.78 - - [16/May/2024:10:41:06 +0800] "GET /xingrg/dwr/engine.js HTTP/1.1" 200 43631
222.69.130.103 - - [16/May/2024:10:41:08 +0800] "GET /xingrg/all/function/internal_message.html?_=1715827269929&CODE_STATE=getMsg HTTP/1.1" 200 27
116.235.245.51 - - [16/May/2024:10:41:09 +0800] "GET /xingrg/kc/print/load_config.html?_=1715827281058&kc_code=check HTTP/1.1" 200 2488
116.235.245.51 - - [16/May/2024:10:41:10 +0800] "GET /xingrg/kc/print/load_data.html?_=1715827281141&order_code=452024051600088&kc_code=check&condition= HTTP/1.1" 200 20491
116.237.75.78 - - [16/May/2024:10:41:10 +0800] "GET /xingrg/kc/base/base_main.html HTTP/1.1" 200 12142
116.237.75.78 - - [16/May/2024:10:41:12 +0800] "GET /xingrg/kc/base/wldb_order_list.html HTTP/1.1" 200 19174
180.169.147.146 - - [16/May/2024:10:41:12 +0800] "GET /xingrg/all/function/internal_message.html?_=1715827272483&CODE_STATE=getMsg HTTP/1.1" 200 27
116.238.97.31 - - [16/May/2024:10:41:13 +0800] "GET /xingrg/all/function/internal_message.html?_=1715827273375&CODE_STATE=getMsg HTTP/1.1" 200 27
116.237.75.78 - - [16/May/2024:10:41:13 +0800] "POST /xingrg/kc/base/wldb_list_operate.html HTTP/1.1" 200 2558
222.67.233.39 - - [16/May/2024:10:41:15 +0800] "GET /xingrg/all/function/internal_message.html?_=1715827275568&CODE_STATE=getMsg HTTP/1.1" 200 27
116.237.75.78 - - [16/May/2024:10:41:15 +0800] "GET /xingrg/kc/buy/buy_main.html HTTP/1.1" 200 12412
116.237.75.78 - - [16/May/2024:10:41:15 +0800] "GET /xingrg/css/new_ie.css HTTP/1.1" 404 1036
222.70.183.82 - - [16/May/2024:10:41:16 +0800] "GET /xingrg/check_reg.html?_=1715827272380 HTTP/1.1" 200 22
114.83.217.213 - - [16/May/2024:10:41:17 +0800] "GET /xingrg/kc/buy/cgsh_order_info.html?code=212024051604422 HTTP/1.1" 200 69552
114.83.217.213 - - [16/May/2024:10:41:17 +0800] "GET /xingrg/javascript/easyui/themes/default/validatebox.css HTTP/1.1" 404 1104
116.237.75.78 - - [16/May/2024:10:41:18 +0800] "GET /xingrg/kc/buy/cgsh_order_list.html HTTP/1.1" 200 58780
114.83.217.213 - - [16/May/2024:10:41:18 +0800] "POST /xingrg/kc/buy/cgsh_order_operate.html HTTP/1.1" 200 3562
116.237.75.78 - - [16/May/2024:10:41:19 +0800] "GET /xingrg/all/function/internal_message.html?_=1715827271777&CODE_STATE=getMsg HTTP/1.1" 200 27
101.83.144.49 - - [16/May/2024:10:41:21 +0800] "GET /xingrg/all/function/internal_message.html?_=1715827028366&CODE_STATE=getMsg HTTP/1.1" 200 27
114.83.217.213 - - [16/May/2024:10:41:22 +0800] "GET /xingrg/kc/print/load_data.html?order_code=212024051604422&kc_code=cgsh&condition= HTTP/1.1" 200 1848
116.235.245.51 - - [16/May/2024:10:41:26 +0800] "GET /xingrg/all/function/internal_message.html?_=1715827297690&CODE_STATE=getMsg HTTP/1.1" 200 27
180.164.6.225 - - [16/May/2024:10:41:26 +0800] "GET /xingrg/all/function/internal_message.html?_=1715827286748&CODE_STATE=getMsg HTTP/1.1" 200 27
120.253.135.82 - - [16/May/2024:10:41:31 +0800] "GET /xingrg/all/function/internal_message.html?_=1715827142859&CODE_STATE=getMsg HTTP/1.1" 200 27
114.83.217.213 - - [16/May/2024:10:41:33 +0800] "GET /xingrg/kc/buy/cgsh_order_add.html HTTP/1.1" 200 74681
114.83.217.213 - - [16/May/2024:10:41:33 +0800] "POST /xingrg/kc/buy/cgsh_order_operate.html HTTP/1.1" 200 8245
114.83.217.213 - - [16/May/2024:10:41:33 +0800] "GET /xingrg/javascript/easyui/themes/default/validatebox.css HTTP/1.1" 404 1104
114.83.217.213 - - [16/May/2024:10:41:43 +0800] "GET /xingrg/kc/buy/cgsh_order_operate.html?command=get_materiel&rest_code=00149&code=00101009109&supplier_code=00100201&order_time=2024-05-16 HTTP/1.1" 200 413
101.80.230.31 - - [16/May/2024:10:41:45 +0800] "GET /xingrg/all/function/internal_message.html?_=1715827310825&CODE_STATE=getMsg HTTP/1.1" 200 27
114.95.186.91 - - [16/May/2024:10:41:47 +0800] "GET /xingrg/check_reg.html?_=1715827306896 HTTP/1.1" 200 22
114.95.186.91 - - [16/May/2024:10:41:47 +0800] "GET /xingrg/all/function/internal_message.html?_=1715827306900&CODE_STATE=getMsg HTTP/1.1" 200 27
222.70.183.82 - - [16/May/2024:10:41:48 +0800] "GET /xingrg/all/function/internal_message.html?_=1715827304099&CODE_STATE=getMsg HTTP/1.1" 200 27
114.83.217.213 - - [16/May/2024:10:41:50 +0800] "GET /xingrg/all/function/internal_message.html?_=1715827308121&CODE_STATE=getMsg HTTP/1.1" 200 27
116.232.195.13 - - [16/May/2024:10:41:53 +0800] "GET /xingrg/all/function/internal_message.html?_=1715827314334&CODE_STATE=getMsg HTTP/1.1" 200 27
116.237.75.78 - - [16/May/2024:10:41:56 +0800] "GET /xingrg/all/function/internal_message.html?_=1715827316061&CODE_STATE=getMsg HTTP/1.1" 200 27
116.237.75.78 - - [16/May/2024:10:41:56 +0800] "GET /xingrg/check_reg.html?_=1715827316065 HTTP/1.1" 200 22
