120.253.135.82 - - [16/May/2024:05:52:09 +0800] "POST /xingrg/kc/pszx/mdps_list_operate.html HTTP/1.1" 200 217
120.253.135.82 - - [16/May/2024:05:52:11 +0800] "POST /xingrg/kc/pszx/mdps_list_operate.html HTTP/1.1" 200 652
120.253.135.82 - - [16/May/2024:05:52:12 +0800] "POST /xingrg/kc/pszx/mdps_list_operate.html HTTP/1.1" 200 279
120.253.135.82 - - [16/May/2024:05:52:13 +0800] "POST /xingrg/kc/pszx/mdps_list_operate.html HTTP/1.1" 200 376
120.253.135.82 - - [16/May/2024:05:52:15 +0800] "POST /xingrg/kc/pszx/mdps_list_operate.html HTTP/1.1" 200 436
120.253.135.82 - - [16/May/2024:05:52:16 +0800] "POST /xingrg/kc/pszx/mdps_list_operate.html HTTP/1.1" 200 198
120.253.135.82 - - [16/May/2024:05:52:18 +0800] "POST /xingrg/kc/pszx/mdps_list_operate.html HTTP/1.1" 200 201
180.164.6.225 - - [16/May/2024:05:52:20 +0800] "GET /xingrg/all/function/internal_message.html?_=1715809939983&CODE_STATE=getMsg HTTP/1.1" 302 -
120.253.135.82 - - [16/May/2024:05:52:26 +0800] "GET /xingrg/all/function/internal_message.html?_=1715809797958&CODE_STATE=getMsg HTTP/1.1" 200 27
180.164.6.225 - - [16/May/2024:05:52:30 +0800] "GET /xingrg/check_reg.html?_=1715809950858 HTTP/1.1" 302 -
101.83.144.49 - - [16/May/2024:05:52:36 +0800] "GET /xingrg/all/function/internal_message.html?_=1715809956826&CODE_STATE=getMsg HTTP/1.1" 200 27
120.253.135.82 - - [16/May/2024:05:53:11 +0800] "POST /xingrg/kc/pszx/mdps_list_operate.html HTTP/1.1" 200 4590
120.253.135.82 - - [16/May/2024:05:53:13 +0800] "POST /xingrg/kc/pszx/mdps_list_operate.html HTTP/1.1" 200 217
120.253.135.82 - - [16/May/2024:05:53:14 +0800] "POST /xingrg/kc/pszx/mdps_list_operate.html HTTP/1.1" 200 361
180.164.6.225 - - [16/May/2024:05:53:20 +0800] "GET /xingrg/all/function/internal_message.html?_=1715809999958&CODE_STATE=getMsg HTTP/1.1" 302 -
116.232.195.13 - - [16/May/2024:05:53:21 +0800] "POST /xingrg/services/DataTransmitService HTTP/1.1" 200 524
120.253.135.82 - - [16/May/2024:05:53:22 +0800] "POST /xingrg/kc/pszx/mdps_list_operate.html HTTP/1.1" 200 303
116.232.195.13 - - [16/May/2024:05:53:22 +0800] "POST /xingrg/services/DataTransmitService HTTP/1.1" 200 501
116.232.195.13 - - [16/May/2024:05:53:22 +0800] "POST /xingrg/services/DataTransmitService HTTP/1.1" 200 501
120.253.135.82 - - [16/May/2024:05:53:23 +0800] "POST /xingrg/kc/pszx/mdps_list_operate.html HTTP/1.1" 200 525
116.232.195.13 - - [16/May/2024:05:53:24 +0800] "POST /xingrg/services/DataTransmitService HTTP/1.1" 200 412
120.253.135.82 - - [16/May/2024:05:53:25 +0800] "POST /xingrg/kc/pszx/mdps_list_operate.html HTTP/1.1" 200 636
120.253.135.82 - - [16/May/2024:05:53:26 +0800] "POST /xingrg/kc/pszx/mdps_list_operate.html HTTP/1.1" 200 602
120.253.135.82 - - [16/May/2024:05:53:26 +0800] "GET /xingrg/check_reg.html?_=1715809857889 HTTP/1.1" 200 22
120.253.135.82 - - [16/May/2024:05:53:26 +0800] "GET /xingrg/all/function/internal_message.html?_=1715809857963&CODE_STATE=getMsg HTTP/1.1" 200 27
120.253.135.82 - - [16/May/2024:05:53:28 +0800] "POST /xingrg/kc/pszx/mdps_list_operate.html HTTP/1.1" 200 287
120.253.135.82 - - [16/May/2024:05:53:29 +0800] "POST /xingrg/kc/pszx/mdps_list_operate.html HTTP/1.1" 200 589
120.253.135.82 - - [16/May/2024:05:53:31 +0800] "POST /xingrg/kc/pszx/mdps_list_operate.html HTTP/1.1" 200 420
101.83.144.49 - - [16/May/2024:05:53:36 +0800] "GET /xingrg/all/function/internal_message.html?_=1715810016826&CODE_STATE=getMsg HTTP/1.1" 200 27
101.83.144.49 - - [16/May/2024:05:53:36 +0800] "GET /xingrg/check_reg.html?_=1715810016830 HTTP/1.1" 200 22
180.156.239.18 - - [16/May/2024:05:54:08 +0800] "POST /xingrg/services/DataTransmitService HTTP/1.1" 200 524
120.253.135.82 - - [16/May/2024:05:54:12 +0800] "POST /xingrg/kc/pszx/mdps_list_operate.html HTTP/1.1" 200 2806
120.253.135.82 - - [16/May/2024:05:54:14 +0800] "POST /xingrg/kc/pszx/mdps_list_operate.html HTTP/1.1" 200 363
120.253.135.82 - - [16/May/2024:05:54:15 +0800] "POST /xingrg/kc/pszx/mdps_list_operate.html HTTP/1.1" 200 204
120.253.135.82 - - [16/May/2024:05:54:17 +0800] "POST /xingrg/kc/pszx/mdps_list_operate.html HTTP/1.1" 200 638
120.253.135.82 - - [16/May/2024:05:54:18 +0800] "POST /xingrg/kc/pszx/mdps_list_operate.html HTTP/1.1" 200 373
180.164.6.225 - - [16/May/2024:05:54:19 +0800] "GET /xingrg/all/function/internal_message.html?_=1715810059931&CODE_STATE=getMsg HTTP/1.1" 302 -
120.253.135.82 - - [16/May/2024:05:54:22 +0800] "GET /xingrg/kc/pszx/mdps_order_info.html?code=312024051600310 HTTP/1.1" 200 23978
120.253.135.82 - - [16/May/2024:05:54:22 +0800] "GET /xingrg/javascript/easyui/themes/default/validatebox.css HTTP/1.1" 404 1104
120.253.135.82 - - [16/May/2024:05:54:23 +0800] "POST /xingrg/kc/pszx/mdps_order_operate.html HTTP/1.1" 200 3265
120.253.135.82 - - [16/May/2024:05:54:26 +0800] "POST /xingrg/kc/pszx/mdps_order_operate.html HTTP/1.1" 200 37
120.253.135.82 - - [16/May/2024:05:54:27 +0800] "GET /xingrg/kc/pszx/mdps_order_info.html?code=312024051600310 HTTP/1.1" 200 23978
120.253.135.82 - - [16/May/2024:05:54:28 +0800] "GET /xingrg/javascript/easyui/themes/default/validatebox.css HTTP/1.1" 404 1104
120.253.135.82 - - [16/May/2024:05:54:28 +0800] "GET /xingrg/all/function/internal_message.html?_=1715809919459&CODE_STATE=getMsg HTTP/1.1" 200 27
120.253.135.82 - - [16/May/2024:05:54:28 +0800] "POST /xingrg/kc/pszx/mdps_order_operate.html HTTP/1.1" 200 3288
101.83.144.49 - - [16/May/2024:05:54:36 +0800] "GET /xingrg/all/function/internal_message.html?_=1715810076826&CODE_STATE=getMsg HTTP/1.1" 200 27
116.235.245.51 - - [16/May/2024:05:54:43 +0800] "GET /xingrg/check_reg.html?_=1715810096766 HTTP/1.1" 200 22
120.253.135.82 - - [16/May/2024:05:55:07 +0800] "POST /xingrg/kc/pszx/mdps_order_operate.html HTTP/1.1" 200 37
120.253.135.82 - - [16/May/2024:05:55:08 +0800] "GET /xingrg/kc/pszx/mdps_order_info.html?code=312024051600310 HTTP/1.1" 200 23978
120.253.135.82 - - [16/May/2024:05:55:08 +0800] "GET /xingrg/javascript/easyui/themes/default/validatebox.css HTTP/1.1" 404 1104
120.253.135.82 - - [16/May/2024:05:55:09 +0800] "POST /xingrg/kc/pszx/mdps_order_operate.html HTTP/1.1" 200 3288
120.253.135.82 - - [16/May/2024:05:55:10 +0800] "POST /xingrg/kc/pszx/mdps_list_operate.html HTTP/1.1" 200 2806
120.253.135.82 - - [16/May/2024:05:55:11 +0800] "GET /xingrg/kc/pszx/mdps_order_add.html HTTP/1.1" 200 29382
120.253.135.82 - - [16/May/2024:05:55:12 +0800] "POST /xingrg/kc/pszx/mdps_order_operate.html HTTP/1.1" 200 7126
120.253.135.82 - - [16/May/2024:05:55:12 +0800] "GET /xingrg/javascript/easyui/themes/default/validatebox.css HTTP/1.1" 404 1104
180.164.6.225 - - [16/May/2024:05:55:19 +0800] "GET /xingrg/all/function/internal_message.html?_=1715810119915&CODE_STATE=getMsg HTTP/1.1" 302 -
120.253.135.82 - - [16/May/2024:05:55:28 +0800] "GET /xingrg/all/function/internal_message.html?_=1715809979472&CODE_STATE=getMsg HTTP/1.1" 200 27
120.253.135.82 - - [16/May/2024:05:55:29 +0800] "POST /xingrg/all/common/load_combo.html?type=base HTTP/1.1" 200 1169
120.253.135.82 - - [16/May/2024:05:55:35 +0800] "GET /xingrg/kc/pszx/mdps_order_operate.html?command=get_materiel&pszx_code=00101&rest_code=00156&base_code=0010246&code=00101013107 HTTP/1.1" 200 419
101.83.144.49 - - [16/May/2024:05:55:36 +0800] "GET /xingrg/all/function/internal_message.html?_=1715810136828&CODE_STATE=getMsg HTTP/1.1" 200 27
120.253.135.82 - - [16/May/2024:05:55:41 +0800] "POST /xingrg/kc/pszx/mdps_order_operate.html HTTP/1.1" 200 37
120.253.135.82 - - [16/May/2024:05:55:42 +0800] "GET /xingrg/kc/pszx/mdps_order_info.html?code=312024051600311 HTTP/1.1" 200 23978
120.253.135.82 - - [16/May/2024:05:55:43 +0800] "GET /xingrg/javascript/easyui/themes/default/validatebox.css HTTP/1.1" 404 1104
120.253.135.82 - - [16/May/2024:05:55:44 +0800] "POST /xingrg/kc/pszx/mdps_order_operate.html HTTP/1.1" 200 2272
120.253.135.82 - - [16/May/2024:05:55:45 +0800] "POST /xingrg/kc/pszx/mdps_list_operate.html HTTP/1.1" 200 3176
120.253.135.82 - - [16/May/2024:05:55:46 +0800] "POST /xingrg/kc/pszx/mdps_list_operate.html HTTP/1.1" 200 363
120.253.135.82 - - [16/May/2024:05:55:47 +0800] "GET /xingrg/kc/pszx/mdps_order_info.html?code=312024051600310 HTTP/1.1" 200 23978
120.253.135.82 - - [16/May/2024:05:55:48 +0800] "GET /xingrg/javascript/easyui/themes/default/validatebox.css HTTP/1.1" 404 1104
120.253.135.82 - - [16/May/2024:05:55:48 +0800] "POST /xingrg/kc/pszx/mdps_order_operate.html HTTP/1.1" 200 3288
120.253.135.82 - - [16/May/2024:05:55:54 +0800] "POST /xingrg/kc/pszx/mdps_order_operate.html HTTP/1.1" 200 37
120.253.135.82 - - [16/May/2024:05:55:55 +0800] "GET /xingrg/kc/pszx/mdps_order_info.html?code=312024051600310 HTTP/1.1" 200 23978
120.253.135.82 - - [16/May/2024:05:55:56 +0800] "GET /xingrg/javascript/easyui/themes/default/validatebox.css HTTP/1.1" 404 1104
120.253.135.82 - - [16/May/2024:05:55:56 +0800] "POST /xingrg/kc/pszx/mdps_order_operate.html HTTP/1.1" 200 2803
120.253.135.82 - - [16/May/2024:05:56:00 +0800] "POST /xingrg/kc/pszx/mdps_order_operate.html HTTP/1.1" 200 37
120.253.135.82 - - [16/May/2024:05:56:01 +0800] "GET /xingrg/kc/pszx/mdps_order_info.html?code=312024051600310 HTTP/1.1" 200 23978
120.253.135.82 - - [16/May/2024:05:56:02 +0800] "GET /xingrg/javascript/easyui/themes/default/validatebox.css HTTP/1.1" 404 1104
120.253.135.82 - - [16/May/2024:05:56:02 +0800] "POST /xingrg/kc/pszx/mdps_order_operate.html HTTP/1.1" 200 2803
222.70.183.82 - - [16/May/2024:05:56:03 +0800] "POST /xingrg/services/DataTransmitService HTTP/1.1" 200 524
120.253.135.82 - - [16/May/2024:05:56:04 +0800] "POST /xingrg/kc/pszx/mdps_list_operate.html HTTP/1.1" 200 3175
120.253.135.82 - - [16/May/2024:05:56:05 +0800] "POST /xingrg/kc/pszx/mdps_list_operate.html HTTP/1.1" 200 288
120.253.135.82 - - [16/May/2024:05:56:07 +0800] "GET /xingrg/kc/pszx/mdps_order_info.html?code=312024051600310 HTTP/1.1" 200 23978
120.253.135.82 - - [16/May/2024:05:56:07 +0800] "GET /xingrg/javascript/easyui/themes/default/validatebox.css HTTP/1.1" 404 1104
120.253.135.82 - - [16/May/2024:05:56:07 +0800] "POST /xingrg/kc/pszx/mdps_order_operate.html HTTP/1.1" 200 2803
120.253.135.82 - - [16/May/2024:05:56:09 +0800] "GET /xingrg/kc/print/load_data.html?order_code=312024051600310&kc_code=mdps&condition= HTTP/1.1" 200 919
120.253.135.82 - - [16/May/2024:05:56:15 +0800] "POST /xingrg/kc/pszx/mdps_list_operate.html HTTP/1.1" 200 3175
180.164.6.225 - - [16/May/2024:05:56:19 +0800] "GET /xingrg/all/function/internal_message.html?_=1715810179902&CODE_STATE=getMsg HTTP/1.1" 302 -
120.253.135.82 - - [16/May/2024:05:56:28 +0800] "GET /xingrg/all/function/internal_message.html?_=1715810039538&CODE_STATE=getMsg HTTP/1.1" 200 27
101.83.144.49 - - [16/May/2024:05:56:36 +0800] "GET /xingrg/all/function/internal_message.html?_=1715810196829&CODE_STATE=getMsg HTTP/1.1" 200 27
120.253.135.82 - - [16/May/2024:05:57:19 +0800] "POST /xingrg/kc/pszx/mdps_list_operate.html HTTP/1.1" 200 2815
180.164.6.225 - - [16/May/2024:05:57:19 +0800] "GET /xingrg/all/function/internal_message.html?_=1715810239894&CODE_STATE=getMsg HTTP/1.1" 302 -
120.253.135.82 - - [16/May/2024:05:57:21 +0800] "POST /xingrg/kc/pszx/mdps_list_operate.html HTTP/1.1" 200 205
120.253.135.82 - - [16/May/2024:05:57:22 +0800] "POST /xingrg/kc/pszx/mdps_list_operate.html HTTP/1.1" 200 205
120.253.135.82 - - [16/May/2024:05:57:23 +0800] "POST /xingrg/kc/pszx/mdps_list_operate.html HTTP/1.1" 200 283
120.253.135.82 - - [16/May/2024:05:57:25 +0800] "POST /xingrg/kc/pszx/mdps_list_operate.html HTTP/1.1" 200 217
120.253.135.82 - - [16/May/2024:05:57:28 +0800] "GET /xingrg/all/function/internal_message.html?_=1715810099546&CODE_STATE=getMsg HTTP/1.1" 200 27
120.253.135.82 - - [16/May/2024:05:57:28 +0800] "GET /xingrg/kc/pszx/mdps_order_info.html?code=312024051600309 HTTP/1.1" 200 23978
120.253.135.82 - - [16/May/2024:05:57:28 +0800] "GET /xingrg/javascript/easyui/themes/default/validatebox.css HTTP/1.1" 404 1104
120.253.135.82 - - [16/May/2024:05:57:29 +0800] "POST /xingrg/kc/pszx/mdps_order_operate.html HTTP/1.1" 200 2760
180.164.6.225 - - [16/May/2024:05:57:30 +0800] "GET /xingrg/check_reg.html?_=1715810250844 HTTP/1.1" 302 -
120.253.135.82 - - [16/May/2024:05:57:32 +0800] "POST /xingrg/kc/pszx/mdps_order_operate.html HTTP/1.1" 200 37
120.253.135.82 - - [16/May/2024:05:57:33 +0800] "GET /xingrg/kc/pszx/mdps_order_info.html?code=312024051600309 HTTP/1.1" 200 23978
120.253.135.82 - - [16/May/2024:05:57:34 +0800] "GET /xingrg/javascript/easyui/themes/default/validatebox.css HTTP/1.1" 404 1104
120.253.135.82 - - [16/May/2024:05:57:34 +0800] "POST /xingrg/kc/pszx/mdps_order_operate.html HTTP/1.1" 200 2774
101.83.144.49 - - [16/May/2024:05:57:36 +0800] "GET /xingrg/all/function/internal_message.html?_=1715810256831&CODE_STATE=getMsg HTTP/1.1" 200 27
180.164.6.225 - - [16/May/2024:05:58:05 +0800] "POST /xingrg/services/DataTransmitService HTTP/1.1" 200 524
180.164.6.225 - - [16/May/2024:05:58:19 +0800] "GET /xingrg/all/function/internal_message.html?_=1715810299886&CODE_STATE=getMsg HTTP/1.1" 302 -
120.253.135.82 - - [16/May/2024:05:58:20 +0800] "POST /xingrg/kc/pszx/mdps_list_operate.html HTTP/1.1" 200 2815
120.253.135.82 - - [16/May/2024:05:58:21 +0800] "POST /xingrg/kc/pszx/mdps_list_operate.html HTTP/1.1" 200 283
120.253.135.82 - - [16/May/2024:05:58:22 +0800] "GET /xingrg/kc/pszx/mdps_order_info.html?code=312024051600309 HTTP/1.1" 200 23978
120.253.135.82 - - [16/May/2024:05:58:23 +0800] "GET /xingrg/javascript/easyui/themes/default/validatebox.css HTTP/1.1" 404 1104
120.253.135.82 - - [16/May/2024:05:58:23 +0800] "POST /xingrg/kc/pszx/mdps_order_operate.html HTTP/1.1" 200 2774
120.253.135.82 - - [16/May/2024:05:58:25 +0800] "POST /xingrg/kc/pszx/mdps_list_operate.html HTTP/1.1" 200 2815
120.253.135.82 - - [16/May/2024:05:58:26 +0800] "GET /xingrg/check_reg.html?_=1715810157894 HTTP/1.1" 200 22
120.253.135.82 - - [16/May/2024:05:58:27 +0800] "GET /xingrg/kc/pszx/mdqp_order_list.html?state=10 HTTP/1.1" 200 16639
120.253.135.82 - - [16/May/2024:05:58:28 +0800] "GET /xingrg/dwr/interface/AjaxReportQueryService.js HTTP/1.1" 200 13203
120.253.135.82 - - [16/May/2024:05:58:28 +0800] "GET /xingrg/dwr/interface/AjaxQqpsService.js HTTP/1.1" 200 16326
120.253.135.82 - - [16/May/2024:05:58:28 +0800] "GET /xingrg/dwr/engine.js HTTP/1.1" 200 43631
120.253.135.82 - - [16/May/2024:05:58:28 +0800] "GET /xingrg/all/function/internal_message.html?_=1715810159560&CODE_STATE=getMsg HTTP/1.1" 200 27
120.253.135.82 - - [16/May/2024:05:58:35 +0800] "GET /xingrg/kc/pszx/mdqp_order_info.html?code=302024051500219 HTTP/1.1" 200 13338
120.253.135.82 - - [16/May/2024:05:58:35 +0800] "GET /xingrg/dwr/interface/AjaxComOrderService.js HTTP/1.1" 200 18264
120.253.135.82 - - [16/May/2024:05:58:35 +0800] "GET /xingrg/dwr/interface/AjaxQqpsService.js HTTP/1.1" 200 16326
120.253.135.82 - - [16/May/2024:05:58:35 +0800] "GET /xingrg/dwr/engine.js HTTP/1.1" 200 43631
120.253.135.82 - - [16/May/2024:05:58:35 +0800] "POST /xingrg/dwr/call/plaincall/AjaxQqpsService.loadMaterielItems.dwr HTTP/1.1" 200 2556
101.83.144.49 - - [16/May/2024:05:58:36 +0800] "GET /xingrg/check_reg.html?_=1715810316833 HTTP/1.1" 200 22
101.83.144.49 - - [16/May/2024:05:58:36 +0800] "GET /xingrg/all/function/internal_message.html?_=1715810316836&CODE_STATE=getMsg HTTP/1.1" 200 27
120.253.135.82 - - [16/May/2024:05:58:41 +0800] "GET /xingrg/kc/pszx/mdqp_order_list.html?isBack=1 HTTP/1.1" 302 -
120.253.135.82 - - [16/May/2024:05:58:41 +0800] "GET /xingrg/kc/pszx/mdqp_order_list.html?state=10 HTTP/1.1" 200 16639
120.253.135.82 - - [16/May/2024:05:58:41 +0800] "GET /xingrg/dwr/interface/AjaxReportQueryService.js HTTP/1.1" 200 13203
120.253.135.82 - - [16/May/2024:05:58:41 +0800] "GET /xingrg/dwr/interface/AjaxQqpsService.js HTTP/1.1" 200 16326
120.253.135.82 - - [16/May/2024:05:58:41 +0800] "GET /xingrg/dwr/engine.js HTTP/1.1" 200 43631
120.253.135.82 - - [16/May/2024:05:58:43 +0800] "GET /xingrg/kc/pszx/mdqp_order_info.html?code=302024051500220 HTTP/1.1" 200 13338
120.253.135.82 - - [16/May/2024:05:58:43 +0800] "GET /xingrg/dwr/interface/AjaxComOrderService.js HTTP/1.1" 200 18264
120.253.135.82 - - [16/May/2024:05:58:43 +0800] "GET /xingrg/dwr/interface/AjaxQqpsService.js HTTP/1.1" 200 16326
120.253.135.82 - - [16/May/2024:05:58:43 +0800] "GET /xingrg/dwr/engine.js HTTP/1.1" 200 43631
116.235.245.51 - - [16/May/2024:05:58:44 +0800] "POST /xingrg/services/DataTransmitService HTTP/1.1" 200 524
120.253.135.82 - - [16/May/2024:05:58:44 +0800] "POST /xingrg/dwr/call/plaincall/AjaxQqpsService.loadMaterielItems.dwr HTTP/1.1" 200 3078
120.253.135.82 - - [16/May/2024:05:59:00 +0800] "GET /xingrg/images/yd/bt.gif HTTP/1.1" 404 1040
120.253.135.82 - - [16/May/2024:05:59:00 +0800] "GET /xingrg/images/yd/bt2.gif HTTP/1.1" 404 1042
120.253.135.82 - - [16/May/2024:05:59:18 +0800] "GET /xingrg/kc/pszx/mdqp_order_list.html?isBack=1 HTTP/1.1" 302 -
120.253.135.82 - - [16/May/2024:05:59:19 +0800] "GET /xingrg/kc/pszx/mdqp_order_list.html?state=10 HTTP/1.1" 200 16639
120.253.135.82 - - [16/May/2024:05:59:19 +0800] "GET /xingrg/dwr/interface/AjaxReportQueryService.js HTTP/1.1" 200 13203
120.253.135.82 - - [16/May/2024:05:59:19 +0800] "GET /xingrg/dwr/interface/AjaxQqpsService.js HTTP/1.1" 200 16326
120.253.135.82 - - [16/May/2024:05:59:19 +0800] "GET /xingrg/dwr/engine.js HTTP/1.1" 200 43631
180.164.6.225 - - [16/May/2024:05:59:19 +0800] "GET /xingrg/all/function/internal_message.html?_=1715810359878&CODE_STATE=getMsg HTTP/1.1" 302 -
120.253.135.82 - - [16/May/2024:05:59:21 +0800] "GET /xingrg/kc/pszx/mdqp_order_info.html?code=302024051500220 HTTP/1.1" 200 13338
120.253.135.82 - - [16/May/2024:05:59:21 +0800] "GET /xingrg/dwr/interface/AjaxComOrderService.js HTTP/1.1" 200 18264
120.253.135.82 - - [16/May/2024:05:59:21 +0800] "GET /xingrg/dwr/interface/AjaxQqpsService.js HTTP/1.1" 200 16326
120.253.135.82 - - [16/May/2024:05:59:21 +0800] "GET /xingrg/dwr/engine.js HTTP/1.1" 200 43631
120.253.135.82 - - [16/May/2024:05:59:22 +0800] "POST /xingrg/dwr/call/plaincall/AjaxQqpsService.loadMaterielItems.dwr HTTP/1.1" 200 3078
120.253.135.82 - - [16/May/2024:05:59:24 +0800] "GET /xingrg/kc/pszx/mdqp_order_list.html?isBack=1 HTTP/1.1" 302 -
120.253.135.82 - - [16/May/2024:05:59:24 +0800] "GET /xingrg/kc/pszx/mdqp_order_list.html?state=10 HTTP/1.1" 200 16639
120.253.135.82 - - [16/May/2024:05:59:24 +0800] "GET /xingrg/images/yd/bt.gif HTTP/1.1" 404 1040
120.253.135.82 - - [16/May/2024:05:59:24 +0800] "GET /xingrg/images/yd/bt2.gif HTTP/1.1" 404 1042
120.253.135.82 - - [16/May/2024:05:59:24 +0800] "GET /xingrg/dwr/interface/AjaxReportQueryService.js HTTP/1.1" 200 13203
120.253.135.82 - - [16/May/2024:05:59:24 +0800] "GET /xingrg/dwr/interface/AjaxQqpsService.js HTTP/1.1" 200 16326
120.253.135.82 - - [16/May/2024:05:59:24 +0800] "GET /xingrg/dwr/engine.js HTTP/1.1" 200 43631
120.253.135.82 - - [16/May/2024:05:59:28 +0800] "GET /xingrg/all/function/internal_message.html?_=1715810219574&CODE_STATE=getMsg HTTP/1.1" 200 27
120.253.135.82 - - [16/May/2024:05:59:28 +0800] "GET /xingrg/kc/pszx/mdqp_order_info.html?code=302024051500219 HTTP/1.1" 200 13338
120.253.135.82 - - [16/May/2024:05:59:28 +0800] "GET /xingrg/dwr/interface/AjaxComOrderService.js HTTP/1.1" 200 18264
120.253.135.82 - - [16/May/2024:05:59:28 +0800] "GET /xingrg/dwr/interface/AjaxQqpsService.js HTTP/1.1" 200 16326
120.253.135.82 - - [16/May/2024:05:59:28 +0800] "GET /xingrg/dwr/engine.js HTTP/1.1" 200 43631
120.253.135.82 - - [16/May/2024:05:59:29 +0800] "POST /xingrg/dwr/call/plaincall/AjaxQqpsService.loadMaterielItems.dwr HTTP/1.1" 200 2556
120.253.135.82 - - [16/May/2024:05:59:30 +0800] "GET /xingrg/kc/pszx/mdqp_order_list.html?isBack=1 HTTP/1.1" 302 -
120.253.135.82 - - [16/May/2024:05:59:30 +0800] "GET /xingrg/kc/pszx/mdqp_order_list.html?state=10 HTTP/1.1" 200 16639
120.253.135.82 - - [16/May/2024:05:59:30 +0800] "GET /xingrg/dwr/interface/AjaxQqpsService.js HTTP/1.1" 200 16326
120.253.135.82 - - [16/May/2024:05:59:30 +0800] "GET /xingrg/dwr/interface/AjaxReportQueryService.js HTTP/1.1" 200 13203
120.253.135.82 - - [16/May/2024:05:59:30 +0800] "GET /xingrg/dwr/engine.js HTTP/1.1" 200 43631
120.253.135.82 - - [16/May/2024:05:59:35 +0800] "GET /xingrg/kc/pszx/jzcl_ps.html HTTP/1.1" 200 7683
120.253.135.82 - - [16/May/2024:05:59:35 +0800] "POST /xingrg/all/common/load_tree.html?tree=area_rest_tree_json HTTP/1.1" 200 4010
120.253.135.82 - - [16/May/2024:05:59:36 +0800] "POST /xingrg/kc/pszx/jzcl_ps_operate.html HTTP/1.1" 200 7238
120.253.135.82 - - [16/May/2024:05:59:36 +0800] "POST /xingrg/kc/pszx/jzcl_ps_operate.html HTTP/1.1" 200 7238
101.83.144.49 - - [16/May/2024:05:59:36 +0800] "GET /xingrg/all/function/internal_message.html?_=1715810376836&CODE_STATE=getMsg HTTP/1.1" 200 27
116.235.245.51 - - [16/May/2024:05:59:43 +0800] "GET /xingrg/check_reg.html?_=1715810396771 HTTP/1.1" 200 22
120.253.135.82 - - [16/May/2024:05:59:53 +0800] "POST /xingrg/kc/pszx/jzcl_ps_operate.html HTTP/1.1" 200 4
120.253.135.82 - - [16/May/2024:05:59:55 +0800] "GET /xingrg/kc/pszx/mdps_order_list.html HTTP/1.1" 200 21313
120.253.135.82 - - [16/May/2024:05:59:56 +0800] "POST /xingrg/kc/pszx/jzcl_ps_operate.html HTTP/1.1" 200 6322
120.253.135.82 - - [16/May/2024:05:59:56 +0800] "POST /xingrg/kc/pszx/mdps_list_operate.html HTTP/1.1" 200 5441
120.253.135.82 - - [16/May/2024:06:00:02 +0800] "POST /xingrg/kc/pszx/mdps_list_operate.html HTTP/1.1" 200 2779
120.253.135.82 - - [16/May/2024:06:00:04 +0800] "POST /xingrg/kc/pszx/mdps_list_operate.html HTTP/1.1" 200 208
120.253.135.82 - - [16/May/2024:06:00:06 +0800] "POST /xingrg/kc/pszx/mdps_list_operate.html HTTP/1.1" 200 610
120.253.135.82 - - [16/May/2024:06:00:08 +0800] "GET /xingrg/kc/pszx/mdps_order_info.html?code=312024051600312 HTTP/1.1" 200 23972
120.253.135.82 - - [16/May/2024:06:00:09 +0800] "GET /xingrg/javascript/easyui/themes/default/validatebox.css HTTP/1.1" 404 1104
120.253.135.82 - - [16/May/2024:06:00:09 +0800] "POST /xingrg/kc/pszx/mdps_order_operate.html HTTP/1.1" 200 7137
120.253.135.82 - - [16/May/2024:06:00:11 +0800] "POST /xingrg/kc/pszx/mdps_order_operate.html HTTP/1.1" 200 37
120.253.135.82 - - [16/May/2024:06:00:13 +0800] "GET /xingrg/kc/pszx/mdps_order_info.html?code=312024051600312 HTTP/1.1" 200 23972
120.253.135.82 - - [16/May/2024:06:00:13 +0800] "GET /xingrg/javascript/easyui/themes/default/validatebox.css HTTP/1.1" 404 1104
120.253.135.82 - - [16/May/2024:06:00:14 +0800] "POST /xingrg/kc/pszx/mdps_order_operate.html HTTP/1.1" 200 7215
180.164.6.225 - - [16/May/2024:06:00:19 +0800] "GET /xingrg/all/function/internal_message.html?_=1715810419862&CODE_STATE=getMsg HTTP/1.1" 302 -
120.253.135.82 - - [16/May/2024:06:00:24 +0800] "GET /xingrg/kc/pszx/mdps_order_add.html HTTP/1.1" 200 29382
120.253.135.82 - - [16/May/2024:06:00:24 +0800] "POST /xingrg/kc/pszx/mdps_order_operate.html HTTP/1.1" 200 7126
120.253.135.82 - - [16/May/2024:06:00:25 +0800] "GET /xingrg/javascript/easyui/themes/default/validatebox.css HTTP/1.1" 404 1104
120.253.135.82 - - [16/May/2024:06:00:28 +0800] "GET /xingrg/all/function/internal_message.html?_=1715810279587&CODE_STATE=getMsg HTTP/1.1" 200 27
120.253.135.82 - - [16/May/2024:06:00:28 +0800] "GET /xingrg/javascript/jquery_tools/images/prev.gif HTTP/1.1" 404 1086
120.253.135.82 - - [16/May/2024:06:00:28 +0800] "GET /xingrg/javascript/jquery_tools/images/next.gif HTTP/1.1" 404 1086
120.253.135.82 - - [16/May/2024:06:00:31 +0800] "POST /xingrg/all/common/load_combo.html?type=base HTTP/1.1" 200 1169
101.83.144.49 - - [16/May/2024:06:00:36 +0800] "GET /xingrg/all/function/internal_message.html?_=1715810436822&CODE_STATE=getMsg HTTP/1.1" 200 27
120.253.135.82 - - [16/May/2024:06:00:38 +0800] "GET /xingrg/kc/pszx/mdps_order_operate.html?command=get_materiel&pszx_code=00101&rest_code=00105&base_code=0010252&code=00101014041 HTTP/1.1" 200 434
120.253.135.82 - - [16/May/2024:06:00:45 +0800] "POST /xingrg/kc/pszx/mdps_order_operate.html HTTP/1.1" 200 37
120.253.135.82 - - [16/May/2024:06:00:46 +0800] "GET /xingrg/kc/pszx/mdps_order_info.html?code=312024051600314 HTTP/1.1" 200 23972
120.253.135.82 - - [16/May/2024:06:00:46 +0800] "GET /xingrg/javascript/easyui/themes/default/validatebox.css HTTP/1.1" 404 1104
120.253.135.82 - - [16/May/2024:06:00:47 +0800] "POST /xingrg/kc/pszx/mdps_order_operate.html HTTP/1.1" 200 2276
120.253.135.82 - - [16/May/2024:06:00:50 +0800] "POST /xingrg/kc/pszx/mdps_list_operate.html HTTP/1.1" 200 3143
120.253.135.82 - - [16/May/2024:06:00:53 +0800] "POST /xingrg/kc/pszx/mdps_list_operate.html HTTP/1.1" 200 610
120.253.135.82 - - [16/May/2024:06:00:56 +0800] "GET /xingrg/kc/pszx/mdps_order_info.html?code=312024051600312 HTTP/1.1" 200 23972
120.253.135.82 - - [16/May/2024:06:00:56 +0800] "GET /xingrg/javascript/easyui/themes/default/validatebox.css HTTP/1.1" 404 1104
120.253.135.82 - - [16/May/2024:06:00:57 +0800] "POST /xingrg/kc/pszx/mdps_order_operate.html HTTP/1.1" 200 7215
120.253.135.82 - - [16/May/2024:06:01:06 +0800] "POST /xingrg/kc/pszx/mdps_order_operate.html HTTP/1.1" 200 37
120.253.135.82 - - [16/May/2024:06:01:08 +0800] "GET /xingrg/kc/pszx/mdps_order_info.html?code=312024051600312 HTTP/1.1" 200 23972
120.253.135.82 - - [16/May/2024:06:01:08 +0800] "GET /xingrg/javascript/easyui/themes/default/validatebox.css HTTP/1.1" 404 1104
120.253.135.82 - - [16/May/2024:06:01:09 +0800] "POST /xingrg/kc/pszx/mdps_order_operate.html HTTP/1.1" 200 6726
180.164.6.225 - - [16/May/2024:06:01:19 +0800] "GET /xingrg/all/function/internal_message.html?_=1715810479840&CODE_STATE=getMsg HTTP/1.1" 302 -
124.79.240.51 - - [16/May/2024:06:01:22 +0800] "POST /xingrg/services/DataTransmitService HTTP/1.1" 200 524
120.253.135.82 - - [16/May/2024:06:01:28 +0800] "GET /xingrg/all/function/internal_message.html?_=1715810339601&CODE_STATE=getMsg HTTP/1.1" 200 27
101.83.144.49 - - [16/May/2024:06:01:36 +0800] "GET /xingrg/all/function/internal_message.html?_=1715810496824&CODE_STATE=getMsg HTTP/1.1" 200 27
180.164.6.225 - - [16/May/2024:06:02:19 +0800] "GET /xingrg/all/function/internal_message.html?_=1715810539821&CODE_STATE=getMsg HTTP/1.1" 302 -
120.253.135.82 - - [16/May/2024:06:02:28 +0800] "GET /xingrg/all/function/internal_message.html?_=1715810399614&CODE_STATE=getMsg HTTP/1.1" 200 27
180.164.6.225 - - [16/May/2024:06:02:30 +0800] "GET /xingrg/check_reg.html?_=1715810550827 HTTP/1.1" 302 -
101.83.144.49 - - [16/May/2024:06:02:36 +0800] "GET /xingrg/all/function/internal_message.html?_=1715810556824&CODE_STATE=getMsg HTTP/1.1" 200 27
180.164.6.225 - - [16/May/2024:06:03:19 +0800] "GET /xingrg/all/function/internal_message.html?_=1715810599807&CODE_STATE=getMsg HTTP/1.1" 302 -
120.253.135.82 - - [16/May/2024:06:03:26 +0800] "GET /xingrg/check_reg.html?_=1715810457976 HTTP/1.1" 200 22
120.253.135.82 - - [16/May/2024:06:03:28 +0800] "GET /xingrg/all/function/internal_message.html?_=1715810459628&CODE_STATE=getMsg HTTP/1.1" 200 27
101.83.144.49 - - [16/May/2024:06:03:36 +0800] "GET /xingrg/all/function/internal_message.html?_=1715810616825&CODE_STATE=getMsg HTTP/1.1" 200 27
101.83.144.49 - - [16/May/2024:06:03:36 +0800] "GET /xingrg/check_reg.html?_=1715810616830 HTTP/1.1" 200 22
180.164.6.225 - - [16/May/2024:06:04:19 +0800] "GET /xingrg/all/function/internal_message.html?_=1715810659794&CODE_STATE=getMsg HTTP/1.1" 302 -
120.253.135.82 - - [16/May/2024:06:04:27 +0800] "POST /xingrg/kc/pszx/mdps_order_operate.html HTTP/1.1" 200 37
120.253.135.82 - - [16/May/2024:06:04:28 +0800] "GET /xingrg/all/function/internal_message.html?_=1715810519641&CODE_STATE=getMsg HTTP/1.1" 200 27
120.253.135.82 - - [16/May/2024:06:04:28 +0800] "GET /xingrg/kc/pszx/mdps_order_info.html?code=312024051600312 HTTP/1.1" 200 23972
120.253.135.82 - - [16/May/2024:06:04:29 +0800] "GET /xingrg/javascript/easyui/themes/default/validatebox.css HTTP/1.1" 404 1104
120.253.135.82 - - [16/May/2024:06:04:29 +0800] "POST /xingrg/kc/pszx/mdps_order_operate.html HTTP/1.1" 200 6726
120.253.135.82 - - [16/May/2024:06:04:30 +0800] "POST /xingrg/kc/pszx/mdps_list_operate.html HTTP/1.1" 200 3142
120.253.135.82 - - [16/May/2024:06:04:33 +0800] "POST /xingrg/kc/pszx/mdps_list_operate.html HTTP/1.1" 200 648
120.253.135.82 - - [16/May/2024:06:04:34 +0800] "GET /xingrg/kc/pszx/mdps_order_info.html?code=312024051600313 HTTP/1.1" 200 23972
120.253.135.82 - - [16/May/2024:06:04:35 +0800] "GET /xingrg/javascript/easyui/themes/default/validatebox.css HTTP/1.1" 404 1104
120.253.135.82 - - [16/May/2024:06:04:35 +0800] "POST /xingrg/kc/pszx/mdps_order_operate.html HTTP/1.1" 200 5835
101.83.144.49 - - [16/May/2024:06:04:36 +0800] "GET /xingrg/all/function/internal_message.html?_=1715810676827&CODE_STATE=getMsg HTTP/1.1" 200 27
120.253.135.82 - - [16/May/2024:06:04:38 +0800] "POST /xingrg/kc/pszx/mdps_order_operate.html HTTP/1.1" 200 37
120.253.135.82 - - [16/May/2024:06:04:39 +0800] "GET /xingrg/kc/pszx/mdps_order_info.html?code=312024051600313 HTTP/1.1" 200 23972
120.253.135.82 - - [16/May/2024:06:04:40 +0800] "GET /xingrg/javascript/easyui/themes/default/validatebox.css HTTP/1.1" 404 1104
120.253.135.82 - - [16/May/2024:06:04:40 +0800] "POST /xingrg/kc/pszx/mdps_order_operate.html HTTP/1.1" 200 5899
116.235.245.51 - - [16/May/2024:06:04:43 +0800] "GET /xingrg/check_reg.html?_=1715810696782 HTTP/1.1" 200 22
120.253.135.82 - - [16/May/2024:06:05:00 +0800] "POST /xingrg/kc/pszx/mdps_list_operate.html HTTP/1.1" 200 3142
120.253.135.82 - - [16/May/2024:06:05:01 +0800] "POST /xingrg/kc/pszx/mdps_list_operate.html HTTP/1.1" 200 202
120.253.135.82 - - [16/May/2024:06:05:04 +0800] "GET /xingrg/kc/pszx/mdqp_order_list.html?state=10 HTTP/1.1" 200 16517
120.253.135.82 - - [16/May/2024:06:05:04 +0800] "GET /xingrg/dwr/interface/AjaxQqpsService.js HTTP/1.1" 200 16326
120.253.135.82 - - [16/May/2024:06:05:04 +0800] "GET /xingrg/dwr/engine.js HTTP/1.1" 200 43631
120.253.135.82 - - [16/May/2024:06:05:04 +0800] "GET /xingrg/dwr/interface/AjaxReportQueryService.js HTTP/1.1" 200 13203
120.253.135.82 - - [16/May/2024:06:05:09 +0800] "GET /xingrg/kc/pszx/jzcl_ps.html HTTP/1.1" 200 7683
120.253.135.82 - - [16/May/2024:06:05:09 +0800] "POST /xingrg/all/common/load_tree.html?tree=area_rest_tree_json HTTP/1.1" 200 4010
120.253.135.82 - - [16/May/2024:06:05:09 +0800] "POST /xingrg/kc/pszx/jzcl_ps_operate.html HTTP/1.1" 200 6322
120.253.135.82 - - [16/May/2024:06:05:10 +0800] "POST /xingrg/kc/pszx/jzcl_ps_operate.html HTTP/1.1" 200 6322
180.164.6.225 - - [16/May/2024:06:05:19 +0800] "GET /xingrg/all/function/internal_message.html?_=1715810719776&CODE_STATE=getMsg HTTP/1.1" 302 -
101.83.144.49 - - [16/May/2024:06:05:36 +0800] "GET /xingrg/all/function/internal_message.html?_=1715810736828&CODE_STATE=getMsg HTTP/1.1" 200 27
120.253.135.82 - - [16/May/2024:06:06:00 +0800] "POST /xingrg/kc/pszx/jzcl_ps_operate.html HTTP/1.1" 200 4
120.253.135.82 - - [16/May/2024:06:06:02 +0800] "GET /xingrg/kc/pszx/mdps_order_list.html HTTP/1.1" 200 21313
120.253.135.82 - - [16/May/2024:06:06:03 +0800] "POST /xingrg/kc/pszx/jzcl_ps_operate.html HTTP/1.1" 200 2943
120.253.135.82 - - [16/May/2024:06:06:03 +0800] "POST /xingrg/kc/pszx/mdps_list_operate.html HTTP/1.1" 200 5465
120.253.135.82 - - [16/May/2024:06:06:03 +0800] "GET /xingrg/all/function/internal_message.html?_=1715810614768&CODE_STATE=getMsg HTTP/1.1" 200 27
120.253.135.82 - - [16/May/2024:06:06:08 +0800] "POST /xingrg/kc/pszx/mdps_list_operate.html HTTP/1.1" 200 4956
120.253.135.82 - - [16/May/2024:06:06:10 +0800] "POST /xingrg/kc/pszx/mdps_list_operate.html HTTP/1.1" 200 217
120.253.135.82 - - [16/May/2024:06:06:12 +0800] "POST /xingrg/kc/pszx/mdps_list_operate.html HTTP/1.1" 200 367
120.253.135.82 - - [16/May/2024:06:06:14 +0800] "GET /xingrg/kc/pszx/mdps_order_info.html?code=312024051600315 HTTP/1.1" 200 23972
120.253.135.82 - - [16/May/2024:06:06:15 +0800] "GET /xingrg/javascript/easyui/themes/default/validatebox.css HTTP/1.1" 404 1104
120.253.135.82 - - [16/May/2024:06:06:15 +0800] "POST /xingrg/kc/pszx/mdps_order_operate.html HTTP/1.1" 200 3251
120.253.135.82 - - [16/May/2024:06:06:18 +0800] "POST /xingrg/kc/pszx/mdps_order_operate.html HTTP/1.1" 200 37
180.164.6.225 - - [16/May/2024:06:06:19 +0800] "GET /xingrg/all/function/internal_message.html?_=1715810779765&CODE_STATE=getMsg HTTP/1.1" 302 -
120.253.135.82 - - [16/May/2024:06:06:20 +0800] "GET /xingrg/kc/pszx/mdps_order_info.html?code=312024051600315 HTTP/1.1" 200 23972
120.253.135.82 - - [16/May/2024:06:06:21 +0800] "GET /xingrg/javascript/easyui/themes/default/validatebox.css HTTP/1.1" 404 1104
120.253.135.82 - - [16/May/2024:06:06:21 +0800] "POST /xingrg/kc/pszx/mdps_order_operate.html HTTP/1.1" 200 3273
101.83.144.49 - - [16/May/2024:06:06:36 +0800] "GET /xingrg/all/function/internal_message.html?_=1715810796831&CODE_STATE=getMsg HTTP/1.1" 200 27
120.253.135.82 - - [16/May/2024:06:07:03 +0800] "GET /xingrg/all/function/internal_message.html?_=1715810674784&CODE_STATE=getMsg HTTP/1.1" 200 27
120.253.135.82 - - [16/May/2024:06:07:15 +0800] "POST /xingrg/kc/pszx/mdps_list_operate.html HTTP/1.1" 200 555
120.253.135.82 - - [16/May/2024:06:07:16 +0800] "GET /xingrg/kc/pszx/mdps_order_info.html?code=312024051600316 HTTP/1.1" 200 23972
120.253.135.82 - - [16/May/2024:06:07:17 +0800] "GET /xingrg/javascript/easyui/themes/default/validatebox.css HTTP/1.1" 404 1104
120.253.135.82 - - [16/May/2024:06:07:17 +0800] "POST /xingrg/kc/pszx/mdps_order_operate.html HTTP/1.1" 200 4304
180.164.6.225 - - [16/May/2024:06:07:19 +0800] "GET /xingrg/all/function/internal_message.html?_=1715810839744&CODE_STATE=getMsg HTTP/1.1" 302 -
120.253.135.82 - - [16/May/2024:06:07:21 +0800] "POST /xingrg/kc/pszx/mdps_order_operate.html HTTP/1.1" 200 37
120.253.135.82 - - [16/May/2024:06:07:22 +0800] "GET /xingrg/kc/pszx/mdps_order_info.html?code=312024051600316 HTTP/1.1" 200 23972
120.253.135.82 - - [16/May/2024:06:07:23 +0800] "GET /xingrg/javascript/easyui/themes/default/validatebox.css HTTP/1.1" 404 1104
120.253.135.82 - - [16/May/2024:06:07:23 +0800] "POST /xingrg/kc/pszx/mdps_order_operate.html HTTP/1.1" 200 4339
180.164.6.225 - - [16/May/2024:06:07:30 +0800] "GET /xingrg/check_reg.html?_=1715810850815 HTTP/1.1" 302 -
101.83.144.49 - - [16/May/2024:06:07:36 +0800] "GET /xingrg/all/function/internal_message.html?_=1715810856832&CODE_STATE=getMsg HTTP/1.1" 200 27
120.253.135.82 - - [16/May/2024:06:08:05 +0800] "POST /xingrg/kc/pszx/mdps_order_operate.html HTTP/1.1" 200 37
120.253.135.82 - - [16/May/2024:06:08:06 +0800] "GET /xingrg/kc/pszx/mdps_order_info.html?code=312024051600316 HTTP/1.1" 200 23972
120.253.135.82 - - [16/May/2024:06:08:07 +0800] "GET /xingrg/javascript/easyui/themes/default/validatebox.css HTTP/1.1" 404 1104
120.253.135.82 - - [16/May/2024:06:08:07 +0800] "GET /xingrg/all/function/internal_message.html?_=1715810738452&CODE_STATE=getMsg HTTP/1.1" 200 27
120.253.135.82 - - [16/May/2024:06:08:07 +0800] "POST /xingrg/kc/pszx/mdps_order_operate.html HTTP/1.1" 200 4339
120.253.135.82 - - [16/May/2024:06:08:14 +0800] "GET /xingrg/kc/pszx/mdps_order_operate.html?command=get_materiel&pszx_code=00101&rest_code=00106&base_code=0010246&code=00101010092 HTTP/1.1" 200 451
180.164.6.225 - - [16/May/2024:06:08:19 +0800] "GET /xingrg/all/function/internal_message.html?_=1715810899739&CODE_STATE=getMsg HTTP/1.1" 302 -
120.253.135.82 - - [16/May/2024:06:08:23 +0800] "POST /xingrg/kc/pszx/mdps_order_operate.html HTTP/1.1" 200 37
120.253.135.82 - - [16/May/2024:06:08:24 +0800] "GET /xingrg/kc/pszx/mdps_order_info.html?code=312024051600316 HTTP/1.1" 200 23972
120.253.135.82 - - [16/May/2024:06:08:24 +0800] "GET /xingrg/javascript/easyui/themes/default/validatebox.css HTTP/1.1" 404 1104
120.253.135.82 - - [16/May/2024:06:08:25 +0800] "POST /xingrg/kc/pszx/mdps_order_operate.html HTTP/1.1" 200 4341
120.253.135.82 - - [16/May/2024:06:08:26 +0800] "GET /xingrg/check_reg.html?_=1715810757980 HTTP/1.1" 200 22
101.83.144.49 - - [16/May/2024:06:08:36 +0800] "GET /xingrg/check_reg.html?_=1715810916834 HTTP/1.1" 200 22
101.83.144.49 - - [16/May/2024:06:08:36 +0800] "GET /xingrg/all/function/internal_message.html?_=1715810916837&CODE_STATE=getMsg HTTP/1.1" 200 27
120.253.135.82 - - [16/May/2024:06:08:53 +0800] "POST /xingrg/kc/pszx/mdps_list_operate.html HTTP/1.1" 200 4956
120.253.135.82 - - [16/May/2024:06:08:56 +0800] "GET /xingrg/kc/buy/buy_main.html HTTP/1.1" 200 12341
120.253.135.82 - - [16/May/2024:06:08:56 +0800] "GET /xingrg/css/new_ie.css HTTP/1.1" 404 1036
120.253.135.82 - - [16/May/2024:06:08:56 +0800] "GET /xingrg/javascript/jquery_ui/themes/humanity/humanity.css HTTP/1.1" 304 -
120.253.135.82 - - [16/May/2024:06:08:56 +0800] "GET /xingrg/javascript/jquery_ui/jquery-ui.min.js HTTP/1.1" 304 -
120.253.135.82 - - [16/May/2024:06:08:56 +0800] "GET /xingrg/images/blue/button/cgxqd.gif HTTP/1.1" 304 -
120.253.135.82 - - [16/May/2024:06:08:56 +0800] "GET /xingrg/images/blue/button/cgydd.gif HTTP/1.1" 304 -
120.253.135.82 - - [16/May/2024:06:08:56 +0800] "GET /xingrg/images/blue/button/cgshd.gif HTTP/1.1" 304 -
120.253.135.82 - - [16/May/2024:06:08:56 +0800] "GET /xingrg/images/blue/button/kc.gif HTTP/1.1" 304 -
120.253.135.82 - - [16/May/2024:06:08:56 +0800] "GET /xingrg/images/blue/pic_form2.gif HTTP/1.1" 304 -
120.253.135.82 - - [16/May/2024:06:08:56 +0800] "GET /xingrg/images/blue/button/cgfkd.gif HTTP/1.1" 304 -
120.253.135.82 - - [16/May/2024:06:08:56 +0800] "GET /xingrg/images/blue/button/ckthd.gif HTTP/1.1" 304 -
120.253.135.82 - - [16/May/2024:06:08:56 +0800] "GET /xingrg/images/blue/bg_dotted.jpg HTTP/1.1" 304 -
120.253.135.82 - - [16/May/2024:06:08:56 +0800] "GET /xingrg/javascript/jquery_ui/themes/humanity/images/ui-bg_inset-soft_100_f4f0ec_1x100.png HTTP/1.1" 304 -
120.253.135.82 - - [16/May/2024:06:08:56 +0800] "GET /xingrg/images/blue/button/right_ah.jpg HTTP/1.1" 304 -
120.253.135.82 - - [16/May/2024:06:08:56 +0800] "GET /xingrg/images/blue/button/down_ah.jpg HTTP/1.1" 304 -
120.253.135.82 - - [16/May/2024:06:08:56 +0800] "GET /xingrg/javascript/jquery_ui/themes/humanity/images/ui-iconsnew.jpg HTTP/1.1" 304 -
120.253.135.82 - - [16/May/2024:06:08:56 +0800] "GET /xingrg/javascript/jquery_ui/themes/humanity/images/ui-icons_ffffff_256x240.png HTTP/1.1" 304 -
120.253.135.82 - - [16/May/2024:06:08:56 +0800] "GET /xingrg/javascript/jquery_ui/themes/humanity/images/ui-icons_c47a23_256x240.png HTTP/1.1" 304 -
120.253.135.82 - - [16/May/2024:06:08:56 +0800] "GET /xingrg/javascript/jquery_ui/themes/humanity/images/ui-bg_glass_70_ede4d4_1x400.png HTTP/1.1" 304 -
120.253.135.82 - - [16/May/2024:06:08:56 +0800] "GET /xingrg/images/yd/bt.gif HTTP/1.1" 404 1040
120.253.135.82 - - [16/May/2024:06:08:58 +0800] "GET /xingrg/kc/buy/cgsh_order_list.html HTTP/1.1" 200 58780
120.253.135.82 - - [16/May/2024:06:09:01 +0800] "POST /xingrg/kc/buy/cgsh_list_operate.html HTTP/1.1" 200 645
120.253.135.82 - - [16/May/2024:06:09:03 +0800] "GET /xingrg/kc/buy/cgsh_order_add.html HTTP/1.1" 200 73650
120.253.135.82 - - [16/May/2024:06:09:03 +0800] "GET /xingrg/javascript/easyui/themes/icons/template_new.png HTTP/1.1" 304 -
120.253.135.82 - - [16/May/2024:06:09:03 +0800] "POST /xingrg/kc/buy/cgsh_order_operate.html HTTP/1.1" 200 8245
120.253.135.82 - - [16/May/2024:06:09:03 +0800] "GET /xingrg/all/common/auto_word.html?type=employee&rest_code=00101 HTTP/1.1" 200 1019
120.253.135.82 - - [16/May/2024:06:09:03 +0800] "GET /xingrg/all/common/auto_word.html?type=employee&rest_code=00101 HTTP/1.1" 200 1019
120.253.135.82 - - [16/May/2024:06:09:04 +0800] "GET /xingrg/javascript/easyui/themes/default/validatebox.css HTTP/1.1" 404 1104
120.253.135.82 - - [16/May/2024:06:09:07 +0800] "GET /xingrg/all/function/internal_message.html?_=1715810798462&CODE_STATE=getMsg HTTP/1.1" 200 27
120.253.135.82 - - [16/May/2024:06:09:13 +0800] "GET /xingrg/kc/buy/cgsh_order_operate.html?command=get_materiel&rest_code=00101&code=00101010092&supplier_code=&order_time=2024-05-16 HTTP/1.1" 200 451
180.164.6.225 - - [16/May/2024:06:09:19 +0800] "GET /xingrg/all/function/internal_message.html?_=1715810959714&CODE_STATE=getMsg HTTP/1.1" 302 -
120.253.135.82 - - [16/May/2024:06:09:28 +0800] "GET /xingrg/kc/pszx/mdps_order_list.html?orderType=0 HTTP/1.1" 200 21313
120.253.135.82 - - [16/May/2024:06:09:29 +0800] "POST /xingrg/kc/pszx/mdps_list_operate.html HTTP/1.1" 200 5466
120.253.135.82 - - [16/May/2024:06:09:34 +0800] "POST /xingrg/kc/pszx/mdps_list_operate.html HTTP/1.1" 200 4956
120.253.135.82 - - [16/May/2024:06:09:36 +0800] "POST /xingrg/kc/pszx/mdps_list_operate.html HTTP/1.1" 200 555
101.83.144.49 - - [16/May/2024:06:09:36 +0800] "GET /xingrg/all/function/internal_message.html?_=1715810976822&CODE_STATE=getMsg HTTP/1.1" 200 27
120.253.135.82 - - [16/May/2024:06:09:38 +0800] "GET /xingrg/kc/pszx/mdps_order_info.html?code=312024051600316 HTTP/1.1" 200 23972
120.253.135.82 - - [16/May/2024:06:09:39 +0800] "GET /xingrg/javascript/easyui/themes/default/validatebox.css HTTP/1.1" 404 1104
120.253.135.82 - - [16/May/2024:06:09:39 +0800] "POST /xingrg/kc/pszx/mdps_order_operate.html HTTP/1.1" 200 4341
116.235.245.51 - - [16/May/2024:06:09:43 +0800] "GET /xingrg/check_reg.html?_=1715810996782 HTTP/1.1" 200 22
120.253.135.82 - - [16/May/2024:06:09:48 +0800] "POST /xingrg/kc/pszx/mdps_order_operate.html HTTP/1.1" 200 37
120.253.135.82 - - [16/May/2024:06:09:49 +0800] "GET /xingrg/kc/pszx/mdps_order_info.html?code=312024051600316 HTTP/1.1" 200 23972
120.253.135.82 - - [16/May/2024:06:09:50 +0800] "GET /xingrg/javascript/easyui/themes/default/validatebox.css HTTP/1.1" 404 1104
120.253.135.82 - - [16/May/2024:06:09:50 +0800] "POST /xingrg/kc/pszx/mdps_order_operate.html HTTP/1.1" 200 4341
120.253.135.82 - - [16/May/2024:06:09:55 +0800] "GET /xingrg/kc/pszx/mdps_order_info.html?code=312024051600316 HTTP/1.1" 200 23972
120.253.135.82 - - [16/May/2024:06:09:56 +0800] "GET /xingrg/javascript/easyui/themes/default/validatebox.css HTTP/1.1" 404 1104
120.253.135.82 - - [16/May/2024:06:09:56 +0800] "POST /xingrg/kc/pszx/mdps_order_operate.html HTTP/1.1" 200 4341
120.253.135.82 - - [16/May/2024:06:09:58 +0800] "POST /xingrg/kc/pszx/mdps_list_operate.html HTTP/1.1" 200 4956
120.253.135.82 - - [16/May/2024:06:09:59 +0800] "POST /xingrg/kc/pszx/mdps_list_operate.html HTTP/1.1" 200 208
120.253.135.82 - - [16/May/2024:06:10:01 +0800] "GET /xingrg/kc/pszx/mdps_order_info.html?code=312024051600317 HTTP/1.1" 200 23972
120.253.135.82 - - [16/May/2024:06:10:01 +0800] "GET /xingrg/javascript/easyui/themes/default/validatebox.css HTTP/1.1" 404 1104
120.253.135.82 - - [16/May/2024:06:10:02 +0800] "POST /xingrg/kc/pszx/mdps_order_operate.html HTTP/1.1" 200 2284
120.253.135.82 - - [16/May/2024:06:10:04 +0800] "POST /xingrg/kc/pszx/mdps_order_operate.html HTTP/1.1" 200 37
120.253.135.82 - - [16/May/2024:06:10:05 +0800] "GET /xingrg/kc/pszx/mdps_order_info.html?code=312024051600317 HTTP/1.1" 200 23972
120.253.135.82 - - [16/May/2024:06:10:06 +0800] "GET /xingrg/javascript/easyui/themes/default/validatebox.css HTTP/1.1" 404 1104
120.253.135.82 - - [16/May/2024:06:10:06 +0800] "POST /xingrg/kc/pszx/mdps_order_operate.html HTTP/1.1" 200 2292
120.253.135.82 - - [16/May/2024:06:10:07 +0800] "GET /xingrg/all/function/internal_message.html?_=1715810858475&CODE_STATE=getMsg HTTP/1.1" 200 27
120.253.135.82 - - [16/May/2024:06:10:07 +0800] "POST /xingrg/kc/pszx/mdps_list_operate.html HTTP/1.1" 200 4956
120.253.135.82 - - [16/May/2024:06:10:09 +0800] "POST /xingrg/kc/pszx/mdps_list_operate.html HTTP/1.1" 200 207
120.253.135.82 - - [16/May/2024:06:10:11 +0800] "GET /xingrg/kc/pszx/mdps_order_info.html?code=312024051600318 HTTP/1.1" 200 23972
120.253.135.82 - - [16/May/2024:06:10:12 +0800] "GET /xingrg/javascript/easyui/themes/default/validatebox.css HTTP/1.1" 404 1104
120.253.135.82 - - [16/May/2024:06:10:12 +0800] "POST /xingrg/kc/pszx/mdps_order_operate.html HTTP/1.1" 200 2273
120.253.135.82 - - [16/May/2024:06:10:15 +0800] "POST /xingrg/kc/pszx/mdps_order_operate.html HTTP/1.1" 200 37
120.253.135.82 - - [16/May/2024:06:10:16 +0800] "GET /xingrg/kc/pszx/mdps_order_info.html?code=312024051600318 HTTP/1.1" 200 23972
120.253.135.82 - - [16/May/2024:06:10:17 +0800] "GET /xingrg/javascript/easyui/themes/default/validatebox.css HTTP/1.1" 404 1104
120.253.135.82 - - [16/May/2024:06:10:17 +0800] "POST /xingrg/kc/pszx/mdps_order_operate.html HTTP/1.1" 200 2281
180.164.6.225 - - [16/May/2024:06:10:19 +0800] "GET /xingrg/all/function/internal_message.html?_=1715811019689&CODE_STATE=getMsg HTTP/1.1" 302 -
120.253.135.82 - - [16/May/2024:06:10:20 +0800] "POST /xingrg/kc/pszx/mdps_list_operate.html HTTP/1.1" 200 4956
120.253.135.82 - - [16/May/2024:06:10:22 +0800] "POST /xingrg/kc/pszx/mdps_list_operate.html HTTP/1.1" 200 200
120.253.135.82 - - [16/May/2024:06:10:24 +0800] "GET /xingrg/kc/pszx/mdps_order_info.html?code=312024051600319 HTTP/1.1" 200 23972
120.253.135.82 - - [16/May/2024:06:10:25 +0800] "GET /xingrg/javascript/easyui/themes/default/validatebox.css HTTP/1.1" 404 1104
120.253.135.82 - - [16/May/2024:06:10:26 +0800] "POST /xingrg/kc/pszx/mdps_order_operate.html HTTP/1.1" 200 2275
120.253.135.82 - - [16/May/2024:06:10:27 +0800] "POST /xingrg/all/common/load_combo.html?type=base HTTP/1.1" 200 1169
120.253.135.82 - - [16/May/2024:06:10:31 +0800] "POST /xingrg/kc/pszx/mdps_order_operate.html HTTP/1.1" 200 37
120.253.135.82 - - [16/May/2024:06:10:32 +0800] "GET /xingrg/kc/pszx/mdps_order_info.html?code=312024051600319 HTTP/1.1" 200 23972
120.253.135.82 - - [16/May/2024:06:10:33 +0800] "GET /xingrg/javascript/easyui/themes/default/validatebox.css HTTP/1.1" 404 1104
120.253.135.82 - - [16/May/2024:06:10:33 +0800] "POST /xingrg/kc/pszx/mdps_order_operate.html HTTP/1.1" 200 2282
120.253.135.82 - - [16/May/2024:06:10:36 +0800] "POST /xingrg/kc/pszx/mdps_list_operate.html HTTP/1.1" 200 4956
101.83.144.49 - - [16/May/2024:06:10:36 +0800] "GET /xingrg/all/function/internal_message.html?_=1715811036822&CODE_STATE=getMsg HTTP/1.1" 200 27
120.253.135.82 - - [16/May/2024:06:10:37 +0800] "POST /xingrg/kc/pszx/mdps_list_operate.html HTTP/1.1" 200 634
120.253.135.82 - - [16/May/2024:06:10:39 +0800] "GET /xingrg/kc/pszx/mdps_order_info.html?code=312024051600320 HTTP/1.1" 200 23972
120.253.135.82 - - [16/May/2024:06:10:40 +0800] "GET /xingrg/javascript/easyui/themes/default/validatebox.css HTTP/1.1" 404 1104
120.253.135.82 - - [16/May/2024:06:10:40 +0800] "POST /xingrg/kc/pszx/mdps_order_operate.html HTTP/1.1" 200 9247
120.253.135.82 - - [16/May/2024:06:10:43 +0800] "POST /xingrg/kc/pszx/mdps_order_operate.html HTTP/1.1" 200 37
120.253.135.82 - - [16/May/2024:06:10:44 +0800] "GET /xingrg/kc/pszx/mdps_order_info.html?code=312024051600320 HTTP/1.1" 200 23972
120.253.135.82 - - [16/May/2024:06:10:45 +0800] "GET /xingrg/javascript/easyui/themes/default/validatebox.css HTTP/1.1" 404 1104
120.253.135.82 - - [16/May/2024:06:10:45 +0800] "POST /xingrg/kc/pszx/mdps_order_operate.html HTTP/1.1" 200 9362
120.253.135.82 - - [16/May/2024:06:11:07 +0800] "GET /xingrg/all/function/internal_message.html?_=1715810918489&CODE_STATE=getMsg HTTP/1.1" 200 27
180.164.6.225 - - [16/May/2024:06:11:19 +0800] "GET /xingrg/all/function/internal_message.html?_=1715811079673&CODE_STATE=getMsg HTTP/1.1" 302 -
101.83.144.49 - - [16/May/2024:06:11:36 +0800] "GET /xingrg/all/function/internal_message.html?_=1715811096823&CODE_STATE=getMsg HTTP/1.1" 200 27
120.253.135.82 - - [16/May/2024:06:11:44 +0800] "GET /xingrg/kc/pszx/mdps_order_operate.html?command=get_materiel&pszx_code=00101&rest_code=00106&base_code=0010246&code=00101019161 HTTP/1.1" 200 434
120.253.135.82 - - [16/May/2024:06:11:53 +0800] "POST /xingrg/kc/pszx/mdps_order_operate.html HTTP/1.1" 200 37
120.253.135.82 - - [16/May/2024:06:11:54 +0800] "GET /xingrg/kc/pszx/mdps_order_info.html?code=312024051600320 HTTP/1.1" 200 23972
120.253.135.82 - - [16/May/2024:06:11:55 +0800] "GET /xingrg/javascript/easyui/themes/default/validatebox.css HTTP/1.1" 404 1104
120.253.135.82 - - [16/May/2024:06:11:55 +0800] "POST /xingrg/kc/pszx/mdps_order_operate.html HTTP/1.1" 200 9365
120.253.135.82 - - [16/May/2024:06:12:07 +0800] "GET /xingrg/all/function/internal_message.html?_=1715810978503&CODE_STATE=getMsg HTTP/1.1" 200 27
180.164.6.225 - - [16/May/2024:06:12:19 +0800] "GET /xingrg/all/function/internal_message.html?_=1715811139653&CODE_STATE=getMsg HTTP/1.1" 302 -
180.164.6.225 - - [16/May/2024:06:12:30 +0800] "GET /xingrg/check_reg.html?_=1715811150809 HTTP/1.1" 302 -
101.83.144.49 - - [16/May/2024:06:12:36 +0800] "GET /xingrg/all/function/internal_message.html?_=1715811156824&CODE_STATE=getMsg HTTP/1.1" 200 27
120.253.135.82 - - [16/May/2024:06:13:07 +0800] "GET /xingrg/all/function/internal_message.html?_=1715811038517&CODE_STATE=getMsg HTTP/1.1" 200 27
180.164.6.225 - - [16/May/2024:06:13:19 +0800] "GET /xingrg/all/function/internal_message.html?_=1715811199649&CODE_STATE=getMsg HTTP/1.1" 302 -
120.253.135.82 - - [16/May/2024:06:13:26 +0800] "GET /xingrg/check_reg.html?_=1715811057988 HTTP/1.1" 200 22
120.253.135.82 - - [16/May/2024:06:13:34 +0800] "GET /xingrg/kc/pszx/mdps_order_operate.html?command=get_materiel&pszx_code=00101&rest_code=00106&base_code=0010246&code=00101019212 HTTP/1.1" 200 451
101.83.144.49 - - [16/May/2024:06:13:36 +0800] "GET /xingrg/all/function/internal_message.html?_=1715811216826&CODE_STATE=getMsg HTTP/1.1" 200 27
101.83.144.49 - - [16/May/2024:06:13:36 +0800] "GET /xingrg/check_reg.html?_=1715811216830 HTTP/1.1" 200 22
120.253.135.82 - - [16/May/2024:06:13:59 +0800] "POST /xingrg/kc/pszx/mdps_order_operate.html HTTP/1.1" 200 37
120.253.135.82 - - [16/May/2024:06:14:16 +0800] "GET /xingrg/kc/pszx/mdps_order_info.html?code=312024051600320 HTTP/1.1" 200 23972
120.253.135.82 - - [16/May/2024:06:14:17 +0800] "GET /xingrg/all/function/internal_message.html?_=1715811108985&CODE_STATE=getMsg HTTP/1.1" 200 27
120.253.135.82 - - [16/May/2024:06:14:18 +0800] "GET /xingrg/javascript/easyui/themes/default/validatebox.css HTTP/1.1" 404 1104
120.253.135.82 - - [16/May/2024:06:14:18 +0800] "POST /xingrg/kc/pszx/mdps_order_operate.html HTTP/1.1" 200 9387
