116.237.75.78 - - [16/May/2024:09:06:01 +0800] "GET /xingrg/kc/buy/cgsh_order_operate.html?command=get_materiel&rest_code=00106&code=00101008186&supplier_code=00100008&order_time=2024-05-16 HTTP/1.1" 200 408
120.253.135.82 - - [16/May/2024:09:06:02 +0800] "GET /xingrg/kc/pszx/mdqp_order_list.html?state=10 HTTP/1.1" 200 10891
120.253.135.82 - - [16/May/2024:09:06:03 +0800] "GET /xingrg/dwr/interface/AjaxQqpsService.js HTTP/1.1" 200 16326
120.253.135.82 - - [16/May/2024:09:06:03 +0800] "GET /xingrg/dwr/interface/AjaxReportQueryService.js HTTP/1.1" 200 13203
120.253.135.82 - - [16/May/2024:09:06:03 +0800] "GET /xingrg/dwr/engine.js HTTP/1.1" 200 43631
101.83.144.49 - - [16/May/2024:09:06:14 +0800] "GET /xingrg/kc/buy/cgsh_order_operate.html?command=get_materiel&rest_code=00105&code=00101008105&supplier_code=00100008&order_time=2024-05-16 HTTP/1.1" 200 412
116.237.75.78 - - [16/May/2024:09:06:16 +0800] "GET /xingrg/all/function/internal_message.html?_=1715821569323&CODE_STATE=getMsg HTTP/1.1" 200 27
180.164.6.225 - - [16/May/2024:09:06:16 +0800] "GET /xingrg/all/function/internal_message.html?_=1715821576695&CODE_STATE=getMsg HTTP/1.1" 302 -
180.156.239.18 - - [16/May/2024:09:06:17 +0800] "GET /xingrg/all/report/report_query.html?isQuery=1&fileName=kc/buy/wlcg_cate_hz.xml&queryString=(CONVERT(char(10)%252Ca.order_time%252C%2520120)%253E%253D'2024-04-01')%2520and%2520(CONVERT(char(10)%252Ca.order_time%252C%2520120)%253C%253D'2024-04-30')%2520and%2520(a.number%253E0%2520and%2520a.supplier_code%253D'00100094')&queryText=%25E3%2580%2590%25E9%2587%2587%25E8%25B4%25AD%25E6%2597%25A5%25E6%259C%259F%253A2024-04-01%2520%25E8%2587%25B3%25202024-04-30%25E3%2580%2591%2520%25E5%25B9%25B6%25E4%25B8%2594%2520%25E3%2580%2590%25E4%25BE%259B%25E5%25BA%2594%25E5%2595%2586%253D%25E6%25B5%25B7%25E5%258D%2587%25EF%25BC%2588%25E9%2583%2591%25E5%25B0%258F%25E8%259D%25B6%25EF%25BC%2589%25E3%2580%2591 HTTP/1.1" 200 54374
180.156.239.18 - - [16/May/2024:09:06:17 +0800] "GET /xingrg/dwr/interface/AjaxReportQueryService.js HTTP/1.1" 200 13203
180.156.239.18 - - [16/May/2024:09:06:17 +0800] "GET /xingrg/dwr/engine.js HTTP/1.1" 200 43631
116.237.75.78 - - [16/May/2024:09:06:19 +0800] "GET /xingrg/kc/buy/cgsh_order_operate.html?command=get_materiel&rest_code=00106&code=00101008038&supplier_code=00100008&order_time=2024-05-16 HTTP/1.1" 200 412
180.156.239.18 - - [16/May/2024:09:06:20 +0800] "POST /xingrg/all/report/load_report_page.html HTTP/1.1" 200 8716
180.156.239.18 - - [16/May/2024:09:06:20 +0800] "GET /xingrg/servlets/image?cache=0.7433902439915734&image=px HTTP/1.1" 200 807
101.83.144.49 - - [16/May/2024:09:06:21 +0800] "GET /xingrg/all/function/internal_message.html?_=1715821328270&CODE_STATE=getMsg HTTP/1.1" 200 27
180.156.239.18 - - [16/May/2024:09:06:26 +0800] "POST /xingrg/all/report/load_report_page.html HTTP/1.1" 200 40066
180.156.239.18 - - [16/May/2024:09:06:26 +0800] "GET /xingrg/servlets/image?cache=0.11277930608456144&image=px HTTP/1.1" 200 807
180.156.239.18 - - [16/May/2024:09:06:30 +0800] "POST /xingrg/all/report/report_print.html HTTP/1.1" 302 -
180.156.239.18 - - [16/May/2024:09:06:30 +0800] "GET /xingrg/servlets/html?sysBaseUrl=http%3A%2F%2F180.169.147.146%3A18081%2Fxingrg%2F&costTime=1153×tamp=1715821590583 HTTP/1.1" 200 39750
180.156.239.18 - - [16/May/2024:09:06:30 +0800] "GET /xingrg/servlets/image?image=px HTTP/1.1" 200 807
180.156.239.18 - - [16/May/2024:09:06:30 +0800] "GET /favicon.ico HTTP/1.1" 404 -
116.237.75.78 - - [16/May/2024:09:06:33 +0800] "GET /xingrg/kc/buy/cgsh_order_operate.html?command=get_materiel&rest_code=00106&code=00101008131&supplier_code=00100008&order_time=2024-05-16 HTTP/1.1" 200 408
101.80.230.31 - - [16/May/2024:09:06:45 +0800] "GET /xingrg/all/function/internal_message.html?_=1715821611032&CODE_STATE=getMsg HTTP/1.1" 200 27
180.156.239.18 - - [16/May/2024:09:06:47 +0800] "GET /xingrg/all/function/internal_message.html?_=1715821606625&CODE_STATE=getMsg HTTP/1.1" 200 27
180.156.239.18 - - [16/May/2024:09:06:49 +0800] "GET /xingrg/all/report/report_query.html?isQuery=1&fileName=kc/buy/wlcg_cate_hz.xml&queryString=(CONVERT(char(10)%252Ca.order_time%252C%2520120)%253E%253D'2024-04-01')%2520and%2520(CONVERT(char(10)%252Ca.order_time%252C%2520120)%253C%253D'2024-04-30')%2520and%2520(a.number%253E0%2520and%2520a.supplier_code%253D'00100211')&queryText=%25E3%2580%2590%25E9%2587%2587%25E8%25B4%25AD%25E6%2597%25A5%25E6%259C%259F%253A2024-04-01%2520%25E8%2587%25B3%25202024-04-30%25E3%2580%2591%2520%25E5%25B9%25B6%25E4%25B8%2594%2520%25E3%2580%2590%25E4%25BE%259B%25E5%25BA%2594%25E5%2595%2586%253D%25E5%25BE%25B7%25E7%25BC%2598%25E7%2587%2595%25E9%25B2%258D%25E7%25BF%2585%25E8%25A1%258C%25E3%2580%2591 HTTP/1.1" 200 54370
180.156.239.18 - - [16/May/2024:09:06:50 +0800] "GET /xingrg/dwr/interface/AjaxReportQueryService.js HTTP/1.1" 200 13203
180.156.239.18 - - [16/May/2024:09:06:50 +0800] "GET /xingrg/dwr/engine.js HTTP/1.1" 200 43631
120.253.135.82 - - [16/May/2024:09:06:53 +0800] "GET /xingrg/all/function/internal_message.html?_=1715821464584&CODE_STATE=getMsg HTTP/1.1" 200 27
180.156.239.18 - - [16/May/2024:09:06:53 +0800] "POST /xingrg/all/report/load_report_page.html HTTP/1.1" 200 8723
180.156.239.18 - - [16/May/2024:09:06:53 +0800] "GET /xingrg/servlets/image?cache=0.31540280630522666&image=px HTTP/1.1" 200 807
180.156.239.18 - - [16/May/2024:09:06:53 +0800] "POST /xingrg/all/report/load_report_page.html HTTP/1.1" 200 19802
180.156.239.18 - - [16/May/2024:09:06:53 +0800] "GET /xingrg/servlets/image?cache=0.9919456004513381&image=px HTTP/1.1" 200 807
101.83.144.49 - - [16/May/2024:09:06:56 +0800] "GET /xingrg/all/function/internal_message.html?_=1715821617043&CODE_STATE=getMsg HTTP/1.1" 200 27
180.156.239.18 - - [16/May/2024:09:07:03 +0800] "GET /xingrg/all/report/report_query.html?isQuery=1&fileName=kc/buy/wlcg_cate_hz.xml&queryString=(CONVERT(char(10)%252Ca.order_time%252C%2520120)%253E%253D'2024-04-01')%2520and%2520(CONVERT(char(10)%252Ca.order_time%252C%2520120)%253C%253D'2024-04-30')%2520and%2520(a.number%253E0%2520and%2520a.supplier_code%253D'00100211')&queryText=%25E3%2580%2590%25E9%2587%2587%25E8%25B4%25AD%25E6%2597%25A5%25E6%259C%259F%253A2024-04-01%2520%25E8%2587%25B3%25202024-04-30%25E3%2580%2591%2520%25E5%25B9%25B6%25E4%25B8%2594%2520%25E3%2580%2590%25E4%25BE%259B%25E5%25BA%2594%25E5%2595%2586%253D%25E5%25BE%25B7%25E7%25BC%2598%25E7%2587%2595%25E9%25B2%258D%25E7%25BF%2585%25E8%25A1%258C%25E3%2580%2591 HTTP/1.1" 200 54370
180.156.239.18 - - [16/May/2024:09:07:03 +0800] "GET /xingrg/dwr/interface/AjaxReportQueryService.js HTTP/1.1" 200 13203
180.156.239.18 - - [16/May/2024:09:07:03 +0800] "GET /xingrg/dwr/engine.js HTTP/1.1" 200 43631
120.253.135.82 - - [16/May/2024:09:07:05 +0800] "GET /xingrg/kc/pszx/mdqp_order_list.html?state=10 HTTP/1.1" 200 10891
120.253.135.82 - - [16/May/2024:09:07:05 +0800] "GET /xingrg/dwr/interface/AjaxQqpsService.js HTTP/1.1" 200 16326
120.253.135.82 - - [16/May/2024:09:07:05 +0800] "GET /xingrg/dwr/engine.js HTTP/1.1" 200 43631
120.253.135.82 - - [16/May/2024:09:07:05 +0800] "GET /xingrg/dwr/interface/AjaxReportQueryService.js HTTP/1.1" 200 13203
180.156.239.18 - - [16/May/2024:09:07:06 +0800] "POST /xingrg/all/report/load_report_page.html HTTP/1.1" 200 8723
180.156.239.18 - - [16/May/2024:09:07:06 +0800] "GET /xingrg/servlets/image?cache=0.12239206389640112&image=px HTTP/1.1" 200 807
180.156.239.18 - - [16/May/2024:09:07:07 +0800] "POST /xingrg/all/report/load_report_page.html HTTP/1.1" 200 19802
180.156.239.18 - - [16/May/2024:09:07:07 +0800] "GET /xingrg/servlets/image?cache=0.3759211512188576&image=px HTTP/1.1" 200 807
101.83.144.49 - - [16/May/2024:09:07:08 +0800] "GET /xingrg/kc/buy/cgsh_order_operate.html?command=get_materiel&rest_code=00105&code=00101008350&supplier_code=00100008&order_time=2024-05-16 HTTP/1.1" 200 408
116.237.75.78 - - [16/May/2024:09:07:09 +0800] "GET /xingrg/kc/buy/cgsh_order_operate.html?command=get_materiel&rest_code=00106&code=00101008353&supplier_code=00100008&order_time=2024-05-16 HTTP/1.1" 200 408
180.156.239.18 - - [16/May/2024:09:07:12 +0800] "POST /xingrg/all/report/report_print.html HTTP/1.1" 302 -
180.156.239.18 - - [16/May/2024:09:07:12 +0800] "GET /xingrg/servlets/html?sysBaseUrl=http%3A%2F%2F180.169.147.146%3A18081%2Fxingrg%2F&costTime=1192×tamp=1715821632589 HTTP/1.1" 200 20984
180.156.239.18 - - [16/May/2024:09:07:12 +0800] "GET /xingrg/servlets/image?image=px HTTP/1.1" 200 807
180.156.239.18 - - [16/May/2024:09:07:12 +0800] "GET /favicon.ico HTTP/1.1" 404 -
116.237.75.78 - - [16/May/2024:09:07:16 +0800] "GET /xingrg/all/function/internal_message.html?_=1715821629336&CODE_STATE=getMsg HTTP/1.1" 200 27
180.164.6.225 - - [16/May/2024:09:07:16 +0800] "GET /xingrg/all/function/internal_message.html?_=1715821636674&CODE_STATE=getMsg HTTP/1.1" 302 -
101.83.144.49 - - [16/May/2024:09:07:21 +0800] "GET /xingrg/check_reg.html?_=1715821388254 HTTP/1.1" 200 22
101.83.144.49 - - [16/May/2024:09:07:21 +0800] "GET /xingrg/all/function/internal_message.html?_=1715821388258&CODE_STATE=getMsg HTTP/1.1" 200 27
116.237.75.78 - - [16/May/2024:09:07:27 +0800] "GET /xingrg/kc/buy/cgsh_order_operate.html?command=get_materiel&rest_code=00106&code=00101008027&supplier_code=00100008&order_time=2024-05-16 HTTP/1.1" 200 408
101.83.144.49 - - [16/May/2024:09:07:30 +0800] "GET /xingrg/kc/buy/cgsh_order_operate.html?command=get_materiel&rest_code=00105&code=00101008286&supplier_code=00100008&order_time=2024-05-16 HTTP/1.1" 200 408
180.164.6.225 - - [16/May/2024:09:07:30 +0800] "GET /xingrg/check_reg.html?_=1715821650297 HTTP/1.1" 302 -
180.156.239.18 - - [16/May/2024:09:07:34 +0800] "GET /xingrg/all/report/report_query.html?isQuery=1&fileName=kc/buy/wlcg_cate_hz.xml&queryString=(CONVERT(char(10)%252Ca.order_time%252C%2520120)%253E%253D'2024-04-01')%2520and%2520(CONVERT(char(10)%252Ca.order_time%252C%2520120)%253C%253D'2024-04-30')%2520and%2520(a.number%253E0%2520and%2520a.supplier_code%253D'00100327')&queryText=%25E3%2580%2590%25E9%2587%2587%25E8%25B4%25AD%25E6%2597%25A5%25E6%259C%259F%253A2024-04-01%2520%25E8%2587%25B3%25202024-04-30%25E3%2580%2591%2520%25E5%25B9%25B6%25E4%25B8%2594%2520%25E3%2580%2590%25E4%25BE%259B%25E5%25BA%2594%25E5%2595%2586%253D%25E5%258E%25A8%25E5%258D%259A%25E6%25B1%2587%25EF%25BC%2588%25E8%25A7%25A3%25E6%2595%258F%25EF%25BC%2589%25E3%2580%2591 HTTP/1.1" 200 54374
101.83.144.49 - - [16/May/2024:09:07:34 +0800] "POST /xingrg/kc/buy/cgsh_order_operate.html HTTP/1.1" 200 2065
180.156.239.18 - - [16/May/2024:09:07:34 +0800] "GET /xingrg/dwr/interface/AjaxReportQueryService.js HTTP/1.1" 200 13203
180.156.239.18 - - [16/May/2024:09:07:34 +0800] "GET /xingrg/dwr/engine.js HTTP/1.1" 200 43631
180.156.239.18 - - [16/May/2024:09:07:37 +0800] "POST /xingrg/all/report/load_report_page.html HTTP/1.1" 200 10899
180.156.239.18 - - [16/May/2024:09:07:37 +0800] "GET /xingrg/servlets/image?cache=0.20289977359767553&image=px HTTP/1.1" 200 807
180.156.239.18 - - [16/May/2024:09:07:41 +0800] "POST /xingrg/all/report/load_report_page.html HTTP/1.1" 200 46781
180.156.239.18 - - [16/May/2024:09:07:41 +0800] "GET /xingrg/servlets/image?cache=0.14654382867288607&image=px HTTP/1.1" 200 807
116.237.75.78 - - [16/May/2024:09:07:43 +0800] "GET /xingrg/kc/buy/cgsh_order_operate.html?command=get_materiel&rest_code=00106&code=00101008224&supplier_code=00100008&order_time=2024-05-16 HTTP/1.1" 200 416
101.80.230.31 - - [16/May/2024:09:07:45 +0800] "GET /xingrg/check_reg.html?_=1715821670596 HTTP/1.1" 200 22
180.156.239.18 - - [16/May/2024:09:07:45 +0800] "POST /xingrg/all/report/report_print.html HTTP/1.1" 302 -
180.156.239.18 - - [16/May/2024:09:07:45 +0800] "GET /xingrg/servlets/html?sysBaseUrl=http%3A%2F%2F180.169.147.146%3A18081%2Fxingrg%2F&costTime=1038×tamp=1715821665283 HTTP/1.1" 200 45897
180.156.239.18 - - [16/May/2024:09:07:45 +0800] "GET /xingrg/servlets/image?image=px HTTP/1.1" 200 807
180.156.239.18 - - [16/May/2024:09:07:45 +0800] "GET /favicon.ico HTTP/1.1" 404 -
101.80.230.31 - - [16/May/2024:09:07:45 +0800] "GET /xingrg/all/function/internal_message.html?_=1715821671030&CODE_STATE=getMsg HTTP/1.1" 200 27
180.156.239.18 - - [16/May/2024:09:07:47 +0800] "GET /xingrg/all/function/internal_message.html?_=1715821666612&CODE_STATE=getMsg HTTP/1.1" 200 27
101.83.144.49 - - [16/May/2024:09:07:51 +0800] "GET /xingrg/kc/buy/cgsh_order_operate.html?command=get_materiel&rest_code=00105&code=00101008005&supplier_code=00100008&order_time=2024-05-16 HTTP/1.1" 200 412
120.253.135.82 - - [16/May/2024:09:07:52 +0800] "GET /xingrg/check_reg.html?_=1715821523532 HTTP/1.1" 200 22
120.253.135.82 - - [16/May/2024:09:07:53 +0800] "GET /xingrg/all/function/internal_message.html?_=1715821524591&CODE_STATE=getMsg HTTP/1.1" 200 27
101.83.144.49 - - [16/May/2024:09:07:56 +0800] "GET /xingrg/all/function/internal_message.html?_=1715821677034&CODE_STATE=getMsg HTTP/1.1" 200 27
116.237.75.78 - - [16/May/2024:09:08:03 +0800] "GET /xingrg/kc/buy/cgsh_order_operate.html?command=get_materiel&rest_code=00106&code=00101008108&supplier_code=00100008&order_time=2024-05-16 HTTP/1.1" 200 412
180.156.239.18 - - [16/May/2024:09:08:09 +0800] "GET /xingrg/all/report/report_query.html?isQuery=1&fileName=kc/buy/wlcg_cate_hz.xml&queryString=(CONVERT(char(10)%252Ca.order_time%252C%2520120)%253E%253D'2024-04-01')%2520and%2520(CONVERT(char(10)%252Ca.order_time%252C%2520120)%253C%253D'2024-04-30')%2520and%2520(a.number%253E0%2520and%2520a.supplier_code%253D'00100331')&queryText=%25E3%2580%2590%25E9%2587%2587%25E8%25B4%25AD%25E6%2597%25A5%25E6%259C%259F%253A2024-04-01%2520%25E8%2587%25B3%25202024-04-30%25E3%2580%2591%2520%25E5%25B9%25B6%25E4%25B8%2594%2520%25E3%2580%2590%25E4%25BE%259B%25E5%25BA%2594%25E5%2595%2586%253D%25E5%258E%25A8%25E6%2596%25B0%25E9%25A3%259F%25E6%259D%2590%25EF%25BC%2588%25E8%25B0%25A2%25E8%2590%258D%25EF%25BC%2589%25E3%2580%2591 HTTP/1.1" 200 54378
116.238.97.31 - - [16/May/2024:09:08:09 +0800] "GET /xingrg/check_reg.html?_=1715821690059 HTTP/1.1" 200 22
180.156.239.18 - - [16/May/2024:09:08:10 +0800] "GET /xingrg/dwr/interface/AjaxReportQueryService.js HTTP/1.1" 200 13203
180.156.239.18 - - [16/May/2024:09:08:10 +0800] "GET /xingrg/dwr/engine.js HTTP/1.1" 200 43631
180.156.239.18 - - [16/May/2024:09:08:13 +0800] "POST /xingrg/all/report/load_report_page.html HTTP/1.1" 200 8715
180.156.239.18 - - [16/May/2024:09:08:13 +0800] "GET /xingrg/servlets/image?cache=0.6321806900386958&image=px HTTP/1.1" 200 807
116.237.75.78 - - [16/May/2024:09:08:14 +0800] "GET /xingrg/kc/buy/cgsh_order_operate.html?command=get_materiel&rest_code=00106&code=00101008101&supplier_code=00100008&order_time=2024-05-16 HTTP/1.1" 200 412
116.237.75.78 - - [16/May/2024:09:08:16 +0800] "GET /xingrg/all/function/internal_message.html?_=1715821689315&CODE_STATE=getMsg HTTP/1.1" 200 27
180.164.6.225 - - [16/May/2024:09:08:16 +0800] "GET /xingrg/all/function/internal_message.html?_=1715821696649&CODE_STATE=getMsg HTTP/1.1" 302 -
180.156.239.18 - - [16/May/2024:09:08:17 +0800] "POST /xingrg/all/report/load_report_page.html HTTP/1.1" 200 23209
180.156.239.18 - - [16/May/2024:09:08:17 +0800] "GET /xingrg/servlets/image?cache=0.060367507887199356&image=px HTTP/1.1" 200 807
101.83.144.49 - - [16/May/2024:09:08:19 +0800] "GET /xingrg/kc/buy/cgsh_order_operate.html?command=get_materiel&rest_code=00105&code=00101008061&supplier_code=00100008&order_time=2024-05-16 HTTP/1.1" 200 422
180.156.239.18 - - [16/May/2024:09:08:21 +0800] "POST /xingrg/all/report/report_print.html HTTP/1.1" 302 -
180.156.239.18 - - [16/May/2024:09:08:21 +0800] "GET /xingrg/servlets/html?sysBaseUrl=http%3A%2F%2F180.169.147.146%3A18081%2Fxingrg%2F&costTime=1109×tamp=1715821701032 HTTP/1.1" 200 24028
180.156.239.18 - - [16/May/2024:09:08:21 +0800] "GET /xingrg/servlets/image?image=px HTTP/1.1" 200 807
180.156.239.18 - - [16/May/2024:09:08:21 +0800] "GET /favicon.ico HTTP/1.1" 404 -
101.83.144.49 - - [16/May/2024:09:08:21 +0800] "GET /xingrg/all/function/internal_message.html?_=1715821448242&CODE_STATE=getMsg HTTP/1.1" 200 27
116.237.75.78 - - [16/May/2024:09:08:30 +0800] "GET /xingrg/kc/buy/cgsh_order_operate.html?command=get_materiel&rest_code=00106&code=00101008370&supplier_code=00100008&order_time=2024-05-16 HTTP/1.1" 200 412
101.83.144.49 - - [16/May/2024:09:08:34 +0800] "GET /xingrg/kc/buy/cgsh_order_operate.html?command=get_materiel&rest_code=00105&code=00101009004&supplier_code=00100008&order_time=2024-05-16 HTTP/1.1" 200 408
116.237.75.78 - - [16/May/2024:09:08:40 +0800] "GET /xingrg/kc/buy/cgsh_order_operate.html?command=get_materiel&rest_code=00106&code=00101015054&supplier_code=00100008&order_time=2024-05-16 HTTP/1.1" 200 404
101.80.230.31 - - [16/May/2024:09:08:45 +0800] "GET /xingrg/all/function/internal_message.html?_=1715821731012&CODE_STATE=getMsg HTTP/1.1" 200 27
180.156.239.18 - - [16/May/2024:09:08:47 +0800] "GET /xingrg/all/function/internal_message.html?_=1715821726595&CODE_STATE=getMsg HTTP/1.1" 200 27
116.237.75.78 - - [16/May/2024:09:08:52 +0800] "GET /xingrg/kc/buy/cgsh_order_operate.html?command=get_materiel&rest_code=00106&code=00101008042&supplier_code=00100008&order_time=2024-05-16 HTTP/1.1" 200 416
180.156.239.18 - - [16/May/2024:09:08:53 +0800] "GET /xingrg/all/report/report_query.html?isQuery=1&fileName=kc/buy/wlcg_cate_hz.xml&queryString=(CONVERT(char(10)%252Ca.order_time%252C%2520120)%253E%253D'2024-04-01')%2520and%2520(CONVERT(char(10)%252Ca.order_time%252C%2520120)%253C%253D'2024-04-30')%2520and%2520(a.number%253E0%2520and%2520a.supplier_code%253D'00100363')&queryText=%25E3%2580%2590%25E9%2587%2587%25E8%25B4%25AD%25E6%2597%25A5%25E6%259C%259F%253A2024-04-01%2520%25E8%2587%25B3%25202024-04-30%25E3%2580%2591%2520%25E5%25B9%25B6%25E4%25B8%2594%2520%25E3%2580%2590%25E4%25BE%259B%25E5%25BA%2594%25E5%2595%2586%253D%25E4%25B8%258A%25E6%25B5%25B7%25E7%25BE%25BD%25E9%2585%25BD%25E9%25A3%259F%25E5%2593%2581%25E6%259C%2589%25E9%2599%2590%25E5%2585%25AC%25E5%258F%25B8%25E3%2580%2591 HTTP/1.1" 200 54386
120.253.135.82 - - [16/May/2024:09:08:53 +0800] "GET /xingrg/all/function/internal_message.html?_=1715821584607&CODE_STATE=getMsg HTTP/1.1" 200 27
180.156.239.18 - - [16/May/2024:09:08:53 +0800] "GET /xingrg/dwr/interface/AjaxReportQueryService.js HTTP/1.1" 200 13203
180.156.239.18 - - [16/May/2024:09:08:53 +0800] "GET /xingrg/dwr/engine.js HTTP/1.1" 200 43631
101.83.144.49 - - [16/May/2024:09:08:54 +0800] "GET /xingrg/kc/buy/cgsh_order_operate.html?command=get_materiel&rest_code=00105&code=00101009011&supplier_code=00100008&order_time=2024-05-16 HTTP/1.1" 200 416
180.156.239.18 - - [16/May/2024:09:08:56 +0800] "POST /xingrg/all/report/load_report_page.html HTTP/1.1" 200 8711
180.156.239.18 - - [16/May/2024:09:08:56 +0800] "GET /xingrg/servlets/image?cache=0.6900638370900382&image=px HTTP/1.1" 200 807
101.83.144.49 - - [16/May/2024:09:08:56 +0800] "GET /xingrg/all/function/internal_message.html?_=1715821737036&CODE_STATE=getMsg HTTP/1.1" 200 27
180.156.239.18 - - [16/May/2024:09:08:59 +0800] "POST /xingrg/all/report/load_report_page.html HTTP/1.1" 200 13066
180.156.239.18 - - [16/May/2024:09:09:00 +0800] "GET /xingrg/servlets/image?cache=0.48637541678299756&image=px HTTP/1.1" 200 807
116.237.75.78 - - [16/May/2024:09:09:03 +0800] "GET /xingrg/kc/buy/cgsh_order_operate.html?command=get_materiel&rest_code=00106&code=00101008126&supplier_code=00100008&order_time=2024-05-16 HTTP/1.1" 200 412
101.83.144.49 - - [16/May/2024:09:09:07 +0800] "GET /xingrg/kc/buy/cgsh_order_operate.html?command=get_materiel&rest_code=00105&code=00101009015&supplier_code=00100008&order_time=2024-05-16 HTTP/1.1" 200 418
180.156.239.18 - - [16/May/2024:09:09:09 +0800] "POST /xingrg/all/report/report_print.html HTTP/1.1" 302 -
180.156.239.18 - - [16/May/2024:09:09:09 +0800] "GET /xingrg/servlets/html?sysBaseUrl=http%3A%2F%2F180.169.147.146%3A18081%2Fxingrg%2F&costTime=906×tamp=1715821749017 HTTP/1.1" 200 14721
180.156.239.18 - - [16/May/2024:09:09:09 +0800] "GET /xingrg/servlets/image?image=px HTTP/1.1" 200 807
180.156.239.18 - - [16/May/2024:09:09:09 +0800] "GET /favicon.ico HTTP/1.1" 404 -
101.83.144.49 - - [16/May/2024:09:09:12 +0800] "POST /xingrg/kc/buy/cgsh_order_operate.html HTTP/1.1" 200 2065
116.237.75.78 - - [16/May/2024:09:09:15 +0800] "GET /xingrg/kc/buy/cgsh_order_operate.html?command=get_materiel&rest_code=00106&code=00101008357&supplier_code=00100008&order_time=2024-05-16 HTTP/1.1" 200 408
116.237.75.78 - - [16/May/2024:09:09:16 +0800] "GET /xingrg/all/function/internal_message.html?_=1715821749301&CODE_STATE=getMsg HTTP/1.1" 200 27
180.164.6.225 - - [16/May/2024:09:09:16 +0800] "GET /xingrg/all/function/internal_message.html?_=1715821756645&CODE_STATE=getMsg HTTP/1.1" 302 -
101.83.144.49 - - [16/May/2024:09:09:21 +0800] "GET /xingrg/all/function/internal_message.html?_=1715821508246&CODE_STATE=getMsg HTTP/1.1" 200 27
101.83.144.49 - - [16/May/2024:09:09:24 +0800] "POST /xingrg/kc/buy/cgsh_order_operate.html HTTP/1.1" 200 37
101.83.144.49 - - [16/May/2024:09:09:26 +0800] "POST /xingrg/kc/buy/cgsh_order_operate.html HTTP/1.1" 200 19187
116.237.75.78 - - [16/May/2024:09:09:29 +0800] "GET /xingrg/kc/buy/cgsh_order_operate.html?command=get_materiel&rest_code=00106&code=00101008141&supplier_code=00100008&order_time=2024-05-16 HTTP/1.1" 200 412
180.156.239.18 - - [16/May/2024:09:09:33 +0800] "GET /xingrg/all/report/report_query.html?isQuery=1&fileName=kc/buy/wlcg_cate_hz.xml&queryString=(CONVERT(char(10)%252Ca.order_time%252C%2520120)%253E%253D'2024-04-01')%2520and%2520(CONVERT(char(10)%252Ca.order_time%252C%2520120)%253C%253D'2024-04-30')%2520and%2520(a.number%253E0%2520and%2520a.supplier_code%253D'00100517')&queryText=%25E3%2580%2590%25E9%2587%2587%25E8%25B4%25AD%25E6%2597%25A5%25E6%259C%259F%253A2024-04-01%2520%25E8%2587%25B3%25202024-04-30%25E3%2580%2591%2520%25E5%25B9%25B6%25E4%25B8%2594%2520%25E3%2580%2590%25E4%25BE%259B%25E5%25BA%2594%25E5%2595%2586%253D%25E4%25B8%258A%25E6%25B5%25B7%25E7%2589%25A7%25E7%25BF%2594%25E5%2595%2586%25E8%25B4%25B8%25E6%259C%2589%25E9%2599%2590%25E5%2585%25AC%25E5%258F%25B8%25E3%2580%2591 HTTP/1.1" 200 54386
180.156.239.18 - - [16/May/2024:09:09:33 +0800] "GET /xingrg/dwr/interface/AjaxReportQueryService.js HTTP/1.1" 200 13203
180.156.239.18 - - [16/May/2024:09:09:33 +0800] "GET /xingrg/dwr/engine.js HTTP/1.1" 200 43631
180.156.239.18 - - [16/May/2024:09:09:35 +0800] "POST /xingrg/all/report/load_report_page.html HTTP/1.1" 200 8724
180.156.239.18 - - [16/May/2024:09:09:35 +0800] "GET /xingrg/servlets/image?cache=0.10905991882699184&image=px HTTP/1.1" 200 807
180.156.239.18 - - [16/May/2024:09:09:36 +0800] "POST /xingrg/all/report/load_report_page.html HTTP/1.1" 200 13075
180.156.239.18 - - [16/May/2024:09:09:36 +0800] "GET /xingrg/servlets/image?cache=0.19358776249589138&image=px HTTP/1.1" 200 807
116.235.245.51 - - [16/May/2024:09:09:43 +0800] "GET /xingrg/check_reg.html?_=1715821796999 HTTP/1.1" 200 22
180.156.239.18 - - [16/May/2024:09:09:44 +0800] "GET /xingrg/all/report/report_query.html?isQuery=1&fileName=kc/buy/wlcg_cate_hz.xml&queryString=(CONVERT(char(10)%252Ca.order_time%252C%2520120)%253E%253D'2024-04-01')%2520and%2520(CONVERT(char(10)%252Ca.order_time%252C%2520120)%253C%253D'2024-04-30')%2520and%2520(a.number%253E0%2520and%2520a.supplier_code%253D'00100517')&queryText=%25E3%2580%2590%25E9%2587%2587%25E8%25B4%25AD%25E6%2597%25A5%25E6%259C%259F%253A2024-04-01%2520%25E8%2587%25B3%25202024-04-30%25E3%2580%2591%2520%25E5%25B9%25B6%25E4%25B8%2594%2520%25E3%2580%2590%25E4%25BE%259B%25E5%25BA%2594%25E5%2595%2586%253D%25E4%25B8%258A%25E6%25B5%25B7%25E7%2589%25A7%25E7%25BF%2594%25E5%2595%2586%25E8%25B4%25B8%25E6%259C%2589%25E9%2599%2590%25E5%2585%25AC%25E5%258F%25B8%25E3%2580%2591 HTTP/1.1" 200 54386
180.156.239.18 - - [16/May/2024:09:09:44 +0800] "GET /xingrg/dwr/interface/AjaxReportQueryService.js HTTP/1.1" 200 13203
180.156.239.18 - - [16/May/2024:09:09:44 +0800] "GET /xingrg/dwr/engine.js HTTP/1.1" 200 43631
180.156.239.18 - - [16/May/2024:09:09:45 +0800] "GET /xingrg/check_reg.html?_=1715821785045 HTTP/1.1" 200 22
101.80.230.31 - - [16/May/2024:09:09:45 +0800] "GET /xingrg/all/function/internal_message.html?_=1715821790997&CODE_STATE=getMsg HTTP/1.1" 200 27
180.156.239.18 - - [16/May/2024:09:09:45 +0800] "POST /xingrg/all/report/load_report_page.html HTTP/1.1" 200 8724
180.156.239.18 - - [16/May/2024:09:09:45 +0800] "GET /xingrg/servlets/image?cache=0.32819090138303575&image=px HTTP/1.1" 200 807
180.156.239.18 - - [16/May/2024:09:09:47 +0800] "GET /xingrg/all/function/internal_message.html?_=1715821786579&CODE_STATE=getMsg HTTP/1.1" 200 27
180.156.239.18 - - [16/May/2024:09:09:47 +0800] "POST /xingrg/all/report/load_report_page.html HTTP/1.1" 200 13061
180.156.239.18 - - [16/May/2024:09:09:47 +0800] "GET /xingrg/servlets/image?cache=0.9262691148883744&image=px HTTP/1.1" 200 807
120.253.135.82 - - [16/May/2024:09:09:53 +0800] "GET /xingrg/all/function/internal_message.html?_=1715821644619&CODE_STATE=getMsg HTTP/1.1" 200 27
116.237.75.78 - - [16/May/2024:09:09:56 +0800] "POST /xingrg/kc/buy/cgsh_order_operate.html HTTP/1.1" 200 37
180.156.239.18 - - [16/May/2024:09:09:56 +0800] "POST /xingrg/all/report/report_print.html HTTP/1.1" 302 -
180.156.239.18 - - [16/May/2024:09:09:56 +0800] "GET /xingrg/servlets/html?sysBaseUrl=http%3A%2F%2F180.169.147.146%3A18081%2Fxingrg%2F&costTime=5662×tamp=1715821796390 HTTP/1.1" 200 14728
180.156.239.18 - - [16/May/2024:09:09:56 +0800] "GET /xingrg/servlets/image?image=px HTTP/1.1" 200 807
180.156.239.18 - - [16/May/2024:09:09:56 +0800] "GET /favicon.ico HTTP/1.1" 404 -
101.83.144.49 - - [16/May/2024:09:09:56 +0800] "GET /xingrg/all/function/internal_message.html?_=1715821797037&CODE_STATE=getMsg HTTP/1.1" 200 27
167.248.133.186 - - [16/May/2024:09:10:04 +0800] "GET / HTTP/1.1" 404 -
116.237.75.78 - - [16/May/2024:09:10:05 +0800] "POST /xingrg/kc/buy/cgsh_order_operate.html HTTP/1.1" 200 9764
167.248.133.186 - - [16/May/2024:09:10:05 +0800] "PRI * HTTP/2.0" 505 -
180.156.239.18 - - [16/May/2024:09:10:16 +0800] "GET /xingrg/all/report/report_query.html?isQuery=1&fileName=kc/buy/wlcg_cate_hz.xml&queryString=(CONVERT(char(10)%252Ca.order_time%252C%2520120)%253E%253D'2024-04-01')%2520and%2520(CONVERT(char(10)%252Ca.order_time%252C%2520120)%253C%253D'2024-04-30')%2520and%2520(a.number%253E0%2520and%2520a.supplier_code%253D'00100574')&queryText=%25E3%2580%2590%25E9%2587%2587%25E8%25B4%25AD%25E6%2597%25A5%25E6%259C%259F%253A2024-04-01%2520%25E8%2587%25B3%25202024-04-30%25E3%2580%2591%2520%25E5%25B9%25B6%25E4%25B8%2594%2520%25E3%2580%2590%25E4%25BE%259B%25E5%25BA%2594%25E5%2595%2586%253D%25E4%25B8%258A%25E6%25B5%25B7%25E5%25AF%258C%25E4%25BE%25A8%25E9%25A3%259F%25E5%2593%2581%25E6%259C%2589%25E9%2599%2590%25E5%2585%25AC%25E5%258F%25B8%25E3%2580%2591 HTTP/1.1" 200 54386
116.237.75.78 - - [16/May/2024:09:10:16 +0800] "GET /xingrg/all/function/internal_message.html?_=1715821809271&CODE_STATE=getMsg HTTP/1.1" 200 27
180.164.6.225 - - [16/May/2024:09:10:16 +0800] "GET /xingrg/all/function/internal_message.html?_=1715821816637&CODE_STATE=getMsg HTTP/1.1" 302 -
116.237.75.78 - - [16/May/2024:09:10:16 +0800] "GET /xingrg/check_reg.html?_=1715821809384 HTTP/1.1" 200 22
180.156.239.18 - - [16/May/2024:09:10:16 +0800] "GET /xingrg/dwr/interface/AjaxReportQueryService.js HTTP/1.1" 200 13203
180.156.239.18 - - [16/May/2024:09:10:16 +0800] "GET /xingrg/dwr/engine.js HTTP/1.1" 200 43631
180.156.239.18 - - [16/May/2024:09:10:19 +0800] "POST /xingrg/all/report/load_report_page.html HTTP/1.1" 200 8719
180.156.239.18 - - [16/May/2024:09:10:19 +0800] "GET /xingrg/servlets/image?cache=0.43534331932041126&image=px HTTP/1.1" 200 807
101.83.144.49 - - [16/May/2024:09:10:21 +0800] "GET /xingrg/all/function/internal_message.html?_=1715821568213&CODE_STATE=getMsg HTTP/1.1" 200 27
180.156.239.18 - - [16/May/2024:09:10:22 +0800] "POST /xingrg/all/report/load_report_page.html HTTP/1.1" 200 16439
180.156.239.18 - - [16/May/2024:09:10:22 +0800] "GET /xingrg/servlets/image?cache=0.18002068802837723&image=px HTTP/1.1" 200 807
180.156.239.18 - - [16/May/2024:09:10:28 +0800] "POST /xingrg/all/report/report_print.html HTTP/1.1" 302 -
180.156.239.18 - - [16/May/2024:09:10:28 +0800] "GET /xingrg/servlets/html?sysBaseUrl=http%3A%2F%2F180.169.147.146%3A18081%2Fxingrg%2F&costTime=1095×tamp=1715821828025 HTTP/1.1" 200 17855
180.156.239.18 - - [16/May/2024:09:10:28 +0800] "GET /xingrg/servlets/image?image=px HTTP/1.1" 200 807
180.156.239.18 - - [16/May/2024:09:10:28 +0800] "GET /favicon.ico HTTP/1.1" 404 -
116.237.75.78 - - [16/May/2024:09:10:33 +0800] "GET /xingrg/kc/buy/cgsh_order_operate.html?command=get_materiel&rest_code=00106&code=00101008355&supplier_code=00100008&order_time=2024-05-16 HTTP/1.1" 200 408
101.80.230.31 - - [16/May/2024:09:10:45 +0800] "GET /xingrg/all/function/internal_message.html?_=1715821850981&CODE_STATE=getMsg HTTP/1.1" 200 27
180.156.239.18 - - [16/May/2024:09:10:46 +0800] "GET /xingrg/all/report/report_query.html?isQuery=1&fileName=kc/buy/wlcg_cate_hz.xml&queryString=(CONVERT(char(10)%252Ca.order_time%252C%2520120)%253E%253D'2024-04-01')%2520and%2520(CONVERT(char(10)%252Ca.order_time%252C%2520120)%253C%253D'2024-04-30')%2520and%2520(a.number%253E0%2520and%2520a.supplier_code%253D'00100639')&queryText=%25E3%2580%2590%25E9%2587%2587%25E8%25B4%25AD%25E6%2597%25A5%25E6%259C%259F%253A2024-04-01%2520%25E8%2587%25B3%25202024-04-30%25E3%2580%2591%2520%25E5%25B9%25B6%25E4%25B8%2594%2520%25E3%2580%2590%25E4%25BE%259B%25E5%25BA%2594%25E5%2595%2586%253D%25E9%259D%2596%25E6%25B1%259F%25E5%25B8%2582%25E8%25B1%259A%25E5%258C%25A0%25E5%2586%259C%25E5%2589%25AF%25E4%25BA%25A7%25E5%2593%2581%25E3%2580%2591 HTTP/1.1" 200 54382
180.156.239.18 - - [16/May/2024:09:10:47 +0800] "GET /xingrg/all/function/internal_message.html?_=1715821846573&CODE_STATE=getMsg HTTP/1.1" 200 27
180.156.239.18 - - [16/May/2024:09:10:47 +0800] "GET /xingrg/dwr/interface/AjaxReportQueryService.js HTTP/1.1" 200 13203
180.156.239.18 - - [16/May/2024:09:10:47 +0800] "GET /xingrg/dwr/engine.js HTTP/1.1" 200 43631
180.156.239.18 - - [16/May/2024:09:10:49 +0800] "POST /xingrg/all/report/load_report_page.html HTTP/1.1" 200 8703
180.156.239.18 - - [16/May/2024:09:10:49 +0800] "GET /xingrg/servlets/image?cache=0.667106030070787&image=px HTTP/1.1" 200 807
180.156.239.18 - - [16/May/2024:09:10:53 +0800] "POST /xingrg/all/report/load_report_page.html HTTP/1.1" 200 19849
180.156.239.18 - - [16/May/2024:09:10:53 +0800] "GET /xingrg/servlets/image?cache=0.049919248722172016&image=px HTTP/1.1" 200 807
120.253.135.82 - - [16/May/2024:09:10:53 +0800] "GET /xingrg/all/function/internal_message.html?_=1715821704668&CODE_STATE=getMsg HTTP/1.1" 200 27
101.83.144.49 - - [16/May/2024:09:10:56 +0800] "GET /xingrg/all/function/internal_message.html?_=1715821857038&CODE_STATE=getMsg HTTP/1.1" 200 27
101.83.144.49 - - [16/May/2024:09:10:56 +0800] "GET /xingrg/check_reg.html?_=1715821857041 HTTP/1.1" 200 22
180.156.239.18 - - [16/May/2024:09:10:56 +0800] "POST /xingrg/all/report/report_print.html HTTP/1.1" 302 -
180.156.239.18 - - [16/May/2024:09:10:56 +0800] "GET /xingrg/servlets/html?sysBaseUrl=http%3A%2F%2F180.169.147.146%3A18081%2Fxingrg%2F&costTime=923×tamp=1715821856880 HTTP/1.1" 200 20955
180.156.239.18 - - [16/May/2024:09:10:56 +0800] "GET /xingrg/servlets/image?image=px HTTP/1.1" 200 807
180.156.239.18 - - [16/May/2024:09:10:56 +0800] "GET /favicon.ico HTTP/1.1" 404 -
116.237.75.78 - - [16/May/2024:09:11:08 +0800] "GET /xingrg/kc/buy/cgsh_order_operate.html?command=get_materiel&rest_code=00106&code=00101008049&supplier_code=00100008&order_time=2024-05-16 HTTP/1.1" 200 408
180.156.239.18 - - [16/May/2024:09:11:13 +0800] "GET /xingrg/all/report/report_query.html?isQuery=1&fileName=kc/buy/wlcg_cate_hz.xml&queryString=(CONVERT(char(10)%252Ca.order_time%252C%2520120)%253E%253D'2024-04-01')%2520and%2520(CONVERT(char(10)%252Ca.order_time%252C%2520120)%253C%253D'2024-04-30')%2520and%2520(a.number%253E0%2520and%2520a.supplier_code%253D'00100665')&queryText=%25E3%2580%2590%25E9%2587%2587%25E8%25B4%25AD%25E6%2597%25A5%25E6%259C%259F%253A2024-04-01%2520%25E8%2587%25B3%25202024-04-30%25E3%2580%2591%2520%25E5%25B9%25B6%25E4%25B8%2594%2520%25E3%2580%2590%25E4%25BE%259B%25E5%25BA%2594%25E5%2595%2586%253D%25E5%25B1%25B1%25E6%25B5%25B7%25E7%25B2%25BE%25E9%25A3%259F%25E5%2593%2581%25E7%25A7%2591%25E6%258A%2580%25E3%2580%2591 HTTP/1.1" 200 54374
180.156.239.18 - - [16/May/2024:09:11:13 +0800] "GET /xingrg/dwr/interface/AjaxReportQueryService.js HTTP/1.1" 200 13203
180.156.239.18 - - [16/May/2024:09:11:13 +0800] "GET /xingrg/dwr/engine.js HTTP/1.1" 200 43631
180.156.239.18 - - [16/May/2024:09:11:15 +0800] "POST /xingrg/all/report/load_report_page.html HTTP/1.1" 200 8711
180.156.239.18 - - [16/May/2024:09:11:15 +0800] "GET /xingrg/servlets/image?cache=0.8006128175555324&image=px HTTP/1.1" 200 807
116.237.75.78 - - [16/May/2024:09:11:16 +0800] "GET /xingrg/all/function/internal_message.html?_=1715821869246&CODE_STATE=getMsg HTTP/1.1" 200 27
180.164.6.225 - - [16/May/2024:09:11:16 +0800] "GET /xingrg/all/function/internal_message.html?_=1715821876610&CODE_STATE=getMsg HTTP/1.1" 302 -
180.156.239.18 - - [16/May/2024:09:11:18 +0800] "POST /xingrg/all/report/load_report_page.html HTTP/1.1" 200 13058
180.156.239.18 - - [16/May/2024:09:11:18 +0800] "GET /xingrg/servlets/image?cache=0.7554395963518593&image=px HTTP/1.1" 200 807
101.83.144.49 - - [16/May/2024:09:11:21 +0800] "GET /xingrg/all/function/internal_message.html?_=1715821628252&CODE_STATE=getMsg HTTP/1.1" 200 27
116.237.75.78 - - [16/May/2024:09:11:23 +0800] "POST /xingrg/kc/buy/cgsh_order_operate.html HTTP/1.1" 200 37
180.156.239.18 - - [16/May/2024:09:11:23 +0800] "POST /xingrg/all/report/report_print.html HTTP/1.1" 302 -
180.156.239.18 - - [16/May/2024:09:11:23 +0800] "GET /xingrg/servlets/html?sysBaseUrl=http%3A%2F%2F180.169.147.146%3A18081%2Fxingrg%2F&costTime=1362×tamp=1715821883710 HTTP/1.1" 200 14719
180.156.239.18 - - [16/May/2024:09:11:23 +0800] "GET /xingrg/servlets/image?image=px HTTP/1.1" 200 807
180.156.239.18 - - [16/May/2024:09:11:23 +0800] "GET /favicon.ico HTTP/1.1" 404 -
116.237.75.78 - - [16/May/2024:09:11:30 +0800] "POST /xingrg/kc/buy/cgsh_order_operate.html HTTP/1.1" 200 11545
101.80.230.31 - - [16/May/2024:09:11:45 +0800] "GET /xingrg/all/function/internal_message.html?_=1715821910966&CODE_STATE=getMsg HTTP/1.1" 200 27
180.156.239.18 - - [16/May/2024:09:11:46 +0800] "GET /xingrg/all/function/internal_message.html?_=1715821906556&CODE_STATE=getMsg HTTP/1.1" 200 27
120.253.135.82 - - [16/May/2024:09:11:53 +0800] "GET /xingrg/all/function/internal_message.html?_=1715821764677&CODE_STATE=getMsg HTTP/1.1" 200 27
101.83.144.49 - - [16/May/2024:09:11:56 +0800] "GET /xingrg/all/function/internal_message.html?_=1715821917041&CODE_STATE=getMsg HTTP/1.1" 200 27
101.83.144.49 - - [16/May/2024:09:12:06 +0800] "GET /xingrg/kc/buy/cgsh_order_operate.html?command=get_materiel&rest_code=00105&code=00101008351&supplier_code=00100008&order_time=2024-05-16 HTTP/1.1" 200 408
116.237.75.78 - - [16/May/2024:09:12:16 +0800] "GET /xingrg/all/function/internal_message.html?_=1715821929231&CODE_STATE=getMsg HTTP/1.1" 200 27
180.164.6.225 - - [16/May/2024:09:12:16 +0800] "GET /xingrg/all/function/internal_message.html?_=1715821936583&CODE_STATE=getMsg HTTP/1.1" 302 -
101.83.144.49 - - [16/May/2024:09:12:21 +0800] "GET /xingrg/check_reg.html?_=1715821688227 HTTP/1.1" 200 22
101.83.144.49 - - [16/May/2024:09:12:21 +0800] "GET /xingrg/all/function/internal_message.html?_=1715821688231&CODE_STATE=getMsg HTTP/1.1" 200 27
180.164.6.225 - - [16/May/2024:09:12:30 +0800] "GET /xingrg/check_reg.html?_=1715821950285 HTTP/1.1" 302 -
101.83.144.49 - - [16/May/2024:09:12:32 +0800] "GET /xingrg/kc/buy/cgsh_order_operate.html?command=get_materiel&rest_code=00105&code=00101008283&supplier_code=00100008&order_time=2024-05-16 HTTP/1.1" 200 408
101.80.230.31 - - [16/May/2024:09:12:45 +0800] "GET /xingrg/check_reg.html?_=1715821970622 HTTP/1.1" 200 22
101.80.230.31 - - [16/May/2024:09:12:45 +0800] "GET /xingrg/all/function/internal_message.html?_=1715821970937&CODE_STATE=getMsg HTTP/1.1" 200 27
180.156.239.18 - - [16/May/2024:09:12:46 +0800] "GET /xingrg/all/function/internal_message.html?_=1715821966539&CODE_STATE=getMsg HTTP/1.1" 200 27
120.253.135.82 - - [16/May/2024:09:12:52 +0800] "GET /xingrg/check_reg.html?_=1715821823591 HTTP/1.1" 200 22
120.253.135.82 - - [16/May/2024:09:12:53 +0800] "GET /xingrg/all/function/internal_message.html?_=1715821824691&CODE_STATE=getMsg HTTP/1.1" 200 27
101.83.144.49 - - [16/May/2024:09:12:55 +0800] "GET /xingrg/kc/buy/cgsh_order_operate.html?command=get_materiel&rest_code=00105&code=00101008038&supplier_code=00100008&order_time=2024-05-16 HTTP/1.1" 200 412
101.83.144.49 - - [16/May/2024:09:12:56 +0800] "GET /xingrg/all/function/internal_message.html?_=1715821977042&CODE_STATE=getMsg HTTP/1.1" 200 27
101.83.144.49 - - [16/May/2024:09:13:00 +0800] "POST /xingrg/kc/buy/cgsh_order_operate.html HTTP/1.1" 200 2065
116.238.97.31 - - [16/May/2024:09:13:09 +0800] "GET /xingrg/check_reg.html?_=1715821990034 HTTP/1.1" 200 22
116.237.75.78 - - [16/May/2024:09:13:16 +0800] "GET /xingrg/all/function/internal_message.html?_=1715821989215&CODE_STATE=getMsg HTTP/1.1" 200 27
101.83.144.49 - - [16/May/2024:09:13:21 +0800] "GET /xingrg/all/function/internal_message.html?_=1715821748251&CODE_STATE=getMsg HTTP/1.1" 200 27
101.83.144.49 - - [16/May/2024:09:13:27 +0800] "GET /xingrg/kc/buy/cgsh_order_operate.html?command=get_materiel&rest_code=00105&code=00101008502&supplier_code=00100008&order_time=2024-05-16 HTTP/1.1" 200 412
101.80.230.31 - - [16/May/2024:09:13:45 +0800] "GET /xingrg/all/function/internal_message.html?_=1715822030920&CODE_STATE=getMsg HTTP/1.1" 200 27
180.156.239.18 - - [16/May/2024:09:13:46 +0800] "GET /xingrg/all/function/internal_message.html?_=1715822026512&CODE_STATE=getMsg HTTP/1.1" 200 27
120.253.135.82 - - [16/May/2024:09:13:53 +0800] "GET /xingrg/all/function/internal_message.html?_=1715821884705&CODE_STATE=getMsg HTTP/1.1" 200 27
101.83.144.49 - - [16/May/2024:09:13:55 +0800] "GET /xingrg/kc/buy/cgsh_order_operate.html?command=get_materiel&rest_code=00105&code=00101008144&supplier_code=00100008&order_time=2024-05-16 HTTP/1.1" 200 412
101.83.144.49 - - [16/May/2024:09:13:56 +0800] "GET /xingrg/all/function/internal_message.html?_=1715822037043&CODE_STATE=getMsg HTTP/1.1" 200 27
101.83.144.49 - - [16/May/2024:09:14:15 +0800] "GET /xingrg/kc/buy/cgsh_order_operate.html?command=get_materiel&rest_code=00105&code=00101008300&supplier_code=00100008&order_time=2024-05-16 HTTP/1.1" 200 412
116.237.75.78 - - [16/May/2024:09:14:16 +0800] "GET /xingrg/all/function/internal_message.html?_=1715822049184&CODE_STATE=getMsg HTTP/1.1" 200 27
101.83.144.49 - - [16/May/2024:09:14:19 +0800] "POST /xingrg/kc/buy/cgsh_order_operate.html HTTP/1.1" 200 2065
101.83.144.49 - - [16/May/2024:09:14:21 +0800] "GET /xingrg/all/function/internal_message.html?_=1715821808236&CODE_STATE=getMsg HTTP/1.1" 200 27
101.83.144.49 - - [16/May/2024:09:14:31 +0800] "GET /xingrg/kc/buy/cgsh_order_operate.html?command=get_materiel&rest_code=00105&code=00101008213&supplier_code=00100008&order_time=2024-05-16 HTTP/1.1" 200 412
116.235.245.51 - - [16/May/2024:09:14:43 +0800] "GET /xingrg/check_reg.html?_=1715822097007 HTTP/1.1" 200 22
101.80.230.31 - - [16/May/2024:09:14:45 +0800] "GET /xingrg/all/function/internal_message.html?_=1715822090904&CODE_STATE=getMsg HTTP/1.1" 200 27
180.156.239.18 - - [16/May/2024:09:14:45 +0800] "GET /xingrg/check_reg.html?_=1715822085046 HTTP/1.1" 200 22
180.156.239.18 - - [16/May/2024:09:14:46 +0800] "GET /xingrg/all/function/internal_message.html?_=1715822086499&CODE_STATE=getMsg HTTP/1.1" 200 27
120.253.135.82 - - [16/May/2024:09:14:53 +0800] "GET /xingrg/all/function/internal_message.html?_=1715821944718&CODE_STATE=getMsg HTTP/1.1" 200 27
101.83.144.49 - - [16/May/2024:09:14:56 +0800] "GET /xingrg/kc/buy/cgsh_order_operate.html?command=get_materiel&rest_code=00105&code=00101008360&supplier_code=00100008&order_time=2024-05-16 HTTP/1.1" 200 412
101.83.144.49 - - [16/May/2024:09:14:56 +0800] "GET /xingrg/all/function/internal_message.html?_=1715822097029&CODE_STATE=getMsg HTTP/1.1" 200 27
222.69.130.103 - - [16/May/2024:09:15:00 +0800] "GET /xingrg/login.html HTTP/1.1" 200 7641
222.69.130.103 - - [16/May/2024:09:15:01 +0800] "GET /favicon.ico HTTP/1.1" 404 -
222.69.130.103 - - [16/May/2024:09:15:08 +0800] "POST /xingrg/login.do HTTP/1.1" 302 -
222.69.130.103 - - [16/May/2024:09:15:08 +0800] "GET /xingrg/index.html?sysBaseUrl=http%3A%2F%2F180.169.147.146%3A18081%2Fxingrg%2F&costTime=796×tamp=1715822108350 HTTP/1.1" 200 17179
222.69.130.103 - - [16/May/2024:09:15:08 +0800] "GET /favicon.ico HTTP/1.1" 404 -
222.69.130.103 - - [16/May/2024:09:15:08 +0800] "GET /xingrg/all/function/internal_message.html?_=1715822109919&CODE_STATE=count HTTP/1.1" 200 11
222.69.130.103 - - [16/May/2024:09:15:08 +0800] "GET /xingrg/check_reg.html?_=1715822109919 HTTP/1.1" 200 22
222.69.130.103 - - [16/May/2024:09:15:08 +0800] "POST /xingrg/all/common/load_tree.html?tree=area_rest_tree_json&manage=1 HTTP/1.1" 200 351
222.69.130.103 - - [16/May/2024:09:15:08 +0800] "POST /xingrg/load_menu.html HTTP/1.1" 200 5138
116.237.75.78 - - [16/May/2024:09:15:16 +0800] "GET /xingrg/all/function/internal_message.html?_=1715822109155&CODE_STATE=getMsg HTTP/1.1" 200 27
116.237.75.78 - - [16/May/2024:09:15:16 +0800] "GET /xingrg/check_reg.html?_=1715822109380 HTTP/1.1" 200 22
101.83.144.49 - - [16/May/2024:09:15:21 +0800] "GET /xingrg/all/function/internal_message.html?_=1715821868242&CODE_STATE=getMsg HTTP/1.1" 200 27
101.83.144.49 - - [16/May/2024:09:15:44 +0800] "GET /xingrg/kc/buy/cgsh_order_operate.html?command=get_materiel&rest_code=00105&code=00101008098&supplier_code=00100008&order_time=2024-05-16 HTTP/1.1" 200 412
101.80.230.31 - - [16/May/2024:09:15:45 +0800] "GET /xingrg/all/function/internal_message.html?_=1715822150888&CODE_STATE=getMsg HTTP/1.1" 200 27
180.156.239.18 - - [16/May/2024:09:15:46 +0800] "GET /xingrg/all/function/internal_message.html?_=1715822146470&CODE_STATE=getMsg HTTP/1.1" 200 27
120.253.135.82 - - [16/May/2024:09:15:53 +0800] "GET /xingrg/all/function/internal_message.html?_=1715822004790&CODE_STATE=getMsg HTTP/1.1" 200 27
101.83.144.49 - - [16/May/2024:09:15:56 +0800] "GET /xingrg/all/function/internal_message.html?_=1715822157030&CODE_STATE=getMsg HTTP/1.1" 200 27
101.83.144.49 - - [16/May/2024:09:15:56 +0800] "GET /xingrg/check_reg.html?_=1715822157033 HTTP/1.1" 200 22
101.83.144.49 - - [16/May/2024:09:16:01 +0800] "GET /xingrg/kc/buy/cgsh_order_operate.html?command=get_materiel&rest_code=00105&code=00101008049&supplier_code=00100008&order_time=2024-05-16 HTTP/1.1" 200 408
101.83.144.49 - - [16/May/2024:09:16:06 +0800] "POST /xingrg/kc/buy/cgsh_order_operate.html HTTP/1.1" 200 2065
222.69.130.103 - - [16/May/2024:09:16:08 +0800] "GET /xingrg/all/function/internal_message.html?_=1715822169926&CODE_STATE=getMsg HTTP/1.1" 200 27
222.70.183.82 - - [16/May/2024:09:16:09 +0800] "GET /xingrg/login.html HTTP/1.1" 200 7641
222.70.183.82 - - [16/May/2024:09:16:10 +0800] "GET /favicon.ico HTTP/1.1" 404 -
222.70.183.82 - - [16/May/2024:09:16:15 +0800] "POST /xingrg/login.do HTTP/1.1" 302 -
222.70.183.82 - - [16/May/2024:09:16:15 +0800] "GET /xingrg/index.html?sysBaseUrl=http%3A%2F%2F180.169.147.146%3A18081%2Fxingrg%2F&costTime=796×tamp=1715822175614 HTTP/1.1" 200 17173
222.70.183.82 - - [16/May/2024:09:16:15 +0800] "GET /favicon.ico HTTP/1.1" 404 -
222.70.183.82 - - [16/May/2024:09:16:16 +0800] "GET /xingrg/all/function/internal_message.html?_=1715822172243&CODE_STATE=count HTTP/1.1" 200 11
222.70.183.82 - - [16/May/2024:09:16:16 +0800] "GET /xingrg/check_reg.html?_=1715822172245 HTTP/1.1" 200 22
222.70.183.82 - - [16/May/2024:09:16:16 +0800] "POST /xingrg/all/common/load_tree.html?tree=area_rest_tree_json&manage=1 HTTP/1.1" 200 342
222.70.183.82 - - [16/May/2024:09:16:16 +0800] "POST /xingrg/load_menu.html HTTP/1.1" 200 5138
116.237.75.78 - - [16/May/2024:09:16:16 +0800] "GET /xingrg/all/function/internal_message.html?_=1715822169130&CODE_STATE=getMsg HTTP/1.1" 200 27
101.83.144.49 - - [16/May/2024:09:16:21 +0800] "GET /xingrg/all/function/internal_message.html?_=1715821928232&CODE_STATE=getMsg HTTP/1.1" 200 27
101.83.144.49 - - [16/May/2024:09:16:34 +0800] "GET /xingrg/kc/buy/cgsh_order_operate.html?command=get_materiel&rest_code=00105&code=00101008270&supplier_code=00100008&order_time=2024-05-16 HTTP/1.1" 200 412
101.80.230.31 - - [16/May/2024:09:16:45 +0800] "GET /xingrg/all/function/internal_message.html?_=1715822210874&CODE_STATE=getMsg HTTP/1.1" 200 27
180.156.239.18 - - [16/May/2024:09:16:46 +0800] "GET /xingrg/all/function/internal_message.html?_=1715822206460&CODE_STATE=getMsg HTTP/1.1" 200 27
120.253.135.82 - - [16/May/2024:09:16:53 +0800] "GET /xingrg/all/function/internal_message.html?_=1715822064792&CODE_STATE=getMsg HTTP/1.1" 200 27
101.83.144.49 - - [16/May/2024:09:16:56 +0800] "GET /xingrg/all/function/internal_message.html?_=1715822217033&CODE_STATE=getMsg HTTP/1.1" 200 27
101.83.144.49 - - [16/May/2024:09:16:58 +0800] "POST /xingrg/kc/buy/cgsh_order_operate.html HTTP/1.1" 200 37
101.83.144.49 - - [16/May/2024:09:17:00 +0800] "POST /xingrg/kc/buy/cgsh_order_operate.html HTTP/1.1" 200 28089
222.69.130.103 - - [16/May/2024:09:17:08 +0800] "GET /xingrg/all/function/internal_message.html?_=1715822229936&CODE_STATE=getMsg HTTP/1.1" 200 27
222.70.183.82 - - [16/May/2024:09:17:16 +0800] "GET /xingrg/all/function/internal_message.html?_=1715822232260&CODE_STATE=getMsg HTTP/1.1" 200 27
116.237.75.78 - - [16/May/2024:09:17:16 +0800] "GET /xingrg/all/function/internal_message.html?_=1715822229112&CODE_STATE=getMsg HTTP/1.1" 200 27
101.83.144.49 - - [16/May/2024:09:17:21 +0800] "GET /xingrg/all/function/internal_message.html?_=1715821988255&CODE_STATE=getMsg HTTP/1.1" 200 27
101.83.144.49 - - [16/May/2024:09:17:21 +0800] "GET /xingrg/check_reg.html?_=1715821988259 HTTP/1.1" 200 22
180.164.6.225 - - [16/May/2024:09:17:24 +0800] "GET /xingrg/login.html HTTP/1.1" 200 7641
180.164.6.225 - - [16/May/2024:09:17:24 +0800] "GET /favicon.ico HTTP/1.1" 404 -
180.164.6.225 - - [16/May/2024:09:17:26 +0800] "POST /xingrg/login.do HTTP/1.1" 302 -
180.164.6.225 - - [16/May/2024:09:17:26 +0800] "GET /xingrg/index.html?sysBaseUrl=http%3A%2F%2F180.169.147.146%3A18081%2Fxingrg%2F&costTime=797×tamp=1715822246821 HTTP/1.1" 200 17183
180.164.6.225 - - [16/May/2024:09:17:26 +0800] "GET /favicon.ico HTTP/1.1" 404 -
180.164.6.225 - - [16/May/2024:09:17:27 +0800] "GET /xingrg/all/function/internal_message.html?_=1715822246991&CODE_STATE=count HTTP/1.1" 200 11
180.164.6.225 - - [16/May/2024:09:17:27 +0800] "GET /xingrg/check_reg.html?_=1715822246991 HTTP/1.1" 200 22
180.164.6.225 - - [16/May/2024:09:17:27 +0800] "POST /xingrg/all/common/load_tree.html?tree=area_rest_tree_json&manage=1 HTTP/1.1" 200 357
180.164.6.225 - - [16/May/2024:09:17:27 +0800] "POST /xingrg/load_menu.html HTTP/1.1" 200 5138
180.164.6.225 - - [16/May/2024:09:17:30 +0800] "GET /xingrg/kc/buy/cgsh_order_list.html HTTP/1.1" 200 58790
101.80.230.31 - - [16/May/2024:09:17:45 +0800] "GET /xingrg/check_reg.html?_=1715822270609 HTTP/1.1" 200 22
101.80.230.31 - - [16/May/2024:09:17:45 +0800] "GET /xingrg/all/function/internal_message.html?_=1715822270845&CODE_STATE=getMsg HTTP/1.1" 200 27
180.156.239.18 - - [16/May/2024:09:17:46 +0800] "GET /xingrg/all/function/internal_message.html?_=1715822266447&CODE_STATE=getMsg HTTP/1.1" 200 27
120.253.135.82 - - [16/May/2024:09:17:52 +0800] "GET /xingrg/check_reg.html?_=1715822123648 HTTP/1.1" 200 22
120.253.135.82 - - [16/May/2024:09:17:53 +0800] "GET /xingrg/all/function/internal_message.html?_=1715822124806&CODE_STATE=getMsg HTTP/1.1" 200 27
101.83.144.49 - - [16/May/2024:09:17:56 +0800] "GET /xingrg/all/function/internal_message.html?_=1715822277035&CODE_STATE=getMsg HTTP/1.1" 200 27
180.164.6.225 - - [16/May/2024:09:18:07 +0800] "POST /xingrg/kc/buy/cgsh_list_operate.html HTTP/1.1" 200 4286
180.169.147.146 - - [16/May/2024:09:18:07 +0800] "GET /xingrg/index.html?sysBaseUrl=http%3A%2F%2F180.169.147.146%3A18081%2Fxingrg%2F&costTime=39×tamp=1592034574635 HTTP/1.1" 302 -
180.169.147.146 - - [16/May/2024:09:18:07 +0800] "GET /xingrg/login.html HTTP/1.1" 200 7641
222.69.130.103 - - [16/May/2024:09:18:08 +0800] "GET /xingrg/all/function/internal_message.html?_=1715822289927&CODE_STATE=getMsg HTTP/1.1" 200 27
180.169.147.146 - - [16/May/2024:09:18:08 +0800] "GET /favicon.ico HTTP/1.1" 404 -
116.238.97.31 - - [16/May/2024:09:18:09 +0800] "GET /xingrg/check_reg.html?_=1715822290023 HTTP/1.1" 200 22
222.70.183.82 - - [16/May/2024:09:18:16 +0800] "GET /xingrg/all/function/internal_message.html?_=1715822292266&CODE_STATE=getMsg HTTP/1.1" 200 27
116.237.75.78 - - [16/May/2024:09:18:16 +0800] "GET /xingrg/all/function/internal_message.html?_=1715822289093&CODE_STATE=getMsg HTTP/1.1" 200 27
180.169.147.146 - - [16/May/2024:09:18:17 +0800] "POST /xingrg/login.do HTTP/1.1" 302 -
180.169.147.146 - - [16/May/2024:09:18:17 +0800] "GET /xingrg/index.html?sysBaseUrl=http%3A%2F%2F180.169.147.146%3A18081%2Fxingrg%2F&costTime=824×tamp=1715822297370 HTTP/1.1" 200 17503
180.169.147.146 - - [16/May/2024:09:18:17 +0800] "GET /favicon.ico HTTP/1.1" 404 -
180.169.147.146 - - [16/May/2024:09:18:17 +0800] "POST /xingrg/all/common/load_tree.html?tree=area_rest_tree_json&manage=1 HTTP/1.1" 200 4010
180.169.147.146 - - [16/May/2024:09:18:17 +0800] "GET /xingrg/all/function/internal_message.html?_=1715822297837&CODE_STATE=count HTTP/1.1" 200 11
180.169.147.146 - - [16/May/2024:09:18:17 +0800] "GET /xingrg/check_reg.html?_=1715822297838 HTTP/1.1" 200 22
180.169.147.146 - - [16/May/2024:09:18:17 +0800] "POST /xingrg/load_menu.html HTTP/1.1" 200 11564
180.169.147.146 - - [16/May/2024:09:18:19 +0800] "GET /xingrg/kc/report/report_main.html HTTP/1.1" 200 8599
180.169.147.146 - - [16/May/2024:09:18:20 +0800] "GET /xingrg/all/report/report_query.html?fileName=kc/buy/gys_amount_base_rest.xml HTTP/1.1" 200 51664
