114.83.217.213 - - [16/May/2024:11:33:36 +0800] "POST /xingrg/dwr/call/plaincall/AjaxQqpsService.getMaterielByCode.dwr HTTP/1.1" 200 2837
114.83.217.213 - - [16/May/2024:11:33:38 +0800] "POST /xingrg/dwr/call/plaincall/AjaxQqpsService.saveMaterielItem.dwr HTTP/1.1" 200 79
222.67.233.39 - - [16/May/2024:11:33:39 +0800] "GET /xingrg/check_reg.html?_=1715830419494 HTTP/1.1" 200 22
114.83.217.213 - - [16/May/2024:11:33:41 +0800] "POST /xingrg/dwr/call/plaincall/AjaxQqpsService.getMaterielByCode.dwr HTTP/1.1" 200 2803
114.83.217.213 - - [16/May/2024:11:33:44 +0800] "POST /xingrg/dwr/call/plaincall/AjaxQqpsService.saveMaterielItem.dwr HTTP/1.1" 200 79
114.95.186.91 - - [16/May/2024:11:33:47 +0800] "GET /xingrg/all/function/internal_message.html?_=1715830426905&CODE_STATE=getMsg HTTP/1.1" 200 27
222.70.183.82 - - [16/May/2024:11:33:47 +0800] "GET /xingrg/all/function/internal_message.html?_=1715830423454&CODE_STATE=getMsg HTTP/1.1" 200 27
114.83.217.213 - - [16/May/2024:11:33:51 +0800] "GET /xingrg/all/function/internal_message.html?_=1715830429178&CODE_STATE=getMsg HTTP/1.1" 200 27
116.232.195.13 - - [16/May/2024:11:33:53 +0800] "GET /xingrg/all/function/internal_message.html?_=1715830434238&CODE_STATE=getMsg HTTP/1.1" 200 27
116.232.195.13 - - [16/May/2024:11:33:56 +0800] "GET /xingrg/all/function/internal_message.html?_=1715830402730&CODE_STATE=getMsg HTTP/1.1" 200 27
101.80.230.31 - - [16/May/2024:11:33:58 +0800] "GET /xingrg/all/function/internal_message.html?_=1715830444748&CODE_STATE=getMsg HTTP/1.1" 200 27
114.95.186.91 - - [16/May/2024:11:34:00 +0800] "GET /xingrg/all/function/internal_message.html?_=1715830440047&CODE_STATE=getMsg HTTP/1.1" 200 27
120.253.135.82 - - [16/May/2024:11:34:01 +0800] "GET /xingrg/all/function/internal_message.html?_=1715830628322&CODE_STATE=getMsg HTTP/1.1" 200 27
120.253.135.82 - - [16/May/2024:11:34:01 +0800] "GET /xingrg/check_reg.html?_=1715830628326 HTTP/1.1" 200 22
116.238.97.31 - - [16/May/2024:11:34:05 +0800] "GET /xingrg/all/function/internal_message.html?_=1715830445421&CODE_STATE=getMsg HTTP/1.1" 200 27
114.83.217.213 - - [16/May/2024:11:34:06 +0800] "POST /xingrg/dwr/call/plaincall/AjaxQqpsService.getMaterielByCode.dwr HTTP/1.1" 200 2788
222.69.130.103 - - [16/May/2024:11:34:08 +0800] "GET /xingrg/all/function/internal_message.html?_=1715830449942&CODE_STATE=getMsg HTTP/1.1" 200 27
114.83.217.213 - - [16/May/2024:11:34:08 +0800] "POST /xingrg/dwr/call/plaincall/AjaxQqpsService.saveMaterielItem.dwr HTTP/1.1" 200 79
180.169.147.146 - - [16/May/2024:11:34:09 +0800] "GET /xingrg/all/function/internal_message.html?_=1715830449311&CODE_STATE=getMsg HTTP/1.1" 200 27
114.84.152.157 - - [16/May/2024:11:34:09 +0800] "GET /xingrg/all/function/internal_message.html?_=1715828817102&CODE_STATE=getMsg HTTP/1.1" 200 27
116.235.245.51 - - [16/May/2024:11:34:10 +0800] "GET /xingrg/all/function/internal_message.html?_=1715830461841&CODE_STATE=getMsg HTTP/1.1" 200 27
101.83.144.49 - - [16/May/2024:11:34:10 +0800] "GET /xingrg/all/function/internal_message.html?_=1715830450923&CODE_STATE=getMsg HTTP/1.1" 200 27
101.83.144.49 - - [16/May/2024:11:34:10 +0800] "GET /xingrg/check_reg.html?_=1715830450926 HTTP/1.1" 200 22
180.169.147.146 - - [16/May/2024:11:34:12 +0800] "GET /xingrg/all/function/internal_message.html?_=1715830452500&CODE_STATE=getMsg HTTP/1.1" 200 27
222.67.233.39 - - [16/May/2024:11:34:14 +0800] "GET /xingrg/all/function/internal_message.html?_=1715830454539&CODE_STATE=getMsg HTTP/1.1" 200 27
114.83.217.213 - - [16/May/2024:11:34:14 +0800] "POST /xingrg/dwr/call/plaincall/AjaxQqpsService.getMaterielByCode.dwr HTTP/1.1" 200 2845
114.83.217.213 - - [16/May/2024:11:34:16 +0800] "POST /xingrg/dwr/call/plaincall/AjaxQqpsService.saveMaterielItem.dwr HTTP/1.1" 200 79
116.237.75.78 - - [16/May/2024:11:34:18 +0800] "GET /xingrg/all/function/internal_message.html?_=1715830450847&CODE_STATE=getMsg HTTP/1.1" 200 27
180.156.239.18 - - [16/May/2024:11:34:19 +0800] "GET /xingrg/all/function/internal_message.html?_=1715830459863&CODE_STATE=getMsg HTTP/1.1" 200 27
101.83.144.49 - - [16/May/2024:11:34:20 +0800] "GET /xingrg/all/function/internal_message.html?_=1715830207598&CODE_STATE=getMsg HTTP/1.1" 200 27
124.79.240.51 - - [16/May/2024:11:34:23 +0800] "GET /xingrg/all/function/internal_message.html?_=1715830505225&CODE_STATE=getMsg HTTP/1.1" 200 27
124.79.240.51 - - [16/May/2024:11:34:23 +0800] "GET /xingrg/check_reg.html?_=1715830505226 HTTP/1.1" 200 22
180.164.6.225 - - [16/May/2024:11:34:26 +0800] "GET /xingrg/all/function/internal_message.html?_=1715830465919&CODE_STATE=getMsg HTTP/1.1" 200 27
116.235.245.51 - - [16/May/2024:11:34:32 +0800] "GET /xingrg/all/function/internal_message.html?_=1715830486332&CODE_STATE=getMsg HTTP/1.1" 200 27
120.253.135.82 - - [16/May/2024:11:34:34 +0800] "GET /xingrg/all/function/internal_message.html?_=1715830324953&CODE_STATE=getMsg HTTP/1.1" 200 27
114.95.186.91 - - [16/May/2024:11:34:47 +0800] "GET /xingrg/all/function/internal_message.html?_=1715830486900&CODE_STATE=getMsg HTTP/1.1" 200 27
222.70.183.82 - - [16/May/2024:11:34:47 +0800] "GET /xingrg/all/function/internal_message.html?_=1715830483442&CODE_STATE=getMsg HTTP/1.1" 200 27
114.83.217.213 - - [16/May/2024:11:34:51 +0800] "GET /xingrg/all/function/internal_message.html?_=1715830489158&CODE_STATE=getMsg HTTP/1.1" 200 27
114.83.217.213 - - [16/May/2024:11:34:51 +0800] "GET /xingrg/check_reg.html?_=1715830489245 HTTP/1.1" 200 22
116.232.195.13 - - [16/May/2024:11:34:53 +0800] "GET /xingrg/all/function/internal_message.html?_=1715830494239&CODE_STATE=getMsg HTTP/1.1" 200 27
116.232.195.13 - - [16/May/2024:11:34:56 +0800] "GET /xingrg/all/function/internal_message.html?_=1715830462720&CODE_STATE=getMsg HTTP/1.1" 200 27
120.253.135.82 - - [16/May/2024:11:34:56 +0800] "GET /xingrg/kc/buy/cgsh_order_info.html?code=212024051604437 HTTP/1.1" 200 73628
120.253.135.82 - - [16/May/2024:11:34:57 +0800] "GET /xingrg/javascript/easyui/themes/default/validatebox.css HTTP/1.1" 404 1104
120.253.135.82 - - [16/May/2024:11:34:58 +0800] "POST /xingrg/kc/buy/cgsh_order_operate.html HTTP/1.1" 200 11866
101.80.230.31 - - [16/May/2024:11:34:58 +0800] "GET /xingrg/all/function/internal_message.html?_=1715830504749&CODE_STATE=getMsg HTTP/1.1" 200 27
114.95.186.91 - - [16/May/2024:11:35:00 +0800] "GET /xingrg/all/function/internal_message.html?_=1715830500051&CODE_STATE=getMsg HTTP/1.1" 200 27
120.253.135.82 - - [16/May/2024:11:35:01 +0800] "GET /xingrg/all/function/internal_message.html?_=1715830688327&CODE_STATE=getMsg HTTP/1.1" 200 27
116.238.97.31 - - [16/May/2024:11:35:05 +0800] "GET /xingrg/all/function/internal_message.html?_=1715830505396&CODE_STATE=getMsg HTTP/1.1" 200 27
114.83.217.213 - - [16/May/2024:11:35:05 +0800] "POST /xingrg/dwr/call/plaincall/AjaxQqpsService.getMaterielByCode.dwr HTTP/1.1" 200 2820
114.83.217.213 - - [16/May/2024:11:35:07 +0800] "POST /xingrg/dwr/call/plaincall/AjaxQqpsService.saveMaterielItem.dwr HTTP/1.1" 200 79
222.69.130.103 - - [16/May/2024:11:35:08 +0800] "GET /xingrg/check_reg.html?_=1715830509933 HTTP/1.1" 200 22
222.69.130.103 - - [16/May/2024:11:35:08 +0800] "GET /xingrg/all/function/internal_message.html?_=1715830509937&CODE_STATE=getMsg HTTP/1.1" 200 27
180.169.147.146 - - [16/May/2024:11:35:09 +0800] "GET /xingrg/all/function/internal_message.html?_=1715830509309&CODE_STATE=getMsg HTTP/1.1" 200 27
114.84.152.157 - - [16/May/2024:11:35:09 +0800] "GET /xingrg/all/function/internal_message.html?_=1715828877096&CODE_STATE=getMsg HTTP/1.1" 200 27
116.235.245.51 - - [16/May/2024:11:35:10 +0800] "GET /xingrg/all/function/internal_message.html?_=1715830521885&CODE_STATE=getMsg HTTP/1.1" 200 27
101.83.144.49 - - [16/May/2024:11:35:10 +0800] "GET /xingrg/all/function/internal_message.html?_=1715830510927&CODE_STATE=getMsg HTTP/1.1" 200 27
180.169.147.146 - - [16/May/2024:11:35:12 +0800] "GET /xingrg/all/function/internal_message.html?_=1715830512502&CODE_STATE=getMsg HTTP/1.1" 200 27
222.67.233.39 - - [16/May/2024:11:35:14 +0800] "GET /xingrg/all/function/internal_message.html?_=1715830514516&CODE_STATE=getMsg HTTP/1.1" 200 27
114.83.217.213 - - [16/May/2024:11:35:15 +0800] "POST /xingrg/dwr/call/plaincall/AjaxQqpsService.getMaterielByCode.dwr HTTP/1.1" 200 2815
116.237.75.78 - - [16/May/2024:11:35:16 +0800] "GET /xingrg/check_reg.html?_=1715830509264 HTTP/1.1" 200 22
116.237.75.78 - - [16/May/2024:11:35:18 +0800] "GET /xingrg/all/function/internal_message.html?_=1715830510828&CODE_STATE=getMsg HTTP/1.1" 200 27
114.83.217.213 - - [16/May/2024:11:35:18 +0800] "POST /xingrg/dwr/call/plaincall/AjaxQqpsService.saveMaterielItem.dwr HTTP/1.1" 200 79
180.156.239.18 - - [16/May/2024:11:35:20 +0800] "GET /xingrg/all/function/internal_message.html?_=1715830519877&CODE_STATE=getMsg HTTP/1.1" 200 27
101.83.144.49 - - [16/May/2024:11:35:20 +0800] "GET /xingrg/all/function/internal_message.html?_=1715830267568&CODE_STATE=getMsg HTTP/1.1" 200 27
124.79.240.51 - - [16/May/2024:11:35:23 +0800] "GET /xingrg/all/function/internal_message.html?_=1715830565225&CODE_STATE=getMsg HTTP/1.1" 200 27
180.164.6.225 - - [16/May/2024:11:35:26 +0800] "GET /xingrg/all/function/internal_message.html?_=1715830525895&CODE_STATE=getMsg HTTP/1.1" 200 27
116.235.245.51 - - [16/May/2024:11:35:32 +0800] "GET /xingrg/all/function/internal_message.html?_=1715830546344&CODE_STATE=getMsg HTTP/1.1" 200 27
120.253.135.82 - - [16/May/2024:11:35:34 +0800] "GET /xingrg/all/function/internal_message.html?_=1715830384965&CODE_STATE=getMsg HTTP/1.1" 200 27
114.95.186.91 - - [16/May/2024:11:35:47 +0800] "GET /xingrg/all/function/internal_message.html?_=1715830546903&CODE_STATE=getMsg HTTP/1.1" 200 27
222.70.183.82 - - [16/May/2024:11:35:47 +0800] "GET /xingrg/all/function/internal_message.html?_=1715830543430&CODE_STATE=getMsg HTTP/1.1" 200 27
120.253.135.82 - - [16/May/2024:11:35:50 +0800] "POST /xingrg/kc/buy/cgsh_list_operate.html HTTP/1.1" 200 2543
114.83.217.213 - - [16/May/2024:11:35:51 +0800] "GET /xingrg/all/function/internal_message.html?_=1715830549150&CODE_STATE=getMsg HTTP/1.1" 200 27
116.232.195.13 - - [16/May/2024:11:35:53 +0800] "GET /xingrg/all/function/internal_message.html?_=1715830554230&CODE_STATE=getMsg HTTP/1.1" 200 27
116.232.195.13 - - [16/May/2024:11:35:56 +0800] "GET /xingrg/all/function/internal_message.html?_=1715830522734&CODE_STATE=getMsg HTTP/1.1" 200 27
116.238.97.31 - - [16/May/2024:11:35:58 +0800] "POST /xingrg/services/DataTransmitService HTTP/1.1" 200 524
101.80.230.31 - - [16/May/2024:11:35:58 +0800] "GET /xingrg/all/function/internal_message.html?_=1715830564751&CODE_STATE=getMsg HTTP/1.1" 200 27
116.238.97.31 - - [16/May/2024:11:35:59 +0800] "POST /xingrg/services/DataTransmitService HTTP/1.1" 200 2395
120.253.135.82 - - [16/May/2024:11:35:59 +0800] "POST /xingrg/kc/buy/cgsh_list_operate.html HTTP/1.1" 200 201
114.95.186.91 - - [16/May/2024:11:36:00 +0800] "GET /xingrg/all/function/internal_message.html?_=1715830560158&CODE_STATE=getMsg HTTP/1.1" 200 27
116.238.97.31 - - [16/May/2024:11:36:01 +0800] "POST /xingrg/services/DataTransmitService HTTP/1.1" 200 183407
120.253.135.82 - - [16/May/2024:11:36:01 +0800] "GET /xingrg/kc/buy/cgsh_order_info.html?code=212024051604430 HTTP/1.1" 200 73624
120.253.135.82 - - [16/May/2024:11:36:01 +0800] "GET /xingrg/all/function/internal_message.html?_=1715830748336&CODE_STATE=getMsg HTTP/1.1" 200 27
120.253.135.82 - - [16/May/2024:11:36:02 +0800] "GET /xingrg/javascript/easyui/themes/default/validatebox.css HTTP/1.1" 404 1104
120.253.135.82 - - [16/May/2024:11:36:03 +0800] "POST /xingrg/kc/buy/cgsh_order_operate.html HTTP/1.1" 200 2662
116.238.97.31 - - [16/May/2024:11:36:05 +0800] "GET /xingrg/all/function/internal_message.html?_=1715830565395&CODE_STATE=getMsg HTTP/1.1" 200 27
222.69.130.103 - - [16/May/2024:11:36:08 +0800] "GET /xingrg/all/function/internal_message.html?_=1715830569927&CODE_STATE=getMsg HTTP/1.1" 200 27
180.169.147.146 - - [16/May/2024:11:36:09 +0800] "GET /xingrg/all/function/internal_message.html?_=1715830569323&CODE_STATE=getMsg HTTP/1.1" 200 27
180.169.147.146 - - [16/May/2024:11:36:09 +0800] "GET /xingrg/check_reg.html?_=1715830569324 HTTP/1.1" 200 22
114.84.152.157 - - [16/May/2024:11:36:09 +0800] "GET /xingrg/all/function/internal_message.html?_=1715828937093&CODE_STATE=getMsg HTTP/1.1" 200 27
116.235.245.51 - - [16/May/2024:11:36:10 +0800] "GET /xingrg/all/function/internal_message.html?_=1715830581901&CODE_STATE=getMsg HTTP/1.1" 200 27
120.253.135.82 - - [16/May/2024:11:36:10 +0800] "GET /xingrg/kc/print/load_data.html?order_code=212024051604430&kc_code=cgsh&condition= HTTP/1.1" 200 734
101.83.144.49 - - [16/May/2024:11:36:10 +0800] "GET /xingrg/all/function/internal_message.html?_=1715830570928&CODE_STATE=getMsg HTTP/1.1" 200 27
114.83.217.213 - - [16/May/2024:11:36:11 +0800] "POST /xingrg/dwr/call/plaincall/AjaxQqpsService.getMaterielByCode.dwr HTTP/1.1" 200 2790
180.169.147.146 - - [16/May/2024:11:36:12 +0800] "GET /xingrg/all/function/internal_message.html?_=1715830572491&CODE_STATE=getMsg HTTP/1.1" 200 27
114.83.217.213 - - [16/May/2024:11:36:12 +0800] "POST /xingrg/dwr/call/plaincall/AjaxQqpsService.saveMaterielItem.dwr HTTP/1.1" 200 79
222.67.233.39 - - [16/May/2024:11:36:14 +0800] "GET /xingrg/all/function/internal_message.html?_=1715830574498&CODE_STATE=getMsg HTTP/1.1" 200 27
222.70.183.82 - - [16/May/2024:11:36:16 +0800] "GET /xingrg/check_reg.html?_=1715830572442 HTTP/1.1" 200 22
116.237.75.78 - - [16/May/2024:11:36:18 +0800] "GET /xingrg/all/function/internal_message.html?_=1715830570798&CODE_STATE=getMsg HTTP/1.1" 200 27
114.83.217.213 - - [16/May/2024:11:36:18 +0800] "POST /xingrg/dwr/call/plaincall/AjaxQqpsService.getMaterielByCode.dwr HTTP/1.1" 200 2813
180.156.239.18 - - [16/May/2024:11:36:20 +0800] "GET /xingrg/all/function/internal_message.html?_=1715830579878&CODE_STATE=getMsg HTTP/1.1" 200 27
114.83.217.213 - - [16/May/2024:11:36:20 +0800] "POST /xingrg/dwr/call/plaincall/AjaxQqpsService.saveMaterielItem.dwr HTTP/1.1" 200 79
101.83.144.49 - - [16/May/2024:11:36:20 +0800] "GET /xingrg/all/function/internal_message.html?_=1715830327538&CODE_STATE=getMsg HTTP/1.1" 200 27
124.79.240.51 - - [16/May/2024:11:36:23 +0800] "GET /xingrg/all/function/internal_message.html?_=1715830625223&CODE_STATE=getMsg HTTP/1.1" 200 27
180.164.6.225 - - [16/May/2024:11:36:26 +0800] "GET /xingrg/all/function/internal_message.html?_=1715830585882&CODE_STATE=getMsg HTTP/1.1" 200 27
114.83.217.213 - - [16/May/2024:11:36:31 +0800] "POST /xingrg/dwr/call/plaincall/AjaxQqpsService.getMaterielByCode.dwr HTTP/1.1" 200 2838
116.235.245.51 - - [16/May/2024:11:36:32 +0800] "GET /xingrg/all/function/internal_message.html?_=1715830606360&CODE_STATE=getMsg HTTP/1.1" 200 27
114.83.217.213 - - [16/May/2024:11:36:33 +0800] "POST /xingrg/dwr/call/plaincall/AjaxQqpsService.saveMaterielItem.dwr HTTP/1.1" 200 79
120.253.135.82 - - [16/May/2024:11:36:34 +0800] "GET /xingrg/all/function/internal_message.html?_=1715830444979&CODE_STATE=getMsg HTTP/1.1" 200 27
114.84.152.157 - - [16/May/2024:11:36:41 +0800] "GET /xingrg/kc/base/wldb_order_add.html HTTP/1.1" 200 30672
114.84.152.157 - - [16/May/2024:11:36:41 +0800] "POST /xingrg/kc/base/wldb_order_operate.html HTTP/1.1" 200 6806
114.84.152.157 - - [16/May/2024:11:36:41 +0800] "GET /xingrg/javascript/easyui/themes/default/validatebox.css HTTP/1.1" 404 1104
114.83.217.213 - - [16/May/2024:11:36:41 +0800] "POST /xingrg/dwr/call/plaincall/AjaxQqpsService.getMaterielByCode.dwr HTTP/1.1" 200 2759
114.83.217.213 - - [16/May/2024:11:36:43 +0800] "POST /xingrg/dwr/call/plaincall/AjaxQqpsService.saveMaterielItem.dwr HTTP/1.1" 200 79
114.84.152.157 - - [16/May/2024:11:36:43 +0800] "POST /xingrg/all/common/load_combo.html?type=base HTTP/1.1" 200 1306
114.84.152.157 - - [16/May/2024:11:36:46 +0800] "POST /xingrg/all/common/load_combo.html?type=base HTTP/1.1" 200 1306
114.95.186.91 - - [16/May/2024:11:36:47 +0800] "GET /xingrg/all/function/internal_message.html?_=1715830606909&CODE_STATE=getMsg HTTP/1.1" 200 27
114.95.186.91 - - [16/May/2024:11:36:47 +0800] "GET /xingrg/check_reg.html?_=1715830606914 HTTP/1.1" 200 22
222.70.183.82 - - [16/May/2024:11:36:47 +0800] "GET /xingrg/all/function/internal_message.html?_=1715830603418&CODE_STATE=getMsg HTTP/1.1" 200 27
114.83.217.213 - - [16/May/2024:11:36:51 +0800] "GET /xingrg/all/function/internal_message.html?_=1715830609130&CODE_STATE=getMsg HTTP/1.1" 200 27
120.253.135.82 - - [16/May/2024:11:36:53 +0800] "POST /xingrg/kc/buy/cgsh_order_operate.html HTTP/1.1" 200 37
116.232.195.13 - - [16/May/2024:11:36:53 +0800] "GET /xingrg/all/function/internal_message.html?_=1715830614229&CODE_STATE=getMsg HTTP/1.1" 200 27
116.232.195.13 - - [16/May/2024:11:36:56 +0800] "GET /xingrg/all/function/internal_message.html?_=1715830582736&CODE_STATE=getMsg HTTP/1.1" 200 27
101.80.230.31 - - [16/May/2024:11:36:58 +0800] "GET /xingrg/all/function/internal_message.html?_=1715830624754&CODE_STATE=getMsg HTTP/1.1" 200 27
114.95.186.91 - - [16/May/2024:11:37:01 +0800] "GET /xingrg/all/function/internal_message.html?_=1715830621146&CODE_STATE=getMsg HTTP/1.1" 200 27
120.253.135.82 - - [16/May/2024:11:37:01 +0800] "GET /xingrg/all/function/internal_message.html?_=1715830808335&CODE_STATE=getMsg HTTP/1.1" 200 27
116.238.97.31 - - [16/May/2024:11:37:05 +0800] "GET /xingrg/all/function/internal_message.html?_=1715830625371&CODE_STATE=getMsg HTTP/1.1" 200 27
114.84.152.157 - - [16/May/2024:11:37:06 +0800] "GET /xingrg/kc/base/wldb_order_operate.html?command=get_materiel&rest_code=00143&base_code=0010216&code=00101020335 HTTP/1.1" 200 455
114.84.152.157 - - [16/May/2024:11:37:07 +0800] "POST /xingrg/all/common/load_select.html HTTP/1.1" 200 25
222.69.130.103 - - [16/May/2024:11:37:08 +0800] "GET /xingrg/all/function/internal_message.html?_=1715830629941&CODE_STATE=getMsg HTTP/1.1" 200 27
114.83.217.213 - - [16/May/2024:11:37:08 +0800] "POST /xingrg/dwr/call/plaincall/AjaxQqpsService.getMaterielByCode.dwr HTTP/1.1" 200 2806
180.169.147.146 - - [16/May/2024:11:37:09 +0800] "GET /xingrg/all/function/internal_message.html?_=1715830629322&CODE_STATE=getMsg HTTP/1.1" 200 27
114.84.152.157 - - [16/May/2024:11:37:09 +0800] "GET /xingrg/all/function/internal_message.html?_=1715828997098&CODE_STATE=getMsg HTTP/1.1" 200 27
116.235.245.51 - - [16/May/2024:11:37:10 +0800] "GET /xingrg/all/function/internal_message.html?_=1715830641927&CODE_STATE=getMsg HTTP/1.1" 200 27
101.83.144.49 - - [16/May/2024:11:37:10 +0800] "GET /xingrg/all/function/internal_message.html?_=1715830630928&CODE_STATE=getMsg HTTP/1.1" 200 27
114.83.217.213 - - [16/May/2024:11:37:10 +0800] "POST /xingrg/dwr/call/plaincall/AjaxQqpsService.saveMaterielItem.dwr HTTP/1.1" 200 79
120.253.135.82 - - [16/May/2024:11:37:11 +0800] "POST /xingrg/kc/buy/cgsh_order_operate.html HTTP/1.1" 200 12
114.84.152.157 - - [16/May/2024:11:37:11 +0800] "GET /xingrg/kc/base/wldb_order_operate.html?command=get_materiel_price&rest_code=00143&base_code=0010216&code=00101020335&unit_code=00100179 HTTP/1.1" 200 36
180.169.147.146 - - [16/May/2024:11:37:12 +0800] "GET /xingrg/all/function/internal_message.html?_=1715830632510&CODE_STATE=getMsg HTTP/1.1" 200 27
180.169.147.146 - - [16/May/2024:11:37:12 +0800] "GET /xingrg/check_reg.html?_=1715830632512 HTTP/1.1" 200 22
222.67.233.39 - - [16/May/2024:11:37:14 +0800] "GET /xingrg/all/function/internal_message.html?_=1715830634480&CODE_STATE=getMsg HTTP/1.1" 200 27
116.237.75.78 - - [16/May/2024:11:37:18 +0800] "GET /xingrg/all/function/internal_message.html?_=1715830630782&CODE_STATE=getMsg HTTP/1.1" 200 27
180.156.239.18 - - [16/May/2024:11:37:20 +0800] "GET /xingrg/check_reg.html?_=1715830639872 HTTP/1.1" 200 22
180.156.239.18 - - [16/May/2024:11:37:20 +0800] "GET /xingrg/all/function/internal_message.html?_=1715830639877&CODE_STATE=getMsg HTTP/1.1" 200 27
101.83.144.49 - - [16/May/2024:11:37:20 +0800] "GET /xingrg/all/function/internal_message.html?_=1715830387523&CODE_STATE=getMsg HTTP/1.1" 200 27
101.83.144.49 - - [16/May/2024:11:37:21 +0800] "GET /xingrg/check_reg.html?_=1715830388290 HTTP/1.1" 200 22
124.79.240.51 - - [16/May/2024:11:37:23 +0800] "GET /xingrg/all/function/internal_message.html?_=1715830685226&CODE_STATE=getMsg HTTP/1.1" 200 27
180.164.6.225 - - [16/May/2024:11:37:26 +0800] "GET /xingrg/all/function/internal_message.html?_=1715830645872&CODE_STATE=getMsg HTTP/1.1" 200 27
180.164.6.225 - - [16/May/2024:11:37:27 +0800] "GET /xingrg/check_reg.html?_=1715830646997 HTTP/1.1" 200 22
114.83.217.213 - - [16/May/2024:11:37:28 +0800] "POST /xingrg/dwr/call/plaincall/AjaxQqpsService.getMaterielByCode.dwr HTTP/1.1" 200 2807
114.83.217.213 - - [16/May/2024:11:37:30 +0800] "POST /xingrg/dwr/call/plaincall/AjaxQqpsService.saveMaterielItem.dwr HTTP/1.1" 200 79
114.84.152.157 - - [16/May/2024:11:37:31 +0800] "GET /xingrg/kc/base/wldb_order_operate.html?command=get_materiel&rest_code=00143&base_code=0010216&code=00101019184 HTTP/1.1" 200 458
116.235.245.51 - - [16/May/2024:11:37:32 +0800] "GET /xingrg/all/function/internal_message.html?_=1715830666371&CODE_STATE=getMsg HTTP/1.1" 200 27
114.84.152.157 - - [16/May/2024:11:37:37 +0800] "POST /xingrg/all/common/load_select.html HTTP/1.1" 200 25
114.84.152.157 - - [16/May/2024:11:37:39 +0800] "GET /xingrg/kc/base/wldb_order_operate.html?command=get_materiel_price&rest_code=00143&base_code=0010216&code=00101019184&unit_code=00100037 HTTP/1.1" 200 36
120.253.135.82 - - [16/May/2024:11:37:46 +0800] "GET /xingrg/all/function/internal_message.html?_=1715830517285&CODE_STATE=getMsg HTTP/1.1" 200 27
120.253.135.82 - - [16/May/2024:11:37:46 +0800] "GET /xingrg/kc/buy/cgsh_order_info.html?code=212024051604430 HTTP/1.1" 200 68524
114.95.186.91 - - [16/May/2024:11:37:47 +0800] "GET /xingrg/all/function/internal_message.html?_=1715830666905&CODE_STATE=getMsg HTTP/1.1" 200 27
120.253.135.82 - - [16/May/2024:11:37:47 +0800] "GET /xingrg/javascript/easyui/themes/default/validatebox.css HTTP/1.1" 404 1104
222.70.183.82 - - [16/May/2024:11:37:47 +0800] "GET /xingrg/all/function/internal_message.html?_=1715830663409&CODE_STATE=getMsg HTTP/1.1" 200 27
120.253.135.82 - - [16/May/2024:11:37:48 +0800] "POST /xingrg/kc/buy/cgsh_order_operate.html HTTP/1.1" 200 612
114.83.217.213 - - [16/May/2024:11:37:51 +0800] "GET /xingrg/all/function/internal_message.html?_=1715830669112&CODE_STATE=getMsg HTTP/1.1" 200 27
120.253.135.82 - - [16/May/2024:11:37:53 +0800] "GET /xingrg/check_reg.html?_=1715830524398 HTTP/1.1" 200 22
116.232.195.13 - - [16/May/2024:11:37:53 +0800] "GET /xingrg/check_reg.html?_=1715830674232 HTTP/1.1" 200 22
116.232.195.13 - - [16/May/2024:11:37:53 +0800] "GET /xingrg/all/function/internal_message.html?_=1715830674235&CODE_STATE=getMsg HTTP/1.1" 200 27
116.232.195.13 - - [16/May/2024:11:37:56 +0800] "GET /xingrg/check_reg.html?_=1715830642732 HTTP/1.1" 200 22
116.232.195.13 - - [16/May/2024:11:37:56 +0800] "GET /xingrg/all/function/internal_message.html?_=1715830642737&CODE_STATE=getMsg HTTP/1.1" 200 27
101.80.230.31 - - [16/May/2024:11:37:58 +0800] "GET /xingrg/all/function/internal_message.html?_=1715830684756&CODE_STATE=getMsg HTTP/1.1" 200 27
101.80.230.31 - - [16/May/2024:11:37:58 +0800] "GET /xingrg/check_reg.html?_=1715830684757 HTTP/1.1" 200 22
120.253.135.82 - - [16/May/2024:11:38:01 +0800] "GET /xingrg/all/function/internal_message.html?_=1715830868339&CODE_STATE=getMsg HTTP/1.1" 200 27
114.95.186.91 - - [16/May/2024:11:38:02 +0800] "GET /xingrg/all/function/internal_message.html?_=1715830682160&CODE_STATE=getMsg HTTP/1.1" 200 27
114.95.186.91 - - [16/May/2024:11:38:02 +0800] "GET /xingrg/check_reg.html?_=1715830682161 HTTP/1.1" 200 22
120.253.135.82 - - [16/May/2024:11:38:03 +0800] "POST /xingrg/kc/buy/cgsh_list_operate.html HTTP/1.1" 200 2259
114.83.217.213 - - [16/May/2024:11:38:04 +0800] "POST /xingrg/dwr/call/plaincall/AjaxQqpsService.getMaterielByCode.dwr HTTP/1.1" 200 2814
116.238.97.31 - - [16/May/2024:11:38:05 +0800] "GET /xingrg/check_reg.html?_=1715830685313 HTTP/1.1" 200 22
116.238.97.31 - - [16/May/2024:11:38:05 +0800] "GET /xingrg/all/function/internal_message.html?_=1715830685360&CODE_STATE=getMsg HTTP/1.1" 200 27
114.83.217.213 - - [16/May/2024:11:38:06 +0800] "POST /xingrg/dwr/call/plaincall/AjaxQqpsService.saveMaterielItem.dwr HTTP/1.1" 200 79
116.235.245.51 - - [16/May/2024:11:38:06 +0800] "GET /xingrg/check_reg.html?_=1715830698471 HTTP/1.1" 200 22
120.253.135.82 - - [16/May/2024:11:38:07 +0800] "POST /xingrg/kc/buy/cgsh_list_operate.html HTTP/1.1" 200 355
222.69.130.103 - - [16/May/2024:11:38:08 +0800] "GET /xingrg/all/function/internal_message.html?_=1715830689935&CODE_STATE=getMsg HTTP/1.1" 200 27
180.169.147.146 - - [16/May/2024:11:38:09 +0800] "GET /xingrg/all/function/internal_message.html?_=1715830689320&CODE_STATE=getMsg HTTP/1.1" 200 27
114.84.152.157 - - [16/May/2024:11:38:09 +0800] "GET /xingrg/check_reg.html?_=1715829057109 HTTP/1.1" 200 22
114.84.152.157 - - [16/May/2024:11:38:09 +0800] "GET /xingrg/all/function/internal_message.html?_=1715829057106&CODE_STATE=getMsg HTTP/1.1" 200 27
116.235.245.51 - - [16/May/2024:11:38:10 +0800] "GET /xingrg/all/function/internal_message.html?_=1715830701944&CODE_STATE=getMsg HTTP/1.1" 200 27
120.253.135.82 - - [16/May/2024:11:38:10 +0800] "GET /xingrg/kc/buy/cgsh_order_info.html?code=212024051604433 HTTP/1.1" 200 73636
101.83.144.49 - - [16/May/2024:11:38:10 +0800] "GET /xingrg/all/function/internal_message.html?_=1715830690927&CODE_STATE=getMsg HTTP/1.1" 200 27
120.253.135.82 - - [16/May/2024:11:38:10 +0800] "GET /xingrg/javascript/easyui/themes/default/validatebox.css HTTP/1.1" 404 1104
114.84.152.157 - - [16/May/2024:11:38:11 +0800] "GET /xingrg/kc/base/wldb_order_operate.html?command=get_materiel&rest_code=00143&base_code=0010216&code=00101019831 HTTP/1.1" 200 449
120.253.135.82 - - [16/May/2024:11:38:11 +0800] "POST /xingrg/kc/buy/cgsh_order_operate.html HTTP/1.1" 200 3881
180.169.147.146 - - [16/May/2024:11:38:12 +0800] "GET /xingrg/all/function/internal_message.html?_=1715830692502&CODE_STATE=getMsg HTTP/1.1" 200 27
222.67.233.39 - - [16/May/2024:11:38:14 +0800] "GET /xingrg/all/function/internal_message.html?_=1715830694460&CODE_STATE=getMsg HTTP/1.1" 200 27
116.237.75.78 - - [16/May/2024:11:38:18 +0800] "GET /xingrg/all/function/internal_message.html?_=1715830690753&CODE_STATE=getMsg HTTP/1.1" 200 27
180.156.239.18 - - [16/May/2024:11:38:20 +0800] "GET /xingrg/all/function/internal_message.html?_=1715830699872&CODE_STATE=getMsg HTTP/1.1" 200 27
101.83.144.49 - - [16/May/2024:11:38:20 +0800] "GET /xingrg/all/function/internal_message.html?_=1715830447521&CODE_STATE=getMsg HTTP/1.1" 200 27
120.253.135.82 - - [16/May/2024:11:38:21 +0800] "GET /xingrg/kc/print/load_data.html?order_code=212024051604433&kc_code=cgsh&condition= HTTP/1.1" 200 1210
124.79.240.51 - - [16/May/2024:11:38:23 +0800] "GET /xingrg/all/function/internal_message.html?_=1715830745225&CODE_STATE=getMsg HTTP/1.1" 200 27
180.164.6.225 - - [16/May/2024:11:38:26 +0800] "GET /xingrg/all/function/internal_message.html?_=1715830705847&CODE_STATE=getMsg HTTP/1.1" 200 27
116.235.245.51 - - [16/May/2024:11:38:32 +0800] "GET /xingrg/check_reg.html?_=1715830726136 HTTP/1.1" 200 22
116.235.245.51 - - [16/May/2024:11:38:32 +0800] "GET /xingrg/all/function/internal_message.html?_=1715830726386&CODE_STATE=getMsg HTTP/1.1" 200 27
222.67.233.39 - - [16/May/2024:11:38:39 +0800] "GET /xingrg/check_reg.html?_=1715830719492 HTTP/1.1" 200 22
114.95.186.91 - - [16/May/2024:11:38:47 +0800] "GET /xingrg/all/function/internal_message.html?_=1715830726897&CODE_STATE=getMsg HTTP/1.1" 200 27
222.70.183.82 - - [16/May/2024:11:38:47 +0800] "GET /xingrg/all/function/internal_message.html?_=1715830723396&CODE_STATE=getMsg HTTP/1.1" 200 27
114.84.152.157 - - [16/May/2024:11:38:48 +0800] "GET /xingrg/kc/base/wldb_order_operate.html?command=get_materiel&rest_code=00143&base_code=0010216&code=00101019830 HTTP/1.1" 200 457
120.253.135.82 - - [16/May/2024:11:38:50 +0800] "POST /xingrg/kc/buy/cgsh_order_operate.html HTTP/1.1" 200 37
114.83.217.213 - - [16/May/2024:11:38:51 +0800] "GET /xingrg/all/function/internal_message.html?_=1715830729096&CODE_STATE=getMsg HTTP/1.1" 200 27
116.232.195.13 - - [16/May/2024:11:38:53 +0800] "GET /xingrg/all/function/internal_message.html?_=1715830734226&CODE_STATE=getMsg HTTP/1.1" 200 27
116.232.195.13 - - [16/May/2024:11:38:56 +0800] "GET /xingrg/all/function/internal_message.html?_=1715830702735&CODE_STATE=getMsg HTTP/1.1" 200 27
101.80.230.31 - - [16/May/2024:11:38:58 +0800] "GET /xingrg/all/function/internal_message.html?_=1715830744759&CODE_STATE=getMsg HTTP/1.1" 200 27
120.253.135.82 - - [16/May/2024:11:39:01 +0800] "GET /xingrg/all/function/internal_message.html?_=1715830928345&CODE_STATE=getMsg HTTP/1.1" 200 27
120.253.135.82 - - [16/May/2024:11:39:01 +0800] "GET /xingrg/check_reg.html?_=1715830928349 HTTP/1.1" 200 22
120.253.135.82 - - [16/May/2024:11:39:02 +0800] "POST /xingrg/kc/buy/cgsh_order_operate.html HTTP/1.1" 200 12
114.95.186.91 - - [16/May/2024:11:39:03 +0800] "GET /xingrg/all/function/internal_message.html?_=1715830743157&CODE_STATE=getMsg HTTP/1.1" 200 27
116.238.97.31 - - [16/May/2024:11:39:05 +0800] "GET /xingrg/all/function/internal_message.html?_=1715830745337&CODE_STATE=getMsg HTTP/1.1" 200 27
222.69.130.103 - - [16/May/2024:11:39:08 +0800] "GET /xingrg/all/function/internal_message.html?_=1715830749922&CODE_STATE=getMsg HTTP/1.1" 200 27
180.169.147.146 - - [16/May/2024:11:39:09 +0800] "GET /xingrg/all/function/internal_message.html?_=1715830749319&CODE_STATE=getMsg HTTP/1.1" 200 27
114.84.152.157 - - [16/May/2024:11:39:09 +0800] "GET /xingrg/all/function/internal_message.html?_=1715829117119&CODE_STATE=getMsg HTTP/1.1" 200 27
116.235.245.51 - - [16/May/2024:11:39:10 +0800] "GET /xingrg/all/function/internal_message.html?_=1715830761958&CODE_STATE=getMsg HTTP/1.1" 200 27
101.83.144.49 - - [16/May/2024:11:39:10 +0800] "GET /xingrg/check_reg.html?_=1715830750928 HTTP/1.1" 200 22
101.83.144.49 - - [16/May/2024:11:39:10 +0800] "GET /xingrg/all/function/internal_message.html?_=1715830750932&CODE_STATE=getMsg HTTP/1.1" 200 27
180.169.147.146 - - [16/May/2024:11:39:12 +0800] "GET /xingrg/all/function/internal_message.html?_=1715830752494&CODE_STATE=getMsg HTTP/1.1" 200 27
116.238.97.31 - - [16/May/2024:11:39:13 +0800] "POST /xingrg/kc/mdqp/pssh_list_operate.html HTTP/1.1" 200 471
222.67.233.39 - - [16/May/2024:11:39:14 +0800] "GET /xingrg/all/function/internal_message.html?_=1715830754435&CODE_STATE=getMsg HTTP/1.1" 200 27
116.238.97.31 - - [16/May/2024:11:39:16 +0800] "GET /xingrg/kc/mdqp/pssh_order_info.html?code=312024051500285 HTTP/1.1" 200 17271
116.238.97.31 - - [16/May/2024:11:39:16 +0800] "GET /xingrg/javascript/jquery_tools/jquery-1.4.2.min.js HTTP/1.1" 404 1094
116.238.97.31 - - [16/May/2024:11:39:16 +0800] "GET /xingrg/javascript/easyui/themes/default/validatebox.css HTTP/1.1" 404 1104
116.238.97.31 - - [16/May/2024:11:39:16 +0800] "POST /xingrg/kc/mdqp/pssh_order_operate.html HTTP/1.1" 200 1616
116.237.75.78 - - [16/May/2024:11:39:18 +0800] "GET /xingrg/all/function/internal_message.html?_=1715830750724&CODE_STATE=getMsg HTTP/1.1" 200 27
116.238.97.31 - - [16/May/2024:11:39:18 +0800] "GET /xingrg/kc/mdqp/pssh_order_list.html?isBack=1 HTTP/1.1" 200 18169
116.238.97.31 - - [16/May/2024:11:39:19 +0800] "POST /xingrg/kc/mdqp/pssh_list_operate.html HTTP/1.1" 200 5109
180.156.239.18 - - [16/May/2024:11:39:20 +0800] "GET /xingrg/all/function/internal_message.html?_=1715830759865&CODE_STATE=getMsg HTTP/1.1" 200 27
101.83.144.49 - - [16/May/2024:11:39:20 +0800] "GET /xingrg/all/function/internal_message.html?_=1715830507490&CODE_STATE=getMsg HTTP/1.1" 200 27
124.79.240.51 - - [16/May/2024:11:39:23 +0800] "GET /xingrg/all/function/internal_message.html?_=1715830805223&CODE_STATE=getMsg HTTP/1.1" 200 27
124.79.240.51 - - [16/May/2024:11:39:23 +0800] "GET /xingrg/check_reg.html?_=1715830805225 HTTP/1.1" 200 22
114.84.152.157 - - [16/May/2024:11:39:25 +0800] "GET /xingrg/kc/base/wldb_order_operate.html?command=get_materiel&rest_code=00143&base_code=0010216&code=00101012077 HTTP/1.1" 200 438
180.164.6.225 - - [16/May/2024:11:39:25 +0800] "GET /xingrg/all/function/internal_message.html?_=1715830765820&CODE_STATE=getMsg HTTP/1.1" 200 27
116.238.97.31 - - [16/May/2024:11:39:26 +0800] "GET /xingrg/kc/buy/cgsh_order_list.html HTTP/1.1" 200 58780
116.238.97.31 - - [16/May/2024:11:39:30 +0800] "POST /xingrg/kc/buy/cgsh_list_operate.html HTTP/1.1" 200 1363
116.235.245.51 - - [16/May/2024:11:39:32 +0800] "GET /xingrg/all/function/internal_message.html?_=1715830786398&CODE_STATE=getMsg HTTP/1.1" 200 27
114.83.217.213 - - [16/May/2024:11:39:33 +0800] "POST /xingrg/dwr/call/plaincall/AjaxQqpsService.getMaterielByCode.dwr HTTP/1.1" 200 2818
114.83.217.213 - - [16/May/2024:11:39:40 +0800] "POST /xingrg/dwr/call/plaincall/AjaxQqpsService.saveMaterielItem.dwr HTTP/1.1" 200 79
114.83.217.213 - - [16/May/2024:11:39:43 +0800] "POST /xingrg/dwr/call/plaincall/AjaxQqpsService.checkOrder.dwr HTTP/1.1" 200 79
114.83.217.213 - - [16/May/2024:11:39:45 +0800] "GET /xingrg/kc/mdqp/qqps_order_info.html?code=302024051600235 HTTP/1.1" 200 26720
114.83.217.213 - - [16/May/2024:11:39:45 +0800] "GET /xingrg/dwr/interface/AjaxComOrderService.js HTTP/1.1" 200 18264
114.83.217.213 - - [16/May/2024:11:39:45 +0800] "GET /xingrg/dwr/interface/AjaxQqpsService.js HTTP/1.1" 200 16326
114.83.217.213 - - [16/May/2024:11:39:45 +0800] "GET /xingrg/dwr/engine.js HTTP/1.1" 200 43631
114.83.217.213 - - [16/May/2024:11:39:46 +0800] "POST /xingrg/dwr/call/plaincall/AjaxQqpsService.loadMaterielItems.dwr HTTP/1.1" 200 7793
114.95.186.91 - - [16/May/2024:11:39:47 +0800] "GET /xingrg/all/function/internal_message.html?_=1715830786892&CODE_STATE=getMsg HTTP/1.1" 200 27
222.70.183.82 - - [16/May/2024:11:39:47 +0800] "GET /xingrg/all/function/internal_message.html?_=1715830783384&CODE_STATE=getMsg HTTP/1.1" 200 27
114.83.217.213 - - [16/May/2024:11:39:51 +0800] "GET /xingrg/all/function/internal_message.html?_=1715830789082&CODE_STATE=getMsg HTTP/1.1" 200 27
114.83.217.213 - - [16/May/2024:11:39:51 +0800] "GET /xingrg/check_reg.html?_=1715830789226 HTTP/1.1" 200 22
116.232.195.13 - - [16/May/2024:11:39:53 +0800] "GET /xingrg/all/function/internal_message.html?_=1715830794222&CODE_STATE=getMsg HTTP/1.1" 200 27
116.232.195.13 - - [16/May/2024:11:39:56 +0800] "GET /xingrg/all/function/internal_message.html?_=1715830762728&CODE_STATE=getMsg HTTP/1.1" 200 27
101.80.230.31 - - [16/May/2024:11:39:58 +0800] "GET /xingrg/all/function/internal_message.html?_=1715830804761&CODE_STATE=getMsg HTTP/1.1" 200 27
120.253.135.82 - - [16/May/2024:11:40:01 +0800] "GET /xingrg/all/function/internal_message.html?_=1715830988348&CODE_STATE=getMsg HTTP/1.1" 200 27
114.95.186.91 - - [16/May/2024:11:40:04 +0800] "GET /xingrg/all/function/internal_message.html?_=1715830804147&CODE_STATE=getMsg HTTP/1.1" 200 27
116.238.97.31 - - [16/May/2024:11:40:05 +0800] "GET /xingrg/all/function/internal_message.html?_=1715830805331&CODE_STATE=getMsg HTTP/1.1" 200 27
120.253.135.82 - - [16/May/2024:11:40:08 +0800] "GET /xingrg/all/function/internal_message.html?_=1715830659465&CODE_STATE=getMsg HTTP/1.1" 200 27
222.69.130.103 - - [16/May/2024:11:40:08 +0800] "GET /xingrg/all/function/internal_message.html?_=1715830809927&CODE_STATE=getMsg HTTP/1.1" 200 27
222.69.130.103 - - [16/May/2024:11:40:08 +0800] "GET /xingrg/check_reg.html?_=1715830809930 HTTP/1.1" 200 22
120.253.135.82 - - [16/May/2024:11:40:08 +0800] "GET /xingrg/kc/buy/cgsh_order_info.html?code=212024051604433 HTTP/1.1" 200 68536
180.169.147.146 - - [16/May/2024:11:40:09 +0800] "GET /xingrg/all/function/internal_message.html?_=1715830809318&CODE_STATE=getMsg HTTP/1.1" 200 27
120.253.135.82 - - [16/May/2024:11:40:09 +0800] "GET /xingrg/javascript/easyui/themes/default/validatebox.css HTTP/1.1" 404 1104
114.84.152.157 - - [16/May/2024:11:40:09 +0800] "GET /xingrg/all/function/internal_message.html?_=1715829177117&CODE_STATE=getMsg HTTP/1.1" 200 27
116.235.245.51 - - [16/May/2024:11:40:10 +0800] "GET /xingrg/all/function/internal_message.html?_=1715830821986&CODE_STATE=getMsg HTTP/1.1" 200 27
101.83.144.49 - - [16/May/2024:11:40:10 +0800] "GET /xingrg/all/function/internal_message.html?_=1715830810932&CODE_STATE=getMsg HTTP/1.1" 200 27
120.253.135.82 - - [16/May/2024:11:40:10 +0800] "POST /xingrg/kc/buy/cgsh_order_operate.html HTTP/1.1" 200 1831
180.169.147.146 - - [16/May/2024:11:40:12 +0800] "GET /xingrg/all/function/internal_message.html?_=1715830812503&CODE_STATE=getMsg HTTP/1.1" 200 27
222.67.233.39 - - [16/May/2024:11:40:14 +0800] "GET /xingrg/all/function/internal_message.html?_=1715830814427&CODE_STATE=getMsg HTTP/1.1" 200 27
116.237.75.78 - - [16/May/2024:11:40:16 +0800] "GET /xingrg/check_reg.html?_=1715830809252 HTTP/1.1" 200 22
116.237.75.78 - - [16/May/2024:11:40:18 +0800] "GET /xingrg/all/function/internal_message.html?_=1715830810704&CODE_STATE=getMsg HTTP/1.1" 200 27
180.156.239.18 - - [16/May/2024:11:40:20 +0800] "GET /xingrg/all/function/internal_message.html?_=1715830819881&CODE_STATE=getMsg HTTP/1.1" 200 27
101.83.144.49 - - [16/May/2024:11:40:20 +0800] "GET /xingrg/all/function/internal_message.html?_=1715830567475&CODE_STATE=getMsg HTTP/1.1" 200 27
124.79.240.51 - - [16/May/2024:11:40:23 +0800] "GET /xingrg/all/function/internal_message.html?_=1715830865223&CODE_STATE=getMsg HTTP/1.1" 200 27
180.164.6.225 - - [16/May/2024:11:40:25 +0800] "GET /xingrg/all/function/internal_message.html?_=1715830825814&CODE_STATE=getMsg HTTP/1.1" 200 27
120.253.135.82 - - [16/May/2024:11:40:26 +0800] "POST /xingrg/kc/buy/cgsh_list_operate.html HTTP/1.1" 200 1960
116.238.97.31 - - [16/May/2024:11:40:26 +0800] "POST /xingrg/kc/buy/cgsh_list_operate.html HTTP/1.1" 200 605
114.84.152.157 - - [16/May/2024:11:40:26 +0800] "GET /xingrg/kc/base/wldb_order_operate.html?command=get_materiel&rest_code=00143&base_code=0010216&code=00101019509 HTTP/1.1" 200 463
116.238.97.31 - - [16/May/2024:11:40:28 +0800] "GET /xingrg/kc/buy/cgsh_order_info.html?code=212024051604427 HTTP/1.1" 200 74596
116.238.97.31 - - [16/May/2024:11:40:28 +0800] "GET /xingrg/javascript/easyui/themes/default/validatebox.css HTTP/1.1" 404 1104
116.238.97.31 - - [16/May/2024:11:40:29 +0800] "POST /xingrg/kc/buy/cgsh_order_operate.html HTTP/1.1" 200 5661
116.235.245.51 - - [16/May/2024:11:40:32 +0800] "GET /xingrg/all/function/internal_message.html?_=1715830846413&CODE_STATE=getMsg HTTP/1.1" 200 27
116.238.97.31 - - [16/May/2024:11:40:38 +0800] "GET /xingrg/javascript/auto/indicator.gif HTTP/1.1" 404 1066
120.253.135.82 - - [16/May/2024:11:40:42 +0800] "POST /xingrg/kc/buy/cgsh_list_operate.html HTTP/1.1" 200 277
116.238.97.31 - - [16/May/2024:11:40:43 +0800] "GET /xingrg/kc/buy/cgsh_order_operate.html?command=get_materiel&rest_code=00102&code=00101006056&supplier_code=00100151&order_time=2024-05-16 HTTP/1.1" 200 415
120.253.135.82 - - [16/May/2024:11:40:46 +0800] "GET /xingrg/kc/buy/cgsh_order_info.html?code=212024051604431 HTTP/1.1" 200 73626
120.253.135.82 - - [16/May/2024:11:40:46 +0800] "GET /xingrg/javascript/easyui/themes/default/validatebox.css HTTP/1.1" 404 1104
114.95.186.91 - - [16/May/2024:11:40:47 +0800] "GET /xingrg/all/function/internal_message.html?_=1715830846898&CODE_STATE=getMsg HTTP/1.1" 200 27
222.70.183.82 - - [16/May/2024:11:40:47 +0800] "GET /xingrg/all/function/internal_message.html?_=1715830843371&CODE_STATE=getMsg HTTP/1.1" 200 27
120.253.135.82 - - [16/May/2024:11:40:47 +0800] "POST /xingrg/kc/buy/cgsh_order_operate.html HTTP/1.1" 200 3262
114.83.217.213 - - [16/May/2024:11:40:51 +0800] "GET /xingrg/all/function/internal_message.html?_=1715830849054&CODE_STATE=getMsg HTTP/1.1" 200 27
116.232.195.13 - - [16/May/2024:11:40:53 +0800] "GET /xingrg/all/function/internal_message.html?_=1715830854240&CODE_STATE=getMsg HTTP/1.1" 200 27
116.238.97.31 - - [16/May/2024:11:40:54 +0800] "GET /xingrg/kc/buy/cgsh_order_operate.html?command=get_materiel&rest_code=00102&code=00101006027&supplier_code=00100151&order_time=2024-05-16 HTTP/1.1" 200 408
116.232.195.13 - - [16/May/2024:11:40:56 +0800] "GET /xingrg/all/function/internal_message.html?_=1715830822726&CODE_STATE=getMsg HTTP/1.1" 200 27
101.80.230.31 - - [16/May/2024:11:40:58 +0800] "GET /xingrg/all/function/internal_message.html?_=1715830864763&CODE_STATE=getMsg HTTP/1.1" 200 27
120.253.135.82 - - [16/May/2024:11:41:02 +0800] "GET /xingrg/all/function/internal_message.html?_=1715831048352&CODE_STATE=getMsg HTTP/1.1" 200 27
116.238.97.31 - - [16/May/2024:11:41:05 +0800] "GET /xingrg/all/function/internal_message.html?_=1715830865315&CODE_STATE=getMsg HTTP/1.1" 200 27
114.95.186.91 - - [16/May/2024:11:41:05 +0800] "GET /xingrg/all/function/internal_message.html?_=1715830865149&CODE_STATE=getMsg HTTP/1.1" 200 27
116.238.97.31 - - [16/May/2024:11:41:06 +0800] "GET /xingrg/kc/buy/cgsh_order_operate.html?command=get_materiel&rest_code=00102&code=00101006184&supplier_code=00100151&order_time=2024-05-16 HTTP/1.1" 200 410
120.253.135.82 - - [16/May/2024:11:41:08 +0800] "GET /xingrg/all/function/internal_message.html?_=1715830719477&CODE_STATE=getMsg HTTP/1.1" 200 27
222.69.130.103 - - [16/May/2024:11:41:08 +0800] "GET /xingrg/all/function/internal_message.html?_=1715830869934&CODE_STATE=getMsg HTTP/1.1" 200 27
180.169.147.146 - - [16/May/2024:11:41:09 +0800] "GET /xingrg/all/function/internal_message.html?_=1715830869316&CODE_STATE=getMsg HTTP/1.1" 200 27
180.169.147.146 - - [16/May/2024:11:41:09 +0800] "GET /xingrg/check_reg.html?_=1715830869317 HTTP/1.1" 200 22
114.84.152.157 - - [16/May/2024:11:41:09 +0800] "GET /xingrg/all/function/internal_message.html?_=1715829237108&CODE_STATE=getMsg HTTP/1.1" 200 27
116.235.245.51 - - [16/May/2024:11:41:10 +0800] "GET /xingrg/all/function/internal_message.html?_=1715830882001&CODE_STATE=getMsg HTTP/1.1" 200 27
101.83.144.49 - - [16/May/2024:11:41:10 +0800] "GET /xingrg/all/function/internal_message.html?_=1715830870917&CODE_STATE=getMsg HTTP/1.1" 200 27
120.253.135.82 - - [16/May/2024:11:41:12 +0800] "GET /xingrg/kc/print/load_data.html?order_code=212024051604431&kc_code=cgsh&condition= HTTP/1.1" 200 952
180.169.147.146 - - [16/May/2024:11:41:12 +0800] "GET /xingrg/all/function/internal_message.html?_=1715830872492&CODE_STATE=getMsg HTTP/1.1" 200 27
222.67.233.39 - - [16/May/2024:11:41:14 +0800] "GET /xingrg/all/function/internal_message.html?_=1715830874408&CODE_STATE=getMsg HTTP/1.1" 200 27
222.70.183.82 - - [16/May/2024:11:41:16 +0800] "GET /xingrg/check_reg.html?_=1715830872450 HTTP/1.1" 200 22
116.237.75.78 - - [16/May/2024:11:41:18 +0800] "GET /xingrg/all/function/internal_message.html?_=1715830870690&CODE_STATE=getMsg HTTP/1.1" 200 27
180.156.239.18 - - [16/May/2024:11:41:20 +0800] "GET /xingrg/all/function/internal_message.html?_=1715830879874&CODE_STATE=getMsg HTTP/1.1" 200 27
101.83.144.49 - - [16/May/2024:11:41:20 +0800] "GET /xingrg/all/function/internal_message.html?_=1715830627460&CODE_STATE=getMsg HTTP/1.1" 200 27
114.84.152.157 - - [16/May/2024:11:41:22 +0800] "GET /xingrg/kc/base/wldb_order_operate.html?command=get_materiel&rest_code=00143&base_code=0010216&code=00101019074 HTTP/1.1" 200 471
124.79.240.51 - - [16/May/2024:11:41:23 +0800] "GET /xingrg/all/function/internal_message.html?_=1715830925225&CODE_STATE=getMsg HTTP/1.1" 200 27
180.164.6.225 - - [16/May/2024:11:41:25 +0800] "GET /xingrg/all/function/internal_message.html?_=1715830885799&CODE_STATE=getMsg HTTP/1.1" 200 27
116.235.245.51 - - [16/May/2024:11:41:32 +0800] "GET /xingrg/all/function/internal_message.html?_=1715830906431&CODE_STATE=getMsg HTTP/1.1" 200 27
120.253.135.82 - - [16/May/2024:11:41:32 +0800] "POST /xingrg/kc/buy/cgsh_order_operate.html HTTP/1.1" 200 37
116.238.97.31 - - [16/May/2024:11:41:46 +0800] "GET /favicon.ico HTTP/1.1" 404 -
222.70.183.82 - - [16/May/2024:11:41:47 +0800] "GET /xingrg/all/function/internal_message.html?_=1715830903378&CODE_STATE=getMsg HTTP/1.1" 200 27
114.95.186.91 - - [16/May/2024:11:41:47 +0800] "GET /xingrg/all/function/internal_message.html?_=1715830906897&CODE_STATE=getMsg HTTP/1.1" 200 27
114.95.186.91 - - [16/May/2024:11:41:47 +0800] "GET /xingrg/check_reg.html?_=1715830906901 HTTP/1.1" 200 22
114.83.217.213 - - [16/May/2024:11:41:51 +0800] "GET /xingrg/all/function/internal_message.html?_=1715830909028&CODE_STATE=getMsg HTTP/1.1" 200 27
116.232.195.13 - - [16/May/2024:11:41:53 +0800] "GET /xingrg/all/function/internal_message.html?_=1715830914242&CODE_STATE=getMsg HTTP/1.1" 200 27
120.253.135.82 - - [16/May/2024:11:41:54 +0800] "POST /xingrg/kc/buy/cgsh_order_operate.html HTTP/1.1" 200 12
116.232.195.13 - - [16/May/2024:11:41:56 +0800] "GET /xingrg/all/function/internal_message.html?_=1715830882737&CODE_STATE=getMsg HTTP/1.1" 200 27
120.253.135.82 - - [16/May/2024:11:41:58 +0800] "GET /xingrg/kc/buy/cgsh_order_info.html?code=212024051604431 HTTP/1.1" 200 68526
101.80.230.31 - - [16/May/2024:11:41:58 +0800] "GET /xingrg/all/function/internal_message.html?_=1715830924765&CODE_STATE=getMsg HTTP/1.1" 200 27
120.253.135.82 - - [16/May/2024:11:41:58 +0800] "GET /xingrg/javascript/easyui/themes/default/validatebox.css HTTP/1.1" 404 1104
120.253.135.82 - - [16/May/2024:11:41:59 +0800] "POST /xingrg/kc/buy/cgsh_order_operate.html HTTP/1.1" 200 1212
120.253.135.82 - - [16/May/2024:11:42:02 +0800] "GET /xingrg/all/function/internal_message.html?_=1715831108357&CODE_STATE=getMsg HTTP/1.1" 200 27
116.238.97.31 - - [16/May/2024:11:42:05 +0800] "GET /xingrg/all/function/internal_message.html?_=1715830925302&CODE_STATE=getMsg HTTP/1.1" 200 27
114.95.186.91 - - [16/May/2024:11:42:05 +0800] "GET /xingrg/all/function/internal_message.html?_=1715830925148&CODE_STATE=getMsg HTTP/1.1" 200 27
116.238.97.31 - - [16/May/2024:11:42:07 +0800] "POST /xingrg/kc/buy/cgsh_order_operate.html HTTP/1.1" 200 37
222.69.130.103 - - [16/May/2024:11:42:08 +0800] "GET /xingrg/all/function/internal_message.html?_=1715830929932&CODE_STATE=getMsg HTTP/1.1" 200 27
120.253.135.82 - - [16/May/2024:11:42:08 +0800] "GET /xingrg/all/function/internal_message.html?_=1715830779594&CODE_STATE=getMsg HTTP/1.1" 200 27
180.169.147.146 - - [16/May/2024:11:42:09 +0800] "GET /xingrg/all/function/internal_message.html?_=1715830929315&CODE_STATE=getMsg HTTP/1.1" 200 27
120.253.135.82 - - [16/May/2024:11:42:09 +0800] "POST /xingrg/kc/buy/cgsh_list_operate.html HTTP/1.1" 200 1672
114.84.152.157 - - [16/May/2024:11:42:09 +0800] "GET /xingrg/all/function/internal_message.html?_=1715829297110&CODE_STATE=getMsg HTTP/1.1" 200 27
116.235.245.51 - - [16/May/2024:11:42:10 +0800] "GET /xingrg/all/function/internal_message.html?_=1715830942029&CODE_STATE=getMsg HTTP/1.1" 200 27
101.83.144.49 - - [16/May/2024:11:42:10 +0800] "GET /xingrg/all/function/internal_message.html?_=1715830930918&CODE_STATE=getMsg HTTP/1.1" 200 27
120.253.135.82 - - [16/May/2024:11:42:12 +0800] "POST /xingrg/kc/buy/cgsh_list_operate.html HTTP/1.1" 200 275
180.169.147.146 - - [16/May/2024:11:42:12 +0800] "GET /xingrg/all/function/internal_message.html?_=1715830932510&CODE_STATE=getMsg HTTP/1.1" 200 27
180.169.147.146 - - [16/May/2024:11:42:12 +0800] "GET /xingrg/check_reg.html?_=1715830932511 HTTP/1.1" 200 22
120.253.135.82 - - [16/May/2024:11:42:14 +0800] "GET /xingrg/kc/buy/cgsh_order_info.html?code=212024051604434 HTTP/1.1" 200 73622
222.67.233.39 - - [16/May/2024:11:42:14 +0800] "GET /xingrg/all/function/internal_message.html?_=1715830934379&CODE_STATE=getMsg HTTP/1.1" 200 27
120.253.135.82 - - [16/May/2024:11:42:14 +0800] "GET /xingrg/javascript/easyui/themes/default/validatebox.css HTTP/1.1" 404 1104
120.253.135.82 - - [16/May/2024:11:42:15 +0800] "POST /xingrg/kc/buy/cgsh_order_operate.html HTTP/1.1" 200 3260
116.237.75.78 - - [16/May/2024:11:42:18 +0800] "GET /xingrg/all/function/internal_message.html?_=1715830930672&CODE_STATE=getMsg HTTP/1.1" 200 27
180.156.239.18 - - [16/May/2024:11:42:20 +0800] "GET /xingrg/all/function/internal_message.html?_=1715830939865&CODE_STATE=getMsg HTTP/1.1" 200 27
180.156.239.18 - - [16/May/2024:11:42:20 +0800] "GET /xingrg/check_reg.html?_=1715830939869 HTTP/1.1" 200 22
101.83.144.49 - - [16/May/2024:11:42:20 +0800] "GET /xingrg/all/function/internal_message.html?_=1715830687445&CODE_STATE=getMsg HTTP/1.1" 200 27
101.83.144.49 - - [16/May/2024:11:42:21 +0800] "GET /xingrg/check_reg.html?_=1715830688290 HTTP/1.1" 200 22
124.79.240.51 - - [16/May/2024:11:42:23 +0800] "GET /xingrg/all/function/internal_message.html?_=1715830985223&CODE_STATE=getMsg HTTP/1.1" 200 27
120.253.135.82 - - [16/May/2024:11:42:24 +0800] "GET /xingrg/kc/print/load_data.html?order_code=212024051604434&kc_code=cgsh&condition= HTTP/1.1" 200 959
180.164.6.225 - - [16/May/2024:11:42:25 +0800] "GET /xingrg/all/function/internal_message.html?_=1715830945788&CODE_STATE=getMsg HTTP/1.1" 200 27
180.164.6.225 - - [16/May/2024:11:42:27 +0800] "GET /xingrg/check_reg.html?_=1715830947005 HTTP/1.1" 200 22
116.235.245.51 - - [16/May/2024:11:42:32 +0800] "GET /xingrg/all/function/internal_message.html?_=1715830966439&CODE_STATE=getMsg HTTP/1.1" 200 27
114.84.152.157 - - [16/May/2024:11:42:38 +0800] "GET /xingrg/kc/base/wldb_order_operate.html?command=get_materiel&rest_code=00143&base_code=0010216&code=00101019253 HTTP/1.1" 200 482
222.70.183.82 - - [16/May/2024:11:42:47 +0800] "GET /xingrg/all/function/internal_message.html?_=1715830963366&CODE_STATE=getMsg HTTP/1.1" 200 27
114.95.186.91 - - [16/May/2024:11:42:47 +0800] "GET /xingrg/all/function/internal_message.html?_=1715830966900&CODE_STATE=getMsg HTTP/1.1" 200 27
120.253.135.82 - - [16/May/2024:11:42:47 +0800] "POST /xingrg/kc/buy/cgsh_order_operate.html HTTP/1.1" 200 37
114.83.217.213 - - [16/May/2024:11:42:51 +0800] "GET /xingrg/all/function/internal_message.html?_=1715830969013&CODE_STATE=getMsg HTTP/1.1" 200 27
120.253.135.82 - - [16/May/2024:11:42:53 +0800] "GET /xingrg/check_reg.html?_=1715830824406 HTTP/1.1" 200 22
116.232.195.13 - - [16/May/2024:11:42:53 +0800] "GET /xingrg/check_reg.html?_=1715830974228 HTTP/1.1" 200 22
