180.156.239.18 - - [15/May/2024:12:11:48 +0800] "GET /xingrg/dwr/interface/AjaxYddbService.js HTTP/1.1" 200 13201
120.253.135.82 - - [15/May/2024:12:11:48 +0800] "GET /xingrg/kc/buy/cgsh_order_add.html HTTP/1.1" 200 73644
180.156.239.18 - - [15/May/2024:12:11:48 +0800] "GET /xingrg/dwr/engine.js HTTP/1.1" 200 43631
120.253.135.82 - - [15/May/2024:12:11:49 +0800] "POST /xingrg/kc/buy/cgsh_order_operate.html HTTP/1.1" 200 8245
120.253.135.82 - - [15/May/2024:12:11:49 +0800] "GET /xingrg/javascript/easyui/themes/default/validatebox.css HTTP/1.1" 404 1104
120.253.135.82 - - [15/May/2024:12:11:49 +0800] "GET /xingrg/all/common/auto_word.html?type=employee&rest_code=00101 HTTP/1.1" 200 1019
114.83.218.92 - - [15/May/2024:12:11:49 +0800] "GET /xingrg/all/function/internal_message.html?_=1715746309112&CODE_STATE=getMsg HTTP/1.1" 200 27
120.253.135.82 - - [15/May/2024:12:11:49 +0800] "GET /xingrg/all/common/auto_word.html?type=employee&rest_code=00101 HTTP/1.1" 200 1019
180.156.239.18 - - [15/May/2024:12:11:49 +0800] "POST /xingrg/dwr/call/plaincall/AjaxYddbService.loadMaterielItems.dwr HTTP/1.1" 200 1911
222.69.134.15 - - [15/May/2024:12:11:49 +0800] "GET /xingrg/all/function/internal_message.html?_=1715746309717&CODE_STATE=getMsg HTTP/1.1" 200 27
120.253.135.82 - - [15/May/2024:12:11:51 +0800] "POST /xingrg/kc/buy/cgsh_order_operate.html HTTP/1.1" 200 12
120.253.135.82 - - [15/May/2024:12:11:51 +0800] "POST /xingrg/all/common/load_combo.html?type=employee HTTP/1.1" 200 1834
180.156.239.18 - - [15/May/2024:12:11:51 +0800] "GET /xingrg/all/function/internal_message.html?_=1715746311888&CODE_STATE=getMsg HTTP/1.1" 200 27
114.83.218.92 - - [15/May/2024:12:11:52 +0800] "GET /xingrg/all/function/internal_message.html?_=1715746309771&CODE_STATE=getMsg HTTP/1.1" 200 27
101.80.230.31 - - [15/May/2024:12:11:53 +0800] "GET /xingrg/kc/buy/cgsh_order_operate.html?command=get_materiel&rest_code=00156&code=00101007082&supplier_code=00100012&order_time=2024-05-15 HTTP/1.1" 200 427
180.156.239.18 - - [15/May/2024:12:11:53 +0800] "POST /xingrg/dwr/call/plaincall/AjaxYddbService.saveOrder.dwr HTTP/1.1" 200 78
124.79.240.51 - - [15/May/2024:12:11:58 +0800] "GET /xingrg/all/function/internal_message.html?_=1715746359979&CODE_STATE=getMsg HTTP/1.1" 200 27
180.156.239.18 - - [15/May/2024:12:11:59 +0800] "POST /xingrg/dwr/call/plaincall/AjaxYddbService.objCheckOrder.dwr HTTP/1.1" 200 78
180.156.239.18 - - [15/May/2024:12:12:00 +0800] "GET /xingrg/kc/base/yddb_order_info.html?code=482024051500051 HTTP/1.1" 200 31697
180.156.239.18 - - [15/May/2024:12:12:00 +0800] "GET /xingrg/dwr/interface/AjaxComOrderService.js HTTP/1.1" 200 18264
180.156.239.18 - - [15/May/2024:12:12:00 +0800] "GET /xingrg/dwr/interface/AjaxYddbService.js HTTP/1.1" 200 13201
180.156.239.18 - - [15/May/2024:12:12:00 +0800] "GET /xingrg/dwr/engine.js HTTP/1.1" 200 43631
180.156.239.18 - - [15/May/2024:12:12:01 +0800] "POST /xingrg/dwr/call/plaincall/AjaxYddbService.loadMaterielItems.dwr HTTP/1.1" 200 1911
120.253.135.82 - - [15/May/2024:12:12:04 +0800] "GET /xingrg/kc/buy/cgsh_order_info.html?code=212024051504297 HTTP/1.1" 200 68526
120.253.135.82 - - [15/May/2024:12:12:05 +0800] "GET /xingrg/javascript/easyui/themes/default/validatebox.css HTTP/1.1" 404 1104
222.69.134.15 - - [15/May/2024:12:12:06 +0800] "GET /xingrg/kc/buy/cgsh_order_operate.html?command=get_materiel&rest_code=00154&code=00101006129&supplier_code=00100419&order_time=2024-05-15 HTTP/1.1" 200 441
120.253.135.82 - - [15/May/2024:12:12:06 +0800] "POST /xingrg/kc/buy/cgsh_order_operate.html HTTP/1.1" 200 1232
101.80.230.31 - - [15/May/2024:12:12:11 +0800] "GET /xingrg/kc/buy/cgsh_order_operate.html?command=get_materiel&rest_code=00156&code=00101001160&supplier_code=00100012&order_time=2024-05-15 HTTP/1.1" 200 408
61.170.234.181 - - [15/May/2024:12:12:13 +0800] "GET /xingrg/all/function/internal_message.html?_=1715746334773&CODE_STATE=getMsg HTTP/1.1" 200 27
58.40.7.146 - - [15/May/2024:12:12:13 +0800] "GET /xingrg/all/function/internal_message.html?_=1715746333307&CODE_STATE=getMsg HTTP/1.1" 200 27
58.40.7.146 - - [15/May/2024:12:12:13 +0800] "GET /xingrg/check_reg.html?_=1715746333309 HTTP/1.1" 200 22
61.170.234.181 - - [15/May/2024:12:12:13 +0800] "GET /xingrg/check_reg.html?_=1715746326791 HTTP/1.1" 200 22
120.253.135.82 - - [15/May/2024:12:12:18 +0800] "GET /xingrg/all/function/internal_message.html?_=1715746188963&CODE_STATE=getMsg HTTP/1.1" 200 27
222.70.183.82 - - [15/May/2024:12:12:21 +0800] "GET /xingrg/all/function/internal_message.html?_=1715746338262&CODE_STATE=getMsg HTTP/1.1" 200 27
116.232.195.13 - - [15/May/2024:12:12:25 +0800] "GET /xingrg/check_reg.html?_=1715746308017 HTTP/1.1" 200 22
218.79.24.215 - - [15/May/2024:12:12:29 +0800] "GET /xingrg/all/function/internal_message.html?_=1715746339777&CODE_STATE=getMsg HTTP/1.1" 200 27
101.80.230.31 - - [15/May/2024:12:12:35 +0800] "GET /xingrg/all/function/internal_message.html?_=1715746359420&CODE_STATE=getMsg HTTP/1.1" 200 27
101.80.230.31 - - [15/May/2024:12:12:35 +0800] "GET /xingrg/check_reg.html?_=1715746359422 HTTP/1.1" 200 22
116.232.195.13 - - [15/May/2024:12:12:35 +0800] "GET /xingrg/all/function/internal_message.html?_=1715746317560&CODE_STATE=getMsg HTTP/1.1" 200 27
101.83.144.49 - - [15/May/2024:12:12:36 +0800] "GET /xingrg/all/function/internal_message.html?_=1715746356181&CODE_STATE=getMsg HTTP/1.1" 200 27
120.253.135.82 - - [15/May/2024:12:12:36 +0800] "GET /xingrg/all/function/internal_message.html?_=1715746541792&CODE_STATE=getMsg HTTP/1.1" 200 27
61.170.234.181 - - [15/May/2024:12:12:39 +0800] "GET /xingrg/all/function/internal_message.html?_=1715746352754&CODE_STATE=getMsg HTTP/1.1" 200 27
101.83.144.49 - - [15/May/2024:12:12:46 +0800] "GET /xingrg/all/function/internal_message.html?_=1715746112952&CODE_STATE=getMsg HTTP/1.1" 200 27
114.84.152.157 - - [15/May/2024:12:12:47 +0800] "GET /xingrg/all/function/internal_message.html?_=1715744736308&CODE_STATE=getMsg HTTP/1.1" 200 27
114.83.218.92 - - [15/May/2024:12:12:49 +0800] "GET /xingrg/all/function/internal_message.html?_=1715746369110&CODE_STATE=getMsg HTTP/1.1" 200 27
222.69.134.15 - - [15/May/2024:12:12:49 +0800] "POST /xingrg/kc/buy/cgsh_order_operate.html HTTP/1.1" 200 37
120.253.135.82 - - [15/May/2024:12:12:50 +0800] "GET /xingrg/kc/buy/cgsh_order_operate.html?command=get_materiel&rest_code=00101&code=00101013130&supplier_code=00100218&order_time=2024-05-15 HTTP/1.1" 200 413
180.156.239.18 - - [15/May/2024:12:12:51 +0800] "GET /xingrg/all/function/internal_message.html?_=1715746371876&CODE_STATE=getMsg HTTP/1.1" 200 27
114.83.218.92 - - [15/May/2024:12:12:52 +0800] "GET /xingrg/all/function/internal_message.html?_=1715746369756&CODE_STATE=getMsg HTTP/1.1" 200 27
222.69.134.15 - - [15/May/2024:12:12:56 +0800] "POST /xingrg/kc/buy/cgsh_order_operate.html HTTP/1.1" 200 12
124.79.240.51 - - [15/May/2024:12:12:58 +0800] "GET /xingrg/all/function/internal_message.html?_=1715746419977&CODE_STATE=getMsg HTTP/1.1" 200 27
222.69.134.15 - - [15/May/2024:12:12:59 +0800] "GET /xingrg/kc/buy/cgsh_order_info.html?code=212024051504303 HTTP/1.1" 200 68670
222.69.134.15 - - [15/May/2024:12:13:00 +0800] "GET /xingrg/javascript/easyui/themes/default/validatebox.css HTTP/1.1" 404 1104
222.69.134.15 - - [15/May/2024:12:13:01 +0800] "POST /xingrg/kc/buy/cgsh_order_operate.html HTTP/1.1" 200 1812
222.69.134.15 - - [15/May/2024:12:13:03 +0800] "GET /xingrg/kc/print/load_data.html?order_code=212024051504303&kc_code=cgsh&condition= HTTP/1.1" 200 1170
61.170.234.181 - - [15/May/2024:12:13:13 +0800] "GET /xingrg/all/function/internal_message.html?_=1715746394758&CODE_STATE=getMsg HTTP/1.1" 200 27
58.40.7.146 - - [15/May/2024:12:13:13 +0800] "GET /xingrg/all/function/internal_message.html?_=1715746393303&CODE_STATE=getMsg HTTP/1.1" 200 27
120.253.135.82 - - [15/May/2024:12:13:18 +0800] "GET /xingrg/check_reg.html?_=1715746248652 HTTP/1.1" 200 22
120.253.135.82 - - [15/May/2024:12:13:18 +0800] "GET /xingrg/all/function/internal_message.html?_=1715746248977&CODE_STATE=getMsg HTTP/1.1" 200 27
114.83.218.92 - - [15/May/2024:12:13:18 +0800] "GET /xingrg/kc/base/wldb_order_add.html HTTP/1.1" 200 30668
114.83.218.92 - - [15/May/2024:12:13:18 +0800] "GET /xingrg/words/20240515093452_words.js HTTP/1.1" 304 -
114.83.218.92 - - [15/May/2024:12:13:19 +0800] "GET /xingrg/all/common/auto_word.html?type=base&rest_code=00149 HTTP/1.1" 200 1907
114.83.218.92 - - [15/May/2024:12:13:19 +0800] "GET /xingrg/javascript/easyui/themes/default/validatebox.css HTTP/1.1" 404 1104
114.83.218.92 - - [15/May/2024:12:13:19 +0800] "POST /xingrg/kc/base/wldb_order_operate.html HTTP/1.1" 200 6806
114.83.218.92 - - [15/May/2024:12:13:19 +0800] "GET /xingrg/all/common/auto_word.html?type=base&rest_code=00149 HTTP/1.1" 200 1907
222.70.183.82 - - [15/May/2024:12:13:21 +0800] "GET /xingrg/all/function/internal_message.html?_=1715746398179&CODE_STATE=getMsg HTTP/1.1" 200 27
222.70.183.82 - - [15/May/2024:12:13:22 +0800] "GET /xingrg/check_reg.html?_=1715746399146 HTTP/1.1" 200 22
120.253.135.82 - - [15/May/2024:12:13:26 +0800] "POST /xingrg/kc/buy/cgsh_order_operate.html HTTP/1.1" 200 64
101.83.144.49 - - [15/May/2024:12:13:26 +0800] "POST /xingrg/kc/buy/cgsh_order_operate.html HTTP/1.1" 200 37
101.83.144.49 - - [15/May/2024:12:13:29 +0800] "POST /xingrg/kc/buy/cgsh_order_operate.html HTTP/1.1" 200 2665
218.79.24.215 - - [15/May/2024:12:13:29 +0800] "GET /xingrg/all/function/internal_message.html?_=1715746399764&CODE_STATE=getMsg HTTP/1.1" 200 27
218.79.24.215 - - [15/May/2024:12:13:29 +0800] "GET /xingrg/check_reg.html?_=1715746399772 HTTP/1.1" 200 22
120.253.135.82 - - [15/May/2024:12:13:30 +0800] "GET /xingrg/kc/pszx/mdqp_order_list.html?state=10 HTTP/1.1" 200 10459
120.253.135.82 - - [15/May/2024:12:13:30 +0800] "GET /xingrg/dwr/interface/AjaxQqpsService.js HTTP/1.1" 200 16326
114.83.218.92 - - [15/May/2024:12:13:30 +0800] "GET /xingrg/check_reg.html?_=1715746407937 HTTP/1.1" 200 22
120.253.135.82 - - [15/May/2024:12:13:30 +0800] "GET /xingrg/dwr/interface/AjaxReportQueryService.js HTTP/1.1" 200 13203
120.253.135.82 - - [15/May/2024:12:13:30 +0800] "GET /xingrg/dwr/engine.js HTTP/1.1" 200 43631
120.253.135.82 - - [15/May/2024:12:13:30 +0800] "GET /xingrg/javascript/jquery_easy_ui/themes/icons/uncheck_new.png HTTP/1.1" 304 -
114.83.218.92 - - [15/May/2024:12:13:32 +0800] "GET /xingrg/kc/base/wldb_order_operate.html?command=get_materiel&rest_code=00149&base_code=0010394&code=00101019222 HTTP/1.1" 200 451
120.253.135.82 - - [15/May/2024:12:13:35 +0800] "POST /xingrg/kc/buy/cgsh_order_operate.html HTTP/1.1" 200 37
101.80.230.31 - - [15/May/2024:12:13:35 +0800] "GET /xingrg/all/function/internal_message.html?_=1715746419421&CODE_STATE=getMsg HTTP/1.1" 200 27
101.83.144.49 - - [15/May/2024:12:13:35 +0800] "GET /xingrg/kc/print/load_data.html?order_code=212024051504304&kc_code=cgsh&condition= HTTP/1.1" 200 690
116.232.195.13 - - [15/May/2024:12:13:35 +0800] "GET /xingrg/all/function/internal_message.html?_=1715746377557&CODE_STATE=getMsg HTTP/1.1" 200 27
114.83.218.92 - - [15/May/2024:12:13:36 +0800] "GET /xingrg/kc/base/wldb_order_operate.html?command=get_materiel&rest_code=00149&base_code=0010394&code=00101019184 HTTP/1.1" 200 458
101.83.144.49 - - [15/May/2024:12:13:36 +0800] "GET /xingrg/check_reg.html?_=1715746416168 HTTP/1.1" 200 22
101.83.144.49 - - [15/May/2024:12:13:36 +0800] "GET /xingrg/all/function/internal_message.html?_=1715746416172&CODE_STATE=getMsg HTTP/1.1" 200 27
120.253.135.82 - - [15/May/2024:12:13:36 +0800] "GET /xingrg/all/function/internal_message.html?_=1715746601794&CODE_STATE=getMsg HTTP/1.1" 200 27
120.253.135.82 - - [15/May/2024:12:13:37 +0800] "POST /xingrg/kc/buy/cgsh_order_operate.html HTTP/1.1" 200 2662
120.253.135.82 - - [15/May/2024:12:13:37 +0800] "POST /xingrg/kc/buy/cgsh_list_operate.html HTTP/1.1" 200 1689
114.83.218.92 - - [15/May/2024:12:13:39 +0800] "GET /xingrg/kc/base/wldb_order_operate.html?command=get_materiel&rest_code=00149&base_code=0010394&code=00101019127 HTTP/1.1" 200 479
61.170.234.181 - - [15/May/2024:12:13:39 +0800] "GET /xingrg/all/function/internal_message.html?_=1715746412737&CODE_STATE=getMsg HTTP/1.1" 200 27
114.83.218.92 - - [15/May/2024:12:13:42 +0800] "GET /xingrg/kc/base/wldb_order_operate.html?command=get_materiel&rest_code=00149&base_code=0010394&code=00101019253 HTTP/1.1" 200 482
222.69.134.15 - - [15/May/2024:12:13:43 +0800] "GET /xingrg/kc/buy/cgsh_order_add.html HTTP/1.1" 200 73790
222.69.134.15 - - [15/May/2024:12:13:44 +0800] "POST /xingrg/kc/buy/cgsh_order_operate.html HTTP/1.1" 200 8245
222.69.134.15 - - [15/May/2024:12:13:44 +0800] "GET /xingrg/javascript/easyui/themes/default/validatebox.css HTTP/1.1" 404 1104
120.253.135.82 - - [15/May/2024:12:13:44 +0800] "GET /xingrg/kc/pszx/mdqp_order_list.html?state=10 HTTP/1.1" 200 10459
120.253.135.82 - - [15/May/2024:12:13:44 +0800] "GET /xingrg/dwr/interface/AjaxReportQueryService.js HTTP/1.1" 200 13203
120.253.135.82 - - [15/May/2024:12:13:44 +0800] "GET /xingrg/dwr/interface/AjaxQqpsService.js HTTP/1.1" 200 16326
120.253.135.82 - - [15/May/2024:12:13:44 +0800] "GET /xingrg/dwr/engine.js HTTP/1.1" 200 43631
101.83.144.49 - - [15/May/2024:12:13:46 +0800] "GET /xingrg/all/function/internal_message.html?_=1715746172935&CODE_STATE=getMsg HTTP/1.1" 200 27
114.83.218.92 - - [15/May/2024:12:13:47 +0800] "GET /xingrg/kc/base/wldb_order_operate.html?command=get_materiel&rest_code=00149&base_code=0010394&code=00101019079 HTTP/1.1" 200 479
222.67.233.39 - - [15/May/2024:12:13:47 +0800] "GET /xingrg/kc/buy/cgsh_order_info.html?code=212024051504300 HTTP/1.1" 200 69462
114.84.152.157 - - [15/May/2024:12:13:47 +0800] "GET /xingrg/all/function/internal_message.html?_=1715744796297&CODE_STATE=getMsg HTTP/1.1" 200 27
222.67.233.39 - - [15/May/2024:12:13:48 +0800] "GET /xingrg/javascript/easyui/themes/default/validatebox.css HTTP/1.1" 404 1104
114.83.218.92 - - [15/May/2024:12:13:49 +0800] "GET /xingrg/all/function/internal_message.html?_=1715746429116&CODE_STATE=getMsg HTTP/1.1" 200 27
222.67.233.39 - - [15/May/2024:12:13:49 +0800] "POST /xingrg/kc/buy/cgsh_order_operate.html HTTP/1.1" 200 2976
222.69.134.15 - - [15/May/2024:12:13:49 +0800] "GET /xingrg/all/function/internal_message.html?_=1715746429733&CODE_STATE=getMsg HTTP/1.1" 200 27
114.83.218.92 - - [15/May/2024:12:13:50 +0800] "GET /xingrg/kc/base/wldb_order_operate.html?command=get_materiel&rest_code=00149&base_code=0010394&code=00101019438 HTTP/1.1" 200 462
222.67.233.39 - - [15/May/2024:12:13:51 +0800] "GET /xingrg/kc/print/load_data.html?order_code=212024051504300&kc_code=cgsh&condition= HTTP/1.1" 200 1603
180.156.239.18 - - [15/May/2024:12:13:51 +0800] "GET /xingrg/check_reg.html?_=1715746431876 HTTP/1.1" 200 22
180.156.239.18 - - [15/May/2024:12:13:51 +0800] "GET /xingrg/all/function/internal_message.html?_=1715746431878&CODE_STATE=getMsg HTTP/1.1" 200 27
120.253.135.82 - - [15/May/2024:12:13:51 +0800] "GET /xingrg/kc/pszx/mdqp_order_list.html?state=10 HTTP/1.1" 200 10459
120.253.135.82 - - [15/May/2024:12:13:52 +0800] "GET /xingrg/dwr/interface/AjaxQqpsService.js HTTP/1.1" 200 16326
120.253.135.82 - - [15/May/2024:12:13:52 +0800] "GET /xingrg/dwr/interface/AjaxReportQueryService.js HTTP/1.1" 200 13203
120.253.135.82 - - [15/May/2024:12:13:52 +0800] "GET /xingrg/dwr/engine.js HTTP/1.1" 200 43631
114.83.218.92 - - [15/May/2024:12:13:52 +0800] "GET /xingrg/all/function/internal_message.html?_=1715746429742&CODE_STATE=getMsg HTTP/1.1" 200 27
120.253.135.82 - - [15/May/2024:12:13:53 +0800] "GET /xingrg/kc/buy/cgsh_order_add.html HTTP/1.1" 200 73644
120.253.135.82 - - [15/May/2024:12:13:54 +0800] "POST /xingrg/kc/buy/cgsh_order_operate.html HTTP/1.1" 200 8245
120.253.135.82 - - [15/May/2024:12:13:54 +0800] "GET /xingrg/javascript/easyui/themes/default/validatebox.css HTTP/1.1" 404 1104
120.253.135.82 - - [15/May/2024:12:13:54 +0800] "GET /xingrg/all/common/auto_word.html?type=employee&rest_code=00101 HTTP/1.1" 200 1019
120.253.135.82 - - [15/May/2024:12:13:54 +0800] "GET /xingrg/all/common/auto_word.html?type=employee&rest_code=00101 HTTP/1.1" 200 1019
101.83.144.49 - - [15/May/2024:12:13:54 +0800] "GET /xingrg/kc/buy/cgsh_order_add.html HTTP/1.1" 200 74675
114.83.218.92 - - [15/May/2024:12:13:54 +0800] "GET /xingrg/kc/base/wldb_order_operate.html?command=get_materiel&rest_code=00149&base_code=0010394&code=00101019750 HTTP/1.1" 200 456
101.83.144.49 - - [15/May/2024:12:13:54 +0800] "POST /xingrg/kc/buy/cgsh_order_operate.html HTTP/1.1" 200 8245
101.83.144.49 - - [15/May/2024:12:13:55 +0800] "GET /xingrg/javascript/easyui/themes/default/validatebox.css HTTP/1.1" 404 1104
120.253.135.82 - - [15/May/2024:12:13:56 +0800] "POST /xingrg/all/common/load_combo.html?type=employee HTTP/1.1" 200 1834
222.69.134.15 - - [15/May/2024:12:13:56 +0800] "GET /xingrg/kc/buy/cgsh_order_operate.html?command=get_materiel&rest_code=00154&code=00101006252&supplier_code=00100501&order_time=2024-05-15 HTTP/1.1" 200 411
114.83.218.92 - - [15/May/2024:12:13:58 +0800] "GET /xingrg/kc/base/wldb_order_operate.html?command=get_materiel&rest_code=00149&base_code=0010394&code=00101019575 HTTP/1.1" 200 444
124.79.240.51 - - [15/May/2024:12:13:58 +0800] "GET /xingrg/all/function/internal_message.html?_=1715746479980&CODE_STATE=getMsg HTTP/1.1" 200 27
114.83.218.92 - - [15/May/2024:12:14:02 +0800] "GET /xingrg/kc/base/wldb_order_operate.html?command=get_materiel&rest_code=00149&base_code=0010394&code=00101016094 HTTP/1.1" 200 468
120.253.135.82 - - [15/May/2024:12:14:05 +0800] "GET /xingrg/kc/buy/cgsh_order_list.html HTTP/1.1" 200 58780
114.83.218.92 - - [15/May/2024:12:14:05 +0800] "GET /xingrg/kc/base/wldb_order_operate.html?command=get_materiel&rest_code=00149&base_code=0010394&code=00101019400 HTTP/1.1" 200 465
222.69.134.15 - - [15/May/2024:12:14:13 +0800] "POST /xingrg/kc/buy/cgsh_order_operate.html HTTP/1.1" 200 37
61.170.234.181 - - [15/May/2024:12:14:13 +0800] "GET /xingrg/all/function/internal_message.html?_=1715746454743&CODE_STATE=getMsg HTTP/1.1" 200 27
61.170.234.181 - - [15/May/2024:12:14:13 +0800] "GET /xingrg/check_reg.html?_=1715746454933 HTTP/1.1" 200 22
58.40.7.146 - - [15/May/2024:12:14:13 +0800] "GET /xingrg/all/function/internal_message.html?_=1715746453304&CODE_STATE=getMsg HTTP/1.1" 200 27
120.253.135.82 - - [15/May/2024:12:14:14 +0800] "POST /xingrg/kc/buy/cgsh_list_operate.html HTTP/1.1" 200 1689
120.253.135.82 - - [15/May/2024:12:14:15 +0800] "GET /xingrg/kc/buy/cgsh_order_operate.html?command=get_materiel&rest_code=00101&code=00101016082&supplier_code=00100101&order_time=2024-05-15 HTTP/1.1" 200 408
101.83.144.49 - - [15/May/2024:12:14:15 +0800] "GET /xingrg/kc/buy/cgsh_order_operate.html?command=get_materiel&rest_code=00105&code=00101001322&supplier_code=00100653&order_time=2024-05-15 HTTP/1.1" 200 426
116.228.172.94 - - [15/May/2024:12:14:15 +0800] "GET /favicon.ico HTTP/1.1" 404 -
120.253.135.82 - - [15/May/2024:12:14:17 +0800] "POST /xingrg/kc/buy/cgsh_list_operate.html HTTP/1.1" 200 351
120.253.135.82 - - [15/May/2024:12:14:18 +0800] "GET /xingrg/all/function/internal_message.html?_=1715746308990&CODE_STATE=getMsg HTTP/1.1" 200 27
222.69.134.15 - - [15/May/2024:12:14:19 +0800] "POST /xingrg/kc/buy/cgsh_order_operate.html HTTP/1.1" 200 12
222.70.183.82 - - [15/May/2024:12:14:21 +0800] "GET /xingrg/all/function/internal_message.html?_=1715746458158&CODE_STATE=getMsg HTTP/1.1" 200 27
222.69.134.15 - - [15/May/2024:12:14:22 +0800] "GET /xingrg/kc/buy/cgsh_order_info.html?code=212024051504307 HTTP/1.1" 200 68672
222.69.134.15 - - [15/May/2024:12:14:22 +0800] "GET /xingrg/javascript/easyui/themes/default/validatebox.css HTTP/1.1" 404 1104
114.84.152.157 - - [15/May/2024:12:14:23 +0800] "GET /xingrg/check_reg.html?_=1715744831660 HTTP/1.1" 200 22
222.69.134.15 - - [15/May/2024:12:14:23 +0800] "POST /xingrg/kc/buy/cgsh_order_operate.html HTTP/1.1" 200 605
222.69.134.15 - - [15/May/2024:12:14:25 +0800] "GET /xingrg/kc/print/load_data.html?order_code=212024051504307&kc_code=cgsh&condition= HTTP/1.1" 200 704
114.83.218.92 - - [15/May/2024:12:14:27 +0800] "POST /xingrg/kc/base/wldb_order_operate.html HTTP/1.1" 200 37
114.83.218.92 - - [15/May/2024:12:14:28 +0800] "POST /xingrg/kc/base/wldb_order_operate.html HTTP/1.1" 200 6690
114.83.218.92 - - [15/May/2024:12:14:29 +0800] "GET /xingrg/kc/base/wldb_order_info.html?code=422024051501008 HTTP/1.1" 200 30685
218.79.24.215 - - [15/May/2024:12:14:29 +0800] "GET /xingrg/all/function/internal_message.html?_=1715746459777&CODE_STATE=getMsg HTTP/1.1" 200 27
114.83.218.92 - - [15/May/2024:12:14:30 +0800] "GET /xingrg/javascript/easyui/themes/default/validatebox.css HTTP/1.1" 404 1104
114.83.218.92 - - [15/May/2024:12:14:31 +0800] "POST /xingrg/kc/base/wldb_order_operate.html HTTP/1.1" 200 6690
120.253.135.82 - - [15/May/2024:12:14:31 +0800] "POST /xingrg/kc/buy/cgsh_list_operate.html HTTP/1.1" 200 201
114.83.218.92 - - [15/May/2024:12:14:32 +0800] "GET /xingrg/kc/base/wldb_order_add.html HTTP/1.1" 200 30668
114.83.218.92 - - [15/May/2024:12:14:33 +0800] "GET /xingrg/javascript/easyui/themes/default/validatebox.css HTTP/1.1" 404 1104
114.83.218.92 - - [15/May/2024:12:14:33 +0800] "POST /xingrg/kc/base/wldb_order_operate.html HTTP/1.1" 200 6806
101.80.230.31 - - [15/May/2024:12:14:35 +0800] "GET /xingrg/all/function/internal_message.html?_=1715746479423&CODE_STATE=getMsg HTTP/1.1" 200 27
116.232.195.13 - - [15/May/2024:12:14:35 +0800] "GET /xingrg/all/function/internal_message.html?_=1715746437530&CODE_STATE=getMsg HTTP/1.1" 200 27
101.83.144.49 - - [15/May/2024:12:14:36 +0800] "GET /xingrg/all/function/internal_message.html?_=1715746476171&CODE_STATE=getMsg HTTP/1.1" 200 27
120.253.135.82 - - [15/May/2024:12:14:36 +0800] "GET /xingrg/all/function/internal_message.html?_=1715746661801&CODE_STATE=getMsg HTTP/1.1" 200 27
120.253.135.82 - - [15/May/2024:12:14:36 +0800] "GET /xingrg/check_reg.html?_=1715746661803 HTTP/1.1" 200 22
61.170.234.181 - - [15/May/2024:12:14:39 +0800] "GET /xingrg/all/function/internal_message.html?_=1715746472708&CODE_STATE=getMsg HTTP/1.1" 200 27
61.170.234.181 - - [15/May/2024:12:14:39 +0800] "POST /xingrg/dwr/call/plaincall/AjaxQqpsService.getMaterielByCode.dwr HTTP/1.1" 200 2710
61.170.234.181 - - [15/May/2024:12:14:42 +0800] "POST /xingrg/dwr/call/plaincall/AjaxQqpsService.saveMaterielItem.dwr HTTP/1.1" 200 79
101.83.144.49 - - [15/May/2024:12:14:42 +0800] "POST /xingrg/kc/buy/cgsh_order_operate.html HTTP/1.1" 200 37
114.83.218.92 - - [15/May/2024:12:14:44 +0800] "GET /xingrg/kc/base/wldb_order_operate.html?command=get_materiel&rest_code=00149&base_code=0010394&code=00101019185 HTTP/1.1" 200 469
101.83.144.49 - - [15/May/2024:12:14:45 +0800] "POST /xingrg/kc/buy/cgsh_order_operate.html HTTP/1.1" 200 2663
222.67.233.39 - - [15/May/2024:12:14:45 +0800] "GET /xingrg/all/function/internal_message.html?_=1715746485925&CODE_STATE=getMsg HTTP/1.1" 200 27
101.83.144.49 - - [15/May/2024:12:14:46 +0800] "GET /xingrg/all/function/internal_message.html?_=1715746232942&CODE_STATE=getMsg HTTP/1.1" 200 27
222.67.233.39 - - [15/May/2024:12:14:46 +0800] "GET /xingrg/check_reg.html?_=1715746486573 HTTP/1.1" 200 22
114.84.152.157 - - [15/May/2024:12:14:47 +0800] "GET /xingrg/all/function/internal_message.html?_=1715744856281&CODE_STATE=getMsg HTTP/1.1" 200 27
101.83.144.49 - - [15/May/2024:12:14:48 +0800] "GET /xingrg/kc/print/load_data.html?order_code=212024051504308&kc_code=cgsh&condition= HTTP/1.1" 200 673
114.83.218.92 - - [15/May/2024:12:14:49 +0800] "GET /xingrg/all/function/internal_message.html?_=1715746489114&CODE_STATE=getMsg HTTP/1.1" 200 27
222.69.134.15 - - [15/May/2024:12:14:49 +0800] "GET /xingrg/all/function/internal_message.html?_=1715746489718&CODE_STATE=getMsg HTTP/1.1" 200 27
114.83.218.92 - - [15/May/2024:12:14:50 +0800] "GET /xingrg/kc/base/wldb_order_operate.html?command=get_materiel&rest_code=00149&base_code=0010394&code=00101019391 HTTP/1.1" 200 485
180.156.239.18 - - [15/May/2024:12:14:51 +0800] "GET /xingrg/all/function/internal_message.html?_=1715746491873&CODE_STATE=getMsg HTTP/1.1" 200 27
114.83.218.92 - - [15/May/2024:12:14:52 +0800] "GET /xingrg/all/function/internal_message.html?_=1715746489712&CODE_STATE=getMsg HTTP/1.1" 200 27
61.170.234.181 - - [15/May/2024:12:14:55 +0800] "POST /xingrg/dwr/call/plaincall/AjaxQqpsService.getMaterielByCode.dwr HTTP/1.1" 200 2666
120.253.135.82 - - [15/May/2024:12:14:56 +0800] "GET /xingrg/kc/buy/cgsh_order_operate.html?command=get_materiel&rest_code=00101&code=00101008417&supplier_code=00100101&order_time=2024-05-15 HTTP/1.1" 200 429
61.170.234.181 - - [15/May/2024:12:14:57 +0800] "POST /xingrg/dwr/call/plaincall/AjaxQqpsService.saveMaterielItem.dwr HTTP/1.1" 200 79
124.79.240.51 - - [15/May/2024:12:14:58 +0800] "GET /xingrg/all/function/internal_message.html?_=1715746540004&CODE_STATE=getMsg HTTP/1.1" 200 27
124.79.240.51 - - [15/May/2024:12:14:58 +0800] "GET /xingrg/check_reg.html?_=1715746540005 HTTP/1.1" 200 22
222.69.134.15 - - [15/May/2024:12:15:01 +0800] "GET /xingrg/kc/buy/cgsh_order_add.html HTTP/1.1" 200 73790
222.69.134.15 - - [15/May/2024:12:15:01 +0800] "POST /xingrg/kc/buy/cgsh_order_operate.html HTTP/1.1" 200 8245
222.69.134.15 - - [15/May/2024:12:15:01 +0800] "GET /xingrg/javascript/easyui/themes/default/validatebox.css HTTP/1.1" 404 1104
114.83.218.92 - - [15/May/2024:12:15:05 +0800] "POST /xingrg/kc/base/wldb_order_operate.html HTTP/1.1" 200 37
114.83.218.92 - - [15/May/2024:12:15:06 +0800] "POST /xingrg/kc/base/wldb_order_operate.html HTTP/1.1" 200 4205
101.80.230.31 - - [15/May/2024:12:15:09 +0800] "GET /xingrg/kc/buy/cgsh_order_operate.html?command=get_materiel&rest_code=00156&code=00101012032&supplier_code=00100012&order_time=2024-05-15 HTTP/1.1" 200 416
120.253.135.82 - - [15/May/2024:12:15:12 +0800] "GET /xingrg/kc/buy/cgsh_order_operate.html?command=get_materiel&rest_code=00101&code=00101016059&supplier_code=00100101&order_time=2024-05-15 HTTP/1.1" 200 408
101.83.144.49 - - [15/May/2024:12:15:12 +0800] "GET /xingrg/kc/buy/cgsh_order_add.html HTTP/1.1" 200 74675
101.83.144.49 - - [15/May/2024:12:15:13 +0800] "POST /xingrg/kc/buy/cgsh_order_operate.html HTTP/1.1" 200 8245
101.83.144.49 - - [15/May/2024:12:15:13 +0800] "GET /xingrg/javascript/easyui/themes/default/validatebox.css HTTP/1.1" 404 1104
61.170.234.181 - - [15/May/2024:12:15:13 +0800] "GET /xingrg/all/function/internal_message.html?_=1715746514747&CODE_STATE=getMsg HTTP/1.1" 200 27
58.40.7.146 - - [15/May/2024:12:15:13 +0800] "GET /xingrg/all/function/internal_message.html?_=1715746513294&CODE_STATE=getMsg HTTP/1.1" 200 27
114.83.218.92 - - [15/May/2024:12:15:16 +0800] "GET /xingrg/kc/base/wldb_order_info.html?code=422024051501009 HTTP/1.1" 200 30683
114.83.218.92 - - [15/May/2024:12:15:16 +0800] "GET /xingrg/javascript/easyui/themes/default/validatebox.css HTTP/1.1" 404 1104
114.83.218.92 - - [15/May/2024:12:15:17 +0800] "POST /xingrg/kc/base/wldb_order_operate.html HTTP/1.1" 200 4205
61.170.234.181 - - [15/May/2024:12:15:17 +0800] "POST /xingrg/dwr/call/plaincall/AjaxQqpsService.getMaterielByCode.dwr HTTP/1.1" 200 2674
120.253.135.82 - - [15/May/2024:12:15:18 +0800] "GET /xingrg/all/function/internal_message.html?_=1715746369005&CODE_STATE=getMsg HTTP/1.1" 200 27
61.170.234.181 - - [15/May/2024:12:15:21 +0800] "POST /xingrg/dwr/call/plaincall/AjaxQqpsService.saveMaterielItem.dwr HTTP/1.1" 200 79
222.70.183.82 - - [15/May/2024:12:15:22 +0800] "GET /xingrg/all/function/internal_message.html?_=1715746518586&CODE_STATE=getMsg HTTP/1.1" 200 27
101.80.230.31 - - [15/May/2024:12:15:23 +0800] "GET /xingrg/kc/buy/cgsh_order_operate.html?command=get_materiel&rest_code=00156&code=00101007109&supplier_code=00100012&order_time=2024-05-15 HTTP/1.1" 200 408
116.232.195.13 - - [15/May/2024:12:15:26 +0800] "GET /xingrg/kc/buy/cgsh_order_operate.html?command=get_materiel&rest_code=00155&code=00101002009&supplier_code=00100088&order_time=2024-05-15 HTTP/1.1" 200 418
114.83.218.92 - - [15/May/2024:12:15:26 +0800] "POST /xingrg/kc/base/wldb_list_operate.html HTTP/1.1" 200 2186
218.79.24.215 - - [15/May/2024:12:15:29 +0800] "GET /xingrg/all/function/internal_message.html?_=1715746519781&CODE_STATE=getMsg HTTP/1.1" 200 27
222.69.134.15 - - [15/May/2024:12:15:31 +0800] "POST /xingrg/kc/buy/cgsh_order_operate.html HTTP/1.1" 200 37
101.83.144.49 - - [15/May/2024:12:15:35 +0800] "GET /xingrg/kc/buy/cgsh_order_operate.html?command=get_materiel&rest_code=00105&code=00101002006&supplier_code=00100091&order_time=2024-05-15 HTTP/1.1" 200 414
116.232.195.13 - - [15/May/2024:12:15:35 +0800] "GET /xingrg/all/function/internal_message.html?_=1715746497510&CODE_STATE=getMsg HTTP/1.1" 200 27
101.80.230.31 - - [15/May/2024:12:15:35 +0800] "GET /xingrg/all/function/internal_message.html?_=1715746539426&CODE_STATE=getMsg HTTP/1.1" 200 27
101.83.144.49 - - [15/May/2024:12:15:36 +0800] "GET /xingrg/all/function/internal_message.html?_=1715746536171&CODE_STATE=getMsg HTTP/1.1" 200 27
120.253.135.82 - - [15/May/2024:12:15:36 +0800] "GET /xingrg/all/function/internal_message.html?_=1715746721806&CODE_STATE=getMsg HTTP/1.1" 200 27
61.170.234.181 - - [15/May/2024:12:15:39 +0800] "GET /xingrg/all/function/internal_message.html?_=1715746532680&CODE_STATE=getMsg HTTP/1.1" 200 27
101.80.230.31 - - [15/May/2024:12:15:45 +0800] "POST /xingrg/kc/buy/cgsh_order_operate.html HTTP/1.1" 200 37
222.67.233.39 - - [15/May/2024:12:15:45 +0800] "GET /xingrg/all/function/internal_message.html?_=1715746545912&CODE_STATE=getMsg HTTP/1.1" 200 27
120.253.135.82 - - [15/May/2024:12:15:46 +0800] "GET /xingrg/kc/buy/cgsh_order_operate.html?command=get_materiel&rest_code=00101&code=00101008319&supplier_code=00100101&order_time=2024-05-15 HTTP/1.1" 200 412
222.69.134.15 - - [15/May/2024:12:15:46 +0800] "POST /xingrg/kc/buy/cgsh_order_operate.html HTTP/1.1" 200 12
101.83.144.49 - - [15/May/2024:12:15:46 +0800] "GET /xingrg/check_reg.html?_=1715746292933 HTTP/1.1" 200 22
101.83.144.49 - - [15/May/2024:12:15:46 +0800] "GET /xingrg/all/function/internal_message.html?_=1715746292937&CODE_STATE=getMsg HTTP/1.1" 200 27
61.170.234.181 - - [15/May/2024:12:15:47 +0800] "POST /xingrg/dwr/call/plaincall/AjaxQqpsService.saveOrder.dwr HTTP/1.1" 200 79
114.84.152.157 - - [15/May/2024:12:15:47 +0800] "GET /xingrg/all/function/internal_message.html?_=1715744916276&CODE_STATE=getMsg HTTP/1.1" 200 27
222.69.134.15 - - [15/May/2024:12:15:49 +0800] "GET /xingrg/check_reg.html?_=1715746549689 HTTP/1.1" 200 22
222.69.134.15 - - [15/May/2024:12:15:49 +0800] "GET /xingrg/all/function/internal_message.html?_=1715746549693&CODE_STATE=getMsg HTTP/1.1" 200 27
101.80.230.31 - - [15/May/2024:12:15:50 +0800] "POST /xingrg/kc/buy/cgsh_order_operate.html HTTP/1.1" 200 9775
222.69.134.15 - - [15/May/2024:12:15:50 +0800] "GET /xingrg/kc/buy/cgsh_order_info.html?code=212024051504309 HTTP/1.1" 200 68672
222.69.134.15 - - [15/May/2024:12:15:50 +0800] "GET /xingrg/javascript/easyui/themes/default/validatebox.css HTTP/1.1" 404 1104
114.83.218.92 - - [15/May/2024:12:15:51 +0800] "POST /xingrg/kc/base/wldb_list_operate.html HTTP/1.1" 200 4
180.156.239.18 - - [15/May/2024:12:15:51 +0800] "GET /xingrg/all/function/internal_message.html?_=1715746551868&CODE_STATE=getMsg HTTP/1.1" 200 27
222.69.134.15 - - [15/May/2024:12:15:51 +0800] "POST /xingrg/kc/buy/cgsh_order_operate.html HTTP/1.1" 200 605
101.80.230.31 - - [15/May/2024:12:15:52 +0800] "GET /xingrg/kc/print/load_config.html?kc_code=cgsh HTTP/1.1" 200 1927
101.80.230.31 - - [15/May/2024:12:15:53 +0800] "GET /xingrg/kc/print/load_data.html?order_code=212024051504310&kc_code=cgsh&condition= HTTP/1.1" 200 3456
222.69.134.15 - - [15/May/2024:12:15:54 +0800] "GET /xingrg/kc/print/load_data.html?order_code=212024051504309&kc_code=cgsh&condition= HTTP/1.1" 200 704
124.79.240.51 - - [15/May/2024:12:15:58 +0800] "GET /xingrg/all/function/internal_message.html?_=1715746600003&CODE_STATE=getMsg HTTP/1.1" 200 27
101.80.230.31 - - [15/May/2024:12:16:00 +0800] "GET /xingrg/kc/buy/cgsh_order_add.html HTTP/1.1" 200 74672
101.80.230.31 - - [15/May/2024:12:16:00 +0800] "POST /xingrg/kc/buy/cgsh_order_operate.html HTTP/1.1" 200 8245
101.80.230.31 - - [15/May/2024:12:16:00 +0800] "GET /xingrg/all/common/auto_word.html?type=employee&rest_code=00156 HTTP/1.1" 200 47
101.80.230.31 - - [15/May/2024:12:16:00 +0800] "GET /xingrg/javascript/easyui/themes/default/validatebox.css HTTP/1.1" 404 1104
101.80.230.31 - - [15/May/2024:12:16:00 +0800] "GET /xingrg/all/common/auto_word.html?type=employee&rest_code=00156 HTTP/1.1" 200 47
120.253.135.82 - - [15/May/2024:12:16:02 +0800] "POST /xingrg/kc/buy/cgsh_order_operate.html HTTP/1.1" 200 37
116.232.195.13 - - [15/May/2024:12:16:03 +0800] "GET /xingrg/kc/buy/cgsh_order_operate.html?command=get_materiel&rest_code=00155&code=00101002042&supplier_code=00100088&order_time=2024-05-15 HTTP/1.1" 200 418
101.83.144.49 - - [15/May/2024:12:16:04 +0800] "GET /xingrg/kc/buy/cgsh_order_operate.html?command=get_materiel&rest_code=00105&code=00101002034&supplier_code=00100091&order_time=2024-05-15 HTTP/1.1" 200 411
120.253.135.82 - - [15/May/2024:12:16:06 +0800] "POST /xingrg/kc/buy/cgsh_order_operate.html HTTP/1.1" 200 4438
61.170.234.181 - - [15/May/2024:12:16:13 +0800] "GET /xingrg/all/function/internal_message.html?_=1715746574724&CODE_STATE=getMsg HTTP/1.1" 200 27
58.40.7.146 - - [15/May/2024:12:16:13 +0800] "GET /xingrg/all/function/internal_message.html?_=1715746573309&CODE_STATE=getMsg HTTP/1.1" 200 27
120.253.135.82 - - [15/May/2024:12:16:18 +0800] "GET /xingrg/all/function/internal_message.html?_=1715746429075&CODE_STATE=getMsg HTTP/1.1" 200 27
116.232.195.13 - - [15/May/2024:12:16:21 +0800] "POST /xingrg/kc/buy/cgsh_order_operate.html HTTP/1.1" 200 37
222.70.183.82 - - [15/May/2024:12:16:21 +0800] "GET /xingrg/all/function/internal_message.html?_=1715746578239&CODE_STATE=getMsg HTTP/1.1" 200 27
120.253.135.82 - - [15/May/2024:12:16:23 +0800] "POST /xingrg/kc/buy/cgsh_order_operate.html HTTP/1.1" 200 223
116.232.195.13 - - [15/May/2024:12:16:24 +0800] "POST /xingrg/kc/buy/cgsh_order_operate.html HTTP/1.1" 200 3265
222.69.134.15 - - [15/May/2024:12:16:25 +0800] "GET /xingrg/kc/buy/cgsh_order_add.html HTTP/1.1" 200 73790
222.69.134.15 - - [15/May/2024:12:16:25 +0800] "POST /xingrg/kc/buy/cgsh_order_operate.html HTTP/1.1" 200 8245
222.69.134.15 - - [15/May/2024:12:16:25 +0800] "GET /xingrg/javascript/easyui/themes/default/validatebox.css HTTP/1.1" 404 1104
116.232.195.13 - - [15/May/2024:12:16:27 +0800] "GET /xingrg/kc/print/load_data.html?order_code=212024051504312&kc_code=cgsh&condition= HTTP/1.1" 200 995
218.79.24.215 - - [15/May/2024:12:16:29 +0800] "GET /xingrg/all/function/internal_message.html?_=1715746579768&CODE_STATE=getMsg HTTP/1.1" 200 27
101.83.144.49 - - [15/May/2024:12:16:30 +0800] "POST /xingrg/kc/buy/cgsh_order_operate.html HTTP/1.1" 200 37
101.83.144.49 - - [15/May/2024:12:16:33 +0800] "POST /xingrg/kc/buy/cgsh_order_operate.html HTTP/1.1" 200 3254
116.232.195.13 - - [15/May/2024:12:16:33 +0800] "GET /xingrg/kc/buy/cgsh_order_add.html HTTP/1.1" 200 74681
116.232.195.13 - - [15/May/2024:12:16:34 +0800] "GET /xingrg/words/20240515093452_words.js HTTP/1.1" 304 -
116.232.195.13 - - [15/May/2024:12:16:34 +0800] "POST /xingrg/kc/buy/cgsh_order_operate.html HTTP/1.1" 200 8245
116.232.195.13 - - [15/May/2024:12:16:34 +0800] "GET /xingrg/javascript/easyui/themes/default/validatebox.css HTTP/1.1" 404 1104
116.232.195.13 - - [15/May/2024:12:16:35 +0800] "GET /xingrg/all/function/internal_message.html?_=1715746557495&CODE_STATE=getMsg HTTP/1.1" 200 27
101.80.230.31 - - [15/May/2024:12:16:35 +0800] "GET /xingrg/all/function/internal_message.html?_=1715746599428&CODE_STATE=getMsg HTTP/1.1" 200 27
101.83.144.49 - - [15/May/2024:12:16:36 +0800] "GET /xingrg/all/function/internal_message.html?_=1715746596172&CODE_STATE=getMsg HTTP/1.1" 200 27
101.83.144.49 - - [15/May/2024:12:16:36 +0800] "GET /xingrg/kc/print/load_data.html?order_code=212024051504313&kc_code=cgsh&condition= HTTP/1.1" 200 964
222.69.134.15 - - [15/May/2024:12:16:38 +0800] "GET /xingrg/kc/buy/cgsh_order_operate.html?command=get_materiel&rest_code=00154&code=00101011001&supplier_code=00100051&order_time=2024-05-15 HTTP/1.1" 200 423
61.170.234.181 - - [15/May/2024:12:16:39 +0800] "GET /xingrg/all/function/internal_message.html?_=1715746592655&CODE_STATE=getMsg HTTP/1.1" 200 27
120.253.135.82 - - [15/May/2024:12:16:39 +0800] "GET /xingrg/all/function/internal_message.html?_=1715746784923&CODE_STATE=getMsg HTTP/1.1" 200 27
120.253.135.82 - - [15/May/2024:12:16:45 +0800] "POST /xingrg/kc/buy/cgsh_order_operate.html HTTP/1.1" 200 37
222.67.233.39 - - [15/May/2024:12:16:45 +0800] "GET /xingrg/all/function/internal_message.html?_=1715746605895&CODE_STATE=getMsg HTTP/1.1" 200 27
101.83.144.49 - - [15/May/2024:12:16:46 +0800] "GET /xingrg/all/function/internal_message.html?_=1715746352944&CODE_STATE=getMsg HTTP/1.1" 200 27
114.84.152.157 - - [15/May/2024:12:16:47 +0800] "GET /xingrg/all/function/internal_message.html?_=1715744976262&CODE_STATE=getMsg HTTP/1.1" 200 27
116.232.195.13 - - [15/May/2024:12:16:49 +0800] "GET /xingrg/kc/buy/cgsh_order_operate.html?command=get_materiel&rest_code=00155&code=00101002038&supplier_code=00100094&order_time=2024-05-15 HTTP/1.1" 200 416
101.83.144.49 - - [15/May/2024:12:16:50 +0800] "GET /xingrg/kc/buy/cgsh_order_add.html HTTP/1.1" 200 74675
101.83.144.49 - - [15/May/2024:12:16:51 +0800] "POST /xingrg/kc/buy/cgsh_order_operate.html HTTP/1.1" 200 8245
101.83.144.49 - - [15/May/2024:12:16:51 +0800] "GET /xingrg/javascript/easyui/themes/default/validatebox.css HTTP/1.1" 404 1104
180.156.239.18 - - [15/May/2024:12:16:51 +0800] "GET /xingrg/all/function/internal_message.html?_=1715746611874&CODE_STATE=getMsg HTTP/1.1" 200 27
222.69.134.15 - - [15/May/2024:12:16:55 +0800] "POST /xingrg/kc/buy/cgsh_order_operate.html HTTP/1.1" 200 37
124.79.240.51 - - [15/May/2024:12:16:58 +0800] "GET /xingrg/all/function/internal_message.html?_=1715746660001&CODE_STATE=getMsg HTTP/1.1" 200 27
222.69.134.15 - - [15/May/2024:12:17:02 +0800] "POST /xingrg/kc/buy/cgsh_order_operate.html HTTP/1.1" 200 12
120.253.135.82 - - [15/May/2024:12:17:04 +0800] "POST /xingrg/kc/buy/cgsh_order_operate.html HTTP/1.1" 200 4438
222.69.134.15 - - [15/May/2024:12:17:04 +0800] "GET /xingrg/kc/buy/cgsh_order_info.html?code=212024051504314 HTTP/1.1" 200 68668
222.69.134.15 - - [15/May/2024:12:17:05 +0800] "GET /xingrg/javascript/easyui/themes/default/validatebox.css HTTP/1.1" 404 1104
116.232.195.13 - - [15/May/2024:12:17:08 +0800] "POST /xingrg/kc/buy/cgsh_order_operate.html HTTP/1.1" 200 37
222.69.134.15 - - [15/May/2024:12:17:08 +0800] "POST /xingrg/kc/buy/cgsh_order_operate.html HTTP/1.1" 200 616
222.69.134.15 - - [15/May/2024:12:17:10 +0800] "GET /xingrg/kc/print/load_data.html?order_code=212024051504314&kc_code=cgsh&condition= HTTP/1.1" 200 730
116.232.195.13 - - [15/May/2024:12:17:10 +0800] "POST /xingrg/kc/buy/cgsh_order_operate.html HTTP/1.1" 200 2665
101.83.144.49 - - [15/May/2024:12:17:11 +0800] "GET /xingrg/kc/buy/cgsh_order_operate.html?command=get_materiel&rest_code=00105&code=00101004067&supplier_code=00100674&order_time=2024-05-15 HTTP/1.1" 200 413
114.83.218.92 - - [15/May/2024:12:17:11 +0800] "POST /xingrg/kc/base/wldb_list_operate.html HTTP/1.1" 200 928
116.232.195.13 - - [15/May/2024:12:17:12 +0800] "GET /xingrg/kc/print/load_data.html?order_code=212024051504315&kc_code=cgsh&condition= HTTP/1.1" 200 764
61.170.234.181 - - [15/May/2024:12:17:13 +0800] "GET /xingrg/all/function/internal_message.html?_=1715746634710&CODE_STATE=getMsg HTTP/1.1" 200 27
58.40.7.146 - - [15/May/2024:12:17:13 +0800] "GET /xingrg/check_reg.html?_=1715746633300 HTTP/1.1" 200 22
58.40.7.146 - - [15/May/2024:12:17:13 +0800] "GET /xingrg/all/function/internal_message.html?_=1715746633303&CODE_STATE=getMsg HTTP/1.1" 200 27
61.170.234.181 - - [15/May/2024:12:17:13 +0800] "GET /xingrg/check_reg.html?_=1715746626792 HTTP/1.1" 200 22
120.253.135.82 - - [15/May/2024:12:17:14 +0800] "GET /xingrg/kc/buy/cgsh_order_add.html HTTP/1.1" 200 73644
120.253.135.82 - - [15/May/2024:12:17:14 +0800] "POST /xingrg/kc/buy/cgsh_order_operate.html HTTP/1.1" 200 8245
120.253.135.82 - - [15/May/2024:12:17:15 +0800] "GET /xingrg/all/common/auto_word.html?type=employee&rest_code=00101 HTTP/1.1" 200 1019
120.253.135.82 - - [15/May/2024:12:17:15 +0800] "GET /xingrg/javascript/easyui/themes/default/validatebox.css HTTP/1.1" 404 1104
120.253.135.82 - - [15/May/2024:12:17:15 +0800] "GET /xingrg/all/common/auto_word.html?type=employee&rest_code=00101 HTTP/1.1" 200 1019
120.253.135.82 - - [15/May/2024:12:17:16 +0800] "POST /xingrg/all/common/load_combo.html?type=employee HTTP/1.1" 200 1834
120.253.135.82 - - [15/May/2024:12:17:18 +0800] "GET /xingrg/all/function/internal_message.html?_=1715746489078&CODE_STATE=getMsg HTTP/1.1" 200 27
116.232.195.13 - - [15/May/2024:12:17:19 +0800] "GET /xingrg/kc/buy/cgsh_order_add.html HTTP/1.1" 200 74681
116.232.195.13 - - [15/May/2024:12:17:19 +0800] "POST /xingrg/kc/buy/cgsh_order_operate.html HTTP/1.1" 200 8245
116.232.195.13 - - [15/May/2024:12:17:19 +0800] "GET /xingrg/javascript/easyui/themes/default/validatebox.css HTTP/1.1" 404 1104
222.70.183.82 - - [15/May/2024:12:17:21 +0800] "GET /xingrg/all/function/internal_message.html?_=1715746638244&CODE_STATE=getMsg HTTP/1.1" 200 27
116.232.195.13 - - [15/May/2024:12:17:25 +0800] "GET /xingrg/check_reg.html?_=1715746608005 HTTP/1.1" 200 22
218.79.24.215 - - [15/May/2024:12:17:29 +0800] "GET /xingrg/all/function/internal_message.html?_=1715746639776&CODE_STATE=getMsg HTTP/1.1" 200 27
101.83.144.49 - - [15/May/2024:12:17:31 +0800] "GET /xingrg/kc/buy/cgsh_order_operate.html?command=get_materiel&rest_code=00105&code=00101004030&supplier_code=00100674&order_time=2024-05-15 HTTP/1.1" 200 410
120.253.135.82 - - [15/May/2024:12:17:35 +0800] "GET /xingrg/kc/buy/cgsh_order_operate.html?command=get_materiel&rest_code=00101&code=00101008629&supplier_code=00100112&order_time=2024-05-15 HTTP/1.1" 200 422
116.232.195.13 - - [15/May/2024:12:17:35 +0800] "GET /xingrg/all/function/internal_message.html?_=1715746617476&CODE_STATE=getMsg HTTP/1.1" 200 27
101.80.230.31 - - [15/May/2024:12:17:35 +0800] "GET /xingrg/all/function/internal_message.html?_=1715746659430&CODE_STATE=getMsg HTTP/1.1" 200 27
101.80.230.31 - - [15/May/2024:12:17:35 +0800] "GET /xingrg/check_reg.html?_=1715746659431 HTTP/1.1" 200 22
101.83.144.49 - - [15/May/2024:12:17:36 +0800] "GET /xingrg/all/function/internal_message.html?_=1715746656181&CODE_STATE=getMsg HTTP/1.1" 200 27
120.253.135.82 - - [15/May/2024:12:17:36 +0800] "GET /xingrg/all/function/internal_message.html?_=1715746841812&CODE_STATE=getMsg HTTP/1.1" 200 27
61.170.234.181 - - [15/May/2024:12:17:39 +0800] "GET /xingrg/all/function/internal_message.html?_=1715746652631&CODE_STATE=getMsg HTTP/1.1" 200 27
61.170.234.181 - - [15/May/2024:12:17:41 +0800] "POST /xingrg/dwr/call/plaincall/AjaxQqpsService.saveOrder.dwr HTTP/1.1" 200 79
222.69.134.15 - - [15/May/2024:12:17:43 +0800] "GET /xingrg/kc/buy/cgsh_order_add.html HTTP/1.1" 200 73790
222.69.134.15 - - [15/May/2024:12:17:43 +0800] "POST /xingrg/kc/buy/cgsh_order_operate.html HTTP/1.1" 200 8245
222.69.134.15 - - [15/May/2024:12:17:43 +0800] "GET /xingrg/javascript/easyui/themes/default/validatebox.css HTTP/1.1" 404 1104
222.67.233.39 - - [15/May/2024:12:17:45 +0800] "GET /xingrg/all/function/internal_message.html?_=1715746665891&CODE_STATE=getMsg HTTP/1.1" 200 27
101.83.144.49 - - [15/May/2024:12:17:46 +0800] "GET /xingrg/all/function/internal_message.html?_=1715746412945&CODE_STATE=getMsg HTTP/1.1" 200 27
114.84.152.157 - - [15/May/2024:12:17:47 +0800] "GET /xingrg/all/function/internal_message.html?_=1715745036251&CODE_STATE=getMsg HTTP/1.1" 200 27
222.69.134.15 - - [15/May/2024:12:17:49 +0800] "GET /xingrg/all/function/internal_message.html?_=1715746669718&CODE_STATE=getMsg HTTP/1.1" 200 27
101.83.144.49 - - [15/May/2024:12:17:49 +0800] "GET /xingrg/kc/buy/cgsh_order_operate.html?command=get_materiel&rest_code=00105&code=00101004038&supplier_code=00100674&order_time=2024-05-15 HTTP/1.1" 200 429
180.156.239.18 - - [15/May/2024:12:17:51 +0800] "GET /xingrg/all/function/internal_message.html?_=1715746671862&CODE_STATE=getMsg HTTP/1.1" 200 27
114.83.218.92 - - [15/May/2024:12:17:52 +0800] "GET /xingrg/all/function/internal_message.html?_=1715746669716&CODE_STATE=getMsg HTTP/1.1" 200 27
61.170.234.181 - - [15/May/2024:12:17:56 +0800] "GET /xingrg/kc/buy/buy_main.html HTTP/1.1" 200 12412
61.170.234.181 - - [15/May/2024:12:17:56 +0800] "GET /xingrg/css/new_ie.css HTTP/1.1" 404 1036
61.170.234.181 - - [15/May/2024:12:17:58 +0800] "GET /xingrg/kc/mdqp/qp_main.html HTTP/1.1" 200 10633
222.69.134.15 - - [15/May/2024:12:17:58 +0800] "GET /xingrg/kc/buy/cgsh_order_operate.html?command=get_materiel&rest_code=00154&code=00101011005&supplier_code=00100051&order_time=2024-05-15 HTTP/1.1" 200 428
124.79.240.51 - - [15/May/2024:12:17:58 +0800] "GET /xingrg/all/function/internal_message.html?_=1715746720000&CODE_STATE=getMsg HTTP/1.1" 200 27
120.253.135.82 - - [15/May/2024:12:17:59 +0800] "GET /xingrg/kc/buy/cgsh_order_operate.html?command=get_materiel&rest_code=00101&code=00101013071&supplier_code=00100112&order_time=2024-05-15 HTTP/1.1" 200 437
61.170.234.181 - - [15/May/2024:12:17:59 +0800] "GET /xingrg/images/yd/bt.gif HTTP/1.1" 404 1040
61.170.234.181 - - [15/May/2024:12:18:00 +0800] "GET /xingrg/kc/mdqp/qqps_order_list.html HTTP/1.1" 200 10410
61.170.234.181 - - [15/May/2024:12:18:00 +0800] "GET /xingrg/dwr/interface/AjaxQqpsService.js HTTP/1.1" 200 16326
61.170.234.181 - - [15/May/2024:12:18:00 +0800] "GET /xingrg/dwr/interface/AjaxReportQueryService.js HTTP/1.1" 200 13203
61.170.234.181 - - [15/May/2024:12:18:00 +0800] "GET /xingrg/dwr/engine.js HTTP/1.1" 200 43631
116.232.195.13 - - [15/May/2024:12:18:03 +0800] "GET /xingrg/kc/buy/cgsh_order_operate.html?command=get_materiel&rest_code=00155&code=00101001179&supplier_code=00100442&order_time=2024-05-15 HTTP/1.1" 200 419
101.83.144.49 - - [15/May/2024:12:18:05 +0800] "GET /xingrg/kc/buy/cgsh_order_operate.html?command=get_materiel&rest_code=00105&code=00101001029&supplier_code=00100674&order_time=2024-05-15 HTTP/1.1" 200 417
120.253.135.82 - - [15/May/2024:12:18:09 +0800] "POST /xingrg/kc/buy/cgsh_order_operate.html HTTP/1.1" 200 37
61.170.234.181 - - [15/May/2024:12:18:13 +0800] "GET /xingrg/all/function/internal_message.html?_=1715746694694&CODE_STATE=getMsg HTTP/1.1" 200 27
58.40.7.146 - - [15/May/2024:12:18:13 +0800] "GET /xingrg/all/function/internal_message.html?_=1715746693299&CODE_STATE=getMsg HTTP/1.1" 200 27
120.253.135.82 - - [15/May/2024:12:18:13 +0800] "POST /xingrg/kc/buy/cgsh_order_operate.html HTTP/1.1" 200 3275
120.253.135.82 - - [15/May/2024:12:18:16 +0800] "GET /xingrg/kc/buy/cgsh_order_add.html HTTP/1.1" 200 73644
120.253.135.82 - - [15/May/2024:12:18:17 +0800] "POST /xingrg/kc/buy/cgsh_order_operate.html HTTP/1.1" 200 8245
120.253.135.82 - - [15/May/2024:12:18:17 +0800] "GET /xingrg/all/common/auto_word.html?type=employee&rest_code=00101 HTTP/1.1" 200 1019
120.253.135.82 - - [15/May/2024:12:18:17 +0800] "GET /xingrg/javascript/easyui/themes/default/validatebox.css HTTP/1.1" 404 1104
120.253.135.82 - - [15/May/2024:12:18:17 +0800] "GET /xingrg/all/common/auto_word.html?type=employee&rest_code=00101 HTTP/1.1" 200 1019
120.253.135.82 - - [15/May/2024:12:18:18 +0800] "GET /xingrg/check_reg.html?_=1715746548724 HTTP/1.1" 200 22
120.253.135.82 - - [15/May/2024:12:18:18 +0800] "GET /xingrg/all/function/internal_message.html?_=1715746549091&CODE_STATE=getMsg HTTP/1.1" 200 27
120.253.135.82 - - [15/May/2024:12:18:18 +0800] "POST /xingrg/all/common/load_combo.html?type=employee HTTP/1.1" 200 1834
222.70.183.82 - - [15/May/2024:12:18:21 +0800] "GET /xingrg/all/function/internal_message.html?_=1715746698213&CODE_STATE=getMsg HTTP/1.1" 200 27
222.70.183.82 - - [15/May/2024:12:18:22 +0800] "GET /xingrg/check_reg.html?_=1715746699077 HTTP/1.1" 200 22
222.69.134.15 - - [15/May/2024:12:18:25 +0800] "POST /xingrg/kc/buy/cgsh_order_operate.html HTTP/1.1" 200 37
116.232.195.13 - - [15/May/2024:12:18:26 +0800] "GET /xingrg/kc/buy/cgsh_order_operate.html?command=get_materiel&rest_code=00155&code=00101001127&supplier_code=00100442&order_time=2024-05-15 HTTP/1.1" 200 431
218.79.24.215 - - [15/May/2024:12:18:29 +0800] "GET /xingrg/all/function/internal_message.html?_=1715746699779&CODE_STATE=getMsg HTTP/1.1" 200 27
218.79.24.215 - - [15/May/2024:12:18:29 +0800] "GET /xingrg/check_reg.html?_=1715746699785 HTTP/1.1" 200 22
114.83.218.92 - - [15/May/2024:12:18:30 +0800] "GET /xingrg/check_reg.html?_=1715746707941 HTTP/1.1" 200 22
222.69.134.15 - - [15/May/2024:12:18:32 +0800] "POST /xingrg/kc/buy/cgsh_order_operate.html HTTP/1.1" 200 12
120.253.135.82 - - [15/May/2024:12:18:34 +0800] "GET /xingrg/kc/buy/cgsh_order_operate.html?command=get_materiel&rest_code=00101&code=00101013046&supplier_code=00100115&order_time=2024-05-15 HTTP/1.1" 200 413
116.232.195.13 - - [15/May/2024:12:18:35 +0800] "GET /xingrg/all/function/internal_message.html?_=1715746677464&CODE_STATE=getMsg HTTP/1.1" 200 27
101.80.230.31 - - [15/May/2024:12:18:35 +0800] "GET /xingrg/all/function/internal_message.html?_=1715746719432&CODE_STATE=getMsg HTTP/1.1" 200 27
222.69.134.15 - - [15/May/2024:12:18:36 +0800] "GET /xingrg/kc/buy/cgsh_order_info.html?code=212024051504317 HTTP/1.1" 200 68668
222.69.134.15 - - [15/May/2024:12:18:36 +0800] "GET /xingrg/words/20240515093452_words.js HTTP/1.1" 304 -
101.83.144.49 - - [15/May/2024:12:18:36 +0800] "GET /xingrg/check_reg.html?_=1715746716169 HTTP/1.1" 200 22
101.83.144.49 - - [15/May/2024:12:18:36 +0800] "GET /xingrg/all/function/internal_message.html?_=1715746716172&CODE_STATE=getMsg HTTP/1.1" 200 27
222.69.134.15 - - [15/May/2024:12:18:36 +0800] "GET /xingrg/javascript/easyui/themes/default/validatebox.css HTTP/1.1" 404 1104
120.253.135.82 - - [15/May/2024:12:18:36 +0800] "GET /xingrg/all/function/internal_message.html?_=1715746901817&CODE_STATE=getMsg HTTP/1.1" 200 27
