222.67.233.39 - - [15/May/2024:11:51:24 +0800] "POST /xingrg/kc/buy/cgsh_order_operate.html HTTP/1.1" 200 12
180.156.239.18 - - [15/May/2024:11:51:28 +0800] "GET /xingrg/all/function/internal_message.html?_=1715745088734&CODE_STATE=getMsg HTTP/1.1" 200 27
101.83.144.49 - - [15/May/2024:11:51:29 +0800] "GET /xingrg/kc/buy/cgsh_order_operate.html?command=get_materiel&rest_code=00105&code=00101028005&supplier_code=00100017&order_time=2024-05-15 HTTP/1.1" 200 434
218.79.24.215 - - [15/May/2024:11:51:29 +0800] "GET /xingrg/all/function/internal_message.html?_=1715745079734&CODE_STATE=getMsg HTTP/1.1" 200 27
222.67.233.39 - - [15/May/2024:11:51:32 +0800] "GET /xingrg/kc/buy/cgsh_order_info.html?code=212024051504271 HTTP/1.1" 200 69466
222.67.233.39 - - [15/May/2024:11:51:32 +0800] "GET /xingrg/javascript/easyui/themes/default/validatebox.css HTTP/1.1" 404 1104
222.67.233.39 - - [15/May/2024:11:51:33 +0800] "POST /xingrg/kc/buy/cgsh_order_operate.html HTTP/1.1" 200 609
116.232.195.13 - - [15/May/2024:11:51:35 +0800] "GET /xingrg/all/function/internal_message.html?_=1715745057955&CODE_STATE=getMsg HTTP/1.1" 200 27
101.83.144.49 - - [15/May/2024:11:51:36 +0800] "GET /xingrg/all/function/internal_message.html?_=1715745096178&CODE_STATE=getMsg HTTP/1.1" 200 27
222.67.233.39 - - [15/May/2024:11:51:36 +0800] "GET /xingrg/kc/print/load_data.html?order_code=212024051504271&kc_code=cgsh&condition= HTTP/1.1" 200 789
61.170.234.181 - - [15/May/2024:11:51:39 +0800] "GET /xingrg/all/function/internal_message.html?_=1715745093172&CODE_STATE=getMsg HTTP/1.1" 200 27
222.67.233.39 - - [15/May/2024:11:51:41 +0800] "POST /xingrg/kc/buy/cgsh_order_operate.html HTTP/1.1" 200 8245
222.67.233.39 - - [15/May/2024:11:51:41 +0800] "GET /xingrg/javascript/easyui/themes/default/validatebox.css HTTP/1.1" 404 1104
116.232.195.13 - - [15/May/2024:11:51:42 +0800] "GET /xingrg/kc/buy/cgsh_order_operate.html?command=get_materiel&rest_code=00155&code=00101010885&supplier_code=00100336&order_time=2024-05-15 HTTP/1.1" 200 423
61.170.234.181 - - [15/May/2024:11:51:45 +0800] "POST /xingrg/kc/buy/cgsh_order_operate.html HTTP/1.1" 200 12
61.170.234.181 - - [15/May/2024:11:51:46 +0800] "GET /xingrg/kc/base/wldb_order_operate.html?command=get_materiel&rest_code=00106&base_code=0010396&code=00101016083 HTTP/1.1" 200 448
222.67.233.39 - - [15/May/2024:11:51:46 +0800] "GET /xingrg/all/function/internal_message.html?_=1715745106238&CODE_STATE=getMsg HTTP/1.1" 200 27
101.83.144.49 - - [15/May/2024:11:51:46 +0800] "GET /xingrg/all/function/internal_message.html?_=1715744852958&CODE_STATE=getMsg HTTP/1.1" 200 27
114.84.152.157 - - [15/May/2024:11:51:48 +0800] "GET /xingrg/all/function/internal_message.html?_=1715743476476&CODE_STATE=getMsg HTTP/1.1" 200 27
114.83.218.92 - - [15/May/2024:11:51:49 +0800] "GET /xingrg/all/function/internal_message.html?_=1715745109113&CODE_STATE=getMsg HTTP/1.1" 200 27
222.69.134.15 - - [15/May/2024:11:51:49 +0800] "GET /xingrg/all/function/internal_message.html?_=1715745109708&CODE_STATE=getMsg HTTP/1.1" 200 27
61.170.234.181 - - [15/May/2024:11:51:52 +0800] "GET /xingrg/kc/buy/cgsh_order_info.html?code=212024051504270 HTTP/1.1" 200 69464
222.67.233.39 - - [15/May/2024:11:51:52 +0800] "GET /xingrg/kc/buy/cgsh_order_operate.html?command=get_materiel&rest_code=00141&code=00101006001&supplier_code=00100574&order_time=2024-05-15 HTTP/1.1" 200 428
114.83.218.92 - - [15/May/2024:11:51:52 +0800] "GET /xingrg/all/function/internal_message.html?_=1715745110131&CODE_STATE=getMsg HTTP/1.1" 200 27
61.170.234.181 - - [15/May/2024:11:51:52 +0800] "GET /xingrg/javascript/easyui/themes/default/validatebox.css HTTP/1.1" 404 1104
61.170.234.181 - - [15/May/2024:11:51:53 +0800] "POST /xingrg/kc/buy/cgsh_order_operate.html HTTP/1.1" 200 603
61.170.234.181 - - [15/May/2024:11:51:55 +0800] "GET /xingrg/kc/print/load_config.html?kc_code=cgsh HTTP/1.1" 200 1927
61.170.234.181 - - [15/May/2024:11:51:56 +0800] "GET /xingrg/kc/print/load_data.html?order_code=212024051504270&kc_code=cgsh&condition= HTTP/1.1" 200 697
124.79.240.51 - - [15/May/2024:11:51:58 +0800] "GET /xingrg/all/function/internal_message.html?_=1715745159948&CODE_STATE=getMsg HTTP/1.1" 200 27
61.170.234.181 - - [15/May/2024:11:52:01 +0800] "POST /xingrg/kc/base/wldb_order_operate.html HTTP/1.1" 200 37
61.170.234.181 - - [15/May/2024:11:52:01 +0800] "POST /xingrg/kc/base/wldb_order_operate.html HTTP/1.1" 200 4148
61.170.234.181 - - [15/May/2024:11:52:02 +0800] "GET /xingrg/kc/base/wldb_order_info.html?code=422024051501006 HTTP/1.1" 200 30677
61.170.234.181 - - [15/May/2024:11:52:02 +0800] "GET /xingrg/javascript/easyui/themes/default/validatebox.css HTTP/1.1" 404 1104
61.170.234.181 - - [15/May/2024:11:52:03 +0800] "POST /xingrg/kc/base/wldb_order_operate.html HTTP/1.1" 200 4148
180.156.239.18 - - [15/May/2024:11:52:03 +0800] "POST /xingrg/services/DataTransmitService HTTP/1.1" 200 524
180.156.239.18 - - [15/May/2024:11:52:05 +0800] "POST /xingrg/services/DataTransmitService HTTP/1.1" 200 412
61.170.234.181 - - [15/May/2024:11:52:07 +0800] "GET /xingrg/kc/base/base_main.html HTTP/1.1" 200 12142
61.170.234.181 - - [15/May/2024:11:52:08 +0800] "GET /xingrg/kc/base/wldb_order_list.html HTTP/1.1" 200 19174
61.170.234.181 - - [15/May/2024:11:52:09 +0800] "POST /xingrg/kc/base/wldb_list_operate.html HTTP/1.1" 200 3355
58.40.7.146 - - [15/May/2024:11:52:13 +0800] "GET /xingrg/check_reg.html?_=1715745133301 HTTP/1.1" 200 22
58.40.7.146 - - [15/May/2024:11:52:13 +0800] "GET /xingrg/all/function/internal_message.html?_=1715745133305&CODE_STATE=getMsg HTTP/1.1" 200 27
61.170.234.181 - - [15/May/2024:11:52:13 +0800] "GET /xingrg/all/function/internal_message.html?_=1715745135137&CODE_STATE=getMsg HTTP/1.1" 200 27
61.170.234.181 - - [15/May/2024:11:52:13 +0800] "GET /xingrg/check_reg.html?_=1715745126774 HTTP/1.1" 200 22
222.67.233.39 - - [15/May/2024:11:52:16 +0800] "POST /xingrg/kc/buy/cgsh_order_operate.html HTTP/1.1" 200 64
116.232.195.13 - - [15/May/2024:11:52:16 +0800] "POST /xingrg/kc/buy/cgsh_order_operate.html HTTP/1.1" 200 37
120.253.135.82 - - [15/May/2024:11:52:18 +0800] "GET /xingrg/all/function/internal_message.html?_=1715744988599&CODE_STATE=getMsg HTTP/1.1" 200 27
101.83.144.49 - - [15/May/2024:11:52:18 +0800] "GET /xingrg/kc/buy/cgsh_order_operate.html?command=get_materiel&rest_code=00105&code=00101028001&supplier_code=00100017&order_time=2024-05-15 HTTP/1.1" 200 440
116.232.195.13 - - [15/May/2024:11:52:18 +0800] "POST /xingrg/kc/buy/cgsh_order_operate.html HTTP/1.1" 200 2667
116.232.195.13 - - [15/May/2024:11:52:20 +0800] "GET /xingrg/kc/print/load_data.html?order_code=212024051504272&kc_code=cgsh&condition= HTTP/1.1" 200 689
222.70.183.82 - - [15/May/2024:11:52:21 +0800] "GET /xingrg/all/function/internal_message.html?_=1715745138565&CODE_STATE=getMsg HTTP/1.1" 200 27
101.80.230.31 - - [15/May/2024:11:52:23 +0800] "GET /xingrg/all/function/internal_message.html?_=1715745147167&CODE_STATE=getMsg HTTP/1.1" 200 27
222.67.233.39 - - [15/May/2024:11:52:24 +0800] "POST /xingrg/kc/buy/cgsh_order_operate.html HTTP/1.1" 200 37
116.232.195.13 - - [15/May/2024:11:52:25 +0800] "GET /xingrg/check_reg.html?_=1715745108065 HTTP/1.1" 200 22
180.156.239.18 - - [15/May/2024:11:52:28 +0800] "GET /xingrg/check_reg.html?_=1715745148726 HTTP/1.1" 200 22
180.156.239.18 - - [15/May/2024:11:52:28 +0800] "GET /xingrg/all/function/internal_message.html?_=1715745148729&CODE_STATE=getMsg HTTP/1.1" 200 27
218.79.24.215 - - [15/May/2024:11:52:29 +0800] "GET /xingrg/all/function/internal_message.html?_=1715745139735&CODE_STATE=getMsg HTTP/1.1" 200 27
222.67.233.39 - - [15/May/2024:11:52:31 +0800] "POST /xingrg/kc/buy/cgsh_order_operate.html HTTP/1.1" 200 12
116.232.195.13 - - [15/May/2024:11:52:35 +0800] "GET /xingrg/all/function/internal_message.html?_=1715745117933&CODE_STATE=getMsg HTTP/1.1" 200 27
101.83.144.49 - - [15/May/2024:11:52:36 +0800] "GET /xingrg/all/function/internal_message.html?_=1715745156169&CODE_STATE=getMsg HTTP/1.1" 200 27
116.232.195.13 - - [15/May/2024:11:52:37 +0800] "GET /xingrg/kc/buy/cgsh_order_add.html HTTP/1.1" 200 74681
116.232.195.13 - - [15/May/2024:11:52:37 +0800] "GET /xingrg/words/20240515093452_words.js HTTP/1.1" 304 -
116.232.195.13 - - [15/May/2024:11:52:38 +0800] "POST /xingrg/kc/buy/cgsh_order_operate.html HTTP/1.1" 200 8245
116.232.195.13 - - [15/May/2024:11:52:38 +0800] "GET /xingrg/javascript/easyui/themes/default/validatebox.css HTTP/1.1" 404 1104
61.170.234.181 - - [15/May/2024:11:52:39 +0800] "GET /xingrg/all/function/internal_message.html?_=1715745153158&CODE_STATE=getMsg HTTP/1.1" 200 27
222.67.233.39 - - [15/May/2024:11:52:41 +0800] "GET /xingrg/kc/buy/cgsh_order_info.html?code=212024051504274 HTTP/1.1" 200 69470
222.67.233.39 - - [15/May/2024:11:52:42 +0800] "GET /xingrg/javascript/easyui/themes/default/validatebox.css HTTP/1.1" 404 1104
222.67.233.39 - - [15/May/2024:11:52:43 +0800] "POST /xingrg/kc/buy/cgsh_order_operate.html HTTP/1.1" 200 624
222.67.233.39 - - [15/May/2024:11:52:45 +0800] "GET /xingrg/kc/print/load_data.html?order_code=212024051504274&kc_code=cgsh&condition= HTTP/1.1" 200 733
222.67.233.39 - - [15/May/2024:11:52:46 +0800] "GET /xingrg/all/function/internal_message.html?_=1715745166245&CODE_STATE=getMsg HTTP/1.1" 200 27
101.83.144.49 - - [15/May/2024:11:52:46 +0800] "GET /xingrg/all/function/internal_message.html?_=1715744912942&CODE_STATE=getMsg HTTP/1.1" 200 27
114.84.152.157 - - [15/May/2024:11:52:48 +0800] "GET /xingrg/all/function/internal_message.html?_=1715743536475&CODE_STATE=getMsg HTTP/1.1" 200 27
114.83.218.92 - - [15/May/2024:11:52:49 +0800] "GET /xingrg/all/function/internal_message.html?_=1715745169105&CODE_STATE=getMsg HTTP/1.1" 200 27
222.69.134.15 - - [15/May/2024:11:52:49 +0800] "GET /xingrg/all/function/internal_message.html?_=1715745169712&CODE_STATE=getMsg HTTP/1.1" 200 27
222.67.233.39 - - [15/May/2024:11:52:50 +0800] "POST /xingrg/kc/buy/cgsh_order_operate.html HTTP/1.1" 200 8245
222.67.233.39 - - [15/May/2024:11:52:50 +0800] "GET /xingrg/javascript/easyui/themes/default/validatebox.css HTTP/1.1" 404 1104
114.83.218.92 - - [15/May/2024:11:52:52 +0800] "GET /xingrg/all/function/internal_message.html?_=1715745170105&CODE_STATE=getMsg HTTP/1.1" 200 27
116.232.195.13 - - [15/May/2024:11:52:57 +0800] "GET /xingrg/kc/buy/cgsh_order_operate.html?command=get_materiel&rest_code=00155&code=00102013046&supplier_code=00100312&order_time=2024-05-15 HTTP/1.1" 200 408
124.79.240.51 - - [15/May/2024:11:52:58 +0800] "GET /xingrg/all/function/internal_message.html?_=1715745219988&CODE_STATE=getMsg HTTP/1.1" 200 27
222.67.233.39 - - [15/May/2024:11:53:00 +0800] "GET /xingrg/kc/buy/cgsh_order_operate.html?command=get_materiel&rest_code=00141&code=00101008061&supplier_code=00100339&order_time=2024-05-15 HTTP/1.1" 200 423
116.232.195.13 - - [15/May/2024:11:53:06 +0800] "GET /xingrg/kc/buy/cgsh_order_operate.html?command=get_materiel&rest_code=00155&code=00101004027&supplier_code=00100312&order_time=2024-05-15 HTTP/1.1" 200 409
222.67.233.39 - - [15/May/2024:11:53:11 +0800] "POST /xingrg/kc/buy/cgsh_order_operate.html HTTP/1.1" 200 37
58.40.7.146 - - [15/May/2024:11:53:13 +0800] "GET /xingrg/all/function/internal_message.html?_=1715745193305&CODE_STATE=getMsg HTTP/1.1" 200 27
61.170.234.181 - - [15/May/2024:11:53:13 +0800] "GET /xingrg/all/function/internal_message.html?_=1715745195122&CODE_STATE=getMsg HTTP/1.1" 200 27
120.253.135.82 - - [15/May/2024:11:53:18 +0800] "GET /xingrg/check_reg.html?_=1715745048555 HTTP/1.1" 200 22
120.253.135.82 - - [15/May/2024:11:53:18 +0800] "GET /xingrg/all/function/internal_message.html?_=1715745048611&CODE_STATE=getMsg HTTP/1.1" 200 27
222.67.233.39 - - [15/May/2024:11:53:18 +0800] "POST /xingrg/kc/buy/cgsh_order_operate.html HTTP/1.1" 200 12
222.70.183.82 - - [15/May/2024:11:53:21 +0800] "GET /xingrg/all/function/internal_message.html?_=1715745198545&CODE_STATE=getMsg HTTP/1.1" 200 27
222.70.183.82 - - [15/May/2024:11:53:22 +0800] "GET /xingrg/check_reg.html?_=1715745199159 HTTP/1.1" 200 22
101.80.230.31 - - [15/May/2024:11:53:23 +0800] "GET /xingrg/all/function/internal_message.html?_=1715745207169&CODE_STATE=getMsg HTTP/1.1" 200 27
222.67.233.39 - - [15/May/2024:11:53:24 +0800] "GET /xingrg/kc/buy/cgsh_order_info.html?code=212024051504275 HTTP/1.1" 200 69467
222.67.233.39 - - [15/May/2024:11:53:24 +0800] "GET /xingrg/javascript/easyui/themes/default/validatebox.css HTTP/1.1" 404 1104
222.67.233.39 - - [15/May/2024:11:53:25 +0800] "POST /xingrg/kc/buy/cgsh_order_operate.html HTTP/1.1" 200 616
180.156.239.18 - - [15/May/2024:11:53:28 +0800] "GET /xingrg/all/function/internal_message.html?_=1715745208747&CODE_STATE=getMsg HTTP/1.1" 200 27
218.79.24.215 - - [15/May/2024:11:53:29 +0800] "GET /xingrg/all/function/internal_message.html?_=1715745199735&CODE_STATE=getMsg HTTP/1.1" 200 27
218.79.24.215 - - [15/May/2024:11:53:29 +0800] "GET /xingrg/check_reg.html?_=1715745199742 HTTP/1.1" 200 22
114.83.218.92 - - [15/May/2024:11:53:30 +0800] "GET /xingrg/check_reg.html?_=1715745207890 HTTP/1.1" 200 22
116.232.195.13 - - [15/May/2024:11:53:31 +0800] "GET /xingrg/kc/buy/cgsh_order_operate.html?command=get_materiel&rest_code=00155&code=00101001156&supplier_code=00100312&order_time=2024-05-15 HTTP/1.1" 200 409
116.232.195.13 - - [15/May/2024:11:53:35 +0800] "GET /xingrg/all/function/internal_message.html?_=1715745177908&CODE_STATE=getMsg HTTP/1.1" 200 27
101.83.144.49 - - [15/May/2024:11:53:36 +0800] "GET /xingrg/all/function/internal_message.html?_=1715745216171&CODE_STATE=getMsg HTTP/1.1" 200 27
101.83.144.49 - - [15/May/2024:11:53:36 +0800] "GET /xingrg/check_reg.html?_=1715745216175 HTTP/1.1" 200 22
61.170.234.181 - - [15/May/2024:11:53:39 +0800] "GET /xingrg/all/function/internal_message.html?_=1715745213138&CODE_STATE=getMsg HTTP/1.1" 200 27
222.67.233.39 - - [15/May/2024:11:53:46 +0800] "GET /xingrg/all/function/internal_message.html?_=1715745226230&CODE_STATE=getMsg HTTP/1.1" 200 27
101.83.144.49 - - [15/May/2024:11:53:46 +0800] "GET /xingrg/all/function/internal_message.html?_=1715744972927&CODE_STATE=getMsg HTTP/1.1" 200 27
116.232.195.13 - - [15/May/2024:11:53:47 +0800] "POST /xingrg/kc/buy/cgsh_order_operate.html HTTP/1.1" 200 37
114.84.152.157 - - [15/May/2024:11:53:48 +0800] "GET /xingrg/all/function/internal_message.html?_=1715743596467&CODE_STATE=getMsg HTTP/1.1" 200 27
101.83.144.49 - - [15/May/2024:11:53:48 +0800] "GET /xingrg/kc/buy/cgsh_order_operate.html?command=get_materiel&rest_code=00105&code=00101028062&supplier_code=00100017&order_time=2024-05-15 HTTP/1.1" 200 445
114.83.218.92 - - [15/May/2024:11:53:49 +0800] "GET /xingrg/all/function/internal_message.html?_=1715745229111&CODE_STATE=getMsg HTTP/1.1" 200 27
222.69.134.15 - - [15/May/2024:11:53:49 +0800] "GET /xingrg/all/function/internal_message.html?_=1715745229691&CODE_STATE=getMsg HTTP/1.1" 200 27
116.232.195.13 - - [15/May/2024:11:53:50 +0800] "POST /xingrg/kc/buy/cgsh_order_operate.html HTTP/1.1" 200 3246
114.83.218.92 - - [15/May/2024:11:53:52 +0800] "GET /xingrg/all/function/internal_message.html?_=1715745230077&CODE_STATE=getMsg HTTP/1.1" 200 27
124.79.240.51 - - [15/May/2024:11:53:59 +0800] "GET /xingrg/all/function/internal_message.html?_=1715745279986&CODE_STATE=getMsg HTTP/1.1" 200 27
116.232.195.13 - - [15/May/2024:11:54:04 +0800] "POST /xingrg/kc/buy/cgsh_order_operate.html HTTP/1.1" 200 37
222.67.233.39 - - [15/May/2024:11:54:06 +0800] "GET /xingrg/kc/print/load_data.html?order_code=212024051504275&kc_code=cgsh&condition= HTTP/1.1" 200 714
116.232.195.13 - - [15/May/2024:11:54:06 +0800] "POST /xingrg/kc/buy/cgsh_order_operate.html HTTP/1.1" 200 3246
222.67.233.39 - - [15/May/2024:11:54:11 +0800] "POST /xingrg/kc/buy/cgsh_order_operate.html HTTP/1.1" 200 8245
222.67.233.39 - - [15/May/2024:11:54:11 +0800] "GET /xingrg/javascript/easyui/themes/default/validatebox.css HTTP/1.1" 404 1104
116.232.195.13 - - [15/May/2024:11:54:11 +0800] "GET /xingrg/kc/print/load_data.html?order_code=212024051504276&kc_code=cgsh&condition= HTTP/1.1" 200 907
61.170.234.181 - - [15/May/2024:11:54:13 +0800] "GET /xingrg/check_reg.html?_=1715745254904 HTTP/1.1" 200 22
58.40.7.146 - - [15/May/2024:11:54:13 +0800] "GET /xingrg/all/function/internal_message.html?_=1715745253302&CODE_STATE=getMsg HTTP/1.1" 200 27
61.170.234.181 - - [15/May/2024:11:54:13 +0800] "GET /xingrg/all/function/internal_message.html?_=1715745255094&CODE_STATE=getMsg HTTP/1.1" 200 27
120.253.135.82 - - [15/May/2024:11:54:18 +0800] "GET /xingrg/all/function/internal_message.html?_=1715745108626&CODE_STATE=getMsg HTTP/1.1" 200 27
116.232.195.13 - - [15/May/2024:11:54:19 +0800] "GET /xingrg/kc/buy/cgsh_order_add.html HTTP/1.1" 200 74681
116.232.195.13 - - [15/May/2024:11:54:20 +0800] "POST /xingrg/kc/buy/cgsh_order_operate.html HTTP/1.1" 200 8245
116.232.195.13 - - [15/May/2024:11:54:20 +0800] "GET /xingrg/javascript/easyui/themes/default/validatebox.css HTTP/1.1" 404 1104
180.164.6.225 - - [15/May/2024:11:54:20 +0800] "POST /xingrg/services/DataTransmitService HTTP/1.1" 200 524
222.70.183.82 - - [15/May/2024:11:54:21 +0800] "GET /xingrg/all/function/internal_message.html?_=1715745258526&CODE_STATE=getMsg HTTP/1.1" 200 27
180.164.6.225 - - [15/May/2024:11:54:22 +0800] "POST /xingrg/services/DataTransmitService HTTP/1.1" 200 412
101.80.230.31 - - [15/May/2024:11:54:23 +0800] "GET /xingrg/all/function/internal_message.html?_=1715745267185&CODE_STATE=getMsg HTTP/1.1" 200 27
101.80.230.31 - - [15/May/2024:11:54:23 +0800] "GET /xingrg/check_reg.html?_=1715745267188 HTTP/1.1" 200 22
114.84.152.157 - - [15/May/2024:11:54:23 +0800] "GET /xingrg/check_reg.html?_=1715743631637 HTTP/1.1" 200 22
116.232.37.229 - - [15/May/2024:11:54:27 +0800] "POST /xingrg/services/DataTransmitService HTTP/1.1" 200 524
222.67.233.39 - - [15/May/2024:11:54:27 +0800] "GET /xingrg/kc/buy/cgsh_order_operate.html?command=get_materiel&rest_code=00141&code=00101012046&supplier_code=00100487&order_time=2024-05-15 HTTP/1.1" 200 417
101.83.144.49 - - [15/May/2024:11:54:28 +0800] "GET /xingrg/kc/buy/cgsh_order_operate.html?command=get_materiel&rest_code=00105&code=00101028030&supplier_code=00100017&order_time=2024-05-15 HTTP/1.1" 200 430
180.156.239.18 - - [15/May/2024:11:54:28 +0800] "GET /xingrg/all/function/internal_message.html?_=1715745268735&CODE_STATE=getMsg HTTP/1.1" 200 27
218.79.24.215 - - [15/May/2024:11:54:29 +0800] "GET /xingrg/all/function/internal_message.html?_=1715745259743&CODE_STATE=getMsg HTTP/1.1" 200 27
116.232.195.13 - - [15/May/2024:11:54:35 +0800] "GET /xingrg/all/function/internal_message.html?_=1715745237885&CODE_STATE=getMsg HTTP/1.1" 200 27
101.83.144.49 - - [15/May/2024:11:54:36 +0800] "GET /xingrg/all/function/internal_message.html?_=1715745276176&CODE_STATE=getMsg HTTP/1.1" 200 27
222.67.233.39 - - [15/May/2024:11:54:37 +0800] "POST /xingrg/kc/buy/cgsh_order_operate.html HTTP/1.1" 200 37
116.238.97.31 - - [15/May/2024:11:54:39 +0800] "GET /xingrg/check_reg.html?_=1715745280084 HTTP/1.1" 200 22
61.170.234.181 - - [15/May/2024:11:54:39 +0800] "GET /xingrg/all/function/internal_message.html?_=1715745273124&CODE_STATE=getMsg HTTP/1.1" 200 27
222.67.233.39 - - [15/May/2024:11:54:44 +0800] "POST /xingrg/kc/buy/cgsh_order_operate.html HTTP/1.1" 200 12
222.67.233.39 - - [15/May/2024:11:54:46 +0800] "GET /xingrg/all/function/internal_message.html?_=1715745286211&CODE_STATE=getMsg HTTP/1.1" 200 27
101.83.144.49 - - [15/May/2024:11:54:46 +0800] "GET /xingrg/all/function/internal_message.html?_=1715745032911&CODE_STATE=getMsg HTTP/1.1" 200 27
222.67.233.39 - - [15/May/2024:11:54:46 +0800] "GET /xingrg/check_reg.html?_=1715745286452 HTTP/1.1" 200 22
222.67.233.39 - - [15/May/2024:11:54:46 +0800] "GET /xingrg/kc/buy/cgsh_order_info.html?code=212024051504277 HTTP/1.1" 200 69474
222.67.233.39 - - [15/May/2024:11:54:47 +0800] "GET /xingrg/javascript/easyui/themes/default/validatebox.css HTTP/1.1" 404 1104
114.84.152.157 - - [15/May/2024:11:54:48 +0800] "GET /xingrg/all/function/internal_message.html?_=1715743656452&CODE_STATE=getMsg HTTP/1.1" 200 27
222.67.233.39 - - [15/May/2024:11:54:48 +0800] "POST /xingrg/kc/buy/cgsh_order_operate.html HTTP/1.1" 200 611
114.83.218.92 - - [15/May/2024:11:54:49 +0800] "GET /xingrg/all/function/internal_message.html?_=1715745289110&CODE_STATE=getMsg HTTP/1.1" 200 27
222.67.233.39 - - [15/May/2024:11:54:49 +0800] "GET /xingrg/kc/print/load_data.html?order_code=212024051504277&kc_code=cgsh&condition= HTTP/1.1" 200 721
222.69.134.15 - - [15/May/2024:11:54:49 +0800] "GET /xingrg/all/function/internal_message.html?_=1715745289709&CODE_STATE=getMsg HTTP/1.1" 200 27
114.83.218.92 - - [15/May/2024:11:54:52 +0800] "GET /xingrg/all/function/internal_message.html?_=1715745290064&CODE_STATE=getMsg HTTP/1.1" 200 27
222.67.233.39 - - [15/May/2024:11:54:54 +0800] "POST /xingrg/kc/buy/cgsh_order_operate.html HTTP/1.1" 200 8245
222.67.233.39 - - [15/May/2024:11:54:54 +0800] "GET /xingrg/javascript/easyui/themes/default/validatebox.css HTTP/1.1" 404 1104
124.79.240.51 - - [15/May/2024:11:54:58 +0800] "GET /xingrg/check_reg.html?_=1715745339988 HTTP/1.1" 200 22
124.79.240.51 - - [15/May/2024:11:54:58 +0800] "GET /xingrg/all/function/internal_message.html?_=1715745339989&CODE_STATE=getMsg HTTP/1.1" 200 27
101.83.144.49 - - [15/May/2024:11:55:02 +0800] "GET /xingrg/kc/buy/cgsh_order_operate.html?command=get_materiel&rest_code=00105&code=00101024024&supplier_code=00100017&order_time=2024-05-15 HTTP/1.1" 200 428
222.67.233.39 - - [15/May/2024:11:55:04 +0800] "GET /xingrg/kc/buy/cgsh_order_operate.html?command=get_materiel&rest_code=00141&code=00101010785&supplier_code=00100547&order_time=2024-05-15 HTTP/1.1" 200 461
222.70.183.82 - - [15/May/2024:11:55:06 +0800] "POST /xingrg/services/DataTransmitService HTTP/1.1" 200 524
222.70.183.82 - - [15/May/2024:11:55:06 +0800] "POST /xingrg/services/DataTransmitService HTTP/1.1" 200 501
58.40.7.146 - - [15/May/2024:11:55:13 +0800] "GET /xingrg/all/function/internal_message.html?_=1715745313292&CODE_STATE=getMsg HTTP/1.1" 200 27
61.170.234.181 - - [15/May/2024:11:55:13 +0800] "GET /xingrg/all/function/internal_message.html?_=1715745315067&CODE_STATE=getMsg HTTP/1.1" 200 27
61.170.234.181 - - [15/May/2024:11:55:16 +0800] "GET /xingrg/kc/mdqp/qp_main.html HTTP/1.1" 200 10633
61.170.234.181 - - [15/May/2024:11:55:16 +0800] "GET /xingrg/images/blue/button/qqpsd.gif HTTP/1.1" 200 2548
61.170.234.181 - - [15/May/2024:11:55:16 +0800] "GET /xingrg/images/blue/button/psshd.gif HTTP/1.1" 200 2692
61.170.234.181 - - [15/May/2024:11:55:16 +0800] "GET /xingrg/images/blue/button/pszx.gif HTTP/1.1" 200 2648
61.170.234.181 - - [15/May/2024:11:55:17 +0800] "GET /xingrg/images/yd/bt.gif HTTP/1.1" 404 1040
120.253.135.82 - - [15/May/2024:11:55:18 +0800] "GET /xingrg/all/function/internal_message.html?_=1715745168638&CODE_STATE=getMsg HTTP/1.1" 200 27
61.170.234.181 - - [15/May/2024:11:55:18 +0800] "GET /xingrg/kc/mdqp/qqps_order_list.html HTTP/1.1" 200 9222
61.170.234.181 - - [15/May/2024:11:55:18 +0800] "GET /xingrg/dwr/interface/AjaxQqpsService.js HTTP/1.1" 200 16326
61.170.234.181 - - [15/May/2024:11:55:18 +0800] "GET /xingrg/dwr/interface/AjaxReportQueryService.js HTTP/1.1" 200 13203
61.170.234.181 - - [15/May/2024:11:55:18 +0800] "GET /xingrg/dwr/engine.js HTTP/1.1" 200 43631
61.170.234.181 - - [15/May/2024:11:55:18 +0800] "GET /xingrg/dwr/util.js HTTP/1.1" 200 35990
61.170.234.181 - - [15/May/2024:11:55:18 +0800] "GET /xingrg/javascript/Calendar.js HTTP/1.1" 200 31561
61.170.234.181 - - [15/May/2024:11:55:18 +0800] "GET /xingrg/javascript/jquery_easy_ui/themes/icons/cance_new.png HTTP/1.1" 200 3986
61.170.234.181 - - [15/May/2024:11:55:18 +0800] "GET /xingrg/javascript/jquery_easy_ui/themes/icons/check_new.png HTTP/1.1" 200 3224
61.170.234.181 - - [15/May/2024:11:55:18 +0800] "GET /xingrg/javascript/jquery_easy_ui/themes/icons/edit_add_new.png HTTP/1.1" 200 2997
61.170.234.181 - - [15/May/2024:11:55:18 +0800] "GET /xingrg/javascript/jquery_easy_ui/themes/icons/uncheck_new.png HTTP/1.1" 200 3197
61.170.234.181 - - [15/May/2024:11:55:20 +0800] "GET /xingrg/javascript/jquery_easy_ui/themes/default/images/button_plain_hover.png HTTP/1.1" 200 252
222.70.183.82 - - [15/May/2024:11:55:21 +0800] "GET /xingrg/all/function/internal_message.html?_=1715745318517&CODE_STATE=getMsg HTTP/1.1" 200 27
61.170.234.181 - - [15/May/2024:11:55:22 +0800] "GET /xingrg/kc/mdqp/qqps_order_add.html HTTP/1.1" 200 28236
61.170.234.181 - - [15/May/2024:11:55:22 +0800] "GET /xingrg/javascript/tools/jquery.qtip-1.0.0-rc3.min.js HTTP/1.1" 200 38404
61.170.234.181 - - [15/May/2024:11:55:22 +0800] "GET /xingrg/dwr/interface/AjaxComOrderService.js HTTP/1.1" 200 18264
61.170.234.181 - - [15/May/2024:11:55:22 +0800] "GET /xingrg/dwr/interface/AjaxQqpsService.js HTTP/1.1" 200 16326
61.170.234.181 - - [15/May/2024:11:55:22 +0800] "GET /xingrg/javascript/AjaxInfoList.js HTTP/1.1" 200 3774
61.170.234.181 - - [15/May/2024:11:55:22 +0800] "GET /xingrg/dwr/engine.js HTTP/1.1" 200 43631
61.170.234.181 - - [15/May/2024:11:55:22 +0800] "GET /xingrg/javascript/Grid.js HTTP/1.1" 200 58908
61.170.234.181 - - [15/May/2024:11:55:22 +0800] "GET /xingrg/images/blue/button/kc_tab_add.gif HTTP/1.1" 200 375
61.170.234.181 - - [15/May/2024:11:55:22 +0800] "GET /xingrg/images/blue/button/kc_tab_edit.gif HTTP/1.1" 200 551
61.170.234.181 - - [15/May/2024:11:55:22 +0800] "GET /xingrg/images/blue/button/kc_tab_save.gif HTTP/1.1" 200 777
61.170.234.181 - - [15/May/2024:11:55:22 +0800] "GET /xingrg/images/blue/button/kc_tab_del.gif HTTP/1.1" 200 383
61.170.234.181 - - [15/May/2024:11:55:22 +0800] "GET /xingrg/javascript/jquery_easy_ui/themes/icons/back_new.png HTTP/1.1" 200 3414
61.170.234.181 - - [15/May/2024:11:55:22 +0800] "GET /xingrg/javascript/jquery_easy_ui/themes/default/images/menu_downarrow.png HTTP/1.1" 200 173
61.170.234.181 - - [15/May/2024:11:55:22 +0800] "GET /xingrg/images/blue/kc_tab2_left.gif HTTP/1.1" 200 625
61.170.234.181 - - [15/May/2024:11:55:22 +0800] "GET /xingrg/javascript/jquery_easy_ui/themes/icons/copy_new.png HTTP/1.1" 200 815
61.170.234.181 - - [15/May/2024:11:55:22 +0800] "GET /xingrg/javascript/jquery_easy_ui/themes/icons/print.png HTTP/1.1" 200 1057
61.170.234.181 - - [15/May/2024:11:55:22 +0800] "GET /xingrg/javascript/jquery_easy_ui/themes/default/images/combo_arrow_dot.gif HTTP/1.1" 200 79
61.170.234.181 - - [15/May/2024:11:55:22 +0800] "GET /xingrg/images/blue/kc_tab_left.gif HTTP/1.1" 200 188
61.170.234.181 - - [15/May/2024:11:55:22 +0800] "GET /xingrg/images/blue/kc_tab2_right.gif HTTP/1.1" 200 192
61.170.234.181 - - [15/May/2024:11:55:22 +0800] "GET /xingrg/javascript/jquery_easy_ui/themes/icons/template_new.png HTTP/1.1" 200 3956
61.170.234.181 - - [15/May/2024:11:55:22 +0800] "GET /xingrg/javascript/jquery_easy_ui/themes/icons/ok.png HTTP/1.1" 200 883
61.170.234.181 - - [15/May/2024:11:55:22 +0800] "GET /xingrg/images/blue/kc_tab_right.gif HTTP/1.1" 200 643
61.170.234.181 - - [15/May/2024:11:55:22 +0800] "GET /xingrg/images/blue/kc_tab_mid.gif HTTP/1.1" 200 44
101.80.230.31 - - [15/May/2024:11:55:23 +0800] "GET /xingrg/all/function/internal_message.html?_=1715745327188&CODE_STATE=getMsg HTTP/1.1" 200 27
180.156.239.18 - - [15/May/2024:11:55:28 +0800] "GET /xingrg/all/function/internal_message.html?_=1715745328727&CODE_STATE=getMsg HTTP/1.1" 200 27
218.79.24.215 - - [15/May/2024:11:55:29 +0800] "GET /xingrg/all/function/internal_message.html?_=1715745319731&CODE_STATE=getMsg HTTP/1.1" 200 27
61.170.234.181 - - [15/May/2024:11:55:33 +0800] "GET /xingrg/images/blue/wait.gif HTTP/1.1" 200 1100
61.170.234.181 - - [15/May/2024:11:55:34 +0800] "POST /xingrg/dwr/call/plaincall/AjaxQqpsService.saveOrder.dwr HTTP/1.1" 200 78
222.67.233.39 - - [15/May/2024:11:55:35 +0800] "GET /xingrg/kc/buy/cgsh_order_operate.html?command=get_materiel&rest_code=00141&code=00101006022&supplier_code=00100547&order_time=2024-05-15 HTTP/1.1" 200 413
116.232.195.13 - - [15/May/2024:11:55:35 +0800] "GET /xingrg/all/function/internal_message.html?_=1715745297867&CODE_STATE=getMsg HTTP/1.1" 200 27
101.83.144.49 - - [15/May/2024:11:55:36 +0800] "GET /xingrg/all/function/internal_message.html?_=1715745336176&CODE_STATE=getMsg HTTP/1.1" 200 27
61.170.234.181 - - [15/May/2024:11:55:39 +0800] "GET /xingrg/all/function/internal_message.html?_=1715745333100&CODE_STATE=getMsg HTTP/1.1" 200 27
222.67.233.39 - - [15/May/2024:11:55:46 +0800] "GET /xingrg/all/function/internal_message.html?_=1715745346174&CODE_STATE=getMsg HTTP/1.1" 200 27
101.83.144.49 - - [15/May/2024:11:55:46 +0800] "GET /xingrg/all/function/internal_message.html?_=1715745092922&CODE_STATE=getMsg HTTP/1.1" 200 27
101.83.144.49 - - [15/May/2024:11:55:46 +0800] "GET /xingrg/check_reg.html?_=1715745092926 HTTP/1.1" 200 22
114.84.152.157 - - [15/May/2024:11:55:48 +0800] "GET /xingrg/all/function/internal_message.html?_=1715743716444&CODE_STATE=getMsg HTTP/1.1" 200 27
114.83.218.92 - - [15/May/2024:11:55:49 +0800] "GET /xingrg/all/function/internal_message.html?_=1715745349105&CODE_STATE=getMsg HTTP/1.1" 200 27
114.83.218.92 - - [15/May/2024:11:55:49 +0800] "GET /xingrg/check_reg.html?_=1715745349109 HTTP/1.1" 200 22
222.69.134.15 - - [15/May/2024:11:55:49 +0800] "GET /xingrg/check_reg.html?_=1715745349711 HTTP/1.1" 200 22
222.69.134.15 - - [15/May/2024:11:55:49 +0800] "GET /xingrg/all/function/internal_message.html?_=1715745349715&CODE_STATE=getMsg HTTP/1.1" 200 27
61.170.234.181 - - [15/May/2024:11:55:51 +0800] "GET /xingrg/javascript/auto/indicator.gif HTTP/1.1" 404 1066
114.83.218.92 - - [15/May/2024:11:55:52 +0800] "GET /xingrg/all/function/internal_message.html?_=1715745350055&CODE_STATE=getMsg HTTP/1.1" 200 27
61.170.234.181 - - [15/May/2024:11:55:53 +0800] "POST /xingrg/dwr/call/plaincall/AjaxQqpsService.getMaterielByCode.dwr HTTP/1.1" 200 2768
61.170.234.181 - - [15/May/2024:11:55:56 +0800] "POST /xingrg/dwr/call/plaincall/AjaxQqpsService.saveMaterielItem.dwr HTTP/1.1" 200 78
124.79.240.51 - - [15/May/2024:11:55:58 +0800] "GET /xingrg/all/function/internal_message.html?_=1715745399987&CODE_STATE=getMsg HTTP/1.1" 200 27
61.170.234.181 - - [15/May/2024:11:55:59 +0800] "POST /xingrg/dwr/call/plaincall/AjaxQqpsService.saveOrder.dwr HTTP/1.1" 200 78
61.170.234.181 - - [15/May/2024:11:56:04 +0800] "GET /xingrg/kc/mdqp/qqps_order_add.html HTTP/1.1" 200 28236
61.170.234.181 - - [15/May/2024:11:56:04 +0800] "GET /xingrg/dwr/interface/AjaxComOrderService.js HTTP/1.1" 200 18264
61.170.234.181 - - [15/May/2024:11:56:04 +0800] "GET /xingrg/dwr/interface/AjaxQqpsService.js HTTP/1.1" 200 16326
61.170.234.181 - - [15/May/2024:11:56:04 +0800] "GET /xingrg/dwr/engine.js HTTP/1.1" 200 43631
58.40.7.146 - - [15/May/2024:11:56:13 +0800] "GET /xingrg/all/function/internal_message.html?_=1715745373304&CODE_STATE=getMsg HTTP/1.1" 200 27
61.170.234.181 - - [15/May/2024:11:56:13 +0800] "GET /xingrg/all/function/internal_message.html?_=1715745375055&CODE_STATE=getMsg HTTP/1.1" 200 27
120.253.135.82 - - [15/May/2024:11:56:18 +0800] "GET /xingrg/all/function/internal_message.html?_=1715745228675&CODE_STATE=getMsg HTTP/1.1" 200 27
61.170.234.181 - - [15/May/2024:11:56:19 +0800] "POST /xingrg/dwr/call/plaincall/AjaxQqpsService.saveOrder.dwr HTTP/1.1" 200 78
222.70.183.82 - - [15/May/2024:11:56:21 +0800] "GET /xingrg/all/function/internal_message.html?_=1715745378502&CODE_STATE=getMsg HTTP/1.1" 200 27
101.80.230.31 - - [15/May/2024:11:56:23 +0800] "GET /xingrg/all/function/internal_message.html?_=1715745387194&CODE_STATE=getMsg HTTP/1.1" 200 27
180.156.239.18 - - [15/May/2024:11:56:28 +0800] "GET /xingrg/all/function/internal_message.html?_=1715745388745&CODE_STATE=getMsg HTTP/1.1" 200 27
218.79.24.215 - - [15/May/2024:11:56:29 +0800] "GET /xingrg/all/function/internal_message.html?_=1715745379735&CODE_STATE=getMsg HTTP/1.1" 200 27
116.232.195.13 - - [15/May/2024:11:56:35 +0800] "GET /xingrg/all/function/internal_message.html?_=1715745357854&CODE_STATE=getMsg HTTP/1.1" 200 27
101.83.144.49 - - [15/May/2024:11:56:36 +0800] "GET /xingrg/all/function/internal_message.html?_=1715745396177&CODE_STATE=getMsg HTTP/1.1" 200 27
222.67.233.39 - - [15/May/2024:11:56:37 +0800] "GET /xingrg/kc/buy/cgsh_order_operate.html?command=get_materiel&rest_code=00141&code=00101007013&supplier_code=00100547&order_time=2024-05-15 HTTP/1.1" 200 422
61.170.234.181 - - [15/May/2024:11:56:39 +0800] "POST /xingrg/dwr/call/plaincall/AjaxQqpsService.getMaterielByCode.dwr HTTP/1.1" 200 2759
61.170.234.181 - - [15/May/2024:11:56:39 +0800] "GET /xingrg/all/function/internal_message.html?_=1715745393083&CODE_STATE=getMsg HTTP/1.1" 200 27
61.170.234.181 - - [15/May/2024:11:56:42 +0800] "POST /xingrg/dwr/call/plaincall/AjaxQqpsService.saveMaterielItem.dwr HTTP/1.1" 200 78
222.67.233.39 - - [15/May/2024:11:56:46 +0800] "GET /xingrg/all/function/internal_message.html?_=1715745406145&CODE_STATE=getMsg HTTP/1.1" 200 27
101.83.144.49 - - [15/May/2024:11:56:46 +0800] "GET /xingrg/all/function/internal_message.html?_=1715745152933&CODE_STATE=getMsg HTTP/1.1" 200 27
114.84.152.157 - - [15/May/2024:11:56:48 +0800] "GET /xingrg/all/function/internal_message.html?_=1715743776420&CODE_STATE=getMsg HTTP/1.1" 200 27
114.83.218.92 - - [15/May/2024:11:56:49 +0800] "GET /xingrg/all/function/internal_message.html?_=1715745409117&CODE_STATE=getMsg HTTP/1.1" 200 27
222.69.134.15 - - [15/May/2024:11:56:49 +0800] "GET /xingrg/all/function/internal_message.html?_=1715745409712&CODE_STATE=getMsg HTTP/1.1" 200 27
114.83.218.92 - - [15/May/2024:11:56:52 +0800] "GET /xingrg/all/function/internal_message.html?_=1715745410041&CODE_STATE=getMsg HTTP/1.1" 200 27
124.79.240.51 - - [15/May/2024:11:56:58 +0800] "GET /xingrg/all/function/internal_message.html?_=1715745459974&CODE_STATE=getMsg HTTP/1.1" 200 27
222.67.233.39 - - [15/May/2024:11:57:06 +0800] "GET /xingrg/kc/buy/cgsh_order_operate.html?command=get_materiel&rest_code=00141&code=00101007015&supplier_code=00100547&order_time=2024-05-15 HTTP/1.1" 200 422
58.40.7.146 - - [15/May/2024:11:57:13 +0800] "GET /xingrg/check_reg.html?_=1715745433296 HTTP/1.1" 200 22
58.40.7.146 - - [15/May/2024:11:57:13 +0800] "GET /xingrg/all/function/internal_message.html?_=1715745433298&CODE_STATE=getMsg HTTP/1.1" 200 27
61.170.234.181 - - [15/May/2024:11:57:13 +0800] "GET /xingrg/all/function/internal_message.html?_=1715745435037&CODE_STATE=getMsg HTTP/1.1" 200 27
61.170.234.181 - - [15/May/2024:11:57:13 +0800] "GET /xingrg/check_reg.html?_=1715745426768 HTTP/1.1" 200 22
120.253.135.82 - - [15/May/2024:11:57:18 +0800] "GET /xingrg/all/function/internal_message.html?_=1715745288681&CODE_STATE=getMsg HTTP/1.1" 200 27
222.70.183.82 - - [15/May/2024:11:57:21 +0800] "GET /xingrg/all/function/internal_message.html?_=1715745438476&CODE_STATE=getMsg HTTP/1.1" 200 27
101.80.230.31 - - [15/May/2024:11:57:23 +0800] "GET /xingrg/all/function/internal_message.html?_=1715745447184&CODE_STATE=getMsg HTTP/1.1" 200 27
116.232.195.13 - - [15/May/2024:11:57:25 +0800] "GET /xingrg/check_reg.html?_=1715745408047 HTTP/1.1" 200 22
180.156.239.18 - - [15/May/2024:11:57:28 +0800] "GET /xingrg/check_reg.html?_=1715745448739 HTTP/1.1" 200 22
180.156.239.18 - - [15/May/2024:11:57:28 +0800] "GET /xingrg/all/function/internal_message.html?_=1715745448740&CODE_STATE=getMsg HTTP/1.1" 200 27
218.79.24.215 - - [15/May/2024:11:57:29 +0800] "GET /xingrg/all/function/internal_message.html?_=1715745439739&CODE_STATE=getMsg HTTP/1.1" 200 27
61.170.234.181 - - [15/May/2024:11:57:30 +0800] "POST /xingrg/dwr/call/plaincall/AjaxQqpsService.getMaterielByCode.dwr HTTP/1.1" 200 2750
61.170.234.181 - - [15/May/2024:11:57:35 +0800] "POST /xingrg/dwr/call/plaincall/AjaxQqpsService.saveMaterielItem.dwr HTTP/1.1" 200 78
116.232.195.13 - - [15/May/2024:11:57:35 +0800] "GET /xingrg/all/function/internal_message.html?_=1715745417838&CODE_STATE=getMsg HTTP/1.1" 200 27
101.83.144.49 - - [15/May/2024:11:57:36 +0800] "GET /xingrg/all/function/internal_message.html?_=1715745456178&CODE_STATE=getMsg HTTP/1.1" 200 27
61.170.234.181 - - [15/May/2024:11:57:39 +0800] "GET /xingrg/all/function/internal_message.html?_=1715745453060&CODE_STATE=getMsg HTTP/1.1" 200 27
222.67.233.39 - - [15/May/2024:11:57:41 +0800] "POST /xingrg/kc/buy/cgsh_order_operate.html HTTP/1.1" 200 37
222.67.233.39 - - [15/May/2024:11:57:46 +0800] "GET /xingrg/all/function/internal_message.html?_=1715745466112&CODE_STATE=getMsg HTTP/1.1" 200 27
101.83.144.49 - - [15/May/2024:11:57:46 +0800] "GET /xingrg/all/function/internal_message.html?_=1715745212925&CODE_STATE=getMsg HTTP/1.1" 200 27
114.84.152.157 - - [15/May/2024:11:57:48 +0800] "GET /xingrg/all/function/internal_message.html?_=1715743836408&CODE_STATE=getMsg HTTP/1.1" 200 27
61.170.234.181 - - [15/May/2024:11:57:48 +0800] "POST /xingrg/dwr/call/plaincall/AjaxQqpsService.getMaterielByCode.dwr HTTP/1.1" 200 2725
222.67.233.39 - - [15/May/2024:11:57:48 +0800] "POST /xingrg/kc/buy/cgsh_order_operate.html HTTP/1.1" 200 12
114.83.218.92 - - [15/May/2024:11:57:49 +0800] "GET /xingrg/all/function/internal_message.html?_=1715745469119&CODE_STATE=getMsg HTTP/1.1" 200 27
222.69.134.15 - - [15/May/2024:11:57:49 +0800] "GET /xingrg/all/function/internal_message.html?_=1715745469708&CODE_STATE=getMsg HTTP/1.1" 200 27
61.170.234.181 - - [15/May/2024:11:57:51 +0800] "POST /xingrg/dwr/call/plaincall/AjaxQqpsService.saveMaterielItem.dwr HTTP/1.1" 200 78
114.83.218.92 - - [15/May/2024:11:57:52 +0800] "GET /xingrg/all/function/internal_message.html?_=1715745470028&CODE_STATE=getMsg HTTP/1.1" 200 27
222.67.233.39 - - [15/May/2024:11:57:53 +0800] "GET /xingrg/kc/buy/cgsh_order_info.html?code=212024051504278 HTTP/1.1" 200 69456
222.67.233.39 - - [15/May/2024:11:57:53 +0800] "GET /xingrg/javascript/easyui/themes/default/validatebox.css HTTP/1.1" 404 1104
222.67.233.39 - - [15/May/2024:11:57:54 +0800] "POST /xingrg/kc/buy/cgsh_order_operate.html HTTP/1.1" 200 2454
61.170.234.181 - - [15/May/2024:11:57:55 +0800] "POST /xingrg/dwr/call/plaincall/AjaxQqpsService.saveOrder.dwr HTTP/1.1" 200 78
222.67.233.39 - - [15/May/2024:11:57:56 +0800] "GET /xingrg/kc/print/load_data.html?order_code=212024051504278&kc_code=cgsh&condition= HTTP/1.1" 200 1440
124.79.240.51 - - [15/May/2024:11:57:58 +0800] "GET /xingrg/all/function/internal_message.html?_=1715745519992&CODE_STATE=getMsg HTTP/1.1" 200 27
61.170.234.181 - - [15/May/2024:11:57:59 +0800] "GET /xingrg/kc/mdqp/qqps_order_add.html HTTP/1.1" 200 28236
61.170.234.181 - - [15/May/2024:11:57:59 +0800] "GET /xingrg/dwr/interface/AjaxComOrderService.js HTTP/1.1" 200 18264
61.170.234.181 - - [15/May/2024:11:57:59 +0800] "GET /xingrg/dwr/interface/AjaxQqpsService.js HTTP/1.1" 200 16326
61.170.234.181 - - [15/May/2024:11:57:59 +0800] "GET /xingrg/dwr/engine.js HTTP/1.1" 200 43631
222.67.233.39 - - [15/May/2024:11:58:00 +0800] "POST /xingrg/kc/buy/cgsh_order_operate.html HTTP/1.1" 200 8245
222.67.233.39 - - [15/May/2024:11:58:00 +0800] "GET /xingrg/javascript/easyui/themes/default/validatebox.css HTTP/1.1" 404 1104
58.40.7.146 - - [15/May/2024:11:58:13 +0800] "GET /xingrg/all/function/internal_message.html?_=1715745493306&CODE_STATE=getMsg HTTP/1.1" 200 27
61.170.234.181 - - [15/May/2024:11:58:13 +0800] "GET /xingrg/all/function/internal_message.html?_=1715745495018&CODE_STATE=getMsg HTTP/1.1" 200 27
222.67.233.39 - - [15/May/2024:11:58:14 +0800] "GET /xingrg/kc/buy/cgsh_order_operate.html?command=get_materiel&rest_code=00141&code=00101002042&supplier_code=00100094&order_time=2024-05-15 HTTP/1.1" 200 417
120.253.135.82 - - [15/May/2024:11:58:18 +0800] "GET /xingrg/check_reg.html?_=1715745348576 HTTP/1.1" 200 22
120.253.135.82 - - [15/May/2024:11:58:18 +0800] "GET /xingrg/all/function/internal_message.html?_=1715745348694&CODE_STATE=getMsg HTTP/1.1" 200 27
222.70.183.82 - - [15/May/2024:11:58:21 +0800] "GET /xingrg/all/function/internal_message.html?_=1715745498460&CODE_STATE=getMsg HTTP/1.1" 200 27
222.70.183.82 - - [15/May/2024:11:58:22 +0800] "GET /xingrg/check_reg.html?_=1715745499137 HTTP/1.1" 200 22
101.80.230.31 - - [15/May/2024:11:58:23 +0800] "GET /xingrg/all/function/internal_message.html?_=1715745507183&CODE_STATE=getMsg HTTP/1.1" 200 27
61.170.234.181 - - [15/May/2024:11:58:26 +0800] "POST /xingrg/dwr/call/plaincall/AjaxQqpsService.saveOrder.dwr HTTP/1.1" 200 78
222.67.233.39 - - [15/May/2024:11:58:27 +0800] "GET /xingrg/kc/buy/cgsh_order_operate.html?command=get_materiel&rest_code=00141&code=00101002038&supplier_code=00100094&order_time=2024-05-15 HTTP/1.1" 200 416
180.156.239.18 - - [15/May/2024:11:58:28 +0800] "GET /xingrg/all/function/internal_message.html?_=1715745508737&CODE_STATE=getMsg HTTP/1.1" 200 27
218.79.24.215 - - [15/May/2024:11:58:29 +0800] "GET /xingrg/all/function/internal_message.html?_=1715745499742&CODE_STATE=getMsg HTTP/1.1" 200 27
218.79.24.215 - - [15/May/2024:11:58:29 +0800] "GET /xingrg/check_reg.html?_=1715745499747 HTTP/1.1" 200 22
114.83.218.92 - - [15/May/2024:11:58:30 +0800] "GET /xingrg/check_reg.html?_=1715745507906 HTTP/1.1" 200 22
116.232.195.13 - - [15/May/2024:11:58:35 +0800] "GET /xingrg/all/function/internal_message.html?_=1715745477814&CODE_STATE=getMsg HTTP/1.1" 200 27
101.83.144.49 - - [15/May/2024:11:58:36 +0800] "GET /xingrg/check_reg.html?_=1715745516178 HTTP/1.1" 200 22
101.83.144.49 - - [15/May/2024:11:58:36 +0800] "GET /xingrg/all/function/internal_message.html?_=1715745516182&CODE_STATE=getMsg HTTP/1.1" 200 27
61.170.234.181 - - [15/May/2024:11:58:39 +0800] "GET /xingrg/all/function/internal_message.html?_=1715745513032&CODE_STATE=getMsg HTTP/1.1" 200 27
222.67.233.39 - - [15/May/2024:11:58:40 +0800] "POST /xingrg/kc/buy/cgsh_order_operate.html HTTP/1.1" 200 37
116.235.245.51 - - [15/May/2024:11:58:42 +0800] "POST /xingrg/services/DataTransmitService HTTP/1.1" 200 524
222.67.233.39 - - [15/May/2024:11:58:46 +0800] "GET /xingrg/all/function/internal_message.html?_=1715745526099&CODE_STATE=getMsg HTTP/1.1" 200 27
101.83.144.49 - - [15/May/2024:11:58:46 +0800] "GET /xingrg/all/function/internal_message.html?_=1715745272914&CODE_STATE=getMsg HTTP/1.1" 200 27
222.67.233.39 - - [15/May/2024:11:58:47 +0800] "POST /xingrg/kc/buy/cgsh_order_operate.html HTTP/1.1" 200 12
114.84.152.157 - - [15/May/2024:11:58:48 +0800] "GET /xingrg/all/function/internal_message.html?_=1715743896395&CODE_STATE=getMsg HTTP/1.1" 200 27
114.83.218.92 - - [15/May/2024:11:58:49 +0800] "GET /xingrg/all/function/internal_message.html?_=1715745529112&CODE_STATE=getMsg HTTP/1.1" 200 27
222.69.134.15 - - [15/May/2024:11:58:49 +0800] "GET /xingrg/all/function/internal_message.html?_=1715745529701&CODE_STATE=getMsg HTTP/1.1" 200 27
114.83.218.92 - - [15/May/2024:11:58:52 +0800] "GET /xingrg/all/function/internal_message.html?_=1715745529999&CODE_STATE=getMsg HTTP/1.1" 200 27
222.67.233.39 - - [15/May/2024:11:58:54 +0800] "GET /xingrg/kc/buy/cgsh_order_info.html?code=212024051504279 HTTP/1.1" 200 69464
222.67.233.39 - - [15/May/2024:11:58:54 +0800] "GET /xingrg/javascript/easyui/themes/default/validatebox.css HTTP/1.1" 404 1104
61.170.234.181 - - [15/May/2024:11:58:55 +0800] "POST /xingrg/dwr/call/plaincall/AjaxQqpsService.getMaterielByCode.dwr HTTP/1.1" 200 2756
222.67.233.39 - - [15/May/2024:11:58:55 +0800] "POST /xingrg/kc/buy/cgsh_order_operate.html HTTP/1.1" 200 1217
222.67.233.39 - - [15/May/2024:11:58:57 +0800] "GET /xingrg/kc/print/load_data.html?order_code=212024051504279&kc_code=cgsh&condition= HTTP/1.1" 200 1025
61.170.234.181 - - [15/May/2024:11:58:58 +0800] "POST /xingrg/dwr/call/plaincall/AjaxQqpsService.saveMaterielItem.dwr HTTP/1.1" 200 78
124.79.240.51 - - [15/May/2024:11:58:58 +0800] "GET /xingrg/all/function/internal_message.html?_=1715745579975&CODE_STATE=getMsg HTTP/1.1" 200 27
61.170.234.181 - - [15/May/2024:11:59:07 +0800] "POST /xingrg/dwr/call/plaincall/AjaxQqpsService.getMaterielByCode.dwr HTTP/1.1" 200 2711
61.170.234.181 - - [15/May/2024:11:59:09 +0800] "POST /xingrg/dwr/call/plaincall/AjaxQqpsService.saveMaterielItem.dwr HTTP/1.1" 200 78
61.170.234.181 - - [15/May/2024:11:59:13 +0800] "GET /xingrg/check_reg.html?_=1715745554914 HTTP/1.1" 200 22
58.40.7.146 - - [15/May/2024:11:59:13 +0800] "GET /xingrg/all/function/internal_message.html?_=1715745553300&CODE_STATE=getMsg HTTP/1.1" 200 27
61.170.234.181 - - [15/May/2024:11:59:13 +0800] "GET /xingrg/all/function/internal_message.html?_=1715745555003&CODE_STATE=getMsg HTTP/1.1" 200 27
120.253.135.82 - - [15/May/2024:11:59:18 +0800] "GET /xingrg/all/function/internal_message.html?_=1715745408710&CODE_STATE=getMsg HTTP/1.1" 200 27
222.70.183.82 - - [15/May/2024:11:59:21 +0800] "GET /xingrg/all/function/internal_message.html?_=1715745558430&CODE_STATE=getMsg HTTP/1.1" 200 27
101.80.230.31 - - [15/May/2024:11:59:23 +0800] "GET /xingrg/all/function/internal_message.html?_=1715745567183&CODE_STATE=getMsg HTTP/1.1" 200 27
101.80.230.31 - - [15/May/2024:11:59:23 +0800] "GET /xingrg/check_reg.html?_=1715745567185 HTTP/1.1" 200 22
114.84.152.157 - - [15/May/2024:11:59:23 +0800] "GET /xingrg/check_reg.html?_=1715743931635 HTTP/1.1" 200 22
222.67.233.39 - - [15/May/2024:11:59:28 +0800] "POST /xingrg/kc/buy/cgsh_order_operate.html HTTP/1.1" 200 8245
180.156.239.18 - - [15/May/2024:11:59:28 +0800] "GET /xingrg/all/function/internal_message.html?_=1715745568733&CODE_STATE=getMsg HTTP/1.1" 200 27
222.67.233.39 - - [15/May/2024:11:59:28 +0800] "GET /xingrg/javascript/easyui/themes/default/validatebox.css HTTP/1.1" 404 1104
61.170.234.181 - - [15/May/2024:11:59:29 +0800] "POST /xingrg/dwr/call/plaincall/AjaxQqpsService.getMaterielByCode.dwr HTTP/1.1" 200 2744
218.79.24.215 - - [15/May/2024:11:59:29 +0800] "GET /xingrg/all/function/internal_message.html?_=1715745559750&CODE_STATE=getMsg HTTP/1.1" 200 27
61.170.234.181 - - [15/May/2024:11:59:32 +0800] "POST /xingrg/dwr/call/plaincall/AjaxQqpsService.saveMaterielItem.dwr HTTP/1.1" 200 78
116.232.195.13 - - [15/May/2024:11:59:35 +0800] "GET /xingrg/all/function/internal_message.html?_=1715745537789&CODE_STATE=getMsg HTTP/1.1" 200 27
101.83.144.49 - - [15/May/2024:11:59:36 +0800] "GET /xingrg/all/function/internal_message.html?_=1715745576182&CODE_STATE=getMsg HTTP/1.1" 200 27
222.67.233.39 - - [15/May/2024:11:59:38 +0800] "GET /xingrg/kc/buy/cgsh_order_operate.html?command=get_materiel&rest_code=00141&code=00101010691&supplier_code=00100327&order_time=2024-05-15 HTTP/1.1" 200 411
101.83.144.49 - - [15/May/2024:11:59:39 +0800] "POST /xingrg/all/common/load_select.html HTTP/1.1" 200 25
116.238.97.31 - - [15/May/2024:11:59:39 +0800] "GET /xingrg/check_reg.html?_=1715745580079 HTTP/1.1" 200 22
61.170.234.181 - - [15/May/2024:11:59:39 +0800] "GET /xingrg/all/function/internal_message.html?_=1715745573008&CODE_STATE=getMsg HTTP/1.1" 200 27
101.83.144.49 - - [15/May/2024:11:59:44 +0800] "GET /xingrg/kc/buy/cgsh_order_operate.html?command=get_materiel_price&rest_code=00105&code=00101028062&unit_code=00100156&supplier_code=00100017&order_time=2024-05-15 HTTP/1.1" 200 27
222.67.233.39 - - [15/May/2024:11:59:46 +0800] "GET /xingrg/all/function/internal_message.html?_=1715745586061&CODE_STATE=getMsg HTTP/1.1" 200 27
101.83.144.49 - - [15/May/2024:11:59:46 +0800] "GET /xingrg/all/function/internal_message.html?_=1715745332921&CODE_STATE=getMsg HTTP/1.1" 200 27
222.67.233.39 - - [15/May/2024:11:59:46 +0800] "GET /xingrg/check_reg.html?_=1715745586425 HTTP/1.1" 200 22
61.170.234.181 - - [15/May/2024:11:59:46 +0800] "POST /xingrg/dwr/call/plaincall/AjaxQqpsService.getMaterielByCode.dwr HTTP/1.1" 200 2744
114.84.152.157 - - [15/May/2024:11:59:48 +0800] "GET /xingrg/all/function/internal_message.html?_=1715743956385&CODE_STATE=getMsg HTTP/1.1" 200 27
61.170.234.181 - - [15/May/2024:11:59:49 +0800] "POST /xingrg/dwr/call/plaincall/AjaxQqpsService.saveMaterielItem.dwr HTTP/1.1" 200 78
114.83.218.92 - - [15/May/2024:11:59:49 +0800] "GET /xingrg/all/function/internal_message.html?_=1715745589112&CODE_STATE=getMsg HTTP/1.1" 200 27
222.67.233.39 - - [15/May/2024:11:59:49 +0800] "POST /xingrg/kc/buy/cgsh_order_operate.html HTTP/1.1" 200 37
222.69.134.15 - - [15/May/2024:11:59:49 +0800] "GET /xingrg/all/function/internal_message.html?_=1715745589698&CODE_STATE=getMsg HTTP/1.1" 200 27
114.83.218.92 - - [15/May/2024:11:59:52 +0800] "GET /xingrg/all/function/internal_message.html?_=1715745589991&CODE_STATE=getMsg HTTP/1.1" 200 27
124.79.240.51 - - [15/May/2024:11:59:58 +0800] "GET /xingrg/check_reg.html?_=1715745639974 HTTP/1.1" 200 22
124.79.240.51 - - [15/May/2024:11:59:58 +0800] "GET /xingrg/all/function/internal_message.html?_=1715745639973&CODE_STATE=getMsg HTTP/1.1" 200 27
222.67.233.39 - - [15/May/2024:11:59:59 +0800] "POST /xingrg/kc/buy/cgsh_order_operate.html HTTP/1.1" 200 12
124.79.240.51 - - [15/May/2024:11:59:59 +0800] "POST /xingrg/services/DataTransmitService HTTP/1.1" 200 524
61.170.234.181 - - [15/May/2024:12:00:00 +0800] "POST /xingrg/dwr/call/plaincall/AjaxQqpsService.getMaterielByCode.dwr HTTP/1.1" 200 2665
124.79.240.51 - - [15/May/2024:12:00:01 +0800] "POST /xingrg/services/DataTransmitService HTTP/1.1" 200 412
222.67.233.39 - - [15/May/2024:12:00:01 +0800] "GET /xingrg/kc/buy/cgsh_order_info.html?code=212024051504280 HTTP/1.1" 200 69464
222.67.233.39 - - [15/May/2024:12:00:02 +0800] "GET /xingrg/javascript/easyui/themes/default/validatebox.css HTTP/1.1" 404 1104
222.67.233.39 - - [15/May/2024:12:00:03 +0800] "POST /xingrg/kc/buy/cgsh_order_operate.html HTTP/1.1" 200 605
222.67.233.39 - - [15/May/2024:12:00:04 +0800] "GET /xingrg/kc/print/load_data.html?order_code=212024051504280&kc_code=cgsh&condition= HTTP/1.1" 200 703
222.67.233.39 - - [15/May/2024:12:00:09 +0800] "POST /xingrg/kc/buy/cgsh_order_operate.html HTTP/1.1" 200 8245
222.67.233.39 - - [15/May/2024:12:00:09 +0800] "GET /xingrg/javascript/easyui/themes/default/validatebox.css HTTP/1.1" 404 1104
61.170.234.181 - - [15/May/2024:12:00:12 +0800] "POST /xingrg/dwr/call/plaincall/AjaxQqpsService.saveMaterielItem.dwr HTTP/1.1" 200 79
58.40.7.146 - - [15/May/2024:12:00:13 +0800] "GET /xingrg/all/function/internal_message.html?_=1715745613302&CODE_STATE=getMsg HTTP/1.1" 200 27
