116.232.37.229 - - [15/May/2024:11:00:12 +0800] "POST /xingrg/services/DataTransmitService HTTP/1.1" 200 501
61.170.234.181 - - [15/May/2024:11:00:13 +0800] "GET /xingrg/all/function/internal_message.html?_=1715742015343&CODE_STATE=getMsg HTTP/1.1" 200 27
116.232.195.13 - - [15/May/2024:11:00:14 +0800] "GET /xingrg/kc/buy/cgsh_order_operate.html?command=get_materiel&rest_code=00155&code=00101008415&supplier_code=00100005&order_time=2024-05-15 HTTP/1.1" 200 412
124.79.240.51 - - [15/May/2024:11:00:15 +0800] "GET /xingrg/kc/buy/cgsh_order_add.html HTTP/1.1" 200 74634
124.79.240.51 - - [15/May/2024:11:00:15 +0800] "GET /xingrg/words/20240515093452_words.js HTTP/1.1" 200 1024639
124.79.240.51 - - [15/May/2024:11:00:15 +0800] "POST /xingrg/kc/buy/cgsh_order_operate.html HTTP/1.1" 200 8245
124.79.240.51 - - [15/May/2024:11:00:15 +0800] "GET /xingrg/javascript/easyui/themes/default/validatebox.css HTTP/1.1" 404 1104
124.79.240.51 - - [15/May/2024:11:00:15 +0800] "GET /xingrg/all/common/auto_word.html?type=employee&rest_code=00104 HTTP/1.1" 200 245
124.79.240.51 - - [15/May/2024:11:00:15 +0800] "GET /xingrg/all/common/auto_word.html?type=employee&rest_code=00104 HTTP/1.1" 200 245
124.79.240.51 - - [15/May/2024:11:00:16 +0800] "GET /xingrg/javascript/auto/indicator.gif HTTP/1.1" 404 1066
222.70.183.82 - - [15/May/2024:11:00:22 +0800] "GET /xingrg/all/function/internal_message.html?_=1715742019115&CODE_STATE=getMsg HTTP/1.1" 200 27
101.80.230.31 - - [15/May/2024:11:00:23 +0800] "GET /xingrg/all/function/internal_message.html?_=1715742027081&CODE_STATE=getMsg HTTP/1.1" 200 27
114.84.152.157 - - [15/May/2024:11:00:23 +0800] "GET /xingrg/all/function/internal_message.html?_=1715740391574&CODE_STATE=getMsg HTTP/1.1" 200 27
180.169.147.146 - - [15/May/2024:11:00:24 +0800] "GET /xingrg/all/function/internal_message.html?_=1715742024840&CODE_STATE=getMsg HTTP/1.1" 200 27
116.232.195.13 - - [15/May/2024:11:00:25 +0800] "GET /xingrg/all/function/internal_message.html?_=1715741988065&CODE_STATE=getMsg HTTP/1.1" 200 27
61.170.234.181 - - [15/May/2024:11:00:29 +0800] "POST /xingrg/kc/buy/cgsh_order_operate.html HTTP/1.1" 200 37
218.79.24.215 - - [15/May/2024:11:00:29 +0800] "GET /xingrg/all/function/internal_message.html?_=1715742019654&CODE_STATE=getMsg HTTP/1.1" 200 27
116.232.195.13 - - [15/May/2024:11:00:33 +0800] "GET /xingrg/kc/buy/cgsh_order_operate.html?command=get_materiel&rest_code=00155&code=00101008261&supplier_code=00100005&order_time=2024-05-15 HTTP/1.1" 200 429
114.83.218.92 - - [15/May/2024:11:00:34 +0800] "GET /xingrg/all/function/internal_message.html?_=1715742032253&CODE_STATE=getMsg HTTP/1.1" 200 27
101.83.144.49 - - [15/May/2024:11:00:36 +0800] "GET /xingrg/all/function/internal_message.html?_=1715742036120&CODE_STATE=getMsg HTTP/1.1" 200 27
101.83.144.49 - - [15/May/2024:11:00:36 +0800] "GET /xingrg/kc/buy/cgsh_order_operate.html?command=get_materiel&rest_code=00105&code=00101008589&supplier_code=00100008&order_time=2024-05-15 HTTP/1.1" 200 409
61.170.234.181 - - [15/May/2024:11:00:36 +0800] "POST /xingrg/kc/buy/cgsh_order_operate.html HTTP/1.1" 200 12
124.79.240.51 - - [15/May/2024:11:00:37 +0800] "GET /xingrg/kc/buy/cgsh_order_operate.html?command=get_materiel&rest_code=00104&code=00101008161&supplier_code=00100008&order_time=2024-05-15 HTTP/1.1" 200 409
180.169.147.146 - - [15/May/2024:11:00:38 +0800] "GET /xingrg/all/function/internal_message.html?_=1715742038055&CODE_STATE=getMsg HTTP/1.1" 200 27
61.170.234.181 - - [15/May/2024:11:00:38 +0800] "GET /xingrg/kc/buy/cgsh_order_info.html?code=212024051504162 HTTP/1.1" 200 69460
61.170.234.181 - - [15/May/2024:11:00:39 +0800] "GET /xingrg/javascript/easyui/themes/default/validatebox.css HTTP/1.1" 404 1104
61.170.234.181 - - [15/May/2024:11:00:40 +0800] "POST /xingrg/kc/buy/cgsh_order_operate.html HTTP/1.1" 200 614
180.156.239.18 - - [15/May/2024:11:00:41 +0800] "GET /xingrg/all/function/internal_message.html?_=1715742041092&CODE_STATE=getMsg HTTP/1.1" 200 27
61.170.234.181 - - [15/May/2024:11:00:43 +0800] "GET /xingrg/kc/print/load_data.html?order_code=212024051504162&kc_code=cgsh&condition= HTTP/1.1" 200 760
222.67.233.39 - - [15/May/2024:11:00:45 +0800] "GET /xingrg/all/function/internal_message.html?_=1715742045477&CODE_STATE=getMsg HTTP/1.1" 200 27
101.83.144.49 - - [15/May/2024:11:00:46 +0800] "GET /xingrg/check_reg.html?_=1715741792858 HTTP/1.1" 200 22
101.83.144.49 - - [15/May/2024:11:00:46 +0800] "GET /xingrg/all/function/internal_message.html?_=1715741792863&CODE_STATE=getMsg HTTP/1.1" 200 27
180.156.239.18 - - [15/May/2024:11:00:46 +0800] "GET /xingrg/kc/buy/cgsh_order_add.html HTTP/1.1" 200 74637
180.156.239.18 - - [15/May/2024:11:00:46 +0800] "POST /xingrg/kc/buy/cgsh_order_operate.html HTTP/1.1" 200 8245
116.232.195.13 - - [15/May/2024:11:00:46 +0800] "GET /xingrg/kc/buy/cgsh_order_operate.html?command=get_materiel&rest_code=00155&code=00101008149&supplier_code=00100005&order_time=2024-05-15 HTTP/1.1" 200 408
180.156.239.18 - - [15/May/2024:11:00:46 +0800] "GET /xingrg/javascript/easyui/themes/default/validatebox.css HTTP/1.1" 404 1104
61.170.234.181 - - [15/May/2024:11:00:52 +0800] "GET /xingrg/kc/buy/cgsh_order_add.html HTTP/1.1" 200 74587
61.170.234.181 - - [15/May/2024:11:00:52 +0800] "POST /xingrg/kc/buy/cgsh_order_operate.html HTTP/1.1" 200 8245
61.170.234.181 - - [15/May/2024:11:00:52 +0800] "GET /xingrg/javascript/easyui/themes/default/validatebox.css HTTP/1.1" 404 1104
61.170.234.181 - - [15/May/2024:11:00:52 +0800] "GET /xingrg/javascript/jquery_easy_ui/themes/default/images/tabs_active.png HTTP/1.1" 304 -
61.170.234.181 - - [15/May/2024:11:00:54 +0800] "GET /xingrg/javascript/easyui/themes/default/tree.css HTTP/1.1" 404 1090
61.170.234.181 - - [15/May/2024:11:00:55 +0800] "POST /xingrg/all/common/load_tree.html?tree=supplier_tree_json&isDelete=1 HTTP/1.1" 200 80088
180.156.239.18 - - [15/May/2024:11:00:56 +0800] "GET /xingrg/kc/buy/cgsh_order_operate.html?command=get_materiel&rest_code=00150&code=00101001037&supplier_code=00100675&order_time=2024-05-15 HTTP/1.1" 200 418
120.253.135.82 - - [15/May/2024:11:00:58 +0800] "GET /xingrg/all/function/internal_message.html?_=1715741908936&CODE_STATE=getMsg HTTP/1.1" 200 27
124.79.240.51 - - [15/May/2024:11:00:58 +0800] "GET /xingrg/all/function/internal_message.html?_=1715742099915&CODE_STATE=getMsg HTTP/1.1" 200 27
116.232.195.13 - - [15/May/2024:11:00:59 +0800] "GET /xingrg/kc/buy/cgsh_order_operate.html?command=get_materiel&rest_code=00155&code=00101008811&supplier_code=00100005&order_time=2024-05-15 HTTP/1.1" 200 398
222.69.134.15 - - [15/May/2024:11:01:07 +0800] "GET /xingrg/check_reg.html?_=1715742068686 HTTP/1.1" 200 22
222.69.134.15 - - [15/May/2024:11:01:07 +0800] "GET /xingrg/all/function/internal_message.html?_=1715742068689&CODE_STATE=getMsg HTTP/1.1" 200 27
180.156.239.18 - - [15/May/2024:11:01:09 +0800] "POST /xingrg/kc/buy/cgsh_order_operate.html HTTP/1.1" 200 37
61.170.234.181 - - [15/May/2024:11:01:11 +0800] "GET /xingrg/all/function/internal_message.html?_=1715742064318&CODE_STATE=getMsg HTTP/1.1" 200 27
61.170.234.181 - - [15/May/2024:11:01:12 +0800] "GET /xingrg/check_reg.html?_=1715742065978 HTTP/1.1" 200 22
61.170.234.181 - - [15/May/2024:11:01:13 +0800] "GET /xingrg/all/function/internal_message.html?_=1715742075326&CODE_STATE=getMsg HTTP/1.1" 200 27
61.170.234.181 - - [15/May/2024:11:01:14 +0800] "GET /xingrg/kc/base/base_main.html HTTP/1.1" 200 12142
116.232.195.13 - - [15/May/2024:11:01:15 +0800] "GET /xingrg/kc/buy/cgsh_order_operate.html?command=get_materiel&rest_code=00155&code=00101008224&supplier_code=00100005&order_time=2024-05-15 HTTP/1.1" 200 416
180.156.239.18 - - [15/May/2024:11:01:16 +0800] "POST /xingrg/kc/buy/cgsh_order_operate.html HTTP/1.1" 200 12
61.170.234.181 - - [15/May/2024:11:01:17 +0800] "GET /xingrg/kc/buy/cgsh_order_operate.html?command=get_materiel&rest_code=00106&code=00101002007&supplier_code=00100442&order_time=2024-05-15 HTTP/1.1" 200 409
61.170.234.181 - - [15/May/2024:11:01:18 +0800] "GET /xingrg/kc/base/wldb_order_list.html HTTP/1.1" 200 19174
180.156.239.18 - - [15/May/2024:11:01:18 +0800] "GET /xingrg/kc/buy/cgsh_order_info.html?code=212024051504163 HTTP/1.1" 200 69502
180.156.239.18 - - [15/May/2024:11:01:19 +0800] "GET /xingrg/javascript/easyui/themes/default/validatebox.css HTTP/1.1" 404 1104
180.156.239.18 - - [15/May/2024:11:01:20 +0800] "POST /xingrg/kc/buy/cgsh_order_operate.html HTTP/1.1" 200 615
180.156.239.18 - - [15/May/2024:11:01:21 +0800] "GET /xingrg/kc/print/load_data.html?order_code=212024051504163&kc_code=cgsh&condition= HTTP/1.1" 200 699
222.70.183.82 - - [15/May/2024:11:01:22 +0800] "GET /xingrg/all/function/internal_message.html?_=1715742079086&CODE_STATE=getMsg HTTP/1.1" 200 27
101.80.230.31 - - [15/May/2024:11:01:23 +0800] "GET /xingrg/all/function/internal_message.html?_=1715742087085&CODE_STATE=getMsg HTTP/1.1" 200 27
114.84.152.157 - - [15/May/2024:11:01:23 +0800] "GET /xingrg/all/function/internal_message.html?_=1715740451578&CODE_STATE=getMsg HTTP/1.1" 200 27
124.79.240.51 - - [15/May/2024:11:01:23 +0800] "GET /xingrg/kc/buy/cgsh_order_operate.html?command=get_materiel&rest_code=00104&code=00101008125&supplier_code=00100008&order_time=2024-05-15 HTTP/1.1" 200 413
180.169.147.146 - - [15/May/2024:11:01:24 +0800] "GET /xingrg/check_reg.html?_=1715742084838 HTTP/1.1" 200 22
180.169.147.146 - - [15/May/2024:11:01:24 +0800] "GET /xingrg/all/function/internal_message.html?_=1715742084841&CODE_STATE=getMsg HTTP/1.1" 200 27
61.170.234.181 - - [15/May/2024:11:01:25 +0800] "POST /xingrg/kc/base/wldb_list_operate.html HTTP/1.1" 200 928
116.232.195.13 - - [15/May/2024:11:01:25 +0800] "GET /xingrg/all/function/internal_message.html?_=1715742048076&CODE_STATE=getMsg HTTP/1.1" 200 27
180.156.239.18 - - [15/May/2024:11:01:26 +0800] "GET /xingrg/kc/buy/cgsh_order_add.html HTTP/1.1" 200 74637
180.156.239.18 - - [15/May/2024:11:01:26 +0800] "POST /xingrg/kc/buy/cgsh_order_operate.html HTTP/1.1" 200 8245
180.156.239.18 - - [15/May/2024:11:01:26 +0800] "GET /xingrg/javascript/easyui/themes/default/validatebox.css HTTP/1.1" 404 1104
218.79.24.215 - - [15/May/2024:11:01:29 +0800] "GET /xingrg/all/function/internal_message.html?_=1715742079659&CODE_STATE=getMsg HTTP/1.1" 200 27
114.83.218.92 - - [15/May/2024:11:01:34 +0800] "GET /xingrg/all/function/internal_message.html?_=1715742092238&CODE_STATE=getMsg HTTP/1.1" 200 27
101.83.144.49 - - [15/May/2024:11:01:36 +0800] "GET /xingrg/all/function/internal_message.html?_=1715742096123&CODE_STATE=getMsg HTTP/1.1" 200 27
61.170.234.181 - - [15/May/2024:11:01:37 +0800] "GET /xingrg/kc/base/wldb_order_add.html HTTP/1.1" 200 30666
61.170.234.181 - - [15/May/2024:11:01:37 +0800] "GET /xingrg/words/20240515093452_words.js HTTP/1.1" 304 -
61.170.234.181 - - [15/May/2024:11:01:38 +0800] "POST /xingrg/kc/base/wldb_order_operate.html HTTP/1.1" 200 6806
180.169.147.146 - - [15/May/2024:11:01:38 +0800] "GET /xingrg/all/function/internal_message.html?_=1715742098056&CODE_STATE=getMsg HTTP/1.1" 200 27
61.170.234.181 - - [15/May/2024:11:01:38 +0800] "GET /xingrg/all/common/auto_word.html?type=base&rest_code=00106 HTTP/1.1" 200 1799
61.170.234.181 - - [15/May/2024:11:01:38 +0800] "GET /xingrg/all/common/auto_word.html?type=base&rest_code=00106 HTTP/1.1" 200 1799
61.170.234.181 - - [15/May/2024:11:01:38 +0800] "GET /xingrg/javascript/easyui/themes/default/validatebox.css HTTP/1.1" 404 1104
180.156.239.18 - - [15/May/2024:11:01:41 +0800] "GET /xingrg/all/function/internal_message.html?_=1715742101085&CODE_STATE=getMsg HTTP/1.1" 200 27
61.170.234.181 - - [15/May/2024:11:01:42 +0800] "GET /xingrg/kc/buy/cgsh_order_operate.html?command=get_materiel&rest_code=00106&code=00101002016&supplier_code=00100442&order_time=2024-05-15 HTTP/1.1" 200 413
61.170.234.181 - - [15/May/2024:11:01:44 +0800] "POST /xingrg/all/common/load_combo.html?type=base HTTP/1.1" 200 3227
222.67.233.39 - - [15/May/2024:11:01:45 +0800] "GET /xingrg/all/function/internal_message.html?_=1715742105475&CODE_STATE=getMsg HTTP/1.1" 200 27
101.83.144.49 - - [15/May/2024:11:01:46 +0800] "GET /xingrg/all/function/internal_message.html?_=1715741852873&CODE_STATE=getMsg HTTP/1.1" 200 27
116.232.195.13 - - [15/May/2024:11:01:48 +0800] "GET /xingrg/kc/buy/cgsh_order_operate.html?command=get_materiel&rest_code=00155&code=00101008246&supplier_code=00100005&order_time=2024-05-15 HTTP/1.1" 200 408
61.170.234.181 - - [15/May/2024:11:01:49 +0800] "POST /xingrg/all/common/load_combo.html?type=base HTTP/1.1" 200 3227
61.170.234.181 - - [15/May/2024:11:01:56 +0800] "GET /xingrg/kc/base/wldb_order_operate.html?command=get_materiel&rest_code=00106&base_code=0010397&code=00102001031 HTTP/1.1" 200 440
120.253.135.82 - - [15/May/2024:11:01:58 +0800] "GET /xingrg/all/function/internal_message.html?_=1715741969052&CODE_STATE=getMsg HTTP/1.1" 200 27
124.79.240.51 - - [15/May/2024:11:01:58 +0800] "GET /xingrg/all/function/internal_message.html?_=1715742159925&CODE_STATE=getMsg HTTP/1.1" 200 27
222.69.134.15 - - [15/May/2024:11:02:07 +0800] "GET /xingrg/all/function/internal_message.html?_=1715742128687&CODE_STATE=getMsg HTTP/1.1" 200 27
116.232.195.13 - - [15/May/2024:11:02:08 +0800] "GET /xingrg/kc/buy/cgsh_order_operate.html?command=get_materiel&rest_code=00155&code=00101008101&supplier_code=00100005&order_time=2024-05-15 HTTP/1.1" 200 412
61.170.234.181 - - [15/May/2024:11:02:09 +0800] "GET /xingrg/kc/base/wldb_order_operate.html?command=get_materiel&rest_code=00106&base_code=0010397&code=00102034154 HTTP/1.1" 200 439
61.170.234.181 - - [15/May/2024:11:02:11 +0800] "GET /xingrg/all/function/internal_message.html?_=1715742124300&CODE_STATE=getMsg HTTP/1.1" 200 27
222.70.183.82 - - [15/May/2024:11:02:11 +0800] "GET /xingrg/kc/buy/cgsh_order_operate.html?command=get_materiel&rest_code=00111&code=00101010910&supplier_code=00100363&order_time=2024-05-15 HTTP/1.1" 200 444
124.79.240.51 - - [15/May/2024:11:02:13 +0800] "GET /xingrg/kc/buy/cgsh_order_operate.html?command=get_materiel&rest_code=00104&code=00101008355&supplier_code=00100008&order_time=2024-05-15 HTTP/1.1" 200 408
61.170.234.181 - - [15/May/2024:11:02:13 +0800] "GET /xingrg/all/function/internal_message.html?_=1715742135300&CODE_STATE=getMsg HTTP/1.1" 200 27
222.67.233.39 - - [15/May/2024:11:02:17 +0800] "GET /xingrg/images/yd/bt.gif HTTP/1.1" 404 1040
222.67.233.39 - - [15/May/2024:11:02:17 +0800] "GET /xingrg/kc/mdqp/pssh_order_list.html HTTP/1.1" 200 18125
222.67.233.39 - - [15/May/2024:11:02:18 +0800] "POST /xingrg/kc/mdqp/pssh_list_operate.html HTTP/1.1" 200 5451
222.67.233.39 - - [15/May/2024:11:02:19 +0800] "POST /xingrg/kc/mdqp/pssh_list_operate.html HTTP/1.1" 200 259
222.67.233.39 - - [15/May/2024:11:02:20 +0800] "GET /xingrg/kc/mdqp/pssh_order_info.html?code=312024051200258 HTTP/1.1" 200 17299
222.67.233.39 - - [15/May/2024:11:02:20 +0800] "GET /xingrg/javascript/jquery_tools/jquery-1.4.2.min.js HTTP/1.1" 404 1094
222.67.233.39 - - [15/May/2024:11:02:20 +0800] "GET /xingrg/javascript/easyui/themes/icons/back_new.png HTTP/1.1" 200 3414
222.67.233.39 - - [15/May/2024:11:02:20 +0800] "GET /xingrg/javascript/easyui/themes/default/validatebox.css HTTP/1.1" 404 1104
222.67.233.39 - - [15/May/2024:11:02:21 +0800] "GET /xingrg/all/common/auto_word.html?type=base&rest_code=00141&rest_code=00141 HTTP/1.1" 200 1799
222.67.233.39 - - [15/May/2024:11:02:21 +0800] "POST /xingrg/kc/mdqp/pssh_order_operate.html HTTP/1.1" 200 532
222.70.183.82 - - [15/May/2024:11:02:22 +0800] "GET /xingrg/all/function/internal_message.html?_=1715742139069&CODE_STATE=getMsg HTTP/1.1" 200 27
101.80.230.31 - - [15/May/2024:11:02:23 +0800] "GET /xingrg/all/function/internal_message.html?_=1715742147086&CODE_STATE=getMsg HTTP/1.1" 200 27
114.84.152.157 - - [15/May/2024:11:02:23 +0800] "GET /xingrg/all/function/internal_message.html?_=1715740511587&CODE_STATE=getMsg HTTP/1.1" 200 27
180.169.147.146 - - [15/May/2024:11:02:24 +0800] "GET /xingrg/all/function/internal_message.html?_=1715742144841&CODE_STATE=getMsg HTTP/1.1" 200 27
116.232.195.13 - - [15/May/2024:11:02:25 +0800] "GET /xingrg/check_reg.html?_=1715742108065 HTTP/1.1" 200 22
116.232.195.13 - - [15/May/2024:11:02:25 +0800] "GET /xingrg/all/function/internal_message.html?_=1715742108067&CODE_STATE=getMsg HTTP/1.1" 200 27
116.232.195.13 - - [15/May/2024:11:02:26 +0800] "GET /xingrg/kc/buy/cgsh_order_operate.html?command=get_materiel&rest_code=00155&code=00101008148&supplier_code=00100005&order_time=2024-05-15 HTTP/1.1" 200 416
61.170.234.181 - - [15/May/2024:11:02:28 +0800] "GET /xingrg/kc/base/wldb_order_operate.html?command=get_materiel&rest_code=00106&base_code=0010397&code=00102002118 HTTP/1.1" 200 466
218.79.24.215 - - [15/May/2024:11:02:29 +0800] "GET /xingrg/all/function/internal_message.html?_=1715742139664&CODE_STATE=getMsg HTTP/1.1" 200 27
222.67.233.39 - - [15/May/2024:11:02:32 +0800] "GET /xingrg/css/images/panel_loading.gif HTTP/1.1" 200 1737
222.67.233.39 - - [15/May/2024:11:02:32 +0800] "POST /xingrg/all/common/load_combo.html?type=employee HTTP/1.1" 200 362
114.83.218.92 - - [15/May/2024:11:02:34 +0800] "GET /xingrg/all/function/internal_message.html?_=1715742152224&CODE_STATE=getMsg HTTP/1.1" 200 27
101.83.144.49 - - [15/May/2024:11:02:36 +0800] "GET /xingrg/all/function/internal_message.html?_=1715742156118&CODE_STATE=getMsg HTTP/1.1" 200 27
61.170.234.181 - - [15/May/2024:11:02:36 +0800] "POST /xingrg/kc/base/wldb_order_operate.html HTTP/1.1" 200 37
61.170.234.181 - - [15/May/2024:11:02:37 +0800] "POST /xingrg/kc/base/wldb_order_operate.html HTTP/1.1" 200 3180
222.67.233.39 - - [15/May/2024:11:02:37 +0800] "POST /xingrg/kc/mdqp/pssh_order_operate.html HTTP/1.1" 200 37
180.169.147.146 - - [15/May/2024:11:02:38 +0800] "GET /xingrg/all/function/internal_message.html?_=1715742158044&CODE_STATE=getMsg HTTP/1.1" 200 27
180.169.147.146 - - [15/May/2024:11:02:38 +0800] "GET /xingrg/check_reg.html?_=1715742158050 HTTP/1.1" 200 22
222.67.233.39 - - [15/May/2024:11:02:39 +0800] "POST /xingrg/kc/mdqp/pssh_order_operate.html HTTP/1.1" 200 12
180.156.239.18 - - [15/May/2024:11:02:41 +0800] "GET /xingrg/all/function/internal_message.html?_=1715742161085&CODE_STATE=getMsg HTTP/1.1" 200 27
222.67.233.39 - - [15/May/2024:11:02:41 +0800] "GET /xingrg/javascript/jquery_tools/jquery-1.4.2.min.js HTTP/1.1" 404 1094
222.67.233.39 - - [15/May/2024:11:02:42 +0800] "GET /xingrg/javascript/easyui/themes/default/validatebox.css HTTP/1.1" 404 1104
222.67.233.39 - - [15/May/2024:11:02:42 +0800] "POST /xingrg/kc/mdqp/pssh_order_operate.html HTTP/1.1" 200 532
61.170.234.181 - - [15/May/2024:11:02:42 +0800] "GET /xingrg/kc/base/wldb_order_info.html?code=422024051500996 HTTP/1.1" 200 30680
61.170.234.181 - - [15/May/2024:11:02:43 +0800] "GET /xingrg/javascript/easyui/themes/default/validatebox.css HTTP/1.1" 404 1104
61.170.234.181 - - [15/May/2024:11:02:43 +0800] "POST /xingrg/kc/base/wldb_order_operate.html HTTP/1.1" 200 3180
116.232.195.13 - - [15/May/2024:11:02:44 +0800] "GET /xingrg/kc/buy/cgsh_order_operate.html?command=get_materiel&rest_code=00155&code=00101008059&supplier_code=00100005&order_time=2024-05-15 HTTP/1.1" 200 408
222.67.233.39 - - [15/May/2024:11:02:44 +0800] "GET /xingrg/kc/print/load_config.html?kc_code=pssh HTTP/1.1" 200 2368
222.67.233.39 - - [15/May/2024:11:02:45 +0800] "GET /xingrg/kc/print/load_data.html?order_code=312024051200258&kc_code=pssh&condition= HTTP/1.1" 200 658
101.83.144.49 - - [15/May/2024:11:02:46 +0800] "GET /xingrg/all/function/internal_message.html?_=1715741912852&CODE_STATE=getMsg HTTP/1.1" 200 27
222.67.233.39 - - [15/May/2024:11:02:46 +0800] "GET /xingrg/all/function/internal_message.html?_=1715742166541&CODE_STATE=getMsg HTTP/1.1" 200 27
222.70.183.82 - - [15/May/2024:11:02:48 +0800] "POST /xingrg/kc/buy/cgsh_order_operate.html HTTP/1.1" 200 37
61.170.234.181 - - [15/May/2024:11:02:49 +0800] "GET /xingrg/kc/base/wldb_order_add.html HTTP/1.1" 200 30666
61.170.234.181 - - [15/May/2024:11:02:50 +0800] "GET /xingrg/javascript/easyui/themes/default/validatebox.css HTTP/1.1" 404 1104
61.170.234.181 - - [15/May/2024:11:02:50 +0800] "POST /xingrg/kc/base/wldb_order_operate.html HTTP/1.1" 200 6806
61.170.234.181 - - [15/May/2024:11:02:52 +0800] "POST /xingrg/all/common/load_combo.html?type=base HTTP/1.1" 200 3227
61.170.234.181 - - [15/May/2024:11:02:54 +0800] "POST /xingrg/all/common/load_combo.html?type=base HTTP/1.1" 200 3227
120.253.135.82 - - [15/May/2024:11:02:58 +0800] "GET /xingrg/all/function/internal_message.html?_=1715742029055&CODE_STATE=getMsg HTTP/1.1" 200 27
124.79.240.51 - - [15/May/2024:11:02:58 +0800] "GET /xingrg/all/function/internal_message.html?_=1715742219919&CODE_STATE=getMsg HTTP/1.1" 200 27
222.70.183.82 - - [15/May/2024:11:03:02 +0800] "POST /xingrg/kc/buy/cgsh_order_operate.html HTTP/1.1" 200 12
116.232.195.13 - - [15/May/2024:11:03:03 +0800] "GET /xingrg/kc/buy/cgsh_order_operate.html?command=get_materiel&rest_code=00155&code=00101008694&supplier_code=00100005&order_time=2024-05-15 HTTP/1.1" 200 420
61.170.234.181 - - [15/May/2024:11:03:06 +0800] "GET /xingrg/kc/base/wldb_order_operate.html?command=get_materiel&rest_code=00106&base_code=0010397&code=00102002448 HTTP/1.1" 200 438
222.69.134.15 - - [15/May/2024:11:03:07 +0800] "GET /xingrg/all/function/internal_message.html?_=1715742188686&CODE_STATE=getMsg HTTP/1.1" 200 27
61.170.234.181 - - [15/May/2024:11:03:11 +0800] "GET /xingrg/all/function/internal_message.html?_=1715742184290&CODE_STATE=getMsg HTTP/1.1" 200 27
222.70.183.82 - - [15/May/2024:11:03:13 +0800] "GET /xingrg/kc/buy/cgsh_order_info.html?code=212024051504164 HTTP/1.1" 200 69426
222.70.183.82 - - [15/May/2024:11:03:13 +0800] "GET /xingrg/javascript/easyui/themes/default/validatebox.css HTTP/1.1" 404 1104
61.170.234.181 - - [15/May/2024:11:03:14 +0800] "GET /xingrg/all/function/internal_message.html?_=1715742195911&CODE_STATE=getMsg HTTP/1.1" 200 27
222.70.183.82 - - [15/May/2024:11:03:14 +0800] "POST /xingrg/kc/buy/cgsh_order_operate.html HTTP/1.1" 200 642
61.170.234.181 - - [15/May/2024:11:03:15 +0800] "POST /xingrg/kc/base/wldb_order_operate.html HTTP/1.1" 200 37
61.170.234.181 - - [15/May/2024:11:03:15 +0800] "POST /xingrg/kc/base/wldb_order_operate.html HTTP/1.1" 200 2188
61.170.234.181 - - [15/May/2024:11:03:17 +0800] "GET /xingrg/kc/base/wldb_order_info.html?code=422024051500997 HTTP/1.1" 200 30680
61.170.234.181 - - [15/May/2024:11:03:18 +0800] "GET /xingrg/javascript/easyui/themes/default/validatebox.css HTTP/1.1" 404 1104
61.170.234.181 - - [15/May/2024:11:03:18 +0800] "POST /xingrg/kc/base/wldb_order_operate.html HTTP/1.1" 200 2188
116.232.195.13 - - [15/May/2024:11:03:18 +0800] "GET /xingrg/javascript/jquery_easy_ui/themes/default/images/tabs_active.png HTTP/1.1" 200 2894
222.70.183.82 - - [15/May/2024:11:03:19 +0800] "GET /xingrg/kc/print/load_data.html?order_code=212024051504164&kc_code=cgsh&condition= HTTP/1.1" 200 741
116.232.195.13 - - [15/May/2024:11:03:21 +0800] "GET /xingrg/kc/buy/cgsh_order_operate.html?command=get_materiel&rest_code=00155&code=00101013175&supplier_code=00100005&order_time=2024-05-15 HTTP/1.1" 200 412
222.70.183.82 - - [15/May/2024:11:03:22 +0800] "GET /xingrg/all/function/internal_message.html?_=1715742199081&CODE_STATE=getMsg HTTP/1.1" 200 27
124.79.240.51 - - [15/May/2024:11:03:22 +0800] "GET /xingrg/kc/buy/cgsh_order_operate.html?command=get_materiel&rest_code=00104&code=00101008211&supplier_code=00100008&order_time=2024-05-15 HTTP/1.1" 200 412
222.70.183.82 - - [15/May/2024:11:03:22 +0800] "GET /xingrg/check_reg.html?_=1715742199237 HTTP/1.1" 200 22
101.80.230.31 - - [15/May/2024:11:03:23 +0800] "GET /xingrg/all/function/internal_message.html?_=1715742207086&CODE_STATE=getMsg HTTP/1.1" 200 27
114.84.152.157 - - [15/May/2024:11:03:23 +0800] "GET /xingrg/all/function/internal_message.html?_=1715740571578&CODE_STATE=getMsg HTTP/1.1" 200 27
61.170.234.181 - - [15/May/2024:11:03:23 +0800] "GET /xingrg/kc/buy/cgsh_order_operate.html?command=get_materiel&rest_code=00106&code=00101001140&supplier_code=00100442&order_time=2024-05-15 HTTP/1.1" 200 417
116.232.195.13 - - [15/May/2024:11:03:25 +0800] "GET /xingrg/all/function/internal_message.html?_=1715742168065&CODE_STATE=getMsg HTTP/1.1" 200 27
222.70.183.82 - - [15/May/2024:11:03:28 +0800] "GET /xingrg/kc/buy/cgsh_order_add.html HTTP/1.1" 200 74549
222.70.183.82 - - [15/May/2024:11:03:29 +0800] "POST /xingrg/kc/buy/cgsh_order_operate.html HTTP/1.1" 200 8245
222.70.183.82 - - [15/May/2024:11:03:29 +0800] "GET /xingrg/javascript/easyui/themes/default/validatebox.css HTTP/1.1" 404 1104
218.79.24.215 - - [15/May/2024:11:03:29 +0800] "GET /xingrg/all/function/internal_message.html?_=1715742199667&CODE_STATE=getMsg HTTP/1.1" 200 27
218.79.24.215 - - [15/May/2024:11:03:29 +0800] "GET /xingrg/check_reg.html?_=1715742199674 HTTP/1.1" 200 22
101.83.144.49 - - [15/May/2024:11:03:31 +0800] "GET /xingrg/kc/buy/cgsh_order_operate.html?command=get_materiel&rest_code=00105&code=00101008041&supplier_code=00100008&order_time=2024-05-15 HTTP/1.1" 200 408
61.170.234.181 - - [15/May/2024:11:03:32 +0800] "POST /xingrg/kc/base/wldb_list_operate.html HTTP/1.1" 200 2175
114.83.218.92 - - [15/May/2024:11:03:34 +0800] "GET /xingrg/all/function/internal_message.html?_=1715742212207&CODE_STATE=getMsg HTTP/1.1" 200 27
101.83.144.49 - - [15/May/2024:11:03:36 +0800] "GET /xingrg/check_reg.html?_=1715742216122 HTTP/1.1" 200 22
101.83.144.49 - - [15/May/2024:11:03:36 +0800] "GET /xingrg/all/function/internal_message.html?_=1715742216119&CODE_STATE=getMsg HTTP/1.1" 200 27
180.169.147.146 - - [15/May/2024:11:03:38 +0800] "GET /xingrg/all/function/internal_message.html?_=1715742218062&CODE_STATE=getMsg HTTP/1.1" 200 27
124.79.240.51 - - [15/May/2024:11:03:39 +0800] "GET /xingrg/kc/buy/cgsh_order_operate.html?command=get_materiel&rest_code=00104&code=00101008087&supplier_code=00100008&order_time=2024-05-15 HTTP/1.1" 200 412
114.83.218.92 - - [15/May/2024:11:03:40 +0800] "GET /xingrg/check_reg.html?_=1715742218282 HTTP/1.1" 200 22
180.156.239.18 - - [15/May/2024:11:03:41 +0800] "GET /xingrg/all/function/internal_message.html?_=1715742221055&CODE_STATE=getMsg HTTP/1.1" 200 27
180.156.239.18 - - [15/May/2024:11:03:41 +0800] "GET /xingrg/check_reg.html?_=1715742221800 HTTP/1.1" 200 22
222.70.183.82 - - [15/May/2024:11:03:41 +0800] "GET /xingrg/kc/buy/cgsh_order_operate.html?command=get_materiel&rest_code=00111&code=00101010691&supplier_code=00100327&order_time=2024-05-15 HTTP/1.1" 200 411
116.232.195.13 - - [15/May/2024:11:03:44 +0800] "GET /xingrg/kc/buy/cgsh_order_operate.html?command=get_materiel&rest_code=00155&code=00101008478&supplier_code=00100005&order_time=2024-05-15 HTTP/1.1" 200 413
101.83.144.49 - - [15/May/2024:11:03:46 +0800] "GET /xingrg/all/function/internal_message.html?_=1715741972884&CODE_STATE=getMsg HTTP/1.1" 200 27
222.67.233.39 - - [15/May/2024:11:03:46 +0800] "GET /xingrg/all/function/internal_message.html?_=1715742226521&CODE_STATE=getMsg HTTP/1.1" 200 27
222.70.183.82 - - [15/May/2024:11:03:52 +0800] "POST /xingrg/kc/buy/cgsh_order_operate.html HTTP/1.1" 200 37
61.170.234.181 - - [15/May/2024:11:03:54 +0800] "GET /xingrg/kc/buy/cgsh_order_operate.html?command=get_materiel&rest_code=00106&code=00101002037&supplier_code=00100442&order_time=2024-05-15 HTTP/1.1" 200 419
124.79.240.51 - - [15/May/2024:11:03:56 +0800] "GET /xingrg/kc/buy/cgsh_order_operate.html?command=get_materiel&rest_code=00104&code=00101008137&supplier_code=00100008&order_time=2024-05-15 HTTP/1.1" 200 408
120.253.135.82 - - [15/May/2024:11:03:56 +0800] "GET /xingrg/check_reg.html?_=1715742087187 HTTP/1.1" 200 22
120.253.135.82 - - [15/May/2024:11:03:58 +0800] "GET /xingrg/all/function/internal_message.html?_=1715742089070&CODE_STATE=getMsg HTTP/1.1" 200 27
124.79.240.51 - - [15/May/2024:11:03:58 +0800] "GET /xingrg/all/function/internal_message.html?_=1715742279936&CODE_STATE=getMsg HTTP/1.1" 200 27
222.67.233.39 - - [15/May/2024:11:03:59 +0800] "GET /xingrg/css/new_ie.css HTTP/1.1" 404 1036
222.69.134.15 - - [15/May/2024:11:04:07 +0800] "GET /xingrg/all/function/internal_message.html?_=1715742248679&CODE_STATE=getMsg HTTP/1.1" 200 27
61.170.234.181 - - [15/May/2024:11:04:11 +0800] "GET /xingrg/all/function/internal_message.html?_=1715742244271&CODE_STATE=getMsg HTTP/1.1" 200 27
61.170.234.181 - - [15/May/2024:11:04:13 +0800] "GET /xingrg/check_reg.html?_=1715742254747 HTTP/1.1" 200 22
116.232.195.13 - - [15/May/2024:11:04:13 +0800] "GET /xingrg/kc/buy/cgsh_order_operate.html?command=get_materiel&rest_code=00155&code=00101008314&supplier_code=00100005&order_time=2024-05-15 HTTP/1.1" 200 413
61.170.234.181 - - [15/May/2024:11:04:14 +0800] "GET /xingrg/all/function/internal_message.html?_=1715742255889&CODE_STATE=getMsg HTTP/1.1" 200 27
124.79.240.51 - - [15/May/2024:11:04:15 +0800] "GET /xingrg/kc/buy/cgsh_order_operate.html?command=get_materiel&rest_code=00104&code=00101008169&supplier_code=00100008&order_time=2024-05-15 HTTP/1.1" 200 412
61.170.234.181 - - [15/May/2024:11:04:22 +0800] "GET /xingrg/kc/buy/cgsh_order_operate.html?command=get_materiel&rest_code=00106&code=00101001060&supplier_code=00100442&order_time=2024-05-15 HTTP/1.1" 200 421
101.80.230.31 - - [15/May/2024:11:04:23 +0800] "GET /xingrg/check_reg.html?_=1715742267086 HTTP/1.1" 200 22
101.80.230.31 - - [15/May/2024:11:04:23 +0800] "GET /xingrg/all/function/internal_message.html?_=1715742267089&CODE_STATE=getMsg HTTP/1.1" 200 27
114.84.152.157 - - [15/May/2024:11:04:23 +0800] "GET /xingrg/all/function/internal_message.html?_=1715740631581&CODE_STATE=getMsg HTTP/1.1" 200 27
114.84.152.157 - - [15/May/2024:11:04:23 +0800] "GET /xingrg/check_reg.html?_=1715740631578 HTTP/1.1" 200 22
116.232.195.13 - - [15/May/2024:11:04:25 +0800] "GET /xingrg/all/function/internal_message.html?_=1715742228076&CODE_STATE=getMsg HTTP/1.1" 200 27
218.79.24.215 - - [15/May/2024:11:04:29 +0800] "GET /xingrg/all/function/internal_message.html?_=1715742259660&CODE_STATE=getMsg HTTP/1.1" 200 27
114.83.218.92 - - [15/May/2024:11:04:34 +0800] "GET /xingrg/all/function/internal_message.html?_=1715742272184&CODE_STATE=getMsg HTTP/1.1" 200 27
101.83.144.49 - - [15/May/2024:11:04:36 +0800] "GET /xingrg/all/function/internal_message.html?_=1715742276122&CODE_STATE=getMsg HTTP/1.1" 200 27
180.169.147.146 - - [15/May/2024:11:04:38 +0800] "GET /xingrg/all/function/internal_message.html?_=1715742278063&CODE_STATE=getMsg HTTP/1.1" 200 27
116.238.97.31 - - [15/May/2024:11:04:39 +0800] "GET /xingrg/check_reg.html?_=1715742280189 HTTP/1.1" 200 22
180.156.239.18 - - [15/May/2024:11:04:41 +0800] "GET /xingrg/all/function/internal_message.html?_=1715742281042&CODE_STATE=getMsg HTTP/1.1" 200 27
61.170.234.181 - - [15/May/2024:11:04:43 +0800] "GET /xingrg/kc/buy/cgsh_order_operate.html?command=get_materiel&rest_code=00106&code=00101005009&supplier_code=00100442&order_time=2024-05-15 HTTP/1.1" 200 417
101.83.144.49 - - [15/May/2024:11:04:46 +0800] "GET /xingrg/all/function/internal_message.html?_=1715742032895&CODE_STATE=getMsg HTTP/1.1" 200 27
222.67.233.39 - - [15/May/2024:11:04:46 +0800] "GET /xingrg/check_reg.html?_=1715742286490 HTTP/1.1" 200 22
222.67.233.39 - - [15/May/2024:11:04:46 +0800] "GET /xingrg/all/function/internal_message.html?_=1715742286499&CODE_STATE=getMsg HTTP/1.1" 200 27
124.79.240.51 - - [15/May/2024:11:04:46 +0800] "GET /xingrg/kc/buy/cgsh_order_operate.html?command=get_materiel&rest_code=00104&code=00101008072&supplier_code=00100008&order_time=2024-05-15 HTTP/1.1" 200 408
222.70.183.82 - - [15/May/2024:11:04:55 +0800] "POST /xingrg/kc/buy/cgsh_order_operate.html HTTP/1.1" 200 12
120.253.135.82 - - [15/May/2024:11:04:58 +0800] "GET /xingrg/all/function/internal_message.html?_=1715742149090&CODE_STATE=getMsg HTTP/1.1" 200 27
124.79.240.51 - - [15/May/2024:11:04:58 +0800] "GET /xingrg/check_reg.html?_=1715742339924 HTTP/1.1" 200 22
124.79.240.51 - - [15/May/2024:11:04:58 +0800] "GET /xingrg/all/function/internal_message.html?_=1715742339925&CODE_STATE=getMsg HTTP/1.1" 200 27
222.70.183.82 - - [15/May/2024:11:05:01 +0800] "GET /xingrg/kc/buy/cgsh_order_info.html?code=212024051504165 HTTP/1.1" 200 69420
222.70.183.82 - - [15/May/2024:11:05:01 +0800] "GET /xingrg/javascript/easyui/themes/default/validatebox.css HTTP/1.1" 404 1104
124.79.240.51 - - [15/May/2024:11:05:02 +0800] "GET /xingrg/kc/buy/cgsh_order_operate.html?command=get_materiel&rest_code=00104&code=00101008286&supplier_code=00100008&order_time=2024-05-15 HTTP/1.1" 200 408
222.70.183.82 - - [15/May/2024:11:05:02 +0800] "POST /xingrg/kc/buy/cgsh_order_operate.html HTTP/1.1" 200 605
222.67.233.39 - - [15/May/2024:11:05:04 +0800] "GET /xingrg/images/yd/bt.gif HTTP/1.1" 404 1040
222.67.233.39 - - [15/May/2024:11:05:07 +0800] "POST /xingrg/kc/buy/cgsh_list_operate.html HTTP/1.1" 200 645
222.69.134.15 - - [15/May/2024:11:05:07 +0800] "GET /xingrg/all/function/internal_message.html?_=1715742308694&CODE_STATE=getMsg HTTP/1.1" 200 27
61.170.234.181 - - [15/May/2024:11:05:10 +0800] "GET /xingrg/all/function/internal_message.html?_=1715742304251&CODE_STATE=getMsg HTTP/1.1" 200 27
61.170.234.181 - - [15/May/2024:11:05:14 +0800] "GET /xingrg/all/function/internal_message.html?_=1715742315861&CODE_STATE=getMsg HTTP/1.1" 200 27
61.170.234.181 - - [15/May/2024:11:05:15 +0800] "POST /xingrg/kc/buy/cgsh_order_operate.html HTTP/1.1" 200 37
222.70.183.82 - - [15/May/2024:11:05:17 +0800] "GET /xingrg/kc/print/load_data.html?order_code=212024051504165&kc_code=cgsh&condition= HTTP/1.1" 200 694
124.79.240.51 - - [15/May/2024:11:05:19 +0800] "GET /xingrg/kc/buy/cgsh_order_operate.html?command=get_materiel&rest_code=00104&code=00101009010&supplier_code=00100008&order_time=2024-05-15 HTTP/1.1" 200 416
222.70.183.82 - - [15/May/2024:11:05:22 +0800] "GET /xingrg/all/function/internal_message.html?_=1715742319123&CODE_STATE=getMsg HTTP/1.1" 200 27
101.80.230.31 - - [15/May/2024:11:05:23 +0800] "GET /xingrg/all/function/internal_message.html?_=1715742327074&CODE_STATE=getMsg HTTP/1.1" 200 27
114.84.152.157 - - [15/May/2024:11:05:23 +0800] "GET /xingrg/all/function/internal_message.html?_=1715740691588&CODE_STATE=getMsg HTTP/1.1" 200 27
61.170.234.181 - - [15/May/2024:11:05:23 +0800] "POST /xingrg/kc/buy/cgsh_order_operate.html HTTP/1.1" 200 12
61.170.234.181 - - [15/May/2024:11:05:25 +0800] "GET /xingrg/kc/buy/cgsh_order_info.html?code=212024051504166 HTTP/1.1" 200 69460
116.232.195.13 - - [15/May/2024:11:05:25 +0800] "GET /xingrg/all/function/internal_message.html?_=1715742288078&CODE_STATE=getMsg HTTP/1.1" 200 27
61.170.234.181 - - [15/May/2024:11:05:25 +0800] "GET /xingrg/words/20240515093452_words.js HTTP/1.1" 304 -
61.170.234.181 - - [15/May/2024:11:05:26 +0800] "GET /xingrg/javascript/easyui/themes/default/validatebox.css HTTP/1.1" 404 1104
61.170.234.181 - - [15/May/2024:11:05:27 +0800] "POST /xingrg/kc/buy/cgsh_order_operate.html HTTP/1.1" 200 3589
218.79.24.215 - - [15/May/2024:11:05:29 +0800] "GET /xingrg/all/function/internal_message.html?_=1715742319668&CODE_STATE=getMsg HTTP/1.1" 200 27
61.170.234.181 - - [15/May/2024:11:05:30 +0800] "GET /xingrg/kc/print/load_data.html?order_code=212024051504166&kc_code=cgsh&condition= HTTP/1.1" 200 1852
222.70.183.82 - - [15/May/2024:11:05:31 +0800] "GET /xingrg/kc/buy/cgsh_order_add.html HTTP/1.1" 200 74549
222.70.183.82 - - [15/May/2024:11:05:31 +0800] "POST /xingrg/kc/buy/cgsh_order_operate.html HTTP/1.1" 200 8245
222.70.183.82 - - [15/May/2024:11:05:31 +0800] "GET /xingrg/javascript/easyui/themes/default/validatebox.css HTTP/1.1" 404 1104
114.83.218.92 - - [15/May/2024:11:05:34 +0800] "GET /xingrg/all/function/internal_message.html?_=1715742332183&CODE_STATE=getMsg HTTP/1.1" 200 27
180.156.239.18 - - [15/May/2024:11:05:34 +0800] "GET /xingrg/kc/buy/cgsh_order_operate.html?command=get_materiel&rest_code=00150&code=00101007069&supplier_code=00100574&order_time=2024-05-15 HTTP/1.1" 200 415
101.83.144.49 - - [15/May/2024:11:05:36 +0800] "GET /xingrg/all/function/internal_message.html?_=1715742336122&CODE_STATE=getMsg HTTP/1.1" 200 27
180.169.147.146 - - [15/May/2024:11:05:38 +0800] "GET /xingrg/all/function/internal_message.html?_=1715742338058&CODE_STATE=getMsg HTTP/1.1" 200 27
180.156.239.18 - - [15/May/2024:11:05:40 +0800] "GET /xingrg/all/function/internal_message.html?_=1715742341025&CODE_STATE=getMsg HTTP/1.1" 200 27
124.79.240.51 - - [15/May/2024:11:05:42 +0800] "GET /xingrg/kc/buy/cgsh_order_operate.html?command=get_materiel&rest_code=00104&code=00101008059&supplier_code=00100008&order_time=2024-05-15 HTTP/1.1" 200 408
222.67.233.39 - - [15/May/2024:11:05:44 +0800] "POST /xingrg/kc/buy/cgsh_order_operate.html HTTP/1.1" 200 8245
222.67.233.39 - - [15/May/2024:11:05:44 +0800] "GET /xingrg/javascript/easyui/themes/default/validatebox.css HTTP/1.1" 404 1104
222.70.183.82 - - [15/May/2024:11:05:46 +0800] "GET /xingrg/kc/buy/cgsh_order_operate.html?command=get_materiel&rest_code=00111&code=00101007032&supplier_code=00100328&order_time=2024-05-15 HTTP/1.1" 200 413
101.83.144.49 - - [15/May/2024:11:05:46 +0800] "GET /xingrg/all/function/internal_message.html?_=1715742092884&CODE_STATE=getMsg HTTP/1.1" 200 27
101.83.144.49 - - [15/May/2024:11:05:46 +0800] "GET /xingrg/check_reg.html?_=1715742092888 HTTP/1.1" 200 22
222.67.233.39 - - [15/May/2024:11:05:46 +0800] "GET /xingrg/all/function/internal_message.html?_=1715742346499&CODE_STATE=getMsg HTTP/1.1" 200 27
61.170.234.181 - - [15/May/2024:11:05:49 +0800] "GET /xingrg/kc/buy/cgsh_order_add.html HTTP/1.1" 200 74587
61.170.234.181 - - [15/May/2024:11:05:49 +0800] "POST /xingrg/kc/buy/cgsh_order_operate.html HTTP/1.1" 200 8245
61.170.234.181 - - [15/May/2024:11:05:49 +0800] "GET /xingrg/javascript/easyui/themes/default/validatebox.css HTTP/1.1" 404 1104
61.170.234.181 - - [15/May/2024:11:05:51 +0800] "GET /xingrg/javascript/easyui/themes/default/tree.css HTTP/1.1" 404 1090
61.170.234.181 - - [15/May/2024:11:05:51 +0800] "POST /xingrg/all/common/load_tree.html?tree=supplier_tree_json&isDelete=1 HTTP/1.1" 200 80088
222.67.233.39 - - [15/May/2024:11:05:54 +0800] "GET /xingrg/kc/buy/cgsh_order_operate.html?command=get_materiel&rest_code=00141&code=00101001140&supplier_code=00100090&order_time=2024-05-15 HTTP/1.1" 200 417
120.253.135.82 - - [15/May/2024:11:05:58 +0800] "GET /xingrg/all/function/internal_message.html?_=1715742209097&CODE_STATE=getMsg HTTP/1.1" 200 27
124.79.240.51 - - [15/May/2024:11:05:58 +0800] "GET /xingrg/all/function/internal_message.html?_=1715742399938&CODE_STATE=getMsg HTTP/1.1" 200 27
222.70.183.82 - - [15/May/2024:11:05:59 +0800] "POST /xingrg/kc/buy/cgsh_order_operate.html HTTP/1.1" 200 37
180.156.239.18 - - [15/May/2024:11:06:04 +0800] "POST /xingrg/kc/buy/cgsh_order_operate.html HTTP/1.1" 200 37
124.79.240.51 - - [15/May/2024:11:06:04 +0800] "GET /xingrg/kc/buy/cgsh_order_operate.html?command=get_materiel&rest_code=00104&code=00101008330&supplier_code=00100008&order_time=2024-05-15 HTTP/1.1" 200 408
222.67.233.39 - - [15/May/2024:11:06:07 +0800] "GET /xingrg/kc/buy/cgsh_order_operate.html?command=get_materiel&rest_code=00141&code=00101001324&supplier_code=00100090&order_time=2024-05-15 HTTP/1.1" 200 400
101.83.144.49 - - [15/May/2024:11:06:07 +0800] "GET /xingrg/kc/buy/cgsh_order_operate.html?command=get_materiel&rest_code=00105&code=00101008234&supplier_code=00100008&order_time=2024-05-15 HTTP/1.1" 200 408
222.69.134.15 - - [15/May/2024:11:06:07 +0800] "GET /xingrg/check_reg.html?_=1715742368686 HTTP/1.1" 200 22
222.69.134.15 - - [15/May/2024:11:06:07 +0800] "GET /xingrg/all/function/internal_message.html?_=1715742368695&CODE_STATE=getMsg HTTP/1.1" 200 27
61.170.234.181 - - [15/May/2024:11:06:10 +0800] "GET /xingrg/all/function/internal_message.html?_=1715742364224&CODE_STATE=getMsg HTTP/1.1" 200 27
61.170.234.181 - - [15/May/2024:11:06:12 +0800] "GET /xingrg/check_reg.html?_=1715742365959 HTTP/1.1" 200 22
116.232.195.13 - - [15/May/2024:11:06:13 +0800] "POST /xingrg/kc/buy/cgsh_order_operate.html HTTP/1.1" 200 37
61.170.234.181 - - [15/May/2024:11:06:13 +0800] "GET /xingrg/kc/buy/cgsh_order_operate.html?command=get_materiel&rest_code=00106&code=00101004051&supplier_code=00100312&order_time=2024-05-15 HTTP/1.1" 200 408
61.170.234.181 - - [15/May/2024:11:06:14 +0800] "GET /xingrg/all/function/internal_message.html?_=1715742375853&CODE_STATE=getMsg HTTP/1.1" 200 27
222.70.183.82 - - [15/May/2024:11:06:14 +0800] "POST /xingrg/kc/buy/cgsh_order_operate.html HTTP/1.1" 200 12
222.67.233.39 - - [15/May/2024:11:06:15 +0800] "GET /xingrg/kc/buy/cgsh_order_operate.html?command=get_materiel&rest_code=00141&code=00101004065&supplier_code=00100090&order_time=2024-05-15 HTTP/1.1" 200 413
180.156.239.18 - - [15/May/2024:11:06:18 +0800] "POST /xingrg/kc/buy/cgsh_order_operate.html HTTP/1.1" 200 12
222.70.183.82 - - [15/May/2024:11:06:22 +0800] "GET /xingrg/all/function/internal_message.html?_=1715742379137&CODE_STATE=getMsg HTTP/1.1" 200 27
101.80.230.31 - - [15/May/2024:11:06:23 +0800] "GET /xingrg/all/function/internal_message.html?_=1715742387075&CODE_STATE=getMsg HTTP/1.1" 200 27
114.84.152.157 - - [15/May/2024:11:06:23 +0800] "GET /xingrg/all/function/internal_message.html?_=1715740751572&CODE_STATE=getMsg HTTP/1.1" 200 27
222.70.183.82 - - [15/May/2024:11:06:24 +0800] "GET /xingrg/kc/buy/cgsh_order_info.html?code=212024051504167 HTTP/1.1" 200 69424
180.156.239.18 - - [15/May/2024:11:06:24 +0800] "GET /xingrg/kc/buy/cgsh_order_info.html?code=212024051504168 HTTP/1.1" 200 69514
180.156.239.18 - - [15/May/2024:11:06:24 +0800] "GET /xingrg/words/20240515093452_words.js HTTP/1.1" 304 -
222.70.183.82 - - [15/May/2024:11:06:24 +0800] "GET /xingrg/javascript/easyui/themes/default/validatebox.css HTTP/1.1" 404 1104
180.156.239.18 - - [15/May/2024:11:06:24 +0800] "GET /xingrg/javascript/easyui/themes/default/validatebox.css HTTP/1.1" 404 1104
222.70.183.82 - - [15/May/2024:11:06:25 +0800] "POST /xingrg/kc/buy/cgsh_order_operate.html HTTP/1.1" 200 608
180.156.239.18 - - [15/May/2024:11:06:25 +0800] "POST /xingrg/kc/buy/cgsh_order_operate.html HTTP/1.1" 200 609
222.67.233.39 - - [15/May/2024:11:06:27 +0800] "GET /xingrg/kc/buy/cgsh_order_operate.html?command=get_materiel&rest_code=00141&code=00101001148&supplier_code=00100090&order_time=2024-05-15 HTTP/1.1" 200 411
180.156.239.18 - - [15/May/2024:11:06:28 +0800] "GET /xingrg/kc/print/load_data.html?order_code=212024051504168&kc_code=cgsh&condition= HTTP/1.1" 200 717
218.79.24.215 - - [15/May/2024:11:06:29 +0800] "GET /xingrg/all/function/internal_message.html?_=1715742379671&CODE_STATE=getMsg HTTP/1.1" 200 27
222.70.183.82 - - [15/May/2024:11:06:32 +0800] "GET /xingrg/kc/print/load_data.html?order_code=212024051504167&kc_code=cgsh&condition= HTTP/1.1" 200 700
101.83.144.49 - - [15/May/2024:11:06:32 +0800] "GET /xingrg/kc/buy/cgsh_order_operate.html?command=get_materiel&rest_code=00105&code=00101008344&supplier_code=00100008&order_time=2024-05-15 HTTP/1.1" 200 412
114.83.218.92 - - [15/May/2024:11:06:34 +0800] "GET /xingrg/all/function/internal_message.html?_=1715742392180&CODE_STATE=getMsg HTTP/1.1" 200 27
180.156.239.18 - - [15/May/2024:11:06:34 +0800] "GET /xingrg/kc/buy/cgsh_order_add.html HTTP/1.1" 200 74637
180.156.239.18 - - [15/May/2024:11:06:35 +0800] "POST /xingrg/kc/buy/cgsh_order_operate.html HTTP/1.1" 200 8245
180.156.239.18 - - [15/May/2024:11:06:35 +0800] "GET /xingrg/javascript/easyui/themes/default/validatebox.css HTTP/1.1" 404 1104
101.83.144.49 - - [15/May/2024:11:06:36 +0800] "GET /xingrg/all/function/internal_message.html?_=1715742396124&CODE_STATE=getMsg HTTP/1.1" 200 27
116.232.195.13 - - [15/May/2024:11:06:36 +0800] "GET /xingrg/all/function/internal_message.html?_=1715742358640&CODE_STATE=getMsg HTTP/1.1" 200 27
61.170.234.181 - - [15/May/2024:11:06:36 +0800] "GET /xingrg/kc/buy/cgsh_order_operate.html?command=get_materiel&rest_code=00106&code=00101004067&supplier_code=00100312&order_time=2024-05-15 HTTP/1.1" 200 413
116.232.195.13 - - [15/May/2024:11:06:37 +0800] "POST /xingrg/kc/buy/cgsh_order_operate.html HTTP/1.1" 200 9801
180.169.147.146 - - [15/May/2024:11:06:38 +0800] "GET /xingrg/all/function/internal_message.html?_=1715742398049&CODE_STATE=getMsg HTTP/1.1" 200 27
222.70.183.82 - - [15/May/2024:11:06:39 +0800] "GET /xingrg/kc/buy/cgsh_order_add.html HTTP/1.1" 200 74549
222.70.183.82 - - [15/May/2024:11:06:39 +0800] "POST /xingrg/kc/buy/cgsh_order_operate.html HTTP/1.1" 200 8245
222.70.183.82 - - [15/May/2024:11:06:39 +0800] "GET /xingrg/javascript/easyui/themes/default/validatebox.css HTTP/1.1" 404 1104
180.156.239.18 - - [15/May/2024:11:06:40 +0800] "GET /xingrg/all/function/internal_message.html?_=1715742401004&CODE_STATE=getMsg HTTP/1.1" 200 27
222.67.233.39 - - [15/May/2024:11:06:41 +0800] "GET /xingrg/kc/buy/cgsh_order_operate.html?command=get_materiel&rest_code=00141&code=00101001327&supplier_code=00100090&order_time=2024-05-15 HTTP/1.1" 200 392
180.156.239.18 - - [15/May/2024:11:06:45 +0800] "GET /xingrg/kc/buy/cgsh_order_operate.html?command=get_materiel&rest_code=00150&code=00101001008&supplier_code=00100482&order_time=2024-05-15 HTTP/1.1" 200 415
101.83.144.49 - - [15/May/2024:11:06:46 +0800] "GET /xingrg/all/function/internal_message.html?_=1715742152897&CODE_STATE=getMsg HTTP/1.1" 200 27
222.67.233.39 - - [15/May/2024:11:06:46 +0800] "GET /xingrg/all/function/internal_message.html?_=1715742406484&CODE_STATE=getMsg HTTP/1.1" 200 27
222.70.183.82 - - [15/May/2024:11:06:51 +0800] "GET /xingrg/kc/buy/cgsh_order_operate.html?command=get_materiel&rest_code=00111&code=00101001115&supplier_code=00100089&order_time=2024-05-15 HTTP/1.1" 200 413
222.67.233.39 - - [15/May/2024:11:06:52 +0800] "GET /xingrg/kc/buy/cgsh_order_operate.html?command=get_materiel&rest_code=00141&code=00101001037&supplier_code=00100090&order_time=2024-05-15 HTTP/1.1" 200 418
61.170.234.181 - - [15/May/2024:11:06:54 +0800] "GET /xingrg/kc/buy/cgsh_order_operate.html?command=get_materiel&rest_code=00106&code=00101004071&supplier_code=00100312&order_time=2024-05-15 HTTP/1.1" 200 409
120.253.135.82 - - [15/May/2024:11:06:58 +0800] "GET /xingrg/all/function/internal_message.html?_=1715742269221&CODE_STATE=getMsg HTTP/1.1" 200 27
124.79.240.51 - - [15/May/2024:11:06:58 +0800] "GET /xingrg/all/function/internal_message.html?_=1715742459941&CODE_STATE=getMsg HTTP/1.1" 200 27
180.156.239.18 - - [15/May/2024:11:07:02 +0800] "POST /xingrg/kc/buy/cgsh_order_operate.html HTTP/1.1" 200 37
222.69.134.15 - - [15/May/2024:11:07:07 +0800] "GET /xingrg/all/function/internal_message.html?_=1715742428700&CODE_STATE=getMsg HTTP/1.1" 200 27
61.170.234.181 - - [15/May/2024:11:07:10 +0800] "GET /xingrg/all/function/internal_message.html?_=1715742424196&CODE_STATE=getMsg HTTP/1.1" 200 27
222.67.233.39 - - [15/May/2024:11:07:12 +0800] "POST /xingrg/kc/buy/cgsh_order_operate.html HTTP/1.1" 200 37
61.170.234.181 - - [15/May/2024:11:07:14 +0800] "GET /xingrg/all/function/internal_message.html?_=1715742435825&CODE_STATE=getMsg HTTP/1.1" 200 27
222.70.183.82 - - [15/May/2024:11:07:16 +0800] "POST /xingrg/kc/buy/cgsh_order_operate.html HTTP/1.1" 200 88
180.156.239.18 - - [15/May/2024:11:07:20 +0800] "POST /xingrg/kc/buy/cgsh_order_operate.html HTTP/1.1" 200 12
101.80.230.31 - - [15/May/2024:11:07:23 +0800] "GET /xingrg/all/function/internal_message.html?_=1715742447075&CODE_STATE=getMsg HTTP/1.1" 200 27
114.84.152.157 - - [15/May/2024:11:07:23 +0800] "GET /xingrg/all/function/internal_message.html?_=1715740811577&CODE_STATE=getMsg HTTP/1.1" 200 27
222.67.233.39 - - [15/May/2024:11:07:23 +0800] "POST /xingrg/kc/buy/cgsh_order_operate.html HTTP/1.1" 200 12
61.170.234.181 - - [15/May/2024:11:07:25 +0800] "GET /xingrg/kc/buy/cgsh_order_operate.html?command=get_materiel&rest_code=00106&code=00101004030&supplier_code=00100312&order_time=2024-05-15 HTTP/1.1" 200 408
116.232.195.13 - - [15/May/2024:11:07:25 +0800] "GET /xingrg/check_reg.html?_=1715742408076 HTTP/1.1" 200 22
101.83.144.49 - - [15/May/2024:11:07:25 +0800] "POST /xingrg/kc/buy/cgsh_order_operate.html HTTP/1.1" 200 2065
222.67.233.39 - - [15/May/2024:11:07:26 +0800] "GET /xingrg/kc/buy/cgsh_order_info.html?code=212024051504171 HTTP/1.1" 200 69468
222.67.233.39 - - [15/May/2024:11:07:26 +0800] "GET /xingrg/javascript/easyui/themes/default/validatebox.css HTTP/1.1" 404 1104
222.67.233.39 - - [15/May/2024:11:07:29 +0800] "POST /xingrg/kc/buy/cgsh_order_operate.html HTTP/1.1" 200 3584
218.79.24.215 - - [15/May/2024:11:07:29 +0800] "GET /xingrg/all/function/internal_message.html?_=1715742439674&CODE_STATE=getMsg HTTP/1.1" 200 27
222.70.183.82 - - [15/May/2024:11:07:33 +0800] "POST /xingrg/kc/buy/cgsh_order_operate.html HTTP/1.1" 200 37
222.67.233.39 - - [15/May/2024:11:07:33 +0800] "GET /xingrg/kc/print/load_data.html?order_code=212024051504171&kc_code=cgsh&condition= HTTP/1.1" 200 1923
114.83.218.92 - - [15/May/2024:11:07:34 +0800] "GET /xingrg/all/function/internal_message.html?_=1715742452163&CODE_STATE=getMsg HTTP/1.1" 200 27
101.83.144.49 - - [15/May/2024:11:07:36 +0800] "GET /xingrg/all/function/internal_message.html?_=1715742456125&CODE_STATE=getMsg HTTP/1.1" 200 27
116.232.195.13 - - [15/May/2024:11:07:36 +0800] "GET /xingrg/all/function/internal_message.html?_=1715742418639&CODE_STATE=getMsg HTTP/1.1" 200 27
61.170.234.181 - - [15/May/2024:11:07:36 +0800] "GET /xingrg/kc/buy/cgsh_order_operate.html?command=get_materiel&rest_code=00106&code=00101004057&supplier_code=00100312&order_time=2024-05-15 HTTP/1.1" 200 409
222.70.183.82 - - [15/May/2024:11:07:36 +0800] "POST /xingrg/kc/buy/cgsh_order_operate.html HTTP/1.1" 200 2659
180.169.147.146 - - [15/May/2024:11:07:38 +0800] "GET /xingrg/all/function/internal_message.html?_=1715742458057&CODE_STATE=getMsg HTTP/1.1" 200 27
180.169.147.146 - - [15/May/2024:11:07:38 +0800] "GET /xingrg/check_reg.html?_=1715742458059 HTTP/1.1" 200 22
222.67.233.39 - - [15/May/2024:11:07:38 +0800] "POST /xingrg/kc/buy/cgsh_order_operate.html HTTP/1.1" 200 8245
222.67.233.39 - - [15/May/2024:11:07:38 +0800] "GET /xingrg/javascript/easyui/themes/default/validatebox.css HTTP/1.1" 404 1104
