180.164.6.225 - - [15/May/2024:09:42:54 +0800] "GET /xingrg/kc/buy/cgsh_order_operate.html?command=get_materiel&rest_code=00108&code=00101001191&supplier_code=00100012&order_time=2024-05-15 HTTP/1.1" 200 413
180.156.239.18 - - [15/May/2024:09:42:54 +0800] "POST /xingrg/all/user/operate.html HTTP/1.1" 200 36
180.156.239.18 - - [15/May/2024:09:42:54 +0800] "GET /xingrg/index.html?sysBaseUrl=http%3A%2F%2F180.169.147.146%3A18081%2Fxingrg%2F&costTime=816×tamp=1715733271089 HTTP/1.1" 200 17179
180.156.239.18 - - [15/May/2024:09:42:54 +0800] "GET /xingrg/javascript/jquery_easy_ui/themes/default/easyui.css HTTP/1.1" 304 -
180.156.239.18 - - [15/May/2024:09:42:54 +0800] "GET /xingrg/javascript/jquery_easy_ui/themes/icon.css HTTP/1.1" 304 -
180.156.239.18 - - [15/May/2024:09:42:54 +0800] "GET /xingrg/css/form.css HTTP/1.1" 304 -
180.156.239.18 - - [15/May/2024:09:42:54 +0800] "GET /xingrg/javascript/jquery-1.4.2.min.js HTTP/1.1" 304 -
180.156.239.18 - - [15/May/2024:09:42:54 +0800] "GET /xingrg/javascript/jquery_easy_ui/jquery.easyui.min.js HTTP/1.1" 304 -
180.156.239.18 - - [15/May/2024:09:42:54 +0800] "GET /xingrg/javascript/jquery_easy_ui/easyui-lang-zh_CN.js HTTP/1.1" 304 -
180.156.239.18 - - [15/May/2024:09:42:54 +0800] "GET /xingrg/javascript/jquery.form.js HTTP/1.1" 304 -
180.156.239.18 - - [15/May/2024:09:42:54 +0800] "GET /xingrg/javascript/jquery.utils.js HTTP/1.1" 304 -
180.156.239.18 - - [15/May/2024:09:42:54 +0800] "GET /xingrg/javascript/jquery.timers.js HTTP/1.1" 304 -
180.156.239.18 - - [15/May/2024:09:42:54 +0800] "GET /xingrg/images/blue/jxLogo.png HTTP/1.1" 304 -
180.156.239.18 - - [15/May/2024:09:42:54 +0800] "GET /xingrg/images/blue/navBackgound.jpg HTTP/1.1" 304 -
180.156.239.18 - - [15/May/2024:09:42:54 +0800] "GET /xingrg/javascript/jquery_easy_ui/themes/icons/settle_new.png HTTP/1.1" 304 -
180.156.239.18 - - [15/May/2024:09:42:54 +0800] "GET /xingrg/all/function/internal_message.html?_=1715737374898&CODE_STATE=count HTTP/1.1" 200 11
180.156.239.18 - - [15/May/2024:09:42:54 +0800] "GET /xingrg/javascript/jquery_easy_ui/themes/default/images/tabs_leftarrow.png HTTP/1.1" 304 -
180.156.239.18 - - [15/May/2024:09:42:54 +0800] "GET /xingrg/javascript/jquery_easy_ui/themes/default/images/panel_tool_collapse.gif HTTP/1.1" 304 -
180.156.239.18 - - [15/May/2024:09:42:54 +0800] "GET /xingrg/check_reg.html?_=1715737374899 HTTP/1.1" 200 22
180.156.239.18 - - [15/May/2024:09:42:54 +0800] "GET /xingrg/javascript/jquery_easy_ui/themes/default/images/tabs_rightarrow.png HTTP/1.1" 304 -
180.156.239.18 - - [15/May/2024:09:42:54 +0800] "GET /xingrg/images/blue/pingpu.png HTTP/1.1" 304 -
180.156.239.18 - - [15/May/2024:09:42:54 +0800] "POST /xingrg/all/common/load_tree.html?tree=area_rest_tree_json&manage=1 HTTP/1.1" 200 476
180.156.239.18 - - [15/May/2024:09:42:55 +0800] "POST /xingrg/load_menu.html HTTP/1.1" 200 5138
222.67.233.39 - - [15/May/2024:09:42:55 +0800] "GET /xingrg/kc/buy/cgsh_order_operate.html?command=get_materiel&rest_code=00141&code=00101006084&supplier_code=00100096&order_time=2024-05-15 HTTP/1.1" 200 415
114.83.218.92 - - [15/May/2024:09:42:55 +0800] "GET /xingrg/kc/buy/cgsh_order_operate.html?command=get_materiel&rest_code=00149&code=00101008359&supplier_code=00100008&order_time=2024-05-15 HTTP/1.1" 200 408
120.253.135.82 - - [15/May/2024:09:42:56 +0800] "GET /xingrg/all/function/internal_message.html?_=1715737226832&CODE_STATE=getMsg HTTP/1.1" 200 27
180.156.239.18 - - [15/May/2024:09:42:57 +0800] "GET /xingrg/kc/buy/cgsh_order_list.html HTTP/1.1" 200 58786
180.156.239.18 - - [15/May/2024:09:42:59 +0800] "POST /xingrg/kc/buy/cgsh_list_operate.html HTTP/1.1" 200 645
180.156.239.18 - - [15/May/2024:09:43:00 +0800] "GET /xingrg/kc/buy/cgsh_order_add.html HTTP/1.1" 200 74637
180.156.239.18 - - [15/May/2024:09:43:01 +0800] "POST /xingrg/kc/buy/cgsh_order_operate.html HTTP/1.1" 200 8245
180.156.239.18 - - [15/May/2024:09:43:01 +0800] "GET /xingrg/javascript/easyui/themes/default/validatebox.css HTTP/1.1" 404 1104
180.156.239.18 - - [15/May/2024:09:43:01 +0800] "GET /xingrg/javascript/auto/indicator.gif HTTP/1.1" 404 1066
222.69.134.15 - - [15/May/2024:09:43:07 +0800] "GET /xingrg/all/function/internal_message.html?_=1715737388692&CODE_STATE=getMsg HTTP/1.1" 200 27
180.164.6.225 - - [15/May/2024:09:43:08 +0800] "POST /xingrg/kc/buy/cgsh_order_operate.html HTTP/1.1" 200 37
114.83.218.92 - - [15/May/2024:09:43:09 +0800] "GET /xingrg/kc/buy/cgsh_order_operate.html?command=get_materiel&rest_code=00149&code=00101008005&supplier_code=00100008&order_time=2024-05-15 HTTP/1.1" 200 412
180.164.6.225 - - [15/May/2024:09:43:10 +0800] "POST /xingrg/kc/buy/cgsh_order_operate.html HTTP/1.1" 200 5624
61.170.234.181 - - [15/May/2024:09:43:12 +0800] "GET /xingrg/all/function/internal_message.html?_=1715737385740&CODE_STATE=getMsg HTTP/1.1" 200 27
180.164.6.225 - - [15/May/2024:09:43:15 +0800] "GET /xingrg/kc/print/load_data.html?order_code=212024051504125&kc_code=cgsh&condition= HTTP/1.1" 200 1911
120.253.135.82 - - [15/May/2024:09:43:16 +0800] "GET /xingrg/kc/pszx/mdqp_order_list.html?state=10 HTTP/1.1" 200 10893
120.253.135.82 - - [15/May/2024:09:43:16 +0800] "GET /xingrg/dwr/interface/AjaxQqpsService.js HTTP/1.1" 200 16326
120.253.135.82 - - [15/May/2024:09:43:16 +0800] "GET /xingrg/dwr/interface/AjaxReportQueryService.js HTTP/1.1" 200 13203
120.253.135.82 - - [15/May/2024:09:43:16 +0800] "GET /xingrg/dwr/engine.js HTTP/1.1" 200 43631
172.20.0.100 - - [15/May/2024:09:43:21 +0800] "GET /xingrg/all/function/internal_message.html?_=1715737400149&CODE_STATE=getMsg HTTP/1.1" 200 27
222.70.183.82 - - [15/May/2024:09:43:21 +0800] "GET /xingrg/all/function/internal_message.html?_=1715737398617&CODE_STATE=getMsg HTTP/1.1" 200 27
222.70.183.82 - - [15/May/2024:09:43:21 +0800] "GET /xingrg/check_reg.html?_=1715737398620 HTTP/1.1" 200 22
222.67.233.39 - - [15/May/2024:09:43:22 +0800] "GET /xingrg/kc/buy/cgsh_order_operate.html?command=get_materiel&rest_code=00141&code=00101006046&supplier_code=00100096&order_time=2024-05-15 HTTP/1.1" 200 412
120.253.135.82 - - [15/May/2024:09:43:22 +0800] "GET /xingrg/kc/pszx/jzcl_ps.html HTTP/1.1" 200 7683
120.253.135.82 - - [15/May/2024:09:43:22 +0800] "GET /xingrg/css/table.css HTTP/1.1" 304 -
120.253.135.82 - - [15/May/2024:09:43:22 +0800] "GET /xingrg/javascript/step/step.css HTTP/1.1" 304 -
120.253.135.82 - - [15/May/2024:09:43:22 +0800] "GET /xingrg/javascript/step/images/navCurrentBtn.gif HTTP/1.1" 304 -
120.253.135.82 - - [15/May/2024:09:43:22 +0800] "GET /xingrg/javascript/jquery_easy_ui/themes/default/images/button_a_bg.gif HTTP/1.1" 304 -
120.253.135.82 - - [15/May/2024:09:43:22 +0800] "GET /xingrg/javascript/jquery_easy_ui/themes/default/images/button_span_bg.gif HTTP/1.1" 304 -
120.253.135.82 - - [15/May/2024:09:43:22 +0800] "GET /xingrg/javascript/jquery_easy_ui/themes/icons/search.png HTTP/1.1" 304 -
120.253.135.82 - - [15/May/2024:09:43:22 +0800] "GET /xingrg/javascript/jquery_easy_ui/themes/default/images/combo_arrow_dot.gif HTTP/1.1" 304 -
120.253.135.82 - - [15/May/2024:09:43:22 +0800] "GET /xingrg/javascript/jquery_easy_ui/themes/default/images/calendar_prevmonth.gif HTTP/1.1" 304 -
120.253.135.82 - - [15/May/2024:09:43:22 +0800] "GET /xingrg/javascript/jquery_easy_ui/themes/default/images/calendar_prevyear.gif HTTP/1.1" 304 -
120.253.135.82 - - [15/May/2024:09:43:22 +0800] "GET /xingrg/javascript/jquery_easy_ui/themes/default/images/calendar_nextmonth.gif HTTP/1.1" 304 -
120.253.135.82 - - [15/May/2024:09:43:22 +0800] "GET /xingrg/javascript/jquery_easy_ui/themes/default/images/calendar_nextyear.gif HTTP/1.1" 304 -
120.253.135.82 - - [15/May/2024:09:43:22 +0800] "POST /xingrg/all/common/load_tree.html?tree=area_rest_tree_json HTTP/1.1" 200 4010
120.253.135.82 - - [15/May/2024:09:43:23 +0800] "GET /xingrg/javascript/jquery_easy_ui/themes/default/images/datagrid_header_bg.gif HTTP/1.1" 304 -
120.253.135.82 - - [15/May/2024:09:43:23 +0800] "GET /xingrg/javascript/jquery_easy_ui/themes/default/images/pagination_loading.gif HTTP/1.1" 304 -
120.253.135.82 - - [15/May/2024:09:43:23 +0800] "GET /xingrg/javascript/jquery_easy_ui/themes/default/images/tree_checkbox_0.gif HTTP/1.1" 304 -
120.253.135.82 - - [15/May/2024:09:43:23 +0800] "GET /xingrg/javascript/jquery_easy_ui/themes/icons/rest.png HTTP/1.1" 304 -
120.253.135.82 - - [15/May/2024:09:43:23 +0800] "POST /xingrg/kc/pszx/jzcl_ps_operate.html HTTP/1.1" 200 417
120.253.135.82 - - [15/May/2024:09:43:23 +0800] "POST /xingrg/kc/pszx/jzcl_ps_operate.html HTTP/1.1" 200 417
114.83.218.92 - - [15/May/2024:09:43:30 +0800] "GET /xingrg/kc/buy/cgsh_order_operate.html?command=get_materiel&rest_code=00149&code=00101008330&supplier_code=00100008&order_time=2024-05-15 HTTP/1.1" 200 408
222.67.233.39 - - [15/May/2024:09:43:30 +0800] "GET /xingrg/kc/buy/cgsh_order_operate.html?command=get_materiel&rest_code=00141&code=00101006039&supplier_code=00100096&order_time=2024-05-15 HTTP/1.1" 200 415
120.253.135.82 - - [15/May/2024:09:43:31 +0800] "POST /xingrg/kc/pszx/jzcl_ps_operate.html HTTP/1.1" 200 4
120.253.135.82 - - [15/May/2024:09:43:31 +0800] "GET /xingrg/javascript/step/images/navBtn.gif HTTP/1.1" 200 361
120.253.135.82 - - [15/May/2024:09:43:31 +0800] "GET /xingrg/javascript/step/images/navBtn.gif HTTP/1.1" 200 361
120.253.135.82 - - [15/May/2024:09:43:31 +0800] "GET /xingrg/javascript/step/images/navLastDoneBtn.gif HTTP/1.1" 304 -
120.253.135.82 - - [15/May/2024:09:43:31 +0800] "GET /xingrg/javascript/step/images/navDoneBtn.gif HTTP/1.1" 304 -
180.169.147.146 - - [15/May/2024:09:43:32 +0800] "GET /xingrg/all/function/internal_message.html?_=1715737412705&CODE_STATE=getMsg HTTP/1.1" 200 27
120.253.135.82 - - [15/May/2024:09:43:33 +0800] "POST /xingrg/kc/pszx/jzcl_ps_operate.html HTTP/1.1" 200 21
120.253.135.82 - - [15/May/2024:09:43:33 +0800] "GET /xingrg/kc/pszx/mdps_order_list.html HTTP/1.1" 200 21313
120.253.135.82 - - [15/May/2024:09:43:34 +0800] "GET /xingrg/javascript/easyui/themes/icons/uncheck_new.png HTTP/1.1" 304 -
120.253.135.82 - - [15/May/2024:09:43:34 +0800] "POST /xingrg/kc/pszx/mdps_list_operate.html HTTP/1.1" 200 5218
101.83.144.49 - - [15/May/2024:09:43:36 +0800] "GET /xingrg/check_reg.html?_=1715737416071 HTTP/1.1" 200 22
101.83.144.49 - - [15/May/2024:09:43:36 +0800] "GET /xingrg/all/function/internal_message.html?_=1715737416073&CODE_STATE=getMsg HTTP/1.1" 200 27
101.80.230.31 - - [15/May/2024:09:43:39 +0800] "GET /xingrg/all/function/internal_message.html?_=1715737423089&CODE_STATE=getMsg HTTP/1.1" 200 27
114.83.218.92 - - [15/May/2024:09:43:40 +0800] "GET /xingrg/all/function/internal_message.html?_=1715737418028&CODE_STATE=getMsg HTTP/1.1" 200 27
114.83.218.92 - - [15/May/2024:09:43:40 +0800] "GET /xingrg/check_reg.html?_=1715737418029 HTTP/1.1" 200 22
114.83.218.92 - - [15/May/2024:09:43:40 +0800] "GET /xingrg/kc/buy/cgsh_order_operate.html?command=get_materiel&rest_code=00149&code=00101008372&supplier_code=00100008&order_time=2024-05-15 HTTP/1.1" 200 408
180.164.6.225 - - [15/May/2024:09:43:44 +0800] "GET /xingrg/all/function/internal_message.html?_=1715737423722&CODE_STATE=getMsg HTTP/1.1" 200 27
222.70.183.82 - - [15/May/2024:09:43:44 +0800] "POST /xingrg/kc/buy/cgsh_order_operate.html HTTP/1.1" 200 2065
180.164.6.225 - - [15/May/2024:09:43:45 +0800] "GET /xingrg/kc/buy/cgsh_order_add.html HTTP/1.1" 200 74685
180.164.6.225 - - [15/May/2024:09:43:45 +0800] "GET /xingrg/words/20240515093452_words.js HTTP/1.1" 304 -
180.164.6.225 - - [15/May/2024:09:43:45 +0800] "POST /xingrg/kc/buy/cgsh_order_operate.html HTTP/1.1" 200 8245
180.164.6.225 - - [15/May/2024:09:43:45 +0800] "GET /xingrg/javascript/easyui/themes/default/validatebox.css HTTP/1.1" 404 1104
114.83.218.92 - - [15/May/2024:09:43:46 +0800] "POST /xingrg/kc/buy/cgsh_order_operate.html HTTP/1.1" 200 2065
222.67.233.39 - - [15/May/2024:09:43:46 +0800] "GET /xingrg/all/function/internal_message.html?_=1715737426501&CODE_STATE=getMsg HTTP/1.1" 200 27
101.83.144.49 - - [15/May/2024:09:43:47 +0800] "GET /xingrg/all/function/internal_message.html?_=1715737174075&CODE_STATE=getMsg HTTP/1.1" 200 27
114.83.218.92 - - [15/May/2024:09:43:54 +0800] "GET /xingrg/kc/buy/cgsh_order_operate.html?command=get_materiel&rest_code=00149&code=00101008060&supplier_code=00100008&order_time=2024-05-15 HTTP/1.1" 200 416
180.156.239.18 - - [15/May/2024:09:43:54 +0800] "GET /xingrg/all/function/internal_message.html?_=1715737434918&CODE_STATE=getMsg HTTP/1.1" 200 27
120.253.135.82 - - [15/May/2024:09:43:55 +0800] "GET /xingrg/check_reg.html?_=1715737286189 HTTP/1.1" 200 22
120.253.135.82 - - [15/May/2024:09:43:56 +0800] "GET /xingrg/all/function/internal_message.html?_=1715737286844&CODE_STATE=getMsg HTTP/1.1" 200 27
120.253.135.82 - - [15/May/2024:09:43:59 +0800] "POST /xingrg/kc/pszx/mdps_list_operate.html HTTP/1.1" 200 4219
222.70.183.82 - - [15/May/2024:09:43:59 +0800] "GET /xingrg/kc/buy/cgsh_order_operate.html?command=get_materiel&rest_code=00111&code=00101008087&supplier_code=00100008&order_time=2024-05-15 HTTP/1.1" 200 412
120.253.135.82 - - [15/May/2024:09:44:00 +0800] "POST /xingrg/kc/pszx/mdps_list_operate.html HTTP/1.1" 200 291
180.164.6.225 - - [15/May/2024:09:44:00 +0800] "GET /xingrg/kc/buy/cgsh_order_operate.html?command=get_materiel&rest_code=00108&code=00101023022&supplier_code=00100036&order_time=2024-05-15 HTTP/1.1" 200 406
120.253.135.82 - - [15/May/2024:09:44:01 +0800] "GET /xingrg/kc/pszx/mdps_order_info.html?code=312024051500296 HTTP/1.1" 200 23972
120.253.135.82 - - [15/May/2024:09:44:02 +0800] "GET /xingrg/words/20240515093452_words.js HTTP/1.1" 200 1024639
120.253.135.82 - - [15/May/2024:09:44:02 +0800] "GET /xingrg/javascript/easyui/themes/default/validatebox.css HTTP/1.1" 404 1104
120.253.135.82 - - [15/May/2024:09:44:03 +0800] "POST /xingrg/kc/pszx/mdps_order_operate.html HTTP/1.1" 200 2784
114.83.218.92 - - [15/May/2024:09:44:03 +0800] "GET /xingrg/kc/buy/cgsh_order_operate.html?command=get_materiel&rest_code=00149&code=00101008704&supplier_code=00100008&order_time=2024-05-15 HTTP/1.1" 200 409
120.253.135.82 - - [15/May/2024:09:44:05 +0800] "POST /xingrg/kc/pszx/mdps_order_operate.html HTTP/1.1" 200 37
120.253.135.82 - - [15/May/2024:09:44:07 +0800] "GET /xingrg/kc/pszx/mdps_order_info.html?code=312024051500296 HTTP/1.1" 200 23972
222.69.134.15 - - [15/May/2024:09:44:07 +0800] "GET /xingrg/all/function/internal_message.html?_=1715737448698&CODE_STATE=getMsg HTTP/1.1" 200 27
120.253.135.82 - - [15/May/2024:09:44:07 +0800] "GET /xingrg/javascript/easyui/themes/default/validatebox.css HTTP/1.1" 404 1104
120.253.135.82 - - [15/May/2024:09:44:08 +0800] "POST /xingrg/kc/pszx/mdps_order_operate.html HTTP/1.1" 200 2799
222.67.233.39 - - [15/May/2024:09:44:11 +0800] "GET /xingrg/kc/buy/cgsh_order_operate.html?command=get_materiel&rest_code=00141&code=00101005036&supplier_code=00100096&order_time=2024-05-15 HTTP/1.1" 200 409
180.164.6.225 - - [15/May/2024:09:44:11 +0800] "GET /xingrg/kc/buy/cgsh_order_operate.html?command=get_materiel&rest_code=00108&code=00101016105&supplier_code=00100036&order_time=2024-05-15 HTTP/1.1" 200 409
61.170.234.181 - - [15/May/2024:09:44:12 +0800] "GET /xingrg/all/function/internal_message.html?_=1715737445711&CODE_STATE=getMsg HTTP/1.1" 200 27
114.83.218.92 - - [15/May/2024:09:44:14 +0800] "GET /xingrg/kc/buy/cgsh_order_operate.html?command=get_materiel&rest_code=00149&code=00101008285&supplier_code=00100008&order_time=2024-05-15 HTTP/1.1" 200 413
120.253.135.82 - - [15/May/2024:09:44:16 +0800] "GET /xingrg/kc/pszx/mdqp_order_list.html?state=10 HTTP/1.1" 200 10459
120.253.135.82 - - [15/May/2024:09:44:16 +0800] "GET /xingrg/dwr/interface/AjaxQqpsService.js HTTP/1.1" 200 16326
120.253.135.82 - - [15/May/2024:09:44:16 +0800] "GET /xingrg/dwr/engine.js HTTP/1.1" 200 43631
120.253.135.82 - - [15/May/2024:09:44:16 +0800] "GET /xingrg/dwr/interface/AjaxReportQueryService.js HTTP/1.1" 200 13203
172.20.0.100 - - [15/May/2024:09:44:21 +0800] "GET /xingrg/all/function/internal_message.html?_=1715737460135&CODE_STATE=getMsg HTTP/1.1" 200 27
222.70.183.82 - - [15/May/2024:09:44:21 +0800] "GET /xingrg/all/function/internal_message.html?_=1715737458613&CODE_STATE=getMsg HTTP/1.1" 200 27
114.83.218.92 - - [15/May/2024:09:44:23 +0800] "GET /xingrg/kc/buy/cgsh_order_operate.html?command=get_materiel&rest_code=00149&code=00101009011&supplier_code=00100008&order_time=2024-05-15 HTTP/1.1" 200 416
222.67.233.39 - - [15/May/2024:09:44:28 +0800] "GET /xingrg/kc/buy/cgsh_order_operate.html?command=get_materiel&rest_code=00141&code=00101001069&supplier_code=00100096&order_time=2024-05-15 HTTP/1.1" 200 409
180.169.147.146 - - [15/May/2024:09:44:32 +0800] "GET /xingrg/all/function/internal_message.html?_=1715737472690&CODE_STATE=getMsg HTTP/1.1" 200 27
101.83.144.49 - - [15/May/2024:09:44:36 +0800] "GET /xingrg/all/function/internal_message.html?_=1715737476072&CODE_STATE=getMsg HTTP/1.1" 200 27
101.80.230.31 - - [15/May/2024:09:44:39 +0800] "GET /xingrg/all/function/internal_message.html?_=1715737483088&CODE_STATE=getMsg HTTP/1.1" 200 27
114.83.218.92 - - [15/May/2024:09:44:40 +0800] "GET /xingrg/all/function/internal_message.html?_=1715737478050&CODE_STATE=getMsg HTTP/1.1" 200 27
114.83.218.92 - - [15/May/2024:09:44:43 +0800] "POST /xingrg/kc/buy/cgsh_order_operate.html HTTP/1.1" 200 37
180.164.6.225 - - [15/May/2024:09:44:44 +0800] "GET /xingrg/all/function/internal_message.html?_=1715737483731&CODE_STATE=getMsg HTTP/1.1" 200 27
222.67.233.39 - - [15/May/2024:09:44:45 +0800] "GET /xingrg/kc/buy/cgsh_order_operate.html?command=get_materiel&rest_code=00141&code=00101010161&supplier_code=00100096&order_time=2024-05-15 HTTP/1.1" 200 408
222.67.233.39 - - [15/May/2024:09:44:46 +0800] "GET /xingrg/all/function/internal_message.html?_=1715737486507&CODE_STATE=getMsg HTTP/1.1" 200 27
222.67.233.39 - - [15/May/2024:09:44:46 +0800] "GET /xingrg/check_reg.html?_=1715737486510 HTTP/1.1" 200 22
101.83.144.49 - - [15/May/2024:09:44:47 +0800] "GET /xingrg/all/function/internal_message.html?_=1715737234060&CODE_STATE=getMsg HTTP/1.1" 200 27
180.164.6.225 - - [15/May/2024:09:44:52 +0800] "GET /xingrg/kc/buy/cgsh_order_operate.html?command=get_materiel&rest_code=00108&code=00101012033&supplier_code=00100036&order_time=2024-05-15 HTTP/1.1" 200 427
180.156.239.18 - - [15/May/2024:09:44:54 +0800] "GET /xingrg/all/function/internal_message.html?_=1715737494918&CODE_STATE=getMsg HTTP/1.1" 200 27
120.253.135.82 - - [15/May/2024:09:44:56 +0800] "GET /xingrg/all/function/internal_message.html?_=1715737346858&CODE_STATE=getMsg HTTP/1.1" 200 27
180.164.6.225 - - [15/May/2024:09:45:03 +0800] "GET /xingrg/kc/buy/cgsh_order_operate.html?command=get_materiel&rest_code=00108&code=00101011005&supplier_code=00100036&order_time=2024-05-15 HTTP/1.1" 200 428
222.70.183.82 - - [15/May/2024:09:45:05 +0800] "GET /xingrg/kc/buy/cgsh_order_operate.html?command=get_materiel&rest_code=00111&code=00101008261&supplier_code=00100008&order_time=2024-05-15 HTTP/1.1" 200 429
222.69.134.15 - - [15/May/2024:09:45:07 +0800] "GET /xingrg/all/function/internal_message.html?_=1715737508689&CODE_STATE=getMsg HTTP/1.1" 200 27
61.170.234.181 - - [15/May/2024:09:45:12 +0800] "GET /xingrg/all/function/internal_message.html?_=1715737505686&CODE_STATE=getMsg HTTP/1.1" 200 27
222.67.233.39 - - [15/May/2024:09:45:13 +0800] "POST /xingrg/kc/buy/cgsh_order_operate.html HTTP/1.1" 200 37
180.164.6.225 - - [15/May/2024:09:45:16 +0800] "GET /xingrg/kc/buy/cgsh_order_operate.html?command=get_materiel&rest_code=00108&code=00101016030&supplier_code=00100036&order_time=2024-05-15 HTTP/1.1" 200 412
172.20.0.100 - - [15/May/2024:09:45:21 +0800] "GET /xingrg/all/function/internal_message.html?_=1715737520137&CODE_STATE=getMsg HTTP/1.1" 200 27
222.70.183.82 - - [15/May/2024:09:45:21 +0800] "GET /xingrg/all/function/internal_message.html?_=1715737518636&CODE_STATE=getMsg HTTP/1.1" 200 27
180.169.147.146 - - [15/May/2024:09:45:32 +0800] "GET /xingrg/all/function/internal_message.html?_=1715737532674&CODE_STATE=getMsg HTTP/1.1" 200 27
222.70.183.82 - - [15/May/2024:09:45:33 +0800] "POST /xingrg/kc/buy/cgsh_order_operate.html HTTP/1.1" 200 37
222.67.233.39 - - [15/May/2024:09:45:33 +0800] "POST /xingrg/kc/buy/cgsh_order_operate.html HTTP/1.1" 200 12
180.164.6.225 - - [15/May/2024:09:45:35 +0800] "GET /xingrg/kc/buy/cgsh_order_operate.html?command=get_materiel&rest_code=00108&code=00101012032&supplier_code=00100036&order_time=2024-05-15 HTTP/1.1" 200 416
101.83.144.49 - - [15/May/2024:09:45:36 +0800] "GET /xingrg/all/function/internal_message.html?_=1715737536070&CODE_STATE=getMsg HTTP/1.1" 200 27
101.80.230.31 - - [15/May/2024:09:45:39 +0800] "GET /xingrg/all/function/internal_message.html?_=1715737543087&CODE_STATE=getMsg HTTP/1.1" 200 27
180.169.147.146 - - [15/May/2024:09:45:43 +0800] "GET /xingrg/check_reg.html?_=1715737543049 HTTP/1.1" 200 22
180.164.6.225 - - [15/May/2024:09:45:44 +0800] "GET /xingrg/all/function/internal_message.html?_=1715737543732&CODE_STATE=getMsg HTTP/1.1" 200 27
101.83.144.49 - - [15/May/2024:09:45:46 +0800] "GET /xingrg/check_reg.html?_=1715737292813 HTTP/1.1" 200 22
101.83.144.49 - - [15/May/2024:09:45:47 +0800] "GET /xingrg/all/function/internal_message.html?_=1715737294033&CODE_STATE=getMsg HTTP/1.1" 200 27
222.67.233.39 - - [15/May/2024:09:45:53 +0800] "GET /xingrg/kc/buy/cgsh_order_info.html?code=212024051504127 HTTP/1.1" 200 69454
222.67.233.39 - - [15/May/2024:09:45:54 +0800] "GET /xingrg/javascript/easyui/themes/default/validatebox.css HTTP/1.1" 404 1104
180.156.239.18 - - [15/May/2024:09:45:54 +0800] "GET /xingrg/all/function/internal_message.html?_=1715737554898&CODE_STATE=getMsg HTTP/1.1" 200 27
222.67.233.39 - - [15/May/2024:09:45:55 +0800] "POST /xingrg/kc/buy/cgsh_order_operate.html HTTP/1.1" 200 11326
120.253.135.82 - - [15/May/2024:09:45:56 +0800] "GET /xingrg/all/function/internal_message.html?_=1715737406921&CODE_STATE=getMsg HTTP/1.1" 200 27
180.164.6.225 - - [15/May/2024:09:46:00 +0800] "POST /xingrg/kc/buy/cgsh_order_operate.html HTTP/1.1" 200 37
222.67.233.39 - - [15/May/2024:09:46:00 +0800] "GET /xingrg/kc/print/load_data.html?order_code=212024051504127&kc_code=cgsh&condition= HTTP/1.1" 200 4766
180.164.6.225 - - [15/May/2024:09:46:02 +0800] "POST /xingrg/kc/buy/cgsh_order_operate.html HTTP/1.1" 200 5614
180.156.239.18 - - [15/May/2024:09:46:03 +0800] "GET /xingrg/javascript/jquery_easy_ui/themes/default/images/tabs_active.png HTTP/1.1" 200 2894
180.164.6.225 - - [15/May/2024:09:46:05 +0800] "GET /xingrg/kc/print/load_data.html?order_code=212024051504129&kc_code=cgsh&condition= HTTP/1.1" 200 1888
222.69.134.15 - - [15/May/2024:09:46:07 +0800] "GET /xingrg/all/function/internal_message.html?_=1715737568688&CODE_STATE=getMsg HTTP/1.1" 200 27
222.69.134.15 - - [15/May/2024:09:46:07 +0800] "GET /xingrg/check_reg.html?_=1715737568691 HTTP/1.1" 200 22
222.70.183.82 - - [15/May/2024:09:46:08 +0800] "POST /xingrg/kc/buy/cgsh_order_operate.html HTTP/1.1" 200 41624
222.70.183.82 - - [15/May/2024:09:46:10 +0800] "GET /xingrg/kc/print/load_config.html?kc_code=cgsh HTTP/1.1" 200 1927
222.70.183.82 - - [15/May/2024:09:46:11 +0800] "GET /xingrg/kc/print/load_data.html?order_code=212024051504128&kc_code=cgsh&condition= HTTP/1.1" 200 15352
180.164.6.225 - - [15/May/2024:09:46:12 +0800] "GET /xingrg/kc/buy/cgsh_order_add.html HTTP/1.1" 200 74685
180.164.6.225 - - [15/May/2024:09:46:12 +0800] "GET /xingrg/words/20240515093452_words.js HTTP/1.1" 304 -
61.170.234.181 - - [15/May/2024:09:46:12 +0800] "GET /xingrg/all/function/internal_message.html?_=1715737565658&CODE_STATE=getMsg HTTP/1.1" 200 27
180.164.6.225 - - [15/May/2024:09:46:12 +0800] "POST /xingrg/kc/buy/cgsh_order_operate.html HTTP/1.1" 200 8245
180.164.6.225 - - [15/May/2024:09:46:12 +0800] "GET /xingrg/javascript/easyui/themes/default/validatebox.css HTTP/1.1" 404 1104
61.170.234.181 - - [15/May/2024:09:46:12 +0800] "GET /xingrg/check_reg.html?_=1715737566224 HTTP/1.1" 200 22
172.20.0.100 - - [15/May/2024:09:46:21 +0800] "GET /xingrg/all/function/internal_message.html?_=1715737580141&CODE_STATE=getMsg HTTP/1.1" 200 27
222.70.183.82 - - [15/May/2024:09:46:21 +0800] "GET /xingrg/all/function/internal_message.html?_=1715737578614&CODE_STATE=getMsg HTTP/1.1" 200 27
180.164.6.225 - - [15/May/2024:09:46:28 +0800] "GET /xingrg/kc/buy/cgsh_order_operate.html?command=get_materiel&rest_code=00108&code=00101007071&supplier_code=00100002&order_time=2024-05-15 HTTP/1.1" 200 417
180.169.147.146 - - [15/May/2024:09:46:32 +0800] "GET /xingrg/all/function/internal_message.html?_=1715737592658&CODE_STATE=getMsg HTTP/1.1" 200 27
101.83.144.49 - - [15/May/2024:09:46:36 +0800] "GET /xingrg/all/function/internal_message.html?_=1715737596071&CODE_STATE=getMsg HTTP/1.1" 200 27
101.80.230.31 - - [15/May/2024:09:46:39 +0800] "GET /xingrg/all/function/internal_message.html?_=1715737603085&CODE_STATE=getMsg HTTP/1.1" 200 27
180.164.6.225 - - [15/May/2024:09:46:40 +0800] "GET /xingrg/kc/buy/cgsh_order_operate.html?command=get_materiel&rest_code=00108&code=00101007072&supplier_code=00100002&order_time=2024-05-15 HTTP/1.1" 200 419
180.164.6.225 - - [15/May/2024:09:46:44 +0800] "GET /xingrg/all/function/internal_message.html?_=1715737603730&CODE_STATE=getMsg HTTP/1.1" 200 27
222.67.233.39 - - [15/May/2024:09:46:46 +0800] "GET /xingrg/all/function/internal_message.html?_=1715737606527&CODE_STATE=getMsg HTTP/1.1" 200 27
101.83.144.49 - - [15/May/2024:09:46:47 +0800] "GET /xingrg/all/function/internal_message.html?_=1715737354017&CODE_STATE=getMsg HTTP/1.1" 200 27
180.156.239.18 - - [15/May/2024:09:46:51 +0800] "GET /xingrg/kc/buy/cgsh_order_operate.html?command=get_materiel&rest_code=00150&code=00101011001&supplier_code=00100047&order_time=2024-05-15 HTTP/1.1" 200 423
180.164.6.225 - - [15/May/2024:09:46:52 +0800] "GET /xingrg/kc/buy/cgsh_order_operate.html?command=get_materiel&rest_code=00108&code=00101007184&supplier_code=00100002&order_time=2024-05-15 HTTP/1.1" 200 409
180.156.239.18 - - [15/May/2024:09:46:54 +0800] "GET /xingrg/all/function/internal_message.html?_=1715737614915&CODE_STATE=getMsg HTTP/1.1" 200 27
120.253.135.82 - - [15/May/2024:09:46:56 +0800] "GET /xingrg/all/function/internal_message.html?_=1715737466931&CODE_STATE=getMsg HTTP/1.1" 200 27
180.156.239.18 - - [15/May/2024:09:47:03 +0800] "POST /xingrg/kc/buy/cgsh_order_operate.html HTTP/1.1" 200 37
180.164.6.225 - - [15/May/2024:09:47:04 +0800] "GET /xingrg/kc/buy/cgsh_order_operate.html?command=get_materiel&rest_code=00108&code=00101007061&supplier_code=00100002&order_time=2024-05-15 HTTP/1.1" 200 409
222.69.134.15 - - [15/May/2024:09:47:07 +0800] "GET /xingrg/all/function/internal_message.html?_=1715737628679&CODE_STATE=getMsg HTTP/1.1" 200 27
180.156.239.18 - - [15/May/2024:09:47:10 +0800] "POST /xingrg/kc/buy/cgsh_order_operate.html HTTP/1.1" 200 12
180.156.239.18 - - [15/May/2024:09:47:12 +0800] "GET /xingrg/kc/buy/cgsh_order_info.html?code=212024051504130 HTTP/1.1" 200 69508
180.156.239.18 - - [15/May/2024:09:47:12 +0800] "GET /xingrg/words/20240515093452_words.js HTTP/1.1" 304 -
61.170.234.181 - - [15/May/2024:09:47:12 +0800] "GET /xingrg/all/function/internal_message.html?_=1715737625639&CODE_STATE=getMsg HTTP/1.1" 200 27
180.156.239.18 - - [15/May/2024:09:47:12 +0800] "GET /xingrg/javascript/easyui/themes/default/validatebox.css HTTP/1.1" 404 1104
180.156.239.18 - - [15/May/2024:09:47:13 +0800] "POST /xingrg/kc/buy/cgsh_order_operate.html HTTP/1.1" 200 616
180.156.239.18 - - [15/May/2024:09:47:15 +0800] "GET /xingrg/kc/print/load_data.html?order_code=212024051504130&kc_code=cgsh&condition= HTTP/1.1" 200 759
172.20.0.100 - - [15/May/2024:09:47:21 +0800] "GET /xingrg/all/function/internal_message.html?_=1715737640143&CODE_STATE=getMsg HTTP/1.1" 200 27
172.20.0.100 - - [15/May/2024:09:47:21 +0800] "GET /xingrg/check_reg.html?_=1715737640144 HTTP/1.1" 200 22
222.70.183.82 - - [15/May/2024:09:47:21 +0800] "GET /xingrg/all/function/internal_message.html?_=1715737638625&CODE_STATE=getMsg HTTP/1.1" 200 27
180.164.6.225 - - [15/May/2024:09:47:26 +0800] "POST /xingrg/kc/buy/cgsh_order_operate.html HTTP/1.1" 200 37
180.164.6.225 - - [15/May/2024:09:47:28 +0800] "POST /xingrg/kc/buy/cgsh_order_operate.html HTTP/1.1" 200 4436
180.156.239.18 - - [15/May/2024:09:47:30 +0800] "POST /xingrg/all/user/operate.html HTTP/1.1" 200 36
180.164.6.225 - - [15/May/2024:09:47:30 +0800] "GET /xingrg/kc/print/load_data.html?order_code=212024051504131&kc_code=cgsh&condition= HTTP/1.1" 200 1438
180.156.239.18 - - [15/May/2024:09:47:30 +0800] "GET /xingrg/index.html?sysBaseUrl=http%3A%2F%2F180.169.147.146%3A18081%2Fxingrg%2F&costTime=816×tamp=1715733271089 HTTP/1.1" 200 17177
180.156.239.18 - - [15/May/2024:09:47:30 +0800] "GET /xingrg/javascript/jquery_easy_ui/themes/default/easyui.css HTTP/1.1" 304 -
180.156.239.18 - - [15/May/2024:09:47:30 +0800] "GET /xingrg/javascript/jquery_easy_ui/themes/icon.css HTTP/1.1" 304 -
180.156.239.18 - - [15/May/2024:09:47:30 +0800] "GET /xingrg/css/form.css HTTP/1.1" 304 -
180.156.239.18 - - [15/May/2024:09:47:30 +0800] "GET /xingrg/javascript/jquery-1.4.2.min.js HTTP/1.1" 304 -
180.156.239.18 - - [15/May/2024:09:47:30 +0800] "GET /xingrg/javascript/jquery_easy_ui/jquery.easyui.min.js HTTP/1.1" 304 -
180.156.239.18 - - [15/May/2024:09:47:30 +0800] "GET /xingrg/javascript/jquery_easy_ui/easyui-lang-zh_CN.js HTTP/1.1" 304 -
180.156.239.18 - - [15/May/2024:09:47:30 +0800] "GET /xingrg/javascript/jquery.form.js HTTP/1.1" 304 -
180.156.239.18 - - [15/May/2024:09:47:30 +0800] "GET /xingrg/javascript/jquery.utils.js HTTP/1.1" 304 -
180.156.239.18 - - [15/May/2024:09:47:30 +0800] "GET /xingrg/javascript/jquery.timers.js HTTP/1.1" 304 -
180.156.239.18 - - [15/May/2024:09:47:30 +0800] "GET /xingrg/images/blue/jxLogo.png HTTP/1.1" 304 -
180.156.239.18 - - [15/May/2024:09:47:30 +0800] "GET /xingrg/javascript/jquery_easy_ui/themes/icons/settle_new.png HTTP/1.1" 304 -
180.156.239.18 - - [15/May/2024:09:47:30 +0800] "GET /xingrg/images/blue/navBackgound.jpg HTTP/1.1" 304 -
180.156.239.18 - - [15/May/2024:09:47:30 +0800] "GET /xingrg/all/function/internal_message.html?_=1715737650769&CODE_STATE=count HTTP/1.1" 200 11
180.156.239.18 - - [15/May/2024:09:47:30 +0800] "GET /xingrg/javascript/jquery_easy_ui/themes/default/images/tabs_leftarrow.png HTTP/1.1" 304 -
180.156.239.18 - - [15/May/2024:09:47:30 +0800] "GET /xingrg/check_reg.html?_=1715737650770 HTTP/1.1" 200 22
180.156.239.18 - - [15/May/2024:09:47:30 +0800] "GET /xingrg/images/blue/pingpu.png HTTP/1.1" 304 -
180.156.239.18 - - [15/May/2024:09:47:30 +0800] "GET /xingrg/javascript/jquery_easy_ui/themes/default/images/panel_tool_collapse.gif HTTP/1.1" 304 -
180.156.239.18 - - [15/May/2024:09:47:30 +0800] "GET /xingrg/javascript/jquery_easy_ui/themes/default/images/tabs_rightarrow.png HTTP/1.1" 304 -
180.156.239.18 - - [15/May/2024:09:47:30 +0800] "POST /xingrg/all/common/load_tree.html?tree=area_rest_tree_json&manage=1 HTTP/1.1" 200 476
180.156.239.18 - - [15/May/2024:09:47:30 +0800] "POST /xingrg/load_menu.html HTTP/1.1" 200 5138
180.169.147.146 - - [15/May/2024:09:47:32 +0800] "GET /xingrg/all/function/internal_message.html?_=1715737652641&CODE_STATE=getMsg HTTP/1.1" 200 27
180.156.239.18 - - [15/May/2024:09:47:33 +0800] "GET /xingrg/kc/buy/cgsh_order_list.html HTTP/1.1" 200 58784
180.156.239.18 - - [15/May/2024:09:47:35 +0800] "POST /xingrg/kc/buy/cgsh_list_operate.html HTTP/1.1" 200 645
114.83.218.92 - - [15/May/2024:09:47:35 +0800] "GET /xingrg/all/function/internal_message.html?_=1715737653016&CODE_STATE=getMsg HTTP/1.1" 200 27
101.83.144.49 - - [15/May/2024:09:47:36 +0800] "GET /xingrg/all/function/internal_message.html?_=1715737656097&CODE_STATE=getMsg HTTP/1.1" 200 27
114.83.218.92 - - [15/May/2024:09:47:36 +0800] "POST /xingrg/kc/buy/cgsh_order_operate.html HTTP/1.1" 200 27506
180.156.239.18 - - [15/May/2024:09:47:37 +0800] "GET /xingrg/kc/buy/cgsh_order_add.html HTTP/1.1" 200 74191
180.156.239.18 - - [15/May/2024:09:47:37 +0800] "POST /xingrg/kc/buy/cgsh_order_operate.html HTTP/1.1" 200 8245
180.156.239.18 - - [15/May/2024:09:47:37 +0800] "GET /xingrg/javascript/easyui/themes/default/validatebox.css HTTP/1.1" 404 1104
101.80.230.31 - - [15/May/2024:09:47:39 +0800] "GET /xingrg/all/function/internal_message.html?_=1715737663083&CODE_STATE=getMsg HTTP/1.1" 200 27
101.80.230.31 - - [15/May/2024:09:47:39 +0800] "GET /xingrg/check_reg.html?_=1715737663084 HTTP/1.1" 200 22
180.164.6.225 - - [15/May/2024:09:47:40 +0800] "GET /xingrg/kc/base/wldb_order_list.html HTTP/1.1" 200 19184
180.164.6.225 - - [15/May/2024:09:47:40 +0800] "POST /xingrg/kc/base/wldb_list_operate.html HTTP/1.1" 200 4238
180.156.239.18 - - [15/May/2024:09:47:41 +0800] "GET /xingrg/javascript/auto/indicator.gif HTTP/1.1" 404 1066
116.238.97.31 - - [15/May/2024:09:47:43 +0800] "GET /xingrg/check_reg.html?_=1715737663665 HTTP/1.1" 200 22
180.164.6.225 - - [15/May/2024:09:47:44 +0800] "GET /xingrg/check_reg.html?_=1715737663723 HTTP/1.1" 200 22
180.164.6.225 - - [15/May/2024:09:47:44 +0800] "GET /xingrg/all/function/internal_message.html?_=1715737663727&CODE_STATE=getMsg HTTP/1.1" 200 27
222.67.233.39 - - [15/May/2024:09:47:46 +0800] "GET /xingrg/all/function/internal_message.html?_=1715737666513&CODE_STATE=getMsg HTTP/1.1" 200 27
101.83.144.49 - - [15/May/2024:09:47:47 +0800] "GET /xingrg/all/function/internal_message.html?_=1715737414002&CODE_STATE=getMsg HTTP/1.1" 200 27
120.253.135.82 - - [15/May/2024:09:47:56 +0800] "GET /xingrg/all/function/internal_message.html?_=1715737526995&CODE_STATE=getMsg HTTP/1.1" 200 27
180.156.239.18 - - [15/May/2024:09:48:03 +0800] "GET /xingrg/kc/buy/cgsh_order_operate.html?command=get_materiel&rest_code=00151&code=00101011005&supplier_code=00100047&order_time=2024-05-15 HTTP/1.1" 200 428
222.69.134.15 - - [15/May/2024:09:48:07 +0800] "GET /xingrg/all/function/internal_message.html?_=1715737688692&CODE_STATE=getMsg HTTP/1.1" 200 27
61.170.234.181 - - [15/May/2024:09:48:12 +0800] "GET /xingrg/all/function/internal_message.html?_=1715737685619&CODE_STATE=getMsg HTTP/1.1" 200 27
180.156.239.18 - - [15/May/2024:09:48:16 +0800] "GET /xingrg/kc/buy/cgsh_order_operate.html?command=get_materiel&rest_code=00151&code=00101011001&supplier_code=00100047&order_time=2024-05-15 HTTP/1.1" 200 423
172.20.0.100 - - [15/May/2024:09:48:21 +0800] "GET /xingrg/all/function/internal_message.html?_=1715737700146&CODE_STATE=getMsg HTTP/1.1" 200 27
222.70.183.82 - - [15/May/2024:09:48:21 +0800] "GET /xingrg/check_reg.html?_=1715737698624 HTTP/1.1" 200 22
222.70.183.82 - - [15/May/2024:09:48:21 +0800] "GET /xingrg/all/function/internal_message.html?_=1715737698626&CODE_STATE=getMsg HTTP/1.1" 200 27
180.156.239.18 - - [15/May/2024:09:48:25 +0800] "GET /xingrg/kc/buy/cgsh_order_operate.html?command=get_materiel&rest_code=00151&code=00101011010&supplier_code=00100047&order_time=2024-05-15 HTTP/1.1" 200 418
180.156.239.18 - - [15/May/2024:09:48:30 +0800] "GET /xingrg/all/function/internal_message.html?_=1715737710774&CODE_STATE=getMsg HTTP/1.1" 200 27
180.169.147.146 - - [15/May/2024:09:48:32 +0800] "GET /xingrg/all/function/internal_message.html?_=1715737712625&CODE_STATE=getMsg HTTP/1.1" 200 27
180.156.239.18 - - [15/May/2024:09:48:35 +0800] "POST /xingrg/kc/buy/cgsh_order_operate.html HTTP/1.1" 200 37
114.83.218.92 - - [15/May/2024:09:48:35 +0800] "GET /xingrg/all/function/internal_message.html?_=1715737712986&CODE_STATE=getMsg HTTP/1.1" 200 27
180.164.6.225 - - [15/May/2024:09:48:35 +0800] "POST /xingrg/kc/base/wldb_list_operate.html HTTP/1.1" 200 4
101.83.144.49 - - [15/May/2024:09:48:36 +0800] "GET /xingrg/check_reg.html?_=1715737716097 HTTP/1.1" 200 22
101.83.144.49 - - [15/May/2024:09:48:36 +0800] "GET /xingrg/all/function/internal_message.html?_=1715737716101&CODE_STATE=getMsg HTTP/1.1" 200 27
101.80.230.31 - - [15/May/2024:09:48:39 +0800] "GET /xingrg/all/function/internal_message.html?_=1715737723098&CODE_STATE=getMsg HTTP/1.1" 200 27
114.83.218.92 - - [15/May/2024:09:48:40 +0800] "GET /xingrg/check_reg.html?_=1715737718035 HTTP/1.1" 200 22
180.156.239.18 - - [15/May/2024:09:48:42 +0800] "POST /xingrg/kc/buy/cgsh_order_operate.html HTTP/1.1" 200 12
222.67.233.39 - - [15/May/2024:09:48:46 +0800] "GET /xingrg/all/function/internal_message.html?_=1715737726504&CODE_STATE=getMsg HTTP/1.1" 200 27
180.156.239.18 - - [15/May/2024:09:48:46 +0800] "GET /xingrg/kc/buy/cgsh_order_info.html?code=212024051504132 HTTP/1.1" 200 69062
180.156.239.18 - - [15/May/2024:09:48:46 +0800] "GET /xingrg/words/20240515093452_words.js HTTP/1.1" 304 -
180.156.239.18 - - [15/May/2024:09:48:46 +0800] "GET /xingrg/javascript/easyui/themes/default/validatebox.css HTTP/1.1" 404 1104
101.83.144.49 - - [15/May/2024:09:48:47 +0800] "GET /xingrg/all/function/internal_message.html?_=1715737473988&CODE_STATE=getMsg HTTP/1.1" 200 27
180.156.239.18 - - [15/May/2024:09:48:47 +0800] "POST /xingrg/kc/buy/cgsh_order_operate.html HTTP/1.1" 200 1801
180.156.239.18 - - [15/May/2024:09:48:50 +0800] "GET /xingrg/kc/print/load_data.html?order_code=212024051504132&kc_code=cgsh&condition= HTTP/1.1" 200 1217
180.156.239.18 - - [15/May/2024:09:48:55 +0800] "GET /xingrg/kc/buy/cgsh_order_add.html HTTP/1.1" 200 74191
120.253.135.82 - - [15/May/2024:09:48:55 +0800] "GET /xingrg/check_reg.html?_=1715737586194 HTTP/1.1" 200 22
180.156.239.18 - - [15/May/2024:09:48:55 +0800] "POST /xingrg/kc/buy/cgsh_order_operate.html HTTP/1.1" 200 8245
180.156.239.18 - - [15/May/2024:09:48:55 +0800] "GET /xingrg/javascript/easyui/themes/default/validatebox.css HTTP/1.1" 404 1104
120.253.135.82 - - [15/May/2024:09:48:56 +0800] "GET /xingrg/all/function/internal_message.html?_=1715737587048&CODE_STATE=getMsg HTTP/1.1" 200 27
120.253.135.82 - - [15/May/2024:09:49:02 +0800] "GET /xingrg/kc/pszx/mdqp_order_list.html?state=10 HTTP/1.1" 200 10459
120.253.135.82 - - [15/May/2024:09:49:02 +0800] "GET /xingrg/dwr/interface/AjaxQqpsService.js HTTP/1.1" 200 16326
120.253.135.82 - - [15/May/2024:09:49:02 +0800] "GET /xingrg/dwr/interface/AjaxReportQueryService.js HTTP/1.1" 200 13203
120.253.135.82 - - [15/May/2024:09:49:02 +0800] "GET /xingrg/dwr/engine.js HTTP/1.1" 200 43631
120.253.135.82 - - [15/May/2024:09:49:05 +0800] "GET /xingrg/kc/pszx/mdqp_order_list.html?state=10 HTTP/1.1" 200 10459
120.253.135.82 - - [15/May/2024:09:49:05 +0800] "GET /xingrg/dwr/interface/AjaxQqpsService.js HTTP/1.1" 200 16326
120.253.135.82 - - [15/May/2024:09:49:05 +0800] "GET /xingrg/dwr/interface/AjaxReportQueryService.js HTTP/1.1" 200 13203
120.253.135.82 - - [15/May/2024:09:49:05 +0800] "GET /xingrg/dwr/engine.js HTTP/1.1" 200 43631
180.156.239.18 - - [15/May/2024:09:49:05 +0800] "GET /xingrg/kc/buy/cgsh_order_operate.html?command=get_materiel&rest_code=00151&code=00101020394&supplier_code=00100097&order_time=2024-05-15 HTTP/1.1" 200 418
114.83.218.92 - - [15/May/2024:09:49:06 +0800] "GET /xingrg/kc/buy/cgsh_order_operate.html?command=get_materiel&rest_code=00149&code=00101008360&supplier_code=00100008&order_time=2024-05-15 HTTP/1.1" 200 412
222.69.134.15 - - [15/May/2024:09:49:07 +0800] "GET /xingrg/all/function/internal_message.html?_=1715737748688&CODE_STATE=getMsg HTTP/1.1" 200 27
120.253.135.82 - - [15/May/2024:09:49:12 +0800] "GET /xingrg/kc/buy/cgsh_order_list.html HTTP/1.1" 200 58780
61.170.234.181 - - [15/May/2024:09:49:12 +0800] "GET /xingrg/all/function/internal_message.html?_=1715737745590&CODE_STATE=getMsg HTTP/1.1" 200 27
120.253.135.82 - - [15/May/2024:09:49:14 +0800] "POST /xingrg/kc/buy/cgsh_list_operate.html HTTP/1.1" 200 645
172.20.0.100 - - [15/May/2024:09:49:21 +0800] "GET /xingrg/all/function/internal_message.html?_=1715737760148&CODE_STATE=getMsg HTTP/1.1" 200 27
222.70.183.82 - - [15/May/2024:09:49:21 +0800] "GET /xingrg/all/function/internal_message.html?_=1715737758625&CODE_STATE=getMsg HTTP/1.1" 200 27
114.83.218.92 - - [15/May/2024:09:49:22 +0800] "POST /xingrg/kc/buy/cgsh_order_operate.html HTTP/1.1" 200 37
180.156.239.18 - - [15/May/2024:09:49:28 +0800] "GET /xingrg/kc/buy/cgsh_order_operate.html?command=get_materiel&rest_code=00151&code=00101029038&supplier_code=00100097&order_time=2024-05-15 HTTP/1.1" 200 440
120.253.135.82 - - [15/May/2024:09:49:28 +0800] "GET /xingrg/kc/pszx/mdqp_order_list.html?state=10 HTTP/1.1" 200 10459
120.253.135.82 - - [15/May/2024:09:49:28 +0800] "GET /xingrg/dwr/interface/AjaxQqpsService.js HTTP/1.1" 200 16326
120.253.135.82 - - [15/May/2024:09:49:28 +0800] "GET /xingrg/dwr/interface/AjaxReportQueryService.js HTTP/1.1" 200 13203
120.253.135.82 - - [15/May/2024:09:49:28 +0800] "GET /xingrg/dwr/engine.js HTTP/1.1" 200 43631
180.156.239.18 - - [15/May/2024:09:49:30 +0800] "GET /xingrg/all/function/internal_message.html?_=1715737770784&CODE_STATE=getMsg HTTP/1.1" 200 27
180.169.147.146 - - [15/May/2024:09:49:32 +0800] "GET /xingrg/all/function/internal_message.html?_=1715737772609&CODE_STATE=getMsg HTTP/1.1" 200 27
114.83.218.92 - - [15/May/2024:09:49:35 +0800] "GET /xingrg/all/function/internal_message.html?_=1715737772968&CODE_STATE=getMsg HTTP/1.1" 200 27
101.83.144.49 - - [15/May/2024:09:49:36 +0800] "GET /xingrg/all/function/internal_message.html?_=1715737776102&CODE_STATE=getMsg HTTP/1.1" 200 27
120.253.135.82 - - [15/May/2024:09:49:39 +0800] "GET /xingrg/kc/pszx/mdqp_order_list.html?state=10 HTTP/1.1" 200 10459
120.253.135.82 - - [15/May/2024:09:49:39 +0800] "GET /xingrg/dwr/interface/AjaxQqpsService.js HTTP/1.1" 200 16326
120.253.135.82 - - [15/May/2024:09:49:39 +0800] "GET /xingrg/dwr/interface/AjaxReportQueryService.js HTTP/1.1" 200 13203
120.253.135.82 - - [15/May/2024:09:49:39 +0800] "GET /xingrg/dwr/engine.js HTTP/1.1" 200 43631
101.80.230.31 - - [15/May/2024:09:49:39 +0800] "GET /xingrg/all/function/internal_message.html?_=1715737783096&CODE_STATE=getMsg HTTP/1.1" 200 27
114.83.218.92 - - [15/May/2024:09:49:43 +0800] "POST /xingrg/kc/buy/cgsh_order_operate.html HTTP/1.1" 200 12
222.67.233.39 - - [15/May/2024:09:49:46 +0800] "GET /xingrg/all/function/internal_message.html?_=1715737786487&CODE_STATE=getMsg HTTP/1.1" 200 27
222.67.233.39 - - [15/May/2024:09:49:46 +0800] "GET /xingrg/check_reg.html?_=1715737786507 HTTP/1.1" 200 22
101.83.144.49 - - [15/May/2024:09:49:47 +0800] "GET /xingrg/all/function/internal_message.html?_=1715737533957&CODE_STATE=getMsg HTTP/1.1" 200 27
114.83.218.92 - - [15/May/2024:09:49:47 +0800] "GET /xingrg/kc/buy/cgsh_order_info.html?code=212024051504126 HTTP/1.1" 200 69552
114.83.218.92 - - [15/May/2024:09:49:47 +0800] "GET /xingrg/words/20240515093452_words.js HTTP/1.1" 304 -
114.83.218.92 - - [15/May/2024:09:49:48 +0800] "GET /xingrg/javascript/easyui/themes/default/validatebox.css HTTP/1.1" 404 1104
114.83.218.92 - - [15/May/2024:09:49:49 +0800] "POST /xingrg/kc/buy/cgsh_order_operate.html HTTP/1.1" 200 26041
180.156.239.18 - - [15/May/2024:09:49:53 +0800] "POST /xingrg/kc/buy/cgsh_order_operate.html HTTP/1.1" 200 37
120.253.135.82 - - [15/May/2024:09:49:56 +0800] "GET /xingrg/all/function/internal_message.html?_=1715737647050&CODE_STATE=getMsg HTTP/1.1" 200 27
114.83.218.92 - - [15/May/2024:09:49:56 +0800] "GET /xingrg/kc/print/load_config.html?kc_code=cgsh HTTP/1.1" 200 1927
114.83.218.92 - - [15/May/2024:09:49:57 +0800] "GET /xingrg/kc/print/load_data.html?order_code=212024051504126&kc_code=cgsh&condition= HTTP/1.1" 200 10335
180.156.239.18 - - [15/May/2024:09:50:00 +0800] "POST /xingrg/kc/buy/cgsh_order_operate.html HTTP/1.1" 200 12
114.83.218.92 - - [15/May/2024:09:50:03 +0800] "GET /xingrg/kc/buy/cgsh_order_add.html HTTP/1.1" 200 74681
180.156.239.18 - - [15/May/2024:09:50:03 +0800] "GET /xingrg/kc/buy/cgsh_order_info.html?code=212024051504133 HTTP/1.1" 200 69054
114.83.218.92 - - [15/May/2024:09:50:03 +0800] "GET /xingrg/javascript/easyui/themes/default/validatebox.css HTTP/1.1" 404 1104
114.83.218.92 - - [15/May/2024:09:50:03 +0800] "POST /xingrg/kc/buy/cgsh_order_operate.html HTTP/1.1" 200 8245
180.156.239.18 - - [15/May/2024:09:50:03 +0800] "GET /xingrg/javascript/easyui/themes/default/validatebox.css HTTP/1.1" 404 1104
180.156.239.18 - - [15/May/2024:09:50:04 +0800] "POST /xingrg/kc/buy/cgsh_order_operate.html HTTP/1.1" 200 1236
180.156.239.18 - - [15/May/2024:09:50:06 +0800] "GET /xingrg/kc/print/load_data.html?order_code=212024051504133&kc_code=cgsh&condition= HTTP/1.1" 200 954
222.69.134.15 - - [15/May/2024:09:50:07 +0800] "GET /xingrg/all/function/internal_message.html?_=1715737808687&CODE_STATE=getMsg HTTP/1.1" 200 27
180.156.239.18 - - [15/May/2024:09:50:11 +0800] "GET /xingrg/kc/buy/cgsh_order_add.html HTTP/1.1" 200 74191
180.156.239.18 - - [15/May/2024:09:50:11 +0800] "GET /xingrg/words/20240515093452_words.js HTTP/1.1" 304 -
180.156.239.18 - - [15/May/2024:09:50:11 +0800] "POST /xingrg/kc/buy/cgsh_order_operate.html HTTP/1.1" 200 8245
180.156.239.18 - - [15/May/2024:09:50:11 +0800] "GET /xingrg/javascript/easyui/themes/default/validatebox.css HTTP/1.1" 404 1104
61.170.234.181 - - [15/May/2024:09:50:12 +0800] "GET /xingrg/all/function/internal_message.html?_=1715737805577&CODE_STATE=getMsg HTTP/1.1" 200 27
172.20.0.100 - - [15/May/2024:09:50:21 +0800] "GET /xingrg/all/function/internal_message.html?_=1715737820135&CODE_STATE=getMsg HTTP/1.1" 200 27
222.70.183.82 - - [15/May/2024:09:50:21 +0800] "GET /xingrg/all/function/internal_message.html?_=1715737818623&CODE_STATE=getMsg HTTP/1.1" 200 27
180.156.239.18 - - [15/May/2024:09:50:25 +0800] "GET /xingrg/kc/buy/cgsh_order_operate.html?command=get_materiel&rest_code=00151&code=00101038014&supplier_code=00100097&order_time=2024-05-15 HTTP/1.1" 200 456
180.156.239.18 - - [15/May/2024:09:50:26 +0800] "POST /xingrg/all/common/load_select.html HTTP/1.1" 200 25
180.156.239.18 - - [15/May/2024:09:50:30 +0800] "GET /xingrg/all/function/internal_message.html?_=1715737830783&CODE_STATE=getMsg HTTP/1.1" 200 27
180.156.239.18 - - [15/May/2024:09:50:31 +0800] "GET /xingrg/kc/buy/cgsh_order_operate.html?command=get_materiel_price&rest_code=00151&code=00101038014&unit_code=00100036&supplier_code=00100097&order_time=2024-05-15 HTTP/1.1" 200 28
180.169.147.146 - - [15/May/2024:09:50:32 +0800] "GET /xingrg/all/function/internal_message.html?_=1715737832593&CODE_STATE=getMsg HTTP/1.1" 200 27
114.83.218.92 - - [15/May/2024:09:50:35 +0800] "GET /xingrg/all/function/internal_message.html?_=1715737832948&CODE_STATE=getMsg HTTP/1.1" 200 27
101.83.144.49 - - [15/May/2024:09:50:36 +0800] "GET /xingrg/all/function/internal_message.html?_=1715737836103&CODE_STATE=getMsg HTTP/1.1" 200 27
101.80.230.31 - - [15/May/2024:09:50:39 +0800] "GET /xingrg/all/function/internal_message.html?_=1715737843095&CODE_STATE=getMsg HTTP/1.1" 200 27
180.169.147.146 - - [15/May/2024:09:50:43 +0800] "GET /xingrg/check_reg.html?_=1715737843030 HTTP/1.1" 200 22
101.83.144.49 - - [15/May/2024:09:50:46 +0800] "GET /xingrg/check_reg.html?_=1715737592818 HTTP/1.1" 200 22
222.67.233.39 - - [15/May/2024:09:50:46 +0800] "GET /xingrg/all/function/internal_message.html?_=1715737846461&CODE_STATE=getMsg HTTP/1.1" 200 27
101.83.144.49 - - [15/May/2024:09:50:47 +0800] "GET /xingrg/all/function/internal_message.html?_=1715737593928&CODE_STATE=getMsg HTTP/1.1" 200 27
120.253.135.82 - - [15/May/2024:09:50:56 +0800] "GET /xingrg/all/function/internal_message.html?_=1715737707064&CODE_STATE=getMsg HTTP/1.1" 200 27
180.156.239.18 - - [15/May/2024:09:50:56 +0800] "POST /xingrg/kc/buy/cgsh_order_operate.html HTTP/1.1" 200 37
180.156.239.18 - - [15/May/2024:09:51:03 +0800] "POST /xingrg/kc/buy/cgsh_order_operate.html HTTP/1.1" 200 12
180.156.239.18 - - [15/May/2024:09:51:05 +0800] "GET /xingrg/kc/buy/cgsh_order_info.html?code=212024051504134 HTTP/1.1" 200 69054
180.156.239.18 - - [15/May/2024:09:51:05 +0800] "GET /xingrg/javascript/easyui/themes/default/validatebox.css HTTP/1.1" 404 1104
180.156.239.18 - - [15/May/2024:09:51:06 +0800] "POST /xingrg/kc/buy/cgsh_order_operate.html HTTP/1.1" 200 653
222.69.134.15 - - [15/May/2024:09:51:07 +0800] "GET /xingrg/all/function/internal_message.html?_=1715737868700&CODE_STATE=getMsg HTTP/1.1" 200 27
222.69.134.15 - - [15/May/2024:09:51:07 +0800] "GET /xingrg/check_reg.html?_=1715737868703 HTTP/1.1" 200 22
180.156.239.18 - - [15/May/2024:09:51:10 +0800] "GET /xingrg/kc/print/load_data.html?order_code=212024051504134&kc_code=cgsh&condition= HTTP/1.1" 200 736
61.170.234.181 - - [15/May/2024:09:51:12 +0800] "GET /xingrg/all/function/internal_message.html?_=1715737865563&CODE_STATE=getMsg HTTP/1.1" 200 27
61.170.234.181 - - [15/May/2024:09:51:12 +0800] "GET /xingrg/check_reg.html?_=1715737866207 HTTP/1.1" 200 22
172.20.0.100 - - [15/May/2024:09:51:21 +0800] "GET /xingrg/all/function/internal_message.html?_=1715737880136&CODE_STATE=getMsg HTTP/1.1" 200 27
222.70.183.82 - - [15/May/2024:09:51:21 +0800] "GET /xingrg/all/function/internal_message.html?_=1715737878623&CODE_STATE=getMsg HTTP/1.1" 200 27
180.156.239.18 - - [15/May/2024:09:51:30 +0800] "GET /xingrg/all/function/internal_message.html?_=1715737890793&CODE_STATE=getMsg HTTP/1.1" 200 27
180.169.147.146 - - [15/May/2024:09:51:32 +0800] "GET /xingrg/all/function/internal_message.html?_=1715737892576&CODE_STATE=getMsg HTTP/1.1" 200 27
114.83.218.92 - - [15/May/2024:09:51:35 +0800] "GET /xingrg/all/function/internal_message.html?_=1715737892919&CODE_STATE=getMsg HTTP/1.1" 200 27
101.83.144.49 - - [15/May/2024:09:51:36 +0800] "GET /xingrg/all/function/internal_message.html?_=1715737896104&CODE_STATE=getMsg HTTP/1.1" 200 27
101.80.230.31 - - [15/May/2024:09:51:39 +0800] "GET /xingrg/all/function/internal_message.html?_=1715737903095&CODE_STATE=getMsg HTTP/1.1" 200 27
222.67.233.39 - - [15/May/2024:09:51:46 +0800] "GET /xingrg/all/function/internal_message.html?_=1715737906451&CODE_STATE=getMsg HTTP/1.1" 200 27
101.83.144.49 - - [15/May/2024:09:51:47 +0800] "GET /xingrg/all/function/internal_message.html?_=1715737653914&CODE_STATE=getMsg HTTP/1.1" 200 27
120.253.135.82 - - [15/May/2024:09:51:56 +0800] "GET /xingrg/all/function/internal_message.html?_=1715737767124&CODE_STATE=getMsg HTTP/1.1" 200 27
