124.79.240.51 - - [14/May/2024:11:23:27 +0800] "GET /xingrg/kc/buy/cgsh_order_operate.html?command=get_materiel&rest_code=00104&code=00101008010&supplier_code=00100008&order_time=2024-05-14 HTTP/1.1" 200 412
114.89.67.151 - - [14/May/2024:11:23:27 +0800] "GET /xingrg/all/function/internal_message.html?_=1715657007748&CODE_STATE=getMsg HTTP/1.1" 302 -
222.67.233.39 - - [14/May/2024:11:23:31 +0800] "GET /xingrg/all/function/internal_message.html?_=1715657011705&CODE_STATE=getMsg HTTP/1.1" 200 27
124.79.240.51 - - [14/May/2024:11:23:35 +0800] "GET /xingrg/all/function/internal_message.html?_=1715657057099&CODE_STATE=getMsg HTTP/1.1" 200 27
180.164.6.225 - - [14/May/2024:11:23:41 +0800] "GET /xingrg/all/function/internal_message.html?_=1715657020938&CODE_STATE=getMsg HTTP/1.1" 200 27
221.239.170.140 - - [14/May/2024:11:23:47 +0800] "GET /xingrg/all/function/internal_message.html?_=1715657025881&CODE_STATE=getMsg HTTP/1.1" 200 27
101.80.230.31 - - [14/May/2024:11:23:48 +0800] "GET /xingrg/check_reg.html?_=1715657030830 HTTP/1.1" 200 22
101.80.230.31 - - [14/May/2024:11:23:48 +0800] "GET /xingrg/all/function/internal_message.html?_=1715657030841&CODE_STATE=getMsg HTTP/1.1" 200 27
116.235.243.85 - - [14/May/2024:11:23:50 +0800] "GET /xingrg/all/function/internal_message.html?_=1715657036497&CODE_STATE=getMsg HTTP/1.1" 200 27
222.70.183.82 - - [14/May/2024:11:23:58 +0800] "GET /xingrg/all/function/internal_message.html?_=1715657035509&CODE_STATE=getMsg HTTP/1.1" 200 27
116.232.195.13 - - [14/May/2024:11:23:58 +0800] "GET /xingrg/check_reg.html?_=1715657002741 HTTP/1.1" 200 22
116.232.195.13 - - [14/May/2024:11:23:58 +0800] "GET /xingrg/all/function/internal_message.html?_=1715657002746&CODE_STATE=getMsg HTTP/1.1" 200 27
101.83.144.49 - - [14/May/2024:11:24:01 +0800] "GET /xingrg/check_reg.html?_=1715657042355 HTTP/1.1" 200 22
101.83.144.49 - - [14/May/2024:11:24:01 +0800] "GET /xingrg/all/function/internal_message.html?_=1715657042359&CODE_STATE=getMsg HTTP/1.1" 200 27
180.169.147.146 - - [14/May/2024:11:24:03 +0800] "GET /xingrg/all/function/internal_message.html?_=1715657049709&CODE_STATE=getMsg HTTP/1.1" 200 27
222.69.132.151 - - [14/May/2024:11:24:17 +0800] "GET /xingrg/all/function/internal_message.html?_=1715657059075&CODE_STATE=getMsg HTTP/1.1" 200 27
124.78.158.134 - - [14/May/2024:11:24:19 +0800] "GET /xingrg/all/function/internal_message.html?_=1715657053291&CODE_STATE=getMsg HTTP/1.1" 200 27
180.156.239.18 - - [14/May/2024:11:24:20 +0800] "GET /xingrg/all/function/internal_message.html?_=1715657059705&CODE_STATE=getMsg HTTP/1.1" 200 27
116.232.195.13 - - [14/May/2024:11:24:20 +0800] "GET /xingrg/all/function/internal_message.html?_=1715657024802&CODE_STATE=getMsg HTTP/1.1" 200 27
101.83.144.49 - - [14/May/2024:11:24:23 +0800] "GET /xingrg/all/function/internal_message.html?_=1715656809969&CODE_STATE=getMsg HTTP/1.1" 200 27
180.156.239.18 - - [14/May/2024:11:24:26 +0800] "GET /xingrg/all/function/internal_message.html?_=1715657066276&CODE_STATE=getMsg HTTP/1.1" 200 27
114.89.67.151 - - [14/May/2024:11:24:27 +0800] "GET /xingrg/all/function/internal_message.html?_=1715657067729&CODE_STATE=getMsg HTTP/1.1" 302 -
222.67.233.39 - - [14/May/2024:11:24:31 +0800] "GET /xingrg/all/function/internal_message.html?_=1715657071687&CODE_STATE=getMsg HTTP/1.1" 200 27
124.79.240.51 - - [14/May/2024:11:24:35 +0800] "GET /xingrg/all/function/internal_message.html?_=1715657117097&CODE_STATE=getMsg HTTP/1.1" 200 27
180.164.6.225 - - [14/May/2024:11:24:41 +0800] "GET /xingrg/all/function/internal_message.html?_=1715657080914&CODE_STATE=getMsg HTTP/1.1" 200 27
221.239.170.140 - - [14/May/2024:11:24:47 +0800] "GET /xingrg/all/function/internal_message.html?_=1715657085865&CODE_STATE=getMsg HTTP/1.1" 200 27
101.80.230.31 - - [14/May/2024:11:24:48 +0800] "GET /xingrg/all/function/internal_message.html?_=1715657090827&CODE_STATE=getMsg HTTP/1.1" 200 27
116.235.243.85 - - [14/May/2024:11:24:50 +0800] "GET /xingrg/all/function/internal_message.html?_=1715657096508&CODE_STATE=getMsg HTTP/1.1" 200 27
222.70.183.82 - - [14/May/2024:11:24:58 +0800] "GET /xingrg/all/function/internal_message.html?_=1715657095493&CODE_STATE=getMsg HTTP/1.1" 200 27
116.232.195.13 - - [14/May/2024:11:24:58 +0800] "GET /xingrg/all/function/internal_message.html?_=1715657062732&CODE_STATE=getMsg HTTP/1.1" 200 27
222.70.183.82 - - [14/May/2024:11:24:59 +0800] "GET /xingrg/check_reg.html?_=1715657096468 HTTP/1.1" 200 22
101.83.144.49 - - [14/May/2024:11:25:01 +0800] "GET /xingrg/all/function/internal_message.html?_=1715657102345&CODE_STATE=getMsg HTTP/1.1" 200 27
180.169.147.146 - - [14/May/2024:11:25:03 +0800] "GET /xingrg/check_reg.html?_=1715657109702 HTTP/1.1" 200 22
180.169.147.146 - - [14/May/2024:11:25:03 +0800] "GET /xingrg/all/function/internal_message.html?_=1715657109705&CODE_STATE=getMsg HTTP/1.1" 200 27
124.78.158.134 - - [14/May/2024:11:25:12 +0800] "GET /xingrg/kc/buy/cgsh_order_operate.html?command=get_materiel&rest_code=00106&code=00102003182&supplier_code=&order_time=2024-05-14 HTTP/1.1" 200 414
222.69.132.151 - - [14/May/2024:11:25:17 +0800] "GET /xingrg/all/function/internal_message.html?_=1715657119066&CODE_STATE=getMsg HTTP/1.1" 200 27
124.78.158.134 - - [14/May/2024:11:25:19 +0800] "GET /xingrg/all/function/internal_message.html?_=1715657113358&CODE_STATE=getMsg HTTP/1.1" 200 27
180.156.239.18 - - [14/May/2024:11:25:20 +0800] "GET /xingrg/check_reg.html?_=1715657119717 HTTP/1.1" 200 22
180.156.239.18 - - [14/May/2024:11:25:20 +0800] "GET /xingrg/all/function/internal_message.html?_=1715657119709&CODE_STATE=getMsg HTTP/1.1" 200 27
116.232.195.13 - - [14/May/2024:11:25:20 +0800] "GET /xingrg/all/function/internal_message.html?_=1715657084791&CODE_STATE=getMsg HTTP/1.1" 200 27
101.83.144.49 - - [14/May/2024:11:25:23 +0800] "GET /xingrg/all/function/internal_message.html?_=1715656870049&CODE_STATE=getMsg HTTP/1.1" 200 27
180.156.239.18 - - [14/May/2024:11:25:26 +0800] "GET /xingrg/check_reg.html?_=1715657126278 HTTP/1.1" 200 22
180.156.239.18 - - [14/May/2024:11:25:26 +0800] "GET /xingrg/all/function/internal_message.html?_=1715657126275&CODE_STATE=getMsg HTTP/1.1" 200 27
114.89.67.151 - - [14/May/2024:11:25:27 +0800] "GET /xingrg/all/function/internal_message.html?_=1715657127712&CODE_STATE=getMsg HTTP/1.1" 302 -
114.89.67.151 - - [14/May/2024:11:25:28 +0800] "GET /xingrg/check_reg.html?_=1715657128029 HTTP/1.1" 302 -
124.78.158.134 - - [14/May/2024:11:25:31 +0800] "GET /xingrg/kc/buy/cgsh_order_operate.html?command=get_materiel&rest_code=00106&code=00102003557&supplier_code=&order_time=2024-05-14 HTTP/1.1" 200 417
222.67.233.39 - - [14/May/2024:11:25:31 +0800] "GET /xingrg/all/function/internal_message.html?_=1715657131659&CODE_STATE=getMsg HTTP/1.1" 200 27
124.79.240.51 - - [14/May/2024:11:25:35 +0800] "GET /xingrg/all/function/internal_message.html?_=1715657177096&CODE_STATE=getMsg HTTP/1.1" 200 27
180.164.6.225 - - [14/May/2024:11:25:41 +0800] "GET /xingrg/all/function/internal_message.html?_=1715657140893&CODE_STATE=getMsg HTTP/1.1" 200 27
221.239.170.140 - - [14/May/2024:11:25:47 +0800] "GET /xingrg/all/function/internal_message.html?_=1715657145873&CODE_STATE=getMsg HTTP/1.1" 200 27
116.235.243.85 - - [14/May/2024:11:25:48 +0800] "GET /xingrg/check_reg.html?_=1715657154778 HTTP/1.1" 200 22
101.80.230.31 - - [14/May/2024:11:25:48 +0800] "GET /xingrg/all/function/internal_message.html?_=1715657150833&CODE_STATE=getMsg HTTP/1.1" 200 27
124.78.158.134 - - [14/May/2024:11:25:50 +0800] "GET /xingrg/kc/buy/cgsh_order_operate.html?command=get_materiel&rest_code=00106&code=00102003070&supplier_code=&order_time=2024-05-14 HTTP/1.1" 200 418
116.235.243.85 - - [14/May/2024:11:25:50 +0800] "GET /xingrg/all/function/internal_message.html?_=1715657156522&CODE_STATE=getMsg HTTP/1.1" 200 27
222.67.233.39 - - [14/May/2024:11:25:53 +0800] "GET /xingrg/check_reg.html?_=1715657153719 HTTP/1.1" 200 22
116.238.97.31 - - [14/May/2024:11:25:54 +0800] "GET /xingrg/check_reg.html?_=1715657153701 HTTP/1.1" 200 22
222.70.183.82 - - [14/May/2024:11:25:58 +0800] "GET /xingrg/all/function/internal_message.html?_=1715657155468&CODE_STATE=getMsg HTTP/1.1" 200 27
116.232.195.13 - - [14/May/2024:11:25:58 +0800] "GET /xingrg/all/function/internal_message.html?_=1715657122742&CODE_STATE=getMsg HTTP/1.1" 200 27
101.83.144.49 - - [14/May/2024:11:26:01 +0800] "GET /xingrg/all/function/internal_message.html?_=1715657162346&CODE_STATE=getMsg HTTP/1.1" 200 27
180.169.147.146 - - [14/May/2024:11:26:03 +0800] "GET /xingrg/all/function/internal_message.html?_=1715657169705&CODE_STATE=getMsg HTTP/1.1" 200 27
222.69.132.151 - - [14/May/2024:11:26:17 +0800] "GET /xingrg/all/function/internal_message.html?_=1715657179075&CODE_STATE=getMsg HTTP/1.1" 200 27
124.78.158.134 - - [14/May/2024:11:26:19 +0800] "GET /xingrg/all/function/internal_message.html?_=1715657173331&CODE_STATE=getMsg HTTP/1.1" 200 27
180.156.239.18 - - [14/May/2024:11:26:20 +0800] "GET /xingrg/all/function/internal_message.html?_=1715657179718&CODE_STATE=getMsg HTTP/1.1" 200 27
116.232.195.13 - - [14/May/2024:11:26:20 +0800] "GET /xingrg/all/function/internal_message.html?_=1715657144806&CODE_STATE=getMsg HTTP/1.1" 200 27
116.232.195.13 - - [14/May/2024:11:26:20 +0800] "GET /xingrg/check_reg.html?_=1715657144811 HTTP/1.1" 200 22
101.83.144.49 - - [14/May/2024:11:26:23 +0800] "GET /xingrg/check_reg.html?_=1715656930107 HTTP/1.1" 200 22
101.83.144.49 - - [14/May/2024:11:26:23 +0800] "GET /xingrg/all/function/internal_message.html?_=1715656930108&CODE_STATE=getMsg HTTP/1.1" 200 27
180.156.239.18 - - [14/May/2024:11:26:26 +0800] "GET /xingrg/all/function/internal_message.html?_=1715657186268&CODE_STATE=getMsg HTTP/1.1" 200 27
114.89.67.151 - - [14/May/2024:11:26:27 +0800] "GET /xingrg/all/function/internal_message.html?_=1715657187695&CODE_STATE=getMsg HTTP/1.1" 302 -
222.67.233.39 - - [14/May/2024:11:26:31 +0800] "GET /xingrg/all/function/internal_message.html?_=1715657191649&CODE_STATE=getMsg HTTP/1.1" 200 27
124.79.240.51 - - [14/May/2024:11:26:35 +0800] "GET /xingrg/all/function/internal_message.html?_=1715657237094&CODE_STATE=getMsg HTTP/1.1" 200 27
180.164.6.225 - - [14/May/2024:11:26:41 +0800] "GET /xingrg/all/function/internal_message.html?_=1715657200878&CODE_STATE=getMsg HTTP/1.1" 200 27
180.156.239.18 - - [14/May/2024:11:26:46 +0800] "POST /xingrg/all/user/operate.html HTTP/1.1" 200 36
180.156.239.18 - - [14/May/2024:11:26:46 +0800] "GET /xingrg/index.html?sysBaseUrl=http%3A%2F%2F180.169.147.146%3A18081%2Fxingrg%2F&costTime=1133×tamp=1715648458114 HTTP/1.1" 200 17177
180.156.239.18 - - [14/May/2024:11:26:46 +0800] "GET /xingrg/javascript/jquery_easy_ui/themes/default/easyui.css HTTP/1.1" 304 -
180.156.239.18 - - [14/May/2024:11:26:46 +0800] "GET /xingrg/javascript/jquery_easy_ui/themes/icon.css HTTP/1.1" 304 -
180.156.239.18 - - [14/May/2024:11:26:47 +0800] "GET /xingrg/css/form.css HTTP/1.1" 304 -
180.156.239.18 - - [14/May/2024:11:26:47 +0800] "GET /xingrg/javascript/jquery-1.4.2.min.js HTTP/1.1" 304 -
180.156.239.18 - - [14/May/2024:11:26:47 +0800] "GET /xingrg/javascript/jquery_easy_ui/jquery.easyui.min.js HTTP/1.1" 304 -
180.156.239.18 - - [14/May/2024:11:26:47 +0800] "GET /xingrg/javascript/jquery_easy_ui/easyui-lang-zh_CN.js HTTP/1.1" 304 -
180.156.239.18 - - [14/May/2024:11:26:47 +0800] "GET /xingrg/javascript/jquery.form.js HTTP/1.1" 304 -
180.156.239.18 - - [14/May/2024:11:26:47 +0800] "GET /xingrg/javascript/jquery.utils.js HTTP/1.1" 304 -
180.156.239.18 - - [14/May/2024:11:26:47 +0800] "GET /xingrg/javascript/jquery.timers.js HTTP/1.1" 304 -
180.156.239.18 - - [14/May/2024:11:26:47 +0800] "GET /xingrg/images/blue/jxLogo.png HTTP/1.1" 304 -
180.156.239.18 - - [14/May/2024:11:26:47 +0800] "GET /xingrg/javascript/jquery_easy_ui/themes/icons/settle_new.png HTTP/1.1" 304 -
180.156.239.18 - - [14/May/2024:11:26:47 +0800] "GET /xingrg/images/blue/navBackgound.jpg HTTP/1.1" 304 -
180.156.239.18 - - [14/May/2024:11:26:47 +0800] "GET /xingrg/all/function/internal_message.html?_=1715657207257&CODE_STATE=count HTTP/1.1" 200 11
180.156.239.18 - - [14/May/2024:11:26:47 +0800] "GET /xingrg/check_reg.html?_=1715657207257 HTTP/1.1" 200 22
180.156.239.18 - - [14/May/2024:11:26:47 +0800] "GET /xingrg/javascript/jquery_easy_ui/themes/default/images/tabs_leftarrow.png HTTP/1.1" 304 -
180.156.239.18 - - [14/May/2024:11:26:47 +0800] "GET /xingrg/javascript/jquery_easy_ui/themes/default/images/tabs_rightarrow.png HTTP/1.1" 304 -
180.156.239.18 - - [14/May/2024:11:26:47 +0800] "GET /xingrg/javascript/jquery_easy_ui/themes/default/images/panel_tool_collapse.gif HTTP/1.1" 304 -
180.156.239.18 - - [14/May/2024:11:26:47 +0800] "GET /xingrg/images/blue/pingpu.png HTTP/1.1" 304 -
180.156.239.18 - - [14/May/2024:11:26:47 +0800] "POST /xingrg/all/common/load_tree.html?tree=area_rest_tree_json&manage=1 HTTP/1.1" 200 476
180.156.239.18 - - [14/May/2024:11:26:47 +0800] "POST /xingrg/load_menu.html HTTP/1.1" 200 5138
221.239.170.140 - - [14/May/2024:11:26:47 +0800] "GET /xingrg/all/function/internal_message.html?_=1715657205875&CODE_STATE=getMsg HTTP/1.1" 200 27
221.239.170.140 - - [14/May/2024:11:26:47 +0800] "GET /xingrg/check_reg.html?_=1715657205879 HTTP/1.1" 200 22
101.80.230.31 - - [14/May/2024:11:26:48 +0800] "GET /xingrg/all/function/internal_message.html?_=1715657210826&CODE_STATE=getMsg HTTP/1.1" 200 27
116.235.243.85 - - [14/May/2024:11:26:50 +0800] "GET /xingrg/all/function/internal_message.html?_=1715657216535&CODE_STATE=getMsg HTTP/1.1" 200 27
222.70.183.82 - - [14/May/2024:11:26:58 +0800] "GET /xingrg/all/function/internal_message.html?_=1715657215448&CODE_STATE=getMsg HTTP/1.1" 200 27
116.232.195.13 - - [14/May/2024:11:26:58 +0800] "GET /xingrg/all/function/internal_message.html?_=1715657182731&CODE_STATE=getMsg HTTP/1.1" 200 27
120.253.135.82 - - [14/May/2024:11:27:00 +0800] "GET /xingrg/check_reg.html?_=1715657070663 HTTP/1.1" 200 22
101.83.144.49 - - [14/May/2024:11:27:01 +0800] "GET /xingrg/all/function/internal_message.html?_=1715657222347&CODE_STATE=getMsg HTTP/1.1" 200 27
180.169.147.146 - - [14/May/2024:11:27:03 +0800] "GET /xingrg/all/function/internal_message.html?_=1715657229701&CODE_STATE=getMsg HTTP/1.1" 200 27
180.156.239.18 - - [14/May/2024:11:27:07 +0800] "GET /xingrg/kc/mdqp/psth_order_list1.html HTTP/1.1" 200 18233
180.156.239.18 - - [14/May/2024:11:27:07 +0800] "GET /xingrg/javascript/easyui/themes/icons/uncheck_new.png HTTP/1.1" 200 3197
180.156.239.18 - - [14/May/2024:11:27:07 +0800] "POST /xingrg/kc/mdqp/psth_list_operate.html HTTP/1.1" 200 749
180.156.239.18 - - [14/May/2024:11:27:11 +0800] "GET /xingrg/kc/mdqp/psth_order_add1.html HTTP/1.1" 200 25594
180.156.239.18 - - [14/May/2024:11:27:11 +0800] "GET /xingrg/javascript/jquery_tools/jquery-1.4.2.min.js HTTP/1.1" 404 1094
180.156.239.18 - - [14/May/2024:11:27:11 +0800] "GET /xingrg/words/20240514110115_words.js HTTP/1.1" 304 -
180.156.239.18 - - [14/May/2024:11:27:11 +0800] "POST /xingrg/kc/mdqp/psth_order_operate.html HTTP/1.1" 200 6806
180.156.239.18 - - [14/May/2024:11:27:11 +0800] "GET /xingrg/javascript/easyui/themes/default/validatebox.css HTTP/1.1" 404 1104
180.156.239.18 - - [14/May/2024:11:27:11 +0800] "GET /xingrg/all/common/auto_word.html?type=base&rest_code=00151&rest_code=00101 HTTP/1.1" 200 1315
222.69.132.151 - - [14/May/2024:11:27:17 +0800] "GET /xingrg/check_reg.html?_=1715657239068 HTTP/1.1" 200 22
222.69.132.151 - - [14/May/2024:11:27:17 +0800] "GET /xingrg/all/function/internal_message.html?_=1715657239071&CODE_STATE=getMsg HTTP/1.1" 200 27
180.156.239.18 - - [14/May/2024:11:27:17 +0800] "GET /xingrg/javascript/auto/indicator.gif HTTP/1.1" 404 1066
124.78.158.134 - - [14/May/2024:11:27:19 +0800] "GET /xingrg/all/function/internal_message.html?_=1715657233302&CODE_STATE=getMsg HTTP/1.1" 200 27
180.156.239.18 - - [14/May/2024:11:27:20 +0800] "GET /xingrg/all/function/internal_message.html?_=1715657239710&CODE_STATE=getMsg HTTP/1.1" 200 27
116.232.195.13 - - [14/May/2024:11:27:20 +0800] "GET /xingrg/all/function/internal_message.html?_=1715657204809&CODE_STATE=getMsg HTTP/1.1" 200 27
101.83.144.49 - - [14/May/2024:11:27:23 +0800] "GET /xingrg/all/function/internal_message.html?_=1715656990138&CODE_STATE=getMsg HTTP/1.1" 200 27
114.89.67.151 - - [14/May/2024:11:27:27 +0800] "GET /xingrg/all/function/internal_message.html?_=1715657247689&CODE_STATE=getMsg HTTP/1.1" 302 -
114.89.67.151 - - [14/May/2024:11:27:31 +0800] "POST /xingrg/kc/buy/cgsh_list_operate.html HTTP/1.1" 302 -
114.89.67.151 - - [14/May/2024:11:27:31 +0800] "GET /xingrg/kc/buy/images/blue/login_bg.png HTTP/1.1" 404 1070
114.89.67.151 - - [14/May/2024:11:27:31 +0800] "GET /xingrg/kc/buy/images/blue/hj.png HTTP/1.1" 404 1058
114.89.67.151 - - [14/May/2024:11:27:31 +0800] "GET /xingrg/kc/buy/images/blue/srbg.png HTTP/1.1" 404 1062
222.67.233.39 - - [14/May/2024:11:27:31 +0800] "GET /xingrg/all/function/internal_message.html?_=1715657251634&CODE_STATE=getMsg HTTP/1.1" 200 27
124.79.240.51 - - [14/May/2024:11:27:35 +0800] "GET /xingrg/all/function/internal_message.html?_=1715657297094&CODE_STATE=getMsg HTTP/1.1" 200 27
124.79.240.51 - - [14/May/2024:11:27:35 +0800] "GET /xingrg/check_reg.html?_=1715657297093 HTTP/1.1" 200 22
180.156.239.18 - - [14/May/2024:11:27:36 +0800] "GET /xingrg/kc/mdqp/psth_order_operate.html?command=get_materiel&base_code=0010645&rest_code=00151&code=00101037286 HTTP/1.1" 200 457
180.164.6.225 - - [14/May/2024:11:27:41 +0800] "GET /xingrg/all/function/internal_message.html?_=1715657260853&CODE_STATE=getMsg HTTP/1.1" 200 27
180.156.239.18 - - [14/May/2024:11:27:41 +0800] "GET /xingrg/kc/mdqp/psth_order_operate.html?command=get_materiel&base_code=0010645&rest_code=00151&code=00101037285 HTTP/1.1" 200 457
221.239.170.140 - - [14/May/2024:11:27:47 +0800] "GET /xingrg/all/function/internal_message.html?_=1715657265881&CODE_STATE=getMsg HTTP/1.1" 200 27
101.80.230.31 - - [14/May/2024:11:27:48 +0800] "GET /xingrg/all/function/internal_message.html?_=1715657270834&CODE_STATE=getMsg HTTP/1.1" 200 27
180.156.239.18 - - [14/May/2024:11:27:49 +0800] "POST /xingrg/kc/mdqp/psth_order_operate.html HTTP/1.1" 200 37
116.235.243.85 - - [14/May/2024:11:27:50 +0800] "GET /xingrg/all/function/internal_message.html?_=1715657276549&CODE_STATE=getMsg HTTP/1.1" 200 27
180.156.239.18 - - [14/May/2024:11:27:50 +0800] "POST /xingrg/kc/mdqp/psth_order_operate.html HTTP/1.1" 200 2692
180.156.239.18 - - [14/May/2024:11:27:55 +0800] "POST /xingrg/kc/mdqp/psth_order_operate.html HTTP/1.1" 200 12
180.156.239.18 - - [14/May/2024:11:27:57 +0800] "GET /xingrg/kc/mdqp/psth_order_info1.html?code=322024051400006 HTTP/1.1" 200 22696
180.156.239.18 - - [14/May/2024:11:27:57 +0800] "GET /xingrg/javascript/jquery_tools/jquery-1.4.2.min.js HTTP/1.1" 404 1094
180.156.239.18 - - [14/May/2024:11:27:57 +0800] "GET /xingrg/javascript/easyui/themes/default/validatebox.css HTTP/1.1" 404 1104
180.156.239.18 - - [14/May/2024:11:27:57 +0800] "POST /xingrg/kc/mdqp/psth_order_operate.html HTTP/1.1" 200 989
222.70.183.82 - - [14/May/2024:11:27:57 +0800] "GET /xingrg/all/function/internal_message.html?_=1715657275417&CODE_STATE=getMsg HTTP/1.1" 200 27
116.232.195.13 - - [14/May/2024:11:27:58 +0800] "GET /xingrg/all/function/internal_message.html?_=1715657242740&CODE_STATE=getMsg HTTP/1.1" 200 27
180.164.6.225 - - [14/May/2024:11:28:00 +0800] "GET /xingrg/check_reg.html?_=1715657280344 HTTP/1.1" 200 22
101.83.144.49 - - [14/May/2024:11:28:01 +0800] "GET /xingrg/all/function/internal_message.html?_=1715657282348&CODE_STATE=getMsg HTTP/1.1" 200 27
180.169.147.146 - - [14/May/2024:11:28:03 +0800] "GET /xingrg/all/function/internal_message.html?_=1715657289700&CODE_STATE=getMsg HTTP/1.1" 200 27
180.156.239.18 - - [14/May/2024:11:28:04 +0800] "GET /xingrg/kc/mdqp/qqps_order_list.html HTTP/1.1" 200 9222
180.156.239.18 - - [14/May/2024:11:28:04 +0800] "GET /xingrg/dwr/interface/AjaxQqpsService.js HTTP/1.1" 200 16326
180.156.239.18 - - [14/May/2024:11:28:04 +0800] "GET /xingrg/dwr/interface/AjaxReportQueryService.js HTTP/1.1" 200 13203
180.156.239.18 - - [14/May/2024:11:28:04 +0800] "GET /xingrg/dwr/engine.js HTTP/1.1" 200 43631
180.156.239.18 - - [14/May/2024:11:28:04 +0800] "GET /xingrg/javascript/ToolTips.js HTTP/1.1" 200 5615
180.156.239.18 - - [14/May/2024:11:28:04 +0800] "GET /xingrg/javascript/jquery_easy_ui/themes/icons/uncheck_new.png HTTP/1.1" 200 3197
180.156.239.18 - - [14/May/2024:11:28:04 +0800] "GET /xingrg/javascript/jquery_easy_ui/themes/icons/cance_new.png HTTP/1.1" 200 3986
180.156.239.18 - - [14/May/2024:11:28:04 +0800] "GET /xingrg/javascript/jquery_easy_ui/themes/icons/edit_add_new.png HTTP/1.1" 200 2997
180.156.239.18 - - [14/May/2024:11:28:04 +0800] "GET /xingrg/javascript/jquery_easy_ui/themes/icons/check_new.png HTTP/1.1" 200 3224
180.156.239.18 - - [14/May/2024:11:28:05 +0800] "GET /xingrg/javascript/jquery_easy_ui/themes/default/images/button_plain_hover.png HTTP/1.1" 200 252
114.89.67.151 - - [14/May/2024:11:28:05 +0800] "GET /xingrg/kc/buy/buy_main.html HTTP/1.1" 302 -
114.89.67.151 - - [14/May/2024:11:28:05 +0800] "GET /xingrg/login.html HTTP/1.1" 200 7641
114.89.67.151 - - [14/May/2024:11:28:05 +0800] "GET /xingrg/login.html HTTP/1.1" 200 7641
114.89.67.151 - - [14/May/2024:11:28:05 +0800] "GET /favicon.ico HTTP/1.1" 404 -
180.156.239.18 - - [14/May/2024:11:28:05 +0800] "GET /xingrg/kc/mdqp/qqps_order_add.html HTTP/1.1" 200 27576
180.156.239.18 - - [14/May/2024:11:28:05 +0800] "GET /xingrg/javascript/tools/jquery.qtip-1.0.0-rc3.min.js HTTP/1.1" 200 38404
180.156.239.18 - - [14/May/2024:11:28:05 +0800] "GET /xingrg/dwr/interface/AjaxComOrderService.js HTTP/1.1" 200 18264
180.156.239.18 - - [14/May/2024:11:28:05 +0800] "GET /xingrg/dwr/interface/AjaxQqpsService.js HTTP/1.1" 200 16326
180.156.239.18 - - [14/May/2024:11:28:05 +0800] "GET /xingrg/dwr/engine.js HTTP/1.1" 200 43631
180.156.239.18 - - [14/May/2024:11:28:05 +0800] "GET /xingrg/javascript/Grid.js HTTP/1.1" 200 58908
180.156.239.18 - - [14/May/2024:11:28:05 +0800] "GET /xingrg/javascript/AjaxInfoList.js HTTP/1.1" 200 3774
180.156.239.18 - - [14/May/2024:11:28:05 +0800] "GET /xingrg/javascript/jquery_easy_ui/themes/icons/template_new.png HTTP/1.1" 200 3956
180.156.239.18 - - [14/May/2024:11:28:05 +0800] "GET /xingrg/javascript/jquery_easy_ui/themes/icons/copy_new.png HTTP/1.1" 200 815
180.156.239.18 - - [14/May/2024:11:28:06 +0800] "GET /xingrg/images/blue/button/kc_tab_add.gif HTTP/1.1" 200 375
180.156.239.18 - - [14/May/2024:11:28:06 +0800] "GET /xingrg/images/blue/button/kc_tab_del.gif HTTP/1.1" 200 383
180.156.239.18 - - [14/May/2024:11:28:06 +0800] "GET /xingrg/images/blue/button/kc_tab_save.gif HTTP/1.1" 200 777
180.156.239.18 - - [14/May/2024:11:28:06 +0800] "GET /xingrg/images/blue/button/kc_tab_edit.gif HTTP/1.1" 200 551
180.156.239.18 - - [14/May/2024:11:28:06 +0800] "GET /xingrg/images/blue/kc_tab2_left.gif HTTP/1.1" 200 625
180.156.239.18 - - [14/May/2024:11:28:06 +0800] "GET /xingrg/images/blue/kc_tab_left.gif HTTP/1.1" 200 188
180.156.239.18 - - [14/May/2024:11:28:06 +0800] "GET /xingrg/images/blue/kc_tab_mid.gif HTTP/1.1" 200 44
180.156.239.18 - - [14/May/2024:11:28:06 +0800] "GET /xingrg/images/blue/kc_tab2_right.gif HTTP/1.1" 200 192
180.156.239.18 - - [14/May/2024:11:28:06 +0800] "GET /xingrg/images/blue/kc_tab_right.gif HTTP/1.1" 200 643
114.89.67.151 - - [14/May/2024:11:28:07 +0800] "POST /xingrg/login.do HTTP/1.1" 302 -
114.89.67.151 - - [14/May/2024:11:28:07 +0800] "GET /xingrg/index.html?sysBaseUrl=http%3A%2F%2F180.169.147.146%3A18081%2Fxingrg%2F&costTime=823×tamp=1715657287534 HTTP/1.1" 200 17177
114.89.67.151 - - [14/May/2024:11:28:07 +0800] "GET /favicon.ico HTTP/1.1" 404 -
114.89.67.151 - - [14/May/2024:11:28:07 +0800] "GET /xingrg/check_reg.html?_=1715657287671 HTTP/1.1" 200 22
114.89.67.151 - - [14/May/2024:11:28:07 +0800] "GET /xingrg/all/function/internal_message.html?_=1715657287670&CODE_STATE=count HTTP/1.1" 200 11
114.89.67.151 - - [14/May/2024:11:28:07 +0800] "POST /xingrg/all/common/load_tree.html?tree=area_rest_tree_json&manage=1 HTTP/1.1" 200 601
114.89.67.151 - - [14/May/2024:11:28:07 +0800] "POST /xingrg/load_menu.html HTTP/1.1" 200 5138
114.89.67.151 - - [14/May/2024:11:28:12 +0800] "GET /xingrg/kc/buy/buy_main.html HTTP/1.1" 200 12412
114.89.67.151 - - [14/May/2024:11:28:12 +0800] "GET /xingrg/css/new_ie.css HTTP/1.1" 404 1036
114.89.67.151 - - [14/May/2024:11:28:12 +0800] "GET /xingrg/images/yd/bt.gif HTTP/1.1" 404 1040
114.89.67.151 - - [14/May/2024:11:28:13 +0800] "GET /xingrg/kc/buy/cgsh_order_list.html HTTP/1.1" 200 58784
114.89.67.151 - - [14/May/2024:11:28:16 +0800] "POST /xingrg/kc/buy/cgsh_list_operate.html HTTP/1.1" 200 645
222.69.132.151 - - [14/May/2024:11:28:17 +0800] "GET /xingrg/all/function/internal_message.html?_=1715657299076&CODE_STATE=getMsg HTTP/1.1" 200 27
180.156.239.18 - - [14/May/2024:11:28:17 +0800] "GET /xingrg/images/blue/wait.gif HTTP/1.1" 200 1100
124.78.158.134 - - [14/May/2024:11:28:17 +0800] "GET /xingrg/check_reg.html?_=1715657291900 HTTP/1.1" 200 22
114.89.67.151 - - [14/May/2024:11:28:18 +0800] "GET /xingrg/javascript/jquery_tools/images/prev.gif HTTP/1.1" 404 1086
114.89.67.151 - - [14/May/2024:11:28:18 +0800] "GET /xingrg/javascript/jquery_tools/images/next.gif HTTP/1.1" 404 1086
180.156.239.18 - - [14/May/2024:11:28:18 +0800] "POST /xingrg/dwr/call/plaincall/AjaxQqpsService.saveOrder.dwr HTTP/1.1" 200 78
124.78.158.134 - - [14/May/2024:11:28:19 +0800] "GET /xingrg/all/function/internal_message.html?_=1715657293280&CODE_STATE=getMsg HTTP/1.1" 200 27
180.156.239.18 - - [14/May/2024:11:28:20 +0800] "GET /xingrg/all/function/internal_message.html?_=1715657299709&CODE_STATE=getMsg HTTP/1.1" 200 27
116.232.195.13 - - [14/May/2024:11:28:20 +0800] "GET /xingrg/all/function/internal_message.html?_=1715657264806&CODE_STATE=getMsg HTTP/1.1" 200 27
101.83.144.49 - - [14/May/2024:11:28:23 +0800] "GET /xingrg/all/function/internal_message.html?_=1715657050218&CODE_STATE=getMsg HTTP/1.1" 200 27
222.69.130.233 - - [14/May/2024:11:28:24 +0800] "GET /xingrg/check_reg.html?_=1715657302432 HTTP/1.1" 200 22
114.89.67.151 - - [14/May/2024:11:28:29 +0800] "GET /xingrg/javascript/auto/indicator.gif HTTP/1.1" 404 1066
222.67.233.39 - - [14/May/2024:11:28:31 +0800] "GET /xingrg/all/function/internal_message.html?_=1715657311617&CODE_STATE=getMsg HTTP/1.1" 200 27
124.79.240.51 - - [14/May/2024:11:28:35 +0800] "GET /xingrg/all/function/internal_message.html?_=1715657357092&CODE_STATE=getMsg HTTP/1.1" 200 27
114.89.67.151 - - [14/May/2024:11:28:36 +0800] "POST /xingrg/kc/buy/cgsh_list_operate.html HTTP/1.1" 200 4183
180.164.6.225 - - [14/May/2024:11:28:41 +0800] "GET /xingrg/all/function/internal_message.html?_=1715657320838&CODE_STATE=getMsg HTTP/1.1" 200 27
180.156.239.18 - - [14/May/2024:11:28:43 +0800] "POST /xingrg/dwr/call/plaincall/AjaxQqpsService.getMaterielByCode.dwr HTTP/1.1" 200 2239
180.156.239.18 - - [14/May/2024:11:28:46 +0800] "POST /xingrg/dwr/call/plaincall/AjaxQqpsService.saveMaterielItem.dwr HTTP/1.1" 200 78
180.156.239.18 - - [14/May/2024:11:28:47 +0800] "GET /xingrg/all/function/internal_message.html?_=1715657327288&CODE_STATE=getMsg HTTP/1.1" 200 27
221.239.170.140 - - [14/May/2024:11:28:47 +0800] "GET /xingrg/all/function/internal_message.html?_=1715657325881&CODE_STATE=getMsg HTTP/1.1" 200 27
101.80.230.31 - - [14/May/2024:11:28:48 +0800] "GET /xingrg/check_reg.html?_=1715657330841 HTTP/1.1" 200 22
101.80.230.31 - - [14/May/2024:11:28:48 +0800] "GET /xingrg/all/function/internal_message.html?_=1715657330849&CODE_STATE=getMsg HTTP/1.1" 200 27
116.235.243.85 - - [14/May/2024:11:28:50 +0800] "GET /xingrg/all/function/internal_message.html?_=1715657336564&CODE_STATE=getMsg HTTP/1.1" 200 27
222.70.183.82 - - [14/May/2024:11:28:57 +0800] "GET /xingrg/all/function/internal_message.html?_=1715657335400&CODE_STATE=getMsg HTTP/1.1" 200 27
116.232.195.13 - - [14/May/2024:11:28:58 +0800] "GET /xingrg/all/function/internal_message.html?_=1715657302738&CODE_STATE=getMsg HTTP/1.1" 200 27
116.232.195.13 - - [14/May/2024:11:28:58 +0800] "GET /xingrg/check_reg.html?_=1715657302740 HTTP/1.1" 200 22
101.83.144.49 - - [14/May/2024:11:29:01 +0800] "GET /xingrg/all/function/internal_message.html?_=1715657342350&CODE_STATE=getMsg HTTP/1.1" 200 27
101.83.144.49 - - [14/May/2024:11:29:01 +0800] "GET /xingrg/check_reg.html?_=1715657342353 HTTP/1.1" 200 22
180.169.147.146 - - [14/May/2024:11:29:03 +0800] "GET /xingrg/all/function/internal_message.html?_=1715657349701&CODE_STATE=getMsg HTTP/1.1" 200 27
180.156.239.18 - - [14/May/2024:11:29:05 +0800] "POST /xingrg/dwr/call/plaincall/AjaxQqpsService.getMaterielByCode.dwr HTTP/1.1" 200 2239
114.89.67.151 - - [14/May/2024:11:29:06 +0800] "POST /xingrg/kc/buy/cgsh_list_operate.html HTTP/1.1" 200 633
114.89.67.151 - - [14/May/2024:11:29:07 +0800] "GET /xingrg/all/function/internal_message.html?_=1715657347672&CODE_STATE=getMsg HTTP/1.1" 200 27
180.156.239.18 - - [14/May/2024:11:29:07 +0800] "POST /xingrg/dwr/call/plaincall/AjaxQqpsService.saveMaterielItem.dwr HTTP/1.1" 200 78
114.89.67.151 - - [14/May/2024:11:29:09 +0800] "POST /xingrg/kc/buy/cgsh_list_operate.html HTTP/1.1" 200 576
180.156.239.18 - - [14/May/2024:11:29:14 +0800] "POST /xingrg/dwr/call/plaincall/AjaxQqpsService.checkOrder.dwr HTTP/1.1" 200 78
114.89.67.151 - - [14/May/2024:11:29:14 +0800] "GET /xingrg/kc/buy/cgsh_order_info.html?code=212024042607436 HTTP/1.1" 200 68414
114.89.67.151 - - [14/May/2024:11:29:14 +0800] "GET /xingrg/words/20240514110115_words.js HTTP/1.1" 200 1024190
114.89.67.151 - - [14/May/2024:11:29:15 +0800] "GET /xingrg/javascript/easyui/themes/default/validatebox.css HTTP/1.1" 404 1104
180.156.239.18 - - [14/May/2024:11:29:15 +0800] "GET /xingrg/kc/mdqp/qqps_order_info.html?code=302024051400194 HTTP/1.1" 200 25979
180.156.239.18 - - [14/May/2024:11:29:15 +0800] "GET /xingrg/dwr/interface/AjaxComOrderService.js HTTP/1.1" 200 18264
180.156.239.18 - - [14/May/2024:11:29:15 +0800] "GET /xingrg/dwr/interface/AjaxQqpsService.js HTTP/1.1" 200 16326
180.156.239.18 - - [14/May/2024:11:29:15 +0800] "GET /xingrg/dwr/engine.js HTTP/1.1" 200 43631
114.89.67.151 - - [14/May/2024:11:29:16 +0800] "POST /xingrg/kc/buy/cgsh_order_operate.html HTTP/1.1" 200 19607
180.156.239.18 - - [14/May/2024:11:29:17 +0800] "POST /xingrg/dwr/call/plaincall/AjaxQqpsService.loadMaterielItems.dwr HTTP/1.1" 200 653
222.69.132.151 - - [14/May/2024:11:29:17 +0800] "GET /xingrg/all/function/internal_message.html?_=1715657359070&CODE_STATE=getMsg HTTP/1.1" 200 27
124.78.158.134 - - [14/May/2024:11:29:19 +0800] "GET /xingrg/all/function/internal_message.html?_=1715657353267&CODE_STATE=getMsg HTTP/1.1" 200 27
180.156.239.18 - - [14/May/2024:11:29:20 +0800] "GET /xingrg/all/function/internal_message.html?_=1715657359702&CODE_STATE=getMsg HTTP/1.1" 200 27
116.232.195.13 - - [14/May/2024:11:29:20 +0800] "GET /xingrg/all/function/internal_message.html?_=1715657324795&CODE_STATE=getMsg HTTP/1.1" 200 27
101.83.144.49 - - [14/May/2024:11:29:23 +0800] "GET /xingrg/all/function/internal_message.html?_=1715657110255&CODE_STATE=getMsg HTTP/1.1" 200 27
222.67.233.39 - - [14/May/2024:11:29:31 +0800] "GET /xingrg/all/function/internal_message.html?_=1715657371599&CODE_STATE=getMsg HTTP/1.1" 200 27
114.89.67.151 - - [14/May/2024:11:29:33 +0800] "POST /xingrg/kc/buy/cgsh_list_operate.html HTTP/1.1" 200 365
124.79.240.51 - - [14/May/2024:11:29:35 +0800] "GET /xingrg/all/function/internal_message.html?_=1715657417116&CODE_STATE=getMsg HTTP/1.1" 200 27
114.89.67.151 - - [14/May/2024:11:29:36 +0800] "POST /xingrg/kc/buy/cgsh_list_operate.html HTTP/1.1" 200 284
114.89.67.151 - - [14/May/2024:11:29:39 +0800] "POST /xingrg/kc/buy/cgsh_list_operate.html HTTP/1.1" 200 368
180.164.6.225 - - [14/May/2024:11:29:41 +0800] "GET /xingrg/all/function/internal_message.html?_=1715657380819&CODE_STATE=getMsg HTTP/1.1" 200 27
180.156.239.18 - - [14/May/2024:11:29:47 +0800] "GET /xingrg/all/function/internal_message.html?_=1715657387272&CODE_STATE=getMsg HTTP/1.1" 200 27
221.239.170.140 - - [14/May/2024:11:29:47 +0800] "GET /xingrg/all/function/internal_message.html?_=1715657385877&CODE_STATE=getMsg HTTP/1.1" 200 27
101.80.230.31 - - [14/May/2024:11:29:48 +0800] "GET /xingrg/all/function/internal_message.html?_=1715657390861&CODE_STATE=getMsg HTTP/1.1" 200 27
114.89.67.151 - - [14/May/2024:11:29:49 +0800] "POST /xingrg/kc/buy/cgsh_list_operate.html HTTP/1.1" 200 3024
116.235.243.85 - - [14/May/2024:11:29:50 +0800] "GET /xingrg/all/function/internal_message.html?_=1715657396576&CODE_STATE=getMsg HTTP/1.1" 200 27
114.89.67.151 - - [14/May/2024:11:29:54 +0800] "POST /xingrg/kc/buy/cgsh_list_operate.html HTTP/1.1" 200 358
114.89.67.151 - - [14/May/2024:11:29:57 +0800] "POST /xingrg/kc/buy/cgsh_list_operate.html HTTP/1.1" 200 576
222.70.183.82 - - [14/May/2024:11:29:57 +0800] "GET /xingrg/all/function/internal_message.html?_=1715657395373&CODE_STATE=getMsg HTTP/1.1" 200 27
180.156.239.18 - - [14/May/2024:11:29:58 +0800] "GET /xingrg/images/yd/bt.gif HTTP/1.1" 404 1040
180.156.239.18 - - [14/May/2024:11:29:58 +0800] "GET /xingrg/images/yd/bt2.gif HTTP/1.1" 404 1042
116.232.195.13 - - [14/May/2024:11:29:58 +0800] "GET /xingrg/all/function/internal_message.html?_=1715657362741&CODE_STATE=getMsg HTTP/1.1" 200 27
222.70.183.82 - - [14/May/2024:11:29:59 +0800] "GET /xingrg/check_reg.html?_=1715657396454 HTTP/1.1" 200 22
114.89.67.151 - - [14/May/2024:11:30:00 +0800] "POST /xingrg/kc/buy/cgsh_list_operate.html HTTP/1.1" 200 570
101.83.144.49 - - [14/May/2024:11:30:01 +0800] "GET /xingrg/all/function/internal_message.html?_=1715657402353&CODE_STATE=getMsg HTTP/1.1" 200 27
180.169.147.146 - - [14/May/2024:11:30:03 +0800] "GET /xingrg/all/function/internal_message.html?_=1715657409727&CODE_STATE=getMsg HTTP/1.1" 200 27
180.169.147.146 - - [14/May/2024:11:30:03 +0800] "GET /xingrg/check_reg.html?_=1715657409729 HTTP/1.1" 200 22
180.156.239.18 - - [14/May/2024:11:30:04 +0800] "GET /xingrg/kc/buy/cgsh_order_list.html HTTP/1.1" 200 58784
114.89.67.151 - - [14/May/2024:11:30:04 +0800] "GET /xingrg/kc/buy/cgsh_order_info.html?code=212024041102824 HTTP/1.1" 200 68414
114.89.67.151 - - [14/May/2024:11:30:04 +0800] "GET /xingrg/javascript/easyui/themes/default/validatebox.css HTTP/1.1" 404 1104
114.89.67.151 - - [14/May/2024:11:30:06 +0800] "POST /xingrg/kc/buy/cgsh_order_operate.html HTTP/1.1" 200 3555
180.156.239.18 - - [14/May/2024:11:30:07 +0800] "POST /xingrg/kc/buy/cgsh_list_operate.html HTTP/1.1" 200 645
114.89.67.151 - - [14/May/2024:11:30:07 +0800] "GET /xingrg/all/function/internal_message.html?_=1715657407680&CODE_STATE=getMsg HTTP/1.1" 200 27
180.156.239.18 - - [14/May/2024:11:30:08 +0800] "GET /xingrg/kc/buy/cgsh_order_add.html HTTP/1.1" 200 74191
180.156.239.18 - - [14/May/2024:11:30:09 +0800] "GET /xingrg/words/20240514110115_words.js HTTP/1.1" 304 -
180.156.239.18 - - [14/May/2024:11:30:09 +0800] "POST /xingrg/kc/buy/cgsh_order_operate.html HTTP/1.1" 200 8245
180.156.239.18 - - [14/May/2024:11:30:09 +0800] "GET /xingrg/javascript/easyui/themes/default/validatebox.css HTTP/1.1" 404 1104
114.89.67.151 - - [14/May/2024:11:30:13 +0800] "POST /xingrg/kc/buy/cgsh_list_operate.html HTTP/1.1" 200 3024
114.89.67.151 - - [14/May/2024:11:30:15 +0800] "POST /xingrg/kc/buy/cgsh_list_operate.html HTTP/1.1" 200 202
222.69.132.151 - - [14/May/2024:11:30:17 +0800] "GET /xingrg/all/function/internal_message.html?_=1715657419077&CODE_STATE=getMsg HTTP/1.1" 200 27
114.89.67.151 - - [14/May/2024:11:30:18 +0800] "POST /xingrg/kc/buy/cgsh_list_operate.html HTTP/1.1" 200 576
124.78.158.134 - - [14/May/2024:11:30:19 +0800] "GET /xingrg/all/function/internal_message.html?_=1715657413237&CODE_STATE=getMsg HTTP/1.1" 200 27
114.89.67.151 - - [14/May/2024:11:30:19 +0800] "POST /xingrg/kc/buy/cgsh_list_operate.html HTTP/1.1" 200 621
180.156.239.18 - - [14/May/2024:11:30:20 +0800] "GET /xingrg/all/function/internal_message.html?_=1715657419716&CODE_STATE=getMsg HTTP/1.1" 200 27
180.156.239.18 - - [14/May/2024:11:30:20 +0800] "GET /xingrg/check_reg.html?_=1715657419720 HTTP/1.1" 200 22
116.232.195.13 - - [14/May/2024:11:30:20 +0800] "GET /xingrg/all/function/internal_message.html?_=1715657384805&CODE_STATE=getMsg HTTP/1.1" 200 27
101.83.144.49 - - [14/May/2024:11:30:23 +0800] "GET /xingrg/all/function/internal_message.html?_=1715657170282&CODE_STATE=getMsg HTTP/1.1" 200 27
180.156.239.18 - - [14/May/2024:11:30:23 +0800] "GET /xingrg/kc/buy/cgsh_order_operate.html?command=get_materiel&rest_code=00151&code=00101029051&supplier_code=00100264&order_time=2024-05-14 HTTP/1.1" 200 413
114.89.67.151 - - [14/May/2024:11:30:23 +0800] "GET /xingrg/kc/buy/cgsh_order_info.html?code=212024041102825 HTTP/1.1" 200 68414
114.89.67.151 - - [14/May/2024:11:30:24 +0800] "GET /xingrg/javascript/easyui/themes/default/validatebox.css HTTP/1.1" 404 1104
114.89.67.151 - - [14/May/2024:11:30:25 +0800] "POST /xingrg/kc/buy/cgsh_order_operate.html HTTP/1.1" 200 35227
124.78.158.134 - - [14/May/2024:11:30:29 +0800] "GET /xingrg/kc/buy/cgsh_order_info.html?code=212024051403827 HTTP/1.1" 200 74571
124.78.158.134 - - [14/May/2024:11:30:29 +0800] "GET /xingrg/words/20240514110115_words.js HTTP/1.1" 304 -
124.78.158.134 - - [14/May/2024:11:30:29 +0800] "GET /xingrg/javascript/easyui/themes/default/validatebox.css HTTP/1.1" 404 1104
180.164.6.225 - - [14/May/2024:11:30:30 +0800] "GET /xingrg/kc/buy/cgsh_order_add.html HTTP/1.1" 200 74685
180.164.6.225 - - [14/May/2024:11:30:30 +0800] "GET /xingrg/words/20240514110115_words.js HTTP/1.1" 200 1024190
180.164.6.225 - - [14/May/2024:11:30:30 +0800] "POST /xingrg/kc/buy/cgsh_order_operate.html HTTP/1.1" 200 8245
180.164.6.225 - - [14/May/2024:11:30:30 +0800] "GET /xingrg/javascript/easyui/themes/default/validatebox.css HTTP/1.1" 404 1104
124.78.158.134 - - [14/May/2024:11:30:31 +0800] "POST /xingrg/kc/buy/cgsh_order_operate.html HTTP/1.1" 200 23350
222.67.233.39 - - [14/May/2024:11:30:31 +0800] "GET /xingrg/all/function/internal_message.html?_=1715657431582&CODE_STATE=getMsg HTTP/1.1" 200 27
180.156.239.18 - - [14/May/2024:11:30:35 +0800] "GET /xingrg/kc/buy/cgsh_order_operate.html?command=get_materiel&rest_code=00151&code=00101029054&supplier_code=00100264&order_time=2024-05-14 HTTP/1.1" 200 413
124.79.240.51 - - [14/May/2024:11:30:35 +0800] "GET /xingrg/all/function/internal_message.html?_=1715657477114&CODE_STATE=getMsg HTTP/1.1" 200 27
124.78.158.134 - - [14/May/2024:11:30:36 +0800] "POST /xingrg/kc/buy/cgsh_order_operate.html HTTP/1.1" 200 37
180.164.6.225 - - [14/May/2024:11:30:41 +0800] "GET /xingrg/all/function/internal_message.html?_=1715657440789&CODE_STATE=getMsg HTTP/1.1" 200 27
180.164.6.225 - - [14/May/2024:11:30:41 +0800] "GET /xingrg/kc/buy/cgsh_order_operate.html?command=get_materiel&rest_code=00108&code=00101023022&supplier_code=00100036&order_time=2024-05-14 HTTP/1.1" 200 406
180.156.239.18 - - [14/May/2024:11:30:44 +0800] "GET /xingrg/kc/buy/cgsh_order_operate.html?command=get_materiel&rest_code=00151&code=00101029056&supplier_code=00100264&order_time=2024-05-14 HTTP/1.1" 200 413
124.78.158.134 - - [14/May/2024:11:30:46 +0800] "POST /xingrg/kc/buy/cgsh_order_operate.html HTTP/1.1" 200 12
180.156.239.18 - - [14/May/2024:11:30:47 +0800] "GET /xingrg/all/function/internal_message.html?_=1715657447244&CODE_STATE=getMsg HTTP/1.1" 200 27
221.239.170.140 - - [14/May/2024:11:30:47 +0800] "GET /xingrg/all/function/internal_message.html?_=1715657445880&CODE_STATE=getMsg HTTP/1.1" 200 27
124.78.158.134 - - [14/May/2024:11:30:48 +0800] "GET /xingrg/kc/buy/cgsh_order_info.html?code=212024051403827 HTTP/1.1" 200 69466
116.235.243.85 - - [14/May/2024:11:30:48 +0800] "GET /xingrg/check_reg.html?_=1715657454784 HTTP/1.1" 200 22
124.78.158.134 - - [14/May/2024:11:30:48 +0800] "GET /xingrg/javascript/easyui/themes/default/validatebox.css HTTP/1.1" 404 1104
101.80.230.31 - - [14/May/2024:11:30:48 +0800] "GET /xingrg/all/function/internal_message.html?_=1715657450866&CODE_STATE=getMsg HTTP/1.1" 200 27
124.78.158.134 - - [14/May/2024:11:30:50 +0800] "POST /xingrg/kc/buy/cgsh_order_operate.html HTTP/1.1" 200 21295
116.235.243.85 - - [14/May/2024:11:30:50 +0800] "GET /xingrg/all/function/internal_message.html?_=1715657456590&CODE_STATE=getMsg HTTP/1.1" 200 27
180.164.6.225 - - [14/May/2024:11:30:50 +0800] "GET /xingrg/kc/buy/cgsh_order_operate.html?command=get_materiel&rest_code=00108&code=00101012029&supplier_code=00100036&order_time=2024-05-14 HTTP/1.1" 200 412
222.67.233.39 - - [14/May/2024:11:30:53 +0800] "GET /xingrg/check_reg.html?_=1715657453713 HTTP/1.1" 200 22
116.238.97.31 - - [14/May/2024:11:30:54 +0800] "GET /xingrg/check_reg.html?_=1715657453672 HTTP/1.1" 200 22
180.156.239.18 - - [14/May/2024:11:30:55 +0800] "POST /xingrg/kc/buy/cgsh_order_operate.html HTTP/1.1" 200 37
124.78.158.134 - - [14/May/2024:11:30:55 +0800] "GET /xingrg/kc/print/load_data.html?order_code=212024051403827&kc_code=cgsh&condition= HTTP/1.1" 200 8540
222.70.183.82 - - [14/May/2024:11:30:57 +0800] "GET /xingrg/all/function/internal_message.html?_=1715657455345&CODE_STATE=getMsg HTTP/1.1" 200 27
116.232.195.13 - - [14/May/2024:11:30:58 +0800] "GET /xingrg/all/function/internal_message.html?_=1715657422728&CODE_STATE=getMsg HTTP/1.1" 200 27
101.83.144.49 - - [14/May/2024:11:31:01 +0800] "GET /xingrg/all/function/internal_message.html?_=1715657462354&CODE_STATE=getMsg HTTP/1.1" 200 27
180.169.147.146 - - [14/May/2024:11:31:03 +0800] "GET /xingrg/all/function/internal_message.html?_=1715657469729&CODE_STATE=getMsg HTTP/1.1" 200 27
180.156.239.18 - - [14/May/2024:11:31:06 +0800] "POST /xingrg/kc/buy/cgsh_order_operate.html HTTP/1.1" 200 12
114.89.67.151 - - [14/May/2024:11:31:07 +0800] "GET /xingrg/all/function/internal_message.html?_=1715657467671&CODE_STATE=getMsg HTTP/1.1" 200 27
180.164.6.225 - - [14/May/2024:11:31:07 +0800] "GET /xingrg/kc/buy/cgsh_order_operate.html?command=get_materiel&rest_code=00108&code=00101012064&supplier_code=00100036&order_time=2024-05-14 HTTP/1.1" 200 428
180.156.239.18 - - [14/May/2024:11:31:09 +0800] "GET /xingrg/kc/buy/cgsh_order_info.html?code=212024051403856 HTTP/1.1" 200 69060
180.156.239.18 - - [14/May/2024:11:31:10 +0800] "GET /xingrg/javascript/easyui/themes/default/validatebox.css HTTP/1.1" 404 1104
180.156.239.18 - - [14/May/2024:11:31:11 +0800] "POST /xingrg/kc/buy/cgsh_order_operate.html HTTP/1.1" 200 1794
222.69.132.151 - - [14/May/2024:11:31:17 +0800] "GET /xingrg/all/function/internal_message.html?_=1715657479069&CODE_STATE=getMsg HTTP/1.1" 200 27
180.164.6.225 - - [14/May/2024:11:31:19 +0800] "POST /xingrg/all/common/load_select.html HTTP/1.1" 200 25
124.78.158.134 - - [14/May/2024:11:31:19 +0800] "GET /xingrg/all/function/internal_message.html?_=1715657473256&CODE_STATE=getMsg HTTP/1.1" 200 27
180.156.239.18 - - [14/May/2024:11:31:20 +0800] "GET /xingrg/all/function/internal_message.html?_=1715657479726&CODE_STATE=getMsg HTTP/1.1" 200 27
116.232.195.13 - - [14/May/2024:11:31:20 +0800] "GET /xingrg/all/function/internal_message.html?_=1715657444806&CODE_STATE=getMsg HTTP/1.1" 200 27
116.232.195.13 - - [14/May/2024:11:31:20 +0800] "GET /xingrg/check_reg.html?_=1715657444807 HTTP/1.1" 200 22
180.156.239.18 - - [14/May/2024:11:31:21 +0800] "GET /xingrg/kc/print/load_data.html?order_code=212024051403856&kc_code=cgsh&condition= HTTP/1.1" 200 1161
101.83.144.49 - - [14/May/2024:11:31:23 +0800] "GET /xingrg/check_reg.html?_=1715657230337 HTTP/1.1" 200 22
101.83.144.49 - - [14/May/2024:11:31:23 +0800] "GET /xingrg/all/function/internal_message.html?_=1715657230338&CODE_STATE=getMsg HTTP/1.1" 200 27
180.164.6.225 - - [14/May/2024:11:31:24 +0800] "GET /xingrg/kc/buy/cgsh_order_operate.html?command=get_materiel_price&rest_code=00108&code=00101012064&unit_code=00100040&supplier_code=00100036&order_time=2024-05-14 HTTP/1.1" 200 27
222.67.233.39 - - [14/May/2024:11:31:31 +0800] "GET /xingrg/all/function/internal_message.html?_=1715657491574&CODE_STATE=getMsg HTTP/1.1" 200 27
124.79.240.51 - - [14/May/2024:11:31:35 +0800] "GET /xingrg/all/function/internal_message.html?_=1715657537113&CODE_STATE=getMsg HTTP/1.1" 200 27
180.164.6.225 - - [14/May/2024:11:31:37 +0800] "POST /xingrg/kc/buy/cgsh_order_operate.html HTTP/1.1" 200 37
180.164.6.225 - - [14/May/2024:11:31:39 +0800] "POST /xingrg/kc/buy/cgsh_order_operate.html HTTP/1.1" 200 3841
180.164.6.225 - - [14/May/2024:11:31:40 +0800] "GET /xingrg/kc/print/load_data.html?order_code=212024051403857&kc_code=cgsh&condition= HTTP/1.1" 200 1214
180.164.6.225 - - [14/May/2024:11:31:41 +0800] "GET /xingrg/all/function/internal_message.html?_=1715657501002&CODE_STATE=getMsg HTTP/1.1" 200 27
180.164.6.225 - - [14/May/2024:11:31:45 +0800] "GET /xingrg/kc/buy/cgsh_order_add.html HTTP/1.1" 200 74685
180.164.6.225 - - [14/May/2024:11:31:45 +0800] "POST /xingrg/kc/buy/cgsh_order_operate.html HTTP/1.1" 200 8245
180.164.6.225 - - [14/May/2024:11:31:45 +0800] "GET /xingrg/javascript/easyui/themes/default/validatebox.css HTTP/1.1" 404 1104
180.156.239.18 - - [14/May/2024:11:31:47 +0800] "GET /xingrg/all/function/internal_message.html?_=1715657507239&CODE_STATE=getMsg HTTP/1.1" 200 27
180.156.239.18 - - [14/May/2024:11:31:47 +0800] "GET /xingrg/check_reg.html?_=1715657507286 HTTP/1.1" 200 22
221.239.170.140 - - [14/May/2024:11:31:47 +0800] "GET /xingrg/all/function/internal_message.html?_=1715657505878&CODE_STATE=getMsg HTTP/1.1" 200 27
221.239.170.140 - - [14/May/2024:11:31:47 +0800] "GET /xingrg/check_reg.html?_=1715657505881 HTTP/1.1" 200 22
101.80.230.31 - - [14/May/2024:11:31:48 +0800] "GET /xingrg/all/function/internal_message.html?_=1715657510857&CODE_STATE=getMsg HTTP/1.1" 200 27
116.235.243.85 - - [14/May/2024:11:31:50 +0800] "GET /xingrg/all/function/internal_message.html?_=1715657516602&CODE_STATE=getMsg HTTP/1.1" 200 27
180.164.6.225 - - [14/May/2024:11:31:56 +0800] "GET /xingrg/kc/buy/cgsh_order_operate.html?command=get_materiel&rest_code=00108&code=00101007090&supplier_code=00100002&order_time=2024-05-14 HTTP/1.1" 200 413
222.70.183.82 - - [14/May/2024:11:31:57 +0800] "GET /xingrg/all/function/internal_message.html?_=1715657515329&CODE_STATE=getMsg HTTP/1.1" 200 27
116.232.195.13 - - [14/May/2024:11:31:58 +0800] "GET /xingrg/all/function/internal_message.html?_=1715657482746&CODE_STATE=getMsg HTTP/1.1" 200 27
120.253.135.82 - - [14/May/2024:11:32:00 +0800] "GET /xingrg/check_reg.html?_=1715657370667 HTTP/1.1" 200 22
101.83.144.49 - - [14/May/2024:11:32:01 +0800] "GET /xingrg/all/function/internal_message.html?_=1715657522381&CODE_STATE=getMsg HTTP/1.1" 200 27
180.169.147.146 - - [14/May/2024:11:32:03 +0800] "GET /xingrg/all/function/internal_message.html?_=1715657529729&CODE_STATE=getMsg HTTP/1.1" 200 27
114.89.67.151 - - [14/May/2024:11:32:07 +0800] "GET /xingrg/all/function/internal_message.html?_=1715657527690&CODE_STATE=getMsg HTTP/1.1" 200 27
180.164.6.225 - - [14/May/2024:11:32:08 +0800] "GET /xingrg/kc/buy/cgsh_order_operate.html?command=get_materiel&rest_code=00108&code=00101007072&supplier_code=00100002&order_time=2024-05-14 HTTP/1.1" 200 419
222.69.132.151 - - [14/May/2024:11:32:17 +0800] "GET /xingrg/check_reg.html?_=1715657539080 HTTP/1.1" 200 22
222.69.132.151 - - [14/May/2024:11:32:17 +0800] "GET /xingrg/all/function/internal_message.html?_=1715657539084&CODE_STATE=getMsg HTTP/1.1" 200 27
180.164.6.225 - - [14/May/2024:11:32:19 +0800] "POST /xingrg/kc/buy/cgsh_order_operate.html HTTP/1.1" 200 37
124.78.158.134 - - [14/May/2024:11:32:19 +0800] "GET /xingrg/all/function/internal_message.html?_=1715657533241&CODE_STATE=getMsg HTTP/1.1" 200 27
180.156.239.18 - - [14/May/2024:11:32:20 +0800] "GET /xingrg/all/function/internal_message.html?_=1715657539708&CODE_STATE=getMsg HTTP/1.1" 200 27
116.232.195.13 - - [14/May/2024:11:32:20 +0800] "GET /xingrg/all/function/internal_message.html?_=1715657504805&CODE_STATE=getMsg HTTP/1.1" 200 27
180.164.6.225 - - [14/May/2024:11:32:20 +0800] "POST /xingrg/kc/buy/cgsh_order_operate.html HTTP/1.1" 200 3259
101.83.144.49 - - [14/May/2024:11:32:23 +0800] "GET /xingrg/all/function/internal_message.html?_=1715657290395&CODE_STATE=getMsg HTTP/1.1" 200 27
180.164.6.225 - - [14/May/2024:11:32:23 +0800] "GET /xingrg/kc/print/load_data.html?order_code=212024051403858&kc_code=cgsh&condition= HTTP/1.1" 200 996
180.164.6.225 - - [14/May/2024:11:32:28 +0800] "GET /xingrg/kc/buy/cgsh_order_add.html HTTP/1.1" 200 74685
180.164.6.225 - - [14/May/2024:11:32:28 +0800] "POST /xingrg/kc/buy/cgsh_order_operate.html HTTP/1.1" 200 8245
180.164.6.225 - - [14/May/2024:11:32:28 +0800] "GET /xingrg/javascript/easyui/themes/default/validatebox.css HTTP/1.1" 404 1104
222.67.233.39 - - [14/May/2024:11:32:31 +0800] "GET /xingrg/all/function/internal_message.html?_=1715657551557&CODE_STATE=getMsg HTTP/1.1" 200 27
124.79.240.51 - - [14/May/2024:11:32:35 +0800] "GET /xingrg/all/function/internal_message.html?_=1715657597112&CODE_STATE=getMsg HTTP/1.1" 200 27
124.79.240.51 - - [14/May/2024:11:32:35 +0800] "GET /xingrg/check_reg.html?_=1715657597113 HTTP/1.1" 200 22
180.164.6.225 - - [14/May/2024:11:32:39 +0800] "GET /xingrg/kc/buy/cgsh_order_operate.html?command=get_materiel&rest_code=00108&code=00101006282&supplier_code=00100558&order_time=2024-05-14 HTTP/1.1" 200 418
180.164.6.225 - - [14/May/2024:11:32:41 +0800] "GET /xingrg/all/function/internal_message.html?_=1715657560990&CODE_STATE=getMsg HTTP/1.1" 200 27
180.156.239.18 - - [14/May/2024:11:32:47 +0800] "GET /xingrg/all/function/internal_message.html?_=1715657567222&CODE_STATE=getMsg HTTP/1.1" 200 27
221.239.170.140 - - [14/May/2024:11:32:47 +0800] "GET /xingrg/all/function/internal_message.html?_=1715657565883&CODE_STATE=getMsg HTTP/1.1" 200 27
101.80.230.31 - - [14/May/2024:11:32:48 +0800] "GET /xingrg/all/function/internal_message.html?_=1715657570856&CODE_STATE=getMsg HTTP/1.1" 200 27
180.164.6.225 - - [14/May/2024:11:32:50 +0800] "GET /xingrg/kc/buy/cgsh_order_operate.html?command=get_materiel&rest_code=00108&code=00101006335&supplier_code=00100558&order_time=2024-05-14 HTTP/1.1" 200 414
