221.239.170.140 - - [14/May/2024:12:31:27 +0800] "GET /xingrg/all/function/internal_message.html?_=1715661085575&CODE_STATE=getMsg HTTP/1.1" 200 27
124.79.240.51 - - [14/May/2024:12:31:31 +0800] "GET /xingrg/all/function/internal_message.html?_=1715661132495&CODE_STATE=getMsg HTTP/1.1" 200 27
101.80.230.31 - - [14/May/2024:12:31:33 +0800] "GET /xingrg/all/function/internal_message.html?_=1715661095483&CODE_STATE=getMsg HTTP/1.1" 200 27
222.67.233.39 - - [14/May/2024:12:31:36 +0800] "GET /xingrg/all/function/internal_message.html?_=1715661096621&CODE_STATE=getMsg HTTP/1.1" 200 27
124.79.240.51 - - [14/May/2024:12:31:38 +0800] "POST /xingrg/kc/buy/cgsh_order_operate.html HTTP/1.1" 200 37
180.164.6.225 - - [14/May/2024:12:31:40 +0800] "GET /xingrg/all/function/internal_message.html?_=1715661099937&CODE_STATE=getMsg HTTP/1.1" 200 27
124.79.240.51 - - [14/May/2024:12:31:40 +0800] "POST /xingrg/kc/buy/cgsh_order_operate.html HTTP/1.1" 200 2660
124.79.240.51 - - [14/May/2024:12:31:41 +0800] "GET /xingrg/kc/print/load_data.html?order_code=212024051403878&kc_code=cgsh&condition= HTTP/1.1" 200 685
124.79.240.51 - - [14/May/2024:12:31:46 +0800] "GET /xingrg/kc/buy/cgsh_order_add.html HTTP/1.1" 200 74634
124.79.240.51 - - [14/May/2024:12:31:46 +0800] "POST /xingrg/kc/buy/cgsh_order_operate.html HTTP/1.1" 200 8245
124.79.240.51 - - [14/May/2024:12:31:46 +0800] "GET /xingrg/javascript/easyui/themes/default/validatebox.css HTTP/1.1" 404 1104
180.156.239.18 - - [14/May/2024:12:31:46 +0800] "GET /xingrg/all/function/internal_message.html?_=1715661106110&CODE_STATE=getMsg HTTP/1.1" 200 27
180.156.239.18 - - [14/May/2024:12:31:47 +0800] "GET /xingrg/check_reg.html?_=1715661107272 HTTP/1.1" 200 22
116.235.243.85 - - [14/May/2024:12:31:51 +0800] "GET /xingrg/all/function/internal_message.html?_=1715661117417&CODE_STATE=getMsg HTTP/1.1" 200 27
180.169.147.146 - - [14/May/2024:12:31:53 +0800] "GET /xingrg/check_reg.html?_=1715661114539 HTTP/1.1" 200 22
222.70.183.82 - - [14/May/2024:12:31:56 +0800] "GET /xingrg/all/function/internal_message.html?_=1715661114325&CODE_STATE=getMsg HTTP/1.1" 200 27
124.79.240.51 - - [14/May/2024:12:31:57 +0800] "GET /xingrg/kc/buy/cgsh_order_operate.html?command=get_materiel&rest_code=00104&code=00101002007&supplier_code=00100442&order_time=2024-05-14 HTTP/1.1" 200 409
116.232.195.13 - - [14/May/2024:12:31:58 +0800] "GET /xingrg/all/function/internal_message.html?_=1715661082731&CODE_STATE=getMsg HTTP/1.1" 200 27
114.84.152.157 - - [14/May/2024:12:31:58 +0800] "GET /xingrg/kc/buy/cgsh_order_operate.html?command=get_materiel&rest_code=00143&code=00101008502&supplier_code=00100207&order_time=2024-05-14 HTTP/1.1" 200 412
120.253.135.82 - - [14/May/2024:12:32:00 +0800] "GET /xingrg/check_reg.html?_=1715660971014 HTTP/1.1" 200 22
114.89.67.151 - - [14/May/2024:12:32:00 +0800] "GET /xingrg/all/function/internal_message.html?_=1715661120639&CODE_STATE=getMsg HTTP/1.1" 200 27
114.84.152.157 - - [14/May/2024:12:32:01 +0800] "GET /xingrg/all/function/internal_message.html?_=1715659490990&CODE_STATE=getMsg HTTP/1.1" 200 27
180.169.147.146 - - [14/May/2024:12:32:02 +0800] "GET /xingrg/kc/buy/cgsh_order_operate.html?command=get_materiel&rest_code=00147&code=00101008038&supplier_code=00100008&order_time=2024-05-14 HTTP/1.1" 200 412
101.83.144.49 - - [14/May/2024:12:32:02 +0800] "GET /xingrg/all/function/internal_message.html?_=1715661123005&CODE_STATE=getMsg HTTP/1.1" 200 27
180.169.147.146 - - [14/May/2024:12:32:03 +0800] "GET /xingrg/all/function/internal_message.html?_=1715661129831&CODE_STATE=getMsg HTTP/1.1" 200 27
124.79.240.51 - - [14/May/2024:12:32:09 +0800] "GET /xingrg/kc/buy/cgsh_order_operate.html?command=get_materiel&rest_code=00104&code=00101001032&supplier_code=00100442&order_time=2024-05-14 HTTP/1.1" 200 413
180.169.147.146 - - [14/May/2024:12:32:13 +0800] "GET /xingrg/kc/buy/cgsh_order_operate.html?command=get_materiel&rest_code=00147&code=00101008563&supplier_code=00100008&order_time=2024-05-14 HTTP/1.1" 200 413
222.69.132.151 - - [14/May/2024:12:32:17 +0800] "GET /xingrg/check_reg.html?_=1715661137661 HTTP/1.1" 200 22
222.69.132.151 - - [14/May/2024:12:32:17 +0800] "GET /xingrg/all/function/internal_message.html?_=1715661137669&CODE_STATE=getMsg HTTP/1.1" 200 27
124.78.158.134 - - [14/May/2024:12:32:18 +0800] "GET /xingrg/all/function/internal_message.html?_=1715661131961&CODE_STATE=getMsg HTTP/1.1" 200 27
180.156.239.18 - - [14/May/2024:12:32:20 +0800] "GET /xingrg/all/function/internal_message.html?_=1715661139714&CODE_STATE=getMsg HTTP/1.1" 200 27
116.232.195.13 - - [14/May/2024:12:32:20 +0800] "GET /xingrg/all/function/internal_message.html?_=1715661104808&CODE_STATE=getMsg HTTP/1.1" 200 27
116.232.195.13 - - [14/May/2024:12:32:22 +0800] "GET /xingrg/all/function/internal_message.html?_=1715661106652&CODE_STATE=getMsg HTTP/1.1" 200 27
124.79.240.51 - - [14/May/2024:12:32:22 +0800] "GET /xingrg/kc/buy/cgsh_order_operate.html?command=get_materiel&rest_code=00104&code=00101001052&supplier_code=00100442&order_time=2024-05-14 HTTP/1.1" 200 411
101.83.144.49 - - [14/May/2024:12:32:26 +0800] "GET /xingrg/all/function/internal_message.html?_=1715660893390&CODE_STATE=getMsg HTTP/1.1" 200 27
221.239.170.140 - - [14/May/2024:12:32:27 +0800] "GET /xingrg/all/function/internal_message.html?_=1715661145573&CODE_STATE=getMsg HTTP/1.1" 200 27
124.79.240.51 - - [14/May/2024:12:32:31 +0800] "GET /xingrg/all/function/internal_message.html?_=1715661192499&CODE_STATE=getMsg HTTP/1.1" 200 27
180.169.147.146 - - [14/May/2024:12:32:31 +0800] "GET /xingrg/kc/buy/cgsh_order_operate.html?command=get_materiel&rest_code=00147&code=00101008069&supplier_code=00100008&order_time=2024-05-14 HTTP/1.1" 200 412
101.80.230.31 - - [14/May/2024:12:32:33 +0800] "GET /xingrg/all/function/internal_message.html?_=1715661155487&CODE_STATE=getMsg HTTP/1.1" 200 27
101.80.230.31 - - [14/May/2024:12:32:33 +0800] "GET /xingrg/check_reg.html?_=1715661155488 HTTP/1.1" 200 22
124.79.240.51 - - [14/May/2024:12:32:36 +0800] "POST /xingrg/kc/buy/cgsh_order_operate.html HTTP/1.1" 200 37
222.67.233.39 - - [14/May/2024:12:32:36 +0800] "GET /xingrg/all/function/internal_message.html?_=1715661156620&CODE_STATE=getMsg HTTP/1.1" 200 27
180.164.6.225 - - [14/May/2024:12:32:40 +0800] "GET /xingrg/all/function/internal_message.html?_=1715661159911&CODE_STATE=getMsg HTTP/1.1" 200 27
124.79.240.51 - - [14/May/2024:12:32:40 +0800] "POST /xingrg/kc/buy/cgsh_order_operate.html HTTP/1.1" 200 3846
124.79.240.51 - - [14/May/2024:12:32:41 +0800] "GET /xingrg/kc/print/load_data.html?order_code=212024051403879&kc_code=cgsh&condition= HTTP/1.1" 200 1142
180.169.147.146 - - [14/May/2024:12:32:43 +0800] "GET /xingrg/kc/buy/cgsh_order_operate.html?command=get_materiel&rest_code=00147&code=00101008368&supplier_code=00100008&order_time=2024-05-14 HTTP/1.1" 200 409
124.79.240.51 - - [14/May/2024:12:32:46 +0800] "GET /xingrg/kc/buy/cgsh_order_add.html HTTP/1.1" 200 74634
180.156.239.18 - - [14/May/2024:12:32:46 +0800] "GET /xingrg/all/function/internal_message.html?_=1715661166101&CODE_STATE=getMsg HTTP/1.1" 200 27
124.79.240.51 - - [14/May/2024:12:32:46 +0800] "POST /xingrg/kc/buy/cgsh_order_operate.html HTTP/1.1" 200 8245
124.79.240.51 - - [14/May/2024:12:32:46 +0800] "GET /xingrg/javascript/easyui/themes/default/validatebox.css HTTP/1.1" 404 1104
114.84.152.157 - - [14/May/2024:12:32:50 +0800] "GET /xingrg/kc/buy/cgsh_order_operate.html?command=get_materiel&rest_code=00143&code=00101008300&supplier_code=00100207&order_time=2024-05-14 HTTP/1.1" 200 412
116.235.243.85 - - [14/May/2024:12:32:51 +0800] "GET /xingrg/all/function/internal_message.html?_=1715661177432&CODE_STATE=getMsg HTTP/1.1" 200 27
180.169.147.146 - - [14/May/2024:12:32:52 +0800] "GET /xingrg/kc/buy/cgsh_order_operate.html?command=get_materiel&rest_code=00147&code=00101008131&supplier_code=00100008&order_time=2024-05-14 HTTP/1.1" 200 408
222.70.183.82 - - [14/May/2024:12:32:56 +0800] "GET /xingrg/all/function/internal_message.html?_=1715661174309&CODE_STATE=getMsg HTTP/1.1" 200 27
116.232.195.13 - - [14/May/2024:12:32:58 +0800] "GET /xingrg/all/function/internal_message.html?_=1715661142742&CODE_STATE=getMsg HTTP/1.1" 200 27
124.79.240.51 - - [14/May/2024:12:32:58 +0800] "GET /xingrg/kc/buy/cgsh_order_operate.html?command=get_materiel&rest_code=00104&code=00101002038&supplier_code=00100094&order_time=2024-05-14 HTTP/1.1" 200 416
180.164.6.225 - - [14/May/2024:12:33:00 +0800] "GET /xingrg/check_reg.html?_=1715661180343 HTTP/1.1" 200 22
114.89.67.151 - - [14/May/2024:12:33:00 +0800] "GET /xingrg/all/function/internal_message.html?_=1715661180622&CODE_STATE=getMsg HTTP/1.1" 200 27
114.84.152.157 - - [14/May/2024:12:33:01 +0800] "GET /xingrg/all/function/internal_message.html?_=1715659550971&CODE_STATE=getMsg HTTP/1.1" 200 27
180.169.147.146 - - [14/May/2024:12:33:02 +0800] "GET /xingrg/kc/buy/cgsh_order_operate.html?command=get_materiel&rest_code=00147&code=00101008353&supplier_code=00100008&order_time=2024-05-14 HTTP/1.1" 200 408
101.83.144.49 - - [14/May/2024:12:33:02 +0800] "GET /xingrg/all/function/internal_message.html?_=1715661182984&CODE_STATE=getMsg HTTP/1.1" 200 27
180.169.147.146 - - [14/May/2024:12:33:03 +0800] "GET /xingrg/all/function/internal_message.html?_=1715661189831&CODE_STATE=getMsg HTTP/1.1" 200 27
221.239.170.140 - - [14/May/2024:12:33:07 +0800] "GET /xingrg/check_reg.html?_=1715661186364 HTTP/1.1" 200 22
222.69.132.151 - - [14/May/2024:12:33:17 +0800] "GET /xingrg/all/function/internal_message.html?_=1715661197652&CODE_STATE=getMsg HTTP/1.1" 200 27
124.78.158.134 - - [14/May/2024:12:33:17 +0800] "GET /xingrg/check_reg.html?_=1715661191715 HTTP/1.1" 200 22
124.78.158.134 - - [14/May/2024:12:33:17 +0800] "GET /xingrg/all/function/internal_message.html?_=1715661191938&CODE_STATE=getMsg HTTP/1.1" 200 27
180.156.239.18 - - [14/May/2024:12:33:20 +0800] "GET /xingrg/all/function/internal_message.html?_=1715661199714&CODE_STATE=getMsg HTTP/1.1" 200 27
116.232.195.13 - - [14/May/2024:12:33:20 +0800] "GET /xingrg/all/function/internal_message.html?_=1715661164799&CODE_STATE=getMsg HTTP/1.1" 200 27
116.232.195.13 - - [14/May/2024:12:33:22 +0800] "GET /xingrg/all/function/internal_message.html?_=1715661166656&CODE_STATE=getMsg HTTP/1.1" 200 27
124.79.240.51 - - [14/May/2024:12:33:23 +0800] "POST /xingrg/kc/buy/cgsh_order_operate.html HTTP/1.1" 200 37
222.69.130.233 - - [14/May/2024:12:33:24 +0800] "GET /xingrg/check_reg.html?_=1715661202277 HTTP/1.1" 200 22
124.79.240.51 - - [14/May/2024:12:33:26 +0800] "POST /xingrg/kc/buy/cgsh_order_operate.html HTTP/1.1" 200 2665
101.83.144.49 - - [14/May/2024:12:33:26 +0800] "GET /xingrg/all/function/internal_message.html?_=1715660953474&CODE_STATE=getMsg HTTP/1.1" 200 27
221.239.170.140 - - [14/May/2024:12:33:27 +0800] "GET /xingrg/all/function/internal_message.html?_=1715661205554&CODE_STATE=getMsg HTTP/1.1" 200 27
124.79.240.51 - - [14/May/2024:12:33:27 +0800] "GET /xingrg/kc/print/load_data.html?order_code=212024051403880&kc_code=cgsh&condition= HTTP/1.1" 200 756
114.84.152.157 - - [14/May/2024:12:33:28 +0800] "GET /xingrg/kc/buy/cgsh_order_operate.html?command=get_materiel&rest_code=00143&code=00101008353&supplier_code=00100207&order_time=2024-05-14 HTTP/1.1" 200 408
180.169.147.146 - - [14/May/2024:12:33:29 +0800] "GET /xingrg/kc/buy/cgsh_order_operate.html?command=get_materiel&rest_code=00147&code=00101008004&supplier_code=00100008&order_time=2024-05-14 HTTP/1.1" 200 416
124.79.240.51 - - [14/May/2024:12:33:31 +0800] "GET /xingrg/all/function/internal_message.html?_=1715661252486&CODE_STATE=getMsg HTTP/1.1" 200 27
124.79.240.51 - - [14/May/2024:12:33:31 +0800] "GET /xingrg/kc/buy/cgsh_order_add.html HTTP/1.1" 200 74634
124.79.240.51 - - [14/May/2024:12:33:31 +0800] "POST /xingrg/kc/buy/cgsh_order_operate.html HTTP/1.1" 200 8245
124.79.240.51 - - [14/May/2024:12:33:32 +0800] "GET /xingrg/javascript/easyui/themes/default/validatebox.css HTTP/1.1" 404 1104
101.80.230.31 - - [14/May/2024:12:33:33 +0800] "GET /xingrg/all/function/internal_message.html?_=1715661215488&CODE_STATE=getMsg HTTP/1.1" 200 27
222.67.233.39 - - [14/May/2024:12:33:36 +0800] "GET /xingrg/all/function/internal_message.html?_=1715661216616&CODE_STATE=getMsg HTTP/1.1" 200 27
180.164.6.225 - - [14/May/2024:12:33:40 +0800] "GET /xingrg/all/function/internal_message.html?_=1715661219896&CODE_STATE=getMsg HTTP/1.1" 200 27
180.169.147.146 - - [14/May/2024:12:33:41 +0800] "GET /xingrg/kc/buy/cgsh_order_operate.html?command=get_materiel&rest_code=00147&code=00101008185&supplier_code=00100008&order_time=2024-05-14 HTTP/1.1" 200 408
180.156.239.18 - - [14/May/2024:12:33:46 +0800] "GET /xingrg/all/function/internal_message.html?_=1715661226086&CODE_STATE=getMsg HTTP/1.1" 200 27
116.235.243.85 - - [14/May/2024:12:33:51 +0800] "GET /xingrg/all/function/internal_message.html?_=1715661237449&CODE_STATE=getMsg HTTP/1.1" 200 27
124.79.240.51 - - [14/May/2024:12:33:53 +0800] "GET /xingrg/kc/buy/cgsh_order_operate.html?command=get_materiel&rest_code=00104&code=00101013137&supplier_code=00100323&order_time=2024-05-14 HTTP/1.1" 200 413
222.70.183.82 - - [14/May/2024:12:33:56 +0800] "GET /xingrg/all/function/internal_message.html?_=1715661234294&CODE_STATE=getMsg HTTP/1.1" 200 27
116.232.195.13 - - [14/May/2024:12:33:58 +0800] "GET /xingrg/all/function/internal_message.html?_=1715661202730&CODE_STATE=getMsg HTTP/1.1" 200 27
116.232.195.13 - - [14/May/2024:12:33:58 +0800] "GET /xingrg/check_reg.html?_=1715661202731 HTTP/1.1" 200 22
114.84.152.157 - - [14/May/2024:12:33:59 +0800] "GET /xingrg/kc/buy/cgsh_order_operate.html?command=get_materiel&rest_code=00143&code=00101008205&supplier_code=00100207&order_time=2024-05-14 HTTP/1.1" 200 412
114.89.67.151 - - [14/May/2024:12:34:00 +0800] "GET /xingrg/all/function/internal_message.html?_=1715661240606&CODE_STATE=getMsg HTTP/1.1" 200 27
114.89.67.151 - - [14/May/2024:12:34:01 +0800] "GET /xingrg/check_reg.html?_=1715661240935 HTTP/1.1" 200 22
114.84.152.157 - - [14/May/2024:12:34:01 +0800] "GET /xingrg/all/function/internal_message.html?_=1715659610966&CODE_STATE=getMsg HTTP/1.1" 200 27
101.83.144.49 - - [14/May/2024:12:34:01 +0800] "GET /xingrg/check_reg.html?_=1715661242423 HTTP/1.1" 200 22
101.83.144.49 - - [14/May/2024:12:34:02 +0800] "GET /xingrg/all/function/internal_message.html?_=1715661242954&CODE_STATE=getMsg HTTP/1.1" 200 27
180.169.147.146 - - [14/May/2024:12:34:03 +0800] "GET /xingrg/all/function/internal_message.html?_=1715661249831&CODE_STATE=getMsg HTTP/1.1" 200 27
180.169.147.146 - - [14/May/2024:12:34:08 +0800] "GET /xingrg/kc/buy/cgsh_order_operate.html?command=get_materiel&rest_code=00147&code=00101008213&supplier_code=00100008&order_time=2024-05-14 HTTP/1.1" 200 412
114.84.152.157 - - [14/May/2024:12:34:10 +0800] "POST /xingrg/kc/buy/cgsh_order_operate.html HTTP/1.1" 200 2065
222.69.132.151 - - [14/May/2024:12:34:17 +0800] "GET /xingrg/all/function/internal_message.html?_=1715661257717&CODE_STATE=getMsg HTTP/1.1" 200 27
124.78.158.134 - - [14/May/2024:12:34:17 +0800] "GET /xingrg/all/function/internal_message.html?_=1715661251911&CODE_STATE=getMsg HTTP/1.1" 200 27
124.79.240.51 - - [14/May/2024:12:34:20 +0800] "GET /xingrg/kc/buy/cgsh_order_operate.html?command=get_materiel&rest_code=00104&code=00101020115&supplier_code=00100323&order_time=2024-05-14 HTTP/1.1" 200 409
180.156.239.18 - - [14/May/2024:12:34:20 +0800] "GET /xingrg/all/function/internal_message.html?_=1715661259711&CODE_STATE=getMsg HTTP/1.1" 200 27
116.232.195.13 - - [14/May/2024:12:34:20 +0800] "GET /xingrg/all/function/internal_message.html?_=1715661224810&CODE_STATE=getMsg HTTP/1.1" 200 27
116.232.195.13 - - [14/May/2024:12:34:22 +0800] "GET /xingrg/all/function/internal_message.html?_=1715661226654&CODE_STATE=getMsg HTTP/1.1" 200 27
180.169.147.146 - - [14/May/2024:12:34:23 +0800] "GET /xingrg/kc/buy/cgsh_order_operate.html?command=get_materiel&rest_code=00147&code=00101008286&supplier_code=00100008&order_time=2024-05-14 HTTP/1.1" 200 408
114.84.152.157 - - [14/May/2024:12:34:24 +0800] "GET /xingrg/kc/buy/cgsh_order_operate.html?command=get_materiel&rest_code=00143&code=00101008024&supplier_code=00100207&order_time=2024-05-14 HTTP/1.1" 200 408
101.83.144.49 - - [14/May/2024:12:34:26 +0800] "GET /xingrg/all/function/internal_message.html?_=1715661013456&CODE_STATE=getMsg HTTP/1.1" 200 27
221.239.170.140 - - [14/May/2024:12:34:27 +0800] "GET /xingrg/all/function/internal_message.html?_=1715661265555&CODE_STATE=getMsg HTTP/1.1" 200 27
124.79.240.51 - - [14/May/2024:12:34:31 +0800] "GET /xingrg/all/function/internal_message.html?_=1715661312485&CODE_STATE=getMsg HTTP/1.1" 200 27
101.80.230.31 - - [14/May/2024:12:34:33 +0800] "GET /xingrg/all/function/internal_message.html?_=1715661275490&CODE_STATE=getMsg HTTP/1.1" 200 27
180.169.147.146 - - [14/May/2024:12:34:35 +0800] "POST /xingrg/kc/buy/cgsh_order_operate.html HTTP/1.1" 200 2065
222.67.233.39 - - [14/May/2024:12:34:36 +0800] "GET /xingrg/check_reg.html?_=1715661276626 HTTP/1.1" 200 22
222.67.233.39 - - [14/May/2024:12:34:36 +0800] "GET /xingrg/all/function/internal_message.html?_=1715661276636&CODE_STATE=getMsg HTTP/1.1" 200 27
180.164.6.225 - - [14/May/2024:12:34:40 +0800] "GET /xingrg/all/function/internal_message.html?_=1715661279880&CODE_STATE=getMsg HTTP/1.1" 200 27
180.156.239.18 - - [14/May/2024:12:34:46 +0800] "GET /xingrg/all/function/internal_message.html?_=1715661286061&CODE_STATE=getMsg HTTP/1.1" 200 27
124.79.240.51 - - [14/May/2024:12:34:50 +0800] "POST /xingrg/kc/buy/cgsh_order_operate.html HTTP/1.1" 200 37
116.235.243.85 - - [14/May/2024:12:34:51 +0800] "GET /xingrg/all/function/internal_message.html?_=1715661297458&CODE_STATE=getMsg HTTP/1.1" 200 27
124.79.240.51 - - [14/May/2024:12:34:52 +0800] "POST /xingrg/kc/buy/cgsh_order_operate.html HTTP/1.1" 200 3246
180.169.147.146 - - [14/May/2024:12:34:52 +0800] "GET /xingrg/kc/buy/cgsh_order_operate.html?command=get_materiel&rest_code=00147&code=00101008224&supplier_code=00100008&order_time=2024-05-14 HTTP/1.1" 200 416
124.79.240.51 - - [14/May/2024:12:34:54 +0800] "GET /xingrg/kc/print/load_data.html?order_code=212024051403881&kc_code=cgsh&condition= HTTP/1.1" 200 902
222.70.183.82 - - [14/May/2024:12:34:56 +0800] "GET /xingrg/all/function/internal_message.html?_=1715661294277&CODE_STATE=getMsg HTTP/1.1" 200 27
124.79.240.51 - - [14/May/2024:12:34:58 +0800] "GET /xingrg/kc/buy/cgsh_order_add.html HTTP/1.1" 200 74634
116.232.195.13 - - [14/May/2024:12:34:58 +0800] "GET /xingrg/all/function/internal_message.html?_=1715661262735&CODE_STATE=getMsg HTTP/1.1" 200 27
124.79.240.51 - - [14/May/2024:12:34:58 +0800] "POST /xingrg/kc/buy/cgsh_order_operate.html HTTP/1.1" 200 8245
124.79.240.51 - - [14/May/2024:12:34:58 +0800] "GET /xingrg/javascript/easyui/themes/default/validatebox.css HTTP/1.1" 404 1104
222.70.183.82 - - [14/May/2024:12:34:58 +0800] "GET /xingrg/check_reg.html?_=1715661296281 HTTP/1.1" 200 22
114.89.67.151 - - [14/May/2024:12:35:00 +0800] "GET /xingrg/all/function/internal_message.html?_=1715661300587&CODE_STATE=getMsg HTTP/1.1" 200 27
114.84.152.157 - - [14/May/2024:12:35:01 +0800] "GET /xingrg/check_reg.html?_=1715659670942 HTTP/1.1" 200 22
114.84.152.157 - - [14/May/2024:12:35:01 +0800] "GET /xingrg/all/function/internal_message.html?_=1715659670946&CODE_STATE=getMsg HTTP/1.1" 200 27
101.83.144.49 - - [14/May/2024:12:35:02 +0800] "GET /xingrg/all/function/internal_message.html?_=1715661302935&CODE_STATE=getMsg HTTP/1.1" 200 27
180.169.147.146 - - [14/May/2024:12:35:03 +0800] "GET /xingrg/all/function/internal_message.html?_=1715661309831&CODE_STATE=getMsg HTTP/1.1" 200 27
180.169.147.146 - - [14/May/2024:12:35:03 +0800] "GET /xingrg/check_reg.html?_=1715661309974 HTTP/1.1" 200 22
180.169.147.146 - - [14/May/2024:12:35:08 +0800] "GET /xingrg/kc/buy/cgsh_order_operate.html?command=get_materiel&rest_code=00147&code=00101008296&supplier_code=00100008&order_time=2024-05-14 HTTP/1.1" 200 416
124.79.240.51 - - [14/May/2024:12:35:11 +0800] "GET /xingrg/kc/buy/cgsh_order_operate.html?command=get_materiel&rest_code=00104&code=00101001256&supplier_code=00100479&order_time=2024-05-14 HTTP/1.1" 200 418
222.69.132.151 - - [14/May/2024:12:35:17 +0800] "GET /xingrg/all/function/internal_message.html?_=1715661317724&CODE_STATE=getMsg HTTP/1.1" 200 27
124.78.158.134 - - [14/May/2024:12:35:17 +0800] "GET /xingrg/all/function/internal_message.html?_=1715661311884&CODE_STATE=getMsg HTTP/1.1" 200 27
180.156.239.18 - - [14/May/2024:12:35:20 +0800] "GET /xingrg/all/function/internal_message.html?_=1715661319708&CODE_STATE=getMsg HTTP/1.1" 200 27
180.156.239.18 - - [14/May/2024:12:35:20 +0800] "GET /xingrg/check_reg.html?_=1715661319712 HTTP/1.1" 200 22
116.232.195.13 - - [14/May/2024:12:35:20 +0800] "GET /xingrg/all/function/internal_message.html?_=1715661284804&CODE_STATE=getMsg HTTP/1.1" 200 27
124.79.240.51 - - [14/May/2024:12:35:21 +0800] "POST /xingrg/kc/buy/cgsh_order_operate.html HTTP/1.1" 200 37
116.232.195.13 - - [14/May/2024:12:35:22 +0800] "GET /xingrg/all/function/internal_message.html?_=1715661286668&CODE_STATE=getMsg HTTP/1.1" 200 27
116.232.195.13 - - [14/May/2024:12:35:22 +0800] "GET /xingrg/check_reg.html?_=1715661286673 HTTP/1.1" 200 22
124.79.240.51 - - [14/May/2024:12:35:24 +0800] "POST /xingrg/kc/buy/cgsh_order_operate.html HTTP/1.1" 200 2663
180.169.147.146 - - [14/May/2024:12:35:24 +0800] "GET /xingrg/kc/buy/cgsh_order_operate.html?command=get_materiel&rest_code=00147&code=00101008163&supplier_code=00100008&order_time=2024-05-14 HTTP/1.1" 200 409
124.79.240.51 - - [14/May/2024:12:35:26 +0800] "GET /xingrg/kc/print/load_data.html?order_code=212024051403882&kc_code=cgsh&condition= HTTP/1.1" 200 688
101.83.144.49 - - [14/May/2024:12:35:26 +0800] "GET /xingrg/all/function/internal_message.html?_=1715661073442&CODE_STATE=getMsg HTTP/1.1" 200 27
221.239.170.140 - - [14/May/2024:12:35:27 +0800] "GET /xingrg/all/function/internal_message.html?_=1715661325542&CODE_STATE=getMsg HTTP/1.1" 200 27
124.79.240.51 - - [14/May/2024:12:35:30 +0800] "GET /xingrg/kc/buy/cgsh_order_add.html HTTP/1.1" 200 74634
124.79.240.51 - - [14/May/2024:12:35:30 +0800] "POST /xingrg/kc/buy/cgsh_order_operate.html HTTP/1.1" 200 8245
124.79.240.51 - - [14/May/2024:12:35:31 +0800] "GET /xingrg/javascript/easyui/themes/default/validatebox.css HTTP/1.1" 404 1104
124.79.240.51 - - [14/May/2024:12:35:31 +0800] "GET /xingrg/all/function/internal_message.html?_=1715661372498&CODE_STATE=getMsg HTTP/1.1" 200 27
124.79.240.51 - - [14/May/2024:12:35:31 +0800] "GET /xingrg/check_reg.html?_=1715661372496 HTTP/1.1" 200 22
101.80.230.31 - - [14/May/2024:12:35:33 +0800] "GET /xingrg/all/function/internal_message.html?_=1715661335492&CODE_STATE=getMsg HTTP/1.1" 200 27
222.67.233.39 - - [14/May/2024:12:35:36 +0800] "GET /xingrg/all/function/internal_message.html?_=1715661336618&CODE_STATE=getMsg HTTP/1.1" 200 27
180.164.6.225 - - [14/May/2024:12:35:40 +0800] "GET /xingrg/all/function/internal_message.html?_=1715661339854&CODE_STATE=getMsg HTTP/1.1" 200 27
180.169.147.146 - - [14/May/2024:12:35:41 +0800] "GET /xingrg/kc/buy/cgsh_order_operate.html?command=get_materiel&rest_code=00147&code=00101008261&supplier_code=00100008&order_time=2024-05-14 HTTP/1.1" 200 429
124.79.240.51 - - [14/May/2024:12:35:44 +0800] "GET /xingrg/kc/buy/cgsh_order_operate.html?command=get_materiel&rest_code=00104&code=00101012051&supplier_code=00100096&order_time=2024-05-14 HTTP/1.1" 200 408
180.156.239.18 - - [14/May/2024:12:35:46 +0800] "GET /xingrg/all/function/internal_message.html?_=1715661346034&CODE_STATE=getMsg HTTP/1.1" 200 27
180.169.147.146 - - [14/May/2024:12:35:47 +0800] "POST /xingrg/kc/buy/cgsh_order_operate.html HTTP/1.1" 200 2065
116.235.243.85 - - [14/May/2024:12:35:48 +0800] "GET /xingrg/check_reg.html?_=1715661354856 HTTP/1.1" 200 22
116.235.243.85 - - [14/May/2024:12:35:51 +0800] "GET /xingrg/all/function/internal_message.html?_=1715661357474&CODE_STATE=getMsg HTTP/1.1" 200 27
222.70.183.82 - - [14/May/2024:12:35:56 +0800] "GET /xingrg/all/function/internal_message.html?_=1715661354253&CODE_STATE=getMsg HTTP/1.1" 200 27
180.169.147.146 - - [14/May/2024:12:35:56 +0800] "GET /xingrg/kc/buy/cgsh_order_operate.html?command=get_materiel&rest_code=00147&code=00101008349&supplier_code=00100008&order_time=2024-05-14 HTTP/1.1" 200 412
116.232.195.13 - - [14/May/2024:12:35:58 +0800] "GET /xingrg/all/function/internal_message.html?_=1715661322739&CODE_STATE=getMsg HTTP/1.1" 200 27
124.79.240.51 - - [14/May/2024:12:35:59 +0800] "GET /xingrg/kc/buy/cgsh_order_operate.html?command=get_materiel&rest_code=00104&code=00101012025&supplier_code=00100096&order_time=2024-05-14 HTTP/1.1" 200 413
114.89.67.151 - - [14/May/2024:12:36:00 +0800] "GET /xingrg/all/function/internal_message.html?_=1715661360567&CODE_STATE=getMsg HTTP/1.1" 200 27
114.84.152.157 - - [14/May/2024:12:36:01 +0800] "GET /xingrg/all/function/internal_message.html?_=1715659730962&CODE_STATE=getMsg HTTP/1.1" 200 27
101.83.144.49 - - [14/May/2024:12:36:02 +0800] "GET /xingrg/all/function/internal_message.html?_=1715661362908&CODE_STATE=getMsg HTTP/1.1" 200 27
180.169.147.146 - - [14/May/2024:12:36:03 +0800] "GET /xingrg/all/function/internal_message.html?_=1715661369833&CODE_STATE=getMsg HTTP/1.1" 200 27
180.169.147.146 - - [14/May/2024:12:36:13 +0800] "GET /xingrg/kc/buy/cgsh_order_operate.html?command=get_materiel&rest_code=00147&code=00101008331&supplier_code=00100008&order_time=2024-05-14 HTTP/1.1" 200 416
222.69.132.151 - - [14/May/2024:12:36:17 +0800] "GET /xingrg/all/function/internal_message.html?_=1715661377713&CODE_STATE=getMsg HTTP/1.1" 200 27
124.78.158.134 - - [14/May/2024:12:36:17 +0800] "GET /xingrg/all/function/internal_message.html?_=1715661371854&CODE_STATE=getMsg HTTP/1.1" 200 27
180.156.239.18 - - [14/May/2024:12:36:20 +0800] "GET /xingrg/all/function/internal_message.html?_=1715661379709&CODE_STATE=getMsg HTTP/1.1" 200 27
116.232.195.13 - - [14/May/2024:12:36:20 +0800] "GET /xingrg/all/function/internal_message.html?_=1715661344794&CODE_STATE=getMsg HTTP/1.1" 200 27
116.232.195.13 - - [14/May/2024:12:36:20 +0800] "GET /xingrg/check_reg.html?_=1715661344797 HTTP/1.1" 200 22
114.84.152.157 - - [14/May/2024:12:36:21 +0800] "POST /xingrg/kc/buy/cgsh_order_operate.html HTTP/1.1" 200 37
116.232.195.13 - - [14/May/2024:12:36:22 +0800] "GET /xingrg/all/function/internal_message.html?_=1715661346654&CODE_STATE=getMsg HTTP/1.1" 200 27
124.79.240.51 - - [14/May/2024:12:36:23 +0800] "GET /xingrg/kc/buy/cgsh_order_operate.html?command=get_materiel&rest_code=00104&code=00101006084&supplier_code=00100096&order_time=2024-05-14 HTTP/1.1" 200 415
101.83.144.49 - - [14/May/2024:12:36:26 +0800] "GET /xingrg/check_reg.html?_=1715661133365 HTTP/1.1" 200 22
101.83.144.49 - - [14/May/2024:12:36:26 +0800] "GET /xingrg/all/function/internal_message.html?_=1715661133413&CODE_STATE=getMsg HTTP/1.1" 200 27
221.239.170.140 - - [14/May/2024:12:36:27 +0800] "GET /xingrg/all/function/internal_message.html?_=1715661385538&CODE_STATE=getMsg HTTP/1.1" 200 27
114.84.152.157 - - [14/May/2024:12:36:27 +0800] "POST /xingrg/kc/buy/cgsh_order_operate.html HTTP/1.1" 200 17538
124.79.240.51 - - [14/May/2024:12:36:31 +0800] "GET /xingrg/all/function/internal_message.html?_=1715661432489&CODE_STATE=getMsg HTTP/1.1" 200 27
101.80.230.31 - - [14/May/2024:12:36:33 +0800] "GET /xingrg/all/function/internal_message.html?_=1715661395493&CODE_STATE=getMsg HTTP/1.1" 200 27
180.169.147.146 - - [14/May/2024:12:36:34 +0800] "GET /xingrg/kc/buy/cgsh_order_operate.html?command=get_materiel&rest_code=00147&code=00101008244&supplier_code=00100008&order_time=2024-05-14 HTTP/1.1" 200 408
222.67.233.39 - - [14/May/2024:12:36:36 +0800] "GET /xingrg/all/function/internal_message.html?_=1715661396613&CODE_STATE=getMsg HTTP/1.1" 200 27
180.164.6.225 - - [14/May/2024:12:36:40 +0800] "GET /xingrg/all/function/internal_message.html?_=1715661399841&CODE_STATE=getMsg HTTP/1.1" 200 27
180.156.239.18 - - [14/May/2024:12:36:46 +0800] "GET /xingrg/all/function/internal_message.html?_=1715661406024&CODE_STATE=getMsg HTTP/1.1" 200 27
180.156.239.18 - - [14/May/2024:12:36:47 +0800] "GET /xingrg/check_reg.html?_=1715661407282 HTTP/1.1" 200 22
124.79.240.51 - - [14/May/2024:12:36:49 +0800] "GET /xingrg/kc/buy/cgsh_order_operate.html?command=get_materiel&rest_code=00104&code=00101006144&supplier_code=00100096&order_time=2024-05-14 HTTP/1.1" 200 409
116.235.243.85 - - [14/May/2024:12:36:51 +0800] "GET /xingrg/all/function/internal_message.html?_=1715661417485&CODE_STATE=getMsg HTTP/1.1" 200 27
180.169.147.146 - - [14/May/2024:12:36:52 +0800] "GET /xingrg/check_reg.html?_=1715661414512 HTTP/1.1" 200 22
180.169.147.146 - - [14/May/2024:12:36:54 +0800] "GET /xingrg/kc/buy/cgsh_order_operate.html?command=get_materiel&rest_code=00147&code=00101008059&supplier_code=00100008&order_time=2024-05-14 HTTP/1.1" 200 408
222.70.183.82 - - [14/May/2024:12:36:56 +0800] "GET /xingrg/all/function/internal_message.html?_=1715661414226&CODE_STATE=getMsg HTTP/1.1" 200 27
116.232.195.13 - - [14/May/2024:12:36:58 +0800] "GET /xingrg/all/function/internal_message.html?_=1715661382735&CODE_STATE=getMsg HTTP/1.1" 200 27
120.253.135.82 - - [14/May/2024:12:37:00 +0800] "GET /xingrg/check_reg.html?_=1715661271021 HTTP/1.1" 200 22
114.89.67.151 - - [14/May/2024:12:37:00 +0800] "GET /xingrg/all/function/internal_message.html?_=1715661420550&CODE_STATE=getMsg HTTP/1.1" 200 27
114.84.152.157 - - [14/May/2024:12:37:01 +0800] "GET /xingrg/all/function/internal_message.html?_=1715659790960&CODE_STATE=getMsg HTTP/1.1" 200 27
101.83.144.49 - - [14/May/2024:12:37:02 +0800] "GET /xingrg/all/function/internal_message.html?_=1715661422889&CODE_STATE=getMsg HTTP/1.1" 200 27
124.79.240.51 - - [14/May/2024:12:37:02 +0800] "POST /xingrg/kc/buy/cgsh_order_operate.html HTTP/1.1" 200 37
180.169.147.146 - - [14/May/2024:12:37:03 +0800] "GET /xingrg/all/function/internal_message.html?_=1715661429832&CODE_STATE=getMsg HTTP/1.1" 200 27
124.79.240.51 - - [14/May/2024:12:37:10 +0800] "POST /xingrg/kc/buy/cgsh_order_operate.html HTTP/1.1" 200 4428
124.79.240.51 - - [14/May/2024:12:37:11 +0800] "GET /xingrg/kc/print/load_data.html?order_code=212024051403883&kc_code=cgsh&condition= HTTP/1.1" 200 1324
222.69.132.151 - - [14/May/2024:12:37:17 +0800] "GET /xingrg/check_reg.html?_=1715661437647 HTTP/1.1" 200 22
222.69.132.151 - - [14/May/2024:12:37:17 +0800] "GET /xingrg/all/function/internal_message.html?_=1715661437698&CODE_STATE=getMsg HTTP/1.1" 200 27
124.78.158.134 - - [14/May/2024:12:37:17 +0800] "GET /xingrg/all/function/internal_message.html?_=1715661431825&CODE_STATE=getMsg HTTP/1.1" 200 27
180.156.239.18 - - [14/May/2024:12:37:20 +0800] "GET /xingrg/all/function/internal_message.html?_=1715661439701&CODE_STATE=getMsg HTTP/1.1" 200 27
116.232.195.13 - - [14/May/2024:12:37:20 +0800] "GET /xingrg/all/function/internal_message.html?_=1715661404803&CODE_STATE=getMsg HTTP/1.1" 200 27
116.232.195.13 - - [14/May/2024:12:37:22 +0800] "GET /xingrg/all/function/internal_message.html?_=1715661406649&CODE_STATE=getMsg HTTP/1.1" 200 27
101.83.144.49 - - [14/May/2024:12:37:26 +0800] "GET /xingrg/all/function/internal_message.html?_=1715661193398&CODE_STATE=getMsg HTTP/1.1" 200 27
221.239.170.140 - - [14/May/2024:12:37:27 +0800] "GET /xingrg/all/function/internal_message.html?_=1715661445523&CODE_STATE=getMsg HTTP/1.1" 200 27
124.79.240.51 - - [14/May/2024:12:37:31 +0800] "GET /xingrg/all/function/internal_message.html?_=1715661492503&CODE_STATE=getMsg HTTP/1.1" 200 27
101.80.230.31 - - [14/May/2024:12:37:33 +0800] "GET /xingrg/all/function/internal_message.html?_=1715661455497&CODE_STATE=getMsg HTTP/1.1" 200 27
101.80.230.31 - - [14/May/2024:12:37:33 +0800] "GET /xingrg/check_reg.html?_=1715661455498 HTTP/1.1" 200 22
222.67.233.39 - - [14/May/2024:12:37:36 +0800] "GET /xingrg/all/function/internal_message.html?_=1715661456619&CODE_STATE=getMsg HTTP/1.1" 200 27
180.164.6.225 - - [14/May/2024:12:37:40 +0800] "GET /xingrg/all/function/internal_message.html?_=1715661459820&CODE_STATE=getMsg HTTP/1.1" 200 27
180.156.239.18 - - [14/May/2024:12:37:45 +0800] "GET /xingrg/all/function/internal_message.html?_=1715661466003&CODE_STATE=getMsg HTTP/1.1" 200 27
116.235.243.85 - - [14/May/2024:12:37:51 +0800] "GET /xingrg/all/function/internal_message.html?_=1715661477499&CODE_STATE=getMsg HTTP/1.1" 200 27
222.70.183.82 - - [14/May/2024:12:37:56 +0800] "GET /xingrg/all/function/internal_message.html?_=1715661474210&CODE_STATE=getMsg HTTP/1.1" 200 27
116.232.195.13 - - [14/May/2024:12:37:58 +0800] "GET /xingrg/all/function/internal_message.html?_=1715661442725&CODE_STATE=getMsg HTTP/1.1" 200 27
180.164.6.225 - - [14/May/2024:12:38:00 +0800] "GET /xingrg/check_reg.html?_=1715661480350 HTTP/1.1" 200 22
114.89.67.151 - - [14/May/2024:12:38:00 +0800] "GET /xingrg/all/function/internal_message.html?_=1715661480535&CODE_STATE=getMsg HTTP/1.1" 200 27
114.84.152.157 - - [14/May/2024:12:38:01 +0800] "GET /xingrg/all/function/internal_message.html?_=1715659850965&CODE_STATE=getMsg HTTP/1.1" 200 27
101.83.144.49 - - [14/May/2024:12:38:02 +0800] "GET /xingrg/all/function/internal_message.html?_=1715661482898&CODE_STATE=getMsg HTTP/1.1" 200 27
180.169.147.146 - - [14/May/2024:12:38:03 +0800] "GET /xingrg/all/function/internal_message.html?_=1715661489833&CODE_STATE=getMsg HTTP/1.1" 200 27
221.239.170.140 - - [14/May/2024:12:38:07 +0800] "GET /xingrg/check_reg.html?_=1715661486358 HTTP/1.1" 200 22
222.69.132.151 - - [14/May/2024:12:38:17 +0800] "GET /xingrg/all/function/internal_message.html?_=1715661497689&CODE_STATE=getMsg HTTP/1.1" 200 27
124.78.158.134 - - [14/May/2024:12:38:17 +0800] "GET /xingrg/check_reg.html?_=1715661491694 HTTP/1.1" 200 22
124.78.158.134 - - [14/May/2024:12:38:17 +0800] "GET /xingrg/all/function/internal_message.html?_=1715661491810&CODE_STATE=getMsg HTTP/1.1" 200 27
180.156.239.18 - - [14/May/2024:12:38:20 +0800] "GET /xingrg/all/function/internal_message.html?_=1715661499715&CODE_STATE=getMsg HTTP/1.1" 200 27
116.232.195.13 - - [14/May/2024:12:38:20 +0800] "GET /xingrg/all/function/internal_message.html?_=1715661464791&CODE_STATE=getMsg HTTP/1.1" 200 27
116.232.195.13 - - [14/May/2024:12:38:22 +0800] "GET /xingrg/all/function/internal_message.html?_=1715661466664&CODE_STATE=getMsg HTTP/1.1" 200 27
222.69.130.233 - - [14/May/2024:12:38:24 +0800] "GET /xingrg/check_reg.html?_=1715661502267 HTTP/1.1" 200 22
101.83.144.49 - - [14/May/2024:12:38:26 +0800] "GET /xingrg/all/function/internal_message.html?_=1715661253384&CODE_STATE=getMsg HTTP/1.1" 200 27
221.239.170.140 - - [14/May/2024:12:38:27 +0800] "GET /xingrg/all/function/internal_message.html?_=1715661505502&CODE_STATE=getMsg HTTP/1.1" 200 27
124.79.240.51 - - [14/May/2024:12:38:31 +0800] "GET /xingrg/all/function/internal_message.html?_=1715661552502&CODE_STATE=getMsg HTTP/1.1" 200 27
101.80.230.31 - - [14/May/2024:12:38:33 +0800] "GET /xingrg/all/function/internal_message.html?_=1715661515499&CODE_STATE=getMsg HTTP/1.1" 200 27
222.67.233.39 - - [14/May/2024:12:38:36 +0800] "GET /xingrg/all/function/internal_message.html?_=1715661516610&CODE_STATE=getMsg HTTP/1.1" 200 27
180.164.6.225 - - [14/May/2024:12:38:40 +0800] "GET /xingrg/all/function/internal_message.html?_=1715661519800&CODE_STATE=getMsg HTTP/1.1" 200 27
101.80.230.31 - - [14/May/2024:12:38:40 +0800] "GET /xingrg/kc/report/report_main.html HTTP/1.1" 200 7340
101.80.230.31 - - [14/May/2024:12:38:43 +0800] "GET /xingrg/kc/base/kc_stocks.html HTTP/1.1" 200 16718
101.80.230.31 - - [14/May/2024:12:38:43 +0800] "GET /xingrg/javascript/easyui/themes/icons/print_new.png HTTP/1.1" 200 3580
101.80.230.31 - - [14/May/2024:12:38:43 +0800] "GET /xingrg/javascript/easyui/themes/icons/filter_new.png HTTP/1.1" 200 795
101.80.230.31 - - [14/May/2024:12:38:43 +0800] "GET /xingrg/javascript/easyui/themes/icons/refresh_new.png HTTP/1.1" 200 685
101.80.230.31 - - [14/May/2024:12:38:43 +0800] "GET /xingrg/javascript/easyui/themes/default/tree.css HTTP/1.1" 404 1090
101.80.230.31 - - [14/May/2024:12:38:43 +0800] "GET /xingrg/all/common/auto_word.html?type=base&rest_code=00156 HTTP/1.1" 200 1903
101.80.230.31 - - [14/May/2024:12:38:43 +0800] "POST /xingrg/all/common/load_tree.html?tree=materiel_sort_tree_json HTTP/1.1" 200 9734
101.80.230.31 - - [14/May/2024:12:38:43 +0800] "GET /xingrg/javascript/easyui/themes/sunny/images/tree_arrows.gif HTTP/1.1" 200 617
101.80.230.31 - - [14/May/2024:12:38:43 +0800] "GET /xingrg/javascript/easyui/themes/sunny/images/tree_folder_open.gif HTTP/1.1" 200 956
101.80.230.31 - - [14/May/2024:12:38:43 +0800] "GET /xingrg/javascript/easyui/themes/sunny/images/tree_folder.gif HTTP/1.1" 200 952
180.156.239.18 - - [14/May/2024:12:38:45 +0800] "GET /xingrg/all/function/internal_message.html?_=1715661525985&CODE_STATE=getMsg HTTP/1.1" 200 27
101.80.230.31 - - [14/May/2024:12:38:47 +0800] "GET /xingrg/index.html?sysBaseUrl=http%3A%2F%2F180.169.147.146%3A18081%2Fxingrg%2F&costTime=1478×tamp=1715658453302 HTTP/1.1" 200 17179
101.80.230.31 - - [14/May/2024:12:38:47 +0800] "GET /xingrg/check_reg.html?_=1715661529882 HTTP/1.1" 200 22
101.80.230.31 - - [14/May/2024:12:38:47 +0800] "GET /xingrg/all/function/internal_message.html?_=1715661529882&CODE_STATE=count HTTP/1.1" 200 11
101.80.230.31 - - [14/May/2024:12:38:47 +0800] "POST /xingrg/all/common/load_tree.html?tree=area_rest_tree_json&manage=1 HTTP/1.1" 200 351
101.80.230.31 - - [14/May/2024:12:38:47 +0800] "POST /xingrg/load_menu.html HTTP/1.1" 200 5138
116.235.243.85 - - [14/May/2024:12:38:51 +0800] "GET /xingrg/all/function/internal_message.html?_=1715661537516&CODE_STATE=getMsg HTTP/1.1" 200 27
101.80.230.31 - - [14/May/2024:12:38:53 +0800] "GET /xingrg/kc/report/report_main.html HTTP/1.1" 200 7340
101.80.230.31 - - [14/May/2024:12:38:54 +0800] "GET /xingrg/kc/base/kc_stocks.html HTTP/1.1" 200 16718
101.80.230.31 - - [14/May/2024:12:38:54 +0800] "GET /xingrg/javascript/easyui/themes/default/tree.css HTTP/1.1" 404 1090
101.80.230.31 - - [14/May/2024:12:38:54 +0800] "POST /xingrg/services/DataTransmitService HTTP/1.1" 200 524
101.80.230.31 - - [14/May/2024:12:38:54 +0800] "GET /xingrg/all/common/auto_word.html?type=base&rest_code=00156 HTTP/1.1" 200 1903
101.80.230.31 - - [14/May/2024:12:38:54 +0800] "POST /xingrg/all/common/load_tree.html?tree=materiel_sort_tree_json HTTP/1.1" 200 9734
101.80.230.31 - - [14/May/2024:12:38:54 +0800] "POST /xingrg/services/DataTransmitService HTTP/1.1" 200 501
222.70.183.82 - - [14/May/2024:12:38:56 +0800] "GET /xingrg/all/function/internal_message.html?_=1715661534193&CODE_STATE=getMsg HTTP/1.1" 200 27
116.232.195.13 - - [14/May/2024:12:38:58 +0800] "GET /xingrg/all/function/internal_message.html?_=1715661502736&CODE_STATE=getMsg HTTP/1.1" 200 27
116.232.195.13 - - [14/May/2024:12:38:58 +0800] "GET /xingrg/check_reg.html?_=1715661502739 HTTP/1.1" 200 22
114.89.67.151 - - [14/May/2024:12:39:00 +0800] "GET /xingrg/all/function/internal_message.html?_=1715661540518&CODE_STATE=getMsg HTTP/1.1" 200 27
114.89.67.151 - - [14/May/2024:12:39:01 +0800] "GET /xingrg/check_reg.html?_=1715661540914 HTTP/1.1" 200 22
114.84.152.157 - - [14/May/2024:12:39:01 +0800] "GET /xingrg/all/function/internal_message.html?_=1715659910974&CODE_STATE=getMsg HTTP/1.1" 200 27
101.83.144.49 - - [14/May/2024:12:39:01 +0800] "GET /xingrg/check_reg.html?_=1715661542447 HTTP/1.1" 200 22
101.83.144.49 - - [14/May/2024:12:39:02 +0800] "GET /xingrg/all/function/internal_message.html?_=1715661542869&CODE_STATE=getMsg HTTP/1.1" 200 27
101.80.230.31 - - [14/May/2024:12:39:02 +0800] "POST /xingrg/kc/base/stock_operate.html HTTP/1.1" 200 3801
180.169.147.146 - - [14/May/2024:12:39:03 +0800] "GET /xingrg/all/function/internal_message.html?_=1715661549858&CODE_STATE=getMsg HTTP/1.1" 200 27
101.80.230.31 - - [14/May/2024:12:39:08 +0800] "POST /xingrg/kc/base/stock_operate.html HTTP/1.1" 200 1657
101.80.230.31 - - [14/May/2024:12:39:12 +0800] "GET /xingrg/kc/base/stock_detail.html?m=00101014155 HTTP/1.1" 200 7442
222.69.132.151 - - [14/May/2024:12:39:17 +0800] "GET /xingrg/all/function/internal_message.html?_=1715661557680&CODE_STATE=getMsg HTTP/1.1" 200 27
124.78.158.134 - - [14/May/2024:12:39:17 +0800] "GET /xingrg/all/function/internal_message.html?_=1715661551796&CODE_STATE=getMsg HTTP/1.1" 200 27
101.80.230.31 - - [14/May/2024:12:39:17 +0800] "GET /xingrg/kc/base/stock_operate.html?_=1715661559916&command=get_report_file&start_day=20231101 HTTP/1.1" 200 53
101.80.230.31 - - [14/May/2024:12:39:17 +0800] "GET /xingrg/all/report/report_query.html?isQuery=1&onlyBody=1&rh=2000&fileName=kc/base/kc_stock_detail_new.xml&queryString=(1=1)&queryText=&tableQueryString=init_table$sp1$$sp$crk_table$sp1$order_day%20between%2020231101%20and%2020240531&varString=start_day:20231101,materiel_code:00101014155,cost_id:4683,end_date:20231031 HTTP/1.1" 200 48701
101.80.230.31 - - [14/May/2024:12:39:17 +0800] "GET /xingrg/dwr/interface/AjaxReportQueryService.js HTTP/1.1" 200 13203
101.80.230.31 - - [14/May/2024:12:39:17 +0800] "GET /xingrg/dwr/engine.js HTTP/1.1" 200 43631
101.80.230.31 - - [14/May/2024:12:39:17 +0800] "GET /xingrg/dwr/util.js HTTP/1.1" 304 -
101.80.230.31 - - [14/May/2024:12:39:19 +0800] "POST /xingrg/all/report/load_report_page.html HTTP/1.1" 200 39911
101.80.230.31 - - [14/May/2024:12:39:19 +0800] "GET /xingrg/servlets/image?cache=0.5327631430176898&image=px HTTP/1.1" 200 807
180.156.239.18 - - [14/May/2024:12:39:20 +0800] "GET /xingrg/all/function/internal_message.html?_=1715661559712&CODE_STATE=getMsg HTTP/1.1" 200 27
116.232.195.13 - - [14/May/2024:12:39:20 +0800] "GET /xingrg/all/function/internal_message.html?_=1715661524795&CODE_STATE=getMsg HTTP/1.1" 200 27
116.232.195.13 - - [14/May/2024:12:39:22 +0800] "GET /xingrg/all/function/internal_message.html?_=1715661526681&CODE_STATE=getMsg HTTP/1.1" 200 27
101.83.144.49 - - [14/May/2024:12:39:26 +0800] "GET /xingrg/all/function/internal_message.html?_=1715661313368&CODE_STATE=getMsg HTTP/1.1" 200 27
221.239.170.140 - - [14/May/2024:12:39:27 +0800] "GET /xingrg/all/function/internal_message.html?_=1715661565506&CODE_STATE=getMsg HTTP/1.1" 200 27
124.79.240.51 - - [14/May/2024:12:39:31 +0800] "GET /xingrg/all/function/internal_message.html?_=1715661612500&CODE_STATE=getMsg HTTP/1.1" 200 27
222.67.233.39 - - [14/May/2024:12:39:36 +0800] "GET /xingrg/all/function/internal_message.html?_=1715661576623&CODE_STATE=getMsg HTTP/1.1" 200 27
222.67.233.39 - - [14/May/2024:12:39:36 +0800] "GET /xingrg/check_reg.html?_=1715661576628 HTTP/1.1" 200 22
180.164.6.225 - - [14/May/2024:12:39:40 +0800] "GET /xingrg/all/function/internal_message.html?_=1715661579785&CODE_STATE=getMsg HTTP/1.1" 200 27
180.156.239.18 - - [14/May/2024:12:39:45 +0800] "GET /xingrg/all/function/internal_message.html?_=1715661585965&CODE_STATE=getMsg HTTP/1.1" 200 27
101.80.230.31 - - [14/May/2024:12:39:47 +0800] "GET /xingrg/all/function/internal_message.html?_=1715661589893&CODE_STATE=getMsg HTTP/1.1" 200 27
116.235.243.85 - - [14/May/2024:12:39:51 +0800] "GET /xingrg/all/function/internal_message.html?_=1715661597527&CODE_STATE=getMsg HTTP/1.1" 200 27
222.70.183.82 - - [14/May/2024:12:39:56 +0800] "GET /xingrg/all/function/internal_message.html?_=1715661594169&CODE_STATE=getMsg HTTP/1.1" 200 27
116.232.195.13 - - [14/May/2024:12:39:58 +0800] "GET /xingrg/all/function/internal_message.html?_=1715661562733&CODE_STATE=getMsg HTTP/1.1" 200 27
222.70.183.82 - - [14/May/2024:12:39:58 +0800] "GET /xingrg/check_reg.html?_=1715661596266 HTTP/1.1" 200 22
114.89.67.151 - - [14/May/2024:12:40:00 +0800] "GET /xingrg/all/function/internal_message.html?_=1715661600503&CODE_STATE=getMsg HTTP/1.1" 200 27
114.84.152.157 - - [14/May/2024:12:40:01 +0800] "GET /xingrg/check_reg.html?_=1715659970969 HTTP/1.1" 200 22
114.84.152.157 - - [14/May/2024:12:40:01 +0800] "GET /xingrg/all/function/internal_message.html?_=1715659970971&CODE_STATE=getMsg HTTP/1.1" 200 27
101.83.144.49 - - [14/May/2024:12:40:02 +0800] "GET /xingrg/all/function/internal_message.html?_=1715661602841&CODE_STATE=getMsg HTTP/1.1" 200 27
180.169.147.146 - - [14/May/2024:12:40:03 +0800] "GET /xingrg/all/function/internal_message.html?_=1715661609858&CODE_STATE=getMsg HTTP/1.1" 200 27
180.169.147.146 - - [14/May/2024:12:40:03 +0800] "GET /xingrg/check_reg.html?_=1715661609993 HTTP/1.1" 200 22
101.80.230.31 - - [14/May/2024:12:40:15 +0800] "GET /xingrg/kc/guide/show_order.html?code=422024032101498&type=42 HTTP/1.1" 302 -
101.80.230.31 - - [14/May/2024:12:40:15 +0800] "GET /xingrg/kc/guide/show_order.html?code=422024032101498&type=42 HTTP/1.1" 302 -
101.80.230.31 - - [14/May/2024:12:40:15 +0800] "GET /xingrg/kc/guide/show_order.html?code=422024032101498&type=42 HTTP/1.1" 302 -
101.80.230.31 - - [14/May/2024:12:40:15 +0800] "GET /xingrg/kc/guide/show_order.html?code=422024032101498&type=42 HTTP/1.1" 302 -
101.80.230.31 - - [14/May/2024:12:40:15 +0800] "GET /xingrg/kc/guide/show_order.html?code=422024032101498&type=42 HTTP/1.1" 302 -
101.80.230.31 - - [14/May/2024:12:40:15 +0800] "GET /xingrg/kc/guide/show_order.html?code=422024032101498&type=42 HTTP/1.1" 302 -
101.80.230.31 - - [14/May/2024:12:40:15 +0800] "GET /xingrg/kc/guide/show_order.html?code=422024032101498&type=42 HTTP/1.1" 302 -
101.80.230.31 - - [14/May/2024:12:40:16 +0800] "GET /xingrg/kc/base/wldb_order_info.html?code=422024032101498&sysBaseUrl=http%3A%2F%2F180.169.147.146%3A18081%2Fxingrg%2F&costTime=0×tamp=1715661615213 HTTP/1.1" 200 26544
101.80.230.31 - - [14/May/2024:12:40:16 +0800] "GET /xingrg/kc/base/wldb_order_info.html?code=422024032101498&sysBaseUrl=http%3A%2F%2F180.169.147.146%3A18081%2Fxingrg%2F&costTime=0×tamp=1715661615197 HTTP/1.1" 200 26544
101.80.230.31 - - [14/May/2024:12:40:16 +0800] "GET /xingrg/kc/base/wldb_order_info.html?code=422024032101498&sysBaseUrl=http%3A%2F%2F180.169.147.146%3A18081%2Fxingrg%2F&costTime=0×tamp=1715661615194 HTTP/1.1" 200 26544
101.80.230.31 - - [14/May/2024:12:40:16 +0800] "GET /xingrg/kc/base/wldb_order_info.html?code=422024032101498&sysBaseUrl=http%3A%2F%2F180.169.147.146%3A18081%2Fxingrg%2F&costTime=1×tamp=1715661615271 HTTP/1.1" 200 26544
101.80.230.31 - - [14/May/2024:12:40:16 +0800] "GET /xingrg/kc/base/wldb_order_info.html?code=422024032101498&sysBaseUrl=http%3A%2F%2F180.169.147.146%3A18081%2Fxingrg%2F&costTime=0×tamp=1715661615269 HTTP/1.1" 200 26544
101.80.230.31 - - [14/May/2024:12:40:16 +0800] "GET /xingrg/kc/base/wldb_order_info.html?code=422024032101498&sysBaseUrl=http%3A%2F%2F180.169.147.146%3A18081%2Fxingrg%2F&costTime=1×tamp=1715661615171 HTTP/1.1" 200 26544
101.80.230.31 - - [14/May/2024:12:40:16 +0800] "GET /xingrg/kc/base/wldb_order_info.html?code=422024032101498&sysBaseUrl=http%3A%2F%2F180.169.147.146%3A18081%2Fxingrg%2F&costTime=0×tamp=1715661615231 HTTP/1.1" 200 26544
101.80.230.31 - - [14/May/2024:12:40:16 +0800] "GET /xingrg/words/20240514110115_words.js HTTP/1.1" 200 1024190
101.80.230.31 - - [14/May/2024:12:40:16 +0800] "GET /xingrg/words/20240514110115_words.js HTTP/1.1" 200 1024190
101.80.230.31 - - [14/May/2024:12:40:16 +0800] "GET /xingrg/words/20240514110115_words.js HTTP/1.1" 200 1024190
101.80.230.31 - - [14/May/2024:12:40:16 +0800] "GET /xingrg/words/20240514110115_words.js HTTP/1.1" 200 1024190
101.80.230.31 - - [14/May/2024:12:40:16 +0800] "GET /xingrg/words/20240514110115_words.js HTTP/1.1" 200 1024190
101.80.230.31 - - [14/May/2024:12:40:17 +0800] "GET /xingrg/words/20240514110115_words.js HTTP/1.1" 200 1024190
101.80.230.31 - - [14/May/2024:12:40:17 +0800] "GET /xingrg/words/20240514110115_words.js HTTP/1.1" 200 1024190
101.80.230.31 - - [14/May/2024:12:40:17 +0800] "GET /xingrg/javascript/easyui/themes/default/validatebox.css HTTP/1.1" 404 1104
101.80.230.31 - - [14/May/2024:12:40:17 +0800] "GET /xingrg/javascript/easyui/themes/default/validatebox.css HTTP/1.1" 404 1104
101.80.230.31 - - [14/May/2024:12:40:17 +0800] "GET /xingrg/javascript/easyui/themes/default/validatebox.css HTTP/1.1" 404 1104
101.80.230.31 - - [14/May/2024:12:40:17 +0800] "GET /xingrg/javascript/easyui/themes/default/validatebox.css HTTP/1.1" 404 1104
101.80.230.31 - - [14/May/2024:12:40:17 +0800] "GET /xingrg/javascript/easyui/themes/default/validatebox.css HTTP/1.1" 404 1104
222.69.132.151 - - [14/May/2024:12:40:17 +0800] "GET /xingrg/all/function/internal_message.html?_=1715661617707&CODE_STATE=getMsg HTTP/1.1" 200 27
101.80.230.31 - - [14/May/2024:12:40:17 +0800] "POST /xingrg/kc/base/wldb_order_operate.html HTTP/1.1" 200 1911
101.80.230.31 - - [14/May/2024:12:40:17 +0800] "GET /xingrg/words/20240514110115_words.js HTTP/1.1" 200 1024190
101.80.230.31 - - [14/May/2024:12:40:17 +0800] "GET /xingrg/javascript/easyui/themes/default/validatebox.css HTTP/1.1" 404 1104
101.80.230.31 - - [14/May/2024:12:40:17 +0800] "GET /xingrg/words/20240514110115_words.js HTTP/1.1" 200 1024190
101.80.230.31 - - [14/May/2024:12:40:17 +0800] "POST /xingrg/kc/base/wldb_order_operate.html HTTP/1.1" 200 1911
101.80.230.31 - - [14/May/2024:12:40:17 +0800] "GET /xingrg/javascript/easyui/themes/default/validatebox.css HTTP/1.1" 404 1104
124.78.158.134 - - [14/May/2024:12:40:17 +0800] "GET /xingrg/all/function/internal_message.html?_=1715661611768&CODE_STATE=getMsg HTTP/1.1" 200 27
101.80.230.31 - - [14/May/2024:12:40:17 +0800] "POST /xingrg/kc/base/wldb_order_operate.html HTTP/1.1" 200 1911
101.80.230.31 - - [14/May/2024:12:40:17 +0800] "POST /xingrg/kc/base/wldb_order_operate.html HTTP/1.1" 200 1911
101.80.230.31 - - [14/May/2024:12:40:17 +0800] "POST /xingrg/kc/base/wldb_order_operate.html HTTP/1.1" 200 1911
101.80.230.31 - - [14/May/2024:12:40:18 +0800] "POST /xingrg/kc/base/wldb_order_operate.html HTTP/1.1" 200 1911
101.80.230.31 - - [14/May/2024:12:40:18 +0800] "POST /xingrg/kc/base/wldb_order_operate.html HTTP/1.1" 200 1911
180.156.239.18 - - [14/May/2024:12:40:20 +0800] "GET /xingrg/check_reg.html?_=1715661619707 HTTP/1.1" 200 22
180.156.239.18 - - [14/May/2024:12:40:20 +0800] "GET /xingrg/all/function/internal_message.html?_=1715661619711&CODE_STATE=getMsg HTTP/1.1" 200 27
