101.80.230.31 - - [14/May/2024:11:08:54 +0800] "POST /xingrg/services/DataTransmitService HTTP/1.1" 200 524
101.80.230.31 - - [14/May/2024:11:08:54 +0800] "POST /xingrg/services/DataTransmitService HTTP/1.1" 200 501
222.69.130.233 - - [14/May/2024:11:08:56 +0800] "POST /xingrg/all/common/load_tree.html?tree=rest_base_tree_json HTTP/1.1" 200 75481
116.232.195.13 - - [14/May/2024:11:08:58 +0800] "GET /xingrg/all/function/internal_message.html?_=1715656102752&CODE_STATE=getMsg HTTP/1.1" 200 27
116.232.195.13 - - [14/May/2024:11:08:58 +0800] "GET /xingrg/check_reg.html?_=1715656102754 HTTP/1.1" 200 22
222.70.183.82 - - [14/May/2024:11:08:58 +0800] "GET /xingrg/all/function/internal_message.html?_=1715656135777&CODE_STATE=getMsg HTTP/1.1" 200 27
101.83.144.49 - - [14/May/2024:11:09:01 +0800] "GET /xingrg/all/function/internal_message.html?_=1715656142319&CODE_STATE=getMsg HTTP/1.1" 200 27
101.83.144.49 - - [14/May/2024:11:09:01 +0800] "GET /xingrg/check_reg.html?_=1715656142323 HTTP/1.1" 200 22
180.169.147.146 - - [14/May/2024:11:09:03 +0800] "GET /xingrg/all/function/internal_message.html?_=1715656149673&CODE_STATE=getMsg HTTP/1.1" 200 27
222.69.132.151 - - [14/May/2024:11:09:17 +0800] "GET /xingrg/all/function/internal_message.html?_=1715656159075&CODE_STATE=getMsg HTTP/1.1" 200 27
124.78.158.134 - - [14/May/2024:11:09:19 +0800] "GET /xingrg/all/function/internal_message.html?_=1715656153646&CODE_STATE=getMsg HTTP/1.1" 200 27
180.156.239.18 - - [14/May/2024:11:09:20 +0800] "GET /xingrg/all/function/internal_message.html?_=1715656159713&CODE_STATE=getMsg HTTP/1.1" 200 27
116.232.195.13 - - [14/May/2024:11:09:20 +0800] "GET /xingrg/all/function/internal_message.html?_=1715656124789&CODE_STATE=getMsg HTTP/1.1" 200 27
101.83.144.49 - - [14/May/2024:11:09:22 +0800] "GET /xingrg/all/function/internal_message.html?_=1715655909620&CODE_STATE=getMsg HTTP/1.1" 200 27
222.69.130.233 - - [14/May/2024:11:09:25 +0800] "POST /xingrg/kc/base/wldb_list_operate.html HTTP/1.1" 200 2638
180.156.239.18 - - [14/May/2024:11:09:26 +0800] "GET /xingrg/all/function/internal_message.html?_=1715656166282&CODE_STATE=getMsg HTTP/1.1" 200 27
114.89.67.151 - - [14/May/2024:11:09:28 +0800] "GET /xingrg/all/function/internal_message.html?_=1715656167987&CODE_STATE=getMsg HTTP/1.1" 302 -
222.69.130.233 - - [14/May/2024:11:09:29 +0800] "POST /xingrg/kc/base/wldb_list_operate.html HTTP/1.1" 200 207
222.67.233.39 - - [14/May/2024:11:09:31 +0800] "GET /xingrg/all/function/internal_message.html?_=1715656171982&CODE_STATE=getMsg HTTP/1.1" 200 27
222.69.130.233 - - [14/May/2024:11:09:32 +0800] "GET /xingrg/kc/base/wldb_order_info.html?code=422024051100748 HTTP/1.1" 200 26546
222.69.130.233 - - [14/May/2024:11:09:33 +0800] "GET /xingrg/words/20240514110115_words.js HTTP/1.1" 304 -
222.69.130.233 - - [14/May/2024:11:09:33 +0800] "GET /xingrg/javascript/easyui/themes/default/validatebox.css HTTP/1.1" 404 1104
222.69.130.233 - - [14/May/2024:11:09:34 +0800] "POST /xingrg/kc/base/wldb_order_operate.html HTTP/1.1" 200 496
124.79.240.51 - - [14/May/2024:11:09:35 +0800] "GET /xingrg/all/function/internal_message.html?_=1715656217064&CODE_STATE=getMsg HTTP/1.1" 200 27
180.169.147.146 - - [14/May/2024:11:09:36 +0800] "GET /xingrg/check_reg.html?_=1715656176496 HTTP/1.1" 200 22
180.169.147.146 - - [14/May/2024:11:09:36 +0800] "GET /xingrg/all/function/internal_message.html?_=1715656176498&CODE_STATE=getMsg HTTP/1.1" 200 27
180.164.6.225 - - [14/May/2024:11:09:41 +0800] "GET /xingrg/all/function/internal_message.html?_=1715656181154&CODE_STATE=getMsg HTTP/1.1" 200 27
221.239.170.140 - - [14/May/2024:11:09:47 +0800] "GET /xingrg/all/function/internal_message.html?_=1715656185851&CODE_STATE=getMsg HTTP/1.1" 200 27
101.80.230.31 - - [14/May/2024:11:09:48 +0800] "GET /xingrg/all/function/internal_message.html?_=1715656190805&CODE_STATE=getMsg HTTP/1.1" 200 27
116.235.243.85 - - [14/May/2024:11:09:50 +0800] "GET /xingrg/all/function/internal_message.html?_=1715656196303&CODE_STATE=getMsg HTTP/1.1" 200 27
116.232.195.13 - - [14/May/2024:11:09:58 +0800] "GET /xingrg/all/function/internal_message.html?_=1715656162740&CODE_STATE=getMsg HTTP/1.1" 200 27
222.70.183.82 - - [14/May/2024:11:09:58 +0800] "GET /xingrg/all/function/internal_message.html?_=1715656195760&CODE_STATE=getMsg HTTP/1.1" 200 27
222.70.183.82 - - [14/May/2024:11:09:59 +0800] "GET /xingrg/check_reg.html?_=1715656196509 HTTP/1.1" 200 22
101.83.144.49 - - [14/May/2024:11:10:01 +0800] "GET /xingrg/all/function/internal_message.html?_=1715656202350&CODE_STATE=getMsg HTTP/1.1" 200 27
180.169.147.146 - - [14/May/2024:11:10:03 +0800] "GET /xingrg/check_reg.html?_=1715656209673 HTTP/1.1" 200 22
180.169.147.146 - - [14/May/2024:11:10:03 +0800] "GET /xingrg/all/function/internal_message.html?_=1715656209676&CODE_STATE=getMsg HTTP/1.1" 200 27
222.69.132.151 - - [14/May/2024:11:10:17 +0800] "GET /xingrg/all/function/internal_message.html?_=1715656219066&CODE_STATE=getMsg HTTP/1.1" 200 27
124.78.158.134 - - [14/May/2024:11:10:19 +0800] "GET /xingrg/all/function/internal_message.html?_=1715656213618&CODE_STATE=getMsg HTTP/1.1" 200 27
180.156.239.18 - - [14/May/2024:11:10:20 +0800] "GET /xingrg/all/function/internal_message.html?_=1715656219699&CODE_STATE=getMsg HTTP/1.1" 200 27
180.156.239.18 - - [14/May/2024:11:10:20 +0800] "GET /xingrg/check_reg.html?_=1715656219703 HTTP/1.1" 200 22
116.232.195.13 - - [14/May/2024:11:10:20 +0800] "GET /xingrg/all/function/internal_message.html?_=1715656184797&CODE_STATE=getMsg HTTP/1.1" 200 27
101.83.144.49 - - [14/May/2024:11:10:22 +0800] "GET /xingrg/all/function/internal_message.html?_=1715655969621&CODE_STATE=getMsg HTTP/1.1" 200 27
222.69.130.233 - - [14/May/2024:11:10:24 +0800] "GET /xingrg/kc/base/wldb_order_list.html HTTP/1.1" 200 19180
222.69.130.233 - - [14/May/2024:11:10:25 +0800] "POST /xingrg/kc/base/wldb_list_operate.html HTTP/1.1" 200 4596
180.156.239.18 - - [14/May/2024:11:10:26 +0800] "GET /xingrg/check_reg.html?_=1715656226283 HTTP/1.1" 200 22
180.156.239.18 - - [14/May/2024:11:10:26 +0800] "GET /xingrg/all/function/internal_message.html?_=1715656226286&CODE_STATE=getMsg HTTP/1.1" 200 27
114.89.67.151 - - [14/May/2024:11:10:27 +0800] "GET /xingrg/all/function/internal_message.html?_=1715656227968&CODE_STATE=getMsg HTTP/1.1" 302 -
114.89.67.151 - - [14/May/2024:11:10:28 +0800] "GET /xingrg/check_reg.html?_=1715656228088 HTTP/1.1" 302 -
222.67.233.39 - - [14/May/2024:11:10:31 +0800] "GET /xingrg/all/function/internal_message.html?_=1715656231960&CODE_STATE=getMsg HTTP/1.1" 200 27
124.79.240.51 - - [14/May/2024:11:10:35 +0800] "GET /xingrg/all/function/internal_message.html?_=1715656277062&CODE_STATE=getMsg HTTP/1.1" 200 27
180.169.147.146 - - [14/May/2024:11:10:36 +0800] "GET /xingrg/all/function/internal_message.html?_=1715656236497&CODE_STATE=getMsg HTTP/1.1" 200 27
180.164.6.225 - - [14/May/2024:11:10:41 +0800] "GET /xingrg/all/function/internal_message.html?_=1715656241127&CODE_STATE=getMsg HTTP/1.1" 200 27
221.239.170.140 - - [14/May/2024:11:10:47 +0800] "GET /xingrg/all/function/internal_message.html?_=1715656245851&CODE_STATE=getMsg HTTP/1.1" 200 27
116.235.243.85 - - [14/May/2024:11:10:48 +0800] "GET /xingrg/check_reg.html?_=1715656254760 HTTP/1.1" 200 22
101.80.230.31 - - [14/May/2024:11:10:48 +0800] "GET /xingrg/all/function/internal_message.html?_=1715656250810&CODE_STATE=getMsg HTTP/1.1" 200 27
116.235.243.85 - - [14/May/2024:11:10:50 +0800] "GET /xingrg/all/function/internal_message.html?_=1715656256318&CODE_STATE=getMsg HTTP/1.1" 200 27
222.67.233.39 - - [14/May/2024:11:10:53 +0800] "GET /xingrg/check_reg.html?_=1715656253721 HTTP/1.1" 200 22
116.238.97.31 - - [14/May/2024:11:10:54 +0800] "GET /xingrg/check_reg.html?_=1715656253743 HTTP/1.1" 200 22
116.232.195.13 - - [14/May/2024:11:10:58 +0800] "GET /xingrg/all/function/internal_message.html?_=1715656222742&CODE_STATE=getMsg HTTP/1.1" 200 27
222.70.183.82 - - [14/May/2024:11:10:58 +0800] "GET /xingrg/all/function/internal_message.html?_=1715656255743&CODE_STATE=getMsg HTTP/1.1" 200 27
101.83.144.49 - - [14/May/2024:11:11:01 +0800] "GET /xingrg/all/function/internal_message.html?_=1715656262350&CODE_STATE=getMsg HTTP/1.1" 200 27
180.169.147.146 - - [14/May/2024:11:11:03 +0800] "GET /xingrg/all/function/internal_message.html?_=1715656269674&CODE_STATE=getMsg HTTP/1.1" 200 27
222.69.132.151 - - [14/May/2024:11:11:17 +0800] "GET /xingrg/all/function/internal_message.html?_=1715656279079&CODE_STATE=getMsg HTTP/1.1" 200 27
124.78.158.134 - - [14/May/2024:11:11:19 +0800] "GET /xingrg/all/function/internal_message.html?_=1715656273589&CODE_STATE=getMsg HTTP/1.1" 200 27
180.156.239.18 - - [14/May/2024:11:11:20 +0800] "GET /xingrg/all/function/internal_message.html?_=1715656279722&CODE_STATE=getMsg HTTP/1.1" 200 27
116.232.195.13 - - [14/May/2024:11:11:20 +0800] "GET /xingrg/all/function/internal_message.html?_=1715656244811&CODE_STATE=getMsg HTTP/1.1" 200 27
116.232.195.13 - - [14/May/2024:11:11:20 +0800] "GET /xingrg/check_reg.html?_=1715656244814 HTTP/1.1" 200 22
222.69.130.233 - - [14/May/2024:11:11:21 +0800] "POST /xingrg/kc/base/wldb_list_operate.html HTTP/1.1" 200 4
101.83.144.49 - - [14/May/2024:11:11:22 +0800] "GET /xingrg/check_reg.html?_=1715656029649 HTTP/1.1" 200 22
101.83.144.49 - - [14/May/2024:11:11:22 +0800] "GET /xingrg/all/function/internal_message.html?_=1715656029652&CODE_STATE=getMsg HTTP/1.1" 200 27
222.69.130.233 - - [14/May/2024:11:11:23 +0800] "POST /xingrg/kc/base/wldb_list_operate.html HTTP/1.1" 200 928
222.69.130.233 - - [14/May/2024:11:11:23 +0800] "GET /xingrg/kc/base/wldb_order_add.html HTTP/1.1" 200 30668
222.69.130.233 - - [14/May/2024:11:11:24 +0800] "GET /xingrg/words/20240514110115_words.js HTTP/1.1" 304 -
222.69.130.233 - - [14/May/2024:11:11:24 +0800] "POST /xingrg/kc/base/wldb_order_operate.html HTTP/1.1" 200 6806
222.69.130.233 - - [14/May/2024:11:11:24 +0800] "GET /xingrg/javascript/easyui/themes/default/validatebox.css HTTP/1.1" 404 1104
222.69.130.233 - - [14/May/2024:11:11:26 +0800] "GET /xingrg/javascript/auto/indicator.gif HTTP/1.1" 404 1066
180.156.239.18 - - [14/May/2024:11:11:26 +0800] "GET /xingrg/all/function/internal_message.html?_=1715656286272&CODE_STATE=getMsg HTTP/1.1" 200 27
114.89.67.151 - - [14/May/2024:11:11:27 +0800] "GET /xingrg/all/function/internal_message.html?_=1715656287960&CODE_STATE=getMsg HTTP/1.1" 302 -
222.69.130.233 - - [14/May/2024:11:11:28 +0800] "GET /xingrg/javascript/jquery_tools/images/prev.gif HTTP/1.1" 404 1086
222.69.130.233 - - [14/May/2024:11:11:28 +0800] "GET /xingrg/javascript/jquery_tools/images/next.gif HTTP/1.1" 404 1086
222.67.233.39 - - [14/May/2024:11:11:31 +0800] "GET /xingrg/all/function/internal_message.html?_=1715656291951&CODE_STATE=getMsg HTTP/1.1" 200 27
124.79.240.51 - - [14/May/2024:11:11:35 +0800] "GET /xingrg/all/function/internal_message.html?_=1715656337061&CODE_STATE=getMsg HTTP/1.1" 200 27
180.169.147.146 - - [14/May/2024:11:11:36 +0800] "GET /xingrg/all/function/internal_message.html?_=1715656296475&CODE_STATE=getMsg HTTP/1.1" 200 27
180.164.6.225 - - [14/May/2024:11:11:41 +0800] "GET /xingrg/all/function/internal_message.html?_=1715656301120&CODE_STATE=getMsg HTTP/1.1" 200 27
221.239.170.140 - - [14/May/2024:11:11:47 +0800] "GET /xingrg/check_reg.html?_=1715656305854 HTTP/1.1" 200 22
221.239.170.140 - - [14/May/2024:11:11:47 +0800] "GET /xingrg/all/function/internal_message.html?_=1715656305851&CODE_STATE=getMsg HTTP/1.1" 200 27
101.80.230.31 - - [14/May/2024:11:11:48 +0800] "GET /xingrg/all/function/internal_message.html?_=1715656310801&CODE_STATE=getMsg HTTP/1.1" 200 27
116.235.243.85 - - [14/May/2024:11:11:50 +0800] "GET /xingrg/all/function/internal_message.html?_=1715656316333&CODE_STATE=getMsg HTTP/1.1" 200 27
116.232.195.13 - - [14/May/2024:11:11:58 +0800] "GET /xingrg/all/function/internal_message.html?_=1715656282745&CODE_STATE=getMsg HTTP/1.1" 200 27
222.70.183.82 - - [14/May/2024:11:11:58 +0800] "GET /xingrg/all/function/internal_message.html?_=1715656315716&CODE_STATE=getMsg HTTP/1.1" 200 27
120.253.135.82 - - [14/May/2024:11:12:00 +0800] "GET /xingrg/check_reg.html?_=1715656170616 HTTP/1.1" 200 22
101.83.144.49 - - [14/May/2024:11:12:01 +0800] "GET /xingrg/all/function/internal_message.html?_=1715656322351&CODE_STATE=getMsg HTTP/1.1" 200 27
180.169.147.146 - - [14/May/2024:11:12:03 +0800] "GET /xingrg/all/function/internal_message.html?_=1715656329674&CODE_STATE=getMsg HTTP/1.1" 200 27
222.69.130.233 - - [14/May/2024:11:12:03 +0800] "POST /xingrg/kc/base/wldb_order_operate.html HTTP/1.1" 200 37
222.69.130.233 - - [14/May/2024:11:12:08 +0800] "POST /xingrg/kc/base/wldb_order_operate.html HTTP/1.1" 200 12
222.69.130.233 - - [14/May/2024:11:12:08 +0800] "POST /xingrg/kc/base/wldb_order_operate.html HTTP/1.1" 200 2184
116.232.195.13 - - [14/May/2024:11:12:11 +0800] "POST /xingrg/kc/buy/cgsh_list_operate.html HTTP/1.1" 200 427
222.69.132.151 - - [14/May/2024:11:12:17 +0800] "GET /xingrg/check_reg.html?_=1715656339069 HTTP/1.1" 200 22
222.69.132.151 - - [14/May/2024:11:12:17 +0800] "GET /xingrg/all/function/internal_message.html?_=1715656339072&CODE_STATE=getMsg HTTP/1.1" 200 27
124.78.158.134 - - [14/May/2024:11:12:19 +0800] "GET /xingrg/all/function/internal_message.html?_=1715656333560&CODE_STATE=getMsg HTTP/1.1" 200 27
180.156.239.18 - - [14/May/2024:11:12:20 +0800] "GET /xingrg/all/function/internal_message.html?_=1715656339703&CODE_STATE=getMsg HTTP/1.1" 200 27
116.232.195.13 - - [14/May/2024:11:12:20 +0800] "GET /xingrg/all/function/internal_message.html?_=1715656304816&CODE_STATE=getMsg HTTP/1.1" 200 27
222.69.130.233 - - [14/May/2024:11:12:20 +0800] "GET /xingrg/kc/base/wldb_order_info.html?code=422024051400958 HTTP/1.1" 200 26546
222.69.130.233 - - [14/May/2024:11:12:21 +0800] "GET /xingrg/javascript/easyui/themes/default/validatebox.css HTTP/1.1" 404 1104
222.69.130.233 - - [14/May/2024:11:12:21 +0800] "POST /xingrg/kc/base/wldb_order_operate.html HTTP/1.1" 200 478
101.83.144.49 - - [14/May/2024:11:12:22 +0800] "GET /xingrg/all/function/internal_message.html?_=1715656089637&CODE_STATE=getMsg HTTP/1.1" 200 27
180.156.239.18 - - [14/May/2024:11:12:26 +0800] "GET /xingrg/all/function/internal_message.html?_=1715656346288&CODE_STATE=getMsg HTTP/1.1" 200 27
114.89.67.151 - - [14/May/2024:11:12:27 +0800] "GET /xingrg/all/function/internal_message.html?_=1715656347936&CODE_STATE=getMsg HTTP/1.1" 302 -
222.67.233.39 - - [14/May/2024:11:12:31 +0800] "GET /xingrg/all/function/internal_message.html?_=1715656351934&CODE_STATE=getMsg HTTP/1.1" 200 27
124.79.240.51 - - [14/May/2024:11:12:35 +0800] "GET /xingrg/all/function/internal_message.html?_=1715656397060&CODE_STATE=getMsg HTTP/1.1" 200 27
124.79.240.51 - - [14/May/2024:11:12:35 +0800] "GET /xingrg/check_reg.html?_=1715656397061 HTTP/1.1" 200 22
180.169.147.146 - - [14/May/2024:11:12:36 +0800] "GET /xingrg/all/function/internal_message.html?_=1715656356495&CODE_STATE=getMsg HTTP/1.1" 200 27
180.164.6.225 - - [14/May/2024:11:12:41 +0800] "GET /xingrg/all/function/internal_message.html?_=1715656361100&CODE_STATE=getMsg HTTP/1.1" 200 27
221.239.170.140 - - [14/May/2024:11:12:47 +0800] "GET /xingrg/all/function/internal_message.html?_=1715656365859&CODE_STATE=getMsg HTTP/1.1" 200 27
101.80.230.31 - - [14/May/2024:11:12:48 +0800] "GET /xingrg/all/function/internal_message.html?_=1715656370801&CODE_STATE=getMsg HTTP/1.1" 200 27
116.235.243.85 - - [14/May/2024:11:12:50 +0800] "GET /xingrg/all/function/internal_message.html?_=1715656376345&CODE_STATE=getMsg HTTP/1.1" 200 27
116.232.195.13 - - [14/May/2024:11:12:58 +0800] "GET /xingrg/all/function/internal_message.html?_=1715656342740&CODE_STATE=getMsg HTTP/1.1" 200 27
222.70.183.82 - - [14/May/2024:11:12:58 +0800] "GET /xingrg/all/function/internal_message.html?_=1715656375699&CODE_STATE=getMsg HTTP/1.1" 200 27
180.164.6.225 - - [14/May/2024:11:13:00 +0800] "GET /xingrg/check_reg.html?_=1715656380346 HTTP/1.1" 200 22
101.83.144.49 - - [14/May/2024:11:13:01 +0800] "GET /xingrg/all/function/internal_message.html?_=1715656382352&CODE_STATE=getMsg HTTP/1.1" 200 27
180.169.147.146 - - [14/May/2024:11:13:03 +0800] "GET /xingrg/all/function/internal_message.html?_=1715656389673&CODE_STATE=getMsg HTTP/1.1" 200 27
222.69.132.151 - - [14/May/2024:11:13:17 +0800] "GET /xingrg/all/function/internal_message.html?_=1715656399080&CODE_STATE=getMsg HTTP/1.1" 200 27
124.78.158.134 - - [14/May/2024:11:13:17 +0800] "GET /xingrg/check_reg.html?_=1715656391959 HTTP/1.1" 200 22
124.78.158.134 - - [14/May/2024:11:13:19 +0800] "GET /xingrg/all/function/internal_message.html?_=1715656393535&CODE_STATE=getMsg HTTP/1.1" 200 27
180.156.239.18 - - [14/May/2024:11:13:20 +0800] "GET /xingrg/all/function/internal_message.html?_=1715656399719&CODE_STATE=getMsg HTTP/1.1" 200 27
116.232.195.13 - - [14/May/2024:11:13:20 +0800] "GET /xingrg/all/function/internal_message.html?_=1715656364811&CODE_STATE=getMsg HTTP/1.1" 200 27
101.83.144.49 - - [14/May/2024:11:13:22 +0800] "GET /xingrg/all/function/internal_message.html?_=1715656149637&CODE_STATE=getMsg HTTP/1.1" 200 27
222.69.130.233 - - [14/May/2024:11:13:24 +0800] "GET /xingrg/check_reg.html?_=1715656402492 HTTP/1.1" 200 22
180.156.239.18 - - [14/May/2024:11:13:26 +0800] "GET /xingrg/all/function/internal_message.html?_=1715656406278&CODE_STATE=getMsg HTTP/1.1" 200 27
114.89.67.151 - - [14/May/2024:11:13:27 +0800] "GET /xingrg/all/function/internal_message.html?_=1715656407920&CODE_STATE=getMsg HTTP/1.1" 302 -
222.67.233.39 - - [14/May/2024:11:13:31 +0800] "GET /xingrg/all/function/internal_message.html?_=1715656411919&CODE_STATE=getMsg HTTP/1.1" 200 27
124.79.240.51 - - [14/May/2024:11:13:35 +0800] "GET /xingrg/all/function/internal_message.html?_=1715656457075&CODE_STATE=getMsg HTTP/1.1" 200 27
180.169.147.146 - - [14/May/2024:11:13:36 +0800] "GET /xingrg/all/function/internal_message.html?_=1715656416499&CODE_STATE=getMsg HTTP/1.1" 200 27
180.164.6.225 - - [14/May/2024:11:13:41 +0800] "GET /xingrg/all/function/internal_message.html?_=1715656421090&CODE_STATE=getMsg HTTP/1.1" 200 27
221.239.170.140 - - [14/May/2024:11:13:47 +0800] "GET /xingrg/all/function/internal_message.html?_=1715656425860&CODE_STATE=getMsg HTTP/1.1" 200 27
101.80.230.31 - - [14/May/2024:11:13:48 +0800] "GET /xingrg/all/function/internal_message.html?_=1715656430800&CODE_STATE=getMsg HTTP/1.1" 200 27
101.80.230.31 - - [14/May/2024:11:13:48 +0800] "GET /xingrg/check_reg.html?_=1715656430812 HTTP/1.1" 200 22
116.235.243.85 - - [14/May/2024:11:13:50 +0800] "GET /xingrg/all/function/internal_message.html?_=1715656436365&CODE_STATE=getMsg HTTP/1.1" 200 27
116.232.195.13 - - [14/May/2024:11:13:58 +0800] "GET /xingrg/all/function/internal_message.html?_=1715656402731&CODE_STATE=getMsg HTTP/1.1" 200 27
116.232.195.13 - - [14/May/2024:11:13:58 +0800] "GET /xingrg/check_reg.html?_=1715656402735 HTTP/1.1" 200 22
222.70.183.82 - - [14/May/2024:11:13:58 +0800] "GET /xingrg/all/function/internal_message.html?_=1715656435708&CODE_STATE=getMsg HTTP/1.1" 200 27
124.79.240.51 - - [14/May/2024:11:14:01 +0800] "GET /xingrg/kc/buy/cgsh_order_operate.html?command=get_materiel&rest_code=00104&code=00101010889&supplier_code=00100008&order_time=2024-05-14 HTTP/1.1" 200 412
101.83.144.49 - - [14/May/2024:11:14:01 +0800] "GET /xingrg/check_reg.html?_=1715656442353 HTTP/1.1" 200 22
101.83.144.49 - - [14/May/2024:11:14:01 +0800] "GET /xingrg/all/function/internal_message.html?_=1715656442356&CODE_STATE=getMsg HTTP/1.1" 200 27
180.169.147.146 - - [14/May/2024:11:14:03 +0800] "GET /xingrg/all/function/internal_message.html?_=1715656449674&CODE_STATE=getMsg HTTP/1.1" 200 27
222.69.132.151 - - [14/May/2024:11:14:17 +0800] "GET /xingrg/all/function/internal_message.html?_=1715656459074&CODE_STATE=getMsg HTTP/1.1" 200 27
124.78.158.134 - - [14/May/2024:11:14:19 +0800] "GET /xingrg/all/function/internal_message.html?_=1715656453511&CODE_STATE=getMsg HTTP/1.1" 200 27
180.156.239.18 - - [14/May/2024:11:14:20 +0800] "GET /xingrg/all/function/internal_message.html?_=1715656459715&CODE_STATE=getMsg HTTP/1.1" 200 27
116.232.195.13 - - [14/May/2024:11:14:20 +0800] "GET /xingrg/all/function/internal_message.html?_=1715656424813&CODE_STATE=getMsg HTTP/1.1" 200 27
101.83.144.49 - - [14/May/2024:11:14:22 +0800] "GET /xingrg/all/function/internal_message.html?_=1715656209638&CODE_STATE=getMsg HTTP/1.1" 200 27
180.156.239.18 - - [14/May/2024:11:14:26 +0800] "GET /xingrg/all/function/internal_message.html?_=1715656466278&CODE_STATE=getMsg HTTP/1.1" 200 27
114.89.67.151 - - [14/May/2024:11:14:27 +0800] "GET /xingrg/all/function/internal_message.html?_=1715656467900&CODE_STATE=getMsg HTTP/1.1" 302 -
222.67.233.39 - - [14/May/2024:11:14:31 +0800] "GET /xingrg/all/function/internal_message.html?_=1715656471896&CODE_STATE=getMsg HTTP/1.1" 200 27
124.79.240.51 - - [14/May/2024:11:14:32 +0800] "GET /xingrg/kc/buy/cgsh_order_operate.html?command=get_materiel&rest_code=00104&code=00101008150&supplier_code=00100008&order_time=2024-05-14 HTTP/1.1" 200 409
124.79.240.51 - - [14/May/2024:11:14:35 +0800] "GET /xingrg/all/function/internal_message.html?_=1715656517062&CODE_STATE=getMsg HTTP/1.1" 200 27
180.169.147.146 - - [14/May/2024:11:14:36 +0800] "GET /xingrg/check_reg.html?_=1715656476486 HTTP/1.1" 200 22
180.169.147.146 - - [14/May/2024:11:14:36 +0800] "GET /xingrg/all/function/internal_message.html?_=1715656476491&CODE_STATE=getMsg HTTP/1.1" 200 27
180.164.6.225 - - [14/May/2024:11:14:41 +0800] "GET /xingrg/all/function/internal_message.html?_=1715656481083&CODE_STATE=getMsg HTTP/1.1" 200 27
221.239.170.140 - - [14/May/2024:11:14:47 +0800] "GET /xingrg/all/function/internal_message.html?_=1715656485862&CODE_STATE=getMsg HTTP/1.1" 200 27
101.80.230.31 - - [14/May/2024:11:14:48 +0800] "GET /xingrg/all/function/internal_message.html?_=1715656490811&CODE_STATE=getMsg HTTP/1.1" 200 27
116.235.243.85 - - [14/May/2024:11:14:50 +0800] "GET /xingrg/all/function/internal_message.html?_=1715656496371&CODE_STATE=getMsg HTTP/1.1" 200 27
124.79.240.51 - - [14/May/2024:11:14:50 +0800] "GET /xingrg/kc/buy/cgsh_order_operate.html?command=get_materiel&rest_code=00104&code=00101008704&supplier_code=00100008&order_time=2024-05-14 HTTP/1.1" 200 409
116.232.195.13 - - [14/May/2024:11:14:58 +0800] "GET /xingrg/all/function/internal_message.html?_=1715656462746&CODE_STATE=getMsg HTTP/1.1" 200 27
222.70.183.82 - - [14/May/2024:11:14:58 +0800] "GET /xingrg/all/function/internal_message.html?_=1715656495684&CODE_STATE=getMsg HTTP/1.1" 200 27
222.70.183.82 - - [14/May/2024:11:14:59 +0800] "GET /xingrg/check_reg.html?_=1715656496512 HTTP/1.1" 200 22
101.83.144.49 - - [14/May/2024:11:15:01 +0800] "GET /xingrg/all/function/internal_message.html?_=1715656502356&CODE_STATE=getMsg HTTP/1.1" 200 27
180.169.147.146 - - [14/May/2024:11:15:03 +0800] "GET /xingrg/check_reg.html?_=1715656509675 HTTP/1.1" 200 22
180.169.147.146 - - [14/May/2024:11:15:03 +0800] "GET /xingrg/all/function/internal_message.html?_=1715656509679&CODE_STATE=getMsg HTTP/1.1" 200 27
222.69.132.151 - - [14/May/2024:11:15:17 +0800] "GET /xingrg/all/function/internal_message.html?_=1715656519066&CODE_STATE=getMsg HTTP/1.1" 200 27
124.78.158.134 - - [14/May/2024:11:15:19 +0800] "GET /xingrg/all/function/internal_message.html?_=1715656513483&CODE_STATE=getMsg HTTP/1.1" 200 27
180.156.239.18 - - [14/May/2024:11:15:20 +0800] "GET /xingrg/check_reg.html?_=1715656519713 HTTP/1.1" 200 22
116.232.195.13 - - [14/May/2024:11:15:20 +0800] "GET /xingrg/all/function/internal_message.html?_=1715656484797&CODE_STATE=getMsg HTTP/1.1" 200 27
101.83.144.49 - - [14/May/2024:11:15:22 +0800] "GET /xingrg/all/function/internal_message.html?_=1715656269642&CODE_STATE=getMsg HTTP/1.1" 200 27
180.156.239.18 - - [14/May/2024:11:15:23 +0800] "GET /xingrg/all/function/internal_message.html?_=1715656519716&CODE_STATE=getMsg HTTP/1.1" 200 27
180.156.239.18 - - [14/May/2024:11:15:26 +0800] "GET /xingrg/all/function/internal_message.html?_=1715656526275&CODE_STATE=getMsg HTTP/1.1" 200 27
180.156.239.18 - - [14/May/2024:11:15:26 +0800] "GET /xingrg/check_reg.html?_=1715656526278 HTTP/1.1" 200 22
114.89.67.151 - - [14/May/2024:11:15:27 +0800] "GET /xingrg/all/function/internal_message.html?_=1715656527883&CODE_STATE=getMsg HTTP/1.1" 302 -
114.89.67.151 - - [14/May/2024:11:15:28 +0800] "GET /xingrg/check_reg.html?_=1715656528067 HTTP/1.1" 302 -
222.67.233.39 - - [14/May/2024:11:15:31 +0800] "GET /xingrg/all/function/internal_message.html?_=1715656531873&CODE_STATE=getMsg HTTP/1.1" 200 27
124.79.240.51 - - [14/May/2024:11:15:35 +0800] "GET /xingrg/all/function/internal_message.html?_=1715656577100&CODE_STATE=getMsg HTTP/1.1" 200 27
180.169.147.146 - - [14/May/2024:11:15:36 +0800] "GET /xingrg/all/function/internal_message.html?_=1715656536482&CODE_STATE=getMsg HTTP/1.1" 200 27
180.164.6.225 - - [14/May/2024:11:15:41 +0800] "GET /xingrg/all/function/internal_message.html?_=1715656541062&CODE_STATE=getMsg HTTP/1.1" 200 27
221.239.170.140 - - [14/May/2024:11:15:47 +0800] "GET /xingrg/all/function/internal_message.html?_=1715656545867&CODE_STATE=getMsg HTTP/1.1" 200 27
116.235.243.85 - - [14/May/2024:11:15:48 +0800] "GET /xingrg/check_reg.html?_=1715656554765 HTTP/1.1" 200 22
101.80.230.31 - - [14/May/2024:11:15:48 +0800] "GET /xingrg/all/function/internal_message.html?_=1715656550803&CODE_STATE=getMsg HTTP/1.1" 200 27
116.235.243.85 - - [14/May/2024:11:15:50 +0800] "GET /xingrg/all/function/internal_message.html?_=1715656556387&CODE_STATE=getMsg HTTP/1.1" 200 27
222.67.233.39 - - [14/May/2024:11:15:53 +0800] "GET /xingrg/check_reg.html?_=1715656553734 HTTP/1.1" 200 22
116.238.97.31 - - [14/May/2024:11:15:54 +0800] "GET /xingrg/check_reg.html?_=1715656553738 HTTP/1.1" 200 22
116.232.195.13 - - [14/May/2024:11:15:58 +0800] "GET /xingrg/all/function/internal_message.html?_=1715656522734&CODE_STATE=getMsg HTTP/1.1" 200 27
222.70.183.82 - - [14/May/2024:11:15:58 +0800] "GET /xingrg/all/function/internal_message.html?_=1715656555654&CODE_STATE=getMsg HTTP/1.1" 200 27
101.83.144.49 - - [14/May/2024:11:16:01 +0800] "GET /xingrg/all/function/internal_message.html?_=1715656562358&CODE_STATE=getMsg HTTP/1.1" 200 27
180.169.147.146 - - [14/May/2024:11:16:03 +0800] "GET /xingrg/all/function/internal_message.html?_=1715656569705&CODE_STATE=getMsg HTTP/1.1" 200 27
222.69.132.151 - - [14/May/2024:11:16:17 +0800] "GET /xingrg/all/function/internal_message.html?_=1715656579073&CODE_STATE=getMsg HTTP/1.1" 200 27
124.78.158.134 - - [14/May/2024:11:16:19 +0800] "GET /xingrg/all/function/internal_message.html?_=1715656573462&CODE_STATE=getMsg HTTP/1.1" 200 27
180.156.239.18 - - [14/May/2024:11:16:20 +0800] "GET /xingrg/all/function/internal_message.html?_=1715656579711&CODE_STATE=getMsg HTTP/1.1" 200 27
116.232.195.13 - - [14/May/2024:11:16:20 +0800] "GET /xingrg/all/function/internal_message.html?_=1715656544804&CODE_STATE=getMsg HTTP/1.1" 200 27
116.232.195.13 - - [14/May/2024:11:16:20 +0800] "GET /xingrg/check_reg.html?_=1715656544805 HTTP/1.1" 200 22
101.83.144.49 - - [14/May/2024:11:16:22 +0800] "GET /xingrg/all/function/internal_message.html?_=1715656329642&CODE_STATE=getMsg HTTP/1.1" 200 27
101.83.144.49 - - [14/May/2024:11:16:22 +0800] "GET /xingrg/check_reg.html?_=1715656329644 HTTP/1.1" 200 22
180.156.239.18 - - [14/May/2024:11:16:26 +0800] "GET /xingrg/all/function/internal_message.html?_=1715656586269&CODE_STATE=getMsg HTTP/1.1" 200 27
114.89.67.151 - - [14/May/2024:11:16:27 +0800] "GET /xingrg/all/function/internal_message.html?_=1715656587865&CODE_STATE=getMsg HTTP/1.1" 302 -
222.67.233.39 - - [14/May/2024:11:16:31 +0800] "GET /xingrg/all/function/internal_message.html?_=1715656591851&CODE_STATE=getMsg HTTP/1.1" 200 27
124.79.240.51 - - [14/May/2024:11:16:35 +0800] "GET /xingrg/all/function/internal_message.html?_=1715656637128&CODE_STATE=getMsg HTTP/1.1" 200 27
180.169.147.146 - - [14/May/2024:11:16:36 +0800] "GET /xingrg/all/function/internal_message.html?_=1715656596484&CODE_STATE=getMsg HTTP/1.1" 200 27
180.164.6.225 - - [14/May/2024:11:16:41 +0800] "GET /xingrg/all/function/internal_message.html?_=1715656601048&CODE_STATE=getMsg HTTP/1.1" 200 27
221.239.170.140 - - [14/May/2024:11:16:47 +0800] "GET /xingrg/check_reg.html?_=1715656605861 HTTP/1.1" 200 22
221.239.170.140 - - [14/May/2024:11:16:47 +0800] "GET /xingrg/all/function/internal_message.html?_=1715656605865&CODE_STATE=getMsg HTTP/1.1" 200 27
124.79.240.51 - - [14/May/2024:11:16:47 +0800] "GET /xingrg/kc/buy/cgsh_order_operate.html?command=get_materiel&rest_code=00104&code=00101008509&supplier_code=00100008&order_time=2024-05-14 HTTP/1.1" 200 409
101.80.230.31 - - [14/May/2024:11:16:48 +0800] "GET /xingrg/all/function/internal_message.html?_=1715656610809&CODE_STATE=getMsg HTTP/1.1" 200 27
116.235.243.85 - - [14/May/2024:11:16:50 +0800] "GET /xingrg/all/function/internal_message.html?_=1715656616398&CODE_STATE=getMsg HTTP/1.1" 200 27
116.232.195.13 - - [14/May/2024:11:16:58 +0800] "GET /xingrg/all/function/internal_message.html?_=1715656582728&CODE_STATE=getMsg HTTP/1.1" 200 27
222.70.183.82 - - [14/May/2024:11:16:58 +0800] "GET /xingrg/all/function/internal_message.html?_=1715656615633&CODE_STATE=getMsg HTTP/1.1" 200 27
120.253.135.82 - - [14/May/2024:11:17:00 +0800] "GET /xingrg/check_reg.html?_=1715656470621 HTTP/1.1" 200 22
101.83.144.49 - - [14/May/2024:11:17:01 +0800] "GET /xingrg/all/function/internal_message.html?_=1715656622343&CODE_STATE=getMsg HTTP/1.1" 200 27
180.169.147.146 - - [14/May/2024:11:17:03 +0800] "GET /xingrg/all/function/internal_message.html?_=1715656629704&CODE_STATE=getMsg HTTP/1.1" 200 27
222.69.132.151 - - [14/May/2024:11:17:17 +0800] "GET /xingrg/check_reg.html?_=1715656639073 HTTP/1.1" 200 22
222.69.132.151 - - [14/May/2024:11:17:17 +0800] "GET /xingrg/all/function/internal_message.html?_=1715656639077&CODE_STATE=getMsg HTTP/1.1" 200 27
124.78.158.134 - - [14/May/2024:11:17:19 +0800] "GET /xingrg/all/function/internal_message.html?_=1715656633436&CODE_STATE=getMsg HTTP/1.1" 200 27
180.156.239.18 - - [14/May/2024:11:17:20 +0800] "GET /xingrg/all/function/internal_message.html?_=1715656639706&CODE_STATE=getMsg HTTP/1.1" 200 27
116.232.195.13 - - [14/May/2024:11:17:20 +0800] "GET /xingrg/all/function/internal_message.html?_=1715656604802&CODE_STATE=getMsg HTTP/1.1" 200 27
101.83.144.49 - - [14/May/2024:11:17:22 +0800] "GET /xingrg/all/function/internal_message.html?_=1715656389643&CODE_STATE=getMsg HTTP/1.1" 200 27
124.79.240.51 - - [14/May/2024:11:17:23 +0800] "GET /xingrg/kc/buy/cgsh_order_operate.html?command=get_materiel&rest_code=00104&code=00101008223&supplier_code=00100008&order_time=2024-05-14 HTTP/1.1" 200 412
180.156.239.18 - - [14/May/2024:11:17:26 +0800] "GET /xingrg/all/function/internal_message.html?_=1715656646285&CODE_STATE=getMsg HTTP/1.1" 200 27
114.89.67.151 - - [14/May/2024:11:17:27 +0800] "GET /xingrg/all/function/internal_message.html?_=1715656647849&CODE_STATE=getMsg HTTP/1.1" 302 -
222.67.233.39 - - [14/May/2024:11:17:31 +0800] "GET /xingrg/all/function/internal_message.html?_=1715656651839&CODE_STATE=getMsg HTTP/1.1" 200 27
124.79.240.51 - - [14/May/2024:11:17:35 +0800] "GET /xingrg/check_reg.html?_=1715656697092 HTTP/1.1" 200 22
124.79.240.51 - - [14/May/2024:11:17:35 +0800] "GET /xingrg/all/function/internal_message.html?_=1715656697108&CODE_STATE=getMsg HTTP/1.1" 200 27
124.79.240.51 - - [14/May/2024:11:17:39 +0800] "GET /xingrg/kc/buy/cgsh_order_operate.html?command=get_materiel&rest_code=00104&code=00101008096&supplier_code=00100008&order_time=2024-05-14 HTTP/1.1" 200 412
180.164.6.225 - - [14/May/2024:11:17:41 +0800] "GET /xingrg/all/function/internal_message.html?_=1715656661033&CODE_STATE=getMsg HTTP/1.1" 200 27
221.239.170.140 - - [14/May/2024:11:17:47 +0800] "GET /xingrg/all/function/internal_message.html?_=1715656665866&CODE_STATE=getMsg HTTP/1.1" 200 27
101.80.230.31 - - [14/May/2024:11:17:48 +0800] "GET /xingrg/all/function/internal_message.html?_=1715656670827&CODE_STATE=getMsg HTTP/1.1" 200 27
116.235.243.85 - - [14/May/2024:11:17:50 +0800] "GET /xingrg/all/function/internal_message.html?_=1715656676412&CODE_STATE=getMsg HTTP/1.1" 200 27
222.70.183.82 - - [14/May/2024:11:17:58 +0800] "GET /xingrg/all/function/internal_message.html?_=1715656675610&CODE_STATE=getMsg HTTP/1.1" 200 27
116.232.195.13 - - [14/May/2024:11:17:58 +0800] "GET /xingrg/all/function/internal_message.html?_=1715656642740&CODE_STATE=getMsg HTTP/1.1" 200 27
180.164.6.225 - - [14/May/2024:11:18:00 +0800] "GET /xingrg/check_reg.html?_=1715656680339 HTTP/1.1" 200 22
101.83.144.49 - - [14/May/2024:11:18:01 +0800] "GET /xingrg/all/function/internal_message.html?_=1715656682346&CODE_STATE=getMsg HTTP/1.1" 200 27
180.169.147.146 - - [14/May/2024:11:18:03 +0800] "GET /xingrg/all/function/internal_message.html?_=1715656689705&CODE_STATE=getMsg HTTP/1.1" 200 27
222.69.132.151 - - [14/May/2024:11:18:17 +0800] "GET /xingrg/all/function/internal_message.html?_=1715656699064&CODE_STATE=getMsg HTTP/1.1" 200 27
124.78.158.134 - - [14/May/2024:11:18:17 +0800] "GET /xingrg/check_reg.html?_=1715656691940 HTTP/1.1" 200 22
124.78.158.134 - - [14/May/2024:11:18:19 +0800] "GET /xingrg/all/function/internal_message.html?_=1715656693412&CODE_STATE=getMsg HTTP/1.1" 200 27
180.156.239.18 - - [14/May/2024:11:18:20 +0800] "GET /xingrg/all/function/internal_message.html?_=1715656699715&CODE_STATE=getMsg HTTP/1.1" 200 27
116.232.195.13 - - [14/May/2024:11:18:20 +0800] "GET /xingrg/all/function/internal_message.html?_=1715656664792&CODE_STATE=getMsg HTTP/1.1" 200 27
101.83.144.49 - - [14/May/2024:11:18:22 +0800] "GET /xingrg/all/function/internal_message.html?_=1715656449679&CODE_STATE=getMsg HTTP/1.1" 200 27
222.69.130.233 - - [14/May/2024:11:18:24 +0800] "GET /xingrg/check_reg.html?_=1715656702469 HTTP/1.1" 200 22
180.156.239.18 - - [14/May/2024:11:18:26 +0800] "GET /xingrg/all/function/internal_message.html?_=1715656706283&CODE_STATE=getMsg HTTP/1.1" 200 27
114.89.67.151 - - [14/May/2024:11:18:27 +0800] "GET /xingrg/all/function/internal_message.html?_=1715656707831&CODE_STATE=getMsg HTTP/1.1" 302 -
222.67.233.39 - - [14/May/2024:11:18:31 +0800] "GET /xingrg/all/function/internal_message.html?_=1715656711814&CODE_STATE=getMsg HTTP/1.1" 200 27
124.79.240.51 - - [14/May/2024:11:18:35 +0800] "GET /xingrg/all/function/internal_message.html?_=1715656757094&CODE_STATE=getMsg HTTP/1.1" 200 27
124.79.240.51 - - [14/May/2024:11:18:37 +0800] "GET /xingrg/kc/buy/cgsh_order_operate.html?command=get_materiel&rest_code=00104&code=00101008283&supplier_code=00100008&order_time=2024-05-14 HTTP/1.1" 200 408
180.164.6.225 - - [14/May/2024:11:18:41 +0800] "GET /xingrg/all/function/internal_message.html?_=1715656721024&CODE_STATE=getMsg HTTP/1.1" 200 27
221.239.170.140 - - [14/May/2024:11:18:47 +0800] "GET /xingrg/all/function/internal_message.html?_=1715656725866&CODE_STATE=getMsg HTTP/1.1" 200 27
101.80.230.31 - - [14/May/2024:11:18:48 +0800] "GET /xingrg/all/function/internal_message.html?_=1715656730832&CODE_STATE=getMsg HTTP/1.1" 200 27
101.80.230.31 - - [14/May/2024:11:18:48 +0800] "GET /xingrg/check_reg.html?_=1715656730835 HTTP/1.1" 200 22
116.235.243.85 - - [14/May/2024:11:18:50 +0800] "GET /xingrg/all/function/internal_message.html?_=1715656736429&CODE_STATE=getMsg HTTP/1.1" 200 27
222.70.183.82 - - [14/May/2024:11:18:58 +0800] "GET /xingrg/all/function/internal_message.html?_=1715656735593&CODE_STATE=getMsg HTTP/1.1" 200 27
116.232.195.13 - - [14/May/2024:11:18:58 +0800] "GET /xingrg/check_reg.html?_=1715656702728 HTTP/1.1" 200 22
116.232.195.13 - - [14/May/2024:11:18:58 +0800] "GET /xingrg/all/function/internal_message.html?_=1715656702732&CODE_STATE=getMsg HTTP/1.1" 200 27
101.83.144.49 - - [14/May/2024:11:19:01 +0800] "GET /xingrg/all/function/internal_message.html?_=1715656742346&CODE_STATE=getMsg HTTP/1.1" 200 27
101.83.144.49 - - [14/May/2024:11:19:01 +0800] "GET /xingrg/check_reg.html?_=1715656742351 HTTP/1.1" 200 22
180.169.147.146 - - [14/May/2024:11:19:03 +0800] "GET /xingrg/all/function/internal_message.html?_=1715656749705&CODE_STATE=getMsg HTTP/1.1" 200 27
124.79.240.51 - - [14/May/2024:11:19:10 +0800] "GET /xingrg/kc/buy/cgsh_order_operate.html?command=get_materiel&rest_code=00104&code=00101008285&supplier_code=00100008&order_time=2024-05-14 HTTP/1.1" 200 413
222.69.132.151 - - [14/May/2024:11:19:17 +0800] "GET /xingrg/all/function/internal_message.html?_=1715656759074&CODE_STATE=getMsg HTTP/1.1" 200 27
124.78.158.134 - - [14/May/2024:11:19:19 +0800] "GET /xingrg/all/function/internal_message.html?_=1715656753398&CODE_STATE=getMsg HTTP/1.1" 200 27
180.156.239.18 - - [14/May/2024:11:19:20 +0800] "GET /xingrg/all/function/internal_message.html?_=1715656759717&CODE_STATE=getMsg HTTP/1.1" 200 27
116.232.195.13 - - [14/May/2024:11:19:20 +0800] "GET /xingrg/all/function/internal_message.html?_=1715656724795&CODE_STATE=getMsg HTTP/1.1" 200 27
101.83.144.49 - - [14/May/2024:11:19:22 +0800] "GET /xingrg/all/function/internal_message.html?_=1715656509739&CODE_STATE=getMsg HTTP/1.1" 200 27
180.156.239.18 - - [14/May/2024:11:19:26 +0800] "GET /xingrg/all/function/internal_message.html?_=1715656766273&CODE_STATE=getMsg HTTP/1.1" 200 27
114.89.67.151 - - [14/May/2024:11:19:27 +0800] "GET /xingrg/all/function/internal_message.html?_=1715656767817&CODE_STATE=getMsg HTTP/1.1" 302 -
222.67.233.39 - - [14/May/2024:11:19:31 +0800] "GET /xingrg/all/function/internal_message.html?_=1715656771790&CODE_STATE=getMsg HTTP/1.1" 200 27
124.79.240.51 - - [14/May/2024:11:19:35 +0800] "GET /xingrg/all/function/internal_message.html?_=1715656817103&CODE_STATE=getMsg HTTP/1.1" 200 27
180.164.6.225 - - [14/May/2024:11:19:41 +0800] "GET /xingrg/all/function/internal_message.html?_=1715656781004&CODE_STATE=getMsg HTTP/1.1" 200 27
221.239.170.140 - - [14/May/2024:11:19:47 +0800] "GET /xingrg/all/function/internal_message.html?_=1715656785868&CODE_STATE=getMsg HTTP/1.1" 200 27
101.80.230.31 - - [14/May/2024:11:19:48 +0800] "GET /xingrg/all/function/internal_message.html?_=1715656790833&CODE_STATE=getMsg HTTP/1.1" 200 27
116.235.243.85 - - [14/May/2024:11:19:50 +0800] "GET /xingrg/all/function/internal_message.html?_=1715656796440&CODE_STATE=getMsg HTTP/1.1" 200 27
222.70.183.82 - - [14/May/2024:11:19:58 +0800] "GET /xingrg/all/function/internal_message.html?_=1715656795569&CODE_STATE=getMsg HTTP/1.1" 200 27
116.232.195.13 - - [14/May/2024:11:19:58 +0800] "GET /xingrg/all/function/internal_message.html?_=1715656762742&CODE_STATE=getMsg HTTP/1.1" 200 27
222.70.183.82 - - [14/May/2024:11:19:59 +0800] "GET /xingrg/check_reg.html?_=1715656796491 HTTP/1.1" 200 22
101.83.144.49 - - [14/May/2024:11:20:01 +0800] "GET /xingrg/all/function/internal_message.html?_=1715656802351&CODE_STATE=getMsg HTTP/1.1" 200 27
180.169.147.146 - - [14/May/2024:11:20:03 +0800] "GET /xingrg/check_reg.html?_=1715656809705 HTTP/1.1" 200 22
180.169.147.146 - - [14/May/2024:11:20:03 +0800] "GET /xingrg/all/function/internal_message.html?_=1715656809708&CODE_STATE=getMsg HTTP/1.1" 200 27
222.69.132.151 - - [14/May/2024:11:20:17 +0800] "GET /xingrg/all/function/internal_message.html?_=1715656819064&CODE_STATE=getMsg HTTP/1.1" 200 27
124.78.158.134 - - [14/May/2024:11:20:19 +0800] "GET /xingrg/all/function/internal_message.html?_=1715656813384&CODE_STATE=getMsg HTTP/1.1" 200 27
180.156.239.18 - - [14/May/2024:11:20:20 +0800] "GET /xingrg/check_reg.html?_=1715656819722 HTTP/1.1" 200 22
180.156.239.18 - - [14/May/2024:11:20:20 +0800] "GET /xingrg/all/function/internal_message.html?_=1715656819726&CODE_STATE=getMsg HTTP/1.1" 200 27
116.232.195.13 - - [14/May/2024:11:20:20 +0800] "GET /xingrg/all/function/internal_message.html?_=1715656784813&CODE_STATE=getMsg HTTP/1.1" 200 27
101.83.144.49 - - [14/May/2024:11:20:22 +0800] "GET /xingrg/all/function/internal_message.html?_=1715656569767&CODE_STATE=getMsg HTTP/1.1" 200 27
180.156.239.18 - - [14/May/2024:11:20:26 +0800] "GET /xingrg/all/function/internal_message.html?_=1715656826286&CODE_STATE=getMsg HTTP/1.1" 200 27
180.156.239.18 - - [14/May/2024:11:20:26 +0800] "GET /xingrg/check_reg.html?_=1715656826288 HTTP/1.1" 200 22
114.89.67.151 - - [14/May/2024:11:20:27 +0800] "GET /xingrg/all/function/internal_message.html?_=1715656827798&CODE_STATE=getMsg HTTP/1.1" 302 -
114.89.67.151 - - [14/May/2024:11:20:28 +0800] "GET /xingrg/check_reg.html?_=1715656828045 HTTP/1.1" 302 -
222.67.233.39 - - [14/May/2024:11:20:31 +0800] "GET /xingrg/all/function/internal_message.html?_=1715656831768&CODE_STATE=getMsg HTTP/1.1" 200 27
124.79.240.51 - - [14/May/2024:11:20:35 +0800] "GET /xingrg/all/function/internal_message.html?_=1715656877090&CODE_STATE=getMsg HTTP/1.1" 200 27
180.164.6.225 - - [14/May/2024:11:20:41 +0800] "GET /xingrg/all/function/internal_message.html?_=1715656840984&CODE_STATE=getMsg HTTP/1.1" 200 27
221.239.170.140 - - [14/May/2024:11:20:47 +0800] "GET /xingrg/all/function/internal_message.html?_=1715656845874&CODE_STATE=getMsg HTTP/1.1" 200 27
116.235.243.85 - - [14/May/2024:11:20:48 +0800] "GET /xingrg/check_reg.html?_=1715656854772 HTTP/1.1" 200 22
101.80.230.31 - - [14/May/2024:11:20:48 +0800] "GET /xingrg/all/function/internal_message.html?_=1715656850827&CODE_STATE=getMsg HTTP/1.1" 200 27
116.235.243.85 - - [14/May/2024:11:20:50 +0800] "GET /xingrg/all/function/internal_message.html?_=1715656856454&CODE_STATE=getMsg HTTP/1.1" 200 27
222.67.233.39 - - [14/May/2024:11:20:53 +0800] "GET /xingrg/check_reg.html?_=1715656853716 HTTP/1.1" 200 22
116.238.97.31 - - [14/May/2024:11:20:54 +0800] "GET /xingrg/check_reg.html?_=1715656853716 HTTP/1.1" 200 22
222.70.183.82 - - [14/May/2024:11:20:58 +0800] "GET /xingrg/all/function/internal_message.html?_=1715656855556&CODE_STATE=getMsg HTTP/1.1" 200 27
116.232.195.13 - - [14/May/2024:11:20:58 +0800] "GET /xingrg/all/function/internal_message.html?_=1715656822744&CODE_STATE=getMsg HTTP/1.1" 200 27
222.69.130.233 - - [14/May/2024:11:21:01 +0800] "POST /xingrg/services/DataTransmitService HTTP/1.1" 200 524
101.83.144.49 - - [14/May/2024:11:21:01 +0800] "GET /xingrg/all/function/internal_message.html?_=1715656862352&CODE_STATE=getMsg HTTP/1.1" 200 27
180.169.147.146 - - [14/May/2024:11:21:03 +0800] "GET /xingrg/all/function/internal_message.html?_=1715656869708&CODE_STATE=getMsg HTTP/1.1" 200 27
222.69.130.233 - - [14/May/2024:11:21:03 +0800] "POST /xingrg/services/DataTransmitService HTTP/1.1" 200 412
222.69.132.151 - - [14/May/2024:11:21:17 +0800] "GET /xingrg/all/function/internal_message.html?_=1715656879075&CODE_STATE=getMsg HTTP/1.1" 200 27
124.78.158.134 - - [14/May/2024:11:21:19 +0800] "GET /xingrg/all/function/internal_message.html?_=1715656873354&CODE_STATE=getMsg HTTP/1.1" 200 27
180.156.239.18 - - [14/May/2024:11:21:20 +0800] "GET /xingrg/all/function/internal_message.html?_=1715656879702&CODE_STATE=getMsg HTTP/1.1" 200 27
116.232.195.13 - - [14/May/2024:11:21:20 +0800] "GET /xingrg/check_reg.html?_=1715656844812 HTTP/1.1" 200 22
116.232.195.13 - - [14/May/2024:11:21:20 +0800] "GET /xingrg/all/function/internal_message.html?_=1715656844817&CODE_STATE=getMsg HTTP/1.1" 200 27
101.83.144.49 - - [14/May/2024:11:21:22 +0800] "GET /xingrg/check_reg.html?_=1715656629836 HTTP/1.1" 200 22
101.83.144.49 - - [14/May/2024:11:21:22 +0800] "GET /xingrg/all/function/internal_message.html?_=1715656629837&CODE_STATE=getMsg HTTP/1.1" 200 27
180.156.239.18 - - [14/May/2024:11:21:26 +0800] "GET /xingrg/all/function/internal_message.html?_=1715656886288&CODE_STATE=getMsg HTTP/1.1" 200 27
114.89.67.151 - - [14/May/2024:11:21:27 +0800] "GET /xingrg/all/function/internal_message.html?_=1715656887779&CODE_STATE=getMsg HTTP/1.1" 302 -
222.67.233.39 - - [14/May/2024:11:21:31 +0800] "GET /xingrg/all/function/internal_message.html?_=1715656891752&CODE_STATE=getMsg HTTP/1.1" 200 27
124.79.240.51 - - [14/May/2024:11:21:35 +0800] "GET /xingrg/all/function/internal_message.html?_=1715656937090&CODE_STATE=getMsg HTTP/1.1" 200 27
180.164.6.225 - - [14/May/2024:11:21:41 +0800] "GET /xingrg/all/function/internal_message.html?_=1715656900958&CODE_STATE=getMsg HTTP/1.1" 200 27
221.239.170.140 - - [14/May/2024:11:21:47 +0800] "GET /xingrg/all/function/internal_message.html?_=1715656905876&CODE_STATE=getMsg HTTP/1.1" 200 27
221.239.170.140 - - [14/May/2024:11:21:47 +0800] "GET /xingrg/check_reg.html?_=1715656905875 HTTP/1.1" 200 22
101.80.230.31 - - [14/May/2024:11:21:48 +0800] "GET /xingrg/all/function/internal_message.html?_=1715656910833&CODE_STATE=getMsg HTTP/1.1" 200 27
116.235.243.85 - - [14/May/2024:11:21:50 +0800] "GET /xingrg/all/function/internal_message.html?_=1715656916466&CODE_STATE=getMsg HTTP/1.1" 200 27
222.70.183.82 - - [14/May/2024:11:21:58 +0800] "GET /xingrg/all/function/internal_message.html?_=1715656915540&CODE_STATE=getMsg HTTP/1.1" 200 27
116.232.195.13 - - [14/May/2024:11:21:58 +0800] "GET /xingrg/all/function/internal_message.html?_=1715656882739&CODE_STATE=getMsg HTTP/1.1" 200 27
120.253.135.82 - - [14/May/2024:11:22:00 +0800] "GET /xingrg/check_reg.html?_=1715656770656 HTTP/1.1" 200 22
101.83.144.49 - - [14/May/2024:11:22:01 +0800] "GET /xingrg/all/function/internal_message.html?_=1715656922353&CODE_STATE=getMsg HTTP/1.1" 200 27
180.169.147.146 - - [14/May/2024:11:22:03 +0800] "GET /xingrg/all/function/internal_message.html?_=1715656929708&CODE_STATE=getMsg HTTP/1.1" 200 27
124.78.158.134 - - [14/May/2024:11:22:12 +0800] "GET /xingrg/kc/buy/cgsh_order_add.html HTTP/1.1" 200 74593
124.78.158.134 - - [14/May/2024:11:22:12 +0800] "GET /xingrg/words/20240514110115_words.js HTTP/1.1" 304 -
124.78.158.134 - - [14/May/2024:11:22:13 +0800] "POST /xingrg/kc/buy/cgsh_order_operate.html HTTP/1.1" 200 8245
124.78.158.134 - - [14/May/2024:11:22:13 +0800] "GET /xingrg/javascript/easyui/themes/default/validatebox.css HTTP/1.1" 404 1104
222.69.132.151 - - [14/May/2024:11:22:17 +0800] "GET /xingrg/check_reg.html?_=1715656939072 HTTP/1.1" 200 22
222.69.132.151 - - [14/May/2024:11:22:17 +0800] "GET /xingrg/all/function/internal_message.html?_=1715656939077&CODE_STATE=getMsg HTTP/1.1" 200 27
124.78.158.134 - - [14/May/2024:11:22:19 +0800] "GET /xingrg/all/function/internal_message.html?_=1715656933332&CODE_STATE=getMsg HTTP/1.1" 200 27
180.156.239.18 - - [14/May/2024:11:22:20 +0800] "GET /xingrg/all/function/internal_message.html?_=1715656939714&CODE_STATE=getMsg HTTP/1.1" 200 27
116.232.195.13 - - [14/May/2024:11:22:20 +0800] "GET /xingrg/all/function/internal_message.html?_=1715656904811&CODE_STATE=getMsg HTTP/1.1" 200 27
101.83.144.49 - - [14/May/2024:11:22:22 +0800] "GET /xingrg/all/function/internal_message.html?_=1715656689878&CODE_STATE=getMsg HTTP/1.1" 200 27
180.156.239.18 - - [14/May/2024:11:22:26 +0800] "GET /xingrg/all/function/internal_message.html?_=1715656946276&CODE_STATE=getMsg HTTP/1.1" 200 27
114.89.67.151 - - [14/May/2024:11:22:27 +0800] "GET /xingrg/all/function/internal_message.html?_=1715656947761&CODE_STATE=getMsg HTTP/1.1" 302 -
222.67.233.39 - - [14/May/2024:11:22:31 +0800] "GET /xingrg/all/function/internal_message.html?_=1715656951725&CODE_STATE=getMsg HTTP/1.1" 200 27
124.79.240.51 - - [14/May/2024:11:22:35 +0800] "GET /xingrg/all/function/internal_message.html?_=1715656997087&CODE_STATE=getMsg HTTP/1.1" 200 27
124.79.240.51 - - [14/May/2024:11:22:35 +0800] "GET /xingrg/check_reg.html?_=1715656997089 HTTP/1.1" 200 22
180.164.6.225 - - [14/May/2024:11:22:41 +0800] "GET /xingrg/all/function/internal_message.html?_=1715656960940&CODE_STATE=getMsg HTTP/1.1" 200 27
124.78.158.134 - - [14/May/2024:11:22:43 +0800] "GET /xingrg/kc/buy/cgsh_order_operate.html?command=get_materiel&rest_code=00106&code=00102003556&supplier_code=&order_time=2024-05-14 HTTP/1.1" 200 417
221.239.170.140 - - [14/May/2024:11:22:47 +0800] "GET /xingrg/all/function/internal_message.html?_=1715656965876&CODE_STATE=getMsg HTTP/1.1" 200 27
101.80.230.31 - - [14/May/2024:11:22:48 +0800] "GET /xingrg/all/function/internal_message.html?_=1715656970839&CODE_STATE=getMsg HTTP/1.1" 200 27
116.235.243.85 - - [14/May/2024:11:22:50 +0800] "GET /xingrg/all/function/internal_message.html?_=1715656976481&CODE_STATE=getMsg HTTP/1.1" 200 27
222.70.183.82 - - [14/May/2024:11:22:58 +0800] "GET /xingrg/all/function/internal_message.html?_=1715656975524&CODE_STATE=getMsg HTTP/1.1" 200 27
116.232.195.13 - - [14/May/2024:11:22:58 +0800] "GET /xingrg/all/function/internal_message.html?_=1715656942743&CODE_STATE=getMsg HTTP/1.1" 200 27
180.164.6.225 - - [14/May/2024:11:23:00 +0800] "GET /xingrg/check_reg.html?_=1715656980344 HTTP/1.1" 200 22
101.83.144.49 - - [14/May/2024:11:23:01 +0800] "GET /xingrg/all/function/internal_message.html?_=1715656982354&CODE_STATE=getMsg HTTP/1.1" 200 27
180.169.147.146 - - [14/May/2024:11:23:03 +0800] "GET /xingrg/all/function/internal_message.html?_=1715656989709&CODE_STATE=getMsg HTTP/1.1" 200 27
222.69.132.151 - - [14/May/2024:11:23:17 +0800] "GET /xingrg/all/function/internal_message.html?_=1715656999077&CODE_STATE=getMsg HTTP/1.1" 200 27
124.78.158.134 - - [14/May/2024:11:23:17 +0800] "GET /xingrg/check_reg.html?_=1715656991920 HTTP/1.1" 200 22
124.78.158.134 - - [14/May/2024:11:23:19 +0800] "GET /xingrg/all/function/internal_message.html?_=1715656993317&CODE_STATE=getMsg HTTP/1.1" 200 27
180.156.239.18 - - [14/May/2024:11:23:20 +0800] "GET /xingrg/all/function/internal_message.html?_=1715656999711&CODE_STATE=getMsg HTTP/1.1" 200 27
116.232.195.13 - - [14/May/2024:11:23:20 +0800] "GET /xingrg/all/function/internal_message.html?_=1715656964812&CODE_STATE=getMsg HTTP/1.1" 200 27
101.83.144.49 - - [14/May/2024:11:23:22 +0800] "GET /xingrg/all/function/internal_message.html?_=1715656749914&CODE_STATE=getMsg HTTP/1.1" 200 27
222.69.130.233 - - [14/May/2024:11:23:24 +0800] "GET /xingrg/check_reg.html?_=1715657002452 HTTP/1.1" 200 22
180.156.239.18 - - [14/May/2024:11:23:26 +0800] "GET /xingrg/all/function/internal_message.html?_=1715657006281&CODE_STATE=getMsg HTTP/1.1" 200 27
