114.84.152.157 - - [14/May/2024:11:46:53 +0800] "GET /xingrg/login.html HTTP/1.1" 200 7641
114.84.152.157 - - [14/May/2024:11:46:53 +0800] "GET /favicon.ico HTTP/1.1" 404 -
114.84.152.157 - - [14/May/2024:11:46:54 +0800] "GET /xingrg/images/blue/jxLogo.png HTTP/1.1" 304 -
114.84.152.157 - - [14/May/2024:11:46:56 +0800] "GET /xingrg/images/blue/login_bg.png HTTP/1.1" 304 -
114.84.152.157 - - [14/May/2024:11:46:57 +0800] "GET /xingrg/images/blue/hj.png HTTP/1.1" 304 -
114.84.152.157 - - [14/May/2024:11:46:57 +0800] "GET /xingrg/images/blue/srbg.png HTTP/1.1" 304 -
222.70.183.82 - - [14/May/2024:11:46:57 +0800] "GET /xingrg/all/function/internal_message.html?_=1715658415084&CODE_STATE=getMsg HTTP/1.1" 200 27
116.232.195.13 - - [14/May/2024:11:46:58 +0800] "GET /xingrg/all/function/internal_message.html?_=1715658382744&CODE_STATE=getMsg HTTP/1.1" 200 27
114.84.152.157 - - [14/May/2024:11:46:59 +0800] "GET /favicon.ico HTTP/1.1" 404 -
120.253.135.82 - - [14/May/2024:11:47:00 +0800] "GET /xingrg/check_reg.html?_=1715658270834 HTTP/1.1" 200 22
101.83.144.49 - - [14/May/2024:11:47:01 +0800] "GET /xingrg/all/function/internal_message.html?_=1715658422378&CODE_STATE=getMsg HTTP/1.1" 200 27
180.169.147.146 - - [14/May/2024:11:47:03 +0800] "GET /xingrg/all/function/internal_message.html?_=1715658429756&CODE_STATE=getMsg HTTP/1.1" 200 27
180.156.239.18 - - [14/May/2024:11:47:03 +0800] "POST /xingrg/services/DataTransmitService HTTP/1.1" 200 524
180.156.239.18 - - [14/May/2024:11:47:04 +0800] "POST /xingrg/services/DataTransmitService HTTP/1.1" 200 2079
180.156.239.18 - - [14/May/2024:11:47:06 +0800] "POST /xingrg/services/DataTransmitService HTTP/1.1" 200 132115
114.89.67.151 - - [14/May/2024:11:47:07 +0800] "GET /xingrg/all/function/internal_message.html?_=1715658427698&CODE_STATE=getMsg HTTP/1.1" 200 27
222.69.132.151 - - [14/May/2024:11:47:17 +0800] "GET /xingrg/check_reg.html?_=1715658437632 HTTP/1.1" 200 22
222.69.132.151 - - [14/May/2024:11:47:17 +0800] "GET /xingrg/all/function/internal_message.html?_=1715658437633&CODE_STATE=getMsg HTTP/1.1" 200 27
114.89.67.151 - - [14/May/2024:11:47:18 +0800] "GET /xingrg/kc/buy/buy_main.html HTTP/1.1" 200 12412
114.89.67.151 - - [14/May/2024:11:47:18 +0800] "GET /xingrg/css/new_ie.css HTTP/1.1" 404 1036
114.89.67.151 - - [14/May/2024:11:47:18 +0800] "GET /xingrg/images/yd/bt.gif HTTP/1.1" 404 1040
124.78.158.134 - - [14/May/2024:11:47:18 +0800] "GET /xingrg/all/function/internal_message.html?_=1715658432881&CODE_STATE=getMsg HTTP/1.1" 200 27
114.89.67.151 - - [14/May/2024:11:47:19 +0800] "GET /xingrg/kc/buy/cgsh_order_list.html HTTP/1.1" 200 58784
180.156.239.18 - - [14/May/2024:11:47:20 +0800] "GET /xingrg/all/function/internal_message.html?_=1715658439717&CODE_STATE=getMsg HTTP/1.1" 200 27
116.232.195.13 - - [14/May/2024:11:47:20 +0800] "GET /xingrg/all/function/internal_message.html?_=1715658404802&CODE_STATE=getMsg HTTP/1.1" 200 27
114.89.67.151 - - [14/May/2024:11:47:21 +0800] "POST /xingrg/kc/buy/cgsh_list_operate.html HTTP/1.1" 200 645
101.80.230.31 - - [14/May/2024:11:47:22 +0800] "GET /xingrg/check_reg.html?_=1715658444742 HTTP/1.1" 200 22
101.80.230.31 - - [14/May/2024:11:47:22 +0800] "GET /xingrg/all/function/internal_message.html?_=1715658444742&CODE_STATE=count HTTP/1.1" 200 11
101.80.230.31 - - [14/May/2024:11:47:22 +0800] "POST /xingrg/all/common/load_tree.html?tree=area_rest_tree_json&manage=1 HTTP/1.1" 200 2231
101.80.230.31 - - [14/May/2024:11:47:22 +0800] "POST /xingrg/load_menu.html HTTP/1.1" 200 11564
101.83.144.49 - - [14/May/2024:11:47:24 +0800] "GET /xingrg/all/function/internal_message.html?_=1715658191141&CODE_STATE=getMsg HTTP/1.1" 200 27
101.80.230.31 - - [14/May/2024:11:47:26 +0800] "GET /xingrg/logout.do HTTP/1.1" 302 -
101.80.230.31 - - [14/May/2024:11:47:26 +0800] "GET /xingrg/login.html?sysBaseUrl=http%3A%2F%2F180.169.147.146%3A18081%2Fxingrg%2F&costTime=31×tamp=1715658446003 HTTP/1.1" 200 7641
222.67.233.39 - - [14/May/2024:11:47:31 +0800] "GET /xingrg/all/function/internal_message.html?_=1715658451261&CODE_STATE=getMsg HTTP/1.1" 200 27
101.80.230.31 - - [14/May/2024:11:47:33 +0800] "POST /xingrg/login.do HTTP/1.1" 302 -
101.80.230.31 - - [14/May/2024:11:47:33 +0800] "POST /xingrg/login.do HTTP/1.1" 302 -
101.80.230.31 - - [14/May/2024:11:47:33 +0800] "GET /xingrg/index.html?sysBaseUrl=http%3A%2F%2F180.169.147.146%3A18081%2Fxingrg%2F&costTime=1478×tamp=1715658453302 HTTP/1.1" 200 17179
101.80.230.31 - - [14/May/2024:11:47:33 +0800] "GET /xingrg/all/function/internal_message.html?_=1715658455382&CODE_STATE=count HTTP/1.1" 200 11
101.80.230.31 - - [14/May/2024:11:47:33 +0800] "GET /xingrg/check_reg.html?_=1715658455382 HTTP/1.1" 200 22
101.80.230.31 - - [14/May/2024:11:47:33 +0800] "POST /xingrg/all/common/load_tree.html?tree=area_rest_tree_json&manage=1 HTTP/1.1" 200 351
101.80.230.31 - - [14/May/2024:11:47:33 +0800] "POST /xingrg/load_menu.html HTTP/1.1" 200 5138
124.79.240.51 - - [14/May/2024:11:47:35 +0800] "GET /xingrg/all/function/internal_message.html?_=1715658497140&CODE_STATE=getMsg HTTP/1.1" 200 27
124.79.240.51 - - [14/May/2024:11:47:35 +0800] "GET /xingrg/check_reg.html?_=1715658497156 HTTP/1.1" 200 22
101.80.230.31 - - [14/May/2024:11:47:38 +0800] "GET /xingrg/kc/buy/buy_main.html HTTP/1.1" 200 12412
101.80.230.31 - - [14/May/2024:11:47:38 +0800] "GET /xingrg/css/new_ie.css HTTP/1.1" 404 1036
101.80.230.31 - - [14/May/2024:11:47:40 +0800] "GET /xingrg/kc/buy/cgsh_order_list.html HTTP/1.1" 200 58786
180.164.6.225 - - [14/May/2024:11:47:41 +0800] "GET /xingrg/all/function/internal_message.html?_=1715658460717&CODE_STATE=getMsg HTTP/1.1" 200 27
101.80.230.31 - - [14/May/2024:11:47:42 +0800] "POST /xingrg/kc/buy/cgsh_list_operate.html HTTP/1.1" 200 645
180.156.239.18 - - [14/May/2024:11:47:46 +0800] "GET /xingrg/all/function/internal_message.html?_=1715658466885&CODE_STATE=getMsg HTTP/1.1" 200 27
221.239.170.140 - - [14/May/2024:11:47:47 +0800] "GET /xingrg/all/function/internal_message.html?_=1715658465887&CODE_STATE=getMsg HTTP/1.1" 200 27
124.79.240.51 - - [14/May/2024:11:47:47 +0800] "GET /xingrg/kc/buy/cgsh_order_operate.html?command=get_materiel&rest_code=00104&code=00101008357&supplier_code=00100008&order_time=2024-05-14 HTTP/1.1" 200 408
101.80.230.31 - - [14/May/2024:11:47:50 +0800] "GET /xingrg/kc/buy/cgsh_order_add.html HTTP/1.1" 200 74672
101.80.230.31 - - [14/May/2024:11:47:50 +0800] "GET /xingrg/words/20240514110115_words.js HTTP/1.1" 200 1024190
101.80.230.31 - - [14/May/2024:11:47:50 +0800] "POST /xingrg/kc/buy/cgsh_order_operate.html HTTP/1.1" 200 8245
101.80.230.31 - - [14/May/2024:11:47:50 +0800] "GET /xingrg/javascript/easyui/themes/default/validatebox.css HTTP/1.1" 404 1104
101.80.230.31 - - [14/May/2024:11:47:50 +0800] "GET /xingrg/all/common/auto_word.html?type=employee&rest_code=00156 HTTP/1.1" 200 47
101.80.230.31 - - [14/May/2024:11:47:50 +0800] "GET /xingrg/all/common/auto_word.html?type=employee&rest_code=00156 HTTP/1.1" 200 47
116.235.243.85 - - [14/May/2024:11:47:50 +0800] "GET /xingrg/all/function/internal_message.html?_=1715658476821&CODE_STATE=getMsg HTTP/1.1" 200 27
101.80.230.31 - - [14/May/2024:11:47:54 +0800] "GET /xingrg/javascript/jquery_tools/images/prev.gif HTTP/1.1" 404 1086
101.80.230.31 - - [14/May/2024:11:47:54 +0800] "GET /xingrg/javascript/jquery_tools/images/next.gif HTTP/1.1" 404 1086
222.70.183.82 - - [14/May/2024:11:47:57 +0800] "GET /xingrg/all/function/internal_message.html?_=1715658475068&CODE_STATE=getMsg HTTP/1.1" 200 27
116.232.195.13 - - [14/May/2024:11:47:58 +0800] "GET /xingrg/all/function/internal_message.html?_=1715658442736&CODE_STATE=getMsg HTTP/1.1" 200 27
101.80.230.31 - - [14/May/2024:11:48:00 +0800] "GET /xingrg/kc/buy/cgsh_order_operate.html?command=get_materiel&rest_code=00156&code=00101006130&supplier_code=00100012&order_time=2024-05-14 HTTP/1.1" 200 435
180.164.6.225 - - [14/May/2024:11:48:00 +0800] "GET /xingrg/check_reg.html?_=1715658480342 HTTP/1.1" 200 22
101.83.144.49 - - [14/May/2024:11:48:01 +0800] "GET /xingrg/all/function/internal_message.html?_=1715658482380&CODE_STATE=getMsg HTTP/1.1" 200 27
124.79.240.51 - - [14/May/2024:11:48:01 +0800] "GET /xingrg/kc/buy/cgsh_order_operate.html?command=get_materiel&rest_code=00104&code=00101008155&supplier_code=00100008&order_time=2024-05-14 HTTP/1.1" 200 408
180.169.147.146 - - [14/May/2024:11:48:03 +0800] "GET /xingrg/all/function/internal_message.html?_=1715658489757&CODE_STATE=getMsg HTTP/1.1" 200 27
114.89.67.151 - - [14/May/2024:11:48:07 +0800] "GET /xingrg/check_reg.html?_=1715658487700 HTTP/1.1" 200 22
114.89.67.151 - - [14/May/2024:11:48:07 +0800] "GET /xingrg/all/function/internal_message.html?_=1715658487705&CODE_STATE=getMsg HTTP/1.1" 200 27
101.80.230.31 - - [14/May/2024:11:48:11 +0800] "GET /xingrg/kc/buy/cgsh_order_operate.html?command=get_materiel&rest_code=00156&code=00101007109&supplier_code=00100012&order_time=2024-05-14 HTTP/1.1" 200 408
222.69.132.151 - - [14/May/2024:11:48:17 +0800] "GET /xingrg/all/function/internal_message.html?_=1715658497624&CODE_STATE=getMsg HTTP/1.1" 200 27
124.78.158.134 - - [14/May/2024:11:48:17 +0800] "GET /xingrg/check_reg.html?_=1715658491838 HTTP/1.1" 200 22
124.78.158.134 - - [14/May/2024:11:48:18 +0800] "GET /xingrg/all/function/internal_message.html?_=1715658492862&CODE_STATE=getMsg HTTP/1.1" 200 27
180.156.239.18 - - [14/May/2024:11:48:20 +0800] "GET /xingrg/all/function/internal_message.html?_=1715658499715&CODE_STATE=getMsg HTTP/1.1" 200 27
116.232.195.13 - - [14/May/2024:11:48:20 +0800] "GET /xingrg/all/function/internal_message.html?_=1715658464802&CODE_STATE=getMsg HTTP/1.1" 200 27
124.79.240.51 - - [14/May/2024:11:48:22 +0800] "GET /xingrg/kc/buy/cgsh_order_operate.html?command=get_materiel&rest_code=00104&code=00101008338&supplier_code=00100008&order_time=2024-05-14 HTTP/1.1" 200 408
101.83.144.49 - - [14/May/2024:11:48:24 +0800] "GET /xingrg/all/function/internal_message.html?_=1715658251179&CODE_STATE=getMsg HTTP/1.1" 200 27
222.69.130.233 - - [14/May/2024:11:48:24 +0800] "GET /xingrg/check_reg.html?_=1715658502383 HTTP/1.1" 200 22
101.80.230.31 - - [14/May/2024:11:48:27 +0800] "GET /xingrg/kc/buy/cgsh_order_operate.html?command=get_materiel&rest_code=00156&code=00101006111&supplier_code=00100012&order_time=2024-05-14 HTTP/1.1" 200 409
222.67.233.39 - - [14/May/2024:11:48:31 +0800] "GET /xingrg/all/function/internal_message.html?_=1715658511240&CODE_STATE=getMsg HTTP/1.1" 200 27
101.80.230.31 - - [14/May/2024:11:48:33 +0800] "GET /xingrg/all/function/internal_message.html?_=1715658515386&CODE_STATE=getMsg HTTP/1.1" 200 27
124.79.240.51 - - [14/May/2024:11:48:34 +0800] "POST /xingrg/kc/buy/cgsh_order_operate.html HTTP/1.1" 200 2065
124.79.240.51 - - [14/May/2024:11:48:35 +0800] "GET /xingrg/all/function/internal_message.html?_=1715658557145&CODE_STATE=getMsg HTTP/1.1" 200 27
101.80.230.31 - - [14/May/2024:11:48:38 +0800] "GET /xingrg/kc/buy/cgsh_order_operate.html?command=get_materiel&rest_code=00156&code=00101012051&supplier_code=00100012&order_time=2024-05-14 HTTP/1.1" 200 408
180.164.6.225 - - [14/May/2024:11:48:41 +0800] "GET /xingrg/all/function/internal_message.html?_=1715658520698&CODE_STATE=getMsg HTTP/1.1" 200 27
180.156.239.18 - - [14/May/2024:11:48:46 +0800] "GET /xingrg/all/function/internal_message.html?_=1715658526868&CODE_STATE=getMsg HTTP/1.1" 200 27
221.239.170.140 - - [14/May/2024:11:48:47 +0800] "GET /xingrg/all/function/internal_message.html?_=1715658525898&CODE_STATE=getMsg HTTP/1.1" 200 27
116.235.243.85 - - [14/May/2024:11:48:50 +0800] "GET /xingrg/all/function/internal_message.html?_=1715658536840&CODE_STATE=getMsg HTTP/1.1" 200 27
222.70.183.82 - - [14/May/2024:11:48:57 +0800] "GET /xingrg/all/function/internal_message.html?_=1715658535051&CODE_STATE=getMsg HTTP/1.1" 200 27
116.232.195.13 - - [14/May/2024:11:48:58 +0800] "GET /xingrg/all/function/internal_message.html?_=1715658502727&CODE_STATE=getMsg HTTP/1.1" 200 27
116.232.195.13 - - [14/May/2024:11:48:58 +0800] "GET /xingrg/check_reg.html?_=1715658502730 HTTP/1.1" 200 22
101.83.144.49 - - [14/May/2024:11:49:01 +0800] "GET /xingrg/check_reg.html?_=1715658542382 HTTP/1.1" 200 22
101.83.144.49 - - [14/May/2024:11:49:01 +0800] "GET /xingrg/all/function/internal_message.html?_=1715658542386&CODE_STATE=getMsg HTTP/1.1" 200 27
180.169.147.146 - - [14/May/2024:11:49:03 +0800] "GET /xingrg/all/function/internal_message.html?_=1715658549756&CODE_STATE=getMsg HTTP/1.1" 200 27
114.89.67.151 - - [14/May/2024:11:49:07 +0800] "GET /xingrg/all/function/internal_message.html?_=1715658547683&CODE_STATE=getMsg HTTP/1.1" 200 27
101.80.230.31 - - [14/May/2024:11:49:16 +0800] "GET /xingrg/kc/buy/cgsh_order_operate.html?command=get_materiel&rest_code=00156&code=00101009123&supplier_code=00100012&order_time=2024-05-14 HTTP/1.1" 200 406
222.69.132.151 - - [14/May/2024:11:49:17 +0800] "GET /xingrg/all/function/internal_message.html?_=1715658557627&CODE_STATE=getMsg HTTP/1.1" 200 27
124.78.158.134 - - [14/May/2024:11:49:18 +0800] "GET /xingrg/all/function/internal_message.html?_=1715658552832&CODE_STATE=getMsg HTTP/1.1" 200 27
180.156.239.18 - - [14/May/2024:11:49:20 +0800] "GET /xingrg/all/function/internal_message.html?_=1715658559707&CODE_STATE=getMsg HTTP/1.1" 200 27
116.232.195.13 - - [14/May/2024:11:49:20 +0800] "GET /xingrg/all/function/internal_message.html?_=1715658524805&CODE_STATE=getMsg HTTP/1.1" 200 27
101.83.144.49 - - [14/May/2024:11:49:24 +0800] "GET /xingrg/all/function/internal_message.html?_=1715658311258&CODE_STATE=getMsg HTTP/1.1" 200 27
222.67.233.39 - - [14/May/2024:11:49:31 +0800] "GET /xingrg/all/function/internal_message.html?_=1715658571222&CODE_STATE=getMsg HTTP/1.1" 200 27
101.80.230.31 - - [14/May/2024:11:49:33 +0800] "GET /xingrg/all/function/internal_message.html?_=1715658575388&CODE_STATE=getMsg HTTP/1.1" 200 27
101.80.230.31 - - [14/May/2024:11:49:34 +0800] "GET /xingrg/kc/buy/cgsh_order_operate.html?command=get_materiel&rest_code=00156&code=00101009041&supplier_code=00100012&order_time=2024-05-14 HTTP/1.1" 200 409
124.79.240.51 - - [14/May/2024:11:49:35 +0800] "GET /xingrg/all/function/internal_message.html?_=1715658617178&CODE_STATE=getMsg HTTP/1.1" 200 27
180.164.6.225 - - [14/May/2024:11:49:40 +0800] "GET /xingrg/all/function/internal_message.html?_=1715658580676&CODE_STATE=getMsg HTTP/1.1" 200 27
180.156.239.18 - - [14/May/2024:11:49:46 +0800] "GET /xingrg/all/function/internal_message.html?_=1715658586853&CODE_STATE=getMsg HTTP/1.1" 200 27
221.239.170.140 - - [14/May/2024:11:49:47 +0800] "GET /xingrg/all/function/internal_message.html?_=1715658585896&CODE_STATE=getMsg HTTP/1.1" 200 27
116.235.243.85 - - [14/May/2024:11:49:50 +0800] "GET /xingrg/all/function/internal_message.html?_=1715658596852&CODE_STATE=getMsg HTTP/1.1" 200 27
180.156.239.18 - - [14/May/2024:11:49:53 +0800] "POST /xingrg/services/DataTransmitService HTTP/1.1" 200 524
180.156.239.18 - - [14/May/2024:11:49:55 +0800] "POST /xingrg/services/DataTransmitService HTTP/1.1" 200 412
180.169.147.146 - - [14/May/2024:11:49:56 +0800] "GET /xingrg/kc/cost/cost_operate.html?_=1715658603448&command=load_cost_list HTTP/1.1" 200 12696
222.70.183.82 - - [14/May/2024:11:49:57 +0800] "GET /xingrg/all/function/internal_message.html?_=1715658595035&CODE_STATE=getMsg HTTP/1.1" 200 27
116.232.195.13 - - [14/May/2024:11:49:58 +0800] "GET /xingrg/all/function/internal_message.html?_=1715658562734&CODE_STATE=getMsg HTTP/1.1" 200 27
222.70.183.82 - - [14/May/2024:11:49:58 +0800] "GET /xingrg/check_reg.html?_=1715658596393 HTTP/1.1" 200 22
114.84.152.157 - - [14/May/2024:11:50:00 +0800] "POST /xingrg/login.do HTTP/1.1" 302 -
114.84.152.157 - - [14/May/2024:11:50:01 +0800] "GET /xingrg/index.html?sysBaseUrl=http%3A%2F%2F180.169.147.146%3A18081%2Fxingrg%2F&costTime=1711×tamp=1715658600974 HTTP/1.1" 200 17179
114.84.152.157 - - [14/May/2024:11:50:01 +0800] "GET /xingrg/javascript/jquery_easy_ui/themes/default/easyui.css HTTP/1.1" 304 -
114.84.152.157 - - [14/May/2024:11:50:01 +0800] "GET /xingrg/javascript/jquery_easy_ui/themes/icon.css HTTP/1.1" 304 -
114.84.152.157 - - [14/May/2024:11:50:01 +0800] "GET /xingrg/javascript/jquery-1.4.2.min.js HTTP/1.1" 304 -
114.84.152.157 - - [14/May/2024:11:50:01 +0800] "GET /xingrg/css/form.css HTTP/1.1" 304 -
180.169.147.146 - - [14/May/2024:11:50:01 +0800] "GET /xingrg/kc/report/report_main.html HTTP/1.1" 200 7340
114.84.152.157 - - [14/May/2024:11:50:01 +0800] "GET /xingrg/javascript/jquery_easy_ui/jquery.easyui.min.js HTTP/1.1" 304 -
114.84.152.157 - - [14/May/2024:11:50:01 +0800] "GET /xingrg/javascript/jquery_easy_ui/easyui-lang-zh_CN.js HTTP/1.1" 304 -
114.84.152.157 - - [14/May/2024:11:50:01 +0800] "GET /xingrg/javascript/jquery.form.js HTTP/1.1" 304 -
114.84.152.157 - - [14/May/2024:11:50:01 +0800] "GET /xingrg/javascript/jquery.timers.js HTTP/1.1" 304 -
114.84.152.157 - - [14/May/2024:11:50:01 +0800] "GET /xingrg/javascript/jquery.utils.js HTTP/1.1" 304 -
114.84.152.157 - - [14/May/2024:11:50:01 +0800] "GET /favicon.ico HTTP/1.1" 404 -
114.84.152.157 - - [14/May/2024:11:50:01 +0800] "GET /xingrg/images/blue/navBackgound.jpg HTTP/1.1" 304 -
114.84.152.157 - - [14/May/2024:11:50:01 +0800] "GET /xingrg/javascript/jquery_easy_ui/themes/icons/settle_new.png HTTP/1.1" 304 -
114.84.152.157 - - [14/May/2024:11:50:01 +0800] "GET /xingrg/all/function/internal_message.html?_=1715656970874&CODE_STATE=count HTTP/1.1" 200 11
114.84.152.157 - - [14/May/2024:11:50:01 +0800] "GET /xingrg/images/blue/pingpu.png HTTP/1.1" 304 -
114.84.152.157 - - [14/May/2024:11:50:01 +0800] "GET /xingrg/check_reg.html?_=1715656970875 HTTP/1.1" 200 22
114.84.152.157 - - [14/May/2024:11:50:01 +0800] "GET /xingrg/javascript/jquery_easy_ui/themes/default/images/tabs_leftarrow.png HTTP/1.1" 304 -
114.84.152.157 - - [14/May/2024:11:50:01 +0800] "GET /xingrg/javascript/jquery_easy_ui/themes/default/images/tabs_rightarrow.png HTTP/1.1" 304 -
114.84.152.157 - - [14/May/2024:11:50:01 +0800] "GET /xingrg/javascript/jquery_easy_ui/themes/default/images/panel_tool_collapse.gif HTTP/1.1" 304 -
101.83.144.49 - - [14/May/2024:11:50:01 +0800] "GET /xingrg/all/function/internal_message.html?_=1715658602371&CODE_STATE=getMsg HTTP/1.1" 200 27
114.84.152.157 - - [14/May/2024:11:50:01 +0800] "POST /xingrg/all/common/load_tree.html?tree=area_rest_tree_json&manage=1 HTTP/1.1" 200 479
114.84.152.157 - - [14/May/2024:11:50:01 +0800] "POST /xingrg/load_menu.html HTTP/1.1" 200 5138
114.84.152.157 - - [14/May/2024:11:50:02 +0800] "GET /xingrg/javascript/jquery_easy_ui/themes/default/images/tree_arrows.gif HTTP/1.1" 304 -
114.84.152.157 - - [14/May/2024:11:50:02 +0800] "GET /xingrg/javascript/jquery_easy_ui/themes/default/images/tree_folder_open.gif HTTP/1.1" 304 -
114.84.152.157 - - [14/May/2024:11:50:02 +0800] "GET /xingrg/javascript/jquery_easy_ui/themes/icons/search_new.png HTTP/1.1" 304 -
114.84.152.157 - - [14/May/2024:11:50:02 +0800] "GET /xingrg/javascript/jquery_easy_ui/themes/default/images/tree_folder.gif HTTP/1.1" 304 -
114.84.152.157 - - [14/May/2024:11:50:02 +0800] "GET /xingrg/javascript/jquery_easy_ui/themes/icons/storage_new.png HTTP/1.1" 304 -
114.84.152.157 - - [14/May/2024:11:50:02 +0800] "GET /xingrg/javascript/jquery_easy_ui/themes/icons/forms_new.png HTTP/1.1" 304 -
114.84.152.157 - - [14/May/2024:11:50:02 +0800] "GET /xingrg/javascript/jquery_easy_ui/themes/default/images/tree_file.gif HTTP/1.1" 304 -
180.169.147.146 - - [14/May/2024:11:50:02 +0800] "GET /xingrg/kc/base/crk_hz.html HTTP/1.1" 200 11247
180.169.147.146 - - [14/May/2024:11:50:02 +0800] "POST /xingrg/kc/cost/cost_operate.html?command=get_base_tree HTTP/1.1" 200 2793
180.169.147.146 - - [14/May/2024:11:50:02 +0800] "POST /xingrg/all/common/load_tree.html?tree=materiel_sort_tree_json HTTP/1.1" 200 9734
180.169.147.146 - - [14/May/2024:11:50:03 +0800] "GET /xingrg/all/function/internal_message.html?_=1715658609767&CODE_STATE=getMsg HTTP/1.1" 200 27
180.169.147.146 - - [14/May/2024:11:50:03 +0800] "GET /xingrg/check_reg.html?_=1715658609769 HTTP/1.1" 200 22
124.79.240.51 - - [14/May/2024:11:50:06 +0800] "POST /xingrg/kc/buy/cgsh_order_operate.html HTTP/1.1" 200 37
114.89.67.151 - - [14/May/2024:11:50:07 +0800] "GET /xingrg/all/function/internal_message.html?_=1715658607678&CODE_STATE=getMsg HTTP/1.1" 200 27
124.79.240.51 - - [14/May/2024:11:50:09 +0800] "POST /xingrg/kc/buy/cgsh_order_operate.html HTTP/1.1" 200 13268
101.80.230.31 - - [14/May/2024:11:50:10 +0800] "POST /xingrg/kc/buy/cgsh_order_operate.html HTTP/1.1" 200 88
222.69.132.151 - - [14/May/2024:11:50:17 +0800] "GET /xingrg/all/function/internal_message.html?_=1715658617633&CODE_STATE=getMsg HTTP/1.1" 200 27
101.80.230.31 - - [14/May/2024:11:50:17 +0800] "POST /xingrg/kc/buy/cgsh_order_operate.html HTTP/1.1" 200 37
124.78.158.134 - - [14/May/2024:11:50:18 +0800] "GET /xingrg/all/function/internal_message.html?_=1715658612811&CODE_STATE=getMsg HTTP/1.1" 200 27
180.156.239.18 - - [14/May/2024:11:50:20 +0800] "GET /xingrg/check_reg.html?_=1715658619711 HTTP/1.1" 200 22
180.156.239.18 - - [14/May/2024:11:50:20 +0800] "GET /xingrg/all/function/internal_message.html?_=1715658619708&CODE_STATE=getMsg HTTP/1.1" 200 27
116.232.195.13 - - [14/May/2024:11:50:20 +0800] "GET /xingrg/all/function/internal_message.html?_=1715658584807&CODE_STATE=getMsg HTTP/1.1" 200 27
101.83.144.49 - - [14/May/2024:11:50:24 +0800] "GET /xingrg/all/function/internal_message.html?_=1715658371286&CODE_STATE=getMsg HTTP/1.1" 200 27
101.80.230.31 - - [14/May/2024:11:50:24 +0800] "POST /xingrg/kc/buy/cgsh_order_operate.html HTTP/1.1" 200 5619
101.80.230.31 - - [14/May/2024:11:50:25 +0800] "GET /xingrg/kc/print/load_config.html?kc_code=cgsh HTTP/1.1" 200 1927
101.80.230.31 - - [14/May/2024:11:50:26 +0800] "GET /xingrg/kc/print/load_data.html?order_code=212024051403863&kc_code=cgsh&condition= HTTP/1.1" 200 1886
180.169.147.146 - - [14/May/2024:11:50:28 +0800] "GET /xingrg/kc/base/crk_hz.html?_=1715658635562&command=get_cost_id&end_date=2024-05-12&start_date=2024-05-01 HTTP/1.1" 200 51
180.169.147.146 - - [14/May/2024:11:50:28 +0800] "GET /xingrg/all/report/report_query.html?isQuery=1&onlyBody=1&rh=99999&rw=1800&varString=start:20240501,cost_id:5050,mid:20240501&fileName=kc/base/crk_hz_type_by_base.xml&queryString=%20a.base_code%20in%20('0010344','0010345','0010346','0010347','0010348','0010376','0010378','0010823')%20%20and%20m.sort_code%20in%20('00101001','00101002','00101003','00101004','00101005','00101006','00101007','00101008','00101009','00101010','00101011','00101012','00101013','00101014','00101015','00101016','00101017','00101018','00101019','00101020','00101021','00101022','00101023','00101024','00101025','00101026','00101027','00101028','00101029','00101030','00101031','00101032','00101033','00101034','00101036','00101037','00101038','00101039','00101040','00101041','00101042','00101043','00101044','00101045')%20&queryText=ÈÕÆÚ£º2024-05-01ÖÁ2024-05-12%20²Ö¿â£ºº£ÅÉ,Àä²Ë,ÉÕ±,´ÌÉí,µãÐÄ,º£ÏʳØ,ÔÁ²Ë,ÉÏʲ&tableQueryString=materiel_table$sp1$$sp$before_table$sp1$$sp$crk_table$sp1$order_day%20between%2020240501%20and%2020240512 HTTP/1.1" 200 50010
180.169.147.146 - - [14/May/2024:11:50:29 +0800] "GET /xingrg/dwr/interface/AjaxReportQueryService.js HTTP/1.1" 200 13203
180.169.147.146 - - [14/May/2024:11:50:29 +0800] "GET /xingrg/dwr/engine.js HTTP/1.1" 200 43631
222.67.233.39 - - [14/May/2024:11:50:31 +0800] "GET /xingrg/all/function/internal_message.html?_=1715658631206&CODE_STATE=getMsg HTTP/1.1" 200 27
180.169.147.146 - - [14/May/2024:11:50:33 +0800] "POST /xingrg/all/report/load_report_page.html HTTP/1.1" 200 238147
180.169.147.146 - - [14/May/2024:11:50:33 +0800] "GET /xingrg/servlets/image?cache=0.20028538342274693&image=px HTTP/1.1" 200 807
101.80.230.31 - - [14/May/2024:11:50:33 +0800] "GET /xingrg/all/function/internal_message.html?_=1715658635391&CODE_STATE=getMsg HTTP/1.1" 200 27
124.79.240.51 - - [14/May/2024:11:50:35 +0800] "GET /xingrg/all/function/internal_message.html?_=1715658677179&CODE_STATE=getMsg HTTP/1.1" 200 27
180.164.6.225 - - [14/May/2024:11:50:40 +0800] "GET /xingrg/all/function/internal_message.html?_=1715658640658&CODE_STATE=getMsg HTTP/1.1" 200 27
180.156.239.18 - - [14/May/2024:11:50:46 +0800] "GET /xingrg/all/function/internal_message.html?_=1715658646838&CODE_STATE=getMsg HTTP/1.1" 200 27
221.239.170.140 - - [14/May/2024:11:50:47 +0800] "GET /xingrg/all/function/internal_message.html?_=1715658645905&CODE_STATE=getMsg HTTP/1.1" 200 27
116.235.243.85 - - [14/May/2024:11:50:48 +0800] "GET /xingrg/check_reg.html?_=1715658654807 HTTP/1.1" 200 22
101.80.230.31 - - [14/May/2024:11:50:50 +0800] "GET /xingrg/kc/buy/cgsh_order_add.html HTTP/1.1" 200 74672
101.80.230.31 - - [14/May/2024:11:50:50 +0800] "POST /xingrg/kc/buy/cgsh_order_operate.html HTTP/1.1" 200 8245
101.80.230.31 - - [14/May/2024:11:50:50 +0800] "GET /xingrg/javascript/easyui/themes/default/validatebox.css HTTP/1.1" 404 1104
101.80.230.31 - - [14/May/2024:11:50:50 +0800] "GET /xingrg/all/common/auto_word.html?type=employee&rest_code=00156 HTTP/1.1" 200 47
101.80.230.31 - - [14/May/2024:11:50:50 +0800] "GET /xingrg/all/common/auto_word.html?type=employee&rest_code=00156 HTTP/1.1" 200 47
116.235.243.85 - - [14/May/2024:11:50:50 +0800] "GET /xingrg/all/function/internal_message.html?_=1715658656861&CODE_STATE=getMsg HTTP/1.1" 200 27
101.80.230.31 - - [14/May/2024:11:50:52 +0800] "GET /xingrg/javascript/jquery_tools/images/prev.gif HTTP/1.1" 404 1086
101.80.230.31 - - [14/May/2024:11:50:52 +0800] "GET /xingrg/javascript/jquery_tools/images/next.gif HTTP/1.1" 404 1086
222.67.233.39 - - [14/May/2024:11:50:53 +0800] "GET /xingrg/check_reg.html?_=1715658653713 HTTP/1.1" 200 22
222.70.183.82 - - [14/May/2024:11:50:57 +0800] "GET /xingrg/all/function/internal_message.html?_=1715658655019&CODE_STATE=getMsg HTTP/1.1" 200 27
116.232.195.13 - - [14/May/2024:11:50:58 +0800] "GET /xingrg/all/function/internal_message.html?_=1715658622749&CODE_STATE=getMsg HTTP/1.1" 200 27
114.84.152.157 - - [14/May/2024:11:51:01 +0800] "GET /xingrg/all/function/internal_message.html?_=1715657030888&CODE_STATE=getMsg HTTP/1.1" 200 27
101.83.144.49 - - [14/May/2024:11:51:01 +0800] "GET /xingrg/all/function/internal_message.html?_=1715658662373&CODE_STATE=getMsg HTTP/1.1" 200 27
180.169.147.146 - - [14/May/2024:11:51:03 +0800] "GET /xingrg/all/function/internal_message.html?_=1715658669771&CODE_STATE=getMsg HTTP/1.1" 200 27
114.89.67.151 - - [14/May/2024:11:51:07 +0800] "GET /xingrg/all/function/internal_message.html?_=1715658667697&CODE_STATE=getMsg HTTP/1.1" 200 27
222.69.132.151 - - [14/May/2024:11:51:17 +0800] "GET /xingrg/all/function/internal_message.html?_=1715658677630&CODE_STATE=getMsg HTTP/1.1" 200 27
124.78.158.134 - - [14/May/2024:11:51:18 +0800] "GET /xingrg/all/function/internal_message.html?_=1715658672782&CODE_STATE=getMsg HTTP/1.1" 200 27
180.156.239.18 - - [14/May/2024:11:51:20 +0800] "GET /xingrg/all/function/internal_message.html?_=1715658679701&CODE_STATE=getMsg HTTP/1.1" 200 27
116.232.195.13 - - [14/May/2024:11:51:20 +0800] "GET /xingrg/all/function/internal_message.html?_=1715658644805&CODE_STATE=getMsg HTTP/1.1" 200 27
116.232.195.13 - - [14/May/2024:11:51:20 +0800] "GET /xingrg/check_reg.html?_=1715658644811 HTTP/1.1" 200 22
101.83.144.49 - - [14/May/2024:11:51:24 +0800] "GET /xingrg/check_reg.html?_=1715658431344 HTTP/1.1" 200 22
101.83.144.49 - - [14/May/2024:11:51:24 +0800] "GET /xingrg/all/function/internal_message.html?_=1715658431345&CODE_STATE=getMsg HTTP/1.1" 200 27
180.164.6.225 - - [14/May/2024:11:51:26 +0800] "POST /xingrg/services/DataTransmitService HTTP/1.1" 200 524
180.164.6.225 - - [14/May/2024:11:51:27 +0800] "POST /xingrg/services/DataTransmitService HTTP/1.1" 200 501
222.67.233.39 - - [14/May/2024:11:51:31 +0800] "GET /xingrg/all/function/internal_message.html?_=1715658691188&CODE_STATE=getMsg HTTP/1.1" 200 27
101.80.230.31 - - [14/May/2024:11:51:31 +0800] "GET /xingrg/kc/buy/cgsh_order_operate.html?command=get_materiel&rest_code=00156&code=00101008509&supplier_code=00100450&order_time=2024-05-14 HTTP/1.1" 200 410
101.80.230.31 - - [14/May/2024:11:51:33 +0800] "GET /xingrg/all/function/internal_message.html?_=1715658695396&CODE_STATE=getMsg HTTP/1.1" 200 27
124.79.240.51 - - [14/May/2024:11:51:35 +0800] "GET /xingrg/all/function/internal_message.html?_=1715658737146&CODE_STATE=getMsg HTTP/1.1" 200 27
180.164.6.225 - - [14/May/2024:11:51:40 +0800] "GET /xingrg/all/function/internal_message.html?_=1715658700636&CODE_STATE=getMsg HTTP/1.1" 200 27
124.79.240.51 - - [14/May/2024:11:51:43 +0800] "GET /xingrg/kc/print/load_config.html?kc_code=cgsh HTTP/1.1" 200 1927
124.79.240.51 - - [14/May/2024:11:51:44 +0800] "GET /xingrg/kc/print/load_data.html?order_code=212024051403861&kc_code=cgsh&condition= HTTP/1.1" 200 4666
101.80.230.31 - - [14/May/2024:11:51:46 +0800] "GET /xingrg/kc/buy/cgsh_order_operate.html?command=get_materiel&rest_code=00156&code=00101015129&supplier_code=00100450&order_time=2024-05-14 HTTP/1.1" 200 410
180.156.239.18 - - [14/May/2024:11:51:46 +0800] "GET /xingrg/all/function/internal_message.html?_=1715658706811&CODE_STATE=getMsg HTTP/1.1" 200 27
180.156.239.18 - - [14/May/2024:11:51:47 +0800] "GET /xingrg/check_reg.html?_=1715658707269 HTTP/1.1" 200 22
221.239.170.140 - - [14/May/2024:11:51:47 +0800] "GET /xingrg/check_reg.html?_=1715658705892 HTTP/1.1" 200 22
221.239.170.140 - - [14/May/2024:11:51:47 +0800] "GET /xingrg/all/function/internal_message.html?_=1715658705894&CODE_STATE=getMsg HTTP/1.1" 200 27
116.235.243.85 - - [14/May/2024:11:51:50 +0800] "GET /xingrg/all/function/internal_message.html?_=1715658716874&CODE_STATE=getMsg HTTP/1.1" 200 27
222.70.183.82 - - [14/May/2024:11:51:57 +0800] "GET /xingrg/all/function/internal_message.html?_=1715658715028&CODE_STATE=getMsg HTTP/1.1" 200 27
116.232.195.13 - - [14/May/2024:11:51:58 +0800] "GET /xingrg/all/function/internal_message.html?_=1715658682739&CODE_STATE=getMsg HTTP/1.1" 200 27
101.80.230.31 - - [14/May/2024:11:52:00 +0800] "GET /xingrg/kc/buy/cgsh_order_operate.html?command=get_materiel&rest_code=00156&code=00101008593&supplier_code=00100450&order_time=2024-05-14 HTTP/1.1" 200 418
120.253.135.82 - - [14/May/2024:11:52:00 +0800] "GET /xingrg/check_reg.html?_=1715658570974 HTTP/1.1" 200 22
114.84.152.157 - - [14/May/2024:11:52:01 +0800] "GET /xingrg/all/function/internal_message.html?_=1715657090889&CODE_STATE=getMsg HTTP/1.1" 200 27
101.83.144.49 - - [14/May/2024:11:52:01 +0800] "GET /xingrg/all/function/internal_message.html?_=1715658722373&CODE_STATE=getMsg HTTP/1.1" 200 27
180.169.147.146 - - [14/May/2024:11:52:03 +0800] "GET /xingrg/all/function/internal_message.html?_=1715658729759&CODE_STATE=getMsg HTTP/1.1" 200 27
114.89.67.151 - - [14/May/2024:11:52:07 +0800] "GET /xingrg/all/function/internal_message.html?_=1715658727697&CODE_STATE=getMsg HTTP/1.1" 200 27
101.80.230.31 - - [14/May/2024:11:52:09 +0800] "GET /xingrg/kc/buy/cgsh_order_operate.html?command=get_materiel&rest_code=00156&code=00101008568&supplier_code=00100450&order_time=2024-05-14 HTTP/1.1" 200 413
101.80.230.31 - - [14/May/2024:11:52:17 +0800] "GET /xingrg/kc/buy/cgsh_order_operate.html?command=get_materiel&rest_code=00156&code=00101015223&supplier_code=00100450&order_time=2024-05-14 HTTP/1.1" 200 407
222.69.132.151 - - [14/May/2024:11:52:17 +0800] "GET /xingrg/all/function/internal_message.html?_=1715658737637&CODE_STATE=getMsg HTTP/1.1" 200 27
222.69.132.151 - - [14/May/2024:11:52:17 +0800] "GET /xingrg/check_reg.html?_=1715658737639 HTTP/1.1" 200 22
124.78.158.134 - - [14/May/2024:11:52:18 +0800] "GET /xingrg/all/function/internal_message.html?_=1715658732770&CODE_STATE=getMsg HTTP/1.1" 200 27
180.156.239.18 - - [14/May/2024:11:52:20 +0800] "GET /xingrg/all/function/internal_message.html?_=1715658739714&CODE_STATE=getMsg HTTP/1.1" 200 27
116.232.195.13 - - [14/May/2024:11:52:20 +0800] "GET /xingrg/all/function/internal_message.html?_=1715658704808&CODE_STATE=getMsg HTTP/1.1" 200 27
101.83.144.49 - - [14/May/2024:11:52:24 +0800] "GET /xingrg/all/function/internal_message.html?_=1715658491403&CODE_STATE=getMsg HTTP/1.1" 200 27
101.80.230.31 - - [14/May/2024:11:52:29 +0800] "GET /xingrg/kc/buy/cgsh_order_operate.html?command=get_materiel&rest_code=00156&code=00101008569&supplier_code=00100450&order_time=2024-05-14 HTTP/1.1" 200 417
222.67.233.39 - - [14/May/2024:11:52:31 +0800] "GET /xingrg/all/function/internal_message.html?_=1715658751168&CODE_STATE=getMsg HTTP/1.1" 200 27
101.80.230.31 - - [14/May/2024:11:52:33 +0800] "GET /xingrg/check_reg.html?_=1715658755396 HTTP/1.1" 200 22
101.80.230.31 - - [14/May/2024:11:52:33 +0800] "GET /xingrg/all/function/internal_message.html?_=1715658755395&CODE_STATE=getMsg HTTP/1.1" 200 27
124.79.240.51 - - [14/May/2024:11:52:35 +0800] "GET /xingrg/all/function/internal_message.html?_=1715658797156&CODE_STATE=getMsg HTTP/1.1" 200 27
124.79.240.51 - - [14/May/2024:11:52:35 +0800] "GET /xingrg/check_reg.html?_=1715658797157 HTTP/1.1" 200 22
180.164.6.225 - - [14/May/2024:11:52:40 +0800] "GET /xingrg/all/function/internal_message.html?_=1715658760620&CODE_STATE=getMsg HTTP/1.1" 200 27
101.80.230.31 - - [14/May/2024:11:52:46 +0800] "GET /xingrg/kc/buy/cgsh_order_operate.html?command=get_materiel&rest_code=00156&code=00101015147&supplier_code=00100450&order_time=2024-05-14 HTTP/1.1" 200 409
180.156.239.18 - - [14/May/2024:11:52:46 +0800] "GET /xingrg/all/function/internal_message.html?_=1715658766788&CODE_STATE=getMsg HTTP/1.1" 200 27
221.239.170.140 - - [14/May/2024:11:52:47 +0800] "GET /xingrg/all/function/internal_message.html?_=1715658765896&CODE_STATE=getMsg HTTP/1.1" 200 27
116.235.243.85 - - [14/May/2024:11:52:50 +0800] "GET /xingrg/all/function/internal_message.html?_=1715658776888&CODE_STATE=getMsg HTTP/1.1" 200 27
222.70.183.82 - - [14/May/2024:11:52:57 +0800] "GET /xingrg/all/function/internal_message.html?_=1715658775008&CODE_STATE=getMsg HTTP/1.1" 200 27
116.232.195.13 - - [14/May/2024:11:52:58 +0800] "GET /xingrg/all/function/internal_message.html?_=1715658742741&CODE_STATE=getMsg HTTP/1.1" 200 27
180.164.6.225 - - [14/May/2024:11:53:00 +0800] "GET /xingrg/check_reg.html?_=1715658780350 HTTP/1.1" 200 22
114.84.152.157 - - [14/May/2024:11:53:01 +0800] "GET /xingrg/all/function/internal_message.html?_=1715657150901&CODE_STATE=getMsg HTTP/1.1" 200 27
101.83.144.49 - - [14/May/2024:11:53:01 +0800] "GET /xingrg/all/function/internal_message.html?_=1715658782418&CODE_STATE=getMsg HTTP/1.1" 200 27
180.169.147.146 - - [14/May/2024:11:53:03 +0800] "GET /xingrg/all/function/internal_message.html?_=1715658789759&CODE_STATE=getMsg HTTP/1.1" 200 27
101.80.230.31 - - [14/May/2024:11:53:03 +0800] "GET /xingrg/kc/buy/cgsh_order_operate.html?command=get_materiel&rest_code=00156&code=00101015204&supplier_code=00100450&order_time=2024-05-14 HTTP/1.1" 200 421
114.89.67.151 - - [14/May/2024:11:53:07 +0800] "GET /xingrg/all/function/internal_message.html?_=1715658787696&CODE_STATE=getMsg HTTP/1.1" 200 27
114.89.67.151 - - [14/May/2024:11:53:07 +0800] "GET /xingrg/check_reg.html?_=1715658787703 HTTP/1.1" 200 22
222.70.183.82 - - [14/May/2024:11:53:10 +0800] "POST /xingrg/services/DataTransmitService HTTP/1.1" 200 524
222.70.183.82 - - [14/May/2024:11:53:11 +0800] "POST /xingrg/services/DataTransmitService HTTP/1.1" 200 501
222.70.183.82 - - [14/May/2024:11:53:11 +0800] "POST /xingrg/services/DataTransmitService HTTP/1.1" 200 501
222.70.183.82 - - [14/May/2024:11:53:11 +0800] "POST /xingrg/services/DataTransmitService HTTP/1.1" 200 501
222.70.183.82 - - [14/May/2024:11:53:11 +0800] "POST /xingrg/services/DataTransmitService HTTP/1.1" 200 501
222.70.183.82 - - [14/May/2024:11:53:12 +0800] "POST /xingrg/services/DataTransmitService HTTP/1.1" 200 501
222.70.183.82 - - [14/May/2024:11:53:12 +0800] "POST /xingrg/services/DataTransmitService HTTP/1.1" 200 501
222.70.183.82 - - [14/May/2024:11:53:12 +0800] "POST /xingrg/services/DataTransmitService HTTP/1.1" 200 501
222.70.183.82 - - [14/May/2024:11:53:12 +0800] "POST /xingrg/services/DataTransmitService HTTP/1.1" 200 412
222.69.132.151 - - [14/May/2024:11:53:17 +0800] "GET /xingrg/all/function/internal_message.html?_=1715658797636&CODE_STATE=getMsg HTTP/1.1" 200 27
124.78.158.134 - - [14/May/2024:11:53:17 +0800] "GET /xingrg/check_reg.html?_=1715658791826 HTTP/1.1" 200 22
101.80.230.31 - - [14/May/2024:11:53:17 +0800] "GET /xingrg/kc/buy/cgsh_order_operate.html?command=get_materiel&rest_code=00156&code=00101015197&supplier_code=00100450&order_time=2024-05-14 HTTP/1.1" 200 417
124.78.158.134 - - [14/May/2024:11:53:18 +0800] "GET /xingrg/all/function/internal_message.html?_=1715658792753&CODE_STATE=getMsg HTTP/1.1" 200 27
180.156.239.18 - - [14/May/2024:11:53:20 +0800] "GET /xingrg/all/function/internal_message.html?_=1715658799710&CODE_STATE=getMsg HTTP/1.1" 200 27
116.232.195.13 - - [14/May/2024:11:53:20 +0800] "GET /xingrg/all/function/internal_message.html?_=1715658764805&CODE_STATE=getMsg HTTP/1.1" 200 27
222.69.130.233 - - [14/May/2024:11:53:24 +0800] "GET /xingrg/check_reg.html?_=1715658802353 HTTP/1.1" 200 22
101.83.144.49 - - [14/May/2024:11:53:24 +0800] "GET /xingrg/all/function/internal_message.html?_=1715658551459&CODE_STATE=getMsg HTTP/1.1" 200 27
222.67.233.39 - - [14/May/2024:11:53:31 +0800] "GET /xingrg/all/function/internal_message.html?_=1715658811143&CODE_STATE=getMsg HTTP/1.1" 200 27
101.80.230.31 - - [14/May/2024:11:53:33 +0800] "GET /xingrg/kc/buy/cgsh_order_operate.html?command=get_materiel&rest_code=00156&code=00101015044&supplier_code=00100450&order_time=2024-05-14 HTTP/1.1" 200 409
101.80.230.31 - - [14/May/2024:11:53:33 +0800] "GET /xingrg/all/function/internal_message.html?_=1715658815397&CODE_STATE=getMsg HTTP/1.1" 200 27
124.79.240.51 - - [14/May/2024:11:53:35 +0800] "GET /xingrg/all/function/internal_message.html?_=1715658857157&CODE_STATE=getMsg HTTP/1.1" 200 27
180.164.6.225 - - [14/May/2024:11:53:40 +0800] "GET /xingrg/all/function/internal_message.html?_=1715658820619&CODE_STATE=getMsg HTTP/1.1" 200 27
180.156.239.18 - - [14/May/2024:11:53:46 +0800] "GET /xingrg/all/function/internal_message.html?_=1715658826772&CODE_STATE=getMsg HTTP/1.1" 200 27
221.239.170.140 - - [14/May/2024:11:53:47 +0800] "GET /xingrg/all/function/internal_message.html?_=1715658825904&CODE_STATE=getMsg HTTP/1.1" 200 27
101.80.230.31 - - [14/May/2024:11:53:48 +0800] "GET /xingrg/kc/buy/cgsh_order_operate.html?command=get_materiel&rest_code=00156&code=00101015112&supplier_code=00100450&order_time=2024-05-14 HTTP/1.1" 200 417
116.235.243.85 - - [14/May/2024:11:53:50 +0800] "GET /xingrg/all/function/internal_message.html?_=1715658836903&CODE_STATE=getMsg HTTP/1.1" 200 27
222.70.183.82 - - [14/May/2024:11:53:57 +0800] "GET /xingrg/all/function/internal_message.html?_=1715658834981&CODE_STATE=getMsg HTTP/1.1" 200 27
116.232.195.13 - - [14/May/2024:11:53:58 +0800] "GET /xingrg/check_reg.html?_=1715658802737 HTTP/1.1" 200 22
116.232.195.13 - - [14/May/2024:11:53:58 +0800] "GET /xingrg/all/function/internal_message.html?_=1715658802741&CODE_STATE=getMsg HTTP/1.1" 200 27
101.80.230.31 - - [14/May/2024:11:53:58 +0800] "GET /xingrg/kc/buy/cgsh_order_operate.html?command=get_materiel&rest_code=00156&code=00101015185&supplier_code=00100450&order_time=2024-05-14 HTTP/1.1" 200 417
114.84.152.157 - - [14/May/2024:11:54:01 +0800] "GET /xingrg/all/function/internal_message.html?_=1715657210891&CODE_STATE=getMsg HTTP/1.1" 200 27
101.83.144.49 - - [14/May/2024:11:54:01 +0800] "GET /xingrg/all/function/internal_message.html?_=1715658842399&CODE_STATE=getMsg HTTP/1.1" 200 27
101.83.144.49 - - [14/May/2024:11:54:01 +0800] "GET /xingrg/check_reg.html?_=1715658842402 HTTP/1.1" 200 22
180.169.147.146 - - [14/May/2024:11:54:03 +0800] "GET /xingrg/all/function/internal_message.html?_=1715658849773&CODE_STATE=getMsg HTTP/1.1" 200 27
114.89.67.151 - - [14/May/2024:11:54:07 +0800] "GET /xingrg/all/function/internal_message.html?_=1715658847680&CODE_STATE=getMsg HTTP/1.1" 200 27
101.80.230.31 - - [14/May/2024:11:54:10 +0800] "GET /xingrg/kc/buy/cgsh_order_operate.html?command=get_materiel&rest_code=00156&code=00101015038&supplier_code=00100450&order_time=2024-05-14 HTTP/1.1" 200 419
222.69.132.151 - - [14/May/2024:11:54:17 +0800] "GET /xingrg/all/function/internal_message.html?_=1715658857628&CODE_STATE=getMsg HTTP/1.1" 200 27
124.78.158.134 - - [14/May/2024:11:54:18 +0800] "GET /xingrg/all/function/internal_message.html?_=1715658852721&CODE_STATE=getMsg HTTP/1.1" 200 27
180.156.239.18 - - [14/May/2024:11:54:20 +0800] "GET /xingrg/all/function/internal_message.html?_=1715658859713&CODE_STATE=getMsg HTTP/1.1" 200 27
116.232.195.13 - - [14/May/2024:11:54:20 +0800] "GET /xingrg/all/function/internal_message.html?_=1715658824795&CODE_STATE=getMsg HTTP/1.1" 200 27
101.80.230.31 - - [14/May/2024:11:54:24 +0800] "POST /xingrg/kc/buy/cgsh_order_operate.html HTTP/1.1" 200 37
101.83.144.49 - - [14/May/2024:11:54:24 +0800] "GET /xingrg/all/function/internal_message.html?_=1715658611517&CODE_STATE=getMsg HTTP/1.1" 200 27
101.80.230.31 - - [14/May/2024:11:54:26 +0800] "POST /xingrg/kc/buy/cgsh_order_operate.html HTTP/1.1" 200 9806
101.80.230.31 - - [14/May/2024:11:54:27 +0800] "GET /xingrg/kc/print/load_config.html?kc_code=cgsh HTTP/1.1" 200 1927
101.80.230.31 - - [14/May/2024:11:54:28 +0800] "GET /xingrg/kc/print/load_data.html?order_code=212024051403864&kc_code=cgsh&condition= HTTP/1.1" 200 3404
222.67.233.39 - - [14/May/2024:11:54:31 +0800] "GET /xingrg/all/function/internal_message.html?_=1715658871125&CODE_STATE=getMsg HTTP/1.1" 200 27
101.80.230.31 - - [14/May/2024:11:54:32 +0800] "GET /xingrg/kc/buy/cgsh_order_add.html HTTP/1.1" 200 74672
101.80.230.31 - - [14/May/2024:11:54:32 +0800] "GET /xingrg/words/20240514110115_words.js HTTP/1.1" 304 -
101.80.230.31 - - [14/May/2024:11:54:32 +0800] "POST /xingrg/kc/buy/cgsh_order_operate.html HTTP/1.1" 200 8245
101.80.230.31 - - [14/May/2024:11:54:32 +0800] "GET /xingrg/javascript/easyui/themes/default/validatebox.css HTTP/1.1" 404 1104
101.80.230.31 - - [14/May/2024:11:54:32 +0800] "GET /xingrg/all/common/auto_word.html?type=employee&rest_code=00156 HTTP/1.1" 200 47
101.80.230.31 - - [14/May/2024:11:54:32 +0800] "GET /xingrg/all/common/auto_word.html?type=employee&rest_code=00156 HTTP/1.1" 200 47
101.80.230.31 - - [14/May/2024:11:54:33 +0800] "GET /xingrg/all/function/internal_message.html?_=1715658875400&CODE_STATE=getMsg HTTP/1.1" 200 27
101.80.230.31 - - [14/May/2024:11:54:35 +0800] "GET /xingrg/javascript/jquery_tools/images/next.gif HTTP/1.1" 404 1086
101.80.230.31 - - [14/May/2024:11:54:35 +0800] "GET /xingrg/javascript/jquery_tools/images/prev.gif HTTP/1.1" 404 1086
124.79.240.51 - - [14/May/2024:11:54:35 +0800] "GET /xingrg/all/function/internal_message.html?_=1715658917155&CODE_STATE=getMsg HTTP/1.1" 200 27
180.164.6.225 - - [14/May/2024:11:54:40 +0800] "GET /xingrg/all/function/internal_message.html?_=1715658880601&CODE_STATE=getMsg HTTP/1.1" 200 27
120.253.135.82 - - [14/May/2024:11:54:41 +0800] "GET /xingrg/kc/pszx/mdqp_order_list.html?isBack=1 HTTP/1.1" 302 -
120.253.135.82 - - [14/May/2024:11:54:41 +0800] "GET /xingrg/images/yd/bt.gif HTTP/1.1" 404 1040
120.253.135.82 - - [14/May/2024:11:54:41 +0800] "GET /xingrg/images/yd/bt2.gif HTTP/1.1" 404 1042
120.253.135.82 - - [14/May/2024:11:54:41 +0800] "GET /xingrg/kc/pszx/mdqp_order_list.html?state=10 HTTP/1.1" 200 10897
120.253.135.82 - - [14/May/2024:11:54:41 +0800] "GET /xingrg/dwr/interface/AjaxQqpsService.js HTTP/1.1" 200 16326
120.253.135.82 - - [14/May/2024:11:54:41 +0800] "GET /xingrg/dwr/interface/AjaxReportQueryService.js HTTP/1.1" 200 13203
120.253.135.82 - - [14/May/2024:11:54:41 +0800] "GET /xingrg/dwr/engine.js HTTP/1.1" 200 43631
180.156.239.18 - - [14/May/2024:11:54:46 +0800] "GET /xingrg/all/function/internal_message.html?_=1715658886770&CODE_STATE=getMsg HTTP/1.1" 200 27
221.239.170.140 - - [14/May/2024:11:54:47 +0800] "GET /xingrg/all/function/internal_message.html?_=1715658885905&CODE_STATE=getMsg HTTP/1.1" 200 27
120.253.135.82 - - [14/May/2024:11:54:48 +0800] "GET /xingrg/kc/pszx/mdqp_order_list.html?state=10 HTTP/1.1" 200 10897
120.253.135.82 - - [14/May/2024:11:54:48 +0800] "GET /xingrg/dwr/engine.js HTTP/1.1" 200 43631
120.253.135.82 - - [14/May/2024:11:54:48 +0800] "GET /xingrg/dwr/interface/AjaxReportQueryService.js HTTP/1.1" 200 13203
120.253.135.82 - - [14/May/2024:11:54:48 +0800] "GET /xingrg/dwr/interface/AjaxQqpsService.js HTTP/1.1" 200 16326
116.235.243.85 - - [14/May/2024:11:54:50 +0800] "GET /xingrg/all/function/internal_message.html?_=1715658896916&CODE_STATE=getMsg HTTP/1.1" 200 27
120.253.135.82 - - [14/May/2024:11:54:51 +0800] "GET /xingrg/kc/pszx/mdth_order_list.html HTTP/1.1" 200 18737
120.253.135.82 - - [14/May/2024:11:54:52 +0800] "POST /xingrg/kc/pszx/mdth_order_new_list.html HTTP/1.1" 200 4744
120.253.135.82 - - [14/May/2024:11:54:55 +0800] "POST /xingrg/kc/pszx/mdth_order_new_list.html HTTP/1.1" 200 308
222.70.183.82 - - [14/May/2024:11:54:57 +0800] "GET /xingrg/all/function/internal_message.html?_=1715658894959&CODE_STATE=getMsg HTTP/1.1" 200 27
116.232.195.13 - - [14/May/2024:11:54:58 +0800] "GET /xingrg/all/function/internal_message.html?_=1715658862740&CODE_STATE=getMsg HTTP/1.1" 200 27
222.70.183.82 - - [14/May/2024:11:54:58 +0800] "GET /xingrg/check_reg.html?_=1715658896396 HTTP/1.1" 200 22
120.253.135.82 - - [14/May/2024:11:55:00 +0800] "GET /xingrg/kc/pszx/mdqp_order_list.html?state=10 HTTP/1.1" 200 10897
120.253.135.82 - - [14/May/2024:11:55:00 +0800] "GET /xingrg/dwr/interface/AjaxQqpsService.js HTTP/1.1" 200 16326
120.253.135.82 - - [14/May/2024:11:55:00 +0800] "GET /xingrg/dwr/engine.js HTTP/1.1" 200 43631
120.253.135.82 - - [14/May/2024:11:55:00 +0800] "GET /xingrg/dwr/interface/AjaxReportQueryService.js HTTP/1.1" 200 13203
114.84.152.157 - - [14/May/2024:11:55:01 +0800] "GET /xingrg/check_reg.html?_=1715657270899 HTTP/1.1" 200 22
114.84.152.157 - - [14/May/2024:11:55:01 +0800] "GET /xingrg/all/function/internal_message.html?_=1715657270901&CODE_STATE=getMsg HTTP/1.1" 200 27
101.83.144.49 - - [14/May/2024:11:55:01 +0800] "GET /xingrg/all/function/internal_message.html?_=1715658902403&CODE_STATE=getMsg HTTP/1.1" 200 27
180.169.147.146 - - [14/May/2024:11:55:03 +0800] "GET /xingrg/check_reg.html?_=1715658909773 HTTP/1.1" 200 22
180.169.147.146 - - [14/May/2024:11:55:03 +0800] "GET /xingrg/all/function/internal_message.html?_=1715658909775&CODE_STATE=getMsg HTTP/1.1" 200 27
114.89.67.151 - - [14/May/2024:11:55:07 +0800] "GET /xingrg/all/function/internal_message.html?_=1715658907695&CODE_STATE=getMsg HTTP/1.1" 200 27
222.69.132.151 - - [14/May/2024:11:55:17 +0800] "GET /xingrg/all/function/internal_message.html?_=1715658917633&CODE_STATE=getMsg HTTP/1.1" 200 27
124.78.158.134 - - [14/May/2024:11:55:18 +0800] "GET /xingrg/all/function/internal_message.html?_=1715658912710&CODE_STATE=getMsg HTTP/1.1" 200 27
180.156.239.18 - - [14/May/2024:11:55:20 +0800] "GET /xingrg/check_reg.html?_=1715658919717 HTTP/1.1" 200 22
180.156.239.18 - - [14/May/2024:11:55:20 +0800] "GET /xingrg/all/function/internal_message.html?_=1715658919723&CODE_STATE=getMsg HTTP/1.1" 200 27
116.232.195.13 - - [14/May/2024:11:55:20 +0800] "GET /xingrg/all/function/internal_message.html?_=1715658884806&CODE_STATE=getMsg HTTP/1.1" 200 27
101.83.144.49 - - [14/May/2024:11:55:24 +0800] "GET /xingrg/all/function/internal_message.html?_=1715658671551&CODE_STATE=getMsg HTTP/1.1" 200 27
222.67.233.39 - - [14/May/2024:11:55:31 +0800] "GET /xingrg/all/function/internal_message.html?_=1715658931096&CODE_STATE=getMsg HTTP/1.1" 200 27
101.80.230.31 - - [14/May/2024:11:55:33 +0800] "GET /xingrg/all/function/internal_message.html?_=1715658935402&CODE_STATE=getMsg HTTP/1.1" 200 27
124.79.240.51 - - [14/May/2024:11:55:35 +0800] "GET /xingrg/all/function/internal_message.html?_=1715658977153&CODE_STATE=getMsg HTTP/1.1" 200 27
180.164.6.225 - - [14/May/2024:11:55:40 +0800] "GET /xingrg/all/function/internal_message.html?_=1715658940575&CODE_STATE=getMsg HTTP/1.1" 200 27
180.156.239.18 - - [14/May/2024:11:55:46 +0800] "GET /xingrg/all/function/internal_message.html?_=1715658946753&CODE_STATE=getMsg HTTP/1.1" 200 27
221.239.170.140 - - [14/May/2024:11:55:47 +0800] "GET /xingrg/all/function/internal_message.html?_=1715658945914&CODE_STATE=getMsg HTTP/1.1" 200 27
116.235.243.85 - - [14/May/2024:11:55:48 +0800] "GET /xingrg/check_reg.html?_=1715658954810 HTTP/1.1" 200 22
116.235.243.85 - - [14/May/2024:11:55:51 +0800] "GET /xingrg/all/function/internal_message.html?_=1715658956930&CODE_STATE=getMsg HTTP/1.1" 200 27
222.67.233.39 - - [14/May/2024:11:55:53 +0800] "GET /xingrg/check_reg.html?_=1715658953713 HTTP/1.1" 200 22
222.70.183.82 - - [14/May/2024:11:55:57 +0800] "GET /xingrg/all/function/internal_message.html?_=1715658954934&CODE_STATE=getMsg HTTP/1.1" 200 27
116.232.195.13 - - [14/May/2024:11:55:58 +0800] "GET /xingrg/all/function/internal_message.html?_=1715658922730&CODE_STATE=getMsg HTTP/1.1" 200 27
114.84.152.157 - - [14/May/2024:11:56:01 +0800] "GET /xingrg/all/function/internal_message.html?_=1715657330893&CODE_STATE=getMsg HTTP/1.1" 200 27
101.83.144.49 - - [14/May/2024:11:56:01 +0800] "GET /xingrg/all/function/internal_message.html?_=1715658962404&CODE_STATE=getMsg HTTP/1.1" 200 27
180.169.147.146 - - [14/May/2024:11:56:03 +0800] "GET /xingrg/all/function/internal_message.html?_=1715658969760&CODE_STATE=getMsg HTTP/1.1" 200 27
114.89.67.151 - - [14/May/2024:11:56:07 +0800] "GET /xingrg/all/function/internal_message.html?_=1715658967695&CODE_STATE=getMsg HTTP/1.1" 200 27
222.69.132.151 - - [14/May/2024:11:56:17 +0800] "GET /xingrg/all/function/internal_message.html?_=1715658977624&CODE_STATE=getMsg HTTP/1.1" 200 27
124.78.158.134 - - [14/May/2024:11:56:18 +0800] "GET /xingrg/all/function/internal_message.html?_=1715658972678&CODE_STATE=getMsg HTTP/1.1" 200 27
180.156.239.18 - - [14/May/2024:11:56:20 +0800] "GET /xingrg/all/function/internal_message.html?_=1715658979713&CODE_STATE=getMsg HTTP/1.1" 200 27
