116.237.78.82 - - [12/May/2024:10:00:09 +0800] "GET /xingrg/all/function/internal_message.html?_=1715479205380&CODE_STATE=getMsg HTTP/1.1" 200 27
116.232.195.13 - - [12/May/2024:10:00:12 +0800] "GET /xingrg/all/function/internal_message.html?_=1715479181769&CODE_STATE=getMsg HTTP/1.1" 200 27
101.83.144.49 - - [12/May/2024:10:00:17 +0800] "GET /xingrg/all/function/internal_message.html?_=1715478964900&CODE_STATE=getMsg HTTP/1.1" 200 27
222.69.133.206 - - [12/May/2024:10:00:18 +0800] "GET /xingrg/all/function/internal_message.html?_=1715479219680&CODE_STATE=getMsg HTTP/1.1" 200 27
180.164.6.225 - - [12/May/2024:10:00:21 +0800] "GET /xingrg/all/function/internal_message.html?_=1715479221063&CODE_STATE=getMsg HTTP/1.1" 200 27
180.164.6.225 - - [12/May/2024:10:00:21 +0800] "GET /xingrg/check_reg.html?_=1715479221066 HTTP/1.1" 200 22
116.232.195.13 - - [12/May/2024:10:00:22 +0800] "GET /xingrg/kc/buy/cgsh_order_operate.html?command=get_materiel&rest_code=00155&code=00101007048&supplier_code=00100002&order_time=2024-05-12 HTTP/1.1" 200 424
114.89.67.151 - - [12/May/2024:10:00:24 +0800] "GET /xingrg/check_reg.html?_=1715479226818 HTTP/1.1" 200 22
114.89.67.151 - - [12/May/2024:10:00:24 +0800] "GET /xingrg/all/function/internal_message.html?_=1715479226821&CODE_STATE=getMsg HTTP/1.1" 200 27
120.253.135.82 - - [12/May/2024:10:00:36 +0800] "GET /xingrg/check_reg.html?_=1715479087273 HTTP/1.1" 200 22
120.253.135.82 - - [12/May/2024:10:00:36 +0800] "GET /xingrg/all/function/internal_message.html?_=1715479087329&CODE_STATE=getMsg HTTP/1.1" 200 27
101.83.144.49 - - [12/May/2024:10:00:43 +0800] "GET /xingrg/all/function/internal_message.html?_=1715479244741&CODE_STATE=getMsg HTTP/1.1" 200 27
222.67.233.39 - - [12/May/2024:10:00:43 +0800] "GET /xingrg/all/function/internal_message.html?_=1715479243655&CODE_STATE=getMsg HTTP/1.1" 200 27
116.238.97.31 - - [12/May/2024:10:00:45 +0800] "GET /xingrg/all/function/internal_message.html?_=1715479245929&CODE_STATE=getMsg HTTP/1.1" 200 27
116.237.78.82 - - [12/May/2024:10:00:45 +0800] "GET /xingrg/kc/buy/cgsh_order_operate.html?command=get_materiel&rest_code=00106&code=00101008223&supplier_code=00100008&order_time=2024-05-12 HTTP/1.1" 200 412
180.156.239.18 - - [12/May/2024:10:00:47 +0800] "GET /xingrg/all/function/internal_message.html?_=1715479247690&CODE_STATE=getMsg HTTP/1.1" 200 27
180.169.147.146 - - [12/May/2024:10:00:50 +0800] "GET /xingrg/all/function/internal_message.html?_=1715479250320&CODE_STATE=getMsg HTTP/1.1" 200 27
116.238.97.31 - - [12/May/2024:10:00:50 +0800] "GET /xingrg/all/function/internal_message.html?_=1715479252693&CODE_STATE=getMsg HTTP/1.1" 200 27
116.238.97.31 - - [12/May/2024:10:00:51 +0800] "GET /xingrg/check_reg.html?_=1715479253866 HTTP/1.1" 200 22
116.232.195.13 - - [12/May/2024:10:00:53 +0800] "GET /xingrg/kc/buy/cgsh_order_operate.html?command=get_materiel&rest_code=00155&code=00101010620&supplier_code=00100002&order_time=2024-05-12 HTTP/1.1" 200 419
101.83.240.252 - - [12/May/2024:10:00:54 +0800] "GET /xingrg/check_reg.html?_=1715479254381 HTTP/1.1" 200 22
101.83.240.252 - - [12/May/2024:10:00:59 +0800] "GET /xingrg/all/function/internal_message.html?_=1715479259777&CODE_STATE=getMsg HTTP/1.1" 200 27
180.169.147.146 - - [12/May/2024:10:01:00 +0800] "GET /xingrg/all/function/internal_message.html?_=1715479260791&CODE_STATE=getMsg HTTP/1.1" 200 27
101.83.240.252 - - [12/May/2024:10:01:01 +0800] "GET /xingrg/kc/buy/cgsh_order_operate.html?command=get_materiel&rest_code=00149&code=00101006130&supplier_code=00100096&order_time=2024-05-12 HTTP/1.1" 200 435
116.232.195.13 - - [12/May/2024:10:01:03 +0800] "GET /xingrg/kc/buy/cgsh_order_operate.html?command=get_materiel&rest_code=00155&code=00101007064&supplier_code=00100002&order_time=2024-05-12 HTTP/1.1" 200 427
222.69.133.206 - - [12/May/2024:10:01:04 +0800] "GET /xingrg/kc/buy/cgsh_order_operate.html?command=get_materiel&rest_code=00154&code=00101010092&supplier_code=00100466&order_time=2024-05-12 HTTP/1.1" 200 452
222.69.133.206 - - [12/May/2024:10:01:06 +0800] "POST /xingrg/all/common/load_select.html HTTP/1.1" 200 25
116.237.78.82 - - [12/May/2024:10:01:08 +0800] "POST /xingrg/kc/buy/cgsh_order_operate.html HTTP/1.1" 200 37
124.77.244.56 - - [12/May/2024:10:01:09 +0800] "GET /xingrg/all/function/internal_message.html?_=1715479294698&CODE_STATE=getMsg HTTP/1.1" 200 27
116.232.195.13 - - [12/May/2024:10:01:12 +0800] "GET /xingrg/all/function/internal_message.html?_=1715479241768&CODE_STATE=getMsg HTTP/1.1" 200 27
222.69.133.206 - - [12/May/2024:10:01:12 +0800] "GET /xingrg/kc/buy/cgsh_order_operate.html?command=get_materiel_price&rest_code=00154&code=00101010092&unit_code=00100043&supplier_code=00100466&order_time=2024-05-12 HTTP/1.1" 200 29
101.83.240.252 - - [12/May/2024:10:01:14 +0800] "GET /xingrg/kc/buy/cgsh_order_operate.html?command=get_materiel&rest_code=00149&code=00101006058&supplier_code=00100096&order_time=2024-05-12 HTTP/1.1" 200 415
101.83.144.49 - - [12/May/2024:10:01:17 +0800] "GET /xingrg/all/function/internal_message.html?_=1715479024886&CODE_STATE=getMsg HTTP/1.1" 200 27
222.69.133.206 - - [12/May/2024:10:01:18 +0800] "GET /xingrg/all/function/internal_message.html?_=1715479279692&CODE_STATE=getMsg HTTP/1.1" 200 27
180.164.6.225 - - [12/May/2024:10:01:21 +0800] "GET /xingrg/all/function/internal_message.html?_=1715479281040&CODE_STATE=getMsg HTTP/1.1" 200 27
114.89.67.151 - - [12/May/2024:10:01:24 +0800] "GET /xingrg/all/function/internal_message.html?_=1715479286823&CODE_STATE=getMsg HTTP/1.1" 200 27
101.83.240.252 - - [12/May/2024:10:01:29 +0800] "GET /xingrg/kc/buy/cgsh_order_operate.html?command=get_materiel&rest_code=00149&code=00101006144&supplier_code=00100096&order_time=2024-05-12 HTTP/1.1" 200 411
120.253.135.82 - - [12/May/2024:10:01:36 +0800] "GET /xingrg/all/function/internal_message.html?_=1715479147340&CODE_STATE=getMsg HTTP/1.1" 200 27
124.77.244.56 - - [12/May/2024:10:01:43 +0800] "GET /xingrg/check_reg.html?_=1715479328762 HTTP/1.1" 200 22
101.83.144.49 - - [12/May/2024:10:01:43 +0800] "GET /xingrg/all/function/internal_message.html?_=1715479304711&CODE_STATE=getMsg HTTP/1.1" 200 27
222.67.233.39 - - [12/May/2024:10:01:43 +0800] "GET /xingrg/all/function/internal_message.html?_=1715479303642&CODE_STATE=getMsg HTTP/1.1" 200 27
101.83.144.49 - - [12/May/2024:10:01:44 +0800] "GET /xingrg/check_reg.html?_=1715479305697 HTTP/1.1" 200 22
116.238.97.31 - - [12/May/2024:10:01:45 +0800] "GET /xingrg/all/function/internal_message.html?_=1715479305923&CODE_STATE=getMsg HTTP/1.1" 200 27
180.156.239.18 - - [12/May/2024:10:01:47 +0800] "GET /xingrg/all/function/internal_message.html?_=1715479307705&CODE_STATE=getMsg HTTP/1.1" 200 27
180.169.147.146 - - [12/May/2024:10:01:50 +0800] "GET /xingrg/all/function/internal_message.html?_=1715479310319&CODE_STATE=getMsg HTTP/1.1" 200 27
116.238.97.31 - - [12/May/2024:10:01:50 +0800] "GET /xingrg/all/function/internal_message.html?_=1715479312670&CODE_STATE=getMsg HTTP/1.1" 200 27
101.83.240.252 - - [12/May/2024:10:01:53 +0800] "GET /xingrg/kc/buy/cgsh_order_operate.html?command=get_materiel&rest_code=00149&code=00101006106&supplier_code=00100096&order_time=2024-05-12 HTTP/1.1" 200 423
101.83.240.252 - - [12/May/2024:10:01:59 +0800] "GET /xingrg/all/function/internal_message.html?_=1715479319755&CODE_STATE=getMsg HTTP/1.1" 200 27
180.169.147.146 - - [12/May/2024:10:02:00 +0800] "GET /xingrg/all/function/internal_message.html?_=1715479320791&CODE_STATE=getMsg HTTP/1.1" 200 27
124.77.244.56 - - [12/May/2024:10:02:09 +0800] "GET /xingrg/all/function/internal_message.html?_=1715479354706&CODE_STATE=getMsg HTTP/1.1" 200 27
116.232.195.13 - - [12/May/2024:10:02:12 +0800] "GET /xingrg/check_reg.html?_=1715479301785 HTTP/1.1" 200 22
116.232.195.13 - - [12/May/2024:10:02:12 +0800] "GET /xingrg/all/function/internal_message.html?_=1715479301788&CODE_STATE=getMsg HTTP/1.1" 200 27
116.232.195.13 - - [12/May/2024:10:02:16 +0800] "POST /xingrg/kc/buy/cgsh_order_operate.html HTTP/1.1" 200 37
101.83.144.49 - - [12/May/2024:10:02:17 +0800] "GET /xingrg/all/function/internal_message.html?_=1715479084871&CODE_STATE=getMsg HTTP/1.1" 200 27
222.69.133.206 - - [12/May/2024:10:02:18 +0800] "GET /xingrg/check_reg.html?_=1715479339703 HTTP/1.1" 200 22
222.69.133.206 - - [12/May/2024:10:02:18 +0800] "GET /xingrg/all/function/internal_message.html?_=1715479339705&CODE_STATE=getMsg HTTP/1.1" 200 27
180.164.6.225 - - [12/May/2024:10:02:21 +0800] "GET /xingrg/all/function/internal_message.html?_=1715479341054&CODE_STATE=getMsg HTTP/1.1" 200 27
101.83.240.252 - - [12/May/2024:10:02:22 +0800] "GET /xingrg/kc/buy/cgsh_order_operate.html?command=get_materiel&rest_code=00149&code=00101006113&supplier_code=00100096&order_time=2024-05-12 HTTP/1.1" 200 430
114.89.67.151 - - [12/May/2024:10:02:24 +0800] "GET /xingrg/all/function/internal_message.html?_=1715479346809&CODE_STATE=getMsg HTTP/1.1" 200 27
116.232.195.13 - - [12/May/2024:10:02:25 +0800] "POST /xingrg/kc/buy/cgsh_order_operate.html HTTP/1.1" 200 5638
116.232.195.13 - - [12/May/2024:10:02:28 +0800] "GET /xingrg/kc/print/load_data.html?order_code=212024051203186&kc_code=cgsh&condition= HTTP/1.1" 200 1904
120.253.135.82 - - [12/May/2024:10:02:36 +0800] "GET /xingrg/all/function/internal_message.html?_=1715479207354&CODE_STATE=getMsg HTTP/1.1" 200 27
222.67.233.39 - - [12/May/2024:10:02:43 +0800] "GET /xingrg/all/function/internal_message.html?_=1715479363615&CODE_STATE=getMsg HTTP/1.1" 200 27
101.83.144.49 - - [12/May/2024:10:02:43 +0800] "GET /xingrg/all/function/internal_message.html?_=1715479364691&CODE_STATE=getMsg HTTP/1.1" 200 27
116.238.97.31 - - [12/May/2024:10:02:45 +0800] "GET /xingrg/all/function/internal_message.html?_=1715479365915&CODE_STATE=getMsg HTTP/1.1" 200 27
116.238.97.31 - - [12/May/2024:10:02:46 +0800] "GET /xingrg/check_reg.html?_=1715479366832 HTTP/1.1" 200 22
180.156.239.18 - - [12/May/2024:10:02:47 +0800] "GET /xingrg/all/function/internal_message.html?_=1715479367704&CODE_STATE=getMsg HTTP/1.1" 200 27
180.169.147.146 - - [12/May/2024:10:02:50 +0800] "GET /xingrg/check_reg.html?_=1715479370318 HTTP/1.1" 200 22
180.169.147.146 - - [12/May/2024:10:02:50 +0800] "GET /xingrg/all/function/internal_message.html?_=1715479370320&CODE_STATE=getMsg HTTP/1.1" 200 27
116.238.97.31 - - [12/May/2024:10:02:50 +0800] "GET /xingrg/all/function/internal_message.html?_=1715479372640&CODE_STATE=getMsg HTTP/1.1" 200 27
116.232.195.13 - - [12/May/2024:10:02:55 +0800] "GET /xingrg/kc/buy/cgsh_order_add.html HTTP/1.1" 200 74681
116.232.195.13 - - [12/May/2024:10:02:55 +0800] "POST /xingrg/kc/buy/cgsh_order_operate.html HTTP/1.1" 200 8245
116.232.195.13 - - [12/May/2024:10:02:55 +0800] "GET /xingrg/javascript/easyui/themes/default/validatebox.css HTTP/1.1" 404 1104
101.83.240.252 - - [12/May/2024:10:02:59 +0800] "GET /xingrg/all/function/internal_message.html?_=1715479379742&CODE_STATE=getMsg HTTP/1.1" 200 27
180.169.147.146 - - [12/May/2024:10:03:00 +0800] "GET /xingrg/all/function/internal_message.html?_=1715479380790&CODE_STATE=getMsg HTTP/1.1" 200 27
180.169.147.146 - - [12/May/2024:10:03:00 +0800] "GET /xingrg/check_reg.html?_=1715479380797 HTTP/1.1" 200 22
124.77.244.56 - - [12/May/2024:10:03:09 +0800] "GET /xingrg/all/function/internal_message.html?_=1715479414720&CODE_STATE=getMsg HTTP/1.1" 200 27
116.232.195.13 - - [12/May/2024:10:03:12 +0800] "GET /xingrg/all/function/internal_message.html?_=1715479361778&CODE_STATE=getMsg HTTP/1.1" 200 27
101.83.240.252 - - [12/May/2024:10:03:16 +0800] "GET /xingrg/kc/buy/cgsh_order_operate.html?command=get_materiel&rest_code=00149&code=00101006019&supplier_code=00100096&order_time=2024-05-12 HTTP/1.1" 200 418
101.83.144.49 - - [12/May/2024:10:03:17 +0800] "GET /xingrg/all/function/internal_message.html?_=1715479144856&CODE_STATE=getMsg HTTP/1.1" 200 27
222.69.133.206 - - [12/May/2024:10:03:18 +0800] "GET /xingrg/all/function/internal_message.html?_=1715479399701&CODE_STATE=getMsg HTTP/1.1" 200 27
180.164.6.225 - - [12/May/2024:10:03:21 +0800] "GET /xingrg/all/function/internal_message.html?_=1715479401044&CODE_STATE=getMsg HTTP/1.1" 200 27
114.89.67.151 - - [12/May/2024:10:03:24 +0800] "GET /xingrg/all/function/internal_message.html?_=1715479406807&CODE_STATE=getMsg HTTP/1.1" 200 27
120.253.135.82 - - [12/May/2024:10:03:36 +0800] "GET /xingrg/all/function/internal_message.html?_=1715479267369&CODE_STATE=getMsg HTTP/1.1" 200 27
101.83.144.49 - - [12/May/2024:10:03:43 +0800] "GET /xingrg/all/function/internal_message.html?_=1715479424668&CODE_STATE=getMsg HTTP/1.1" 200 27
222.67.233.39 - - [12/May/2024:10:03:43 +0800] "GET /xingrg/all/function/internal_message.html?_=1715479423604&CODE_STATE=getMsg HTTP/1.1" 200 27
116.238.97.31 - - [12/May/2024:10:03:45 +0800] "GET /xingrg/all/function/internal_message.html?_=1715479425909&CODE_STATE=getMsg HTTP/1.1" 200 27
180.156.239.18 - - [12/May/2024:10:03:47 +0800] "GET /xingrg/check_reg.html?_=1715479427694 HTTP/1.1" 200 22
180.156.239.18 - - [12/May/2024:10:03:47 +0800] "GET /xingrg/all/function/internal_message.html?_=1715479427697&CODE_STATE=getMsg HTTP/1.1" 200 27
180.169.147.146 - - [12/May/2024:10:03:50 +0800] "GET /xingrg/all/function/internal_message.html?_=1715479430317&CODE_STATE=getMsg HTTP/1.1" 200 27
116.238.97.31 - - [12/May/2024:10:03:50 +0800] "GET /xingrg/all/function/internal_message.html?_=1715479432630&CODE_STATE=getMsg HTTP/1.1" 200 27
101.83.240.252 - - [12/May/2024:10:03:59 +0800] "GET /xingrg/all/function/internal_message.html?_=1715479439719&CODE_STATE=getMsg HTTP/1.1" 200 27
180.169.147.146 - - [12/May/2024:10:04:00 +0800] "GET /xingrg/all/function/internal_message.html?_=1715479440781&CODE_STATE=getMsg HTTP/1.1" 200 27
101.83.240.252 - - [12/May/2024:10:04:02 +0800] "GET /xingrg/kc/buy/cgsh_order_operate.html?command=get_materiel&rest_code=00149&code=00101006055&supplier_code=00100096&order_time=2024-05-12 HTTP/1.1" 200 411
124.77.244.56 - - [12/May/2024:10:04:09 +0800] "GET /xingrg/all/function/internal_message.html?_=1715479475175&CODE_STATE=getMsg HTTP/1.1" 200 27
116.232.195.13 - - [12/May/2024:10:04:12 +0800] "GET /xingrg/all/function/internal_message.html?_=1715479421782&CODE_STATE=getMsg HTTP/1.1" 200 27
101.83.240.252 - - [12/May/2024:10:04:15 +0800] "GET /xingrg/kc/buy/cgsh_order_operate.html?command=get_materiel&rest_code=00149&code=00101006065&supplier_code=00100096&order_time=2024-05-12 HTTP/1.1" 200 410
101.83.144.49 - - [12/May/2024:10:04:17 +0800] "GET /xingrg/check_reg.html?_=1715479204856 HTTP/1.1" 200 22
101.83.144.49 - - [12/May/2024:10:04:17 +0800] "GET /xingrg/all/function/internal_message.html?_=1715479204859&CODE_STATE=getMsg HTTP/1.1" 200 27
222.69.133.206 - - [12/May/2024:10:04:18 +0800] "GET /xingrg/all/function/internal_message.html?_=1715479459681&CODE_STATE=getMsg HTTP/1.1" 200 27
180.164.6.225 - - [12/May/2024:10:04:21 +0800] "GET /xingrg/all/function/internal_message.html?_=1715479461058&CODE_STATE=getMsg HTTP/1.1" 200 27
114.89.67.151 - - [12/May/2024:10:04:24 +0800] "GET /xingrg/all/function/internal_message.html?_=1715479466825&CODE_STATE=getMsg HTTP/1.1" 200 27
101.83.240.252 - - [12/May/2024:10:04:35 +0800] "GET /xingrg/kc/buy/cgsh_order_operate.html?command=get_materiel&rest_code=00149&code=00101007061&supplier_code=00100096&order_time=2024-05-12 HTTP/1.1" 200 425
120.253.135.82 - - [12/May/2024:10:04:36 +0800] "GET /xingrg/all/function/internal_message.html?_=1715479327381&CODE_STATE=getMsg HTTP/1.1" 200 27
101.83.144.49 - - [12/May/2024:10:04:43 +0800] "GET /xingrg/all/function/internal_message.html?_=1715479484642&CODE_STATE=getMsg HTTP/1.1" 200 27
222.67.233.39 - - [12/May/2024:10:04:43 +0800] "GET /xingrg/all/function/internal_message.html?_=1715479483585&CODE_STATE=getMsg HTTP/1.1" 200 27
116.238.97.31 - - [12/May/2024:10:04:45 +0800] "GET /xingrg/all/function/internal_message.html?_=1715479485889&CODE_STATE=getMsg HTTP/1.1" 200 27
180.156.239.18 - - [12/May/2024:10:04:47 +0800] "GET /xingrg/all/function/internal_message.html?_=1715479487693&CODE_STATE=getMsg HTTP/1.1" 200 27
116.238.97.31 - - [12/May/2024:10:04:48 +0800] "GET /xingrg/kc/buy/cgsh_order_operate.html?command=get_materiel&rest_code=00102&code=00101009013&supplier_code=00100022&order_time=2024-05-12 HTTP/1.1" 200 422
180.169.147.146 - - [12/May/2024:10:04:50 +0800] "GET /xingrg/all/function/internal_message.html?_=1715479490342&CODE_STATE=getMsg HTTP/1.1" 200 27
116.238.97.31 - - [12/May/2024:10:04:50 +0800] "GET /xingrg/all/function/internal_message.html?_=1715479492600&CODE_STATE=getMsg HTTP/1.1" 200 27
101.83.240.252 - - [12/May/2024:10:04:59 +0800] "GET /xingrg/all/function/internal_message.html?_=1715479499702&CODE_STATE=getMsg HTTP/1.1" 200 27
222.67.233.39 - - [12/May/2024:10:05:00 +0800] "GET /xingrg/check_reg.html?_=1715479500439 HTTP/1.1" 200 22
180.169.147.146 - - [12/May/2024:10:05:00 +0800] "GET /xingrg/all/function/internal_message.html?_=1715479500812&CODE_STATE=getMsg HTTP/1.1" 200 27
116.238.97.31 - - [12/May/2024:10:05:05 +0800] "GET /xingrg/kc/buy/cgsh_order_operate.html?command=get_materiel&rest_code=00102&code=00101009109&supplier_code=00100022&order_time=2024-05-12 HTTP/1.1" 200 435
124.77.244.56 - - [12/May/2024:10:05:09 +0800] "GET /xingrg/all/function/internal_message.html?_=1715479535184&CODE_STATE=getMsg HTTP/1.1" 200 27
116.232.195.13 - - [12/May/2024:10:05:12 +0800] "GET /xingrg/all/function/internal_message.html?_=1715479481772&CODE_STATE=getMsg HTTP/1.1" 200 27
101.83.144.49 - - [12/May/2024:10:05:17 +0800] "GET /xingrg/all/function/internal_message.html?_=1715479264860&CODE_STATE=getMsg HTTP/1.1" 200 27
222.69.133.206 - - [12/May/2024:10:05:18 +0800] "GET /xingrg/all/function/internal_message.html?_=1715479519692&CODE_STATE=getMsg HTTP/1.1" 200 27
180.164.6.225 - - [12/May/2024:10:05:21 +0800] "GET /xingrg/all/function/internal_message.html?_=1715479521052&CODE_STATE=getMsg HTTP/1.1" 200 27
180.164.6.225 - - [12/May/2024:10:05:21 +0800] "GET /xingrg/check_reg.html?_=1715479521054 HTTP/1.1" 200 22
114.89.67.151 - - [12/May/2024:10:05:24 +0800] "GET /xingrg/check_reg.html?_=1715479526823 HTTP/1.1" 200 22
114.89.67.151 - - [12/May/2024:10:05:24 +0800] "GET /xingrg/all/function/internal_message.html?_=1715479526825&CODE_STATE=getMsg HTTP/1.1" 200 27
116.238.97.31 - - [12/May/2024:10:05:31 +0800] "GET /xingrg/kc/buy/cgsh_order_operate.html?command=get_materiel&rest_code=00102&code=00101009062&supplier_code=00100022&order_time=2024-05-12 HTTP/1.1" 200 412
120.253.135.82 - - [12/May/2024:10:05:36 +0800] "GET /xingrg/check_reg.html?_=1715479387273 HTTP/1.1" 200 22
120.253.135.82 - - [12/May/2024:10:05:36 +0800] "GET /xingrg/all/function/internal_message.html?_=1715479387395&CODE_STATE=getMsg HTTP/1.1" 200 27
101.83.144.49 - - [12/May/2024:10:05:43 +0800] "GET /xingrg/all/function/internal_message.html?_=1715479544621&CODE_STATE=getMsg HTTP/1.1" 200 27
222.67.233.39 - - [12/May/2024:10:05:43 +0800] "GET /xingrg/all/function/internal_message.html?_=1715479543582&CODE_STATE=getMsg HTTP/1.1" 200 27
116.238.97.31 - - [12/May/2024:10:05:45 +0800] "GET /xingrg/all/function/internal_message.html?_=1715479545873&CODE_STATE=getMsg HTTP/1.1" 200 27
116.238.97.31 - - [12/May/2024:10:05:45 +0800] "POST /xingrg/kc/buy/cgsh_order_operate.html HTTP/1.1" 200 37
180.156.239.18 - - [12/May/2024:10:05:47 +0800] "GET /xingrg/all/function/internal_message.html?_=1715479547700&CODE_STATE=getMsg HTTP/1.1" 200 27
180.169.147.146 - - [12/May/2024:10:05:50 +0800] "GET /xingrg/all/function/internal_message.html?_=1715479550341&CODE_STATE=getMsg HTTP/1.1" 200 27
116.238.97.31 - - [12/May/2024:10:05:50 +0800] "GET /xingrg/all/function/internal_message.html?_=1715479552592&CODE_STATE=getMsg HTTP/1.1" 200 27
116.238.97.31 - - [12/May/2024:10:05:51 +0800] "GET /xingrg/check_reg.html?_=1715479553888 HTTP/1.1" 200 22
116.238.97.31 - - [12/May/2024:10:05:54 +0800] "POST /xingrg/kc/buy/cgsh_order_operate.html HTTP/1.1" 200 12
101.83.240.252 - - [12/May/2024:10:05:54 +0800] "GET /xingrg/check_reg.html?_=1715479554393 HTTP/1.1" 200 22
116.238.97.31 - - [12/May/2024:10:05:58 +0800] "GET /xingrg/kc/buy/cgsh_order_info.html?code=212024051203187 HTTP/1.1" 200 69495
116.238.97.31 - - [12/May/2024:10:05:58 +0800] "GET /xingrg/javascript/easyui/themes/default/validatebox.css HTTP/1.1" 404 1104
116.238.97.31 - - [12/May/2024:10:05:59 +0800] "POST /xingrg/kc/buy/cgsh_order_operate.html HTTP/1.1" 200 4761
101.83.240.252 - - [12/May/2024:10:05:59 +0800] "GET /xingrg/all/function/internal_message.html?_=1715479559680&CODE_STATE=getMsg HTTP/1.1" 200 27
180.169.147.146 - - [12/May/2024:10:06:00 +0800] "GET /xingrg/all/function/internal_message.html?_=1715479560816&CODE_STATE=getMsg HTTP/1.1" 200 27
124.77.244.56 - - [12/May/2024:10:06:09 +0800] "GET /xingrg/all/function/internal_message.html?_=1715479595627&CODE_STATE=getMsg HTTP/1.1" 200 27
116.232.195.13 - - [12/May/2024:10:06:12 +0800] "GET /xingrg/all/function/internal_message.html?_=1715479541775&CODE_STATE=getMsg HTTP/1.1" 200 27
101.83.144.49 - - [12/May/2024:10:06:17 +0800] "GET /xingrg/all/function/internal_message.html?_=1715479324846&CODE_STATE=getMsg HTTP/1.1" 200 27
222.69.133.206 - - [12/May/2024:10:06:18 +0800] "GET /xingrg/all/function/internal_message.html?_=1715479579691&CODE_STATE=getMsg HTTP/1.1" 200 27
114.89.67.151 - - [12/May/2024:10:06:28 +0800] "GET /xingrg/all/function/internal_message.html?_=1715479586820&CODE_STATE=getMsg HTTP/1.1" 200 27
180.164.6.225 - - [12/May/2024:10:06:28 +0800] "GET /xingrg/all/function/internal_message.html?_=1715479581054&CODE_STATE=getMsg HTTP/1.1" 200 27
116.232.195.13 - - [12/May/2024:10:06:29 +0800] "GET /xingrg/javascript/jquery_easy_ui/themes/default/images/tabs_active.png HTTP/1.1" 200 2894
116.232.195.13 - - [12/May/2024:10:06:31 +0800] "GET /xingrg/kc/base/yddb_order_list.html HTTP/1.1" 200 16786
116.232.195.13 - - [12/May/2024:10:06:31 +0800] "POST /xingrg/kc/base/yddb_list_operate.html HTTP/1.1" 200 636
116.232.195.13 - - [12/May/2024:10:06:42 +0800] "GET /xingrg/kc/base/yddb_order_add.html HTTP/1.1" 200 30221
116.232.195.13 - - [12/May/2024:10:06:42 +0800] "GET /xingrg/dwr/interface/AjaxComOrderService.js HTTP/1.1" 200 18264
116.232.195.13 - - [12/May/2024:10:06:42 +0800] "GET /xingrg/dwr/interface/AjaxYddbService.js HTTP/1.1" 200 13201
116.232.195.13 - - [12/May/2024:10:06:42 +0800] "GET /xingrg/dwr/util.js HTTP/1.1" 200 35990
116.232.195.13 - - [12/May/2024:10:06:42 +0800] "GET /xingrg/javascript/Calendar.js HTTP/1.1" 200 31561
116.232.195.13 - - [12/May/2024:10:06:42 +0800] "GET /xingrg/dwr/engine.js HTTP/1.1" 200 43631
116.232.195.13 - - [12/May/2024:10:06:42 +0800] "GET /xingrg/javascript/Grid.js HTTP/1.1" 200 58908
116.232.195.13 - - [12/May/2024:10:06:42 +0800] "GET /xingrg/javascript/checkform.js HTTP/1.1" 200 18351
116.232.195.13 - - [12/May/2024:10:06:42 +0800] "GET /xingrg/javascript/AjaxInfoList.js HTTP/1.1" 200 3774
124.77.244.56 - - [12/May/2024:10:06:43 +0800] "GET /xingrg/check_reg.html?_=1715479628773 HTTP/1.1" 200 22
116.232.195.13 - - [12/May/2024:10:06:43 +0800] "GET /xingrg/javascript/jquery_easy_ui/themes/icons/edit_add_new.png HTTP/1.1" 200 2997
116.232.195.13 - - [12/May/2024:10:06:43 +0800] "GET /xingrg/javascript/jquery_easy_ui/themes/icons/check_new.png HTTP/1.1" 200 3224
116.232.195.13 - - [12/May/2024:10:06:43 +0800] "GET /xingrg/javascript/jquery_easy_ui/themes/icons/print.png HTTP/1.1" 200 1057
116.232.195.13 - - [12/May/2024:10:06:43 +0800] "GET /xingrg/javascript/jquery_easy_ui/themes/default/images/menu_downarrow.png HTTP/1.1" 200 173
116.232.195.13 - - [12/May/2024:10:06:43 +0800] "GET /xingrg/javascript/jquery_easy_ui/themes/icons/back_new.png HTTP/1.1" 200 3414
116.232.195.13 - - [12/May/2024:10:06:43 +0800] "GET /xingrg/javascript/jquery_easy_ui/themes/icons/cance_new.png HTTP/1.1" 200 3986
116.232.195.13 - - [12/May/2024:10:06:43 +0800] "GET /xingrg/images/blue/button/kc_tab_add.gif HTTP/1.1" 200 375
116.232.195.13 - - [12/May/2024:10:06:43 +0800] "GET /xingrg/images/blue/button/kc_tab_edit.gif HTTP/1.1" 200 551
116.232.195.13 - - [12/May/2024:10:06:43 +0800] "GET /xingrg/images/blue/button/kc_tab_save.gif HTTP/1.1" 200 777
116.232.195.13 - - [12/May/2024:10:06:43 +0800] "GET /xingrg/images/blue/button/kc_tab_del.gif HTTP/1.1" 200 383
116.232.195.13 - - [12/May/2024:10:06:43 +0800] "GET /xingrg/images/blue/kc_tab_left.gif HTTP/1.1" 200 188
116.232.195.13 - - [12/May/2024:10:06:43 +0800] "GET /xingrg/images/blue/kc_tab_mid.gif HTTP/1.1" 200 44
116.232.195.13 - - [12/May/2024:10:06:43 +0800] "GET /xingrg/images/blue/kc_tab_right.gif HTTP/1.1" 200 643
116.232.195.13 - - [12/May/2024:10:06:43 +0800] "GET /xingrg/images/blue/kc_tab2_left.gif HTTP/1.1" 200 625
116.232.195.13 - - [12/May/2024:10:06:43 +0800] "GET /xingrg/images/blue/kc_tab2_right.gif HTTP/1.1" 200 192
101.83.144.49 - - [12/May/2024:10:06:43 +0800] "GET /xingrg/all/function/internal_message.html?_=1715479604594&CODE_STATE=getMsg HTTP/1.1" 200 27
120.253.135.82 - - [12/May/2024:10:06:43 +0800] "GET /xingrg/all/function/internal_message.html?_=1715479447408&CODE_STATE=getMsg HTTP/1.1" 200 27
222.67.233.39 - - [12/May/2024:10:06:43 +0800] "GET /xingrg/all/function/internal_message.html?_=1715479603566&CODE_STATE=getMsg HTTP/1.1" 200 27
101.83.144.49 - - [12/May/2024:10:06:44 +0800] "GET /xingrg/check_reg.html?_=1715479605705 HTTP/1.1" 200 22
116.238.97.31 - - [12/May/2024:10:06:44 +0800] "GET /xingrg/all/function/internal_message.html?_=1715479605861&CODE_STATE=getMsg HTTP/1.1" 200 27
180.156.239.18 - - [12/May/2024:10:06:47 +0800] "GET /xingrg/all/function/internal_message.html?_=1715479607698&CODE_STATE=getMsg HTTP/1.1" 200 27
180.169.147.146 - - [12/May/2024:10:06:50 +0800] "GET /xingrg/all/function/internal_message.html?_=1715479610340&CODE_STATE=getMsg HTTP/1.1" 200 27
116.238.97.31 - - [12/May/2024:10:06:50 +0800] "GET /xingrg/all/function/internal_message.html?_=1715479612580&CODE_STATE=getMsg HTTP/1.1" 200 27
116.232.195.13 - - [12/May/2024:10:06:50 +0800] "GET /xingrg/images/blue/wait.gif HTTP/1.1" 200 1100
116.232.195.13 - - [12/May/2024:10:06:50 +0800] "POST /xingrg/dwr/call/plaincall/AjaxYddbService.getRestBases.dwr HTTP/1.1" 200 1115
101.83.240.252 - - [12/May/2024:10:06:59 +0800] "GET /xingrg/all/function/internal_message.html?_=1715479619654&CODE_STATE=getMsg HTTP/1.1" 200 27
180.169.147.146 - - [12/May/2024:10:07:00 +0800] "GET /xingrg/all/function/internal_message.html?_=1715479620818&CODE_STATE=getMsg HTTP/1.1" 200 27
124.77.244.56 - - [12/May/2024:10:07:09 +0800] "GET /xingrg/all/function/internal_message.html?_=1715479655631&CODE_STATE=getMsg HTTP/1.1" 200 27
116.232.195.13 - - [12/May/2024:10:07:12 +0800] "GET /xingrg/check_reg.html?_=1715479601788 HTTP/1.1" 200 22
116.232.195.13 - - [12/May/2024:10:07:12 +0800] "GET /xingrg/all/function/internal_message.html?_=1715479601785&CODE_STATE=getMsg HTTP/1.1" 200 27
101.83.144.49 - - [12/May/2024:10:07:17 +0800] "GET /xingrg/all/function/internal_message.html?_=1715479384847&CODE_STATE=getMsg HTTP/1.1" 200 27
222.69.133.206 - - [12/May/2024:10:07:18 +0800] "GET /xingrg/all/function/internal_message.html?_=1715479639695&CODE_STATE=getMsg HTTP/1.1" 200 27
222.69.133.206 - - [12/May/2024:10:07:18 +0800] "GET /xingrg/check_reg.html?_=1715479639698 HTTP/1.1" 200 22
180.164.6.225 - - [12/May/2024:10:07:21 +0800] "GET /xingrg/all/function/internal_message.html?_=1715479641051&CODE_STATE=getMsg HTTP/1.1" 200 27
116.232.195.13 - - [12/May/2024:10:07:21 +0800] "POST /xingrg/dwr/call/plaincall/AjaxYddbService.getRestBases.dwr HTTP/1.1" 200 1121
114.89.67.151 - - [12/May/2024:10:07:24 +0800] "GET /xingrg/all/function/internal_message.html?_=1715479646823&CODE_STATE=getMsg HTTP/1.1" 200 27
116.232.195.13 - - [12/May/2024:10:07:29 +0800] "POST /xingrg/dwr/call/plaincall/AjaxYddbService.saveOrder.dwr HTTP/1.1" 200 78
116.232.195.13 - - [12/May/2024:10:07:30 +0800] "GET /xingrg/images/yd/bt.gif HTTP/1.1" 404 1040
116.232.195.13 - - [12/May/2024:10:07:32 +0800] "POST /xingrg/dwr/call/plaincall/AjaxComOrderService.getMaterielSearchList.dwr HTTP/1.1" 200 76
116.232.195.13 - - [12/May/2024:10:07:33 +0800] "POST /xingrg/dwr/call/plaincall/AjaxComOrderService.getMaterielSearchList.dwr HTTP/1.1" 200 76
116.232.195.13 - - [12/May/2024:10:07:34 +0800] "POST /xingrg/dwr/call/plaincall/AjaxComOrderService.getMaterielSearchList.dwr HTTP/1.1" 200 312
116.232.195.13 - - [12/May/2024:10:07:36 +0800] "POST /xingrg/dwr/call/plaincall/AjaxYddbService.getMaterielByMap.dwr HTTP/1.1" 200 2979
120.253.135.82 - - [12/May/2024:10:07:36 +0800] "GET /xingrg/all/function/internal_message.html?_=1715479507422&CODE_STATE=getMsg HTTP/1.1" 200 27
116.232.195.13 - - [12/May/2024:10:07:40 +0800] "POST /xingrg/dwr/call/plaincall/AjaxYddbService.getUnitPrice.dwr HTTP/1.1" 200 87
101.83.144.49 - - [12/May/2024:10:07:43 +0800] "GET /xingrg/all/function/internal_message.html?_=1715479664571&CODE_STATE=getMsg HTTP/1.1" 200 27
222.67.233.39 - - [12/May/2024:10:07:43 +0800] "GET /xingrg/all/function/internal_message.html?_=1715479663548&CODE_STATE=getMsg HTTP/1.1" 200 27
116.238.97.31 - - [12/May/2024:10:07:44 +0800] "GET /xingrg/all/function/internal_message.html?_=1715479665838&CODE_STATE=getMsg HTTP/1.1" 200 27
116.232.195.13 - - [12/May/2024:10:07:45 +0800] "POST /xingrg/dwr/call/plaincall/AjaxYddbService.saveMaterielItem.dwr HTTP/1.1" 200 78
116.238.97.31 - - [12/May/2024:10:07:45 +0800] "GET /xingrg/check_reg.html?_=1715479666818 HTTP/1.1" 200 22
180.156.239.18 - - [12/May/2024:10:07:47 +0800] "GET /xingrg/all/function/internal_message.html?_=1715479667712&CODE_STATE=getMsg HTTP/1.1" 200 27
116.232.195.13 - - [12/May/2024:10:07:49 +0800] "GET /xingrg/javascript/jquery_easy_ui/themes/default/images/button_plain_hover.png HTTP/1.1" 200 252
120.253.135.82 - - [12/May/2024:10:07:49 +0800] "GET /xingrg/javascript/jquery_easy_ui/themes/default/images/tabs_active.png HTTP/1.1" 304 -
180.169.147.146 - - [12/May/2024:10:07:50 +0800] "GET /xingrg/all/function/internal_message.html?_=1715479670338&CODE_STATE=getMsg HTTP/1.1" 200 27
180.169.147.146 - - [12/May/2024:10:07:50 +0800] "GET /xingrg/check_reg.html?_=1715479670340 HTTP/1.1" 200 22
116.238.97.31 - - [12/May/2024:10:07:50 +0800] "GET /xingrg/all/function/internal_message.html?_=1715479672563&CODE_STATE=getMsg HTTP/1.1" 200 27
120.253.135.82 - - [12/May/2024:10:07:52 +0800] "GET /xingrg/kc/pszx/mdps_order_list.html?orderType=0 HTTP/1.1" 200 21313
120.253.135.82 - - [12/May/2024:10:07:52 +0800] "GET /xingrg/css/base.css HTTP/1.1" 304 -
120.253.135.82 - - [12/May/2024:10:07:52 +0800] "GET /xingrg/javascript/easyui/themes/default/easyui.css HTTP/1.1" 304 -
120.253.135.82 - - [12/May/2024:10:07:52 +0800] "GET /xingrg/javascript/jquery_tools/datebox.css HTTP/1.1" 304 -
120.253.135.82 - - [12/May/2024:10:07:52 +0800] "GET /xingrg/css/site.css HTTP/1.1" 304 -
120.253.135.82 - - [12/May/2024:10:07:52 +0800] "GET /xingrg/javascript/jquery_tools/table.css HTTP/1.1" 304 -
120.253.135.82 - - [12/May/2024:10:07:52 +0800] "GET /xingrg/javascript/jquery_tools/jquery.tools.min.js HTTP/1.1" 304 -
120.253.135.82 - - [12/May/2024:10:07:52 +0800] "GET /xingrg/javascript/jquery_tools/jquery.tools.table.js HTTP/1.1" 304 -
120.253.135.82 - - [12/May/2024:10:07:52 +0800] "GET /xingrg/javascript/jquery_tools/jquery.tools.extend.js HTTP/1.1" 304 -
120.253.135.82 - - [12/May/2024:10:07:52 +0800] "GET /xingrg/javascript/easyui/themes/icon.css HTTP/1.1" 304 -
120.253.135.82 - - [12/May/2024:10:07:52 +0800] "GET /xingrg/javascript/jquery_tools/list_manager.js HTTP/1.1" 304 -
120.253.135.82 - - [12/May/2024:10:07:52 +0800] "GET /xingrg/javascript/auto/jquery.autocomplete.css HTTP/1.1" 304 -
120.253.135.82 - - [12/May/2024:10:07:52 +0800] "GET /xingrg/javascript/jquery_tools/jquery.tools.hotkey.js HTTP/1.1" 304 -
120.253.135.82 - - [12/May/2024:10:07:52 +0800] "GET /xingrg/javascript/jquery_tools/fix.css HTTP/1.1" 304 -
120.253.135.82 - - [12/May/2024:10:07:52 +0800] "GET /xingrg/javascript/auto/jquery.autocomplete.js HTTP/1.1" 304 -
120.253.135.82 - - [12/May/2024:10:07:52 +0800] "GET /xingrg/javascript/easyui/easyloader.js HTTP/1.1" 304 -
120.253.135.82 - - [12/May/2024:10:07:52 +0800] "GET /xingrg/javascript/jquery.cookie.js HTTP/1.1" 304 -
120.253.135.82 - - [12/May/2024:10:07:52 +0800] "GET /xingrg/javascript/print/LodopFuncs.js HTTP/1.1" 304 -
120.253.135.82 - - [12/May/2024:10:07:53 +0800] "GET /xingrg/javascript/easyui/themes/icons/cance_new.png HTTP/1.1" 304 -
120.253.135.82 - - [12/May/2024:10:07:53 +0800] "GET /xingrg/javascript/easyui/themes/icons/check_new.png HTTP/1.1" 304 -
120.253.135.82 - - [12/May/2024:10:07:53 +0800] "GET /xingrg/javascript/easyui/themes/icons/edit_add_new.png HTTP/1.1" 304 -
120.253.135.82 - - [12/May/2024:10:07:53 +0800] "GET /xingrg/javascript/easyui/themes/icons/uncheck_new.png HTTP/1.1" 304 -
120.253.135.82 - - [12/May/2024:10:07:53 +0800] "GET /xingrg/javascript/easyui/themes/icons/import_new.png HTTP/1.1" 304 -
120.253.135.82 - - [12/May/2024:10:07:53 +0800] "GET /xingrg/javascript/easyui/themes/icons/field_new.png HTTP/1.1" 304 -
120.253.135.82 - - [12/May/2024:10:07:53 +0800] "GET /xingrg/javascript/easyui/plugins/jquery.parser.js HTTP/1.1" 304 -
120.253.135.82 - - [12/May/2024:10:07:53 +0800] "GET /xingrg/images/control/ajaxLoader.gif HTTP/1.1" 304 -
120.253.135.82 - - [12/May/2024:10:07:53 +0800] "GET /xingrg/javascript/jquery_easy_ui/themes/icons/area.png HTTP/1.1" 304 -
120.253.135.82 - - [12/May/2024:10:07:53 +0800] "GET /xingrg/javascript/jquery_easy_ui/themes/icons/manage.png HTTP/1.1" 304 -
120.253.135.82 - - [12/May/2024:10:07:53 +0800] "POST /xingrg/kc/pszx/mdps_list_operate.html HTTP/1.1" 200 5407
120.253.135.82 - - [12/May/2024:10:07:55 +0800] "GET /xingrg/javascript/auto/indicator.gif HTTP/1.1" 404 1066
116.232.195.13 - - [12/May/2024:10:07:57 +0800] "POST /xingrg/dwr/call/plaincall/AjaxYddbService.checkOrder.dwr HTTP/1.1" 200 78
120.253.135.82 - - [12/May/2024:10:07:58 +0800] "POST /xingrg/kc/pszx/mdps_list_operate.html HTTP/1.1" 200 2044
101.83.240.252 - - [12/May/2024:10:07:59 +0800] "GET /xingrg/all/function/internal_message.html?_=1715479679636&CODE_STATE=getMsg HTTP/1.1" 200 27
116.232.195.13 - - [12/May/2024:10:07:59 +0800] "GET /xingrg/kc/base/yddb_order_info.html?code=482024051200040 HTTP/1.1" 200 30052
116.232.195.13 - - [12/May/2024:10:07:59 +0800] "GET /xingrg/dwr/interface/AjaxComOrderService.js HTTP/1.1" 200 18264
116.232.195.13 - - [12/May/2024:10:07:59 +0800] "GET /xingrg/dwr/interface/AjaxYddbService.js HTTP/1.1" 200 13201
116.232.195.13 - - [12/May/2024:10:07:59 +0800] "GET /xingrg/dwr/engine.js HTTP/1.1" 200 43631
116.232.195.13 - - [12/May/2024:10:08:00 +0800] "POST /xingrg/dwr/call/plaincall/AjaxYddbService.loadMaterielItems.dwr HTTP/1.1" 200 456
120.253.135.82 - - [12/May/2024:10:08:00 +0800] "POST /xingrg/kc/pszx/mdps_list_operate.html HTTP/1.1" 200 208
180.169.147.146 - - [12/May/2024:10:08:00 +0800] "GET /xingrg/all/function/internal_message.html?_=1715479680818&CODE_STATE=getMsg HTTP/1.1" 200 27
180.169.147.146 - - [12/May/2024:10:08:00 +0800] "GET /xingrg/check_reg.html?_=1715479680845 HTTP/1.1" 200 22
120.253.135.82 - - [12/May/2024:10:08:02 +0800] "POST /xingrg/kc/pszx/mdps_list_operate.html HTTP/1.1" 200 205
120.253.135.82 - - [12/May/2024:10:08:02 +0800] "GET /xingrg/kc/pszx/mdps_order_info.html?code=312024051100222 HTTP/1.1" 200 23972
120.253.135.82 - - [12/May/2024:10:08:03 +0800] "GET /xingrg/javascript/jquery_tools/order_manager.js HTTP/1.1" 304 -
120.253.135.82 - - [12/May/2024:10:08:03 +0800] "GET /xingrg/javascript/convert.js HTTP/1.1" 304 -
120.253.135.82 - - [12/May/2024:10:08:03 +0800] "GET /xingrg/javascript/json2.js HTTP/1.1" 304 -
120.253.135.82 - - [12/May/2024:10:08:03 +0800] "GET /xingrg/javascript/print/kc_print.js HTTP/1.1" 304 -
120.253.135.82 - - [12/May/2024:10:08:03 +0800] "GET /xingrg/words/20240510121359_words.js HTTP/1.1" 304 -
120.253.135.82 - - [12/May/2024:10:08:03 +0800] "GET /xingrg/javascript/easyui/themes/icons/copy_new.png HTTP/1.1" 304 -
120.253.135.82 - - [12/May/2024:10:08:03 +0800] "GET /xingrg/javascript/easyui/themes/icons/cancel.png HTTP/1.1" 304 -
120.253.135.82 - - [12/May/2024:10:08:03 +0800] "GET /xingrg/javascript/easyui/themes/icons/ok.png HTTP/1.1" 304 -
120.253.135.82 - - [12/May/2024:10:08:03 +0800] "GET /xingrg/javascript/easyui/themes/icons/print.png HTTP/1.1" 304 -
120.253.135.82 - - [12/May/2024:10:08:03 +0800] "GET /xingrg/javascript/easyui/themes/default/images/menu_downarrow.png HTTP/1.1" 304 -
120.253.135.82 - - [12/May/2024:10:08:03 +0800] "GET /xingrg/javascript/easyui/themes/default/validatebox.css HTTP/1.1" 404 1104
120.253.135.82 - - [12/May/2024:10:08:03 +0800] "GET /xingrg/javascript/easyui/plugins/jquery.validatebox.js HTTP/1.1" 304 -
120.253.135.82 - - [12/May/2024:10:08:03 +0800] "GET /xingrg/javascript/easyui/plugins/jquery.numberbox.js HTTP/1.1" 304 -
120.253.135.82 - - [12/May/2024:10:08:03 +0800] "GET /xingrg/all/common/auto_word.html?type=base&rest_code=00101 HTTP/1.1" 200 671
120.253.135.82 - - [12/May/2024:10:08:04 +0800] "POST /xingrg/kc/pszx/mdps_order_operate.html HTTP/1.1" 200 2282
120.253.135.82 - - [12/May/2024:10:08:04 +0800] "GET /xingrg/javascript/easyui/themes/icons/edit_remove.png HTTP/1.1" 304 -
120.253.135.82 - - [12/May/2024:10:08:05 +0800] "GET /xingrg/javascript/jquery_tools/images/prev.gif HTTP/1.1" 404 1086
120.253.135.82 - - [12/May/2024:10:08:05 +0800] "GET /xingrg/javascript/jquery_tools/images/next.gif HTTP/1.1" 404 1086
116.232.195.13 - - [12/May/2024:10:08:05 +0800] "GET /xingrg/kc/base/yddb_order_report.html?fileType=printReport.do&code=482024051200040&reportName=ck_order_report&subName=yddb HTTP/1.1" 302 -
116.232.195.13 - - [12/May/2024:10:08:05 +0800] "GET /xingrg/printReport.do?sysBaseUrl=http%3A%2F%2F180.169.147.146%3A18081%2Fxingrg%2F&costTime=413×tamp=1715479685770 HTTP/1.1" 200 1138
116.232.195.13 - - [12/May/2024:10:08:05 +0800] "GET /favicon.ico HTTP/1.1" 404 -
116.232.195.13 - - [12/May/2024:10:08:07 +0800] "GET /xingrg/applets HTTP/1.1" 302 -
116.232.195.13 - - [12/May/2024:10:08:07 +0800] "GET /xingrg/applets/ HTTP/1.1" 404 992
101.83.240.252 - - [12/May/2024:10:08:09 +0800] "GET /xingrg/kc/buy/cgsh_order_operate.html?command=get_materiel&rest_code=00149&code=00101007049&supplier_code=00100096&order_time=2024-05-12 HTTP/1.1" 200 424
120.253.135.82 - - [12/May/2024:10:08:09 +0800] "GET /xingrg/javascript/easyui/themes/default/images/button_plain_hover.png HTTP/1.1" 304 -
120.253.135.82 - - [12/May/2024:10:08:09 +0800] "GET /xingrg/javascript/easyui/themes/default/images/button_plain_hover.png HTTP/1.1" 304 -
120.253.135.82 - - [12/May/2024:10:08:09 +0800] "GET /xingrg/javascript/easyui/themes/default/images/button_plain_hover.png HTTP/1.1" 304 -
124.77.244.56 - - [12/May/2024:10:08:09 +0800] "GET /xingrg/all/function/internal_message.html?_=1715479715645&CODE_STATE=getMsg HTTP/1.1" 200 27
120.253.135.82 - - [12/May/2024:10:08:12 +0800] "POST /xingrg/kc/pszx/mdps_order_operate.html HTTP/1.1" 200 37
116.232.195.13 - - [12/May/2024:10:08:12 +0800] "GET /xingrg/kc/base/yddb_order_report.html?fileType=servlets/html&code=482024051200040&reportName=ck_order_report&subName=yddb HTTP/1.1" 302 -
116.232.195.13 - - [12/May/2024:10:08:12 +0800] "GET /xingrg/servlets/html?sysBaseUrl=http%3A%2F%2F180.169.147.146%3A18081%2Fxingrg%2F&costTime=603×tamp=1715479692369 HTTP/1.1" 200 14788
116.232.195.13 - - [12/May/2024:10:08:12 +0800] "GET /xingrg/servlets/image?image=px HTTP/1.1" 200 807
116.232.195.13 - - [12/May/2024:10:08:12 +0800] "GET /favicon.ico HTTP/1.1" 404 -
116.232.195.13 - - [12/May/2024:10:08:12 +0800] "GET /xingrg/all/function/internal_message.html?_=1715479661775&CODE_STATE=getMsg HTTP/1.1" 200 27
120.253.135.82 - - [12/May/2024:10:08:13 +0800] "GET /xingrg/kc/pszx/mdps_order_info.html?code=312024051100222 HTTP/1.1" 200 23972
120.253.135.82 - - [12/May/2024:10:08:13 +0800] "GET /xingrg/javascript/easyui/themes/default/validatebox.css HTTP/1.1" 404 1104
120.253.135.82 - - [12/May/2024:10:08:14 +0800] "POST /xingrg/kc/pszx/mdps_order_operate.html HTTP/1.1" 200 2282
101.83.144.49 - - [12/May/2024:10:08:17 +0800] "GET /xingrg/all/function/internal_message.html?_=1715479444846&CODE_STATE=getMsg HTTP/1.1" 200 27
222.69.133.206 - - [12/May/2024:10:08:18 +0800] "GET /xingrg/all/function/internal_message.html?_=1715479699696&CODE_STATE=getMsg HTTP/1.1" 200 27
180.164.6.225 - - [12/May/2024:10:08:21 +0800] "GET /xingrg/all/function/internal_message.html?_=1715479701041&CODE_STATE=getMsg HTTP/1.1" 200 27
101.83.240.252 - - [12/May/2024:10:08:22 +0800] "GET /xingrg/kc/buy/cgsh_order_operate.html?command=get_materiel&rest_code=00149&code=00101007060&supplier_code=00100096&order_time=2024-05-12 HTTP/1.1" 200 409
114.89.67.151 - - [12/May/2024:10:08:24 +0800] "GET /xingrg/all/function/internal_message.html?_=1715479706806&CODE_STATE=getMsg HTTP/1.1" 200 27
120.253.135.82 - - [12/May/2024:10:08:36 +0800] "GET /xingrg/all/function/internal_message.html?_=1715479567435&CODE_STATE=getMsg HTTP/1.1" 200 27
101.83.240.252 - - [12/May/2024:10:08:39 +0800] "GET /xingrg/kc/buy/cgsh_order_operate.html?command=get_materiel&rest_code=00149&code=00101012025&supplier_code=00100096&order_time=2024-05-12 HTTP/1.1" 200 414
101.83.144.49 - - [12/May/2024:10:08:43 +0800] "GET /xingrg/all/function/internal_message.html?_=1715479724547&CODE_STATE=getMsg HTTP/1.1" 200 27
222.67.233.39 - - [12/May/2024:10:08:43 +0800] "GET /xingrg/all/function/internal_message.html?_=1715479723529&CODE_STATE=getMsg HTTP/1.1" 200 27
116.238.97.31 - - [12/May/2024:10:08:44 +0800] "GET /xingrg/all/function/internal_message.html?_=1715479725826&CODE_STATE=getMsg HTTP/1.1" 200 27
116.232.195.13 - - [12/May/2024:10:08:46 +0800] "POST /xingrg/services/DataTransmitService HTTP/1.1" 200 524
116.232.195.13 - - [12/May/2024:10:08:47 +0800] "POST /xingrg/services/DataTransmitService HTTP/1.1" 200 412
180.156.239.18 - - [12/May/2024:10:08:47 +0800] "GET /xingrg/check_reg.html?_=1715479727700 HTTP/1.1" 200 22
180.156.239.18 - - [12/May/2024:10:08:47 +0800] "GET /xingrg/all/function/internal_message.html?_=1715479727702&CODE_STATE=getMsg HTTP/1.1" 200 27
180.169.147.146 - - [12/May/2024:10:08:50 +0800] "GET /xingrg/all/function/internal_message.html?_=1715479730338&CODE_STATE=getMsg HTTP/1.1" 200 27
116.238.97.31 - - [12/May/2024:10:08:50 +0800] "GET /xingrg/all/function/internal_message.html?_=1715479732553&CODE_STATE=getMsg HTTP/1.1" 200 27
120.253.135.82 - - [12/May/2024:10:08:51 +0800] "POST /xingrg/kc/pszx/mdps_order_operate.html HTTP/1.1" 200 37
120.253.135.82 - - [12/May/2024:10:08:52 +0800] "GET /xingrg/kc/pszx/mdps_order_info.html?code=312024051100222 HTTP/1.1" 200 23978
120.253.135.82 - - [12/May/2024:10:08:53 +0800] "GET /xingrg/javascript/easyui/themes/default/validatebox.css HTTP/1.1" 404 1104
120.253.135.82 - - [12/May/2024:10:08:53 +0800] "POST /xingrg/kc/pszx/mdps_order_operate.html HTTP/1.1" 200 2281
101.83.240.252 - - [12/May/2024:10:08:57 +0800] "GET /xingrg/kc/buy/cgsh_order_operate.html?command=get_materiel&rest_code=00149&code=00101010092&supplier_code=00100096&order_time=2024-05-12 HTTP/1.1" 200 451
101.83.240.252 - - [12/May/2024:10:08:59 +0800] "GET /xingrg/all/function/internal_message.html?_=1715479739622&CODE_STATE=getMsg HTTP/1.1" 200 27
180.169.147.146 - - [12/May/2024:10:09:00 +0800] "GET /xingrg/all/function/internal_message.html?_=1715479740812&CODE_STATE=getMsg HTTP/1.1" 200 27
120.253.135.82 - - [12/May/2024:10:09:01 +0800] "POST /xingrg/kc/pszx/mdps_order_operate.html HTTP/1.1" 200 37
120.253.135.82 - - [12/May/2024:10:09:04 +0800] "GET /xingrg/kc/pszx/mdps_order_info.html?code=312024051100222 HTTP/1.1" 200 23978
120.253.135.82 - - [12/May/2024:10:09:04 +0800] "GET /xingrg/javascript/easyui/themes/default/validatebox.css HTTP/1.1" 404 1104
120.253.135.82 - - [12/May/2024:10:09:04 +0800] "POST /xingrg/kc/pszx/mdps_order_operate.html HTTP/1.1" 200 2281
124.77.244.56 - - [12/May/2024:10:09:10 +0800] "GET /xingrg/all/function/internal_message.html?_=1715479776081&CODE_STATE=getMsg HTTP/1.1" 200 27
116.232.195.13 - - [12/May/2024:10:09:12 +0800] "GET /xingrg/all/function/internal_message.html?_=1715479721783&CODE_STATE=getMsg HTTP/1.1" 200 27
101.83.144.49 - - [12/May/2024:10:09:17 +0800] "GET /xingrg/all/function/internal_message.html?_=1715479504846&CODE_STATE=getMsg HTTP/1.1" 200 27
101.83.144.49 - - [12/May/2024:10:09:17 +0800] "GET /xingrg/check_reg.html?_=1715479504849 HTTP/1.1" 200 22
222.69.133.206 - - [12/May/2024:10:09:18 +0800] "GET /xingrg/all/function/internal_message.html?_=1715479759705&CODE_STATE=getMsg HTTP/1.1" 200 27
180.164.6.225 - - [12/May/2024:10:09:21 +0800] "GET /xingrg/all/function/internal_message.html?_=1715479761057&CODE_STATE=getMsg HTTP/1.1" 200 27
101.83.240.252 - - [12/May/2024:10:09:22 +0800] "GET /xingrg/kc/buy/cgsh_order_operate.html?command=get_materiel&rest_code=00149&code=00101016030&supplier_code=00100096&order_time=2024-05-12 HTTP/1.1" 200 412
114.89.67.151 - - [12/May/2024:10:09:24 +0800] "GET /xingrg/all/function/internal_message.html?_=1715479766825&CODE_STATE=getMsg HTTP/1.1" 200 27
120.253.135.82 - - [12/May/2024:10:09:37 +0800] "GET /xingrg/all/function/internal_message.html?_=1715479627449&CODE_STATE=getMsg HTTP/1.1" 200 27
120.253.135.82 - - [12/May/2024:10:09:38 +0800] "GET /xingrg/kc/print/load_config.html?kc_code=mdps HTTP/1.1" 200 2390
120.253.135.82 - - [12/May/2024:10:09:38 +0800] "GET /xingrg/kc/print/load_data.html?order_code=312024051100222&kc_code=mdps&condition= HTTP/1.1" 200 684
101.83.240.252 - - [12/May/2024:10:09:38 +0800] "GET /xingrg/kc/buy/cgsh_order_operate.html?command=get_materiel&rest_code=00149&code=00101008239&supplier_code=00100096&order_time=2024-05-12 HTTP/1.1" 200 416
222.69.133.206 - - [12/May/2024:10:09:39 +0800] "GET /xingrg/kc/buy/cgsh_order_operate.html?command=get_materiel&rest_code=00154&code=00101008084&supplier_code=00100466&order_time=2024-05-12 HTTP/1.1" 200 413
101.83.144.49 - - [12/May/2024:10:09:43 +0800] "GET /xingrg/all/function/internal_message.html?_=1715479784520&CODE_STATE=getMsg HTTP/1.1" 200 27
222.67.233.39 - - [12/May/2024:10:09:43 +0800] "GET /xingrg/all/function/internal_message.html?_=1715479783509&CODE_STATE=getMsg HTTP/1.1" 200 27
116.238.97.31 - - [12/May/2024:10:09:44 +0800] "GET /xingrg/all/function/internal_message.html?_=1715479785805&CODE_STATE=getMsg HTTP/1.1" 200 27
180.156.239.18 - - [12/May/2024:10:09:47 +0800] "GET /xingrg/all/function/internal_message.html?_=1715479787707&CODE_STATE=getMsg HTTP/1.1" 200 27
180.169.147.146 - - [12/May/2024:10:09:50 +0800] "GET /xingrg/all/function/internal_message.html?_=1715479790337&CODE_STATE=getMsg HTTP/1.1" 200 27
116.238.97.31 - - [12/May/2024:10:09:50 +0800] "GET /xingrg/all/function/internal_message.html?_=1715479792543&CODE_STATE=getMsg HTTP/1.1" 200 27
120.253.135.82 - - [12/May/2024:10:09:51 +0800] "POST /xingrg/kc/pszx/mdps_order_operate.html HTTP/1.1" 200 37
120.253.135.82 - - [12/May/2024:10:09:55 +0800] "POST /xingrg/kc/pszx/mdps_order_operate.html HTTP/1.1" 200 12
120.253.135.82 - - [12/May/2024:10:09:57 +0800] "GET /xingrg/kc/pszx/mdps_order_info.html?code=312024051100222 HTTP/1.1" 200 19638
120.253.135.82 - - [12/May/2024:10:09:57 +0800] "GET /xingrg/javascript/easyui/themes/default/validatebox.css HTTP/1.1" 404 1104
120.253.135.82 - - [12/May/2024:10:09:58 +0800] "POST /xingrg/kc/pszx/mdps_order_operate.html HTTP/1.1" 200 502
101.83.240.252 - - [12/May/2024:10:09:59 +0800] "GET /xingrg/all/function/internal_message.html?_=1715479799614&CODE_STATE=getMsg HTTP/1.1" 200 27
222.67.233.39 - - [12/May/2024:10:10:00 +0800] "GET /xingrg/check_reg.html?_=1715479800445 HTTP/1.1" 200 22
180.169.147.146 - - [12/May/2024:10:10:00 +0800] "GET /xingrg/all/function/internal_message.html?_=1715479800813&CODE_STATE=getMsg HTTP/1.1" 200 27
101.83.240.252 - - [12/May/2024:10:10:03 +0800] "POST /xingrg/kc/buy/cgsh_order_operate.html HTTP/1.1" 200 37
222.69.133.206 - - [12/May/2024:10:10:07 +0800] "GET /xingrg/kc/buy/cgsh_order_operate.html?command=get_materiel&rest_code=00154&code=00101010988&supplier_code=00100466&order_time=2024-05-12 HTTP/1.1" 200 447
124.77.244.56 - - [12/May/2024:10:10:10 +0800] "GET /xingrg/all/function/internal_message.html?_=1715479836093&CODE_STATE=getMsg HTTP/1.1" 200 27
101.83.240.252 - - [12/May/2024:10:10:11 +0800] "POST /xingrg/kc/buy/cgsh_order_operate.html HTTP/1.1" 200 12
116.232.195.13 - - [12/May/2024:10:10:12 +0800] "GET /xingrg/all/function/internal_message.html?_=1715479781769&CODE_STATE=getMsg HTTP/1.1" 200 27
101.83.144.49 - - [12/May/2024:10:10:17 +0800] "GET /xingrg/all/function/internal_message.html?_=1715479564849&CODE_STATE=getMsg HTTP/1.1" 200 27
101.83.240.252 - - [12/May/2024:10:10:17 +0800] "GET /xingrg/kc/buy/cgsh_order_info.html?code=212024051203188 HTTP/1.1" 200 69542
101.83.240.252 - - [12/May/2024:10:10:17 +0800] "GET /xingrg/javascript/easyui/themes/default/validatebox.css HTTP/1.1" 404 1104
222.69.133.206 - - [12/May/2024:10:10:18 +0800] "GET /xingrg/all/function/internal_message.html?_=1715479819697&CODE_STATE=getMsg HTTP/1.1" 200 27
101.83.240.252 - - [12/May/2024:10:10:18 +0800] "POST /xingrg/kc/buy/cgsh_order_operate.html HTTP/1.1" 200 8968
180.164.6.225 - - [12/May/2024:10:10:21 +0800] "GET /xingrg/check_reg.html?_=1715479821058 HTTP/1.1" 200 22
180.164.6.225 - - [12/May/2024:10:10:21 +0800] "GET /xingrg/all/function/internal_message.html?_=1715479821060&CODE_STATE=getMsg HTTP/1.1" 200 27
101.83.144.49 - - [12/May/2024:10:10:24 +0800] "POST /xingrg/services/DataTransmitService HTTP/1.1" 200 524
114.89.67.151 - - [12/May/2024:10:10:24 +0800] "GET /xingrg/check_reg.html?_=1715479826803 HTTP/1.1" 200 22
114.89.67.151 - - [12/May/2024:10:10:24 +0800] "GET /xingrg/all/function/internal_message.html?_=1715479826808&CODE_STATE=getMsg HTTP/1.1" 200 27
101.83.240.252 - - [12/May/2024:10:10:25 +0800] "GET /xingrg/kc/print/load_data.html?order_code=212024051203188&kc_code=cgsh&condition= HTTP/1.1" 200 3872
