180.156.239.18 - - [12/May/2024:11:09:14 +0800] "GET /xingrg/kc/buy/cgsh_order_info.html?code=212024051203239 HTTP/1.1" 200 69502
180.156.239.18 - - [12/May/2024:11:09:14 +0800] "GET /xingrg/words/20240512110751_words.js HTTP/1.1" 304 -
180.156.239.18 - - [12/May/2024:11:09:14 +0800] "GET /xingrg/javascript/easyui/themes/default/validatebox.css HTTP/1.1" 404 1104
180.156.239.18 - - [12/May/2024:11:09:15 +0800] "POST /xingrg/kc/buy/cgsh_order_operate.html HTTP/1.1" 200 1212
180.156.239.18 - - [12/May/2024:11:09:17 +0800] "GET /xingrg/kc/print/load_config.html?kc_code=cgsh HTTP/1.1" 200 1927
101.83.144.49 - - [12/May/2024:11:09:17 +0800] "GET /xingrg/check_reg.html?_=1715483104896 HTTP/1.1" 200 22
101.83.144.49 - - [12/May/2024:11:09:17 +0800] "GET /xingrg/all/function/internal_message.html?_=1715483104898&CODE_STATE=getMsg HTTP/1.1" 200 27
222.67.233.39 - - [12/May/2024:11:09:17 +0800] "GET /xingrg/kc/buy/cgsh_order_info.html?code=212024051203245 HTTP/1.1" 200 69468
222.67.233.39 - - [12/May/2024:11:09:17 +0800] "GET /xingrg/words/20240512110751_words.js HTTP/1.1" 200 1023788
180.156.239.18 - - [12/May/2024:11:09:17 +0800] "GET /xingrg/kc/print/load_data.html?order_code=212024051203239&kc_code=cgsh&condition= HTTP/1.1" 200 936
222.69.133.206 - - [12/May/2024:11:09:17 +0800] "GET /xingrg/all/function/internal_message.html?_=1715483359691&CODE_STATE=getMsg HTTP/1.1" 200 27
222.67.233.39 - - [12/May/2024:11:09:18 +0800] "GET /xingrg/javascript/easyui/themes/default/validatebox.css HTTP/1.1" 404 1104
221.239.170.140 - - [12/May/2024:11:09:18 +0800] "GET /xingrg/kc/buy/cgsh_order_list.html HTTP/1.1" 200 58786
222.67.233.39 - - [12/May/2024:11:09:19 +0800] "POST /xingrg/kc/buy/cgsh_order_operate.html HTTP/1.1" 200 1807
222.67.233.39 - - [12/May/2024:11:09:21 +0800] "GET /xingrg/kc/print/load_data.html?order_code=212024051203245&kc_code=cgsh&condition= HTTP/1.1" 200 1249
221.239.170.140 - - [12/May/2024:11:09:21 +0800] "POST /xingrg/kc/buy/cgsh_list_operate.html HTTP/1.1" 200 645
180.164.6.225 - - [12/May/2024:11:09:21 +0800] "GET /xingrg/all/function/internal_message.html?_=1715483361037&CODE_STATE=getMsg HTTP/1.1" 200 27
124.77.244.56 - - [12/May/2024:11:09:22 +0800] "GET /xingrg/all/function/internal_message.html?_=1715483388010&CODE_STATE=getMsg HTTP/1.1" 200 27
180.156.239.18 - - [12/May/2024:11:09:23 +0800] "GET /xingrg/kc/buy/cgsh_order_add.html HTTP/1.1" 200 74637
180.156.239.18 - - [12/May/2024:11:09:23 +0800] "GET /xingrg/words/20240512110751_words.js HTTP/1.1" 304 -
180.156.239.18 - - [12/May/2024:11:09:23 +0800] "POST /xingrg/kc/buy/cgsh_order_operate.html HTTP/1.1" 200 8245
180.156.239.18 - - [12/May/2024:11:09:23 +0800] "GET /xingrg/javascript/easyui/themes/default/validatebox.css HTTP/1.1" 404 1104
222.70.183.82 - - [12/May/2024:11:09:24 +0800] "GET /xingrg/kc/buy/cgsh_order_add.html HTTP/1.1" 200 74549
222.70.183.82 - - [12/May/2024:11:09:24 +0800] "GET /xingrg/words/20240512110751_words.js HTTP/1.1" 200 1023788
222.70.183.82 - - [12/May/2024:11:09:25 +0800] "POST /xingrg/kc/buy/cgsh_order_operate.html HTTP/1.1" 200 8245
222.70.183.82 - - [12/May/2024:11:09:25 +0800] "GET /xingrg/javascript/easyui/themes/default/validatebox.css HTTP/1.1" 404 1104
222.70.183.82 - - [12/May/2024:11:09:26 +0800] "GET /xingrg/check_reg.html?_=1715483365709 HTTP/1.1" 200 22
222.67.233.39 - - [12/May/2024:11:09:27 +0800] "POST /xingrg/kc/buy/cgsh_order_operate.html HTTP/1.1" 200 8245
222.67.233.39 - - [12/May/2024:11:09:27 +0800] "GET /xingrg/javascript/easyui/themes/default/validatebox.css HTTP/1.1" 404 1104
180.156.239.18 - - [12/May/2024:11:09:27 +0800] "GET /xingrg/javascript/auto/indicator.gif HTTP/1.1" 404 1066
221.239.170.140 - - [12/May/2024:11:09:30 +0800] "GET /xingrg/kc/buy/cgsh_order_add.html HTTP/1.1" 200 73781
221.239.170.140 - - [12/May/2024:11:09:30 +0800] "GET /xingrg/words/20240512110751_words.js HTTP/1.1" 200 1023788
221.239.170.140 - - [12/May/2024:11:09:31 +0800] "GET /xingrg/javascript/easyui/themes/default/validatebox.css HTTP/1.1" 404 1104
221.239.170.140 - - [12/May/2024:11:09:31 +0800] "POST /xingrg/kc/buy/cgsh_order_operate.html HTTP/1.1" 200 8245
221.239.170.140 - - [12/May/2024:11:09:31 +0800] "GET /xingrg/all/common/auto_word.html?type=employee&rest_code=00145 HTTP/1.1" 200 151
221.239.170.140 - - [12/May/2024:11:09:31 +0800] "GET /xingrg/all/common/auto_word.html?type=employee&rest_code=00145 HTTP/1.1" 200 151
120.253.135.82 - - [12/May/2024:11:09:32 +0800] "GET /xingrg/all/function/internal_message.html?_=1715483223104&CODE_STATE=getMsg HTTP/1.1" 200 27
116.232.195.13 - - [12/May/2024:11:09:33 +0800] "POST /xingrg/kc/buy/cgsh_list_operate.html HTTP/1.1" 200 4200
116.232.195.13 - - [12/May/2024:11:09:34 +0800] "GET /xingrg/all/function/internal_message.html?_=1715483343325&CODE_STATE=getMsg HTTP/1.1" 200 27
180.156.239.18 - - [12/May/2024:11:09:34 +0800] "GET /xingrg/kc/buy/cgsh_order_operate.html?command=get_materiel&rest_code=00150&code=00101004051&supplier_code=00100317&order_time=2024-05-12 HTTP/1.1" 200 423
221.239.170.140 - - [12/May/2024:11:09:34 +0800] "GET /xingrg/javascript/auto/indicator.gif HTTP/1.1" 404 1066
116.237.78.82 - - [12/May/2024:11:09:36 +0800] "GET /xingrg/check_reg.html?_=1715483376656 HTTP/1.1" 200 22
116.237.78.82 - - [12/May/2024:11:09:36 +0800] "GET /xingrg/all/function/internal_message.html?_=1715483376675&CODE_STATE=getMsg HTTP/1.1" 200 27
222.67.233.39 - - [12/May/2024:11:09:38 +0800] "GET /xingrg/kc/buy/cgsh_order_operate.html?command=get_materiel&rest_code=00141&code=00101013327&supplier_code=00100547&order_time=2024-05-12 HTTP/1.1" 200 408
180.169.147.146 - - [12/May/2024:11:09:38 +0800] "GET /xingrg/all/function/internal_message.html?_=1715483378857&CODE_STATE=getMsg HTTP/1.1" 200 27
221.239.170.140 - - [12/May/2024:11:09:39 +0800] "GET /xingrg/javascript/jquery_tools/images/prev.gif HTTP/1.1" 404 1086
221.239.170.140 - - [12/May/2024:11:09:39 +0800] "GET /xingrg/javascript/jquery_tools/images/next.gif HTTP/1.1" 404 1086
101.83.144.49 - - [12/May/2024:11:09:41 +0800] "GET /xingrg/all/function/internal_message.html?_=1715483383168&CODE_STATE=getMsg HTTP/1.1" 200 27
222.70.183.82 - - [12/May/2024:11:09:43 +0800] "GET /xingrg/all/function/internal_message.html?_=1715483381846&CODE_STATE=getMsg HTTP/1.1" 200 27
222.67.233.39 - - [12/May/2024:11:09:44 +0800] "GET /xingrg/all/function/internal_message.html?_=1715483383995&CODE_STATE=getMsg HTTP/1.1" 200 27
116.238.97.31 - - [12/May/2024:11:09:44 +0800] "GET /xingrg/all/function/internal_message.html?_=1715483384999&CODE_STATE=getMsg HTTP/1.1" 200 27
180.156.239.18 - - [12/May/2024:11:09:44 +0800] "GET /xingrg/all/function/internal_message.html?_=1715483384724&CODE_STATE=getMsg HTTP/1.1" 200 27
222.70.183.82 - - [12/May/2024:11:09:46 +0800] "GET /xingrg/kc/buy/cgsh_order_operate.html?command=get_materiel&rest_code=00111&code=00101012029&supplier_code=00100037&order_time=2024-05-12 HTTP/1.1" 200 432
116.237.78.82 - - [12/May/2024:11:09:46 +0800] "POST /xingrg/kc/buy/cgsh_order_operate.html HTTP/1.1" 200 37
222.67.233.39 - - [12/May/2024:11:09:48 +0800] "GET /xingrg/kc/buy/cgsh_order_operate.html?command=get_materiel&rest_code=00141&code=00102026001&supplier_code=00100547&order_time=2024-05-12 HTTP/1.1" 200 409
180.156.239.18 - - [12/May/2024:11:09:48 +0800] "GET /xingrg/kc/buy/cgsh_order_operate.html?command=get_materiel&rest_code=00150&code=00101004071&supplier_code=00100317&order_time=2024-05-12 HTTP/1.1" 200 409
116.237.78.82 - - [12/May/2024:11:09:48 +0800] "POST /xingrg/kc/buy/cgsh_order_operate.html HTTP/1.1" 200 46401
180.169.147.146 - - [12/May/2024:11:09:50 +0800] "GET /xingrg/all/function/internal_message.html?_=1715483390446&CODE_STATE=getMsg HTTP/1.1" 200 27
116.237.78.82 - - [12/May/2024:11:09:51 +0800] "GET /xingrg/kc/print/load_data.html?order_code=212024051203185&kc_code=cgsh HTTP/1.1" 200 17193
221.239.170.140 - - [12/May/2024:11:09:55 +0800] "GET /xingrg/kc/buy/cgsh_order_operate.html?command=get_materiel&rest_code=00145&code=00101008087&supplier_code=00100556&order_time=2024-05-10 HTTP/1.1" 200 412
222.67.233.39 - - [12/May/2024:11:10:00 +0800] "GET /xingrg/check_reg.html?_=1715483400476 HTTP/1.1" 200 22
222.67.233.39 - - [12/May/2024:11:10:04 +0800] "POST /xingrg/kc/buy/cgsh_order_operate.html HTTP/1.1" 200 37
180.156.239.18 - - [12/May/2024:11:10:08 +0800] "POST /xingrg/kc/buy/cgsh_order_operate.html HTTP/1.1" 200 88
221.239.170.140 - - [12/May/2024:11:10:08 +0800] "GET /xingrg/all/function/internal_message.html?_=1715483408228&CODE_STATE=getMsg HTTP/1.1" 200 27
222.70.183.82 - - [12/May/2024:11:10:08 +0800] "GET /xingrg/kc/buy/cgsh_order_operate.html?command=get_materiel&rest_code=00111&code=00101016059&supplier_code=00100037&order_time=2024-05-12 HTTP/1.1" 200 427
180.156.239.18 - - [12/May/2024:11:10:14 +0800] "POST /xingrg/kc/buy/cgsh_order_operate.html HTTP/1.1" 200 37
222.67.233.39 - - [12/May/2024:11:10:16 +0800] "POST /xingrg/kc/buy/cgsh_order_operate.html HTTP/1.1" 200 12
180.156.239.18 - - [12/May/2024:11:10:16 +0800] "POST /xingrg/kc/buy/cgsh_order_operate.html HTTP/1.1" 200 3246
101.83.144.49 - - [12/May/2024:11:10:17 +0800] "GET /xingrg/all/function/internal_message.html?_=1715483164903&CODE_STATE=getMsg HTTP/1.1" 200 27
222.69.133.206 - - [12/May/2024:11:10:17 +0800] "GET /xingrg/all/function/internal_message.html?_=1715483419690&CODE_STATE=getMsg HTTP/1.1" 200 27
222.67.233.39 - - [12/May/2024:11:10:18 +0800] "GET /xingrg/kc/buy/cgsh_order_info.html?code=212024051203246 HTTP/1.1" 200 69456
222.67.233.39 - - [12/May/2024:11:10:19 +0800] "GET /xingrg/javascript/easyui/themes/default/validatebox.css HTTP/1.1" 404 1104
222.67.233.39 - - [12/May/2024:11:10:20 +0800] "POST /xingrg/kc/buy/cgsh_order_operate.html HTTP/1.1" 200 1189
180.164.6.225 - - [12/May/2024:11:10:21 +0800] "GET /xingrg/all/function/internal_message.html?_=1715483421052&CODE_STATE=getMsg HTTP/1.1" 200 27
180.164.6.225 - - [12/May/2024:11:10:21 +0800] "GET /xingrg/check_reg.html?_=1715483421054 HTTP/1.1" 200 22
124.77.244.56 - - [12/May/2024:11:10:22 +0800] "GET /xingrg/all/function/internal_message.html?_=1715483448016&CODE_STATE=getMsg HTTP/1.1" 200 27
180.156.239.18 - - [12/May/2024:11:10:23 +0800] "POST /xingrg/kc/buy/cgsh_order_operate.html HTTP/1.1" 200 37
222.67.233.39 - - [12/May/2024:11:10:23 +0800] "GET /xingrg/kc/print/load_data.html?order_code=212024051203246&kc_code=cgsh&condition= HTTP/1.1" 200 895
116.232.38.126 - - [12/May/2024:11:10:23 +0800] "GET /xingrg/login.html HTTP/1.1" 200 7641
116.232.38.126 - - [12/May/2024:11:10:23 +0800] "GET /xingrg/images/blue/jxLogo.png HTTP/1.1" 200 6156
116.232.38.126 - - [12/May/2024:11:10:24 +0800] "GET /xingrg/images/blue/login_bg.png HTTP/1.1" 200 22101
116.232.38.126 - - [12/May/2024:11:10:24 +0800] "GET /xingrg/images/blue/hj.png HTTP/1.1" 200 1014
116.232.38.126 - - [12/May/2024:11:10:24 +0800] "GET /xingrg/images/blue/srbg.png HTTP/1.1" 200 138
222.70.183.82 - - [12/May/2024:11:10:24 +0800] "GET /xingrg/kc/buy/cgsh_order_operate.html?command=get_materiel&rest_code=00111&code=00101015022&supplier_code=00100037&order_time=2024-05-12 HTTP/1.1" 200 427
222.67.233.39 - - [12/May/2024:11:10:28 +0800] "POST /xingrg/kc/buy/cgsh_order_operate.html HTTP/1.1" 200 8245
222.67.233.39 - - [12/May/2024:11:10:28 +0800] "GET /xingrg/javascript/easyui/themes/default/validatebox.css HTTP/1.1" 404 1104
180.156.239.18 - - [12/May/2024:11:10:29 +0800] "POST /xingrg/kc/buy/cgsh_order_operate.html HTTP/1.1" 200 12
221.239.170.140 - - [12/May/2024:11:10:30 +0800] "GET /xingrg/kc/buy/cgsh_order_operate.html?command=get_materiel&rest_code=00145&code=00101008283&supplier_code=00100556&order_time=2024-05-10 HTTP/1.1" 200 408
180.156.239.18 - - [12/May/2024:11:10:31 +0800] "GET /xingrg/kc/buy/cgsh_order_info.html?code=212024051203248 HTTP/1.1" 200 69512
180.156.239.18 - - [12/May/2024:11:10:31 +0800] "GET /xingrg/words/20240512110751_words.js HTTP/1.1" 304 -
180.156.239.18 - - [12/May/2024:11:10:32 +0800] "GET /xingrg/javascript/easyui/themes/default/validatebox.css HTTP/1.1" 404 1104
120.253.135.82 - - [12/May/2024:11:10:32 +0800] "GET /xingrg/all/function/internal_message.html?_=1715483283120&CODE_STATE=getMsg HTTP/1.1" 200 27
180.156.239.18 - - [12/May/2024:11:10:33 +0800] "POST /xingrg/kc/buy/cgsh_order_operate.html HTTP/1.1" 200 1196
116.232.38.126 - - [12/May/2024:11:10:33 +0800] "POST /xingrg/login.do HTTP/1.1" 302 -
116.237.78.82 - - [12/May/2024:11:10:33 +0800] "GET /xingrg/all/function/internal_message.html?_=1715483429306&CODE_STATE=getMsg HTTP/1.1" 200 27
116.232.38.126 - - [12/May/2024:11:10:33 +0800] "POST /xingrg/login.do HTTP/1.1" 302 -
116.232.38.126 - - [12/May/2024:11:10:34 +0800] "GET /xingrg/index.html?sysBaseUrl=http%3A%2F%2F180.169.147.146%3A18081%2Fxingrg%2F&costTime=1424×tamp=1715483433976 HTTP/1.1" 200 17179
116.232.38.126 - - [12/May/2024:11:10:34 +0800] "GET /xingrg/javascript/jquery_easy_ui/themes/default/easyui.css HTTP/1.1" 200 26500
116.232.38.126 - - [12/May/2024:11:10:34 +0800] "GET /xingrg/javascript/jquery_easy_ui/themes/icon.css HTTP/1.1" 200 3949
116.232.38.126 - - [12/May/2024:11:10:34 +0800] "GET /xingrg/css/form.css HTTP/1.1" 200 893
116.232.38.126 - - [12/May/2024:11:10:34 +0800] "GET /xingrg/javascript/jquery.form.js HTTP/1.1" 200 23110
116.232.38.126 - - [12/May/2024:11:10:34 +0800] "GET /xingrg/javascript/jquery_easy_ui/jquery.easyui.min.js HTTP/1.1" 200 213662
116.232.38.126 - - [12/May/2024:11:10:34 +0800] "GET /xingrg/javascript/jquery-1.4.2.min.js HTTP/1.1" 200 72205
116.232.38.126 - - [12/May/2024:11:10:34 +0800] "GET /xingrg/javascript/jquery_easy_ui/easyui-lang-zh_CN.js HTTP/1.1" 200 1900
116.232.38.126 - - [12/May/2024:11:10:34 +0800] "GET /xingrg/javascript/jquery.utils.js HTTP/1.1" 200 11805
116.232.38.126 - - [12/May/2024:11:10:34 +0800] "GET /xingrg/javascript/jquery.timers.js HTTP/1.1" 200 3532
116.232.38.126 - - [12/May/2024:11:10:34 +0800] "GET /xingrg/images/blue/navBackgound.jpg HTTP/1.1" 200 12378
116.232.38.126 - - [12/May/2024:11:10:34 +0800] "GET /xingrg/javascript/jquery_easy_ui/themes/icons/settle_new.png HTTP/1.1" 200 826
116.232.38.126 - - [12/May/2024:11:10:34 +0800] "GET /xingrg/check_reg.html?_=1715483433819 HTTP/1.1" 200 22
116.232.38.126 - - [12/May/2024:11:10:34 +0800] "GET /xingrg/images/blue/pingpu.png HTTP/1.1" 200 231
116.232.38.126 - - [12/May/2024:11:10:34 +0800] "GET /xingrg/all/function/internal_message.html?_=1715483433819&CODE_STATE=count HTTP/1.1" 200 11
116.232.38.126 - - [12/May/2024:11:10:34 +0800] "GET /xingrg/javascript/jquery_easy_ui/themes/default/images/tabs_leftarrow.png HTTP/1.1" 200 389
116.232.38.126 - - [12/May/2024:11:10:34 +0800] "GET /xingrg/javascript/jquery_easy_ui/themes/default/images/panel_tool_collapse.gif HTTP/1.1" 200 246
116.232.38.126 - - [12/May/2024:11:10:34 +0800] "GET /xingrg/javascript/jquery_easy_ui/themes/default/images/tabs_rightarrow.png HTTP/1.1" 200 395
116.232.195.13 - - [12/May/2024:11:10:34 +0800] "GET /xingrg/all/function/internal_message.html?_=1715483403315&CODE_STATE=getMsg HTTP/1.1" 200 27
116.232.38.126 - - [12/May/2024:11:10:34 +0800] "POST /xingrg/all/common/load_tree.html?tree=area_rest_tree_json&manage=1 HTTP/1.1" 200 351
116.232.38.126 - - [12/May/2024:11:10:34 +0800] "POST /xingrg/load_menu.html HTTP/1.1" 200 5138
116.232.38.126 - - [12/May/2024:11:10:34 +0800] "GET /xingrg/javascript/jquery_easy_ui/themes/default/images/tree_arrows.gif HTTP/1.1" 200 1043
116.232.38.126 - - [12/May/2024:11:10:34 +0800] "GET /xingrg/javascript/jquery_easy_ui/themes/default/images/tree_folder_open.gif HTTP/1.1" 200 956
116.232.38.126 - - [12/May/2024:11:10:34 +0800] "GET /xingrg/javascript/jquery_easy_ui/themes/default/images/tree_folder.gif HTTP/1.1" 200 952
116.232.38.126 - - [12/May/2024:11:10:34 +0800] "GET /xingrg/javascript/jquery_easy_ui/themes/icons/search_new.png HTTP/1.1" 200 586
116.232.38.126 - - [12/May/2024:11:10:34 +0800] "GET /xingrg/javascript/jquery_easy_ui/themes/icons/forms_new.png HTTP/1.1" 200 350
116.232.38.126 - - [12/May/2024:11:10:34 +0800] "GET /xingrg/javascript/jquery_easy_ui/themes/icons/storage_new.png HTTP/1.1" 200 853
116.232.38.126 - - [12/May/2024:11:10:34 +0800] "GET /xingrg/javascript/jquery_easy_ui/themes/default/images/tree_file.gif HTTP/1.1" 200 118
180.156.239.18 - - [12/May/2024:11:10:35 +0800] "GET /xingrg/kc/print/load_data.html?order_code=212024051203248&kc_code=cgsh&condition= HTTP/1.1" 200 936
116.237.78.82 - - [12/May/2024:11:10:36 +0800] "GET /xingrg/all/function/internal_message.html?_=1715483436659&CODE_STATE=getMsg HTTP/1.1" 200 27
116.232.38.126 - - [12/May/2024:11:10:37 +0800] "GET /xingrg/kc/buy/buy_main.html HTTP/1.1" 200 12412
116.232.38.126 - - [12/May/2024:11:10:37 +0800] "GET /xingrg/javascript/jquery_easy_ui/themes/default/images/tabs_close.gif HTTP/1.1" 200 829
116.232.38.126 - - [12/May/2024:11:10:37 +0800] "GET /xingrg/css/new_ie.css HTTP/1.1" 404 1036
116.232.38.126 - - [12/May/2024:11:10:37 +0800] "GET /xingrg/javascript/pic_change.js HTTP/1.1" 200 4739
116.232.38.126 - - [12/May/2024:11:10:37 +0800] "GET /xingrg/css/blue.css HTTP/1.1" 200 15949
116.232.38.126 - - [12/May/2024:11:10:37 +0800] "GET /xingrg/javascript/jquery_ui/themes/humanity/humanity.css HTTP/1.1" 200 27801
116.232.38.126 - - [12/May/2024:11:10:37 +0800] "GET /xingrg/javascript/ToolTips.js HTTP/1.1" 200 5615
116.232.38.126 - - [12/May/2024:11:10:37 +0800] "GET /xingrg/javascript/myfunction.js HTTP/1.1" 200 24559
116.232.38.126 - - [12/May/2024:11:10:37 +0800] "GET /xingrg/images/blue/button/cgxqd.gif HTTP/1.1" 200 2619
116.232.38.126 - - [12/May/2024:11:10:37 +0800] "GET /xingrg/images/blue/button/cgydd.gif HTTP/1.1" 200 2712
116.232.38.126 - - [12/May/2024:11:10:37 +0800] "GET /xingrg/images/blue/button/cgshd.gif HTTP/1.1" 200 2618
116.232.38.126 - - [12/May/2024:11:10:37 +0800] "GET /xingrg/images/blue/button/cgfkd.gif HTTP/1.1" 200 2075
116.232.38.126 - - [12/May/2024:11:10:37 +0800] "GET /xingrg/javascript/jquery_ui/jquery-ui.min.js HTTP/1.1" 200 186181
116.232.38.126 - - [12/May/2024:11:10:37 +0800] "GET /xingrg/images/blue/button/kc.gif HTTP/1.1" 200 2160
116.232.38.126 - - [12/May/2024:11:10:37 +0800] "GET /xingrg/images/blue/button/ckthd.gif HTTP/1.1" 200 2045
116.232.38.126 - - [12/May/2024:11:10:37 +0800] "GET /xingrg/images/blue/pic_form2.gif HTTP/1.1" 200 1853
116.232.38.126 - - [12/May/2024:11:10:37 +0800] "GET /xingrg/images/blue/bg_dotted.jpg HTTP/1.1" 200 319
116.232.38.126 - - [12/May/2024:11:10:37 +0800] "GET /xingrg/images/blue/button/right_ah.jpg HTTP/1.1" 200 1744
116.232.38.126 - - [12/May/2024:11:10:37 +0800] "GET /xingrg/javascript/jquery_ui/themes/humanity/images/ui-bg_inset-soft_100_f4f0ec_1x100.png HTTP/1.1" 200 141
116.232.38.126 - - [12/May/2024:11:10:37 +0800] "GET /xingrg/images/blue/button/down_ah.jpg HTTP/1.1" 200 1732
116.232.38.126 - - [12/May/2024:11:10:37 +0800] "GET /xingrg/javascript/jquery_ui/themes/humanity/images/ui-iconsnew.jpg HTTP/1.1" 200 337
116.232.38.126 - - [12/May/2024:11:10:37 +0800] "GET /xingrg/javascript/jquery_ui/themes/humanity/images/ui-icons_ffffff_256x240.png HTTP/1.1" 200 4369
116.232.38.126 - - [12/May/2024:11:10:37 +0800] "GET /xingrg/javascript/jquery_ui/themes/humanity/images/ui-icons_c47a23_256x240.png HTTP/1.1" 200 5355
116.232.38.126 - - [12/May/2024:11:10:37 +0800] "GET /xingrg/javascript/jquery_ui/themes/humanity/images/ui-bg_glass_70_ede4d4_1x400.png HTTP/1.1" 200 161
116.232.38.126 - - [12/May/2024:11:10:37 +0800] "GET /xingrg/images/yd/bt.gif HTTP/1.1" 404 1040
180.169.147.146 - - [12/May/2024:11:10:38 +0800] "GET /xingrg/all/function/internal_message.html?_=1715483438857&CODE_STATE=getMsg HTTP/1.1" 200 27
116.232.38.126 - - [12/May/2024:11:10:38 +0800] "GET /xingrg/kc/buy/cgsh_order_list.html HTTP/1.1" 200 58786
116.232.38.126 - - [12/May/2024:11:10:38 +0800] "GET /xingrg/css/base.css HTTP/1.1" 200 2811
116.232.38.126 - - [12/May/2024:11:10:38 +0800] "GET /xingrg/css/site.css HTTP/1.1" 200 7541
116.232.38.126 - - [12/May/2024:11:10:38 +0800] "GET /xingrg/javascript/jquery_tools/datebox.css HTTP/1.1" 200 2597
116.232.38.126 - - [12/May/2024:11:10:38 +0800] "GET /xingrg/javascript/easyui/themes/icon.css HTTP/1.1" 200 4483
116.232.38.126 - - [12/May/2024:11:10:38 +0800] "GET /xingrg/javascript/auto/jquery.autocomplete.css HTTP/1.1" 200 587
116.232.38.126 - - [12/May/2024:11:10:38 +0800] "GET /xingrg/javascript/easyui/themes/default/easyui.css HTTP/1.1" 200 30432
116.232.38.126 - - [12/May/2024:11:10:38 +0800] "GET /xingrg/javascript/jquery_tools/fix.css HTTP/1.1" 200 1702
116.232.38.126 - - [12/May/2024:11:10:38 +0800] "GET /xingrg/javascript/jquery_tools/table.css HTTP/1.1" 200 1032
116.232.38.126 - - [12/May/2024:11:10:38 +0800] "GET /xingrg/javascript/jquery_tools/jquery.tools.min.js HTTP/1.1" 200 138801
116.232.38.126 - - [12/May/2024:11:10:38 +0800] "GET /xingrg/javascript/jquery_tools/jquery.tools.extend.js HTTP/1.1" 200 15385
116.232.38.126 - - [12/May/2024:11:10:38 +0800] "GET /xingrg/javascript/jquery_tools/jquery.tools.hotkey.js HTTP/1.1" 200 3242
116.232.38.126 - - [12/May/2024:11:10:38 +0800] "GET /xingrg/javascript/jquery_tools/jquery.tools.table.js HTTP/1.1" 200 6994
116.232.38.126 - - [12/May/2024:11:10:38 +0800] "GET /xingrg/javascript/jquery_tools/list_manager.js HTTP/1.1" 200 3652
116.232.38.126 - - [12/May/2024:11:10:38 +0800] "GET /xingrg/javascript/auto/jquery.autocomplete.js HTTP/1.1" 200 21624
116.232.38.126 - - [12/May/2024:11:10:38 +0800] "GET /xingrg/javascript/easyui/easyloader.js HTTP/1.1" 200 5975
116.232.38.126 - - [12/May/2024:11:10:38 +0800] "GET /xingrg/javascript/jquery.cookie.js HTTP/1.1" 200 5513
116.232.38.126 - - [12/May/2024:11:10:38 +0800] "GET /xingrg/javascript/print/LodopFuncs.js HTTP/1.1" 200 5121
116.232.38.126 - - [12/May/2024:11:10:38 +0800] "GET /xingrg/javascript/easyui/themes/icons/import_new.png HTTP/1.1" 200 1247
116.232.38.126 - - [12/May/2024:11:10:38 +0800] "GET /xingrg/javascript/easyui/themes/icons/cance_new.png HTTP/1.1" 200 3986
116.232.38.126 - - [12/May/2024:11:10:38 +0800] "GET /xingrg/javascript/easyui/themes/icons/check_new.png HTTP/1.1" 200 3224
116.232.38.126 - - [12/May/2024:11:10:38 +0800] "GET /xingrg/javascript/easyui/themes/icons/edit_add_new.png HTTP/1.1" 200 2997
116.232.38.126 - - [12/May/2024:11:10:38 +0800] "GET /xingrg/javascript/easyui/themes/icons/field_new.png HTTP/1.1" 200 1097
116.232.38.126 - - [12/May/2024:11:10:38 +0800] "GET /xingrg/javascript/easyui/plugins/jquery.parser.js HTTP/1.1" 200 1142
116.232.38.126 - - [12/May/2024:11:10:38 +0800] "GET /xingrg/images/control/ajaxLoader.gif HTTP/1.1" 200 4659
116.232.195.13 - - [12/May/2024:11:10:39 +0800] "POST /xingrg/kc/buy/cgsh_list_operate.html HTTP/1.1" 200 6962
180.156.239.18 - - [12/May/2024:11:10:39 +0800] "GET /xingrg/kc/buy/cgsh_order_add.html HTTP/1.1" 200 74637
180.156.239.18 - - [12/May/2024:11:10:40 +0800] "POST /xingrg/kc/buy/cgsh_order_operate.html HTTP/1.1" 200 8245
180.156.239.18 - - [12/May/2024:11:10:40 +0800] "GET /xingrg/javascript/easyui/themes/default/validatebox.css HTTP/1.1" 404 1104
101.83.144.49 - - [12/May/2024:11:10:41 +0800] "GET /xingrg/all/function/internal_message.html?_=1715483443140&CODE_STATE=getMsg HTTP/1.1" 200 27
222.67.233.39 - - [12/May/2024:11:10:41 +0800] "GET /xingrg/kc/buy/cgsh_order_operate.html?command=get_materiel&rest_code=00141&code=00101002002&supplier_code=00100087&order_time=2024-05-12 HTTP/1.1" 200 435
222.70.183.82 - - [12/May/2024:11:10:43 +0800] "GET /xingrg/all/function/internal_message.html?_=1715483441827&CODE_STATE=getMsg HTTP/1.1" 200 27
222.67.233.39 - - [12/May/2024:11:10:43 +0800] "GET /xingrg/all/function/internal_message.html?_=1715483443967&CODE_STATE=getMsg HTTP/1.1" 200 27
116.238.97.31 - - [12/May/2024:11:10:44 +0800] "GET /xingrg/all/function/internal_message.html?_=1715483444983&CODE_STATE=getMsg HTTP/1.1" 200 27
120.253.135.82 - - [12/May/2024:11:10:44 +0800] "GET /xingrg/check_reg.html?_=1715483295099 HTTP/1.1" 200 22
180.156.239.18 - - [12/May/2024:11:10:44 +0800] "GET /xingrg/all/function/internal_message.html?_=1715483444736&CODE_STATE=getMsg HTTP/1.1" 200 27
221.239.170.140 - - [12/May/2024:11:10:47 +0800] "GET /xingrg/kc/buy/cgsh_order_operate.html?command=get_materiel&rest_code=00145&code=00101008353&supplier_code=00100556&order_time=2024-05-10 HTTP/1.1" 200 423
180.169.147.146 - - [12/May/2024:11:10:50 +0800] "GET /xingrg/all/function/internal_message.html?_=1715483450444&CODE_STATE=getMsg HTTP/1.1" 302 -
180.169.147.146 - - [12/May/2024:11:10:50 +0800] "GET /xingrg/login.html HTTP/1.1" 200 7641
180.156.239.18 - - [12/May/2024:11:10:51 +0800] "GET /xingrg/kc/buy/cgsh_order_operate.html?command=get_materiel&rest_code=00150&code=00101010678&supplier_code=00100564&order_time=2024-05-12 HTTP/1.1" 200 457
222.67.233.39 - - [12/May/2024:11:10:59 +0800] "POST /xingrg/kc/buy/cgsh_order_operate.html HTTP/1.1" 200 37
116.232.195.13 - - [12/May/2024:11:10:59 +0800] "POST /xingrg/kc/buy/cgsh_list_operate.html HTTP/1.1" 200 284
116.232.195.13 - - [12/May/2024:11:11:00 +0800] "GET /xingrg/kc/buy/cgsh_order_info.html?code=212024051203237 HTTP/1.1" 200 74651
116.232.195.13 - - [12/May/2024:11:11:00 +0800] "GET /xingrg/words/20240512110751_words.js HTTP/1.1" 200 1023788
116.232.195.13 - - [12/May/2024:11:11:01 +0800] "GET /xingrg/javascript/easyui/themes/default/validatebox.css HTTP/1.1" 404 1104
116.232.195.13 - - [12/May/2024:11:11:01 +0800] "GET /xingrg/all/common/auto_word.html?type=employee&rest_code=00155 HTTP/1.1" 200 255
116.232.195.13 - - [12/May/2024:11:11:01 +0800] "GET /xingrg/all/common/auto_word.html?type=employee&rest_code=00155 HTTP/1.1" 200 255
116.232.195.13 - - [12/May/2024:11:11:02 +0800] "POST /xingrg/kc/buy/cgsh_order_operate.html HTTP/1.1" 200 3264
180.156.239.18 - - [12/May/2024:11:11:06 +0800] "GET /xingrg/kc/buy/cgsh_order_operate.html?command=get_materiel&rest_code=00150&code=00101010677&supplier_code=00100564&order_time=2024-05-12 HTTP/1.1" 200 431
222.67.233.39 - - [12/May/2024:11:11:07 +0800] "POST /xingrg/kc/buy/cgsh_order_operate.html HTTP/1.1" 200 12
221.239.170.140 - - [12/May/2024:11:11:08 +0800] "GET /xingrg/all/function/internal_message.html?_=1715483468207&CODE_STATE=getMsg HTTP/1.1" 200 27
222.67.233.39 - - [12/May/2024:11:11:09 +0800] "GET /xingrg/kc/buy/cgsh_order_info.html?code=212024051203249 HTTP/1.1" 200 69464
222.67.233.39 - - [12/May/2024:11:11:10 +0800] "GET /xingrg/javascript/easyui/themes/default/validatebox.css HTTP/1.1" 404 1104
222.67.233.39 - - [12/May/2024:11:11:11 +0800] "POST /xingrg/kc/buy/cgsh_order_operate.html HTTP/1.1" 200 618
116.232.195.13 - - [12/May/2024:11:11:11 +0800] "GET /xingrg/javascript/auto/indicator.gif HTTP/1.1" 404 1066
222.67.233.39 - - [12/May/2024:11:11:13 +0800] "GET /xingrg/kc/print/load_data.html?order_code=212024051203249&kc_code=cgsh&condition= HTTP/1.1" 200 771
116.232.195.13 - - [12/May/2024:11:11:16 +0800] "GET /xingrg/kc/buy/cgsh_order_operate.html?command=get_materiel&rest_code=00155&code=00101001337&supplier_code=00100430&order_time=2024-05-12 HTTP/1.1" 200 398
101.83.144.49 - - [12/May/2024:11:11:17 +0800] "GET /xingrg/all/function/internal_message.html?_=1715483224896&CODE_STATE=getMsg HTTP/1.1" 200 27
222.69.133.206 - - [12/May/2024:11:11:17 +0800] "GET /xingrg/all/function/internal_message.html?_=1715483479695&CODE_STATE=getMsg HTTP/1.1" 200 27
222.67.233.39 - - [12/May/2024:11:11:18 +0800] "POST /xingrg/kc/buy/cgsh_order_operate.html HTTP/1.1" 200 8245
222.67.233.39 - - [12/May/2024:11:11:18 +0800] "GET /xingrg/javascript/easyui/themes/default/validatebox.css HTTP/1.1" 404 1104
116.232.38.126 - - [12/May/2024:11:11:21 +0800] "POST /xingrg/kc/buy/cgsh_list_operate.html HTTP/1.1" 200 4212
180.164.6.225 - - [12/May/2024:11:11:21 +0800] "GET /xingrg/all/function/internal_message.html?_=1715483481050&CODE_STATE=getMsg HTTP/1.1" 200 27
124.77.244.56 - - [12/May/2024:11:11:22 +0800] "GET /xingrg/all/function/internal_message.html?_=1715483508490&CODE_STATE=getMsg HTTP/1.1" 200 27
180.156.239.18 - - [12/May/2024:11:11:25 +0800] "POST /xingrg/kc/buy/cgsh_order_operate.html HTTP/1.1" 200 37
180.156.239.18 - - [12/May/2024:11:11:32 +0800] "POST /xingrg/kc/buy/cgsh_order_operate.html HTTP/1.1" 200 12
120.253.135.82 - - [12/May/2024:11:11:32 +0800] "GET /xingrg/all/function/internal_message.html?_=1715483343151&CODE_STATE=getMsg HTTP/1.1" 200 27
116.237.78.82 - - [12/May/2024:11:11:33 +0800] "GET /xingrg/all/function/internal_message.html?_=1715483489282&CODE_STATE=getMsg HTTP/1.1" 200 27
221.239.170.140 - - [12/May/2024:11:11:34 +0800] "GET /xingrg/kc/buy/cgsh_order_operate.html?command=get_materiel&rest_code=00145&code=00101008356&supplier_code=00100556&order_time=2024-05-10 HTTP/1.1" 200 423
222.67.233.39 - - [12/May/2024:11:11:34 +0800] "GET /xingrg/kc/buy/cgsh_order_operate.html?command=get_materiel&rest_code=00141&code=00101012046&supplier_code=00100487&order_time=2024-05-12 HTTP/1.1" 200 417
116.232.38.126 - - [12/May/2024:11:11:34 +0800] "GET /xingrg/all/function/internal_message.html?_=1715483493838&CODE_STATE=getMsg HTTP/1.1" 200 27
116.232.195.13 - - [12/May/2024:11:11:34 +0800] "GET /xingrg/all/function/internal_message.html?_=1715483463332&CODE_STATE=getMsg HTTP/1.1" 200 27
180.156.239.18 - - [12/May/2024:11:11:34 +0800] "GET /xingrg/kc/buy/cgsh_order_info.html?code=212024051203250 HTTP/1.1" 200 69500
180.156.239.18 - - [12/May/2024:11:11:34 +0800] "GET /xingrg/words/20240512110751_words.js HTTP/1.1" 304 -
180.156.239.18 - - [12/May/2024:11:11:35 +0800] "GET /xingrg/javascript/easyui/themes/default/validatebox.css HTTP/1.1" 404 1104
180.156.239.18 - - [12/May/2024:11:11:36 +0800] "POST /xingrg/kc/buy/cgsh_order_operate.html HTTP/1.1" 200 1220
116.237.78.82 - - [12/May/2024:11:11:36 +0800] "GET /xingrg/all/function/internal_message.html?_=1715483496666&CODE_STATE=getMsg HTTP/1.1" 200 27
180.156.239.18 - - [12/May/2024:11:11:37 +0800] "GET /xingrg/kc/print/load_data.html?order_code=212024051203250&kc_code=cgsh&condition= HTTP/1.1" 200 931
116.232.38.126 - - [12/May/2024:11:11:38 +0800] "GET /xingrg/javascript/easyui/themes/default/images/button_plain_hover.png HTTP/1.1" 200 144
180.169.147.146 - - [12/May/2024:11:11:38 +0800] "GET /xingrg/all/function/internal_message.html?_=1715483498858&CODE_STATE=getMsg HTTP/1.1" 200 27
116.232.195.13 - - [12/May/2024:11:11:39 +0800] "GET /xingrg/kc/buy/cgsh_order_operate.html?command=get_materiel&rest_code=00155&code=00101010269&supplier_code=00100430&order_time=2024-05-12 HTTP/1.1" 200 408
101.83.144.49 - - [12/May/2024:11:11:41 +0800] "GET /xingrg/all/function/internal_message.html?_=1715483503114&CODE_STATE=getMsg HTTP/1.1" 200 27
180.156.239.18 - - [12/May/2024:11:11:42 +0800] "GET /xingrg/kc/buy/cgsh_order_add.html HTTP/1.1" 200 74637
180.156.239.18 - - [12/May/2024:11:11:42 +0800] "POST /xingrg/kc/buy/cgsh_order_operate.html HTTP/1.1" 200 8245
180.156.239.18 - - [12/May/2024:11:11:42 +0800] "GET /xingrg/javascript/easyui/themes/default/validatebox.css HTTP/1.1" 404 1104
124.77.244.56 - - [12/May/2024:11:11:42 +0800] "GET /xingrg/check_reg.html?_=1715483528846 HTTP/1.1" 200 22
222.70.183.82 - - [12/May/2024:11:11:43 +0800] "GET /xingrg/all/function/internal_message.html?_=1715483501809&CODE_STATE=getMsg HTTP/1.1" 200 27
222.67.233.39 - - [12/May/2024:11:11:43 +0800] "GET /xingrg/all/function/internal_message.html?_=1715483503938&CODE_STATE=getMsg HTTP/1.1" 200 27
116.238.97.31 - - [12/May/2024:11:11:44 +0800] "GET /xingrg/all/function/internal_message.html?_=1715483504978&CODE_STATE=getMsg HTTP/1.1" 200 27
101.83.144.49 - - [12/May/2024:11:11:44 +0800] "GET /xingrg/check_reg.html?_=1715483505801 HTTP/1.1" 200 22
180.156.239.18 - - [12/May/2024:11:11:44 +0800] "GET /xingrg/all/function/internal_message.html?_=1715483504739&CODE_STATE=getMsg HTTP/1.1" 200 27
180.169.147.146 - - [12/May/2024:11:11:50 +0800] "GET /xingrg/all/function/internal_message.html?_=1715483510443&CODE_STATE=getMsg HTTP/1.1" 302 -
180.156.239.18 - - [12/May/2024:11:11:52 +0800] "GET /xingrg/kc/buy/cgsh_order_operate.html?command=get_materiel&rest_code=00150&code=00101001125&supplier_code=00100319&order_time=2024-05-12 HTTP/1.1" 200 416
222.67.233.39 - - [12/May/2024:11:11:54 +0800] "GET /xingrg/kc/buy/cgsh_order_operate.html?command=get_materiel&rest_code=00141&code=00101010200&supplier_code=00100487&order_time=2024-05-12 HTTP/1.1" 200 432
116.232.195.13 - - [12/May/2024:11:12:01 +0800] "GET /xingrg/kc/buy/cgsh_order_operate.html?command=get_materiel&rest_code=00155&code=00101010054&supplier_code=00100430&order_time=2024-05-12 HTTP/1.1" 200 438
222.67.233.39 - - [12/May/2024:11:12:05 +0800] "POST /xingrg/kc/buy/cgsh_order_operate.html HTTP/1.1" 200 37
221.239.170.140 - - [12/May/2024:11:12:05 +0800] "GET /xingrg/kc/buy/cgsh_order_operate.html?command=get_materiel&rest_code=00145&code=00101008264&supplier_code=00100556&order_time=2024-05-10 HTTP/1.1" 200 427
180.156.239.18 - - [12/May/2024:11:12:07 +0800] "GET /xingrg/kc/buy/cgsh_order_operate.html?command=get_materiel&rest_code=00150&code=00101001169&supplier_code=00100319&order_time=2024-05-12 HTTP/1.1" 200 417
221.239.170.140 - - [12/May/2024:11:12:08 +0800] "GET /xingrg/all/function/internal_message.html?_=1715483528305&CODE_STATE=getMsg HTTP/1.1" 200 27
222.67.233.39 - - [12/May/2024:11:12:13 +0800] "POST /xingrg/kc/buy/cgsh_order_operate.html HTTP/1.1" 200 12
101.83.144.49 - - [12/May/2024:11:12:17 +0800] "GET /xingrg/all/function/internal_message.html?_=1715483284908&CODE_STATE=getMsg HTTP/1.1" 200 27
222.69.133.206 - - [12/May/2024:11:12:17 +0800] "GET /xingrg/check_reg.html?_=1715483539694 HTTP/1.1" 200 22
222.69.133.206 - - [12/May/2024:11:12:17 +0800] "GET /xingrg/all/function/internal_message.html?_=1715483539697&CODE_STATE=getMsg HTTP/1.1" 200 27
222.67.233.39 - - [12/May/2024:11:12:18 +0800] "GET /xingrg/kc/buy/cgsh_order_info.html?code=212024051203251 HTTP/1.1" 200 69474
222.67.233.39 - - [12/May/2024:11:12:18 +0800] "GET /xingrg/javascript/easyui/themes/default/validatebox.css HTTP/1.1" 404 1104
222.67.233.39 - - [12/May/2024:11:12:19 +0800] "POST /xingrg/kc/buy/cgsh_order_operate.html HTTP/1.1" 200 1205
222.67.233.39 - - [12/May/2024:11:12:21 +0800] "GET /xingrg/kc/print/load_data.html?order_code=212024051203251&kc_code=cgsh&condition= HTTP/1.1" 200 948
180.164.6.225 - - [12/May/2024:11:12:21 +0800] "GET /xingrg/all/function/internal_message.html?_=1715483541043&CODE_STATE=getMsg HTTP/1.1" 200 27
124.77.244.56 - - [12/May/2024:11:12:22 +0800] "GET /xingrg/all/function/internal_message.html?_=1715483568496&CODE_STATE=getMsg HTTP/1.1" 200 27
222.67.233.39 - - [12/May/2024:11:12:25 +0800] "POST /xingrg/kc/buy/cgsh_order_operate.html HTTP/1.1" 200 8245
222.67.233.39 - - [12/May/2024:11:12:25 +0800] "GET /xingrg/javascript/easyui/themes/default/validatebox.css HTTP/1.1" 404 1104
116.232.195.13 - - [12/May/2024:11:12:31 +0800] "POST /xingrg/kc/buy/cgsh_order_operate.html HTTP/1.1" 200 37
120.253.135.82 - - [12/May/2024:11:12:32 +0800] "GET /xingrg/all/function/internal_message.html?_=1715483403173&CODE_STATE=getMsg HTTP/1.1" 200 27
116.237.78.82 - - [12/May/2024:11:12:33 +0800] "GET /xingrg/all/function/internal_message.html?_=1715483549255&CODE_STATE=getMsg HTTP/1.1" 200 27
221.239.170.140 - - [12/May/2024:11:12:34 +0800] "GET /xingrg/kc/buy/cgsh_order_operate.html?command=get_materiel&rest_code=00145&code=00101008286&supplier_code=00100556&order_time=2024-05-10 HTTP/1.1" 200 428
116.232.38.126 - - [12/May/2024:11:12:34 +0800] "GET /xingrg/all/function/internal_message.html?_=1715483553833&CODE_STATE=getMsg HTTP/1.1" 200 27
116.232.195.13 - - [12/May/2024:11:12:34 +0800] "POST /xingrg/kc/buy/cgsh_order_operate.html HTTP/1.1" 200 4458
116.232.195.13 - - [12/May/2024:11:12:34 +0800] "GET /xingrg/all/function/internal_message.html?_=1715483523347&CODE_STATE=getMsg HTTP/1.1" 200 27
116.232.195.13 - - [12/May/2024:11:12:36 +0800] "GET /xingrg/kc/print/load_config.html?kc_code=cgsh HTTP/1.1" 200 1927
116.237.78.82 - - [12/May/2024:11:12:36 +0800] "GET /xingrg/all/function/internal_message.html?_=1715483556660&CODE_STATE=getMsg HTTP/1.1" 200 27
116.232.195.13 - - [12/May/2024:11:12:36 +0800] "GET /xingrg/kc/print/load_data.html?order_code=212024051203237&kc_code=cgsh&condition= HTTP/1.1" 200 1357
222.67.233.39 - - [12/May/2024:11:12:37 +0800] "GET /xingrg/kc/buy/cgsh_order_operate.html?command=get_materiel&rest_code=00141&code=00101002027&supplier_code=00100442&order_time=2024-05-12 HTTP/1.1" 200 413
180.169.147.146 - - [12/May/2024:11:12:38 +0800] "GET /xingrg/all/function/internal_message.html?_=1715483558858&CODE_STATE=getMsg HTTP/1.1" 200 27
222.70.183.82 - - [12/May/2024:11:12:39 +0800] "GET /xingrg/kc/buy/cgsh_order_operate.html?command=get_materiel&rest_code=00111&code=00101015195&supplier_code=00100037&order_time=2024-05-12 HTTP/1.1" 200 431
101.83.144.49 - - [12/May/2024:11:12:41 +0800] "GET /xingrg/all/function/internal_message.html?_=1715483563087&CODE_STATE=getMsg HTTP/1.1" 200 27
222.70.183.82 - - [12/May/2024:11:12:43 +0800] "GET /xingrg/all/function/internal_message.html?_=1715483561793&CODE_STATE=getMsg HTTP/1.1" 200 27
222.67.233.39 - - [12/May/2024:11:12:43 +0800] "GET /xingrg/all/function/internal_message.html?_=1715483563925&CODE_STATE=getMsg HTTP/1.1" 200 27
116.238.97.31 - - [12/May/2024:11:12:44 +0800] "GET /xingrg/all/function/internal_message.html?_=1715483564970&CODE_STATE=getMsg HTTP/1.1" 200 27
180.156.239.18 - - [12/May/2024:11:12:44 +0800] "GET /xingrg/check_reg.html?_=1715483564728 HTTP/1.1" 200 22
180.156.239.18 - - [12/May/2024:11:12:44 +0800] "GET /xingrg/all/function/internal_message.html?_=1715483564731&CODE_STATE=getMsg HTTP/1.1" 200 27
116.238.97.31 - - [12/May/2024:11:12:45 +0800] "GET /xingrg/check_reg.html?_=1715483566586 HTTP/1.1" 200 22
116.232.195.13 - - [12/May/2024:11:12:46 +0800] "GET /xingrg/index.html?sysBaseUrl=http%3A%2F%2F180.169.147.146%3A18081%2Fxingrg%2F&costTime=1779×tamp=1684631389383 HTTP/1.1" 200 17179
116.232.195.13 - - [12/May/2024:11:12:46 +0800] "GET /xingrg/check_reg.html?_=1715483535774 HTTP/1.1" 200 22
116.232.195.13 - - [12/May/2024:11:12:46 +0800] "GET /xingrg/all/function/internal_message.html?_=1715483535772&CODE_STATE=count HTTP/1.1" 200 11
116.232.195.13 - - [12/May/2024:11:12:46 +0800] "POST /xingrg/all/common/load_tree.html?tree=area_rest_tree_json&manage=1 HTTP/1.1" 200 351
116.232.195.13 - - [12/May/2024:11:12:46 +0800] "GET /favicon.ico HTTP/1.1" 404 -
116.232.195.13 - - [12/May/2024:11:12:46 +0800] "POST /xingrg/load_menu.html HTTP/1.1" 200 5138
180.169.147.146 - - [12/May/2024:11:12:50 +0800] "GET /xingrg/check_reg.html?_=1715483570443 HTTP/1.1" 302 -
180.169.147.146 - - [12/May/2024:11:12:50 +0800] "GET /xingrg/all/function/internal_message.html?_=1715483570444&CODE_STATE=getMsg HTTP/1.1" 302 -
116.232.195.13 - - [12/May/2024:11:12:51 +0800] "GET /xingrg/kc/buy/cgsh_order_list.html HTTP/1.1" 200 58786
221.239.170.140 - - [12/May/2024:11:12:51 +0800] "GET /xingrg/kc/buy/cgsh_order_operate.html?command=get_materiel&rest_code=00145&code=00101008005&supplier_code=00100556&order_time=2024-05-10 HTTP/1.1" 200 433
116.232.38.126 - - [12/May/2024:11:12:55 +0800] "POST /xingrg/kc/buy/cgsh_list_operate.html HTTP/1.1" 200 4
116.232.195.13 - - [12/May/2024:11:12:57 +0800] "POST /xingrg/kc/buy/cgsh_list_operate.html HTTP/1.1" 200 217
116.232.195.13 - - [12/May/2024:11:13:00 +0800] "GET /xingrg/kc/buy/cgsh_order_info.html?code=212024051203244 HTTP/1.1" 200 74663
116.232.195.13 - - [12/May/2024:11:13:01 +0800] "GET /xingrg/words/20240512110751_words.js HTTP/1.1" 304 -
116.232.195.13 - - [12/May/2024:11:13:01 +0800] "GET /xingrg/javascript/easyui/themes/default/validatebox.css HTTP/1.1" 404 1104
180.156.239.18 - - [12/May/2024:11:13:05 +0800] "POST /xingrg/kc/buy/cgsh_order_operate.html HTTP/1.1" 200 37
116.232.195.13 - - [12/May/2024:11:13:05 +0800] "POST /xingrg/kc/buy/cgsh_order_operate.html HTTP/1.1" 200 2680
180.156.239.18 - - [12/May/2024:11:13:08 +0800] "POST /xingrg/kc/buy/cgsh_order_operate.html HTTP/1.1" 200 2663
101.83.240.252 - - [12/May/2024:11:13:08 +0800] "GET /xingrg/check_reg.html?_=1715483588458 HTTP/1.1" 200 22
222.70.183.82 - - [12/May/2024:11:13:11 +0800] "GET /xingrg/kc/buy/cgsh_order_operate.html?command=get_materiel&rest_code=00111&code=00101015021&supplier_code=00100037&order_time=2024-05-12 HTTP/1.1" 200 409
116.232.195.13 - - [12/May/2024:11:13:17 +0800] "GET /xingrg/kc/buy/cgsh_order_operate.html?command=get_materiel&rest_code=00155&code=00101006047&supplier_code=00100325&order_time=2024-05-12 HTTP/1.1" 200 432
101.83.144.49 - - [12/May/2024:11:13:17 +0800] "GET /xingrg/all/function/internal_message.html?_=1715483344907&CODE_STATE=getMsg HTTP/1.1" 200 27
222.69.133.206 - - [12/May/2024:11:13:17 +0800] "GET /xingrg/all/function/internal_message.html?_=1715483599683&CODE_STATE=getMsg HTTP/1.1" 200 27
221.239.170.140 - - [12/May/2024:11:13:19 +0800] "GET /xingrg/login.html HTTP/1.1" 200 7641
221.239.170.140 - - [12/May/2024:11:13:20 +0800] "GET /favicon.ico HTTP/1.1" 404 -
116.232.38.126 - - [12/May/2024:11:13:20 +0800] "POST /xingrg/kc/buy/cgsh_list_operate.html HTTP/1.1" 200 4246
180.164.6.225 - - [12/May/2024:11:13:21 +0800] "GET /xingrg/all/function/internal_message.html?_=1715483601052&CODE_STATE=getMsg HTTP/1.1" 200 27
124.77.244.56 - - [12/May/2024:11:13:22 +0800] "GET /xingrg/all/function/internal_message.html?_=1715483628508&CODE_STATE=getMsg HTTP/1.1" 200 27
222.67.233.39 - - [12/May/2024:11:13:24 +0800] "GET /xingrg/kc/buy/cgsh_order_operate.html?command=get_materiel&rest_code=00141&code=00101002041&supplier_code=00100442&order_time=2024-05-12 HTTP/1.1" 200 409
221.239.170.140 - - [12/May/2024:11:13:27 +0800] "GET /xingrg/index.html?sysBaseUrl=http%3A%2F%2F180.169.147.146%3A18081%2Fxingrg%2F&costTime=946×tamp=1715483347796 HTTP/1.1" 200 17179
221.239.170.140 - - [12/May/2024:11:13:28 +0800] "POST /xingrg/all/common/load_tree.html?tree=area_rest_tree_json&manage=1 HTTP/1.1" 200 351
221.239.170.140 - - [12/May/2024:11:13:28 +0800] "GET /xingrg/all/function/internal_message.html?_=1715483608053&CODE_STATE=count HTTP/1.1" 200 11
221.239.170.140 - - [12/May/2024:11:13:28 +0800] "GET /xingrg/check_reg.html?_=1715483608054 HTTP/1.1" 200 22
221.239.170.140 - - [12/May/2024:11:13:28 +0800] "POST /xingrg/load_menu.html HTTP/1.1" 200 5138
221.239.170.140 - - [12/May/2024:11:13:28 +0800] "GET /favicon.ico HTTP/1.1" 404 -
120.253.135.82 - - [12/May/2024:11:13:32 +0800] "GET /xingrg/all/function/internal_message.html?_=1715483463210&CODE_STATE=getMsg HTTP/1.1" 200 27
221.239.170.140 - - [12/May/2024:11:13:33 +0800] "GET /xingrg/kc/buy/buy_main.html HTTP/1.1" 200 12412
221.239.170.140 - - [12/May/2024:11:13:33 +0800] "GET /xingrg/css/new_ie.css HTTP/1.1" 404 1036
221.239.170.140 - - [12/May/2024:11:13:33 +0800] "GET /xingrg/javascript/ToolTips.js HTTP/1.1" 200 5615
221.239.170.140 - - [12/May/2024:11:13:33 +0800] "GET /xingrg/javascript/jquery_ui/jquery-ui.min.js HTTP/1.1" 200 186181
221.239.170.140 - - [12/May/2024:11:13:33 +0800] "GET /xingrg/images/blue/button/cgxqd.gif HTTP/1.1" 200 2619
221.239.170.140 - - [12/May/2024:11:13:33 +0800] "GET /xingrg/images/blue/button/ckthd.gif HTTP/1.1" 200 2045
221.239.170.140 - - [12/May/2024:11:13:33 +0800] "GET /xingrg/images/blue/button/cgshd.gif HTTP/1.1" 200 2618
221.239.170.140 - - [12/May/2024:11:13:33 +0800] "GET /xingrg/images/blue/button/cgydd.gif HTTP/1.1" 200 2712
221.239.170.140 - - [12/May/2024:11:13:33 +0800] "GET /xingrg/images/blue/button/cgfkd.gif HTTP/1.1" 200 2075
221.239.170.140 - - [12/May/2024:11:13:33 +0800] "GET /xingrg/images/blue/button/kc.gif HTTP/1.1" 200 2160
221.239.170.140 - - [12/May/2024:11:13:33 +0800] "GET /xingrg/images/blue/pic_form2.gif HTTP/1.1" 200 1853
221.239.170.140 - - [12/May/2024:11:13:33 +0800] "GET /xingrg/javascript/jquery_ui/themes/humanity/images/ui-bg_inset-soft_100_f4f0ec_1x100.png HTTP/1.1" 200 141
221.239.170.140 - - [12/May/2024:11:13:33 +0800] "GET /xingrg/images/blue/button/down_ah.jpg HTTP/1.1" 200 1732
221.239.170.140 - - [12/May/2024:11:13:33 +0800] "GET /xingrg/images/blue/bg_dotted.jpg HTTP/1.1" 200 319
221.239.170.140 - - [12/May/2024:11:13:33 +0800] "GET /xingrg/images/blue/button/right_ah.jpg HTTP/1.1" 200 1744
116.237.78.82 - - [12/May/2024:11:13:33 +0800] "GET /xingrg/all/function/internal_message.html?_=1715483609227&CODE_STATE=getMsg HTTP/1.1" 200 27
222.70.183.82 - - [12/May/2024:11:13:33 +0800] "GET /xingrg/kc/buy/cgsh_order_operate.html?command=get_materiel&rest_code=00111&code=00101015062&supplier_code=00100037&order_time=2024-05-12 HTTP/1.1" 200 412
221.239.170.140 - - [12/May/2024:11:13:33 +0800] "GET /xingrg/javascript/jquery_ui/themes/humanity/images/ui-icons_ffffff_256x240.png HTTP/1.1" 200 4369
221.239.170.140 - - [12/May/2024:11:13:33 +0800] "GET /xingrg/javascript/jquery_ui/themes/humanity/images/ui-iconsnew.jpg HTTP/1.1" 200 337
221.239.170.140 - - [12/May/2024:11:13:33 +0800] "GET /xingrg/javascript/jquery_ui/themes/humanity/images/ui-icons_c47a23_256x240.png HTTP/1.1" 200 5355
221.239.170.140 - - [12/May/2024:11:13:33 +0800] "GET /xingrg/javascript/jquery_ui/themes/humanity/images/ui-bg_glass_70_ede4d4_1x400.png HTTP/1.1" 200 161
116.232.195.13 - - [12/May/2024:11:13:34 +0800] "POST /xingrg/kc/buy/cgsh_list_operate.html HTTP/1.1" 200 6962
116.232.38.126 - - [12/May/2024:11:13:34 +0800] "GET /xingrg/all/function/internal_message.html?_=1715483613832&CODE_STATE=getMsg HTTP/1.1" 200 27
116.232.195.13 - - [12/May/2024:11:13:34 +0800] "GET /xingrg/check_reg.html?_=1715483583333 HTTP/1.1" 200 22
116.232.195.13 - - [12/May/2024:11:13:34 +0800] "GET /xingrg/all/function/internal_message.html?_=1715483583338&CODE_STATE=getMsg HTTP/1.1" 200 27
221.239.170.140 - - [12/May/2024:11:13:35 +0800] "GET /xingrg/kc/mdqp/qp_main.html HTTP/1.1" 200 10633
221.239.170.140 - - [12/May/2024:11:13:35 +0800] "GET /xingrg/images/blue/button/qqpsd.gif HTTP/1.1" 200 2548
221.239.170.140 - - [12/May/2024:11:13:35 +0800] "GET /xingrg/images/blue/button/pszx.gif HTTP/1.1" 200 2648
221.239.170.140 - - [12/May/2024:11:13:35 +0800] "GET /xingrg/images/blue/button/psshd.gif HTTP/1.1" 200 2692
221.239.170.140 - - [12/May/2024:11:13:36 +0800] "GET /xingrg/kc/base/base_main.html HTTP/1.1" 200 12142
221.239.170.140 - - [12/May/2024:11:13:36 +0800] "GET /xingrg/images/blue/button/wlsy.gif HTTP/1.1" 200 2536
221.239.170.140 - - [12/May/2024:11:13:36 +0800] "GET /xingrg/images/blue/button/ckpd.gif HTTP/1.1" 200 2051
221.239.170.140 - - [12/May/2024:11:13:36 +0800] "GET /xingrg/images/blue/button/yddb.gif HTTP/1.1" 200 2040
221.239.170.140 - - [12/May/2024:11:13:36 +0800] "GET /xingrg/images/blue/button/ckdb.gif HTTP/1.1" 200 1950
221.239.170.140 - - [12/May/2024:11:13:36 +0800] "GET /xingrg/images/blue/button/bottom_right.jpg HTTP/1.1" 200 1436
221.239.170.140 - - [12/May/2024:11:13:36 +0800] "GET /xingrg/images/blue/button/left_ah.jpg HTTP/1.1" 200 1643
221.239.170.140 - - [12/May/2024:11:13:36 +0800] "GET /xingrg/images/blue/button/top_left.jpg HTTP/1.1" 200 1632
221.239.170.140 - - [12/May/2024:11:13:36 +0800] "GET /xingrg/images/blue/button/top_right.jpg HTTP/1.1" 200 1708
221.239.170.140 - - [12/May/2024:11:13:36 +0800] "GET /xingrg/images/blue/button/down.jpg HTTP/1.1" 200 1560
221.239.170.140 - - [12/May/2024:11:13:36 +0800] "GET /xingrg/images/blue/button/bottom_left.jpg HTTP/1.1" 200 1524
116.237.78.82 - - [12/May/2024:11:13:36 +0800] "GET /xingrg/all/function/internal_message.html?_=1715483616661&CODE_STATE=getMsg HTTP/1.1" 200 27
222.67.233.39 - - [12/May/2024:11:13:37 +0800] "GET /xingrg/kc/buy/cgsh_order_operate.html?command=get_materiel&rest_code=00141&code=00101002048&supplier_code=00100442&order_time=2024-05-12 HTTP/1.1" 200 413
221.239.170.140 - - [12/May/2024:11:13:38 +0800] "GET /xingrg/kc/report/report_main.html HTTP/1.1" 200 7340
180.169.147.146 - - [12/May/2024:11:13:38 +0800] "GET /xingrg/check_reg.html?_=1715483618857 HTTP/1.1" 200 22
180.169.147.146 - - [12/May/2024:11:13:38 +0800] "GET /xingrg/all/function/internal_message.html?_=1715483618859&CODE_STATE=getMsg HTTP/1.1" 200 27
221.239.170.140 - - [12/May/2024:11:13:39 +0800] "GET /xingrg/kc/main_page.html HTTP/1.1" 200 2725
221.239.170.140 - - [12/May/2024:11:13:39 +0800] "GET /xingrg/css/table.css HTTP/1.1" 200 3684
221.239.170.140 - - [12/May/2024:11:13:39 +0800] "POST /xingrg/kc/main/get_notify_info.html HTTP/1.1" 200 112
221.239.170.140 - - [12/May/2024:11:13:39 +0800] "POST /xingrg/kc/main/get_notify_info.html HTTP/1.1" 200 1361
101.83.144.49 - - [12/May/2024:11:13:41 +0800] "GET /xingrg/all/function/internal_message.html?_=1715483623056&CODE_STATE=getMsg HTTP/1.1" 200 27
116.232.195.13 - - [12/May/2024:11:13:41 +0800] "GET /xingrg/kc/buy/cgsh_order_operate.html?command=get_materiel&rest_code=00155&code=00101004003&supplier_code=00100325&order_time=2024-05-12 HTTP/1.1" 200 410
221.239.170.140 - - [12/May/2024:11:13:42 +0800] "GET /xingrg/kc/buy/cgsh_order_list.html HTTP/1.1" 200 58786
222.70.183.82 - - [12/May/2024:11:13:43 +0800] "GET /xingrg/all/function/internal_message.html?_=1715483621767&CODE_STATE=getMsg HTTP/1.1" 200 27
222.67.233.39 - - [12/May/2024:11:13:43 +0800] "GET /xingrg/all/function/internal_message.html?_=1715483623907&CODE_STATE=getMsg HTTP/1.1" 200 27
116.238.97.31 - - [12/May/2024:11:13:44 +0800] "GET /xingrg/all/function/internal_message.html?_=1715483624956&CODE_STATE=getMsg HTTP/1.1" 200 27
180.156.239.18 - - [12/May/2024:11:13:44 +0800] "GET /xingrg/all/function/internal_message.html?_=1715483624736&CODE_STATE=getMsg HTTP/1.1" 200 27
221.239.170.140 - - [12/May/2024:11:13:45 +0800] "POST /xingrg/kc/buy/cgsh_list_operate.html HTTP/1.1" 200 645
116.232.195.13 - - [12/May/2024:11:13:46 +0800] "GET /xingrg/all/function/internal_message.html?_=1715483595789&CODE_STATE=getMsg HTTP/1.1" 200 27
180.169.147.146 - - [12/May/2024:11:13:50 +0800] "GET /xingrg/all/function/internal_message.html?_=1715483630443&CODE_STATE=getMsg HTTP/1.1" 302 -
221.239.170.140 - - [12/May/2024:11:13:50 +0800] "GET /xingrg/kc/buy/cgsh_order_add.html HTTP/1.1" 200 73781
