221.239.170.140 - - [12/May/2024:11:13:50 +0800] "GET /xingrg/words/20240512110751_words.js HTTP/1.1" 304 -
116.232.195.13 - - [12/May/2024:11:13:50 +0800] "GET /xingrg/kc/buy/cgsh_order_operate.html?command=get_materiel&rest_code=00155&code=00101007046&supplier_code=00100325&order_time=2024-05-12 HTTP/1.1" 200 413
221.239.170.140 - - [12/May/2024:11:13:51 +0800] "POST /xingrg/kc/buy/cgsh_order_operate.html HTTP/1.1" 200 8245
221.239.170.140 - - [12/May/2024:11:13:51 +0800] "GET /xingrg/javascript/easyui/themes/default/validatebox.css HTTP/1.1" 404 1104
221.239.170.140 - - [12/May/2024:11:13:51 +0800] "GET /xingrg/all/common/auto_word.html?type=employee&rest_code=00145 HTTP/1.1" 200 151
221.239.170.140 - - [12/May/2024:11:13:51 +0800] "GET /xingrg/all/common/auto_word.html?type=employee&rest_code=00145 HTTP/1.1" 200 151
221.239.170.140 - - [12/May/2024:11:13:52 +0800] "GET /xingrg/javascript/auto/indicator.gif HTTP/1.1" 404 1066
116.237.78.82 - - [12/May/2024:11:13:57 +0800] "GET /xingrg/check_reg.html?_=1715483632662 HTTP/1.1" 200 22
221.239.170.140 - - [12/May/2024:11:14:03 +0800] "GET /xingrg/javascript/jquery_tools/images/next.gif HTTP/1.1" 404 1086
221.239.170.140 - - [12/May/2024:11:14:03 +0800] "GET /xingrg/javascript/jquery_tools/images/prev.gif HTTP/1.1" 404 1086
180.156.239.18 - - [12/May/2024:11:14:08 +0800] "GET /xingrg/kc/buy/cgsh_order_add.html HTTP/1.1" 200 74637
180.156.239.18 - - [12/May/2024:11:14:08 +0800] "GET /xingrg/words/20240512110751_words.js HTTP/1.1" 304 -
180.156.239.18 - - [12/May/2024:11:14:08 +0800] "POST /xingrg/kc/buy/cgsh_order_operate.html HTTP/1.1" 200 8245
180.156.239.18 - - [12/May/2024:11:14:08 +0800] "GET /xingrg/javascript/easyui/themes/default/validatebox.css HTTP/1.1" 404 1104
222.67.233.39 - - [12/May/2024:11:14:16 +0800] "GET /xingrg/kc/buy/cgsh_order_operate.html?command=get_materiel&rest_code=00141&code=00101001060&supplier_code=00100442&order_time=2024-05-12 HTTP/1.1" 200 421
101.83.144.49 - - [12/May/2024:11:14:17 +0800] "GET /xingrg/check_reg.html?_=1715483404902 HTTP/1.1" 200 22
101.83.144.49 - - [12/May/2024:11:14:17 +0800] "GET /xingrg/all/function/internal_message.html?_=1715483404905&CODE_STATE=getMsg HTTP/1.1" 200 27
222.69.133.206 - - [12/May/2024:11:14:17 +0800] "GET /xingrg/all/function/internal_message.html?_=1715483659689&CODE_STATE=getMsg HTTP/1.1" 200 27
180.164.6.225 - - [12/May/2024:11:14:21 +0800] "GET /xingrg/all/function/internal_message.html?_=1715483661044&CODE_STATE=getMsg HTTP/1.1" 200 27
124.77.244.56 - - [12/May/2024:11:14:23 +0800] "GET /xingrg/all/function/internal_message.html?_=1715483688996&CODE_STATE=getMsg HTTP/1.1" 200 27
180.156.239.18 - - [12/May/2024:11:14:24 +0800] "GET /xingrg/kc/buy/cgsh_order_operate.html?command=get_materiel&rest_code=00150&code=00101002038&supplier_code=00100094&order_time=2024-05-12 HTTP/1.1" 200 416
116.232.195.13 - - [12/May/2024:11:14:24 +0800] "POST /xingrg/kc/buy/cgsh_order_operate.html HTTP/1.1" 200 37
116.232.195.13 - - [12/May/2024:11:14:26 +0800] "POST /xingrg/kc/buy/cgsh_order_operate.html HTTP/1.1" 200 4452
222.70.183.82 - - [12/May/2024:11:14:26 +0800] "GET /xingrg/check_reg.html?_=1715483665706 HTTP/1.1" 200 22
221.239.170.140 - - [12/May/2024:11:14:28 +0800] "GET /xingrg/kc/buy/cgsh_order_operate.html?command=get_materiel&rest_code=00145&code=00101008087&supplier_code=00100556&order_time=2024-05-10 HTTP/1.1" 200 412
221.239.170.140 - - [12/May/2024:11:14:28 +0800] "GET /xingrg/all/function/internal_message.html?_=1715483668070&CODE_STATE=getMsg HTTP/1.1" 200 27
116.232.195.13 - - [12/May/2024:11:14:29 +0800] "GET /xingrg/kc/print/load_data.html?order_code=212024051203244&kc_code=cgsh&condition= HTTP/1.1" 200 1379
120.253.135.82 - - [12/May/2024:11:14:32 +0800] "GET /xingrg/all/function/internal_message.html?_=1715483523217&CODE_STATE=getMsg HTTP/1.1" 200 27
116.237.78.82 - - [12/May/2024:11:14:33 +0800] "GET /xingrg/all/function/internal_message.html?_=1715483669210&CODE_STATE=getMsg HTTP/1.1" 200 27
116.232.38.126 - - [12/May/2024:11:14:34 +0800] "GET /xingrg/all/function/internal_message.html?_=1715483673837&CODE_STATE=getMsg HTTP/1.1" 200 27
116.232.195.13 - - [12/May/2024:11:14:34 +0800] "GET /xingrg/all/function/internal_message.html?_=1715483643320&CODE_STATE=getMsg HTTP/1.1" 200 27
116.237.78.82 - - [12/May/2024:11:14:36 +0800] "GET /xingrg/check_reg.html?_=1715483676653 HTTP/1.1" 200 22
116.237.78.82 - - [12/May/2024:11:14:36 +0800] "GET /xingrg/all/function/internal_message.html?_=1715483676655&CODE_STATE=getMsg HTTP/1.1" 200 27
180.156.239.18 - - [12/May/2024:11:14:37 +0800] "POST /xingrg/kc/buy/cgsh_order_operate.html HTTP/1.1" 200 37
180.169.147.146 - - [12/May/2024:11:14:38 +0800] "GET /xingrg/all/function/internal_message.html?_=1715483678858&CODE_STATE=getMsg HTTP/1.1" 200 27
101.83.144.49 - - [12/May/2024:11:14:41 +0800] "GET /xingrg/all/function/internal_message.html?_=1715483683029&CODE_STATE=getMsg HTTP/1.1" 200 27
222.70.183.82 - - [12/May/2024:11:14:42 +0800] "GET /xingrg/all/function/internal_message.html?_=1715483681741&CODE_STATE=getMsg HTTP/1.1" 200 27
222.67.233.39 - - [12/May/2024:11:14:43 +0800] "GET /xingrg/all/function/internal_message.html?_=1715483683892&CODE_STATE=getMsg HTTP/1.1" 200 27
116.238.97.31 - - [12/May/2024:11:14:44 +0800] "GET /xingrg/all/function/internal_message.html?_=1715483684942&CODE_STATE=getMsg HTTP/1.1" 200 27
180.156.239.18 - - [12/May/2024:11:14:44 +0800] "GET /xingrg/all/function/internal_message.html?_=1715483684723&CODE_STATE=getMsg HTTP/1.1" 200 27
222.67.233.39 - - [12/May/2024:11:14:46 +0800] "POST /xingrg/kc/buy/cgsh_order_operate.html HTTP/1.1" 200 37
221.239.170.140 - - [12/May/2024:11:14:46 +0800] "GET /xingrg/kc/buy/cgsh_order_operate.html?command=get_materiel&rest_code=00145&code=00101008283&supplier_code=00100556&order_time=2024-05-10 HTTP/1.1" 200 408
116.232.195.13 - - [12/May/2024:11:14:46 +0800] "GET /xingrg/all/function/internal_message.html?_=1715483655786&CODE_STATE=getMsg HTTP/1.1" 200 27
180.156.239.18 - - [12/May/2024:11:14:47 +0800] "POST /xingrg/kc/buy/cgsh_order_operate.html HTTP/1.1" 200 12
180.169.147.146 - - [12/May/2024:11:14:50 +0800] "GET /xingrg/all/function/internal_message.html?_=1715483690447&CODE_STATE=getMsg HTTP/1.1" 302 -
222.67.233.39 - - [12/May/2024:11:14:54 +0800] "POST /xingrg/kc/buy/cgsh_order_operate.html HTTP/1.1" 200 12
180.156.239.18 - - [12/May/2024:11:14:55 +0800] "GET /xingrg/kc/buy/cgsh_order_info.html?code=212024051203253 HTTP/1.1" 200 69508
180.156.239.18 - - [12/May/2024:11:14:55 +0800] "GET /xingrg/words/20240512110751_words.js HTTP/1.1" 304 -
180.156.239.18 - - [12/May/2024:11:14:55 +0800] "GET /xingrg/javascript/easyui/themes/default/validatebox.css HTTP/1.1" 404 1104
180.156.239.18 - - [12/May/2024:11:14:56 +0800] "POST /xingrg/kc/buy/cgsh_order_operate.html HTTP/1.1" 200 618
222.67.233.39 - - [12/May/2024:11:14:57 +0800] "GET /xingrg/kc/buy/cgsh_order_info.html?code=212024051203254 HTTP/1.1" 200 69466
222.67.233.39 - - [12/May/2024:11:14:57 +0800] "GET /xingrg/javascript/easyui/themes/default/validatebox.css HTTP/1.1" 404 1104
180.156.239.18 - - [12/May/2024:11:14:58 +0800] "GET /xingrg/kc/print/load_data.html?order_code=212024051203253&kc_code=cgsh&condition= HTTP/1.1" 200 791
222.67.233.39 - - [12/May/2024:11:14:58 +0800] "POST /xingrg/kc/buy/cgsh_order_operate.html HTTP/1.1" 200 2389
222.67.233.39 - - [12/May/2024:11:15:00 +0800] "GET /xingrg/kc/print/load_data.html?order_code=212024051203254&kc_code=cgsh&condition= HTTP/1.1" 200 1402
222.67.233.39 - - [12/May/2024:11:15:01 +0800] "GET /xingrg/check_reg.html?_=1715483701394 HTTP/1.1" 200 22
180.156.239.18 - - [12/May/2024:11:15:03 +0800] "GET /xingrg/kc/buy/cgsh_order_add.html HTTP/1.1" 200 74637
180.156.239.18 - - [12/May/2024:11:15:03 +0800] "POST /xingrg/kc/buy/cgsh_order_operate.html HTTP/1.1" 200 8245
180.156.239.18 - - [12/May/2024:11:15:03 +0800] "GET /xingrg/javascript/easyui/themes/default/validatebox.css HTTP/1.1" 404 1104
222.67.233.39 - - [12/May/2024:11:15:08 +0800] "POST /xingrg/kc/buy/cgsh_order_operate.html HTTP/1.1" 200 8245
222.67.233.39 - - [12/May/2024:11:15:08 +0800] "GET /xingrg/javascript/easyui/themes/default/validatebox.css HTTP/1.1" 404 1104
116.232.195.13 - - [12/May/2024:11:15:09 +0800] "POST /xingrg/kc/buy/cgsh_list_operate.html HTTP/1.1" 200 202
116.232.195.13 - - [12/May/2024:11:15:11 +0800] "GET /xingrg/kc/buy/cgsh_order_info.html?code=212024050902486 HTTP/1.1" 200 74665
116.232.195.13 - - [12/May/2024:11:15:11 +0800] "GET /xingrg/words/20240512110751_words.js HTTP/1.1" 304 -
116.232.195.13 - - [12/May/2024:11:15:11 +0800] "GET /xingrg/javascript/easyui/themes/default/validatebox.css HTTP/1.1" 404 1104
116.232.195.13 - - [12/May/2024:11:15:11 +0800] "GET /xingrg/all/common/auto_word.html?type=employee&rest_code=00155 HTTP/1.1" 200 255
116.232.195.13 - - [12/May/2024:11:15:11 +0800] "GET /xingrg/all/common/auto_word.html?type=employee&rest_code=00155 HTTP/1.1" 200 255
180.156.239.18 - - [12/May/2024:11:15:12 +0800] "GET /xingrg/kc/buy/cgsh_order_operate.html?command=get_materiel&rest_code=00150&code=00101010936&supplier_code=00100570&order_time=2024-05-12 HTTP/1.1" 200 432
116.232.195.13 - - [12/May/2024:11:15:12 +0800] "POST /xingrg/kc/buy/cgsh_order_operate.html HTTP/1.1" 200 2658
221.239.170.140 - - [12/May/2024:11:15:16 +0800] "GET /xingrg/kc/buy/cgsh_order_operate.html?command=get_materiel&rest_code=00145&code=00101008353&supplier_code=00100556&order_time=2024-05-10 HTTP/1.1" 200 423
101.83.144.49 - - [12/May/2024:11:15:17 +0800] "GET /xingrg/all/function/internal_message.html?_=1715483464903&CODE_STATE=getMsg HTTP/1.1" 200 27
222.69.133.206 - - [12/May/2024:11:15:17 +0800] "GET /xingrg/all/function/internal_message.html?_=1715483719688&CODE_STATE=getMsg HTTP/1.1" 200 27
222.67.233.39 - - [12/May/2024:11:15:18 +0800] "GET /xingrg/kc/buy/cgsh_order_operate.html?command=get_materiel&rest_code=00141&code=00101004051&supplier_code=00100312&order_time=2024-05-12 HTTP/1.1" 200 423
180.164.6.225 - - [12/May/2024:11:15:21 +0800] "GET /xingrg/all/function/internal_message.html?_=1715483721048&CODE_STATE=getMsg HTTP/1.1" 200 27
180.164.6.225 - - [12/May/2024:11:15:21 +0800] "GET /xingrg/check_reg.html?_=1715483721050 HTTP/1.1" 200 22
124.77.244.56 - - [12/May/2024:11:15:23 +0800] "GET /xingrg/all/function/internal_message.html?_=1715483749004&CODE_STATE=getMsg HTTP/1.1" 200 27
116.232.195.13 - - [12/May/2024:11:15:23 +0800] "GET /xingrg/javascript/auto/indicator.gif HTTP/1.1" 404 1066
221.239.170.140 - - [12/May/2024:11:15:28 +0800] "GET /xingrg/all/function/internal_message.html?_=1715483728060&CODE_STATE=getMsg HTTP/1.1" 200 27
116.232.195.13 - - [12/May/2024:11:15:29 +0800] "POST /xingrg/kc/buy/cgsh_list_operate.html HTTP/1.1" 200 6962
180.156.239.18 - - [12/May/2024:11:15:30 +0800] "POST /xingrg/kc/buy/cgsh_order_operate.html HTTP/1.1" 200 37
221.239.170.140 - - [12/May/2024:11:15:31 +0800] "GET /xingrg/kc/buy/cgsh_order_operate.html?command=get_materiel&rest_code=00145&code=00101015054&supplier_code=00100556&order_time=2024-05-10 HTTP/1.1" 200 423
222.67.233.39 - - [12/May/2024:11:15:31 +0800] "GET /xingrg/kc/buy/cgsh_order_operate.html?command=get_materiel&rest_code=00141&code=00101004046&supplier_code=00100312&order_time=2024-05-12 HTTP/1.1" 200 417
120.253.135.82 - - [12/May/2024:11:15:32 +0800] "GET /xingrg/all/function/internal_message.html?_=1715483583239&CODE_STATE=getMsg HTTP/1.1" 200 27
116.232.195.13 - - [12/May/2024:11:15:33 +0800] "GET /xingrg/kc/buy/cgsh_order_operate.html?command=get_materiel&rest_code=00155&code=00101010604&supplier_code=00100484&order_time=2024-05-09 HTTP/1.1" 200 421
116.237.78.82 - - [12/May/2024:11:15:33 +0800] "GET /xingrg/all/function/internal_message.html?_=1715483729195&CODE_STATE=getMsg HTTP/1.1" 200 27
116.232.38.126 - - [12/May/2024:11:15:34 +0800] "GET /xingrg/check_reg.html?_=1715483733833 HTTP/1.1" 200 22
116.232.38.126 - - [12/May/2024:11:15:34 +0800] "GET /xingrg/all/function/internal_message.html?_=1715483733835&CODE_STATE=getMsg HTTP/1.1" 200 27
116.232.195.13 - - [12/May/2024:11:15:34 +0800] "GET /xingrg/all/function/internal_message.html?_=1715483703364&CODE_STATE=getMsg HTTP/1.1" 200 27
116.237.78.82 - - [12/May/2024:11:15:36 +0800] "GET /xingrg/all/function/internal_message.html?_=1715483736666&CODE_STATE=getMsg HTTP/1.1" 200 27
180.156.239.18 - - [12/May/2024:11:15:38 +0800] "POST /xingrg/kc/buy/cgsh_order_operate.html HTTP/1.1" 200 12
180.169.147.146 - - [12/May/2024:11:15:38 +0800] "GET /xingrg/all/function/internal_message.html?_=1715483738858&CODE_STATE=getMsg HTTP/1.1" 200 27
180.156.239.18 - - [12/May/2024:11:15:40 +0800] "GET /xingrg/kc/buy/cgsh_order_info.html?code=212024051203255 HTTP/1.1" 200 69510
180.156.239.18 - - [12/May/2024:11:15:40 +0800] "GET /xingrg/words/20240512110751_words.js HTTP/1.1" 304 -
180.156.239.18 - - [12/May/2024:11:15:40 +0800] "GET /xingrg/javascript/easyui/themes/default/validatebox.css HTTP/1.1" 404 1104
101.83.144.49 - - [12/May/2024:11:15:41 +0800] "GET /xingrg/all/function/internal_message.html?_=1715483742999&CODE_STATE=getMsg HTTP/1.1" 200 27
180.156.239.18 - - [12/May/2024:11:15:41 +0800] "POST /xingrg/kc/buy/cgsh_order_operate.html HTTP/1.1" 200 612
221.239.170.140 - - [12/May/2024:11:15:42 +0800] "GET /xingrg/kc/buy/cgsh_order_operate.html?command=get_materiel&rest_code=00145&code=00101008356&supplier_code=00100556&order_time=2024-05-10 HTTP/1.1" 200 423
222.70.183.82 - - [12/May/2024:11:15:42 +0800] "GET /xingrg/all/function/internal_message.html?_=1715483741717&CODE_STATE=getMsg HTTP/1.1" 200 27
180.156.239.18 - - [12/May/2024:11:15:43 +0800] "GET /xingrg/kc/print/load_data.html?order_code=212024051203255&kc_code=cgsh&condition= HTTP/1.1" 200 707
222.67.233.39 - - [12/May/2024:11:15:43 +0800] "GET /xingrg/all/function/internal_message.html?_=1715483743889&CODE_STATE=getMsg HTTP/1.1" 200 27
116.238.97.31 - - [12/May/2024:11:15:44 +0800] "GET /xingrg/all/function/internal_message.html?_=1715483744928&CODE_STATE=getMsg HTTP/1.1" 200 27
120.253.135.82 - - [12/May/2024:11:15:44 +0800] "GET /xingrg/check_reg.html?_=1715483595102 HTTP/1.1" 200 22
180.156.239.18 - - [12/May/2024:11:15:44 +0800] "GET /xingrg/all/function/internal_message.html?_=1715483744751&CODE_STATE=getMsg HTTP/1.1" 200 27
116.232.195.13 - - [12/May/2024:11:15:46 +0800] "GET /xingrg/all/function/internal_message.html?_=1715483715782&CODE_STATE=getMsg HTTP/1.1" 200 27
222.67.233.39 - - [12/May/2024:11:15:48 +0800] "GET /xingrg/kc/buy/cgsh_order_operate.html?command=get_materiel&rest_code=00141&code=00101004004&supplier_code=00100312&order_time=2024-05-12 HTTP/1.1" 200 413
180.156.239.18 - - [12/May/2024:11:15:48 +0800] "GET /xingrg/kc/base/wldb_order_list.html HTTP/1.1" 200 19180
180.156.239.18 - - [12/May/2024:11:15:49 +0800] "POST /xingrg/kc/base/wldb_list_operate.html HTTP/1.1" 200 928
180.169.147.146 - - [12/May/2024:11:15:50 +0800] "GET /xingrg/all/function/internal_message.html?_=1715483750446&CODE_STATE=getMsg HTTP/1.1" 302 -
180.156.239.18 - - [12/May/2024:11:15:50 +0800] "GET /xingrg/kc/base/wldb_order_add.html HTTP/1.1" 200 30668
180.156.239.18 - - [12/May/2024:11:15:51 +0800] "POST /xingrg/kc/base/wldb_order_operate.html HTTP/1.1" 200 6806
180.156.239.18 - - [12/May/2024:11:15:51 +0800] "GET /xingrg/all/common/auto_word.html?type=base&rest_code=00150 HTTP/1.1" 200 1853
180.156.239.18 - - [12/May/2024:11:15:51 +0800] "GET /xingrg/javascript/easyui/themes/default/validatebox.css HTTP/1.1" 404 1104
180.156.239.18 - - [12/May/2024:11:15:51 +0800] "GET /xingrg/all/common/auto_word.html?type=base&rest_code=00150 HTTP/1.1" 200 1853
116.232.195.13 - - [12/May/2024:11:15:55 +0800] "POST /xingrg/kc/buy/cgsh_order_operate.html HTTP/1.1" 200 37
222.70.183.82 - - [12/May/2024:11:15:55 +0800] "GET /xingrg/kc/buy/cgsh_order_operate.html?command=get_materiel&rest_code=00111&code=00101009044&supplier_code=00100037&order_time=2024-05-12 HTTP/1.1" 200 432
221.239.170.140 - - [12/May/2024:11:15:57 +0800] "GET /xingrg/kc/buy/cgsh_order_operate.html?command=get_materiel&rest_code=00145&code=00101008264&supplier_code=00100556&order_time=2024-05-10 HTTP/1.1" 200 427
222.67.233.39 - - [12/May/2024:11:15:58 +0800] "GET /xingrg/kc/buy/cgsh_order_operate.html?command=get_materiel&rest_code=00141&code=00101004067&supplier_code=00100312&order_time=2024-05-12 HTTP/1.1" 200 413
180.156.239.18 - - [12/May/2024:11:15:58 +0800] "GET /xingrg/kc/base/wldb_order_operate.html?command=get_materiel&rest_code=00150&base_code=0010445&code=00101016029 HTTP/1.1" 200 460
180.156.239.18 - - [12/May/2024:11:16:04 +0800] "GET /xingrg/kc/base/wldb_order_operate.html?command=get_materiel&rest_code=00150&base_code=0010445&code=00101019133 HTTP/1.1" 200 480
180.156.239.18 - - [12/May/2024:11:16:08 +0800] "GET /xingrg/kc/base/wldb_order_operate.html?command=get_materiel&rest_code=00150&base_code=0010445&code=00101019637 HTTP/1.1" 200 449
222.70.183.82 - - [12/May/2024:11:16:08 +0800] "GET /xingrg/kc/buy/cgsh_order_operate.html?command=get_materiel&rest_code=00111&code=00101009066&supplier_code=00100037&order_time=2024-05-12 HTTP/1.1" 200 416
222.67.233.39 - - [12/May/2024:11:16:09 +0800] "GET /xingrg/kc/buy/cgsh_order_operate.html?command=get_materiel&rest_code=00141&code=00101005015&supplier_code=00100312&order_time=2024-05-12 HTTP/1.1" 200 409
221.239.170.140 - - [12/May/2024:11:16:14 +0800] "GET /xingrg/kc/buy/cgsh_order_operate.html?command=get_materiel&rest_code=00145&code=00101008286&supplier_code=00100556&order_time=2024-05-10 HTTP/1.1" 200 428
180.156.239.18 - - [12/May/2024:11:16:15 +0800] "GET /xingrg/kc/base/wldb_order_operate.html?command=get_materiel&rest_code=00150&base_code=0010445&code=00101019185 HTTP/1.1" 200 469
101.83.144.49 - - [12/May/2024:11:16:17 +0800] "GET /xingrg/all/function/internal_message.html?_=1715483524906&CODE_STATE=getMsg HTTP/1.1" 200 27
222.69.133.206 - - [12/May/2024:11:16:17 +0800] "GET /xingrg/all/function/internal_message.html?_=1715483779677&CODE_STATE=getMsg HTTP/1.1" 200 27
116.232.195.13 - - [12/May/2024:11:16:18 +0800] "POST /xingrg/kc/buy/cgsh_order_operate.html HTTP/1.1" 200 2668
222.67.233.39 - - [12/May/2024:11:16:19 +0800] "GET /xingrg/kc/buy/cgsh_order_operate.html?command=get_materiel&rest_code=00141&code=00101005017&supplier_code=00100312&order_time=2024-05-12 HTTP/1.1" 200 409
180.156.239.18 - - [12/May/2024:11:16:20 +0800] "GET /xingrg/kc/base/wldb_order_operate.html?command=get_materiel&rest_code=00150&base_code=0010445&code=00101014080 HTTP/1.1" 200 440
180.164.6.225 - - [12/May/2024:11:16:21 +0800] "GET /xingrg/all/function/internal_message.html?_=1715483781039&CODE_STATE=getMsg HTTP/1.1" 200 27
222.70.183.82 - - [12/May/2024:11:16:22 +0800] "GET /xingrg/kc/buy/cgsh_order_operate.html?command=get_materiel&rest_code=00111&code=00101009018&supplier_code=00100037&order_time=2024-05-12 HTTP/1.1" 200 409
124.77.244.56 - - [12/May/2024:11:16:23 +0800] "GET /xingrg/all/function/internal_message.html?_=1715483809018&CODE_STATE=getMsg HTTP/1.1" 200 27
180.156.239.18 - - [12/May/2024:11:16:25 +0800] "GET /xingrg/kc/base/wldb_order_operate.html?command=get_materiel&rest_code=00150&base_code=0010445&code=00101019425 HTTP/1.1" 200 458
221.239.170.140 - - [12/May/2024:11:16:28 +0800] "GET /xingrg/all/function/internal_message.html?_=1715483788054&CODE_STATE=getMsg HTTP/1.1" 200 27
180.156.239.18 - - [12/May/2024:11:16:31 +0800] "GET /xingrg/kc/base/wldb_order_operate.html?command=get_materiel&rest_code=00150&base_code=0010445&code=00101013193 HTTP/1.1" 200 446
222.67.233.39 - - [12/May/2024:11:16:31 +0800] "GET /xingrg/kc/buy/cgsh_order_operate.html?command=get_materiel&rest_code=00141&code=00101001029&supplier_code=00100312&order_time=2024-05-12 HTTP/1.1" 200 417
120.253.135.82 - - [12/May/2024:11:16:33 +0800] "GET /xingrg/all/function/internal_message.html?_=1715483643243&CODE_STATE=getMsg HTTP/1.1" 200 27
222.70.183.82 - - [12/May/2024:11:16:33 +0800] "GET /xingrg/kc/buy/cgsh_order_operate.html?command=get_materiel&rest_code=00111&code=00101009063&supplier_code=00100037&order_time=2024-05-12 HTTP/1.1" 200 409
221.239.170.140 - - [12/May/2024:11:16:33 +0800] "GET /xingrg/kc/buy/cgsh_order_operate.html?command=get_materiel&rest_code=00145&code=00101008005&supplier_code=00100556&order_time=2024-05-10 HTTP/1.1" 200 433
116.237.78.82 - - [12/May/2024:11:16:33 +0800] "GET /xingrg/all/function/internal_message.html?_=1715483789168&CODE_STATE=getMsg HTTP/1.1" 200 27
116.232.38.126 - - [12/May/2024:11:16:34 +0800] "GET /xingrg/all/function/internal_message.html?_=1715483793825&CODE_STATE=getMsg HTTP/1.1" 200 27
116.232.195.13 - - [12/May/2024:11:16:34 +0800] "GET /xingrg/all/function/internal_message.html?_=1715483763332&CODE_STATE=getMsg HTTP/1.1" 200 27
116.237.78.82 - - [12/May/2024:11:16:36 +0800] "GET /xingrg/all/function/internal_message.html?_=1715483796687&CODE_STATE=getMsg HTTP/1.1" 200 27
180.169.147.146 - - [12/May/2024:11:16:38 +0800] "GET /xingrg/all/function/internal_message.html?_=1715483798858&CODE_STATE=getMsg HTTP/1.1" 200 27
101.83.144.49 - - [12/May/2024:11:16:40 +0800] "GET /xingrg/javascript/jquery_easy_ui/themes/default/images/tabs_active.png HTTP/1.1" 304 -
101.83.144.49 - - [12/May/2024:11:16:41 +0800] "GET /xingrg/all/function/internal_message.html?_=1715483803001&CODE_STATE=getMsg HTTP/1.1" 200 27
222.70.183.82 - - [12/May/2024:11:16:42 +0800] "GET /xingrg/all/function/internal_message.html?_=1715483801694&CODE_STATE=getMsg HTTP/1.1" 200 27
124.77.244.56 - - [12/May/2024:11:16:43 +0800] "GET /xingrg/check_reg.html?_=1715483828853 HTTP/1.1" 200 22
222.67.233.39 - - [12/May/2024:11:16:43 +0800] "GET /xingrg/all/function/internal_message.html?_=1715483803894&CODE_STATE=getMsg HTTP/1.1" 200 27
116.238.97.31 - - [12/May/2024:11:16:44 +0800] "GET /xingrg/all/function/internal_message.html?_=1715483804900&CODE_STATE=getMsg HTTP/1.1" 200 27
101.83.144.49 - - [12/May/2024:11:16:44 +0800] "GET /xingrg/check_reg.html?_=1715483805827 HTTP/1.1" 200 22
180.156.239.18 - - [12/May/2024:11:16:44 +0800] "GET /xingrg/all/function/internal_message.html?_=1715483804729&CODE_STATE=getMsg HTTP/1.1" 200 27
180.156.239.18 - - [12/May/2024:11:16:45 +0800] "GET /xingrg/kc/base/wldb_order_operate.html?command=get_materiel&rest_code=00150&base_code=0010445&code=00101008500 HTTP/1.1" 200 443
222.70.183.82 - - [12/May/2024:11:16:46 +0800] "GET /xingrg/kc/buy/cgsh_order_operate.html?command=get_materiel&rest_code=00111&code=00101008332&supplier_code=00100037&order_time=2024-05-12 HTTP/1.1" 200 427
221.239.170.140 - - [12/May/2024:11:16:46 +0800] "GET /xingrg/kc/buy/cgsh_order_operate.html?command=get_materiel&rest_code=00145&code=00101008268&supplier_code=00100556&order_time=2024-05-10 HTTP/1.1" 200 408
116.232.195.13 - - [12/May/2024:11:16:46 +0800] "GET /xingrg/all/function/internal_message.html?_=1715483775797&CODE_STATE=getMsg HTTP/1.1" 200 27
58.40.7.146 - - [12/May/2024:11:16:49 +0800] "GET /xingrg/index.html?sysBaseUrl=http%3A%2F%2F180.169.147.146%3A18081%2Fxingrg%2F&costTime=45×tamp=1597139721527 HTTP/1.1" 302 -
58.40.7.146 - - [12/May/2024:11:16:49 +0800] "GET /xingrg/login.html HTTP/1.1" 200 7641
58.40.7.146 - - [12/May/2024:11:16:49 +0800] "GET /xingrg/images/blue/jxLogo.png HTTP/1.1" 200 6156
58.40.7.146 - - [12/May/2024:11:16:49 +0800] "GET /xingrg/images/blue/login_bg.png HTTP/1.1" 200 22101
58.40.7.146 - - [12/May/2024:11:16:49 +0800] "GET /xingrg/images/blue/hj.png HTTP/1.1" 200 1014
58.40.7.146 - - [12/May/2024:11:16:49 +0800] "GET /xingrg/images/blue/srbg.png HTTP/1.1" 200 138
58.40.7.146 - - [12/May/2024:11:16:49 +0800] "GET /favicon.ico HTTP/1.1" 404 -
116.232.38.126 - - [12/May/2024:11:16:50 +0800] "POST /xingrg/kc/buy/cgsh_list_operate.html HTTP/1.1" 200 4
180.169.147.146 - - [12/May/2024:11:16:50 +0800] "GET /xingrg/all/function/internal_message.html?_=1715483810445&CODE_STATE=getMsg HTTP/1.1" 302 -
222.67.233.39 - - [12/May/2024:11:16:50 +0800] "GET /xingrg/kc/buy/cgsh_order_operate.html?command=get_materiel&rest_code=00141&code=00101001082&supplier_code=00100312&order_time=2024-05-12 HTTP/1.1" 200 428
180.156.239.18 - - [12/May/2024:11:16:52 +0800] "GET /xingrg/kc/base/wldb_order_operate.html?command=get_materiel&rest_code=00150&base_code=0010445&code=00101010222 HTTP/1.1" 200 448
58.40.7.146 - - [12/May/2024:11:16:54 +0800] "POST /xingrg/login.do HTTP/1.1" 302 -
58.40.7.146 - - [12/May/2024:11:16:54 +0800] "GET /xingrg/index.html?sysBaseUrl=http%3A%2F%2F180.169.147.146%3A18081%2Fxingrg%2F&costTime=991×tamp=1715483814326 HTTP/1.1" 200 17503
58.40.7.146 - - [12/May/2024:11:16:54 +0800] "GET /xingrg/javascript/jquery_easy_ui/themes/default/easyui.css HTTP/1.1" 200 26500
58.40.7.146 - - [12/May/2024:11:16:54 +0800] "GET /xingrg/javascript/jquery_easy_ui/themes/icon.css HTTP/1.1" 200 3949
58.40.7.146 - - [12/May/2024:11:16:54 +0800] "GET /xingrg/css/form.css HTTP/1.1" 200 893
58.40.7.146 - - [12/May/2024:11:16:54 +0800] "GET /xingrg/javascript/jquery.utils.js HTTP/1.1" 200 11805
58.40.7.146 - - [12/May/2024:11:16:54 +0800] "GET /xingrg/javascript/jquery-1.4.2.min.js HTTP/1.1" 200 72205
58.40.7.146 - - [12/May/2024:11:16:54 +0800] "GET /xingrg/javascript/jquery_easy_ui/jquery.easyui.min.js HTTP/1.1" 200 213662
58.40.7.146 - - [12/May/2024:11:16:54 +0800] "GET /xingrg/javascript/jquery_easy_ui/easyui-lang-zh_CN.js HTTP/1.1" 200 1900
58.40.7.146 - - [12/May/2024:11:16:54 +0800] "GET /xingrg/javascript/jquery.form.js HTTP/1.1" 200 23110
58.40.7.146 - - [12/May/2024:11:16:54 +0800] "GET /xingrg/javascript/jquery.timers.js HTTP/1.1" 200 3532
58.40.7.146 - - [12/May/2024:11:16:54 +0800] "GET /favicon.ico HTTP/1.1" 404 -
58.40.7.146 - - [12/May/2024:11:16:54 +0800] "GET /xingrg/javascript/jquery_easy_ui/themes/icons/settle_new.png HTTP/1.1" 200 826
58.40.7.146 - - [12/May/2024:11:16:54 +0800] "GET /xingrg/images/blue/navBackgound.jpg HTTP/1.1" 200 12378
58.40.7.146 - - [12/May/2024:11:16:54 +0800] "GET /xingrg/all/function/internal_message.html?_=1715483814640&CODE_STATE=count HTTP/1.1" 200 11
58.40.7.146 - - [12/May/2024:11:16:54 +0800] "GET /xingrg/check_reg.html?_=1715483814640 HTTP/1.1" 200 22
58.40.7.146 - - [12/May/2024:11:16:54 +0800] "GET /xingrg/images/blue/pingpu.png HTTP/1.1" 200 231
58.40.7.146 - - [12/May/2024:11:16:54 +0800] "GET /xingrg/javascript/jquery_easy_ui/themes/default/images/tabs_leftarrow.png HTTP/1.1" 200 389
58.40.7.146 - - [12/May/2024:11:16:54 +0800] "GET /xingrg/javascript/jquery_easy_ui/themes/default/images/tabs_rightarrow.png HTTP/1.1" 200 395
58.40.7.146 - - [12/May/2024:11:16:54 +0800] "GET /xingrg/javascript/jquery_easy_ui/themes/default/images/panel_tool_expand.gif HTTP/1.1" 200 247
58.40.7.146 - - [12/May/2024:11:16:54 +0800] "GET /xingrg/javascript/jquery_easy_ui/themes/default/images/panel_tool_collapse.gif HTTP/1.1" 200 246
58.40.7.146 - - [12/May/2024:11:16:54 +0800] "POST /xingrg/all/common/load_tree.html?tree=area_rest_tree_json&manage=1 HTTP/1.1" 200 4010
58.40.7.146 - - [12/May/2024:11:16:55 +0800] "POST /xingrg/load_menu.html HTTP/1.1" 200 11564
58.40.7.146 - - [12/May/2024:11:16:55 +0800] "GET /xingrg/javascript/jquery_easy_ui/themes/default/images/tree_arrows.gif HTTP/1.1" 200 1043
58.40.7.146 - - [12/May/2024:11:16:55 +0800] "GET /xingrg/javascript/jquery_easy_ui/themes/default/images/tree_folder_open.gif HTTP/1.1" 200 956
58.40.7.146 - - [12/May/2024:11:16:55 +0800] "GET /xingrg/javascript/jquery_easy_ui/themes/icons/search_new.png HTTP/1.1" 200 586
58.40.7.146 - - [12/May/2024:11:16:55 +0800] "GET /xingrg/javascript/jquery_easy_ui/themes/icons/delivery_new.png HTTP/1.1" 200 700
58.40.7.146 - - [12/May/2024:11:16:55 +0800] "GET /xingrg/javascript/jquery_easy_ui/themes/icons/storage_new.png HTTP/1.1" 200 853
58.40.7.146 - - [12/May/2024:11:16:55 +0800] "GET /xingrg/javascript/jquery_easy_ui/themes/icons/checkout_new.png HTTP/1.1" 200 744
58.40.7.146 - - [12/May/2024:11:16:55 +0800] "GET /xingrg/javascript/jquery_easy_ui/themes/icons/forms_new.png HTTP/1.1" 200 350
58.40.7.146 - - [12/May/2024:11:16:55 +0800] "GET /xingrg/javascript/jquery_easy_ui/themes/icons/setting_new.png HTTP/1.1" 200 450
58.40.7.146 - - [12/May/2024:11:16:55 +0800] "GET /xingrg/javascript/jquery_easy_ui/themes/icons/systemset_new.png HTTP/1.1" 200 606
58.40.7.146 - - [12/May/2024:11:16:55 +0800] "GET /xingrg/javascript/jquery_easy_ui/themes/default/images/tree_folder.gif HTTP/1.1" 200 952
58.40.7.146 - - [12/May/2024:11:16:55 +0800] "GET /xingrg/javascript/jquery_easy_ui/themes/default/images/tree_file.gif HTTP/1.1" 200 118
116.232.38.126 - - [12/May/2024:11:16:55 +0800] "POST /xingrg/kc/buy/cgsh_list_operate.html HTTP/1.1" 200 1393
180.156.239.18 - - [12/May/2024:11:16:59 +0800] "GET /xingrg/kc/base/wldb_order_operate.html?command=get_materiel&rest_code=00150&base_code=0010445&code=00101010092 HTTP/1.1" 200 450
222.67.233.39 - - [12/May/2024:11:17:00 +0800] "GET /xingrg/kc/buy/cgsh_order_operate.html?command=get_materiel&rest_code=00141&code=00101001045&supplier_code=00100312&order_time=2024-05-12 HTTP/1.1" 200 443
222.70.183.82 - - [12/May/2024:11:17:00 +0800] "GET /xingrg/kc/buy/cgsh_order_operate.html?command=get_materiel&rest_code=00111&code=00101011005&supplier_code=00100037&order_time=2024-05-12 HTTP/1.1" 200 428
221.239.170.140 - - [12/May/2024:11:17:02 +0800] "GET /xingrg/kc/buy/cgsh_order_operate.html?command=get_materiel&rest_code=00145&code=00101008234&supplier_code=00100556&order_time=2024-05-10 HTTP/1.1" 200 408
101.83.144.49 - - [12/May/2024:11:17:03 +0800] "POST /xingrg/services/DataTransmitService HTTP/1.1" 200 524
180.156.239.18 - - [12/May/2024:11:17:05 +0800] "GET /xingrg/kc/base/wldb_order_operate.html?command=get_materiel&rest_code=00150&base_code=0010445&code=00101019258 HTTP/1.1" 200 483
180.156.239.18 - - [12/May/2024:11:17:10 +0800] "GET /xingrg/kc/base/wldb_order_operate.html?command=get_materiel&rest_code=00150&base_code=0010445&code=00101019267 HTTP/1.1" 200 480
222.67.233.39 - - [12/May/2024:11:17:13 +0800] "GET /xingrg/kc/buy/cgsh_order_operate.html?command=get_materiel&rest_code=00141&code=00101004045&supplier_code=00100312&order_time=2024-05-12 HTTP/1.1" 200 409
116.232.38.126 - - [12/May/2024:11:17:15 +0800] "POST /xingrg/kc/buy/cgsh_list_operate.html HTTP/1.1" 200 4
180.156.239.18 - - [12/May/2024:11:17:15 +0800] "GET /xingrg/kc/base/wldb_order_operate.html?command=get_materiel&rest_code=00150&base_code=0010445&code=00101019164 HTTP/1.1" 200 464
222.70.183.82 - - [12/May/2024:11:17:15 +0800] "GET /xingrg/kc/buy/cgsh_order_operate.html?command=get_materiel&rest_code=00111&code=00101007109&supplier_code=00100037&order_time=2024-05-12 HTTP/1.1" 200 408
101.83.144.49 - - [12/May/2024:11:17:17 +0800] "GET /xingrg/all/function/internal_message.html?_=1715483584896&CODE_STATE=getMsg HTTP/1.1" 200 27
222.69.133.206 - - [12/May/2024:11:17:17 +0800] "GET /xingrg/all/function/internal_message.html?_=1715483839687&CODE_STATE=getMsg HTTP/1.1" 200 27
222.69.133.206 - - [12/May/2024:11:17:17 +0800] "GET /xingrg/check_reg.html?_=1715483839691 HTTP/1.1" 200 22
180.156.239.18 - - [12/May/2024:11:17:21 +0800] "GET /xingrg/kc/base/wldb_order_operate.html?command=get_materiel&rest_code=00150&base_code=0010445&code=00101019391 HTTP/1.1" 200 485
180.164.6.225 - - [12/May/2024:11:17:21 +0800] "GET /xingrg/all/function/internal_message.html?_=1715483841043&CODE_STATE=getMsg HTTP/1.1" 200 27
124.77.244.56 - - [12/May/2024:11:17:23 +0800] "GET /xingrg/all/function/internal_message.html?_=1715483869031&CODE_STATE=getMsg HTTP/1.1" 200 27
180.156.239.18 - - [12/May/2024:11:17:25 +0800] "GET /xingrg/kc/base/wldb_order_operate.html?command=get_materiel&rest_code=00150&base_code=0010445&code=00101019222 HTTP/1.1" 200 452
221.239.170.140 - - [12/May/2024:11:17:28 +0800] "GET /xingrg/all/function/internal_message.html?_=1715483848058&CODE_STATE=getMsg HTTP/1.1" 200 27
180.156.239.18 - - [12/May/2024:11:17:31 +0800] "GET /xingrg/kc/base/wldb_order_operate.html?command=get_materiel&rest_code=00150&base_code=0010445&code=00101016076 HTTP/1.1" 200 477
120.253.135.82 - - [12/May/2024:11:17:32 +0800] "GET /xingrg/all/function/internal_message.html?_=1715483703264&CODE_STATE=getMsg HTTP/1.1" 200 27
221.239.170.140 - - [12/May/2024:11:17:32 +0800] "GET /xingrg/kc/buy/cgsh_order_operate.html?command=get_materiel&rest_code=00145&code=00101008098&supplier_code=00100556&order_time=2024-05-10 HTTP/1.1" 200 412
116.237.78.82 - - [12/May/2024:11:17:33 +0800] "GET /xingrg/all/function/internal_message.html?_=1715483849147&CODE_STATE=getMsg HTTP/1.1" 200 27
116.232.38.126 - - [12/May/2024:11:17:34 +0800] "GET /xingrg/all/function/internal_message.html?_=1715483853824&CODE_STATE=getMsg HTTP/1.1" 200 27
116.232.38.126 - - [12/May/2024:11:17:34 +0800] "POST /xingrg/kc/buy/cgsh_list_operate.html HTTP/1.1" 200 645
116.232.195.13 - - [12/May/2024:11:17:34 +0800] "GET /xingrg/all/function/internal_message.html?_=1715483823329&CODE_STATE=getMsg HTTP/1.1" 200 27
222.67.233.39 - - [12/May/2024:11:17:34 +0800] "GET /xingrg/kc/buy/cgsh_order_operate.html?command=get_materiel&rest_code=00141&code=00101004071&supplier_code=00100312&order_time=2024-05-12 HTTP/1.1" 200 409
116.237.78.82 - - [12/May/2024:11:17:36 +0800] "GET /xingrg/all/function/internal_message.html?_=1715483856691&CODE_STATE=getMsg HTTP/1.1" 200 27
180.156.239.18 - - [12/May/2024:11:17:37 +0800] "GET /xingrg/kc/base/wldb_order_operate.html?command=get_materiel&rest_code=00150&base_code=0010445&code=00101016020 HTTP/1.1" 200 447
180.169.147.146 - - [12/May/2024:11:17:38 +0800] "GET /xingrg/all/function/internal_message.html?_=1715483858858&CODE_STATE=getMsg HTTP/1.1" 200 27
116.232.195.13 - - [12/May/2024:11:17:39 +0800] "POST /xingrg/kc/buy/cgsh_list_operate.html HTTP/1.1" 200 6962
101.83.144.49 - - [12/May/2024:11:17:41 +0800] "GET /xingrg/all/function/internal_message.html?_=1715483862972&CODE_STATE=getMsg HTTP/1.1" 200 27
222.70.183.82 - - [12/May/2024:11:17:42 +0800] "GET /xingrg/all/function/internal_message.html?_=1715483861670&CODE_STATE=getMsg HTTP/1.1" 200 27
222.67.233.39 - - [12/May/2024:11:17:43 +0800] "GET /xingrg/all/function/internal_message.html?_=1715483863875&CODE_STATE=getMsg HTTP/1.1" 200 27
116.238.97.31 - - [12/May/2024:11:17:44 +0800] "GET /xingrg/all/function/internal_message.html?_=1715483864874&CODE_STATE=getMsg HTTP/1.1" 200 27
180.156.239.18 - - [12/May/2024:11:17:44 +0800] "GET /xingrg/check_reg.html?_=1715483864744 HTTP/1.1" 200 22
180.156.239.18 - - [12/May/2024:11:17:44 +0800] "GET /xingrg/all/function/internal_message.html?_=1715483864746&CODE_STATE=getMsg HTTP/1.1" 200 27
116.238.97.31 - - [12/May/2024:11:17:45 +0800] "GET /xingrg/check_reg.html?_=1715483866572 HTTP/1.1" 200 22
116.232.195.13 - - [12/May/2024:11:17:46 +0800] "GET /xingrg/check_reg.html?_=1715483835795 HTTP/1.1" 200 22
116.232.195.13 - - [12/May/2024:11:17:46 +0800] "GET /xingrg/all/function/internal_message.html?_=1715483835797&CODE_STATE=getMsg HTTP/1.1" 200 27
180.169.147.146 - - [12/May/2024:11:17:50 +0800] "GET /xingrg/check_reg.html?_=1715483870446 HTTP/1.1" 302 -
180.169.147.146 - - [12/May/2024:11:17:50 +0800] "GET /xingrg/all/function/internal_message.html?_=1715483870448&CODE_STATE=getMsg HTTP/1.1" 302 -
222.70.183.82 - - [12/May/2024:11:17:50 +0800] "GET /xingrg/kc/buy/cgsh_order_operate.html?command=get_materiel&rest_code=00111&code=00101020153&supplier_code=00100037&order_time=2024-05-12 HTTP/1.1" 200 408
58.40.7.146 - - [12/May/2024:11:17:54 +0800] "GET /xingrg/all/function/internal_message.html?_=1715483874673&CODE_STATE=getMsg HTTP/1.1" 200 27
180.156.239.18 - - [12/May/2024:11:18:01 +0800] "GET /xingrg/kc/base/wldb_order_operate.html?command=get_materiel&rest_code=00150&base_code=0010445&code=00101019505 HTTP/1.1" 200 477
116.232.195.13 - - [12/May/2024:11:18:07 +0800] "POST /xingrg/kc/buy/cgsh_list_operate.html HTTP/1.1" 200 575
222.70.183.82 - - [12/May/2024:11:18:08 +0800] "GET /xingrg/kc/buy/cgsh_order_operate.html?command=get_materiel&rest_code=00111&code=00101012025&supplier_code=00100037&order_time=2024-05-12 HTTP/1.1" 200 412
101.83.240.252 - - [12/May/2024:11:18:08 +0800] "GET /xingrg/check_reg.html?_=1715483888431 HTTP/1.1" 200 22
180.156.239.18 - - [12/May/2024:11:18:09 +0800] "GET /xingrg/kc/base/wldb_order_operate.html?command=get_materiel&rest_code=00150&base_code=0010445&code=00101019575 HTTP/1.1" 200 441
116.232.195.13 - - [12/May/2024:11:18:09 +0800] "GET /xingrg/kc/buy/cgsh_order_info.html?code=212024051102923 HTTP/1.1" 200 74659
116.232.195.13 - - [12/May/2024:11:18:09 +0800] "GET /xingrg/words/20240512110751_words.js HTTP/1.1" 304 -
116.232.195.13 - - [12/May/2024:11:18:09 +0800] "GET /xingrg/javascript/easyui/themes/default/validatebox.css HTTP/1.1" 404 1104
222.67.233.39 - - [12/May/2024:11:18:13 +0800] "POST /xingrg/kc/buy/cgsh_order_operate.html HTTP/1.1" 200 37
116.232.195.13 - - [12/May/2024:11:18:13 +0800] "POST /xingrg/kc/buy/cgsh_order_operate.html HTTP/1.1" 200 26968
180.156.239.18 - - [12/May/2024:11:18:16 +0800] "GET /xingrg/kc/base/wldb_order_operate.html?command=get_materiel&rest_code=00150&base_code=0010445&code=00101016120 HTTP/1.1" 200 455
221.239.170.140 - - [12/May/2024:11:18:17 +0800] "GET /xingrg/kc/buy/cgsh_order_operate.html?command=get_materiel&rest_code=00145&code=00101008152&supplier_code=00100556&order_time=2024-05-10 HTTP/1.1" 200 408
101.83.144.49 - - [12/May/2024:11:18:17 +0800] "GET /xingrg/all/function/internal_message.html?_=1715483644909&CODE_STATE=getMsg HTTP/1.1" 200 27
222.69.133.206 - - [12/May/2024:11:18:17 +0800] "GET /xingrg/all/function/internal_message.html?_=1715483899684&CODE_STATE=getMsg HTTP/1.1" 200 27
180.156.239.18 - - [12/May/2024:11:18:19 +0800] "POST /xingrg/kc/base/wldb_order_operate.html HTTP/1.1" 200 1710
222.67.233.39 - - [12/May/2024:11:18:20 +0800] "POST /xingrg/kc/buy/cgsh_order_operate.html HTTP/1.1" 200 12
180.164.6.225 - - [12/May/2024:11:18:21 +0800] "GET /xingrg/all/function/internal_message.html?_=1715483901060&CODE_STATE=getMsg HTTP/1.1" 200 27
124.77.244.56 - - [12/May/2024:11:18:23 +0800] "GET /xingrg/all/function/internal_message.html?_=1715483929045&CODE_STATE=getMsg HTTP/1.1" 200 27
180.156.239.18 - - [12/May/2024:11:18:23 +0800] "GET /xingrg/kc/base/wldb_order_operate.html?command=get_materiel&rest_code=00150&base_code=0010445&code=00101019529 HTTP/1.1" 200 476
116.232.195.13 - - [12/May/2024:11:18:23 +0800] "POST /xingrg/kc/buy/cgsh_order_operate.html HTTP/1.1" 200 37
222.70.183.82 - - [12/May/2024:11:18:25 +0800] "GET /xingrg/kc/buy/cgsh_order_operate.html?command=get_materiel&rest_code=00111&code=00101040084&supplier_code=00100037&order_time=2024-05-12 HTTP/1.1" 200 426
222.67.233.39 - - [12/May/2024:11:18:26 +0800] "GET /xingrg/kc/buy/cgsh_order_info.html?code=212024051203256 HTTP/1.1" 200 69468
222.67.233.39 - - [12/May/2024:11:18:26 +0800] "GET /xingrg/javascript/easyui/themes/default/validatebox.css HTTP/1.1" 404 1104
222.67.233.39 - - [12/May/2024:11:18:28 +0800] "POST /xingrg/kc/buy/cgsh_order_operate.html HTTP/1.1" 200 5963
221.239.170.140 - - [12/May/2024:11:18:28 +0800] "GET /xingrg/check_reg.html?_=1715483908078 HTTP/1.1" 200 22
221.239.170.140 - - [12/May/2024:11:18:28 +0800] "GET /xingrg/all/function/internal_message.html?_=1715483908081&CODE_STATE=getMsg HTTP/1.1" 200 27
180.156.239.18 - - [12/May/2024:11:18:28 +0800] "GET /xingrg/kc/base/wldb_order_operate.html?command=get_materiel&rest_code=00150&base_code=0010445&code=00101019404 HTTP/1.1" 200 476
222.67.233.39 - - [12/May/2024:11:18:31 +0800] "GET /xingrg/kc/print/load_data.html?order_code=212024051203256&kc_code=cgsh&condition= HTTP/1.1" 200 2772
116.232.38.126 - - [12/May/2024:11:18:31 +0800] "GET /xingrg/javascript/jquery_easy_ui/themes/default/images/tabs_active.png HTTP/1.1" 200 2894
116.232.38.126 - - [12/May/2024:11:18:32 +0800] "GET /xingrg/kc/buy/buy_main.html HTTP/1.1" 200 12412
116.232.38.126 - - [12/May/2024:11:18:32 +0800] "GET /xingrg/css/new_ie.css HTTP/1.1" 404 1036
116.232.38.126 - - [12/May/2024:11:18:32 +0800] "GET /xingrg/images/yd/bt.gif HTTP/1.1" 404 1040
221.239.170.140 - - [12/May/2024:11:18:32 +0800] "GET /xingrg/kc/buy/cgsh_order_operate.html?command=get_materiel&rest_code=00145&code=00101008261&supplier_code=00100556&order_time=2024-05-10 HTTP/1.1" 200 428
120.253.135.82 - - [12/May/2024:11:18:32 +0800] "GET /xingrg/all/function/internal_message.html?_=1715483763285&CODE_STATE=getMsg HTTP/1.1" 200 27
116.237.78.82 - - [12/May/2024:11:18:33 +0800] "GET /xingrg/all/function/internal_message.html?_=1715483909137&CODE_STATE=getMsg HTTP/1.1" 200 27
116.232.38.126 - - [12/May/2024:11:18:34 +0800] "GET /xingrg/all/function/internal_message.html?_=1715483913828&CODE_STATE=getMsg HTTP/1.1" 200 27
116.232.195.13 - - [12/May/2024:11:18:34 +0800] "GET /xingrg/all/function/internal_message.html?_=1715483883323&CODE_STATE=getMsg HTTP/1.1" 200 27
116.232.195.13 - - [12/May/2024:11:18:34 +0800] "GET /xingrg/check_reg.html?_=1715483883324 HTTP/1.1" 200 22
116.232.38.126 - - [12/May/2024:11:18:34 +0800] "GET /xingrg/kc/buy/cgsh_order_list.html HTTP/1.1" 200 8212
116.232.38.126 - - [12/May/2024:11:18:34 +0800] "GET /xingrg/kc/buy/cgsh_order_list.html HTTP/1.1" 200 58786
116.232.195.13 - - [12/May/2024:11:18:35 +0800] "POST /xingrg/kc/buy/cgsh_order_operate.html HTTP/1.1" 200 12
116.237.78.82 - - [12/May/2024:11:18:36 +0800] "GET /xingrg/all/function/internal_message.html?_=1715483916691&CODE_STATE=getMsg HTTP/1.1" 200 27
116.232.38.126 - - [12/May/2024:11:18:37 +0800] "POST /xingrg/kc/buy/cgsh_list_operate.html HTTP/1.1" 200 645
180.169.147.146 - - [12/May/2024:11:18:38 +0800] "GET /xingrg/check_reg.html?_=1715483918858 HTTP/1.1" 200 22
180.169.147.146 - - [12/May/2024:11:18:38 +0800] "GET /xingrg/all/function/internal_message.html?_=1715483918861&CODE_STATE=getMsg HTTP/1.1" 200 27
222.67.233.39 - - [12/May/2024:11:18:40 +0800] "POST /xingrg/kc/buy/cgsh_order_operate.html HTTP/1.1" 200 8245
222.67.233.39 - - [12/May/2024:11:18:40 +0800] "GET /xingrg/javascript/easyui/themes/default/validatebox.css HTTP/1.1" 404 1104
101.83.144.49 - - [12/May/2024:11:18:41 +0800] "GET /xingrg/all/function/internal_message.html?_=1715483922949&CODE_STATE=getMsg HTTP/1.1" 200 27
116.232.195.13 - - [12/May/2024:11:18:42 +0800] "GET /xingrg/kc/buy/cgsh_order_info.html?code=212024051102923 HTTP/1.1" 200 69552
222.70.183.82 - - [12/May/2024:11:18:42 +0800] "GET /xingrg/all/function/internal_message.html?_=1715483921644&CODE_STATE=getMsg HTTP/1.1" 200 27
116.232.195.13 - - [12/May/2024:11:18:42 +0800] "GET /xingrg/javascript/easyui/themes/default/validatebox.css HTTP/1.1" 404 1104
222.67.233.39 - - [12/May/2024:11:18:43 +0800] "GET /xingrg/all/function/internal_message.html?_=1715483923856&CODE_STATE=getMsg HTTP/1.1" 200 27
116.232.195.13 - - [12/May/2024:11:18:43 +0800] "POST /xingrg/kc/buy/cgsh_order_operate.html HTTP/1.1" 200 24913
116.238.97.31 - - [12/May/2024:11:18:44 +0800] "GET /xingrg/all/function/internal_message.html?_=1715483924870&CODE_STATE=getMsg HTTP/1.1" 200 27
180.156.239.18 - - [12/May/2024:11:18:44 +0800] "GET /xingrg/all/function/internal_message.html?_=1715483924735&CODE_STATE=getMsg HTTP/1.1" 200 27
221.239.170.140 - - [12/May/2024:11:18:46 +0800] "GET /xingrg/kc/buy/cgsh_order_operate.html?command=get_materiel&rest_code=00145&code=00101008355&supplier_code=00100556&order_time=2024-05-10 HTTP/1.1" 200 408
116.232.195.13 - - [12/May/2024:11:18:46 +0800] "GET /xingrg/all/function/internal_message.html?_=1715483895788&CODE_STATE=getMsg HTTP/1.1" 200 27
180.169.147.146 - - [12/May/2024:11:18:50 +0800] "GET /xingrg/all/function/internal_message.html?_=1715483930473&CODE_STATE=getMsg HTTP/1.1" 302 -
222.67.233.39 - - [12/May/2024:11:18:53 +0800] "GET /xingrg/kc/buy/cgsh_order_operate.html?command=get_materiel&rest_code=00141&code=00101010885&supplier_code=00100336&order_time=2024-05-12 HTTP/1.1" 200 423
58.40.7.146 - - [12/May/2024:11:18:54 +0800] "GET /xingrg/all/function/internal_message.html?_=1715483934647&CODE_STATE=getMsg HTTP/1.1" 200 27
116.237.78.82 - - [12/May/2024:11:18:57 +0800] "GET /xingrg/check_reg.html?_=1715483932642 HTTP/1.1" 200 22
222.67.233.39 - - [12/May/2024:11:19:00 +0800] "GET /xingrg/login.html HTTP/1.1" 200 7641
222.67.233.39 - - [12/May/2024:11:19:01 +0800] "GET /favicon.ico HTTP/1.1" 404 -
221.239.170.140 - - [12/May/2024:11:19:04 +0800] "GET /xingrg/kc/buy/cgsh_order_operate.html?command=get_materiel&rest_code=00145&code=00101008024&supplier_code=00100556&order_time=2024-05-10 HTTP/1.1" 200 408
222.67.233.39 - - [12/May/2024:11:19:05 +0800] "POST /xingrg/login.do HTTP/1.1" 302 -
222.67.233.39 - - [12/May/2024:11:19:05 +0800] "GET /xingrg/index.html?sysBaseUrl=http%3A%2F%2F180.169.147.146%3A18081%2Fxingrg%2F&costTime=823×tamp=1715483945870 HTTP/1.1" 200 17503
222.67.233.39 - - [12/May/2024:11:19:06 +0800] "GET /favicon.ico HTTP/1.1" 404 -
222.67.233.39 - - [12/May/2024:11:19:06 +0800] "GET /xingrg/check_reg.html?_=1715483946679 HTTP/1.1" 200 22
222.67.233.39 - - [12/May/2024:11:19:06 +0800] "GET /xingrg/all/function/internal_message.html?_=1715483946678&CODE_STATE=count HTTP/1.1" 200 11
222.67.233.39 - - [12/May/2024:11:19:06 +0800] "POST /xingrg/all/common/load_tree.html?tree=area_rest_tree_json&manage=1 HTTP/1.1" 200 4010
222.67.233.39 - - [12/May/2024:11:19:06 +0800] "POST /xingrg/load_menu.html HTTP/1.1" 200 11443
222.67.233.39 - - [12/May/2024:11:19:10 +0800] "GET /xingrg/system/info/materiel_manager.html HTTP/1.1" 200 19497
222.67.233.39 - - [12/May/2024:11:19:10 +0800] "GET /xingrg/dwr/interface/AjaxBaseInfoService.js HTTP/1.1" 200 21363
222.67.233.39 - - [12/May/2024:11:19:10 +0800] "GET /xingrg/dwr/interface/AjaxComOrderService.js HTTP/1.1" 200 18264
222.67.233.39 - - [12/May/2024:11:19:10 +0800] "GET /xingrg/dwr/util.js HTTP/1.1" 304 -
222.67.233.39 - - [12/May/2024:11:19:10 +0800] "GET /xingrg/dwr/engine.js HTTP/1.1" 200 43631
222.67.233.39 - - [12/May/2024:11:19:11 +0800] "POST /xingrg/dwr/call/plaincall/AjaxBaseInfoService.getSubMaterielSorts.dwr HTTP/1.1" 200 219
222.67.233.39 - - [12/May/2024:11:19:11 +0800] "POST /xingrg/dwr/call/plaincall/AjaxBaseInfoService.getMateriels.dwr HTTP/1.1" 200 2930
222.67.233.39 - - [12/May/2024:11:19:12 +0800] "POST /xingrg/kc/buy/cgsh_order_operate.html HTTP/1.1" 200 37
222.67.233.39 - - [12/May/2024:11:19:13 +0800] "POST /xingrg/dwr/call/plaincall/AjaxBaseInfoService.getSubMaterielSorts.dwr HTTP/1.1" 200 4242
222.67.233.39 - - [12/May/2024:11:19:13 +0800] "POST /xingrg/dwr/call/plaincall/AjaxBaseInfoService.getMateriels.dwr HTTP/1.1" 200 2928
222.67.233.39 - - [12/May/2024:11:19:15 +0800] "POST /xingrg/dwr/call/plaincall/AjaxBaseInfoService.getMateriels.dwr HTTP/1.1" 200 2917
222.70.183.82 - - [12/May/2024:11:19:15 +0800] "GET /xingrg/kc/buy/cgsh_order_operate.html?command=get_materiel&rest_code=00111&code=00101019503&supplier_code=00100037&order_time=2024-05-12 HTTP/1.1" 200 462
222.67.233.39 - - [12/May/2024:11:19:16 +0800] "GET /xingrg/system/info/materiel_info.html?code=00101001&isAdd=1 HTTP/1.1" 200 38438
222.67.233.39 - - [12/May/2024:11:19:16 +0800] "GET /xingrg/dwr/interface/AjaxGetFirstChart.js HTTP/1.1" 200 631
222.67.233.39 - - [12/May/2024:11:19:16 +0800] "GET /xingrg/dwr/engine.js HTTP/1.1" 200 43631
222.67.233.39 - - [12/May/2024:11:19:16 +0800] "GET /favicon.ico HTTP/1.1" 404 -
222.67.233.39 - - [12/May/2024:11:19:17 +0800] "POST /xingrg/all/common/load_tree.html?tree=area_rest_tree_json HTTP/1.1" 200 4010
222.67.233.39 - - [12/May/2024:11:19:17 +0800] "POST /xingrg/dwr/call/plaincall/AjaxBaseInfoService.getMaterielInfo.dwr HTTP/1.1" 200 204
101.83.144.49 - - [12/May/2024:11:19:17 +0800] "GET /xingrg/check_reg.html?_=1715483704900 HTTP/1.1" 200 22
101.83.144.49 - - [12/May/2024:11:19:17 +0800] "GET /xingrg/all/function/internal_message.html?_=1715483704903&CODE_STATE=getMsg HTTP/1.1" 200 27
222.70.183.82 - - [12/May/2024:11:19:17 +0800] "POST /xingrg/all/common/load_select.html HTTP/1.1" 200 25
222.67.233.39 - - [12/May/2024:11:19:17 +0800] "POST /xingrg/all/common/load_tree.html?tree=area_rest_tree_json&defaultRests=undefined HTTP/1.1" 200 4010
222.69.133.206 - - [12/May/2024:11:19:17 +0800] "GET /xingrg/all/function/internal_message.html?_=1715483959692&CODE_STATE=getMsg HTTP/1.1" 200 27
222.67.233.39 - - [12/May/2024:11:19:20 +0800] "POST /xingrg/kc/buy/cgsh_order_operate.html HTTP/1.1" 200 12
180.164.6.225 - - [12/May/2024:11:19:21 +0800] "GET /xingrg/all/function/internal_message.html?_=1715483961059&CODE_STATE=getMsg HTTP/1.1" 200 27
221.239.170.140 - - [12/May/2024:11:19:21 +0800] "GET /xingrg/kc/buy/cgsh_order_operate.html?command=get_materiel&rest_code=00145&code=00101008352&supplier_code=00100556&order_time=2024-05-10 HTTP/1.1" 200 431
222.70.183.82 - - [12/May/2024:11:19:22 +0800] "GET /xingrg/kc/buy/cgsh_order_operate.html?command=get_materiel_price&rest_code=00111&code=00101019503&unit_code=00100193&supplier_code=00100037&order_time=2024-05-12 HTTP/1.1" 200 29
124.77.244.56 - - [12/May/2024:11:19:23 +0800] "GET /xingrg/all/function/internal_message.html?_=1715483989460&CODE_STATE=getMsg HTTP/1.1" 200 27
222.70.183.82 - - [12/May/2024:11:19:26 +0800] "GET /xingrg/check_reg.html?_=1715483965705 HTTP/1.1" 200 22
222.67.233.39 - - [12/May/2024:11:19:27 +0800] "GET /xingrg/kc/buy/cgsh_order_info.html?code=212024051203257 HTTP/1.1" 200 69464
221.239.170.140 - - [12/May/2024:11:19:28 +0800] "GET /xingrg/all/function/internal_message.html?_=1715483968070&CODE_STATE=getMsg HTTP/1.1" 200 27
222.67.233.39 - - [12/May/2024:11:19:28 +0800] "GET /xingrg/javascript/easyui/themes/default/validatebox.css HTTP/1.1" 404 1104
116.237.78.82 - - [12/May/2024:11:19:28 +0800] "GET /xingrg/login.html?r=1 HTTP/1.1" 200 7641
116.237.78.82 - - [12/May/2024:11:19:29 +0800] "GET /favicon.ico HTTP/1.1" 404 -
222.67.233.39 - - [12/May/2024:11:19:29 +0800] "POST /xingrg/dwr/call/plaincall/AjaxGetFirstChart.getFirstChart.dwr HTTP/1.1" 200 79
222.67.233.39 - - [12/May/2024:11:19:29 +0800] "POST /xingrg/kc/buy/cgsh_order_operate.html HTTP/1.1" 200 618
116.237.78.82 - - [12/May/2024:11:19:31 +0800] "POST /xingrg/login.do HTTP/1.1" 302 -
