180.156.239.18 - - [12/May/2024:09:35:12 +0800] "GET /xingrg/kc/buy/cgsh_order_add.html HTTP/1.1" 200 74191
180.156.239.18 - - [12/May/2024:09:35:13 +0800] "POST /xingrg/kc/buy/cgsh_order_operate.html HTTP/1.1" 200 8245
180.156.239.18 - - [12/May/2024:09:35:13 +0800] "GET /xingrg/javascript/easyui/themes/default/validatebox.css HTTP/1.1" 404 1104
180.156.239.18 - - [12/May/2024:09:35:13 +0800] "GET /xingrg/all/common/auto_word.html?type=employee&rest_code=00151 HTTP/1.1" 200 293
180.156.239.18 - - [12/May/2024:09:35:13 +0800] "GET /xingrg/all/common/auto_word.html?type=employee&rest_code=00151 HTTP/1.1" 200 293
180.156.239.18 - - [12/May/2024:09:35:14 +0800] "GET /xingrg/javascript/auto/indicator.gif HTTP/1.1" 404 1066
222.69.133.206 - - [12/May/2024:09:35:16 +0800] "GET /xingrg/kc/buy/cgsh_order_add.html HTTP/1.1" 200 73790
222.69.133.206 - - [12/May/2024:09:35:16 +0800] "GET /xingrg/words/20240510121359_words.js HTTP/1.1" 304 -
222.69.133.206 - - [12/May/2024:09:35:16 +0800] "POST /xingrg/kc/buy/cgsh_order_operate.html HTTP/1.1" 200 8245
222.69.133.206 - - [12/May/2024:09:35:16 +0800] "GET /xingrg/javascript/easyui/themes/default/validatebox.css HTTP/1.1" 404 1104
222.69.133.206 - - [12/May/2024:09:35:16 +0800] "GET /xingrg/all/common/auto_word.html?type=employee&rest_code=00154 HTTP/1.1" 200 101
222.69.133.206 - - [12/May/2024:09:35:16 +0800] "GET /xingrg/all/common/auto_word.html?type=employee&rest_code=00154 HTTP/1.1" 200 101
222.69.133.206 - - [12/May/2024:09:35:17 +0800] "GET /xingrg/javascript/auto/indicator.gif HTTP/1.1" 404 1066
101.83.144.49 - - [12/May/2024:09:35:17 +0800] "GET /xingrg/all/function/internal_message.html?_=1715477465400&CODE_STATE=getMsg HTTP/1.1" 200 27
222.69.133.206 - - [12/May/2024:09:35:18 +0800] "GET /xingrg/all/function/internal_message.html?_=1715477719789&CODE_STATE=getMsg HTTP/1.1" 200 27
114.89.67.151 - - [12/May/2024:09:35:18 +0800] "GET /xingrg/kc/mdqp/qp_main.html HTTP/1.1" 302 -
114.89.67.151 - - [12/May/2024:09:35:18 +0800] "GET /xingrg/login.html HTTP/1.1" 200 7641
114.89.67.151 - - [12/May/2024:09:35:18 +0800] "GET /xingrg/login.html HTTP/1.1" 200 7641
114.89.67.151 - - [12/May/2024:09:35:18 +0800] "GET /xingrg/images/blue/hj.png HTTP/1.1" 200 1014
114.89.67.151 - - [12/May/2024:09:35:18 +0800] "GET /xingrg/images/blue/srbg.png HTTP/1.1" 200 138
114.89.67.151 - - [12/May/2024:09:35:18 +0800] "GET /xingrg/images/blue/login_bg.png HTTP/1.1" 200 22101
114.89.67.151 - - [12/May/2024:09:35:19 +0800] "GET /favicon.ico HTTP/1.1" 404 -
116.237.78.82 - - [12/May/2024:09:35:19 +0800] "POST /xingrg/kc/buy/cgsh_order_operate.html HTTP/1.1" 200 37
114.89.67.151 - - [12/May/2024:09:35:20 +0800] "GET /xingrg/login.html HTTP/1.1" 200 7641
114.89.67.151 - - [12/May/2024:09:35:20 +0800] "GET /xingrg/images/blue/jxLogo.png HTTP/1.1" 200 6156
114.89.67.151 - - [12/May/2024:09:35:20 +0800] "GET /xingrg/images/blue/hj.png HTTP/1.1" 200 1014
114.89.67.151 - - [12/May/2024:09:35:20 +0800] "GET /xingrg/images/blue/login_bg.png HTTP/1.1" 200 22101
114.89.67.151 - - [12/May/2024:09:35:20 +0800] "GET /xingrg/images/blue/srbg.png HTTP/1.1" 200 138
114.89.67.151 - - [12/May/2024:09:35:21 +0800] "GET /favicon.ico HTTP/1.1" 404 -
114.89.67.151 - - [12/May/2024:09:35:21 +0800] "GET /favicon.ico HTTP/1.1" 404 -
180.164.6.225 - - [12/May/2024:09:35:21 +0800] "GET /xingrg/check_reg.html?_=1715477721047 HTTP/1.1" 200 22
180.164.6.225 - - [12/May/2024:09:35:21 +0800] "GET /xingrg/all/function/internal_message.html?_=1715477721049&CODE_STATE=getMsg HTTP/1.1" 200 27
180.156.239.18 - - [12/May/2024:09:35:21 +0800] "GET /xingrg/kc/buy/cgsh_order_operate.html?command=get_materiel&rest_code=00151&code=00101009062&supplier_code=00100022&order_time=2024-05-12 HTTP/1.1" 200 412
116.232.195.13 - - [12/May/2024:09:35:22 +0800] "GET /xingrg/all/function/internal_message.html?_=1715477692037&CODE_STATE=getMsg HTTP/1.1" 200 27
116.232.195.13 - - [12/May/2024:09:35:22 +0800] "GET /xingrg/check_reg.html?_=1715477692043 HTTP/1.1" 200 22
114.89.67.151 - - [12/May/2024:09:35:24 +0800] "POST /xingrg/login.do HTTP/1.1" 302 -
114.89.67.151 - - [12/May/2024:09:35:24 +0800] "GET /xingrg/index.html?sysBaseUrl=http%3A%2F%2F180.169.147.146%3A18081%2Fxingrg%2F&costTime=1514×tamp=1715477724484 HTTP/1.1" 200 17177
114.89.67.151 - - [12/May/2024:09:35:24 +0800] "GET /favicon.ico HTTP/1.1" 404 -
114.89.67.151 - - [12/May/2024:09:35:24 +0800] "GET /xingrg/all/function/internal_message.html?_=1715477726793&CODE_STATE=count HTTP/1.1" 200 11
114.89.67.151 - - [12/May/2024:09:35:24 +0800] "GET /xingrg/check_reg.html?_=1715477726794 HTTP/1.1" 200 22
114.89.67.151 - - [12/May/2024:09:35:25 +0800] "POST /xingrg/all/common/load_tree.html?tree=area_rest_tree_json&manage=1 HTTP/1.1" 200 601
114.89.67.151 - - [12/May/2024:09:35:25 +0800] "POST /xingrg/load_menu.html HTTP/1.1" 200 5138
114.89.67.151 - - [12/May/2024:09:35:26 +0800] "GET /xingrg/kc/mdqp/qp_main.html HTTP/1.1" 200 10633
114.89.67.151 - - [12/May/2024:09:35:27 +0800] "GET /xingrg/images/yd/bt.gif HTTP/1.1" 404 1040
114.89.67.151 - - [12/May/2024:09:35:27 +0800] "GET /xingrg/kc/mdqp/pssh_order_list.html HTTP/1.1" 200 17109
114.89.67.151 - - [12/May/2024:09:35:28 +0800] "POST /xingrg/kc/mdqp/pssh_list_operate.html HTTP/1.1" 200 5017
116.237.78.82 - - [12/May/2024:09:35:28 +0800] "POST /xingrg/kc/buy/cgsh_order_operate.html HTTP/1.1" 200 12
116.232.195.13 - - [12/May/2024:09:35:28 +0800] "GET /xingrg/all/function/internal_message.html?_=1715477697573&CODE_STATE=getMsg HTTP/1.1" 200 27
114.89.67.151 - - [12/May/2024:09:35:29 +0800] "POST /xingrg/kc/mdqp/pssh_list_operate.html HTTP/1.1" 200 776
116.237.78.82 - - [12/May/2024:09:35:30 +0800] "GET /xingrg/kc/buy/cgsh_order_info.html?code=212024051203169 HTTP/1.1" 200 69456
114.89.67.151 - - [12/May/2024:09:35:30 +0800] "GET /xingrg/kc/mdqp/pssh_order_info.html?code=312024051100236 HTTP/1.1" 200 17277
114.89.67.151 - - [12/May/2024:09:35:31 +0800] "GET /xingrg/javascript/jquery_tools/jquery-1.4.2.min.js HTTP/1.1" 404 1094
114.89.67.151 - - [12/May/2024:09:35:31 +0800] "GET /xingrg/words/20240510121359_words.js HTTP/1.1" 304 -
114.89.67.151 - - [12/May/2024:09:35:31 +0800] "GET /xingrg/javascript/easyui/themes/default/validatebox.css HTTP/1.1" 404 1104
116.237.78.82 - - [12/May/2024:09:35:31 +0800] "GET /xingrg/javascript/easyui/themes/default/validatebox.css HTTP/1.1" 404 1104
114.89.67.151 - - [12/May/2024:09:35:31 +0800] "POST /xingrg/kc/mdqp/pssh_order_operate.html HTTP/1.1" 200 5804
114.89.67.151 - - [12/May/2024:09:35:31 +0800] "GET /xingrg/all/common/auto_word.html?type=base&rest_code=00158&rest_code=00158 HTTP/1.1" 200 547
114.89.67.151 - - [12/May/2024:09:35:31 +0800] "GET /xingrg/all/common/auto_word.html?type=employee&rest_code=00158 HTTP/1.1" 200 47
116.237.78.82 - - [12/May/2024:09:35:32 +0800] "POST /xingrg/kc/buy/cgsh_order_operate.html HTTP/1.1" 200 13708
222.69.133.206 - - [12/May/2024:09:35:33 +0800] "GET /xingrg/kc/buy/cgsh_order_operate.html?command=get_materiel&rest_code=00154&code=00101040002&supplier_code=00100151&order_time=2024-05-12 HTTP/1.1" 200 459
116.237.78.82 - - [12/May/2024:09:35:33 +0800] "GET /xingrg/kc/print/load_config.html?kc_code=cgsh HTTP/1.1" 200 1927
180.156.239.18 - - [12/May/2024:09:35:33 +0800] "GET /xingrg/kc/buy/cgsh_order_operate.html?command=get_materiel&rest_code=00151&code=00101009178&supplier_code=00100022&order_time=2024-05-12 HTTP/1.1" 200 413
116.237.78.82 - - [12/May/2024:09:35:34 +0800] "GET /xingrg/kc/print/load_data.html?order_code=212024051203169&kc_code=cgsh&condition= HTTP/1.1" 200 5670
101.80.230.31 - - [12/May/2024:09:35:35 +0800] "POST /xingrg/services/DataTransmitService HTTP/1.1" 200 524
222.69.133.206 - - [12/May/2024:09:35:38 +0800] "POST /xingrg/all/common/load_select.html HTTP/1.1" 200 25
116.237.78.82 - - [12/May/2024:09:35:39 +0800] "GET /xingrg/kc/print/load_data.html?order_code=212024051203169&kc_code=cgsh HTTP/1.1" 200 5670
116.232.195.13 - - [12/May/2024:09:35:39 +0800] "GET /xingrg/all/function/internal_message.html?_=1715477708796&CODE_STATE=getMsg HTTP/1.1" 200 27
101.83.144.49 - - [12/May/2024:09:35:44 +0800] "GET /xingrg/all/function/internal_message.html?_=1715477745321&CODE_STATE=getMsg HTTP/1.1" 200 27
222.67.233.39 - - [12/May/2024:09:35:44 +0800] "GET /xingrg/all/function/internal_message.html?_=1715477744161&CODE_STATE=getMsg HTTP/1.1" 200 27
180.156.239.18 - - [12/May/2024:09:35:44 +0800] "POST /xingrg/kc/buy/cgsh_order_operate.html HTTP/1.1" 200 37
116.238.97.31 - - [12/May/2024:09:35:45 +0800] "GET /xingrg/all/function/internal_message.html?_=1715477746243&CODE_STATE=getMsg HTTP/1.1" 200 27
222.69.133.206 - - [12/May/2024:09:35:46 +0800] "GET /xingrg/kc/buy/cgsh_order_operate.html?command=get_materiel_price&rest_code=00154&code=00101040002&unit_code=00100619&supplier_code=00100151&order_time=2024-05-12 HTTP/1.1" 200 29
180.169.147.146 - - [12/May/2024:09:35:50 +0800] "GET /xingrg/all/function/internal_message.html?_=1715477750284&CODE_STATE=getMsg HTTP/1.1" 200 27
116.238.97.31 - - [12/May/2024:09:35:50 +0800] "POST /xingrg/all/user/operate.html HTTP/1.1" 200 36
116.238.97.31 - - [12/May/2024:09:35:51 +0800] "GET /xingrg/index.html?sysBaseUrl=http%3A%2F%2F180.169.147.146%3A18081%2Fxingrg%2F&costTime=827×tamp=1715477694903 HTTP/1.1" 200 17509
116.238.97.31 - - [12/May/2024:09:35:51 +0800] "GET /xingrg/javascript/jquery_easy_ui/themes/default/easyui.css HTTP/1.1" 304 -
116.238.97.31 - - [12/May/2024:09:35:51 +0800] "GET /xingrg/javascript/jquery_easy_ui/themes/icon.css HTTP/1.1" 304 -
116.238.97.31 - - [12/May/2024:09:35:51 +0800] "GET /xingrg/css/form.css HTTP/1.1" 304 -
116.238.97.31 - - [12/May/2024:09:35:51 +0800] "GET /xingrg/javascript/jquery-1.4.2.min.js HTTP/1.1" 304 -
180.156.239.18 - - [12/May/2024:09:35:51 +0800] "POST /xingrg/kc/buy/cgsh_order_operate.html HTTP/1.1" 200 12
116.238.97.31 - - [12/May/2024:09:35:51 +0800] "GET /xingrg/javascript/jquery_easy_ui/jquery.easyui.min.js HTTP/1.1" 304 -
116.238.97.31 - - [12/May/2024:09:35:51 +0800] "GET /xingrg/javascript/jquery_easy_ui/easyui-lang-zh_CN.js HTTP/1.1" 304 -
116.238.97.31 - - [12/May/2024:09:35:51 +0800] "GET /xingrg/javascript/jquery.form.js HTTP/1.1" 304 -
116.238.97.31 - - [12/May/2024:09:35:51 +0800] "GET /xingrg/javascript/jquery.utils.js HTTP/1.1" 304 -
116.238.97.31 - - [12/May/2024:09:35:51 +0800] "GET /xingrg/javascript/jquery.timers.js HTTP/1.1" 304 -
116.238.97.31 - - [12/May/2024:09:35:51 +0800] "GET /xingrg/images/blue/jxLogo.png HTTP/1.1" 304 -
116.238.97.31 - - [12/May/2024:09:35:51 +0800] "GET /xingrg/images/blue/navBackgound.jpg HTTP/1.1" 304 -
116.238.97.31 - - [12/May/2024:09:35:51 +0800] "GET /xingrg/javascript/jquery_easy_ui/themes/icons/settle_new.png HTTP/1.1" 304 -
116.238.97.31 - - [12/May/2024:09:35:51 +0800] "GET /xingrg/all/function/internal_message.html?_=1715477753790&CODE_STATE=count HTTP/1.1" 200 11
116.238.97.31 - - [12/May/2024:09:35:51 +0800] "GET /xingrg/check_reg.html?_=1715477753790 HTTP/1.1" 200 22
116.238.97.31 - - [12/May/2024:09:35:51 +0800] "GET /xingrg/javascript/jquery_easy_ui/themes/default/images/tabs_rightarrow.png HTTP/1.1" 304 -
116.238.97.31 - - [12/May/2024:09:35:51 +0800] "POST /xingrg/all/common/load_tree.html?tree=area_rest_tree_json&manage=1 HTTP/1.1" 200 4010
116.238.97.31 - - [12/May/2024:09:35:51 +0800] "GET /xingrg/javascript/jquery_easy_ui/themes/default/images/panel_tool_expand.gif HTTP/1.1" 304 -
116.238.97.31 - - [12/May/2024:09:35:51 +0800] "GET /xingrg/javascript/jquery_easy_ui/themes/default/images/panel_tool_collapse.gif HTTP/1.1" 304 -
116.238.97.31 - - [12/May/2024:09:35:51 +0800] "GET /xingrg/javascript/jquery_easy_ui/themes/default/images/tabs_leftarrow.png HTTP/1.1" 304 -
116.238.97.31 - - [12/May/2024:09:35:51 +0800] "GET /xingrg/images/blue/pingpu.png HTTP/1.1" 304 -
116.238.97.31 - - [12/May/2024:09:35:51 +0800] "POST /xingrg/load_menu.html HTTP/1.1" 200 9959
180.156.239.18 - - [12/May/2024:09:35:53 +0800] "GET /xingrg/kc/buy/cgsh_order_info.html?code=212024051203174 HTTP/1.1" 200 69060
180.156.239.18 - - [12/May/2024:09:35:53 +0800] "GET /xingrg/javascript/easyui/themes/default/validatebox.css HTTP/1.1" 404 1104
101.83.240.252 - - [12/May/2024:09:35:54 +0800] "GET /xingrg/check_reg.html?_=1715477754337 HTTP/1.1" 200 22
116.238.97.31 - - [12/May/2024:09:35:54 +0800] "GET /xingrg/kc/buy/cgsh_order_list.html HTTP/1.1" 200 59041
180.156.239.18 - - [12/May/2024:09:35:54 +0800] "POST /xingrg/kc/buy/cgsh_order_operate.html HTTP/1.1" 200 1197
180.156.239.18 - - [12/May/2024:09:35:56 +0800] "GET /xingrg/kc/print/load_data.html?order_code=212024051203174&kc_code=cgsh&condition= HTTP/1.1" 200 966
101.83.240.252 - - [12/May/2024:09:36:00 +0800] "GET /xingrg/all/function/internal_message.html?_=1715477760223&CODE_STATE=getMsg HTTP/1.1" 200 27
180.156.239.18 - - [12/May/2024:09:36:01 +0800] "GET /xingrg/kc/buy/cgsh_order_add.html HTTP/1.1" 200 74191
180.156.239.18 - - [12/May/2024:09:36:01 +0800] "POST /xingrg/kc/buy/cgsh_order_operate.html HTTP/1.1" 200 8245
180.156.239.18 - - [12/May/2024:09:36:01 +0800] "GET /xingrg/javascript/easyui/themes/default/validatebox.css HTTP/1.1" 404 1104
124.77.244.56 - - [12/May/2024:09:36:04 +0800] "GET /xingrg/all/function/internal_message.html?_=1715477790182&CODE_STATE=getMsg HTTP/1.1" 200 27
180.156.239.18 - - [12/May/2024:09:36:05 +0800] "GET /xingrg/all/function/internal_message.html?_=1715477765798&CODE_STATE=getMsg HTTP/1.1" 200 27
116.232.195.13 - - [12/May/2024:09:36:07 +0800] "GET /xingrg/all/function/internal_message.html?_=1715477736338&CODE_STATE=getMsg HTTP/1.1" 200 27
116.238.97.31 - - [12/May/2024:09:36:07 +0800] "POST /xingrg/kc/buy/cgsh_list_operate.html HTTP/1.1" 200 645
101.83.240.252 - - [12/May/2024:09:36:08 +0800] "POST /xingrg/services/DataTransmitService HTTP/1.1" 401 565
101.83.240.252 - - [12/May/2024:09:36:08 +0800] "POST /xingrg/services/DataTransmitService HTTP/1.1" 200 478
101.83.240.252 - - [12/May/2024:09:36:08 +0800] "POST /xingrg/services/DataTransmitService HTTP/1.1" 200 1319
101.83.240.252 - - [12/May/2024:09:36:09 +0800] "POST /xingrg/services/DataTransmitService HTTP/1.1" 200 478
101.83.240.252 - - [12/May/2024:09:36:09 +0800] "POST /xingrg/services/DataTransmitService HTTP/1.1" 200 1319
101.83.240.252 - - [12/May/2024:09:36:09 +0800] "POST /xingrg/services/DataTransmitService HTTP/1.1" 200 524
101.83.240.252 - - [12/May/2024:09:36:09 +0800] "POST /xingrg/services/DataTransmitService HTTP/1.1" 200 2067
116.237.78.82 - - [12/May/2024:09:36:09 +0800] "GET /xingrg/all/function/internal_message.html?_=1715477765119&CODE_STATE=getMsg HTTP/1.1" 200 27
101.83.240.252 - - [12/May/2024:09:36:09 +0800] "POST /xingrg/services/DataTransmitService HTTP/1.1" 200 45454
101.83.240.252 - - [12/May/2024:09:36:09 +0800] "POST /xingrg/services/DataTransmitService HTTP/1.1" 200 19237
180.156.239.18 - - [12/May/2024:09:36:10 +0800] "GET /xingrg/kc/buy/cgsh_order_operate.html?command=get_materiel&rest_code=00151&code=00101012060&supplier_code=00100096&order_time=2024-05-12 HTTP/1.1" 200 408
222.69.133.206 - - [12/May/2024:09:36:14 +0800] "GET /xingrg/kc/buy/cgsh_order_operate.html?command=get_materiel&rest_code=00154&code=00101040001&supplier_code=00100151&order_time=2024-05-12 HTTP/1.1" 200 468
222.69.133.206 - - [12/May/2024:09:36:16 +0800] "POST /xingrg/all/common/load_select.html HTTP/1.1" 200 25
101.83.144.49 - - [12/May/2024:09:36:17 +0800] "GET /xingrg/all/function/internal_message.html?_=1715477525384&CODE_STATE=getMsg HTTP/1.1" 200 27
222.69.133.206 - - [12/May/2024:09:36:18 +0800] "GET /xingrg/all/function/internal_message.html?_=1715477779682&CODE_STATE=getMsg HTTP/1.1" 200 27
222.69.133.206 - - [12/May/2024:09:36:20 +0800] "GET /xingrg/kc/buy/cgsh_order_operate.html?command=get_materiel_price&rest_code=00154&code=00101040001&unit_code=00100619&supplier_code=00100151&order_time=2024-05-12 HTTP/1.1" 200 29
180.164.6.225 - - [12/May/2024:09:36:21 +0800] "GET /xingrg/all/function/internal_message.html?_=1715477781036&CODE_STATE=getMsg HTTP/1.1" 200 27
116.238.97.31 - - [12/May/2024:09:36:22 +0800] "GET /xingrg/javascript/jquery_tools/images/next.gif HTTP/1.1" 404 1086
116.238.97.31 - - [12/May/2024:09:36:22 +0800] "GET /xingrg/javascript/jquery_tools/images/prev.gif HTTP/1.1" 404 1086
116.232.195.13 - - [12/May/2024:09:36:22 +0800] "GET /xingrg/all/function/internal_message.html?_=1715477752045&CODE_STATE=getMsg HTTP/1.1" 200 27
114.89.67.151 - - [12/May/2024:09:36:24 +0800] "GET /xingrg/all/function/internal_message.html?_=1715477786815&CODE_STATE=getMsg HTTP/1.1" 200 27
116.237.78.82 - - [12/May/2024:09:36:28 +0800] "GET /xingrg/kc/buy/cgsh_order_add.html HTTP/1.1" 200 74593
116.232.195.13 - - [12/May/2024:09:36:28 +0800] "GET /xingrg/all/function/internal_message.html?_=1715477757591&CODE_STATE=getMsg HTTP/1.1" 200 27
116.237.78.82 - - [12/May/2024:09:36:28 +0800] "POST /xingrg/kc/buy/cgsh_order_operate.html HTTP/1.1" 200 8245
116.237.78.82 - - [12/May/2024:09:36:28 +0800] "GET /xingrg/javascript/easyui/themes/default/validatebox.css HTTP/1.1" 404 1104
222.69.133.206 - - [12/May/2024:09:36:35 +0800] "GET /xingrg/kc/buy/cgsh_order_operate.html?command=get_materiel&rest_code=00154&code=00101040003&supplier_code=00100151&order_time=2024-05-12 HTTP/1.1" 200 460
116.238.97.31 - - [12/May/2024:09:36:36 +0800] "POST /xingrg/kc/buy/cgsh_list_operate.html HTTP/1.1" 200 4507
116.232.195.13 - - [12/May/2024:09:36:39 +0800] "GET /xingrg/all/function/internal_message.html?_=1715477768807&CODE_STATE=getMsg HTTP/1.1" 200 27
124.77.244.56 - - [12/May/2024:09:36:42 +0800] "GET /xingrg/check_reg.html?_=1715477828299 HTTP/1.1" 200 22
101.83.144.49 - - [12/May/2024:09:36:43 +0800] "GET /xingrg/all/function/internal_message.html?_=1715477805293&CODE_STATE=getMsg HTTP/1.1" 200 27
222.67.233.39 - - [12/May/2024:09:36:44 +0800] "GET /xingrg/all/function/internal_message.html?_=1715477804147&CODE_STATE=getMsg HTTP/1.1" 200 27
101.83.144.49 - - [12/May/2024:09:36:44 +0800] "GET /xingrg/check_reg.html?_=1715477805655 HTTP/1.1" 200 22
116.238.97.31 - - [12/May/2024:09:36:45 +0800] "GET /xingrg/all/function/internal_message.html?_=1715477806225&CODE_STATE=getMsg HTTP/1.1" 200 27
222.69.133.206 - - [12/May/2024:09:36:48 +0800] "GET /xingrg/kc/buy/cgsh_order_operate.html?command=get_materiel&rest_code=00154&code=00101040010&supplier_code=00100151&order_time=2024-05-12 HTTP/1.1" 200 463
180.169.147.146 - - [12/May/2024:09:36:50 +0800] "GET /xingrg/all/function/internal_message.html?_=1715477810282&CODE_STATE=getMsg HTTP/1.1" 200 27
116.238.97.31 - - [12/May/2024:09:36:51 +0800] "GET /xingrg/all/function/internal_message.html?_=1715477813800&CODE_STATE=getMsg HTTP/1.1" 200 27
101.83.240.252 - - [12/May/2024:09:37:00 +0800] "GET /xingrg/all/function/internal_message.html?_=1715477820190&CODE_STATE=getMsg HTTP/1.1" 200 27
180.156.239.18 - - [12/May/2024:09:37:03 +0800] "GET /xingrg/kc/buy/cgsh_order_operate.html?command=get_materiel&rest_code=00151&code=00101012039&supplier_code=00100096&order_time=2024-05-12 HTTP/1.1" 200 408
124.77.244.56 - - [12/May/2024:09:37:04 +0800] "GET /xingrg/all/function/internal_message.html?_=1715477850185&CODE_STATE=getMsg HTTP/1.1" 200 27
180.156.239.18 - - [12/May/2024:09:37:05 +0800] "GET /xingrg/all/function/internal_message.html?_=1715477825842&CODE_STATE=getMsg HTTP/1.1" 200 27
116.232.195.13 - - [12/May/2024:09:37:07 +0800] "GET /xingrg/all/function/internal_message.html?_=1715477796327&CODE_STATE=getMsg HTTP/1.1" 200 27
116.237.78.82 - - [12/May/2024:09:37:09 +0800] "GET /xingrg/all/function/internal_message.html?_=1715477825099&CODE_STATE=getMsg HTTP/1.1" 200 27
222.69.133.206 - - [12/May/2024:09:37:11 +0800] "POST /xingrg/kc/buy/cgsh_order_operate.html HTTP/1.1" 200 37
180.156.239.18 - - [12/May/2024:09:37:12 +0800] "GET /xingrg/kc/buy/cgsh_order_operate.html?command=get_materiel&rest_code=00151&code=00101016038&supplier_code=00100096&order_time=2024-05-12 HTTP/1.1" 200 408
222.69.133.206 - - [12/May/2024:09:37:14 +0800] "POST /xingrg/kc/buy/cgsh_order_operate.html HTTP/1.1" 200 4531
101.83.144.49 - - [12/May/2024:09:37:17 +0800] "GET /xingrg/all/function/internal_message.html?_=1715477585369&CODE_STATE=getMsg HTTP/1.1" 200 27
222.69.133.206 - - [12/May/2024:09:37:18 +0800] "GET /xingrg/check_reg.html?_=1715477839691 HTTP/1.1" 200 22
222.69.133.206 - - [12/May/2024:09:37:18 +0800] "GET /xingrg/all/function/internal_message.html?_=1715477839697&CODE_STATE=getMsg HTTP/1.1" 200 27
180.156.239.18 - - [12/May/2024:09:37:20 +0800] "GET /xingrg/kc/buy/cgsh_order_operate.html?command=get_materiel&rest_code=00151&code=00101016051&supplier_code=00100096&order_time=2024-05-12 HTTP/1.1" 200 410
180.164.6.225 - - [12/May/2024:09:37:21 +0800] "GET /xingrg/all/function/internal_message.html?_=1715477841046&CODE_STATE=getMsg HTTP/1.1" 200 27
116.232.195.13 - - [12/May/2024:09:37:22 +0800] "GET /xingrg/all/function/internal_message.html?_=1715477812033&CODE_STATE=getMsg HTTP/1.1" 200 27
114.89.67.151 - - [12/May/2024:09:37:24 +0800] "GET /xingrg/all/function/internal_message.html?_=1715477846809&CODE_STATE=getMsg HTTP/1.1" 200 27
116.232.195.13 - - [12/May/2024:09:37:28 +0800] "GET /xingrg/check_reg.html?_=1715477817581 HTTP/1.1" 200 22
116.232.195.13 - - [12/May/2024:09:37:28 +0800] "GET /xingrg/all/function/internal_message.html?_=1715477817583&CODE_STATE=getMsg HTTP/1.1" 200 27
222.69.133.206 - - [12/May/2024:09:37:28 +0800] "GET /xingrg/kc/buy/cgsh_order_list.html HTTP/1.1" 200 58786
114.89.67.151 - - [12/May/2024:09:37:29 +0800] "POST /xingrg/kc/mdqp/pssh_list_operate.html HTTP/1.1" 200 768
114.89.67.151 - - [12/May/2024:09:37:31 +0800] "GET /xingrg/kc/mdqp/pssh_order_info.html?code=312024051100235 HTTP/1.1" 200 17277
114.89.67.151 - - [12/May/2024:09:37:31 +0800] "GET /xingrg/javascript/jquery_tools/jquery-1.4.2.min.js HTTP/1.1" 404 1094
114.89.67.151 - - [12/May/2024:09:37:31 +0800] "GET /xingrg/javascript/easyui/themes/default/validatebox.css HTTP/1.1" 404 1104
114.89.67.151 - - [12/May/2024:09:37:31 +0800] "POST /xingrg/kc/mdqp/pssh_order_operate.html HTTP/1.1" 200 3679
222.69.133.206 - - [12/May/2024:09:37:32 +0800] "POST /xingrg/kc/buy/cgsh_list_operate.html HTTP/1.1" 200 1376
222.69.133.206 - - [12/May/2024:09:37:36 +0800] "POST /xingrg/kc/buy/cgsh_list_operate.html HTTP/1.1" 200 504
222.69.133.206 - - [12/May/2024:09:37:38 +0800] "GET /xingrg/kc/buy/cgsh_order_info.html?code=212024051203175 HTTP/1.1" 200 73758
222.69.133.206 - - [12/May/2024:09:37:38 +0800] "GET /xingrg/javascript/easyui/themes/default/validatebox.css HTTP/1.1" 404 1104
222.69.133.206 - - [12/May/2024:09:37:39 +0800] "POST /xingrg/kc/buy/cgsh_order_operate.html HTTP/1.1" 200 4531
116.232.195.13 - - [12/May/2024:09:37:39 +0800] "GET /xingrg/all/function/internal_message.html?_=1715477828795&CODE_STATE=getMsg HTTP/1.1" 200 27
222.69.133.206 - - [12/May/2024:09:37:42 +0800] "GET /xingrg/kc/print/load_config.html?kc_code=cgsh HTTP/1.1" 200 1927
222.69.133.206 - - [12/May/2024:09:37:43 +0800] "GET /xingrg/kc/print/load_data.html?order_code=212024051203175&kc_code=cgsh&condition= HTTP/1.1" 200 1470
180.156.239.18 - - [12/May/2024:09:37:43 +0800] "GET /xingrg/kc/buy/cgsh_order_operate.html?command=get_materiel&rest_code=00151&code=00101016025&supplier_code=00100096&order_time=2024-05-12 HTTP/1.1" 200 423
101.83.144.49 - - [12/May/2024:09:37:43 +0800] "GET /xingrg/all/function/internal_message.html?_=1715477865293&CODE_STATE=getMsg HTTP/1.1" 200 27
222.67.233.39 - - [12/May/2024:09:37:44 +0800] "GET /xingrg/all/function/internal_message.html?_=1715477864132&CODE_STATE=getMsg HTTP/1.1" 200 27
116.238.97.31 - - [12/May/2024:09:37:45 +0800] "GET /xingrg/all/function/internal_message.html?_=1715477866220&CODE_STATE=getMsg HTTP/1.1" 200 27
116.238.97.31 - - [12/May/2024:09:37:45 +0800] "GET /xingrg/check_reg.html?_=1715477866859 HTTP/1.1" 200 22
180.169.147.146 - - [12/May/2024:09:37:50 +0800] "GET /xingrg/check_reg.html?_=1715477870283 HTTP/1.1" 200 22
180.169.147.146 - - [12/May/2024:09:37:50 +0800] "GET /xingrg/all/function/internal_message.html?_=1715477870284&CODE_STATE=getMsg HTTP/1.1" 200 27
116.238.97.31 - - [12/May/2024:09:37:51 +0800] "GET /xingrg/all/function/internal_message.html?_=1715477873802&CODE_STATE=getMsg HTTP/1.1" 200 27
101.83.240.252 - - [12/May/2024:09:38:00 +0800] "GET /xingrg/all/function/internal_message.html?_=1715477880160&CODE_STATE=getMsg HTTP/1.1" 200 27
180.156.239.18 - - [12/May/2024:09:38:01 +0800] "GET /xingrg/kc/buy/cgsh_order_operate.html?command=get_materiel&rest_code=00151&code=00101012066&supplier_code=00100096&order_time=2024-05-12 HTTP/1.1" 200 419
124.77.244.56 - - [12/May/2024:09:38:04 +0800] "GET /xingrg/all/function/internal_message.html?_=1715477910199&CODE_STATE=getMsg HTTP/1.1" 200 27
180.156.239.18 - - [12/May/2024:09:38:05 +0800] "GET /xingrg/all/function/internal_message.html?_=1715477885840&CODE_STATE=getMsg HTTP/1.1" 200 27
116.232.195.13 - - [12/May/2024:09:38:07 +0800] "GET /xingrg/all/function/internal_message.html?_=1715477856341&CODE_STATE=getMsg HTTP/1.1" 200 27
116.232.195.13 - - [12/May/2024:09:38:07 +0800] "GET /xingrg/check_reg.html?_=1715477856342 HTTP/1.1" 200 22
116.237.78.82 - - [12/May/2024:09:38:09 +0800] "GET /xingrg/all/function/internal_message.html?_=1715477885079&CODE_STATE=getMsg HTTP/1.1" 200 27
116.237.78.82 - - [12/May/2024:09:38:12 +0800] "GET /xingrg/javascript/easyui/themes/default/tree.css HTTP/1.1" 404 1090
116.238.97.31 - - [12/May/2024:09:38:12 +0800] "POST /xingrg/kc/buy/cgsh_list_operate.html HTTP/1.1" 200 421
116.237.78.82 - - [12/May/2024:09:38:12 +0800] "POST /xingrg/all/common/load_tree.html?tree=supplier_tree_json&isDelete=1 HTTP/1.1" 200 80088
101.83.144.49 - - [12/May/2024:09:38:17 +0800] "GET /xingrg/all/function/internal_message.html?_=1715477645355&CODE_STATE=getMsg HTTP/1.1" 200 27
222.69.133.206 - - [12/May/2024:09:38:18 +0800] "GET /xingrg/all/function/internal_message.html?_=1715477899702&CODE_STATE=getMsg HTTP/1.1" 200 27
116.238.97.31 - - [12/May/2024:09:38:19 +0800] "POST /xingrg/kc/buy/cgsh_list_operate.html HTTP/1.1" 200 4
180.164.6.225 - - [12/May/2024:09:38:21 +0800] "GET /xingrg/all/function/internal_message.html?_=1715477901034&CODE_STATE=getMsg HTTP/1.1" 200 27
116.232.195.13 - - [12/May/2024:09:38:23 +0800] "GET /xingrg/all/function/internal_message.html?_=1715477872048&CODE_STATE=getMsg HTTP/1.1" 200 27
114.89.67.151 - - [12/May/2024:09:38:24 +0800] "GET /xingrg/all/function/internal_message.html?_=1715477906819&CODE_STATE=getMsg HTTP/1.1" 200 27
116.232.195.13 - - [12/May/2024:09:38:28 +0800] "GET /xingrg/all/function/internal_message.html?_=1715477877596&CODE_STATE=getMsg HTTP/1.1" 200 27
116.238.97.31 - - [12/May/2024:09:38:29 +0800] "POST /xingrg/kc/buy/cgsh_list_operate.html HTTP/1.1" 200 4508
116.238.97.31 - - [12/May/2024:09:38:36 +0800] "POST /xingrg/kc/buy/cgsh_list_operate.html HTTP/1.1" 200 4699
116.232.195.13 - - [12/May/2024:09:38:39 +0800] "GET /xingrg/all/function/internal_message.html?_=1715477888802&CODE_STATE=getMsg HTTP/1.1" 200 27
116.238.97.31 - - [12/May/2024:09:38:40 +0800] "POST /xingrg/kc/buy/cgsh_list_operate.html HTTP/1.1" 200 354
101.83.144.49 - - [12/May/2024:09:38:43 +0800] "GET /xingrg/all/function/internal_message.html?_=1715477925265&CODE_STATE=getMsg HTTP/1.1" 200 27
222.67.233.39 - - [12/May/2024:09:38:44 +0800] "GET /xingrg/all/function/internal_message.html?_=1715477924115&CODE_STATE=getMsg HTTP/1.1" 200 27
116.238.97.31 - - [12/May/2024:09:38:45 +0800] "GET /xingrg/all/function/internal_message.html?_=1715477926201&CODE_STATE=getMsg HTTP/1.1" 200 27
180.169.147.146 - - [12/May/2024:09:38:50 +0800] "GET /xingrg/all/function/internal_message.html?_=1715477930282&CODE_STATE=getMsg HTTP/1.1" 200 27
116.238.97.31 - - [12/May/2024:09:38:51 +0800] "POST /xingrg/kc/buy/cgsh_list_operate.html HTTP/1.1" 200 4
116.237.78.82 - - [12/May/2024:09:38:57 +0800] "GET /xingrg/check_reg.html?_=1715477932628 HTTP/1.1" 200 22
101.83.240.252 - - [12/May/2024:09:39:00 +0800] "GET /xingrg/all/function/internal_message.html?_=1715477940132&CODE_STATE=getMsg HTTP/1.1" 200 27
124.77.244.56 - - [12/May/2024:09:39:05 +0800] "GET /xingrg/all/function/internal_message.html?_=1715477970750&CODE_STATE=getMsg HTTP/1.1" 200 27
180.156.239.18 - - [12/May/2024:09:39:05 +0800] "GET /xingrg/all/function/internal_message.html?_=1715477945823&CODE_STATE=getMsg HTTP/1.1" 200 27
116.232.195.13 - - [12/May/2024:09:39:07 +0800] "GET /xingrg/all/function/internal_message.html?_=1715477916330&CODE_STATE=getMsg HTTP/1.1" 200 27
116.237.78.82 - - [12/May/2024:09:39:09 +0800] "GET /xingrg/all/function/internal_message.html?_=1715477945049&CODE_STATE=getMsg HTTP/1.1" 200 27
101.83.144.49 - - [12/May/2024:09:39:17 +0800] "GET /xingrg/check_reg.html?_=1715477704857 HTTP/1.1" 200 22
101.83.144.49 - - [12/May/2024:09:39:17 +0800] "GET /xingrg/all/function/internal_message.html?_=1715477705329&CODE_STATE=getMsg HTTP/1.1" 200 27
222.69.133.206 - - [12/May/2024:09:39:18 +0800] "GET /xingrg/all/function/internal_message.html?_=1715477959699&CODE_STATE=getMsg HTTP/1.1" 200 27
180.156.239.18 - - [12/May/2024:09:39:19 +0800] "GET /xingrg/kc/buy/cgsh_order_operate.html?command=get_materiel&rest_code=00151&code=00101012051&supplier_code=00100096&order_time=2024-05-12 HTTP/1.1" 200 408
180.164.6.225 - - [12/May/2024:09:39:20 +0800] "GET /xingrg/kc/buy/cgsh_order_add.html HTTP/1.1" 200 74685
180.164.6.225 - - [12/May/2024:09:39:21 +0800] "POST /xingrg/kc/buy/cgsh_order_operate.html HTTP/1.1" 200 8245
180.164.6.225 - - [12/May/2024:09:39:21 +0800] "GET /xingrg/javascript/easyui/themes/default/validatebox.css HTTP/1.1" 404 1104
180.164.6.225 - - [12/May/2024:09:39:21 +0800] "GET /xingrg/all/function/internal_message.html?_=1715477961045&CODE_STATE=getMsg HTTP/1.1" 200 27
116.232.195.13 - - [12/May/2024:09:39:22 +0800] "GET /xingrg/all/function/internal_message.html?_=1715477932041&CODE_STATE=getMsg HTTP/1.1" 200 27
114.89.67.151 - - [12/May/2024:09:39:24 +0800] "GET /xingrg/all/function/internal_message.html?_=1715477966825&CODE_STATE=getMsg HTTP/1.1" 200 27
116.232.195.13 - - [12/May/2024:09:39:28 +0800] "GET /xingrg/all/function/internal_message.html?_=1715477937589&CODE_STATE=getMsg HTTP/1.1" 200 27
180.156.239.18 - - [12/May/2024:09:39:31 +0800] "GET /xingrg/kc/buy/cgsh_order_operate.html?command=get_materiel&rest_code=00151&code=00101012025&supplier_code=00100096&order_time=2024-05-12 HTTP/1.1" 200 412
180.164.6.225 - - [12/May/2024:09:39:36 +0800] "GET /xingrg/kc/buy/cgsh_order_operate.html?command=get_materiel&rest_code=00108&code=00101023022&supplier_code=00100036&order_time=2024-05-12 HTTP/1.1" 200 425
116.232.195.13 - - [12/May/2024:09:39:39 +0800] "GET /xingrg/all/function/internal_message.html?_=1715477948801&CODE_STATE=getMsg HTTP/1.1" 200 27
116.232.195.13 - - [12/May/2024:09:39:39 +0800] "GET /xingrg/check_reg.html?_=1715477948804 HTTP/1.1" 200 22
101.83.144.49 - - [12/May/2024:09:39:43 +0800] "GET /xingrg/all/function/internal_message.html?_=1715477985241&CODE_STATE=getMsg HTTP/1.1" 200 27
222.67.233.39 - - [12/May/2024:09:39:44 +0800] "GET /xingrg/all/function/internal_message.html?_=1715477984091&CODE_STATE=getMsg HTTP/1.1" 200 27
180.164.6.225 - - [12/May/2024:09:39:44 +0800] "GET /xingrg/kc/buy/cgsh_order_operate.html?command=get_materiel&rest_code=00108&code=00101011005&supplier_code=00100036&order_time=2024-05-12 HTTP/1.1" 200 428
116.238.97.31 - - [12/May/2024:09:39:45 +0800] "GET /xingrg/all/function/internal_message.html?_=1715477986203&CODE_STATE=getMsg HTTP/1.1" 200 27
222.69.133.206 - - [12/May/2024:09:39:49 +0800] "GET /xingrg/kc/buy/cgsh_order_add.html HTTP/1.1" 200 73790
222.69.133.206 - - [12/May/2024:09:39:49 +0800] "POST /xingrg/kc/buy/cgsh_order_operate.html HTTP/1.1" 200 8245
222.69.133.206 - - [12/May/2024:09:39:49 +0800] "GET /xingrg/javascript/easyui/themes/default/validatebox.css HTTP/1.1" 404 1104
180.169.147.146 - - [12/May/2024:09:39:50 +0800] "GET /xingrg/all/function/internal_message.html?_=1715477990282&CODE_STATE=getMsg HTTP/1.1" 200 27
116.238.97.31 - - [12/May/2024:09:39:50 +0800] "GET /xingrg/all/function/internal_message.html?_=1715477993044&CODE_STATE=getMsg HTTP/1.1" 200 27
180.164.6.225 - - [12/May/2024:09:39:55 +0800] "GET /xingrg/kc/buy/cgsh_order_operate.html?command=get_materiel&rest_code=00108&code=00101012004&supplier_code=00100036&order_time=2024-05-12 HTTP/1.1" 200 416
116.238.97.31 - - [12/May/2024:09:39:55 +0800] "POST /xingrg/kc/buy/cgsh_list_operate.html HTTP/1.1" 200 4508
101.83.240.252 - - [12/May/2024:09:40:00 +0800] "GET /xingrg/all/function/internal_message.html?_=1715478000116&CODE_STATE=getMsg HTTP/1.1" 200 27
222.67.233.39 - - [12/May/2024:09:40:00 +0800] "GET /xingrg/check_reg.html?_=1715478000448 HTTP/1.1" 200 22
180.164.6.225 - - [12/May/2024:09:40:02 +0800] "GET /xingrg/kc/buy/cgsh_order_operate.html?command=get_materiel&rest_code=00108&code=00101012032&supplier_code=00100036&order_time=2024-05-12 HTTP/1.1" 200 416
124.77.244.56 - - [12/May/2024:09:40:05 +0800] "GET /xingrg/all/function/internal_message.html?_=1715478030758&CODE_STATE=getMsg HTTP/1.1" 200 27
180.156.239.18 - - [12/May/2024:09:40:05 +0800] "GET /xingrg/check_reg.html?_=1715478005786 HTTP/1.1" 200 22
180.156.239.18 - - [12/May/2024:09:40:05 +0800] "GET /xingrg/all/function/internal_message.html?_=1715478005803&CODE_STATE=getMsg HTTP/1.1" 200 27
116.232.195.13 - - [12/May/2024:09:40:07 +0800] "GET /xingrg/all/function/internal_message.html?_=1715477976342&CODE_STATE=getMsg HTTP/1.1" 200 27
116.237.78.82 - - [12/May/2024:09:40:09 +0800] "GET /xingrg/all/function/internal_message.html?_=1715478005041&CODE_STATE=getMsg HTTP/1.1" 200 27
180.164.6.225 - - [12/May/2024:09:40:11 +0800] "GET /xingrg/kc/buy/cgsh_order_operate.html?command=get_materiel&rest_code=00108&code=00101016030&supplier_code=00100036&order_time=2024-05-12 HTTP/1.1" 200 412
101.83.144.49 - - [12/May/2024:09:40:17 +0800] "GET /xingrg/all/function/internal_message.html?_=1715477765314&CODE_STATE=getMsg HTTP/1.1" 200 27
222.69.133.206 - - [12/May/2024:09:40:18 +0800] "GET /xingrg/all/function/internal_message.html?_=1715478019686&CODE_STATE=getMsg HTTP/1.1" 200 27
180.164.6.225 - - [12/May/2024:09:40:21 +0800] "GET /xingrg/kc/buy/cgsh_order_operate.html?command=get_materiel&rest_code=00108&code=00101011004&supplier_code=00100036&order_time=2024-05-12 HTTP/1.1" 200 412
180.164.6.225 - - [12/May/2024:09:40:21 +0800] "GET /xingrg/all/function/internal_message.html?_=1715478021046&CODE_STATE=getMsg HTTP/1.1" 200 27
180.164.6.225 - - [12/May/2024:09:40:21 +0800] "GET /xingrg/check_reg.html?_=1715478021050 HTTP/1.1" 200 22
116.232.195.13 - - [12/May/2024:09:40:23 +0800] "GET /xingrg/all/function/internal_message.html?_=1715477992046&CODE_STATE=getMsg HTTP/1.1" 200 27
116.232.195.13 - - [12/May/2024:09:40:23 +0800] "GET /xingrg/check_reg.html?_=1715477992048 HTTP/1.1" 200 22
114.89.67.151 - - [12/May/2024:09:40:24 +0800] "GET /xingrg/check_reg.html?_=1715478026814 HTTP/1.1" 200 22
114.89.67.151 - - [12/May/2024:09:40:24 +0800] "GET /xingrg/all/function/internal_message.html?_=1715478026818&CODE_STATE=getMsg HTTP/1.1" 200 27
116.232.195.13 - - [12/May/2024:09:40:28 +0800] "GET /xingrg/all/function/internal_message.html?_=1715477997586&CODE_STATE=getMsg HTTP/1.1" 200 27
180.164.6.225 - - [12/May/2024:09:40:30 +0800] "POST /xingrg/kc/buy/cgsh_order_operate.html HTTP/1.1" 200 37
180.164.6.225 - - [12/May/2024:09:40:33 +0800] "POST /xingrg/kc/buy/cgsh_order_operate.html HTTP/1.1" 200 5018
180.164.6.225 - - [12/May/2024:09:40:35 +0800] "GET /xingrg/kc/print/load_data.html?order_code=212024051203176&kc_code=cgsh&condition= HTTP/1.1" 200 1660
116.232.195.13 - - [12/May/2024:09:40:39 +0800] "GET /xingrg/all/function/internal_message.html?_=1715478008803&CODE_STATE=getMsg HTTP/1.1" 200 27
101.83.144.49 - - [12/May/2024:09:40:43 +0800] "GET /xingrg/all/function/internal_message.html?_=1715478045210&CODE_STATE=getMsg HTTP/1.1" 200 27
222.67.233.39 - - [12/May/2024:09:40:44 +0800] "GET /xingrg/all/function/internal_message.html?_=1715478044075&CODE_STATE=getMsg HTTP/1.1" 200 27
116.238.97.31 - - [12/May/2024:09:40:45 +0800] "GET /xingrg/all/function/internal_message.html?_=1715478046177&CODE_STATE=getMsg HTTP/1.1" 200 27
180.164.6.225 - - [12/May/2024:09:40:49 +0800] "GET /xingrg/kc/buy/cgsh_order_add.html HTTP/1.1" 200 74685
180.164.6.225 - - [12/May/2024:09:40:50 +0800] "POST /xingrg/kc/buy/cgsh_order_operate.html HTTP/1.1" 200 8245
180.164.6.225 - - [12/May/2024:09:40:50 +0800] "GET /xingrg/javascript/easyui/themes/default/validatebox.css HTTP/1.1" 404 1104
180.169.147.146 - - [12/May/2024:09:40:50 +0800] "GET /xingrg/all/function/internal_message.html?_=1715478050286&CODE_STATE=getMsg HTTP/1.1" 200 27
222.69.133.206 - - [12/May/2024:09:40:50 +0800] "GET /xingrg/kc/buy/cgsh_order_operate.html?command=get_materiel&rest_code=00154&code=00101029065&supplier_code=00100466&order_time=2024-05-12 HTTP/1.1" 200 444
116.238.97.31 - - [12/May/2024:09:40:50 +0800] "GET /xingrg/all/function/internal_message.html?_=1715478053038&CODE_STATE=getMsg HTTP/1.1" 200 27
116.238.97.31 - - [12/May/2024:09:40:51 +0800] "GET /xingrg/check_reg.html?_=1715478053823 HTTP/1.1" 200 22
101.83.240.252 - - [12/May/2024:09:40:54 +0800] "GET /xingrg/check_reg.html?_=1715478054348 HTTP/1.1" 200 22
101.83.240.252 - - [12/May/2024:09:41:00 +0800] "GET /xingrg/all/function/internal_message.html?_=1715478060088&CODE_STATE=getMsg HTTP/1.1" 200 27
180.164.6.225 - - [12/May/2024:09:41:00 +0800] "GET /xingrg/kc/buy/cgsh_order_operate.html?command=get_materiel&rest_code=00108&code=00101006111&supplier_code=00100012&order_time=2024-05-12 HTTP/1.1" 200 409
124.77.244.56 - - [12/May/2024:09:41:05 +0800] "GET /xingrg/all/function/internal_message.html?_=1715478091313&CODE_STATE=getMsg HTTP/1.1" 200 27
180.156.239.18 - - [12/May/2024:09:41:05 +0800] "GET /xingrg/all/function/internal_message.html?_=1715478065785&CODE_STATE=getMsg HTTP/1.1" 200 27
116.232.195.13 - - [12/May/2024:09:41:07 +0800] "GET /xingrg/all/function/internal_message.html?_=1715478036334&CODE_STATE=getMsg HTTP/1.1" 200 27
116.237.78.82 - - [12/May/2024:09:41:09 +0800] "GET /xingrg/all/function/internal_message.html?_=1715478065012&CODE_STATE=getMsg HTTP/1.1" 200 27
180.156.239.18 - - [12/May/2024:09:41:11 +0800] "GET /xingrg/kc/buy/cgsh_order_operate.html?command=get_materiel&rest_code=00151&code=00101007061&supplier_code=00100096&order_time=2024-05-12 HTTP/1.1" 200 426
222.69.133.206 - - [12/May/2024:09:41:12 +0800] "GET /xingrg/kc/buy/cgsh_order_operate.html?command=get_materiel&rest_code=00154&code=00101029003&supplier_code=00100466&order_time=2024-05-12 HTTP/1.1" 200 454
180.164.6.225 - - [12/May/2024:09:41:13 +0800] "GET /xingrg/kc/buy/cgsh_order_operate.html?command=get_materiel&rest_code=00108&code=00101006240&supplier_code=00100012&order_time=2024-05-12 HTTP/1.1" 200 422
222.69.133.206 - - [12/May/2024:09:41:17 +0800] "POST /xingrg/all/common/load_select.html HTTP/1.1" 200 25
101.83.144.49 - - [12/May/2024:09:41:17 +0800] "GET /xingrg/all/function/internal_message.html?_=1715477825298&CODE_STATE=getMsg HTTP/1.1" 200 27
222.69.133.206 - - [12/May/2024:09:41:18 +0800] "GET /xingrg/all/function/internal_message.html?_=1715478079695&CODE_STATE=getMsg HTTP/1.1" 200 27
180.164.6.225 - - [12/May/2024:09:41:21 +0800] "GET /xingrg/all/function/internal_message.html?_=1715478081040&CODE_STATE=getMsg HTTP/1.1" 200 27
222.69.133.206 - - [12/May/2024:09:41:22 +0800] "GET /xingrg/kc/buy/cgsh_order_operate.html?command=get_materiel_price&rest_code=00154&code=00101029003&unit_code=00100179&supplier_code=00100466&order_time=2024-05-12 HTTP/1.1" 200 30
116.232.195.13 - - [12/May/2024:09:41:22 +0800] "GET /xingrg/all/function/internal_message.html?_=1715478052039&CODE_STATE=getMsg HTTP/1.1" 200 27
114.89.67.151 - - [12/May/2024:09:41:24 +0800] "GET /xingrg/all/function/internal_message.html?_=1715478086817&CODE_STATE=getMsg HTTP/1.1" 200 27
180.164.6.225 - - [12/May/2024:09:41:27 +0800] "GET /xingrg/kc/buy/cgsh_order_operate.html?command=get_materiel&rest_code=00108&code=00101006019&supplier_code=00100012&order_time=2024-05-12 HTTP/1.1" 200 419
116.232.195.13 - - [12/May/2024:09:41:28 +0800] "GET /xingrg/all/function/internal_message.html?_=1715478057584&CODE_STATE=getMsg HTTP/1.1" 200 27
180.156.239.18 - - [12/May/2024:09:41:36 +0800] "POST /xingrg/kc/buy/cgsh_order_operate.html HTTP/1.1" 200 37
116.232.195.13 - - [12/May/2024:09:41:39 +0800] "GET /xingrg/all/function/internal_message.html?_=1715478068798&CODE_STATE=getMsg HTTP/1.1" 200 27
124.77.244.56 - - [12/May/2024:09:41:42 +0800] "GET /xingrg/check_reg.html?_=1715478128308 HTTP/1.1" 200 22
101.83.144.49 - - [12/May/2024:09:41:43 +0800] "GET /xingrg/all/function/internal_message.html?_=1715478105189&CODE_STATE=getMsg HTTP/1.1" 200 27
180.156.239.18 - - [12/May/2024:09:41:43 +0800] "POST /xingrg/kc/buy/cgsh_order_operate.html HTTP/1.1" 200 12
222.67.233.39 - - [12/May/2024:09:41:44 +0800] "GET /xingrg/all/function/internal_message.html?_=1715478104050&CODE_STATE=getMsg HTTP/1.1" 200 27
101.83.144.49 - - [12/May/2024:09:41:44 +0800] "GET /xingrg/check_reg.html?_=1715478105676 HTTP/1.1" 200 22
116.238.97.31 - - [12/May/2024:09:41:45 +0800] "GET /xingrg/all/function/internal_message.html?_=1715478106157&CODE_STATE=getMsg HTTP/1.1" 200 27
180.164.6.225 - - [12/May/2024:09:41:45 +0800] "GET /xingrg/kc/buy/cgsh_order_operate.html?command=get_materiel&rest_code=00108&code=00101001010&supplier_code=00100012&order_time=2024-05-12 HTTP/1.1" 200 427
180.156.239.18 - - [12/May/2024:09:41:46 +0800] "GET /xingrg/kc/buy/cgsh_order_info.html?code=212024051203177 HTTP/1.1" 200 69052
180.156.239.18 - - [12/May/2024:09:41:46 +0800] "GET /xingrg/javascript/easyui/themes/default/validatebox.css HTTP/1.1" 404 1104
180.156.239.18 - - [12/May/2024:09:41:47 +0800] "POST /xingrg/kc/buy/cgsh_order_operate.html HTTP/1.1" 200 5894
180.156.239.18 - - [12/May/2024:09:41:49 +0800] "GET /xingrg/kc/print/load_data.html?order_code=212024051203177&kc_code=cgsh&condition= HTTP/1.1" 200 2664
180.169.147.146 - - [12/May/2024:09:41:50 +0800] "GET /xingrg/all/function/internal_message.html?_=1715478110285&CODE_STATE=getMsg HTTP/1.1" 200 27
116.238.97.31 - - [12/May/2024:09:41:50 +0800] "GET /xingrg/all/function/internal_message.html?_=1715478113026&CODE_STATE=getMsg HTTP/1.1" 200 27
180.156.239.18 - - [12/May/2024:09:41:55 +0800] "GET /xingrg/kc/buy/cgsh_order_add.html HTTP/1.1" 200 74191
180.164.6.225 - - [12/May/2024:09:41:55 +0800] "GET /xingrg/kc/buy/cgsh_order_operate.html?command=get_materiel&rest_code=00108&code=00101001191&supplier_code=00100012&order_time=2024-05-12 HTTP/1.1" 200 413
180.156.239.18 - - [12/May/2024:09:41:55 +0800] "POST /xingrg/kc/buy/cgsh_order_operate.html HTTP/1.1" 200 8245
180.156.239.18 - - [12/May/2024:09:41:55 +0800] "GET /xingrg/javascript/easyui/themes/default/validatebox.css HTTP/1.1" 404 1104
101.83.240.252 - - [12/May/2024:09:42:00 +0800] "GET /xingrg/all/function/internal_message.html?_=1715478120072&CODE_STATE=getMsg HTTP/1.1" 200 27
222.69.133.206 - - [12/May/2024:09:42:02 +0800] "GET /xingrg/kc/buy/cgsh_order_operate.html?command=get_materiel&rest_code=00154&code=00101010161&supplier_code=00100466&order_time=2024-05-12 HTTP/1.1" 200 409
180.164.6.225 - - [12/May/2024:09:42:04 +0800] "GET /xingrg/kc/buy/cgsh_order_operate.html?command=get_materiel&rest_code=00108&code=00101002027&supplier_code=00100012&order_time=2024-05-12 HTTP/1.1" 200 413
124.77.244.56 - - [12/May/2024:09:42:05 +0800] "GET /xingrg/all/function/internal_message.html?_=1715478151314&CODE_STATE=getMsg HTTP/1.1" 200 27
180.156.239.18 - - [12/May/2024:09:42:05 +0800] "GET /xingrg/all/function/internal_message.html?_=1715478125785&CODE_STATE=getMsg HTTP/1.1" 200 27
116.232.195.13 - - [12/May/2024:09:42:07 +0800] "GET /xingrg/all/function/internal_message.html?_=1715478096337&CODE_STATE=getMsg HTTP/1.1" 200 27
180.156.239.18 - - [12/May/2024:09:42:08 +0800] "GET /xingrg/kc/buy/cgsh_order_operate.html?command=get_materiel&rest_code=00151&code=00101008169&supplier_code=00100008&order_time=2024-05-12 HTTP/1.1" 200 412
116.237.78.82 - - [12/May/2024:09:42:09 +0800] "GET /xingrg/all/function/internal_message.html?_=1715478124992&CODE_STATE=getMsg HTTP/1.1" 200 27
180.164.6.225 - - [12/May/2024:09:42:13 +0800] "GET /xingrg/kc/buy/cgsh_order_operate.html?command=get_materiel&rest_code=00108&code=00101005037&supplier_code=00100012&order_time=2024-05-12 HTTP/1.1" 200 411
101.83.144.49 - - [12/May/2024:09:42:17 +0800] "GET /xingrg/all/function/internal_message.html?_=1715477885283&CODE_STATE=getMsg HTTP/1.1" 200 27
222.69.133.206 - - [12/May/2024:09:42:18 +0800] "GET /xingrg/all/function/internal_message.html?_=1715478139674&CODE_STATE=getMsg HTTP/1.1" 200 27
222.69.133.206 - - [12/May/2024:09:42:18 +0800] "GET /xingrg/check_reg.html?_=1715478139679 HTTP/1.1" 200 22
180.164.6.225 - - [12/May/2024:09:42:21 +0800] "GET /xingrg/all/function/internal_message.html?_=1715478141051&CODE_STATE=getMsg HTTP/1.1" 200 27
180.164.6.225 - - [12/May/2024:09:42:22 +0800] "GET /xingrg/kc/buy/cgsh_order_operate.html?command=get_materiel&rest_code=00108&code=00101010161&supplier_code=00100012&order_time=2024-05-12 HTTP/1.1" 200 408
116.232.195.13 - - [12/May/2024:09:42:23 +0800] "GET /xingrg/all/function/internal_message.html?_=1715478112046&CODE_STATE=getMsg HTTP/1.1" 200 27
180.156.239.18 - - [12/May/2024:09:42:24 +0800] "GET /xingrg/kc/buy/cgsh_order_operate.html?command=get_materiel&rest_code=00151&code=00101008318&supplier_code=00100008&order_time=2024-05-12 HTTP/1.1" 200 408
114.89.67.151 - - [12/May/2024:09:42:24 +0800] "GET /xingrg/all/function/internal_message.html?_=1715478146806&CODE_STATE=getMsg HTTP/1.1" 200 27
222.69.133.206 - - [12/May/2024:09:42:27 +0800] "GET /xingrg/kc/buy/cgsh_order_operate.html?command=get_materiel&rest_code=00154&code=00101008542&supplier_code=00100466&order_time=2024-05-12 HTTP/1.1" 200 418
116.232.195.13 - - [12/May/2024:09:42:28 +0800] "GET /xingrg/check_reg.html?_=1715478117576 HTTP/1.1" 200 22
116.232.195.13 - - [12/May/2024:09:42:28 +0800] "GET /xingrg/all/function/internal_message.html?_=1715478117579&CODE_STATE=getMsg HTTP/1.1" 200 27
180.164.6.225 - - [12/May/2024:09:42:35 +0800] "POST /xingrg/kc/buy/cgsh_order_operate.html HTTP/1.1" 200 37
180.156.239.18 - - [12/May/2024:09:42:37 +0800] "GET /xingrg/kc/buy/cgsh_order_operate.html?command=get_materiel&rest_code=00151&code=00101008357&supplier_code=00100008&order_time=2024-05-12 HTTP/1.1" 200 408
180.164.6.225 - - [12/May/2024:09:42:37 +0800] "POST /xingrg/kc/buy/cgsh_order_operate.html HTTP/1.1" 200 6813
180.164.6.225 - - [12/May/2024:09:42:39 +0800] "GET /xingrg/kc/print/load_data.html?order_code=212024051203178&kc_code=cgsh&condition= HTTP/1.1" 200 2371
116.232.195.13 - - [12/May/2024:09:42:39 +0800] "GET /xingrg/all/function/internal_message.html?_=1715478128808&CODE_STATE=getMsg HTTP/1.1" 200 27
180.164.6.225 - - [12/May/2024:09:42:43 +0800] "GET /xingrg/kc/buy/cgsh_order_add.html HTTP/1.1" 200 74685
180.164.6.225 - - [12/May/2024:09:42:43 +0800] "POST /xingrg/kc/buy/cgsh_order_operate.html HTTP/1.1" 200 8245
180.164.6.225 - - [12/May/2024:09:42:43 +0800] "GET /xingrg/javascript/easyui/themes/default/validatebox.css HTTP/1.1" 404 1104
101.83.144.49 - - [12/May/2024:09:42:43 +0800] "GET /xingrg/all/function/internal_message.html?_=1715478165165&CODE_STATE=getMsg HTTP/1.1" 200 27
222.67.233.39 - - [12/May/2024:09:42:44 +0800] "GET /xingrg/all/function/internal_message.html?_=1715478164033&CODE_STATE=getMsg HTTP/1.1" 200 27
180.156.239.18 - - [12/May/2024:09:42:44 +0800] "GET /xingrg/kc/buy/cgsh_order_operate.html?command=get_materiel&rest_code=00151&code=00101008350&supplier_code=00100008&order_time=2024-05-12 HTTP/1.1" 200 408
116.238.97.31 - - [12/May/2024:09:42:45 +0800] "GET /xingrg/all/function/internal_message.html?_=1715478166141&CODE_STATE=getMsg HTTP/1.1" 200 27
180.164.6.225 - - [12/May/2024:09:42:45 +0800] "GET /xingrg/javascript/jquery_tools/images/prev.gif HTTP/1.1" 404 1086
180.164.6.225 - - [12/May/2024:09:42:45 +0800] "GET /xingrg/javascript/jquery_tools/images/next.gif HTTP/1.1" 404 1086
116.238.97.31 - - [12/May/2024:09:42:45 +0800] "GET /xingrg/check_reg.html?_=1715478166842 HTTP/1.1" 200 22
180.169.147.146 - - [12/May/2024:09:42:50 +0800] "GET /xingrg/check_reg.html?_=1715478170284 HTTP/1.1" 200 22
180.169.147.146 - - [12/May/2024:09:42:50 +0800] "GET /xingrg/all/function/internal_message.html?_=1715478170286&CODE_STATE=getMsg HTTP/1.1" 200 27
116.238.97.31 - - [12/May/2024:09:42:50 +0800] "GET /xingrg/all/function/internal_message.html?_=1715478173011&CODE_STATE=getMsg HTTP/1.1" 200 27
180.156.239.18 - - [12/May/2024:09:42:51 +0800] "GET /xingrg/kc/buy/cgsh_order_operate.html?command=get_materiel&rest_code=00151&code=00101008415&supplier_code=00100008&order_time=2024-05-12 HTTP/1.1" 200 412
180.164.6.225 - - [12/May/2024:09:42:53 +0800] "GET /xingrg/kc/buy/cgsh_order_operate.html?command=get_materiel&rest_code=00108&code=00101007072&supplier_code=00100002&order_time=2024-05-12 HTTP/1.1" 200 419
101.83.240.252 - - [12/May/2024:09:43:00 +0800] "GET /xingrg/all/function/internal_message.html?_=1715478180052&CODE_STATE=getMsg HTTP/1.1" 200 27
180.156.239.18 - - [12/May/2024:09:43:01 +0800] "GET /xingrg/kc/buy/cgsh_order_operate.html?command=get_materiel&rest_code=00151&code=00101008029&supplier_code=00100008&order_time=2024-05-12 HTTP/1.1" 200 418
124.77.244.56 - - [12/May/2024:09:43:05 +0800] "GET /xingrg/all/function/internal_message.html?_=1715478211327&CODE_STATE=getMsg HTTP/1.1" 200 27
180.156.239.18 - - [12/May/2024:09:43:05 +0800] "GET /xingrg/all/function/internal_message.html?_=1715478185782&CODE_STATE=getMsg HTTP/1.1" 200 27
180.164.6.225 - - [12/May/2024:09:43:07 +0800] "GET /xingrg/kc/buy/cgsh_order_operate.html?command=get_materiel&rest_code=00108&code=00101007048&supplier_code=00100002&order_time=2024-05-12 HTTP/1.1" 200 424
