222.69.133.206 - - [12/May/2024:10:34:18 +0800] "GET /xingrg/all/function/internal_message.html?_=1715481259689&CODE_STATE=getMsg HTTP/1.1" 200 27
116.237.78.82 - - [12/May/2024:10:34:21 +0800] "GET /xingrg/kc/buy/cgsh_order_add.html HTTP/1.1" 200 74587
180.164.6.225 - - [12/May/2024:10:34:21 +0800] "GET /xingrg/all/function/internal_message.html?_=1715481261044&CODE_STATE=getMsg HTTP/1.1" 200 27
116.237.78.82 - - [12/May/2024:10:34:21 +0800] "POST /xingrg/kc/buy/cgsh_order_operate.html HTTP/1.1" 200 8245
116.237.78.82 - - [12/May/2024:10:34:21 +0800] "GET /xingrg/javascript/easyui/themes/default/validatebox.css HTTP/1.1" 404 1104
116.237.78.82 - - [12/May/2024:10:34:24 +0800] "GET /xingrg/javascript/easyui/themes/default/tree.css HTTP/1.1" 404 1090
116.237.78.82 - - [12/May/2024:10:34:24 +0800] "POST /xingrg/all/common/load_tree.html?tree=supplier_tree_json&isDelete=1 HTTP/1.1" 200 80088
222.67.233.39 - - [12/May/2024:10:34:26 +0800] "GET /xingrg/kc/buy/cgsh_order_operate.html?command=get_materiel&rest_code=00141&code=00101016030&supplier_code=00100096&order_time=2024-05-12 HTTP/1.1" 200 412
116.232.195.13 - - [12/May/2024:10:34:26 +0800] "GET /xingrg/index.html?sysBaseUrl=http%3A%2F%2F180.169.147.146%3A18081%2Fxingrg%2F&costTime=1779×tamp=1684631389383 HTTP/1.1" 200 17179
116.232.195.13 - - [12/May/2024:10:34:27 +0800] "GET /xingrg/all/function/internal_message.html?_=1715481236399&CODE_STATE=count HTTP/1.1" 200 11
116.232.195.13 - - [12/May/2024:10:34:27 +0800] "GET /xingrg/check_reg.html?_=1715481236400 HTTP/1.1" 200 22
116.232.195.13 - - [12/May/2024:10:34:27 +0800] "POST /xingrg/all/common/load_tree.html?tree=area_rest_tree_json&manage=1 HTTP/1.1" 200 351
116.232.195.13 - - [12/May/2024:10:34:27 +0800] "GET /favicon.ico HTTP/1.1" 404 -
116.232.195.13 - - [12/May/2024:10:34:27 +0800] "POST /xingrg/load_menu.html HTTP/1.1" 200 5138
120.253.135.82 - - [12/May/2024:10:34:32 +0800] "GET /xingrg/all/function/internal_message.html?_=1715481122485&CODE_STATE=getMsg HTTP/1.1" 200 27
116.232.195.13 - - [12/May/2024:10:34:32 +0800] "GET /xingrg/kc/buy/cgsh_order_list.html HTTP/1.1" 200 58786
116.232.195.13 - - [12/May/2024:10:34:41 +0800] "POST /xingrg/kc/buy/cgsh_list_operate.html HTTP/1.1" 200 2260
101.83.144.49 - - [12/May/2024:10:34:42 +0800] "GET /xingrg/all/function/internal_message.html?_=1715481283932&CODE_STATE=getMsg HTTP/1.1" 200 27
222.67.233.39 - - [12/May/2024:10:34:43 +0800] "GET /xingrg/all/function/internal_message.html?_=1715481283149&CODE_STATE=getMsg HTTP/1.1" 200 27
116.237.78.82 - - [12/May/2024:10:34:43 +0800] "GET /xingrg/kc/buy/cgsh_order_operate.html?command=get_materiel&rest_code=00106&code=00101004124&supplier_code=00100086&order_time=2024-05-12 HTTP/1.1" 200 412
116.238.97.31 - - [12/May/2024:10:34:44 +0800] "GET /xingrg/all/function/internal_message.html?_=1715481285521&CODE_STATE=getMsg HTTP/1.1" 200 27
221.239.170.140 - - [12/May/2024:10:34:45 +0800] "GET /xingrg/all/function/internal_message.html?_=1715481285858&CODE_STATE=getMsg HTTP/1.1" 200 27
180.169.147.146 - - [12/May/2024:10:34:50 +0800] "GET /xingrg/all/function/internal_message.html?_=1715481290385&CODE_STATE=getMsg HTTP/1.1" 200 27
222.67.233.39 - - [12/May/2024:10:34:51 +0800] "GET /xingrg/kc/buy/cgsh_order_operate.html?command=get_materiel&rest_code=00141&code=00101010136&supplier_code=00100096&order_time=2024-05-12 HTTP/1.1" 200 408
116.237.78.82 - - [12/May/2024:10:34:54 +0800] "POST /xingrg/kc/buy/cgsh_order_operate.html HTTP/1.1" 200 2656
116.232.195.13 - - [12/May/2024:10:34:55 +0800] "GET /xingrg/javascript/auto/indicator.gif HTTP/1.1" 404 1066
116.237.78.82 - - [12/May/2024:10:34:57 +0800] "GET /xingrg/all/function/internal_message.html?_=1715481297867&CODE_STATE=getMsg HTTP/1.1" 200 27
180.156.239.18 - - [12/May/2024:10:34:59 +0800] "GET /xingrg/all/function/internal_message.html?_=1715481299013&CODE_STATE=getMsg HTTP/1.1" 200 27
101.83.240.252 - - [12/May/2024:10:34:59 +0800] "GET /xingrg/all/function/internal_message.html?_=1715481299211&CODE_STATE=getMsg HTTP/1.1" 200 27
222.67.233.39 - - [12/May/2024:10:35:00 +0800] "GET /xingrg/check_reg.html?_=1715481300458 HTTP/1.1" 200 22
180.169.147.146 - - [12/May/2024:10:35:00 +0800] "GET /xingrg/all/function/internal_message.html?_=1715481300865&CODE_STATE=getMsg HTTP/1.1" 200 27
222.70.183.82 - - [12/May/2024:10:35:07 +0800] "GET /favicon.ico HTTP/1.1" 404 -
221.239.170.140 - - [12/May/2024:10:35:09 +0800] "GET /xingrg/kc/buy/cgsh_order_operate.html?command=get_materiel&rest_code=00145&code=00101008087&supplier_code=00100556&order_time=2024-05-08 HTTP/1.1" 200 412
116.237.78.82 - - [12/May/2024:10:35:10 +0800] "GET /xingrg/all/function/internal_message.html?_=1715481305435&CODE_STATE=getMsg HTTP/1.1" 200 27
116.232.195.13 - - [12/May/2024:10:35:12 +0800] "GET /xingrg/all/function/internal_message.html?_=1715481281777&CODE_STATE=getMsg HTTP/1.1" 200 27
116.232.195.13 - - [12/May/2024:10:35:13 +0800] "POST /xingrg/kc/buy/cgsh_list_operate.html HTTP/1.1" 200 2361
222.67.233.39 - - [12/May/2024:10:35:13 +0800] "GET /xingrg/kc/buy/cgsh_order_operate.html?command=get_materiel&rest_code=00141&code=00101011001&supplier_code=00100096&order_time=2024-05-12 HTTP/1.1" 200 442
116.237.78.82 - - [12/May/2024:10:35:14 +0800] "GET /xingrg/kc/buy/cgsh_order_operate.html?command=get_materiel&rest_code=00106&code=00101005088&supplier_code=00100086&order_time=2024-05-12 HTTP/1.1" 200 414
124.77.244.56 - - [12/May/2024:10:35:15 +0800] "GET /xingrg/all/function/internal_message.html?_=1715481341254&CODE_STATE=getMsg HTTP/1.1" 200 27
116.232.195.13 - - [12/May/2024:10:35:15 +0800] "POST /xingrg/kc/buy/cgsh_list_operate.html HTTP/1.1" 200 202
101.83.144.49 - - [12/May/2024:10:35:17 +0800] "GET /xingrg/all/function/internal_message.html?_=1715481064886&CODE_STATE=getMsg HTTP/1.1" 200 27
222.69.133.206 - - [12/May/2024:10:35:18 +0800] "GET /xingrg/all/function/internal_message.html?_=1715481319688&CODE_STATE=getMsg HTTP/1.1" 200 27
116.232.195.13 - - [12/May/2024:10:35:18 +0800] "GET /xingrg/kc/buy/cgsh_order_info.html?code=212024050902486 HTTP/1.1" 200 69558
116.232.195.13 - - [12/May/2024:10:35:18 +0800] "GET /xingrg/javascript/easyui/themes/default/validatebox.css HTTP/1.1" 404 1104
116.232.195.13 - - [12/May/2024:10:35:19 +0800] "POST /xingrg/kc/buy/cgsh_order_operate.html HTTP/1.1" 200 608
180.164.6.225 - - [12/May/2024:10:35:21 +0800] "GET /xingrg/all/function/internal_message.html?_=1715481321054&CODE_STATE=getMsg HTTP/1.1" 200 27
180.164.6.225 - - [12/May/2024:10:35:21 +0800] "GET /xingrg/check_reg.html?_=1715481321059 HTTP/1.1" 200 22
116.238.97.31 - - [12/May/2024:10:35:25 +0800] "GET /xingrg/kc/base/wldb_order_list.html HTTP/1.1" 200 19174
116.238.97.31 - - [12/May/2024:10:35:26 +0800] "POST /xingrg/kc/base/wldb_list_operate.html HTTP/1.1" 200 928
116.232.195.13 - - [12/May/2024:10:35:27 +0800] "GET /xingrg/all/function/internal_message.html?_=1715481296422&CODE_STATE=getMsg HTTP/1.1" 200 27
116.237.78.82 - - [12/May/2024:10:35:27 +0800] "POST /xingrg/kc/buy/cgsh_order_operate.html HTTP/1.1" 200 37
222.67.233.39 - - [12/May/2024:10:35:28 +0800] "GET /xingrg/kc/buy/cgsh_order_operate.html?command=get_materiel&rest_code=00141&code=00101011005&supplier_code=00100096&order_time=2024-05-12 HTTP/1.1" 200 429
120.253.135.82 - - [12/May/2024:10:35:32 +0800] "GET /xingrg/all/function/internal_message.html?_=1715481182510&CODE_STATE=getMsg HTTP/1.1" 200 27
116.237.78.82 - - [12/May/2024:10:35:34 +0800] "POST /xingrg/kc/buy/cgsh_order_operate.html HTTP/1.1" 200 12
221.239.170.140 - - [12/May/2024:10:35:36 +0800] "GET /xingrg/kc/buy/cgsh_order_operate.html?command=get_materiel&rest_code=00145&code=00101008205&supplier_code=00100556&order_time=2024-05-08 HTTP/1.1" 200 412
116.238.97.31 - - [12/May/2024:10:35:37 +0800] "GET /xingrg/kc/base/wldb_order_add.html HTTP/1.1" 200 30658
116.237.78.82 - - [12/May/2024:10:35:37 +0800] "GET /xingrg/kc/buy/cgsh_order_info.html?code=212024051203201 HTTP/1.1" 200 69462
116.238.97.31 - - [12/May/2024:10:35:37 +0800] "POST /xingrg/kc/base/wldb_order_operate.html HTTP/1.1" 200 6806
116.238.97.31 - - [12/May/2024:10:35:37 +0800] "GET /xingrg/all/common/auto_word.html?type=base&rest_code=00102 HTTP/1.1" 200 1857
116.238.97.31 - - [12/May/2024:10:35:37 +0800] "GET /xingrg/javascript/easyui/themes/default/validatebox.css HTTP/1.1" 404 1104
116.238.97.31 - - [12/May/2024:10:35:37 +0800] "GET /xingrg/all/common/auto_word.html?type=base&rest_code=00102 HTTP/1.1" 200 1857
116.237.78.82 - - [12/May/2024:10:35:37 +0800] "GET /xingrg/javascript/easyui/themes/default/validatebox.css HTTP/1.1" 404 1104
116.237.78.82 - - [12/May/2024:10:35:38 +0800] "POST /xingrg/kc/buy/cgsh_order_operate.html HTTP/1.1" 200 1206
116.238.97.31 - - [12/May/2024:10:35:38 +0800] "GET /xingrg/css/images/panel_loading.gif HTTP/1.1" 200 1737
116.238.97.31 - - [12/May/2024:10:35:39 +0800] "POST /xingrg/all/common/load_combo.html?type=base HTTP/1.1" 200 3321
116.237.78.82 - - [12/May/2024:10:35:42 +0800] "GET /xingrg/kc/print/load_data.html?order_code=212024051203201&kc_code=cgsh&condition= HTTP/1.1" 200 997
101.83.144.49 - - [12/May/2024:10:35:42 +0800] "GET /xingrg/all/function/internal_message.html?_=1715481343906&CODE_STATE=getMsg HTTP/1.1" 200 27
222.67.233.39 - - [12/May/2024:10:35:43 +0800] "GET /xingrg/all/function/internal_message.html?_=1715481343131&CODE_STATE=getMsg HTTP/1.1" 200 27
116.238.97.31 - - [12/May/2024:10:35:43 +0800] "POST /xingrg/all/common/load_combo.html?type=base HTTP/1.1" 200 3321
120.253.135.82 - - [12/May/2024:10:35:44 +0800] "GET /xingrg/check_reg.html?_=1715481195025 HTTP/1.1" 200 22
116.238.97.31 - - [12/May/2024:10:35:44 +0800] "GET /xingrg/all/function/internal_message.html?_=1715481345495&CODE_STATE=getMsg HTTP/1.1" 200 27
221.239.170.140 - - [12/May/2024:10:35:46 +0800] "GET /xingrg/all/function/internal_message.html?_=1715481345864&CODE_STATE=getMsg HTTP/1.1" 200 27
221.239.170.140 - - [12/May/2024:10:35:46 +0800] "GET /xingrg/check_reg.html?_=1715481345867 HTTP/1.1" 200 22
180.169.147.146 - - [12/May/2024:10:35:50 +0800] "GET /xingrg/all/function/internal_message.html?_=1715481350383&CODE_STATE=getMsg HTTP/1.1" 200 27
101.83.240.252 - - [12/May/2024:10:35:54 +0800] "GET /xingrg/check_reg.html?_=1715481354449 HTTP/1.1" 200 22
114.89.67.151 - - [12/May/2024:10:35:54 +0800] "GET /xingrg/check_reg.html?_=1715481356957 HTTP/1.1" 200 22
116.237.78.82 - - [12/May/2024:10:35:57 +0800] "GET /xingrg/all/function/internal_message.html?_=1715481357867&CODE_STATE=getMsg HTTP/1.1" 200 27
180.156.239.18 - - [12/May/2024:10:35:59 +0800] "GET /xingrg/all/function/internal_message.html?_=1715481359022&CODE_STATE=getMsg HTTP/1.1" 200 27
180.156.239.18 - - [12/May/2024:10:35:59 +0800] "GET /xingrg/check_reg.html?_=1715481359025 HTTP/1.1" 200 22
101.83.240.252 - - [12/May/2024:10:35:59 +0800] "GET /xingrg/all/function/internal_message.html?_=1715481359189&CODE_STATE=getMsg HTTP/1.1" 200 27
180.169.147.146 - - [12/May/2024:10:36:00 +0800] "GET /xingrg/all/function/internal_message.html?_=1715481360865&CODE_STATE=getMsg HTTP/1.1" 200 27
116.238.97.31 - - [12/May/2024:10:36:00 +0800] "GET /xingrg/kc/base/wldb_order_operate.html?command=get_materiel&rest_code=00102&base_code=0010476&code=00101019056 HTTP/1.1" 200 476
222.67.233.39 - - [12/May/2024:10:36:02 +0800] "GET /xingrg/kc/buy/cgsh_order_operate.html?command=get_materiel&rest_code=00141&code=00101012025&supplier_code=00100096&order_time=2024-05-12 HTTP/1.1" 200 413
116.238.97.31 - - [12/May/2024:10:36:05 +0800] "GET /xingrg/kc/base/wldb_order_operate.html?command=get_materiel&rest_code=00102&base_code=0010476&code=00101019430 HTTP/1.1" 200 477
116.237.78.82 - - [12/May/2024:10:36:10 +0800] "GET /xingrg/all/function/internal_message.html?_=1715481365410&CODE_STATE=getMsg HTTP/1.1" 200 27
116.238.97.31 - - [12/May/2024:10:36:11 +0800] "GET /xingrg/kc/base/wldb_order_operate.html?command=get_materiel&rest_code=00102&base_code=0010476&code=00101019706 HTTP/1.1" 200 460
116.232.195.13 - - [12/May/2024:10:36:12 +0800] "GET /xingrg/all/function/internal_message.html?_=1715481341778&CODE_STATE=getMsg HTTP/1.1" 200 27
124.77.244.56 - - [12/May/2024:10:36:15 +0800] "GET /xingrg/all/function/internal_message.html?_=1715481401676&CODE_STATE=getMsg HTTP/1.1" 200 27
101.83.144.49 - - [12/May/2024:10:36:17 +0800] "GET /xingrg/all/function/internal_message.html?_=1715481124883&CODE_STATE=getMsg HTTP/1.1" 200 27
222.69.133.206 - - [12/May/2024:10:36:18 +0800] "GET /xingrg/all/function/internal_message.html?_=1715481379691&CODE_STATE=getMsg HTTP/1.1" 200 27
222.67.233.39 - - [12/May/2024:10:36:19 +0800] "GET /xingrg/kc/buy/cgsh_order_operate.html?command=get_materiel&rest_code=00141&code=00101012024&supplier_code=00100096&order_time=2024-05-12 HTTP/1.1" 200 408
116.238.97.31 - - [12/May/2024:10:36:20 +0800] "GET /xingrg/kc/base/wldb_order_operate.html?command=get_materiel&rest_code=00102&base_code=0010476&code=00101019527 HTTP/1.1" 200 474
180.164.6.225 - - [12/May/2024:10:36:21 +0800] "GET /xingrg/all/function/internal_message.html?_=1715481381058&CODE_STATE=getMsg HTTP/1.1" 200 27
221.239.170.140 - - [12/May/2024:10:36:25 +0800] "GET /xingrg/kc/buy/cgsh_order_operate.html?command=get_materiel&rest_code=00145&code=00101008356&supplier_code=00100556&order_time=2024-05-08 HTTP/1.1" 200 423
116.232.195.13 - - [12/May/2024:10:36:27 +0800] "GET /xingrg/all/function/internal_message.html?_=1715481356411&CODE_STATE=getMsg HTTP/1.1" 200 27
116.238.97.31 - - [12/May/2024:10:36:28 +0800] "POST /xingrg/kc/base/wldb_order_operate.html HTTP/1.1" 200 37
120.253.135.82 - - [12/May/2024:10:36:32 +0800] "GET /xingrg/all/function/internal_message.html?_=1715481242528&CODE_STATE=getMsg HTTP/1.1" 200 27
116.238.97.31 - - [12/May/2024:10:36:34 +0800] "POST /xingrg/kc/base/wldb_order_operate.html HTTP/1.1" 200 12
116.238.97.31 - - [12/May/2024:10:36:34 +0800] "POST /xingrg/kc/base/wldb_order_operate.html HTTP/1.1" 200 3232
222.67.233.39 - - [12/May/2024:10:36:34 +0800] "GET /xingrg/kc/buy/cgsh_order_operate.html?command=get_materiel&rest_code=00141&code=00101007072&supplier_code=00100096&order_time=2024-05-12 HTTP/1.1" 200 419
116.238.97.31 - - [12/May/2024:10:36:36 +0800] "GET /xingrg/kc/base/wldb_order_info.html?code=422024051200777 HTTP/1.1" 200 26536
116.238.97.31 - - [12/May/2024:10:36:36 +0800] "GET /xingrg/javascript/easyui/themes/default/validatebox.css HTTP/1.1" 404 1104
116.238.97.31 - - [12/May/2024:10:36:36 +0800] "POST /xingrg/kc/base/wldb_order_operate.html HTTP/1.1" 200 1504
101.83.144.49 - - [12/May/2024:10:36:42 +0800] "GET /xingrg/all/function/internal_message.html?_=1715481403877&CODE_STATE=getMsg HTTP/1.1" 200 27
124.77.244.56 - - [12/May/2024:10:36:43 +0800] "GET /xingrg/check_reg.html?_=1715481428804 HTTP/1.1" 200 22
222.67.233.39 - - [12/May/2024:10:36:43 +0800] "GET /xingrg/all/function/internal_message.html?_=1715481403125&CODE_STATE=getMsg HTTP/1.1" 200 27
101.80.230.31 - - [12/May/2024:10:36:43 +0800] "GET /favicon.ico HTTP/1.1" 404 -
101.83.144.49 - - [12/May/2024:10:36:44 +0800] "GET /xingrg/check_reg.html?_=1715481405751 HTTP/1.1" 200 22
116.238.97.31 - - [12/May/2024:10:36:44 +0800] "GET /xingrg/all/function/internal_message.html?_=1715481405477&CODE_STATE=getMsg HTTP/1.1" 200 27
221.239.170.140 - - [12/May/2024:10:36:46 +0800] "GET /xingrg/all/function/internal_message.html?_=1715481405860&CODE_STATE=getMsg HTTP/1.1" 200 27
116.238.97.31 - - [12/May/2024:10:36:47 +0800] "GET /xingrg/kc/base/wldb_order_add.html HTTP/1.1" 200 30658
116.238.97.31 - - [12/May/2024:10:36:47 +0800] "POST /xingrg/kc/base/wldb_order_operate.html HTTP/1.1" 200 6806
116.238.97.31 - - [12/May/2024:10:36:47 +0800] "GET /xingrg/javascript/easyui/themes/default/validatebox.css HTTP/1.1" 404 1104
180.169.147.146 - - [12/May/2024:10:36:50 +0800] "GET /xingrg/all/function/internal_message.html?_=1715481410383&CODE_STATE=getMsg HTTP/1.1" 200 27
116.238.97.31 - - [12/May/2024:10:36:54 +0800] "POST /xingrg/all/common/load_combo.html?type=base HTTP/1.1" 200 3321
116.238.97.31 - - [12/May/2024:10:36:56 +0800] "POST /xingrg/all/common/load_combo.html?type=base HTTP/1.1" 200 3321
116.237.78.82 - - [12/May/2024:10:36:57 +0800] "GET /xingrg/all/function/internal_message.html?_=1715481417874&CODE_STATE=getMsg HTTP/1.1" 200 27
180.156.239.18 - - [12/May/2024:10:36:58 +0800] "GET /xingrg/javascript/auto/indicator.gif HTTP/1.1" 404 1066
180.156.239.18 - - [12/May/2024:10:36:59 +0800] "GET /xingrg/all/function/internal_message.html?_=1715481419022&CODE_STATE=getMsg HTTP/1.1" 200 27
101.83.240.252 - - [12/May/2024:10:36:59 +0800] "GET /xingrg/all/function/internal_message.html?_=1715481419172&CODE_STATE=getMsg HTTP/1.1" 200 27
180.169.147.146 - - [12/May/2024:10:37:00 +0800] "GET /xingrg/all/function/internal_message.html?_=1715481420864&CODE_STATE=getMsg HTTP/1.1" 200 27
116.238.97.31 - - [12/May/2024:10:37:06 +0800] "GET /xingrg/kc/base/wldb_order_operate.html?command=get_materiel&rest_code=00102&base_code=0010476&code=00101016094 HTTP/1.1" 200 469
180.156.239.18 - - [12/May/2024:10:37:08 +0800] "GET /xingrg/kc/buy/cgsh_order_operate.html?command=get_materiel&rest_code=00150&code=00101011005&supplier_code=00100047&order_time=2024-05-12 HTTP/1.1" 200 428
116.237.78.82 - - [12/May/2024:10:37:10 +0800] "GET /xingrg/all/function/internal_message.html?_=1715481425396&CODE_STATE=getMsg HTTP/1.1" 200 27
222.67.233.39 - - [12/May/2024:10:37:10 +0800] "GET /xingrg/kc/buy/cgsh_order_operate.html?command=get_materiel&rest_code=00141&code=00101007060&supplier_code=00100096&order_time=2024-05-12 HTTP/1.1" 200 409
116.238.97.31 - - [12/May/2024:10:37:12 +0800] "GET /xingrg/kc/base/wldb_order_operate.html?command=get_materiel&rest_code=00102&base_code=0010476&code=00101019015 HTTP/1.1" 200 451
116.232.195.13 - - [12/May/2024:10:37:12 +0800] "GET /xingrg/all/function/internal_message.html?_=1715481401776&CODE_STATE=getMsg HTTP/1.1" 200 27
116.232.195.13 - - [12/May/2024:10:37:12 +0800] "GET /xingrg/check_reg.html?_=1715481401787 HTTP/1.1" 200 22
124.77.244.56 - - [12/May/2024:10:37:15 +0800] "GET /xingrg/all/function/internal_message.html?_=1715481461690&CODE_STATE=getMsg HTTP/1.1" 200 27
101.83.144.49 - - [12/May/2024:10:37:17 +0800] "GET /xingrg/all/function/internal_message.html?_=1715481184880&CODE_STATE=getMsg HTTP/1.1" 200 27
222.69.133.206 - - [12/May/2024:10:37:18 +0800] "GET /xingrg/all/function/internal_message.html?_=1715481439689&CODE_STATE=getMsg HTTP/1.1" 200 27
222.69.133.206 - - [12/May/2024:10:37:18 +0800] "GET /xingrg/check_reg.html?_=1715481439692 HTTP/1.1" 200 22
221.239.170.140 - - [12/May/2024:10:37:18 +0800] "GET /xingrg/kc/buy/cgsh_order_operate.html?command=get_materiel&rest_code=00145&code=00101008155&supplier_code=00100556&order_time=2024-05-08 HTTP/1.1" 200 428
116.237.78.82 - - [12/May/2024:10:37:19 +0800] "GET /xingrg/kc/buy/cgsh_order_operate.html?command=get_materiel&rest_code=00106&code=00101008150&supplier_code=00100008&order_time=2024-05-12 HTTP/1.1" 200 409
116.238.97.31 - - [12/May/2024:10:37:20 +0800] "POST /xingrg/kc/base/wldb_order_operate.html HTTP/1.1" 200 37
180.164.6.225 - - [12/May/2024:10:37:21 +0800] "GET /xingrg/all/function/internal_message.html?_=1715481441051&CODE_STATE=getMsg HTTP/1.1" 200 27
116.238.97.31 - - [12/May/2024:10:37:26 +0800] "POST /xingrg/kc/base/wldb_order_operate.html HTTP/1.1" 200 12
116.238.97.31 - - [12/May/2024:10:37:26 +0800] "POST /xingrg/kc/base/wldb_order_operate.html HTTP/1.1" 200 2695
116.232.195.13 - - [12/May/2024:10:37:27 +0800] "GET /xingrg/all/function/internal_message.html?_=1715481416418&CODE_STATE=getMsg HTTP/1.1" 200 27
116.238.97.31 - - [12/May/2024:10:37:28 +0800] "GET /xingrg/kc/base/wldb_order_info.html?code=422024051200778 HTTP/1.1" 200 26535
116.238.97.31 - - [12/May/2024:10:37:28 +0800] "GET /xingrg/javascript/easyui/themes/default/validatebox.css HTTP/1.1" 404 1104
116.238.97.31 - - [12/May/2024:10:37:28 +0800] "POST /xingrg/kc/base/wldb_order_operate.html HTTP/1.1" 200 978
180.156.239.18 - - [12/May/2024:10:37:29 +0800] "POST /xingrg/kc/buy/cgsh_order_operate.html HTTP/1.1" 200 37
222.67.233.39 - - [12/May/2024:10:37:30 +0800] "GET /xingrg/kc/buy/cgsh_order_operate.html?command=get_materiel&rest_code=00141&code=00101006111&supplier_code=00100096&order_time=2024-05-12 HTTP/1.1" 200 409
116.238.97.31 - - [12/May/2024:10:37:30 +0800] "GET /xingrg/kc/base/wldb_order_add.html HTTP/1.1" 200 30658
116.238.97.31 - - [12/May/2024:10:37:31 +0800] "POST /xingrg/kc/base/wldb_order_operate.html HTTP/1.1" 200 6806
116.238.97.31 - - [12/May/2024:10:37:31 +0800] "GET /xingrg/javascript/easyui/themes/default/validatebox.css HTTP/1.1" 404 1104
116.238.97.31 - - [12/May/2024:10:37:32 +0800] "POST /xingrg/all/common/load_combo.html?type=base HTTP/1.1" 200 3321
120.253.135.82 - - [12/May/2024:10:37:32 +0800] "GET /xingrg/all/function/internal_message.html?_=1715481302541&CODE_STATE=getMsg HTTP/1.1" 200 27
116.238.97.31 - - [12/May/2024:10:37:33 +0800] "POST /xingrg/all/common/load_combo.html?type=base HTTP/1.1" 200 3321
116.237.78.82 - - [12/May/2024:10:37:33 +0800] "GET /xingrg/kc/buy/cgsh_order_operate.html?command=get_materiel&rest_code=00106&code=00101008168&supplier_code=00100008&order_time=2024-05-12 HTTP/1.1" 200 412
116.232.195.13 - - [12/May/2024:10:37:33 +0800] "GET /xingrg/kc/buy/cgsh_order_list.html HTTP/1.1" 200 58786
180.156.239.18 - - [12/May/2024:10:37:37 +0800] "POST /xingrg/kc/buy/cgsh_order_operate.html HTTP/1.1" 200 12
221.239.170.140 - - [12/May/2024:10:37:37 +0800] "GET /xingrg/kc/buy/cgsh_order_operate.html?command=get_materiel&rest_code=00145&code=00101008049&supplier_code=00100556&order_time=2024-05-08 HTTP/1.1" 200 428
101.83.144.49 - - [12/May/2024:10:37:42 +0800] "GET /xingrg/all/function/internal_message.html?_=1715481463860&CODE_STATE=getMsg HTTP/1.1" 200 27
222.67.233.39 - - [12/May/2024:10:37:43 +0800] "GET /xingrg/all/function/internal_message.html?_=1715481463123&CODE_STATE=getMsg HTTP/1.1" 200 27
180.156.239.18 - - [12/May/2024:10:37:44 +0800] "GET /xingrg/kc/buy/cgsh_order_info.html?code=212024051203202 HTTP/1.1" 200 69508
116.238.97.31 - - [12/May/2024:10:37:44 +0800] "GET /xingrg/all/function/internal_message.html?_=1715481465474&CODE_STATE=getMsg HTTP/1.1" 200 27
180.156.239.18 - - [12/May/2024:10:37:44 +0800] "GET /xingrg/javascript/easyui/themes/default/validatebox.css HTTP/1.1" 404 1104
116.238.97.31 - - [12/May/2024:10:37:45 +0800] "GET /xingrg/check_reg.html?_=1715481466708 HTTP/1.1" 200 22
180.156.239.18 - - [12/May/2024:10:37:45 +0800] "POST /xingrg/kc/buy/cgsh_order_operate.html HTTP/1.1" 200 606
221.239.170.140 - - [12/May/2024:10:37:46 +0800] "GET /xingrg/all/function/internal_message.html?_=1715481465876&CODE_STATE=getMsg HTTP/1.1" 200 27
116.232.195.13 - - [12/May/2024:10:37:46 +0800] "POST /xingrg/kc/buy/cgsh_list_operate.html HTTP/1.1" 200 2260
116.237.78.82 - - [12/May/2024:10:37:48 +0800] "GET /xingrg/kc/buy/cgsh_order_operate.html?command=get_materiel&rest_code=00106&code=00101008095&supplier_code=00100008&order_time=2024-05-12 HTTP/1.1" 200 412
180.169.147.146 - - [12/May/2024:10:37:50 +0800] "GET /xingrg/all/function/internal_message.html?_=1715481470382&CODE_STATE=getMsg HTTP/1.1" 200 27
180.169.147.146 - - [12/May/2024:10:37:50 +0800] "GET /xingrg/check_reg.html?_=1715481470383 HTTP/1.1" 200 22
180.156.239.18 - - [12/May/2024:10:37:50 +0800] "GET /xingrg/kc/print/load_data.html?order_code=212024051203202&kc_code=cgsh&condition= HTTP/1.1" 200 759
222.67.233.39 - - [12/May/2024:10:37:53 +0800] "GET /xingrg/kc/buy/cgsh_order_operate.html?command=get_materiel&rest_code=00141&code=00101005036&supplier_code=00100096&order_time=2024-05-12 HTTP/1.1" 200 409
221.239.170.140 - - [12/May/2024:10:37:54 +0800] "GET /xingrg/kc/buy/cgsh_order_operate.html?command=get_materiel&rest_code=00145&code=00101008351&supplier_code=00100556&order_time=2024-05-08 HTTP/1.1" 200 423
180.156.239.18 - - [12/May/2024:10:37:55 +0800] "GET /xingrg/kc/buy/cgsh_order_add.html HTTP/1.1" 200 74637
180.156.239.18 - - [12/May/2024:10:37:55 +0800] "POST /xingrg/kc/buy/cgsh_order_operate.html HTTP/1.1" 200 8245
180.156.239.18 - - [12/May/2024:10:37:55 +0800] "GET /xingrg/javascript/easyui/themes/default/validatebox.css HTTP/1.1" 404 1104
116.238.97.31 - - [12/May/2024:10:37:56 +0800] "GET /xingrg/kc/base/wldb_order_operate.html?command=get_materiel&rest_code=00102&base_code=0010476&code=00101019222 HTTP/1.1" 200 451
116.237.78.82 - - [12/May/2024:10:37:57 +0800] "GET /xingrg/check_reg.html?_=1715481477876 HTTP/1.1" 200 22
116.237.78.82 - - [12/May/2024:10:37:57 +0800] "GET /xingrg/all/function/internal_message.html?_=1715481477880&CODE_STATE=getMsg HTTP/1.1" 200 27
101.83.240.252 - - [12/May/2024:10:37:59 +0800] "GET /xingrg/all/function/internal_message.html?_=1715481479151&CODE_STATE=getMsg HTTP/1.1" 200 27
180.156.239.18 - - [12/May/2024:10:37:59 +0800] "GET /xingrg/all/function/internal_message.html?_=1715481479150&CODE_STATE=getMsg HTTP/1.1" 200 27
116.238.97.31 - - [12/May/2024:10:38:00 +0800] "GET /xingrg/kc/base/wldb_order_operate.html?command=get_materiel&rest_code=00102&base_code=0010476&code=00101019391 HTTP/1.1" 200 485
180.169.147.146 - - [12/May/2024:10:38:00 +0800] "GET /xingrg/check_reg.html?_=1715481480872 HTTP/1.1" 200 22
180.169.147.146 - - [12/May/2024:10:38:00 +0800] "GET /xingrg/all/function/internal_message.html?_=1715481480874&CODE_STATE=getMsg HTTP/1.1" 200 27
116.237.78.82 - - [12/May/2024:10:38:01 +0800] "GET /xingrg/kc/buy/cgsh_order_operate.html?command=get_materiel&rest_code=00106&code=00101008674&supplier_code=00100008&order_time=2024-05-12 HTTP/1.1" 200 412
180.156.239.18 - - [12/May/2024:10:38:03 +0800] "GET /xingrg/kc/buy/cgsh_order_operate.html?command=get_materiel&rest_code=00150&code=00101013327&supplier_code=00100547&order_time=2024-05-12 HTTP/1.1" 200 408
116.238.97.31 - - [12/May/2024:10:38:04 +0800] "GET /xingrg/kc/base/wldb_order_operate.html?command=get_materiel&rest_code=00102&base_code=0010476&code=00101019183 HTTP/1.1" 200 449
116.237.78.82 - - [12/May/2024:10:38:07 +0800] "POST /xingrg/kc/buy/cgsh_order_operate.html HTTP/1.1" 200 2065
116.238.97.31 - - [12/May/2024:10:38:08 +0800] "GET /xingrg/kc/base/wldb_order_operate.html?command=get_materiel&rest_code=00102&base_code=0010476&code=00101019071 HTTP/1.1" 200 471
222.67.233.39 - - [12/May/2024:10:38:09 +0800] "GET /xingrg/kc/buy/cgsh_order_operate.html?command=get_materiel&rest_code=00141&code=00101005037&supplier_code=00100096&order_time=2024-05-12 HTTP/1.1" 200 409
116.237.78.82 - - [12/May/2024:10:38:09 +0800] "GET /xingrg/all/function/internal_message.html?_=1715481485371&CODE_STATE=getMsg HTTP/1.1" 200 27
180.156.239.18 - - [12/May/2024:10:38:11 +0800] "GET /xingrg/kc/buy/cgsh_order_operate.html?command=get_materiel&rest_code=00150&code=00102026001&supplier_code=00100547&order_time=2024-05-12 HTTP/1.1" 200 409
116.232.195.13 - - [12/May/2024:10:38:12 +0800] "GET /xingrg/all/function/internal_message.html?_=1715481461766&CODE_STATE=getMsg HTTP/1.1" 200 27
116.238.97.31 - - [12/May/2024:10:38:13 +0800] "GET /xingrg/kc/base/wldb_order_operate.html?command=get_materiel&rest_code=00102&base_code=0010476&code=00101019405 HTTP/1.1" 200 481
124.77.244.56 - - [12/May/2024:10:38:15 +0800] "GET /xingrg/all/function/internal_message.html?_=1715481521700&CODE_STATE=getMsg HTTP/1.1" 200 27
101.83.144.49 - - [12/May/2024:10:38:17 +0800] "GET /xingrg/all/function/internal_message.html?_=1715481244881&CODE_STATE=getMsg HTTP/1.1" 200 27
222.69.133.206 - - [12/May/2024:10:38:17 +0800] "GET /xingrg/all/function/internal_message.html?_=1715481499687&CODE_STATE=getMsg HTTP/1.1" 200 27
116.238.97.31 - - [12/May/2024:10:38:18 +0800] "GET /xingrg/kc/base/wldb_order_operate.html?command=get_materiel&rest_code=00102&base_code=0010476&code=00101019134 HTTP/1.1" 200 480
180.156.239.18 - - [12/May/2024:10:38:20 +0800] "POST /xingrg/kc/buy/cgsh_order_operate.html HTTP/1.1" 200 37
221.239.170.140 - - [12/May/2024:10:38:21 +0800] "GET /xingrg/kc/buy/cgsh_order_operate.html?command=get_materiel&rest_code=00145&code=00101008354&supplier_code=00100556&order_time=2024-05-08 HTTP/1.1" 200 432
180.164.6.225 - - [12/May/2024:10:38:21 +0800] "GET /xingrg/all/function/internal_message.html?_=1715481501041&CODE_STATE=getMsg HTTP/1.1" 200 27
116.238.97.31 - - [12/May/2024:10:38:22 +0800] "GET /xingrg/kc/base/wldb_order_operate.html?command=get_materiel&rest_code=00102&base_code=0010476&code=00101016044 HTTP/1.1" 200 466
116.237.78.82 - - [12/May/2024:10:38:22 +0800] "GET /xingrg/kc/buy/cgsh_order_operate.html?command=get_materiel&rest_code=00106&code=00101008114&supplier_code=00100008&order_time=2024-05-12 HTTP/1.1" 200 412
180.156.239.18 - - [12/May/2024:10:38:26 +0800] "POST /xingrg/kc/buy/cgsh_order_operate.html HTTP/1.1" 200 12
116.232.195.13 - - [12/May/2024:10:38:27 +0800] "GET /xingrg/all/function/internal_message.html?_=1715481476412&CODE_STATE=getMsg HTTP/1.1" 200 27
222.67.233.39 - - [12/May/2024:10:38:32 +0800] "POST /xingrg/kc/buy/cgsh_order_operate.html HTTP/1.1" 200 37
120.253.135.82 - - [12/May/2024:10:38:32 +0800] "GET /xingrg/all/function/internal_message.html?_=1715481362565&CODE_STATE=getMsg HTTP/1.1" 200 27
180.156.239.18 - - [12/May/2024:10:38:33 +0800] "GET /xingrg/kc/buy/cgsh_order_info.html?code=212024051203203 HTTP/1.1" 200 69500
180.156.239.18 - - [12/May/2024:10:38:33 +0800] "GET /xingrg/javascript/easyui/themes/default/validatebox.css HTTP/1.1" 404 1104
180.156.239.18 - - [12/May/2024:10:38:34 +0800] "POST /xingrg/kc/buy/cgsh_order_operate.html HTTP/1.1" 200 1189
180.156.239.18 - - [12/May/2024:10:38:35 +0800] "GET /xingrg/kc/print/load_data.html?order_code=212024051203203&kc_code=cgsh&condition= HTTP/1.1" 200 895
180.156.239.18 - - [12/May/2024:10:38:40 +0800] "GET /xingrg/kc/buy/cgsh_order_add.html HTTP/1.1" 200 74637
180.156.239.18 - - [12/May/2024:10:38:41 +0800] "POST /xingrg/kc/buy/cgsh_order_operate.html HTTP/1.1" 200 8245
180.156.239.18 - - [12/May/2024:10:38:41 +0800] "GET /xingrg/javascript/easyui/themes/default/validatebox.css HTTP/1.1" 404 1104
101.83.144.49 - - [12/May/2024:10:38:42 +0800] "GET /xingrg/all/function/internal_message.html?_=1715481523831&CODE_STATE=getMsg HTTP/1.1" 200 27
222.67.233.39 - - [12/May/2024:10:38:43 +0800] "GET /xingrg/all/function/internal_message.html?_=1715481523109&CODE_STATE=getMsg HTTP/1.1" 200 27
116.238.97.31 - - [12/May/2024:10:38:44 +0800] "GET /xingrg/all/function/internal_message.html?_=1715481525453&CODE_STATE=getMsg HTTP/1.1" 200 27
221.239.170.140 - - [12/May/2024:10:38:46 +0800] "GET /xingrg/all/function/internal_message.html?_=1715481525863&CODE_STATE=getMsg HTTP/1.1" 200 27
221.239.170.140 - - [12/May/2024:10:38:47 +0800] "POST /xingrg/kc/buy/cgsh_order_operate.html HTTP/1.1" 200 37
222.67.233.39 - - [12/May/2024:10:38:48 +0800] "POST /xingrg/kc/buy/cgsh_order_operate.html HTTP/1.1" 200 12
116.237.78.82 - - [12/May/2024:10:38:49 +0800] "GET /xingrg/kc/buy/cgsh_order_operate.html?command=get_materiel&rest_code=00106&code=00101008350&supplier_code=00100008&order_time=2024-05-12 HTTP/1.1" 200 408
180.156.239.18 - - [12/May/2024:10:38:49 +0800] "GET /xingrg/kc/buy/cgsh_order_operate.html?command=get_materiel&rest_code=00150&code=00101001138&supplier_code=00100430&order_time=2024-05-12 HTTP/1.1" 200 435
180.169.147.146 - - [12/May/2024:10:38:50 +0800] "GET /xingrg/all/function/internal_message.html?_=1715481530381&CODE_STATE=getMsg HTTP/1.1" 200 27
222.67.233.39 - - [12/May/2024:10:38:50 +0800] "POST /xingrg/services/DataTransmitService HTTP/1.1" 200 524
222.67.233.39 - - [12/May/2024:10:38:51 +0800] "POST /xingrg/services/DataTransmitService HTTP/1.1" 200 412
221.239.170.140 - - [12/May/2024:10:38:53 +0800] "POST /xingrg/kc/buy/cgsh_order_operate.html HTTP/1.1" 200 12686
116.237.78.82 - - [12/May/2024:10:38:57 +0800] "GET /xingrg/check_reg.html?_=1715481532715 HTTP/1.1" 200 22
116.237.78.82 - - [12/May/2024:10:38:57 +0800] "GET /xingrg/all/function/internal_message.html?_=1715481537865&CODE_STATE=getMsg HTTP/1.1" 200 27
222.67.233.39 - - [12/May/2024:10:38:58 +0800] "GET /xingrg/kc/buy/cgsh_order_info.html?code=212024051203204 HTTP/1.1" 200 69454
222.67.233.39 - - [12/May/2024:10:38:58 +0800] "GET /xingrg/javascript/easyui/themes/default/validatebox.css HTTP/1.1" 404 1104
101.83.240.252 - - [12/May/2024:10:38:59 +0800] "GET /xingrg/all/function/internal_message.html?_=1715481539139&CODE_STATE=getMsg HTTP/1.1" 200 27
116.232.195.13 - - [12/May/2024:10:38:59 +0800] "POST /xingrg/kc/buy/cgsh_list_operate.html HTTP/1.1" 200 575
180.156.239.18 - - [12/May/2024:10:38:59 +0800] "GET /xingrg/all/function/internal_message.html?_=1715481539126&CODE_STATE=getMsg HTTP/1.1" 200 27
222.67.233.39 - - [12/May/2024:10:38:59 +0800] "POST /xingrg/kc/buy/cgsh_order_operate.html HTTP/1.1" 200 6524
180.169.147.146 - - [12/May/2024:10:39:00 +0800] "GET /xingrg/all/function/internal_message.html?_=1715481540889&CODE_STATE=getMsg HTTP/1.1" 200 27
116.232.195.13 - - [12/May/2024:10:39:01 +0800] "GET /xingrg/kc/buy/cgsh_order_add.html HTTP/1.1" 200 74681
116.232.195.13 - - [12/May/2024:10:39:01 +0800] "POST /xingrg/kc/buy/cgsh_order_operate.html HTTP/1.1" 200 8245
116.232.195.13 - - [12/May/2024:10:39:01 +0800] "GET /xingrg/javascript/easyui/themes/default/validatebox.css HTTP/1.1" 404 1104
116.232.195.13 - - [12/May/2024:10:39:01 +0800] "GET /xingrg/all/common/auto_word.html?type=employee&rest_code=00155 HTTP/1.1" 200 255
116.232.195.13 - - [12/May/2024:10:39:01 +0800] "GET /xingrg/all/common/auto_word.html?type=employee&rest_code=00155 HTTP/1.1" 200 255
222.67.233.39 - - [12/May/2024:10:39:04 +0800] "GET /xingrg/kc/print/load_data.html?order_code=212024051203204&kc_code=cgsh&condition= HTTP/1.1" 200 2929
116.237.78.82 - - [12/May/2024:10:39:07 +0800] "GET /xingrg/kc/buy/cgsh_order_operate.html?command=get_materiel&rest_code=00106&code=00101008131&supplier_code=00100008&order_time=2024-05-12 HTTP/1.1" 200 423
116.237.78.82 - - [12/May/2024:10:39:09 +0800] "GET /xingrg/all/function/internal_message.html?_=1715481545346&CODE_STATE=getMsg HTTP/1.1" 200 27
116.232.195.13 - - [12/May/2024:10:39:12 +0800] "GET /xingrg/all/function/internal_message.html?_=1715481521770&CODE_STATE=getMsg HTTP/1.1" 200 27
222.67.233.39 - - [12/May/2024:10:39:13 +0800] "POST /xingrg/kc/buy/cgsh_order_operate.html HTTP/1.1" 200 8245
222.67.233.39 - - [12/May/2024:10:39:13 +0800] "GET /xingrg/javascript/easyui/themes/default/validatebox.css HTTP/1.1" 404 1104
116.232.195.13 - - [12/May/2024:10:39:15 +0800] "GET /xingrg/javascript/jquery_tools/images/next.gif HTTP/1.1" 404 1086
116.232.195.13 - - [12/May/2024:10:39:15 +0800] "GET /xingrg/javascript/jquery_tools/images/prev.gif HTTP/1.1" 404 1086
124.77.244.56 - - [12/May/2024:10:39:16 +0800] "GET /xingrg/all/function/internal_message.html?_=1715481582281&CODE_STATE=getMsg HTTP/1.1" 200 27
101.83.144.49 - - [12/May/2024:10:39:17 +0800] "GET /xingrg/check_reg.html?_=1715481304884 HTTP/1.1" 200 22
101.83.144.49 - - [12/May/2024:10:39:17 +0800] "GET /xingrg/all/function/internal_message.html?_=1715481304885&CODE_STATE=getMsg HTTP/1.1" 200 27
222.69.133.206 - - [12/May/2024:10:39:18 +0800] "GET /xingrg/all/function/internal_message.html?_=1715481559688&CODE_STATE=getMsg HTTP/1.1" 200 27
180.164.6.225 - - [12/May/2024:10:39:21 +0800] "GET /xingrg/all/function/internal_message.html?_=1715481561053&CODE_STATE=getMsg HTTP/1.1" 200 27
180.156.239.18 - - [12/May/2024:10:39:22 +0800] "GET /xingrg/kc/buy/cgsh_order_operate.html?command=get_materiel&rest_code=00150&code=00101010477&supplier_code=00100430&order_time=2024-05-12 HTTP/1.1" 200 405
116.232.195.13 - - [12/May/2024:10:39:25 +0800] "GET /xingrg/kc/buy/cgsh_order_operate.html?command=get_materiel&rest_code=00155&code=00101008072&supplier_code=00100005&order_time=2024-05-12 HTTP/1.1" 200 408
116.232.195.13 - - [12/May/2024:10:39:27 +0800] "GET /xingrg/check_reg.html?_=1715481536416 HTTP/1.1" 200 22
116.232.195.13 - - [12/May/2024:10:39:27 +0800] "GET /xingrg/all/function/internal_message.html?_=1715481536417&CODE_STATE=getMsg HTTP/1.1" 200 27
222.67.233.39 - - [12/May/2024:10:39:29 +0800] "GET /xingrg/kc/buy/cgsh_order_operate.html?command=get_materiel&rest_code=00141&code=00101008196&supplier_code=00100008&order_time=2024-05-12 HTTP/1.1" 200 431
120.253.135.82 - - [12/May/2024:10:39:32 +0800] "GET /xingrg/all/function/internal_message.html?_=1715481422568&CODE_STATE=getMsg HTTP/1.1" 200 27
116.237.78.82 - - [12/May/2024:10:39:33 +0800] "GET /xingrg/kc/buy/cgsh_order_operate.html?command=get_materiel&rest_code=00106&code=00101008353&supplier_code=00100008&order_time=2024-05-12 HTTP/1.1" 200 423
116.232.195.13 - - [12/May/2024:10:39:40 +0800] "GET /xingrg/kc/buy/cgsh_order_operate.html?command=get_materiel&rest_code=00155&code=00101008244&supplier_code=00100005&order_time=2024-05-12 HTTP/1.1" 200 408
222.67.233.39 - - [12/May/2024:10:39:41 +0800] "GET /xingrg/kc/buy/cgsh_order_operate.html?command=get_materiel&rest_code=00141&code=00101008740&supplier_code=00100008&order_time=2024-05-12 HTTP/1.1" 200 413
101.83.144.49 - - [12/May/2024:10:39:42 +0800] "GET /xingrg/all/function/internal_message.html?_=1715481583807&CODE_STATE=getMsg HTTP/1.1" 200 27
222.67.233.39 - - [12/May/2024:10:39:43 +0800] "GET /xingrg/all/function/internal_message.html?_=1715481583087&CODE_STATE=getMsg HTTP/1.1" 200 27
116.238.97.31 - - [12/May/2024:10:39:44 +0800] "GET /xingrg/all/function/internal_message.html?_=1715481585437&CODE_STATE=getMsg HTTP/1.1" 200 27
221.239.170.140 - - [12/May/2024:10:39:46 +0800] "GET /xingrg/all/function/internal_message.html?_=1715481585870&CODE_STATE=getMsg HTTP/1.1" 200 27
180.169.147.146 - - [12/May/2024:10:39:50 +0800] "GET /xingrg/all/function/internal_message.html?_=1715481590396&CODE_STATE=getMsg HTTP/1.1" 200 27
116.232.195.13 - - [12/May/2024:10:39:52 +0800] "GET /xingrg/kc/buy/cgsh_order_operate.html?command=get_materiel&rest_code=00155&code=00101008811&supplier_code=00100005&order_time=2024-05-12 HTTP/1.1" 200 398
116.237.78.82 - - [12/May/2024:10:39:53 +0800] "GET /xingrg/kc/buy/cgsh_order_operate.html?command=get_materiel&rest_code=00106&code=00101008361&supplier_code=00100008&order_time=2024-05-12 HTTP/1.1" 200 408
222.67.233.39 - - [12/May/2024:10:39:56 +0800] "GET /xingrg/kc/buy/cgsh_order_operate.html?command=get_materiel&rest_code=00141&code=00101008314&supplier_code=00100008&order_time=2024-05-12 HTTP/1.1" 200 413
116.237.78.82 - - [12/May/2024:10:39:57 +0800] "GET /xingrg/all/function/internal_message.html?_=1715481597878&CODE_STATE=getMsg HTTP/1.1" 200 27
101.83.240.252 - - [12/May/2024:10:39:59 +0800] "GET /xingrg/all/function/internal_message.html?_=1715481599119&CODE_STATE=getMsg HTTP/1.1" 200 27
180.156.239.18 - - [12/May/2024:10:39:59 +0800] "GET /xingrg/all/function/internal_message.html?_=1715481599115&CODE_STATE=getMsg HTTP/1.1" 200 27
116.237.78.82 - - [12/May/2024:10:40:00 +0800] "POST /xingrg/kc/buy/cgsh_order_operate.html HTTP/1.1" 200 2065
222.67.233.39 - - [12/May/2024:10:40:00 +0800] "GET /xingrg/check_reg.html?_=1715481600433 HTTP/1.1" 200 22
180.169.147.146 - - [12/May/2024:10:40:01 +0800] "GET /xingrg/all/function/internal_message.html?_=1715481601042&CODE_STATE=getMsg HTTP/1.1" 200 27
222.67.233.39 - - [12/May/2024:10:40:05 +0800] "GET /xingrg/kc/buy/cgsh_order_operate.html?command=get_materiel&rest_code=00141&code=00101008028&supplier_code=00100008&order_time=2024-05-12 HTTP/1.1" 200 427
116.232.195.13 - - [12/May/2024:10:40:06 +0800] "GET /xingrg/kc/buy/cgsh_order_operate.html?command=get_materiel&rest_code=00155&code=00101008358&supplier_code=00100005&order_time=2024-05-12 HTTP/1.1" 200 412
116.237.78.82 - - [12/May/2024:10:40:08 +0800] "GET /xingrg/kc/buy/cgsh_order_operate.html?command=get_materiel&rest_code=00106&code=00101008356&supplier_code=00100008&order_time=2024-05-12 HTTP/1.1" 200 424
116.237.78.82 - - [12/May/2024:10:40:09 +0800] "GET /xingrg/all/function/internal_message.html?_=1715481605321&CODE_STATE=getMsg HTTP/1.1" 200 27
116.232.195.13 - - [12/May/2024:10:40:12 +0800] "GET /xingrg/all/function/internal_message.html?_=1715481581784&CODE_STATE=getMsg HTTP/1.1" 200 27
124.77.244.56 - - [12/May/2024:10:40:16 +0800] "GET /xingrg/all/function/internal_message.html?_=1715481642288&CODE_STATE=getMsg HTTP/1.1" 200 27
116.232.195.13 - - [12/May/2024:10:40:17 +0800] "GET /xingrg/kc/buy/cgsh_order_operate.html?command=get_materiel&rest_code=00155&code=00101008224&supplier_code=00100005&order_time=2024-05-12 HTTP/1.1" 200 416
101.83.144.49 - - [12/May/2024:10:40:17 +0800] "GET /xingrg/all/function/internal_message.html?_=1715481364895&CODE_STATE=getMsg HTTP/1.1" 200 27
222.69.133.206 - - [12/May/2024:10:40:18 +0800] "GET /xingrg/all/function/internal_message.html?_=1715481619690&CODE_STATE=getMsg HTTP/1.1" 200 27
116.237.78.82 - - [12/May/2024:10:40:20 +0800] "GET /xingrg/kc/buy/cgsh_order_operate.html?command=get_materiel&rest_code=00106&code=00101008286&supplier_code=00100008&order_time=2024-05-12 HTTP/1.1" 200 428
180.169.147.146 - - [12/May/2024:10:40:20 +0800] "GET /xingrg/kc/buy/buy_main.html HTTP/1.1" 200 12412
180.169.147.146 - - [12/May/2024:10:40:20 +0800] "GET /xingrg/css/new_ie.css HTTP/1.1" 404 1036
180.164.6.225 - - [12/May/2024:10:40:21 +0800] "GET /xingrg/all/function/internal_message.html?_=1715481621048&CODE_STATE=getMsg HTTP/1.1" 200 27
180.164.6.225 - - [12/May/2024:10:40:21 +0800] "GET /xingrg/check_reg.html?_=1715481621051 HTTP/1.1" 200 22
222.67.233.39 - - [12/May/2024:10:40:23 +0800] "GET /xingrg/kc/buy/cgsh_order_operate.html?command=get_materiel&rest_code=00141&code=00101008096&supplier_code=00100008&order_time=2024-05-12 HTTP/1.1" 200 412
180.169.147.146 - - [12/May/2024:10:40:24 +0800] "GET /xingrg/images/yd/bt.gif HTTP/1.1" 404 1040
180.169.147.146 - - [12/May/2024:10:40:26 +0800] "GET /xingrg/kc/buy/cgsh_order_list.html HTTP/1.1" 200 59041
116.232.195.13 - - [12/May/2024:10:40:27 +0800] "GET /xingrg/all/function/internal_message.html?_=1715481596420&CODE_STATE=getMsg HTTP/1.1" 200 27
116.232.195.13 - - [12/May/2024:10:40:28 +0800] "GET /xingrg/kc/buy/cgsh_order_operate.html?command=get_materiel&rest_code=00155&code=00101008148&supplier_code=00100005&order_time=2024-05-12 HTTP/1.1" 200 431
120.253.135.82 - - [12/May/2024:10:40:32 +0800] "GET /xingrg/all/function/internal_message.html?_=1715481482593&CODE_STATE=getMsg HTTP/1.1" 200 27
116.237.78.82 - - [12/May/2024:10:40:32 +0800] "GET /xingrg/kc/buy/cgsh_order_operate.html?command=get_materiel&rest_code=00106&code=00101008061&supplier_code=00100008&order_time=2024-05-12 HTTP/1.1" 200 441
222.67.233.39 - - [12/May/2024:10:40:32 +0800] "GET /xingrg/kc/buy/cgsh_order_operate.html?command=get_materiel&rest_code=00141&code=00101008298&supplier_code=00100008&order_time=2024-05-12 HTTP/1.1" 200 432
222.67.233.39 - - [12/May/2024:10:40:40 +0800] "GET /xingrg/kc/buy/cgsh_order_operate.html?command=get_materiel&rest_code=00141&code=00101008283&supplier_code=00100008&order_time=2024-05-12 HTTP/1.1" 200 408
180.169.147.146 - - [12/May/2024:10:40:41 +0800] "POST /xingrg/kc/buy/cgsh_list_operate.html HTTP/1.1" 200 2260
101.83.144.49 - - [12/May/2024:10:40:42 +0800] "GET /xingrg/all/function/internal_message.html?_=1715481643775&CODE_STATE=getMsg HTTP/1.1" 200 27
116.232.195.13 - - [12/May/2024:10:40:42 +0800] "GET /xingrg/kc/buy/cgsh_order_operate.html?command=get_materiel&rest_code=00155&code=00101008004&supplier_code=00100005&order_time=2024-05-12 HTTP/1.1" 200 416
222.67.233.39 - - [12/May/2024:10:40:43 +0800] "GET /xingrg/all/function/internal_message.html?_=1715481643081&CODE_STATE=getMsg HTTP/1.1" 200 27
116.238.97.31 - - [12/May/2024:10:40:44 +0800] "GET /xingrg/all/function/internal_message.html?_=1715481645411&CODE_STATE=getMsg HTTP/1.1" 200 27
120.253.135.82 - - [12/May/2024:10:40:44 +0800] "GET /xingrg/check_reg.html?_=1715481495032 HTTP/1.1" 200 22
221.239.170.140 - - [12/May/2024:10:40:46 +0800] "GET /xingrg/all/function/internal_message.html?_=1715481645880&CODE_STATE=getMsg HTTP/1.1" 200 27
221.239.170.140 - - [12/May/2024:10:40:46 +0800] "GET /xingrg/check_reg.html?_=1715481645883 HTTP/1.1" 200 22
222.67.233.39 - - [12/May/2024:10:40:48 +0800] "GET /xingrg/kc/buy/cgsh_order_operate.html?command=get_materiel&rest_code=00141&code=00101008264&supplier_code=00100008&order_time=2024-05-12 HTTP/1.1" 200 427
180.169.147.146 - - [12/May/2024:10:40:50 +0800] "GET /xingrg/all/function/internal_message.html?_=1715481650395&CODE_STATE=getMsg HTTP/1.1" 200 27
101.83.240.252 - - [12/May/2024:10:40:54 +0800] "GET /xingrg/check_reg.html?_=1715481654449 HTTP/1.1" 200 22
114.89.67.151 - - [12/May/2024:10:40:54 +0800] "GET /xingrg/check_reg.html?_=1715481656947 HTTP/1.1" 200 22
116.232.195.13 - - [12/May/2024:10:40:55 +0800] "GET /xingrg/kc/buy/cgsh_order_operate.html?command=get_materiel&rest_code=00155&code=00101008694&supplier_code=00100005&order_time=2024-05-12 HTTP/1.1" 200 420
116.237.78.82 - - [12/May/2024:10:40:55 +0800] "GET /xingrg/kc/buy/cgsh_order_operate.html?command=get_materiel&rest_code=00106&code=00101008704&supplier_code=00100008&order_time=2024-05-12 HTTP/1.1" 200 409
116.237.78.82 - - [12/May/2024:10:40:57 +0800] "GET /xingrg/all/function/internal_message.html?_=1715481657877&CODE_STATE=getMsg HTTP/1.1" 200 27
101.83.240.252 - - [12/May/2024:10:40:59 +0800] "GET /xingrg/all/function/internal_message.html?_=1715481659103&CODE_STATE=getMsg HTTP/1.1" 200 27
180.156.239.18 - - [12/May/2024:10:40:59 +0800] "GET /xingrg/check_reg.html?_=1715481659034 HTTP/1.1" 200 22
180.156.239.18 - - [12/May/2024:10:40:59 +0800] "GET /xingrg/all/function/internal_message.html?_=1715481659098&CODE_STATE=getMsg HTTP/1.1" 200 27
222.67.233.39 - - [12/May/2024:10:40:59 +0800] "GET /xingrg/kc/buy/cgsh_order_operate.html?command=get_materiel&rest_code=00141&code=00101008352&supplier_code=00100008&order_time=2024-05-12 HTTP/1.1" 200 431
221.239.170.140 - - [12/May/2024:10:40:59 +0800] "GET /xingrg/kc/print/load_config.html?kc_code=cgsh HTTP/1.1" 200 1927
221.239.170.140 - - [12/May/2024:10:41:00 +0800] "GET /xingrg/kc/print/load_data.html?order_code=212024051203205&kc_code=cgsh HTTP/1.1" 200 4436
180.169.147.146 - - [12/May/2024:10:41:00 +0800] "GET /xingrg/all/function/internal_message.html?_=1715481660876&CODE_STATE=getMsg HTTP/1.1" 200 27
116.232.195.13 - - [12/May/2024:10:41:05 +0800] "GET /xingrg/kc/buy/cgsh_order_operate.html?command=get_materiel&rest_code=00155&code=00101008103&supplier_code=00100005&order_time=2024-05-12 HTTP/1.1" 200 417
116.237.78.82 - - [12/May/2024:10:41:09 +0800] "GET /xingrg/all/function/internal_message.html?_=1715481665383&CODE_STATE=getMsg HTTP/1.1" 200 27
116.237.78.82 - - [12/May/2024:10:41:12 +0800] "GET /xingrg/kc/buy/cgsh_order_operate.html?command=get_materiel&rest_code=00106&code=00101008145&supplier_code=00100008&order_time=2024-05-12 HTTP/1.1" 200 416
221.239.170.140 - - [12/May/2024:10:41:12 +0800] "GET /xingrg/kc/print/load_data.html?order_code=212024051203205&kc_code=cgsh&condition= HTTP/1.1" 200 4436
116.232.195.13 - - [12/May/2024:10:41:12 +0800] "GET /xingrg/all/function/internal_message.html?_=1715481641786&CODE_STATE=getMsg HTTP/1.1" 200 27
222.67.233.39 - - [12/May/2024:10:41:13 +0800] "GET /xingrg/kc/buy/cgsh_order_operate.html?command=get_materiel&rest_code=00141&code=00101008271&supplier_code=00100008&order_time=2024-05-12 HTTP/1.1" 200 408
116.237.78.82 - - [12/May/2024:10:41:14 +0800] "POST /xingrg/kc/buy/cgsh_order_operate.html HTTP/1.1" 200 2065
124.77.244.56 - - [12/May/2024:10:41:16 +0800] "GET /xingrg/all/function/internal_message.html?_=1715481702760&CODE_STATE=getMsg HTTP/1.1" 200 27
101.83.144.49 - - [12/May/2024:10:41:17 +0800] "GET /xingrg/all/function/internal_message.html?_=1715481424875&CODE_STATE=getMsg HTTP/1.1" 200 27
222.69.133.206 - - [12/May/2024:10:41:18 +0800] "GET /xingrg/all/function/internal_message.html?_=1715481679690&CODE_STATE=getMsg HTTP/1.1" 200 27
116.232.195.13 - - [12/May/2024:10:41:19 +0800] "GET /xingrg/kc/buy/cgsh_order_operate.html?command=get_materiel&rest_code=00155&code=00101008354&supplier_code=00100005&order_time=2024-05-12 HTTP/1.1" 200 432
180.164.6.225 - - [12/May/2024:10:41:21 +0800] "GET /xingrg/all/function/internal_message.html?_=1715481681037&CODE_STATE=getMsg HTTP/1.1" 200 27
116.237.78.82 - - [12/May/2024:10:41:22 +0800] "GET /xingrg/kc/buy/cgsh_order_operate.html?command=get_materiel&rest_code=00106&code=00101009140&supplier_code=00100008&order_time=2024-05-12 HTTP/1.1" 200 412
222.67.233.39 - - [12/May/2024:10:41:25 +0800] "GET /xingrg/kc/buy/cgsh_order_operate.html?command=get_materiel&rest_code=00141&code=00101008368&supplier_code=00100008&order_time=2024-05-12 HTTP/1.1" 200 423
116.232.195.13 - - [12/May/2024:10:41:27 +0800] "GET /xingrg/all/function/internal_message.html?_=1715481656417&CODE_STATE=getMsg HTTP/1.1" 200 27
120.253.135.82 - - [12/May/2024:10:41:32 +0800] "GET /xingrg/all/function/internal_message.html?_=1715481542595&CODE_STATE=getMsg HTTP/1.1" 200 27
116.237.78.82 - - [12/May/2024:10:41:37 +0800] "GET /xingrg/kc/buy/cgsh_order_operate.html?command=get_materiel&rest_code=00106&code=00101015006&supplier_code=00100008&order_time=2024-05-12 HTTP/1.1" 200 413
222.67.233.39 - - [12/May/2024:10:41:38 +0800] "GET /xingrg/kc/buy/cgsh_order_operate.html?command=get_materiel&rest_code=00141&code=00101008131&supplier_code=00100008&order_time=2024-05-12 HTTP/1.1" 200 423
221.239.170.140 - - [12/May/2024:10:41:41 +0800] "POST /xingrg/kc/buy/cgsh_order_operate.html HTTP/1.1" 200 37
101.83.144.49 - - [12/May/2024:10:41:42 +0800] "GET /xingrg/all/function/internal_message.html?_=1715481703746&CODE_STATE=getMsg HTTP/1.1" 200 27
124.77.244.56 - - [12/May/2024:10:41:43 +0800] "GET /xingrg/check_reg.html?_=1715481728807 HTTP/1.1" 200 22
180.169.147.146 - - [12/May/2024:10:41:43 +0800] "GET /xingrg/javascript/jquery_tools/images/prev.gif HTTP/1.1" 404 1086
180.169.147.146 - - [12/May/2024:10:41:43 +0800] "GET /xingrg/javascript/jquery_tools/images/next.gif HTTP/1.1" 404 1086
