180.156.239.18 - - [12/May/2024:09:27:50 +0800] "GET /xingrg/all/function/internal_message.html?_=1715477270491&CODE_STATE=getMsg HTTP/1.1" 200 27
180.156.239.18 - - [12/May/2024:09:27:50 +0800] "GET /xingrg/check_reg.html?_=1715477270573 HTTP/1.1" 200 22
101.83.240.252 - - [12/May/2024:09:27:51 +0800] "GET /xingrg/kc/buy/cgsh_order_operate.html?command=get_materiel&rest_code=00149&code=00101008318&supplier_code=00100008&order_time=2024-05-12 HTTP/1.1" 200 408
101.83.240.252 - - [12/May/2024:09:27:54 +0800] "GET /xingrg/all/function/internal_message.html?_=1715477274319&CODE_STATE=getMsg HTTP/1.1" 200 27
180.164.6.225 - - [12/May/2024:09:27:54 +0800] "GET /xingrg/kc/buy/cgsh_order_operate.html?command=get_materiel&rest_code=00108&code=00101008095&supplier_code=00100007&order_time=2024-05-12 HTTP/1.1" 200 412
116.237.78.82 - - [12/May/2024:09:27:55 +0800] "GET /xingrg/kc/buy/cgsh_order_operate.html?command=get_materiel&rest_code=00106&code=00101018021&supplier_code=00100096&order_time=2024-05-12 HTTP/1.1" 200 416
101.83.240.252 - - [12/May/2024:09:27:56 +0800] "POST /xingrg/kc/buy/cgsh_order_operate.html HTTP/1.1" 200 2065
116.237.78.82 - - [12/May/2024:09:27:57 +0800] "GET /xingrg/all/function/internal_message.html?_=1715477272639&CODE_STATE=getMsg HTTP/1.1" 200 27
180.164.6.225 - - [12/May/2024:09:28:02 +0800] "GET /xingrg/all/function/internal_message.html?_=1715477281578&CODE_STATE=getMsg HTTP/1.1" 200 27
124.77.244.56 - - [12/May/2024:09:28:02 +0800] "GET /xingrg/all/function/internal_message.html?_=1715477308241&CODE_STATE=getMsg HTTP/1.1" 200 27
180.164.6.225 - - [12/May/2024:09:28:02 +0800] "GET /xingrg/kc/buy/cgsh_order_operate.html?command=get_materiel&rest_code=00108&code=00101008674&supplier_code=00100007&order_time=2024-05-12 HTTP/1.1" 200 412
101.83.240.252 - - [12/May/2024:09:28:07 +0800] "GET /xingrg/kc/buy/cgsh_order_operate.html?command=get_materiel&rest_code=00149&code=00101008163&supplier_code=00100008&order_time=2024-05-12 HTTP/1.1" 200 409
116.232.195.13 - - [12/May/2024:09:28:07 +0800] "GET /xingrg/all/function/internal_message.html?_=1715477256322&CODE_STATE=getMsg HTTP/1.1" 200 27
116.232.195.13 - - [12/May/2024:09:28:07 +0800] "GET /xingrg/check_reg.html?_=1715477256326 HTTP/1.1" 200 22
180.164.6.225 - - [12/May/2024:09:28:13 +0800] "GET /xingrg/kc/buy/cgsh_order_operate.html?command=get_materiel&rest_code=00108&code=00101008150&supplier_code=00100007&order_time=2024-05-12 HTTP/1.1" 200 409
101.83.144.49 - - [12/May/2024:09:28:17 +0800] "GET /xingrg/all/function/internal_message.html?_=1715477044863&CODE_STATE=getMsg HTTP/1.1" 200 27
222.69.133.206 - - [12/May/2024:09:28:18 +0800] "GET /xingrg/all/function/internal_message.html?_=1715477299674&CODE_STATE=getMsg HTTP/1.1" 200 27
116.237.78.82 - - [12/May/2024:09:28:19 +0800] "GET /xingrg/kc/buy/cgsh_order_operate.html?command=get_materiel&rest_code=00106&code=00101006013&supplier_code=00100096&order_time=2024-05-12 HTTP/1.1" 200 411
180.164.6.225 - - [12/May/2024:09:28:20 +0800] "GET /xingrg/kc/buy/cgsh_order_operate.html?command=get_materiel&rest_code=00108&code=00101008563&supplier_code=00100007&order_time=2024-05-12 HTTP/1.1" 200 413
116.232.195.13 - - [12/May/2024:09:28:22 +0800] "GET /xingrg/all/function/internal_message.html?_=1715477272045&CODE_STATE=getMsg HTTP/1.1" 200 27
180.164.6.225 - - [12/May/2024:09:28:23 +0800] "POST /xingrg/kc/buy/cgsh_order_operate.html HTTP/1.1" 200 2065
116.232.195.13 - - [12/May/2024:09:28:28 +0800] "GET /xingrg/all/function/internal_message.html?_=1715477277576&CODE_STATE=getMsg HTTP/1.1" 200 27
101.83.144.49 - - [12/May/2024:09:28:29 +0800] "GET /xingrg/kc/buy/cgsh_order_operate.html?command=get_materiel&rest_code=00105&code=00101008659&supplier_code=00100008&order_time=2024-05-12 HTTP/1.1" 200 411
101.83.240.252 - - [12/May/2024:09:28:29 +0800] "GET /xingrg/kc/buy/cgsh_order_operate.html?command=get_materiel&rest_code=00149&code=00101008275&supplier_code=00100008&order_time=2024-05-12 HTTP/1.1" 200 416
180.164.6.225 - - [12/May/2024:09:28:29 +0800] "GET /xingrg/kc/buy/cgsh_order_operate.html?command=get_materiel&rest_code=00108&code=00101009175&supplier_code=00100007&order_time=2024-05-12 HTTP/1.1" 200 415
116.232.195.13 - - [12/May/2024:09:28:39 +0800] "GET /xingrg/all/function/internal_message.html?_=1715477288805&CODE_STATE=getMsg HTTP/1.1" 200 27
180.164.6.225 - - [12/May/2024:09:28:40 +0800] "GET /xingrg/kc/buy/cgsh_order_operate.html?command=get_materiel&rest_code=00108&code=00101015022&supplier_code=00100007&order_time=2024-05-12 HTTP/1.1" 200 427
116.237.78.82 - - [12/May/2024:09:28:43 +0800] "GET /xingrg/kc/buy/cgsh_order_operate.html?command=get_materiel&rest_code=00106&code=00101006112&supplier_code=00100096&order_time=2024-05-12 HTTP/1.1" 200 411
101.83.240.252 - - [12/May/2024:09:28:43 +0800] "GET /xingrg/kc/buy/cgsh_order_operate.html?command=get_materiel&rest_code=00149&code=00101008332&supplier_code=00100008&order_time=2024-05-12 HTTP/1.1" 200 427
101.83.144.49 - - [12/May/2024:09:28:44 +0800] "GET /xingrg/all/function/internal_message.html?_=1715477325488&CODE_STATE=getMsg HTTP/1.1" 200 27
222.67.233.39 - - [12/May/2024:09:28:44 +0800] "GET /xingrg/all/function/internal_message.html?_=1715477324290&CODE_STATE=getMsg HTTP/1.1" 200 27
116.238.97.31 - - [12/May/2024:09:28:45 +0800] "GET /xingrg/all/function/internal_message.html?_=1715477326338&CODE_STATE=getMsg HTTP/1.1" 200 27
180.169.147.146 - - [12/May/2024:09:28:50 +0800] "GET /xingrg/all/function/internal_message.html?_=1715477330254&CODE_STATE=getMsg HTTP/1.1" 200 27
180.156.239.18 - - [12/May/2024:09:28:50 +0800] "GET /xingrg/all/function/internal_message.html?_=1715477330476&CODE_STATE=getMsg HTTP/1.1" 200 27
116.237.78.82 - - [12/May/2024:09:28:53 +0800] "POST /xingrg/kc/buy/cgsh_order_operate.html HTTP/1.1" 200 2065
101.83.240.252 - - [12/May/2024:09:28:54 +0800] "GET /xingrg/all/function/internal_message.html?_=1715477334328&CODE_STATE=getMsg HTTP/1.1" 200 27
180.164.6.225 - - [12/May/2024:09:28:54 +0800] "GET /xingrg/kc/buy/cgsh_order_operate.html?command=get_materiel&rest_code=00108&code=00101008223&supplier_code=00100007&order_time=2024-05-12 HTTP/1.1" 200 412
101.83.240.252 - - [12/May/2024:09:28:54 +0800] "GET /xingrg/kc/buy/cgsh_order_operate.html?command=get_materiel&rest_code=00149&code=00101008257&supplier_code=00100008&order_time=2024-05-12 HTTP/1.1" 200 432
116.237.78.82 - - [12/May/2024:09:28:57 +0800] "GET /xingrg/check_reg.html?_=1715477332615 HTTP/1.1" 200 22
116.237.78.82 - - [12/May/2024:09:28:57 +0800] "GET /xingrg/all/function/internal_message.html?_=1715477332618&CODE_STATE=getMsg HTTP/1.1" 200 27
101.83.144.49 - - [12/May/2024:09:28:58 +0800] "GET /xingrg/kc/buy/cgsh_order_operate.html?command=get_materiel&rest_code=00105&code=00101008268&supplier_code=00100008&order_time=2024-05-12 HTTP/1.1" 200 408
180.164.6.225 - - [12/May/2024:09:29:02 +0800] "GET /xingrg/check_reg.html?_=1715477341577 HTTP/1.1" 200 22
180.164.6.225 - - [12/May/2024:09:29:02 +0800] "GET /xingrg/all/function/internal_message.html?_=1715477341580&CODE_STATE=getMsg HTTP/1.1" 200 27
180.164.6.225 - - [12/May/2024:09:29:03 +0800] "GET /xingrg/kc/buy/cgsh_order_operate.html?command=get_materiel&rest_code=00108&code=00101008350&supplier_code=00100007&order_time=2024-05-12 HTTP/1.1" 200 408
124.77.244.56 - - [12/May/2024:09:29:03 +0800] "GET /xingrg/all/function/internal_message.html?_=1715477368749&CODE_STATE=getMsg HTTP/1.1" 200 27
172.20.0.8 - - [12/May/2024:09:29:04 +0800] "GET /xingrg/login.html HTTP/1.1" 200 7636
172.20.0.8 - - [12/May/2024:09:29:04 +0800] "GET /favicon.ico HTTP/1.1" 404 -
101.83.240.252 - - [12/May/2024:09:29:05 +0800] "GET /favicon.ico HTTP/1.1" 404 -
116.232.195.13 - - [12/May/2024:09:29:07 +0800] "GET /xingrg/all/function/internal_message.html?_=1715477316337&CODE_STATE=getMsg HTTP/1.1" 200 27
101.83.240.252 - - [12/May/2024:09:29:10 +0800] "GET /xingrg/kc/buy/cgsh_order_operate.html?command=get_materiel&rest_code=00149&code=00101008349&supplier_code=00100008&order_time=2024-05-12 HTTP/1.1" 200 412
101.83.240.252 - - [12/May/2024:09:29:13 +0800] "POST /xingrg/kc/buy/cgsh_order_operate.html HTTP/1.1" 200 2065
180.164.6.225 - - [12/May/2024:09:29:16 +0800] "GET /xingrg/kc/buy/cgsh_order_operate.html?command=get_materiel&rest_code=00108&code=00101008368&supplier_code=00100007&order_time=2024-05-12 HTTP/1.1" 200 423
172.20.0.8 - - [12/May/2024:09:29:16 +0800] "GET /xingrg/login.html HTTP/1.1" 200 7636
172.20.0.8 - - [12/May/2024:09:29:16 +0800] "GET /favicon.ico HTTP/1.1" 404 -
101.83.144.49 - - [12/May/2024:09:29:17 +0800] "GET /xingrg/check_reg.html?_=1715477104821 HTTP/1.1" 200 22
101.83.144.49 - - [12/May/2024:09:29:17 +0800] "GET /xingrg/all/function/internal_message.html?_=1715477104835&CODE_STATE=getMsg HTTP/1.1" 200 27
222.69.133.206 - - [12/May/2024:09:29:18 +0800] "GET /xingrg/all/function/internal_message.html?_=1715477359662&CODE_STATE=getMsg HTTP/1.1" 200 27
180.164.6.225 - - [12/May/2024:09:29:18 +0800] "POST /xingrg/kc/buy/cgsh_order_operate.html HTTP/1.1" 200 2065
172.20.0.8 - - [12/May/2024:09:29:20 +0800] "GET /favicon.ico HTTP/1.1" 404 -
172.20.0.8 - - [12/May/2024:09:29:21 +0800] "GET /favicon.ico HTTP/1.1" 404 -
101.83.240.252 - - [12/May/2024:09:29:21 +0800] "GET /xingrg/kc/buy/cgsh_order_operate.html?command=get_materiel&rest_code=00149&code=00101008101&supplier_code=00100008&order_time=2024-05-12 HTTP/1.1" 200 412
116.232.195.13 - - [12/May/2024:09:29:22 +0800] "GET /xingrg/all/function/internal_message.html?_=1715477332042&CODE_STATE=getMsg HTTP/1.1" 200 27
116.237.78.82 - - [12/May/2024:09:29:25 +0800] "GET /xingrg/javascript/jquery_tools/images/next.gif HTTP/1.1" 404 1086
116.237.78.82 - - [12/May/2024:09:29:25 +0800] "GET /xingrg/javascript/jquery_tools/images/prev.gif HTTP/1.1" 404 1086
101.83.144.49 - - [12/May/2024:09:29:25 +0800] "GET /xingrg/kc/buy/cgsh_order_operate.html?command=get_materiel&rest_code=00105&code=00101008589&supplier_code=00100008&order_time=2024-05-12 HTTP/1.1" 200 411
180.169.147.146 - - [12/May/2024:09:29:26 +0800] "GET /xingrg/login.html HTTP/1.1" 200 7641
180.169.147.146 - - [12/May/2024:09:29:26 +0800] "GET /favicon.ico HTTP/1.1" 404 -
180.164.6.225 - - [12/May/2024:09:29:27 +0800] "GET /xingrg/kc/buy/cgsh_order_operate.html?command=get_materiel&rest_code=00108&code=00101020082&supplier_code=00100007&order_time=2024-05-12 HTTP/1.1" 200 409
116.232.195.13 - - [12/May/2024:09:29:28 +0800] "GET /xingrg/all/function/internal_message.html?_=1715477337595&CODE_STATE=getMsg HTTP/1.1" 200 27
101.83.240.252 - - [12/May/2024:09:29:31 +0800] "GET /xingrg/kc/buy/cgsh_order_operate.html?command=get_materiel&rest_code=00149&code=00101008072&supplier_code=00100008&order_time=2024-05-12 HTTP/1.1" 200 408
116.237.78.82 - - [12/May/2024:09:29:32 +0800] "GET /xingrg/kc/buy/cgsh_order_operate.html?command=get_materiel&rest_code=00106&code=00101006240&supplier_code=00100096&order_time=2024-05-12 HTTP/1.1" 200 422
101.83.144.49 - - [12/May/2024:09:29:32 +0800] "POST /xingrg/kc/buy/cgsh_order_operate.html HTTP/1.1" 200 2065
116.238.97.31 - - [12/May/2024:09:29:35 +0800] "GET /xingrg/kc/buy/cgsh_order_operate.html?command=get_materiel&rest_code=00102&code=00101008114&supplier_code=00100008&order_time=2024-05-12 HTTP/1.1" 200 412
180.164.6.225 - - [12/May/2024:09:29:35 +0800] "GET /xingrg/kc/buy/cgsh_order_operate.html?command=get_materiel&rest_code=00108&code=00101009066&supplier_code=00100007&order_time=2024-05-12 HTTP/1.1" 200 416
116.232.195.13 - - [12/May/2024:09:29:39 +0800] "GET /xingrg/check_reg.html?_=1715477348809 HTTP/1.1" 200 22
116.232.195.13 - - [12/May/2024:09:29:39 +0800] "GET /xingrg/all/function/internal_message.html?_=1715477348814&CODE_STATE=getMsg HTTP/1.1" 200 27
101.83.144.49 - - [12/May/2024:09:29:44 +0800] "GET /xingrg/all/function/internal_message.html?_=1715477385465&CODE_STATE=getMsg HTTP/1.1" 200 27
222.67.233.39 - - [12/May/2024:09:29:44 +0800] "GET /xingrg/all/function/internal_message.html?_=1715477384273&CODE_STATE=getMsg HTTP/1.1" 200 27
116.238.97.31 - - [12/May/2024:09:29:45 +0800] "GET /xingrg/all/function/internal_message.html?_=1715477386327&CODE_STATE=getMsg HTTP/1.1" 200 27
180.169.147.146 - - [12/May/2024:09:29:50 +0800] "GET /xingrg/all/function/internal_message.html?_=1715477390254&CODE_STATE=getMsg HTTP/1.1" 200 27
180.156.239.18 - - [12/May/2024:09:29:50 +0800] "GET /xingrg/all/function/internal_message.html?_=1715477390453&CODE_STATE=getMsg HTTP/1.1" 200 27
116.237.78.82 - - [12/May/2024:09:29:50 +0800] "POST /xingrg/kc/buy/cgsh_order_operate.html HTTP/1.1" 200 37
116.238.97.31 - - [12/May/2024:09:29:52 +0800] "GET /xingrg/kc/buy/cgsh_order_operate.html?command=get_materiel&rest_code=00102&code=00101008704&supplier_code=00100008&order_time=2024-05-12 HTTP/1.1" 200 409
101.83.240.252 - - [12/May/2024:09:29:52 +0800] "GET /xingrg/kc/buy/cgsh_order_operate.html?command=get_materiel&rest_code=00149&code=00101008244&supplier_code=00100008&order_time=2024-05-12 HTTP/1.1" 200 408
180.164.6.225 - - [12/May/2024:09:29:53 +0800] "GET /xingrg/kc/buy/cgsh_order_operate.html?command=get_materiel&rest_code=00108&code=00101009113&supplier_code=00100007&order_time=2024-05-12 HTTP/1.1" 200 23
116.237.78.82 - - [12/May/2024:09:29:53 +0800] "POST /xingrg/kc/buy/cgsh_order_operate.html HTTP/1.1" 200 11010
101.83.240.252 - - [12/May/2024:09:29:54 +0800] "GET /xingrg/all/function/internal_message.html?_=1715477394329&CODE_STATE=getMsg HTTP/1.1" 200 27
116.237.78.82 - - [12/May/2024:09:29:57 +0800] "GET /xingrg/all/function/internal_message.html?_=1715477392630&CODE_STATE=getMsg HTTP/1.1" 200 27
116.237.78.82 - - [12/May/2024:09:30:00 +0800] "GET /xingrg/kc/buy/cgsh_order_operate.html?command=get_materiel&rest_code=00106&code=00101006372&supplier_code=00100096&order_time=2024-05-12 HTTP/1.1" 200 423
222.67.233.39 - - [12/May/2024:09:30:00 +0800] "GET /xingrg/check_reg.html?_=1715477400457 HTTP/1.1" 200 22
124.77.244.56 - - [12/May/2024:09:30:03 +0800] "GET /xingrg/all/function/internal_message.html?_=1715477428764&CODE_STATE=getMsg HTTP/1.1" 200 27
101.83.240.252 - - [12/May/2024:09:30:03 +0800] "GET /xingrg/kc/buy/cgsh_order_operate.html?command=get_materiel&rest_code=00149&code=00101008059&supplier_code=00100008&order_time=2024-05-12 HTTP/1.1" 200 408
116.238.97.31 - - [12/May/2024:09:30:03 +0800] "GET /xingrg/kc/buy/cgsh_order_operate.html?command=get_materiel&rest_code=00102&code=00101009140&supplier_code=00100008&order_time=2024-05-12 HTTP/1.1" 200 414
116.232.195.13 - - [12/May/2024:09:30:07 +0800] "GET /xingrg/all/function/internal_message.html?_=1715477376335&CODE_STATE=getMsg HTTP/1.1" 200 27
180.164.6.225 - - [12/May/2024:09:30:08 +0800] "POST /xingrg/kc/buy/cgsh_order_operate.html HTTP/1.1" 200 37
180.164.6.225 - - [12/May/2024:09:30:11 +0800] "POST /xingrg/kc/buy/cgsh_order_operate.html HTTP/1.1" 200 33404
101.83.240.252 - - [12/May/2024:09:30:14 +0800] "GET /xingrg/kc/buy/cgsh_order_operate.html?command=get_materiel&rest_code=00149&code=00101008005&supplier_code=00100008&order_time=2024-05-12 HTTP/1.1" 200 433
101.83.240.252 - - [12/May/2024:09:30:17 +0800] "POST /xingrg/kc/buy/cgsh_order_operate.html HTTP/1.1" 200 2065
101.83.144.49 - - [12/May/2024:09:30:17 +0800] "GET /xingrg/all/function/internal_message.html?_=1715477164829&CODE_STATE=getMsg HTTP/1.1" 200 27
116.238.97.31 - - [12/May/2024:09:30:18 +0800] "POST /xingrg/kc/buy/cgsh_order_operate.html HTTP/1.1" 200 37
222.69.133.206 - - [12/May/2024:09:30:18 +0800] "GET /xingrg/all/function/internal_message.html?_=1715477419667&CODE_STATE=getMsg HTTP/1.1" 200 27
180.164.6.225 - - [12/May/2024:09:30:19 +0800] "GET /xingrg/login.html HTTP/1.1" 200 7641
180.164.6.225 - - [12/May/2024:09:30:19 +0800] "GET /favicon.ico HTTP/1.1" 404 -
180.164.6.225 - - [12/May/2024:09:30:21 +0800] "POST /xingrg/login.do HTTP/1.1" 302 -
180.164.6.225 - - [12/May/2024:09:30:21 +0800] "GET /xingrg/index.html?sysBaseUrl=http%3A%2F%2F180.169.147.146%3A18081%2Fxingrg%2F&costTime=805×tamp=1715477421285 HTTP/1.1" 200 17183
180.164.6.225 - - [12/May/2024:09:30:21 +0800] "GET /favicon.ico HTTP/1.1" 404 -
180.164.6.225 - - [12/May/2024:09:30:21 +0800] "GET /xingrg/check_reg.html?_=1715477421031 HTTP/1.1" 200 22
180.164.6.225 - - [12/May/2024:09:30:21 +0800] "GET /xingrg/all/function/internal_message.html?_=1715477421031&CODE_STATE=count HTTP/1.1" 200 11
180.164.6.225 - - [12/May/2024:09:30:21 +0800] "POST /xingrg/all/common/load_tree.html?tree=area_rest_tree_json&manage=1 HTTP/1.1" 200 357
180.164.6.225 - - [12/May/2024:09:30:21 +0800] "POST /xingrg/load_menu.html HTTP/1.1" 200 5138
101.83.144.49 - - [12/May/2024:09:30:22 +0800] "GET /xingrg/kc/buy/cgsh_order_operate.html?command=get_materiel&rest_code=00105&code=00101008061&supplier_code=00100008&order_time=2024-05-12 HTTP/1.1" 200 441
116.232.195.13 - - [12/May/2024:09:30:22 +0800] "GET /xingrg/all/function/internal_message.html?_=1715477392036&CODE_STATE=getMsg HTTP/1.1" 200 27
116.232.195.13 - - [12/May/2024:09:30:22 +0800] "GET /xingrg/check_reg.html?_=1715477392039 HTTP/1.1" 200 22
116.238.97.31 - - [12/May/2024:09:30:23 +0800] "POST /xingrg/kc/buy/cgsh_order_operate.html HTTP/1.1" 200 27488
180.164.6.225 - - [12/May/2024:09:30:24 +0800] "GET /xingrg/kc/buy/cgsh_order_list.html HTTP/1.1" 200 58790
101.83.240.252 - - [12/May/2024:09:30:25 +0800] "GET /xingrg/kc/buy/cgsh_order_operate.html?command=get_materiel&rest_code=00149&code=00101008370&supplier_code=00100008&order_time=2024-05-12 HTTP/1.1" 200 412
116.232.195.13 - - [12/May/2024:09:30:28 +0800] "GET /xingrg/all/function/internal_message.html?_=1715477397591&CODE_STATE=getMsg HTTP/1.1" 200 27
180.164.6.225 - - [12/May/2024:09:30:28 +0800] "POST /xingrg/kc/buy/cgsh_list_operate.html HTTP/1.1" 200 1396
180.164.6.225 - - [12/May/2024:09:30:32 +0800] "POST /xingrg/kc/buy/cgsh_list_operate.html HTTP/1.1" 200 569
180.164.6.225 - - [12/May/2024:09:30:33 +0800] "GET /xingrg/kc/buy/cgsh_order_info.html?code=212024051203168 HTTP/1.1" 200 74663
116.238.97.31 - - [12/May/2024:09:30:33 +0800] "POST /xingrg/kc/buy/cgsh_order_operate.html HTTP/1.1" 200 37
180.164.6.225 - - [12/May/2024:09:30:33 +0800] "GET /xingrg/javascript/easyui/themes/default/validatebox.css HTTP/1.1" 404 1104
180.164.6.225 - - [12/May/2024:09:30:33 +0800] "GET /xingrg/all/common/auto_word.html?type=employee&rest_code=00108 HTTP/1.1" 200 101
180.164.6.225 - - [12/May/2024:09:30:33 +0800] "GET /xingrg/all/common/auto_word.html?type=employee&rest_code=00108 HTTP/1.1" 200 101
180.164.6.225 - - [12/May/2024:09:30:34 +0800] "POST /xingrg/kc/buy/cgsh_order_operate.html HTTP/1.1" 200 33404
116.237.78.82 - - [12/May/2024:09:30:35 +0800] "GET /xingrg/kc/buy/cgsh_order_operate.html?command=get_materiel&rest_code=00106&code=00101007061&supplier_code=00100096&order_time=2024-05-12 HTTP/1.1" 200 426
101.83.240.252 - - [12/May/2024:09:30:35 +0800] "GET /xingrg/kc/buy/cgsh_order_operate.html?command=get_materiel&rest_code=00149&code=00101008330&supplier_code=00100008&order_time=2024-05-12 HTTP/1.1" 200 408
180.164.6.225 - - [12/May/2024:09:30:39 +0800] "GET /xingrg/javascript/auto/indicator.gif HTTP/1.1" 404 1066
116.232.195.13 - - [12/May/2024:09:30:39 +0800] "GET /xingrg/all/function/internal_message.html?_=1715477408805&CODE_STATE=getMsg HTTP/1.1" 200 27
180.164.6.225 - - [12/May/2024:09:30:43 +0800] "GET /xingrg/kc/buy/cgsh_order_operate.html?command=get_materiel&rest_code=00108&code=00101009113&supplier_code=00100007&order_time=2024-05-12 HTTP/1.1" 200 413
116.238.97.31 - - [12/May/2024:09:30:43 +0800] "POST /xingrg/kc/buy/cgsh_order_operate.html HTTP/1.1" 200 12
101.83.144.49 - - [12/May/2024:09:30:44 +0800] "GET /xingrg/all/function/internal_message.html?_=1715477445447&CODE_STATE=getMsg HTTP/1.1" 200 27
222.67.233.39 - - [12/May/2024:09:30:44 +0800] "GET /xingrg/all/function/internal_message.html?_=1715477444268&CODE_STATE=getMsg HTTP/1.1" 200 27
101.83.240.252 - - [12/May/2024:09:30:45 +0800] "GET /xingrg/kc/buy/cgsh_order_operate.html?command=get_materiel&rest_code=00149&code=00101008060&supplier_code=00100008&order_time=2024-05-12 HTTP/1.1" 200 416
116.238.97.31 - - [12/May/2024:09:30:45 +0800] "GET /xingrg/all/function/internal_message.html?_=1715477446310&CODE_STATE=getMsg HTTP/1.1" 200 27
116.238.97.31 - - [12/May/2024:09:30:46 +0800] "GET /xingrg/kc/buy/cgsh_order_info.html?code=212024051203160 HTTP/1.1" 200 69497
116.238.97.31 - - [12/May/2024:09:30:46 +0800] "GET /xingrg/javascript/easyui/themes/default/validatebox.css HTTP/1.1" 404 1104
116.238.97.31 - - [12/May/2024:09:30:47 +0800] "POST /xingrg/kc/buy/cgsh_order_operate.html HTTP/1.1" 200 25433
180.169.147.146 - - [12/May/2024:09:30:50 +0800] "GET /xingrg/all/function/internal_message.html?_=1715477450269&CODE_STATE=getMsg HTTP/1.1" 200 27
180.156.239.18 - - [12/May/2024:09:30:50 +0800] "GET /xingrg/all/function/internal_message.html?_=1715477450440&CODE_STATE=getMsg HTTP/1.1" 200 27
180.164.6.225 - - [12/May/2024:09:30:54 +0800] "GET /xingrg/kc/buy/cgsh_order_operate.html?command=get_materiel&rest_code=00108&code=00101008271&supplier_code=00100007&order_time=2024-05-12 HTTP/1.1" 200 408
101.83.240.252 - - [12/May/2024:09:30:54 +0800] "GET /xingrg/check_reg.html?_=1715477454369 HTTP/1.1" 200 22
101.83.240.252 - - [12/May/2024:09:30:54 +0800] "GET /xingrg/all/function/internal_message.html?_=1715477454371&CODE_STATE=getMsg HTTP/1.1" 200 27
101.83.240.252 - - [12/May/2024:09:30:55 +0800] "GET /xingrg/kc/buy/cgsh_order_operate.html?command=get_materiel&rest_code=00149&code=00101009004&supplier_code=00100008&order_time=2024-05-12 HTTP/1.1" 200 408
101.83.144.49 - - [12/May/2024:09:30:55 +0800] "GET /xingrg/kc/buy/cgsh_order_operate.html?command=get_materiel&rest_code=00105&code=00101008160&supplier_code=00100008&order_time=2024-05-12 HTTP/1.1" 200 427
116.237.78.82 - - [12/May/2024:09:30:56 +0800] "GET /xingrg/kc/buy/cgsh_order_operate.html?command=get_materiel&rest_code=00106&code=00101022043&supplier_code=00100096&order_time=2024-05-12 HTTP/1.1" 200 412
116.237.78.82 - - [12/May/2024:09:30:57 +0800] "GET /xingrg/all/function/internal_message.html?_=1715477452612&CODE_STATE=getMsg HTTP/1.1" 200 27
116.237.78.82 - - [12/May/2024:09:31:03 +0800] "GET /xingrg/kc/buy/cgsh_order_operate.html?command=get_materiel&rest_code=00106&code=00101007090&supplier_code=00100096&order_time=2024-05-12 HTTP/1.1" 200 413
124.77.244.56 - - [12/May/2024:09:31:03 +0800] "GET /xingrg/all/function/internal_message.html?_=1715477489193&CODE_STATE=getMsg HTTP/1.1" 200 27
180.164.6.225 - - [12/May/2024:09:31:05 +0800] "GET /xingrg/kc/buy/cgsh_order_operate.html?command=get_materiel&rest_code=00108&code=00101008323&supplier_code=00100007&order_time=2024-05-12 HTTP/1.1" 200 408
101.83.240.252 - - [12/May/2024:09:31:06 +0800] "GET /xingrg/kc/buy/cgsh_order_operate.html?command=get_materiel&rest_code=00149&code=00101009079&supplier_code=00100008&order_time=2024-05-12 HTTP/1.1" 200 409
116.232.195.13 - - [12/May/2024:09:31:07 +0800] "GET /xingrg/all/function/internal_message.html?_=1715477436332&CODE_STATE=getMsg HTTP/1.1" 200 27
101.83.240.252 - - [12/May/2024:09:31:09 +0800] "POST /xingrg/kc/buy/cgsh_order_operate.html HTTP/1.1" 200 2065
101.83.144.49 - - [12/May/2024:09:31:17 +0800] "GET /xingrg/all/function/internal_message.html?_=1715477225463&CODE_STATE=getMsg HTTP/1.1" 200 27
222.69.133.206 - - [12/May/2024:09:31:18 +0800] "GET /xingrg/all/function/internal_message.html?_=1715477479681&CODE_STATE=getMsg HTTP/1.1" 200 27
180.164.6.225 - - [12/May/2024:09:31:18 +0800] "GET /xingrg/kc/buy/cgsh_order_operate.html?command=get_materiel&rest_code=00108&code=00101008355&supplier_code=00100007&order_time=2024-05-12 HTTP/1.1" 200 408
101.83.240.252 - - [12/May/2024:09:31:19 +0800] "GET /xingrg/kc/buy/cgsh_order_operate.html?command=get_materiel&rest_code=00149&code=00101008145&supplier_code=00100008&order_time=2024-05-12 HTTP/1.1" 200 416
116.237.78.82 - - [12/May/2024:09:31:20 +0800] "GET /xingrg/kc/buy/cgsh_order_operate.html?command=get_materiel&rest_code=00106&code=00101007031&supplier_code=00100096&order_time=2024-05-12 HTTP/1.1" 200 415
180.164.6.225 - - [12/May/2024:09:31:21 +0800] "GET /xingrg/all/function/internal_message.html?_=1715477481051&CODE_STATE=getMsg HTTP/1.1" 200 27
180.164.6.225 - - [12/May/2024:09:31:22 +0800] "POST /xingrg/kc/buy/cgsh_order_operate.html HTTP/1.1" 200 2065
116.232.195.13 - - [12/May/2024:09:31:22 +0800] "GET /xingrg/all/function/internal_message.html?_=1715477452051&CODE_STATE=getMsg HTTP/1.1" 200 27
101.83.240.252 - - [12/May/2024:09:31:26 +0800] "POST /xingrg/services/DataTransmitService HTTP/1.1" 200 524
116.237.78.82 - - [12/May/2024:09:31:27 +0800] "POST /xingrg/kc/buy/cgsh_order_operate.html HTTP/1.1" 200 2065
101.83.240.252 - - [12/May/2024:09:31:27 +0800] "POST /xingrg/services/DataTransmitService HTTP/1.1" 200 2067
101.83.240.252 - - [12/May/2024:09:31:27 +0800] "POST /xingrg/services/DataTransmitService HTTP/1.1" 200 1651
101.83.240.252 - - [12/May/2024:09:31:28 +0800] "POST /xingrg/services/DataTransmitService HTTP/1.1" 200 2471
116.232.195.13 - - [12/May/2024:09:31:28 +0800] "GET /xingrg/all/function/internal_message.html?_=1715477457587&CODE_STATE=getMsg HTTP/1.1" 200 27
101.83.240.252 - - [12/May/2024:09:31:28 +0800] "POST /xingrg/services/DataTransmitService HTTP/1.1" 200 1447
101.83.144.49 - - [12/May/2024:09:31:29 +0800] "GET /xingrg/kc/buy/cgsh_order_operate.html?command=get_materiel&rest_code=00105&code=00101009140&supplier_code=00100008&order_time=2024-05-12 HTTP/1.1" 200 412
180.164.6.225 - - [12/May/2024:09:31:30 +0800] "GET /xingrg/kc/buy/cgsh_order_operate.html?command=get_materiel&rest_code=00108&code=00101008370&supplier_code=00100007&order_time=2024-05-12 HTTP/1.1" 200 412
101.83.240.252 - - [12/May/2024:09:31:32 +0800] "POST /xingrg/services/DataTransmitService HTTP/1.1" 200 524
101.83.240.252 - - [12/May/2024:09:31:33 +0800] "POST /xingrg/services/DataTransmitService HTTP/1.1" 200 2067
116.237.78.82 - - [12/May/2024:09:31:35 +0800] "GET /xingrg/kc/buy/cgsh_order_operate.html?command=get_materiel&rest_code=00106&code=00101007081&supplier_code=00100096&order_time=2024-05-12 HTTP/1.1" 200 413
101.83.240.252 - - [12/May/2024:09:31:36 +0800] "GET /xingrg/kc/buy/cgsh_order_operate.html?command=get_materiel&rest_code=00149&code=00101009113&supplier_code=00100008&order_time=2024-05-12 HTTP/1.1" 200 414
116.232.195.13 - - [12/May/2024:09:31:39 +0800] "GET /xingrg/all/function/internal_message.html?_=1715477468792&CODE_STATE=getMsg HTTP/1.1" 200 27
180.164.6.225 - - [12/May/2024:09:31:39 +0800] "GET /xingrg/kc/buy/cgsh_order_operate.html?command=get_materiel&rest_code=00108&code=00101008072&supplier_code=00100007&order_time=2024-05-12 HTTP/1.1" 200 408
101.83.240.252 - - [12/May/2024:09:31:40 +0800] "POST /xingrg/services/DataTransmitService HTTP/1.1" 200 524
101.83.240.252 - - [12/May/2024:09:31:41 +0800] "POST /xingrg/services/DataTransmitService HTTP/1.1" 200 501
124.77.244.56 - - [12/May/2024:09:31:42 +0800] "GET /xingrg/check_reg.html?_=1715477528298 HTTP/1.1" 200 22
101.83.240.252 - - [12/May/2024:09:31:42 +0800] "POST /xingrg/services/DataTransmitService HTTP/1.1" 200 524
101.83.144.49 - - [12/May/2024:09:31:44 +0800] "GET /xingrg/all/function/internal_message.html?_=1715477505415&CODE_STATE=getMsg HTTP/1.1" 200 27
222.67.233.39 - - [12/May/2024:09:31:44 +0800] "GET /xingrg/all/function/internal_message.html?_=1715477504241&CODE_STATE=getMsg HTTP/1.1" 200 27
101.83.144.49 - - [12/May/2024:09:31:44 +0800] "GET /xingrg/check_reg.html?_=1715477505653 HTTP/1.1" 200 22
116.238.97.31 - - [12/May/2024:09:31:45 +0800] "GET /xingrg/all/function/internal_message.html?_=1715477506290&CODE_STATE=getMsg HTTP/1.1" 200 27
101.83.144.49 - - [12/May/2024:09:31:46 +0800] "GET /xingrg/kc/buy/cgsh_order_operate.html?command=get_materiel&rest_code=00105&code=00101009079&supplier_code=00100008&order_time=2024-05-12 HTTP/1.1" 200 409
180.164.6.225 - - [12/May/2024:09:31:48 +0800] "GET /xingrg/kc/buy/cgsh_order_operate.html?command=get_materiel&rest_code=00108&code=00101009041&supplier_code=00100007&order_time=2024-05-12 HTTP/1.1" 200 409
180.169.147.146 - - [12/May/2024:09:31:50 +0800] "GET /xingrg/all/function/internal_message.html?_=1715477510254&CODE_STATE=getMsg HTTP/1.1" 200 27
101.83.144.49 - - [12/May/2024:09:31:50 +0800] "POST /xingrg/kc/buy/cgsh_order_operate.html HTTP/1.1" 200 2065
180.156.239.18 - - [12/May/2024:09:31:50 +0800] "GET /xingrg/all/function/internal_message.html?_=1715477510428&CODE_STATE=getMsg HTTP/1.1" 200 27
101.83.240.252 - - [12/May/2024:09:31:50 +0800] "GET /xingrg/kc/buy/cgsh_order_operate.html?command=get_materiel&rest_code=00149&code=00101009010&supplier_code=00100008&order_time=2024-05-12 HTTP/1.1" 200 416
101.83.240.252 - - [12/May/2024:09:31:54 +0800] "GET /xingrg/all/function/internal_message.html?_=1715477514350&CODE_STATE=getMsg HTTP/1.1" 200 27
116.237.78.82 - - [12/May/2024:09:31:57 +0800] "GET /xingrg/all/function/internal_message.html?_=1715477512611&CODE_STATE=getMsg HTTP/1.1" 200 27
180.164.6.225 - - [12/May/2024:09:31:59 +0800] "GET /xingrg/kc/buy/cgsh_order_operate.html?command=get_materiel&rest_code=00108&code=00101009062&supplier_code=00100007&order_time=2024-05-12 HTTP/1.1" 200 412
101.83.144.49 - - [12/May/2024:09:32:00 +0800] "GET /xingrg/kc/buy/cgsh_order_operate.html?command=get_materiel&rest_code=00105&code=00101009004&supplier_code=00100008&order_time=2024-05-12 HTTP/1.1" 200 408
101.83.240.252 - - [12/May/2024:09:32:00 +0800] "POST /xingrg/services/DataTransmitService HTTP/1.1" 200 501
101.83.240.252 - - [12/May/2024:09:32:01 +0800] "POST /xingrg/services/DataTransmitService HTTP/1.1" 200 501
124.77.244.56 - - [12/May/2024:09:32:03 +0800] "GET /xingrg/all/function/internal_message.html?_=1715477549197&CODE_STATE=getMsg HTTP/1.1" 200 27
116.232.195.13 - - [12/May/2024:09:32:07 +0800] "GET /xingrg/all/function/internal_message.html?_=1715477496336&CODE_STATE=getMsg HTTP/1.1" 200 27
101.83.144.49 - - [12/May/2024:09:32:17 +0800] "GET /xingrg/all/function/internal_message.html?_=1715477285436&CODE_STATE=getMsg HTTP/1.1" 200 27
222.69.133.206 - - [12/May/2024:09:32:18 +0800] "GET /xingrg/check_reg.html?_=1715477539669 HTTP/1.1" 200 22
222.69.133.206 - - [12/May/2024:09:32:18 +0800] "GET /xingrg/all/function/internal_message.html?_=1715477539672&CODE_STATE=getMsg HTTP/1.1" 200 27
101.83.240.252 - - [12/May/2024:09:32:19 +0800] "POST /xingrg/kc/buy/cgsh_order_operate.html HTTP/1.1" 200 37
180.164.6.225 - - [12/May/2024:09:32:21 +0800] "GET /xingrg/all/function/internal_message.html?_=1715477541044&CODE_STATE=getMsg HTTP/1.1" 200 27
116.238.97.31 - - [12/May/2024:09:32:22 +0800] "GET /xingrg/javascript/jquery_easy_ui/themes/default/images/tabs_active.png HTTP/1.1" 200 2894
180.156.239.18 - - [12/May/2024:09:32:22 +0800] "GET /xingrg/kc/buy/cgsh_order_add.html HTTP/1.1" 200 74637
116.232.195.13 - - [12/May/2024:09:32:22 +0800] "GET /xingrg/all/function/internal_message.html?_=1715477512047&CODE_STATE=getMsg HTTP/1.1" 200 27
180.156.239.18 - - [12/May/2024:09:32:23 +0800] "POST /xingrg/kc/buy/cgsh_order_operate.html HTTP/1.1" 200 8245
180.156.239.18 - - [12/May/2024:09:32:23 +0800] "GET /xingrg/javascript/easyui/themes/default/validatebox.css HTTP/1.1" 404 1104
116.232.195.13 - - [12/May/2024:09:32:28 +0800] "GET /xingrg/check_reg.html?_=1715477517590 HTTP/1.1" 200 22
116.232.195.13 - - [12/May/2024:09:32:28 +0800] "GET /xingrg/all/function/internal_message.html?_=1715477517595&CODE_STATE=getMsg HTTP/1.1" 200 27
101.83.144.49 - - [12/May/2024:09:32:30 +0800] "POST /xingrg/kc/buy/cgsh_order_operate.html HTTP/1.1" 200 37
180.164.6.225 - - [12/May/2024:09:32:30 +0800] "POST /xingrg/kc/buy/cgsh_order_operate.html HTTP/1.1" 200 64
116.237.78.82 - - [12/May/2024:09:32:31 +0800] "GET /xingrg/kc/buy/cgsh_order_operate.html?command=get_materiel&rest_code=00106&code=00101007072&supplier_code=00100096&order_time=2024-05-12 HTTP/1.1" 200 419
101.83.144.49 - - [12/May/2024:09:32:34 +0800] "POST /xingrg/kc/buy/cgsh_order_operate.html HTTP/1.1" 200 33367
101.83.240.252 - - [12/May/2024:09:32:35 +0800] "POST /xingrg/services/DataTransmitService HTTP/1.1" 200 501
116.232.195.13 - - [12/May/2024:09:32:39 +0800] "GET /xingrg/all/function/internal_message.html?_=1715477528801&CODE_STATE=getMsg HTTP/1.1" 200 27
180.164.6.225 - - [12/May/2024:09:32:42 +0800] "POST /xingrg/kc/buy/cgsh_order_operate.html HTTP/1.1" 200 37
180.156.239.18 - - [12/May/2024:09:32:42 +0800] "GET /xingrg/kc/buy/cgsh_order_operate.html?command=get_materiel&rest_code=00150&code=00101031012&supplier_code=00100054&order_time=2024-05-12 HTTP/1.1" 200 417
101.83.240.252 - - [12/May/2024:09:32:43 +0800] "POST /xingrg/kc/buy/cgsh_order_operate.html HTTP/1.1" 200 12
101.83.144.49 - - [12/May/2024:09:32:44 +0800] "GET /xingrg/all/function/internal_message.html?_=1715477565396&CODE_STATE=getMsg HTTP/1.1" 200 27
222.67.233.39 - - [12/May/2024:09:32:44 +0800] "GET /xingrg/all/function/internal_message.html?_=1715477564222&CODE_STATE=getMsg HTTP/1.1" 200 27
180.164.6.225 - - [12/May/2024:09:32:44 +0800] "POST /xingrg/kc/buy/cgsh_order_operate.html HTTP/1.1" 200 38136
116.238.97.31 - - [12/May/2024:09:32:45 +0800] "GET /xingrg/all/function/internal_message.html?_=1715477566284&CODE_STATE=getMsg HTTP/1.1" 200 27
116.238.97.31 - - [12/May/2024:09:32:45 +0800] "GET /xingrg/check_reg.html?_=1715477566876 HTTP/1.1" 200 22
180.164.6.225 - - [12/May/2024:09:32:48 +0800] "GET /xingrg/kc/print/load_config.html?kc_code=cgsh HTTP/1.1" 200 1927
180.164.6.225 - - [12/May/2024:09:32:48 +0800] "GET /xingrg/kc/print/load_data.html?order_code=212024051203168&kc_code=cgsh&condition= HTTP/1.1" 200 14140
180.169.147.146 - - [12/May/2024:09:32:50 +0800] "GET /xingrg/all/function/internal_message.html?_=1715477570254&CODE_STATE=getMsg HTTP/1.1" 200 27
180.169.147.146 - - [12/May/2024:09:32:50 +0800] "GET /xingrg/check_reg.html?_=1715477570255 HTTP/1.1" 200 22
180.156.239.18 - - [12/May/2024:09:32:50 +0800] "GET /xingrg/all/function/internal_message.html?_=1715477570403&CODE_STATE=getMsg HTTP/1.1" 200 27
180.156.239.18 - - [12/May/2024:09:32:50 +0800] "GET /xingrg/check_reg.html?_=1715477570571 HTTP/1.1" 200 22
180.156.239.18 - - [12/May/2024:09:32:52 +0800] "POST /xingrg/kc/buy/cgsh_order_operate.html HTTP/1.1" 200 37
101.83.240.252 - - [12/May/2024:09:32:56 +0800] "POST /xingrg/services/DataTransmitService HTTP/1.1" 200 501
116.237.78.82 - - [12/May/2024:09:32:57 +0800] "GET /xingrg/all/function/internal_message.html?_=1715477572622&CODE_STATE=getMsg HTTP/1.1" 200 27
101.83.240.252 - - [12/May/2024:09:32:58 +0800] "POST /xingrg/services/DataTransmitService HTTP/1.1" 200 501
101.83.240.252 - - [12/May/2024:09:32:59 +0800] "POST /xingrg/services/DataTransmitService HTTP/1.1" 200 501
101.83.240.252 - - [12/May/2024:09:33:00 +0800] "GET /xingrg/all/function/internal_message.html?_=1715477580270&CODE_STATE=getMsg HTTP/1.1" 200 27
180.156.239.18 - - [12/May/2024:09:33:00 +0800] "POST /xingrg/kc/buy/cgsh_order_operate.html HTTP/1.1" 200 12
101.83.240.252 - - [12/May/2024:09:33:02 +0800] "GET /xingrg/kc/buy/cgsh_order_info.html?code=212024051203171 HTTP/1.1" 200 69552
101.83.240.252 - - [12/May/2024:09:33:02 +0800] "GET /xingrg/javascript/easyui/themes/default/validatebox.css HTTP/1.1" 404 1104
180.156.239.18 - - [12/May/2024:09:33:03 +0800] "GET /xingrg/kc/buy/cgsh_order_info.html?code=212024051203172 HTTP/1.1" 200 69506
180.156.239.18 - - [12/May/2024:09:33:03 +0800] "GET /xingrg/javascript/easyui/themes/default/validatebox.css HTTP/1.1" 404 1104
124.77.244.56 - - [12/May/2024:09:33:03 +0800] "GET /xingrg/all/function/internal_message.html?_=1715477609211&CODE_STATE=getMsg HTTP/1.1" 200 27
101.83.240.252 - - [12/May/2024:09:33:04 +0800] "POST /xingrg/kc/buy/cgsh_order_operate.html HTTP/1.1" 200 39627
180.156.239.18 - - [12/May/2024:09:33:04 +0800] "POST /xingrg/kc/buy/cgsh_order_operate.html HTTP/1.1" 200 614
116.237.78.82 - - [12/May/2024:09:33:06 +0800] "GET /xingrg/kc/buy/cgsh_order_operate.html?command=get_materiel&rest_code=00106&code=00101007128&supplier_code=00100096&order_time=2024-05-12 HTTP/1.1" 200 405
180.156.239.18 - - [12/May/2024:09:33:06 +0800] "GET /xingrg/kc/print/load_data.html?order_code=212024051203172&kc_code=cgsh&condition= HTTP/1.1" 200 712
116.232.195.13 - - [12/May/2024:09:33:07 +0800] "GET /xingrg/check_reg.html?_=1715477556337 HTTP/1.1" 200 22
116.232.195.13 - - [12/May/2024:09:33:07 +0800] "GET /xingrg/all/function/internal_message.html?_=1715477556344&CODE_STATE=getMsg HTTP/1.1" 200 27
101.83.240.252 - - [12/May/2024:09:33:08 +0800] "POST /xingrg/services/DataTransmitService HTTP/1.1" 200 501
101.83.240.252 - - [12/May/2024:09:33:09 +0800] "POST /xingrg/services/DataTransmitService HTTP/1.1" 200 501
101.83.240.252 - - [12/May/2024:09:33:10 +0800] "GET /xingrg/kc/print/load_config.html?kc_code=cgsh HTTP/1.1" 200 1927
180.156.239.18 - - [12/May/2024:09:33:11 +0800] "GET /xingrg/kc/buy/cgsh_order_add.html HTTP/1.1" 200 74637
180.156.239.18 - - [12/May/2024:09:33:11 +0800] "POST /xingrg/kc/buy/cgsh_order_operate.html HTTP/1.1" 200 8245
101.83.240.252 - - [12/May/2024:09:33:11 +0800] "GET /xingrg/kc/print/load_data.html?order_code=212024051203171&kc_code=cgsh&condition= HTTP/1.1" 200 15452
180.156.239.18 - - [12/May/2024:09:33:11 +0800] "GET /xingrg/javascript/easyui/themes/default/validatebox.css HTTP/1.1" 404 1104
101.83.240.252 - - [12/May/2024:09:33:11 +0800] "POST /xingrg/services/DataTransmitService HTTP/1.1" 200 501
101.83.240.252 - - [12/May/2024:09:33:12 +0800] "POST /xingrg/services/DataTransmitService HTTP/1.1" 200 412
101.83.144.49 - - [12/May/2024:09:33:17 +0800] "GET /xingrg/all/function/internal_message.html?_=1715477345432&CODE_STATE=getMsg HTTP/1.1" 200 27
222.69.133.206 - - [12/May/2024:09:33:18 +0800] "GET /xingrg/all/function/internal_message.html?_=1715477599688&CODE_STATE=getMsg HTTP/1.1" 200 27
101.83.240.252 - - [12/May/2024:09:33:18 +0800] "GET /xingrg/kc/buy/cgsh_order_add.html HTTP/1.1" 200 74681
101.83.240.252 - - [12/May/2024:09:33:18 +0800] "POST /xingrg/kc/buy/cgsh_order_operate.html HTTP/1.1" 200 8245
101.83.240.252 - - [12/May/2024:09:33:19 +0800] "GET /xingrg/javascript/easyui/themes/default/validatebox.css HTTP/1.1" 404 1104
180.156.239.18 - - [12/May/2024:09:33:21 +0800] "GET /xingrg/kc/buy/cgsh_order_operate.html?command=get_materiel&rest_code=00150&code=00101009109&supplier_code=00100022&order_time=2024-05-12 HTTP/1.1" 200 435
180.164.6.225 - - [12/May/2024:09:33:21 +0800] "GET /xingrg/all/function/internal_message.html?_=1715477601042&CODE_STATE=getMsg HTTP/1.1" 200 27
116.232.195.13 - - [12/May/2024:09:33:22 +0800] "GET /xingrg/all/function/internal_message.html?_=1715477572047&CODE_STATE=getMsg HTTP/1.1" 200 27
116.232.195.13 - - [12/May/2024:09:33:28 +0800] "GET /xingrg/all/function/internal_message.html?_=1715477577585&CODE_STATE=getMsg HTTP/1.1" 200 27
180.156.239.18 - - [12/May/2024:09:33:32 +0800] "GET /xingrg/kc/buy/cgsh_order_operate.html?command=get_materiel&rest_code=00150&code=00101009059&supplier_code=00100022&order_time=2024-05-12 HTTP/1.1" 200 409
180.164.6.225 - - [12/May/2024:09:33:36 +0800] "GET /xingrg/kc/print/load_data.html?order_code=212024051203168&kc_code=cgsh HTTP/1.1" 200 14140
116.232.195.13 - - [12/May/2024:09:33:39 +0800] "GET /xingrg/all/function/internal_message.html?_=1715477588795&CODE_STATE=getMsg HTTP/1.1" 200 27
180.156.239.18 - - [12/May/2024:09:33:41 +0800] "GET /xingrg/kc/buy/cgsh_order_operate.html?command=get_materiel&rest_code=00150&code=00101009044&supplier_code=00100022&order_time=2024-05-12 HTTP/1.1" 200 432
101.83.144.49 - - [12/May/2024:09:33:44 +0800] "GET /xingrg/all/function/internal_message.html?_=1715477625365&CODE_STATE=getMsg HTTP/1.1" 200 27
222.67.233.39 - - [12/May/2024:09:33:44 +0800] "GET /xingrg/all/function/internal_message.html?_=1715477624203&CODE_STATE=getMsg HTTP/1.1" 200 27
116.238.97.31 - - [12/May/2024:09:33:45 +0800] "GET /xingrg/all/function/internal_message.html?_=1715477626272&CODE_STATE=getMsg HTTP/1.1" 200 27
180.169.147.146 - - [12/May/2024:09:33:50 +0800] "GET /xingrg/all/function/internal_message.html?_=1715477630260&CODE_STATE=getMsg HTTP/1.1" 200 27
180.156.239.18 - - [12/May/2024:09:33:50 +0800] "GET /xingrg/kc/buy/cgsh_order_operate.html?command=get_materiel&rest_code=00150&code=00101009124&supplier_code=00100022&order_time=2024-05-12 HTTP/1.1" 200 431
180.156.239.18 - - [12/May/2024:09:33:50 +0800] "GET /xingrg/all/function/internal_message.html?_=1715477630397&CODE_STATE=getMsg HTTP/1.1" 200 27
116.237.78.82 - - [12/May/2024:09:33:57 +0800] "GET /xingrg/all/function/internal_message.html?_=1715477632618&CODE_STATE=getMsg HTTP/1.1" 200 27
116.237.78.82 - - [12/May/2024:09:33:57 +0800] "GET /xingrg/check_reg.html?_=1715477632621 HTTP/1.1" 200 22
101.83.240.252 - - [12/May/2024:09:34:00 +0800] "GET /xingrg/all/function/internal_message.html?_=1715477640255&CODE_STATE=getMsg HTTP/1.1" 200 27
180.156.239.18 - - [12/May/2024:09:34:00 +0800] "GET /xingrg/kc/buy/cgsh_order_operate.html?command=get_materiel&rest_code=00150&code=00101009039&supplier_code=00100022&order_time=2024-05-12 HTTP/1.1" 200 408
124.77.244.56 - - [12/May/2024:09:34:04 +0800] "GET /xingrg/all/function/internal_message.html?_=1715477669649&CODE_STATE=getMsg HTTP/1.1" 200 27
116.232.195.13 - - [12/May/2024:09:34:07 +0800] "GET /xingrg/all/function/internal_message.html?_=1715477616340&CODE_STATE=getMsg HTTP/1.1" 200 27
180.156.239.18 - - [12/May/2024:09:34:14 +0800] "POST /xingrg/kc/buy/cgsh_order_operate.html HTTP/1.1" 200 37
101.83.144.49 - - [12/May/2024:09:34:17 +0800] "GET /xingrg/check_reg.html?_=1715477404825 HTTP/1.1" 200 22
101.83.144.49 - - [12/May/2024:09:34:17 +0800] "GET /xingrg/all/function/internal_message.html?_=1715477405389&CODE_STATE=getMsg HTTP/1.1" 200 27
222.69.133.206 - - [12/May/2024:09:34:18 +0800] "GET /xingrg/all/function/internal_message.html?_=1715477659678&CODE_STATE=getMsg HTTP/1.1" 200 27
180.164.6.225 - - [12/May/2024:09:34:21 +0800] "GET /xingrg/all/function/internal_message.html?_=1715477661060&CODE_STATE=getMsg HTTP/1.1" 200 27
180.156.239.18 - - [12/May/2024:09:34:21 +0800] "POST /xingrg/kc/buy/cgsh_order_operate.html HTTP/1.1" 200 12
116.232.195.13 - - [12/May/2024:09:34:22 +0800] "GET /xingrg/all/function/internal_message.html?_=1715477632037&CODE_STATE=getMsg HTTP/1.1" 200 27
180.156.239.18 - - [12/May/2024:09:34:23 +0800] "GET /xingrg/kc/buy/cgsh_order_info.html?code=212024051203173 HTTP/1.1" 200 69506
180.156.239.18 - - [12/May/2024:09:34:24 +0800] "GET /xingrg/javascript/easyui/themes/default/validatebox.css HTTP/1.1" 404 1104
180.156.239.18 - - [12/May/2024:09:34:25 +0800] "POST /xingrg/kc/buy/cgsh_order_operate.html HTTP/1.1" 200 2966
180.156.239.18 - - [12/May/2024:09:34:28 +0800] "GET /xingrg/kc/print/load_data.html?order_code=212024051203173&kc_code=cgsh&condition= HTTP/1.1" 200 1637
116.232.195.13 - - [12/May/2024:09:34:28 +0800] "GET /xingrg/all/function/internal_message.html?_=1715477637585&CODE_STATE=getMsg HTTP/1.1" 200 27
180.156.239.18 - - [12/May/2024:09:34:35 +0800] "GET /xingrg/kc/mdqp/pssh_order_list.html HTTP/1.1" 200 18167
180.156.239.18 - - [12/May/2024:09:34:35 +0800] "POST /xingrg/kc/mdqp/pssh_list_operate.html HTTP/1.1" 200 5466
180.156.239.18 - - [12/May/2024:09:34:37 +0800] "POST /xingrg/kc/mdqp/pssh_list_operate.html HTTP/1.1" 200 450
116.238.97.31 - - [12/May/2024:09:34:37 +0800] "GET /xingrg/login.html HTTP/1.1" 200 7641
101.83.144.49 - - [12/May/2024:09:34:37 +0800] "POST /xingrg/services/DataTransmitService HTTP/1.1" 200 524
101.83.144.49 - - [12/May/2024:09:34:38 +0800] "POST /xingrg/services/DataTransmitService HTTP/1.1" 200 2315
116.238.97.31 - - [12/May/2024:09:34:38 +0800] "GET /favicon.ico HTTP/1.1" 404 -
101.83.144.49 - - [12/May/2024:09:34:38 +0800] "POST /xingrg/services/DataTransmitService HTTP/1.1" 200 1651
101.83.144.49 - - [12/May/2024:09:34:39 +0800] "POST /xingrg/services/DataTransmitService HTTP/1.1" 200 2555
116.232.195.13 - - [12/May/2024:09:34:39 +0800] "GET /xingrg/all/function/internal_message.html?_=1715477648801&CODE_STATE=getMsg HTTP/1.1" 200 27
116.232.195.13 - - [12/May/2024:09:34:39 +0800] "GET /xingrg/check_reg.html?_=1715477648805 HTTP/1.1" 200 22
101.83.144.49 - - [12/May/2024:09:34:40 +0800] "POST /xingrg/services/DataTransmitService HTTP/1.1" 200 1459
101.83.144.49 - - [12/May/2024:09:34:41 +0800] "POST /xingrg/services/DataTransmitService HTTP/1.1" 200 178940
101.83.144.49 - - [12/May/2024:09:34:44 +0800] "GET /xingrg/all/function/internal_message.html?_=1715477685341&CODE_STATE=getMsg HTTP/1.1" 200 27
222.67.233.39 - - [12/May/2024:09:34:44 +0800] "GET /xingrg/all/function/internal_message.html?_=1715477684184&CODE_STATE=getMsg HTTP/1.1" 200 27
116.238.97.31 - - [12/May/2024:09:34:45 +0800] "GET /xingrg/all/function/internal_message.html?_=1715477686269&CODE_STATE=getMsg HTTP/1.1" 200 27
116.237.78.82 - - [12/May/2024:09:34:49 +0800] "POST /xingrg/kc/buy/cgsh_order_operate.html HTTP/1.1" 200 37
180.169.147.146 - - [12/May/2024:09:34:50 +0800] "GET /xingrg/all/function/internal_message.html?_=1715477690258&CODE_STATE=getMsg HTTP/1.1" 200 27
180.156.239.18 - - [12/May/2024:09:34:50 +0800] "GET /xingrg/all/function/internal_message.html?_=1715477690382&CODE_STATE=getMsg HTTP/1.1" 200 27
116.237.78.82 - - [12/May/2024:09:34:51 +0800] "POST /xingrg/kc/buy/cgsh_order_operate.html HTTP/1.1" 200 15763
116.238.97.31 - - [12/May/2024:09:34:54 +0800] "POST /xingrg/login.do HTTP/1.1" 302 -
116.238.97.31 - - [12/May/2024:09:34:54 +0800] "GET /xingrg/index.html?sysBaseUrl=http%3A%2F%2F180.169.147.146%3A18081%2Fxingrg%2F&costTime=827×tamp=1715477694903 HTTP/1.1" 200 17503
116.238.97.31 - - [12/May/2024:09:34:55 +0800] "GET /favicon.ico HTTP/1.1" 404 -
116.238.97.31 - - [12/May/2024:09:34:55 +0800] "POST /xingrg/all/common/load_tree.html?tree=area_rest_tree_json&manage=1 HTTP/1.1" 200 4010
116.238.97.31 - - [12/May/2024:09:34:56 +0800] "GET /xingrg/all/function/internal_message.html?_=1715477698181&CODE_STATE=count HTTP/1.1" 200 11
116.238.97.31 - - [12/May/2024:09:34:56 +0800] "GET /xingrg/check_reg.html?_=1715477698183 HTTP/1.1" 200 22
116.238.97.31 - - [12/May/2024:09:34:56 +0800] "POST /xingrg/load_menu.html HTTP/1.1" 200 11443
116.237.78.82 - - [12/May/2024:09:34:57 +0800] "GET /xingrg/all/function/internal_message.html?_=1715477692614&CODE_STATE=getMsg HTTP/1.1" 200 27
101.83.240.252 - - [12/May/2024:09:35:00 +0800] "GET /xingrg/all/function/internal_message.html?_=1715477700234&CODE_STATE=getMsg HTTP/1.1" 200 27
222.67.233.39 - - [12/May/2024:09:35:00 +0800] "GET /xingrg/check_reg.html?_=1715477700453 HTTP/1.1" 200 22
124.77.244.56 - - [12/May/2024:09:35:04 +0800] "GET /xingrg/all/function/internal_message.html?_=1715477729659&CODE_STATE=getMsg HTTP/1.1" 200 27
180.156.239.18 - - [12/May/2024:09:35:05 +0800] "POST /xingrg/all/user/operate.html HTTP/1.1" 200 36
180.156.239.18 - - [12/May/2024:09:35:05 +0800] "GET /xingrg/index.html?sysBaseUrl=http%3A%2F%2F180.169.147.146%3A18081%2Fxingrg%2F&costTime=813×tamp=1715475766528 HTTP/1.1" 200 17177
180.156.239.18 - - [12/May/2024:09:35:05 +0800] "GET /xingrg/javascript/jquery_easy_ui/themes/default/easyui.css HTTP/1.1" 304 -
180.156.239.18 - - [12/May/2024:09:35:05 +0800] "GET /xingrg/javascript/jquery_easy_ui/themes/icon.css HTTP/1.1" 304 -
180.156.239.18 - - [12/May/2024:09:35:05 +0800] "GET /xingrg/css/form.css HTTP/1.1" 304 -
180.156.239.18 - - [12/May/2024:09:35:05 +0800] "GET /xingrg/javascript/jquery-1.4.2.min.js HTTP/1.1" 304 -
180.156.239.18 - - [12/May/2024:09:35:05 +0800] "GET /xingrg/javascript/jquery_easy_ui/jquery.easyui.min.js HTTP/1.1" 304 -
180.156.239.18 - - [12/May/2024:09:35:05 +0800] "GET /xingrg/javascript/jquery_easy_ui/easyui-lang-zh_CN.js HTTP/1.1" 304 -
180.156.239.18 - - [12/May/2024:09:35:05 +0800] "GET /xingrg/javascript/jquery.form.js HTTP/1.1" 304 -
180.156.239.18 - - [12/May/2024:09:35:05 +0800] "GET /xingrg/javascript/jquery.utils.js HTTP/1.1" 304 -
180.156.239.18 - - [12/May/2024:09:35:05 +0800] "GET /xingrg/javascript/jquery.timers.js HTTP/1.1" 304 -
180.156.239.18 - - [12/May/2024:09:35:05 +0800] "GET /xingrg/images/blue/jxLogo.png HTTP/1.1" 304 -
180.156.239.18 - - [12/May/2024:09:35:05 +0800] "GET /xingrg/images/blue/navBackgound.jpg HTTP/1.1" 304 -
180.156.239.18 - - [12/May/2024:09:35:05 +0800] "GET /xingrg/javascript/jquery_easy_ui/themes/icons/settle_new.png HTTP/1.1" 304 -
180.156.239.18 - - [12/May/2024:09:35:05 +0800] "GET /xingrg/all/function/internal_message.html?_=1715477705759&CODE_STATE=count HTTP/1.1" 200 11
180.156.239.18 - - [12/May/2024:09:35:05 +0800] "GET /xingrg/javascript/jquery_easy_ui/themes/default/images/panel_tool_collapse.gif HTTP/1.1" 304 -
180.156.239.18 - - [12/May/2024:09:35:05 +0800] "GET /xingrg/javascript/jquery_easy_ui/themes/default/images/tabs_leftarrow.png HTTP/1.1" 304 -
180.156.239.18 - - [12/May/2024:09:35:05 +0800] "GET /xingrg/check_reg.html?_=1715477705760 HTTP/1.1" 200 22
180.156.239.18 - - [12/May/2024:09:35:05 +0800] "GET /xingrg/javascript/jquery_easy_ui/themes/default/images/tabs_rightarrow.png HTTP/1.1" 304 -
180.156.239.18 - - [12/May/2024:09:35:05 +0800] "GET /xingrg/images/blue/pingpu.png HTTP/1.1" 304 -
180.156.239.18 - - [12/May/2024:09:35:05 +0800] "POST /xingrg/all/common/load_tree.html?tree=area_rest_tree_json&manage=1 HTTP/1.1" 200 476
180.156.239.18 - - [12/May/2024:09:35:05 +0800] "POST /xingrg/load_menu.html HTTP/1.1" 200 5138
116.232.195.13 - - [12/May/2024:09:35:07 +0800] "GET /xingrg/all/function/internal_message.html?_=1715477676339&CODE_STATE=getMsg HTTP/1.1" 200 27
180.156.239.18 - - [12/May/2024:09:35:08 +0800] "GET /xingrg/kc/buy/cgsh_order_list.html HTTP/1.1" 200 58784
222.69.133.206 - - [12/May/2024:09:35:09 +0800] "GET /xingrg/kc/buy/cgsh_order_list.html HTTP/1.1" 200 58786
180.156.239.18 - - [12/May/2024:09:35:11 +0800] "POST /xingrg/kc/buy/cgsh_list_operate.html HTTP/1.1" 200 645
222.69.133.206 - - [12/May/2024:09:35:12 +0800] "POST /xingrg/kc/buy/cgsh_list_operate.html HTTP/1.1" 200 645
