101.83.144.49 - - [11/May/2024:09:20:18 +0800] "GET /xingrg/check_reg.html?_=1715390166571 HTTP/1.1" 200 22
116.232.195.13 - - [11/May/2024:09:20:19 +0800] "GET /xingrg/all/function/internal_message.html?_=1715390390776&CODE_STATE=getMsg HTTP/1.1" 200 27
116.238.97.31 - - [11/May/2024:09:20:20 +0800] "GET /xingrg/kc/buy/cgsh_order_operate.html?command=get_materiel&rest_code=00102&code=00101008010&supplier_code=00100008&order_time=2024-05-11 HTTP/1.1" 200 412
120.253.135.82 - - [11/May/2024:09:20:20 +0800] "GET /xingrg/all/function/internal_message.html?_=1715390605526&CODE_STATE=getMsg HTTP/1.1" 200 27
116.237.73.213 - - [11/May/2024:09:20:24 +0800] "GET /xingrg/kc/buy/cgsh_order_operate.html?command=get_materiel&rest_code=00106&code=00101006111&supplier_code=00100096&order_time=2024-05-11 HTTP/1.1" 200 409
101.83.144.49 - - [11/May/2024:09:20:27 +0800] "GET /xingrg/check_reg.html?_=1715390428774 HTTP/1.1" 200 22
116.238.97.31 - - [11/May/2024:09:20:27 +0800] "GET /xingrg/all/function/internal_message.html?_=1715390427707&CODE_STATE=getMsg HTTP/1.1" 200 27
101.83.144.49 - - [11/May/2024:09:20:27 +0800] "GET /xingrg/all/function/internal_message.html?_=1715390429454&CODE_STATE=getMsg HTTP/1.1" 200 27
116.237.73.213 - - [11/May/2024:09:20:35 +0800] "POST /xingrg/kc/buy/cgsh_order_operate.html HTTP/1.1" 200 2065
116.232.195.13 - - [11/May/2024:09:20:41 +0800] "GET /xingrg/all/function/internal_message.html?_=1715390412365&CODE_STATE=getMsg HTTP/1.1" 200 27
116.237.73.213 - - [11/May/2024:09:20:42 +0800] "GET /xingrg/kc/buy/cgsh_order_operate.html?command=get_materiel&rest_code=00106&code=00101006240&supplier_code=00100096&order_time=2024-05-11 HTTP/1.1" 200 424
120.253.135.82 - - [11/May/2024:09:20:48 +0800] "GET /xingrg/all/function/internal_message.html?_=1715390298677&CODE_STATE=getMsg HTTP/1.1" 200 27
116.232.195.13 - - [11/May/2024:09:20:59 +0800] "GET /xingrg/all/function/internal_message.html?_=1715390430393&CODE_STATE=getMsg HTTP/1.1" 200 27
116.237.73.213 - - [11/May/2024:09:21:02 +0800] "GET /xingrg/all/function/internal_message.html?_=1715390458722&CODE_STATE=getMsg HTTP/1.1" 200 27
114.95.253.235 - - [11/May/2024:09:21:04 +0800] "GET /xingrg/all/function/internal_message.html?_=1715390464425&CODE_STATE=getMsg HTTP/1.1" 200 27
116.238.97.31 - - [11/May/2024:09:21:09 +0800] "GET /xingrg/all/function/internal_message.html?_=1715390472852&CODE_STATE=getMsg HTTP/1.1" 200 27
222.69.133.181 - - [11/May/2024:09:21:10 +0800] "GET /xingrg/all/function/internal_message.html?_=1715390471358&CODE_STATE=getMsg HTTP/1.1" 200 27
180.164.6.225 - - [11/May/2024:09:21:14 +0800] "GET /xingrg/all/function/internal_message.html?_=1715390473181&CODE_STATE=getMsg HTTP/1.1" 200 27
101.80.230.31 - - [11/May/2024:09:21:16 +0800] "GET /xingrg/check_reg.html?_=1715390485928 HTTP/1.1" 200 22
101.80.230.31 - - [11/May/2024:09:21:16 +0800] "GET /xingrg/all/function/internal_message.html?_=1715390485936&CODE_STATE=getMsg HTTP/1.1" 200 27
101.83.144.49 - - [11/May/2024:09:21:18 +0800] "GET /xingrg/all/function/internal_message.html?_=1715390226572&CODE_STATE=getMsg HTTP/1.1" 200 27
116.232.195.13 - - [11/May/2024:09:21:19 +0800] "GET /xingrg/all/function/internal_message.html?_=1715390450755&CODE_STATE=getMsg HTTP/1.1" 200 27
116.238.97.31 - - [11/May/2024:09:21:20 +0800] "POST /xingrg/services/DataTransmitService HTTP/1.1" 200 524
116.232.33.149 - - [11/May/2024:09:21:20 +0800] "POST /xingrg/services/DataTransmitService HTTP/1.1" 200 524
120.253.135.82 - - [11/May/2024:09:21:20 +0800] "GET /xingrg/all/function/internal_message.html?_=1715390665526&CODE_STATE=getMsg HTTP/1.1" 200 27
120.253.135.82 - - [11/May/2024:09:21:20 +0800] "GET /xingrg/check_reg.html?_=1715390665529 HTTP/1.1" 200 22
116.238.97.31 - - [11/May/2024:09:21:27 +0800] "GET /xingrg/all/function/internal_message.html?_=1715390487692&CODE_STATE=getMsg HTTP/1.1" 200 27
101.83.144.49 - - [11/May/2024:09:21:27 +0800] "GET /xingrg/all/function/internal_message.html?_=1715390489426&CODE_STATE=getMsg HTTP/1.1" 200 27
116.238.97.31 - - [11/May/2024:09:21:39 +0800] "GET /xingrg/kc/buy/cgsh_order_operate.html?command=get_materiel&rest_code=00102&code=00101008403&supplier_code=00100008&order_time=2024-05-11 HTTP/1.1" 200 412
116.232.195.13 - - [11/May/2024:09:21:41 +0800] "GET /xingrg/all/function/internal_message.html?_=1715390472360&CODE_STATE=getMsg HTTP/1.1" 200 27
120.253.135.82 - - [11/May/2024:09:21:48 +0800] "GET /xingrg/all/function/internal_message.html?_=1715390358684&CODE_STATE=getMsg HTTP/1.1" 200 27
116.237.73.213 - - [11/May/2024:09:21:53 +0800] "GET /xingrg/kc/buy/cgsh_order_operate.html?command=get_materiel&rest_code=00106&code=00101006138&supplier_code=00100096&order_time=2024-05-11 HTTP/1.1" 200 409
116.232.195.13 - - [11/May/2024:09:21:59 +0800] "GET /xingrg/all/function/internal_message.html?_=1715390490376&CODE_STATE=getMsg HTTP/1.1" 200 27
116.238.97.31 - - [11/May/2024:09:21:59 +0800] "GET /xingrg/kc/buy/cgsh_order_operate.html?command=get_materiel&rest_code=00102&code=00101008110&supplier_code=00100008&order_time=2024-05-11 HTTP/1.1" 200 408
116.232.195.13 - - [11/May/2024:09:22:02 +0800] "GET /xingrg/check_reg.html?_=1715390493720 HTTP/1.1" 200 22
116.237.73.213 - - [11/May/2024:09:22:02 +0800] "GET /xingrg/all/function/internal_message.html?_=1715390518723&CODE_STATE=getMsg HTTP/1.1" 200 27
114.95.253.235 - - [11/May/2024:09:22:04 +0800] "GET /xingrg/all/function/internal_message.html?_=1715390524404&CODE_STATE=getMsg HTTP/1.1" 200 27
116.238.97.31 - - [11/May/2024:09:22:07 +0800] "GET /xingrg/kc/buy/cgsh_order_operate.html?command=get_materiel&rest_code=00102&code=00101008038&supplier_code=00100008&order_time=2024-05-11 HTTP/1.1" 200 412
116.237.73.213 - - [11/May/2024:09:22:08 +0800] "GET /xingrg/kc/buy/cgsh_order_operate.html?command=get_materiel&rest_code=00106&code=00101006133&supplier_code=00100096&order_time=2024-05-11 HTTP/1.1" 200 413
116.238.97.31 - - [11/May/2024:09:22:09 +0800] "GET /xingrg/all/function/internal_message.html?_=1715390532849&CODE_STATE=getMsg HTTP/1.1" 200 27
222.69.133.181 - - [11/May/2024:09:22:10 +0800] "GET /xingrg/all/function/internal_message.html?_=1715390531374&CODE_STATE=getMsg HTTP/1.1" 200 27
116.238.97.31 - - [11/May/2024:09:22:12 +0800] "GET /xingrg/check_reg.html?_=1715390535516 HTTP/1.1" 200 22
180.164.6.225 - - [11/May/2024:09:22:14 +0800] "GET /xingrg/all/function/internal_message.html?_=1715390533175&CODE_STATE=getMsg HTTP/1.1" 200 27
116.238.97.31 - - [11/May/2024:09:22:15 +0800] "GET /xingrg/kc/buy/cgsh_order_operate.html?command=get_materiel&rest_code=00102&code=00101008283&supplier_code=00100008&order_time=2024-05-11 HTTP/1.1" 200 408
101.80.230.31 - - [11/May/2024:09:22:16 +0800] "GET /xingrg/all/function/internal_message.html?_=1715390545962&CODE_STATE=getMsg HTTP/1.1" 200 27
101.83.144.49 - - [11/May/2024:09:22:18 +0800] "GET /xingrg/all/function/internal_message.html?_=1715390286571&CODE_STATE=getMsg HTTP/1.1" 200 27
114.95.253.235 - - [11/May/2024:09:22:19 +0800] "GET /xingrg/check_reg.html?_=1715390539075 HTTP/1.1" 200 22
116.232.195.13 - - [11/May/2024:09:22:19 +0800] "GET /xingrg/all/function/internal_message.html?_=1715390510750&CODE_STATE=getMsg HTTP/1.1" 200 27
120.253.135.82 - - [11/May/2024:09:22:20 +0800] "GET /xingrg/all/function/internal_message.html?_=1715390725527&CODE_STATE=getMsg HTTP/1.1" 200 27
114.95.253.235 - - [11/May/2024:09:22:20 +0800] "GET /xingrg/all/function/internal_message.html?_=1715390540282&CODE_STATE=getMsg HTTP/1.1" 200 27
114.95.253.235 - - [11/May/2024:09:22:21 +0800] "POST /xingrg/kc/buy/cgsh_order_operate.html HTTP/1.1" 200 29868
116.238.97.31 - - [11/May/2024:09:22:24 +0800] "GET /xingrg/kc/buy/cgsh_order_operate.html?command=get_materiel&rest_code=00102&code=00101008264&supplier_code=00100008&order_time=2024-05-11 HTTP/1.1" 200 427
116.238.97.31 - - [11/May/2024:09:22:27 +0800] "GET /xingrg/check_reg.html?_=1715390547677 HTTP/1.1" 200 22
116.238.97.31 - - [11/May/2024:09:22:27 +0800] "GET /xingrg/all/function/internal_message.html?_=1715390547678&CODE_STATE=getMsg HTTP/1.1" 200 27
101.83.144.49 - - [11/May/2024:09:22:27 +0800] "GET /xingrg/all/function/internal_message.html?_=1715390549400&CODE_STATE=getMsg HTTP/1.1" 200 27
116.238.97.31 - - [11/May/2024:09:22:32 +0800] "GET /xingrg/kc/buy/cgsh_order_operate.html?command=get_materiel&rest_code=00102&code=00101008352&supplier_code=00100008&order_time=2024-05-11 HTTP/1.1" 200 431
116.232.195.13 - - [11/May/2024:09:22:41 +0800] "GET /xingrg/all/function/internal_message.html?_=1715390532366&CODE_STATE=getMsg HTTP/1.1" 200 27
116.232.195.13 - - [11/May/2024:09:22:41 +0800] "GET /xingrg/check_reg.html?_=1715390532367 HTTP/1.1" 200 22
116.238.97.31 - - [11/May/2024:09:22:41 +0800] "GET /xingrg/kc/buy/cgsh_order_operate.html?command=get_materiel&rest_code=00102&code=00101008131&supplier_code=00100008&order_time=2024-05-11 HTTP/1.1" 200 408
120.253.135.82 - - [11/May/2024:09:22:48 +0800] "GET /xingrg/all/function/internal_message.html?_=1715390418894&CODE_STATE=getMsg HTTP/1.1" 200 27
116.238.97.31 - - [11/May/2024:09:22:49 +0800] "GET /xingrg/kc/buy/cgsh_order_operate.html?command=get_materiel&rest_code=00102&code=00101008353&supplier_code=00100008&order_time=2024-05-11 HTTP/1.1" 200 423
120.253.135.82 - - [11/May/2024:09:22:52 +0800] "GET /xingrg/check_reg.html?_=1715390422770 HTTP/1.1" 200 22
116.232.195.13 - - [11/May/2024:09:22:59 +0800] "GET /xingrg/all/function/internal_message.html?_=1715390550360&CODE_STATE=getMsg HTTP/1.1" 200 27
114.95.253.235 - - [11/May/2024:09:23:02 +0800] "POST /xingrg/kc/buy/cgsh_order_operate.html HTTP/1.1" 200 37
116.237.73.213 - - [11/May/2024:09:23:02 +0800] "GET /xingrg/all/function/internal_message.html?_=1715390578714&CODE_STATE=getMsg HTTP/1.1" 200 27
114.95.253.235 - - [11/May/2024:09:23:04 +0800] "GET /xingrg/all/function/internal_message.html?_=1715390584402&CODE_STATE=getMsg HTTP/1.1" 200 27
116.238.97.31 - - [11/May/2024:09:23:04 +0800] "GET /xingrg/kc/buy/cgsh_order_operate.html?command=get_materiel&rest_code=00102&code=00101008361&supplier_code=00100008&order_time=2024-05-11 HTTP/1.1" 200 23
116.238.97.31 - - [11/May/2024:09:23:09 +0800] "GET /xingrg/all/function/internal_message.html?_=1715390592845&CODE_STATE=getMsg HTTP/1.1" 200 27
222.69.133.181 - - [11/May/2024:09:23:10 +0800] "GET /xingrg/check_reg.html?_=1715390591386 HTTP/1.1" 200 22
222.69.133.181 - - [11/May/2024:09:23:10 +0800] "GET /xingrg/all/function/internal_message.html?_=1715390591390&CODE_STATE=getMsg HTTP/1.1" 200 27
180.164.6.225 - - [11/May/2024:09:23:14 +0800] "GET /xingrg/all/function/internal_message.html?_=1715390593189&CODE_STATE=getMsg HTTP/1.1" 200 27
101.80.230.31 - - [11/May/2024:09:23:16 +0800] "GET /xingrg/all/function/internal_message.html?_=1715390605959&CODE_STATE=getMsg HTTP/1.1" 200 27
101.83.144.49 - - [11/May/2024:09:23:18 +0800] "GET /xingrg/all/function/internal_message.html?_=1715390346597&CODE_STATE=getMsg HTTP/1.1" 200 27
116.238.97.31 - - [11/May/2024:09:23:18 +0800] "POST /xingrg/kc/buy/cgsh_order_operate.html HTTP/1.1" 200 37
116.232.195.13 - - [11/May/2024:09:23:19 +0800] "GET /xingrg/all/function/internal_message.html?_=1715390570731&CODE_STATE=getMsg HTTP/1.1" 200 27
120.253.135.82 - - [11/May/2024:09:23:20 +0800] "GET /xingrg/all/function/internal_message.html?_=1715390785527&CODE_STATE=getMsg HTTP/1.1" 200 27
114.95.253.235 - - [11/May/2024:09:23:20 +0800] "GET /xingrg/all/function/internal_message.html?_=1715390600257&CODE_STATE=getMsg HTTP/1.1" 200 27
116.238.97.31 - - [11/May/2024:09:23:23 +0800] "POST /xingrg/kc/buy/cgsh_order_operate.html HTTP/1.1" 200 2065
116.237.73.213 - - [11/May/2024:09:23:26 +0800] "POST /xingrg/kc/buy/cgsh_order_operate.html HTTP/1.1" 200 205
114.95.253.235 - - [11/May/2024:09:23:26 +0800] "POST /xingrg/kc/buy/cgsh_order_operate.html HTTP/1.1" 200 12
116.238.97.31 - - [11/May/2024:09:23:27 +0800] "GET /xingrg/all/function/internal_message.html?_=1715390607687&CODE_STATE=getMsg HTTP/1.1" 200 27
101.83.144.49 - - [11/May/2024:09:23:27 +0800] "GET /xingrg/all/function/internal_message.html?_=1715390609374&CODE_STATE=getMsg HTTP/1.1" 200 27
116.238.97.31 - - [11/May/2024:09:23:34 +0800] "GET /xingrg/login.html HTTP/1.1" 200 7641
116.238.97.31 - - [11/May/2024:09:23:34 +0800] "GET /favicon.ico HTTP/1.1" 404 -
116.238.97.31 - - [11/May/2024:09:23:36 +0800] "POST /xingrg/login.do HTTP/1.1" 302 -
116.238.97.31 - - [11/May/2024:09:23:36 +0800] "GET /xingrg/index.html?sysBaseUrl=http%3A%2F%2F180.169.147.146%3A18081%2Fxingrg%2F&costTime=801×tamp=1715390616865 HTTP/1.1" 200 17173
116.238.97.31 - - [11/May/2024:09:23:37 +0800] "GET /favicon.ico HTTP/1.1" 404 -
116.238.97.31 - - [11/May/2024:09:23:37 +0800] "GET /xingrg/check_reg.html?_=1715390617478 HTTP/1.1" 200 22
116.238.97.31 - - [11/May/2024:09:23:37 +0800] "GET /xingrg/all/function/internal_message.html?_=1715390617477&CODE_STATE=count HTTP/1.1" 200 11
116.238.97.31 - - [11/May/2024:09:23:37 +0800] "POST /xingrg/all/common/load_tree.html?tree=area_rest_tree_json&manage=1 HTTP/1.1" 200 342
116.238.97.31 - - [11/May/2024:09:23:37 +0800] "POST /xingrg/load_menu.html HTTP/1.1" 200 5138
116.237.73.213 - - [11/May/2024:09:23:38 +0800] "POST /xingrg/kc/buy/cgsh_order_operate.html HTTP/1.1" 200 37
116.238.97.31 - - [11/May/2024:09:23:40 +0800] "GET /xingrg/kc/buy/cgsh_order_list.html HTTP/1.1" 200 58780
116.232.195.13 - - [11/May/2024:09:23:41 +0800] "GET /xingrg/all/function/internal_message.html?_=1715390592354&CODE_STATE=getMsg HTTP/1.1" 200 27
116.238.97.31 - - [11/May/2024:09:23:44 +0800] "POST /xingrg/kc/buy/cgsh_list_operate.html HTTP/1.1" 200 1378
116.237.73.213 - - [11/May/2024:09:23:46 +0800] "POST /xingrg/kc/buy/cgsh_order_operate.html HTTP/1.1" 200 14553
116.238.97.31 - - [11/May/2024:09:23:47 +0800] "POST /xingrg/kc/buy/cgsh_list_operate.html HTTP/1.1" 200 583
120.253.135.82 - - [11/May/2024:09:23:48 +0800] "GET /xingrg/all/function/internal_message.html?_=1715390478900&CODE_STATE=getMsg HTTP/1.1" 200 27
116.238.97.31 - - [11/May/2024:09:23:48 +0800] "GET /xingrg/kc/buy/cgsh_order_info.html?code=212024051102851 HTTP/1.1" 200 74606
116.238.97.31 - - [11/May/2024:09:23:49 +0800] "GET /xingrg/javascript/easyui/themes/default/validatebox.css HTTP/1.1" 404 1104
116.238.97.31 - - [11/May/2024:09:23:49 +0800] "GET /xingrg/all/common/auto_word.html?type=employee&rest_code=00102 HTTP/1.1" 200 189
116.238.97.31 - - [11/May/2024:09:23:49 +0800] "GET /xingrg/all/common/auto_word.html?type=employee&rest_code=00102 HTTP/1.1" 200 189
116.238.97.31 - - [11/May/2024:09:23:50 +0800] "POST /xingrg/kc/buy/cgsh_order_operate.html HTTP/1.1" 200 10354
222.67.233.39 - - [11/May/2024:09:23:50 +0800] "GET /xingrg/check_reg.html?_=1715390630497 HTTP/1.1" 200 22
116.238.97.31 - - [11/May/2024:09:23:53 +0800] "GET /xingrg/javascript/auto/indicator.gif HTTP/1.1" 404 1066
114.95.253.235 - - [11/May/2024:09:23:56 +0800] "GET /xingrg/kc/buy/cgsh_order_info.html?code=212024051102845 HTTP/1.1" 200 69524
114.95.253.235 - - [11/May/2024:09:23:56 +0800] "GET /xingrg/javascript/easyui/themes/default/validatebox.css HTTP/1.1" 404 1104
114.95.253.235 - - [11/May/2024:09:23:57 +0800] "POST /xingrg/kc/buy/cgsh_order_operate.html HTTP/1.1" 200 27812
116.238.97.31 - - [11/May/2024:09:23:58 +0800] "GET /xingrg/kc/buy/cgsh_order_operate.html?command=get_materiel&rest_code=00102&code=00101008361&supplier_code=00100008&order_time=2024-05-11 HTTP/1.1" 200 410
116.232.195.13 - - [11/May/2024:09:23:59 +0800] "GET /xingrg/all/function/internal_message.html?_=1715390610339&CODE_STATE=getMsg HTTP/1.1" 200 27
114.95.253.235 - - [11/May/2024:09:23:59 +0800] "GET /xingrg/kc/print/load_config.html?kc_code=cgsh HTTP/1.1" 200 1927
114.95.253.235 - - [11/May/2024:09:24:00 +0800] "GET /xingrg/kc/print/load_data.html?order_code=212024051102845&kc_code=cgsh&condition= HTTP/1.1" 200 11028
116.237.73.213 - - [11/May/2024:09:24:02 +0800] "GET /xingrg/all/function/internal_message.html?_=1715390638716&CODE_STATE=getMsg HTTP/1.1" 200 27
114.95.253.235 - - [11/May/2024:09:24:04 +0800] "GET /xingrg/all/function/internal_message.html?_=1715390644386&CODE_STATE=getMsg HTTP/1.1" 200 27
114.95.253.235 - - [11/May/2024:09:24:05 +0800] "GET /xingrg/check_reg.html?_=1715390645372 HTTP/1.1" 200 22
114.95.253.235 - - [11/May/2024:09:24:08 +0800] "GET /xingrg/kc/mdqp/pssh_order_list.html HTTP/1.1" 200 18167
114.95.253.235 - - [11/May/2024:09:24:09 +0800] "POST /xingrg/kc/mdqp/pssh_list_operate.html HTTP/1.1" 200 5349
116.238.97.31 - - [11/May/2024:09:24:09 +0800] "GET /xingrg/all/function/internal_message.html?_=1715390652842&CODE_STATE=getMsg HTTP/1.1" 200 27
116.238.97.31 - - [11/May/2024:09:24:10 +0800] "GET /xingrg/kc/buy/cgsh_order_operate.html?command=get_materiel&rest_code=00102&code=00101008144&supplier_code=00100008&order_time=2024-05-11 HTTP/1.1" 200 412
222.69.133.181 - - [11/May/2024:09:24:10 +0800] "GET /xingrg/all/function/internal_message.html?_=1715390651368&CODE_STATE=getMsg HTTP/1.1" 200 27
114.95.253.235 - - [11/May/2024:09:24:12 +0800] "POST /xingrg/kc/mdqp/pssh_list_operate.html HTTP/1.1" 200 259
114.95.253.235 - - [11/May/2024:09:24:14 +0800] "GET /xingrg/kc/mdqp/pssh_order_info.html?code=312024051000206 HTTP/1.1" 200 17312
116.237.73.213 - - [11/May/2024:09:24:14 +0800] "POST /xingrg/kc/buy/cgsh_order_operate.html HTTP/1.1" 200 37
114.95.253.235 - - [11/May/2024:09:24:14 +0800] "GET /xingrg/javascript/jquery_tools/jquery-1.4.2.min.js HTTP/1.1" 404 1094
114.95.253.235 - - [11/May/2024:09:24:14 +0800] "GET /xingrg/javascript/easyui/themes/icons/back_new.png HTTP/1.1" 304 -
114.95.253.235 - - [11/May/2024:09:24:14 +0800] "GET /xingrg/javascript/easyui/themes/default/validatebox.css HTTP/1.1" 404 1104
114.95.253.235 - - [11/May/2024:09:24:14 +0800] "GET /xingrg/all/common/auto_word.html?type=base&rest_code=00150&rest_code=00150 HTTP/1.1" 200 1853
114.95.253.235 - - [11/May/2024:09:24:14 +0800] "POST /xingrg/kc/mdqp/pssh_order_operate.html HTTP/1.1" 200 542
180.164.6.225 - - [11/May/2024:09:24:14 +0800] "GET /xingrg/check_reg.html?_=1715390653175 HTTP/1.1" 200 22
180.164.6.225 - - [11/May/2024:09:24:14 +0800] "GET /xingrg/all/function/internal_message.html?_=1715390653176&CODE_STATE=getMsg HTTP/1.1" 200 27
101.80.230.31 - - [11/May/2024:09:24:16 +0800] "GET /xingrg/all/function/internal_message.html?_=1715390665962&CODE_STATE=getMsg HTTP/1.1" 200 27
116.232.195.13 - - [11/May/2024:09:24:18 +0800] "GET /xingrg/check_reg.html?_=1715390629319 HTTP/1.1" 200 22
116.238.97.31 - - [11/May/2024:09:24:18 +0800] "GET /xingrg/kc/buy/cgsh_order_operate.html?command=get_materiel&rest_code=00102&code=00101008137&supplier_code=00100008&order_time=2024-05-11 HTTP/1.1" 200 424
101.83.144.49 - - [11/May/2024:09:24:18 +0800] "GET /xingrg/all/function/internal_message.html?_=1715390406597&CODE_STATE=getMsg HTTP/1.1" 200 27
116.232.195.13 - - [11/May/2024:09:24:19 +0800] "GET /xingrg/all/function/internal_message.html?_=1715390630701&CODE_STATE=getMsg HTTP/1.1" 200 27
114.95.253.235 - - [11/May/2024:09:24:20 +0800] "POST /xingrg/kc/mdqp/pssh_order_operate.html HTTP/1.1" 200 37
120.253.135.82 - - [11/May/2024:09:24:20 +0800] "GET /xingrg/all/function/internal_message.html?_=1715390845528&CODE_STATE=getMsg HTTP/1.1" 200 27
114.95.253.235 - - [11/May/2024:09:24:20 +0800] "GET /xingrg/all/function/internal_message.html?_=1715390660235&CODE_STATE=getMsg HTTP/1.1" 200 27
114.95.253.235 - - [11/May/2024:09:24:22 +0800] "POST /xingrg/kc/mdqp/pssh_order_operate.html HTTP/1.1" 200 12
101.83.144.49 - - [11/May/2024:09:24:27 +0800] "GET /xingrg/all/function/internal_message.html?_=1715390669351&CODE_STATE=getMsg HTTP/1.1" 200 27
116.238.97.31 - - [11/May/2024:09:24:29 +0800] "GET /xingrg/kc/buy/cgsh_order_operate.html?command=get_materiel&rest_code=00102&code=00101008185&supplier_code=00100008&order_time=2024-05-11 HTTP/1.1" 200 408
116.238.97.31 - - [11/May/2024:09:24:32 +0800] "POST /xingrg/kc/buy/cgsh_order_operate.html HTTP/1.1" 200 2065
116.238.97.31 - - [11/May/2024:09:24:37 +0800] "GET /xingrg/all/function/internal_message.html?_=1715390677492&CODE_STATE=getMsg HTTP/1.1" 200 27
116.232.195.13 - - [11/May/2024:09:24:41 +0800] "GET /xingrg/all/function/internal_message.html?_=1715390652358&CODE_STATE=getMsg HTTP/1.1" 200 27
116.238.97.31 - - [11/May/2024:09:24:41 +0800] "GET /xingrg/kc/buy/cgsh_order_operate.html?command=get_materiel&rest_code=00102&code=00101008213&supplier_code=00100008&order_time=2024-05-11 HTTP/1.1" 200 427
114.95.253.235 - - [11/May/2024:09:24:45 +0800] "GET /xingrg/kc/mdqp/pssh_order_info.html?code=312024051000206 HTTP/1.1" 200 14392
114.95.253.235 - - [11/May/2024:09:24:45 +0800] "GET /xingrg/javascript/jquery_tools/jquery-1.4.2.min.js HTTP/1.1" 404 1094
114.95.253.235 - - [11/May/2024:09:24:45 +0800] "GET /xingrg/javascript/easyui/themes/icons/uncheck_new.png HTTP/1.1" 304 -
114.95.253.235 - - [11/May/2024:09:24:45 +0800] "GET /xingrg/javascript/easyui/themes/default/validatebox.css HTTP/1.1" 404 1104
114.95.253.235 - - [11/May/2024:09:24:45 +0800] "POST /xingrg/kc/mdqp/pssh_order_operate.html HTTP/1.1" 200 542
120.253.135.82 - - [11/May/2024:09:24:48 +0800] "GET /xingrg/all/function/internal_message.html?_=1715390538913&CODE_STATE=getMsg HTTP/1.1" 200 27
116.238.97.31 - - [11/May/2024:09:24:51 +0800] "GET /xingrg/kc/buy/cgsh_order_operate.html?command=get_materiel&rest_code=00102&code=00101008286&supplier_code=00100008&order_time=2024-05-11 HTTP/1.1" 200 428
116.237.73.213 - - [11/May/2024:09:24:53 +0800] "POST /xingrg/kc/buy/cgsh_order_operate.html HTTP/1.1" 200 12
114.95.253.235 - - [11/May/2024:09:24:53 +0800] "POST /xingrg/kc/mdqp/pssh_list_operate.html HTTP/1.1" 200 258
114.95.253.235 - - [11/May/2024:09:24:55 +0800] "GET /xingrg/kc/mdqp/pssh_order_info.html?code=312024050900195 HTTP/1.1" 200 17320
114.95.253.235 - - [11/May/2024:09:24:55 +0800] "GET /xingrg/javascript/jquery_tools/jquery-1.4.2.min.js HTTP/1.1" 404 1094
114.95.253.235 - - [11/May/2024:09:24:55 +0800] "GET /xingrg/javascript/easyui/themes/default/validatebox.css HTTP/1.1" 404 1104
114.95.253.235 - - [11/May/2024:09:24:56 +0800] "POST /xingrg/kc/mdqp/pssh_order_operate.html HTTP/1.1" 200 528
116.237.73.213 - - [11/May/2024:09:24:56 +0800] "GET /xingrg/kc/buy/cgsh_order_info.html?code=212024051102850 HTTP/1.1" 200 69456
116.237.73.213 - - [11/May/2024:09:24:56 +0800] "GET /xingrg/javascript/easyui/themes/default/validatebox.css HTTP/1.1" 404 1104
116.237.73.213 - - [11/May/2024:09:24:57 +0800] "POST /xingrg/kc/buy/cgsh_order_operate.html HTTP/1.1" 200 12498
116.232.195.13 - - [11/May/2024:09:24:59 +0800] "GET /xingrg/all/function/internal_message.html?_=1715390670326&CODE_STATE=getMsg HTTP/1.1" 200 27
116.238.97.31 - - [11/May/2024:09:24:59 +0800] "GET /xingrg/kc/buy/cgsh_order_operate.html?command=get_materiel&rest_code=00102&code=00101008318&supplier_code=00100008&order_time=2024-05-11 HTTP/1.1" 200 408
114.95.253.235 - - [11/May/2024:09:25:00 +0800] "POST /xingrg/kc/mdqp/pssh_order_operate.html HTTP/1.1" 200 37
116.237.73.213 - - [11/May/2024:09:25:01 +0800] "GET /xingrg/kc/print/load_data.html?order_code=212024051102850&kc_code=cgsh&condition= HTTP/1.1" 200 5200
116.237.73.213 - - [11/May/2024:09:25:03 +0800] "GET /xingrg/all/function/internal_message.html?_=1715390699345&CODE_STATE=getMsg HTTP/1.1" 200 27
116.237.73.213 - - [11/May/2024:09:25:03 +0800] "GET /xingrg/check_reg.html?_=1715390699346 HTTP/1.1" 200 22
114.95.253.235 - - [11/May/2024:09:25:04 +0800] "POST /xingrg/kc/mdqp/pssh_order_operate.html HTTP/1.1" 200 12
114.95.253.235 - - [11/May/2024:09:25:04 +0800] "GET /xingrg/all/function/internal_message.html?_=1715390704362&CODE_STATE=getMsg HTTP/1.1" 200 27
116.232.195.13 - - [11/May/2024:09:25:04 +0800] "POST /xingrg/services/DataTransmitService HTTP/1.1" 200 524
114.95.253.235 - - [11/May/2024:09:25:07 +0800] "GET /xingrg/kc/mdqp/pssh_order_info.html?code=312024050900195 HTTP/1.1" 200 14400
114.95.253.235 - - [11/May/2024:09:25:07 +0800] "GET /xingrg/javascript/jquery_tools/jquery-1.4.2.min.js HTTP/1.1" 404 1094
114.95.253.235 - - [11/May/2024:09:25:08 +0800] "GET /xingrg/javascript/easyui/themes/default/validatebox.css HTTP/1.1" 404 1104
114.95.253.235 - - [11/May/2024:09:25:08 +0800] "POST /xingrg/kc/mdqp/pssh_order_operate.html HTTP/1.1" 200 528
116.238.97.31 - - [11/May/2024:09:25:08 +0800] "GET /xingrg/kc/buy/cgsh_order_operate.html?command=get_materiel&rest_code=00102&code=00101008163&supplier_code=00100008&order_time=2024-05-11 HTTP/1.1" 200 409
116.238.97.31 - - [11/May/2024:09:25:09 +0800] "GET /xingrg/all/function/internal_message.html?_=1715390712839&CODE_STATE=getMsg HTTP/1.1" 200 27
222.69.133.181 - - [11/May/2024:09:25:10 +0800] "GET /xingrg/all/function/internal_message.html?_=1715390711363&CODE_STATE=getMsg HTTP/1.1" 200 27
222.69.133.181 - - [11/May/2024:09:25:12 +0800] "GET /xingrg/kc/base/wldb_order_list.html HTTP/1.1" 200 19180
222.69.133.181 - - [11/May/2024:09:25:12 +0800] "POST /xingrg/kc/base/wldb_list_operate.html HTTP/1.1" 200 928
180.164.6.225 - - [11/May/2024:09:25:14 +0800] "GET /xingrg/all/function/internal_message.html?_=1715390713179&CODE_STATE=getMsg HTTP/1.1" 200 27
101.80.230.31 - - [11/May/2024:09:25:16 +0800] "GET /xingrg/all/function/internal_message.html?_=1715390725953&CODE_STATE=getMsg HTTP/1.1" 200 27
116.238.97.31 - - [11/May/2024:09:25:16 +0800] "GET /xingrg/kc/buy/cgsh_order_operate.html?command=get_materiel&rest_code=00102&code=00101008005&supplier_code=00100008&order_time=2024-05-11 HTTP/1.1" 200 433
101.83.144.49 - - [11/May/2024:09:25:18 +0800] "GET /xingrg/all/function/internal_message.html?_=1715390466598&CODE_STATE=getMsg HTTP/1.1" 200 27
101.83.144.49 - - [11/May/2024:09:25:18 +0800] "GET /xingrg/check_reg.html?_=1715390466602 HTTP/1.1" 200 22
116.238.97.31 - - [11/May/2024:09:25:19 +0800] "POST /xingrg/kc/buy/cgsh_order_operate.html HTTP/1.1" 200 2065
116.232.195.13 - - [11/May/2024:09:25:19 +0800] "GET /xingrg/all/function/internal_message.html?_=1715390690675&CODE_STATE=getMsg HTTP/1.1" 200 27
120.253.135.82 - - [11/May/2024:09:25:20 +0800] "GET /xingrg/all/function/internal_message.html?_=1715390905529&CODE_STATE=getMsg HTTP/1.1" 200 27
114.95.253.235 - - [11/May/2024:09:25:20 +0800] "GET /xingrg/all/function/internal_message.html?_=1715390720231&CODE_STATE=getMsg HTTP/1.1" 200 27
116.237.73.213 - - [11/May/2024:09:25:23 +0800] "GET /xingrg/kc/print/load_data.html?order_code=212024051102850&kc_code=cgsh HTTP/1.1" 200 5200
222.69.133.181 - - [11/May/2024:09:25:24 +0800] "GET /xingrg/kc/base/wldb_order_add.html HTTP/1.1" 200 30668
222.69.133.181 - - [11/May/2024:09:25:24 +0800] "POST /xingrg/kc/base/wldb_order_operate.html HTTP/1.1" 200 6806
222.69.133.181 - - [11/May/2024:09:25:24 +0800] "GET /xingrg/all/common/auto_word.html?type=base&rest_code=00154 HTTP/1.1" 200 831
222.69.133.181 - - [11/May/2024:09:25:24 +0800] "GET /xingrg/javascript/easyui/themes/default/validatebox.css HTTP/1.1" 404 1104
222.69.133.181 - - [11/May/2024:09:25:24 +0800] "GET /xingrg/all/common/auto_word.html?type=base&rest_code=00154 HTTP/1.1" 200 831
116.238.97.31 - - [11/May/2024:09:25:25 +0800] "GET /xingrg/kc/buy/cgsh_order_operate.html?command=get_materiel&rest_code=00102&code=00101015183&supplier_code=00100008&order_time=2024-05-11 HTTP/1.1" 200 421
222.69.133.181 - - [11/May/2024:09:25:26 +0800] "GET /xingrg/css/images/panel_loading.gif HTTP/1.1" 200 1737
222.69.133.181 - - [11/May/2024:09:25:26 +0800] "POST /xingrg/all/common/load_combo.html?type=base HTTP/1.1" 200 1491
101.83.144.49 - - [11/May/2024:09:25:27 +0800] "GET /xingrg/check_reg.html?_=1715390728775 HTTP/1.1" 200 22
101.83.144.49 - - [11/May/2024:09:25:27 +0800] "GET /xingrg/all/function/internal_message.html?_=1715390729332&CODE_STATE=getMsg HTTP/1.1" 200 27
222.69.133.181 - - [11/May/2024:09:25:31 +0800] "POST /xingrg/all/common/load_combo.html?type=base HTTP/1.1" 200 1491
116.238.97.31 - - [11/May/2024:09:25:34 +0800] "GET /xingrg/kc/buy/cgsh_order_operate.html?command=get_materiel&rest_code=00102&code=00101008101&supplier_code=00100008&order_time=2024-05-11 HTTP/1.1" 200 412
116.238.97.31 - - [11/May/2024:09:25:37 +0800] "GET /xingrg/all/function/internal_message.html?_=1715390737492&CODE_STATE=getMsg HTTP/1.1" 200 27
222.69.133.181 - - [11/May/2024:09:25:38 +0800] "GET /xingrg/kc/base/wldb_order_operate.html?command=get_materiel&rest_code=00154&base_code=0010724&code=00101019164 HTTP/1.1" 200 466
116.232.195.13 - - [11/May/2024:09:25:41 +0800] "GET /xingrg/all/function/internal_message.html?_=1715390712364&CODE_STATE=getMsg HTTP/1.1" 200 27
116.238.97.31 - - [11/May/2024:09:25:43 +0800] "GET /xingrg/kc/buy/cgsh_order_operate.html?command=get_materiel&rest_code=00102&code=00101008208&supplier_code=00100008&order_time=2024-05-11 HTTP/1.1" 200 409
116.238.97.31 - - [11/May/2024:09:25:45 +0800] "GET /xingrg/javascript/jquery_easy_ui/themes/icons/rest.png HTTP/1.1" 200 695
116.238.97.31 - - [11/May/2024:09:25:45 +0800] "GET /xingrg/javascript/jquery_easy_ui/themes/icons/area.png HTTP/1.1" 200 262
120.253.135.82 - - [11/May/2024:09:25:48 +0800] "GET /xingrg/all/function/internal_message.html?_=1715390599118&CODE_STATE=getMsg HTTP/1.1" 200 27
222.69.133.181 - - [11/May/2024:09:25:50 +0800] "GET /xingrg/kc/base/wldb_order_operate.html?command=get_materiel&rest_code=00154&base_code=0010724&code=00101016149 HTTP/1.1" 200 460
222.69.133.181 - - [11/May/2024:09:25:54 +0800] "POST /xingrg/all/common/load_select.html HTTP/1.1" 200 25
222.69.133.181 - - [11/May/2024:09:25:56 +0800] "GET /xingrg/kc/base/wldb_order_operate.html?command=get_materiel_price&rest_code=00154&base_code=0010724&code=00101016149&unit_code=00100075 HTTP/1.1" 200 35
116.238.97.31 - - [11/May/2024:09:25:57 +0800] "POST /xingrg/kc/buy/cgsh_order_operate.html HTTP/1.1" 200 37
116.232.195.13 - - [11/May/2024:09:25:59 +0800] "GET /xingrg/all/function/internal_message.html?_=1715390730299&CODE_STATE=getMsg HTTP/1.1" 200 27
222.69.133.181 - - [11/May/2024:09:26:01 +0800] "GET /xingrg/kc/base/wldb_order_operate.html?command=get_materiel&rest_code=00154&base_code=0010724&code=00101020335 HTTP/1.1" 200 456
116.238.97.31 - - [11/May/2024:09:26:01 +0800] "POST /xingrg/kc/buy/cgsh_order_operate.html HTTP/1.1" 200 17441
116.237.73.213 - - [11/May/2024:09:26:03 +0800] "GET /xingrg/all/function/internal_message.html?_=1715390759327&CODE_STATE=getMsg HTTP/1.1" 200 27
114.95.253.235 - - [11/May/2024:09:26:04 +0800] "GET /xingrg/all/function/internal_message.html?_=1715390764340&CODE_STATE=getMsg HTTP/1.1" 200 27
116.238.97.31 - - [11/May/2024:09:26:09 +0800] "GET /xingrg/all/function/internal_message.html?_=1715390772836&CODE_STATE=getMsg HTTP/1.1" 200 27
222.69.133.181 - - [11/May/2024:09:26:10 +0800] "GET /xingrg/all/function/internal_message.html?_=1715390771377&CODE_STATE=getMsg HTTP/1.1" 200 27
222.69.133.181 - - [11/May/2024:09:26:11 +0800] "GET /xingrg/kc/base/wldb_order_operate.html?command=get_materiel&rest_code=00154&base_code=0010724&code=00101040040 HTTP/1.1" 200 459
180.164.6.225 - - [11/May/2024:09:26:14 +0800] "GET /xingrg/all/function/internal_message.html?_=1715390773179&CODE_STATE=getMsg HTTP/1.1" 200 27
116.238.97.31 - - [11/May/2024:09:26:15 +0800] "GET /xingrg/kc/buy/cgsh_order_operate.html?command=get_materiel&rest_code=00102&code=00101008223&supplier_code=00100008&order_time=2024-05-11 HTTP/1.1" 200 412
101.80.230.31 - - [11/May/2024:09:26:16 +0800] "GET /xingrg/check_reg.html?_=1715390785960 HTTP/1.1" 200 22
101.80.230.31 - - [11/May/2024:09:26:16 +0800] "GET /xingrg/all/function/internal_message.html?_=1715390785970&CODE_STATE=getMsg HTTP/1.1" 200 27
101.83.144.49 - - [11/May/2024:09:26:18 +0800] "GET /xingrg/all/function/internal_message.html?_=1715390526602&CODE_STATE=getMsg HTTP/1.1" 200 27
116.232.195.13 - - [11/May/2024:09:26:19 +0800] "GET /xingrg/all/function/internal_message.html?_=1715390750652&CODE_STATE=getMsg HTTP/1.1" 200 27
120.253.135.82 - - [11/May/2024:09:26:20 +0800] "GET /xingrg/all/function/internal_message.html?_=1715390965529&CODE_STATE=getMsg HTTP/1.1" 200 27
120.253.135.82 - - [11/May/2024:09:26:20 +0800] "GET /xingrg/check_reg.html?_=1715390965530 HTTP/1.1" 200 22
114.95.253.235 - - [11/May/2024:09:26:20 +0800] "GET /xingrg/all/function/internal_message.html?_=1715390780203&CODE_STATE=getMsg HTTP/1.1" 200 27
222.69.133.181 - - [11/May/2024:09:26:21 +0800] "GET /xingrg/kc/base/wldb_order_operate.html?command=get_materiel&rest_code=00154&base_code=0010724&code=00101040041 HTTP/1.1" 200 463
116.238.97.31 - - [11/May/2024:09:26:26 +0800] "GET /xingrg/kc/buy/cgsh_order_operate.html?command=get_materiel&rest_code=00102&code=00101008168&supplier_code=00100008&order_time=2024-05-11 HTTP/1.1" 200 412
101.83.144.49 - - [11/May/2024:09:26:27 +0800] "GET /xingrg/all/function/internal_message.html?_=1715390789311&CODE_STATE=getMsg HTTP/1.1" 200 27
222.69.133.181 - - [11/May/2024:09:26:29 +0800] "GET /xingrg/kc/base/wldb_order_operate.html?command=get_materiel&rest_code=00154&base_code=0010724&code=00101019184 HTTP/1.1" 200 458
116.238.97.31 - - [11/May/2024:09:26:34 +0800] "GET /xingrg/kc/buy/cgsh_order_operate.html?command=get_materiel&rest_code=00102&code=00101008126&supplier_code=00100008&order_time=2024-05-11 HTTP/1.1" 200 413
116.238.97.31 - - [11/May/2024:09:26:37 +0800] "GET /xingrg/all/function/internal_message.html?_=1715390797508&CODE_STATE=getMsg HTTP/1.1" 200 27
116.232.195.13 - - [11/May/2024:09:26:41 +0800] "GET /xingrg/all/function/internal_message.html?_=1715390772356&CODE_STATE=getMsg HTTP/1.1" 200 27
116.237.73.213 - - [11/May/2024:09:26:41 +0800] "GET /xingrg/kc/buy/cgsh_order_add.html HTTP/1.1" 200 74593
222.69.133.181 - - [11/May/2024:09:26:41 +0800] "GET /xingrg/kc/base/wldb_order_operate.html?command=get_materiel&rest_code=00154&base_code=0010724&code=00101019400 HTTP/1.1" 200 464
116.237.73.213 - - [11/May/2024:09:26:42 +0800] "POST /xingrg/kc/buy/cgsh_order_operate.html HTTP/1.1" 200 8245
116.237.73.213 - - [11/May/2024:09:26:42 +0800] "GET /xingrg/javascript/easyui/themes/default/validatebox.css HTTP/1.1" 404 1104
116.237.73.213 - - [11/May/2024:09:26:44 +0800] "GET /xingrg/javascript/easyui/themes/default/tree.css HTTP/1.1" 404 1090
116.238.97.31 - - [11/May/2024:09:26:45 +0800] "GET /xingrg/kc/buy/cgsh_order_operate.html?command=get_materiel&rest_code=00102&code=00101008355&supplier_code=00100008&order_time=2024-05-11 HTTP/1.1" 200 410
116.237.73.213 - - [11/May/2024:09:26:45 +0800] "POST /xingrg/all/common/load_tree.html?tree=supplier_tree_json&isDelete=1 HTTP/1.1" 200 80088
116.238.97.31 - - [11/May/2024:09:26:48 +0800] "POST /xingrg/kc/buy/cgsh_order_operate.html HTTP/1.1" 200 2065
120.253.135.82 - - [11/May/2024:09:26:48 +0800] "GET /xingrg/all/function/internal_message.html?_=1715390659128&CODE_STATE=getMsg HTTP/1.1" 200 27
116.238.97.31 - - [11/May/2024:09:26:53 +0800] "GET /xingrg/kc/buy/cgsh_order_operate.html?command=get_materiel&rest_code=00102&code=00101008224&supplier_code=00100008&order_time=2024-05-11 HTTP/1.1" 200 416
222.69.133.181 - - [11/May/2024:09:26:55 +0800] "GET /xingrg/kc/base/wldb_order_operate.html?command=get_materiel&rest_code=00154&base_code=0010724&code=00101019071 HTTP/1.1" 200 471
116.232.195.13 - - [11/May/2024:09:26:59 +0800] "GET /xingrg/all/function/internal_message.html?_=1715390790283&CODE_STATE=getMsg HTTP/1.1" 200 27
116.232.195.13 - - [11/May/2024:09:27:02 +0800] "GET /xingrg/check_reg.html?_=1715390793706 HTTP/1.1" 200 22
116.238.97.31 - - [11/May/2024:09:27:02 +0800] "GET /xingrg/kc/buy/cgsh_order_operate.html?command=get_materiel&rest_code=00102&code=00101008270&supplier_code=00100008&order_time=2024-05-11 HTTP/1.1" 200 412
116.237.73.213 - - [11/May/2024:09:27:03 +0800] "GET /xingrg/all/function/internal_message.html?_=1715390819304&CODE_STATE=getMsg HTTP/1.1" 200 27
114.95.253.235 - - [11/May/2024:09:27:04 +0800] "GET /xingrg/all/function/internal_message.html?_=1715390824337&CODE_STATE=getMsg HTTP/1.1" 200 27
222.69.133.181 - - [11/May/2024:09:27:06 +0800] "GET /xingrg/kc/base/wldb_order_operate.html?command=get_materiel&rest_code=00154&base_code=0010724&code=00101019391 HTTP/1.1" 200 485
116.238.97.31 - - [11/May/2024:09:27:09 +0800] "GET /xingrg/all/function/internal_message.html?_=1715390832833&CODE_STATE=getMsg HTTP/1.1" 200 27
222.69.133.181 - - [11/May/2024:09:27:10 +0800] "GET /xingrg/all/function/internal_message.html?_=1715390831360&CODE_STATE=getMsg HTTP/1.1" 200 27
116.238.97.31 - - [11/May/2024:09:27:12 +0800] "GET /xingrg/check_reg.html?_=1715390835500 HTTP/1.1" 200 22
180.164.6.225 - - [11/May/2024:09:27:14 +0800] "GET /xingrg/all/function/internal_message.html?_=1715390833180&CODE_STATE=getMsg HTTP/1.1" 200 27
101.80.230.31 - - [11/May/2024:09:27:16 +0800] "GET /xingrg/all/function/internal_message.html?_=1715390845955&CODE_STATE=getMsg HTTP/1.1" 200 27
222.69.133.181 - - [11/May/2024:09:27:16 +0800] "GET /xingrg/kc/base/wldb_order_operate.html?command=get_materiel&rest_code=00154&base_code=0010724&code=00101019839 HTTP/1.1" 200 440
101.83.144.49 - - [11/May/2024:09:27:18 +0800] "GET /xingrg/all/function/internal_message.html?_=1715390586603&CODE_STATE=getMsg HTTP/1.1" 200 27
114.95.253.235 - - [11/May/2024:09:27:19 +0800] "GET /xingrg/check_reg.html?_=1715390839068 HTTP/1.1" 200 22
116.232.195.13 - - [11/May/2024:09:27:19 +0800] "GET /xingrg/all/function/internal_message.html?_=1715390810636&CODE_STATE=getMsg HTTP/1.1" 200 27
114.95.253.235 - - [11/May/2024:09:27:20 +0800] "GET /xingrg/all/function/internal_message.html?_=1715390840181&CODE_STATE=getMsg HTTP/1.1" 200 27
120.253.135.82 - - [11/May/2024:09:27:20 +0800] "GET /xingrg/all/function/internal_message.html?_=1715391025529&CODE_STATE=getMsg HTTP/1.1" 200 27
222.69.133.181 - - [11/May/2024:09:27:23 +0800] "GET /xingrg/kc/base/wldb_order_operate.html?command=get_materiel&rest_code=00154&base_code=0010724&code=00101019536 HTTP/1.1" 200 471
101.83.144.49 - - [11/May/2024:09:27:27 +0800] "GET /xingrg/all/function/internal_message.html?_=1715390849292&CODE_STATE=getMsg HTTP/1.1" 200 27
116.238.97.31 - - [11/May/2024:09:27:30 +0800] "GET /xingrg/kc/buy/cgsh_order_operate.html?command=get_materiel&rest_code=00102&code=00101008372&supplier_code=00100008&order_time=2024-05-11 HTTP/1.1" 200 428
116.237.73.213 - - [11/May/2024:09:27:31 +0800] "GET /xingrg/kc/buy/cgsh_order_operate.html?command=get_materiel&rest_code=00106&code=00101008223&supplier_code=00100008&order_time=2024-05-11 HTTP/1.1" 200 412
222.69.133.181 - - [11/May/2024:09:27:36 +0800] "GET /xingrg/kc/base/wldb_order_operate.html?command=get_materiel&rest_code=00154&base_code=0010724&code=00101019738 HTTP/1.1" 200 469
116.238.97.31 - - [11/May/2024:09:27:37 +0800] "GET /xingrg/all/function/internal_message.html?_=1715390857494&CODE_STATE=getMsg HTTP/1.1" 200 27
116.232.195.13 - - [11/May/2024:09:27:41 +0800] "GET /xingrg/all/function/internal_message.html?_=1715390832365&CODE_STATE=getMsg HTTP/1.1" 200 27
116.232.195.13 - - [11/May/2024:09:27:41 +0800] "GET /xingrg/check_reg.html?_=1715390832366 HTTP/1.1" 200 22
116.238.97.31 - - [11/May/2024:09:27:43 +0800] "GET /xingrg/kc/buy/cgsh_order_operate.html?command=get_materiel&rest_code=00102&code=00101009044&supplier_code=00100008&order_time=2024-05-11 HTTP/1.1" 200 432
222.69.133.181 - - [11/May/2024:09:27:48 +0800] "GET /xingrg/kc/base/wldb_order_operate.html?command=get_materiel&rest_code=00154&base_code=0010724&code=00101019739 HTTP/1.1" 200 469
116.237.73.213 - - [11/May/2024:09:27:49 +0800] "GET /xingrg/kc/buy/cgsh_order_operate.html?command=get_materiel&rest_code=00106&code=00101008150&supplier_code=00100008&order_time=2024-05-11 HTTP/1.1" 200 409
120.253.135.82 - - [11/May/2024:09:27:49 +0800] "GET /xingrg/all/function/internal_message.html?_=1715390719341&CODE_STATE=getMsg HTTP/1.1" 200 27
120.253.135.82 - - [11/May/2024:09:27:52 +0800] "GET /xingrg/check_reg.html?_=1715390722780 HTTP/1.1" 200 22
116.232.195.13 - - [11/May/2024:09:27:58 +0800] "GET /xingrg/all/function/internal_message.html?_=1715390850255&CODE_STATE=getMsg HTTP/1.1" 200 27
116.238.97.31 - - [11/May/2024:09:28:02 +0800] "POST /xingrg/kc/buy/cgsh_order_operate.html HTTP/1.1" 200 37
116.237.73.213 - - [11/May/2024:09:28:03 +0800] "GET /xingrg/all/function/internal_message.html?_=1715390879285&CODE_STATE=getMsg HTTP/1.1" 200 27
114.95.253.235 - - [11/May/2024:09:28:04 +0800] "GET /xingrg/all/function/internal_message.html?_=1715390884337&CODE_STATE=getMsg HTTP/1.1" 200 27
222.69.133.181 - - [11/May/2024:09:28:06 +0800] "GET /xingrg/kc/base/wldb_order_operate.html?command=get_materiel&rest_code=00154&base_code=0010724&code=00101019249 HTTP/1.1" 200 470
116.238.97.31 - - [11/May/2024:09:28:09 +0800] "GET /xingrg/all/function/internal_message.html?_=1715390892830&CODE_STATE=getMsg HTTP/1.1" 200 27
222.69.133.181 - - [11/May/2024:09:28:10 +0800] "GET /xingrg/all/function/internal_message.html?_=1715390891359&CODE_STATE=getMsg HTTP/1.1" 200 27
222.69.133.181 - - [11/May/2024:09:28:10 +0800] "GET /xingrg/check_reg.html?_=1715390891361 HTTP/1.1" 200 22
222.69.133.181 - - [11/May/2024:09:28:13 +0800] "GET /xingrg/kc/base/wldb_order_operate.html?command=get_materiel&rest_code=00154&base_code=0010724&code=00101019074 HTTP/1.1" 200 471
116.238.97.31 - - [11/May/2024:09:28:14 +0800] "POST /xingrg/kc/buy/cgsh_order_operate.html HTTP/1.1" 200 12
180.164.6.225 - - [11/May/2024:09:28:14 +0800] "GET /xingrg/all/function/internal_message.html?_=1715390893174&CODE_STATE=getMsg HTTP/1.1" 200 27
101.80.230.31 - - [11/May/2024:09:28:16 +0800] "GET /xingrg/all/function/internal_message.html?_=1715390905954&CODE_STATE=getMsg HTTP/1.1" 200 27
116.237.73.213 - - [11/May/2024:09:28:17 +0800] "GET /xingrg/kc/buy/cgsh_order_operate.html?command=get_materiel&rest_code=00106&code=00101008350&supplier_code=00100008&order_time=2024-05-11 HTTP/1.1" 200 408
101.83.144.49 - - [11/May/2024:09:28:18 +0800] "GET /xingrg/all/function/internal_message.html?_=1715390646604&CODE_STATE=getMsg HTTP/1.1" 200 27
116.232.195.13 - - [11/May/2024:09:28:19 +0800] "GET /xingrg/all/function/internal_message.html?_=1715390870616&CODE_STATE=getMsg HTTP/1.1" 200 27
114.95.253.235 - - [11/May/2024:09:28:20 +0800] "GET /xingrg/all/function/internal_message.html?_=1715390900156&CODE_STATE=getMsg HTTP/1.1" 200 27
120.253.135.82 - - [11/May/2024:09:28:20 +0800] "GET /xingrg/all/function/internal_message.html?_=1715391085530&CODE_STATE=getMsg HTTP/1.1" 200 27
116.238.97.31 - - [11/May/2024:09:28:23 +0800] "GET /xingrg/kc/buy/cgsh_order_info.html?code=212024051102851 HTTP/1.1" 200 69497
116.238.97.31 - - [11/May/2024:09:28:23 +0800] "GET /xingrg/javascript/easyui/themes/default/validatebox.css HTTP/1.1" 404 1104
116.238.97.31 - - [11/May/2024:09:28:24 +0800] "POST /xingrg/kc/buy/cgsh_order_operate.html HTTP/1.1" 200 20131
116.238.97.31 - - [11/May/2024:09:28:31 +0800] "GET /xingrg/kc/buy/cgsh_order_add.html HTTP/1.1" 200 74628
116.238.97.31 - - [11/May/2024:09:28:31 +0800] "POST /xingrg/kc/buy/cgsh_order_operate.html HTTP/1.1" 200 8245
116.238.97.31 - - [11/May/2024:09:28:31 +0800] "GET /xingrg/javascript/easyui/themes/default/validatebox.css HTTP/1.1" 404 1104
116.237.73.213 - - [11/May/2024:09:28:33 +0800] "GET /xingrg/kc/buy/cgsh_order_operate.html?command=get_materiel&rest_code=00106&code=00101008114&supplier_code=00100008&order_time=2024-05-11 HTTP/1.1" 200 412
116.238.97.31 - - [11/May/2024:09:28:37 +0800] "GET /xingrg/check_reg.html?_=1715390917494 HTTP/1.1" 200 22
116.238.97.31 - - [11/May/2024:09:28:37 +0800] "GET /xingrg/all/function/internal_message.html?_=1715390917497&CODE_STATE=getMsg HTTP/1.1" 200 27
222.69.133.181 - - [11/May/2024:09:28:39 +0800] "POST /xingrg/kc/base/wldb_order_operate.html HTTP/1.1" 200 37
116.232.195.13 - - [11/May/2024:09:28:41 +0800] "GET /xingrg/all/function/internal_message.html?_=1715390892359&CODE_STATE=getMsg HTTP/1.1" 200 27
116.238.97.31 - - [11/May/2024:09:28:43 +0800] "GET /xingrg/kc/buy/cgsh_order_operate.html?command=get_materiel&rest_code=00102&code=00101005037&supplier_code=00100663&order_time=2024-05-11 HTTP/1.1" 200 409
222.69.133.181 - - [11/May/2024:09:28:47 +0800] "POST /xingrg/kc/base/wldb_order_operate.html HTTP/1.1" 200 12
222.69.133.181 - - [11/May/2024:09:28:47 +0800] "POST /xingrg/kc/base/wldb_order_operate.html HTTP/1.1" 200 9215
120.253.135.82 - - [11/May/2024:09:28:49 +0800] "GET /xingrg/all/function/internal_message.html?_=1715390779357&CODE_STATE=getMsg HTTP/1.1" 200 27
222.69.133.181 - - [11/May/2024:09:28:49 +0800] "GET /xingrg/kc/base/wldb_order_info.html?code=422024051100716 HTTP/1.1" 200 26545
222.69.133.181 - - [11/May/2024:09:28:49 +0800] "GET /xingrg/javascript/easyui/themes/default/validatebox.css HTTP/1.1" 404 1104
222.69.133.181 - - [11/May/2024:09:28:49 +0800] "POST /xingrg/kc/base/wldb_order_operate.html HTTP/1.1" 200 7332
222.67.233.39 - - [11/May/2024:09:28:50 +0800] "GET /xingrg/check_reg.html?_=1715390930475 HTTP/1.1" 200 22
116.238.97.31 - - [11/May/2024:09:28:55 +0800] "GET /xingrg/kc/buy/cgsh_order_operate.html?command=get_materiel&rest_code=00102&code=00101001069&supplier_code=00100663&order_time=2024-05-11 HTTP/1.1" 200 409
116.232.195.13 - - [11/May/2024:09:28:58 +0800] "GET /xingrg/all/function/internal_message.html?_=1715390910233&CODE_STATE=getMsg HTTP/1.1" 200 27
116.237.73.213 - - [11/May/2024:09:29:03 +0800] "GET /xingrg/all/function/internal_message.html?_=1715390939267&CODE_STATE=getMsg HTTP/1.1" 200 27
116.238.97.31 - - [11/May/2024:09:29:03 +0800] "GET /xingrg/kc/buy/cgsh_order_operate.html?command=get_materiel&rest_code=00102&code=00101002027&supplier_code=00100663&order_time=2024-05-11 HTTP/1.1" 200 413
114.95.253.235 - - [11/May/2024:09:29:04 +0800] "GET /xingrg/all/function/internal_message.html?_=1715390944319&CODE_STATE=getMsg HTTP/1.1" 200 27
114.95.253.235 - - [11/May/2024:09:29:05 +0800] "GET /xingrg/check_reg.html?_=1715390945385 HTTP/1.1" 200 22
116.238.97.31 - - [11/May/2024:09:29:09 +0800] "GET /xingrg/all/function/internal_message.html?_=1715390952826&CODE_STATE=getMsg HTTP/1.1" 200 27
222.69.133.181 - - [11/May/2024:09:29:10 +0800] "GET /xingrg/all/function/internal_message.html?_=1715390951370&CODE_STATE=getMsg HTTP/1.1" 200 27
116.237.73.213 - - [11/May/2024:09:29:12 +0800] "GET /xingrg/kc/buy/cgsh_order_operate.html?command=get_materiel&rest_code=00106&code=00101008765&supplier_code=00100008&order_time=2024-05-11 HTTP/1.1" 200 416
116.238.97.31 - - [11/May/2024:09:29:12 +0800] "GET /xingrg/kc/buy/cgsh_order_operate.html?command=get_materiel&rest_code=00102&code=00101002022&supplier_code=00100663&order_time=2024-05-11 HTTP/1.1" 200 409
180.164.6.225 - - [11/May/2024:09:29:14 +0800] "GET /xingrg/all/function/internal_message.html?_=1715390953176&CODE_STATE=getMsg HTTP/1.1" 200 27
180.164.6.225 - - [11/May/2024:09:29:14 +0800] "GET /xingrg/check_reg.html?_=1715390953181 HTTP/1.1" 200 22
101.80.230.31 - - [11/May/2024:09:29:16 +0800] "GET /xingrg/all/function/internal_message.html?_=1715390965982&CODE_STATE=getMsg HTTP/1.1" 200 27
116.232.195.13 - - [11/May/2024:09:29:18 +0800] "GET /xingrg/check_reg.html?_=1715390929313 HTTP/1.1" 200 22
101.83.144.49 - - [11/May/2024:09:29:18 +0800] "GET /xingrg/all/function/internal_message.html?_=1715390706604&CODE_STATE=getMsg HTTP/1.1" 200 27
116.232.195.13 - - [11/May/2024:09:29:19 +0800] "GET /xingrg/all/function/internal_message.html?_=1715390930595&CODE_STATE=getMsg HTTP/1.1" 200 27
114.95.253.235 - - [11/May/2024:09:29:20 +0800] "GET /xingrg/all/function/internal_message.html?_=1715390960140&CODE_STATE=getMsg HTTP/1.1" 200 27
120.253.135.82 - - [11/May/2024:09:29:20 +0800] "GET /xingrg/all/function/internal_message.html?_=1715391145531&CODE_STATE=getMsg HTTP/1.1" 200 27
116.238.97.31 - - [11/May/2024:09:29:25 +0800] "POST /xingrg/kc/buy/cgsh_order_operate.html HTTP/1.1" 200 37
116.237.73.213 - - [11/May/2024:09:29:36 +0800] "GET /xingrg/kc/buy/cgsh_order_operate.html?command=get_materiel&rest_code=00106&code=00101008069&supplier_code=00100008&order_time=2024-05-11 HTTP/1.1" 200 427
116.238.97.31 - - [11/May/2024:09:29:37 +0800] "GET /xingrg/all/function/internal_message.html?_=1715390977478&CODE_STATE=getMsg HTTP/1.1" 200 27
116.232.195.13 - - [11/May/2024:09:29:41 +0800] "GET /xingrg/all/function/internal_message.html?_=1715390952366&CODE_STATE=getMsg HTTP/1.1" 200 27
116.238.97.31 - - [11/May/2024:09:29:42 +0800] "POST /xingrg/kc/buy/cgsh_order_operate.html HTTP/1.1" 200 12
120.253.135.82 - - [11/May/2024:09:29:49 +0800] "GET /xingrg/all/function/internal_message.html?_=1715390839371&CODE_STATE=getMsg HTTP/1.1" 200 27
116.237.73.213 - - [11/May/2024:09:29:57 +0800] "GET /xingrg/kc/buy/cgsh_order_operate.html?command=get_materiel&rest_code=00106&code=00101008361&supplier_code=00100008&order_time=2024-05-11 HTTP/1.1" 200 408
116.232.195.13 - - [11/May/2024:09:29:58 +0800] "GET /xingrg/all/function/internal_message.html?_=1715390970214&CODE_STATE=getMsg HTTP/1.1" 200 27
116.237.73.213 - - [11/May/2024:09:30:03 +0800] "GET /xingrg/all/function/internal_message.html?_=1715390999243&CODE_STATE=getMsg HTTP/1.1" 200 27
116.237.73.213 - - [11/May/2024:09:30:03 +0800] "GET /xingrg/check_reg.html?_=1715390999337 HTTP/1.1" 200 22
114.95.253.235 - - [11/May/2024:09:30:04 +0800] "GET /xingrg/all/function/internal_message.html?_=1715391004296&CODE_STATE=getMsg HTTP/1.1" 200 27
116.238.97.31 - - [11/May/2024:09:30:09 +0800] "GET /xingrg/all/function/internal_message.html?_=1715391012823&CODE_STATE=getMsg HTTP/1.1" 200 27
222.69.133.181 - - [11/May/2024:09:30:10 +0800] "GET /xingrg/all/function/internal_message.html?_=1715391011372&CODE_STATE=getMsg HTTP/1.1" 200 27
180.164.6.225 - - [11/May/2024:09:30:14 +0800] "GET /xingrg/all/function/internal_message.html?_=1715391013166&CODE_STATE=getMsg HTTP/1.1" 200 27
101.80.230.31 - - [11/May/2024:09:30:16 +0800] "GET /xingrg/all/function/internal_message.html?_=1715391025980&CODE_STATE=getMsg HTTP/1.1" 200 27
101.83.144.49 - - [11/May/2024:09:30:18 +0800] "GET /xingrg/check_reg.html?_=1715390766604 HTTP/1.1" 200 22
