101.83.144.49 - - [11/May/2024:10:10:43 +0800] "GET /xingrg/all/function/internal_message.html?_=1715393444469&CODE_STATE=getMsg HTTP/1.1" 200 27
120.253.135.82 - - [11/May/2024:10:10:44 +0800] "POST /xingrg/kc/pszx/mdth_order_new_info.html HTTP/1.1" 200 12
120.253.135.82 - - [11/May/2024:10:10:45 +0800] "GET /xingrg/kc/pszx/mdth_order_info.html?code=322024050400003 HTTP/1.1" 200 20548
120.253.135.82 - - [11/May/2024:10:10:47 +0800] "GET /xingrg/javascript/easyui/themes/default/validatebox.css HTTP/1.1" 404 1104
120.253.135.82 - - [11/May/2024:10:10:47 +0800] "POST /xingrg/kc/pszx/mdth_order_new_info.html HTTP/1.1" 200 290
101.83.240.18 - - [11/May/2024:10:10:50 +0800] "GET /xingrg/kc/buy/cgsh_order_operate.html?command=get_materiel&rest_code=00149&code=00101008368&supplier_code=00100008&order_time=2024-05-11 HTTP/1.1" 200 408
116.238.97.31 - - [11/May/2024:10:10:56 +0800] "GET /xingrg/all/function/internal_message.html?_=1715393456565&CODE_STATE=getMsg HTTP/1.1" 200 27
116.232.195.13 - - [11/May/2024:10:10:58 +0800] "GET /xingrg/all/function/internal_message.html?_=1715393429481&CODE_STATE=getMsg HTTP/1.1" 200 27
114.95.253.235 - - [11/May/2024:10:10:59 +0800] "GET /xingrg/all/function/internal_message.html?_=1715393458699&CODE_STATE=getMsg HTTP/1.1" 200 27
222.70.183.82 - - [11/May/2024:10:11:01 +0800] "GET /xingrg/all/function/internal_message.html?_=1715393460592&CODE_STATE=getMsg HTTP/1.1" 200 27
116.237.73.213 - - [11/May/2024:10:11:02 +0800] "GET /xingrg/all/function/internal_message.html?_=1715393458303&CODE_STATE=getMsg HTTP/1.1" 200 27
101.83.240.18 - - [11/May/2024:10:11:03 +0800] "GET /xingrg/kc/buy/cgsh_order_operate.html?command=get_materiel&rest_code=00149&code=00101008131&supplier_code=00100008&order_time=2024-05-11 HTTP/1.1" 200 408
114.95.253.235 - - [11/May/2024:10:11:03 +0800] "GET /xingrg/all/function/internal_message.html?_=1715393463563&CODE_STATE=getMsg HTTP/1.1" 200 27
101.83.240.18 - - [11/May/2024:10:11:04 +0800] "GET /xingrg/all/function/internal_message.html?_=1715393462920&CODE_STATE=getMsg HTTP/1.1" 200 27
114.89.67.151 - - [11/May/2024:10:11:05 +0800] "GET /xingrg/all/function/internal_message.html?_=1715393465203&CODE_STATE=getMsg HTTP/1.1" 200 27
222.69.133.181 - - [11/May/2024:10:11:07 +0800] "GET /xingrg/all/function/internal_message.html?_=1715393468590&CODE_STATE=getMsg HTTP/1.1" 200 27
116.238.97.31 - - [11/May/2024:10:11:09 +0800] "GET /xingrg/all/function/internal_message.html?_=1715393472671&CODE_STATE=getMsg HTTP/1.1" 200 27
180.164.6.225 - - [11/May/2024:10:11:14 +0800] "GET /xingrg/all/function/internal_message.html?_=1715393473180&CODE_STATE=getMsg HTTP/1.1" 200 27
114.95.186.91 - - [11/May/2024:10:11:15 +0800] "GET /xingrg/all/function/internal_message.html?_=1715393482174&CODE_STATE=getMsg HTTP/1.1" 200 27
120.253.135.82 - - [11/May/2024:10:11:16 +0800] "GET /xingrg/all/function/internal_message.html?_=1715393326557&CODE_STATE=getMsg HTTP/1.1" 200 27
101.80.230.31 - - [11/May/2024:10:11:16 +0800] "GET /xingrg/check_reg.html?_=1715393486159 HTTP/1.1" 200 22
101.80.230.31 - - [11/May/2024:10:11:16 +0800] "GET /xingrg/all/function/internal_message.html?_=1715393486167&CODE_STATE=getMsg HTTP/1.1" 200 27
116.232.195.13 - - [11/May/2024:10:11:18 +0800] "GET /xingrg/all/function/internal_message.html?_=1715393449892&CODE_STATE=getMsg HTTP/1.1" 200 27
101.83.144.49 - - [11/May/2024:10:11:19 +0800] "GET /xingrg/all/function/internal_message.html?_=1715393226744&CODE_STATE=getMsg HTTP/1.1" 200 27
120.253.135.82 - - [11/May/2024:10:11:20 +0800] "GET /xingrg/all/function/internal_message.html?_=1715393665555&CODE_STATE=getMsg HTTP/1.1" 200 27
120.253.135.82 - - [11/May/2024:10:11:20 +0800] "GET /xingrg/check_reg.html?_=1715393665558 HTTP/1.1" 200 22
101.83.240.18 - - [11/May/2024:10:11:22 +0800] "POST /xingrg/kc/buy/cgsh_order_operate.html HTTP/1.1" 200 2065
101.83.240.18 - - [11/May/2024:10:11:29 +0800] "GET /xingrg/kc/buy/cgsh_order_operate.html?command=get_materiel&rest_code=00149&code=00101008353&supplier_code=00100008&order_time=2024-05-11 HTTP/1.1" 200 423
116.232.195.13 - - [11/May/2024:10:11:41 +0800] "GET /xingrg/all/function/internal_message.html?_=1715393472357&CODE_STATE=getMsg HTTP/1.1" 200 27
101.83.144.49 - - [11/May/2024:10:11:43 +0800] "GET /xingrg/check_reg.html?_=1715393504470 HTTP/1.1" 200 22
101.83.144.49 - - [11/May/2024:10:11:43 +0800] "GET /xingrg/all/function/internal_message.html?_=1715393504475&CODE_STATE=getMsg HTTP/1.1" 200 27
101.83.240.18 - - [11/May/2024:10:11:47 +0800] "GET /xingrg/kc/buy/cgsh_order_operate.html?command=get_materiel&rest_code=00149&code=00101008087&supplier_code=00100008&order_time=2024-05-11 HTTP/1.1" 200 412
116.238.97.31 - - [11/May/2024:10:11:56 +0800] "GET /xingrg/all/function/internal_message.html?_=1715393516556&CODE_STATE=getMsg HTTP/1.1" 200 27
120.253.135.82 - - [11/May/2024:10:11:56 +0800] "GET /xingrg/kc/pszx/mdth_order_info.html?code=322024050400003 HTTP/1.1" 200 20548
120.253.135.82 - - [11/May/2024:10:11:56 +0800] "GET /xingrg/javascript/easyui/themes/default/validatebox.css HTTP/1.1" 404 1104
120.253.135.82 - - [11/May/2024:10:11:56 +0800] "POST /xingrg/kc/pszx/mdth_order_new_info.html HTTP/1.1" 200 290
116.232.195.13 - - [11/May/2024:10:11:58 +0800] "GET /xingrg/all/function/internal_message.html?_=1715393489463&CODE_STATE=getMsg HTTP/1.1" 200 27
120.253.135.82 - - [11/May/2024:10:11:58 +0800] "POST /xingrg/kc/pszx/mdth_order_new_list.html HTTP/1.1" 200 4737
114.95.253.235 - - [11/May/2024:10:11:59 +0800] "GET /xingrg/all/function/internal_message.html?_=1715393518691&CODE_STATE=getMsg HTTP/1.1" 200 27
222.70.183.82 - - [11/May/2024:10:12:01 +0800] "GET /xingrg/all/function/internal_message.html?_=1715393520603&CODE_STATE=getMsg HTTP/1.1" 200 27
116.237.73.213 - - [11/May/2024:10:12:02 +0800] "GET /xingrg/all/function/internal_message.html?_=1715393518274&CODE_STATE=getMsg HTTP/1.1" 200 27
116.232.195.13 - - [11/May/2024:10:12:02 +0800] "GET /xingrg/check_reg.html?_=1715393493529 HTTP/1.1" 200 22
114.95.253.235 - - [11/May/2024:10:12:03 +0800] "GET /xingrg/all/function/internal_message.html?_=1715393523548&CODE_STATE=getMsg HTTP/1.1" 200 27
101.83.240.18 - - [11/May/2024:10:12:04 +0800] "GET /xingrg/all/function/internal_message.html?_=1715393522932&CODE_STATE=getMsg HTTP/1.1" 200 27
101.83.240.18 - - [11/May/2024:10:12:04 +0800] "GET /xingrg/check_reg.html?_=1715393522937 HTTP/1.1" 200 22
114.89.67.151 - - [11/May/2024:10:12:05 +0800] "GET /xingrg/all/function/internal_message.html?_=1715393525182&CODE_STATE=getMsg HTTP/1.1" 200 27
120.253.135.82 - - [11/May/2024:10:12:06 +0800] "GET /xingrg/kc/pszx/mdqp_order_list.html?state=10 HTTP/1.1" 200 10459
101.83.240.18 - - [11/May/2024:10:12:06 +0800] "GET /xingrg/kc/buy/cgsh_order_operate.html?command=get_materiel&rest_code=00149&code=00101008355&supplier_code=00100008&order_time=2024-05-11 HTTP/1.1" 200 408
120.253.135.82 - - [11/May/2024:10:12:06 +0800] "GET /xingrg/dwr/interface/AjaxQqpsService.js HTTP/1.1" 200 16326
120.253.135.82 - - [11/May/2024:10:12:06 +0800] "GET /xingrg/dwr/interface/AjaxReportQueryService.js HTTP/1.1" 200 13203
120.253.135.82 - - [11/May/2024:10:12:06 +0800] "GET /xingrg/dwr/engine.js HTTP/1.1" 200 43631
120.253.135.82 - - [11/May/2024:10:12:07 +0800] "GET /xingrg/kc/pszx/mdps_order_list.html?orderType=0 HTTP/1.1" 200 21313
222.69.133.181 - - [11/May/2024:10:12:07 +0800] "GET /xingrg/all/function/internal_message.html?_=1715393528580&CODE_STATE=getMsg HTTP/1.1" 200 27
222.69.133.181 - - [11/May/2024:10:12:08 +0800] "GET /xingrg/check_reg.html?_=1715393528819 HTTP/1.1" 200 22
120.253.135.82 - - [11/May/2024:10:12:08 +0800] "POST /xingrg/kc/pszx/mdps_list_operate.html HTTP/1.1" 200 5358
116.238.97.31 - - [11/May/2024:10:12:09 +0800] "GET /xingrg/all/function/internal_message.html?_=1715393532652&CODE_STATE=getMsg HTTP/1.1" 200 27
116.238.97.31 - - [11/May/2024:10:12:11 +0800] "GET /xingrg/check_reg.html?_=1715393535397 HTTP/1.1" 200 22
180.164.6.225 - - [11/May/2024:10:12:14 +0800] "GET /xingrg/all/function/internal_message.html?_=1715393533169&CODE_STATE=getMsg HTTP/1.1" 200 27
114.95.186.91 - - [11/May/2024:10:12:15 +0800] "GET /xingrg/all/function/internal_message.html?_=1715393542179&CODE_STATE=getMsg HTTP/1.1" 200 27
120.253.135.82 - - [11/May/2024:10:12:16 +0800] "GET /xingrg/all/function/internal_message.html?_=1715393386571&CODE_STATE=getMsg HTTP/1.1" 200 27
101.80.230.31 - - [11/May/2024:10:12:16 +0800] "GET /xingrg/all/function/internal_message.html?_=1715393546151&CODE_STATE=getMsg HTTP/1.1" 200 27
116.232.195.13 - - [11/May/2024:10:12:18 +0800] "GET /xingrg/all/function/internal_message.html?_=1715393509883&CODE_STATE=getMsg HTTP/1.1" 200 27
114.95.253.235 - - [11/May/2024:10:12:18 +0800] "GET /xingrg/check_reg.html?_=1715393538911 HTTP/1.1" 200 22
101.83.144.49 - - [11/May/2024:10:12:18 +0800] "GET /xingrg/all/function/internal_message.html?_=1715393286730&CODE_STATE=getMsg HTTP/1.1" 200 27
120.253.135.82 - - [11/May/2024:10:12:20 +0800] "GET /xingrg/all/function/internal_message.html?_=1715393725553&CODE_STATE=getMsg HTTP/1.1" 200 27
120.253.135.82 - - [11/May/2024:10:12:25 +0800] "POST /xingrg/kc/pszx/mdps_list_operate.html HTTP/1.1" 200 1684
120.253.135.82 - - [11/May/2024:10:12:26 +0800] "POST /xingrg/kc/pszx/mdps_list_operate.html HTTP/1.1" 200 367
120.253.135.82 - - [11/May/2024:10:12:27 +0800] "GET /xingrg/kc/pszx/mdps_order_info.html?code=312024050900188 HTTP/1.1" 200 23974
120.253.135.82 - - [11/May/2024:10:12:28 +0800] "GET /xingrg/javascript/easyui/themes/default/validatebox.css HTTP/1.1" 404 1104
120.253.135.82 - - [11/May/2024:10:12:28 +0800] "POST /xingrg/kc/pszx/mdps_order_operate.html HTTP/1.1" 200 3295
222.70.183.82 - - [11/May/2024:10:12:30 +0800] "GET /xingrg/kc/buy/cgsh_order_operate.html?command=get_materiel&rest_code=00111&code=00101008114&supplier_code=00100008&order_time=2024-05-11 HTTP/1.1" 200 412
120.253.135.82 - - [11/May/2024:10:12:33 +0800] "POST /xingrg/kc/pszx/mdps_order_operate.html HTTP/1.1" 200 37
120.253.135.82 - - [11/May/2024:10:12:38 +0800] "POST /xingrg/kc/pszx/mdps_order_operate.html HTTP/1.1" 200 12
101.83.240.18 - - [11/May/2024:10:12:39 +0800] "GET /xingrg/kc/buy/cgsh_order_operate.html?command=get_materiel&rest_code=00149&code=00101008144&supplier_code=00100008&order_time=2024-05-11 HTTP/1.1" 200 412
120.253.135.82 - - [11/May/2024:10:12:39 +0800] "GET /xingrg/kc/pszx/mdps_order_info.html?code=312024050900188 HTTP/1.1" 200 19634
120.253.135.82 - - [11/May/2024:10:12:40 +0800] "GET /xingrg/javascript/easyui/themes/default/validatebox.css HTTP/1.1" 404 1104
120.253.135.82 - - [11/May/2024:10:12:41 +0800] "POST /xingrg/kc/pszx/mdps_order_operate.html HTTP/1.1" 200 1509
116.232.195.13 - - [11/May/2024:10:12:41 +0800] "GET /xingrg/all/function/internal_message.html?_=1715393532373&CODE_STATE=getMsg HTTP/1.1" 200 27
116.232.195.13 - - [11/May/2024:10:12:41 +0800] "GET /xingrg/check_reg.html?_=1715393532377 HTTP/1.1" 200 22
101.83.144.49 - - [11/May/2024:10:12:42 +0800] "GET /xingrg/all/function/internal_message.html?_=1715393564459&CODE_STATE=getMsg HTTP/1.1" 200 27
222.70.183.82 - - [11/May/2024:10:12:50 +0800] "GET /xingrg/kc/buy/cgsh_order_operate.html?command=get_materiel&rest_code=00111&code=00101008356&supplier_code=00100008&order_time=2024-05-11 HTTP/1.1" 200 429
101.83.240.18 - - [11/May/2024:10:12:52 +0800] "GET /xingrg/kc/buy/cgsh_order_operate.html?command=get_materiel&rest_code=00149&code=00101008356&supplier_code=00100008&order_time=2024-05-11 HTTP/1.1" 200 429
120.253.135.82 - - [11/May/2024:10:12:52 +0800] "GET /xingrg/check_reg.html?_=1715393422826 HTTP/1.1" 200 22
116.238.97.31 - - [11/May/2024:10:12:56 +0800] "GET /xingrg/all/function/internal_message.html?_=1715393576535&CODE_STATE=getMsg HTTP/1.1" 200 27
101.83.240.18 - - [11/May/2024:10:12:56 +0800] "POST /xingrg/kc/buy/cgsh_order_operate.html HTTP/1.1" 200 2065
116.232.195.13 - - [11/May/2024:10:12:58 +0800] "GET /xingrg/all/function/internal_message.html?_=1715393549446&CODE_STATE=getMsg HTTP/1.1" 200 27
114.95.253.235 - - [11/May/2024:10:12:59 +0800] "GET /xingrg/all/function/internal_message.html?_=1715393578706&CODE_STATE=getMsg HTTP/1.1" 200 27
222.70.183.82 - - [11/May/2024:10:13:01 +0800] "GET /xingrg/all/function/internal_message.html?_=1715393580611&CODE_STATE=getMsg HTTP/1.1" 200 27
116.237.73.213 - - [11/May/2024:10:13:02 +0800] "GET /xingrg/all/function/internal_message.html?_=1715393578257&CODE_STATE=getMsg HTTP/1.1" 200 27
222.70.183.82 - - [11/May/2024:10:13:03 +0800] "GET /xingrg/kc/buy/cgsh_order_operate.html?command=get_materiel&rest_code=00111&code=00101008016&supplier_code=00100008&order_time=2024-05-11 HTTP/1.1" 200 418
114.95.253.235 - - [11/May/2024:10:13:03 +0800] "GET /xingrg/all/function/internal_message.html?_=1715393583537&CODE_STATE=getMsg HTTP/1.1" 200 27
120.253.135.82 - - [11/May/2024:10:13:03 +0800] "GET /xingrg/kc/pszx/mdps_order_info.html?code=312024050900188 HTTP/1.1" 200 19634
120.253.135.82 - - [11/May/2024:10:13:04 +0800] "GET /xingrg/javascript/easyui/themes/default/validatebox.css HTTP/1.1" 404 1104
120.253.135.82 - - [11/May/2024:10:13:04 +0800] "POST /xingrg/kc/pszx/mdps_order_operate.html HTTP/1.1" 200 1509
101.83.240.18 - - [11/May/2024:10:13:04 +0800] "GET /xingrg/all/function/internal_message.html?_=1715393582937&CODE_STATE=getMsg HTTP/1.1" 200 27
114.89.67.151 - - [11/May/2024:10:13:05 +0800] "GET /xingrg/all/function/internal_message.html?_=1715393585200&CODE_STATE=getMsg HTTP/1.1" 200 27
120.253.135.82 - - [11/May/2024:10:13:06 +0800] "POST /xingrg/kc/pszx/mdps_list_operate.html HTTP/1.1" 200 868
222.69.133.181 - - [11/May/2024:10:13:07 +0800] "GET /xingrg/all/function/internal_message.html?_=1715393588560&CODE_STATE=getMsg HTTP/1.1" 200 27
120.253.135.82 - - [11/May/2024:10:13:08 +0800] "GET /xingrg/kc/pszx/mdps_order_list.html?orderType=0 HTTP/1.1" 200 21313
120.253.135.82 - - [11/May/2024:10:13:09 +0800] "POST /xingrg/kc/pszx/mdps_list_operate.html HTTP/1.1" 200 5299
116.238.97.31 - - [11/May/2024:10:13:09 +0800] "GET /xingrg/all/function/internal_message.html?_=1715393592674&CODE_STATE=getMsg HTTP/1.1" 200 27
101.83.240.18 - - [11/May/2024:10:13:10 +0800] "GET /xingrg/kc/buy/cgsh_order_operate.html?command=get_materiel&rest_code=00149&code=00101008300&supplier_code=00100008&order_time=2024-05-11 HTTP/1.1" 200 427
180.164.6.225 - - [11/May/2024:10:13:14 +0800] "GET /xingrg/all/function/internal_message.html?_=1715393593183&CODE_STATE=getMsg HTTP/1.1" 200 27
114.95.186.91 - - [11/May/2024:10:13:15 +0800] "GET /xingrg/check_reg.html?_=1715393602199 HTTP/1.1" 200 22
114.95.186.91 - - [11/May/2024:10:13:15 +0800] "GET /xingrg/all/function/internal_message.html?_=1715393602205&CODE_STATE=getMsg HTTP/1.1" 200 27
101.80.230.31 - - [11/May/2024:10:13:16 +0800] "GET /xingrg/all/function/internal_message.html?_=1715393606157&CODE_STATE=getMsg HTTP/1.1" 200 27
120.253.135.82 - - [11/May/2024:10:13:16 +0800] "GET /xingrg/all/function/internal_message.html?_=1715393447031&CODE_STATE=getMsg HTTP/1.1" 200 27
222.70.183.82 - - [11/May/2024:10:13:17 +0800] "GET /xingrg/kc/buy/cgsh_order_operate.html?command=get_materiel&rest_code=00111&code=00101008331&supplier_code=00100008&order_time=2024-05-11 HTTP/1.1" 200 416
116.232.195.13 - - [11/May/2024:10:13:18 +0800] "GET /xingrg/all/function/internal_message.html?_=1715393569866&CODE_STATE=getMsg HTTP/1.1" 200 27
101.83.144.49 - - [11/May/2024:10:13:18 +0800] "GET /xingrg/all/function/internal_message.html?_=1715393346716&CODE_STATE=getMsg HTTP/1.1" 200 27
120.253.135.82 - - [11/May/2024:10:13:20 +0800] "GET /xingrg/all/function/internal_message.html?_=1715393785553&CODE_STATE=getMsg HTTP/1.1" 200 27
101.83.240.18 - - [11/May/2024:10:13:20 +0800] "GET /xingrg/kc/buy/cgsh_order_operate.html?command=get_materiel&rest_code=00149&code=00101008137&supplier_code=00100008&order_time=2024-05-11 HTTP/1.1" 200 423
222.69.133.181 - - [11/May/2024:10:13:27 +0800] "GET /xingrg/kc/buy/cgsh_order_operate.html?command=get_materiel&rest_code=00154&code=00101008264&supplier_code=00100417&order_time=2024-05-11 HTTP/1.1" 200 427
101.83.240.18 - - [11/May/2024:10:13:29 +0800] "GET /xingrg/kc/buy/cgsh_order_operate.html?command=get_materiel&rest_code=00149&code=00101008811&supplier_code=00100008&order_time=2024-05-11 HTTP/1.1" 200 398
116.238.97.31 - - [11/May/2024:10:13:37 +0800] "GET /xingrg/check_reg.html?_=1715393617495 HTTP/1.1" 200 22
222.70.183.82 - - [11/May/2024:10:13:39 +0800] "GET /xingrg/kc/buy/cgsh_order_operate.html?command=get_materiel&rest_code=00111&code=00101008145&supplier_code=00100008&order_time=2024-05-11 HTTP/1.1" 200 416
101.83.240.18 - - [11/May/2024:10:13:40 +0800] "GET /xingrg/kc/buy/cgsh_order_operate.html?command=get_materiel&rest_code=00149&code=00101008213&supplier_code=00100008&order_time=2024-05-11 HTTP/1.1" 200 427
116.232.195.13 - - [11/May/2024:10:13:41 +0800] "GET /xingrg/all/function/internal_message.html?_=1715393592377&CODE_STATE=getMsg HTTP/1.1" 200 27
222.69.133.181 - - [11/May/2024:10:13:41 +0800] "GET /xingrg/kc/buy/cgsh_order_operate.html?command=get_materiel&rest_code=00154&code=00101008286&supplier_code=00100417&order_time=2024-05-11 HTTP/1.1" 200 428
101.83.144.49 - - [11/May/2024:10:13:42 +0800] "GET /xingrg/all/function/internal_message.html?_=1715393624460&CODE_STATE=getMsg HTTP/1.1" 200 27
101.83.240.18 - - [11/May/2024:10:13:47 +0800] "POST /xingrg/kc/buy/cgsh_order_operate.html HTTP/1.1" 200 2065
222.67.233.39 - - [11/May/2024:10:13:50 +0800] "GET /xingrg/check_reg.html?_=1715393630338 HTTP/1.1" 200 22
222.69.133.181 - - [11/May/2024:10:13:54 +0800] "GET /xingrg/kc/buy/cgsh_order_operate.html?command=get_materiel&rest_code=00154&code=00101008323&supplier_code=00100417&order_time=2024-05-11 HTTP/1.1" 200 408
116.238.97.31 - - [11/May/2024:10:13:56 +0800] "GET /xingrg/all/function/internal_message.html?_=1715393636525&CODE_STATE=getMsg HTTP/1.1" 200 27
116.232.195.13 - - [11/May/2024:10:13:58 +0800] "GET /xingrg/all/function/internal_message.html?_=1715393609418&CODE_STATE=getMsg HTTP/1.1" 200 27
114.95.253.235 - - [11/May/2024:10:13:59 +0800] "GET /xingrg/all/function/internal_message.html?_=1715393638702&CODE_STATE=getMsg HTTP/1.1" 200 27
101.83.240.18 - - [11/May/2024:10:14:00 +0800] "GET /xingrg/kc/buy/cgsh_order_operate.html?command=get_materiel&rest_code=00149&code=00101008360&supplier_code=00100008&order_time=2024-05-11 HTTP/1.1" 200 412
222.70.183.82 - - [11/May/2024:10:14:01 +0800] "GET /xingrg/all/function/internal_message.html?_=1715393640603&CODE_STATE=getMsg HTTP/1.1" 200 27
116.237.73.213 - - [11/May/2024:10:14:02 +0800] "GET /xingrg/all/function/internal_message.html?_=1715393638280&CODE_STATE=getMsg HTTP/1.1" 200 27
114.95.253.235 - - [11/May/2024:10:14:03 +0800] "GET /xingrg/all/function/internal_message.html?_=1715393643522&CODE_STATE=getMsg HTTP/1.1" 200 27
101.83.240.18 - - [11/May/2024:10:14:04 +0800] "GET /xingrg/all/function/internal_message.html?_=1715393642989&CODE_STATE=getMsg HTTP/1.1" 200 27
114.89.67.151 - - [11/May/2024:10:14:05 +0800] "GET /xingrg/check_reg.html?_=1715393645193 HTTP/1.1" 200 22
114.89.67.151 - - [11/May/2024:10:14:05 +0800] "GET /xingrg/all/function/internal_message.html?_=1715393645196&CODE_STATE=getMsg HTTP/1.1" 200 27
222.69.133.181 - - [11/May/2024:10:14:05 +0800] "GET /xingrg/kc/buy/cgsh_order_operate.html?command=get_materiel&rest_code=00154&code=00101008261&supplier_code=00100417&order_time=2024-05-11 HTTP/1.1" 200 428
222.70.183.82 - - [11/May/2024:10:14:07 +0800] "GET /xingrg/kc/buy/cgsh_order_operate.html?command=get_materiel&rest_code=00111&code=00101008096&supplier_code=00100008&order_time=2024-05-11 HTTP/1.1" 200 412
222.69.133.181 - - [11/May/2024:10:14:07 +0800] "GET /xingrg/all/function/internal_message.html?_=1715393648545&CODE_STATE=getMsg HTTP/1.1" 200 27
116.238.97.31 - - [11/May/2024:10:14:09 +0800] "GET /xingrg/all/function/internal_message.html?_=1715393652671&CODE_STATE=getMsg HTTP/1.1" 200 27
101.83.240.18 - - [11/May/2024:10:14:13 +0800] "GET /xingrg/kc/buy/cgsh_order_operate.html?command=get_materiel&rest_code=00149&code=00101008286&supplier_code=00100008&order_time=2024-05-11 HTTP/1.1" 200 428
180.164.6.225 - - [11/May/2024:10:14:14 +0800] "GET /xingrg/check_reg.html?_=1715393653177 HTTP/1.1" 200 22
180.164.6.225 - - [11/May/2024:10:14:14 +0800] "GET /xingrg/all/function/internal_message.html?_=1715393653178&CODE_STATE=getMsg HTTP/1.1" 200 27
114.95.186.91 - - [11/May/2024:10:14:15 +0800] "GET /xingrg/all/function/internal_message.html?_=1715393662182&CODE_STATE=getMsg HTTP/1.1" 200 27
101.80.230.31 - - [11/May/2024:10:14:16 +0800] "GET /xingrg/all/function/internal_message.html?_=1715393666148&CODE_STATE=getMsg HTTP/1.1" 200 27
120.253.135.82 - - [11/May/2024:10:14:16 +0800] "GET /xingrg/all/function/internal_message.html?_=1715393507034&CODE_STATE=getMsg HTTP/1.1" 200 27
116.232.195.13 - - [11/May/2024:10:14:17 +0800] "GET /xingrg/check_reg.html?_=1715393629187 HTTP/1.1" 200 22
116.232.195.13 - - [11/May/2024:10:14:18 +0800] "GET /xingrg/all/function/internal_message.html?_=1715393629845&CODE_STATE=getMsg HTTP/1.1" 200 27
101.83.144.49 - - [11/May/2024:10:14:18 +0800] "GET /xingrg/all/function/internal_message.html?_=1715393406713&CODE_STATE=getMsg HTTP/1.1" 200 27
222.70.183.82 - - [11/May/2024:10:14:19 +0800] "GET /xingrg/kc/buy/cgsh_order_operate.html?command=get_materiel&rest_code=00111&code=00101008283&supplier_code=00100008&order_time=2024-05-11 HTTP/1.1" 200 408
120.253.135.82 - - [11/May/2024:10:14:20 +0800] "GET /xingrg/all/function/internal_message.html?_=1715393845563&CODE_STATE=getMsg HTTP/1.1" 200 27
222.69.133.181 - - [11/May/2024:10:14:23 +0800] "GET /xingrg/kc/buy/cgsh_order_operate.html?command=get_materiel&rest_code=00154&code=00101008321&supplier_code=00100417&order_time=2024-05-11 HTTP/1.1" 200 412
222.70.183.82 - - [11/May/2024:10:14:24 +0800] "POST /xingrg/kc/buy/cgsh_order_operate.html HTTP/1.1" 200 2065
222.70.183.82 - - [11/May/2024:10:14:33 +0800] "GET /xingrg/kc/buy/cgsh_order_operate.html?command=get_materiel&rest_code=00111&code=00101008355&supplier_code=00100008&order_time=2024-05-11 HTTP/1.1" 200 408
116.232.195.13 - - [11/May/2024:10:14:41 +0800] "GET /xingrg/all/function/internal_message.html?_=1715393652372&CODE_STATE=getMsg HTTP/1.1" 200 27
101.83.144.49 - - [11/May/2024:10:14:42 +0800] "GET /xingrg/all/function/internal_message.html?_=1715393684461&CODE_STATE=getMsg HTTP/1.1" 200 27
222.70.183.82 - - [11/May/2024:10:14:49 +0800] "GET /xingrg/kc/buy/cgsh_order_operate.html?command=get_materiel&rest_code=00111&code=00101008261&supplier_code=00100008&order_time=2024-05-11 HTTP/1.1" 200 428
116.238.97.31 - - [11/May/2024:10:14:56 +0800] "GET /xingrg/all/function/internal_message.html?_=1715393696521&CODE_STATE=getMsg HTTP/1.1" 200 27
116.232.195.13 - - [11/May/2024:10:14:58 +0800] "GET /xingrg/all/function/internal_message.html?_=1715393669398&CODE_STATE=getMsg HTTP/1.1" 200 27
114.95.253.235 - - [11/May/2024:10:14:59 +0800] "GET /xingrg/all/function/internal_message.html?_=1715393698701&CODE_STATE=getMsg HTTP/1.1" 200 27
114.95.253.235 - - [11/May/2024:10:14:59 +0800] "GET /xingrg/check_reg.html?_=1715393698700 HTTP/1.1" 200 22
222.70.183.82 - - [11/May/2024:10:15:01 +0800] "GET /xingrg/check_reg.html?_=1715393700600 HTTP/1.1" 200 22
222.70.183.82 - - [11/May/2024:10:15:01 +0800] "GET /xingrg/all/function/internal_message.html?_=1715393700601&CODE_STATE=getMsg HTTP/1.1" 200 27
116.237.73.213 - - [11/May/2024:10:15:02 +0800] "GET /xingrg/all/function/internal_message.html?_=1715393698223&CODE_STATE=getMsg HTTP/1.1" 200 27
116.237.73.213 - - [11/May/2024:10:15:03 +0800] "GET /xingrg/check_reg.html?_=1715393699220 HTTP/1.1" 200 22
101.83.240.18 - - [11/May/2024:10:15:04 +0800] "GET /xingrg/all/function/internal_message.html?_=1715393702977&CODE_STATE=getMsg HTTP/1.1" 200 27
114.89.67.151 - - [11/May/2024:10:15:05 +0800] "GET /xingrg/all/function/internal_message.html?_=1715393705188&CODE_STATE=getMsg HTTP/1.1" 200 27
222.70.183.82 - - [11/May/2024:10:15:07 +0800] "GET /xingrg/kc/buy/cgsh_order_operate.html?command=get_materiel&rest_code=00111&code=00101008350&supplier_code=00100008&order_time=2024-05-11 HTTP/1.1" 200 408
222.69.133.181 - - [11/May/2024:10:15:07 +0800] "GET /xingrg/all/function/internal_message.html?_=1715393708552&CODE_STATE=getMsg HTTP/1.1" 200 27
116.238.97.31 - - [11/May/2024:10:15:09 +0800] "GET /xingrg/all/function/internal_message.html?_=1715393712668&CODE_STATE=getMsg HTTP/1.1" 200 27
101.83.240.18 - - [11/May/2024:10:15:14 +0800] "GET /xingrg/kc/buy/cgsh_order_operate.html?command=get_materiel&rest_code=00149&code=00101008224&supplier_code=00100008&order_time=2024-05-11 HTTP/1.1" 200 418
222.69.133.181 - - [11/May/2024:10:15:14 +0800] "GET /xingrg/kc/buy/cgsh_order_operate.html?command=get_materiel&rest_code=00154&code=00101008371&supplier_code=00100417&order_time=2024-05-11 HTTP/1.1" 200 412
180.164.6.225 - - [11/May/2024:10:15:14 +0800] "GET /xingrg/all/function/internal_message.html?_=1715393713167&CODE_STATE=getMsg HTTP/1.1" 200 27
114.95.186.91 - - [11/May/2024:10:15:15 +0800] "GET /xingrg/all/function/internal_message.html?_=1715393722197&CODE_STATE=getMsg HTTP/1.1" 200 27
101.80.230.31 - - [11/May/2024:10:15:16 +0800] "GET /xingrg/all/function/internal_message.html?_=1715393726154&CODE_STATE=getMsg HTTP/1.1" 200 27
120.253.135.82 - - [11/May/2024:10:15:17 +0800] "GET /xingrg/all/function/internal_message.html?_=1715393567267&CODE_STATE=getMsg HTTP/1.1" 200 27
116.232.195.13 - - [11/May/2024:10:15:18 +0800] "GET /xingrg/all/function/internal_message.html?_=1715393689830&CODE_STATE=getMsg HTTP/1.1" 200 27
101.83.144.49 - - [11/May/2024:10:15:18 +0800] "GET /xingrg/check_reg.html?_=1715393466682 HTTP/1.1" 200 22
101.83.144.49 - - [11/May/2024:10:15:18 +0800] "GET /xingrg/all/function/internal_message.html?_=1715393466685&CODE_STATE=getMsg HTTP/1.1" 200 27
120.253.135.82 - - [11/May/2024:10:15:20 +0800] "GET /xingrg/all/function/internal_message.html?_=1715393905555&CODE_STATE=getMsg HTTP/1.1" 200 27
222.70.183.82 - - [11/May/2024:10:15:26 +0800] "GET /xingrg/kc/buy/cgsh_order_operate.html?command=get_materiel&rest_code=00111&code=00101008244&supplier_code=00100008&order_time=2024-05-11 HTTP/1.1" 200 408
222.69.133.181 - - [11/May/2024:10:15:26 +0800] "GET /xingrg/kc/buy/cgsh_order_operate.html?command=get_materiel&rest_code=00154&code=00101008270&supplier_code=00100417&order_time=2024-05-11 HTTP/1.1" 200 412
222.70.183.82 - - [11/May/2024:10:15:40 +0800] "GET /xingrg/kc/buy/cgsh_order_operate.html?command=get_materiel&rest_code=00111&code=00101008285&supplier_code=00100008&order_time=2024-05-11 HTTP/1.1" 200 413
222.69.133.181 - - [11/May/2024:10:15:40 +0800] "GET /xingrg/kc/buy/cgsh_order_operate.html?command=get_materiel&rest_code=00154&code=00101008108&supplier_code=00100417&order_time=2024-05-11 HTTP/1.1" 200 412
116.232.195.13 - - [11/May/2024:10:15:41 +0800] "GET /xingrg/all/function/internal_message.html?_=1715393712363&CODE_STATE=getMsg HTTP/1.1" 200 27
101.83.144.49 - - [11/May/2024:10:15:43 +0800] "GET /xingrg/all/function/internal_message.html?_=1715393744461&CODE_STATE=getMsg HTTP/1.1" 200 27
222.70.183.82 - - [11/May/2024:10:15:44 +0800] "POST /xingrg/kc/buy/cgsh_order_operate.html HTTP/1.1" 200 2065
222.69.133.181 - - [11/May/2024:10:15:51 +0800] "GET /xingrg/kc/buy/cgsh_order_operate.html?command=get_materiel&rest_code=00154&code=00101008644&supplier_code=00100417&order_time=2024-05-11 HTTP/1.1" 200 420
222.70.183.82 - - [11/May/2024:10:15:54 +0800] "GET /xingrg/kc/buy/cgsh_order_operate.html?command=get_materiel&rest_code=00111&code=00101008300&supplier_code=00100008&order_time=2024-05-11 HTTP/1.1" 200 427
116.238.97.31 - - [11/May/2024:10:15:56 +0800] "GET /xingrg/all/function/internal_message.html?_=1715393756506&CODE_STATE=getMsg HTTP/1.1" 200 27
116.232.195.13 - - [11/May/2024:10:15:58 +0800] "GET /xingrg/all/function/internal_message.html?_=1715393729384&CODE_STATE=getMsg HTTP/1.1" 200 27
114.95.253.235 - - [11/May/2024:10:15:59 +0800] "GET /xingrg/all/function/internal_message.html?_=1715393758692&CODE_STATE=getMsg HTTP/1.1" 200 27
222.69.133.181 - - [11/May/2024:10:16:00 +0800] "GET /xingrg/kc/buy/cgsh_order_operate.html?command=get_materiel&rest_code=00154&code=00101012070&supplier_code=00100417&order_time=2024-05-11 HTTP/1.1" 200 432
222.70.183.82 - - [11/May/2024:10:16:01 +0800] "GET /xingrg/all/function/internal_message.html?_=1715393760603&CODE_STATE=getMsg HTTP/1.1" 200 27
116.237.73.213 - - [11/May/2024:10:16:02 +0800] "GET /xingrg/all/function/internal_message.html?_=1715393758207&CODE_STATE=getMsg HTTP/1.1" 200 27
101.83.240.18 - - [11/May/2024:10:16:03 +0800] "POST /xingrg/kc/buy/cgsh_order_operate.html HTTP/1.1" 200 2065
101.83.240.18 - - [11/May/2024:10:16:04 +0800] "GET /xingrg/all/function/internal_message.html?_=1715393762961&CODE_STATE=getMsg HTTP/1.1" 200 27
114.89.67.151 - - [11/May/2024:10:16:05 +0800] "GET /xingrg/all/function/internal_message.html?_=1715393765193&CODE_STATE=getMsg HTTP/1.1" 200 27
222.69.133.181 - - [11/May/2024:10:16:07 +0800] "GET /xingrg/all/function/internal_message.html?_=1715393768526&CODE_STATE=getMsg HTTP/1.1" 200 27
222.69.133.181 - - [11/May/2024:10:16:09 +0800] "GET /xingrg/kc/buy/cgsh_order_operate.html?command=get_materiel&rest_code=00154&code=00101008268&supplier_code=00100417&order_time=2024-05-11 HTTP/1.1" 200 408
116.238.97.31 - - [11/May/2024:10:16:09 +0800] "GET /xingrg/all/function/internal_message.html?_=1715393772664&CODE_STATE=getMsg HTTP/1.1" 200 27
101.83.240.18 - - [11/May/2024:10:16:11 +0800] "GET /xingrg/kc/buy/cgsh_order_operate.html?command=get_materiel&rest_code=00149&code=00101008318&supplier_code=00100008&order_time=2024-05-11 HTTP/1.1" 200 408
180.164.6.225 - - [11/May/2024:10:16:14 +0800] "GET /xingrg/all/function/internal_message.html?_=1715393773173&CODE_STATE=getMsg HTTP/1.1" 200 27
114.95.186.91 - - [11/May/2024:10:16:15 +0800] "GET /xingrg/all/function/internal_message.html?_=1715393782186&CODE_STATE=getMsg HTTP/1.1" 200 27
101.80.230.31 - - [11/May/2024:10:16:16 +0800] "GET /xingrg/all/function/internal_message.html?_=1715393786144&CODE_STATE=getMsg HTTP/1.1" 200 27
101.80.230.31 - - [11/May/2024:10:16:16 +0800] "GET /xingrg/check_reg.html?_=1715393786152 HTTP/1.1" 200 22
120.253.135.82 - - [11/May/2024:10:16:17 +0800] "GET /xingrg/all/function/internal_message.html?_=1715393627281&CODE_STATE=getMsg HTTP/1.1" 200 27
116.232.195.13 - - [11/May/2024:10:16:18 +0800] "GET /xingrg/all/function/internal_message.html?_=1715393749817&CODE_STATE=getMsg HTTP/1.1" 200 27
222.69.133.181 - - [11/May/2024:10:16:18 +0800] "GET /xingrg/kc/buy/cgsh_order_operate.html?command=get_materiel&rest_code=00154&code=00101008350&supplier_code=00100417&order_time=2024-05-11 HTTP/1.1" 200 408
101.83.144.49 - - [11/May/2024:10:16:18 +0800] "GET /xingrg/all/function/internal_message.html?_=1715393526670&CODE_STATE=getMsg HTTP/1.1" 200 27
120.253.135.82 - - [11/May/2024:10:16:20 +0800] "GET /xingrg/all/function/internal_message.html?_=1715393965556&CODE_STATE=getMsg HTTP/1.1" 200 27
120.253.135.82 - - [11/May/2024:10:16:20 +0800] "GET /xingrg/check_reg.html?_=1715393965558 HTTP/1.1" 200 22
101.83.240.18 - - [11/May/2024:10:16:25 +0800] "GET /xingrg/kc/buy/cgsh_order_operate.html?command=get_materiel&rest_code=00149&code=00101008163&supplier_code=00100008&order_time=2024-05-11 HTTP/1.1" 200 409
222.69.133.181 - - [11/May/2024:10:16:27 +0800] "GET /xingrg/kc/buy/cgsh_order_operate.html?command=get_materiel&rest_code=00154&code=00101019224&supplier_code=00100417&order_time=2024-05-11 HTTP/1.1" 200 408
101.83.240.18 - - [11/May/2024:10:16:35 +0800] "GET /xingrg/kc/buy/cgsh_order_operate.html?command=get_materiel&rest_code=00149&code=00101013175&supplier_code=00100008&order_time=2024-05-11 HTTP/1.1" 200 427
116.232.195.13 - - [11/May/2024:10:16:41 +0800] "GET /xingrg/all/function/internal_message.html?_=1715393772351&CODE_STATE=getMsg HTTP/1.1" 200 27
101.83.144.49 - - [11/May/2024:10:16:43 +0800] "GET /xingrg/all/function/internal_message.html?_=1715393804463&CODE_STATE=getMsg HTTP/1.1" 200 27
101.83.144.49 - - [11/May/2024:10:16:43 +0800] "GET /xingrg/check_reg.html?_=1715393804466 HTTP/1.1" 200 22
222.70.183.82 - - [11/May/2024:10:16:48 +0800] "POST /xingrg/kc/buy/cgsh_order_operate.html HTTP/1.1" 200 37
222.70.183.82 - - [11/May/2024:10:16:50 +0800] "POST /xingrg/kc/buy/cgsh_order_operate.html HTTP/1.1" 200 16850
222.70.183.82 - - [11/May/2024:10:16:52 +0800] "GET /xingrg/kc/print/load_config.html?kc_code=cgsh HTTP/1.1" 200 1927
116.238.97.31 - - [11/May/2024:10:16:56 +0800] "GET /xingrg/all/function/internal_message.html?_=1715393816484&CODE_STATE=getMsg HTTP/1.1" 200 27
222.69.133.181 - - [11/May/2024:10:16:57 +0800] "POST /xingrg/kc/buy/cgsh_order_operate.html HTTP/1.1" 200 37
222.70.183.82 - - [11/May/2024:10:16:57 +0800] "GET /xingrg/kc/print/load_data.html?order_code=212024051102873&kc_code=cgsh&condition= HTTP/1.1" 200 6030
116.232.195.13 - - [11/May/2024:10:16:58 +0800] "GET /xingrg/all/function/internal_message.html?_=1715393789369&CODE_STATE=getMsg HTTP/1.1" 200 27
114.95.253.235 - - [11/May/2024:10:16:59 +0800] "GET /xingrg/all/function/internal_message.html?_=1715393818694&CODE_STATE=getMsg HTTP/1.1" 200 27
222.70.183.82 - - [11/May/2024:10:16:59 +0800] "POST /xingrg/services/DataTransmitService HTTP/1.1" 200 524
222.70.183.82 - - [11/May/2024:10:17:01 +0800] "GET /xingrg/all/function/internal_message.html?_=1715393820658&CODE_STATE=getMsg HTTP/1.1" 200 27
116.237.73.213 - - [11/May/2024:10:17:02 +0800] "GET /xingrg/all/function/internal_message.html?_=1715393818182&CODE_STATE=getMsg HTTP/1.1" 200 27
116.232.195.13 - - [11/May/2024:10:17:02 +0800] "GET /xingrg/check_reg.html?_=1715393793518 HTTP/1.1" 200 22
101.83.240.18 - - [11/May/2024:10:17:04 +0800] "GET /xingrg/check_reg.html?_=1715393822944 HTTP/1.1" 200 22
101.83.240.18 - - [11/May/2024:10:17:04 +0800] "GET /xingrg/all/function/internal_message.html?_=1715393822949&CODE_STATE=getMsg HTTP/1.1" 200 27
114.89.67.151 - - [11/May/2024:10:17:05 +0800] "GET /xingrg/all/function/internal_message.html?_=1715393825186&CODE_STATE=getMsg HTTP/1.1" 200 27
222.69.133.181 - - [11/May/2024:10:17:07 +0800] "GET /xingrg/all/function/internal_message.html?_=1715393828499&CODE_STATE=getMsg HTTP/1.1" 200 27
222.69.133.181 - - [11/May/2024:10:17:08 +0800] "GET /xingrg/check_reg.html?_=1715393828800 HTTP/1.1" 200 22
116.238.97.31 - - [11/May/2024:10:17:09 +0800] "GET /xingrg/all/function/internal_message.html?_=1715393832661&CODE_STATE=getMsg HTTP/1.1" 200 27
222.69.133.181 - - [11/May/2024:10:17:11 +0800] "POST /xingrg/kc/buy/cgsh_order_operate.html HTTP/1.1" 200 12
116.238.97.31 - - [11/May/2024:10:17:11 +0800] "GET /xingrg/check_reg.html?_=1715393835407 HTTP/1.1" 200 22
180.164.6.225 - - [11/May/2024:10:17:14 +0800] "GET /xingrg/all/function/internal_message.html?_=1715393833185&CODE_STATE=getMsg HTTP/1.1" 200 27
222.69.133.181 - - [11/May/2024:10:17:15 +0800] "GET /xingrg/kc/buy/cgsh_order_info.html?code=212024051102874 HTTP/1.1" 200 68670
222.69.133.181 - - [11/May/2024:10:17:15 +0800] "GET /xingrg/javascript/easyui/themes/default/validatebox.css HTTP/1.1" 404 1104
114.95.186.91 - - [11/May/2024:10:17:15 +0800] "GET /xingrg/all/function/internal_message.html?_=1715393842177&CODE_STATE=getMsg HTTP/1.1" 200 27
222.69.133.181 - - [11/May/2024:10:17:16 +0800] "POST /xingrg/kc/buy/cgsh_order_operate.html HTTP/1.1" 200 8872
101.80.230.31 - - [11/May/2024:10:17:16 +0800] "GET /xingrg/all/function/internal_message.html?_=1715393846181&CODE_STATE=getMsg HTTP/1.1" 200 27
120.253.135.82 - - [11/May/2024:10:17:17 +0800] "GET /xingrg/all/function/internal_message.html?_=1715393687540&CODE_STATE=getMsg HTTP/1.1" 200 27
222.69.133.181 - - [11/May/2024:10:17:18 +0800] "GET /xingrg/kc/print/load_data.html?order_code=212024051102874&kc_code=cgsh&condition= HTTP/1.1" 200 3812
116.232.195.13 - - [11/May/2024:10:17:18 +0800] "GET /xingrg/all/function/internal_message.html?_=1715393809807&CODE_STATE=getMsg HTTP/1.1" 200 27
101.83.144.49 - - [11/May/2024:10:17:18 +0800] "GET /xingrg/all/function/internal_message.html?_=1715393586670&CODE_STATE=getMsg HTTP/1.1" 200 27
120.253.135.82 - - [11/May/2024:10:17:20 +0800] "GET /xingrg/all/function/internal_message.html?_=1715394025556&CODE_STATE=getMsg HTTP/1.1" 200 27
116.232.195.13 - - [11/May/2024:10:17:41 +0800] "GET /xingrg/all/function/internal_message.html?_=1715393832363&CODE_STATE=getMsg HTTP/1.1" 200 27
116.232.195.13 - - [11/May/2024:10:17:41 +0800] "GET /xingrg/check_reg.html?_=1715393832364 HTTP/1.1" 200 22
101.83.144.49 - - [11/May/2024:10:17:43 +0800] "GET /xingrg/all/function/internal_message.html?_=1715393864466&CODE_STATE=getMsg HTTP/1.1" 200 27
120.253.135.82 - - [11/May/2024:10:17:52 +0800] "GET /xingrg/check_reg.html?_=1715393722831 HTTP/1.1" 200 22
101.83.240.18 - - [11/May/2024:10:17:52 +0800] "GET /xingrg/kc/buy/cgsh_order_operate.html?command=get_materiel&rest_code=00149&code=00101008261&supplier_code=00100008&order_time=2024-05-11 HTTP/1.1" 200 428
222.70.183.82 - - [11/May/2024:10:17:53 +0800] "GET /xingrg/kc/buy/cgsh_order_add.html HTTP/1.1" 200 74549
222.70.183.82 - - [11/May/2024:10:17:54 +0800] "POST /xingrg/kc/buy/cgsh_order_operate.html HTTP/1.1" 200 8245
222.70.183.82 - - [11/May/2024:10:17:54 +0800] "GET /xingrg/javascript/easyui/themes/default/validatebox.css HTTP/1.1" 404 1104
116.238.97.31 - - [11/May/2024:10:17:56 +0800] "GET /xingrg/all/function/internal_message.html?_=1715393876456&CODE_STATE=getMsg HTTP/1.1" 200 27
116.232.195.13 - - [11/May/2024:10:17:58 +0800] "GET /xingrg/all/function/internal_message.html?_=1715393849355&CODE_STATE=getMsg HTTP/1.1" 200 27
114.95.253.235 - - [11/May/2024:10:17:59 +0800] "GET /xingrg/all/function/internal_message.html?_=1715393878701&CODE_STATE=getMsg HTTP/1.1" 200 27
222.70.183.82 - - [11/May/2024:10:18:01 +0800] "GET /xingrg/all/function/internal_message.html?_=1715393880639&CODE_STATE=getMsg HTTP/1.1" 200 27
101.83.240.18 - - [11/May/2024:10:18:04 +0800] "GET /xingrg/kc/buy/cgsh_order_operate.html?command=get_materiel&rest_code=00149&code=00101008357&supplier_code=00100008&order_time=2024-05-11 HTTP/1.1" 200 408
101.83.240.18 - - [11/May/2024:10:18:04 +0800] "GET /xingrg/all/function/internal_message.html?_=1715393882974&CODE_STATE=getMsg HTTP/1.1" 200 27
114.89.67.151 - - [11/May/2024:10:18:05 +0800] "GET /xingrg/all/function/internal_message.html?_=1715393885176&CODE_STATE=getMsg HTTP/1.1" 200 27
101.83.240.18 - - [11/May/2024:10:18:07 +0800] "POST /xingrg/kc/buy/cgsh_order_operate.html HTTP/1.1" 200 2065
222.69.133.181 - - [11/May/2024:10:18:07 +0800] "GET /xingrg/all/function/internal_message.html?_=1715393888492&CODE_STATE=getMsg HTTP/1.1" 200 27
116.238.97.31 - - [11/May/2024:10:18:09 +0800] "GET /xingrg/all/function/internal_message.html?_=1715393892658&CODE_STATE=getMsg HTTP/1.1" 200 27
101.83.144.49 - - [11/May/2024:10:18:10 +0800] "GET /xingrg/kc/buy/cgsh_order_list.html HTTP/1.1" 200 58780
222.69.133.181 - - [11/May/2024:10:18:11 +0800] "GET /xingrg/kc/buy/cgsh_order_add.html HTTP/1.1" 200 73790
222.69.133.181 - - [11/May/2024:10:18:12 +0800] "POST /xingrg/kc/buy/cgsh_order_operate.html HTTP/1.1" 200 8245
222.69.133.181 - - [11/May/2024:10:18:12 +0800] "GET /xingrg/javascript/easyui/themes/default/validatebox.css HTTP/1.1" 404 1104
180.164.6.225 - - [11/May/2024:10:18:14 +0800] "GET /xingrg/all/function/internal_message.html?_=1715393893186&CODE_STATE=getMsg HTTP/1.1" 200 27
114.95.186.91 - - [11/May/2024:10:18:15 +0800] "GET /xingrg/all/function/internal_message.html?_=1715393902195&CODE_STATE=getMsg HTTP/1.1" 200 27
114.95.186.91 - - [11/May/2024:10:18:15 +0800] "GET /xingrg/check_reg.html?_=1715393902198 HTTP/1.1" 200 22
101.80.230.31 - - [11/May/2024:10:18:16 +0800] "GET /xingrg/all/function/internal_message.html?_=1715393906188&CODE_STATE=getMsg HTTP/1.1" 200 27
120.253.135.82 - - [11/May/2024:10:18:17 +0800] "GET /xingrg/all/function/internal_message.html?_=1715393747541&CODE_STATE=getMsg HTTP/1.1" 200 27
101.83.144.49 - - [11/May/2024:10:18:18 +0800] "POST /xingrg/kc/buy/cgsh_list_operate.html HTTP/1.1" 200 1915
116.232.195.13 - - [11/May/2024:10:18:18 +0800] "GET /xingrg/all/function/internal_message.html?_=1715393869785&CODE_STATE=getMsg HTTP/1.1" 200 27
101.83.144.49 - - [11/May/2024:10:18:18 +0800] "GET /xingrg/all/function/internal_message.html?_=1715393646670&CODE_STATE=getMsg HTTP/1.1" 200 27
120.253.135.82 - - [11/May/2024:10:18:20 +0800] "GET /xingrg/all/function/internal_message.html?_=1715394085556&CODE_STATE=getMsg HTTP/1.1" 200 27
101.83.240.18 - - [11/May/2024:10:18:23 +0800] "GET /xingrg/kc/buy/cgsh_order_operate.html?command=get_materiel&rest_code=00149&code=00101008349&supplier_code=00100008&order_time=2024-05-11 HTTP/1.1" 200 412
116.238.97.31 - - [11/May/2024:10:18:37 +0800] "GET /xingrg/check_reg.html?_=1715393917504 HTTP/1.1" 200 22
101.83.240.18 - - [11/May/2024:10:18:39 +0800] "GET /xingrg/kc/buy/cgsh_order_operate.html?command=get_materiel&rest_code=00149&code=00101008101&supplier_code=00100008&order_time=2024-05-11 HTTP/1.1" 200 412
116.232.195.13 - - [11/May/2024:10:18:41 +0800] "GET /xingrg/all/function/internal_message.html?_=1715393892377&CODE_STATE=getMsg HTTP/1.1" 200 27
101.83.144.49 - - [11/May/2024:10:18:43 +0800] "GET /xingrg/all/function/internal_message.html?_=1715393924503&CODE_STATE=getMsg HTTP/1.1" 200 27
101.83.240.18 - - [11/May/2024:10:18:49 +0800] "GET /xingrg/kc/buy/cgsh_order_operate.html?command=get_materiel&rest_code=00149&code=00101008331&supplier_code=00100008&order_time=2024-05-11 HTTP/1.1" 200 416
222.67.233.39 - - [11/May/2024:10:18:50 +0800] "GET /xingrg/check_reg.html?_=1715393930315 HTTP/1.1" 200 22
222.69.133.181 - - [11/May/2024:10:18:50 +0800] "GET /xingrg/kc/buy/cgsh_order_operate.html?command=get_materiel&rest_code=00154&code=00101012029&supplier_code=00100417&order_time=2024-05-11 HTTP/1.1" 200 432
222.70.183.82 - - [11/May/2024:10:18:51 +0800] "GET /xingrg/kc/buy/cgsh_order_operate.html?command=get_materiel&rest_code=00111&code=00101007085&supplier_code=00100096&order_time=2024-05-11 HTTP/1.1" 200 413
116.238.97.31 - - [11/May/2024:10:18:56 +0800] "GET /xingrg/all/function/internal_message.html?_=1715393936437&CODE_STATE=getMsg HTTP/1.1" 200 27
116.232.195.13 - - [11/May/2024:10:18:58 +0800] "GET /xingrg/all/function/internal_message.html?_=1715393909338&CODE_STATE=getMsg HTTP/1.1" 200 27
114.95.253.235 - - [11/May/2024:10:18:59 +0800] "GET /xingrg/all/function/internal_message.html?_=1715393938697&CODE_STATE=getMsg HTTP/1.1" 200 27
222.70.183.82 - - [11/May/2024:10:19:01 +0800] "GET /xingrg/all/function/internal_message.html?_=1715393940620&CODE_STATE=getMsg HTTP/1.1" 200 27
101.83.144.49 - - [11/May/2024:10:19:02 +0800] "GET /xingrg/kc/buy/cgsh_order_add.html HTTP/1.1" 200 74675
101.83.144.49 - - [11/May/2024:10:19:02 +0800] "POST /xingrg/kc/buy/cgsh_order_operate.html HTTP/1.1" 200 8245
101.83.144.49 - - [11/May/2024:10:19:02 +0800] "GET /xingrg/javascript/easyui/themes/default/validatebox.css HTTP/1.1" 404 1104
101.83.144.49 - - [11/May/2024:10:19:02 +0800] "GET /xingrg/all/common/auto_word.html?type=employee&rest_code=00105 HTTP/1.1" 200 193
101.83.144.49 - - [11/May/2024:10:19:02 +0800] "GET /xingrg/all/common/auto_word.html?type=employee&rest_code=00105 HTTP/1.1" 200 193
101.83.144.49 - - [11/May/2024:10:19:04 +0800] "GET /xingrg/javascript/auto/indicator.gif HTTP/1.1" 404 1066
101.83.240.18 - - [11/May/2024:10:19:04 +0800] "GET /xingrg/all/function/internal_message.html?_=1715393942948&CODE_STATE=getMsg HTTP/1.1" 200 27
114.89.67.151 - - [11/May/2024:10:19:05 +0800] "GET /xingrg/all/function/internal_message.html?_=1715393945192&CODE_STATE=getMsg HTTP/1.1" 200 27
114.89.67.151 - - [11/May/2024:10:19:05 +0800] "GET /xingrg/check_reg.html?_=1715393945195 HTTP/1.1" 200 22
222.70.183.82 - - [11/May/2024:10:19:06 +0800] "GET /xingrg/kc/buy/cgsh_order_operate.html?command=get_materiel&rest_code=00111&code=00101007077&supplier_code=00100096&order_time=2024-05-11 HTTP/1.1" 200 415
222.69.133.181 - - [11/May/2024:10:19:07 +0800] "GET /xingrg/all/function/internal_message.html?_=1715393948468&CODE_STATE=getMsg HTTP/1.1" 200 27
116.238.97.31 - - [11/May/2024:10:19:09 +0800] "GET /xingrg/all/function/internal_message.html?_=1715393952655&CODE_STATE=getMsg HTTP/1.1" 200 27
180.164.6.225 - - [11/May/2024:10:19:14 +0800] "GET /xingrg/check_reg.html?_=1715393953183 HTTP/1.1" 200 22
180.164.6.225 - - [11/May/2024:10:19:14 +0800] "GET /xingrg/all/function/internal_message.html?_=1715393953185&CODE_STATE=getMsg HTTP/1.1" 200 27
114.95.186.91 - - [11/May/2024:10:19:15 +0800] "GET /xingrg/all/function/internal_message.html?_=1715393962188&CODE_STATE=getMsg HTTP/1.1" 200 27
101.80.230.31 - - [11/May/2024:10:19:16 +0800] "GET /xingrg/all/function/internal_message.html?_=1715393966179&CODE_STATE=getMsg HTTP/1.1" 200 27
101.83.144.49 - - [11/May/2024:10:19:16 +0800] "GET /xingrg/kc/buy/cgsh_order_operate.html?command=get_materiel&rest_code=00105&code=00101002027&supplier_code=00100151&order_time=2024-05-11 HTTP/1.1" 200 413
120.253.135.82 - - [11/May/2024:10:19:17 +0800] "GET /xingrg/all/function/internal_message.html?_=1715393807558&CODE_STATE=getMsg HTTP/1.1" 200 27
222.69.133.181 - - [11/May/2024:10:19:17 +0800] "GET /xingrg/kc/buy/cgsh_order_operate.html?command=get_materiel&rest_code=00154&code=00101008356&supplier_code=00100417&order_time=2024-05-11 HTTP/1.1" 200 428
101.83.240.18 - - [11/May/2024:10:19:17 +0800] "POST /xingrg/kc/buy/cgsh_order_operate.html HTTP/1.1" 200 2065
116.232.195.13 - - [11/May/2024:10:19:17 +0800] "GET /xingrg/check_reg.html?_=1715393929179 HTTP/1.1" 200 22
116.232.195.13 - - [11/May/2024:10:19:18 +0800] "GET /xingrg/all/function/internal_message.html?_=1715393929761&CODE_STATE=getMsg HTTP/1.1" 200 27
101.83.144.49 - - [11/May/2024:10:19:18 +0800] "GET /xingrg/all/function/internal_message.html?_=1715393706670&CODE_STATE=getMsg HTTP/1.1" 200 27
120.253.135.82 - - [11/May/2024:10:19:20 +0800] "GET /xingrg/all/function/internal_message.html?_=1715394145557&CODE_STATE=getMsg HTTP/1.1" 200 27
101.83.240.18 - - [11/May/2024:10:19:23 +0800] "GET /xingrg/kc/buy/cgsh_order_operate.html?command=get_materiel&rest_code=00149&code=00101008059&supplier_code=00100008&order_time=2024-05-11 HTTP/1.1" 200 408
222.70.183.82 - - [11/May/2024:10:19:28 +0800] "GET /xingrg/kc/buy/cgsh_order_operate.html?command=get_materiel&rest_code=00111&code=00101007061&supplier_code=00100096&order_time=2024-05-11 HTTP/1.1" 200 411
222.69.133.181 - - [11/May/2024:10:19:29 +0800] "GET /xingrg/kc/buy/cgsh_order_operate.html?command=get_materiel&rest_code=00154&code=00101008087&supplier_code=00100417&order_time=2024-05-11 HTTP/1.1" 200 412
101.83.144.49 - - [11/May/2024:10:19:33 +0800] "GET /xingrg/kc/buy/cgsh_order_operate.html?command=get_materiel&rest_code=00105&code=00101008742&supplier_code=00100151&order_time=2024-05-11 HTTP/1.1" 200 413
101.83.240.18 - - [11/May/2024:10:19:40 +0800] "GET /xingrg/kc/buy/cgsh_order_operate.html?command=get_materiel&rest_code=00149&code=00101008005&supplier_code=00100008&order_time=2024-05-11 HTTP/1.1" 200 433
116.232.195.13 - - [11/May/2024:10:19:41 +0800] "GET /xingrg/all/function/internal_message.html?_=1715393952364&CODE_STATE=getMsg HTTP/1.1" 200 27
101.83.144.49 - - [11/May/2024:10:19:43 +0800] "GET /xingrg/all/function/internal_message.html?_=1715393984482&CODE_STATE=getMsg HTTP/1.1" 200 27
222.70.183.82 - - [11/May/2024:10:19:53 +0800] "GET /xingrg/kc/buy/cgsh_order_operate.html?command=get_materiel&rest_code=00111&code=00101007075&supplier_code=00100096&order_time=2024-05-11 HTTP/1.1" 200 409
101.83.240.18 - - [11/May/2024:10:19:55 +0800] "GET /xingrg/kc/buy/cgsh_order_operate.html?command=get_materiel&rest_code=00149&code=00101008370&supplier_code=00100008&order_time=2024-05-11 HTTP/1.1" 200 412
116.238.97.31 - - [11/May/2024:10:19:56 +0800] "GET /xingrg/all/function/internal_message.html?_=1715393996436&CODE_STATE=getMsg HTTP/1.1" 200 27
116.232.195.13 - - [11/May/2024:10:19:58 +0800] "GET /xingrg/all/function/internal_message.html?_=1715393969321&CODE_STATE=getMsg HTTP/1.1" 200 27
114.95.253.235 - - [11/May/2024:10:19:59 +0800] "GET /xingrg/check_reg.html?_=1715393998694 HTTP/1.1" 200 22
114.95.253.235 - - [11/May/2024:10:19:59 +0800] "GET /xingrg/all/function/internal_message.html?_=1715393998691&CODE_STATE=getMsg HTTP/1.1" 200 27
222.70.183.82 - - [11/May/2024:10:20:01 +0800] "GET /xingrg/all/function/internal_message.html?_=1715394000635&CODE_STATE=getMsg HTTP/1.1" 200 27
222.70.183.82 - - [11/May/2024:10:20:01 +0800] "GET /xingrg/check_reg.html?_=1715394000636 HTTP/1.1" 200 22
101.83.240.18 - - [11/May/2024:10:20:04 +0800] "GET /xingrg/all/function/internal_message.html?_=1715394002939&CODE_STATE=getMsg HTTP/1.1" 200 27
222.70.183.82 - - [11/May/2024:10:20:04 +0800] "GET /xingrg/kc/buy/cgsh_order_operate.html?command=get_materiel&rest_code=00111&code=00101007022&supplier_code=00100096&order_time=2024-05-11 HTTP/1.1" 200 415
114.89.67.151 - - [11/May/2024:10:20:05 +0800] "GET /xingrg/all/function/internal_message.html?_=1715394005190&CODE_STATE=getMsg HTTP/1.1" 200 27
222.69.133.181 - - [11/May/2024:10:20:07 +0800] "GET /xingrg/all/function/internal_message.html?_=1715394008445&CODE_STATE=getMsg HTTP/1.1" 200 27
116.238.97.31 - - [11/May/2024:10:20:09 +0800] "GET /xingrg/all/function/internal_message.html?_=1715394012652&CODE_STATE=getMsg HTTP/1.1" 200 27
101.83.144.49 - - [11/May/2024:10:20:09 +0800] "GET /xingrg/kc/buy/cgsh_order_operate.html?command=get_materiel&rest_code=00105&code=00101016030&supplier_code=00100151&order_time=2024-05-11 HTTP/1.1" 200 412
180.164.6.225 - - [11/May/2024:10:20:14 +0800] "GET /xingrg/all/function/internal_message.html?_=1715394013185&CODE_STATE=getMsg HTTP/1.1" 200 27
114.95.186.91 - - [11/May/2024:10:20:15 +0800] "GET /xingrg/all/function/internal_message.html?_=1715394022190&CODE_STATE=getMsg HTTP/1.1" 200 27
