116.232.195.13 - - [11/May/2024:08:21:20 +0800] "GET /xingrg/all/function/internal_message.html?_=1715386851763&CODE_STATE=getMsg HTTP/1.1" 200 27
116.232.195.13 - - [11/May/2024:08:21:40 +0800] "GET /xingrg/all/function/internal_message.html?_=1715386872364&CODE_STATE=getMsg HTTP/1.1" 200 27
120.253.135.82 - - [11/May/2024:08:21:44 +0800] "GET /xingrg/all/function/internal_message.html?_=1715386754531&CODE_STATE=getMsg HTTP/1.1" 200 27
116.238.97.31 - - [11/May/2024:08:21:50 +0800] "GET /xingrg/all/function/internal_message.html?_=1715386910155&CODE_STATE=getMsg HTTP/1.1" 200 27
116.238.97.31 - - [11/May/2024:08:21:50 +0800] "GET /xingrg/check_reg.html?_=1715386910157 HTTP/1.1" 200 22
116.232.195.13 - - [11/May/2024:08:22:00 +0800] "GET /xingrg/all/function/internal_message.html?_=1715386891451&CODE_STATE=getMsg HTTP/1.1" 200 27
116.232.195.13 - - [11/May/2024:08:22:02 +0800] "GET /xingrg/check_reg.html?_=1715386893894 HTTP/1.1" 200 22
114.95.253.235 - - [11/May/2024:08:22:03 +0800] "GET /xingrg/all/function/internal_message.html?_=1715386922944&CODE_STATE=getMsg HTTP/1.1" 200 27
114.95.253.235 - - [11/May/2024:08:22:05 +0800] "GET /xingrg/all/function/internal_message.html?_=1715386925507&CODE_STATE=getMsg HTTP/1.1" 200 27
116.238.97.31 - - [11/May/2024:08:22:09 +0800] "GET /xingrg/all/function/internal_message.html?_=1715386932953&CODE_STATE=getMsg HTTP/1.1" 200 27
116.238.97.31 - - [11/May/2024:08:22:12 +0800] "GET /xingrg/check_reg.html?_=1715386935620 HTTP/1.1" 200 22
114.95.253.235 - - [11/May/2024:08:22:19 +0800] "GET /xingrg/check_reg.html?_=1715386939278 HTTP/1.1" 200 22
116.232.195.13 - - [11/May/2024:08:22:20 +0800] "GET /xingrg/all/function/internal_message.html?_=1715386911749&CODE_STATE=getMsg HTTP/1.1" 200 27
116.232.195.13 - - [11/May/2024:08:22:40 +0800] "GET /xingrg/check_reg.html?_=1715386932361 HTTP/1.1" 200 22
116.232.195.13 - - [11/May/2024:08:22:40 +0800] "GET /xingrg/all/function/internal_message.html?_=1715386932362&CODE_STATE=getMsg HTTP/1.1" 200 27
120.253.135.82 - - [11/May/2024:08:22:44 +0800] "GET /xingrg/all/function/internal_message.html?_=1715386814693&CODE_STATE=getMsg HTTP/1.1" 200 27
116.238.97.31 - - [11/May/2024:08:22:50 +0800] "GET /xingrg/all/function/internal_message.html?_=1715386970159&CODE_STATE=getMsg HTTP/1.1" 200 27
120.253.135.82 - - [11/May/2024:08:22:52 +0800] "GET /xingrg/check_reg.html?_=1715386822548 HTTP/1.1" 200 22
116.232.195.13 - - [11/May/2024:08:23:00 +0800] "GET /xingrg/all/function/internal_message.html?_=1715386951424&CODE_STATE=getMsg HTTP/1.1" 200 27
114.95.253.235 - - [11/May/2024:08:23:03 +0800] "GET /xingrg/all/function/internal_message.html?_=1715386982959&CODE_STATE=getMsg HTTP/1.1" 200 27
114.95.253.235 - - [11/May/2024:08:23:05 +0800] "GET /xingrg/all/function/internal_message.html?_=1715386985489&CODE_STATE=getMsg HTTP/1.1" 200 27
116.238.97.31 - - [11/May/2024:08:23:09 +0800] "GET /xingrg/all/function/internal_message.html?_=1715386992975&CODE_STATE=getMsg HTTP/1.1" 200 27
116.232.195.13 - - [11/May/2024:08:23:20 +0800] "GET /xingrg/all/function/internal_message.html?_=1715386971721&CODE_STATE=getMsg HTTP/1.1" 200 27
116.232.195.13 - - [11/May/2024:08:23:40 +0800] "GET /xingrg/all/function/internal_message.html?_=1715386992364&CODE_STATE=getMsg HTTP/1.1" 200 27
120.253.135.82 - - [11/May/2024:08:23:44 +0800] "GET /xingrg/all/function/internal_message.html?_=1715386874699&CODE_STATE=getMsg HTTP/1.1" 200 27
116.238.97.31 - - [11/May/2024:08:23:50 +0800] "GET /xingrg/all/function/internal_message.html?_=1715387030162&CODE_STATE=getMsg HTTP/1.1" 200 27
222.67.233.39 - - [11/May/2024:08:23:50 +0800] "GET /xingrg/check_reg.html?_=1715387030733 HTTP/1.1" 200 22
116.232.195.13 - - [11/May/2024:08:24:00 +0800] "GET /xingrg/all/function/internal_message.html?_=1715387011424&CODE_STATE=getMsg HTTP/1.1" 200 27
114.95.253.235 - - [11/May/2024:08:24:03 +0800] "GET /xingrg/check_reg.html?_=1715387042956 HTTP/1.1" 200 22
114.95.253.235 - - [11/May/2024:08:24:03 +0800] "GET /xingrg/all/function/internal_message.html?_=1715387042959&CODE_STATE=getMsg HTTP/1.1" 200 27
114.95.253.235 - - [11/May/2024:08:24:05 +0800] "GET /xingrg/all/function/internal_message.html?_=1715387045465&CODE_STATE=getMsg HTTP/1.1" 200 27
116.238.97.31 - - [11/May/2024:08:24:09 +0800] "GET /xingrg/all/function/internal_message.html?_=1715387052971&CODE_STATE=getMsg HTTP/1.1" 200 27
116.232.195.13 - - [11/May/2024:08:24:18 +0800] "GET /xingrg/check_reg.html?_=1715387029468 HTTP/1.1" 200 22
116.232.195.13 - - [11/May/2024:08:24:20 +0800] "GET /xingrg/all/function/internal_message.html?_=1715387031715&CODE_STATE=getMsg HTTP/1.1" 200 27
116.232.195.13 - - [11/May/2024:08:24:40 +0800] "GET /xingrg/all/function/internal_message.html?_=1715387052352&CODE_STATE=getMsg HTTP/1.1" 200 27
120.253.135.82 - - [11/May/2024:08:24:44 +0800] "GET /xingrg/all/function/internal_message.html?_=1715386934713&CODE_STATE=getMsg HTTP/1.1" 200 27
116.238.97.31 - - [11/May/2024:08:24:50 +0800] "GET /xingrg/all/function/internal_message.html?_=1715387090150&CODE_STATE=getMsg HTTP/1.1" 200 27
116.232.195.13 - - [11/May/2024:08:25:00 +0800] "GET /xingrg/all/function/internal_message.html?_=1715387071408&CODE_STATE=getMsg HTTP/1.1" 200 27
114.95.253.235 - - [11/May/2024:08:25:03 +0800] "GET /xingrg/all/function/internal_message.html?_=1715387102950&CODE_STATE=getMsg HTTP/1.1" 200 27
114.95.253.235 - - [11/May/2024:08:25:05 +0800] "GET /xingrg/all/function/internal_message.html?_=1715387105445&CODE_STATE=getMsg HTTP/1.1" 200 27
116.238.97.31 - - [11/May/2024:08:25:09 +0800] "GET /xingrg/all/function/internal_message.html?_=1715387112968&CODE_STATE=getMsg HTTP/1.1" 200 27
116.232.195.13 - - [11/May/2024:08:25:20 +0800] "GET /xingrg/all/function/internal_message.html?_=1715387091700&CODE_STATE=getMsg HTTP/1.1" 200 27
116.232.195.13 - - [11/May/2024:08:25:40 +0800] "GET /xingrg/all/function/internal_message.html?_=1715387112368&CODE_STATE=getMsg HTTP/1.1" 200 27
120.253.135.82 - - [11/May/2024:08:25:44 +0800] "GET /xingrg/all/function/internal_message.html?_=1715386994994&CODE_STATE=getMsg HTTP/1.1" 200 27
116.238.97.31 - - [11/May/2024:08:25:50 +0800] "GET /xingrg/all/function/internal_message.html?_=1715387150156&CODE_STATE=getMsg HTTP/1.1" 200 27
116.238.97.31 - - [11/May/2024:08:25:54 +0800] "GET /xingrg/kc/buy/cgsh_order_add.html HTTP/1.1" 200 74628
116.238.97.31 - - [11/May/2024:08:25:54 +0800] "GET /xingrg/css/base.css HTTP/1.1" 200 2811
116.238.97.31 - - [11/May/2024:08:25:54 +0800] "GET /xingrg/javascript/jquery_tools/datebox.css HTTP/1.1" 200 2597
116.238.97.31 - - [11/May/2024:08:25:54 +0800] "GET /xingrg/css/site.css HTTP/1.1" 200 7541
116.238.97.31 - - [11/May/2024:08:25:54 +0800] "GET /xingrg/javascript/auto/jquery.autocomplete.css HTTP/1.1" 200 587
116.238.97.31 - - [11/May/2024:08:25:54 +0800] "GET /xingrg/javascript/jquery_tools/fix.css HTTP/1.1" 200 1702
116.238.97.31 - - [11/May/2024:08:25:54 +0800] "GET /xingrg/javascript/easyui/themes/icon.css HTTP/1.1" 200 4483
116.238.97.31 - - [11/May/2024:08:25:54 +0800] "GET /xingrg/javascript/easyui/themes/default/easyui.css HTTP/1.1" 200 30432
116.238.97.31 - - [11/May/2024:08:25:54 +0800] "GET /xingrg/javascript/jquery_tools/table.css HTTP/1.1" 200 1032
116.238.97.31 - - [11/May/2024:08:25:54 +0800] "GET /xingrg/javascript/jquery_tools/jquery.tools.min.js HTTP/1.1" 200 138801
116.238.97.31 - - [11/May/2024:08:25:54 +0800] "GET /xingrg/javascript/pic_change.js HTTP/1.1" 200 4739
116.238.97.31 - - [11/May/2024:08:25:54 +0800] "GET /xingrg/javascript/jquery_tools/jquery.tools.extend.js HTTP/1.1" 200 15385
116.238.97.31 - - [11/May/2024:08:25:54 +0800] "GET /xingrg/javascript/jquery_tools/jquery.tools.hotkey.js HTTP/1.1" 200 3242
116.238.97.31 - - [11/May/2024:08:25:54 +0800] "GET /xingrg/javascript/jquery_tools/jquery.tools.table.js HTTP/1.1" 200 6994
116.238.97.31 - - [11/May/2024:08:25:54 +0800] "GET /xingrg/javascript/easyui/easyloader.js HTTP/1.1" 200 5975
116.238.97.31 - - [11/May/2024:08:25:54 +0800] "GET /xingrg/javascript/auto/jquery.autocomplete.js HTTP/1.1" 200 21624
116.238.97.31 - - [11/May/2024:08:25:54 +0800] "GET /xingrg/javascript/jquery.utils.js HTTP/1.1" 200 11805
116.238.97.31 - - [11/May/2024:08:25:54 +0800] "GET /xingrg/javascript/jquery_tools/order_manager.js HTTP/1.1" 200 11183
116.238.97.31 - - [11/May/2024:08:25:54 +0800] "GET /xingrg/javascript/convert.js HTTP/1.1" 200 1239
116.238.97.31 - - [11/May/2024:08:25:54 +0800] "GET /xingrg/javascript/json2.js HTTP/1.1" 200 11259
116.238.97.31 - - [11/May/2024:08:25:54 +0800] "GET /xingrg/javascript/jquery.cookie.js HTTP/1.1" 200 5513
116.238.97.31 - - [11/May/2024:08:25:54 +0800] "GET /xingrg/javascript/print/kc_print.js HTTP/1.1" 200 11415
116.238.97.31 - - [11/May/2024:08:25:54 +0800] "GET /xingrg/javascript/print/LodopFuncs.js HTTP/1.1" 200 5121
116.238.97.31 - - [11/May/2024:08:25:54 +0800] "GET /xingrg/words/20240510121359_words.js HTTP/1.1" 200 1023734
116.238.97.31 - - [11/May/2024:08:25:54 +0800] "GET /xingrg/javascript/easyui/plugins/jquery.parser.js HTTP/1.1" 200 1142
116.238.97.31 - - [11/May/2024:08:25:54 +0800] "POST /xingrg/kc/buy/cgsh_order_operate.html HTTP/1.1" 200 8245
116.238.97.31 - - [11/May/2024:08:25:54 +0800] "GET /xingrg/javascript/easyui/themes/default/validatebox.css HTTP/1.1" 404 1104
116.238.97.31 - - [11/May/2024:08:25:54 +0800] "GET /xingrg/javascript/easyui/plugins/jquery.validatebox.js HTTP/1.1" 200 6103
116.238.97.31 - - [11/May/2024:08:25:54 +0800] "GET /xingrg/all/common/auto_word.html?type=employee&rest_code=00102 HTTP/1.1" 200 189
116.238.97.31 - - [11/May/2024:08:25:54 +0800] "GET /xingrg/javascript/easyui/plugins/jquery.numberbox.js HTTP/1.1" 200 5213
116.238.97.31 - - [11/May/2024:08:25:54 +0800] "GET /xingrg/all/common/auto_word.html?type=employee&rest_code=00102 HTTP/1.1" 200 189
116.232.195.13 - - [11/May/2024:08:26:00 +0800] "GET /xingrg/all/function/internal_message.html?_=1715387131386&CODE_STATE=getMsg HTTP/1.1" 200 27
114.95.253.235 - - [11/May/2024:08:26:03 +0800] "GET /xingrg/all/function/internal_message.html?_=1715387162959&CODE_STATE=getMsg HTTP/1.1" 200 27
114.95.253.235 - - [11/May/2024:08:26:05 +0800] "GET /xingrg/all/function/internal_message.html?_=1715387165432&CODE_STATE=getMsg HTTP/1.1" 200 27
116.238.97.31 - - [11/May/2024:08:26:07 +0800] "GET /xingrg/kc/buy/cgsh_order_operate.html?command=get_materiel&rest_code=00102&code=00101006111&supplier_code=00100096&order_time=2024-05-11 HTTP/1.1" 200 409
116.238.97.31 - - [11/May/2024:08:26:09 +0800] "GET /xingrg/all/function/internal_message.html?_=1715387172965&CODE_STATE=getMsg HTTP/1.1" 200 27
116.238.97.31 - - [11/May/2024:08:26:17 +0800] "GET /xingrg/kc/buy/cgsh_order_operate.html?command=get_materiel&rest_code=00102&code=00101016030&supplier_code=00100096&order_time=2024-05-11 HTTP/1.1" 200 412
116.232.195.13 - - [11/May/2024:08:26:20 +0800] "GET /xingrg/all/function/internal_message.html?_=1715387151692&CODE_STATE=getMsg HTTP/1.1" 200 27
116.238.97.31 - - [11/May/2024:08:26:34 +0800] "GET /xingrg/kc/buy/cgsh_order_operate.html?command=get_materiel&rest_code=00102&code=00101007022&supplier_code=00100096&order_time=2024-05-11 HTTP/1.1" 200 415
116.232.195.13 - - [11/May/2024:08:26:40 +0800] "GET /xingrg/all/function/internal_message.html?_=1715387172355&CODE_STATE=getMsg HTTP/1.1" 200 27
120.253.135.82 - - [11/May/2024:08:26:44 +0800] "GET /xingrg/all/function/internal_message.html?_=1715387055004&CODE_STATE=getMsg HTTP/1.1" 200 27
116.238.97.31 - - [11/May/2024:08:26:50 +0800] "GET /xingrg/all/function/internal_message.html?_=1715387210145&CODE_STATE=getMsg HTTP/1.1" 200 27
116.238.97.31 - - [11/May/2024:08:26:50 +0800] "GET /xingrg/check_reg.html?_=1715387210146 HTTP/1.1" 200 22
116.238.97.31 - - [11/May/2024:08:26:54 +0800] "POST /xingrg/kc/buy/cgsh_order_operate.html HTTP/1.1" 200 37
116.232.195.13 - - [11/May/2024:08:26:59 +0800] "GET /xingrg/all/function/internal_message.html?_=1715387191364&CODE_STATE=getMsg HTTP/1.1" 200 27
116.238.97.31 - - [11/May/2024:08:27:00 +0800] "POST /xingrg/kc/buy/cgsh_order_operate.html HTTP/1.1" 200 12
116.232.195.13 - - [11/May/2024:08:27:02 +0800] "GET /xingrg/check_reg.html?_=1715387193880 HTTP/1.1" 200 22
116.238.97.31 - - [11/May/2024:08:27:02 +0800] "GET /xingrg/kc/buy/cgsh_order_info.html?code=212024051102838 HTTP/1.1" 200 69487
116.238.97.31 - - [11/May/2024:08:27:02 +0800] "GET /xingrg/javascript/easyui/themes/default/validatebox.css HTTP/1.1" 404 1104
114.95.253.235 - - [11/May/2024:08:27:03 +0800] "GET /xingrg/all/function/internal_message.html?_=1715387222952&CODE_STATE=getMsg HTTP/1.1" 200 27
116.238.97.31 - - [11/May/2024:08:27:03 +0800] "POST /xingrg/kc/buy/cgsh_order_operate.html HTTP/1.1" 200 1789
116.238.97.31 - - [11/May/2024:08:27:05 +0800] "GET /xingrg/kc/print/load_config.html?kc_code=cgsh HTTP/1.1" 200 1927
114.95.253.235 - - [11/May/2024:08:27:05 +0800] "GET /xingrg/all/function/internal_message.html?_=1715387225416&CODE_STATE=getMsg HTTP/1.1" 200 27
116.238.97.31 - - [11/May/2024:08:27:05 +0800] "GET /xingrg/kc/print/load_data.html?order_code=212024051102838&kc_code=cgsh&condition= HTTP/1.1" 200 1113
116.238.97.31 - - [11/May/2024:08:27:09 +0800] "GET /xingrg/all/function/internal_message.html?_=1715387232962&CODE_STATE=getMsg HTTP/1.1" 200 27
116.238.97.31 - - [11/May/2024:08:27:12 +0800] "GET /xingrg/check_reg.html?_=1715387235630 HTTP/1.1" 200 22
116.238.97.31 - - [11/May/2024:08:27:14 +0800] "GET /xingrg/kc/buy/cgsh_order_add.html HTTP/1.1" 200 74628
116.238.97.31 - - [11/May/2024:08:27:14 +0800] "GET /xingrg/javascript/easyui/themes/default/validatebox.css HTTP/1.1" 404 1104
116.238.97.31 - - [11/May/2024:08:27:14 +0800] "POST /xingrg/kc/buy/cgsh_order_operate.html HTTP/1.1" 200 8245
114.95.253.235 - - [11/May/2024:08:27:19 +0800] "GET /xingrg/check_reg.html?_=1715387239269 HTTP/1.1" 200 22
116.232.195.13 - - [11/May/2024:08:27:20 +0800] "GET /xingrg/all/function/internal_message.html?_=1715387211663&CODE_STATE=getMsg HTTP/1.1" 200 27
116.238.97.31 - - [11/May/2024:08:27:26 +0800] "GET /xingrg/kc/buy/cgsh_order_operate.html?command=get_materiel&rest_code=00102&code=00101011005&supplier_code=00100047&order_time=2024-05-11 HTTP/1.1" 200 429
116.232.195.13 - - [11/May/2024:08:27:40 +0800] "GET /xingrg/all/function/internal_message.html?_=1715387232358&CODE_STATE=getMsg HTTP/1.1" 200 27
116.232.195.13 - - [11/May/2024:08:27:40 +0800] "GET /xingrg/check_reg.html?_=1715387232359 HTTP/1.1" 200 22
120.253.135.82 - - [11/May/2024:08:27:43 +0800] "POST /xingrg/kc/pszx/mdps_list_operate.html HTTP/1.1" 200 2058
120.253.135.82 - - [11/May/2024:08:27:44 +0800] "GET /xingrg/all/function/internal_message.html?_=1715387115019&CODE_STATE=getMsg HTTP/1.1" 200 27
120.253.135.82 - - [11/May/2024:08:27:47 +0800] "POST /xingrg/kc/pszx/mdps_list_operate.html HTTP/1.1" 200 538
120.253.135.82 - - [11/May/2024:08:27:49 +0800] "GET /xingrg/kc/pszx/mdps_order_info.html?code=312024050900193 HTTP/1.1" 200 23976
120.253.135.82 - - [11/May/2024:08:27:49 +0800] "GET /xingrg/javascript/easyui/themes/default/validatebox.css HTTP/1.1" 404 1104
116.238.97.31 - - [11/May/2024:08:27:50 +0800] "GET /xingrg/all/function/internal_message.html?_=1715387270150&CODE_STATE=getMsg HTTP/1.1" 200 27
120.253.135.82 - - [11/May/2024:08:27:50 +0800] "POST /xingrg/kc/pszx/mdps_order_operate.html HTTP/1.1" 200 4308
120.253.135.82 - - [11/May/2024:08:27:52 +0800] "GET /xingrg/check_reg.html?_=1715387122555 HTTP/1.1" 200 22
101.83.240.18 - - [11/May/2024:08:27:52 +0800] "POST /xingrg/services/DataTransmitService HTTP/1.1" 200 524
120.253.135.82 - - [11/May/2024:08:27:59 +0800] "POST /xingrg/kc/pszx/mdps_order_operate.html HTTP/1.1" 200 37
116.232.195.13 - - [11/May/2024:08:27:59 +0800] "GET /xingrg/all/function/internal_message.html?_=1715387251339&CODE_STATE=getMsg HTTP/1.1" 200 27
114.95.253.235 - - [11/May/2024:08:28:03 +0800] "GET /xingrg/all/function/internal_message.html?_=1715387282944&CODE_STATE=getMsg HTTP/1.1" 200 27
120.253.135.82 - - [11/May/2024:08:28:04 +0800] "POST /xingrg/kc/pszx/mdps_order_operate.html HTTP/1.1" 200 12
114.95.253.235 - - [11/May/2024:08:28:05 +0800] "GET /xingrg/all/function/internal_message.html?_=1715387285399&CODE_STATE=getMsg HTTP/1.1" 200 27
120.253.135.82 - - [11/May/2024:08:28:07 +0800] "GET /xingrg/kc/pszx/mdps_order_info.html?code=312024050900193 HTTP/1.1" 200 19636
120.253.135.82 - - [11/May/2024:08:28:08 +0800] "GET /xingrg/javascript/easyui/themes/default/validatebox.css HTTP/1.1" 404 1104
120.253.135.82 - - [11/May/2024:08:28:08 +0800] "POST /xingrg/kc/pszx/mdps_order_operate.html HTTP/1.1" 200 2511
116.238.97.31 - - [11/May/2024:08:28:09 +0800] "GET /xingrg/all/function/internal_message.html?_=1715387292961&CODE_STATE=getMsg HTTP/1.1" 200 27
120.253.135.82 - - [11/May/2024:08:28:13 +0800] "POST /xingrg/kc/pszx/mdps_list_operate.html HTTP/1.1" 200 625
120.253.135.82 - - [11/May/2024:08:28:14 +0800] "GET /xingrg/kc/pszx/mdps_order_info.html?code=312024050900194 HTTP/1.1" 200 23976
120.253.135.82 - - [11/May/2024:08:28:15 +0800] "GET /xingrg/javascript/easyui/themes/default/validatebox.css HTTP/1.1" 404 1104
120.253.135.82 - - [11/May/2024:08:28:15 +0800] "POST /xingrg/kc/pszx/mdps_order_operate.html HTTP/1.1" 200 12450
116.232.195.13 - - [11/May/2024:08:28:20 +0800] "GET /xingrg/all/function/internal_message.html?_=1715387271636&CODE_STATE=getMsg HTTP/1.1" 200 27
120.253.135.82 - - [11/May/2024:08:28:20 +0800] "POST /xingrg/kc/pszx/mdps_order_operate.html HTTP/1.1" 200 37
120.253.135.82 - - [11/May/2024:08:28:25 +0800] "POST /xingrg/kc/pszx/mdps_order_operate.html HTTP/1.1" 200 12
120.253.135.82 - - [11/May/2024:08:28:35 +0800] "GET /xingrg/kc/pszx/mdps_order_info.html?code=312024050900194 HTTP/1.1" 200 19636
120.253.135.82 - - [11/May/2024:08:28:36 +0800] "GET /xingrg/javascript/easyui/themes/default/validatebox.css HTTP/1.1" 404 1104
120.253.135.82 - - [11/May/2024:08:28:36 +0800] "POST /xingrg/kc/pszx/mdps_order_operate.html HTTP/1.1" 200 10589
120.253.135.82 - - [11/May/2024:08:28:39 +0800] "POST /xingrg/kc/pszx/mdps_list_operate.html HTTP/1.1" 200 868
116.232.195.13 - - [11/May/2024:08:28:40 +0800] "GET /xingrg/all/function/internal_message.html?_=1715387292366&CODE_STATE=getMsg HTTP/1.1" 200 27
120.253.135.82 - - [11/May/2024:08:28:44 +0800] "GET /xingrg/all/function/internal_message.html?_=1715387175032&CODE_STATE=getMsg HTTP/1.1" 200 27
116.238.97.31 - - [11/May/2024:08:28:50 +0800] "GET /xingrg/all/function/internal_message.html?_=1715387330149&CODE_STATE=getMsg HTTP/1.1" 200 27
222.67.233.39 - - [11/May/2024:08:28:50 +0800] "GET /xingrg/check_reg.html?_=1715387330714 HTTP/1.1" 200 22
116.232.195.13 - - [11/May/2024:08:28:59 +0800] "GET /xingrg/all/function/internal_message.html?_=1715387311336&CODE_STATE=getMsg HTTP/1.1" 200 27
114.95.253.235 - - [11/May/2024:08:29:03 +0800] "GET /xingrg/all/function/internal_message.html?_=1715387342958&CODE_STATE=getMsg HTTP/1.1" 200 27
114.95.253.235 - - [11/May/2024:08:29:03 +0800] "GET /xingrg/check_reg.html?_=1715387342961 HTTP/1.1" 200 22
114.95.253.235 - - [11/May/2024:08:29:05 +0800] "GET /xingrg/all/function/internal_message.html?_=1715387345383&CODE_STATE=getMsg HTTP/1.1" 200 27
116.238.97.31 - - [11/May/2024:08:29:09 +0800] "GET /xingrg/all/function/internal_message.html?_=1715387352957&CODE_STATE=getMsg HTTP/1.1" 200 27
116.232.195.13 - - [11/May/2024:08:29:18 +0800] "GET /xingrg/check_reg.html?_=1715387329458 HTTP/1.1" 200 22
116.232.195.13 - - [11/May/2024:08:29:20 +0800] "GET /xingrg/all/function/internal_message.html?_=1715387331626&CODE_STATE=getMsg HTTP/1.1" 200 27
120.253.135.82 - - [11/May/2024:08:29:25 +0800] "GET /xingrg/kc/pszx/mdqp_order_list.html?state=10 HTTP/1.1" 200 10903
120.253.135.82 - - [11/May/2024:08:29:25 +0800] "GET /xingrg/dwr/interface/AjaxQqpsService.js HTTP/1.1" 200 16326
120.253.135.82 - - [11/May/2024:08:29:25 +0800] "GET /xingrg/dwr/interface/AjaxReportQueryService.js HTTP/1.1" 200 13203
120.253.135.82 - - [11/May/2024:08:29:25 +0800] "GET /xingrg/dwr/engine.js HTTP/1.1" 200 43631
120.253.135.82 - - [11/May/2024:08:29:28 +0800] "GET /xingrg/kc/pszx/mdqp_order_info.html?code=302024051100150 HTTP/1.1" 200 13350
120.253.135.82 - - [11/May/2024:08:29:28 +0800] "GET /xingrg/dwr/interface/AjaxComOrderService.js HTTP/1.1" 200 18264
120.253.135.82 - - [11/May/2024:08:29:28 +0800] "GET /xingrg/dwr/interface/AjaxQqpsService.js HTTP/1.1" 200 16326
120.253.135.82 - - [11/May/2024:08:29:28 +0800] "GET /xingrg/dwr/engine.js HTTP/1.1" 200 43631
120.253.135.82 - - [11/May/2024:08:29:29 +0800] "POST /xingrg/dwr/call/plaincall/AjaxQqpsService.loadMaterielItems.dwr HTTP/1.1" 200 324
116.232.195.13 - - [11/May/2024:08:29:40 +0800] "GET /xingrg/all/function/internal_message.html?_=1715387352354&CODE_STATE=getMsg HTTP/1.1" 200 27
120.253.135.82 - - [11/May/2024:08:29:44 +0800] "GET /xingrg/all/function/internal_message.html?_=1715387235046&CODE_STATE=getMsg HTTP/1.1" 200 27
116.238.97.31 - - [11/May/2024:08:29:50 +0800] "GET /xingrg/all/function/internal_message.html?_=1715387390154&CODE_STATE=getMsg HTTP/1.1" 200 27
116.232.195.13 - - [11/May/2024:08:29:59 +0800] "GET /xingrg/all/function/internal_message.html?_=1715387371324&CODE_STATE=getMsg HTTP/1.1" 200 27
114.95.253.235 - - [11/May/2024:08:30:03 +0800] "GET /xingrg/all/function/internal_message.html?_=1715387402952&CODE_STATE=getMsg HTTP/1.1" 200 27
114.95.253.235 - - [11/May/2024:08:30:05 +0800] "GET /xingrg/all/function/internal_message.html?_=1715387405356&CODE_STATE=getMsg HTTP/1.1" 200 27
116.238.97.31 - - [11/May/2024:08:30:09 +0800] "GET /xingrg/all/function/internal_message.html?_=1715387412954&CODE_STATE=getMsg HTTP/1.1" 200 27
101.83.144.49 - - [11/May/2024:08:30:14 +0800] "GET /xingrg/index.html?sysBaseUrl=http%3A%2F%2F180.169.147.146%3A18081%2Fxingrg%2F&costTime=36×tamp=1585223203754 HTTP/1.1" 302 -
101.83.144.49 - - [11/May/2024:08:30:14 +0800] "GET /favicon.ico HTTP/1.1" 404 -
101.83.144.49 - - [11/May/2024:08:30:14 +0800] "GET /xingrg/login.html HTTP/1.1" 200 7641
101.83.144.49 - - [11/May/2024:08:30:14 +0800] "GET /favicon.ico HTTP/1.1" 404 -
116.232.195.13 - - [11/May/2024:08:30:20 +0800] "GET /xingrg/all/function/internal_message.html?_=1715387391608&CODE_STATE=getMsg HTTP/1.1" 200 27
101.83.144.49 - - [11/May/2024:08:30:24 +0800] "POST /xingrg/login.do HTTP/1.1" 200 2421
101.83.144.49 - - [11/May/2024:08:30:24 +0800] "GET /xingrg/css/blue.css HTTP/1.1" 304 -
101.83.144.49 - - [11/May/2024:08:30:24 +0800] "GET /xingrg/images/blue/pic_top.gif HTTP/1.1" 304 -
101.83.144.49 - - [11/May/2024:08:30:24 +0800] "GET /xingrg/javascript/myfunction.js HTTP/1.1" 304 -
101.83.144.49 - - [11/May/2024:08:30:24 +0800] "GET /xingrg/images/blue/pic_notice.jpg HTTP/1.1" 304 -
101.83.144.49 - - [11/May/2024:08:30:24 +0800] "GET /xingrg/images/blue/error_buttom.gif HTTP/1.1" 304 -
101.83.144.49 - - [11/May/2024:08:30:24 +0800] "GET /xingrg/images/blue/error_mid.gif HTTP/1.1" 304 -
101.83.144.49 - - [11/May/2024:08:30:24 +0800] "GET /xingrg/images/blue/error_top.gif HTTP/1.1" 304 -
101.83.144.49 - - [11/May/2024:08:30:24 +0800] "GET /favicon.ico HTTP/1.1" 404 -
101.83.144.49 - - [11/May/2024:08:30:25 +0800] "GET /xingrg/login.html HTTP/1.1" 200 7641
101.83.144.49 - - [11/May/2024:08:30:25 +0800] "GET /favicon.ico HTTP/1.1" 404 -
101.83.144.49 - - [11/May/2024:08:30:26 +0800] "POST /xingrg/login.do HTTP/1.1" 302 -
101.83.144.49 - - [11/May/2024:08:30:26 +0800] "GET /xingrg/index.html?sysBaseUrl=http%3A%2F%2F180.169.147.146%3A18081%2Fxingrg%2F&costTime=830×tamp=1715387426907 HTTP/1.1" 200 17173
101.83.144.49 - - [11/May/2024:08:30:27 +0800] "GET /favicon.ico HTTP/1.1" 404 -
101.83.144.49 - - [11/May/2024:08:30:27 +0800] "GET /xingrg/check_reg.html?_=1715387428737 HTTP/1.1" 200 22
101.83.144.49 - - [11/May/2024:08:30:27 +0800] "GET /xingrg/all/function/internal_message.html?_=1715387428736&CODE_STATE=count HTTP/1.1" 200 11
101.83.144.49 - - [11/May/2024:08:30:27 +0800] "POST /xingrg/all/common/load_tree.html?tree=area_rest_tree_json&manage=1 HTTP/1.1" 200 4010
101.83.144.49 - - [11/May/2024:08:30:27 +0800] "POST /xingrg/load_menu.html HTTP/1.1" 200 5138
101.83.144.49 - - [11/May/2024:08:30:30 +0800] "GET /xingrg/javascript/jquery_easy_ui/themes/default/images/button_plain_hover.png HTTP/1.1" 304 -
101.83.144.49 - - [11/May/2024:08:30:33 +0800] "GET /xingrg/javascript/jquery_easy_ui/themes/icons/rest.png HTTP/1.1" 304 -
101.83.144.49 - - [11/May/2024:08:30:33 +0800] "GET /xingrg/javascript/jquery_easy_ui/themes/icons/manage.png HTTP/1.1" 304 -
101.83.144.49 - - [11/May/2024:08:30:33 +0800] "GET /xingrg/javascript/jquery_easy_ui/themes/icons/area.png HTTP/1.1" 304 -
101.83.144.49 - - [11/May/2024:08:30:35 +0800] "GET /xingrg/kc/buy/cgsh_order_list.html HTTP/1.1" 200 58780
101.83.144.49 - - [11/May/2024:08:30:38 +0800] "POST /xingrg/kc/buy/cgsh_list_operate.html HTTP/1.1" 200 645
101.83.144.49 - - [11/May/2024:08:30:38 +0800] "GET /xingrg/javascript/easyui/themes/default/images/button_plain_hover.png HTTP/1.1" 304 -
101.83.144.49 - - [11/May/2024:08:30:39 +0800] "GET /xingrg/kc/buy/cgsh_order_add.html HTTP/1.1" 200 74675
101.83.144.49 - - [11/May/2024:08:30:39 +0800] "GET /xingrg/javascript/pic_change.js HTTP/1.1" 304 -
101.83.144.49 - - [11/May/2024:08:30:39 +0800] "GET /xingrg/javascript/jquery_tools/order_manager.js HTTP/1.1" 304 -
101.83.144.49 - - [11/May/2024:08:30:39 +0800] "GET /xingrg/javascript/convert.js HTTP/1.1" 304 -
101.83.144.49 - - [11/May/2024:08:30:39 +0800] "GET /xingrg/javascript/print/kc_print.js HTTP/1.1" 304 -
101.83.144.49 - - [11/May/2024:08:30:39 +0800] "GET /xingrg/javascript/json2.js HTTP/1.1" 304 -
101.83.144.49 - - [11/May/2024:08:30:39 +0800] "GET /xingrg/words/20240510121359_words.js HTTP/1.1" 200 1023734
101.83.144.49 - - [11/May/2024:08:30:39 +0800] "GET /xingrg/javascript/easyui/themes/icons/copy_new.png HTTP/1.1" 304 -
101.83.144.49 - - [11/May/2024:08:30:39 +0800] "GET /xingrg/javascript/easyui/themes/icons/ok.png HTTP/1.1" 304 -
101.83.144.49 - - [11/May/2024:08:30:39 +0800] "GET /xingrg/javascript/easyui/themes/icons/template_new.png HTTP/1.1" 304 -
101.83.144.49 - - [11/May/2024:08:30:40 +0800] "GET /xingrg/javascript/easyui/themes/icons/print.png HTTP/1.1" 304 -
101.83.144.49 - - [11/May/2024:08:30:40 +0800] "GET /xingrg/javascript/easyui/themes/default/images/menu_downarrow.png HTTP/1.1" 304 -
101.83.144.49 - - [11/May/2024:08:30:40 +0800] "GET /xingrg/javascript/easyui/themes/icons/cancel.png HTTP/1.1" 304 -
101.83.144.49 - - [11/May/2024:08:30:40 +0800] "POST /xingrg/kc/buy/cgsh_order_operate.html HTTP/1.1" 200 8245
101.83.144.49 - - [11/May/2024:08:30:40 +0800] "GET /xingrg/javascript/easyui/plugins/jquery.validatebox.js HTTP/1.1" 304 -
101.83.144.49 - - [11/May/2024:08:30:40 +0800] "GET /xingrg/javascript/easyui/themes/default/validatebox.css HTTP/1.1" 404 1104
101.83.144.49 - - [11/May/2024:08:30:40 +0800] "GET /xingrg/all/common/auto_word.html?type=employee&rest_code=00105 HTTP/1.1" 200 193
101.83.144.49 - - [11/May/2024:08:30:40 +0800] "GET /xingrg/javascript/easyui/themes/icons/edit_remove.png HTTP/1.1" 304 -
101.83.144.49 - - [11/May/2024:08:30:40 +0800] "GET /xingrg/javascript/easyui/plugins/jquery.numberbox.js HTTP/1.1" 304 -
101.83.144.49 - - [11/May/2024:08:30:40 +0800] "GET /xingrg/all/common/auto_word.html?type=employee&rest_code=00105 HTTP/1.1" 200 193
116.232.195.13 - - [11/May/2024:08:30:41 +0800] "GET /xingrg/all/function/internal_message.html?_=1715387412365&CODE_STATE=getMsg HTTP/1.1" 200 27
101.83.144.49 - - [11/May/2024:08:30:41 +0800] "GET /xingrg/javascript/auto/indicator.gif HTTP/1.1" 404 1066
120.253.135.82 - - [11/May/2024:08:30:44 +0800] "GET /xingrg/all/function/internal_message.html?_=1715387295060&CODE_STATE=getMsg HTTP/1.1" 200 27
120.253.135.82 - - [11/May/2024:08:30:46 +0800] "GET /xingrg/images/yd/bt.gif HTTP/1.1" 404 1040
120.253.135.82 - - [11/May/2024:08:30:46 +0800] "GET /xingrg/images/yd/bt2.gif HTTP/1.1" 404 1042
120.253.135.82 - - [11/May/2024:08:30:47 +0800] "GET /xingrg/kc/pszx/mdqp_order_list.html?isBack=1 HTTP/1.1" 302 -
120.253.135.82 - - [11/May/2024:08:30:48 +0800] "GET /xingrg/kc/pszx/mdqp_order_list.html?state=10 HTTP/1.1" 200 10903
120.253.135.82 - - [11/May/2024:08:30:48 +0800] "GET /xingrg/dwr/engine.js HTTP/1.1" 200 43631
120.253.135.82 - - [11/May/2024:08:30:48 +0800] "GET /xingrg/dwr/interface/AjaxReportQueryService.js HTTP/1.1" 200 13203
120.253.135.82 - - [11/May/2024:08:30:48 +0800] "GET /xingrg/dwr/interface/AjaxQqpsService.js HTTP/1.1" 200 16326
116.238.97.31 - - [11/May/2024:08:30:50 +0800] "GET /xingrg/all/function/internal_message.html?_=1715387450150&CODE_STATE=getMsg HTTP/1.1" 200 27
120.253.135.82 - - [11/May/2024:08:30:53 +0800] "GET /xingrg/kc/pszx/jzcl_ps.html HTTP/1.1" 200 7683
120.253.135.82 - - [11/May/2024:08:30:53 +0800] "POST /xingrg/all/common/load_tree.html?tree=area_rest_tree_json HTTP/1.1" 200 4010
120.253.135.82 - - [11/May/2024:08:30:54 +0800] "POST /xingrg/kc/pszx/jzcl_ps_operate.html HTTP/1.1" 200 409
120.253.135.82 - - [11/May/2024:08:30:54 +0800] "POST /xingrg/kc/pszx/jzcl_ps_operate.html HTTP/1.1" 200 409
120.253.135.82 - - [11/May/2024:08:30:57 +0800] "GET /xingrg/kc/pszx/mdqp_order_info.html?type=look&code=302024051100150 HTTP/1.1" 200 13046
120.253.135.82 - - [11/May/2024:08:30:57 +0800] "GET /xingrg/dwr/engine.js HTTP/1.1" 200 43631
120.253.135.82 - - [11/May/2024:08:30:58 +0800] "POST /xingrg/dwr/call/plaincall/AjaxQqpsService.loadMaterielItems.dwr HTTP/1.1" 200 324
120.253.135.82 - - [11/May/2024:08:30:58 +0800] "GET /xingrg/images/yd/bt2.gif HTTP/1.1" 404 1042
120.253.135.82 - - [11/May/2024:08:30:58 +0800] "GET /xingrg/images/yd/bt.gif HTTP/1.1" 404 1040
120.253.135.82 - - [11/May/2024:08:30:58 +0800] "GET /favicon.ico HTTP/1.1" 404 -
116.232.195.13 - - [11/May/2024:08:30:59 +0800] "GET /xingrg/all/function/internal_message.html?_=1715387431304&CODE_STATE=getMsg HTTP/1.1" 200 27
101.83.144.49 - - [11/May/2024:08:31:00 +0800] "GET /xingrg/kc/buy/cgsh_order_operate.html?command=get_materiel&rest_code=00105&code=00101008136&supplier_code=00100008&order_time=2024-05-11 HTTP/1.1" 200 413
114.95.253.235 - - [11/May/2024:08:31:03 +0800] "GET /xingrg/all/function/internal_message.html?_=1715387462964&CODE_STATE=getMsg HTTP/1.1" 200 27
114.95.253.235 - - [11/May/2024:08:31:05 +0800] "GET /xingrg/all/function/internal_message.html?_=1715387465334&CODE_STATE=getMsg HTTP/1.1" 200 27
120.253.135.82 - - [11/May/2024:08:31:05 +0800] "POST /xingrg/kc/pszx/jzcl_ps_operate.html HTTP/1.1" 200 4
116.238.97.31 - - [11/May/2024:08:31:09 +0800] "GET /xingrg/all/function/internal_message.html?_=1715387472951&CODE_STATE=getMsg HTTP/1.1" 200 27
120.253.135.82 - - [11/May/2024:08:31:09 +0800] "POST /xingrg/kc/pszx/jzcl_ps_operate.html HTTP/1.1" 200 21
120.253.135.82 - - [11/May/2024:08:31:09 +0800] "GET /xingrg/kc/pszx/mdps_order_list.html HTTP/1.1" 200 21313
120.253.135.82 - - [11/May/2024:08:31:10 +0800] "POST /xingrg/kc/pszx/mdps_list_operate.html HTTP/1.1" 200 5299
120.253.135.82 - - [11/May/2024:08:31:19 +0800] "POST /xingrg/kc/pszx/mdps_list_operate.html HTTP/1.1" 200 2430
116.232.195.13 - - [11/May/2024:08:31:20 +0800] "GET /xingrg/all/function/internal_message.html?_=1715387451594&CODE_STATE=getMsg HTTP/1.1" 200 27
120.253.135.82 - - [11/May/2024:08:31:21 +0800] "POST /xingrg/kc/pszx/mdps_list_operate.html HTTP/1.1" 200 198
120.253.135.82 - - [11/May/2024:08:31:22 +0800] "POST /xingrg/kc/pszx/mdps_list_operate.html HTTP/1.1" 200 309
120.253.135.82 - - [11/May/2024:08:31:25 +0800] "POST /xingrg/kc/pszx/mdps_list_operate.html HTTP/1.1" 200 212
101.83.144.49 - - [11/May/2024:08:31:27 +0800] "GET /xingrg/all/function/internal_message.html?_=1715387488752&CODE_STATE=getMsg HTTP/1.1" 200 27
101.83.144.49 - - [11/May/2024:08:31:32 +0800] "GET /xingrg/kc/buy/cgsh_order_operate.html?command=get_materiel&rest_code=00105&code=00101008125&supplier_code=00100008&order_time=2024-05-11 HTTP/1.1" 200 413
120.253.135.82 - - [11/May/2024:08:31:38 +0800] "GET /xingrg/kc/pszx/mdqp_order_list.html?state=10 HTTP/1.1" 200 10459
120.253.135.82 - - [11/May/2024:08:31:39 +0800] "GET /xingrg/dwr/interface/AjaxQqpsService.js HTTP/1.1" 200 16326
120.253.135.82 - - [11/May/2024:08:31:39 +0800] "GET /xingrg/dwr/engine.js HTTP/1.1" 200 43631
120.253.135.82 - - [11/May/2024:08:31:39 +0800] "GET /xingrg/dwr/interface/AjaxReportQueryService.js HTTP/1.1" 200 13203
116.232.195.13 - - [11/May/2024:08:31:40 +0800] "GET /xingrg/all/function/internal_message.html?_=1715387472356&CODE_STATE=getMsg HTTP/1.1" 200 27
120.253.135.82 - - [11/May/2024:08:31:43 +0800] "GET /xingrg/kc/pszx/mdqp_order_list.html?state=10 HTTP/1.1" 200 10459
120.253.135.82 - - [11/May/2024:08:31:43 +0800] "GET /xingrg/dwr/interface/AjaxReportQueryService.js HTTP/1.1" 200 13203
120.253.135.82 - - [11/May/2024:08:31:43 +0800] "GET /xingrg/dwr/interface/AjaxQqpsService.js HTTP/1.1" 200 16326
120.253.135.82 - - [11/May/2024:08:31:43 +0800] "GET /xingrg/dwr/engine.js HTTP/1.1" 200 43631
120.253.135.82 - - [11/May/2024:08:31:44 +0800] "GET /xingrg/all/function/internal_message.html?_=1715387355073&CODE_STATE=getMsg HTTP/1.1" 200 27
120.253.135.82 - - [11/May/2024:08:31:45 +0800] "GET /xingrg/kc/pszx/mdth_order_list.html HTTP/1.1" 200 18737
120.253.135.82 - - [11/May/2024:08:31:45 +0800] "POST /xingrg/kc/pszx/mdth_order_new_list.html HTTP/1.1" 200 4743
116.238.97.31 - - [11/May/2024:08:31:50 +0800] "GET /xingrg/check_reg.html?_=1715387510150 HTTP/1.1" 200 22
116.238.97.31 - - [11/May/2024:08:31:50 +0800] "GET /xingrg/all/function/internal_message.html?_=1715387510156&CODE_STATE=getMsg HTTP/1.1" 200 27
120.253.135.82 - - [11/May/2024:08:31:50 +0800] "GET /xingrg/kc/pszx/mdqp_order_list.html?state=10 HTTP/1.1" 200 10459
120.253.135.82 - - [11/May/2024:08:31:50 +0800] "GET /xingrg/dwr/interface/AjaxReportQueryService.js HTTP/1.1" 200 13203
120.253.135.82 - - [11/May/2024:08:31:50 +0800] "GET /xingrg/dwr/interface/AjaxQqpsService.js HTTP/1.1" 200 16326
120.253.135.82 - - [11/May/2024:08:31:50 +0800] "GET /xingrg/dwr/engine.js HTTP/1.1" 200 43631
120.253.135.82 - - [11/May/2024:08:31:52 +0800] "GET /xingrg/kc/pszx/mdqp_order_list.html?state=10 HTTP/1.1" 200 10459
120.253.135.82 - - [11/May/2024:08:31:52 +0800] "GET /xingrg/dwr/interface/AjaxQqpsService.js HTTP/1.1" 200 16326
120.253.135.82 - - [11/May/2024:08:31:52 +0800] "GET /xingrg/dwr/interface/AjaxReportQueryService.js HTTP/1.1" 200 13203
120.253.135.82 - - [11/May/2024:08:31:52 +0800] "GET /xingrg/dwr/engine.js HTTP/1.1" 200 43631
120.253.135.82 - - [11/May/2024:08:31:55 +0800] "GET /xingrg/kc/report/report_main.html HTTP/1.1" 200 8599
101.83.144.49 - - [11/May/2024:08:31:56 +0800] "GET /xingrg/kc/buy/cgsh_order_operate.html?command=get_materiel&rest_code=00105&code=00101008096&supplier_code=00100008&order_time=2024-05-11 HTTP/1.1" 200 412
120.253.135.82 - - [11/May/2024:08:31:57 +0800] "GET /xingrg/kc/base/kc_stocks.html HTTP/1.1" 200 16712
120.253.135.82 - - [11/May/2024:08:31:57 +0800] "GET /xingrg/javascript/easyui/themes/default/tree.css HTTP/1.1" 404 1090
120.253.135.82 - - [11/May/2024:08:31:57 +0800] "POST /xingrg/all/common/load_tree.html?tree=materiel_sort_tree_json HTTP/1.1" 200 9734
120.253.135.82 - - [11/May/2024:08:31:58 +0800] "POST /xingrg/all/common/load_combo.html?type=base HTTP/1.1" 200 1169
116.232.195.13 - - [11/May/2024:08:31:59 +0800] "GET /xingrg/all/function/internal_message.html?_=1715387491282&CODE_STATE=getMsg HTTP/1.1" 200 27
116.232.195.13 - - [11/May/2024:08:32:02 +0800] "GET /xingrg/check_reg.html?_=1715387493865 HTTP/1.1" 200 22
114.95.253.235 - - [11/May/2024:08:32:03 +0800] "GET /xingrg/all/function/internal_message.html?_=1715387522960&CODE_STATE=getMsg HTTP/1.1" 200 27
114.95.253.235 - - [11/May/2024:08:32:05 +0800] "GET /xingrg/all/function/internal_message.html?_=1715387525317&CODE_STATE=getMsg HTTP/1.1" 200 27
120.253.135.82 - - [11/May/2024:08:32:08 +0800] "POST /xingrg/kc/base/stock_operate.html HTTP/1.1" 200 1476
116.238.97.31 - - [11/May/2024:08:32:09 +0800] "GET /xingrg/all/function/internal_message.html?_=1715387532948&CODE_STATE=getMsg HTTP/1.1" 200 27
101.83.144.49 - - [11/May/2024:08:32:10 +0800] "GET /xingrg/kc/buy/cgsh_order_operate.html?command=get_materiel&rest_code=00105&code=00101008264&supplier_code=00100008&order_time=2024-05-11 HTTP/1.1" 200 427
116.238.97.31 - - [11/May/2024:08:32:12 +0800] "GET /xingrg/check_reg.html?_=1715387535615 HTTP/1.1" 200 22
101.83.144.49 - - [11/May/2024:08:32:17 +0800] "GET /xingrg/kc/buy/cgsh_order_operate.html?command=get_materiel&rest_code=00105&code=00101008271&supplier_code=00100008&order_time=2024-05-11 HTTP/1.1" 200 408
114.95.253.235 - - [11/May/2024:08:32:19 +0800] "GET /xingrg/check_reg.html?_=1715387539250 HTTP/1.1" 200 22
116.232.195.13 - - [11/May/2024:08:32:20 +0800] "GET /xingrg/all/function/internal_message.html?_=1715387511580&CODE_STATE=getMsg HTTP/1.1" 200 27
120.253.135.82 - - [11/May/2024:08:32:20 +0800] "POST /xingrg/kc/base/stock_operate.html HTTP/1.1" 200 1508
101.83.144.49 - - [11/May/2024:08:32:27 +0800] "GET /xingrg/all/function/internal_message.html?_=1715387548761&CODE_STATE=getMsg HTTP/1.1" 200 27
101.83.144.49 - - [11/May/2024:08:32:29 +0800] "GET /xingrg/kc/buy/cgsh_order_operate.html?command=get_materiel&rest_code=00105&code=00101008353&supplier_code=00100008&order_time=2024-05-11 HTTP/1.1" 200 423
120.253.135.82 - - [11/May/2024:08:32:30 +0800] "GET /xingrg/kc/pszx/mdqp_order_list.html?state=10 HTTP/1.1" 200 10459
120.253.135.82 - - [11/May/2024:08:32:30 +0800] "GET /xingrg/dwr/interface/AjaxQqpsService.js HTTP/1.1" 200 16326
120.253.135.82 - - [11/May/2024:08:32:30 +0800] "GET /xingrg/dwr/interface/AjaxReportQueryService.js HTTP/1.1" 200 13203
120.253.135.82 - - [11/May/2024:08:32:30 +0800] "GET /xingrg/dwr/engine.js HTTP/1.1" 200 43631
120.253.135.82 - - [11/May/2024:08:32:32 +0800] "GET /xingrg/kc/pszx/mdps_order_list.html?orderType=0 HTTP/1.1" 200 21313
120.253.135.82 - - [11/May/2024:08:32:32 +0800] "POST /xingrg/kc/pszx/mdps_list_operate.html HTTP/1.1" 200 5299
116.232.195.13 - - [11/May/2024:08:32:41 +0800] "GET /xingrg/all/function/internal_message.html?_=1715387532371&CODE_STATE=getMsg HTTP/1.1" 200 27
116.232.195.13 - - [11/May/2024:08:32:41 +0800] "GET /xingrg/check_reg.html?_=1715387532372 HTTP/1.1" 200 22
120.253.135.82 - - [11/May/2024:08:32:44 +0800] "GET /xingrg/all/function/internal_message.html?_=1715387415087&CODE_STATE=getMsg HTTP/1.1" 200 27
120.253.135.82 - - [11/May/2024:08:32:45 +0800] "GET /xingrg/kc/report/report_main.html HTTP/1.1" 200 8599
120.253.135.82 - - [11/May/2024:08:32:47 +0800] "GET /xingrg/kc/pszx/mdqp_order_list.html?state=10 HTTP/1.1" 200 10459
120.253.135.82 - - [11/May/2024:08:32:47 +0800] "GET /xingrg/dwr/interface/AjaxQqpsService.js HTTP/1.1" 200 16326
120.253.135.82 - - [11/May/2024:08:32:47 +0800] "GET /xingrg/dwr/engine.js HTTP/1.1" 200 43631
120.253.135.82 - - [11/May/2024:08:32:47 +0800] "GET /xingrg/dwr/interface/AjaxReportQueryService.js HTTP/1.1" 200 13203
116.238.97.31 - - [11/May/2024:08:32:50 +0800] "GET /xingrg/all/function/internal_message.html?_=1715387570149&CODE_STATE=getMsg HTTP/1.1" 200 27
101.83.144.49 - - [11/May/2024:08:32:51 +0800] "GET /xingrg/kc/buy/cgsh_order_operate.html?command=get_materiel&rest_code=00105&code=00101008361&supplier_code=00100008&order_time=2024-05-11 HTTP/1.1" 200 408
120.253.135.82 - - [11/May/2024:08:32:52 +0800] "GET /xingrg/check_reg.html?_=1715387422558 HTTP/1.1" 200 22
116.232.195.13 - - [11/May/2024:08:32:59 +0800] "GET /xingrg/all/function/internal_message.html?_=1715387551278&CODE_STATE=getMsg HTTP/1.1" 200 27
101.83.144.49 - - [11/May/2024:08:33:01 +0800] "GET /xingrg/kc/buy/cgsh_order_operate.html?command=get_materiel&rest_code=00105&code=00101008004&supplier_code=00100008&order_time=2024-05-11 HTTP/1.1" 200 416
114.95.253.235 - - [11/May/2024:08:33:03 +0800] "GET /xingrg/all/function/internal_message.html?_=1715387582962&CODE_STATE=getMsg HTTP/1.1" 200 27
114.95.253.235 - - [11/May/2024:08:33:05 +0800] "GET /xingrg/all/function/internal_message.html?_=1715387585311&CODE_STATE=getMsg HTTP/1.1" 200 27
116.238.97.31 - - [11/May/2024:08:33:09 +0800] "GET /xingrg/all/function/internal_message.html?_=1715387592945&CODE_STATE=getMsg HTTP/1.1" 200 27
101.83.144.49 - - [11/May/2024:08:33:15 +0800] "GET /xingrg/kc/buy/cgsh_order_operate.html?command=get_materiel&rest_code=00105&code=00101008185&supplier_code=00100008&order_time=2024-05-11 HTTP/1.1" 200 408
116.232.195.13 - - [11/May/2024:08:33:20 +0800] "GET /xingrg/all/function/internal_message.html?_=1715387571560&CODE_STATE=getMsg HTTP/1.1" 200 27
101.83.144.49 - - [11/May/2024:08:33:24 +0800] "GET /xingrg/kc/buy/cgsh_order_operate.html?command=get_materiel&rest_code=00105&code=00101008213&supplier_code=00100008&order_time=2024-05-11 HTTP/1.1" 200 427
101.83.144.49 - - [11/May/2024:08:33:27 +0800] "GET /xingrg/all/function/internal_message.html?_=1715387608810&CODE_STATE=getMsg HTTP/1.1" 200 27
116.232.195.13 - - [11/May/2024:08:33:41 +0800] "GET /xingrg/all/function/internal_message.html?_=1715387592362&CODE_STATE=getMsg HTTP/1.1" 200 27
120.253.135.82 - - [11/May/2024:08:33:44 +0800] "GET /xingrg/all/function/internal_message.html?_=1715387475099&CODE_STATE=getMsg HTTP/1.1" 200 27
101.83.144.49 - - [11/May/2024:08:33:48 +0800] "GET /xingrg/kc/buy/cgsh_order_operate.html?command=get_materiel&rest_code=00105&code=00101008005&supplier_code=00100008&order_time=2024-05-11 HTTP/1.1" 200 433
116.238.97.31 - - [11/May/2024:08:33:50 +0800] "GET /xingrg/all/function/internal_message.html?_=1715387630158&CODE_STATE=getMsg HTTP/1.1" 200 27
222.67.233.39 - - [11/May/2024:08:33:50 +0800] "GET /xingrg/check_reg.html?_=1715387630697 HTTP/1.1" 200 22
116.232.195.13 - - [11/May/2024:08:33:59 +0800] "GET /xingrg/all/function/internal_message.html?_=1715387611264&CODE_STATE=getMsg HTTP/1.1" 200 27
101.83.144.49 - - [11/May/2024:08:34:01 +0800] "GET /xingrg/kc/buy/cgsh_order_operate.html?command=get_materiel&rest_code=00105&code=00101008323&supplier_code=00100008&order_time=2024-05-11 HTTP/1.1" 200 408
114.95.253.235 - - [11/May/2024:08:34:03 +0800] "GET /xingrg/check_reg.html?_=1715387642959 HTTP/1.1" 200 22
114.95.253.235 - - [11/May/2024:08:34:03 +0800] "GET /xingrg/all/function/internal_message.html?_=1715387642962&CODE_STATE=getMsg HTTP/1.1" 200 27
114.95.253.235 - - [11/May/2024:08:34:05 +0800] "GET /xingrg/all/function/internal_message.html?_=1715387645284&CODE_STATE=getMsg HTTP/1.1" 200 27
116.238.97.31 - - [11/May/2024:08:34:09 +0800] "GET /xingrg/all/function/internal_message.html?_=1715387652942&CODE_STATE=getMsg HTTP/1.1" 200 27
101.83.144.49 - - [11/May/2024:08:34:16 +0800] "GET /xingrg/kc/buy/cgsh_order_operate.html?command=get_materiel&rest_code=00105&code=00101008155&supplier_code=00100008&order_time=2024-05-11 HTTP/1.1" 200 428
116.232.195.13 - - [11/May/2024:08:34:18 +0800] "GET /xingrg/check_reg.html?_=1715387629448 HTTP/1.1" 200 22
116.232.195.13 - - [11/May/2024:08:34:20 +0800] "GET /xingrg/all/function/internal_message.html?_=1715387631538&CODE_STATE=getMsg HTTP/1.1" 200 27
101.83.144.49 - - [11/May/2024:08:34:21 +0800] "POST /xingrg/kc/buy/cgsh_order_operate.html HTTP/1.1" 200 2065
101.83.144.49 - - [11/May/2024:08:34:23 +0800] "POST /xingrg/kc/buy/cgsh_order_operate.html HTTP/1.1" 200 2065
101.83.144.49 - - [11/May/2024:08:34:27 +0800] "GET /xingrg/all/function/internal_message.html?_=1715387668742&CODE_STATE=getMsg HTTP/1.1" 200 27
120.253.135.82 - - [11/May/2024:08:34:34 +0800] "GET /xingrg/kc/pszx/mdqp_order_list.html?state=10 HTTP/1.1" 200 10459
120.253.135.82 - - [11/May/2024:08:34:34 +0800] "GET /xingrg/dwr/interface/AjaxQqpsService.js HTTP/1.1" 200 16326
120.253.135.82 - - [11/May/2024:08:34:34 +0800] "GET /xingrg/dwr/interface/AjaxReportQueryService.js HTTP/1.1" 200 13203
120.253.135.82 - - [11/May/2024:08:34:34 +0800] "GET /xingrg/dwr/engine.js HTTP/1.1" 200 43631
120.253.135.82 - - [11/May/2024:08:34:37 +0800] "GET /xingrg/kc/pszx/mdth_order_list.html HTTP/1.1" 200 18737
120.253.135.82 - - [11/May/2024:08:34:37 +0800] "POST /xingrg/kc/pszx/mdth_order_new_list.html HTTP/1.1" 200 4743
101.83.144.49 - - [11/May/2024:08:34:37 +0800] "GET /xingrg/kc/buy/cgsh_order_operate.html?command=get_materiel&rest_code=00105&code=00101008221&supplier_code=00100008&order_time=2024-05-11 HTTP/1.1" 200 412
120.253.135.82 - - [11/May/2024:08:34:40 +0800] "GET /xingrg/kc/pszx/mdqp_order_list.html?state=10 HTTP/1.1" 200 10459
120.253.135.82 - - [11/May/2024:08:34:40 +0800] "GET /xingrg/dwr/interface/AjaxQqpsService.js HTTP/1.1" 200 16326
120.253.135.82 - - [11/May/2024:08:34:40 +0800] "GET /xingrg/dwr/interface/AjaxReportQueryService.js HTTP/1.1" 200 13203
120.253.135.82 - - [11/May/2024:08:34:40 +0800] "GET /xingrg/dwr/engine.js HTTP/1.1" 200 43631
116.232.195.13 - - [11/May/2024:08:34:41 +0800] "GET /xingrg/all/function/internal_message.html?_=1715387652380&CODE_STATE=getMsg HTTP/1.1" 200 27
120.253.135.82 - - [11/May/2024:08:34:42 +0800] "GET /xingrg/kc/pszx/mdqp_order_list.html?state=10 HTTP/1.1" 200 10459
120.253.135.82 - - [11/May/2024:08:34:42 +0800] "GET /xingrg/dwr/interface/AjaxQqpsService.js HTTP/1.1" 200 16326
120.253.135.82 - - [11/May/2024:08:34:42 +0800] "GET /xingrg/dwr/interface/AjaxReportQueryService.js HTTP/1.1" 200 13203
120.253.135.82 - - [11/May/2024:08:34:42 +0800] "GET /xingrg/dwr/engine.js HTTP/1.1" 200 43631
120.253.135.82 - - [11/May/2024:08:34:44 +0800] "GET /xingrg/all/function/internal_message.html?_=1715387535114&CODE_STATE=getMsg HTTP/1.1" 200 27
120.253.135.82 - - [11/May/2024:08:34:48 +0800] "GET /xingrg/kc/pszx/mdqp_order_list.html?state=10 HTTP/1.1" 200 10459
120.253.135.82 - - [11/May/2024:08:34:48 +0800] "GET /xingrg/dwr/interface/AjaxQqpsService.js HTTP/1.1" 200 16326
120.253.135.82 - - [11/May/2024:08:34:48 +0800] "GET /xingrg/dwr/interface/AjaxReportQueryService.js HTTP/1.1" 200 13203
120.253.135.82 - - [11/May/2024:08:34:48 +0800] "GET /xingrg/dwr/engine.js HTTP/1.1" 200 43631
116.238.97.31 - - [11/May/2024:08:34:50 +0800] "GET /xingrg/all/function/internal_message.html?_=1715387690139&CODE_STATE=getMsg HTTP/1.1" 200 27
120.253.135.82 - - [11/May/2024:08:34:51 +0800] "GET /xingrg/kc/pszx/mdps_order_list.html?orderType=0 HTTP/1.1" 200 21313
120.253.135.82 - - [11/May/2024:08:34:51 +0800] "POST /xingrg/kc/pszx/mdps_list_operate.html HTTP/1.1" 200 5299
101.83.144.49 - - [11/May/2024:08:34:54 +0800] "GET /xingrg/kc/buy/cgsh_order_operate.html?command=get_materiel&rest_code=00105&code=00101008350&supplier_code=00100008&order_time=2024-05-11 HTTP/1.1" 200 408
116.232.195.13 - - [11/May/2024:08:34:59 +0800] "GET /xingrg/all/function/internal_message.html?_=1715387671258&CODE_STATE=getMsg HTTP/1.1" 200 27
114.95.253.235 - - [11/May/2024:08:35:03 +0800] "GET /xingrg/all/function/internal_message.html?_=1715387702949&CODE_STATE=getMsg HTTP/1.1" 200 27
120.253.135.82 - - [11/May/2024:08:35:05 +0800] "GET /xingrg/kc/pszx/mdqp_order_list.html?state=10 HTTP/1.1" 200 10459
120.253.135.82 - - [11/May/2024:08:35:05 +0800] "GET /xingrg/dwr/interface/AjaxQqpsService.js HTTP/1.1" 200 16326
120.253.135.82 - - [11/May/2024:08:35:05 +0800] "GET /xingrg/dwr/interface/AjaxReportQueryService.js HTTP/1.1" 200 13203
120.253.135.82 - - [11/May/2024:08:35:05 +0800] "GET /xingrg/dwr/engine.js HTTP/1.1" 200 43631
114.95.253.235 - - [11/May/2024:08:35:05 +0800] "GET /xingrg/all/function/internal_message.html?_=1715387705270&CODE_STATE=getMsg HTTP/1.1" 200 27
116.238.97.31 - - [11/May/2024:08:35:09 +0800] "GET /xingrg/all/function/internal_message.html?_=1715387712939&CODE_STATE=getMsg HTTP/1.1" 200 27
101.83.144.49 - - [11/May/2024:08:35:13 +0800] "GET /xingrg/kc/buy/cgsh_order_operate.html?command=get_materiel&rest_code=00105&code=00101008027&supplier_code=00100008&order_time=2024-05-11 HTTP/1.1" 200 408
116.232.195.13 - - [11/May/2024:08:35:20 +0800] "GET /xingrg/all/function/internal_message.html?_=1715387691514&CODE_STATE=getMsg HTTP/1.1" 200 27
101.83.144.49 - - [11/May/2024:08:35:22 +0800] "GET /xingrg/kc/buy/cgsh_order_operate.html?command=get_materiel&rest_code=00105&code=00101008360&supplier_code=00100008&order_time=2024-05-11 HTTP/1.1" 200 412
101.83.144.49 - - [11/May/2024:08:35:27 +0800] "GET /xingrg/check_reg.html?_=1715387728800 HTTP/1.1" 200 22
101.83.144.49 - - [11/May/2024:08:35:27 +0800] "GET /xingrg/all/function/internal_message.html?_=1715387728801&CODE_STATE=getMsg HTTP/1.1" 200 27
101.83.144.49 - - [11/May/2024:08:35:34 +0800] "GET /xingrg/kc/buy/cgsh_order_operate.html?command=get_materiel&rest_code=00105&code=00101008286&supplier_code=00100008&order_time=2024-05-11 HTTP/1.1" 200 428
116.232.195.13 - - [11/May/2024:08:35:41 +0800] "GET /xingrg/all/function/internal_message.html?_=1715387712374&CODE_STATE=getMsg HTTP/1.1" 200 27
101.83.144.49 - - [11/May/2024:08:35:43 +0800] "GET /xingrg/kc/buy/cgsh_order_operate.html?command=get_materiel&rest_code=00105&code=00101008224&supplier_code=00100008&order_time=2024-05-11 HTTP/1.1" 200 416
120.253.135.82 - - [11/May/2024:08:35:45 +0800] "GET /xingrg/all/function/internal_message.html?_=1715387595282&CODE_STATE=getMsg HTTP/1.1" 200 27
116.238.97.31 - - [11/May/2024:08:35:50 +0800] "GET /xingrg/all/function/internal_message.html?_=1715387750153&CODE_STATE=getMsg HTTP/1.1" 200 27
101.83.144.49 - - [11/May/2024:08:35:54 +0800] "GET /xingrg/kc/buy/cgsh_order_operate.html?command=get_materiel&rest_code=00105&code=00101009016&supplier_code=00100008&order_time=2024-05-11 HTTP/1.1" 200 420
116.232.195.13 - - [11/May/2024:08:35:59 +0800] "GET /xingrg/all/function/internal_message.html?_=1715387731236&CODE_STATE=getMsg HTTP/1.1" 200 27
114.95.253.235 - - [11/May/2024:08:36:03 +0800] "GET /xingrg/all/function/internal_message.html?_=1715387762955&CODE_STATE=getMsg HTTP/1.1" 200 27
114.95.253.235 - - [11/May/2024:08:36:05 +0800] "GET /xingrg/all/function/internal_message.html?_=1715387765243&CODE_STATE=getMsg HTTP/1.1" 200 27
