120.253.135.82 - - [11/May/2024:11:05:12 +0800] "GET /xingrg/kc/pszx/mdps_order_info.html?code=312024051100232 HTTP/1.1" 200 23976
120.253.135.82 - - [11/May/2024:11:05:13 +0800] "GET /xingrg/javascript/easyui/themes/default/validatebox.css HTTP/1.1" 404 1104
120.253.135.82 - - [11/May/2024:11:05:13 +0800] "POST /xingrg/kc/pszx/mdps_order_operate.html HTTP/1.1" 200 4361
180.164.6.225 - - [11/May/2024:11:05:14 +0800] "GET /xingrg/all/function/internal_message.html?_=1715396713167&CODE_STATE=getMsg HTTP/1.1" 200 27
101.80.230.31 - - [11/May/2024:11:05:16 +0800] "GET /xingrg/all/function/internal_message.html?_=1715396726375&CODE_STATE=getMsg HTTP/1.1" 200 27
116.237.73.213 - - [11/May/2024:11:05:16 +0800] "GET /xingrg/kc/buy/cgsh_order_operate.html?command=get_materiel&rest_code=00106&code=00101008069&supplier_code=00100008&order_time=2024-05-11 HTTP/1.1" 200 427
116.232.195.13 - - [11/May/2024:11:05:17 +0800] "GET /xingrg/all/function/internal_message.html?_=1715396689016&CODE_STATE=getMsg HTTP/1.1" 200 27
101.83.144.49 - - [11/May/2024:11:05:19 +0800] "GET /xingrg/check_reg.html?_=1715396466754 HTTP/1.1" 200 22
101.83.144.49 - - [11/May/2024:11:05:19 +0800] "GET /xingrg/all/function/internal_message.html?_=1715396466757&CODE_STATE=getMsg HTTP/1.1" 200 27
120.253.135.82 - - [11/May/2024:11:05:20 +0800] "GET /xingrg/all/function/internal_message.html?_=1715396905584&CODE_STATE=getMsg HTTP/1.1" 200 27
116.232.195.13 - - [11/May/2024:11:05:22 +0800] "GET /xingrg/check_reg.html?_=1715396693166 HTTP/1.1" 200 22
116.232.195.13 - - [11/May/2024:11:05:22 +0800] "GET /xingrg/all/function/internal_message.html?_=1715396693171&CODE_STATE=getMsg HTTP/1.1" 200 27
222.67.233.39 - - [11/May/2024:11:05:30 +0800] "GET /xingrg/kc/buy/cgsh_order_operate.html?command=get_materiel&rest_code=00141&code=00101008372&supplier_code=00100008&order_time=2024-05-11 HTTP/1.1" 200 428
101.80.230.31 - - [11/May/2024:11:05:31 +0800] "GET /xingrg/logout.do HTTP/1.1" 302 -
101.80.230.31 - - [11/May/2024:11:05:31 +0800] "GET /xingrg/login.html?sysBaseUrl=http%3A%2F%2F180.169.147.146%3A18081%2Fxingrg%2F&costTime=32×tamp=1715396731933 HTTP/1.1" 200 7641
114.95.253.235 - - [11/May/2024:11:05:34 +0800] "GET /xingrg/all/function/internal_message.html?_=1715396733740&CODE_STATE=getMsg HTTP/1.1" 200 27
221.239.168.119 - - [11/May/2024:11:05:35 +0800] "GET /xingrg/all/function/internal_message.html?_=1715396732365&CODE_STATE=getMsg HTTP/1.1" 200 27
120.253.135.82 - - [11/May/2024:11:05:40 +0800] "GET /xingrg/check_reg.html?_=1715396591050 HTTP/1.1" 200 22
120.253.135.82 - - [11/May/2024:11:05:40 +0800] "GET /xingrg/all/function/internal_message.html?_=1715396591112&CODE_STATE=getMsg HTTP/1.1" 200 27
116.232.195.13 - - [11/May/2024:11:05:41 +0800] "GET /xingrg/all/function/internal_message.html?_=1715396712373&CODE_STATE=getMsg HTTP/1.1" 200 27
120.253.135.82 - - [11/May/2024:11:05:41 +0800] "POST /xingrg/kc/pszx/mdps_list_operate.html HTTP/1.1" 200 214
120.253.135.82 - - [11/May/2024:11:05:42 +0800] "GET /xingrg/kc/pszx/mdps_order_info.html?code=312024051000207 HTTP/1.1" 200 23982
101.83.144.49 - - [11/May/2024:11:05:43 +0800] "GET /xingrg/all/function/internal_message.html?_=1715396744504&CODE_STATE=getMsg HTTP/1.1" 200 27
120.253.135.82 - - [11/May/2024:11:05:43 +0800] "GET /xingrg/javascript/easyui/themes/default/validatebox.css HTTP/1.1" 404 1104
120.253.135.82 - - [11/May/2024:11:05:43 +0800] "POST /xingrg/kc/pszx/mdps_order_operate.html HTTP/1.1" 200 2305
116.237.73.213 - - [11/May/2024:11:05:45 +0800] "GET /xingrg/all/function/internal_message.html?_=1715396741284&CODE_STATE=getMsg HTTP/1.1" 200 27
221.239.168.119 - - [11/May/2024:11:05:45 +0800] "POST /xingrg/dwr/call/plaincall/AjaxReportQueryService.refreshCache.dwr HTTP/1.1" 200 78
221.239.168.119 - - [11/May/2024:11:05:46 +0800] "POST /xingrg/all/report/load_report_page.html HTTP/1.1" 200 8904
221.239.168.119 - - [11/May/2024:11:05:46 +0800] "GET /xingrg/servlets/image?cache=0.9618475192523959&image=px HTTP/1.1" 200 807
120.253.135.82 - - [11/May/2024:11:05:47 +0800] "POST /xingrg/kc/pszx/mdps_order_operate.html HTTP/1.1" 200 12
101.80.230.31 - - [11/May/2024:11:05:48 +0800] "POST /xingrg/login.do HTTP/1.1" 302 -
101.80.230.31 - - [11/May/2024:11:05:48 +0800] "POST /xingrg/login.do HTTP/1.1" 302 -
101.80.230.31 - - [11/May/2024:11:05:48 +0800] "GET /xingrg/index.html?sysBaseUrl=http%3A%2F%2F180.169.147.146%3A18081%2Fxingrg%2F&costTime=2010×tamp=1715396748381 HTTP/1.1" 200 17179
101.80.230.31 - - [11/May/2024:11:05:48 +0800] "GET /xingrg/all/function/internal_message.html?_=1715396758377&CODE_STATE=count HTTP/1.1" 200 11
101.80.230.31 - - [11/May/2024:11:05:48 +0800] "GET /xingrg/check_reg.html?_=1715396758377 HTTP/1.1" 200 22
120.253.135.82 - - [11/May/2024:11:05:48 +0800] "POST /xingrg/kc/pszx/mdps_list_operate.html HTTP/1.1" 200 1689
101.80.230.31 - - [11/May/2024:11:05:48 +0800] "POST /xingrg/all/common/load_tree.html?tree=area_rest_tree_json&manage=1 HTTP/1.1" 200 351
101.80.230.31 - - [11/May/2024:11:05:48 +0800] "POST /xingrg/load_menu.html HTTP/1.1" 200 5138
221.239.168.119 - - [11/May/2024:11:05:49 +0800] "GET /xingrg/all/report/report_query.html?isQuery=1&fileName=kc/buy/wlcg_cate_hz.xml&queryString=(CONVERT(char(10)%252Ca.order_time%252C%2520120)%253E%253D'2024-04-01')%2520and%2520(CONVERT(char(10)%252Ca.order_time%252C%2520120)%253C%253D'2024-04-30')%2520and%2520(a.supplier_code%2520in%2520('00100192'))%2520and%2520(a.number%253E0%2520and%2520a.supplier_code%253D'00100192')&queryText=%25E3%2580%2590%25E9%2587%2587%25E8%25B4%25AD%25E6%2597%25A5%25E6%259C%259F%253A2024-04-01%2520%25E8%2587%25B3%25202024-04-30%25E3%2580%2591%2520%25E5%25B9%25B6%25E4%25B8%2594%2520%2520%25E3%2580%2590%25E4%25BE%259B%25E5%25BA%2594%25E5%2595%2586%2520%253D%2520%25E9%25A4%2590%25E5%25B7%25BE%25E7%25BA%25B8(%25E9%259F%25A9%25E4%25BC%259F)%25E3%2580%2591%2520%25E5%25B9%25B6%25E4%25B8%2594%2520%25E3%2580%2590%25E4%25BE%259B%25E5%25BA%2594%25E5%2595%2586%253D%25E9%25A4%2590%25E5%25B7%25BE%25E7%25BA%25B8(%25E9%259F%25A9%25E4%25BC%259F)%25E3%2580%2591 HTTP/1.1" 200 54472
221.239.168.119 - - [11/May/2024:11:05:49 +0800] "GET /xingrg/dwr/interface/AjaxReportQueryService.js HTTP/1.1" 200 13203
221.239.168.119 - - [11/May/2024:11:05:49 +0800] "GET /xingrg/dwr/engine.js HTTP/1.1" 200 43631
120.253.135.82 - - [11/May/2024:11:05:50 +0800] "POST /xingrg/kc/pszx/mdps_list_operate.html HTTP/1.1" 200 563
120.253.135.82 - - [11/May/2024:11:05:51 +0800] "GET /xingrg/kc/pszx/mdps_order_info.html?code=312024051100232 HTTP/1.1" 200 23976
101.80.230.31 - - [11/May/2024:11:05:51 +0800] "GET /xingrg/index.html?sysBaseUrl=http%3A%2F%2F180.169.147.146%3A18081%2Fxingrg%2F&costTime=2010×tamp=1715396748381 HTTP/1.1" 200 17179
101.80.230.31 - - [11/May/2024:11:05:51 +0800] "GET /xingrg/all/function/internal_message.html?_=1715396761384&CODE_STATE=count HTTP/1.1" 200 11
101.80.230.31 - - [11/May/2024:11:05:51 +0800] "GET /xingrg/check_reg.html?_=1715396761384 HTTP/1.1" 200 22
101.80.230.31 - - [11/May/2024:11:05:51 +0800] "POST /xingrg/all/common/load_tree.html?tree=area_rest_tree_json&manage=1 HTTP/1.1" 200 351
101.80.230.31 - - [11/May/2024:11:05:51 +0800] "POST /xingrg/load_menu.html HTTP/1.1" 200 5138
120.253.135.82 - - [11/May/2024:11:05:52 +0800] "GET /xingrg/javascript/easyui/themes/default/validatebox.css HTTP/1.1" 404 1104
221.239.168.119 - - [11/May/2024:11:05:52 +0800] "POST /xingrg/all/report/load_report_page.html HTTP/1.1" 200 10888
221.239.168.119 - - [11/May/2024:11:05:52 +0800] "GET /xingrg/servlets/image?cache=0.9993831254439348&image=px HTTP/1.1" 200 807
101.80.230.31 - - [11/May/2024:11:05:52 +0800] "GET /xingrg/kc/buy/buy_main.html HTTP/1.1" 200 12412
101.80.230.31 - - [11/May/2024:11:05:52 +0800] "GET /xingrg/css/new_ie.css HTTP/1.1" 404 1036
120.253.135.82 - - [11/May/2024:11:05:52 +0800] "POST /xingrg/kc/pszx/mdps_order_operate.html HTTP/1.1" 200 4361
101.80.230.31 - - [11/May/2024:11:05:53 +0800] "GET /xingrg/kc/buy/cgsh_order_list.html HTTP/1.1" 200 58786
116.238.97.31 - - [11/May/2024:11:05:55 +0800] "GET /xingrg/all/function/internal_message.html?_=1715396755759&CODE_STATE=getMsg HTTP/1.1" 200 27
120.253.135.82 - - [11/May/2024:11:05:55 +0800] "GET /xingrg/kc/print/load_config.html?kc_code=mdps HTTP/1.1" 200 2390
101.80.230.31 - - [11/May/2024:11:05:56 +0800] "POST /xingrg/kc/buy/cgsh_list_operate.html HTTP/1.1" 200 645
120.253.135.82 - - [11/May/2024:11:05:56 +0800] "GET /xingrg/kc/print/load_data.html?order_code=312024051100232&kc_code=mdps&condition= HTTP/1.1" 200 1694
116.232.195.13 - - [11/May/2024:11:05:57 +0800] "GET /xingrg/all/function/internal_message.html?_=1715396728432&CODE_STATE=getMsg HTTP/1.1" 200 27
222.67.233.39 - - [11/May/2024:11:05:57 +0800] "GET /xingrg/kc/buy/cgsh_order_operate.html?command=get_materiel&rest_code=00141&code=00101008265&supplier_code=00100008&order_time=2024-05-11 HTTP/1.1" 200 408
222.70.183.82 - - [11/May/2024:11:06:00 +0800] "GET /xingrg/all/function/internal_message.html?_=1715396760417&CODE_STATE=getMsg HTTP/1.1" 200 27
101.80.230.31 - - [11/May/2024:11:06:02 +0800] "GET /xingrg/kc/buy/cgsh_order_add.html HTTP/1.1" 200 74672
101.80.230.31 - - [11/May/2024:11:06:02 +0800] "GET /xingrg/words/20240510121359_words.js HTTP/1.1" 304 -
101.80.230.31 - - [11/May/2024:11:06:02 +0800] "POST /xingrg/kc/buy/cgsh_order_operate.html HTTP/1.1" 200 8245
101.80.230.31 - - [11/May/2024:11:06:02 +0800] "GET /xingrg/javascript/easyui/themes/default/validatebox.css HTTP/1.1" 404 1104
101.80.230.31 - - [11/May/2024:11:06:02 +0800] "GET /xingrg/all/common/auto_word.html?type=employee&rest_code=00156 HTTP/1.1" 200 47
101.80.230.31 - - [11/May/2024:11:06:02 +0800] "GET /xingrg/all/common/auto_word.html?type=employee&rest_code=00156 HTTP/1.1" 200 47
116.237.73.213 - - [11/May/2024:11:06:02 +0800] "GET /xingrg/kc/buy/cgsh_order_operate.html?command=get_materiel&rest_code=00106&code=00101008131&supplier_code=00100008&order_time=2024-05-11 HTTP/1.1" 200 408
101.80.230.31 - - [11/May/2024:11:06:06 +0800] "GET /xingrg/javascript/jquery_tools/images/prev.gif HTTP/1.1" 404 1086
101.80.230.31 - - [11/May/2024:11:06:06 +0800] "GET /xingrg/javascript/jquery_tools/images/next.gif HTTP/1.1" 404 1086
222.67.233.39 - - [11/May/2024:11:06:06 +0800] "GET /xingrg/kc/buy/cgsh_order_operate.html?command=get_materiel&rest_code=00141&code=00101008285&supplier_code=00100008&order_time=2024-05-11 HTTP/1.1" 200 413
222.69.133.181 - - [11/May/2024:11:06:07 +0800] "GET /xingrg/all/function/internal_message.html?_=1715396767929&CODE_STATE=getMsg HTTP/1.1" 200 27
116.238.97.31 - - [11/May/2024:11:06:08 +0800] "GET /xingrg/all/function/internal_message.html?_=1715396772493&CODE_STATE=getMsg HTTP/1.1" 200 27
101.83.240.18 - - [11/May/2024:11:06:10 +0800] "GET /xingrg/all/function/internal_message.html?_=1715396768567&CODE_STATE=getMsg HTTP/1.1" 200 27
180.164.6.225 - - [11/May/2024:11:06:14 +0800] "GET /xingrg/all/function/internal_message.html?_=1715396773175&CODE_STATE=getMsg HTTP/1.1" 200 27
116.232.195.13 - - [11/May/2024:11:06:17 +0800] "GET /xingrg/all/function/internal_message.html?_=1715396748996&CODE_STATE=getMsg HTTP/1.1" 200 27
116.237.73.213 - - [11/May/2024:11:06:18 +0800] "POST /xingrg/kc/buy/cgsh_order_operate.html HTTP/1.1" 200 37
101.83.144.49 - - [11/May/2024:11:06:19 +0800] "GET /xingrg/all/function/internal_message.html?_=1715396526756&CODE_STATE=getMsg HTTP/1.1" 200 27
120.253.135.82 - - [11/May/2024:11:06:20 +0800] "GET /xingrg/all/function/internal_message.html?_=1715396965592&CODE_STATE=getMsg HTTP/1.1" 200 27
120.253.135.82 - - [11/May/2024:11:06:20 +0800] "GET /xingrg/check_reg.html?_=1715396965595 HTTP/1.1" 200 22
101.80.230.31 - - [11/May/2024:11:06:21 +0800] "GET /xingrg/kc/buy/cgsh_order_operate.html?command=get_materiel&rest_code=00156&code=00101009123&supplier_code=00100012&order_time=2024-05-11 HTTP/1.1" 200 23
116.232.195.13 - - [11/May/2024:11:06:22 +0800] "GET /xingrg/all/function/internal_message.html?_=1715396753157&CODE_STATE=getMsg HTTP/1.1" 200 27
221.239.168.119 - - [11/May/2024:11:06:23 +0800] "POST /xingrg/all/report/report_print.html HTTP/1.1" 302 -
221.239.168.119 - - [11/May/2024:11:06:23 +0800] "GET /xingrg/servlets/html?sysBaseUrl=http%3A%2F%2F180.169.147.146%3A18081%2Fxingrg%2F&costTime=974×tamp=1715396783845 HTTP/1.1" 200 13103
221.239.168.119 - - [11/May/2024:11:06:23 +0800] "GET /xingrg/servlets/image?image=px HTTP/1.1" 200 807
221.239.168.119 - - [11/May/2024:11:06:23 +0800] "GET /favicon.ico HTTP/1.1" 404 -
120.253.135.82 - - [11/May/2024:11:06:28 +0800] "POST /xingrg/kc/pszx/mdps_list_operate.html HTTP/1.1" 200 1689
114.95.253.235 - - [11/May/2024:11:06:34 +0800] "GET /xingrg/all/function/internal_message.html?_=1715396793738&CODE_STATE=getMsg HTTP/1.1" 200 27
221.239.168.119 - - [11/May/2024:11:06:35 +0800] "GET /xingrg/all/function/internal_message.html?_=1715396792357&CODE_STATE=getMsg HTTP/1.1" 200 27
222.67.233.39 - - [11/May/2024:11:06:35 +0800] "POST /xingrg/kc/buy/cgsh_order_operate.html HTTP/1.1" 200 37
101.80.230.31 - - [11/May/2024:11:06:36 +0800] "GET /xingrg/kc/buy/cgsh_order_operate.html?command=get_materiel&rest_code=00156&code=00101009123&supplier_code=00100012&order_time=2024-05-11 HTTP/1.1" 200 406
116.237.73.213 - - [11/May/2024:11:06:38 +0800] "POST /xingrg/kc/buy/cgsh_order_operate.html HTTP/1.1" 200 33438
120.253.135.82 - - [11/May/2024:11:06:40 +0800] "GET /xingrg/all/function/internal_message.html?_=1715396651155&CODE_STATE=getMsg HTTP/1.1" 200 27
116.232.195.13 - - [11/May/2024:11:06:41 +0800] "GET /xingrg/all/function/internal_message.html?_=1715396772364&CODE_STATE=getMsg HTTP/1.1" 200 27
116.237.73.213 - - [11/May/2024:11:06:42 +0800] "GET /xingrg/check_reg.html?_=1715396799041 HTTP/1.1" 200 22
101.83.144.49 - - [11/May/2024:11:06:43 +0800] "GET /xingrg/all/function/internal_message.html?_=1715396804504&CODE_STATE=getMsg HTTP/1.1" 200 27
101.83.144.49 - - [11/May/2024:11:06:43 +0800] "GET /xingrg/check_reg.html?_=1715396804506 HTTP/1.1" 200 22
116.237.73.213 - - [11/May/2024:11:06:45 +0800] "GET /xingrg/all/function/internal_message.html?_=1715396801279&CODE_STATE=getMsg HTTP/1.1" 200 27
101.80.230.31 - - [11/May/2024:11:06:45 +0800] "GET /xingrg/kc/buy/cgsh_order_operate.html?command=get_materiel&rest_code=00156&code=00101009044&supplier_code=00100012&order_time=2024-05-11 HTTP/1.1" 200 432
222.67.233.39 - - [11/May/2024:11:06:46 +0800] "POST /xingrg/kc/buy/cgsh_order_operate.html HTTP/1.1" 200 12
222.67.233.39 - - [11/May/2024:11:06:49 +0800] "GET /xingrg/kc/buy/cgsh_order_info.html?code=212024051102899 HTTP/1.1" 200 69464
222.67.233.39 - - [11/May/2024:11:06:50 +0800] "GET /xingrg/javascript/easyui/themes/default/validatebox.css HTTP/1.1" 404 1104
222.67.233.39 - - [11/May/2024:11:06:51 +0800] "POST /xingrg/kc/buy/cgsh_order_operate.html HTTP/1.1" 200 28373
101.80.230.31 - - [11/May/2024:11:06:51 +0800] "GET /xingrg/all/function/internal_message.html?_=1715396821390&CODE_STATE=getMsg HTTP/1.1" 200 27
116.238.97.31 - - [11/May/2024:11:06:55 +0800] "GET /xingrg/all/function/internal_message.html?_=1715396815757&CODE_STATE=getMsg HTTP/1.1" 200 27
101.80.230.31 - - [11/May/2024:11:06:56 +0800] "GET /xingrg/kc/buy/cgsh_order_operate.html?command=get_materiel&rest_code=00156&code=00101009010&supplier_code=00100012&order_time=2024-05-11 HTTP/1.1" 200 416
116.237.73.213 - - [11/May/2024:11:06:56 +0800] "GET /xingrg/kc/buy/cgsh_order_operate.html?command=get_materiel&rest_code=00106&code=00101008004&supplier_code=00100008&order_time=2024-05-11 HTTP/1.1" 200 416
116.232.195.13 - - [11/May/2024:11:06:57 +0800] "GET /xingrg/all/function/internal_message.html?_=1715396788411&CODE_STATE=getMsg HTTP/1.1" 200 27
222.70.183.82 - - [11/May/2024:11:07:00 +0800] "GET /xingrg/all/function/internal_message.html?_=1715396820400&CODE_STATE=getMsg HTTP/1.1" 200 27
116.232.195.13 - - [11/May/2024:11:07:02 +0800] "GET /xingrg/check_reg.html?_=1715396793333 HTTP/1.1" 200 22
101.83.240.18 - - [11/May/2024:11:07:04 +0800] "GET /xingrg/check_reg.html?_=1715396822983 HTTP/1.1" 200 22
222.69.133.181 - - [11/May/2024:11:07:07 +0800] "GET /xingrg/all/function/internal_message.html?_=1715396827906&CODE_STATE=getMsg HTTP/1.1" 200 27
222.69.133.181 - - [11/May/2024:11:07:08 +0800] "GET /xingrg/check_reg.html?_=1715396828805 HTTP/1.1" 200 22
116.238.97.31 - - [11/May/2024:11:07:08 +0800] "GET /xingrg/all/function/internal_message.html?_=1715396832490&CODE_STATE=getMsg HTTP/1.1" 200 27
101.80.230.31 - - [11/May/2024:11:07:09 +0800] "GET /xingrg/kc/buy/cgsh_order_operate.html?command=get_materiel&rest_code=00156&code=00101009113&supplier_code=00100012&order_time=2024-05-11 HTTP/1.1" 200 413
101.83.240.18 - - [11/May/2024:11:07:10 +0800] "GET /xingrg/all/function/internal_message.html?_=1715396828539&CODE_STATE=getMsg HTTP/1.1" 200 27
116.237.73.213 - - [11/May/2024:11:07:11 +0800] "GET /xingrg/kc/buy/cgsh_order_operate.html?command=get_materiel&rest_code=00106&code=00101008356&supplier_code=00100008&order_time=2024-05-11 HTTP/1.1" 200 429
116.238.97.31 - - [11/May/2024:11:07:11 +0800] "GET /xingrg/check_reg.html?_=1715396835283 HTTP/1.1" 200 22
180.164.6.225 - - [11/May/2024:11:07:14 +0800] "GET /xingrg/all/function/internal_message.html?_=1715396833175&CODE_STATE=getMsg HTTP/1.1" 200 27
116.232.195.13 - - [11/May/2024:11:07:17 +0800] "GET /xingrg/all/function/internal_message.html?_=1715396808984&CODE_STATE=getMsg HTTP/1.1" 200 27
101.83.144.49 - - [11/May/2024:11:07:19 +0800] "GET /xingrg/all/function/internal_message.html?_=1715396586757&CODE_STATE=getMsg HTTP/1.1" 200 27
120.253.135.82 - - [11/May/2024:11:07:20 +0800] "GET /xingrg/all/function/internal_message.html?_=1715397025584&CODE_STATE=getMsg HTTP/1.1" 200 27
116.232.195.13 - - [11/May/2024:11:07:22 +0800] "GET /xingrg/all/function/internal_message.html?_=1715396813170&CODE_STATE=getMsg HTTP/1.1" 200 27
101.80.230.31 - - [11/May/2024:11:07:23 +0800] "POST /xingrg/kc/buy/cgsh_order_operate.html HTTP/1.1" 200 37
116.237.73.213 - - [11/May/2024:11:07:25 +0800] "GET /xingrg/kc/buy/cgsh_order_operate.html?command=get_materiel&rest_code=00106&code=00101008137&supplier_code=00100008&order_time=2024-05-11 HTTP/1.1" 200 423
101.80.230.31 - - [11/May/2024:11:07:25 +0800] "POST /xingrg/kc/buy/cgsh_order_operate.html HTTP/1.1" 200 4430
101.80.230.31 - - [11/May/2024:11:07:28 +0800] "GET /xingrg/kc/print/load_config.html?kc_code=cgsh HTTP/1.1" 200 1927
101.80.230.31 - - [11/May/2024:11:07:28 +0800] "GET /xingrg/kc/print/load_data.html?order_code=212024051102900&kc_code=cgsh&condition= HTTP/1.1" 200 1435
114.95.253.235 - - [11/May/2024:11:07:34 +0800] "GET /xingrg/all/function/internal_message.html?_=1715396853742&CODE_STATE=getMsg HTTP/1.1" 200 27
221.239.168.119 - - [11/May/2024:11:07:35 +0800] "GET /xingrg/check_reg.html?_=1715396852368 HTTP/1.1" 200 22
221.239.168.119 - - [11/May/2024:11:07:35 +0800] "GET /xingrg/all/function/internal_message.html?_=1715396852385&CODE_STATE=getMsg HTTP/1.1" 200 27
101.80.230.31 - - [11/May/2024:11:07:36 +0800] "GET /xingrg/kc/buy/cgsh_order_add.html HTTP/1.1" 200 74672
101.80.230.31 - - [11/May/2024:11:07:36 +0800] "POST /xingrg/kc/buy/cgsh_order_operate.html HTTP/1.1" 200 8245
101.80.230.31 - - [11/May/2024:11:07:36 +0800] "GET /xingrg/javascript/easyui/themes/default/validatebox.css HTTP/1.1" 404 1104
101.80.230.31 - - [11/May/2024:11:07:36 +0800] "GET /xingrg/all/common/auto_word.html?type=employee&rest_code=00156 HTTP/1.1" 200 47
101.80.230.31 - - [11/May/2024:11:07:36 +0800] "GET /xingrg/all/common/auto_word.html?type=employee&rest_code=00156 HTTP/1.1" 200 47
120.253.135.82 - - [11/May/2024:11:07:40 +0800] "GET /xingrg/all/function/internal_message.html?_=1715396711171&CODE_STATE=getMsg HTTP/1.1" 200 27
116.232.195.13 - - [11/May/2024:11:07:41 +0800] "GET /xingrg/all/function/internal_message.html?_=1715396832362&CODE_STATE=getMsg HTTP/1.1" 200 27
116.232.195.13 - - [11/May/2024:11:07:41 +0800] "GET /xingrg/check_reg.html?_=1715396832365 HTTP/1.1" 200 22
101.80.230.31 - - [11/May/2024:11:07:42 +0800] "GET /xingrg/javascript/jquery_tools/images/prev.gif HTTP/1.1" 404 1086
101.80.230.31 - - [11/May/2024:11:07:42 +0800] "GET /xingrg/javascript/jquery_tools/images/next.gif HTTP/1.1" 404 1086
101.83.144.49 - - [11/May/2024:11:07:43 +0800] "GET /xingrg/all/function/internal_message.html?_=1715396864506&CODE_STATE=getMsg HTTP/1.1" 200 27
116.237.73.213 - - [11/May/2024:11:07:45 +0800] "GET /xingrg/all/function/internal_message.html?_=1715396861246&CODE_STATE=getMsg HTTP/1.1" 200 27
101.80.230.31 - - [11/May/2024:11:07:51 +0800] "GET /xingrg/kc/buy/cgsh_order_operate.html?command=get_materiel&rest_code=00156&code=00101008024&supplier_code=00100651&order_time=2024-05-11 HTTP/1.1" 200 408
101.80.230.31 - - [11/May/2024:11:07:51 +0800] "GET /xingrg/all/function/internal_message.html?_=1715396881397&CODE_STATE=getMsg HTTP/1.1" 200 27
116.238.97.31 - - [11/May/2024:11:07:55 +0800] "GET /xingrg/all/function/internal_message.html?_=1715396875752&CODE_STATE=getMsg HTTP/1.1" 200 27
116.232.195.13 - - [11/May/2024:11:07:57 +0800] "GET /xingrg/all/function/internal_message.html?_=1715396848389&CODE_STATE=getMsg HTTP/1.1" 200 27
116.237.73.213 - - [11/May/2024:11:08:00 +0800] "GET /xingrg/kc/buy/cgsh_order_operate.html?command=get_materiel&rest_code=00106&code=00101008286&supplier_code=00100008&order_time=2024-05-11 HTTP/1.1" 200 428
222.70.183.82 - - [11/May/2024:11:08:00 +0800] "GET /xingrg/all/function/internal_message.html?_=1715396880384&CODE_STATE=getMsg HTTP/1.1" 200 27
101.80.230.31 - - [11/May/2024:11:08:01 +0800] "GET /xingrg/kc/buy/cgsh_order_operate.html?command=get_materiel&rest_code=00156&code=00101008356&supplier_code=00100651&order_time=2024-05-11 HTTP/1.1" 200 428
116.237.73.213 - - [11/May/2024:11:08:02 +0800] "POST /xingrg/kc/buy/cgsh_order_operate.html HTTP/1.1" 200 2065
222.69.133.181 - - [11/May/2024:11:08:07 +0800] "GET /xingrg/all/function/internal_message.html?_=1715396887894&CODE_STATE=getMsg HTTP/1.1" 200 27
116.237.73.213 - - [11/May/2024:11:08:08 +0800] "GET /xingrg/kc/buy/cgsh_order_operate.html?command=get_materiel&rest_code=00106&code=00101008318&supplier_code=00100008&order_time=2024-05-11 HTTP/1.1" 200 408
116.238.97.31 - - [11/May/2024:11:08:08 +0800] "GET /xingrg/all/function/internal_message.html?_=1715396892487&CODE_STATE=getMsg HTTP/1.1" 200 27
101.83.240.18 - - [11/May/2024:11:08:10 +0800] "GET /xingrg/all/function/internal_message.html?_=1715396888525&CODE_STATE=getMsg HTTP/1.1" 200 27
101.80.230.31 - - [11/May/2024:11:08:13 +0800] "GET /xingrg/kc/buy/cgsh_order_operate.html?command=get_materiel&rest_code=00156&code=00101008318&supplier_code=00100651&order_time=2024-05-11 HTTP/1.1" 200 408
180.164.6.225 - - [11/May/2024:11:08:14 +0800] "GET /xingrg/all/function/internal_message.html?_=1715396893184&CODE_STATE=getMsg HTTP/1.1" 200 27
116.232.195.13 - - [11/May/2024:11:08:17 +0800] "GET /xingrg/all/function/internal_message.html?_=1715396868964&CODE_STATE=getMsg HTTP/1.1" 200 27
101.83.144.49 - - [11/May/2024:11:08:19 +0800] "GET /xingrg/all/function/internal_message.html?_=1715396646757&CODE_STATE=getMsg HTTP/1.1" 200 27
120.253.135.82 - - [11/May/2024:11:08:20 +0800] "GET /xingrg/all/function/internal_message.html?_=1715397085583&CODE_STATE=getMsg HTTP/1.1" 200 27
116.232.195.13 - - [11/May/2024:11:08:22 +0800] "GET /xingrg/all/function/internal_message.html?_=1715396873164&CODE_STATE=getMsg HTTP/1.1" 200 27
101.80.230.31 - - [11/May/2024:11:08:26 +0800] "GET /xingrg/kc/buy/cgsh_order_operate.html?command=get_materiel&rest_code=00156&code=00101008213&supplier_code=00100651&order_time=2024-05-11 HTTP/1.1" 200 427
116.237.73.213 - - [11/May/2024:11:08:30 +0800] "GET /xingrg/kc/buy/cgsh_order_operate.html?command=get_materiel&rest_code=00106&code=00101008163&supplier_code=00100008&order_time=2024-05-11 HTTP/1.1" 200 409
114.95.253.235 - - [11/May/2024:11:08:34 +0800] "GET /xingrg/all/function/internal_message.html?_=1715396913737&CODE_STATE=getMsg HTTP/1.1" 200 27
221.239.168.119 - - [11/May/2024:11:08:35 +0800] "GET /xingrg/all/function/internal_message.html?_=1715396912369&CODE_STATE=getMsg HTTP/1.1" 200 27
116.238.97.31 - - [11/May/2024:11:08:37 +0800] "GET /xingrg/check_reg.html?_=1715396917503 HTTP/1.1" 200 22
120.253.135.82 - - [11/May/2024:11:08:41 +0800] "GET /xingrg/all/function/internal_message.html?_=1715396771195&CODE_STATE=getMsg HTTP/1.1" 200 27
116.232.195.13 - - [11/May/2024:11:08:41 +0800] "GET /xingrg/all/function/internal_message.html?_=1715396892357&CODE_STATE=getMsg HTTP/1.1" 200 27
101.83.144.49 - - [11/May/2024:11:08:43 +0800] "GET /xingrg/all/function/internal_message.html?_=1715396924508&CODE_STATE=getMsg HTTP/1.1" 200 27
116.237.73.213 - - [11/May/2024:11:08:45 +0800] "GET /xingrg/all/function/internal_message.html?_=1715396921249&CODE_STATE=getMsg HTTP/1.1" 200 27
116.237.73.213 - - [11/May/2024:11:08:45 +0800] "GET /xingrg/kc/buy/cgsh_order_operate.html?command=get_materiel&rest_code=00106&code=00101008357&supplier_code=00100008&order_time=2024-05-11 HTTP/1.1" 200 408
222.67.233.39 - - [11/May/2024:11:08:50 +0800] "GET /xingrg/check_reg.html?_=1715396930157 HTTP/1.1" 200 22
101.80.230.31 - - [11/May/2024:11:08:51 +0800] "GET /xingrg/all/function/internal_message.html?_=1715396941399&CODE_STATE=getMsg HTTP/1.1" 200 27
116.238.97.31 - - [11/May/2024:11:08:55 +0800] "GET /xingrg/all/function/internal_message.html?_=1715396935736&CODE_STATE=getMsg HTTP/1.1" 200 27
116.237.73.213 - - [11/May/2024:11:08:56 +0800] "GET /xingrg/kc/buy/cgsh_order_operate.html?command=get_materiel&rest_code=00106&code=00101015054&supplier_code=00100008&order_time=2024-05-11 HTTP/1.1" 200 423
116.232.195.13 - - [11/May/2024:11:08:57 +0800] "GET /xingrg/all/function/internal_message.html?_=1715396908372&CODE_STATE=getMsg HTTP/1.1" 200 27
222.70.183.82 - - [11/May/2024:11:09:00 +0800] "GET /xingrg/all/function/internal_message.html?_=1715396940367&CODE_STATE=getMsg HTTP/1.1" 200 27
114.89.67.151 - - [11/May/2024:11:09:05 +0800] "GET /xingrg/check_reg.html?_=1715396945163 HTTP/1.1" 200 22
222.69.133.181 - - [11/May/2024:11:09:07 +0800] "GET /xingrg/all/function/internal_message.html?_=1715396947876&CODE_STATE=getMsg HTTP/1.1" 200 27
221.239.168.119 - - [11/May/2024:11:09:08 +0800] "POST /xingrg/all/report/load_report_page.html HTTP/1.1" 200 30002
116.238.97.31 - - [11/May/2024:11:09:08 +0800] "GET /xingrg/all/function/internal_message.html?_=1715396952510&CODE_STATE=getMsg HTTP/1.1" 200 27
221.239.168.119 - - [11/May/2024:11:09:08 +0800] "GET /xingrg/servlets/image?cache=0.5606146341143413&image=px HTTP/1.1" 200 807
116.237.73.213 - - [11/May/2024:11:09:09 +0800] "GET /xingrg/kc/buy/cgsh_order_operate.html?command=get_materiel&rest_code=00106&code=00101008155&supplier_code=00100008&order_time=2024-05-11 HTTP/1.1" 200 428
101.83.240.18 - - [11/May/2024:11:09:10 +0800] "GET /xingrg/all/function/internal_message.html?_=1715396948507&CODE_STATE=getMsg HTTP/1.1" 200 27
180.164.6.225 - - [11/May/2024:11:09:14 +0800] "GET /xingrg/check_reg.html?_=1715396953187 HTTP/1.1" 200 22
180.164.6.225 - - [11/May/2024:11:09:14 +0800] "GET /xingrg/all/function/internal_message.html?_=1715396953188&CODE_STATE=getMsg HTTP/1.1" 200 27
116.232.195.13 - - [11/May/2024:11:09:17 +0800] "GET /xingrg/all/function/internal_message.html?_=1715396928963&CODE_STATE=getMsg HTTP/1.1" 200 27
116.232.195.13 - - [11/May/2024:11:09:17 +0800] "GET /xingrg/check_reg.html?_=1715396929041 HTTP/1.1" 200 22
101.83.144.49 - - [11/May/2024:11:09:19 +0800] "GET /xingrg/all/function/internal_message.html?_=1715396706757&CODE_STATE=getMsg HTTP/1.1" 200 27
116.237.73.213 - - [11/May/2024:11:09:19 +0800] "GET /xingrg/kc/buy/cgsh_order_operate.html?command=get_materiel&rest_code=00106&code=00101008244&supplier_code=00100008&order_time=2024-05-11 HTTP/1.1" 200 408
120.253.135.82 - - [11/May/2024:11:09:20 +0800] "GET /xingrg/all/function/internal_message.html?_=1715397145583&CODE_STATE=getMsg HTTP/1.1" 200 27
221.239.168.119 - - [11/May/2024:11:09:21 +0800] "POST /xingrg/all/report/report_print.html HTTP/1.1" 302 -
221.239.168.119 - - [11/May/2024:11:09:22 +0800] "GET /xingrg/servlets/html?sysBaseUrl=http%3A%2F%2F180.169.147.146%3A18081%2Fxingrg%2F&costTime=971×tamp=1715396961989 HTTP/1.1" 200 30428
221.239.168.119 - - [11/May/2024:11:09:22 +0800] "GET /xingrg/servlets/image?image=px HTTP/1.1" 200 807
116.232.195.13 - - [11/May/2024:11:09:22 +0800] "GET /xingrg/all/function/internal_message.html?_=1715396933160&CODE_STATE=getMsg HTTP/1.1" 200 27
221.239.168.119 - - [11/May/2024:11:09:22 +0800] "GET /favicon.ico HTTP/1.1" 404 -
116.237.73.213 - - [11/May/2024:11:09:31 +0800] "POST /xingrg/kc/buy/cgsh_order_operate.html HTTP/1.1" 200 2065
114.95.253.235 - - [11/May/2024:11:09:34 +0800] "GET /xingrg/check_reg.html?_=1715396973734 HTTP/1.1" 200 22
114.95.253.235 - - [11/May/2024:11:09:34 +0800] "GET /xingrg/all/function/internal_message.html?_=1715396973736&CODE_STATE=getMsg HTTP/1.1" 200 27
221.239.168.119 - - [11/May/2024:11:09:35 +0800] "GET /xingrg/all/function/internal_message.html?_=1715396972360&CODE_STATE=getMsg HTTP/1.1" 200 27
101.80.230.31 - - [11/May/2024:11:09:37 +0800] "GET /xingrg/kc/buy/cgsh_order_operate.html?command=get_materiel&rest_code=00156&code=00101008118&supplier_code=00100651&order_time=2024-05-11 HTTP/1.1" 200 418
116.237.73.213 - - [11/May/2024:11:09:38 +0800] "GET /xingrg/kc/buy/cgsh_order_operate.html?command=get_materiel&rest_code=00106&code=00101008005&supplier_code=00100008&order_time=2024-05-11 HTTP/1.1" 200 433
120.253.135.82 - - [11/May/2024:11:09:41 +0800] "GET /xingrg/all/function/internal_message.html?_=1715396831214&CODE_STATE=getMsg HTTP/1.1" 200 27
116.232.195.13 - - [11/May/2024:11:09:41 +0800] "GET /xingrg/all/function/internal_message.html?_=1715396952372&CODE_STATE=getMsg HTTP/1.1" 200 27
101.83.240.18 - - [11/May/2024:11:09:42 +0800] "GET /xingrg/kc/buy/cgsh_order_operate.html?command=get_materiel&rest_code=00149&code=00101007095&supplier_code=00100323&order_time=2024-05-10 HTTP/1.1" 200 415
101.83.144.49 - - [11/May/2024:11:09:43 +0800] "GET /xingrg/all/function/internal_message.html?_=1715396984509&CODE_STATE=getMsg HTTP/1.1" 200 27
116.237.73.213 - - [11/May/2024:11:09:45 +0800] "GET /xingrg/all/function/internal_message.html?_=1715396981288&CODE_STATE=getMsg HTTP/1.1" 200 27
101.80.230.31 - - [11/May/2024:11:09:47 +0800] "GET /xingrg/kc/buy/cgsh_order_operate.html?command=get_materiel&rest_code=00156&code=00101008696&supplier_code=00100651&order_time=2024-05-11 HTTP/1.1" 200 412
116.237.73.213 - - [11/May/2024:11:09:50 +0800] "GET /xingrg/kc/buy/cgsh_order_operate.html?command=get_materiel&rest_code=00106&code=00101008078&supplier_code=00100008&order_time=2024-05-11 HTTP/1.1" 200 416
101.80.230.31 - - [11/May/2024:11:09:51 +0800] "GET /xingrg/all/function/internal_message.html?_=1715397001405&CODE_STATE=getMsg HTTP/1.1" 200 27
116.238.97.31 - - [11/May/2024:11:09:55 +0800] "GET /xingrg/all/function/internal_message.html?_=1715396995722&CODE_STATE=getMsg HTTP/1.1" 200 27
116.232.195.13 - - [11/May/2024:11:09:57 +0800] "GET /xingrg/all/function/internal_message.html?_=1715396968359&CODE_STATE=getMsg HTTP/1.1" 200 27
116.237.73.213 - - [11/May/2024:11:09:59 +0800] "GET /xingrg/kc/buy/cgsh_order_operate.html?command=get_materiel&rest_code=00106&code=00101008113&supplier_code=00100008&order_time=2024-05-11 HTTP/1.1" 200 428
222.70.183.82 - - [11/May/2024:11:10:00 +0800] "GET /xingrg/all/function/internal_message.html?_=1715397000350&CODE_STATE=getMsg HTTP/1.1" 200 27
222.70.183.82 - - [11/May/2024:11:10:01 +0800] "GET /xingrg/check_reg.html?_=1715397000694 HTTP/1.1" 200 22
101.83.240.18 - - [11/May/2024:11:10:02 +0800] "GET /xingrg/kc/buy/cgsh_order_operate.html?command=get_materiel&rest_code=00149&code=00101010302&supplier_code=00100323&order_time=2024-05-10 HTTP/1.1" 200 428
222.69.133.181 - - [11/May/2024:11:10:07 +0800] "GET /xingrg/all/function/internal_message.html?_=1715397007868&CODE_STATE=getMsg HTTP/1.1" 200 27
116.238.97.31 - - [11/May/2024:11:10:08 +0800] "GET /xingrg/all/function/internal_message.html?_=1715397012506&CODE_STATE=getMsg HTTP/1.1" 200 27
101.83.240.18 - - [11/May/2024:11:10:10 +0800] "GET /xingrg/all/function/internal_message.html?_=1715397008492&CODE_STATE=getMsg HTTP/1.1" 200 27
116.237.73.213 - - [11/May/2024:11:10:12 +0800] "POST /xingrg/kc/buy/cgsh_order_operate.html HTTP/1.1" 200 37
101.80.230.31 - - [11/May/2024:11:10:13 +0800] "GET /xingrg/kc/buy/cgsh_order_operate.html?command=get_materiel&rest_code=00156&code=00101008286&supplier_code=00100651&order_time=2024-05-11 HTTP/1.1" 200 428
180.164.6.225 - - [11/May/2024:11:10:14 +0800] "GET /xingrg/all/function/internal_message.html?_=1715397013184&CODE_STATE=getMsg HTTP/1.1" 200 27
116.237.73.213 - - [11/May/2024:11:10:16 +0800] "POST /xingrg/kc/buy/cgsh_order_operate.html HTTP/1.1" 200 40511
116.232.195.13 - - [11/May/2024:11:10:17 +0800] "GET /xingrg/all/function/internal_message.html?_=1715396988948&CODE_STATE=getMsg HTTP/1.1" 200 27
101.83.144.49 - - [11/May/2024:11:10:19 +0800] "GET /xingrg/check_reg.html?_=1715396766757 HTTP/1.1" 200 22
101.83.144.49 - - [11/May/2024:11:10:19 +0800] "GET /xingrg/all/function/internal_message.html?_=1715396766760&CODE_STATE=getMsg HTTP/1.1" 200 27
101.83.240.18 - - [11/May/2024:11:10:20 +0800] "GET /xingrg/kc/buy/cgsh_order_operate.html?command=get_materiel&rest_code=00149&code=00101020115&supplier_code=00100323&order_time=2024-05-10 HTTP/1.1" 200 409
120.253.135.82 - - [11/May/2024:11:10:20 +0800] "GET /xingrg/all/function/internal_message.html?_=1715397205584&CODE_STATE=getMsg HTTP/1.1" 200 27
116.232.195.13 - - [11/May/2024:11:10:22 +0800] "GET /xingrg/all/function/internal_message.html?_=1715396993166&CODE_STATE=getMsg HTTP/1.1" 200 27
116.232.195.13 - - [11/May/2024:11:10:22 +0800] "GET /xingrg/check_reg.html?_=1715396993168 HTTP/1.1" 200 22
101.83.240.18 - - [11/May/2024:11:10:31 +0800] "GET /xingrg/kc/buy/cgsh_order_operate.html?command=get_materiel&rest_code=00149&code=00101004069&supplier_code=00100323&order_time=2024-05-10 HTTP/1.1" 200 418
114.95.253.235 - - [11/May/2024:11:10:34 +0800] "GET /xingrg/all/function/internal_message.html?_=1715397033746&CODE_STATE=getMsg HTTP/1.1" 200 27
221.239.168.119 - - [11/May/2024:11:10:35 +0800] "GET /xingrg/all/function/internal_message.html?_=1715397032385&CODE_STATE=getMsg HTTP/1.1" 200 27
120.253.135.82 - - [11/May/2024:11:10:40 +0800] "GET /xingrg/check_reg.html?_=1715396891066 HTTP/1.1" 200 22
120.253.135.82 - - [11/May/2024:11:10:41 +0800] "GET /xingrg/all/function/internal_message.html?_=1715396891227&CODE_STATE=getMsg HTTP/1.1" 200 27
116.232.195.13 - - [11/May/2024:11:10:41 +0800] "GET /xingrg/all/function/internal_message.html?_=1715397012368&CODE_STATE=getMsg HTTP/1.1" 200 27
101.83.144.49 - - [11/May/2024:11:10:43 +0800] "GET /xingrg/all/function/internal_message.html?_=1715397044509&CODE_STATE=getMsg HTTP/1.1" 200 27
116.237.73.213 - - [11/May/2024:11:10:45 +0800] "GET /xingrg/all/function/internal_message.html?_=1715397041271&CODE_STATE=getMsg HTTP/1.1" 200 27
101.83.240.18 - - [11/May/2024:11:10:47 +0800] "GET /xingrg/kc/buy/cgsh_order_operate.html?command=get_materiel&rest_code=00149&code=00101001079&supplier_code=00100323&order_time=2024-05-10 HTTP/1.1" 200 413
101.80.230.31 - - [11/May/2024:11:10:51 +0800] "GET /xingrg/all/function/internal_message.html?_=1715397061410&CODE_STATE=getMsg HTTP/1.1" 200 27
101.80.230.31 - - [11/May/2024:11:10:51 +0800] "GET /xingrg/check_reg.html?_=1715397061411 HTTP/1.1" 200 22
116.238.97.31 - - [11/May/2024:11:10:55 +0800] "GET /xingrg/all/function/internal_message.html?_=1715397055717&CODE_STATE=getMsg HTTP/1.1" 200 27
116.232.195.13 - - [11/May/2024:11:10:57 +0800] "GET /xingrg/all/function/internal_message.html?_=1715397028333&CODE_STATE=getMsg HTTP/1.1" 200 27
222.70.183.82 - - [11/May/2024:11:11:00 +0800] "GET /xingrg/all/function/internal_message.html?_=1715397060333&CODE_STATE=getMsg HTTP/1.1" 200 27
101.83.240.18 - - [11/May/2024:11:11:01 +0800] "GET /xingrg/kc/buy/cgsh_order_operate.html?command=get_materiel&rest_code=00149&code=00101010449&supplier_code=00100323&order_time=2024-05-10 HTTP/1.1" 200 414
222.69.133.181 - - [11/May/2024:11:11:07 +0800] "GET /xingrg/all/function/internal_message.html?_=1715397067859&CODE_STATE=getMsg HTTP/1.1" 200 27
116.238.97.31 - - [11/May/2024:11:11:08 +0800] "GET /xingrg/all/function/internal_message.html?_=1715397072503&CODE_STATE=getMsg HTTP/1.1" 200 27
101.83.240.18 - - [11/May/2024:11:11:10 +0800] "GET /xingrg/all/function/internal_message.html?_=1715397068473&CODE_STATE=getMsg HTTP/1.1" 200 27
180.164.6.225 - - [11/May/2024:11:11:14 +0800] "GET /xingrg/all/function/internal_message.html?_=1715397073179&CODE_STATE=getMsg HTTP/1.1" 200 27
101.83.240.18 - - [11/May/2024:11:11:16 +0800] "GET /xingrg/kc/buy/cgsh_order_operate.html?command=get_materiel&rest_code=00149&code=00101006179&supplier_code=00100323&order_time=2024-05-10 HTTP/1.1" 200 421
116.232.195.13 - - [11/May/2024:11:11:17 +0800] "GET /xingrg/all/function/internal_message.html?_=1715397048921&CODE_STATE=getMsg HTTP/1.1" 200 27
101.83.144.49 - - [11/May/2024:11:11:19 +0800] "GET /xingrg/all/function/internal_message.html?_=1715396826760&CODE_STATE=getMsg HTTP/1.1" 200 27
120.253.135.82 - - [11/May/2024:11:11:20 +0800] "GET /xingrg/all/function/internal_message.html?_=1715397265586&CODE_STATE=getMsg HTTP/1.1" 200 27
120.253.135.82 - - [11/May/2024:11:11:20 +0800] "GET /xingrg/check_reg.html?_=1715397265587 HTTP/1.1" 200 22
116.232.195.13 - - [11/May/2024:11:11:22 +0800] "GET /xingrg/all/function/internal_message.html?_=1715397053153&CODE_STATE=getMsg HTTP/1.1" 200 27
114.95.253.235 - - [11/May/2024:11:11:34 +0800] "GET /xingrg/all/function/internal_message.html?_=1715397093739&CODE_STATE=getMsg HTTP/1.1" 200 27
221.239.168.119 - - [11/May/2024:11:11:35 +0800] "GET /xingrg/all/function/internal_message.html?_=1715397092380&CODE_STATE=getMsg HTTP/1.1" 200 27
101.83.240.18 - - [11/May/2024:11:11:40 +0800] "GET /xingrg/kc/buy/cgsh_order_operate.html?command=get_materiel&rest_code=00149&code=00101008203&supplier_code=00100323&order_time=2024-05-10 HTTP/1.1" 200 408
120.253.135.82 - - [11/May/2024:11:11:41 +0800] "GET /xingrg/all/function/internal_message.html?_=1715396951241&CODE_STATE=getMsg HTTP/1.1" 200 27
116.232.195.13 - - [11/May/2024:11:11:41 +0800] "GET /xingrg/all/function/internal_message.html?_=1715397072356&CODE_STATE=getMsg HTTP/1.1" 200 27
116.237.73.213 - - [11/May/2024:11:11:42 +0800] "GET /xingrg/check_reg.html?_=1715397099053 HTTP/1.1" 200 22
101.83.144.49 - - [11/May/2024:11:11:43 +0800] "GET /xingrg/check_reg.html?_=1715397104508 HTTP/1.1" 200 22
101.83.144.49 - - [11/May/2024:11:11:43 +0800] "GET /xingrg/all/function/internal_message.html?_=1715397104512&CODE_STATE=getMsg HTTP/1.1" 200 27
116.237.73.213 - - [11/May/2024:11:11:45 +0800] "GET /xingrg/all/function/internal_message.html?_=1715397101255&CODE_STATE=getMsg HTTP/1.1" 200 27
116.237.73.213 - - [11/May/2024:11:11:46 +0800] "POST /xingrg/kc/buy/cgsh_order_operate.html HTTP/1.1" 200 37
116.237.73.213 - - [11/May/2024:11:11:51 +0800] "POST /xingrg/kc/buy/cgsh_order_operate.html HTTP/1.1" 200 40511
101.80.230.31 - - [11/May/2024:11:11:51 +0800] "GET /xingrg/all/function/internal_message.html?_=1715397121410&CODE_STATE=getMsg HTTP/1.1" 200 27
101.83.240.18 - - [11/May/2024:11:11:54 +0800] "GET /xingrg/kc/buy/cgsh_order_operate.html?command=get_materiel&rest_code=00149&code=00101008496&supplier_code=00100323&order_time=2024-05-10 HTTP/1.1" 200 405
116.238.97.31 - - [11/May/2024:11:11:55 +0800] "GET /xingrg/all/function/internal_message.html?_=1715397115697&CODE_STATE=getMsg HTTP/1.1" 200 27
116.237.73.213 - - [11/May/2024:11:11:56 +0800] "GET /xingrg/kc/print/load_data.html?order_code=212024051102853&kc_code=cgsh HTTP/1.1" 200 14989
116.232.195.13 - - [11/May/2024:11:11:57 +0800] "GET /xingrg/all/function/internal_message.html?_=1715397088331&CODE_STATE=getMsg HTTP/1.1" 200 27
221.239.168.119 - - [11/May/2024:11:11:59 +0800] "POST /xingrg/dwr/call/plaincall/AjaxReportQueryService.refreshCache.dwr HTTP/1.1" 200 78
222.70.183.82 - - [11/May/2024:11:12:00 +0800] "GET /xingrg/all/function/internal_message.html?_=1715397120316&CODE_STATE=getMsg HTTP/1.1" 200 27
221.239.168.119 - - [11/May/2024:11:12:01 +0800] "POST /xingrg/all/report/load_report_page.html HTTP/1.1" 200 8944
221.239.168.119 - - [11/May/2024:11:12:01 +0800] "GET /xingrg/servlets/image?cache=0.7474595527780225&image=px HTTP/1.1" 200 807
116.232.195.13 - - [11/May/2024:11:12:02 +0800] "GET /xingrg/check_reg.html?_=1715397093319 HTTP/1.1" 200 22
101.83.240.18 - - [11/May/2024:11:12:04 +0800] "GET /xingrg/check_reg.html?_=1715397123004 HTTP/1.1" 200 22
222.69.133.181 - - [11/May/2024:11:12:07 +0800] "GET /xingrg/all/function/internal_message.html?_=1715397127848&CODE_STATE=getMsg HTTP/1.1" 200 27
222.69.133.181 - - [11/May/2024:11:12:08 +0800] "GET /xingrg/check_reg.html?_=1715397128808 HTTP/1.1" 200 22
116.238.97.31 - - [11/May/2024:11:12:08 +0800] "GET /xingrg/all/function/internal_message.html?_=1715397132500&CODE_STATE=getMsg HTTP/1.1" 200 27
101.83.240.18 - - [11/May/2024:11:12:09 +0800] "GET /xingrg/all/function/internal_message.html?_=1715397128457&CODE_STATE=getMsg HTTP/1.1" 200 27
116.238.97.31 - - [11/May/2024:11:12:11 +0800] "GET /xingrg/check_reg.html?_=1715397135292 HTTP/1.1" 200 22
180.164.6.225 - - [11/May/2024:11:12:14 +0800] "GET /xingrg/all/function/internal_message.html?_=1715397133172&CODE_STATE=getMsg HTTP/1.1" 200 27
116.232.195.13 - - [11/May/2024:11:12:17 +0800] "GET /xingrg/all/function/internal_message.html?_=1715397108916&CODE_STATE=getMsg HTTP/1.1" 200 27
101.83.144.49 - - [11/May/2024:11:12:19 +0800] "GET /xingrg/all/function/internal_message.html?_=1715396886760&CODE_STATE=getMsg HTTP/1.1" 200 27
120.253.135.82 - - [11/May/2024:11:12:20 +0800] "GET /xingrg/all/function/internal_message.html?_=1715397325585&CODE_STATE=getMsg HTTP/1.1" 200 27
116.232.195.13 - - [11/May/2024:11:12:22 +0800] "GET /xingrg/all/function/internal_message.html?_=1715397113172&CODE_STATE=getMsg HTTP/1.1" 200 27
101.83.240.18 - - [11/May/2024:11:12:32 +0800] "POST /xingrg/kc/buy/cgsh_order_operate.html HTTP/1.1" 200 37
114.95.253.235 - - [11/May/2024:11:12:34 +0800] "GET /xingrg/all/function/internal_message.html?_=1715397153738&CODE_STATE=getMsg HTTP/1.1" 200 27
221.239.168.119 - - [11/May/2024:11:12:35 +0800] "GET /xingrg/all/function/internal_message.html?_=1715397152376&CODE_STATE=getMsg HTTP/1.1" 200 27
221.239.168.119 - - [11/May/2024:11:12:35 +0800] "GET /xingrg/check_reg.html?_=1715397152377 HTTP/1.1" 200 22
101.83.240.18 - - [11/May/2024:11:12:39 +0800] "POST /xingrg/kc/buy/cgsh_order_operate.html HTTP/1.1" 200 12
221.239.168.119 - - [11/May/2024:11:12:40 +0800] "GET /xingrg/all/report/report_query.html?isQuery=1&fileName=kc/buy/wlcg_cate_hz.xml&queryString=(CONVERT(char(10)%252Ca.order_time%252C%2520120)%253E%253D'2024-04-01')%2520and%2520(CONVERT(char(10)%252Ca.order_time%252C%2520120)%253C%253D'2024-04-30')%2520and%2520(a.supplier_code%2520in%2520('00100554'))%2520and%2520(a.number%253E0%2520and%2520a.supplier_code%253D'00100554')&queryText=%25E3%2580%2590%25E9%2587%2587%25E8%25B4%25AD%25E6%2597%25A5%25E6%259C%259F%253A2024-04-01%2520%25E8%2587%25B3%25202024-04-30%25E3%2580%2591%2520%25E5%25B9%25B6%25E4%25B8%2594%2520%2520%25E3%2580%2590%25E4%25BE%259B%25E5%25BA%2594%25E5%2595%2586%2520%253D%2520%25E8%25B1%2586%25E5%2588%25B6%25E5%2593%2581%25EF%25BC%2588%25E6%259D%25BE%25E6%25B1%259F%25E7%2581%25AB%25E9%2594%2585%25EF%25BC%2589%25E3%2580%2591%2520%25E5%25B9%25B6%25E4%25B8%2594%2520%25E3%2580%2590%25E4%25BE%259B%25E5%25BA%2594%25E5%2595%2586%253D%25E8%25B1%2586%25E5%2588%25B6%25E5%2593%2581%25EF%25BC%2588%25E6%259D%25BE%25E6%25B1%259F%25E7%2581%25AB%25E9%2594%2585%25EF%25BC%2589%25E3%2580%2591 HTTP/1.1" 200 54496
221.239.168.119 - - [11/May/2024:11:12:40 +0800] "GET /xingrg/dwr/interface/AjaxReportQueryService.js HTTP/1.1" 200 13203
221.239.168.119 - - [11/May/2024:11:12:40 +0800] "GET /xingrg/dwr/engine.js HTTP/1.1" 200 43631
120.253.135.82 - - [11/May/2024:11:12:41 +0800] "GET /xingrg/all/function/internal_message.html?_=1715397011254&CODE_STATE=getMsg HTTP/1.1" 200 27
116.232.195.13 - - [11/May/2024:11:12:41 +0800] "GET /xingrg/all/function/internal_message.html?_=1715397132366&CODE_STATE=getMsg HTTP/1.1" 200 27
116.232.195.13 - - [11/May/2024:11:12:41 +0800] "GET /xingrg/check_reg.html?_=1715397132368 HTTP/1.1" 200 22
101.83.144.49 - - [11/May/2024:11:12:43 +0800] "GET /xingrg/all/function/internal_message.html?_=1715397164512&CODE_STATE=getMsg HTTP/1.1" 200 27
221.239.168.119 - - [11/May/2024:11:12:43 +0800] "POST /xingrg/all/report/load_report_page.html HTTP/1.1" 200 8712
221.239.168.119 - - [11/May/2024:11:12:43 +0800] "GET /xingrg/servlets/image?cache=0.9052632920845549&image=px HTTP/1.1" 200 807
116.237.73.213 - - [11/May/2024:11:12:45 +0800] "GET /xingrg/all/function/internal_message.html?_=1715397161235&CODE_STATE=getMsg HTTP/1.1" 200 27
101.83.240.18 - - [11/May/2024:11:12:46 +0800] "GET /xingrg/kc/buy/cgsh_order_info.html?code=212024051102901 HTTP/1.1" 200 69555
101.83.240.18 - - [11/May/2024:11:12:47 +0800] "GET /xingrg/javascript/easyui/themes/default/validatebox.css HTTP/1.1" 404 1104
101.83.240.18 - - [11/May/2024:11:12:48 +0800] "POST /xingrg/kc/buy/cgsh_order_operate.html HTTP/1.1" 200 5355
221.239.168.119 - - [11/May/2024:11:12:48 +0800] "POST /xingrg/all/report/load_report_page.html HTTP/1.1" 200 36609
221.239.168.119 - - [11/May/2024:11:12:48 +0800] "GET /xingrg/servlets/image?cache=0.5299152120823478&image=px HTTP/1.1" 200 807
101.83.240.18 - - [11/May/2024:11:12:51 +0800] "GET /xingrg/kc/print/load_data.html?order_code=212024051102901&kc_code=cgsh&condition= HTTP/1.1" 200 2534
101.80.230.31 - - [11/May/2024:11:12:51 +0800] "GET /xingrg/all/function/internal_message.html?_=1715397181417&CODE_STATE=getMsg HTTP/1.1" 200 27
221.239.168.119 - - [11/May/2024:11:12:53 +0800] "POST /xingrg/all/report/report_print.html HTTP/1.1" 302 -
221.239.168.119 - - [11/May/2024:11:12:53 +0800] "GET /xingrg/servlets/html?sysBaseUrl=http%3A%2F%2F180.169.147.146%3A18081%2Fxingrg%2F&costTime=1020×tamp=1715397173318 HTTP/1.1" 200 36596
221.239.168.119 - - [11/May/2024:11:12:53 +0800] "GET /xingrg/servlets/image?image=px HTTP/1.1" 200 807
221.239.168.119 - - [11/May/2024:11:12:53 +0800] "GET /favicon.ico HTTP/1.1" 404 -
116.238.97.31 - - [11/May/2024:11:12:55 +0800] "GET /xingrg/all/function/internal_message.html?_=1715397175675&CODE_STATE=getMsg HTTP/1.1" 200 27
116.232.195.13 - - [11/May/2024:11:12:57 +0800] "GET /xingrg/all/function/internal_message.html?_=1715397148302&CODE_STATE=getMsg HTTP/1.1" 200 27
222.70.183.82 - - [11/May/2024:11:13:00 +0800] "GET /xingrg/all/function/internal_message.html?_=1715397180299&CODE_STATE=getMsg HTTP/1.1" 200 27
101.83.240.18 - - [11/May/2024:11:13:03 +0800] "GET /xingrg/kc/buy/cgsh_order_add.html HTTP/1.1" 200 74681
101.83.240.18 - - [11/May/2024:11:13:04 +0800] "GET /xingrg/javascript/easyui/themes/default/validatebox.css HTTP/1.1" 404 1104
101.83.240.18 - - [11/May/2024:11:13:04 +0800] "POST /xingrg/kc/buy/cgsh_order_operate.html HTTP/1.1" 200 8245
222.69.133.181 - - [11/May/2024:11:13:07 +0800] "GET /xingrg/all/function/internal_message.html?_=1715397187844&CODE_STATE=getMsg HTTP/1.1" 200 27
116.238.97.31 - - [11/May/2024:11:13:08 +0800] "GET /xingrg/all/function/internal_message.html?_=1715397192497&CODE_STATE=getMsg HTTP/1.1" 200 27
101.83.240.18 - - [11/May/2024:11:13:09 +0800] "GET /xingrg/all/function/internal_message.html?_=1715397188430&CODE_STATE=getMsg HTTP/1.1" 200 27
101.83.240.18 - - [11/May/2024:11:13:14 +0800] "GET /xingrg/kc/buy/cgsh_order_operate.html?command=get_materiel&rest_code=00149&code=00101010511&supplier_code=00100322&order_time=2024-05-11 HTTP/1.1" 200 420
180.164.6.225 - - [11/May/2024:11:13:14 +0800] "GET /xingrg/all/function/internal_message.html?_=1715397193182&CODE_STATE=getMsg HTTP/1.1" 200 27
116.232.195.13 - - [11/May/2024:11:13:17 +0800] "GET /xingrg/all/function/internal_message.html?_=1715397168909&CODE_STATE=getMsg HTTP/1.1" 200 27
101.83.144.49 - - [11/May/2024:11:13:19 +0800] "GET /xingrg/all/function/internal_message.html?_=1715396946760&CODE_STATE=getMsg HTTP/1.1" 200 27
120.253.135.82 - - [11/May/2024:11:13:20 +0800] "GET /xingrg/all/function/internal_message.html?_=1715397385586&CODE_STATE=getMsg HTTP/1.1" 200 27
116.232.195.13 - - [11/May/2024:11:13:22 +0800] "GET /xingrg/all/function/internal_message.html?_=1715397173167&CODE_STATE=getMsg HTTP/1.1" 200 27
114.95.253.235 - - [11/May/2024:11:13:34 +0800] "GET /xingrg/all/function/internal_message.html?_=1715397213746&CODE_STATE=getMsg HTTP/1.1" 200 27
221.239.168.119 - - [11/May/2024:11:13:35 +0800] "GET /xingrg/all/function/internal_message.html?_=1715397212375&CODE_STATE=getMsg HTTP/1.1" 200 27
116.238.97.31 - - [11/May/2024:11:13:37 +0800] "GET /xingrg/check_reg.html?_=1715397217503 HTTP/1.1" 200 22
120.253.135.82 - - [11/May/2024:11:13:41 +0800] "GET /xingrg/all/function/internal_message.html?_=1715397071279&CODE_STATE=getMsg HTTP/1.1" 200 27
116.232.195.13 - - [11/May/2024:11:13:41 +0800] "GET /xingrg/all/function/internal_message.html?_=1715397192363&CODE_STATE=getMsg HTTP/1.1" 200 27
101.83.144.49 - - [11/May/2024:11:13:43 +0800] "GET /xingrg/all/function/internal_message.html?_=1715397224513&CODE_STATE=getMsg HTTP/1.1" 200 27
101.83.240.18 - - [11/May/2024:11:13:44 +0800] "POST /xingrg/kc/buy/cgsh_order_operate.html HTTP/1.1" 200 37
116.237.73.213 - - [11/May/2024:11:13:45 +0800] "GET /xingrg/all/function/internal_message.html?_=1715397221208&CODE_STATE=getMsg HTTP/1.1" 200 27
222.67.233.39 - - [11/May/2024:11:13:50 +0800] "GET /xingrg/check_reg.html?_=1715397230148 HTTP/1.1" 200 22
101.83.240.18 - - [11/May/2024:11:13:51 +0800] "POST /xingrg/kc/buy/cgsh_order_operate.html HTTP/1.1" 200 12
