116.232.195.13 - - [10/May/2024:11:08:21 +0800] "GET /xingrg/kc/buy/cgsh_order_operate.html?command=get_materiel&rest_code=00155&code=00101015100&supplier_code=00100327&order_time=2024-05-10 HTTP/1.1" 200 426
61.170.233.33 - - [10/May/2024:11:08:23 +0800] "GET /xingrg/all/function/internal_message.html?_=1715310500163&CODE_STATE=getMsg HTTP/1.1" 200 27
124.78.56.241 - - [10/May/2024:11:08:24 +0800] "POST /xingrg/kc/buy/cgsh_order_operate.html HTTP/1.1" 200 12
114.95.253.235 - - [10/May/2024:11:08:24 +0800] "GET /xingrg/kc/buy/cgsh_order_info.html?code=212024051002670 HTTP/1.1" 200 69491
114.95.253.235 - - [10/May/2024:11:08:25 +0800] "GET /xingrg/javascript/easyui/themes/default/validatebox.css HTTP/1.1" 404 1104
114.95.253.235 - - [10/May/2024:11:08:26 +0800] "POST /xingrg/kc/buy/cgsh_order_operate.html HTTP/1.1" 200 1807
124.78.56.241 - - [10/May/2024:11:08:26 +0800] "GET /xingrg/kc/buy/cgsh_order_info.html?code=212024051002671 HTTP/1.1" 200 69449
124.78.56.241 - - [10/May/2024:11:08:27 +0800] "GET /xingrg/javascript/easyui/themes/default/validatebox.css HTTP/1.1" 404 1104
124.78.56.241 - - [10/May/2024:11:08:28 +0800] "POST /xingrg/kc/buy/cgsh_order_operate.html HTTP/1.1" 200 610
114.95.253.235 - - [10/May/2024:11:08:28 +0800] "GET /xingrg/kc/print/load_data.html?order_code=212024051002670&kc_code=cgsh&condition= HTTP/1.1" 200 1168
124.78.56.241 - - [10/May/2024:11:08:29 +0800] "GET /xingrg/kc/print/load_data.html?order_code=212024051002671&kc_code=cgsh&condition= HTTP/1.1" 200 715
180.169.147.146 - - [10/May/2024:11:08:31 +0800] "GET /xingrg/all/function/internal_message.html?_=1715310511207&CODE_STATE=getMsg HTTP/1.1" 200 27
180.169.147.146 - - [10/May/2024:11:08:31 +0800] "GET /xingrg/check_reg.html?_=1715310511210 HTTP/1.1" 200 22
114.95.253.235 - - [10/May/2024:11:08:33 +0800] "GET /xingrg/kc/mdqp/pssh_order_list.html HTTP/1.1" 200 18148
61.170.233.33 - - [10/May/2024:11:08:33 +0800] "GET /xingrg/all/function/internal_message.html?_=1715310514829&CODE_STATE=getMsg HTTP/1.1" 200 27
61.170.233.33 - - [10/May/2024:11:08:33 +0800] "GET /xingrg/check_reg.html?_=1715310514864 HTTP/1.1" 200 22
120.253.135.82 - - [10/May/2024:11:08:33 +0800] "GET /xingrg/all/function/internal_message.html?_=1715310364117&CODE_STATE=getMsg HTTP/1.1" 200 27
114.95.253.235 - - [10/May/2024:11:08:34 +0800] "POST /xingrg/kc/mdqp/pssh_list_operate.html HTTP/1.1" 200 5373
124.78.56.241 - - [10/May/2024:11:08:34 +0800] "POST /xingrg/kc/buy/cgsh_order_operate.html HTTP/1.1" 200 8245
124.78.56.241 - - [10/May/2024:11:08:34 +0800] "GET /xingrg/javascript/easyui/themes/default/validatebox.css HTTP/1.1" 404 1104
116.232.195.13 - - [10/May/2024:11:08:35 +0800] "POST /xingrg/kc/buy/cgsh_order_operate.html HTTP/1.1" 200 37
116.232.195.13 - - [10/May/2024:11:08:37 +0800] "GET /xingrg/all/function/internal_message.html?_=1715310490902&CODE_STATE=getMsg HTTP/1.1" 200 27
114.95.253.235 - - [10/May/2024:11:08:37 +0800] "POST /xingrg/kc/mdqp/pssh_list_operate.html HTTP/1.1" 200 259
120.253.135.82 - - [10/May/2024:11:08:37 +0800] "GET /xingrg/kc/pszx/mdps_order_operate.html?command=get_materiel&pszx_code=00101&rest_code=00150&base_code=0010246&code=00101008598 HTTP/1.1" 200 438
116.238.97.31 - - [10/May/2024:11:08:41 +0800] "GET /xingrg/all/function/internal_message.html?_=1715310545351&CODE_STATE=getMsg HTTP/1.1" 200 27
101.83.144.49 - - [10/May/2024:11:08:42 +0800] "GET /xingrg/all/function/internal_message.html?_=1715310523995&CODE_STATE=getMsg HTTP/1.1" 200 27
61.170.233.33 - - [10/May/2024:11:08:42 +0800] "GET /xingrg/kc/buy/cgsh_order_operate.html?command=get_materiel&rest_code=00106&code=00101005037&supplier_code=00100631&order_time=2024-05-10 HTTP/1.1" 200 409
116.232.195.13 - - [10/May/2024:11:08:43 +0800] "GET /xingrg/all/function/internal_message.html?_=1715310497207&CODE_STATE=getMsg HTTP/1.1" 200 27
114.95.253.235 - - [10/May/2024:11:08:44 +0800] "POST /xingrg/kc/mdqp/pssh_list_operate.html HTTP/1.1" 200 258
124.78.56.241 - - [10/May/2024:11:08:46 +0800] "GET /xingrg/kc/buy/cgsh_order_operate.html?command=get_materiel&rest_code=00141&code=00101001309&supplier_code=00100331&order_time=2024-05-10 HTTP/1.1" 200 410
61.170.233.33 - - [10/May/2024:11:08:46 +0800] "GET /xingrg/kc/buy/cgsh_order_add.html HTTP/1.1" 200 74568
61.170.233.33 - - [10/May/2024:11:08:46 +0800] "POST /xingrg/kc/buy/cgsh_order_operate.html HTTP/1.1" 200 8245
61.170.233.33 - - [10/May/2024:11:08:47 +0800] "GET /xingrg/javascript/easyui/themes/default/validatebox.css HTTP/1.1" 404 1104
116.238.114.181 - - [10/May/2024:11:08:47 +0800] "GET /xingrg/all/report/report_query.html?isQuery=1&fileName=kc/base/crk_detail_by_small.xml&rh=99999&queryString=&queryText=%25E3%2580%2590%25E4%25BB%2593%25E5%25BA%2593%25E5%2590%258D%25E7%25A7%25B0%253A%25E5%258E%25A8%25E6%2588%25BF%25E3%2580%2591%25E3%2580%2590%25E4%25B8%259A%25E5%258A%25A1%25E7%25B1%25BB%25E5%259E%258B%25EF%25BC%259A%25E5%2586%2585%25E9%2583%25A8%25E8%25B0%2583%25E5%2585%25A5%25E3%2580%2591%2520%253F%253F%253F%253F%253F2024-04-01%253F%253F2024-04-30%2520%253F%253F%253F%253F%253F%253F%253F&tableQueryString=crk_table%2524sp1%2524order_day%2520between%252020240401%2520and%252020240430%2520and%2520(base_code%253D'0010889')%2520and%2520(src_order_type%2520in%2520(42))%2520and%2520(is_rk%2520in%2520(1)) HTTP/1.1" 200 53778
116.238.114.181 - - [10/May/2024:11:08:47 +0800] "GET /xingrg/dwr/interface/AjaxReportQueryService.js HTTP/1.1" 200 13203
116.238.114.181 - - [10/May/2024:11:08:47 +0800] "GET /xingrg/dwr/engine.js HTTP/1.1" 200 43631
116.238.97.31 - - [10/May/2024:11:08:47 +0800] "GET /xingrg/all/function/internal_message.html?_=1715310527452&CODE_STATE=getMsg HTTP/1.1" 200 27
116.238.114.181 - - [10/May/2024:11:08:48 +0800] "POST /xingrg/all/report/load_report_page.html HTTP/1.1" 200 43363
116.238.114.181 - - [10/May/2024:11:08:48 +0800] "GET /xingrg/servlets/image?cache=0.641676250720775&image=px HTTP/1.1" 200 807
222.69.130.33 - - [10/May/2024:11:08:49 +0800] "GET /xingrg/all/function/internal_message.html?_=1715310530742&CODE_STATE=getMsg HTTP/1.1" 200 27
116.238.114.181 - - [10/May/2024:11:08:50 +0800] "POST /xingrg/all/report/load_report_page.html HTTP/1.1" 200 220404
116.238.114.181 - - [10/May/2024:11:08:51 +0800] "GET /xingrg/servlets/image?cache=0.6196677829702905&image=px HTTP/1.1" 200 807
116.238.114.181 - - [10/May/2024:11:08:51 +0800] "GET /xingrg/all/function/internal_message.html?_=1715310533328&CODE_STATE=getMsg HTTP/1.1" 200 27
116.232.195.13 - - [10/May/2024:11:08:51 +0800] "POST /xingrg/kc/buy/cgsh_order_operate.html HTTP/1.1" 200 3261
61.170.233.33 - - [10/May/2024:11:08:52 +0800] "GET /xingrg/javascript/easyui/themes/default/tree.css HTTP/1.1" 404 1090
114.95.253.235 - - [10/May/2024:11:08:52 +0800] "GET /xingrg/all/function/internal_message.html?_=1715310532846&CODE_STATE=getMsg HTTP/1.1" 200 27
61.170.233.33 - - [10/May/2024:11:08:53 +0800] "POST /xingrg/all/common/load_tree.html?tree=supplier_tree_json&isDelete=1 HTTP/1.1" 200 80088
116.232.195.13 - - [10/May/2024:11:08:53 +0800] "GET /xingrg/kc/print/load_data.html?order_code=212024051002672&kc_code=cgsh&condition= HTTP/1.1" 200 919
180.169.147.146 - - [10/May/2024:11:08:54 +0800] "GET /xingrg/all/function/internal_message.html?_=1715310533439&CODE_STATE=getMsg HTTP/1.1" 302 -
124.78.56.241 - - [10/May/2024:11:08:54 +0800] "GET /xingrg/all/function/internal_message.html?_=1715310534811&CODE_STATE=getMsg HTTP/1.1" 200 27
124.78.56.241 - - [10/May/2024:11:08:54 +0800] "GET /xingrg/check_reg.html?_=1715310534894 HTTP/1.1" 200 22
120.253.135.82 - - [10/May/2024:11:08:57 +0800] "POST /xingrg/kc/pszx/mdps_list_operate.html HTTP/1.1" 200 2438
120.253.135.82 - - [10/May/2024:11:08:59 +0800] "POST /xingrg/kc/pszx/mdps_list_operate.html HTTP/1.1" 200 203
124.78.56.241 - - [10/May/2024:11:09:01 +0800] "POST /xingrg/kc/buy/cgsh_order_operate.html HTTP/1.1" 200 37
120.253.135.82 - - [10/May/2024:11:09:02 +0800] "POST /xingrg/kc/pszx/mdps_list_operate.html HTTP/1.1" 200 212
180.164.6.225 - - [10/May/2024:11:09:04 +0800] "GET /xingrg/all/function/internal_message.html?_=1715310543569&CODE_STATE=getMsg HTTP/1.1" 200 27
61.170.233.33 - - [10/May/2024:11:09:06 +0800] "POST /xingrg/kc/buy/cgsh_order_operate.html HTTP/1.1" 200 88
114.95.253.235 - - [10/May/2024:11:09:06 +0800] "GET /xingrg/kc/mdqp/pssh_order_info.html?code=312024051000206 HTTP/1.1" 200 17250
120.253.135.82 - - [10/May/2024:11:09:06 +0800] "GET /xingrg/kc/pszx/mdps_order_info.html?code=312024050900195 HTTP/1.1" 200 23982
114.95.253.235 - - [10/May/2024:11:09:06 +0800] "GET /xingrg/javascript/jquery_tools/jquery-1.4.2.min.js HTTP/1.1" 404 1094
114.95.253.235 - - [10/May/2024:11:09:07 +0800] "GET /xingrg/javascript/easyui/themes/default/validatebox.css HTTP/1.1" 404 1104
114.95.253.235 - - [10/May/2024:11:09:07 +0800] "GET /xingrg/all/common/auto_word.html?type=base&rest_code=00150&rest_code=00150 HTTP/1.1" 200 1853
114.95.253.235 - - [10/May/2024:11:09:07 +0800] "POST /xingrg/kc/mdqp/pssh_order_operate.html HTTP/1.1" 200 542
120.253.135.82 - - [10/May/2024:11:09:07 +0800] "GET /xingrg/javascript/easyui/themes/default/validatebox.css HTTP/1.1" 404 1104
120.253.135.82 - - [10/May/2024:11:09:07 +0800] "POST /xingrg/kc/pszx/mdps_order_operate.html HTTP/1.1" 200 2278
120.253.135.82 - - [10/May/2024:11:09:08 +0800] "GET /xingrg/javascript/jquery_tools/images/next.gif HTTP/1.1" 404 1086
120.253.135.82 - - [10/May/2024:11:09:08 +0800] "GET /xingrg/javascript/jquery_tools/images/prev.gif HTTP/1.1" 404 1086
61.170.233.33 - - [10/May/2024:11:09:09 +0800] "GET /xingrg/kc/buy/cgsh_order_operate.html?command=get_materiel&rest_code=00106&code=00101001310&supplier_code=00100322&order_time=2024-05-10 HTTP/1.1" 200 421
218.79.29.216 - - [10/May/2024:11:09:10 +0800] "GET /xingrg/all/function/internal_message.html?_=1715310559435&CODE_STATE=getMsg HTTP/1.1" 200 27
172.20.0.100 - - [10/May/2024:11:09:10 +0800] "GET /xingrg/all/function/internal_message.html?_=1715310550900&CODE_STATE=getMsg HTTP/1.1" 200 27
114.95.253.235 - - [10/May/2024:11:09:11 +0800] "POST /xingrg/all/common/load_combo.html?type=employee HTTP/1.1" 200 280
101.80.230.31 - - [10/May/2024:11:09:12 +0800] "GET /xingrg/all/function/internal_message.html?_=1715310559914&CODE_STATE=getMsg HTTP/1.1" 200 27
124.78.56.241 - - [10/May/2024:11:09:12 +0800] "POST /xingrg/kc/buy/cgsh_order_operate.html HTTP/1.1" 200 12
120.253.135.82 - - [10/May/2024:11:09:13 +0800] "POST /xingrg/kc/pszx/mdps_order_operate.html HTTP/1.1" 200 37
180.169.147.146 - - [10/May/2024:11:09:15 +0800] "GET /xingrg/all/function/internal_message.html?_=1715310555480&CODE_STATE=getMsg HTTP/1.1" 200 27
120.253.135.82 - - [10/May/2024:11:09:16 +0800] "GET /xingrg/kc/pszx/mdps_order_info.html?code=312024050900195 HTTP/1.1" 200 23982
124.78.56.241 - - [10/May/2024:11:09:16 +0800] "GET /xingrg/kc/buy/cgsh_order_info.html?code=212024051002673 HTTP/1.1" 200 69447
114.95.253.235 - - [10/May/2024:11:09:16 +0800] "POST /xingrg/kc/mdqp/pssh_order_operate.html HTTP/1.1" 200 37
124.78.56.241 - - [10/May/2024:11:09:16 +0800] "GET /xingrg/javascript/easyui/themes/default/validatebox.css HTTP/1.1" 404 1104
120.253.135.82 - - [10/May/2024:11:09:16 +0800] "GET /xingrg/javascript/easyui/themes/default/validatebox.css HTTP/1.1" 404 1104
120.253.135.82 - - [10/May/2024:11:09:17 +0800] "POST /xingrg/kc/pszx/mdps_order_operate.html HTTP/1.1" 200 2278
114.95.253.235 - - [10/May/2024:11:09:17 +0800] "POST /xingrg/kc/mdqp/pssh_order_operate.html HTTP/1.1" 200 542
114.95.253.235 - - [10/May/2024:11:09:18 +0800] "GET /xingrg/kc/print/load_config.html?kc_code=pssh HTTP/1.1" 200 2368
114.95.253.235 - - [10/May/2024:11:09:19 +0800] "GET /xingrg/all/function/internal_message.html?_=1715310559209&CODE_STATE=getMsg HTTP/1.1" 200 27
114.95.253.235 - - [10/May/2024:11:09:19 +0800] "GET /xingrg/kc/print/load_data.html?order_code=312024051000206&kc_code=pssh&condition= HTTP/1.1" 200 608
116.232.195.13 - - [10/May/2024:11:09:19 +0800] "GET /xingrg/all/function/internal_message.html?_=1715310533160&CODE_STATE=getMsg HTTP/1.1" 200 27
116.232.195.13 - - [10/May/2024:11:09:19 +0800] "GET /xingrg/check_reg.html?_=1715310533165 HTTP/1.1" 200 22
114.95.253.235 - - [10/May/2024:11:09:19 +0800] "GET /xingrg/check_reg.html?_=1715310559905 HTTP/1.1" 200 22
120.253.135.82 - - [10/May/2024:11:09:23 +0800] "POST /xingrg/kc/pszx/mdps_order_operate.html HTTP/1.1" 200 37
61.170.233.33 - - [10/May/2024:11:09:23 +0800] "GET /xingrg/all/function/internal_message.html?_=1715310560133&CODE_STATE=getMsg HTTP/1.1" 200 27
124.78.56.241 - - [10/May/2024:11:09:23 +0800] "POST /xingrg/kc/buy/cgsh_order_operate.html HTTP/1.1" 200 15
114.95.253.235 - - [10/May/2024:11:09:24 +0800] "GET /xingrg/kc/mdqp/pssh_order_list.html?isBack=1 HTTP/1.1" 200 18148
114.95.253.235 - - [10/May/2024:11:09:24 +0800] "POST /xingrg/kc/mdqp/pssh_list_operate.html HTTP/1.1" 200 5398
120.253.135.82 - - [10/May/2024:11:09:24 +0800] "GET /xingrg/kc/pszx/mdps_order_info.html?code=312024050900195 HTTP/1.1" 200 23982
120.253.135.82 - - [10/May/2024:11:09:25 +0800] "GET /xingrg/javascript/easyui/themes/default/validatebox.css HTTP/1.1" 404 1104
120.253.135.82 - - [10/May/2024:11:09:25 +0800] "POST /xingrg/kc/pszx/mdps_order_operate.html HTTP/1.1" 200 2278
114.95.253.235 - - [10/May/2024:11:09:26 +0800] "POST /xingrg/kc/mdqp/pssh_list_operate.html HTTP/1.1" 200 258
116.232.195.13 - - [10/May/2024:11:09:26 +0800] "GET /xingrg/kc/buy/cgsh_order_add.html HTTP/1.1" 200 74662
116.232.195.13 - - [10/May/2024:11:09:26 +0800] "POST /xingrg/kc/buy/cgsh_order_operate.html HTTP/1.1" 200 8245
116.232.195.13 - - [10/May/2024:11:09:26 +0800] "GET /xingrg/javascript/easyui/themes/default/validatebox.css HTTP/1.1" 404 1104
120.253.135.82 - - [10/May/2024:11:09:27 +0800] "GET /xingrg/kc/print/load_data.html?order_code=312024050900195&kc_code=mdps&condition= HTTP/1.1" 200 685
61.170.233.33 - - [10/May/2024:11:09:28 +0800] "POST /xingrg/kc/buy/cgsh_order_operate.html HTTP/1.1" 200 37
180.169.147.146 - - [10/May/2024:11:09:31 +0800] "GET /xingrg/all/function/internal_message.html?_=1715310571202&CODE_STATE=getMsg HTTP/1.1" 200 27
61.170.233.33 - - [10/May/2024:11:09:32 +0800] "POST /xingrg/kc/buy/cgsh_order_operate.html HTTP/1.1" 200 88
124.78.56.241 - - [10/May/2024:11:09:33 +0800] "GET /xingrg/kc/print/load_data.html?order_code=212024051002673&kc_code=cgsh&condition= HTTP/1.1" 200 706
114.95.253.235 - - [10/May/2024:11:09:33 +0800] "GET /xingrg/kc/mdqp/pssh_order_info.html?code=312024050900195 HTTP/1.1" 200 17256
114.95.253.235 - - [10/May/2024:11:09:33 +0800] "GET /xingrg/javascript/jquery_tools/jquery-1.4.2.min.js HTTP/1.1" 404 1094
114.95.253.235 - - [10/May/2024:11:09:33 +0800] "GET /xingrg/javascript/easyui/themes/default/validatebox.css HTTP/1.1" 404 1104
114.95.253.235 - - [10/May/2024:11:09:33 +0800] "POST /xingrg/kc/mdqp/pssh_order_operate.html HTTP/1.1" 200 528
120.253.135.82 - - [10/May/2024:11:09:33 +0800] "GET /xingrg/all/function/internal_message.html?_=1715310424125&CODE_STATE=getMsg HTTP/1.1" 200 27
120.253.135.82 - - [10/May/2024:11:09:36 +0800] "POST /xingrg/kc/pszx/mdps_list_operate.html HTTP/1.1" 200 2438
116.232.195.13 - - [10/May/2024:11:09:37 +0800] "GET /xingrg/check_reg.html?_=1715310550896 HTTP/1.1" 200 22
116.232.195.13 - - [10/May/2024:11:09:37 +0800] "GET /xingrg/all/function/internal_message.html?_=1715310550900&CODE_STATE=getMsg HTTP/1.1" 200 27
114.95.253.235 - - [10/May/2024:11:09:38 +0800] "POST /xingrg/all/common/load_combo.html?type=employee HTTP/1.1" 200 280
120.253.135.82 - - [10/May/2024:11:09:39 +0800] "POST /xingrg/kc/pszx/mdps_list_operate.html HTTP/1.1" 200 203
61.170.233.33 - - [10/May/2024:11:09:40 +0800] "POST /xingrg/kc/buy/cgsh_order_operate.html HTTP/1.1" 200 37
120.253.135.82 - - [10/May/2024:11:09:41 +0800] "GET /xingrg/kc/pszx/mdps_order_info.html?code=312024050900195 HTTP/1.1" 200 23982
116.238.97.31 - - [10/May/2024:11:09:41 +0800] "GET /xingrg/all/function/internal_message.html?_=1715310605344&CODE_STATE=getMsg HTTP/1.1" 200 27
120.253.135.82 - - [10/May/2024:11:09:41 +0800] "GET /xingrg/javascript/easyui/themes/default/validatebox.css HTTP/1.1" 404 1104
124.78.56.241 - - [10/May/2024:11:09:41 +0800] "POST /xingrg/kc/buy/cgsh_order_operate.html HTTP/1.1" 200 8245
101.83.144.49 - - [10/May/2024:11:09:42 +0800] "GET /xingrg/all/function/internal_message.html?_=1715310583967&CODE_STATE=getMsg HTTP/1.1" 200 27
114.95.253.235 - - [10/May/2024:11:09:42 +0800] "POST /xingrg/kc/mdqp/pssh_order_operate.html HTTP/1.1" 200 37
124.78.56.241 - - [10/May/2024:11:09:43 +0800] "GET /xingrg/javascript/easyui/themes/default/validatebox.css HTTP/1.1" 404 1104
61.170.233.33 - - [10/May/2024:11:09:43 +0800] "POST /xingrg/kc/buy/cgsh_order_operate.html HTTP/1.1" 200 2658
116.232.195.13 - - [10/May/2024:11:09:43 +0800] "GET /xingrg/all/function/internal_message.html?_=1715310557197&CODE_STATE=getMsg HTTP/1.1" 200 27
114.95.253.235 - - [10/May/2024:11:09:44 +0800] "POST /xingrg/kc/mdqp/pssh_order_operate.html HTTP/1.1" 200 528
61.170.233.33 - - [10/May/2024:11:09:45 +0800] "POST /xingrg/kc/buy/cgsh_order_operate.html HTTP/1.1" 200 12
120.253.135.82 - - [10/May/2024:11:09:45 +0800] "POST /xingrg/kc/pszx/mdps_order_operate.html HTTP/1.1" 200 2278
114.95.253.235 - - [10/May/2024:11:09:46 +0800] "GET /xingrg/kc/print/load_data.html?order_code=312024050900195&kc_code=pssh&condition= HTTP/1.1" 200 610
116.238.97.31 - - [10/May/2024:11:09:47 +0800] "GET /xingrg/all/function/internal_message.html?_=1715310587447&CODE_STATE=getMsg HTTP/1.1" 200 27
222.69.130.33 - - [10/May/2024:11:09:49 +0800] "GET /xingrg/all/function/internal_message.html?_=1715310590731&CODE_STATE=getMsg HTTP/1.1" 200 27
120.253.135.82 - - [10/May/2024:11:09:50 +0800] "POST /xingrg/kc/pszx/mdps_order_operate.html HTTP/1.1" 200 37
116.238.114.181 - - [10/May/2024:11:09:51 +0800] "GET /xingrg/all/function/internal_message.html?_=1715310593343&CODE_STATE=getMsg HTTP/1.1" 200 27
116.232.195.13 - - [10/May/2024:11:09:51 +0800] "GET /xingrg/kc/buy/cgsh_order_operate.html?command=get_materiel&rest_code=00155&code=00101001125&supplier_code=00100090&order_time=2024-05-10 HTTP/1.1" 200 415
61.170.233.33 - - [10/May/2024:11:09:51 +0800] "POST /xingrg/kc/buy/cgsh_order_operate.html HTTP/1.1" 200 37
114.95.253.235 - - [10/May/2024:11:09:51 +0800] "GET /xingrg/kc/mdqp/pssh_order_list.html?isBack=1 HTTP/1.1" 200 18148
114.95.253.235 - - [10/May/2024:11:09:52 +0800] "GET /xingrg/all/function/internal_message.html?_=1715310592826&CODE_STATE=getMsg HTTP/1.1" 200 27
180.169.147.146 - - [10/May/2024:11:09:54 +0800] "GET /xingrg/check_reg.html?_=1715310593436 HTTP/1.1" 302 -
180.169.147.146 - - [10/May/2024:11:09:54 +0800] "GET /xingrg/all/function/internal_message.html?_=1715310593437&CODE_STATE=getMsg HTTP/1.1" 302 -
120.253.135.82 - - [10/May/2024:11:09:54 +0800] "POST /xingrg/kc/pszx/mdps_order_operate.html HTTP/1.1" 200 12
124.78.56.241 - - [10/May/2024:11:09:54 +0800] "GET /xingrg/kc/buy/cgsh_order_operate.html?command=get_materiel&rest_code=00141&code=00101014005&supplier_code=00100323&order_time=2024-05-10 HTTP/1.1" 200 420
114.95.253.235 - - [10/May/2024:11:09:55 +0800] "POST /xingrg/kc/mdqp/pssh_list_operate.html HTTP/1.1" 200 5426
124.78.56.241 - - [10/May/2024:11:09:55 +0800] "GET /xingrg/all/function/internal_message.html?_=1715310594779&CODE_STATE=getMsg HTTP/1.1" 200 27
120.253.135.82 - - [10/May/2024:11:09:56 +0800] "GET /xingrg/kc/pszx/mdps_order_info.html?code=312024050900195 HTTP/1.1" 200 19642
120.253.135.82 - - [10/May/2024:11:09:57 +0800] "GET /xingrg/javascript/easyui/themes/default/validatebox.css HTTP/1.1" 404 1104
120.253.135.82 - - [10/May/2024:11:09:57 +0800] "POST /xingrg/kc/pszx/mdps_order_operate.html HTTP/1.1" 200 498
114.95.253.235 - - [10/May/2024:11:09:59 +0800] "GET /xingrg/kc/base/wldb_order_list.html HTTP/1.1" 200 19180
114.95.253.235 - - [10/May/2024:11:09:59 +0800] "POST /xingrg/kc/mdqp/pssh_list_operate.html HTTP/1.1" 200 2274
114.95.253.235 - - [10/May/2024:11:10:00 +0800] "POST /xingrg/kc/base/wldb_list_operate.html HTTP/1.1" 200 928
61.170.233.33 - - [10/May/2024:11:10:00 +0800] "POST /xingrg/kc/buy/cgsh_order_operate.html HTTP/1.1" 200 12
61.170.233.33 - - [10/May/2024:11:10:02 +0800] "GET /xingrg/kc/buy/cgsh_order_info.html?code=212024051002677 HTTP/1.1" 200 69433
61.170.233.33 - - [10/May/2024:11:10:03 +0800] "GET /xingrg/javascript/easyui/themes/default/validatebox.css HTTP/1.1" 404 1104
61.170.233.33 - - [10/May/2024:11:10:04 +0800] "POST /xingrg/kc/buy/cgsh_order_operate.html HTTP/1.1" 200 608
180.164.6.225 - - [10/May/2024:11:10:04 +0800] "GET /xingrg/all/function/internal_message.html?_=1715310603556&CODE_STATE=getMsg HTTP/1.1" 200 27
180.164.6.225 - - [10/May/2024:11:10:05 +0800] "GET /xingrg/check_reg.html?_=1715310604874 HTTP/1.1" 200 22
61.170.233.33 - - [10/May/2024:11:10:06 +0800] "GET /xingrg/kc/print/load_data.html?order_code=212024051002677&kc_code=cgsh&condition= HTTP/1.1" 200 690
116.232.195.13 - - [10/May/2024:11:10:09 +0800] "GET /xingrg/kc/buy/cgsh_order_operate.html?command=get_materiel&rest_code=00155&code=00101001037&supplier_code=00100090&order_time=2024-05-10 HTTP/1.1" 200 416
124.78.56.241 - - [10/May/2024:11:10:10 +0800] "GET /xingrg/kc/buy/cgsh_order_operate.html?command=get_materiel&rest_code=00141&code=00101006021&supplier_code=00100323&order_time=2024-05-10 HTTP/1.1" 200 429
218.79.29.216 - - [10/May/2024:11:10:10 +0800] "GET /xingrg/all/function/internal_message.html?_=1715310619433&CODE_STATE=getMsg HTTP/1.1" 200 27
172.20.0.100 - - [10/May/2024:11:10:10 +0800] "GET /xingrg/all/function/internal_message.html?_=1715310610894&CODE_STATE=getMsg HTTP/1.1" 200 27
114.95.253.235 - - [10/May/2024:11:10:12 +0800] "GET /xingrg/kc/base/wldb_order_add.html HTTP/1.1" 200 30649
101.80.230.31 - - [10/May/2024:11:10:12 +0800] "GET /xingrg/all/function/internal_message.html?_=1715310619909&CODE_STATE=getMsg HTTP/1.1" 200 27
101.80.230.31 - - [10/May/2024:11:10:12 +0800] "GET /xingrg/check_reg.html?_=1715310619912 HTTP/1.1" 200 22
114.95.253.235 - - [10/May/2024:11:10:12 +0800] "POST /xingrg/kc/base/wldb_order_operate.html HTTP/1.1" 200 6806
114.95.253.235 - - [10/May/2024:11:10:12 +0800] "GET /xingrg/javascript/easyui/themes/default/validatebox.css HTTP/1.1" 404 1104
114.95.253.235 - - [10/May/2024:11:10:12 +0800] "GET /xingrg/all/common/auto_word.html?type=base&rest_code=00150 HTTP/1.1" 200 1853
114.95.253.235 - - [10/May/2024:11:10:12 +0800] "GET /xingrg/all/common/auto_word.html?type=base&rest_code=00150 HTTP/1.1" 200 1853
61.170.233.33 - - [10/May/2024:11:10:12 +0800] "GET /xingrg/kc/buy/cgsh_order_add.html HTTP/1.1" 200 74568
101.80.230.31 - - [10/May/2024:11:10:13 +0800] "GET /xingrg/kc/report/report_main.html HTTP/1.1" 200 7340
61.170.233.33 - - [10/May/2024:11:10:13 +0800] "POST /xingrg/kc/buy/cgsh_order_operate.html HTTP/1.1" 200 8245
61.170.233.33 - - [10/May/2024:11:10:13 +0800] "GET /xingrg/javascript/easyui/themes/default/validatebox.css HTTP/1.1" 404 1104
61.170.233.33 - - [10/May/2024:11:10:14 +0800] "GET /xingrg/javascript/easyui/themes/default/tree.css HTTP/1.1" 404 1090
180.169.147.146 - - [10/May/2024:11:10:15 +0800] "GET /xingrg/all/function/internal_message.html?_=1715310615478&CODE_STATE=getMsg HTTP/1.1" 200 27
61.170.233.33 - - [10/May/2024:11:10:15 +0800] "POST /xingrg/all/common/load_tree.html?tree=supplier_tree_json&isDelete=1 HTTP/1.1" 200 80088
101.80.230.31 - - [10/May/2024:11:10:16 +0800] "GET /xingrg/all/report/report_query.html?fileName=kc/buy/gys_amount.xml&rh=99999 HTTP/1.1" 200 52006
101.80.230.31 - - [10/May/2024:11:10:16 +0800] "GET /xingrg/dwr/interface/AjaxReportQueryService.js HTTP/1.1" 200 13203
101.80.230.31 - - [10/May/2024:11:10:16 +0800] "GET /xingrg/dwr/engine.js HTTP/1.1" 200 43631
101.80.230.31 - - [10/May/2024:11:10:16 +0800] "POST /xingrg/dwr/call/plaincall/AjaxReportQueryService.getFixDate.dwr HTTP/1.1" 200 111
101.80.230.31 - - [10/May/2024:11:10:17 +0800] "POST /xingrg/dwr/call/plaincall/AjaxReportQueryService.getInitString.dwr HTTP/1.1" 200 1083
101.80.230.31 - - [10/May/2024:11:10:17 +0800] "POST /xingrg/all/common/load_tree.html?tree=materiel_sort_tree_json HTTP/1.1" 200 9734
101.80.230.31 - - [10/May/2024:11:10:17 +0800] "GET /xingrg/javascript/multi_select/dropdown.gif HTTP/1.1" 200 61
101.80.230.31 - - [10/May/2024:11:10:17 +0800] "POST /xingrg/all/common/load_tree.html?tree=supplier_tree_json&manage=1 HTTP/1.1" 200 82504
114.95.253.235 - - [10/May/2024:11:10:19 +0800] "GET /xingrg/all/function/internal_message.html?_=1715310619193&CODE_STATE=getMsg HTTP/1.1" 200 27
101.80.230.31 - - [10/May/2024:11:10:19 +0800] "POST /xingrg/dwr/call/plaincall/AjaxReportQueryService.getFixDate.dwr HTTP/1.1" 200 111
116.232.195.13 - - [10/May/2024:11:10:19 +0800] "GET /xingrg/all/function/internal_message.html?_=1715310593142&CODE_STATE=getMsg HTTP/1.1" 200 27
101.80.230.31 - - [10/May/2024:11:10:20 +0800] "POST /xingrg/dwr/call/plaincall/AjaxReportQueryService.refreshCache.dwr HTTP/1.1" 200 78
124.78.56.241 - - [10/May/2024:11:10:22 +0800] "GET /xingrg/kc/buy/cgsh_order_operate.html?command=get_materiel&rest_code=00141&code=00101008127&supplier_code=00100323&order_time=2024-05-10 HTTP/1.1" 200 413
101.80.230.31 - - [10/May/2024:11:10:24 +0800] "POST /xingrg/all/report/load_report_page.html HTTP/1.1" 200 112109
101.80.230.31 - - [10/May/2024:11:10:25 +0800] "GET /xingrg/servlets/image?cache=0.15677788200090204&image=px HTTP/1.1" 200 807
114.95.253.235 - - [10/May/2024:11:10:25 +0800] "GET /xingrg/kc/base/wldb_order_operate.html?command=get_materiel&rest_code=00150&base_code=0010445&code=00101013090 HTTP/1.1" 200 431
116.232.195.13 - - [10/May/2024:11:10:28 +0800] "GET /xingrg/kc/buy/cgsh_order_operate.html?command=get_materiel&rest_code=00155&code=00101001140&supplier_code=00100090&order_time=2024-05-10 HTTP/1.1" 200 417
120.253.135.82 - - [10/May/2024:11:10:29 +0800] "GET /xingrg/check_reg.html?_=1715310480147 HTTP/1.1" 200 22
180.169.147.146 - - [10/May/2024:11:10:31 +0800] "GET /xingrg/all/function/internal_message.html?_=1715310631203&CODE_STATE=getMsg HTTP/1.1" 200 27
114.95.253.235 - - [10/May/2024:11:10:32 +0800] "GET /xingrg/kc/base/wldb_order_operate.html?command=get_materiel&rest_code=00150&base_code=0010445&code=00101010092 HTTP/1.1" 200 451
124.78.56.241 - - [10/May/2024:11:10:33 +0800] "GET /xingrg/kc/buy/cgsh_order_operate.html?command=get_materiel&rest_code=00141&code=00101007046&supplier_code=00100323&order_time=2024-05-10 HTTP/1.1" 200 412
61.170.233.33 - - [10/May/2024:11:10:33 +0800] "GET /xingrg/all/function/internal_message.html?_=1715310634853&CODE_STATE=getMsg HTTP/1.1" 200 27
120.253.135.82 - - [10/May/2024:11:10:33 +0800] "GET /xingrg/all/function/internal_message.html?_=1715310484140&CODE_STATE=getMsg HTTP/1.1" 200 27
61.170.233.33 - - [10/May/2024:11:10:33 +0800] "GET /xingrg/kc/buy/cgsh_order_info.html?code=212024051002675 HTTP/1.1" 200 69445
61.170.233.33 - - [10/May/2024:11:10:34 +0800] "GET /xingrg/javascript/easyui/themes/default/validatebox.css HTTP/1.1" 404 1104
61.170.233.33 - - [10/May/2024:11:10:35 +0800] "POST /xingrg/kc/buy/cgsh_order_operate.html HTTP/1.1" 200 603
116.232.195.13 - - [10/May/2024:11:10:37 +0800] "GET /xingrg/all/function/internal_message.html?_=1715310610893&CODE_STATE=getMsg HTTP/1.1" 200 27
61.170.233.33 - - [10/May/2024:11:10:37 +0800] "GET /xingrg/kc/print/load_data.html?order_code=212024051002675&kc_code=cgsh&condition= HTTP/1.1" 200 697
61.170.233.33 - - [10/May/2024:11:10:38 +0800] "GET /xingrg/kc/buy/cgsh_order_operate.html?command=get_materiel&rest_code=00106&code=00101008214&supplier_code=00100323&order_time=2024-05-10 HTTP/1.1" 200 409
114.95.253.235 - - [10/May/2024:11:10:38 +0800] "GET /xingrg/kc/base/wldb_order_operate.html?command=get_materiel&rest_code=00150&base_code=0010445&code=00101008500 HTTP/1.1" 200 443
116.238.97.31 - - [10/May/2024:11:10:41 +0800] "GET /xingrg/all/function/internal_message.html?_=1715310665350&CODE_STATE=getMsg HTTP/1.1" 200 27
101.83.144.49 - - [10/May/2024:11:10:42 +0800] "GET /xingrg/all/function/internal_message.html?_=1715310643946&CODE_STATE=getMsg HTTP/1.1" 200 27
116.232.195.13 - - [10/May/2024:11:10:43 +0800] "GET /xingrg/all/function/internal_message.html?_=1715310617207&CODE_STATE=getMsg HTTP/1.1" 200 27
114.95.253.235 - - [10/May/2024:11:10:43 +0800] "GET /xingrg/kc/base/wldb_order_operate.html?command=get_materiel&rest_code=00150&base_code=0010445&code=00101008316 HTTP/1.1" 200 434
116.232.195.13 - - [10/May/2024:11:10:44 +0800] "POST /xingrg/kc/buy/cgsh_order_operate.html HTTP/1.1" 200 37
116.238.97.31 - - [10/May/2024:11:10:47 +0800] "GET /xingrg/check_reg.html?_=1715310647443 HTTP/1.1" 200 22
116.238.97.31 - - [10/May/2024:11:10:47 +0800] "GET /xingrg/all/function/internal_message.html?_=1715310647446&CODE_STATE=getMsg HTTP/1.1" 200 27
222.69.130.33 - - [10/May/2024:11:10:49 +0800] "GET /xingrg/all/function/internal_message.html?_=1715310650707&CODE_STATE=getMsg HTTP/1.1" 200 27
116.232.195.13 - - [10/May/2024:11:10:49 +0800] "POST /xingrg/kc/buy/cgsh_order_operate.html HTTP/1.1" 200 3861
116.238.114.181 - - [10/May/2024:11:10:51 +0800] "GET /xingrg/all/function/internal_message.html?_=1715310653335&CODE_STATE=getMsg HTTP/1.1" 200 27
116.232.195.13 - - [10/May/2024:11:10:51 +0800] "GET /xingrg/kc/print/load_data.html?order_code=212024051002678&kc_code=cgsh&condition= HTTP/1.1" 200 1223
114.95.253.235 - - [10/May/2024:11:10:52 +0800] "GET /xingrg/all/function/internal_message.html?_=1715310652803&CODE_STATE=getMsg HTTP/1.1" 200 27
114.95.253.235 - - [10/May/2024:11:10:53 +0800] "GET /xingrg/kc/base/wldb_order_operate.html?command=get_materiel&rest_code=00150&base_code=0010445&code=00101020335 HTTP/1.1" 200 455
180.169.147.146 - - [10/May/2024:11:10:54 +0800] "GET /xingrg/all/function/internal_message.html?_=1715310653436&CODE_STATE=getMsg HTTP/1.1" 302 -
124.78.56.241 - - [10/May/2024:11:10:54 +0800] "GET /xingrg/all/function/internal_message.html?_=1715310654763&CODE_STATE=getMsg HTTP/1.1" 200 27
61.170.233.33 - - [10/May/2024:11:10:55 +0800] "GET /xingrg/kc/buy/cgsh_order_operate.html?command=get_materiel&rest_code=00106&code=00101007190&supplier_code=00100323&order_time=2024-05-10 HTTP/1.1" 200 409
116.232.195.13 - - [10/May/2024:11:10:59 +0800] "GET /xingrg/kc/buy/cgsh_order_add.html HTTP/1.1" 200 74662
114.95.253.235 - - [10/May/2024:11:10:59 +0800] "GET /xingrg/kc/base/wldb_order_operate.html?command=get_materiel&rest_code=00150&base_code=0010445&code=00101008417 HTTP/1.1" 200 431
116.232.195.13 - - [10/May/2024:11:10:59 +0800] "POST /xingrg/kc/buy/cgsh_order_operate.html HTTP/1.1" 200 8245
116.232.195.13 - - [10/May/2024:11:10:59 +0800] "GET /xingrg/javascript/easyui/themes/default/validatebox.css HTTP/1.1" 404 1104
120.253.135.82 - - [10/May/2024:11:11:03 +0800] "POST /xingrg/kc/pszx/mdps_list_operate.html HTTP/1.1" 200 2060
61.170.233.33 - - [10/May/2024:11:11:03 +0800] "GET /xingrg/kc/buy/buy_main.html HTTP/1.1" 200 12412
61.170.233.33 - - [10/May/2024:11:11:03 +0800] "GET /xingrg/css/new_ie.css HTTP/1.1" 404 1036
180.164.6.225 - - [10/May/2024:11:11:04 +0800] "GET /xingrg/all/function/internal_message.html?_=1715310663537&CODE_STATE=getMsg HTTP/1.1" 200 27
120.253.135.82 - - [10/May/2024:11:11:05 +0800] "POST /xingrg/kc/pszx/mdps_list_operate.html HTTP/1.1" 200 205
61.170.233.33 - - [10/May/2024:11:11:05 +0800] "GET /xingrg/kc/buy/cgsh_order_list.html HTTP/1.1" 200 58761
114.95.253.235 - - [10/May/2024:11:11:06 +0800] "GET /xingrg/kc/base/wldb_order_operate.html?command=get_materiel&rest_code=00150&base_code=0010445&code=00101019018 HTTP/1.1" 200 465
120.253.135.82 - - [10/May/2024:11:11:06 +0800] "GET /xingrg/kc/pszx/mdps_order_info.html?code=312024051000206 HTTP/1.1" 200 23978
120.253.135.82 - - [10/May/2024:11:11:07 +0800] "GET /xingrg/javascript/easyui/themes/default/validatebox.css HTTP/1.1" 404 1104
120.253.135.82 - - [10/May/2024:11:11:07 +0800] "POST /xingrg/kc/pszx/mdps_order_operate.html HTTP/1.1" 200 2292
61.170.233.33 - - [10/May/2024:11:11:09 +0800] "POST /xingrg/kc/buy/cgsh_list_operate.html HTTP/1.1" 200 1380
218.79.29.216 - - [10/May/2024:11:11:10 +0800] "GET /xingrg/all/function/internal_message.html?_=1715310679434&CODE_STATE=getMsg HTTP/1.1" 200 27
172.20.0.100 - - [10/May/2024:11:11:10 +0800] "GET /xingrg/all/function/internal_message.html?_=1715310670890&CODE_STATE=getMsg HTTP/1.1" 200 27
172.20.0.100 - - [10/May/2024:11:11:10 +0800] "GET /xingrg/check_reg.html?_=1715310670891 HTTP/1.1" 200 22
120.253.135.82 - - [10/May/2024:11:11:11 +0800] "POST /xingrg/kc/pszx/mdps_order_operate.html HTTP/1.1" 200 37
61.170.233.33 - - [10/May/2024:11:11:11 +0800] "GET /xingrg/check_reg.html?_=1715310668352 HTTP/1.1" 200 22
101.80.230.31 - - [10/May/2024:11:11:12 +0800] "GET /xingrg/all/function/internal_message.html?_=1715310679911&CODE_STATE=getMsg HTTP/1.1" 200 27
114.95.253.235 - - [10/May/2024:11:11:12 +0800] "GET /xingrg/kc/base/wldb_order_operate.html?command=get_materiel&rest_code=00150&base_code=0010445&code=00101019212 HTTP/1.1" 200 463
116.232.195.13 - - [10/May/2024:11:11:12 +0800] "GET /xingrg/kc/buy/cgsh_order_operate.html?command=get_materiel&rest_code=00155&code=00101003040&supplier_code=00100093&order_time=2024-05-10 HTTP/1.1" 200 433
180.169.147.146 - - [10/May/2024:11:11:15 +0800] "GET /xingrg/check_reg.html?_=1715310675484 HTTP/1.1" 200 22
180.169.147.146 - - [10/May/2024:11:11:15 +0800] "GET /xingrg/all/function/internal_message.html?_=1715310675483&CODE_STATE=getMsg HTTP/1.1" 200 27
120.253.135.82 - - [10/May/2024:11:11:15 +0800] "POST /xingrg/kc/pszx/mdps_order_operate.html HTTP/1.1" 200 12
61.170.233.33 - - [10/May/2024:11:11:16 +0800] "GET /xingrg/kc/buy/cgsh_order_operate.html?command=get_materiel&rest_code=00106&code=00101002091&supplier_code=00100323&order_time=2024-05-10 HTTP/1.1" 200 406
120.253.135.82 - - [10/May/2024:11:11:17 +0800] "GET /xingrg/kc/pszx/mdps_order_info.html?code=312024051000206 HTTP/1.1" 200 19638
120.253.135.82 - - [10/May/2024:11:11:17 +0800] "GET /xingrg/javascript/easyui/themes/default/validatebox.css HTTP/1.1" 404 1104
120.253.135.82 - - [10/May/2024:11:11:18 +0800] "POST /xingrg/kc/pszx/mdps_order_operate.html HTTP/1.1" 200 514
114.95.253.235 - - [10/May/2024:11:11:19 +0800] "GET /xingrg/all/function/internal_message.html?_=1715310679184&CODE_STATE=getMsg HTTP/1.1" 200 27
120.253.135.82 - - [10/May/2024:11:11:19 +0800] "POST /xingrg/kc/pszx/mdps_list_operate.html HTTP/1.1" 200 1689
116.232.195.13 - - [10/May/2024:11:11:19 +0800] "GET /xingrg/all/function/internal_message.html?_=1715310653156&CODE_STATE=getMsg HTTP/1.1" 200 27
120.253.135.82 - - [10/May/2024:11:11:20 +0800] "POST /xingrg/kc/pszx/mdps_list_operate.html HTTP/1.1" 200 212
120.253.135.82 - - [10/May/2024:11:11:22 +0800] "GET /xingrg/kc/pszx/mdps_order_info.html?code=312024050800172 HTTP/1.1" 200 23976
120.253.135.82 - - [10/May/2024:11:11:23 +0800] "GET /xingrg/javascript/easyui/themes/default/validatebox.css HTTP/1.1" 404 1104
61.170.233.33 - - [10/May/2024:11:11:23 +0800] "GET /xingrg/all/function/internal_message.html?_=1715310680150&CODE_STATE=getMsg HTTP/1.1" 200 27
120.253.135.82 - - [10/May/2024:11:11:23 +0800] "POST /xingrg/kc/pszx/mdps_order_operate.html HTTP/1.1" 200 2296
180.169.147.146 - - [10/May/2024:11:11:31 +0800] "GET /xingrg/all/function/internal_message.html?_=1715310691199&CODE_STATE=getMsg HTTP/1.1" 200 27
120.253.135.82 - - [10/May/2024:11:11:32 +0800] "POST /xingrg/kc/pszx/mdps_order_operate.html HTTP/1.1" 200 37
61.170.233.33 - - [10/May/2024:11:11:33 +0800] "GET /xingrg/all/function/internal_message.html?_=1715310694830&CODE_STATE=getMsg HTTP/1.1" 200 27
101.83.144.49 - - [10/May/2024:11:11:34 +0800] "GET /xingrg/check_reg.html?_=1715310696194 HTTP/1.1" 200 22
116.232.195.13 - - [10/May/2024:11:11:35 +0800] "POST /xingrg/kc/buy/cgsh_order_operate.html HTTP/1.1" 200 37
116.232.195.13 - - [10/May/2024:11:11:37 +0800] "GET /xingrg/all/function/internal_message.html?_=1715310670890&CODE_STATE=getMsg HTTP/1.1" 200 27
116.232.195.13 - - [10/May/2024:11:11:37 +0800] "POST /xingrg/kc/buy/cgsh_order_operate.html HTTP/1.1" 200 2666
116.232.195.13 - - [10/May/2024:11:11:39 +0800] "GET /xingrg/kc/print/load_data.html?order_code=212024051002679&kc_code=cgsh&condition= HTTP/1.1" 200 743
116.238.97.31 - - [10/May/2024:11:11:41 +0800] "GET /xingrg/check_reg.html?_=1715310725344 HTTP/1.1" 200 22
116.238.97.31 - - [10/May/2024:11:11:41 +0800] "GET /xingrg/all/function/internal_message.html?_=1715310725346&CODE_STATE=getMsg HTTP/1.1" 200 27
101.83.144.49 - - [10/May/2024:11:11:42 +0800] "GET /xingrg/all/function/internal_message.html?_=1715310703913&CODE_STATE=getMsg HTTP/1.1" 200 27
116.232.195.13 - - [10/May/2024:11:11:43 +0800] "GET /xingrg/check_reg.html?_=1715310677206 HTTP/1.1" 200 22
116.232.195.13 - - [10/May/2024:11:11:43 +0800] "GET /xingrg/all/function/internal_message.html?_=1715310677210&CODE_STATE=getMsg HTTP/1.1" 200 27
116.232.195.13 - - [10/May/2024:11:11:44 +0800] "GET /xingrg/kc/buy/cgsh_order_add.html HTTP/1.1" 200 74662
116.232.195.13 - - [10/May/2024:11:11:44 +0800] "POST /xingrg/kc/buy/cgsh_order_operate.html HTTP/1.1" 200 8245
116.232.195.13 - - [10/May/2024:11:11:44 +0800] "GET /xingrg/javascript/easyui/themes/default/validatebox.css HTTP/1.1" 404 1104
116.238.97.31 - - [10/May/2024:11:11:47 +0800] "GET /xingrg/all/function/internal_message.html?_=1715310707443&CODE_STATE=getMsg HTTP/1.1" 200 27
222.69.130.33 - - [10/May/2024:11:11:49 +0800] "GET /xingrg/all/function/internal_message.html?_=1715310710688&CODE_STATE=getMsg HTTP/1.1" 200 27
116.238.114.181 - - [10/May/2024:11:11:51 +0800] "GET /xingrg/all/function/internal_message.html?_=1715310713336&CODE_STATE=getMsg HTTP/1.1" 200 27
61.170.233.33 - - [10/May/2024:11:11:51 +0800] "GET /xingrg/kc/buy/cgsh_order_operate.html?command=get_materiel&rest_code=00106&code=00101044030&supplier_code=00100323&order_time=2024-05-10 HTTP/1.1" 200 449
61.170.233.33 - - [10/May/2024:11:11:52 +0800] "POST /xingrg/services/DataTransmitService HTTP/1.1" 200 524
114.95.253.235 - - [10/May/2024:11:11:52 +0800] "GET /xingrg/all/function/internal_message.html?_=1715310712787&CODE_STATE=getMsg HTTP/1.1" 200 27
120.253.135.82 - - [10/May/2024:11:11:54 +0800] "GET /xingrg/kc/pszx/mdps_order_info.html?code=312024050800172 HTTP/1.1" 200 23976
180.169.147.146 - - [10/May/2024:11:11:54 +0800] "GET /xingrg/all/function/internal_message.html?_=1715310713433&CODE_STATE=getMsg HTTP/1.1" 302 -
124.78.56.241 - - [10/May/2024:11:11:54 +0800] "GET /xingrg/all/function/internal_message.html?_=1715310714752&CODE_STATE=getMsg HTTP/1.1" 200 27
61.170.233.33 - - [10/May/2024:11:11:54 +0800] "POST /xingrg/kc/buy/cgsh_list_operate.html HTTP/1.1" 200 565
120.253.135.82 - - [10/May/2024:11:11:54 +0800] "GET /xingrg/javascript/easyui/themes/default/validatebox.css HTTP/1.1" 404 1104
120.253.135.82 - - [10/May/2024:11:11:54 +0800] "GET /xingrg/all/function/internal_message.html?_=1715310565262&CODE_STATE=getMsg HTTP/1.1" 200 27
120.253.135.82 - - [10/May/2024:11:11:55 +0800] "POST /xingrg/kc/pszx/mdps_order_operate.html HTTP/1.1" 200 2296
61.170.233.33 - - [10/May/2024:11:11:56 +0800] "GET /xingrg/kc/buy/cgsh_order_info.html?code=212024051002584 HTTP/1.1" 200 74552
61.170.233.33 - - [10/May/2024:11:11:56 +0800] "GET /xingrg/javascript/easyui/themes/default/validatebox.css HTTP/1.1" 404 1104
116.232.195.13 - - [10/May/2024:11:11:56 +0800] "GET /xingrg/kc/buy/cgsh_order_operate.html?command=get_materiel&rest_code=00155&code=00101004051&supplier_code=00100312&order_time=2024-05-10 HTTP/1.1" 200 424
120.253.135.82 - - [10/May/2024:11:11:57 +0800] "POST /xingrg/kc/pszx/mdps_list_operate.html HTTP/1.1" 200 1689
61.170.233.33 - - [10/May/2024:11:11:57 +0800] "POST /xingrg/kc/buy/cgsh_order_operate.html HTTP/1.1" 200 32820
101.80.230.31 - - [10/May/2024:11:12:01 +0800] "GET /xingrg/javascript/multi_select/dropdown_hover.gif HTTP/1.1" 200 61
101.80.230.31 - - [10/May/2024:11:12:02 +0800] "GET /xingrg/kc/buy/buy_main.html HTTP/1.1" 200 12412
101.80.230.31 - - [10/May/2024:11:12:02 +0800] "GET /xingrg/css/new_ie.css HTTP/1.1" 404 1036
180.164.6.225 - - [10/May/2024:11:12:04 +0800] "GET /xingrg/all/function/internal_message.html?_=1715310723522&CODE_STATE=getMsg HTTP/1.1" 200 27
101.80.230.31 - - [10/May/2024:11:12:04 +0800] "GET /xingrg/index.html?sysBaseUrl=http%3A%2F%2F180.169.147.146%3A18081%2Fxingrg%2F&costTime=812×tamp=1715301912015 HTTP/1.1" 200 17179
101.80.230.31 - - [10/May/2024:11:12:04 +0800] "GET /xingrg/check_reg.html?_=1715310732392 HTTP/1.1" 200 22
101.80.230.31 - - [10/May/2024:11:12:04 +0800] "GET /xingrg/all/function/internal_message.html?_=1715310732392&CODE_STATE=count HTTP/1.1" 200 11
101.80.230.31 - - [10/May/2024:11:12:04 +0800] "POST /xingrg/all/common/load_tree.html?tree=area_rest_tree_json&manage=1 HTTP/1.1" 200 351
101.80.230.31 - - [10/May/2024:11:12:04 +0800] "POST /xingrg/load_menu.html HTTP/1.1" 200 5138
101.80.230.31 - - [10/May/2024:11:12:05 +0800] "GET /xingrg/kc/buy/buy_main.html HTTP/1.1" 200 12412
101.80.230.31 - - [10/May/2024:11:12:05 +0800] "GET /xingrg/css/new_ie.css HTTP/1.1" 404 1036
101.80.230.31 - - [10/May/2024:11:12:07 +0800] "GET /xingrg/kc/buy/cgsh_order_list.html HTTP/1.1" 200 58767
61.170.233.33 - - [10/May/2024:11:12:09 +0800] "POST /xingrg/kc/buy/cgsh_order_operate.html HTTP/1.1" 200 37
218.79.29.216 - - [10/May/2024:11:12:10 +0800] "GET /xingrg/all/function/internal_message.html?_=1715310739435&CODE_STATE=getMsg HTTP/1.1" 200 27
218.79.29.216 - - [10/May/2024:11:12:10 +0800] "GET /xingrg/check_reg.html?_=1715310739437 HTTP/1.1" 200 22
172.20.0.100 - - [10/May/2024:11:12:10 +0800] "GET /xingrg/all/function/internal_message.html?_=1715310730893&CODE_STATE=getMsg HTTP/1.1" 200 27
124.78.56.241 - - [10/May/2024:11:12:12 +0800] "GET /xingrg/kc/buy/cgsh_order_operate.html?command=get_materiel&rest_code=00141&code=00101012013&supplier_code=00100323&order_time=2024-05-10 HTTP/1.1" 200 412
61.170.233.33 - - [10/May/2024:11:12:13 +0800] "POST /xingrg/kc/buy/cgsh_order_operate.html HTTP/1.1" 200 37
180.169.147.146 - - [10/May/2024:11:12:15 +0800] "GET /xingrg/all/function/internal_message.html?_=1715310735482&CODE_STATE=getMsg HTTP/1.1" 200 27
61.170.233.33 - - [10/May/2024:11:12:17 +0800] "POST /xingrg/kc/buy/cgsh_order_operate.html HTTP/1.1" 200 12
114.95.253.235 - - [10/May/2024:11:12:17 +0800] "GET /xingrg/kc/base/wldb_order_operate.html?command=get_materiel&rest_code=00150&base_code=0010445&code=00101019185 HTTP/1.1" 200 469
114.95.253.235 - - [10/May/2024:11:12:19 +0800] "GET /xingrg/all/function/internal_message.html?_=1715310739163&CODE_STATE=getMsg HTTP/1.1" 200 27
116.232.195.13 - - [10/May/2024:11:12:19 +0800] "GET /xingrg/all/function/internal_message.html?_=1715310713160&CODE_STATE=getMsg HTTP/1.1" 200 27
61.170.233.33 - - [10/May/2024:11:12:20 +0800] "GET /xingrg/kc/buy/cgsh_order_info.html?code=212024051002680 HTTP/1.1" 200 69442
61.170.233.33 - - [10/May/2024:11:12:20 +0800] "GET /xingrg/javascript/easyui/themes/default/validatebox.css HTTP/1.1" 404 1104
61.170.233.33 - - [10/May/2024:11:12:21 +0800] "POST /xingrg/kc/buy/cgsh_order_operate.html HTTP/1.1" 200 1816
114.95.253.235 - - [10/May/2024:11:12:23 +0800] "GET /xingrg/kc/base/wldb_order_operate.html?command=get_materiel&rest_code=00150&base_code=0010445&code=00101019258 HTTP/1.1" 200 483
61.170.233.33 - - [10/May/2024:11:12:24 +0800] "GET /xingrg/kc/print/load_data.html?order_code=212024051002680&kc_code=cgsh&condition= HTTP/1.1" 200 1182
120.253.135.82 - - [10/May/2024:11:12:27 +0800] "GET /xingrg/kc/pszx/mdqp_order_list.html?state=10 HTTP/1.1" 200 10447
120.253.135.82 - - [10/May/2024:11:12:27 +0800] "GET /xingrg/dwr/interface/AjaxQqpsService.js HTTP/1.1" 200 16326
120.253.135.82 - - [10/May/2024:11:12:27 +0800] "GET /xingrg/dwr/interface/AjaxReportQueryService.js HTTP/1.1" 200 13203
120.253.135.82 - - [10/May/2024:11:12:27 +0800] "GET /xingrg/dwr/engine.js HTTP/1.1" 200 43631
116.232.195.13 - - [10/May/2024:11:12:28 +0800] "GET /xingrg/kc/buy/cgsh_order_operate.html?command=get_materiel&rest_code=00155&code=00101004106&supplier_code=00100312&order_time=2024-05-10 HTTP/1.1" 200 414
114.95.253.235 - - [10/May/2024:11:12:29 +0800] "GET /xingrg/kc/base/wldb_order_operate.html?command=get_materiel&rest_code=00150&base_code=0010445&code=00101019110 HTTP/1.1" 200 474
120.253.135.82 - - [10/May/2024:11:12:31 +0800] "GET /xingrg/kc/pszx/mdqp_order_list.html?state=10 HTTP/1.1" 200 10447
120.253.135.82 - - [10/May/2024:11:12:31 +0800] "GET /xingrg/dwr/interface/AjaxQqpsService.js HTTP/1.1" 200 16326
120.253.135.82 - - [10/May/2024:11:12:31 +0800] "GET /xingrg/dwr/interface/AjaxReportQueryService.js HTTP/1.1" 200 13203
120.253.135.82 - - [10/May/2024:11:12:31 +0800] "GET /xingrg/dwr/engine.js HTTP/1.1" 200 43631
61.170.233.33 - - [10/May/2024:11:12:31 +0800] "GET /xingrg/kc/buy/cgsh_order_add.html HTTP/1.1" 200 74568
180.169.147.146 - - [10/May/2024:11:12:31 +0800] "GET /xingrg/all/function/internal_message.html?_=1715310751206&CODE_STATE=getMsg HTTP/1.1" 200 27
124.78.56.241 - - [10/May/2024:11:12:31 +0800] "GET /xingrg/kc/buy/cgsh_order_operate.html?command=get_materiel&rest_code=00141&code=00101007095&supplier_code=00100323&order_time=2024-05-10 HTTP/1.1" 200 417
61.170.233.33 - - [10/May/2024:11:12:31 +0800] "POST /xingrg/kc/buy/cgsh_order_operate.html HTTP/1.1" 200 8245
61.170.233.33 - - [10/May/2024:11:12:31 +0800] "GET /xingrg/javascript/easyui/themes/default/validatebox.css HTTP/1.1" 404 1104
61.170.233.33 - - [10/May/2024:11:12:33 +0800] "GET /xingrg/javascript/easyui/themes/default/tree.css HTTP/1.1" 404 1090
61.170.233.33 - - [10/May/2024:11:12:33 +0800] "GET /xingrg/all/function/internal_message.html?_=1715310754814&CODE_STATE=getMsg HTTP/1.1" 200 27
61.170.233.33 - - [10/May/2024:11:12:34 +0800] "POST /xingrg/all/common/load_tree.html?tree=supplier_tree_json&isDelete=1 HTTP/1.1" 200 80088
116.232.195.13 - - [10/May/2024:11:12:37 +0800] "GET /xingrg/all/function/internal_message.html?_=1715310730908&CODE_STATE=getMsg HTTP/1.1" 200 27
116.232.195.13 - - [10/May/2024:11:12:41 +0800] "GET /xingrg/kc/buy/cgsh_order_operate.html?command=get_materiel&rest_code=00155&code=00101004047&supplier_code=00100312&order_time=2024-05-10 HTTP/1.1" 200 434
116.238.97.31 - - [10/May/2024:11:12:41 +0800] "GET /xingrg/all/function/internal_message.html?_=1715310785338&CODE_STATE=getMsg HTTP/1.1" 200 27
101.83.144.49 - - [10/May/2024:11:12:42 +0800] "GET /xingrg/all/function/internal_message.html?_=1715310763894&CODE_STATE=getMsg HTTP/1.1" 200 27
101.80.230.31 - - [10/May/2024:11:12:42 +0800] "POST /xingrg/kc/buy/cgsh_list_operate.html HTTP/1.1" 200 4934
116.232.195.13 - - [10/May/2024:11:12:43 +0800] "GET /xingrg/all/function/internal_message.html?_=1715310737198&CODE_STATE=getMsg HTTP/1.1" 200 27
116.238.97.31 - - [10/May/2024:11:12:47 +0800] "GET /xingrg/all/function/internal_message.html?_=1715310767435&CODE_STATE=getMsg HTTP/1.1" 200 27
114.95.253.235 - - [10/May/2024:11:12:47 +0800] "GET /xingrg/kc/base/wldb_order_operate.html?command=get_materiel&rest_code=00150&base_code=0010445&code=00101019175 HTTP/1.1" 200 439
222.69.130.33 - - [10/May/2024:11:12:49 +0800] "GET /xingrg/check_reg.html?_=1715310770615 HTTP/1.1" 200 22
222.69.130.33 - - [10/May/2024:11:12:49 +0800] "GET /xingrg/all/function/internal_message.html?_=1715310770677&CODE_STATE=getMsg HTTP/1.1" 200 27
61.170.233.33 - - [10/May/2024:11:12:50 +0800] "POST /xingrg/services/DataTransmitService HTTP/1.1" 200 501
116.238.114.181 - - [10/May/2024:11:12:51 +0800] "GET /xingrg/check_reg.html?_=1715310773336 HTTP/1.1" 200 22
116.238.114.181 - - [10/May/2024:11:12:51 +0800] "GET /xingrg/all/function/internal_message.html?_=1715310773338&CODE_STATE=getMsg HTTP/1.1" 200 27
116.232.195.13 - - [10/May/2024:11:12:52 +0800] "GET /xingrg/kc/buy/cgsh_order_operate.html?command=get_materiel&rest_code=00155&code=00101004067&supplier_code=00100312&order_time=2024-05-10 HTTP/1.1" 200 413
114.95.253.235 - - [10/May/2024:11:12:52 +0800] "GET /xingrg/all/function/internal_message.html?_=1715310772765&CODE_STATE=getMsg HTTP/1.1" 200 27
114.95.253.235 - - [10/May/2024:11:12:52 +0800] "GET /xingrg/kc/base/wldb_order_operate.html?command=get_materiel&rest_code=00150&base_code=0010445&code=00101019438 HTTP/1.1" 200 462
180.169.147.146 - - [10/May/2024:11:12:54 +0800] "GET /xingrg/all/function/internal_message.html?_=1715310773427&CODE_STATE=getMsg HTTP/1.1" 302 -
124.78.56.241 - - [10/May/2024:11:12:54 +0800] "GET /xingrg/all/function/internal_message.html?_=1715310774722&CODE_STATE=getMsg HTTP/1.1" 200 27
120.253.135.82 - - [10/May/2024:11:12:54 +0800] "GET /xingrg/kc/pszx/mdqp_order_list.html?state=10 HTTP/1.1" 200 10447
120.253.135.82 - - [10/May/2024:11:12:54 +0800] "GET /xingrg/dwr/interface/AjaxQqpsService.js HTTP/1.1" 200 16326
120.253.135.82 - - [10/May/2024:11:12:54 +0800] "GET /xingrg/dwr/engine.js HTTP/1.1" 200 43631
120.253.135.82 - - [10/May/2024:11:12:54 +0800] "GET /xingrg/dwr/interface/AjaxReportQueryService.js HTTP/1.1" 200 13203
120.253.135.82 - - [10/May/2024:11:12:54 +0800] "GET /xingrg/all/function/internal_message.html?_=1715310625273&CODE_STATE=getMsg HTTP/1.1" 200 27
114.95.253.235 - - [10/May/2024:11:12:55 +0800] "GET /xingrg/check_reg.html?_=1715310775282 HTTP/1.1" 200 22
114.95.253.235 - - [10/May/2024:11:12:57 +0800] "GET /xingrg/kc/base/wldb_order_operate.html?command=get_materiel&rest_code=00150&base_code=0010445&code=00101016076 HTTP/1.1" 200 477
124.78.56.241 - - [10/May/2024:11:13:02 +0800] "POST /xingrg/kc/buy/cgsh_order_operate.html HTTP/1.1" 200 37
114.95.253.235 - - [10/May/2024:11:13:03 +0800] "GET /xingrg/kc/base/wldb_order_operate.html?command=get_materiel&rest_code=00150&base_code=0010445&code=00101019187 HTTP/1.1" 200 479
180.164.6.225 - - [10/May/2024:11:13:04 +0800] "GET /xingrg/all/function/internal_message.html?_=1715310783505&CODE_STATE=getMsg HTTP/1.1" 200 27
101.80.230.31 - - [10/May/2024:11:13:04 +0800] "GET /xingrg/all/function/internal_message.html?_=1715310792398&CODE_STATE=getMsg HTTP/1.1" 200 27
