101.80.230.31 - - [10/May/2024:11:19:23 +0800] "GET /xingrg/all/common/auto_word.html?type=employee&rest_code=00156 HTTP/1.1" 200 47
101.80.230.31 - - [10/May/2024:11:19:23 +0800] "GET /xingrg/all/common/auto_word.html?type=employee&rest_code=00156 HTTP/1.1" 200 47
101.80.230.31 - - [10/May/2024:11:19:25 +0800] "GET /xingrg/javascript/jquery_tools/images/prev.gif HTTP/1.1" 404 1086
101.80.230.31 - - [10/May/2024:11:19:25 +0800] "GET /xingrg/javascript/jquery_tools/images/next.gif HTTP/1.1" 404 1086
61.170.233.33 - - [10/May/2024:11:19:33 +0800] "GET /xingrg/all/function/internal_message.html?_=1715311174712&CODE_STATE=getMsg HTTP/1.1" 200 27
101.80.230.31 - - [10/May/2024:11:19:34 +0800] "GET /xingrg/kc/buy/cgsh_order_operate.html?command=get_materiel&rest_code=00156&code=00101008066&supplier_code=00100338&order_time=2024-05-10 HTTP/1.1" 200 418
116.232.195.13 - - [10/May/2024:11:19:37 +0800] "GET /xingrg/check_reg.html?_=1715311150892 HTTP/1.1" 200 22
116.232.195.13 - - [10/May/2024:11:19:37 +0800] "GET /xingrg/all/function/internal_message.html?_=1715311150892&CODE_STATE=getMsg HTTP/1.1" 200 27
116.238.97.31 - - [10/May/2024:11:19:41 +0800] "GET /xingrg/all/function/internal_message.html?_=1715311205335&CODE_STATE=getMsg HTTP/1.1" 200 27
101.83.144.49 - - [10/May/2024:11:19:41 +0800] "GET /xingrg/all/function/internal_message.html?_=1715311183716&CODE_STATE=getMsg HTTP/1.1" 200 27
61.170.233.33 - - [10/May/2024:11:19:43 +0800] "GET /xingrg/kc/base/wldb_order_operate.html?command=get_materiel&rest_code=00106&base_code=0010396&code=00101019195 HTTP/1.1" 200 475
222.70.183.82 - - [10/May/2024:11:19:43 +0800] "GET /xingrg/kc/buy/cgsh_order_info.html?code=212024051002666 HTTP/1.1" 200 69413
116.232.195.13 - - [10/May/2024:11:19:43 +0800] "GET /xingrg/all/function/internal_message.html?_=1715311157195&CODE_STATE=getMsg HTTP/1.1" 200 27
222.70.183.82 - - [10/May/2024:11:19:44 +0800] "GET /xingrg/javascript/easyui/themes/default/validatebox.css HTTP/1.1" 404 1104
222.70.183.82 - - [10/May/2024:11:19:45 +0800] "POST /xingrg/kc/buy/cgsh_order_operate.html HTTP/1.1" 200 618
116.238.97.31 - - [10/May/2024:11:19:47 +0800] "GET /xingrg/all/function/internal_message.html?_=1715311187444&CODE_STATE=getMsg HTTP/1.1" 200 27
101.80.230.31 - - [10/May/2024:11:19:49 +0800] "POST /xingrg/kc/buy/cgsh_order_operate.html HTTP/1.1" 200 37
222.69.130.33 - - [10/May/2024:11:19:49 +0800] "GET /xingrg/all/function/internal_message.html?_=1715311190570&CODE_STATE=getMsg HTTP/1.1" 200 27
116.238.114.181 - - [10/May/2024:11:19:51 +0800] "GET /xingrg/all/function/internal_message.html?_=1715311193328&CODE_STATE=getMsg HTTP/1.1" 200 27
101.80.230.31 - - [10/May/2024:11:19:51 +0800] "POST /xingrg/kc/buy/cgsh_order_operate.html HTTP/1.1" 200 2660
101.80.230.31 - - [10/May/2024:11:19:52 +0800] "GET /xingrg/kc/print/load_config.html?kc_code=cgsh HTTP/1.1" 200 1927
114.95.253.235 - - [10/May/2024:11:19:52 +0800] "GET /xingrg/all/function/internal_message.html?_=1715311192598&CODE_STATE=getMsg HTTP/1.1" 200 27
101.80.230.31 - - [10/May/2024:11:19:52 +0800] "GET /xingrg/kc/print/load_data.html?order_code=212024051002689&kc_code=cgsh&condition= HTTP/1.1" 200 675
124.78.56.241 - - [10/May/2024:11:19:54 +0800] "GET /xingrg/all/function/internal_message.html?_=1715311194603&CODE_STATE=getMsg HTTP/1.1" 200 27
180.169.147.146 - - [10/May/2024:11:19:54 +0800] "GET /xingrg/check_reg.html?_=1715311193442 HTTP/1.1" 302 -
180.169.147.146 - - [10/May/2024:11:19:54 +0800] "GET /xingrg/all/function/internal_message.html?_=1715311193441&CODE_STATE=getMsg HTTP/1.1" 302 -
120.253.135.82 - - [10/May/2024:11:19:55 +0800] "GET /xingrg/all/function/internal_message.html?_=1715311045587&CODE_STATE=getMsg HTTP/1.1" 200 27
101.80.230.31 - - [10/May/2024:11:19:57 +0800] "GET /xingrg/kc/buy/cgsh_order_add.html HTTP/1.1" 200 74653
101.80.230.31 - - [10/May/2024:11:19:57 +0800] "POST /xingrg/kc/buy/cgsh_order_operate.html HTTP/1.1" 200 8245
101.80.230.31 - - [10/May/2024:11:19:57 +0800] "GET /xingrg/javascript/easyui/themes/default/validatebox.css HTTP/1.1" 404 1104
101.80.230.31 - - [10/May/2024:11:19:57 +0800] "GET /xingrg/all/common/auto_word.html?type=employee&rest_code=00156 HTTP/1.1" 200 47
101.80.230.31 - - [10/May/2024:11:19:57 +0800] "GET /xingrg/all/common/auto_word.html?type=employee&rest_code=00156 HTTP/1.1" 200 47
101.80.230.31 - - [10/May/2024:11:20:00 +0800] "GET /xingrg/javascript/jquery_tools/images/prev.gif HTTP/1.1" 404 1086
101.80.230.31 - - [10/May/2024:11:20:00 +0800] "GET /xingrg/javascript/jquery_tools/images/next.gif HTTP/1.1" 404 1086
180.164.6.225 - - [10/May/2024:11:20:04 +0800] "GET /xingrg/all/function/internal_message.html?_=1715311203450&CODE_STATE=getMsg HTTP/1.1" 200 27
101.80.230.31 - - [10/May/2024:11:20:04 +0800] "GET /xingrg/all/function/internal_message.html?_=1715311212439&CODE_STATE=getMsg HTTP/1.1" 200 27
61.170.233.33 - - [10/May/2024:11:20:04 +0800] "GET /xingrg/kc/base/wldb_order_operate.html?command=get_materiel&rest_code=00106&base_code=0010396&code=00101019391 HTTP/1.1" 200 485
180.164.6.225 - - [10/May/2024:11:20:05 +0800] "GET /xingrg/check_reg.html?_=1715311204888 HTTP/1.1" 200 22
101.80.230.31 - - [10/May/2024:11:20:08 +0800] "GET /xingrg/kc/buy/cgsh_order_operate.html?command=get_materiel&rest_code=00156&code=00101010200&supplier_code=00100487&order_time=2024-05-10 HTTP/1.1" 200 432
218.79.29.216 - - [10/May/2024:11:20:10 +0800] "GET /xingrg/all/function/internal_message.html?_=1715311219445&CODE_STATE=getMsg HTTP/1.1" 200 27
172.20.0.100 - - [10/May/2024:11:20:10 +0800] "GET /xingrg/all/function/internal_message.html?_=1715311210909&CODE_STATE=getMsg HTTP/1.1" 200 27
222.70.183.82 - - [10/May/2024:11:20:11 +0800] "GET /xingrg/kc/print/load_data.html?order_code=212024051002666&kc_code=cgsh&condition= HTTP/1.1" 200 720
61.170.233.33 - - [10/May/2024:11:20:15 +0800] "POST /xingrg/kc/base/wldb_order_operate.html HTTP/1.1" 200 37
61.170.233.33 - - [10/May/2024:11:20:15 +0800] "POST /xingrg/kc/base/wldb_order_operate.html HTTP/1.1" 200 6230
61.170.233.33 - - [10/May/2024:11:20:16 +0800] "GET /xingrg/kc/base/wldb_order_info.html?code=422024051000654 HTTP/1.1" 200 30657
61.170.233.33 - - [10/May/2024:11:20:17 +0800] "GET /xingrg/javascript/easyui/themes/default/validatebox.css HTTP/1.1" 404 1104
61.170.233.33 - - [10/May/2024:11:20:17 +0800] "POST /xingrg/kc/base/wldb_order_operate.html HTTP/1.1" 200 6230
114.95.253.235 - - [10/May/2024:11:20:19 +0800] "GET /xingrg/all/function/internal_message.html?_=1715311219029&CODE_STATE=getMsg HTTP/1.1" 200 27
116.232.195.13 - - [10/May/2024:11:20:19 +0800] "GET /xingrg/all/function/internal_message.html?_=1715311193105&CODE_STATE=getMsg HTTP/1.1" 200 27
61.170.233.33 - - [10/May/2024:11:20:22 +0800] "GET /xingrg/kc/base/wldb_order_add.html HTTP/1.1" 200 30643
61.170.233.33 - - [10/May/2024:11:20:22 +0800] "POST /xingrg/kc/base/wldb_order_operate.html HTTP/1.1" 200 6806
61.170.233.33 - - [10/May/2024:11:20:22 +0800] "GET /xingrg/javascript/easyui/themes/default/validatebox.css HTTP/1.1" 404 1104
61.170.233.33 - - [10/May/2024:11:20:23 +0800] "GET /xingrg/all/function/internal_message.html?_=1715311220003&CODE_STATE=getMsg HTTP/1.1" 200 27
61.170.233.33 - - [10/May/2024:11:20:24 +0800] "POST /xingrg/all/common/load_combo.html?type=base HTTP/1.1" 200 3227
61.170.233.33 - - [10/May/2024:11:20:27 +0800] "POST /xingrg/all/common/load_combo.html?type=base HTTP/1.1" 200 3227
101.80.230.31 - - [10/May/2024:11:20:27 +0800] "POST /xingrg/kc/buy/cgsh_order_operate.html HTTP/1.1" 200 37
101.80.230.31 - - [10/May/2024:11:20:29 +0800] "POST /xingrg/kc/buy/cgsh_order_operate.html HTTP/1.1" 200 2660
120.253.135.82 - - [10/May/2024:11:20:29 +0800] "GET /xingrg/check_reg.html?_=1715311080239 HTTP/1.1" 200 22
101.80.230.31 - - [10/May/2024:11:20:30 +0800] "GET /xingrg/kc/print/load_config.html?kc_code=cgsh HTTP/1.1" 200 1927
101.80.230.31 - - [10/May/2024:11:20:31 +0800] "GET /xingrg/kc/print/load_data.html?order_code=212024051002690&kc_code=cgsh&condition= HTTP/1.1" 200 672
61.170.233.33 - - [10/May/2024:11:20:33 +0800] "GET /xingrg/all/function/internal_message.html?_=1715311234691&CODE_STATE=getMsg HTTP/1.1" 200 27
101.80.230.31 - - [10/May/2024:11:20:34 +0800] "GET /xingrg/kc/buy/cgsh_order_add.html HTTP/1.1" 200 74653
101.80.230.31 - - [10/May/2024:11:20:35 +0800] "POST /xingrg/kc/buy/cgsh_order_operate.html HTTP/1.1" 200 8245
101.80.230.31 - - [10/May/2024:11:20:35 +0800] "GET /xingrg/javascript/easyui/themes/default/validatebox.css HTTP/1.1" 404 1104
101.80.230.31 - - [10/May/2024:11:20:35 +0800] "GET /xingrg/all/common/auto_word.html?type=employee&rest_code=00156 HTTP/1.1" 200 47
101.80.230.31 - - [10/May/2024:11:20:35 +0800] "GET /xingrg/all/common/auto_word.html?type=employee&rest_code=00156 HTTP/1.1" 200 47
222.70.183.82 - - [10/May/2024:11:20:35 +0800] "GET /xingrg/all/function/internal_message.html?_=1715311235745&CODE_STATE=getMsg HTTP/1.1" 200 27
116.232.195.13 - - [10/May/2024:11:20:37 +0800] "GET /xingrg/all/function/internal_message.html?_=1715311210905&CODE_STATE=getMsg HTTP/1.1" 200 27
101.80.230.31 - - [10/May/2024:11:20:38 +0800] "GET /xingrg/javascript/jquery_tools/images/prev.gif HTTP/1.1" 404 1086
101.80.230.31 - - [10/May/2024:11:20:38 +0800] "GET /xingrg/javascript/jquery_tools/images/next.gif HTTP/1.1" 404 1086
116.238.97.31 - - [10/May/2024:11:20:41 +0800] "GET /xingrg/all/function/internal_message.html?_=1715311265336&CODE_STATE=getMsg HTTP/1.1" 200 27
101.83.144.49 - - [10/May/2024:11:20:41 +0800] "GET /xingrg/all/function/internal_message.html?_=1715311243697&CODE_STATE=getMsg HTTP/1.1" 200 27
116.232.195.13 - - [10/May/2024:11:20:43 +0800] "GET /xingrg/all/function/internal_message.html?_=1715311217209&CODE_STATE=getMsg HTTP/1.1" 200 27
116.238.97.31 - - [10/May/2024:11:20:47 +0800] "GET /xingrg/all/function/internal_message.html?_=1715311247432&CODE_STATE=getMsg HTTP/1.1" 200 27
116.238.97.31 - - [10/May/2024:11:20:47 +0800] "GET /xingrg/check_reg.html?_=1715311247435 HTTP/1.1" 200 22
222.69.130.33 - - [10/May/2024:11:20:49 +0800] "GET /xingrg/all/function/internal_message.html?_=1715311250549&CODE_STATE=getMsg HTTP/1.1" 200 27
116.238.114.181 - - [10/May/2024:11:20:51 +0800] "GET /xingrg/all/function/internal_message.html?_=1715311253337&CODE_STATE=getMsg HTTP/1.1" 200 27
101.80.230.31 - - [10/May/2024:11:20:52 +0800] "GET /xingrg/kc/buy/cgsh_order_operate.html?command=get_materiel&rest_code=00156&code=00101007026&supplier_code=00100323&order_time=2024-05-10 HTTP/1.1" 200 423
114.95.253.235 - - [10/May/2024:11:20:52 +0800] "GET /xingrg/all/function/internal_message.html?_=1715311252575&CODE_STATE=getMsg HTTP/1.1" 200 27
124.78.56.241 - - [10/May/2024:11:20:54 +0800] "GET /xingrg/all/function/internal_message.html?_=1715311254577&CODE_STATE=getMsg HTTP/1.1" 200 27
180.169.147.146 - - [10/May/2024:11:20:54 +0800] "GET /xingrg/all/function/internal_message.html?_=1715311253434&CODE_STATE=getMsg HTTP/1.1" 302 -
120.253.135.82 - - [10/May/2024:11:20:55 +0800] "GET /xingrg/all/function/internal_message.html?_=1715311105600&CODE_STATE=getMsg HTTP/1.1" 200 27
61.170.233.33 - - [10/May/2024:11:21:01 +0800] "GET /xingrg/kc/base/wldb_order_operate.html?command=get_materiel&rest_code=00106&base_code=0010396&code=00101019066 HTTP/1.1" 200 455
114.95.253.235 - - [10/May/2024:11:21:01 +0800] "GET /xingrg/kc/base/wldb_order_list.html HTTP/1.1" 200 19180
114.95.253.235 - - [10/May/2024:11:21:02 +0800] "POST /xingrg/kc/base/wldb_list_operate.html HTTP/1.1" 200 928
114.95.253.235 - - [10/May/2024:11:21:03 +0800] "GET /xingrg/kc/base/wldb_order_add.html HTTP/1.1" 200 30649
114.95.253.235 - - [10/May/2024:11:21:03 +0800] "POST /xingrg/kc/base/wldb_order_operate.html HTTP/1.1" 200 6806
114.95.253.235 - - [10/May/2024:11:21:03 +0800] "GET /xingrg/javascript/easyui/themes/default/validatebox.css HTTP/1.1" 404 1104
180.164.6.225 - - [10/May/2024:11:21:04 +0800] "GET /xingrg/all/function/internal_message.html?_=1715311263448&CODE_STATE=getMsg HTTP/1.1" 200 27
101.80.230.31 - - [10/May/2024:11:21:04 +0800] "GET /xingrg/all/function/internal_message.html?_=1715311272416&CODE_STATE=getMsg HTTP/1.1" 200 27
114.95.253.235 - - [10/May/2024:11:21:04 +0800] "GET /xingrg/javascript/auto/indicator.gif HTTP/1.1" 404 1066
101.83.144.49 - - [10/May/2024:11:21:06 +0800] "GET /xingrg/kc/buy/cgsh_order_list.html HTTP/1.1" 200 58761
218.79.29.216 - - [10/May/2024:11:21:10 +0800] "GET /xingrg/all/function/internal_message.html?_=1715311279441&CODE_STATE=getMsg HTTP/1.1" 200 27
172.20.0.100 - - [10/May/2024:11:21:10 +0800] "GET /xingrg/check_reg.html?_=1715311270915 HTTP/1.1" 200 22
172.20.0.100 - - [10/May/2024:11:21:10 +0800] "GET /xingrg/all/function/internal_message.html?_=1715311270916&CODE_STATE=getMsg HTTP/1.1" 200 27
61.170.233.33 - - [10/May/2024:11:21:11 +0800] "GET /xingrg/check_reg.html?_=1715311268321 HTTP/1.1" 200 22
114.95.253.235 - - [10/May/2024:11:21:12 +0800] "GET /xingrg/kc/base/wldb_order_operate.html?command=get_materiel&rest_code=00150&base_code=0010445&code=00101016037 HTTP/1.1" 200 450
114.95.253.235 - - [10/May/2024:11:21:17 +0800] "POST /xingrg/kc/base/wldb_order_operate.html HTTP/1.1" 200 37
114.95.253.235 - - [10/May/2024:11:21:19 +0800] "GET /xingrg/all/function/internal_message.html?_=1715311279010&CODE_STATE=getMsg HTTP/1.1" 200 27
116.232.195.13 - - [10/May/2024:11:21:19 +0800] "GET /xingrg/all/function/internal_message.html?_=1715311253099&CODE_STATE=getMsg HTTP/1.1" 200 27
61.170.233.33 - - [10/May/2024:11:21:23 +0800] "GET /xingrg/all/function/internal_message.html?_=1715311279979&CODE_STATE=getMsg HTTP/1.1" 200 27
114.95.253.235 - - [10/May/2024:11:21:23 +0800] "POST /xingrg/kc/base/wldb_order_operate.html HTTP/1.1" 200 12
114.95.253.235 - - [10/May/2024:11:21:23 +0800] "POST /xingrg/kc/base/wldb_order_operate.html HTTP/1.1" 200 2194
114.95.253.235 - - [10/May/2024:11:21:27 +0800] "GET /xingrg/kc/base/wldb_order_info.html?code=422024051000655 HTTP/1.1" 200 26525
114.95.253.235 - - [10/May/2024:11:21:27 +0800] "GET /xingrg/javascript/easyui/themes/default/validatebox.css HTTP/1.1" 404 1104
114.95.253.235 - - [10/May/2024:11:21:28 +0800] "POST /xingrg/kc/base/wldb_order_operate.html HTTP/1.1" 200 487
114.95.253.235 - - [10/May/2024:11:21:30 +0800] "POST /xingrg/all/user/operate.html HTTP/1.1" 200 36
114.95.253.235 - - [10/May/2024:11:21:30 +0800] "GET /xingrg/index.html?sysBaseUrl=http%3A%2F%2F180.169.147.146%3A18081%2Fxingrg%2F&costTime=865×tamp=1715309355927 HTTP/1.1" 200 17177
114.95.253.235 - - [10/May/2024:11:21:30 +0800] "GET /xingrg/javascript/jquery_easy_ui/themes/default/easyui.css HTTP/1.1" 304 -
114.95.253.235 - - [10/May/2024:11:21:30 +0800] "GET /xingrg/javascript/jquery_easy_ui/themes/icon.css HTTP/1.1" 304 -
114.95.253.235 - - [10/May/2024:11:21:30 +0800] "GET /xingrg/css/form.css HTTP/1.1" 304 -
114.95.253.235 - - [10/May/2024:11:21:30 +0800] "GET /xingrg/javascript/jquery-1.4.2.min.js HTTP/1.1" 304 -
114.95.253.235 - - [10/May/2024:11:21:30 +0800] "GET /xingrg/javascript/jquery_easy_ui/jquery.easyui.min.js HTTP/1.1" 304 -
114.95.253.235 - - [10/May/2024:11:21:30 +0800] "GET /xingrg/javascript/jquery_easy_ui/easyui-lang-zh_CN.js HTTP/1.1" 304 -
114.95.253.235 - - [10/May/2024:11:21:30 +0800] "GET /xingrg/javascript/jquery.form.js HTTP/1.1" 304 -
114.95.253.235 - - [10/May/2024:11:21:30 +0800] "GET /xingrg/javascript/jquery.utils.js HTTP/1.1" 304 -
114.95.253.235 - - [10/May/2024:11:21:30 +0800] "GET /xingrg/javascript/jquery.timers.js HTTP/1.1" 304 -
114.95.253.235 - - [10/May/2024:11:21:30 +0800] "GET /xingrg/images/blue/jxLogo.png HTTP/1.1" 304 -
114.95.253.235 - - [10/May/2024:11:21:30 +0800] "GET /xingrg/javascript/jquery_easy_ui/themes/icons/settle_new.png HTTP/1.1" 304 -
114.95.253.235 - - [10/May/2024:11:21:30 +0800] "GET /xingrg/images/blue/navBackgound.jpg HTTP/1.1" 304 -
114.95.253.235 - - [10/May/2024:11:21:30 +0800] "GET /xingrg/all/function/internal_message.html?_=1715311290963&CODE_STATE=count HTTP/1.1" 200 11
114.95.253.235 - - [10/May/2024:11:21:30 +0800] "GET /xingrg/images/blue/pingpu.png HTTP/1.1" 304 -
114.95.253.235 - - [10/May/2024:11:21:30 +0800] "GET /xingrg/javascript/jquery_easy_ui/themes/default/images/panel_tool_collapse.gif HTTP/1.1" 304 -
114.95.253.235 - - [10/May/2024:11:21:30 +0800] "GET /xingrg/check_reg.html?_=1715311290965 HTTP/1.1" 200 22
114.95.253.235 - - [10/May/2024:11:21:30 +0800] "GET /xingrg/javascript/jquery_easy_ui/themes/default/images/tabs_rightarrow.png HTTP/1.1" 304 -
114.95.253.235 - - [10/May/2024:11:21:30 +0800] "GET /xingrg/javascript/jquery_easy_ui/themes/default/images/tabs_leftarrow.png HTTP/1.1" 304 -
114.95.253.235 - - [10/May/2024:11:21:31 +0800] "POST /xingrg/all/common/load_tree.html?tree=area_rest_tree_json&manage=1 HTTP/1.1" 200 476
114.95.253.235 - - [10/May/2024:11:21:31 +0800] "POST /xingrg/load_menu.html HTTP/1.1" 200 5138
114.95.253.235 - - [10/May/2024:11:21:33 +0800] "GET /xingrg/kc/buy/cgsh_order_list.html HTTP/1.1" 200 58765
101.80.230.31 - - [10/May/2024:11:21:33 +0800] "GET /xingrg/javascript/auto/indicator.gif HTTP/1.1" 404 1066
61.170.233.33 - - [10/May/2024:11:21:33 +0800] "GET /xingrg/all/function/internal_message.html?_=1715311294663&CODE_STATE=getMsg HTTP/1.1" 200 27
101.83.144.49 - - [10/May/2024:11:21:34 +0800] "GET /xingrg/check_reg.html?_=1715311296235 HTTP/1.1" 200 22
114.95.253.235 - - [10/May/2024:11:21:35 +0800] "POST /xingrg/kc/buy/cgsh_list_operate.html HTTP/1.1" 200 645
222.70.183.82 - - [10/May/2024:11:21:35 +0800] "GET /xingrg/all/function/internal_message.html?_=1715311295722&CODE_STATE=getMsg HTTP/1.1" 200 27
114.95.253.235 - - [10/May/2024:11:21:36 +0800] "GET /xingrg/kc/buy/cgsh_order_add.html HTTP/1.1" 200 74172
114.95.253.235 - - [10/May/2024:11:21:37 +0800] "POST /xingrg/kc/buy/cgsh_order_operate.html HTTP/1.1" 200 8245
114.95.253.235 - - [10/May/2024:11:21:37 +0800] "GET /xingrg/javascript/easyui/themes/default/validatebox.css HTTP/1.1" 404 1104
114.95.253.235 - - [10/May/2024:11:21:37 +0800] "GET /xingrg/all/common/auto_word.html?type=employee&rest_code=00151 HTTP/1.1" 200 293
114.95.253.235 - - [10/May/2024:11:21:37 +0800] "GET /xingrg/all/common/auto_word.html?type=employee&rest_code=00151 HTTP/1.1" 200 293
116.232.195.13 - - [10/May/2024:11:21:37 +0800] "GET /xingrg/all/function/internal_message.html?_=1715311270902&CODE_STATE=getMsg HTTP/1.1" 200 27
114.95.253.235 - - [10/May/2024:11:21:37 +0800] "GET /xingrg/javascript/auto/indicator.gif HTTP/1.1" 404 1066
101.80.230.31 - - [10/May/2024:11:21:40 +0800] "GET /xingrg/kc/buy/cgsh_order_operate.html?command=get_materiel&rest_code=00156&code=00101010193&supplier_code=00100323&order_time=2024-05-10 HTTP/1.1" 200 416
116.238.97.31 - - [10/May/2024:11:21:41 +0800] "GET /xingrg/all/function/internal_message.html?_=1715311325338&CODE_STATE=getMsg HTTP/1.1" 200 27
116.238.97.31 - - [10/May/2024:11:21:41 +0800] "GET /xingrg/check_reg.html?_=1715311325340 HTTP/1.1" 200 22
101.83.144.49 - - [10/May/2024:11:21:41 +0800] "GET /xingrg/all/function/internal_message.html?_=1715311303706&CODE_STATE=getMsg HTTP/1.1" 200 27
101.83.144.49 - - [10/May/2024:11:21:42 +0800] "POST /xingrg/kc/buy/cgsh_list_operate.html HTTP/1.1" 200 4097
116.232.195.13 - - [10/May/2024:11:21:43 +0800] "GET /xingrg/all/function/internal_message.html?_=1715311277210&CODE_STATE=getMsg HTTP/1.1" 200 27
116.232.195.13 - - [10/May/2024:11:21:43 +0800] "GET /xingrg/check_reg.html?_=1715311277213 HTTP/1.1" 200 22
101.83.144.49 - - [10/May/2024:11:21:47 +0800] "POST /xingrg/kc/buy/cgsh_list_operate.html HTTP/1.1" 200 419
116.238.97.31 - - [10/May/2024:11:21:47 +0800] "GET /xingrg/all/function/internal_message.html?_=1715311307450&CODE_STATE=getMsg HTTP/1.1" 200 27
101.83.144.49 - - [10/May/2024:11:21:48 +0800] "GET /xingrg/kc/buy/cgsh_order_info.html?code=212024051002583 HTTP/1.1" 200 74624
101.83.144.49 - - [10/May/2024:11:21:49 +0800] "GET /xingrg/javascript/easyui/themes/default/validatebox.css HTTP/1.1" 404 1104
222.69.130.33 - - [10/May/2024:11:21:49 +0800] "GET /xingrg/all/function/internal_message.html?_=1715311310550&CODE_STATE=getMsg HTTP/1.1" 200 27
61.170.233.33 - - [10/May/2024:11:21:49 +0800] "GET /xingrg/kc/base/wldb_order_operate.html?command=get_materiel&rest_code=00106&base_code=0010396&code=00101019258 HTTP/1.1" 200 483
101.83.144.49 - - [10/May/2024:11:21:50 +0800] "POST /xingrg/kc/buy/cgsh_order_operate.html HTTP/1.1" 200 4423
116.238.114.181 - - [10/May/2024:11:21:51 +0800] "GET /xingrg/all/function/internal_message.html?_=1715311313337&CODE_STATE=getMsg HTTP/1.1" 200 27
114.95.253.235 - - [10/May/2024:11:21:52 +0800] "GET /xingrg/all/function/internal_message.html?_=1715311312553&CODE_STATE=getMsg HTTP/1.1" 200 27
124.78.56.241 - - [10/May/2024:11:21:54 +0800] "GET /xingrg/all/function/internal_message.html?_=1715311314548&CODE_STATE=getMsg HTTP/1.1" 200 27
180.169.147.146 - - [10/May/2024:11:21:54 +0800] "GET /xingrg/all/function/internal_message.html?_=1715311313427&CODE_STATE=getMsg HTTP/1.1" 302 -
120.253.135.82 - - [10/May/2024:11:21:55 +0800] "GET /xingrg/all/function/internal_message.html?_=1715311165614&CODE_STATE=getMsg HTTP/1.1" 200 27
101.80.230.31 - - [10/May/2024:11:21:56 +0800] "POST /xingrg/kc/buy/cgsh_order_operate.html HTTP/1.1" 200 37
114.95.253.235 - - [10/May/2024:11:21:56 +0800] "GET /xingrg/kc/buy/cgsh_order_operate.html?command=get_materiel&rest_code=00151&code=00101016099&supplier_code=00100329&order_time=2024-05-10 HTTP/1.1" 200 413
101.83.144.49 - - [10/May/2024:11:21:58 +0800] "GET /xingrg/kc/buy/cgsh_order_operate.html?command=get_materiel&rest_code=00105&code=00101002022&supplier_code=00100151&order_time=2024-05-10 HTTP/1.1" 200 410
101.80.230.31 - - [10/May/2024:11:21:59 +0800] "POST /xingrg/kc/buy/cgsh_order_operate.html HTTP/1.1" 200 3264
101.80.230.31 - - [10/May/2024:11:22:00 +0800] "GET /xingrg/kc/print/load_config.html?kc_code=cgsh HTTP/1.1" 200 1927
61.170.233.33 - - [10/May/2024:11:22:01 +0800] "GET /xingrg/kc/base/wldb_order_operate.html?command=get_materiel&rest_code=00106&base_code=0010396&code=00101019297 HTTP/1.1" 200 476
101.80.230.31 - - [10/May/2024:11:22:01 +0800] "GET /xingrg/kc/print/load_data.html?order_code=212024051002691&kc_code=cgsh&condition= HTTP/1.1" 200 916
180.164.6.225 - - [10/May/2024:11:22:04 +0800] "GET /xingrg/all/function/internal_message.html?_=1715311323422&CODE_STATE=getMsg HTTP/1.1" 200 27
101.80.230.31 - - [10/May/2024:11:22:04 +0800] "GET /xingrg/all/function/internal_message.html?_=1715311332417&CODE_STATE=getMsg HTTP/1.1" 200 27
101.80.230.31 - - [10/May/2024:11:22:04 +0800] "GET /xingrg/check_reg.html?_=1715311332418 HTTP/1.1" 200 22
180.164.6.225 - - [10/May/2024:11:22:05 +0800] "GET /xingrg/kc/buy/cgsh_order_operate.html?command=get_materiel&rest_code=00108&code=00101009015&supplier_code=00100007&order_time=2024-05-10 HTTP/1.1" 200 416
218.79.29.216 - - [10/May/2024:11:22:10 +0800] "GET /xingrg/all/function/internal_message.html?_=1715311339441&CODE_STATE=getMsg HTTP/1.1" 200 27
218.79.29.216 - - [10/May/2024:11:22:10 +0800] "GET /xingrg/check_reg.html?_=1715311339447 HTTP/1.1" 200 22
172.20.0.100 - - [10/May/2024:11:22:10 +0800] "GET /xingrg/all/function/internal_message.html?_=1715311330905&CODE_STATE=getMsg HTTP/1.1" 200 27
101.80.230.31 - - [10/May/2024:11:22:13 +0800] "GET /xingrg/kc/buy/cgsh_order_add.html HTTP/1.1" 200 74653
101.80.230.31 - - [10/May/2024:11:22:14 +0800] "POST /xingrg/kc/buy/cgsh_order_operate.html HTTP/1.1" 200 8245
101.80.230.31 - - [10/May/2024:11:22:14 +0800] "GET /xingrg/javascript/easyui/themes/default/validatebox.css HTTP/1.1" 404 1104
101.80.230.31 - - [10/May/2024:11:22:14 +0800] "GET /xingrg/all/common/auto_word.html?type=employee&rest_code=00156 HTTP/1.1" 200 47
101.80.230.31 - - [10/May/2024:11:22:14 +0800] "GET /xingrg/all/common/auto_word.html?type=employee&rest_code=00156 HTTP/1.1" 200 47
114.95.253.235 - - [10/May/2024:11:22:16 +0800] "GET /xingrg/kc/buy/cgsh_order_operate.html?command=get_materiel&rest_code=00151&code=00101037342&supplier_code=00100329&order_time=2024-05-10 HTTP/1.1" 200 396
101.80.230.31 - - [10/May/2024:11:22:18 +0800] "GET /xingrg/javascript/jquery_tools/images/next.gif HTTP/1.1" 404 1086
101.80.230.31 - - [10/May/2024:11:22:18 +0800] "GET /xingrg/javascript/jquery_tools/images/prev.gif HTTP/1.1" 404 1086
180.164.6.225 - - [10/May/2024:11:22:18 +0800] "GET /xingrg/kc/buy/cgsh_order_operate.html?command=get_materiel&rest_code=00108&code=00101008061&supplier_code=00100007&order_time=2024-05-10 HTTP/1.1" 200 441
116.232.195.13 - - [10/May/2024:11:22:19 +0800] "GET /xingrg/all/function/internal_message.html?_=1715311313085&CODE_STATE=getMsg HTTP/1.1" 200 27
61.170.233.33 - - [10/May/2024:11:22:23 +0800] "GET /xingrg/all/function/internal_message.html?_=1715311339950&CODE_STATE=getMsg HTTP/1.1" 200 27
180.164.6.225 - - [10/May/2024:11:22:23 +0800] "POST /xingrg/kc/buy/cgsh_order_operate.html HTTP/1.1" 200 2065
61.170.233.33 - - [10/May/2024:11:22:29 +0800] "POST /xingrg/kc/base/wldb_order_operate.html HTTP/1.1" 200 37
61.170.233.33 - - [10/May/2024:11:22:29 +0800] "POST /xingrg/kc/base/wldb_order_operate.html HTTP/1.1" 200 4258
101.80.230.31 - - [10/May/2024:11:22:30 +0800] "GET /xingrg/kc/buy/cgsh_order_operate.html?command=get_materiel&rest_code=00156&code=00101002082&supplier_code=00100325&order_time=2024-05-10 HTTP/1.1" 200 443
114.95.253.235 - - [10/May/2024:11:22:30 +0800] "GET /xingrg/all/function/internal_message.html?_=1715311350990&CODE_STATE=getMsg HTTP/1.1" 200 27
61.170.233.33 - - [10/May/2024:11:22:31 +0800] "GET /xingrg/kc/base/wldb_order_info.html?code=422024051000656 HTTP/1.1" 200 30658
61.170.233.33 - - [10/May/2024:11:22:31 +0800] "GET /xingrg/javascript/easyui/themes/default/validatebox.css HTTP/1.1" 404 1104
61.170.233.33 - - [10/May/2024:11:22:32 +0800] "POST /xingrg/kc/base/wldb_order_operate.html HTTP/1.1" 200 4258
61.170.233.33 - - [10/May/2024:11:22:33 +0800] "GET /xingrg/all/function/internal_message.html?_=1715311354646&CODE_STATE=getMsg HTTP/1.1" 200 27
222.70.183.82 - - [10/May/2024:11:22:35 +0800] "GET /xingrg/all/function/internal_message.html?_=1715311355707&CODE_STATE=getMsg HTTP/1.1" 200 27
116.232.195.13 - - [10/May/2024:11:22:37 +0800] "GET /xingrg/all/function/internal_message.html?_=1715311330892&CODE_STATE=getMsg HTTP/1.1" 200 27
61.170.233.33 - - [10/May/2024:11:22:39 +0800] "GET /xingrg/kc/base/wldb_order_add.html HTTP/1.1" 200 30643
61.170.233.33 - - [10/May/2024:11:22:40 +0800] "POST /xingrg/kc/base/wldb_order_operate.html HTTP/1.1" 200 6806
61.170.233.33 - - [10/May/2024:11:22:40 +0800] "GET /xingrg/javascript/easyui/themes/default/validatebox.css HTTP/1.1" 404 1104
116.238.97.31 - - [10/May/2024:11:22:41 +0800] "GET /xingrg/all/function/internal_message.html?_=1715311385348&CODE_STATE=getMsg HTTP/1.1" 200 27
61.170.233.33 - - [10/May/2024:11:22:41 +0800] "POST /xingrg/all/common/load_combo.html?type=base HTTP/1.1" 200 3227
101.83.144.49 - - [10/May/2024:11:22:41 +0800] "GET /xingrg/all/function/internal_message.html?_=1715311363683&CODE_STATE=getMsg HTTP/1.1" 200 27
114.95.253.235 - - [10/May/2024:11:22:43 +0800] "POST /xingrg/kc/buy/cgsh_order_operate.html HTTP/1.1" 200 37
116.232.195.13 - - [10/May/2024:11:22:43 +0800] "GET /xingrg/all/function/internal_message.html?_=1715311337210&CODE_STATE=getMsg HTTP/1.1" 200 27
61.170.233.33 - - [10/May/2024:11:22:44 +0800] "POST /xingrg/all/common/load_combo.html?type=base HTTP/1.1" 200 3227
116.238.97.31 - - [10/May/2024:11:22:47 +0800] "GET /xingrg/all/function/internal_message.html?_=1715311367443&CODE_STATE=getMsg HTTP/1.1" 200 27
222.69.130.33 - - [10/May/2024:11:22:49 +0800] "GET /xingrg/all/function/internal_message.html?_=1715311370552&CODE_STATE=getMsg HTTP/1.1" 200 27
222.69.130.33 - - [10/May/2024:11:22:49 +0800] "GET /xingrg/check_reg.html?_=1715311370599 HTTP/1.1" 200 22
116.238.114.181 - - [10/May/2024:11:22:51 +0800] "GET /xingrg/all/function/internal_message.html?_=1715311373327&CODE_STATE=getMsg HTTP/1.1" 200 27
116.238.114.181 - - [10/May/2024:11:22:51 +0800] "GET /xingrg/check_reg.html?_=1715311373330 HTTP/1.1" 200 22
114.95.253.235 - - [10/May/2024:11:22:52 +0800] "GET /xingrg/all/function/internal_message.html?_=1715311372533&CODE_STATE=getMsg HTTP/1.1" 200 27
124.78.56.241 - - [10/May/2024:11:22:54 +0800] "GET /xingrg/all/function/internal_message.html?_=1715311374529&CODE_STATE=getMsg HTTP/1.1" 200 27
180.169.147.146 - - [10/May/2024:11:22:54 +0800] "GET /xingrg/all/function/internal_message.html?_=1715311373443&CODE_STATE=getMsg HTTP/1.1" 302 -
114.95.253.235 - - [10/May/2024:11:22:55 +0800] "GET /xingrg/check_reg.html?_=1715311375265 HTTP/1.1" 200 22
120.253.135.82 - - [10/May/2024:11:22:55 +0800] "GET /xingrg/all/function/internal_message.html?_=1715311225727&CODE_STATE=getMsg HTTP/1.1" 200 27
61.170.233.33 - - [10/May/2024:11:23:02 +0800] "GET /xingrg/kc/base/wldb_order_operate.html?command=get_materiel&rest_code=00106&base_code=0010396&code=00101019536 HTTP/1.1" 200 471
180.164.6.225 - - [10/May/2024:11:23:04 +0800] "GET /xingrg/all/function/internal_message.html?_=1715311383402&CODE_STATE=getMsg HTTP/1.1" 200 27
101.80.230.31 - - [10/May/2024:11:23:04 +0800] "POST /xingrg/kc/buy/cgsh_order_operate.html HTTP/1.1" 200 37
101.80.230.31 - - [10/May/2024:11:23:05 +0800] "GET /xingrg/all/function/internal_message.html?_=1715311393156&CODE_STATE=getMsg HTTP/1.1" 200 27
101.80.230.31 - - [10/May/2024:11:23:06 +0800] "POST /xingrg/kc/buy/cgsh_order_operate.html HTTP/1.1" 200 2679
101.80.230.31 - - [10/May/2024:11:23:07 +0800] "GET /xingrg/kc/print/load_config.html?kc_code=cgsh HTTP/1.1" 200 1927
101.80.230.31 - - [10/May/2024:11:23:08 +0800] "GET /xingrg/kc/print/load_data.html?order_code=212024051002693&kc_code=cgsh&condition= HTTP/1.1" 200 705
61.170.233.33 - - [10/May/2024:11:23:10 +0800] "POST /xingrg/kc/base/wldb_order_operate.html HTTP/1.1" 200 37
218.79.29.216 - - [10/May/2024:11:23:10 +0800] "GET /xingrg/all/function/internal_message.html?_=1715311399448&CODE_STATE=getMsg HTTP/1.1" 200 27
61.170.233.33 - - [10/May/2024:11:23:10 +0800] "POST /xingrg/kc/base/wldb_order_operate.html HTTP/1.1" 200 2211
172.20.0.100 - - [10/May/2024:11:23:10 +0800] "GET /xingrg/all/function/internal_message.html?_=1715311390921&CODE_STATE=getMsg HTTP/1.1" 200 27
61.170.233.33 - - [10/May/2024:11:23:12 +0800] "GET /xingrg/kc/base/wldb_order_info.html?code=422024051000657 HTTP/1.1" 200 30656
61.170.233.33 - - [10/May/2024:11:23:12 +0800] "GET /xingrg/javascript/easyui/themes/default/validatebox.css HTTP/1.1" 404 1104
61.170.233.33 - - [10/May/2024:11:23:13 +0800] "POST /xingrg/kc/base/wldb_order_operate.html HTTP/1.1" 200 2211
101.80.230.31 - - [10/May/2024:11:23:15 +0800] "GET /xingrg/kc/buy/cgsh_order_add.html HTTP/1.1" 200 74653
101.80.230.31 - - [10/May/2024:11:23:16 +0800] "POST /xingrg/kc/buy/cgsh_order_operate.html HTTP/1.1" 200 8245
101.80.230.31 - - [10/May/2024:11:23:16 +0800] "GET /xingrg/javascript/easyui/themes/default/validatebox.css HTTP/1.1" 404 1104
101.80.230.31 - - [10/May/2024:11:23:16 +0800] "GET /xingrg/all/common/auto_word.html?type=employee&rest_code=00156 HTTP/1.1" 200 47
101.80.230.31 - - [10/May/2024:11:23:16 +0800] "GET /xingrg/all/common/auto_word.html?type=employee&rest_code=00156 HTTP/1.1" 200 47
61.170.233.33 - - [10/May/2024:11:23:17 +0800] "GET /xingrg/kc/base/base_main.html HTTP/1.1" 200 12142
101.80.230.31 - - [10/May/2024:11:23:18 +0800] "GET /xingrg/javascript/jquery_tools/images/next.gif HTTP/1.1" 404 1086
101.80.230.31 - - [10/May/2024:11:23:18 +0800] "GET /xingrg/javascript/jquery_tools/images/prev.gif HTTP/1.1" 404 1086
61.170.233.33 - - [10/May/2024:11:23:19 +0800] "GET /xingrg/kc/base/wldb_order_list.html HTTP/1.1" 200 19174
116.232.195.13 - - [10/May/2024:11:23:19 +0800] "GET /xingrg/all/function/internal_message.html?_=1715311373069&CODE_STATE=getMsg HTTP/1.1" 200 27
61.170.233.33 - - [10/May/2024:11:23:20 +0800] "POST /xingrg/kc/base/wldb_list_operate.html HTTP/1.1" 200 2556
101.83.144.49 - - [10/May/2024:11:23:20 +0800] "POST /xingrg/kc/buy/cgsh_order_operate.html HTTP/1.1" 200 37
61.170.233.33 - - [10/May/2024:11:23:21 +0800] "GET /xingrg/kc/mdqp/qp_main.html HTTP/1.1" 200 10633
61.170.233.33 - - [10/May/2024:11:23:23 +0800] "GET /xingrg/all/function/internal_message.html?_=1715311399928&CODE_STATE=getMsg HTTP/1.1" 200 27
180.164.6.225 - - [10/May/2024:11:23:23 +0800] "POST /xingrg/services/DataTransmitService HTTP/1.1" 200 524
61.170.233.33 - - [10/May/2024:11:23:23 +0800] "GET /xingrg/images/yd/bt.gif HTTP/1.1" 404 1040
180.164.6.225 - - [10/May/2024:11:23:24 +0800] "POST /xingrg/services/DataTransmitService HTTP/1.1" 200 2003
61.170.233.33 - - [10/May/2024:11:23:24 +0800] "GET /xingrg/kc/mdqp/qqps_order_list.html HTTP/1.1" 200 10029
61.170.233.33 - - [10/May/2024:11:23:24 +0800] "GET /xingrg/dwr/interface/AjaxQqpsService.js HTTP/1.1" 200 16326
61.170.233.33 - - [10/May/2024:11:23:24 +0800] "GET /xingrg/dwr/interface/AjaxReportQueryService.js HTTP/1.1" 200 13203
61.170.233.33 - - [10/May/2024:11:23:24 +0800] "GET /xingrg/dwr/engine.js HTTP/1.1" 200 43631
180.164.6.225 - - [10/May/2024:11:23:25 +0800] "POST /xingrg/services/DataTransmitService HTTP/1.1" 200 122932
101.80.230.31 - - [10/May/2024:11:23:25 +0800] "GET /xingrg/kc/buy/cgsh_order_operate.html?command=get_materiel&rest_code=00156&code=00101001045&supplier_code=00100665&order_time=2024-05-10 HTTP/1.1" 200 441
61.170.233.33 - - [10/May/2024:11:23:29 +0800] "GET /xingrg/kc/mdqp/qqps_order_info.html?code=302024051000128 HTTP/1.1" 200 28398
61.170.233.33 - - [10/May/2024:11:23:29 +0800] "GET /xingrg/dwr/interface/AjaxComOrderService.js HTTP/1.1" 200 18264
61.170.233.33 - - [10/May/2024:11:23:29 +0800] "GET /xingrg/dwr/interface/AjaxQqpsService.js HTTP/1.1" 200 16326
61.170.233.33 - - [10/May/2024:11:23:29 +0800] "GET /xingrg/dwr/engine.js HTTP/1.1" 200 43631
61.170.233.33 - - [10/May/2024:11:23:30 +0800] "POST /xingrg/dwr/call/plaincall/AjaxQqpsService.loadMaterielItems.dwr HTTP/1.1" 200 904
101.83.144.49 - - [10/May/2024:11:23:31 +0800] "POST /xingrg/kc/buy/cgsh_order_operate.html HTTP/1.1" 200 5011
61.170.233.33 - - [10/May/2024:11:23:33 +0800] "GET /xingrg/all/function/internal_message.html?_=1715311414633&CODE_STATE=getMsg HTTP/1.1" 200 27
61.170.233.33 - - [10/May/2024:11:23:33 +0800] "GET /xingrg/check_reg.html?_=1715311414921 HTTP/1.1" 200 22
222.70.183.82 - - [10/May/2024:11:23:35 +0800] "GET /xingrg/all/function/internal_message.html?_=1715311415690&CODE_STATE=getMsg HTTP/1.1" 200 27
116.232.195.13 - - [10/May/2024:11:23:37 +0800] "GET /xingrg/all/function/internal_message.html?_=1715311390901&CODE_STATE=getMsg HTTP/1.1" 200 27
101.80.230.31 - - [10/May/2024:11:23:39 +0800] "POST /xingrg/kc/buy/cgsh_order_operate.html HTTP/1.1" 200 37
116.238.97.31 - - [10/May/2024:11:23:41 +0800] "GET /xingrg/all/function/internal_message.html?_=1715311445337&CODE_STATE=getMsg HTTP/1.1" 200 27
101.83.144.49 - - [10/May/2024:11:23:41 +0800] "GET /xingrg/all/function/internal_message.html?_=1715311423653&CODE_STATE=getMsg HTTP/1.1" 200 27
101.80.230.31 - - [10/May/2024:11:23:42 +0800] "POST /xingrg/kc/buy/cgsh_order_operate.html HTTP/1.1" 200 2668
116.232.195.13 - - [10/May/2024:11:23:43 +0800] "GET /xingrg/all/function/internal_message.html?_=1715311397214&CODE_STATE=getMsg HTTP/1.1" 200 27
101.80.230.31 - - [10/May/2024:11:23:44 +0800] "GET /xingrg/kc/print/load_config.html?kc_code=cgsh HTTP/1.1" 200 1927
101.80.230.31 - - [10/May/2024:11:23:44 +0800] "GET /xingrg/kc/print/load_data.html?order_code=212024051002694&kc_code=cgsh&condition= HTTP/1.1" 200 672
116.238.97.31 - - [10/May/2024:11:23:47 +0800] "GET /xingrg/all/function/internal_message.html?_=1715311427434&CODE_STATE=getMsg HTTP/1.1" 200 27
222.69.130.33 - - [10/May/2024:11:23:49 +0800] "GET /xingrg/all/function/internal_message.html?_=1715311430551&CODE_STATE=getMsg HTTP/1.1" 200 27
116.238.114.181 - - [10/May/2024:11:23:51 +0800] "GET /xingrg/all/function/internal_message.html?_=1715311433341&CODE_STATE=getMsg HTTP/1.1" 200 27
114.95.253.235 - - [10/May/2024:11:23:52 +0800] "GET /xingrg/all/function/internal_message.html?_=1715311432530&CODE_STATE=getMsg HTTP/1.1" 200 27
61.170.233.33 - - [10/May/2024:11:23:53 +0800] "GET /xingrg/javascript/auto/indicator.gif HTTP/1.1" 404 1066
124.78.56.241 - - [10/May/2024:11:23:54 +0800] "GET /xingrg/all/function/internal_message.html?_=1715311434511&CODE_STATE=getMsg HTTP/1.1" 200 27
180.169.147.146 - - [10/May/2024:11:23:54 +0800] "GET /xingrg/all/function/internal_message.html?_=1715311433443&CODE_STATE=getMsg HTTP/1.1" 302 -
124.78.56.241 - - [10/May/2024:11:23:54 +0800] "GET /xingrg/check_reg.html?_=1715311434839 HTTP/1.1" 200 22
120.253.135.82 - - [10/May/2024:11:23:55 +0800] "GET /xingrg/all/function/internal_message.html?_=1715311285735&CODE_STATE=getMsg HTTP/1.1" 200 27
61.170.233.33 - - [10/May/2024:11:23:57 +0800] "POST /xingrg/dwr/call/plaincall/AjaxQqpsService.getMaterielByCode.dwr HTTP/1.1" 200 2706
61.170.233.33 - - [10/May/2024:11:24:01 +0800] "POST /xingrg/dwr/call/plaincall/AjaxQqpsService.saveMaterielItem.dwr HTTP/1.1" 200 78
61.170.233.33 - - [10/May/2024:11:24:03 +0800] "POST /xingrg/dwr/call/plaincall/AjaxQqpsService.saveOrder.dwr HTTP/1.1" 200 78
180.164.6.225 - - [10/May/2024:11:24:04 +0800] "GET /xingrg/all/function/internal_message.html?_=1715311443404&CODE_STATE=getMsg HTTP/1.1" 200 27
101.80.230.31 - - [10/May/2024:11:24:04 +0800] "GET /xingrg/all/function/internal_message.html?_=1715311452424&CODE_STATE=getMsg HTTP/1.1" 200 27
61.170.233.33 - - [10/May/2024:11:24:08 +0800] "GET /xingrg/kc/mdqp/qqps_order_add.html HTTP/1.1" 200 28236
61.170.233.33 - - [10/May/2024:11:24:08 +0800] "GET /xingrg/dwr/interface/AjaxComOrderService.js HTTP/1.1" 200 18264
61.170.233.33 - - [10/May/2024:11:24:08 +0800] "GET /xingrg/dwr/interface/AjaxQqpsService.js HTTP/1.1" 200 16326
61.170.233.33 - - [10/May/2024:11:24:08 +0800] "GET /xingrg/dwr/engine.js HTTP/1.1" 200 43631
218.79.29.216 - - [10/May/2024:11:24:10 +0800] "GET /xingrg/all/function/internal_message.html?_=1715311459447&CODE_STATE=getMsg HTTP/1.1" 200 27
172.20.0.100 - - [10/May/2024:11:24:10 +0800] "GET /xingrg/all/function/internal_message.html?_=1715311450919&CODE_STATE=getMsg HTTP/1.1" 200 27
116.232.195.13 - - [10/May/2024:11:24:16 +0800] "GET /xingrg/kc/buy/cgsh_order_add.html HTTP/1.1" 200 74662
116.232.195.13 - - [10/May/2024:11:24:16 +0800] "POST /xingrg/kc/buy/cgsh_order_operate.html HTTP/1.1" 200 8245
116.232.195.13 - - [10/May/2024:11:24:16 +0800] "GET /xingrg/javascript/easyui/themes/default/validatebox.css HTTP/1.1" 404 1104
114.95.253.235 - - [10/May/2024:11:24:19 +0800] "POST /xingrg/kc/buy/cgsh_order_operate.html HTTP/1.1" 200 3239
116.232.195.13 - - [10/May/2024:11:24:19 +0800] "GET /xingrg/all/function/internal_message.html?_=1715311433050&CODE_STATE=getMsg HTTP/1.1" 200 27
116.232.195.13 - - [10/May/2024:11:24:19 +0800] "GET /xingrg/check_reg.html?_=1715311433172 HTTP/1.1" 200 22
61.170.233.33 - - [10/May/2024:11:24:20 +0800] "POST /xingrg/dwr/call/plaincall/AjaxQqpsService.saveOrder.dwr HTTP/1.1" 200 78
114.95.253.235 - - [10/May/2024:11:24:21 +0800] "GET /xingrg/kc/buy/cgsh_order_add.html HTTP/1.1" 200 74172
114.95.253.235 - - [10/May/2024:11:24:21 +0800] "POST /xingrg/kc/buy/cgsh_order_operate.html HTTP/1.1" 200 8245
114.95.253.235 - - [10/May/2024:11:24:21 +0800] "GET /xingrg/javascript/easyui/themes/default/validatebox.css HTTP/1.1" 404 1104
61.170.233.33 - - [10/May/2024:11:24:23 +0800] "GET /xingrg/all/function/internal_message.html?_=1715311459901&CODE_STATE=getMsg HTTP/1.1" 200 27
101.80.230.31 - - [10/May/2024:11:24:24 +0800] "GET /xingrg/kc/buy/cgsh_order_add.html HTTP/1.1" 200 74653
101.80.230.31 - - [10/May/2024:11:24:24 +0800] "GET /xingrg/kc/buy/cgsh_order_add.html HTTP/1.1" 200 74653
101.80.230.31 - - [10/May/2024:11:24:24 +0800] "POST /xingrg/kc/buy/cgsh_order_operate.html HTTP/1.1" 200 8245
101.80.230.31 - - [10/May/2024:11:24:24 +0800] "GET /xingrg/javascript/easyui/themes/default/validatebox.css HTTP/1.1" 404 1104
101.80.230.31 - - [10/May/2024:11:24:24 +0800] "GET /xingrg/all/common/auto_word.html?type=employee&rest_code=00156 HTTP/1.1" 200 47
101.80.230.31 - - [10/May/2024:11:24:24 +0800] "GET /xingrg/all/common/auto_word.html?type=employee&rest_code=00156 HTTP/1.1" 200 47
61.170.233.33 - - [10/May/2024:11:24:28 +0800] "GET /xingrg/javascript/auto/indicator.gif HTTP/1.1" 404 1066
114.95.253.235 - - [10/May/2024:11:24:31 +0800] "GET /xingrg/all/function/internal_message.html?_=1715311471004&CODE_STATE=getMsg HTTP/1.1" 200 27
114.95.253.235 - - [10/May/2024:11:24:31 +0800] "GET /xingrg/kc/buy/cgsh_order_operate.html?command=get_materiel&rest_code=00151&code=00101006026&supplier_code=00100325&order_time=2024-05-10 HTTP/1.1" 200 409
61.170.233.33 - - [10/May/2024:11:24:33 +0800] "GET /xingrg/all/function/internal_message.html?_=1715311474610&CODE_STATE=getMsg HTTP/1.1" 200 27
222.70.183.82 - - [10/May/2024:11:24:35 +0800] "GET /xingrg/all/function/internal_message.html?_=1715311475675&CODE_STATE=getMsg HTTP/1.1" 200 27
222.70.183.82 - - [10/May/2024:11:24:35 +0800] "GET /xingrg/check_reg.html?_=1715311476144 HTTP/1.1" 200 22
61.170.233.33 - - [10/May/2024:11:24:36 +0800] "POST /xingrg/dwr/call/plaincall/AjaxQqpsService.getMaterielByCode.dwr HTTP/1.1" 200 2665
116.232.195.13 - - [10/May/2024:11:24:37 +0800] "GET /xingrg/check_reg.html?_=1715311450889 HTTP/1.1" 200 22
116.232.195.13 - - [10/May/2024:11:24:37 +0800] "GET /xingrg/all/function/internal_message.html?_=1715311450893&CODE_STATE=getMsg HTTP/1.1" 200 27
61.170.233.33 - - [10/May/2024:11:24:39 +0800] "POST /xingrg/dwr/call/plaincall/AjaxQqpsService.saveMaterielItem.dwr HTTP/1.1" 200 78
116.238.97.31 - - [10/May/2024:11:24:41 +0800] "GET /xingrg/all/function/internal_message.html?_=1715311505338&CODE_STATE=getMsg HTTP/1.1" 200 27
101.83.144.49 - - [10/May/2024:11:24:41 +0800] "GET /xingrg/all/function/internal_message.html?_=1715311483635&CODE_STATE=getMsg HTTP/1.1" 200 27
61.170.233.33 - - [10/May/2024:11:24:42 +0800] "POST /xingrg/dwr/call/plaincall/AjaxQqpsService.saveOrder.dwr HTTP/1.1" 200 78
116.232.195.13 - - [10/May/2024:11:24:43 +0800] "GET /xingrg/all/function/internal_message.html?_=1715311457196&CODE_STATE=getMsg HTTP/1.1" 200 27
114.95.253.235 - - [10/May/2024:11:24:43 +0800] "GET /xingrg/kc/buy/cgsh_order_operate.html?command=get_materiel&rest_code=00151&code=00101016099&supplier_code=00100325&order_time=2024-05-10 HTTP/1.1" 200 413
61.170.233.33 - - [10/May/2024:11:24:46 +0800] "GET /xingrg/kc/mdqp/qqps_order_add.html HTTP/1.1" 200 28236
61.170.233.33 - - [10/May/2024:11:24:46 +0800] "GET /xingrg/dwr/interface/AjaxComOrderService.js HTTP/1.1" 200 18264
61.170.233.33 - - [10/May/2024:11:24:46 +0800] "GET /xingrg/dwr/interface/AjaxQqpsService.js HTTP/1.1" 200 16326
61.170.233.33 - - [10/May/2024:11:24:46 +0800] "GET /xingrg/dwr/engine.js HTTP/1.1" 200 43631
116.238.97.31 - - [10/May/2024:11:24:47 +0800] "GET /xingrg/all/function/internal_message.html?_=1715311487452&CODE_STATE=getMsg HTTP/1.1" 200 27
222.69.130.33 - - [10/May/2024:11:24:49 +0800] "GET /xingrg/all/function/internal_message.html?_=1715311490545&CODE_STATE=getMsg HTTP/1.1" 200 27
116.238.114.181 - - [10/May/2024:11:24:51 +0800] "GET /xingrg/all/function/internal_message.html?_=1715311493329&CODE_STATE=getMsg HTTP/1.1" 200 27
114.95.253.235 - - [10/May/2024:11:24:52 +0800] "GET /xingrg/all/function/internal_message.html?_=1715311492508&CODE_STATE=getMsg HTTP/1.1" 200 27
120.204.76.0 - - [10/May/2024:11:24:54 +0800] "GET /favicon.ico HTTP/1.1" 404 -
124.78.56.241 - - [10/May/2024:11:24:54 +0800] "GET /xingrg/all/function/internal_message.html?_=1715311494486&CODE_STATE=getMsg HTTP/1.1" 200 27
180.169.147.146 - - [10/May/2024:11:24:54 +0800] "GET /xingrg/check_reg.html?_=1715311493443 HTTP/1.1" 302 -
180.169.147.146 - - [10/May/2024:11:24:54 +0800] "GET /xingrg/all/function/internal_message.html?_=1715311493445&CODE_STATE=getMsg HTTP/1.1" 302 -
120.253.135.82 - - [10/May/2024:11:24:55 +0800] "GET /xingrg/all/function/internal_message.html?_=1715311345848&CODE_STATE=getMsg HTTP/1.1" 200 27
61.170.233.33 - - [10/May/2024:11:24:56 +0800] "POST /xingrg/dwr/call/plaincall/AjaxQqpsService.saveOrder.dwr HTTP/1.1" 200 78
180.164.6.225 - - [10/May/2024:11:24:57 +0800] "GET /xingrg/kc/buy/cgsh_order_operate.html?command=get_materiel&rest_code=00108&code=00101008563&supplier_code=00100007&order_time=2024-05-10 HTTP/1.1" 200 413
180.164.6.225 - - [10/May/2024:11:25:04 +0800] "GET /xingrg/all/function/internal_message.html?_=1715311503385&CODE_STATE=getMsg HTTP/1.1" 200 27
101.80.230.31 - - [10/May/2024:11:25:04 +0800] "GET /xingrg/all/function/internal_message.html?_=1715311512427&CODE_STATE=getMsg HTTP/1.1" 200 27
180.164.6.225 - - [10/May/2024:11:25:05 +0800] "GET /xingrg/check_reg.html?_=1715311504876 HTTP/1.1" 200 22
218.79.29.216 - - [10/May/2024:11:25:10 +0800] "GET /xingrg/all/function/internal_message.html?_=1715311519448&CODE_STATE=getMsg HTTP/1.1" 200 27
172.20.0.100 - - [10/May/2024:11:25:10 +0800] "GET /xingrg/all/function/internal_message.html?_=1715311510920&CODE_STATE=getMsg HTTP/1.1" 200 27
116.232.195.13 - - [10/May/2024:11:25:19 +0800] "GET /xingrg/all/function/internal_message.html?_=1715311493026&CODE_STATE=getMsg HTTP/1.1" 200 27
114.95.253.235 - - [10/May/2024:11:25:22 +0800] "POST /xingrg/kc/buy/cgsh_order_operate.html HTTP/1.1" 200 37
61.170.233.33 - - [10/May/2024:11:25:23 +0800] "GET /xingrg/all/function/internal_message.html?_=1715311519886&CODE_STATE=getMsg HTTP/1.1" 200 27
61.170.233.33 - - [10/May/2024:11:25:24 +0800] "POST /xingrg/dwr/call/plaincall/AjaxQqpsService.getMaterielByCode.dwr HTTP/1.1" 200 2742
180.164.6.225 - - [10/May/2024:11:25:25 +0800] "GET /xingrg/kc/buy/cgsh_order_operate.html?command=get_materiel&rest_code=00108&code=00101008182&supplier_code=00100007&order_time=2024-05-10 HTTP/1.1" 200 412
114.95.253.235 - - [10/May/2024:11:25:25 +0800] "POST /xingrg/kc/buy/cgsh_order_operate.html HTTP/1.1" 200 3243
101.80.230.31 - - [10/May/2024:11:25:26 +0800] "GET /xingrg/javascript/jquery_tools/images/prev.gif HTTP/1.1" 404 1086
101.80.230.31 - - [10/May/2024:11:25:26 +0800] "GET /xingrg/javascript/jquery_tools/images/next.gif HTTP/1.1" 404 1086
61.170.233.33 - - [10/May/2024:11:25:28 +0800] "POST /xingrg/dwr/call/plaincall/AjaxQqpsService.saveMaterielItem.dwr HTTP/1.1" 200 78
120.253.135.82 - - [10/May/2024:11:25:29 +0800] "GET /xingrg/check_reg.html?_=1715311380242 HTTP/1.1" 200 22
114.95.253.235 - - [10/May/2024:11:25:30 +0800] "GET /xingrg/all/function/internal_message.html?_=1715311530995&CODE_STATE=getMsg HTTP/1.1" 200 27
116.232.195.13 - - [10/May/2024:11:25:31 +0800] "POST /xingrg/kc/buy/cgsh_list_operate.html HTTP/1.1" 200 4317
180.164.6.225 - - [10/May/2024:11:25:33 +0800] "GET /xingrg/kc/buy/cgsh_order_operate.html?command=get_materiel&rest_code=00108&code=00101008298&supplier_code=00100007&order_time=2024-05-10 HTTP/1.1" 200 432
61.170.233.33 - - [10/May/2024:11:25:33 +0800] "GET /xingrg/all/function/internal_message.html?_=1715311534588&CODE_STATE=getMsg HTTP/1.1" 200 27
222.70.183.82 - - [10/May/2024:11:25:35 +0800] "GET /xingrg/all/function/internal_message.html?_=1715311535659&CODE_STATE=getMsg HTTP/1.1" 200 27
116.232.195.13 - - [10/May/2024:11:25:37 +0800] "GET /xingrg/all/function/internal_message.html?_=1715311510894&CODE_STATE=getMsg HTTP/1.1" 200 27
101.80.230.31 - - [10/May/2024:11:25:40 +0800] "GET /xingrg/kc/buy/cgsh_order_operate.html?command=get_materiel&rest_code=00156&code=00101009078&supplier_code=00100012&order_time=2024-05-10 HTTP/1.1" 200 408
116.238.97.31 - - [10/May/2024:11:25:41 +0800] "GET /xingrg/all/function/internal_message.html?_=1715311565338&CODE_STATE=getMsg HTTP/1.1" 200 27
101.83.144.49 - - [10/May/2024:11:25:41 +0800] "GET /xingrg/all/function/internal_message.html?_=1715311543603&CODE_STATE=getMsg HTTP/1.1" 200 27
116.232.195.13 - - [10/May/2024:11:25:42 +0800] "POST /xingrg/kc/buy/cgsh_list_operate.html HTTP/1.1" 200 518
180.164.6.225 - - [10/May/2024:11:25:42 +0800] "GET /xingrg/kc/buy/cgsh_order_operate.html?command=get_materiel&rest_code=00108&code=00101008150&supplier_code=00100007&order_time=2024-05-10 HTTP/1.1" 200 409
116.232.195.13 - - [10/May/2024:11:25:43 +0800] "GET /xingrg/all/function/internal_message.html?_=1715311517205&CODE_STATE=getMsg HTTP/1.1" 200 27
180.164.6.225 - - [10/May/2024:11:25:44 +0800] "POST /xingrg/kc/buy/cgsh_order_operate.html HTTP/1.1" 200 2065
116.238.97.31 - - [10/May/2024:11:25:47 +0800] "GET /xingrg/check_reg.html?_=1715311547447 HTTP/1.1" 200 22
116.238.97.31 - - [10/May/2024:11:25:47 +0800] "GET /xingrg/all/function/internal_message.html?_=1715311547450&CODE_STATE=getMsg HTTP/1.1" 200 27
101.80.230.31 - - [10/May/2024:11:25:49 +0800] "GET /xingrg/kc/buy/cgsh_order_operate.html?command=get_materiel&rest_code=00156&code=00101009123&supplier_code=00100012&order_time=2024-05-10 HTTP/1.1" 200 406
222.69.130.33 - - [10/May/2024:11:25:49 +0800] "GET /xingrg/all/function/internal_message.html?_=1715311550534&CODE_STATE=getMsg HTTP/1.1" 200 27
180.164.6.225 - - [10/May/2024:11:25:50 +0800] "GET /xingrg/kc/buy/cgsh_order_operate.html?command=get_materiel&rest_code=00108&code=00101008223&supplier_code=00100007&order_time=2024-05-10 HTTP/1.1" 200 412
116.238.114.181 - - [10/May/2024:11:25:51 +0800] "GET /xingrg/all/function/internal_message.html?_=1715311553334&CODE_STATE=getMsg HTTP/1.1" 200 27
114.95.253.235 - - [10/May/2024:11:25:52 +0800] "GET /xingrg/all/function/internal_message.html?_=1715311552489&CODE_STATE=getMsg HTTP/1.1" 200 27
124.78.56.241 - - [10/May/2024:11:25:54 +0800] "GET /xingrg/all/function/internal_message.html?_=1715311554467&CODE_STATE=getMsg HTTP/1.1" 200 27
180.169.147.146 - - [10/May/2024:11:25:54 +0800] "GET /xingrg/all/function/internal_message.html?_=1715311553433&CODE_STATE=getMsg HTTP/1.1" 302 -
116.232.195.13 - - [10/May/2024:11:25:55 +0800] "GET /xingrg/kc/buy/cgsh_order_add.html HTTP/1.1" 200 74662
