180.169.147.146 - - [10/May/2024:08:45:54 +0800] "GET /xingrg/all/function/internal_message.html?_=1715301953427&CODE_STATE=getMsg HTTP/1.1" 302 -
124.78.56.241 - - [10/May/2024:08:45:54 +0800] "GET /xingrg/all/function/internal_message.html?_=1715301955105&CODE_STATE=getMsg HTTP/1.1" 200 27
114.95.253.235 - - [10/May/2024:08:45:56 +0800] "GET /xingrg/kc/buy/cgsh_order_operate.html?command=get_materiel&rest_code=00151&code=00101009013&supplier_code=00100022&order_time=2024-05-10 HTTP/1.1" 200 420
180.169.147.146 - - [10/May/2024:08:45:58 +0800] "GET /xingrg/all/function/internal_message.html?_=1715301957972&CODE_STATE=getMsg HTTP/1.1" 200 27
116.238.97.31 - - [10/May/2024:08:46:00 +0800] "GET /xingrg/all/function/internal_message.html?_=1715301960866&CODE_STATE=getMsg HTTP/1.1" 200 27
116.238.97.31 - - [10/May/2024:08:46:01 +0800] "GET /xingrg/check_reg.html?_=1715301961775 HTTP/1.1" 200 22
222.70.183.82 - - [10/May/2024:08:46:01 +0800] "GET /xingrg/kc/buy/cgsh_order_operate.html?command=get_materiel&rest_code=00111&code=00101008271&supplier_code=00100008&order_time=2024-05-10 HTTP/1.1" 200 408
114.95.253.235 - - [10/May/2024:08:46:07 +0800] "GET /xingrg/kc/buy/cgsh_order_operate.html?command=get_materiel&rest_code=00151&code=00101009053&supplier_code=00100022&order_time=2024-05-10 HTTP/1.1" 200 416
114.95.253.235 - - [10/May/2024:08:46:09 +0800] "GET /xingrg/all/function/internal_message.html?_=1715301969126&CODE_STATE=getMsg HTTP/1.1" 200 27
218.79.29.216 - - [10/May/2024:08:46:10 +0800] "GET /xingrg/all/function/internal_message.html?_=1715301979323&CODE_STATE=getMsg HTTP/1.1" 200 27
101.80.230.31 - - [10/May/2024:08:46:12 +0800] "GET /xingrg/all/function/internal_message.html?_=1715301979550&CODE_STATE=getMsg HTTP/1.1" 200 27
222.70.183.82 - - [10/May/2024:08:46:15 +0800] "GET /xingrg/kc/buy/cgsh_order_operate.html?command=get_materiel&rest_code=00111&code=00101008286&supplier_code=00100008&order_time=2024-05-10 HTTP/1.1" 200 428
114.95.253.235 - - [10/May/2024:08:46:18 +0800] "GET /xingrg/kc/buy/cgsh_order_operate.html?command=get_materiel&rest_code=00151&code=00101009012&supplier_code=00100022&order_time=2024-05-10 HTTP/1.1" 200 409
114.95.253.235 - - [10/May/2024:08:46:23 +0800] "GET /xingrg/all/function/internal_message.html?_=1715301983584&CODE_STATE=getMsg HTTP/1.1" 200 27
101.80.230.31 - - [10/May/2024:08:46:25 +0800] "POST /xingrg/kc/buy/cgsh_list_operate.html HTTP/1.1" 200 4934
101.80.230.31 - - [10/May/2024:08:46:29 +0800] "POST /xingrg/kc/buy/cgsh_list_operate.html HTTP/1.1" 200 202
120.253.135.82 - - [10/May/2024:08:46:29 +0800] "GET /xingrg/all/function/internal_message.html?_=1715301839811&CODE_STATE=getMsg HTTP/1.1" 200 27
222.70.183.82 - - [10/May/2024:08:46:31 +0800] "GET /xingrg/kc/buy/cgsh_order_operate.html?command=get_materiel&rest_code=00111&code=00101008350&supplier_code=00100008&order_time=2024-05-10 HTTP/1.1" 200 408
222.70.183.82 - - [10/May/2024:08:46:35 +0800] "GET /xingrg/all/function/internal_message.html?_=1715301995976&CODE_STATE=getMsg HTTP/1.1" 200 27
180.164.6.225 - - [10/May/2024:08:46:37 +0800] "GET /xingrg/all/function/internal_message.html?_=1715301996805&CODE_STATE=getMsg HTTP/1.1" 200 27
101.80.230.31 - - [10/May/2024:08:46:38 +0800] "GET /xingrg/kc/buy/cgsh_order_info.html?code=212024050902459 HTTP/1.1" 200 74635
101.80.230.31 - - [10/May/2024:08:46:38 +0800] "GET /xingrg/javascript/jquery_tools/order_manager.js HTTP/1.1" 200 11183
101.80.230.31 - - [10/May/2024:08:46:38 +0800] "GET /xingrg/javascript/convert.js HTTP/1.1" 200 1239
101.80.230.31 - - [10/May/2024:08:46:38 +0800] "GET /xingrg/javascript/json2.js HTTP/1.1" 200 11259
101.80.230.31 - - [10/May/2024:08:46:38 +0800] "GET /xingrg/words/20240509093912_words.js HTTP/1.1" 304 -
101.80.230.31 - - [10/May/2024:08:46:38 +0800] "GET /xingrg/javascript/easyui/themes/icons/template_new.png HTTP/1.1" 200 3956
101.80.230.31 - - [10/May/2024:08:46:38 +0800] "GET /xingrg/javascript/easyui/themes/icons/ok.png HTTP/1.1" 200 883
101.80.230.31 - - [10/May/2024:08:46:38 +0800] "GET /xingrg/javascript/easyui/themes/icons/copy_new.png HTTP/1.1" 200 815
101.80.230.31 - - [10/May/2024:08:46:38 +0800] "GET /xingrg/javascript/easyui/themes/icons/cancel.png HTTP/1.1" 200 1133
101.80.230.31 - - [10/May/2024:08:46:38 +0800] "GET /xingrg/javascript/easyui/themes/default/images/menu_downarrow.png HTTP/1.1" 200 173
101.80.230.31 - - [10/May/2024:08:46:38 +0800] "GET /xingrg/javascript/easyui/themes/icons/print.png HTTP/1.1" 200 1057
101.80.230.31 - - [10/May/2024:08:46:38 +0800] "GET /xingrg/javascript/easyui/plugins/jquery.validatebox.js HTTP/1.1" 200 6103
101.80.230.31 - - [10/May/2024:08:46:38 +0800] "GET /xingrg/javascript/easyui/themes/default/validatebox.css HTTP/1.1" 404 1104
101.80.230.31 - - [10/May/2024:08:46:38 +0800] "GET /xingrg/javascript/easyui/plugins/jquery.numberbox.js HTTP/1.1" 200 5213
101.80.230.31 - - [10/May/2024:08:46:39 +0800] "GET /xingrg/all/common/auto_word.html?type=employee&rest_code=00156 HTTP/1.1" 200 47
101.80.230.31 - - [10/May/2024:08:46:39 +0800] "GET /xingrg/all/common/auto_word.html?type=employee&rest_code=00156 HTTP/1.1" 200 47
114.95.253.235 - - [10/May/2024:08:46:40 +0800] "POST /xingrg/kc/buy/cgsh_order_operate.html HTTP/1.1" 200 37
101.80.230.31 - - [10/May/2024:08:46:40 +0800] "POST /xingrg/kc/buy/cgsh_order_operate.html HTTP/1.1" 200 2662
101.80.230.31 - - [10/May/2024:08:46:40 +0800] "GET /xingrg/javascript/easyui/themes/icons/edit_remove.png HTTP/1.1" 200 625
101.80.230.31 - - [10/May/2024:08:46:40 +0800] "GET /xingrg/javascript/easyui/themes/default/images/button_plain_hover.png HTTP/1.1" 200 144
101.80.230.31 - - [10/May/2024:08:46:41 +0800] "GET /xingrg/kc/print/load_config.html?kc_code=cgsh HTTP/1.1" 200 1927
101.80.230.31 - - [10/May/2024:08:46:42 +0800] "GET /xingrg/kc/print/load_data.html?order_code=212024050902459&kc_code=cgsh HTTP/1.1" 200 744
222.70.183.82 - - [10/May/2024:08:46:44 +0800] "GET /xingrg/kc/buy/cgsh_order_operate.html?command=get_materiel&rest_code=00111&code=00101008150&supplier_code=00100008&order_time=2024-05-10 HTTP/1.1" 200 409
114.95.253.235 - - [10/May/2024:08:46:45 +0800] "POST /xingrg/kc/buy/cgsh_order_operate.html HTTP/1.1" 200 5019
180.169.147.146 - - [10/May/2024:08:46:51 +0800] "GET /xingrg/all/function/internal_message.html?_=1715302011634&CODE_STATE=getMsg HTTP/1.1" 200 27
180.169.147.146 - - [10/May/2024:08:46:54 +0800] "GET /xingrg/all/function/internal_message.html?_=1715302013436&CODE_STATE=getMsg HTTP/1.1" 302 -
124.78.56.241 - - [10/May/2024:08:46:54 +0800] "GET /xingrg/all/function/internal_message.html?_=1715302015100&CODE_STATE=getMsg HTTP/1.1" 200 27
180.169.147.146 - - [10/May/2024:08:46:58 +0800] "GET /xingrg/all/function/internal_message.html?_=1715302017964&CODE_STATE=getMsg HTTP/1.1" 200 27
116.238.97.31 - - [10/May/2024:08:47:00 +0800] "GET /xingrg/all/function/internal_message.html?_=1715302020853&CODE_STATE=getMsg HTTP/1.1" 200 27
222.70.183.82 - - [10/May/2024:08:47:02 +0800] "GET /xingrg/kc/buy/cgsh_order_operate.html?command=get_materiel&rest_code=00111&code=00101008356&supplier_code=00100008&order_time=2024-05-10 HTTP/1.1" 200 429
114.95.253.235 - - [10/May/2024:08:47:09 +0800] "GET /xingrg/all/function/internal_message.html?_=1715302029139&CODE_STATE=getMsg HTTP/1.1" 200 27
114.95.253.235 - - [10/May/2024:08:47:09 +0800] "GET /xingrg/check_reg.html?_=1715302029348 HTTP/1.1" 200 22
218.79.29.216 - - [10/May/2024:08:47:10 +0800] "GET /xingrg/all/function/internal_message.html?_=1715302039312&CODE_STATE=getMsg HTTP/1.1" 200 27
218.79.29.216 - - [10/May/2024:08:47:10 +0800] "GET /xingrg/check_reg.html?_=1715302039309 HTTP/1.1" 200 22
101.80.230.31 - - [10/May/2024:08:47:12 +0800] "GET /xingrg/all/function/internal_message.html?_=1715302039552&CODE_STATE=getMsg HTTP/1.1" 200 27
222.70.183.82 - - [10/May/2024:08:47:16 +0800] "GET /xingrg/kc/buy/cgsh_order_operate.html?command=get_materiel&rest_code=00111&code=00101008359&supplier_code=00100008&order_time=2024-05-10 HTTP/1.1" 200 408
114.95.253.235 - - [10/May/2024:08:47:16 +0800] "POST /xingrg/kc/buy/cgsh_order_operate.html HTTP/1.1" 200 37
114.95.253.235 - - [10/May/2024:08:47:23 +0800] "GET /xingrg/check_reg.html?_=1715302043579 HTTP/1.1" 200 22
114.95.253.235 - - [10/May/2024:08:47:23 +0800] "GET /xingrg/all/function/internal_message.html?_=1715302043582&CODE_STATE=getMsg HTTP/1.1" 200 27
222.70.183.82 - - [10/May/2024:08:47:25 +0800] "GET /xingrg/kc/buy/cgsh_order_operate.html?command=get_materiel&rest_code=00111&code=00101008331&supplier_code=00100008&order_time=2024-05-10 HTTP/1.1" 200 416
114.95.253.235 - - [10/May/2024:08:47:26 +0800] "POST /xingrg/kc/buy/cgsh_order_operate.html HTTP/1.1" 200 12
114.95.253.235 - - [10/May/2024:08:47:29 +0800] "GET /xingrg/kc/buy/cgsh_order_info.html?code=212024051002568 HTTP/1.1" 200 69057
120.253.135.82 - - [10/May/2024:08:47:29 +0800] "GET /xingrg/all/function/internal_message.html?_=1715301899826&CODE_STATE=getMsg HTTP/1.1" 200 27
114.95.253.235 - - [10/May/2024:08:47:29 +0800] "GET /xingrg/javascript/easyui/themes/default/validatebox.css HTTP/1.1" 404 1104
114.95.253.235 - - [10/May/2024:08:47:30 +0800] "POST /xingrg/kc/buy/cgsh_order_operate.html HTTP/1.1" 200 2968
114.95.253.235 - - [10/May/2024:08:47:33 +0800] "GET /xingrg/kc/print/load_data.html?order_code=212024051002568&kc_code=cgsh&condition= HTTP/1.1" 200 1659
222.70.183.82 - - [10/May/2024:08:47:35 +0800] "GET /xingrg/all/function/internal_message.html?_=1715302055955&CODE_STATE=getMsg HTTP/1.1" 200 27
180.164.6.225 - - [10/May/2024:08:47:37 +0800] "GET /xingrg/all/function/internal_message.html?_=1715302056797&CODE_STATE=getMsg HTTP/1.1" 200 27
222.70.183.82 - - [10/May/2024:08:47:38 +0800] "GET /xingrg/kc/buy/cgsh_order_operate.html?command=get_materiel&rest_code=00111&code=00101008145&supplier_code=00100008&order_time=2024-05-10 HTTP/1.1" 200 416
101.80.230.31 - - [10/May/2024:08:47:39 +0800] "POST /xingrg/kc/buy/cgsh_list_operate.html HTTP/1.1" 200 202
101.80.230.31 - - [10/May/2024:08:47:46 +0800] "GET /xingrg/kc/buy/cgsh_order_info.html?code=212024050902462 HTTP/1.1" 200 74635
101.80.230.31 - - [10/May/2024:08:47:46 +0800] "GET /xingrg/javascript/easyui/themes/default/validatebox.css HTTP/1.1" 404 1104
101.80.230.31 - - [10/May/2024:08:47:47 +0800] "POST /xingrg/kc/buy/cgsh_order_operate.html HTTP/1.1" 200 2661
101.80.230.31 - - [10/May/2024:08:47:49 +0800] "GET /xingrg/kc/print/load_data.html?order_code=212024050902462&kc_code=cgsh HTTP/1.1" 200 740
222.70.183.82 - - [10/May/2024:08:47:49 +0800] "GET /xingrg/kc/buy/cgsh_order_operate.html?command=get_materiel&rest_code=00111&code=00101008591&supplier_code=00100008&order_time=2024-05-10 HTTP/1.1" 200 409
180.169.147.146 - - [10/May/2024:08:47:51 +0800] "GET /xingrg/check_reg.html?_=1715302071640 HTTP/1.1" 200 22
180.169.147.146 - - [10/May/2024:08:47:51 +0800] "GET /xingrg/all/function/internal_message.html?_=1715302071643&CODE_STATE=getMsg HTTP/1.1" 200 27
180.169.147.146 - - [10/May/2024:08:47:54 +0800] "GET /xingrg/all/function/internal_message.html?_=1715302073435&CODE_STATE=getMsg HTTP/1.1" 302 -
114.95.253.235 - - [10/May/2024:08:47:54 +0800] "POST /xingrg/all/user/operate.html HTTP/1.1" 200 36
114.95.253.235 - - [10/May/2024:08:47:54 +0800] "GET /xingrg/index.html?sysBaseUrl=http%3A%2F%2F180.169.147.146%3A18081%2Fxingrg%2F&costTime=813×tamp=1715300616571 HTTP/1.1" 200 17179
124.78.56.241 - - [10/May/2024:08:47:54 +0800] "GET /xingrg/all/function/internal_message.html?_=1715302075089&CODE_STATE=getMsg HTTP/1.1" 200 27
114.95.253.235 - - [10/May/2024:08:47:54 +0800] "GET /xingrg/javascript/jquery_easy_ui/themes/default/easyui.css HTTP/1.1" 304 -
114.95.253.235 - - [10/May/2024:08:47:54 +0800] "GET /xingrg/javascript/jquery_easy_ui/themes/icon.css HTTP/1.1" 304 -
114.95.253.235 - - [10/May/2024:08:47:54 +0800] "GET /xingrg/css/form.css HTTP/1.1" 304 -
114.95.253.235 - - [10/May/2024:08:47:54 +0800] "GET /xingrg/javascript/jquery-1.4.2.min.js HTTP/1.1" 304 -
114.95.253.235 - - [10/May/2024:08:47:55 +0800] "GET /xingrg/javascript/jquery_easy_ui/jquery.easyui.min.js HTTP/1.1" 304 -
114.95.253.235 - - [10/May/2024:08:47:55 +0800] "GET /xingrg/javascript/jquery_easy_ui/easyui-lang-zh_CN.js HTTP/1.1" 304 -
114.95.253.235 - - [10/May/2024:08:47:55 +0800] "GET /xingrg/javascript/jquery.form.js HTTP/1.1" 304 -
114.95.253.235 - - [10/May/2024:08:47:55 +0800] "GET /xingrg/javascript/jquery.utils.js HTTP/1.1" 304 -
114.95.253.235 - - [10/May/2024:08:47:55 +0800] "GET /xingrg/javascript/jquery.timers.js HTTP/1.1" 304 -
114.95.253.235 - - [10/May/2024:08:47:55 +0800] "GET /xingrg/images/blue/jxLogo.png HTTP/1.1" 304 -
114.95.253.235 - - [10/May/2024:08:47:55 +0800] "GET /xingrg/javascript/jquery_easy_ui/themes/icons/settle_new.png HTTP/1.1" 304 -
114.95.253.235 - - [10/May/2024:08:47:55 +0800] "GET /xingrg/images/blue/navBackgound.jpg HTTP/1.1" 304 -
114.95.253.235 - - [10/May/2024:08:47:55 +0800] "GET /xingrg/all/function/internal_message.html?_=1715302075215&CODE_STATE=count HTTP/1.1" 200 11
114.95.253.235 - - [10/May/2024:08:47:55 +0800] "GET /xingrg/check_reg.html?_=1715302075216 HTTP/1.1" 200 22
114.95.253.235 - - [10/May/2024:08:47:55 +0800] "GET /xingrg/javascript/jquery_easy_ui/themes/default/images/panel_tool_collapse.gif HTTP/1.1" 304 -
114.95.253.235 - - [10/May/2024:08:47:55 +0800] "GET /xingrg/javascript/jquery_easy_ui/themes/default/images/tabs_rightarrow.png HTTP/1.1" 304 -
114.95.253.235 - - [10/May/2024:08:47:55 +0800] "GET /xingrg/images/blue/pingpu.png HTTP/1.1" 304 -
114.95.253.235 - - [10/May/2024:08:47:55 +0800] "GET /xingrg/javascript/jquery_easy_ui/themes/default/images/tabs_leftarrow.png HTTP/1.1" 304 -
114.95.253.235 - - [10/May/2024:08:47:55 +0800] "POST /xingrg/all/common/load_tree.html?tree=area_rest_tree_json&manage=1 HTTP/1.1" 200 476
114.95.253.235 - - [10/May/2024:08:47:55 +0800] "POST /xingrg/load_menu.html HTTP/1.1" 200 5138
114.95.253.235 - - [10/May/2024:08:47:58 +0800] "GET /xingrg/kc/buy/cgsh_order_list.html HTTP/1.1" 200 58767
180.169.147.146 - - [10/May/2024:08:47:58 +0800] "GET /xingrg/all/function/internal_message.html?_=1715302077981&CODE_STATE=getMsg HTTP/1.1" 200 27
116.238.97.31 - - [10/May/2024:08:48:00 +0800] "GET /xingrg/all/function/internal_message.html?_=1715302080828&CODE_STATE=getMsg HTTP/1.1" 200 27
114.95.253.235 - - [10/May/2024:08:48:02 +0800] "POST /xingrg/kc/buy/cgsh_list_operate.html HTTP/1.1" 200 1389
222.70.183.82 - - [10/May/2024:08:48:02 +0800] "GET /xingrg/kc/buy/cgsh_order_operate.html?command=get_materiel&rest_code=00111&code=00101008131&supplier_code=00100008&order_time=2024-05-10 HTTP/1.1" 200 408
114.95.253.235 - - [10/May/2024:08:48:06 +0800] "GET /xingrg/kc/buy/cgsh_order_add.html HTTP/1.1" 200 74630
114.95.253.235 - - [10/May/2024:08:48:06 +0800] "POST /xingrg/kc/buy/cgsh_order_operate.html HTTP/1.1" 200 8245
114.95.253.235 - - [10/May/2024:08:48:06 +0800] "GET /xingrg/javascript/easyui/themes/default/validatebox.css HTTP/1.1" 404 1104
114.95.253.235 - - [10/May/2024:08:48:08 +0800] "GET /xingrg/javascript/auto/indicator.gif HTTP/1.1" 404 1066
218.79.29.216 - - [10/May/2024:08:48:10 +0800] "GET /xingrg/all/function/internal_message.html?_=1715302099310&CODE_STATE=getMsg HTTP/1.1" 200 27
101.80.230.31 - - [10/May/2024:08:48:12 +0800] "GET /xingrg/all/function/internal_message.html?_=1715302099560&CODE_STATE=getMsg HTTP/1.1" 200 27
114.95.253.235 - - [10/May/2024:08:48:16 +0800] "GET /xingrg/kc/buy/cgsh_order_operate.html?command=get_materiel&rest_code=00150&code=00101009124&supplier_code=00100022&order_time=2024-05-10 HTTP/1.1" 200 438
101.80.230.31 - - [10/May/2024:08:48:17 +0800] "POST /xingrg/kc/buy/cgsh_list_operate.html HTTP/1.1" 200 4934
101.80.230.31 - - [10/May/2024:08:48:21 +0800] "POST /xingrg/kc/buy/cgsh_list_operate.html HTTP/1.1" 200 277
222.70.183.82 - - [10/May/2024:08:48:22 +0800] "GET /xingrg/kc/buy/cgsh_order_operate.html?command=get_materiel&rest_code=00111&code=00101008370&supplier_code=00100008&order_time=2024-05-10 HTTP/1.1" 200 412
101.80.230.31 - - [10/May/2024:08:48:23 +0800] "GET /xingrg/kc/buy/cgsh_order_info.html?code=212024050902466 HTTP/1.1" 200 74635
101.80.230.31 - - [10/May/2024:08:48:23 +0800] "GET /xingrg/javascript/easyui/themes/default/validatebox.css HTTP/1.1" 404 1104
114.95.253.235 - - [10/May/2024:08:48:23 +0800] "GET /xingrg/all/function/internal_message.html?_=1715302103584&CODE_STATE=getMsg HTTP/1.1" 200 27
101.80.230.31 - - [10/May/2024:08:48:24 +0800] "POST /xingrg/kc/buy/cgsh_order_operate.html HTTP/1.1" 200 3253
101.80.230.31 - - [10/May/2024:08:48:26 +0800] "GET /xingrg/kc/print/load_data.html?order_code=212024050902466&kc_code=cgsh HTTP/1.1" 200 905
120.253.135.82 - - [10/May/2024:08:48:29 +0800] "GET /xingrg/all/function/internal_message.html?_=1715301959884&CODE_STATE=getMsg HTTP/1.1" 200 27
222.70.183.82 - - [10/May/2024:08:48:35 +0800] "GET /xingrg/all/function/internal_message.html?_=1715302115947&CODE_STATE=getMsg HTTP/1.1" 200 27
180.164.6.225 - - [10/May/2024:08:48:37 +0800] "GET /xingrg/all/function/internal_message.html?_=1715302116790&CODE_STATE=getMsg HTTP/1.1" 200 27
114.95.253.235 - - [10/May/2024:08:48:38 +0800] "POST /xingrg/kc/buy/cgsh_order_operate.html HTTP/1.1" 200 37
222.70.183.82 - - [10/May/2024:08:48:40 +0800] "GET /xingrg/kc/buy/cgsh_order_operate.html?command=get_materiel&rest_code=00111&code=00101008298&supplier_code=00100008&order_time=2024-05-10 HTTP/1.1" 200 432
114.95.253.235 - - [10/May/2024:08:48:45 +0800] "POST /xingrg/kc/buy/cgsh_order_operate.html HTTP/1.1" 200 12
114.95.253.235 - - [10/May/2024:08:48:47 +0800] "GET /xingrg/kc/buy/cgsh_order_info.html?code=212024051002569 HTTP/1.1" 200 69503
114.95.253.235 - - [10/May/2024:08:48:47 +0800] "GET /xingrg/javascript/easyui/themes/default/validatebox.css HTTP/1.1" 404 1104
114.95.253.235 - - [10/May/2024:08:48:48 +0800] "POST /xingrg/kc/buy/cgsh_order_operate.html HTTP/1.1" 200 609
114.95.253.235 - - [10/May/2024:08:48:51 +0800] "GET /xingrg/kc/print/load_data.html?order_code=212024051002569&kc_code=cgsh&condition= HTTP/1.1" 200 759
222.70.183.82 - - [10/May/2024:08:48:51 +0800] "GET /xingrg/kc/buy/cgsh_order_operate.html?command=get_materiel&rest_code=00111&code=00101008361&supplier_code=00100008&order_time=2024-05-10 HTTP/1.1" 200 408
180.169.147.146 - - [10/May/2024:08:48:51 +0800] "GET /xingrg/all/function/internal_message.html?_=1715302131640&CODE_STATE=getMsg HTTP/1.1" 200 27
180.169.147.146 - - [10/May/2024:08:48:54 +0800] "GET /xingrg/all/function/internal_message.html?_=1715302133432&CODE_STATE=getMsg HTTP/1.1" 302 -
124.78.56.241 - - [10/May/2024:08:48:54 +0800] "GET /xingrg/all/function/internal_message.html?_=1715302135099&CODE_STATE=getMsg HTTP/1.1" 200 27
124.78.56.241 - - [10/May/2024:08:48:54 +0800] "GET /xingrg/check_reg.html?_=1715302135103 HTTP/1.1" 200 22
114.95.253.235 - - [10/May/2024:08:48:55 +0800] "GET /xingrg/all/function/internal_message.html?_=1715302135243&CODE_STATE=getMsg HTTP/1.1" 200 27
180.169.147.146 - - [10/May/2024:08:48:58 +0800] "GET /xingrg/check_reg.html?_=1715302137973 HTTP/1.1" 200 22
180.169.147.146 - - [10/May/2024:08:48:58 +0800] "GET /xingrg/all/function/internal_message.html?_=1715302137977&CODE_STATE=getMsg HTTP/1.1" 200 27
116.238.97.31 - - [10/May/2024:08:49:00 +0800] "GET /xingrg/all/function/internal_message.html?_=1715302140804&CODE_STATE=getMsg HTTP/1.1" 200 27
222.70.183.82 - - [10/May/2024:08:49:03 +0800] "GET /xingrg/kc/buy/cgsh_order_operate.html?command=get_materiel&rest_code=00111&code=00101008144&supplier_code=00100008&order_time=2024-05-10 HTTP/1.1" 200 412
101.80.230.31 - - [10/May/2024:08:49:04 +0800] "POST /xingrg/kc/buy/cgsh_list_operate.html HTTP/1.1" 200 4934
218.79.29.216 - - [10/May/2024:08:49:10 +0800] "GET /xingrg/all/function/internal_message.html?_=1715302159311&CODE_STATE=getMsg HTTP/1.1" 200 27
101.80.230.31 - - [10/May/2024:08:49:12 +0800] "GET /xingrg/all/function/internal_message.html?_=1715302159556&CODE_STATE=getMsg HTTP/1.1" 200 27
222.70.183.82 - - [10/May/2024:08:49:16 +0800] "GET /xingrg/kc/buy/cgsh_order_operate.html?command=get_materiel&rest_code=00111&code=00101008321&supplier_code=00100008&order_time=2024-05-10 HTTP/1.1" 200 412
101.80.230.31 - - [10/May/2024:08:49:23 +0800] "POST /xingrg/kc/buy/cgsh_list_operate.html HTTP/1.1" 200 200
114.95.253.235 - - [10/May/2024:08:49:23 +0800] "GET /xingrg/all/function/internal_message.html?_=1715302163572&CODE_STATE=getMsg HTTP/1.1" 200 27
101.80.230.31 - - [10/May/2024:08:49:24 +0800] "GET /xingrg/kc/buy/cgsh_order_info.html?code=212024050902468 HTTP/1.1" 200 74633
101.80.230.31 - - [10/May/2024:08:49:24 +0800] "GET /xingrg/javascript/easyui/themes/default/validatebox.css HTTP/1.1" 404 1104
101.80.230.31 - - [10/May/2024:08:49:25 +0800] "POST /xingrg/kc/buy/cgsh_order_operate.html HTTP/1.1" 200 2662
101.80.230.31 - - [10/May/2024:08:49:27 +0800] "GET /xingrg/kc/print/load_data.html?order_code=212024050902468&kc_code=cgsh HTTP/1.1" 200 730
222.70.183.82 - - [10/May/2024:08:49:28 +0800] "GET /xingrg/kc/buy/cgsh_order_operate.html?command=get_materiel&rest_code=00111&code=00101008224&supplier_code=00100008&order_time=2024-05-10 HTTP/1.1" 200 416
120.253.135.82 - - [10/May/2024:08:49:29 +0800] "GET /xingrg/all/function/internal_message.html?_=1715302019900&CODE_STATE=getMsg HTTP/1.1" 200 27
222.70.183.82 - - [10/May/2024:08:49:35 +0800] "GET /xingrg/check_reg.html?_=1715302175940 HTTP/1.1" 200 22
222.70.183.82 - - [10/May/2024:08:49:35 +0800] "GET /xingrg/all/function/internal_message.html?_=1715302175980&CODE_STATE=getMsg HTTP/1.1" 200 27
180.164.6.225 - - [10/May/2024:08:49:37 +0800] "GET /xingrg/all/function/internal_message.html?_=1715302176808&CODE_STATE=getMsg HTTP/1.1" 200 27
222.70.183.82 - - [10/May/2024:08:49:40 +0800] "GET /xingrg/kc/buy/cgsh_order_operate.html?command=get_materiel&rest_code=00111&code=00101008296&supplier_code=00100008&order_time=2024-05-10 HTTP/1.1" 200 416
114.95.253.235 - - [10/May/2024:08:49:45 +0800] "POST /xingrg/services/DataTransmitService HTTP/1.1" 200 524
222.70.183.82 - - [10/May/2024:08:49:46 +0800] "POST /xingrg/kc/buy/cgsh_order_operate.html HTTP/1.1" 200 2065
114.95.253.235 - - [10/May/2024:08:49:46 +0800] "POST /xingrg/kc/buy/cgsh_order_operate.html HTTP/1.1" 200 37
180.169.147.146 - - [10/May/2024:08:49:51 +0800] "GET /xingrg/all/function/internal_message.html?_=1715302191634&CODE_STATE=getMsg HTTP/1.1" 200 27
222.70.183.82 - - [10/May/2024:08:49:54 +0800] "GET /xingrg/kc/buy/cgsh_order_operate.html?command=get_materiel&rest_code=00111&code=00101008261&supplier_code=00100008&order_time=2024-05-10 HTTP/1.1" 200 428
180.169.147.146 - - [10/May/2024:08:49:54 +0800] "GET /xingrg/all/function/internal_message.html?_=1715302193432&CODE_STATE=getMsg HTTP/1.1" 302 -
180.169.147.146 - - [10/May/2024:08:49:54 +0800] "GET /xingrg/check_reg.html?_=1715302193434 HTTP/1.1" 302 -
124.78.56.241 - - [10/May/2024:08:49:54 +0800] "GET /xingrg/all/function/internal_message.html?_=1715302195094&CODE_STATE=getMsg HTTP/1.1" 200 27
114.95.253.235 - - [10/May/2024:08:49:55 +0800] "GET /xingrg/all/function/internal_message.html?_=1715302195235&CODE_STATE=getMsg HTTP/1.1" 200 27
114.95.253.235 - - [10/May/2024:08:49:56 +0800] "POST /xingrg/kc/buy/cgsh_order_operate.html HTTP/1.1" 200 12
180.169.147.146 - - [10/May/2024:08:49:58 +0800] "GET /xingrg/all/function/internal_message.html?_=1715302197971&CODE_STATE=getMsg HTTP/1.1" 200 27
116.238.97.31 - - [10/May/2024:08:50:00 +0800] "GET /xingrg/all/function/internal_message.html?_=1715302200778&CODE_STATE=getMsg HTTP/1.1" 200 27
101.80.230.31 - - [10/May/2024:08:50:04 +0800] "POST /xingrg/kc/buy/cgsh_list_operate.html HTTP/1.1" 200 4934
218.79.29.216 - - [10/May/2024:08:50:10 +0800] "GET /xingrg/all/function/internal_message.html?_=1715302219317&CODE_STATE=getMsg HTTP/1.1" 200 27
101.80.230.31 - - [10/May/2024:08:50:12 +0800] "GET /xingrg/check_reg.html?_=1715302219568 HTTP/1.1" 200 22
101.80.230.31 - - [10/May/2024:08:50:12 +0800] "GET /xingrg/all/function/internal_message.html?_=1715302219572&CODE_STATE=getMsg HTTP/1.1" 200 27
114.95.253.235 - - [10/May/2024:08:50:15 +0800] "GET /xingrg/kc/buy/cgsh_order_info.html?code=212024051002567 HTTP/1.1" 200 69489
114.95.253.235 - - [10/May/2024:08:50:15 +0800] "GET /xingrg/javascript/easyui/themes/default/validatebox.css HTTP/1.1" 404 1104
114.95.253.235 - - [10/May/2024:08:50:16 +0800] "POST /xingrg/kc/buy/cgsh_order_operate.html HTTP/1.1" 200 31359
114.95.253.235 - - [10/May/2024:08:50:23 +0800] "GET /xingrg/all/function/internal_message.html?_=1715302223578&CODE_STATE=getMsg HTTP/1.1" 200 27
222.70.183.82 - - [10/May/2024:08:50:23 +0800] "POST /xingrg/kc/buy/cgsh_order_operate.html HTTP/1.1" 200 37
120.253.135.82 - - [10/May/2024:08:50:28 +0800] "GET /xingrg/check_reg.html?_=1715302078658 HTTP/1.1" 200 22
120.253.135.82 - - [10/May/2024:08:50:29 +0800] "GET /xingrg/all/function/internal_message.html?_=1715302079913&CODE_STATE=getMsg HTTP/1.1" 200 27
222.70.183.82 - - [10/May/2024:08:50:33 +0800] "POST /xingrg/kc/buy/cgsh_order_operate.html HTTP/1.1" 200 13896
222.70.183.82 - - [10/May/2024:08:50:35 +0800] "GET /xingrg/all/function/internal_message.html?_=1715302235953&CODE_STATE=getMsg HTTP/1.1" 200 27
222.70.183.82 - - [10/May/2024:08:50:36 +0800] "GET /xingrg/kc/print/load_config.html?kc_code=cgsh HTTP/1.1" 200 1927
180.164.6.225 - - [10/May/2024:08:50:37 +0800] "GET /xingrg/check_reg.html?_=1715302236807 HTTP/1.1" 200 22
180.164.6.225 - - [10/May/2024:08:50:37 +0800] "GET /xingrg/all/function/internal_message.html?_=1715302236810&CODE_STATE=getMsg HTTP/1.1" 200 27
222.70.183.82 - - [10/May/2024:08:50:37 +0800] "GET /xingrg/kc/print/load_data.html?order_code=212024051002570&kc_code=cgsh&condition= HTTP/1.1" 200 4923
180.169.147.146 - - [10/May/2024:08:50:51 +0800] "GET /xingrg/all/function/internal_message.html?_=1715302251649&CODE_STATE=getMsg HTTP/1.1" 200 27
180.169.147.146 - - [10/May/2024:08:50:54 +0800] "GET /xingrg/all/function/internal_message.html?_=1715302253436&CODE_STATE=getMsg HTTP/1.1" 302 -
124.78.56.241 - - [10/May/2024:08:50:54 +0800] "GET /xingrg/all/function/internal_message.html?_=1715302255094&CODE_STATE=getMsg HTTP/1.1" 200 27
114.95.253.235 - - [10/May/2024:08:50:55 +0800] "GET /xingrg/all/function/internal_message.html?_=1715302255231&CODE_STATE=getMsg HTTP/1.1" 200 27
180.169.147.146 - - [10/May/2024:08:50:58 +0800] "GET /xingrg/all/function/internal_message.html?_=1715302257973&CODE_STATE=getMsg HTTP/1.1" 200 27
116.238.97.31 - - [10/May/2024:08:51:00 +0800] "GET /xingrg/all/function/internal_message.html?_=1715302260756&CODE_STATE=getMsg HTTP/1.1" 200 27
116.238.97.31 - - [10/May/2024:08:51:01 +0800] "GET /xingrg/check_reg.html?_=1715302261767 HTTP/1.1" 200 22
218.79.29.216 - - [10/May/2024:08:51:10 +0800] "GET /xingrg/all/function/internal_message.html?_=1715302279320&CODE_STATE=getMsg HTTP/1.1" 200 27
101.80.230.31 - - [10/May/2024:08:51:12 +0800] "GET /xingrg/all/function/internal_message.html?_=1715302279571&CODE_STATE=getMsg HTTP/1.1" 200 27
222.70.183.82 - - [10/May/2024:08:51:12 +0800] "GET /xingrg/kc/buy/cgsh_order_add.html HTTP/1.1" 200 74530
222.70.183.82 - - [10/May/2024:08:51:13 +0800] "POST /xingrg/kc/buy/cgsh_order_operate.html HTTP/1.1" 200 8245
222.70.183.82 - - [10/May/2024:08:51:13 +0800] "GET /xingrg/javascript/easyui/themes/default/validatebox.css HTTP/1.1" 404 1104
101.83.144.49 - - [10/May/2024:08:51:16 +0800] "GET /xingrg/index.html?sysBaseUrl=http%3A%2F%2F180.169.147.146%3A18081%2Fxingrg%2F&costTime=36×tamp=1585223203754 HTTP/1.1" 302 -
101.83.144.49 - - [10/May/2024:08:51:16 +0800] "GET /favicon.ico HTTP/1.1" 404 -
101.83.144.49 - - [10/May/2024:08:51:16 +0800] "GET /xingrg/login.html HTTP/1.1" 200 7641
101.83.144.49 - - [10/May/2024:08:51:17 +0800] "GET /favicon.ico HTTP/1.1" 404 -
114.95.253.235 - - [10/May/2024:08:51:23 +0800] "GET /xingrg/all/function/internal_message.html?_=1715302283584&CODE_STATE=getMsg HTTP/1.1" 200 27
120.253.135.82 - - [10/May/2024:08:51:29 +0800] "GET /xingrg/all/function/internal_message.html?_=1715302139926&CODE_STATE=getMsg HTTP/1.1" 200 27
101.83.144.49 - - [10/May/2024:08:51:31 +0800] "POST /xingrg/login.do HTTP/1.1" 200 2421
101.83.144.49 - - [10/May/2024:08:51:31 +0800] "GET /xingrg/javascript/myfunction.js HTTP/1.1" 304 -
101.83.144.49 - - [10/May/2024:08:51:31 +0800] "GET /xingrg/css/blue.css HTTP/1.1" 304 -
101.83.144.49 - - [10/May/2024:08:51:31 +0800] "GET /xingrg/images/blue/pic_top.gif HTTP/1.1" 304 -
101.83.144.49 - - [10/May/2024:08:51:31 +0800] "GET /xingrg/images/blue/pic_notice.jpg HTTP/1.1" 304 -
101.83.144.49 - - [10/May/2024:08:51:31 +0800] "GET /xingrg/images/blue/error_buttom.gif HTTP/1.1" 304 -
101.83.144.49 - - [10/May/2024:08:51:31 +0800] "GET /xingrg/images/blue/error_mid.gif HTTP/1.1" 304 -
101.83.144.49 - - [10/May/2024:08:51:31 +0800] "GET /xingrg/images/blue/error_top.gif HTTP/1.1" 304 -
101.83.144.49 - - [10/May/2024:08:51:31 +0800] "GET /favicon.ico HTTP/1.1" 404 -
101.83.144.49 - - [10/May/2024:08:51:32 +0800] "GET /xingrg/login.html HTTP/1.1" 200 7641
101.83.144.49 - - [10/May/2024:08:51:32 +0800] "GET /favicon.ico HTTP/1.1" 404 -
101.83.144.49 - - [10/May/2024:08:51:33 +0800] "POST /xingrg/login.do HTTP/1.1" 302 -
101.83.144.49 - - [10/May/2024:08:51:34 +0800] "GET /xingrg/index.html?sysBaseUrl=http%3A%2F%2F180.169.147.146%3A18081%2Fxingrg%2F&costTime=830×tamp=1715302293942 HTTP/1.1" 200 17173
101.83.144.49 - - [10/May/2024:08:51:34 +0800] "GET /favicon.ico HTTP/1.1" 404 -
101.83.144.49 - - [10/May/2024:08:51:34 +0800] "GET /xingrg/check_reg.html?_=1715302296055 HTTP/1.1" 200 22
101.83.144.49 - - [10/May/2024:08:51:34 +0800] "GET /xingrg/all/function/internal_message.html?_=1715302296054&CODE_STATE=count HTTP/1.1" 200 11
101.83.144.49 - - [10/May/2024:08:51:34 +0800] "POST /xingrg/all/common/load_tree.html?tree=area_rest_tree_json&manage=1 HTTP/1.1" 200 3993
101.83.144.49 - - [10/May/2024:08:51:34 +0800] "POST /xingrg/load_menu.html HTTP/1.1" 200 5138
222.70.183.82 - - [10/May/2024:08:51:35 +0800] "GET /xingrg/all/function/internal_message.html?_=1715302295935&CODE_STATE=getMsg HTTP/1.1" 200 27
101.83.144.49 - - [10/May/2024:08:51:37 +0800] "GET /xingrg/kc/buy/cgsh_order_list.html HTTP/1.1" 200 58761
180.164.6.225 - - [10/May/2024:08:51:37 +0800] "GET /xingrg/all/function/internal_message.html?_=1715302296794&CODE_STATE=getMsg HTTP/1.1" 200 27
101.83.144.49 - - [10/May/2024:08:51:39 +0800] "POST /xingrg/kc/buy/cgsh_list_operate.html HTTP/1.1" 200 645
101.83.144.49 - - [10/May/2024:08:51:43 +0800] "GET /xingrg/javascript/easyui/themes/default/images/button_plain_hover.png HTTP/1.1" 304 -
101.83.144.49 - - [10/May/2024:08:51:44 +0800] "GET /xingrg/kc/buy/cgsh_order_add.html HTTP/1.1" 200 74656
101.83.144.49 - - [10/May/2024:08:51:44 +0800] "GET /xingrg/javascript/pic_change.js HTTP/1.1" 304 -
101.83.144.49 - - [10/May/2024:08:51:44 +0800] "GET /xingrg/javascript/jquery_tools/order_manager.js HTTP/1.1" 304 -
101.83.144.49 - - [10/May/2024:08:51:44 +0800] "GET /xingrg/javascript/convert.js HTTP/1.1" 304 -
101.83.144.49 - - [10/May/2024:08:51:44 +0800] "GET /xingrg/javascript/json2.js HTTP/1.1" 304 -
101.83.144.49 - - [10/May/2024:08:51:44 +0800] "GET /xingrg/javascript/print/kc_print.js HTTP/1.1" 304 -
101.83.144.49 - - [10/May/2024:08:51:44 +0800] "GET /xingrg/words/20240509093912_words.js HTTP/1.1" 200 1023590
101.83.144.49 - - [10/May/2024:08:51:44 +0800] "GET /xingrg/javascript/easyui/themes/icons/copy_new.png HTTP/1.1" 304 -
101.83.144.49 - - [10/May/2024:08:51:44 +0800] "GET /xingrg/javascript/easyui/themes/icons/ok.png HTTP/1.1" 304 -
101.83.144.49 - - [10/May/2024:08:51:44 +0800] "GET /xingrg/javascript/easyui/themes/icons/template_new.png HTTP/1.1" 304 -
101.83.144.49 - - [10/May/2024:08:51:44 +0800] "GET /xingrg/javascript/easyui/themes/default/images/menu_downarrow.png HTTP/1.1" 304 -
101.83.144.49 - - [10/May/2024:08:51:44 +0800] "GET /xingrg/javascript/easyui/themes/icons/print.png HTTP/1.1" 304 -
101.83.144.49 - - [10/May/2024:08:51:44 +0800] "GET /xingrg/javascript/easyui/themes/icons/cancel.png HTTP/1.1" 304 -
101.83.144.49 - - [10/May/2024:08:51:44 +0800] "POST /xingrg/kc/buy/cgsh_order_operate.html HTTP/1.1" 200 8245
101.83.144.49 - - [10/May/2024:08:51:44 +0800] "GET /xingrg/javascript/easyui/plugins/jquery.validatebox.js HTTP/1.1" 304 -
101.83.144.49 - - [10/May/2024:08:51:44 +0800] "GET /xingrg/javascript/easyui/themes/default/validatebox.css HTTP/1.1" 404 1104
101.83.144.49 - - [10/May/2024:08:51:44 +0800] "GET /xingrg/all/common/auto_word.html?type=employee&rest_code=00105 HTTP/1.1" 200 193
101.83.144.49 - - [10/May/2024:08:51:44 +0800] "GET /xingrg/javascript/easyui/themes/icons/edit_remove.png HTTP/1.1" 304 -
101.83.144.49 - - [10/May/2024:08:51:44 +0800] "GET /xingrg/javascript/easyui/plugins/jquery.numberbox.js HTTP/1.1" 304 -
101.83.144.49 - - [10/May/2024:08:51:44 +0800] "GET /xingrg/all/common/auto_word.html?type=employee&rest_code=00105 HTTP/1.1" 200 193
101.83.144.49 - - [10/May/2024:08:51:49 +0800] "GET /xingrg/javascript/auto/indicator.gif HTTP/1.1" 404 1066
180.169.147.146 - - [10/May/2024:08:51:51 +0800] "GET /xingrg/all/function/internal_message.html?_=1715302311648&CODE_STATE=getMsg HTTP/1.1" 200 27
180.169.147.146 - - [10/May/2024:08:51:54 +0800] "GET /xingrg/all/function/internal_message.html?_=1715302313436&CODE_STATE=getMsg HTTP/1.1" 302 -
124.78.56.241 - - [10/May/2024:08:51:54 +0800] "GET /xingrg/all/function/internal_message.html?_=1715302315087&CODE_STATE=getMsg HTTP/1.1" 200 27
114.95.253.235 - - [10/May/2024:08:51:55 +0800] "GET /xingrg/all/function/internal_message.html?_=1715302315230&CODE_STATE=getMsg HTTP/1.1" 200 27
180.169.147.146 - - [10/May/2024:08:51:58 +0800] "GET /xingrg/all/function/internal_message.html?_=1715302317975&CODE_STATE=getMsg HTTP/1.1" 200 27
116.238.97.31 - - [10/May/2024:08:52:00 +0800] "GET /xingrg/all/function/internal_message.html?_=1715302320747&CODE_STATE=getMsg HTTP/1.1" 200 27
222.70.183.82 - - [10/May/2024:08:52:10 +0800] "GET /xingrg/javascript/jquery_easy_ui/themes/default/images/tabs_active.png HTTP/1.1" 200 2894
218.79.29.216 - - [10/May/2024:08:52:10 +0800] "GET /xingrg/check_reg.html?_=1715302339325 HTTP/1.1" 200 22
218.79.29.216 - - [10/May/2024:08:52:10 +0800] "GET /xingrg/all/function/internal_message.html?_=1715302339328&CODE_STATE=getMsg HTTP/1.1" 200 27
101.80.230.31 - - [10/May/2024:08:52:12 +0800] "GET /xingrg/all/function/internal_message.html?_=1715302339571&CODE_STATE=getMsg HTTP/1.1" 200 27
222.70.183.82 - - [10/May/2024:08:52:16 +0800] "GET /xingrg/kc/buy/cgsh_order_operate.html?command=get_materiel&rest_code=00111&code=00101006087&supplier_code=00100096&order_time=2024-05-10 HTTP/1.1" 200 411
114.95.253.235 - - [10/May/2024:08:52:23 +0800] "GET /xingrg/all/function/internal_message.html?_=1715302343577&CODE_STATE=getMsg HTTP/1.1" 200 27
114.95.253.235 - - [10/May/2024:08:52:23 +0800] "GET /xingrg/check_reg.html?_=1715302343580 HTTP/1.1" 200 22
101.83.144.49 - - [10/May/2024:08:52:24 +0800] "GET /xingrg/system/info/materiel_import.html?isSelect=1&singleSelect=false HTTP/1.1" 200 5600
101.83.144.49 - - [10/May/2024:08:52:24 +0800] "GET /xingrg/javascript/jquery_ui/themes/base/base.css HTTP/1.1" 304 -
101.83.144.49 - - [10/May/2024:08:52:24 +0800] "GET /xingrg/css/xtree.css HTTP/1.1" 304 -
101.83.144.49 - - [10/May/2024:08:52:25 +0800] "GET /xingrg/javascript/jquery_easy_ui/themes/default/images/button_a_bg.gif HTTP/1.1" 304 -
101.83.144.49 - - [10/May/2024:08:52:25 +0800] "GET /xingrg/javascript/jquery_easy_ui/themes/default/images/button_span_bg.gif HTTP/1.1" 304 -
101.83.144.49 - - [10/May/2024:08:52:25 +0800] "GET /xingrg/javascript/jquery_easy_ui/themes/icons/check_new.png HTTP/1.1" 304 -
101.83.144.49 - - [10/May/2024:08:52:25 +0800] "POST /xingrg/all/common/load_tree.html?tree=materiel_sort_tree_json HTTP/1.1" 200 9734
101.83.144.49 - - [10/May/2024:08:52:25 +0800] "GET /xingrg/javascript/jquery_easy_ui/themes/icons/search.png HTTP/1.1" 304 -
101.83.144.49 - - [10/May/2024:08:52:25 +0800] "GET /xingrg/javascript/jquery_easy_ui/themes/default/images/datagrid_header_bg.gif HTTP/1.1" 304 -
101.83.144.49 - - [10/May/2024:08:52:25 +0800] "GET /xingrg/javascript/jquery_easy_ui/themes/icons/edit_add.png HTTP/1.1" 304 -
101.83.144.49 - - [10/May/2024:08:52:25 +0800] "GET /xingrg/javascript/jquery_easy_ui/themes/default/images/pagination_prev.gif HTTP/1.1" 304 -
101.83.144.49 - - [10/May/2024:08:52:25 +0800] "GET /xingrg/javascript/jquery_easy_ui/themes/default/images/pagination_first.gif HTTP/1.1" 304 -
101.83.144.49 - - [10/May/2024:08:52:25 +0800] "GET /xingrg/javascript/jquery_easy_ui/themes/default/images/pagination_next.gif HTTP/1.1" 304 -
101.83.144.49 - - [10/May/2024:08:52:25 +0800] "GET /xingrg/javascript/jquery_easy_ui/themes/default/images/pagination_last.gif HTTP/1.1" 304 -
101.83.144.49 - - [10/May/2024:08:52:25 +0800] "GET /xingrg/javascript/jquery_easy_ui/themes/default/images/pagination_load.png HTTP/1.1" 304 -
101.83.144.49 - - [10/May/2024:08:52:25 +0800] "GET /favicon.ico HTTP/1.1" 404 -
120.253.135.82 - - [10/May/2024:08:52:29 +0800] "GET /xingrg/all/function/internal_message.html?_=1715302199940&CODE_STATE=getMsg HTTP/1.1" 200 27
101.83.144.49 - - [10/May/2024:08:52:34 +0800] "GET /xingrg/all/function/internal_message.html?_=1715302356062&CODE_STATE=getMsg HTTP/1.1" 200 27
124.79.242.194 - - [10/May/2024:08:52:35 +0800] "POST /xingrg/services/DataTransmitService HTTP/1.1" 200 524
222.70.183.82 - - [10/May/2024:08:52:35 +0800] "GET /xingrg/all/function/internal_message.html?_=1715302355940&CODE_STATE=getMsg HTTP/1.1" 200 27
180.164.6.225 - - [10/May/2024:08:52:37 +0800] "GET /xingrg/all/function/internal_message.html?_=1715302356791&CODE_STATE=getMsg HTTP/1.1" 200 27
101.83.144.49 - - [10/May/2024:08:52:41 +0800] "GET /xingrg/kc/buy/cgsh_order_operate.html?command=get_materiel&rest_code=00105&code=00101008119&supplier_code=00100008&order_time=2024-05-10 HTTP/1.1" 200 412
222.70.183.82 - - [10/May/2024:08:52:44 +0800] "GET /xingrg/kc/buy/cgsh_order_operate.html?command=get_materiel&rest_code=00111&code=00101007085&supplier_code=00100096&order_time=2024-05-10 HTTP/1.1" 200 413
180.169.147.146 - - [10/May/2024:08:52:51 +0800] "GET /xingrg/check_reg.html?_=1715302371651 HTTP/1.1" 200 22
180.169.147.146 - - [10/May/2024:08:52:51 +0800] "GET /xingrg/all/function/internal_message.html?_=1715302371655&CODE_STATE=getMsg HTTP/1.1" 200 27
101.83.144.49 - - [10/May/2024:08:52:54 +0800] "GET /xingrg/kc/buy/cgsh_order_operate.html?command=get_materiel&rest_code=00105&code=00101008096&supplier_code=00100008&order_time=2024-05-10 HTTP/1.1" 200 412
180.169.147.146 - - [10/May/2024:08:52:54 +0800] "GET /xingrg/all/function/internal_message.html?_=1715302373422&CODE_STATE=getMsg HTTP/1.1" 302 -
124.78.56.241 - - [10/May/2024:08:52:54 +0800] "GET /xingrg/all/function/internal_message.html?_=1715302375083&CODE_STATE=getMsg HTTP/1.1" 200 27
114.95.253.235 - - [10/May/2024:08:52:55 +0800] "GET /xingrg/check_reg.html?_=1715302375252 HTTP/1.1" 200 22
114.95.253.235 - - [10/May/2024:08:52:55 +0800] "GET /xingrg/all/function/internal_message.html?_=1715302375255&CODE_STATE=getMsg HTTP/1.1" 200 27
180.169.147.146 - - [10/May/2024:08:52:58 +0800] "GET /xingrg/all/function/internal_message.html?_=1715302377979&CODE_STATE=getMsg HTTP/1.1" 200 27
116.238.97.31 - - [10/May/2024:08:53:00 +0800] "GET /xingrg/all/function/internal_message.html?_=1715302380737&CODE_STATE=getMsg HTTP/1.1" 200 27
222.70.183.82 - - [10/May/2024:08:53:00 +0800] "GET /xingrg/kc/buy/cgsh_order_operate.html?command=get_materiel&rest_code=00111&code=00101007022&supplier_code=00100096&order_time=2024-05-10 HTTP/1.1" 200 415
101.83.144.49 - - [10/May/2024:08:53:06 +0800] "GET /xingrg/kc/buy/cgsh_order_operate.html?command=get_materiel&rest_code=00105&code=00101008283&supplier_code=00100008&order_time=2024-05-10 HTTP/1.1" 200 408
218.79.29.216 - - [10/May/2024:08:53:10 +0800] "GET /xingrg/all/function/internal_message.html?_=1715302399325&CODE_STATE=getMsg HTTP/1.1" 200 27
101.80.230.31 - - [10/May/2024:08:53:12 +0800] "GET /xingrg/all/function/internal_message.html?_=1715302399563&CODE_STATE=getMsg HTTP/1.1" 200 27
101.83.144.49 - - [10/May/2024:08:53:20 +0800] "GET /xingrg/kc/buy/cgsh_order_operate.html?command=get_materiel&rest_code=00105&code=00101008353&supplier_code=00100008&order_time=2024-05-10 HTTP/1.1" 200 423
114.95.253.235 - - [10/May/2024:08:53:23 +0800] "GET /xingrg/all/function/internal_message.html?_=1715302403571&CODE_STATE=getMsg HTTP/1.1" 200 27
120.253.135.82 - - [10/May/2024:08:53:23 +0800] "GET /xingrg/kc/pszx/mdqp_order_list.html?state=10 HTTP/1.1" 200 10447
120.253.135.82 - - [10/May/2024:08:53:23 +0800] "GET /xingrg/dwr/interface/AjaxQqpsService.js HTTP/1.1" 200 16326
120.253.135.82 - - [10/May/2024:08:53:23 +0800] "GET /xingrg/dwr/interface/AjaxReportQueryService.js HTTP/1.1" 200 13203
120.253.135.82 - - [10/May/2024:08:53:23 +0800] "GET /xingrg/dwr/engine.js HTTP/1.1" 200 43631
120.253.135.82 - - [10/May/2024:08:53:28 +0800] "GET /xingrg/kc/pszx/mdqp_order_list.html?state=10 HTTP/1.1" 200 10447
120.253.135.82 - - [10/May/2024:08:53:28 +0800] "GET /xingrg/dwr/interface/AjaxQqpsService.js HTTP/1.1" 200 16326
120.253.135.82 - - [10/May/2024:08:53:28 +0800] "GET /xingrg/dwr/interface/AjaxReportQueryService.js HTTP/1.1" 200 13203
120.253.135.82 - - [10/May/2024:08:53:28 +0800] "GET /xingrg/dwr/engine.js HTTP/1.1" 200 43631
120.253.135.82 - - [10/May/2024:08:53:29 +0800] "GET /xingrg/all/function/internal_message.html?_=1715302259953&CODE_STATE=getMsg HTTP/1.1" 200 27
120.253.135.82 - - [10/May/2024:08:53:33 +0800] "GET /xingrg/kc/pszx/mdps_order_list.html?orderType=0 HTTP/1.1" 200 21294
120.253.135.82 - - [10/May/2024:08:53:33 +0800] "POST /xingrg/kc/pszx/mdps_list_operate.html HTTP/1.1" 200 5179
101.83.144.49 - - [10/May/2024:08:53:34 +0800] "GET /xingrg/all/function/internal_message.html?_=1715302416056&CODE_STATE=getMsg HTTP/1.1" 200 27
222.70.183.82 - - [10/May/2024:08:53:35 +0800] "GET /xingrg/all/function/internal_message.html?_=1715302415943&CODE_STATE=getMsg HTTP/1.1" 200 27
222.70.183.82 - - [10/May/2024:08:53:36 +0800] "GET /xingrg/kc/buy/cgsh_order_operate.html?command=get_materiel&rest_code=00111&code=00101006112&supplier_code=00100096&order_time=2024-05-10 HTTP/1.1" 200 409
101.83.144.49 - - [10/May/2024:08:53:37 +0800] "GET /xingrg/kc/buy/cgsh_order_operate.html?command=get_materiel&rest_code=00105&code=00101008355&supplier_code=00100008&order_time=2024-05-10 HTTP/1.1" 200 408
180.164.6.225 - - [10/May/2024:08:53:37 +0800] "GET /xingrg/all/function/internal_message.html?_=1715302416800&CODE_STATE=getMsg HTTP/1.1" 200 27
120.253.135.82 - - [10/May/2024:08:53:37 +0800] "GET /xingrg/kc/pszx/mdqp_order_list.html?state=10 HTTP/1.1" 200 10447
120.253.135.82 - - [10/May/2024:08:53:37 +0800] "GET /xingrg/dwr/interface/AjaxQqpsService.js HTTP/1.1" 200 16326
120.253.135.82 - - [10/May/2024:08:53:37 +0800] "GET /xingrg/dwr/interface/AjaxReportQueryService.js HTTP/1.1" 200 13203
120.253.135.82 - - [10/May/2024:08:53:37 +0800] "GET /xingrg/dwr/engine.js HTTP/1.1" 200 43631
120.253.135.82 - - [10/May/2024:08:53:41 +0800] "GET /xingrg/kc/pszx/mdqp_order_list.html?state=10 HTTP/1.1" 200 10447
120.253.135.82 - - [10/May/2024:08:53:41 +0800] "GET /xingrg/dwr/interface/AjaxQqpsService.js HTTP/1.1" 200 16326
120.253.135.82 - - [10/May/2024:08:53:41 +0800] "GET /xingrg/dwr/engine.js HTTP/1.1" 200 43631
120.253.135.82 - - [10/May/2024:08:53:41 +0800] "GET /xingrg/dwr/interface/AjaxReportQueryService.js HTTP/1.1" 200 13203
222.70.183.82 - - [10/May/2024:08:53:48 +0800] "GET /xingrg/kc/buy/cgsh_order_operate.html?command=get_materiel&rest_code=00111&code=00101006058&supplier_code=00100096&order_time=2024-05-10 HTTP/1.1" 200 413
120.253.135.82 - - [10/May/2024:08:53:49 +0800] "GET /xingrg/kc/pszx/mdqp_order_list.html?state=10 HTTP/1.1" 200 10447
120.253.135.82 - - [10/May/2024:08:53:49 +0800] "GET /xingrg/dwr/interface/AjaxQqpsService.js HTTP/1.1" 200 16326
120.253.135.82 - - [10/May/2024:08:53:49 +0800] "GET /xingrg/dwr/interface/AjaxReportQueryService.js HTTP/1.1" 200 13203
120.253.135.82 - - [10/May/2024:08:53:49 +0800] "GET /xingrg/dwr/engine.js HTTP/1.1" 200 43631
101.83.144.49 - - [10/May/2024:08:53:51 +0800] "GET /xingrg/kc/buy/cgsh_order_operate.html?command=get_materiel&rest_code=00105&code=00101008004&supplier_code=00100008&order_time=2024-05-10 HTTP/1.1" 200 416
180.169.147.146 - - [10/May/2024:08:53:51 +0800] "GET /xingrg/all/function/internal_message.html?_=1715302431647&CODE_STATE=getMsg HTTP/1.1" 200 27
180.169.147.146 - - [10/May/2024:08:53:54 +0800] "GET /xingrg/all/function/internal_message.html?_=1715302433432&CODE_STATE=getMsg HTTP/1.1" 302 -
124.78.56.241 - - [10/May/2024:08:53:54 +0800] "GET /xingrg/all/function/internal_message.html?_=1715302435095&CODE_STATE=getMsg HTTP/1.1" 200 27
124.78.56.241 - - [10/May/2024:08:53:54 +0800] "GET /xingrg/check_reg.html?_=1715302435099 HTTP/1.1" 200 22
114.95.253.235 - - [10/May/2024:08:53:55 +0800] "GET /xingrg/all/function/internal_message.html?_=1715302435232&CODE_STATE=getMsg HTTP/1.1" 200 27
180.169.147.146 - - [10/May/2024:08:53:58 +0800] "GET /xingrg/check_reg.html?_=1715302437974 HTTP/1.1" 200 22
180.169.147.146 - - [10/May/2024:08:53:58 +0800] "GET /xingrg/all/function/internal_message.html?_=1715302437978&CODE_STATE=getMsg HTTP/1.1" 200 27
222.70.183.82 - - [10/May/2024:08:53:59 +0800] "GET /xingrg/kc/buy/cgsh_order_operate.html?command=get_materiel&rest_code=00111&code=00101006057&supplier_code=00100096&order_time=2024-05-10 HTTP/1.1" 200 413
116.238.97.31 - - [10/May/2024:08:54:00 +0800] "GET /xingrg/all/function/internal_message.html?_=1715302440714&CODE_STATE=getMsg HTTP/1.1" 200 27
101.83.144.49 - - [10/May/2024:08:54:01 +0800] "GET /xingrg/kc/buy/cgsh_order_operate.html?command=get_materiel&rest_code=00105&code=00101008185&supplier_code=00100008&order_time=2024-05-10 HTTP/1.1" 200 408
218.79.29.216 - - [10/May/2024:08:54:10 +0800] "GET /xingrg/all/function/internal_message.html?_=1715302459324&CODE_STATE=getMsg HTTP/1.1" 200 27
101.80.230.31 - - [10/May/2024:08:54:12 +0800] "GET /xingrg/all/function/internal_message.html?_=1715302459570&CODE_STATE=getMsg HTTP/1.1" 200 27
124.79.242.194 - - [10/May/2024:08:54:12 +0800] "GET /favicon.ico HTTP/1.1" 404 -
101.83.144.49 - - [10/May/2024:08:54:16 +0800] "GET /xingrg/kc/buy/cgsh_order_operate.html?command=get_materiel&rest_code=00105&code=00101008044&supplier_code=00100008&order_time=2024-05-10 HTTP/1.1" 200 408
114.95.253.235 - - [10/May/2024:08:54:23 +0800] "GET /xingrg/all/function/internal_message.html?_=1715302463589&CODE_STATE=getMsg HTTP/1.1" 200 27
120.253.135.82 - - [10/May/2024:08:54:29 +0800] "GET /xingrg/all/function/internal_message.html?_=1715302319968&CODE_STATE=getMsg HTTP/1.1" 200 27
101.83.144.49 - - [10/May/2024:08:54:33 +0800] "GET /xingrg/kc/buy/cgsh_order_operate.html?command=get_materiel&rest_code=00105&code=00101008176&supplier_code=00100008&order_time=2024-05-10 HTTP/1.1" 200 413
101.83.144.49 - - [10/May/2024:08:54:34 +0800] "GET /xingrg/all/function/internal_message.html?_=1715302476063&CODE_STATE=getMsg HTTP/1.1" 200 27
222.70.183.82 - - [10/May/2024:08:54:35 +0800] "GET /xingrg/all/function/internal_message.html?_=1715302475934&CODE_STATE=getMsg HTTP/1.1" 200 27
222.70.183.82 - - [10/May/2024:08:54:35 +0800] "GET /xingrg/check_reg.html?_=1715302475935 HTTP/1.1" 200 22
180.164.6.225 - - [10/May/2024:08:54:37 +0800] "GET /xingrg/all/function/internal_message.html?_=1715302476801&CODE_STATE=getMsg HTTP/1.1" 200 27
222.70.183.82 - - [10/May/2024:08:54:38 +0800] "POST /xingrg/kc/buy/cgsh_order_operate.html HTTP/1.1" 200 37
124.79.242.194 - - [10/May/2024:08:54:41 +0800] "GET /xingrg/login.html HTTP/1.1" 200 7641
124.79.242.194 - - [10/May/2024:08:54:43 +0800] "GET /favicon.ico HTTP/1.1" 404 -
120.253.135.82 - - [10/May/2024:08:54:45 +0800] "GET /xingrg/kc/pszx/mdqp_order_list.html?state=10 HTTP/1.1" 200 10447
120.253.135.82 - - [10/May/2024:08:54:45 +0800] "GET /xingrg/dwr/interface/AjaxQqpsService.js HTTP/1.1" 200 16326
120.253.135.82 - - [10/May/2024:08:54:45 +0800] "GET /xingrg/dwr/interface/AjaxReportQueryService.js HTTP/1.1" 200 13203
120.253.135.82 - - [10/May/2024:08:54:45 +0800] "GET /xingrg/dwr/engine.js HTTP/1.1" 200 43631
101.83.144.49 - - [10/May/2024:08:54:46 +0800] "GET /xingrg/kc/buy/cgsh_order_operate.html?command=get_materiel&rest_code=00105&code=00101008215&supplier_code=00100008&order_time=2024-05-10 HTTP/1.1" 200 413
180.169.147.146 - - [10/May/2024:08:54:51 +0800] "GET /xingrg/all/function/internal_message.html?_=1715302491647&CODE_STATE=getMsg HTTP/1.1" 200 27
180.169.147.146 - - [10/May/2024:08:54:54 +0800] "GET /xingrg/all/function/internal_message.html?_=1715302493437&CODE_STATE=getMsg HTTP/1.1" 302 -
180.169.147.146 - - [10/May/2024:08:54:54 +0800] "GET /xingrg/check_reg.html?_=1715302493439 HTTP/1.1" 302 -
124.78.56.241 - - [10/May/2024:08:54:54 +0800] "GET /xingrg/all/function/internal_message.html?_=1715302495068&CODE_STATE=getMsg HTTP/1.1" 200 27
114.95.253.235 - - [10/May/2024:08:54:55 +0800] "GET /xingrg/all/function/internal_message.html?_=1715302495222&CODE_STATE=getMsg HTTP/1.1" 200 27
120.253.135.82 - - [10/May/2024:08:54:55 +0800] "GET /xingrg/kc/pszx/mdqp_order_list.html?state=10 HTTP/1.1" 200 10447
120.253.135.82 - - [10/May/2024:08:54:55 +0800] "GET /xingrg/dwr/interface/AjaxQqpsService.js HTTP/1.1" 200 16326
120.253.135.82 - - [10/May/2024:08:54:55 +0800] "GET /xingrg/dwr/interface/AjaxReportQueryService.js HTTP/1.1" 200 13203
120.253.135.82 - - [10/May/2024:08:54:55 +0800] "GET /xingrg/dwr/engine.js HTTP/1.1" 200 43631
180.169.147.146 - - [10/May/2024:08:54:58 +0800] "GET /xingrg/all/function/internal_message.html?_=1715302497971&CODE_STATE=getMsg HTTP/1.1" 200 27
120.253.135.82 - - [10/May/2024:08:54:58 +0800] "GET /xingrg/kc/report/report_main.html HTTP/1.1" 200 8599
