180.164.6.225 - - [10/May/2024:10:16:05 +0800] "GET /xingrg/all/function/internal_message.html?_=1715307364473&CODE_STATE=getMsg HTTP/1.1" 200 27
61.170.233.33 - - [10/May/2024:10:16:10 +0800] "GET /xingrg/all/function/internal_message.html?_=1715307367324&CODE_STATE=getMsg HTTP/1.1" 200 27
218.79.29.216 - - [10/May/2024:10:16:10 +0800] "GET /xingrg/all/function/internal_message.html?_=1715307379382&CODE_STATE=getMsg HTTP/1.1" 200 27
61.170.233.33 - - [10/May/2024:10:16:11 +0800] "GET /xingrg/check_reg.html?_=1715307368141 HTTP/1.1" 200 22
101.80.230.31 - - [10/May/2024:10:16:12 +0800] "GET /xingrg/all/function/internal_message.html?_=1715307379771&CODE_STATE=getMsg HTTP/1.1" 200 27
180.169.147.146 - - [10/May/2024:10:16:14 +0800] "POST /xingrg/all/user/operate.html HTTP/1.1" 200 36
180.169.147.146 - - [10/May/2024:10:16:15 +0800] "GET /xingrg/index.html?sysBaseUrl=http%3A%2F%2F180.169.147.146%3A18081%2Fxingrg%2F&costTime=866×tamp=1715307264049 HTTP/1.1" 200 17509
180.169.147.146 - - [10/May/2024:10:16:15 +0800] "GET /xingrg/javascript/jquery_easy_ui/themes/default/easyui.css HTTP/1.1" 304 -
180.169.147.146 - - [10/May/2024:10:16:15 +0800] "GET /xingrg/javascript/jquery_easy_ui/themes/icon.css HTTP/1.1" 304 -
180.169.147.146 - - [10/May/2024:10:16:15 +0800] "GET /xingrg/css/form.css HTTP/1.1" 304 -
180.169.147.146 - - [10/May/2024:10:16:15 +0800] "GET /xingrg/javascript/jquery-1.4.2.min.js HTTP/1.1" 304 -
180.169.147.146 - - [10/May/2024:10:16:15 +0800] "GET /xingrg/javascript/jquery_easy_ui/jquery.easyui.min.js HTTP/1.1" 304 -
180.169.147.146 - - [10/May/2024:10:16:15 +0800] "GET /xingrg/javascript/jquery_easy_ui/easyui-lang-zh_CN.js HTTP/1.1" 304 -
180.169.147.146 - - [10/May/2024:10:16:15 +0800] "GET /xingrg/javascript/jquery.form.js HTTP/1.1" 304 -
180.169.147.146 - - [10/May/2024:10:16:15 +0800] "GET /xingrg/javascript/jquery.utils.js HTTP/1.1" 304 -
180.169.147.146 - - [10/May/2024:10:16:15 +0800] "GET /xingrg/javascript/jquery.timers.js HTTP/1.1" 304 -
180.169.147.146 - - [10/May/2024:10:16:15 +0800] "GET /xingrg/images/blue/jxLogo.png HTTP/1.1" 304 -
180.169.147.146 - - [10/May/2024:10:16:15 +0800] "GET /xingrg/images/blue/navBackgound.jpg HTTP/1.1" 304 -
180.169.147.146 - - [10/May/2024:10:16:15 +0800] "GET /xingrg/javascript/jquery_easy_ui/themes/icons/settle_new.png HTTP/1.1" 304 -
180.169.147.146 - - [10/May/2024:10:16:15 +0800] "GET /xingrg/all/function/internal_message.html?_=1715307375370&CODE_STATE=count HTTP/1.1" 200 11
180.169.147.146 - - [10/May/2024:10:16:15 +0800] "GET /xingrg/check_reg.html?_=1715307375371 HTTP/1.1" 200 22
180.169.147.146 - - [10/May/2024:10:16:15 +0800] "GET /xingrg/javascript/jquery_easy_ui/themes/default/images/panel_tool_collapse.gif HTTP/1.1" 304 -
180.169.147.146 - - [10/May/2024:10:16:15 +0800] "GET /xingrg/javascript/jquery_easy_ui/themes/default/images/tabs_rightarrow.png HTTP/1.1" 304 -
180.169.147.146 - - [10/May/2024:10:16:15 +0800] "GET /xingrg/javascript/jquery_easy_ui/themes/default/images/panel_tool_expand.gif HTTP/1.1" 304 -
180.169.147.146 - - [10/May/2024:10:16:15 +0800] "GET /xingrg/javascript/jquery_easy_ui/themes/default/images/tabs_leftarrow.png HTTP/1.1" 304 -
180.169.147.146 - - [10/May/2024:10:16:15 +0800] "GET /xingrg/images/blue/pingpu.png HTTP/1.1" 304 -
180.169.147.146 - - [10/May/2024:10:16:15 +0800] "POST /xingrg/all/common/load_tree.html?tree=area_rest_tree_json&manage=1 HTTP/1.1" 200 3993
180.169.147.146 - - [10/May/2024:10:16:15 +0800] "POST /xingrg/load_menu.html HTTP/1.1" 200 9959
116.232.195.13 - - [10/May/2024:10:16:19 +0800] "GET /xingrg/all/function/internal_message.html?_=1715307353304&CODE_STATE=getMsg HTTP/1.1" 200 27
114.95.253.235 - - [10/May/2024:10:16:23 +0800] "GET /xingrg/all/function/internal_message.html?_=1715307383579&CODE_STATE=getMsg HTTP/1.1" 200 27
61.170.233.33 - - [10/May/2024:10:16:23 +0800] "GET /xingrg/all/function/internal_message.html?_=1715307384741&CODE_STATE=getMsg HTTP/1.1" 200 27
180.169.147.146 - - [10/May/2024:10:16:25 +0800] "GET /xingrg/kc/buy/buy_main.html HTTP/1.1" 200 12412
180.169.147.146 - - [10/May/2024:10:16:25 +0800] "GET /xingrg/css/new_ie.css HTTP/1.1" 404 1036
180.169.147.146 - - [10/May/2024:10:16:25 +0800] "GET /xingrg/images/yd/bt.gif HTTP/1.1" 404 1040
180.169.147.146 - - [10/May/2024:10:16:26 +0800] "GET /xingrg/kc/buy/cgsh_order_list.html HTTP/1.1" 200 59022
180.169.147.146 - - [10/May/2024:10:16:31 +0800] "GET /xingrg/all/function/internal_message.html?_=1715307391208&CODE_STATE=getMsg HTTP/1.1" 200 27
120.253.135.82 - - [10/May/2024:10:16:32 +0800] "GET /xingrg/all/function/internal_message.html?_=1715307242313&CODE_STATE=getMsg HTTP/1.1" 200 27
101.83.144.49 - - [10/May/2024:10:16:34 +0800] "GET /xingrg/check_reg.html?_=1715307396139 HTTP/1.1" 200 22
222.70.183.82 - - [10/May/2024:10:16:35 +0800] "GET /xingrg/all/function/internal_message.html?_=1715307396056&CODE_STATE=getMsg HTTP/1.1" 200 27
116.238.97.31 - - [10/May/2024:10:16:41 +0800] "GET /xingrg/check_reg.html?_=1715307425294 HTTP/1.1" 200 22
116.238.97.31 - - [10/May/2024:10:16:41 +0800] "GET /xingrg/all/function/internal_message.html?_=1715307425291&CODE_STATE=getMsg HTTP/1.1" 200 27
101.83.144.49 - - [10/May/2024:10:16:43 +0800] "GET /xingrg/all/function/internal_message.html?_=1715307404993&CODE_STATE=getMsg HTTP/1.1" 200 27
222.69.130.33 - - [10/May/2024:10:16:49 +0800] "GET /xingrg/all/function/internal_message.html?_=1715307410533&CODE_STATE=getMsg HTTP/1.1" 200 27
114.95.253.235 - - [10/May/2024:10:16:53 +0800] "GET /xingrg/all/function/internal_message.html?_=1715307413843&CODE_STATE=getMsg HTTP/1.1" 200 27
180.169.147.146 - - [10/May/2024:10:16:54 +0800] "GET /xingrg/all/function/internal_message.html?_=1715307413443&CODE_STATE=getMsg HTTP/1.1" 302 -
124.78.56.241 - - [10/May/2024:10:16:54 +0800] "GET /xingrg/all/function/internal_message.html?_=1715307414992&CODE_STATE=getMsg HTTP/1.1" 200 27
180.164.6.225 - - [10/May/2024:10:17:05 +0800] "GET /xingrg/all/function/internal_message.html?_=1715307424454&CODE_STATE=getMsg HTTP/1.1" 200 27
61.170.233.33 - - [10/May/2024:10:17:10 +0800] "GET /xingrg/all/function/internal_message.html?_=1715307427300&CODE_STATE=getMsg HTTP/1.1" 200 27
218.79.29.216 - - [10/May/2024:10:17:10 +0800] "GET /xingrg/check_reg.html?_=1715307439383 HTTP/1.1" 200 22
218.79.29.216 - - [10/May/2024:10:17:10 +0800] "GET /xingrg/all/function/internal_message.html?_=1715307439382&CODE_STATE=getMsg HTTP/1.1" 200 27
101.80.230.31 - - [10/May/2024:10:17:12 +0800] "GET /xingrg/all/function/internal_message.html?_=1715307439772&CODE_STATE=getMsg HTTP/1.1" 200 27
180.169.147.146 - - [10/May/2024:10:17:15 +0800] "GET /xingrg/all/function/internal_message.html?_=1715307435373&CODE_STATE=getMsg HTTP/1.1" 200 27
61.170.233.33 - - [10/May/2024:10:17:16 +0800] "GET /xingrg/javascript/jquery_easy_ui/themes/default/images/tabs_active.png HTTP/1.1" 304 -
180.169.147.146 - - [10/May/2024:10:17:17 +0800] "POST /xingrg/kc/buy/cgsh_list_operate.html HTTP/1.1" 200 4290
116.232.195.13 - - [10/May/2024:10:17:19 +0800] "GET /xingrg/all/function/internal_message.html?_=1715307413279&CODE_STATE=getMsg HTTP/1.1" 200 27
114.95.253.235 - - [10/May/2024:10:17:23 +0800] "GET /xingrg/all/function/internal_message.html?_=1715307443575&CODE_STATE=getMsg HTTP/1.1" 200 27
114.95.253.235 - - [10/May/2024:10:17:23 +0800] "GET /xingrg/check_reg.html?_=1715307443578 HTTP/1.1" 200 22
180.169.147.146 - - [10/May/2024:10:17:31 +0800] "GET /xingrg/all/function/internal_message.html?_=1715307451208&CODE_STATE=getMsg HTTP/1.1" 200 27
120.253.135.82 - - [10/May/2024:10:17:32 +0800] "GET /xingrg/all/function/internal_message.html?_=1715307302328&CODE_STATE=getMsg HTTP/1.1" 200 27
222.70.183.82 - - [10/May/2024:10:17:35 +0800] "GET /xingrg/all/function/internal_message.html?_=1715307456056&CODE_STATE=getMsg HTTP/1.1" 200 27
116.238.97.31 - - [10/May/2024:10:17:41 +0800] "GET /xingrg/all/function/internal_message.html?_=1715307485297&CODE_STATE=getMsg HTTP/1.1" 200 27
101.83.144.49 - - [10/May/2024:10:17:43 +0800] "GET /xingrg/all/function/internal_message.html?_=1715307464966&CODE_STATE=getMsg HTTP/1.1" 200 27
222.69.130.33 - - [10/May/2024:10:17:49 +0800] "GET /xingrg/all/function/internal_message.html?_=1715307470542&CODE_STATE=getMsg HTTP/1.1" 200 27
222.69.130.33 - - [10/May/2024:10:17:49 +0800] "GET /xingrg/check_reg.html?_=1715307470545 HTTP/1.1" 200 22
114.95.253.235 - - [10/May/2024:10:17:53 +0800] "GET /xingrg/all/function/internal_message.html?_=1715307473822&CODE_STATE=getMsg HTTP/1.1" 200 27
180.169.147.146 - - [10/May/2024:10:17:54 +0800] "GET /xingrg/all/function/internal_message.html?_=1715307473443&CODE_STATE=getMsg HTTP/1.1" 302 -
124.78.56.241 - - [10/May/2024:10:17:54 +0800] "GET /xingrg/all/function/internal_message.html?_=1715307474998&CODE_STATE=getMsg HTTP/1.1" 200 27
114.95.253.235 - - [10/May/2024:10:17:55 +0800] "GET /xingrg/check_reg.html?_=1715307475276 HTTP/1.1" 200 22
101.83.144.49 - - [10/May/2024:10:17:57 +0800] "GET /xingrg/kc/buy/cgsh_order_add.html HTTP/1.1" 200 74656
101.83.144.49 - - [10/May/2024:10:17:58 +0800] "GET /xingrg/javascript/easyui/themes/default/validatebox.css HTTP/1.1" 404 1104
101.83.144.49 - - [10/May/2024:10:17:58 +0800] "POST /xingrg/kc/buy/cgsh_order_operate.html HTTP/1.1" 200 8245
180.164.6.225 - - [10/May/2024:10:18:05 +0800] "GET /xingrg/all/function/internal_message.html?_=1715307484440&CODE_STATE=getMsg HTTP/1.1" 200 27
61.170.233.33 - - [10/May/2024:10:18:10 +0800] "GET /xingrg/all/function/internal_message.html?_=1715307487270&CODE_STATE=getMsg HTTP/1.1" 200 27
218.79.29.216 - - [10/May/2024:10:18:10 +0800] "GET /xingrg/all/function/internal_message.html?_=1715307499389&CODE_STATE=getMsg HTTP/1.1" 200 27
101.80.230.31 - - [10/May/2024:10:18:12 +0800] "GET /xingrg/all/function/internal_message.html?_=1715307499773&CODE_STATE=getMsg HTTP/1.1" 200 27
101.83.144.49 - - [10/May/2024:10:18:12 +0800] "GET /xingrg/kc/buy/cgsh_order_operate.html?command=get_materiel&rest_code=00105&code=00101002006&supplier_code=00100091&order_time=2024-05-10 HTTP/1.1" 200 414
180.169.147.146 - - [10/May/2024:10:18:15 +0800] "GET /xingrg/all/function/internal_message.html?_=1715307495377&CODE_STATE=getMsg HTTP/1.1" 200 27
116.232.195.13 - - [10/May/2024:10:18:19 +0800] "GET /xingrg/all/function/internal_message.html?_=1715307473258&CODE_STATE=getMsg HTTP/1.1" 200 27
114.95.253.235 - - [10/May/2024:10:18:23 +0800] "GET /xingrg/all/function/internal_message.html?_=1715307503573&CODE_STATE=getMsg HTTP/1.1" 200 27
101.83.144.49 - - [10/May/2024:10:18:26 +0800] "POST /xingrg/kc/buy/cgsh_order_operate.html HTTP/1.1" 200 37
101.83.144.49 - - [10/May/2024:10:18:28 +0800] "POST /xingrg/kc/buy/cgsh_order_operate.html HTTP/1.1" 200 2661
180.169.147.146 - - [10/May/2024:10:18:31 +0800] "GET /xingrg/check_reg.html?_=1715307511200 HTTP/1.1" 200 22
180.169.147.146 - - [10/May/2024:10:18:31 +0800] "GET /xingrg/all/function/internal_message.html?_=1715307511202&CODE_STATE=getMsg HTTP/1.1" 200 27
120.253.135.82 - - [10/May/2024:10:18:32 +0800] "GET /xingrg/all/function/internal_message.html?_=1715307362420&CODE_STATE=getMsg HTTP/1.1" 200 27
101.83.144.49 - - [10/May/2024:10:18:35 +0800] "GET /xingrg/kc/print/load_data.html?order_code=212024051002594&kc_code=cgsh&condition= HTTP/1.1" 200 740
222.70.183.82 - - [10/May/2024:10:18:35 +0800] "GET /xingrg/all/function/internal_message.html?_=1715307516048&CODE_STATE=getMsg HTTP/1.1" 200 27
180.169.147.146 - - [10/May/2024:10:18:36 +0800] "POST /xingrg/kc/buy/cgsh_list_operate.html HTTP/1.1" 200 4428
116.238.97.31 - - [10/May/2024:10:18:41 +0800] "GET /xingrg/all/function/internal_message.html?_=1715307545282&CODE_STATE=getMsg HTTP/1.1" 200 27
101.83.144.49 - - [10/May/2024:10:18:43 +0800] "GET /xingrg/all/function/internal_message.html?_=1715307524981&CODE_STATE=getMsg HTTP/1.1" 200 27
101.83.144.49 - - [10/May/2024:10:18:44 +0800] "GET /xingrg/kc/buy/cgsh_order_add.html HTTP/1.1" 200 74656
101.83.144.49 - - [10/May/2024:10:18:45 +0800] "GET /xingrg/javascript/easyui/themes/default/validatebox.css HTTP/1.1" 404 1104
101.83.144.49 - - [10/May/2024:10:18:45 +0800] "POST /xingrg/kc/buy/cgsh_order_operate.html HTTP/1.1" 200 8245
222.69.130.33 - - [10/May/2024:10:18:49 +0800] "GET /xingrg/all/function/internal_message.html?_=1715307530547&CODE_STATE=getMsg HTTP/1.1" 200 27
114.95.253.235 - - [10/May/2024:10:18:53 +0800] "GET /xingrg/all/function/internal_message.html?_=1715307533802&CODE_STATE=getMsg HTTP/1.1" 200 27
180.169.147.146 - - [10/May/2024:10:18:54 +0800] "GET /xingrg/all/function/internal_message.html?_=1715307533430&CODE_STATE=getMsg HTTP/1.1" 302 -
124.78.56.241 - - [10/May/2024:10:18:54 +0800] "GET /xingrg/check_reg.html?_=1715307534991 HTTP/1.1" 200 22
124.78.56.241 - - [10/May/2024:10:18:54 +0800] "GET /xingrg/all/function/internal_message.html?_=1715307534995&CODE_STATE=getMsg HTTP/1.1" 200 27
101.83.144.49 - - [10/May/2024:10:19:00 +0800] "GET /xingrg/kc/buy/cgsh_order_operate.html?command=get_materiel&rest_code=00105&code=00101001140&supplier_code=00100675&order_time=2024-05-10 HTTP/1.1" 200 415
180.164.6.225 - - [10/May/2024:10:19:05 +0800] "GET /xingrg/all/function/internal_message.html?_=1715307544426&CODE_STATE=getMsg HTTP/1.1" 200 27
61.170.233.33 - - [10/May/2024:10:19:10 +0800] "GET /xingrg/all/function/internal_message.html?_=1715307547251&CODE_STATE=getMsg HTTP/1.1" 200 27
218.79.29.216 - - [10/May/2024:10:19:10 +0800] "GET /xingrg/all/function/internal_message.html?_=1715307559388&CODE_STATE=getMsg HTTP/1.1" 200 27
101.80.230.31 - - [10/May/2024:10:19:12 +0800] "GET /xingrg/all/function/internal_message.html?_=1715307559774&CODE_STATE=getMsg HTTP/1.1" 200 27
180.169.147.146 - - [10/May/2024:10:19:15 +0800] "GET /xingrg/all/function/internal_message.html?_=1715307555385&CODE_STATE=getMsg HTTP/1.1" 200 27
116.232.195.13 - - [10/May/2024:10:19:19 +0800] "GET /xingrg/check_reg.html?_=1715307533164 HTTP/1.1" 200 22
116.232.195.13 - - [10/May/2024:10:19:19 +0800] "GET /xingrg/all/function/internal_message.html?_=1715307533244&CODE_STATE=getMsg HTTP/1.1" 200 27
101.83.144.49 - - [10/May/2024:10:19:22 +0800] "GET /xingrg/kc/buy/cgsh_order_operate.html?command=get_materiel&rest_code=00105&code=00101001043&supplier_code=00100675&order_time=2024-05-10 HTTP/1.1" 200 415
114.95.253.235 - - [10/May/2024:10:19:23 +0800] "GET /xingrg/all/function/internal_message.html?_=1715307563574&CODE_STATE=getMsg HTTP/1.1" 200 27
180.169.147.146 - - [10/May/2024:10:19:31 +0800] "GET /xingrg/all/function/internal_message.html?_=1715307571216&CODE_STATE=getMsg HTTP/1.1" 200 27
120.253.135.82 - - [10/May/2024:10:19:32 +0800] "GET /xingrg/all/function/internal_message.html?_=1715307422433&CODE_STATE=getMsg HTTP/1.1" 200 27
222.70.183.82 - - [10/May/2024:10:19:35 +0800] "GET /xingrg/check_reg.html?_=1715307576047 HTTP/1.1" 200 22
222.70.183.82 - - [10/May/2024:10:19:35 +0800] "GET /xingrg/all/function/internal_message.html?_=1715307576049&CODE_STATE=getMsg HTTP/1.1" 200 27
116.238.97.31 - - [10/May/2024:10:19:41 +0800] "GET /xingrg/all/function/internal_message.html?_=1715307605288&CODE_STATE=getMsg HTTP/1.1" 200 27
101.83.144.49 - - [10/May/2024:10:19:43 +0800] "GET /xingrg/all/function/internal_message.html?_=1715307584984&CODE_STATE=getMsg HTTP/1.1" 200 27
114.95.253.235 - - [10/May/2024:10:19:45 +0800] "POST /xingrg/services/DataTransmitService HTTP/1.1" 200 524
116.238.97.31 - - [10/May/2024:10:19:47 +0800] "GET /xingrg/check_reg.html?_=1715307587992 HTTP/1.1" 200 22
116.224.111.98 - - [10/May/2024:10:19:49 +0800] "GET /favicon.ico HTTP/1.1" 404 -
222.69.130.33 - - [10/May/2024:10:19:49 +0800] "GET /xingrg/all/function/internal_message.html?_=1715307590533&CODE_STATE=getMsg HTTP/1.1" 200 27
114.95.253.235 - - [10/May/2024:10:19:53 +0800] "GET /xingrg/all/function/internal_message.html?_=1715307593785&CODE_STATE=getMsg HTTP/1.1" 200 27
180.169.147.146 - - [10/May/2024:10:19:54 +0800] "GET /xingrg/check_reg.html?_=1715307593447 HTTP/1.1" 302 -
180.169.147.146 - - [10/May/2024:10:19:54 +0800] "GET /xingrg/all/function/internal_message.html?_=1715307593445&CODE_STATE=getMsg HTTP/1.1" 302 -
124.78.56.241 - - [10/May/2024:10:19:54 +0800] "GET /xingrg/all/function/internal_message.html?_=1715307594986&CODE_STATE=getMsg HTTP/1.1" 200 27
101.83.144.49 - - [10/May/2024:10:19:55 +0800] "GET /xingrg/kc/buy/cgsh_order_operate.html?command=get_materiel&rest_code=00105&code=00101001037&supplier_code=00100675&order_time=2024-05-10 HTTP/1.1" 200 418
61.170.233.33 - - [10/May/2024:10:20:03 +0800] "GET /xingrg/kc/buy/cgsh_order_operate.html?command=get_materiel&rest_code=00106&code=00101008283&supplier_code=00100008&order_time=2024-05-10 HTTP/1.1" 200 408
180.164.6.225 - - [10/May/2024:10:20:05 +0800] "GET /xingrg/all/function/internal_message.html?_=1715307604399&CODE_STATE=getMsg HTTP/1.1" 200 27
180.164.6.225 - - [10/May/2024:10:20:05 +0800] "GET /xingrg/check_reg.html?_=1715307604883 HTTP/1.1" 200 22
101.83.144.49 - - [10/May/2024:10:20:09 +0800] "POST /xingrg/kc/buy/cgsh_order_operate.html HTTP/1.1" 200 37
61.170.233.33 - - [10/May/2024:10:20:10 +0800] "GET /xingrg/all/function/internal_message.html?_=1715307607258&CODE_STATE=getMsg HTTP/1.1" 200 27
218.79.29.216 - - [10/May/2024:10:20:10 +0800] "GET /xingrg/all/function/internal_message.html?_=1715307619389&CODE_STATE=getMsg HTTP/1.1" 200 27
101.83.144.49 - - [10/May/2024:10:20:11 +0800] "POST /xingrg/kc/buy/cgsh_order_operate.html HTTP/1.1" 200 3856
101.80.230.31 - - [10/May/2024:10:20:12 +0800] "GET /xingrg/all/function/internal_message.html?_=1715307619777&CODE_STATE=getMsg HTTP/1.1" 200 27
101.80.230.31 - - [10/May/2024:10:20:12 +0800] "GET /xingrg/check_reg.html?_=1715307619773 HTTP/1.1" 200 22
101.83.144.49 - - [10/May/2024:10:20:13 +0800] "GET /xingrg/kc/print/load_data.html?order_code=212024051002595&kc_code=cgsh&condition= HTTP/1.1" 200 1115
180.169.147.146 - - [10/May/2024:10:20:15 +0800] "GET /xingrg/all/function/internal_message.html?_=1715307615383&CODE_STATE=getMsg HTTP/1.1" 200 27
101.83.144.49 - - [10/May/2024:10:20:18 +0800] "GET /xingrg/kc/buy/cgsh_order_add.html HTTP/1.1" 200 74656
101.83.144.49 - - [10/May/2024:10:20:19 +0800] "POST /xingrg/kc/buy/cgsh_order_operate.html HTTP/1.1" 200 8245
101.83.144.49 - - [10/May/2024:10:20:19 +0800] "GET /xingrg/javascript/easyui/themes/default/validatebox.css HTTP/1.1" 404 1104
116.232.195.13 - - [10/May/2024:10:20:19 +0800] "GET /xingrg/all/function/internal_message.html?_=1715307593227&CODE_STATE=getMsg HTTP/1.1" 200 27
114.95.253.235 - - [10/May/2024:10:20:23 +0800] "GET /xingrg/all/function/internal_message.html?_=1715307623575&CODE_STATE=getMsg HTTP/1.1" 200 27
120.253.135.82 - - [10/May/2024:10:20:29 +0800] "GET /xingrg/check_reg.html?_=1715307479814 HTTP/1.1" 200 22
180.169.147.146 - - [10/May/2024:10:20:31 +0800] "GET /xingrg/all/function/internal_message.html?_=1715307631200&CODE_STATE=getMsg HTTP/1.1" 200 27
101.83.144.49 - - [10/May/2024:10:20:31 +0800] "GET /xingrg/kc/buy/cgsh_order_operate.html?command=get_materiel&rest_code=00105&code=00101001169&supplier_code=00100319&order_time=2024-05-10 HTTP/1.1" 200 417
120.253.135.82 - - [10/May/2024:10:20:32 +0800] "GET /xingrg/all/function/internal_message.html?_=1715307482446&CODE_STATE=getMsg HTTP/1.1" 200 27
222.70.183.82 - - [10/May/2024:10:20:35 +0800] "GET /xingrg/all/function/internal_message.html?_=1715307636047&CODE_STATE=getMsg HTTP/1.1" 200 27
180.169.147.146 - - [10/May/2024:10:20:41 +0800] "POST /xingrg/kc/buy/cgsh_list_operate.html HTTP/1.1" 200 203
116.238.97.31 - - [10/May/2024:10:20:41 +0800] "GET /xingrg/all/function/internal_message.html?_=1715307665298&CODE_STATE=getMsg HTTP/1.1" 200 27
101.83.144.49 - - [10/May/2024:10:20:43 +0800] "GET /xingrg/all/function/internal_message.html?_=1715307644934&CODE_STATE=getMsg HTTP/1.1" 200 27
101.83.144.49 - - [10/May/2024:10:20:45 +0800] "GET /xingrg/kc/buy/cgsh_order_operate.html?command=get_materiel&rest_code=00105&code=00101001098&supplier_code=00100319&order_time=2024-05-10 HTTP/1.1" 200 415
172.20.0.100 - - [10/May/2024:10:20:49 +0800] "GET /favicon.ico HTTP/1.1" 404 -
222.69.130.33 - - [10/May/2024:10:20:49 +0800] "GET /xingrg/all/function/internal_message.html?_=1715307650540&CODE_STATE=getMsg HTTP/1.1" 200 27
172.20.0.100 - - [10/May/2024:10:20:53 +0800] "GET /xingrg/login.html HTTP/1.1" 200 7636
114.95.253.235 - - [10/May/2024:10:20:53 +0800] "GET /xingrg/all/function/internal_message.html?_=1715307653762&CODE_STATE=getMsg HTTP/1.1" 200 27
172.20.0.100 - - [10/May/2024:10:20:54 +0800] "GET /favicon.ico HTTP/1.1" 404 -
180.169.147.146 - - [10/May/2024:10:20:54 +0800] "GET /xingrg/all/function/internal_message.html?_=1715307653445&CODE_STATE=getMsg HTTP/1.1" 302 -
124.78.56.241 - - [10/May/2024:10:20:54 +0800] "GET /xingrg/all/function/internal_message.html?_=1715307654986&CODE_STATE=getMsg HTTP/1.1" 200 27
172.20.0.100 - - [10/May/2024:10:21:01 +0800] "POST /xingrg/login.do HTTP/1.1" 302 -
172.20.0.100 - - [10/May/2024:10:21:01 +0800] "GET /xingrg/index.html?sysBaseUrl=http%3A%2F%2F172.20.0.8%3A18081%2Fxingrg%2F&costTime=889×tamp=1715307661330 HTTP/1.1" 200 17448
172.20.0.100 - - [10/May/2024:10:21:01 +0800] "GET /favicon.ico HTTP/1.1" 404 -
172.20.0.100 - - [10/May/2024:10:21:01 +0800] "GET /xingrg/all/function/internal_message.html?_=1715307661373&CODE_STATE=count HTTP/1.1" 200 11
172.20.0.100 - - [10/May/2024:10:21:01 +0800] "GET /xingrg/check_reg.html?_=1715307661374 HTTP/1.1" 200 22
172.20.0.100 - - [10/May/2024:10:21:01 +0800] "POST /xingrg/all/common/load_tree.html?tree=area_rest_tree_json&manage=1 HTTP/1.1" 200 3993
172.20.0.100 - - [10/May/2024:10:21:01 +0800] "POST /xingrg/load_menu.html HTTP/1.1" 200 11529
101.83.144.49 - - [10/May/2024:10:21:02 +0800] "POST /xingrg/kc/buy/cgsh_order_operate.html HTTP/1.1" 200 37
180.164.6.225 - - [10/May/2024:10:21:05 +0800] "GET /xingrg/all/function/internal_message.html?_=1715307664384&CODE_STATE=getMsg HTTP/1.1" 200 27
101.83.144.49 - - [10/May/2024:10:21:05 +0800] "POST /xingrg/kc/buy/cgsh_order_operate.html HTTP/1.1" 200 3259
101.83.144.49 - - [10/May/2024:10:21:06 +0800] "GET /xingrg/kc/print/load_data.html?order_code=212024051002596&kc_code=cgsh&condition= HTTP/1.1" 200 907
218.79.29.216 - - [10/May/2024:10:21:10 +0800] "GET /xingrg/all/function/internal_message.html?_=1715307679390&CODE_STATE=getMsg HTTP/1.1" 200 27
172.20.0.100 - - [10/May/2024:10:21:10 +0800] "POST /xingrg/all/user/operate.html HTTP/1.1" 200 36
172.20.0.100 - - [10/May/2024:10:21:10 +0800] "GET /xingrg/index.html?sysBaseUrl=http%3A%2F%2F172.20.0.8%3A18081%2Fxingrg%2F&costTime=889×tamp=1715307661330 HTTP/1.1" 200 17452
172.20.0.100 - - [10/May/2024:10:21:10 +0800] "GET /xingrg/javascript/jquery_easy_ui/themes/default/easyui.css HTTP/1.1" 304 -
172.20.0.100 - - [10/May/2024:10:21:10 +0800] "GET /xingrg/javascript/jquery_easy_ui/themes/icon.css HTTP/1.1" 304 -
172.20.0.100 - - [10/May/2024:10:21:10 +0800] "GET /xingrg/css/form.css HTTP/1.1" 304 -
172.20.0.100 - - [10/May/2024:10:21:10 +0800] "GET /xingrg/javascript/jquery-1.4.2.min.js HTTP/1.1" 304 -
172.20.0.100 - - [10/May/2024:10:21:10 +0800] "GET /xingrg/javascript/jquery_easy_ui/jquery.easyui.min.js HTTP/1.1" 304 -
172.20.0.100 - - [10/May/2024:10:21:10 +0800] "GET /xingrg/javascript/jquery_easy_ui/easyui-lang-zh_CN.js HTTP/1.1" 304 -
172.20.0.100 - - [10/May/2024:10:21:10 +0800] "GET /xingrg/javascript/jquery.form.js HTTP/1.1" 304 -
172.20.0.100 - - [10/May/2024:10:21:10 +0800] "GET /xingrg/javascript/jquery.utils.js HTTP/1.1" 304 -
172.20.0.100 - - [10/May/2024:10:21:10 +0800] "GET /xingrg/javascript/jquery.timers.js HTTP/1.1" 304 -
172.20.0.100 - - [10/May/2024:10:21:10 +0800] "GET /xingrg/images/blue/jxLogo.png HTTP/1.1" 304 -
172.20.0.100 - - [10/May/2024:10:21:10 +0800] "GET /xingrg/images/blue/navBackgound.jpg HTTP/1.1" 304 -
172.20.0.100 - - [10/May/2024:10:21:10 +0800] "GET /xingrg/javascript/jquery_easy_ui/themes/icons/settle_new.png HTTP/1.1" 304 -
172.20.0.100 - - [10/May/2024:10:21:10 +0800] "GET /xingrg/all/function/internal_message.html?_=1715307670615&CODE_STATE=count HTTP/1.1" 200 11
172.20.0.100 - - [10/May/2024:10:21:10 +0800] "GET /xingrg/check_reg.html?_=1715307670615 HTTP/1.1" 200 22
172.20.0.100 - - [10/May/2024:10:21:10 +0800] "GET /xingrg/javascript/jquery_easy_ui/themes/default/images/tabs_leftarrow.png HTTP/1.1" 304 -
172.20.0.100 - - [10/May/2024:10:21:10 +0800] "GET /xingrg/javascript/jquery_easy_ui/themes/default/images/tabs_rightarrow.png HTTP/1.1" 304 -
172.20.0.100 - - [10/May/2024:10:21:10 +0800] "GET /xingrg/javascript/jquery_easy_ui/themes/default/images/panel_tool_expand.gif HTTP/1.1" 304 -
172.20.0.100 - - [10/May/2024:10:21:10 +0800] "GET /xingrg/images/blue/pingpu.png HTTP/1.1" 304 -
172.20.0.100 - - [10/May/2024:10:21:10 +0800] "GET /xingrg/javascript/jquery_easy_ui/themes/default/images/panel_tool_collapse.gif HTTP/1.1" 304 -
172.20.0.100 - - [10/May/2024:10:21:11 +0800] "POST /xingrg/all/common/load_tree.html?tree=area_rest_tree_json&manage=1 HTTP/1.1" 200 3993
172.20.0.100 - - [10/May/2024:10:21:11 +0800] "POST /xingrg/load_menu.html HTTP/1.1" 200 9924
61.170.233.33 - - [10/May/2024:10:21:11 +0800] "GET /xingrg/check_reg.html?_=1715307668446 HTTP/1.1" 200 22
61.170.233.33 - - [10/May/2024:10:21:11 +0800] "GET /xingrg/all/function/internal_message.html?_=1715307668443&CODE_STATE=getMsg HTTP/1.1" 200 27
101.80.230.31 - - [10/May/2024:10:21:12 +0800] "GET /xingrg/all/function/internal_message.html?_=1715307679776&CODE_STATE=getMsg HTTP/1.1" 200 27
172.20.0.100 - - [10/May/2024:10:21:12 +0800] "GET /xingrg/kc/report/report_main.html HTTP/1.1" 200 7320
101.83.144.49 - - [10/May/2024:10:21:13 +0800] "GET /xingrg/kc/buy/cgsh_order_add.html HTTP/1.1" 200 74656
101.83.144.49 - - [10/May/2024:10:21:13 +0800] "GET /xingrg/javascript/easyui/themes/default/validatebox.css HTTP/1.1" 404 1104
101.83.144.49 - - [10/May/2024:10:21:13 +0800] "POST /xingrg/kc/buy/cgsh_order_operate.html HTTP/1.1" 200 8245
172.20.0.100 - - [10/May/2024:10:21:15 +0800] "GET /xingrg/kc/base/crk_hz.html HTTP/1.1" 200 11227
172.20.0.100 - - [10/May/2024:10:21:15 +0800] "GET /xingrg/css/table.css HTTP/1.1" 200 3684
172.20.0.100 - - [10/May/2024:10:21:15 +0800] "GET /xingrg/javascript/step/step.css HTTP/1.1" 200 999
180.169.147.146 - - [10/May/2024:10:21:15 +0800] "GET /xingrg/check_reg.html?_=1715307675380 HTTP/1.1" 200 22
180.169.147.146 - - [10/May/2024:10:21:15 +0800] "GET /xingrg/all/function/internal_message.html?_=1715307675383&CODE_STATE=getMsg HTTP/1.1" 200 27
172.20.0.100 - - [10/May/2024:10:21:15 +0800] "POST /xingrg/kc/cost/cost_operate.html?command=get_base_tree HTTP/1.1" 200 1111
172.20.0.100 - - [10/May/2024:10:21:15 +0800] "GET /xingrg/javascript/jquery_easy_ui/themes/default/images/combo_arrow_dot.gif HTTP/1.1" 200 79
172.20.0.100 - - [10/May/2024:10:21:15 +0800] "GET /xingrg/javascript/jquery_easy_ui/themes/icons/search.png HTTP/1.1" 200 813
172.20.0.100 - - [10/May/2024:10:21:15 +0800] "GET /xingrg/javascript/jquery_easy_ui/themes/default/images/calendar_prevmonth.gif HTTP/1.1" 200 66
172.20.0.100 - - [10/May/2024:10:21:15 +0800] "GET /xingrg/javascript/jquery_easy_ui/themes/default/images/calendar_nextmonth.gif HTTP/1.1" 200 64
172.20.0.100 - - [10/May/2024:10:21:15 +0800] "GET /xingrg/javascript/jquery_easy_ui/themes/default/images/calendar_prevyear.gif HTTP/1.1" 200 76
172.20.0.100 - - [10/May/2024:10:21:15 +0800] "GET /xingrg/javascript/jquery_easy_ui/themes/default/images/calendar_nextyear.gif HTTP/1.1" 200 75
172.20.0.100 - - [10/May/2024:10:21:15 +0800] "POST /xingrg/all/common/load_tree.html?tree=materiel_sort_tree_json HTTP/1.1" 200 9734
172.20.0.100 - - [10/May/2024:10:21:16 +0800] "GET /xingrg/all/common/get_data_part.html?part=previousMonth&_=1715307676509 HTTP/1.1" 200 41
61.170.233.33 - - [10/May/2024:10:21:17 +0800] "GET /xingrg/kc/buy/cgsh_order_operate.html?command=get_materiel&rest_code=00106&code=00101008108&supplier_code=00100008&order_time=2024-05-10 HTTP/1.1" 200 412
116.232.195.13 - - [10/May/2024:10:21:19 +0800] "GET /xingrg/all/function/internal_message.html?_=1715307653215&CODE_STATE=getMsg HTTP/1.1" 200 27
172.20.0.100 - - [10/May/2024:10:21:19 +0800] "GET /xingrg/javascript/jquery_easy_ui/themes/default/images/tree_checkbox_1.gif HTTP/1.1" 200 174
172.20.0.100 - - [10/May/2024:10:21:19 +0800] "GET /xingrg/javascript/jquery_easy_ui/themes/default/images/tree_checkbox_2.gif HTTP/1.1" 200 181
172.20.0.100 - - [10/May/2024:10:21:20 +0800] "GET /xingrg/kc/base/crk_hz.html?_=1715307680217&command=get_cost_id&end_date=2024-04-30&start_date=2024-04-01 HTTP/1.1" 200 51
172.20.0.100 - - [10/May/2024:10:21:20 +0800] "GET /xingrg/all/report/report_query.html?isQuery=1&onlyBody=1&rh=99999&rw=1800&varString=start:20240401,cost_id:4994,mid:20240401&fileName=kc/base/crk_hz_type_by_base.xml&queryString=%20m.sort_code%20in%20('00101001','00101002','00101003','00101004','00101005','00101006','00101007','00101008','00101009','00101010','00101011','00101012','00101013','00101014','00101015','00101016','00101017','00101018','00101019','00101020','00101021','00101022','00101023','00101024','00101025','00101026','00101027','00101028','00101029','00101030','00101031','00101032','00101033','00101034','00101036','00101037','00101038','00101039','00101040','00101041','00101042','00101043','00101044','00101045')%20&queryText=ÈÕÆÚ£º2024-04-01ÖÁ2024-04-30&tableQueryString=materiel_table$sp1$$sp$before_table$sp1$$sp$crk_table$sp1$order_day%20between%2020240401%20and%2020240430 HTTP/1.1" 200 49791
172.20.0.100 - - [10/May/2024:10:21:20 +0800] "GET /xingrg/dwr/interface/AjaxReportQueryService.js HTTP/1.1" 200 13203
172.20.0.100 - - [10/May/2024:10:21:20 +0800] "GET /xingrg/dwr/util.js HTTP/1.1" 200 35990
172.20.0.100 - - [10/May/2024:10:21:20 +0800] "GET /xingrg/dwr/engine.js HTTP/1.1" 200 43631
114.95.253.235 - - [10/May/2024:10:21:23 +0800] "GET /xingrg/all/function/internal_message.html?_=1715307683582&CODE_STATE=getMsg HTTP/1.1" 200 27
172.20.0.100 - - [10/May/2024:10:21:24 +0800] "POST /xingrg/all/report/load_report_page.html HTTP/1.1" 200 309711
172.20.0.100 - - [10/May/2024:10:21:25 +0800] "GET /xingrg/servlets/image?cache=0.9715884696817532&image=px HTTP/1.1" 200 807
101.83.144.49 - - [10/May/2024:10:21:27 +0800] "GET /xingrg/kc/buy/cgsh_order_operate.html?command=get_materiel&rest_code=00105&code=00101019881&supplier_code=00100337&order_time=2024-05-10 HTTP/1.1" 200 414
180.169.147.146 - - [10/May/2024:10:21:31 +0800] "GET /xingrg/all/function/internal_message.html?_=1715307691215&CODE_STATE=getMsg HTTP/1.1" 200 27
120.253.135.82 - - [10/May/2024:10:21:32 +0800] "GET /xingrg/all/function/internal_message.html?_=1715307542459&CODE_STATE=getMsg HTTP/1.1" 200 27
101.83.144.49 - - [10/May/2024:10:21:34 +0800] "GET /xingrg/check_reg.html?_=1715307696157 HTTP/1.1" 200 22
61.170.233.33 - - [10/May/2024:10:21:35 +0800] "GET /xingrg/kc/buy/cgsh_order_operate.html?command=get_materiel&rest_code=00106&code=00101013137&supplier_code=00100008&order_time=2024-05-10 HTTP/1.1" 200 432
222.70.183.82 - - [10/May/2024:10:21:35 +0800] "GET /xingrg/all/function/internal_message.html?_=1715307696047&CODE_STATE=getMsg HTTP/1.1" 200 27
61.170.233.33 - - [10/May/2024:10:21:38 +0800] "POST /xingrg/kc/buy/cgsh_order_operate.html HTTP/1.1" 200 2065
116.238.97.31 - - [10/May/2024:10:21:41 +0800] "GET /xingrg/check_reg.html?_=1715307725284 HTTP/1.1" 200 22
116.238.97.31 - - [10/May/2024:10:21:41 +0800] "GET /xingrg/all/function/internal_message.html?_=1715307725287&CODE_STATE=getMsg HTTP/1.1" 200 27
101.83.144.49 - - [10/May/2024:10:21:42 +0800] "GET /xingrg/kc/buy/cgsh_order_operate.html?command=get_materiel&rest_code=00105&code=00101013196&supplier_code=00100337&order_time=2024-05-10 HTTP/1.1" 200 429
101.83.144.49 - - [10/May/2024:10:21:43 +0800] "GET /xingrg/all/function/internal_message.html?_=1715307704913&CODE_STATE=getMsg HTTP/1.1" 200 27
61.170.233.33 - - [10/May/2024:10:21:45 +0800] "GET /xingrg/kc/buy/cgsh_order_operate.html?command=get_materiel&rest_code=00106&code=00101008101&supplier_code=00100008&order_time=2024-05-10 HTTP/1.1" 200 412
222.69.130.33 - - [10/May/2024:10:21:49 +0800] "GET /xingrg/all/function/internal_message.html?_=1715307710542&CODE_STATE=getMsg HTTP/1.1" 200 27
114.95.253.235 - - [10/May/2024:10:21:53 +0800] "GET /xingrg/all/function/internal_message.html?_=1715307713735&CODE_STATE=getMsg HTTP/1.1" 200 27
180.169.147.146 - - [10/May/2024:10:21:54 +0800] "GET /xingrg/all/function/internal_message.html?_=1715307713442&CODE_STATE=getMsg HTTP/1.1" 302 -
124.78.56.241 - - [10/May/2024:10:21:54 +0800] "GET /xingrg/all/function/internal_message.html?_=1715307714983&CODE_STATE=getMsg HTTP/1.1" 200 27
101.83.144.49 - - [10/May/2024:10:21:56 +0800] "POST /xingrg/kc/buy/cgsh_order_operate.html HTTP/1.1" 200 37
61.170.233.33 - - [10/May/2024:10:21:56 +0800] "GET /xingrg/kc/buy/cgsh_order_operate.html?command=get_materiel&rest_code=00106&code=00101008285&supplier_code=00100008&order_time=2024-05-10 HTTP/1.1" 200 413
101.83.144.49 - - [10/May/2024:10:21:59 +0800] "POST /xingrg/kc/buy/cgsh_order_operate.html HTTP/1.1" 200 3247
180.164.6.225 - - [10/May/2024:10:22:04 +0800] "GET /xingrg/all/function/internal_message.html?_=1715307724361&CODE_STATE=getMsg HTTP/1.1" 200 27
61.170.233.33 - - [10/May/2024:10:22:05 +0800] "GET /xingrg/kc/buy/cgsh_order_operate.html?command=get_materiel&rest_code=00106&code=00101008161&supplier_code=00100008&order_time=2024-05-10 HTTP/1.1" 200 424
218.79.29.216 - - [10/May/2024:10:22:10 +0800] "GET /xingrg/all/function/internal_message.html?_=1715307739391&CODE_STATE=getMsg HTTP/1.1" 200 27
218.79.29.216 - - [10/May/2024:10:22:10 +0800] "GET /xingrg/check_reg.html?_=1715307739393 HTTP/1.1" 200 22
172.20.0.100 - - [10/May/2024:10:22:11 +0800] "GET /xingrg/all/function/internal_message.html?_=1715307730739&CODE_STATE=getMsg HTTP/1.1" 200 27
61.170.233.33 - - [10/May/2024:10:22:11 +0800] "GET /xingrg/all/function/internal_message.html?_=1715307728423&CODE_STATE=getMsg HTTP/1.1" 200 27
101.80.230.31 - - [10/May/2024:10:22:12 +0800] "GET /xingrg/all/function/internal_message.html?_=1715307739778&CODE_STATE=getMsg HTTP/1.1" 200 27
180.169.147.146 - - [10/May/2024:10:22:15 +0800] "GET /xingrg/all/function/internal_message.html?_=1715307735382&CODE_STATE=getMsg HTTP/1.1" 200 27
116.232.195.13 - - [10/May/2024:10:22:19 +0800] "GET /xingrg/all/function/internal_message.html?_=1715307713189&CODE_STATE=getMsg HTTP/1.1" 200 27
114.95.253.235 - - [10/May/2024:10:22:23 +0800] "GET /xingrg/check_reg.html?_=1715307743574 HTTP/1.1" 200 22
114.95.253.235 - - [10/May/2024:10:22:23 +0800] "GET /xingrg/all/function/internal_message.html?_=1715307743576&CODE_STATE=getMsg HTTP/1.1" 200 27
61.170.233.33 - - [10/May/2024:10:22:26 +0800] "GET /xingrg/kc/buy/cgsh_order_operate.html?command=get_materiel&rest_code=00106&code=00101008087&supplier_code=00100008&order_time=2024-05-10 HTTP/1.1" 200 412
180.169.147.146 - - [10/May/2024:10:22:31 +0800] "GET /xingrg/all/function/internal_message.html?_=1715307751209&CODE_STATE=getMsg HTTP/1.1" 200 27
172.20.0.100 - - [10/May/2024:10:22:31 +0800] "GET /xingrg/all/report/report_query.html?isQuery=1&fileName=kc/base/crk_detail_by_small.xml&rh=99999&queryString=&queryText=%25E3%2580%2590%25E4%25BB%2593%25E5%25BA%2593%25E5%2590%258D%25E7%25A7%25B0%253A%25E5%2586%2592%25E8%258F%259C%25E3%2580%2591%25E3%2580%2590%25E4%25B8%259A%25E5%258A%25A1%25E7%25B1%25BB%25E5%259E%258B%25EF%25BC%259A%25E9%2587%2587%25E8%25B4%25AD%25E5%2585%25A5%25E5%25BA%2593%25E3%2580%2591%2520%253F%253F%253F%253F%253F2024-04-01%253F%253F2024-04-30&tableQueryString=crk_table%2524sp1%2524order_day%2520between%252020240401%2520and%252020240430%2520and%2520(base_code%253D'0010884')%2520and%2520(src_order_type%2520in%2520(21))%2520and%2520(is_rk%2520in%2520(1)) HTTP/1.1" 200 53687
172.20.0.100 - - [10/May/2024:10:22:31 +0800] "GET /xingrg/dwr/interface/AjaxReportQueryService.js HTTP/1.1" 200 13203
172.20.0.100 - - [10/May/2024:10:22:31 +0800] "GET /xingrg/dwr/engine.js HTTP/1.1" 200 43631
120.253.135.82 - - [10/May/2024:10:22:32 +0800] "GET /xingrg/all/function/internal_message.html?_=1715307602473&CODE_STATE=getMsg HTTP/1.1" 200 27
172.20.0.100 - - [10/May/2024:10:22:33 +0800] "POST /xingrg/all/report/load_report_page.html HTTP/1.1" 200 38958
172.20.0.100 - - [10/May/2024:10:22:33 +0800] "GET /xingrg/servlets/image?cache=0.4769445605211612&image=px HTTP/1.1" 200 807
172.20.0.100 - - [10/May/2024:10:22:35 +0800] "POST /xingrg/all/report/load_report_page.html HTTP/1.1" 200 152853
172.20.0.100 - - [10/May/2024:10:22:35 +0800] "GET /xingrg/servlets/image?cache=0.688027173780978&image=px HTTP/1.1" 200 807
124.79.242.194 - - [10/May/2024:10:22:35 +0800] "POST /xingrg/services/DataTransmitService HTTP/1.1" 200 524
222.70.183.82 - - [10/May/2024:10:22:35 +0800] "GET /xingrg/all/function/internal_message.html?_=1715307756046&CODE_STATE=getMsg HTTP/1.1" 200 27
61.170.233.33 - - [10/May/2024:10:22:37 +0800] "GET /xingrg/kc/buy/cgsh_order_operate.html?command=get_materiel&rest_code=00106&code=00101008169&supplier_code=00100008&order_time=2024-05-10 HTTP/1.1" 200 412
61.170.233.33 - - [10/May/2024:10:22:40 +0800] "POST /xingrg/kc/buy/cgsh_order_operate.html HTTP/1.1" 200 2065
116.238.97.31 - - [10/May/2024:10:22:41 +0800] "GET /xingrg/all/function/internal_message.html?_=1715307785290&CODE_STATE=getMsg HTTP/1.1" 200 27
101.83.144.49 - - [10/May/2024:10:22:43 +0800] "GET /xingrg/all/function/internal_message.html?_=1715307764915&CODE_STATE=getMsg HTTP/1.1" 200 27
61.170.233.33 - - [10/May/2024:10:22:46 +0800] "GET /xingrg/kc/buy/cgsh_order_operate.html?command=get_materiel&rest_code=00106&code=00101008350&supplier_code=00100008&order_time=2024-05-10 HTTP/1.1" 200 408
222.69.130.33 - - [10/May/2024:10:22:49 +0800] "GET /xingrg/all/function/internal_message.html?_=1715307770544&CODE_STATE=getMsg HTTP/1.1" 200 27
222.69.130.33 - - [10/May/2024:10:22:49 +0800] "GET /xingrg/check_reg.html?_=1715307770547 HTTP/1.1" 200 22
114.95.253.235 - - [10/May/2024:10:22:53 +0800] "GET /xingrg/all/function/internal_message.html?_=1715307773713&CODE_STATE=getMsg HTTP/1.1" 200 27
180.169.147.146 - - [10/May/2024:10:22:54 +0800] "GET /xingrg/all/function/internal_message.html?_=1715307773442&CODE_STATE=getMsg HTTP/1.1" 302 -
124.78.56.241 - - [10/May/2024:10:22:54 +0800] "GET /xingrg/all/function/internal_message.html?_=1715307774985&CODE_STATE=getMsg HTTP/1.1" 200 27
114.95.253.235 - - [10/May/2024:10:22:55 +0800] "GET /xingrg/check_reg.html?_=1715307775267 HTTP/1.1" 200 22
61.170.233.33 - - [10/May/2024:10:23:01 +0800] "POST /xingrg/kc/buy/cgsh_order_operate.html HTTP/1.1" 200 37
61.170.233.33 - - [10/May/2024:10:23:04 +0800] "POST /xingrg/kc/buy/cgsh_order_operate.html HTTP/1.1" 200 13899
180.164.6.225 - - [10/May/2024:10:23:04 +0800] "GET /xingrg/all/function/internal_message.html?_=1715307784358&CODE_STATE=getMsg HTTP/1.1" 200 27
116.238.97.31 - - [10/May/2024:10:23:06 +0800] "GET /xingrg/kc/base/wldb_order_list.html HTTP/1.1" 200 19174
116.238.97.31 - - [10/May/2024:10:23:07 +0800] "POST /xingrg/kc/base/wldb_list_operate.html HTTP/1.1" 200 928
116.238.97.31 - - [10/May/2024:10:23:08 +0800] "GET /xingrg/kc/base/wldb_order_add.html HTTP/1.1" 200 30639
116.238.97.31 - - [10/May/2024:10:23:08 +0800] "GET /xingrg/words/20240509093912_words.js HTTP/1.1" 304 -
116.238.97.31 - - [10/May/2024:10:23:08 +0800] "POST /xingrg/kc/base/wldb_order_operate.html HTTP/1.1" 200 6806
116.238.97.31 - - [10/May/2024:10:23:08 +0800] "GET /xingrg/all/common/auto_word.html?type=base&rest_code=00102 HTTP/1.1" 200 1857
116.238.97.31 - - [10/May/2024:10:23:08 +0800] "GET /xingrg/javascript/easyui/themes/default/validatebox.css HTTP/1.1" 404 1104
116.238.97.31 - - [10/May/2024:10:23:08 +0800] "GET /xingrg/all/common/auto_word.html?type=base&rest_code=00102 HTTP/1.1" 200 1857
116.238.97.31 - - [10/May/2024:10:23:09 +0800] "GET /xingrg/css/images/panel_loading.gif HTTP/1.1" 200 1737
116.238.97.31 - - [10/May/2024:10:23:09 +0800] "POST /xingrg/all/common/load_combo.html?type=base HTTP/1.1" 200 3321
218.79.29.216 - - [10/May/2024:10:23:10 +0800] "GET /xingrg/all/function/internal_message.html?_=1715307799393&CODE_STATE=getMsg HTTP/1.1" 200 27
172.20.0.100 - - [10/May/2024:10:23:11 +0800] "GET /xingrg/all/function/internal_message.html?_=1715307790734&CODE_STATE=getMsg HTTP/1.1" 200 27
61.170.233.33 - - [10/May/2024:10:23:11 +0800] "GET /xingrg/all/function/internal_message.html?_=1715307788400&CODE_STATE=getMsg HTTP/1.1" 200 27
116.238.97.31 - - [10/May/2024:10:23:12 +0800] "POST /xingrg/all/common/load_combo.html?type=base HTTP/1.1" 200 3321
101.80.230.31 - - [10/May/2024:10:23:12 +0800] "GET /xingrg/all/function/internal_message.html?_=1715307799777&CODE_STATE=getMsg HTTP/1.1" 200 27
180.169.147.146 - - [10/May/2024:10:23:15 +0800] "GET /xingrg/all/function/internal_message.html?_=1715307795382&CODE_STATE=getMsg HTTP/1.1" 200 27
61.170.233.33 - - [10/May/2024:10:23:17 +0800] "GET /xingrg/kc/buy/cgsh_order_operate.html?command=get_materiel&rest_code=00106&code=00101008005&supplier_code=00100008&order_time=2024-05-10 HTTP/1.1" 200 433
116.232.195.13 - - [10/May/2024:10:23:19 +0800] "GET /xingrg/all/function/internal_message.html?_=1715307773177&CODE_STATE=getMsg HTTP/1.1" 200 27
116.238.97.31 - - [10/May/2024:10:23:20 +0800] "GET /xingrg/kc/base/wldb_order_operate.html?command=get_materiel&rest_code=00102&base_code=0010476&code=00101019373 HTTP/1.1" 200 465
101.83.240.18 - - [10/May/2024:10:23:22 +0800] "POST /xingrg/services/DataTransmitService HTTP/1.1" 200 524
101.83.240.18 - - [10/May/2024:10:23:23 +0800] "POST /xingrg/services/DataTransmitService HTTP/1.1" 200 2063
114.95.253.235 - - [10/May/2024:10:23:23 +0800] "GET /xingrg/all/function/internal_message.html?_=1715307803589&CODE_STATE=getMsg HTTP/1.1" 200 27
101.83.240.18 - - [10/May/2024:10:23:24 +0800] "POST /xingrg/services/DataTransmitService HTTP/1.1" 200 157791
61.170.233.33 - - [10/May/2024:10:23:27 +0800] "GET /xingrg/kc/buy/cgsh_order_operate.html?command=get_materiel&rest_code=00106&code=00101008141&supplier_code=00100008&order_time=2024-05-10 HTTP/1.1" 200 412
180.169.147.146 - - [10/May/2024:10:23:31 +0800] "GET /xingrg/check_reg.html?_=1715307811209 HTTP/1.1" 200 22
180.169.147.146 - - [10/May/2024:10:23:31 +0800] "GET /xingrg/all/function/internal_message.html?_=1715307811213&CODE_STATE=getMsg HTTP/1.1" 200 27
120.253.135.82 - - [10/May/2024:10:23:32 +0800] "GET /xingrg/all/function/internal_message.html?_=1715307662568&CODE_STATE=getMsg HTTP/1.1" 200 27
222.70.183.82 - - [10/May/2024:10:23:35 +0800] "GET /xingrg/all/function/internal_message.html?_=1715307816061&CODE_STATE=getMsg HTTP/1.1" 200 27
116.238.97.31 - - [10/May/2024:10:23:41 +0800] "GET /xingrg/all/function/internal_message.html?_=1715307845291&CODE_STATE=getMsg HTTP/1.1" 200 27
101.83.144.49 - - [10/May/2024:10:23:43 +0800] "GET /xingrg/all/function/internal_message.html?_=1715307824866&CODE_STATE=getMsg HTTP/1.1" 200 27
61.170.233.33 - - [10/May/2024:10:23:48 +0800] "GET /xingrg/kc/buy/cgsh_order_operate.html?command=get_materiel&rest_code=00106&code=00101008091&supplier_code=00100008&order_time=2024-05-10 HTTP/1.1" 200 412
222.69.130.33 - - [10/May/2024:10:23:49 +0800] "GET /xingrg/all/function/internal_message.html?_=1715307830547&CODE_STATE=getMsg HTTP/1.1" 200 27
114.95.253.235 - - [10/May/2024:10:23:53 +0800] "GET /xingrg/all/function/internal_message.html?_=1715307833705&CODE_STATE=getMsg HTTP/1.1" 200 27
180.169.147.146 - - [10/May/2024:10:23:54 +0800] "GET /xingrg/all/function/internal_message.html?_=1715307833442&CODE_STATE=getMsg HTTP/1.1" 302 -
124.78.56.241 - - [10/May/2024:10:23:54 +0800] "GET /xingrg/all/function/internal_message.html?_=1715307834986&CODE_STATE=getMsg HTTP/1.1" 200 27
124.78.56.241 - - [10/May/2024:10:23:54 +0800] "GET /xingrg/check_reg.html?_=1715307834991 HTTP/1.1" 200 22
116.238.97.31 - - [10/May/2024:10:23:56 +0800] "GET /xingrg/kc/base/wldb_order_operate.html?command=get_materiel&rest_code=00102&base_code=0010476&code=00101019374 HTTP/1.1" 200 467
61.170.233.33 - - [10/May/2024:10:23:59 +0800] "GET /xingrg/kc/buy/cgsh_order_operate.html?command=get_materiel&rest_code=00106&code=00101008256&supplier_code=00100008&order_time=2024-05-10 HTTP/1.1" 200 412
180.164.6.225 - - [10/May/2024:10:24:04 +0800] "GET /xingrg/all/function/internal_message.html?_=1715307844332&CODE_STATE=getMsg HTTP/1.1" 200 27
218.79.29.216 - - [10/May/2024:10:24:10 +0800] "GET /xingrg/all/function/internal_message.html?_=1715307859394&CODE_STATE=getMsg HTTP/1.1" 200 27
61.170.233.33 - - [10/May/2024:10:24:10 +0800] "POST /xingrg/kc/buy/cgsh_order_operate.html HTTP/1.1" 200 37
172.20.0.100 - - [10/May/2024:10:24:10 +0800] "GET /xingrg/all/function/internal_message.html?_=1715307850720&CODE_STATE=getMsg HTTP/1.1" 200 27
101.80.230.31 - - [10/May/2024:10:24:12 +0800] "GET /xingrg/all/function/internal_message.html?_=1715307859777&CODE_STATE=getMsg HTTP/1.1" 200 27
61.170.233.33 - - [10/May/2024:10:24:13 +0800] "POST /xingrg/kc/buy/cgsh_order_operate.html HTTP/1.1" 200 16269
180.169.147.146 - - [10/May/2024:10:24:15 +0800] "GET /xingrg/all/function/internal_message.html?_=1715307855382&CODE_STATE=getMsg HTTP/1.1" 200 27
116.238.97.31 - - [10/May/2024:10:24:19 +0800] "POST /xingrg/kc/base/wldb_list_operate.html HTTP/1.1" 200 6121
116.232.195.13 - - [10/May/2024:10:24:19 +0800] "GET /xingrg/check_reg.html?_=1715307833160 HTTP/1.1" 200 22
116.232.195.13 - - [10/May/2024:10:24:19 +0800] "GET /xingrg/all/function/internal_message.html?_=1715307833163&CODE_STATE=getMsg HTTP/1.1" 200 27
114.95.253.235 - - [10/May/2024:10:24:23 +0800] "GET /xingrg/all/function/internal_message.html?_=1715307863580&CODE_STATE=getMsg HTTP/1.1" 200 27
116.238.97.31 - - [10/May/2024:10:24:28 +0800] "POST /xingrg/kc/base/wldb_list_operate.html HTTP/1.1" 200 212
116.238.97.31 - - [10/May/2024:10:24:30 +0800] "POST /xingrg/kc/base/wldb_list_operate.html HTTP/1.1" 200 283
180.169.147.146 - - [10/May/2024:10:24:31 +0800] "GET /xingrg/all/function/internal_message.html?_=1715307871216&CODE_STATE=getMsg HTTP/1.1" 200 27
116.238.97.31 - - [10/May/2024:10:24:31 +0800] "POST /xingrg/kc/base/wldb_list_operate.html HTTP/1.1" 200 202
120.253.135.82 - - [10/May/2024:10:24:32 +0800] "GET /xingrg/all/function/internal_message.html?_=1715307722579&CODE_STATE=getMsg HTTP/1.1" 200 27
116.238.97.31 - - [10/May/2024:10:24:33 +0800] "POST /xingrg/kc/base/wldb_list_operate.html HTTP/1.1" 200 212
116.238.97.31 - - [10/May/2024:10:24:34 +0800] "POST /xingrg/kc/base/wldb_list_operate.html HTTP/1.1" 200 641
222.70.183.82 - - [10/May/2024:10:24:35 +0800] "GET /xingrg/check_reg.html?_=1715307876059 HTTP/1.1" 200 22
222.70.183.82 - - [10/May/2024:10:24:35 +0800] "GET /xingrg/all/function/internal_message.html?_=1715307876062&CODE_STATE=getMsg HTTP/1.1" 200 27
116.238.97.31 - - [10/May/2024:10:24:36 +0800] "POST /xingrg/kc/base/wldb_list_operate.html HTTP/1.1" 200 626
101.83.144.49 - - [10/May/2024:10:24:40 +0800] "GET /xingrg/javascript/jquery_easy_ui/themes/default/images/tabs_active.png HTTP/1.1" 304 -
116.238.97.31 - - [10/May/2024:10:24:41 +0800] "GET /xingrg/all/function/internal_message.html?_=1715307905296&CODE_STATE=getMsg HTTP/1.1" 200 27
101.83.144.49 - - [10/May/2024:10:24:42 +0800] "GET /xingrg/all/function/internal_message.html?_=1715307884843&CODE_STATE=getMsg HTTP/1.1" 200 27
116.238.97.31 - - [10/May/2024:10:24:47 +0800] "GET /xingrg/check_reg.html?_=1715307887974 HTTP/1.1" 200 22
222.69.130.33 - - [10/May/2024:10:24:49 +0800] "GET /xingrg/all/function/internal_message.html?_=1715307890548&CODE_STATE=getMsg HTTP/1.1" 200 27
114.95.253.235 - - [10/May/2024:10:24:53 +0800] "GET /xingrg/all/function/internal_message.html?_=1715307893685&CODE_STATE=getMsg HTTP/1.1" 200 27
180.169.147.146 - - [10/May/2024:10:24:54 +0800] "GET /xingrg/all/function/internal_message.html?_=1715307893439&CODE_STATE=getMsg HTTP/1.1" 302 -
180.169.147.146 - - [10/May/2024:10:24:54 +0800] "GET /xingrg/check_reg.html?_=1715307893441 HTTP/1.1" 302 -
124.78.56.241 - - [10/May/2024:10:24:54 +0800] "GET /xingrg/all/function/internal_message.html?_=1715307894991&CODE_STATE=getMsg HTTP/1.1" 200 27
116.238.97.31 - - [10/May/2024:10:24:59 +0800] "GET /xingrg/kc/base/wldb_order_add.html HTTP/1.1" 200 30639
116.238.97.31 - - [10/May/2024:10:24:59 +0800] "POST /xingrg/kc/base/wldb_order_operate.html HTTP/1.1" 200 6806
116.238.97.31 - - [10/May/2024:10:25:00 +0800] "GET /xingrg/javascript/easyui/themes/default/validatebox.css HTTP/1.1" 404 1104
116.238.97.31 - - [10/May/2024:10:25:01 +0800] "POST /xingrg/all/common/load_combo.html?type=base HTTP/1.1" 200 3321
101.83.144.49 - - [10/May/2024:10:25:02 +0800] "POST /xingrg/kc/buy/cgsh_list_operate.html HTTP/1.1" 200 1381
180.164.6.225 - - [10/May/2024:10:25:04 +0800] "GET /xingrg/all/function/internal_message.html?_=1715307904321&CODE_STATE=getMsg HTTP/1.1" 200 27
180.164.6.225 - - [10/May/2024:10:25:05 +0800] "GET /xingrg/check_reg.html?_=1715307904881 HTTP/1.1" 200 22
101.83.144.49 - - [10/May/2024:10:25:09 +0800] "POST /xingrg/kc/buy/cgsh_list_operate.html HTTP/1.1" 200 275
218.79.29.216 - - [10/May/2024:10:25:10 +0800] "GET /xingrg/all/function/internal_message.html?_=1715307919394&CODE_STATE=getMsg HTTP/1.1" 200 27
172.20.0.100 - - [10/May/2024:10:25:10 +0800] "GET /xingrg/all/function/internal_message.html?_=1715307910717&CODE_STATE=getMsg HTTP/1.1" 200 27
61.170.233.33 - - [10/May/2024:10:25:11 +0800] "GET /xingrg/all/function/internal_message.html?_=1715307908407&CODE_STATE=getMsg HTTP/1.1" 200 27
116.238.97.31 - - [10/May/2024:10:25:11 +0800] "GET /xingrg/kc/base/wldb_order_operate.html?command=get_materiel&rest_code=00102&base_code=0010476&code=00101019130 HTTP/1.1" 200 484
101.80.230.31 - - [10/May/2024:10:25:12 +0800] "GET /xingrg/check_reg.html?_=1715307919776 HTTP/1.1" 200 22
101.80.230.31 - - [10/May/2024:10:25:12 +0800] "GET /xingrg/all/function/internal_message.html?_=1715307919780&CODE_STATE=getMsg HTTP/1.1" 200 27
