180.169.147.146 - - [10/May/2024:07:33:58 +0800] "GET /xingrg/all/function/internal_message.html?_=1715297637968&CODE_STATE=getMsg HTTP/1.1" 200 27
120.253.135.82 - - [10/May/2024:07:34:09 +0800] "POST /xingrg/kc/base/stock_operate.html HTTP/1.1" 200 765
218.79.29.216 - - [10/May/2024:07:34:10 +0800] "GET /xingrg/all/function/internal_message.html?_=1715297659253&CODE_STATE=getMsg HTTP/1.1" 200 27
120.253.135.82 - - [10/May/2024:07:34:18 +0800] "POST /xingrg/kc/base/stock_operate.html HTTP/1.1" 200 1478
114.95.253.235 - - [10/May/2024:07:34:23 +0800] "GET /xingrg/all/function/internal_message.html?_=1715297663575&CODE_STATE=getMsg HTTP/1.1" 200 27
180.164.6.225 - - [10/May/2024:07:34:37 +0800] "GET /xingrg/all/function/internal_message.html?_=1715297676803&CODE_STATE=getMsg HTTP/1.1" 200 27
120.253.135.82 - - [10/May/2024:07:34:38 +0800] "GET /xingrg/all/function/internal_message.html?_=1715297528753&CODE_STATE=getMsg HTTP/1.1" 200 27
120.253.135.82 - - [10/May/2024:07:34:45 +0800] "POST /xingrg/kc/base/stock_operate.html HTTP/1.1" 200 1482
180.169.147.146 - - [10/May/2024:07:34:51 +0800] "GET /xingrg/all/function/internal_message.html?_=1715297691642&CODE_STATE=getMsg HTTP/1.1" 200 27
180.169.147.146 - - [10/May/2024:07:34:54 +0800] "GET /xingrg/check_reg.html?_=1715297693431 HTTP/1.1" 200 22
180.169.147.146 - - [10/May/2024:07:34:54 +0800] "GET /xingrg/all/function/internal_message.html?_=1715297693434&CODE_STATE=getMsg HTTP/1.1" 200 27
124.78.56.241 - - [10/May/2024:07:34:54 +0800] "GET /xingrg/all/function/internal_message.html?_=1715297695181&CODE_STATE=getMsg HTTP/1.1" 200 27
180.169.147.146 - - [10/May/2024:07:34:58 +0800] "GET /xingrg/all/function/internal_message.html?_=1715297697979&CODE_STATE=getMsg HTTP/1.1" 200 27
218.79.29.216 - - [10/May/2024:07:35:10 +0800] "GET /xingrg/all/function/internal_message.html?_=1715297719251&CODE_STATE=getMsg HTTP/1.1" 200 27
120.253.135.82 - - [10/May/2024:07:35:20 +0800] "POST /xingrg/kc/base/stock_operate.html HTTP/1.1" 200 1467
114.95.253.235 - - [10/May/2024:07:35:23 +0800] "GET /xingrg/all/function/internal_message.html?_=1715297723564&CODE_STATE=getMsg HTTP/1.1" 200 27
180.164.6.225 - - [10/May/2024:07:35:37 +0800] "GET /xingrg/check_reg.html?_=1715297736797 HTTP/1.1" 200 22
180.164.6.225 - - [10/May/2024:07:35:37 +0800] "GET /xingrg/all/function/internal_message.html?_=1715297736799&CODE_STATE=getMsg HTTP/1.1" 200 27
120.253.135.82 - - [10/May/2024:07:35:38 +0800] "GET /xingrg/all/function/internal_message.html?_=1715297588768&CODE_STATE=getMsg HTTP/1.1" 200 27
180.169.147.146 - - [10/May/2024:07:35:51 +0800] "GET /xingrg/all/function/internal_message.html?_=1715297751637&CODE_STATE=getMsg HTTP/1.1" 200 27
180.169.147.146 - - [10/May/2024:07:35:54 +0800] "GET /xingrg/all/function/internal_message.html?_=1715297753433&CODE_STATE=getMsg HTTP/1.1" 200 27
124.78.56.241 - - [10/May/2024:07:35:54 +0800] "GET /xingrg/all/function/internal_message.html?_=1715297755178&CODE_STATE=getMsg HTTP/1.1" 200 27
180.169.147.146 - - [10/May/2024:07:35:58 +0800] "GET /xingrg/all/function/internal_message.html?_=1715297757974&CODE_STATE=getMsg HTTP/1.1" 200 27
218.79.29.216 - - [10/May/2024:07:36:10 +0800] "GET /xingrg/all/function/internal_message.html?_=1715297779251&CODE_STATE=getMsg HTTP/1.1" 200 27
114.95.253.235 - - [10/May/2024:07:36:23 +0800] "GET /xingrg/all/function/internal_message.html?_=1715297783556&CODE_STATE=getMsg HTTP/1.1" 200 27
120.253.135.82 - - [10/May/2024:07:36:35 +0800] "GET /xingrg/check_reg.html?_=1715297646103 HTTP/1.1" 200 22
180.164.6.225 - - [10/May/2024:07:36:37 +0800] "GET /xingrg/all/function/internal_message.html?_=1715297796794&CODE_STATE=getMsg HTTP/1.1" 200 27
120.253.135.82 - - [10/May/2024:07:36:38 +0800] "GET /xingrg/all/function/internal_message.html?_=1715297648783&CODE_STATE=getMsg HTTP/1.1" 200 27
120.253.135.82 - - [10/May/2024:07:36:42 +0800] "POST /xingrg/kc/base/stock_operate.html HTTP/1.1" 200 1482
180.169.147.146 - - [10/May/2024:07:36:51 +0800] "GET /xingrg/all/function/internal_message.html?_=1715297811635&CODE_STATE=getMsg HTTP/1.1" 200 27
180.169.147.146 - - [10/May/2024:07:36:54 +0800] "GET /xingrg/all/function/internal_message.html?_=1715297813431&CODE_STATE=getMsg HTTP/1.1" 200 27
124.78.56.241 - - [10/May/2024:07:36:54 +0800] "GET /xingrg/all/function/internal_message.html?_=1715297815168&CODE_STATE=getMsg HTTP/1.1" 200 27
180.169.147.146 - - [10/May/2024:07:36:58 +0800] "GET /xingrg/all/function/internal_message.html?_=1715297817978&CODE_STATE=getMsg HTTP/1.1" 200 27
120.253.135.82 - - [10/May/2024:07:37:04 +0800] "POST /xingrg/kc/base/stock_operate.html HTTP/1.1" 200 1473
218.79.29.216 - - [10/May/2024:07:37:10 +0800] "GET /xingrg/all/function/internal_message.html?_=1715297839266&CODE_STATE=getMsg HTTP/1.1" 200 27
218.79.29.216 - - [10/May/2024:07:37:10 +0800] "GET /xingrg/check_reg.html?_=1715297839270 HTTP/1.1" 200 22
120.253.135.82 - - [10/May/2024:07:37:11 +0800] "POST /xingrg/kc/base/stock_operate.html HTTP/1.1" 200 1469
114.95.253.235 - - [10/May/2024:07:37:23 +0800] "GET /xingrg/all/function/internal_message.html?_=1715297843558&CODE_STATE=getMsg HTTP/1.1" 200 27
114.95.253.235 - - [10/May/2024:07:37:23 +0800] "GET /xingrg/check_reg.html?_=1715297843560 HTTP/1.1" 200 22
180.164.6.225 - - [10/May/2024:07:37:37 +0800] "GET /xingrg/all/function/internal_message.html?_=1715297856791&CODE_STATE=getMsg HTTP/1.1" 200 27
120.253.135.82 - - [10/May/2024:07:37:38 +0800] "GET /xingrg/all/function/internal_message.html?_=1715297708796&CODE_STATE=getMsg HTTP/1.1" 200 27
116.238.97.31 - - [10/May/2024:07:37:44 +0800] "GET /xingrg/check_reg.html?_=1715297864995 HTTP/1.1" 302 -
180.169.147.146 - - [10/May/2024:07:37:51 +0800] "GET /xingrg/all/function/internal_message.html?_=1715297871644&CODE_STATE=getMsg HTTP/1.1" 200 27
180.169.147.146 - - [10/May/2024:07:37:51 +0800] "GET /xingrg/check_reg.html?_=1715297871646 HTTP/1.1" 200 22
180.169.147.146 - - [10/May/2024:07:37:54 +0800] "GET /xingrg/all/function/internal_message.html?_=1715297873426&CODE_STATE=getMsg HTTP/1.1" 200 27
124.78.56.241 - - [10/May/2024:07:37:54 +0800] "GET /xingrg/all/function/internal_message.html?_=1715297875166&CODE_STATE=getMsg HTTP/1.1" 200 27
180.169.147.146 - - [10/May/2024:07:37:58 +0800] "GET /xingrg/all/function/internal_message.html?_=1715297877977&CODE_STATE=getMsg HTTP/1.1" 200 27
218.79.29.216 - - [10/May/2024:07:38:10 +0800] "GET /xingrg/all/function/internal_message.html?_=1715297899256&CODE_STATE=getMsg HTTP/1.1" 200 27
120.253.135.82 - - [10/May/2024:07:38:15 +0800] "GET /xingrg/kc/pszx/mdqp_order_list.html?state=10 HTTP/1.1" 200 10447
120.253.135.82 - - [10/May/2024:07:38:15 +0800] "GET /xingrg/dwr/interface/AjaxQqpsService.js HTTP/1.1" 200 16326
120.253.135.82 - - [10/May/2024:07:38:15 +0800] "GET /xingrg/dwr/interface/AjaxReportQueryService.js HTTP/1.1" 200 13203
120.253.135.82 - - [10/May/2024:07:38:15 +0800] "GET /xingrg/dwr/engine.js HTTP/1.1" 200 43631
120.253.135.82 - - [10/May/2024:07:38:18 +0800] "GET /xingrg/kc/buy/cgsh_order_list.html HTTP/1.1" 200 58761
120.253.135.82 - - [10/May/2024:07:38:20 +0800] "POST /xingrg/kc/buy/cgsh_list_operate.html HTTP/1.1" 200 645
114.95.253.235 - - [10/May/2024:07:38:23 +0800] "GET /xingrg/all/function/internal_message.html?_=1715297903563&CODE_STATE=getMsg HTTP/1.1" 200 27
120.253.135.82 - - [10/May/2024:07:38:23 +0800] "GET /xingrg/kc/pszx/mdth_order_list.html HTTP/1.1" 200 18718
120.253.135.82 - - [10/May/2024:07:38:24 +0800] "POST /xingrg/kc/pszx/mdth_order_new_list.html HTTP/1.1" 200 4743
120.253.135.82 - - [10/May/2024:07:38:26 +0800] "POST /xingrg/kc/pszx/mdth_order_new_list.html HTTP/1.1" 200 208
180.164.6.225 - - [10/May/2024:07:38:37 +0800] "GET /xingrg/all/function/internal_message.html?_=1715297916780&CODE_STATE=getMsg HTTP/1.1" 200 27
120.253.135.82 - - [10/May/2024:07:38:38 +0800] "GET /xingrg/all/function/internal_message.html?_=1715297768809&CODE_STATE=getMsg HTTP/1.1" 200 27
180.169.147.146 - - [10/May/2024:07:38:51 +0800] "GET /xingrg/all/function/internal_message.html?_=1715297931643&CODE_STATE=getMsg HTTP/1.1" 200 27
120.253.135.82 - - [10/May/2024:07:38:52 +0800] "GET /xingrg/kc/pszx/mdqp_order_list.html?state=10 HTTP/1.1" 200 10447
120.253.135.82 - - [10/May/2024:07:38:52 +0800] "GET /xingrg/dwr/interface/AjaxQqpsService.js HTTP/1.1" 200 16326
120.253.135.82 - - [10/May/2024:07:38:52 +0800] "GET /xingrg/dwr/interface/AjaxReportQueryService.js HTTP/1.1" 200 13203
120.253.135.82 - - [10/May/2024:07:38:52 +0800] "GET /xingrg/dwr/engine.js HTTP/1.1" 200 43631
180.169.147.146 - - [10/May/2024:07:38:54 +0800] "GET /xingrg/all/function/internal_message.html?_=1715297933435&CODE_STATE=getMsg HTTP/1.1" 200 27
124.78.56.241 - - [10/May/2024:07:38:54 +0800] "GET /xingrg/all/function/internal_message.html?_=1715297935176&CODE_STATE=getMsg HTTP/1.1" 200 27
124.78.56.241 - - [10/May/2024:07:38:54 +0800] "GET /xingrg/check_reg.html?_=1715297935180 HTTP/1.1" 200 22
120.253.135.82 - - [10/May/2024:07:38:55 +0800] "GET /xingrg/kc/pszx/mdqp_order_list.html?state=10 HTTP/1.1" 200 10447
120.253.135.82 - - [10/May/2024:07:38:56 +0800] "GET /xingrg/dwr/interface/AjaxQqpsService.js HTTP/1.1" 200 16326
120.253.135.82 - - [10/May/2024:07:38:56 +0800] "GET /xingrg/dwr/interface/AjaxReportQueryService.js HTTP/1.1" 200 13203
120.253.135.82 - - [10/May/2024:07:38:56 +0800] "GET /xingrg/dwr/engine.js HTTP/1.1" 200 43631
120.253.135.82 - - [10/May/2024:07:38:57 +0800] "GET /xingrg/kc/pszx/mdqp_order_list.html?state=10 HTTP/1.1" 200 10447
120.253.135.82 - - [10/May/2024:07:38:57 +0800] "GET /xingrg/dwr/interface/AjaxQqpsService.js HTTP/1.1" 200 16326
120.253.135.82 - - [10/May/2024:07:38:57 +0800] "GET /xingrg/dwr/interface/AjaxReportQueryService.js HTTP/1.1" 200 13203
120.253.135.82 - - [10/May/2024:07:38:57 +0800] "GET /xingrg/dwr/engine.js HTTP/1.1" 200 43631
180.169.147.146 - - [10/May/2024:07:38:58 +0800] "GET /xingrg/check_reg.html?_=1715297937971 HTTP/1.1" 200 22
180.169.147.146 - - [10/May/2024:07:38:58 +0800] "GET /xingrg/all/function/internal_message.html?_=1715297937973&CODE_STATE=getMsg HTTP/1.1" 200 27
120.253.135.82 - - [10/May/2024:07:39:05 +0800] "GET /xingrg/kc/pszx/mdqp_order_list.html?state=10 HTTP/1.1" 200 10447
120.253.135.82 - - [10/May/2024:07:39:05 +0800] "GET /xingrg/dwr/interface/AjaxReportQueryService.js HTTP/1.1" 200 13203
120.253.135.82 - - [10/May/2024:07:39:05 +0800] "GET /xingrg/dwr/interface/AjaxQqpsService.js HTTP/1.1" 200 16326
120.253.135.82 - - [10/May/2024:07:39:05 +0800] "GET /xingrg/dwr/engine.js HTTP/1.1" 200 43631
120.253.135.82 - - [10/May/2024:07:39:09 +0800] "GET /xingrg/kc/pszx/mdqp_order_list.html?state=10 HTTP/1.1" 200 10447
120.253.135.82 - - [10/May/2024:07:39:09 +0800] "GET /xingrg/dwr/interface/AjaxQqpsService.js HTTP/1.1" 200 16326
120.253.135.82 - - [10/May/2024:07:39:09 +0800] "GET /xingrg/dwr/interface/AjaxReportQueryService.js HTTP/1.1" 200 13203
120.253.135.82 - - [10/May/2024:07:39:09 +0800] "GET /xingrg/dwr/engine.js HTTP/1.1" 200 43631
218.79.29.216 - - [10/May/2024:07:39:10 +0800] "GET /xingrg/all/function/internal_message.html?_=1715297959255&CODE_STATE=getMsg HTTP/1.1" 200 27
114.95.253.235 - - [10/May/2024:07:39:23 +0800] "GET /xingrg/all/function/internal_message.html?_=1715297963567&CODE_STATE=getMsg HTTP/1.1" 200 27
180.164.6.225 - - [10/May/2024:07:39:37 +0800] "GET /xingrg/all/function/internal_message.html?_=1715297976795&CODE_STATE=getMsg HTTP/1.1" 200 27
120.253.135.82 - - [10/May/2024:07:39:38 +0800] "GET /xingrg/all/function/internal_message.html?_=1715297828912&CODE_STATE=getMsg HTTP/1.1" 200 27
180.169.147.146 - - [10/May/2024:07:39:51 +0800] "GET /xingrg/all/function/internal_message.html?_=1715297991648&CODE_STATE=getMsg HTTP/1.1" 200 27
180.169.147.146 - - [10/May/2024:07:39:54 +0800] "GET /xingrg/check_reg.html?_=1715297993429 HTTP/1.1" 200 22
180.169.147.146 - - [10/May/2024:07:39:54 +0800] "GET /xingrg/all/function/internal_message.html?_=1715297993430&CODE_STATE=getMsg HTTP/1.1" 200 27
124.78.56.241 - - [10/May/2024:07:39:54 +0800] "GET /xingrg/all/function/internal_message.html?_=1715297995175&CODE_STATE=getMsg HTTP/1.1" 200 27
180.169.147.146 - - [10/May/2024:07:39:58 +0800] "GET /xingrg/all/function/internal_message.html?_=1715297997964&CODE_STATE=getMsg HTTP/1.1" 200 27
218.79.29.216 - - [10/May/2024:07:40:10 +0800] "GET /xingrg/all/function/internal_message.html?_=1715298019256&CODE_STATE=getMsg HTTP/1.1" 200 27
114.95.253.235 - - [10/May/2024:07:40:23 +0800] "GET /xingrg/all/function/internal_message.html?_=1715298023563&CODE_STATE=getMsg HTTP/1.1" 200 27
180.164.6.225 - - [10/May/2024:07:40:37 +0800] "GET /xingrg/all/function/internal_message.html?_=1715298036792&CODE_STATE=getMsg HTTP/1.1" 200 27
180.164.6.225 - - [10/May/2024:07:40:37 +0800] "GET /xingrg/check_reg.html?_=1715298036794 HTTP/1.1" 200 22
120.253.135.82 - - [10/May/2024:07:40:38 +0800] "GET /xingrg/all/function/internal_message.html?_=1715297889014&CODE_STATE=getMsg HTTP/1.1" 200 27
180.169.147.146 - - [10/May/2024:07:40:51 +0800] "GET /xingrg/all/function/internal_message.html?_=1715298051644&CODE_STATE=getMsg HTTP/1.1" 200 27
180.169.147.146 - - [10/May/2024:07:40:54 +0800] "GET /xingrg/all/function/internal_message.html?_=1715298053435&CODE_STATE=getMsg HTTP/1.1" 200 27
124.78.56.241 - - [10/May/2024:07:40:54 +0800] "GET /xingrg/all/function/internal_message.html?_=1715298055167&CODE_STATE=getMsg HTTP/1.1" 200 27
180.169.147.146 - - [10/May/2024:07:40:58 +0800] "GET /xingrg/all/function/internal_message.html?_=1715298057979&CODE_STATE=getMsg HTTP/1.1" 200 27
116.238.97.31 - - [10/May/2024:07:40:58 +0800] "GET /xingrg/kc/buy/cgsh_order_list.html HTTP/1.1" 302 -
116.238.97.31 - - [10/May/2024:07:40:58 +0800] "GET /xingrg/login.html HTTP/1.1" 200 7641
116.238.97.31 - - [10/May/2024:07:40:58 +0800] "GET /xingrg/login.html HTTP/1.1" 200 7641
116.238.97.31 - - [10/May/2024:07:40:58 +0800] "GET /xingrg/images/blue/jxLogo.png HTTP/1.1" 200 6156
116.238.97.31 - - [10/May/2024:07:40:58 +0800] "GET /xingrg/images/blue/srbg.png HTTP/1.1" 200 138
116.238.97.31 - - [10/May/2024:07:40:58 +0800] "GET /xingrg/images/blue/hj.png HTTP/1.1" 200 1014
116.238.97.31 - - [10/May/2024:07:40:58 +0800] "GET /xingrg/images/blue/login_bg.png HTTP/1.1" 200 22101
116.238.97.31 - - [10/May/2024:07:40:58 +0800] "GET /favicon.ico HTTP/1.1" 404 -
120.253.135.82 - - [10/May/2024:07:40:58 +0800] "GET /xingrg/kc/pszx/mdqp_order_list.html?state=10 HTTP/1.1" 200 10447
120.253.135.82 - - [10/May/2024:07:40:58 +0800] "GET /xingrg/dwr/interface/AjaxQqpsService.js HTTP/1.1" 200 16326
120.253.135.82 - - [10/May/2024:07:40:58 +0800] "GET /xingrg/dwr/interface/AjaxReportQueryService.js HTTP/1.1" 200 13203
120.253.135.82 - - [10/May/2024:07:40:58 +0800] "GET /xingrg/dwr/engine.js HTTP/1.1" 200 43631
116.238.97.31 - - [10/May/2024:07:41:00 +0800] "POST /xingrg/login.do HTTP/1.1" 302 -
116.238.97.31 - - [10/May/2024:07:41:00 +0800] "GET /xingrg/index.html?sysBaseUrl=http%3A%2F%2F180.169.147.146%3A18081%2Fxingrg%2F&costTime=812×tamp=1715298060765 HTTP/1.1" 200 17173
116.238.97.31 - - [10/May/2024:07:41:00 +0800] "GET /xingrg/javascript/jquery_easy_ui/themes/default/easyui.css HTTP/1.1" 200 26500
116.238.97.31 - - [10/May/2024:07:41:00 +0800] "GET /xingrg/javascript/jquery_easy_ui/themes/icon.css HTTP/1.1" 200 3949
116.238.97.31 - - [10/May/2024:07:41:00 +0800] "GET /xingrg/css/form.css HTTP/1.1" 200 893
116.238.97.31 - - [10/May/2024:07:41:00 +0800] "GET /xingrg/javascript/jquery-1.4.2.min.js HTTP/1.1" 200 72205
116.238.97.31 - - [10/May/2024:07:41:00 +0800] "GET /xingrg/javascript/jquery_easy_ui/jquery.easyui.min.js HTTP/1.1" 200 213662
116.238.97.31 - - [10/May/2024:07:41:00 +0800] "GET /xingrg/javascript/jquery_easy_ui/easyui-lang-zh_CN.js HTTP/1.1" 200 1900
116.238.97.31 - - [10/May/2024:07:41:00 +0800] "GET /xingrg/javascript/jquery.form.js HTTP/1.1" 200 23110
116.238.97.31 - - [10/May/2024:07:41:00 +0800] "GET /xingrg/javascript/jquery.timers.js HTTP/1.1" 200 3532
116.238.97.31 - - [10/May/2024:07:41:00 +0800] "GET /xingrg/javascript/jquery.utils.js HTTP/1.1" 200 11805
116.238.97.31 - - [10/May/2024:07:41:00 +0800] "GET /favicon.ico HTTP/1.1" 404 -
116.238.97.31 - - [10/May/2024:07:41:00 +0800] "GET /xingrg/images/blue/navBackgound.jpg HTTP/1.1" 200 12378
116.238.97.31 - - [10/May/2024:07:41:00 +0800] "GET /xingrg/javascript/jquery_easy_ui/themes/icons/settle_new.png HTTP/1.1" 200 826
116.238.97.31 - - [10/May/2024:07:41:01 +0800] "GET /xingrg/images/blue/pingpu.png HTTP/1.1" 200 231
116.238.97.31 - - [10/May/2024:07:41:01 +0800] "GET /xingrg/check_reg.html?_=1715298061758 HTTP/1.1" 200 22
116.238.97.31 - - [10/May/2024:07:41:01 +0800] "GET /xingrg/all/function/internal_message.html?_=1715298061758&CODE_STATE=count HTTP/1.1" 200 11
116.238.97.31 - - [10/May/2024:07:41:01 +0800] "GET /xingrg/javascript/jquery_easy_ui/themes/default/images/tabs_leftarrow.png HTTP/1.1" 200 389
116.238.97.31 - - [10/May/2024:07:41:01 +0800] "GET /xingrg/javascript/jquery_easy_ui/themes/default/images/tabs_rightarrow.png HTTP/1.1" 200 395
116.238.97.31 - - [10/May/2024:07:41:01 +0800] "GET /xingrg/javascript/jquery_easy_ui/themes/default/images/panel_tool_collapse.gif HTTP/1.1" 200 246
116.238.97.31 - - [10/May/2024:07:41:01 +0800] "POST /xingrg/all/common/load_tree.html?tree=area_rest_tree_json&manage=1 HTTP/1.1" 200 342
116.238.97.31 - - [10/May/2024:07:41:01 +0800] "POST /xingrg/load_menu.html HTTP/1.1" 200 5138
116.238.97.31 - - [10/May/2024:07:41:01 +0800] "GET /xingrg/javascript/jquery_easy_ui/themes/icons/search_new.png HTTP/1.1" 200 586
116.238.97.31 - - [10/May/2024:07:41:01 +0800] "GET /xingrg/javascript/jquery_easy_ui/themes/default/images/tree_folder.gif HTTP/1.1" 200 952
116.238.97.31 - - [10/May/2024:07:41:01 +0800] "GET /xingrg/javascript/jquery_easy_ui/themes/default/images/tree_arrows.gif HTTP/1.1" 200 1043
116.238.97.31 - - [10/May/2024:07:41:01 +0800] "GET /xingrg/javascript/jquery_easy_ui/themes/default/images/tree_folder_open.gif HTTP/1.1" 200 956
116.238.97.31 - - [10/May/2024:07:41:01 +0800] "GET /xingrg/javascript/jquery_easy_ui/themes/icons/forms_new.png HTTP/1.1" 200 350
116.238.97.31 - - [10/May/2024:07:41:01 +0800] "GET /xingrg/javascript/jquery_easy_ui/themes/default/images/tree_file.gif HTTP/1.1" 200 118
116.238.97.31 - - [10/May/2024:07:41:01 +0800] "GET /xingrg/javascript/jquery_easy_ui/themes/icons/storage_new.png HTTP/1.1" 200 853
116.238.97.31 - - [10/May/2024:07:41:03 +0800] "GET /xingrg/javascript/jquery_easy_ui/themes/default/images/tabs_close.gif HTTP/1.1" 200 829
116.238.97.31 - - [10/May/2024:07:41:03 +0800] "GET /xingrg/kc/buy/cgsh_order_list.html HTTP/1.1" 200 58761
116.238.97.31 - - [10/May/2024:07:41:03 +0800] "GET /xingrg/css/base.css HTTP/1.1" 200 2811
116.238.97.31 - - [10/May/2024:07:41:03 +0800] "GET /xingrg/css/site.css HTTP/1.1" 200 7541
116.238.97.31 - - [10/May/2024:07:41:03 +0800] "GET /xingrg/javascript/jquery_tools/datebox.css HTTP/1.1" 200 2597
116.238.97.31 - - [10/May/2024:07:41:03 +0800] "GET /xingrg/javascript/easyui/themes/icon.css HTTP/1.1" 200 4483
116.238.97.31 - - [10/May/2024:07:41:03 +0800] "GET /xingrg/javascript/easyui/themes/default/easyui.css HTTP/1.1" 200 30432
116.238.97.31 - - [10/May/2024:07:41:03 +0800] "GET /xingrg/javascript/auto/jquery.autocomplete.css HTTP/1.1" 200 587
116.238.97.31 - - [10/May/2024:07:41:03 +0800] "GET /xingrg/javascript/jquery_tools/fix.css HTTP/1.1" 200 1702
116.238.97.31 - - [10/May/2024:07:41:03 +0800] "GET /xingrg/javascript/jquery_tools/table.css HTTP/1.1" 200 1032
116.238.97.31 - - [10/May/2024:07:41:03 +0800] "GET /xingrg/javascript/jquery_tools/jquery.tools.min.js HTTP/1.1" 200 138801
116.238.97.31 - - [10/May/2024:07:41:03 +0800] "GET /xingrg/javascript/jquery_tools/jquery.tools.hotkey.js HTTP/1.1" 200 3242
116.238.97.31 - - [10/May/2024:07:41:03 +0800] "GET /xingrg/javascript/jquery_tools/jquery.tools.extend.js HTTP/1.1" 200 15385
116.238.97.31 - - [10/May/2024:07:41:03 +0800] "GET /xingrg/javascript/jquery_tools/jquery.tools.table.js HTTP/1.1" 200 6994
116.238.97.31 - - [10/May/2024:07:41:03 +0800] "GET /xingrg/javascript/jquery_tools/list_manager.js HTTP/1.1" 200 3652
116.238.97.31 - - [10/May/2024:07:41:03 +0800] "GET /xingrg/javascript/auto/jquery.autocomplete.js HTTP/1.1" 200 21624
116.238.97.31 - - [10/May/2024:07:41:03 +0800] "GET /xingrg/javascript/easyui/easyloader.js HTTP/1.1" 200 5975
116.238.97.31 - - [10/May/2024:07:41:03 +0800] "GET /xingrg/javascript/jquery.cookie.js HTTP/1.1" 200 5513
116.238.97.31 - - [10/May/2024:07:41:03 +0800] "GET /xingrg/javascript/print/LodopFuncs.js HTTP/1.1" 200 5121
116.238.97.31 - - [10/May/2024:07:41:04 +0800] "GET /xingrg/javascript/easyui/themes/icons/import_new.png HTTP/1.1" 200 1247
116.238.97.31 - - [10/May/2024:07:41:04 +0800] "GET /xingrg/javascript/easyui/themes/icons/field_new.png HTTP/1.1" 200 1097
116.238.97.31 - - [10/May/2024:07:41:04 +0800] "GET /xingrg/javascript/easyui/themes/icons/cance_new.png HTTP/1.1" 200 3986
116.238.97.31 - - [10/May/2024:07:41:04 +0800] "GET /xingrg/javascript/easyui/themes/icons/check_new.png HTTP/1.1" 200 3224
116.238.97.31 - - [10/May/2024:07:41:04 +0800] "GET /xingrg/javascript/easyui/themes/icons/edit_add_new.png HTTP/1.1" 200 2997
116.238.97.31 - - [10/May/2024:07:41:04 +0800] "GET /xingrg/javascript/easyui/plugins/jquery.parser.js HTTP/1.1" 200 1142
116.238.97.31 - - [10/May/2024:07:41:04 +0800] "GET /xingrg/images/control/ajaxLoader.gif HTTP/1.1" 200 4659
120.253.135.82 - - [10/May/2024:07:41:04 +0800] "GET /xingrg/kc/pszx/mdqp_order_list.html?state=10 HTTP/1.1" 200 10447
120.253.135.82 - - [10/May/2024:07:41:04 +0800] "GET /xingrg/dwr/interface/AjaxQqpsService.js HTTP/1.1" 200 16326
120.253.135.82 - - [10/May/2024:07:41:04 +0800] "GET /xingrg/dwr/interface/AjaxReportQueryService.js HTTP/1.1" 200 13203
120.253.135.82 - - [10/May/2024:07:41:04 +0800] "GET /xingrg/dwr/engine.js HTTP/1.1" 200 43631
116.238.97.31 - - [10/May/2024:07:41:06 +0800] "POST /xingrg/kc/buy/cgsh_list_operate.html HTTP/1.1" 200 645
120.253.135.82 - - [10/May/2024:07:41:08 +0800] "GET /xingrg/kc/pszx/mdps_order_list.html?orderType=0 HTTP/1.1" 200 21294
116.238.97.31 - - [10/May/2024:07:41:08 +0800] "GET /xingrg/javascript/easyui/themes/default/images/button_plain_hover.png HTTP/1.1" 200 144
120.253.135.82 - - [10/May/2024:07:41:08 +0800] "POST /xingrg/kc/pszx/mdps_list_operate.html HTTP/1.1" 200 5193
116.238.97.31 - - [10/May/2024:07:41:09 +0800] "GET /xingrg/kc/buy/cgsh_order_add.html HTTP/1.1" 200 74609
116.238.97.31 - - [10/May/2024:07:41:09 +0800] "GET /xingrg/javascript/pic_change.js HTTP/1.1" 200 4739
116.238.97.31 - - [10/May/2024:07:41:09 +0800] "GET /xingrg/javascript/convert.js HTTP/1.1" 200 1239
116.238.97.31 - - [10/May/2024:07:41:09 +0800] "GET /xingrg/javascript/jquery_tools/order_manager.js HTTP/1.1" 200 11183
116.238.97.31 - - [10/May/2024:07:41:09 +0800] "GET /xingrg/javascript/json2.js HTTP/1.1" 200 11259
116.238.97.31 - - [10/May/2024:07:41:09 +0800] "GET /xingrg/javascript/print/kc_print.js HTTP/1.1" 200 11415
116.238.97.31 - - [10/May/2024:07:41:09 +0800] "GET /xingrg/words/20240509093912_words.js HTTP/1.1" 200 1023590
116.238.97.31 - - [10/May/2024:07:41:09 +0800] "GET /xingrg/javascript/easyui/themes/icons/ok.png HTTP/1.1" 200 883
116.238.97.31 - - [10/May/2024:07:41:09 +0800] "GET /xingrg/javascript/easyui/themes/icons/print.png HTTP/1.1" 200 1057
116.238.97.31 - - [10/May/2024:07:41:09 +0800] "GET /xingrg/javascript/easyui/themes/icons/copy_new.png HTTP/1.1" 200 815
116.238.97.31 - - [10/May/2024:07:41:09 +0800] "GET /xingrg/javascript/easyui/themes/default/images/menu_downarrow.png HTTP/1.1" 200 173
116.238.97.31 - - [10/May/2024:07:41:09 +0800] "GET /xingrg/javascript/easyui/themes/icons/cancel.png HTTP/1.1" 200 1133
116.238.97.31 - - [10/May/2024:07:41:09 +0800] "GET /xingrg/javascript/easyui/themes/icons/template_new.png HTTP/1.1" 200 3956
116.238.97.31 - - [10/May/2024:07:41:09 +0800] "POST /xingrg/kc/buy/cgsh_order_operate.html HTTP/1.1" 200 8245
116.238.97.31 - - [10/May/2024:07:41:09 +0800] "GET /xingrg/javascript/easyui/themes/default/validatebox.css HTTP/1.1" 404 1104
116.238.97.31 - - [10/May/2024:07:41:09 +0800] "GET /xingrg/javascript/easyui/plugins/jquery.validatebox.js HTTP/1.1" 200 6103
116.238.97.31 - - [10/May/2024:07:41:09 +0800] "GET /xingrg/all/common/auto_word.html?type=employee&rest_code=00102 HTTP/1.1" 200 189
116.238.97.31 - - [10/May/2024:07:41:09 +0800] "GET /xingrg/javascript/easyui/themes/icons/edit_remove.png HTTP/1.1" 200 625
116.238.97.31 - - [10/May/2024:07:41:09 +0800] "GET /xingrg/javascript/easyui/plugins/jquery.numberbox.js HTTP/1.1" 200 5213
116.238.97.31 - - [10/May/2024:07:41:09 +0800] "GET /xingrg/all/common/auto_word.html?type=employee&rest_code=00102 HTTP/1.1" 200 189
116.238.97.31 - - [10/May/2024:07:41:10 +0800] "GET /xingrg/javascript/auto/indicator.gif HTTP/1.1" 404 1066
218.79.29.216 - - [10/May/2024:07:41:10 +0800] "GET /xingrg/all/function/internal_message.html?_=1715298079258&CODE_STATE=getMsg HTTP/1.1" 200 27
116.238.97.31 - - [10/May/2024:07:41:19 +0800] "GET /xingrg/kc/buy/cgsh_order_operate.html?command=get_materiel&rest_code=00102&code=00101010168&supplier_code=00100008&order_time=2024-05-10 HTTP/1.1" 200 413
120.253.135.82 - - [10/May/2024:07:41:21 +0800] "POST /xingrg/kc/pszx/mdps_list_operate.html HTTP/1.1" 200 868
114.95.253.235 - - [10/May/2024:07:41:23 +0800] "GET /xingrg/all/function/internal_message.html?_=1715298083553&CODE_STATE=getMsg HTTP/1.1" 200 27
116.238.97.31 - - [10/May/2024:07:41:28 +0800] "GET /xingrg/kc/buy/cgsh_order_operate.html?command=get_materiel&rest_code=00102&code=00101008336&supplier_code=00100008&order_time=2024-05-10 HTTP/1.1" 200 412
120.253.135.82 - - [10/May/2024:07:41:35 +0800] "GET /xingrg/check_reg.html?_=1715297946105 HTTP/1.1" 200 22
180.164.6.225 - - [10/May/2024:07:41:37 +0800] "GET /xingrg/all/function/internal_message.html?_=1715298096793&CODE_STATE=getMsg HTTP/1.1" 200 27
116.238.97.31 - - [10/May/2024:07:41:37 +0800] "GET /xingrg/kc/buy/cgsh_order_operate.html?command=get_materiel&rest_code=00102&code=00101008125&supplier_code=00100008&order_time=2024-05-10 HTTP/1.1" 200 413
120.253.135.82 - - [10/May/2024:07:41:38 +0800] "GET /xingrg/all/function/internal_message.html?_=1715297949035&CODE_STATE=getMsg HTTP/1.1" 200 27
116.238.97.31 - - [10/May/2024:07:41:47 +0800] "GET /xingrg/kc/buy/cgsh_order_operate.html?command=get_materiel&rest_code=00102&code=00101008110&supplier_code=00100008&order_time=2024-05-10 HTTP/1.1" 200 408
120.253.135.82 - - [10/May/2024:07:41:49 +0800] "POST /xingrg/kc/pszx/mdps_list_operate.html HTTP/1.1" 200 868
180.169.147.146 - - [10/May/2024:07:41:51 +0800] "GET /xingrg/all/function/internal_message.html?_=1715298111647&CODE_STATE=getMsg HTTP/1.1" 200 27
180.169.147.146 - - [10/May/2024:07:41:54 +0800] "GET /xingrg/all/function/internal_message.html?_=1715298113427&CODE_STATE=getMsg HTTP/1.1" 200 27
120.253.135.82 - - [10/May/2024:07:41:54 +0800] "POST /xingrg/kc/pszx/mdps_list_operate.html HTTP/1.1" 200 2482
124.78.56.241 - - [10/May/2024:07:41:54 +0800] "GET /xingrg/all/function/internal_message.html?_=1715298115168&CODE_STATE=getMsg HTTP/1.1" 200 27
116.238.97.31 - - [10/May/2024:07:41:55 +0800] "GET /xingrg/kc/buy/cgsh_order_operate.html?command=get_materiel&rest_code=00102&code=00101008038&supplier_code=00100008&order_time=2024-05-10 HTTP/1.1" 200 412
180.169.147.146 - - [10/May/2024:07:41:58 +0800] "GET /xingrg/all/function/internal_message.html?_=1715298117965&CODE_STATE=getMsg HTTP/1.1" 200 27
120.253.135.82 - - [10/May/2024:07:41:58 +0800] "POST /xingrg/kc/pszx/mdps_list_operate.html HTTP/1.1" 200 436
116.238.97.31 - - [10/May/2024:07:42:01 +0800] "GET /xingrg/all/function/internal_message.html?_=1715298121768&CODE_STATE=getMsg HTTP/1.1" 200 27
116.238.97.31 - - [10/May/2024:07:42:04 +0800] "GET /xingrg/kc/buy/cgsh_order_operate.html?command=get_materiel&rest_code=00102&code=00101008283&supplier_code=00100008&order_time=2024-05-10 HTTP/1.1" 200 408
218.79.29.216 - - [10/May/2024:07:42:10 +0800] "GET /xingrg/check_reg.html?_=1715298139261 HTTP/1.1" 200 22
218.79.29.216 - - [10/May/2024:07:42:10 +0800] "GET /xingrg/all/function/internal_message.html?_=1715298139258&CODE_STATE=getMsg HTTP/1.1" 200 27
120.253.135.82 - - [10/May/2024:07:42:11 +0800] "POST /xingrg/kc/pszx/mdps_list_operate.html HTTP/1.1" 200 202
116.238.97.31 - - [10/May/2024:07:42:14 +0800] "GET /xingrg/kc/buy/cgsh_order_operate.html?command=get_materiel&rest_code=00102&code=00101008264&supplier_code=00100008&order_time=2024-05-10 HTTP/1.1" 200 427
114.95.253.235 - - [10/May/2024:07:42:23 +0800] "GET /xingrg/all/function/internal_message.html?_=1715298143566&CODE_STATE=getMsg HTTP/1.1" 200 27
114.95.253.235 - - [10/May/2024:07:42:23 +0800] "GET /xingrg/check_reg.html?_=1715298143569 HTTP/1.1" 200 22
116.238.97.31 - - [10/May/2024:07:42:24 +0800] "GET /xingrg/kc/buy/cgsh_order_operate.html?command=get_materiel&rest_code=00102&code=00101008350&supplier_code=00100008&order_time=2024-05-10 HTTP/1.1" 200 408
116.238.97.31 - - [10/May/2024:07:42:33 +0800] "GET /xingrg/kc/buy/cgsh_order_operate.html?command=get_materiel&rest_code=00102&code=00101008131&supplier_code=00100008&order_time=2024-05-10 HTTP/1.1" 200 408
120.253.135.82 - - [10/May/2024:07:42:35 +0800] "POST /xingrg/kc/pszx/mdps_list_operate.html HTTP/1.1" 200 2098
180.164.6.225 - - [10/May/2024:07:42:37 +0800] "GET /xingrg/all/function/internal_message.html?_=1715298156792&CODE_STATE=getMsg HTTP/1.1" 200 27
120.253.135.82 - - [10/May/2024:07:42:38 +0800] "GET /xingrg/all/function/internal_message.html?_=1715298009035&CODE_STATE=getMsg HTTP/1.1" 200 27
120.253.135.82 - - [10/May/2024:07:42:39 +0800] "POST /xingrg/kc/pszx/mdps_list_operate.html HTTP/1.1" 200 301
116.238.97.31 - - [10/May/2024:07:42:42 +0800] "GET /xingrg/kc/buy/cgsh_order_operate.html?command=get_materiel&rest_code=00102&code=00101008353&supplier_code=00100008&order_time=2024-05-10 HTTP/1.1" 200 423
116.238.97.31 - - [10/May/2024:07:42:50 +0800] "GET /xingrg/kc/buy/cgsh_order_operate.html?command=get_materiel&rest_code=00102&code=00101008355&supplier_code=00100008&order_time=2024-05-10 HTTP/1.1" 200 408
120.253.135.82 - - [10/May/2024:07:42:51 +0800] "POST /xingrg/kc/pszx/mdps_list_operate.html HTTP/1.1" 200 282
180.169.147.146 - - [10/May/2024:07:42:51 +0800] "GET /xingrg/check_reg.html?_=1715298171644 HTTP/1.1" 200 22
180.169.147.146 - - [10/May/2024:07:42:51 +0800] "GET /xingrg/all/function/internal_message.html?_=1715298171645&CODE_STATE=getMsg HTTP/1.1" 200 27
180.169.147.146 - - [10/May/2024:07:42:54 +0800] "GET /xingrg/all/function/internal_message.html?_=1715298173432&CODE_STATE=getMsg HTTP/1.1" 200 27
124.78.56.241 - - [10/May/2024:07:42:54 +0800] "GET /xingrg/all/function/internal_message.html?_=1715298175169&CODE_STATE=getMsg HTTP/1.1" 200 27
120.253.135.82 - - [10/May/2024:07:42:58 +0800] "POST /xingrg/kc/pszx/mdps_list_operate.html HTTP/1.1" 200 1689
180.169.147.146 - - [10/May/2024:07:42:58 +0800] "GET /xingrg/all/function/internal_message.html?_=1715298177979&CODE_STATE=getMsg HTTP/1.1" 200 27
116.238.97.31 - - [10/May/2024:07:42:59 +0800] "GET /xingrg/kc/buy/cgsh_order_operate.html?command=get_materiel&rest_code=00102&code=00101008027&supplier_code=00100008&order_time=2024-05-10 HTTP/1.1" 200 408
120.253.135.82 - - [10/May/2024:07:43:00 +0800] "POST /xingrg/kc/pszx/mdps_list_operate.html HTTP/1.1" 200 601
116.238.97.31 - - [10/May/2024:07:43:01 +0800] "GET /xingrg/all/function/internal_message.html?_=1715298181775&CODE_STATE=getMsg HTTP/1.1" 200 27
120.253.135.82 - - [10/May/2024:07:43:01 +0800] "GET /xingrg/kc/pszx/mdps_order_info.html?code=312024050900196 HTTP/1.1" 200 23976
120.253.135.82 - - [10/May/2024:07:43:02 +0800] "GET /xingrg/javascript/easyui/themes/default/validatebox.css HTTP/1.1" 404 1104
120.253.135.82 - - [10/May/2024:07:43:02 +0800] "POST /xingrg/kc/pszx/mdps_order_operate.html HTTP/1.1" 200 7308
116.238.97.31 - - [10/May/2024:07:43:08 +0800] "GET /xingrg/kc/buy/cgsh_order_operate.html?command=get_materiel&rest_code=00102&code=00101008286&supplier_code=00100008&order_time=2024-05-10 HTTP/1.1" 200 428
218.79.29.216 - - [10/May/2024:07:43:10 +0800] "GET /xingrg/all/function/internal_message.html?_=1715298199259&CODE_STATE=getMsg HTTP/1.1" 200 27
116.238.97.31 - - [10/May/2024:07:43:16 +0800] "GET /xingrg/kc/buy/cgsh_order_operate.html?command=get_materiel&rest_code=00102&code=00101008257&supplier_code=00100008&order_time=2024-05-10 HTTP/1.1" 200 416
114.95.253.235 - - [10/May/2024:07:43:23 +0800] "GET /xingrg/all/function/internal_message.html?_=1715298203570&CODE_STATE=getMsg HTTP/1.1" 200 27
116.238.97.31 - - [10/May/2024:07:43:24 +0800] "GET /xingrg/kc/buy/cgsh_order_operate.html?command=get_materiel&rest_code=00102&code=00101008331&supplier_code=00100008&order_time=2024-05-10 HTTP/1.1" 200 416
116.238.97.31 - - [10/May/2024:07:43:32 +0800] "GET /xingrg/kc/buy/cgsh_order_operate.html?command=get_materiel&rest_code=00102&code=00101008098&supplier_code=00100008&order_time=2024-05-10 HTTP/1.1" 200 414
180.164.6.225 - - [10/May/2024:07:43:37 +0800] "GET /xingrg/all/function/internal_message.html?_=1715298216793&CODE_STATE=getMsg HTTP/1.1" 200 27
120.253.135.82 - - [10/May/2024:07:43:37 +0800] "POST /xingrg/kc/pszx/mdps_order_operate.html HTTP/1.1" 200 37
120.253.135.82 - - [10/May/2024:07:43:41 +0800] "GET /xingrg/kc/pszx/mdps_order_info.html?code=312024050900196 HTTP/1.1" 200 23976
120.253.135.82 - - [10/May/2024:07:43:42 +0800] "GET /xingrg/javascript/easyui/themes/default/validatebox.css HTTP/1.1" 404 1104
116.238.97.31 - - [10/May/2024:07:43:42 +0800] "GET /xingrg/kc/buy/cgsh_order_operate.html?command=get_materiel&rest_code=00102&code=00101008042&supplier_code=00100008&order_time=2024-05-10 HTTP/1.1" 200 416
120.253.135.82 - - [10/May/2024:07:43:42 +0800] "GET /xingrg/all/function/internal_message.html?_=1715298072460&CODE_STATE=getMsg HTTP/1.1" 200 27
120.253.135.82 - - [10/May/2024:07:43:42 +0800] "POST /xingrg/kc/pszx/mdps_order_operate.html HTTP/1.1" 200 7308
120.253.135.82 - - [10/May/2024:07:43:48 +0800] "GET /xingrg/kc/pszx/mdps_order_info.html?code=312024050900196 HTTP/1.1" 200 23976
120.253.135.82 - - [10/May/2024:07:43:49 +0800] "GET /xingrg/javascript/easyui/themes/default/validatebox.css HTTP/1.1" 404 1104
120.253.135.82 - - [10/May/2024:07:43:49 +0800] "POST /xingrg/kc/pszx/mdps_order_operate.html HTTP/1.1" 200 7308
180.169.147.146 - - [10/May/2024:07:43:51 +0800] "GET /xingrg/all/function/internal_message.html?_=1715298231645&CODE_STATE=getMsg HTTP/1.1" 200 27
116.238.97.31 - - [10/May/2024:07:43:51 +0800] "GET /xingrg/kc/buy/cgsh_order_operate.html?command=get_materiel&rest_code=00102&code=00101013222&supplier_code=00100008&order_time=2024-05-10 HTTP/1.1" 200 409
180.169.147.146 - - [10/May/2024:07:43:54 +0800] "GET /xingrg/all/function/internal_message.html?_=1715298233425&CODE_STATE=getMsg HTTP/1.1" 200 27
124.78.56.241 - - [10/May/2024:07:43:54 +0800] "GET /xingrg/all/function/internal_message.html?_=1715298235167&CODE_STATE=getMsg HTTP/1.1" 200 27
124.78.56.241 - - [10/May/2024:07:43:54 +0800] "GET /xingrg/check_reg.html?_=1715298235172 HTTP/1.1" 200 22
180.169.147.146 - - [10/May/2024:07:43:58 +0800] "GET /xingrg/check_reg.html?_=1715298237974 HTTP/1.1" 200 22
180.169.147.146 - - [10/May/2024:07:43:58 +0800] "GET /xingrg/all/function/internal_message.html?_=1715298237980&CODE_STATE=getMsg HTTP/1.1" 200 27
116.238.97.31 - - [10/May/2024:07:44:01 +0800] "GET /xingrg/all/function/internal_message.html?_=1715298241769&CODE_STATE=getMsg HTTP/1.1" 200 27
116.238.97.31 - - [10/May/2024:07:44:01 +0800] "POST /xingrg/kc/buy/cgsh_order_operate.html HTTP/1.1" 200 37
116.238.97.31 - - [10/May/2024:07:44:06 +0800] "POST /xingrg/kc/buy/cgsh_order_operate.html HTTP/1.1" 200 12702
218.79.29.216 - - [10/May/2024:07:44:10 +0800] "GET /xingrg/all/function/internal_message.html?_=1715298259259&CODE_STATE=getMsg HTTP/1.1" 200 27
116.238.97.31 - - [10/May/2024:07:44:14 +0800] "POST /xingrg/kc/buy/cgsh_order_operate.html HTTP/1.1" 200 37
116.238.97.31 - - [10/May/2024:07:44:17 +0800] "POST /xingrg/kc/buy/cgsh_order_operate.html HTTP/1.1" 200 12702
120.253.135.82 - - [10/May/2024:07:44:17 +0800] "GET /xingrg/login.html HTTP/1.1" 200 7641
116.238.97.31 - - [10/May/2024:07:44:18 +0800] "GET /xingrg/kc/buy/cgsh_order_add.html HTTP/1.1" 200 74609
116.238.97.31 - - [10/May/2024:07:44:18 +0800] "POST /xingrg/kc/buy/cgsh_order_operate.html HTTP/1.1" 200 8245
116.238.97.31 - - [10/May/2024:07:44:18 +0800] "GET /xingrg/javascript/easyui/themes/default/validatebox.css HTTP/1.1" 404 1104
120.253.135.82 - - [10/May/2024:07:44:22 +0800] "GET /xingrg/images/blue/jxLogo.png HTTP/1.1" 304 -
114.95.253.235 - - [10/May/2024:07:44:23 +0800] "GET /xingrg/all/function/internal_message.html?_=1715298263563&CODE_STATE=getMsg HTTP/1.1" 200 27
120.253.135.82 - - [10/May/2024:07:44:25 +0800] "GET /xingrg/images/blue/login_bg.png HTTP/1.1" 304 -
120.253.135.82 - - [10/May/2024:07:44:25 +0800] "GET /xingrg/images/blue/hj.png HTTP/1.1" 304 -
120.253.135.82 - - [10/May/2024:07:44:25 +0800] "GET /xingrg/images/blue/srbg.png HTTP/1.1" 304 -
120.253.135.82 - - [10/May/2024:07:44:28 +0800] "GET /favicon.ico HTTP/1.1" 404 -
116.238.97.31 - - [10/May/2024:07:44:35 +0800] "GET /xingrg/kc/buy/cgsh_order_operate.html?command=get_materiel&rest_code=00102&code=00101008114&supplier_code=00100008&order_time=2024-05-10 HTTP/1.1" 200 412
180.164.6.225 - - [10/May/2024:07:44:37 +0800] "GET /xingrg/all/function/internal_message.html?_=1715298276787&CODE_STATE=getMsg HTTP/1.1" 200 27
116.238.97.31 - - [10/May/2024:07:44:42 +0800] "GET /xingrg/kc/buy/cgsh_order_operate.html?command=get_materiel&rest_code=00102&code=00101008229&supplier_code=00100008&order_time=2024-05-10 HTTP/1.1" 200 420
116.238.97.31 - - [10/May/2024:07:44:51 +0800] "GET /xingrg/kc/buy/cgsh_order_operate.html?command=get_materiel&rest_code=00102&code=00101009015&supplier_code=00100008&order_time=2024-05-10 HTTP/1.1" 200 418
180.169.147.146 - - [10/May/2024:07:44:51 +0800] "GET /xingrg/all/function/internal_message.html?_=1715298291640&CODE_STATE=getMsg HTTP/1.1" 200 27
180.169.147.146 - - [10/May/2024:07:44:54 +0800] "GET /xingrg/check_reg.html?_=1715298293442 HTTP/1.1" 200 22
180.169.147.146 - - [10/May/2024:07:44:54 +0800] "GET /xingrg/all/function/internal_message.html?_=1715298293440&CODE_STATE=getMsg HTTP/1.1" 200 27
124.78.56.241 - - [10/May/2024:07:44:54 +0800] "GET /xingrg/all/function/internal_message.html?_=1715298295162&CODE_STATE=getMsg HTTP/1.1" 200 27
180.169.147.146 - - [10/May/2024:07:44:58 +0800] "GET /xingrg/all/function/internal_message.html?_=1715298297976&CODE_STATE=getMsg HTTP/1.1" 200 27
116.238.97.31 - - [10/May/2024:07:44:59 +0800] "GET /xingrg/kc/buy/cgsh_order_operate.html?command=get_materiel&rest_code=00102&code=00101009011&supplier_code=00100008&order_time=2024-05-10 HTTP/1.1" 200 416
116.238.97.31 - - [10/May/2024:07:45:01 +0800] "GET /xingrg/all/function/internal_message.html?_=1715298301768&CODE_STATE=getMsg HTTP/1.1" 200 27
116.238.97.31 - - [10/May/2024:07:45:10 +0800] "GET /xingrg/kc/buy/cgsh_order_operate.html?command=get_materiel&rest_code=00102&code=00101008061&supplier_code=00100008&order_time=2024-05-10 HTTP/1.1" 200 441
218.79.29.216 - - [10/May/2024:07:45:10 +0800] "GET /xingrg/all/function/internal_message.html?_=1715298319259&CODE_STATE=getMsg HTTP/1.1" 200 27
116.238.97.31 - - [10/May/2024:07:45:19 +0800] "GET /xingrg/kc/buy/cgsh_order_operate.html?command=get_materiel&rest_code=00102&code=00101010889&supplier_code=00100008&order_time=2024-05-10 HTTP/1.1" 200 412
114.95.253.235 - - [10/May/2024:07:45:23 +0800] "GET /xingrg/all/function/internal_message.html?_=1715298323569&CODE_STATE=getMsg HTTP/1.1" 200 27
120.253.135.82 - - [10/May/2024:07:45:25 +0800] "POST /xingrg/login.do HTTP/1.1" 302 -
120.253.135.82 - - [10/May/2024:07:45:25 +0800] "GET /xingrg/index.html?sysBaseUrl=http%3A%2F%2F180.169.147.146%3A18081%2Fxingrg%2F&costTime=811×tamp=1715298325106 HTTP/1.1" 200 17173
120.253.135.82 - - [10/May/2024:07:45:25 +0800] "GET /xingrg/javascript/jquery_easy_ui/themes/default/easyui.css HTTP/1.1" 304 -
120.253.135.82 - - [10/May/2024:07:45:25 +0800] "GET /xingrg/javascript/jquery_easy_ui/themes/icon.css HTTP/1.1" 304 -
120.253.135.82 - - [10/May/2024:07:45:25 +0800] "GET /xingrg/css/form.css HTTP/1.1" 304 -
120.253.135.82 - - [10/May/2024:07:45:25 +0800] "GET /xingrg/javascript/jquery-1.4.2.min.js HTTP/1.1" 304 -
120.253.135.82 - - [10/May/2024:07:45:25 +0800] "GET /xingrg/javascript/jquery_easy_ui/jquery.easyui.min.js HTTP/1.1" 304 -
120.253.135.82 - - [10/May/2024:07:45:25 +0800] "GET /xingrg/javascript/jquery_easy_ui/easyui-lang-zh_CN.js HTTP/1.1" 304 -
120.253.135.82 - - [10/May/2024:07:45:25 +0800] "GET /xingrg/javascript/jquery.form.js HTTP/1.1" 304 -
120.253.135.82 - - [10/May/2024:07:45:25 +0800] "GET /xingrg/javascript/jquery.utils.js HTTP/1.1" 304 -
120.253.135.82 - - [10/May/2024:07:45:25 +0800] "GET /xingrg/javascript/jquery.timers.js HTTP/1.1" 304 -
120.253.135.82 - - [10/May/2024:07:45:25 +0800] "GET /xingrg/images/blue/navBackgound.jpg HTTP/1.1" 304 -
120.253.135.82 - - [10/May/2024:07:45:26 +0800] "GET /xingrg/javascript/jquery_easy_ui/themes/icons/settle_new.png HTTP/1.1" 304 -
120.253.135.82 - - [10/May/2024:07:45:26 +0800] "GET /xingrg/images/blue/pingpu.png HTTP/1.1" 304 -
120.253.135.82 - - [10/May/2024:07:45:26 +0800] "GET /xingrg/javascript/jquery_easy_ui/themes/default/images/tabs_leftarrow.png HTTP/1.1" 304 -
120.253.135.82 - - [10/May/2024:07:45:26 +0800] "GET /xingrg/javascript/jquery_easy_ui/themes/default/images/tabs_rightarrow.png HTTP/1.1" 304 -
120.253.135.82 - - [10/May/2024:07:45:26 +0800] "POST /xingrg/all/common/load_tree.html?tree=area_rest_tree_json&manage=1 HTTP/1.1" 200 344
120.253.135.82 - - [10/May/2024:07:45:26 +0800] "GET /xingrg/javascript/jquery_easy_ui/themes/default/images/panel_tool_collapse.gif HTTP/1.1" 304 -
120.253.135.82 - - [10/May/2024:07:45:28 +0800] "GET /xingrg/all/function/internal_message.html?_=1715298178419&CODE_STATE=count HTTP/1.1" 200 11
120.253.135.82 - - [10/May/2024:07:45:28 +0800] "GET /xingrg/check_reg.html?_=1715298178420 HTTP/1.1" 200 22
120.253.135.82 - - [10/May/2024:07:45:28 +0800] "GET /xingrg/javascript/jquery_easy_ui/themes/default/images/tree_arrows.gif HTTP/1.1" 304 -
120.253.135.82 - - [10/May/2024:07:45:28 +0800] "POST /xingrg/load_menu.html HTTP/1.1" 200 6743
120.253.135.82 - - [10/May/2024:07:45:28 +0800] "GET /xingrg/javascript/jquery_easy_ui/themes/default/images/tree_folder_open.gif HTTP/1.1" 304 -
120.253.135.82 - - [10/May/2024:07:45:28 +0800] "GET /xingrg/javascript/jquery_easy_ui/themes/icons/search_new.png HTTP/1.1" 304 -
120.253.135.82 - - [10/May/2024:07:45:28 +0800] "GET /xingrg/javascript/jquery_easy_ui/themes/icons/delivery_new.png HTTP/1.1" 304 -
120.253.135.82 - - [10/May/2024:07:45:28 +0800] "GET /xingrg/javascript/jquery_easy_ui/themes/icons/storage_new.png HTTP/1.1" 304 -
120.253.135.82 - - [10/May/2024:07:45:28 +0800] "GET /xingrg/javascript/jquery_easy_ui/themes/icons/forms_new.png HTTP/1.1" 304 -
120.253.135.82 - - [10/May/2024:07:45:28 +0800] "GET /xingrg/javascript/jquery_easy_ui/themes/default/images/tree_file.gif HTTP/1.1" 304 -
120.253.135.82 - - [10/May/2024:07:45:28 +0800] "GET /xingrg/javascript/jquery_easy_ui/themes/default/images/tree_folder.gif HTTP/1.1" 304 -
120.253.135.82 - - [10/May/2024:07:45:28 +0800] "GET /favicon.ico HTTP/1.1" 404 -
116.238.97.31 - - [10/May/2024:07:45:32 +0800] "GET /xingrg/kc/buy/cgsh_order_operate.html?command=get_materiel&rest_code=00102&code=00101008095&supplier_code=00100008&order_time=2024-05-10 HTTP/1.1" 200 412
120.253.135.82 - - [10/May/2024:07:45:33 +0800] "GET /xingrg/javascript/jquery_easy_ui/themes/default/images/tabs_close.gif HTTP/1.1" 304 -
120.253.135.82 - - [10/May/2024:07:45:33 +0800] "GET /xingrg/kc/pszx/mdps_order_list.html?orderType=0 HTTP/1.1" 200 21294
120.253.135.82 - - [10/May/2024:07:45:33 +0800] "GET /xingrg/css/base.css HTTP/1.1" 304 -
120.253.135.82 - - [10/May/2024:07:45:33 +0800] "GET /xingrg/css/site.css HTTP/1.1" 304 -
120.253.135.82 - - [10/May/2024:07:45:33 +0800] "GET /xingrg/javascript/jquery_tools/datebox.css HTTP/1.1" 304 -
120.253.135.82 - - [10/May/2024:07:45:33 +0800] "GET /xingrg/javascript/auto/jquery.autocomplete.css HTTP/1.1" 304 -
120.253.135.82 - - [10/May/2024:07:45:33 +0800] "GET /xingrg/javascript/easyui/themes/icon.css HTTP/1.1" 304 -
120.253.135.82 - - [10/May/2024:07:45:33 +0800] "GET /xingrg/javascript/easyui/themes/default/easyui.css HTTP/1.1" 304 -
120.253.135.82 - - [10/May/2024:07:45:33 +0800] "GET /xingrg/javascript/jquery_tools/fix.css HTTP/1.1" 304 -
120.253.135.82 - - [10/May/2024:07:45:33 +0800] "GET /xingrg/javascript/jquery_tools/table.css HTTP/1.1" 304 -
120.253.135.82 - - [10/May/2024:07:45:33 +0800] "GET /xingrg/javascript/jquery_tools/jquery.tools.extend.js HTTP/1.1" 304 -
120.253.135.82 - - [10/May/2024:07:45:33 +0800] "GET /xingrg/javascript/jquery_tools/jquery.tools.min.js HTTP/1.1" 304 -
120.253.135.82 - - [10/May/2024:07:45:33 +0800] "GET /xingrg/javascript/jquery_tools/jquery.tools.table.js HTTP/1.1" 304 -
120.253.135.82 - - [10/May/2024:07:45:33 +0800] "GET /xingrg/javascript/jquery_tools/jquery.tools.hotkey.js HTTP/1.1" 304 -
120.253.135.82 - - [10/May/2024:07:45:33 +0800] "GET /xingrg/javascript/jquery_tools/list_manager.js HTTP/1.1" 304 -
120.253.135.82 - - [10/May/2024:07:45:33 +0800] "GET /xingrg/javascript/auto/jquery.autocomplete.js HTTP/1.1" 304 -
120.253.135.82 - - [10/May/2024:07:45:33 +0800] "GET /xingrg/javascript/easyui/easyloader.js HTTP/1.1" 304 -
120.253.135.82 - - [10/May/2024:07:45:33 +0800] "GET /xingrg/javascript/jquery.cookie.js HTTP/1.1" 304 -
120.253.135.82 - - [10/May/2024:07:45:33 +0800] "GET /xingrg/javascript/print/LodopFuncs.js HTTP/1.1" 304 -
120.253.135.82 - - [10/May/2024:07:45:34 +0800] "GET /xingrg/javascript/easyui/themes/icons/edit_add_new.png HTTP/1.1" 304 -
120.253.135.82 - - [10/May/2024:07:45:34 +0800] "GET /xingrg/javascript/easyui/themes/icons/cance_new.png HTTP/1.1" 304 -
120.253.135.82 - - [10/May/2024:07:45:34 +0800] "GET /xingrg/javascript/easyui/themes/icons/check_new.png HTTP/1.1" 304 -
120.253.135.82 - - [10/May/2024:07:45:34 +0800] "GET /xingrg/javascript/easyui/themes/icons/import_new.png HTTP/1.1" 304 -
120.253.135.82 - - [10/May/2024:07:45:34 +0800] "GET /xingrg/javascript/easyui/themes/icons/field_new.png HTTP/1.1" 304 -
120.253.135.82 - - [10/May/2024:07:45:34 +0800] "GET /xingrg/javascript/easyui/themes/icons/uncheck_new.png HTTP/1.1" 304 -
120.253.135.82 - - [10/May/2024:07:45:34 +0800] "GET /xingrg/javascript/jquery_easy_ui/themes/icons/area.png HTTP/1.1" 304 -
120.253.135.82 - - [10/May/2024:07:45:34 +0800] "GET /xingrg/javascript/jquery_easy_ui/themes/icons/manage.png HTTP/1.1" 304 -
120.253.135.82 - - [10/May/2024:07:45:34 +0800] "GET /xingrg/javascript/easyui/plugins/jquery.parser.js HTTP/1.1" 304 -
120.253.135.82 - - [10/May/2024:07:45:34 +0800] "GET /xingrg/images/control/ajaxLoader.gif HTTP/1.1" 304 -
120.253.135.82 - - [10/May/2024:07:45:34 +0800] "POST /xingrg/kc/pszx/mdps_list_operate.html HTTP/1.1" 200 5193
180.164.6.225 - - [10/May/2024:07:45:37 +0800] "GET /xingrg/all/function/internal_message.html?_=1715298336800&CODE_STATE=getMsg HTTP/1.1" 200 27
180.164.6.225 - - [10/May/2024:07:45:37 +0800] "GET /xingrg/check_reg.html?_=1715298336802 HTTP/1.1" 200 22
120.253.135.82 - - [10/May/2024:07:45:39 +0800] "GET /xingrg/javascript/auto/indicator.gif HTTP/1.1" 404 1066
116.238.97.31 - - [10/May/2024:07:45:41 +0800] "GET /xingrg/kc/buy/cgsh_order_operate.html?command=get_materiel&rest_code=00102&code=00101008160&supplier_code=00100008&order_time=2024-05-10 HTTP/1.1" 200 427
116.238.97.31 - - [10/May/2024:07:45:51 +0800] "GET /xingrg/kc/buy/cgsh_order_operate.html?command=get_materiel&rest_code=00102&code=00101008284&supplier_code=00100008&order_time=2024-05-10 HTTP/1.1" 200 412
180.169.147.146 - - [10/May/2024:07:45:51 +0800] "GET /xingrg/all/function/internal_message.html?_=1715298351643&CODE_STATE=getMsg HTTP/1.1" 200 27
222.64.58.117 - - [10/May/2024:07:45:52 +0800] "POST /xingrg/services/DataTransmitService HTTP/1.1" 200 524
180.169.147.146 - - [10/May/2024:07:45:54 +0800] "GET /xingrg/all/function/internal_message.html?_=1715298353431&CODE_STATE=getMsg HTTP/1.1" 200 27
124.78.56.241 - - [10/May/2024:07:45:54 +0800] "GET /xingrg/all/function/internal_message.html?_=1715298355173&CODE_STATE=getMsg HTTP/1.1" 200 27
180.169.147.146 - - [10/May/2024:07:45:58 +0800] "GET /xingrg/all/function/internal_message.html?_=1715298357970&CODE_STATE=getMsg HTTP/1.1" 200 27
120.253.135.82 - - [10/May/2024:07:45:59 +0800] "POST /xingrg/kc/pszx/mdps_list_operate.html HTTP/1.1" 200 1689
116.238.97.31 - - [10/May/2024:07:46:01 +0800] "GET /xingrg/kc/buy/cgsh_order_operate.html?command=get_materiel&rest_code=00102&code=00101008123&supplier_code=00100008&order_time=2024-05-10 HTTP/1.1" 200 412
120.253.135.82 - - [10/May/2024:07:46:01 +0800] "POST /xingrg/kc/pszx/mdps_list_operate.html HTTP/1.1" 200 601
116.238.97.31 - - [10/May/2024:07:46:01 +0800] "GET /xingrg/check_reg.html?_=1715298361806 HTTP/1.1" 200 22
116.238.97.31 - - [10/May/2024:07:46:01 +0800] "GET /xingrg/all/function/internal_message.html?_=1715298361809&CODE_STATE=getMsg HTTP/1.1" 200 27
120.253.135.82 - - [10/May/2024:07:46:02 +0800] "GET /xingrg/kc/pszx/mdps_order_info.html?code=312024050900196 HTTP/1.1" 200 23976
120.253.135.82 - - [10/May/2024:07:46:02 +0800] "GET /xingrg/javascript/myfunction.js HTTP/1.1" 304 -
120.253.135.82 - - [10/May/2024:07:46:02 +0800] "GET /xingrg/javascript/pic_change.js HTTP/1.1" 304 -
120.253.135.82 - - [10/May/2024:07:46:02 +0800] "GET /xingrg/javascript/convert.js HTTP/1.1" 304 -
120.253.135.82 - - [10/May/2024:07:46:02 +0800] "GET /xingrg/javascript/json2.js HTTP/1.1" 304 -
