124.78.56.241 - - [10/May/2024:09:55:54 +0800] "GET /xingrg/all/function/internal_message.html?_=1715306155056&CODE_STATE=getMsg HTTP/1.1" 200 27
101.83.240.18 - - [10/May/2024:09:56:01 +0800] "POST /xingrg/services/DataTransmitService HTTP/1.1" 200 524
180.164.6.225 - - [10/May/2024:09:56:05 +0800] "GET /xingrg/all/function/internal_message.html?_=1715306164812&CODE_STATE=getMsg HTTP/1.1" 200 27
218.79.29.216 - - [10/May/2024:09:56:10 +0800] "GET /xingrg/all/function/internal_message.html?_=1715306179374&CODE_STATE=getMsg HTTP/1.1" 200 27
61.170.233.33 - - [10/May/2024:09:56:10 +0800] "GET /xingrg/all/function/internal_message.html?_=1715306167807&CODE_STATE=getMsg HTTP/1.1" 200 27
61.170.233.33 - - [10/May/2024:09:56:11 +0800] "GET /xingrg/check_reg.html?_=1715306168107 HTTP/1.1" 200 22
101.80.230.31 - - [10/May/2024:09:56:12 +0800] "GET /xingrg/all/function/internal_message.html?_=1715306179724&CODE_STATE=getMsg HTTP/1.1" 200 27
114.95.253.235 - - [10/May/2024:09:56:23 +0800] "GET /xingrg/all/function/internal_message.html?_=1715306183571&CODE_STATE=getMsg HTTP/1.1" 200 27
180.169.147.146 - - [10/May/2024:09:56:31 +0800] "GET /xingrg/all/function/internal_message.html?_=1715306191209&CODE_STATE=getMsg HTTP/1.1" 200 27
120.253.135.82 - - [10/May/2024:09:56:31 +0800] "GET /xingrg/all/function/internal_message.html?_=1715306041730&CODE_STATE=getMsg HTTP/1.1" 200 27
101.83.144.49 - - [10/May/2024:09:56:34 +0800] "GET /xingrg/check_reg.html?_=1715306196121 HTTP/1.1" 200 22
222.70.183.82 - - [10/May/2024:09:56:35 +0800] "GET /xingrg/all/function/internal_message.html?_=1715306196006&CODE_STATE=getMsg HTTP/1.1" 200 27
101.83.144.49 - - [10/May/2024:09:56:43 +0800] "GET /xingrg/all/function/internal_message.html?_=1715306205455&CODE_STATE=getMsg HTTP/1.1" 200 27
222.69.130.33 - - [10/May/2024:09:56:49 +0800] "GET /xingrg/all/function/internal_message.html?_=1715306210537&CODE_STATE=getMsg HTTP/1.1" 200 27
114.95.253.235 - - [10/May/2024:09:56:54 +0800] "GET /xingrg/all/function/internal_message.html?_=1715306214222&CODE_STATE=getMsg HTTP/1.1" 200 27
180.169.147.146 - - [10/May/2024:09:56:54 +0800] "GET /xingrg/all/function/internal_message.html?_=1715306213442&CODE_STATE=getMsg HTTP/1.1" 302 -
124.78.56.241 - - [10/May/2024:09:56:54 +0800] "GET /xingrg/all/function/internal_message.html?_=1715306215043&CODE_STATE=getMsg HTTP/1.1" 200 27
180.164.6.225 - - [10/May/2024:09:57:05 +0800] "GET /xingrg/all/function/internal_message.html?_=1715306224789&CODE_STATE=getMsg HTTP/1.1" 200 27
218.79.29.216 - - [10/May/2024:09:57:10 +0800] "GET /xingrg/check_reg.html?_=1715306239376 HTTP/1.1" 200 22
218.79.29.216 - - [10/May/2024:09:57:10 +0800] "GET /xingrg/all/function/internal_message.html?_=1715306239379&CODE_STATE=getMsg HTTP/1.1" 200 27
61.170.233.33 - - [10/May/2024:09:57:10 +0800] "GET /xingrg/all/function/internal_message.html?_=1715306227781&CODE_STATE=getMsg HTTP/1.1" 200 27
101.80.230.31 - - [10/May/2024:09:57:12 +0800] "GET /xingrg/all/function/internal_message.html?_=1715306239724&CODE_STATE=getMsg HTTP/1.1" 200 27
114.95.253.235 - - [10/May/2024:09:57:23 +0800] "GET /xingrg/all/function/internal_message.html?_=1715306243580&CODE_STATE=getMsg HTTP/1.1" 200 27
114.95.253.235 - - [10/May/2024:09:57:23 +0800] "GET /xingrg/check_reg.html?_=1715306243583 HTTP/1.1" 200 22
180.169.147.146 - - [10/May/2024:09:57:31 +0800] "GET /xingrg/all/function/internal_message.html?_=1715306251208&CODE_STATE=getMsg HTTP/1.1" 200 27
120.253.135.82 - - [10/May/2024:09:57:31 +0800] "GET /xingrg/all/function/internal_message.html?_=1715306101743&CODE_STATE=getMsg HTTP/1.1" 200 27
222.70.183.82 - - [10/May/2024:09:57:35 +0800] "GET /xingrg/all/function/internal_message.html?_=1715306256010&CODE_STATE=getMsg HTTP/1.1" 200 27
101.83.144.49 - - [10/May/2024:09:57:43 +0800] "GET /xingrg/all/function/internal_message.html?_=1715306265433&CODE_STATE=getMsg HTTP/1.1" 200 27
222.69.130.33 - - [10/May/2024:09:57:49 +0800] "GET /xingrg/all/function/internal_message.html?_=1715306270546&CODE_STATE=getMsg HTTP/1.1" 200 27
222.69.130.33 - - [10/May/2024:09:57:49 +0800] "GET /xingrg/check_reg.html?_=1715306270549 HTTP/1.1" 200 22
114.95.253.235 - - [10/May/2024:09:57:54 +0800] "GET /xingrg/all/function/internal_message.html?_=1715306274203&CODE_STATE=getMsg HTTP/1.1" 200 27
180.169.147.146 - - [10/May/2024:09:57:54 +0800] "GET /xingrg/all/function/internal_message.html?_=1715306273430&CODE_STATE=getMsg HTTP/1.1" 302 -
124.78.56.241 - - [10/May/2024:09:57:54 +0800] "GET /xingrg/all/function/internal_message.html?_=1715306275020&CODE_STATE=getMsg HTTP/1.1" 200 27
114.95.253.235 - - [10/May/2024:09:57:55 +0800] "GET /xingrg/check_reg.html?_=1715306275253 HTTP/1.1" 200 22
180.164.6.225 - - [10/May/2024:09:58:05 +0800] "GET /xingrg/all/function/internal_message.html?_=1715306284785&CODE_STATE=getMsg HTTP/1.1" 200 27
218.79.29.216 - - [10/May/2024:09:58:10 +0800] "GET /xingrg/all/function/internal_message.html?_=1715306299366&CODE_STATE=getMsg HTTP/1.1" 200 27
61.170.233.33 - - [10/May/2024:09:58:10 +0800] "GET /xingrg/all/function/internal_message.html?_=1715306287756&CODE_STATE=getMsg HTTP/1.1" 200 27
101.80.230.31 - - [10/May/2024:09:58:12 +0800] "GET /xingrg/all/function/internal_message.html?_=1715306299726&CODE_STATE=getMsg HTTP/1.1" 200 27
114.95.253.235 - - [10/May/2024:09:58:23 +0800] "GET /xingrg/all/function/internal_message.html?_=1715306303572&CODE_STATE=getMsg HTTP/1.1" 200 27
180.169.147.146 - - [10/May/2024:09:58:31 +0800] "GET /xingrg/all/function/internal_message.html?_=1715306311203&CODE_STATE=getMsg HTTP/1.1" 200 27
180.169.147.146 - - [10/May/2024:09:58:31 +0800] "GET /xingrg/check_reg.html?_=1715306311209 HTTP/1.1" 200 22
120.253.135.82 - - [10/May/2024:09:58:31 +0800] "GET /xingrg/all/function/internal_message.html?_=1715306161836&CODE_STATE=getMsg HTTP/1.1" 200 27
222.70.183.82 - - [10/May/2024:09:58:35 +0800] "GET /xingrg/all/function/internal_message.html?_=1715306316037&CODE_STATE=getMsg HTTP/1.1" 200 27
101.83.144.49 - - [10/May/2024:09:58:43 +0800] "GET /xingrg/all/function/internal_message.html?_=1715306325404&CODE_STATE=getMsg HTTP/1.1" 200 27
222.69.130.33 - - [10/May/2024:09:58:49 +0800] "GET /xingrg/all/function/internal_message.html?_=1715306330538&CODE_STATE=getMsg HTTP/1.1" 200 27
116.232.195.13 - - [10/May/2024:09:58:52 +0800] "GET /xingrg/index.html?sysBaseUrl=http%3A%2F%2F180.169.147.146%3A18081%2Fxingrg%2F&costTime=1277×tamp=1606817596806 HTTP/1.1" 302 -
116.232.195.13 - - [10/May/2024:09:58:52 +0800] "GET /xingrg/login.html HTTP/1.1" 200 7641
116.232.195.13 - - [10/May/2024:09:58:53 +0800] "GET /favicon.ico HTTP/1.1" 404 -
114.95.253.235 - - [10/May/2024:09:58:54 +0800] "GET /xingrg/all/function/internal_message.html?_=1715306334182&CODE_STATE=getMsg HTTP/1.1" 200 27
180.169.147.146 - - [10/May/2024:09:58:54 +0800] "GET /xingrg/all/function/internal_message.html?_=1715306333438&CODE_STATE=getMsg HTTP/1.1" 302 -
124.78.56.241 - - [10/May/2024:09:58:54 +0800] "GET /xingrg/all/function/internal_message.html?_=1715306335011&CODE_STATE=getMsg HTTP/1.1" 200 27
124.78.56.241 - - [10/May/2024:09:58:54 +0800] "GET /xingrg/check_reg.html?_=1715306335073 HTTP/1.1" 200 22
180.164.6.225 - - [10/May/2024:09:59:05 +0800] "GET /xingrg/all/function/internal_message.html?_=1715306344772&CODE_STATE=getMsg HTTP/1.1" 200 27
116.232.195.13 - - [10/May/2024:09:59:09 +0800] "POST /xingrg/login.do HTTP/1.1" 200 2421
116.232.195.13 - - [10/May/2024:09:59:09 +0800] "GET /xingrg/images/blue/pic_top.gif HTTP/1.1" 200 3656
116.232.195.13 - - [10/May/2024:09:59:09 +0800] "GET /xingrg/images/blue/pic_notice.jpg HTTP/1.1" 200 3583
116.232.195.13 - - [10/May/2024:09:59:09 +0800] "GET /xingrg/images/blue/error_mid.gif HTTP/1.1" 200 215
116.232.195.13 - - [10/May/2024:09:59:09 +0800] "GET /xingrg/images/blue/error_top.gif HTTP/1.1" 200 1790
116.232.195.13 - - [10/May/2024:09:59:09 +0800] "GET /xingrg/images/blue/error_buttom.gif HTTP/1.1" 200 1750
116.232.195.13 - - [10/May/2024:09:59:09 +0800] "GET /favicon.ico HTTP/1.1" 404 -
218.79.29.216 - - [10/May/2024:09:59:10 +0800] "GET /xingrg/all/function/internal_message.html?_=1715306359383&CODE_STATE=getMsg HTTP/1.1" 200 27
61.170.233.33 - - [10/May/2024:09:59:10 +0800] "GET /xingrg/all/function/internal_message.html?_=1715306347728&CODE_STATE=getMsg HTTP/1.1" 200 27
116.232.195.13 - - [10/May/2024:09:59:11 +0800] "GET /xingrg/login.html HTTP/1.1" 200 7641
116.232.195.13 - - [10/May/2024:09:59:11 +0800] "GET /favicon.ico HTTP/1.1" 404 -
101.80.230.31 - - [10/May/2024:09:59:12 +0800] "GET /xingrg/all/function/internal_message.html?_=1715306359725&CODE_STATE=getMsg HTTP/1.1" 200 27
116.232.195.13 - - [10/May/2024:09:59:19 +0800] "POST /xingrg/login.do HTTP/1.1" 302 -
116.232.195.13 - - [10/May/2024:09:59:19 +0800] "GET /xingrg/index.html?sysBaseUrl=http%3A%2F%2F180.169.147.146%3A18081%2Fxingrg%2F&costTime=810×tamp=1715306359301 HTTP/1.1" 200 17179
116.232.195.13 - - [10/May/2024:09:59:19 +0800] "GET /favicon.ico HTTP/1.1" 404 -
116.232.195.13 - - [10/May/2024:09:59:19 +0800] "GET /xingrg/all/function/internal_message.html?_=1715306333137&CODE_STATE=count HTTP/1.1" 200 11
116.232.195.13 - - [10/May/2024:09:59:19 +0800] "GET /xingrg/check_reg.html?_=1715306333138 HTTP/1.1" 200 22
116.232.195.13 - - [10/May/2024:09:59:19 +0800] "POST /xingrg/all/common/load_tree.html?tree=area_rest_tree_json&manage=1 HTTP/1.1" 200 351
116.232.195.13 - - [10/May/2024:09:59:19 +0800] "POST /xingrg/load_menu.html HTTP/1.1" 200 5138
114.95.253.235 - - [10/May/2024:09:59:23 +0800] "GET /xingrg/all/function/internal_message.html?_=1715306363587&CODE_STATE=getMsg HTTP/1.1" 200 27
116.232.195.13 - - [10/May/2024:09:59:29 +0800] "GET /xingrg/kc/buy/cgsh_order_list.html HTTP/1.1" 200 58767
180.169.147.146 - - [10/May/2024:09:59:31 +0800] "GET /xingrg/all/function/internal_message.html?_=1715306371207&CODE_STATE=getMsg HTTP/1.1" 200 27
120.253.135.82 - - [10/May/2024:09:59:31 +0800] "GET /xingrg/all/function/internal_message.html?_=1715306221849&CODE_STATE=getMsg HTTP/1.1" 200 27
222.70.183.82 - - [10/May/2024:09:59:35 +0800] "GET /xingrg/check_reg.html?_=1715306376040 HTTP/1.1" 200 22
222.70.183.82 - - [10/May/2024:09:59:35 +0800] "GET /xingrg/all/function/internal_message.html?_=1715306376043&CODE_STATE=getMsg HTTP/1.1" 200 27
101.83.144.49 - - [10/May/2024:09:59:43 +0800] "GET /xingrg/all/function/internal_message.html?_=1715306385375&CODE_STATE=getMsg HTTP/1.1" 200 27
116.238.97.31 - - [10/May/2024:09:59:47 +0800] "GET /xingrg/check_reg.html?_=1715306388037 HTTP/1.1" 200 22
222.69.130.33 - - [10/May/2024:09:59:49 +0800] "GET /xingrg/all/function/internal_message.html?_=1715306390544&CODE_STATE=getMsg HTTP/1.1" 200 27
114.95.253.235 - - [10/May/2024:09:59:54 +0800] "GET /xingrg/all/function/internal_message.html?_=1715306394180&CODE_STATE=getMsg HTTP/1.1" 200 27
180.169.147.146 - - [10/May/2024:09:59:54 +0800] "GET /xingrg/check_reg.html?_=1715306393434 HTTP/1.1" 302 -
180.169.147.146 - - [10/May/2024:09:59:54 +0800] "GET /xingrg/all/function/internal_message.html?_=1715306393436&CODE_STATE=getMsg HTTP/1.1" 302 -
124.78.56.241 - - [10/May/2024:09:59:54 +0800] "GET /xingrg/all/function/internal_message.html?_=1715306395001&CODE_STATE=getMsg HTTP/1.1" 200 27
180.164.6.225 - - [10/May/2024:10:00:05 +0800] "GET /xingrg/all/function/internal_message.html?_=1715306404762&CODE_STATE=getMsg HTTP/1.1" 200 27
180.164.6.225 - - [10/May/2024:10:00:05 +0800] "GET /xingrg/check_reg.html?_=1715306404888 HTTP/1.1" 200 22
218.79.29.216 - - [10/May/2024:10:00:10 +0800] "GET /xingrg/all/function/internal_message.html?_=1715306419382&CODE_STATE=getMsg HTTP/1.1" 200 27
61.170.233.33 - - [10/May/2024:10:00:10 +0800] "GET /xingrg/all/function/internal_message.html?_=1715306407701&CODE_STATE=getMsg HTTP/1.1" 200 27
101.80.230.31 - - [10/May/2024:10:00:12 +0800] "GET /xingrg/check_reg.html?_=1715306419726 HTTP/1.1" 200 22
101.80.230.31 - - [10/May/2024:10:00:12 +0800] "GET /xingrg/all/function/internal_message.html?_=1715306419726&CODE_STATE=getMsg HTTP/1.1" 200 27
116.232.195.13 - - [10/May/2024:10:00:19 +0800] "GET /xingrg/all/function/internal_message.html?_=1715306393147&CODE_STATE=getMsg HTTP/1.1" 200 27
114.95.253.235 - - [10/May/2024:10:00:23 +0800] "GET /xingrg/all/function/internal_message.html?_=1715306423572&CODE_STATE=getMsg HTTP/1.1" 200 27
120.253.135.82 - - [10/May/2024:10:00:29 +0800] "GET /xingrg/check_reg.html?_=1715306279505 HTTP/1.1" 200 22
116.232.195.13 - - [10/May/2024:10:00:29 +0800] "POST /xingrg/kc/buy/cgsh_list_operate.html HTTP/1.1" 200 4270
180.169.147.146 - - [10/May/2024:10:00:31 +0800] "GET /xingrg/all/function/internal_message.html?_=1715306431208&CODE_STATE=getMsg HTTP/1.1" 200 27
120.253.135.82 - - [10/May/2024:10:00:31 +0800] "GET /xingrg/all/function/internal_message.html?_=1715306281862&CODE_STATE=getMsg HTTP/1.1" 200 27
222.70.183.82 - - [10/May/2024:10:00:35 +0800] "GET /xingrg/all/function/internal_message.html?_=1715306436028&CODE_STATE=getMsg HTTP/1.1" 200 27
101.83.144.49 - - [10/May/2024:10:00:43 +0800] "GET /xingrg/all/function/internal_message.html?_=1715306445347&CODE_STATE=getMsg HTTP/1.1" 200 27
222.69.130.33 - - [10/May/2024:10:00:49 +0800] "GET /xingrg/all/function/internal_message.html?_=1715306450530&CODE_STATE=getMsg HTTP/1.1" 200 27
114.95.253.235 - - [10/May/2024:10:00:54 +0800] "GET /xingrg/all/function/internal_message.html?_=1715306454162&CODE_STATE=getMsg HTTP/1.1" 200 27
180.169.147.146 - - [10/May/2024:10:00:54 +0800] "GET /xingrg/all/function/internal_message.html?_=1715306453427&CODE_STATE=getMsg HTTP/1.1" 302 -
124.78.56.241 - - [10/May/2024:10:00:54 +0800] "GET /xingrg/all/function/internal_message.html?_=1715306455007&CODE_STATE=getMsg HTTP/1.1" 200 27
180.164.6.225 - - [10/May/2024:10:01:05 +0800] "GET /xingrg/all/function/internal_message.html?_=1715306464748&CODE_STATE=getMsg HTTP/1.1" 200 27
116.232.195.13 - - [10/May/2024:10:01:08 +0800] "POST /xingrg/kc/buy/cgsh_list_operate.html HTTP/1.1" 200 568
218.79.29.216 - - [10/May/2024:10:01:10 +0800] "GET /xingrg/all/function/internal_message.html?_=1715306479375&CODE_STATE=getMsg HTTP/1.1" 200 27
61.170.233.33 - - [10/May/2024:10:01:10 +0800] "GET /xingrg/all/function/internal_message.html?_=1715306467687&CODE_STATE=getMsg HTTP/1.1" 200 27
61.170.233.33 - - [10/May/2024:10:01:11 +0800] "GET /xingrg/check_reg.html?_=1715306468113 HTTP/1.1" 200 22
101.80.230.31 - - [10/May/2024:10:01:12 +0800] "GET /xingrg/all/function/internal_message.html?_=1715306479724&CODE_STATE=getMsg HTTP/1.1" 200 27
116.232.195.13 - - [10/May/2024:10:01:20 +0800] "GET /xingrg/all/function/internal_message.html?_=1715306453559&CODE_STATE=getMsg HTTP/1.1" 200 27
116.232.195.13 - - [10/May/2024:10:01:23 +0800] "GET /xingrg/kc/buy/cgsh_order_add.html HTTP/1.1" 200 74662
114.95.253.235 - - [10/May/2024:10:01:23 +0800] "GET /xingrg/all/function/internal_message.html?_=1715306483580&CODE_STATE=getMsg HTTP/1.1" 200 27
116.232.195.13 - - [10/May/2024:10:01:23 +0800] "GET /xingrg/words/20240509093912_words.js HTTP/1.1" 304 -
116.232.195.13 - - [10/May/2024:10:01:23 +0800] "POST /xingrg/kc/buy/cgsh_order_operate.html HTTP/1.1" 200 8245
116.232.195.13 - - [10/May/2024:10:01:23 +0800] "GET /xingrg/javascript/easyui/themes/default/validatebox.css HTTP/1.1" 404 1104
116.232.195.13 - - [10/May/2024:10:01:23 +0800] "GET /xingrg/all/common/auto_word.html?type=employee&rest_code=00155 HTTP/1.1" 200 255
116.232.195.13 - - [10/May/2024:10:01:23 +0800] "GET /xingrg/all/common/auto_word.html?type=employee&rest_code=00155 HTTP/1.1" 200 255
116.232.195.13 - - [10/May/2024:10:01:28 +0800] "GET /xingrg/javascript/auto/indicator.gif HTTP/1.1" 404 1066
116.232.195.13 - - [10/May/2024:10:01:29 +0800] "GET /xingrg/javascript/jquery_tools/images/prev.gif HTTP/1.1" 404 1086
116.232.195.13 - - [10/May/2024:10:01:29 +0800] "GET /xingrg/javascript/jquery_tools/images/next.gif HTTP/1.1" 404 1086
180.169.147.146 - - [10/May/2024:10:01:31 +0800] "GET /xingrg/all/function/internal_message.html?_=1715306491209&CODE_STATE=getMsg HTTP/1.1" 200 27
120.253.135.82 - - [10/May/2024:10:01:31 +0800] "GET /xingrg/all/function/internal_message.html?_=1715306341876&CODE_STATE=getMsg HTTP/1.1" 200 27
101.83.144.49 - - [10/May/2024:10:01:34 +0800] "GET /xingrg/check_reg.html?_=1715306496113 HTTP/1.1" 200 22
222.70.183.82 - - [10/May/2024:10:01:35 +0800] "GET /xingrg/all/function/internal_message.html?_=1715306496036&CODE_STATE=getMsg HTTP/1.1" 200 27
101.83.144.49 - - [10/May/2024:10:01:43 +0800] "GET /xingrg/all/function/internal_message.html?_=1715306505328&CODE_STATE=getMsg HTTP/1.1" 200 27
116.232.195.13 - - [10/May/2024:10:01:48 +0800] "GET /xingrg/kc/buy/cgsh_order_operate.html?command=get_materiel&rest_code=00155&code=00101006358&supplier_code=00100670&order_time=2024-05-10 HTTP/1.1" 200 416
222.69.130.33 - - [10/May/2024:10:01:49 +0800] "GET /xingrg/all/function/internal_message.html?_=1715306510536&CODE_STATE=getMsg HTTP/1.1" 200 27
114.95.253.235 - - [10/May/2024:10:01:54 +0800] "GET /xingrg/all/function/internal_message.html?_=1715306514143&CODE_STATE=getMsg HTTP/1.1" 200 27
180.169.147.146 - - [10/May/2024:10:01:54 +0800] "GET /xingrg/all/function/internal_message.html?_=1715306513430&CODE_STATE=getMsg HTTP/1.1" 302 -
124.78.56.241 - - [10/May/2024:10:01:54 +0800] "GET /xingrg/all/function/internal_message.html?_=1715306515005&CODE_STATE=getMsg HTTP/1.1" 200 27
180.164.6.225 - - [10/May/2024:10:02:05 +0800] "GET /xingrg/all/function/internal_message.html?_=1715306524725&CODE_STATE=getMsg HTTP/1.1" 200 27
218.79.29.216 - - [10/May/2024:10:02:10 +0800] "GET /xingrg/all/function/internal_message.html?_=1715306539384&CODE_STATE=getMsg HTTP/1.1" 200 27
218.79.29.216 - - [10/May/2024:10:02:10 +0800] "GET /xingrg/check_reg.html?_=1715306539386 HTTP/1.1" 200 22
61.170.233.33 - - [10/May/2024:10:02:10 +0800] "GET /xingrg/all/function/internal_message.html?_=1715306527666&CODE_STATE=getMsg HTTP/1.1" 200 27
101.80.230.31 - - [10/May/2024:10:02:12 +0800] "GET /xingrg/all/function/internal_message.html?_=1715306539727&CODE_STATE=getMsg HTTP/1.1" 200 27
116.232.195.13 - - [10/May/2024:10:02:20 +0800] "GET /xingrg/all/function/internal_message.html?_=1715306513538&CODE_STATE=getMsg HTTP/1.1" 200 27
114.95.253.235 - - [10/May/2024:10:02:23 +0800] "GET /xingrg/all/function/internal_message.html?_=1715306543573&CODE_STATE=getMsg HTTP/1.1" 200 27
114.95.253.235 - - [10/May/2024:10:02:23 +0800] "GET /xingrg/check_reg.html?_=1715306543577 HTTP/1.1" 200 22
180.169.147.146 - - [10/May/2024:10:02:31 +0800] "GET /xingrg/all/function/internal_message.html?_=1715306551216&CODE_STATE=getMsg HTTP/1.1" 200 27
120.253.135.82 - - [10/May/2024:10:02:31 +0800] "GET /xingrg/all/function/internal_message.html?_=1715306401889&CODE_STATE=getMsg HTTP/1.1" 200 27
116.232.195.13 - - [10/May/2024:10:02:34 +0800] "GET /xingrg/kc/buy/cgsh_order_operate.html?command=get_materiel&rest_code=00155&code=00101010044&supplier_code=00100670&order_time=2024-05-10 HTTP/1.1" 200 409
222.70.183.82 - - [10/May/2024:10:02:35 +0800] "GET /xingrg/all/function/internal_message.html?_=1715306556040&CODE_STATE=getMsg HTTP/1.1" 200 27
101.83.144.49 - - [10/May/2024:10:02:43 +0800] "GET /xingrg/all/function/internal_message.html?_=1715306565304&CODE_STATE=getMsg HTTP/1.1" 200 27
222.69.130.33 - - [10/May/2024:10:02:49 +0800] "GET /xingrg/all/function/internal_message.html?_=1715306570553&CODE_STATE=getMsg HTTP/1.1" 200 27
222.69.130.33 - - [10/May/2024:10:02:49 +0800] "GET /xingrg/check_reg.html?_=1715306570554 HTTP/1.1" 200 22
114.95.253.235 - - [10/May/2024:10:02:54 +0800] "GET /xingrg/all/function/internal_message.html?_=1715306574122&CODE_STATE=getMsg HTTP/1.1" 200 27
180.169.147.146 - - [10/May/2024:10:02:54 +0800] "GET /xingrg/all/function/internal_message.html?_=1715306573432&CODE_STATE=getMsg HTTP/1.1" 302 -
124.78.56.241 - - [10/May/2024:10:02:54 +0800] "GET /xingrg/all/function/internal_message.html?_=1715306575015&CODE_STATE=getMsg HTTP/1.1" 200 27
114.95.253.235 - - [10/May/2024:10:02:55 +0800] "GET /xingrg/check_reg.html?_=1715306575251 HTTP/1.1" 200 22
180.164.6.225 - - [10/May/2024:10:03:05 +0800] "GET /xingrg/all/function/internal_message.html?_=1715306584708&CODE_STATE=getMsg HTTP/1.1" 200 27
218.79.29.216 - - [10/May/2024:10:03:10 +0800] "GET /xingrg/all/function/internal_message.html?_=1715306599384&CODE_STATE=getMsg HTTP/1.1" 200 27
61.170.233.33 - - [10/May/2024:10:03:10 +0800] "GET /xingrg/all/function/internal_message.html?_=1715306587639&CODE_STATE=getMsg HTTP/1.1" 200 27
101.80.230.31 - - [10/May/2024:10:03:12 +0800] "GET /xingrg/all/function/internal_message.html?_=1715306599726&CODE_STATE=getMsg HTTP/1.1" 200 27
116.232.195.13 - - [10/May/2024:10:03:19 +0800] "GET /xingrg/kc/buy/cgsh_order_operate.html?command=get_materiel&rest_code=00155&code=00101006292&supplier_code=00100670&order_time=2024-05-10 HTTP/1.1" 200 414
116.232.195.13 - - [10/May/2024:10:03:20 +0800] "GET /xingrg/all/function/internal_message.html?_=1715306573511&CODE_STATE=getMsg HTTP/1.1" 200 27
114.95.253.235 - - [10/May/2024:10:03:23 +0800] "GET /xingrg/all/function/internal_message.html?_=1715306603588&CODE_STATE=getMsg HTTP/1.1" 200 27
180.169.147.146 - - [10/May/2024:10:03:31 +0800] "GET /xingrg/check_reg.html?_=1715306611198 HTTP/1.1" 200 22
180.169.147.146 - - [10/May/2024:10:03:31 +0800] "GET /xingrg/all/function/internal_message.html?_=1715306611200&CODE_STATE=getMsg HTTP/1.1" 200 27
120.253.135.82 - - [10/May/2024:10:03:31 +0800] "GET /xingrg/all/function/internal_message.html?_=1715306461985&CODE_STATE=getMsg HTTP/1.1" 200 27
222.70.183.82 - - [10/May/2024:10:03:35 +0800] "GET /xingrg/all/function/internal_message.html?_=1715306616030&CODE_STATE=getMsg HTTP/1.1" 200 27
101.83.144.49 - - [10/May/2024:10:03:43 +0800] "GET /xingrg/all/function/internal_message.html?_=1715306625280&CODE_STATE=getMsg HTTP/1.1" 200 27
222.69.130.33 - - [10/May/2024:10:03:49 +0800] "GET /xingrg/all/function/internal_message.html?_=1715306630553&CODE_STATE=getMsg HTTP/1.1" 200 27
114.95.253.235 - - [10/May/2024:10:03:54 +0800] "GET /xingrg/all/function/internal_message.html?_=1715306634104&CODE_STATE=getMsg HTTP/1.1" 200 27
180.169.147.146 - - [10/May/2024:10:03:54 +0800] "GET /xingrg/all/function/internal_message.html?_=1715306633432&CODE_STATE=getMsg HTTP/1.1" 302 -
124.78.56.241 - - [10/May/2024:10:03:54 +0800] "GET /xingrg/all/function/internal_message.html?_=1715306635005&CODE_STATE=getMsg HTTP/1.1" 200 27
124.78.56.241 - - [10/May/2024:10:03:54 +0800] "GET /xingrg/check_reg.html?_=1715306635047 HTTP/1.1" 200 22
116.232.195.13 - - [10/May/2024:10:04:01 +0800] "GET /xingrg/javascript/jquery_easy_ui/themes/icons/area.png HTTP/1.1" 200 262
116.232.195.13 - - [10/May/2024:10:04:01 +0800] "GET /xingrg/javascript/jquery_easy_ui/themes/icons/rest.png HTTP/1.1" 200 695
180.164.6.225 - - [10/May/2024:10:04:05 +0800] "GET /xingrg/all/function/internal_message.html?_=1715306644688&CODE_STATE=getMsg HTTP/1.1" 200 27
218.79.29.216 - - [10/May/2024:10:04:10 +0800] "GET /xingrg/all/function/internal_message.html?_=1715306659384&CODE_STATE=getMsg HTTP/1.1" 200 27
61.170.233.33 - - [10/May/2024:10:04:10 +0800] "GET /xingrg/all/function/internal_message.html?_=1715306647609&CODE_STATE=getMsg HTTP/1.1" 200 27
101.80.230.31 - - [10/May/2024:10:04:12 +0800] "GET /xingrg/all/function/internal_message.html?_=1715306659726&CODE_STATE=getMsg HTTP/1.1" 200 27
116.232.195.13 - - [10/May/2024:10:04:19 +0800] "GET /xingrg/check_reg.html?_=1715306633156 HTTP/1.1" 200 22
116.232.195.13 - - [10/May/2024:10:04:20 +0800] "GET /xingrg/all/function/internal_message.html?_=1715306633488&CODE_STATE=getMsg HTTP/1.1" 200 27
114.95.253.235 - - [10/May/2024:10:04:23 +0800] "GET /xingrg/all/function/internal_message.html?_=1715306663586&CODE_STATE=getMsg HTTP/1.1" 200 27
180.169.147.146 - - [10/May/2024:10:04:31 +0800] "GET /xingrg/all/function/internal_message.html?_=1715306671219&CODE_STATE=getMsg HTTP/1.1" 200 27
116.232.195.13 - - [10/May/2024:10:04:31 +0800] "GET /xingrg/kc/buy/cgsh_order_operate.html?command=get_materiel&rest_code=00155&code=00101006396&supplier_code=00100670&order_time=2024-05-10 HTTP/1.1" 200 403
120.253.135.82 - - [10/May/2024:10:04:31 +0800] "GET /xingrg/all/function/internal_message.html?_=1715306521995&CODE_STATE=getMsg HTTP/1.1" 200 27
222.70.183.82 - - [10/May/2024:10:04:35 +0800] "GET /xingrg/check_reg.html?_=1715306676040 HTTP/1.1" 200 22
222.70.183.82 - - [10/May/2024:10:04:35 +0800] "GET /xingrg/all/function/internal_message.html?_=1715306676039&CODE_STATE=getMsg HTTP/1.1" 200 27
101.83.144.49 - - [10/May/2024:10:04:43 +0800] "GET /xingrg/all/function/internal_message.html?_=1715306685252&CODE_STATE=getMsg HTTP/1.1" 200 27
116.238.97.31 - - [10/May/2024:10:04:47 +0800] "GET /xingrg/check_reg.html?_=1715306688027 HTTP/1.1" 200 22
222.69.130.33 - - [10/May/2024:10:04:49 +0800] "GET /xingrg/all/function/internal_message.html?_=1715306690533&CODE_STATE=getMsg HTTP/1.1" 200 27
114.95.253.235 - - [10/May/2024:10:04:54 +0800] "GET /xingrg/all/function/internal_message.html?_=1715306694082&CODE_STATE=getMsg HTTP/1.1" 200 27
180.169.147.146 - - [10/May/2024:10:04:54 +0800] "GET /xingrg/all/function/internal_message.html?_=1715306693428&CODE_STATE=getMsg HTTP/1.1" 302 -
180.169.147.146 - - [10/May/2024:10:04:54 +0800] "GET /xingrg/check_reg.html?_=1715306693429 HTTP/1.1" 302 -
124.78.56.241 - - [10/May/2024:10:04:54 +0800] "GET /xingrg/all/function/internal_message.html?_=1715306695003&CODE_STATE=getMsg HTTP/1.1" 200 27
180.164.6.225 - - [10/May/2024:10:05:05 +0800] "GET /xingrg/all/function/internal_message.html?_=1715306704672&CODE_STATE=getMsg HTTP/1.1" 200 27
180.164.6.225 - - [10/May/2024:10:05:05 +0800] "GET /xingrg/check_reg.html?_=1715306704876 HTTP/1.1" 200 22
218.79.29.216 - - [10/May/2024:10:05:10 +0800] "GET /xingrg/all/function/internal_message.html?_=1715306719383&CODE_STATE=getMsg HTTP/1.1" 200 27
61.170.233.33 - - [10/May/2024:10:05:10 +0800] "GET /xingrg/all/function/internal_message.html?_=1715306707594&CODE_STATE=getMsg HTTP/1.1" 200 27
116.232.195.13 - - [10/May/2024:10:05:10 +0800] "GET /xingrg/kc/buy/cgsh_order_operate.html?command=get_materiel&rest_code=00155&code=00102026001&supplier_code=00100670&order_time=2024-05-10 HTTP/1.1" 200 409
101.80.230.31 - - [10/May/2024:10:05:12 +0800] "GET /xingrg/check_reg.html?_=1715306719752 HTTP/1.1" 200 22
101.80.230.31 - - [10/May/2024:10:05:12 +0800] "GET /xingrg/all/function/internal_message.html?_=1715306719755&CODE_STATE=getMsg HTTP/1.1" 200 27
116.232.195.13 - - [10/May/2024:10:05:20 +0800] "GET /xingrg/all/function/internal_message.html?_=1715306693472&CODE_STATE=getMsg HTTP/1.1" 200 27
114.95.253.235 - - [10/May/2024:10:05:23 +0800] "GET /xingrg/all/function/internal_message.html?_=1715306723583&CODE_STATE=getMsg HTTP/1.1" 200 27
120.253.135.82 - - [10/May/2024:10:05:29 +0800] "GET /xingrg/check_reg.html?_=1715306579582 HTTP/1.1" 200 22
180.169.147.146 - - [10/May/2024:10:05:31 +0800] "GET /xingrg/all/function/internal_message.html?_=1715306731204&CODE_STATE=getMsg HTTP/1.1" 200 27
120.253.135.82 - - [10/May/2024:10:05:31 +0800] "GET /xingrg/all/function/internal_message.html?_=1715306582009&CODE_STATE=getMsg HTTP/1.1" 200 27
222.70.183.82 - - [10/May/2024:10:05:34 +0800] "GET /xingrg/kc/buy/cgsh_order_add.html HTTP/1.1" 200 74530
222.70.183.82 - - [10/May/2024:10:05:34 +0800] "GET /xingrg/javascript/easyui/themes/default/validatebox.css HTTP/1.1" 404 1104
222.70.183.82 - - [10/May/2024:10:05:34 +0800] "POST /xingrg/kc/buy/cgsh_order_operate.html HTTP/1.1" 200 8245
222.70.183.82 - - [10/May/2024:10:05:35 +0800] "GET /xingrg/all/function/internal_message.html?_=1715306736047&CODE_STATE=getMsg HTTP/1.1" 200 27
116.232.195.13 - - [10/May/2024:10:05:43 +0800] "GET /xingrg/kc/buy/cgsh_order_operate.html?command=get_materiel&rest_code=00155&code=00101006399&supplier_code=00100670&order_time=2024-05-10 HTTP/1.1" 200 399
101.83.144.49 - - [10/May/2024:10:05:43 +0800] "GET /xingrg/all/function/internal_message.html?_=1715306745227&CODE_STATE=getMsg HTTP/1.1" 200 27
222.70.183.82 - - [10/May/2024:10:05:45 +0800] "GET /xingrg/javascript/jquery_easy_ui/themes/icons/rest.png HTTP/1.1" 200 695
222.70.183.82 - - [10/May/2024:10:05:45 +0800] "GET /xingrg/javascript/jquery_easy_ui/themes/icons/area.png HTTP/1.1" 200 262
222.69.130.33 - - [10/May/2024:10:05:49 +0800] "GET /xingrg/all/function/internal_message.html?_=1715306750547&CODE_STATE=getMsg HTTP/1.1" 200 27
222.70.183.82 - - [10/May/2024:10:05:53 +0800] "GET /xingrg/kc/buy/cgsh_order_operate.html?command=get_materiel&rest_code=00111&code=00101001213&supplier_code=00100325&order_time=2024-05-10 HTTP/1.1" 200 457
114.95.253.235 - - [10/May/2024:10:05:54 +0800] "GET /xingrg/all/function/internal_message.html?_=1715306754060&CODE_STATE=getMsg HTTP/1.1" 200 27
180.169.147.146 - - [10/May/2024:10:05:54 +0800] "GET /xingrg/all/function/internal_message.html?_=1715306753433&CODE_STATE=getMsg HTTP/1.1" 302 -
124.78.56.241 - - [10/May/2024:10:05:54 +0800] "GET /xingrg/all/function/internal_message.html?_=1715306755018&CODE_STATE=getMsg HTTP/1.1" 200 27
222.70.183.82 - - [10/May/2024:10:05:55 +0800] "POST /xingrg/all/common/load_select.html HTTP/1.1" 200 38
222.70.183.82 - - [10/May/2024:10:06:01 +0800] "GET /xingrg/kc/buy/cgsh_order_operate.html?command=get_materiel_price&rest_code=00111&code=00101001213&unit_code=00100487&supplier_code=00100325&order_time=2024-05-10 HTTP/1.1" 200 27
180.164.6.225 - - [10/May/2024:10:06:05 +0800] "GET /xingrg/all/function/internal_message.html?_=1715306764648&CODE_STATE=getMsg HTTP/1.1" 200 27
218.79.29.216 - - [10/May/2024:10:06:10 +0800] "GET /xingrg/all/function/internal_message.html?_=1715306779384&CODE_STATE=getMsg HTTP/1.1" 200 27
61.170.233.33 - - [10/May/2024:10:06:10 +0800] "GET /xingrg/all/function/internal_message.html?_=1715306767584&CODE_STATE=getMsg HTTP/1.1" 200 27
61.170.233.33 - - [10/May/2024:10:06:11 +0800] "GET /xingrg/check_reg.html?_=1715306768117 HTTP/1.1" 200 22
101.80.230.31 - - [10/May/2024:10:06:12 +0800] "GET /xingrg/all/function/internal_message.html?_=1715306779754&CODE_STATE=getMsg HTTP/1.1" 200 27
116.232.195.13 - - [10/May/2024:10:06:20 +0800] "GET /xingrg/all/function/internal_message.html?_=1715306753467&CODE_STATE=getMsg HTTP/1.1" 200 27
222.70.183.82 - - [10/May/2024:10:06:21 +0800] "GET /xingrg/kc/buy/cgsh_order_operate.html?command=get_materiel&rest_code=00111&code=00101008214&supplier_code=00100325&order_time=2024-05-10 HTTP/1.1" 200 409
114.95.253.235 - - [10/May/2024:10:06:23 +0800] "GET /xingrg/all/function/internal_message.html?_=1715306783572&CODE_STATE=getMsg HTTP/1.1" 200 27
180.164.6.225 - - [10/May/2024:10:06:26 +0800] "POST /xingrg/services/DataTransmitService HTTP/1.1" 200 524
180.169.147.146 - - [10/May/2024:10:06:31 +0800] "GET /xingrg/all/function/internal_message.html?_=1715306791194&CODE_STATE=getMsg HTTP/1.1" 200 27
120.253.135.82 - - [10/May/2024:10:06:31 +0800] "GET /xingrg/all/function/internal_message.html?_=1715306642021&CODE_STATE=getMsg HTTP/1.1" 200 27
101.83.144.49 - - [10/May/2024:10:06:34 +0800] "GET /xingrg/check_reg.html?_=1715306796118 HTTP/1.1" 200 22
222.70.183.82 - - [10/May/2024:10:06:35 +0800] "GET /xingrg/all/function/internal_message.html?_=1715306796045&CODE_STATE=getMsg HTTP/1.1" 200 27
116.238.97.31 - - [10/May/2024:10:06:38 +0800] "GET /xingrg/login.html HTTP/1.1" 200 7641
116.238.97.31 - - [10/May/2024:10:06:39 +0800] "GET /favicon.ico HTTP/1.1" 404 -
116.238.97.31 - - [10/May/2024:10:06:41 +0800] "POST /xingrg/login.do HTTP/1.1" 302 -
116.238.97.31 - - [10/May/2024:10:06:41 +0800] "GET /xingrg/index.html?sysBaseUrl=http%3A%2F%2F180.169.147.146%3A18081%2Fxingrg%2F&costTime=818×tamp=1715306801203 HTTP/1.1" 200 17173
116.238.97.31 - - [10/May/2024:10:06:41 +0800] "GET /favicon.ico HTTP/1.1" 404 -
116.238.97.31 - - [10/May/2024:10:06:41 +0800] "POST /xingrg/all/common/load_tree.html?tree=area_rest_tree_json&manage=1 HTTP/1.1" 200 342
116.238.97.31 - - [10/May/2024:10:06:41 +0800] "GET /xingrg/all/function/internal_message.html?_=1715306825286&CODE_STATE=count HTTP/1.1" 200 11
116.238.97.31 - - [10/May/2024:10:06:41 +0800] "GET /xingrg/check_reg.html?_=1715306825288 HTTP/1.1" 200 22
116.238.97.31 - - [10/May/2024:10:06:41 +0800] "POST /xingrg/load_menu.html HTTP/1.1" 200 5138
101.83.144.49 - - [10/May/2024:10:06:43 +0800] "GET /xingrg/all/function/internal_message.html?_=1715306805206&CODE_STATE=getMsg HTTP/1.1" 200 27
222.70.183.82 - - [10/May/2024:10:06:44 +0800] "GET /xingrg/kc/buy/cgsh_order_operate.html?command=get_materiel&rest_code=00111&code=00101004017&supplier_code=00100325&order_time=2024-05-10 HTTP/1.1" 200 413
222.69.130.33 - - [10/May/2024:10:06:49 +0800] "GET /xingrg/all/function/internal_message.html?_=1715306810549&CODE_STATE=getMsg HTTP/1.1" 200 27
114.95.253.235 - - [10/May/2024:10:06:54 +0800] "GET /xingrg/all/function/internal_message.html?_=1715306814048&CODE_STATE=getMsg HTTP/1.1" 200 27
180.169.147.146 - - [10/May/2024:10:06:54 +0800] "GET /xingrg/all/function/internal_message.html?_=1715306813421&CODE_STATE=getMsg HTTP/1.1" 302 -
124.78.56.241 - - [10/May/2024:10:06:54 +0800] "GET /xingrg/all/function/internal_message.html?_=1715306814997&CODE_STATE=getMsg HTTP/1.1" 200 27
116.232.195.13 - - [10/May/2024:10:06:59 +0800] "POST /xingrg/kc/buy/cgsh_order_operate.html HTTP/1.1" 200 37
116.232.195.13 - - [10/May/2024:10:07:01 +0800] "POST /xingrg/kc/buy/cgsh_order_operate.html HTTP/1.1" 200 5029
180.164.6.225 - - [10/May/2024:10:07:05 +0800] "GET /xingrg/all/function/internal_message.html?_=1715306824624&CODE_STATE=getMsg HTTP/1.1" 200 27
222.70.183.82 - - [10/May/2024:10:07:06 +0800] "POST /xingrg/kc/buy/cgsh_order_operate.html HTTP/1.1" 200 37
116.238.97.31 - - [10/May/2024:10:07:06 +0800] "GET /xingrg/kc/base/wldb_order_list.html HTTP/1.1" 200 19174
116.238.97.31 - - [10/May/2024:10:07:07 +0800] "POST /xingrg/kc/base/wldb_list_operate.html HTTP/1.1" 200 928
101.83.144.49 - - [10/May/2024:10:07:08 +0800] "POST /xingrg/services/DataTransmitService HTTP/1.1" 200 524
116.238.97.31 - - [10/May/2024:10:07:09 +0800] "GET /xingrg/kc/base/wldb_order_add.html HTTP/1.1" 200 30643
116.238.97.31 - - [10/May/2024:10:07:09 +0800] "GET /xingrg/words/20240509093912_words.js HTTP/1.1" 304 -
116.238.97.31 - - [10/May/2024:10:07:10 +0800] "POST /xingrg/kc/base/wldb_order_operate.html HTTP/1.1" 200 6806
116.238.97.31 - - [10/May/2024:10:07:10 +0800] "GET /xingrg/all/common/auto_word.html?type=base&rest_code=00102 HTTP/1.1" 200 1857
116.238.97.31 - - [10/May/2024:10:07:10 +0800] "GET /xingrg/all/common/auto_word.html?type=base&rest_code=00102 HTTP/1.1" 200 1857
116.238.97.31 - - [10/May/2024:10:07:10 +0800] "GET /xingrg/javascript/easyui/themes/default/validatebox.css HTTP/1.1" 404 1104
218.79.29.216 - - [10/May/2024:10:07:10 +0800] "GET /xingrg/all/function/internal_message.html?_=1715306839385&CODE_STATE=getMsg HTTP/1.1" 200 27
218.79.29.216 - - [10/May/2024:10:07:10 +0800] "GET /xingrg/check_reg.html?_=1715306839386 HTTP/1.1" 200 22
61.170.233.33 - - [10/May/2024:10:07:10 +0800] "GET /xingrg/all/function/internal_message.html?_=1715306827558&CODE_STATE=getMsg HTTP/1.1" 200 27
61.170.233.33 - - [10/May/2024:10:07:11 +0800] "GET /favicon.ico HTTP/1.1" 404 -
101.80.230.31 - - [10/May/2024:10:07:12 +0800] "GET /xingrg/all/function/internal_message.html?_=1715306839756&CODE_STATE=getMsg HTTP/1.1" 200 27
222.70.183.82 - - [10/May/2024:10:07:14 +0800] "POST /xingrg/kc/buy/cgsh_order_operate.html HTTP/1.1" 200 12
222.70.183.82 - - [10/May/2024:10:07:16 +0800] "GET /xingrg/kc/buy/cgsh_order_info.html?code=212024051002587 HTTP/1.1" 200 69405
222.70.183.82 - - [10/May/2024:10:07:17 +0800] "GET /xingrg/javascript/easyui/themes/default/validatebox.css HTTP/1.1" 404 1104
222.70.183.82 - - [10/May/2024:10:07:18 +0800] "POST /xingrg/kc/buy/cgsh_order_operate.html HTTP/1.1" 200 1793
116.232.195.13 - - [10/May/2024:10:07:20 +0800] "GET /xingrg/all/function/internal_message.html?_=1715306813452&CODE_STATE=getMsg HTTP/1.1" 200 27
61.170.233.33 - - [10/May/2024:10:07:20 +0800] "GET /xingrg/login.html?r=1 HTTP/1.1" 200 7641
61.170.233.33 - - [10/May/2024:10:07:20 +0800] "GET /xingrg/images/blue/jxLogo.png HTTP/1.1" 304 -
61.170.233.33 - - [10/May/2024:10:07:20 +0800] "GET /xingrg/images/blue/login_bg.png HTTP/1.1" 304 -
61.170.233.33 - - [10/May/2024:10:07:20 +0800] "GET /xingrg/images/blue/srbg.png HTTP/1.1" 304 -
61.170.233.33 - - [10/May/2024:10:07:20 +0800] "GET /xingrg/images/blue/hj.png HTTP/1.1" 304 -
61.170.233.33 - - [10/May/2024:10:07:20 +0800] "GET /favicon.ico HTTP/1.1" 404 -
222.70.183.82 - - [10/May/2024:10:07:21 +0800] "GET /xingrg/kc/print/load_data.html?order_code=212024051002587&kc_code=cgsh&condition= HTTP/1.1" 200 1171
61.170.233.33 - - [10/May/2024:10:07:23 +0800] "POST /xingrg/login.do HTTP/1.1" 302 -
61.170.233.33 - - [10/May/2024:10:07:23 +0800] "GET /xingrg/javascript/jquery_easy_ui/themes/default/easyui.css HTTP/1.1" 304 -
61.170.233.33 - - [10/May/2024:10:07:23 +0800] "GET /xingrg/javascript/jquery_easy_ui/themes/icon.css HTTP/1.1" 304 -
61.170.233.33 - - [10/May/2024:10:07:23 +0800] "GET /xingrg/index.html?sysBaseUrl=http%3A%2F%2F180.169.147.146%3A18081%2Fxingrg%2F&costTime=814×tamp=1715306843168 HTTP/1.1" 200 17173
61.170.233.33 - - [10/May/2024:10:07:23 +0800] "GET /xingrg/javascript/jquery-1.4.2.min.js HTTP/1.1" 304 -
61.170.233.33 - - [10/May/2024:10:07:23 +0800] "GET /xingrg/css/form.css HTTP/1.1" 304 -
61.170.233.33 - - [10/May/2024:10:07:23 +0800] "GET /xingrg/javascript/jquery_easy_ui/jquery.easyui.min.js HTTP/1.1" 304 -
61.170.233.33 - - [10/May/2024:10:07:23 +0800] "GET /xingrg/javascript/jquery_easy_ui/easyui-lang-zh_CN.js HTTP/1.1" 304 -
61.170.233.33 - - [10/May/2024:10:07:23 +0800] "GET /xingrg/javascript/jquery.form.js HTTP/1.1" 304 -
61.170.233.33 - - [10/May/2024:10:07:23 +0800] "GET /xingrg/javascript/jquery.utils.js HTTP/1.1" 304 -
61.170.233.33 - - [10/May/2024:10:07:23 +0800] "GET /xingrg/javascript/jquery.timers.js HTTP/1.1" 304 -
61.170.233.33 - - [10/May/2024:10:07:23 +0800] "GET /favicon.ico HTTP/1.1" 404 -
61.170.233.33 - - [10/May/2024:10:07:23 +0800] "GET /xingrg/javascript/jquery_easy_ui/themes/icons/settle_new.png HTTP/1.1" 304 -
61.170.233.33 - - [10/May/2024:10:07:23 +0800] "GET /xingrg/images/blue/navBackgound.jpg HTTP/1.1" 304 -
61.170.233.33 - - [10/May/2024:10:07:23 +0800] "GET /xingrg/all/function/internal_message.html?_=1715306844705&CODE_STATE=count HTTP/1.1" 200 11
61.170.233.33 - - [10/May/2024:10:07:23 +0800] "GET /xingrg/check_reg.html?_=1715306844707 HTTP/1.1" 200 22
61.170.233.33 - - [10/May/2024:10:07:23 +0800] "GET /xingrg/images/blue/pingpu.png HTTP/1.1" 304 -
61.170.233.33 - - [10/May/2024:10:07:23 +0800] "GET /xingrg/javascript/jquery_easy_ui/themes/default/images/tabs_leftarrow.png HTTP/1.1" 304 -
61.170.233.33 - - [10/May/2024:10:07:23 +0800] "GET /xingrg/javascript/jquery_easy_ui/themes/default/images/tabs_rightarrow.png HTTP/1.1" 304 -
61.170.233.33 - - [10/May/2024:10:07:23 +0800] "GET /xingrg/javascript/jquery_easy_ui/themes/default/images/panel_tool_collapse.gif HTTP/1.1" 304 -
114.95.253.235 - - [10/May/2024:10:07:23 +0800] "GET /xingrg/all/function/internal_message.html?_=1715306843577&CODE_STATE=getMsg HTTP/1.1" 200 27
61.170.233.33 - - [10/May/2024:10:07:23 +0800] "POST /xingrg/all/common/load_tree.html?tree=area_rest_tree_json&manage=1 HTTP/1.1" 200 342
114.95.253.235 - - [10/May/2024:10:07:23 +0800] "GET /xingrg/check_reg.html?_=1715306843577 HTTP/1.1" 200 22
61.170.233.33 - - [10/May/2024:10:07:23 +0800] "POST /xingrg/load_menu.html HTTP/1.1" 200 5138
61.170.233.33 - - [10/May/2024:10:07:23 +0800] "GET /xingrg/javascript/jquery_easy_ui/themes/default/images/tree_arrows.gif HTTP/1.1" 304 -
61.170.233.33 - - [10/May/2024:10:07:23 +0800] "GET /xingrg/javascript/jquery_easy_ui/themes/default/images/tree_folder_open.gif HTTP/1.1" 304 -
61.170.233.33 - - [10/May/2024:10:07:23 +0800] "GET /xingrg/javascript/jquery_easy_ui/themes/icons/search_new.png HTTP/1.1" 304 -
61.170.233.33 - - [10/May/2024:10:07:23 +0800] "GET /xingrg/javascript/jquery_easy_ui/themes/default/images/tree_folder.gif HTTP/1.1" 304 -
61.170.233.33 - - [10/May/2024:10:07:23 +0800] "GET /xingrg/javascript/jquery_easy_ui/themes/icons/storage_new.png HTTP/1.1" 304 -
61.170.233.33 - - [10/May/2024:10:07:23 +0800] "GET /xingrg/javascript/jquery_easy_ui/themes/icons/forms_new.png HTTP/1.1" 304 -
61.170.233.33 - - [10/May/2024:10:07:23 +0800] "GET /xingrg/javascript/jquery_easy_ui/themes/default/images/tree_file.gif HTTP/1.1" 304 -
61.170.233.33 - - [10/May/2024:10:07:26 +0800] "GET /xingrg/kc/mdqp/qp_main.html HTTP/1.1" 200 10633
61.170.233.33 - - [10/May/2024:10:07:26 +0800] "GET /xingrg/javascript/jquery_easy_ui/themes/default/images/tabs_close.gif HTTP/1.1" 304 -
61.170.233.33 - - [10/May/2024:10:07:26 +0800] "GET /xingrg/css/blue.css HTTP/1.1" 304 -
61.170.233.33 - - [10/May/2024:10:07:26 +0800] "GET /xingrg/javascript/jquery_ui/themes/humanity/humanity.css HTTP/1.1" 304 -
61.170.233.33 - - [10/May/2024:10:07:26 +0800] "GET /xingrg/javascript/pic_change.js HTTP/1.1" 304 -
61.170.233.33 - - [10/May/2024:10:07:26 +0800] "GET /xingrg/javascript/ToolTips.js HTTP/1.1" 304 -
61.170.233.33 - - [10/May/2024:10:07:26 +0800] "GET /xingrg/javascript/myfunction.js HTTP/1.1" 304 -
61.170.233.33 - - [10/May/2024:10:07:26 +0800] "GET /xingrg/javascript/jquery_ui/jquery-ui.min.js HTTP/1.1" 304 -
61.170.233.33 - - [10/May/2024:10:07:26 +0800] "GET /xingrg/images/blue/button/cgxqd.gif HTTP/1.1" 304 -
61.170.233.33 - - [10/May/2024:10:07:26 +0800] "GET /xingrg/images/blue/button/pszx.gif HTTP/1.1" 200 2648
61.170.233.33 - - [10/May/2024:10:07:26 +0800] "GET /xingrg/images/blue/button/qqpsd.gif HTTP/1.1" 200 2548
61.170.233.33 - - [10/May/2024:10:07:26 +0800] "GET /xingrg/images/blue/button/psshd.gif HTTP/1.1" 200 2692
61.170.233.33 - - [10/May/2024:10:07:26 +0800] "GET /xingrg/images/blue/pic_form2.gif HTTP/1.1" 304 -
61.170.233.33 - - [10/May/2024:10:07:26 +0800] "GET /xingrg/javascript/jquery_ui/themes/humanity/images/ui-bg_inset-soft_100_f4f0ec_1x100.png HTTP/1.1" 304 -
61.170.233.33 - - [10/May/2024:10:07:26 +0800] "GET /xingrg/images/blue/bg_dotted.jpg HTTP/1.1" 304 -
61.170.233.33 - - [10/May/2024:10:07:26 +0800] "GET /xingrg/images/blue/button/right_ah.jpg HTTP/1.1" 304 -
61.170.233.33 - - [10/May/2024:10:07:26 +0800] "GET /xingrg/images/blue/button/down_ah.jpg HTTP/1.1" 304 -
61.170.233.33 - - [10/May/2024:10:07:26 +0800] "GET /xingrg/javascript/jquery_ui/themes/humanity/images/ui-iconsnew.jpg HTTP/1.1" 304 -
61.170.233.33 - - [10/May/2024:10:07:26 +0800] "GET /xingrg/javascript/jquery_ui/themes/humanity/images/ui-icons_ffffff_256x240.png HTTP/1.1" 304 -
61.170.233.33 - - [10/May/2024:10:07:26 +0800] "GET /xingrg/javascript/jquery_ui/themes/humanity/images/ui-icons_c47a23_256x240.png HTTP/1.1" 304 -
61.170.233.33 - - [10/May/2024:10:07:26 +0800] "GET /xingrg/javascript/jquery_ui/themes/humanity/images/ui-bg_glass_70_ede4d4_1x400.png HTTP/1.1" 304 -
61.170.233.33 - - [10/May/2024:10:07:27 +0800] "GET /xingrg/images/yd/bt.gif HTTP/1.1" 404 1040
61.170.233.33 - - [10/May/2024:10:07:27 +0800] "GET /xingrg/kc/mdqp/qqps_order_list.html HTTP/1.1" 200 9222
61.170.233.33 - - [10/May/2024:10:07:27 +0800] "GET /xingrg/dwr/interface/AjaxQqpsService.js HTTP/1.1" 200 16326
61.170.233.33 - - [10/May/2024:10:07:27 +0800] "GET /xingrg/dwr/interface/AjaxReportQueryService.js HTTP/1.1" 200 13203
61.170.233.33 - - [10/May/2024:10:07:27 +0800] "GET /xingrg/dwr/engine.js HTTP/1.1" 200 43631
61.170.233.33 - - [10/May/2024:10:07:27 +0800] "GET /xingrg/dwr/util.js HTTP/1.1" 200 35990
61.170.233.33 - - [10/May/2024:10:07:27 +0800] "GET /xingrg/javascript/Calendar.js HTTP/1.1" 200 31561
61.170.233.33 - - [10/May/2024:10:07:27 +0800] "GET /xingrg/javascript/jquery_easy_ui/themes/icons/uncheck_new.png HTTP/1.1" 200 3197
61.170.233.33 - - [10/May/2024:10:07:27 +0800] "GET /xingrg/javascript/jquery_easy_ui/themes/icons/edit_add_new.png HTTP/1.1" 200 2997
61.170.233.33 - - [10/May/2024:10:07:27 +0800] "GET /xingrg/javascript/jquery_easy_ui/themes/icons/check_new.png HTTP/1.1" 200 3224
61.170.233.33 - - [10/May/2024:10:07:27 +0800] "GET /xingrg/javascript/jquery_easy_ui/themes/icons/cance_new.png HTTP/1.1" 200 3986
116.238.97.31 - - [10/May/2024:10:07:28 +0800] "GET /xingrg/javascript/auto/indicator.gif HTTP/1.1" 404 1066
61.170.233.33 - - [10/May/2024:10:07:29 +0800] "GET /xingrg/javascript/jquery_easy_ui/themes/default/images/button_plain_hover.png HTTP/1.1" 200 252
61.170.233.33 - - [10/May/2024:10:07:30 +0800] "GET /xingrg/kc/mdqp/qqps_order_add.html HTTP/1.1" 200 28236
61.170.233.33 - - [10/May/2024:10:07:30 +0800] "GET /xingrg/javascript/auto/jquery.autocomplete.css HTTP/1.1" 304 -
61.170.233.33 - - [10/May/2024:10:07:30 +0800] "GET /xingrg/javascript/auto/jquery.autocomplete.js HTTP/1.1" 304 -
61.170.233.33 - - [10/May/2024:10:07:30 +0800] "GET /xingrg/javascript/tools/jquery.qtip-1.0.0-rc3.min.js HTTP/1.1" 200 38404
61.170.233.33 - - [10/May/2024:10:07:30 +0800] "GET /xingrg/dwr/interface/AjaxComOrderService.js HTTP/1.1" 200 18264
61.170.233.33 - - [10/May/2024:10:07:30 +0800] "GET /xingrg/dwr/interface/AjaxQqpsService.js HTTP/1.1" 200 16326
61.170.233.33 - - [10/May/2024:10:07:30 +0800] "GET /xingrg/dwr/engine.js HTTP/1.1" 200 43631
61.170.233.33 - - [10/May/2024:10:07:30 +0800] "GET /xingrg/javascript/Grid.js HTTP/1.1" 200 58908
61.170.233.33 - - [10/May/2024:10:07:30 +0800] "GET /xingrg/javascript/AjaxInfoList.js HTTP/1.1" 200 3774
61.170.233.33 - - [10/May/2024:10:07:30 +0800] "GET /xingrg/javascript/print/kc_print.js HTTP/1.1" 304 -
61.170.233.33 - - [10/May/2024:10:07:30 +0800] "GET /xingrg/javascript/print/LodopFuncs.js HTTP/1.1" 304 -
61.170.233.33 - - [10/May/2024:10:07:30 +0800] "GET /xingrg/words/20240509093912_words.js HTTP/1.1" 200 1023590
116.238.97.31 - - [10/May/2024:10:07:30 +0800] "GET /xingrg/javascript/jquery_tools/images/prev.gif HTTP/1.1" 404 1086
116.238.97.31 - - [10/May/2024:10:07:30 +0800] "GET /xingrg/javascript/jquery_tools/images/next.gif HTTP/1.1" 404 1086
61.170.233.33 - - [10/May/2024:10:07:30 +0800] "GET /xingrg/javascript/jquery_easy_ui/themes/default/images/menu_downarrow.png HTTP/1.1" 200 173
61.170.233.33 - - [10/May/2024:10:07:30 +0800] "GET /xingrg/javascript/jquery_easy_ui/themes/icons/ok.png HTTP/1.1" 200 883
61.170.233.33 - - [10/May/2024:10:07:30 +0800] "GET /xingrg/javascript/jquery_easy_ui/themes/icons/print.png HTTP/1.1" 200 1057
61.170.233.33 - - [10/May/2024:10:07:30 +0800] "GET /xingrg/javascript/jquery_easy_ui/themes/icons/copy_new.png HTTP/1.1" 200 815
61.170.233.33 - - [10/May/2024:10:07:30 +0800] "GET /xingrg/javascript/jquery_easy_ui/themes/icons/template_new.png HTTP/1.1" 200 3956
61.170.233.33 - - [10/May/2024:10:07:30 +0800] "GET /xingrg/javascript/jquery_easy_ui/themes/icons/back_new.png HTTP/1.1" 200 3414
61.170.233.33 - - [10/May/2024:10:07:31 +0800] "GET /xingrg/images/blue/button/kc_tab_add.gif HTTP/1.1" 200 375
61.170.233.33 - - [10/May/2024:10:07:31 +0800] "GET /xingrg/images/blue/button/kc_tab_edit.gif HTTP/1.1" 200 551
61.170.233.33 - - [10/May/2024:10:07:31 +0800] "GET /xingrg/images/blue/button/kc_tab_save.gif HTTP/1.1" 200 777
61.170.233.33 - - [10/May/2024:10:07:31 +0800] "GET /xingrg/images/blue/button/kc_tab_del.gif HTTP/1.1" 200 383
61.170.233.33 - - [10/May/2024:10:07:31 +0800] "GET /xingrg/images/blue/kc_tab_left.gif HTTP/1.1" 200 188
61.170.233.33 - - [10/May/2024:10:07:31 +0800] "GET /xingrg/javascript/jquery_easy_ui/themes/default/images/combo_arrow_dot.gif HTTP/1.1" 200 79
61.170.233.33 - - [10/May/2024:10:07:31 +0800] "GET /xingrg/images/blue/kc_tab_mid.gif HTTP/1.1" 200 44
61.170.233.33 - - [10/May/2024:10:07:31 +0800] "GET /xingrg/images/blue/kc_tab2_left.gif HTTP/1.1" 200 625
61.170.233.33 - - [10/May/2024:10:07:31 +0800] "GET /xingrg/images/blue/kc_tab_right.gif HTTP/1.1" 200 643
61.170.233.33 - - [10/May/2024:10:07:31 +0800] "GET /xingrg/images/blue/kc_tab2_right.gif HTTP/1.1" 200 192
180.169.147.146 - - [10/May/2024:10:07:31 +0800] "GET /xingrg/all/function/internal_message.html?_=1715306851196&CODE_STATE=getMsg HTTP/1.1" 200 27
120.253.135.82 - - [10/May/2024:10:07:31 +0800] "GET /xingrg/all/function/internal_message.html?_=1715306702035&CODE_STATE=getMsg HTTP/1.1" 200 27
222.70.183.82 - - [10/May/2024:10:07:35 +0800] "GET /xingrg/all/function/internal_message.html?_=1715306856045&CODE_STATE=getMsg HTTP/1.1" 200 27
116.232.195.13 - - [10/May/2024:10:07:36 +0800] "GET /xingrg/kc/buy/cgsh_order_operate.html?command=get_materiel&rest_code=00155&code=00101006398&supplier_code=00100670&order_time=2024-05-10 HTTP/1.1" 200 399
222.70.183.82 - - [10/May/2024:10:07:37 +0800] "GET /xingrg/kc/buy/cgsh_order_add.html HTTP/1.1" 200 74530
222.70.183.82 - - [10/May/2024:10:07:37 +0800] "POST /xingrg/kc/buy/cgsh_order_operate.html HTTP/1.1" 200 8245
222.70.183.82 - - [10/May/2024:10:07:37 +0800] "GET /xingrg/javascript/easyui/themes/default/validatebox.css HTTP/1.1" 404 1104
116.238.97.31 - - [10/May/2024:10:07:41 +0800] "GET /xingrg/all/function/internal_message.html?_=1715306885288&CODE_STATE=getMsg HTTP/1.1" 200 27
101.83.144.49 - - [10/May/2024:10:07:43 +0800] "GET /xingrg/all/function/internal_message.html?_=1715306865204&CODE_STATE=getMsg HTTP/1.1" 200 27
116.238.97.31 - - [10/May/2024:10:07:44 +0800] "GET /xingrg/kc/base/wldb_order_operate.html?command=get_materiel&rest_code=00102&base_code=0010477&code=00102002204 HTTP/1.1" 200 447
61.170.233.33 - - [10/May/2024:10:07:45 +0800] "GET /xingrg/images/blue/wait.gif HTTP/1.1" 200 1100
61.170.233.33 - - [10/May/2024:10:07:46 +0800] "POST /xingrg/dwr/call/plaincall/AjaxQqpsService.saveOrder.dwr HTTP/1.1" 200 78
116.238.97.31 - - [10/May/2024:10:07:49 +0800] "GET /xingrg/kc/base/wldb_order_operate.html?command=get_materiel&rest_code=00102&base_code=0010477&code=00102034154 HTTP/1.1" 200 439
