120.253.135.82 - - [10/May/2024:09:06:25 +0800] "GET /xingrg/dwr/engine.js HTTP/1.1" 200 43631
120.253.135.82 - - [10/May/2024:09:06:28 +0800] "GET /xingrg/kc/pszx/mdqp_order_list.html?state=10 HTTP/1.1" 200 10447
120.253.135.82 - - [10/May/2024:09:06:28 +0800] "GET /xingrg/dwr/interface/AjaxQqpsService.js HTTP/1.1" 200 16326
120.253.135.82 - - [10/May/2024:09:06:28 +0800] "GET /xingrg/dwr/engine.js HTTP/1.1" 200 43631
120.253.135.82 - - [10/May/2024:09:06:28 +0800] "GET /xingrg/dwr/interface/AjaxReportQueryService.js HTTP/1.1" 200 13203
120.253.135.82 - - [10/May/2024:09:06:29 +0800] "GET /xingrg/all/function/internal_message.html?_=1715303040271&CODE_STATE=getMsg HTTP/1.1" 200 27
120.253.135.82 - - [10/May/2024:09:06:32 +0800] "GET /xingrg/kc/pszx/mdth_order_list.html HTTP/1.1" 200 18718
120.253.135.82 - - [10/May/2024:09:06:32 +0800] "POST /xingrg/kc/pszx/mdth_order_new_list.html HTTP/1.1" 200 4743
101.83.144.49 - - [10/May/2024:09:06:34 +0800] "GET /xingrg/check_reg.html?_=1715303196071 HTTP/1.1" 200 22
222.70.183.82 - - [10/May/2024:09:06:35 +0800] "GET /xingrg/all/function/internal_message.html?_=1715303195972&CODE_STATE=getMsg HTTP/1.1" 200 27
180.164.6.225 - - [10/May/2024:09:06:37 +0800] "GET /xingrg/all/function/internal_message.html?_=1715303196784&CODE_STATE=getMsg HTTP/1.1" 200 27
120.253.135.82 - - [10/May/2024:09:06:37 +0800] "GET /xingrg/kc/pszx/mdqp_order_list.html?state=10 HTTP/1.1" 200 10447
120.253.135.82 - - [10/May/2024:09:06:37 +0800] "GET /xingrg/dwr/interface/AjaxQqpsService.js HTTP/1.1" 200 16326
120.253.135.82 - - [10/May/2024:09:06:37 +0800] "GET /xingrg/dwr/interface/AjaxReportQueryService.js HTTP/1.1" 200 13203
120.253.135.82 - - [10/May/2024:09:06:37 +0800] "GET /xingrg/dwr/engine.js HTTP/1.1" 200 43631
101.83.144.49 - - [10/May/2024:09:06:44 +0800] "GET /xingrg/all/function/internal_message.html?_=1715303206558&CODE_STATE=getMsg HTTP/1.1" 200 27
180.169.147.146 - - [10/May/2024:09:06:54 +0800] "GET /xingrg/all/function/internal_message.html?_=1715303213425&CODE_STATE=getMsg HTTP/1.1" 302 -
124.78.56.241 - - [10/May/2024:09:06:54 +0800] "GET /xingrg/all/function/internal_message.html?_=1715303215065&CODE_STATE=getMsg HTTP/1.1" 200 27
114.95.253.235 - - [10/May/2024:09:06:55 +0800] "GET /xingrg/all/function/internal_message.html?_=1715303215120&CODE_STATE=getMsg HTTP/1.1" 200 27
101.83.144.49 - - [10/May/2024:09:07:04 +0800] "POST /xingrg/kc/buy/cgsh_order_operate.html HTTP/1.1" 200 37
101.83.144.49 - - [10/May/2024:09:07:07 +0800] "POST /xingrg/kc/buy/cgsh_order_operate.html HTTP/1.1" 200 28077
218.79.29.216 - - [10/May/2024:09:07:10 +0800] "GET /xingrg/all/function/internal_message.html?_=1715303239335&CODE_STATE=getMsg HTTP/1.1" 200 27
218.79.29.216 - - [10/May/2024:09:07:10 +0800] "GET /xingrg/check_reg.html?_=1715303239339 HTTP/1.1" 200 22
61.170.233.33 - - [10/May/2024:09:07:11 +0800] "GET /xingrg/all/function/internal_message.html?_=1715303228056&CODE_STATE=getMsg HTTP/1.1" 200 27
101.80.230.31 - - [10/May/2024:09:07:12 +0800] "GET /xingrg/all/function/internal_message.html?_=1715303239589&CODE_STATE=getMsg HTTP/1.1" 200 27
101.83.144.49 - - [10/May/2024:09:07:16 +0800] "POST /xingrg/kc/buy/cgsh_order_operate.html HTTP/1.1" 200 37
180.164.6.225 - - [10/May/2024:09:07:17 +0800] "GET /xingrg/kc/buy/cgsh_order_list.html HTTP/1.1" 200 58771
101.83.144.49 - - [10/May/2024:09:07:18 +0800] "POST /xingrg/kc/buy/cgsh_order_operate.html HTTP/1.1" 200 28077
101.83.144.49 - - [10/May/2024:09:07:22 +0800] "GET /xingrg/kc/print/load_config.html?kc_code=cgsh HTTP/1.1" 200 1927
114.95.253.235 - - [10/May/2024:09:07:23 +0800] "GET /xingrg/check_reg.html?_=1715303243580 HTTP/1.1" 200 22
114.95.253.235 - - [10/May/2024:09:07:23 +0800] "GET /xingrg/all/function/internal_message.html?_=1715303243582&CODE_STATE=getMsg HTTP/1.1" 200 27
101.83.144.49 - - [10/May/2024:09:07:23 +0800] "GET /xingrg/kc/print/load_data.html?order_code=212024051002573&kc_code=cgsh&condition= HTTP/1.1" 200 10274
120.253.135.82 - - [10/May/2024:09:07:30 +0800] "GET /xingrg/all/function/internal_message.html?_=1715303100374&CODE_STATE=getMsg HTTP/1.1" 200 27
222.70.183.82 - - [10/May/2024:09:07:35 +0800] "GET /xingrg/all/function/internal_message.html?_=1715303255944&CODE_STATE=getMsg HTTP/1.1" 200 27
180.164.6.225 - - [10/May/2024:09:07:37 +0800] "GET /xingrg/all/function/internal_message.html?_=1715303256788&CODE_STATE=getMsg HTTP/1.1" 200 27
101.83.144.49 - - [10/May/2024:09:07:44 +0800] "GET /xingrg/all/function/internal_message.html?_=1715303266547&CODE_STATE=getMsg HTTP/1.1" 200 27
180.169.147.146 - - [10/May/2024:09:07:54 +0800] "GET /xingrg/all/function/internal_message.html?_=1715303273439&CODE_STATE=getMsg HTTP/1.1" 302 -
124.78.56.241 - - [10/May/2024:09:07:54 +0800] "GET /xingrg/all/function/internal_message.html?_=1715303275053&CODE_STATE=getMsg HTTP/1.1" 200 27
114.95.253.235 - - [10/May/2024:09:07:55 +0800] "GET /xingrg/all/function/internal_message.html?_=1715303275102&CODE_STATE=getMsg HTTP/1.1" 200 27
114.95.253.235 - - [10/May/2024:09:07:55 +0800] "GET /xingrg/check_reg.html?_=1715303275226 HTTP/1.1" 200 22
180.164.6.225 - - [10/May/2024:09:07:58 +0800] "POST /xingrg/kc/buy/cgsh_list_operate.html HTTP/1.1" 200 4332
218.79.29.216 - - [10/May/2024:09:08:10 +0800] "GET /xingrg/all/function/internal_message.html?_=1715303299329&CODE_STATE=getMsg HTTP/1.1" 200 27
61.170.233.33 - - [10/May/2024:09:08:11 +0800] "GET /xingrg/all/function/internal_message.html?_=1715303288057&CODE_STATE=getMsg HTTP/1.1" 200 27
101.80.230.31 - - [10/May/2024:09:08:12 +0800] "GET /xingrg/all/function/internal_message.html?_=1715303299596&CODE_STATE=getMsg HTTP/1.1" 200 27
101.83.144.49 - - [10/May/2024:09:08:16 +0800] "GET /xingrg/kc/buy/cgsh_order_add.html HTTP/1.1" 200 74656
101.83.144.49 - - [10/May/2024:09:08:17 +0800] "POST /xingrg/kc/buy/cgsh_order_operate.html HTTP/1.1" 200 8245
101.83.144.49 - - [10/May/2024:09:08:17 +0800] "GET /xingrg/javascript/easyui/themes/default/validatebox.css HTTP/1.1" 404 1104
114.95.253.235 - - [10/May/2024:09:08:23 +0800] "GET /xingrg/all/function/internal_message.html?_=1715303303569&CODE_STATE=getMsg HTTP/1.1" 200 27
180.169.147.146 - - [10/May/2024:09:08:28 +0800] "GET /xingrg/index.html?sysBaseUrl=http%3A%2F%2F180.169.147.146%3A18081%2Fxingrg%2F&costTime=39×tamp=1592034574635 HTTP/1.1" 302 -
180.169.147.146 - - [10/May/2024:09:08:28 +0800] "GET /xingrg/login.html HTTP/1.1" 200 7641
180.169.147.146 - - [10/May/2024:09:08:28 +0800] "GET /favicon.ico HTTP/1.1" 404 -
120.253.135.82 - - [10/May/2024:09:08:30 +0800] "GET /xingrg/all/function/internal_message.html?_=1715303160378&CODE_STATE=getMsg HTTP/1.1" 200 27
180.169.147.146 - - [10/May/2024:09:08:30 +0800] "POST /xingrg/login.do HTTP/1.1" 302 -
180.169.147.146 - - [10/May/2024:09:08:30 +0800] "GET /xingrg/index.html?sysBaseUrl=http%3A%2F%2F180.169.147.146%3A18081%2Fxingrg%2F&costTime=1097×tamp=1715303310930 HTTP/1.1" 200 17503
180.169.147.146 - - [10/May/2024:09:08:31 +0800] "GET /favicon.ico HTTP/1.1" 404 -
180.169.147.146 - - [10/May/2024:09:08:31 +0800] "GET /xingrg/all/function/internal_message.html?_=1715303311184&CODE_STATE=count HTTP/1.1" 200 11
180.169.147.146 - - [10/May/2024:09:08:31 +0800] "GET /xingrg/check_reg.html?_=1715303311187 HTTP/1.1" 200 22
180.169.147.146 - - [10/May/2024:09:08:31 +0800] "POST /xingrg/all/common/load_tree.html?tree=area_rest_tree_json&manage=1 HTTP/1.1" 200 3993
180.169.147.146 - - [10/May/2024:09:08:31 +0800] "POST /xingrg/load_menu.html HTTP/1.1" 200 11564
180.169.147.146 - - [10/May/2024:09:08:32 +0800] "GET /xingrg/kc/report/report_main.html HTTP/1.1" 200 8599
180.169.147.146 - - [10/May/2024:09:08:33 +0800] "GET /xingrg/all/report/report_query.html?fileName=kc/buy/wlcg_cate_hz_rest.xml&autoQuery=1 HTTP/1.1" 200 53789
180.169.147.146 - - [10/May/2024:09:08:33 +0800] "GET /xingrg/dwr/interface/AjaxReportQueryService.js HTTP/1.1" 200 13203
180.169.147.146 - - [10/May/2024:09:08:33 +0800] "GET /xingrg/dwr/engine.js HTTP/1.1" 200 43631
180.169.147.146 - - [10/May/2024:09:08:33 +0800] "GET /xingrg/dwr/util.js HTTP/1.1" 304 -
180.169.147.146 - - [10/May/2024:09:08:33 +0800] "POST /xingrg/dwr/call/plaincall/AjaxReportQueryService.getFixDate.dwr HTTP/1.1" 200 111
180.169.147.146 - - [10/May/2024:09:08:34 +0800] "POST /xingrg/all/common/load_tree.html?tree=area_rest_tree_json&manage=1 HTTP/1.1" 200 3993
101.83.144.49 - - [10/May/2024:09:08:34 +0800] "GET /xingrg/kc/buy/cgsh_order_operate.html?command=get_materiel&rest_code=00105&code=00101006129&supplier_code=00100096&order_time=2024-05-10 HTTP/1.1" 200 441
180.169.147.146 - - [10/May/2024:09:08:34 +0800] "POST /xingrg/all/common/load_tree.html?tree=supplier_tree_json&manage=1 HTTP/1.1" 200 82504
180.169.147.146 - - [10/May/2024:09:08:34 +0800] "POST /xingrg/all/common/load_tree.html?tree=materiel_sort_tree_json HTTP/1.1" 200 9734
222.70.183.82 - - [10/May/2024:09:08:35 +0800] "GET /xingrg/all/function/internal_message.html?_=1715303315943&CODE_STATE=getMsg HTTP/1.1" 200 27
180.164.6.225 - - [10/May/2024:09:08:37 +0800] "GET /xingrg/all/function/internal_message.html?_=1715303316789&CODE_STATE=getMsg HTTP/1.1" 200 27
180.169.147.146 - - [10/May/2024:09:08:38 +0800] "POST /xingrg/dwr/call/plaincall/AjaxReportQueryService.getFixDate.dwr HTTP/1.1" 200 111
180.169.147.146 - - [10/May/2024:09:08:41 +0800] "POST /xingrg/all/report/load_report_page.html HTTP/1.1" 200 8712
180.169.147.146 - - [10/May/2024:09:08:41 +0800] "GET /xingrg/servlets/image?cache=0.7787427781470123&image=px HTTP/1.1" 200 807
101.83.144.49 - - [10/May/2024:09:08:44 +0800] "GET /xingrg/all/function/internal_message.html?_=1715303326521&CODE_STATE=getMsg HTTP/1.1" 200 27
180.169.147.146 - - [10/May/2024:09:08:54 +0800] "GET /xingrg/all/function/internal_message.html?_=1715303333433&CODE_STATE=getMsg HTTP/1.1" 302 -
124.78.56.241 - - [10/May/2024:09:08:54 +0800] "GET /xingrg/all/function/internal_message.html?_=1715303335066&CODE_STATE=getMsg HTTP/1.1" 200 27
124.78.56.241 - - [10/May/2024:09:08:54 +0800] "GET /xingrg/check_reg.html?_=1715303335070 HTTP/1.1" 200 22
114.95.253.235 - - [10/May/2024:09:08:55 +0800] "GET /xingrg/all/function/internal_message.html?_=1715303335084&CODE_STATE=getMsg HTTP/1.1" 200 27
180.169.147.146 - - [10/May/2024:09:09:00 +0800] "POST /xingrg/dwr/call/plaincall/AjaxReportQueryService.refreshCache.dwr HTTP/1.1" 200 78
180.169.147.146 - - [10/May/2024:09:09:05 +0800] "POST /xingrg/all/report/load_report_page.html HTTP/1.1" 200 10903
180.169.147.146 - - [10/May/2024:09:09:05 +0800] "GET /xingrg/servlets/image?cache=0.7835812754458529&image=px HTTP/1.1" 200 807
101.83.144.49 - - [10/May/2024:09:09:08 +0800] "GET /xingrg/kc/buy/cgsh_order_operate.html?command=get_materiel&rest_code=00105&code=00101006144&supplier_code=00100096&order_time=2024-05-10 HTTP/1.1" 200 409
218.79.29.216 - - [10/May/2024:09:09:10 +0800] "GET /xingrg/all/function/internal_message.html?_=1715303359329&CODE_STATE=getMsg HTTP/1.1" 200 27
61.170.233.33 - - [10/May/2024:09:09:11 +0800] "GET /xingrg/all/function/internal_message.html?_=1715303348059&CODE_STATE=getMsg HTTP/1.1" 200 27
180.164.6.225 - - [10/May/2024:09:09:11 +0800] "POST /xingrg/kc/buy/cgsh_list_operate.html HTTP/1.1" 200 4
180.169.147.146 - - [10/May/2024:09:09:12 +0800] "POST /xingrg/all/report/load_report_page.html HTTP/1.1" 200 120643
180.169.147.146 - - [10/May/2024:09:09:12 +0800] "GET /xingrg/servlets/image?cache=0.08601862614037681&image=px HTTP/1.1" 200 807
101.80.230.31 - - [10/May/2024:09:09:12 +0800] "GET /xingrg/all/function/internal_message.html?_=1715303359594&CODE_STATE=getMsg HTTP/1.1" 200 27
180.169.147.146 - - [10/May/2024:09:09:19 +0800] "POST /xingrg/all/report/load_report_page.html HTTP/1.1" 200 120435
180.169.147.146 - - [10/May/2024:09:09:19 +0800] "GET /xingrg/servlets/image?cache=0.8156245652292132&image=px HTTP/1.1" 200 807
114.95.253.235 - - [10/May/2024:09:09:23 +0800] "GET /xingrg/all/function/internal_message.html?_=1715303363579&CODE_STATE=getMsg HTTP/1.1" 200 27
101.83.144.49 - - [10/May/2024:09:09:25 +0800] "GET /xingrg/kc/buy/cgsh_order_operate.html?command=get_materiel&rest_code=00105&code=00101007022&supplier_code=00100096&order_time=2024-05-10 HTTP/1.1" 200 415
180.169.147.146 - - [10/May/2024:09:09:25 +0800] "POST /xingrg/all/report/load_report_page.html HTTP/1.1" 200 120791
180.169.147.146 - - [10/May/2024:09:09:25 +0800] "GET /xingrg/servlets/image?cache=0.5394467191731676&image=px HTTP/1.1" 200 807
120.253.135.82 - - [10/May/2024:09:09:30 +0800] "GET /xingrg/all/function/internal_message.html?_=1715303220477&CODE_STATE=getMsg HTTP/1.1" 200 27
180.169.147.146 - - [10/May/2024:09:09:31 +0800] "GET /xingrg/all/function/internal_message.html?_=1715303371190&CODE_STATE=getMsg HTTP/1.1" 200 27
222.70.183.82 - - [10/May/2024:09:09:35 +0800] "GET /xingrg/all/function/internal_message.html?_=1715303375941&CODE_STATE=getMsg HTTP/1.1" 200 27
222.70.183.82 - - [10/May/2024:09:09:35 +0800] "GET /xingrg/check_reg.html?_=1715303375942 HTTP/1.1" 200 22
180.169.147.146 - - [10/May/2024:09:09:40 +0800] "POST /xingrg/all/report/report_print.html HTTP/1.1" 200 145557
101.83.144.49 - - [10/May/2024:09:09:40 +0800] "GET /xingrg/kc/buy/cgsh_order_operate.html?command=get_materiel&rest_code=00105&code=00101007181&supplier_code=00100096&order_time=2024-05-10 HTTP/1.1" 200 412
101.83.144.49 - - [10/May/2024:09:09:44 +0800] "GET /xingrg/all/function/internal_message.html?_=1715303386574&CODE_STATE=getMsg HTTP/1.1" 200 27
116.238.97.31 - - [10/May/2024:09:09:48 +0800] "GET /xingrg/check_reg.html?_=1715303388159 HTTP/1.1" 200 22
180.169.147.146 - - [10/May/2024:09:09:54 +0800] "GET /xingrg/check_reg.html?_=1715303393420 HTTP/1.1" 302 -
180.169.147.146 - - [10/May/2024:09:09:54 +0800] "GET /xingrg/all/function/internal_message.html?_=1715303393426&CODE_STATE=getMsg HTTP/1.1" 302 -
124.78.56.241 - - [10/May/2024:09:09:54 +0800] "GET /xingrg/all/function/internal_message.html?_=1715303395053&CODE_STATE=getMsg HTTP/1.1" 200 27
114.95.253.235 - - [10/May/2024:09:09:55 +0800] "GET /xingrg/all/function/internal_message.html?_=1715303395065&CODE_STATE=getMsg HTTP/1.1" 200 27
218.79.29.216 - - [10/May/2024:09:10:10 +0800] "GET /xingrg/all/function/internal_message.html?_=1715303419328&CODE_STATE=getMsg HTTP/1.1" 200 27
61.170.233.33 - - [10/May/2024:09:10:11 +0800] "GET /xingrg/all/function/internal_message.html?_=1715303408067&CODE_STATE=getMsg HTTP/1.1" 200 27
101.80.230.31 - - [10/May/2024:09:10:12 +0800] "GET /xingrg/check_reg.html?_=1715303419594 HTTP/1.1" 200 22
101.80.230.31 - - [10/May/2024:09:10:12 +0800] "GET /xingrg/all/function/internal_message.html?_=1715303419595&CODE_STATE=getMsg HTTP/1.1" 200 27
101.83.144.49 - - [10/May/2024:09:10:17 +0800] "POST /xingrg/kc/buy/cgsh_order_operate.html HTTP/1.1" 200 37
101.83.144.49 - - [10/May/2024:09:10:19 +0800] "POST /xingrg/kc/buy/cgsh_order_operate.html HTTP/1.1" 200 4463
101.83.144.49 - - [10/May/2024:09:10:21 +0800] "GET /xingrg/kc/print/load_data.html?order_code=212024051002574&kc_code=cgsh&condition= HTTP/1.1" 200 1350
114.95.253.235 - - [10/May/2024:09:10:23 +0800] "GET /xingrg/all/function/internal_message.html?_=1715303423570&CODE_STATE=getMsg HTTP/1.1" 200 27
120.253.135.82 - - [10/May/2024:09:10:28 +0800] "GET /xingrg/check_reg.html?_=1715303278876 HTTP/1.1" 200 22
120.253.135.82 - - [10/May/2024:09:10:30 +0800] "GET /xingrg/all/function/internal_message.html?_=1715303280546&CODE_STATE=getMsg HTTP/1.1" 200 27
180.169.147.146 - - [10/May/2024:09:10:31 +0800] "GET /xingrg/all/function/internal_message.html?_=1715303431201&CODE_STATE=getMsg HTTP/1.1" 200 27
222.70.183.82 - - [10/May/2024:09:10:35 +0800] "GET /xingrg/all/function/internal_message.html?_=1715303435940&CODE_STATE=getMsg HTTP/1.1" 200 27
101.83.144.49 - - [10/May/2024:09:10:44 +0800] "GET /xingrg/all/function/internal_message.html?_=1715303446548&CODE_STATE=getMsg HTTP/1.1" 200 27
180.169.147.146 - - [10/May/2024:09:10:54 +0800] "GET /xingrg/all/function/internal_message.html?_=1715303453441&CODE_STATE=getMsg HTTP/1.1" 302 -
124.78.56.241 - - [10/May/2024:09:10:54 +0800] "GET /xingrg/all/function/internal_message.html?_=1715303455041&CODE_STATE=getMsg HTTP/1.1" 200 27
114.95.253.235 - - [10/May/2024:09:10:55 +0800] "GET /xingrg/all/function/internal_message.html?_=1715303455050&CODE_STATE=getMsg HTTP/1.1" 200 27
218.79.29.216 - - [10/May/2024:09:11:10 +0800] "GET /xingrg/all/function/internal_message.html?_=1715303479329&CODE_STATE=getMsg HTTP/1.1" 200 27
61.170.233.33 - - [10/May/2024:09:11:11 +0800] "GET /xingrg/all/function/internal_message.html?_=1715303468070&CODE_STATE=getMsg HTTP/1.1" 200 27
61.170.233.33 - - [10/May/2024:09:11:11 +0800] "GET /xingrg/check_reg.html?_=1715303468074 HTTP/1.1" 200 22
101.80.230.31 - - [10/May/2024:09:11:12 +0800] "GET /xingrg/all/function/internal_message.html?_=1715303479621&CODE_STATE=getMsg HTTP/1.1" 200 27
114.95.253.235 - - [10/May/2024:09:11:23 +0800] "GET /xingrg/all/function/internal_message.html?_=1715303483577&CODE_STATE=getMsg HTTP/1.1" 200 27
120.253.135.82 - - [10/May/2024:09:11:30 +0800] "GET /xingrg/all/function/internal_message.html?_=1715303340558&CODE_STATE=getMsg HTTP/1.1" 200 27
180.169.147.146 - - [10/May/2024:09:11:31 +0800] "GET /xingrg/all/function/internal_message.html?_=1715303491209&CODE_STATE=getMsg HTTP/1.1" 200 27
101.83.144.49 - - [10/May/2024:09:11:34 +0800] "GET /xingrg/check_reg.html?_=1715303496082 HTTP/1.1" 200 22
222.70.183.82 - - [10/May/2024:09:11:35 +0800] "GET /xingrg/all/function/internal_message.html?_=1715303495941&CODE_STATE=getMsg HTTP/1.1" 200 27
101.83.144.49 - - [10/May/2024:09:11:44 +0800] "GET /xingrg/all/function/internal_message.html?_=1715303506522&CODE_STATE=getMsg HTTP/1.1" 200 27
180.169.147.146 - - [10/May/2024:09:11:54 +0800] "GET /xingrg/all/function/internal_message.html?_=1715303513440&CODE_STATE=getMsg HTTP/1.1" 302 -
124.78.56.241 - - [10/May/2024:09:11:54 +0800] "GET /xingrg/all/function/internal_message.html?_=1715303515052&CODE_STATE=getMsg HTTP/1.1" 200 27
114.95.253.235 - - [10/May/2024:09:11:55 +0800] "GET /xingrg/all/function/internal_message.html?_=1715303515032&CODE_STATE=getMsg HTTP/1.1" 200 27
218.79.29.216 - - [10/May/2024:09:12:10 +0800] "GET /xingrg/all/function/internal_message.html?_=1715303539329&CODE_STATE=getMsg HTTP/1.1" 200 27
218.79.29.216 - - [10/May/2024:09:12:10 +0800] "GET /xingrg/check_reg.html?_=1715303539333 HTTP/1.1" 200 22
61.170.233.33 - - [10/May/2024:09:12:11 +0800] "GET /xingrg/all/function/internal_message.html?_=1715303528062&CODE_STATE=getMsg HTTP/1.1" 200 27
101.80.230.31 - - [10/May/2024:09:12:12 +0800] "GET /xingrg/all/function/internal_message.html?_=1715303539620&CODE_STATE=getMsg HTTP/1.1" 200 27
114.95.253.235 - - [10/May/2024:09:12:23 +0800] "GET /xingrg/all/function/internal_message.html?_=1715303543577&CODE_STATE=getMsg HTTP/1.1" 200 27
114.95.253.235 - - [10/May/2024:09:12:23 +0800] "GET /xingrg/check_reg.html?_=1715303543579 HTTP/1.1" 200 22
120.253.135.82 - - [10/May/2024:09:12:30 +0800] "GET /xingrg/all/function/internal_message.html?_=1715303400571&CODE_STATE=getMsg HTTP/1.1" 200 27
180.169.147.146 - - [10/May/2024:09:12:31 +0800] "GET /xingrg/all/function/internal_message.html?_=1715303551209&CODE_STATE=getMsg HTTP/1.1" 200 27
222.70.183.82 - - [10/May/2024:09:12:35 +0800] "GET /xingrg/all/function/internal_message.html?_=1715303555940&CODE_STATE=getMsg HTTP/1.1" 200 27
101.83.144.49 - - [10/May/2024:09:12:44 +0800] "GET /xingrg/all/function/internal_message.html?_=1715303566497&CODE_STATE=getMsg HTTP/1.1" 200 27
180.169.147.146 - - [10/May/2024:09:12:54 +0800] "GET /xingrg/all/function/internal_message.html?_=1715303573432&CODE_STATE=getMsg HTTP/1.1" 302 -
124.78.56.241 - - [10/May/2024:09:12:54 +0800] "GET /xingrg/all/function/internal_message.html?_=1715303575044&CODE_STATE=getMsg HTTP/1.1" 200 27
114.95.253.235 - - [10/May/2024:09:12:55 +0800] "GET /xingrg/all/function/internal_message.html?_=1715303575009&CODE_STATE=getMsg HTTP/1.1" 200 27
114.95.253.235 - - [10/May/2024:09:12:55 +0800] "GET /xingrg/check_reg.html?_=1715303575227 HTTP/1.1" 200 22
120.253.135.82 - - [10/May/2024:09:13:08 +0800] "GET /xingrg/kc/pszx/mdqp_order_list.html?state=10 HTTP/1.1" 200 10447
120.253.135.82 - - [10/May/2024:09:13:08 +0800] "GET /xingrg/dwr/interface/AjaxReportQueryService.js HTTP/1.1" 200 13203
120.253.135.82 - - [10/May/2024:09:13:08 +0800] "GET /xingrg/dwr/engine.js HTTP/1.1" 200 43631
120.253.135.82 - - [10/May/2024:09:13:08 +0800] "GET /xingrg/dwr/interface/AjaxQqpsService.js HTTP/1.1" 200 16326
218.79.29.216 - - [10/May/2024:09:13:10 +0800] "GET /xingrg/all/function/internal_message.html?_=1715303599333&CODE_STATE=getMsg HTTP/1.1" 200 27
61.170.233.33 - - [10/May/2024:09:13:11 +0800] "GET /xingrg/all/function/internal_message.html?_=1715303588065&CODE_STATE=getMsg HTTP/1.1" 200 27
101.80.230.31 - - [10/May/2024:09:13:12 +0800] "GET /xingrg/all/function/internal_message.html?_=1715303599621&CODE_STATE=getMsg HTTP/1.1" 200 27
114.95.253.235 - - [10/May/2024:09:13:23 +0800] "GET /xingrg/all/function/internal_message.html?_=1715303603572&CODE_STATE=getMsg HTTP/1.1" 200 27
120.253.135.82 - - [10/May/2024:09:13:30 +0800] "GET /xingrg/all/function/internal_message.html?_=1715303460666&CODE_STATE=getMsg HTTP/1.1" 200 27
180.169.147.146 - - [10/May/2024:09:13:31 +0800] "GET /xingrg/check_reg.html?_=1715303611205 HTTP/1.1" 200 22
180.169.147.146 - - [10/May/2024:09:13:31 +0800] "GET /xingrg/all/function/internal_message.html?_=1715303611211&CODE_STATE=getMsg HTTP/1.1" 200 27
222.70.183.82 - - [10/May/2024:09:13:35 +0800] "GET /xingrg/all/function/internal_message.html?_=1715303615948&CODE_STATE=getMsg HTTP/1.1" 200 27
101.83.144.49 - - [10/May/2024:09:13:44 +0800] "GET /xingrg/all/function/internal_message.html?_=1715303626470&CODE_STATE=getMsg HTTP/1.1" 200 27
180.169.147.146 - - [10/May/2024:09:13:54 +0800] "GET /xingrg/all/function/internal_message.html?_=1715303633441&CODE_STATE=getMsg HTTP/1.1" 302 -
124.78.56.241 - - [10/May/2024:09:13:54 +0800] "GET /xingrg/all/function/internal_message.html?_=1715303635041&CODE_STATE=getMsg HTTP/1.1" 200 27
124.78.56.241 - - [10/May/2024:09:13:54 +0800] "GET /xingrg/check_reg.html?_=1715303635052 HTTP/1.1" 200 22
114.95.253.235 - - [10/May/2024:09:13:55 +0800] "GET /xingrg/all/function/internal_message.html?_=1715303634990&CODE_STATE=getMsg HTTP/1.1" 200 27
218.79.29.216 - - [10/May/2024:09:14:10 +0800] "GET /xingrg/all/function/internal_message.html?_=1715303659334&CODE_STATE=getMsg HTTP/1.1" 200 27
61.170.233.33 - - [10/May/2024:09:14:11 +0800] "GET /xingrg/all/function/internal_message.html?_=1715303648068&CODE_STATE=getMsg HTTP/1.1" 200 27
101.80.230.31 - - [10/May/2024:09:14:12 +0800] "GET /xingrg/all/function/internal_message.html?_=1715303659619&CODE_STATE=getMsg HTTP/1.1" 200 27
114.95.253.235 - - [10/May/2024:09:14:23 +0800] "GET /xingrg/all/function/internal_message.html?_=1715303663586&CODE_STATE=getMsg HTTP/1.1" 200 27
120.253.135.82 - - [10/May/2024:09:14:30 +0800] "GET /xingrg/all/function/internal_message.html?_=1715303520675&CODE_STATE=getMsg HTTP/1.1" 200 27
180.169.147.146 - - [10/May/2024:09:14:31 +0800] "GET /xingrg/all/function/internal_message.html?_=1715303671207&CODE_STATE=getMsg HTTP/1.1" 200 27
222.70.183.82 - - [10/May/2024:09:14:35 +0800] "GET /xingrg/check_reg.html?_=1715303675973 HTTP/1.1" 200 22
222.70.183.82 - - [10/May/2024:09:14:35 +0800] "GET /xingrg/all/function/internal_message.html?_=1715303675975&CODE_STATE=getMsg HTTP/1.1" 200 27
101.83.144.49 - - [10/May/2024:09:14:44 +0800] "GET /xingrg/all/function/internal_message.html?_=1715303686438&CODE_STATE=getMsg HTTP/1.1" 200 27
116.238.97.31 - - [10/May/2024:09:14:47 +0800] "GET /xingrg/check_reg.html?_=1715303688156 HTTP/1.1" 200 22
180.169.147.146 - - [10/May/2024:09:14:54 +0800] "GET /xingrg/check_reg.html?_=1715303693437 HTTP/1.1" 302 -
180.169.147.146 - - [10/May/2024:09:14:54 +0800] "GET /xingrg/all/function/internal_message.html?_=1715303693442&CODE_STATE=getMsg HTTP/1.1" 302 -
124.78.56.241 - - [10/May/2024:09:14:54 +0800] "GET /xingrg/all/function/internal_message.html?_=1715303695042&CODE_STATE=getMsg HTTP/1.1" 200 27
114.95.253.235 - - [10/May/2024:09:14:55 +0800] "GET /xingrg/all/function/internal_message.html?_=1715303694971&CODE_STATE=getMsg HTTP/1.1" 200 27
218.79.29.216 - - [10/May/2024:09:15:10 +0800] "GET /xingrg/all/function/internal_message.html?_=1715303719336&CODE_STATE=getMsg HTTP/1.1" 200 27
61.170.233.33 - - [10/May/2024:09:15:11 +0800] "GET /xingrg/all/function/internal_message.html?_=1715303708069&CODE_STATE=getMsg HTTP/1.1" 200 27
101.80.230.31 - - [10/May/2024:09:15:12 +0800] "GET /xingrg/all/function/internal_message.html?_=1715303719619&CODE_STATE=getMsg HTTP/1.1" 200 27
101.80.230.31 - - [10/May/2024:09:15:12 +0800] "GET /xingrg/check_reg.html?_=1715303719621 HTTP/1.1" 200 22
114.95.253.235 - - [10/May/2024:09:15:21 +0800] "GET /xingrg/kc/print/load_config.html?kc_code=cgsh HTTP/1.1" 200 1927
114.95.253.235 - - [10/May/2024:09:15:21 +0800] "GET /xingrg/kc/print/load_data.html?order_code=212024051002567&kc_code=cgsh&condition= HTTP/1.1" 200 12347
114.95.253.235 - - [10/May/2024:09:15:23 +0800] "GET /xingrg/all/function/internal_message.html?_=1715303723590&CODE_STATE=getMsg HTTP/1.1" 200 27
120.253.135.82 - - [10/May/2024:09:15:28 +0800] "GET /xingrg/check_reg.html?_=1715303578951 HTTP/1.1" 200 22
120.253.135.82 - - [10/May/2024:09:15:30 +0800] "GET /xingrg/all/function/internal_message.html?_=1715303580691&CODE_STATE=getMsg HTTP/1.1" 200 27
180.169.147.146 - - [10/May/2024:09:15:31 +0800] "GET /xingrg/all/function/internal_message.html?_=1715303731200&CODE_STATE=getMsg HTTP/1.1" 200 27
222.70.183.82 - - [10/May/2024:09:15:35 +0800] "GET /xingrg/all/function/internal_message.html?_=1715303735973&CODE_STATE=getMsg HTTP/1.1" 200 27
101.83.144.49 - - [10/May/2024:09:15:44 +0800] "GET /xingrg/all/function/internal_message.html?_=1715303746417&CODE_STATE=getMsg HTTP/1.1" 200 27
222.64.58.117 - - [10/May/2024:09:15:52 +0800] "POST /xingrg/services/DataTransmitService HTTP/1.1" 200 524
180.169.147.146 - - [10/May/2024:09:15:54 +0800] "GET /xingrg/all/function/internal_message.html?_=1715303753428&CODE_STATE=getMsg HTTP/1.1" 302 -
124.78.56.241 - - [10/May/2024:09:15:54 +0800] "GET /xingrg/all/function/internal_message.html?_=1715303755041&CODE_STATE=getMsg HTTP/1.1" 200 27
114.95.253.235 - - [10/May/2024:09:15:55 +0800] "GET /xingrg/all/function/internal_message.html?_=1715303754950&CODE_STATE=getMsg HTTP/1.1" 200 27
218.79.29.216 - - [10/May/2024:09:16:10 +0800] "GET /xingrg/all/function/internal_message.html?_=1715303779337&CODE_STATE=getMsg HTTP/1.1" 200 27
61.170.233.33 - - [10/May/2024:09:16:11 +0800] "GET /xingrg/check_reg.html?_=1715303768077 HTTP/1.1" 200 22
61.170.233.33 - - [10/May/2024:09:16:11 +0800] "GET /xingrg/all/function/internal_message.html?_=1715303768071&CODE_STATE=getMsg HTTP/1.1" 200 27
101.80.230.31 - - [10/May/2024:09:16:12 +0800] "GET /xingrg/all/function/internal_message.html?_=1715303779618&CODE_STATE=getMsg HTTP/1.1" 200 27
114.95.253.235 - - [10/May/2024:09:16:23 +0800] "GET /xingrg/all/function/internal_message.html?_=1715303783575&CODE_STATE=getMsg HTTP/1.1" 200 27
120.253.135.82 - - [10/May/2024:09:16:30 +0800] "GET /xingrg/all/function/internal_message.html?_=1715303640702&CODE_STATE=getMsg HTTP/1.1" 200 27
180.169.147.146 - - [10/May/2024:09:16:31 +0800] "GET /xingrg/all/function/internal_message.html?_=1715303791197&CODE_STATE=getMsg HTTP/1.1" 200 27
101.83.144.49 - - [10/May/2024:09:16:34 +0800] "GET /xingrg/check_reg.html?_=1715303796077 HTTP/1.1" 200 22
222.70.183.82 - - [10/May/2024:09:16:35 +0800] "GET /xingrg/all/function/internal_message.html?_=1715303795972&CODE_STATE=getMsg HTTP/1.1" 200 27
101.83.144.49 - - [10/May/2024:09:16:44 +0800] "GET /xingrg/all/function/internal_message.html?_=1715303806390&CODE_STATE=getMsg HTTP/1.1" 200 27
180.169.147.146 - - [10/May/2024:09:16:54 +0800] "GET /xingrg/all/function/internal_message.html?_=1715303813421&CODE_STATE=getMsg HTTP/1.1" 302 -
124.78.56.241 - - [10/May/2024:09:16:54 +0800] "GET /xingrg/all/function/internal_message.html?_=1715303815041&CODE_STATE=getMsg HTTP/1.1" 200 27
114.95.253.235 - - [10/May/2024:09:16:54 +0800] "GET /xingrg/all/function/internal_message.html?_=1715303814930&CODE_STATE=getMsg HTTP/1.1" 200 27
218.79.29.216 - - [10/May/2024:09:17:10 +0800] "GET /xingrg/check_reg.html?_=1715303839337 HTTP/1.1" 200 22
218.79.29.216 - - [10/May/2024:09:17:10 +0800] "GET /xingrg/all/function/internal_message.html?_=1715303839338&CODE_STATE=getMsg HTTP/1.1" 200 27
61.170.233.33 - - [10/May/2024:09:17:11 +0800] "GET /xingrg/all/function/internal_message.html?_=1715303828063&CODE_STATE=getMsg HTTP/1.1" 200 27
101.80.230.31 - - [10/May/2024:09:17:12 +0800] "GET /xingrg/all/function/internal_message.html?_=1715303839619&CODE_STATE=getMsg HTTP/1.1" 200 27
114.95.253.235 - - [10/May/2024:09:17:23 +0800] "GET /xingrg/all/function/internal_message.html?_=1715303843574&CODE_STATE=getMsg HTTP/1.1" 200 27
114.95.253.235 - - [10/May/2024:09:17:23 +0800] "GET /xingrg/check_reg.html?_=1715303843578 HTTP/1.1" 200 22
120.253.135.82 - - [10/May/2024:09:17:30 +0800] "GET /xingrg/all/function/internal_message.html?_=1715303700717&CODE_STATE=getMsg HTTP/1.1" 200 27
180.169.147.146 - - [10/May/2024:09:17:31 +0800] "GET /xingrg/all/function/internal_message.html?_=1715303851216&CODE_STATE=getMsg HTTP/1.1" 200 27
222.70.183.82 - - [10/May/2024:09:17:35 +0800] "GET /xingrg/all/function/internal_message.html?_=1715303855971&CODE_STATE=getMsg HTTP/1.1" 200 27
101.83.144.49 - - [10/May/2024:09:17:44 +0800] "GET /xingrg/all/function/internal_message.html?_=1715303866366&CODE_STATE=getMsg HTTP/1.1" 200 27
222.69.130.33 - - [10/May/2024:09:17:46 +0800] "GET /xingrg/login.html HTTP/1.1" 200 7641
222.69.130.33 - - [10/May/2024:09:17:47 +0800] "GET /favicon.ico HTTP/1.1" 404 -
222.69.130.33 - - [10/May/2024:09:17:49 +0800] "POST /xingrg/login.do HTTP/1.1" 302 -
222.69.130.33 - - [10/May/2024:09:17:49 +0800] "GET /xingrg/index.html?sysBaseUrl=http%3A%2F%2F180.169.147.146%3A18081%2Fxingrg%2F&costTime=805×tamp=1715303869235 HTTP/1.1" 200 17179
222.69.130.33 - - [10/May/2024:09:17:49 +0800] "GET /favicon.ico HTTP/1.1" 404 -
222.69.130.33 - - [10/May/2024:09:17:49 +0800] "GET /xingrg/all/function/internal_message.html?_=1715303870517&CODE_STATE=count HTTP/1.1" 200 11
222.69.130.33 - - [10/May/2024:09:17:49 +0800] "GET /xingrg/check_reg.html?_=1715303870519 HTTP/1.1" 200 22
222.69.130.33 - - [10/May/2024:09:17:49 +0800] "POST /xingrg/all/common/load_tree.html?tree=area_rest_tree_json&manage=1 HTTP/1.1" 200 351
222.69.130.33 - - [10/May/2024:09:17:49 +0800] "POST /xingrg/load_menu.html HTTP/1.1" 200 5138
180.169.147.146 - - [10/May/2024:09:17:54 +0800] "GET /xingrg/all/function/internal_message.html?_=1715303873432&CODE_STATE=getMsg HTTP/1.1" 302 -
124.78.56.241 - - [10/May/2024:09:17:54 +0800] "GET /xingrg/all/function/internal_message.html?_=1715303875038&CODE_STATE=getMsg HTTP/1.1" 200 27
114.95.253.235 - - [10/May/2024:09:17:54 +0800] "GET /xingrg/all/function/internal_message.html?_=1715303874913&CODE_STATE=getMsg HTTP/1.1" 200 27
114.95.253.235 - - [10/May/2024:09:17:55 +0800] "GET /xingrg/check_reg.html?_=1715303875226 HTTP/1.1" 200 22
218.79.29.216 - - [10/May/2024:09:18:10 +0800] "GET /xingrg/all/function/internal_message.html?_=1715303899337&CODE_STATE=getMsg HTTP/1.1" 200 27
61.170.233.33 - - [10/May/2024:09:18:11 +0800] "GET /xingrg/all/function/internal_message.html?_=1715303888078&CODE_STATE=getMsg HTTP/1.1" 200 27
101.80.230.31 - - [10/May/2024:09:18:12 +0800] "GET /xingrg/all/function/internal_message.html?_=1715303899618&CODE_STATE=getMsg HTTP/1.1" 200 27
114.95.253.235 - - [10/May/2024:09:18:23 +0800] "GET /xingrg/all/function/internal_message.html?_=1715303903582&CODE_STATE=getMsg HTTP/1.1" 200 27
120.253.135.82 - - [10/May/2024:09:18:30 +0800] "GET /xingrg/all/function/internal_message.html?_=1715303760800&CODE_STATE=getMsg HTTP/1.1" 200 27
180.169.147.146 - - [10/May/2024:09:18:31 +0800] "GET /xingrg/check_reg.html?_=1715303911220 HTTP/1.1" 200 22
180.169.147.146 - - [10/May/2024:09:18:31 +0800] "GET /xingrg/all/function/internal_message.html?_=1715303911223&CODE_STATE=getMsg HTTP/1.1" 200 27
222.70.183.82 - - [10/May/2024:09:18:35 +0800] "GET /xingrg/all/function/internal_message.html?_=1715303915971&CODE_STATE=getMsg HTTP/1.1" 200 27
101.83.144.49 - - [10/May/2024:09:18:44 +0800] "GET /xingrg/all/function/internal_message.html?_=1715303926345&CODE_STATE=getMsg HTTP/1.1" 200 27
222.69.130.33 - - [10/May/2024:09:18:49 +0800] "GET /xingrg/all/function/internal_message.html?_=1715303930547&CODE_STATE=getMsg HTTP/1.1" 200 27
180.169.147.146 - - [10/May/2024:09:18:54 +0800] "GET /xingrg/all/function/internal_message.html?_=1715303933433&CODE_STATE=getMsg HTTP/1.1" 302 -
124.78.56.241 - - [10/May/2024:09:18:54 +0800] "GET /xingrg/all/function/internal_message.html?_=1715303935029&CODE_STATE=getMsg HTTP/1.1" 200 27
124.78.56.241 - - [10/May/2024:09:18:54 +0800] "GET /xingrg/check_reg.html?_=1715303935033 HTTP/1.1" 200 22
114.95.253.235 - - [10/May/2024:09:18:54 +0800] "GET /xingrg/all/function/internal_message.html?_=1715303934894&CODE_STATE=getMsg HTTP/1.1" 200 27
218.79.29.216 - - [10/May/2024:09:19:10 +0800] "GET /xingrg/all/function/internal_message.html?_=1715303959335&CODE_STATE=getMsg HTTP/1.1" 200 27
61.170.233.33 - - [10/May/2024:09:19:11 +0800] "GET /xingrg/all/function/internal_message.html?_=1715303948065&CODE_STATE=getMsg HTTP/1.1" 200 27
101.80.230.31 - - [10/May/2024:09:19:12 +0800] "GET /xingrg/all/function/internal_message.html?_=1715303959618&CODE_STATE=getMsg HTTP/1.1" 200 27
222.69.130.33 - - [10/May/2024:09:19:17 +0800] "GET /xingrg/kc/buy/cgsh_order_list.html HTTP/1.1" 200 58767
222.69.130.33 - - [10/May/2024:09:19:20 +0800] "POST /xingrg/kc/buy/cgsh_list_operate.html HTTP/1.1" 200 645
222.69.130.33 - - [10/May/2024:09:19:21 +0800] "GET /xingrg/kc/buy/cgsh_order_add.html HTTP/1.1" 200 73771
222.69.130.33 - - [10/May/2024:09:19:22 +0800] "GET /xingrg/words/20240509093912_words.js HTTP/1.1" 304 -
222.69.130.33 - - [10/May/2024:09:19:22 +0800] "POST /xingrg/kc/buy/cgsh_order_operate.html HTTP/1.1" 200 8245
222.69.130.33 - - [10/May/2024:09:19:22 +0800] "GET /xingrg/javascript/easyui/themes/default/validatebox.css HTTP/1.1" 404 1104
222.69.130.33 - - [10/May/2024:09:19:22 +0800] "GET /xingrg/all/common/auto_word.html?type=employee&rest_code=00154 HTTP/1.1" 200 101
222.69.130.33 - - [10/May/2024:09:19:22 +0800] "GET /xingrg/all/common/auto_word.html?type=employee&rest_code=00154 HTTP/1.1" 200 101
114.95.253.235 - - [10/May/2024:09:19:23 +0800] "GET /xingrg/all/function/internal_message.html?_=1715303963584&CODE_STATE=getMsg HTTP/1.1" 200 27
222.69.130.33 - - [10/May/2024:09:19:25 +0800] "GET /xingrg/javascript/auto/indicator.gif HTTP/1.1" 404 1066
61.170.233.33 - - [10/May/2024:09:19:25 +0800] "GET /xingrg/kc/buy/cgsh_order_add.html HTTP/1.1" 200 74574
61.170.233.33 - - [10/May/2024:09:19:26 +0800] "GET /xingrg/words/20240509093912_words.js HTTP/1.1" 304 -
61.170.233.33 - - [10/May/2024:09:19:26 +0800] "POST /xingrg/kc/buy/cgsh_order_operate.html HTTP/1.1" 200 8245
61.170.233.33 - - [10/May/2024:09:19:26 +0800] "GET /xingrg/javascript/easyui/themes/default/validatebox.css HTTP/1.1" 404 1104
61.170.233.33 - - [10/May/2024:09:19:26 +0800] "GET /xingrg/all/common/auto_word.html?type=employee&rest_code=00106 HTTP/1.1" 200 205
61.170.233.33 - - [10/May/2024:09:19:26 +0800] "GET /xingrg/all/common/auto_word.html?type=employee&rest_code=00106 HTTP/1.1" 200 205
120.253.135.82 - - [10/May/2024:09:19:30 +0800] "GET /xingrg/all/function/internal_message.html?_=1715303820806&CODE_STATE=getMsg HTTP/1.1" 200 27
180.169.147.146 - - [10/May/2024:09:19:31 +0800] "GET /xingrg/all/function/internal_message.html?_=1715303971211&CODE_STATE=getMsg HTTP/1.1" 200 27
222.70.183.82 - - [10/May/2024:09:19:35 +0800] "GET /xingrg/all/function/internal_message.html?_=1715303975980&CODE_STATE=getMsg HTTP/1.1" 200 27
222.70.183.82 - - [10/May/2024:09:19:35 +0800] "GET /xingrg/check_reg.html?_=1715303975982 HTTP/1.1" 200 22
222.69.130.33 - - [10/May/2024:09:19:39 +0800] "GET /xingrg/kc/buy/cgsh_order_operate.html?command=get_materiel&rest_code=00154&code=00101028002&supplier_code=00100427&order_time=2024-05-10 HTTP/1.1" 200 454
222.69.130.33 - - [10/May/2024:09:19:41 +0800] "POST /xingrg/all/common/load_select.html HTTP/1.1" 200 25
116.238.97.31 - - [10/May/2024:09:19:42 +0800] "POST /xingrg/services/DataTransmitService HTTP/1.1" 200 524
101.83.144.49 - - [10/May/2024:09:19:44 +0800] "GET /xingrg/all/function/internal_message.html?_=1715303986322&CODE_STATE=getMsg HTTP/1.1" 200 27
222.69.130.33 - - [10/May/2024:09:19:46 +0800] "GET /xingrg/kc/buy/cgsh_order_operate.html?command=get_materiel_price&rest_code=00154&code=00101028002&unit_code=00100157&supplier_code=00100427&order_time=2024-05-10 HTTP/1.1" 200 29
116.238.97.31 - - [10/May/2024:09:19:47 +0800] "GET /xingrg/check_reg.html?_=1715303988151 HTTP/1.1" 200 22
222.69.130.33 - - [10/May/2024:09:19:49 +0800] "GET /xingrg/all/function/internal_message.html?_=1715303990524&CODE_STATE=getMsg HTTP/1.1" 200 27
180.169.147.146 - - [10/May/2024:09:19:54 +0800] "GET /xingrg/all/function/internal_message.html?_=1715303993427&CODE_STATE=getMsg HTTP/1.1" 302 -
180.169.147.146 - - [10/May/2024:09:19:54 +0800] "GET /xingrg/check_reg.html?_=1715303993433 HTTP/1.1" 302 -
124.78.56.241 - - [10/May/2024:09:19:54 +0800] "GET /xingrg/all/function/internal_message.html?_=1715303995035&CODE_STATE=getMsg HTTP/1.1" 200 27
114.95.253.235 - - [10/May/2024:09:19:54 +0800] "GET /xingrg/all/function/internal_message.html?_=1715303994874&CODE_STATE=getMsg HTTP/1.1" 200 27
222.69.130.33 - - [10/May/2024:09:20:09 +0800] "POST /xingrg/kc/buy/cgsh_order_operate.html HTTP/1.1" 200 37
218.79.29.216 - - [10/May/2024:09:20:10 +0800] "GET /xingrg/all/function/internal_message.html?_=1715304019351&CODE_STATE=getMsg HTTP/1.1" 200 27
61.170.233.33 - - [10/May/2024:09:20:11 +0800] "GET /xingrg/all/function/internal_message.html?_=1715304008079&CODE_STATE=getMsg HTTP/1.1" 200 27
101.80.230.31 - - [10/May/2024:09:20:12 +0800] "GET /xingrg/all/function/internal_message.html?_=1715304019618&CODE_STATE=getMsg HTTP/1.1" 200 27
101.80.230.31 - - [10/May/2024:09:20:12 +0800] "GET /xingrg/check_reg.html?_=1715304019621 HTTP/1.1" 200 22
222.69.130.33 - - [10/May/2024:09:20:17 +0800] "POST /xingrg/kc/buy/cgsh_order_operate.html HTTP/1.1" 200 12
222.69.130.33 - - [10/May/2024:09:20:22 +0800] "GET /xingrg/kc/buy/cgsh_order_info.html?code=212024051002575 HTTP/1.1" 200 68655
222.69.130.33 - - [10/May/2024:09:20:22 +0800] "GET /xingrg/javascript/easyui/themes/default/validatebox.css HTTP/1.1" 404 1104
114.95.253.235 - - [10/May/2024:09:20:23 +0800] "GET /xingrg/all/function/internal_message.html?_=1715304023576&CODE_STATE=getMsg HTTP/1.1" 200 27
222.69.130.33 - - [10/May/2024:09:20:23 +0800] "POST /xingrg/kc/buy/cgsh_order_operate.html HTTP/1.1" 200 647
222.69.130.33 - - [10/May/2024:09:20:28 +0800] "GET /xingrg/kc/print/load_config.html?kc_code=cgsh HTTP/1.1" 200 1927
120.253.135.82 - - [10/May/2024:09:20:28 +0800] "GET /xingrg/check_reg.html?_=1715303879011 HTTP/1.1" 200 22
222.69.130.33 - - [10/May/2024:09:20:28 +0800] "GET /xingrg/kc/print/load_data.html?order_code=212024051002575&kc_code=cgsh&condition= HTTP/1.1" 200 750
120.253.135.82 - - [10/May/2024:09:20:30 +0800] "GET /xingrg/all/function/internal_message.html?_=1715303880820&CODE_STATE=getMsg HTTP/1.1" 200 27
180.169.147.146 - - [10/May/2024:09:20:31 +0800] "GET /xingrg/all/function/internal_message.html?_=1715304031205&CODE_STATE=getMsg HTTP/1.1" 200 27
222.70.183.82 - - [10/May/2024:09:20:35 +0800] "GET /xingrg/all/function/internal_message.html?_=1715304035966&CODE_STATE=getMsg HTTP/1.1" 200 27
101.83.144.49 - - [10/May/2024:09:20:44 +0800] "GET /xingrg/all/function/internal_message.html?_=1715304046300&CODE_STATE=getMsg HTTP/1.1" 200 27
116.232.195.13 - - [10/May/2024:09:20:47 +0800] "POST /xingrg/services/DataTransmitService HTTP/1.1" 200 524
222.69.130.33 - - [10/May/2024:09:20:49 +0800] "GET /xingrg/all/function/internal_message.html?_=1715304050531&CODE_STATE=getMsg HTTP/1.1" 200 27
180.169.147.146 - - [10/May/2024:09:20:54 +0800] "GET /xingrg/all/function/internal_message.html?_=1715304053435&CODE_STATE=getMsg HTTP/1.1" 302 -
114.95.253.235 - - [10/May/2024:09:20:54 +0800] "GET /xingrg/all/function/internal_message.html?_=1715304054849&CODE_STATE=getMsg HTTP/1.1" 200 27
124.78.56.241 - - [10/May/2024:09:20:54 +0800] "GET /xingrg/all/function/internal_message.html?_=1715304055032&CODE_STATE=getMsg HTTP/1.1" 200 27
218.79.29.216 - - [10/May/2024:09:21:10 +0800] "GET /xingrg/all/function/internal_message.html?_=1715304079336&CODE_STATE=getMsg HTTP/1.1" 200 27
61.170.233.33 - - [10/May/2024:09:21:11 +0800] "GET /xingrg/all/function/internal_message.html?_=1715304068082&CODE_STATE=getMsg HTTP/1.1" 200 27
61.170.233.33 - - [10/May/2024:09:21:11 +0800] "GET /xingrg/check_reg.html?_=1715304068086 HTTP/1.1" 200 22
101.80.230.31 - - [10/May/2024:09:21:12 +0800] "GET /xingrg/all/function/internal_message.html?_=1715304079621&CODE_STATE=getMsg HTTP/1.1" 200 27
114.95.253.235 - - [10/May/2024:09:21:23 +0800] "GET /xingrg/all/function/internal_message.html?_=1715304083588&CODE_STATE=getMsg HTTP/1.1" 200 27
61.170.233.33 - - [10/May/2024:09:21:30 +0800] "GET /xingrg/javascript/easyui/themes/default/tree.css HTTP/1.1" 404 1090
120.253.135.82 - - [10/May/2024:09:21:30 +0800] "GET /xingrg/all/function/internal_message.html?_=1715303940833&CODE_STATE=getMsg HTTP/1.1" 200 27
61.170.233.33 - - [10/May/2024:09:21:30 +0800] "POST /xingrg/all/common/load_tree.html?tree=supplier_tree_json&isDelete=1 HTTP/1.1" 200 80088
180.169.147.146 - - [10/May/2024:09:21:31 +0800] "GET /xingrg/all/function/internal_message.html?_=1715304091200&CODE_STATE=getMsg HTTP/1.1" 200 27
222.69.130.33 - - [10/May/2024:09:21:33 +0800] "GET /xingrg/kc/buy/cgsh_order_add.html HTTP/1.1" 200 73771
222.69.130.33 - - [10/May/2024:09:21:33 +0800] "POST /xingrg/kc/buy/cgsh_order_operate.html HTTP/1.1" 200 8245
222.69.130.33 - - [10/May/2024:09:21:34 +0800] "GET /xingrg/javascript/easyui/themes/default/validatebox.css HTTP/1.1" 404 1104
101.83.144.49 - - [10/May/2024:09:21:34 +0800] "GET /xingrg/check_reg.html?_=1715304096085 HTTP/1.1" 200 22
222.70.183.82 - - [10/May/2024:09:21:35 +0800] "GET /xingrg/all/function/internal_message.html?_=1715304095971&CODE_STATE=getMsg HTTP/1.1" 200 27
101.83.144.49 - - [10/May/2024:09:21:44 +0800] "GET /xingrg/all/function/internal_message.html?_=1715304106269&CODE_STATE=getMsg HTTP/1.1" 200 27
222.69.130.33 - - [10/May/2024:09:21:49 +0800] "GET /xingrg/all/function/internal_message.html?_=1715304110529&CODE_STATE=getMsg HTTP/1.1" 200 27
222.69.130.33 - - [10/May/2024:09:21:52 +0800] "GET /xingrg/kc/buy/cgsh_order_operate.html?command=get_materiel&rest_code=00154&code=00101007172&supplier_code=00100538&order_time=2024-05-10 HTTP/1.1" 200 439
180.169.147.146 - - [10/May/2024:09:21:54 +0800] "GET /xingrg/all/function/internal_message.html?_=1715304113430&CODE_STATE=getMsg HTTP/1.1" 302 -
114.95.253.235 - - [10/May/2024:09:21:54 +0800] "GET /xingrg/all/function/internal_message.html?_=1715304114828&CODE_STATE=getMsg HTTP/1.1" 200 27
124.78.56.241 - - [10/May/2024:09:21:54 +0800] "GET /xingrg/all/function/internal_message.html?_=1715304115024&CODE_STATE=getMsg HTTP/1.1" 200 27
222.69.130.33 - - [10/May/2024:09:21:59 +0800] "POST /xingrg/all/common/load_select.html HTTP/1.1" 200 25
222.69.130.33 - - [10/May/2024:09:22:04 +0800] "GET /xingrg/kc/buy/cgsh_order_operate.html?command=get_materiel_price&rest_code=00154&code=00101007172&unit_code=00100009&supplier_code=00100538&order_time=2024-05-10 HTTP/1.1" 200 30
218.79.29.216 - - [10/May/2024:09:22:10 +0800] "GET /xingrg/all/function/internal_message.html?_=1715304139351&CODE_STATE=getMsg HTTP/1.1" 200 27
218.79.29.216 - - [10/May/2024:09:22:10 +0800] "GET /xingrg/check_reg.html?_=1715304139354 HTTP/1.1" 200 22
61.170.233.33 - - [10/May/2024:09:22:11 +0800] "GET /xingrg/all/function/internal_message.html?_=1715304128401&CODE_STATE=getMsg HTTP/1.1" 200 27
101.80.230.31 - - [10/May/2024:09:22:12 +0800] "GET /xingrg/all/function/internal_message.html?_=1715304139639&CODE_STATE=getMsg HTTP/1.1" 200 27
114.95.253.235 - - [10/May/2024:09:22:23 +0800] "GET /xingrg/check_reg.html?_=1715304143578 HTTP/1.1" 200 22
114.95.253.235 - - [10/May/2024:09:22:23 +0800] "GET /xingrg/all/function/internal_message.html?_=1715304143583&CODE_STATE=getMsg HTTP/1.1" 200 27
222.69.130.33 - - [10/May/2024:09:22:25 +0800] "GET /xingrg/kc/buy/cgsh_order_operate.html?command=get_materiel&rest_code=00154&code=00101006198&supplier_code=00100538&order_time=2024-05-10 HTTP/1.1" 200 430
120.253.135.82 - - [10/May/2024:09:22:30 +0800] "GET /xingrg/all/function/internal_message.html?_=1715304000847&CODE_STATE=getMsg HTTP/1.1" 200 27
180.169.147.146 - - [10/May/2024:09:22:31 +0800] "GET /xingrg/all/function/internal_message.html?_=1715304151210&CODE_STATE=getMsg HTTP/1.1" 200 27
222.70.183.82 - - [10/May/2024:09:22:35 +0800] "GET /xingrg/all/function/internal_message.html?_=1715304155969&CODE_STATE=getMsg HTTP/1.1" 200 27
101.83.144.49 - - [10/May/2024:09:22:44 +0800] "GET /xingrg/all/function/internal_message.html?_=1715304166250&CODE_STATE=getMsg HTTP/1.1" 200 27
222.69.130.33 - - [10/May/2024:09:22:47 +0800] "GET /xingrg/kc/buy/cgsh_order_operate.html?command=get_materiel&rest_code=00154&code=00101010003&supplier_code=00100538&order_time=2024-05-10 HTTP/1.1" 200 440
222.69.130.33 - - [10/May/2024:09:22:49 +0800] "GET /xingrg/check_reg.html?_=1715304170527 HTTP/1.1" 200 22
222.69.130.33 - - [10/May/2024:09:22:49 +0800] "GET /xingrg/all/function/internal_message.html?_=1715304170529&CODE_STATE=getMsg HTTP/1.1" 200 27
180.169.147.146 - - [10/May/2024:09:22:54 +0800] "GET /xingrg/all/function/internal_message.html?_=1715304173447&CODE_STATE=getMsg HTTP/1.1" 302 -
114.95.253.235 - - [10/May/2024:09:22:54 +0800] "GET /xingrg/all/function/internal_message.html?_=1715304174811&CODE_STATE=getMsg HTTP/1.1" 200 27
124.78.56.241 - - [10/May/2024:09:22:54 +0800] "GET /xingrg/all/function/internal_message.html?_=1715304175035&CODE_STATE=getMsg HTTP/1.1" 200 27
114.95.253.235 - - [10/May/2024:09:22:55 +0800] "GET /xingrg/check_reg.html?_=1715304175207 HTTP/1.1" 200 22
222.69.130.33 - - [10/May/2024:09:23:04 +0800] "GET /xingrg/kc/buy/cgsh_order_operate.html?command=get_materiel&rest_code=00154&code=00101010291&supplier_code=00100538&order_time=2024-05-10 HTTP/1.1" 200 432
218.79.29.216 - - [10/May/2024:09:23:10 +0800] "GET /xingrg/all/function/internal_message.html?_=1715304199341&CODE_STATE=getMsg HTTP/1.1" 200 27
61.170.233.33 - - [10/May/2024:09:23:11 +0800] "GET /xingrg/all/function/internal_message.html?_=1715304188403&CODE_STATE=getMsg HTTP/1.1" 200 27
101.80.230.31 - - [10/May/2024:09:23:12 +0800] "GET /xingrg/all/function/internal_message.html?_=1715304199645&CODE_STATE=getMsg HTTP/1.1" 200 27
222.69.130.33 - - [10/May/2024:09:23:19 +0800] "GET /xingrg/kc/buy/cgsh_order_operate.html?command=get_materiel&rest_code=00154&code=00101001213&supplier_code=00100538&order_time=2024-05-10 HTTP/1.1" 200 457
114.95.253.235 - - [10/May/2024:09:23:23 +0800] "GET /xingrg/all/function/internal_message.html?_=1715304203575&CODE_STATE=getMsg HTTP/1.1" 200 27
120.253.135.82 - - [10/May/2024:09:23:30 +0800] "GET /xingrg/all/function/internal_message.html?_=1715304060922&CODE_STATE=getMsg HTTP/1.1" 200 27
180.169.147.146 - - [10/May/2024:09:23:31 +0800] "GET /xingrg/all/function/internal_message.html?_=1715304211212&CODE_STATE=getMsg HTTP/1.1" 200 27
180.169.147.146 - - [10/May/2024:09:23:31 +0800] "GET /xingrg/check_reg.html?_=1715304211215 HTTP/1.1" 200 22
222.69.130.33 - - [10/May/2024:09:23:32 +0800] "GET /xingrg/kc/buy/cgsh_order_operate.html?command=get_materiel&rest_code=00154&code=00101010248&supplier_code=00100538&order_time=2024-05-10 HTTP/1.1" 200 430
222.69.130.33 - - [10/May/2024:09:23:35 +0800] "POST /xingrg/all/common/load_select.html HTTP/1.1" 200 25
222.70.183.82 - - [10/May/2024:09:23:35 +0800] "GET /xingrg/all/function/internal_message.html?_=1715304215967&CODE_STATE=getMsg HTTP/1.1" 200 27
222.70.183.82 - - [10/May/2024:09:23:35 +0800] "GET /xingrg/kc/buy/cgsh_order_add.html HTTP/1.1" 200 74530
222.70.183.82 - - [10/May/2024:09:23:36 +0800] "GET /xingrg/javascript/easyui/themes/default/validatebox.css HTTP/1.1" 404 1104
222.70.183.82 - - [10/May/2024:09:23:36 +0800] "POST /xingrg/kc/buy/cgsh_order_operate.html HTTP/1.1" 200 8245
222.69.130.33 - - [10/May/2024:09:23:40 +0800] "GET /xingrg/kc/buy/cgsh_order_operate.html?command=get_materiel_price&rest_code=00154&code=00101010248&unit_code=00100043&supplier_code=00100538&order_time=2024-05-10 HTTP/1.1" 200 29
101.83.144.49 - - [10/May/2024:09:23:44 +0800] "GET /xingrg/all/function/internal_message.html?_=1715304226225&CODE_STATE=getMsg HTTP/1.1" 200 27
222.69.130.33 - - [10/May/2024:09:23:49 +0800] "GET /xingrg/all/function/internal_message.html?_=1715304230525&CODE_STATE=getMsg HTTP/1.1" 200 27
222.70.183.82 - - [10/May/2024:09:23:51 +0800] "GET /xingrg/kc/buy/cgsh_order_operate.html?command=get_materiel&rest_code=00111&code=00101002016&supplier_code=00100199&order_time=2024-05-10 HTTP/1.1" 200 415
180.169.147.146 - - [10/May/2024:09:23:54 +0800] "GET /xingrg/all/function/internal_message.html?_=1715304233442&CODE_STATE=getMsg HTTP/1.1" 302 -
114.95.253.235 - - [10/May/2024:09:23:54 +0800] "GET /xingrg/all/function/internal_message.html?_=1715304234793&CODE_STATE=getMsg HTTP/1.1" 200 27
124.78.56.241 - - [10/May/2024:09:23:54 +0800] "GET /xingrg/check_reg.html?_=1715304235022 HTTP/1.1" 200 22
124.78.56.241 - - [10/May/2024:09:23:54 +0800] "GET /xingrg/all/function/internal_message.html?_=1715304235027&CODE_STATE=getMsg HTTP/1.1" 200 27
