172.20.0.100 - - [07/May/2024:08:31:12 +0800] "GET /xingrg/all/function/internal_message.html?_=1715041896005&CODE_STATE=getMsg HTTP/1.1" 200 27
124.77.241.33 - - [07/May/2024:08:31:22 +0800] "GET /xingrg/all/function/internal_message.html?_=1715041887867&CODE_STATE=getMsg HTTP/1.1" 200 27
120.253.135.82 - - [07/May/2024:08:31:33 +0800] "GET /xingrg/all/function/internal_message.html?_=1715042077765&CODE_STATE=getMsg HTTP/1.1" 200 27
124.78.56.241 - - [07/May/2024:08:31:49 +0800] "GET /xingrg/all/function/internal_message.html?_=1715041909288&CODE_STATE=getMsg HTTP/1.1" 200 27
114.95.253.235 - - [07/May/2024:08:31:56 +0800] "GET /xingrg/all/function/internal_message.html?_=1715041916371&CODE_STATE=getMsg HTTP/1.1" 200 27
114.95.253.235 - - [07/May/2024:08:32:09 +0800] "GET /xingrg/all/function/internal_message.html?_=1715041928764&CODE_STATE=getMsg HTTP/1.1" 200 27
172.20.0.100 - - [07/May/2024:08:32:12 +0800] "GET /xingrg/all/function/internal_message.html?_=1715041956023&CODE_STATE=getMsg HTTP/1.1" 200 27
124.77.241.33 - - [07/May/2024:08:32:22 +0800] "GET /xingrg/all/function/internal_message.html?_=1715041947887&CODE_STATE=getMsg HTTP/1.1" 200 27
120.253.135.82 - - [07/May/2024:08:32:33 +0800] "GET /xingrg/all/function/internal_message.html?_=1715042137770&CODE_STATE=getMsg HTTP/1.1" 200 27
124.78.56.241 - - [07/May/2024:08:32:49 +0800] "GET /xingrg/all/function/internal_message.html?_=1715041969261&CODE_STATE=getMsg HTTP/1.1" 200 27
114.95.253.235 - - [07/May/2024:08:32:56 +0800] "GET /xingrg/all/function/internal_message.html?_=1715041976367&CODE_STATE=getMsg HTTP/1.1" 200 27
172.20.0.100 - - [07/May/2024:08:32:57 +0800] "GET /xingrg/check_reg.html?_=1715042001557 HTTP/1.1" 200 22
114.95.253.235 - - [07/May/2024:08:33:09 +0800] "GET /xingrg/all/function/internal_message.html?_=1715041988746&CODE_STATE=getMsg HTTP/1.1" 200 27
114.95.253.235 - - [07/May/2024:08:33:09 +0800] "GET /xingrg/check_reg.html?_=1715041988909 HTTP/1.1" 200 22
172.20.0.100 - - [07/May/2024:08:33:12 +0800] "GET /xingrg/all/function/internal_message.html?_=1715042016031&CODE_STATE=getMsg HTTP/1.1" 200 27
124.77.241.33 - - [07/May/2024:08:33:22 +0800] "GET /xingrg/all/function/internal_message.html?_=1715042007971&CODE_STATE=getMsg HTTP/1.1" 200 27
124.77.241.33 - - [07/May/2024:08:33:22 +0800] "GET /xingrg/check_reg.html?_=1715042008152 HTTP/1.1" 200 22
120.253.135.82 - - [07/May/2024:08:33:33 +0800] "GET /xingrg/all/function/internal_message.html?_=1715042197774&CODE_STATE=getMsg HTTP/1.1" 200 27
124.78.56.241 - - [07/May/2024:08:33:49 +0800] "GET /xingrg/all/function/internal_message.html?_=1715042029245&CODE_STATE=getMsg HTTP/1.1" 200 27
114.95.253.235 - - [07/May/2024:08:33:56 +0800] "GET /xingrg/all/function/internal_message.html?_=1715042036359&CODE_STATE=getMsg HTTP/1.1" 200 27
114.95.253.235 - - [07/May/2024:08:34:09 +0800] "GET /xingrg/all/function/internal_message.html?_=1715042048740&CODE_STATE=getMsg HTTP/1.1" 200 27
172.20.0.100 - - [07/May/2024:08:34:12 +0800] "GET /xingrg/all/function/internal_message.html?_=1715042076044&CODE_STATE=getMsg HTTP/1.1" 200 27
124.77.241.33 - - [07/May/2024:08:34:22 +0800] "GET /xingrg/all/function/internal_message.html?_=1715042067975&CODE_STATE=getMsg HTTP/1.1" 200 27
120.253.135.82 - - [07/May/2024:08:34:33 +0800] "GET /xingrg/check_reg.html?_=1715042258300 HTTP/1.1" 200 22
120.253.135.82 - - [07/May/2024:08:34:33 +0800] "GET /xingrg/all/function/internal_message.html?_=1715042258297&CODE_STATE=getMsg HTTP/1.1" 200 27
124.78.56.241 - - [07/May/2024:08:34:49 +0800] "GET /xingrg/all/function/internal_message.html?_=1715042089231&CODE_STATE=getMsg HTTP/1.1" 200 27
114.95.253.235 - - [07/May/2024:08:34:56 +0800] "GET /xingrg/all/function/internal_message.html?_=1715042096352&CODE_STATE=getMsg HTTP/1.1" 200 27
114.95.253.235 - - [07/May/2024:08:35:09 +0800] "GET /xingrg/all/function/internal_message.html?_=1715042108720&CODE_STATE=getMsg HTTP/1.1" 200 27
172.20.0.100 - - [07/May/2024:08:35:12 +0800] "GET /xingrg/all/function/internal_message.html?_=1715042136063&CODE_STATE=getMsg HTTP/1.1" 200 27
124.77.241.33 - - [07/May/2024:08:35:22 +0800] "GET /xingrg/all/function/internal_message.html?_=1715042127988&CODE_STATE=getMsg HTTP/1.1" 200 27
101.83.144.49 - - [07/May/2024:08:35:27 +0800] "POST /xingrg/services/DataTransmitService HTTP/1.1" 200 524
120.253.135.82 - - [07/May/2024:08:35:34 +0800] "GET /xingrg/all/function/internal_message.html?_=1715042319304&CODE_STATE=getMsg HTTP/1.1" 200 27
124.78.56.241 - - [07/May/2024:08:35:35 +0800] "GET /xingrg/check_reg.html?_=1715042135364 HTTP/1.1" 200 22
124.78.56.241 - - [07/May/2024:08:35:49 +0800] "GET /xingrg/all/function/internal_message.html?_=1715042149207&CODE_STATE=getMsg HTTP/1.1" 200 27
114.95.253.235 - - [07/May/2024:08:35:56 +0800] "GET /xingrg/all/function/internal_message.html?_=1715042156363&CODE_STATE=getMsg HTTP/1.1" 200 27
114.95.253.235 - - [07/May/2024:08:35:56 +0800] "GET /xingrg/check_reg.html?_=1715042156366 HTTP/1.1" 200 22
180.169.147.146 - - [07/May/2024:08:36:04 +0800] "GET /xingrg/check_reg.html?_=1715042168472 HTTP/1.1" 302 -
114.95.253.235 - - [07/May/2024:08:36:09 +0800] "GET /xingrg/all/function/internal_message.html?_=1715042168698&CODE_STATE=getMsg HTTP/1.1" 200 27
172.20.0.100 - - [07/May/2024:08:36:12 +0800] "GET /xingrg/all/function/internal_message.html?_=1715042196071&CODE_STATE=getMsg HTTP/1.1" 200 27
124.77.241.33 - - [07/May/2024:08:36:22 +0800] "GET /xingrg/all/function/internal_message.html?_=1715042188079&CODE_STATE=getMsg HTTP/1.1" 200 27
120.253.135.82 - - [07/May/2024:08:36:35 +0800] "GET /xingrg/all/function/internal_message.html?_=1715042380309&CODE_STATE=getMsg HTTP/1.1" 200 27
116.238.97.31 - - [07/May/2024:08:36:42 +0800] "GET /xingrg/check_reg.html?_=1715042202159 HTTP/1.1" 200 22
114.95.253.235 - - [07/May/2024:08:36:45 +0800] "GET /xingrg/kc/buy/cgsh_order_operate.html?command=get_materiel&rest_code=00150&code=00101008286&supplier_code=00100008&order_time=2024-05-07 HTTP/1.1" 200 428
124.78.56.241 - - [07/May/2024:08:36:49 +0800] "GET /xingrg/all/function/internal_message.html?_=1715042209189&CODE_STATE=getMsg HTTP/1.1" 200 27
114.95.253.235 - - [07/May/2024:08:36:51 +0800] "POST /xingrg/kc/buy/cgsh_order_operate.html HTTP/1.1" 200 2065
114.95.253.235 - - [07/May/2024:08:36:56 +0800] "GET /xingrg/all/function/internal_message.html?_=1715042216440&CODE_STATE=getMsg HTTP/1.1" 200 27
114.95.253.235 - - [07/May/2024:08:37:01 +0800] "GET /xingrg/kc/buy/cgsh_order_operate.html?command=get_materiel&rest_code=00150&code=00101008224&supplier_code=00100008&order_time=2024-05-07 HTTP/1.1" 200 416
114.95.253.235 - - [07/May/2024:08:37:09 +0800] "GET /xingrg/all/function/internal_message.html?_=1715042228677&CODE_STATE=getMsg HTTP/1.1" 200 27
172.20.0.100 - - [07/May/2024:08:37:12 +0800] "GET /xingrg/all/function/internal_message.html?_=1715042256092&CODE_STATE=getMsg HTTP/1.1" 200 27
124.77.241.33 - - [07/May/2024:08:37:22 +0800] "GET /xingrg/all/function/internal_message.html?_=1715042248093&CODE_STATE=getMsg HTTP/1.1" 200 27
114.95.253.235 - - [07/May/2024:08:37:23 +0800] "GET /xingrg/kc/buy/cgsh_order_operate.html?command=get_materiel&rest_code=00150&code=00101008268&supplier_code=00100008&order_time=2024-05-07 HTTP/1.1" 200 408
114.95.253.235 - - [07/May/2024:08:37:32 +0800] "GET /xingrg/kc/buy/cgsh_order_operate.html?command=get_materiel&rest_code=00150&code=00101008694&supplier_code=00100008&order_time=2024-05-07 HTTP/1.1" 200 420
120.253.135.82 - - [07/May/2024:08:37:36 +0800] "GET /xingrg/all/function/internal_message.html?_=1715042441313&CODE_STATE=getMsg HTTP/1.1" 200 27
114.95.253.235 - - [07/May/2024:08:37:46 +0800] "GET /xingrg/kc/buy/cgsh_order_operate.html?command=get_materiel&rest_code=00150&code=00101008291&supplier_code=00100008&order_time=2024-05-07 HTTP/1.1" 200 408
124.78.56.241 - - [07/May/2024:08:37:49 +0800] "GET /xingrg/all/function/internal_message.html?_=1715042269167&CODE_STATE=getMsg HTTP/1.1" 200 27
114.95.253.235 - - [07/May/2024:08:37:54 +0800] "GET /xingrg/kc/buy/cgsh_order_operate.html?command=get_materiel&rest_code=00150&code=00101008163&supplier_code=00100008&order_time=2024-05-07 HTTP/1.1" 200 409
114.95.253.235 - - [07/May/2024:08:37:56 +0800] "GET /xingrg/all/function/internal_message.html?_=1715042276433&CODE_STATE=getMsg HTTP/1.1" 200 27
116.238.97.31 - - [07/May/2024:08:37:57 +0800] "GET /xingrg/javascript/jquery_easy_ui/themes/default/images/tabs_active.png HTTP/1.1" 200 2894
172.20.0.100 - - [07/May/2024:08:37:57 +0800] "GET /xingrg/check_reg.html?_=1715042301559 HTTP/1.1" 200 22
114.95.253.235 - - [07/May/2024:08:37:57 +0800] "POST /xingrg/kc/buy/cgsh_order_operate.html HTTP/1.1" 200 2065
116.238.97.31 - - [07/May/2024:08:37:59 +0800] "GET /xingrg/kc/buy/cgsh_order_add.html HTTP/1.1" 200 74443
116.238.97.31 - - [07/May/2024:08:38:00 +0800] "POST /xingrg/kc/buy/cgsh_order_operate.html HTTP/1.1" 200 8245
116.238.97.31 - - [07/May/2024:08:38:00 +0800] "GET /xingrg/javascript/easyui/themes/default/validatebox.css HTTP/1.1" 404 1104
114.95.253.235 - - [07/May/2024:08:38:09 +0800] "GET /xingrg/all/function/internal_message.html?_=1715042288661&CODE_STATE=getMsg HTTP/1.1" 200 27
114.95.253.235 - - [07/May/2024:08:38:09 +0800] "GET /xingrg/check_reg.html?_=1715042288902 HTTP/1.1" 200 22
172.20.0.100 - - [07/May/2024:08:38:12 +0800] "GET /xingrg/all/function/internal_message.html?_=1715042316102&CODE_STATE=getMsg HTTP/1.1" 200 27
116.238.97.31 - - [07/May/2024:08:38:20 +0800] "GET /xingrg/kc/buy/cgsh_order_operate.html?command=get_materiel&rest_code=00102&code=00101012029&supplier_code=00100096&order_time=2024-05-07 HTTP/1.1" 200 432
124.77.241.33 - - [07/May/2024:08:38:22 +0800] "GET /xingrg/check_reg.html?_=1715042308199 HTTP/1.1" 200 22
124.77.241.33 - - [07/May/2024:08:38:22 +0800] "GET /xingrg/all/function/internal_message.html?_=1715042308198&CODE_STATE=getMsg HTTP/1.1" 200 27
120.253.135.82 - - [07/May/2024:08:38:38 +0800] "GET /xingrg/all/function/internal_message.html?_=1715042502318&CODE_STATE=getMsg HTTP/1.1" 200 27
114.95.253.235 - - [07/May/2024:08:38:38 +0800] "GET /xingrg/kc/buy/cgsh_order_operate.html?command=get_materiel&rest_code=00150&code=00101008275&supplier_code=00100008&order_time=2024-05-07 HTTP/1.1" 200 416
114.95.253.235 - - [07/May/2024:08:38:48 +0800] "GET /xingrg/kc/buy/cgsh_order_operate.html?command=get_materiel&rest_code=00150&code=00101008411&supplier_code=00100008&order_time=2024-05-07 HTTP/1.1" 200 413
124.78.56.241 - - [07/May/2024:08:38:49 +0800] "GET /xingrg/all/function/internal_message.html?_=1715042329147&CODE_STATE=getMsg HTTP/1.1" 200 27
114.95.253.235 - - [07/May/2024:08:38:56 +0800] "GET /xingrg/all/function/internal_message.html?_=1715042336412&CODE_STATE=getMsg HTTP/1.1" 200 27
114.95.253.235 - - [07/May/2024:08:39:05 +0800] "POST /xingrg/kc/buy/cgsh_order_operate.html HTTP/1.1" 200 37
114.95.253.235 - - [07/May/2024:08:39:07 +0800] "POST /xingrg/kc/buy/cgsh_order_operate.html HTTP/1.1" 200 24502
114.95.253.235 - - [07/May/2024:08:39:09 +0800] "GET /xingrg/all/function/internal_message.html?_=1715042348651&CODE_STATE=getMsg HTTP/1.1" 200 27
172.20.0.100 - - [07/May/2024:08:39:12 +0800] "GET /xingrg/all/function/internal_message.html?_=1715042376112&CODE_STATE=getMsg HTTP/1.1" 200 27
116.238.97.31 - - [07/May/2024:08:39:12 +0800] "GET /xingrg/kc/buy/cgsh_order_operate.html?command=get_materiel&rest_code=00102&code=00101006111&supplier_code=00100096&order_time=2024-05-07 HTTP/1.1" 200 409
124.77.241.33 - - [07/May/2024:08:39:22 +0800] "GET /xingrg/all/function/internal_message.html?_=1715042368199&CODE_STATE=getMsg HTTP/1.1" 200 27
116.238.97.31 - - [07/May/2024:08:39:25 +0800] "GET /xingrg/kc/buy/cgsh_order_operate.html?command=get_materiel&rest_code=00102&code=00101007024&supplier_code=00100096&order_time=2024-05-07 HTTP/1.1" 200 417
120.253.135.82 - - [07/May/2024:08:39:39 +0800] "GET /xingrg/all/function/internal_message.html?_=1715042563322&CODE_STATE=getMsg HTTP/1.1" 200 27
120.253.135.82 - - [07/May/2024:08:39:39 +0800] "GET /xingrg/check_reg.html?_=1715042563324 HTTP/1.1" 200 22
116.238.97.31 - - [07/May/2024:08:39:40 +0800] "POST /xingrg/kc/buy/cgsh_order_operate.html HTTP/1.1" 200 37
124.78.56.241 - - [07/May/2024:08:39:49 +0800] "GET /xingrg/all/function/internal_message.html?_=1715042389121&CODE_STATE=getMsg HTTP/1.1" 200 27
116.238.97.31 - - [07/May/2024:08:39:51 +0800] "POST /xingrg/kc/buy/cgsh_order_operate.html HTTP/1.1" 200 12
114.95.253.235 - - [07/May/2024:08:39:56 +0800] "GET /xingrg/all/function/internal_message.html?_=1715042396408&CODE_STATE=getMsg HTTP/1.1" 200 27
116.238.97.31 - - [07/May/2024:08:39:59 +0800] "GET /xingrg/kc/buy/cgsh_order_info.html?code=212024050701797 HTTP/1.1" 200 69302
116.238.97.31 - - [07/May/2024:08:39:59 +0800] "GET /xingrg/javascript/easyui/themes/default/validatebox.css HTTP/1.1" 404 1104
116.238.97.31 - - [07/May/2024:08:40:00 +0800] "POST /xingrg/kc/buy/cgsh_order_operate.html HTTP/1.1" 200 1800
114.95.253.235 - - [07/May/2024:08:40:08 +0800] "GET /xingrg/all/function/internal_message.html?_=1715042408632&CODE_STATE=getMsg HTTP/1.1" 200 27
172.20.0.100 - - [07/May/2024:08:40:12 +0800] "GET /xingrg/all/function/internal_message.html?_=1715042436132&CODE_STATE=getMsg HTTP/1.1" 200 27
116.238.97.31 - - [07/May/2024:08:40:17 +0800] "GET /xingrg/kc/print/load_config.html?kc_code=cgsh HTTP/1.1" 200 1927
116.238.97.31 - - [07/May/2024:08:40:17 +0800] "GET /xingrg/kc/print/load_data.html?order_code=212024050701797&kc_code=cgsh&condition= HTTP/1.1" 200 1119
124.77.241.33 - - [07/May/2024:08:40:22 +0800] "GET /xingrg/all/function/internal_message.html?_=1715042428213&CODE_STATE=getMsg HTTP/1.1" 200 27
124.78.56.241 - - [07/May/2024:08:40:35 +0800] "GET /xingrg/check_reg.html?_=1715042435367 HTTP/1.1" 200 22
120.253.135.82 - - [07/May/2024:08:40:40 +0800] "GET /xingrg/all/function/internal_message.html?_=1715042624327&CODE_STATE=getMsg HTTP/1.1" 200 27
124.78.56.241 - - [07/May/2024:08:40:49 +0800] "GET /xingrg/all/function/internal_message.html?_=1715042449102&CODE_STATE=getMsg HTTP/1.1" 200 27
114.95.253.235 - - [07/May/2024:08:40:56 +0800] "GET /xingrg/check_reg.html?_=1715042456359 HTTP/1.1" 200 22
114.95.253.235 - - [07/May/2024:08:40:56 +0800] "GET /xingrg/all/function/internal_message.html?_=1715042456388&CODE_STATE=getMsg HTTP/1.1" 200 27
180.169.147.146 - - [07/May/2024:08:41:04 +0800] "GET /xingrg/check_reg.html?_=1715042468474 HTTP/1.1" 302 -
114.95.253.235 - - [07/May/2024:08:41:08 +0800] "GET /xingrg/all/function/internal_message.html?_=1715042468605&CODE_STATE=getMsg HTTP/1.1" 200 27
114.95.253.235 - - [07/May/2024:08:41:09 +0800] "GET /xingrg/kc/buy/cgsh_order_operate.html?command=get_materiel&rest_code=00150&code=00101008261&supplier_code=00100008&order_time=2024-05-07 HTTP/1.1" 200 428
116.238.97.31 - - [07/May/2024:08:41:11 +0800] "GET /xingrg/kc/buy/cgsh_order_add.html HTTP/1.1" 200 74443
116.238.97.31 - - [07/May/2024:08:41:11 +0800] "POST /xingrg/kc/buy/cgsh_order_operate.html HTTP/1.1" 200 8245
116.238.97.31 - - [07/May/2024:08:41:11 +0800] "GET /xingrg/javascript/easyui/themes/default/validatebox.css HTTP/1.1" 404 1104
172.20.0.100 - - [07/May/2024:08:41:12 +0800] "GET /xingrg/all/function/internal_message.html?_=1715042496139&CODE_STATE=getMsg HTTP/1.1" 200 27
114.95.253.235 - - [07/May/2024:08:41:19 +0800] "GET /xingrg/kc/buy/cgsh_order_operate.html?command=get_materiel&rest_code=00150&code=00101008357&supplier_code=00100008&order_time=2024-05-07 HTTP/1.1" 200 408
124.77.241.33 - - [07/May/2024:08:41:22 +0800] "GET /xingrg/all/function/internal_message.html?_=1715042488316&CODE_STATE=getMsg HTTP/1.1" 200 27
114.95.253.235 - - [07/May/2024:08:41:30 +0800] "GET /xingrg/kc/buy/cgsh_order_operate.html?command=get_materiel&rest_code=00150&code=00101008101&supplier_code=00100008&order_time=2024-05-07 HTTP/1.1" 200 412
114.95.253.235 - - [07/May/2024:08:41:40 +0800] "GET /xingrg/kc/buy/cgsh_order_operate.html?command=get_materiel&rest_code=00150&code=00101008331&supplier_code=00100008&order_time=2024-05-07 HTTP/1.1" 200 416
120.253.135.82 - - [07/May/2024:08:41:41 +0800] "GET /xingrg/all/function/internal_message.html?_=1715042685332&CODE_STATE=getMsg HTTP/1.1" 200 27
114.83.218.181 - - [07/May/2024:08:41:41 +0800] "GET /favicon.ico HTTP/1.1" 404 -
116.238.97.31 - - [07/May/2024:08:41:42 +0800] "GET /xingrg/check_reg.html?_=1715042502122 HTTP/1.1" 200 22
124.78.56.241 - - [07/May/2024:08:41:49 +0800] "GET /xingrg/all/function/internal_message.html?_=1715042509099&CODE_STATE=getMsg HTTP/1.1" 200 27
222.70.183.82 - - [07/May/2024:08:41:50 +0800] "POST /xingrg/services/DataTransmitService HTTP/1.1" 200 524
114.95.253.235 - - [07/May/2024:08:41:56 +0800] "POST /xingrg/kc/buy/cgsh_order_operate.html HTTP/1.1" 200 2065
114.95.253.235 - - [07/May/2024:08:41:56 +0800] "GET /xingrg/all/function/internal_message.html?_=1715042516367&CODE_STATE=getMsg HTTP/1.1" 200 27
114.95.253.235 - - [07/May/2024:08:42:04 +0800] "GET /xingrg/kc/buy/cgsh_order_operate.html?command=get_materiel&rest_code=00150&code=00101008371&supplier_code=00100008&order_time=2024-05-07 HTTP/1.1" 200 412
114.95.253.235 - - [07/May/2024:08:42:08 +0800] "GET /xingrg/all/function/internal_message.html?_=1715042528596&CODE_STATE=getMsg HTTP/1.1" 200 27
172.20.0.100 - - [07/May/2024:08:42:12 +0800] "GET /xingrg/all/function/internal_message.html?_=1715042556158&CODE_STATE=getMsg HTTP/1.1" 200 27
114.95.253.235 - - [07/May/2024:08:42:14 +0800] "GET /xingrg/kc/buy/cgsh_order_operate.html?command=get_materiel&rest_code=00150&code=00101008270&supplier_code=00100008&order_time=2024-05-07 HTTP/1.1" 200 412
116.237.75.236 - - [07/May/2024:08:42:20 +0800] "POST /xingrg/services/DataTransmitService HTTP/1.1" 200 524
124.77.241.33 - - [07/May/2024:08:42:22 +0800] "GET /xingrg/all/function/internal_message.html?_=1715042548317&CODE_STATE=getMsg HTTP/1.1" 200 27
114.95.253.235 - - [07/May/2024:08:42:23 +0800] "GET /xingrg/kc/buy/cgsh_order_operate.html?command=get_materiel&rest_code=00150&code=00101008370&supplier_code=00100008&order_time=2024-05-07 HTTP/1.1" 200 412
114.95.253.235 - - [07/May/2024:08:42:36 +0800] "GET /xingrg/kc/buy/cgsh_order_operate.html?command=get_materiel&rest_code=00150&code=00101008042&supplier_code=00100008&order_time=2024-05-07 HTTP/1.1" 200 416
114.95.253.235 - - [07/May/2024:08:42:39 +0800] "POST /xingrg/kc/buy/cgsh_order_operate.html HTTP/1.1" 200 2065
120.253.135.82 - - [07/May/2024:08:42:42 +0800] "GET /xingrg/all/function/internal_message.html?_=1715042746336&CODE_STATE=getMsg HTTP/1.1" 200 27
124.78.56.241 - - [07/May/2024:08:42:49 +0800] "GET /xingrg/all/function/internal_message.html?_=1715042569070&CODE_STATE=getMsg HTTP/1.1" 200 27
114.95.253.235 - - [07/May/2024:08:42:49 +0800] "GET /xingrg/kc/buy/cgsh_order_operate.html?command=get_materiel&rest_code=00150&code=00101008061&supplier_code=00100008&order_time=2024-05-07 HTTP/1.1" 200 441
114.95.253.235 - - [07/May/2024:08:42:56 +0800] "GET /xingrg/all/function/internal_message.html?_=1715042576483&CODE_STATE=getMsg HTTP/1.1" 200 27
172.20.0.100 - - [07/May/2024:08:42:57 +0800] "GET /xingrg/check_reg.html?_=1715042601565 HTTP/1.1" 200 22
114.95.253.235 - - [07/May/2024:08:43:00 +0800] "GET /xingrg/kc/buy/cgsh_order_operate.html?command=get_materiel&rest_code=00150&code=00101009140&supplier_code=00100008&order_time=2024-05-07 HTTP/1.1" 200 412
114.95.253.235 - - [07/May/2024:08:43:08 +0800] "GET /xingrg/all/function/internal_message.html?_=1715042588569&CODE_STATE=getMsg HTTP/1.1" 200 27
114.95.253.235 - - [07/May/2024:08:43:09 +0800] "GET /xingrg/check_reg.html?_=1715042588901 HTTP/1.1" 200 22
114.95.253.235 - - [07/May/2024:08:43:10 +0800] "GET /xingrg/kc/buy/cgsh_order_operate.html?command=get_materiel&rest_code=00150&code=00101009175&supplier_code=00100008&order_time=2024-05-07 HTTP/1.1" 200 414
172.20.0.100 - - [07/May/2024:08:43:12 +0800] "GET /xingrg/all/function/internal_message.html?_=1715042616168&CODE_STATE=getMsg HTTP/1.1" 200 27
114.83.218.181 - - [07/May/2024:08:43:16 +0800] "GET /xingrg/login.html?sysBaseUrl=http%3A%2F%2F180.169.147.146%3A18081%2Fxingrg%2F&costTime=31×tamp=1615347190560 HTTP/1.1" 200 7641
114.83.218.181 - - [07/May/2024:08:43:16 +0800] "GET /favicon.ico HTTP/1.1" 404 -
114.95.253.235 - - [07/May/2024:08:43:22 +0800] "GET /xingrg/kc/buy/cgsh_order_operate.html?command=get_materiel&rest_code=00150&code=00101009015&supplier_code=00100008&order_time=2024-05-07 HTTP/1.1" 200 416
124.77.241.33 - - [07/May/2024:08:43:22 +0800] "GET /xingrg/check_reg.html?_=1715042608292 HTTP/1.1" 200 22
124.77.241.33 - - [07/May/2024:08:43:23 +0800] "GET /xingrg/all/function/internal_message.html?_=1715042608331&CODE_STATE=getMsg HTTP/1.1" 200 27
114.95.253.235 - - [07/May/2024:08:43:32 +0800] "GET /xingrg/kc/buy/cgsh_order_operate.html?command=get_materiel&rest_code=00150&code=00101009011&supplier_code=00100008&order_time=2024-05-07 HTTP/1.1" 200 416
114.95.253.235 - - [07/May/2024:08:43:41 +0800] "POST /xingrg/kc/buy/cgsh_order_operate.html HTTP/1.1" 200 37
120.253.135.82 - - [07/May/2024:08:43:43 +0800] "GET /xingrg/all/function/internal_message.html?_=1715042807341&CODE_STATE=getMsg HTTP/1.1" 200 27
114.95.253.235 - - [07/May/2024:08:43:43 +0800] "POST /xingrg/kc/buy/cgsh_order_operate.html HTTP/1.1" 200 32805
124.78.56.241 - - [07/May/2024:08:43:49 +0800] "GET /xingrg/all/function/internal_message.html?_=1715042629056&CODE_STATE=getMsg HTTP/1.1" 200 27
114.95.253.235 - - [07/May/2024:08:43:56 +0800] "GET /xingrg/all/function/internal_message.html?_=1715042636452&CODE_STATE=getMsg HTTP/1.1" 200 27
114.95.253.235 - - [07/May/2024:08:44:08 +0800] "GET /xingrg/all/function/internal_message.html?_=1715042648548&CODE_STATE=getMsg HTTP/1.1" 200 27
172.20.0.100 - - [07/May/2024:08:44:12 +0800] "GET /xingrg/all/function/internal_message.html?_=1715042676181&CODE_STATE=getMsg HTTP/1.1" 200 27
124.77.241.33 - - [07/May/2024:08:44:23 +0800] "GET /xingrg/all/function/internal_message.html?_=1715042668344&CODE_STATE=getMsg HTTP/1.1" 200 27
120.253.135.82 - - [07/May/2024:08:44:44 +0800] "GET /xingrg/all/function/internal_message.html?_=1715042868346&CODE_STATE=getMsg HTTP/1.1" 200 27
120.253.135.82 - - [07/May/2024:08:44:44 +0800] "GET /xingrg/check_reg.html?_=1715042868347 HTTP/1.1" 200 22
124.78.56.241 - - [07/May/2024:08:44:49 +0800] "GET /xingrg/all/function/internal_message.html?_=1715042689041&CODE_STATE=getMsg HTTP/1.1" 200 27
114.83.218.181 - - [07/May/2024:08:44:52 +0800] "POST /xingrg/login.do HTTP/1.1" 302 -
114.83.218.181 - - [07/May/2024:08:44:52 +0800] "GET /xingrg/index.html?sysBaseUrl=http%3A%2F%2F180.169.147.146%3A18081%2Fxingrg%2F&costTime=817×tamp=1715042692585 HTTP/1.1" 200 17179
114.83.218.181 - - [07/May/2024:08:44:52 +0800] "GET /favicon.ico HTTP/1.1" 404 -
114.83.218.181 - - [07/May/2024:08:44:53 +0800] "POST /xingrg/all/common/load_tree.html?tree=area_rest_tree_json&manage=1 HTTP/1.1" 200 351
114.83.218.181 - - [07/May/2024:08:44:53 +0800] "GET /xingrg/all/function/internal_message.html?_=1715042693011&CODE_STATE=count HTTP/1.1" 200 11
114.83.218.181 - - [07/May/2024:08:44:53 +0800] "GET /xingrg/check_reg.html?_=1715042693013 HTTP/1.1" 200 22
114.83.218.181 - - [07/May/2024:08:44:53 +0800] "POST /xingrg/load_menu.html HTTP/1.1" 200 5138
114.95.253.235 - - [07/May/2024:08:44:56 +0800] "GET /xingrg/all/function/internal_message.html?_=1715042696434&CODE_STATE=getMsg HTTP/1.1" 200 27
114.95.253.235 - - [07/May/2024:08:45:08 +0800] "GET /xingrg/all/function/internal_message.html?_=1715042708525&CODE_STATE=getMsg HTTP/1.1" 200 27
172.20.0.100 - - [07/May/2024:08:45:12 +0800] "GET /xingrg/all/function/internal_message.html?_=1715042736201&CODE_STATE=getMsg HTTP/1.1" 200 27
114.83.218.181 - - [07/May/2024:08:45:17 +0800] "GET /xingrg/kc/buy/cgsh_order_list.html HTTP/1.1" 200 58601
114.83.218.181 - - [07/May/2024:08:45:20 +0800] "POST /xingrg/kc/buy/cgsh_list_operate.html HTTP/1.1" 200 645
124.77.241.33 - - [07/May/2024:08:45:23 +0800] "GET /xingrg/all/function/internal_message.html?_=1715042728360&CODE_STATE=getMsg HTTP/1.1" 200 27
124.78.56.241 - - [07/May/2024:08:45:35 +0800] "GET /xingrg/check_reg.html?_=1715042735370 HTTP/1.1" 200 22
114.83.218.181 - - [07/May/2024:08:45:37 +0800] "GET /xingrg/kc/buy/cgsh_order_add.html HTTP/1.1" 200 74496
114.83.218.181 - - [07/May/2024:08:45:38 +0800] "GET /xingrg/words/20240506123741_words.js HTTP/1.1" 200 1023215
114.83.218.181 - - [07/May/2024:08:45:38 +0800] "GET /xingrg/javascript/easyui/themes/default/validatebox.css HTTP/1.1" 404 1104
114.83.218.181 - - [07/May/2024:08:45:38 +0800] "POST /xingrg/kc/buy/cgsh_order_operate.html HTTP/1.1" 200 8245
114.83.218.181 - - [07/May/2024:08:45:38 +0800] "GET /xingrg/all/common/auto_word.html?type=employee&rest_code=00149 HTTP/1.1" 200 147
114.83.218.181 - - [07/May/2024:08:45:38 +0800] "GET /xingrg/all/common/auto_word.html?type=employee&rest_code=00149 HTTP/1.1" 200 147
114.83.218.181 - - [07/May/2024:08:45:41 +0800] "GET /xingrg/javascript/auto/indicator.gif HTTP/1.1" 404 1066
114.83.218.181 - - [07/May/2024:08:45:42 +0800] "GET /xingrg/javascript/jquery_tools/images/prev.gif HTTP/1.1" 404 1086
114.83.218.181 - - [07/May/2024:08:45:42 +0800] "GET /xingrg/javascript/jquery_tools/images/next.gif HTTP/1.1" 404 1086
120.253.135.82 - - [07/May/2024:08:45:45 +0800] "GET /xingrg/all/function/internal_message.html?_=1715042929350&CODE_STATE=getMsg HTTP/1.1" 200 27
124.78.56.241 - - [07/May/2024:08:45:49 +0800] "GET /xingrg/all/function/internal_message.html?_=1715042749025&CODE_STATE=getMsg HTTP/1.1" 200 27
114.83.218.181 - - [07/May/2024:08:45:51 +0800] "GET /xingrg/kc/buy/cgsh_order_operate.html?command=get_materiel&rest_code=00149&code=00101008350&supplier_code=00100008&order_time=2024-05-07 HTTP/1.1" 200 408
114.83.218.181 - - [07/May/2024:08:45:53 +0800] "GET /xingrg/all/function/internal_message.html?_=1715042753034&CODE_STATE=getMsg HTTP/1.1" 200 27
114.95.253.235 - - [07/May/2024:08:45:56 +0800] "GET /xingrg/check_reg.html?_=1715042756350 HTTP/1.1" 200 22
114.95.253.235 - - [07/May/2024:08:45:56 +0800] "GET /xingrg/all/function/internal_message.html?_=1715042756434&CODE_STATE=getMsg HTTP/1.1" 200 27
114.83.218.181 - - [07/May/2024:08:46:03 +0800] "GET /xingrg/kc/buy/cgsh_order_operate.html?command=get_materiel&rest_code=00149&code=00101008131&supplier_code=00100008&order_time=2024-05-07 HTTP/1.1" 200 408
180.169.147.146 - - [07/May/2024:08:46:04 +0800] "GET /xingrg/check_reg.html?_=1715042768446 HTTP/1.1" 302 -
114.95.253.235 - - [07/May/2024:08:46:08 +0800] "GET /xingrg/all/function/internal_message.html?_=1715042768506&CODE_STATE=getMsg HTTP/1.1" 200 27
172.20.0.100 - - [07/May/2024:08:46:12 +0800] "GET /xingrg/all/function/internal_message.html?_=1715042796208&CODE_STATE=getMsg HTTP/1.1" 200 27
114.83.218.181 - - [07/May/2024:08:46:15 +0800] "GET /xingrg/kc/buy/cgsh_order_operate.html?command=get_materiel&rest_code=00149&code=00101008353&supplier_code=00100008&order_time=2024-05-07 HTTP/1.1" 200 429
124.77.241.33 - - [07/May/2024:08:46:23 +0800] "GET /xingrg/all/function/internal_message.html?_=1715042788451&CODE_STATE=getMsg HTTP/1.1" 200 27
114.83.218.181 - - [07/May/2024:08:46:29 +0800] "GET /xingrg/kc/buy/cgsh_order_operate.html?command=get_materiel&rest_code=00149&code=00101008811&supplier_code=00100008&order_time=2024-05-07 HTTP/1.1" 200 398
114.95.253.235 - - [07/May/2024:08:46:32 +0800] "POST /xingrg/services/DataTransmitService HTTP/1.1" 200 524
114.83.218.181 - - [07/May/2024:08:46:40 +0800] "GET /xingrg/kc/buy/cgsh_order_operate.html?command=get_materiel&rest_code=00149&code=00101008286&supplier_code=00100008&order_time=2024-05-07 HTTP/1.1" 200 428
116.238.97.31 - - [07/May/2024:08:46:42 +0800] "GET /xingrg/check_reg.html?_=1715042802106 HTTP/1.1" 200 22
120.253.135.82 - - [07/May/2024:08:46:46 +0800] "GET /xingrg/all/function/internal_message.html?_=1715042990355&CODE_STATE=getMsg HTTP/1.1" 200 27
124.78.56.241 - - [07/May/2024:08:46:49 +0800] "GET /xingrg/all/function/internal_message.html?_=1715042809008&CODE_STATE=getMsg HTTP/1.1" 200 27
114.83.218.181 - - [07/May/2024:08:46:52 +0800] "GET /xingrg/kc/buy/cgsh_order_operate.html?command=get_materiel&rest_code=00149&code=00101008169&supplier_code=00100008&order_time=2024-05-07 HTTP/1.1" 200 412
114.83.218.181 - - [07/May/2024:08:46:53 +0800] "GET /xingrg/all/function/internal_message.html?_=1715042813020&CODE_STATE=getMsg HTTP/1.1" 200 27
114.95.253.235 - - [07/May/2024:08:46:56 +0800] "GET /xingrg/all/function/internal_message.html?_=1715042816410&CODE_STATE=getMsg HTTP/1.1" 200 27
114.83.218.181 - - [07/May/2024:08:47:06 +0800] "GET /xingrg/kc/buy/cgsh_order_operate.html?command=get_materiel&rest_code=00149&code=00101008372&supplier_code=00100008&order_time=2024-05-07 HTTP/1.1" 200 428
114.95.253.235 - - [07/May/2024:08:47:08 +0800] "GET /xingrg/all/function/internal_message.html?_=1715042828486&CODE_STATE=getMsg HTTP/1.1" 200 27
172.20.0.100 - - [07/May/2024:08:47:12 +0800] "GET /xingrg/all/function/internal_message.html?_=1715042856226&CODE_STATE=getMsg HTTP/1.1" 200 27
114.83.218.181 - - [07/May/2024:08:47:21 +0800] "POST /xingrg/kc/buy/cgsh_order_operate.html HTTP/1.1" 200 37
124.77.241.33 - - [07/May/2024:08:47:23 +0800] "GET /xingrg/all/function/internal_message.html?_=1715042848463&CODE_STATE=getMsg HTTP/1.1" 200 27
114.95.253.235 - - [07/May/2024:08:47:35 +0800] "GET /xingrg/kc/buy/cgsh_order_operate.html?command=get_materiel&rest_code=00150&code=00101008264&supplier_code=00100008&order_time=2024-05-07 HTTP/1.1" 200 432
114.83.218.181 - - [07/May/2024:08:47:44 +0800] "POST /xingrg/kc/buy/cgsh_order_operate.html HTTP/1.1" 200 12
120.253.135.82 - - [07/May/2024:08:47:47 +0800] "GET /xingrg/all/function/internal_message.html?_=1715043051359&CODE_STATE=getMsg HTTP/1.1" 200 27
124.78.56.241 - - [07/May/2024:08:47:49 +0800] "GET /xingrg/all/function/internal_message.html?_=1715042869000&CODE_STATE=getMsg HTTP/1.1" 200 27
114.83.218.181 - - [07/May/2024:08:47:53 +0800] "GET /xingrg/all/function/internal_message.html?_=1715042873798&CODE_STATE=getMsg HTTP/1.1" 200 27
114.83.218.181 - - [07/May/2024:08:47:54 +0800] "GET /xingrg/kc/buy/cgsh_order_info.html?code=212024050701798 HTTP/1.1" 200 69367
114.83.218.181 - - [07/May/2024:08:47:55 +0800] "GET /xingrg/javascript/easyui/themes/default/validatebox.css HTTP/1.1" 404 1104
114.83.218.181 - - [07/May/2024:08:47:56 +0800] "POST /xingrg/kc/buy/cgsh_order_operate.html HTTP/1.1" 200 4719
114.95.253.235 - - [07/May/2024:08:47:56 +0800] "GET /xingrg/all/function/internal_message.html?_=1715042876395&CODE_STATE=getMsg HTTP/1.1" 200 27
172.20.0.100 - - [07/May/2024:08:47:57 +0800] "GET /xingrg/check_reg.html?_=1715042901570 HTTP/1.1" 200 22
114.83.218.181 - - [07/May/2024:08:48:05 +0800] "GET /xingrg/kc/print/load_config.html?kc_code=cgsh HTTP/1.1" 200 1927
114.83.218.181 - - [07/May/2024:08:48:05 +0800] "GET /xingrg/kc/print/load_data.html?order_code=212024050701798&kc_code=cgsh&condition= HTTP/1.1" 200 2268
114.95.253.235 - - [07/May/2024:08:48:08 +0800] "GET /xingrg/all/function/internal_message.html?_=1715042888467&CODE_STATE=getMsg HTTP/1.1" 200 27
114.95.253.235 - - [07/May/2024:08:48:09 +0800] "GET /xingrg/check_reg.html?_=1715042888913 HTTP/1.1" 200 22
114.83.218.181 - - [07/May/2024:08:48:12 +0800] "GET /xingrg/kc/buy/cgsh_order_add.html HTTP/1.1" 200 74496
172.20.0.100 - - [07/May/2024:08:48:12 +0800] "GET /xingrg/all/function/internal_message.html?_=1715042916234&CODE_STATE=getMsg HTTP/1.1" 200 27
114.83.218.181 - - [07/May/2024:08:48:12 +0800] "POST /xingrg/kc/buy/cgsh_order_operate.html HTTP/1.1" 200 8245
114.83.218.181 - - [07/May/2024:08:48:12 +0800] "GET /xingrg/javascript/easyui/themes/default/validatebox.css HTTP/1.1" 404 1104
124.77.241.33 - - [07/May/2024:08:48:23 +0800] "GET /xingrg/check_reg.html?_=1715042908376 HTTP/1.1" 200 22
124.77.241.33 - - [07/May/2024:08:48:23 +0800] "GET /xingrg/all/function/internal_message.html?_=1715042908478&CODE_STATE=getMsg HTTP/1.1" 200 27
120.253.135.82 - - [07/May/2024:08:48:48 +0800] "GET /xingrg/all/function/internal_message.html?_=1715043112364&CODE_STATE=getMsg HTTP/1.1" 200 27
124.78.56.241 - - [07/May/2024:08:48:48 +0800] "GET /xingrg/all/function/internal_message.html?_=1715042928969&CODE_STATE=getMsg HTTP/1.1" 200 27
114.83.218.181 - - [07/May/2024:08:48:53 +0800] "GET /xingrg/all/function/internal_message.html?_=1715042933785&CODE_STATE=getMsg HTTP/1.1" 200 27
114.95.253.235 - - [07/May/2024:08:48:56 +0800] "GET /xingrg/all/function/internal_message.html?_=1715042936382&CODE_STATE=getMsg HTTP/1.1" 200 27
114.95.253.235 - - [07/May/2024:08:49:08 +0800] "GET /xingrg/all/function/internal_message.html?_=1715042948450&CODE_STATE=getMsg HTTP/1.1" 200 27
172.20.0.100 - - [07/May/2024:08:49:12 +0800] "GET /xingrg/all/function/internal_message.html?_=1715042976249&CODE_STATE=getMsg HTTP/1.1" 200 27
124.77.241.33 - - [07/May/2024:08:49:23 +0800] "GET /xingrg/all/function/internal_message.html?_=1715042968490&CODE_STATE=getMsg HTTP/1.1" 200 27
124.79.242.194 - - [07/May/2024:08:49:25 +0800] "POST /xingrg/services/DataTransmitService HTTP/1.1" 200 524
124.78.56.241 - - [07/May/2024:08:49:48 +0800] "GET /xingrg/all/function/internal_message.html?_=1715042988962&CODE_STATE=getMsg HTTP/1.1" 200 27
120.253.135.82 - - [07/May/2024:08:49:49 +0800] "GET /xingrg/all/function/internal_message.html?_=1715043173369&CODE_STATE=getMsg HTTP/1.1" 200 27
120.253.135.82 - - [07/May/2024:08:49:49 +0800] "GET /xingrg/check_reg.html?_=1715043173369 HTTP/1.1" 200 22
114.83.218.181 - - [07/May/2024:08:49:53 +0800] "GET /xingrg/check_reg.html?_=1715042993035 HTTP/1.1" 200 22
114.83.218.181 - - [07/May/2024:08:49:53 +0800] "GET /xingrg/all/function/internal_message.html?_=1715042993756&CODE_STATE=getMsg HTTP/1.1" 200 27
114.95.253.235 - - [07/May/2024:08:49:56 +0800] "GET /xingrg/all/function/internal_message.html?_=1715042996351&CODE_STATE=getMsg HTTP/1.1" 200 27
114.95.253.235 - - [07/May/2024:08:50:08 +0800] "GET /xingrg/all/function/internal_message.html?_=1715043008433&CODE_STATE=getMsg HTTP/1.1" 200 27
172.20.0.100 - - [07/May/2024:08:50:12 +0800] "GET /xingrg/all/function/internal_message.html?_=1715043036267&CODE_STATE=getMsg HTTP/1.1" 200 27
124.77.241.33 - - [07/May/2024:08:50:23 +0800] "GET /xingrg/all/function/internal_message.html?_=1715043028505&CODE_STATE=getMsg HTTP/1.1" 200 27
114.83.218.181 - - [07/May/2024:08:50:30 +0800] "GET /xingrg/kc/buy/cgsh_order_operate.html?command=get_materiel&rest_code=00149&code=00101008010&supplier_code=00100008&order_time=2024-05-06 HTTP/1.1" 200 412
124.78.56.241 - - [07/May/2024:08:50:35 +0800] "GET /xingrg/check_reg.html?_=1715043035379 HTTP/1.1" 200 22
114.83.218.181 - - [07/May/2024:08:50:43 +0800] "GET /xingrg/kc/buy/cgsh_order_operate.html?command=get_materiel&rest_code=00149&code=00101008096&supplier_code=00100008&order_time=2024-05-06 HTTP/1.1" 200 412
124.78.56.241 - - [07/May/2024:08:50:48 +0800] "GET /xingrg/all/function/internal_message.html?_=1715043048946&CODE_STATE=getMsg HTTP/1.1" 200 27
120.253.135.82 - - [07/May/2024:08:50:50 +0800] "GET /xingrg/all/function/internal_message.html?_=1715043234375&CODE_STATE=getMsg HTTP/1.1" 200 27
114.83.218.181 - - [07/May/2024:08:50:53 +0800] "GET /xingrg/all/function/internal_message.html?_=1715043053732&CODE_STATE=getMsg HTTP/1.1" 200 27
114.83.218.181 - - [07/May/2024:08:50:53 +0800] "GET /xingrg/kc/buy/cgsh_order_operate.html?command=get_materiel&rest_code=00149&code=00101008358&supplier_code=00100008&order_time=2024-05-06 HTTP/1.1" 200 412
114.95.253.235 - - [07/May/2024:08:50:56 +0800] "GET /xingrg/check_reg.html?_=1715043056377 HTTP/1.1" 200 22
114.95.253.235 - - [07/May/2024:08:50:56 +0800] "GET /xingrg/all/function/internal_message.html?_=1715043056381&CODE_STATE=getMsg HTTP/1.1" 200 27
180.169.147.146 - - [07/May/2024:08:51:04 +0800] "GET /xingrg/check_reg.html?_=1715043068421 HTTP/1.1" 302 -
114.95.253.235 - - [07/May/2024:08:51:08 +0800] "GET /xingrg/all/function/internal_message.html?_=1715043068416&CODE_STATE=getMsg HTTP/1.1" 200 27
172.20.0.100 - - [07/May/2024:08:51:12 +0800] "GET /xingrg/all/function/internal_message.html?_=1715043096276&CODE_STATE=getMsg HTTP/1.1" 200 27
114.83.218.181 - - [07/May/2024:08:51:18 +0800] "GET /xingrg/kc/buy/cgsh_order_operate.html?command=get_materiel&rest_code=00149&code=00101008038&supplier_code=00100008&order_time=2024-05-06 HTTP/1.1" 200 412
124.77.241.33 - - [07/May/2024:08:51:23 +0800] "GET /xingrg/all/function/internal_message.html?_=1715043088608&CODE_STATE=getMsg HTTP/1.1" 200 27
114.83.218.181 - - [07/May/2024:08:51:33 +0800] "GET /xingrg/kc/buy/cgsh_order_operate.html?command=get_materiel&rest_code=00149&code=00101008283&supplier_code=00100008&order_time=2024-05-06 HTTP/1.1" 200 408
116.238.97.31 - - [07/May/2024:08:51:42 +0800] "GET /xingrg/check_reg.html?_=1715043102090 HTTP/1.1" 200 22
114.83.218.181 - - [07/May/2024:08:51:48 +0800] "GET /xingrg/kc/buy/cgsh_order_operate.html?command=get_materiel&rest_code=00149&code=00101008087&supplier_code=00100008&order_time=2024-05-06 HTTP/1.1" 200 412
124.78.56.241 - - [07/May/2024:08:51:48 +0800] "GET /xingrg/all/function/internal_message.html?_=1715043108939&CODE_STATE=getMsg HTTP/1.1" 200 27
120.253.135.82 - - [07/May/2024:08:51:51 +0800] "GET /xingrg/all/function/internal_message.html?_=1715043295378&CODE_STATE=getMsg HTTP/1.1" 200 27
114.83.218.181 - - [07/May/2024:08:51:53 +0800] "GET /xingrg/all/function/internal_message.html?_=1715043113716&CODE_STATE=getMsg HTTP/1.1" 200 27
114.95.253.235 - - [07/May/2024:08:51:56 +0800] "GET /xingrg/all/function/internal_message.html?_=1715043116360&CODE_STATE=getMsg HTTP/1.1" 200 27
114.95.253.235 - - [07/May/2024:08:52:03 +0800] "POST /xingrg/kc/buy/cgsh_order_operate.html HTTP/1.1" 200 37
114.83.218.181 - - [07/May/2024:08:52:05 +0800] "GET /xingrg/kc/buy/cgsh_order_operate.html?command=get_materiel&rest_code=00149&code=00101008355&supplier_code=00100008&order_time=2024-05-06 HTTP/1.1" 200 408
114.95.253.235 - - [07/May/2024:08:52:08 +0800] "GET /xingrg/all/function/internal_message.html?_=1715043128386&CODE_STATE=getMsg HTTP/1.1" 200 27
172.20.0.100 - - [07/May/2024:08:52:12 +0800] "GET /xingrg/all/function/internal_message.html?_=1715043156294&CODE_STATE=getMsg HTTP/1.1" 200 27
114.95.253.235 - - [07/May/2024:08:52:14 +0800] "POST /xingrg/kc/buy/cgsh_order_operate.html HTTP/1.1" 200 12
114.83.218.181 - - [07/May/2024:08:52:16 +0800] "GET /xingrg/kc/buy/cgsh_order_operate.html?command=get_materiel&rest_code=00149&code=00101008144&supplier_code=00100008&order_time=2024-05-06 HTTP/1.1" 200 412
114.95.253.235 - - [07/May/2024:08:52:17 +0800] "GET /xingrg/kc/buy/cgsh_order_info.html?code=212024050701796 HTTP/1.1" 200 69323
114.95.253.235 - - [07/May/2024:08:52:17 +0800] "GET /xingrg/javascript/easyui/themes/default/validatebox.css HTTP/1.1" 404 1104
114.95.253.235 - - [07/May/2024:08:52:18 +0800] "POST /xingrg/kc/buy/cgsh_order_operate.html HTTP/1.1" 200 31350
124.77.241.33 - - [07/May/2024:08:52:23 +0800] "GET /xingrg/all/function/internal_message.html?_=1715043148610&CODE_STATE=getMsg HTTP/1.1" 200 27
114.95.253.235 - - [07/May/2024:08:52:23 +0800] "GET /xingrg/kc/print/load_config.html?kc_code=cgsh HTTP/1.1" 200 1927
114.95.253.235 - - [07/May/2024:08:52:24 +0800] "GET /xingrg/kc/print/load_data.html?order_code=212024050701796&kc_code=cgsh&condition= HTTP/1.1" 200 12335
114.83.218.181 - - [07/May/2024:08:52:29 +0800] "GET /xingrg/kc/buy/cgsh_order_operate.html?command=get_materiel&rest_code=00149&code=00101008811&supplier_code=00100008&order_time=2024-05-06 HTTP/1.1" 200 398
114.95.253.235 - - [07/May/2024:08:52:35 +0800] "GET /xingrg/kc/buy/cgsh_order_add.html HTTP/1.1" 200 74452
114.95.253.235 - - [07/May/2024:08:52:36 +0800] "POST /xingrg/kc/buy/cgsh_order_operate.html HTTP/1.1" 200 8245
114.95.253.235 - - [07/May/2024:08:52:36 +0800] "GET /xingrg/javascript/easyui/themes/default/validatebox.css HTTP/1.1" 404 1104
114.83.218.181 - - [07/May/2024:08:52:39 +0800] "GET /xingrg/kc/buy/cgsh_order_operate.html?command=get_materiel&rest_code=00149&code=00101008213&supplier_code=00100008&order_time=2024-05-06 HTTP/1.1" 200 412
124.78.56.241 - - [07/May/2024:08:52:44 +0800] "POST /xingrg/services/DataTransmitService HTTP/1.1" 200 524
124.78.56.241 - - [07/May/2024:08:52:48 +0800] "GET /xingrg/all/function/internal_message.html?_=1715043168934&CODE_STATE=getMsg HTTP/1.1" 200 27
120.253.135.82 - - [07/May/2024:08:52:52 +0800] "GET /xingrg/all/function/internal_message.html?_=1715043356382&CODE_STATE=getMsg HTTP/1.1" 200 27
114.83.218.181 - - [07/May/2024:08:52:53 +0800] "GET /xingrg/all/function/internal_message.html?_=1715043173695&CODE_STATE=getMsg HTTP/1.1" 200 27
114.83.218.181 - - [07/May/2024:08:52:55 +0800] "GET /xingrg/kc/buy/cgsh_order_operate.html?command=get_materiel&rest_code=00149&code=00101008286&supplier_code=00100008&order_time=2024-05-06 HTTP/1.1" 200 428
114.95.253.235 - - [07/May/2024:08:52:56 +0800] "GET /xingrg/kc/buy/cgsh_order_operate.html?command=get_materiel&rest_code=00150&code=00102008028&supplier_code=00100097&order_time=2024-05-07 HTTP/1.1" 200 416
114.95.253.235 - - [07/May/2024:08:52:56 +0800] "GET /xingrg/all/function/internal_message.html?_=1715043176389&CODE_STATE=getMsg HTTP/1.1" 200 27
172.20.0.100 - - [07/May/2024:08:52:57 +0800] "GET /xingrg/check_reg.html?_=1715043201580 HTTP/1.1" 200 22
114.83.218.181 - - [07/May/2024:08:53:08 +0800] "GET /xingrg/kc/buy/cgsh_order_operate.html?command=get_materiel&rest_code=00149&code=00101008224&supplier_code=00100008&order_time=2024-05-06 HTTP/1.1" 200 416
114.95.253.235 - - [07/May/2024:08:53:08 +0800] "GET /xingrg/all/function/internal_message.html?_=1715043188358&CODE_STATE=getMsg HTTP/1.1" 200 27
114.95.253.235 - - [07/May/2024:08:53:09 +0800] "GET /xingrg/check_reg.html?_=1715043188908 HTTP/1.1" 200 22
172.20.0.100 - - [07/May/2024:08:53:12 +0800] "GET /xingrg/all/function/internal_message.html?_=1715043216319&CODE_STATE=getMsg HTTP/1.1" 200 27
124.77.241.33 - - [07/May/2024:08:53:23 +0800] "GET /xingrg/check_reg.html?_=1715043208452 HTTP/1.1" 200 22
124.77.241.33 - - [07/May/2024:08:53:23 +0800] "GET /xingrg/all/function/internal_message.html?_=1715043208624&CODE_STATE=getMsg HTTP/1.1" 200 27
114.83.218.181 - - [07/May/2024:08:53:30 +0800] "GET /xingrg/kc/buy/cgsh_order_operate.html?command=get_materiel&rest_code=00149&code=00101008350&supplier_code=00100008&order_time=2024-05-06 HTTP/1.1" 200 408
114.83.218.181 - - [07/May/2024:08:53:46 +0800] "GET /xingrg/kc/buy/cgsh_order_operate.html?command=get_materiel&rest_code=00149&code=00101008108&supplier_code=00100008&order_time=2024-05-06 HTTP/1.1" 200 412
124.78.56.241 - - [07/May/2024:08:53:48 +0800] "GET /xingrg/all/function/internal_message.html?_=1715043228921&CODE_STATE=getMsg HTTP/1.1" 200 27
120.253.135.82 - - [07/May/2024:08:53:53 +0800] "GET /xingrg/all/function/internal_message.html?_=1715043417387&CODE_STATE=getMsg HTTP/1.1" 200 27
114.83.218.181 - - [07/May/2024:08:53:53 +0800] "GET /xingrg/all/function/internal_message.html?_=1715043233677&CODE_STATE=getMsg HTTP/1.1" 200 27
114.83.218.181 - - [07/May/2024:08:53:56 +0800] "GET /xingrg/kc/buy/cgsh_order_operate.html?command=get_materiel&rest_code=00149&code=00101008163&supplier_code=00100008&order_time=2024-05-06 HTTP/1.1" 200 409
114.95.253.235 - - [07/May/2024:08:53:56 +0800] "GET /xingrg/all/function/internal_message.html?_=1715043236378&CODE_STATE=getMsg HTTP/1.1" 200 27
114.95.253.235 - - [07/May/2024:08:54:08 +0800] "GET /xingrg/all/function/internal_message.html?_=1715043248353&CODE_STATE=getMsg HTTP/1.1" 200 27
114.83.218.181 - - [07/May/2024:08:54:09 +0800] "GET /xingrg/kc/buy/cgsh_order_operate.html?command=get_materiel&rest_code=00149&code=00101008332&supplier_code=00100008&order_time=2024-05-06 HTTP/1.1" 200 412
172.20.0.100 - - [07/May/2024:08:54:12 +0800] "GET /xingrg/all/function/internal_message.html?_=1715043276333&CODE_STATE=getMsg HTTP/1.1" 200 27
114.83.218.181 - - [07/May/2024:08:54:21 +0800] "GET /xingrg/kc/buy/cgsh_order_operate.html?command=get_materiel&rest_code=00149&code=00101008357&supplier_code=00100008&order_time=2024-05-06 HTTP/1.1" 200 408
124.77.241.33 - - [07/May/2024:08:54:23 +0800] "GET /xingrg/all/function/internal_message.html?_=1715043268636&CODE_STATE=getMsg HTTP/1.1" 200 27
114.95.253.235 - - [07/May/2024:08:54:28 +0800] "POST /xingrg/kc/buy/cgsh_order_operate.html HTTP/1.1" 200 37
114.95.253.235 - - [07/May/2024:08:54:30 +0800] "POST /xingrg/kc/buy/cgsh_order_operate.html HTTP/1.1" 200 2660
114.95.253.235 - - [07/May/2024:08:54:31 +0800] "GET /xingrg/kc/buy/cgsh_order_add.html HTTP/1.1" 200 74452
114.83.218.181 - - [07/May/2024:08:54:32 +0800] "GET /xingrg/kc/buy/cgsh_order_operate.html?command=get_materiel&rest_code=00149&code=00101008101&supplier_code=00100008&order_time=2024-05-06 HTTP/1.1" 200 412
114.95.253.235 - - [07/May/2024:08:54:32 +0800] "POST /xingrg/kc/buy/cgsh_order_operate.html HTTP/1.1" 200 8245
114.95.253.235 - - [07/May/2024:08:54:32 +0800] "GET /xingrg/javascript/easyui/themes/default/validatebox.css HTTP/1.1" 404 1104
114.83.218.181 - - [07/May/2024:08:54:36 +0800] "POST /xingrg/kc/buy/cgsh_order_operate.html HTTP/1.1" 200 2065
114.83.218.181 - - [07/May/2024:08:54:41 +0800] "GET /xingrg/kc/buy/cgsh_order_operate.html?command=get_materiel&rest_code=00149&code=00101008331&supplier_code=00100008&order_time=2024-05-06 HTTP/1.1" 200 416
124.78.56.241 - - [07/May/2024:08:54:48 +0800] "GET /xingrg/all/function/internal_message.html?_=1715043288898&CODE_STATE=getMsg HTTP/1.1" 200 27
114.83.218.181 - - [07/May/2024:08:54:53 +0800] "GET /xingrg/check_reg.html?_=1715043293037 HTTP/1.1" 200 22
114.83.218.181 - - [07/May/2024:08:54:53 +0800] "GET /xingrg/all/function/internal_message.html?_=1715043293658&CODE_STATE=getMsg HTTP/1.1" 200 27
120.253.135.82 - - [07/May/2024:08:54:54 +0800] "GET /xingrg/check_reg.html?_=1715043478392 HTTP/1.1" 200 22
120.253.135.82 - - [07/May/2024:08:54:54 +0800] "GET /xingrg/all/function/internal_message.html?_=1715043478391&CODE_STATE=getMsg HTTP/1.1" 200 27
114.83.218.181 - - [07/May/2024:08:54:55 +0800] "GET /xingrg/kc/buy/cgsh_order_operate.html?command=get_materiel&rest_code=00149&code=00101008244&supplier_code=00100008&order_time=2024-05-06 HTTP/1.1" 200 408
114.95.253.235 - - [07/May/2024:08:54:56 +0800] "GET /xingrg/all/function/internal_message.html?_=1715043296375&CODE_STATE=getMsg HTTP/1.1" 200 27
114.83.218.181 - - [07/May/2024:08:55:07 +0800] "GET /xingrg/kc/buy/cgsh_order_operate.html?command=get_materiel&rest_code=00149&code=00101008370&supplier_code=00100008&order_time=2024-05-06 HTTP/1.1" 200 412
114.95.253.235 - - [07/May/2024:08:55:08 +0800] "GET /xingrg/all/function/internal_message.html?_=1715043308334&CODE_STATE=getMsg HTTP/1.1" 200 27
172.20.0.100 - - [07/May/2024:08:55:12 +0800] "GET /xingrg/all/function/internal_message.html?_=1715043336351&CODE_STATE=getMsg HTTP/1.1" 200 27
124.77.241.33 - - [07/May/2024:08:55:23 +0800] "GET /xingrg/all/function/internal_message.html?_=1715043328651&CODE_STATE=getMsg HTTP/1.1" 200 27
124.78.56.241 - - [07/May/2024:08:55:35 +0800] "GET /xingrg/check_reg.html?_=1715043335360 HTTP/1.1" 200 22
124.78.56.241 - - [07/May/2024:08:55:48 +0800] "GET /xingrg/all/function/internal_message.html?_=1715043348883&CODE_STATE=getMsg HTTP/1.1" 200 27
114.83.218.181 - - [07/May/2024:08:55:51 +0800] "GET /xingrg/kc/buy/cgsh_order_operate.html?command=get_materiel&rest_code=00149&code=00101009010&supplier_code=00100008&order_time=2024-05-06 HTTP/1.1" 200 416
114.83.218.181 - - [07/May/2024:08:55:53 +0800] "GET /xingrg/all/function/internal_message.html?_=1715043353628&CODE_STATE=getMsg HTTP/1.1" 200 27
120.253.135.82 - - [07/May/2024:08:55:55 +0800] "GET /xingrg/all/function/internal_message.html?_=1715043539396&CODE_STATE=getMsg HTTP/1.1" 200 27
114.95.253.235 - - [07/May/2024:08:55:56 +0800] "GET /xingrg/all/function/internal_message.html?_=1715043356382&CODE_STATE=getMsg HTTP/1.1" 200 27
114.95.253.235 - - [07/May/2024:08:55:56 +0800] "GET /xingrg/check_reg.html?_=1715043356386 HTTP/1.1" 200 22
114.83.218.181 - - [07/May/2024:08:56:03 +0800] "GET /xingrg/kc/buy/cgsh_order_operate.html?command=get_materiel&rest_code=00149&code=00101009011&supplier_code=00100008&order_time=2024-05-06 HTTP/1.1" 200 416
180.169.147.146 - - [07/May/2024:08:56:04 +0800] "GET /xingrg/check_reg.html?_=1715043368422 HTTP/1.1" 302 -
114.83.218.181 - - [07/May/2024:08:56:07 +0800] "POST /xingrg/kc/buy/cgsh_order_operate.html HTTP/1.1" 200 2065
114.95.253.235 - - [07/May/2024:08:56:08 +0800] "GET /xingrg/all/function/internal_message.html?_=1715043368315&CODE_STATE=getMsg HTTP/1.1" 200 27
172.20.0.100 - - [07/May/2024:08:56:12 +0800] "GET /xingrg/all/function/internal_message.html?_=1715043396360&CODE_STATE=getMsg HTTP/1.1" 200 27
114.83.218.181 - - [07/May/2024:08:56:13 +0800] "GET /xingrg/kc/buy/cgsh_order_operate.html?command=get_materiel&rest_code=00149&code=00101009015&supplier_code=00100008&order_time=2024-05-06 HTTP/1.1" 200 416
124.77.241.33 - - [07/May/2024:08:56:23 +0800] "GET /xingrg/all/function/internal_message.html?_=1715043388752&CODE_STATE=getMsg HTTP/1.1" 200 27
116.238.97.31 - - [07/May/2024:08:56:42 +0800] "GET /xingrg/check_reg.html?_=1715043402075 HTTP/1.1" 200 22
124.78.56.241 - - [07/May/2024:08:56:48 +0800] "GET /xingrg/all/function/internal_message.html?_=1715043408859&CODE_STATE=getMsg HTTP/1.1" 200 27
114.83.218.181 - - [07/May/2024:08:56:53 +0800] "GET /xingrg/all/function/internal_message.html?_=1715043413625&CODE_STATE=getMsg HTTP/1.1" 200 27
120.253.135.82 - - [07/May/2024:08:56:56 +0800] "GET /xingrg/all/function/internal_message.html?_=1715043600401&CODE_STATE=getMsg HTTP/1.1" 200 27
114.95.253.235 - - [07/May/2024:08:56:56 +0800] "GET /xingrg/all/function/internal_message.html?_=1715043416375&CODE_STATE=getMsg HTTP/1.1" 200 27
114.83.218.181 - - [07/May/2024:08:56:56 +0800] "POST /xingrg/kc/buy/cgsh_order_operate.html HTTP/1.1" 200 37
