218.79.29.216 - - [04/May/2024:09:32:48 +0800] "GET /xingrg/all/function/internal_message.html?_=1714786367492&CODE_STATE=getMsg HTTP/1.1" 200 27
114.83.218.129 - - [04/May/2024:09:32:48 +0800] "GET /xingrg/kc/buy/cgsh_order_operate.html?command=get_materiel&rest_code=00149&code=00101009010&supplier_code=00100201&order_time=2024-05-04 HTTP/1.1" 200 416
124.78.56.241 - - [04/May/2024:09:32:50 +0800] "GET /xingrg/javascript/auto/indicator.gif HTTP/1.1" 404 1066
222.69.135.215 - - [04/May/2024:09:32:50 +0800] "GET /xingrg/kc/buy/cgsh_order_operate.html?command=get_materiel&rest_code=00154&code=00101008354&supplier_code=00100417&order_time=2024-05-04 HTTP/1.1" 200 433
222.70.183.82 - - [04/May/2024:09:32:52 +0800] "GET /xingrg/all/function/internal_message.html?_=1714786370325&CODE_STATE=getMsg HTTP/1.1" 200 27
120.253.135.82 - - [04/May/2024:09:32:52 +0800] "GET /xingrg/all/function/internal_message.html?_=1714786221160&CODE_STATE=getMsg HTTP/1.1" 200 27
124.78.56.241 - - [04/May/2024:09:32:55 +0800] "POST /xingrg/kc/buy/cgsh_list_operate.html HTTP/1.1" 200 645
114.95.253.235 - - [04/May/2024:09:32:56 +0800] "GET /xingrg/all/function/internal_message.html?_=1714786375842&CODE_STATE=getMsg HTTP/1.1" 200 27
114.95.253.235 - - [04/May/2024:09:32:56 +0800] "GET /xingrg/check_reg.html?_=1714786375844 HTTP/1.1" 200 22
222.69.135.215 - - [04/May/2024:09:32:59 +0800] "GET /xingrg/kc/buy/cgsh_order_operate.html?command=get_materiel&rest_code=00154&code=00101008024&supplier_code=00100417&order_time=2024-05-04 HTTP/1.1" 200 408
180.163.28.143 - - [04/May/2024:09:33:02 +0800] "GET /xingrg/all/function/internal_message.html?_=1714786118090&CODE_STATE=getMsg HTTP/1.1" 302 -
180.163.28.143 - - [04/May/2024:09:33:02 +0800] "GET /xingrg/login.html HTTP/1.1" 200 7641
222.69.135.215 - - [04/May/2024:09:33:10 +0800] "GET /xingrg/kc/buy/cgsh_order_operate.html?command=get_materiel&rest_code=00154&code=00101008270&supplier_code=00100417&order_time=2024-05-04 HTTP/1.1" 200 412
124.78.56.241 - - [04/May/2024:09:33:12 +0800] "POST /xingrg/kc/buy/cgsh_list_operate.html HTTP/1.1" 200 1675
124.78.56.241 - - [04/May/2024:09:33:14 +0800] "POST /xingrg/kc/buy/cgsh_list_operate.html HTTP/1.1" 200 594
124.78.56.241 - - [04/May/2024:09:33:16 +0800] "POST /xingrg/kc/buy/cgsh_list_operate.html HTTP/1.1" 200 496
124.78.56.241 - - [04/May/2024:09:33:18 +0800] "GET /xingrg/kc/buy/cgsh_order_info.html?code=212024042306318 HTTP/1.1" 200 69435
124.78.56.241 - - [04/May/2024:09:33:19 +0800] "GET /xingrg/words/20240503144019_words.js HTTP/1.1" 200 1022811
124.78.56.241 - - [04/May/2024:09:33:19 +0800] "GET /xingrg/javascript/easyui/themes/icons/copy_new.png HTTP/1.1" 200 815
124.78.56.241 - - [04/May/2024:09:33:19 +0800] "GET /xingrg/javascript/easyui/themes/default/validatebox.css HTTP/1.1" 404 1104
222.69.135.215 - - [04/May/2024:09:33:19 +0800] "GET /xingrg/kc/buy/cgsh_order_operate.html?command=get_materiel&rest_code=00154&code=00101008351&supplier_code=00100417&order_time=2024-05-04 HTTP/1.1" 200 428
116.238.97.31 - - [04/May/2024:09:33:20 +0800] "GET /xingrg/all/function/internal_message.html?_=1714786400444&CODE_STATE=getMsg HTTP/1.1" 200 27
124.78.56.241 - - [04/May/2024:09:33:20 +0800] "POST /xingrg/kc/buy/cgsh_order_operate.html HTTP/1.1" 200 2967
124.78.56.241 - - [04/May/2024:09:33:22 +0800] "GET /xingrg/all/function/internal_message.html?_=1714786402795&CODE_STATE=getMsg HTTP/1.1" 200 27
172.20.0.100 - - [04/May/2024:09:33:23 +0800] "GET /xingrg/all/function/internal_message.html?_=1714786400616&CODE_STATE=getMsg HTTP/1.1" 200 27
101.83.144.49 - - [04/May/2024:09:33:24 +0800] "GET /xingrg/check_reg.html?_=1714786405414 HTTP/1.1" 200 22
101.83.144.49 - - [04/May/2024:09:33:24 +0800] "GET /xingrg/all/function/internal_message.html?_=1714786405418&CODE_STATE=getMsg HTTP/1.1" 200 27
124.78.56.241 - - [04/May/2024:09:33:25 +0800] "GET /xingrg/kc/base/check_order_list.html HTTP/1.1" 200 16431
124.78.56.241 - - [04/May/2024:09:33:25 +0800] "POST /xingrg/kc/base/check_list_operate.html HTTP/1.1" 200 781
124.78.56.241 - - [04/May/2024:09:33:29 +0800] "POST /xingrg/kc/base/check_list_operate.html HTTP/1.1" 200 4974
124.78.56.241 - - [04/May/2024:09:33:31 +0800] "GET /xingrg/all/function/internal_message.html?_=1714786406380&CODE_STATE=getMsg HTTP/1.1" 200 27
120.253.135.82 - - [04/May/2024:09:33:32 +0800] "GET /xingrg/check_reg.html?_=1714786261581 HTTP/1.1" 200 22
116.238.97.31 - - [04/May/2024:09:33:33 +0800] "GET /xingrg/all/function/internal_message.html?_=1714786411735&CODE_STATE=getMsg HTTP/1.1" 200 27
114.83.218.129 - - [04/May/2024:09:33:33 +0800] "GET /xingrg/all/function/internal_message.html?_=1714786413796&CODE_STATE=getMsg HTTP/1.1" 200 27
222.69.135.215 - - [04/May/2024:09:33:34 +0800] "GET /xingrg/kc/buy/cgsh_order_operate.html?command=get_materiel&rest_code=00154&code=00101012051&supplier_code=00100417&order_time=2024-05-04 HTTP/1.1" 200 408
222.69.135.215 - - [04/May/2024:09:33:35 +0800] "GET /xingrg/all/function/internal_message.html?_=1714786417097&CODE_STATE=getMsg HTTP/1.1" 200 27
222.70.183.82 - - [04/May/2024:09:33:36 +0800] "GET /xingrg/all/function/internal_message.html?_=1714786414700&CODE_STATE=getMsg HTTP/1.1" 200 27
116.230.116.4 - - [04/May/2024:09:33:37 +0800] "GET /xingrg/all/function/internal_message.html?_=1714786439064&CODE_STATE=getMsg HTTP/1.1" 200 27
180.169.147.146 - - [04/May/2024:09:33:37 +0800] "GET /xingrg/check_reg.html?_=1714786419302 HTTP/1.1" 200 22
124.78.56.241 - - [04/May/2024:09:33:39 +0800] "POST /xingrg/kc/base/check_list_operate.html HTTP/1.1" 200 4
124.78.56.241 - - [04/May/2024:09:33:40 +0800] "POST /xingrg/kc/base/check_list_operate.html HTTP/1.1" 200 4986
180.163.28.143 - - [04/May/2024:09:33:42 +0800] "GET /xingrg/all/function/internal_message.html?_=1714786358090&CODE_STATE=getMsg HTTP/1.1" 302 -
180.163.28.143 - - [04/May/2024:09:33:42 +0800] "GET /xingrg/login.html HTTP/1.1" 200 7641
124.78.154.56 - - [04/May/2024:09:33:42 +0800] "GET /xingrg/all/function/internal_message.html?_=1714786418103&CODE_STATE=getMsg HTTP/1.1" 200 27
124.78.154.56 - - [04/May/2024:09:33:42 +0800] "GET /xingrg/check_reg.html?_=1714786418107 HTTP/1.1" 200 22
180.169.147.146 - - [04/May/2024:09:33:43 +0800] "GET /xingrg/all/function/internal_message.html?_=1714786423265&CODE_STATE=getMsg HTTP/1.1" 200 27
222.69.135.215 - - [04/May/2024:09:33:46 +0800] "GET /xingrg/kc/buy/cgsh_order_operate.html?command=get_materiel&rest_code=00154&code=00101008321&supplier_code=00100417&order_time=2024-05-04 HTTP/1.1" 200 412
180.169.147.146 - - [04/May/2024:09:33:46 +0800] "GET /xingrg/check_reg.html?_=1714786426365 HTTP/1.1" 200 22
180.169.147.146 - - [04/May/2024:09:33:46 +0800] "GET /xingrg/all/function/internal_message.html?_=1714786426366&CODE_STATE=getMsg HTTP/1.1" 200 27
218.79.29.216 - - [04/May/2024:09:33:47 +0800] "GET /xingrg/all/function/internal_message.html?_=1714786427468&CODE_STATE=getMsg HTTP/1.1" 200 27
114.83.218.129 - - [04/May/2024:09:33:51 +0800] "POST /xingrg/kc/buy/cgsh_order_operate.html HTTP/1.1" 200 37
124.78.56.241 - - [04/May/2024:09:33:51 +0800] "POST /xingrg/kc/buy/cgsh_order_operate.html HTTP/1.1" 200 12
222.70.183.82 - - [04/May/2024:09:33:52 +0800] "GET /xingrg/all/function/internal_message.html?_=1714786430309&CODE_STATE=getMsg HTTP/1.1" 200 27
120.253.135.82 - - [04/May/2024:09:33:52 +0800] "GET /xingrg/all/function/internal_message.html?_=1714786281172&CODE_STATE=getMsg HTTP/1.1" 200 27
124.78.56.241 - - [04/May/2024:09:33:53 +0800] "GET /xingrg/kc/buy/cgsh_order_info.html?code=212024042306318 HTTP/1.1" 200 74285
180.164.6.225 - - [04/May/2024:09:33:54 +0800] "POST /xingrg/kc/buy/cgsh_order_operate.html HTTP/1.1" 200 3249
124.78.56.241 - - [04/May/2024:09:33:54 +0800] "GET /xingrg/javascript/easyui/themes/default/validatebox.css HTTP/1.1" 404 1104
124.78.56.241 - - [04/May/2024:09:33:54 +0800] "GET /xingrg/all/common/auto_word.html?type=employee&rest_code=00106 HTTP/1.1" 200 205
124.78.56.241 - - [04/May/2024:09:33:54 +0800] "GET /xingrg/all/common/auto_word.html?type=employee&rest_code=00106 HTTP/1.1" 200 205
124.78.56.241 - - [04/May/2024:09:33:55 +0800] "POST /xingrg/kc/buy/cgsh_order_operate.html HTTP/1.1" 200 5018
114.95.253.235 - - [04/May/2024:09:33:56 +0800] "GET /xingrg/all/function/internal_message.html?_=1714786435836&CODE_STATE=getMsg HTTP/1.1" 200 27
222.69.135.215 - - [04/May/2024:09:33:57 +0800] "GET /xingrg/kc/buy/cgsh_order_operate.html?command=get_materiel&rest_code=00154&code=00101008298&supplier_code=00100417&order_time=2024-05-04 HTTP/1.1" 200 432
58.39.104.226 - - [04/May/2024:09:33:57 +0800] "GET /xingrg/login.html HTTP/1.1" 200 7641
58.39.104.226 - - [04/May/2024:09:33:57 +0800] "GET /favicon.ico HTTP/1.1" 404 -
180.164.6.225 - - [04/May/2024:09:33:58 +0800] "GET /xingrg/kc/print/load_data.html?order_code=212024050401027&kc_code=cgsh&condition= HTTP/1.1" 200 977
58.39.104.226 - - [04/May/2024:09:33:59 +0800] "GET /xingrg/login.html HTTP/1.1" 200 7641
114.83.218.129 - - [04/May/2024:09:33:59 +0800] "POST /xingrg/kc/buy/cgsh_order_operate.html HTTP/1.1" 200 12
58.39.104.226 - - [04/May/2024:09:33:59 +0800] "GET /favicon.ico HTTP/1.1" 404 -
58.39.104.226 - - [04/May/2024:09:33:59 +0800] "GET /favicon.ico HTTP/1.1" 404 -
58.39.104.226 - - [04/May/2024:09:34:02 +0800] "POST /xingrg/login.do HTTP/1.1" 302 -
58.39.104.226 - - [04/May/2024:09:34:02 +0800] "GET /xingrg/index.html?sysBaseUrl=http%3A%2F%2F180.169.147.146%3A18081%2Fxingrg%2F&costTime=1615×tamp=1714786442464 HTTP/1.1" 200 17177
114.83.218.129 - - [04/May/2024:09:34:02 +0800] "GET /xingrg/kc/buy/cgsh_order_info.html?code=212024050401028 HTTP/1.1" 200 69278
58.39.104.226 - - [04/May/2024:09:34:02 +0800] "GET /favicon.ico HTTP/1.1" 404 -
58.39.104.226 - - [04/May/2024:09:34:02 +0800] "GET /xingrg/check_reg.html?_=1714786443856 HTTP/1.1" 200 22
58.39.104.226 - - [04/May/2024:09:34:02 +0800] "GET /xingrg/all/function/internal_message.html?_=1714786443855&CODE_STATE=count HTTP/1.1" 200 11
58.39.104.226 - - [04/May/2024:09:34:02 +0800] "POST /xingrg/all/common/load_tree.html?tree=area_rest_tree_json&manage=1 HTTP/1.1" 200 348
58.39.104.226 - - [04/May/2024:09:34:02 +0800] "POST /xingrg/load_menu.html HTTP/1.1" 200 5138
114.83.218.129 - - [04/May/2024:09:34:02 +0800] "GET /xingrg/javascript/easyui/themes/default/validatebox.css HTTP/1.1" 404 1104
114.83.218.129 - - [04/May/2024:09:34:03 +0800] "POST /xingrg/kc/buy/cgsh_order_operate.html HTTP/1.1" 200 2982
222.69.135.215 - - [04/May/2024:09:34:08 +0800] "GET /xingrg/kc/buy/cgsh_order_operate.html?command=get_materiel&rest_code=00154&code=00101008286&supplier_code=00100417&order_time=2024-05-04 HTTP/1.1" 200 428
124.78.56.241 - - [04/May/2024:09:34:12 +0800] "POST /xingrg/kc/buy/cgsh_order_operate.html HTTP/1.1" 200 37
114.83.218.129 - - [04/May/2024:09:34:18 +0800] "GET /xingrg/kc/print/load_data.html?order_code=212024050401028&kc_code=cgsh&condition= HTTP/1.1" 200 1626
124.78.56.241 - - [04/May/2024:09:34:19 +0800] "POST /xingrg/kc/buy/cgsh_order_operate.html HTTP/1.1" 200 12
116.238.97.31 - - [04/May/2024:09:34:20 +0800] "GET /xingrg/all/function/internal_message.html?_=1714786460440&CODE_STATE=getMsg HTTP/1.1" 200 27
124.79.242.194 - - [04/May/2024:09:34:21 +0800] "GET /favicon.ico HTTP/1.1" 404 -
116.238.97.31 - - [04/May/2024:09:34:21 +0800] "GET /xingrg/check_reg.html?_=1714786461325 HTTP/1.1" 200 22
124.78.56.241 - - [04/May/2024:09:34:22 +0800] "GET /xingrg/kc/buy/cgsh_order_info.html?code=212024042306318 HTTP/1.1" 200 69435
124.78.56.241 - - [04/May/2024:09:34:22 +0800] "GET /xingrg/javascript/easyui/themes/default/validatebox.css HTTP/1.1" 404 1104
124.78.56.241 - - [04/May/2024:09:34:22 +0800] "GET /xingrg/all/function/internal_message.html?_=1714786462784&CODE_STATE=getMsg HTTP/1.1" 200 27
124.78.56.241 - - [04/May/2024:09:34:23 +0800] "POST /xingrg/kc/buy/cgsh_order_operate.html HTTP/1.1" 200 2966
172.20.0.100 - - [04/May/2024:09:34:23 +0800] "GET /xingrg/all/function/internal_message.html?_=1714786460617&CODE_STATE=getMsg HTTP/1.1" 200 27
101.83.144.49 - - [04/May/2024:09:34:24 +0800] "GET /xingrg/all/function/internal_message.html?_=1714786465418&CODE_STATE=getMsg HTTP/1.1" 200 27
114.83.218.129 - - [04/May/2024:09:34:29 +0800] "GET /xingrg/kc/buy/cgsh_order_add.html HTTP/1.1" 200 74407
114.83.218.129 - - [04/May/2024:09:34:29 +0800] "POST /xingrg/kc/buy/cgsh_order_operate.html HTTP/1.1" 200 8245
114.83.218.129 - - [04/May/2024:09:34:29 +0800] "GET /xingrg/javascript/easyui/themes/default/validatebox.css HTTP/1.1" 404 1104
124.78.56.241 - - [04/May/2024:09:34:31 +0800] "GET /xingrg/all/function/internal_message.html?_=1714786466376&CODE_STATE=getMsg HTTP/1.1" 200 27
180.164.6.225 - - [04/May/2024:09:34:31 +0800] "GET /xingrg/kc/buy/cgsh_order_add.html HTTP/1.1" 200 74411
124.79.242.194 - - [04/May/2024:09:34:31 +0800] "GET /xingrg/login.html HTTP/1.1" 200 7641
180.164.6.225 - - [04/May/2024:09:34:31 +0800] "POST /xingrg/kc/buy/cgsh_order_operate.html HTTP/1.1" 200 8245
180.164.6.225 - - [04/May/2024:09:34:31 +0800] "GET /xingrg/javascript/easyui/themes/default/validatebox.css HTTP/1.1" 404 1104
124.79.242.194 - - [04/May/2024:09:34:32 +0800] "GET /favicon.ico HTTP/1.1" 404 -
116.238.97.31 - - [04/May/2024:09:34:33 +0800] "GET /xingrg/all/function/internal_message.html?_=1714786471734&CODE_STATE=getMsg HTTP/1.1" 200 27
114.83.218.129 - - [04/May/2024:09:34:33 +0800] "GET /xingrg/all/function/internal_message.html?_=1714786473773&CODE_STATE=getMsg HTTP/1.1" 200 27
222.69.135.215 - - [04/May/2024:09:34:33 +0800] "POST /xingrg/kc/buy/cgsh_order_operate.html HTTP/1.1" 200 37
222.69.135.215 - - [04/May/2024:09:34:35 +0800] "GET /xingrg/all/function/internal_message.html?_=1714786477090&CODE_STATE=getMsg HTTP/1.1" 200 27
222.69.135.215 - - [04/May/2024:09:34:35 +0800] "GET /xingrg/check_reg.html?_=1714786477092 HTTP/1.1" 200 22
222.70.183.82 - - [04/May/2024:09:34:36 +0800] "GET /xingrg/all/function/internal_message.html?_=1714786474717&CODE_STATE=getMsg HTTP/1.1" 200 27
124.79.242.194 - - [04/May/2024:09:34:37 +0800] "POST /xingrg/login.do HTTP/1.1" 302 -
124.79.242.194 - - [04/May/2024:09:34:37 +0800] "GET /xingrg/index.html?sysBaseUrl=http%3A%2F%2F180.169.147.146%3A18081%2Fxingrg%2F&costTime=984×tamp=1714786477278 HTTP/1.1" 200 17503
116.230.116.4 - - [04/May/2024:09:34:37 +0800] "GET /xingrg/all/function/internal_message.html?_=1714786499097&CODE_STATE=getMsg HTTP/1.1" 200 27
124.79.242.194 - - [04/May/2024:09:34:37 +0800] "GET /favicon.ico HTTP/1.1" 404 -
124.79.242.194 - - [04/May/2024:09:34:37 +0800] "GET /xingrg/check_reg.html?_=1714786476583 HTTP/1.1" 200 22
124.79.242.194 - - [04/May/2024:09:34:37 +0800] "GET /xingrg/all/function/internal_message.html?_=1714786476580&CODE_STATE=count HTTP/1.1" 200 11
124.79.242.194 - - [04/May/2024:09:34:37 +0800] "POST /xingrg/all/common/load_tree.html?tree=area_rest_tree_json&manage=1 HTTP/1.1" 200 591
124.79.242.194 - - [04/May/2024:09:34:38 +0800] "POST /xingrg/load_menu.html HTTP/1.1" 200 11564
180.164.6.225 - - [04/May/2024:09:34:41 +0800] "GET /xingrg/kc/buy/cgsh_order_operate.html?command=get_materiel&rest_code=00108&code=00101006019&supplier_code=00100012&order_time=2024-05-04 HTTP/1.1" 200 417
222.69.135.215 - - [04/May/2024:09:34:41 +0800] "POST /xingrg/kc/buy/cgsh_order_operate.html HTTP/1.1" 200 12
180.163.28.114 - - [04/May/2024:09:34:42 +0800] "GET /xingrg/all/function/internal_message.html?_=1714786418103&CODE_STATE=getMsg HTTP/1.1" 302 -
180.163.28.114 - - [04/May/2024:09:34:42 +0800] "GET /xingrg/login.html HTTP/1.1" 200 7641
124.78.154.56 - - [04/May/2024:09:34:42 +0800] "GET /xingrg/all/function/internal_message.html?_=1714786478109&CODE_STATE=getMsg HTTP/1.1" 200 27
180.164.6.225 - - [04/May/2024:09:34:42 +0800] "GET /xingrg/all/function/internal_message.html?_=1714786482023&CODE_STATE=getMsg HTTP/1.1" 200 27
180.163.28.143 - - [04/May/2024:09:34:42 +0800] "GET /xingrg/check_reg.html?_=1714786418107 HTTP/1.1" 302 -
180.163.28.143 - - [04/May/2024:09:34:42 +0800] "GET /xingrg/login.html HTTP/1.1" 200 7641
180.169.147.146 - - [04/May/2024:09:34:43 +0800] "GET /xingrg/check_reg.html?_=1714786483269 HTTP/1.1" 200 22
180.169.147.146 - - [04/May/2024:09:34:43 +0800] "GET /xingrg/all/function/internal_message.html?_=1714786483273&CODE_STATE=getMsg HTTP/1.1" 200 27
222.69.135.215 - - [04/May/2024:09:34:44 +0800] "GET /xingrg/kc/buy/cgsh_order_info.html?code=212024050401029 HTTP/1.1" 200 68396
222.69.135.215 - - [04/May/2024:09:34:45 +0800] "GET /xingrg/javascript/easyui/themes/default/validatebox.css HTTP/1.1" 404 1104
222.69.135.215 - - [04/May/2024:09:34:46 +0800] "POST /xingrg/kc/buy/cgsh_order_operate.html HTTP/1.1" 200 9443
180.169.147.146 - - [04/May/2024:09:34:46 +0800] "GET /xingrg/all/function/internal_message.html?_=1714786486366&CODE_STATE=getMsg HTTP/1.1" 200 27
124.79.242.194 - - [04/May/2024:09:34:46 +0800] "POST /xingrg/all/user/operate.html HTTP/1.1" 200 36
124.79.242.194 - - [04/May/2024:09:34:47 +0800] "GET /xingrg/index.html?sysBaseUrl=http%3A%2F%2F180.169.147.146%3A18081%2Fxingrg%2F&costTime=984×tamp=1714786477278 HTTP/1.1" 200 17503
124.79.242.194 - - [04/May/2024:09:34:47 +0800] "GET /xingrg/javascript/jquery_easy_ui/themes/default/easyui.css HTTP/1.1" 304 -
124.79.242.194 - - [04/May/2024:09:34:47 +0800] "GET /xingrg/javascript/jquery_easy_ui/themes/icon.css HTTP/1.1" 304 -
124.79.242.194 - - [04/May/2024:09:34:47 +0800] "GET /xingrg/css/form.css HTTP/1.1" 304 -
124.79.242.194 - - [04/May/2024:09:34:47 +0800] "GET /xingrg/javascript/jquery-1.4.2.min.js HTTP/1.1" 304 -
124.79.242.194 - - [04/May/2024:09:34:47 +0800] "GET /xingrg/javascript/jquery_easy_ui/jquery.easyui.min.js HTTP/1.1" 304 -
124.79.242.194 - - [04/May/2024:09:34:47 +0800] "GET /xingrg/javascript/jquery_easy_ui/easyui-lang-zh_CN.js HTTP/1.1" 304 -
124.79.242.194 - - [04/May/2024:09:34:47 +0800] "GET /xingrg/javascript/jquery.form.js HTTP/1.1" 304 -
124.79.242.194 - - [04/May/2024:09:34:47 +0800] "GET /xingrg/javascript/jquery.utils.js HTTP/1.1" 304 -
124.79.242.194 - - [04/May/2024:09:34:47 +0800] "GET /xingrg/javascript/jquery.timers.js HTTP/1.1" 304 -
124.79.242.194 - - [04/May/2024:09:34:47 +0800] "GET /xingrg/images/blue/jxLogo.png HTTP/1.1" 304 -
124.79.242.194 - - [04/May/2024:09:34:47 +0800] "GET /xingrg/images/blue/navBackgound.jpg HTTP/1.1" 304 -
124.79.242.194 - - [04/May/2024:09:34:47 +0800] "GET /xingrg/javascript/jquery_easy_ui/themes/icons/settle_new.png HTTP/1.1" 304 -
124.79.242.194 - - [04/May/2024:09:34:47 +0800] "GET /xingrg/check_reg.html?_=1714786486566 HTTP/1.1" 200 22
124.79.242.194 - - [04/May/2024:09:34:47 +0800] "GET /xingrg/all/function/internal_message.html?_=1714786486564&CODE_STATE=count HTTP/1.1" 200 11
124.79.242.194 - - [04/May/2024:09:34:47 +0800] "GET /xingrg/javascript/jquery_easy_ui/themes/default/images/tabs_leftarrow.png HTTP/1.1" 304 -
124.79.242.194 - - [04/May/2024:09:34:47 +0800] "GET /xingrg/javascript/jquery_easy_ui/themes/default/images/panel_tool_expand.gif HTTP/1.1" 304 -
124.79.242.194 - - [04/May/2024:09:34:47 +0800] "GET /xingrg/javascript/jquery_easy_ui/themes/default/images/panel_tool_collapse.gif HTTP/1.1" 304 -
124.79.242.194 - - [04/May/2024:09:34:47 +0800] "GET /xingrg/javascript/jquery_easy_ui/themes/default/images/tabs_rightarrow.png HTTP/1.1" 304 -
124.79.242.194 - - [04/May/2024:09:34:47 +0800] "GET /xingrg/images/blue/pingpu.png HTTP/1.1" 304 -
124.79.242.194 - - [04/May/2024:09:34:47 +0800] "POST /xingrg/all/common/load_tree.html?tree=area_rest_tree_json&manage=1 HTTP/1.1" 200 591
124.79.242.194 - - [04/May/2024:09:34:47 +0800] "POST /xingrg/load_menu.html HTTP/1.1" 200 9959
218.79.29.216 - - [04/May/2024:09:34:47 +0800] "GET /xingrg/all/function/internal_message.html?_=1714786487458&CODE_STATE=getMsg HTTP/1.1" 200 27
222.69.135.215 - - [04/May/2024:09:34:48 +0800] "GET /xingrg/kc/print/load_config.html?kc_code=cgsh HTTP/1.1" 200 1927
222.69.135.215 - - [04/May/2024:09:34:48 +0800] "GET /xingrg/kc/print/load_data.html?order_code=212024050401029&kc_code=cgsh&condition= HTTP/1.1" 200 4015
222.70.183.82 - - [04/May/2024:09:34:51 +0800] "GET /xingrg/all/function/internal_message.html?_=1714786490292&CODE_STATE=getMsg HTTP/1.1" 200 27
120.253.135.82 - - [04/May/2024:09:34:52 +0800] "GET /xingrg/all/function/internal_message.html?_=1714786341184&CODE_STATE=getMsg HTTP/1.1" 200 27
114.95.253.235 - - [04/May/2024:09:34:56 +0800] "GET /xingrg/all/function/internal_message.html?_=1714786495848&CODE_STATE=getMsg HTTP/1.1" 200 27
180.164.6.225 - - [04/May/2024:09:34:56 +0800] "GET /xingrg/kc/buy/cgsh_order_operate.html?command=get_materiel&rest_code=00108&code=00101006240&supplier_code=00100012&order_time=2024-05-04 HTTP/1.1" 200 422
124.79.242.194 - - [04/May/2024:09:34:57 +0800] "GET /xingrg/kc/cost/cost_list.html HTTP/1.1" 200 6093
124.79.242.194 - - [04/May/2024:09:34:57 +0800] "GET /xingrg/dwr/interface/AjaxReportQueryService.js HTTP/1.1" 200 13203
124.79.242.194 - - [04/May/2024:09:34:57 +0800] "GET /xingrg/dwr/engine.js HTTP/1.1" 200 43631
124.79.242.194 - - [04/May/2024:09:34:57 +0800] "GET /xingrg/dwr/util.js HTTP/1.1" 200 35990
124.79.242.194 - - [04/May/2024:09:34:57 +0800] "GET /xingrg/kc/cost/cost_operate.html?_=1714786496371&command=load_cost_list HTTP/1.1" 200 12471
116.230.116.4 - - [04/May/2024:09:34:59 +0800] "GET /xingrg/check_reg.html?_=1714786520782 HTTP/1.1" 200 22
58.39.104.226 - - [04/May/2024:09:35:00 +0800] "GET /xingrg/kc/base/base_main.html HTTP/1.1" 200 12142
58.39.104.226 - - [04/May/2024:09:35:02 +0800] "GET /xingrg/all/function/internal_message.html?_=1714786503869&CODE_STATE=getMsg HTTP/1.1" 200 27
180.164.6.225 - - [04/May/2024:09:35:06 +0800] "GET /xingrg/kc/buy/cgsh_order_operate.html?command=get_materiel&rest_code=00108&code=00101001191&supplier_code=00100012&order_time=2024-05-04 HTTP/1.1" 200 413
58.39.104.226 - - [04/May/2024:09:35:07 +0800] "GET /xingrg/kc/base/check_order_list.html HTTP/1.1" 200 16174
58.39.104.226 - - [04/May/2024:09:35:08 +0800] "POST /xingrg/kc/base/check_list_operate.html HTTP/1.1" 200 2235
58.39.104.226 - - [04/May/2024:09:35:13 +0800] "GET /xingrg/kc/base/check_order_info.html?code=452024050200039 HTTP/1.1" 200 25536
58.39.104.226 - - [04/May/2024:09:35:13 +0800] "GET /xingrg/dwr/interface/AjaxCheckService.js HTTP/1.1" 200 14003
58.39.104.226 - - [04/May/2024:09:35:13 +0800] "GET /xingrg/dwr/interface/AjaxComOrderService.js HTTP/1.1" 200 18264
58.39.104.226 - - [04/May/2024:09:35:13 +0800] "GET /xingrg/dwr/util.js HTTP/1.1" 304 -
58.39.104.226 - - [04/May/2024:09:35:13 +0800] "GET /xingrg/dwr/engine.js HTTP/1.1" 200 43631
58.39.104.226 - - [04/May/2024:09:35:13 +0800] "POST /xingrg/dwr/call/plaincall/AjaxCheckService.loadOrderItems.dwr HTTP/1.1" 200 67348
180.164.6.225 - - [04/May/2024:09:35:18 +0800] "POST /xingrg/kc/buy/cgsh_order_operate.html HTTP/1.1" 200 37
180.164.6.225 - - [04/May/2024:09:35:20 +0800] "POST /xingrg/kc/buy/cgsh_order_operate.html HTTP/1.1" 200 3860
124.78.56.241 - - [04/May/2024:09:35:20 +0800] "POST /xingrg/kc/base/check_list_operate.html HTTP/1.1" 200 1560
116.238.97.31 - - [04/May/2024:09:35:20 +0800] "GET /xingrg/all/function/internal_message.html?_=1714786520431&CODE_STATE=getMsg HTTP/1.1" 200 27
180.164.6.225 - - [04/May/2024:09:35:21 +0800] "GET /xingrg/kc/print/load_data.html?order_code=212024050401030&kc_code=cgsh&condition= HTTP/1.1" 200 1244
124.78.56.241 - - [04/May/2024:09:35:22 +0800] "GET /xingrg/all/function/internal_message.html?_=1714786522771&CODE_STATE=getMsg HTTP/1.1" 200 27
172.20.0.100 - - [04/May/2024:09:35:23 +0800] "GET /xingrg/check_reg.html?_=1714786520608 HTTP/1.1" 200 22
172.20.0.100 - - [04/May/2024:09:35:23 +0800] "GET /xingrg/all/function/internal_message.html?_=1714786520609&CODE_STATE=getMsg HTTP/1.1" 200 27
101.83.144.49 - - [04/May/2024:09:35:24 +0800] "GET /xingrg/all/function/internal_message.html?_=1714786525420&CODE_STATE=getMsg HTTP/1.1" 200 27
180.164.6.225 - - [04/May/2024:09:35:25 +0800] "GET /xingrg/kc/buy/cgsh_order_add.html HTTP/1.1" 200 74411
180.164.6.225 - - [04/May/2024:09:35:25 +0800] "POST /xingrg/kc/buy/cgsh_order_operate.html HTTP/1.1" 200 8245
180.164.6.225 - - [04/May/2024:09:35:26 +0800] "GET /xingrg/javascript/easyui/themes/default/validatebox.css HTTP/1.1" 404 1104
58.39.104.226 - - [04/May/2024:09:35:27 +0800] "GET /xingrg/kc/base/check_order_info.html?code=452024050200038 HTTP/1.1" 200 25536
58.39.104.226 - - [04/May/2024:09:35:27 +0800] "GET /xingrg/dwr/interface/AjaxComOrderService.js HTTP/1.1" 200 18264
58.39.104.226 - - [04/May/2024:09:35:27 +0800] "GET /xingrg/dwr/interface/AjaxCheckService.js HTTP/1.1" 200 14003
58.39.104.226 - - [04/May/2024:09:35:27 +0800] "GET /xingrg/dwr/engine.js HTTP/1.1" 200 43631
58.39.104.226 - - [04/May/2024:09:35:28 +0800] "POST /xingrg/dwr/call/plaincall/AjaxCheckService.loadOrderItems.dwr HTTP/1.1" 200 28868
124.78.56.241 - - [04/May/2024:09:35:31 +0800] "GET /xingrg/all/function/internal_message.html?_=1714786526382&CODE_STATE=getMsg HTTP/1.1" 200 27
116.238.97.31 - - [04/May/2024:09:35:33 +0800] "GET /xingrg/all/function/internal_message.html?_=1714786531734&CODE_STATE=getMsg HTTP/1.1" 200 27
114.83.218.129 - - [04/May/2024:09:35:33 +0800] "GET /xingrg/all/function/internal_message.html?_=1714786533747&CODE_STATE=getMsg HTTP/1.1" 200 27
58.39.104.226 - - [04/May/2024:09:35:34 +0800] "GET /xingrg/kc/base/check_order_info.html?code=452024050200037 HTTP/1.1" 200 25536
58.39.104.226 - - [04/May/2024:09:35:34 +0800] "GET /xingrg/dwr/interface/AjaxCheckService.js HTTP/1.1" 200 14003
58.39.104.226 - - [04/May/2024:09:35:34 +0800] "GET /xingrg/dwr/interface/AjaxComOrderService.js HTTP/1.1" 200 18264
58.39.104.226 - - [04/May/2024:09:35:34 +0800] "GET /xingrg/dwr/engine.js HTTP/1.1" 200 43631
58.39.104.226 - - [04/May/2024:09:35:34 +0800] "POST /xingrg/dwr/call/plaincall/AjaxCheckService.loadOrderItems.dwr HTTP/1.1" 200 126839
222.69.135.215 - - [04/May/2024:09:35:35 +0800] "GET /xingrg/all/function/internal_message.html?_=1714786537100&CODE_STATE=getMsg HTTP/1.1" 200 27
222.70.183.82 - - [04/May/2024:09:35:36 +0800] "GET /xingrg/all/function/internal_message.html?_=1714786534705&CODE_STATE=getMsg HTTP/1.1" 302 -
222.70.183.82 - - [04/May/2024:09:35:36 +0800] "GET /xingrg/login.html HTTP/1.1" 200 7641
116.230.116.4 - - [04/May/2024:09:35:37 +0800] "GET /xingrg/all/function/internal_message.html?_=1714786559106&CODE_STATE=getMsg HTTP/1.1" 200 27
124.79.242.194 - - [04/May/2024:09:35:38 +0800] "POST /xingrg/kc/cost/cost_operate.html HTTP/1.1" 200 4
218.79.29.216 - - [04/May/2024:09:35:40 +0800] "GET /xingrg/check_reg.html?_=1714786540327 HTTP/1.1" 200 22
124.78.154.56 - - [04/May/2024:09:35:42 +0800] "GET /xingrg/all/function/internal_message.html?_=1714786538098&CODE_STATE=getMsg HTTP/1.1" 200 27
180.164.6.225 - - [04/May/2024:09:35:42 +0800] "GET /xingrg/check_reg.html?_=1714786542007 HTTP/1.1" 200 22
180.164.6.225 - - [04/May/2024:09:35:42 +0800] "GET /xingrg/all/function/internal_message.html?_=1714786542010&CODE_STATE=getMsg HTTP/1.1" 200 27
180.163.28.180 - - [04/May/2024:09:35:42 +0800] "GET /xingrg/all/function/internal_message.html?_=1714786478109&CODE_STATE=getMsg HTTP/1.1" 302 -
180.163.28.180 - - [04/May/2024:09:35:42 +0800] "GET /xingrg/login.html HTTP/1.1" 200 7641
180.169.147.146 - - [04/May/2024:09:35:43 +0800] "GET /xingrg/all/function/internal_message.html?_=1714786543272&CODE_STATE=getMsg HTTP/1.1" 200 27
124.79.242.194 - - [04/May/2024:09:35:44 +0800] "GET /xingrg/kc/cost/cost_operate.html?_=1714786543342&command=load_cost_list HTTP/1.1" 200 12272
180.164.6.225 - - [04/May/2024:09:35:46 +0800] "GET /xingrg/kc/base/wldb_order_list.html HTTP/1.1" 200 19061
180.169.147.146 - - [04/May/2024:09:35:46 +0800] "GET /xingrg/all/function/internal_message.html?_=1714786546357&CODE_STATE=getMsg HTTP/1.1" 200 27
180.164.6.225 - - [04/May/2024:09:35:47 +0800] "POST /xingrg/kc/base/wldb_list_operate.html HTTP/1.1" 200 928
218.79.29.216 - - [04/May/2024:09:35:47 +0800] "GET /xingrg/all/function/internal_message.html?_=1714786547439&CODE_STATE=getMsg HTTP/1.1" 200 27
124.79.242.194 - - [04/May/2024:09:35:49 +0800] "GET /xingrg/all/function/internal_message.html?_=1714786548382&CODE_STATE=getMsg HTTP/1.1" 200 27
222.70.183.82 - - [04/May/2024:09:35:50 +0800] "GET /xingrg/check_reg.html?_=1714786549247 HTTP/1.1" 200 22
222.69.135.215 - - [04/May/2024:09:35:51 +0800] "GET /xingrg/kc/buy/cgsh_order_add.html HTTP/1.1" 200 73516
222.69.135.215 - - [04/May/2024:09:35:51 +0800] "POST /xingrg/kc/buy/cgsh_order_operate.html HTTP/1.1" 200 8245
222.69.135.215 - - [04/May/2024:09:35:51 +0800] "GET /xingrg/javascript/easyui/themes/default/validatebox.css HTTP/1.1" 404 1104
222.70.183.82 - - [04/May/2024:09:35:51 +0800] "GET /xingrg/all/function/internal_message.html?_=1714786550263&CODE_STATE=getMsg HTTP/1.1" 200 27
120.253.135.82 - - [04/May/2024:09:35:52 +0800] "GET /xingrg/all/function/internal_message.html?_=1714786401435&CODE_STATE=getMsg HTTP/1.1" 200 27
124.78.56.241 - - [04/May/2024:09:35:53 +0800] "POST /xingrg/kc/base/check_list_operate.html HTTP/1.1" 200 4
124.79.242.194 - - [04/May/2024:09:35:54 +0800] "GET /xingrg/kc/base/check_order_list.html HTTP/1.1" 200 16431
124.78.56.241 - - [04/May/2024:09:35:54 +0800] "POST /xingrg/kc/base/check_list_operate.html HTTP/1.1" 200 781
124.79.242.194 - - [04/May/2024:09:35:55 +0800] "POST /xingrg/kc/base/check_list_operate.html HTTP/1.1" 200 781
114.95.253.235 - - [04/May/2024:09:35:56 +0800] "GET /xingrg/all/function/internal_message.html?_=1714786555850&CODE_STATE=getMsg HTTP/1.1" 200 27
124.79.242.194 - - [04/May/2024:09:35:59 +0800] "POST /xingrg/kc/base/check_list_operate.html HTTP/1.1" 200 5432
124.78.56.241 - - [04/May/2024:09:36:00 +0800] "POST /xingrg/all/user/operate.html HTTP/1.1" 200 36
124.78.56.241 - - [04/May/2024:09:36:00 +0800] "GET /xingrg/index.html?sysBaseUrl=http%3A%2F%2F180.169.147.146%3A18081%2Fxingrg%2F&costTime=878×tamp=1714786346239 HTTP/1.1" 200 17509
124.78.56.241 - - [04/May/2024:09:36:00 +0800] "GET /xingrg/javascript/jquery_easy_ui/themes/default/easyui.css HTTP/1.1" 304 -
124.78.56.241 - - [04/May/2024:09:36:00 +0800] "GET /xingrg/javascript/jquery_easy_ui/themes/icon.css HTTP/1.1" 304 -
124.78.56.241 - - [04/May/2024:09:36:00 +0800] "GET /xingrg/css/form.css HTTP/1.1" 304 -
124.78.56.241 - - [04/May/2024:09:36:00 +0800] "GET /xingrg/javascript/jquery-1.4.2.min.js HTTP/1.1" 304 -
124.78.56.241 - - [04/May/2024:09:36:00 +0800] "GET /xingrg/javascript/jquery_easy_ui/jquery.easyui.min.js HTTP/1.1" 304 -
124.78.56.241 - - [04/May/2024:09:36:00 +0800] "GET /xingrg/javascript/jquery_easy_ui/easyui-lang-zh_CN.js HTTP/1.1" 304 -
124.78.56.241 - - [04/May/2024:09:36:00 +0800] "GET /xingrg/javascript/jquery.form.js HTTP/1.1" 304 -
124.78.56.241 - - [04/May/2024:09:36:00 +0800] "GET /xingrg/javascript/jquery.utils.js HTTP/1.1" 304 -
124.78.56.241 - - [04/May/2024:09:36:00 +0800] "GET /xingrg/javascript/jquery.timers.js HTTP/1.1" 304 -
124.78.56.241 - - [04/May/2024:09:36:00 +0800] "GET /xingrg/images/blue/jxLogo.png HTTP/1.1" 304 -
124.78.56.241 - - [04/May/2024:09:36:00 +0800] "GET /xingrg/images/blue/navBackgound.jpg HTTP/1.1" 304 -
124.78.56.241 - - [04/May/2024:09:36:00 +0800] "GET /xingrg/javascript/jquery_easy_ui/themes/icons/settle_new.png HTTP/1.1" 304 -
124.78.56.241 - - [04/May/2024:09:36:00 +0800] "GET /xingrg/all/function/internal_message.html?_=1714786555605&CODE_STATE=count HTTP/1.1" 200 11
124.78.56.241 - - [04/May/2024:09:36:00 +0800] "GET /xingrg/check_reg.html?_=1714786555606 HTTP/1.1" 200 22
124.78.56.241 - - [04/May/2024:09:36:00 +0800] "GET /xingrg/javascript/jquery_easy_ui/themes/default/images/panel_tool_collapse.gif HTTP/1.1" 304 -
124.78.56.241 - - [04/May/2024:09:36:00 +0800] "GET /xingrg/javascript/jquery_easy_ui/themes/default/images/panel_tool_expand.gif HTTP/1.1" 304 -
124.78.56.241 - - [04/May/2024:09:36:00 +0800] "GET /xingrg/javascript/jquery_easy_ui/themes/default/images/tabs_rightarrow.png HTTP/1.1" 304 -
124.78.56.241 - - [04/May/2024:09:36:00 +0800] "GET /xingrg/javascript/jquery_easy_ui/themes/default/images/tabs_leftarrow.png HTTP/1.1" 304 -
124.78.56.241 - - [04/May/2024:09:36:00 +0800] "GET /xingrg/images/blue/pingpu.png HTTP/1.1" 304 -
124.78.56.241 - - [04/May/2024:09:36:00 +0800] "POST /xingrg/all/common/load_tree.html?tree=area_rest_tree_json&manage=1 HTTP/1.1" 200 3752
124.78.56.241 - - [04/May/2024:09:36:00 +0800] "POST /xingrg/load_menu.html HTTP/1.1" 200 9959
58.39.104.226 - - [04/May/2024:09:36:02 +0800] "GET /xingrg/all/function/internal_message.html?_=1714786563858&CODE_STATE=getMsg HTTP/1.1" 200 27
222.69.135.215 - - [04/May/2024:09:36:04 +0800] "GET /xingrg/kc/buy/cgsh_order_operate.html?command=get_materiel&rest_code=00154&code=00101008155&supplier_code=00100417&order_time=2024-05-04 HTTP/1.1" 200 428
114.83.218.129 - - [04/May/2024:09:36:06 +0800] "GET /xingrg/check_reg.html?_=1714786566538 HTTP/1.1" 200 22
124.78.56.241 - - [04/May/2024:09:36:07 +0800] "GET /xingrg/kc/buy/cgsh_order_list.html HTTP/1.1" 200 58767
124.78.56.241 - - [04/May/2024:09:36:10 +0800] "POST /xingrg/kc/buy/cgsh_list_operate.html HTTP/1.1" 200 645
58.39.104.226 - - [04/May/2024:09:36:13 +0800] "POST /xingrg/dwr/call/plaincall/AjaxCheckService.setItemNumber.dwr HTTP/1.1" 200 76
58.39.104.226 - - [04/May/2024:09:36:16 +0800] "POST /xingrg/dwr/call/plaincall/AjaxCheckService.setItemNumber.dwr HTTP/1.1" 200 76
124.79.242.194 - - [04/May/2024:09:36:18 +0800] "POST /xingrg/kc/base/check_list_operate.html HTTP/1.1" 200 4
124.78.56.241 - - [04/May/2024:09:36:19 +0800] "GET /xingrg/javascript/auto/indicator.gif HTTP/1.1" 404 1066
116.238.97.31 - - [04/May/2024:09:36:20 +0800] "GET /xingrg/all/function/internal_message.html?_=1714786580426&CODE_STATE=getMsg HTTP/1.1" 200 27
124.79.242.194 - - [04/May/2024:09:36:21 +0800] "POST /xingrg/kc/base/check_list_operate.html HTTP/1.1" 200 5435
58.39.104.226 - - [04/May/2024:09:36:22 +0800] "POST /xingrg/dwr/call/plaincall/AjaxCheckService.setItemNumber.dwr HTTP/1.1" 200 76
124.78.56.241 - - [04/May/2024:09:36:22 +0800] "GET /xingrg/all/function/internal_message.html?_=1714786582746&CODE_STATE=getMsg HTTP/1.1" 200 27
172.20.0.100 - - [04/May/2024:09:36:23 +0800] "GET /xingrg/all/function/internal_message.html?_=1714786580610&CODE_STATE=getMsg HTTP/1.1" 200 27
101.83.144.49 - - [04/May/2024:09:36:24 +0800] "GET /xingrg/all/function/internal_message.html?_=1714786585421&CODE_STATE=getMsg HTTP/1.1" 200 27
58.39.104.226 - - [04/May/2024:09:36:25 +0800] "POST /xingrg/dwr/call/plaincall/AjaxCheckService.setItemNumber.dwr HTTP/1.1" 200 76
124.79.242.194 - - [04/May/2024:09:36:26 +0800] "GET /xingrg/kc/buy/cgsh_order_list.html HTTP/1.1" 200 58761
124.79.242.194 - - [04/May/2024:09:36:31 +0800] "POST /xingrg/kc/buy/cgsh_list_operate.html HTTP/1.1" 200 1378
124.78.56.241 - - [04/May/2024:09:36:33 +0800] "POST /xingrg/kc/buy/cgsh_list_operate.html HTTP/1.1" 200 4424
116.238.97.31 - - [04/May/2024:09:36:33 +0800] "GET /xingrg/check_reg.html?_=1714786591734 HTTP/1.1" 200 22
116.238.97.31 - - [04/May/2024:09:36:33 +0800] "GET /xingrg/all/function/internal_message.html?_=1714786591762&CODE_STATE=getMsg HTTP/1.1" 200 27
114.83.218.129 - - [04/May/2024:09:36:33 +0800] "GET /xingrg/all/function/internal_message.html?_=1714786593733&CODE_STATE=getMsg HTTP/1.1" 200 27
222.69.135.215 - - [04/May/2024:09:36:35 +0800] "GET /xingrg/kc/buy/cgsh_order_operate.html?command=get_materiel&rest_code=00154&code=00101008261&supplier_code=00100417&order_time=2024-05-04 HTTP/1.1" 200 429
222.69.135.215 - - [04/May/2024:09:36:35 +0800] "GET /xingrg/all/function/internal_message.html?_=1714786597094&CODE_STATE=getMsg HTTP/1.1" 200 27
222.70.183.82 - - [04/May/2024:09:36:36 +0800] "GET /xingrg/all/function/internal_message.html?_=1714786594711&CODE_STATE=getMsg HTTP/1.1" 302 -
116.230.116.4 - - [04/May/2024:09:36:37 +0800] "GET /xingrg/all/function/internal_message.html?_=1714786619121&CODE_STATE=getMsg HTTP/1.1" 200 27
124.78.56.241 - - [04/May/2024:09:36:39 +0800] "POST /xingrg/kc/buy/cgsh_list_operate.html HTTP/1.1" 200 4552
124.79.242.194 - - [04/May/2024:09:36:42 +0800] "GET /xingrg/javascript/auto/indicator.gif HTTP/1.1" 404 1066
124.78.154.56 - - [04/May/2024:09:36:42 +0800] "GET /xingrg/all/function/internal_message.html?_=1714786598101&CODE_STATE=getMsg HTTP/1.1" 200 27
180.164.6.225 - - [04/May/2024:09:36:42 +0800] "GET /xingrg/all/function/internal_message.html?_=1714786601992&CODE_STATE=getMsg HTTP/1.1" 200 27
58.39.104.226 - - [04/May/2024:09:36:42 +0800] "POST /xingrg/dwr/call/plaincall/AjaxCheckService.setItemNumber.dwr HTTP/1.1" 200 76
180.163.28.180 - - [04/May/2024:09:36:43 +0800] "GET /xingrg/all/function/internal_message.html?_=1714786538098&CODE_STATE=getMsg HTTP/1.1" 302 -
180.163.28.180 - - [04/May/2024:09:36:43 +0800] "GET /xingrg/login.html HTTP/1.1" 200 7641
180.169.147.146 - - [04/May/2024:09:36:43 +0800] "GET /xingrg/all/function/internal_message.html?_=1714786603258&CODE_STATE=getMsg HTTP/1.1" 200 27
58.39.104.226 - - [04/May/2024:09:36:45 +0800] "POST /xingrg/dwr/call/plaincall/AjaxCheckService.setItemNumber.dwr HTTP/1.1" 200 76
124.78.56.241 - - [04/May/2024:09:36:46 +0800] "POST /xingrg/kc/buy/cgsh_list_operate.html HTTP/1.1" 200 4419
222.69.135.215 - - [04/May/2024:09:36:46 +0800] "GET /xingrg/kc/buy/cgsh_order_operate.html?command=get_materiel&rest_code=00154&code=00101019224&supplier_code=00100417&order_time=2024-05-04 HTTP/1.1" 200 408
180.169.147.146 - - [04/May/2024:09:36:46 +0800] "GET /xingrg/all/function/internal_message.html?_=1714786606357&CODE_STATE=getMsg HTTP/1.1" 200 27
218.79.29.216 - - [04/May/2024:09:36:47 +0800] "GET /xingrg/all/function/internal_message.html?_=1714786607425&CODE_STATE=getMsg HTTP/1.1" 200 27
124.78.56.241 - - [04/May/2024:09:36:49 +0800] "POST /xingrg/kc/buy/cgsh_list_operate.html HTTP/1.1" 200 563
124.79.242.194 - - [04/May/2024:09:36:49 +0800] "GET /xingrg/all/function/internal_message.html?_=1714786608357&CODE_STATE=getMsg HTTP/1.1" 200 27
124.78.56.241 - - [04/May/2024:09:36:51 +0800] "GET /xingrg/kc/buy/cgsh_order_info.html?code=212024040601272 HTTP/1.1" 200 69447
222.70.183.82 - - [04/May/2024:09:36:51 +0800] "GET /xingrg/all/function/internal_message.html?_=1714786610246&CODE_STATE=getMsg HTTP/1.1" 200 27
120.253.135.82 - - [04/May/2024:09:36:52 +0800] "GET /xingrg/all/function/internal_message.html?_=1714786461445&CODE_STATE=getMsg HTTP/1.1" 200 27
124.78.56.241 - - [04/May/2024:09:36:52 +0800] "GET /xingrg/javascript/easyui/themes/default/validatebox.css HTTP/1.1" 404 1104
124.79.242.194 - - [04/May/2024:09:36:53 +0800] "POST /xingrg/kc/buy/cgsh_list_operate.html HTTP/1.1" 200 2253
124.78.56.241 - - [04/May/2024:09:36:53 +0800] "POST /xingrg/kc/buy/cgsh_order_operate.html HTTP/1.1" 200 24847
114.95.253.235 - - [04/May/2024:09:36:56 +0800] "GET /xingrg/all/function/internal_message.html?_=1714786615844&CODE_STATE=getMsg HTTP/1.1" 200 27
222.69.135.215 - - [04/May/2024:09:36:56 +0800] "GET /xingrg/kc/buy/cgsh_order_operate.html?command=get_materiel&rest_code=00154&code=00101008152&supplier_code=00100417&order_time=2024-05-04 HTTP/1.1" 200 408
124.79.242.194 - - [04/May/2024:09:36:59 +0800] "POST /xingrg/kc/buy/cgsh_list_operate.html HTTP/1.1" 200 495
124.78.56.241 - - [04/May/2024:09:37:00 +0800] "GET /xingrg/all/function/internal_message.html?_=1714786615616&CODE_STATE=getMsg HTTP/1.1" 200 27
124.79.242.194 - - [04/May/2024:09:37:01 +0800] "POST /xingrg/kc/buy/cgsh_list_operate.html HTTP/1.1" 200 496
124.78.56.241 - - [04/May/2024:09:37:02 +0800] "GET /xingrg/kc/base/check_order_list.html HTTP/1.1" 200 16437
124.78.56.241 - - [04/May/2024:09:37:02 +0800] "POST /xingrg/kc/base/check_list_operate.html HTTP/1.1" 200 781
58.39.104.226 - - [04/May/2024:09:37:02 +0800] "GET /xingrg/all/function/internal_message.html?_=1714786623858&CODE_STATE=getMsg HTTP/1.1" 200 27
58.39.104.226 - - [04/May/2024:09:37:03 +0800] "POST /xingrg/dwr/call/plaincall/AjaxCheckService.setItemNumber.dwr HTTP/1.1" 200 76
124.78.56.241 - - [04/May/2024:09:37:05 +0800] "GET /xingrg/check_reg.html?_=1714786625294 HTTP/1.1" 200 22
124.78.56.241 - - [04/May/2024:09:37:07 +0800] "POST /xingrg/kc/base/check_list_operate.html HTTP/1.1" 200 5004
58.39.104.226 - - [04/May/2024:09:37:09 +0800] "POST /xingrg/dwr/call/plaincall/AjaxCheckService.setItemNumber.dwr HTTP/1.1" 200 76
222.69.135.215 - - [04/May/2024:09:37:19 +0800] "GET /xingrg/kc/buy/cgsh_order_operate.html?command=get_materiel&rest_code=00154&code=00101008264&supplier_code=00100417&order_time=2024-05-04 HTTP/1.1" 200 433
116.238.97.31 - - [04/May/2024:09:37:20 +0800] "GET /xingrg/all/function/internal_message.html?_=1714786640402&CODE_STATE=getMsg HTTP/1.1" 200 27
124.78.56.241 - - [04/May/2024:09:37:22 +0800] "GET /xingrg/all/function/internal_message.html?_=1714786642725&CODE_STATE=getMsg HTTP/1.1" 200 27
172.20.0.100 - - [04/May/2024:09:37:23 +0800] "GET /xingrg/all/function/internal_message.html?_=1714786640611&CODE_STATE=getMsg HTTP/1.1" 200 27
101.83.144.49 - - [04/May/2024:09:37:24 +0800] "GET /xingrg/all/function/internal_message.html?_=1714786645424&CODE_STATE=getMsg HTTP/1.1" 200 27
180.163.30.100 - - [04/May/2024:09:37:30 +0800] "GET /xingrg/all/function/internal_message.html?_=1714786298087&CODE_STATE=getMsg HTTP/1.1" 302 -
180.163.30.100 - - [04/May/2024:09:37:30 +0800] "GET /xingrg/login.html HTTP/1.1" 200 7641
124.78.56.241 - - [04/May/2024:09:37:30 +0800] "POST /xingrg/kc/base/check_list_operate.html HTTP/1.1" 200 4
124.78.56.241 - - [04/May/2024:09:37:32 +0800] "POST /xingrg/kc/base/check_list_operate.html HTTP/1.1" 200 5004
116.238.97.31 - - [04/May/2024:09:37:33 +0800] "GET /xingrg/all/function/internal_message.html?_=1714786651747&CODE_STATE=getMsg HTTP/1.1" 200 27
124.79.242.194 - - [04/May/2024:09:37:33 +0800] "POST /xingrg/kc/buy/cgsh_list_operate.html HTTP/1.1" 200 4
114.83.218.129 - - [04/May/2024:09:37:33 +0800] "GET /xingrg/all/function/internal_message.html?_=1714786653704&CODE_STATE=getMsg HTTP/1.1" 200 27
222.69.135.215 - - [04/May/2024:09:37:35 +0800] "GET /xingrg/all/function/internal_message.html?_=1714786657109&CODE_STATE=getMsg HTTP/1.1" 200 27
222.70.183.82 - - [04/May/2024:09:37:36 +0800] "GET /xingrg/all/function/internal_message.html?_=1714786654698&CODE_STATE=getMsg HTTP/1.1" 302 -
222.70.183.82 - - [04/May/2024:09:37:36 +0800] "GET /xingrg/check_reg.html?_=1714786654699 HTTP/1.1" 302 -
116.230.116.4 - - [04/May/2024:09:37:37 +0800] "GET /xingrg/all/function/internal_message.html?_=1714786679151&CODE_STATE=getMsg HTTP/1.1" 200 27
222.69.135.215 - - [04/May/2024:09:37:40 +0800] "GET /xingrg/kc/buy/cgsh_order_operate.html?command=get_materiel&rest_code=00154&code=00101008361&supplier_code=00100417&order_time=2024-05-04 HTTP/1.1" 200 408
124.79.242.194 - - [04/May/2024:09:37:40 +0800] "POST /xingrg/kc/buy/cgsh_list_operate.html HTTP/1.1" 200 2221
124.78.154.56 - - [04/May/2024:09:37:42 +0800] "GET /xingrg/all/function/internal_message.html?_=1714786658102&CODE_STATE=getMsg HTTP/1.1" 200 27
180.164.6.225 - - [04/May/2024:09:37:42 +0800] "GET /xingrg/all/function/internal_message.html?_=1714786661980&CODE_STATE=getMsg HTTP/1.1" 200 27
124.78.56.241 - - [04/May/2024:09:37:42 +0800] "POST /xingrg/kc/base/check_list_operate.html HTTP/1.1" 200 4
180.169.147.146 - - [04/May/2024:09:37:43 +0800] "GET /xingrg/all/function/internal_message.html?_=1714786663259&CODE_STATE=getMsg HTTP/1.1" 200 27
124.78.56.241 - - [04/May/2024:09:37:43 +0800] "POST /xingrg/kc/base/check_list_operate.html HTTP/1.1" 200 5004
180.169.147.146 - - [04/May/2024:09:37:46 +0800] "GET /xingrg/all/function/internal_message.html?_=1714786666355&CODE_STATE=getMsg HTTP/1.1" 200 27
218.79.29.216 - - [04/May/2024:09:37:47 +0800] "GET /xingrg/all/function/internal_message.html?_=1714786667406&CODE_STATE=getMsg HTTP/1.1" 200 27
124.79.242.194 - - [04/May/2024:09:37:49 +0800] "GET /xingrg/all/function/internal_message.html?_=1714786668345&CODE_STATE=getMsg HTTP/1.1" 200 27
222.70.183.82 - - [04/May/2024:09:37:51 +0800] "GET /xingrg/all/function/internal_message.html?_=1714786670231&CODE_STATE=getMsg HTTP/1.1" 200 27
120.253.135.82 - - [04/May/2024:09:37:52 +0800] "GET /xingrg/all/function/internal_message.html?_=1714786521718&CODE_STATE=getMsg HTTP/1.1" 200 27
114.95.253.235 - - [04/May/2024:09:37:56 +0800] "GET /xingrg/check_reg.html?_=1714786675833 HTTP/1.1" 200 22
114.95.253.235 - - [04/May/2024:09:37:56 +0800] "GET /xingrg/all/function/internal_message.html?_=1714786675838&CODE_STATE=getMsg HTTP/1.1" 200 27
124.78.56.241 - - [04/May/2024:09:37:56 +0800] "POST /xingrg/kc/buy/cgsh_order_operate.html HTTP/1.1" 200 12
124.78.56.241 - - [04/May/2024:09:37:57 +0800] "GET /xingrg/kc/buy/cgsh_order_info.html?code=212024040601272 HTTP/1.1" 200 74297
124.78.56.241 - - [04/May/2024:09:37:58 +0800] "GET /xingrg/javascript/easyui/themes/default/validatebox.css HTTP/1.1" 404 1104
124.78.56.241 - - [04/May/2024:09:37:58 +0800] "GET /xingrg/all/common/auto_word.html?type=employee&rest_code=00141 HTTP/1.1" 200 201
124.78.56.241 - - [04/May/2024:09:37:58 +0800] "GET /xingrg/all/common/auto_word.html?type=employee&rest_code=00141 HTTP/1.1" 200 201
124.78.56.241 - - [04/May/2024:09:37:59 +0800] "POST /xingrg/kc/buy/cgsh_order_operate.html HTTP/1.1" 200 26903
124.78.56.241 - - [04/May/2024:09:38:00 +0800] "GET /xingrg/all/function/internal_message.html?_=1714786675617&CODE_STATE=getMsg HTTP/1.1" 200 27
58.39.104.226 - - [04/May/2024:09:38:02 +0800] "GET /xingrg/all/function/internal_message.html?_=1714786683880&CODE_STATE=getMsg HTTP/1.1" 200 27
124.78.56.241 - - [04/May/2024:09:38:06 +0800] "POST /xingrg/kc/buy/cgsh_order_operate.html HTTP/1.1" 200 37
222.70.183.82 - - [04/May/2024:09:38:07 +0800] "GET /xingrg/kc/buy/cgsh_order_list.html HTTP/1.1" 200 58506
222.69.135.215 - - [04/May/2024:09:38:14 +0800] "GET /xingrg/kc/buy/cgsh_order_operate.html?command=get_materiel&rest_code=00154&code=00101008049&supplier_code=00100417&order_time=2024-05-04 HTTP/1.1" 200 428
124.78.56.241 - - [04/May/2024:09:38:15 +0800] "POST /xingrg/kc/buy/cgsh_order_operate.html HTTP/1.1" 200 12
124.78.56.241 - - [04/May/2024:09:38:18 +0800] "GET /xingrg/kc/buy/cgsh_order_info.html?code=212024040601272 HTTP/1.1" 200 69447
124.78.56.241 - - [04/May/2024:09:38:18 +0800] "GET /xingrg/javascript/easyui/themes/default/validatebox.css HTTP/1.1" 404 1104
124.78.56.241 - - [04/May/2024:09:38:19 +0800] "POST /xingrg/kc/buy/cgsh_order_operate.html HTTP/1.1" 200 24847
116.238.97.31 - - [04/May/2024:09:38:20 +0800] "GET /xingrg/all/function/internal_message.html?_=1714786700375&CODE_STATE=getMsg HTTP/1.1" 200 27
124.78.56.241 - - [04/May/2024:09:38:22 +0800] "GET /xingrg/all/function/internal_message.html?_=1714786702704&CODE_STATE=getMsg HTTP/1.1" 200 27
222.70.183.82 - - [04/May/2024:09:38:22 +0800] "POST /xingrg/kc/buy/cgsh_list_operate.html HTTP/1.1" 200 1925
172.20.0.100 - - [04/May/2024:09:38:23 +0800] "GET /xingrg/all/function/internal_message.html?_=1714786700612&CODE_STATE=getMsg HTTP/1.1" 200 27
101.83.144.49 - - [04/May/2024:09:38:24 +0800] "GET /xingrg/check_reg.html?_=1714786705425 HTTP/1.1" 200 22
101.83.144.49 - - [04/May/2024:09:38:24 +0800] "GET /xingrg/all/function/internal_message.html?_=1714786705431&CODE_STATE=getMsg HTTP/1.1" 200 27
222.70.183.82 - - [04/May/2024:09:38:27 +0800] "POST /xingrg/kc/buy/cgsh_list_operate.html HTTP/1.1" 200 496
222.69.135.215 - - [04/May/2024:09:38:32 +0800] "GET /xingrg/kc/buy/cgsh_order_operate.html?command=get_materiel&rest_code=00154&code=00101008234&supplier_code=00100417&order_time=2024-05-04 HTTP/1.1" 200 408
120.253.135.82 - - [04/May/2024:09:38:32 +0800] "GET /xingrg/check_reg.html?_=1714786561582 HTTP/1.1" 200 22
116.238.97.31 - - [04/May/2024:09:38:33 +0800] "GET /xingrg/all/function/internal_message.html?_=1714786711756&CODE_STATE=getMsg HTTP/1.1" 200 27
114.83.218.129 - - [04/May/2024:09:38:33 +0800] "GET /xingrg/all/function/internal_message.html?_=1714786713674&CODE_STATE=getMsg HTTP/1.1" 200 27
222.70.183.82 - - [04/May/2024:09:38:34 +0800] "GET /xingrg/kc/buy/cgsh_order_info.html?code=212024042707632 HTTP/1.1" 200 74247
222.70.183.82 - - [04/May/2024:09:38:35 +0800] "GET /xingrg/javascript/easyui/themes/default/validatebox.css HTTP/1.1" 404 1104
222.69.135.215 - - [04/May/2024:09:38:35 +0800] "GET /xingrg/all/function/internal_message.html?_=1714786717096&CODE_STATE=getMsg HTTP/1.1" 200 27
222.70.183.82 - - [04/May/2024:09:38:36 +0800] "GET /xingrg/all/function/internal_message.html?_=1714786714711&CODE_STATE=getMsg HTTP/1.1" 302 -
222.70.183.82 - - [04/May/2024:09:38:36 +0800] "POST /xingrg/kc/buy/cgsh_order_operate.html HTTP/1.1" 200 5024
116.230.116.4 - - [04/May/2024:09:38:37 +0800] "GET /xingrg/all/function/internal_message.html?_=1714786739163&CODE_STATE=getMsg HTTP/1.1" 200 27
180.169.147.146 - - [04/May/2024:09:38:37 +0800] "GET /xingrg/check_reg.html?_=1714786719281 HTTP/1.1" 200 22
180.163.28.55 - - [04/May/2024:09:38:42 +0800] "GET /xingrg/all/function/internal_message.html?_=1714786658102&CODE_STATE=getMsg HTTP/1.1" 302 -
180.163.28.55 - - [04/May/2024:09:38:42 +0800] "GET /xingrg/login.html HTTP/1.1" 200 7641
124.78.154.56 - - [04/May/2024:09:38:42 +0800] "GET /xingrg/check_reg.html?_=1714786718112 HTTP/1.1" 200 22
124.78.154.56 - - [04/May/2024:09:38:42 +0800] "GET /xingrg/all/function/internal_message.html?_=1714786718105&CODE_STATE=getMsg HTTP/1.1" 200 27
180.164.6.225 - - [04/May/2024:09:38:42 +0800] "GET /xingrg/all/function/internal_message.html?_=1714786721964&CODE_STATE=getMsg HTTP/1.1" 200 27
180.169.147.146 - - [04/May/2024:09:38:43 +0800] "GET /xingrg/all/function/internal_message.html?_=1714786723262&CODE_STATE=getMsg HTTP/1.1" 200 27
180.169.147.146 - - [04/May/2024:09:38:46 +0800] "GET /xingrg/all/function/internal_message.html?_=1714786726360&CODE_STATE=getMsg HTTP/1.1" 200 27
180.169.147.146 - - [04/May/2024:09:38:46 +0800] "GET /xingrg/check_reg.html?_=1714786726361 HTTP/1.1" 200 22
