180.169.147.146 - - [04/May/2024:09:59:43 +0800] "GET /xingrg/all/function/internal_message.html?_=1714787983282&CODE_STATE=getMsg HTTP/1.1" 200 27
114.95.253.235 - - [04/May/2024:09:59:43 +0800] "POST /xingrg/kc/buy/cgsh_order_operate.html HTTP/1.1" 200 12
114.95.253.235 - - [04/May/2024:09:59:45 +0800] "GET /xingrg/kc/buy/cgsh_order_info.html?code=212024050401033 HTTP/1.1" 200 69240
116.238.97.31 - - [04/May/2024:09:59:46 +0800] "GET /xingrg/all/function/internal_message.html?_=1714787984699&CODE_STATE=getMsg HTTP/1.1" 200 27
114.95.253.235 - - [04/May/2024:09:59:46 +0800] "GET /xingrg/javascript/easyui/themes/default/validatebox.css HTTP/1.1" 404 1104
180.169.147.146 - - [04/May/2024:09:59:46 +0800] "GET /xingrg/all/function/internal_message.html?_=1714787986348&CODE_STATE=getMsg HTTP/1.1" 200 27
114.95.253.235 - - [04/May/2024:09:59:47 +0800] "POST /xingrg/kc/buy/cgsh_order_operate.html HTTP/1.1" 200 1201
218.79.29.216 - - [04/May/2024:09:59:47 +0800] "GET /xingrg/all/function/internal_message.html?_=1714787987062&CODE_STATE=getMsg HTTP/1.1" 200 27
124.79.242.194 - - [04/May/2024:09:59:47 +0800] "GET /xingrg/check_reg.html?_=1714787986572 HTTP/1.1" 200 22
124.79.242.194 - - [04/May/2024:09:59:49 +0800] "GET /xingrg/all/function/internal_message.html?_=1714787988199&CODE_STATE=getMsg HTTP/1.1" 200 27
222.70.183.82 - - [04/May/2024:09:59:51 +0800] "GET /xingrg/all/function/internal_message.html?_=1714787989863&CODE_STATE=getMsg HTTP/1.1" 200 27
114.95.253.235 - - [04/May/2024:09:59:54 +0800] "GET /xingrg/all/function/internal_message.html?_=1714787993650&CODE_STATE=getMsg HTTP/1.1" 200 27
114.95.253.235 - - [04/May/2024:09:59:54 +0800] "GET /xingrg/check_reg.html?_=1714787993654 HTTP/1.1" 200 22
120.253.135.82 - - [04/May/2024:09:59:54 +0800] "GET /xingrg/all/function/internal_message.html?_=1714787843443&CODE_STATE=getMsg HTTP/1.1" 200 27
116.230.116.4 - - [04/May/2024:09:59:59 +0800] "GET /xingrg/check_reg.html?_=1714788020807 HTTP/1.1" 200 22
124.78.56.241 - - [04/May/2024:10:00:00 +0800] "GET /xingrg/all/function/internal_message.html?_=1714787995640&CODE_STATE=getMsg HTTP/1.1" 200 27
58.39.104.226 - - [04/May/2024:10:00:02 +0800] "GET /xingrg/all/function/internal_message.html?_=1714788003868&CODE_STATE=getMsg HTTP/1.1" 200 27
114.95.253.235 - - [04/May/2024:10:00:05 +0800] "GET /xingrg/all/function/internal_message.html?_=1714788005040&CODE_STATE=getMsg HTTP/1.1" 200 27
116.238.97.31 - - [04/May/2024:10:00:20 +0800] "GET /xingrg/all/function/internal_message.html?_=1714788020048&CODE_STATE=getMsg HTTP/1.1" 200 27
124.78.56.241 - - [04/May/2024:10:00:22 +0800] "GET /xingrg/all/function/internal_message.html?_=1714788022321&CODE_STATE=getMsg HTTP/1.1" 200 27
172.20.0.100 - - [04/May/2024:10:00:23 +0800] "GET /xingrg/check_reg.html?_=1714788020612 HTTP/1.1" 200 22
172.20.0.100 - - [04/May/2024:10:00:23 +0800] "GET /xingrg/all/function/internal_message.html?_=1714788020613&CODE_STATE=getMsg HTTP/1.1" 200 27
101.83.144.49 - - [04/May/2024:10:00:24 +0800] "GET /xingrg/all/function/internal_message.html?_=1714788025468&CODE_STATE=getMsg HTTP/1.1" 200 27
116.238.97.31 - - [04/May/2024:10:00:24 +0800] "GET /xingrg/check_reg.html?_=1714788023228 HTTP/1.1" 200 22
114.83.218.129 - - [04/May/2024:10:00:33 +0800] "GET /xingrg/all/function/internal_message.html?_=1714788033309&CODE_STATE=getMsg HTTP/1.1" 200 27
116.238.97.31 - - [04/May/2024:10:00:33 +0800] "GET /xingrg/all/function/internal_message.html?_=1714788031835&CODE_STATE=getMsg HTTP/1.1" 200 27
222.69.135.215 - - [04/May/2024:10:00:35 +0800] "GET /xingrg/all/function/internal_message.html?_=1714788037042&CODE_STATE=getMsg HTTP/1.1" 200 27
222.70.183.82 - - [04/May/2024:10:00:36 +0800] "GET /xingrg/all/function/internal_message.html?_=1714788034710&CODE_STATE=getMsg HTTP/1.1" 302 -
180.163.28.55 - - [04/May/2024:10:00:36 +0800] "GET /xingrg/check_reg.html?_=1714787618121 HTTP/1.1" 302 -
180.163.28.55 - - [04/May/2024:10:00:36 +0800] "GET /xingrg/login.html HTTP/1.1" 200 7641
116.230.116.4 - - [04/May/2024:10:00:37 +0800] "GET /xingrg/all/function/internal_message.html?_=1714788059571&CODE_STATE=getMsg HTTP/1.1" 200 27
58.39.104.226 - - [04/May/2024:10:00:39 +0800] "POST /xingrg/dwr/call/plaincall/AjaxCheckService.setItemNumber.dwr HTTP/1.1" 200 77
218.79.29.216 - - [04/May/2024:10:00:40 +0800] "GET /xingrg/check_reg.html?_=1714788040338 HTTP/1.1" 200 22
180.164.6.225 - - [04/May/2024:10:00:41 +0800] "GET /xingrg/all/function/internal_message.html?_=1714788041592&CODE_STATE=getMsg HTTP/1.1" 200 27
180.163.29.234 - - [04/May/2024:10:00:42 +0800] "GET /xingrg/all/function/internal_message.html?_=1714787978132&CODE_STATE=getMsg HTTP/1.1" 302 -
124.78.154.56 - - [04/May/2024:10:00:42 +0800] "GET /xingrg/all/function/internal_message.html?_=1714788038132&CODE_STATE=getMsg HTTP/1.1" 200 27
180.163.29.234 - - [04/May/2024:10:00:42 +0800] "GET /xingrg/login.html HTTP/1.1" 200 7641
180.164.6.225 - - [04/May/2024:10:00:42 +0800] "GET /xingrg/check_reg.html?_=1714788042012 HTTP/1.1" 200 22
180.169.147.146 - - [04/May/2024:10:00:43 +0800] "GET /xingrg/all/function/internal_message.html?_=1714788043262&CODE_STATE=getMsg HTTP/1.1" 200 27
101.83.144.49 - - [04/May/2024:10:00:45 +0800] "POST /xingrg/services/DataTransmitService HTTP/1.1" 200 524
116.238.97.31 - - [04/May/2024:10:00:46 +0800] "GET /xingrg/all/function/internal_message.html?_=1714788044679&CODE_STATE=getMsg HTTP/1.1" 200 27
58.39.104.226 - - [04/May/2024:10:00:46 +0800] "POST /xingrg/dwr/call/plaincall/AjaxCheckService.setItemNumber.dwr HTTP/1.1" 200 77
180.169.147.146 - - [04/May/2024:10:00:46 +0800] "GET /xingrg/all/function/internal_message.html?_=1714788046351&CODE_STATE=getMsg HTTP/1.1" 200 27
218.79.29.216 - - [04/May/2024:10:00:47 +0800] "GET /xingrg/all/function/internal_message.html?_=1714788047071&CODE_STATE=getMsg HTTP/1.1" 200 27
124.79.242.194 - - [04/May/2024:10:00:49 +0800] "GET /xingrg/all/function/internal_message.html?_=1714788048203&CODE_STATE=getMsg HTTP/1.1" 200 27
222.70.183.82 - - [04/May/2024:10:00:50 +0800] "GET /xingrg/check_reg.html?_=1714788049253 HTTP/1.1" 200 22
222.70.183.82 - - [04/May/2024:10:00:51 +0800] "GET /xingrg/all/function/internal_message.html?_=1714788049848&CODE_STATE=getMsg HTTP/1.1" 200 27
114.95.253.235 - - [04/May/2024:10:00:54 +0800] "GET /xingrg/all/function/internal_message.html?_=1714788053678&CODE_STATE=getMsg HTTP/1.1" 200 27
120.253.135.82 - - [04/May/2024:10:00:54 +0800] "GET /xingrg/all/function/internal_message.html?_=1714787903605&CODE_STATE=getMsg HTTP/1.1" 200 27
124.78.56.241 - - [04/May/2024:10:01:00 +0800] "GET /xingrg/all/function/internal_message.html?_=1714788055640&CODE_STATE=getMsg HTTP/1.1" 200 27
124.78.56.241 - - [04/May/2024:10:01:00 +0800] "GET /xingrg/check_reg.html?_=1714788055641 HTTP/1.1" 200 22
58.39.104.226 - - [04/May/2024:10:01:02 +0800] "GET /xingrg/all/function/internal_message.html?_=1714788063873&CODE_STATE=getMsg HTTP/1.1" 200 27
114.95.253.235 - - [04/May/2024:10:01:05 +0800] "GET /xingrg/all/function/internal_message.html?_=1714788065037&CODE_STATE=getMsg HTTP/1.1" 200 27
114.83.218.129 - - [04/May/2024:10:01:06 +0800] "GET /xingrg/check_reg.html?_=1714788066584 HTTP/1.1" 200 22
58.39.104.226 - - [04/May/2024:10:01:15 +0800] "POST /xingrg/dwr/call/plaincall/AjaxCheckService.setItemNumber.dwr HTTP/1.1" 200 77
116.238.97.31 - - [04/May/2024:10:01:20 +0800] "GET /xingrg/all/function/internal_message.html?_=1714788080046&CODE_STATE=getMsg HTTP/1.1" 200 27
124.78.56.241 - - [04/May/2024:10:01:22 +0800] "GET /xingrg/all/function/internal_message.html?_=1714788082296&CODE_STATE=getMsg HTTP/1.1" 200 27
58.39.104.226 - - [04/May/2024:10:01:23 +0800] "POST /xingrg/dwr/call/plaincall/AjaxCheckService.setItemNumber.dwr HTTP/1.1" 200 77
172.20.0.100 - - [04/May/2024:10:01:23 +0800] "GET /xingrg/all/function/internal_message.html?_=1714788080615&CODE_STATE=getMsg HTTP/1.1" 200 27
101.83.144.49 - - [04/May/2024:10:01:24 +0800] "GET /xingrg/all/function/internal_message.html?_=1714788085456&CODE_STATE=getMsg HTTP/1.1" 200 27
58.39.104.226 - - [04/May/2024:10:01:26 +0800] "POST /xingrg/dwr/call/plaincall/AjaxCheckService.setItemNumber.dwr HTTP/1.1" 200 77
58.39.104.226 - - [04/May/2024:10:01:29 +0800] "POST /xingrg/dwr/call/plaincall/AjaxCheckService.setItemNumber.dwr HTTP/1.1" 200 77
58.39.104.226 - - [04/May/2024:10:01:31 +0800] "POST /xingrg/dwr/call/plaincall/AjaxCheckService.setItemNumber.dwr HTTP/1.1" 200 77
114.83.218.129 - - [04/May/2024:10:01:33 +0800] "GET /xingrg/all/function/internal_message.html?_=1714788093296&CODE_STATE=getMsg HTTP/1.1" 200 27
116.238.97.31 - - [04/May/2024:10:01:33 +0800] "GET /xingrg/all/function/internal_message.html?_=1714788091851&CODE_STATE=getMsg HTTP/1.1" 200 27
116.238.97.31 - - [04/May/2024:10:01:33 +0800] "GET /xingrg/check_reg.html?_=1714788091852 HTTP/1.1" 200 22
58.39.104.226 - - [04/May/2024:10:01:34 +0800] "POST /xingrg/dwr/call/plaincall/AjaxCheckService.setItemNumber.dwr HTTP/1.1" 200 77
222.69.135.215 - - [04/May/2024:10:01:35 +0800] "GET /xingrg/all/function/internal_message.html?_=1714788097028&CODE_STATE=getMsg HTTP/1.1" 200 27
222.70.183.82 - - [04/May/2024:10:01:36 +0800] "GET /xingrg/all/function/internal_message.html?_=1714788094699&CODE_STATE=getMsg HTTP/1.1" 302 -
116.230.116.4 - - [04/May/2024:10:01:37 +0800] "GET /xingrg/all/function/internal_message.html?_=1714788119585&CODE_STATE=getMsg HTTP/1.1" 200 27
180.164.6.225 - - [04/May/2024:10:01:41 +0800] "GET /xingrg/all/function/internal_message.html?_=1714788101581&CODE_STATE=getMsg HTTP/1.1" 200 27
124.78.154.56 - - [04/May/2024:10:01:42 +0800] "GET /xingrg/all/function/internal_message.html?_=1714788098133&CODE_STATE=getMsg HTTP/1.1" 200 27
180.169.147.146 - - [04/May/2024:10:01:43 +0800] "GET /xingrg/all/function/internal_message.html?_=1714788103274&CODE_STATE=getMsg HTTP/1.1" 200 27
58.39.104.226 - - [04/May/2024:10:01:43 +0800] "POST /xingrg/dwr/call/plaincall/AjaxCheckService.setItemNumber.dwr HTTP/1.1" 200 77
58.39.104.226 - - [04/May/2024:10:01:46 +0800] "POST /xingrg/dwr/call/plaincall/AjaxCheckService.setItemNumber.dwr HTTP/1.1" 200 77
116.238.97.31 - - [04/May/2024:10:01:46 +0800] "GET /xingrg/all/function/internal_message.html?_=1714788104668&CODE_STATE=getMsg HTTP/1.1" 200 27
180.169.147.146 - - [04/May/2024:10:01:46 +0800] "GET /xingrg/all/function/internal_message.html?_=1714788106364&CODE_STATE=getMsg HTTP/1.1" 200 27
218.79.29.216 - - [04/May/2024:10:01:47 +0800] "GET /xingrg/all/function/internal_message.html?_=1714788107056&CODE_STATE=getMsg HTTP/1.1" 200 27
58.39.104.226 - - [04/May/2024:10:01:48 +0800] "POST /xingrg/dwr/call/plaincall/AjaxCheckService.setItemNumber.dwr HTTP/1.1" 200 77
222.70.183.82 - - [04/May/2024:10:01:51 +0800] "GET /xingrg/all/function/internal_message.html?_=1714788109833&CODE_STATE=getMsg HTTP/1.1" 200 27
114.95.253.235 - - [04/May/2024:10:01:54 +0800] "GET /xingrg/all/function/internal_message.html?_=1714788113675&CODE_STATE=getMsg HTTP/1.1" 200 27
120.253.135.82 - - [04/May/2024:10:01:54 +0800] "GET /xingrg/all/function/internal_message.html?_=1714787963610&CODE_STATE=getMsg HTTP/1.1" 200 27
58.39.104.226 - - [04/May/2024:10:01:57 +0800] "POST /xingrg/dwr/call/plaincall/AjaxCheckService.setItemNumber.dwr HTTP/1.1" 200 77
124.78.56.241 - - [04/May/2024:10:02:00 +0800] "GET /xingrg/all/function/internal_message.html?_=1714788115639&CODE_STATE=getMsg HTTP/1.1" 200 27
58.39.104.226 - - [04/May/2024:10:02:01 +0800] "POST /xingrg/dwr/call/plaincall/AjaxCheckService.setItemNumber.dwr HTTP/1.1" 200 77
58.39.104.226 - - [04/May/2024:10:02:02 +0800] "GET /xingrg/all/function/internal_message.html?_=1714788123874&CODE_STATE=getMsg HTTP/1.1" 200 27
58.39.104.226 - - [04/May/2024:10:02:04 +0800] "POST /xingrg/dwr/call/plaincall/AjaxCheckService.setItemNumber.dwr HTTP/1.1" 200 77
124.78.56.241 - - [04/May/2024:10:02:05 +0800] "GET /xingrg/check_reg.html?_=1714788125296 HTTP/1.1" 200 22
114.95.253.235 - - [04/May/2024:10:02:05 +0800] "GET /xingrg/all/function/internal_message.html?_=1714788125042&CODE_STATE=getMsg HTTP/1.1" 200 27
180.169.147.146 - - [04/May/2024:10:02:06 +0800] "GET /xingrg/all/report/report_query.html?isQuery=1&fileName=kc/buy/wlcg_mx_rest.xml&queryString=(CONVERT(char(10)%2Ca.order_time%2C%20120)%3E%3D'2024-04-21')%20and%20(CONVERT(char(10)%2Ca.order_time%2C%20120)%3C%3D'2024-04-30')%20and%20(a.supplier_code%20in%20('00100323'))%20and%20(a.materiel_code%3D'00101004017')&queryText=%E3%80%90%E5%8D%95%E6%8D%AE%E6%97%A5%E6%9C%9F%3A2024-04-21%20%E8%87%B3%202024-04-30%E3%80%91%20%E5%B9%B6%E4%B8%94%20%20%E3%80%90%E4%BE%9B%E5%BA%94%E5%95%86%20%3D%20%E6%98%8C%E8%AE%B0%E5%86%BB%E5%93%81(%E5%90%B4%E6%98%8C%E5%8D%8E%EF%BC%89%E3%80%91%20%E5%B9%B6%E4%B8%94%20%E3%80%90%E6%9D%90%E6%96%99%E5%90%8D%E7%A7%B0%20%3D%20%E5%86%BB%E6%89%87%E8%B4%9D%E3%80%91&rand=0.6694741462866598 HTTP/1.1" 200 51164
180.169.147.146 - - [04/May/2024:10:02:06 +0800] "GET /xingrg/all/report/report_query.html?isQuery=1&fileName=kc/buy/wlcg_mx_rest.xml&queryString=(CONVERT(char(10)%2Ca.order_time%2C%20120)%3E%3D'2024-04-21')%20and%20(CONVERT(char(10)%2Ca.order_time%2C%20120)%3C%3D'2024-04-30')%20and%20(a.supplier_code%20in%20('00100323'))%20and%20(a.materiel_code%3D'00101004017')&queryText=%E3%80%90%E5%8D%95%E6%8D%AE%E6%97%A5%E6%9C%9F%3A2024-04-21%20%E8%87%B3%202024-04-30%E3%80%91%20%E5%B9%B6%E4%B8%94%20%20%E3%80%90%E4%BE%9B%E5%BA%94%E5%95%86%20%3D%20%E6%98%8C%E8%AE%B0%E5%86%BB%E5%93%81(%E5%90%B4%E6%98%8C%E5%8D%8E%EF%BC%89%E3%80%91%20%E5%B9%B6%E4%B8%94%20%E3%80%90%E6%9D%90%E6%96%99%E5%90%8D%E7%A7%B0%20%3D%20%E5%86%BB%E6%89%87%E8%B4%9D%E3%80%91&rand=0.6694741462866598 HTTP/1.1" 200 51164
180.169.147.146 - - [04/May/2024:10:02:06 +0800] "GET /xingrg/dwr/engine.js HTTP/1.1" 200 43631
180.169.147.146 - - [04/May/2024:10:02:08 +0800] "POST /xingrg/all/report/load_report_page.html HTTP/1.1" 200 41099
180.169.147.146 - - [04/May/2024:10:02:08 +0800] "GET /xingrg/servlets/image?cache=0.23846445142236017&image=px HTTP/1.1" 200 807
58.39.104.226 - - [04/May/2024:10:02:10 +0800] "POST /xingrg/dwr/call/plaincall/AjaxCheckService.setItemNumber.dwr HTTP/1.1" 200 77
58.39.104.226 - - [04/May/2024:10:02:14 +0800] "POST /xingrg/dwr/call/plaincall/AjaxCheckService.setItemNumber.dwr HTTP/1.1" 200 77
58.39.104.226 - - [04/May/2024:10:02:15 +0800] "POST /xingrg/dwr/call/plaincall/AjaxCheckService.setItemNumber.dwr HTTP/1.1" 200 77
58.39.104.226 - - [04/May/2024:10:02:17 +0800] "POST /xingrg/dwr/call/plaincall/AjaxCheckService.setItemNumber.dwr HTTP/1.1" 200 77
180.169.147.146 - - [04/May/2024:10:02:17 +0800] "GET /xingrg/kc/buy/cgsh_order_info.html?isLook=1&code=212024042105744 HTTP/1.1" 200 69542
180.169.147.146 - - [04/May/2024:10:02:17 +0800] "GET /xingrg/words/20240504094242_words.js HTTP/1.1" 304 -
180.169.147.146 - - [04/May/2024:10:02:18 +0800] "GET /favicon.ico HTTP/1.1" 404 -
180.169.147.146 - - [04/May/2024:10:02:18 +0800] "GET /xingrg/javascript/easyui/themes/default/validatebox.css HTTP/1.1" 404 1104
180.169.147.146 - - [04/May/2024:10:02:19 +0800] "POST /xingrg/kc/buy/cgsh_order_operate.html HTTP/1.1" 200 611
116.238.97.31 - - [04/May/2024:10:02:20 +0800] "GET /xingrg/all/function/internal_message.html?_=1714788140036&CODE_STATE=getMsg HTTP/1.1" 200 27
58.39.104.226 - - [04/May/2024:10:02:20 +0800] "POST /xingrg/dwr/call/plaincall/AjaxCheckService.setItemNumber.dwr HTTP/1.1" 200 77
124.78.56.241 - - [04/May/2024:10:02:22 +0800] "GET /xingrg/all/function/internal_message.html?_=1714788142270&CODE_STATE=getMsg HTTP/1.1" 200 27
172.20.0.100 - - [04/May/2024:10:02:23 +0800] "GET /xingrg/all/function/internal_message.html?_=1714788140617&CODE_STATE=getMsg HTTP/1.1" 200 27
101.83.144.49 - - [04/May/2024:10:02:24 +0800] "GET /xingrg/all/function/internal_message.html?_=1714788145457&CODE_STATE=getMsg HTTP/1.1" 200 27
58.39.104.226 - - [04/May/2024:10:02:32 +0800] "POST /xingrg/dwr/call/plaincall/AjaxCheckService.setItemNumber.dwr HTTP/1.1" 200 77
114.83.218.129 - - [04/May/2024:10:02:33 +0800] "GET /xingrg/all/function/internal_message.html?_=1714788153279&CODE_STATE=getMsg HTTP/1.1" 200 27
116.238.97.31 - - [04/May/2024:10:02:33 +0800] "GET /xingrg/all/function/internal_message.html?_=1714788151854&CODE_STATE=getMsg HTTP/1.1" 200 27
222.69.135.215 - - [04/May/2024:10:02:35 +0800] "GET /xingrg/all/function/internal_message.html?_=1714788157003&CODE_STATE=getMsg HTTP/1.1" 200 27
222.70.183.82 - - [04/May/2024:10:02:36 +0800] "GET /xingrg/all/function/internal_message.html?_=1714788154715&CODE_STATE=getMsg HTTP/1.1" 302 -
222.70.183.82 - - [04/May/2024:10:02:36 +0800] "GET /xingrg/check_reg.html?_=1714788154716 HTTP/1.1" 302 -
58.39.104.226 - - [04/May/2024:10:02:37 +0800] "POST /xingrg/dwr/call/plaincall/AjaxCheckService.setItemNumber.dwr HTTP/1.1" 200 77
116.230.116.4 - - [04/May/2024:10:02:37 +0800] "GET /xingrg/all/function/internal_message.html?_=1714788179613&CODE_STATE=getMsg HTTP/1.1" 200 27
180.164.6.225 - - [04/May/2024:10:02:41 +0800] "GET /xingrg/all/function/internal_message.html?_=1714788161553&CODE_STATE=getMsg HTTP/1.1" 200 27
124.78.154.56 - - [04/May/2024:10:02:42 +0800] "GET /xingrg/all/function/internal_message.html?_=1714788158135&CODE_STATE=getMsg HTTP/1.1" 200 27
180.169.147.146 - - [04/May/2024:10:02:43 +0800] "GET /xingrg/all/function/internal_message.html?_=1714788163263&CODE_STATE=getMsg HTTP/1.1" 200 27
116.238.97.31 - - [04/May/2024:10:02:46 +0800] "GET /xingrg/all/function/internal_message.html?_=1714788164651&CODE_STATE=getMsg HTTP/1.1" 200 27
180.169.147.146 - - [04/May/2024:10:02:46 +0800] "GET /xingrg/all/function/internal_message.html?_=1714788166362&CODE_STATE=getMsg HTTP/1.1" 200 27
218.79.29.216 - - [04/May/2024:10:02:47 +0800] "GET /xingrg/all/function/internal_message.html?_=1714788167039&CODE_STATE=getMsg HTTP/1.1" 200 27
58.39.104.226 - - [04/May/2024:10:02:48 +0800] "POST /xingrg/dwr/call/plaincall/AjaxCheckService.setItemNumber.dwr HTTP/1.1" 200 77
58.39.104.226 - - [04/May/2024:10:02:49 +0800] "POST /xingrg/dwr/call/plaincall/AjaxCheckService.setItemNumber.dwr HTTP/1.1" 200 77
58.39.104.226 - - [04/May/2024:10:02:49 +0800] "POST /xingrg/dwr/call/plaincall/AjaxCheckService.setItemNumber.dwr HTTP/1.1" 200 77
222.70.183.82 - - [04/May/2024:10:02:51 +0800] "GET /xingrg/all/function/internal_message.html?_=1714788169817&CODE_STATE=getMsg HTTP/1.1" 200 27
58.39.104.226 - - [04/May/2024:10:02:51 +0800] "POST /xingrg/dwr/call/plaincall/AjaxCheckService.setItemNumber.dwr HTTP/1.1" 200 77
114.95.253.235 - - [04/May/2024:10:02:54 +0800] "GET /xingrg/all/function/internal_message.html?_=1714788173728&CODE_STATE=getMsg HTTP/1.1" 200 27
120.253.135.82 - - [04/May/2024:10:02:54 +0800] "GET /xingrg/all/function/internal_message.html?_=1714788023777&CODE_STATE=getMsg HTTP/1.1" 200 27
58.39.104.226 - - [04/May/2024:10:02:58 +0800] "POST /xingrg/dwr/call/plaincall/AjaxCheckService.setItemNumber.dwr HTTP/1.1" 200 77
124.78.56.241 - - [04/May/2024:10:03:00 +0800] "GET /xingrg/all/function/internal_message.html?_=1714788175637&CODE_STATE=getMsg HTTP/1.1" 200 27
58.39.104.226 - - [04/May/2024:10:03:02 +0800] "GET /xingrg/all/function/internal_message.html?_=1714788183878&CODE_STATE=getMsg HTTP/1.1" 200 27
114.95.253.235 - - [04/May/2024:10:03:05 +0800] "GET /xingrg/all/function/internal_message.html?_=1714788185048&CODE_STATE=getMsg HTTP/1.1" 200 27
114.95.253.235 - - [04/May/2024:10:03:05 +0800] "GET /xingrg/check_reg.html?_=1714788185051 HTTP/1.1" 200 22
58.39.104.226 - - [04/May/2024:10:03:06 +0800] "POST /xingrg/dwr/call/plaincall/AjaxCheckService.setItemNumber.dwr HTTP/1.1" 200 77
58.39.104.226 - - [04/May/2024:10:03:09 +0800] "POST /xingrg/dwr/call/plaincall/AjaxCheckService.setItemNumber.dwr HTTP/1.1" 200 77
116.238.97.31 - - [04/May/2024:10:03:20 +0800] "GET /xingrg/all/function/internal_message.html?_=1714788200029&CODE_STATE=getMsg HTTP/1.1" 200 27
124.78.56.241 - - [04/May/2024:10:03:22 +0800] "GET /xingrg/all/function/internal_message.html?_=1714788202252&CODE_STATE=getMsg HTTP/1.1" 200 27
124.78.154.56 - - [04/May/2024:10:03:22 +0800] "GET /xingrg/kc/base/base_main.html HTTP/1.1" 200 12142
172.20.0.100 - - [04/May/2024:10:03:23 +0800] "GET /xingrg/all/function/internal_message.html?_=1714788200606&CODE_STATE=getMsg HTTP/1.1" 200 27
124.78.154.56 - - [04/May/2024:10:03:24 +0800] "GET /xingrg/kc/base/wldb_order_list.html HTTP/1.1" 200 19051
101.83.144.49 - - [04/May/2024:10:03:24 +0800] "GET /xingrg/all/function/internal_message.html?_=1714788205458&CODE_STATE=getMsg HTTP/1.1" 200 27
101.83.144.49 - - [04/May/2024:10:03:24 +0800] "GET /xingrg/check_reg.html?_=1714788205462 HTTP/1.1" 200 22
124.78.154.56 - - [04/May/2024:10:03:25 +0800] "POST /xingrg/kc/base/wldb_list_operate.html HTTP/1.1" 200 928
124.78.154.56 - - [04/May/2024:10:03:26 +0800] "GET /xingrg/kc/base/wldb_order_add.html HTTP/1.1" 200 30437
124.78.154.56 - - [04/May/2024:10:03:26 +0800] "GET /xingrg/words/20240504094242_words.js HTTP/1.1" 200 1022824
124.78.154.56 - - [04/May/2024:10:03:26 +0800] "POST /xingrg/kc/base/wldb_order_operate.html HTTP/1.1" 200 6806
124.78.154.56 - - [04/May/2024:10:03:26 +0800] "GET /xingrg/all/common/auto_word.html?type=base&rest_code=00106 HTTP/1.1" 200 1799
124.78.154.56 - - [04/May/2024:10:03:26 +0800] "GET /xingrg/all/common/auto_word.html?type=base&rest_code=00106 HTTP/1.1" 200 1799
124.78.154.56 - - [04/May/2024:10:03:26 +0800] "GET /xingrg/javascript/easyui/themes/default/validatebox.css HTTP/1.1" 404 1104
124.78.154.56 - - [04/May/2024:10:03:27 +0800] "POST /xingrg/all/common/load_combo.html?type=base HTTP/1.1" 200 3227
124.78.154.56 - - [04/May/2024:10:03:31 +0800] "GET /xingrg/kc/base/wldb_order_operate.html?command=get_materiel&rest_code=00106&base_code=0010397&code=00102001031 HTTP/1.1" 200 440
58.39.104.226 - - [04/May/2024:10:03:32 +0800] "POST /xingrg/dwr/call/plaincall/AjaxCheckService.setItemNumber.dwr HTTP/1.1" 200 77
120.253.135.82 - - [04/May/2024:10:03:32 +0800] "GET /xingrg/check_reg.html?_=1714788061612 HTTP/1.1" 200 22
114.83.218.129 - - [04/May/2024:10:03:33 +0800] "GET /xingrg/all/function/internal_message.html?_=1714788213268&CODE_STATE=getMsg HTTP/1.1" 200 27
116.238.97.31 - - [04/May/2024:10:03:33 +0800] "GET /xingrg/all/function/internal_message.html?_=1714788211869&CODE_STATE=getMsg HTTP/1.1" 200 27
58.39.104.226 - - [04/May/2024:10:03:34 +0800] "POST /xingrg/dwr/call/plaincall/AjaxCheckService.setItemNumber.dwr HTTP/1.1" 200 77
58.39.104.226 - - [04/May/2024:10:03:35 +0800] "POST /xingrg/dwr/call/plaincall/AjaxCheckService.setItemNumber.dwr HTTP/1.1" 200 77
222.69.135.215 - - [04/May/2024:10:03:35 +0800] "GET /xingrg/all/function/internal_message.html?_=1714788217000&CODE_STATE=getMsg HTTP/1.1" 200 27
58.39.104.226 - - [04/May/2024:10:03:36 +0800] "POST /xingrg/dwr/call/plaincall/AjaxCheckService.setItemNumber.dwr HTTP/1.1" 200 77
222.70.183.82 - - [04/May/2024:10:03:36 +0800] "GET /xingrg/all/function/internal_message.html?_=1714788214720&CODE_STATE=getMsg HTTP/1.1" 302 -
58.39.104.226 - - [04/May/2024:10:03:37 +0800] "POST /xingrg/dwr/call/plaincall/AjaxCheckService.setItemNumber.dwr HTTP/1.1" 200 77
180.169.147.146 - - [04/May/2024:10:03:37 +0800] "GET /xingrg/check_reg.html?_=1714788219211 HTTP/1.1" 200 22
116.230.116.4 - - [04/May/2024:10:03:37 +0800] "GET /xingrg/all/function/internal_message.html?_=1714788239627&CODE_STATE=getMsg HTTP/1.1" 200 27
180.164.6.225 - - [04/May/2024:10:03:41 +0800] "GET /xingrg/all/function/internal_message.html?_=1714788221545&CODE_STATE=getMsg HTTP/1.1" 200 27
180.163.29.234 - - [04/May/2024:10:03:42 +0800] "GET /xingrg/all/function/internal_message.html?_=1714788158135&CODE_STATE=getMsg HTTP/1.1" 302 -
124.78.154.56 - - [04/May/2024:10:03:42 +0800] "GET /xingrg/all/function/internal_message.html?_=1714788218139&CODE_STATE=getMsg HTTP/1.1" 200 27
124.78.154.56 - - [04/May/2024:10:03:42 +0800] "GET /xingrg/check_reg.html?_=1714788218140 HTTP/1.1" 200 22
180.163.29.234 - - [04/May/2024:10:03:42 +0800] "GET /xingrg/login.html HTTP/1.1" 200 7641
58.39.104.226 - - [04/May/2024:10:03:43 +0800] "POST /xingrg/dwr/call/plaincall/AjaxCheckService.setItemNumber.dwr HTTP/1.1" 200 77
180.169.147.146 - - [04/May/2024:10:03:43 +0800] "GET /xingrg/all/function/internal_message.html?_=1714788223271&CODE_STATE=getMsg HTTP/1.1" 200 27
116.238.97.31 - - [04/May/2024:10:03:46 +0800] "GET /xingrg/all/function/internal_message.html?_=1714788224638&CODE_STATE=getMsg HTTP/1.1" 200 27
180.169.147.146 - - [04/May/2024:10:03:46 +0800] "GET /xingrg/check_reg.html?_=1714788226348 HTTP/1.1" 200 22
180.169.147.146 - - [04/May/2024:10:03:46 +0800] "GET /xingrg/all/function/internal_message.html?_=1714788226350&CODE_STATE=getMsg HTTP/1.1" 200 27
218.79.29.216 - - [04/May/2024:10:03:47 +0800] "GET /xingrg/all/function/internal_message.html?_=1714788227028&CODE_STATE=getMsg HTTP/1.1" 200 27
222.70.183.82 - - [04/May/2024:10:03:51 +0800] "GET /xingrg/all/function/internal_message.html?_=1714788229800&CODE_STATE=getMsg HTTP/1.1" 200 27
58.39.104.226 - - [04/May/2024:10:03:51 +0800] "POST /xingrg/dwr/call/plaincall/AjaxCheckService.setItemNumber.dwr HTTP/1.1" 200 77
114.95.253.235 - - [04/May/2024:10:03:54 +0800] "GET /xingrg/all/function/internal_message.html?_=1714788233715&CODE_STATE=getMsg HTTP/1.1" 200 27
120.253.135.82 - - [04/May/2024:10:03:54 +0800] "GET /xingrg/all/function/internal_message.html?_=1714788083778&CODE_STATE=getMsg HTTP/1.1" 200 27
58.39.104.226 - - [04/May/2024:10:03:58 +0800] "POST /xingrg/dwr/call/plaincall/AjaxCheckService.setItemNumber.dwr HTTP/1.1" 200 77
124.78.56.241 - - [04/May/2024:10:04:00 +0800] "GET /xingrg/all/function/internal_message.html?_=1714788235637&CODE_STATE=getMsg HTTP/1.1" 200 27
58.39.104.226 - - [04/May/2024:10:04:02 +0800] "POST /xingrg/dwr/call/plaincall/AjaxCheckService.setItemNumber.dwr HTTP/1.1" 200 77
58.39.104.226 - - [04/May/2024:10:04:02 +0800] "GET /xingrg/check_reg.html?_=1714788243866 HTTP/1.1" 200 22
58.39.104.226 - - [04/May/2024:10:04:02 +0800] "GET /xingrg/all/function/internal_message.html?_=1714788243867&CODE_STATE=getMsg HTTP/1.1" 200 27
114.95.253.235 - - [04/May/2024:10:04:05 +0800] "GET /xingrg/all/function/internal_message.html?_=1714788245053&CODE_STATE=getMsg HTTP/1.1" 200 27
58.39.104.226 - - [04/May/2024:10:04:06 +0800] "POST /xingrg/dwr/call/plaincall/AjaxCheckService.setItemNumber.dwr HTTP/1.1" 200 77
58.39.104.226 - - [04/May/2024:10:04:08 +0800] "POST /xingrg/dwr/call/plaincall/AjaxCheckService.setItemNumber.dwr HTTP/1.1" 200 77
222.69.135.215 - - [04/May/2024:10:04:11 +0800] "GET /xingrg/kc/buy/cgsh_order_list.html HTTP/1.1" 200 58512
58.39.104.226 - - [04/May/2024:10:04:12 +0800] "POST /xingrg/dwr/call/plaincall/AjaxCheckService.setItemNumber.dwr HTTP/1.1" 200 77
222.69.135.215 - - [04/May/2024:10:04:13 +0800] "POST /xingrg/kc/buy/cgsh_list_operate.html HTTP/1.1" 200 645
58.39.104.226 - - [04/May/2024:10:04:14 +0800] "POST /xingrg/dwr/call/plaincall/AjaxCheckService.setItemNumber.dwr HTTP/1.1" 200 77
58.39.104.226 - - [04/May/2024:10:04:14 +0800] "POST /xingrg/dwr/call/plaincall/AjaxCheckService.setItemNumber.dwr HTTP/1.1" 200 77
222.69.135.215 - - [04/May/2024:10:04:15 +0800] "GET /xingrg/kc/buy/cgsh_order_add.html HTTP/1.1" 200 73516
222.69.135.215 - - [04/May/2024:10:04:15 +0800] "GET /xingrg/words/20240504094242_words.js HTTP/1.1" 304 -
222.69.135.215 - - [04/May/2024:10:04:15 +0800] "POST /xingrg/kc/buy/cgsh_order_operate.html HTTP/1.1" 200 8245
222.69.135.215 - - [04/May/2024:10:04:15 +0800] "GET /xingrg/javascript/easyui/themes/default/validatebox.css HTTP/1.1" 404 1104
58.39.104.226 - - [04/May/2024:10:04:15 +0800] "POST /xingrg/dwr/call/plaincall/AjaxCheckService.setItemNumber.dwr HTTP/1.1" 200 77
58.39.104.226 - - [04/May/2024:10:04:17 +0800] "POST /xingrg/dwr/call/plaincall/AjaxCheckService.setItemNumber.dwr HTTP/1.1" 200 77
58.39.104.226 - - [04/May/2024:10:04:18 +0800] "POST /xingrg/dwr/call/plaincall/AjaxCheckService.setItemNumber.dwr HTTP/1.1" 200 77
116.238.97.31 - - [04/May/2024:10:04:20 +0800] "GET /xingrg/all/function/internal_message.html?_=1714788260011&CODE_STATE=getMsg HTTP/1.1" 200 27
116.238.97.31 - - [04/May/2024:10:04:21 +0800] "GET /xingrg/check_reg.html?_=1714788261204 HTTP/1.1" 200 22
58.39.104.226 - - [04/May/2024:10:04:21 +0800] "POST /xingrg/dwr/call/plaincall/AjaxCheckService.setItemNumber.dwr HTTP/1.1" 200 77
124.78.56.241 - - [04/May/2024:10:04:22 +0800] "GET /xingrg/all/function/internal_message.html?_=1714788262236&CODE_STATE=getMsg HTTP/1.1" 200 27
172.20.0.100 - - [04/May/2024:10:04:23 +0800] "GET /xingrg/all/function/internal_message.html?_=1714788260608&CODE_STATE=getMsg HTTP/1.1" 200 27
58.39.104.226 - - [04/May/2024:10:04:24 +0800] "POST /xingrg/dwr/call/plaincall/AjaxCheckService.setItemNumber.dwr HTTP/1.1" 200 77
101.83.144.49 - - [04/May/2024:10:04:24 +0800] "GET /xingrg/all/function/internal_message.html?_=1714788265472&CODE_STATE=getMsg HTTP/1.1" 200 27
58.39.104.226 - - [04/May/2024:10:04:30 +0800] "POST /xingrg/dwr/call/plaincall/AjaxCheckService.setItemNumber.dwr HTTP/1.1" 200 77
180.163.29.217 - - [04/May/2024:10:04:31 +0800] "GET /xingrg/kc/base/wldb_order_operate.html?command=get_materiel&rest_code=00106&base_code=0010397&code=00102001031 HTTP/1.1" 302 -
180.163.29.217 - - [04/May/2024:10:04:31 +0800] "GET /xingrg/login.html HTTP/1.1" 200 7641
114.83.218.129 - - [04/May/2024:10:04:33 +0800] "GET /xingrg/all/function/internal_message.html?_=1714788273252&CODE_STATE=getMsg HTTP/1.1" 200 27
116.238.97.31 - - [04/May/2024:10:04:33 +0800] "GET /xingrg/all/function/internal_message.html?_=1714788271874&CODE_STATE=getMsg HTTP/1.1" 200 27
222.69.135.215 - - [04/May/2024:10:04:35 +0800] "GET /xingrg/all/function/internal_message.html?_=1714788276986&CODE_STATE=getMsg HTTP/1.1" 200 27
222.69.135.215 - - [04/May/2024:10:04:35 +0800] "GET /xingrg/check_reg.html?_=1714788277105 HTTP/1.1" 200 22
222.70.183.82 - - [04/May/2024:10:04:36 +0800] "GET /xingrg/all/function/internal_message.html?_=1714788274707&CODE_STATE=getMsg HTTP/1.1" 302 -
116.230.116.4 - - [04/May/2024:10:04:37 +0800] "GET /xingrg/all/function/internal_message.html?_=1714788299657&CODE_STATE=getMsg HTTP/1.1" 200 27
58.39.104.226 - - [04/May/2024:10:04:39 +0800] "POST /xingrg/dwr/call/plaincall/AjaxCheckService.setItemNumber.dwr HTTP/1.1" 200 77
180.164.6.225 - - [04/May/2024:10:04:41 +0800] "GET /xingrg/all/function/internal_message.html?_=1714788281538&CODE_STATE=getMsg HTTP/1.1" 200 27
124.78.154.56 - - [04/May/2024:10:04:42 +0800] "GET /xingrg/all/function/internal_message.html?_=1714788278135&CODE_STATE=getMsg HTTP/1.1" 200 27
180.169.147.146 - - [04/May/2024:10:04:43 +0800] "GET /xingrg/all/function/internal_message.html?_=1714788283275&CODE_STATE=getMsg HTTP/1.1" 200 27
180.169.147.146 - - [04/May/2024:10:04:43 +0800] "GET /xingrg/check_reg.html?_=1714788283280 HTTP/1.1" 200 22
116.238.97.31 - - [04/May/2024:10:04:46 +0800] "GET /xingrg/all/function/internal_message.html?_=1714788284622&CODE_STATE=getMsg HTTP/1.1" 200 27
180.169.147.146 - - [04/May/2024:10:04:46 +0800] "GET /xingrg/all/function/internal_message.html?_=1714788286366&CODE_STATE=getMsg HTTP/1.1" 200 27
218.79.29.216 - - [04/May/2024:10:04:47 +0800] "GET /xingrg/all/function/internal_message.html?_=1714788287013&CODE_STATE=getMsg HTTP/1.1" 200 27
58.39.104.226 - - [04/May/2024:10:04:49 +0800] "POST /xingrg/dwr/call/plaincall/AjaxCheckService.setItemNumber.dwr HTTP/1.1" 200 77
222.70.183.82 - - [04/May/2024:10:04:51 +0800] "GET /xingrg/all/function/internal_message.html?_=1714788289783&CODE_STATE=getMsg HTTP/1.1" 200 27
114.95.253.235 - - [04/May/2024:10:04:54 +0800] "GET /xingrg/check_reg.html?_=1714788293709 HTTP/1.1" 200 22
114.95.253.235 - - [04/May/2024:10:04:54 +0800] "GET /xingrg/all/function/internal_message.html?_=1714788293714&CODE_STATE=getMsg HTTP/1.1" 200 27
120.253.135.82 - - [04/May/2024:10:04:54 +0800] "GET /xingrg/all/function/internal_message.html?_=1714788143791&CODE_STATE=getMsg HTTP/1.1" 200 27
222.69.135.215 - - [04/May/2024:10:04:55 +0800] "GET /xingrg/kc/buy/cgsh_order_operate.html?command=get_materiel&rest_code=00154&code=00101008355&supplier_code=00100417&order_time=2024-05-04 HTTP/1.1" 200 408
58.39.104.226 - - [04/May/2024:10:04:56 +0800] "POST /xingrg/dwr/call/plaincall/AjaxCheckService.setItemNumber.dwr HTTP/1.1" 200 77
58.39.104.226 - - [04/May/2024:10:04:57 +0800] "POST /xingrg/dwr/call/plaincall/AjaxCheckService.setItemNumber.dwr HTTP/1.1" 200 77
58.39.104.226 - - [04/May/2024:10:04:58 +0800] "POST /xingrg/dwr/call/plaincall/AjaxCheckService.setItemNumber.dwr HTTP/1.1" 200 77
116.230.116.4 - - [04/May/2024:10:04:59 +0800] "GET /xingrg/check_reg.html?_=1714788320812 HTTP/1.1" 200 22
124.78.56.241 - - [04/May/2024:10:05:00 +0800] "GET /xingrg/all/function/internal_message.html?_=1714788295635&CODE_STATE=getMsg HTTP/1.1" 200 27
58.39.104.226 - - [04/May/2024:10:05:02 +0800] "GET /xingrg/all/function/internal_message.html?_=1714788303859&CODE_STATE=getMsg HTTP/1.1" 200 27
114.95.253.235 - - [04/May/2024:10:05:05 +0800] "GET /xingrg/all/function/internal_message.html?_=1714788305065&CODE_STATE=getMsg HTTP/1.1" 200 27
58.39.104.226 - - [04/May/2024:10:05:05 +0800] "POST /xingrg/dwr/call/plaincall/AjaxCheckService.setItemNumber.dwr HTTP/1.1" 200 77
58.39.104.226 - - [04/May/2024:10:05:15 +0800] "POST /xingrg/dwr/call/plaincall/AjaxCheckService.setItemNumber.dwr HTTP/1.1" 200 77
58.39.104.226 - - [04/May/2024:10:05:18 +0800] "POST /xingrg/dwr/call/plaincall/AjaxCheckService.setItemNumber.dwr HTTP/1.1" 200 77
116.238.97.31 - - [04/May/2024:10:05:20 +0800] "GET /xingrg/all/function/internal_message.html?_=1714788320011&CODE_STATE=getMsg HTTP/1.1" 200 27
58.39.104.226 - - [04/May/2024:10:05:20 +0800] "POST /xingrg/dwr/call/plaincall/AjaxCheckService.setItemNumber.dwr HTTP/1.1" 200 77
124.78.56.241 - - [04/May/2024:10:05:22 +0800] "GET /xingrg/all/function/internal_message.html?_=1714788322220&CODE_STATE=getMsg HTTP/1.1" 200 27
58.39.104.226 - - [04/May/2024:10:05:23 +0800] "POST /xingrg/dwr/call/plaincall/AjaxCheckService.setItemNumber.dwr HTTP/1.1" 200 77
172.20.0.100 - - [04/May/2024:10:05:23 +0800] "GET /xingrg/all/function/internal_message.html?_=1714788320610&CODE_STATE=getMsg HTTP/1.1" 200 27
172.20.0.100 - - [04/May/2024:10:05:23 +0800] "GET /xingrg/check_reg.html?_=1714788320611 HTTP/1.1" 200 22
101.83.144.49 - - [04/May/2024:10:05:24 +0800] "GET /xingrg/all/function/internal_message.html?_=1714788325462&CODE_STATE=getMsg HTTP/1.1" 200 27
116.238.97.31 - - [04/May/2024:10:05:24 +0800] "GET /xingrg/check_reg.html?_=1714788323255 HTTP/1.1" 200 22
58.39.104.226 - - [04/May/2024:10:05:25 +0800] "POST /xingrg/dwr/call/plaincall/AjaxCheckService.setItemNumber.dwr HTTP/1.1" 200 77
58.39.104.226 - - [04/May/2024:10:05:26 +0800] "POST /xingrg/dwr/call/plaincall/AjaxCheckService.setItemNumber.dwr HTTP/1.1" 200 77
58.39.104.226 - - [04/May/2024:10:05:28 +0800] "POST /xingrg/dwr/call/plaincall/AjaxCheckService.setItemNumber.dwr HTTP/1.1" 200 77
58.39.104.226 - - [04/May/2024:10:05:30 +0800] "POST /xingrg/dwr/call/plaincall/AjaxCheckService.setItemNumber.dwr HTTP/1.1" 200 77
114.83.218.129 - - [04/May/2024:10:05:33 +0800] "GET /xingrg/all/function/internal_message.html?_=1714788333238&CODE_STATE=getMsg HTTP/1.1" 200 27
116.238.97.31 - - [04/May/2024:10:05:33 +0800] "GET /xingrg/all/function/internal_message.html?_=1714788331859&CODE_STATE=getMsg HTTP/1.1" 200 27
58.39.104.226 - - [04/May/2024:10:05:35 +0800] "POST /xingrg/dwr/call/plaincall/AjaxCheckService.setItemNumber.dwr HTTP/1.1" 200 77
222.69.135.215 - - [04/May/2024:10:05:35 +0800] "GET /xingrg/all/function/internal_message.html?_=1714788336960&CODE_STATE=getMsg HTTP/1.1" 200 27
222.70.183.82 - - [04/May/2024:10:05:36 +0800] "GET /xingrg/all/function/internal_message.html?_=1714788334712&CODE_STATE=getMsg HTTP/1.1" 302 -
58.39.104.226 - - [04/May/2024:10:05:36 +0800] "POST /xingrg/dwr/call/plaincall/AjaxCheckService.setItemNumber.dwr HTTP/1.1" 200 77
116.230.116.4 - - [04/May/2024:10:05:37 +0800] "GET /xingrg/all/function/internal_message.html?_=1714788359670&CODE_STATE=getMsg HTTP/1.1" 200 27
58.39.104.226 - - [04/May/2024:10:05:39 +0800] "POST /xingrg/dwr/call/plaincall/AjaxCheckService.setItemNumber.dwr HTTP/1.1" 200 77
58.39.104.226 - - [04/May/2024:10:05:40 +0800] "POST /xingrg/dwr/call/plaincall/AjaxCheckService.setItemNumber.dwr HTTP/1.1" 200 77
218.79.29.216 - - [04/May/2024:10:05:40 +0800] "GET /xingrg/check_reg.html?_=1714788340352 HTTP/1.1" 200 22
180.164.6.225 - - [04/May/2024:10:05:41 +0800] "GET /xingrg/all/function/internal_message.html?_=1714788341515&CODE_STATE=getMsg HTTP/1.1" 200 27
124.78.154.56 - - [04/May/2024:10:05:42 +0800] "GET /xingrg/all/function/internal_message.html?_=1714788338132&CODE_STATE=getMsg HTTP/1.1" 200 27
180.164.6.225 - - [04/May/2024:10:05:42 +0800] "GET /xingrg/check_reg.html?_=1714788342014 HTTP/1.1" 200 22
180.169.147.146 - - [04/May/2024:10:05:43 +0800] "GET /xingrg/all/function/internal_message.html?_=1714788343277&CODE_STATE=getMsg HTTP/1.1" 200 27
58.39.104.226 - - [04/May/2024:10:05:45 +0800] "POST /xingrg/dwr/call/plaincall/AjaxCheckService.setItemNumber.dwr HTTP/1.1" 200 77
116.238.97.31 - - [04/May/2024:10:05:46 +0800] "GET /xingrg/all/function/internal_message.html?_=1714788344622&CODE_STATE=getMsg HTTP/1.1" 200 27
180.169.147.146 - - [04/May/2024:10:05:46 +0800] "GET /xingrg/all/function/internal_message.html?_=1714788346360&CODE_STATE=getMsg HTTP/1.1" 200 27
218.79.29.216 - - [04/May/2024:10:05:47 +0800] "GET /xingrg/all/function/internal_message.html?_=1714788346998&CODE_STATE=getMsg HTTP/1.1" 200 27
58.39.104.226 - - [04/May/2024:10:05:50 +0800] "POST /xingrg/dwr/call/plaincall/AjaxCheckService.setItemNumber.dwr HTTP/1.1" 200 77
222.70.183.82 - - [04/May/2024:10:05:50 +0800] "GET /xingrg/check_reg.html?_=1714788349252 HTTP/1.1" 200 22
222.70.183.82 - - [04/May/2024:10:05:51 +0800] "GET /xingrg/all/function/internal_message.html?_=1714788349767&CODE_STATE=getMsg HTTP/1.1" 200 27
58.39.104.226 - - [04/May/2024:10:05:52 +0800] "POST /xingrg/dwr/call/plaincall/AjaxCheckService.setItemNumber.dwr HTTP/1.1" 200 77
120.253.135.82 - - [04/May/2024:10:05:54 +0800] "GET /xingrg/all/function/internal_message.html?_=1714788203955&CODE_STATE=getMsg HTTP/1.1" 200 27
58.39.104.226 - - [04/May/2024:10:05:57 +0800] "POST /xingrg/dwr/call/plaincall/AjaxComOrderService.getMaterielSearchList.dwr HTTP/1.1" 200 204
58.39.104.226 - - [04/May/2024:10:05:58 +0800] "POST /xingrg/dwr/call/plaincall/AjaxComOrderService.getMaterielByCode.dwr HTTP/1.1" 200 444
124.78.56.241 - - [04/May/2024:10:06:00 +0800] "GET /xingrg/all/function/internal_message.html?_=1714788355649&CODE_STATE=getMsg HTTP/1.1" 200 27
124.78.56.241 - - [04/May/2024:10:06:00 +0800] "GET /xingrg/check_reg.html?_=1714788355651 HTTP/1.1" 200 22
58.39.104.226 - - [04/May/2024:10:06:02 +0800] "GET /xingrg/all/function/internal_message.html?_=1714788363873&CODE_STATE=getMsg HTTP/1.1" 200 27
58.39.104.226 - - [04/May/2024:10:06:04 +0800] "POST /xingrg/dwr/call/plaincall/AjaxComOrderService.getMaterielSearchList.dwr HTTP/1.1" 200 7298
114.95.253.235 - - [04/May/2024:10:06:05 +0800] "GET /xingrg/all/function/internal_message.html?_=1714788365056&CODE_STATE=getMsg HTTP/1.1" 200 27
114.83.218.129 - - [04/May/2024:10:06:06 +0800] "GET /xingrg/check_reg.html?_=1714788366592 HTTP/1.1" 200 22
58.39.104.226 - - [04/May/2024:10:06:08 +0800] "POST /xingrg/dwr/call/plaincall/AjaxComOrderService.getMaterielSearchList.dwr HTTP/1.1" 200 1080
58.39.104.226 - - [04/May/2024:10:06:10 +0800] "POST /xingrg/dwr/call/plaincall/AjaxComOrderService.getMaterielByCode.dwr HTTP/1.1" 200 1622
116.238.97.31 - - [04/May/2024:10:06:14 +0800] "POST /xingrg/all/user/operate.html HTTP/1.1" 200 36
116.238.97.31 - - [04/May/2024:10:06:15 +0800] "GET /xingrg/index.html?sysBaseUrl=http%3A%2F%2F180.169.147.146%3A18081%2Fxingrg%2F&costTime=965×tamp=1714787417770 HTTP/1.1" 200 17509
116.238.97.31 - - [04/May/2024:10:06:15 +0800] "GET /xingrg/javascript/jquery_easy_ui/themes/default/easyui.css HTTP/1.1" 304 -
116.238.97.31 - - [04/May/2024:10:06:15 +0800] "GET /xingrg/javascript/jquery_easy_ui/themes/icon.css HTTP/1.1" 304 -
116.238.97.31 - - [04/May/2024:10:06:15 +0800] "GET /xingrg/css/form.css HTTP/1.1" 304 -
116.238.97.31 - - [04/May/2024:10:06:15 +0800] "GET /xingrg/javascript/jquery-1.4.2.min.js HTTP/1.1" 304 -
116.238.97.31 - - [04/May/2024:10:06:15 +0800] "GET /xingrg/javascript/jquery_easy_ui/jquery.easyui.min.js HTTP/1.1" 304 -
116.238.97.31 - - [04/May/2024:10:06:15 +0800] "GET /xingrg/javascript/jquery_easy_ui/easyui-lang-zh_CN.js HTTP/1.1" 304 -
116.238.97.31 - - [04/May/2024:10:06:15 +0800] "GET /xingrg/javascript/jquery.form.js HTTP/1.1" 304 -
116.238.97.31 - - [04/May/2024:10:06:15 +0800] "GET /xingrg/javascript/jquery.utils.js HTTP/1.1" 304 -
116.238.97.31 - - [04/May/2024:10:06:15 +0800] "GET /xingrg/javascript/jquery.timers.js HTTP/1.1" 304 -
116.238.97.31 - - [04/May/2024:10:06:15 +0800] "GET /xingrg/images/blue/jxLogo.png HTTP/1.1" 304 -
116.238.97.31 - - [04/May/2024:10:06:15 +0800] "GET /xingrg/images/blue/navBackgound.jpg HTTP/1.1" 304 -
116.238.97.31 - - [04/May/2024:10:06:15 +0800] "GET /xingrg/javascript/jquery_easy_ui/themes/icons/settle_new.png HTTP/1.1" 304 -
116.238.97.31 - - [04/May/2024:10:06:15 +0800] "GET /xingrg/all/function/internal_message.html?_=1714788373963&CODE_STATE=count HTTP/1.1" 200 11
116.238.97.31 - - [04/May/2024:10:06:15 +0800] "GET /xingrg/check_reg.html?_=1714788373964 HTTP/1.1" 200 22
116.238.97.31 - - [04/May/2024:10:06:15 +0800] "GET /xingrg/javascript/jquery_easy_ui/themes/default/images/tabs_rightarrow.png HTTP/1.1" 304 -
116.238.97.31 - - [04/May/2024:10:06:15 +0800] "GET /xingrg/javascript/jquery_easy_ui/themes/default/images/panel_tool_expand.gif HTTP/1.1" 304 -
116.238.97.31 - - [04/May/2024:10:06:15 +0800] "GET /xingrg/javascript/jquery_easy_ui/themes/default/images/tabs_leftarrow.png HTTP/1.1" 304 -
116.238.97.31 - - [04/May/2024:10:06:15 +0800] "GET /xingrg/images/blue/pingpu.png HTTP/1.1" 304 -
116.238.97.31 - - [04/May/2024:10:06:15 +0800] "GET /xingrg/javascript/jquery_easy_ui/themes/default/images/panel_tool_collapse.gif HTTP/1.1" 304 -
116.238.97.31 - - [04/May/2024:10:06:15 +0800] "POST /xingrg/all/common/load_tree.html?tree=area_rest_tree_json&manage=1 HTTP/1.1" 200 3752
116.238.97.31 - - [04/May/2024:10:06:15 +0800] "POST /xingrg/load_menu.html HTTP/1.1" 200 9959
116.238.97.31 - - [04/May/2024:10:06:19 +0800] "GET /xingrg/kc/base/check_order_list.html HTTP/1.1" 200 16437
116.238.97.31 - - [04/May/2024:10:06:20 +0800] "GET /xingrg/all/function/internal_message.html?_=1714788379992&CODE_STATE=getMsg HTTP/1.1" 200 27
116.238.97.31 - - [04/May/2024:10:06:20 +0800] "POST /xingrg/kc/base/check_list_operate.html HTTP/1.1" 200 1905
58.39.104.226 - - [04/May/2024:10:06:20 +0800] "POST /xingrg/dwr/call/plaincall/AjaxCheckService.addOrderItem.dwr HTTP/1.1" 200 732
116.238.97.31 - - [04/May/2024:10:06:21 +0800] "GET /xingrg/kc/base/check_order_info.html?code=452024043000296 HTTP/1.1" 200 26522
124.78.56.241 - - [04/May/2024:10:06:22 +0800] "GET /xingrg/all/function/internal_message.html?_=1714788382202&CODE_STATE=getMsg HTTP/1.1" 200 27
116.238.97.31 - - [04/May/2024:10:06:22 +0800] "GET /xingrg/dwr/interface/AjaxComOrderService.js HTTP/1.1" 200 18264
116.238.97.31 - - [04/May/2024:10:06:22 +0800] "GET /xingrg/dwr/interface/AjaxCheckService.js HTTP/1.1" 200 14003
116.238.97.31 - - [04/May/2024:10:06:22 +0800] "GET /xingrg/dwr/engine.js HTTP/1.1" 200 43631
172.20.0.100 - - [04/May/2024:10:06:23 +0800] "GET /xingrg/all/function/internal_message.html?_=1714788380613&CODE_STATE=getMsg HTTP/1.1" 200 27
180.169.147.146 - - [04/May/2024:10:06:24 +0800] "GET /xingrg/all/report/report_query.html?isQuery=1&fileName=kc/buy/wlcg_mx_rest.xml&queryString=(CONVERT(char(10)%2Ca.order_time%2C%20120)%3E%3D'2024-04-21')%20and%20(CONVERT(char(10)%2Ca.order_time%2C%20120)%3C%3D'2024-04-30')%20and%20(a.supplier_code%20in%20('00100323'))%20and%20(a.materiel_code%3D'00101006012')&queryText=%E3%80%90%E5%8D%95%E6%8D%AE%E6%97%A5%E6%9C%9F%3A2024-04-21%20%E8%87%B3%202024-04-30%E3%80%91%20%E5%B9%B6%E4%B8%94%20%20%E3%80%90%E4%BE%9B%E5%BA%94%E5%95%86%20%3D%20%E6%98%8C%E8%AE%B0%E5%86%BB%E5%93%81(%E5%90%B4%E6%98%8C%E5%8D%8E%EF%BC%89%E3%80%91%20%E5%B9%B6%E4%B8%94%20%E3%80%90%E6%9D%90%E6%96%99%E5%90%8D%E7%A7%B0%20%3D%20%E5%A4%A7%E8%82%A0%E5%A4%B4*%E5%86%BB%E3%80%91&rand=0.9021490778930277 HTTP/1.1" 200 51170
180.169.147.146 - - [04/May/2024:10:06:24 +0800] "GET /xingrg/all/report/report_query.html?isQuery=1&fileName=kc/buy/wlcg_mx_rest.xml&queryString=(CONVERT(char(10)%2Ca.order_time%2C%20120)%3E%3D'2024-04-21')%20and%20(CONVERT(char(10)%2Ca.order_time%2C%20120)%3C%3D'2024-04-30')%20and%20(a.supplier_code%20in%20('00100323'))%20and%20(a.materiel_code%3D'00101006012')&queryText=%E3%80%90%E5%8D%95%E6%8D%AE%E6%97%A5%E6%9C%9F%3A2024-04-21%20%E8%87%B3%202024-04-30%E3%80%91%20%E5%B9%B6%E4%B8%94%20%20%E3%80%90%E4%BE%9B%E5%BA%94%E5%95%86%20%3D%20%E6%98%8C%E8%AE%B0%E5%86%BB%E5%93%81(%E5%90%B4%E6%98%8C%E5%8D%8E%EF%BC%89%E3%80%91%20%E5%B9%B6%E4%B8%94%20%E3%80%90%E6%9D%90%E6%96%99%E5%90%8D%E7%A7%B0%20%3D%20%E5%A4%A7%E8%82%A0%E5%A4%B4*%E5%86%BB%E3%80%91&rand=0.9021490778930277 HTTP/1.1" 200 51170
180.169.147.146 - - [04/May/2024:10:06:24 +0800] "GET /xingrg/dwr/engine.js HTTP/1.1" 200 43631
101.83.144.49 - - [04/May/2024:10:06:24 +0800] "GET /xingrg/all/function/internal_message.html?_=1714788385462&CODE_STATE=getMsg HTTP/1.1" 200 27
116.238.97.31 - - [04/May/2024:10:06:25 +0800] "GET /xingrg/javascript/jquery_easy_ui/themes/icons/cance_new.png HTTP/1.1" 200 3986
116.238.97.31 - - [04/May/2024:10:06:25 +0800] "GET /xingrg/javascript/jquery_easy_ui/themes/icons/check_new.png HTTP/1.1" 200 3224
116.238.97.31 - - [04/May/2024:10:06:25 +0800] "POST /xingrg/dwr/call/plaincall/AjaxCheckService.loadOrderItems.dwr HTTP/1.1" 200 6205
116.238.97.31 - - [04/May/2024:10:06:25 +0800] "GET /xingrg/javascript/jquery_easy_ui/themes/icons/no.png HTTP/1.1" 200 922
180.169.147.146 - - [04/May/2024:10:06:26 +0800] "POST /xingrg/all/report/load_report_page.html HTTP/1.1" 200 28528
180.169.147.146 - - [04/May/2024:10:06:26 +0800] "GET /xingrg/servlets/image?cache=0.5666503899071142&image=px HTTP/1.1" 200 807
114.83.218.129 - - [04/May/2024:10:06:33 +0800] "GET /xingrg/all/function/internal_message.html?_=1714788393222&CODE_STATE=getMsg HTTP/1.1" 200 27
116.238.97.31 - - [04/May/2024:10:06:33 +0800] "GET /xingrg/check_reg.html?_=1714788391857 HTTP/1.1" 200 22
116.238.97.31 - - [04/May/2024:10:06:33 +0800] "GET /xingrg/all/function/internal_message.html?_=1714788391857&CODE_STATE=getMsg HTTP/1.1" 200 27
222.70.183.82 - - [04/May/2024:10:06:36 +0800] "GET /xingrg/all/function/internal_message.html?_=1714788394702&CODE_STATE=getMsg HTTP/1.1" 302 -
116.230.116.4 - - [04/May/2024:10:06:37 +0800] "GET /xingrg/all/function/internal_message.html?_=1714788419685&CODE_STATE=getMsg HTTP/1.1" 200 27
222.69.135.215 - - [04/May/2024:10:06:40 +0800] "POST /xingrg/kc/buy/cgsh_order_operate.html HTTP/1.1" 200 37
180.164.6.225 - - [04/May/2024:10:06:41 +0800] "GET /xingrg/all/function/internal_message.html?_=1714788401501&CODE_STATE=getMsg HTTP/1.1" 200 27
124.78.154.56 - - [04/May/2024:10:06:42 +0800] "GET /xingrg/all/function/internal_message.html?_=1714788398149&CODE_STATE=getMsg HTTP/1.1" 200 27
180.169.147.146 - - [04/May/2024:10:06:43 +0800] "GET /xingrg/all/function/internal_message.html?_=1714788403272&CODE_STATE=getMsg HTTP/1.1" 200 27
58.39.104.226 - - [04/May/2024:10:06:46 +0800] "POST /xingrg/kc/base/check_list_operate.html HTTP/1.1" 200 2235
180.169.147.146 - - [04/May/2024:10:06:46 +0800] "GET /xingrg/all/function/internal_message.html?_=1714788406358&CODE_STATE=getMsg HTTP/1.1" 200 27
218.79.29.216 - - [04/May/2024:10:06:47 +0800] "GET /xingrg/all/function/internal_message.html?_=1714788406968&CODE_STATE=getMsg HTTP/1.1" 200 27
222.69.135.215 - - [04/May/2024:10:06:48 +0800] "POST /xingrg/kc/buy/cgsh_order_operate.html HTTP/1.1" 200 12
222.69.135.215 - - [04/May/2024:10:06:50 +0800] "GET /xingrg/kc/buy/cgsh_order_info.html?code=212024050401036 HTTP/1.1" 200 68396
222.69.135.215 - - [04/May/2024:10:06:51 +0800] "GET /xingrg/words/20240504094242_words.js HTTP/1.1" 304 -
222.69.135.215 - - [04/May/2024:10:06:51 +0800] "GET /xingrg/javascript/easyui/themes/default/validatebox.css HTTP/1.1" 404 1104
222.70.183.82 - - [04/May/2024:10:06:51 +0800] "GET /xingrg/all/function/internal_message.html?_=1714788409750&CODE_STATE=getMsg HTTP/1.1" 200 27
222.69.135.215 - - [04/May/2024:10:06:52 +0800] "POST /xingrg/kc/buy/cgsh_order_operate.html HTTP/1.1" 200 6483
120.253.135.82 - - [04/May/2024:10:06:54 +0800] "GET /xingrg/all/function/internal_message.html?_=1714788263959&CODE_STATE=getMsg HTTP/1.1" 200 27
222.69.135.215 - - [04/May/2024:10:06:55 +0800] "GET /xingrg/kc/print/load_data.html?order_code=212024050401036&kc_code=cgsh&condition= HTTP/1.1" 200 2916
124.78.56.241 - - [04/May/2024:10:07:00 +0800] "GET /xingrg/all/function/internal_message.html?_=1714788415649&CODE_STATE=getMsg HTTP/1.1" 200 27
58.39.104.226 - - [04/May/2024:10:07:02 +0800] "GET /xingrg/all/function/internal_message.html?_=1714788423856&CODE_STATE=getMsg HTTP/1.1" 200 27
124.78.56.241 - - [04/May/2024:10:07:05 +0800] "GET /xingrg/check_reg.html?_=1714788425274 HTTP/1.1" 200 22
114.95.253.235 - - [04/May/2024:10:07:05 +0800] "GET /xingrg/all/function/internal_message.html?_=1714788425075&CODE_STATE=getMsg HTTP/1.1" 200 27
180.169.147.146 - - [04/May/2024:10:07:05 +0800] "GET /xingrg/system/info/materiel_manager.html HTTP/1.1" 200 19497
180.169.147.146 - - [04/May/2024:10:07:05 +0800] "GET /xingrg/dwr/interface/AjaxBaseInfoService.js HTTP/1.1" 200 21363
180.169.147.146 - - [04/May/2024:10:07:05 +0800] "GET /xingrg/dwr/interface/AjaxComOrderService.js HTTP/1.1" 200 18264
180.169.147.146 - - [04/May/2024:10:07:05 +0800] "GET /xingrg/dwr/engine.js HTTP/1.1" 200 43631
