114.95.253.235 - - [04/May/2024:10:33:39 +0800] "GET /xingrg/kc/base/wldb_order_operate.html?command=get_materiel&rest_code=00150&base_code=0010446&code=00102001105 HTTP/1.1" 200 433
180.164.6.225 - - [04/May/2024:10:33:41 +0800] "GET /xingrg/all/function/internal_message.html?_=1714790021093&CODE_STATE=getMsg HTTP/1.1" 200 27
180.163.29.217 - - [04/May/2024:10:33:42 +0800] "GET /xingrg/all/function/internal_message.html?_=1714789958135&CODE_STATE=getMsg HTTP/1.1" 302 -
180.163.29.217 - - [04/May/2024:10:33:42 +0800] "GET /xingrg/login.html HTTP/1.1" 200 7641
124.78.154.56 - - [04/May/2024:10:33:42 +0800] "GET /xingrg/all/function/internal_message.html?_=1714790018105&CODE_STATE=getMsg HTTP/1.1" 200 27
124.78.154.56 - - [04/May/2024:10:33:42 +0800] "GET /xingrg/check_reg.html?_=1714790018179 HTTP/1.1" 200 22
180.169.147.146 - - [04/May/2024:10:33:43 +0800] "GET /xingrg/all/function/internal_message.html?_=1714790023276&CODE_STATE=getMsg HTTP/1.1" 200 27
180.169.147.146 - - [04/May/2024:10:33:46 +0800] "GET /xingrg/all/function/internal_message.html?_=1714790026354&CODE_STATE=getMsg HTTP/1.1" 200 27
180.169.147.146 - - [04/May/2024:10:33:46 +0800] "GET /xingrg/check_reg.html?_=1714790026356 HTTP/1.1" 200 22
218.79.29.216 - - [04/May/2024:10:33:47 +0800] "GET /xingrg/all/function/internal_message.html?_=1714790026560&CODE_STATE=getMsg HTTP/1.1" 200 27
114.95.253.235 - - [04/May/2024:10:33:48 +0800] "GET /xingrg/kc/base/wldb_order_operate.html?command=get_materiel&rest_code=00150&base_code=0010446&code=00102002549 HTTP/1.1" 200 449
222.70.183.82 - - [04/May/2024:10:33:51 +0800] "GET /xingrg/all/function/internal_message.html?_=1714790029361&CODE_STATE=getMsg HTTP/1.1" 200 27
124.78.154.56 - - [04/May/2024:10:33:54 +0800] "GET /xingrg/kc/buy/buy_main.html HTTP/1.1" 200 12412
124.78.154.56 - - [04/May/2024:10:33:54 +0800] "GET /xingrg/css/new_ie.css HTTP/1.1" 404 1036
124.78.154.56 - - [04/May/2024:10:33:55 +0800] "GET /xingrg/images/yd/bt.gif HTTP/1.1" 404 1040
124.78.154.56 - - [04/May/2024:10:33:56 +0800] "GET /xingrg/kc/buy/cgsh_order_list.html HTTP/1.1" 200 58506
120.253.135.82 - - [04/May/2024:10:33:56 +0800] "GET /xingrg/all/function/internal_message.html?_=1714789885730&CODE_STATE=getMsg HTTP/1.1" 200 27
114.95.253.235 - - [04/May/2024:10:33:57 +0800] "GET /xingrg/all/function/internal_message.html?_=1714790037685&CODE_STATE=getMsg HTTP/1.1" 200 27
124.78.56.241 - - [04/May/2024:10:34:00 +0800] "GET /xingrg/all/function/internal_message.html?_=1714790035675&CODE_STATE=getMsg HTTP/1.1" 200 27
124.78.154.56 - - [04/May/2024:10:34:00 +0800] "POST /xingrg/kc/buy/cgsh_list_operate.html HTTP/1.1" 200 1378
114.95.253.235 - - [04/May/2024:10:34:10 +0800] "POST /xingrg/kc/base/wldb_order_operate.html HTTP/1.1" 200 37
114.95.253.235 - - [04/May/2024:10:34:11 +0800] "POST /xingrg/kc/base/wldb_order_operate.html HTTP/1.1" 200 3159
124.78.154.56 - - [04/May/2024:10:34:11 +0800] "POST /xingrg/kc/buy/cgsh_list_operate.html HTTP/1.1" 200 4727
114.95.253.235 - - [04/May/2024:10:34:16 +0800] "POST /xingrg/kc/base/wldb_order_operate.html HTTP/1.1" 200 12
114.95.253.235 - - [04/May/2024:10:34:18 +0800] "GET /xingrg/kc/base/wldb_order_info.html?code=422024050400264 HTTP/1.1" 200 26330
114.95.253.235 - - [04/May/2024:10:34:18 +0800] "GET /xingrg/javascript/easyui/themes/default/validatebox.css HTTP/1.1" 404 1104
114.95.253.235 - - [04/May/2024:10:34:18 +0800] "POST /xingrg/kc/base/wldb_order_operate.html HTTP/1.1" 200 1429
116.238.97.31 - - [04/May/2024:10:34:19 +0800] "GET /xingrg/all/function/internal_message.html?_=1714790059585&CODE_STATE=getMsg HTTP/1.1" 200 27
116.238.97.31 - - [04/May/2024:10:34:21 +0800] "GET /xingrg/check_reg.html?_=1714790061110 HTTP/1.1" 200 22
124.78.56.241 - - [04/May/2024:10:34:21 +0800] "GET /xingrg/all/function/internal_message.html?_=1714790061687&CODE_STATE=getMsg HTTP/1.1" 200 27
114.95.253.235 - - [04/May/2024:10:34:21 +0800] "GET /xingrg/kc/base/wldb_order_add.html HTTP/1.1" 200 30447
114.95.253.235 - - [04/May/2024:10:34:22 +0800] "POST /xingrg/kc/base/wldb_order_operate.html HTTP/1.1" 200 6806
114.95.253.235 - - [04/May/2024:10:34:22 +0800] "GET /xingrg/javascript/easyui/themes/default/validatebox.css HTTP/1.1" 404 1104
114.95.253.235 - - [04/May/2024:10:34:23 +0800] "POST /xingrg/all/common/load_combo.html?type=base HTTP/1.1" 200 3318
172.20.0.100 - - [04/May/2024:10:34:23 +0800] "GET /xingrg/all/function/internal_message.html?_=1714790060612&CODE_STATE=getMsg HTTP/1.1" 200 27
101.83.144.49 - - [04/May/2024:10:34:24 +0800] "GET /xingrg/all/function/internal_message.html?_=1714790065495&CODE_STATE=getMsg HTTP/1.1" 200 27
124.78.154.56 - - [04/May/2024:10:34:31 +0800] "POST /xingrg/kc/buy/cgsh_list_operate.html HTTP/1.1" 200 428
114.83.218.129 - - [04/May/2024:10:34:32 +0800] "GET /xingrg/all/function/internal_message.html?_=1714790072743&CODE_STATE=getMsg HTTP/1.1" 200 27
114.95.253.235 - - [04/May/2024:10:34:34 +0800] "GET /xingrg/kc/base/wldb_order_operate.html?command=get_materiel&rest_code=00150&base_code=0010445&code=00101008316 HTTP/1.1" 200 434
222.69.135.215 - - [04/May/2024:10:34:35 +0800] "GET /xingrg/all/function/internal_message.html?_=1714790076509&CODE_STATE=getMsg HTTP/1.1" 200 27
222.69.135.215 - - [04/May/2024:10:34:35 +0800] "GET /xingrg/check_reg.html?_=1714790077029 HTTP/1.1" 200 22
180.169.147.146 - - [04/May/2024:10:34:35 +0800] "POST /xingrg/all/report/load_report_page.html HTTP/1.1" 200 120578
180.169.147.146 - - [04/May/2024:10:34:35 +0800] "GET /xingrg/servlets/image?cache=0.040101846187672985&image=px HTTP/1.1" 200 807
222.70.183.82 - - [04/May/2024:10:34:36 +0800] "GET /xingrg/all/function/internal_message.html?_=1714790074724&CODE_STATE=getMsg HTTP/1.1" 302 -
116.230.116.4 - - [04/May/2024:10:34:38 +0800] "GET /xingrg/all/function/internal_message.html?_=1714790100251&CODE_STATE=getMsg HTTP/1.1" 200 27
180.169.147.146 - - [04/May/2024:10:34:39 +0800] "GET /xingrg/all/report/report_query.html?isQuery=1&fileName=kc/buy/wlcg_mx_rest.xml&queryString=(CONVERT(char(10)%2Ca.order_time%2C%20120)%3E%3D'2024-04-21')%20and%20(CONVERT(char(10)%2Ca.order_time%2C%20120)%3C%3D'2024-04-30')%20and%20(a.supplier_code%20in%20('00100323'))%20and%20(a.materiel_code%3D'00101010082')&queryText=%E3%80%90%E5%8D%95%E6%8D%AE%E6%97%A5%E6%9C%9F%3A2024-04-21%20%E8%87%B3%202024-04-30%E3%80%91%20%E5%B9%B6%E4%B8%94%20%20%E3%80%90%E4%BE%9B%E5%BA%94%E5%95%86%20%3D%20%E6%98%8C%E8%AE%B0%E5%86%BB%E5%93%81(%E5%90%B4%E6%98%8C%E5%8D%8E%EF%BC%89%E3%80%91%20%E5%B9%B6%E4%B8%94%20%E3%80%90%E6%9D%90%E6%96%99%E5%90%8D%E7%A7%B0%20%3D%20%E9%BB%91%E8%8A%9D%E9%BA%BB%E5%B0%8F%E4%B8%B8%E5%AD%90%E3%80%91&rand=0.10585489521913016 HTTP/1.1" 200 51176
180.169.147.146 - - [04/May/2024:10:34:39 +0800] "GET /xingrg/all/report/report_query.html?isQuery=1&fileName=kc/buy/wlcg_mx_rest.xml&queryString=(CONVERT(char(10)%2Ca.order_time%2C%20120)%3E%3D'2024-04-21')%20and%20(CONVERT(char(10)%2Ca.order_time%2C%20120)%3C%3D'2024-04-30')%20and%20(a.supplier_code%20in%20('00100323'))%20and%20(a.materiel_code%3D'00101010082')&queryText=%E3%80%90%E5%8D%95%E6%8D%AE%E6%97%A5%E6%9C%9F%3A2024-04-21%20%E8%87%B3%202024-04-30%E3%80%91%20%E5%B9%B6%E4%B8%94%20%20%E3%80%90%E4%BE%9B%E5%BA%94%E5%95%86%20%3D%20%E6%98%8C%E8%AE%B0%E5%86%BB%E5%93%81(%E5%90%B4%E6%98%8C%E5%8D%8E%EF%BC%89%E3%80%91%20%E5%B9%B6%E4%B8%94%20%E3%80%90%E6%9D%90%E6%96%99%E5%90%8D%E7%A7%B0%20%3D%20%E9%BB%91%E8%8A%9D%E9%BA%BB%E5%B0%8F%E4%B8%B8%E5%AD%90%E3%80%91&rand=0.10585489521913016 HTTP/1.1" 200 51176
180.169.147.146 - - [04/May/2024:10:34:39 +0800] "GET /xingrg/dwr/engine.js HTTP/1.1" 200 43631
180.164.6.225 - - [04/May/2024:10:34:41 +0800] "GET /xingrg/all/function/internal_message.html?_=1714790081068&CODE_STATE=getMsg HTTP/1.1" 200 27
180.169.147.146 - - [04/May/2024:10:34:41 +0800] "POST /xingrg/all/report/load_report_page.html HTTP/1.1" 200 32759
180.169.147.146 - - [04/May/2024:10:34:41 +0800] "GET /xingrg/servlets/image?cache=0.10152380699540053&image=px HTTP/1.1" 200 807
180.163.30.76 - - [04/May/2024:10:34:42 +0800] "GET /xingrg/check_reg.html?_=1714790018179 HTTP/1.1" 302 -
180.163.30.76 - - [04/May/2024:10:34:42 +0800] "GET /xingrg/login.html HTTP/1.1" 200 7641
124.78.154.56 - - [04/May/2024:10:34:42 +0800] "GET /xingrg/all/function/internal_message.html?_=1714790078096&CODE_STATE=getMsg HTTP/1.1" 200 27
180.163.29.219 - - [04/May/2024:10:34:42 +0800] "GET /xingrg/all/function/internal_message.html?_=1714790018105&CODE_STATE=getMsg HTTP/1.1" 302 -
180.163.29.219 - - [04/May/2024:10:34:42 +0800] "GET /xingrg/login.html HTTP/1.1" 200 7641
180.169.147.146 - - [04/May/2024:10:34:43 +0800] "GET /xingrg/all/function/internal_message.html?_=1714790083270&CODE_STATE=getMsg HTTP/1.1" 200 27
180.169.147.146 - - [04/May/2024:10:34:43 +0800] "GET /xingrg/check_reg.html?_=1714790083272 HTTP/1.1" 200 22
114.95.253.235 - - [04/May/2024:10:34:43 +0800] "GET /xingrg/kc/base/wldb_order_operate.html?command=get_materiel&rest_code=00150&base_code=0010445&code=00101010092 HTTP/1.1" 200 451
120.253.135.82 - - [04/May/2024:10:34:45 +0800] "GET /xingrg/kc/pszx/mdqp_order_list.html?state=10 HTTP/1.1" 200 10365
120.253.135.82 - - [04/May/2024:10:34:45 +0800] "GET /xingrg/dwr/interface/AjaxQqpsService.js HTTP/1.1" 200 16326
120.253.135.82 - - [04/May/2024:10:34:45 +0800] "GET /xingrg/dwr/interface/AjaxReportQueryService.js HTTP/1.1" 200 13203
120.253.135.82 - - [04/May/2024:10:34:45 +0800] "GET /xingrg/dwr/engine.js HTTP/1.1" 200 43631
180.169.147.146 - - [04/May/2024:10:34:46 +0800] "GET /xingrg/all/function/internal_message.html?_=1714790086366&CODE_STATE=getMsg HTTP/1.1" 200 27
218.79.29.216 - - [04/May/2024:10:34:46 +0800] "GET /xingrg/all/function/internal_message.html?_=1714790086546&CODE_STATE=getMsg HTTP/1.1" 200 27
120.253.135.82 - - [04/May/2024:10:34:47 +0800] "GET /xingrg/kc/pszx/mdps_order_list.html?orderType=0 HTTP/1.1" 200 21084
120.253.135.82 - - [04/May/2024:10:34:47 +0800] "POST /xingrg/kc/pszx/mdps_list_operate.html HTTP/1.1" 200 3899
222.70.183.82 - - [04/May/2024:10:34:51 +0800] "GET /xingrg/all/function/internal_message.html?_=1714790089347&CODE_STATE=getMsg HTTP/1.1" 200 27
120.253.135.82 - - [04/May/2024:10:34:56 +0800] "GET /xingrg/all/function/internal_message.html?_=1714789945743&CODE_STATE=getMsg HTTP/1.1" 200 27
114.95.253.235 - - [04/May/2024:10:34:57 +0800] "POST /xingrg/kc/base/wldb_order_operate.html HTTP/1.1" 200 37
114.95.253.235 - - [04/May/2024:10:34:57 +0800] "GET /xingrg/all/function/internal_message.html?_=1714790097666&CODE_STATE=getMsg HTTP/1.1" 200 27
116.230.116.4 - - [04/May/2024:10:34:59 +0800] "GET /xingrg/check_reg.html?_=1714790120850 HTTP/1.1" 200 22
124.78.56.241 - - [04/May/2024:10:35:00 +0800] "GET /xingrg/all/function/internal_message.html?_=1714790095699&CODE_STATE=getMsg HTTP/1.1" 200 27
114.95.253.235 - - [04/May/2024:10:35:04 +0800] "POST /xingrg/kc/base/wldb_order_operate.html HTTP/1.1" 200 12
114.95.253.235 - - [04/May/2024:10:35:04 +0800] "POST /xingrg/kc/base/wldb_order_operate.html HTTP/1.1" 200 2668
114.95.253.235 - - [04/May/2024:10:35:15 +0800] "GET /xingrg/kc/base/wldb_order_info.html?code=422024050400265 HTTP/1.1" 200 26332
114.95.253.235 - - [04/May/2024:10:35:15 +0800] "GET /xingrg/words/20240504100845_words.js HTTP/1.1" 304 -
114.95.253.235 - - [04/May/2024:10:35:15 +0800] "GET /xingrg/javascript/easyui/themes/default/validatebox.css HTTP/1.1" 404 1104
114.95.253.235 - - [04/May/2024:10:35:15 +0800] "POST /xingrg/kc/base/wldb_order_operate.html HTTP/1.1" 200 951
114.95.253.235 - - [04/May/2024:10:35:18 +0800] "GET /xingrg/kc/base/wldb_order_add.html HTTP/1.1" 200 30447
114.95.253.235 - - [04/May/2024:10:35:18 +0800] "POST /xingrg/kc/base/wldb_order_operate.html HTTP/1.1" 200 6806
114.95.253.235 - - [04/May/2024:10:35:18 +0800] "GET /xingrg/javascript/easyui/themes/default/validatebox.css HTTP/1.1" 404 1104
116.238.97.31 - - [04/May/2024:10:35:19 +0800] "GET /xingrg/all/function/internal_message.html?_=1714790119571&CODE_STATE=getMsg HTTP/1.1" 200 27
172.20.0.100 - - [04/May/2024:10:35:19 +0800] "POST /xingrg/all/user/operate.html HTTP/1.1" 200 36
114.95.253.235 - - [04/May/2024:10:35:19 +0800] "POST /xingrg/all/common/load_combo.html?type=base HTTP/1.1" 200 3318
172.20.0.100 - - [04/May/2024:10:35:19 +0800] "GET /xingrg/index.html?sysBaseUrl=http%3A%2F%2F172.20.0.8%3A18081%2Fxingrg%2F&costTime=1320×tamp=1714785660077 HTTP/1.1" 200 17452
172.20.0.100 - - [04/May/2024:10:35:19 +0800] "GET /xingrg/javascript/jquery_easy_ui/themes/default/easyui.css HTTP/1.1" 304 -
172.20.0.100 - - [04/May/2024:10:35:19 +0800] "GET /xingrg/javascript/jquery_easy_ui/themes/icon.css HTTP/1.1" 304 -
172.20.0.100 - - [04/May/2024:10:35:19 +0800] "GET /xingrg/css/form.css HTTP/1.1" 304 -
172.20.0.100 - - [04/May/2024:10:35:19 +0800] "GET /xingrg/javascript/jquery-1.4.2.min.js HTTP/1.1" 304 -
172.20.0.100 - - [04/May/2024:10:35:19 +0800] "GET /xingrg/javascript/jquery_easy_ui/jquery.easyui.min.js HTTP/1.1" 304 -
172.20.0.100 - - [04/May/2024:10:35:20 +0800] "GET /xingrg/javascript/jquery_easy_ui/easyui-lang-zh_CN.js HTTP/1.1" 304 -
172.20.0.100 - - [04/May/2024:10:35:20 +0800] "GET /xingrg/javascript/jquery.form.js HTTP/1.1" 304 -
172.20.0.100 - - [04/May/2024:10:35:20 +0800] "GET /xingrg/javascript/jquery.utils.js HTTP/1.1" 304 -
172.20.0.100 - - [04/May/2024:10:35:20 +0800] "GET /xingrg/javascript/jquery.timers.js HTTP/1.1" 304 -
172.20.0.100 - - [04/May/2024:10:35:20 +0800] "GET /xingrg/images/blue/jxLogo.png HTTP/1.1" 304 -
172.20.0.100 - - [04/May/2024:10:35:20 +0800] "GET /xingrg/images/blue/navBackgound.jpg HTTP/1.1" 304 -
172.20.0.100 - - [04/May/2024:10:35:20 +0800] "GET /xingrg/javascript/jquery_easy_ui/themes/icons/settle_new.png HTTP/1.1" 304 -
172.20.0.100 - - [04/May/2024:10:35:20 +0800] "GET /xingrg/all/function/internal_message.html?_=1714790116901&CODE_STATE=count HTTP/1.1" 200 11
172.20.0.100 - - [04/May/2024:10:35:20 +0800] "GET /xingrg/check_reg.html?_=1714790116902 HTTP/1.1" 200 22
172.20.0.100 - - [04/May/2024:10:35:20 +0800] "POST /xingrg/all/common/load_tree.html?tree=area_rest_tree_json&manage=1 HTTP/1.1" 200 3752
172.20.0.100 - - [04/May/2024:10:35:20 +0800] "POST /xingrg/load_menu.html HTTP/1.1" 200 9924
124.78.56.241 - - [04/May/2024:10:35:21 +0800] "GET /xingrg/all/function/internal_message.html?_=1714790121663&CODE_STATE=getMsg HTTP/1.1" 200 27
172.20.0.100 - - [04/May/2024:10:35:22 +0800] "GET /xingrg/kc/base/check_order_list.html HTTP/1.1" 200 16414
172.20.0.100 - - [04/May/2024:10:35:23 +0800] "POST /xingrg/kc/base/check_list_operate.html HTTP/1.1" 200 781
101.83.144.49 - - [04/May/2024:10:35:24 +0800] "GET /xingrg/all/function/internal_message.html?_=1714790125486&CODE_STATE=getMsg HTTP/1.1" 200 27
172.20.0.100 - - [04/May/2024:10:35:25 +0800] "GET /xingrg/kc/cost/cost_list.html HTTP/1.1" 200 6073
172.20.0.100 - - [04/May/2024:10:35:25 +0800] "GET /xingrg/dwr/interface/AjaxReportQueryService.js HTTP/1.1" 200 13203
172.20.0.100 - - [04/May/2024:10:35:25 +0800] "GET /xingrg/dwr/engine.js HTTP/1.1" 200 43631
172.20.0.100 - - [04/May/2024:10:35:25 +0800] "GET /xingrg/kc/cost/cost_operate.html?_=1714790122426&command=load_cost_list HTTP/1.1" 200 2994
172.20.0.100 - - [04/May/2024:10:35:27 +0800] "GET /xingrg/kc/cost/cost_page.html HTTP/1.1" 200 4078
172.20.0.100 - - [04/May/2024:10:35:27 +0800] "GET /xingrg/dwr/interface/AjaxReportQueryService.js HTTP/1.1" 200 13203
172.20.0.100 - - [04/May/2024:10:35:27 +0800] "GET /xingrg/dwr/engine.js HTTP/1.1" 200 43631
124.78.154.56 - - [04/May/2024:10:35:27 +0800] "GET /xingrg/kc/buy/cgsh_order_info.html?code=212024050401005 HTTP/1.1" 200 69196
124.78.154.56 - - [04/May/2024:10:35:27 +0800] "GET /xingrg/words/20240504100845_words.js HTTP/1.1" 304 -
124.78.154.56 - - [04/May/2024:10:35:28 +0800] "GET /xingrg/javascript/easyui/themes/default/validatebox.css HTTP/1.1" 404 1104
124.78.154.56 - - [04/May/2024:10:35:29 +0800] "POST /xingrg/kc/buy/cgsh_order_operate.html HTTP/1.1" 200 2393
172.20.0.100 - - [04/May/2024:10:35:29 +0800] "POST /xingrg/kc/cost/cost_operate.html HTTP/1.1" 200 4
114.95.253.235 - - [04/May/2024:10:35:31 +0800] "GET /xingrg/kc/base/wldb_order_operate.html?command=get_materiel&rest_code=00150&base_code=0010446&code=00102002448 HTTP/1.1" 200 438
172.20.0.100 - - [04/May/2024:10:35:31 +0800] "GET /xingrg/kc/cost/cost_page.html HTTP/1.1" 200 4348
172.20.0.100 - - [04/May/2024:10:35:31 +0800] "GET /xingrg/css/blue.css HTTP/1.1" 304 -
172.20.0.100 - - [04/May/2024:10:35:31 +0800] "GET /xingrg/javascript/jquery_easy_ui/themes/default/easyui.css HTTP/1.1" 304 -
172.20.0.100 - - [04/May/2024:10:35:31 +0800] "GET /xingrg/javascript/jquery_easy_ui/themes/icon.css HTTP/1.1" 304 -
172.20.0.100 - - [04/May/2024:10:35:31 +0800] "GET /xingrg/javascript/step/step.css HTTP/1.1" 304 -
172.20.0.100 - - [04/May/2024:10:35:31 +0800] "GET /xingrg/css/table.css HTTP/1.1" 304 -
172.20.0.100 - - [04/May/2024:10:35:31 +0800] "GET /xingrg/dwr/interface/AjaxReportQueryService.js HTTP/1.1" 200 13203
172.20.0.100 - - [04/May/2024:10:35:31 +0800] "GET /xingrg/dwr/engine.js HTTP/1.1" 200 43631
172.20.0.100 - - [04/May/2024:10:35:31 +0800] "GET /xingrg/dwr/util.js HTTP/1.1" 304 -
172.20.0.100 - - [04/May/2024:10:35:31 +0800] "GET /xingrg/javascript/jquery-1.4.2.min.js HTTP/1.1" 304 -
172.20.0.100 - - [04/May/2024:10:35:31 +0800] "GET /xingrg/javascript/jquery_easy_ui/jquery.easyui.min.js HTTP/1.1" 304 -
172.20.0.100 - - [04/May/2024:10:35:31 +0800] "GET /xingrg/javascript/jquery_easy_ui/easyui-lang-zh_CN.js HTTP/1.1" 304 -
172.20.0.100 - - [04/May/2024:10:35:31 +0800] "GET /xingrg/javascript/jquery.utils.js HTTP/1.1" 304 -
172.20.0.100 - - [04/May/2024:10:35:31 +0800] "GET /xingrg/images/control/ajaxLoader.gif HTTP/1.1" 304 -
114.83.218.129 - - [04/May/2024:10:35:32 +0800] "GET /xingrg/all/function/internal_message.html?_=1714790132727&CODE_STATE=getMsg HTTP/1.1" 200 27
222.69.135.215 - - [04/May/2024:10:35:35 +0800] "GET /xingrg/all/function/internal_message.html?_=1714790136499&CODE_STATE=getMsg HTTP/1.1" 200 27
222.70.183.82 - - [04/May/2024:10:35:36 +0800] "GET /xingrg/all/function/internal_message.html?_=1714790134719&CODE_STATE=getMsg HTTP/1.1" 302 -
116.230.116.4 - - [04/May/2024:10:35:38 +0800] "GET /xingrg/all/function/internal_message.html?_=1714790160266&CODE_STATE=getMsg HTTP/1.1" 200 27
114.95.253.235 - - [04/May/2024:10:35:38 +0800] "GET /xingrg/kc/base/wldb_order_operate.html?command=get_materiel&rest_code=00150&base_code=0010446&code=00102002321 HTTP/1.1" 200 447
218.79.29.216 - - [04/May/2024:10:35:40 +0800] "GET /xingrg/check_reg.html?_=1714790140373 HTTP/1.1" 200 22
180.164.6.225 - - [04/May/2024:10:35:41 +0800] "GET /xingrg/all/function/internal_message.html?_=1714790141052&CODE_STATE=getMsg HTTP/1.1" 200 27
124.78.154.56 - - [04/May/2024:10:35:42 +0800] "GET /xingrg/all/function/internal_message.html?_=1714790138078&CODE_STATE=getMsg HTTP/1.1" 200 27
180.164.6.225 - - [04/May/2024:10:35:42 +0800] "GET /xingrg/check_reg.html?_=1714790141995 HTTP/1.1" 200 22
180.169.147.146 - - [04/May/2024:10:35:43 +0800] "GET /xingrg/all/function/internal_message.html?_=1714790143288&CODE_STATE=getMsg HTTP/1.1" 200 27
116.232.195.13 - - [04/May/2024:10:35:45 +0800] "POST /xingrg/services/DataTransmitService HTTP/1.1" 200 524
116.232.195.13 - - [04/May/2024:10:35:45 +0800] "POST /xingrg/services/DataTransmitService HTTP/1.1" 200 501
180.169.147.146 - - [04/May/2024:10:35:46 +0800] "GET /xingrg/all/function/internal_message.html?_=1714790146364&CODE_STATE=getMsg HTTP/1.1" 200 27
218.79.29.216 - - [04/May/2024:10:35:46 +0800] "GET /xingrg/all/function/internal_message.html?_=1714790146528&CODE_STATE=getMsg HTTP/1.1" 200 27
222.70.183.82 - - [04/May/2024:10:35:51 +0800] "GET /xingrg/check_reg.html?_=1714790149300 HTTP/1.1" 200 22
222.70.183.82 - - [04/May/2024:10:35:51 +0800] "GET /xingrg/all/function/internal_message.html?_=1714790149321&CODE_STATE=getMsg HTTP/1.1" 200 27
114.95.253.235 - - [04/May/2024:10:35:52 +0800] "GET /xingrg/kc/base/wldb_order_operate.html?command=get_materiel&rest_code=00150&base_code=0010446&code=00102034154 HTTP/1.1" 200 440
172.20.0.100 - - [04/May/2024:10:35:55 +0800] "POST /xingrg/kc/cost/cost_operate.html HTTP/1.1" 200 4
120.253.135.82 - - [04/May/2024:10:35:56 +0800] "GET /xingrg/all/function/internal_message.html?_=1714790005757&CODE_STATE=getMsg HTTP/1.1" 200 27
114.95.253.235 - - [04/May/2024:10:35:57 +0800] "GET /xingrg/all/function/internal_message.html?_=1714790157686&CODE_STATE=getMsg HTTP/1.1" 200 27
124.78.56.241 - - [04/May/2024:10:36:00 +0800] "GET /xingrg/all/function/internal_message.html?_=1714790155699&CODE_STATE=getMsg HTTP/1.1" 200 27
124.78.56.241 - - [04/May/2024:10:36:00 +0800] "GET /xingrg/check_reg.html?_=1714790155698 HTTP/1.1" 200 22
172.20.0.100 - - [04/May/2024:10:36:04 +0800] "GET /xingrg/kc/cost/cost_page.html HTTP/1.1" 200 4078
172.20.0.100 - - [04/May/2024:10:36:04 +0800] "GET /xingrg/css/blue.css HTTP/1.1" 304 -
172.20.0.100 - - [04/May/2024:10:36:04 +0800] "GET /xingrg/javascript/jquery_easy_ui/themes/default/easyui.css HTTP/1.1" 304 -
172.20.0.100 - - [04/May/2024:10:36:04 +0800] "GET /xingrg/javascript/jquery_easy_ui/themes/icon.css HTTP/1.1" 304 -
172.20.0.100 - - [04/May/2024:10:36:04 +0800] "GET /xingrg/javascript/step/step.css HTTP/1.1" 304 -
172.20.0.100 - - [04/May/2024:10:36:04 +0800] "GET /xingrg/css/table.css HTTP/1.1" 304 -
172.20.0.100 - - [04/May/2024:10:36:04 +0800] "GET /xingrg/dwr/interface/AjaxReportQueryService.js HTTP/1.1" 200 13203
172.20.0.100 - - [04/May/2024:10:36:04 +0800] "GET /xingrg/dwr/engine.js HTTP/1.1" 200 43631
172.20.0.100 - - [04/May/2024:10:36:04 +0800] "GET /xingrg/dwr/util.js HTTP/1.1" 304 -
172.20.0.100 - - [04/May/2024:10:36:04 +0800] "GET /xingrg/javascript/jquery-1.4.2.min.js HTTP/1.1" 304 -
172.20.0.100 - - [04/May/2024:10:36:04 +0800] "GET /xingrg/javascript/jquery_easy_ui/jquery.easyui.min.js HTTP/1.1" 304 -
172.20.0.100 - - [04/May/2024:10:36:04 +0800] "GET /xingrg/javascript/jquery_easy_ui/easyui-lang-zh_CN.js HTTP/1.1" 304 -
172.20.0.100 - - [04/May/2024:10:36:04 +0800] "GET /xingrg/javascript/jquery.utils.js HTTP/1.1" 304 -
172.20.0.100 - - [04/May/2024:10:36:04 +0800] "GET /xingrg/images/control/ajaxLoader.gif HTTP/1.1" 304 -
114.83.218.129 - - [04/May/2024:10:36:06 +0800] "GET /xingrg/check_reg.html?_=1714790166644 HTTP/1.1" 200 22
114.95.253.235 - - [04/May/2024:10:36:06 +0800] "GET /xingrg/kc/base/wldb_order_operate.html?command=get_materiel&rest_code=00150&base_code=0010446&code=00102002347 HTTP/1.1" 200 456
116.238.97.31 - - [04/May/2024:10:36:19 +0800] "GET /xingrg/all/function/internal_message.html?_=1714790179568&CODE_STATE=getMsg HTTP/1.1" 200 27
172.20.0.100 - - [04/May/2024:10:36:20 +0800] "GET /xingrg/all/function/internal_message.html?_=1714790176905&CODE_STATE=getMsg HTTP/1.1" 200 27
124.78.56.241 - - [04/May/2024:10:36:21 +0800] "GET /xingrg/all/function/internal_message.html?_=1714790181649&CODE_STATE=getMsg HTTP/1.1" 200 27
101.83.144.49 - - [04/May/2024:10:36:24 +0800] "GET /xingrg/all/function/internal_message.html?_=1714790185487&CODE_STATE=getMsg HTTP/1.1" 200 27
180.163.30.76 - - [04/May/2024:10:36:26 +0800] "GET /xingrg/kc/buy/cgsh_order_info.html?code=212024050401005 HTTP/1.1" 302 -
180.163.30.76 - - [04/May/2024:10:36:26 +0800] "GET /xingrg/login.html HTTP/1.1" 200 7641
114.95.253.235 - - [04/May/2024:10:36:27 +0800] "POST /xingrg/kc/base/wldb_order_operate.html HTTP/1.1" 200 37
114.83.218.129 - - [04/May/2024:10:36:32 +0800] "GET /xingrg/all/function/internal_message.html?_=1714790192713&CODE_STATE=getMsg HTTP/1.1" 200 27
114.95.253.235 - - [04/May/2024:10:36:33 +0800] "POST /xingrg/kc/base/wldb_order_operate.html HTTP/1.1" 200 12
114.95.253.235 - - [04/May/2024:10:36:33 +0800] "POST /xingrg/kc/base/wldb_order_operate.html HTTP/1.1" 200 3663
222.69.135.215 - - [04/May/2024:10:36:35 +0800] "GET /xingrg/all/function/internal_message.html?_=1714790196489&CODE_STATE=getMsg HTTP/1.1" 200 27
222.70.183.82 - - [04/May/2024:10:36:36 +0800] "GET /xingrg/all/function/internal_message.html?_=1714790194706&CODE_STATE=getMsg HTTP/1.1" 302 -
116.230.116.4 - - [04/May/2024:10:36:38 +0800] "GET /xingrg/all/function/internal_message.html?_=1714790220279&CODE_STATE=getMsg HTTP/1.1" 200 27
180.164.6.225 - - [04/May/2024:10:36:41 +0800] "GET /xingrg/all/function/internal_message.html?_=1714790201044&CODE_STATE=getMsg HTTP/1.1" 200 27
180.163.28.114 - - [04/May/2024:10:36:42 +0800] "GET /xingrg/all/function/internal_message.html?_=1714790138078&CODE_STATE=getMsg HTTP/1.1" 302 -
124.78.154.56 - - [04/May/2024:10:36:42 +0800] "GET /xingrg/all/function/internal_message.html?_=1714790198050&CODE_STATE=getMsg HTTP/1.1" 200 27
180.163.28.114 - - [04/May/2024:10:36:42 +0800] "GET /xingrg/login.html HTTP/1.1" 200 7641
180.169.147.146 - - [04/May/2024:10:36:43 +0800] "GET /xingrg/all/function/internal_message.html?_=1714790203294&CODE_STATE=getMsg HTTP/1.1" 200 27
180.169.147.146 - - [04/May/2024:10:36:46 +0800] "GET /xingrg/all/function/internal_message.html?_=1714790206355&CODE_STATE=getMsg HTTP/1.1" 200 27
218.79.29.216 - - [04/May/2024:10:36:46 +0800] "GET /xingrg/all/function/internal_message.html?_=1714790206513&CODE_STATE=getMsg HTTP/1.1" 200 27
222.70.183.82 - - [04/May/2024:10:36:51 +0800] "GET /xingrg/all/function/internal_message.html?_=1714790209304&CODE_STATE=getMsg HTTP/1.1" 200 27
120.253.135.82 - - [04/May/2024:10:36:56 +0800] "GET /xingrg/all/function/internal_message.html?_=1714790065935&CODE_STATE=getMsg HTTP/1.1" 200 27
124.78.56.241 - - [04/May/2024:10:37:00 +0800] "GET /xingrg/all/function/internal_message.html?_=1714790215698&CODE_STATE=getMsg HTTP/1.1" 200 27
124.78.56.241 - - [04/May/2024:10:37:05 +0800] "GET /xingrg/check_reg.html?_=1714790225265 HTTP/1.1" 200 22
116.238.97.31 - - [04/May/2024:10:37:19 +0800] "GET /xingrg/all/function/internal_message.html?_=1714790239541&CODE_STATE=getMsg HTTP/1.1" 200 27
172.20.0.100 - - [04/May/2024:10:37:20 +0800] "GET /xingrg/all/function/internal_message.html?_=1714790236908&CODE_STATE=getMsg HTTP/1.1" 200 27
124.78.56.241 - - [04/May/2024:10:37:21 +0800] "GET /xingrg/all/function/internal_message.html?_=1714790241640&CODE_STATE=getMsg HTTP/1.1" 200 27
114.95.253.235 - - [04/May/2024:10:37:24 +0800] "GET /xingrg/kc/base/wldb_order_info.html?code=422024050400266 HTTP/1.1" 200 26330
101.83.144.49 - - [04/May/2024:10:37:24 +0800] "GET /xingrg/all/function/internal_message.html?_=1714790245488&CODE_STATE=getMsg HTTP/1.1" 200 27
114.95.253.235 - - [04/May/2024:10:37:24 +0800] "GET /xingrg/javascript/easyui/themes/default/validatebox.css HTTP/1.1" 404 1104
114.95.253.235 - - [04/May/2024:10:37:25 +0800] "POST /xingrg/kc/base/wldb_order_operate.html HTTP/1.1" 200 1924
114.83.218.129 - - [04/May/2024:10:37:32 +0800] "GET /xingrg/all/function/internal_message.html?_=1714790252713&CODE_STATE=getMsg HTTP/1.1" 200 27
222.69.135.215 - - [04/May/2024:10:37:35 +0800] "GET /xingrg/all/function/internal_message.html?_=1714790256479&CODE_STATE=getMsg HTTP/1.1" 200 27
114.95.253.235 - - [04/May/2024:10:37:35 +0800] "GET /xingrg/kc/base/wldb_order_add.html HTTP/1.1" 200 30447
114.95.253.235 - - [04/May/2024:10:37:35 +0800] "POST /xingrg/kc/base/wldb_order_operate.html HTTP/1.1" 200 6806
114.95.253.235 - - [04/May/2024:10:37:35 +0800] "GET /xingrg/javascript/easyui/themes/default/validatebox.css HTTP/1.1" 404 1104
222.70.183.82 - - [04/May/2024:10:37:36 +0800] "GET /xingrg/check_reg.html?_=1714790254721 HTTP/1.1" 302 -
222.70.183.82 - - [04/May/2024:10:37:36 +0800] "GET /xingrg/all/function/internal_message.html?_=1714790254717&CODE_STATE=getMsg HTTP/1.1" 302 -
114.95.253.235 - - [04/May/2024:10:37:37 +0800] "POST /xingrg/all/common/load_combo.html?type=base HTTP/1.1" 200 3318
116.230.116.4 - - [04/May/2024:10:37:38 +0800] "GET /xingrg/all/function/internal_message.html?_=1714790280310&CODE_STATE=getMsg HTTP/1.1" 200 27
180.164.6.225 - - [04/May/2024:10:37:41 +0800] "GET /xingrg/all/function/internal_message.html?_=1714790261023&CODE_STATE=getMsg HTTP/1.1" 200 27
180.163.28.143 - - [04/May/2024:10:37:42 +0800] "GET /xingrg/all/function/internal_message.html?_=1714790198050&CODE_STATE=getMsg HTTP/1.1" 302 -
180.163.28.143 - - [04/May/2024:10:37:42 +0800] "GET /xingrg/login.html HTTP/1.1" 200 7641
124.78.154.56 - - [04/May/2024:10:37:42 +0800] "GET /xingrg/all/function/internal_message.html?_=1714790258023&CODE_STATE=getMsg HTTP/1.1" 200 27
180.169.147.146 - - [04/May/2024:10:37:43 +0800] "GET /xingrg/all/function/internal_message.html?_=1714790263294&CODE_STATE=getMsg HTTP/1.1" 200 27
180.169.147.146 - - [04/May/2024:10:37:46 +0800] "GET /xingrg/all/function/internal_message.html?_=1714790266360&CODE_STATE=getMsg HTTP/1.1" 200 27
218.79.29.216 - - [04/May/2024:10:37:46 +0800] "GET /xingrg/all/function/internal_message.html?_=1714790266497&CODE_STATE=getMsg HTTP/1.1" 200 27
114.95.253.235 - - [04/May/2024:10:37:48 +0800] "GET /xingrg/kc/base/wldb_order_operate.html?command=get_materiel&rest_code=00150&base_code=0010445&code=00101027025 HTTP/1.1" 200 462
222.70.183.82 - - [04/May/2024:10:37:51 +0800] "GET /xingrg/all/function/internal_message.html?_=1714790269288&CODE_STATE=getMsg HTTP/1.1" 200 27
120.253.135.82 - - [04/May/2024:10:37:56 +0800] "GET /xingrg/all/function/internal_message.html?_=1714790125940&CODE_STATE=getMsg HTTP/1.1" 200 27
114.95.253.235 - - [04/May/2024:10:37:57 +0800] "GET /xingrg/all/function/internal_message.html?_=1714790277701&CODE_STATE=getMsg HTTP/1.1" 200 27
124.78.56.241 - - [04/May/2024:10:38:00 +0800] "GET /xingrg/all/function/internal_message.html?_=1714790275696&CODE_STATE=getMsg HTTP/1.1" 200 27
116.238.97.31 - - [04/May/2024:10:38:19 +0800] "GET /xingrg/all/function/internal_message.html?_=1714790299530&CODE_STATE=getMsg HTTP/1.1" 200 27
172.20.0.100 - - [04/May/2024:10:38:20 +0800] "GET /xingrg/all/function/internal_message.html?_=1714790296911&CODE_STATE=getMsg HTTP/1.1" 200 27
114.95.253.235 - - [04/May/2024:10:38:20 +0800] "GET /xingrg/kc/base/wldb_order_operate.html?command=get_materiel&rest_code=00150&base_code=0010445&code=00101019656 HTTP/1.1" 200 447
124.78.56.241 - - [04/May/2024:10:38:21 +0800] "GET /xingrg/all/function/internal_message.html?_=1714790301624&CODE_STATE=getMsg HTTP/1.1" 200 27
101.83.144.49 - - [04/May/2024:10:38:24 +0800] "GET /xingrg/all/function/internal_message.html?_=1714790305488&CODE_STATE=getMsg HTTP/1.1" 200 27
101.83.144.49 - - [04/May/2024:10:38:24 +0800] "GET /xingrg/check_reg.html?_=1714790305490 HTTP/1.1" 200 22
114.95.253.235 - - [04/May/2024:10:38:28 +0800] "GET /xingrg/kc/base/wldb_order_operate.html?command=get_materiel&rest_code=00150&base_code=0010445&code=00101026165 HTTP/1.1" 200 463
114.83.218.129 - - [04/May/2024:10:38:32 +0800] "GET /xingrg/all/function/internal_message.html?_=1714790312699&CODE_STATE=getMsg HTTP/1.1" 200 27
120.253.135.82 - - [04/May/2024:10:38:32 +0800] "GET /xingrg/check_reg.html?_=1714790161809 HTTP/1.1" 200 22
222.69.135.215 - - [04/May/2024:10:38:35 +0800] "GET /xingrg/all/function/internal_message.html?_=1714790316463&CODE_STATE=getMsg HTTP/1.1" 200 27
114.95.253.235 - - [04/May/2024:10:38:35 +0800] "GET /xingrg/kc/base/wldb_order_operate.html?command=get_materiel&rest_code=00150&base_code=0010445&code=00101019759 HTTP/1.1" 200 432
222.70.183.82 - - [04/May/2024:10:38:36 +0800] "GET /xingrg/all/function/internal_message.html?_=1714790314725&CODE_STATE=getMsg HTTP/1.1" 302 -
101.80.230.31 - - [04/May/2024:10:38:37 +0800] "GET /favicon.ico HTTP/1.1" 404 -
180.169.147.146 - - [04/May/2024:10:38:37 +0800] "GET /xingrg/check_reg.html?_=1714790319088 HTTP/1.1" 200 22
116.230.116.4 - - [04/May/2024:10:38:38 +0800] "GET /xingrg/all/function/internal_message.html?_=1714790340321&CODE_STATE=getMsg HTTP/1.1" 200 27
180.164.6.225 - - [04/May/2024:10:38:41 +0800] "GET /xingrg/all/function/internal_message.html?_=1714790320996&CODE_STATE=getMsg HTTP/1.1" 200 27
124.78.154.56 - - [04/May/2024:10:38:42 +0800] "GET /xingrg/all/function/internal_message.html?_=1714790318002&CODE_STATE=getMsg HTTP/1.1" 200 27
124.78.154.56 - - [04/May/2024:10:38:42 +0800] "GET /xingrg/check_reg.html?_=1714790318160 HTTP/1.1" 200 22
180.169.147.146 - - [04/May/2024:10:38:43 +0800] "GET /xingrg/all/function/internal_message.html?_=1714790323292&CODE_STATE=getMsg HTTP/1.1" 200 27
114.95.253.235 - - [04/May/2024:10:38:44 +0800] "GET /xingrg/kc/base/wldb_order_operate.html?command=get_materiel&rest_code=00150&base_code=0010445&code=00101019079 HTTP/1.1" 200 479
180.169.147.146 - - [04/May/2024:10:38:46 +0800] "GET /xingrg/check_reg.html?_=1714790326352 HTTP/1.1" 200 22
180.169.147.146 - - [04/May/2024:10:38:46 +0800] "GET /xingrg/all/function/internal_message.html?_=1714790326354&CODE_STATE=getMsg HTTP/1.1" 200 27
218.79.29.216 - - [04/May/2024:10:38:46 +0800] "GET /xingrg/all/function/internal_message.html?_=1714790326479&CODE_STATE=getMsg HTTP/1.1" 200 27
222.70.183.82 - - [04/May/2024:10:38:51 +0800] "GET /xingrg/all/function/internal_message.html?_=1714790329271&CODE_STATE=getMsg HTTP/1.1" 200 27
114.95.253.235 - - [04/May/2024:10:38:52 +0800] "GET /xingrg/kc/base/wldb_order_operate.html?command=get_materiel&rest_code=00150&base_code=0010445&code=00101019535 HTTP/1.1" 200 476
120.253.135.82 - - [04/May/2024:10:38:56 +0800] "GET /xingrg/all/function/internal_message.html?_=1714790185954&CODE_STATE=getMsg HTTP/1.1" 200 27
114.95.253.235 - - [04/May/2024:10:38:57 +0800] "GET /xingrg/all/function/internal_message.html?_=1714790337732&CODE_STATE=getMsg HTTP/1.1" 200 27
114.95.253.235 - - [04/May/2024:10:39:00 +0800] "GET /xingrg/kc/base/wldb_order_operate.html?command=get_materiel&rest_code=00150&base_code=0010445&code=00101019187 HTTP/1.1" 200 479
124.78.56.241 - - [04/May/2024:10:39:00 +0800] "GET /xingrg/all/function/internal_message.html?_=1714790335694&CODE_STATE=getMsg HTTP/1.1" 200 27
114.95.253.235 - - [04/May/2024:10:39:10 +0800] "GET /xingrg/kc/base/wldb_order_operate.html?command=get_materiel&rest_code=00150&base_code=0010445&code=00101016094 HTTP/1.1" 200 470
116.238.97.31 - - [04/May/2024:10:39:19 +0800] "GET /xingrg/all/function/internal_message.html?_=1714790359514&CODE_STATE=getMsg HTTP/1.1" 200 27
172.20.0.100 - - [04/May/2024:10:39:20 +0800] "GET /xingrg/all/function/internal_message.html?_=1714790356916&CODE_STATE=getMsg HTTP/1.1" 200 27
114.95.253.235 - - [04/May/2024:10:39:20 +0800] "GET /xingrg/kc/base/wldb_order_operate.html?command=get_materiel&rest_code=00150&base_code=0010445&code=00101013003 HTTP/1.1" 200 430
116.238.97.31 - - [04/May/2024:10:39:21 +0800] "GET /xingrg/check_reg.html?_=1714790361084 HTTP/1.1" 200 22
124.78.56.241 - - [04/May/2024:10:39:21 +0800] "GET /xingrg/all/function/internal_message.html?_=1714790361598&CODE_STATE=getMsg HTTP/1.1" 200 27
101.83.144.49 - - [04/May/2024:10:39:24 +0800] "GET /xingrg/all/function/internal_message.html?_=1714790365489&CODE_STATE=getMsg HTTP/1.1" 200 27
114.83.218.129 - - [04/May/2024:10:39:32 +0800] "GET /xingrg/all/function/internal_message.html?_=1714790372684&CODE_STATE=getMsg HTTP/1.1" 200 27
222.69.135.215 - - [04/May/2024:10:39:35 +0800] "GET /xingrg/all/function/internal_message.html?_=1714790376439&CODE_STATE=getMsg HTTP/1.1" 200 27
222.69.135.215 - - [04/May/2024:10:39:35 +0800] "GET /xingrg/check_reg.html?_=1714790377009 HTTP/1.1" 200 22
222.70.183.82 - - [04/May/2024:10:39:36 +0800] "GET /xingrg/all/function/internal_message.html?_=1714790374712&CODE_STATE=getMsg HTTP/1.1" 302 -
116.230.116.4 - - [04/May/2024:10:39:38 +0800] "GET /xingrg/all/function/internal_message.html?_=1714790400353&CODE_STATE=getMsg HTTP/1.1" 200 27
180.164.6.225 - - [04/May/2024:10:39:41 +0800] "GET /xingrg/all/function/internal_message.html?_=1714790380981&CODE_STATE=getMsg HTTP/1.1" 200 27
124.78.154.56 - - [04/May/2024:10:39:42 +0800] "GET /xingrg/all/function/internal_message.html?_=1714790377973&CODE_STATE=getMsg HTTP/1.1" 200 27
180.169.147.146 - - [04/May/2024:10:39:43 +0800] "GET /xingrg/check_reg.html?_=1714790383293 HTTP/1.1" 200 22
180.169.147.146 - - [04/May/2024:10:39:43 +0800] "GET /xingrg/all/function/internal_message.html?_=1714790383297&CODE_STATE=getMsg HTTP/1.1" 200 27
114.95.253.235 - - [04/May/2024:10:39:43 +0800] "GET /xingrg/kc/base/wldb_order_operate.html?command=get_materiel&rest_code=00150&base_code=0010445&code=00101019529 HTTP/1.1" 200 475
218.79.29.216 - - [04/May/2024:10:39:46 +0800] "GET /xingrg/all/function/internal_message.html?_=1714790386467&CODE_STATE=getMsg HTTP/1.1" 200 27
180.169.147.146 - - [04/May/2024:10:39:46 +0800] "GET /xingrg/all/function/internal_message.html?_=1714790386358&CODE_STATE=getMsg HTTP/1.1" 200 27
116.238.97.31 - - [04/May/2024:10:39:50 +0800] "GET /xingrg/kc/buy/cgsh_order_operate.html?command=get_materiel&rest_code=00102&code=00101006130&supplier_code=00100151&order_time=2024-05-04 HTTP/1.1" 200 437
222.70.183.82 - - [04/May/2024:10:39:51 +0800] "GET /xingrg/all/function/internal_message.html?_=1714790389255&CODE_STATE=getMsg HTTP/1.1" 200 27
114.95.253.235 - - [04/May/2024:10:39:53 +0800] "GET /xingrg/kc/base/wldb_order_operate.html?command=get_materiel&rest_code=00150&base_code=0010445&code=00101019183 HTTP/1.1" 200 449
120.253.135.82 - - [04/May/2024:10:39:56 +0800] "GET /xingrg/all/function/internal_message.html?_=1714790245966&CODE_STATE=getMsg HTTP/1.1" 200 27
114.95.253.235 - - [04/May/2024:10:39:57 +0800] "GET /xingrg/all/function/internal_message.html?_=1714790397704&CODE_STATE=getMsg HTTP/1.1" 200 27
116.230.116.4 - - [04/May/2024:10:39:59 +0800] "GET /xingrg/check_reg.html?_=1714790420851 HTTP/1.1" 200 22
124.78.56.241 - - [04/May/2024:10:40:00 +0800] "GET /xingrg/all/function/internal_message.html?_=1714790395693&CODE_STATE=getMsg HTTP/1.1" 200 27
114.95.253.235 - - [04/May/2024:10:40:04 +0800] "GET /xingrg/kc/base/wldb_order_operate.html?command=get_materiel&rest_code=00150&base_code=0010445&code=00101019263 HTTP/1.1" 200 479
116.238.97.31 - - [04/May/2024:10:40:09 +0800] "GET /xingrg/kc/buy/cgsh_order_operate.html?command=get_materiel&rest_code=00102&code=00101006129&supplier_code=00100151&order_time=2024-05-04 HTTP/1.1" 200 441
116.230.116.4 - - [04/May/2024:10:40:13 +0800] "POST /xingrg/services/DataTransmitService HTTP/1.1" 200 524
114.95.253.235 - - [04/May/2024:10:40:14 +0800] "GET /xingrg/kc/base/wldb_order_operate.html?command=get_materiel&rest_code=00150&base_code=0010445&code=00101019430 HTTP/1.1" 200 477
116.238.97.31 - - [04/May/2024:10:40:19 +0800] "GET /xingrg/all/function/internal_message.html?_=1714790419488&CODE_STATE=getMsg HTTP/1.1" 200 27
172.20.0.100 - - [04/May/2024:10:40:20 +0800] "GET /xingrg/check_reg.html?_=1714790416919 HTTP/1.1" 200 22
172.20.0.100 - - [04/May/2024:10:40:20 +0800] "GET /xingrg/all/function/internal_message.html?_=1714790416920&CODE_STATE=getMsg HTTP/1.1" 200 27
124.78.56.241 - - [04/May/2024:10:40:21 +0800] "GET /xingrg/all/function/internal_message.html?_=1714790421575&CODE_STATE=getMsg HTTP/1.1" 200 27
116.238.97.31 - - [04/May/2024:10:40:23 +0800] "GET /xingrg/kc/buy/cgsh_order_operate.html?command=get_materiel&rest_code=00102&code=00101006084&supplier_code=00100151&order_time=2024-05-04 HTTP/1.1" 200 413
114.95.253.235 - - [04/May/2024:10:40:24 +0800] "GET /xingrg/kc/base/wldb_order_operate.html?command=get_materiel&rest_code=00150&base_code=0010445&code=00101019258 HTTP/1.1" 200 483
101.83.144.49 - - [04/May/2024:10:40:24 +0800] "GET /xingrg/all/function/internal_message.html?_=1714790425491&CODE_STATE=getMsg HTTP/1.1" 200 27
114.83.218.129 - - [04/May/2024:10:40:32 +0800] "GET /xingrg/all/function/internal_message.html?_=1714790432668&CODE_STATE=getMsg HTTP/1.1" 200 27
222.69.135.215 - - [04/May/2024:10:40:34 +0800] "GET /xingrg/all/function/internal_message.html?_=1714790436429&CODE_STATE=getMsg HTTP/1.1" 200 27
114.95.253.235 - - [04/May/2024:10:40:35 +0800] "GET /xingrg/kc/base/wldb_order_operate.html?command=get_materiel&rest_code=00150&base_code=0010445&code=00101019253 HTTP/1.1" 200 481
222.70.183.82 - - [04/May/2024:10:40:36 +0800] "GET /xingrg/all/function/internal_message.html?_=1714790434700&CODE_STATE=getMsg HTTP/1.1" 302 -
116.230.116.4 - - [04/May/2024:10:40:38 +0800] "GET /xingrg/all/function/internal_message.html?_=1714790460364&CODE_STATE=getMsg HTTP/1.1" 200 27
218.79.29.216 - - [04/May/2024:10:40:40 +0800] "GET /xingrg/check_reg.html?_=1714790440380 HTTP/1.1" 200 22
180.164.6.225 - - [04/May/2024:10:40:41 +0800] "GET /xingrg/all/function/internal_message.html?_=1714790440964&CODE_STATE=getMsg HTTP/1.1" 200 27
124.78.154.56 - - [04/May/2024:10:40:42 +0800] "GET /xingrg/all/function/internal_message.html?_=1714790437953&CODE_STATE=getMsg HTTP/1.1" 200 27
180.164.6.225 - - [04/May/2024:10:40:42 +0800] "GET /xingrg/check_reg.html?_=1714790442005 HTTP/1.1" 200 22
180.169.147.146 - - [04/May/2024:10:40:43 +0800] "GET /xingrg/all/function/internal_message.html?_=1714790443298&CODE_STATE=getMsg HTTP/1.1" 200 27
114.95.253.235 - - [04/May/2024:10:40:44 +0800] "GET /xingrg/kc/base/wldb_order_operate.html?command=get_materiel&rest_code=00150&base_code=0010445&code=00101019416 HTTP/1.1" 200 465
218.79.29.216 - - [04/May/2024:10:40:46 +0800] "GET /xingrg/all/function/internal_message.html?_=1714790446449&CODE_STATE=getMsg HTTP/1.1" 200 27
180.169.147.146 - - [04/May/2024:10:40:46 +0800] "GET /xingrg/all/function/internal_message.html?_=1714790446344&CODE_STATE=getMsg HTTP/1.1" 200 27
116.238.97.31 - - [04/May/2024:10:40:48 +0800] "GET /xingrg/kc/buy/cgsh_order_operate.html?command=get_materiel&rest_code=00102&code=00101019435&supplier_code=00100151&order_time=2024-05-04 HTTP/1.1" 200 416
222.70.183.82 - - [04/May/2024:10:40:50 +0800] "GET /xingrg/all/function/internal_message.html?_=1714790449238&CODE_STATE=getMsg HTTP/1.1" 200 27
222.70.183.82 - - [04/May/2024:10:40:51 +0800] "GET /xingrg/check_reg.html?_=1714790449301 HTTP/1.1" 200 22
120.253.135.82 - - [04/May/2024:10:40:57 +0800] "GET /xingrg/all/function/internal_message.html?_=1714790306143&CODE_STATE=getMsg HTTP/1.1" 200 27
114.95.253.235 - - [04/May/2024:10:40:57 +0800] "GET /xingrg/all/function/internal_message.html?_=1714790457699&CODE_STATE=getMsg HTTP/1.1" 200 27
124.78.56.241 - - [04/May/2024:10:41:00 +0800] "GET /xingrg/all/function/internal_message.html?_=1714790455694&CODE_STATE=getMsg HTTP/1.1" 200 27
124.78.56.241 - - [04/May/2024:10:41:00 +0800] "GET /xingrg/check_reg.html?_=1714790455695 HTTP/1.1" 200 22
114.83.218.129 - - [04/May/2024:10:41:06 +0800] "GET /xingrg/check_reg.html?_=1714790466665 HTTP/1.1" 200 22
114.95.253.235 - - [04/May/2024:10:41:10 +0800] "POST /xingrg/kc/base/wldb_order_operate.html HTTP/1.1" 200 37
116.238.97.31 - - [04/May/2024:10:41:14 +0800] "POST /xingrg/services/DataTransmitService HTTP/1.1" 200 524
116.238.97.31 - - [04/May/2024:10:41:17 +0800] "POST /xingrg/kc/buy/cgsh_order_operate.html HTTP/1.1" 200 37
114.95.253.235 - - [04/May/2024:10:41:18 +0800] "POST /xingrg/kc/base/wldb_order_operate.html HTTP/1.1" 200 12
114.95.253.235 - - [04/May/2024:10:41:18 +0800] "POST /xingrg/kc/base/wldb_order_operate.html HTTP/1.1" 200 9730
116.238.97.31 - - [04/May/2024:10:41:19 +0800] "GET /xingrg/all/function/internal_message.html?_=1714790479471&CODE_STATE=getMsg HTTP/1.1" 200 27
172.20.0.100 - - [04/May/2024:10:41:20 +0800] "GET /xingrg/all/function/internal_message.html?_=1714790476906&CODE_STATE=getMsg HTTP/1.1" 200 27
124.78.56.241 - - [04/May/2024:10:41:21 +0800] "GET /xingrg/all/function/internal_message.html?_=1714790481561&CODE_STATE=getMsg HTTP/1.1" 200 27
116.238.97.31 - - [04/May/2024:10:41:24 +0800] "POST /xingrg/kc/buy/cgsh_order_operate.html HTTP/1.1" 200 12
101.83.144.49 - - [04/May/2024:10:41:24 +0800] "GET /xingrg/all/function/internal_message.html?_=1714790485494&CODE_STATE=getMsg HTTP/1.1" 200 27
116.238.97.31 - - [04/May/2024:10:41:26 +0800] "GET /xingrg/kc/buy/cgsh_order_info.html?code=212024050401044 HTTP/1.1" 200 69213
116.238.97.31 - - [04/May/2024:10:41:26 +0800] "GET /xingrg/words/20240504100845_words.js HTTP/1.1" 304 -
116.238.97.31 - - [04/May/2024:10:41:26 +0800] "GET /xingrg/javascript/easyui/themes/default/validatebox.css HTTP/1.1" 404 1104
116.238.97.31 - - [04/May/2024:10:41:27 +0800] "POST /xingrg/kc/buy/cgsh_order_operate.html HTTP/1.1" 200 2440
120.253.135.82 - - [04/May/2024:10:41:28 +0800] "POST /xingrg/kc/pszx/mdps_list_operate.html HTTP/1.1" 200 279
116.238.97.31 - - [04/May/2024:10:41:30 +0800] "GET /xingrg/kc/print/load_data.html?order_code=212024050401044&kc_code=cgsh&condition= HTTP/1.1" 200 1398
120.253.135.82 - - [04/May/2024:10:41:30 +0800] "GET /xingrg/kc/pszx/mdps_order_info.html?code=312024050400088 HTTP/1.1" 200 23972
120.253.135.82 - - [04/May/2024:10:41:30 +0800] "GET /xingrg/words/20240504100845_words.js HTTP/1.1" 200 1022845
120.253.135.82 - - [04/May/2024:10:41:31 +0800] "GET /xingrg/javascript/easyui/themes/default/validatebox.css HTTP/1.1" 404 1104
120.253.135.82 - - [04/May/2024:10:41:31 +0800] "POST /xingrg/kc/pszx/mdps_order_operate.html HTTP/1.1" 200 2761
114.83.218.129 - - [04/May/2024:10:41:32 +0800] "GET /xingrg/all/function/internal_message.html?_=1714790492648&CODE_STATE=getMsg HTTP/1.1" 200 27
222.69.135.215 - - [04/May/2024:10:41:34 +0800] "GET /xingrg/all/function/internal_message.html?_=1714790496408&CODE_STATE=getMsg HTTP/1.1" 200 27
222.70.183.82 - - [04/May/2024:10:41:36 +0800] "GET /xingrg/all/function/internal_message.html?_=1714790494707&CODE_STATE=getMsg HTTP/1.1" 302 -
116.230.116.4 - - [04/May/2024:10:41:38 +0800] "GET /xingrg/all/function/internal_message.html?_=1714790520378&CODE_STATE=getMsg HTTP/1.1" 200 27
120.253.135.82 - - [04/May/2024:10:41:41 +0800] "GET /xingrg/kc/pszx/mdps_order_operate.html?command=get_materiel&pszx_code=00101&rest_code=00106&base_code=0010250&code=00101001213 HTTP/1.1" 200 470
180.164.6.225 - - [04/May/2024:10:41:41 +0800] "GET /xingrg/all/function/internal_message.html?_=1714790500957&CODE_STATE=getMsg HTTP/1.1" 200 27
124.78.154.56 - - [04/May/2024:10:41:42 +0800] "GET /xingrg/all/function/internal_message.html?_=1714790497924&CODE_STATE=getMsg HTTP/1.1" 200 27
180.169.147.146 - - [04/May/2024:10:41:43 +0800] "GET /xingrg/all/function/internal_message.html?_=1714790503292&CODE_STATE=getMsg HTTP/1.1" 200 27
218.79.29.216 - - [04/May/2024:10:41:46 +0800] "GET /xingrg/all/function/internal_message.html?_=1714790506434&CODE_STATE=getMsg HTTP/1.1" 200 27
180.169.147.146 - - [04/May/2024:10:41:46 +0800] "GET /xingrg/all/function/internal_message.html?_=1714790506355&CODE_STATE=getMsg HTTP/1.1" 200 27
222.70.183.82 - - [04/May/2024:10:41:50 +0800] "GET /xingrg/all/function/internal_message.html?_=1714790509223&CODE_STATE=getMsg HTTP/1.1" 200 27
120.253.135.82 - - [04/May/2024:10:41:57 +0800] "GET /xingrg/all/function/internal_message.html?_=1714790366150&CODE_STATE=getMsg HTTP/1.1" 200 27
124.78.56.241 - - [04/May/2024:10:42:00 +0800] "GET /xingrg/all/function/internal_message.html?_=1714790515694&CODE_STATE=getMsg HTTP/1.1" 200 27
116.238.97.31 - - [04/May/2024:10:42:02 +0800] "GET /xingrg/kc/base/wldb_order_list.html HTTP/1.1" 200 19051
116.238.97.31 - - [04/May/2024:10:42:02 +0800] "POST /xingrg/kc/base/wldb_list_operate.html HTTP/1.1" 200 928
124.78.56.241 - - [04/May/2024:10:42:05 +0800] "GET /xingrg/check_reg.html?_=1714790525274 HTTP/1.1" 200 22
116.238.97.31 - - [04/May/2024:10:42:06 +0800] "GET /xingrg/kc/base/wldb_order_add.html HTTP/1.1" 200 30429
116.238.97.31 - - [04/May/2024:10:42:06 +0800] "POST /xingrg/kc/base/wldb_order_operate.html HTTP/1.1" 200 6806
116.238.97.31 - - [04/May/2024:10:42:06 +0800] "GET /xingrg/javascript/easyui/themes/default/validatebox.css HTTP/1.1" 404 1104
116.238.97.31 - - [04/May/2024:10:42:09 +0800] "POST /xingrg/all/common/load_combo.html?type=base HTTP/1.1" 200 3321
116.238.97.31 - - [04/May/2024:10:42:11 +0800] "POST /xingrg/all/common/load_combo.html?type=base HTTP/1.1" 200 3321
116.238.97.31 - - [04/May/2024:10:42:19 +0800] "GET /xingrg/all/function/internal_message.html?_=1714790539453&CODE_STATE=getMsg HTTP/1.1" 200 27
116.238.97.31 - - [04/May/2024:10:42:19 +0800] "GET /xingrg/kc/base/wldb_order_operate.html?command=get_materiel&rest_code=00102&base_code=0010476&code=00101013003 HTTP/1.1" 200 430
172.20.0.100 - - [04/May/2024:10:42:20 +0800] "GET /xingrg/all/function/internal_message.html?_=1714790536908&CODE_STATE=getMsg HTTP/1.1" 200 27
114.95.253.235 - - [04/May/2024:10:42:21 +0800] "GET /xingrg/kc/base/wldb_order_info.html?code=422024050400267 HTTP/1.1" 200 26330
114.95.253.235 - - [04/May/2024:10:42:21 +0800] "GET /xingrg/words/20240504100845_words.js HTTP/1.1" 304 -
124.78.56.241 - - [04/May/2024:10:42:21 +0800] "GET /xingrg/all/function/internal_message.html?_=1714790541550&CODE_STATE=getMsg HTTP/1.1" 200 27
114.95.253.235 - - [04/May/2024:10:42:21 +0800] "GET /xingrg/javascript/easyui/themes/default/validatebox.css HTTP/1.1" 404 1104
114.95.253.235 - - [04/May/2024:10:42:21 +0800] "POST /xingrg/kc/base/wldb_order_operate.html HTTP/1.1" 200 7844
101.83.144.49 - - [04/May/2024:10:42:24 +0800] "GET /xingrg/all/function/internal_message.html?_=1714790545522&CODE_STATE=getMsg HTTP/1.1" 200 27
116.238.97.31 - - [04/May/2024:10:42:25 +0800] "GET /xingrg/kc/base/wldb_order_operate.html?command=get_materiel&rest_code=00102&base_code=0010476&code=00101013018 HTTP/1.1" 200 428
116.238.97.31 - - [04/May/2024:10:42:29 +0800] "GET /xingrg/kc/base/wldb_order_operate.html?command=get_materiel&rest_code=00102&base_code=0010476&code=00101013188 HTTP/1.1" 200 434
114.83.218.129 - - [04/May/2024:10:42:32 +0800] "GET /xingrg/all/function/internal_message.html?_=1714790552634&CODE_STATE=getMsg HTTP/1.1" 200 27
116.238.97.31 - - [04/May/2024:10:42:33 +0800] "GET /xingrg/kc/base/wldb_order_operate.html?command=get_materiel&rest_code=00102&base_code=0010476&code=00101019183 HTTP/1.1" 200 448
222.69.135.215 - - [04/May/2024:10:42:34 +0800] "GET /xingrg/all/function/internal_message.html?_=1714790556388&CODE_STATE=getMsg HTTP/1.1" 200 27
222.70.183.82 - - [04/May/2024:10:42:36 +0800] "GET /xingrg/check_reg.html?_=1714790554728 HTTP/1.1" 302 -
