180.169.147.146 - - [04/May/2024:11:13:28 +0800] "GET /xingrg/all/function/internal_message.html?_=1714792410008&CODE_STATE=getMsg HTTP/1.1" 200 27
101.80.230.31 - - [04/May/2024:11:13:31 +0800] "GET /xingrg/kc/buy/cgsh_order_add.html HTTP/1.1" 200 74398
101.80.230.31 - - [04/May/2024:11:13:31 +0800] "POST /xingrg/kc/buy/cgsh_order_operate.html HTTP/1.1" 200 8245
101.80.230.31 - - [04/May/2024:11:13:31 +0800] "GET /xingrg/javascript/easyui/themes/default/validatebox.css HTTP/1.1" 404 1104
101.80.230.31 - - [04/May/2024:11:13:31 +0800] "GET /xingrg/all/common/auto_word.html?type=employee&rest_code=00156 HTTP/1.1" 200 47
101.80.230.31 - - [04/May/2024:11:13:31 +0800] "GET /xingrg/all/common/auto_word.html?type=employee&rest_code=00156 HTTP/1.1" 200 47
114.83.218.129 - - [04/May/2024:11:13:32 +0800] "GET /xingrg/all/function/internal_message.html?_=1714792412189&CODE_STATE=getMsg HTTP/1.1" 200 27
120.253.135.82 - - [04/May/2024:11:13:32 +0800] "GET /xingrg/check_reg.html?_=1714792261843 HTTP/1.1" 200 22
101.80.230.31 - - [04/May/2024:11:13:34 +0800] "GET /xingrg/all/function/internal_message.html?_=1714792417863&CODE_STATE=getMsg HTTP/1.1" 200 27
222.69.135.215 - - [04/May/2024:11:13:34 +0800] "GET /xingrg/all/function/internal_message.html?_=1714792415916&CODE_STATE=getMsg HTTP/1.1" 200 27
124.78.154.56 - - [04/May/2024:11:13:35 +0800] "POST /xingrg/kc/buy/cgsh_order_operate.html HTTP/1.1" 200 38142
116.232.195.13 - - [04/May/2024:11:13:35 +0800] "GET /xingrg/all/function/internal_message.html?_=1714792393001&CODE_STATE=getMsg HTTP/1.1" 200 27
222.70.183.82 - - [04/May/2024:11:13:36 +0800] "GET /xingrg/all/function/internal_message.html?_=1714792414710&CODE_STATE=getMsg HTTP/1.1" 302 -
116.238.97.31 - - [04/May/2024:11:13:38 +0800] "GET /xingrg/all/function/internal_message.html?_=1714792416968&CODE_STATE=getMsg HTTP/1.1" 200 27
116.230.116.4 - - [04/May/2024:11:13:39 +0800] "GET /xingrg/all/function/internal_message.html?_=1714792440984&CODE_STATE=getMsg HTTP/1.1" 200 27
180.164.6.225 - - [04/May/2024:11:13:40 +0800] "GET /xingrg/all/function/internal_message.html?_=1714792420430&CODE_STATE=getMsg HTTP/1.1" 200 27
116.232.195.13 - - [04/May/2024:11:13:41 +0800] "POST /xingrg/kc/base/check_list_operate.html HTTP/1.1" 200 1554
114.85.36.201 - - [04/May/2024:11:13:41 +0800] "GET /xingrg/all/function/internal_message.html?_=1714790805205&CODE_STATE=getMsg HTTP/1.1" 200 27
116.232.195.13 - - [04/May/2024:11:13:42 +0800] "GET /xingrg/kc/base/check_order_info.html?code=452024043000354 HTTP/1.1" 200 26595
116.232.195.13 - - [04/May/2024:11:13:42 +0800] "GET /xingrg/dwr/interface/AjaxComOrderService.js HTTP/1.1" 200 18264
116.232.195.13 - - [04/May/2024:11:13:42 +0800] "GET /xingrg/dwr/interface/AjaxCheckService.js HTTP/1.1" 200 14003
116.232.195.13 - - [04/May/2024:11:13:42 +0800] "GET /xingrg/dwr/engine.js HTTP/1.1" 200 43631
116.232.195.13 - - [04/May/2024:11:13:42 +0800] "POST /xingrg/dwr/call/plaincall/AjaxCheckService.loadOrderItems.dwr HTTP/1.1" 200 260729
180.169.147.146 - - [04/May/2024:11:13:43 +0800] "GET /xingrg/all/function/internal_message.html?_=1714792423299&CODE_STATE=getMsg HTTP/1.1" 200 27
101.80.230.31 - - [04/May/2024:11:13:43 +0800] "GET /xingrg/kc/buy/cgsh_order_operate.html?command=get_materiel&rest_code=00156&code=00101012049&supplier_code=00100338&order_time=2024-05-03 HTTP/1.1" 200 430
124.78.154.56 - - [04/May/2024:11:13:43 +0800] "GET /xingrg/kc/report/report_main.html HTTP/1.1" 200 7340
124.78.154.56 - - [04/May/2024:11:13:43 +0800] "GET /xingrg/javascript/jquery_easy_ui/themes/icons/back_new.png HTTP/1.1" 200 3414
124.78.154.56 - - [04/May/2024:11:13:45 +0800] "GET /xingrg/all/report/report_query.html?fileName=kc/buy/gys_amount.xml&rh=99999 HTTP/1.1" 200 52006
124.78.154.56 - - [04/May/2024:11:13:45 +0800] "GET /xingrg/javascript/bigrid/fix.css HTTP/1.1" 200 1702
124.78.154.56 - - [04/May/2024:11:13:45 +0800] "GET /xingrg/dwr/interface/AjaxReportQueryService.js HTTP/1.1" 200 13203
124.78.154.56 - - [04/May/2024:11:13:45 +0800] "GET /xingrg/javascript/multi_select/jqueryMultiSelect.css HTTP/1.1" 200 951
124.78.154.56 - - [04/May/2024:11:13:45 +0800] "GET /xingrg/javascript/bigrid/fix.js HTTP/1.1" 200 6439
124.78.154.56 - - [04/May/2024:11:13:45 +0800] "GET /xingrg/javascript/Calendar.js HTTP/1.1" 200 31561
124.78.154.56 - - [04/May/2024:11:13:45 +0800] "GET /xingrg/dwr/util.js HTTP/1.1" 200 35990
124.78.154.56 - - [04/May/2024:11:13:45 +0800] "GET /xingrg/javascript/calendar/timePicker.css HTTP/1.1" 200 523
124.78.154.56 - - [04/May/2024:11:13:45 +0800] "GET /xingrg/javascript/jqueryMultiSelect.js HTTP/1.1" 200 11866
124.78.154.56 - - [04/May/2024:11:13:45 +0800] "GET /xingrg/javascript/calendar/jquery.timePicker.min.js HTTP/1.1" 200 2997
124.78.154.56 - - [04/May/2024:11:13:45 +0800] "GET /xingrg/dwr/engine.js HTTP/1.1" 200 43631
124.78.154.56 - - [04/May/2024:11:13:45 +0800] "GET /xingrg/images/control/loading.gif HTTP/1.1" 200 13463
124.78.154.56 - - [04/May/2024:11:13:45 +0800] "GET /xingrg/images/blue/button/advance2over.gif HTTP/1.1" 200 1336
124.78.154.56 - - [04/May/2024:11:13:45 +0800] "GET /xingrg/images/blue/button/back2over.gif HTTP/1.1" 200 1335
124.78.154.56 - - [04/May/2024:11:13:45 +0800] "GET /xingrg/images/blue/button/advanceover.gif HTTP/1.1" 200 1347
124.78.154.56 - - [04/May/2024:11:13:45 +0800] "GET /xingrg/images/blue/button/backover.gif HTTP/1.1" 200 1348
124.78.154.56 - - [04/May/2024:11:13:45 +0800] "GET /xingrg/javascript/jquery_easy_ui/themes/default/images/menu.gif HTTP/1.1" 200 834
124.78.154.56 - - [04/May/2024:11:13:45 +0800] "GET /xingrg/javascript/jquery_easy_ui/themes/default/images/menu_downarrow.png HTTP/1.1" 200 173
124.78.154.56 - - [04/May/2024:11:13:45 +0800] "GET /xingrg/javascript/jquery_easy_ui/themes/default/images/menu_rightarrow.png HTTP/1.1" 200 3617
124.78.154.56 - - [04/May/2024:11:13:45 +0800] "GET /xingrg/javascript/jquery_easy_ui/themes/default/images/button_a_bg.gif HTTP/1.1" 200 1194
124.78.154.56 - - [04/May/2024:11:13:45 +0800] "GET /xingrg/javascript/jquery_easy_ui/themes/icons/print.png HTTP/1.1" 200 1057
124.78.154.56 - - [04/May/2024:11:13:45 +0800] "GET /xingrg/javascript/jquery_easy_ui/themes/icons/pencil.png HTTP/1.1" 200 713
124.78.154.56 - - [04/May/2024:11:13:45 +0800] "POST /xingrg/dwr/call/plaincall/AjaxReportQueryService.getFixDate.dwr HTTP/1.1" 200 111
124.78.154.56 - - [04/May/2024:11:13:45 +0800] "GET /xingrg/javascript/jquery_easy_ui/themes/icons/help.png HTTP/1.1" 200 1187
124.78.154.56 - - [04/May/2024:11:13:45 +0800] "GET /xingrg/javascript/jquery_easy_ui/themes/default/images/combo_arrow_dot.gif HTTP/1.1" 200 79
124.78.154.56 - - [04/May/2024:11:13:46 +0800] "POST /xingrg/dwr/call/plaincall/AjaxReportQueryService.getInitString.dwr HTTP/1.1" 200 1023
124.78.154.56 - - [04/May/2024:11:13:46 +0800] "POST /xingrg/all/common/load_tree.html?tree=materiel_sort_tree_json HTTP/1.1" 200 9734
124.78.154.56 - - [04/May/2024:11:13:46 +0800] "GET /xingrg/javascript/multi_select/dropdown.gif HTTP/1.1" 200 61
124.78.154.56 - - [04/May/2024:11:13:46 +0800] "POST /xingrg/all/common/load_tree.html?tree=supplier_tree_json&manage=1 HTTP/1.1" 200 82397
124.78.154.56 - - [04/May/2024:11:13:46 +0800] "GET /xingrg/javascript/jquery_easy_ui/themes/default/images/tree_checkbox_0.gif HTTP/1.1" 200 168
218.79.29.216 - - [04/May/2024:11:13:46 +0800] "GET /xingrg/all/function/internal_message.html?_=1714792425943&CODE_STATE=getMsg HTTP/1.1" 200 27
180.169.147.146 - - [04/May/2024:11:13:46 +0800] "GET /xingrg/check_reg.html?_=1714792426361 HTTP/1.1" 302 -
180.169.147.146 - - [04/May/2024:11:13:46 +0800] "GET /xingrg/all/function/internal_message.html?_=1714792426362&CODE_STATE=getMsg HTTP/1.1" 302 -
222.70.183.82 - - [04/May/2024:11:13:50 +0800] "GET /xingrg/all/function/internal_message.html?_=1714792428688&CODE_STATE=getMsg HTTP/1.1" 200 27
124.78.154.56 - - [04/May/2024:11:13:53 +0800] "GET /xingrg/all/function/internal_message.html?_=1714792434715&CODE_STATE=getMsg HTTP/1.1" 200 27
180.164.6.225 - - [04/May/2024:11:13:53 +0800] "GET /xingrg/all/function/internal_message.html?_=1714792433663&CODE_STATE=getMsg HTTP/1.1" 200 27
114.95.253.235 - - [04/May/2024:11:13:57 +0800] "GET /xingrg/all/function/internal_message.html?_=1714792437234&CODE_STATE=getMsg HTTP/1.1" 200 27
101.80.230.31 - - [04/May/2024:11:13:58 +0800] "POST /xingrg/kc/buy/cgsh_order_operate.html HTTP/1.1" 200 37
120.253.135.82 - - [04/May/2024:11:13:59 +0800] "GET /xingrg/all/function/internal_message.html?_=1714792288161&CODE_STATE=getMsg HTTP/1.1" 200 27
124.78.154.56 - - [04/May/2024:11:14:00 +0800] "POST /xingrg/kc/buy/cgsh_order_operate.html HTTP/1.1" 200 37
101.80.230.31 - - [04/May/2024:11:14:00 +0800] "POST /xingrg/kc/buy/cgsh_order_operate.html HTTP/1.1" 200 2669
124.78.56.241 - - [04/May/2024:11:14:00 +0800] "GET /xingrg/all/function/internal_message.html?_=1714792435749&CODE_STATE=getMsg HTTP/1.1" 200 27
101.80.230.31 - - [04/May/2024:11:14:02 +0800] "GET /xingrg/kc/print/load_config.html?kc_code=cgsh HTTP/1.1" 200 1927
101.80.230.31 - - [04/May/2024:11:14:03 +0800] "GET /xingrg/kc/print/load_data.html?order_code=212024050401054&kc_code=cgsh&condition= HTTP/1.1" 200 688
124.78.154.56 - - [04/May/2024:11:14:05 +0800] "GET /xingrg/all/function/internal_message.html?_=1714792441032&CODE_STATE=getMsg HTTP/1.1" 200 27
180.163.29.79 - - [04/May/2024:11:14:05 +0800] "GET /xingrg/all/function/internal_message.html?_=1714792381039&CODE_STATE=getMsg HTTP/1.1" 302 -
180.163.29.79 - - [04/May/2024:11:14:05 +0800] "GET /xingrg/login.html HTTP/1.1" 200 7641
114.83.218.129 - - [04/May/2024:11:14:07 +0800] "POST /xingrg/services/DataTransmitService HTTP/1.1" 200 524
101.80.230.31 - - [04/May/2024:11:14:07 +0800] "GET /xingrg/kc/buy/cgsh_order_add.html HTTP/1.1" 200 74398
101.80.230.31 - - [04/May/2024:11:14:08 +0800] "POST /xingrg/kc/buy/cgsh_order_operate.html HTTP/1.1" 200 8245
101.80.230.31 - - [04/May/2024:11:14:08 +0800] "GET /xingrg/javascript/easyui/themes/default/validatebox.css HTTP/1.1" 404 1104
101.80.230.31 - - [04/May/2024:11:14:08 +0800] "GET /xingrg/all/common/auto_word.html?type=employee&rest_code=00156 HTTP/1.1" 200 47
101.80.230.31 - - [04/May/2024:11:14:08 +0800] "GET /xingrg/all/common/auto_word.html?type=employee&rest_code=00156 HTTP/1.1" 200 47
114.83.218.129 - - [04/May/2024:11:14:08 +0800] "POST /xingrg/services/DataTransmitService HTTP/1.1" 200 501
124.78.154.56 - - [04/May/2024:11:14:12 +0800] "GET /xingrg/javascript/jquery_easy_ui/themes/default/images/tree_checkbox_1.gif HTTP/1.1" 200 174
124.78.154.56 - - [04/May/2024:11:14:12 +0800] "GET /xingrg/javascript/jquery_easy_ui/themes/default/images/tree_checkbox_2.gif HTTP/1.1" 200 181
124.78.154.56 - - [04/May/2024:11:14:13 +0800] "GET /xingrg/javascript/jquery_easy_ui/themes/default/images/button_plain_hover.png HTTP/1.1" 200 252
124.78.154.56 - - [04/May/2024:11:14:14 +0800] "POST /xingrg/dwr/call/plaincall/AjaxReportQueryService.refreshCache.dwr HTTP/1.1" 200 78
124.78.154.56 - - [04/May/2024:11:14:14 +0800] "POST /xingrg/kc/buy/cgsh_order_operate.html HTTP/1.1" 200 12
124.78.154.56 - - [04/May/2024:11:14:15 +0800] "POST /xingrg/all/report/load_report_page.html HTTP/1.1" 200 8944
124.78.154.56 - - [04/May/2024:11:14:15 +0800] "GET /xingrg/servlets/image?cache=0.20373765283169054&image=px HTTP/1.1" 200 807
116.232.195.13 - - [04/May/2024:11:14:18 +0800] "GET /xingrg/all/function/internal_message.html?_=1714792458678&CODE_STATE=getMsg HTTP/1.1" 200 27
101.80.230.31 - - [04/May/2024:11:14:18 +0800] "GET /xingrg/kc/buy/cgsh_order_operate.html?command=get_materiel&rest_code=00156&code=00101012046&supplier_code=00100487&order_time=2024-05-03 HTTP/1.1" 200 417
116.238.97.31 - - [04/May/2024:11:14:19 +0800] "GET /xingrg/all/function/internal_message.html?_=1714792458934&CODE_STATE=getMsg HTTP/1.1" 200 27
172.20.0.100 - - [04/May/2024:11:14:20 +0800] "GET /xingrg/all/function/internal_message.html?_=1714792456909&CODE_STATE=getMsg HTTP/1.1" 200 27
124.78.56.241 - - [04/May/2024:11:14:20 +0800] "GET /xingrg/all/function/internal_message.html?_=1714792460939&CODE_STATE=getMsg HTTP/1.1" 200 27
116.238.97.31 - - [04/May/2024:11:14:21 +0800] "GET /xingrg/check_reg.html?_=1714792461002 HTTP/1.1" 200 22
124.78.154.56 - - [04/May/2024:11:14:21 +0800] "GET /xingrg/kc/buy/cgsh_order_info.html?code=212024050401041 HTTP/1.1" 200 69192
124.78.154.56 - - [04/May/2024:11:14:21 +0800] "GET /xingrg/words/20240504104821_words.js HTTP/1.1" 304 -
124.78.154.56 - - [04/May/2024:11:14:22 +0800] "GET /xingrg/javascript/easyui/themes/default/validatebox.css HTTP/1.1" 404 1104
124.78.154.56 - - [04/May/2024:11:14:23 +0800] "POST /xingrg/kc/buy/cgsh_order_operate.html HTTP/1.1" 200 36086
101.83.144.49 - - [04/May/2024:11:14:24 +0800] "GET /xingrg/all/function/internal_message.html?_=1714792465543&CODE_STATE=getMsg HTTP/1.1" 200 27
124.78.154.56 - - [04/May/2024:11:14:26 +0800] "GET /xingrg/kc/print/load_config.html?kc_code=cgsh HTTP/1.1" 200 1927
124.78.154.56 - - [04/May/2024:11:14:26 +0800] "GET /xingrg/kc/print/load_data.html?order_code=212024050401041&kc_code=cgsh&condition= HTTP/1.1" 200 14124
180.169.147.146 - - [04/May/2024:11:14:28 +0800] "GET /xingrg/all/function/internal_message.html?_=1714792470007&CODE_STATE=getMsg HTTP/1.1" 200 27
101.80.230.31 - - [04/May/2024:11:14:29 +0800] "GET /xingrg/kc/buy/cgsh_order_operate.html?command=get_materiel&rest_code=00156&code=00101008474&supplier_code=00100487&order_time=2024-05-03 HTTP/1.1" 200 409
120.253.135.82 - - [04/May/2024:11:14:31 +0800] "GET /xingrg/kc/pszx/mdqp_order_list.html?state=10 HTTP/1.1" 200 10365
120.253.135.82 - - [04/May/2024:11:14:31 +0800] "GET /xingrg/dwr/interface/AjaxReportQueryService.js HTTP/1.1" 200 13203
120.253.135.82 - - [04/May/2024:11:14:31 +0800] "GET /xingrg/dwr/interface/AjaxQqpsService.js HTTP/1.1" 200 16326
120.253.135.82 - - [04/May/2024:11:14:31 +0800] "GET /xingrg/dwr/engine.js HTTP/1.1" 200 43631
114.83.218.129 - - [04/May/2024:11:14:32 +0800] "GET /xingrg/all/function/internal_message.html?_=1714792472160&CODE_STATE=getMsg HTTP/1.1" 200 27
120.253.135.82 - - [04/May/2024:11:14:33 +0800] "GET /xingrg/kc/pszx/mdqp_order_list.html?state=10 HTTP/1.1" 200 10365
120.253.135.82 - - [04/May/2024:11:14:33 +0800] "GET /xingrg/dwr/interface/AjaxReportQueryService.js HTTP/1.1" 200 13203
120.253.135.82 - - [04/May/2024:11:14:33 +0800] "GET /xingrg/dwr/interface/AjaxQqpsService.js HTTP/1.1" 200 16326
120.253.135.82 - - [04/May/2024:11:14:33 +0800] "GET /xingrg/dwr/engine.js HTTP/1.1" 200 43631
101.80.230.31 - - [04/May/2024:11:14:34 +0800] "GET /xingrg/all/function/internal_message.html?_=1714792477866&CODE_STATE=getMsg HTTP/1.1" 200 27
222.69.135.215 - - [04/May/2024:11:14:34 +0800] "GET /xingrg/all/function/internal_message.html?_=1714792475902&CODE_STATE=getMsg HTTP/1.1" 200 27
222.69.135.215 - - [04/May/2024:11:14:35 +0800] "GET /xingrg/check_reg.html?_=1714792476947 HTTP/1.1" 200 22
116.232.195.13 - - [04/May/2024:11:14:35 +0800] "GET /xingrg/all/function/internal_message.html?_=1714792453011&CODE_STATE=getMsg HTTP/1.1" 200 27
222.70.183.82 - - [04/May/2024:11:14:36 +0800] "GET /xingrg/all/function/internal_message.html?_=1714792474701&CODE_STATE=getMsg HTTP/1.1" 302 -
116.238.97.31 - - [04/May/2024:11:14:38 +0800] "GET /xingrg/all/function/internal_message.html?_=1714792476969&CODE_STATE=getMsg HTTP/1.1" 200 27
116.230.116.4 - - [04/May/2024:11:14:39 +0800] "GET /xingrg/all/function/internal_message.html?_=1714792501014&CODE_STATE=getMsg HTTP/1.1" 200 27
180.164.6.225 - - [04/May/2024:11:14:40 +0800] "GET /xingrg/all/function/internal_message.html?_=1714792480408&CODE_STATE=getMsg HTTP/1.1" 200 27
101.80.230.31 - - [04/May/2024:11:14:41 +0800] "POST /xingrg/kc/buy/cgsh_order_operate.html HTTP/1.1" 200 37
114.85.36.201 - - [04/May/2024:11:14:41 +0800] "GET /xingrg/all/function/internal_message.html?_=1714790865203&CODE_STATE=getMsg HTTP/1.1" 200 27
120.253.135.82 - - [04/May/2024:11:14:42 +0800] "GET /xingrg/kc/pszx/mdqp_order_list.html?state=10 HTTP/1.1" 200 10365
120.253.135.82 - - [04/May/2024:11:14:42 +0800] "GET /xingrg/dwr/interface/AjaxQqpsService.js HTTP/1.1" 200 16326
120.253.135.82 - - [04/May/2024:11:14:42 +0800] "GET /xingrg/dwr/interface/AjaxReportQueryService.js HTTP/1.1" 200 13203
120.253.135.82 - - [04/May/2024:11:14:42 +0800] "GET /xingrg/dwr/engine.js HTTP/1.1" 200 43631
180.169.147.146 - - [04/May/2024:11:14:43 +0800] "GET /xingrg/all/function/internal_message.html?_=1714792483296&CODE_STATE=getMsg HTTP/1.1" 200 27
180.169.147.146 - - [04/May/2024:11:14:43 +0800] "GET /xingrg/check_reg.html?_=1714792483301 HTTP/1.1" 200 22
218.79.29.216 - - [04/May/2024:11:14:46 +0800] "GET /xingrg/all/function/internal_message.html?_=1714792485929&CODE_STATE=getMsg HTTP/1.1" 200 27
180.169.147.146 - - [04/May/2024:11:14:46 +0800] "GET /xingrg/all/function/internal_message.html?_=1714792486355&CODE_STATE=getMsg HTTP/1.1" 302 -
222.70.183.82 - - [04/May/2024:11:14:50 +0800] "GET /xingrg/all/function/internal_message.html?_=1714792488676&CODE_STATE=getMsg HTTP/1.1" 200 27
101.80.230.31 - - [04/May/2024:11:14:50 +0800] "POST /xingrg/kc/buy/cgsh_order_operate.html HTTP/1.1" 200 3249
101.80.230.31 - - [04/May/2024:11:14:51 +0800] "GET /xingrg/kc/print/load_config.html?kc_code=cgsh HTTP/1.1" 200 1927
101.80.230.31 - - [04/May/2024:11:14:52 +0800] "GET /xingrg/kc/print/load_data.html?order_code=212024050401055&kc_code=cgsh&condition= HTTP/1.1" 200 904
124.78.154.56 - - [04/May/2024:11:14:53 +0800] "GET /xingrg/all/function/internal_message.html?_=1714792494723&CODE_STATE=getMsg HTTP/1.1" 200 27
180.164.6.225 - - [04/May/2024:11:14:53 +0800] "GET /xingrg/all/function/internal_message.html?_=1714792493656&CODE_STATE=getMsg HTTP/1.1" 200 27
120.253.135.82 - - [04/May/2024:11:14:56 +0800] "GET /xingrg/kc/pszx/mdqp_order_list.html?state=10 HTTP/1.1" 200 10365
101.80.230.31 - - [04/May/2024:11:14:56 +0800] "GET /xingrg/kc/buy/cgsh_order_add.html HTTP/1.1" 200 74398
120.253.135.82 - - [04/May/2024:11:14:56 +0800] "GET /xingrg/dwr/interface/AjaxReportQueryService.js HTTP/1.1" 200 13203
120.253.135.82 - - [04/May/2024:11:14:56 +0800] "GET /xingrg/dwr/interface/AjaxQqpsService.js HTTP/1.1" 200 16326
120.253.135.82 - - [04/May/2024:11:14:56 +0800] "GET /xingrg/dwr/engine.js HTTP/1.1" 200 43631
101.80.230.31 - - [04/May/2024:11:14:57 +0800] "GET /xingrg/words/20240504104821_words.js HTTP/1.1" 304 -
101.80.230.31 - - [04/May/2024:11:14:57 +0800] "POST /xingrg/kc/buy/cgsh_order_operate.html HTTP/1.1" 200 8245
101.80.230.31 - - [04/May/2024:11:14:57 +0800] "GET /xingrg/javascript/easyui/themes/default/validatebox.css HTTP/1.1" 404 1104
101.80.230.31 - - [04/May/2024:11:14:57 +0800] "GET /xingrg/all/common/auto_word.html?type=employee&rest_code=00156 HTTP/1.1" 200 47
101.80.230.31 - - [04/May/2024:11:14:57 +0800] "GET /xingrg/all/common/auto_word.html?type=employee&rest_code=00156 HTTP/1.1" 200 47
114.95.253.235 - - [04/May/2024:11:14:57 +0800] "GET /xingrg/all/function/internal_message.html?_=1714792497233&CODE_STATE=getMsg HTTP/1.1" 200 27
116.230.116.4 - - [04/May/2024:11:14:58 +0800] "GET /xingrg/check_reg.html?_=1714792520890 HTTP/1.1" 200 22
120.253.135.82 - - [04/May/2024:11:14:59 +0800] "GET /xingrg/kc/pszx/mdqp_order_list.html?state=10 HTTP/1.1" 200 10365
120.253.135.82 - - [04/May/2024:11:14:59 +0800] "GET /xingrg/dwr/interface/AjaxReportQueryService.js HTTP/1.1" 200 13203
120.253.135.82 - - [04/May/2024:11:14:59 +0800] "GET /xingrg/dwr/engine.js HTTP/1.1" 200 43631
120.253.135.82 - - [04/May/2024:11:14:59 +0800] "GET /xingrg/dwr/interface/AjaxQqpsService.js HTTP/1.1" 200 16326
120.253.135.82 - - [04/May/2024:11:14:59 +0800] "GET /xingrg/all/function/internal_message.html?_=1714792348174&CODE_STATE=getMsg HTTP/1.1" 200 27
124.78.56.241 - - [04/May/2024:11:15:00 +0800] "GET /xingrg/all/function/internal_message.html?_=1714792495746&CODE_STATE=getMsg HTTP/1.1" 200 27
120.253.135.82 - - [04/May/2024:11:15:03 +0800] "GET /xingrg/kc/pszx/mdqp_order_list.html?state=10 HTTP/1.1" 200 10365
120.253.135.82 - - [04/May/2024:11:15:03 +0800] "GET /xingrg/dwr/interface/AjaxReportQueryService.js HTTP/1.1" 200 13203
120.253.135.82 - - [04/May/2024:11:15:03 +0800] "GET /xingrg/dwr/interface/AjaxQqpsService.js HTTP/1.1" 200 16326
120.253.135.82 - - [04/May/2024:11:15:03 +0800] "GET /xingrg/dwr/engine.js HTTP/1.1" 200 43631
124.78.154.56 - - [04/May/2024:11:15:05 +0800] "GET /xingrg/all/function/internal_message.html?_=1714792501031&CODE_STATE=getMsg HTTP/1.1" 200 27
180.164.6.225 - - [04/May/2024:11:15:12 +0800] "GET /xingrg/kc/cost/cost_list.html HTTP/1.1" 200 6093
180.164.6.225 - - [04/May/2024:11:15:13 +0800] "GET /xingrg/dwr/interface/AjaxReportQueryService.js HTTP/1.1" 200 13203
180.164.6.225 - - [04/May/2024:11:15:13 +0800] "GET /xingrg/dwr/engine.js HTTP/1.1" 200 43631
180.164.6.225 - - [04/May/2024:11:15:13 +0800] "GET /xingrg/kc/cost/cost_operate.html?_=1714792512969&command=load_cost_list HTTP/1.1" 200 12239
180.164.6.225 - - [04/May/2024:11:15:18 +0800] "GET /xingrg/kc/base/base_main.html HTTP/1.1" 200 12142
116.232.195.13 - - [04/May/2024:11:15:18 +0800] "GET /xingrg/all/function/internal_message.html?_=1714792518658&CODE_STATE=getMsg HTTP/1.1" 200 27
116.238.97.31 - - [04/May/2024:11:15:19 +0800] "GET /xingrg/all/function/internal_message.html?_=1714792518921&CODE_STATE=getMsg HTTP/1.1" 200 27
180.164.6.225 - - [04/May/2024:11:15:19 +0800] "GET /xingrg/kc/base/check_order_list.html HTTP/1.1" 200 16437
180.164.6.225 - - [04/May/2024:11:15:20 +0800] "POST /xingrg/kc/base/check_list_operate.html HTTP/1.1" 200 781
172.20.0.100 - - [04/May/2024:11:15:20 +0800] "GET /xingrg/all/function/internal_message.html?_=1714792520197&CODE_STATE=getMsg HTTP/1.1" 200 27
172.20.0.100 - - [04/May/2024:11:15:20 +0800] "GET /xingrg/check_reg.html?_=1714792520200 HTTP/1.1" 200 22
124.78.56.241 - - [04/May/2024:11:15:20 +0800] "GET /xingrg/all/function/internal_message.html?_=1714792520925&CODE_STATE=getMsg HTTP/1.1" 200 27
180.164.6.225 - - [04/May/2024:11:15:24 +0800] "POST /xingrg/kc/base/check_list_operate.html HTTP/1.1" 200 5112
101.83.144.49 - - [04/May/2024:11:15:24 +0800] "GET /xingrg/all/function/internal_message.html?_=1714792525543&CODE_STATE=getMsg HTTP/1.1" 200 27
180.164.6.225 - - [04/May/2024:11:15:25 +0800] "GET /xingrg/kc/base/check_order_info.html?code=452024043000199 HTTP/1.1" 200 23124
180.164.6.225 - - [04/May/2024:11:15:25 +0800] "GET /xingrg/dwr/interface/AjaxCheckService.js HTTP/1.1" 200 14003
180.164.6.225 - - [04/May/2024:11:15:25 +0800] "GET /xingrg/dwr/interface/AjaxComOrderService.js HTTP/1.1" 200 18264
180.164.6.225 - - [04/May/2024:11:15:25 +0800] "GET /xingrg/dwr/engine.js HTTP/1.1" 200 43631
180.164.6.225 - - [04/May/2024:11:15:26 +0800] "POST /xingrg/dwr/call/plaincall/AjaxCheckService.loadOrderItems.dwr HTTP/1.1" 200 63243
180.169.147.146 - - [04/May/2024:11:15:28 +0800] "GET /xingrg/all/function/internal_message.html?_=1714792530005&CODE_STATE=getMsg HTTP/1.1" 200 27
114.83.218.129 - - [04/May/2024:11:15:32 +0800] "GET /xingrg/all/function/internal_message.html?_=1714792532130&CODE_STATE=getMsg HTTP/1.1" 200 27
101.80.230.31 - - [04/May/2024:11:15:34 +0800] "GET /xingrg/all/function/internal_message.html?_=1714792537868&CODE_STATE=getMsg HTTP/1.1" 200 27
222.69.135.215 - - [04/May/2024:11:15:34 +0800] "GET /xingrg/all/function/internal_message.html?_=1714792535876&CODE_STATE=getMsg HTTP/1.1" 200 27
101.80.230.31 - - [04/May/2024:11:15:34 +0800] "GET /xingrg/kc/buy/cgsh_order_operate.html?command=get_materiel&rest_code=00156&code=00101006026&supplier_code=00100323&order_time=2024-05-04 HTTP/1.1" 200 409
180.164.6.225 - - [04/May/2024:11:15:34 +0800] "POST /xingrg/dwr/call/plaincall/AjaxCheckService.uncheckOrder.dwr HTTP/1.1" 200 78
116.232.195.13 - - [04/May/2024:11:15:35 +0800] "GET /xingrg/all/function/internal_message.html?_=1714792513009&CODE_STATE=getMsg HTTP/1.1" 200 27
222.70.183.82 - - [04/May/2024:11:15:36 +0800] "GET /xingrg/all/function/internal_message.html?_=1714792534710&CODE_STATE=getMsg HTTP/1.1" 302 -
120.253.135.82 - - [04/May/2024:11:15:36 +0800] "GET /xingrg/kc/pszx/mdqp_order_list.html?state=10 HTTP/1.1" 200 10365
120.253.135.82 - - [04/May/2024:11:15:36 +0800] "GET /xingrg/dwr/interface/AjaxQqpsService.js HTTP/1.1" 200 16326
120.253.135.82 - - [04/May/2024:11:15:36 +0800] "GET /xingrg/dwr/interface/AjaxReportQueryService.js HTTP/1.1" 200 13203
120.253.135.82 - - [04/May/2024:11:15:36 +0800] "GET /xingrg/dwr/engine.js HTTP/1.1" 200 43631
180.164.6.225 - - [04/May/2024:11:15:37 +0800] "GET /xingrg/kc/base/check_order_info.html?code=452024043000199 HTTP/1.1" 200 26486
180.164.6.225 - - [04/May/2024:11:15:37 +0800] "GET /xingrg/dwr/interface/AjaxComOrderService.js HTTP/1.1" 200 18264
180.164.6.225 - - [04/May/2024:11:15:37 +0800] "GET /xingrg/dwr/interface/AjaxCheckService.js HTTP/1.1" 200 14003
180.164.6.225 - - [04/May/2024:11:15:37 +0800] "GET /xingrg/dwr/engine.js HTTP/1.1" 200 43631
180.164.6.225 - - [04/May/2024:11:15:37 +0800] "POST /xingrg/dwr/call/plaincall/AjaxCheckService.loadOrderItems.dwr HTTP/1.1" 200 140930
116.238.97.31 - - [04/May/2024:11:15:38 +0800] "GET /xingrg/check_reg.html?_=1714792536969 HTTP/1.1" 200 22
116.238.97.31 - - [04/May/2024:11:15:38 +0800] "GET /xingrg/all/function/internal_message.html?_=1714792536971&CODE_STATE=getMsg HTTP/1.1" 200 27
116.230.116.4 - - [04/May/2024:11:15:39 +0800] "GET /xingrg/all/function/internal_message.html?_=1714792561028&CODE_STATE=getMsg HTTP/1.1" 200 27
180.164.6.225 - - [04/May/2024:11:15:39 +0800] "GET /xingrg/kc/buy/cgsh_order_list.html HTTP/1.1" 200 58767
120.253.135.82 - - [04/May/2024:11:15:39 +0800] "GET /xingrg/kc/pszx/mdqp_order_list.html?state=10 HTTP/1.1" 200 10365
120.253.135.82 - - [04/May/2024:11:15:39 +0800] "GET /xingrg/dwr/interface/AjaxQqpsService.js HTTP/1.1" 200 16326
120.253.135.82 - - [04/May/2024:11:15:39 +0800] "GET /xingrg/dwr/interface/AjaxReportQueryService.js HTTP/1.1" 200 13203
120.253.135.82 - - [04/May/2024:11:15:39 +0800] "GET /xingrg/dwr/engine.js HTTP/1.1" 200 43631
218.79.29.216 - - [04/May/2024:11:15:40 +0800] "GET /xingrg/check_reg.html?_=1714792540405 HTTP/1.1" 200 22
180.164.6.225 - - [04/May/2024:11:15:40 +0800] "GET /xingrg/all/function/internal_message.html?_=1714792540388&CODE_STATE=getMsg HTTP/1.1" 200 27
114.85.36.201 - - [04/May/2024:11:15:41 +0800] "GET /xingrg/all/function/internal_message.html?_=1714790925196&CODE_STATE=getMsg HTTP/1.1" 200 27
180.164.6.225 - - [04/May/2024:11:15:42 +0800] "POST /xingrg/kc/buy/cgsh_list_operate.html HTTP/1.1" 200 645
120.253.135.82 - - [04/May/2024:11:15:42 +0800] "GET /xingrg/kc/pszx/mdqp_order_list.html?state=10 HTTP/1.1" 200 10365
120.253.135.82 - - [04/May/2024:11:15:42 +0800] "GET /xingrg/dwr/interface/AjaxQqpsService.js HTTP/1.1" 200 16326
120.253.135.82 - - [04/May/2024:11:15:42 +0800] "GET /xingrg/dwr/engine.js HTTP/1.1" 200 43631
120.253.135.82 - - [04/May/2024:11:15:42 +0800] "GET /xingrg/dwr/interface/AjaxReportQueryService.js HTTP/1.1" 200 13203
180.164.6.225 - - [04/May/2024:11:15:42 +0800] "GET /xingrg/check_reg.html?_=1714792542002 HTTP/1.1" 200 22
180.169.147.146 - - [04/May/2024:11:15:43 +0800] "GET /xingrg/all/function/internal_message.html?_=1714792543293&CODE_STATE=getMsg HTTP/1.1" 200 27
120.253.135.82 - - [04/May/2024:11:15:46 +0800] "GET /xingrg/kc/pszx/mdqp_order_list.html?state=10 HTTP/1.1" 200 10365
120.253.135.82 - - [04/May/2024:11:15:46 +0800] "GET /xingrg/dwr/interface/AjaxQqpsService.js HTTP/1.1" 200 16326
120.253.135.82 - - [04/May/2024:11:15:46 +0800] "GET /xingrg/dwr/interface/AjaxReportQueryService.js HTTP/1.1" 200 13203
120.253.135.82 - - [04/May/2024:11:15:46 +0800] "GET /xingrg/dwr/engine.js HTTP/1.1" 200 43631
218.79.29.216 - - [04/May/2024:11:15:46 +0800] "GET /xingrg/all/function/internal_message.html?_=1714792545916&CODE_STATE=getMsg HTTP/1.1" 200 27
180.169.147.146 - - [04/May/2024:11:15:46 +0800] "GET /xingrg/all/function/internal_message.html?_=1714792546366&CODE_STATE=getMsg HTTP/1.1" 302 -
120.253.135.82 - - [04/May/2024:11:15:47 +0800] "GET /xingrg/kc/pszx/mdqp_order_list.html?state=10 HTTP/1.1" 200 10365
120.253.135.82 - - [04/May/2024:11:15:47 +0800] "GET /xingrg/dwr/interface/AjaxQqpsService.js HTTP/1.1" 200 16326
120.253.135.82 - - [04/May/2024:11:15:47 +0800] "GET /xingrg/dwr/engine.js HTTP/1.1" 200 43631
120.253.135.82 - - [04/May/2024:11:15:47 +0800] "GET /xingrg/dwr/interface/AjaxReportQueryService.js HTTP/1.1" 200 13203
222.70.183.82 - - [04/May/2024:11:15:50 +0800] "GET /xingrg/all/function/internal_message.html?_=1714792548658&CODE_STATE=getMsg HTTP/1.1" 200 27
120.253.135.82 - - [04/May/2024:11:15:50 +0800] "GET /xingrg/kc/buy/cgsh_order_list.html HTTP/1.1" 200 58506
222.70.183.82 - - [04/May/2024:11:15:51 +0800] "GET /xingrg/check_reg.html?_=1714792549346 HTTP/1.1" 200 22
180.164.6.225 - - [04/May/2024:11:15:51 +0800] "GET /xingrg/javascript/jquery_tools/images/prev.gif HTTP/1.1" 404 1086
180.164.6.225 - - [04/May/2024:11:15:51 +0800] "GET /xingrg/javascript/jquery_tools/images/next.gif HTTP/1.1" 404 1086
101.80.230.31 - - [04/May/2024:11:15:51 +0800] "GET /xingrg/kc/buy/cgsh_order_operate.html?command=get_materiel&rest_code=00156&code=00101007026&supplier_code=00100323&order_time=2024-05-04 HTTP/1.1" 200 423
120.253.135.82 - - [04/May/2024:11:15:53 +0800] "POST /xingrg/kc/buy/cgsh_list_operate.html HTTP/1.1" 200 645
124.78.154.56 - - [04/May/2024:11:15:53 +0800] "GET /xingrg/all/function/internal_message.html?_=1714792554721&CODE_STATE=getMsg HTTP/1.1" 200 27
180.164.6.225 - - [04/May/2024:11:15:53 +0800] "GET /xingrg/all/function/internal_message.html?_=1714792553661&CODE_STATE=getMsg HTTP/1.1" 200 27
120.253.135.82 - - [04/May/2024:11:15:54 +0800] "GET /xingrg/kc/buy/cgsh_order_list.html HTTP/1.1" 200 58506
120.253.135.82 - - [04/May/2024:11:15:56 +0800] "GET /xingrg/kc/pszx/mdqp_order_list.html?state=10 HTTP/1.1" 200 10365
120.253.135.82 - - [04/May/2024:11:15:56 +0800] "GET /xingrg/dwr/interface/AjaxReportQueryService.js HTTP/1.1" 200 13203
120.253.135.82 - - [04/May/2024:11:15:56 +0800] "GET /xingrg/dwr/interface/AjaxQqpsService.js HTTP/1.1" 200 16326
120.253.135.82 - - [04/May/2024:11:15:56 +0800] "GET /xingrg/dwr/engine.js HTTP/1.1" 200 43631
120.253.135.82 - - [04/May/2024:11:15:57 +0800] "POST /xingrg/kc/buy/cgsh_list_operate.html HTTP/1.1" 200 645
114.95.253.235 - - [04/May/2024:11:15:57 +0800] "GET /xingrg/all/function/internal_message.html?_=1714792557215&CODE_STATE=getMsg HTTP/1.1" 200 27
120.253.135.82 - - [04/May/2024:11:15:59 +0800] "GET /xingrg/all/function/internal_message.html?_=1714792408188&CODE_STATE=getMsg HTTP/1.1" 200 27
101.80.230.31 - - [04/May/2024:11:16:00 +0800] "GET /xingrg/kc/buy/cgsh_order_operate.html?command=get_materiel&rest_code=00156&code=00101001155&supplier_code=00100323&order_time=2024-05-04 HTTP/1.1" 200 414
124.78.56.241 - - [04/May/2024:11:16:00 +0800] "GET /xingrg/all/function/internal_message.html?_=1714792555745&CODE_STATE=getMsg HTTP/1.1" 200 27
124.78.56.241 - - [04/May/2024:11:16:00 +0800] "GET /xingrg/check_reg.html?_=1714792555746 HTTP/1.1" 200 22
120.253.135.82 - - [04/May/2024:11:16:00 +0800] "GET /xingrg/kc/pszx/mdqp_order_list.html?state=10 HTTP/1.1" 200 10365
120.253.135.82 - - [04/May/2024:11:16:00 +0800] "GET /xingrg/dwr/interface/AjaxQqpsService.js HTTP/1.1" 200 16326
120.253.135.82 - - [04/May/2024:11:16:00 +0800] "GET /xingrg/dwr/interface/AjaxReportQueryService.js HTTP/1.1" 200 13203
120.253.135.82 - - [04/May/2024:11:16:00 +0800] "GET /xingrg/dwr/engine.js HTTP/1.1" 200 43631
222.70.183.82 - - [04/May/2024:11:16:03 +0800] "GET /xingrg/kc/buy/cgsh_order_operate.html?command=get_materiel&rest_code=00111&code=00101009066&supplier_code=00100151&order_time=2024-05-04 HTTP/1.1" 200 416
120.253.135.82 - - [04/May/2024:11:16:04 +0800] "GET /xingrg/kc/pszx/mdps_order_list.html?orderType=0 HTTP/1.1" 200 21084
180.164.6.225 - - [04/May/2024:11:16:04 +0800] "GET /xingrg/javascript/auto/indicator.gif HTTP/1.1" 404 1066
120.253.135.82 - - [04/May/2024:11:16:05 +0800] "POST /xingrg/kc/pszx/mdps_list_operate.html HTTP/1.1" 200 3899
124.78.154.56 - - [04/May/2024:11:16:05 +0800] "GET /xingrg/check_reg.html?_=1714792561038 HTTP/1.1" 200 22
124.78.154.56 - - [04/May/2024:11:16:05 +0800] "GET /xingrg/all/function/internal_message.html?_=1714792561035&CODE_STATE=getMsg HTTP/1.1" 200 27
114.83.218.129 - - [04/May/2024:11:16:06 +0800] "GET /xingrg/check_reg.html?_=1714792566720 HTTP/1.1" 200 22
120.253.135.82 - - [04/May/2024:11:16:12 +0800] "GET /xingrg/kc/pszx/mdqp_order_list.html?state=10 HTTP/1.1" 200 10365
120.253.135.82 - - [04/May/2024:11:16:12 +0800] "GET /xingrg/dwr/interface/AjaxQqpsService.js HTTP/1.1" 200 16326
120.253.135.82 - - [04/May/2024:11:16:12 +0800] "GET /xingrg/dwr/interface/AjaxReportQueryService.js HTTP/1.1" 200 13203
120.253.135.82 - - [04/May/2024:11:16:12 +0800] "GET /xingrg/dwr/engine.js HTTP/1.1" 200 43631
101.80.230.31 - - [04/May/2024:11:16:12 +0800] "GET /xingrg/kc/buy/cgsh_order_operate.html?command=get_materiel&rest_code=00156&code=00101012074&supplier_code=00100323&order_time=2024-05-04 HTTP/1.1" 200 430
120.253.135.82 - - [04/May/2024:11:16:18 +0800] "GET /xingrg/kc/pszx/mdqp_order_list.html?state=10 HTTP/1.1" 200 10365
120.253.135.82 - - [04/May/2024:11:16:18 +0800] "GET /xingrg/dwr/interface/AjaxQqpsService.js HTTP/1.1" 200 16326
120.253.135.82 - - [04/May/2024:11:16:18 +0800] "GET /xingrg/dwr/interface/AjaxReportQueryService.js HTTP/1.1" 200 13203
120.253.135.82 - - [04/May/2024:11:16:18 +0800] "GET /xingrg/dwr/engine.js HTTP/1.1" 200 43631
116.232.195.13 - - [04/May/2024:11:16:18 +0800] "GET /xingrg/all/function/internal_message.html?_=1714792578639&CODE_STATE=getMsg HTTP/1.1" 200 27
116.238.97.31 - - [04/May/2024:11:16:19 +0800] "GET /xingrg/all/function/internal_message.html?_=1714792578916&CODE_STATE=getMsg HTTP/1.1" 200 27
172.20.0.100 - - [04/May/2024:11:16:20 +0800] "GET /xingrg/all/function/internal_message.html?_=1714792580210&CODE_STATE=getMsg HTTP/1.1" 200 27
124.78.56.241 - - [04/May/2024:11:16:20 +0800] "GET /xingrg/all/function/internal_message.html?_=1714792580900&CODE_STATE=getMsg HTTP/1.1" 200 27
114.85.36.201 - - [04/May/2024:11:16:21 +0800] "GET /xingrg/check_reg.html?_=1714790965351 HTTP/1.1" 200 22
101.83.144.49 - - [04/May/2024:11:16:24 +0800] "GET /xingrg/all/function/internal_message.html?_=1714792585545&CODE_STATE=getMsg HTTP/1.1" 200 27
101.80.230.31 - - [04/May/2024:11:16:26 +0800] "POST /xingrg/kc/buy/cgsh_order_operate.html HTTP/1.1" 200 37
180.164.6.225 - - [04/May/2024:11:16:27 +0800] "POST /xingrg/kc/buy/cgsh_list_operate.html HTTP/1.1" 200 1394
180.169.147.146 - - [04/May/2024:11:16:28 +0800] "GET /xingrg/all/function/internal_message.html?_=1714792590004&CODE_STATE=getMsg HTTP/1.1" 200 27
101.80.230.31 - - [04/May/2024:11:16:31 +0800] "POST /xingrg/kc/buy/cgsh_order_operate.html HTTP/1.1" 200 4461
114.83.218.129 - - [04/May/2024:11:16:32 +0800] "GET /xingrg/all/function/internal_message.html?_=1714792592103&CODE_STATE=getMsg HTTP/1.1" 200 27
101.80.230.31 - - [04/May/2024:11:16:33 +0800] "GET /xingrg/kc/print/load_config.html?kc_code=cgsh HTTP/1.1" 200 1927
180.164.6.225 - - [04/May/2024:11:16:34 +0800] "POST /xingrg/kc/buy/cgsh_list_operate.html HTTP/1.1" 200 514
101.80.230.31 - - [04/May/2024:11:16:34 +0800] "GET /xingrg/kc/print/load_data.html?order_code=212024050401056&kc_code=cgsh&condition= HTTP/1.1" 200 1386
222.69.135.215 - - [04/May/2024:11:16:34 +0800] "GET /xingrg/all/function/internal_message.html?_=1714792595866&CODE_STATE=getMsg HTTP/1.1" 200 27
116.232.195.13 - - [04/May/2024:11:16:35 +0800] "GET /xingrg/all/function/internal_message.html?_=1714792573009&CODE_STATE=getMsg HTTP/1.1" 200 27
116.232.195.13 - - [04/May/2024:11:16:35 +0800] "GET /xingrg/check_reg.html?_=1714792573010 HTTP/1.1" 200 22
222.70.183.82 - - [04/May/2024:11:16:36 +0800] "GET /xingrg/all/function/internal_message.html?_=1714792594712&CODE_STATE=getMsg HTTP/1.1" 302 -
101.80.230.31 - - [04/May/2024:11:16:36 +0800] "GET /xingrg/all/function/internal_message.html?_=1714792600340&CODE_STATE=getMsg HTTP/1.1" 200 27
116.238.97.31 - - [04/May/2024:11:16:38 +0800] "GET /xingrg/all/function/internal_message.html?_=1714792596970&CODE_STATE=getMsg HTTP/1.1" 200 27
101.80.230.31 - - [04/May/2024:11:16:38 +0800] "GET /xingrg/kc/buy/cgsh_order_add.html HTTP/1.1" 200 74398
101.80.230.31 - - [04/May/2024:11:16:39 +0800] "POST /xingrg/kc/buy/cgsh_order_operate.html HTTP/1.1" 200 8245
116.230.116.4 - - [04/May/2024:11:16:39 +0800] "GET /xingrg/all/function/internal_message.html?_=1714792621042&CODE_STATE=getMsg HTTP/1.1" 200 27
101.80.230.31 - - [04/May/2024:11:16:39 +0800] "GET /xingrg/javascript/easyui/themes/default/validatebox.css HTTP/1.1" 404 1104
101.80.230.31 - - [04/May/2024:11:16:39 +0800] "GET /xingrg/all/common/auto_word.html?type=employee&rest_code=00156 HTTP/1.1" 200 47
101.80.230.31 - - [04/May/2024:11:16:39 +0800] "GET /xingrg/all/common/auto_word.html?type=employee&rest_code=00156 HTTP/1.1" 200 47
180.164.6.225 - - [04/May/2024:11:16:39 +0800] "POST /xingrg/kc/buy/cgsh_list_operate.html HTTP/1.1" 200 4
180.164.6.225 - - [04/May/2024:11:16:40 +0800] "GET /xingrg/all/function/internal_message.html?_=1714792600367&CODE_STATE=getMsg HTTP/1.1" 200 27
114.85.36.201 - - [04/May/2024:11:16:41 +0800] "GET /xingrg/all/function/internal_message.html?_=1714790985195&CODE_STATE=getMsg HTTP/1.1" 200 27
180.169.147.146 - - [04/May/2024:11:16:43 +0800] "GET /xingrg/all/function/internal_message.html?_=1714792603309&CODE_STATE=getMsg HTTP/1.1" 200 27
180.164.6.225 - - [04/May/2024:11:16:44 +0800] "POST /xingrg/kc/buy/cgsh_list_operate.html HTTP/1.1" 200 1378
218.79.29.216 - - [04/May/2024:11:16:46 +0800] "GET /xingrg/all/function/internal_message.html?_=1714792605914&CODE_STATE=getMsg HTTP/1.1" 200 27
180.169.147.146 - - [04/May/2024:11:16:46 +0800] "GET /xingrg/all/function/internal_message.html?_=1714792606367&CODE_STATE=getMsg HTTP/1.1" 302 -
180.164.6.225 - - [04/May/2024:11:16:47 +0800] "POST /xingrg/kc/buy/cgsh_list_operate.html HTTP/1.1" 200 514
180.164.6.225 - - [04/May/2024:11:16:50 +0800] "GET /xingrg/kc/buy/cgsh_order_info.html?code=212024042807974 HTTP/1.1" 200 74335
222.70.183.82 - - [04/May/2024:11:16:50 +0800] "GET /xingrg/all/function/internal_message.html?_=1714792608637&CODE_STATE=getMsg HTTP/1.1" 200 27
180.164.6.225 - - [04/May/2024:11:16:50 +0800] "GET /xingrg/words/20240504104821_words.js HTTP/1.1" 200 1023030
180.164.6.225 - - [04/May/2024:11:16:51 +0800] "GET /xingrg/javascript/easyui/themes/default/validatebox.css HTTP/1.1" 404 1104
180.164.6.225 - - [04/May/2024:11:16:51 +0800] "GET /xingrg/all/common/auto_word.html?type=employee&rest_code=00150 HTTP/1.1" 200 159
180.164.6.225 - - [04/May/2024:11:16:51 +0800] "GET /xingrg/all/common/auto_word.html?type=employee&rest_code=00150 HTTP/1.1" 200 159
180.164.6.225 - - [04/May/2024:11:16:52 +0800] "POST /xingrg/kc/buy/cgsh_order_operate.html HTTP/1.1" 200 5034
124.78.154.56 - - [04/May/2024:11:16:53 +0800] "GET /xingrg/all/function/internal_message.html?_=1714792614714&CODE_STATE=getMsg HTTP/1.1" 200 27
180.164.6.225 - - [04/May/2024:11:16:53 +0800] "GET /xingrg/check_reg.html?_=1714792613650 HTTP/1.1" 200 22
180.164.6.225 - - [04/May/2024:11:16:53 +0800] "GET /xingrg/all/function/internal_message.html?_=1714792613653&CODE_STATE=getMsg HTTP/1.1" 200 27
114.95.253.235 - - [04/May/2024:11:16:57 +0800] "GET /xingrg/all/function/internal_message.html?_=1714792617197&CODE_STATE=getMsg HTTP/1.1" 200 27
114.95.253.235 - - [04/May/2024:11:16:57 +0800] "GET /xingrg/check_reg.html?_=1714792617734 HTTP/1.1" 200 22
120.253.135.82 - - [04/May/2024:11:16:59 +0800] "GET /xingrg/all/function/internal_message.html?_=1714792468201&CODE_STATE=getMsg HTTP/1.1" 200 27
124.78.56.241 - - [04/May/2024:11:17:00 +0800] "GET /xingrg/all/function/internal_message.html?_=1714792615745&CODE_STATE=getMsg HTTP/1.1" 200 27
101.80.230.31 - - [04/May/2024:11:17:00 +0800] "GET /xingrg/kc/buy/cgsh_order_operate.html?command=get_materiel&rest_code=00156&code=00101002038&supplier_code=00100094&order_time=2024-05-03 HTTP/1.1" 200 418
180.163.28.143 - - [04/May/2024:11:17:05 +0800] "GET /xingrg/check_reg.html?_=1714792561038 HTTP/1.1" 302 -
180.163.29.234 - - [04/May/2024:11:17:05 +0800] "GET /xingrg/all/function/internal_message.html?_=1714792561035&CODE_STATE=getMsg HTTP/1.1" 302 -
180.163.29.234 - - [04/May/2024:11:17:05 +0800] "GET /xingrg/login.html HTTP/1.1" 200 7641
124.78.56.241 - - [04/May/2024:11:17:05 +0800] "GET /xingrg/check_reg.html?_=1714792625251 HTTP/1.1" 200 22
124.78.154.56 - - [04/May/2024:11:17:05 +0800] "GET /xingrg/all/function/internal_message.html?_=1714792621038&CODE_STATE=getMsg HTTP/1.1" 200 27
180.163.28.143 - - [04/May/2024:11:17:05 +0800] "GET /xingrg/login.html HTTP/1.1" 200 7641
101.80.230.31 - - [04/May/2024:11:17:11 +0800] "GET /xingrg/kc/buy/cgsh_order_operate.html?command=get_materiel&rest_code=00156&code=00101003047&supplier_code=00100094&order_time=2024-05-03 HTTP/1.1" 200 422
116.232.195.13 - - [04/May/2024:11:17:18 +0800] "GET /xingrg/check_reg.html?_=1714792638550 HTTP/1.1" 200 22
116.232.195.13 - - [04/May/2024:11:17:18 +0800] "GET /xingrg/all/function/internal_message.html?_=1714792638622&CODE_STATE=getMsg HTTP/1.1" 200 27
116.238.97.31 - - [04/May/2024:11:17:19 +0800] "GET /xingrg/all/function/internal_message.html?_=1714792638900&CODE_STATE=getMsg HTTP/1.1" 200 27
172.20.0.100 - - [04/May/2024:11:17:20 +0800] "GET /xingrg/all/function/internal_message.html?_=1714792640190&CODE_STATE=getMsg HTTP/1.1" 200 27
124.78.56.241 - - [04/May/2024:11:17:20 +0800] "GET /xingrg/all/function/internal_message.html?_=1714792640894&CODE_STATE=getMsg HTTP/1.1" 200 27
124.78.154.56 - - [04/May/2024:11:17:21 +0800] "GET /xingrg/kc/report/report_main.html HTTP/1.1" 200 7340
124.78.154.56 - - [04/May/2024:11:17:23 +0800] "GET /xingrg/all/report/report_query.html?fileName=kc/buy/gys_amount.xml&rh=99999 HTTP/1.1" 200 52006
124.78.154.56 - - [04/May/2024:11:17:23 +0800] "GET /xingrg/dwr/engine.js HTTP/1.1" 200 43631
124.78.154.56 - - [04/May/2024:11:17:23 +0800] "GET /xingrg/dwr/interface/AjaxReportQueryService.js HTTP/1.1" 200 13203
124.78.154.56 - - [04/May/2024:11:17:23 +0800] "POST /xingrg/dwr/call/plaincall/AjaxReportQueryService.getFixDate.dwr HTTP/1.1" 200 111
124.78.154.56 - - [04/May/2024:11:17:24 +0800] "POST /xingrg/dwr/call/plaincall/AjaxReportQueryService.getInitString.dwr HTTP/1.1" 200 1023
124.78.154.56 - - [04/May/2024:11:17:24 +0800] "POST /xingrg/all/common/load_tree.html?tree=materiel_sort_tree_json HTTP/1.1" 200 9734
124.78.154.56 - - [04/May/2024:11:17:24 +0800] "POST /xingrg/all/common/load_tree.html?tree=supplier_tree_json&manage=1 HTTP/1.1" 200 82397
101.83.144.49 - - [04/May/2024:11:17:24 +0800] "GET /xingrg/all/function/internal_message.html?_=1714792645547&CODE_STATE=getMsg HTTP/1.1" 200 27
101.80.230.31 - - [04/May/2024:11:17:26 +0800] "POST /xingrg/kc/buy/cgsh_order_operate.html HTTP/1.1" 200 37
180.169.147.146 - - [04/May/2024:11:17:28 +0800] "GET /xingrg/all/function/internal_message.html?_=1714792650003&CODE_STATE=getMsg HTTP/1.1" 200 27
101.80.230.31 - - [04/May/2024:11:17:29 +0800] "POST /xingrg/kc/buy/cgsh_order_operate.html HTTP/1.1" 200 3268
101.80.230.31 - - [04/May/2024:11:17:31 +0800] "GET /xingrg/kc/print/load_config.html?kc_code=cgsh HTTP/1.1" 200 1927
101.80.230.31 - - [04/May/2024:11:17:31 +0800] "GET /xingrg/kc/print/load_data.html?order_code=212024050401057&kc_code=cgsh&condition= HTTP/1.1" 200 983
114.83.218.129 - - [04/May/2024:11:17:31 +0800] "GET /xingrg/all/function/internal_message.html?_=1714792652085&CODE_STATE=getMsg HTTP/1.1" 200 27
222.69.135.215 - - [04/May/2024:11:17:34 +0800] "GET /xingrg/all/function/internal_message.html?_=1714792655863&CODE_STATE=getMsg HTTP/1.1" 200 27
101.80.230.31 - - [04/May/2024:11:17:35 +0800] "GET /xingrg/all/function/internal_message.html?_=1714792658758&CODE_STATE=getMsg HTTP/1.1" 200 27
101.80.230.31 - - [04/May/2024:11:17:35 +0800] "GET /xingrg/check_reg.html?_=1714792658759 HTTP/1.1" 200 22
116.232.195.13 - - [04/May/2024:11:17:35 +0800] "GET /xingrg/all/function/internal_message.html?_=1714792633004&CODE_STATE=getMsg HTTP/1.1" 200 27
222.70.183.82 - - [04/May/2024:11:17:36 +0800] "GET /xingrg/all/function/internal_message.html?_=1714792654704&CODE_STATE=getMsg HTTP/1.1" 302 -
222.70.183.82 - - [04/May/2024:11:17:36 +0800] "GET /xingrg/check_reg.html?_=1714792654706 HTTP/1.1" 302 -
116.238.97.31 - - [04/May/2024:11:17:38 +0800] "GET /xingrg/all/function/internal_message.html?_=1714792656993&CODE_STATE=getMsg HTTP/1.1" 200 27
101.80.230.31 - - [04/May/2024:11:17:38 +0800] "GET /xingrg/kc/buy/cgsh_order_add.html HTTP/1.1" 200 74398
101.80.230.31 - - [04/May/2024:11:17:38 +0800] "GET /xingrg/words/20240504104821_words.js HTTP/1.1" 304 -
101.80.230.31 - - [04/May/2024:11:17:38 +0800] "POST /xingrg/kc/buy/cgsh_order_operate.html HTTP/1.1" 200 8245
101.80.230.31 - - [04/May/2024:11:17:38 +0800] "GET /xingrg/javascript/easyui/themes/default/validatebox.css HTTP/1.1" 404 1104
101.80.230.31 - - [04/May/2024:11:17:38 +0800] "GET /xingrg/all/common/auto_word.html?type=employee&rest_code=00156 HTTP/1.1" 200 47
101.80.230.31 - - [04/May/2024:11:17:38 +0800] "GET /xingrg/all/common/auto_word.html?type=employee&rest_code=00156 HTTP/1.1" 200 47
116.230.116.4 - - [04/May/2024:11:17:39 +0800] "GET /xingrg/all/function/internal_message.html?_=1714792681073&CODE_STATE=getMsg HTTP/1.1" 200 27
180.164.6.225 - - [04/May/2024:11:17:40 +0800] "GET /xingrg/all/function/internal_message.html?_=1714792660348&CODE_STATE=getMsg HTTP/1.1" 200 27
114.85.36.201 - - [04/May/2024:11:17:41 +0800] "GET /xingrg/all/function/internal_message.html?_=1714791045185&CODE_STATE=getMsg HTTP/1.1" 200 27
180.169.147.146 - - [04/May/2024:11:17:43 +0800] "GET /xingrg/all/function/internal_message.html?_=1714792663314&CODE_STATE=getMsg HTTP/1.1" 200 27
218.79.29.216 - - [04/May/2024:11:17:46 +0800] "GET /xingrg/all/function/internal_message.html?_=1714792665887&CODE_STATE=getMsg HTTP/1.1" 200 27
180.169.147.146 - - [04/May/2024:11:17:46 +0800] "GET /xingrg/all/function/internal_message.html?_=1714792666364&CODE_STATE=getMsg HTTP/1.1" 302 -
222.70.183.82 - - [04/May/2024:11:17:50 +0800] "GET /xingrg/all/function/internal_message.html?_=1714792668669&CODE_STATE=getMsg HTTP/1.1" 200 27
101.80.230.31 - - [04/May/2024:11:17:51 +0800] "GET /xingrg/kc/buy/cgsh_order_operate.html?command=get_materiel&rest_code=00156&code=00101001045&supplier_code=00100665&order_time=2024-05-03 HTTP/1.1" 200 441
124.78.154.56 - - [04/May/2024:11:17:53 +0800] "GET /xingrg/all/function/internal_message.html?_=1714792674723&CODE_STATE=getMsg HTTP/1.1" 200 27
124.78.154.56 - - [04/May/2024:11:17:53 +0800] "GET /xingrg/check_reg.html?_=1714792674726 HTTP/1.1" 200 22
180.164.6.225 - - [04/May/2024:11:17:53 +0800] "GET /xingrg/all/function/internal_message.html?_=1714792673659&CODE_STATE=getMsg HTTP/1.1" 200 27
114.95.253.235 - - [04/May/2024:11:17:57 +0800] "GET /xingrg/all/function/internal_message.html?_=1714792677161&CODE_STATE=getMsg HTTP/1.1" 200 27
120.253.135.82 - - [04/May/2024:11:17:59 +0800] "GET /xingrg/all/function/internal_message.html?_=1714792528371&CODE_STATE=getMsg HTTP/1.1" 200 27
124.78.56.241 - - [04/May/2024:11:18:00 +0800] "GET /xingrg/all/function/internal_message.html?_=1714792675736&CODE_STATE=getMsg HTTP/1.1" 200 27
124.78.56.241 - - [04/May/2024:11:18:03 +0800] "POST /xingrg/all/user/operate.html HTTP/1.1" 200 36
124.78.56.241 - - [04/May/2024:11:18:03 +0800] "GET /xingrg/index.html?sysBaseUrl=http%3A%2F%2F180.169.147.146%3A18081%2Fxingrg%2F&costTime=878×tamp=1714786346239 HTTP/1.1" 200 17503
124.78.56.241 - - [04/May/2024:11:18:03 +0800] "GET /xingrg/javascript/jquery_easy_ui/themes/default/easyui.css HTTP/1.1" 304 -
124.78.56.241 - - [04/May/2024:11:18:03 +0800] "GET /xingrg/javascript/jquery_easy_ui/themes/icon.css HTTP/1.1" 304 -
124.78.56.241 - - [04/May/2024:11:18:03 +0800] "GET /xingrg/css/form.css HTTP/1.1" 304 -
124.78.56.241 - - [04/May/2024:11:18:03 +0800] "GET /xingrg/javascript/jquery-1.4.2.min.js HTTP/1.1" 304 -
124.78.56.241 - - [04/May/2024:11:18:03 +0800] "GET /xingrg/javascript/jquery_easy_ui/jquery.easyui.min.js HTTP/1.1" 304 -
124.78.56.241 - - [04/May/2024:11:18:03 +0800] "GET /xingrg/javascript/jquery_easy_ui/easyui-lang-zh_CN.js HTTP/1.1" 304 -
124.78.56.241 - - [04/May/2024:11:18:03 +0800] "GET /xingrg/javascript/jquery.form.js HTTP/1.1" 304 -
124.78.56.241 - - [04/May/2024:11:18:03 +0800] "GET /xingrg/javascript/jquery.utils.js HTTP/1.1" 304 -
124.78.56.241 - - [04/May/2024:11:18:03 +0800] "GET /xingrg/javascript/jquery.timers.js HTTP/1.1" 304 -
124.78.56.241 - - [04/May/2024:11:18:03 +0800] "GET /xingrg/images/blue/jxLogo.png HTTP/1.1" 304 -
124.78.56.241 - - [04/May/2024:11:18:03 +0800] "GET /xingrg/javascript/jquery_easy_ui/themes/icons/settle_new.png HTTP/1.1" 304 -
124.78.56.241 - - [04/May/2024:11:18:03 +0800] "GET /xingrg/images/blue/navBackgound.jpg HTTP/1.1" 304 -
124.78.56.241 - - [04/May/2024:11:18:03 +0800] "GET /xingrg/all/function/internal_message.html?_=1714792678976&CODE_STATE=count HTTP/1.1" 200 11
124.78.56.241 - - [04/May/2024:11:18:03 +0800] "GET /xingrg/javascript/jquery_easy_ui/themes/default/images/panel_tool_expand.gif HTTP/1.1" 304 -
124.78.56.241 - - [04/May/2024:11:18:03 +0800] "GET /xingrg/javascript/jquery_easy_ui/themes/default/images/panel_tool_collapse.gif HTTP/1.1" 304 -
124.78.56.241 - - [04/May/2024:11:18:03 +0800] "GET /xingrg/javascript/jquery_easy_ui/themes/default/images/tabs_rightarrow.png HTTP/1.1" 304 -
124.78.56.241 - - [04/May/2024:11:18:03 +0800] "GET /xingrg/check_reg.html?_=1714792678977 HTTP/1.1" 200 22
124.78.56.241 - - [04/May/2024:11:18:03 +0800] "GET /xingrg/javascript/jquery_easy_ui/themes/default/images/tabs_leftarrow.png HTTP/1.1" 304 -
124.78.56.241 - - [04/May/2024:11:18:03 +0800] "GET /xingrg/images/blue/pingpu.png HTTP/1.1" 304 -
