180.164.6.225 - - [04/May/2024:10:53:41 +0800] "GET /xingrg/all/function/internal_message.html?_=1714791220771&CODE_STATE=getMsg HTTP/1.1" 200 27
172.20.0.100 - - [04/May/2024:10:53:41 +0800] "GET /xingrg/kc/cost/cost_list.html HTTP/1.1" 200 6073
172.20.0.100 - - [04/May/2024:10:53:41 +0800] "GET /xingrg/dwr/interface/AjaxReportQueryService.js HTTP/1.1" 200 13203
172.20.0.100 - - [04/May/2024:10:53:41 +0800] "GET /xingrg/dwr/engine.js HTTP/1.1" 200 43631
124.78.154.56 - - [04/May/2024:10:53:42 +0800] "GET /xingrg/all/function/internal_message.html?_=1714791217834&CODE_STATE=getMsg HTTP/1.1" 200 27
180.163.30.85 - - [04/May/2024:10:53:42 +0800] "GET /xingrg/all/function/internal_message.html?_=1714791157861&CODE_STATE=getMsg HTTP/1.1" 302 -
180.163.30.85 - - [04/May/2024:10:53:42 +0800] "GET /xingrg/login.html HTTP/1.1" 200 7641
172.20.0.100 - - [04/May/2024:10:53:42 +0800] "GET /xingrg/kc/cost/cost_operate.html?_=1714791218895&command=load_cost_list HTTP/1.1" 200 3192
124.78.154.56 - - [04/May/2024:10:53:42 +0800] "GET /xingrg/check_reg.html?_=1714791218118 HTTP/1.1" 200 22
180.169.147.146 - - [04/May/2024:10:53:43 +0800] "GET /xingrg/all/function/internal_message.html?_=1714791223281&CODE_STATE=getMsg HTTP/1.1" 200 27
116.232.195.13 - - [04/May/2024:10:53:46 +0800] "GET /xingrg/javascript/jquery_easy_ui/themes/default/images/tabs_close.gif HTTP/1.1" 200 829
218.79.29.216 - - [04/May/2024:10:53:46 +0800] "GET /xingrg/all/function/internal_message.html?_=1714791226237&CODE_STATE=getMsg HTTP/1.1" 200 27
180.169.147.146 - - [04/May/2024:10:53:46 +0800] "GET /xingrg/all/function/internal_message.html?_=1714791226362&CODE_STATE=getMsg HTTP/1.1" 200 27
180.169.147.146 - - [04/May/2024:10:53:46 +0800] "GET /xingrg/check_reg.html?_=1714791226364 HTTP/1.1" 200 22
116.232.195.13 - - [04/May/2024:10:53:47 +0800] "GET /xingrg/kc/buy/cgsh_order_list.html HTTP/1.1" 200 58512
116.232.195.13 - - [04/May/2024:10:53:47 +0800] "GET /xingrg/css/base.css HTTP/1.1" 200 2811
116.232.195.13 - - [04/May/2024:10:53:47 +0800] "GET /xingrg/css/site.css HTTP/1.1" 200 7541
116.232.195.13 - - [04/May/2024:10:53:47 +0800] "GET /xingrg/javascript/easyui/themes/default/easyui.css HTTP/1.1" 200 30432
116.232.195.13 - - [04/May/2024:10:53:47 +0800] "GET /xingrg/javascript/jquery_tools/jquery.tools.table.js HTTP/1.1" 200 6994
116.232.195.13 - - [04/May/2024:10:53:47 +0800] "GET /xingrg/javascript/jquery_tools/jquery.tools.min.js HTTP/1.1" 200 138801
116.232.195.13 - - [04/May/2024:10:53:47 +0800] "GET /xingrg/javascript/jquery_tools/jquery.tools.hotkey.js HTTP/1.1" 200 3242
116.232.195.13 - - [04/May/2024:10:53:47 +0800] "GET /xingrg/javascript/jquery_tools/fix.css HTTP/1.1" 200 1702
116.232.195.13 - - [04/May/2024:10:53:47 +0800] "GET /xingrg/javascript/jquery_tools/datebox.css HTTP/1.1" 200 2597
116.232.195.13 - - [04/May/2024:10:53:47 +0800] "GET /xingrg/javascript/jquery_tools/jquery.tools.extend.js HTTP/1.1" 200 15385
116.232.195.13 - - [04/May/2024:10:53:47 +0800] "GET /xingrg/javascript/jquery_tools/table.css HTTP/1.1" 200 1032
116.232.195.13 - - [04/May/2024:10:53:47 +0800] "GET /xingrg/javascript/easyui/themes/icon.css HTTP/1.1" 200 4483
116.232.195.13 - - [04/May/2024:10:53:47 +0800] "GET /xingrg/javascript/auto/jquery.autocomplete.css HTTP/1.1" 200 587
116.232.195.13 - - [04/May/2024:10:53:47 +0800] "GET /xingrg/javascript/jquery_tools/list_manager.js HTTP/1.1" 200 3652
116.232.195.13 - - [04/May/2024:10:53:47 +0800] "GET /xingrg/javascript/easyui/easyloader.js HTTP/1.1" 200 5975
116.232.195.13 - - [04/May/2024:10:53:47 +0800] "GET /xingrg/javascript/jquery.cookie.js HTTP/1.1" 200 5513
116.232.195.13 - - [04/May/2024:10:53:47 +0800] "GET /xingrg/javascript/print/LodopFuncs.js HTTP/1.1" 200 5121
116.232.195.13 - - [04/May/2024:10:53:47 +0800] "GET /xingrg/javascript/auto/jquery.autocomplete.js HTTP/1.1" 200 21624
116.232.195.13 - - [04/May/2024:10:53:47 +0800] "GET /xingrg/javascript/easyui/themes/icons/edit_add_new.png HTTP/1.1" 200 2997
116.232.195.13 - - [04/May/2024:10:53:47 +0800] "GET /xingrg/javascript/easyui/themes/icons/cance_new.png HTTP/1.1" 200 3986
116.232.195.13 - - [04/May/2024:10:53:47 +0800] "GET /xingrg/javascript/easyui/themes/icons/check_new.png HTTP/1.1" 200 3224
116.232.195.13 - - [04/May/2024:10:53:47 +0800] "GET /xingrg/javascript/easyui/themes/icons/field_new.png HTTP/1.1" 200 1097
116.232.195.13 - - [04/May/2024:10:53:47 +0800] "GET /xingrg/javascript/easyui/themes/icons/import_new.png HTTP/1.1" 200 1247
116.232.195.13 - - [04/May/2024:10:53:47 +0800] "GET /xingrg/javascript/easyui/plugins/jquery.parser.js HTTP/1.1" 200 1142
116.232.195.13 - - [04/May/2024:10:53:47 +0800] "GET /xingrg/images/control/ajaxLoader.gif HTTP/1.1" 200 4659
116.232.195.13 - - [04/May/2024:10:53:50 +0800] "POST /xingrg/kc/buy/cgsh_list_operate.html HTTP/1.1" 200 645
222.70.183.82 - - [04/May/2024:10:53:50 +0800] "GET /xingrg/all/function/internal_message.html?_=1714791229020&CODE_STATE=getMsg HTTP/1.1" 200 27
180.163.30.27 - - [04/May/2024:10:53:54 +0800] "GET /xingrg/kc/buy/cgsh_order_operate.html?command=get_materiel&rest_code=00106&code=00101008674&supplier_code=00100008&order_time=2024-05-04 HTTP/1.1" 302 -
180.163.30.27 - - [04/May/2024:10:53:55 +0800] "GET /xingrg/login.html HTTP/1.1" 200 7641
124.78.154.56 - - [04/May/2024:10:53:56 +0800] "GET /xingrg/kc/buy/cgsh_order_operate.html?command=get_materiel&rest_code=00106&code=00101008352&supplier_code=00100008&order_time=2024-05-04 HTTP/1.1" 200 431
172.20.0.100 - - [04/May/2024:10:53:56 +0800] "POST /xingrg/kc/cost/cost_operate.html HTTP/1.1" 200 4
114.95.253.235 - - [04/May/2024:10:53:57 +0800] "GET /xingrg/all/function/internal_message.html?_=1714791237531&CODE_STATE=getMsg HTTP/1.1" 200 27
120.253.135.82 - - [04/May/2024:10:53:57 +0800] "GET /xingrg/all/function/internal_message.html?_=1714791086875&CODE_STATE=getMsg HTTP/1.1" 200 27
124.78.154.56 - - [04/May/2024:10:53:58 +0800] "GET /xingrg/all/function/internal_message.html?_=1714791239369&CODE_STATE=getMsg HTTP/1.1" 200 27
124.78.154.56 - - [04/May/2024:10:54:00 +0800] "POST /xingrg/kc/buy/cgsh_order_operate.html HTTP/1.1" 200 2065
124.78.56.241 - - [04/May/2024:10:54:00 +0800] "GET /xingrg/all/function/internal_message.html?_=1714791235725&CODE_STATE=getMsg HTTP/1.1" 200 27
172.20.0.100 - - [04/May/2024:10:54:01 +0800] "GET /xingrg/kc/cost/cost_operate.html?_=1714791237659&command=load_cost_list HTTP/1.1" 200 2994
180.169.147.146 - - [04/May/2024:10:54:01 +0800] "POST /xingrg/kc/buy/cgsh_list_operate.html HTTP/1.1" 200 4203
172.20.0.100 - - [04/May/2024:10:54:03 +0800] "GET /xingrg/kc/base/check_order_list.html HTTP/1.1" 200 16414
172.20.0.100 - - [04/May/2024:10:54:03 +0800] "POST /xingrg/kc/base/check_list_operate.html HTTP/1.1" 200 781
172.20.0.100 - - [04/May/2024:10:54:06 +0800] "POST /xingrg/kc/base/check_list_operate.html HTTP/1.1" 200 5329
180.169.147.146 - - [04/May/2024:10:54:12 +0800] "POST /xingrg/kc/buy/cgsh_list_operate.html HTTP/1.1" 200 574
180.169.147.146 - - [04/May/2024:10:54:13 +0800] "GET /xingrg/kc/buy/cgsh_order_info.html?code=212024050200494 HTTP/1.1" 200 74344
180.169.147.146 - - [04/May/2024:10:54:14 +0800] "GET /xingrg/words/20240504104821_words.js HTTP/1.1" 200 1023030
124.78.154.56 - - [04/May/2024:10:54:14 +0800] "GET /xingrg/kc/buy/cgsh_order_operate.html?command=get_materiel&rest_code=00106&code=00101008353&supplier_code=00100008&order_time=2024-05-04 HTTP/1.1" 200 429
124.78.154.56 - - [04/May/2024:10:54:14 +0800] "GET /xingrg/kc/base/wldb_order_operate.html?command=get_materiel&rest_code=00106&base_code=0010396&code=00101019195 HTTP/1.1" 200 472
180.169.147.146 - - [04/May/2024:10:54:14 +0800] "GET /xingrg/javascript/easyui/themes/default/validatebox.css HTTP/1.1" 404 1104
180.169.147.146 - - [04/May/2024:10:54:14 +0800] "GET /xingrg/all/common/auto_word.html?type=employee&rest_code=00147 HTTP/1.1" 200 101
180.169.147.146 - - [04/May/2024:10:54:14 +0800] "GET /xingrg/all/common/auto_word.html?type=employee&rest_code=00147 HTTP/1.1" 200 101
180.169.147.146 - - [04/May/2024:10:54:15 +0800] "POST /xingrg/kc/buy/cgsh_order_operate.html HTTP/1.1" 200 27500
116.232.195.13 - - [04/May/2024:10:54:18 +0800] "GET /xingrg/all/function/internal_message.html?_=1714791258632&CODE_STATE=getMsg HTTP/1.1" 200 27
116.238.97.31 - - [04/May/2024:10:54:19 +0800] "GET /xingrg/all/function/internal_message.html?_=1714791259255&CODE_STATE=getMsg HTTP/1.1" 200 27
172.20.0.100 - - [04/May/2024:10:54:20 +0800] "GET /xingrg/all/function/internal_message.html?_=1714791256934&CODE_STATE=getMsg HTTP/1.1" 200 27
116.238.97.31 - - [04/May/2024:10:54:21 +0800] "GET /xingrg/check_reg.html?_=1714791261053 HTTP/1.1" 200 22
124.78.56.241 - - [04/May/2024:10:54:21 +0800] "GET /xingrg/all/function/internal_message.html?_=1714791261328&CODE_STATE=getMsg HTTP/1.1" 200 27
172.20.0.100 - - [04/May/2024:10:54:21 +0800] "POST /xingrg/kc/base/check_list_operate.html HTTP/1.1" 200 4
124.78.154.56 - - [04/May/2024:10:54:23 +0800] "GET /xingrg/kc/buy/cgsh_order_operate.html?command=get_materiel&rest_code=00106&code=00101008355&supplier_code=00100008&order_time=2024-05-04 HTTP/1.1" 200 408
172.20.0.100 - - [04/May/2024:10:54:23 +0800] "POST /xingrg/kc/base/check_list_operate.html HTTP/1.1" 200 5329
101.83.144.49 - - [04/May/2024:10:54:24 +0800] "GET /xingrg/all/function/internal_message.html?_=1714791265509&CODE_STATE=getMsg HTTP/1.1" 200 27
180.169.147.146 - - [04/May/2024:10:54:28 +0800] "GET /xingrg/all/function/internal_message.html?_=1714791269980&CODE_STATE=getMsg HTTP/1.1" 200 27
114.83.218.129 - - [04/May/2024:10:54:32 +0800] "GET /xingrg/all/function/internal_message.html?_=1714791272416&CODE_STATE=getMsg HTTP/1.1" 200 27
222.69.135.215 - - [04/May/2024:10:54:34 +0800] "GET /xingrg/all/function/internal_message.html?_=1714791276217&CODE_STATE=getMsg HTTP/1.1" 200 27
222.69.135.215 - - [04/May/2024:10:54:35 +0800] "GET /xingrg/check_reg.html?_=1714791276978 HTTP/1.1" 200 22
116.232.195.13 - - [04/May/2024:10:54:35 +0800] "GET /xingrg/all/function/internal_message.html?_=1714791253011&CODE_STATE=getMsg HTTP/1.1" 200 27
222.70.183.82 - - [04/May/2024:10:54:36 +0800] "GET /xingrg/all/function/internal_message.html?_=1714791274717&CODE_STATE=getMsg HTTP/1.1" 302 -
116.230.116.4 - - [04/May/2024:10:54:38 +0800] "GET /xingrg/all/function/internal_message.html?_=1714791300638&CODE_STATE=getMsg HTTP/1.1" 200 27
180.169.147.146 - - [04/May/2024:10:54:39 +0800] "POST /xingrg/kc/buy/cgsh_order_operate.html HTTP/1.1" 200 37
180.169.147.146 - - [04/May/2024:10:54:39 +0800] "GET /xingrg/kc/report/report_main.html HTTP/1.1" 200 8599
180.169.147.146 - - [04/May/2024:10:54:40 +0800] "GET /xingrg/all/report/report_query.html?fileName=kc/buy/wlcg_cate_hz_rest.xml&autoQuery=1 HTTP/1.1" 200 53789
180.169.147.146 - - [04/May/2024:10:54:40 +0800] "GET /xingrg/dwr/interface/AjaxReportQueryService.js HTTP/1.1" 200 13203
180.169.147.146 - - [04/May/2024:10:54:40 +0800] "GET /xingrg/dwr/engine.js HTTP/1.1" 200 43631
180.169.147.146 - - [04/May/2024:10:54:40 +0800] "POST /xingrg/dwr/call/plaincall/AjaxReportQueryService.getFixDate.dwr HTTP/1.1" 200 111
180.164.6.225 - - [04/May/2024:10:54:41 +0800] "GET /xingrg/all/function/internal_message.html?_=1714791280748&CODE_STATE=getMsg HTTP/1.1" 200 27
180.169.147.146 - - [04/May/2024:10:54:41 +0800] "POST /xingrg/kc/buy/cgsh_order_operate.html HTTP/1.1" 200 27501
124.78.154.56 - - [04/May/2024:10:54:42 +0800] "GET /xingrg/all/function/internal_message.html?_=1714791277817&CODE_STATE=getMsg HTTP/1.1" 200 27
180.169.147.146 - - [04/May/2024:10:54:42 +0800] "POST /xingrg/all/common/load_tree.html?tree=area_rest_tree_json&manage=1 HTTP/1.1" 200 3624
180.169.147.146 - - [04/May/2024:10:54:42 +0800] "POST /xingrg/all/common/load_tree.html?tree=materiel_sort_tree_json HTTP/1.1" 200 9734
180.169.147.146 - - [04/May/2024:10:54:43 +0800] "GET /xingrg/all/function/internal_message.html?_=1714791283329&CODE_STATE=getMsg HTTP/1.1" 200 27
180.169.147.146 - - [04/May/2024:10:54:43 +0800] "GET /xingrg/check_reg.html?_=1714791283331 HTTP/1.1" 200 22
124.78.154.56 - - [04/May/2024:10:54:43 +0800] "GET /xingrg/kc/buy/cgsh_order_operate.html?command=get_materiel&rest_code=00106&code=00101008004&supplier_code=00100008&order_time=2024-05-04 HTTP/1.1" 200 23
180.169.147.146 - - [04/May/2024:10:54:43 +0800] "POST /xingrg/all/common/load_tree.html?tree=supplier_tree_json&manage=1 HTTP/1.1" 200 82397
180.169.147.146 - - [04/May/2024:10:54:44 +0800] "POST /xingrg/all/report/load_report_page.html HTTP/1.1" 200 10905
180.169.147.146 - - [04/May/2024:10:54:45 +0800] "POST /xingrg/kc/buy/cgsh_list_operate.html HTTP/1.1" 200 560
180.169.147.146 - - [04/May/2024:10:54:45 +0800] "GET /xingrg/servlets/image?cache=0.022965386220273443&image=px HTTP/1.1" 200 807
180.169.147.146 - - [04/May/2024:10:54:46 +0800] "GET /xingrg/kc/buy/cgsh_order_info.html?code=212024050200575 HTTP/1.1" 200 74334
180.169.147.146 - - [04/May/2024:10:54:46 +0800] "GET /xingrg/javascript/easyui/themes/default/validatebox.css HTTP/1.1" 404 1104
218.79.29.216 - - [04/May/2024:10:54:46 +0800] "GET /xingrg/all/function/internal_message.html?_=1714791286207&CODE_STATE=getMsg HTTP/1.1" 200 27
180.169.147.146 - - [04/May/2024:10:54:46 +0800] "GET /xingrg/all/function/internal_message.html?_=1714791286352&CODE_STATE=getMsg HTTP/1.1" 200 27
180.169.147.146 - - [04/May/2024:10:54:47 +0800] "POST /xingrg/kc/buy/cgsh_order_operate.html HTTP/1.1" 200 9770
222.70.183.82 - - [04/May/2024:10:54:50 +0800] "GET /xingrg/all/function/internal_message.html?_=1714791289004&CODE_STATE=getMsg HTTP/1.1" 200 27
124.78.154.56 - - [04/May/2024:10:54:51 +0800] "GET /xingrg/kc/base/wldb_order_operate.html?command=get_materiel&rest_code=00106&base_code=0010396&code=00101019185 HTTP/1.1" 200 469
180.169.147.146 - - [04/May/2024:10:54:53 +0800] "GET /xingrg/javascript/auto/indicator.gif HTTP/1.1" 404 1066
114.95.253.235 - - [04/May/2024:10:54:57 +0800] "GET /xingrg/all/function/internal_message.html?_=1714791297504&CODE_STATE=getMsg HTTP/1.1" 200 27
120.253.135.82 - - [04/May/2024:10:54:57 +0800] "GET /xingrg/all/function/internal_message.html?_=1714791146889&CODE_STATE=getMsg HTTP/1.1" 200 27
124.78.154.56 - - [04/May/2024:10:54:58 +0800] "POST /xingrg/kc/buy/cgsh_order_operate.html HTTP/1.1" 200 37
124.78.154.56 - - [04/May/2024:10:54:58 +0800] "GET /xingrg/all/function/internal_message.html?_=1714791299366&CODE_STATE=getMsg HTTP/1.1" 200 27
116.230.116.4 - - [04/May/2024:10:54:59 +0800] "GET /xingrg/check_reg.html?_=1714791320875 HTTP/1.1" 200 22
124.78.56.241 - - [04/May/2024:10:55:00 +0800] "GET /xingrg/all/function/internal_message.html?_=1714791295723&CODE_STATE=getMsg HTTP/1.1" 200 27
180.169.147.146 - - [04/May/2024:10:55:01 +0800] "POST /xingrg/kc/buy/cgsh_order_operate.html HTTP/1.1" 200 37
180.169.147.146 - - [04/May/2024:10:55:03 +0800] "POST /xingrg/kc/buy/cgsh_order_operate.html HTTP/1.1" 200 9773
180.169.147.146 - - [04/May/2024:10:55:16 +0800] "POST /xingrg/dwr/call/plaincall/AjaxReportQueryService.refreshCache.dwr HTTP/1.1" 200 78
180.169.147.146 - - [04/May/2024:10:55:18 +0800] "POST /xingrg/all/report/load_report_page.html HTTP/1.1" 200 8725
116.232.195.13 - - [04/May/2024:10:55:18 +0800] "GET /xingrg/all/function/internal_message.html?_=1714791318622&CODE_STATE=getMsg HTTP/1.1" 200 27
180.169.147.146 - - [04/May/2024:10:55:18 +0800] "GET /xingrg/servlets/image?cache=0.04774903692292631&image=px HTTP/1.1" 200 807
116.238.97.31 - - [04/May/2024:10:55:19 +0800] "GET /xingrg/all/function/internal_message.html?_=1714791319236&CODE_STATE=getMsg HTTP/1.1" 200 27
172.20.0.100 - - [04/May/2024:10:55:20 +0800] "GET /xingrg/check_reg.html?_=1714791316912 HTTP/1.1" 200 22
172.20.0.100 - - [04/May/2024:10:55:20 +0800] "GET /xingrg/all/function/internal_message.html?_=1714791316914&CODE_STATE=getMsg HTTP/1.1" 200 27
124.78.56.241 - - [04/May/2024:10:55:21 +0800] "GET /xingrg/all/function/internal_message.html?_=1714791321311&CODE_STATE=getMsg HTTP/1.1" 200 27
180.169.147.146 - - [04/May/2024:10:55:23 +0800] "POST /xingrg/all/report/load_report_page.html HTTP/1.1" 200 120522
180.169.147.146 - - [04/May/2024:10:55:23 +0800] "GET /xingrg/servlets/image?cache=0.13435922768943365&image=px HTTP/1.1" 200 807
124.78.154.56 - - [04/May/2024:10:55:24 +0800] "GET /xingrg/kc/base/wldb_order_operate.html?command=get_materiel&rest_code=00106&base_code=0010396&code=00101019400 HTTP/1.1" 200 465
101.83.144.49 - - [04/May/2024:10:55:24 +0800] "GET /xingrg/all/function/internal_message.html?_=1714791325511&CODE_STATE=getMsg HTTP/1.1" 200 27
180.169.147.146 - - [04/May/2024:10:55:28 +0800] "GET /xingrg/all/function/internal_message.html?_=1714791329988&CODE_STATE=getMsg HTTP/1.1" 200 27
114.83.218.129 - - [04/May/2024:10:55:28 +0800] "GET /xingrg/kc/base/wldb_order_list.html HTTP/1.1" 200 19057
114.83.218.129 - - [04/May/2024:10:55:29 +0800] "POST /xingrg/kc/base/wldb_list_operate.html HTTP/1.1" 200 928
114.83.218.129 - - [04/May/2024:10:55:32 +0800] "GET /xingrg/all/function/internal_message.html?_=1714791332411&CODE_STATE=getMsg HTTP/1.1" 200 27
114.83.218.129 - - [04/May/2024:10:55:33 +0800] "GET /xingrg/kc/base/wldb_order_add.html HTTP/1.1" 200 30439
114.83.218.129 - - [04/May/2024:10:55:33 +0800] "GET /xingrg/words/20240504104821_words.js HTTP/1.1" 200 1023030
114.83.218.129 - - [04/May/2024:10:55:34 +0800] "POST /xingrg/kc/base/wldb_order_operate.html HTTP/1.1" 200 6806
114.83.218.129 - - [04/May/2024:10:55:34 +0800] "GET /xingrg/all/common/auto_word.html?type=base&rest_code=00149 HTTP/1.1" 200 1907
114.83.218.129 - - [04/May/2024:10:55:34 +0800] "GET /xingrg/all/common/auto_word.html?type=base&rest_code=00149 HTTP/1.1" 200 1907
114.83.218.129 - - [04/May/2024:10:55:34 +0800] "GET /xingrg/javascript/easyui/themes/default/validatebox.css HTTP/1.1" 404 1104
222.69.135.215 - - [04/May/2024:10:55:34 +0800] "GET /xingrg/all/function/internal_message.html?_=1714791336214&CODE_STATE=getMsg HTTP/1.1" 200 27
116.232.195.13 - - [04/May/2024:10:55:35 +0800] "GET /xingrg/all/function/internal_message.html?_=1714791313001&CODE_STATE=getMsg HTTP/1.1" 200 27
222.70.183.82 - - [04/May/2024:10:55:36 +0800] "GET /xingrg/all/function/internal_message.html?_=1714791334708&CODE_STATE=getMsg HTTP/1.1" 302 -
124.78.154.56 - - [04/May/2024:10:55:37 +0800] "GET /xingrg/kc/base/wldb_order_operate.html?command=get_materiel&rest_code=00106&base_code=0010396&code=00101019315 HTTP/1.1" 200 475
116.230.116.4 - - [04/May/2024:10:55:38 +0800] "GET /xingrg/all/function/internal_message.html?_=1714791360647&CODE_STATE=getMsg HTTP/1.1" 200 27
180.169.147.146 - - [04/May/2024:10:55:39 +0800] "POST /xingrg/all/report/load_report_page.html HTTP/1.1" 200 120561
180.169.147.146 - - [04/May/2024:10:55:39 +0800] "GET /xingrg/servlets/image?cache=0.39312857500366494&image=px HTTP/1.1" 200 807
180.169.147.146 - - [04/May/2024:10:55:40 +0800] "POST /xingrg/kc/buy/cgsh_list_operate.html HTTP/1.1" 200 4203
218.79.29.216 - - [04/May/2024:10:55:40 +0800] "GET /xingrg/check_reg.html?_=1714791340379 HTTP/1.1" 200 22
180.164.6.225 - - [04/May/2024:10:55:41 +0800] "GET /xingrg/all/function/internal_message.html?_=1714791340731&CODE_STATE=getMsg HTTP/1.1" 200 27
180.163.28.109 - - [04/May/2024:10:55:42 +0800] "GET /xingrg/all/function/internal_message.html?_=1714791277817&CODE_STATE=getMsg HTTP/1.1" 302 -
180.164.6.225 - - [04/May/2024:10:55:42 +0800] "GET /xingrg/check_reg.html?_=1714791342003 HTTP/1.1" 200 22
180.169.147.146 - - [04/May/2024:10:55:42 +0800] "POST /xingrg/all/report/load_report_page.html HTTP/1.1" 200 120493
180.169.147.146 - - [04/May/2024:10:55:42 +0800] "GET /xingrg/servlets/image?cache=0.43939850424165827&image=px HTTP/1.1" 200 807
180.163.28.109 - - [04/May/2024:10:55:43 +0800] "GET /xingrg/login.html HTTP/1.1" 200 7641
180.169.147.146 - - [04/May/2024:10:55:43 +0800] "GET /xingrg/all/function/internal_message.html?_=1714791343530&CODE_STATE=getMsg HTTP/1.1" 200 27
218.79.29.216 - - [04/May/2024:10:55:46 +0800] "GET /xingrg/all/function/internal_message.html?_=1714791346184&CODE_STATE=getMsg HTTP/1.1" 200 27
180.169.147.146 - - [04/May/2024:10:55:46 +0800] "GET /xingrg/all/function/internal_message.html?_=1714791346357&CODE_STATE=getMsg HTTP/1.1" 200 27
180.169.147.146 - - [04/May/2024:10:55:49 +0800] "POST /xingrg/all/report/load_report_page.html HTTP/1.1" 200 120565
180.169.147.146 - - [04/May/2024:10:55:49 +0800] "GET /xingrg/servlets/image?cache=0.13955244770949193&image=px HTTP/1.1" 200 807
124.78.154.56 - - [04/May/2024:10:55:50 +0800] "GET /xingrg/kc/base/wldb_order_operate.html?command=get_materiel&rest_code=00106&base_code=0010396&code=00101019390 HTTP/1.1" 200 469
222.70.183.82 - - [04/May/2024:10:55:50 +0800] "GET /xingrg/all/function/internal_message.html?_=1714791348987&CODE_STATE=getMsg HTTP/1.1" 200 27
222.70.183.82 - - [04/May/2024:10:55:51 +0800] "GET /xingrg/check_reg.html?_=1714791349300 HTTP/1.1" 200 22
114.83.218.129 - - [04/May/2024:10:55:52 +0800] "GET /xingrg/kc/base/wldb_order_operate.html?command=get_materiel&rest_code=00149&base_code=0010716&code=00101034156 HTTP/1.1" 200 478
180.169.147.146 - - [04/May/2024:10:55:54 +0800] "GET /xingrg/all/report/report_query.html?isQuery=1&fileName=kc/buy/wlcg_mx_rest.xml&queryString=(CONVERT(char(10)%2Ca.order_time%2C%20120)%3E%3D'2024-04-21')%20and%20(CONVERT(char(10)%2Ca.order_time%2C%20120)%3C%3D'2024-04-30')%20and%20(a.supplier_code%20in%20('00100323'))%20and%20(a.materiel_code%3D'00101010193')&queryText=%E3%80%90%E5%8D%95%E6%8D%AE%E6%97%A5%E6%9C%9F%3A2024-04-21%20%E8%87%B3%202024-04-30%E3%80%91%20%E5%B9%B6%E4%B8%94%20%20%E3%80%90%E4%BE%9B%E5%BA%94%E5%95%86%20%3D%20%E6%98%8C%E8%AE%B0%E5%86%BB%E5%93%81(%E5%90%B4%E6%98%8C%E5%8D%8E%EF%BC%89%E3%80%91%20%E5%B9%B6%E4%B8%94%20%E3%80%90%E6%9D%90%E6%96%99%E5%90%8D%E7%A7%B0%20%3D%20%E6%B0%B4%E9%A5%BA*%E5%8C%85%E3%80%91&rand=0.8281680063683108 HTTP/1.1" 200 51166
180.169.147.146 - - [04/May/2024:10:55:54 +0800] "GET /xingrg/all/report/report_query.html?isQuery=1&fileName=kc/buy/wlcg_mx_rest.xml&queryString=(CONVERT(char(10)%2Ca.order_time%2C%20120)%3E%3D'2024-04-21')%20and%20(CONVERT(char(10)%2Ca.order_time%2C%20120)%3C%3D'2024-04-30')%20and%20(a.supplier_code%20in%20('00100323'))%20and%20(a.materiel_code%3D'00101010193')&queryText=%E3%80%90%E5%8D%95%E6%8D%AE%E6%97%A5%E6%9C%9F%3A2024-04-21%20%E8%87%B3%202024-04-30%E3%80%91%20%E5%B9%B6%E4%B8%94%20%20%E3%80%90%E4%BE%9B%E5%BA%94%E5%95%86%20%3D%20%E6%98%8C%E8%AE%B0%E5%86%BB%E5%93%81(%E5%90%B4%E6%98%8C%E5%8D%8E%EF%BC%89%E3%80%91%20%E5%B9%B6%E4%B8%94%20%E3%80%90%E6%9D%90%E6%96%99%E5%90%8D%E7%A7%B0%20%3D%20%E6%B0%B4%E9%A5%BA*%E5%8C%85%E3%80%91&rand=0.8281680063683108 HTTP/1.1" 200 51166
180.169.147.146 - - [04/May/2024:10:55:54 +0800] "GET /xingrg/dwr/engine.js HTTP/1.1" 200 43631
180.169.147.146 - - [04/May/2024:10:55:56 +0800] "POST /xingrg/all/report/load_report_page.html HTTP/1.1" 200 24334
180.169.147.146 - - [04/May/2024:10:55:56 +0800] "GET /xingrg/servlets/image?cache=0.44957931455925126&image=px HTTP/1.1" 200 807
114.95.253.235 - - [04/May/2024:10:55:57 +0800] "GET /xingrg/all/function/internal_message.html?_=1714791357491&CODE_STATE=getMsg HTTP/1.1" 200 27
120.253.135.82 - - [04/May/2024:10:55:58 +0800] "GET /xingrg/all/function/internal_message.html?_=1714791207065&CODE_STATE=getMsg HTTP/1.1" 200 27
124.78.154.56 - - [04/May/2024:10:55:58 +0800] "GET /xingrg/all/function/internal_message.html?_=1714791359374&CODE_STATE=getMsg HTTP/1.1" 200 27
124.78.56.241 - - [04/May/2024:10:56:00 +0800] "GET /xingrg/check_reg.html?_=1714791355722 HTTP/1.1" 200 22
124.78.56.241 - - [04/May/2024:10:56:00 +0800] "GET /xingrg/all/function/internal_message.html?_=1714791355723&CODE_STATE=getMsg HTTP/1.1" 200 27
124.78.154.56 - - [04/May/2024:10:56:02 +0800] "POST /xingrg/kc/base/wldb_order_operate.html HTTP/1.1" 200 37
124.78.154.56 - - [04/May/2024:10:56:03 +0800] "POST /xingrg/kc/base/wldb_order_operate.html HTTP/1.1" 200 5747
124.78.154.56 - - [04/May/2024:10:56:04 +0800] "GET /xingrg/kc/base/wldb_order_info.html?code=422024050400271 HTTP/1.1" 200 30448
124.78.154.56 - - [04/May/2024:10:56:04 +0800] "GET /xingrg/words/20240504104821_words.js HTTP/1.1" 304 -
124.78.154.56 - - [04/May/2024:10:56:04 +0800] "GET /xingrg/javascript/easyui/themes/default/validatebox.css HTTP/1.1" 404 1104
124.78.154.56 - - [04/May/2024:10:56:05 +0800] "POST /xingrg/kc/base/wldb_order_operate.html HTTP/1.1" 200 5747
114.83.218.129 - - [04/May/2024:10:56:06 +0800] "GET /xingrg/check_reg.html?_=1714791366691 HTTP/1.1" 200 22
114.83.218.129 - - [04/May/2024:10:56:11 +0800] "GET /xingrg/kc/base/wldb_order_operate.html?command=get_materiel&rest_code=00149&base_code=0010716&code=00101034159 HTTP/1.1" 200 461
116.232.195.13 - - [04/May/2024:10:56:18 +0800] "GET /xingrg/all/function/internal_message.html?_=1714791378632&CODE_STATE=getMsg HTTP/1.1" 200 27
116.238.97.31 - - [04/May/2024:10:56:19 +0800] "GET /xingrg/all/function/internal_message.html?_=1714791379219&CODE_STATE=getMsg HTTP/1.1" 200 27
172.20.0.100 - - [04/May/2024:10:56:20 +0800] "GET /xingrg/all/function/internal_message.html?_=1714791376917&CODE_STATE=getMsg HTTP/1.1" 200 27
114.83.218.129 - - [04/May/2024:10:56:21 +0800] "GET /xingrg/kc/base/wldb_order_operate.html?command=get_materiel&rest_code=00149&base_code=0010716&code=00101034160 HTTP/1.1" 200 457
124.78.56.241 - - [04/May/2024:10:56:21 +0800] "GET /xingrg/all/function/internal_message.html?_=1714791381295&CODE_STATE=getMsg HTTP/1.1" 200 27
101.83.144.49 - - [04/May/2024:10:56:24 +0800] "GET /xingrg/all/function/internal_message.html?_=1714791385512&CODE_STATE=getMsg HTTP/1.1" 200 27
180.169.147.146 - - [04/May/2024:10:56:27 +0800] "GET /xingrg/kc/buy/cgsh_order_info.html?isLook=1&code=212024042908242 HTTP/1.1" 200 69527
180.169.147.146 - - [04/May/2024:10:56:27 +0800] "GET /xingrg/words/20240504104821_words.js HTTP/1.1" 200 1023030
180.169.147.146 - - [04/May/2024:10:56:27 +0800] "GET /favicon.ico HTTP/1.1" 404 -
180.169.147.146 - - [04/May/2024:10:56:27 +0800] "GET /xingrg/javascript/easyui/themes/default/validatebox.css HTTP/1.1" 404 1104
180.169.147.146 - - [04/May/2024:10:56:28 +0800] "GET /xingrg/all/function/internal_message.html?_=1714791389979&CODE_STATE=getMsg HTTP/1.1" 200 27
180.169.147.146 - - [04/May/2024:10:56:28 +0800] "POST /xingrg/kc/buy/cgsh_order_operate.html HTTP/1.1" 200 2392
114.83.218.129 - - [04/May/2024:10:56:32 +0800] "GET /xingrg/all/function/internal_message.html?_=1714791392383&CODE_STATE=getMsg HTTP/1.1" 200 27
222.69.135.215 - - [04/May/2024:10:56:34 +0800] "GET /xingrg/all/function/internal_message.html?_=1714791396195&CODE_STATE=getMsg HTTP/1.1" 200 27
116.232.195.13 - - [04/May/2024:10:56:35 +0800] "GET /xingrg/check_reg.html?_=1714791373005 HTTP/1.1" 200 22
116.232.195.13 - - [04/May/2024:10:56:35 +0800] "GET /xingrg/all/function/internal_message.html?_=1714791373007&CODE_STATE=getMsg HTTP/1.1" 200 27
222.70.183.82 - - [04/May/2024:10:56:36 +0800] "GET /xingrg/all/function/internal_message.html?_=1714791394715&CODE_STATE=getMsg HTTP/1.1" 302 -
180.169.147.146 - - [04/May/2024:10:56:36 +0800] "GET /xingrg/kc/buy/cgsh_order_info.html?isLook=1&code=212024043008662 HTTP/1.1" 200 69444
180.169.147.146 - - [04/May/2024:10:56:36 +0800] "GET /favicon.ico HTTP/1.1" 404 -
180.169.147.146 - - [04/May/2024:10:56:36 +0800] "GET /xingrg/javascript/easyui/themes/default/validatebox.css HTTP/1.1" 404 1104
180.169.147.146 - - [04/May/2024:10:56:37 +0800] "POST /xingrg/kc/buy/cgsh_order_operate.html HTTP/1.1" 200 4789
116.230.116.4 - - [04/May/2024:10:56:38 +0800] "GET /xingrg/all/function/internal_message.html?_=1714791420659&CODE_STATE=getMsg HTTP/1.1" 200 27
180.164.6.225 - - [04/May/2024:10:56:41 +0800] "GET /xingrg/all/function/internal_message.html?_=1714791400719&CODE_STATE=getMsg HTTP/1.1" 200 27
180.169.147.146 - - [04/May/2024:10:56:43 +0800] "GET /xingrg/all/function/internal_message.html?_=1714791403508&CODE_STATE=getMsg HTTP/1.1" 200 27
218.79.29.216 - - [04/May/2024:10:56:46 +0800] "GET /xingrg/all/function/internal_message.html?_=1714791406167&CODE_STATE=getMsg HTTP/1.1" 200 27
180.169.147.146 - - [04/May/2024:10:56:46 +0800] "GET /xingrg/all/function/internal_message.html?_=1714791406358&CODE_STATE=getMsg HTTP/1.1" 200 27
114.83.218.129 - - [04/May/2024:10:56:47 +0800] "POST /xingrg/kc/base/wldb_order_operate.html HTTP/1.1" 200 37
114.83.218.129 - - [04/May/2024:10:56:48 +0800] "POST /xingrg/kc/base/wldb_order_operate.html HTTP/1.1" 200 2706
114.83.218.129 - - [04/May/2024:10:56:49 +0800] "GET /xingrg/kc/base/wldb_order_info.html?code=422024050400272 HTTP/1.1" 200 30451
114.83.218.129 - - [04/May/2024:10:56:49 +0800] "GET /xingrg/words/20240504104821_words.js HTTP/1.1" 304 -
114.83.218.129 - - [04/May/2024:10:56:49 +0800] "GET /xingrg/javascript/easyui/themes/default/validatebox.css HTTP/1.1" 404 1104
114.83.218.129 - - [04/May/2024:10:56:50 +0800] "POST /xingrg/kc/base/wldb_order_operate.html HTTP/1.1" 200 2706
222.70.183.82 - - [04/May/2024:10:56:50 +0800] "GET /xingrg/all/function/internal_message.html?_=1714791408971&CODE_STATE=getMsg HTTP/1.1" 200 27
114.95.253.235 - - [04/May/2024:10:56:57 +0800] "GET /xingrg/all/function/internal_message.html?_=1714791417467&CODE_STATE=getMsg HTTP/1.1" 200 27
114.95.253.235 - - [04/May/2024:10:56:57 +0800] "GET /xingrg/check_reg.html?_=1714791417707 HTTP/1.1" 200 22
120.253.135.82 - - [04/May/2024:10:56:58 +0800] "GET /xingrg/all/function/internal_message.html?_=1714791267072&CODE_STATE=getMsg HTTP/1.1" 200 27
124.78.154.56 - - [04/May/2024:10:56:58 +0800] "GET /xingrg/check_reg.html?_=1714791419377 HTTP/1.1" 200 22
124.78.154.56 - - [04/May/2024:10:56:58 +0800] "GET /xingrg/all/function/internal_message.html?_=1714791419382&CODE_STATE=getMsg HTTP/1.1" 200 27
124.78.56.241 - - [04/May/2024:10:57:00 +0800] "GET /xingrg/all/function/internal_message.html?_=1714791415722&CODE_STATE=getMsg HTTP/1.1" 200 27
114.83.218.129 - - [04/May/2024:10:57:01 +0800] "GET /xingrg/kc/base/wldb_order_add.html HTTP/1.1" 200 30439
114.83.218.129 - - [04/May/2024:10:57:01 +0800] "POST /xingrg/kc/base/wldb_order_operate.html HTTP/1.1" 200 6806
114.83.218.129 - - [04/May/2024:10:57:01 +0800] "GET /xingrg/javascript/easyui/themes/default/validatebox.css HTTP/1.1" 404 1104
124.78.56.241 - - [04/May/2024:10:57:05 +0800] "GET /xingrg/check_reg.html?_=1714791425266 HTTP/1.1" 200 22
180.163.29.79 - - [04/May/2024:10:57:07 +0800] "GET /xingrg/check_reg.html?_=1714790918136 HTTP/1.1" 302 -
180.163.29.79 - - [04/May/2024:10:57:08 +0800] "GET /xingrg/login.html HTTP/1.1" 200 7641
114.83.218.129 - - [04/May/2024:10:57:09 +0800] "GET /xingrg/kc/base/wldb_order_operate.html?command=get_materiel&rest_code=00149&base_code=0010394&code=00101019185 HTTP/1.1" 200 469
114.83.218.129 - - [04/May/2024:10:57:12 +0800] "GET /xingrg/kc/base/wldb_order_operate.html?command=get_materiel&rest_code=00149&base_code=0010394&code=00101019222 HTTP/1.1" 200 451
114.83.218.129 - - [04/May/2024:10:57:16 +0800] "GET /xingrg/kc/base/wldb_order_operate.html?command=get_materiel&rest_code=00149&base_code=0010394&code=00101019184 HTTP/1.1" 200 458
116.232.195.13 - - [04/May/2024:10:57:18 +0800] "GET /xingrg/check_reg.html?_=1714791438623 HTTP/1.1" 200 22
116.232.195.13 - - [04/May/2024:10:57:18 +0800] "GET /xingrg/all/function/internal_message.html?_=1714791438627&CODE_STATE=getMsg HTTP/1.1" 200 27
116.238.97.31 - - [04/May/2024:10:57:19 +0800] "GET /xingrg/all/function/internal_message.html?_=1714791439193&CODE_STATE=getMsg HTTP/1.1" 200 27
114.83.218.129 - - [04/May/2024:10:57:19 +0800] "GET /xingrg/kc/base/wldb_order_operate.html?command=get_materiel&rest_code=00149&base_code=0010394&code=00101019438 HTTP/1.1" 200 462
101.80.230.31 - - [04/May/2024:10:57:19 +0800] "POST /xingrg/services/DataTransmitService HTTP/1.1" 200 524
172.20.0.100 - - [04/May/2024:10:57:20 +0800] "GET /xingrg/all/function/internal_message.html?_=1714791436921&CODE_STATE=getMsg HTTP/1.1" 200 27
101.80.230.31 - - [04/May/2024:10:57:20 +0800] "POST /xingrg/services/DataTransmitService HTTP/1.1" 200 501
124.78.56.241 - - [04/May/2024:10:57:21 +0800] "GET /xingrg/all/function/internal_message.html?_=1714791441281&CODE_STATE=getMsg HTTP/1.1" 200 27
114.83.218.129 - - [04/May/2024:10:57:23 +0800] "GET /xingrg/kc/base/wldb_order_operate.html?command=get_materiel&rest_code=00149&base_code=0010394&code=00101019391 HTTP/1.1" 200 485
101.83.144.49 - - [04/May/2024:10:57:24 +0800] "GET /xingrg/all/function/internal_message.html?_=1714791445512&CODE_STATE=getMsg HTTP/1.1" 200 27
114.83.218.129 - - [04/May/2024:10:57:26 +0800] "GET /xingrg/kc/base/wldb_order_operate.html?command=get_materiel&rest_code=00149&base_code=0010394&code=00101019187 HTTP/1.1" 200 479
180.169.147.146 - - [04/May/2024:10:57:28 +0800] "GET /xingrg/all/function/internal_message.html?_=1714791449978&CODE_STATE=getMsg HTTP/1.1" 200 27
114.83.218.129 - - [04/May/2024:10:57:32 +0800] "GET /xingrg/all/function/internal_message.html?_=1714791452433&CODE_STATE=getMsg HTTP/1.1" 200 27
114.83.218.129 - - [04/May/2024:10:57:32 +0800] "GET /xingrg/kc/base/wldb_order_operate.html?command=get_materiel&rest_code=00149&base_code=0010394&code=00101019133 HTTP/1.1" 200 480
222.69.135.215 - - [04/May/2024:10:57:34 +0800] "GET /xingrg/all/function/internal_message.html?_=1714791456174&CODE_STATE=getMsg HTTP/1.1" 200 27
116.232.195.13 - - [04/May/2024:10:57:35 +0800] "GET /xingrg/all/function/internal_message.html?_=1714791432999&CODE_STATE=getMsg HTTP/1.1" 200 27
222.70.183.82 - - [04/May/2024:10:57:36 +0800] "GET /xingrg/all/function/internal_message.html?_=1714791454711&CODE_STATE=getMsg HTTP/1.1" 302 -
222.70.183.82 - - [04/May/2024:10:57:36 +0800] "GET /xingrg/check_reg.html?_=1714791454708 HTTP/1.1" 302 -
116.230.116.4 - - [04/May/2024:10:57:38 +0800] "GET /xingrg/all/function/internal_message.html?_=1714791480689&CODE_STATE=getMsg HTTP/1.1" 200 27
114.83.218.129 - - [04/May/2024:10:57:39 +0800] "GET /xingrg/kc/base/wldb_order_operate.html?command=get_materiel&rest_code=00149&base_code=0010394&code=00101016094 HTTP/1.1" 200 469
180.164.6.225 - - [04/May/2024:10:57:41 +0800] "GET /xingrg/all/function/internal_message.html?_=1714791460692&CODE_STATE=getMsg HTTP/1.1" 200 27
114.83.218.129 - - [04/May/2024:10:57:43 +0800] "GET /xingrg/kc/base/wldb_order_operate.html?command=get_materiel&rest_code=00149&base_code=0010394&code=00101016120 HTTP/1.1" 200 455
180.169.147.146 - - [04/May/2024:10:57:43 +0800] "GET /xingrg/all/function/internal_message.html?_=1714791463501&CODE_STATE=getMsg HTTP/1.1" 200 27
218.79.29.216 - - [04/May/2024:10:57:46 +0800] "GET /xingrg/all/function/internal_message.html?_=1714791466151&CODE_STATE=getMsg HTTP/1.1" 200 27
180.169.147.146 - - [04/May/2024:10:57:46 +0800] "GET /xingrg/all/function/internal_message.html?_=1714791466357&CODE_STATE=getMsg HTTP/1.1" 200 27
222.70.183.82 - - [04/May/2024:10:57:50 +0800] "GET /xingrg/all/function/internal_message.html?_=1714791468980&CODE_STATE=getMsg HTTP/1.1" 200 27
114.95.253.235 - - [04/May/2024:10:57:57 +0800] "GET /xingrg/all/function/internal_message.html?_=1714791477455&CODE_STATE=getMsg HTTP/1.1" 200 27
120.253.135.82 - - [04/May/2024:10:57:58 +0800] "GET /xingrg/all/function/internal_message.html?_=1714791327233&CODE_STATE=getMsg HTTP/1.1" 200 27
124.78.154.56 - - [04/May/2024:10:57:58 +0800] "GET /xingrg/all/function/internal_message.html?_=1714791479395&CODE_STATE=getMsg HTTP/1.1" 200 27
124.78.56.241 - - [04/May/2024:10:58:00 +0800] "GET /xingrg/all/function/internal_message.html?_=1714791475720&CODE_STATE=getMsg HTTP/1.1" 200 27
114.83.218.129 - - [04/May/2024:10:58:08 +0800] "POST /xingrg/kc/base/wldb_order_operate.html HTTP/1.1" 200 37
114.83.218.129 - - [04/May/2024:10:58:09 +0800] "POST /xingrg/kc/base/wldb_order_operate.html HTTP/1.1" 200 6212
114.83.218.129 - - [04/May/2024:10:58:10 +0800] "GET /xingrg/kc/base/wldb_order_info.html?code=422024050400273 HTTP/1.1" 200 30454
114.83.218.129 - - [04/May/2024:10:58:10 +0800] "GET /xingrg/words/20240504104821_words.js HTTP/1.1" 304 -
114.83.218.129 - - [04/May/2024:10:58:10 +0800] "GET /xingrg/javascript/easyui/themes/default/validatebox.css HTTP/1.1" 404 1104
114.83.218.129 - - [04/May/2024:10:58:11 +0800] "POST /xingrg/kc/base/wldb_order_operate.html HTTP/1.1" 200 6212
114.83.218.129 - - [04/May/2024:10:58:13 +0800] "GET /xingrg/kc/base/wldb_order_add.html HTTP/1.1" 200 30439
114.83.218.129 - - [04/May/2024:10:58:13 +0800] "POST /xingrg/kc/base/wldb_order_operate.html HTTP/1.1" 200 6806
114.83.218.129 - - [04/May/2024:10:58:13 +0800] "GET /xingrg/javascript/easyui/themes/default/validatebox.css HTTP/1.1" 404 1104
116.232.195.13 - - [04/May/2024:10:58:18 +0800] "GET /xingrg/all/function/internal_message.html?_=1714791498611&CODE_STATE=getMsg HTTP/1.1" 200 27
116.238.97.31 - - [04/May/2024:10:58:19 +0800] "GET /xingrg/all/function/internal_message.html?_=1714791499179&CODE_STATE=getMsg HTTP/1.1" 200 27
172.20.0.100 - - [04/May/2024:10:58:20 +0800] "GET /xingrg/all/function/internal_message.html?_=1714791496907&CODE_STATE=getMsg HTTP/1.1" 200 27
124.78.56.241 - - [04/May/2024:10:58:21 +0800] "GET /xingrg/all/function/internal_message.html?_=1714791501260&CODE_STATE=getMsg HTTP/1.1" 200 27
101.83.144.49 - - [04/May/2024:10:58:24 +0800] "GET /xingrg/all/function/internal_message.html?_=1714791505514&CODE_STATE=getMsg HTTP/1.1" 200 27
101.83.144.49 - - [04/May/2024:10:58:24 +0800] "GET /xingrg/check_reg.html?_=1714791505517 HTTP/1.1" 200 22
180.169.147.146 - - [04/May/2024:10:58:28 +0800] "GET /xingrg/check_reg.html?_=1714791509993 HTTP/1.1" 200 22
180.169.147.146 - - [04/May/2024:10:58:28 +0800] "GET /xingrg/all/function/internal_message.html?_=1714791509994&CODE_STATE=getMsg HTTP/1.1" 200 27
114.83.218.129 - - [04/May/2024:10:58:32 +0800] "GET /xingrg/all/function/internal_message.html?_=1714791512450&CODE_STATE=getMsg HTTP/1.1" 200 27
114.83.218.129 - - [04/May/2024:10:58:32 +0800] "GET /xingrg/kc/base/wldb_order_operate.html?command=get_materiel&rest_code=00149&base_code=0010394&code=00101019199 HTTP/1.1" 200 473
120.253.135.82 - - [04/May/2024:10:58:32 +0800] "GET /xingrg/check_reg.html?_=1714791361826 HTTP/1.1" 200 22
222.69.135.215 - - [04/May/2024:10:58:34 +0800] "GET /xingrg/all/function/internal_message.html?_=1714791516148&CODE_STATE=getMsg HTTP/1.1" 200 27
116.232.195.13 - - [04/May/2024:10:58:35 +0800] "GET /xingrg/all/function/internal_message.html?_=1714791493005&CODE_STATE=getMsg HTTP/1.1" 200 27
222.70.183.82 - - [04/May/2024:10:58:36 +0800] "GET /xingrg/all/function/internal_message.html?_=1714791514704&CODE_STATE=getMsg HTTP/1.1" 302 -
116.230.116.4 - - [04/May/2024:10:58:38 +0800] "GET /xingrg/all/function/internal_message.html?_=1714791540703&CODE_STATE=getMsg HTTP/1.1" 200 27
180.164.6.225 - - [04/May/2024:10:58:41 +0800] "GET /xingrg/all/function/internal_message.html?_=1714791520689&CODE_STATE=getMsg HTTP/1.1" 200 27
180.169.147.146 - - [04/May/2024:10:58:43 +0800] "GET /xingrg/all/function/internal_message.html?_=1714791523490&CODE_STATE=getMsg HTTP/1.1" 200 27
218.79.29.216 - - [04/May/2024:10:58:46 +0800] "GET /xingrg/all/function/internal_message.html?_=1714791526134&CODE_STATE=getMsg HTTP/1.1" 200 27
180.169.147.146 - - [04/May/2024:10:58:46 +0800] "GET /xingrg/all/function/internal_message.html?_=1714791526353&CODE_STATE=getMsg HTTP/1.1" 200 27
180.169.147.146 - - [04/May/2024:10:58:46 +0800] "GET /xingrg/check_reg.html?_=1714791526355 HTTP/1.1" 200 22
114.83.218.129 - - [04/May/2024:10:58:50 +0800] "GET /xingrg/kc/base/wldb_order_operate.html?command=get_materiel&rest_code=00149&base_code=0010394&code=00101019154 HTTP/1.1" 200 450
222.70.183.82 - - [04/May/2024:10:58:50 +0800] "GET /xingrg/all/function/internal_message.html?_=1714791528963&CODE_STATE=getMsg HTTP/1.1" 200 27
114.95.253.235 - - [04/May/2024:10:58:57 +0800] "GET /xingrg/all/function/internal_message.html?_=1714791537435&CODE_STATE=getMsg HTTP/1.1" 200 27
120.253.135.82 - - [04/May/2024:10:58:58 +0800] "GET /xingrg/all/function/internal_message.html?_=1714791387239&CODE_STATE=getMsg HTTP/1.1" 200 27
124.78.154.56 - - [04/May/2024:10:58:58 +0800] "GET /xingrg/all/function/internal_message.html?_=1714791539382&CODE_STATE=getMsg HTTP/1.1" 200 27
124.78.56.241 - - [04/May/2024:10:59:00 +0800] "GET /xingrg/all/function/internal_message.html?_=1714791535719&CODE_STATE=getMsg HTTP/1.1" 200 27
114.83.218.129 - - [04/May/2024:10:59:15 +0800] "GET /xingrg/kc/base/wldb_order_operate.html?command=get_materiel&rest_code=00149&base_code=0010394&code=00101019543 HTTP/1.1" 200 467
116.232.195.13 - - [04/May/2024:10:59:18 +0800] "GET /xingrg/all/function/internal_message.html?_=1714791558606&CODE_STATE=getMsg HTTP/1.1" 200 27
116.238.97.31 - - [04/May/2024:10:59:19 +0800] "GET /xingrg/all/function/internal_message.html?_=1714791559175&CODE_STATE=getMsg HTTP/1.1" 200 27
172.20.0.100 - - [04/May/2024:10:59:20 +0800] "GET /xingrg/all/function/internal_message.html?_=1714791556909&CODE_STATE=getMsg HTTP/1.1" 200 27
116.238.97.31 - - [04/May/2024:10:59:21 +0800] "GET /xingrg/check_reg.html?_=1714791561052 HTTP/1.1" 200 22
124.78.56.241 - - [04/May/2024:10:59:21 +0800] "GET /xingrg/all/function/internal_message.html?_=1714791561242&CODE_STATE=getMsg HTTP/1.1" 200 27
101.83.144.49 - - [04/May/2024:10:59:24 +0800] "GET /xingrg/all/function/internal_message.html?_=1714791565517&CODE_STATE=getMsg HTTP/1.1" 200 27
180.169.147.146 - - [04/May/2024:10:59:28 +0800] "GET /xingrg/all/function/internal_message.html?_=1714791569983&CODE_STATE=getMsg HTTP/1.1" 200 27
114.83.218.129 - - [04/May/2024:10:59:32 +0800] "GET /xingrg/all/function/internal_message.html?_=1714791572423&CODE_STATE=getMsg HTTP/1.1" 200 27
222.69.135.215 - - [04/May/2024:10:59:34 +0800] "GET /xingrg/all/function/internal_message.html?_=1714791576129&CODE_STATE=getMsg HTTP/1.1" 200 27
222.69.135.215 - - [04/May/2024:10:59:35 +0800] "GET /xingrg/check_reg.html?_=1714791576975 HTTP/1.1" 200 22
116.232.195.13 - - [04/May/2024:10:59:35 +0800] "GET /xingrg/all/function/internal_message.html?_=1714791553005&CODE_STATE=getMsg HTTP/1.1" 200 27
222.70.183.82 - - [04/May/2024:10:59:36 +0800] "GET /xingrg/all/function/internal_message.html?_=1714791574718&CODE_STATE=getMsg HTTP/1.1" 302 -
114.83.218.129 - - [04/May/2024:10:59:38 +0800] "POST /xingrg/kc/base/wldb_order_operate.html HTTP/1.1" 200 37
116.230.116.4 - - [04/May/2024:10:59:38 +0800] "GET /xingrg/all/function/internal_message.html?_=1714791600731&CODE_STATE=getMsg HTTP/1.1" 200 27
114.83.218.129 - - [04/May/2024:10:59:39 +0800] "POST /xingrg/kc/base/wldb_order_operate.html HTTP/1.1" 200 5191
114.83.218.129 - - [04/May/2024:10:59:39 +0800] "GET /xingrg/kc/base/wldb_order_info.html?code=422024050400274 HTTP/1.1" 200 30454
114.83.218.129 - - [04/May/2024:10:59:39 +0800] "GET /xingrg/words/20240504104821_words.js HTTP/1.1" 304 -
114.83.218.129 - - [04/May/2024:10:59:40 +0800] "GET /xingrg/javascript/easyui/themes/default/validatebox.css HTTP/1.1" 404 1104
180.164.6.225 - - [04/May/2024:10:59:41 +0800] "GET /xingrg/all/function/internal_message.html?_=1714791580674&CODE_STATE=getMsg HTTP/1.1" 200 27
180.169.147.146 - - [04/May/2024:10:59:42 +0800] "POST /xingrg/kc/buy/cgsh_list_operate.html HTTP/1.1" 200 4
114.83.218.129 - - [04/May/2024:10:59:42 +0800] "POST /xingrg/kc/base/wldb_order_operate.html HTTP/1.1" 200 5191
180.169.147.146 - - [04/May/2024:10:59:43 +0800] "GET /xingrg/check_reg.html?_=1714791583322 HTTP/1.1" 200 22
180.169.147.146 - - [04/May/2024:10:59:43 +0800] "GET /xingrg/all/function/internal_message.html?_=1714791583481&CODE_STATE=getMsg HTTP/1.1" 200 27
218.79.29.216 - - [04/May/2024:10:59:46 +0800] "GET /xingrg/all/function/internal_message.html?_=1714791586121&CODE_STATE=getMsg HTTP/1.1" 200 27
180.169.147.146 - - [04/May/2024:10:59:46 +0800] "GET /xingrg/all/function/internal_message.html?_=1714791586367&CODE_STATE=getMsg HTTP/1.1" 200 27
114.83.218.129 - - [04/May/2024:10:59:48 +0800] "GET /xingrg/kc/base/wldb_order_add.html HTTP/1.1" 200 30439
114.83.218.129 - - [04/May/2024:10:59:49 +0800] "GET /xingrg/javascript/easyui/themes/default/validatebox.css HTTP/1.1" 404 1104
114.83.218.129 - - [04/May/2024:10:59:49 +0800] "POST /xingrg/kc/base/wldb_order_operate.html HTTP/1.1" 200 6806
222.70.183.82 - - [04/May/2024:10:59:50 +0800] "GET /xingrg/all/function/internal_message.html?_=1714791588947&CODE_STATE=getMsg HTTP/1.1" 200 27
114.95.253.235 - - [04/May/2024:10:59:57 +0800] "GET /xingrg/all/function/internal_message.html?_=1714791597412&CODE_STATE=getMsg HTTP/1.1" 200 27
120.253.135.82 - - [04/May/2024:10:59:58 +0800] "GET /xingrg/all/function/internal_message.html?_=1714791447252&CODE_STATE=getMsg HTTP/1.1" 200 27
124.78.154.56 - - [04/May/2024:10:59:58 +0800] "GET /xingrg/all/function/internal_message.html?_=1714791599382&CODE_STATE=getMsg HTTP/1.1" 200 27
116.230.116.4 - - [04/May/2024:10:59:58 +0800] "GET /xingrg/check_reg.html?_=1714791620873 HTTP/1.1" 200 22
114.83.218.129 - - [04/May/2024:10:59:59 +0800] "GET /xingrg/kc/base/wldb_order_operate.html?command=get_materiel&rest_code=00149&base_code=0010394&code=00101019253 HTTP/1.1" 200 481
124.78.56.241 - - [04/May/2024:11:00:00 +0800] "GET /xingrg/all/function/internal_message.html?_=1714791595718&CODE_STATE=getMsg HTTP/1.1" 200 27
180.169.147.146 - - [04/May/2024:11:00:02 +0800] "GET /xingrg/all/report/report_query.html?isQuery=1&fileName=kc/buy/wlcg_mx_rest.xml&queryString=(CONVERT(char(10)%2Ca.order_time%2C%20120)%3E%3D'2024-04-21')%20and%20(CONVERT(char(10)%2Ca.order_time%2C%20120)%3C%3D'2024-04-30')%20and%20(a.supplier_code%20in%20('00100323'))%20and%20(a.materiel_code%3D'00101001035')&queryText=%E3%80%90%E5%8D%95%E6%8D%AE%E6%97%A5%E6%9C%9F%3A2024-04-21%20%E8%87%B3%202024-04-30%E3%80%91%20%E5%B9%B6%E4%B8%94%20%20%E3%80%90%E4%BE%9B%E5%BA%94%E5%95%86%20%3D%20%E6%98%8C%E8%AE%B0%E5%86%BB%E5%93%81(%E5%90%B4%E6%98%8C%E5%8D%8E%EF%BC%89%E3%80%91%20%E5%B9%B6%E4%B8%94%20%E3%80%90%E6%9D%90%E6%96%99%E5%90%8D%E7%A7%B0%20%3D%20%E9%B2%B7%E9%B1%BC%E7%89%87%E3%80%91&rand=0.06876686914531682 HTTP/1.1" 200 51164
180.169.147.146 - - [04/May/2024:11:00:02 +0800] "GET /xingrg/all/report/report_query.html?isQuery=1&fileName=kc/buy/wlcg_mx_rest.xml&queryString=(CONVERT(char(10)%2Ca.order_time%2C%20120)%3E%3D'2024-04-21')%20and%20(CONVERT(char(10)%2Ca.order_time%2C%20120)%3C%3D'2024-04-30')%20and%20(a.supplier_code%20in%20('00100323'))%20and%20(a.materiel_code%3D'00101001035')&queryText=%E3%80%90%E5%8D%95%E6%8D%AE%E6%97%A5%E6%9C%9F%3A2024-04-21%20%E8%87%B3%202024-04-30%E3%80%91%20%E5%B9%B6%E4%B8%94%20%20%E3%80%90%E4%BE%9B%E5%BA%94%E5%95%86%20%3D%20%E6%98%8C%E8%AE%B0%E5%86%BB%E5%93%81(%E5%90%B4%E6%98%8C%E5%8D%8E%EF%BC%89%E3%80%91%20%E5%B9%B6%E4%B8%94%20%E3%80%90%E6%9D%90%E6%96%99%E5%90%8D%E7%A7%B0%20%3D%20%E9%B2%B7%E9%B1%BC%E7%89%87%E3%80%91&rand=0.06876686914531682 HTTP/1.1" 200 51164
180.169.147.146 - - [04/May/2024:11:00:02 +0800] "GET /xingrg/dwr/engine.js HTTP/1.1" 200 43631
180.169.147.146 - - [04/May/2024:11:00:04 +0800] "POST /xingrg/all/report/load_report_page.html HTTP/1.1" 200 24333
180.169.147.146 - - [04/May/2024:11:00:04 +0800] "GET /xingrg/servlets/image?cache=0.04648489383815502&image=px HTTP/1.1" 200 807
114.83.218.129 - - [04/May/2024:11:00:11 +0800] "GET /xingrg/kc/base/wldb_order_operate.html?command=get_materiel&rest_code=00149&base_code=0010394&code=00101019283 HTTP/1.1" 200 465
180.169.147.146 - - [04/May/2024:11:00:13 +0800] "GET /xingrg/kc/buy/cgsh_order_info.html?isLook=1&code=212024042205950 HTTP/1.1" 200 69532
180.169.147.146 - - [04/May/2024:11:00:13 +0800] "GET /xingrg/words/20240504104821_words.js HTTP/1.1" 304 -
180.169.147.146 - - [04/May/2024:11:00:14 +0800] "GET /favicon.ico HTTP/1.1" 404 -
180.169.147.146 - - [04/May/2024:11:00:14 +0800] "GET /xingrg/javascript/easyui/themes/default/validatebox.css HTTP/1.1" 404 1104
180.169.147.146 - - [04/May/2024:11:00:15 +0800] "POST /xingrg/kc/buy/cgsh_order_operate.html HTTP/1.1" 200 4204
116.232.195.13 - - [04/May/2024:11:00:18 +0800] "GET /xingrg/all/function/internal_message.html?_=1714791618592&CODE_STATE=getMsg HTTP/1.1" 200 27
116.238.97.31 - - [04/May/2024:11:00:19 +0800] "GET /xingrg/all/function/internal_message.html?_=1714791619153&CODE_STATE=getMsg HTTP/1.1" 200 27
172.20.0.100 - - [04/May/2024:11:00:20 +0800] "GET /xingrg/all/function/internal_message.html?_=1714791616911&CODE_STATE=getMsg HTTP/1.1" 200 27
172.20.0.100 - - [04/May/2024:11:00:20 +0800] "GET /xingrg/check_reg.html?_=1714791616912 HTTP/1.1" 200 22
124.78.56.241 - - [04/May/2024:11:00:21 +0800] "GET /xingrg/all/function/internal_message.html?_=1714791621216&CODE_STATE=getMsg HTTP/1.1" 200 27
101.83.144.49 - - [04/May/2024:11:00:24 +0800] "GET /xingrg/all/function/internal_message.html?_=1714791625518&CODE_STATE=getMsg HTTP/1.1" 200 27
180.169.147.146 - - [04/May/2024:11:00:26 +0800] "POST /xingrg/kc/buy/cgsh_list_operate.html HTTP/1.1" 200 2853
180.169.147.146 - - [04/May/2024:11:00:28 +0800] "GET /xingrg/all/function/internal_message.html?_=1714791629979&CODE_STATE=getMsg HTTP/1.1" 200 27
114.83.218.129 - - [04/May/2024:11:00:32 +0800] "GET /xingrg/all/function/internal_message.html?_=1714791632410&CODE_STATE=getMsg HTTP/1.1" 200 27
222.69.135.215 - - [04/May/2024:11:00:34 +0800] "GET /xingrg/all/function/internal_message.html?_=1714791636117&CODE_STATE=getMsg HTTP/1.1" 200 27
116.232.195.13 - - [04/May/2024:11:00:35 +0800] "GET /xingrg/all/function/internal_message.html?_=1714791613004&CODE_STATE=getMsg HTTP/1.1" 200 27
222.70.183.82 - - [04/May/2024:11:00:36 +0800] "GET /xingrg/all/function/internal_message.html?_=1714791634720&CODE_STATE=getMsg HTTP/1.1" 302 -
116.230.116.4 - - [04/May/2024:11:00:38 +0800] "GET /xingrg/all/function/internal_message.html?_=1714791660745&CODE_STATE=getMsg HTTP/1.1" 200 27
218.79.29.216 - - [04/May/2024:11:00:40 +0800] "GET /xingrg/check_reg.html?_=1714791640379 HTTP/1.1" 200 22
180.164.6.225 - - [04/May/2024:11:00:41 +0800] "GET /xingrg/all/function/internal_message.html?_=1714791640656&CODE_STATE=getMsg HTTP/1.1" 200 27
