120.253.135.82 - - [01/May/2024:08:50:48 +0800] "GET /xingrg/kc/pszx/mdps_order_info.html?code=312024043000508 HTTP/1.1" 200 19644
120.253.135.82 - - [01/May/2024:08:50:48 +0800] "GET /xingrg/javascript/easyui/themes/default/validatebox.css HTTP/1.1" 404 1104
120.253.135.82 - - [01/May/2024:08:50:48 +0800] "POST /xingrg/kc/pszx/mdps_order_operate.html HTTP/1.1" 200 1014
120.253.135.82 - - [01/May/2024:08:50:49 +0800] "POST /xingrg/kc/pszx/mdps_list_operate.html HTTP/1.1" 200 868
114.95.253.235 - - [01/May/2024:08:50:50 +0800] "GET /xingrg/kc/buy/cgsh_order_operate.html?command=get_materiel&rest_code=00150&code=00101006013&supplier_code=00100096&order_time=2024-05-01 HTTP/1.1" 200 411
120.253.135.82 - - [01/May/2024:08:50:55 +0800] "GET /xingrg/all/function/internal_message.html?_=1714524838798&CODE_STATE=getMsg HTTP/1.1" 200 27
116.238.97.31 - - [01/May/2024:08:50:59 +0800] "GET /xingrg/all/function/internal_message.html?_=1714524659605&CODE_STATE=getMsg HTTP/1.1" 200 27
116.238.97.31 - - [01/May/2024:08:50:59 +0800] "GET /xingrg/check_reg.html?_=1714524659630 HTTP/1.1" 200 22
120.253.135.82 - - [01/May/2024:08:51:01 +0800] "GET /xingrg/all/function/internal_message.html?_=1714524510326&CODE_STATE=getMsg HTTP/1.1" 200 27
114.95.253.235 - - [01/May/2024:08:51:02 +0800] "GET /xingrg/kc/buy/cgsh_order_operate.html?command=get_materiel&rest_code=00150&code=00101010711&supplier_code=00100096&order_time=2024-05-01 HTTP/1.1" 200 407
218.79.29.216 - - [01/May/2024:08:51:09 +0800] "GET /xingrg/check_reg.html?_=1714524673948 HTTP/1.1" 200 22
218.79.29.216 - - [01/May/2024:08:51:09 +0800] "GET /xingrg/all/function/internal_message.html?_=1714524673950&CODE_STATE=getMsg HTTP/1.1" 200 27
116.228.172.94 - - [01/May/2024:08:51:11 +0800] "GET /xingrg/all/function/internal_message.html?_=1714524670116&CODE_STATE=getMsg HTTP/1.1" 302 -
114.95.253.235 - - [01/May/2024:08:51:18 +0800] "POST /xingrg/kc/buy/cgsh_order_operate.html HTTP/1.1" 200 37
114.95.253.235 - - [01/May/2024:08:51:26 +0800] "POST /xingrg/kc/buy/cgsh_order_operate.html HTTP/1.1" 200 12
114.95.253.235 - - [01/May/2024:08:51:29 +0800] "GET /xingrg/kc/buy/cgsh_order_info.html?code=212024050100008 HTTP/1.1" 200 69135
114.95.253.235 - - [01/May/2024:08:51:30 +0800] "GET /xingrg/javascript/easyui/themes/default/validatebox.css HTTP/1.1" 404 1104
114.95.253.235 - - [01/May/2024:08:51:31 +0800] "POST /xingrg/kc/buy/cgsh_order_operate.html HTTP/1.1" 200 7162
114.95.253.235 - - [01/May/2024:08:51:34 +0800] "GET /xingrg/kc/print/load_data.html?order_code=212024050100008&kc_code=cgsh&condition= HTTP/1.1" 200 3216
222.70.183.82 - - [01/May/2024:08:51:35 +0800] "GET /xingrg/all/function/internal_message.html?_=1714524695091&CODE_STATE=getMsg HTTP/1.1" 200 27
116.230.112.13 - - [01/May/2024:08:51:38 +0800] "GET /xingrg/all/function/internal_message.html?_=1714524707528&CODE_STATE=getMsg HTTP/1.1" 302 -
114.95.253.235 - - [01/May/2024:08:51:38 +0800] "GET /xingrg/all/function/internal_message.html?_=1714524698168&CODE_STATE=getMsg HTTP/1.1" 200 27
116.238.97.31 - - [01/May/2024:08:51:41 +0800] "POST /xingrg/kc/buy/cgsh_list_operate.html HTTP/1.1" 200 565
221.239.168.119 - - [01/May/2024:08:51:41 +0800] "GET /xingrg/all/function/internal_message.html?_=1714524700998&CODE_STATE=getMsg HTTP/1.1" 200 27
116.238.97.31 - - [01/May/2024:08:51:42 +0800] "GET /xingrg/kc/buy/cgsh_order_info.html?code=212024050100007 HTTP/1.1" 200 74227
120.253.135.82 - - [01/May/2024:08:51:42 +0800] "POST /xingrg/kc/pszx/mdps_list_operate.html HTTP/1.1" 200 2807
116.238.97.31 - - [01/May/2024:08:51:43 +0800] "GET /xingrg/javascript/easyui/themes/default/validatebox.css HTTP/1.1" 404 1104
116.238.97.31 - - [01/May/2024:08:51:44 +0800] "POST /xingrg/kc/buy/cgsh_order_operate.html HTTP/1.1" 200 9777
124.78.56.241 - - [01/May/2024:08:51:46 +0800] "GET /xingrg/all/function/internal_message.html?_=1714524706537&CODE_STATE=getMsg HTTP/1.1" 200 27
120.253.135.82 - - [01/May/2024:08:51:53 +0800] "POST /xingrg/kc/pszx/mdps_list_operate.html HTTP/1.1" 200 592
120.253.135.82 - - [01/May/2024:08:51:55 +0800] "GET /xingrg/kc/pszx/mdps_order_info.html?code=312024042900506 HTTP/1.1" 200 23978
120.253.135.82 - - [01/May/2024:08:51:55 +0800] "GET /xingrg/javascript/easyui/themes/default/validatebox.css HTTP/1.1" 404 1104
120.253.135.82 - - [01/May/2024:08:51:55 +0800] "GET /xingrg/all/function/internal_message.html?_=1714524898800&CODE_STATE=getMsg HTTP/1.1" 200 27
120.253.135.82 - - [01/May/2024:08:51:55 +0800] "POST /xingrg/kc/pszx/mdps_order_operate.html HTTP/1.1" 200 5263
116.232.32.112 - - [01/May/2024:08:51:57 +0800] "POST /xingrg/services/DataTransmitService HTTP/1.1" 200 524
116.238.97.31 - - [01/May/2024:08:51:59 +0800] "GET /xingrg/all/function/internal_message.html?_=1714524719578&CODE_STATE=getMsg HTTP/1.1" 200 27
120.253.135.82 - - [01/May/2024:08:52:01 +0800] "GET /xingrg/all/function/internal_message.html?_=1714524570335&CODE_STATE=getMsg HTTP/1.1" 200 27
120.253.135.82 - - [01/May/2024:08:52:01 +0800] "POST /xingrg/kc/pszx/mdps_order_operate.html HTTP/1.1" 200 37
116.238.97.31 - - [01/May/2024:08:52:03 +0800] "POST /xingrg/kc/buy/cgsh_order_operate.html HTTP/1.1" 200 37
116.238.97.31 - - [01/May/2024:08:52:05 +0800] "POST /xingrg/kc/buy/cgsh_order_operate.html HTTP/1.1" 200 9777
120.253.135.82 - - [01/May/2024:08:52:06 +0800] "POST /xingrg/kc/pszx/mdps_order_operate.html HTTP/1.1" 200 12
120.253.135.82 - - [01/May/2024:08:52:08 +0800] "GET /xingrg/kc/pszx/mdps_order_info.html?code=312024042900506 HTTP/1.1" 200 19638
120.253.135.82 - - [01/May/2024:08:52:09 +0800] "GET /xingrg/javascript/easyui/themes/default/validatebox.css HTTP/1.1" 404 1104
120.253.135.82 - - [01/May/2024:08:52:09 +0800] "POST /xingrg/kc/pszx/mdps_order_operate.html HTTP/1.1" 200 3456
218.79.29.216 - - [01/May/2024:08:52:09 +0800] "GET /xingrg/all/function/internal_message.html?_=1714524733949&CODE_STATE=getMsg HTTP/1.1" 200 27
116.228.172.94 - - [01/May/2024:08:52:11 +0800] "GET /xingrg/all/function/internal_message.html?_=1714524730109&CODE_STATE=getMsg HTTP/1.1" 302 -
116.228.172.94 - - [01/May/2024:08:52:11 +0800] "GET /xingrg/check_reg.html?_=1714524730113 HTTP/1.1" 302 -
116.238.97.31 - - [01/May/2024:08:52:13 +0800] "POST /xingrg/kc/buy/cgsh_list_operate.html HTTP/1.1" 200 1662
120.253.135.82 - - [01/May/2024:08:52:14 +0800] "POST /xingrg/kc/pszx/mdps_list_operate.html HTTP/1.1" 200 2436
120.253.135.82 - - [01/May/2024:08:52:27 +0800] "POST /xingrg/kc/pszx/mdps_list_operate.html HTTP/1.1" 200 665
120.253.135.82 - - [01/May/2024:08:52:28 +0800] "GET /xingrg/kc/pszx/mdps_order_info.html?code=312024043000528 HTTP/1.1" 200 23978
114.95.253.235 - - [01/May/2024:08:52:29 +0800] "GET /xingrg/javascript/jquery_easy_ui/themes/icons/area.png HTTP/1.1" 304 -
114.95.253.235 - - [01/May/2024:08:52:29 +0800] "GET /xingrg/javascript/jquery_easy_ui/themes/icons/rest.png HTTP/1.1" 304 -
114.95.253.235 - - [01/May/2024:08:52:29 +0800] "GET /xingrg/javascript/jquery_easy_ui/themes/default/images/panel_title.png HTTP/1.1" 304 -
114.95.253.235 - - [01/May/2024:08:52:29 +0800] "GET /xingrg/javascript/jquery_easy_ui/themes/default/images/button_a_bg.gif HTTP/1.1" 304 -
114.95.253.235 - - [01/May/2024:08:52:29 +0800] "GET /xingrg/javascript/jquery_easy_ui/themes/icons/ok.png HTTP/1.1" 304 -
114.95.253.235 - - [01/May/2024:08:52:29 +0800] "GET /xingrg/javascript/jquery_easy_ui/themes/default/images/button_span_bg.gif HTTP/1.1" 304 -
114.95.253.235 - - [01/May/2024:08:52:29 +0800] "GET /xingrg/javascript/jquery_easy_ui/themes/default/images/panel_tools.gif HTTP/1.1" 304 -
120.253.135.82 - - [01/May/2024:08:52:29 +0800] "GET /xingrg/javascript/easyui/themes/default/validatebox.css HTTP/1.1" 404 1104
120.253.135.82 - - [01/May/2024:08:52:29 +0800] "POST /xingrg/kc/pszx/mdps_order_operate.html HTTP/1.1" 200 7878
120.253.135.82 - - [01/May/2024:08:52:33 +0800] "POST /xingrg/kc/pszx/mdps_order_operate.html HTTP/1.1" 200 37
114.95.253.235 - - [01/May/2024:08:52:33 +0800] "POST /xingrg/all/user/operate.html HTTP/1.1" 200 36
114.95.253.235 - - [01/May/2024:08:52:34 +0800] "GET /xingrg/javascript/jquery_easy_ui/themes/default/easyui.css HTTP/1.1" 304 -
114.95.253.235 - - [01/May/2024:08:52:34 +0800] "GET /xingrg/index.html?sysBaseUrl=http%3A%2F%2F180.169.147.146%3A18081%2Fxingrg%2F&costTime=829×tamp=1714522577645 HTTP/1.1" 200 17177
114.95.253.235 - - [01/May/2024:08:52:34 +0800] "GET /xingrg/javascript/jquery_easy_ui/themes/icon.css HTTP/1.1" 304 -
114.95.253.235 - - [01/May/2024:08:52:34 +0800] "GET /xingrg/css/form.css HTTP/1.1" 304 -
114.95.253.235 - - [01/May/2024:08:52:34 +0800] "GET /xingrg/javascript/jquery-1.4.2.min.js HTTP/1.1" 304 -
114.95.253.235 - - [01/May/2024:08:52:34 +0800] "GET /xingrg/javascript/jquery_easy_ui/jquery.easyui.min.js HTTP/1.1" 304 -
114.95.253.235 - - [01/May/2024:08:52:34 +0800] "GET /xingrg/javascript/jquery_easy_ui/easyui-lang-zh_CN.js HTTP/1.1" 304 -
114.95.253.235 - - [01/May/2024:08:52:34 +0800] "GET /xingrg/javascript/jquery.form.js HTTP/1.1" 304 -
114.95.253.235 - - [01/May/2024:08:52:34 +0800] "GET /xingrg/javascript/jquery.utils.js HTTP/1.1" 304 -
114.95.253.235 - - [01/May/2024:08:52:34 +0800] "GET /xingrg/javascript/jquery.timers.js HTTP/1.1" 304 -
114.95.253.235 - - [01/May/2024:08:52:34 +0800] "GET /xingrg/images/blue/jxLogo.png HTTP/1.1" 304 -
114.95.253.235 - - [01/May/2024:08:52:34 +0800] "GET /xingrg/images/blue/navBackgound.jpg HTTP/1.1" 304 -
114.95.253.235 - - [01/May/2024:08:52:34 +0800] "GET /xingrg/javascript/jquery_easy_ui/themes/icons/settle_new.png HTTP/1.1" 304 -
114.95.253.235 - - [01/May/2024:08:52:34 +0800] "GET /xingrg/all/function/internal_message.html?_=1714524754220&CODE_STATE=count HTTP/1.1" 200 11
114.95.253.235 - - [01/May/2024:08:52:34 +0800] "GET /xingrg/images/blue/pingpu.png HTTP/1.1" 304 -
114.95.253.235 - - [01/May/2024:08:52:34 +0800] "GET /xingrg/check_reg.html?_=1714524754220 HTTP/1.1" 200 22
114.95.253.235 - - [01/May/2024:08:52:34 +0800] "GET /xingrg/javascript/jquery_easy_ui/themes/default/images/panel_tool_collapse.gif HTTP/1.1" 304 -
114.95.253.235 - - [01/May/2024:08:52:34 +0800] "GET /xingrg/javascript/jquery_easy_ui/themes/default/images/tabs_rightarrow.png HTTP/1.1" 304 -
114.95.253.235 - - [01/May/2024:08:52:34 +0800] "GET /xingrg/javascript/jquery_easy_ui/themes/default/images/tabs_leftarrow.png HTTP/1.1" 304 -
114.95.253.235 - - [01/May/2024:08:52:34 +0800] "POST /xingrg/all/common/load_tree.html?tree=area_rest_tree_json&manage=1 HTTP/1.1" 200 476
114.95.253.235 - - [01/May/2024:08:52:34 +0800] "POST /xingrg/load_menu.html HTTP/1.1" 200 5138
222.70.183.82 - - [01/May/2024:08:52:35 +0800] "GET /xingrg/all/function/internal_message.html?_=1714524755086&CODE_STATE=getMsg HTTP/1.1" 200 27
222.70.183.82 - - [01/May/2024:08:52:35 +0800] "GET /xingrg/check_reg.html?_=1714524755088 HTTP/1.1" 200 22
116.230.112.13 - - [01/May/2024:08:52:38 +0800] "GET /xingrg/all/function/internal_message.html?_=1714524767563&CODE_STATE=getMsg HTTP/1.1" 302 -
114.95.253.235 - - [01/May/2024:08:52:38 +0800] "GET /xingrg/kc/buy/cgsh_order_list.html HTTP/1.1" 200 58405
120.253.135.82 - - [01/May/2024:08:52:38 +0800] "POST /xingrg/kc/pszx/mdps_order_operate.html HTTP/1.1" 200 12
114.95.253.235 - - [01/May/2024:08:52:40 +0800] "POST /xingrg/kc/buy/cgsh_list_operate.html HTTP/1.1" 200 645
221.239.168.119 - - [01/May/2024:08:52:41 +0800] "GET /xingrg/all/function/internal_message.html?_=1714524760998&CODE_STATE=getMsg HTTP/1.1" 200 27
120.253.135.82 - - [01/May/2024:08:52:43 +0800] "GET /xingrg/kc/pszx/mdps_order_info.html?code=312024043000528 HTTP/1.1" 200 19638
120.253.135.82 - - [01/May/2024:08:52:43 +0800] "GET /xingrg/javascript/easyui/themes/default/validatebox.css HTTP/1.1" 404 1104
120.253.135.82 - - [01/May/2024:08:52:43 +0800] "POST /xingrg/kc/pszx/mdps_order_operate.html HTTP/1.1" 200 6026
114.95.253.235 - - [01/May/2024:08:52:44 +0800] "GET /xingrg/kc/buy/cgsh_order_add.html HTTP/1.1" 200 73822
114.95.253.235 - - [01/May/2024:08:52:44 +0800] "POST /xingrg/kc/buy/cgsh_order_operate.html HTTP/1.1" 200 8245
114.95.253.235 - - [01/May/2024:08:52:44 +0800] "GET /xingrg/javascript/easyui/themes/default/validatebox.css HTTP/1.1" 404 1104
114.95.253.235 - - [01/May/2024:08:52:44 +0800] "GET /xingrg/all/common/auto_word.html?type=employee&rest_code=00151 HTTP/1.1" 200 293
114.95.253.235 - - [01/May/2024:08:52:44 +0800] "GET /xingrg/all/common/auto_word.html?type=employee&rest_code=00151 HTTP/1.1" 200 293
114.95.253.235 - - [01/May/2024:08:52:46 +0800] "GET /xingrg/javascript/auto/indicator.gif HTTP/1.1" 404 1066
124.78.56.241 - - [01/May/2024:08:52:46 +0800] "GET /xingrg/all/function/internal_message.html?_=1714524766512&CODE_STATE=getMsg HTTP/1.1" 200 27
120.253.135.82 - - [01/May/2024:08:52:47 +0800] "POST /xingrg/kc/pszx/mdps_list_operate.html HTTP/1.1" 200 2063
120.253.135.82 - - [01/May/2024:08:52:49 +0800] "POST /xingrg/kc/pszx/mdps_list_operate.html HTTP/1.1" 200 636
120.253.135.82 - - [01/May/2024:08:52:50 +0800] "GET /xingrg/kc/pszx/mdps_order_info.html?code=312024042900507 HTTP/1.1" 200 23978
120.253.135.82 - - [01/May/2024:08:52:51 +0800] "GET /xingrg/javascript/easyui/themes/default/validatebox.css HTTP/1.1" 404 1104
120.253.135.82 - - [01/May/2024:08:52:51 +0800] "POST /xingrg/kc/pszx/mdps_order_operate.html HTTP/1.1" 200 13974
120.253.135.82 - - [01/May/2024:08:52:55 +0800] "GET /xingrg/check_reg.html?_=1714524958812 HTTP/1.1" 200 22
120.253.135.82 - - [01/May/2024:08:52:55 +0800] "GET /xingrg/all/function/internal_message.html?_=1714524958811&CODE_STATE=getMsg HTTP/1.1" 200 27
120.253.135.82 - - [01/May/2024:08:52:56 +0800] "POST /xingrg/kc/pszx/mdps_order_operate.html HTTP/1.1" 200 37
114.95.253.235 - - [01/May/2024:08:52:56 +0800] "GET /xingrg/kc/buy/cgsh_order_operate.html?command=get_materiel&rest_code=00151&code=00101008323&supplier_code=00100008&order_time=2024-05-01 HTTP/1.1" 200 408
116.238.97.31 - - [01/May/2024:08:52:59 +0800] "GET /xingrg/all/function/internal_message.html?_=1714524779572&CODE_STATE=getMsg HTTP/1.1" 200 27
120.253.135.82 - - [01/May/2024:08:53:01 +0800] "GET /xingrg/all/function/internal_message.html?_=1714524630351&CODE_STATE=getMsg HTTP/1.1" 200 27
120.253.135.82 - - [01/May/2024:08:53:01 +0800] "POST /xingrg/kc/pszx/mdps_order_operate.html HTTP/1.1" 200 12
218.79.29.216 - - [01/May/2024:08:53:09 +0800] "GET /xingrg/all/function/internal_message.html?_=1714524793950&CODE_STATE=getMsg HTTP/1.1" 200 27
120.253.135.82 - - [01/May/2024:08:53:10 +0800] "GET /xingrg/kc/pszx/mdps_order_info.html?code=312024042900507 HTTP/1.1" 200 19638
120.253.135.82 - - [01/May/2024:08:53:11 +0800] "GET /xingrg/javascript/easyui/themes/default/validatebox.css HTTP/1.1" 404 1104
116.228.172.94 - - [01/May/2024:08:53:11 +0800] "GET /xingrg/all/function/internal_message.html?_=1714524790102&CODE_STATE=getMsg HTTP/1.1" 302 -
120.253.135.82 - - [01/May/2024:08:53:11 +0800] "POST /xingrg/kc/pszx/mdps_order_operate.html HTTP/1.1" 200 12099
120.253.135.82 - - [01/May/2024:08:53:12 +0800] "POST /xingrg/kc/pszx/mdps_list_operate.html HTTP/1.1" 200 1689
120.253.135.82 - - [01/May/2024:08:53:13 +0800] "POST /xingrg/kc/pszx/mdps_list_operate.html HTTP/1.1" 200 216
120.253.135.82 - - [01/May/2024:08:53:14 +0800] "GET /xingrg/kc/pszx/mdps_order_info.html?code=312024043000509 HTTP/1.1" 200 23978
120.253.135.82 - - [01/May/2024:08:53:15 +0800] "GET /xingrg/javascript/easyui/themes/default/validatebox.css HTTP/1.1" 404 1104
120.253.135.82 - - [01/May/2024:08:53:15 +0800] "POST /xingrg/kc/pszx/mdps_order_operate.html HTTP/1.1" 200 2309
120.253.135.82 - - [01/May/2024:08:53:18 +0800] "POST /xingrg/kc/pszx/mdps_order_operate.html HTTP/1.1" 200 37
114.95.253.235 - - [01/May/2024:08:53:18 +0800] "GET /xingrg/kc/buy/cgsh_order_operate.html?command=get_materiel&rest_code=00151&code=00101008125&supplier_code=00100008&order_time=2024-05-01 HTTP/1.1" 200 413
120.253.135.82 - - [01/May/2024:08:53:22 +0800] "POST /xingrg/kc/pszx/mdps_order_operate.html HTTP/1.1" 200 12
114.95.253.235 - - [01/May/2024:08:53:30 +0800] "GET /xingrg/kc/buy/cgsh_order_operate.html?command=get_materiel&rest_code=00151&code=00101008351&supplier_code=00100008&order_time=2024-05-01 HTTP/1.1" 200 408
120.253.135.82 - - [01/May/2024:08:53:31 +0800] "GET /xingrg/kc/pszx/mdps_order_info.html?code=312024043000509 HTTP/1.1" 200 19638
120.253.135.82 - - [01/May/2024:08:53:32 +0800] "GET /xingrg/javascript/easyui/themes/default/validatebox.css HTTP/1.1" 404 1104
120.253.135.82 - - [01/May/2024:08:53:32 +0800] "POST /xingrg/kc/pszx/mdps_order_operate.html HTTP/1.1" 200 531
114.95.253.235 - - [01/May/2024:08:53:34 +0800] "GET /xingrg/all/function/internal_message.html?_=1714524814255&CODE_STATE=getMsg HTTP/1.1" 200 27
222.70.183.82 - - [01/May/2024:08:53:35 +0800] "GET /xingrg/all/function/internal_message.html?_=1714524815103&CODE_STATE=getMsg HTTP/1.1" 200 27
120.253.135.82 - - [01/May/2024:08:53:37 +0800] "POST /xingrg/kc/pszx/mdps_list_operate.html HTTP/1.1" 200 868
116.230.112.13 - - [01/May/2024:08:53:38 +0800] "GET /xingrg/all/function/internal_message.html?_=1714524827573&CODE_STATE=getMsg HTTP/1.1" 302 -
221.239.168.119 - - [01/May/2024:08:53:41 +0800] "GET /xingrg/all/function/internal_message.html?_=1714524821003&CODE_STATE=getMsg HTTP/1.1" 200 27
120.253.135.82 - - [01/May/2024:08:53:42 +0800] "POST /xingrg/kc/pszx/mdps_list_operate.html HTTP/1.1" 200 4225
114.95.253.235 - - [01/May/2024:08:53:45 +0800] "GET /xingrg/kc/buy/cgsh_order_operate.html?command=get_materiel&rest_code=00151&code=00101008403&supplier_code=00100008&order_time=2024-05-01 HTTP/1.1" 200 412
124.78.56.241 - - [01/May/2024:08:53:46 +0800] "GET /xingrg/all/function/internal_message.html?_=1714524826503&CODE_STATE=getMsg HTTP/1.1" 200 27
120.253.135.82 - - [01/May/2024:08:53:47 +0800] "POST /xingrg/kc/pszx/mdps_list_operate.html HTTP/1.1" 200 671
120.253.135.82 - - [01/May/2024:08:53:48 +0800] "GET /xingrg/kc/pszx/mdps_order_info.html?code=312024043000526 HTTP/1.1" 200 23972
120.253.135.82 - - [01/May/2024:08:53:48 +0800] "GET /xingrg/javascript/easyui/themes/default/validatebox.css HTTP/1.1" 404 1104
116.238.97.31 - - [01/May/2024:08:53:48 +0800] "POST /xingrg/kc/buy/cgsh_list_operate.html HTTP/1.1" 200 578
120.253.135.82 - - [01/May/2024:08:53:49 +0800] "POST /xingrg/kc/pszx/mdps_order_operate.html HTTP/1.1" 200 7890
116.238.97.31 - - [01/May/2024:08:53:50 +0800] "GET /xingrg/kc/buy/cgsh_order_info.html?code=212024050100006 HTTP/1.1" 200 74227
116.238.97.31 - - [01/May/2024:08:53:50 +0800] "GET /xingrg/javascript/easyui/themes/default/validatebox.css HTTP/1.1" 404 1104
116.238.97.31 - - [01/May/2024:08:53:51 +0800] "POST /xingrg/kc/buy/cgsh_order_operate.html HTTP/1.1" 200 22182
120.253.135.82 - - [01/May/2024:08:53:53 +0800] "POST /xingrg/kc/pszx/mdps_order_operate.html HTTP/1.1" 200 37
124.78.56.241 - - [01/May/2024:08:53:55 +0800] "GET /xingrg/check_reg.html?_=1714524835252 HTTP/1.1" 200 22
120.253.135.82 - - [01/May/2024:08:53:55 +0800] "GET /xingrg/all/function/internal_message.html?_=1714525018803&CODE_STATE=getMsg HTTP/1.1" 200 27
120.253.135.82 - - [01/May/2024:08:53:57 +0800] "POST /xingrg/kc/pszx/mdps_order_operate.html HTTP/1.1" 200 12
116.238.97.31 - - [01/May/2024:08:53:59 +0800] "GET /xingrg/all/function/internal_message.html?_=1714524839546&CODE_STATE=getMsg HTTP/1.1" 200 27
114.95.253.235 - - [01/May/2024:08:53:59 +0800] "GET /xingrg/kc/buy/cgsh_order_operate.html?command=get_materiel&rest_code=00151&code=00101008096&supplier_code=00100008&order_time=2024-05-01 HTTP/1.1" 200 412
120.253.135.82 - - [01/May/2024:08:54:02 +0800] "GET /xingrg/kc/pszx/mdps_order_info.html?code=312024043000526 HTTP/1.1" 200 19632
120.253.135.82 - - [01/May/2024:08:54:03 +0800] "GET /xingrg/javascript/easyui/themes/default/validatebox.css HTTP/1.1" 404 1104
120.253.135.82 - - [01/May/2024:08:54:03 +0800] "GET /xingrg/all/function/internal_message.html?_=1714524692351&CODE_STATE=getMsg HTTP/1.1" 200 27
120.253.135.82 - - [01/May/2024:08:54:03 +0800] "POST /xingrg/kc/pszx/mdps_order_operate.html HTTP/1.1" 200 6038
120.253.135.82 - - [01/May/2024:08:54:04 +0800] "POST /xingrg/kc/pszx/mdps_list_operate.html HTTP/1.1" 200 3861
218.79.29.216 - - [01/May/2024:08:54:09 +0800] "GET /xingrg/all/function/internal_message.html?_=1714524853950&CODE_STATE=getMsg HTTP/1.1" 200 27
120.253.135.82 - - [01/May/2024:08:54:10 +0800] "POST /xingrg/kc/pszx/mdps_list_operate.html HTTP/1.1" 200 657
114.95.253.235 - - [01/May/2024:08:54:10 +0800] "GET /xingrg/kc/buy/cgsh_order_operate.html?command=get_materiel&rest_code=00151&code=00101008283&supplier_code=00100008&order_time=2024-05-01 HTTP/1.1" 200 408
120.253.135.82 - - [01/May/2024:08:54:11 +0800] "GET /xingrg/kc/pszx/mdps_order_info.html?code=312024043000518 HTTP/1.1" 200 23972
116.228.172.94 - - [01/May/2024:08:54:11 +0800] "GET /xingrg/all/function/internal_message.html?_=1714524850109&CODE_STATE=getMsg HTTP/1.1" 302 -
120.253.135.82 - - [01/May/2024:08:54:11 +0800] "GET /xingrg/javascript/easyui/themes/default/validatebox.css HTTP/1.1" 404 1104
120.253.135.82 - - [01/May/2024:08:54:12 +0800] "POST /xingrg/kc/pszx/mdps_order_operate.html HTTP/1.1" 200 12115
120.253.135.82 - - [01/May/2024:08:54:16 +0800] "POST /xingrg/kc/pszx/mdps_order_operate.html HTTP/1.1" 200 37
116.238.97.31 - - [01/May/2024:08:54:17 +0800] "POST /xingrg/kc/buy/cgsh_order_operate.html HTTP/1.1" 200 37
116.238.97.31 - - [01/May/2024:08:54:19 +0800] "POST /xingrg/kc/buy/cgsh_order_operate.html HTTP/1.1" 200 22184
114.95.253.235 - - [01/May/2024:08:54:19 +0800] "GET /xingrg/kc/buy/cgsh_order_operate.html?command=get_materiel&rest_code=00151&code=00101008069&supplier_code=00100008&order_time=2024-05-01 HTTP/1.1" 200 412
120.253.135.82 - - [01/May/2024:08:54:22 +0800] "POST /xingrg/kc/pszx/mdps_order_operate.html HTTP/1.1" 200 12
116.238.97.31 - - [01/May/2024:08:54:27 +0800] "POST /xingrg/kc/buy/cgsh_list_operate.html HTTP/1.1" 200 1662
116.230.112.13 - - [01/May/2024:08:54:27 +0800] "GET /xingrg/check_reg.html?_=1714524876553 HTTP/1.1" 302 -
114.95.253.235 - - [01/May/2024:08:54:30 +0800] "GET /xingrg/kc/buy/cgsh_order_operate.html?command=get_materiel&rest_code=00151&code=00101008355&supplier_code=00100008&order_time=2024-05-01 HTTP/1.1" 200 408
120.253.135.82 - - [01/May/2024:08:54:32 +0800] "GET /xingrg/kc/pszx/mdps_order_info.html?code=312024043000518 HTTP/1.1" 200 19632
120.253.135.82 - - [01/May/2024:08:54:33 +0800] "GET /xingrg/javascript/easyui/themes/default/validatebox.css HTTP/1.1" 404 1104
120.253.135.82 - - [01/May/2024:08:54:33 +0800] "POST /xingrg/kc/pszx/mdps_order_operate.html HTTP/1.1" 200 10255
120.253.135.82 - - [01/May/2024:08:54:34 +0800] "POST /xingrg/kc/pszx/mdps_list_operate.html HTTP/1.1" 200 3497
114.95.253.235 - - [01/May/2024:08:54:34 +0800] "GET /xingrg/all/function/internal_message.html?_=1714524874252&CODE_STATE=getMsg HTTP/1.1" 200 27
222.70.183.82 - - [01/May/2024:08:54:35 +0800] "GET /xingrg/all/function/internal_message.html?_=1714524875096&CODE_STATE=getMsg HTTP/1.1" 200 27
116.230.112.13 - - [01/May/2024:08:54:38 +0800] "GET /xingrg/all/function/internal_message.html?_=1714524887597&CODE_STATE=getMsg HTTP/1.1" 302 -
120.253.135.82 - - [01/May/2024:08:54:39 +0800] "POST /xingrg/kc/pszx/mdps_list_operate.html HTTP/1.1" 200 607
120.253.135.82 - - [01/May/2024:08:54:40 +0800] "GET /xingrg/kc/pszx/mdps_order_info.html?code=312024043000524 HTTP/1.1" 200 23972
221.239.168.119 - - [01/May/2024:08:54:41 +0800] "GET /xingrg/all/function/internal_message.html?_=1714524881006&CODE_STATE=getMsg HTTP/1.1" 200 27
120.253.135.82 - - [01/May/2024:08:54:41 +0800] "GET /xingrg/javascript/easyui/themes/default/validatebox.css HTTP/1.1" 404 1104
120.253.135.82 - - [01/May/2024:08:54:41 +0800] "POST /xingrg/kc/pszx/mdps_order_operate.html HTTP/1.1" 200 4782
114.95.253.235 - - [01/May/2024:08:54:45 +0800] "GET /xingrg/kc/buy/cgsh_order_operate.html?command=get_materiel&rest_code=00151&code=00101008356&supplier_code=00100008&order_time=2024-05-01 HTTP/1.1" 200 408
120.253.135.82 - - [01/May/2024:08:54:46 +0800] "POST /xingrg/kc/pszx/mdps_order_operate.html HTTP/1.1" 200 37
124.78.56.241 - - [01/May/2024:08:54:46 +0800] "GET /xingrg/all/function/internal_message.html?_=1714524886487&CODE_STATE=getMsg HTTP/1.1" 200 27
120.253.135.82 - - [01/May/2024:08:54:50 +0800] "POST /xingrg/kc/pszx/mdps_order_operate.html HTTP/1.1" 200 12
120.253.135.82 - - [01/May/2024:08:54:55 +0800] "GET /xingrg/kc/pszx/mdps_order_info.html?code=312024043000524 HTTP/1.1" 200 19632
120.253.135.82 - - [01/May/2024:08:54:55 +0800] "GET /xingrg/javascript/easyui/themes/default/validatebox.css HTTP/1.1" 404 1104
120.253.135.82 - - [01/May/2024:08:54:55 +0800] "GET /xingrg/all/function/internal_message.html?_=1714525078812&CODE_STATE=getMsg HTTP/1.1" 200 27
120.253.135.82 - - [01/May/2024:08:54:56 +0800] "POST /xingrg/kc/pszx/mdps_order_operate.html HTTP/1.1" 200 2982
114.95.253.235 - - [01/May/2024:08:54:56 +0800] "GET /xingrg/kc/buy/cgsh_order_operate.html?command=get_materiel&rest_code=00151&code=00101008300&supplier_code=00100008&order_time=2024-05-01 HTTP/1.1" 200 412
120.253.135.82 - - [01/May/2024:08:54:58 +0800] "POST /xingrg/kc/pszx/mdps_list_operate.html HTTP/1.1" 200 3133
116.238.97.31 - - [01/May/2024:08:54:59 +0800] "GET /xingrg/all/function/internal_message.html?_=1714524899528&CODE_STATE=getMsg HTTP/1.1" 200 27
120.253.135.82 - - [01/May/2024:08:55:00 +0800] "GET /xingrg/check_reg.html?_=1714524749014 HTTP/1.1" 200 22
120.253.135.82 - - [01/May/2024:08:55:00 +0800] "POST /xingrg/kc/pszx/mdps_list_operate.html HTTP/1.1" 200 202
120.253.135.82 - - [01/May/2024:08:55:01 +0800] "GET /xingrg/kc/pszx/mdps_order_info.html?code=312024043000519 HTTP/1.1" 200 23972
120.253.135.82 - - [01/May/2024:08:55:02 +0800] "GET /xingrg/javascript/easyui/themes/default/validatebox.css HTTP/1.1" 404 1104
120.253.135.82 - - [01/May/2024:08:55:02 +0800] "POST /xingrg/kc/pszx/mdps_order_operate.html HTTP/1.1" 200 2279
116.238.97.31 - - [01/May/2024:08:55:04 +0800] "POST /xingrg/kc/buy/cgsh_list_operate.html HTTP/1.1" 200 565
120.253.135.82 - - [01/May/2024:08:55:05 +0800] "GET /xingrg/all/function/internal_message.html?_=1714524754503&CODE_STATE=getMsg HTTP/1.1" 200 27
116.238.97.31 - - [01/May/2024:08:55:06 +0800] "GET /xingrg/kc/buy/cgsh_order_info.html?code=212024050100007 HTTP/1.1" 200 74227
120.253.135.82 - - [01/May/2024:08:55:06 +0800] "POST /xingrg/kc/pszx/mdps_order_operate.html HTTP/1.1" 200 37
116.238.97.31 - - [01/May/2024:08:55:06 +0800] "GET /xingrg/javascript/easyui/themes/default/validatebox.css HTTP/1.1" 404 1104
116.238.97.31 - - [01/May/2024:08:55:07 +0800] "POST /xingrg/kc/buy/cgsh_order_operate.html HTTP/1.1" 200 9777
114.95.253.235 - - [01/May/2024:08:55:09 +0800] "GET /xingrg/kc/buy/cgsh_order_operate.html?command=get_materiel&rest_code=00151&code=00101008137&supplier_code=00100008&order_time=2024-05-01 HTTP/1.1" 200 408
218.79.29.216 - - [01/May/2024:08:55:09 +0800] "GET /xingrg/all/function/internal_message.html?_=1714524913949&CODE_STATE=getMsg HTTP/1.1" 200 27
120.253.135.82 - - [01/May/2024:08:55:10 +0800] "POST /xingrg/kc/pszx/mdps_order_operate.html HTTP/1.1" 200 12
116.228.172.94 - - [01/May/2024:08:55:11 +0800] "GET /xingrg/all/function/internal_message.html?_=1714524910112&CODE_STATE=getMsg HTTP/1.1" 302 -
116.238.97.31 - - [01/May/2024:08:55:15 +0800] "POST /xingrg/kc/buy/cgsh_order_operate.html HTTP/1.1" 200 37
120.253.135.82 - - [01/May/2024:08:55:16 +0800] "GET /xingrg/kc/pszx/mdps_order_info.html?code=312024043000519 HTTP/1.1" 200 19632
120.253.135.82 - - [01/May/2024:08:55:17 +0800] "GET /xingrg/javascript/easyui/themes/default/validatebox.css HTTP/1.1" 404 1104
120.253.135.82 - - [01/May/2024:08:55:17 +0800] "POST /xingrg/kc/pszx/mdps_order_operate.html HTTP/1.1" 200 500
120.253.135.82 - - [01/May/2024:08:55:18 +0800] "POST /xingrg/kc/pszx/mdps_list_operate.html HTTP/1.1" 200 2770
120.253.135.82 - - [01/May/2024:08:55:20 +0800] "POST /xingrg/kc/pszx/mdps_list_operate.html HTTP/1.1" 200 385
120.253.135.82 - - [01/May/2024:08:55:21 +0800] "GET /xingrg/kc/pszx/mdps_order_info.html?code=312024043000522 HTTP/1.1" 200 23972
120.253.135.82 - - [01/May/2024:08:55:22 +0800] "GET /xingrg/javascript/easyui/themes/default/validatebox.css HTTP/1.1" 404 1104
116.238.97.31 - - [01/May/2024:08:55:23 +0800] "POST /xingrg/kc/buy/cgsh_order_operate.html HTTP/1.1" 200 12
120.253.135.82 - - [01/May/2024:08:55:23 +0800] "POST /xingrg/kc/pszx/mdps_order_operate.html HTTP/1.1" 200 3316
116.238.97.31 - - [01/May/2024:08:55:26 +0800] "GET /xingrg/kc/buy/cgsh_order_info.html?code=212024050100007 HTTP/1.1" 200 69118
116.238.97.31 - - [01/May/2024:08:55:26 +0800] "GET /xingrg/javascript/easyui/themes/default/validatebox.css HTTP/1.1" 404 1104
116.238.97.31 - - [01/May/2024:08:55:27 +0800] "POST /xingrg/kc/buy/cgsh_order_operate.html HTTP/1.1" 200 7702
120.253.135.82 - - [01/May/2024:08:55:27 +0800] "POST /xingrg/kc/pszx/mdps_order_operate.html HTTP/1.1" 200 37
120.253.135.82 - - [01/May/2024:08:55:32 +0800] "POST /xingrg/kc/pszx/mdps_order_operate.html HTTP/1.1" 200 12
116.238.97.31 - - [01/May/2024:08:55:33 +0800] "POST /xingrg/kc/buy/cgsh_list_operate.html HTTP/1.1" 200 1380
114.95.253.235 - - [01/May/2024:08:55:34 +0800] "GET /xingrg/all/function/internal_message.html?_=1714524934245&CODE_STATE=getMsg HTTP/1.1" 200 27
222.70.183.82 - - [01/May/2024:08:55:35 +0800] "GET /xingrg/all/function/internal_message.html?_=1714524935086&CODE_STATE=getMsg HTTP/1.1" 200 27
116.230.112.13 - - [01/May/2024:08:55:38 +0800] "GET /xingrg/all/function/internal_message.html?_=1714524947614&CODE_STATE=getMsg HTTP/1.1" 302 -
120.253.135.82 - - [01/May/2024:08:55:39 +0800] "GET /xingrg/kc/pszx/mdps_order_info.html?code=312024043000522 HTTP/1.1" 200 19632
120.253.135.82 - - [01/May/2024:08:55:40 +0800] "GET /xingrg/javascript/easyui/themes/default/validatebox.css HTTP/1.1" 404 1104
120.253.135.82 - - [01/May/2024:08:55:40 +0800] "POST /xingrg/kc/pszx/mdps_order_operate.html HTTP/1.1" 200 1529
221.239.168.119 - - [01/May/2024:08:55:41 +0800] "GET /xingrg/check_reg.html?_=1714524941010 HTTP/1.1" 200 22
221.239.168.119 - - [01/May/2024:08:55:41 +0800] "GET /xingrg/all/function/internal_message.html?_=1714524941007&CODE_STATE=getMsg HTTP/1.1" 200 27
120.253.135.82 - - [01/May/2024:08:55:41 +0800] "POST /xingrg/kc/pszx/mdps_list_operate.html HTTP/1.1" 200 2408
120.253.135.82 - - [01/May/2024:08:55:43 +0800] "POST /xingrg/kc/pszx/mdps_list_operate.html HTTP/1.1" 200 303
120.253.135.82 - - [01/May/2024:08:55:44 +0800] "GET /xingrg/kc/pszx/mdps_order_info.html?code=312024043000521 HTTP/1.1" 200 23972
120.253.135.82 - - [01/May/2024:08:55:45 +0800] "GET /xingrg/javascript/easyui/themes/default/validatebox.css HTTP/1.1" 404 1104
120.253.135.82 - - [01/May/2024:08:55:45 +0800] "POST /xingrg/kc/pszx/mdps_order_operate.html HTTP/1.1" 200 2820
124.78.56.241 - - [01/May/2024:08:55:46 +0800] "GET /xingrg/all/function/internal_message.html?_=1714524946473&CODE_STATE=getMsg HTTP/1.1" 200 27
120.253.135.82 - - [01/May/2024:08:55:50 +0800] "POST /xingrg/kc/pszx/mdps_order_operate.html HTTP/1.1" 200 37
120.253.135.82 - - [01/May/2024:08:55:54 +0800] "POST /xingrg/kc/pszx/mdps_order_operate.html HTTP/1.1" 200 12
120.253.135.82 - - [01/May/2024:08:55:56 +0800] "GET /xingrg/all/function/internal_message.html?_=1714525138806&CODE_STATE=getMsg HTTP/1.1" 200 27
222.70.183.82 - - [01/May/2024:08:55:58 +0800] "GET /xingrg/login.html HTTP/1.1" 200 7641
120.253.135.82 - - [01/May/2024:08:55:58 +0800] "GET /xingrg/kc/pszx/mdps_order_info.html?code=312024043000521 HTTP/1.1" 200 19632
116.238.97.31 - - [01/May/2024:08:55:59 +0800] "GET /xingrg/all/function/internal_message.html?_=1714524959520&CODE_STATE=getMsg HTTP/1.1" 200 27
120.253.135.82 - - [01/May/2024:08:55:59 +0800] "GET /xingrg/javascript/easyui/themes/default/validatebox.css HTTP/1.1" 404 1104
120.253.135.82 - - [01/May/2024:08:55:59 +0800] "POST /xingrg/kc/pszx/mdps_order_operate.html HTTP/1.1" 200 1034
116.238.97.31 - - [01/May/2024:08:55:59 +0800] "GET /xingrg/check_reg.html?_=1714524959598 HTTP/1.1" 200 22
120.253.135.82 - - [01/May/2024:08:56:00 +0800] "POST /xingrg/kc/pszx/mdps_list_operate.html HTTP/1.1" 200 2045
222.70.183.82 - - [01/May/2024:08:56:01 +0800] "GET /favicon.ico HTTP/1.1" 404 -
120.253.135.82 - - [01/May/2024:08:56:02 +0800] "POST /xingrg/kc/pszx/mdps_list_operate.html HTTP/1.1" 200 616
120.253.135.82 - - [01/May/2024:08:56:03 +0800] "GET /xingrg/kc/pszx/mdps_order_info.html?code=312024043000520 HTTP/1.1" 200 23972
222.70.183.82 - - [01/May/2024:08:56:04 +0800] "POST /xingrg/login.do HTTP/1.1" 302 -
222.70.183.82 - - [01/May/2024:08:56:04 +0800] "GET /xingrg/index.html?sysBaseUrl=http%3A%2F%2F180.169.147.146%3A18081%2Fxingrg%2F&costTime=1191×tamp=1714524964100 HTTP/1.1" 200 17173
120.253.135.82 - - [01/May/2024:08:56:04 +0800] "GET /xingrg/javascript/easyui/themes/default/validatebox.css HTTP/1.1" 404 1104
120.253.135.82 - - [01/May/2024:08:56:04 +0800] "POST /xingrg/kc/pszx/mdps_order_operate.html HTTP/1.1" 200 4798
222.70.183.82 - - [01/May/2024:08:56:04 +0800] "GET /favicon.ico HTTP/1.1" 404 -
222.70.183.82 - - [01/May/2024:08:56:05 +0800] "POST /xingrg/all/common/load_tree.html?tree=area_rest_tree_json&manage=1 HTTP/1.1" 200 342
222.70.183.82 - - [01/May/2024:08:56:05 +0800] "POST /xingrg/load_menu.html HTTP/1.1" 200 5138
222.70.183.82 - - [01/May/2024:08:56:05 +0800] "GET /xingrg/check_reg.html?_=1714524965305 HTTP/1.1" 200 22
222.70.183.82 - - [01/May/2024:08:56:05 +0800] "GET /xingrg/all/function/internal_message.html?_=1714524965292&CODE_STATE=count HTTP/1.1" 200 11
120.253.135.82 - - [01/May/2024:08:56:05 +0800] "GET /xingrg/all/function/internal_message.html?_=1714524814517&CODE_STATE=getMsg HTTP/1.1" 200 27
120.253.135.82 - - [01/May/2024:08:56:08 +0800] "POST /xingrg/kc/pszx/mdps_order_operate.html HTTP/1.1" 200 37
218.79.29.216 - - [01/May/2024:08:56:10 +0800] "GET /xingrg/all/function/internal_message.html?_=1714524973947&CODE_STATE=getMsg HTTP/1.1" 200 27
218.79.29.216 - - [01/May/2024:08:56:10 +0800] "GET /xingrg/check_reg.html?_=1714524973949 HTTP/1.1" 200 22
222.70.183.82 - - [01/May/2024:08:56:10 +0800] "GET /xingrg/kc/buy/cgsh_order_list.html HTTP/1.1" 200 58401
114.95.253.235 - - [01/May/2024:08:56:10 +0800] "GET /xingrg/kc/buy/cgsh_order_operate.html?command=get_materiel&rest_code=00151&code=00101008213&supplier_code=00100008&order_time=2024-05-01 HTTP/1.1" 200 412
116.228.172.94 - - [01/May/2024:08:56:11 +0800] "GET /xingrg/all/function/internal_message.html?_=1714524970110&CODE_STATE=getMsg HTTP/1.1" 302 -
120.253.135.82 - - [01/May/2024:08:56:13 +0800] "POST /xingrg/kc/pszx/mdps_order_operate.html HTTP/1.1" 200 12
222.70.183.82 - - [01/May/2024:08:56:14 +0800] "POST /xingrg/kc/buy/cgsh_list_operate.html HTTP/1.1" 200 645
120.253.135.82 - - [01/May/2024:08:56:15 +0800] "GET /xingrg/kc/pszx/mdps_order_info.html?code=312024043000520 HTTP/1.1" 200 19632
120.253.135.82 - - [01/May/2024:08:56:15 +0800] "GET /xingrg/javascript/easyui/themes/default/validatebox.css HTTP/1.1" 404 1104
120.253.135.82 - - [01/May/2024:08:56:16 +0800] "POST /xingrg/kc/pszx/mdps_order_operate.html HTTP/1.1" 200 2999
222.70.183.82 - - [01/May/2024:08:56:16 +0800] "GET /xingrg/kc/buy/cgsh_order_add.html HTTP/1.1" 200 74170
222.70.183.82 - - [01/May/2024:08:56:17 +0800] "GET /xingrg/words/20240430172724_words.js HTTP/1.1" 200 1022314
120.253.135.82 - - [01/May/2024:08:56:17 +0800] "POST /xingrg/kc/pszx/mdps_list_operate.html HTTP/1.1" 200 1681
222.70.183.82 - - [01/May/2024:08:56:17 +0800] "POST /xingrg/kc/buy/cgsh_order_operate.html HTTP/1.1" 200 8245
222.70.183.82 - - [01/May/2024:08:56:17 +0800] "GET /xingrg/javascript/easyui/themes/default/validatebox.css HTTP/1.1" 404 1104
222.70.183.82 - - [01/May/2024:08:56:17 +0800] "GET /xingrg/all/common/auto_word.html?type=employee&rest_code=00111 HTTP/1.1" 200 105
222.70.183.82 - - [01/May/2024:08:56:17 +0800] "GET /xingrg/all/common/auto_word.html?type=employee&rest_code=00111 HTTP/1.1" 200 105
120.253.135.82 - - [01/May/2024:08:56:18 +0800] "POST /xingrg/kc/pszx/mdps_list_operate.html HTTP/1.1" 200 205
222.70.183.82 - - [01/May/2024:08:56:21 +0800] "GET /xingrg/javascript/auto/indicator.gif HTTP/1.1" 404 1066
222.70.183.82 - - [01/May/2024:08:56:22 +0800] "GET /xingrg/javascript/jquery_tools/images/next.gif HTTP/1.1" 404 1086
222.70.183.82 - - [01/May/2024:08:56:22 +0800] "GET /xingrg/javascript/jquery_tools/images/prev.gif HTTP/1.1" 404 1086
114.95.253.235 - - [01/May/2024:08:56:25 +0800] "GET /xingrg/kc/buy/cgsh_order_operate.html?command=get_materiel&rest_code=00151&code=00101008362&supplier_code=00100008&order_time=2024-05-01 HTTP/1.1" 200 409
114.95.253.235 - - [01/May/2024:08:56:34 +0800] "GET /xingrg/all/function/internal_message.html?_=1714524994238&CODE_STATE=getMsg HTTP/1.1" 200 27
222.70.183.82 - - [01/May/2024:08:56:35 +0800] "GET /xingrg/all/function/internal_message.html?_=1714524995098&CODE_STATE=getMsg HTTP/1.1" 200 27
116.230.112.13 - - [01/May/2024:08:56:38 +0800] "GET /xingrg/all/function/internal_message.html?_=1714525007641&CODE_STATE=getMsg HTTP/1.1" 302 -
222.70.183.82 - - [01/May/2024:08:56:38 +0800] "GET /xingrg/kc/buy/cgsh_order_operate.html?command=get_materiel&rest_code=00111&code=00101008176&supplier_code=00100008&order_time=2024-05-01 HTTP/1.1" 200 413
114.95.253.235 - - [01/May/2024:08:56:38 +0800] "GET /xingrg/kc/buy/cgsh_order_operate.html?command=get_materiel&rest_code=00151&code=00101008286&supplier_code=00100008&order_time=2024-05-01 HTTP/1.1" 200 408
221.239.168.119 - - [01/May/2024:08:56:41 +0800] "GET /xingrg/all/function/internal_message.html?_=1714525001018&CODE_STATE=getMsg HTTP/1.1" 200 27
101.83.144.49 - - [01/May/2024:08:56:45 +0800] "GET /favicon.ico HTTP/1.1" 404 -
124.78.56.241 - - [01/May/2024:08:56:46 +0800] "GET /xingrg/all/function/internal_message.html?_=1714525006466&CODE_STATE=getMsg HTTP/1.1" 200 27
101.83.144.49 - - [01/May/2024:08:56:46 +0800] "GET /xingrg/index.html?sysBaseUrl=http%3A%2F%2F180.169.147.146%3A18081%2Fxingrg%2F&costTime=36×tamp=1585223203754 HTTP/1.1" 302 -
101.83.144.49 - - [01/May/2024:08:56:46 +0800] "GET /xingrg/login.html HTTP/1.1" 200 7641
101.83.144.49 - - [01/May/2024:08:56:47 +0800] "GET /favicon.ico HTTP/1.1" 404 -
222.70.183.82 - - [01/May/2024:08:56:51 +0800] "GET /xingrg/kc/buy/cgsh_order_operate.html?command=get_materiel&rest_code=00111&code=00101008196&supplier_code=00100008&order_time=2024-05-01 HTTP/1.1" 200 416
101.83.144.49 - - [01/May/2024:08:56:52 +0800] "POST /xingrg/login.do HTTP/1.1" 302 -
101.83.144.49 - - [01/May/2024:08:56:52 +0800] "GET /xingrg/index.html?sysBaseUrl=http%3A%2F%2F180.169.147.146%3A18081%2Fxingrg%2F&costTime=861×tamp=1714525012036 HTTP/1.1" 200 17173
101.83.144.49 - - [01/May/2024:08:56:52 +0800] "GET /favicon.ico HTTP/1.1" 404 -
101.83.144.49 - - [01/May/2024:08:56:52 +0800] "POST /xingrg/all/common/load_tree.html?tree=area_rest_tree_json&manage=1 HTTP/1.1" 200 3624
101.83.144.49 - - [01/May/2024:08:56:52 +0800] "GET /xingrg/check_reg.html?_=1714525014175 HTTP/1.1" 200 22
101.83.144.49 - - [01/May/2024:08:56:52 +0800] "GET /xingrg/all/function/internal_message.html?_=1714525014174&CODE_STATE=count HTTP/1.1" 200 11
101.83.144.49 - - [01/May/2024:08:56:52 +0800] "POST /xingrg/load_menu.html HTTP/1.1" 200 5138
120.253.135.82 - - [01/May/2024:08:56:56 +0800] "GET /xingrg/all/function/internal_message.html?_=1714525198808&CODE_STATE=getMsg HTTP/1.1" 200 27
116.238.97.31 - - [01/May/2024:08:56:59 +0800] "GET /xingrg/all/function/internal_message.html?_=1714525019505&CODE_STATE=getMsg HTTP/1.1" 200 27
101.83.144.49 - - [01/May/2024:08:57:02 +0800] "GET /xingrg/javascript/jquery_easy_ui/themes/icons/area.png HTTP/1.1" 304 -
101.83.144.49 - - [01/May/2024:08:57:02 +0800] "GET /xingrg/javascript/jquery_easy_ui/themes/icons/manage.png HTTP/1.1" 304 -
101.83.144.49 - - [01/May/2024:08:57:02 +0800] "GET /xingrg/javascript/jquery_easy_ui/themes/icons/rest.png HTTP/1.1" 304 -
222.70.183.82 - - [01/May/2024:08:57:05 +0800] "GET /xingrg/all/function/internal_message.html?_=1714525025310&CODE_STATE=getMsg HTTP/1.1" 200 27
101.83.144.49 - - [01/May/2024:08:57:05 +0800] "GET /xingrg/kc/buy/cgsh_order_list.html HTTP/1.1" 200 58401
120.253.135.82 - - [01/May/2024:08:57:05 +0800] "GET /xingrg/all/function/internal_message.html?_=1714524874620&CODE_STATE=getMsg HTTP/1.1" 200 27
101.83.144.49 - - [01/May/2024:08:57:08 +0800] "POST /xingrg/kc/buy/cgsh_list_operate.html HTTP/1.1" 200 645
218.79.29.216 - - [01/May/2024:08:57:09 +0800] "GET /xingrg/all/function/internal_message.html?_=1714525033949&CODE_STATE=getMsg HTTP/1.1" 200 27
222.70.183.82 - - [01/May/2024:08:57:10 +0800] "GET /xingrg/kc/buy/cgsh_order_operate.html?command=get_materiel&rest_code=00111&code=00101008131&supplier_code=00100008&order_time=2024-05-01 HTTP/1.1" 200 408
101.83.144.49 - - [01/May/2024:08:57:11 +0800] "GET /xingrg/javascript/easyui/themes/default/images/button_plain_hover.png HTTP/1.1" 304 -
116.228.172.94 - - [01/May/2024:08:57:11 +0800] "GET /xingrg/all/function/internal_message.html?_=1714525030114&CODE_STATE=getMsg HTTP/1.1" 302 -
116.228.172.94 - - [01/May/2024:08:57:11 +0800] "GET /xingrg/check_reg.html?_=1714525030122 HTTP/1.1" 302 -
101.83.144.49 - - [01/May/2024:08:57:12 +0800] "GET /xingrg/kc/buy/cgsh_order_add.html HTTP/1.1" 200 74296
101.83.144.49 - - [01/May/2024:08:57:12 +0800] "GET /xingrg/javascript/pic_change.js HTTP/1.1" 304 -
101.83.144.49 - - [01/May/2024:08:57:12 +0800] "GET /xingrg/javascript/convert.js HTTP/1.1" 304 -
101.83.144.49 - - [01/May/2024:08:57:12 +0800] "GET /xingrg/javascript/jquery_tools/order_manager.js HTTP/1.1" 304 -
101.83.144.49 - - [01/May/2024:08:57:12 +0800] "GET /xingrg/javascript/json2.js HTTP/1.1" 304 -
101.83.144.49 - - [01/May/2024:08:57:12 +0800] "GET /xingrg/javascript/print/kc_print.js HTTP/1.1" 304 -
101.83.144.49 - - [01/May/2024:08:57:12 +0800] "GET /xingrg/words/20240430172724_words.js HTTP/1.1" 200 1022314
101.83.144.49 - - [01/May/2024:08:57:12 +0800] "GET /xingrg/javascript/easyui/themes/icons/copy_new.png HTTP/1.1" 304 -
101.83.144.49 - - [01/May/2024:08:57:12 +0800] "GET /xingrg/javascript/easyui/themes/icons/template_new.png HTTP/1.1" 304 -
101.83.144.49 - - [01/May/2024:08:57:12 +0800] "GET /xingrg/javascript/easyui/themes/icons/ok.png HTTP/1.1" 304 -
101.83.144.49 - - [01/May/2024:08:57:12 +0800] "GET /xingrg/javascript/easyui/themes/icons/print.png HTTP/1.1" 304 -
101.83.144.49 - - [01/May/2024:08:57:12 +0800] "GET /xingrg/javascript/easyui/themes/default/images/menu_downarrow.png HTTP/1.1" 304 -
101.83.144.49 - - [01/May/2024:08:57:12 +0800] "GET /xingrg/javascript/easyui/themes/icons/cancel.png HTTP/1.1" 304 -
101.83.144.49 - - [01/May/2024:08:57:12 +0800] "POST /xingrg/kc/buy/cgsh_order_operate.html HTTP/1.1" 200 8245
101.83.144.49 - - [01/May/2024:08:57:12 +0800] "GET /xingrg/javascript/easyui/themes/default/validatebox.css HTTP/1.1" 404 1104
101.83.144.49 - - [01/May/2024:08:57:12 +0800] "GET /xingrg/javascript/easyui/plugins/jquery.validatebox.js HTTP/1.1" 304 -
101.83.144.49 - - [01/May/2024:08:57:12 +0800] "GET /xingrg/javascript/easyui/plugins/jquery.numberbox.js HTTP/1.1" 304 -
101.83.144.49 - - [01/May/2024:08:57:12 +0800] "GET /xingrg/all/common/auto_word.html?type=employee&rest_code=00105 HTTP/1.1" 200 193
101.83.144.49 - - [01/May/2024:08:57:12 +0800] "GET /xingrg/all/common/auto_word.html?type=employee&rest_code=00105 HTTP/1.1" 200 193
101.83.144.49 - - [01/May/2024:08:57:13 +0800] "GET /xingrg/javascript/easyui/themes/icons/edit_remove.png HTTP/1.1" 304 -
101.83.144.49 - - [01/May/2024:08:57:14 +0800] "GET /xingrg/javascript/auto/indicator.gif HTTP/1.1" 404 1066
222.70.183.82 - - [01/May/2024:08:57:23 +0800] "GET /xingrg/kc/buy/cgsh_order_operate.html?command=get_materiel&rest_code=00111&code=00101008137&supplier_code=00100008&order_time=2024-05-01 HTTP/1.1" 200 408
114.95.253.235 - - [01/May/2024:08:57:34 +0800] "GET /xingrg/check_reg.html?_=1714525054234 HTTP/1.1" 200 22
114.95.253.235 - - [01/May/2024:08:57:34 +0800] "GET /xingrg/all/function/internal_message.html?_=1714525054239&CODE_STATE=getMsg HTTP/1.1" 200 27
101.83.144.49 - - [01/May/2024:08:57:34 +0800] "GET /xingrg/kc/buy/cgsh_order_operate.html?command=get_materiel&rest_code=00105&code=00101008230&supplier_code=00100008&order_time=2024-05-01 HTTP/1.1" 200 408
222.70.183.82 - - [01/May/2024:08:57:35 +0800] "GET /xingrg/check_reg.html?_=1714525055093 HTTP/1.1" 200 22
222.70.183.82 - - [01/May/2024:08:57:35 +0800] "GET /xingrg/all/function/internal_message.html?_=1714525055096&CODE_STATE=getMsg HTTP/1.1" 200 27
222.70.183.82 - - [01/May/2024:08:57:37 +0800] "GET /xingrg/kc/buy/cgsh_order_operate.html?command=get_materiel&rest_code=00111&code=00101008357&supplier_code=00100008&order_time=2024-05-01 HTTP/1.1" 200 408
116.230.112.13 - - [01/May/2024:08:57:38 +0800] "GET /xingrg/all/function/internal_message.html?_=1714525067642&CODE_STATE=getMsg HTTP/1.1" 302 -
221.239.168.119 - - [01/May/2024:08:57:41 +0800] "GET /xingrg/all/function/internal_message.html?_=1714525061012&CODE_STATE=getMsg HTTP/1.1" 200 27
124.78.56.241 - - [01/May/2024:08:57:46 +0800] "GET /xingrg/all/function/internal_message.html?_=1714525066444&CODE_STATE=getMsg HTTP/1.1" 200 27
222.70.183.82 - - [01/May/2024:08:57:48 +0800] "GET /xingrg/kc/buy/cgsh_order_operate.html?command=get_materiel&rest_code=00111&code=00101008244&supplier_code=00100008&order_time=2024-05-01 HTTP/1.1" 200 408
101.83.144.49 - - [01/May/2024:08:57:51 +0800] "GET /xingrg/kc/buy/cgsh_order_operate.html?command=get_materiel&rest_code=00105&code=00101008286&supplier_code=00100008&order_time=2024-05-01 HTTP/1.1" 200 408
101.83.144.49 - - [01/May/2024:08:57:52 +0800] "GET /xingrg/all/function/internal_message.html?_=1714525074182&CODE_STATE=getMsg HTTP/1.1" 200 27
120.253.135.82 - - [01/May/2024:08:57:56 +0800] "GET /xingrg/check_reg.html?_=1714525258812 HTTP/1.1" 200 22
120.253.135.82 - - [01/May/2024:08:57:56 +0800] "GET /xingrg/all/function/internal_message.html?_=1714525258811&CODE_STATE=getMsg HTTP/1.1" 200 27
116.238.97.31 - - [01/May/2024:08:57:59 +0800] "GET /xingrg/all/function/internal_message.html?_=1714525079486&CODE_STATE=getMsg HTTP/1.1" 200 27
222.70.183.82 - - [01/May/2024:08:58:03 +0800] "GET /xingrg/kc/buy/cgsh_order_operate.html?command=get_materiel&rest_code=00111&code=00101008256&supplier_code=00100008&order_time=2024-05-01 HTTP/1.1" 200 412
222.70.183.82 - - [01/May/2024:08:58:05 +0800] "GET /xingrg/all/function/internal_message.html?_=1714525085307&CODE_STATE=getMsg HTTP/1.1" 200 27
120.253.135.82 - - [01/May/2024:08:58:05 +0800] "GET /xingrg/all/function/internal_message.html?_=1714524934622&CODE_STATE=getMsg HTTP/1.1" 200 27
114.95.253.235 - - [01/May/2024:08:58:08 +0800] "GET /xingrg/kc/buy/cgsh_order_operate.html?command=get_materiel&rest_code=00151&code=00101008224&supplier_code=00100008&order_time=2024-05-01 HTTP/1.1" 200 416
218.79.29.216 - - [01/May/2024:08:58:10 +0800] "GET /xingrg/all/function/internal_message.html?_=1714525093950&CODE_STATE=getMsg HTTP/1.1" 200 27
116.228.172.94 - - [01/May/2024:08:58:11 +0800] "GET /xingrg/all/function/internal_message.html?_=1714525090120&CODE_STATE=getMsg HTTP/1.1" 302 -
116.230.112.13 - - [01/May/2024:08:58:16 +0800] "POST /xingrg/services/DataTransmitService HTTP/1.1" 200 524
222.70.183.82 - - [01/May/2024:08:58:29 +0800] "GET /xingrg/kc/buy/cgsh_order_operate.html?command=get_materiel&rest_code=00111&code=00101008740&supplier_code=00100008&order_time=2024-05-01 HTTP/1.1" 200 413
114.95.253.235 - - [01/May/2024:08:58:34 +0800] "GET /xingrg/all/function/internal_message.html?_=1714525114236&CODE_STATE=getMsg HTTP/1.1" 200 27
222.70.183.82 - - [01/May/2024:08:58:35 +0800] "GET /xingrg/all/function/internal_message.html?_=1714525115082&CODE_STATE=getMsg HTTP/1.1" 200 27
116.230.112.13 - - [01/May/2024:08:58:38 +0800] "GET /xingrg/all/function/internal_message.html?_=1714525127669&CODE_STATE=getMsg HTTP/1.1" 302 -
221.239.168.119 - - [01/May/2024:08:58:41 +0800] "GET /xingrg/all/function/internal_message.html?_=1714525121012&CODE_STATE=getMsg HTTP/1.1" 200 27
222.70.183.82 - - [01/May/2024:08:58:44 +0800] "GET /xingrg/kc/buy/cgsh_order_operate.html?command=get_materiel&rest_code=00111&code=00101008038&supplier_code=00100008&order_time=2024-05-01 HTTP/1.1" 200 412
114.95.253.235 - - [01/May/2024:08:58:46 +0800] "GET /xingrg/kc/buy/cgsh_order_operate.html?command=get_materiel&rest_code=00151&code=00101008694&supplier_code=00100008&order_time=2024-05-01 HTTP/1.1" 200 420
124.78.56.241 - - [01/May/2024:08:58:46 +0800] "GET /xingrg/all/function/internal_message.html?_=1714525126417&CODE_STATE=getMsg HTTP/1.1" 200 27
101.83.144.49 - - [01/May/2024:08:58:52 +0800] "GET /xingrg/all/function/internal_message.html?_=1714525134182&CODE_STATE=getMsg HTTP/1.1" 200 27
124.78.56.241 - - [01/May/2024:08:58:55 +0800] "GET /xingrg/check_reg.html?_=1714525135249 HTTP/1.1" 200 22
120.253.135.82 - - [01/May/2024:08:58:55 +0800] "GET /xingrg/all/function/internal_message.html?_=1714525318816&CODE_STATE=getMsg HTTP/1.1" 200 27
222.70.183.82 - - [01/May/2024:08:58:56 +0800] "GET /xingrg/kc/buy/cgsh_order_operate.html?command=get_materiel&rest_code=00111&code=00101008264&supplier_code=00100008&order_time=2024-05-01 HTTP/1.1" 200 412
116.238.97.31 - - [01/May/2024:08:58:59 +0800] "GET /xingrg/all/function/internal_message.html?_=1714525139472&CODE_STATE=getMsg HTTP/1.1" 200 27
222.70.183.82 - - [01/May/2024:08:59:05 +0800] "GET /xingrg/all/function/internal_message.html?_=1714525145310&CODE_STATE=getMsg HTTP/1.1" 200 27
120.253.135.82 - - [01/May/2024:08:59:05 +0800] "GET /xingrg/kc/pszx/mdqp_order_list.html?state=10 HTTP/1.1" 200 10319
120.253.135.82 - - [01/May/2024:08:59:06 +0800] "GET /xingrg/all/function/internal_message.html?_=1714524994635&CODE_STATE=getMsg HTTP/1.1" 200 27
120.253.135.82 - - [01/May/2024:08:59:06 +0800] "GET /xingrg/dwr/interface/AjaxQqpsService.js HTTP/1.1" 200 16326
