101.80.230.31 - - [01/May/2024:09:43:35 +0800] "POST /xingrg/dwr/call/plaincall/AjaxCheckService.setItemNumber.dwr HTTP/1.1" 200 78
101.80.230.31 - - [01/May/2024:09:43:37 +0800] "POST /xingrg/dwr/call/plaincall/AjaxCheckService.setItemNumber.dwr HTTP/1.1" 200 78
101.80.230.31 - - [01/May/2024:09:43:38 +0800] "POST /xingrg/dwr/call/plaincall/AjaxCheckService.setItemNumber.dwr HTTP/1.1" 200 78
101.80.230.31 - - [01/May/2024:09:43:38 +0800] "POST /xingrg/dwr/call/plaincall/AjaxCheckService.setItemNumber.dwr HTTP/1.1" 200 78
116.230.112.13 - - [01/May/2024:09:43:38 +0800] "GET /xingrg/all/function/internal_message.html?_=1714527828406&CODE_STATE=getMsg HTTP/1.1" 302 -
101.80.230.31 - - [01/May/2024:09:43:38 +0800] "POST /xingrg/dwr/call/plaincall/AjaxCheckService.setItemNumber.dwr HTTP/1.1" 200 78
101.80.230.31 - - [01/May/2024:09:43:39 +0800] "POST /xingrg/dwr/call/plaincall/AjaxCheckService.setItemNumber.dwr HTTP/1.1" 200 78
101.80.230.31 - - [01/May/2024:09:43:39 +0800] "POST /xingrg/dwr/call/plaincall/AjaxCheckService.setItemNumber.dwr HTTP/1.1" 200 78
114.83.223.12 - - [01/May/2024:09:43:39 +0800] "GET /xingrg/kc/buy/cgsh_order_operate.html?command=get_materiel&rest_code=00149&code=00101008059&supplier_code=00100008&order_time=2024-05-01 HTTP/1.1" 200 408
101.80.230.31 - - [01/May/2024:09:43:40 +0800] "POST /xingrg/dwr/call/plaincall/AjaxCheckService.setItemNumber.dwr HTTP/1.1" 200 78
101.80.230.31 - - [01/May/2024:09:43:40 +0800] "POST /xingrg/dwr/call/plaincall/AjaxCheckService.setItemNumber.dwr HTTP/1.1" 200 78
221.239.168.119 - - [01/May/2024:09:43:41 +0800] "GET /xingrg/all/function/internal_message.html?_=1714527821070&CODE_STATE=getMsg HTTP/1.1" 200 27
101.80.230.31 - - [01/May/2024:09:43:41 +0800] "POST /xingrg/dwr/call/plaincall/AjaxCheckService.setItemNumber.dwr HTTP/1.1" 200 78
101.80.230.31 - - [01/May/2024:09:43:41 +0800] "POST /xingrg/dwr/call/plaincall/AjaxCheckService.setItemNumber.dwr HTTP/1.1" 200 78
101.80.230.31 - - [01/May/2024:09:43:42 +0800] "POST /xingrg/dwr/call/plaincall/AjaxCheckService.setItemNumber.dwr HTTP/1.1" 200 78
58.40.7.146 - - [01/May/2024:09:43:42 +0800] "POST /xingrg/all/user/operate.html HTTP/1.1" 200 36
58.40.7.146 - - [01/May/2024:09:43:42 +0800] "GET /xingrg/index.html?sysBaseUrl=http%3A%2F%2F180.169.147.146%3A18081%2Fxingrg%2F&costTime=1787×tamp=1714527814993 HTTP/1.1" 200 17507
58.40.7.146 - - [01/May/2024:09:43:42 +0800] "GET /xingrg/javascript/jquery_easy_ui/themes/default/easyui.css HTTP/1.1" 304 -
58.40.7.146 - - [01/May/2024:09:43:42 +0800] "GET /xingrg/javascript/jquery_easy_ui/themes/icon.css HTTP/1.1" 304 -
58.40.7.146 - - [01/May/2024:09:43:42 +0800] "GET /xingrg/css/form.css HTTP/1.1" 304 -
58.40.7.146 - - [01/May/2024:09:43:42 +0800] "GET /xingrg/javascript/jquery-1.4.2.min.js HTTP/1.1" 304 -
58.40.7.146 - - [01/May/2024:09:43:42 +0800] "GET /xingrg/javascript/jquery_easy_ui/jquery.easyui.min.js HTTP/1.1" 304 -
58.40.7.146 - - [01/May/2024:09:43:42 +0800] "GET /xingrg/javascript/jquery_easy_ui/easyui-lang-zh_CN.js HTTP/1.1" 304 -
58.40.7.146 - - [01/May/2024:09:43:42 +0800] "GET /xingrg/javascript/jquery.form.js HTTP/1.1" 304 -
58.40.7.146 - - [01/May/2024:09:43:42 +0800] "GET /xingrg/javascript/jquery.utils.js HTTP/1.1" 304 -
58.40.7.146 - - [01/May/2024:09:43:42 +0800] "GET /xingrg/javascript/jquery.timers.js HTTP/1.1" 304 -
58.40.7.146 - - [01/May/2024:09:43:42 +0800] "GET /xingrg/images/blue/jxLogo.png HTTP/1.1" 304 -
58.40.7.146 - - [01/May/2024:09:43:42 +0800] "GET /xingrg/images/blue/navBackgound.jpg HTTP/1.1" 304 -
58.40.7.146 - - [01/May/2024:09:43:42 +0800] "GET /xingrg/javascript/jquery_easy_ui/themes/icons/settle_new.png HTTP/1.1" 304 -
58.40.7.146 - - [01/May/2024:09:43:42 +0800] "GET /xingrg/all/function/internal_message.html?_=1714527822466&CODE_STATE=count HTTP/1.1" 200 11
58.40.7.146 - - [01/May/2024:09:43:42 +0800] "GET /xingrg/check_reg.html?_=1714527822468 HTTP/1.1" 200 22
58.40.7.146 - - [01/May/2024:09:43:42 +0800] "GET /xingrg/javascript/jquery_easy_ui/themes/default/images/tabs_rightarrow.png HTTP/1.1" 304 -
58.40.7.146 - - [01/May/2024:09:43:42 +0800] "GET /xingrg/javascript/jquery_easy_ui/themes/default/images/panel_tool_collapse.gif HTTP/1.1" 304 -
58.40.7.146 - - [01/May/2024:09:43:42 +0800] "GET /xingrg/javascript/jquery_easy_ui/themes/default/images/panel_tool_expand.gif HTTP/1.1" 304 -
58.40.7.146 - - [01/May/2024:09:43:42 +0800] "GET /xingrg/javascript/jquery_easy_ui/themes/default/images/tabs_leftarrow.png HTTP/1.1" 304 -
58.40.7.146 - - [01/May/2024:09:43:42 +0800] "GET /xingrg/images/blue/pingpu.png HTTP/1.1" 304 -
58.40.7.146 - - [01/May/2024:09:43:42 +0800] "POST /xingrg/all/common/load_tree.html?tree=area_rest_tree_json&manage=1 HTTP/1.1" 200 3624
58.40.7.146 - - [01/May/2024:09:43:42 +0800] "POST /xingrg/load_menu.html HTTP/1.1" 200 9959
61.170.234.43 - - [01/May/2024:09:43:42 +0800] "POST /xingrg/services/DataTransmitService HTTP/1.1" 200 524
61.170.234.43 - - [01/May/2024:09:43:43 +0800] "GET /xingrg/all/function/internal_message.html?_=1714527823738&CODE_STATE=getMsg HTTP/1.1" 200 27
58.40.7.146 - - [01/May/2024:09:43:44 +0800] "GET /xingrg/kc/report/report_main.html HTTP/1.1" 200 7340
124.78.56.241 - - [01/May/2024:09:43:45 +0800] "GET /xingrg/all/function/internal_message.html?_=1714527825631&CODE_STATE=getMsg HTTP/1.1" 200 27
114.95.253.235 - - [01/May/2024:09:43:50 +0800] "GET /xingrg/all/function/internal_message.html?_=1714527830615&CODE_STATE=getMsg HTTP/1.1" 200 27
114.83.223.12 - - [01/May/2024:09:43:50 +0800] "GET /xingrg/kc/buy/cgsh_order_operate.html?command=get_materiel&rest_code=00149&code=00101008005&supplier_code=00100008&order_time=2024-05-01 HTTP/1.1" 200 431
101.83.144.49 - - [01/May/2024:09:43:52 +0800] "GET /xingrg/all/function/internal_message.html?_=1714527834387&CODE_STATE=getMsg HTTP/1.1" 200 27
124.78.56.241 - - [01/May/2024:09:43:55 +0800] "GET /xingrg/check_reg.html?_=1714527835105 HTTP/1.1" 200 22
114.83.223.12 - - [01/May/2024:09:43:58 +0800] "GET /xingrg/all/function/internal_message.html?_=1714527838313&CODE_STATE=getMsg HTTP/1.1" 200 27
116.238.97.31 - - [01/May/2024:09:43:59 +0800] "GET /xingrg/all/function/internal_message.html?_=1714527839489&CODE_STATE=getMsg HTTP/1.1" 200 27
114.83.223.12 - - [01/May/2024:09:44:01 +0800] "GET /xingrg/kc/buy/cgsh_order_operate.html?command=get_materiel&rest_code=00149&code=00101008330&supplier_code=00100008&order_time=2024-05-01 HTTP/1.1" 200 408
101.80.230.31 - - [01/May/2024:09:44:03 +0800] "POST /xingrg/dwr/call/plaincall/AjaxCheckService.setItemNumber.dwr HTTP/1.1" 200 78
101.80.230.31 - - [01/May/2024:09:44:03 +0800] "POST /xingrg/dwr/call/plaincall/AjaxCheckService.setItemNumber.dwr HTTP/1.1" 200 78
101.80.230.31 - - [01/May/2024:09:44:04 +0800] "POST /xingrg/dwr/call/plaincall/AjaxCheckService.setItemNumber.dwr HTTP/1.1" 200 78
101.80.230.31 - - [01/May/2024:09:44:04 +0800] "POST /xingrg/dwr/call/plaincall/AjaxCheckService.setItemNumber.dwr HTTP/1.1" 200 78
101.80.230.31 - - [01/May/2024:09:44:04 +0800] "POST /xingrg/dwr/call/plaincall/AjaxCheckService.setItemNumber.dwr HTTP/1.1" 200 78
222.70.183.82 - - [01/May/2024:09:44:05 +0800] "GET /xingrg/all/function/internal_message.html?_=1714527845353&CODE_STATE=getMsg HTTP/1.1" 200 27
101.80.230.31 - - [01/May/2024:09:44:05 +0800] "POST /xingrg/dwr/call/plaincall/AjaxCheckService.setItemNumber.dwr HTTP/1.1" 200 78
101.80.230.31 - - [01/May/2024:09:44:05 +0800] "POST /xingrg/dwr/call/plaincall/AjaxCheckService.setItemNumber.dwr HTTP/1.1" 200 78
101.80.230.31 - - [01/May/2024:09:44:06 +0800] "POST /xingrg/dwr/call/plaincall/AjaxCheckService.setItemNumber.dwr HTTP/1.1" 200 78
101.80.230.31 - - [01/May/2024:09:44:06 +0800] "POST /xingrg/dwr/call/plaincall/AjaxCheckService.setItemNumber.dwr HTTP/1.1" 200 78
114.83.223.12 - - [01/May/2024:09:44:06 +0800] "POST /xingrg/kc/buy/cgsh_order_operate.html HTTP/1.1" 200 2065
101.80.230.31 - - [01/May/2024:09:44:07 +0800] "POST /xingrg/dwr/call/plaincall/AjaxCheckService.setItemNumber.dwr HTTP/1.1" 200 78
101.80.230.31 - - [01/May/2024:09:44:07 +0800] "POST /xingrg/dwr/call/plaincall/AjaxCheckService.setItemNumber.dwr HTTP/1.1" 200 78
101.80.230.31 - - [01/May/2024:09:44:08 +0800] "POST /xingrg/dwr/call/plaincall/AjaxCheckService.setItemNumber.dwr HTTP/1.1" 200 78
101.80.230.31 - - [01/May/2024:09:44:08 +0800] "POST /xingrg/dwr/call/plaincall/AjaxCheckService.setItemNumber.dwr HTTP/1.1" 200 78
180.169.147.146 - - [01/May/2024:09:44:09 +0800] "GET /xingrg/all/function/internal_message.html?_=1714527849041&CODE_STATE=getMsg HTTP/1.1" 200 27
101.80.230.31 - - [01/May/2024:09:44:09 +0800] "POST /xingrg/dwr/call/plaincall/AjaxCheckService.setItemNumber.dwr HTTP/1.1" 200 78
120.253.135.82 - - [01/May/2024:09:44:09 +0800] "GET /xingrg/all/function/internal_message.html?_=1714527697885&CODE_STATE=getMsg HTTP/1.1" 200 27
101.80.230.31 - - [01/May/2024:09:44:09 +0800] "POST /xingrg/dwr/call/plaincall/AjaxCheckService.setItemNumber.dwr HTTP/1.1" 200 78
101.80.230.31 - - [01/May/2024:09:44:09 +0800] "POST /xingrg/dwr/call/plaincall/AjaxCheckService.setItemNumber.dwr HTTP/1.1" 200 78
218.79.29.216 - - [01/May/2024:09:44:09 +0800] "GET /xingrg/all/function/internal_message.html?_=1714527854001&CODE_STATE=getMsg HTTP/1.1" 200 27
101.80.230.31 - - [01/May/2024:09:44:10 +0800] "POST /xingrg/dwr/call/plaincall/AjaxCheckService.setItemNumber.dwr HTTP/1.1" 200 78
120.253.135.82 - - [01/May/2024:09:44:10 +0800] "POST /xingrg/kc/pszx/mdps_order_operate.html HTTP/1.1" 200 37
101.80.230.31 - - [01/May/2024:09:44:10 +0800] "GET /xingrg/all/function/internal_message.html?_=1714527868810&CODE_STATE=getMsg HTTP/1.1" 200 27
101.80.230.31 - - [01/May/2024:09:44:10 +0800] "POST /xingrg/dwr/call/plaincall/AjaxCheckService.setItemNumber.dwr HTTP/1.1" 200 78
101.80.230.31 - - [01/May/2024:09:44:11 +0800] "POST /xingrg/dwr/call/plaincall/AjaxCheckService.setItemNumber.dwr HTTP/1.1" 200 78
116.228.172.94 - - [01/May/2024:09:44:11 +0800] "GET /xingrg/all/function/internal_message.html?_=1714527850113&CODE_STATE=getMsg HTTP/1.1" 302 -
101.80.230.31 - - [01/May/2024:09:44:11 +0800] "POST /xingrg/dwr/call/plaincall/AjaxCheckService.setItemNumber.dwr HTTP/1.1" 200 78
101.80.230.31 - - [01/May/2024:09:44:12 +0800] "POST /xingrg/dwr/call/plaincall/AjaxCheckService.setItemNumber.dwr HTTP/1.1" 200 78
101.80.230.31 - - [01/May/2024:09:44:12 +0800] "POST /xingrg/dwr/call/plaincall/AjaxCheckService.setItemNumber.dwr HTTP/1.1" 200 78
101.80.230.31 - - [01/May/2024:09:44:12 +0800] "POST /xingrg/dwr/call/plaincall/AjaxCheckService.setItemNumber.dwr HTTP/1.1" 200 78
101.80.230.31 - - [01/May/2024:09:44:13 +0800] "POST /xingrg/dwr/call/plaincall/AjaxCheckService.setItemNumber.dwr HTTP/1.1" 200 78
101.80.230.31 - - [01/May/2024:09:44:13 +0800] "POST /xingrg/dwr/call/plaincall/AjaxCheckService.setItemNumber.dwr HTTP/1.1" 200 78
180.163.29.212 - - [01/May/2024:09:44:14 +0800] "GET /xingrg/check_reg.html?_=1714527792438 HTTP/1.1" 302 -
101.80.230.31 - - [01/May/2024:09:44:14 +0800] "POST /xingrg/dwr/call/plaincall/AjaxCheckService.setItemNumber.dwr HTTP/1.1" 200 78
180.163.29.212 - - [01/May/2024:09:44:14 +0800] "GET /xingrg/login.html HTTP/1.1" 200 7641
101.80.230.31 - - [01/May/2024:09:44:14 +0800] "POST /xingrg/dwr/call/plaincall/AjaxCheckService.setItemNumber.dwr HTTP/1.1" 200 78
61.170.234.43 - - [01/May/2024:09:44:14 +0800] "GET /xingrg/all/function/internal_message.html?_=1714527852424&CODE_STATE=getMsg HTTP/1.1" 200 27
101.80.230.31 - - [01/May/2024:09:44:14 +0800] "POST /xingrg/dwr/call/plaincall/AjaxCheckService.setItemNumber.dwr HTTP/1.1" 200 78
101.80.230.31 - - [01/May/2024:09:44:15 +0800] "POST /xingrg/dwr/call/plaincall/AjaxCheckService.setItemNumber.dwr HTTP/1.1" 200 78
101.80.230.31 - - [01/May/2024:09:44:15 +0800] "POST /xingrg/dwr/call/plaincall/AjaxCheckService.setItemNumber.dwr HTTP/1.1" 200 78
101.80.230.31 - - [01/May/2024:09:44:16 +0800] "POST /xingrg/dwr/call/plaincall/AjaxCheckService.setItemNumber.dwr HTTP/1.1" 200 78
101.80.230.31 - - [01/May/2024:09:44:16 +0800] "POST /xingrg/dwr/call/plaincall/AjaxCheckService.setItemNumber.dwr HTTP/1.1" 200 78
101.80.230.31 - - [01/May/2024:09:44:17 +0800] "POST /xingrg/dwr/call/plaincall/AjaxCheckService.setItemNumber.dwr HTTP/1.1" 200 78
101.80.230.31 - - [01/May/2024:09:44:17 +0800] "POST /xingrg/dwr/call/plaincall/AjaxCheckService.setItemNumber.dwr HTTP/1.1" 200 78
101.80.230.31 - - [01/May/2024:09:44:18 +0800] "POST /xingrg/dwr/call/plaincall/AjaxCheckService.setItemNumber.dwr HTTP/1.1" 200 78
222.69.132.237 - - [01/May/2024:09:44:21 +0800] "GET /xingrg/all/function/internal_message.html?_=1714527861687&CODE_STATE=getMsg HTTP/1.1" 200 27
180.164.6.225 - - [01/May/2024:09:44:22 +0800] "GET /xingrg/check_reg.html?_=1714527860459 HTTP/1.1" 200 22
180.164.6.225 - - [01/May/2024:09:44:23 +0800] "GET /xingrg/all/function/internal_message.html?_=1714527861470&CODE_STATE=getMsg HTTP/1.1" 200 27
101.80.230.31 - - [01/May/2024:09:44:25 +0800] "POST /xingrg/dwr/call/plaincall/AjaxCheckService.setItemNumber.dwr HTTP/1.1" 200 78
114.83.223.12 - - [01/May/2024:09:44:26 +0800] "POST /xingrg/kc/buy/cgsh_order_operate.html HTTP/1.1" 200 37
101.80.230.31 - - [01/May/2024:09:44:26 +0800] "POST /xingrg/dwr/call/plaincall/AjaxCheckService.setItemNumber.dwr HTTP/1.1" 200 78
101.80.230.31 - - [01/May/2024:09:44:26 +0800] "POST /xingrg/dwr/call/plaincall/AjaxCheckService.setItemNumber.dwr HTTP/1.1" 200 78
101.80.230.31 - - [01/May/2024:09:44:26 +0800] "POST /xingrg/dwr/call/plaincall/AjaxCheckService.setItemNumber.dwr HTTP/1.1" 200 78
116.230.112.13 - - [01/May/2024:09:44:27 +0800] "GET /xingrg/check_reg.html?_=1714527876653 HTTP/1.1" 302 -
101.80.230.31 - - [01/May/2024:09:44:27 +0800] "POST /xingrg/dwr/call/plaincall/AjaxCheckService.setItemNumber.dwr HTTP/1.1" 200 78
101.80.230.31 - - [01/May/2024:09:44:28 +0800] "POST /xingrg/dwr/call/plaincall/AjaxCheckService.setItemNumber.dwr HTTP/1.1" 200 78
101.80.230.31 - - [01/May/2024:09:44:28 +0800] "POST /xingrg/dwr/call/plaincall/AjaxCheckService.setItemNumber.dwr HTTP/1.1" 200 78
101.80.230.31 - - [01/May/2024:09:44:29 +0800] "POST /xingrg/dwr/call/plaincall/AjaxCheckService.setItemNumber.dwr HTTP/1.1" 200 78
101.80.230.31 - - [01/May/2024:09:44:29 +0800] "POST /xingrg/dwr/call/plaincall/AjaxCheckService.setItemNumber.dwr HTTP/1.1" 200 78
101.80.230.31 - - [01/May/2024:09:44:29 +0800] "POST /xingrg/dwr/call/plaincall/AjaxCheckService.setItemNumber.dwr HTTP/1.1" 200 78
101.80.230.31 - - [01/May/2024:09:44:30 +0800] "POST /xingrg/dwr/call/plaincall/AjaxCheckService.setItemNumber.dwr HTTP/1.1" 200 78
101.80.230.31 - - [01/May/2024:09:44:30 +0800] "POST /xingrg/dwr/call/plaincall/AjaxCheckService.setItemNumber.dwr HTTP/1.1" 200 78
120.253.135.82 - - [01/May/2024:09:44:31 +0800] "GET /xingrg/kc/pszx/mdps_order_info.html?code=312024050100028 HTTP/1.1" 200 23978
101.80.230.31 - - [01/May/2024:09:44:31 +0800] "POST /xingrg/dwr/call/plaincall/AjaxCheckService.setItemNumber.dwr HTTP/1.1" 200 78
101.80.230.31 - - [01/May/2024:09:44:31 +0800] "POST /xingrg/dwr/call/plaincall/AjaxCheckService.setItemNumber.dwr HTTP/1.1" 200 78
120.253.135.82 - - [01/May/2024:09:44:32 +0800] "GET /xingrg/javascript/easyui/themes/default/validatebox.css HTTP/1.1" 404 1104
101.80.230.31 - - [01/May/2024:09:44:32 +0800] "POST /xingrg/dwr/call/plaincall/AjaxCheckService.setItemNumber.dwr HTTP/1.1" 200 78
101.80.230.31 - - [01/May/2024:09:44:32 +0800] "POST /xingrg/dwr/call/plaincall/AjaxCheckService.setItemNumber.dwr HTTP/1.1" 200 78
120.253.135.82 - - [01/May/2024:09:44:32 +0800] "POST /xingrg/kc/pszx/mdps_order_operate.html HTTP/1.1" 200 3842
101.80.230.31 - - [01/May/2024:09:44:33 +0800] "POST /xingrg/dwr/call/plaincall/AjaxCheckService.setItemNumber.dwr HTTP/1.1" 200 78
101.80.230.31 - - [01/May/2024:09:44:33 +0800] "POST /xingrg/dwr/call/plaincall/AjaxCheckService.setItemNumber.dwr HTTP/1.1" 200 78
101.80.230.31 - - [01/May/2024:09:44:33 +0800] "POST /xingrg/dwr/call/plaincall/AjaxCheckService.setItemNumber.dwr HTTP/1.1" 200 78
101.80.230.31 - - [01/May/2024:09:44:34 +0800] "POST /xingrg/dwr/call/plaincall/AjaxCheckService.setItemNumber.dwr HTTP/1.1" 200 78
180.164.6.225 - - [01/May/2024:09:44:34 +0800] "POST /xingrg/kc/buy/cgsh_order_operate.html HTTP/1.1" 200 37
101.80.230.31 - - [01/May/2024:09:44:35 +0800] "POST /xingrg/dwr/call/plaincall/AjaxCheckService.setItemNumber.dwr HTTP/1.1" 200 78
222.70.183.82 - - [01/May/2024:09:44:35 +0800] "GET /xingrg/all/function/internal_message.html?_=1714527875089&CODE_STATE=getMsg HTTP/1.1" 200 27
101.80.230.31 - - [01/May/2024:09:44:35 +0800] "POST /xingrg/dwr/call/plaincall/AjaxCheckService.setItemNumber.dwr HTTP/1.1" 200 78
101.80.230.31 - - [01/May/2024:09:44:36 +0800] "POST /xingrg/dwr/call/plaincall/AjaxCheckService.setItemNumber.dwr HTTP/1.1" 200 78
101.80.230.31 - - [01/May/2024:09:44:36 +0800] "POST /xingrg/dwr/call/plaincall/AjaxCheckService.setItemNumber.dwr HTTP/1.1" 200 78
180.164.6.225 - - [01/May/2024:09:44:36 +0800] "POST /xingrg/kc/buy/cgsh_order_operate.html HTTP/1.1" 200 32861
101.80.230.31 - - [01/May/2024:09:44:37 +0800] "POST /xingrg/dwr/call/plaincall/AjaxCheckService.setItemNumber.dwr HTTP/1.1" 200 78
101.80.230.31 - - [01/May/2024:09:44:37 +0800] "POST /xingrg/dwr/call/plaincall/AjaxCheckService.setItemNumber.dwr HTTP/1.1" 200 78
101.80.230.31 - - [01/May/2024:09:44:38 +0800] "POST /xingrg/dwr/call/plaincall/AjaxCheckService.setItemNumber.dwr HTTP/1.1" 200 78
101.80.230.31 - - [01/May/2024:09:44:38 +0800] "POST /xingrg/dwr/call/plaincall/AjaxCheckService.setItemNumber.dwr HTTP/1.1" 200 78
116.230.112.13 - - [01/May/2024:09:44:38 +0800] "GET /xingrg/all/function/internal_message.html?_=1714527888428&CODE_STATE=getMsg HTTP/1.1" 302 -
101.80.230.31 - - [01/May/2024:09:44:39 +0800] "POST /xingrg/dwr/call/plaincall/AjaxCheckService.setItemNumber.dwr HTTP/1.1" 200 78
101.80.230.31 - - [01/May/2024:09:44:40 +0800] "POST /xingrg/dwr/call/plaincall/AjaxCheckService.setItemNumber.dwr HTTP/1.1" 200 78
120.253.135.82 - - [01/May/2024:09:44:41 +0800] "GET /xingrg/kc/pszx/mdps_order_operate.html?command=get_materiel&pszx_code=00101&rest_code=00104&base_code=0010246&code=00101033005 HTTP/1.1" 200 439
221.239.168.119 - - [01/May/2024:09:44:41 +0800] "GET /xingrg/all/function/internal_message.html?_=1714527881067&CODE_STATE=getMsg HTTP/1.1" 200 27
58.40.7.146 - - [01/May/2024:09:44:42 +0800] "GET /xingrg/all/function/internal_message.html?_=1714527882480&CODE_STATE=getMsg HTTP/1.1" 200 27
61.170.234.43 - - [01/May/2024:09:44:43 +0800] "GET /xingrg/all/function/internal_message.html?_=1714527883731&CODE_STATE=getMsg HTTP/1.1" 200 27
124.78.56.241 - - [01/May/2024:09:44:45 +0800] "GET /xingrg/all/function/internal_message.html?_=1714527885618&CODE_STATE=getMsg HTTP/1.1" 200 27
180.164.6.225 - - [01/May/2024:09:44:50 +0800] "GET /xingrg/login.html HTTP/1.1" 200 7641
114.95.253.235 - - [01/May/2024:09:44:50 +0800] "GET /xingrg/all/function/internal_message.html?_=1714527890623&CODE_STATE=getMsg HTTP/1.1" 200 27
180.164.6.225 - - [01/May/2024:09:44:51 +0800] "GET /favicon.ico HTTP/1.1" 404 -
101.83.144.49 - - [01/May/2024:09:44:52 +0800] "GET /xingrg/all/function/internal_message.html?_=1714527894379&CODE_STATE=getMsg HTTP/1.1" 200 27
180.164.6.225 - - [01/May/2024:09:44:53 +0800] "POST /xingrg/login.do HTTP/1.1" 302 -
180.164.6.225 - - [01/May/2024:09:44:53 +0800] "GET /xingrg/index.html?sysBaseUrl=http%3A%2F%2F180.169.147.146%3A18081%2Fxingrg%2F&costTime=825×tamp=1714527893240 HTTP/1.1" 200 17183
180.164.6.225 - - [01/May/2024:09:44:53 +0800] "GET /favicon.ico HTTP/1.1" 404 -
180.164.6.225 - - [01/May/2024:09:44:53 +0800] "POST /xingrg/all/common/load_tree.html?tree=area_rest_tree_json&manage=1 HTTP/1.1" 200 357
180.164.6.225 - - [01/May/2024:09:44:53 +0800] "GET /xingrg/check_reg.html?_=1714527891204 HTTP/1.1" 200 22
180.164.6.225 - - [01/May/2024:09:44:53 +0800] "GET /xingrg/all/function/internal_message.html?_=1714527891203&CODE_STATE=count HTTP/1.1" 200 11
180.164.6.225 - - [01/May/2024:09:44:53 +0800] "POST /xingrg/load_menu.html HTTP/1.1" 200 5138
116.238.97.31 - - [01/May/2024:09:44:59 +0800] "GET /xingrg/all/function/internal_message.html?_=1714527899479&CODE_STATE=getMsg HTTP/1.1" 200 27
120.253.135.82 - - [01/May/2024:09:45:00 +0800] "GET /xingrg/check_reg.html?_=1714527749069 HTTP/1.1" 200 22
120.253.135.82 - - [01/May/2024:09:45:02 +0800] "GET /xingrg/kc/pszx/mdps_order_operate.html?command=get_materiel&pszx_code=00101&rest_code=00104&base_code=0010246&code=00101033033 HTTP/1.1" 200 414
180.164.6.225 - - [01/May/2024:09:45:04 +0800] "GET /xingrg/kc/buy/cgsh_order_list.html HTTP/1.1" 200 58411
222.70.183.82 - - [01/May/2024:09:45:05 +0800] "GET /xingrg/all/function/internal_message.html?_=1714527905353&CODE_STATE=getMsg HTTP/1.1" 200 27
180.169.147.146 - - [01/May/2024:09:45:09 +0800] "GET /xingrg/all/function/internal_message.html?_=1714527909046&CODE_STATE=getMsg HTTP/1.1" 200 27
120.253.135.82 - - [01/May/2024:09:45:09 +0800] "GET /xingrg/all/function/internal_message.html?_=1714527757897&CODE_STATE=getMsg HTTP/1.1" 200 27
180.164.6.225 - - [01/May/2024:09:45:09 +0800] "POST /xingrg/kc/buy/cgsh_list_operate.html HTTP/1.1" 200 1396
218.79.29.216 - - [01/May/2024:09:45:09 +0800] "GET /xingrg/all/function/internal_message.html?_=1714527914001&CODE_STATE=getMsg HTTP/1.1" 200 27
101.80.230.31 - - [01/May/2024:09:45:10 +0800] "GET /xingrg/all/function/internal_message.html?_=1714527928783&CODE_STATE=getMsg HTTP/1.1" 200 27
116.228.172.94 - - [01/May/2024:09:45:11 +0800] "GET /xingrg/all/function/internal_message.html?_=1714527910116&CODE_STATE=getMsg HTTP/1.1" 302 -
101.80.230.31 - - [01/May/2024:09:45:11 +0800] "POST /xingrg/dwr/call/plaincall/AjaxCheckService.setItemNumber.dwr HTTP/1.1" 200 78
180.164.6.225 - - [01/May/2024:09:45:12 +0800] "POST /xingrg/kc/buy/cgsh_list_operate.html HTTP/1.1" 200 586
101.80.230.31 - - [01/May/2024:09:45:12 +0800] "POST /xingrg/dwr/call/plaincall/AjaxCheckService.setItemNumber.dwr HTTP/1.1" 200 78
101.83.144.49 - - [01/May/2024:09:45:13 +0800] "GET /xingrg/kc/buy/cgsh_order_operate.html?command=get_materiel&rest_code=00105&code=00101008059&supplier_code=00100008&order_time=2024-05-01 HTTP/1.1" 200 408
101.80.230.31 - - [01/May/2024:09:45:13 +0800] "POST /xingrg/dwr/call/plaincall/AjaxCheckService.setItemNumber.dwr HTTP/1.1" 200 78
180.163.29.217 - - [01/May/2024:09:45:14 +0800] "GET /xingrg/all/function/internal_message.html?_=1714527852424&CODE_STATE=getMsg HTTP/1.1" 302 -
180.164.6.225 - - [01/May/2024:09:45:14 +0800] "GET /xingrg/kc/buy/cgsh_order_info.html?code=212024050100019 HTTP/1.1" 200 74284
180.164.6.225 - - [01/May/2024:09:45:14 +0800] "GET /xingrg/javascript/easyui/themes/default/validatebox.css HTTP/1.1" 404 1104
180.164.6.225 - - [01/May/2024:09:45:14 +0800] "GET /xingrg/all/common/auto_word.html?type=employee&rest_code=00108 HTTP/1.1" 200 101
180.164.6.225 - - [01/May/2024:09:45:14 +0800] "GET /xingrg/all/common/auto_word.html?type=employee&rest_code=00108 HTTP/1.1" 200 101
61.170.234.43 - - [01/May/2024:09:45:14 +0800] "GET /xingrg/all/function/internal_message.html?_=1714527912427&CODE_STATE=getMsg HTTP/1.1" 200 27
180.164.6.225 - - [01/May/2024:09:45:15 +0800] "POST /xingrg/kc/buy/cgsh_order_operate.html HTTP/1.1" 200 32861
180.163.29.217 - - [01/May/2024:09:45:16 +0800] "GET /xingrg/login.html HTTP/1.1" 200 7641
101.80.230.31 - - [01/May/2024:09:45:17 +0800] "POST /xingrg/dwr/call/plaincall/AjaxCheckService.setItemNumber.dwr HTTP/1.1" 200 78
222.69.132.237 - - [01/May/2024:09:45:21 +0800] "GET /xingrg/all/function/internal_message.html?_=1714527921699&CODE_STATE=getMsg HTTP/1.1" 200 27
180.164.6.225 - - [01/May/2024:09:45:21 +0800] "GET /xingrg/javascript/auto/indicator.gif HTTP/1.1" 404 1066
101.80.230.31 - - [01/May/2024:09:45:22 +0800] "POST /xingrg/dwr/call/plaincall/AjaxCheckService.setItemNumber.dwr HTTP/1.1" 200 78
101.80.230.31 - - [01/May/2024:09:45:22 +0800] "POST /xingrg/dwr/call/plaincall/AjaxCheckService.setItemNumber.dwr HTTP/1.1" 200 78
101.83.144.49 - - [01/May/2024:09:45:24 +0800] "POST /xingrg/kc/buy/cgsh_order_operate.html HTTP/1.1" 200 37
120.253.135.82 - - [01/May/2024:09:45:25 +0800] "GET /xingrg/kc/pszx/mdps_order_operate.html?command=get_materiel&pszx_code=00101&rest_code=00104&base_code=0010246&code=00101033034 HTTP/1.1" 200 414
101.83.144.49 - - [01/May/2024:09:45:26 +0800] "POST /xingrg/kc/buy/cgsh_order_operate.html HTTP/1.1" 200 43465
101.80.230.31 - - [01/May/2024:09:45:27 +0800] "POST /xingrg/dwr/call/plaincall/AjaxCheckService.setItemNumber.dwr HTTP/1.1" 200 78
101.83.144.49 - - [01/May/2024:09:45:28 +0800] "GET /xingrg/kc/print/load_config.html?kc_code=cgsh HTTP/1.1" 200 1927
101.83.144.49 - - [01/May/2024:09:45:29 +0800] "GET /xingrg/kc/print/load_data.html?order_code=212024050100021&kc_code=cgsh&condition= HTTP/1.1" 200 16087
61.170.234.43 - - [01/May/2024:09:45:31 +0800] "GET /xingrg/kc/buy/cgsh_order_add.html HTTP/1.1" 200 74214
61.170.234.43 - - [01/May/2024:09:45:31 +0800] "POST /xingrg/kc/buy/cgsh_order_operate.html HTTP/1.1" 200 8245
61.170.234.43 - - [01/May/2024:09:45:31 +0800] "GET /xingrg/javascript/easyui/themes/default/validatebox.css HTTP/1.1" 404 1104
222.70.183.82 - - [01/May/2024:09:45:35 +0800] "GET /xingrg/all/function/internal_message.html?_=1714527935081&CODE_STATE=getMsg HTTP/1.1" 200 27
116.230.112.13 - - [01/May/2024:09:45:38 +0800] "GET /xingrg/all/function/internal_message.html?_=1714527948433&CODE_STATE=getMsg HTTP/1.1" 302 -
61.170.234.43 - - [01/May/2024:09:45:40 +0800] "GET /xingrg/javascript/easyui/themes/default/tree.css HTTP/1.1" 404 1090
221.239.168.119 - - [01/May/2024:09:45:41 +0800] "GET /xingrg/all/function/internal_message.html?_=1714527941063&CODE_STATE=getMsg HTTP/1.1" 200 27
221.239.168.119 - - [01/May/2024:09:45:41 +0800] "GET /xingrg/check_reg.html?_=1714527941068 HTTP/1.1" 200 22
61.170.234.43 - - [01/May/2024:09:45:41 +0800] "POST /xingrg/all/common/load_tree.html?tree=supplier_tree_json&isDelete=1 HTTP/1.1" 200 79865
58.40.7.146 - - [01/May/2024:09:45:42 +0800] "GET /xingrg/all/function/internal_message.html?_=1714527942490&CODE_STATE=getMsg HTTP/1.1" 200 27
61.170.234.43 - - [01/May/2024:09:45:43 +0800] "GET /xingrg/all/function/internal_message.html?_=1714527943720&CODE_STATE=getMsg HTTP/1.1" 200 27
124.78.56.241 - - [01/May/2024:09:45:45 +0800] "GET /xingrg/all/function/internal_message.html?_=1714527945605&CODE_STATE=getMsg HTTP/1.1" 200 27
101.80.230.31 - - [01/May/2024:09:45:50 +0800] "POST /xingrg/dwr/call/plaincall/AjaxCheckService.setItemNumber.dwr HTTP/1.1" 200 78
114.95.253.235 - - [01/May/2024:09:45:50 +0800] "GET /xingrg/all/function/internal_message.html?_=1714527950644&CODE_STATE=getMsg HTTP/1.1" 200 27
114.95.253.235 - - [01/May/2024:09:45:50 +0800] "GET /xingrg/check_reg.html?_=1714527950649 HTTP/1.1" 200 22
120.253.135.82 - - [01/May/2024:09:45:50 +0800] "GET /xingrg/kc/pszx/mdps_order_operate.html?command=get_materiel&pszx_code=00101&rest_code=00104&base_code=0010246&code=00101033032 HTTP/1.1" 200 414
101.83.144.49 - - [01/May/2024:09:45:52 +0800] "GET /xingrg/all/function/internal_message.html?_=1714527954239&CODE_STATE=getMsg HTTP/1.1" 200 27
180.164.6.225 - - [01/May/2024:09:45:53 +0800] "GET /xingrg/all/function/internal_message.html?_=1714527951222&CODE_STATE=getMsg HTTP/1.1" 200 27
101.80.230.31 - - [01/May/2024:09:45:58 +0800] "GET /xingrg/kc/base/check_order_list.html?isBack=1 HTTP/1.1" 200 16176
101.80.230.31 - - [01/May/2024:09:45:58 +0800] "POST /xingrg/kc/base/check_list_operate.html HTTP/1.1" 200 4558
116.238.97.31 - - [01/May/2024:09:45:59 +0800] "GET /xingrg/check_reg.html?_=1714527959441 HTTP/1.1" 200 22
116.238.97.31 - - [01/May/2024:09:45:59 +0800] "GET /xingrg/all/function/internal_message.html?_=1714527959472&CODE_STATE=getMsg HTTP/1.1" 200 27
120.253.135.82 - - [01/May/2024:09:46:00 +0800] "POST /xingrg/kc/pszx/mdps_order_operate.html HTTP/1.1" 200 1790
101.80.230.31 - - [01/May/2024:09:46:00 +0800] "GET /xingrg/kc/base/check_order_info.html?code=452024043000245 HTTP/1.1" 200 26438
101.80.230.31 - - [01/May/2024:09:46:00 +0800] "GET /xingrg/dwr/interface/AjaxCheckService.js HTTP/1.1" 200 14003
101.80.230.31 - - [01/May/2024:09:46:00 +0800] "GET /xingrg/dwr/interface/AjaxComOrderService.js HTTP/1.1" 200 18264
101.80.230.31 - - [01/May/2024:09:46:00 +0800] "GET /xingrg/dwr/engine.js HTTP/1.1" 200 43631
101.80.230.31 - - [01/May/2024:09:46:01 +0800] "POST /xingrg/dwr/call/plaincall/AjaxCheckService.loadOrderItems.dwr HTTP/1.1" 200 130990
222.70.183.82 - - [01/May/2024:09:46:05 +0800] "GET /xingrg/all/function/internal_message.html?_=1714527965354&CODE_STATE=getMsg HTTP/1.1" 200 27
222.70.183.82 - - [01/May/2024:09:46:05 +0800] "GET /xingrg/check_reg.html?_=1714527965356 HTTP/1.1" 200 22
101.80.230.31 - - [01/May/2024:09:46:05 +0800] "POST /xingrg/dwr/call/plaincall/AjaxCheckService.setItemNumber.dwr HTTP/1.1" 200 76
61.170.234.43 - - [01/May/2024:09:46:05 +0800] "GET /xingrg/kc/buy/cgsh_order_operate.html?command=get_materiel&rest_code=00106&code=00101008146&supplier_code=00100009&order_time=2024-05-01 HTTP/1.1" 200 416
101.80.230.31 - - [01/May/2024:09:46:06 +0800] "POST /xingrg/dwr/call/plaincall/AjaxCheckService.setItemNumber.dwr HTTP/1.1" 200 76
101.80.230.31 - - [01/May/2024:09:46:08 +0800] "POST /xingrg/dwr/call/plaincall/AjaxCheckService.setItemNumber.dwr HTTP/1.1" 200 76
101.80.230.31 - - [01/May/2024:09:46:08 +0800] "POST /xingrg/dwr/call/plaincall/AjaxCheckService.setItemNumber.dwr HTTP/1.1" 200 76
180.169.147.146 - - [01/May/2024:09:46:09 +0800] "GET /xingrg/all/function/internal_message.html?_=1714527969053&CODE_STATE=getMsg HTTP/1.1" 200 27
120.253.135.82 - - [01/May/2024:09:46:09 +0800] "GET /xingrg/all/function/internal_message.html?_=1714527817913&CODE_STATE=getMsg HTTP/1.1" 200 27
218.79.29.216 - - [01/May/2024:09:46:09 +0800] "GET /xingrg/all/function/internal_message.html?_=1714527974000&CODE_STATE=getMsg HTTP/1.1" 200 27
218.79.29.216 - - [01/May/2024:09:46:09 +0800] "GET /xingrg/check_reg.html?_=1714527974001 HTTP/1.1" 200 22
120.253.135.82 - - [01/May/2024:09:46:10 +0800] "GET /xingrg/kc/pszx/mdps_order_operate.html?command=get_materiel&pszx_code=00101&rest_code=00104&base_code=0010246&code=00101033013 HTTP/1.1" 200 437
101.80.230.31 - - [01/May/2024:09:46:10 +0800] "GET /xingrg/check_reg.html?_=1714527988632 HTTP/1.1" 200 22
101.80.230.31 - - [01/May/2024:09:46:10 +0800] "GET /xingrg/all/function/internal_message.html?_=1714527988764&CODE_STATE=getMsg HTTP/1.1" 200 27
116.228.172.94 - - [01/May/2024:09:46:11 +0800] "GET /xingrg/all/function/internal_message.html?_=1714527970115&CODE_STATE=getMsg HTTP/1.1" 302 -
61.170.234.43 - - [01/May/2024:09:46:14 +0800] "GET /xingrg/all/function/internal_message.html?_=1714527972437&CODE_STATE=getMsg HTTP/1.1" 200 27
101.80.230.31 - - [01/May/2024:09:46:16 +0800] "POST /xingrg/dwr/call/plaincall/AjaxCheckService.setItemNumber.dwr HTTP/1.1" 200 76
101.80.230.31 - - [01/May/2024:09:46:16 +0800] "POST /xingrg/dwr/call/plaincall/AjaxCheckService.setItemNumber.dwr HTTP/1.1" 200 76
101.80.230.31 - - [01/May/2024:09:46:17 +0800] "POST /xingrg/dwr/call/plaincall/AjaxCheckService.setItemNumber.dwr HTTP/1.1" 200 76
101.80.230.31 - - [01/May/2024:09:46:17 +0800] "POST /xingrg/dwr/call/plaincall/AjaxCheckService.setItemNumber.dwr HTTP/1.1" 200 76
101.80.230.31 - - [01/May/2024:09:46:17 +0800] "POST /xingrg/dwr/call/plaincall/AjaxCheckService.setItemNumber.dwr HTTP/1.1" 200 76
101.80.230.31 - - [01/May/2024:09:46:18 +0800] "POST /xingrg/dwr/call/plaincall/AjaxCheckService.setItemNumber.dwr HTTP/1.1" 200 77
101.80.230.31 - - [01/May/2024:09:46:18 +0800] "POST /xingrg/dwr/call/plaincall/AjaxCheckService.setItemNumber.dwr HTTP/1.1" 200 77
101.80.230.31 - - [01/May/2024:09:46:19 +0800] "POST /xingrg/dwr/call/plaincall/AjaxCheckService.setItemNumber.dwr HTTP/1.1" 200 77
101.80.230.31 - - [01/May/2024:09:46:19 +0800] "POST /xingrg/dwr/call/plaincall/AjaxCheckService.setItemNumber.dwr HTTP/1.1" 200 77
101.80.230.31 - - [01/May/2024:09:46:19 +0800] "POST /xingrg/dwr/call/plaincall/AjaxCheckService.setItemNumber.dwr HTTP/1.1" 200 77
101.80.230.31 - - [01/May/2024:09:46:20 +0800] "POST /xingrg/dwr/call/plaincall/AjaxCheckService.setItemNumber.dwr HTTP/1.1" 200 77
222.69.132.237 - - [01/May/2024:09:46:21 +0800] "GET /xingrg/all/function/internal_message.html?_=1714527981699&CODE_STATE=getMsg HTTP/1.1" 200 27
101.80.230.31 - - [01/May/2024:09:46:21 +0800] "POST /xingrg/dwr/call/plaincall/AjaxCheckService.setItemNumber.dwr HTTP/1.1" 200 77
180.164.6.225 - - [01/May/2024:09:46:21 +0800] "POST /xingrg/kc/buy/cgsh_order_operate.html HTTP/1.1" 200 37
101.80.230.31 - - [01/May/2024:09:46:21 +0800] "POST /xingrg/dwr/call/plaincall/AjaxCheckService.setItemNumber.dwr HTTP/1.1" 200 77
101.80.230.31 - - [01/May/2024:09:46:22 +0800] "POST /xingrg/dwr/call/plaincall/AjaxCheckService.setItemNumber.dwr HTTP/1.1" 200 77
101.80.230.31 - - [01/May/2024:09:46:22 +0800] "POST /xingrg/dwr/call/plaincall/AjaxCheckService.setItemNumber.dwr HTTP/1.1" 200 77
101.80.230.31 - - [01/May/2024:09:46:23 +0800] "POST /xingrg/dwr/call/plaincall/AjaxCheckService.setItemNumber.dwr HTTP/1.1" 200 77
101.80.230.31 - - [01/May/2024:09:46:23 +0800] "POST /xingrg/dwr/call/plaincall/AjaxCheckService.setItemNumber.dwr HTTP/1.1" 200 77
101.80.230.31 - - [01/May/2024:09:46:24 +0800] "POST /xingrg/dwr/call/plaincall/AjaxCheckService.setItemNumber.dwr HTTP/1.1" 200 77
101.80.230.31 - - [01/May/2024:09:46:24 +0800] "POST /xingrg/dwr/call/plaincall/AjaxCheckService.setItemNumber.dwr HTTP/1.1" 200 77
101.80.230.31 - - [01/May/2024:09:46:24 +0800] "POST /xingrg/dwr/call/plaincall/AjaxCheckService.setItemNumber.dwr HTTP/1.1" 200 77
101.80.230.31 - - [01/May/2024:09:46:25 +0800] "POST /xingrg/dwr/call/plaincall/AjaxCheckService.setItemNumber.dwr HTTP/1.1" 200 77
101.80.230.31 - - [01/May/2024:09:46:26 +0800] "POST /xingrg/dwr/call/plaincall/AjaxCheckService.setItemNumber.dwr HTTP/1.1" 200 77
101.80.230.31 - - [01/May/2024:09:46:26 +0800] "POST /xingrg/dwr/call/plaincall/AjaxCheckService.setItemNumber.dwr HTTP/1.1" 200 77
101.80.230.31 - - [01/May/2024:09:46:27 +0800] "POST /xingrg/dwr/call/plaincall/AjaxCheckService.setItemNumber.dwr HTTP/1.1" 200 77
101.80.230.31 - - [01/May/2024:09:46:27 +0800] "POST /xingrg/dwr/call/plaincall/AjaxCheckService.setItemNumber.dwr HTTP/1.1" 200 77
101.80.230.31 - - [01/May/2024:09:46:27 +0800] "POST /xingrg/dwr/call/plaincall/AjaxCheckService.setItemNumber.dwr HTTP/1.1" 200 77
101.80.230.31 - - [01/May/2024:09:46:28 +0800] "POST /xingrg/dwr/call/plaincall/AjaxCheckService.setItemNumber.dwr HTTP/1.1" 200 77
61.170.234.43 - - [01/May/2024:09:46:28 +0800] "POST /xingrg/kc/buy/cgsh_order_operate.html HTTP/1.1" 200 37
180.164.6.225 - - [01/May/2024:09:46:28 +0800] "POST /xingrg/kc/buy/cgsh_order_operate.html HTTP/1.1" 200 32861
101.80.230.31 - - [01/May/2024:09:46:28 +0800] "POST /xingrg/dwr/call/plaincall/AjaxCheckService.setItemNumber.dwr HTTP/1.1" 200 77
101.80.230.31 - - [01/May/2024:09:46:29 +0800] "POST /xingrg/dwr/call/plaincall/AjaxCheckService.setItemNumber.dwr HTTP/1.1" 200 77
180.164.6.225 - - [01/May/2024:09:46:31 +0800] "GET /xingrg/kc/print/load_config.html?kc_code=cgsh HTTP/1.1" 200 1927
180.164.6.225 - - [01/May/2024:09:46:32 +0800] "GET /xingrg/kc/print/load_data.html?order_code=212024050100019&kc_code=cgsh&condition= HTTP/1.1" 200 12172
222.70.183.82 - - [01/May/2024:09:46:35 +0800] "GET /xingrg/all/function/internal_message.html?_=1714527995096&CODE_STATE=getMsg HTTP/1.1" 200 27
120.253.135.82 - - [01/May/2024:09:46:36 +0800] "GET /xingrg/kc/pszx/mdps_order_operate.html?command=get_materiel&pszx_code=00101&rest_code=00104&base_code=0010246&code=00101033025 HTTP/1.1" 200 432
116.230.112.13 - - [01/May/2024:09:46:38 +0800] "GET /xingrg/all/function/internal_message.html?_=1714528008462&CODE_STATE=getMsg HTTP/1.1" 302 -
101.80.230.31 - - [01/May/2024:09:46:40 +0800] "POST /xingrg/dwr/call/plaincall/AjaxCheckService.setItemNumber.dwr HTTP/1.1" 200 77
61.170.234.43 - - [01/May/2024:09:46:40 +0800] "POST /xingrg/kc/buy/cgsh_order_operate.html HTTP/1.1" 200 12
221.239.168.119 - - [01/May/2024:09:46:41 +0800] "GET /xingrg/all/function/internal_message.html?_=1714528001070&CODE_STATE=getMsg HTTP/1.1" 200 27
101.80.230.31 - - [01/May/2024:09:46:41 +0800] "POST /xingrg/dwr/call/plaincall/AjaxCheckService.setItemNumber.dwr HTTP/1.1" 200 77
58.40.7.146 - - [01/May/2024:09:46:42 +0800] "GET /xingrg/all/function/internal_message.html?_=1714528002492&CODE_STATE=getMsg HTTP/1.1" 200 27
180.164.6.225 - - [01/May/2024:09:46:42 +0800] "GET /xingrg/kc/buy/cgsh_order_add.html HTTP/1.1" 200 74306
180.164.6.225 - - [01/May/2024:09:46:42 +0800] "POST /xingrg/kc/buy/cgsh_order_operate.html HTTP/1.1" 200 8245
180.164.6.225 - - [01/May/2024:09:46:42 +0800] "GET /xingrg/javascript/easyui/themes/default/validatebox.css HTTP/1.1" 404 1104
61.170.234.43 - - [01/May/2024:09:46:43 +0800] "GET /xingrg/all/function/internal_message.html?_=1714528003703&CODE_STATE=getMsg HTTP/1.1" 200 27
61.170.234.43 - - [01/May/2024:09:46:43 +0800] "GET /xingrg/kc/buy/cgsh_order_info.html?code=212024050100023 HTTP/1.1" 200 69091
61.170.234.43 - - [01/May/2024:09:46:44 +0800] "GET /xingrg/javascript/easyui/themes/default/validatebox.css HTTP/1.1" 404 1104
61.170.234.43 - - [01/May/2024:09:46:45 +0800] "POST /xingrg/kc/buy/cgsh_order_operate.html HTTP/1.1" 200 610
124.78.56.241 - - [01/May/2024:09:46:45 +0800] "GET /xingrg/all/function/internal_message.html?_=1714528005586&CODE_STATE=getMsg HTTP/1.1" 200 27
61.170.234.43 - - [01/May/2024:09:46:49 +0800] "GET /xingrg/kc/print/load_data.html?order_code=212024050100023&kc_code=cgsh&condition= HTTP/1.1" 200 775
114.95.253.235 - - [01/May/2024:09:46:50 +0800] "GET /xingrg/all/function/internal_message.html?_=1714528010650&CODE_STATE=getMsg HTTP/1.1" 200 27
180.164.6.225 - - [01/May/2024:09:46:51 +0800] "GET /xingrg/javascript/jquery_tools/images/prev.gif HTTP/1.1" 404 1086
180.164.6.225 - - [01/May/2024:09:46:51 +0800] "GET /xingrg/javascript/jquery_tools/images/next.gif HTTP/1.1" 404 1086
101.83.144.49 - - [01/May/2024:09:46:52 +0800] "GET /xingrg/check_reg.html?_=1714528014235 HTTP/1.1" 200 22
101.83.144.49 - - [01/May/2024:09:46:52 +0800] "GET /xingrg/all/function/internal_message.html?_=1714528014238&CODE_STATE=getMsg HTTP/1.1" 200 27
180.164.6.225 - - [01/May/2024:09:46:53 +0800] "GET /xingrg/all/function/internal_message.html?_=1714528011221&CODE_STATE=getMsg HTTP/1.1" 200 27
101.83.144.49 - - [01/May/2024:09:46:56 +0800] "GET /xingrg/kc/buy/cgsh_order_add.html HTTP/1.1" 200 74296
120.253.135.82 - - [01/May/2024:09:46:57 +0800] "GET /xingrg/kc/pszx/mdps_order_operate.html?command=get_materiel&pszx_code=00101&rest_code=00104&base_code=0010246&code=00101011017 HTTP/1.1" 200 450
101.83.144.49 - - [01/May/2024:09:46:57 +0800] "GET /xingrg/javascript/easyui/themes/default/validatebox.css HTTP/1.1" 404 1104
101.83.144.49 - - [01/May/2024:09:46:57 +0800] "POST /xingrg/kc/buy/cgsh_order_operate.html HTTP/1.1" 200 8245
116.238.97.31 - - [01/May/2024:09:46:59 +0800] "GET /xingrg/all/function/internal_message.html?_=1714528019463&CODE_STATE=getMsg HTTP/1.1" 200 27
180.164.6.225 - - [01/May/2024:09:47:01 +0800] "GET /xingrg/kc/buy/cgsh_order_operate.html?command=get_materiel&rest_code=00108&code=00101008688&supplier_code=00100623&order_time=2024-05-01 HTTP/1.1" 200 413
124.78.56.241 - - [01/May/2024:09:47:01 +0800] "GET /xingrg/css/new_ie.css HTTP/1.1" 404 1036
180.163.28.143 - - [01/May/2024:09:47:02 +0800] "GET /xingrg/kc/buy/cgsh_order_operate.html?command=get_materiel&rest_code=00106&code=00101008146&supplier_code=00100009&order_time=2024-05-01 HTTP/1.1" 302 -
124.78.56.241 - - [01/May/2024:09:47:02 +0800] "GET /xingrg/images/yd/bt.gif HTTP/1.1" 404 1040
180.163.28.143 - - [01/May/2024:09:47:03 +0800] "GET /xingrg/login.html HTTP/1.1" 200 7641
222.70.183.82 - - [01/May/2024:09:47:05 +0800] "GET /xingrg/all/function/internal_message.html?_=1714528025356&CODE_STATE=getMsg HTTP/1.1" 200 27
124.78.56.241 - - [01/May/2024:09:47:06 +0800] "POST /xingrg/kc/buy/cgsh_list_operate.html HTTP/1.1" 200 645
124.78.56.241 - - [01/May/2024:09:47:07 +0800] "POST /xingrg/kc/buy/cgsh_order_operate.html HTTP/1.1" 200 8245
124.78.56.241 - - [01/May/2024:09:47:07 +0800] "GET /xingrg/javascript/easyui/themes/default/validatebox.css HTTP/1.1" 404 1104
101.80.230.31 - - [01/May/2024:09:47:08 +0800] "POST /xingrg/dwr/call/plaincall/AjaxCheckService.setItemNumber.dwr HTTP/1.1" 200 77
180.169.147.146 - - [01/May/2024:09:47:09 +0800] "GET /xingrg/check_reg.html?_=1714528029060 HTTP/1.1" 200 22
180.169.147.146 - - [01/May/2024:09:47:09 +0800] "GET /xingrg/all/function/internal_message.html?_=1714528029065&CODE_STATE=getMsg HTTP/1.1" 200 27
120.253.135.82 - - [01/May/2024:09:47:09 +0800] "GET /xingrg/all/function/internal_message.html?_=1714527877924&CODE_STATE=getMsg HTTP/1.1" 200 27
101.80.230.31 - - [01/May/2024:09:47:09 +0800] "POST /xingrg/dwr/call/plaincall/AjaxCheckService.setItemNumber.dwr HTTP/1.1" 200 77
218.79.29.216 - - [01/May/2024:09:47:09 +0800] "GET /xingrg/all/function/internal_message.html?_=1714528034000&CODE_STATE=getMsg HTTP/1.1" 200 27
101.80.230.31 - - [01/May/2024:09:47:10 +0800] "POST /xingrg/dwr/call/plaincall/AjaxCheckService.setItemNumber.dwr HTTP/1.1" 200 77
101.80.230.31 - - [01/May/2024:09:47:10 +0800] "POST /xingrg/dwr/call/plaincall/AjaxCheckService.setItemNumber.dwr HTTP/1.1" 200 77
120.253.135.82 - - [01/May/2024:09:47:10 +0800] "GET /xingrg/kc/pszx/mdps_order_operate.html?command=get_materiel&pszx_code=00101&rest_code=00104&base_code=0010246&code=00101033021 HTTP/1.1" 200 447
101.80.230.31 - - [01/May/2024:09:47:10 +0800] "GET /xingrg/all/function/internal_message.html?_=1714528048746&CODE_STATE=getMsg HTTP/1.1" 200 27
61.170.234.43 - - [01/May/2024:09:47:10 +0800] "GET /xingrg/kc/buy/cgsh_order_add.html HTTP/1.1" 200 74214
101.80.230.31 - - [01/May/2024:09:47:10 +0800] "POST /xingrg/dwr/call/plaincall/AjaxCheckService.setItemNumber.dwr HTTP/1.1" 200 77
101.80.230.31 - - [01/May/2024:09:47:10 +0800] "POST /xingrg/dwr/call/plaincall/AjaxCheckService.setItemNumber.dwr HTTP/1.1" 200 77
61.170.234.43 - - [01/May/2024:09:47:11 +0800] "POST /xingrg/kc/buy/cgsh_order_operate.html HTTP/1.1" 200 8245
61.170.234.43 - - [01/May/2024:09:47:11 +0800] "GET /xingrg/javascript/easyui/themes/default/validatebox.css HTTP/1.1" 404 1104
116.228.172.94 - - [01/May/2024:09:47:11 +0800] "GET /xingrg/all/function/internal_message.html?_=1714528030105&CODE_STATE=getMsg HTTP/1.1" 302 -
116.228.172.94 - - [01/May/2024:09:47:11 +0800] "GET /xingrg/check_reg.html?_=1714528030108 HTTP/1.1" 302 -
101.80.230.31 - - [01/May/2024:09:47:11 +0800] "POST /xingrg/dwr/call/plaincall/AjaxCheckService.setItemNumber.dwr HTTP/1.1" 200 77
180.164.6.225 - - [01/May/2024:09:47:11 +0800] "GET /xingrg/kc/buy/cgsh_order_operate.html?command=get_materiel&rest_code=00108&code=00101008614&supplier_code=00100623&order_time=2024-05-01 HTTP/1.1" 200 418
101.80.230.31 - - [01/May/2024:09:47:12 +0800] "POST /xingrg/dwr/call/plaincall/AjaxCheckService.setItemNumber.dwr HTTP/1.1" 200 77
101.80.230.31 - - [01/May/2024:09:47:12 +0800] "POST /xingrg/dwr/call/plaincall/AjaxCheckService.setItemNumber.dwr HTTP/1.1" 200 77
101.80.230.31 - - [01/May/2024:09:47:13 +0800] "POST /xingrg/dwr/call/plaincall/AjaxCheckService.setItemNumber.dwr HTTP/1.1" 200 77
180.163.29.217 - - [01/May/2024:09:47:14 +0800] "GET /xingrg/all/function/internal_message.html?_=1714527972437&CODE_STATE=getMsg HTTP/1.1" 302 -
101.80.230.31 - - [01/May/2024:09:47:14 +0800] "POST /xingrg/dwr/call/plaincall/AjaxCheckService.setItemNumber.dwr HTTP/1.1" 200 77
180.163.29.217 - - [01/May/2024:09:47:14 +0800] "GET /xingrg/login.html HTTP/1.1" 200 7641
61.170.234.43 - - [01/May/2024:09:47:14 +0800] "GET /xingrg/all/function/internal_message.html?_=1714528032431&CODE_STATE=getMsg HTTP/1.1" 200 27
101.80.230.31 - - [01/May/2024:09:47:14 +0800] "POST /xingrg/dwr/call/plaincall/AjaxCheckService.setItemNumber.dwr HTTP/1.1" 200 77
124.78.56.241 - - [01/May/2024:09:47:15 +0800] "GET /xingrg/javascript/auto/indicator.gif HTTP/1.1" 404 1066
101.80.230.31 - - [01/May/2024:09:47:15 +0800] "POST /xingrg/dwr/call/plaincall/AjaxCheckService.setItemNumber.dwr HTTP/1.1" 200 77
101.80.230.31 - - [01/May/2024:09:47:15 +0800] "POST /xingrg/dwr/call/plaincall/AjaxCheckService.setItemNumber.dwr HTTP/1.1" 200 77
101.80.230.31 - - [01/May/2024:09:47:16 +0800] "POST /xingrg/dwr/call/plaincall/AjaxCheckService.setItemNumber.dwr HTTP/1.1" 200 77
124.78.56.241 - - [01/May/2024:09:47:18 +0800] "GET /xingrg/kc/buy/cgsh_order_add.html HTTP/1.1" 200 74214
124.78.56.241 - - [01/May/2024:09:47:18 +0800] "GET /xingrg/css/base.css HTTP/1.1" 304 -
124.78.56.241 - - [01/May/2024:09:47:18 +0800] "GET /xingrg/css/site.css HTTP/1.1" 304 -
124.78.56.241 - - [01/May/2024:09:47:18 +0800] "GET /xingrg/javascript/jquery_tools/datebox.css HTTP/1.1" 304 -
124.78.56.241 - - [01/May/2024:09:47:18 +0800] "GET /xingrg/javascript/easyui/themes/default/easyui.css HTTP/1.1" 304 -
124.78.56.241 - - [01/May/2024:09:47:18 +0800] "GET /xingrg/javascript/easyui/themes/icon.css HTTP/1.1" 304 -
124.78.56.241 - - [01/May/2024:09:47:18 +0800] "GET /xingrg/javascript/auto/jquery.autocomplete.css HTTP/1.1" 304 -
124.78.56.241 - - [01/May/2024:09:47:18 +0800] "GET /xingrg/javascript/jquery_tools/fix.css HTTP/1.1" 304 -
124.78.56.241 - - [01/May/2024:09:47:18 +0800] "GET /xingrg/javascript/jquery_tools/table.css HTTP/1.1" 304 -
124.78.56.241 - - [01/May/2024:09:47:19 +0800] "GET /xingrg/javascript/pic_change.js HTTP/1.1" 304 -
124.78.56.241 - - [01/May/2024:09:47:19 +0800] "GET /xingrg/javascript/jquery_tools/jquery.tools.min.js HTTP/1.1" 304 -
124.78.56.241 - - [01/May/2024:09:47:19 +0800] "GET /xingrg/javascript/jquery_tools/jquery.tools.extend.js HTTP/1.1" 304 -
124.78.56.241 - - [01/May/2024:09:47:19 +0800] "GET /xingrg/javascript/jquery_tools/jquery.tools.hotkey.js HTTP/1.1" 304 -
124.78.56.241 - - [01/May/2024:09:47:19 +0800] "GET /xingrg/javascript/jquery_tools/jquery.tools.table.js HTTP/1.1" 304 -
124.78.56.241 - - [01/May/2024:09:47:19 +0800] "GET /xingrg/javascript/auto/jquery.autocomplete.js HTTP/1.1" 304 -
124.78.56.241 - - [01/May/2024:09:47:19 +0800] "GET /xingrg/javascript/easyui/easyloader.js HTTP/1.1" 304 -
124.78.56.241 - - [01/May/2024:09:47:19 +0800] "GET /xingrg/javascript/jquery.utils.js HTTP/1.1" 304 -
124.78.56.241 - - [01/May/2024:09:47:19 +0800] "GET /xingrg/javascript/jquery_tools/order_manager.js HTTP/1.1" 304 -
124.78.56.241 - - [01/May/2024:09:47:19 +0800] "GET /xingrg/javascript/convert.js HTTP/1.1" 304 -
124.78.56.241 - - [01/May/2024:09:47:19 +0800] "GET /xingrg/javascript/json2.js HTTP/1.1" 304 -
124.78.56.241 - - [01/May/2024:09:47:19 +0800] "GET /xingrg/javascript/jquery.cookie.js HTTP/1.1" 304 -
124.78.56.241 - - [01/May/2024:09:47:19 +0800] "GET /xingrg/javascript/print/kc_print.js HTTP/1.1" 304 -
124.78.56.241 - - [01/May/2024:09:47:19 +0800] "GET /xingrg/javascript/print/LodopFuncs.js HTTP/1.1" 304 -
124.78.56.241 - - [01/May/2024:09:47:19 +0800] "GET /xingrg/words/20240430172724_words.js HTTP/1.1" 304 -
124.78.56.241 - - [01/May/2024:09:47:19 +0800] "GET /xingrg/javascript/easyui/plugins/jquery.parser.js HTTP/1.1" 304 -
124.78.56.241 - - [01/May/2024:09:47:19 +0800] "GET /xingrg/images/control/ajaxLoader.gif HTTP/1.1" 304 -
124.78.56.241 - - [01/May/2024:09:47:19 +0800] "POST /xingrg/kc/buy/cgsh_order_operate.html HTTP/1.1" 200 8245
124.78.56.241 - - [01/May/2024:09:47:19 +0800] "GET /xingrg/javascript/easyui/themes/default/validatebox.css HTTP/1.1" 404 1104
101.83.144.49 - - [01/May/2024:09:47:20 +0800] "GET /xingrg/kc/buy/cgsh_order_operate.html?command=get_materiel&rest_code=00105&code=00101006129&supplier_code=00100096&order_time=2024-05-01 HTTP/1.1" 200 459
61.170.234.43 - - [01/May/2024:09:47:20 +0800] "GET /xingrg/javascript/easyui/themes/default/tree.css HTTP/1.1" 404 1090
222.69.132.237 - - [01/May/2024:09:47:21 +0800] "GET /xingrg/check_reg.html?_=1714528041693 HTTP/1.1" 200 22
222.69.132.237 - - [01/May/2024:09:47:21 +0800] "GET /xingrg/all/function/internal_message.html?_=1714528041696&CODE_STATE=getMsg HTTP/1.1" 200 27
61.170.234.43 - - [01/May/2024:09:47:21 +0800] "POST /xingrg/all/common/load_tree.html?tree=supplier_tree_json&isDelete=1 HTTP/1.1" 200 79865
101.80.230.31 - - [01/May/2024:09:47:21 +0800] "POST /xingrg/dwr/call/plaincall/AjaxCheckService.setItemNumber.dwr HTTP/1.1" 200 77
120.253.135.82 - - [01/May/2024:09:47:21 +0800] "POST /xingrg/kc/pszx/mdps_order_operate.html HTTP/1.1" 200 37
124.78.56.241 - - [01/May/2024:09:47:22 +0800] "GET /xingrg/javascript/jquery_tools/images/prev.gif HTTP/1.1" 404 1086
124.78.56.241 - - [01/May/2024:09:47:22 +0800] "GET /xingrg/javascript/jquery_tools/images/next.gif HTTP/1.1" 404 1086
101.80.230.31 - - [01/May/2024:09:47:22 +0800] "POST /xingrg/dwr/call/plaincall/AjaxCheckService.setItemNumber.dwr HTTP/1.1" 200 77
101.80.230.31 - - [01/May/2024:09:47:22 +0800] "POST /xingrg/dwr/call/plaincall/AjaxCheckService.setItemNumber.dwr HTTP/1.1" 200 77
180.164.6.225 - - [01/May/2024:09:47:23 +0800] "GET /xingrg/kc/buy/cgsh_order_operate.html?command=get_materiel&rest_code=00108&code=00101008591&supplier_code=00100623&order_time=2024-05-01 HTTP/1.1" 200 410
101.80.230.31 - - [01/May/2024:09:47:23 +0800] "POST /xingrg/dwr/call/plaincall/AjaxCheckService.setItemNumber.dwr HTTP/1.1" 200 77
101.80.230.31 - - [01/May/2024:09:47:24 +0800] "POST /xingrg/dwr/call/plaincall/AjaxCheckService.setItemNumber.dwr HTTP/1.1" 200 77
101.80.230.31 - - [01/May/2024:09:47:24 +0800] "POST /xingrg/dwr/call/plaincall/AjaxCheckService.setItemNumber.dwr HTTP/1.1" 200 77
101.80.230.31 - - [01/May/2024:09:47:25 +0800] "POST /xingrg/dwr/call/plaincall/AjaxCheckService.setItemNumber.dwr HTTP/1.1" 200 77
101.80.230.31 - - [01/May/2024:09:47:25 +0800] "POST /xingrg/dwr/call/plaincall/AjaxCheckService.setItemNumber.dwr HTTP/1.1" 200 77
