222.69.132.237 - - [01/May/2024:09:40:21 +0800] "GET /xingrg/all/function/internal_message.html?_=1714527621684&CODE_STATE=getMsg HTTP/1.1" 200 27
101.80.230.31 - - [01/May/2024:09:40:21 +0800] "GET /xingrg/kc/base/wlsy_order_operate.html?command=get_materiel&rest_code=00156&base_code=0010815&code=00101020267 HTTP/1.1" 200 455
101.80.230.31 - - [01/May/2024:09:40:23 +0800] "POST /xingrg/all/common/load_select.html HTTP/1.1" 200 25
180.164.6.225 - - [01/May/2024:09:40:24 +0800] "GET /xingrg/all/function/internal_message.html?_=1714527621540&CODE_STATE=getMsg HTTP/1.1" 200 27
101.80.230.31 - - [01/May/2024:09:40:25 +0800] "GET /xingrg/kc/base/wlsy_order_operate.html?command=get_materiel_price&rest_code=00156&base_code=0010815&code=00101020267&unit_code=00100561 HTTP/1.1" 200 34
101.80.230.31 - - [01/May/2024:09:40:31 +0800] "POST /xingrg/kc/base/wlsy_order_operate.html HTTP/1.1" 200 37
101.80.230.31 - - [01/May/2024:09:40:31 +0800] "POST /xingrg/kc/base/wlsy_order_operate.html HTTP/1.1" 200 2646
222.70.183.82 - - [01/May/2024:09:40:35 +0800] "GET /xingrg/all/function/internal_message.html?_=1714527635097&CODE_STATE=getMsg HTTP/1.1" 200 27
101.80.230.31 - - [01/May/2024:09:40:35 +0800] "POST /xingrg/kc/base/wlsy_order_operate.html HTTP/1.1" 200 12
114.83.223.12 - - [01/May/2024:09:40:37 +0800] "GET /xingrg/kc/buy/cgsh_order_operate.html?command=get_materiel&rest_code=00149&code=00101008224&supplier_code=00100008&order_time=2024-05-01 HTTP/1.1" 200 416
116.230.112.13 - - [01/May/2024:09:40:38 +0800] "GET /xingrg/all/function/internal_message.html?_=1714527648366&CODE_STATE=getMsg HTTP/1.1" 302 -
101.80.230.31 - - [01/May/2024:09:40:39 +0800] "GET /xingrg/kc/base/base_main.html HTTP/1.1" 200 12142
101.80.230.31 - - [01/May/2024:09:40:40 +0800] "GET /xingrg/kc/base/check_order_list.html HTTP/1.1" 200 16176
101.80.230.31 - - [01/May/2024:09:40:41 +0800] "POST /xingrg/kc/base/check_list_operate.html HTTP/1.1" 200 4558
221.239.168.119 - - [01/May/2024:09:40:41 +0800] "GET /xingrg/all/function/internal_message.html?_=1714527641064&CODE_STATE=getMsg HTTP/1.1" 200 27
221.239.168.119 - - [01/May/2024:09:40:41 +0800] "GET /xingrg/check_reg.html?_=1714527641067 HTTP/1.1" 200 22
101.80.230.31 - - [01/May/2024:09:40:43 +0800] "GET /xingrg/kc/base/check_order_info.html?code=452024043000247 HTTP/1.1" 200 26438
101.80.230.31 - - [01/May/2024:09:40:43 +0800] "GET /xingrg/dwr/interface/AjaxComOrderService.js HTTP/1.1" 200 18264
101.80.230.31 - - [01/May/2024:09:40:43 +0800] "GET /xingrg/dwr/interface/AjaxCheckService.js HTTP/1.1" 200 14003
101.80.230.31 - - [01/May/2024:09:40:43 +0800] "GET /xingrg/dwr/engine.js HTTP/1.1" 200 43631
61.170.234.43 - - [01/May/2024:09:40:43 +0800] "GET /xingrg/all/function/internal_message.html?_=1714527643759&CODE_STATE=getMsg HTTP/1.1" 200 27
101.80.230.31 - - [01/May/2024:09:40:43 +0800] "POST /xingrg/dwr/call/plaincall/AjaxCheckService.loadOrderItems.dwr HTTP/1.1" 200 4291
124.78.56.241 - - [01/May/2024:09:40:45 +0800] "GET /xingrg/all/function/internal_message.html?_=1714527645679&CODE_STATE=getMsg HTTP/1.1" 200 27
101.80.230.31 - - [01/May/2024:09:40:49 +0800] "GET /xingrg/kc/base/check_order_list.html?isBack=1 HTTP/1.1" 200 16176
101.80.230.31 - - [01/May/2024:09:40:49 +0800] "POST /xingrg/kc/base/check_list_operate.html HTTP/1.1" 200 4558
114.95.253.235 - - [01/May/2024:09:40:50 +0800] "GET /xingrg/check_reg.html?_=1714527650609 HTTP/1.1" 200 22
114.95.253.235 - - [01/May/2024:09:40:50 +0800] "GET /xingrg/all/function/internal_message.html?_=1714527650612&CODE_STATE=getMsg HTTP/1.1" 200 27
101.83.144.49 - - [01/May/2024:09:40:52 +0800] "GET /xingrg/all/function/internal_message.html?_=1714527654205&CODE_STATE=getMsg HTTP/1.1" 200 27
114.83.223.12 - - [01/May/2024:09:40:52 +0800] "GET /xingrg/kc/buy/cgsh_order_operate.html?command=get_materiel&rest_code=00149&code=00101008007&supplier_code=00100008&order_time=2024-05-01 HTTP/1.1" 200 413
101.80.230.31 - - [01/May/2024:09:40:55 +0800] "GET /xingrg/kc/base/check_order_info.html?code=452024043000244 HTTP/1.1" 200 26438
101.80.230.31 - - [01/May/2024:09:40:55 +0800] "GET /xingrg/dwr/interface/AjaxComOrderService.js HTTP/1.1" 200 18264
101.80.230.31 - - [01/May/2024:09:40:55 +0800] "GET /xingrg/dwr/interface/AjaxCheckService.js HTTP/1.1" 200 14003
101.80.230.31 - - [01/May/2024:09:40:55 +0800] "GET /xingrg/dwr/engine.js HTTP/1.1" 200 43631
101.80.230.31 - - [01/May/2024:09:40:55 +0800] "POST /xingrg/dwr/call/plaincall/AjaxCheckService.loadOrderItems.dwr HTTP/1.1" 200 184670
114.83.223.12 - - [01/May/2024:09:40:58 +0800] "GET /xingrg/check_reg.html?_=1714527658331 HTTP/1.1" 200 22
114.83.223.12 - - [01/May/2024:09:40:58 +0800] "GET /xingrg/all/function/internal_message.html?_=1714527658333&CODE_STATE=getMsg HTTP/1.1" 200 27
116.238.97.31 - - [01/May/2024:09:40:59 +0800] "GET /xingrg/check_reg.html?_=1714527659465 HTTP/1.1" 200 22
116.238.97.31 - - [01/May/2024:09:40:59 +0800] "GET /xingrg/all/function/internal_message.html?_=1714527659512&CODE_STATE=getMsg HTTP/1.1" 200 27
101.80.230.31 - - [01/May/2024:09:41:04 +0800] "POST /xingrg/dwr/call/plaincall/AjaxCheckService.setItemNumber.dwr HTTP/1.1" 200 76
114.83.223.12 - - [01/May/2024:09:41:05 +0800] "POST /xingrg/kc/buy/cgsh_order_operate.html HTTP/1.1" 200 2065
222.70.183.82 - - [01/May/2024:09:41:05 +0800] "GET /xingrg/all/function/internal_message.html?_=1714527665356&CODE_STATE=getMsg HTTP/1.1" 200 27
222.70.183.82 - - [01/May/2024:09:41:05 +0800] "GET /xingrg/check_reg.html?_=1714527665357 HTTP/1.1" 200 22
101.80.230.31 - - [01/May/2024:09:41:05 +0800] "POST /xingrg/dwr/call/plaincall/AjaxCheckService.setItemNumber.dwr HTTP/1.1" 200 76
101.80.230.31 - - [01/May/2024:09:41:05 +0800] "POST /xingrg/dwr/call/plaincall/AjaxCheckService.setItemNumber.dwr HTTP/1.1" 200 76
101.80.230.31 - - [01/May/2024:09:41:05 +0800] "POST /xingrg/dwr/call/plaincall/AjaxCheckService.setItemNumber.dwr HTTP/1.1" 200 76
101.80.230.31 - - [01/May/2024:09:41:06 +0800] "POST /xingrg/dwr/call/plaincall/AjaxCheckService.setItemNumber.dwr HTTP/1.1" 200 76
101.80.230.31 - - [01/May/2024:09:41:07 +0800] "POST /xingrg/dwr/call/plaincall/AjaxCheckService.setItemNumber.dwr HTTP/1.1" 200 76
101.80.230.31 - - [01/May/2024:09:41:07 +0800] "POST /xingrg/dwr/call/plaincall/AjaxCheckService.setItemNumber.dwr HTTP/1.1" 200 76
120.253.135.82 - - [01/May/2024:09:41:07 +0800] "GET /xingrg/all/function/internal_message.html?_=1714527516595&CODE_STATE=getMsg HTTP/1.1" 200 27
101.80.230.31 - - [01/May/2024:09:41:07 +0800] "POST /xingrg/dwr/call/plaincall/AjaxCheckService.setItemNumber.dwr HTTP/1.1" 200 76
101.80.230.31 - - [01/May/2024:09:41:08 +0800] "POST /xingrg/dwr/call/plaincall/AjaxCheckService.setItemNumber.dwr HTTP/1.1" 200 76
101.80.230.31 - - [01/May/2024:09:41:08 +0800] "POST /xingrg/dwr/call/plaincall/AjaxCheckService.setItemNumber.dwr HTTP/1.1" 200 77
218.79.29.216 - - [01/May/2024:09:41:09 +0800] "GET /xingrg/all/function/internal_message.html?_=1714527673998&CODE_STATE=getMsg HTTP/1.1" 200 27
218.79.29.216 - - [01/May/2024:09:41:09 +0800] "GET /xingrg/check_reg.html?_=1714527673999 HTTP/1.1" 200 22
101.80.230.31 - - [01/May/2024:09:41:10 +0800] "POST /xingrg/dwr/call/plaincall/AjaxCheckService.setItemNumber.dwr HTTP/1.1" 200 77
101.80.230.31 - - [01/May/2024:09:41:10 +0800] "GET /xingrg/check_reg.html?_=1714527688624 HTTP/1.1" 200 22
101.80.230.31 - - [01/May/2024:09:41:10 +0800] "GET /xingrg/all/function/internal_message.html?_=1714527688624&CODE_STATE=getMsg HTTP/1.1" 200 27
114.83.223.12 - - [01/May/2024:09:41:10 +0800] "GET /xingrg/kc/buy/cgsh_order_operate.html?command=get_materiel&rest_code=00149&code=00101008296&supplier_code=00100008&order_time=2024-05-01 HTTP/1.1" 200 416
101.80.230.31 - - [01/May/2024:09:41:11 +0800] "POST /xingrg/dwr/call/plaincall/AjaxCheckService.setItemNumber.dwr HTTP/1.1" 200 77
101.80.230.31 - - [01/May/2024:09:41:11 +0800] "POST /xingrg/dwr/call/plaincall/AjaxCheckService.setItemNumber.dwr HTTP/1.1" 200 77
116.228.172.94 - - [01/May/2024:09:41:11 +0800] "GET /xingrg/all/function/internal_message.html?_=1714527670119&CODE_STATE=getMsg HTTP/1.1" 302 -
101.80.230.31 - - [01/May/2024:09:41:11 +0800] "POST /xingrg/dwr/call/plaincall/AjaxCheckService.setItemNumber.dwr HTTP/1.1" 200 77
101.80.230.31 - - [01/May/2024:09:41:12 +0800] "POST /xingrg/dwr/call/plaincall/AjaxCheckService.setItemNumber.dwr HTTP/1.1" 200 77
101.80.230.31 - - [01/May/2024:09:41:12 +0800] "POST /xingrg/dwr/call/plaincall/AjaxCheckService.setItemNumber.dwr HTTP/1.1" 200 77
101.80.230.31 - - [01/May/2024:09:41:12 +0800] "POST /xingrg/dwr/call/plaincall/AjaxCheckService.setItemNumber.dwr HTTP/1.1" 200 77
101.80.230.31 - - [01/May/2024:09:41:13 +0800] "POST /xingrg/dwr/call/plaincall/AjaxCheckService.setItemNumber.dwr HTTP/1.1" 200 77
101.80.230.31 - - [01/May/2024:09:41:13 +0800] "POST /xingrg/dwr/call/plaincall/AjaxCheckService.setItemNumber.dwr HTTP/1.1" 200 77
61.170.234.43 - - [01/May/2024:09:41:14 +0800] "GET /xingrg/all/function/internal_message.html?_=1714527672426&CODE_STATE=getMsg HTTP/1.1" 200 27
180.163.28.109 - - [01/May/2024:09:41:15 +0800] "GET /xingrg/all/function/internal_message.html?_=1714527612435&CODE_STATE=getMsg HTTP/1.1" 302 -
101.80.230.31 - - [01/May/2024:09:41:15 +0800] "POST /xingrg/dwr/call/plaincall/AjaxCheckService.setItemNumber.dwr HTTP/1.1" 200 77
180.163.28.109 - - [01/May/2024:09:41:15 +0800] "GET /xingrg/login.html HTTP/1.1" 200 7641
101.80.230.31 - - [01/May/2024:09:41:15 +0800] "POST /xingrg/dwr/call/plaincall/AjaxCheckService.setItemNumber.dwr HTTP/1.1" 200 77
101.80.230.31 - - [01/May/2024:09:41:15 +0800] "POST /xingrg/dwr/call/plaincall/AjaxCheckService.setItemNumber.dwr HTTP/1.1" 200 77
222.69.132.237 - - [01/May/2024:09:41:16 +0800] "GET /xingrg/kc/report/report_main.html HTTP/1.1" 200 7340
101.80.230.31 - - [01/May/2024:09:41:16 +0800] "POST /xingrg/dwr/call/plaincall/AjaxCheckService.setItemNumber.dwr HTTP/1.1" 200 77
101.80.230.31 - - [01/May/2024:09:41:18 +0800] "POST /xingrg/dwr/call/plaincall/AjaxCheckService.setItemNumber.dwr HTTP/1.1" 200 77
222.69.132.237 - - [01/May/2024:09:41:18 +0800] "GET /xingrg/all/report/report_query.html?fileName=kc/buy/wlcg_mx.xml HTTP/1.1" 200 51648
222.69.132.237 - - [01/May/2024:09:41:18 +0800] "GET /xingrg/dwr/interface/AjaxReportQueryService.js HTTP/1.1" 200 13203
222.69.132.237 - - [01/May/2024:09:41:18 +0800] "GET /xingrg/dwr/engine.js HTTP/1.1" 200 43631
101.80.230.31 - - [01/May/2024:09:41:18 +0800] "POST /xingrg/dwr/call/plaincall/AjaxCheckService.setItemNumber.dwr HTTP/1.1" 200 77
222.69.132.237 - - [01/May/2024:09:41:18 +0800] "POST /xingrg/dwr/call/plaincall/AjaxReportQueryService.getFixDate.dwr HTTP/1.1" 200 111
222.69.132.237 - - [01/May/2024:09:41:18 +0800] "POST /xingrg/dwr/call/plaincall/AjaxReportQueryService.getInitString.dwr HTTP/1.1" 200 37812
101.80.230.31 - - [01/May/2024:09:41:18 +0800] "POST /xingrg/dwr/call/plaincall/AjaxCheckService.setItemNumber.dwr HTTP/1.1" 200 77
222.69.132.237 - - [01/May/2024:09:41:19 +0800] "POST /xingrg/dwr/call/plaincall/AjaxReportQueryService.getInitString.dwr HTTP/1.1" 200 504
101.80.230.31 - - [01/May/2024:09:41:19 +0800] "POST /xingrg/dwr/call/plaincall/AjaxCheckService.setItemNumber.dwr HTTP/1.1" 200 77
222.69.132.237 - - [01/May/2024:09:41:19 +0800] "POST /xingrg/dwr/call/plaincall/AjaxReportQueryService.getInitString.dwr HTTP/1.1" 200 125
101.80.230.31 - - [01/May/2024:09:41:19 +0800] "POST /xingrg/dwr/call/plaincall/AjaxCheckService.setItemNumber.dwr HTTP/1.1" 200 77
101.80.230.31 - - [01/May/2024:09:41:20 +0800] "POST /xingrg/dwr/call/plaincall/AjaxCheckService.setItemNumber.dwr HTTP/1.1" 200 77
101.80.230.31 - - [01/May/2024:09:41:20 +0800] "POST /xingrg/dwr/call/plaincall/AjaxCheckService.setItemNumber.dwr HTTP/1.1" 200 77
222.69.132.237 - - [01/May/2024:09:41:21 +0800] "GET /xingrg/all/function/internal_message.html?_=1714527681690&CODE_STATE=getMsg HTTP/1.1" 200 27
101.80.230.31 - - [01/May/2024:09:41:21 +0800] "POST /xingrg/dwr/call/plaincall/AjaxCheckService.setItemNumber.dwr HTTP/1.1" 200 77
101.80.230.31 - - [01/May/2024:09:41:21 +0800] "POST /xingrg/dwr/call/plaincall/AjaxCheckService.setItemNumber.dwr HTTP/1.1" 200 77
101.80.230.31 - - [01/May/2024:09:41:22 +0800] "POST /xingrg/dwr/call/plaincall/AjaxCheckService.setItemNumber.dwr HTTP/1.1" 200 77
101.80.230.31 - - [01/May/2024:09:41:22 +0800] "POST /xingrg/dwr/call/plaincall/AjaxCheckService.setItemNumber.dwr HTTP/1.1" 200 77
101.80.230.31 - - [01/May/2024:09:41:22 +0800] "POST /xingrg/dwr/call/plaincall/AjaxCheckService.setItemNumber.dwr HTTP/1.1" 200 77
101.80.230.31 - - [01/May/2024:09:41:23 +0800] "POST /xingrg/dwr/call/plaincall/AjaxCheckService.setItemNumber.dwr HTTP/1.1" 200 77
101.80.230.31 - - [01/May/2024:09:41:23 +0800] "POST /xingrg/dwr/call/plaincall/AjaxCheckService.setItemNumber.dwr HTTP/1.1" 200 77
101.80.230.31 - - [01/May/2024:09:41:23 +0800] "POST /xingrg/dwr/call/plaincall/AjaxCheckService.setItemNumber.dwr HTTP/1.1" 200 77
180.164.6.225 - - [01/May/2024:09:41:24 +0800] "GET /xingrg/all/function/internal_message.html?_=1714527681520&CODE_STATE=getMsg HTTP/1.1" 200 27
101.80.230.31 - - [01/May/2024:09:41:24 +0800] "POST /xingrg/dwr/call/plaincall/AjaxCheckService.setItemNumber.dwr HTTP/1.1" 200 77
222.69.132.237 - - [01/May/2024:09:41:24 +0800] "POST /xingrg/dwr/call/plaincall/AjaxReportQueryService.getFixDate.dwr HTTP/1.1" 200 111
101.80.230.31 - - [01/May/2024:09:41:25 +0800] "POST /xingrg/dwr/call/plaincall/AjaxCheckService.setItemNumber.dwr HTTP/1.1" 200 77
101.80.230.31 - - [01/May/2024:09:41:25 +0800] "POST /xingrg/dwr/call/plaincall/AjaxCheckService.setItemNumber.dwr HTTP/1.1" 200 77
101.80.230.31 - - [01/May/2024:09:41:25 +0800] "POST /xingrg/dwr/call/plaincall/AjaxCheckService.setItemNumber.dwr HTTP/1.1" 200 77
101.80.230.31 - - [01/May/2024:09:41:26 +0800] "POST /xingrg/dwr/call/plaincall/AjaxCheckService.setItemNumber.dwr HTTP/1.1" 200 77
101.80.230.31 - - [01/May/2024:09:41:26 +0800] "POST /xingrg/dwr/call/plaincall/AjaxCheckService.setItemNumber.dwr HTTP/1.1" 200 77
101.80.230.31 - - [01/May/2024:09:41:27 +0800] "POST /xingrg/dwr/call/plaincall/AjaxCheckService.setItemNumber.dwr HTTP/1.1" 200 77
114.83.223.12 - - [01/May/2024:09:41:28 +0800] "GET /xingrg/kc/buy/cgsh_order_operate.html?command=get_materiel&rest_code=00149&code=00101008169&supplier_code=00100008&order_time=2024-05-01 HTTP/1.1" 200 431
222.69.132.237 - - [01/May/2024:09:41:29 +0800] "POST /xingrg/dwr/call/plaincall/AjaxReportQueryService.refreshCache.dwr HTTP/1.1" 200 78
180.163.30.100 - - [01/May/2024:09:41:32 +0800] "GET /xingrg/all/function/internal_message.html?_=1714527372489&CODE_STATE=getMsg HTTP/1.1" 302 -
180.163.30.100 - - [01/May/2024:09:41:32 +0800] "GET /xingrg/login.html HTTP/1.1" 200 7641
101.80.230.31 - - [01/May/2024:09:41:33 +0800] "POST /xingrg/dwr/call/plaincall/AjaxCheckService.setItemNumber.dwr HTTP/1.1" 200 77
222.69.132.237 - - [01/May/2024:09:41:33 +0800] "POST /xingrg/all/report/load_report_page.html HTTP/1.1" 200 58617
101.80.230.31 - - [01/May/2024:09:41:33 +0800] "POST /xingrg/dwr/call/plaincall/AjaxCheckService.setItemNumber.dwr HTTP/1.1" 200 77
222.69.132.237 - - [01/May/2024:09:41:33 +0800] "GET /xingrg/servlets/image?cache=0.7633127864981186&image=px HTTP/1.1" 200 807
101.80.230.31 - - [01/May/2024:09:41:34 +0800] "POST /xingrg/dwr/call/plaincall/AjaxCheckService.setItemNumber.dwr HTTP/1.1" 200 77
101.80.230.31 - - [01/May/2024:09:41:34 +0800] "POST /xingrg/dwr/call/plaincall/AjaxCheckService.setItemNumber.dwr HTTP/1.1" 200 77
101.80.230.31 - - [01/May/2024:09:41:35 +0800] "POST /xingrg/dwr/call/plaincall/AjaxCheckService.setItemNumber.dwr HTTP/1.1" 200 77
222.70.183.82 - - [01/May/2024:09:41:35 +0800] "GET /xingrg/all/function/internal_message.html?_=1714527695096&CODE_STATE=getMsg HTTP/1.1" 200 27
101.80.230.31 - - [01/May/2024:09:41:35 +0800] "POST /xingrg/dwr/call/plaincall/AjaxCheckService.setItemNumber.dwr HTTP/1.1" 200 77
101.80.230.31 - - [01/May/2024:09:41:36 +0800] "POST /xingrg/dwr/call/plaincall/AjaxCheckService.setItemNumber.dwr HTTP/1.1" 200 77
101.80.230.31 - - [01/May/2024:09:41:36 +0800] "POST /xingrg/dwr/call/plaincall/AjaxCheckService.setItemNumber.dwr HTTP/1.1" 200 77
101.80.230.31 - - [01/May/2024:09:41:37 +0800] "POST /xingrg/dwr/call/plaincall/AjaxCheckService.setItemNumber.dwr HTTP/1.1" 200 77
101.80.230.31 - - [01/May/2024:09:41:37 +0800] "POST /xingrg/dwr/call/plaincall/AjaxCheckService.setItemNumber.dwr HTTP/1.1" 200 77
101.80.230.31 - - [01/May/2024:09:41:38 +0800] "POST /xingrg/dwr/call/plaincall/AjaxCheckService.setItemNumber.dwr HTTP/1.1" 200 77
101.80.230.31 - - [01/May/2024:09:41:38 +0800] "POST /xingrg/dwr/call/plaincall/AjaxCheckService.setItemNumber.dwr HTTP/1.1" 200 77
116.230.112.13 - - [01/May/2024:09:41:38 +0800] "GET /xingrg/all/function/internal_message.html?_=1714527708379&CODE_STATE=getMsg HTTP/1.1" 302 -
101.80.230.31 - - [01/May/2024:09:41:38 +0800] "POST /xingrg/dwr/call/plaincall/AjaxCheckService.setItemNumber.dwr HTTP/1.1" 200 77
101.80.230.31 - - [01/May/2024:09:41:39 +0800] "POST /xingrg/dwr/call/plaincall/AjaxCheckService.setItemNumber.dwr HTTP/1.1" 200 77
101.80.230.31 - - [01/May/2024:09:41:39 +0800] "POST /xingrg/dwr/call/plaincall/AjaxCheckService.setItemNumber.dwr HTTP/1.1" 200 77
101.80.230.31 - - [01/May/2024:09:41:40 +0800] "POST /xingrg/dwr/call/plaincall/AjaxCheckService.setItemNumber.dwr HTTP/1.1" 200 77
101.80.230.31 - - [01/May/2024:09:41:40 +0800] "POST /xingrg/dwr/call/plaincall/AjaxCheckService.setItemNumber.dwr HTTP/1.1" 200 77
101.80.230.31 - - [01/May/2024:09:41:40 +0800] "POST /xingrg/dwr/call/plaincall/AjaxCheckService.setItemNumber.dwr HTTP/1.1" 200 77
101.80.230.31 - - [01/May/2024:09:41:41 +0800] "POST /xingrg/dwr/call/plaincall/AjaxCheckService.setItemNumber.dwr HTTP/1.1" 200 77
221.239.168.119 - - [01/May/2024:09:41:41 +0800] "GET /xingrg/all/function/internal_message.html?_=1714527701067&CODE_STATE=getMsg HTTP/1.1" 200 27
101.80.230.31 - - [01/May/2024:09:41:41 +0800] "POST /xingrg/dwr/call/plaincall/AjaxCheckService.setItemNumber.dwr HTTP/1.1" 200 77
101.80.230.31 - - [01/May/2024:09:41:41 +0800] "POST /xingrg/dwr/call/plaincall/AjaxCheckService.setItemNumber.dwr HTTP/1.1" 200 77
101.80.230.31 - - [01/May/2024:09:41:42 +0800] "POST /xingrg/dwr/call/plaincall/AjaxCheckService.setItemNumber.dwr HTTP/1.1" 200 77
114.83.223.12 - - [01/May/2024:09:41:43 +0800] "GET /xingrg/kc/buy/cgsh_order_operate.html?command=get_materiel&rest_code=00149&code=00101008318&supplier_code=00100008&order_time=2024-05-01 HTTP/1.1" 200 408
101.80.230.31 - - [01/May/2024:09:41:43 +0800] "POST /xingrg/dwr/call/plaincall/AjaxCheckService.setItemNumber.dwr HTTP/1.1" 200 77
61.170.234.43 - - [01/May/2024:09:41:43 +0800] "GET /xingrg/all/function/internal_message.html?_=1714527703758&CODE_STATE=getMsg HTTP/1.1" 200 27
101.80.230.31 - - [01/May/2024:09:41:43 +0800] "POST /xingrg/dwr/call/plaincall/AjaxCheckService.setItemNumber.dwr HTTP/1.1" 200 77
101.80.230.31 - - [01/May/2024:09:41:44 +0800] "POST /xingrg/dwr/call/plaincall/AjaxCheckService.setItemNumber.dwr HTTP/1.1" 200 77
101.80.230.31 - - [01/May/2024:09:41:44 +0800] "POST /xingrg/dwr/call/plaincall/AjaxCheckService.setItemNumber.dwr HTTP/1.1" 200 77
101.80.230.31 - - [01/May/2024:09:41:44 +0800] "POST /xingrg/dwr/call/plaincall/AjaxCheckService.setItemNumber.dwr HTTP/1.1" 200 77
124.78.56.241 - - [01/May/2024:09:41:45 +0800] "GET /xingrg/all/function/internal_message.html?_=1714527705662&CODE_STATE=getMsg HTTP/1.1" 200 27
101.80.230.31 - - [01/May/2024:09:41:46 +0800] "POST /xingrg/dwr/call/plaincall/AjaxCheckService.setItemNumber.dwr HTTP/1.1" 200 77
101.80.230.31 - - [01/May/2024:09:41:46 +0800] "POST /xingrg/dwr/call/plaincall/AjaxCheckService.setItemNumber.dwr HTTP/1.1" 200 77
101.80.230.31 - - [01/May/2024:09:41:46 +0800] "POST /xingrg/dwr/call/plaincall/AjaxCheckService.setItemNumber.dwr HTTP/1.1" 200 77
101.80.230.31 - - [01/May/2024:09:41:47 +0800] "POST /xingrg/dwr/call/plaincall/AjaxCheckService.setItemNumber.dwr HTTP/1.1" 200 77
101.80.230.31 - - [01/May/2024:09:41:48 +0800] "POST /xingrg/dwr/call/plaincall/AjaxCheckService.setItemNumber.dwr HTTP/1.1" 200 77
101.80.230.31 - - [01/May/2024:09:41:48 +0800] "POST /xingrg/dwr/call/plaincall/AjaxCheckService.setItemNumber.dwr HTTP/1.1" 200 77
101.80.230.31 - - [01/May/2024:09:41:48 +0800] "POST /xingrg/dwr/call/plaincall/AjaxCheckService.setItemNumber.dwr HTTP/1.1" 200 77
101.80.230.31 - - [01/May/2024:09:41:49 +0800] "POST /xingrg/dwr/call/plaincall/AjaxCheckService.setItemNumber.dwr HTTP/1.1" 200 77
101.80.230.31 - - [01/May/2024:09:41:49 +0800] "POST /xingrg/dwr/call/plaincall/AjaxCheckService.setItemNumber.dwr HTTP/1.1" 200 77
101.80.230.31 - - [01/May/2024:09:41:50 +0800] "POST /xingrg/dwr/call/plaincall/AjaxCheckService.setItemNumber.dwr HTTP/1.1" 200 77
101.80.230.31 - - [01/May/2024:09:41:50 +0800] "POST /xingrg/dwr/call/plaincall/AjaxCheckService.setItemNumber.dwr HTTP/1.1" 200 77
114.95.253.235 - - [01/May/2024:09:41:50 +0800] "GET /xingrg/all/function/internal_message.html?_=1714527710632&CODE_STATE=getMsg HTTP/1.1" 200 27
101.80.230.31 - - [01/May/2024:09:41:50 +0800] "POST /xingrg/dwr/call/plaincall/AjaxCheckService.setItemNumber.dwr HTTP/1.1" 200 77
101.80.230.31 - - [01/May/2024:09:41:51 +0800] "POST /xingrg/dwr/call/plaincall/AjaxCheckService.setItemNumber.dwr HTTP/1.1" 200 77
101.80.230.31 - - [01/May/2024:09:41:51 +0800] "POST /xingrg/dwr/call/plaincall/AjaxCheckService.setItemNumber.dwr HTTP/1.1" 200 77
101.83.144.49 - - [01/May/2024:09:41:52 +0800] "GET /xingrg/all/function/internal_message.html?_=1714527714207&CODE_STATE=getMsg HTTP/1.1" 200 27
101.83.144.49 - - [01/May/2024:09:41:52 +0800] "GET /xingrg/check_reg.html?_=1714527714210 HTTP/1.1" 200 22
101.80.230.31 - - [01/May/2024:09:41:52 +0800] "POST /xingrg/dwr/call/plaincall/AjaxCheckService.setItemNumber.dwr HTTP/1.1" 200 77
101.80.230.31 - - [01/May/2024:09:41:53 +0800] "POST /xingrg/dwr/call/plaincall/AjaxCheckService.setItemNumber.dwr HTTP/1.1" 200 77
101.80.230.31 - - [01/May/2024:09:41:53 +0800] "POST /xingrg/dwr/call/plaincall/AjaxCheckService.setItemNumber.dwr HTTP/1.1" 200 77
101.80.230.31 - - [01/May/2024:09:41:53 +0800] "POST /xingrg/dwr/call/plaincall/AjaxCheckService.setItemNumber.dwr HTTP/1.1" 200 77
114.83.223.12 - - [01/May/2024:09:41:54 +0800] "GET /xingrg/kc/buy/cgsh_order_operate.html?command=get_materiel&rest_code=00149&code=00101008163&supplier_code=00100008&order_time=2024-05-01 HTTP/1.1" 200 409
101.80.230.31 - - [01/May/2024:09:41:54 +0800] "POST /xingrg/dwr/call/plaincall/AjaxCheckService.setItemNumber.dwr HTTP/1.1" 200 77
101.80.230.31 - - [01/May/2024:09:41:55 +0800] "POST /xingrg/dwr/call/plaincall/AjaxCheckService.setItemNumber.dwr HTTP/1.1" 200 77
101.80.230.31 - - [01/May/2024:09:41:55 +0800] "POST /xingrg/dwr/call/plaincall/AjaxCheckService.setItemNumber.dwr HTTP/1.1" 200 77
114.83.223.12 - - [01/May/2024:09:41:58 +0800] "GET /xingrg/all/function/internal_message.html?_=1714527718313&CODE_STATE=getMsg HTTP/1.1" 200 27
116.238.97.31 - - [01/May/2024:09:41:59 +0800] "GET /xingrg/all/function/internal_message.html?_=1714527719497&CODE_STATE=getMsg HTTP/1.1" 200 27
101.80.230.31 - - [01/May/2024:09:42:00 +0800] "POST /xingrg/dwr/call/plaincall/AjaxCheckService.setItemNumber.dwr HTTP/1.1" 200 77
101.80.230.31 - - [01/May/2024:09:42:00 +0800] "POST /xingrg/dwr/call/plaincall/AjaxCheckService.setItemNumber.dwr HTTP/1.1" 200 77
222.70.183.82 - - [01/May/2024:09:42:05 +0800] "GET /xingrg/all/function/internal_message.html?_=1714527725357&CODE_STATE=getMsg HTTP/1.1" 200 27
180.169.147.146 - - [01/May/2024:09:42:05 +0800] "GET /xingrg/index.html?sysBaseUrl=http%3A%2F%2F180.169.147.146%3A18081%2Fxingrg%2F&costTime=39×tamp=1592034574635 HTTP/1.1" 302 -
180.169.147.146 - - [01/May/2024:09:42:05 +0800] "GET /xingrg/login.html HTTP/1.1" 200 7641
180.169.147.146 - - [01/May/2024:09:42:06 +0800] "GET /favicon.ico HTTP/1.1" 404 -
101.80.230.31 - - [01/May/2024:09:42:06 +0800] "POST /xingrg/dwr/call/plaincall/AjaxCheckService.setItemNumber.dwr HTTP/1.1" 200 77
101.80.230.31 - - [01/May/2024:09:42:07 +0800] "POST /xingrg/dwr/call/plaincall/AjaxCheckService.setItemNumber.dwr HTTP/1.1" 200 77
114.83.223.12 - - [01/May/2024:09:42:07 +0800] "GET /xingrg/kc/buy/cgsh_order_operate.html?command=get_materiel&rest_code=00149&code=00101008400&supplier_code=00100008&order_time=2024-05-01 HTTP/1.1" 200 409
101.80.230.31 - - [01/May/2024:09:42:07 +0800] "POST /xingrg/dwr/call/plaincall/AjaxCheckService.setItemNumber.dwr HTTP/1.1" 200 77
120.253.135.82 - - [01/May/2024:09:42:07 +0800] "GET /xingrg/all/function/internal_message.html?_=1714527576717&CODE_STATE=getMsg HTTP/1.1" 200 27
101.80.230.31 - - [01/May/2024:09:42:08 +0800] "POST /xingrg/dwr/call/plaincall/AjaxCheckService.setItemNumber.dwr HTTP/1.1" 200 77
101.80.230.31 - - [01/May/2024:09:42:08 +0800] "POST /xingrg/dwr/call/plaincall/AjaxCheckService.setItemNumber.dwr HTTP/1.1" 200 78
180.169.147.146 - - [01/May/2024:09:42:08 +0800] "POST /xingrg/login.do HTTP/1.1" 302 -
180.169.147.146 - - [01/May/2024:09:42:08 +0800] "GET /xingrg/index.html?sysBaseUrl=http%3A%2F%2F180.169.147.146%3A18081%2Fxingrg%2F&costTime=1269×tamp=1714527728630 HTTP/1.1" 200 17503
180.169.147.146 - - [01/May/2024:09:42:08 +0800] "GET /favicon.ico HTTP/1.1" 404 -
180.169.147.146 - - [01/May/2024:09:42:09 +0800] "POST /xingrg/all/common/load_tree.html?tree=area_rest_tree_json&manage=1 HTTP/1.1" 200 3624
180.169.147.146 - - [01/May/2024:09:42:09 +0800] "GET /xingrg/check_reg.html?_=1714527729035 HTTP/1.1" 200 22
180.169.147.146 - - [01/May/2024:09:42:09 +0800] "GET /xingrg/all/function/internal_message.html?_=1714527729035&CODE_STATE=count HTTP/1.1" 200 11
180.169.147.146 - - [01/May/2024:09:42:09 +0800] "POST /xingrg/load_menu.html HTTP/1.1" 200 11564
101.80.230.31 - - [01/May/2024:09:42:09 +0800] "POST /xingrg/dwr/call/plaincall/AjaxCheckService.setItemNumber.dwr HTTP/1.1" 200 78
101.80.230.31 - - [01/May/2024:09:42:09 +0800] "POST /xingrg/dwr/call/plaincall/AjaxCheckService.setItemNumber.dwr HTTP/1.1" 200 78
218.79.29.216 - - [01/May/2024:09:42:09 +0800] "GET /xingrg/all/function/internal_message.html?_=1714527733998&CODE_STATE=getMsg HTTP/1.1" 200 27
101.80.230.31 - - [01/May/2024:09:42:10 +0800] "POST /xingrg/dwr/call/plaincall/AjaxCheckService.setItemNumber.dwr HTTP/1.1" 200 78
101.80.230.31 - - [01/May/2024:09:42:10 +0800] "POST /xingrg/dwr/call/plaincall/AjaxCheckService.setItemNumber.dwr HTTP/1.1" 200 78
101.80.230.31 - - [01/May/2024:09:42:10 +0800] "GET /xingrg/all/function/internal_message.html?_=1714527748625&CODE_STATE=getMsg HTTP/1.1" 200 27
180.169.147.146 - - [01/May/2024:09:42:10 +0800] "GET /xingrg/kc/report/report_main.html HTTP/1.1" 200 8599
101.80.230.31 - - [01/May/2024:09:42:10 +0800] "POST /xingrg/dwr/call/plaincall/AjaxCheckService.setItemNumber.dwr HTTP/1.1" 200 78
114.83.223.12 - - [01/May/2024:09:42:11 +0800] "POST /xingrg/kc/buy/cgsh_order_operate.html HTTP/1.1" 200 2065
101.80.230.31 - - [01/May/2024:09:42:11 +0800] "POST /xingrg/dwr/call/plaincall/AjaxCheckService.setItemNumber.dwr HTTP/1.1" 200 78
116.228.172.94 - - [01/May/2024:09:42:11 +0800] "GET /xingrg/all/function/internal_message.html?_=1714527730114&CODE_STATE=getMsg HTTP/1.1" 302 -
116.228.172.94 - - [01/May/2024:09:42:11 +0800] "GET /xingrg/check_reg.html?_=1714527730115 HTTP/1.1" 302 -
101.80.230.31 - - [01/May/2024:09:42:11 +0800] "POST /xingrg/dwr/call/plaincall/AjaxCheckService.setItemNumber.dwr HTTP/1.1" 200 78
180.169.147.146 - - [01/May/2024:09:42:11 +0800] "GET /xingrg/all/report/report_query.html?fileName=kc/buy/gys_amount_base_rest.xml HTTP/1.1" 200 51664
180.169.147.146 - - [01/May/2024:09:42:11 +0800] "GET /xingrg/dwr/interface/AjaxReportQueryService.js HTTP/1.1" 200 13203
180.169.147.146 - - [01/May/2024:09:42:11 +0800] "GET /xingrg/dwr/engine.js HTTP/1.1" 200 43631
180.169.147.146 - - [01/May/2024:09:42:11 +0800] "GET /xingrg/dwr/util.js HTTP/1.1" 200 35990
101.80.230.31 - - [01/May/2024:09:42:12 +0800] "POST /xingrg/dwr/call/plaincall/AjaxCheckService.setItemNumber.dwr HTTP/1.1" 200 78
180.169.147.146 - - [01/May/2024:09:42:12 +0800] "POST /xingrg/dwr/call/plaincall/AjaxReportQueryService.getFixDate.dwr HTTP/1.1" 200 111
180.169.147.146 - - [01/May/2024:09:42:12 +0800] "POST /xingrg/all/common/load_tree.html?tree=area_rest_tree_json&manage=1 HTTP/1.1" 200 3624
101.80.230.31 - - [01/May/2024:09:42:12 +0800] "POST /xingrg/dwr/call/plaincall/AjaxCheckService.setItemNumber.dwr HTTP/1.1" 200 78
180.169.147.146 - - [01/May/2024:09:42:13 +0800] "POST /xingrg/all/common/load_tree.html?tree=supplier_tree_json&manage=1 HTTP/1.1" 200 82281
101.80.230.31 - - [01/May/2024:09:42:13 +0800] "POST /xingrg/dwr/call/plaincall/AjaxCheckService.setItemNumber.dwr HTTP/1.1" 200 78
101.80.230.31 - - [01/May/2024:09:42:13 +0800] "POST /xingrg/dwr/call/plaincall/AjaxCheckService.setItemNumber.dwr HTTP/1.1" 200 78
101.80.230.31 - - [01/May/2024:09:42:13 +0800] "POST /xingrg/dwr/call/plaincall/AjaxCheckService.setItemNumber.dwr HTTP/1.1" 200 78
180.163.29.103 - - [01/May/2024:09:42:14 +0800] "GET /xingrg/all/function/internal_message.html?_=1714527672426&CODE_STATE=getMsg HTTP/1.1" 302 -
180.163.29.103 - - [01/May/2024:09:42:14 +0800] "GET /xingrg/login.html HTTP/1.1" 200 7641
61.170.234.43 - - [01/May/2024:09:42:14 +0800] "GET /xingrg/all/function/internal_message.html?_=1714527732429&CODE_STATE=getMsg HTTP/1.1" 200 27
101.80.230.31 - - [01/May/2024:09:42:14 +0800] "POST /xingrg/dwr/call/plaincall/AjaxCheckService.setItemNumber.dwr HTTP/1.1" 200 78
101.80.230.31 - - [01/May/2024:09:42:15 +0800] "POST /xingrg/dwr/call/plaincall/AjaxCheckService.setItemNumber.dwr HTTP/1.1" 200 78
101.80.230.31 - - [01/May/2024:09:42:16 +0800] "POST /xingrg/dwr/call/plaincall/AjaxCheckService.setItemNumber.dwr HTTP/1.1" 200 78
101.80.230.31 - - [01/May/2024:09:42:17 +0800] "POST /xingrg/dwr/call/plaincall/AjaxCheckService.setItemNumber.dwr HTTP/1.1" 200 78
101.80.230.31 - - [01/May/2024:09:42:18 +0800] "POST /xingrg/dwr/call/plaincall/AjaxCheckService.setItemNumber.dwr HTTP/1.1" 200 78
101.80.230.31 - - [01/May/2024:09:42:18 +0800] "POST /xingrg/dwr/call/plaincall/AjaxCheckService.setItemNumber.dwr HTTP/1.1" 200 78
101.80.230.31 - - [01/May/2024:09:42:19 +0800] "POST /xingrg/dwr/call/plaincall/AjaxCheckService.setItemNumber.dwr HTTP/1.1" 200 78
101.80.230.31 - - [01/May/2024:09:42:19 +0800] "POST /xingrg/dwr/call/plaincall/AjaxCheckService.setItemNumber.dwr HTTP/1.1" 200 78
114.83.223.12 - - [01/May/2024:09:42:20 +0800] "GET /xingrg/kc/buy/cgsh_order_operate.html?command=get_materiel&rest_code=00149&code=00101008357&supplier_code=00100008&order_time=2024-05-01 HTTP/1.1" 200 427
101.80.230.31 - - [01/May/2024:09:42:20 +0800] "POST /xingrg/dwr/call/plaincall/AjaxCheckService.setItemNumber.dwr HTTP/1.1" 200 78
222.69.132.237 - - [01/May/2024:09:42:21 +0800] "GET /xingrg/all/function/internal_message.html?_=1714527741681&CODE_STATE=getMsg HTTP/1.1" 200 27
222.69.132.237 - - [01/May/2024:09:42:21 +0800] "GET /xingrg/check_reg.html?_=1714527741683 HTTP/1.1" 200 22
101.80.230.31 - - [01/May/2024:09:42:21 +0800] "POST /xingrg/dwr/call/plaincall/AjaxCheckService.setItemNumber.dwr HTTP/1.1" 200 78
101.80.230.31 - - [01/May/2024:09:42:22 +0800] "POST /xingrg/dwr/call/plaincall/AjaxCheckService.setItemNumber.dwr HTTP/1.1" 200 78
101.80.230.31 - - [01/May/2024:09:42:22 +0800] "POST /xingrg/dwr/call/plaincall/AjaxCheckService.setItemNumber.dwr HTTP/1.1" 200 78
180.164.6.225 - - [01/May/2024:09:42:23 +0800] "GET /xingrg/all/function/internal_message.html?_=1714527741505&CODE_STATE=getMsg HTTP/1.1" 200 27
101.80.230.31 - - [01/May/2024:09:42:27 +0800] "POST /xingrg/dwr/call/plaincall/AjaxCheckService.setItemNumber.dwr HTTP/1.1" 200 78
101.80.230.31 - - [01/May/2024:09:42:28 +0800] "POST /xingrg/dwr/call/plaincall/AjaxCheckService.setItemNumber.dwr HTTP/1.1" 200 78
101.80.230.31 - - [01/May/2024:09:42:28 +0800] "POST /xingrg/dwr/call/plaincall/AjaxCheckService.setItemNumber.dwr HTTP/1.1" 200 78
180.169.147.146 - - [01/May/2024:09:42:29 +0800] "POST /xingrg/dwr/call/plaincall/AjaxReportQueryService.refreshCache.dwr HTTP/1.1" 200 78
101.80.230.31 - - [01/May/2024:09:42:29 +0800] "POST /xingrg/dwr/call/plaincall/AjaxCheckService.setItemNumber.dwr HTTP/1.1" 200 78
101.80.230.31 - - [01/May/2024:09:42:32 +0800] "POST /xingrg/dwr/call/plaincall/AjaxCheckService.setItemNumber.dwr HTTP/1.1" 200 78
101.80.230.31 - - [01/May/2024:09:42:32 +0800] "POST /xingrg/dwr/call/plaincall/AjaxCheckService.setItemNumber.dwr HTTP/1.1" 200 78
180.169.147.146 - - [01/May/2024:09:42:32 +0800] "POST /xingrg/all/report/load_report_page.html HTTP/1.1" 200 53250
180.169.147.146 - - [01/May/2024:09:42:32 +0800] "GET /xingrg/servlets/image?cache=0.06779265691292646&image=px HTTP/1.1" 200 807
101.80.230.31 - - [01/May/2024:09:42:32 +0800] "POST /xingrg/dwr/call/plaincall/AjaxCheckService.setItemNumber.dwr HTTP/1.1" 200 78
101.80.230.31 - - [01/May/2024:09:42:33 +0800] "POST /xingrg/dwr/call/plaincall/AjaxCheckService.setItemNumber.dwr HTTP/1.1" 200 78
101.80.230.31 - - [01/May/2024:09:42:33 +0800] "POST /xingrg/dwr/call/plaincall/AjaxCheckService.setItemNumber.dwr HTTP/1.1" 200 78
101.80.230.31 - - [01/May/2024:09:42:34 +0800] "POST /xingrg/dwr/call/plaincall/AjaxCheckService.setItemNumber.dwr HTTP/1.1" 200 78
101.80.230.31 - - [01/May/2024:09:42:34 +0800] "POST /xingrg/dwr/call/plaincall/AjaxCheckService.setItemNumber.dwr HTTP/1.1" 200 78
101.80.230.31 - - [01/May/2024:09:42:34 +0800] "POST /xingrg/dwr/call/plaincall/AjaxCheckService.setItemNumber.dwr HTTP/1.1" 200 78
101.80.230.31 - - [01/May/2024:09:42:35 +0800] "POST /xingrg/dwr/call/plaincall/AjaxCheckService.setItemNumber.dwr HTTP/1.1" 200 78
101.80.230.31 - - [01/May/2024:09:42:35 +0800] "POST /xingrg/dwr/call/plaincall/AjaxCheckService.setItemNumber.dwr HTTP/1.1" 200 78
222.70.183.82 - - [01/May/2024:09:42:35 +0800] "GET /xingrg/all/function/internal_message.html?_=1714527755097&CODE_STATE=getMsg HTTP/1.1" 200 27
222.70.183.82 - - [01/May/2024:09:42:35 +0800] "GET /xingrg/check_reg.html?_=1714527755102 HTTP/1.1" 200 22
101.80.230.31 - - [01/May/2024:09:42:35 +0800] "POST /xingrg/dwr/call/plaincall/AjaxCheckService.setItemNumber.dwr HTTP/1.1" 200 78
101.80.230.31 - - [01/May/2024:09:42:36 +0800] "POST /xingrg/dwr/call/plaincall/AjaxCheckService.setItemNumber.dwr HTTP/1.1" 200 78
101.80.230.31 - - [01/May/2024:09:42:36 +0800] "POST /xingrg/dwr/call/plaincall/AjaxCheckService.setItemNumber.dwr HTTP/1.1" 200 78
101.80.230.31 - - [01/May/2024:09:42:37 +0800] "POST /xingrg/dwr/call/plaincall/AjaxCheckService.setItemNumber.dwr HTTP/1.1" 200 78
101.80.230.31 - - [01/May/2024:09:42:37 +0800] "POST /xingrg/dwr/call/plaincall/AjaxCheckService.setItemNumber.dwr HTTP/1.1" 200 78
116.230.112.13 - - [01/May/2024:09:42:38 +0800] "GET /xingrg/all/function/internal_message.html?_=1714527768406&CODE_STATE=getMsg HTTP/1.1" 302 -
221.239.168.119 - - [01/May/2024:09:42:41 +0800] "GET /xingrg/all/function/internal_message.html?_=1714527761069&CODE_STATE=getMsg HTTP/1.1" 200 27
114.83.223.12 - - [01/May/2024:09:42:43 +0800] "GET /xingrg/kc/buy/cgsh_order_operate.html?command=get_materiel&rest_code=00149&code=00101008101&supplier_code=00100008&order_time=2024-05-01 HTTP/1.1" 200 412
61.170.234.43 - - [01/May/2024:09:42:43 +0800] "GET /xingrg/check_reg.html?_=1714527763561 HTTP/1.1" 200 22
61.170.234.43 - - [01/May/2024:09:42:43 +0800] "GET /xingrg/all/function/internal_message.html?_=1714527763746&CODE_STATE=getMsg HTTP/1.1" 200 27
124.78.56.241 - - [01/May/2024:09:42:45 +0800] "GET /xingrg/all/function/internal_message.html?_=1714527765645&CODE_STATE=getMsg HTTP/1.1" 200 27
101.80.230.31 - - [01/May/2024:09:42:47 +0800] "POST /xingrg/dwr/call/plaincall/AjaxCheckService.setItemNumber.dwr HTTP/1.1" 200 78
101.80.230.31 - - [01/May/2024:09:42:47 +0800] "POST /xingrg/dwr/call/plaincall/AjaxCheckService.setItemNumber.dwr HTTP/1.1" 200 78
101.80.230.31 - - [01/May/2024:09:42:48 +0800] "POST /xingrg/dwr/call/plaincall/AjaxCheckService.setItemNumber.dwr HTTP/1.1" 200 78
101.80.230.31 - - [01/May/2024:09:42:48 +0800] "POST /xingrg/dwr/call/plaincall/AjaxCheckService.setItemNumber.dwr HTTP/1.1" 200 78
101.80.230.31 - - [01/May/2024:09:42:49 +0800] "POST /xingrg/dwr/call/plaincall/AjaxCheckService.setItemNumber.dwr HTTP/1.1" 200 78
101.80.230.31 - - [01/May/2024:09:42:49 +0800] "POST /xingrg/dwr/call/plaincall/AjaxCheckService.setItemNumber.dwr HTTP/1.1" 200 78
101.80.230.31 - - [01/May/2024:09:42:49 +0800] "POST /xingrg/dwr/call/plaincall/AjaxCheckService.setItemNumber.dwr HTTP/1.1" 200 78
101.80.230.31 - - [01/May/2024:09:42:50 +0800] "POST /xingrg/dwr/call/plaincall/AjaxCheckService.setItemNumber.dwr HTTP/1.1" 200 78
101.83.144.49 - - [01/May/2024:09:42:50 +0800] "POST /xingrg/kc/buy/cgsh_order_operate.html HTTP/1.1" 200 37
114.95.253.235 - - [01/May/2024:09:42:50 +0800] "GET /xingrg/all/function/internal_message.html?_=1714527770623&CODE_STATE=getMsg HTTP/1.1" 200 27
101.80.230.31 - - [01/May/2024:09:42:51 +0800] "POST /xingrg/dwr/call/plaincall/AjaxCheckService.setItemNumber.dwr HTTP/1.1" 200 78
101.80.230.31 - - [01/May/2024:09:42:51 +0800] "POST /xingrg/dwr/call/plaincall/AjaxCheckService.setItemNumber.dwr HTTP/1.1" 200 78
101.80.230.31 - - [01/May/2024:09:42:51 +0800] "POST /xingrg/dwr/call/plaincall/AjaxCheckService.setItemNumber.dwr HTTP/1.1" 200 78
101.83.144.49 - - [01/May/2024:09:42:52 +0800] "GET /xingrg/all/function/internal_message.html?_=1714527774204&CODE_STATE=getMsg HTTP/1.1" 200 27
101.80.230.31 - - [01/May/2024:09:42:52 +0800] "POST /xingrg/dwr/call/plaincall/AjaxCheckService.setItemNumber.dwr HTTP/1.1" 200 78
101.83.144.49 - - [01/May/2024:09:42:52 +0800] "POST /xingrg/kc/buy/cgsh_order_operate.html HTTP/1.1" 200 42875
180.169.147.146 - - [01/May/2024:09:42:54 +0800] "POST /xingrg/all/report/report_print.html HTTP/1.1" 200 7680
101.80.230.31 - - [01/May/2024:09:42:54 +0800] "POST /xingrg/dwr/call/plaincall/AjaxCheckService.setItemNumber.dwr HTTP/1.1" 200 78
101.80.230.31 - - [01/May/2024:09:42:54 +0800] "POST /xingrg/dwr/call/plaincall/AjaxCheckService.setItemNumber.dwr HTTP/1.1" 200 78
101.80.230.31 - - [01/May/2024:09:42:55 +0800] "POST /xingrg/dwr/call/plaincall/AjaxCheckService.setItemNumber.dwr HTTP/1.1" 200 78
101.80.230.31 - - [01/May/2024:09:42:55 +0800] "POST /xingrg/dwr/call/plaincall/AjaxCheckService.setItemNumber.dwr HTTP/1.1" 200 78
101.80.230.31 - - [01/May/2024:09:42:55 +0800] "POST /xingrg/dwr/call/plaincall/AjaxCheckService.setItemNumber.dwr HTTP/1.1" 200 78
101.80.230.31 - - [01/May/2024:09:42:55 +0800] "POST /xingrg/dwr/call/plaincall/AjaxCheckService.setItemNumber.dwr HTTP/1.1" 200 78
180.164.6.225 - - [01/May/2024:09:42:55 +0800] "POST /xingrg/kc/buy/cgsh_list_operate.html HTTP/1.1" 200 4935
101.80.230.31 - - [01/May/2024:09:42:56 +0800] "POST /xingrg/dwr/call/plaincall/AjaxCheckService.setItemNumber.dwr HTTP/1.1" 200 78
101.80.230.31 - - [01/May/2024:09:42:56 +0800] "POST /xingrg/dwr/call/plaincall/AjaxCheckService.setItemNumber.dwr HTTP/1.1" 200 78
114.83.223.12 - - [01/May/2024:09:42:58 +0800] "GET /xingrg/kc/buy/cgsh_order_operate.html?command=get_materiel&rest_code=00149&code=00101008072&supplier_code=00100008&order_time=2024-05-01 HTTP/1.1" 200 408
114.83.223.12 - - [01/May/2024:09:42:58 +0800] "GET /xingrg/all/function/internal_message.html?_=1714527778297&CODE_STATE=getMsg HTTP/1.1" 200 27
116.238.97.31 - - [01/May/2024:09:42:59 +0800] "GET /xingrg/all/function/internal_message.html?_=1714527779494&CODE_STATE=getMsg HTTP/1.1" 200 27
101.80.230.31 - - [01/May/2024:09:43:00 +0800] "POST /xingrg/dwr/call/plaincall/AjaxCheckService.setItemNumber.dwr HTTP/1.1" 200 78
101.80.230.31 - - [01/May/2024:09:43:00 +0800] "POST /xingrg/dwr/call/plaincall/AjaxCheckService.setItemNumber.dwr HTTP/1.1" 200 78
101.80.230.31 - - [01/May/2024:09:43:01 +0800] "POST /xingrg/dwr/call/plaincall/AjaxCheckService.setItemNumber.dwr HTTP/1.1" 200 78
101.80.230.31 - - [01/May/2024:09:43:02 +0800] "POST /xingrg/dwr/call/plaincall/AjaxCheckService.setItemNumber.dwr HTTP/1.1" 200 78
101.80.230.31 - - [01/May/2024:09:43:02 +0800] "POST /xingrg/dwr/call/plaincall/AjaxCheckService.setItemNumber.dwr HTTP/1.1" 200 78
101.80.230.31 - - [01/May/2024:09:43:02 +0800] "POST /xingrg/dwr/call/plaincall/AjaxCheckService.setItemNumber.dwr HTTP/1.1" 200 78
101.80.230.31 - - [01/May/2024:09:43:03 +0800] "POST /xingrg/dwr/call/plaincall/AjaxCheckService.setItemNumber.dwr HTTP/1.1" 200 78
101.80.230.31 - - [01/May/2024:09:43:03 +0800] "POST /xingrg/dwr/call/plaincall/AjaxCheckService.setItemNumber.dwr HTTP/1.1" 200 78
101.80.230.31 - - [01/May/2024:09:43:04 +0800] "POST /xingrg/dwr/call/plaincall/AjaxCheckService.setItemNumber.dwr HTTP/1.1" 200 78
101.80.230.31 - - [01/May/2024:09:43:04 +0800] "POST /xingrg/dwr/call/plaincall/AjaxCheckService.setItemNumber.dwr HTTP/1.1" 200 78
222.70.183.82 - - [01/May/2024:09:43:05 +0800] "GET /xingrg/all/function/internal_message.html?_=1714527785354&CODE_STATE=getMsg HTTP/1.1" 200 27
101.80.230.31 - - [01/May/2024:09:43:05 +0800] "POST /xingrg/dwr/call/plaincall/AjaxCheckService.setItemNumber.dwr HTTP/1.1" 200 78
180.164.6.225 - - [01/May/2024:09:43:05 +0800] "POST /xingrg/kc/buy/cgsh_list_operate.html HTTP/1.1" 200 586
101.80.230.31 - - [01/May/2024:09:43:05 +0800] "POST /xingrg/dwr/call/plaincall/AjaxCheckService.setItemNumber.dwr HTTP/1.1" 200 78
101.80.230.31 - - [01/May/2024:09:43:06 +0800] "POST /xingrg/dwr/call/plaincall/AjaxCheckService.setItemNumber.dwr HTTP/1.1" 200 78
101.80.230.31 - - [01/May/2024:09:43:06 +0800] "POST /xingrg/dwr/call/plaincall/AjaxCheckService.setItemNumber.dwr HTTP/1.1" 200 78
180.164.6.225 - - [01/May/2024:09:43:06 +0800] "GET /xingrg/kc/buy/cgsh_order_info.html?code=212024050100019 HTTP/1.1" 200 74284
180.164.6.225 - - [01/May/2024:09:43:07 +0800] "GET /xingrg/javascript/easyui/themes/default/validatebox.css HTTP/1.1" 404 1104
101.80.230.31 - - [01/May/2024:09:43:07 +0800] "POST /xingrg/dwr/call/plaincall/AjaxCheckService.setItemNumber.dwr HTTP/1.1" 200 78
101.80.230.31 - - [01/May/2024:09:43:07 +0800] "POST /xingrg/dwr/call/plaincall/AjaxCheckService.setItemNumber.dwr HTTP/1.1" 200 78
114.83.223.12 - - [01/May/2024:09:43:07 +0800] "GET /xingrg/kc/buy/cgsh_order_operate.html?command=get_materiel&rest_code=00149&code=00101008331&supplier_code=00100008&order_time=2024-05-01 HTTP/1.1" 200 435
120.253.135.82 - - [01/May/2024:09:43:07 +0800] "GET /xingrg/all/function/internal_message.html?_=1714527636731&CODE_STATE=getMsg HTTP/1.1" 200 27
180.164.6.225 - - [01/May/2024:09:43:08 +0800] "POST /xingrg/kc/buy/cgsh_order_operate.html HTTP/1.1" 200 32861
101.80.230.31 - - [01/May/2024:09:43:08 +0800] "POST /xingrg/dwr/call/plaincall/AjaxCheckService.setItemNumber.dwr HTTP/1.1" 200 78
101.80.230.31 - - [01/May/2024:09:43:08 +0800] "POST /xingrg/dwr/call/plaincall/AjaxCheckService.setItemNumber.dwr HTTP/1.1" 200 78
180.169.147.146 - - [01/May/2024:09:43:09 +0800] "GET /xingrg/all/function/internal_message.html?_=1714527789066&CODE_STATE=getMsg HTTP/1.1" 200 27
101.80.230.31 - - [01/May/2024:09:43:09 +0800] "POST /xingrg/dwr/call/plaincall/AjaxCheckService.setItemNumber.dwr HTTP/1.1" 200 78
101.80.230.31 - - [01/May/2024:09:43:09 +0800] "POST /xingrg/dwr/call/plaincall/AjaxCheckService.setItemNumber.dwr HTTP/1.1" 200 78
218.79.29.216 - - [01/May/2024:09:43:09 +0800] "GET /xingrg/all/function/internal_message.html?_=1714527794000&CODE_STATE=getMsg HTTP/1.1" 200 27
101.80.230.31 - - [01/May/2024:09:43:10 +0800] "POST /xingrg/dwr/call/plaincall/AjaxCheckService.setItemNumber.dwr HTTP/1.1" 200 78
101.80.230.31 - - [01/May/2024:09:43:10 +0800] "POST /xingrg/dwr/call/plaincall/AjaxCheckService.setItemNumber.dwr HTTP/1.1" 200 78
101.80.230.31 - - [01/May/2024:09:43:10 +0800] "GET /xingrg/all/function/internal_message.html?_=1714527808714&CODE_STATE=getMsg HTTP/1.1" 200 27
114.83.223.12 - - [01/May/2024:09:43:11 +0800] "POST /xingrg/kc/buy/cgsh_order_operate.html HTTP/1.1" 200 2065
101.80.230.31 - - [01/May/2024:09:43:11 +0800] "POST /xingrg/dwr/call/plaincall/AjaxCheckService.setItemNumber.dwr HTTP/1.1" 200 78
116.228.172.94 - - [01/May/2024:09:43:11 +0800] "GET /xingrg/all/function/internal_message.html?_=1714527790114&CODE_STATE=getMsg HTTP/1.1" 302 -
101.80.230.31 - - [01/May/2024:09:43:11 +0800] "POST /xingrg/dwr/call/plaincall/AjaxCheckService.setItemNumber.dwr HTTP/1.1" 200 78
101.80.230.31 - - [01/May/2024:09:43:12 +0800] "POST /xingrg/dwr/call/plaincall/AjaxCheckService.setItemNumber.dwr HTTP/1.1" 200 78
180.163.29.219 - - [01/May/2024:09:43:14 +0800] "GET /xingrg/all/function/internal_message.html?_=1714527732429&CODE_STATE=getMsg HTTP/1.1" 302 -
180.163.29.219 - - [01/May/2024:09:43:14 +0800] "GET /xingrg/login.html HTTP/1.1" 200 7641
61.170.234.43 - - [01/May/2024:09:43:14 +0800] "GET /xingrg/all/function/internal_message.html?_=1714527792434&CODE_STATE=getMsg HTTP/1.1" 200 27
61.170.234.43 - - [01/May/2024:09:43:14 +0800] "GET /xingrg/check_reg.html?_=1714527792438 HTTP/1.1" 200 22
101.80.230.31 - - [01/May/2024:09:43:17 +0800] "POST /xingrg/dwr/call/plaincall/AjaxCheckService.setItemNumber.dwr HTTP/1.1" 200 78
101.80.230.31 - - [01/May/2024:09:43:18 +0800] "POST /xingrg/dwr/call/plaincall/AjaxCheckService.setItemNumber.dwr HTTP/1.1" 200 78
101.80.230.31 - - [01/May/2024:09:43:18 +0800] "POST /xingrg/dwr/call/plaincall/AjaxCheckService.setItemNumber.dwr HTTP/1.1" 200 78
101.80.230.31 - - [01/May/2024:09:43:18 +0800] "POST /xingrg/dwr/call/plaincall/AjaxCheckService.setItemNumber.dwr HTTP/1.1" 200 78
101.80.230.31 - - [01/May/2024:09:43:19 +0800] "POST /xingrg/dwr/call/plaincall/AjaxCheckService.setItemNumber.dwr HTTP/1.1" 200 78
101.80.230.31 - - [01/May/2024:09:43:19 +0800] "POST /xingrg/dwr/call/plaincall/AjaxCheckService.setItemNumber.dwr HTTP/1.1" 200 78
101.80.230.31 - - [01/May/2024:09:43:20 +0800] "POST /xingrg/dwr/call/plaincall/AjaxCheckService.setItemNumber.dwr HTTP/1.1" 200 78
101.80.230.31 - - [01/May/2024:09:43:20 +0800] "POST /xingrg/dwr/call/plaincall/AjaxCheckService.setItemNumber.dwr HTTP/1.1" 200 78
101.80.230.31 - - [01/May/2024:09:43:20 +0800] "POST /xingrg/dwr/call/plaincall/AjaxCheckService.setItemNumber.dwr HTTP/1.1" 200 78
222.69.132.237 - - [01/May/2024:09:43:21 +0800] "GET /xingrg/all/function/internal_message.html?_=1714527801674&CODE_STATE=getMsg HTTP/1.1" 200 27
101.80.230.31 - - [01/May/2024:09:43:21 +0800] "POST /xingrg/dwr/call/plaincall/AjaxCheckService.setItemNumber.dwr HTTP/1.1" 200 78
101.80.230.31 - - [01/May/2024:09:43:22 +0800] "POST /xingrg/dwr/call/plaincall/AjaxCheckService.setItemNumber.dwr HTTP/1.1" 200 78
101.80.230.31 - - [01/May/2024:09:43:22 +0800] "POST /xingrg/dwr/call/plaincall/AjaxCheckService.setItemNumber.dwr HTTP/1.1" 200 78
101.80.230.31 - - [01/May/2024:09:43:23 +0800] "POST /xingrg/dwr/call/plaincall/AjaxCheckService.setItemNumber.dwr HTTP/1.1" 200 78
101.80.230.31 - - [01/May/2024:09:43:23 +0800] "POST /xingrg/dwr/call/plaincall/AjaxCheckService.setItemNumber.dwr HTTP/1.1" 200 78
180.164.6.225 - - [01/May/2024:09:43:23 +0800] "GET /xingrg/all/function/internal_message.html?_=1714527801487&CODE_STATE=getMsg HTTP/1.1" 200 27
114.83.223.12 - - [01/May/2024:09:43:24 +0800] "GET /xingrg/kc/buy/cgsh_order_operate.html?command=get_materiel&rest_code=00149&code=00101008098&supplier_code=00100008&order_time=2024-05-01 HTTP/1.1" 200 412
101.80.230.31 - - [01/May/2024:09:43:24 +0800] "POST /xingrg/dwr/call/plaincall/AjaxCheckService.setItemNumber.dwr HTTP/1.1" 200 78
58.40.7.146 - - [01/May/2024:09:43:29 +0800] "GET /xingrg/index.html?sysBaseUrl=http%3A%2F%2F180.169.147.146%3A18081%2Fxingrg%2F&costTime=976×tamp=1714462332648 HTTP/1.1" 302 -
58.40.7.146 - - [01/May/2024:09:43:29 +0800] "GET /xingrg/login.html HTTP/1.1" 200 7641
58.40.7.146 - - [01/May/2024:09:43:30 +0800] "GET /favicon.ico HTTP/1.1" 404 -
101.80.230.31 - - [01/May/2024:09:43:32 +0800] "POST /xingrg/dwr/call/plaincall/AjaxCheckService.setItemNumber.dwr HTTP/1.1" 200 78
101.80.230.31 - - [01/May/2024:09:43:33 +0800] "POST /xingrg/dwr/call/plaincall/AjaxCheckService.setItemNumber.dwr HTTP/1.1" 200 78
101.80.230.31 - - [01/May/2024:09:43:33 +0800] "POST /xingrg/dwr/call/plaincall/AjaxCheckService.setItemNumber.dwr HTTP/1.1" 200 78
101.80.230.31 - - [01/May/2024:09:43:34 +0800] "POST /xingrg/dwr/call/plaincall/AjaxCheckService.setItemNumber.dwr HTTP/1.1" 200 78
101.80.230.31 - - [01/May/2024:09:43:34 +0800] "POST /xingrg/dwr/call/plaincall/AjaxCheckService.setItemNumber.dwr HTTP/1.1" 200 78
222.69.132.237 - - [01/May/2024:09:43:34 +0800] "GET /xingrg/kc/base/check_order_list.html?isBack=1 HTTP/1.1" 200 16176
101.80.230.31 - - [01/May/2024:09:43:34 +0800] "POST /xingrg/dwr/call/plaincall/AjaxCheckService.setItemNumber.dwr HTTP/1.1" 200 78
222.69.132.237 - - [01/May/2024:09:43:34 +0800] "POST /xingrg/kc/base/check_list_operate.html HTTP/1.1" 200 1557
58.40.7.146 - - [01/May/2024:09:43:34 +0800] "POST /xingrg/login.do HTTP/1.1" 302 -
58.40.7.146 - - [01/May/2024:09:43:35 +0800] "GET /xingrg/index.html?sysBaseUrl=http%3A%2F%2F180.169.147.146%3A18081%2Fxingrg%2F&costTime=1787×tamp=1714527814993 HTTP/1.1" 200 17503
58.40.7.146 - - [01/May/2024:09:43:35 +0800] "GET /favicon.ico HTTP/1.1" 404 -
58.40.7.146 - - [01/May/2024:09:43:35 +0800] "GET /xingrg/check_reg.html?_=1714527815405 HTTP/1.1" 200 22
101.80.230.31 - - [01/May/2024:09:43:35 +0800] "POST /xingrg/dwr/call/plaincall/AjaxCheckService.setItemNumber.dwr HTTP/1.1" 200 78
58.40.7.146 - - [01/May/2024:09:43:35 +0800] "GET /xingrg/all/function/internal_message.html?_=1714527815404&CODE_STATE=count HTTP/1.1" 200 11
222.70.183.82 - - [01/May/2024:09:43:35 +0800] "GET /xingrg/all/function/internal_message.html?_=1714527815094&CODE_STATE=getMsg HTTP/1.1" 200 27
58.40.7.146 - - [01/May/2024:09:43:35 +0800] "POST /xingrg/all/common/load_tree.html?tree=area_rest_tree_json&manage=1 HTTP/1.1" 200 3624
58.40.7.146 - - [01/May/2024:09:43:35 +0800] "POST /xingrg/load_menu.html HTTP/1.1" 200 11564
