101.80.230.31 - - [01/May/2024:09:47:25 +0800] "POST /xingrg/dwr/call/plaincall/AjaxCheckService.setItemNumber.dwr HTTP/1.1" 200 77
101.80.230.31 - - [01/May/2024:09:47:26 +0800] "POST /xingrg/dwr/call/plaincall/AjaxCheckService.setItemNumber.dwr HTTP/1.1" 200 77
101.80.230.31 - - [01/May/2024:09:47:26 +0800] "POST /xingrg/dwr/call/plaincall/AjaxCheckService.setItemNumber.dwr HTTP/1.1" 200 77
101.80.230.31 - - [01/May/2024:09:47:26 +0800] "POST /xingrg/dwr/call/plaincall/AjaxCheckService.setItemNumber.dwr HTTP/1.1" 200 77
101.80.230.31 - - [01/May/2024:09:47:27 +0800] "POST /xingrg/dwr/call/plaincall/AjaxCheckService.setItemNumber.dwr HTTP/1.1" 200 77
101.80.230.31 - - [01/May/2024:09:47:29 +0800] "POST /xingrg/dwr/call/plaincall/AjaxCheckService.setItemNumber.dwr HTTP/1.1" 200 77
101.80.230.31 - - [01/May/2024:09:47:29 +0800] "POST /xingrg/dwr/call/plaincall/AjaxCheckService.setItemNumber.dwr HTTP/1.1" 200 77
101.80.230.31 - - [01/May/2024:09:47:30 +0800] "POST /xingrg/dwr/call/plaincall/AjaxCheckService.setItemNumber.dwr HTTP/1.1" 200 77
101.80.230.31 - - [01/May/2024:09:47:30 +0800] "POST /xingrg/dwr/call/plaincall/AjaxCheckService.setItemNumber.dwr HTTP/1.1" 200 77
101.80.230.31 - - [01/May/2024:09:47:30 +0800] "POST /xingrg/dwr/call/plaincall/AjaxCheckService.setItemNumber.dwr HTTP/1.1" 200 77
101.80.230.31 - - [01/May/2024:09:47:31 +0800] "POST /xingrg/dwr/call/plaincall/AjaxCheckService.setItemNumber.dwr HTTP/1.1" 200 77
180.164.6.225 - - [01/May/2024:09:47:31 +0800] "GET /xingrg/kc/buy/cgsh_order_operate.html?command=get_materiel&rest_code=00108&code=00101008041&supplier_code=00100623&order_time=2024-05-01 HTTP/1.1" 200 409
101.80.230.31 - - [01/May/2024:09:47:33 +0800] "POST /xingrg/dwr/call/plaincall/AjaxCheckService.setItemNumber.dwr HTTP/1.1" 200 77
124.78.56.241 - - [01/May/2024:09:47:33 +0800] "GET /xingrg/kc/buy/cgsh_order_operate.html?command=get_materiel&rest_code=00141&code=00101010063&supplier_code=00100096&order_time=2024-05-01 HTTP/1.1" 200 408
101.80.230.31 - - [01/May/2024:09:47:34 +0800] "POST /xingrg/dwr/call/plaincall/AjaxCheckService.setItemNumber.dwr HTTP/1.1" 200 77
101.80.230.31 - - [01/May/2024:09:47:34 +0800] "POST /xingrg/dwr/call/plaincall/AjaxCheckService.setItemNumber.dwr HTTP/1.1" 200 77
101.80.230.31 - - [01/May/2024:09:47:35 +0800] "POST /xingrg/dwr/call/plaincall/AjaxCheckService.setItemNumber.dwr HTTP/1.1" 200 77
222.70.183.82 - - [01/May/2024:09:47:35 +0800] "GET /xingrg/all/function/internal_message.html?_=1714528055093&CODE_STATE=getMsg HTTP/1.1" 200 27
222.70.183.82 - - [01/May/2024:09:47:35 +0800] "GET /xingrg/check_reg.html?_=1714528055095 HTTP/1.1" 200 22
101.80.230.31 - - [01/May/2024:09:47:35 +0800] "POST /xingrg/dwr/call/plaincall/AjaxCheckService.setItemNumber.dwr HTTP/1.1" 200 77
120.253.135.82 - - [01/May/2024:09:47:36 +0800] "GET /xingrg/kc/pszx/mdps_order_info.html?code=312024050100028 HTTP/1.1" 200 23978
101.80.230.31 - - [01/May/2024:09:47:37 +0800] "POST /xingrg/dwr/call/plaincall/AjaxCheckService.setItemNumber.dwr HTTP/1.1" 200 77
61.170.234.43 - - [01/May/2024:09:47:37 +0800] "GET /xingrg/kc/buy/cgsh_order_operate.html?command=get_materiel&rest_code=00106&code=00101011004&supplier_code=00100096&order_time=2024-05-01 HTTP/1.1" 200 412
120.253.135.82 - - [01/May/2024:09:47:37 +0800] "GET /xingrg/javascript/easyui/themes/default/validatebox.css HTTP/1.1" 404 1104
101.80.230.31 - - [01/May/2024:09:47:37 +0800] "POST /xingrg/dwr/call/plaincall/AjaxCheckService.setItemNumber.dwr HTTP/1.1" 200 77
120.253.135.82 - - [01/May/2024:09:47:38 +0800] "POST /xingrg/kc/pszx/mdps_order_operate.html HTTP/1.1" 200 7878
101.80.230.31 - - [01/May/2024:09:47:38 +0800] "POST /xingrg/dwr/call/plaincall/AjaxCheckService.setItemNumber.dwr HTTP/1.1" 200 77
101.80.230.31 - - [01/May/2024:09:47:38 +0800] "POST /xingrg/dwr/call/plaincall/AjaxCheckService.setItemNumber.dwr HTTP/1.1" 200 77
101.80.230.31 - - [01/May/2024:09:47:38 +0800] "POST /xingrg/dwr/call/plaincall/AjaxCheckService.setItemNumber.dwr HTTP/1.1" 200 77
116.230.112.13 - - [01/May/2024:09:47:38 +0800] "GET /xingrg/all/function/internal_message.html?_=1714528068477&CODE_STATE=getMsg HTTP/1.1" 302 -
101.80.230.31 - - [01/May/2024:09:47:39 +0800] "POST /xingrg/dwr/call/plaincall/AjaxCheckService.setItemNumber.dwr HTTP/1.1" 200 77
101.80.230.31 - - [01/May/2024:09:47:40 +0800] "POST /xingrg/dwr/call/plaincall/AjaxCheckService.setItemNumber.dwr HTTP/1.1" 200 77
101.80.230.31 - - [01/May/2024:09:47:40 +0800] "POST /xingrg/dwr/call/plaincall/AjaxCheckService.setItemNumber.dwr HTTP/1.1" 200 77
101.80.230.31 - - [01/May/2024:09:47:41 +0800] "POST /xingrg/dwr/call/plaincall/AjaxCheckService.setItemNumber.dwr HTTP/1.1" 200 77
221.239.168.119 - - [01/May/2024:09:47:41 +0800] "GET /xingrg/all/function/internal_message.html?_=1714528061076&CODE_STATE=getMsg HTTP/1.1" 200 27
180.164.6.225 - - [01/May/2024:09:47:41 +0800] "GET /xingrg/kc/buy/cgsh_order_operate.html?command=get_materiel&rest_code=00108&code=00101015022&supplier_code=00100623&order_time=2024-05-01 HTTP/1.1" 200 408
101.80.230.31 - - [01/May/2024:09:47:41 +0800] "POST /xingrg/dwr/call/plaincall/AjaxCheckService.setItemNumber.dwr HTTP/1.1" 200 77
101.80.230.31 - - [01/May/2024:09:47:42 +0800] "POST /xingrg/dwr/call/plaincall/AjaxCheckService.setItemNumber.dwr HTTP/1.1" 200 77
120.253.135.82 - - [01/May/2024:09:47:42 +0800] "POST /xingrg/kc/pszx/mdps_list_operate.html HTTP/1.1" 200 1693
101.80.230.31 - - [01/May/2024:09:47:42 +0800] "POST /xingrg/dwr/call/plaincall/AjaxCheckService.setItemNumber.dwr HTTP/1.1" 200 77
58.40.7.146 - - [01/May/2024:09:47:42 +0800] "GET /xingrg/all/function/internal_message.html?_=1714528062483&CODE_STATE=getMsg HTTP/1.1" 200 27
101.80.230.31 - - [01/May/2024:09:47:43 +0800] "POST /xingrg/dwr/call/plaincall/AjaxCheckService.setItemNumber.dwr HTTP/1.1" 200 77
61.170.234.43 - - [01/May/2024:09:47:43 +0800] "GET /xingrg/check_reg.html?_=1714528063551 HTTP/1.1" 200 22
101.80.230.31 - - [01/May/2024:09:47:43 +0800] "POST /xingrg/dwr/call/plaincall/AjaxCheckService.setItemNumber.dwr HTTP/1.1" 200 77
120.253.135.82 - - [01/May/2024:09:47:43 +0800] "POST /xingrg/kc/pszx/mdps_list_operate.html HTTP/1.1" 200 665
61.170.234.43 - - [01/May/2024:09:47:43 +0800] "GET /xingrg/all/function/internal_message.html?_=1714528063692&CODE_STATE=getMsg HTTP/1.1" 200 27
101.80.230.31 - - [01/May/2024:09:47:43 +0800] "POST /xingrg/dwr/call/plaincall/AjaxCheckService.setItemNumber.dwr HTTP/1.1" 200 77
101.80.230.31 - - [01/May/2024:09:47:44 +0800] "POST /xingrg/dwr/call/plaincall/AjaxCheckService.setItemNumber.dwr HTTP/1.1" 200 77
101.80.230.31 - - [01/May/2024:09:47:44 +0800] "POST /xingrg/dwr/call/plaincall/AjaxCheckService.setItemNumber.dwr HTTP/1.1" 200 77
101.80.230.31 - - [01/May/2024:09:47:45 +0800] "POST /xingrg/dwr/call/plaincall/AjaxCheckService.setItemNumber.dwr HTTP/1.1" 200 77
124.78.56.241 - - [01/May/2024:09:47:45 +0800] "GET /xingrg/all/function/internal_message.html?_=1714528065586&CODE_STATE=getMsg HTTP/1.1" 200 27
101.80.230.31 - - [01/May/2024:09:47:47 +0800] "POST /xingrg/dwr/call/plaincall/AjaxCheckService.setItemNumber.dwr HTTP/1.1" 200 77
101.80.230.31 - - [01/May/2024:09:47:47 +0800] "POST /xingrg/dwr/call/plaincall/AjaxCheckService.setItemNumber.dwr HTTP/1.1" 200 77
101.80.230.31 - - [01/May/2024:09:47:48 +0800] "POST /xingrg/dwr/call/plaincall/AjaxCheckService.setItemNumber.dwr HTTP/1.1" 200 77
101.80.230.31 - - [01/May/2024:09:47:48 +0800] "POST /xingrg/dwr/call/plaincall/AjaxCheckService.setItemNumber.dwr HTTP/1.1" 200 77
101.80.230.31 - - [01/May/2024:09:47:48 +0800] "POST /xingrg/dwr/call/plaincall/AjaxCheckService.setItemNumber.dwr HTTP/1.1" 200 77
101.80.230.31 - - [01/May/2024:09:47:49 +0800] "POST /xingrg/dwr/call/plaincall/AjaxCheckService.setItemNumber.dwr HTTP/1.1" 200 77
114.83.223.12 - - [01/May/2024:09:47:50 +0800] "GET /xingrg/check_reg.html?_=1714528070363 HTTP/1.1" 200 22
114.83.223.12 - - [01/May/2024:09:47:50 +0800] "GET /xingrg/all/function/internal_message.html?_=1714528070362&CODE_STATE=getMsg HTTP/1.1" 200 27
114.95.253.235 - - [01/May/2024:09:47:50 +0800] "GET /xingrg/all/function/internal_message.html?_=1714528070628&CODE_STATE=getMsg HTTP/1.1" 200 27
101.83.144.49 - - [01/May/2024:09:47:52 +0800] "GET /xingrg/all/function/internal_message.html?_=1714528074233&CODE_STATE=getMsg HTTP/1.1" 200 27
180.164.6.225 - - [01/May/2024:09:47:52 +0800] "POST /xingrg/kc/buy/cgsh_order_operate.html HTTP/1.1" 200 37
101.80.230.31 - - [01/May/2024:09:47:53 +0800] "POST /xingrg/dwr/call/plaincall/AjaxCheckService.setItemNumber.dwr HTTP/1.1" 200 77
101.80.230.31 - - [01/May/2024:09:47:53 +0800] "POST /xingrg/dwr/call/plaincall/AjaxCheckService.setItemNumber.dwr HTTP/1.1" 200 78
101.80.230.31 - - [01/May/2024:09:47:54 +0800] "POST /xingrg/dwr/call/plaincall/AjaxCheckService.setItemNumber.dwr HTTP/1.1" 200 78
101.80.230.31 - - [01/May/2024:09:47:54 +0800] "POST /xingrg/dwr/call/plaincall/AjaxCheckService.setItemNumber.dwr HTTP/1.1" 200 78
101.83.144.49 - - [01/May/2024:09:47:54 +0800] "GET /xingrg/kc/buy/cgsh_order_operate.html?command=get_materiel&rest_code=00105&code=00101007081&supplier_code=00100096&order_time=2024-05-01 HTTP/1.1" 200 413
180.164.6.225 - - [01/May/2024:09:47:55 +0800] "POST /xingrg/kc/buy/cgsh_order_operate.html HTTP/1.1" 200 5015
101.80.230.31 - - [01/May/2024:09:47:55 +0800] "POST /xingrg/dwr/call/plaincall/AjaxCheckService.setItemNumber.dwr HTTP/1.1" 200 78
101.80.230.31 - - [01/May/2024:09:47:55 +0800] "POST /xingrg/dwr/call/plaincall/AjaxCheckService.setItemNumber.dwr HTTP/1.1" 200 78
101.80.230.31 - - [01/May/2024:09:47:55 +0800] "POST /xingrg/dwr/call/plaincall/AjaxCheckService.setItemNumber.dwr HTTP/1.1" 200 78
101.80.230.31 - - [01/May/2024:09:47:56 +0800] "POST /xingrg/dwr/call/plaincall/AjaxCheckService.setItemNumber.dwr HTTP/1.1" 200 78
101.80.230.31 - - [01/May/2024:09:47:57 +0800] "POST /xingrg/dwr/call/plaincall/AjaxCheckService.setItemNumber.dwr HTTP/1.1" 200 78
61.170.234.43 - - [01/May/2024:09:47:57 +0800] "GET /xingrg/kc/buy/cgsh_order_operate.html?command=get_materiel&rest_code=00106&code=00101011005&supplier_code=00100096&order_time=2024-05-01 HTTP/1.1" 200 431
101.80.230.31 - - [01/May/2024:09:47:57 +0800] "POST /xingrg/dwr/call/plaincall/AjaxCheckService.setItemNumber.dwr HTTP/1.1" 200 78
180.164.6.225 - - [01/May/2024:09:47:57 +0800] "GET /xingrg/kc/print/load_data.html?order_code=212024050100024&kc_code=cgsh&condition= HTTP/1.1" 200 1570
101.80.230.31 - - [01/May/2024:09:47:57 +0800] "POST /xingrg/dwr/call/plaincall/AjaxCheckService.setItemNumber.dwr HTTP/1.1" 200 78
101.80.230.31 - - [01/May/2024:09:47:58 +0800] "POST /xingrg/dwr/call/plaincall/AjaxCheckService.setItemNumber.dwr HTTP/1.1" 200 78
101.80.230.31 - - [01/May/2024:09:47:58 +0800] "POST /xingrg/dwr/call/plaincall/AjaxCheckService.setItemNumber.dwr HTTP/1.1" 200 78
101.80.230.31 - - [01/May/2024:09:47:58 +0800] "POST /xingrg/dwr/call/plaincall/AjaxCheckService.setItemNumber.dwr HTTP/1.1" 200 78
124.78.56.241 - - [01/May/2024:09:47:59 +0800] "GET /xingrg/kc/buy/cgsh_order_operate.html?command=get_materiel&rest_code=00141&code=00101011013&supplier_code=00100096&order_time=2024-05-01 HTTP/1.1" 200 412
116.238.97.31 - - [01/May/2024:09:47:59 +0800] "GET /xingrg/all/function/internal_message.html?_=1714528079450&CODE_STATE=getMsg HTTP/1.1" 200 27
101.80.230.31 - - [01/May/2024:09:47:59 +0800] "POST /xingrg/dwr/call/plaincall/AjaxCheckService.setItemNumber.dwr HTTP/1.1" 200 78
101.80.230.31 - - [01/May/2024:09:47:59 +0800] "POST /xingrg/dwr/call/plaincall/AjaxCheckService.setItemNumber.dwr HTTP/1.1" 200 78
101.80.230.31 - - [01/May/2024:09:48:00 +0800] "POST /xingrg/dwr/call/plaincall/AjaxCheckService.setItemNumber.dwr HTTP/1.1" 200 78
101.80.230.31 - - [01/May/2024:09:48:00 +0800] "POST /xingrg/dwr/call/plaincall/AjaxCheckService.setItemNumber.dwr HTTP/1.1" 200 78
101.80.230.31 - - [01/May/2024:09:48:00 +0800] "POST /xingrg/dwr/call/plaincall/AjaxCheckService.setItemNumber.dwr HTTP/1.1" 200 78
101.80.230.31 - - [01/May/2024:09:48:01 +0800] "POST /xingrg/dwr/call/plaincall/AjaxCheckService.setItemNumber.dwr HTTP/1.1" 200 78
101.80.230.31 - - [01/May/2024:09:48:02 +0800] "POST /xingrg/dwr/call/plaincall/AjaxCheckService.setItemNumber.dwr HTTP/1.1" 200 78
180.164.6.225 - - [01/May/2024:09:48:02 +0800] "GET /xingrg/kc/buy/cgsh_order_add.html HTTP/1.1" 200 74306
101.80.230.31 - - [01/May/2024:09:48:02 +0800] "POST /xingrg/dwr/call/plaincall/AjaxCheckService.setItemNumber.dwr HTTP/1.1" 200 78
101.80.230.31 - - [01/May/2024:09:48:02 +0800] "POST /xingrg/dwr/call/plaincall/AjaxCheckService.setItemNumber.dwr HTTP/1.1" 200 78
180.164.6.225 - - [01/May/2024:09:48:02 +0800] "POST /xingrg/kc/buy/cgsh_order_operate.html HTTP/1.1" 200 8245
180.164.6.225 - - [01/May/2024:09:48:02 +0800] "GET /xingrg/javascript/easyui/themes/default/validatebox.css HTTP/1.1" 404 1104
101.80.230.31 - - [01/May/2024:09:48:02 +0800] "POST /xingrg/dwr/call/plaincall/AjaxCheckService.setItemNumber.dwr HTTP/1.1" 200 78
101.80.230.31 - - [01/May/2024:09:48:03 +0800] "POST /xingrg/dwr/call/plaincall/AjaxCheckService.setItemNumber.dwr HTTP/1.1" 200 78
101.80.230.31 - - [01/May/2024:09:48:04 +0800] "POST /xingrg/dwr/call/plaincall/AjaxCheckService.setItemNumber.dwr HTTP/1.1" 200 78
101.80.230.31 - - [01/May/2024:09:48:04 +0800] "POST /xingrg/dwr/call/plaincall/AjaxCheckService.setItemNumber.dwr HTTP/1.1" 200 78
101.80.230.31 - - [01/May/2024:09:48:04 +0800] "POST /xingrg/dwr/call/plaincall/AjaxCheckService.setItemNumber.dwr HTTP/1.1" 200 78
222.70.183.82 - - [01/May/2024:09:48:05 +0800] "GET /xingrg/all/function/internal_message.html?_=1714528085361&CODE_STATE=getMsg HTTP/1.1" 200 27
101.80.230.31 - - [01/May/2024:09:48:05 +0800] "POST /xingrg/dwr/call/plaincall/AjaxCheckService.setItemNumber.dwr HTTP/1.1" 200 78
101.80.230.31 - - [01/May/2024:09:48:05 +0800] "POST /xingrg/dwr/call/plaincall/AjaxCheckService.setItemNumber.dwr HTTP/1.1" 200 78
101.80.230.31 - - [01/May/2024:09:48:06 +0800] "POST /xingrg/dwr/call/plaincall/AjaxCheckService.setItemNumber.dwr HTTP/1.1" 200 78
180.163.30.27 - - [01/May/2024:09:48:06 +0800] "GET /xingrg/all/function/internal_message.html?_=1714527792434&CODE_STATE=getMsg HTTP/1.1" 302 -
180.163.30.27 - - [01/May/2024:09:48:06 +0800] "GET /xingrg/login.html HTTP/1.1" 200 7641
101.80.230.31 - - [01/May/2024:09:48:06 +0800] "POST /xingrg/dwr/call/plaincall/AjaxCheckService.setItemNumber.dwr HTTP/1.1" 200 78
101.80.230.31 - - [01/May/2024:09:48:06 +0800] "POST /xingrg/dwr/call/plaincall/AjaxCheckService.setItemNumber.dwr HTTP/1.1" 200 78
101.80.230.31 - - [01/May/2024:09:48:07 +0800] "POST /xingrg/dwr/call/plaincall/AjaxCheckService.setItemNumber.dwr HTTP/1.1" 200 78
101.80.230.31 - - [01/May/2024:09:48:07 +0800] "POST /xingrg/dwr/call/plaincall/AjaxCheckService.setItemNumber.dwr HTTP/1.1" 200 78
101.80.230.31 - - [01/May/2024:09:48:08 +0800] "POST /xingrg/dwr/call/plaincall/AjaxCheckService.setItemNumber.dwr HTTP/1.1" 200 78
101.80.230.31 - - [01/May/2024:09:48:08 +0800] "POST /xingrg/dwr/call/plaincall/AjaxCheckService.setItemNumber.dwr HTTP/1.1" 200 78
180.169.147.146 - - [01/May/2024:09:48:09 +0800] "GET /xingrg/all/function/internal_message.html?_=1714528089072&CODE_STATE=getMsg HTTP/1.1" 200 27
120.253.135.82 - - [01/May/2024:09:48:09 +0800] "GET /xingrg/all/function/internal_message.html?_=1714527937937&CODE_STATE=getMsg HTTP/1.1" 200 27
101.80.230.31 - - [01/May/2024:09:48:09 +0800] "POST /xingrg/dwr/call/plaincall/AjaxCheckService.setItemNumber.dwr HTTP/1.1" 200 78
101.80.230.31 - - [01/May/2024:09:48:09 +0800] "POST /xingrg/dwr/call/plaincall/AjaxCheckService.setItemNumber.dwr HTTP/1.1" 200 78
218.79.29.216 - - [01/May/2024:09:48:09 +0800] "GET /xingrg/all/function/internal_message.html?_=1714528094001&CODE_STATE=getMsg HTTP/1.1" 200 27
101.80.230.31 - - [01/May/2024:09:48:10 +0800] "GET /xingrg/all/function/internal_message.html?_=1714528108728&CODE_STATE=getMsg HTTP/1.1" 200 27
116.228.172.94 - - [01/May/2024:09:48:11 +0800] "GET /xingrg/all/function/internal_message.html?_=1714528090110&CODE_STATE=getMsg HTTP/1.1" 302 -
180.163.28.114 - - [01/May/2024:09:48:14 +0800] "GET /xingrg/all/function/internal_message.html?_=1714528032431&CODE_STATE=getMsg HTTP/1.1" 302 -
180.164.6.225 - - [01/May/2024:09:48:14 +0800] "GET /xingrg/kc/buy/cgsh_order_operate.html?command=get_materiel&rest_code=00108&code=00101016030&supplier_code=00100036&order_time=2024-05-01 HTTP/1.1" 200 412
61.170.234.43 - - [01/May/2024:09:48:14 +0800] "GET /xingrg/all/function/internal_message.html?_=1714528092429&CODE_STATE=getMsg HTTP/1.1" 200 27
61.170.234.43 - - [01/May/2024:09:48:14 +0800] "GET /xingrg/check_reg.html?_=1714528092433 HTTP/1.1" 200 22
61.170.234.43 - - [01/May/2024:09:48:15 +0800] "GET /xingrg/kc/buy/cgsh_order_operate.html?command=get_materiel&rest_code=00106&code=00101011001&supplier_code=00100096&order_time=2024-05-01 HTTP/1.1" 200 422
180.163.28.114 - - [01/May/2024:09:48:16 +0800] "GET /xingrg/login.html HTTP/1.1" 200 7641
101.80.230.31 - - [01/May/2024:09:48:17 +0800] "POST /xingrg/dwr/call/plaincall/AjaxCheckService.setItemNumber.dwr HTTP/1.1" 200 78
120.253.135.82 - - [01/May/2024:09:48:18 +0800] "POST /xingrg/kc/pszx/mdps_list_operate.html HTTP/1.1" 200 3923
101.80.230.31 - - [01/May/2024:09:48:18 +0800] "POST /xingrg/dwr/call/plaincall/AjaxCheckService.setItemNumber.dwr HTTP/1.1" 200 78
101.80.230.31 - - [01/May/2024:09:48:18 +0800] "POST /xingrg/dwr/call/plaincall/AjaxCheckService.setItemNumber.dwr HTTP/1.1" 200 78
101.80.230.31 - - [01/May/2024:09:48:19 +0800] "POST /xingrg/dwr/call/plaincall/AjaxCheckService.setItemNumber.dwr HTTP/1.1" 200 78
101.80.230.31 - - [01/May/2024:09:48:19 +0800] "POST /xingrg/dwr/call/plaincall/AjaxCheckService.setItemNumber.dwr HTTP/1.1" 200 78
101.80.230.31 - - [01/May/2024:09:48:19 +0800] "POST /xingrg/dwr/call/plaincall/AjaxCheckService.setItemNumber.dwr HTTP/1.1" 200 78
101.80.230.31 - - [01/May/2024:09:48:20 +0800] "POST /xingrg/dwr/call/plaincall/AjaxCheckService.setItemNumber.dwr HTTP/1.1" 200 78
101.80.230.31 - - [01/May/2024:09:48:20 +0800] "POST /xingrg/dwr/call/plaincall/AjaxCheckService.setItemNumber.dwr HTTP/1.1" 200 78
222.69.132.237 - - [01/May/2024:09:48:21 +0800] "GET /xingrg/all/function/internal_message.html?_=1714528101692&CODE_STATE=getMsg HTTP/1.1" 200 27
120.253.135.82 - - [01/May/2024:09:48:21 +0800] "GET /xingrg/kc/pszx/mdps_order_add.html HTTP/1.1" 200 29102
101.80.230.31 - - [01/May/2024:09:48:21 +0800] "POST /xingrg/dwr/call/plaincall/AjaxCheckService.setItemNumber.dwr HTTP/1.1" 200 78
120.253.135.82 - - [01/May/2024:09:48:21 +0800] "POST /xingrg/kc/pszx/mdps_order_operate.html HTTP/1.1" 200 7126
101.80.230.31 - - [01/May/2024:09:48:21 +0800] "POST /xingrg/dwr/call/plaincall/AjaxCheckService.setItemNumber.dwr HTTP/1.1" 200 78
120.253.135.82 - - [01/May/2024:09:48:21 +0800] "GET /xingrg/javascript/easyui/themes/default/validatebox.css HTTP/1.1" 404 1104
101.80.230.31 - - [01/May/2024:09:48:21 +0800] "POST /xingrg/dwr/call/plaincall/AjaxCheckService.setItemNumber.dwr HTTP/1.1" 200 78
101.80.230.31 - - [01/May/2024:09:48:22 +0800] "POST /xingrg/dwr/call/plaincall/AjaxCheckService.setItemNumber.dwr HTTP/1.1" 200 78
101.80.230.31 - - [01/May/2024:09:48:22 +0800] "POST /xingrg/dwr/call/plaincall/AjaxCheckService.setItemNumber.dwr HTTP/1.1" 200 78
101.80.230.31 - - [01/May/2024:09:48:22 +0800] "POST /xingrg/dwr/call/plaincall/AjaxCheckService.setItemNumber.dwr HTTP/1.1" 200 78
101.80.230.31 - - [01/May/2024:09:48:23 +0800] "POST /xingrg/dwr/call/plaincall/AjaxCheckService.setItemNumber.dwr HTTP/1.1" 200 78
101.80.230.31 - - [01/May/2024:09:48:23 +0800] "POST /xingrg/dwr/call/plaincall/AjaxCheckService.setItemNumber.dwr HTTP/1.1" 200 78
101.80.230.31 - - [01/May/2024:09:48:24 +0800] "POST /xingrg/dwr/call/plaincall/AjaxCheckService.setItemNumber.dwr HTTP/1.1" 200 78
180.164.6.225 - - [01/May/2024:09:48:24 +0800] "GET /xingrg/kc/buy/cgsh_order_operate.html?command=get_materiel&rest_code=00108&code=00101012032&supplier_code=00100036&order_time=2024-05-01 HTTP/1.1" 200 416
124.78.56.241 - - [01/May/2024:09:48:24 +0800] "GET /xingrg/kc/buy/cgsh_order_operate.html?command=get_materiel&rest_code=00141&code=00101011005&supplier_code=00100096&order_time=2024-05-01 HTTP/1.1" 200 429
101.80.230.31 - - [01/May/2024:09:48:24 +0800] "POST /xingrg/dwr/call/plaincall/AjaxCheckService.setItemNumber.dwr HTTP/1.1" 200 78
101.80.230.31 - - [01/May/2024:09:48:24 +0800] "POST /xingrg/dwr/call/plaincall/AjaxCheckService.setItemNumber.dwr HTTP/1.1" 200 78
101.80.230.31 - - [01/May/2024:09:48:25 +0800] "POST /xingrg/dwr/call/plaincall/AjaxCheckService.setItemNumber.dwr HTTP/1.1" 200 78
101.80.230.31 - - [01/May/2024:09:48:25 +0800] "POST /xingrg/dwr/call/plaincall/AjaxCheckService.setItemNumber.dwr HTTP/1.1" 200 78
101.80.230.31 - - [01/May/2024:09:48:25 +0800] "POST /xingrg/dwr/call/plaincall/AjaxCheckService.setItemNumber.dwr HTTP/1.1" 200 78
101.80.230.31 - - [01/May/2024:09:48:26 +0800] "POST /xingrg/dwr/call/plaincall/AjaxCheckService.setItemNumber.dwr HTTP/1.1" 200 78
101.80.230.31 - - [01/May/2024:09:48:26 +0800] "POST /xingrg/dwr/call/plaincall/AjaxCheckService.setItemNumber.dwr HTTP/1.1" 200 78
101.80.230.31 - - [01/May/2024:09:48:27 +0800] "POST /xingrg/dwr/call/plaincall/AjaxCheckService.setItemNumber.dwr HTTP/1.1" 200 78
101.80.230.31 - - [01/May/2024:09:48:28 +0800] "POST /xingrg/dwr/call/plaincall/AjaxCheckService.setItemNumber.dwr HTTP/1.1" 200 78
101.80.230.31 - - [01/May/2024:09:48:28 +0800] "POST /xingrg/dwr/call/plaincall/AjaxCheckService.setItemNumber.dwr HTTP/1.1" 200 78
101.80.230.31 - - [01/May/2024:09:48:29 +0800] "POST /xingrg/dwr/call/plaincall/AjaxCheckService.setItemNumber.dwr HTTP/1.1" 200 78
180.169.147.146 - - [01/May/2024:09:48:29 +0800] "GET /xingrg/all/report/report_query.html?fileName=kc/buy/wlcg_cate_hz_rest.xml&autoQuery=1 HTTP/1.1" 200 53789
180.169.147.146 - - [01/May/2024:09:48:29 +0800] "GET /xingrg/dwr/interface/AjaxReportQueryService.js HTTP/1.1" 200 13203
180.169.147.146 - - [01/May/2024:09:48:29 +0800] "GET /xingrg/dwr/engine.js HTTP/1.1" 200 43631
101.80.230.31 - - [01/May/2024:09:48:29 +0800] "POST /xingrg/dwr/call/plaincall/AjaxCheckService.setItemNumber.dwr HTTP/1.1" 200 78
180.169.147.146 - - [01/May/2024:09:48:29 +0800] "POST /xingrg/dwr/call/plaincall/AjaxReportQueryService.getFixDate.dwr HTTP/1.1" 200 111
101.80.230.31 - - [01/May/2024:09:48:30 +0800] "POST /xingrg/dwr/call/plaincall/AjaxCheckService.setItemNumber.dwr HTTP/1.1" 200 78
180.169.147.146 - - [01/May/2024:09:48:30 +0800] "POST /xingrg/all/common/load_tree.html?tree=area_rest_tree_json&manage=1 HTTP/1.1" 200 3624
101.80.230.31 - - [01/May/2024:09:48:30 +0800] "POST /xingrg/dwr/call/plaincall/AjaxCheckService.setItemNumber.dwr HTTP/1.1" 200 78
101.80.230.31 - - [01/May/2024:09:48:31 +0800] "POST /xingrg/dwr/call/plaincall/AjaxCheckService.setItemNumber.dwr HTTP/1.1" 200 78
180.169.147.146 - - [01/May/2024:09:48:31 +0800] "POST /xingrg/all/common/load_tree.html?tree=materiel_sort_tree_json HTTP/1.1" 200 9734
180.169.147.146 - - [01/May/2024:09:48:31 +0800] "POST /xingrg/all/common/load_tree.html?tree=supplier_tree_json&manage=1 HTTP/1.1" 200 82281
180.164.6.225 - - [01/May/2024:09:48:32 +0800] "GET /xingrg/kc/buy/cgsh_order_operate.html?command=get_materiel&rest_code=00108&code=00101011001&supplier_code=00100036&order_time=2024-05-01 HTTP/1.1" 200 423
180.169.147.146 - - [01/May/2024:09:48:34 +0800] "POST /xingrg/all/report/load_report_page.html HTTP/1.1" 200 10897
180.169.147.146 - - [01/May/2024:09:48:34 +0800] "GET /xingrg/servlets/image?cache=0.6889689513151178&image=px HTTP/1.1" 200 807
180.163.29.103 - - [01/May/2024:09:48:34 +0800] "GET /xingrg/kc/buy/cgsh_order_operate.html?command=get_materiel&rest_code=00106&code=00101011004&supplier_code=00100096&order_time=2024-05-01 HTTP/1.1" 302 -
180.163.29.103 - - [01/May/2024:09:48:34 +0800] "GET /xingrg/login.html HTTP/1.1" 200 7641
101.83.144.49 - - [01/May/2024:09:48:35 +0800] "GET /xingrg/kc/buy/cgsh_order_operate.html?command=get_materiel&rest_code=00105&code=00101006068&supplier_code=00100096&order_time=2024-05-01 HTTP/1.1" 200 411
120.253.135.82 - - [01/May/2024:09:48:35 +0800] "POST /xingrg/all/common/load_combo.html?type=base HTTP/1.1" 200 1169
222.70.183.82 - - [01/May/2024:09:48:35 +0800] "GET /xingrg/all/function/internal_message.html?_=1714528115093&CODE_STATE=getMsg HTTP/1.1" 200 27
101.80.230.31 - - [01/May/2024:09:48:35 +0800] "POST /xingrg/dwr/call/plaincall/AjaxCheckService.setItemNumber.dwr HTTP/1.1" 200 78
101.80.230.31 - - [01/May/2024:09:48:36 +0800] "POST /xingrg/dwr/call/plaincall/AjaxCheckService.setItemNumber.dwr HTTP/1.1" 200 78
101.80.230.31 - - [01/May/2024:09:48:36 +0800] "POST /xingrg/dwr/call/plaincall/AjaxCheckService.setItemNumber.dwr HTTP/1.1" 200 78
101.80.230.31 - - [01/May/2024:09:48:37 +0800] "POST /xingrg/dwr/call/plaincall/AjaxCheckService.setItemNumber.dwr HTTP/1.1" 200 78
101.80.230.31 - - [01/May/2024:09:48:37 +0800] "POST /xingrg/dwr/call/plaincall/AjaxCheckService.setItemNumber.dwr HTTP/1.1" 200 78
101.80.230.31 - - [01/May/2024:09:48:38 +0800] "POST /xingrg/dwr/call/plaincall/AjaxCheckService.setItemNumber.dwr HTTP/1.1" 200 78
101.80.230.31 - - [01/May/2024:09:48:38 +0800] "POST /xingrg/dwr/call/plaincall/AjaxCheckService.setItemNumber.dwr HTTP/1.1" 200 78
116.230.112.13 - - [01/May/2024:09:48:38 +0800] "GET /xingrg/all/function/internal_message.html?_=1714528128503&CODE_STATE=getMsg HTTP/1.1" 302 -
101.80.230.31 - - [01/May/2024:09:48:40 +0800] "POST /xingrg/dwr/call/plaincall/AjaxCheckService.setItemNumber.dwr HTTP/1.1" 200 78
101.80.230.31 - - [01/May/2024:09:48:40 +0800] "POST /xingrg/dwr/call/plaincall/AjaxCheckService.setItemNumber.dwr HTTP/1.1" 200 78
101.80.230.31 - - [01/May/2024:09:48:40 +0800] "POST /xingrg/dwr/call/plaincall/AjaxCheckService.setItemNumber.dwr HTTP/1.1" 200 78
221.239.168.119 - - [01/May/2024:09:48:41 +0800] "GET /xingrg/all/function/internal_message.html?_=1714528121068&CODE_STATE=getMsg HTTP/1.1" 200 27
101.80.230.31 - - [01/May/2024:09:48:41 +0800] "POST /xingrg/dwr/call/plaincall/AjaxCheckService.setItemNumber.dwr HTTP/1.1" 200 78
180.164.6.225 - - [01/May/2024:09:48:41 +0800] "GET /xingrg/kc/buy/cgsh_order_operate.html?command=get_materiel&rest_code=00108&code=00101011005&supplier_code=00100036&order_time=2024-05-01 HTTP/1.1" 200 429
101.80.230.31 - - [01/May/2024:09:48:41 +0800] "POST /xingrg/dwr/call/plaincall/AjaxCheckService.setItemNumber.dwr HTTP/1.1" 200 78
101.80.230.31 - - [01/May/2024:09:48:42 +0800] "POST /xingrg/dwr/call/plaincall/AjaxCheckService.setItemNumber.dwr HTTP/1.1" 200 78
58.40.7.146 - - [01/May/2024:09:48:42 +0800] "GET /xingrg/check_reg.html?_=1714528122498 HTTP/1.1" 200 22
58.40.7.146 - - [01/May/2024:09:48:42 +0800] "GET /xingrg/all/function/internal_message.html?_=1714528122500&CODE_STATE=getMsg HTTP/1.1" 200 27
101.80.230.31 - - [01/May/2024:09:48:43 +0800] "POST /xingrg/dwr/call/plaincall/AjaxCheckService.setItemNumber.dwr HTTP/1.1" 200 78
180.169.147.146 - - [01/May/2024:09:48:43 +0800] "POST /xingrg/dwr/call/plaincall/AjaxReportQueryService.refreshCache.dwr HTTP/1.1" 200 78
101.80.230.31 - - [01/May/2024:09:48:43 +0800] "POST /xingrg/dwr/call/plaincall/AjaxCheckService.setItemNumber.dwr HTTP/1.1" 200 78
61.170.234.43 - - [01/May/2024:09:48:43 +0800] "GET /xingrg/all/function/internal_message.html?_=1714528123664&CODE_STATE=getMsg HTTP/1.1" 200 27
101.80.230.31 - - [01/May/2024:09:48:44 +0800] "POST /xingrg/dwr/call/plaincall/AjaxCheckService.setItemNumber.dwr HTTP/1.1" 200 78
101.80.230.31 - - [01/May/2024:09:48:45 +0800] "POST /xingrg/dwr/call/plaincall/AjaxCheckService.setItemNumber.dwr HTTP/1.1" 200 78
101.80.230.31 - - [01/May/2024:09:48:45 +0800] "POST /xingrg/dwr/call/plaincall/AjaxCheckService.setItemNumber.dwr HTTP/1.1" 200 78
101.80.230.31 - - [01/May/2024:09:48:45 +0800] "POST /xingrg/dwr/call/plaincall/AjaxCheckService.setItemNumber.dwr HTTP/1.1" 200 78
124.78.56.241 - - [01/May/2024:09:48:45 +0800] "GET /xingrg/all/function/internal_message.html?_=1714528125591&CODE_STATE=getMsg HTTP/1.1" 200 27
101.80.230.31 - - [01/May/2024:09:48:45 +0800] "POST /xingrg/dwr/call/plaincall/AjaxCheckService.setItemNumber.dwr HTTP/1.1" 200 78
101.80.230.31 - - [01/May/2024:09:48:46 +0800] "POST /xingrg/dwr/call/plaincall/AjaxCheckService.setItemNumber.dwr HTTP/1.1" 200 78
101.80.230.31 - - [01/May/2024:09:48:46 +0800] "POST /xingrg/dwr/call/plaincall/AjaxCheckService.setItemNumber.dwr HTTP/1.1" 200 78
180.169.147.146 - - [01/May/2024:09:48:47 +0800] "POST /xingrg/all/report/load_report_page.html HTTP/1.1" 200 8718
180.169.147.146 - - [01/May/2024:09:48:47 +0800] "GET /xingrg/servlets/image?cache=0.1194899145142162&image=px HTTP/1.1" 200 807
101.80.230.31 - - [01/May/2024:09:48:47 +0800] "POST /xingrg/dwr/call/plaincall/AjaxCheckService.setItemNumber.dwr HTTP/1.1" 200 78
120.253.135.82 - - [01/May/2024:09:48:48 +0800] "GET /xingrg/kc/pszx/mdps_order_operate.html?command=get_materiel&pszx_code=00101&rest_code=00141&base_code=0010246&code=00101033023 HTTP/1.1" 200 456
101.80.230.31 - - [01/May/2024:09:48:48 +0800] "POST /xingrg/dwr/call/plaincall/AjaxCheckService.setItemNumber.dwr HTTP/1.1" 200 78
101.80.230.31 - - [01/May/2024:09:48:48 +0800] "POST /xingrg/dwr/call/plaincall/AjaxCheckService.setItemNumber.dwr HTTP/1.1" 200 78
101.80.230.31 - - [01/May/2024:09:48:49 +0800] "POST /xingrg/dwr/call/plaincall/AjaxCheckService.setItemNumber.dwr HTTP/1.1" 200 78
101.80.230.31 - - [01/May/2024:09:48:50 +0800] "POST /xingrg/dwr/call/plaincall/AjaxCheckService.setItemNumber.dwr HTTP/1.1" 200 78
114.83.223.12 - - [01/May/2024:09:48:50 +0800] "GET /xingrg/all/function/internal_message.html?_=1714528130334&CODE_STATE=getMsg HTTP/1.1" 200 27
114.95.253.235 - - [01/May/2024:09:48:50 +0800] "GET /xingrg/all/function/internal_message.html?_=1714528130636&CODE_STATE=getMsg HTTP/1.1" 200 27
101.80.230.31 - - [01/May/2024:09:48:50 +0800] "POST /xingrg/dwr/call/plaincall/AjaxCheckService.setItemNumber.dwr HTTP/1.1" 200 78
101.80.230.31 - - [01/May/2024:09:48:51 +0800] "POST /xingrg/dwr/call/plaincall/AjaxCheckService.setItemNumber.dwr HTTP/1.1" 200 78
101.80.230.31 - - [01/May/2024:09:48:51 +0800] "POST /xingrg/dwr/call/plaincall/AjaxCheckService.setItemNumber.dwr HTTP/1.1" 200 78
101.80.230.31 - - [01/May/2024:09:48:52 +0800] "POST /xingrg/dwr/call/plaincall/AjaxCheckService.setItemNumber.dwr HTTP/1.1" 200 78
101.83.144.49 - - [01/May/2024:09:48:52 +0800] "GET /xingrg/all/function/internal_message.html?_=1714528134240&CODE_STATE=getMsg HTTP/1.1" 200 27
101.80.230.31 - - [01/May/2024:09:48:52 +0800] "POST /xingrg/dwr/call/plaincall/AjaxCheckService.setItemNumber.dwr HTTP/1.1" 200 78
101.80.230.31 - - [01/May/2024:09:48:53 +0800] "POST /xingrg/dwr/call/plaincall/AjaxCheckService.setItemNumber.dwr HTTP/1.1" 200 78
101.80.230.31 - - [01/May/2024:09:48:53 +0800] "POST /xingrg/dwr/call/plaincall/AjaxCheckService.setItemNumber.dwr HTTP/1.1" 200 78
180.164.6.225 - - [01/May/2024:09:48:53 +0800] "GET /xingrg/all/function/internal_message.html?_=1714528131222&CODE_STATE=getMsg HTTP/1.1" 200 27
124.78.56.241 - - [01/May/2024:09:48:55 +0800] "GET /xingrg/check_reg.html?_=1714528135075 HTTP/1.1" 200 22
180.164.6.225 - - [01/May/2024:09:48:55 +0800] "POST /xingrg/kc/buy/cgsh_order_operate.html HTTP/1.1" 200 37
180.169.147.146 - - [01/May/2024:09:48:55 +0800] "POST /xingrg/all/report/load_report_page.html HTTP/1.1" 200 120384
180.169.147.146 - - [01/May/2024:09:48:55 +0800] "GET /xingrg/servlets/image?cache=0.7653901436609016&image=px HTTP/1.1" 200 807
124.78.56.241 - - [01/May/2024:09:48:57 +0800] "GET /xingrg/kc/buy/cgsh_order_operate.html?command=get_materiel&rest_code=00141&code=00101012025&supplier_code=00100096&order_time=2024-05-01 HTTP/1.1" 200 413
180.164.6.225 - - [01/May/2024:09:48:57 +0800] "POST /xingrg/kc/buy/cgsh_order_operate.html HTTP/1.1" 200 4441
120.253.135.82 - - [01/May/2024:09:48:57 +0800] "GET /xingrg/kc/pszx/mdps_order_operate.html?command=get_materiel&pszx_code=00101&rest_code=00141&base_code=0010246&code=00101033026 HTTP/1.1" 200 441
116.238.97.31 - - [01/May/2024:09:48:59 +0800] "GET /xingrg/all/function/internal_message.html?_=1714528139428&CODE_STATE=getMsg HTTP/1.1" 200 27
180.164.6.225 - - [01/May/2024:09:48:59 +0800] "GET /xingrg/kc/print/load_data.html?order_code=212024050100025&kc_code=cgsh&condition= HTTP/1.1" 200 1451
61.170.234.43 - - [01/May/2024:09:49:01 +0800] "GET /xingrg/kc/buy/cgsh_order_operate.html?command=get_materiel&rest_code=00106&code=00101016080&supplier_code=00100096&order_time=2024-05-01 HTTP/1.1" 200 408
180.164.6.225 - - [01/May/2024:09:49:03 +0800] "GET /xingrg/kc/buy/cgsh_order_add.html HTTP/1.1" 200 74306
180.164.6.225 - - [01/May/2024:09:49:03 +0800] "POST /xingrg/kc/buy/cgsh_order_operate.html HTTP/1.1" 200 8245
180.164.6.225 - - [01/May/2024:09:49:03 +0800] "GET /xingrg/javascript/easyui/themes/default/validatebox.css HTTP/1.1" 404 1104
222.70.183.82 - - [01/May/2024:09:49:05 +0800] "GET /xingrg/all/function/internal_message.html?_=1714528145361&CODE_STATE=getMsg HTTP/1.1" 200 27
101.83.144.49 - - [01/May/2024:09:49:06 +0800] "GET /xingrg/kc/buy/cgsh_order_operate.html?command=get_materiel&rest_code=00105&code=00101006310&supplier_code=00100096&order_time=2024-05-01 HTTP/1.1" 200 415
114.95.253.235 - - [01/May/2024:09:49:06 +0800] "POST /xingrg/all/user/operate.html HTTP/1.1" 200 36
114.95.253.235 - - [01/May/2024:09:49:07 +0800] "GET /xingrg/javascript/jquery_easy_ui/themes/default/easyui.css HTTP/1.1" 304 -
114.95.253.235 - - [01/May/2024:09:49:07 +0800] "GET /xingrg/index.html?sysBaseUrl=http%3A%2F%2F180.169.147.146%3A18081%2Fxingrg%2F&costTime=829×tamp=1714522577645 HTTP/1.1" 200 17177
114.95.253.235 - - [01/May/2024:09:49:07 +0800] "GET /xingrg/javascript/jquery_easy_ui/themes/icon.css HTTP/1.1" 304 -
114.95.253.235 - - [01/May/2024:09:49:07 +0800] "GET /xingrg/css/form.css HTTP/1.1" 304 -
114.95.253.235 - - [01/May/2024:09:49:07 +0800] "GET /xingrg/javascript/jquery-1.4.2.min.js HTTP/1.1" 304 -
114.95.253.235 - - [01/May/2024:09:49:07 +0800] "GET /xingrg/javascript/jquery_easy_ui/jquery.easyui.min.js HTTP/1.1" 304 -
114.95.253.235 - - [01/May/2024:09:49:07 +0800] "GET /xingrg/javascript/jquery_easy_ui/easyui-lang-zh_CN.js HTTP/1.1" 304 -
114.95.253.235 - - [01/May/2024:09:49:07 +0800] "GET /xingrg/javascript/jquery.form.js HTTP/1.1" 304 -
114.95.253.235 - - [01/May/2024:09:49:07 +0800] "GET /xingrg/javascript/jquery.utils.js HTTP/1.1" 304 -
114.95.253.235 - - [01/May/2024:09:49:07 +0800] "GET /xingrg/javascript/jquery.timers.js HTTP/1.1" 304 -
114.95.253.235 - - [01/May/2024:09:49:07 +0800] "GET /xingrg/images/blue/jxLogo.png HTTP/1.1" 304 -
114.95.253.235 - - [01/May/2024:09:49:07 +0800] "GET /xingrg/javascript/jquery_easy_ui/themes/icons/settle_new.png HTTP/1.1" 304 -
114.95.253.235 - - [01/May/2024:09:49:07 +0800] "GET /xingrg/images/blue/navBackgound.jpg HTTP/1.1" 304 -
114.95.253.235 - - [01/May/2024:09:49:07 +0800] "GET /xingrg/all/function/internal_message.html?_=1714528147130&CODE_STATE=count HTTP/1.1" 200 11
114.95.253.235 - - [01/May/2024:09:49:07 +0800] "GET /xingrg/javascript/jquery_easy_ui/themes/default/images/tabs_leftarrow.png HTTP/1.1" 304 -
114.95.253.235 - - [01/May/2024:09:49:07 +0800] "GET /xingrg/check_reg.html?_=1714528147131 HTTP/1.1" 200 22
114.95.253.235 - - [01/May/2024:09:49:07 +0800] "GET /xingrg/images/blue/pingpu.png HTTP/1.1" 304 -
114.95.253.235 - - [01/May/2024:09:49:07 +0800] "GET /xingrg/javascript/jquery_easy_ui/themes/default/images/tabs_rightarrow.png HTTP/1.1" 304 -
114.95.253.235 - - [01/May/2024:09:49:07 +0800] "POST /xingrg/all/common/load_tree.html?tree=area_rest_tree_json&manage=1 HTTP/1.1" 200 476
114.95.253.235 - - [01/May/2024:09:49:07 +0800] "POST /xingrg/load_menu.html HTTP/1.1" 200 5138
114.95.253.235 - - [01/May/2024:09:49:07 +0800] "GET /xingrg/javascript/jquery_easy_ui/themes/default/images/panel_tool_collapse.gif HTTP/1.1" 304 -
114.95.253.235 - - [01/May/2024:09:49:07 +0800] "GET /xingrg/javascript/jquery_easy_ui/themes/default/images/tree_file.gif HTTP/1.1" 304 -
114.95.253.235 - - [01/May/2024:09:49:07 +0800] "GET /xingrg/javascript/jquery_easy_ui/themes/icons/storage_new.png HTTP/1.1" 304 -
114.95.253.235 - - [01/May/2024:09:49:07 +0800] "GET /xingrg/javascript/jquery_easy_ui/themes/default/images/tree_arrows.gif HTTP/1.1" 304 -
114.95.253.235 - - [01/May/2024:09:49:07 +0800] "GET /xingrg/javascript/jquery_easy_ui/themes/icons/forms_new.png HTTP/1.1" 304 -
114.95.253.235 - - [01/May/2024:09:49:07 +0800] "GET /xingrg/javascript/jquery_easy_ui/themes/default/images/tree_folder_open.gif HTTP/1.1" 304 -
114.95.253.235 - - [01/May/2024:09:49:07 +0800] "GET /xingrg/javascript/jquery_easy_ui/themes/default/images/tree_folder.gif HTTP/1.1" 304 -
114.95.253.235 - - [01/May/2024:09:49:07 +0800] "GET /xingrg/javascript/jquery_easy_ui/themes/icons/search_new.png HTTP/1.1" 304 -
180.169.147.146 - - [01/May/2024:09:49:09 +0800] "GET /xingrg/all/function/internal_message.html?_=1714528149058&CODE_STATE=getMsg HTTP/1.1" 200 27
120.253.135.82 - - [01/May/2024:09:49:09 +0800] "GET /xingrg/all/function/internal_message.html?_=1714527998016&CODE_STATE=getMsg HTTP/1.1" 200 27
218.79.29.216 - - [01/May/2024:09:49:09 +0800] "GET /xingrg/all/function/internal_message.html?_=1714528154003&CODE_STATE=getMsg HTTP/1.1" 200 27
114.95.253.235 - - [01/May/2024:09:49:10 +0800] "GET /xingrg/kc/mdqp/pssh_order_list.html HTTP/1.1" 200 17438
101.80.230.31 - - [01/May/2024:09:49:10 +0800] "GET /xingrg/all/function/internal_message.html?_=1714528168726&CODE_STATE=getMsg HTTP/1.1" 200 27
114.95.253.235 - - [01/May/2024:09:49:10 +0800] "POST /xingrg/kc/mdqp/pssh_list_operate.html HTTP/1.1" 200 5487
120.253.135.82 - - [01/May/2024:09:49:11 +0800] "GET /xingrg/kc/pszx/mdps_order_operate.html?command=get_materiel&pszx_code=00101&rest_code=00141&base_code=0010246&code=00101033022 HTTP/1.1" 200 451
116.228.172.94 - - [01/May/2024:09:49:11 +0800] "GET /xingrg/all/function/internal_message.html?_=1714528150104&CODE_STATE=getMsg HTTP/1.1" 302 -
61.170.234.43 - - [01/May/2024:09:49:11 +0800] "GET /xingrg/kc/buy/cgsh_order_operate.html?command=get_materiel&rest_code=00106&code=00101016105&supplier_code=00100096&order_time=2024-05-01 HTTP/1.1" 200 411
114.95.253.235 - - [01/May/2024:09:49:12 +0800] "POST /xingrg/kc/mdqp/pssh_list_operate.html HTTP/1.1" 200 363
114.95.253.235 - - [01/May/2024:09:49:13 +0800] "GET /xingrg/kc/mdqp/pssh_order_info.html?code=312024043000527 HTTP/1.1" 200 17276
114.95.253.235 - - [01/May/2024:09:49:13 +0800] "GET /xingrg/javascript/jquery_tools/jquery-1.4.2.min.js HTTP/1.1" 404 1094
180.164.6.225 - - [01/May/2024:09:49:14 +0800] "GET /xingrg/kc/buy/cgsh_order_operate.html?command=get_materiel&rest_code=00108&code=00101007071&supplier_code=00100002&order_time=2024-05-01 HTTP/1.1" 200 417
180.163.29.206 - - [01/May/2024:09:49:14 +0800] "GET /xingrg/check_reg.html?_=1714528092433 HTTP/1.1" 302 -
180.163.29.206 - - [01/May/2024:09:49:14 +0800] "GET /xingrg/login.html HTTP/1.1" 200 7641
114.95.253.235 - - [01/May/2024:09:49:14 +0800] "GET /xingrg/javascript/easyui/themes/default/validatebox.css HTTP/1.1" 404 1104
114.95.253.235 - - [01/May/2024:09:49:14 +0800] "GET /xingrg/all/common/auto_word.html?type=base&rest_code=00151&rest_code=00151 HTTP/1.1" 200 1315
114.95.253.235 - - [01/May/2024:09:49:14 +0800] "POST /xingrg/kc/mdqp/pssh_order_operate.html HTTP/1.1" 200 1052
61.170.234.43 - - [01/May/2024:09:49:14 +0800] "GET /xingrg/all/function/internal_message.html?_=1714528152476&CODE_STATE=getMsg HTTP/1.1" 200 27
124.78.56.241 - - [01/May/2024:09:49:15 +0800] "GET /xingrg/kc/buy/cgsh_order_operate.html?command=get_materiel&rest_code=00141&code=00101010092&supplier_code=00100096&order_time=2024-05-01 HTTP/1.1" 200 431
114.95.253.235 - - [01/May/2024:09:49:15 +0800] "GET /xingrg/javascript/auto/indicator.gif HTTP/1.1" 404 1066
114.95.253.235 - - [01/May/2024:09:49:19 +0800] "POST /xingrg/all/common/load_combo.html?type=employee HTTP/1.1" 200 532
180.169.147.146 - - [01/May/2024:09:49:19 +0800] "POST /xingrg/all/report/load_report_page.html HTTP/1.1" 200 120291
180.169.147.146 - - [01/May/2024:09:49:19 +0800] "GET /xingrg/servlets/image?cache=0.17975341251206411&image=px HTTP/1.1" 200 807
222.69.132.237 - - [01/May/2024:09:49:21 +0800] "GET /xingrg/all/function/internal_message.html?_=1714528161682&CODE_STATE=getMsg HTTP/1.1" 200 27
180.169.147.146 - - [01/May/2024:09:49:23 +0800] "POST /xingrg/all/report/load_report_page.html HTTP/1.1" 200 120340
180.169.147.146 - - [01/May/2024:09:49:23 +0800] "GET /xingrg/servlets/image?cache=0.535557638984567&image=px HTTP/1.1" 200 807
120.253.135.82 - - [01/May/2024:09:49:23 +0800] "GET /xingrg/kc/pszx/mdps_order_operate.html?command=get_materiel&pszx_code=00101&rest_code=00141&base_code=0010246&code=00101033027 HTTP/1.1" 200 442
114.95.253.235 - - [01/May/2024:09:49:24 +0800] "POST /xingrg/kc/mdqp/pssh_order_operate.html HTTP/1.1" 200 37
116.230.112.13 - - [01/May/2024:09:49:27 +0800] "GET /xingrg/check_reg.html?_=1714528176651 HTTP/1.1" 302 -
114.95.253.235 - - [01/May/2024:09:49:27 +0800] "POST /xingrg/kc/mdqp/pssh_order_operate.html HTTP/1.1" 200 12
180.164.6.225 - - [01/May/2024:09:49:28 +0800] "GET /xingrg/kc/buy/cgsh_order_operate.html?command=get_materiel&rest_code=00108&code=00101007072&supplier_code=00100002&order_time=2024-05-01 HTTP/1.1" 200 419
180.169.147.146 - - [01/May/2024:09:49:28 +0800] "POST /xingrg/all/report/report_print.html HTTP/1.1" 200 54845
114.95.253.235 - - [01/May/2024:09:49:30 +0800] "GET /xingrg/kc/mdqp/pssh_order_info.html?code=312024043000527 HTTP/1.1" 200 14398
114.95.253.235 - - [01/May/2024:09:49:30 +0800] "GET /xingrg/javascript/jquery_tools/jquery-1.4.2.min.js HTTP/1.1" 404 1094
114.95.253.235 - - [01/May/2024:09:49:30 +0800] "GET /xingrg/javascript/easyui/themes/default/validatebox.css HTTP/1.1" 404 1104
114.95.253.235 - - [01/May/2024:09:49:30 +0800] "POST /xingrg/kc/mdqp/pssh_order_operate.html HTTP/1.1" 200 1052
114.95.253.235 - - [01/May/2024:09:49:33 +0800] "GET /xingrg/kc/print/load_data.html?order_code=312024043000527&kc_code=pssh&condition= HTTP/1.1" 200 855
61.170.234.43 - - [01/May/2024:09:49:34 +0800] "GET /xingrg/kc/buy/cgsh_order_operate.html?command=get_materiel&rest_code=00106&code=00101012025&supplier_code=00100096&order_time=2024-05-01 HTTP/1.1" 200 414
222.70.183.82 - - [01/May/2024:09:49:35 +0800] "GET /xingrg/all/function/internal_message.html?_=1714528175083&CODE_STATE=getMsg HTTP/1.1" 200 27
116.230.112.13 - - [01/May/2024:09:49:38 +0800] "GET /xingrg/all/function/internal_message.html?_=1714528188504&CODE_STATE=getMsg HTTP/1.1" 302 -
120.253.135.82 - - [01/May/2024:09:49:39 +0800] "GET /xingrg/kc/pszx/mdps_order_operate.html?command=get_materiel&pszx_code=00101&rest_code=00141&base_code=0010246&code=00101033005 HTTP/1.1" 200 439
221.239.168.119 - - [01/May/2024:09:49:41 +0800] "GET /xingrg/all/function/internal_message.html?_=1714528181080&CODE_STATE=getMsg HTTP/1.1" 200 27
180.164.6.225 - - [01/May/2024:09:49:41 +0800] "POST /xingrg/kc/buy/cgsh_order_operate.html HTTP/1.1" 200 37
58.40.7.146 - - [01/May/2024:09:49:42 +0800] "GET /xingrg/all/function/internal_message.html?_=1714528182498&CODE_STATE=getMsg HTTP/1.1" 200 27
61.170.234.43 - - [01/May/2024:09:49:43 +0800] "GET /xingrg/all/function/internal_message.html?_=1714528183664&CODE_STATE=getMsg HTTP/1.1" 200 27
101.80.230.31 - - [01/May/2024:09:49:44 +0800] "POST /xingrg/dwr/call/plaincall/AjaxCheckService.setItemNumber.dwr HTTP/1.1" 200 78
124.78.56.241 - - [01/May/2024:09:49:44 +0800] "GET /xingrg/kc/buy/cgsh_order_operate.html?command=get_materiel&rest_code=00141&code=00101012003&supplier_code=00100096&order_time=2024-05-01 HTTP/1.1" 200 412
124.78.56.241 - - [01/May/2024:09:49:45 +0800] "GET /xingrg/all/function/internal_message.html?_=1714528185571&CODE_STATE=getMsg HTTP/1.1" 200 27
101.80.230.31 - - [01/May/2024:09:49:48 +0800] "GET /xingrg/kc/base/check_order_list.html?isBack=1 HTTP/1.1" 200 16176
101.80.230.31 - - [01/May/2024:09:49:48 +0800] "GET /xingrg/css/base.css HTTP/1.1" 200 2811
101.80.230.31 - - [01/May/2024:09:49:48 +0800] "GET /xingrg/javascript/jquery_tools/datebox.css HTTP/1.1" 200 2597
101.80.230.31 - - [01/May/2024:09:49:48 +0800] "GET /xingrg/css/site.css HTTP/1.1" 200 7541
101.80.230.31 - - [01/May/2024:09:49:48 +0800] "GET /xingrg/javascript/jquery_tools/jquery.tools.min.js HTTP/1.1" 200 138801
101.80.230.31 - - [01/May/2024:09:49:48 +0800] "GET /xingrg/javascript/jquery_tools/jquery.tools.table.js HTTP/1.1" 200 6994
101.80.230.31 - - [01/May/2024:09:49:48 +0800] "GET /xingrg/javascript/jquery_tools/table.css HTTP/1.1" 200 1032
101.80.230.31 - - [01/May/2024:09:49:48 +0800] "GET /xingrg/javascript/jquery_tools/jquery.tools.hotkey.js HTTP/1.1" 200 3242
101.80.230.31 - - [01/May/2024:09:49:48 +0800] "GET /xingrg/javascript/easyui/themes/icon.css HTTP/1.1" 200 4483
101.80.230.31 - - [01/May/2024:09:49:48 +0800] "GET /xingrg/javascript/auto/jquery.autocomplete.css HTTP/1.1" 200 587
101.80.230.31 - - [01/May/2024:09:49:48 +0800] "GET /xingrg/javascript/jquery_tools/list_manager.js HTTP/1.1" 200 3652
101.80.230.31 - - [01/May/2024:09:49:48 +0800] "GET /xingrg/javascript/jquery_tools/jquery.tools.extend.js HTTP/1.1" 200 15385
101.80.230.31 - - [01/May/2024:09:49:48 +0800] "GET /xingrg/javascript/jquery_tools/fix.css HTTP/1.1" 200 1702
101.80.230.31 - - [01/May/2024:09:49:48 +0800] "GET /xingrg/javascript/easyui/themes/default/easyui.css HTTP/1.1" 200 30432
101.80.230.31 - - [01/May/2024:09:49:48 +0800] "GET /xingrg/javascript/auto/jquery.autocomplete.js HTTP/1.1" 200 21624
101.80.230.31 - - [01/May/2024:09:49:48 +0800] "GET /xingrg/javascript/easyui/easyloader.js HTTP/1.1" 200 5975
101.80.230.31 - - [01/May/2024:09:49:48 +0800] "GET /xingrg/javascript/jquery.utils.js HTTP/1.1" 200 11805
101.80.230.31 - - [01/May/2024:09:49:48 +0800] "GET /xingrg/javascript/jquery.cookie.js HTTP/1.1" 200 5513
101.80.230.31 - - [01/May/2024:09:49:48 +0800] "GET /xingrg/javascript/easyui/plugins/jquery.parser.js HTTP/1.1" 200 1142
101.80.230.31 - - [01/May/2024:09:49:49 +0800] "POST /xingrg/kc/base/check_list_operate.html HTTP/1.1" 200 4558
114.83.223.12 - - [01/May/2024:09:49:50 +0800] "GET /xingrg/all/function/internal_message.html?_=1714528190332&CODE_STATE=getMsg HTTP/1.1" 200 27
61.170.234.43 - - [01/May/2024:09:49:51 +0800] "GET /xingrg/kc/buy/cgsh_order_operate.html?command=get_materiel&rest_code=00106&code=00101016017&supplier_code=00100096&order_time=2024-05-01 HTTP/1.1" 200 408
101.80.230.31 - - [01/May/2024:09:49:51 +0800] "GET /xingrg/javascript/easyui/themes/default/images/button_plain_hover.png HTTP/1.1" 200 144
180.164.6.225 - - [01/May/2024:09:49:51 +0800] "POST /xingrg/kc/buy/cgsh_order_operate.html HTTP/1.1" 200 3260
101.83.144.49 - - [01/May/2024:09:49:52 +0800] "GET /xingrg/all/function/internal_message.html?_=1714528194224&CODE_STATE=getMsg HTTP/1.1" 200 27
124.78.56.241 - - [01/May/2024:09:49:52 +0800] "GET /xingrg/kc/buy/cgsh_order_operate.html?command=get_materiel&rest_code=00141&code=00101012038&supplier_code=00100096&order_time=2024-05-01 HTTP/1.1" 200 412
180.164.6.225 - - [01/May/2024:09:49:53 +0800] "GET /xingrg/check_reg.html?_=1714528191217 HTTP/1.1" 200 22
180.164.6.225 - - [01/May/2024:09:49:53 +0800] "GET /xingrg/all/function/internal_message.html?_=1714528191221&CODE_STATE=getMsg HTTP/1.1" 200 27
101.80.230.31 - - [01/May/2024:09:49:53 +0800] "GET /xingrg/kc/base/check_order_info.html?code=452024043000243 HTTP/1.1" 200 26438
101.80.230.31 - - [01/May/2024:09:49:53 +0800] "GET /xingrg/css/blue.css HTTP/1.1" 200 15949
101.80.230.31 - - [01/May/2024:09:49:53 +0800] "GET /xingrg/css/table.css HTTP/1.1" 200 3684
101.80.230.31 - - [01/May/2024:09:49:53 +0800] "GET /xingrg/javascript/jquery_easy_ui/themes/default/easyui.css HTTP/1.1" 200 26500
101.80.230.31 - - [01/May/2024:09:49:53 +0800] "GET /xingrg/javascript/pic_change.js HTTP/1.1" 200 4739
101.80.230.31 - - [01/May/2024:09:49:53 +0800] "GET /xingrg/javascript/jquery_easy_ui/themes/icon.css HTTP/1.1" 200 3949
101.80.230.31 - - [01/May/2024:09:49:53 +0800] "GET /xingrg/dwr/interface/AjaxCheckService.js HTTP/1.1" 200 14003
101.80.230.31 - - [01/May/2024:09:49:53 +0800] "GET /xingrg/dwr/interface/AjaxComOrderService.js HTTP/1.1" 200 18264
101.80.230.31 - - [01/May/2024:09:49:53 +0800] "GET /xingrg/dwr/util.js HTTP/1.1" 200 35990
101.80.230.31 - - [01/May/2024:09:49:53 +0800] "GET /xingrg/javascript/AjaxInfoList.js HTTP/1.1" 200 3774
101.80.230.31 - - [01/May/2024:09:49:53 +0800] "GET /xingrg/dwr/engine.js HTTP/1.1" 200 43631
101.80.230.31 - - [01/May/2024:09:49:53 +0800] "GET /xingrg/javascript/Calendar.js HTTP/1.1" 200 31561
101.80.230.31 - - [01/May/2024:09:49:53 +0800] "GET /xingrg/javascript/myfunction.js HTTP/1.1" 200 24559
101.80.230.31 - - [01/May/2024:09:49:53 +0800] "GET /xingrg/javascript/jquery-1.4.2.min.js HTTP/1.1" 200 72205
101.80.230.31 - - [01/May/2024:09:49:53 +0800] "GET /xingrg/javascript/jquery_easy_ui/jquery.easyui.min.js HTTP/1.1" 200 213662
101.80.230.31 - - [01/May/2024:09:49:53 +0800] "GET /xingrg/javascript/convert.js HTTP/1.1" 200 1239
101.80.230.31 - - [01/May/2024:09:49:53 +0800] "GET /xingrg/javascript/print/kc_print.js HTTP/1.1" 200 11415
101.80.230.31 - - [01/May/2024:09:49:53 +0800] "GET /xingrg/javascript/print/LodopFuncs.js HTTP/1.1" 200 5121
101.80.230.31 - - [01/May/2024:09:49:54 +0800] "POST /xingrg/dwr/call/plaincall/AjaxCheckService.loadOrderItems.dwr HTTP/1.1" 200 16900
180.164.6.225 - - [01/May/2024:09:49:54 +0800] "GET /xingrg/kc/print/load_data.html?order_code=212024050100026&kc_code=cgsh&condition= HTTP/1.1" 200 996
101.80.230.31 - - [01/May/2024:09:49:58 +0800] "POST /xingrg/dwr/call/plaincall/AjaxCheckService.setItemNumber.dwr HTTP/1.1" 200 76
120.253.135.82 - - [01/May/2024:09:49:58 +0800] "GET /xingrg/kc/pszx/mdps_order_operate.html?command=get_materiel&pszx_code=00101&rest_code=00141&base_code=0010246&code=00101033033 HTTP/1.1" 200 414
