116.232.195.13 - - [28/Apr/2024:10:32:46 +0800] "GET /xingrg/all/function/internal_message.html?_=1714271551778&CODE_STATE=getMsg HTTP/1.1" 200 27
124.78.56.241 - - [28/Apr/2024:10:32:48 +0800] "GET /xingrg/all/function/internal_message.html?_=1714271568660&CODE_STATE=getMsg HTTP/1.1" 200 27
180.169.147.146 - - [28/Apr/2024:10:32:48 +0800] "POST /xingrg/all/user/operate.html HTTP/1.1" 200 36
114.83.217.54 - - [28/Apr/2024:10:32:48 +0800] "GET /xingrg/all/function/internal_message.html?_=1714271569175&CODE_STATE=getMsg HTTP/1.1" 200 27
180.169.147.146 - - [28/Apr/2024:10:32:48 +0800] "GET /xingrg/index.html?sysBaseUrl=http%3A%2F%2F180.169.147.146%3A18081%2Fxingrg%2F&costTime=862×tamp=1714270345168 HTTP/1.1" 200 17509
180.169.147.146 - - [28/Apr/2024:10:32:48 +0800] "GET /xingrg/javascript/jquery_easy_ui/themes/default/easyui.css HTTP/1.1" 304 -
180.169.147.146 - - [28/Apr/2024:10:32:48 +0800] "GET /xingrg/javascript/jquery_easy_ui/themes/icon.css HTTP/1.1" 304 -
180.169.147.146 - - [28/Apr/2024:10:32:49 +0800] "GET /xingrg/css/form.css HTTP/1.1" 304 -
180.169.147.146 - - [28/Apr/2024:10:32:49 +0800] "GET /xingrg/javascript/jquery-1.4.2.min.js HTTP/1.1" 304 -
180.169.147.146 - - [28/Apr/2024:10:32:49 +0800] "GET /xingrg/javascript/jquery_easy_ui/jquery.easyui.min.js HTTP/1.1" 304 -
180.169.147.146 - - [28/Apr/2024:10:32:49 +0800] "GET /xingrg/javascript/jquery_easy_ui/easyui-lang-zh_CN.js HTTP/1.1" 304 -
180.169.147.146 - - [28/Apr/2024:10:32:49 +0800] "GET /xingrg/javascript/jquery.form.js HTTP/1.1" 304 -
180.169.147.146 - - [28/Apr/2024:10:32:49 +0800] "GET /xingrg/javascript/jquery.utils.js HTTP/1.1" 304 -
180.169.147.146 - - [28/Apr/2024:10:32:49 +0800] "GET /xingrg/javascript/jquery.timers.js HTTP/1.1" 304 -
180.169.147.146 - - [28/Apr/2024:10:32:49 +0800] "GET /xingrg/images/blue/jxLogo.png HTTP/1.1" 304 -
180.169.147.146 - - [28/Apr/2024:10:32:49 +0800] "GET /xingrg/javascript/jquery_easy_ui/themes/icons/settle_new.png HTTP/1.1" 304 -
180.169.147.146 - - [28/Apr/2024:10:32:49 +0800] "GET /xingrg/images/blue/navBackgound.jpg HTTP/1.1" 304 -
180.169.147.146 - - [28/Apr/2024:10:32:49 +0800] "GET /xingrg/all/function/internal_message.html?_=1714271569206&CODE_STATE=count HTTP/1.1" 200 11
180.169.147.146 - - [28/Apr/2024:10:32:49 +0800] "GET /xingrg/check_reg.html?_=1714271569208 HTTP/1.1" 200 22
180.169.147.146 - - [28/Apr/2024:10:32:49 +0800] "GET /xingrg/javascript/jquery_easy_ui/themes/default/images/panel_tool_collapse.gif HTTP/1.1" 304 -
180.169.147.146 - - [28/Apr/2024:10:32:49 +0800] "GET /xingrg/javascript/jquery_easy_ui/themes/default/images/tabs_leftarrow.png HTTP/1.1" 304 -
180.169.147.146 - - [28/Apr/2024:10:32:49 +0800] "GET /xingrg/javascript/jquery_easy_ui/themes/default/images/panel_tool_expand.gif HTTP/1.1" 304 -
180.169.147.146 - - [28/Apr/2024:10:32:49 +0800] "GET /xingrg/javascript/jquery_easy_ui/themes/default/images/tabs_rightarrow.png HTTP/1.1" 304 -
180.169.147.146 - - [28/Apr/2024:10:32:49 +0800] "GET /xingrg/images/blue/pingpu.png HTTP/1.1" 304 -
180.169.147.146 - - [28/Apr/2024:10:32:49 +0800] "GET /xingrg/all/function/internal_message.html?_=1714271558539&CODE_STATE=getMsg HTTP/1.1" 200 27
180.169.147.146 - - [28/Apr/2024:10:32:49 +0800] "POST /xingrg/all/common/load_tree.html?tree=area_rest_tree_json&manage=1 HTTP/1.1" 200 3624
180.169.147.146 - - [28/Apr/2024:10:32:49 +0800] "POST /xingrg/load_menu.html HTTP/1.1" 200 9959
101.83.144.49 - - [28/Apr/2024:10:32:50 +0800] "GET /xingrg/kc/buy/cgsh_order_add.html HTTP/1.1" 200 74245
101.83.144.49 - - [28/Apr/2024:10:32:50 +0800] "POST /xingrg/kc/buy/cgsh_order_operate.html HTTP/1.1" 200 8245
101.83.144.49 - - [28/Apr/2024:10:32:50 +0800] "GET /xingrg/javascript/easyui/themes/default/validatebox.css HTTP/1.1" 404 1104
180.169.147.146 - - [28/Apr/2024:10:32:50 +0800] "GET /xingrg/kc/report/report_main.html HTTP/1.1" 200 7340
180.169.147.146 - - [28/Apr/2024:10:32:51 +0800] "GET /xingrg/all/report/report_query.html?fileName=kc/buy/gys_amount.xml&rh=99999 HTTP/1.1" 200 52006
180.169.147.146 - - [28/Apr/2024:10:32:51 +0800] "GET /xingrg/dwr/interface/AjaxReportQueryService.js HTTP/1.1" 200 13203
180.169.147.146 - - [28/Apr/2024:10:32:51 +0800] "GET /xingrg/dwr/engine.js HTTP/1.1" 200 43631
116.238.97.31 - - [28/Apr/2024:10:32:51 +0800] "GET /xingrg/all/function/internal_message.html?_=1714271606256&CODE_STATE=getMsg HTTP/1.1" 200 27
180.169.147.146 - - [28/Apr/2024:10:32:51 +0800] "POST /xingrg/dwr/call/plaincall/AjaxReportQueryService.getFixDate.dwr HTTP/1.1" 200 111
120.253.135.82 - - [28/Apr/2024:10:32:52 +0800] "GET /xingrg/all/function/internal_message.html?_=1714271420660&CODE_STATE=getMsg HTTP/1.1" 200 27
180.169.147.146 - - [28/Apr/2024:10:32:52 +0800] "POST /xingrg/dwr/call/plaincall/AjaxReportQueryService.getInitString.dwr HTTP/1.1" 200 1083
180.169.147.146 - - [28/Apr/2024:10:32:52 +0800] "POST /xingrg/all/common/load_tree.html?tree=materiel_sort_tree_json HTTP/1.1" 200 9734
180.169.147.146 - - [28/Apr/2024:10:32:52 +0800] "POST /xingrg/all/common/load_tree.html?tree=supplier_tree_json&manage=1 HTTP/1.1" 200 82167
114.83.217.54 - - [28/Apr/2024:10:32:53 +0800] "GET /xingrg/all/function/internal_message.html?_=1714271574394&CODE_STATE=getMsg HTTP/1.1" 200 27
101.83.241.187 - - [28/Apr/2024:10:32:53 +0800] "GET /xingrg/all/function/internal_message.html?_=1714271573893&CODE_STATE=getMsg HTTP/1.1" 200 27
180.169.147.146 - - [28/Apr/2024:10:32:55 +0800] "POST /xingrg/dwr/call/plaincall/AjaxReportQueryService.getFixDate.dwr HTTP/1.1" 200 111
114.95.253.235 - - [28/Apr/2024:10:33:00 +0800] "GET /xingrg/all/function/internal_message.html?_=1714271580826&CODE_STATE=getMsg HTTP/1.1" 200 27
101.83.144.49 - - [28/Apr/2024:10:33:01 +0800] "GET /xingrg/all/function/internal_message.html?_=1714271582085&CODE_STATE=getMsg HTTP/1.1" 200 27
101.83.144.49 - - [28/Apr/2024:10:33:01 +0800] "GET /xingrg/check_reg.html?_=1714271582149 HTTP/1.1" 200 22
180.169.147.146 - - [28/Apr/2024:10:33:01 +0800] "POST /xingrg/dwr/call/plaincall/AjaxReportQueryService.refreshCache.dwr HTTP/1.1" 200 78
124.78.56.241 - - [28/Apr/2024:10:33:04 +0800] "GET /xingrg/check_reg.html?_=1714271584826 HTTP/1.1" 200 22
180.169.147.146 - - [28/Apr/2024:10:33:06 +0800] "POST /xingrg/all/report/load_report_page.html HTTP/1.1" 200 88715
180.169.147.146 - - [28/Apr/2024:10:33:06 +0800] "GET /xingrg/servlets/image?cache=0.5646185941890516&image=px HTTP/1.1" 200 807
101.83.144.49 - - [28/Apr/2024:10:33:10 +0800] "GET /xingrg/kc/buy/cgsh_order_operate.html?command=get_materiel&rest_code=00105&code=00101002035&supplier_code=00100094&order_time=2024-04-28 HTTP/1.1" 200 417
58.40.7.146 - - [28/Apr/2024:10:33:22 +0800] "GET /xingrg/all/function/internal_message.html?_=1714271602804&CODE_STATE=getMsg HTTP/1.1" 200 27
120.253.135.82 - - [28/Apr/2024:10:33:24 +0800] "GET /xingrg/all/function/internal_message.html?_=1714271786111&CODE_STATE=getMsg HTTP/1.1" 200 27
120.253.135.82 - - [28/Apr/2024:10:33:24 +0800] "GET /xingrg/check_reg.html?_=1714271786114 HTTP/1.1" 200 22
114.95.253.235 - - [28/Apr/2024:10:33:29 +0800] "GET /xingrg/all/function/internal_message.html?_=1714271609091&CODE_STATE=getMsg HTTP/1.1" 200 27
180.169.147.146 - - [28/Apr/2024:10:33:37 +0800] "GET /xingrg/all/report/report_query.html?isQuery=1&fileName=kc/buy/wlcg_cate_hz.xml&queryString=(CONVERT(char(10)%252Ca.order_time%252C%2520120)%253E%253D'2024-03-01')%2520and%2520(CONVERT(char(10)%252Ca.order_time%252C%2520120)%253C%253D'2024-03-15')%2520and%2520(a.number%253E0%2520and%2520a.supplier_code%253D'00100012')&queryText=%25E3%2580%2590%25E9%2587%2587%25E8%25B4%25AD%25E6%2597%25A5%25E6%259C%259F%253A2024-03-01%2520%25E8%2587%25B3%25202024-03-15%25E3%2580%2591%2520%25E5%25B9%25B6%25E4%25B8%2594%2520%25E3%2580%2590%25E4%25BE%259B%25E5%25BA%2594%25E5%2595%2586%253D%25E7%258C%25AA%25E8%2582%2589%25EF%25BC%2588%25E6%259D%258E%25E8%25B4%25BB%25E5%258D%258E%25EF%25BC%2589%25E3%2580%2591 HTTP/1.1" 200 54374
180.169.147.146 - - [28/Apr/2024:10:33:37 +0800] "GET /xingrg/dwr/interface/AjaxReportQueryService.js HTTP/1.1" 200 13203
180.169.147.146 - - [28/Apr/2024:10:33:37 +0800] "GET /xingrg/dwr/engine.js HTTP/1.1" 200 43631
116.238.97.31 - - [28/Apr/2024:10:33:38 +0800] "GET /xingrg/all/function/internal_message.html?_=1714271619203&CODE_STATE=getMsg HTTP/1.1" 200 27
180.164.6.225 - - [28/Apr/2024:10:33:40 +0800] "GET /xingrg/check_reg.html?_=1714271620829 HTTP/1.1" 200 22
180.164.6.225 - - [28/Apr/2024:10:33:40 +0800] "GET /xingrg/all/function/internal_message.html?_=1714271620832&CODE_STATE=getMsg HTTP/1.1" 200 27
180.169.147.146 - - [28/Apr/2024:10:33:41 +0800] "POST /xingrg/all/report/load_report_page.html HTTP/1.1" 200 8717
180.169.147.146 - - [28/Apr/2024:10:33:41 +0800] "GET /xingrg/servlets/image?cache=0.2970500718627981&image=px HTTP/1.1" 200 807
180.169.147.146 - - [28/Apr/2024:10:33:46 +0800] "POST /xingrg/all/report/load_report_page.html HTTP/1.1" 200 120430
101.83.144.49 - - [28/Apr/2024:10:33:46 +0800] "GET /xingrg/kc/buy/cgsh_order_operate.html?command=get_materiel&rest_code=00105&code=00101003047&supplier_code=00100094&order_time=2024-04-28 HTTP/1.1" 200 423
180.169.147.146 - - [28/Apr/2024:10:33:46 +0800] "GET /xingrg/servlets/image?cache=0.07052817902467523&image=px HTTP/1.1" 200 807
116.232.195.13 - - [28/Apr/2024:10:33:46 +0800] "GET /xingrg/all/function/internal_message.html?_=1714271611789&CODE_STATE=getMsg HTTP/1.1" 200 27
124.78.56.241 - - [28/Apr/2024:10:33:48 +0800] "GET /xingrg/all/function/internal_message.html?_=1714271628649&CODE_STATE=getMsg HTTP/1.1" 200 27
114.83.217.54 - - [28/Apr/2024:10:33:48 +0800] "GET /xingrg/all/function/internal_message.html?_=1714271629158&CODE_STATE=getMsg HTTP/1.1" 200 27
180.169.147.146 - - [28/Apr/2024:10:33:49 +0800] "GET /xingrg/all/function/internal_message.html?_=1714271629217&CODE_STATE=getMsg HTTP/1.1" 200 27
180.169.147.146 - - [28/Apr/2024:10:33:49 +0800] "GET /xingrg/all/function/internal_message.html?_=1714271618538&CODE_STATE=getMsg HTTP/1.1" 200 27
114.83.217.54 - - [28/Apr/2024:10:33:49 +0800] "GET /xingrg/check_reg.html?_=1714271629873 HTTP/1.1" 200 22
180.169.147.146 - - [28/Apr/2024:10:33:50 +0800] "POST /xingrg/all/report/load_report_page.html HTTP/1.1" 200 120380
180.169.147.146 - - [28/Apr/2024:10:33:50 +0800] "GET /xingrg/servlets/image?cache=0.18489174338480763&image=px HTTP/1.1" 200 807
116.238.97.31 - - [28/Apr/2024:10:33:51 +0800] "GET /xingrg/all/function/internal_message.html?_=1714271666265&CODE_STATE=getMsg HTTP/1.1" 200 27
120.253.135.82 - - [28/Apr/2024:10:33:52 +0800] "GET /xingrg/all/function/internal_message.html?_=1714271480672&CODE_STATE=getMsg HTTP/1.1" 200 27
114.83.217.54 - - [28/Apr/2024:10:33:53 +0800] "GET /xingrg/all/function/internal_message.html?_=1714271634380&CODE_STATE=getMsg HTTP/1.1" 200 27
101.83.241.187 - - [28/Apr/2024:10:33:53 +0800] "GET /xingrg/all/function/internal_message.html?_=1714271633872&CODE_STATE=getMsg HTTP/1.1" 200 27
180.169.147.146 - - [28/Apr/2024:10:33:53 +0800] "POST /xingrg/all/report/load_report_page.html HTTP/1.1" 200 120442
180.169.147.146 - - [28/Apr/2024:10:33:54 +0800] "GET /xingrg/servlets/image?cache=0.4742840787090473&image=px HTTP/1.1" 200 807
180.169.147.146 - - [28/Apr/2024:10:33:58 +0800] "POST /xingrg/all/report/report_print.html HTTP/1.1" 200 15381
221.239.168.119 - - [28/Apr/2024:10:33:59 +0800] "GET /xingrg/check_reg.html?_=1714271636085 HTTP/1.1" 200 22
101.83.144.49 - - [28/Apr/2024:10:34:00 +0800] "GET /xingrg/kc/buy/cgsh_order_operate.html?command=get_materiel&rest_code=00105&code=00101002038&supplier_code=00100094&order_time=2024-04-28 HTTP/1.1" 200 418
114.95.253.235 - - [28/Apr/2024:10:34:00 +0800] "GET /xingrg/all/function/internal_message.html?_=1714271640828&CODE_STATE=getMsg HTTP/1.1" 200 27
101.83.144.49 - - [28/Apr/2024:10:34:01 +0800] "GET /xingrg/all/function/internal_message.html?_=1714271642065&CODE_STATE=getMsg HTTP/1.1" 200 27
120.253.135.82 - - [28/Apr/2024:10:34:08 +0800] "POST /xingrg/kc/pszx/mdps_list_operate.html HTTP/1.1" 200 2782
120.253.135.82 - - [28/Apr/2024:10:34:12 +0800] "GET /xingrg/kc/buy/cgsh_order_list.html HTTP/1.1" 200 58350
101.83.144.49 - - [28/Apr/2024:10:34:16 +0800] "POST /xingrg/kc/buy/cgsh_order_operate.html HTTP/1.1" 200 37
120.253.135.82 - - [28/Apr/2024:10:34:18 +0800] "POST /xingrg/kc/buy/cgsh_list_operate.html HTTP/1.1" 200 645
101.83.144.49 - - [28/Apr/2024:10:34:18 +0800] "POST /xingrg/kc/buy/cgsh_order_operate.html HTTP/1.1" 200 3873
101.83.144.49 - - [28/Apr/2024:10:34:20 +0800] "GET /xingrg/kc/print/load_data.html?order_code=212024042807788&kc_code=cgsh&condition= HTTP/1.1" 200 1223
120.253.135.82 - - [28/Apr/2024:10:34:20 +0800] "GET /xingrg/kc/buy/cgsh_order_add.html HTTP/1.1" 200 73220
120.253.135.82 - - [28/Apr/2024:10:34:21 +0800] "GET /xingrg/javascript/easyui/themes/icons/template_new.png HTTP/1.1" 304 -
120.253.135.82 - - [28/Apr/2024:10:34:21 +0800] "POST /xingrg/kc/buy/cgsh_order_operate.html HTTP/1.1" 200 8245
120.253.135.82 - - [28/Apr/2024:10:34:21 +0800] "GET /xingrg/all/common/auto_word.html?type=employee&rest_code=00101 HTTP/1.1" 200 1019
120.253.135.82 - - [28/Apr/2024:10:34:21 +0800] "GET /xingrg/all/common/auto_word.html?type=employee&rest_code=00101 HTTP/1.1" 200 1019
120.253.135.82 - - [28/Apr/2024:10:34:21 +0800] "GET /xingrg/javascript/easyui/themes/default/validatebox.css HTTP/1.1" 404 1104
58.40.7.146 - - [28/Apr/2024:10:34:22 +0800] "GET /xingrg/all/function/internal_message.html?_=1714271662798&CODE_STATE=getMsg HTTP/1.1" 200 27
120.253.135.82 - - [28/Apr/2024:10:34:24 +0800] "GET /xingrg/all/function/internal_message.html?_=1714271846097&CODE_STATE=getMsg HTTP/1.1" 200 27
101.83.144.49 - - [28/Apr/2024:10:34:24 +0800] "GET /xingrg/kc/buy/cgsh_order_add.html HTTP/1.1" 200 74245
101.83.144.49 - - [28/Apr/2024:10:34:24 +0800] "POST /xingrg/kc/buy/cgsh_order_operate.html HTTP/1.1" 200 8245
101.83.144.49 - - [28/Apr/2024:10:34:25 +0800] "GET /xingrg/javascript/easyui/themes/default/validatebox.css HTTP/1.1" 404 1104
222.70.183.82 - - [28/Apr/2024:10:34:29 +0800] "GET /xingrg/check_reg.html?_=1714271667203 HTTP/1.1" 200 22
114.95.253.235 - - [28/Apr/2024:10:34:29 +0800] "GET /xingrg/all/function/internal_message.html?_=1714271669097&CODE_STATE=getMsg HTTP/1.1" 200 27
120.253.135.82 - - [28/Apr/2024:10:34:32 +0800] "POST /xingrg/all/common/load_combo.html?type=employee HTTP/1.1" 200 1834
116.238.97.31 - - [28/Apr/2024:10:34:38 +0800] "GET /xingrg/all/function/internal_message.html?_=1714271679194&CODE_STATE=getMsg HTTP/1.1" 200 27
101.83.144.49 - - [28/Apr/2024:10:34:40 +0800] "GET /xingrg/kc/buy/cgsh_order_operate.html?command=get_materiel&rest_code=00105&code=00101010611&supplier_code=00100323&order_time=2024-04-28 HTTP/1.1" 200 414
180.164.6.225 - - [28/Apr/2024:10:34:40 +0800] "GET /xingrg/all/function/internal_message.html?_=1714271680839&CODE_STATE=getMsg HTTP/1.1" 200 27
116.232.195.13 - - [28/Apr/2024:10:34:46 +0800] "GET /xingrg/all/function/internal_message.html?_=1714271671783&CODE_STATE=getMsg HTTP/1.1" 200 27
124.78.56.241 - - [28/Apr/2024:10:34:48 +0800] "GET /xingrg/all/function/internal_message.html?_=1714271688632&CODE_STATE=getMsg HTTP/1.1" 200 27
114.83.217.54 - - [28/Apr/2024:10:34:48 +0800] "GET /xingrg/all/function/internal_message.html?_=1714271689153&CODE_STATE=getMsg HTTP/1.1" 200 27
180.169.147.146 - - [28/Apr/2024:10:34:49 +0800] "GET /xingrg/all/function/internal_message.html?_=1714271678526&CODE_STATE=getMsg HTTP/1.1" 200 27
180.169.147.146 - - [28/Apr/2024:10:34:49 +0800] "GET /xingrg/all/function/internal_message.html?_=1714271689226&CODE_STATE=getMsg HTTP/1.1" 200 27
116.238.97.31 - - [28/Apr/2024:10:34:51 +0800] "GET /xingrg/check_reg.html?_=1714271726259 HTTP/1.1" 200 22
116.238.97.31 - - [28/Apr/2024:10:34:51 +0800] "GET /xingrg/all/function/internal_message.html?_=1714271726261&CODE_STATE=getMsg HTTP/1.1" 200 27
120.253.135.82 - - [28/Apr/2024:10:34:52 +0800] "GET /xingrg/all/function/internal_message.html?_=1714271540686&CODE_STATE=getMsg HTTP/1.1" 200 27
114.83.217.54 - - [28/Apr/2024:10:34:53 +0800] "GET /xingrg/all/function/internal_message.html?_=1714271694366&CODE_STATE=getMsg HTTP/1.1" 200 27
101.83.241.187 - - [28/Apr/2024:10:34:53 +0800] "GET /xingrg/all/function/internal_message.html?_=1714271693890&CODE_STATE=getMsg HTTP/1.1" 200 27
101.83.241.187 - - [28/Apr/2024:10:34:53 +0800] "GET /xingrg/check_reg.html?_=1714271693892 HTTP/1.1" 200 22
101.83.144.49 - - [28/Apr/2024:10:34:55 +0800] "GET /xingrg/kc/buy/cgsh_order_operate.html?command=get_materiel&rest_code=00105&code=00101010547&supplier_code=00100323&order_time=2024-04-28 HTTP/1.1" 200 421
114.95.253.235 - - [28/Apr/2024:10:35:00 +0800] "GET /xingrg/all/function/internal_message.html?_=1714271700822&CODE_STATE=getMsg HTTP/1.1" 200 27
101.83.144.49 - - [28/Apr/2024:10:35:01 +0800] "GET /xingrg/all/function/internal_message.html?_=1714271702046&CODE_STATE=getMsg HTTP/1.1" 200 27
120.253.135.82 - - [28/Apr/2024:10:35:07 +0800] "GET /xingrg/kc/buy/cgsh_order_operate.html?command=get_materiel&rest_code=00101&code=00101029022&supplier_code=00100540&order_time=2024-04-28 HTTP/1.1" 200 471
120.253.135.82 - - [28/Apr/2024:10:35:09 +0800] "POST /xingrg/all/common/load_select.html HTTP/1.1" 200 25
120.253.135.82 - - [28/Apr/2024:10:35:15 +0800] "GET /xingrg/kc/buy/cgsh_order_operate.html?command=get_materiel_price&rest_code=00101&code=00101029022&unit_code=00100157&supplier_code=00100540&order_time=2024-04-28 HTTP/1.1" 200 29
114.83.217.54 - - [28/Apr/2024:10:35:18 +0800] "GET /xingrg/check_reg.html?_=1714271719189 HTTP/1.1" 200 22
58.40.7.146 - - [28/Apr/2024:10:35:22 +0800] "GET /xingrg/check_reg.html?_=1714271722787 HTTP/1.1" 200 22
58.40.7.146 - - [28/Apr/2024:10:35:22 +0800] "GET /xingrg/all/function/internal_message.html?_=1714271722798&CODE_STATE=getMsg HTTP/1.1" 200 27
120.253.135.82 - - [28/Apr/2024:10:35:24 +0800] "GET /xingrg/all/function/internal_message.html?_=1714271906102&CODE_STATE=getMsg HTTP/1.1" 200 27
114.95.253.235 - - [28/Apr/2024:10:35:29 +0800] "GET /xingrg/check_reg.html?_=1714271729084 HTTP/1.1" 200 22
114.95.253.235 - - [28/Apr/2024:10:35:29 +0800] "GET /xingrg/all/function/internal_message.html?_=1714271729087&CODE_STATE=getMsg HTTP/1.1" 200 27
101.83.144.49 - - [28/Apr/2024:10:35:34 +0800] "GET /xingrg/kc/buy/cgsh_order_operate.html?command=get_materiel&rest_code=00105&code=00101010772&supplier_code=00100323&order_time=2024-04-28 HTTP/1.1" 200 456
116.238.97.31 - - [28/Apr/2024:10:35:38 +0800] "GET /xingrg/all/function/internal_message.html?_=1714271739173&CODE_STATE=getMsg HTTP/1.1" 200 27
180.164.6.225 - - [28/Apr/2024:10:35:40 +0800] "GET /xingrg/all/function/internal_message.html?_=1714271740827&CODE_STATE=getMsg HTTP/1.1" 200 27
101.83.144.49 - - [28/Apr/2024:10:35:44 +0800] "POST /xingrg/kc/buy/cgsh_order_operate.html HTTP/1.1" 200 37
101.83.144.49 - - [28/Apr/2024:10:35:46 +0800] "POST /xingrg/kc/buy/cgsh_order_operate.html HTTP/1.1" 200 3886
120.253.135.82 - - [28/Apr/2024:10:35:46 +0800] "GET /xingrg/kc/buy/cgsh_order_operate.html?command=get_materiel&rest_code=00101&code=00101029011&supplier_code=00100540&order_time=2024-04-28 HTTP/1.1" 200 478
116.232.195.13 - - [28/Apr/2024:10:35:46 +0800] "GET /xingrg/all/function/internal_message.html?_=1714271731771&CODE_STATE=getMsg HTTP/1.1" 200 27
120.253.135.82 - - [28/Apr/2024:10:35:47 +0800] "POST /xingrg/all/common/load_select.html HTTP/1.1" 200 25
101.83.144.49 - - [28/Apr/2024:10:35:47 +0800] "GET /xingrg/kc/print/load_data.html?order_code=212024042807789&kc_code=cgsh&condition= HTTP/1.1" 200 1165
124.78.56.241 - - [28/Apr/2024:10:35:48 +0800] "GET /xingrg/all/function/internal_message.html?_=1714271748617&CODE_STATE=getMsg HTTP/1.1" 200 27
114.83.217.54 - - [28/Apr/2024:10:35:48 +0800] "GET /xingrg/all/function/internal_message.html?_=1714271749130&CODE_STATE=getMsg HTTP/1.1" 200 27
180.169.147.146 - - [28/Apr/2024:10:35:49 +0800] "GET /xingrg/all/function/internal_message.html?_=1714271749226&CODE_STATE=getMsg HTTP/1.1" 200 27
180.169.147.146 - - [28/Apr/2024:10:35:49 +0800] "GET /xingrg/check_reg.html?_=1714271738541 HTTP/1.1" 200 22
180.169.147.146 - - [28/Apr/2024:10:35:49 +0800] "GET /xingrg/all/function/internal_message.html?_=1714271738542&CODE_STATE=getMsg HTTP/1.1" 200 27
116.238.97.31 - - [28/Apr/2024:10:35:51 +0800] "GET /xingrg/all/function/internal_message.html?_=1714271786250&CODE_STATE=getMsg HTTP/1.1" 200 27
101.83.144.49 - - [28/Apr/2024:10:35:52 +0800] "GET /xingrg/kc/buy/cgsh_order_add.html HTTP/1.1" 200 74245
120.253.135.82 - - [28/Apr/2024:10:35:52 +0800] "GET /xingrg/all/function/internal_message.html?_=1714271600699&CODE_STATE=getMsg HTTP/1.1" 200 27
101.83.144.49 - - [28/Apr/2024:10:35:52 +0800] "POST /xingrg/kc/buy/cgsh_order_operate.html HTTP/1.1" 200 8245
101.83.144.49 - - [28/Apr/2024:10:35:52 +0800] "GET /xingrg/javascript/easyui/themes/default/validatebox.css HTTP/1.1" 404 1104
120.253.135.82 - - [28/Apr/2024:10:35:52 +0800] "GET /xingrg/kc/buy/cgsh_order_operate.html?command=get_materiel_price&rest_code=00101&code=00101029011&unit_code=00100157&supplier_code=00100540&order_time=2024-04-28 HTTP/1.1" 200 29
114.83.217.54 - - [28/Apr/2024:10:35:53 +0800] "GET /xingrg/all/function/internal_message.html?_=1714271754340&CODE_STATE=getMsg HTTP/1.1" 200 27
101.83.241.187 - - [28/Apr/2024:10:35:53 +0800] "GET /xingrg/all/function/internal_message.html?_=1714271753875&CODE_STATE=getMsg HTTP/1.1" 200 27
114.95.253.235 - - [28/Apr/2024:10:36:00 +0800] "GET /xingrg/all/function/internal_message.html?_=1714271760812&CODE_STATE=getMsg HTTP/1.1" 200 27
101.83.144.49 - - [28/Apr/2024:10:36:00 +0800] "GET /xingrg/all/function/internal_message.html?_=1714271762021&CODE_STATE=getMsg HTTP/1.1" 200 27
101.83.144.49 - - [28/Apr/2024:10:36:10 +0800] "GET /xingrg/kc/buy/cgsh_order_operate.html?command=get_materiel&rest_code=00105&code=00101029084&supplier_code=00100017&order_time=2024-04-28 HTTP/1.1" 200 448
120.253.135.82 - - [28/Apr/2024:10:36:13 +0800] "GET /xingrg/kc/buy/cgsh_order_operate.html?command=get_materiel&rest_code=00101&code=00101029118&supplier_code=00100540&order_time=2024-04-28 HTTP/1.1" 200 442
120.253.135.82 - - [28/Apr/2024:10:36:14 +0800] "POST /xingrg/all/common/load_select.html HTTP/1.1" 200 25
120.253.135.82 - - [28/Apr/2024:10:36:20 +0800] "GET /xingrg/kc/buy/cgsh_order_operate.html?command=get_materiel_price&rest_code=00101&code=00101029118&unit_code=00100157&supplier_code=00100540&order_time=2024-04-28 HTTP/1.1" 200 29
58.40.7.146 - - [28/Apr/2024:10:36:22 +0800] "GET /xingrg/all/function/internal_message.html?_=1714271782800&CODE_STATE=getMsg HTTP/1.1" 200 27
120.253.135.82 - - [28/Apr/2024:10:36:24 +0800] "GET /xingrg/all/function/internal_message.html?_=1714271966106&CODE_STATE=getMsg HTTP/1.1" 200 27
101.83.144.49 - - [28/Apr/2024:10:36:29 +0800] "GET /xingrg/kc/buy/cgsh_order_operate.html?command=get_materiel&rest_code=00105&code=00101029011&supplier_code=00100017&order_time=2024-04-28 HTTP/1.1" 200 480
114.95.253.235 - - [28/Apr/2024:10:36:29 +0800] "GET /xingrg/all/function/internal_message.html?_=1714271789091&CODE_STATE=getMsg HTTP/1.1" 200 27
120.253.135.82 - - [28/Apr/2024:10:36:38 +0800] "GET /xingrg/kc/buy/cgsh_order_operate.html?command=get_materiel&rest_code=00101&code=00101028002&supplier_code=00100540&order_time=2024-04-28 HTTP/1.1" 200 456
116.238.97.31 - - [28/Apr/2024:10:36:38 +0800] "GET /xingrg/all/function/internal_message.html?_=1714271799158&CODE_STATE=getMsg HTTP/1.1" 200 27
180.164.6.225 - - [28/Apr/2024:10:36:40 +0800] "GET /xingrg/all/function/internal_message.html?_=1714271800843&CODE_STATE=getMsg HTTP/1.1" 200 27
120.253.135.82 - - [28/Apr/2024:10:36:43 +0800] "POST /xingrg/all/common/load_select.html HTTP/1.1" 200 25
116.232.195.13 - - [28/Apr/2024:10:36:46 +0800] "GET /xingrg/all/function/internal_message.html?_=1714271791781&CODE_STATE=getMsg HTTP/1.1" 200 27
124.78.56.241 - - [28/Apr/2024:10:36:48 +0800] "GET /xingrg/all/function/internal_message.html?_=1714271808606&CODE_STATE=getMsg HTTP/1.1" 200 27
120.253.135.82 - - [28/Apr/2024:10:36:48 +0800] "GET /xingrg/kc/buy/cgsh_order_operate.html?command=get_materiel_price&rest_code=00101&code=00101028002&unit_code=00100157&supplier_code=00100540&order_time=2024-04-28 HTTP/1.1" 200 29
114.83.217.54 - - [28/Apr/2024:10:36:48 +0800] "GET /xingrg/all/function/internal_message.html?_=1714271809115&CODE_STATE=getMsg HTTP/1.1" 200 27
180.169.147.146 - - [28/Apr/2024:10:36:49 +0800] "GET /xingrg/all/function/internal_message.html?_=1714271809219&CODE_STATE=getMsg HTTP/1.1" 200 27
180.169.147.146 - - [28/Apr/2024:10:36:49 +0800] "GET /xingrg/all/function/internal_message.html?_=1714271798526&CODE_STATE=getMsg HTTP/1.1" 200 27
116.238.97.31 - - [28/Apr/2024:10:36:51 +0800] "GET /xingrg/all/function/internal_message.html?_=1714271846254&CODE_STATE=getMsg HTTP/1.1" 200 27
120.253.135.82 - - [28/Apr/2024:10:36:52 +0800] "GET /xingrg/check_reg.html?_=1714271660572 HTTP/1.1" 200 22
120.253.135.82 - - [28/Apr/2024:10:36:52 +0800] "GET /xingrg/all/function/internal_message.html?_=1714271660713&CODE_STATE=getMsg HTTP/1.1" 200 27
114.83.217.54 - - [28/Apr/2024:10:36:53 +0800] "GET /xingrg/all/function/internal_message.html?_=1714271814312&CODE_STATE=getMsg HTTP/1.1" 200 27
101.83.241.187 - - [28/Apr/2024:10:36:53 +0800] "GET /xingrg/all/function/internal_message.html?_=1714271813875&CODE_STATE=getMsg HTTP/1.1" 200 27
114.95.253.235 - - [28/Apr/2024:10:37:00 +0800] "GET /xingrg/all/function/internal_message.html?_=1714271820830&CODE_STATE=getMsg HTTP/1.1" 200 27
114.95.253.235 - - [28/Apr/2024:10:37:00 +0800] "GET /xingrg/check_reg.html?_=1714271820833 HTTP/1.1" 200 22
101.83.144.49 - - [28/Apr/2024:10:37:00 +0800] "GET /xingrg/all/function/internal_message.html?_=1714271822019&CODE_STATE=getMsg HTTP/1.1" 200 27
101.83.144.49 - - [28/Apr/2024:10:37:01 +0800] "GET /xingrg/kc/buy/cgsh_order_operate.html?command=get_materiel&rest_code=00105&code=00101029119&supplier_code=00100017&order_time=2024-04-28 HTTP/1.1" 200 436
116.232.195.13 - - [28/Apr/2024:10:37:06 +0800] "GET /favicon.ico HTTP/1.1" 404 -
116.232.195.13 - - [28/Apr/2024:10:37:06 +0800] "GET /favicon.ico HTTP/1.1" 404 -
116.232.195.13 - - [28/Apr/2024:10:37:07 +0800] "GET /favicon.ico HTTP/1.1" 404 -
116.232.195.13 - - [28/Apr/2024:10:37:07 +0800] "GET /xingrg HTTP/1.1" 302 -
116.232.195.13 - - [28/Apr/2024:10:37:08 +0800] "GET /xingrg/index.html HTTP/1.1" 302 -
116.232.195.13 - - [28/Apr/2024:10:37:08 +0800] "GET /favicon.ico HTTP/1.1" 404 -
116.232.195.13 - - [28/Apr/2024:10:37:08 +0800] "GET /favicon.ico HTTP/1.1" 404 -
101.83.144.49 - - [28/Apr/2024:10:37:11 +0800] "POST /xingrg/kc/buy/cgsh_order_operate.html HTTP/1.1" 200 37
101.83.144.49 - - [28/Apr/2024:10:37:13 +0800] "POST /xingrg/kc/buy/cgsh_order_operate.html HTTP/1.1" 200 3931
101.83.144.49 - - [28/Apr/2024:10:37:15 +0800] "GET /xingrg/kc/print/load_data.html?order_code=212024042807790&kc_code=cgsh&condition= HTTP/1.1" 200 1264
116.232.195.13 - - [28/Apr/2024:10:37:16 +0800] "POST /xingrg/login.do HTTP/1.1" 302 -
116.232.195.13 - - [28/Apr/2024:10:37:16 +0800] "GET /xingrg/index.html?sysBaseUrl=http%3A%2F%2F180.169.147.146%3A18081%2Fxingrg%2F&costTime=1324×tamp=1714271836096 HTTP/1.1" 200 17179
116.232.195.13 - - [28/Apr/2024:10:37:16 +0800] "GET /xingrg/all/function/internal_message.html?_=1714271913604&CODE_STATE=count HTTP/1.1" 200 11
116.232.195.13 - - [28/Apr/2024:10:37:16 +0800] "GET /xingrg/check_reg.html?_=1714271913605 HTTP/1.1" 200 22
116.232.195.13 - - [28/Apr/2024:10:37:16 +0800] "POST /xingrg/all/common/load_tree.html?tree=area_rest_tree_json&manage=1 HTTP/1.1" 200 351
116.232.195.13 - - [28/Apr/2024:10:37:16 +0800] "GET /favicon.ico HTTP/1.1" 404 -
116.232.195.13 - - [28/Apr/2024:10:37:16 +0800] "POST /xingrg/load_menu.html HTTP/1.1" 200 5138
180.169.147.146 - - [28/Apr/2024:10:37:17 +0800] "GET /xingrg/check_reg.html?_=1714271826786 HTTP/1.1" 200 22
116.232.195.13 - - [28/Apr/2024:10:37:19 +0800] "GET /xingrg/kc/base/wldb_order_list.html HTTP/1.1" 200 19057
116.232.195.13 - - [28/Apr/2024:10:37:19 +0800] "GET /xingrg/javascript/print/LodopFuncs.js HTTP/1.1" 200 5121
101.83.144.49 - - [28/Apr/2024:10:37:20 +0800] "GET /xingrg/kc/buy/cgsh_order_add.html HTTP/1.1" 200 74245
116.232.195.13 - - [28/Apr/2024:10:37:20 +0800] "GET /xingrg/javascript/easyui/themes/icons/cance_new.png HTTP/1.1" 200 3986
116.232.195.13 - - [28/Apr/2024:10:37:20 +0800] "GET /xingrg/javascript/easyui/themes/icons/edit_add_new.png HTTP/1.1" 200 2997
116.232.195.13 - - [28/Apr/2024:10:37:20 +0800] "GET /xingrg/javascript/easyui/themes/icons/check_new.png HTTP/1.1" 200 3224
116.232.195.13 - - [28/Apr/2024:10:37:20 +0800] "GET /xingrg/javascript/easyui/themes/icons/import_new.png HTTP/1.1" 200 1247
101.83.144.49 - - [28/Apr/2024:10:37:20 +0800] "POST /xingrg/kc/buy/cgsh_order_operate.html HTTP/1.1" 200 8245
101.83.144.49 - - [28/Apr/2024:10:37:20 +0800] "GET /xingrg/javascript/easyui/themes/default/validatebox.css HTTP/1.1" 404 1104
116.232.195.13 - - [28/Apr/2024:10:37:20 +0800] "POST /xingrg/kc/base/wldb_list_operate.html HTTP/1.1" 200 928
58.40.7.146 - - [28/Apr/2024:10:37:22 +0800] "GET /xingrg/all/function/internal_message.html?_=1714271842796&CODE_STATE=getMsg HTTP/1.1" 200 27
101.83.144.49 - - [28/Apr/2024:10:37:23 +0800] "GET /xingrg/kc/mdqp/pssh_order_list.html HTTP/1.1" 200 17929
101.83.144.49 - - [28/Apr/2024:10:37:24 +0800] "POST /xingrg/kc/mdqp/pssh_list_operate.html HTTP/1.1" 200 5445
120.253.135.82 - - [28/Apr/2024:10:37:24 +0800] "GET /xingrg/all/function/internal_message.html?_=1714272026110&CODE_STATE=getMsg HTTP/1.1" 200 27
101.83.144.49 - - [28/Apr/2024:10:37:26 +0800] "POST /xingrg/kc/mdqp/pssh_list_operate.html HTTP/1.1" 200 259
116.232.195.13 - - [28/Apr/2024:10:37:27 +0800] "GET /xingrg/javascript/easyui/plugins/jquery.draggable.js HTTP/1.1" 200 6121
116.232.195.13 - - [28/Apr/2024:10:37:27 +0800] "GET /xingrg/css/images/panel_loading.gif HTTP/1.1" 200 1737
116.232.195.13 - - [28/Apr/2024:10:37:27 +0800] "GET /xingrg/javascript/easyui/plugins/jquery.droppable.js HTTP/1.1" 200 1167
116.232.195.13 - - [28/Apr/2024:10:37:27 +0800] "GET /xingrg/javascript/easyui/themes/default/tree.css HTTP/1.1" 404 1090
116.232.195.13 - - [28/Apr/2024:10:37:27 +0800] "GET /xingrg/javascript/easyui/plugins/jquery.tree.js HTTP/1.1" 200 20874
116.232.195.13 - - [28/Apr/2024:10:37:28 +0800] "POST /xingrg/all/common/load_tree.html?tree=rest_base_tree_json HTTP/1.1" 200 73054
101.83.144.49 - - [28/Apr/2024:10:37:28 +0800] "GET /xingrg/kc/mdqp/pssh_order_info.html?code=312024042600460 HTTP/1.1" 200 17266
101.83.144.49 - - [28/Apr/2024:10:37:28 +0800] "GET /xingrg/javascript/jquery_tools/jquery-1.4.2.min.js HTTP/1.1" 404 1094
101.83.144.49 - - [28/Apr/2024:10:37:28 +0800] "GET /xingrg/javascript/easyui/themes/icons/back_new.png HTTP/1.1" 304 -
101.83.144.49 - - [28/Apr/2024:10:37:28 +0800] "GET /xingrg/all/common/auto_word.html?type=base&rest_code=00105&rest_code=00105 HTTP/1.1" 200 1907
101.83.144.49 - - [28/Apr/2024:10:37:28 +0800] "GET /xingrg/javascript/easyui/themes/default/validatebox.css HTTP/1.1" 404 1104
101.83.144.49 - - [28/Apr/2024:10:37:28 +0800] "POST /xingrg/kc/mdqp/pssh_order_operate.html HTTP/1.1" 200 528
114.95.253.235 - - [28/Apr/2024:10:37:30 +0800] "GET /xingrg/all/function/internal_message.html?_=1714271849091&CODE_STATE=getMsg HTTP/1.1" 200 27
116.232.195.13 - - [28/Apr/2024:10:37:30 +0800] "GET /xingrg/javascript/easyui/themes/default/images/tree_arrows.gif HTTP/1.1" 200 617
116.232.195.13 - - [28/Apr/2024:10:37:30 +0800] "GET /xingrg/javascript/easyui/themes/default/images/tree_folder_open.gif HTTP/1.1" 200 956
116.232.195.13 - - [28/Apr/2024:10:37:30 +0800] "GET /xingrg/javascript/easyui/themes/default/images/tree_checkbox_0.gif HTTP/1.1" 200 168
116.232.195.13 - - [28/Apr/2024:10:37:30 +0800] "GET /xingrg/javascript/easyui/themes/icons/areas.png HTTP/1.1" 200 720
116.232.195.13 - - [28/Apr/2024:10:37:30 +0800] "GET /xingrg/javascript/easyui/themes/default/images/tree_file.gif HTTP/1.1" 200 118
116.232.195.13 - - [28/Apr/2024:10:37:30 +0800] "GET /xingrg/javascript/easyui/themes/icons/rest.png HTTP/1.1" 200 695
180.169.147.146 - - [28/Apr/2024:10:37:34 +0800] "POST /xingrg/dwr/call/plaincall/AjaxReportQueryService.refreshCache.dwr HTTP/1.1" 200 78
120.253.135.82 - - [28/Apr/2024:10:37:35 +0800] "GET /xingrg/kc/buy/cgsh_order_operate.html?command=get_materiel&rest_code=00101&code=00101029115&supplier_code=00100540&order_time=2024-04-28 HTTP/1.1" 200 454
101.83.144.49 - - [28/Apr/2024:10:37:35 +0800] "GET /xingrg/javascript/jquery_tools/images/prev.gif HTTP/1.1" 404 1086
101.83.144.49 - - [28/Apr/2024:10:37:35 +0800] "GET /xingrg/javascript/jquery_tools/images/next.gif HTTP/1.1" 404 1086
180.163.28.180 - - [28/Apr/2024:10:37:38 +0800] "GET /xingrg/kc/buy/cgsh_order_operate.html?command=get_materiel&rest_code=00106&code=00101012003&supplier_code=00100096&order_time=2024-04-28 HTTP/1.1" 302 -
180.163.28.180 - - [28/Apr/2024:10:37:38 +0800] "GET /xingrg/login.html HTTP/1.1" 200 7641
116.238.97.31 - - [28/Apr/2024:10:37:38 +0800] "GET /xingrg/all/function/internal_message.html?_=1714271859151&CODE_STATE=getMsg HTTP/1.1" 200 27
101.83.144.49 - - [28/Apr/2024:10:37:39 +0800] "GET /xingrg/css/images/panel_loading.gif HTTP/1.1" 304 -
101.83.144.49 - - [28/Apr/2024:10:37:39 +0800] "POST /xingrg/all/common/load_combo.html?type=employee HTTP/1.1" 200 356
180.169.147.146 - - [28/Apr/2024:10:37:39 +0800] "POST /xingrg/all/report/load_report_page.html HTTP/1.1" 200 98004
116.238.97.31 - - [28/Apr/2024:10:37:39 +0800] "GET /xingrg/check_reg.html?_=1714271860114 HTTP/1.1" 200 22
180.169.147.146 - - [28/Apr/2024:10:37:39 +0800] "GET /xingrg/servlets/image?cache=0.5650527526172644&image=px HTTP/1.1" 200 807
180.163.29.234 - - [28/Apr/2024:10:37:40 +0800] "GET /xingrg/kc/buy/cgsh_order_operate.html?command=get_materiel&rest_code=00106&code=00101007090&supplier_code=00100096&order_time=2024-04-28 HTTP/1.1" 302 -
180.163.29.234 - - [28/Apr/2024:10:37:40 +0800] "GET /xingrg/login.html HTTP/1.1" 200 7641
180.164.6.225 - - [28/Apr/2024:10:37:40 +0800] "GET /xingrg/all/function/internal_message.html?_=1714271860837&CODE_STATE=getMsg HTTP/1.1" 200 27
101.83.144.49 - - [28/Apr/2024:10:37:42 +0800] "POST /xingrg/kc/mdqp/pssh_order_operate.html HTTP/1.1" 200 37
101.83.144.49 - - [28/Apr/2024:10:37:44 +0800] "POST /xingrg/kc/mdqp/pssh_order_operate.html HTTP/1.1" 200 528
180.169.147.146 - - [28/Apr/2024:10:37:45 +0800] "GET /xingrg/all/report/report_query.html?isQuery=1&fileName=kc/buy/wlcg_cate_hz.xml&queryString=(CONVERT(char(10)%252Ca.order_time%252C%2520120)%253E%253D'2024-03-16')%2520and%2520(CONVERT(char(10)%252Ca.order_time%252C%2520120)%253C%253D'2024-03-31')%2520and%2520(a.number%253E0%2520and%2520a.supplier_code%253D'00100012')&queryText=%25E3%2580%2590%25E9%2587%2587%25E8%25B4%25AD%25E6%2597%25A5%25E6%259C%259F%253A2024-03-16%2520%25E8%2587%25B3%25202024-03-31%25E3%2580%2591%2520%25E5%25B9%25B6%25E4%25B8%2594%2520%25E3%2580%2590%25E4%25BE%259B%25E5%25BA%2594%25E5%2595%2586%253D%25E7%258C%25AA%25E8%2582%2589%25EF%25BC%2588%25E6%259D%258E%25E8%25B4%25BB%25E5%258D%258E%25EF%25BC%2589%25E3%2580%2591 HTTP/1.1" 200 54374
180.169.147.146 - - [28/Apr/2024:10:37:46 +0800] "GET /xingrg/dwr/interface/AjaxReportQueryService.js HTTP/1.1" 200 13203
180.169.147.146 - - [28/Apr/2024:10:37:46 +0800] "GET /xingrg/dwr/engine.js HTTP/1.1" 200 43631
116.232.195.13 - - [28/Apr/2024:10:37:46 +0800] "GET /xingrg/check_reg.html?_=1714271851785 HTTP/1.1" 200 22
116.232.195.13 - - [28/Apr/2024:10:37:46 +0800] "GET /xingrg/all/function/internal_message.html?_=1714271851787&CODE_STATE=getMsg HTTP/1.1" 200 27
124.78.56.241 - - [28/Apr/2024:10:37:48 +0800] "GET /xingrg/all/function/internal_message.html?_=1714271868579&CODE_STATE=getMsg HTTP/1.1" 200 27
101.83.144.49 - - [28/Apr/2024:10:37:48 +0800] "POST /xingrg/kc/mdqp/pssh_order_operate.html HTTP/1.1" 200 37
114.83.217.54 - - [28/Apr/2024:10:37:48 +0800] "GET /xingrg/all/function/internal_message.html?_=1714271869097&CODE_STATE=getMsg HTTP/1.1" 200 27
180.169.147.146 - - [28/Apr/2024:10:37:49 +0800] "GET /xingrg/check_reg.html?_=1714271869228 HTTP/1.1" 200 22
180.169.147.146 - - [28/Apr/2024:10:37:49 +0800] "GET /xingrg/all/function/internal_message.html?_=1714271869230&CODE_STATE=getMsg HTTP/1.1" 200 27
180.169.147.146 - - [28/Apr/2024:10:37:49 +0800] "GET /xingrg/all/function/internal_message.html?_=1714271858541&CODE_STATE=getMsg HTTP/1.1" 200 27
120.253.135.82 - - [28/Apr/2024:10:37:51 +0800] "POST /xingrg/kc/buy/cgsh_order_operate.html HTTP/1.1" 200 37
180.169.147.146 - - [28/Apr/2024:10:37:51 +0800] "POST /xingrg/all/report/load_report_page.html HTTP/1.1" 200 8725
180.169.147.146 - - [28/Apr/2024:10:37:51 +0800] "GET /xingrg/servlets/image?cache=0.43170897920798545&image=px HTTP/1.1" 200 807
101.83.144.49 - - [28/Apr/2024:10:37:51 +0800] "POST /xingrg/kc/mdqp/pssh_order_operate.html HTTP/1.1" 200 12
116.238.97.31 - - [28/Apr/2024:10:37:51 +0800] "GET /xingrg/all/function/internal_message.html?_=1714271906260&CODE_STATE=getMsg HTTP/1.1" 200 27
114.83.217.54 - - [28/Apr/2024:10:37:53 +0800] "GET /xingrg/all/function/internal_message.html?_=1714271874282&CODE_STATE=getMsg HTTP/1.1" 200 27
101.83.241.187 - - [28/Apr/2024:10:37:53 +0800] "GET /xingrg/all/function/internal_message.html?_=1714271873864&CODE_STATE=getMsg HTTP/1.1" 200 27
180.169.147.146 - - [28/Apr/2024:10:37:54 +0800] "POST /xingrg/all/report/load_report_page.html HTTP/1.1" 200 120475
120.253.135.82 - - [28/Apr/2024:10:37:55 +0800] "POST /xingrg/kc/buy/cgsh_order_operate.html HTTP/1.1" 200 5215
180.169.147.146 - - [28/Apr/2024:10:37:55 +0800] "GET /xingrg/servlets/image?cache=0.5540262262196789&image=px HTTP/1.1" 200 807
101.83.144.49 - - [28/Apr/2024:10:37:55 +0800] "GET /xingrg/kc/mdqp/pssh_order_info.html?code=312024042600460 HTTP/1.1" 200 14382
101.83.144.49 - - [28/Apr/2024:10:37:55 +0800] "GET /xingrg/javascript/jquery_tools/jquery-1.4.2.min.js HTTP/1.1" 404 1094
101.83.144.49 - - [28/Apr/2024:10:37:56 +0800] "GET /xingrg/javascript/easyui/themes/icons/uncheck_new.png HTTP/1.1" 304 -
101.83.144.49 - - [28/Apr/2024:10:37:56 +0800] "GET /xingrg/javascript/easyui/themes/default/validatebox.css HTTP/1.1" 404 1104
101.83.144.49 - - [28/Apr/2024:10:37:56 +0800] "POST /xingrg/kc/mdqp/pssh_order_operate.html HTTP/1.1" 200 528
114.95.253.235 - - [28/Apr/2024:10:38:00 +0800] "GET /xingrg/all/function/internal_message.html?_=1714271880822&CODE_STATE=getMsg HTTP/1.1" 200 27
101.83.144.49 - - [28/Apr/2024:10:38:00 +0800] "GET /xingrg/all/function/internal_message.html?_=1714271881986&CODE_STATE=getMsg HTTP/1.1" 200 27
101.83.144.49 - - [28/Apr/2024:10:38:01 +0800] "GET /xingrg/check_reg.html?_=1714271882159 HTTP/1.1" 200 22
180.169.147.146 - - [28/Apr/2024:10:38:01 +0800] "POST /xingrg/all/report/load_report_page.html HTTP/1.1" 200 120462
180.169.147.146 - - [28/Apr/2024:10:38:01 +0800] "GET /xingrg/servlets/image?cache=0.7210637097383588&image=px HTTP/1.1" 200 807
101.83.144.49 - - [28/Apr/2024:10:38:04 +0800] "GET /xingrg/kc/print/load_config.html?kc_code=pssh HTTP/1.1" 200 2368
101.83.144.49 - - [28/Apr/2024:10:38:04 +0800] "GET /xingrg/kc/print/load_data.html?order_code=312024042600460&kc_code=pssh&condition= HTTP/1.1" 200 644
124.78.56.241 - - [28/Apr/2024:10:38:04 +0800] "GET /xingrg/check_reg.html?_=1714271884813 HTTP/1.1" 200 22
180.169.147.146 - - [28/Apr/2024:10:38:05 +0800] "POST /xingrg/all/report/load_report_page.html HTTP/1.1" 200 120482
180.169.147.146 - - [28/Apr/2024:10:38:05 +0800] "GET /xingrg/servlets/image?cache=0.10979584769224715&image=px HTTP/1.1" 200 807
120.253.135.82 - - [28/Apr/2024:10:38:06 +0800] "GET /xingrg/all/function/internal_message.html?_=1714271734526&CODE_STATE=getMsg HTTP/1.1" 200 27
180.169.147.146 - - [28/Apr/2024:10:38:09 +0800] "POST /xingrg/all/report/report_print.html HTTP/1.1" 200 13333
120.253.135.82 - - [28/Apr/2024:10:38:09 +0800] "POST /xingrg/kc/buy/cgsh_order_operate.html HTTP/1.1" 200 37
120.253.135.82 - - [28/Apr/2024:10:38:12 +0800] "POST /xingrg/kc/buy/cgsh_order_operate.html HTTP/1.1" 200 5215
58.40.7.146 - - [28/Apr/2024:10:38:22 +0800] "GET /xingrg/all/function/internal_message.html?_=1714271902795&CODE_STATE=getMsg HTTP/1.1" 200 27
101.83.144.49 - - [28/Apr/2024:10:38:23 +0800] "GET /xingrg/kc/report/report_main.html HTTP/1.1" 200 7340
101.83.144.49 - - [28/Apr/2024:10:38:23 +0800] "GET /xingrg/javascript/jquery_ui/themes/humanity/humanity.css HTTP/1.1" 304 -
101.83.144.49 - - [28/Apr/2024:10:38:23 +0800] "GET /xingrg/javascript/jquery_easy_ui/themes/icons/back_new.png HTTP/1.1" 304 -
120.253.135.82 - - [28/Apr/2024:10:38:24 +0800] "GET /xingrg/all/function/internal_message.html?_=1714272086115&CODE_STATE=getMsg HTTP/1.1" 200 27
120.253.135.82 - - [28/Apr/2024:10:38:24 +0800] "GET /xingrg/check_reg.html?_=1714272086116 HTTP/1.1" 200 22
101.83.144.49 - - [28/Apr/2024:10:38:24 +0800] "GET /xingrg/kc/base/kc_stocks.html HTTP/1.1" 200 16554
101.83.144.49 - - [28/Apr/2024:10:38:25 +0800] "GET /xingrg/javascript/easyui/themes/sunny/easyui.css HTTP/1.1" 304 -
101.83.144.49 - - [28/Apr/2024:10:38:25 +0800] "GET /xingrg/javascript/easyui/themes/icons/print_new.png HTTP/1.1" 304 -
101.83.144.49 - - [28/Apr/2024:10:38:25 +0800] "GET /xingrg/javascript/easyui/themes/icons/filter_new.png HTTP/1.1" 304 -
101.83.144.49 - - [28/Apr/2024:10:38:25 +0800] "GET /xingrg/javascript/easyui/themes/icons/refresh_new.png HTTP/1.1" 304 -
101.83.144.49 - - [28/Apr/2024:10:38:25 +0800] "GET /xingrg/javascript/easyui/plugins/jquery.draggable.js HTTP/1.1" 304 -
101.83.144.49 - - [28/Apr/2024:10:38:25 +0800] "GET /xingrg/javascript/easyui/plugins/jquery.droppable.js HTTP/1.1" 304 -
101.83.144.49 - - [28/Apr/2024:10:38:25 +0800] "GET /xingrg/javascript/easyui/plugins/jquery.tree.js HTTP/1.1" 304 -
101.83.144.49 - - [28/Apr/2024:10:38:25 +0800] "GET /xingrg/javascript/easyui/themes/default/tree.css HTTP/1.1" 404 1090
101.83.144.49 - - [28/Apr/2024:10:38:25 +0800] "GET /xingrg/all/common/auto_word.html?type=base&rest_code=00105 HTTP/1.1" 200 1907
101.83.144.49 - - [28/Apr/2024:10:38:25 +0800] "POST /xingrg/all/common/load_tree.html?tree=materiel_sort_tree_json HTTP/1.1" 200 9734
101.83.144.49 - - [28/Apr/2024:10:38:25 +0800] "GET /xingrg/javascript/easyui/themes/sunny/images/tree_folder_open.gif HTTP/1.1" 304 -
101.83.144.49 - - [28/Apr/2024:10:38:25 +0800] "GET /xingrg/javascript/easyui/themes/sunny/images/tree_arrows.gif HTTP/1.1" 304 -
101.83.144.49 - - [28/Apr/2024:10:38:25 +0800] "GET /xingrg/javascript/easyui/themes/sunny/images/tree_folder.gif HTTP/1.1" 304 -
101.83.144.49 - - [28/Apr/2024:10:38:25 +0800] "GET /xingrg/javascript/easyui/themes/sunny/images/tree_file.gif HTTP/1.1" 304 -
101.83.144.49 - - [28/Apr/2024:10:38:26 +0800] "POST /xingrg/all/common/load_combo.html?type=base HTTP/1.1" 200 3409
114.95.253.235 - - [28/Apr/2024:10:38:29 +0800] "GET /xingrg/all/function/internal_message.html?_=1714271909082&CODE_STATE=getMsg HTTP/1.1" 200 27
101.83.144.49 - - [28/Apr/2024:10:38:36 +0800] "POST /xingrg/kc/base/stock_operate.html HTTP/1.1" 200 4011
101.83.144.49 - - [28/Apr/2024:10:38:36 +0800] "GET /xingrg/javascript/jquery_tools/fix_table.js HTTP/1.1" 304 -
116.238.97.31 - - [28/Apr/2024:10:38:38 +0800] "GET /xingrg/all/function/internal_message.html?_=1714271919136&CODE_STATE=getMsg HTTP/1.1" 200 27
101.83.241.187 - - [28/Apr/2024:10:38:40 +0800] "GET /xingrg/kc/buy/cgsh_order_add.html HTTP/1.1" 200 73360
180.164.6.225 - - [28/Apr/2024:10:38:41 +0800] "GET /xingrg/all/function/internal_message.html?_=1714271920853&CODE_STATE=getMsg HTTP/1.1" 200 27
180.164.6.225 - - [28/Apr/2024:10:38:41 +0800] "GET /xingrg/check_reg.html?_=1714271920850 HTTP/1.1" 200 22
101.83.241.187 - - [28/Apr/2024:10:38:41 +0800] "POST /xingrg/kc/buy/cgsh_order_operate.html HTTP/1.1" 200 8245
101.83.241.187 - - [28/Apr/2024:10:38:41 +0800] "GET /xingrg/javascript/easyui/themes/default/validatebox.css HTTP/1.1" 404 1104
116.232.195.13 - - [28/Apr/2024:10:38:46 +0800] "GET /xingrg/all/function/internal_message.html?_=1714271911782&CODE_STATE=getMsg HTTP/1.1" 200 27
124.78.56.241 - - [28/Apr/2024:10:38:48 +0800] "GET /xingrg/all/function/internal_message.html?_=1714271928557&CODE_STATE=getMsg HTTP/1.1" 200 27
114.83.217.54 - - [28/Apr/2024:10:38:48 +0800] "GET /xingrg/all/function/internal_message.html?_=1714271929076&CODE_STATE=getMsg HTTP/1.1" 200 27
180.169.147.146 - - [28/Apr/2024:10:38:49 +0800] "GET /xingrg/all/function/internal_message.html?_=1714271929231&CODE_STATE=getMsg HTTP/1.1" 200 27
180.169.147.146 - - [28/Apr/2024:10:38:49 +0800] "GET /xingrg/all/function/internal_message.html?_=1714271918538&CODE_STATE=getMsg HTTP/1.1" 200 27
114.83.217.54 - - [28/Apr/2024:10:38:49 +0800] "GET /xingrg/check_reg.html?_=1714271929850 HTTP/1.1" 200 22
120.253.135.82 - - [28/Apr/2024:10:38:51 +0800] "GET /xingrg/kc/print/load_data.html?order_code=212024042807791&kc_code=cgsh&condition= HTTP/1.1" 200 1756
116.238.97.31 - - [28/Apr/2024:10:38:51 +0800] "GET /xingrg/all/function/internal_message.html?_=1714271966252&CODE_STATE=getMsg HTTP/1.1" 200 27
114.83.217.54 - - [28/Apr/2024:10:38:53 +0800] "GET /xingrg/all/function/internal_message.html?_=1714271934252&CODE_STATE=getMsg HTTP/1.1" 200 27
101.83.241.187 - - [28/Apr/2024:10:38:53 +0800] "GET /xingrg/all/function/internal_message.html?_=1714271933886&CODE_STATE=getMsg HTTP/1.1" 200 27
101.83.241.187 - - [28/Apr/2024:10:38:55 +0800] "GET /xingrg/kc/buy/cgsh_order_operate.html?command=get_materiel&rest_code=00154&code=00101028002&supplier_code=00100427&order_time=2024-04-28 HTTP/1.1" 200 454
221.239.168.119 - - [28/Apr/2024:10:38:59 +0800] "GET /xingrg/check_reg.html?_=1714271936074 HTTP/1.1" 200 22
114.95.253.235 - - [28/Apr/2024:10:39:00 +0800] "GET /xingrg/all/function/internal_message.html?_=1714271940808&CODE_STATE=getMsg HTTP/1.1" 200 27
101.83.144.49 - - [28/Apr/2024:10:39:00 +0800] "GET /xingrg/all/function/internal_message.html?_=1714271941949&CODE_STATE=getMsg HTTP/1.1" 200 27
101.83.241.187 - - [28/Apr/2024:10:39:01 +0800] "POST /xingrg/all/common/load_select.html HTTP/1.1" 200 25
101.83.144.49 - - [28/Apr/2024:10:39:02 +0800] "GET /xingrg/kc/base/yddb_order_list.html HTTP/1.1" 200 16656
101.83.144.49 - - [28/Apr/2024:10:39:03 +0800] "POST /xingrg/kc/base/yddb_list_operate.html HTTP/1.1" 200 636
101.83.144.49 - - [28/Apr/2024:10:39:04 +0800] "GET /xingrg/kc/base/yddb_order_add.html HTTP/1.1" 200 30041
101.83.144.49 - - [28/Apr/2024:10:39:04 +0800] "GET /xingrg/dwr/interface/AjaxComOrderService.js HTTP/1.1" 200 18264
101.83.144.49 - - [28/Apr/2024:10:39:04 +0800] "GET /xingrg/dwr/interface/AjaxYddbService.js HTTP/1.1" 200 13201
101.83.144.49 - - [28/Apr/2024:10:39:04 +0800] "GET /xingrg/dwr/engine.js HTTP/1.1" 200 43631
101.83.144.49 - - [28/Apr/2024:10:39:04 +0800] "GET /xingrg/dwr/util.js HTTP/1.1" 200 35990
101.83.144.49 - - [28/Apr/2024:10:39:04 +0800] "GET /xingrg/javascript/Calendar.js HTTP/1.1" 304 -
101.83.144.49 - - [28/Apr/2024:10:39:04 +0800] "GET /xingrg/javascript/ToolTips.js HTTP/1.1" 304 -
101.83.144.49 - - [28/Apr/2024:10:39:04 +0800] "GET /xingrg/javascript/AjaxInfoList.js HTTP/1.1" 304 -
101.83.144.49 - - [28/Apr/2024:10:39:04 +0800] "GET /xingrg/javascript/checkform.js HTTP/1.1" 304 -
101.83.144.49 - - [28/Apr/2024:10:39:04 +0800] "GET /xingrg/javascript/Grid.js HTTP/1.1" 304 -
101.83.144.49 - - [28/Apr/2024:10:39:04 +0800] "GET /xingrg/javascript/jquery_easy_ui/themes/default/images/menu_downarrow.png HTTP/1.1" 304 -
101.83.144.49 - - [28/Apr/2024:10:39:04 +0800] "GET /xingrg/javascript/jquery_easy_ui/themes/icons/print.png HTTP/1.1" 304 -
101.83.144.49 - - [28/Apr/2024:10:39:04 +0800] "GET /xingrg/javascript/jquery_easy_ui/themes/icons/check_new.png HTTP/1.1" 304 -
101.83.144.49 - - [28/Apr/2024:10:39:04 +0800] "GET /xingrg/javascript/jquery_easy_ui/themes/icons/edit_add_new.png HTTP/1.1" 304 -
101.83.144.49 - - [28/Apr/2024:10:39:04 +0800] "GET /xingrg/javascript/jquery_easy_ui/themes/icons/cance_new.png HTTP/1.1" 304 -
101.83.144.49 - - [28/Apr/2024:10:39:05 +0800] "GET /xingrg/images/blue/button/kc_tab_add.gif HTTP/1.1" 304 -
101.83.144.49 - - [28/Apr/2024:10:39:05 +0800] "GET /xingrg/images/blue/button/kc_tab_edit.gif HTTP/1.1" 304 -
101.83.144.49 - - [28/Apr/2024:10:39:05 +0800] "GET /xingrg/images/blue/button/kc_tab_save.gif HTTP/1.1" 304 -
101.83.144.49 - - [28/Apr/2024:10:39:05 +0800] "GET /xingrg/images/blue/button/kc_tab_del.gif HTTP/1.1" 304 -
101.83.144.49 - - [28/Apr/2024:10:39:05 +0800] "GET /xingrg/images/blue/kc_tab_left.gif HTTP/1.1" 304 -
101.83.144.49 - - [28/Apr/2024:10:39:05 +0800] "GET /xingrg/images/blue/kc_tab_mid.gif HTTP/1.1" 304 -
101.83.144.49 - - [28/Apr/2024:10:39:05 +0800] "GET /xingrg/images/blue/kc_tab_right.gif HTTP/1.1" 304 -
101.83.144.49 - - [28/Apr/2024:10:39:05 +0800] "GET /xingrg/images/blue/kc_tab2_left.gif HTTP/1.1" 304 -
101.83.144.49 - - [28/Apr/2024:10:39:05 +0800] "GET /xingrg/images/blue/kc_tab2_right.gif HTTP/1.1" 304 -
120.253.135.82 - - [28/Apr/2024:10:39:06 +0800] "GET /xingrg/all/function/internal_message.html?_=1714271794584&CODE_STATE=getMsg HTTP/1.1" 200 27
101.83.241.187 - - [28/Apr/2024:10:39:07 +0800] "GET /xingrg/kc/buy/cgsh_order_operate.html?command=get_materiel_price&rest_code=00154&code=00101028002&unit_code=00100157&supplier_code=00100427&order_time=2024-04-28 HTTP/1.1" 200 29
101.83.144.49 - - [28/Apr/2024:10:39:08 +0800] "GET /xingrg/images/blue/wait.gif HTTP/1.1" 304 -
101.83.144.49 - - [28/Apr/2024:10:39:08 +0800] "POST /xingrg/dwr/call/plaincall/AjaxYddbService.getRestBases.dwr HTTP/1.1" 200 1094
58.40.7.146 - - [28/Apr/2024:10:39:22 +0800] "GET /xingrg/all/function/internal_message.html?_=1714271962797&CODE_STATE=getMsg HTTP/1.1" 200 27
120.253.135.82 - - [28/Apr/2024:10:39:24 +0800] "GET /xingrg/all/function/internal_message.html?_=1714272146121&CODE_STATE=getMsg HTTP/1.1" 200 27
222.70.183.82 - - [28/Apr/2024:10:39:29 +0800] "GET /xingrg/check_reg.html?_=1714271967180 HTTP/1.1" 200 22
