101.83.144.49 - - [28/Apr/2024:10:17:57 +0800] "POST /xingrg/login.do HTTP/1.1" 200 2421
101.83.144.49 - - [28/Apr/2024:10:17:57 +0800] "GET /favicon.ico HTTP/1.1" 404 -
101.83.144.49 - - [28/Apr/2024:10:17:58 +0800] "GET /xingrg/login.html HTTP/1.1" 200 7641
101.83.144.49 - - [28/Apr/2024:10:17:58 +0800] "GET /favicon.ico HTTP/1.1" 404 -
114.83.217.54 - - [28/Apr/2024:10:18:00 +0800] "GET /xingrg/kc/buy/cgsh_order_add.html HTTP/1.1" 200 74251
114.83.217.54 - - [28/Apr/2024:10:18:00 +0800] "POST /xingrg/kc/buy/cgsh_order_operate.html HTTP/1.1" 200 8245
114.83.217.54 - - [28/Apr/2024:10:18:00 +0800] "GET /xingrg/javascript/easyui/themes/default/validatebox.css HTTP/1.1" 404 1104
101.83.144.49 - - [28/Apr/2024:10:18:00 +0800] "POST /xingrg/login.do HTTP/1.1" 302 -
101.83.144.49 - - [28/Apr/2024:10:18:00 +0800] "GET /xingrg/index.html?sysBaseUrl=http%3A%2F%2F180.169.147.146%3A18081%2Fxingrg%2F&costTime=1547×tamp=1714270680841 HTTP/1.1" 200 17173
101.83.144.49 - - [28/Apr/2024:10:18:00 +0800] "GET /favicon.ico HTTP/1.1" 404 -
101.83.144.49 - - [28/Apr/2024:10:18:01 +0800] "GET /xingrg/all/function/internal_message.html?_=1714270682138&CODE_STATE=count HTTP/1.1" 200 11
101.83.144.49 - - [28/Apr/2024:10:18:01 +0800] "GET /xingrg/check_reg.html?_=1714270682139 HTTP/1.1" 200 22
101.83.144.49 - - [28/Apr/2024:10:18:01 +0800] "POST /xingrg/all/common/load_tree.html?tree=area_rest_tree_json&manage=1 HTTP/1.1" 200 3624
101.83.144.49 - - [28/Apr/2024:10:18:01 +0800] "POST /xingrg/load_menu.html HTTP/1.1" 200 5138
101.83.144.49 - - [28/Apr/2024:10:18:04 +0800] "GET /xingrg/kc/buy/cgsh_order_list.html HTTP/1.1" 200 58350
124.78.56.241 - - [28/Apr/2024:10:18:04 +0800] "GET /xingrg/check_reg.html?_=1714270684883 HTTP/1.1" 200 22
114.95.253.235 - - [28/Apr/2024:10:18:13 +0800] "GET /xingrg/all/function/internal_message.html?_=1714270693194&CODE_STATE=getMsg HTTP/1.1" 200 27
101.83.144.49 - - [28/Apr/2024:10:18:15 +0800] "POST /xingrg/kc/buy/cgsh_list_operate.html HTTP/1.1" 200 2181
58.40.7.146 - - [28/Apr/2024:10:18:22 +0800] "GET /xingrg/all/function/internal_message.html?_=1714270702784&CODE_STATE=getMsg HTTP/1.1" 200 27
101.83.144.49 - - [28/Apr/2024:10:18:24 +0800] "GET /xingrg/kc/buy/cgsh_order_add.html HTTP/1.1" 200 74245
180.169.147.146 - - [28/Apr/2024:10:18:24 +0800] "GET /xingrg/check_reg.html?_=1714270704128 HTTP/1.1" 200 22
180.169.147.146 - - [28/Apr/2024:10:18:24 +0800] "GET /xingrg/all/function/internal_message.html?_=1714270704132&CODE_STATE=getMsg HTTP/1.1" 200 27
101.83.144.49 - - [28/Apr/2024:10:18:24 +0800] "GET /xingrg/words/20240427141959_words.js HTTP/1.1" 304 -
101.83.144.49 - - [28/Apr/2024:10:18:24 +0800] "POST /xingrg/kc/buy/cgsh_order_operate.html HTTP/1.1" 200 8245
101.83.144.49 - - [28/Apr/2024:10:18:24 +0800] "GET /xingrg/javascript/easyui/themes/default/validatebox.css HTTP/1.1" 404 1104
180.169.147.146 - - [28/Apr/2024:10:18:24 +0800] "GET /xingrg/check_reg.html?_=1714270693739 HTTP/1.1" 200 22
101.83.144.49 - - [28/Apr/2024:10:18:24 +0800] "GET /xingrg/all/common/auto_word.html?type=employee&rest_code=00105 HTTP/1.1" 200 193
101.83.144.49 - - [28/Apr/2024:10:18:24 +0800] "GET /xingrg/all/common/auto_word.html?type=employee&rest_code=00105 HTTP/1.1" 200 193
114.95.253.235 - - [28/Apr/2024:10:18:29 +0800] "GET /xingrg/all/function/internal_message.html?_=1714270709082&CODE_STATE=getMsg HTTP/1.1" 200 27
101.83.144.49 - - [28/Apr/2024:10:18:32 +0800] "GET /xingrg/javascript/auto/indicator.gif HTTP/1.1" 404 1066
116.238.97.31 - - [28/Apr/2024:10:18:39 +0800] "GET /xingrg/all/function/internal_message.html?_=1714270719359&CODE_STATE=getMsg HTTP/1.1" 200 27
180.164.6.225 - - [28/Apr/2024:10:18:40 +0800] "GET /xingrg/all/function/internal_message.html?_=1714270720836&CODE_STATE=getMsg HTTP/1.1" 200 27
180.164.6.225 - - [28/Apr/2024:10:18:40 +0800] "GET /xingrg/check_reg.html?_=1714270720839 HTTP/1.1" 200 22
101.83.144.49 - - [28/Apr/2024:10:18:47 +0800] "GET /xingrg/kc/buy/cgsh_order_operate.html?command=get_materiel&rest_code=00105&code=00101004050&supplier_code=00100312&order_time=2024-04-28 HTTP/1.1" 200 409
124.78.56.241 - - [28/Apr/2024:10:18:48 +0800] "GET /xingrg/all/function/internal_message.html?_=1714270728917&CODE_STATE=getMsg HTTP/1.1" 200 27
114.83.217.54 - - [28/Apr/2024:10:18:49 +0800] "GET /xingrg/all/function/internal_message.html?_=1714270729383&CODE_STATE=getMsg HTTP/1.1" 200 27
114.83.217.54 - - [28/Apr/2024:10:18:49 +0800] "GET /xingrg/check_reg.html?_=1714270729912 HTTP/1.1" 200 22
116.238.97.31 - - [28/Apr/2024:10:18:51 +0800] "GET /xingrg/all/function/internal_message.html?_=1714270766225&CODE_STATE=getMsg HTTP/1.1" 200 27
120.253.135.82 - - [28/Apr/2024:10:18:51 +0800] "GET /xingrg/all/function/internal_message.html?_=1714270580328&CODE_STATE=getMsg HTTP/1.1" 200 27
101.83.241.187 - - [28/Apr/2024:10:18:53 +0800] "GET /xingrg/all/function/internal_message.html?_=1714270733879&CODE_STATE=getMsg HTTP/1.1" 200 27
114.83.217.54 - - [28/Apr/2024:10:18:54 +0800] "GET /xingrg/all/function/internal_message.html?_=1714270734712&CODE_STATE=getMsg HTTP/1.1" 200 27
116.237.77.239 - - [28/Apr/2024:10:18:54 +0800] "GET /xingrg/all/function/internal_message.html?_=1714270734090&CODE_STATE=getMsg HTTP/1.1" 200 27
221.239.168.119 - - [28/Apr/2024:10:18:59 +0800] "GET /xingrg/check_reg.html?_=1714270736137 HTTP/1.1" 200 22
101.83.144.49 - - [28/Apr/2024:10:19:01 +0800] "GET /xingrg/all/function/internal_message.html?_=1714270742173&CODE_STATE=getMsg HTTP/1.1" 200 27
114.83.217.54 - - [28/Apr/2024:10:19:05 +0800] "GET /xingrg/kc/buy/cgsh_order_operate.html?command=get_materiel&rest_code=00149&code=00101011003&supplier_code=00100051&order_time=2024-04-28 HTTP/1.1" 200 413
114.95.253.235 - - [28/Apr/2024:10:19:05 +0800] "POST /xingrg/services/DataTransmitService HTTP/1.1" 200 524
101.83.144.49 - - [28/Apr/2024:10:19:06 +0800] "GET /xingrg/kc/buy/cgsh_order_operate.html?command=get_materiel&rest_code=00105&code=00101004067&supplier_code=00100312&order_time=2024-04-28 HTTP/1.1" 200 429
114.95.253.235 - - [28/Apr/2024:10:19:13 +0800] "GET /xingrg/all/function/internal_message.html?_=1714270753198&CODE_STATE=getMsg HTTP/1.1" 200 27
58.40.7.146 - - [28/Apr/2024:10:19:22 +0800] "GET /xingrg/all/function/internal_message.html?_=1714270762780&CODE_STATE=getMsg HTTP/1.1" 200 27
180.169.147.146 - - [28/Apr/2024:10:19:24 +0800] "GET /xingrg/all/function/internal_message.html?_=1714270764121&CODE_STATE=getMsg HTTP/1.1" 200 27
222.70.183.82 - - [28/Apr/2024:10:19:29 +0800] "GET /xingrg/check_reg.html?_=1714270767247 HTTP/1.1" 200 22
114.95.253.235 - - [28/Apr/2024:10:19:29 +0800] "GET /xingrg/all/function/internal_message.html?_=1714270769086&CODE_STATE=getMsg HTTP/1.1" 200 27
180.163.30.76 - - [28/Apr/2024:10:19:36 +0800] "GET /xingrg/kc/print/load_data.html?order_code=212024042807739&kc_code=cgsh&condition= HTTP/1.1" 302 -
180.163.30.76 - - [28/Apr/2024:10:19:36 +0800] "GET /xingrg/login.html HTTP/1.1" 200 7641
114.83.217.54 - - [28/Apr/2024:10:19:37 +0800] "GET /xingrg/kc/buy/cgsh_order_operate.html?command=get_materiel&rest_code=00149&code=00101011005&supplier_code=00100051&order_time=2024-04-28 HTTP/1.1" 200 428
116.238.97.31 - - [28/Apr/2024:10:19:39 +0800] "GET /xingrg/all/function/internal_message.html?_=1714270779351&CODE_STATE=getMsg HTTP/1.1" 200 27
180.164.6.225 - - [28/Apr/2024:10:19:40 +0800] "GET /xingrg/all/function/internal_message.html?_=1714270780842&CODE_STATE=getMsg HTTP/1.1" 200 27
101.83.144.49 - - [28/Apr/2024:10:19:43 +0800] "GET /xingrg/kc/buy/cgsh_order_operate.html?command=get_materiel&rest_code=00105&code=00101004030&supplier_code=00100312&order_time=2024-04-28 HTTP/1.1" 200 408
124.78.56.241 - - [28/Apr/2024:10:19:48 +0800] "GET /xingrg/all/function/internal_message.html?_=1714270788893&CODE_STATE=getMsg HTTP/1.1" 200 27
114.83.217.54 - - [28/Apr/2024:10:19:49 +0800] "GET /xingrg/all/function/internal_message.html?_=1714270789374&CODE_STATE=getMsg HTTP/1.1" 200 27
116.238.97.31 - - [28/Apr/2024:10:19:51 +0800] "GET /xingrg/check_reg.html?_=1714270826225 HTTP/1.1" 200 22
116.238.97.31 - - [28/Apr/2024:10:19:51 +0800] "GET /xingrg/all/function/internal_message.html?_=1714270826227&CODE_STATE=getMsg HTTP/1.1" 200 27
120.253.135.82 - - [28/Apr/2024:10:19:51 +0800] "GET /xingrg/all/function/internal_message.html?_=1714270640350&CODE_STATE=getMsg HTTP/1.1" 200 27
101.83.144.49 - - [28/Apr/2024:10:19:52 +0800] "GET /xingrg/kc/buy/cgsh_order_operate.html?command=get_materiel&rest_code=00105&code=00101004057&supplier_code=00100312&order_time=2024-04-28 HTTP/1.1" 200 409
101.83.241.187 - - [28/Apr/2024:10:19:53 +0800] "GET /xingrg/all/function/internal_message.html?_=1714270793870&CODE_STATE=getMsg HTTP/1.1" 200 27
101.83.241.187 - - [28/Apr/2024:10:19:53 +0800] "GET /xingrg/check_reg.html?_=1714270793875 HTTP/1.1" 200 22
114.83.217.54 - - [28/Apr/2024:10:19:54 +0800] "GET /xingrg/all/function/internal_message.html?_=1714270794701&CODE_STATE=getMsg HTTP/1.1" 200 27
116.237.77.239 - - [28/Apr/2024:10:19:54 +0800] "GET /xingrg/all/function/internal_message.html?_=1714270794061&CODE_STATE=getMsg HTTP/1.1" 200 27
101.83.144.49 - - [28/Apr/2024:10:20:01 +0800] "GET /xingrg/all/function/internal_message.html?_=1714270802145&CODE_STATE=getMsg HTTP/1.1" 200 27
114.83.217.54 - - [28/Apr/2024:10:20:01 +0800] "POST /xingrg/kc/buy/cgsh_order_operate.html HTTP/1.1" 200 37
101.83.144.49 - - [28/Apr/2024:10:20:07 +0800] "GET /xingrg/kc/buy/cgsh_order_operate.html?command=get_materiel&rest_code=00105&code=00101004038&supplier_code=00100312&order_time=2024-04-28 HTTP/1.1" 200 409
114.95.253.235 - - [28/Apr/2024:10:20:13 +0800] "GET /xingrg/all/function/internal_message.html?_=1714270813195&CODE_STATE=getMsg HTTP/1.1" 200 27
101.83.144.49 - - [28/Apr/2024:10:20:15 +0800] "GET /xingrg/kc/buy/cgsh_order_operate.html?command=get_materiel&rest_code=00105&code=00101001156&supplier_code=00100312&order_time=2024-04-28 HTTP/1.1" 200 424
114.83.217.54 - - [28/Apr/2024:10:20:18 +0800] "GET /xingrg/check_reg.html?_=1714270819190 HTTP/1.1" 200 22
114.83.217.54 - - [28/Apr/2024:10:20:18 +0800] "POST /xingrg/kc/buy/cgsh_order_operate.html HTTP/1.1" 200 12
114.83.217.54 - - [28/Apr/2024:10:20:20 +0800] "GET /xingrg/kc/buy/cgsh_order_info.html?code=212024042807772 HTTP/1.1" 200 69122
114.83.217.54 - - [28/Apr/2024:10:20:21 +0800] "GET /xingrg/javascript/easyui/themes/default/validatebox.css HTTP/1.1" 404 1104
114.83.217.54 - - [28/Apr/2024:10:20:22 +0800] "POST /xingrg/kc/buy/cgsh_order_operate.html HTTP/1.1" 200 1788
58.40.7.146 - - [28/Apr/2024:10:20:22 +0800] "GET /xingrg/all/function/internal_message.html?_=1714270822797&CODE_STATE=getMsg HTTP/1.1" 200 27
58.40.7.146 - - [28/Apr/2024:10:20:22 +0800] "GET /xingrg/check_reg.html?_=1714270822800 HTTP/1.1" 200 22
180.169.147.146 - - [28/Apr/2024:10:20:24 +0800] "GET /xingrg/all/function/internal_message.html?_=1714270824133&CODE_STATE=getMsg HTTP/1.1" 200 27
101.83.144.49 - - [28/Apr/2024:10:20:25 +0800] "GET /xingrg/kc/buy/cgsh_order_operate.html?command=get_materiel&rest_code=00105&code=00101001029&supplier_code=00100312&order_time=2024-04-28 HTTP/1.1" 200 417
114.83.217.54 - - [28/Apr/2024:10:20:28 +0800] "GET /xingrg/kc/print/load_data.html?order_code=212024042807772&kc_code=cgsh&condition= HTTP/1.1" 200 1172
114.95.253.235 - - [28/Apr/2024:10:20:29 +0800] "GET /xingrg/all/function/internal_message.html?_=1714270829091&CODE_STATE=getMsg HTTP/1.1" 200 27
114.95.253.235 - - [28/Apr/2024:10:20:29 +0800] "GET /xingrg/check_reg.html?_=1714270829093 HTTP/1.1" 200 22
114.83.217.54 - - [28/Apr/2024:10:20:37 +0800] "GET /xingrg/kc/buy/cgsh_order_add.html HTTP/1.1" 200 74251
114.83.217.54 - - [28/Apr/2024:10:20:37 +0800] "POST /xingrg/kc/buy/cgsh_order_operate.html HTTP/1.1" 200 8245
114.83.217.54 - - [28/Apr/2024:10:20:37 +0800] "GET /xingrg/javascript/easyui/themes/default/validatebox.css HTTP/1.1" 404 1104
116.238.97.31 - - [28/Apr/2024:10:20:39 +0800] "GET /xingrg/all/function/internal_message.html?_=1714270839336&CODE_STATE=getMsg HTTP/1.1" 200 27
180.164.6.225 - - [28/Apr/2024:10:20:40 +0800] "GET /xingrg/all/function/internal_message.html?_=1714270840841&CODE_STATE=getMsg HTTP/1.1" 200 27
101.83.144.49 - - [28/Apr/2024:10:20:41 +0800] "POST /xingrg/kc/buy/cgsh_order_operate.html HTTP/1.1" 200 37
101.83.144.49 - - [28/Apr/2024:10:20:43 +0800] "POST /xingrg/kc/buy/cgsh_order_operate.html HTTP/1.1" 200 6212
101.83.144.49 - - [28/Apr/2024:10:20:44 +0800] "GET /xingrg/kc/print/load_config.html?kc_code=cgsh HTTP/1.1" 200 1927
101.83.144.49 - - [28/Apr/2024:10:20:45 +0800] "GET /xingrg/kc/print/load_data.html?order_code=212024042807773&kc_code=cgsh&condition= HTTP/1.1" 200 2018
124.78.56.241 - - [28/Apr/2024:10:20:48 +0800] "GET /xingrg/all/function/internal_message.html?_=1714270848878&CODE_STATE=getMsg HTTP/1.1" 200 27
114.83.217.54 - - [28/Apr/2024:10:20:49 +0800] "GET /xingrg/all/function/internal_message.html?_=1714270849360&CODE_STATE=getMsg HTTP/1.1" 200 27
101.83.144.49 - - [28/Apr/2024:10:20:50 +0800] "GET /xingrg/kc/buy/cgsh_order_add.html HTTP/1.1" 200 74245
101.83.144.49 - - [28/Apr/2024:10:20:50 +0800] "POST /xingrg/kc/buy/cgsh_order_operate.html HTTP/1.1" 200 8245
101.83.144.49 - - [28/Apr/2024:10:20:50 +0800] "GET /xingrg/javascript/easyui/themes/default/validatebox.css HTTP/1.1" 404 1104
116.238.97.31 - - [28/Apr/2024:10:20:51 +0800] "GET /xingrg/all/function/internal_message.html?_=1714270886227&CODE_STATE=getMsg HTTP/1.1" 200 27
120.253.135.82 - - [28/Apr/2024:10:20:51 +0800] "GET /xingrg/all/function/internal_message.html?_=1714270700355&CODE_STATE=getMsg HTTP/1.1" 200 27
101.83.241.187 - - [28/Apr/2024:10:20:53 +0800] "GET /xingrg/all/function/internal_message.html?_=1714270853889&CODE_STATE=getMsg HTTP/1.1" 200 27
114.83.217.54 - - [28/Apr/2024:10:20:54 +0800] "GET /xingrg/all/function/internal_message.html?_=1714270854681&CODE_STATE=getMsg HTTP/1.1" 200 27
116.237.77.239 - - [28/Apr/2024:10:20:54 +0800] "GET /xingrg/all/function/internal_message.html?_=1714270854047&CODE_STATE=getMsg HTTP/1.1" 200 27
101.83.144.49 - - [28/Apr/2024:10:21:01 +0800] "GET /xingrg/all/function/internal_message.html?_=1714270862171&CODE_STATE=getMsg HTTP/1.1" 200 27
114.83.217.54 - - [28/Apr/2024:10:21:01 +0800] "GET /xingrg/kc/buy/cgsh_order_operate.html?command=get_materiel&rest_code=00149&code=00101004056&supplier_code=00100083&order_time=2024-04-28 HTTP/1.1" 200 421
114.95.253.235 - - [28/Apr/2024:10:21:13 +0800] "GET /xingrg/all/function/internal_message.html?_=1714270873184&CODE_STATE=getMsg HTTP/1.1" 200 27
114.95.253.235 - - [28/Apr/2024:10:21:13 +0800] "GET /xingrg/check_reg.html?_=1714270873192 HTTP/1.1" 200 22
114.83.217.54 - - [28/Apr/2024:10:21:15 +0800] "GET /xingrg/kc/buy/cgsh_order_operate.html?command=get_materiel&rest_code=00149&code=00101004051&supplier_code=00100083&order_time=2024-04-28 HTTP/1.1" 200 408
101.83.144.49 - - [28/Apr/2024:10:21:19 +0800] "GET /xingrg/kc/buy/cgsh_order_operate.html?command=get_materiel&rest_code=00105&code=00101003003&supplier_code=00100671&order_time=2024-04-28 HTTP/1.1" 200 416
58.40.7.146 - - [28/Apr/2024:10:21:22 +0800] "GET /xingrg/all/function/internal_message.html?_=1714270882790&CODE_STATE=getMsg HTTP/1.1" 200 27
180.169.147.146 - - [28/Apr/2024:10:21:24 +0800] "GET /xingrg/all/function/internal_message.html?_=1714270884139&CODE_STATE=getMsg HTTP/1.1" 200 27
114.83.217.54 - - [28/Apr/2024:10:21:27 +0800] "GET /xingrg/kc/buy/cgsh_order_operate.html?command=get_materiel&rest_code=00149&code=00101001138&supplier_code=00100083&order_time=2024-04-28 HTTP/1.1" 200 415
114.95.253.235 - - [28/Apr/2024:10:21:29 +0800] "GET /xingrg/all/function/internal_message.html?_=1714270889089&CODE_STATE=getMsg HTTP/1.1" 200 27
180.163.29.79 - - [28/Apr/2024:10:21:30 +0800] "GET /xingrg/all/function/internal_message.html?_=1714270614131&CODE_STATE=getMsg HTTP/1.1" 302 -
180.163.29.79 - - [28/Apr/2024:10:21:30 +0800] "GET /xingrg/login.html HTTP/1.1" 200 7641
180.163.28.143 - - [28/Apr/2024:10:21:34 +0800] "GET /xingrg/all/function/internal_message.html?_=1714270554149&CODE_STATE=getMsg HTTP/1.1" 302 -
180.163.28.143 - - [28/Apr/2024:10:21:34 +0800] "GET /xingrg/login.html HTTP/1.1" 200 7641
101.83.144.49 - - [28/Apr/2024:10:21:34 +0800] "POST /xingrg/kc/buy/cgsh_order_operate.html HTTP/1.1" 200 37
101.83.144.49 - - [28/Apr/2024:10:21:38 +0800] "POST /xingrg/kc/buy/cgsh_order_operate.html HTTP/1.1" 200 2666
116.238.97.31 - - [28/Apr/2024:10:21:39 +0800] "GET /xingrg/all/function/internal_message.html?_=1714270899336&CODE_STATE=getMsg HTTP/1.1" 200 27
114.83.217.54 - - [28/Apr/2024:10:21:39 +0800] "GET /xingrg/kc/buy/cgsh_order_operate.html?command=get_materiel&rest_code=00149&code=00101004067&supplier_code=00100083&order_time=2024-04-28 HTTP/1.1" 200 431
101.83.144.49 - - [28/Apr/2024:10:21:40 +0800] "GET /xingrg/kc/print/load_data.html?order_code=212024042807774&kc_code=cgsh&condition= HTTP/1.1" 200 688
180.164.6.225 - - [28/Apr/2024:10:21:40 +0800] "GET /xingrg/all/function/internal_message.html?_=1714270900830&CODE_STATE=getMsg HTTP/1.1" 200 27
124.78.56.241 - - [28/Apr/2024:10:21:48 +0800] "GET /xingrg/all/function/internal_message.html?_=1714270908863&CODE_STATE=getMsg HTTP/1.1" 200 27
114.83.217.54 - - [28/Apr/2024:10:21:49 +0800] "GET /xingrg/all/function/internal_message.html?_=1714270909342&CODE_STATE=getMsg HTTP/1.1" 200 27
101.83.144.49 - - [28/Apr/2024:10:21:49 +0800] "GET /xingrg/kc/buy/cgsh_order_add.html HTTP/1.1" 200 74245
101.83.144.49 - - [28/Apr/2024:10:21:49 +0800] "GET /xingrg/javascript/easyui/themes/default/validatebox.css HTTP/1.1" 404 1104
101.83.144.49 - - [28/Apr/2024:10:21:49 +0800] "POST /xingrg/kc/buy/cgsh_order_operate.html HTTP/1.1" 200 8245
120.253.135.82 - - [28/Apr/2024:10:21:51 +0800] "GET /xingrg/check_reg.html?_=1714270759534 HTTP/1.1" 200 22
116.238.97.31 - - [28/Apr/2024:10:21:51 +0800] "GET /xingrg/all/function/internal_message.html?_=1714270946233&CODE_STATE=getMsg HTTP/1.1" 200 27
120.253.135.82 - - [28/Apr/2024:10:21:52 +0800] "GET /xingrg/all/function/internal_message.html?_=1714270760369&CODE_STATE=getMsg HTTP/1.1" 200 27
114.83.217.54 - - [28/Apr/2024:10:21:52 +0800] "GET /xingrg/kc/buy/cgsh_order_operate.html?command=get_materiel&rest_code=00149&code=00101004074&supplier_code=00100083&order_time=2024-04-28 HTTP/1.1" 200 406
101.83.241.187 - - [28/Apr/2024:10:21:53 +0800] "GET /xingrg/all/function/internal_message.html?_=1714270913884&CODE_STATE=getMsg HTTP/1.1" 200 27
114.83.217.54 - - [28/Apr/2024:10:21:54 +0800] "GET /xingrg/all/function/internal_message.html?_=1714270914669&CODE_STATE=getMsg HTTP/1.1" 200 27
116.237.77.239 - - [28/Apr/2024:10:21:54 +0800] "GET /xingrg/all/function/internal_message.html?_=1714270914020&CODE_STATE=getMsg HTTP/1.1" 200 27
101.83.144.49 - - [28/Apr/2024:10:22:01 +0800] "GET /xingrg/all/function/internal_message.html?_=1714270922150&CODE_STATE=getMsg HTTP/1.1" 200 27
114.83.217.54 - - [28/Apr/2024:10:22:03 +0800] "GET /xingrg/kc/buy/cgsh_order_operate.html?command=get_materiel&rest_code=00149&code=00101002038&supplier_code=00100083&order_time=2024-04-28 HTTP/1.1" 200 416
101.83.144.49 - - [28/Apr/2024:10:22:04 +0800] "GET /xingrg/kc/buy/cgsh_order_operate.html?command=get_materiel&rest_code=00105&code=00101006364&supplier_code=00100331&order_time=2024-04-28 HTTP/1.1" 200 430
114.95.253.235 - - [28/Apr/2024:10:22:13 +0800] "GET /xingrg/all/function/internal_message.html?_=1714270933207&CODE_STATE=getMsg HTTP/1.1" 200 27
180.169.147.146 - - [28/Apr/2024:10:22:17 +0800] "GET /xingrg/check_reg.html?_=1714270926839 HTTP/1.1" 200 22
120.253.135.82 - - [28/Apr/2024:10:22:21 +0800] "GET /xingrg/kc/pszx/mdqp_order_list.html?state=10 HTTP/1.1" 200 10759
120.253.135.82 - - [28/Apr/2024:10:22:21 +0800] "GET /xingrg/dwr/interface/AjaxQqpsService.js HTTP/1.1" 200 16326
120.253.135.82 - - [28/Apr/2024:10:22:21 +0800] "GET /xingrg/dwr/interface/AjaxReportQueryService.js HTTP/1.1" 200 13203
120.253.135.82 - - [28/Apr/2024:10:22:21 +0800] "GET /xingrg/dwr/engine.js HTTP/1.1" 200 43631
58.40.7.146 - - [28/Apr/2024:10:22:22 +0800] "GET /xingrg/all/function/internal_message.html?_=1714270942787&CODE_STATE=getMsg HTTP/1.1" 200 27
180.169.147.146 - - [28/Apr/2024:10:22:24 +0800] "GET /xingrg/all/function/internal_message.html?_=1714270944134&CODE_STATE=getMsg HTTP/1.1" 200 27
120.253.135.82 - - [28/Apr/2024:10:22:24 +0800] "GET /xingrg/kc/pszx/mdqp_order_info.html?code=302024042800426 HTTP/1.1" 200 13350
120.253.135.82 - - [28/Apr/2024:10:22:24 +0800] "GET /xingrg/dwr/interface/AjaxComOrderService.js HTTP/1.1" 200 18264
120.253.135.82 - - [28/Apr/2024:10:22:24 +0800] "GET /xingrg/dwr/interface/AjaxQqpsService.js HTTP/1.1" 200 16326
120.253.135.82 - - [28/Apr/2024:10:22:24 +0800] "GET /xingrg/dwr/engine.js HTTP/1.1" 200 43631
120.253.135.82 - - [28/Apr/2024:10:22:24 +0800] "GET /xingrg/javascript/checkform.js HTTP/1.1" 304 -
120.253.135.82 - - [28/Apr/2024:10:22:24 +0800] "GET /xingrg/javascript/ToolTips.js HTTP/1.1" 304 -
120.253.135.82 - - [28/Apr/2024:10:22:24 +0800] "GET /xingrg/javascript/Grid.js HTTP/1.1" 304 -
120.253.135.82 - - [28/Apr/2024:10:22:24 +0800] "GET /xingrg/javascript/AjaxInfoList.js HTTP/1.1" 304 -
120.253.135.82 - - [28/Apr/2024:10:22:24 +0800] "GET /xingrg/javascript/tools/jquery.qtip-1.0.0-rc3.min.js HTTP/1.1" 304 -
120.253.135.82 - - [28/Apr/2024:10:22:24 +0800] "GET /xingrg/images/blue/button/kc_tab_edit.gif HTTP/1.1" 304 -
120.253.135.82 - - [28/Apr/2024:10:22:24 +0800] "GET /xingrg/images/blue/button/kc_tab_save.gif HTTP/1.1" 304 -
120.253.135.82 - - [28/Apr/2024:10:22:24 +0800] "GET /xingrg/images/blue/kc_tab_left.gif HTTP/1.1" 304 -
120.253.135.82 - - [28/Apr/2024:10:22:24 +0800] "GET /xingrg/images/blue/kc_tab_mid.gif HTTP/1.1" 304 -
120.253.135.82 - - [28/Apr/2024:10:22:24 +0800] "GET /xingrg/images/blue/kc_tab2_left.gif HTTP/1.1" 304 -
120.253.135.82 - - [28/Apr/2024:10:22:24 +0800] "GET /xingrg/images/blue/kc_tab_right.gif HTTP/1.1" 304 -
120.253.135.82 - - [28/Apr/2024:10:22:24 +0800] "GET /xingrg/images/blue/kc_tab2_right.gif HTTP/1.1" 304 -
120.253.135.82 - - [28/Apr/2024:10:22:24 +0800] "GET /xingrg/images/blue/wait.gif HTTP/1.1" 304 -
120.253.135.82 - - [28/Apr/2024:10:22:25 +0800] "POST /xingrg/dwr/call/plaincall/AjaxQqpsService.loadMaterielItems.dwr HTTP/1.1" 200 338
116.232.195.13 - - [28/Apr/2024:10:22:27 +0800] "POST /xingrg/login.do HTTP/1.1" 200 2421
116.232.195.13 - - [28/Apr/2024:10:22:28 +0800] "POST /xingrg/login.do HTTP/1.1" 200 2421
180.163.28.180 - - [28/Apr/2024:10:22:28 +0800] "GET /xingrg/check_reg.html?_=1714268575224 HTTP/1.1" 302 -
116.232.195.13 - - [28/Apr/2024:10:22:28 +0800] "GET /xingrg/css/blue.css HTTP/1.1" 200 15949
116.232.195.13 - - [28/Apr/2024:10:22:28 +0800] "GET /xingrg/javascript/myfunction.js HTTP/1.1" 200 24559
116.232.195.13 - - [28/Apr/2024:10:22:28 +0800] "GET /xingrg/images/blue/pic_notice.jpg HTTP/1.1" 200 3583
116.232.195.13 - - [28/Apr/2024:10:22:28 +0800] "GET /xingrg/images/blue/pic_top.gif HTTP/1.1" 200 3656
180.163.28.180 - - [28/Apr/2024:10:22:28 +0800] "GET /xingrg/login.html HTTP/1.1" 200 7641
116.232.195.13 - - [28/Apr/2024:10:22:28 +0800] "GET /xingrg/images/blue/error_mid.gif HTTP/1.1" 200 215
116.232.195.13 - - [28/Apr/2024:10:22:28 +0800] "GET /xingrg/images/blue/error_top.gif HTTP/1.1" 200 1790
116.232.195.13 - - [28/Apr/2024:10:22:28 +0800] "GET /xingrg/images/blue/error_buttom.gif HTTP/1.1" 200 1750
116.232.195.13 - - [28/Apr/2024:10:22:28 +0800] "GET /favicon.ico HTTP/1.1" 404 -
116.232.195.13 - - [28/Apr/2024:10:22:29 +0800] "GET /xingrg/login.html HTTP/1.1" 200 7641
116.232.195.13 - - [28/Apr/2024:10:22:29 +0800] "GET /xingrg/images/blue/jxLogo.png HTTP/1.1" 200 6156
116.232.195.13 - - [28/Apr/2024:10:22:29 +0800] "GET /xingrg/images/blue/hj.png HTTP/1.1" 200 1014
116.232.195.13 - - [28/Apr/2024:10:22:29 +0800] "GET /xingrg/images/blue/srbg.png HTTP/1.1" 200 138
116.232.195.13 - - [28/Apr/2024:10:22:29 +0800] "GET /xingrg/images/blue/login_bg.png HTTP/1.1" 200 22101
116.232.195.13 - - [28/Apr/2024:10:22:29 +0800] "GET /favicon.ico HTTP/1.1" 404 -
114.95.253.235 - - [28/Apr/2024:10:22:29 +0800] "GET /xingrg/all/function/internal_message.html?_=1714270949100&CODE_STATE=getMsg HTTP/1.1" 200 27
120.253.135.82 - - [28/Apr/2024:10:22:30 +0800] "GET /xingrg/javascript/jquery_easy_ui/themes/default/images/button_plain_hover.png HTTP/1.1" 304 -
120.253.135.82 - - [28/Apr/2024:10:22:31 +0800] "GET /xingrg/kc/pszx/mdqp_order_list.html?isBack=1 HTTP/1.1" 302 -
120.253.135.82 - - [28/Apr/2024:10:22:31 +0800] "GET /xingrg/images/yd/bt.gif HTTP/1.1" 404 1040
120.253.135.82 - - [28/Apr/2024:10:22:31 +0800] "GET /xingrg/images/yd/bt2.gif HTTP/1.1" 404 1042
120.253.135.82 - - [28/Apr/2024:10:22:32 +0800] "GET /xingrg/kc/pszx/mdqp_order_list.html?state=10 HTTP/1.1" 200 10759
120.253.135.82 - - [28/Apr/2024:10:22:32 +0800] "GET /xingrg/dwr/interface/AjaxQqpsService.js HTTP/1.1" 200 16326
120.253.135.82 - - [28/Apr/2024:10:22:32 +0800] "GET /xingrg/dwr/engine.js HTTP/1.1" 200 43631
120.253.135.82 - - [28/Apr/2024:10:22:32 +0800] "GET /xingrg/dwr/interface/AjaxReportQueryService.js HTTP/1.1" 200 13203
120.253.135.82 - - [28/Apr/2024:10:22:36 +0800] "GET /xingrg/kc/pszx/jzcl_ps.html HTTP/1.1" 200 7683
120.253.135.82 - - [28/Apr/2024:10:22:36 +0800] "GET /xingrg/javascript/step/step.css HTTP/1.1" 304 -
120.253.135.82 - - [28/Apr/2024:10:22:36 +0800] "GET /xingrg/css/table.css HTTP/1.1" 304 -
120.253.135.82 - - [28/Apr/2024:10:22:36 +0800] "GET /xingrg/javascript/step/images/navCurrentBtn.gif HTTP/1.1" 304 -
120.253.135.82 - - [28/Apr/2024:10:22:36 +0800] "GET /xingrg/javascript/jquery_easy_ui/themes/default/images/combo_arrow_dot.gif HTTP/1.1" 304 -
120.253.135.82 - - [28/Apr/2024:10:22:36 +0800] "GET /xingrg/javascript/jquery_easy_ui/themes/default/images/datagrid_header_bg.gif HTTP/1.1" 304 -
120.253.135.82 - - [28/Apr/2024:10:22:36 +0800] "GET /xingrg/javascript/jquery_easy_ui/themes/default/images/pagination_loading.gif HTTP/1.1" 304 -
120.253.135.82 - - [28/Apr/2024:10:22:38 +0800] "POST /xingrg/all/common/load_tree.html?tree=area_rest_tree_json HTTP/1.1" 200 3624
120.253.135.82 - - [28/Apr/2024:10:22:38 +0800] "GET /xingrg/javascript/jquery_easy_ui/themes/default/images/tree_checkbox_0.gif HTTP/1.1" 304 -
120.253.135.82 - - [28/Apr/2024:10:22:38 +0800] "POST /xingrg/kc/pszx/jzcl_ps_operate.html HTTP/1.1" 200 403
101.83.144.49 - - [28/Apr/2024:10:22:38 +0800] "POST /xingrg/kc/buy/cgsh_order_operate.html HTTP/1.1" 200 64
120.253.135.82 - - [28/Apr/2024:10:22:38 +0800] "POST /xingrg/kc/pszx/jzcl_ps_operate.html HTTP/1.1" 200 403
114.83.217.54 - - [28/Apr/2024:10:22:38 +0800] "POST /xingrg/kc/buy/cgsh_order_operate.html HTTP/1.1" 200 37
120.253.135.82 - - [28/Apr/2024:10:22:38 +0800] "GET /xingrg/javascript/jquery_easy_ui/themes/icons/rest.png HTTP/1.1" 304 -
116.238.97.31 - - [28/Apr/2024:10:22:39 +0800] "GET /xingrg/all/function/internal_message.html?_=1714270959341&CODE_STATE=getMsg HTTP/1.1" 200 27
116.238.97.31 - - [28/Apr/2024:10:22:39 +0800] "GET /xingrg/check_reg.html?_=1714270960135 HTTP/1.1" 200 22
116.232.195.13 - - [28/Apr/2024:10:22:40 +0800] "POST /xingrg/login.do HTTP/1.1" 302 -
180.164.6.225 - - [28/Apr/2024:10:22:40 +0800] "GET /xingrg/all/function/internal_message.html?_=1714270960840&CODE_STATE=getMsg HTTP/1.1" 200 27
116.232.195.13 - - [28/Apr/2024:10:22:41 +0800] "GET /xingrg/index.html?sysBaseUrl=http%3A%2F%2F180.169.147.146%3A18081%2Fxingrg%2F&costTime=4940×tamp=1714270960642 HTTP/1.1" 200 17179
116.232.195.13 - - [28/Apr/2024:10:22:41 +0800] "GET /xingrg/javascript/jquery_easy_ui/themes/icon.css HTTP/1.1" 200 3949
116.232.195.13 - - [28/Apr/2024:10:22:41 +0800] "GET /xingrg/javascript/jquery_easy_ui/themes/default/easyui.css HTTP/1.1" 200 26500
116.232.195.13 - - [28/Apr/2024:10:22:41 +0800] "GET /xingrg/css/form.css HTTP/1.1" 200 893
116.232.195.13 - - [28/Apr/2024:10:22:41 +0800] "GET /xingrg/javascript/jquery.timers.js HTTP/1.1" 200 3532
116.232.195.13 - - [28/Apr/2024:10:22:41 +0800] "GET /xingrg/javascript/jquery_easy_ui/jquery.easyui.min.js HTTP/1.1" 200 213662
116.232.195.13 - - [28/Apr/2024:10:22:41 +0800] "GET /xingrg/javascript/jquery.form.js HTTP/1.1" 200 23110
116.232.195.13 - - [28/Apr/2024:10:22:41 +0800] "GET /xingrg/javascript/jquery_easy_ui/easyui-lang-zh_CN.js HTTP/1.1" 200 1900
116.232.195.13 - - [28/Apr/2024:10:22:41 +0800] "GET /xingrg/javascript/jquery-1.4.2.min.js HTTP/1.1" 200 72205
116.232.195.13 - - [28/Apr/2024:10:22:41 +0800] "GET /xingrg/javascript/jquery.utils.js HTTP/1.1" 200 11805
116.232.195.13 - - [28/Apr/2024:10:22:41 +0800] "GET /favicon.ico HTTP/1.1" 404 -
116.232.195.13 - - [28/Apr/2024:10:22:41 +0800] "POST /xingrg/login.do HTTP/1.1" 302 -
116.232.195.13 - - [28/Apr/2024:10:22:41 +0800] "GET /xingrg/javascript/jquery_easy_ui/themes/icons/settle_new.png HTTP/1.1" 200 826
116.232.195.13 - - [28/Apr/2024:10:22:41 +0800] "GET /xingrg/images/blue/navBackgound.jpg HTTP/1.1" 200 12378
116.232.195.13 - - [28/Apr/2024:10:22:41 +0800] "GET /xingrg/all/function/internal_message.html?_=1714270946513&CODE_STATE=count HTTP/1.1" 200 11
116.232.195.13 - - [28/Apr/2024:10:22:41 +0800] "GET /xingrg/javascript/jquery_easy_ui/themes/default/images/tabs_leftarrow.png HTTP/1.1" 200 389
116.232.195.13 - - [28/Apr/2024:10:22:41 +0800] "GET /xingrg/check_reg.html?_=1714270946514 HTTP/1.1" 200 22
116.232.195.13 - - [28/Apr/2024:10:22:41 +0800] "GET /xingrg/images/blue/pingpu.png HTTP/1.1" 200 231
116.232.195.13 - - [28/Apr/2024:10:22:41 +0800] "GET /xingrg/javascript/jquery_easy_ui/themes/default/images/panel_tool_collapse.gif HTTP/1.1" 200 246
116.232.195.13 - - [28/Apr/2024:10:22:41 +0800] "GET /xingrg/javascript/jquery_easy_ui/themes/default/images/tabs_rightarrow.png HTTP/1.1" 200 395
116.232.195.13 - - [28/Apr/2024:10:22:41 +0800] "POST /xingrg/all/common/load_tree.html?tree=area_rest_tree_json&manage=1 HTTP/1.1" 200 479
116.232.195.13 - - [28/Apr/2024:10:22:41 +0800] "POST /xingrg/load_menu.html HTTP/1.1" 200 5138
116.232.195.13 - - [28/Apr/2024:10:22:41 +0800] "GET /xingrg/javascript/jquery_easy_ui/themes/default/images/tree_arrows.gif HTTP/1.1" 200 1043
116.232.195.13 - - [28/Apr/2024:10:22:41 +0800] "GET /xingrg/javascript/jquery_easy_ui/themes/default/images/tree_folder_open.gif HTTP/1.1" 200 956
116.232.195.13 - - [28/Apr/2024:10:22:41 +0800] "GET /xingrg/javascript/jquery_easy_ui/themes/icons/search_new.png HTTP/1.1" 200 586
116.232.195.13 - - [28/Apr/2024:10:22:41 +0800] "GET /xingrg/javascript/jquery_easy_ui/themes/default/images/tree_folder.gif HTTP/1.1" 200 952
116.232.195.13 - - [28/Apr/2024:10:22:41 +0800] "GET /xingrg/javascript/jquery_easy_ui/themes/icons/storage_new.png HTTP/1.1" 200 853
116.232.195.13 - - [28/Apr/2024:10:22:41 +0800] "GET /xingrg/javascript/jquery_easy_ui/themes/icons/forms_new.png HTTP/1.1" 200 350
116.232.195.13 - - [28/Apr/2024:10:22:41 +0800] "GET /xingrg/javascript/jquery_easy_ui/themes/default/images/tree_file.gif HTTP/1.1" 200 118
116.232.195.13 - - [28/Apr/2024:10:22:43 +0800] "GET /xingrg/javascript/jquery_easy_ui/themes/default/images/button_plain_hover.png HTTP/1.1" 200 252
116.232.195.13 - - [28/Apr/2024:10:22:44 +0800] "GET /xingrg/javascript/jquery_easy_ui/themes/icons/area.png HTTP/1.1" 200 262
116.232.195.13 - - [28/Apr/2024:10:22:44 +0800] "GET /xingrg/javascript/jquery_easy_ui/themes/icons/rest.png HTTP/1.1" 200 695
116.232.195.13 - - [28/Apr/2024:10:22:44 +0800] "GET /xingrg/javascript/jquery_easy_ui/themes/default/images/button_a_bg.gif HTTP/1.1" 200 1194
116.232.195.13 - - [28/Apr/2024:10:22:44 +0800] "GET /xingrg/javascript/jquery_easy_ui/themes/icons/ok.png HTTP/1.1" 200 883
116.232.195.13 - - [28/Apr/2024:10:22:44 +0800] "GET /xingrg/javascript/jquery_easy_ui/themes/default/images/button_span_bg.gif HTTP/1.1" 200 2061
116.232.195.13 - - [28/Apr/2024:10:22:44 +0800] "GET /xingrg/javascript/jquery_easy_ui/themes/default/images/panel_title.png HTTP/1.1" 200 266
116.232.195.13 - - [28/Apr/2024:10:22:44 +0800] "GET /xingrg/javascript/jquery_easy_ui/themes/default/images/panel_tools.gif HTTP/1.1" 200 737
116.232.195.13 - - [28/Apr/2024:10:22:45 +0800] "GET /xingrg/images/control/ajaxLoader.gif HTTP/1.1" 200 4659
116.232.195.13 - - [28/Apr/2024:10:22:46 +0800] "POST /xingrg/all/user/operate.html HTTP/1.1" 200 36
116.232.195.13 - - [28/Apr/2024:10:22:46 +0800] "GET /xingrg/index.html?sysBaseUrl=http%3A%2F%2F180.169.147.146%3A18081%2Fxingrg%2F&costTime=4940×tamp=1714270960642 HTTP/1.1" 200 17179
116.232.195.13 - - [28/Apr/2024:10:22:46 +0800] "GET /xingrg/javascript/jquery_easy_ui/themes/default/easyui.css HTTP/1.1" 304 -
116.232.195.13 - - [28/Apr/2024:10:22:46 +0800] "GET /xingrg/javascript/jquery_easy_ui/themes/icon.css HTTP/1.1" 304 -
116.232.195.13 - - [28/Apr/2024:10:22:46 +0800] "GET /xingrg/css/form.css HTTP/1.1" 304 -
116.232.195.13 - - [28/Apr/2024:10:22:46 +0800] "GET /xingrg/javascript/jquery-1.4.2.min.js HTTP/1.1" 304 -
116.232.195.13 - - [28/Apr/2024:10:22:46 +0800] "GET /xingrg/javascript/jquery_easy_ui/jquery.easyui.min.js HTTP/1.1" 304 -
116.232.195.13 - - [28/Apr/2024:10:22:46 +0800] "GET /xingrg/javascript/jquery_easy_ui/easyui-lang-zh_CN.js HTTP/1.1" 304 -
116.232.195.13 - - [28/Apr/2024:10:22:46 +0800] "GET /xingrg/javascript/jquery.form.js HTTP/1.1" 304 -
116.232.195.13 - - [28/Apr/2024:10:22:46 +0800] "GET /xingrg/javascript/jquery.utils.js HTTP/1.1" 304 -
116.232.195.13 - - [28/Apr/2024:10:22:46 +0800] "GET /xingrg/javascript/jquery.timers.js HTTP/1.1" 304 -
116.232.195.13 - - [28/Apr/2024:10:22:46 +0800] "GET /xingrg/images/blue/jxLogo.png HTTP/1.1" 304 -
116.232.195.13 - - [28/Apr/2024:10:22:46 +0800] "GET /xingrg/images/blue/navBackgound.jpg HTTP/1.1" 304 -
116.232.195.13 - - [28/Apr/2024:10:22:46 +0800] "GET /xingrg/javascript/jquery_easy_ui/themes/icons/settle_new.png HTTP/1.1" 304 -
116.232.195.13 - - [28/Apr/2024:10:22:46 +0800] "GET /xingrg/all/function/internal_message.html?_=1714270951766&CODE_STATE=count HTTP/1.1" 200 11
116.232.195.13 - - [28/Apr/2024:10:22:46 +0800] "GET /xingrg/check_reg.html?_=1714270951766 HTTP/1.1" 200 22
116.232.195.13 - - [28/Apr/2024:10:22:46 +0800] "GET /xingrg/javascript/jquery_easy_ui/themes/default/images/panel_tool_collapse.gif HTTP/1.1" 304 -
116.232.195.13 - - [28/Apr/2024:10:22:46 +0800] "GET /xingrg/javascript/jquery_easy_ui/themes/default/images/tabs_rightarrow.png HTTP/1.1" 304 -
116.232.195.13 - - [28/Apr/2024:10:22:46 +0800] "GET /xingrg/javascript/jquery_easy_ui/themes/default/images/tabs_leftarrow.png HTTP/1.1" 304 -
116.232.195.13 - - [28/Apr/2024:10:22:46 +0800] "GET /xingrg/images/blue/pingpu.png HTTP/1.1" 304 -
116.232.195.13 - - [28/Apr/2024:10:22:47 +0800] "POST /xingrg/load_menu.html HTTP/1.1" 200 5138
116.232.195.13 - - [28/Apr/2024:10:22:47 +0800] "POST /xingrg/all/common/load_tree.html?tree=area_rest_tree_json&manage=1 HTTP/1.1" 200 479
124.78.56.241 - - [28/Apr/2024:10:22:48 +0800] "GET /xingrg/all/function/internal_message.html?_=1714270968841&CODE_STATE=getMsg HTTP/1.1" 200 27
114.83.217.54 - - [28/Apr/2024:10:22:49 +0800] "GET /xingrg/all/function/internal_message.html?_=1714270969319&CODE_STATE=getMsg HTTP/1.1" 200 27
120.253.135.82 - - [28/Apr/2024:10:22:49 +0800] "POST /xingrg/kc/pszx/jzcl_ps_operate.html HTTP/1.1" 200 4
120.253.135.82 - - [28/Apr/2024:10:22:49 +0800] "GET /xingrg/javascript/step/images/navLastDoneBtn.gif HTTP/1.1" 304 -
120.253.135.82 - - [28/Apr/2024:10:22:49 +0800] "GET /xingrg/javascript/step/images/navBtn.gif HTTP/1.1" 200 361
120.253.135.82 - - [28/Apr/2024:10:22:49 +0800] "GET /xingrg/javascript/step/images/navBtn.gif HTTP/1.1" 200 361
120.253.135.82 - - [28/Apr/2024:10:22:49 +0800] "GET /xingrg/javascript/step/images/navDoneBtn.gif HTTP/1.1" 304 -
120.253.135.82 - - [28/Apr/2024:10:22:51 +0800] "GET /xingrg/kc/pszx/mdps_order_list.html HTTP/1.1" 200 21033
120.253.135.82 - - [28/Apr/2024:10:22:51 +0800] "POST /xingrg/kc/pszx/jzcl_ps_operate.html HTTP/1.1" 200 21
116.238.97.31 - - [28/Apr/2024:10:22:51 +0800] "GET /xingrg/all/function/internal_message.html?_=1714271006216&CODE_STATE=getMsg HTTP/1.1" 200 27
120.253.135.82 - - [28/Apr/2024:10:22:52 +0800] "GET /xingrg/all/function/internal_message.html?_=1714270820427&CODE_STATE=getMsg HTTP/1.1" 200 27
120.253.135.82 - - [28/Apr/2024:10:22:52 +0800] "POST /xingrg/kc/pszx/mdps_list_operate.html HTTP/1.1" 200 5269
101.83.241.187 - - [28/Apr/2024:10:22:53 +0800] "GET /xingrg/all/function/internal_message.html?_=1714270973874&CODE_STATE=getMsg HTTP/1.1" 200 27
114.83.217.54 - - [28/Apr/2024:10:22:53 +0800] "GET /xingrg/all/function/internal_message.html?_=1714270974641&CODE_STATE=getMsg HTTP/1.1" 200 27
116.237.77.239 - - [28/Apr/2024:10:22:54 +0800] "GET /xingrg/all/function/internal_message.html?_=1714270973992&CODE_STATE=getMsg HTTP/1.1" 200 27
120.253.135.82 - - [28/Apr/2024:10:22:54 +0800] "GET /xingrg/javascript/auto/indicator.gif HTTP/1.1" 404 1066
116.237.77.239 - - [28/Apr/2024:10:22:55 +0800] "GET /xingrg/check_reg.html?_=1714270975244 HTTP/1.1" 200 22
101.83.144.49 - - [28/Apr/2024:10:22:56 +0800] "POST /xingrg/kc/buy/cgsh_order_operate.html HTTP/1.1" 200 37
114.83.217.54 - - [28/Apr/2024:10:22:56 +0800] "POST /xingrg/kc/buy/cgsh_order_operate.html HTTP/1.1" 200 12
101.83.144.49 - - [28/Apr/2024:10:22:58 +0800] "POST /xingrg/kc/buy/cgsh_order_operate.html HTTP/1.1" 200 2675
116.232.195.13 - - [28/Apr/2024:10:22:59 +0800] "GET /xingrg/javascript/jquery_easy_ui/themes/default/images/tabs_close.gif HTTP/1.1" 200 829
116.232.195.13 - - [28/Apr/2024:10:22:59 +0800] "GET /xingrg/kc/base/kc_stocks.html HTTP/1.1" 200 16560
116.232.195.13 - - [28/Apr/2024:10:22:59 +0800] "GET /xingrg/css/base.css HTTP/1.1" 200 2811
116.232.195.13 - - [28/Apr/2024:10:22:59 +0800] "GET /xingrg/css/site.css HTTP/1.1" 200 7541
116.232.195.13 - - [28/Apr/2024:10:22:59 +0800] "GET /xingrg/javascript/jquery_tools/datebox.css HTTP/1.1" 200 2597
116.232.195.13 - - [28/Apr/2024:10:22:59 +0800] "GET /xingrg/javascript/easyui/themes/sunny/easyui.css HTTP/1.1" 200 34304
116.232.195.13 - - [28/Apr/2024:10:22:59 +0800] "GET /xingrg/javascript/easyui/themes/icon.css HTTP/1.1" 200 4483
116.232.195.13 - - [28/Apr/2024:10:22:59 +0800] "GET /xingrg/javascript/auto/jquery.autocomplete.css HTTP/1.1" 200 587
116.232.195.13 - - [28/Apr/2024:10:22:59 +0800] "GET /xingrg/javascript/jquery_tools/jquery.tools.min.js HTTP/1.1" 200 138801
116.232.195.13 - - [28/Apr/2024:10:22:59 +0800] "GET /xingrg/javascript/jquery_tools/fix.css HTTP/1.1" 200 1702
116.232.195.13 - - [28/Apr/2024:10:22:59 +0800] "GET /xingrg/javascript/jquery_tools/jquery.tools.extend.js HTTP/1.1" 200 15385
116.232.195.13 - - [28/Apr/2024:10:22:59 +0800] "GET /xingrg/javascript/jquery_tools/list_manager.js HTTP/1.1" 200 3652
116.232.195.13 - - [28/Apr/2024:10:22:59 +0800] "GET /xingrg/javascript/auto/jquery.autocomplete.js HTTP/1.1" 200 21624
116.232.195.13 - - [28/Apr/2024:10:22:59 +0800] "GET /xingrg/javascript/easyui/easyloader.js HTTP/1.1" 200 5975
116.232.195.13 - - [28/Apr/2024:10:22:59 +0800] "GET /xingrg/javascript/jquery_tools/jquery.tools.hotkey.js HTTP/1.1" 200 3242
116.232.195.13 - - [28/Apr/2024:10:22:59 +0800] "GET /xingrg/javascript/jquery.cookie.js HTTP/1.1" 200 5513
116.232.195.13 - - [28/Apr/2024:10:22:59 +0800] "GET /xingrg/javascript/convert.js HTTP/1.1" 200 1239
116.232.195.13 - - [28/Apr/2024:10:22:59 +0800] "GET /xingrg/javascript/print/LodopFuncs.js HTTP/1.1" 200 5121
116.232.195.13 - - [28/Apr/2024:10:22:59 +0800] "GET /xingrg/javascript/json2.js HTTP/1.1" 200 11259
116.232.195.13 - - [28/Apr/2024:10:22:59 +0800] "GET /xingrg/javascript/easyui/themes/icons/field_new.png HTTP/1.1" 200 1097
116.232.195.13 - - [28/Apr/2024:10:22:59 +0800] "GET /xingrg/javascript/easyui/themes/icons/filter_new.png HTTP/1.1" 200 795
116.232.195.13 - - [28/Apr/2024:10:22:59 +0800] "GET /xingrg/javascript/easyui/themes/icons/print_new.png HTTP/1.1" 200 3580
116.232.195.13 - - [28/Apr/2024:10:22:59 +0800] "GET /xingrg/javascript/easyui/themes/icons/refresh_new.png HTTP/1.1" 200 685
116.232.195.13 - - [28/Apr/2024:10:22:59 +0800] "GET /xingrg/javascript/easyui/themes/icons/import_new.png HTTP/1.1" 200 1247
116.232.195.13 - - [28/Apr/2024:10:22:59 +0800] "GET /xingrg/javascript/easyui/plugins/jquery.parser.js HTTP/1.1" 200 1142
116.232.195.13 - - [28/Apr/2024:10:23:00 +0800] "GET /xingrg/javascript/easyui/plugins/jquery.draggable.js HTTP/1.1" 200 6121
116.232.195.13 - - [28/Apr/2024:10:23:00 +0800] "GET /xingrg/javascript/easyui/plugins/jquery.droppable.js HTTP/1.1" 200 1167
116.232.195.13 - - [28/Apr/2024:10:23:00 +0800] "GET /xingrg/javascript/easyui/themes/default/tree.css HTTP/1.1" 404 1090
116.232.195.13 - - [28/Apr/2024:10:23:00 +0800] "GET /xingrg/javascript/easyui/plugins/jquery.tree.js HTTP/1.1" 200 20874
116.232.195.13 - - [28/Apr/2024:10:23:00 +0800] "GET /xingrg/all/common/auto_word.html?type=base&rest_code=00155 HTTP/1.1" 200 1907
116.232.195.13 - - [28/Apr/2024:10:23:00 +0800] "POST /xingrg/all/common/load_tree.html?tree=materiel_sort_tree_json HTTP/1.1" 200 9734
116.232.195.13 - - [28/Apr/2024:10:23:00 +0800] "GET /xingrg/javascript/easyui/themes/sunny/images/tree_arrows.gif HTTP/1.1" 200 617
116.232.195.13 - - [28/Apr/2024:10:23:00 +0800] "GET /xingrg/javascript/easyui/themes/sunny/images/tree_folder_open.gif HTTP/1.1" 200 956
116.232.195.13 - - [28/Apr/2024:10:23:00 +0800] "GET /xingrg/javascript/easyui/themes/sunny/images/tree_folder.gif HTTP/1.1" 200 952
116.232.195.13 - - [28/Apr/2024:10:23:00 +0800] "GET /xingrg/javascript/easyui/themes/sunny/images/tree_file.gif HTTP/1.1" 200 118
101.83.144.49 - - [28/Apr/2024:10:23:00 +0800] "GET /xingrg/kc/print/load_data.html?order_code=212024042807777&kc_code=cgsh&condition= HTTP/1.1" 200 688
101.83.144.49 - - [28/Apr/2024:10:23:01 +0800] "GET /xingrg/check_reg.html?_=1714270982149 HTTP/1.1" 200 22
101.83.144.49 - - [28/Apr/2024:10:23:01 +0800] "GET /xingrg/all/function/internal_message.html?_=1714270982149&CODE_STATE=getMsg HTTP/1.1" 200 27
116.232.195.13 - - [28/Apr/2024:10:23:01 +0800] "GET /xingrg/css/images/panel_loading.gif HTTP/1.1" 200 1737
116.232.195.13 - - [28/Apr/2024:10:23:01 +0800] "POST /xingrg/all/common/load_combo.html?type=base HTTP/1.1" 200 3409
120.253.135.82 - - [28/Apr/2024:10:23:01 +0800] "POST /xingrg/kc/pszx/mdps_list_operate.html HTTP/1.1" 200 3547
120.253.135.82 - - [28/Apr/2024:10:23:03 +0800] "POST /xingrg/kc/pszx/mdps_list_operate.html HTTP/1.1" 200 276
120.253.135.82 - - [28/Apr/2024:10:23:04 +0800] "POST /xingrg/kc/pszx/mdps_list_operate.html HTTP/1.1" 200 204
124.78.56.241 - - [28/Apr/2024:10:23:04 +0800] "GET /xingrg/check_reg.html?_=1714270984874 HTTP/1.1" 200 22
114.83.217.54 - - [28/Apr/2024:10:23:06 +0800] "GET /xingrg/kc/buy/cgsh_order_info.html?code=212024042807776 HTTP/1.1" 200 69120
101.83.144.49 - - [28/Apr/2024:10:23:06 +0800] "GET /xingrg/kc/buy/cgsh_order_add.html HTTP/1.1" 200 74245
114.83.217.54 - - [28/Apr/2024:10:23:06 +0800] "GET /xingrg/javascript/easyui/themes/default/validatebox.css HTTP/1.1" 404 1104
101.83.144.49 - - [28/Apr/2024:10:23:06 +0800] "POST /xingrg/kc/buy/cgsh_order_operate.html HTTP/1.1" 200 8245
101.83.144.49 - - [28/Apr/2024:10:23:07 +0800] "GET /xingrg/javascript/easyui/themes/default/validatebox.css HTTP/1.1" 404 1104
116.232.195.13 - - [28/Apr/2024:10:23:07 +0800] "GET /xingrg/kc/base/wldb_order_list.html HTTP/1.1" 200 19057
116.232.195.13 - - [28/Apr/2024:10:23:07 +0800] "GET /xingrg/javascript/easyui/themes/default/easyui.css HTTP/1.1" 200 30432
116.232.195.13 - - [28/Apr/2024:10:23:07 +0800] "GET /xingrg/javascript/jquery_tools/table.css HTTP/1.1" 200 1032
116.232.195.13 - - [28/Apr/2024:10:23:07 +0800] "GET /xingrg/javascript/jquery_tools/jquery.tools.table.js HTTP/1.1" 200 6994
120.253.135.82 - - [28/Apr/2024:10:23:07 +0800] "GET /xingrg/kc/pszx/mdps_order_info.html?code=312024042800499 HTTP/1.1" 200 23978
116.232.195.13 - - [28/Apr/2024:10:23:07 +0800] "GET /xingrg/javascript/easyui/themes/icons/check_new.png HTTP/1.1" 200 3224
116.232.195.13 - - [28/Apr/2024:10:23:07 +0800] "GET /xingrg/javascript/easyui/themes/icons/cance_new.png HTTP/1.1" 200 3986
116.232.195.13 - - [28/Apr/2024:10:23:07 +0800] "GET /xingrg/javascript/easyui/themes/icons/edit_add_new.png HTTP/1.1" 200 2997
120.253.135.82 - - [28/Apr/2024:10:23:07 +0800] "GET /xingrg/javascript/easyui/themes/icons/ok.png HTTP/1.1" 304 -
120.253.135.82 - - [28/Apr/2024:10:23:07 +0800] "GET /xingrg/javascript/easyui/themes/default/validatebox.css HTTP/1.1" 404 1104
114.83.217.54 - - [28/Apr/2024:10:23:08 +0800] "POST /xingrg/kc/buy/cgsh_order_operate.html HTTP/1.1" 200 3586
116.232.195.13 - - [28/Apr/2024:10:23:08 +0800] "POST /xingrg/kc/base/wldb_list_operate.html HTTP/1.1" 200 928
120.253.135.82 - - [28/Apr/2024:10:23:08 +0800] "POST /xingrg/kc/pszx/mdps_order_operate.html HTTP/1.1" 200 2273
120.253.135.82 - - [28/Apr/2024:10:23:09 +0800] "POST /xingrg/all/common/load_combo.html?type=base HTTP/1.1" 200 1169
120.253.135.82 - - [28/Apr/2024:10:23:10 +0800] "POST /xingrg/login.do HTTP/1.1" 200 2421
114.95.253.235 - - [28/Apr/2024:10:23:13 +0800] "GET /xingrg/all/function/internal_message.html?_=1714270993202&CODE_STATE=getMsg HTTP/1.1" 200 27
120.253.135.82 - - [28/Apr/2024:10:23:14 +0800] "POST /xingrg/kc/pszx/mdps_order_operate.html HTTP/1.1" 200 37
120.253.135.82 - - [28/Apr/2024:10:23:16 +0800] "GET /xingrg/kc/pszx/mdps_order_info.html?code=312024042800499 HTTP/1.1" 200 23978
120.253.135.82 - - [28/Apr/2024:10:23:16 +0800] "GET /xingrg/javascript/easyui/themes/default/validatebox.css HTTP/1.1" 404 1104
120.253.135.82 - - [28/Apr/2024:10:23:17 +0800] "POST /xingrg/kc/pszx/mdps_order_operate.html HTTP/1.1" 200 2282
114.83.217.54 - - [28/Apr/2024:10:23:19 +0800] "GET /xingrg/kc/print/load_data.html?order_code=212024042807776&kc_code=cgsh&condition= HTTP/1.1" 200 1866
120.253.135.82 - - [28/Apr/2024:10:23:21 +0800] "GET /xingrg/login.html HTTP/1.1" 200 7641
120.253.135.82 - - [28/Apr/2024:10:23:21 +0800] "POST /xingrg/kc/pszx/mdps_list_operate.html HTTP/1.1" 200 212
101.83.144.49 - - [28/Apr/2024:10:23:21 +0800] "GET /xingrg/kc/buy/cgsh_order_operate.html?command=get_materiel&rest_code=00105&code=00101002007&supplier_code=00100442&order_time=2024-04-28 HTTP/1.1" 200 409
58.40.7.146 - - [28/Apr/2024:10:23:22 +0800] "GET /xingrg/all/function/internal_message.html?_=1714271002800&CODE_STATE=getMsg HTTP/1.1" 200 27
120.253.135.82 - - [28/Apr/2024:10:23:23 +0800] "POST /xingrg/login.do HTTP/1.1" 302 -
120.253.135.82 - - [28/Apr/2024:10:23:23 +0800] "GET /xingrg/index.html?sysBaseUrl=http%3A%2F%2F180.169.147.146%3A18081%2Fxingrg%2F&costTime=1444×tamp=1714271003767 HTTP/1.1" 200 17173
180.169.147.146 - - [28/Apr/2024:10:23:24 +0800] "GET /xingrg/check_reg.html?_=1714271004128 HTTP/1.1" 200 22
180.169.147.146 - - [28/Apr/2024:10:23:24 +0800] "GET /xingrg/all/function/internal_message.html?_=1714271004131&CODE_STATE=getMsg HTTP/1.1" 200 27
120.253.135.82 - - [28/Apr/2024:10:23:24 +0800] "GET /xingrg/all/function/internal_message.html?_=1714271186040&CODE_STATE=count HTTP/1.1" 200 11
120.253.135.82 - - [28/Apr/2024:10:23:24 +0800] "GET /xingrg/check_reg.html?_=1714271186040 HTTP/1.1" 200 22
120.253.135.82 - - [28/Apr/2024:10:23:24 +0800] "POST /xingrg/all/common/load_tree.html?tree=area_rest_tree_json&manage=1 HTTP/1.1" 200 344
120.253.135.82 - - [28/Apr/2024:10:23:24 +0800] "POST /xingrg/load_menu.html HTTP/1.1" 200 6743
180.169.147.146 - - [28/Apr/2024:10:23:24 +0800] "GET /xingrg/check_reg.html?_=1714270993713 HTTP/1.1" 200 22
114.95.253.235 - - [28/Apr/2024:10:23:29 +0800] "GET /xingrg/all/function/internal_message.html?_=1714271009096&CODE_STATE=getMsg HTTP/1.1" 200 27
114.83.217.54 - - [28/Apr/2024:10:23:32 +0800] "GET /xingrg/kc/buy/cgsh_order_add.html HTTP/1.1" 200 74251
114.83.217.54 - - [28/Apr/2024:10:23:32 +0800] "POST /xingrg/kc/buy/cgsh_order_operate.html HTTP/1.1" 200 8245
114.83.217.54 - - [28/Apr/2024:10:23:32 +0800] "GET /xingrg/javascript/easyui/themes/default/validatebox.css HTTP/1.1" 404 1104
120.253.135.82 - - [28/Apr/2024:10:23:34 +0800] "GET /xingrg/kc/pszx/mdqp_order_list.html?state=10 HTTP/1.1" 200 10319
120.253.135.82 - - [28/Apr/2024:10:23:34 +0800] "GET /xingrg/dwr/interface/AjaxQqpsService.js HTTP/1.1" 200 16326
120.253.135.82 - - [28/Apr/2024:10:23:34 +0800] "GET /xingrg/dwr/interface/AjaxReportQueryService.js HTTP/1.1" 200 13203
120.253.135.82 - - [28/Apr/2024:10:23:34 +0800] "GET /xingrg/dwr/util.js HTTP/1.1" 304 -
120.253.135.82 - - [28/Apr/2024:10:23:34 +0800] "GET /xingrg/dwr/engine.js HTTP/1.1" 200 43631
116.232.195.13 - - [28/Apr/2024:10:23:34 +0800] "GET /xingrg/javascript/easyui/themes/default/tree.css HTTP/1.1" 404 1090
116.232.195.13 - - [28/Apr/2024:10:23:34 +0800] "POST /xingrg/all/common/load_tree.html?tree=rest_base_tree_json HTTP/1.1" 200 73054
120.253.135.82 - - [28/Apr/2024:10:23:35 +0800] "GET /xingrg/kc/pszx/mdps_order_list.html?orderType=0 HTTP/1.1" 200 21033
120.253.135.82 - - [28/Apr/2024:10:23:36 +0800] "POST /xingrg/kc/pszx/mdps_list_operate.html HTTP/1.1" 200 5269
116.232.195.13 - - [28/Apr/2024:10:23:36 +0800] "GET /xingrg/javascript/easyui/themes/default/images/tree_folder_open.gif HTTP/1.1" 200 956
116.232.195.13 - - [28/Apr/2024:10:23:36 +0800] "GET /xingrg/javascript/easyui/themes/default/images/tree_arrows.gif HTTP/1.1" 200 617
116.232.195.13 - - [28/Apr/2024:10:23:36 +0800] "GET /xingrg/javascript/easyui/themes/icons/areas.png HTTP/1.1" 200 720
116.232.195.13 - - [28/Apr/2024:10:23:36 +0800] "GET /xingrg/javascript/easyui/themes/icons/rest.png HTTP/1.1" 200 695
116.232.195.13 - - [28/Apr/2024:10:23:36 +0800] "GET /xingrg/javascript/easyui/themes/default/images/tree_file.gif HTTP/1.1" 200 118
116.232.195.13 - - [28/Apr/2024:10:23:36 +0800] "GET /xingrg/javascript/easyui/themes/default/images/tree_checkbox_0.gif HTTP/1.1" 200 168
116.238.97.31 - - [28/Apr/2024:10:23:39 +0800] "GET /xingrg/all/function/internal_message.html?_=1714271019339&CODE_STATE=getMsg HTTP/1.1" 200 27
180.164.6.225 - - [28/Apr/2024:10:23:40 +0800] "GET /xingrg/check_reg.html?_=1714271020827 HTTP/1.1" 200 22
