120.253.135.82 - - [28/Apr/2024:09:14:45 +0800] "POST /xingrg/kc/pszx/mdps_list_operate.html HTTP/1.1" 200 5269
114.95.253.235 - - [28/Apr/2024:09:14:47 +0800] "GET /xingrg/kc/buy/cgsh_order_operate.html?command=get_materiel&rest_code=00150&code=00101008210&supplier_code=00100008&order_time=2024-04-28 HTTP/1.1" 200 408
124.78.56.241 - - [28/Apr/2024:09:14:49 +0800] "GET /xingrg/all/function/internal_message.html?_=1714266889825&CODE_STATE=getMsg HTTP/1.1" 200 27
116.237.77.239 - - [28/Apr/2024:09:14:55 +0800] "GET /xingrg/all/function/internal_message.html?_=1714266895286&CODE_STATE=getMsg HTTP/1.1" 200 27
114.95.253.235 - - [28/Apr/2024:09:14:56 +0800] "GET /xingrg/kc/buy/cgsh_order_operate.html?command=get_materiel&rest_code=00150&code=00101008331&supplier_code=00100008&order_time=2024-04-28 HTTP/1.1" 200 416
120.253.135.82 - - [28/Apr/2024:09:14:59 +0800] "GET /xingrg/all/function/internal_message.html?_=1714267081765&CODE_STATE=getMsg HTTP/1.1" 200 27
114.95.253.235 - - [28/Apr/2024:09:15:05 +0800] "GET /xingrg/kc/buy/cgsh_order_operate.html?command=get_materiel&rest_code=00150&code=00101008371&supplier_code=00100008&order_time=2024-04-28 HTTP/1.1" 200 412
180.164.6.225 - - [28/Apr/2024:09:15:13 +0800] "GET /xingrg/all/function/internal_message.html?_=1714266913163&CODE_STATE=getMsg HTTP/1.1" 200 27
114.95.253.235 - - [28/Apr/2024:09:15:13 +0800] "GET /xingrg/kc/buy/cgsh_order_operate.html?command=get_materiel&rest_code=00150&code=00101008149&supplier_code=00100008&order_time=2024-04-28 HTTP/1.1" 200 408
180.163.30.100 - - [28/Apr/2024:09:15:16 +0800] "GET /xingrg/all/function/internal_message.html?_=1714266835309&CODE_STATE=getMsg HTTP/1.1" 302 -
180.163.30.100 - - [28/Apr/2024:09:15:16 +0800] "GET /xingrg/login.html HTTP/1.1" 200 7641
58.40.7.146 - - [28/Apr/2024:09:15:22 +0800] "GET /xingrg/check_reg.html?_=1714266922764 HTTP/1.1" 200 22
58.40.7.146 - - [28/Apr/2024:09:15:22 +0800] "GET /xingrg/all/function/internal_message.html?_=1714266922766&CODE_STATE=getMsg HTTP/1.1" 200 27
114.95.253.235 - - [28/Apr/2024:09:15:29 +0800] "GET /xingrg/check_reg.html?_=1714266929097 HTTP/1.1" 200 22
114.95.253.235 - - [28/Apr/2024:09:15:29 +0800] "GET /xingrg/all/function/internal_message.html?_=1714266929100&CODE_STATE=getMsg HTTP/1.1" 200 27
114.95.253.235 - - [28/Apr/2024:09:15:31 +0800] "GET /xingrg/all/function/internal_message.html?_=1714266931902&CODE_STATE=getMsg HTTP/1.1" 200 27
114.95.253.235 - - [28/Apr/2024:09:15:38 +0800] "GET /xingrg/kc/buy/cgsh_order_operate.html?command=get_materiel&rest_code=00150&code=00101008359&supplier_code=00100008&order_time=2024-04-28 HTTP/1.1" 200 408
114.95.253.235 - - [28/Apr/2024:09:15:39 +0800] "POST /xingrg/kc/buy/cgsh_order_operate.html HTTP/1.1" 200 2065
116.238.97.31 - - [28/Apr/2024:09:15:39 +0800] "GET /xingrg/all/function/internal_message.html?_=1714266940161&CODE_STATE=getMsg HTTP/1.1" 200 27
124.78.56.241 - - [28/Apr/2024:09:15:49 +0800] "GET /xingrg/all/function/internal_message.html?_=1714266949810&CODE_STATE=getMsg HTTP/1.1" 200 27
114.95.253.235 - - [28/Apr/2024:09:15:49 +0800] "GET /xingrg/kc/buy/cgsh_order_operate.html?command=get_materiel&rest_code=00150&code=00101008270&supplier_code=00100008&order_time=2024-04-28 HTTP/1.1" 200 412
116.237.77.239 - - [28/Apr/2024:09:15:55 +0800] "GET /xingrg/all/function/internal_message.html?_=1714266955254&CODE_STATE=getMsg HTTP/1.1" 200 27
120.253.135.82 - - [28/Apr/2024:09:15:59 +0800] "GET /xingrg/all/function/internal_message.html?_=1714267141770&CODE_STATE=getMsg HTTP/1.1" 200 27
120.253.135.82 - - [28/Apr/2024:09:15:59 +0800] "GET /xingrg/check_reg.html?_=1714267141777 HTTP/1.1" 200 22
114.95.253.235 - - [28/Apr/2024:09:16:00 +0800] "GET /xingrg/kc/buy/cgsh_order_operate.html?command=get_materiel&rest_code=00150&code=00101008005&supplier_code=00100008&order_time=2024-04-28 HTTP/1.1" 200 412
114.95.253.235 - - [28/Apr/2024:09:16:09 +0800] "GET /xingrg/kc/buy/cgsh_order_operate.html?command=get_materiel&rest_code=00150&code=00101008370&supplier_code=00100008&order_time=2024-04-28 HTTP/1.1" 200 412
101.83.241.187 - - [28/Apr/2024:09:16:12 +0800] "GET /favicon.ico HTTP/1.1" 404 -
180.164.6.225 - - [28/Apr/2024:09:16:13 +0800] "GET /xingrg/all/function/internal_message.html?_=1714266973149&CODE_STATE=getMsg HTTP/1.1" 200 27
114.95.253.235 - - [28/Apr/2024:09:16:19 +0800] "GET /xingrg/kc/buy/cgsh_order_operate.html?command=get_materiel&rest_code=00150&code=00101008372&supplier_code=00100008&order_time=2024-04-28 HTTP/1.1" 200 408
58.40.7.146 - - [28/Apr/2024:09:16:22 +0800] "GET /xingrg/all/function/internal_message.html?_=1714266982916&CODE_STATE=getMsg HTTP/1.1" 200 27
114.95.253.235 - - [28/Apr/2024:09:16:29 +0800] "GET /xingrg/all/function/internal_message.html?_=1714266989101&CODE_STATE=getMsg HTTP/1.1" 200 27
114.95.253.235 - - [28/Apr/2024:09:16:31 +0800] "GET /xingrg/check_reg.html?_=1714266991898 HTTP/1.1" 200 22
114.95.253.235 - - [28/Apr/2024:09:16:31 +0800] "GET /xingrg/all/function/internal_message.html?_=1714266991899&CODE_STATE=getMsg HTTP/1.1" 200 27
114.95.253.235 - - [28/Apr/2024:09:16:33 +0800] "GET /xingrg/kc/buy/cgsh_order_operate.html?command=get_materiel&rest_code=00150&code=00101008042&supplier_code=00100008&order_time=2024-04-28 HTTP/1.1" 200 416
114.95.253.235 - - [28/Apr/2024:09:16:39 +0800] "POST /xingrg/kc/buy/cgsh_order_operate.html HTTP/1.1" 200 2065
116.238.97.31 - - [28/Apr/2024:09:16:39 +0800] "GET /xingrg/all/function/internal_message.html?_=1714267000139&CODE_STATE=getMsg HTTP/1.1" 200 27
120.253.135.82 - - [28/Apr/2024:09:16:42 +0800] "GET /xingrg/login.html HTTP/1.1" 200 7641
120.253.135.82 - - [28/Apr/2024:09:16:44 +0800] "GET /xingrg/images/blue/jxLogo.png HTTP/1.1" 304 -
116.237.77.239 - - [28/Apr/2024:09:16:44 +0800] "GET /xingrg/kc/buy/cgsh_order_operate.html?command=get_materiel&rest_code=00106&code=00101008359&supplier_code=00100007&order_time=2024-04-28 HTTP/1.1" 200 408
120.253.135.82 - - [28/Apr/2024:09:16:45 +0800] "GET /xingrg/images/blue/login_bg.png HTTP/1.1" 304 -
120.253.135.82 - - [28/Apr/2024:09:16:45 +0800] "GET /xingrg/images/blue/srbg.png HTTP/1.1" 304 -
120.253.135.82 - - [28/Apr/2024:09:16:45 +0800] "GET /xingrg/images/blue/hj.png HTTP/1.1" 304 -
120.253.135.82 - - [28/Apr/2024:09:16:45 +0800] "GET /favicon.ico HTTP/1.1" 404 -
124.78.56.241 - - [28/Apr/2024:09:16:49 +0800] "GET /xingrg/all/function/internal_message.html?_=1714267009795&CODE_STATE=getMsg HTTP/1.1" 200 27
120.253.135.82 - - [28/Apr/2024:09:16:50 +0800] "POST /xingrg/login.do HTTP/1.1" 302 -
120.253.135.82 - - [28/Apr/2024:09:16:50 +0800] "GET /xingrg/index.html?sysBaseUrl=http%3A%2F%2F180.169.147.146%3A18081%2Fxingrg%2F&costTime=807×tamp=1714267010082 HTTP/1.1" 200 17173
120.253.135.82 - - [28/Apr/2024:09:16:50 +0800] "GET /xingrg/javascript/jquery_easy_ui/themes/default/easyui.css HTTP/1.1" 304 -
120.253.135.82 - - [28/Apr/2024:09:16:50 +0800] "GET /xingrg/javascript/jquery_easy_ui/themes/icon.css HTTP/1.1" 304 -
120.253.135.82 - - [28/Apr/2024:09:16:50 +0800] "GET /xingrg/css/form.css HTTP/1.1" 304 -
120.253.135.82 - - [28/Apr/2024:09:16:50 +0800] "GET /xingrg/javascript/jquery-1.4.2.min.js HTTP/1.1" 304 -
120.253.135.82 - - [28/Apr/2024:09:16:50 +0800] "GET /xingrg/javascript/jquery_easy_ui/jquery.easyui.min.js HTTP/1.1" 304 -
120.253.135.82 - - [28/Apr/2024:09:16:50 +0800] "GET /xingrg/javascript/jquery_easy_ui/easyui-lang-zh_CN.js HTTP/1.1" 304 -
120.253.135.82 - - [28/Apr/2024:09:16:50 +0800] "GET /xingrg/javascript/jquery.form.js HTTP/1.1" 304 -
120.253.135.82 - - [28/Apr/2024:09:16:50 +0800] "GET /xingrg/javascript/jquery.utils.js HTTP/1.1" 304 -
120.253.135.82 - - [28/Apr/2024:09:16:50 +0800] "GET /xingrg/javascript/jquery.timers.js HTTP/1.1" 304 -
120.253.135.82 - - [28/Apr/2024:09:16:50 +0800] "GET /favicon.ico HTTP/1.1" 404 -
120.253.135.82 - - [28/Apr/2024:09:16:50 +0800] "GET /xingrg/images/blue/navBackgound.jpg HTTP/1.1" 304 -
120.253.135.82 - - [28/Apr/2024:09:16:50 +0800] "GET /xingrg/javascript/jquery_easy_ui/themes/icons/settle_new.png HTTP/1.1" 304 -
120.253.135.82 - - [28/Apr/2024:09:16:50 +0800] "GET /xingrg/images/blue/pingpu.png HTTP/1.1" 304 -
120.253.135.82 - - [28/Apr/2024:09:16:50 +0800] "GET /xingrg/javascript/jquery_easy_ui/themes/default/images/tabs_leftarrow.png HTTP/1.1" 304 -
120.253.135.82 - - [28/Apr/2024:09:16:50 +0800] "GET /xingrg/javascript/jquery_easy_ui/themes/default/images/tabs_rightarrow.png HTTP/1.1" 304 -
120.253.135.82 - - [28/Apr/2024:09:16:50 +0800] "GET /xingrg/javascript/jquery_easy_ui/themes/default/images/panel_tool_collapse.gif HTTP/1.1" 304 -
120.253.135.82 - - [28/Apr/2024:09:16:50 +0800] "POST /xingrg/all/common/load_tree.html?tree=area_rest_tree_json&manage=1 HTTP/1.1" 200 344
120.253.135.82 - - [28/Apr/2024:09:16:51 +0800] "GET /xingrg/all/function/internal_message.html?_=1714266859390&CODE_STATE=count HTTP/1.1" 200 11
120.253.135.82 - - [28/Apr/2024:09:16:51 +0800] "GET /xingrg/check_reg.html?_=1714266859391 HTTP/1.1" 200 22
120.253.135.82 - - [28/Apr/2024:09:16:51 +0800] "POST /xingrg/load_menu.html HTTP/1.1" 200 6743
120.253.135.82 - - [28/Apr/2024:09:16:51 +0800] "GET /xingrg/javascript/jquery_easy_ui/themes/default/images/tree_arrows.gif HTTP/1.1" 304 -
120.253.135.82 - - [28/Apr/2024:09:16:51 +0800] "GET /xingrg/javascript/jquery_easy_ui/themes/default/images/tree_folder_open.gif HTTP/1.1" 304 -
120.253.135.82 - - [28/Apr/2024:09:16:51 +0800] "GET /xingrg/javascript/jquery_easy_ui/themes/icons/search_new.png HTTP/1.1" 304 -
120.253.135.82 - - [28/Apr/2024:09:16:51 +0800] "GET /xingrg/javascript/jquery_easy_ui/themes/icons/delivery_new.png HTTP/1.1" 304 -
120.253.135.82 - - [28/Apr/2024:09:16:51 +0800] "GET /xingrg/javascript/jquery_easy_ui/themes/icons/storage_new.png HTTP/1.1" 304 -
120.253.135.82 - - [28/Apr/2024:09:16:51 +0800] "GET /xingrg/javascript/jquery_easy_ui/themes/icons/forms_new.png HTTP/1.1" 304 -
120.253.135.82 - - [28/Apr/2024:09:16:51 +0800] "GET /xingrg/javascript/jquery_easy_ui/themes/default/images/tree_file.gif HTTP/1.1" 304 -
120.253.135.82 - - [28/Apr/2024:09:16:51 +0800] "GET /xingrg/javascript/jquery_easy_ui/themes/default/images/tree_folder.gif HTTP/1.1" 304 -
116.237.77.239 - - [28/Apr/2024:09:16:55 +0800] "GET /xingrg/all/function/internal_message.html?_=1714267015235&CODE_STATE=getMsg HTTP/1.1" 200 27
114.95.253.235 - - [28/Apr/2024:09:16:55 +0800] "GET /xingrg/kc/buy/cgsh_order_operate.html?command=get_materiel&rest_code=00150&code=00101009160&supplier_code=00100008&order_time=2024-04-28 HTTP/1.1" 200 415
120.253.135.82 - - [28/Apr/2024:09:16:57 +0800] "GET /xingrg/javascript/jquery_easy_ui/themes/default/images/tabs_close.gif HTTP/1.1" 304 -
120.253.135.82 - - [28/Apr/2024:09:16:57 +0800] "GET /xingrg/kc/pszx/mdqp_order_list.html?state=10 HTTP/1.1" 200 10319
120.253.135.82 - - [28/Apr/2024:09:16:57 +0800] "GET /xingrg/dwr/interface/AjaxQqpsService.js HTTP/1.1" 200 16326
120.253.135.82 - - [28/Apr/2024:09:16:57 +0800] "GET /xingrg/javascript/pic_change.js HTTP/1.1" 304 -
120.253.135.82 - - [28/Apr/2024:09:16:57 +0800] "GET /xingrg/css/blue.css HTTP/1.1" 304 -
120.253.135.82 - - [28/Apr/2024:09:16:57 +0800] "GET /xingrg/dwr/interface/AjaxReportQueryService.js HTTP/1.1" 200 13203
120.253.135.82 - - [28/Apr/2024:09:16:57 +0800] "GET /xingrg/dwr/util.js HTTP/1.1" 304 -
120.253.135.82 - - [28/Apr/2024:09:16:57 +0800] "GET /xingrg/javascript/myfunction.js HTTP/1.1" 304 -
120.253.135.82 - - [28/Apr/2024:09:16:57 +0800] "GET /xingrg/javascript/Calendar.js HTTP/1.1" 304 -
120.253.135.82 - - [28/Apr/2024:09:16:57 +0800] "GET /xingrg/dwr/engine.js HTTP/1.1" 200 43631
120.253.135.82 - - [28/Apr/2024:09:16:57 +0800] "GET /xingrg/javascript/jquery_easy_ui/themes/icons/uncheck_new.png HTTP/1.1" 304 -
120.253.135.82 - - [28/Apr/2024:09:16:57 +0800] "GET /xingrg/javascript/jquery_easy_ui/themes/icons/check_new.png HTTP/1.1" 304 -
120.253.135.82 - - [28/Apr/2024:09:16:57 +0800] "GET /xingrg/javascript/jquery_easy_ui/themes/icons/back_new.png HTTP/1.1" 304 -
120.253.135.82 - - [28/Apr/2024:09:16:59 +0800] "GET /xingrg/all/function/internal_message.html?_=1714267201776&CODE_STATE=getMsg HTTP/1.1" 200 27
120.253.135.82 - - [28/Apr/2024:09:17:00 +0800] "GET /xingrg/kc/pszx/mdps_order_list.html?orderType=0 HTTP/1.1" 200 21033
120.253.135.82 - - [28/Apr/2024:09:17:00 +0800] "GET /xingrg/css/site.css HTTP/1.1" 304 -
120.253.135.82 - - [28/Apr/2024:09:17:00 +0800] "GET /xingrg/css/base.css HTTP/1.1" 304 -
120.253.135.82 - - [28/Apr/2024:09:17:00 +0800] "GET /xingrg/javascript/jquery_tools/datebox.css HTTP/1.1" 304 -
120.253.135.82 - - [28/Apr/2024:09:17:00 +0800] "GET /xingrg/javascript/easyui/themes/default/easyui.css HTTP/1.1" 304 -
120.253.135.82 - - [28/Apr/2024:09:17:00 +0800] "GET /xingrg/javascript/easyui/themes/icon.css HTTP/1.1" 304 -
120.253.135.82 - - [28/Apr/2024:09:17:00 +0800] "GET /xingrg/javascript/auto/jquery.autocomplete.css HTTP/1.1" 304 -
120.253.135.82 - - [28/Apr/2024:09:17:00 +0800] "GET /xingrg/javascript/jquery_tools/fix.css HTTP/1.1" 304 -
120.253.135.82 - - [28/Apr/2024:09:17:00 +0800] "GET /xingrg/javascript/jquery_tools/table.css HTTP/1.1" 304 -
120.253.135.82 - - [28/Apr/2024:09:17:00 +0800] "GET /xingrg/javascript/jquery_tools/jquery.tools.table.js HTTP/1.1" 304 -
120.253.135.82 - - [28/Apr/2024:09:17:00 +0800] "GET /xingrg/javascript/jquery_tools/jquery.tools.hotkey.js HTTP/1.1" 304 -
120.253.135.82 - - [28/Apr/2024:09:17:00 +0800] "GET /xingrg/javascript/jquery_tools/list_manager.js HTTP/1.1" 304 -
120.253.135.82 - - [28/Apr/2024:09:17:00 +0800] "GET /xingrg/javascript/jquery_tools/jquery.tools.min.js HTTP/1.1" 304 -
120.253.135.82 - - [28/Apr/2024:09:17:00 +0800] "GET /xingrg/javascript/auto/jquery.autocomplete.js HTTP/1.1" 304 -
120.253.135.82 - - [28/Apr/2024:09:17:00 +0800] "GET /xingrg/javascript/jquery_tools/jquery.tools.extend.js HTTP/1.1" 304 -
120.253.135.82 - - [28/Apr/2024:09:17:00 +0800] "GET /xingrg/javascript/easyui/easyloader.js HTTP/1.1" 304 -
120.253.135.82 - - [28/Apr/2024:09:17:00 +0800] "GET /xingrg/javascript/jquery.cookie.js HTTP/1.1" 304 -
120.253.135.82 - - [28/Apr/2024:09:17:00 +0800] "GET /xingrg/javascript/print/LodopFuncs.js HTTP/1.1" 304 -
120.253.135.82 - - [28/Apr/2024:09:17:00 +0800] "GET /xingrg/javascript/easyui/themes/icons/edit_add_new.png HTTP/1.1" 304 -
120.253.135.82 - - [28/Apr/2024:09:17:00 +0800] "GET /xingrg/javascript/easyui/themes/icons/cance_new.png HTTP/1.1" 304 -
120.253.135.82 - - [28/Apr/2024:09:17:00 +0800] "GET /xingrg/javascript/easyui/themes/icons/uncheck_new.png HTTP/1.1" 304 -
120.253.135.82 - - [28/Apr/2024:09:17:00 +0800] "GET /xingrg/javascript/easyui/themes/icons/check_new.png HTTP/1.1" 304 -
120.253.135.82 - - [28/Apr/2024:09:17:00 +0800] "GET /xingrg/javascript/easyui/themes/icons/field_new.png HTTP/1.1" 304 -
120.253.135.82 - - [28/Apr/2024:09:17:00 +0800] "GET /xingrg/javascript/easyui/themes/icons/import_new.png HTTP/1.1" 304 -
120.253.135.82 - - [28/Apr/2024:09:17:00 +0800] "GET /xingrg/javascript/easyui/plugins/jquery.parser.js HTTP/1.1" 304 -
120.253.135.82 - - [28/Apr/2024:09:17:00 +0800] "GET /xingrg/images/control/ajaxLoader.gif HTTP/1.1" 304 -
120.253.135.82 - - [28/Apr/2024:09:17:00 +0800] "GET /xingrg/javascript/jquery_easy_ui/themes/icons/area.png HTTP/1.1" 304 -
120.253.135.82 - - [28/Apr/2024:09:17:00 +0800] "GET /xingrg/javascript/jquery_easy_ui/themes/icons/manage.png HTTP/1.1" 304 -
120.253.135.82 - - [28/Apr/2024:09:17:01 +0800] "POST /xingrg/kc/pszx/mdps_list_operate.html HTTP/1.1" 200 5269
180.163.29.212 - - [28/Apr/2024:09:17:03 +0800] "GET /xingrg/all/function/internal_message.html?_=1714266955254&CODE_STATE=getMsg HTTP/1.1" 302 -
180.163.29.212 - - [28/Apr/2024:09:17:03 +0800] "GET /xingrg/login.html HTTP/1.1" 200 7641
114.95.253.235 - - [28/Apr/2024:09:17:04 +0800] "GET /xingrg/kc/buy/cgsh_order_operate.html?command=get_materiel&rest_code=00150&code=00101008061&supplier_code=00100008&order_time=2024-04-28 HTTP/1.1" 200 422
120.253.135.82 - - [28/Apr/2024:09:17:10 +0800] "GET /xingrg/kc/pszx/mdqp_order_list.html?state=10 HTTP/1.1" 200 10319
120.253.135.82 - - [28/Apr/2024:09:17:10 +0800] "GET /xingrg/dwr/interface/AjaxQqpsService.js HTTP/1.1" 200 16326
120.253.135.82 - - [28/Apr/2024:09:17:10 +0800] "GET /xingrg/dwr/engine.js HTTP/1.1" 200 43631
120.253.135.82 - - [28/Apr/2024:09:17:10 +0800] "GET /xingrg/dwr/interface/AjaxReportQueryService.js HTTP/1.1" 200 13203
180.164.6.225 - - [28/Apr/2024:09:17:13 +0800] "GET /xingrg/all/function/internal_message.html?_=1714267033125&CODE_STATE=getMsg HTTP/1.1" 200 27
180.164.6.225 - - [28/Apr/2024:09:17:13 +0800] "GET /xingrg/check_reg.html?_=1714267033194 HTTP/1.1" 200 22
114.95.253.235 - - [28/Apr/2024:09:17:14 +0800] "GET /xingrg/kc/buy/cgsh_order_operate.html?command=get_materiel&rest_code=00150&code=00101009175&supplier_code=00100008&order_time=2024-04-28 HTTP/1.1" 200 415
180.169.147.146 - - [28/Apr/2024:09:17:17 +0800] "GET /xingrg/check_reg.html?_=1714267027040 HTTP/1.1" 200 22
58.40.7.146 - - [28/Apr/2024:09:17:22 +0800] "GET /xingrg/all/function/internal_message.html?_=1714267042760&CODE_STATE=getMsg HTTP/1.1" 200 27
114.95.253.235 - - [28/Apr/2024:09:17:23 +0800] "GET /xingrg/kc/buy/cgsh_order_operate.html?command=get_materiel&rest_code=00150&code=00101008591&supplier_code=00100008&order_time=2024-04-28 HTTP/1.1" 200 409
120.253.135.82 - - [28/Apr/2024:09:17:23 +0800] "GET /xingrg/kc/pszx/mdqp_order_list.html?state=10 HTTP/1.1" 200 10319
120.253.135.82 - - [28/Apr/2024:09:17:23 +0800] "GET /xingrg/dwr/interface/AjaxQqpsService.js HTTP/1.1" 200 16326
120.253.135.82 - - [28/Apr/2024:09:17:23 +0800] "GET /xingrg/dwr/interface/AjaxReportQueryService.js HTTP/1.1" 200 13203
120.253.135.82 - - [28/Apr/2024:09:17:23 +0800] "GET /xingrg/dwr/engine.js HTTP/1.1" 200 43631
116.237.77.239 - - [28/Apr/2024:09:17:29 +0800] "GET /xingrg/kc/buy/cgsh_order_operate.html?command=get_materiel&rest_code=00106&code=00101008080&supplier_code=00100007&order_time=2024-04-28 HTTP/1.1" 200 416
114.95.253.235 - - [28/Apr/2024:09:17:29 +0800] "GET /xingrg/all/function/internal_message.html?_=1714267049103&CODE_STATE=getMsg HTTP/1.1" 200 27
114.95.253.235 - - [28/Apr/2024:09:17:31 +0800] "GET /xingrg/all/function/internal_message.html?_=1714267051894&CODE_STATE=getMsg HTTP/1.1" 200 27
114.95.253.235 - - [28/Apr/2024:09:17:33 +0800] "GET /xingrg/kc/buy/cgsh_order_operate.html?command=get_materiel&rest_code=00150&code=00101009011&supplier_code=00100008&order_time=2024-04-28 HTTP/1.1" 200 416
114.95.253.235 - - [28/Apr/2024:09:17:35 +0800] "POST /xingrg/kc/buy/cgsh_order_operate.html HTTP/1.1" 200 2065
116.238.97.31 - - [28/Apr/2024:09:17:39 +0800] "GET /xingrg/all/function/internal_message.html?_=1714267060123&CODE_STATE=getMsg HTTP/1.1" 200 27
116.238.97.31 - - [28/Apr/2024:09:17:39 +0800] "GET /xingrg/check_reg.html?_=1714267060296 HTTP/1.1" 200 22
120.253.135.82 - - [28/Apr/2024:09:17:39 +0800] "GET /xingrg/kc/pszx/mdqp_order_list.html?state=10 HTTP/1.1" 200 10319
120.253.135.82 - - [28/Apr/2024:09:17:39 +0800] "GET /xingrg/dwr/interface/AjaxQqpsService.js HTTP/1.1" 200 16326
120.253.135.82 - - [28/Apr/2024:09:17:39 +0800] "GET /xingrg/dwr/engine.js HTTP/1.1" 200 43631
120.253.135.82 - - [28/Apr/2024:09:17:39 +0800] "GET /xingrg/dwr/interface/AjaxReportQueryService.js HTTP/1.1" 200 13203
116.237.77.239 - - [28/Apr/2024:09:17:40 +0800] "GET /xingrg/kc/buy/cgsh_order_operate.html?command=get_materiel&rest_code=00106&code=00101008107&supplier_code=00100007&order_time=2024-04-28 HTTP/1.1" 200 412
114.95.253.235 - - [28/Apr/2024:09:17:41 +0800] "GET /xingrg/kc/buy/cgsh_order_operate.html?command=get_materiel&rest_code=00150&code=00101009015&supplier_code=00100008&order_time=2024-04-28 HTTP/1.1" 200 416
116.237.77.239 - - [28/Apr/2024:09:17:44 +0800] "POST /xingrg/kc/buy/cgsh_order_operate.html HTTP/1.1" 200 2065
120.253.135.82 - - [28/Apr/2024:09:17:46 +0800] "GET /xingrg/kc/report/report_main.html HTTP/1.1" 200 8599
120.253.135.82 - - [28/Apr/2024:09:17:46 +0800] "GET /xingrg/javascript/jquery_ui/themes/humanity/humanity.css HTTP/1.1" 304 -
120.253.135.82 - - [28/Apr/2024:09:17:46 +0800] "GET /xingrg/javascript/json2.js HTTP/1.1" 304 -
120.253.135.82 - - [28/Apr/2024:09:17:47 +0800] "GET /xingrg/kc/base/kc_stocks.html HTTP/1.1" 200 16554
120.253.135.82 - - [28/Apr/2024:09:17:47 +0800] "GET /xingrg/javascript/easyui/themes/sunny/easyui.css HTTP/1.1" 304 -
120.253.135.82 - - [28/Apr/2024:09:17:47 +0800] "GET /xingrg/javascript/convert.js HTTP/1.1" 304 -
120.253.135.82 - - [28/Apr/2024:09:17:48 +0800] "GET /xingrg/javascript/easyui/themes/icons/print_new.png HTTP/1.1" 304 -
120.253.135.82 - - [28/Apr/2024:09:17:48 +0800] "GET /xingrg/javascript/easyui/themes/icons/filter_new.png HTTP/1.1" 304 -
120.253.135.82 - - [28/Apr/2024:09:17:48 +0800] "GET /xingrg/javascript/easyui/themes/icons/refresh_new.png HTTP/1.1" 304 -
120.253.135.82 - - [28/Apr/2024:09:17:48 +0800] "GET /xingrg/javascript/easyui/plugins/jquery.draggable.js HTTP/1.1" 304 -
120.253.135.82 - - [28/Apr/2024:09:17:48 +0800] "GET /xingrg/javascript/easyui/plugins/jquery.droppable.js HTTP/1.1" 304 -
120.253.135.82 - - [28/Apr/2024:09:17:48 +0800] "GET /xingrg/javascript/easyui/themes/default/tree.css HTTP/1.1" 404 1090
120.253.135.82 - - [28/Apr/2024:09:17:48 +0800] "GET /xingrg/javascript/easyui/plugins/jquery.tree.js HTTP/1.1" 304 -
120.253.135.82 - - [28/Apr/2024:09:17:48 +0800] "GET /xingrg/all/common/auto_word.html?type=base&rest_code=00101 HTTP/1.1" 200 671
120.253.135.82 - - [28/Apr/2024:09:17:48 +0800] "POST /xingrg/all/common/load_tree.html?tree=materiel_sort_tree_json HTTP/1.1" 200 9734
120.253.135.82 - - [28/Apr/2024:09:17:48 +0800] "GET /xingrg/javascript/easyui/themes/sunny/images/tree_arrows.gif HTTP/1.1" 304 -
120.253.135.82 - - [28/Apr/2024:09:17:48 +0800] "GET /xingrg/javascript/easyui/themes/sunny/images/tree_folder_open.gif HTTP/1.1" 304 -
120.253.135.82 - - [28/Apr/2024:09:17:48 +0800] "GET /xingrg/javascript/easyui/themes/sunny/images/tree_folder.gif HTTP/1.1" 304 -
120.253.135.82 - - [28/Apr/2024:09:17:48 +0800] "GET /xingrg/javascript/easyui/themes/sunny/images/tree_file.gif HTTP/1.1" 304 -
120.253.135.82 - - [28/Apr/2024:09:17:49 +0800] "GET /xingrg/css/images/panel_loading.gif HTTP/1.1" 304 -
124.78.56.241 - - [28/Apr/2024:09:17:49 +0800] "GET /xingrg/all/function/internal_message.html?_=1714267069778&CODE_STATE=getMsg HTTP/1.1" 200 27
120.253.135.82 - - [28/Apr/2024:09:17:49 +0800] "POST /xingrg/all/common/load_combo.html?type=base HTTP/1.1" 200 1169
114.95.253.235 - - [28/Apr/2024:09:17:50 +0800] "GET /xingrg/kc/buy/cgsh_order_operate.html?command=get_materiel&rest_code=00150&code=00101009140&supplier_code=00100008&order_time=2024-04-28 HTTP/1.1" 200 412
116.237.77.239 - - [28/Apr/2024:09:17:50 +0800] "GET /xingrg/kc/buy/cgsh_order_operate.html?command=get_materiel&rest_code=00106&code=00101008186&supplier_code=00100007&order_time=2024-04-28 HTTP/1.1" 200 408
120.253.135.82 - - [28/Apr/2024:09:17:51 +0800] "GET /xingrg/all/function/internal_message.html?_=1714266919406&CODE_STATE=getMsg HTTP/1.1" 200 27
116.237.77.239 - - [28/Apr/2024:09:17:55 +0800] "GET /xingrg/all/function/internal_message.html?_=1714267075218&CODE_STATE=getMsg HTTP/1.1" 200 27
116.237.77.239 - - [28/Apr/2024:09:17:55 +0800] "GET /xingrg/check_reg.html?_=1714267075283 HTTP/1.1" 200 22
120.253.135.82 - - [28/Apr/2024:09:17:59 +0800] "GET /xingrg/all/function/internal_message.html?_=1714267261780&CODE_STATE=getMsg HTTP/1.1" 200 27
180.163.29.206 - - [28/Apr/2024:09:18:01 +0800] "GET /xingrg/kc/buy/cgsh_order_operate.html?command=get_materiel&rest_code=00106&code=00101008359&supplier_code=00100007&order_time=2024-04-28 HTTP/1.1" 302 -
180.163.29.206 - - [28/Apr/2024:09:18:01 +0800] "GET /xingrg/login.html HTTP/1.1" 200 7641
120.253.135.82 - - [28/Apr/2024:09:18:01 +0800] "POST /xingrg/kc/base/stock_operate.html HTTP/1.1" 200 1473
120.253.135.82 - - [28/Apr/2024:09:18:01 +0800] "GET /xingrg/javascript/jquery_tools/fix_table.js HTTP/1.1" 304 -
120.253.135.82 - - [28/Apr/2024:09:18:04 +0800] "GET /xingrg/kc/base/stock_detail.html?m=00101033003 HTTP/1.1" 200 6437
120.253.135.82 - - [28/Apr/2024:09:18:04 +0800] "GET /xingrg/javascript/jquery_easy_ui/themes/default/images/button_a_bg.gif HTTP/1.1" 304 -
120.253.135.82 - - [28/Apr/2024:09:18:04 +0800] "GET /xingrg/javascript/jquery_easy_ui/themes/default/images/button_span_bg.gif HTTP/1.1" 304 -
120.253.135.82 - - [28/Apr/2024:09:18:04 +0800] "GET /xingrg/javascript/jquery_easy_ui/themes/icons/search.png HTTP/1.1" 304 -
120.253.135.82 - - [28/Apr/2024:09:18:04 +0800] "GET /xingrg/javascript/jquery_easy_ui/themes/default/images/menu_downarrow.png HTTP/1.1" 304 -
120.253.135.82 - - [28/Apr/2024:09:18:04 +0800] "GET /xingrg/javascript/jquery_easy_ui/themes/icons/print.png HTTP/1.1" 304 -
120.253.135.82 - - [28/Apr/2024:09:18:04 +0800] "GET /xingrg/javascript/jquery_easy_ui/themes/default/images/menu.gif HTTP/1.1" 200 834
120.253.135.82 - - [28/Apr/2024:09:18:04 +0800] "GET /xingrg/javascript/jquery_easy_ui/themes/default/images/calendar_prevmonth.gif HTTP/1.1" 304 -
120.253.135.82 - - [28/Apr/2024:09:18:04 +0800] "GET /xingrg/javascript/jquery_easy_ui/themes/default/images/calendar_prevyear.gif HTTP/1.1" 304 -
120.253.135.82 - - [28/Apr/2024:09:18:04 +0800] "GET /xingrg/javascript/jquery_easy_ui/themes/default/images/calendar_nextyear.gif HTTP/1.1" 304 -
120.253.135.82 - - [28/Apr/2024:09:18:04 +0800] "GET /xingrg/javascript/jquery_easy_ui/themes/default/images/calendar_nextmonth.gif HTTP/1.1" 304 -
114.95.253.235 - - [28/Apr/2024:09:18:05 +0800] "POST /xingrg/kc/buy/cgsh_order_operate.html HTTP/1.1" 200 37
124.78.56.241 - - [28/Apr/2024:09:18:05 +0800] "GET /xingrg/check_reg.html?_=1714267085073 HTTP/1.1" 200 22
116.237.77.239 - - [28/Apr/2024:09:18:07 +0800] "GET /xingrg/kc/buy/cgsh_order_operate.html?command=get_materiel&rest_code=00106&code=00101008298&supplier_code=00100007&order_time=2024-04-28 HTTP/1.1" 200 412
120.253.135.82 - - [28/Apr/2024:09:18:12 +0800] "GET /xingrg/kc/base/stock_operate.html?_=1714266940724&command=get_report_file&start_day=20230401 HTTP/1.1" 200 53
120.253.135.82 - - [28/Apr/2024:09:18:12 +0800] "GET /xingrg/all/report/report_query.html?isQuery=1&onlyBody=1&rh=2000&fileName=kc/base/kc_stock_detail_new.xml&queryString=(1=1)&queryText=&tableQueryString=init_table$sp1$$sp$crk_table$sp1$order_day%20between%2020230401%20and%2020240430&varString=start_day:20230401,materiel_code:00101033003,cost_id:4411,end_date:20230331 HTTP/1.1" 200 48701
120.253.135.82 - - [28/Apr/2024:09:18:12 +0800] "GET /xingrg/javascript/calendar/timePicker.css HTTP/1.1" 200 523
120.253.135.82 - - [28/Apr/2024:09:18:12 +0800] "GET /xingrg/dwr/interface/AjaxReportQueryService.js HTTP/1.1" 200 13203
120.253.135.82 - - [28/Apr/2024:09:18:12 +0800] "GET /xingrg/javascript/multi_select/jqueryMultiSelect.css HTTP/1.1" 200 951
120.253.135.82 - - [28/Apr/2024:09:18:12 +0800] "GET /xingrg/dwr/engine.js HTTP/1.1" 200 43631
120.253.135.82 - - [28/Apr/2024:09:18:12 +0800] "GET /xingrg/javascript/bigrid/fix.css HTTP/1.1" 200 1702
120.253.135.82 - - [28/Apr/2024:09:18:12 +0800] "GET /xingrg/javascript/jqueryMultiSelect.js HTTP/1.1" 200 11866
120.253.135.82 - - [28/Apr/2024:09:18:12 +0800] "GET /xingrg/javascript/calendar/jquery.timePicker.min.js HTTP/1.1" 200 2997
120.253.135.82 - - [28/Apr/2024:09:18:12 +0800] "GET /xingrg/javascript/bigrid/fix.js HTTP/1.1" 200 6439
120.253.135.82 - - [28/Apr/2024:09:18:12 +0800] "GET /xingrg/images/control/loading.gif HTTP/1.1" 200 13463
120.253.135.82 - - [28/Apr/2024:09:18:12 +0800] "GET /xingrg/images/blue/button/advance2over.gif HTTP/1.1" 200 1336
120.253.135.82 - - [28/Apr/2024:09:18:12 +0800] "GET /xingrg/images/blue/button/advanceover.gif HTTP/1.1" 200 1347
120.253.135.82 - - [28/Apr/2024:09:18:12 +0800] "GET /xingrg/images/blue/button/back2over.gif HTTP/1.1" 200 1335
120.253.135.82 - - [28/Apr/2024:09:18:12 +0800] "GET /xingrg/images/blue/button/backover.gif HTTP/1.1" 200 1348
120.253.135.82 - - [28/Apr/2024:09:18:12 +0800] "GET /xingrg/javascript/jquery_easy_ui/themes/icons/help.png HTTP/1.1" 200 1187
180.164.6.225 - - [28/Apr/2024:09:18:13 +0800] "GET /xingrg/all/function/internal_message.html?_=1714267093111&CODE_STATE=getMsg HTTP/1.1" 200 27
120.253.135.82 - - [28/Apr/2024:09:18:14 +0800] "POST /xingrg/all/report/load_report_page.html HTTP/1.1" 200 161762
120.253.135.82 - - [28/Apr/2024:09:18:14 +0800] "GET /xingrg/servlets/image?cache=0.3408052043347104&image=px HTTP/1.1" 200 807
114.95.253.235 - - [28/Apr/2024:09:18:14 +0800] "POST /xingrg/kc/buy/cgsh_order_operate.html HTTP/1.1" 200 38745
116.237.77.239 - - [28/Apr/2024:09:18:17 +0800] "GET /xingrg/kc/buy/cgsh_order_operate.html?command=get_materiel&rest_code=00106&code=00101008283&supplier_code=00100007&order_time=2024-04-28 HTTP/1.1" 200 408
120.253.135.82 - - [28/Apr/2024:09:18:18 +0800] "GET /xingrg/kc/guide/show_order.html?code=212023051304522&type=21 HTTP/1.1" 302 -
120.253.135.82 - - [28/Apr/2024:09:18:19 +0800] "GET /xingrg/kc/buy/cgsh_order_info.html?code=212023051304522&sysBaseUrl=http%3A%2F%2F180.169.147.146%3A18081%2Fxingrg%2F&costTime=0×tamp=1714267098523 HTTP/1.1" 200 68104
120.253.135.82 - - [28/Apr/2024:09:18:19 +0800] "GET /xingrg/javascript/print/kc_print.js HTTP/1.1" 304 -
120.253.135.82 - - [28/Apr/2024:09:18:19 +0800] "GET /xingrg/javascript/jquery_tools/order_manager.js HTTP/1.1" 304 -
120.253.135.82 - - [28/Apr/2024:09:18:20 +0800] "GET /favicon.ico HTTP/1.1" 404 -
120.253.135.82 - - [28/Apr/2024:09:18:20 +0800] "GET /xingrg/words/20240427141959_words.js HTTP/1.1" 304 -
120.253.135.82 - - [28/Apr/2024:09:18:20 +0800] "GET /xingrg/javascript/easyui/themes/icons/copy_new.png HTTP/1.1" 304 -
120.253.135.82 - - [28/Apr/2024:09:18:20 +0800] "GET /xingrg/javascript/easyui/themes/icons/print.png HTTP/1.1" 304 -
120.253.135.82 - - [28/Apr/2024:09:18:20 +0800] "GET /xingrg/javascript/easyui/themes/icons/cancel.png HTTP/1.1" 304 -
120.253.135.82 - - [28/Apr/2024:09:18:20 +0800] "GET /xingrg/javascript/easyui/themes/default/images/menu_downarrow.png HTTP/1.1" 304 -
120.253.135.82 - - [28/Apr/2024:09:18:20 +0800] "GET /xingrg/javascript/easyui/themes/default/validatebox.css HTTP/1.1" 404 1104
120.253.135.82 - - [28/Apr/2024:09:18:20 +0800] "GET /xingrg/javascript/easyui/plugins/jquery.validatebox.js HTTP/1.1" 304 -
120.253.135.82 - - [28/Apr/2024:09:18:20 +0800] "GET /xingrg/javascript/easyui/plugins/jquery.numberbox.js HTTP/1.1" 304 -
120.253.135.82 - - [28/Apr/2024:09:18:21 +0800] "POST /xingrg/kc/buy/cgsh_order_operate.html HTTP/1.1" 200 6851
120.253.135.82 - - [28/Apr/2024:09:18:21 +0800] "GET /xingrg/javascript/easyui/themes/icons/edit_remove.png HTTP/1.1" 304 -
114.95.253.235 - - [28/Apr/2024:09:18:22 +0800] "POST /xingrg/kc/buy/cgsh_order_operate.html HTTP/1.1" 200 37
58.40.7.146 - - [28/Apr/2024:09:18:22 +0800] "GET /xingrg/all/function/internal_message.html?_=1714267102802&CODE_STATE=getMsg HTTP/1.1" 200 27
114.95.253.235 - - [28/Apr/2024:09:18:24 +0800] "POST /xingrg/kc/buy/cgsh_order_operate.html HTTP/1.1" 200 38745
180.169.147.146 - - [28/Apr/2024:09:18:24 +0800] "GET /xingrg/check_reg.html?_=1714267093937 HTTP/1.1" 200 22
114.95.253.235 - - [28/Apr/2024:09:18:25 +0800] "GET /xingrg/kc/buy/cgsh_order_add.html HTTP/1.1" 200 74207
114.95.253.235 - - [28/Apr/2024:09:18:26 +0800] "POST /xingrg/kc/buy/cgsh_order_operate.html HTTP/1.1" 200 8245
114.95.253.235 - - [28/Apr/2024:09:18:26 +0800] "GET /xingrg/javascript/easyui/themes/default/validatebox.css HTTP/1.1" 404 1104
116.237.77.239 - - [28/Apr/2024:09:18:26 +0800] "GET /xingrg/kc/buy/cgsh_order_operate.html?command=get_materiel&rest_code=00106&code=00101008356&supplier_code=00100007&order_time=2024-04-28 HTTP/1.1" 200 408
116.238.97.31 - - [28/Apr/2024:09:18:27 +0800] "POST /xingrg/services/DataTransmitService HTTP/1.1" 200 524
114.95.253.235 - - [28/Apr/2024:09:18:29 +0800] "GET /xingrg/all/function/internal_message.html?_=1714267109102&CODE_STATE=getMsg HTTP/1.1" 200 27
114.95.253.235 - - [28/Apr/2024:09:18:31 +0800] "GET /xingrg/all/function/internal_message.html?_=1714267111905&CODE_STATE=getMsg HTTP/1.1" 200 27
116.237.77.239 - - [28/Apr/2024:09:18:36 +0800] "GET /xingrg/kc/buy/cgsh_order_operate.html?command=get_materiel&rest_code=00106&code=00101008037&supplier_code=00100007&order_time=2024-04-28 HTTP/1.1" 200 415
114.95.253.235 - - [28/Apr/2024:09:18:36 +0800] "GET /xingrg/kc/buy/cgsh_order_operate.html?command=get_materiel&rest_code=00150&code=00101020444&supplier_code=00100151&order_time=2024-04-28 HTTP/1.1" 200 410
116.238.97.31 - - [28/Apr/2024:09:18:39 +0800] "GET /xingrg/all/function/internal_message.html?_=1714267120107&CODE_STATE=getMsg HTTP/1.1" 200 27
116.237.77.239 - - [28/Apr/2024:09:18:39 +0800] "POST /xingrg/kc/buy/cgsh_order_operate.html HTTP/1.1" 200 2065
120.253.135.82 - - [28/Apr/2024:09:18:44 +0800] "GET /xingrg/javascript/easyui/themes/default/images/button_plain_hover.png HTTP/1.1" 304 -
120.253.135.82 - - [28/Apr/2024:09:18:44 +0800] "GET /xingrg/javascript/easyui/themes/default/images/button_plain_hover.png HTTP/1.1" 304 -
120.253.135.82 - - [28/Apr/2024:09:18:45 +0800] "GET /xingrg/kc/print/load_config.html?kc_code=cgsh HTTP/1.1" 200 1927
120.253.135.82 - - [28/Apr/2024:09:18:46 +0800] "GET /xingrg/kc/print/load_data.html?order_code=212023051304522&kc_code=cgsh&condition= HTTP/1.1" 200 3321
114.95.253.235 - - [28/Apr/2024:09:18:47 +0800] "GET /xingrg/kc/buy/cgsh_order_operate.html?command=get_materiel&rest_code=00150&code=00101002022&supplier_code=00100151&order_time=2024-04-28 HTTP/1.1" 200 409
124.78.56.241 - - [28/Apr/2024:09:18:49 +0800] "GET /xingrg/all/function/internal_message.html?_=1714267129754&CODE_STATE=getMsg HTTP/1.1" 200 27
120.253.135.82 - - [28/Apr/2024:09:18:51 +0800] "GET /xingrg/all/function/internal_message.html?_=1714266979425&CODE_STATE=getMsg HTTP/1.1" 200 27
116.237.77.239 - - [28/Apr/2024:09:18:54 +0800] "GET /xingrg/kc/buy/cgsh_order_operate.html?command=get_materiel&rest_code=00106&code=00101008224&supplier_code=00100007&order_time=2024-04-28 HTTP/1.1" 200 416
116.237.77.239 - - [28/Apr/2024:09:18:55 +0800] "GET /xingrg/all/function/internal_message.html?_=1714267135194&CODE_STATE=getMsg HTTP/1.1" 200 27
180.163.29.79 - - [28/Apr/2024:09:18:57 +0800] "GET /xingrg/kc/buy/cgsh_order_operate.html?command=get_materiel&rest_code=00106&code=00101008298&supplier_code=00100007&order_time=2024-04-28 HTTP/1.1" 302 -
180.163.29.79 - - [28/Apr/2024:09:18:57 +0800] "GET /xingrg/login.html HTTP/1.1" 200 7641
221.239.168.119 - - [28/Apr/2024:09:18:59 +0800] "GET /xingrg/check_reg.html?_=1714267136340 HTTP/1.1" 200 22
120.253.135.82 - - [28/Apr/2024:09:18:59 +0800] "GET /xingrg/all/function/internal_message.html?_=1714267321786&CODE_STATE=getMsg HTTP/1.1" 200 27
180.163.28.180 - - [28/Apr/2024:09:19:07 +0800] "GET /xingrg/kc/buy/cgsh_order_operate.html?command=get_materiel&rest_code=00106&code=00101008186&supplier_code=00100007&order_time=2024-04-28 HTTP/1.1" 302 -
180.163.28.180 - - [28/Apr/2024:09:19:07 +0800] "GET /xingrg/login.html HTTP/1.1" 200 7641
116.237.77.239 - - [28/Apr/2024:09:19:10 +0800] "GET /xingrg/kc/buy/cgsh_order_operate.html?command=get_materiel&rest_code=00106&code=00101008275&supplier_code=00100007&order_time=2024-04-28 HTTP/1.1" 200 416
180.164.6.225 - - [28/Apr/2024:09:19:13 +0800] "GET /xingrg/all/function/internal_message.html?_=1714267153093&CODE_STATE=getMsg HTTP/1.1" 200 27
114.95.253.235 - - [28/Apr/2024:09:19:13 +0800] "POST /xingrg/kc/buy/cgsh_order_operate.html HTTP/1.1" 200 37
114.95.253.235 - - [28/Apr/2024:09:19:20 +0800] "POST /xingrg/kc/buy/cgsh_order_operate.html HTTP/1.1" 200 12
116.237.77.239 - - [28/Apr/2024:09:19:21 +0800] "GET /xingrg/kc/buy/cgsh_order_operate.html?command=get_materiel&rest_code=00106&code=00101008042&supplier_code=00100007&order_time=2024-04-28 HTTP/1.1" 200 416
58.40.7.146 - - [28/Apr/2024:09:19:22 +0800] "GET /xingrg/all/function/internal_message.html?_=1714267162777&CODE_STATE=getMsg HTTP/1.1" 200 27
58.40.7.146 - - [28/Apr/2024:09:19:23 +0800] "GET /xingrg/javascript/jquery_easy_ui/themes/default/images/tabs_active.png HTTP/1.1" 200 2894
114.95.253.235 - - [28/Apr/2024:09:19:28 +0800] "GET /xingrg/kc/buy/cgsh_order_info.html?code=212024042807741 HTTP/1.1" 200 69068
114.95.253.235 - - [28/Apr/2024:09:19:29 +0800] "GET /xingrg/javascript/easyui/themes/default/validatebox.css HTTP/1.1" 404 1104
222.70.183.82 - - [28/Apr/2024:09:19:29 +0800] "GET /xingrg/check_reg.html?_=1714267167508 HTTP/1.1" 200 22
114.95.253.235 - - [28/Apr/2024:09:19:29 +0800] "GET /xingrg/all/function/internal_message.html?_=1714267169090&CODE_STATE=getMsg HTTP/1.1" 200 27
114.95.253.235 - - [28/Apr/2024:09:19:30 +0800] "POST /xingrg/kc/buy/cgsh_order_operate.html HTTP/1.1" 200 1197
114.95.253.235 - - [28/Apr/2024:09:19:31 +0800] "GET /xingrg/all/function/internal_message.html?_=1714267171903&CODE_STATE=getMsg HTTP/1.1" 200 27
114.95.253.235 - - [28/Apr/2024:09:19:33 +0800] "GET /xingrg/kc/print/load_data.html?order_code=212024042807741&kc_code=cgsh&condition= HTTP/1.1" 200 905
116.237.77.239 - - [28/Apr/2024:09:19:35 +0800] "GET /xingrg/kc/buy/cgsh_order_operate.html?command=get_materiel&rest_code=00106&code=00101008161&supplier_code=00100007&order_time=2024-04-28 HTTP/1.1" 200 409
116.237.77.239 - - [28/Apr/2024:09:19:38 +0800] "POST /xingrg/kc/buy/cgsh_order_operate.html HTTP/1.1" 200 2065
116.238.97.31 - - [28/Apr/2024:09:19:39 +0800] "GET /xingrg/all/function/internal_message.html?_=1714267180084&CODE_STATE=getMsg HTTP/1.1" 200 27
114.95.253.235 - - [28/Apr/2024:09:19:40 +0800] "GET /xingrg/kc/buy/cgsh_order_list.html HTTP/1.1" 200 58356
114.95.253.235 - - [28/Apr/2024:09:19:44 +0800] "POST /xingrg/kc/buy/cgsh_list_operate.html HTTP/1.1" 200 1389
114.95.253.235 - - [28/Apr/2024:09:19:46 +0800] "POST /xingrg/kc/buy/cgsh_list_operate.html HTTP/1.1" 200 578
114.95.253.235 - - [28/Apr/2024:09:19:47 +0800] "GET /xingrg/kc/buy/cgsh_order_info.html?code=212024042807740 HTTP/1.1" 200 74185
116.237.77.239 - - [28/Apr/2024:09:19:48 +0800] "POST /xingrg/kc/buy/cgsh_order_operate.html HTTP/1.1" 200 37
114.95.253.235 - - [28/Apr/2024:09:19:48 +0800] "GET /xingrg/javascript/easyui/themes/default/validatebox.css HTTP/1.1" 404 1104
114.95.253.235 - - [28/Apr/2024:09:19:49 +0800] "POST /xingrg/kc/buy/cgsh_order_operate.html HTTP/1.1" 200 38745
124.78.56.241 - - [28/Apr/2024:09:19:49 +0800] "GET /xingrg/all/function/internal_message.html?_=1714267189740&CODE_STATE=getMsg HTTP/1.1" 200 27
120.253.135.82 - - [28/Apr/2024:09:19:51 +0800] "GET /xingrg/all/function/internal_message.html?_=1714267039440&CODE_STATE=getMsg HTTP/1.1" 200 27
116.232.195.13 - - [28/Apr/2024:09:19:58 +0800] "POST /xingrg/services/DataTransmitService HTTP/1.1" 200 524
180.163.30.76 - - [28/Apr/2024:09:20:06 +0800] "GET /xingrg/kc/buy/cgsh_order_operate.html?command=get_materiel&rest_code=00106&code=00101008080&supplier_code=00100007&order_time=2024-04-28 HTTP/1.1" 302 -
180.163.30.76 - - [28/Apr/2024:09:20:06 +0800] "GET /xingrg/login.html HTTP/1.1" 200 7641
180.164.6.225 - - [28/Apr/2024:09:20:13 +0800] "GET /xingrg/all/function/internal_message.html?_=1714267213082&CODE_STATE=getMsg HTTP/1.1" 200 27
116.237.77.239 - - [28/Apr/2024:09:20:13 +0800] "POST /xingrg/kc/buy/cgsh_order_operate.html HTTP/1.1" 200 20397
180.164.6.225 - - [28/Apr/2024:09:20:17 +0800] "GET /xingrg/kc/buy/cgsh_order_list.html HTTP/1.1" 200 58360
180.164.6.225 - - [28/Apr/2024:09:20:20 +0800] "POST /xingrg/kc/buy/cgsh_list_operate.html HTTP/1.1" 200 645
58.40.7.146 - - [28/Apr/2024:09:20:22 +0800] "GET /xingrg/check_reg.html?_=1714267222765 HTTP/1.1" 200 22
58.40.7.146 - - [28/Apr/2024:09:20:22 +0800] "GET /xingrg/all/function/internal_message.html?_=1714267222766&CODE_STATE=getMsg HTTP/1.1" 200 27
114.95.253.235 - - [28/Apr/2024:09:20:29 +0800] "GET /xingrg/all/function/internal_message.html?_=1714267229102&CODE_STATE=getMsg HTTP/1.1" 200 27
114.95.253.235 - - [28/Apr/2024:09:20:29 +0800] "GET /xingrg/check_reg.html?_=1714267229104 HTTP/1.1" 200 22
180.164.6.225 - - [28/Apr/2024:09:20:31 +0800] "GET /xingrg/kc/buy/cgsh_order_add.html HTTP/1.1" 200 74255
180.164.6.225 - - [28/Apr/2024:09:20:31 +0800] "POST /xingrg/kc/buy/cgsh_order_operate.html HTTP/1.1" 200 8245
180.164.6.225 - - [28/Apr/2024:09:20:31 +0800] "GET /xingrg/javascript/easyui/themes/default/validatebox.css HTTP/1.1" 404 1104
114.95.253.235 - - [28/Apr/2024:09:20:31 +0800] "GET /xingrg/all/function/internal_message.html?_=1714267231910&CODE_STATE=getMsg HTTP/1.1" 200 27
180.164.6.225 - - [28/Apr/2024:09:20:31 +0800] "GET /xingrg/all/common/auto_word.html?type=employee&rest_code=00108 HTTP/1.1" 200 101
180.164.6.225 - - [28/Apr/2024:09:20:31 +0800] "GET /xingrg/all/common/auto_word.html?type=employee&rest_code=00108 HTTP/1.1" 200 101
116.238.97.31 - - [28/Apr/2024:09:20:39 +0800] "GET /xingrg/all/function/internal_message.html?_=1714267240061&CODE_STATE=getMsg HTTP/1.1" 200 27
180.163.29.212 - - [28/Apr/2024:09:20:43 +0800] "GET /xingrg/kc/buy/cgsh_order_operate.html?command=get_materiel&rest_code=00106&code=00101008275&supplier_code=00100007&order_time=2024-04-28 HTTP/1.1" 302 -
180.163.29.212 - - [28/Apr/2024:09:20:43 +0800] "GET /xingrg/login.html HTTP/1.1" 200 7641
116.237.77.239 - - [28/Apr/2024:09:20:45 +0800] "GET /xingrg/kc/buy/cgsh_order_operate.html?command=get_materiel&rest_code=00106&code=00101008246&supplier_code=00100007&order_time=2024-04-28 HTTP/1.1" 200 408
124.78.56.241 - - [28/Apr/2024:09:20:49 +0800] "GET /xingrg/all/function/internal_message.html?_=1714267249718&CODE_STATE=getMsg HTTP/1.1" 200 27
120.253.135.82 - - [28/Apr/2024:09:20:51 +0800] "GET /xingrg/all/function/internal_message.html?_=1714267099446&CODE_STATE=getMsg HTTP/1.1" 200 27
116.237.77.239 - - [28/Apr/2024:09:20:55 +0800] "GET /xingrg/all/function/internal_message.html?_=1714267255196&CODE_STATE=getMsg HTTP/1.1" 200 27
116.237.77.239 - - [28/Apr/2024:09:20:56 +0800] "GET /xingrg/kc/buy/cgsh_order_operate.html?command=get_materiel&rest_code=00106&code=00101023052&supplier_code=00100007&order_time=2024-04-28 HTTP/1.1" 200 414
180.164.6.225 - - [28/Apr/2024:09:21:03 +0800] "GET /xingrg/javascript/auto/indicator.gif HTTP/1.1" 404 1066
180.164.6.225 - - [28/Apr/2024:09:21:04 +0800] "GET /xingrg/javascript/jquery_tools/images/prev.gif HTTP/1.1" 404 1086
180.164.6.225 - - [28/Apr/2024:09:21:04 +0800] "GET /xingrg/javascript/jquery_tools/images/next.gif HTTP/1.1" 404 1086
180.164.6.225 - - [28/Apr/2024:09:21:13 +0800] "GET /xingrg/all/function/internal_message.html?_=1714267273065&CODE_STATE=getMsg HTTP/1.1" 200 27
116.237.77.239 - - [28/Apr/2024:09:21:20 +0800] "POST /xingrg/kc/buy/cgsh_order_operate.html HTTP/1.1" 200 37
180.164.6.225 - - [28/Apr/2024:09:21:22 +0800] "GET /xingrg/kc/buy/cgsh_order_operate.html?command=get_materiel&rest_code=00108&code=00101008371&supplier_code=00100007&order_time=2024-04-28 HTTP/1.1" 200 412
58.40.7.146 - - [28/Apr/2024:09:21:22 +0800] "GET /xingrg/all/function/internal_message.html?_=1714267282752&CODE_STATE=getMsg HTTP/1.1" 200 27
116.237.77.239 - - [28/Apr/2024:09:21:23 +0800] "POST /xingrg/kc/buy/cgsh_order_operate.html HTTP/1.1" 200 20991
114.95.253.235 - - [28/Apr/2024:09:21:29 +0800] "GET /xingrg/all/function/internal_message.html?_=1714267289093&CODE_STATE=getMsg HTTP/1.1" 200 27
116.237.77.239 - - [28/Apr/2024:09:21:30 +0800] "GET /xingrg/kc/buy/cgsh_order_operate.html?command=get_materiel&rest_code=00106&code=00101008223&supplier_code=00100007&order_time=2024-04-28 HTTP/1.1" 200 412
114.95.253.235 - - [28/Apr/2024:09:21:31 +0800] "GET /xingrg/check_reg.html?_=1714267291908 HTTP/1.1" 200 22
114.95.253.235 - - [28/Apr/2024:09:21:31 +0800] "GET /xingrg/all/function/internal_message.html?_=1714267291911&CODE_STATE=getMsg HTTP/1.1" 200 27
180.164.6.225 - - [28/Apr/2024:09:21:31 +0800] "GET /xingrg/kc/buy/cgsh_order_operate.html?command=get_materiel&rest_code=00108&code=00101008298&supplier_code=00100007&order_time=2024-04-28 HTTP/1.1" 200 412
180.164.6.225 - - [28/Apr/2024:09:21:39 +0800] "GET /xingrg/kc/buy/cgsh_order_operate.html?command=get_materiel&rest_code=00108&code=00101008069&supplier_code=00100007&order_time=2024-04-28 HTTP/1.1" 200 412
116.238.97.31 - - [28/Apr/2024:09:21:39 +0800] "GET /xingrg/all/function/internal_message.html?_=1714267300055&CODE_STATE=getMsg HTTP/1.1" 200 27
116.237.77.239 - - [28/Apr/2024:09:21:43 +0800] "GET /xingrg/kc/buy/cgsh_order_operate.html?command=get_materiel&rest_code=00106&code=00101008041&supplier_code=00100007&order_time=2024-04-28 HTTP/1.1" 200 408
101.80.230.31 - - [28/Apr/2024:09:21:47 +0800] "POST /xingrg/services/DataTransmitService HTTP/1.1" 200 524
180.164.6.225 - - [28/Apr/2024:09:21:47 +0800] "GET /xingrg/kc/buy/cgsh_order_operate.html?command=get_materiel&rest_code=00108&code=00101008353&supplier_code=00100007&order_time=2024-04-28 HTTP/1.1" 200 408
124.78.56.241 - - [28/Apr/2024:09:21:49 +0800] "GET /xingrg/all/function/internal_message.html?_=1714267309699&CODE_STATE=getMsg HTTP/1.1" 200 27
120.253.135.82 - - [28/Apr/2024:09:21:51 +0800] "GET /xingrg/check_reg.html?_=1714267159413 HTTP/1.1" 200 22
120.253.135.82 - - [28/Apr/2024:09:21:51 +0800] "GET /xingrg/all/function/internal_message.html?_=1714267159460&CODE_STATE=getMsg HTTP/1.1" 200 27
116.237.77.239 - - [28/Apr/2024:09:21:55 +0800] "GET /xingrg/all/function/internal_message.html?_=1714267315212&CODE_STATE=getMsg HTTP/1.1" 200 27
180.164.6.225 - - [28/Apr/2024:09:21:57 +0800] "GET /xingrg/kc/buy/cgsh_order_operate.html?command=get_materiel&rest_code=00108&code=00101008357&supplier_code=00100007&order_time=2024-04-28 HTTP/1.1" 200 408
116.237.77.239 - - [28/Apr/2024:09:21:58 +0800] "GET /xingrg/kc/buy/cgsh_order_operate.html?command=get_materiel&rest_code=00106&code=00101008114&supplier_code=00100007&order_time=2024-04-28 HTTP/1.1" 200 412
180.164.6.225 - - [28/Apr/2024:09:22:06 +0800] "GET /xingrg/kc/buy/cgsh_order_operate.html?command=get_materiel&rest_code=00108&code=00101008264&supplier_code=00100007&order_time=2024-04-28 HTTP/1.1" 200 432
180.164.6.225 - - [28/Apr/2024:09:22:13 +0800] "GET /xingrg/all/function/internal_message.html?_=1714267333045&CODE_STATE=getMsg HTTP/1.1" 200 27
180.164.6.225 - - [28/Apr/2024:09:22:13 +0800] "GET /xingrg/check_reg.html?_=1714267333178 HTTP/1.1" 200 22
180.164.6.225 - - [28/Apr/2024:09:22:14 +0800] "GET /xingrg/kc/buy/cgsh_order_operate.html?command=get_materiel&rest_code=00108&code=00101008286&supplier_code=00100007&order_time=2024-04-28 HTTP/1.1" 200 408
180.169.147.146 - - [28/Apr/2024:09:22:17 +0800] "GET /xingrg/check_reg.html?_=1714267327042 HTTP/1.1" 200 22
116.237.77.239 - - [28/Apr/2024:09:22:19 +0800] "GET /xingrg/kc/buy/cgsh_order_operate.html?command=get_materiel&rest_code=00106&code=00101008350&supplier_code=00100007&order_time=2024-04-28 HTTP/1.1" 200 408
58.40.7.146 - - [28/Apr/2024:09:22:22 +0800] "GET /xingrg/all/function/internal_message.html?_=1714267342767&CODE_STATE=getMsg HTTP/1.1" 200 27
180.164.6.225 - - [28/Apr/2024:09:22:22 +0800] "GET /xingrg/kc/buy/cgsh_order_operate.html?command=get_materiel&rest_code=00108&code=00101008185&supplier_code=00100007&order_time=2024-04-28 HTTP/1.1" 200 408
116.237.77.239 - - [28/Apr/2024:09:22:24 +0800] "POST /xingrg/services/DataTransmitService HTTP/1.1" 200 524
116.237.77.239 - - [28/Apr/2024:09:22:28 +0800] "POST /xingrg/kc/buy/cgsh_order_operate.html HTTP/1.1" 200 2065
114.95.253.235 - - [28/Apr/2024:09:22:29 +0800] "GET /xingrg/all/function/internal_message.html?_=1714267349093&CODE_STATE=getMsg HTTP/1.1" 200 27
114.95.253.235 - - [28/Apr/2024:09:22:31 +0800] "GET /xingrg/all/function/internal_message.html?_=1714267351914&CODE_STATE=getMsg HTTP/1.1" 200 27
180.164.6.225 - - [28/Apr/2024:09:22:32 +0800] "GET /xingrg/kc/buy/cgsh_order_operate.html?command=get_materiel&rest_code=00108&code=00101008004&supplier_code=00100007&order_time=2024-04-28 HTTP/1.1" 200 417
116.237.77.239 - - [28/Apr/2024:09:22:36 +0800] "GET /xingrg/kc/buy/cgsh_order_operate.html?command=get_materiel&rest_code=00106&code=00101008765&supplier_code=00100007&order_time=2024-04-28 HTTP/1.1" 200 416
116.238.97.31 - - [28/Apr/2024:09:22:39 +0800] "GET /xingrg/all/function/internal_message.html?_=1714267360026&CODE_STATE=getMsg HTTP/1.1" 200 27
116.238.97.31 - - [28/Apr/2024:09:22:39 +0800] "GET /xingrg/check_reg.html?_=1714267360290 HTTP/1.1" 200 22
180.164.6.225 - - [28/Apr/2024:09:22:40 +0800] "GET /xingrg/kc/buy/cgsh_order_operate.html?command=get_materiel&rest_code=00108&code=00101008270&supplier_code=00100007&order_time=2024-04-28 HTTP/1.1" 200 412
124.78.56.241 - - [28/Apr/2024:09:22:49 +0800] "GET /xingrg/all/function/internal_message.html?_=1714267369688&CODE_STATE=getMsg HTTP/1.1" 200 27
120.253.135.82 - - [28/Apr/2024:09:22:51 +0800] "GET /xingrg/all/function/internal_message.html?_=1714267219505&CODE_STATE=getMsg HTTP/1.1" 200 27
114.83.217.54 - - [28/Apr/2024:09:22:52 +0800] "GET /xingrg/login.html HTTP/1.1" 200 7641
114.83.217.54 - - [28/Apr/2024:09:22:53 +0800] "GET /favicon.ico HTTP/1.1" 404 -
116.237.77.239 - - [28/Apr/2024:09:22:55 +0800] "GET /xingrg/all/function/internal_message.html?_=1714267375163&CODE_STATE=getMsg HTTP/1.1" 200 27
116.237.77.239 - - [28/Apr/2024:09:22:55 +0800] "GET /xingrg/check_reg.html?_=1714267375276 HTTP/1.1" 200 22
114.83.217.54 - - [28/Apr/2024:09:22:57 +0800] "POST /xingrg/login.do HTTP/1.1" 302 -
114.83.217.54 - - [28/Apr/2024:09:22:57 +0800] "GET /xingrg/index.html?sysBaseUrl=http%3A%2F%2F180.169.147.146%3A18081%2Fxingrg%2F&costTime=832×tamp=1714267377820 HTTP/1.1" 200 17503
114.83.217.54 - - [28/Apr/2024:09:22:58 +0800] "GET /favicon.ico HTTP/1.1" 404 -
180.164.6.225 - - [28/Apr/2024:09:22:58 +0800] "GET /xingrg/kc/buy/cgsh_order_operate.html?command=get_materiel&rest_code=00108&code=00101008182&supplier_code=00100007&order_time=2024-04-28 HTTP/1.1" 200 412
114.83.217.54 - - [28/Apr/2024:09:22:58 +0800] "GET /xingrg/all/function/internal_message.html?_=1714267378576&CODE_STATE=count HTTP/1.1" 200 11
