114.83.217.54 - - [28/Apr/2024:11:37:38 +0800] "GET /xingrg/javascript/easyui/themes/default/validatebox.css HTTP/1.1" 404 1104
116.237.77.239 - - [28/Apr/2024:11:37:40 +0800] "GET /xingrg/all/function/internal_message.html?_=1714275460199&CODE_STATE=getMsg HTTP/1.1" 200 27
180.164.6.225 - - [28/Apr/2024:11:37:41 +0800] "GET /xingrg/all/function/internal_message.html?_=1714275460840&CODE_STATE=getMsg HTTP/1.1" 200 27
116.237.77.239 - - [28/Apr/2024:11:37:42 +0800] "GET /xingrg/kc/base/wldb_order_list.html HTTP/1.1" 200 19051
116.237.77.239 - - [28/Apr/2024:11:37:43 +0800] "POST /xingrg/kc/base/wldb_list_operate.html HTTP/1.1" 200 928
114.83.217.54 - - [28/Apr/2024:11:37:44 +0800] "GET /xingrg/kc/base/wldb_order_operate.html?command=get_materiel&rest_code=00149&base_code=0010401&code=00101019175 HTTP/1.1" 200 438
180.163.29.234 - - [28/Apr/2024:11:37:45 +0800] "GET /xingrg/kc/buy/cgsh_order_operate.html?command=get_materiel&rest_code=00106&code=00101016094&supplier_code=00100640&order_time=2024-04-28 HTTP/1.1" 302 -
180.163.29.234 - - [28/Apr/2024:11:37:45 +0800] "GET /xingrg/login.html HTTP/1.1" 200 7641
116.232.195.13 - - [28/Apr/2024:11:37:46 +0800] "GET /xingrg/check_reg.html?_=1714275451788 HTTP/1.1" 200 22
116.232.195.13 - - [28/Apr/2024:11:37:47 +0800] "POST /xingrg/kc/buy/cgsh_list_operate.html HTTP/1.1" 200 3475
124.78.56.241 - - [28/Apr/2024:11:37:47 +0800] "GET /xingrg/all/function/internal_message.html?_=1714275467799&CODE_STATE=getMsg HTTP/1.1" 200 27
114.83.217.54 - - [28/Apr/2024:11:37:47 +0800] "GET /xingrg/all/function/internal_message.html?_=1714275468061&CODE_STATE=getMsg HTTP/1.1" 200 27
221.239.168.119 - - [28/Apr/2024:11:37:48 +0800] "GET /xingrg/kc/buy/cgsh_order_operate.html?command=get_materiel&rest_code=00145&code=00101008356&supplier_code=00100556&order_time=2024-04-20 HTTP/1.1" 200 408
180.169.147.146 - - [28/Apr/2024:11:37:49 +0800] "GET /xingrg/kc/buy/cgsh_order_operate.html?command=get_materiel&rest_code=00147&code=00101004067&supplier_code=00100312&order_time=2024-04-27 HTTP/1.1" 200 429
114.83.217.54 - - [28/Apr/2024:11:37:50 +0800] "POST /xingrg/kc/base/wldb_order_operate.html HTTP/1.1" 200 37
116.232.195.13 - - [28/Apr/2024:11:37:50 +0800] "POST /xingrg/kc/buy/cgsh_list_operate.html HTTP/1.1" 200 3475
114.83.217.54 - - [28/Apr/2024:11:37:51 +0800] "POST /xingrg/kc/base/wldb_order_operate.html HTTP/1.1" 200 2187
101.83.241.187 - - [28/Apr/2024:11:37:52 +0800] "GET /xingrg/all/function/internal_message.html?_=1714275472939&CODE_STATE=getMsg HTTP/1.1" 200 27
114.83.217.54 - - [28/Apr/2024:11:37:53 +0800] "GET /xingrg/kc/base/wldb_order_info.html?code=422024042801807 HTTP/1.1" 200 30398
114.83.217.54 - - [28/Apr/2024:11:37:53 +0800] "GET /xingrg/javascript/easyui/themes/default/validatebox.css HTTP/1.1" 404 1104
116.232.195.13 - - [28/Apr/2024:11:37:53 +0800] "POST /xingrg/kc/buy/cgsh_list_operate.html HTTP/1.1" 200 3475
114.83.217.54 - - [28/Apr/2024:11:37:54 +0800] "POST /xingrg/kc/base/wldb_order_operate.html HTTP/1.1" 200 2187
180.169.147.146 - - [28/Apr/2024:11:37:56 +0800] "GET /xingrg/all/function/internal_message.html?_=1714275476437&CODE_STATE=getMsg HTTP/1.1" 200 27
116.232.195.13 - - [28/Apr/2024:11:37:56 +0800] "POST /xingrg/kc/buy/cgsh_list_operate.html HTTP/1.1" 200 214
116.232.195.13 - - [28/Apr/2024:11:37:56 +0800] "GET /xingrg/all/function/internal_message.html?_=1714275461413&CODE_STATE=getMsg HTTP/1.1" 200 27
114.83.217.54 - - [28/Apr/2024:11:37:58 +0800] "GET /xingrg/kc/print/load_data.html?order_code=422024042801807&kc_code=wldb&condition= HTTP/1.1" 200 526
116.232.195.13 - - [28/Apr/2024:11:37:58 +0800] "GET /xingrg/kc/buy/cgsh_order_info.html?code=212024042807843 HTTP/1.1" 200 74225
180.169.147.146 - - [28/Apr/2024:11:37:58 +0800] "GET /xingrg/kc/buy/cgsh_order_operate.html?command=get_materiel&rest_code=00147&code=00101004027&supplier_code=00100312&order_time=2024-04-27 HTTP/1.1" 200 409
116.232.195.13 - - [28/Apr/2024:11:37:58 +0800] "GET /xingrg/javascript/easyui/themes/default/validatebox.css HTTP/1.1" 404 1104
116.237.77.239 - - [28/Apr/2024:11:37:59 +0800] "GET /xingrg/kc/base/wldb_order_add.html HTTP/1.1" 200 30386
101.83.144.49 - - [28/Apr/2024:11:37:59 +0800] "GET /xingrg/all/function/internal_message.html?_=1714275480548&CODE_STATE=getMsg HTTP/1.1" 200 27
116.237.77.239 - - [28/Apr/2024:11:37:59 +0800] "POST /xingrg/kc/base/wldb_order_operate.html HTTP/1.1" 200 6806
116.237.77.239 - - [28/Apr/2024:11:37:59 +0800] "GET /xingrg/all/common/auto_word.html?type=base&rest_code=00106 HTTP/1.1" 200 1799
116.237.77.239 - - [28/Apr/2024:11:37:59 +0800] "GET /xingrg/all/common/auto_word.html?type=base&rest_code=00106 HTTP/1.1" 200 1799
116.232.195.13 - - [28/Apr/2024:11:37:59 +0800] "POST /xingrg/kc/buy/cgsh_order_operate.html HTTP/1.1" 200 2679
116.237.77.239 - - [28/Apr/2024:11:37:59 +0800] "GET /xingrg/javascript/easyui/themes/default/validatebox.css HTTP/1.1" 404 1104
124.78.56.241 - - [28/Apr/2024:11:38:00 +0800] "GET /xingrg/kc/buy/cgsh_order_operate.html?command=get_materiel&rest_code=00141&code=00101009044&supplier_code=00100022&order_time=2024-04-28 HTTP/1.1" 200 412
101.83.144.49 - - [28/Apr/2024:11:38:01 +0800] "GET /xingrg/check_reg.html?_=1714275482172 HTTP/1.1" 200 22
116.237.77.239 - - [28/Apr/2024:11:38:01 +0800] "POST /xingrg/all/common/load_combo.html?type=base HTTP/1.1" 200 3227
221.239.168.119 - - [28/Apr/2024:11:38:02 +0800] "GET /xingrg/kc/buy/cgsh_order_operate.html?command=get_materiel&rest_code=00145&code=00101008353&supplier_code=00100556&order_time=2024-04-20 HTTP/1.1" 200 408
124.78.56.241 - - [28/Apr/2024:11:38:04 +0800] "GET /xingrg/check_reg.html?_=1714275484604 HTTP/1.1" 200 22
180.169.147.146 - - [28/Apr/2024:11:38:07 +0800] "GET /xingrg/all/function/internal_message.html?_=1714275476721&CODE_STATE=getMsg HTTP/1.1" 200 27
101.83.144.49 - - [28/Apr/2024:11:38:07 +0800] "GET /xingrg/all/function/internal_message.html?_=1714275488619&CODE_STATE=getMsg HTTP/1.1" 200 27
116.238.97.31 - - [28/Apr/2024:11:38:07 +0800] "GET /xingrg/all/function/internal_message.html?_=1714275522234&CODE_STATE=getMsg HTTP/1.1" 200 27
116.237.77.239 - - [28/Apr/2024:11:38:08 +0800] "POST /xingrg/all/common/load_combo.html?type=base HTTP/1.1" 200 3227
124.78.56.241 - - [28/Apr/2024:11:38:09 +0800] "GET /xingrg/kc/buy/cgsh_order_operate.html?command=get_materiel&rest_code=00141&code=00101009056&supplier_code=00100022&order_time=2024-04-28 HTTP/1.1" 200 412
116.232.195.13 - - [28/Apr/2024:11:38:11 +0800] "GET /xingrg/kc/print/load_data.html?order_code=212024042807843&kc_code=cgsh&condition= HTTP/1.1" 200 696
180.163.29.206 - - [28/Apr/2024:11:38:11 +0800] "GET /xingrg/check_reg.html?_=1714275040552 HTTP/1.1" 302 -
180.163.29.206 - - [28/Apr/2024:11:38:11 +0800] "GET /xingrg/login.html HTTP/1.1" 200 7641
221.239.168.119 - - [28/Apr/2024:11:38:16 +0800] "GET /xingrg/kc/buy/cgsh_order_operate.html?command=get_materiel&rest_code=00145&code=00101008024&supplier_code=00100556&order_time=2024-04-20 HTTP/1.1" 200 408
116.237.77.239 - - [28/Apr/2024:11:38:17 +0800] "GET /xingrg/kc/base/wldb_order_operate.html?command=get_materiel&rest_code=00106&base_code=0010396&code=00101013052 HTTP/1.1" 200 443
116.238.97.31 - - [28/Apr/2024:11:38:18 +0800] "GET /xingrg/check_reg.html?_=1714275498431 HTTP/1.1" 200 22
116.238.97.31 - - [28/Apr/2024:11:38:18 +0800] "GET /xingrg/all/function/internal_message.html?_=1714275498433&CODE_STATE=getMsg HTTP/1.1" 200 27
114.83.217.54 - - [28/Apr/2024:11:38:20 +0800] "GET /xingrg/kc/buy/cgsh_order_list.html HTTP/1.1" 200 58356
114.83.217.54 - - [28/Apr/2024:11:38:24 +0800] "POST /xingrg/kc/buy/cgsh_list_operate.html HTTP/1.1" 200 1387
180.169.147.146 - - [28/Apr/2024:11:38:24 +0800] "GET /xingrg/kc/buy/cgsh_order_operate.html?command=get_materiel&rest_code=00147&code=00101001016&supplier_code=00100312&order_time=2024-04-27 HTTP/1.1" 200 413
124.78.56.241 - - [28/Apr/2024:11:38:24 +0800] "GET /xingrg/kc/buy/cgsh_order_operate.html?command=get_materiel&rest_code=00141&code=00101009015&supplier_code=00100022&order_time=2024-04-28 HTTP/1.1" 200 416
120.253.135.82 - - [28/Apr/2024:11:38:24 +0800] "GET /xingrg/all/function/internal_message.html?_=1714275352819&CODE_STATE=getMsg HTTP/1.1" 200 27
114.95.253.235 - - [28/Apr/2024:11:38:29 +0800] "GET /xingrg/all/function/internal_message.html?_=1714275509174&CODE_STATE=getMsg HTTP/1.1" 200 27
222.70.183.82 - - [28/Apr/2024:11:38:29 +0800] "GET /xingrg/all/function/internal_message.html?_=1714275507434&CODE_STATE=getMsg HTTP/1.1" 200 27
114.95.253.235 - - [28/Apr/2024:11:38:30 +0800] "GET /xingrg/all/function/internal_message.html?_=1714275509097&CODE_STATE=getMsg HTTP/1.1" 200 27
221.239.168.119 - - [28/Apr/2024:11:38:31 +0800] "GET /xingrg/kc/buy/cgsh_order_operate.html?command=get_materiel&rest_code=00145&code=00101008268&supplier_code=00100556&order_time=2024-04-20 HTTP/1.1" 200 408
116.232.195.13 - - [28/Apr/2024:11:38:33 +0800] "GET /xingrg/all/report/report_query.html?isQuery=1&fileName=kc/buy/wlcg_mx.xml&queryString=(CONVERT(char(10)%2Ca.order_time%2C%20120)%3E%3D'2024-04-01')%20and%20(CONVERT(char(10)%2Ca.order_time%2C%20120)%3C%3D'2024-04-30')%20and%20(a.number%3E0%20and%20a.supplier_code%3D'00100442')%20and%20(a.materiel_code%3D'00101001127')&queryText=%E3%80%90%E9%87%87%E8%B4%AD%E6%97%A5%E6%9C%9F%3A2024-04-01%20%E8%87%B3%202024-04-30%E3%80%91%20%E5%B9%B6%E4%B8%94%20%E3%80%90%E4%BE%9B%E5%BA%94%E5%95%86%3D%E8%8A%B1%E9%B2%A2%E9%B1%BC%EF%BC%88%E5%87%8C%E8%8A%B1%E7%90%B4%EF%BC%89%E3%80%91%20%E5%B9%B6%E4%B8%94%20%E3%80%90%E6%9D%90%E6%96%99%E5%90%8D%E7%A7%B0%20%3D%20%E5%A4%A9%E7%9B%AE%E6%B9%96%E5%A4%A7%E8%8A%B1%E9%B2%A2%E9%B1%BC%E3%80%91&rand=0.9907441443702565 HTTP/1.1" 200 52191
116.232.195.13 - - [28/Apr/2024:11:38:33 +0800] "GET /xingrg/all/report/report_query.html?isQuery=1&fileName=kc/buy/wlcg_mx.xml&queryString=(CONVERT(char(10)%2Ca.order_time%2C%20120)%3E%3D'2024-04-01')%20and%20(CONVERT(char(10)%2Ca.order_time%2C%20120)%3C%3D'2024-04-30')%20and%20(a.number%3E0%20and%20a.supplier_code%3D'00100442')%20and%20(a.materiel_code%3D'00101001127')&queryText=%E3%80%90%E9%87%87%E8%B4%AD%E6%97%A5%E6%9C%9F%3A2024-04-01%20%E8%87%B3%202024-04-30%E3%80%91%20%E5%B9%B6%E4%B8%94%20%E3%80%90%E4%BE%9B%E5%BA%94%E5%95%86%3D%E8%8A%B1%E9%B2%A2%E9%B1%BC%EF%BC%88%E5%87%8C%E8%8A%B1%E7%90%B4%EF%BC%89%E3%80%91%20%E5%B9%B6%E4%B8%94%20%E3%80%90%E6%9D%90%E6%96%99%E5%90%8D%E7%A7%B0%20%3D%20%E5%A4%A9%E7%9B%AE%E6%B9%96%E5%A4%A7%E8%8A%B1%E9%B2%A2%E9%B1%BC%E3%80%91&rand=0.9907441443702565 HTTP/1.1" 200 52191
116.232.195.13 - - [28/Apr/2024:11:38:33 +0800] "GET /xingrg/dwr/engine.js HTTP/1.1" 200 43631
116.232.195.13 - - [28/Apr/2024:11:38:35 +0800] "POST /xingrg/all/report/load_report_page.html HTTP/1.1" 200 93920
116.232.195.13 - - [28/Apr/2024:11:38:35 +0800] "GET /xingrg/servlets/image?cache=0.4914889915205408&image=px HTTP/1.1" 200 807
116.237.77.239 - - [28/Apr/2024:11:38:35 +0800] "GET /xingrg/kc/base/wldb_order_operate.html?command=get_materiel&rest_code=00106&base_code=0010396&code=00101019430 HTTP/1.1" 200 478
221.239.168.119 - - [28/Apr/2024:11:38:35 +0800] "GET /xingrg/all/function/internal_message.html?_=1714275512614&CODE_STATE=getMsg HTTP/1.1" 200 27
180.169.147.146 - - [28/Apr/2024:11:38:37 +0800] "GET /xingrg/kc/buy/cgsh_order_operate.html?command=get_materiel&rest_code=00147&code=00101004038&supplier_code=00100312&order_time=2024-04-27 HTTP/1.1" 200 409
116.237.77.239 - - [28/Apr/2024:11:38:40 +0800] "GET /xingrg/all/function/internal_message.html?_=1714275520171&CODE_STATE=getMsg HTTP/1.1" 200 27
180.164.6.225 - - [28/Apr/2024:11:38:40 +0800] "GET /xingrg/all/function/internal_message.html?_=1714275520829&CODE_STATE=getMsg HTTP/1.1" 200 27
180.164.6.225 - - [28/Apr/2024:11:38:41 +0800] "GET /xingrg/check_reg.html?_=1714275520832 HTTP/1.1" 200 22
124.78.56.241 - - [28/Apr/2024:11:38:42 +0800] "GET /xingrg/kc/buy/cgsh_order_operate.html?command=get_materiel&rest_code=00141&code=00101009140&supplier_code=00100022&order_time=2024-04-28 HTTP/1.1" 200 412
180.163.28.55 - - [28/Apr/2024:11:38:42 +0800] "GET /xingrg/kc/base/wldb_order_list.html HTTP/1.1" 302 -
180.163.28.55 - - [28/Apr/2024:11:38:42 +0800] "GET /xingrg/login.html HTTP/1.1" 200 7641
124.78.56.241 - - [28/Apr/2024:11:38:47 +0800] "GET /xingrg/all/function/internal_message.html?_=1714275527784&CODE_STATE=getMsg HTTP/1.1" 200 27
114.83.217.54 - - [28/Apr/2024:11:38:47 +0800] "GET /xingrg/all/function/internal_message.html?_=1714275528045&CODE_STATE=getMsg HTTP/1.1" 200 27
114.83.217.54 - - [28/Apr/2024:11:38:49 +0800] "GET /xingrg/check_reg.html?_=1714275529662 HTTP/1.1" 200 22
114.83.217.54 - - [28/Apr/2024:11:38:52 +0800] "GET /xingrg/all/function/internal_message.html?_=1714275533185&CODE_STATE=getMsg HTTP/1.1" 200 27
101.83.241.187 - - [28/Apr/2024:11:38:52 +0800] "GET /xingrg/all/function/internal_message.html?_=1714275532913&CODE_STATE=getMsg HTTP/1.1" 200 27
116.232.195.13 - - [28/Apr/2024:11:38:55 +0800] "POST /xingrg/kc/buy/cgsh_order_operate.html HTTP/1.1" 200 37
180.169.147.146 - - [28/Apr/2024:11:38:56 +0800] "GET /xingrg/all/function/internal_message.html?_=1714275536446&CODE_STATE=getMsg HTTP/1.1" 200 27
124.78.56.241 - - [28/Apr/2024:11:38:56 +0800] "GET /xingrg/kc/buy/cgsh_order_operate.html?command=get_materiel&rest_code=00141&code=00101009160&supplier_code=00100022&order_time=2024-04-28 HTTP/1.1" 200 415
101.83.144.49 - - [28/Apr/2024:11:38:59 +0800] "GET /xingrg/all/function/internal_message.html?_=1714275540525&CODE_STATE=getMsg HTTP/1.1" 200 27
116.237.77.239 - - [28/Apr/2024:11:39:00 +0800] "GET /xingrg/kc/base/wldb_order_operate.html?command=get_materiel&rest_code=00106&base_code=0010396&code=00101019391 HTTP/1.1" 200 485
180.169.147.146 - - [28/Apr/2024:11:39:00 +0800] "POST /xingrg/kc/buy/cgsh_order_operate.html HTTP/1.1" 200 37
116.232.195.13 - - [28/Apr/2024:11:39:00 +0800] "POST /xingrg/kc/buy/cgsh_order_operate.html HTTP/1.1" 200 2676
180.169.147.146 - - [28/Apr/2024:11:39:02 +0800] "POST /xingrg/kc/buy/cgsh_order_operate.html HTTP/1.1" 200 5027
116.232.195.13 - - [28/Apr/2024:11:39:02 +0800] "GET /xingrg/kc/print/report_design.html?orderType=cgsh HTTP/1.1" 200 8625
116.232.195.13 - - [28/Apr/2024:11:39:02 +0800] "GET /xingrg/css/design.css HTTP/1.1" 200 2477
116.232.195.13 - - [28/Apr/2024:11:39:02 +0800] "GET /xingrg/javascript/easyui/jquery.easyui.min.js HTTP/1.1" 200 272531
116.232.195.13 - - [28/Apr/2024:11:39:02 +0800] "GET /xingrg/javascript/print/report.helper.js HTTP/1.1" 200 7208
116.232.195.13 - - [28/Apr/2024:11:39:02 +0800] "GET /xingrg/javascript/print/report.js HTTP/1.1" 200 10993
116.232.195.13 - - [28/Apr/2024:11:39:03 +0800] "GET /xingrg/javascript/easyui/themes/sunny/images/ui-bg_highlight-soft_100_feeebd_1x100.png HTTP/1.1" 200 108
116.232.195.13 - - [28/Apr/2024:11:39:03 +0800] "GET /xingrg/javascript/easyui/themes/sunny/images/blank.gif HTTP/1.1" 200 43
116.232.195.13 - - [28/Apr/2024:11:39:03 +0800] "GET /xingrg/javascript/easyui/themes/sunny/images/ui-bg_gloss-wave_45_817865_500x100.png HTTP/1.1" 200 3971
116.232.195.13 - - [28/Apr/2024:11:39:03 +0800] "GET /favicon.ico HTTP/1.1" 404 -
116.232.195.13 - - [28/Apr/2024:11:39:03 +0800] "GET /xingrg/javascript/easyui/themes/sunny/images/ui-bg_gloss-wave_70_ffdd57_500x100.png HTTP/1.1" 200 3830
116.232.195.13 - - [28/Apr/2024:11:39:03 +0800] "GET /xingrg/javascript/easyui/themes/sunny/images/ui-icons_bd7b00_256x240.png HTTP/1.1" 200 4369
116.232.195.13 - - [28/Apr/2024:11:39:03 +0800] "GET /xingrg/javascript/easyui/themes/sunny/images/ui-icons_fadc7a_256x240.png HTTP/1.1" 200 4369
116.232.195.13 - - [28/Apr/2024:11:39:03 +0800] "GET /xingrg/kc/print/design_operate.html?_=1714275527903&command=load_config&code=cgsh HTTP/1.1" 200 2837
116.232.195.13 - - [28/Apr/2024:11:39:03 +0800] "GET /xingrg/css/images/background.png HTTP/1.1" 200 137
180.169.147.146 - - [28/Apr/2024:11:39:03 +0800] "GET /xingrg/kc/print/load_data.html?order_code=212024042807847&kc_code=cgsh&condition= HTTP/1.1" 200 1578
124.78.56.241 - - [28/Apr/2024:11:39:07 +0800] "GET /xingrg/kc/buy/cgsh_order_operate.html?command=get_materiel&rest_code=00141&code=00101009004&supplier_code=00100022&order_time=2024-04-28 HTTP/1.1" 200 409
180.169.147.146 - - [28/Apr/2024:11:39:07 +0800] "GET /xingrg/all/function/internal_message.html?_=1714275536700&CODE_STATE=getMsg HTTP/1.1" 200 27
101.83.144.49 - - [28/Apr/2024:11:39:07 +0800] "GET /xingrg/all/function/internal_message.html?_=1714275548596&CODE_STATE=getMsg HTTP/1.1" 200 27
116.238.97.31 - - [28/Apr/2024:11:39:07 +0800] "GET /xingrg/all/function/internal_message.html?_=1714275582223&CODE_STATE=getMsg HTTP/1.1" 200 27
180.169.147.146 - - [28/Apr/2024:11:39:08 +0800] "GET /xingrg/kc/buy/cgsh_order_add.html HTTP/1.1" 200 74210
180.169.147.146 - - [28/Apr/2024:11:39:08 +0800] "POST /xingrg/kc/buy/cgsh_order_operate.html HTTP/1.1" 200 8245
180.169.147.146 - - [28/Apr/2024:11:39:08 +0800] "GET /xingrg/javascript/easyui/themes/default/validatebox.css HTTP/1.1" 404 1104
116.237.77.239 - - [28/Apr/2024:11:39:08 +0800] "POST /xingrg/kc/base/wldb_order_operate.html HTTP/1.1" 200 37
116.237.77.239 - - [28/Apr/2024:11:39:09 +0800] "POST /xingrg/kc/base/wldb_order_operate.html HTTP/1.1" 200 3222
116.237.77.239 - - [28/Apr/2024:11:39:11 +0800] "GET /xingrg/kc/base/wldb_order_info.html?code=422024042801808 HTTP/1.1" 200 30401
116.237.77.239 - - [28/Apr/2024:11:39:11 +0800] "GET /xingrg/javascript/easyui/themes/default/validatebox.css HTTP/1.1" 404 1104
116.237.77.239 - - [28/Apr/2024:11:39:12 +0800] "POST /xingrg/kc/base/wldb_order_operate.html HTTP/1.1" 200 3222
116.237.77.239 - - [28/Apr/2024:11:39:14 +0800] "GET /xingrg/kc/base/wldb_order_add.html HTTP/1.1" 200 30386
116.237.77.239 - - [28/Apr/2024:11:39:14 +0800] "POST /xingrg/kc/base/wldb_order_operate.html HTTP/1.1" 200 6806
116.237.77.239 - - [28/Apr/2024:11:39:14 +0800] "GET /xingrg/javascript/easyui/themes/default/validatebox.css HTTP/1.1" 404 1104
116.232.195.13 - - [28/Apr/2024:11:39:15 +0800] "GET /xingrg/index.html?sysBaseUrl=http%3A%2F%2F180.169.147.146%3A18081%2Fxingrg%2F&costTime=1779×tamp=1684631389383 HTTP/1.1" 200 17179
116.237.77.239 - - [28/Apr/2024:11:39:16 +0800] "POST /xingrg/all/common/load_combo.html?type=base HTTP/1.1" 200 3227
116.232.195.13 - - [28/Apr/2024:11:39:16 +0800] "GET /xingrg/all/function/internal_message.html?_=1714275541325&CODE_STATE=count HTTP/1.1" 200 11
116.232.195.13 - - [28/Apr/2024:11:39:16 +0800] "GET /xingrg/check_reg.html?_=1714275541327 HTTP/1.1" 200 22
116.232.195.13 - - [28/Apr/2024:11:39:16 +0800] "GET /favicon.ico HTTP/1.1" 404 -
116.232.195.13 - - [28/Apr/2024:11:39:16 +0800] "POST /xingrg/all/common/load_tree.html?tree=area_rest_tree_json&manage=1 HTTP/1.1" 200 479
116.232.195.13 - - [28/Apr/2024:11:39:16 +0800] "POST /xingrg/load_menu.html HTTP/1.1" 200 5138
116.238.97.31 - - [28/Apr/2024:11:39:18 +0800] "GET /xingrg/all/function/internal_message.html?_=1714275558420&CODE_STATE=getMsg HTTP/1.1" 200 27
116.237.77.239 - - [28/Apr/2024:11:39:18 +0800] "POST /xingrg/all/common/load_combo.html?type=base HTTP/1.1" 200 3227
180.169.147.146 - - [28/Apr/2024:11:39:19 +0800] "GET /xingrg/kc/buy/cgsh_order_operate.html?command=get_materiel&rest_code=00147&code=00101001008&supplier_code=00100482&order_time=2024-04-27 HTTP/1.1" 200 415
116.232.195.13 - - [28/Apr/2024:11:39:22 +0800] "GET /xingrg/kc/report/report_main.html HTTP/1.1" 200 7340
116.232.195.13 - - [28/Apr/2024:11:39:23 +0800] "GET /xingrg/all/report/report_query.html?fileName=kc/buy/gys_amount.xml&rh=99999 HTTP/1.1" 200 52006
116.232.195.13 - - [28/Apr/2024:11:39:23 +0800] "GET /xingrg/dwr/interface/AjaxReportQueryService.js HTTP/1.1" 200 13203
116.232.195.13 - - [28/Apr/2024:11:39:23 +0800] "GET /xingrg/dwr/engine.js HTTP/1.1" 200 43631
116.232.195.13 - - [28/Apr/2024:11:39:23 +0800] "POST /xingrg/dwr/call/plaincall/AjaxReportQueryService.getFixDate.dwr HTTP/1.1" 200 111
116.232.195.13 - - [28/Apr/2024:11:39:24 +0800] "POST /xingrg/dwr/call/plaincall/AjaxReportQueryService.getInitString.dwr HTTP/1.1" 200 1089
116.232.195.13 - - [28/Apr/2024:11:39:24 +0800] "POST /xingrg/all/common/load_tree.html?tree=materiel_sort_tree_json HTTP/1.1" 200 9734
116.232.195.13 - - [28/Apr/2024:11:39:24 +0800] "POST /xingrg/all/common/load_tree.html?tree=supplier_tree_json&manage=1 HTTP/1.1" 200 82167
120.253.135.82 - - [28/Apr/2024:11:39:24 +0800] "GET /xingrg/all/function/internal_message.html?_=1714275412927&CODE_STATE=getMsg HTTP/1.1" 200 27
116.237.77.239 - - [28/Apr/2024:11:39:24 +0800] "GET /xingrg/kc/base/wldb_order_operate.html?command=get_materiel&rest_code=00106&base_code=0010396&code=00101019127 HTTP/1.1" 200 480
116.232.195.13 - - [28/Apr/2024:11:39:28 +0800] "POST /xingrg/dwr/call/plaincall/AjaxReportQueryService.refreshCache.dwr HTTP/1.1" 200 78
114.95.253.235 - - [28/Apr/2024:11:39:29 +0800] "GET /xingrg/check_reg.html?_=1714275569180 HTTP/1.1" 200 22
114.95.253.235 - - [28/Apr/2024:11:39:29 +0800] "GET /xingrg/all/function/internal_message.html?_=1714275569183&CODE_STATE=getMsg HTTP/1.1" 200 27
222.70.183.82 - - [28/Apr/2024:11:39:29 +0800] "GET /xingrg/all/function/internal_message.html?_=1714275567418&CODE_STATE=getMsg HTTP/1.1" 200 27
114.95.253.235 - - [28/Apr/2024:11:39:30 +0800] "GET /xingrg/all/function/internal_message.html?_=1714275569097&CODE_STATE=getMsg HTTP/1.1" 200 27
116.237.77.239 - - [28/Apr/2024:11:39:31 +0800] "GET /xingrg/kc/base/wldb_order_operate.html?command=get_materiel&rest_code=00106&base_code=0010396&code=00101019450 HTTP/1.1" 200 482
180.169.147.146 - - [28/Apr/2024:11:39:32 +0800] "POST /xingrg/kc/buy/cgsh_order_operate.html HTTP/1.1" 200 37
116.232.195.13 - - [28/Apr/2024:11:39:34 +0800] "POST /xingrg/all/report/load_report_page.html HTTP/1.1" 200 154306
116.232.195.13 - - [28/Apr/2024:11:39:34 +0800] "GET /xingrg/servlets/image?cache=0.8332537278400572&image=px HTTP/1.1" 200 807
180.163.28.55 - - [28/Apr/2024:11:39:35 +0800] "GET /xingrg/all/function/internal_message.html?_=1714275220279&CODE_STATE=getMsg HTTP/1.1" 302 -
180.163.28.55 - - [28/Apr/2024:11:39:35 +0800] "GET /xingrg/login.html HTTP/1.1" 200 7641
221.239.168.119 - - [28/Apr/2024:11:39:35 +0800] "GET /xingrg/all/function/internal_message.html?_=1714275572614&CODE_STATE=getMsg HTTP/1.1" 200 27
180.169.147.146 - - [28/Apr/2024:11:39:36 +0800] "POST /xingrg/kc/buy/cgsh_order_operate.html HTTP/1.1" 200 2662
180.169.147.146 - - [28/Apr/2024:11:39:37 +0800] "GET /xingrg/kc/print/load_data.html?order_code=212024042807848&kc_code=cgsh&condition= HTTP/1.1" 200 685
116.237.77.239 - - [28/Apr/2024:11:39:40 +0800] "GET /xingrg/all/function/internal_message.html?_=1714275580156&CODE_STATE=getMsg HTTP/1.1" 200 27
116.237.77.239 - - [28/Apr/2024:11:39:40 +0800] "GET /xingrg/kc/base/wldb_order_operate.html?command=get_materiel&rest_code=00106&base_code=0010396&code=00101019359 HTTP/1.1" 200 462
180.164.6.225 - - [28/Apr/2024:11:39:41 +0800] "GET /xingrg/all/function/internal_message.html?_=1714275580836&CODE_STATE=getMsg HTTP/1.1" 200 27
180.169.147.146 - - [28/Apr/2024:11:39:43 +0800] "GET /xingrg/kc/buy/cgsh_order_add.html HTTP/1.1" 200 74210
180.169.147.146 - - [28/Apr/2024:11:39:43 +0800] "POST /xingrg/kc/buy/cgsh_order_operate.html HTTP/1.1" 200 8245
180.169.147.146 - - [28/Apr/2024:11:39:43 +0800] "GET /xingrg/javascript/easyui/themes/default/validatebox.css HTTP/1.1" 404 1104
116.237.77.239 - - [28/Apr/2024:11:39:46 +0800] "GET /xingrg/kc/base/wldb_order_operate.html?command=get_materiel&rest_code=00106&base_code=0010396&code=00101019184 HTTP/1.1" 200 458
124.78.56.241 - - [28/Apr/2024:11:39:47 +0800] "GET /xingrg/all/function/internal_message.html?_=1714275587769&CODE_STATE=getMsg HTTP/1.1" 200 27
114.83.217.54 - - [28/Apr/2024:11:39:47 +0800] "GET /xingrg/all/function/internal_message.html?_=1714275588031&CODE_STATE=getMsg HTTP/1.1" 200 27
116.232.195.13 - - [28/Apr/2024:11:39:51 +0800] "GET /xingrg/kc/buy/cgsh_order_list.html HTTP/1.1" 200 58356
116.238.97.31 - - [28/Apr/2024:11:39:51 +0800] "GET /xingrg/check_reg.html?_=1714275626298 HTTP/1.1" 200 22
114.83.217.54 - - [28/Apr/2024:11:39:52 +0800] "GET /xingrg/all/function/internal_message.html?_=1714275593168&CODE_STATE=getMsg HTTP/1.1" 200 27
116.237.77.239 - - [28/Apr/2024:11:39:52 +0800] "GET /xingrg/kc/base/wldb_order_operate.html?command=get_materiel&rest_code=00106&base_code=0010396&code=00101019400 HTTP/1.1" 200 464
101.83.241.187 - - [28/Apr/2024:11:39:52 +0800] "GET /xingrg/all/function/internal_message.html?_=1714275592893&CODE_STATE=getMsg HTTP/1.1" 200 27
101.83.241.187 - - [28/Apr/2024:11:39:53 +0800] "GET /xingrg/check_reg.html?_=1714275593774 HTTP/1.1" 200 22
180.169.147.146 - - [28/Apr/2024:11:39:56 +0800] "GET /xingrg/all/function/internal_message.html?_=1714275596454&CODE_STATE=getMsg HTTP/1.1" 200 27
124.78.56.241 - - [28/Apr/2024:11:39:58 +0800] "POST /xingrg/kc/buy/cgsh_order_operate.html HTTP/1.1" 200 37
101.83.144.49 - - [28/Apr/2024:11:39:59 +0800] "GET /xingrg/all/function/internal_message.html?_=1714275600495&CODE_STATE=getMsg HTTP/1.1" 200 27
180.169.147.146 - - [28/Apr/2024:11:39:59 +0800] "GET /xingrg/kc/buy/cgsh_order_operate.html?command=get_materiel&rest_code=00147&code=00101001052&supplier_code=00100442&order_time=2024-04-27 HTTP/1.1" 200 411
116.237.77.239 - - [28/Apr/2024:11:39:59 +0800] "POST /xingrg/kc/base/wldb_order_operate.html HTTP/1.1" 200 37
116.237.77.239 - - [28/Apr/2024:11:40:00 +0800] "POST /xingrg/kc/base/wldb_order_operate.html HTTP/1.1" 200 4222
116.237.77.239 - - [28/Apr/2024:11:40:06 +0800] "GET /xingrg/kc/base/wldb_order_info.html?code=422024042801809 HTTP/1.1" 200 30401
116.237.77.239 - - [28/Apr/2024:11:40:06 +0800] "GET /xingrg/javascript/easyui/themes/default/validatebox.css HTTP/1.1" 404 1104
180.169.147.146 - - [28/Apr/2024:11:40:07 +0800] "GET /xingrg/all/function/internal_message.html?_=1714275596678&CODE_STATE=getMsg HTTP/1.1" 200 27
101.83.144.49 - - [28/Apr/2024:11:40:07 +0800] "GET /xingrg/all/function/internal_message.html?_=1714275608577&CODE_STATE=getMsg HTTP/1.1" 200 27
116.238.97.31 - - [28/Apr/2024:11:40:07 +0800] "GET /xingrg/all/function/internal_message.html?_=1714275642205&CODE_STATE=getMsg HTTP/1.1" 200 27
124.78.56.241 - - [28/Apr/2024:11:40:10 +0800] "POST /xingrg/kc/buy/cgsh_order_operate.html HTTP/1.1" 200 12
116.237.77.239 - - [28/Apr/2024:11:40:10 +0800] "POST /xingrg/kc/base/wldb_order_operate.html HTTP/1.1" 200 4222
124.78.56.241 - - [28/Apr/2024:11:40:12 +0800] "GET /xingrg/kc/buy/cgsh_order_info.html?code=212024042807849 HTTP/1.1" 200 69032
116.237.77.239 - - [28/Apr/2024:11:40:12 +0800] "GET /xingrg/kc/base/wldb_order_add.html HTTP/1.1" 200 30386
116.237.77.239 - - [28/Apr/2024:11:40:13 +0800] "POST /xingrg/kc/base/wldb_order_operate.html HTTP/1.1" 200 6806
116.237.77.239 - - [28/Apr/2024:11:40:13 +0800] "GET /xingrg/javascript/easyui/themes/default/validatebox.css HTTP/1.1" 404 1104
124.78.56.241 - - [28/Apr/2024:11:40:13 +0800] "GET /xingrg/javascript/easyui/themes/default/validatebox.css HTTP/1.1" 404 1104
116.237.77.239 - - [28/Apr/2024:11:40:13 +0800] "POST /xingrg/all/common/load_combo.html?type=base HTTP/1.1" 200 3227
116.237.77.239 - - [28/Apr/2024:11:40:15 +0800] "POST /xingrg/all/common/load_combo.html?type=base HTTP/1.1" 200 3227
180.169.147.146 - - [28/Apr/2024:11:40:15 +0800] "POST /xingrg/kc/buy/cgsh_order_operate.html HTTP/1.1" 200 37
124.78.56.241 - - [28/Apr/2024:11:40:15 +0800] "POST /xingrg/kc/buy/cgsh_order_operate.html HTTP/1.1" 200 6531
114.83.217.54 - - [28/Apr/2024:11:40:16 +0800] "POST /xingrg/kc/buy/cgsh_list_operate.html HTTP/1.1" 200 568
116.232.195.13 - - [28/Apr/2024:11:40:16 +0800] "GET /xingrg/all/function/internal_message.html?_=1714275601335&CODE_STATE=getMsg HTTP/1.1" 200 27
114.83.217.54 - - [28/Apr/2024:11:40:17 +0800] "GET /xingrg/kc/buy/cgsh_order_info.html?code=212024042607059 HTTP/1.1" 200 74229
114.83.217.54 - - [28/Apr/2024:11:40:17 +0800] "GET /xingrg/javascript/easyui/themes/default/validatebox.css HTTP/1.1" 404 1104
116.238.97.31 - - [28/Apr/2024:11:40:18 +0800] "GET /xingrg/all/function/internal_message.html?_=1714275618432&CODE_STATE=getMsg HTTP/1.1" 200 27
180.169.147.146 - - [28/Apr/2024:11:40:18 +0800] "POST /xingrg/kc/buy/cgsh_order_operate.html HTTP/1.1" 200 2658
114.83.217.54 - - [28/Apr/2024:11:40:18 +0800] "GET /xingrg/check_reg.html?_=1714275619080 HTTP/1.1" 200 22
114.83.217.54 - - [28/Apr/2024:11:40:18 +0800] "POST /xingrg/kc/buy/cgsh_order_operate.html HTTP/1.1" 200 25119
180.169.147.146 - - [28/Apr/2024:11:40:19 +0800] "GET /xingrg/kc/print/load_data.html?order_code=212024042807850&kc_code=cgsh&condition= HTTP/1.1" 200 684
124.78.56.241 - - [28/Apr/2024:11:40:20 +0800] "GET /xingrg/kc/print/load_data.html?order_code=212024042807849&kc_code=cgsh&condition= HTTP/1.1" 200 3004
116.237.77.239 - - [28/Apr/2024:11:40:20 +0800] "GET /xingrg/kc/base/wldb_order_operate.html?command=get_materiel&rest_code=00106&base_code=0010397&code=00102002204 HTTP/1.1" 200 447
116.232.195.13 - - [28/Apr/2024:11:40:22 +0800] "POST /xingrg/kc/buy/cgsh_list_operate.html HTTP/1.1" 200 3475
180.169.147.146 - - [28/Apr/2024:11:40:23 +0800] "GET /xingrg/kc/buy/cgsh_order_add.html HTTP/1.1" 200 74210
180.169.147.146 - - [28/Apr/2024:11:40:23 +0800] "POST /xingrg/kc/buy/cgsh_order_operate.html HTTP/1.1" 200 8245
180.169.147.146 - - [28/Apr/2024:11:40:23 +0800] "GET /xingrg/javascript/easyui/themes/default/validatebox.css HTTP/1.1" 404 1104
120.253.135.82 - - [28/Apr/2024:11:40:24 +0800] "GET /xingrg/all/function/internal_message.html?_=1714275472940&CODE_STATE=getMsg HTTP/1.1" 200 27
116.237.77.239 - - [28/Apr/2024:11:40:25 +0800] "POST /xingrg/kc/base/wldb_order_operate.html HTTP/1.1" 200 37
116.237.77.239 - - [28/Apr/2024:11:40:26 +0800] "POST /xingrg/kc/base/wldb_order_operate.html HTTP/1.1" 200 2197
124.78.56.241 - - [28/Apr/2024:11:40:26 +0800] "POST /xingrg/kc/buy/cgsh_order_operate.html HTTP/1.1" 200 8245
124.78.56.241 - - [28/Apr/2024:11:40:26 +0800] "GET /xingrg/javascript/easyui/themes/default/validatebox.css HTTP/1.1" 404 1104
116.237.77.239 - - [28/Apr/2024:11:40:28 +0800] "GET /xingrg/kc/base/wldb_order_info.html?code=422024042801810 HTTP/1.1" 200 30400
116.237.77.239 - - [28/Apr/2024:11:40:28 +0800] "GET /xingrg/javascript/easyui/themes/default/validatebox.css HTTP/1.1" 404 1104
222.70.183.82 - - [28/Apr/2024:11:40:29 +0800] "GET /xingrg/check_reg.html?_=1714275626856 HTTP/1.1" 200 22
114.95.253.235 - - [28/Apr/2024:11:40:29 +0800] "GET /xingrg/all/function/internal_message.html?_=1714275629174&CODE_STATE=getMsg HTTP/1.1" 200 27
116.237.77.239 - - [28/Apr/2024:11:40:29 +0800] "POST /xingrg/kc/base/wldb_order_operate.html HTTP/1.1" 200 2197
222.70.183.82 - - [28/Apr/2024:11:40:29 +0800] "GET /xingrg/all/function/internal_message.html?_=1714275627390&CODE_STATE=getMsg HTTP/1.1" 200 27
114.95.253.235 - - [28/Apr/2024:11:40:30 +0800] "GET /xingrg/check_reg.html?_=1714275629093 HTTP/1.1" 200 22
114.95.253.235 - - [28/Apr/2024:11:40:30 +0800] "GET /xingrg/all/function/internal_message.html?_=1714275629097&CODE_STATE=getMsg HTTP/1.1" 200 27
116.232.195.13 - - [28/Apr/2024:11:40:30 +0800] "POST /xingrg/kc/buy/cgsh_list_operate.html HTTP/1.1" 200 214
116.232.195.13 - - [28/Apr/2024:11:40:32 +0800] "GET /xingrg/kc/buy/cgsh_order_info.html?code=212024042807843 HTTP/1.1" 200 74225
116.237.77.239 - - [28/Apr/2024:11:40:32 +0800] "GET /xingrg/kc/base/wldb_order_add.html HTTP/1.1" 200 30386
116.232.195.13 - - [28/Apr/2024:11:40:32 +0800] "GET /xingrg/javascript/easyui/themes/default/validatebox.css HTTP/1.1" 404 1104
116.232.195.13 - - [28/Apr/2024:11:40:32 +0800] "GET /xingrg/all/common/auto_word.html?type=employee&rest_code=00155 HTTP/1.1" 200 255
116.232.195.13 - - [28/Apr/2024:11:40:32 +0800] "GET /xingrg/all/common/auto_word.html?type=employee&rest_code=00155 HTTP/1.1" 200 255
116.237.77.239 - - [28/Apr/2024:11:40:32 +0800] "POST /xingrg/kc/base/wldb_order_operate.html HTTP/1.1" 200 6806
116.237.77.239 - - [28/Apr/2024:11:40:33 +0800] "GET /xingrg/javascript/easyui/themes/default/validatebox.css HTTP/1.1" 404 1104
116.237.77.239 - - [28/Apr/2024:11:40:33 +0800] "POST /xingrg/all/common/load_combo.html?type=base HTTP/1.1" 200 3227
116.232.195.13 - - [28/Apr/2024:11:40:33 +0800] "POST /xingrg/kc/buy/cgsh_order_operate.html HTTP/1.1" 200 2676
116.232.195.13 - - [28/Apr/2024:11:40:34 +0800] "GET /xingrg/kc/print/load_config.html?kc_code=cgsh HTTP/1.1" 200 1927
116.232.195.13 - - [28/Apr/2024:11:40:34 +0800] "GET /xingrg/kc/print/load_data.html?order_code=212024042807843&kc_code=cgsh&condition= HTTP/1.1" 200 693
116.237.77.239 - - [28/Apr/2024:11:40:35 +0800] "POST /xingrg/all/common/load_combo.html?type=base HTTP/1.1" 200 3227
221.239.168.119 - - [28/Apr/2024:11:40:35 +0800] "GET /xingrg/all/function/internal_message.html?_=1714275632627&CODE_STATE=getMsg HTTP/1.1" 200 27
221.239.168.119 - - [28/Apr/2024:11:40:36 +0800] "GET /xingrg/check_reg.html?_=1714275632627 HTTP/1.1" 200 22
180.169.147.146 - - [28/Apr/2024:11:40:36 +0800] "GET /xingrg/kc/buy/cgsh_order_operate.html?command=get_materiel&rest_code=00147&code=00101001167&supplier_code=00100314&order_time=2024-04-27 HTTP/1.1" 200 411
116.237.77.239 - - [28/Apr/2024:11:40:40 +0800] "GET /xingrg/all/function/internal_message.html?_=1714275640131&CODE_STATE=getMsg HTTP/1.1" 200 27
116.237.77.239 - - [28/Apr/2024:11:40:40 +0800] "GET /xingrg/check_reg.html?_=1714275640568 HTTP/1.1" 200 22
180.164.6.225 - - [28/Apr/2024:11:40:41 +0800] "GET /xingrg/all/function/internal_message.html?_=1714275640850&CODE_STATE=getMsg HTTP/1.1" 200 27
101.83.144.49 - - [28/Apr/2024:11:40:42 +0800] "GET /xingrg/kc/base/wldb_order_list.html HTTP/1.1" 200 19051
101.83.144.49 - - [28/Apr/2024:11:40:42 +0800] "POST /xingrg/kc/base/wldb_list_operate.html HTTP/1.1" 200 928
221.239.168.119 - - [28/Apr/2024:11:40:44 +0800] "GET /xingrg/kc/buy/cgsh_order_operate.html?command=get_materiel&rest_code=00145&code=00101008141&supplier_code=00100556&order_time=2024-04-20 HTTP/1.1" 200 412
116.237.77.239 - - [28/Apr/2024:11:40:45 +0800] "GET /xingrg/kc/base/wldb_order_operate.html?command=get_materiel&rest_code=00106&base_code=0010397&code=00102002453 HTTP/1.1" 200 433
101.83.144.49 - - [28/Apr/2024:11:40:45 +0800] "GET /xingrg/kc/base/wldb_order_add.html HTTP/1.1" 200 30382
101.83.144.49 - - [28/Apr/2024:11:40:46 +0800] "GET /xingrg/all/common/auto_word.html?type=base&rest_code=00105 HTTP/1.1" 200 1907
101.83.144.49 - - [28/Apr/2024:11:40:46 +0800] "GET /xingrg/all/common/auto_word.html?type=base&rest_code=00105 HTTP/1.1" 200 1907
101.83.144.49 - - [28/Apr/2024:11:40:46 +0800] "GET /xingrg/javascript/easyui/themes/default/validatebox.css HTTP/1.1" 404 1104
101.83.144.49 - - [28/Apr/2024:11:40:46 +0800] "POST /xingrg/kc/base/wldb_order_operate.html HTTP/1.1" 200 6806
124.78.56.241 - - [28/Apr/2024:11:40:47 +0800] "GET /xingrg/all/function/internal_message.html?_=1714275647775&CODE_STATE=getMsg HTTP/1.1" 200 27
114.83.217.54 - - [28/Apr/2024:11:40:47 +0800] "GET /xingrg/all/function/internal_message.html?_=1714275648006&CODE_STATE=getMsg HTTP/1.1" 200 27
101.83.144.49 - - [28/Apr/2024:11:40:48 +0800] "POST /xingrg/all/common/load_combo.html?type=base HTTP/1.1" 200 3409
180.169.147.146 - - [28/Apr/2024:11:40:48 +0800] "POST /xingrg/kc/buy/cgsh_order_operate.html HTTP/1.1" 200 37
124.78.56.241 - - [28/Apr/2024:11:40:48 +0800] "GET /xingrg/kc/buy/cgsh_order_operate.html?command=get_materiel&rest_code=00141&code=00101002041&supplier_code=00100442&order_time=2024-04-28 HTTP/1.1" 200 409
116.237.77.239 - - [28/Apr/2024:11:40:51 +0800] "GET /xingrg/kc/base/wldb_order_operate.html?command=get_materiel&rest_code=00106&base_code=0010397&code=00102002238 HTTP/1.1" 200 434
114.83.217.54 - - [28/Apr/2024:11:40:52 +0800] "GET /xingrg/all/function/internal_message.html?_=1714275653141&CODE_STATE=getMsg HTTP/1.1" 200 27
101.83.241.187 - - [28/Apr/2024:11:40:52 +0800] "GET /xingrg/all/function/internal_message.html?_=1714275652874&CODE_STATE=getMsg HTTP/1.1" 200 27
180.169.147.146 - - [28/Apr/2024:11:40:55 +0800] "POST /xingrg/kc/buy/cgsh_order_operate.html HTTP/1.1" 200 2065
116.237.77.239 - - [28/Apr/2024:11:40:55 +0800] "GET /xingrg/kc/base/wldb_order_operate.html?command=get_materiel&rest_code=00106&base_code=0010397&code=00102002362 HTTP/1.1" 200 433
114.83.217.54 - - [28/Apr/2024:11:40:56 +0800] "POST /xingrg/kc/buy/cgsh_order_operate.html HTTP/1.1" 200 37
180.169.147.146 - - [28/Apr/2024:11:40:56 +0800] "GET /xingrg/check_reg.html?_=1714275656431 HTTP/1.1" 200 22
180.169.147.146 - - [28/Apr/2024:11:40:56 +0800] "GET /xingrg/all/function/internal_message.html?_=1714275656434&CODE_STATE=getMsg HTTP/1.1" 200 27
124.78.56.241 - - [28/Apr/2024:11:40:58 +0800] "GET /xingrg/kc/buy/cgsh_order_operate.html?command=get_materiel&rest_code=00141&code=00101002048&supplier_code=00100442&order_time=2024-04-28 HTTP/1.1" 200 413
101.83.144.49 - - [28/Apr/2024:11:40:59 +0800] "GET /xingrg/all/function/internal_message.html?_=1714275660464&CODE_STATE=getMsg HTTP/1.1" 200 27
221.239.168.119 - - [28/Apr/2024:11:41:01 +0800] "GET /xingrg/kc/buy/cgsh_order_operate.html?command=get_materiel&rest_code=00145&code=00101008261&supplier_code=00100556&order_time=2024-04-20 HTTP/1.1" 200 429
101.83.144.49 - - [28/Apr/2024:11:41:01 +0800] "GET /xingrg/kc/base/wldb_order_operate.html?command=get_materiel&rest_code=00105&base_code=0010507&code=00101019430 HTTP/1.1" 200 478
180.169.147.146 - - [28/Apr/2024:11:41:01 +0800] "GET /xingrg/kc/print/load_data.html?order_code=212024042807851&kc_code=cgsh&condition= HTTP/1.1" 200 683
116.237.77.239 - - [28/Apr/2024:11:41:02 +0800] "POST /xingrg/kc/base/wldb_order_operate.html HTTP/1.1" 200 37
116.237.77.239 - - [28/Apr/2024:11:41:03 +0800] "POST /xingrg/kc/base/wldb_order_operate.html HTTP/1.1" 200 3125
180.169.147.146 - - [28/Apr/2024:11:41:05 +0800] "GET /xingrg/kc/buy/cgsh_order_add.html HTTP/1.1" 200 74210
180.169.147.146 - - [28/Apr/2024:11:41:05 +0800] "POST /xingrg/kc/buy/cgsh_order_operate.html HTTP/1.1" 200 8245
180.169.147.146 - - [28/Apr/2024:11:41:05 +0800] "GET /xingrg/javascript/easyui/themes/default/validatebox.css HTTP/1.1" 404 1104
116.237.77.239 - - [28/Apr/2024:11:41:05 +0800] "GET /xingrg/kc/base/wldb_order_info.html?code=422024042801811 HTTP/1.1" 200 30401
116.237.77.239 - - [28/Apr/2024:11:41:06 +0800] "GET /xingrg/javascript/easyui/themes/default/validatebox.css HTTP/1.1" 404 1104
114.83.217.54 - - [28/Apr/2024:11:41:06 +0800] "POST /xingrg/kc/buy/cgsh_order_operate.html HTTP/1.1" 200 12
116.237.77.239 - - [28/Apr/2024:11:41:06 +0800] "POST /xingrg/kc/base/wldb_order_operate.html HTTP/1.1" 200 3125
180.169.147.146 - - [28/Apr/2024:11:41:07 +0800] "GET /xingrg/all/function/internal_message.html?_=1714275656664&CODE_STATE=getMsg HTTP/1.1" 200 27
101.83.144.49 - - [28/Apr/2024:11:41:07 +0800] "GET /xingrg/all/function/internal_message.html?_=1714275668558&CODE_STATE=getMsg HTTP/1.1" 200 27
116.238.97.31 - - [28/Apr/2024:11:41:07 +0800] "GET /xingrg/all/function/internal_message.html?_=1714275702192&CODE_STATE=getMsg HTTP/1.1" 200 27
101.83.144.49 - - [28/Apr/2024:11:41:07 +0800] "GET /xingrg/check_reg.html?_=1714275668867 HTTP/1.1" 200 22
116.237.77.239 - - [28/Apr/2024:11:41:08 +0800] "POST /xingrg/kc/base/wldb_list_operate.html HTTP/1.1" 200 2975
101.83.144.49 - - [28/Apr/2024:11:41:08 +0800] "GET /xingrg/kc/base/wldb_order_operate.html?command=get_materiel&rest_code=00105&base_code=0010507&code=00101019383 HTTP/1.1" 200 458
101.83.144.49 - - [28/Apr/2024:11:41:15 +0800] "POST /xingrg/kc/base/wldb_order_operate.html HTTP/1.1" 200 37
116.232.195.13 - - [28/Apr/2024:11:41:16 +0800] "GET /xingrg/all/function/internal_message.html?_=1714275661350&CODE_STATE=getMsg HTTP/1.1" 200 27
116.238.97.31 - - [28/Apr/2024:11:41:18 +0800] "GET /xingrg/all/function/internal_message.html?_=1714275678438&CODE_STATE=getMsg HTTP/1.1" 200 27
101.83.144.49 - - [28/Apr/2024:11:41:18 +0800] "POST /xingrg/kc/base/wldb_order_operate.html HTTP/1.1" 200 2719
221.239.168.119 - - [28/Apr/2024:11:41:19 +0800] "GET /xingrg/kc/buy/cgsh_order_operate.html?command=get_materiel&rest_code=00145&code=00101008005&supplier_code=00100556&order_time=2024-04-20 HTTP/1.1" 200 412
114.83.217.54 - - [28/Apr/2024:11:41:19 +0800] "GET /xingrg/kc/buy/cgsh_order_info.html?code=212024042607059 HTTP/1.1" 200 69122
124.78.56.241 - - [28/Apr/2024:11:41:19 +0800] "GET /xingrg/css/new_ie.css HTTP/1.1" 404 1036
114.83.217.54 - - [28/Apr/2024:11:41:20 +0800] "GET /xingrg/javascript/easyui/themes/default/validatebox.css HTTP/1.1" 404 1104
124.78.56.241 - - [28/Apr/2024:11:41:20 +0800] "GET /xingrg/images/yd/bt.gif HTTP/1.1" 404 1040
101.83.144.49 - - [28/Apr/2024:11:41:20 +0800] "GET /xingrg/kc/base/wldb_order_info.html?code=422024042801812 HTTP/1.1" 200 30396
101.83.144.49 - - [28/Apr/2024:11:41:20 +0800] "GET /xingrg/javascript/easyui/themes/default/validatebox.css HTTP/1.1" 404 1104
114.83.217.54 - - [28/Apr/2024:11:41:21 +0800] "POST /xingrg/kc/buy/cgsh_order_operate.html HTTP/1.1" 200 23057
101.83.144.49 - - [28/Apr/2024:11:41:21 +0800] "POST /xingrg/kc/base/wldb_order_operate.html HTTP/1.1" 200 2719
124.78.56.241 - - [28/Apr/2024:11:41:23 +0800] "POST /xingrg/kc/buy/cgsh_list_operate.html HTTP/1.1" 200 645
101.83.144.49 - - [28/Apr/2024:11:41:23 +0800] "GET /xingrg/kc/base/wldb_order_add.html HTTP/1.1" 200 30382
101.83.144.49 - - [28/Apr/2024:11:41:23 +0800] "POST /xingrg/kc/base/wldb_order_operate.html HTTP/1.1" 200 6806
101.83.144.49 - - [28/Apr/2024:11:41:23 +0800] "GET /xingrg/javascript/easyui/themes/default/validatebox.css HTTP/1.1" 404 1104
101.83.144.49 - - [28/Apr/2024:11:41:24 +0800] "POST /xingrg/all/common/load_combo.html?type=base HTTP/1.1" 200 3409
120.253.135.82 - - [28/Apr/2024:11:41:24 +0800] "GET /xingrg/all/function/internal_message.html?_=1714275533056&CODE_STATE=getMsg HTTP/1.1" 200 27
114.95.253.235 - - [28/Apr/2024:11:41:29 +0800] "GET /xingrg/all/function/internal_message.html?_=1714275689187&CODE_STATE=getMsg HTTP/1.1" 200 27
222.70.183.82 - - [28/Apr/2024:11:41:29 +0800] "GET /xingrg/all/function/internal_message.html?_=1714275687370&CODE_STATE=getMsg HTTP/1.1" 200 27
114.95.253.235 - - [28/Apr/2024:11:41:30 +0800] "GET /xingrg/all/function/internal_message.html?_=1714275689085&CODE_STATE=getMsg HTTP/1.1" 200 27
116.232.195.13 - - [28/Apr/2024:11:41:31 +0800] "GET /xingrg/kc/buy/cgsh_order_add.html HTTP/1.1" 200 74245
116.232.195.13 - - [28/Apr/2024:11:41:31 +0800] "POST /xingrg/kc/buy/cgsh_order_operate.html HTTP/1.1" 200 8245
116.232.195.13 - - [28/Apr/2024:11:41:31 +0800] "GET /xingrg/javascript/easyui/themes/default/validatebox.css HTTP/1.1" 404 1104
180.169.147.146 - - [28/Apr/2024:11:41:32 +0800] "GET /xingrg/kc/buy/cgsh_order_operate.html?command=get_materiel&rest_code=00147&code=00101001321&supplier_code=00100639&order_time=2024-04-27 HTTP/1.1" 200 441
101.83.144.49 - - [28/Apr/2024:11:41:34 +0800] "GET /xingrg/kc/base/wldb_order_operate.html?command=get_materiel&rest_code=00105&base_code=0010507&code=00101011005 HTTP/1.1" 200 430
116.232.195.13 - - [28/Apr/2024:11:41:34 +0800] "GET /xingrg/javascript/auto/indicator.gif HTTP/1.1" 404 1066
221.239.168.119 - - [28/Apr/2024:11:41:35 +0800] "GET /xingrg/all/function/internal_message.html?_=1714275692603&CODE_STATE=getMsg HTTP/1.1" 200 27
116.232.195.13 - - [28/Apr/2024:11:41:36 +0800] "GET /xingrg/javascript/jquery_tools/images/prev.gif HTTP/1.1" 404 1086
116.232.195.13 - - [28/Apr/2024:11:41:36 +0800] "GET /xingrg/javascript/jquery_tools/images/next.gif HTTP/1.1" 404 1086
114.83.217.54 - - [28/Apr/2024:11:41:37 +0800] "GET /xingrg/kc/buy/cgsh_order_add.html HTTP/1.1" 200 74251
114.83.217.54 - - [28/Apr/2024:11:41:38 +0800] "POST /xingrg/kc/buy/cgsh_order_operate.html HTTP/1.1" 200 8245
114.83.217.54 - - [28/Apr/2024:11:41:38 +0800] "GET /xingrg/javascript/easyui/themes/default/validatebox.css HTTP/1.1" 404 1104
116.237.77.239 - - [28/Apr/2024:11:41:38 +0800] "POST /xingrg/kc/base/wldb_list_operate.html HTTP/1.1" 200 4
101.83.144.49 - - [28/Apr/2024:11:41:39 +0800] "POST /xingrg/kc/base/wldb_order_operate.html HTTP/1.1" 200 37
101.83.144.49 - - [28/Apr/2024:11:41:40 +0800] "POST /xingrg/kc/base/wldb_order_operate.html HTTP/1.1" 200 2179
180.164.6.225 - - [28/Apr/2024:11:41:41 +0800] "GET /xingrg/all/function/internal_message.html?_=1714275700839&CODE_STATE=getMsg HTTP/1.1" 200 27
101.83.144.49 - - [28/Apr/2024:11:41:44 +0800] "GET /xingrg/kc/base/wldb_order_info.html?code=422024042801813 HTTP/1.1" 200 30396
124.78.56.241 - - [28/Apr/2024:11:41:45 +0800] "POST /xingrg/kc/buy/cgsh_list_operate.html HTTP/1.1" 200 4452
101.83.144.49 - - [28/Apr/2024:11:41:45 +0800] "GET /xingrg/javascript/easyui/themes/default/validatebox.css HTTP/1.1" 404 1104
221.239.168.119 - - [28/Apr/2024:11:41:45 +0800] "GET /xingrg/kc/buy/cgsh_order_operate.html?command=get_materiel&rest_code=00145&code=00101008199&supplier_code=00100556&order_time=2024-04-20 HTTP/1.1" 200 408
101.83.144.49 - - [28/Apr/2024:11:41:45 +0800] "POST /xingrg/kc/base/wldb_order_operate.html HTTP/1.1" 200 2179
124.78.56.241 - - [28/Apr/2024:11:41:47 +0800] "POST /xingrg/kc/buy/cgsh_list_operate.html HTTP/1.1" 200 423
124.78.56.241 - - [28/Apr/2024:11:41:47 +0800] "GET /xingrg/all/function/internal_message.html?_=1714275707743&CODE_STATE=getMsg HTTP/1.1" 200 27
114.83.217.54 - - [28/Apr/2024:11:41:47 +0800] "GET /xingrg/all/function/internal_message.html?_=1714275707984&CODE_STATE=getMsg HTTP/1.1" 200 27
101.83.144.49 - - [28/Apr/2024:11:41:48 +0800] "GET /xingrg/kc/base/wldb_order_add.html HTTP/1.1" 200 30382
101.83.144.49 - - [28/Apr/2024:11:41:48 +0800] "POST /xingrg/kc/base/wldb_order_operate.html HTTP/1.1" 200 6806
101.83.144.49 - - [28/Apr/2024:11:41:48 +0800] "GET /xingrg/javascript/easyui/themes/default/validatebox.css HTTP/1.1" 404 1104
114.83.217.54 - - [28/Apr/2024:11:41:49 +0800] "GET /xingrg/kc/buy/cgsh_order_operate.html?command=get_materiel&rest_code=00149&code=00101001045&supplier_code=00100665&order_time=2024-04-28 HTTP/1.1" 200 421
101.83.144.49 - - [28/Apr/2024:11:41:49 +0800] "POST /xingrg/all/common/load_combo.html?type=base HTTP/1.1" 200 3409
116.232.195.13 - - [28/Apr/2024:11:41:49 +0800] "GET /xingrg/kc/buy/cgsh_order_operate.html?command=get_materiel&rest_code=00155&code=00101010079&supplier_code=00100336&order_time=2024-04-28 HTTP/1.1" 200 412
124.78.56.241 - - [28/Apr/2024:11:41:50 +0800] "POST /xingrg/kc/buy/cgsh_list_operate.html HTTP/1.1" 200 199
116.237.77.239 - - [28/Apr/2024:11:41:52 +0800] "POST /xingrg/kc/base/wldb_list_operate.html HTTP/1.1" 200 928
124.78.56.241 - - [28/Apr/2024:11:41:52 +0800] "POST /xingrg/kc/buy/cgsh_list_operate.html HTTP/1.1" 200 275
114.83.217.54 - - [28/Apr/2024:11:41:52 +0800] "GET /xingrg/all/function/internal_message.html?_=1714275713113&CODE_STATE=getMsg HTTP/1.1" 200 27
120.253.135.82 - - [28/Apr/2024:11:41:52 +0800] "GET /xingrg/check_reg.html?_=1714275561098 HTTP/1.1" 200 22
101.83.241.187 - - [28/Apr/2024:11:41:52 +0800] "GET /xingrg/all/function/internal_message.html?_=1714275712858&CODE_STATE=getMsg HTTP/1.1" 200 27
124.78.56.241 - - [28/Apr/2024:11:41:54 +0800] "POST /xingrg/kc/buy/cgsh_list_operate.html HTTP/1.1" 200 355
180.169.147.146 - - [28/Apr/2024:11:41:56 +0800] "GET /xingrg/all/function/internal_message.html?_=1714275716439&CODE_STATE=getMsg HTTP/1.1" 200 27
124.78.56.241 - - [28/Apr/2024:11:41:56 +0800] "POST /xingrg/kc/buy/cgsh_list_operate.html HTTP/1.1" 200 274
116.232.195.13 - - [28/Apr/2024:11:41:57 +0800] "GET /xingrg/kc/buy/cgsh_order_operate.html?command=get_materiel&rest_code=00155&code=00101010876&supplier_code=00100336&order_time=2024-04-28 HTTP/1.1" 200 417
101.83.144.49 - - [28/Apr/2024:11:41:58 +0800] "GET /xingrg/kc/base/wldb_order_operate.html?command=get_materiel&rest_code=00105&base_code=0010508&code=00102002026 HTTP/1.1" 200 432
101.83.144.49 - - [28/Apr/2024:11:41:59 +0800] "GET /xingrg/all/function/internal_message.html?_=1714275720464&CODE_STATE=getMsg HTTP/1.1" 200 27
124.78.56.241 - - [28/Apr/2024:11:41:59 +0800] "POST /xingrg/kc/buy/cgsh_list_operate.html HTTP/1.1" 200 578
124.78.56.241 - - [28/Apr/2024:11:42:03 +0800] "POST /xingrg/kc/buy/cgsh_list_operate.html HTTP/1.1" 200 279
180.169.147.146 - - [28/Apr/2024:11:42:03 +0800] "GET /xingrg/kc/buy/cgsh_order_operate.html?command=get_materiel&rest_code=00147&code=00101001332&supplier_code=00100639&order_time=2024-04-27 HTTP/1.1" 200 394
221.239.168.119 - - [28/Apr/2024:11:42:03 +0800] "GET /xingrg/kc/buy/cgsh_order_operate.html?command=get_materiel&rest_code=00145&code=00101008155&supplier_code=00100556&order_time=2024-04-20 HTTP/1.1" 200 408
180.169.147.146 - - [28/Apr/2024:11:42:07 +0800] "GET /xingrg/all/function/internal_message.html?_=1714275716635&CODE_STATE=getMsg HTTP/1.1" 200 27
101.83.144.49 - - [28/Apr/2024:11:42:07 +0800] "GET /xingrg/all/function/internal_message.html?_=1714275728567&CODE_STATE=getMsg HTTP/1.1" 200 27
116.238.97.31 - - [28/Apr/2024:11:42:07 +0800] "GET /xingrg/all/function/internal_message.html?_=1714275762183&CODE_STATE=getMsg HTTP/1.1" 200 27
114.83.217.54 - - [28/Apr/2024:11:42:08 +0800] "POST /xingrg/kc/buy/cgsh_order_operate.html HTTP/1.1" 200 37
124.78.56.241 - - [28/Apr/2024:11:42:08 +0800] "POST /xingrg/kc/buy/cgsh_list_operate.html HTTP/1.1" 200 352
124.78.56.241 - - [28/Apr/2024:11:42:11 +0800] "POST /xingrg/kc/buy/cgsh_list_operate.html HTTP/1.1" 200 572
116.232.195.13 - - [28/Apr/2024:11:42:11 +0800] "POST /xingrg/kc/buy/cgsh_order_operate.html HTTP/1.1" 200 88
124.78.56.241 - - [28/Apr/2024:11:42:15 +0800] "POST /xingrg/kc/buy/cgsh_list_operate.html HTTP/1.1" 200 199
116.232.195.13 - - [28/Apr/2024:11:42:16 +0800] "GET /xingrg/all/function/internal_message.html?_=1714275721336&CODE_STATE=getMsg HTTP/1.1" 200 27
114.83.217.54 - - [28/Apr/2024:11:42:17 +0800] "GET /xingrg/kc/base/yddb_order_list.html HTTP/1.1" 200 16662
180.169.147.146 - - [28/Apr/2024:11:42:17 +0800] "GET /xingrg/check_reg.html?_=1714275726554 HTTP/1.1" 200 22
114.83.217.54 - - [28/Apr/2024:11:42:17 +0800] "POST /xingrg/kc/base/yddb_list_operate.html HTTP/1.1" 200 636
