116.238.97.31 - - [28/Apr/2024:11:26:39 +0800] "POST /xingrg/kc/buy/cgsh_order_operate.html HTTP/1.1" 200 8245
116.237.77.239 - - [28/Apr/2024:11:26:40 +0800] "GET /xingrg/all/function/internal_message.html?_=1714274800451&CODE_STATE=getMsg HTTP/1.1" 200 27
180.164.6.225 - - [28/Apr/2024:11:26:41 +0800] "GET /xingrg/all/function/internal_message.html?_=1714274800843&CODE_STATE=getMsg HTTP/1.1" 200 27
114.95.253.235 - - [28/Apr/2024:11:26:42 +0800] "GET /xingrg/index.html?sysBaseUrl=http%3A%2F%2F180.169.147.146%3A18081%2Fxingrg%2F&costTime=14×tamp=1698040851670 HTTP/1.1" 302 -
114.95.253.235 - - [28/Apr/2024:11:26:42 +0800] "GET /xingrg/login.html HTTP/1.1" 200 7641
114.95.253.235 - - [28/Apr/2024:11:26:42 +0800] "GET /favicon.ico HTTP/1.1" 404 -
222.70.183.82 - - [28/Apr/2024:11:26:47 +0800] "GET /xingrg/kc/buy/cgsh_order_operate.html?command=get_materiel&rest_code=00111&code=00101008080&supplier_code=00100008&order_time=2024-04-28 HTTP/1.1" 200 416
114.83.217.54 - - [28/Apr/2024:11:26:48 +0800] "GET /xingrg/all/function/internal_message.html?_=1714274808250&CODE_STATE=getMsg HTTP/1.1" 200 27
116.238.97.31 - - [28/Apr/2024:11:26:48 +0800] "GET /xingrg/kc/buy/cgsh_order_operate.html?command=get_materiel&rest_code=00102&code=00101010274&supplier_code=00100547&order_time=2024-04-24 HTTP/1.1" 200 433
114.83.217.54 - - [28/Apr/2024:11:26:52 +0800] "GET /xingrg/all/function/internal_message.html?_=1714274813270&CODE_STATE=getMsg HTTP/1.1" 200 27
120.253.135.82 - - [28/Apr/2024:11:26:52 +0800] "GET /xingrg/check_reg.html?_=1714274661013 HTTP/1.1" 200 22
101.83.241.187 - - [28/Apr/2024:11:26:53 +0800] "GET /xingrg/all/function/internal_message.html?_=1714274813121&CODE_STATE=getMsg HTTP/1.1" 200 27
114.95.253.235 - - [28/Apr/2024:11:26:53 +0800] "POST /xingrg/login.do HTTP/1.1" 302 -
114.95.253.235 - - [28/Apr/2024:11:26:53 +0800] "GET /xingrg/index.html?sysBaseUrl=http%3A%2F%2F180.169.147.146%3A18081%2Fxingrg%2F&costTime=859×tamp=1714274813420 HTTP/1.1" 200 17177
114.95.253.235 - - [28/Apr/2024:11:26:53 +0800] "GET /favicon.ico HTTP/1.1" 404 -
114.95.253.235 - - [28/Apr/2024:11:26:53 +0800] "GET /xingrg/all/function/internal_message.html?_=1714274813738&CODE_STATE=count HTTP/1.1" 200 11
114.95.253.235 - - [28/Apr/2024:11:26:53 +0800] "GET /xingrg/check_reg.html?_=1714274813739 HTTP/1.1" 200 22
114.95.253.235 - - [28/Apr/2024:11:26:53 +0800] "POST /xingrg/all/common/load_tree.html?tree=area_rest_tree_json&manage=1 HTTP/1.1" 200 476
114.95.253.235 - - [28/Apr/2024:11:26:53 +0800] "POST /xingrg/load_menu.html HTTP/1.1" 200 5138
116.237.77.239 - - [28/Apr/2024:11:26:55 +0800] "GET /xingrg/kc/buy/cgsh_order_operate.html?command=get_materiel&rest_code=00106&code=00101010216&supplier_code=00100322&order_time=2024-04-28 HTTP/1.1" 200 408
116.238.97.31 - - [28/Apr/2024:11:26:55 +0800] "GET /xingrg/kc/buy/cgsh_order_operate.html?command=get_materiel&rest_code=00102&code=00101010785&supplier_code=00100547&order_time=2024-04-24 HTTP/1.1" 200 461
180.169.147.146 - - [28/Apr/2024:11:26:56 +0800] "GET /xingrg/all/function/internal_message.html?_=1714274816444&CODE_STATE=getMsg HTTP/1.1" 200 27
116.232.195.13 - - [28/Apr/2024:11:26:56 +0800] "GET /xingrg/all/function/internal_message.html?_=1714274801641&CODE_STATE=getMsg HTTP/1.1" 200 27
222.70.183.82 - - [28/Apr/2024:11:26:58 +0800] "GET /xingrg/kc/buy/cgsh_order_operate.html?command=get_materiel&rest_code=00111&code=00101008196&supplier_code=00100008&order_time=2024-04-28 HTTP/1.1" 200 416
101.83.144.49 - - [28/Apr/2024:11:26:59 +0800] "GET /xingrg/all/function/internal_message.html?_=1714274820818&CODE_STATE=getMsg HTTP/1.1" 200 27
114.95.253.235 - - [28/Apr/2024:11:27:00 +0800] "POST /xingrg/all/user/operate.html HTTP/1.1" 200 36
114.95.253.235 - - [28/Apr/2024:11:27:00 +0800] "GET /xingrg/index.html?sysBaseUrl=http%3A%2F%2F180.169.147.146%3A18081%2Fxingrg%2F&costTime=859×tamp=1714274813420 HTTP/1.1" 200 17179
114.95.253.235 - - [28/Apr/2024:11:27:00 +0800] "GET /xingrg/javascript/jquery_easy_ui/themes/default/easyui.css HTTP/1.1" 304 -
114.95.253.235 - - [28/Apr/2024:11:27:00 +0800] "GET /xingrg/javascript/jquery_easy_ui/themes/icon.css HTTP/1.1" 304 -
114.95.253.235 - - [28/Apr/2024:11:27:00 +0800] "GET /xingrg/css/form.css HTTP/1.1" 304 -
114.95.253.235 - - [28/Apr/2024:11:27:00 +0800] "GET /xingrg/javascript/jquery-1.4.2.min.js HTTP/1.1" 304 -
114.95.253.235 - - [28/Apr/2024:11:27:00 +0800] "GET /xingrg/javascript/jquery_easy_ui/jquery.easyui.min.js HTTP/1.1" 304 -
114.95.253.235 - - [28/Apr/2024:11:27:00 +0800] "GET /xingrg/javascript/jquery_easy_ui/easyui-lang-zh_CN.js HTTP/1.1" 304 -
114.95.253.235 - - [28/Apr/2024:11:27:00 +0800] "GET /xingrg/javascript/jquery.form.js HTTP/1.1" 304 -
114.95.253.235 - - [28/Apr/2024:11:27:00 +0800] "GET /xingrg/javascript/jquery.utils.js HTTP/1.1" 304 -
114.95.253.235 - - [28/Apr/2024:11:27:00 +0800] "GET /xingrg/javascript/jquery.timers.js HTTP/1.1" 304 -
114.95.253.235 - - [28/Apr/2024:11:27:00 +0800] "GET /xingrg/images/blue/jxLogo.png HTTP/1.1" 304 -
114.95.253.235 - - [28/Apr/2024:11:27:00 +0800] "GET /xingrg/images/blue/navBackgound.jpg HTTP/1.1" 304 -
114.95.253.235 - - [28/Apr/2024:11:27:00 +0800] "GET /xingrg/javascript/jquery_easy_ui/themes/icons/settle_new.png HTTP/1.1" 304 -
114.95.253.235 - - [28/Apr/2024:11:27:00 +0800] "GET /xingrg/all/function/internal_message.html?_=1714274820658&CODE_STATE=count HTTP/1.1" 200 11
114.95.253.235 - - [28/Apr/2024:11:27:00 +0800] "GET /xingrg/check_reg.html?_=1714274820659 HTTP/1.1" 200 22
114.95.253.235 - - [28/Apr/2024:11:27:00 +0800] "GET /xingrg/images/blue/pingpu.png HTTP/1.1" 304 -
114.95.253.235 - - [28/Apr/2024:11:27:00 +0800] "GET /xingrg/javascript/jquery_easy_ui/themes/default/images/tabs_rightarrow.png HTTP/1.1" 304 -
114.95.253.235 - - [28/Apr/2024:11:27:00 +0800] "GET /xingrg/javascript/jquery_easy_ui/themes/default/images/tabs_leftarrow.png HTTP/1.1" 304 -
114.95.253.235 - - [28/Apr/2024:11:27:00 +0800] "GET /xingrg/javascript/jquery_easy_ui/themes/default/images/panel_tool_collapse.gif HTTP/1.1" 304 -
114.95.253.235 - - [28/Apr/2024:11:27:00 +0800] "POST /xingrg/all/common/load_tree.html?tree=area_rest_tree_json&manage=1 HTTP/1.1" 200 476
114.95.253.235 - - [28/Apr/2024:11:27:00 +0800] "POST /xingrg/load_menu.html HTTP/1.1" 200 5138
114.95.253.235 - - [28/Apr/2024:11:27:02 +0800] "GET /xingrg/kc/buy/cgsh_order_list.html HTTP/1.1" 200 58356
116.238.97.31 - - [28/Apr/2024:11:27:03 +0800] "POST /xingrg/kc/buy/cgsh_order_operate.html HTTP/1.1" 200 37
116.232.195.13 - - [28/Apr/2024:11:27:03 +0800] "GET /xingrg/kc/buy/cgsh_order_operate.html?command=get_materiel&rest_code=00155&code=00101003006&supplier_code=00100092&order_time=2024-04-28 HTTP/1.1" 200 414
114.95.253.235 - - [28/Apr/2024:11:27:05 +0800] "POST /xingrg/kc/buy/cgsh_list_operate.html HTTP/1.1" 200 645
114.95.253.235 - - [28/Apr/2024:11:27:06 +0800] "GET /xingrg/javascript/jquery_tools/images/prev.gif HTTP/1.1" 404 1086
114.95.253.235 - - [28/Apr/2024:11:27:06 +0800] "GET /xingrg/javascript/jquery_tools/images/next.gif HTTP/1.1" 404 1086
116.237.77.239 - - [28/Apr/2024:11:27:06 +0800] "GET /xingrg/kc/buy/cgsh_order_operate.html?command=get_materiel&rest_code=00106&code=00101021029&supplier_code=00100322&order_time=2024-04-28 HTTP/1.1" 200 414
180.169.147.146 - - [28/Apr/2024:11:27:07 +0800] "GET /xingrg/all/function/internal_message.html?_=1714274816918&CODE_STATE=getMsg HTTP/1.1" 200 27
101.83.144.49 - - [28/Apr/2024:11:27:07 +0800] "GET /xingrg/all/function/internal_message.html?_=1714274828931&CODE_STATE=getMsg HTTP/1.1" 200 27
222.70.183.82 - - [28/Apr/2024:11:27:09 +0800] "GET /xingrg/kc/buy/cgsh_order_operate.html?command=get_materiel&rest_code=00111&code=00101008223&supplier_code=00100008&order_time=2024-04-28 HTTP/1.1" 200 412
114.95.253.235 - - [28/Apr/2024:11:27:12 +0800] "GET /xingrg/javascript/auto/indicator.gif HTTP/1.1" 404 1066
180.169.147.146 - - [28/Apr/2024:11:27:17 +0800] "GET /xingrg/check_reg.html?_=1714274826606 HTTP/1.1" 200 22
116.238.97.31 - - [28/Apr/2024:11:27:18 +0800] "GET /xingrg/all/function/internal_message.html?_=1714274838443&CODE_STATE=getMsg HTTP/1.1" 200 27
116.238.97.31 - - [28/Apr/2024:11:27:19 +0800] "POST /xingrg/kc/buy/cgsh_order_operate.html HTTP/1.1" 200 12
116.232.195.13 - - [28/Apr/2024:11:27:22 +0800] "POST /xingrg/kc/buy/cgsh_order_operate.html HTTP/1.1" 200 37
116.238.97.31 - - [28/Apr/2024:11:27:23 +0800] "GET /xingrg/kc/buy/cgsh_order_info.html?code=212024042807824 HTTP/1.1" 200 69067
116.238.97.31 - - [28/Apr/2024:11:27:24 +0800] "GET /xingrg/javascript/easyui/themes/default/validatebox.css HTTP/1.1" 404 1104
120.253.135.82 - - [28/Apr/2024:11:27:24 +0800] "GET /xingrg/all/function/internal_message.html?_=1714274692609&CODE_STATE=getMsg HTTP/1.1" 200 27
222.70.183.82 - - [28/Apr/2024:11:27:24 +0800] "GET /xingrg/kc/buy/cgsh_order_operate.html?command=get_materiel&rest_code=00111&code=00101008150&supplier_code=00100008&order_time=2024-04-28 HTTP/1.1" 200 409
116.232.195.13 - - [28/Apr/2024:11:27:25 +0800] "POST /xingrg/kc/buy/cgsh_order_operate.html HTTP/1.1" 200 3256
116.238.97.31 - - [28/Apr/2024:11:27:25 +0800] "POST /xingrg/kc/buy/cgsh_order_operate.html HTTP/1.1" 200 1255
114.95.253.235 - - [28/Apr/2024:11:27:25 +0800] "POST /xingrg/kc/buy/cgsh_list_operate.html HTTP/1.1" 200 1409
116.232.195.13 - - [28/Apr/2024:11:27:26 +0800] "GET /xingrg/kc/print/load_data.html?order_code=212024042807825&kc_code=cgsh&condition= HTTP/1.1" 200 957
114.95.253.235 - - [28/Apr/2024:11:27:28 +0800] "POST /xingrg/kc/buy/cgsh_list_operate.html HTTP/1.1" 200 273
222.70.183.82 - - [28/Apr/2024:11:27:29 +0800] "GET /xingrg/all/function/internal_message.html?_=1714274846847&CODE_STATE=getMsg HTTP/1.1" 200 27
116.238.97.31 - - [28/Apr/2024:11:27:29 +0800] "GET /xingrg/kc/print/load_config.html?kc_code=cgsh HTTP/1.1" 200 1927
114.95.253.235 - - [28/Apr/2024:11:27:30 +0800] "GET /xingrg/all/function/internal_message.html?_=1714274849093&CODE_STATE=getMsg HTTP/1.1" 200 27
116.237.77.239 - - [28/Apr/2024:11:27:30 +0800] "GET /xingrg/kc/buy/cgsh_order_operate.html?command=get_materiel&rest_code=00106&code=00101001310&supplier_code=00100322&order_time=2024-04-28 HTTP/1.1" 200 421
114.95.253.235 - - [28/Apr/2024:11:27:30 +0800] "GET /xingrg/kc/buy/cgsh_order_info.html?code=212024042807821 HTTP/1.1" 200 69082
116.238.97.31 - - [28/Apr/2024:11:27:30 +0800] "GET /xingrg/kc/print/load_data.html?order_code=212024042807824&kc_code=cgsh&condition= HTTP/1.1" 200 967
114.95.253.235 - - [28/Apr/2024:11:27:30 +0800] "GET /xingrg/javascript/easyui/themes/default/validatebox.css HTTP/1.1" 404 1104
120.253.135.82 - - [28/Apr/2024:11:27:31 +0800] "GET /xingrg/kc/pszx/mdqp_order_list.html?state=10 HTTP/1.1" 200 10759
120.253.135.82 - - [28/Apr/2024:11:27:31 +0800] "GET /xingrg/dwr/interface/AjaxQqpsService.js HTTP/1.1" 200 16326
120.253.135.82 - - [28/Apr/2024:11:27:31 +0800] "GET /xingrg/dwr/interface/AjaxReportQueryService.js HTTP/1.1" 200 13203
120.253.135.82 - - [28/Apr/2024:11:27:31 +0800] "GET /xingrg/dwr/engine.js HTTP/1.1" 200 43631
114.95.253.235 - - [28/Apr/2024:11:27:31 +0800] "POST /xingrg/kc/buy/cgsh_order_operate.html HTTP/1.1" 200 1203
114.95.253.235 - - [28/Apr/2024:11:27:32 +0800] "GET /xingrg/kc/print/load_config.html?kc_code=cgsh HTTP/1.1" 200 1927
114.95.253.235 - - [28/Apr/2024:11:27:33 +0800] "GET /xingrg/kc/print/load_data.html?order_code=212024042807821&kc_code=cgsh&condition= HTTP/1.1" 200 941
120.253.135.82 - - [28/Apr/2024:11:27:34 +0800] "GET /xingrg/kc/pszx/mdqp_order_info.html?code=302024042800427 HTTP/1.1" 200 13350
120.253.135.82 - - [28/Apr/2024:11:27:34 +0800] "GET /xingrg/dwr/engine.js HTTP/1.1" 200 43631
120.253.135.82 - - [28/Apr/2024:11:27:34 +0800] "GET /xingrg/dwr/interface/AjaxQqpsService.js HTTP/1.1" 200 16326
120.253.135.82 - - [28/Apr/2024:11:27:34 +0800] "GET /xingrg/dwr/interface/AjaxComOrderService.js HTTP/1.1" 200 18264
120.253.135.82 - - [28/Apr/2024:11:27:34 +0800] "POST /xingrg/dwr/call/plaincall/AjaxQqpsService.loadMaterielItems.dwr HTTP/1.1" 200 1018
222.70.183.82 - - [28/Apr/2024:11:27:35 +0800] "GET /xingrg/kc/buy/cgsh_order_operate.html?command=get_materiel&rest_code=00111&code=00101008403&supplier_code=00100008&order_time=2024-04-28 HTTP/1.1" 200 412
114.95.253.235 - - [28/Apr/2024:11:27:38 +0800] "GET /xingrg/kc/buy/cgsh_order_add.html HTTP/1.1" 200 74207
114.95.253.235 - - [28/Apr/2024:11:27:38 +0800] "POST /xingrg/kc/buy/cgsh_order_operate.html HTTP/1.1" 200 8245
114.95.253.235 - - [28/Apr/2024:11:27:38 +0800] "GET /xingrg/javascript/easyui/themes/default/validatebox.css HTTP/1.1" 404 1104
114.95.253.235 - - [28/Apr/2024:11:27:38 +0800] "GET /xingrg/all/common/auto_word.html?type=employee&rest_code=00150 HTTP/1.1" 200 159
114.95.253.235 - - [28/Apr/2024:11:27:39 +0800] "GET /xingrg/all/common/auto_word.html?type=employee&rest_code=00150 HTTP/1.1" 200 159
120.253.135.82 - - [28/Apr/2024:11:27:39 +0800] "GET /xingrg/kc/pszx/mdqp_order_list.html?isBack=1 HTTP/1.1" 302 -
120.253.135.82 - - [28/Apr/2024:11:27:39 +0800] "GET /xingrg/kc/pszx/mdqp_order_list.html?state=10 HTTP/1.1" 200 10759
120.253.135.82 - - [28/Apr/2024:11:27:39 +0800] "GET /xingrg/dwr/interface/AjaxQqpsService.js HTTP/1.1" 200 16326
120.253.135.82 - - [28/Apr/2024:11:27:39 +0800] "GET /xingrg/dwr/interface/AjaxReportQueryService.js HTTP/1.1" 200 13203
120.253.135.82 - - [28/Apr/2024:11:27:39 +0800] "GET /xingrg/dwr/engine.js HTTP/1.1" 200 43631
116.237.77.239 - - [28/Apr/2024:11:27:40 +0800] "GET /xingrg/all/function/internal_message.html?_=1714274860432&CODE_STATE=getMsg HTTP/1.1" 200 27
180.164.6.225 - - [28/Apr/2024:11:27:40 +0800] "GET /xingrg/all/function/internal_message.html?_=1714274860836&CODE_STATE=getMsg HTTP/1.1" 200 27
120.253.135.82 - - [28/Apr/2024:11:27:43 +0800] "GET /xingrg/kc/pszx/jzcl_ps.html HTTP/1.1" 200 7683
120.253.135.82 - - [28/Apr/2024:11:27:43 +0800] "POST /xingrg/all/common/load_tree.html?tree=area_rest_tree_json HTTP/1.1" 200 3624
120.253.135.82 - - [28/Apr/2024:11:27:44 +0800] "POST /xingrg/kc/pszx/jzcl_ps_operate.html HTTP/1.1" 200 453
120.253.135.82 - - [28/Apr/2024:11:27:44 +0800] "POST /xingrg/kc/pszx/jzcl_ps_operate.html HTTP/1.1" 200 453
116.232.195.13 - - [28/Apr/2024:11:27:46 +0800] "GET /xingrg/check_reg.html?_=1714274851778 HTTP/1.1" 200 22
114.83.217.54 - - [28/Apr/2024:11:27:48 +0800] "GET /xingrg/all/function/internal_message.html?_=1714274868232&CODE_STATE=getMsg HTTP/1.1" 200 27
116.237.77.239 - - [28/Apr/2024:11:27:48 +0800] "POST /xingrg/kc/buy/cgsh_order_operate.html HTTP/1.1" 200 37
120.253.135.82 - - [28/Apr/2024:11:27:50 +0800] "POST /xingrg/kc/pszx/jzcl_ps_operate.html HTTP/1.1" 200 4
222.70.183.82 - - [28/Apr/2024:11:27:50 +0800] "GET /xingrg/kc/buy/cgsh_order_operate.html?command=get_materiel&rest_code=00111&code=00101008358&supplier_code=00100008&order_time=2024-04-28 HTTP/1.1" 200 412
114.83.217.54 - - [28/Apr/2024:11:27:52 +0800] "GET /xingrg/all/function/internal_message.html?_=1714274873249&CODE_STATE=getMsg HTTP/1.1" 200 27
120.253.135.82 - - [28/Apr/2024:11:27:53 +0800] "POST /xingrg/kc/pszx/jzcl_ps_operate.html HTTP/1.1" 200 21
101.83.241.187 - - [28/Apr/2024:11:27:53 +0800] "GET /xingrg/all/function/internal_message.html?_=1714274873094&CODE_STATE=getMsg HTTP/1.1" 200 27
120.253.135.82 - - [28/Apr/2024:11:27:53 +0800] "GET /xingrg/kc/pszx/mdps_order_list.html HTTP/1.1" 200 21033
120.253.135.82 - - [28/Apr/2024:11:27:53 +0800] "POST /xingrg/kc/pszx/mdps_list_operate.html HTTP/1.1" 200 5292
114.95.253.235 - - [28/Apr/2024:11:27:53 +0800] "GET /xingrg/kc/buy/cgsh_order_operate.html?command=get_materiel&rest_code=00150&code=00101002003&supplier_code=00100087&order_time=2024-04-28 HTTP/1.1" 200 428
180.169.147.146 - - [28/Apr/2024:11:27:56 +0800] "GET /xingrg/all/function/internal_message.html?_=1714274876447&CODE_STATE=getMsg HTTP/1.1" 200 27
116.232.195.13 - - [28/Apr/2024:11:27:56 +0800] "GET /xingrg/all/function/internal_message.html?_=1714274861627&CODE_STATE=getMsg HTTP/1.1" 200 27
116.237.77.239 - - [28/Apr/2024:11:27:57 +0800] "POST /xingrg/kc/buy/cgsh_order_operate.html HTTP/1.1" 200 12
101.83.144.49 - - [28/Apr/2024:11:27:59 +0800] "GET /xingrg/all/function/internal_message.html?_=1714274880791&CODE_STATE=getMsg HTTP/1.1" 200 27
114.95.253.235 - - [28/Apr/2024:11:28:00 +0800] "GET /xingrg/all/function/internal_message.html?_=1714274880687&CODE_STATE=getMsg HTTP/1.1" 200 27
101.83.144.49 - - [28/Apr/2024:11:28:01 +0800] "GET /xingrg/check_reg.html?_=1714274882166 HTTP/1.1" 200 22
120.253.135.82 - - [28/Apr/2024:11:28:03 +0800] "POST /xingrg/kc/pszx/mdps_list_operate.html HTTP/1.1" 200 3919
124.78.56.241 - - [28/Apr/2024:11:28:04 +0800] "GET /xingrg/check_reg.html?_=1714274884626 HTTP/1.1" 200 22
120.253.135.82 - - [28/Apr/2024:11:28:05 +0800] "POST /xingrg/kc/pszx/mdps_list_operate.html HTTP/1.1" 200 276
120.253.135.82 - - [28/Apr/2024:11:28:06 +0800] "POST /xingrg/kc/pszx/mdps_list_operate.html HTTP/1.1" 200 384
114.95.253.235 - - [28/Apr/2024:11:28:06 +0800] "GET /xingrg/kc/buy/cgsh_order_operate.html?command=get_materiel&rest_code=00150&code=00101002002&supplier_code=00100087&order_time=2024-04-28 HTTP/1.1" 200 420
180.169.147.146 - - [28/Apr/2024:11:28:07 +0800] "GET /xingrg/all/function/internal_message.html?_=1714274876901&CODE_STATE=getMsg HTTP/1.1" 200 27
101.83.144.49 - - [28/Apr/2024:11:28:07 +0800] "GET /xingrg/all/function/internal_message.html?_=1714274888868&CODE_STATE=getMsg HTTP/1.1" 200 27
116.238.97.31 - - [28/Apr/2024:11:28:07 +0800] "GET /xingrg/all/function/internal_message.html?_=1714274922405&CODE_STATE=getMsg HTTP/1.1" 200 27
120.253.135.82 - - [28/Apr/2024:11:28:08 +0800] "POST /xingrg/kc/pszx/mdps_list_operate.html HTTP/1.1" 200 204
222.70.183.82 - - [28/Apr/2024:11:28:09 +0800] "GET /xingrg/kc/buy/cgsh_order_operate.html?command=get_materiel&rest_code=00111&code=00101008298&supplier_code=00100008&order_time=2024-04-28 HTTP/1.1" 200 412
120.253.135.82 - - [28/Apr/2024:11:28:10 +0800] "POST /xingrg/kc/pszx/mdps_list_operate.html HTTP/1.1" 200 212
120.253.135.82 - - [28/Apr/2024:11:28:12 +0800] "GET /xingrg/kc/pszx/mdps_order_info.html?code=312024042800499 HTTP/1.1" 200 23978
124.78.56.241 - - [28/Apr/2024:11:28:12 +0800] "POST /xingrg/kc/buy/cgsh_order_operate.html HTTP/1.1" 200 12
120.253.135.82 - - [28/Apr/2024:11:28:13 +0800] "GET /xingrg/javascript/easyui/themes/default/validatebox.css HTTP/1.1" 404 1104
116.237.77.239 - - [28/Apr/2024:11:28:13 +0800] "GET /xingrg/kc/buy/cgsh_order_info.html?code=212024042807826 HTTP/1.1" 200 69030
120.253.135.82 - - [28/Apr/2024:11:28:13 +0800] "POST /xingrg/kc/pszx/mdps_order_operate.html HTTP/1.1" 200 2282
116.237.77.239 - - [28/Apr/2024:11:28:14 +0800] "GET /xingrg/javascript/easyui/themes/default/validatebox.css HTTP/1.1" 404 1104
116.237.77.239 - - [28/Apr/2024:11:28:15 +0800] "POST /xingrg/kc/buy/cgsh_order_operate.html HTTP/1.1" 200 608
124.78.56.241 - - [28/Apr/2024:11:28:16 +0800] "GET /xingrg/kc/buy/cgsh_order_info.html?code=212024042807823 HTTP/1.1" 200 69034
124.78.56.241 - - [28/Apr/2024:11:28:16 +0800] "GET /xingrg/javascript/easyui/themes/default/validatebox.css HTTP/1.1" 404 1104
116.238.97.31 - - [28/Apr/2024:11:28:18 +0800] "GET /xingrg/check_reg.html?_=1714274898416 HTTP/1.1" 200 22
116.238.97.31 - - [28/Apr/2024:11:28:18 +0800] "GET /xingrg/all/function/internal_message.html?_=1714274898418&CODE_STATE=getMsg HTTP/1.1" 200 27
114.95.253.235 - - [28/Apr/2024:11:28:19 +0800] "POST /xingrg/kc/buy/cgsh_order_operate.html HTTP/1.1" 200 37
124.78.56.241 - - [28/Apr/2024:11:28:19 +0800] "POST /xingrg/kc/buy/cgsh_order_operate.html HTTP/1.1" 200 29582
116.237.77.239 - - [28/Apr/2024:11:28:20 +0800] "GET /xingrg/kc/print/load_data.html?order_code=212024042807826&kc_code=cgsh&condition= HTTP/1.1" 200 702
124.78.56.241 - - [28/Apr/2024:11:28:22 +0800] "GET /xingrg/kc/print/load_data.html?order_code=212024042807823&kc_code=cgsh&condition= HTTP/1.1" 200 11679
116.232.195.13 - - [28/Apr/2024:11:28:24 +0800] "GET /xingrg/kc/buy/cgsh_order_add.html HTTP/1.1" 200 74245
120.253.135.82 - - [28/Apr/2024:11:28:24 +0800] "GET /xingrg/all/function/internal_message.html?_=1714274752621&CODE_STATE=getMsg HTTP/1.1" 200 27
116.232.195.13 - - [28/Apr/2024:11:28:24 +0800] "POST /xingrg/kc/buy/cgsh_order_operate.html HTTP/1.1" 200 8245
116.232.195.13 - - [28/Apr/2024:11:28:24 +0800] "GET /xingrg/javascript/easyui/themes/default/validatebox.css HTTP/1.1" 404 1104
222.70.183.82 - - [28/Apr/2024:11:28:25 +0800] "GET /xingrg/kc/buy/cgsh_order_operate.html?command=get_materiel&rest_code=00111&code=00101008271&supplier_code=00100008&order_time=2024-04-28 HTTP/1.1" 200 408
116.232.195.13 - - [28/Apr/2024:11:28:26 +0800] "GET /xingrg/javascript/auto/indicator.gif HTTP/1.1" 404 1066
116.237.77.239 - - [28/Apr/2024:11:28:27 +0800] "GET /xingrg/kc/buy/cgsh_order_add.html HTTP/1.1" 200 74163
114.95.253.235 - - [28/Apr/2024:11:28:27 +0800] "POST /xingrg/kc/buy/cgsh_order_operate.html HTTP/1.1" 200 12
116.237.77.239 - - [28/Apr/2024:11:28:27 +0800] "POST /xingrg/kc/buy/cgsh_order_operate.html HTTP/1.1" 200 8245
116.237.77.239 - - [28/Apr/2024:11:28:27 +0800] "GET /xingrg/javascript/easyui/themes/default/validatebox.css HTTP/1.1" 404 1104
116.232.195.13 - - [28/Apr/2024:11:28:27 +0800] "GET /xingrg/javascript/jquery_tools/images/next.gif HTTP/1.1" 404 1086
116.232.195.13 - - [28/Apr/2024:11:28:27 +0800] "GET /xingrg/javascript/jquery_tools/images/prev.gif HTTP/1.1" 404 1086
222.70.183.82 - - [28/Apr/2024:11:28:29 +0800] "GET /xingrg/all/function/internal_message.html?_=1714274906862&CODE_STATE=getMsg HTTP/1.1" 200 27
116.237.77.239 - - [28/Apr/2024:11:28:29 +0800] "GET /xingrg/javascript/easyui/themes/default/tree.css HTTP/1.1" 404 1090
116.237.77.239 - - [28/Apr/2024:11:28:30 +0800] "POST /xingrg/all/common/load_tree.html?tree=supplier_tree_json&isDelete=1 HTTP/1.1" 200 79752
114.95.253.235 - - [28/Apr/2024:11:28:30 +0800] "GET /xingrg/all/function/internal_message.html?_=1714274909090&CODE_STATE=getMsg HTTP/1.1" 200 27
124.78.56.241 - - [28/Apr/2024:11:28:30 +0800] "GET /xingrg/javascript/easyui/themes/default/validatebox.css HTTP/1.1" 404 1104
124.78.56.241 - - [28/Apr/2024:11:28:30 +0800] "POST /xingrg/kc/buy/cgsh_order_operate.html HTTP/1.1" 200 8245
114.95.253.235 - - [28/Apr/2024:11:28:31 +0800] "GET /xingrg/kc/buy/cgsh_order_info.html?code=212024042807827 HTTP/1.1" 200 69078
120.253.135.82 - - [28/Apr/2024:11:28:31 +0800] "POST /xingrg/kc/pszx/mdps_order_operate.html HTTP/1.1" 200 37
114.95.253.235 - - [28/Apr/2024:11:28:31 +0800] "GET /xingrg/javascript/easyui/themes/default/validatebox.css HTTP/1.1" 404 1104
120.253.135.82 - - [28/Apr/2024:11:28:32 +0800] "GET /xingrg/kc/pszx/mdps_order_info.html?code=312024042800499 HTTP/1.1" 200 23984
114.95.253.235 - - [28/Apr/2024:11:28:32 +0800] "POST /xingrg/kc/buy/cgsh_order_operate.html HTTP/1.1" 200 1229
120.253.135.82 - - [28/Apr/2024:11:28:33 +0800] "GET /xingrg/javascript/easyui/themes/default/validatebox.css HTTP/1.1" 404 1104
120.253.135.82 - - [28/Apr/2024:11:28:33 +0800] "POST /xingrg/kc/pszx/mdps_order_operate.html HTTP/1.1" 200 2282
114.95.253.235 - - [28/Apr/2024:11:28:34 +0800] "GET /xingrg/kc/print/load_data.html?order_code=212024042807827&kc_code=cgsh&condition= HTTP/1.1" 200 1018
222.70.183.82 - - [28/Apr/2024:11:28:36 +0800] "GET /xingrg/kc/buy/cgsh_order_operate.html?command=get_materiel&rest_code=00111&code=00101008114&supplier_code=00100008&order_time=2024-04-28 HTTP/1.1" 200 412
116.232.195.13 - - [28/Apr/2024:11:28:37 +0800] "GET /xingrg/kc/buy/cgsh_order_operate.html?command=get_materiel&rest_code=00155&code=00101004051&supplier_code=00100312&order_time=2024-04-28 HTTP/1.1" 200 408
114.95.253.235 - - [28/Apr/2024:11:28:39 +0800] "GET /xingrg/kc/buy/cgsh_order_add.html HTTP/1.1" 200 74207
114.95.253.235 - - [28/Apr/2024:11:28:39 +0800] "POST /xingrg/kc/buy/cgsh_order_operate.html HTTP/1.1" 200 8245
114.95.253.235 - - [28/Apr/2024:11:28:39 +0800] "GET /xingrg/javascript/easyui/themes/default/validatebox.css HTTP/1.1" 404 1104
120.253.135.82 - - [28/Apr/2024:11:28:40 +0800] "GET /xingrg/kc/pszx/mdps_order_info.html?code=312024042800500 HTTP/1.1" 200 23978
116.237.77.239 - - [28/Apr/2024:11:28:40 +0800] "GET /xingrg/all/function/internal_message.html?_=1714274920404&CODE_STATE=getMsg HTTP/1.1" 200 27
120.253.135.82 - - [28/Apr/2024:11:28:40 +0800] "GET /xingrg/javascript/easyui/themes/default/validatebox.css HTTP/1.1" 404 1104
120.253.135.82 - - [28/Apr/2024:11:28:40 +0800] "POST /xingrg/kc/pszx/mdps_order_operate.html HTTP/1.1" 200 3316
180.164.6.225 - - [28/Apr/2024:11:28:41 +0800] "GET /xingrg/all/function/internal_message.html?_=1714274920843&CODE_STATE=getMsg HTTP/1.1" 200 27
180.164.6.225 - - [28/Apr/2024:11:28:41 +0800] "GET /xingrg/check_reg.html?_=1714274920845 HTTP/1.1" 200 22
116.232.195.13 - - [28/Apr/2024:11:28:41 +0800] "GET /xingrg/all/report/report_query.html?isQuery=1&fileName=kc/buy/wlcg_cate_hz.xml&queryString=(CONVERT(char(10)%252Ca.order_time%252C%2520120)%253E%253D'2024-04-01')%2520and%2520(CONVERT(char(10)%252Ca.order_time%252C%2520120)%253C%253D'2024-04-30')%2520and%2520(a.number%253E0%2520and%2520a.supplier_code%253D'00100312')&queryText=%25E3%2580%2590%25E9%2587%2587%25E8%25B4%25AD%25E6%2597%25A5%25E6%259C%259F%253A2024-04-01%2520%25E8%2587%25B3%25202024-04-30%25E3%2580%2591%2520%25E5%25B9%25B6%25E4%25B8%2594%2520%25E3%2580%2590%25E4%25BE%259B%25E5%25BA%2594%25E5%2595%2586%253D%25E4%25BA%2591%25E6%25B7%25A1%25E6%25B0%25B4%25E4%25BA%25A7%25EF%25BC%2588%25E6%259E%2597%25E4%25B9%25A6%25E5%25BC%25BA%25EF%25BC%2589%25E3%2580%2591 HTTP/1.1" 200 54382
116.232.195.13 - - [28/Apr/2024:11:28:42 +0800] "GET /xingrg/dwr/interface/AjaxReportQueryService.js HTTP/1.1" 200 13203
116.232.195.13 - - [28/Apr/2024:11:28:42 +0800] "GET /xingrg/dwr/engine.js HTTP/1.1" 200 43631
120.253.135.82 - - [28/Apr/2024:11:28:44 +0800] "POST /xingrg/kc/pszx/mdps_order_operate.html HTTP/1.1" 200 37
120.253.135.82 - - [28/Apr/2024:11:28:45 +0800] "GET /xingrg/kc/pszx/mdps_order_info.html?code=312024042800500 HTTP/1.1" 200 23978
120.253.135.82 - - [28/Apr/2024:11:28:45 +0800] "GET /xingrg/javascript/easyui/themes/default/validatebox.css HTTP/1.1" 404 1104
116.232.195.13 - - [28/Apr/2024:11:28:46 +0800] "POST /xingrg/all/report/load_report_page.html HTTP/1.1" 200 8723
116.232.195.13 - - [28/Apr/2024:11:28:46 +0800] "GET /xingrg/servlets/image?cache=0.21902377825502561&image=px HTTP/1.1" 200 807
120.253.135.82 - - [28/Apr/2024:11:28:46 +0800] "POST /xingrg/kc/pszx/mdps_order_operate.html HTTP/1.1" 200 3339
114.95.253.235 - - [28/Apr/2024:11:28:47 +0800] "GET /xingrg/kc/buy/cgsh_order_operate.html?command=get_materiel&rest_code=00150&code=00101020097&supplier_code=00100653&order_time=2024-04-28 HTTP/1.1" 200 428
124.78.56.241 - - [28/Apr/2024:11:28:47 +0800] "GET /xingrg/all/function/internal_message.html?_=1714274927943&CODE_STATE=getMsg HTTP/1.1" 200 27
114.83.217.54 - - [28/Apr/2024:11:28:48 +0800] "GET /xingrg/all/function/internal_message.html?_=1714274928210&CODE_STATE=getMsg HTTP/1.1" 200 27
116.232.195.13 - - [28/Apr/2024:11:28:49 +0800] "POST /xingrg/all/report/load_report_page.html HTTP/1.1" 200 83805
116.232.195.13 - - [28/Apr/2024:11:28:49 +0800] "GET /xingrg/servlets/image?cache=0.41307113091635195&image=px HTTP/1.1" 200 807
114.83.217.54 - - [28/Apr/2024:11:28:49 +0800] "GET /xingrg/check_reg.html?_=1714274929701 HTTP/1.1" 200 22
114.83.217.54 - - [28/Apr/2024:11:28:52 +0800] "GET /xingrg/all/function/internal_message.html?_=1714274933230&CODE_STATE=getMsg HTTP/1.1" 200 27
101.83.241.187 - - [28/Apr/2024:11:28:53 +0800] "GET /xingrg/all/function/internal_message.html?_=1714274933076&CODE_STATE=getMsg HTTP/1.1" 200 27
222.70.183.82 - - [28/Apr/2024:11:28:55 +0800] "GET /xingrg/kc/buy/cgsh_order_operate.html?command=get_materiel&rest_code=00111&code=00101008353&supplier_code=00100008&order_time=2024-04-28 HTTP/1.1" 200 408
180.169.147.146 - - [28/Apr/2024:11:28:56 +0800] "GET /xingrg/all/function/internal_message.html?_=1714274936443&CODE_STATE=getMsg HTTP/1.1" 200 27
116.232.195.13 - - [28/Apr/2024:11:28:56 +0800] "GET /xingrg/all/function/internal_message.html?_=1714274921604&CODE_STATE=getMsg HTTP/1.1" 200 27
116.237.77.239 - - [28/Apr/2024:11:28:57 +0800] "GET /xingrg/kc/buy/cgsh_order_operate.html?command=get_materiel&rest_code=00106&code=00101016097&supplier_code=00100640&order_time=2024-04-28 HTTP/1.1" 200 470
101.83.144.49 - - [28/Apr/2024:11:28:59 +0800] "GET /xingrg/all/function/internal_message.html?_=1714274940773&CODE_STATE=getMsg HTTP/1.1" 200 27
114.95.253.235 - - [28/Apr/2024:11:29:00 +0800] "GET /xingrg/all/function/internal_message.html?_=1714274940675&CODE_STATE=getMsg HTTP/1.1" 200 27
180.169.147.146 - - [28/Apr/2024:11:29:07 +0800] "GET /xingrg/all/function/internal_message.html?_=1714274936910&CODE_STATE=getMsg HTTP/1.1" 200 27
101.83.144.49 - - [28/Apr/2024:11:29:07 +0800] "GET /xingrg/all/function/internal_message.html?_=1714274948848&CODE_STATE=getMsg HTTP/1.1" 200 27
116.238.97.31 - - [28/Apr/2024:11:29:07 +0800] "GET /xingrg/all/function/internal_message.html?_=1714274982379&CODE_STATE=getMsg HTTP/1.1" 200 27
180.164.6.225 - - [28/Apr/2024:11:29:17 +0800] "POST /xingrg/services/DataTransmitService HTTP/1.1" 200 524
180.164.6.225 - - [28/Apr/2024:11:29:17 +0800] "POST /xingrg/services/DataTransmitService HTTP/1.1" 200 501
116.238.97.31 - - [28/Apr/2024:11:29:18 +0800] "GET /xingrg/all/function/internal_message.html?_=1714274958445&CODE_STATE=getMsg HTTP/1.1" 200 27
116.237.77.239 - - [28/Apr/2024:11:29:22 +0800] "POST /xingrg/all/common/load_select.html HTTP/1.1" 200 25
222.70.183.82 - - [28/Apr/2024:11:29:23 +0800] "GET /xingrg/kc/buy/cgsh_order_operate.html?command=get_materiel&rest_code=00111&code=00101008361&supplier_code=00100008&order_time=2024-04-28 HTTP/1.1" 200 408
120.253.135.82 - - [28/Apr/2024:11:29:24 +0800] "GET /xingrg/all/function/internal_message.html?_=1714274812635&CODE_STATE=getMsg HTTP/1.1" 200 27
124.78.56.241 - - [28/Apr/2024:11:29:25 +0800] "POST /xingrg/services/DataTransmitService HTTP/1.1" 200 524
116.238.97.31 - - [28/Apr/2024:11:29:26 +0800] "GET /xingrg/kc/base/wldb_order_operate.html?command=get_materiel&rest_code=00102&base_code=0010476&code=00101013065 HTTP/1.1" 200 433
116.232.195.13 - - [28/Apr/2024:11:29:26 +0800] "GET /xingrg/kc/buy/cgsh_order_list.html HTTP/1.1" 200 58356
116.237.77.239 - - [28/Apr/2024:11:29:27 +0800] "GET /xingrg/kc/buy/cgsh_order_operate.html?command=get_materiel_price&rest_code=00106&code=00101016097&unit_code=00100163&supplier_code=00100640&order_time=2024-04-28 HTTP/1.1" 200 30
222.70.183.82 - - [28/Apr/2024:11:29:29 +0800] "GET /xingrg/all/function/internal_message.html?_=1714274966863&CODE_STATE=getMsg HTTP/1.1" 200 27
114.95.253.235 - - [28/Apr/2024:11:29:30 +0800] "GET /xingrg/all/function/internal_message.html?_=1714274969108&CODE_STATE=getMsg HTTP/1.1" 200 27
180.169.147.146 - - [28/Apr/2024:11:29:34 +0800] "GET /xingrg/kc/buy/cgsh_order_add.html HTTP/1.1" 200 74210
180.169.147.146 - - [28/Apr/2024:11:29:34 +0800] "GET /xingrg/words/20240427141959_words.js HTTP/1.1" 200 1021836
180.169.147.146 - - [28/Apr/2024:11:29:34 +0800] "POST /xingrg/kc/buy/cgsh_order_operate.html HTTP/1.1" 200 8245
180.169.147.146 - - [28/Apr/2024:11:29:34 +0800] "GET /xingrg/javascript/easyui/themes/default/validatebox.css HTTP/1.1" 404 1104
180.169.147.146 - - [28/Apr/2024:11:29:34 +0800] "GET /xingrg/all/common/auto_word.html?type=employee&rest_code=00147 HTTP/1.1" 200 101
180.169.147.146 - - [28/Apr/2024:11:29:34 +0800] "GET /xingrg/all/common/auto_word.html?type=employee&rest_code=00147 HTTP/1.1" 200 101
222.70.183.82 - - [28/Apr/2024:11:29:35 +0800] "GET /xingrg/kc/buy/cgsh_order_operate.html?command=get_materiel&rest_code=00111&code=00101008321&supplier_code=00100008&order_time=2024-04-28 HTTP/1.1" 200 412
124.78.56.241 - - [28/Apr/2024:11:29:35 +0800] "GET /xingrg/kc/buy/cgsh_order_operate.html?command=get_materiel&rest_code=00141&code=00101010185&supplier_code=00100055&order_time=2024-04-28 HTTP/1.1" 200 412
180.169.147.146 - - [28/Apr/2024:11:29:37 +0800] "GET /xingrg/javascript/auto/indicator.gif HTTP/1.1" 404 1066
116.232.195.13 - - [28/Apr/2024:11:29:37 +0800] "POST /xingrg/kc/buy/cgsh_list_operate.html HTTP/1.1" 200 2578
180.169.147.146 - - [28/Apr/2024:11:29:38 +0800] "GET /xingrg/javascript/jquery_tools/images/prev.gif HTTP/1.1" 404 1086
180.169.147.146 - - [28/Apr/2024:11:29:38 +0800] "GET /xingrg/javascript/jquery_tools/images/next.gif HTTP/1.1" 404 1086
116.237.77.239 - - [28/Apr/2024:11:29:40 +0800] "GET /xingrg/all/function/internal_message.html?_=1714274980375&CODE_STATE=getMsg HTTP/1.1" 200 27
180.164.6.225 - - [28/Apr/2024:11:29:41 +0800] "GET /xingrg/all/function/internal_message.html?_=1714274980838&CODE_STATE=getMsg HTTP/1.1" 200 27
116.232.195.13 - - [28/Apr/2024:11:29:42 +0800] "GET /xingrg/kc/buy/cgsh_order_add.html HTTP/1.1" 200 74245
116.232.195.13 - - [28/Apr/2024:11:29:42 +0800] "POST /xingrg/kc/buy/cgsh_order_operate.html HTTP/1.1" 200 8245
116.232.195.13 - - [28/Apr/2024:11:29:42 +0800] "GET /xingrg/javascript/easyui/themes/default/validatebox.css HTTP/1.1" 404 1104
116.232.195.13 - - [28/Apr/2024:11:29:44 +0800] "GET /xingrg/javascript/auto/indicator.gif HTTP/1.1" 404 1066
116.232.195.13 - - [28/Apr/2024:11:29:44 +0800] "GET /xingrg/javascript/jquery_tools/images/next.gif HTTP/1.1" 404 1086
116.232.195.13 - - [28/Apr/2024:11:29:44 +0800] "GET /xingrg/javascript/jquery_tools/images/prev.gif HTTP/1.1" 404 1086
222.70.183.82 - - [28/Apr/2024:11:29:45 +0800] "GET /xingrg/kc/buy/cgsh_order_operate.html?command=get_materiel&rest_code=00111&code=00101008356&supplier_code=00100008&order_time=2024-04-28 HTTP/1.1" 200 408
116.237.77.239 - - [28/Apr/2024:11:29:45 +0800] "GET /xingrg/kc/buy/cgsh_order_operate.html?command=get_materiel&rest_code=00106&code=00101016094&supplier_code=00100640&order_time=2024-04-28 HTTP/1.1" 200 468
124.78.56.241 - - [28/Apr/2024:11:29:47 +0800] "GET /xingrg/all/function/internal_message.html?_=1714274987919&CODE_STATE=getMsg HTTP/1.1" 200 27
114.83.217.54 - - [28/Apr/2024:11:29:48 +0800] "GET /xingrg/all/function/internal_message.html?_=1714274988191&CODE_STATE=getMsg HTTP/1.1" 200 27
116.238.97.31 - - [28/Apr/2024:11:29:51 +0800] "GET /xingrg/check_reg.html?_=1714275026294 HTTP/1.1" 200 22
180.169.147.146 - - [28/Apr/2024:11:29:52 +0800] "GET /xingrg/kc/buy/cgsh_order_operate.html?command=get_materiel&rest_code=00147&code=00101012046&supplier_code=00100487&order_time=2024-04-27 HTTP/1.1" 200 417
114.83.217.54 - - [28/Apr/2024:11:29:52 +0800] "GET /xingrg/all/function/internal_message.html?_=1714274993217&CODE_STATE=getMsg HTTP/1.1" 200 27
101.83.241.187 - - [28/Apr/2024:11:29:53 +0800] "GET /xingrg/all/function/internal_message.html?_=1714274993057&CODE_STATE=getMsg HTTP/1.1" 200 27
101.83.241.187 - - [28/Apr/2024:11:29:53 +0800] "GET /xingrg/check_reg.html?_=1714274993811 HTTP/1.1" 200 22
180.169.147.146 - - [28/Apr/2024:11:29:56 +0800] "GET /xingrg/all/function/internal_message.html?_=1714274996440&CODE_STATE=getMsg HTTP/1.1" 200 27
116.232.195.13 - - [28/Apr/2024:11:29:56 +0800] "GET /xingrg/all/function/internal_message.html?_=1714274981584&CODE_STATE=getMsg HTTP/1.1" 200 27
124.78.56.241 - - [28/Apr/2024:11:29:59 +0800] "GET /xingrg/system/info/materiel_import.html?isSelect=1&singleSelect=false HTTP/1.1" 200 5600
101.83.144.49 - - [28/Apr/2024:11:29:59 +0800] "GET /xingrg/all/function/internal_message.html?_=1714275000746&CODE_STATE=getMsg HTTP/1.1" 200 27
124.78.56.241 - - [28/Apr/2024:11:29:59 +0800] "GET /xingrg/css/xtree.css HTTP/1.1" 200 880
124.78.56.241 - - [28/Apr/2024:11:29:59 +0800] "GET /xingrg/javascript/jquery_ui/themes/base/base.css HTTP/1.1" 200 28568
124.78.56.241 - - [28/Apr/2024:11:30:00 +0800] "GET /xingrg/javascript/jquery_easy_ui/themes/icons/search.png HTTP/1.1" 200 813
124.78.56.241 - - [28/Apr/2024:11:30:00 +0800] "GET /xingrg/javascript/jquery_easy_ui/themes/icons/edit_add.png HTTP/1.1" 200 1088
124.78.56.241 - - [28/Apr/2024:11:30:00 +0800] "GET /xingrg/javascript/jquery_easy_ui/themes/default/images/pagination_first.gif HTTP/1.1" 200 925
124.78.56.241 - - [28/Apr/2024:11:30:00 +0800] "GET /xingrg/javascript/jquery_easy_ui/themes/default/images/pagination_next.gif HTTP/1.1" 200 875
124.78.56.241 - - [28/Apr/2024:11:30:00 +0800] "GET /xingrg/javascript/jquery_easy_ui/themes/default/images/datagrid_header_bg.gif HTTP/1.1" 200 97
124.78.56.241 - - [28/Apr/2024:11:30:00 +0800] "GET /xingrg/javascript/jquery_easy_ui/themes/default/images/pagination_prev.gif HTTP/1.1" 200 879
124.78.56.241 - - [28/Apr/2024:11:30:00 +0800] "GET /xingrg/javascript/jquery_easy_ui/themes/default/images/pagination_load.png HTTP/1.1" 200 827
124.78.56.241 - - [28/Apr/2024:11:30:00 +0800] "GET /xingrg/javascript/jquery_easy_ui/themes/default/images/pagination_last.gif HTTP/1.1" 200 923
124.78.56.241 - - [28/Apr/2024:11:30:00 +0800] "GET /favicon.ico HTTP/1.1" 404 -
124.78.56.241 - - [28/Apr/2024:11:30:00 +0800] "POST /xingrg/all/common/load_tree.html?tree=materiel_sort_tree_json HTTP/1.1" 200 9734
114.95.253.235 - - [28/Apr/2024:11:30:00 +0800] "GET /xingrg/all/function/internal_message.html?_=1714275000656&CODE_STATE=getMsg HTTP/1.1" 200 27
116.237.77.239 - - [28/Apr/2024:11:30:01 +0800] "GET /xingrg/kc/buy/cgsh_order_operate.html?command=get_materiel&rest_code=00106&code=00101016037&supplier_code=00100640&order_time=2024-04-28 HTTP/1.1" 200 450
180.169.147.146 - - [28/Apr/2024:11:30:02 +0800] "GET /xingrg/kc/buy/cgsh_order_operate.html?command=get_materiel&rest_code=00147&code=00101008474&supplier_code=00100487&order_time=2024-04-27 HTTP/1.1" 200 409
116.237.77.239 - - [28/Apr/2024:11:30:04 +0800] "POST /xingrg/all/common/load_select.html HTTP/1.1" 200 25
180.169.147.146 - - [28/Apr/2024:11:30:07 +0800] "GET /xingrg/all/function/internal_message.html?_=1714274996886&CODE_STATE=getMsg HTTP/1.1" 200 27
101.83.144.49 - - [28/Apr/2024:11:30:07 +0800] "GET /xingrg/all/function/internal_message.html?_=1714275008818&CODE_STATE=getMsg HTTP/1.1" 200 27
116.238.97.31 - - [28/Apr/2024:11:30:07 +0800] "GET /xingrg/all/function/internal_message.html?_=1714275042363&CODE_STATE=getMsg HTTP/1.1" 200 27
222.70.183.82 - - [28/Apr/2024:11:30:09 +0800] "GET /xingrg/kc/buy/cgsh_order_operate.html?command=get_materiel&rest_code=00111&code=00101008811&supplier_code=00100008&order_time=2024-04-28 HTTP/1.1" 200 398
116.232.195.13 - - [28/Apr/2024:11:30:14 +0800] "GET /xingrg/kc/buy/cgsh_order_operate.html?command=get_materiel&rest_code=00155&code=00101004047&supplier_code=00100312&order_time=2024-04-28 HTTP/1.1" 200 435
114.95.253.235 - - [28/Apr/2024:11:30:18 +0800] "POST /xingrg/kc/buy/cgsh_order_operate.html HTTP/1.1" 200 37
116.238.97.31 - - [28/Apr/2024:11:30:18 +0800] "GET /xingrg/all/function/internal_message.html?_=1714275018426&CODE_STATE=getMsg HTTP/1.1" 200 27
221.239.168.119 - - [28/Apr/2024:11:30:19 +0800] "GET /favicon.ico HTTP/1.1" 404 -
221.239.168.119 - - [28/Apr/2024:11:30:21 +0800] "GET /xingrg/login.html HTTP/1.1" 200 7641
221.239.168.119 - - [28/Apr/2024:11:30:21 +0800] "GET /xingrg/images/blue/jxLogo.png HTTP/1.1" 200 6156
116.237.77.239 - - [28/Apr/2024:11:30:21 +0800] "GET /xingrg/kc/buy/cgsh_order_operate.html?command=get_materiel_price&rest_code=00106&code=00101016037&unit_code=00100098&supplier_code=00100640&order_time=2024-04-28 HTTP/1.1" 200 30
221.239.168.119 - - [28/Apr/2024:11:30:22 +0800] "GET /xingrg/images/blue/hj.png HTTP/1.1" 200 1014
221.239.168.119 - - [28/Apr/2024:11:30:22 +0800] "GET /xingrg/images/blue/login_bg.png HTTP/1.1" 200 22101
221.239.168.119 - - [28/Apr/2024:11:30:22 +0800] "GET /xingrg/images/blue/srbg.png HTTP/1.1" 200 138
221.239.168.119 - - [28/Apr/2024:11:30:22 +0800] "GET /favicon.ico HTTP/1.1" 404 -
124.78.56.241 - - [28/Apr/2024:11:30:23 +0800] "GET /xingrg/kc/buy/cgsh_order_operate.html?command=get_materiel&rest_code=00141&code=00101015044&supplier_code=00100055&order_time=2024-04-28 HTTP/1.1" 200 23
222.70.183.82 - - [28/Apr/2024:11:30:23 +0800] "GET /xingrg/kc/buy/cgsh_order_operate.html?command=get_materiel&rest_code=00111&code=00101008213&supplier_code=00100008&order_time=2024-04-28 HTTP/1.1" 200 412
120.253.135.82 - - [28/Apr/2024:11:30:24 +0800] "GET /xingrg/all/function/internal_message.html?_=1714274872648&CODE_STATE=getMsg HTTP/1.1" 200 27
114.83.217.54 - - [28/Apr/2024:11:30:25 +0800] "GET /xingrg/check_reg.html?_=1714275019054 HTTP/1.1" 200 22
180.169.147.146 - - [28/Apr/2024:11:30:25 +0800] "POST /xingrg/kc/buy/cgsh_order_operate.html HTTP/1.1" 200 88
222.70.183.82 - - [28/Apr/2024:11:30:29 +0800] "GET /xingrg/check_reg.html?_=1714275026847 HTTP/1.1" 200 22
222.70.183.82 - - [28/Apr/2024:11:30:29 +0800] "GET /xingrg/all/function/internal_message.html?_=1714275026855&CODE_STATE=getMsg HTTP/1.1" 200 27
114.95.253.235 - - [28/Apr/2024:11:30:30 +0800] "GET /xingrg/check_reg.html?_=1714275029081 HTTP/1.1" 200 22
114.95.253.235 - - [28/Apr/2024:11:30:30 +0800] "GET /xingrg/all/function/internal_message.html?_=1714275029084&CODE_STATE=getMsg HTTP/1.1" 200 27
180.169.147.146 - - [28/Apr/2024:11:30:32 +0800] "POST /xingrg/kc/buy/cgsh_order_operate.html HTTP/1.1" 200 37
116.232.195.13 - - [28/Apr/2024:11:30:32 +0800] "GET /xingrg/kc/buy/cgsh_order_operate.html?command=get_materiel&rest_code=00155&code=00101001096&supplier_code=00100312&order_time=2024-04-28 HTTP/1.1" 200 413
114.83.217.54 - - [28/Apr/2024:11:30:33 +0800] "GET /xingrg/kc/mdqp/pssh_order_list.html HTTP/1.1" 200 17929
114.83.217.54 - - [28/Apr/2024:11:30:33 +0800] "POST /xingrg/kc/mdqp/pssh_list_operate.html HTTP/1.1" 200 5230
114.95.253.235 - - [28/Apr/2024:11:30:33 +0800] "POST /xingrg/kc/buy/cgsh_order_operate.html HTTP/1.1" 200 12
221.239.168.119 - - [28/Apr/2024:11:30:35 +0800] "POST /xingrg/login.do HTTP/1.1" 302 -
221.239.168.119 - - [28/Apr/2024:11:30:35 +0800] "GET /xingrg/index.html?sysBaseUrl=http%3A%2F%2F180.169.147.146%3A18081%2Fxingrg%2F&costTime=855×tamp=1714275035134 HTTP/1.1" 200 17179
221.239.168.119 - - [28/Apr/2024:11:30:35 +0800] "GET /xingrg/javascript/jquery_easy_ui/themes/default/easyui.css HTTP/1.1" 200 26500
221.239.168.119 - - [28/Apr/2024:11:30:35 +0800] "GET /xingrg/javascript/jquery_easy_ui/themes/icon.css HTTP/1.1" 200 3949
221.239.168.119 - - [28/Apr/2024:11:30:35 +0800] "GET /xingrg/javascript/jquery.form.js HTTP/1.1" 200 23110
221.239.168.119 - - [28/Apr/2024:11:30:35 +0800] "GET /xingrg/javascript/jquery-1.4.2.min.js HTTP/1.1" 200 72205
221.239.168.119 - - [28/Apr/2024:11:30:35 +0800] "GET /xingrg/css/form.css HTTP/1.1" 200 893
221.239.168.119 - - [28/Apr/2024:11:30:35 +0800] "GET /xingrg/javascript/jquery_easy_ui/jquery.easyui.min.js HTTP/1.1" 200 213662
221.239.168.119 - - [28/Apr/2024:11:30:35 +0800] "GET /xingrg/javascript/jquery.utils.js HTTP/1.1" 200 11805
221.239.168.119 - - [28/Apr/2024:11:30:35 +0800] "GET /xingrg/javascript/jquery_easy_ui/easyui-lang-zh_CN.js HTTP/1.1" 200 1900
221.239.168.119 - - [28/Apr/2024:11:30:35 +0800] "GET /xingrg/javascript/jquery.timers.js HTTP/1.1" 200 3532
221.239.168.119 - - [28/Apr/2024:11:30:35 +0800] "GET /favicon.ico HTTP/1.1" 404 -
221.239.168.119 - - [28/Apr/2024:11:30:35 +0800] "GET /xingrg/javascript/jquery_easy_ui/themes/icons/settle_new.png HTTP/1.1" 200 826
221.239.168.119 - - [28/Apr/2024:11:30:35 +0800] "GET /xingrg/images/blue/navBackgound.jpg HTTP/1.1" 200 12378
221.239.168.119 - - [28/Apr/2024:11:30:35 +0800] "POST /xingrg/all/common/load_tree.html?tree=area_rest_tree_json&manage=1 HTTP/1.1" 200 351
124.78.56.241 - - [28/Apr/2024:11:30:35 +0800] "GET /xingrg/kc/buy/cgsh_order_operate.html?command=get_materiel&rest_code=00141&code=00101015044&supplier_code=00100040&order_time=2024-04-28 HTTP/1.1" 200 409
221.239.168.119 - - [28/Apr/2024:11:30:35 +0800] "GET /xingrg/all/function/internal_message.html?_=1714275032600&CODE_STATE=count HTTP/1.1" 200 11
221.239.168.119 - - [28/Apr/2024:11:30:35 +0800] "GET /xingrg/check_reg.html?_=1714275032603 HTTP/1.1" 200 22
221.239.168.119 - - [28/Apr/2024:11:30:35 +0800] "GET /xingrg/images/blue/pingpu.png HTTP/1.1" 200 231
221.239.168.119 - - [28/Apr/2024:11:30:35 +0800] "GET /xingrg/javascript/jquery_easy_ui/themes/default/images/tabs_leftarrow.png HTTP/1.1" 200 389
221.239.168.119 - - [28/Apr/2024:11:30:35 +0800] "GET /xingrg/javascript/jquery_easy_ui/themes/default/images/tabs_rightarrow.png HTTP/1.1" 200 395
221.239.168.119 - - [28/Apr/2024:11:30:35 +0800] "GET /xingrg/javascript/jquery_easy_ui/themes/default/images/panel_tool_collapse.gif HTTP/1.1" 200 246
221.239.168.119 - - [28/Apr/2024:11:30:36 +0800] "POST /xingrg/load_menu.html HTTP/1.1" 200 5138
114.95.253.235 - - [28/Apr/2024:11:30:36 +0800] "GET /xingrg/kc/buy/cgsh_order_info.html?code=212024042807828 HTTP/1.1" 200 69070
180.169.147.146 - - [28/Apr/2024:11:30:36 +0800] "POST /xingrg/kc/buy/cgsh_order_operate.html HTTP/1.1" 200 3249
221.239.168.119 - - [28/Apr/2024:11:30:36 +0800] "GET /xingrg/javascript/jquery_easy_ui/themes/default/images/tree_folder_open.gif HTTP/1.1" 200 956
221.239.168.119 - - [28/Apr/2024:11:30:36 +0800] "GET /xingrg/javascript/jquery_easy_ui/themes/default/images/tree_arrows.gif HTTP/1.1" 200 1043
221.239.168.119 - - [28/Apr/2024:11:30:36 +0800] "GET /xingrg/javascript/jquery_easy_ui/themes/icons/search_new.png HTTP/1.1" 200 586
221.239.168.119 - - [28/Apr/2024:11:30:36 +0800] "GET /xingrg/javascript/jquery_easy_ui/themes/default/images/tree_folder.gif HTTP/1.1" 200 952
221.239.168.119 - - [28/Apr/2024:11:30:36 +0800] "GET /xingrg/javascript/jquery_easy_ui/themes/icons/storage_new.png HTTP/1.1" 200 853
221.239.168.119 - - [28/Apr/2024:11:30:36 +0800] "GET /xingrg/javascript/jquery_easy_ui/themes/icons/forms_new.png HTTP/1.1" 200 350
221.239.168.119 - - [28/Apr/2024:11:30:36 +0800] "GET /xingrg/javascript/jquery_easy_ui/themes/default/images/tree_file.gif HTTP/1.1" 200 118
114.95.253.235 - - [28/Apr/2024:11:30:36 +0800] "GET /xingrg/javascript/easyui/themes/default/validatebox.css HTTP/1.1" 404 1104
114.95.253.235 - - [28/Apr/2024:11:30:37 +0800] "POST /xingrg/kc/buy/cgsh_order_operate.html HTTP/1.1" 200 602
222.70.183.82 - - [28/Apr/2024:11:30:37 +0800] "GET /xingrg/kc/buy/cgsh_order_operate.html?command=get_materiel&rest_code=00111&code=00101008286&supplier_code=00100008&order_time=2024-04-28 HTTP/1.1" 200 408
114.95.253.235 - - [28/Apr/2024:11:30:39 +0800] "GET /xingrg/kc/print/load_data.html?order_code=212024042807828&kc_code=cgsh&condition= HTTP/1.1" 200 678
116.237.77.239 - - [28/Apr/2024:11:30:40 +0800] "GET /xingrg/all/function/internal_message.html?_=1714275040359&CODE_STATE=getMsg HTTP/1.1" 200 27
116.237.77.239 - - [28/Apr/2024:11:30:40 +0800] "GET /xingrg/check_reg.html?_=1714275040552 HTTP/1.1" 200 22
180.164.6.225 - - [28/Apr/2024:11:30:41 +0800] "GET /xingrg/all/function/internal_message.html?_=1714275040852&CODE_STATE=getMsg HTTP/1.1" 200 27
116.232.195.13 - - [28/Apr/2024:11:30:42 +0800] "GET /xingrg/all/report/report_query.html?isQuery=1&fileName=kc/buy/wlcg_cate_hz.xml&queryString=(CONVERT(char(10)%252Ca.order_time%252C%2520120)%253E%253D'2024-04-01')%2520and%2520(CONVERT(char(10)%252Ca.order_time%252C%2520120)%253C%253D'2024-04-30')%2520and%2520(a.number%253E0%2520and%2520a.supplier_code%253D'00100312')&queryText=%25E3%2580%2590%25E9%2587%2587%25E8%25B4%25AD%25E6%2597%25A5%25E6%259C%259F%253A2024-04-01%2520%25E8%2587%25B3%25202024-04-30%25E3%2580%2591%2520%25E5%25B9%25B6%25E4%25B8%2594%2520%25E3%2580%2590%25E4%25BE%259B%25E5%25BA%2594%25E5%2595%2586%253D%25E4%25BA%2591%25E6%25B7%25A1%25E6%25B0%25B4%25E4%25BA%25A7%25EF%25BC%2588%25E6%259E%2597%25E4%25B9%25A6%25E5%25BC%25BA%25EF%25BC%2589%25E3%2580%2591 HTTP/1.1" 200 54382
116.232.195.13 - - [28/Apr/2024:11:30:43 +0800] "GET /xingrg/dwr/interface/AjaxReportQueryService.js HTTP/1.1" 200 13203
116.232.195.13 - - [28/Apr/2024:11:30:43 +0800] "GET /xingrg/dwr/engine.js HTTP/1.1" 200 43631
180.169.147.146 - - [28/Apr/2024:11:30:44 +0800] "GET /xingrg/kc/print/load_config.html?kc_code=cgsh HTTP/1.1" 200 1927
116.232.195.13 - - [28/Apr/2024:11:30:44 +0800] "POST /xingrg/all/report/load_report_page.html HTTP/1.1" 200 8707
116.232.195.13 - - [28/Apr/2024:11:30:44 +0800] "GET /xingrg/servlets/image?cache=0.746625412672688&image=px HTTP/1.1" 200 807
180.169.147.146 - - [28/Apr/2024:11:30:45 +0800] "GET /xingrg/kc/print/load_data.html?order_code=212024042807830&kc_code=cgsh&condition= HTTP/1.1" 200 913
114.95.253.235 - - [28/Apr/2024:11:30:45 +0800] "GET /xingrg/kc/base/wldb_order_list.html HTTP/1.1" 200 19057
114.95.253.235 - - [28/Apr/2024:11:30:45 +0800] "POST /xingrg/kc/base/wldb_list_operate.html HTTP/1.1" 200 928
221.239.168.119 - - [28/Apr/2024:11:30:46 +0800] "GET /xingrg/javascript/jquery_easy_ui/themes/default/images/tabs_close.gif HTTP/1.1" 200 829
116.232.195.13 - - [28/Apr/2024:11:30:46 +0800] "POST /xingrg/all/report/load_report_page.html HTTP/1.1" 200 83789
116.232.195.13 - - [28/Apr/2024:11:30:46 +0800] "GET /xingrg/servlets/image?cache=0.6251590626291608&image=px HTTP/1.1" 200 807
221.239.168.119 - - [28/Apr/2024:11:30:47 +0800] "GET /xingrg/kc/buy/cgsh_order_list.html HTTP/1.1" 200 58356
221.239.168.119 - - [28/Apr/2024:11:30:47 +0800] "GET /xingrg/css/base.css HTTP/1.1" 200 2811
221.239.168.119 - - [28/Apr/2024:11:30:47 +0800] "GET /xingrg/css/site.css HTTP/1.1" 200 7541
221.239.168.119 - - [28/Apr/2024:11:30:47 +0800] "GET /xingrg/javascript/jquery_tools/datebox.css HTTP/1.1" 200 2597
221.239.168.119 - - [28/Apr/2024:11:30:47 +0800] "GET /xingrg/javascript/easyui/themes/icon.css HTTP/1.1" 200 4483
221.239.168.119 - - [28/Apr/2024:11:30:47 +0800] "GET /xingrg/javascript/easyui/themes/default/easyui.css HTTP/1.1" 200 30432
221.239.168.119 - - [28/Apr/2024:11:30:47 +0800] "GET /xingrg/javascript/auto/jquery.autocomplete.css HTTP/1.1" 200 587
221.239.168.119 - - [28/Apr/2024:11:30:47 +0800] "GET /xingrg/javascript/jquery_tools/fix.css HTTP/1.1" 200 1702
221.239.168.119 - - [28/Apr/2024:11:30:47 +0800] "GET /xingrg/javascript/jquery_tools/table.css HTTP/1.1" 200 1032
