114.83.217.54 - - [28/Apr/2024:09:31:07 +0800] "GET /xingrg/all/function/internal_message.html?_=1714267868577&CODE_STATE=getMsg HTTP/1.1" 200 27
114.83.217.54 - - [28/Apr/2024:09:31:09 +0800] "POST /xingrg/kc/buy/cgsh_order_operate.html HTTP/1.1" 200 2065
180.164.6.225 - - [28/Apr/2024:09:31:13 +0800] "GET /xingrg/all/function/internal_message.html?_=1714267872895&CODE_STATE=getMsg HTTP/1.1" 200 27
180.164.6.225 - - [28/Apr/2024:09:31:15 +0800] "GET /xingrg/kc/buy/cgsh_order_operate.html?command=get_materiel&rest_code=00108&code=00101009012&supplier_code=00100007&order_time=2024-04-28 HTTP/1.1" 200 409
114.83.217.54 - - [28/Apr/2024:09:31:16 +0800] "GET /xingrg/kc/buy/cgsh_order_operate.html?command=get_materiel&rest_code=00149&code=00101008137&supplier_code=00100008&order_time=2024-04-28 HTTP/1.1" 200 408
180.164.6.225 - - [28/Apr/2024:09:31:17 +0800] "POST /xingrg/kc/buy/cgsh_order_operate.html HTTP/1.1" 200 2065
58.40.7.146 - - [28/Apr/2024:09:31:22 +0800] "GET /xingrg/all/function/internal_message.html?_=1714267882777&CODE_STATE=getMsg HTTP/1.1" 200 27
180.164.6.225 - - [28/Apr/2024:09:31:23 +0800] "GET /xingrg/kc/buy/cgsh_order_operate.html?command=get_materiel&rest_code=00108&code=00101009011&supplier_code=00100007&order_time=2024-04-28 HTTP/1.1" 200 416
114.83.217.54 - - [28/Apr/2024:09:31:29 +0800] "GET /xingrg/kc/buy/cgsh_order_operate.html?command=get_materiel&rest_code=00149&code=00101008286&supplier_code=00100008&order_time=2024-04-28 HTTP/1.1" 200 408
114.95.253.235 - - [28/Apr/2024:09:31:29 +0800] "GET /xingrg/all/function/internal_message.html?_=1714267889103&CODE_STATE=getMsg HTTP/1.1" 200 27
114.95.253.235 - - [28/Apr/2024:09:31:31 +0800] "GET /xingrg/all/function/internal_message.html?_=1714267891906&CODE_STATE=getMsg HTTP/1.1" 200 27
114.95.253.235 - - [28/Apr/2024:09:31:31 +0800] "GET /xingrg/check_reg.html?_=1714267891907 HTTP/1.1" 200 22
180.164.6.225 - - [28/Apr/2024:09:31:38 +0800] "POST /xingrg/kc/buy/cgsh_order_operate.html HTTP/1.1" 200 37
116.238.97.31 - - [28/Apr/2024:09:31:39 +0800] "GET /xingrg/all/function/internal_message.html?_=1714267899906&CODE_STATE=getMsg HTTP/1.1" 200 27
180.164.6.225 - - [28/Apr/2024:09:31:40 +0800] "POST /xingrg/kc/buy/cgsh_order_operate.html HTTP/1.1" 200 31672
114.83.217.54 - - [28/Apr/2024:09:31:40 +0800] "GET /xingrg/kc/buy/cgsh_order_operate.html?command=get_materiel&rest_code=00149&code=00101008224&supplier_code=00100008&order_time=2024-04-28 HTTP/1.1" 200 416
180.164.6.225 - - [28/Apr/2024:09:31:41 +0800] "GET /xingrg/kc/print/load_config.html?kc_code=cgsh HTTP/1.1" 200 1927
180.164.6.225 - - [28/Apr/2024:09:31:42 +0800] "GET /xingrg/kc/print/load_data.html?order_code=212024042807743&kc_code=cgsh&condition= HTTP/1.1" 200 11728
124.78.56.241 - - [28/Apr/2024:09:31:49 +0800] "GET /xingrg/all/function/internal_message.html?_=1714267909532&CODE_STATE=getMsg HTTP/1.1" 200 27
120.253.135.82 - - [28/Apr/2024:09:31:51 +0800] "GET /xingrg/check_reg.html?_=1714267759434 HTTP/1.1" 200 22
120.253.135.82 - - [28/Apr/2024:09:31:51 +0800] "GET /xingrg/all/function/internal_message.html?_=1714267759689&CODE_STATE=getMsg HTTP/1.1" 200 27
114.83.217.54 - - [28/Apr/2024:09:31:52 +0800] "GET /xingrg/kc/buy/cgsh_order_operate.html?command=get_materiel&rest_code=00149&code=00101009169&supplier_code=00100008&order_time=2024-04-28 HTTP/1.1" 200 416
101.83.241.187 - - [28/Apr/2024:09:31:55 +0800] "GET /xingrg/all/function/internal_message.html?_=1714267914971&CODE_STATE=getMsg HTTP/1.1" 200 27
116.237.77.239 - - [28/Apr/2024:09:31:55 +0800] "GET /xingrg/all/function/internal_message.html?_=1714267914976&CODE_STATE=getMsg HTTP/1.1" 200 27
101.83.241.187 - - [28/Apr/2024:09:31:57 +0800] "GET /xingrg/kc/buy/cgsh_order_operate.html?command=get_materiel&rest_code=00154&code=00101006039&supplier_code=00100419&order_time=2024-04-28 HTTP/1.1" 200 415
116.237.77.239 - - [28/Apr/2024:09:31:58 +0800] "GET /xingrg/kc/buy/cgsh_order_add.html HTTP/1.1" 200 74163
116.237.77.239 - - [28/Apr/2024:09:31:58 +0800] "POST /xingrg/kc/buy/cgsh_order_operate.html HTTP/1.1" 200 8245
116.237.77.239 - - [28/Apr/2024:09:31:58 +0800] "GET /xingrg/javascript/easyui/themes/default/validatebox.css HTTP/1.1" 404 1104
116.237.77.239 - - [28/Apr/2024:09:31:59 +0800] "GET /xingrg/javascript/easyui/themes/default/tree.css HTTP/1.1" 404 1090
116.237.77.239 - - [28/Apr/2024:09:32:00 +0800] "POST /xingrg/all/common/load_tree.html?tree=supplier_tree_json&isDelete=1 HTTP/1.1" 200 79752
180.164.6.225 - - [28/Apr/2024:09:32:01 +0800] "GET /xingrg/kc/print/load_data.html?order_code=212024042807743&kc_code=cgsh HTTP/1.1" 200 11728
114.83.217.54 - - [28/Apr/2024:09:32:02 +0800] "GET /xingrg/kc/buy/cgsh_order_operate.html?command=get_materiel&rest_code=00149&code=00101008285&supplier_code=00100008&order_time=2024-04-28 HTTP/1.1" 200 413
114.83.217.54 - - [28/Apr/2024:09:32:04 +0800] "POST /xingrg/kc/buy/cgsh_order_operate.html HTTP/1.1" 200 2065
114.83.217.54 - - [28/Apr/2024:09:32:08 +0800] "GET /xingrg/all/function/internal_message.html?_=1714267928667&CODE_STATE=getMsg HTTP/1.1" 200 27
180.164.6.225 - - [28/Apr/2024:09:32:13 +0800] "GET /xingrg/all/function/internal_message.html?_=1714267932884&CODE_STATE=getMsg HTTP/1.1" 200 27
180.164.6.225 - - [28/Apr/2024:09:32:13 +0800] "GET /xingrg/check_reg.html?_=1714267933148 HTTP/1.1" 200 22
114.83.217.54 - - [28/Apr/2024:09:32:13 +0800] "GET /xingrg/kc/buy/cgsh_order_operate.html?command=get_materiel&rest_code=00149&code=00101008163&supplier_code=00100008&order_time=2024-04-28 HTTP/1.1" 200 409
180.163.29.79 - - [28/Apr/2024:09:32:14 +0800] "GET /xingrg/kc/buy/cgsh_order_operate.html?command=get_materiel&rest_code=00106&code=00102002453&supplier_code=00100071&order_time=2024-04-28 HTTP/1.1" 302 -
180.163.29.79 - - [28/Apr/2024:09:32:14 +0800] "GET /xingrg/login.html HTTP/1.1" 200 7641
180.169.147.146 - - [28/Apr/2024:09:32:17 +0800] "GET /xingrg/check_reg.html?_=1714267926989 HTTP/1.1" 200 22
58.40.7.146 - - [28/Apr/2024:09:32:22 +0800] "GET /xingrg/all/function/internal_message.html?_=1714267942769&CODE_STATE=getMsg HTTP/1.1" 200 27
114.83.217.54 - - [28/Apr/2024:09:32:23 +0800] "GET /xingrg/kc/buy/cgsh_order_operate.html?command=get_materiel&rest_code=00149&code=00101009036&supplier_code=00100008&order_time=2024-04-28 HTTP/1.1" 200 415
101.83.241.187 - - [28/Apr/2024:09:32:25 +0800] "GET /xingrg/kc/buy/cgsh_order_operate.html?command=get_materiel&rest_code=00154&code=00101006193&supplier_code=00100419&order_time=2024-04-28 HTTP/1.1" 200 411
114.95.253.235 - - [28/Apr/2024:09:32:29 +0800] "GET /xingrg/all/function/internal_message.html?_=1714267949098&CODE_STATE=getMsg HTTP/1.1" 200 27
114.95.253.235 - - [28/Apr/2024:09:32:31 +0800] "GET /xingrg/all/function/internal_message.html?_=1714267951899&CODE_STATE=getMsg HTTP/1.1" 200 27
114.83.217.54 - - [28/Apr/2024:09:32:34 +0800] "GET /xingrg/kc/buy/cgsh_order_operate.html?command=get_materiel&rest_code=00149&code=00101008257&supplier_code=00100008&order_time=2024-04-28 HTTP/1.1" 200 416
116.238.97.31 - - [28/Apr/2024:09:32:39 +0800] "GET /xingrg/all/function/internal_message.html?_=1714267959884&CODE_STATE=getMsg HTTP/1.1" 200 27
116.238.97.31 - - [28/Apr/2024:09:32:39 +0800] "GET /xingrg/check_reg.html?_=1714267960256 HTTP/1.1" 200 22
114.83.217.54 - - [28/Apr/2024:09:32:43 +0800] "GET /xingrg/kc/buy/cgsh_order_operate.html?command=get_materiel&rest_code=00149&code=00101008155&supplier_code=00100008&order_time=2024-04-28 HTTP/1.1" 200 408
116.238.97.31 - - [28/Apr/2024:09:32:48 +0800] "POST /xingrg/kc/buy/cgsh_order_operate.html HTTP/1.1" 200 37
101.83.241.187 - - [28/Apr/2024:09:32:49 +0800] "GET /xingrg/kc/buy/cgsh_order_operate.html?command=get_materiel&rest_code=00154&code=00101006177&supplier_code=00100419&order_time=2024-04-28 HTTP/1.1" 200 410
124.78.56.241 - - [28/Apr/2024:09:32:49 +0800] "GET /xingrg/all/function/internal_message.html?_=1714267969515&CODE_STATE=getMsg HTTP/1.1" 200 27
120.253.135.82 - - [28/Apr/2024:09:32:51 +0800] "GET /xingrg/all/function/internal_message.html?_=1714267819703&CODE_STATE=getMsg HTTP/1.1" 200 27
114.83.217.54 - - [28/Apr/2024:09:32:52 +0800] "GET /xingrg/kc/buy/cgsh_order_operate.html?command=get_materiel&rest_code=00149&code=00101008349&supplier_code=00100008&order_time=2024-04-28 HTTP/1.1" 200 412
101.83.241.187 - - [28/Apr/2024:09:32:55 +0800] "GET /xingrg/all/function/internal_message.html?_=1714267974965&CODE_STATE=getMsg HTTP/1.1" 200 27
116.237.77.239 - - [28/Apr/2024:09:32:55 +0800] "GET /xingrg/all/function/internal_message.html?_=1714267974958&CODE_STATE=getMsg HTTP/1.1" 200 27
116.237.77.239 - - [28/Apr/2024:09:32:55 +0800] "GET /xingrg/check_reg.html?_=1714267975247 HTTP/1.1" 200 22
116.238.97.31 - - [28/Apr/2024:09:32:56 +0800] "POST /xingrg/kc/buy/cgsh_order_operate.html HTTP/1.1" 200 12
114.83.217.54 - - [28/Apr/2024:09:32:58 +0800] "POST /xingrg/kc/buy/cgsh_order_operate.html HTTP/1.1" 200 2065
116.238.97.31 - - [28/Apr/2024:09:32:58 +0800] "GET /xingrg/kc/buy/cgsh_order_info.html?code=212024042105851 HTTP/1.1" 200 69067
116.238.97.31 - - [28/Apr/2024:09:32:58 +0800] "GET /xingrg/javascript/easyui/themes/default/validatebox.css HTTP/1.1" 404 1104
116.238.97.31 - - [28/Apr/2024:09:32:59 +0800] "POST /xingrg/kc/buy/cgsh_order_operate.html HTTP/1.1" 200 8915
124.78.56.241 - - [28/Apr/2024:09:33:05 +0800] "GET /xingrg/check_reg.html?_=1714267985036 HTTP/1.1" 200 22
101.83.241.187 - - [28/Apr/2024:09:33:06 +0800] "GET /xingrg/kc/buy/cgsh_order_operate.html?command=get_materiel&rest_code=00154&code=00101010816&supplier_code=00100419&order_time=2024-04-28 HTTP/1.1" 200 444
101.83.241.187 - - [28/Apr/2024:09:33:06 +0800] "POST /xingrg/all/common/load_select.html HTTP/1.1" 200 25
114.83.217.54 - - [28/Apr/2024:09:33:07 +0800] "GET /xingrg/kc/buy/cgsh_order_operate.html?command=get_materiel&rest_code=00149&code=00101008304&supplier_code=00100008&order_time=2024-04-28 HTTP/1.1" 200 412
114.83.217.54 - - [28/Apr/2024:09:33:08 +0800] "GET /xingrg/all/function/internal_message.html?_=1714267988644&CODE_STATE=getMsg HTTP/1.1" 200 27
116.238.97.31 - - [28/Apr/2024:09:33:09 +0800] "POST /xingrg/kc/buy/cgsh_list_operate.html HTTP/1.1" 200 645
116.238.97.31 - - [28/Apr/2024:09:33:11 +0800] "GET /xingrg/kc/buy/cgsh_order_add.html HTTP/1.1" 200 74198
116.238.97.31 - - [28/Apr/2024:09:33:11 +0800] "POST /xingrg/kc/buy/cgsh_order_operate.html HTTP/1.1" 200 8245
116.238.97.31 - - [28/Apr/2024:09:33:11 +0800] "GET /xingrg/javascript/easyui/themes/default/validatebox.css HTTP/1.1" 404 1104
101.83.241.187 - - [28/Apr/2024:09:33:12 +0800] "GET /xingrg/kc/buy/cgsh_order_operate.html?command=get_materiel_price&rest_code=00154&code=00101010816&unit_code=00100075&supplier_code=00100419&order_time=2024-04-28 HTTP/1.1" 200 30
180.164.6.225 - - [28/Apr/2024:09:33:12 +0800] "GET /xingrg/all/function/internal_message.html?_=1714267992867&CODE_STATE=getMsg HTTP/1.1" 200 27
114.83.217.54 - - [28/Apr/2024:09:33:17 +0800] "GET /xingrg/kc/buy/cgsh_order_operate.html?command=get_materiel&rest_code=00149&code=00101008101&supplier_code=00100008&order_time=2024-04-28 HTTP/1.1" 200 412
58.40.7.146 - - [28/Apr/2024:09:33:22 +0800] "GET /xingrg/all/function/internal_message.html?_=1714268002773&CODE_STATE=getMsg HTTP/1.1" 200 27
180.169.147.146 - - [28/Apr/2024:09:33:24 +0800] "GET /xingrg/check_reg.html?_=1714267993887 HTTP/1.1" 200 22
101.83.241.187 - - [28/Apr/2024:09:33:27 +0800] "POST /xingrg/kc/buy/cgsh_order_operate.html HTTP/1.1" 200 37
116.238.97.31 - - [28/Apr/2024:09:33:29 +0800] "GET /xingrg/kc/buy/cgsh_order_operate.html?command=get_materiel&rest_code=00102&code=00101012025&supplier_code=00100096&order_time=2024-04-28 HTTP/1.1" 200 413
114.95.253.235 - - [28/Apr/2024:09:33:29 +0800] "GET /xingrg/all/function/internal_message.html?_=1714268009091&CODE_STATE=getMsg HTTP/1.1" 200 27
114.95.253.235 - - [28/Apr/2024:09:33:31 +0800] "GET /xingrg/all/function/internal_message.html?_=1714268011919&CODE_STATE=getMsg HTTP/1.1" 200 27
114.83.217.54 - - [28/Apr/2024:09:33:32 +0800] "GET /xingrg/kc/buy/cgsh_order_operate.html?command=get_materiel&rest_code=00149&code=00101008049&supplier_code=00100008&order_time=2024-04-28 HTTP/1.1" 200 410
101.83.241.187 - - [28/Apr/2024:09:33:34 +0800] "POST /xingrg/kc/buy/cgsh_order_operate.html HTTP/1.1" 200 12
101.83.241.187 - - [28/Apr/2024:09:33:37 +0800] "GET /xingrg/kc/buy/cgsh_order_info.html?code=212024042807744 HTTP/1.1" 200 68240
101.83.241.187 - - [28/Apr/2024:09:33:37 +0800] "GET /xingrg/javascript/easyui/themes/default/validatebox.css HTTP/1.1" 404 1104
101.83.241.187 - - [28/Apr/2024:09:33:38 +0800] "POST /xingrg/kc/buy/cgsh_order_operate.html HTTP/1.1" 200 2401
116.238.97.31 - - [28/Apr/2024:09:33:39 +0800] "GET /xingrg/all/function/internal_message.html?_=1714268019882&CODE_STATE=getMsg HTTP/1.1" 200 27
101.83.241.187 - - [28/Apr/2024:09:33:43 +0800] "GET /xingrg/kc/print/load_config.html?kc_code=cgsh HTTP/1.1" 200 1927
101.83.241.187 - - [28/Apr/2024:09:33:44 +0800] "GET /xingrg/kc/print/load_data.html?order_code=212024042807744&kc_code=cgsh&condition= HTTP/1.1" 200 1389
116.238.97.31 - - [28/Apr/2024:09:33:48 +0800] "GET /xingrg/kc/buy/cgsh_order_operate.html?command=get_materiel&rest_code=00102&code=00101006084&supplier_code=00100096&order_time=2024-04-28 HTTP/1.1" 200 413
124.78.56.241 - - [28/Apr/2024:09:33:49 +0800] "GET /xingrg/all/function/internal_message.html?_=1714268029502&CODE_STATE=getMsg HTTP/1.1" 200 27
114.83.217.54 - - [28/Apr/2024:09:33:50 +0800] "GET /xingrg/kc/buy/cgsh_order_operate.html?command=get_materiel&rest_code=00149&code=00101008059&supplier_code=00100008&order_time=2024-04-28 HTTP/1.1" 200 408
120.253.135.82 - - [28/Apr/2024:09:33:51 +0800] "GET /xingrg/all/function/internal_message.html?_=1714267879717&CODE_STATE=getMsg HTTP/1.1" 200 27
180.163.29.219 - - [28/Apr/2024:09:33:54 +0800] "GET /xingrg/kc/print/load_data.html?order_code=212024042807742&kc_code=cgsh&condition= HTTP/1.1" 302 -
180.163.29.219 - - [28/Apr/2024:09:33:54 +0800] "GET /xingrg/login.html HTTP/1.1" 200 7641
101.83.241.187 - - [28/Apr/2024:09:33:55 +0800] "GET /xingrg/all/function/internal_message.html?_=1714268034994&CODE_STATE=getMsg HTTP/1.1" 200 27
116.237.77.239 - - [28/Apr/2024:09:33:55 +0800] "GET /xingrg/all/function/internal_message.html?_=1714268034938&CODE_STATE=getMsg HTTP/1.1" 200 27
114.83.217.54 - - [28/Apr/2024:09:33:59 +0800] "GET /xingrg/kc/buy/cgsh_order_operate.html?command=get_materiel&rest_code=00149&code=00101015110&supplier_code=00100008&order_time=2024-04-28 HTTP/1.1" 200 413
221.239.168.119 - - [28/Apr/2024:09:33:59 +0800] "GET /xingrg/check_reg.html?_=1714268036286 HTTP/1.1" 200 22
114.83.217.54 - - [28/Apr/2024:09:34:04 +0800] "POST /xingrg/kc/buy/cgsh_order_operate.html HTTP/1.1" 200 2065
114.83.217.54 - - [28/Apr/2024:09:34:07 +0800] "GET /xingrg/all/function/internal_message.html?_=1714268048620&CODE_STATE=getMsg HTTP/1.1" 200 27
114.83.217.54 - - [28/Apr/2024:09:34:12 +0800] "GET /xingrg/kc/buy/cgsh_order_operate.html?command=get_materiel&rest_code=00149&code=00101015195&supplier_code=00100008&order_time=2024-04-28 HTTP/1.1" 200 412
180.164.6.225 - - [28/Apr/2024:09:34:12 +0800] "GET /xingrg/all/function/internal_message.html?_=1714268052850&CODE_STATE=getMsg HTTP/1.1" 200 27
116.238.97.31 - - [28/Apr/2024:09:34:14 +0800] "GET /xingrg/kc/buy/cgsh_order_operate.html?command=get_materiel&rest_code=00102&code=00101016030&supplier_code=00100096&order_time=2024-04-28 HTTP/1.1" 200 412
58.40.7.146 - - [28/Apr/2024:09:34:22 +0800] "GET /xingrg/all/function/internal_message.html?_=1714268062771&CODE_STATE=getMsg HTTP/1.1" 200 27
114.83.217.54 - - [28/Apr/2024:09:34:25 +0800] "GET /xingrg/kc/buy/cgsh_order_operate.html?command=get_materiel&rest_code=00149&code=00101008060&supplier_code=00100008&order_time=2024-04-28 HTTP/1.1" 200 416
222.70.183.82 - - [28/Apr/2024:09:34:29 +0800] "GET /xingrg/check_reg.html?_=1714268067436 HTTP/1.1" 200 22
114.95.253.235 - - [28/Apr/2024:09:34:29 +0800] "GET /xingrg/all/function/internal_message.html?_=1714268069080&CODE_STATE=getMsg HTTP/1.1" 200 27
114.95.253.235 - - [28/Apr/2024:09:34:31 +0800] "GET /xingrg/all/function/internal_message.html?_=1714268071892&CODE_STATE=getMsg HTTP/1.1" 200 27
114.83.217.54 - - [28/Apr/2024:09:34:37 +0800] "GET /xingrg/kc/buy/cgsh_order_operate.html?command=get_materiel&rest_code=00149&code=00101008706&supplier_code=00100008&order_time=2024-04-28 HTTP/1.1" 200 413
116.238.97.31 - - [28/Apr/2024:09:34:39 +0800] "GET /xingrg/all/function/internal_message.html?_=1714268079852&CODE_STATE=getMsg HTTP/1.1" 200 27
180.164.6.225 - - [28/Apr/2024:09:34:45 +0800] "GET /xingrg/javascript/jquery_easy_ui/themes/default/images/tabs_active.png HTTP/1.1" 200 2894
101.83.241.187 - - [28/Apr/2024:09:34:45 +0800] "GET /xingrg/kc/buy/cgsh_order_add.html HTTP/1.1" 200 73360
101.83.241.187 - - [28/Apr/2024:09:34:46 +0800] "POST /xingrg/kc/buy/cgsh_order_operate.html HTTP/1.1" 200 8245
101.83.241.187 - - [28/Apr/2024:09:34:46 +0800] "GET /xingrg/javascript/easyui/themes/default/validatebox.css HTTP/1.1" 404 1104
180.163.29.234 - - [28/Apr/2024:09:34:46 +0800] "GET /xingrg/all/function/internal_message.html?_=1714267914976&CODE_STATE=getMsg HTTP/1.1" 302 -
180.163.29.234 - - [28/Apr/2024:09:34:46 +0800] "GET /xingrg/login.html HTTP/1.1" 200 7641
124.78.56.241 - - [28/Apr/2024:09:34:49 +0800] "GET /xingrg/all/function/internal_message.html?_=1714268089484&CODE_STATE=getMsg HTTP/1.1" 200 27
120.253.135.82 - - [28/Apr/2024:09:34:51 +0800] "GET /xingrg/all/function/internal_message.html?_=1714267939734&CODE_STATE=getMsg HTTP/1.1" 200 27
180.164.6.225 - - [28/Apr/2024:09:34:51 +0800] "GET /xingrg/kc/buy/cgsh_order_add.html HTTP/1.1" 200 74255
180.164.6.225 - - [28/Apr/2024:09:34:52 +0800] "POST /xingrg/kc/buy/cgsh_order_operate.html HTTP/1.1" 200 8245
180.164.6.225 - - [28/Apr/2024:09:34:52 +0800] "GET /xingrg/javascript/easyui/themes/default/validatebox.css HTTP/1.1" 404 1104
114.83.217.54 - - [28/Apr/2024:09:34:52 +0800] "GET /xingrg/kc/buy/cgsh_order_operate.html?command=get_materiel&rest_code=00149&code=00101009079&supplier_code=00100008&order_time=2024-04-28 HTTP/1.1" 200 409
101.83.241.187 - - [28/Apr/2024:09:34:55 +0800] "GET /xingrg/all/function/internal_message.html?_=1714268094989&CODE_STATE=getMsg HTTP/1.1" 200 27
116.237.77.239 - - [28/Apr/2024:09:34:55 +0800] "GET /xingrg/all/function/internal_message.html?_=1714268094920&CODE_STATE=getMsg HTTP/1.1" 200 27
114.83.217.54 - - [28/Apr/2024:09:35:02 +0800] "GET /xingrg/kc/buy/cgsh_order_operate.html?command=get_materiel&rest_code=00149&code=00101009004&supplier_code=00100008&order_time=2024-04-28 HTTP/1.1" 200 408
114.83.217.54 - - [28/Apr/2024:09:35:04 +0800] "POST /xingrg/kc/buy/cgsh_order_operate.html HTTP/1.1" 200 2065
180.164.6.225 - - [28/Apr/2024:09:35:05 +0800] "GET /xingrg/kc/mdqp/pssh_order_list.html HTTP/1.1" 200 17929
180.164.6.225 - - [28/Apr/2024:09:35:06 +0800] "POST /xingrg/kc/mdqp/pssh_list_operate.html HTTP/1.1" 200 5318
114.83.217.54 - - [28/Apr/2024:09:35:07 +0800] "GET /xingrg/check_reg.html?_=1714268108578 HTTP/1.1" 200 22
114.83.217.54 - - [28/Apr/2024:09:35:07 +0800] "GET /xingrg/all/function/internal_message.html?_=1714268108595&CODE_STATE=getMsg HTTP/1.1" 200 27
180.164.6.225 - - [28/Apr/2024:09:35:08 +0800] "POST /xingrg/kc/mdqp/pssh_list_operate.html HTTP/1.1" 200 776
180.164.6.225 - - [28/Apr/2024:09:35:08 +0800] "GET /xingrg/kc/mdqp/pssh_order_info.html?code=312024042800489 HTTP/1.1" 200 17285
180.164.6.225 - - [28/Apr/2024:09:35:08 +0800] "GET /xingrg/javascript/jquery_tools/jquery-1.4.2.min.js HTTP/1.1" 404 1094
180.164.6.225 - - [28/Apr/2024:09:35:09 +0800] "GET /xingrg/javascript/easyui/themes/icons/back_new.png HTTP/1.1" 200 3414
180.164.6.225 - - [28/Apr/2024:09:35:09 +0800] "GET /xingrg/javascript/easyui/themes/default/validatebox.css HTTP/1.1" 404 1104
180.164.6.225 - - [28/Apr/2024:09:35:09 +0800] "GET /xingrg/all/common/auto_word.html?type=base&rest_code=00108&rest_code=00108 HTTP/1.1" 200 1907
180.164.6.225 - - [28/Apr/2024:09:35:09 +0800] "POST /xingrg/kc/mdqp/pssh_order_operate.html HTTP/1.1" 200 4211
114.83.217.54 - - [28/Apr/2024:09:35:11 +0800] "GET /xingrg/kc/buy/cgsh_order_operate.html?command=get_materiel&rest_code=00149&code=00101009113&supplier_code=00100008&order_time=2024-04-28 HTTP/1.1" 200 412
180.164.6.225 - - [28/Apr/2024:09:35:12 +0800] "GET /xingrg/all/function/internal_message.html?_=1714268112828&CODE_STATE=getMsg HTTP/1.1" 200 27
180.164.6.225 - - [28/Apr/2024:09:35:16 +0800] "GET /xingrg/kc/mdqp/pssh_order_list.html?isBack=1 HTTP/1.1" 200 17929
180.164.6.225 - - [28/Apr/2024:09:35:16 +0800] "POST /xingrg/kc/mdqp/pssh_list_operate.html HTTP/1.1" 200 5318
180.164.6.225 - - [28/Apr/2024:09:35:19 +0800] "POST /xingrg/kc/mdqp/pssh_list_operate.html HTTP/1.1" 200 256
114.83.217.54 - - [28/Apr/2024:09:35:21 +0800] "GET /xingrg/kc/buy/cgsh_order_operate.html?command=get_materiel&rest_code=00149&code=00101009015&supplier_code=00100008&order_time=2024-04-28 HTTP/1.1" 200 416
58.40.7.146 - - [28/Apr/2024:09:35:22 +0800] "GET /xingrg/check_reg.html?_=1714268122773 HTTP/1.1" 200 22
58.40.7.146 - - [28/Apr/2024:09:35:22 +0800] "GET /xingrg/all/function/internal_message.html?_=1714268122775&CODE_STATE=getMsg HTTP/1.1" 200 27
180.164.6.225 - - [28/Apr/2024:09:35:23 +0800] "POST /xingrg/kc/mdqp/pssh_list_operate.html HTTP/1.1" 200 691
180.164.6.225 - - [28/Apr/2024:09:35:25 +0800] "GET /xingrg/kc/mdqp/pssh_order_info.html?code=312024042300386 HTTP/1.1" 200 17305
180.164.6.225 - - [28/Apr/2024:09:35:25 +0800] "GET /xingrg/javascript/jquery_tools/jquery-1.4.2.min.js HTTP/1.1" 404 1094
180.164.6.225 - - [28/Apr/2024:09:35:25 +0800] "GET /xingrg/javascript/easyui/themes/default/validatebox.css HTTP/1.1" 404 1104
180.164.6.225 - - [28/Apr/2024:09:35:25 +0800] "POST /xingrg/kc/mdqp/pssh_order_operate.html HTTP/1.1" 200 2653
180.164.6.225 - - [28/Apr/2024:09:35:28 +0800] "GET /xingrg/css/images/panel_loading.gif HTTP/1.1" 200 1737
180.164.6.225 - - [28/Apr/2024:09:35:28 +0800] "POST /xingrg/all/common/load_combo.html?type=employee HTTP/1.1" 200 186
114.95.253.235 - - [28/Apr/2024:09:35:29 +0800] "GET /xingrg/all/function/internal_message.html?_=1714268129085&CODE_STATE=getMsg HTTP/1.1" 200 27
114.95.253.235 - - [28/Apr/2024:09:35:29 +0800] "GET /xingrg/check_reg.html?_=1714268129087 HTTP/1.1" 200 22
114.95.253.235 - - [28/Apr/2024:09:35:31 +0800] "GET /xingrg/all/function/internal_message.html?_=1714268131919&CODE_STATE=getMsg HTTP/1.1" 200 27
180.164.6.225 - - [28/Apr/2024:09:35:33 +0800] "POST /xingrg/kc/mdqp/pssh_order_operate.html HTTP/1.1" 200 37
180.164.6.225 - - [28/Apr/2024:09:35:37 +0800] "POST /xingrg/kc/mdqp/pssh_order_operate.html HTTP/1.1" 200 12
101.83.241.187 - - [28/Apr/2024:09:35:38 +0800] "POST /xingrg/kc/buy/cgsh_order_operate.html HTTP/1.1" 200 37
116.238.97.31 - - [28/Apr/2024:09:35:39 +0800] "GET /xingrg/all/function/internal_message.html?_=1714268139844&CODE_STATE=getMsg HTTP/1.1" 200 27
180.164.6.225 - - [28/Apr/2024:09:35:39 +0800] "GET /xingrg/kc/mdqp/pssh_order_info.html?code=312024042300386 HTTP/1.1" 200 14396
180.164.6.225 - - [28/Apr/2024:09:35:39 +0800] "GET /xingrg/javascript/jquery_tools/jquery-1.4.2.min.js HTTP/1.1" 404 1094
180.164.6.225 - - [28/Apr/2024:09:35:40 +0800] "GET /xingrg/javascript/easyui/themes/default/validatebox.css HTTP/1.1" 404 1104
180.164.6.225 - - [28/Apr/2024:09:35:40 +0800] "POST /xingrg/kc/mdqp/pssh_order_operate.html HTTP/1.1" 200 2653
114.83.217.54 - - [28/Apr/2024:09:35:41 +0800] "GET /xingrg/kc/buy/cgsh_order_operate.html?command=get_materiel&rest_code=00149&code=00101009021&supplier_code=00100008&order_time=2024-04-28 HTTP/1.1" 200 417
180.164.6.225 - - [28/Apr/2024:09:35:41 +0800] "GET /xingrg/kc/mdqp/pssh_order_list.html?isBack=1 HTTP/1.1" 200 17929
180.164.6.225 - - [28/Apr/2024:09:35:41 +0800] "POST /xingrg/kc/mdqp/pssh_list_operate.html HTTP/1.1" 200 5343
116.232.37.107 - - [28/Apr/2024:09:35:48 +0800] "POST /xingrg/services/DataTransmitService HTTP/1.1" 200 524
180.164.6.225 - - [28/Apr/2024:09:35:48 +0800] "POST /xingrg/kc/mdqp/pssh_list_operate.html HTTP/1.1" 200 256
124.78.56.241 - - [28/Apr/2024:09:35:49 +0800] "GET /xingrg/all/function/internal_message.html?_=1714268149470&CODE_STATE=getMsg HTTP/1.1" 200 27
101.83.241.187 - - [28/Apr/2024:09:35:49 +0800] "POST /xingrg/kc/buy/cgsh_order_operate.html HTTP/1.1" 200 12
120.253.135.82 - - [28/Apr/2024:09:35:51 +0800] "GET /xingrg/all/function/internal_message.html?_=1714267999744&CODE_STATE=getMsg HTTP/1.1" 200 27
101.83.241.187 - - [28/Apr/2024:09:35:52 +0800] "GET /xingrg/kc/buy/cgsh_order_info.html?code=212024042807745 HTTP/1.1" 200 68240
101.83.241.187 - - [28/Apr/2024:09:35:52 +0800] "GET /xingrg/javascript/easyui/themes/default/validatebox.css HTTP/1.1" 404 1104
101.83.241.187 - - [28/Apr/2024:09:35:53 +0800] "POST /xingrg/kc/buy/cgsh_order_operate.html HTTP/1.1" 200 1192
101.83.241.187 - - [28/Apr/2024:09:35:55 +0800] "GET /xingrg/all/function/internal_message.html?_=1714268154976&CODE_STATE=getMsg HTTP/1.1" 200 27
101.83.241.187 - - [28/Apr/2024:09:35:55 +0800] "GET /xingrg/check_reg.html?_=1714268154979 HTTP/1.1" 200 22
116.237.77.239 - - [28/Apr/2024:09:35:55 +0800] "GET /xingrg/all/function/internal_message.html?_=1714268154890&CODE_STATE=getMsg HTTP/1.1" 200 27
101.83.241.187 - - [28/Apr/2024:09:35:56 +0800] "GET /xingrg/kc/print/load_data.html?order_code=212024042807745&kc_code=cgsh&condition= HTTP/1.1" 200 916
180.164.6.225 - - [28/Apr/2024:09:36:00 +0800] "GET /xingrg/login.html HTTP/1.1" 200 7641
180.164.6.225 - - [28/Apr/2024:09:36:00 +0800] "GET /favicon.ico HTTP/1.1" 404 -
180.164.6.225 - - [28/Apr/2024:09:36:03 +0800] "POST /xingrg/login.do HTTP/1.1" 302 -
180.164.6.225 - - [28/Apr/2024:09:36:03 +0800] "GET /xingrg/index.html?sysBaseUrl=http%3A%2F%2F180.169.147.146%3A18081%2Fxingrg%2F&costTime=829×tamp=1714268163007 HTTP/1.1" 200 17503
180.164.6.225 - - [28/Apr/2024:09:36:03 +0800] "GET /favicon.ico HTTP/1.1" 404 -
180.164.6.225 - - [28/Apr/2024:09:36:03 +0800] "GET /xingrg/all/function/internal_message.html?_=1714268163345&CODE_STATE=count HTTP/1.1" 200 11
180.164.6.225 - - [28/Apr/2024:09:36:03 +0800] "GET /xingrg/check_reg.html?_=1714268163345 HTTP/1.1" 200 22
180.164.6.225 - - [28/Apr/2024:09:36:03 +0800] "POST /xingrg/all/common/load_tree.html?tree=area_rest_tree_json&manage=1 HTTP/1.1" 200 3624
180.164.6.225 - - [28/Apr/2024:09:36:03 +0800] "POST /xingrg/load_menu.html HTTP/1.1" 200 11564
114.83.217.54 - - [28/Apr/2024:09:36:04 +0800] "POST /xingrg/kc/buy/cgsh_order_operate.html HTTP/1.1" 200 37
180.164.6.225 - - [28/Apr/2024:09:36:07 +0800] "POST /xingrg/all/user/operate.html HTTP/1.1" 200 36
180.164.6.225 - - [28/Apr/2024:09:36:07 +0800] "GET /xingrg/index.html?sysBaseUrl=http%3A%2F%2F180.169.147.146%3A18081%2Fxingrg%2F&costTime=829×tamp=1714268163007 HTTP/1.1" 200 17513
180.164.6.225 - - [28/Apr/2024:09:36:07 +0800] "GET /xingrg/javascript/jquery_easy_ui/themes/default/easyui.css HTTP/1.1" 304 -
180.164.6.225 - - [28/Apr/2024:09:36:07 +0800] "GET /xingrg/javascript/jquery_easy_ui/themes/icon.css HTTP/1.1" 304 -
180.164.6.225 - - [28/Apr/2024:09:36:07 +0800] "GET /xingrg/css/form.css HTTP/1.1" 304 -
180.164.6.225 - - [28/Apr/2024:09:36:07 +0800] "GET /xingrg/javascript/jquery-1.4.2.min.js HTTP/1.1" 304 -
180.164.6.225 - - [28/Apr/2024:09:36:07 +0800] "GET /xingrg/javascript/jquery_easy_ui/jquery.easyui.min.js HTTP/1.1" 304 -
180.164.6.225 - - [28/Apr/2024:09:36:07 +0800] "GET /xingrg/javascript/jquery_easy_ui/easyui-lang-zh_CN.js HTTP/1.1" 304 -
180.164.6.225 - - [28/Apr/2024:09:36:07 +0800] "GET /xingrg/javascript/jquery.form.js HTTP/1.1" 304 -
180.164.6.225 - - [28/Apr/2024:09:36:07 +0800] "GET /xingrg/javascript/jquery.utils.js HTTP/1.1" 304 -
180.164.6.225 - - [28/Apr/2024:09:36:07 +0800] "GET /xingrg/javascript/jquery.timers.js HTTP/1.1" 304 -
180.164.6.225 - - [28/Apr/2024:09:36:07 +0800] "GET /xingrg/images/blue/jxLogo.png HTTP/1.1" 304 -
180.164.6.225 - - [28/Apr/2024:09:36:07 +0800] "GET /xingrg/images/blue/navBackgound.jpg HTTP/1.1" 304 -
180.164.6.225 - - [28/Apr/2024:09:36:07 +0800] "GET /xingrg/javascript/jquery_easy_ui/themes/icons/settle_new.png HTTP/1.1" 304 -
180.164.6.225 - - [28/Apr/2024:09:36:07 +0800] "GET /xingrg/all/function/internal_message.html?_=1714268167573&CODE_STATE=count HTTP/1.1" 200 11
180.164.6.225 - - [28/Apr/2024:09:36:07 +0800] "GET /xingrg/check_reg.html?_=1714268167573 HTTP/1.1" 200 22
180.164.6.225 - - [28/Apr/2024:09:36:07 +0800] "GET /xingrg/javascript/jquery_easy_ui/themes/default/images/panel_tool_collapse.gif HTTP/1.1" 304 -
180.164.6.225 - - [28/Apr/2024:09:36:07 +0800] "GET /xingrg/javascript/jquery_easy_ui/themes/default/images/tabs_leftarrow.png HTTP/1.1" 304 -
180.164.6.225 - - [28/Apr/2024:09:36:07 +0800] "GET /xingrg/javascript/jquery_easy_ui/themes/default/images/panel_tool_expand.gif HTTP/1.1" 304 -
180.164.6.225 - - [28/Apr/2024:09:36:07 +0800] "GET /xingrg/javascript/jquery_easy_ui/themes/default/images/tabs_rightarrow.png HTTP/1.1" 304 -
180.164.6.225 - - [28/Apr/2024:09:36:07 +0800] "GET /xingrg/images/blue/pingpu.png HTTP/1.1" 304 -
180.164.6.225 - - [28/Apr/2024:09:36:07 +0800] "POST /xingrg/all/common/load_tree.html?tree=area_rest_tree_json&manage=1 HTTP/1.1" 200 3624
180.164.6.225 - - [28/Apr/2024:09:36:07 +0800] "POST /xingrg/load_menu.html HTTP/1.1" 200 9959
180.164.6.225 - - [28/Apr/2024:09:36:11 +0800] "GET /xingrg/kc/base/wldb_order_list.html HTTP/1.1" 200 19316
180.164.6.225 - - [28/Apr/2024:09:36:12 +0800] "POST /xingrg/kc/base/wldb_list_operate.html HTTP/1.1" 200 928
180.164.6.225 - - [28/Apr/2024:09:36:15 +0800] "GET /xingrg/javascript/jquery_tools/images/next.gif HTTP/1.1" 404 1086
180.164.6.225 - - [28/Apr/2024:09:36:15 +0800] "GET /xingrg/javascript/jquery_tools/images/prev.gif HTTP/1.1" 404 1086
180.164.6.225 - - [28/Apr/2024:09:36:20 +0800] "POST /xingrg/kc/base/wldb_list_operate.html HTTP/1.1" 200 4774
58.40.7.146 - - [28/Apr/2024:09:36:22 +0800] "GET /xingrg/all/function/internal_message.html?_=1714268182772&CODE_STATE=getMsg HTTP/1.1" 200 27
180.164.6.225 - - [28/Apr/2024:09:36:22 +0800] "POST /xingrg/kc/base/wldb_list_operate.html HTTP/1.1" 200 433
180.164.6.225 - - [28/Apr/2024:09:36:24 +0800] "GET /xingrg/kc/base/wldb_order_info.html?code=422024042701777 HTTP/1.1" 200 26528
180.164.6.225 - - [28/Apr/2024:09:36:24 +0800] "GET /xingrg/javascript/easyui/themes/default/validatebox.css HTTP/1.1" 404 1104
180.164.6.225 - - [28/Apr/2024:09:36:24 +0800] "POST /xingrg/kc/base/wldb_order_operate.html HTTP/1.1" 200 1881
114.95.253.235 - - [28/Apr/2024:09:36:29 +0800] "GET /xingrg/all/function/internal_message.html?_=1714268189091&CODE_STATE=getMsg HTTP/1.1" 200 27
114.95.253.235 - - [28/Apr/2024:09:36:31 +0800] "GET /xingrg/check_reg.html?_=1714268191903 HTTP/1.1" 200 22
114.95.253.235 - - [28/Apr/2024:09:36:31 +0800] "GET /xingrg/all/function/internal_message.html?_=1714268191905&CODE_STATE=getMsg HTTP/1.1" 200 27
114.83.217.54 - - [28/Apr/2024:09:36:36 +0800] "GET /xingrg/all/function/internal_message.html?_=1714268196635&CODE_STATE=getMsg HTTP/1.1" 200 27
114.83.217.54 - - [28/Apr/2024:09:36:37 +0800] "POST /xingrg/kc/buy/cgsh_order_operate.html HTTP/1.1" 200 26927
116.238.97.31 - - [28/Apr/2024:09:36:39 +0800] "GET /xingrg/all/function/internal_message.html?_=1714268199842&CODE_STATE=getMsg HTTP/1.1" 200 27
180.164.6.225 - - [28/Apr/2024:09:36:45 +0800] "POST /xingrg/kc/base/wldb_order_operate.html HTTP/1.1" 200 12
114.83.217.54 - - [28/Apr/2024:09:36:45 +0800] "GET /xingrg/login.html HTTP/1.1" 200 7641
114.83.217.54 - - [28/Apr/2024:09:36:45 +0800] "GET /favicon.ico HTTP/1.1" 404 -
180.164.6.225 - - [28/Apr/2024:09:36:46 +0800] "GET /xingrg/kc/base/wldb_order_info.html?code=422024042701777 HTTP/1.1" 200 30407
180.164.6.225 - - [28/Apr/2024:09:36:46 +0800] "GET /xingrg/javascript/easyui/themes/default/validatebox.css HTTP/1.1" 404 1104
180.164.6.225 - - [28/Apr/2024:09:36:46 +0800] "GET /xingrg/all/common/auto_word.html?type=base&rest_code=00108 HTTP/1.1" 200 1907
180.164.6.225 - - [28/Apr/2024:09:36:46 +0800] "GET /xingrg/all/common/auto_word.html?type=base&rest_code=00108 HTTP/1.1" 200 1907
180.164.6.225 - - [28/Apr/2024:09:36:47 +0800] "POST /xingrg/kc/base/wldb_order_operate.html HTTP/1.1" 200 3622
114.83.217.54 - - [28/Apr/2024:09:36:47 +0800] "POST /xingrg/login.do HTTP/1.1" 302 -
114.83.217.54 - - [28/Apr/2024:09:36:47 +0800] "GET /xingrg/index.html?sysBaseUrl=http%3A%2F%2F180.169.147.146%3A18081%2Fxingrg%2F&costTime=816×tamp=1714268207869 HTTP/1.1" 200 17503
114.83.217.54 - - [28/Apr/2024:09:36:48 +0800] "GET /favicon.ico HTTP/1.1" 404 -
114.83.217.54 - - [28/Apr/2024:09:36:48 +0800] "GET /xingrg/all/function/internal_message.html?_=1714268208528&CODE_STATE=count HTTP/1.1" 200 11
114.83.217.54 - - [28/Apr/2024:09:36:48 +0800] "GET /xingrg/check_reg.html?_=1714268208530 HTTP/1.1" 200 22
114.83.217.54 - - [28/Apr/2024:09:36:48 +0800] "POST /xingrg/all/common/load_tree.html?tree=area_rest_tree_json&manage=1 HTTP/1.1" 200 3624
114.83.217.54 - - [28/Apr/2024:09:36:48 +0800] "POST /xingrg/load_menu.html HTTP/1.1" 200 11443
124.78.56.241 - - [28/Apr/2024:09:36:49 +0800] "GET /xingrg/all/function/internal_message.html?_=1714268209446&CODE_STATE=getMsg HTTP/1.1" 200 27
120.253.135.82 - - [28/Apr/2024:09:36:51 +0800] "GET /xingrg/check_reg.html?_=1714268059433 HTTP/1.1" 200 22
120.253.135.82 - - [28/Apr/2024:09:36:51 +0800] "GET /xingrg/all/function/internal_message.html?_=1714268059757&CODE_STATE=getMsg HTTP/1.1" 200 27
114.83.217.54 - - [28/Apr/2024:09:36:51 +0800] "POST /xingrg/all/user/operate.html HTTP/1.1" 200 36
114.83.217.54 - - [28/Apr/2024:09:36:52 +0800] "GET /xingrg/index.html?sysBaseUrl=http%3A%2F%2F180.169.147.146%3A18081%2Fxingrg%2F&costTime=816×tamp=1714268207869 HTTP/1.1" 200 17509
114.83.217.54 - - [28/Apr/2024:09:36:52 +0800] "GET /xingrg/javascript/jquery_easy_ui/themes/default/easyui.css HTTP/1.1" 304 -
114.83.217.54 - - [28/Apr/2024:09:36:52 +0800] "GET /xingrg/javascript/jquery_easy_ui/themes/icon.css HTTP/1.1" 304 -
114.83.217.54 - - [28/Apr/2024:09:36:52 +0800] "GET /xingrg/css/form.css HTTP/1.1" 304 -
114.83.217.54 - - [28/Apr/2024:09:36:52 +0800] "GET /xingrg/javascript/jquery-1.4.2.min.js HTTP/1.1" 304 -
114.83.217.54 - - [28/Apr/2024:09:36:52 +0800] "GET /xingrg/javascript/jquery_easy_ui/jquery.easyui.min.js HTTP/1.1" 304 -
114.83.217.54 - - [28/Apr/2024:09:36:52 +0800] "GET /xingrg/javascript/jquery_easy_ui/easyui-lang-zh_CN.js HTTP/1.1" 304 -
114.83.217.54 - - [28/Apr/2024:09:36:52 +0800] "GET /xingrg/javascript/jquery.form.js HTTP/1.1" 304 -
114.83.217.54 - - [28/Apr/2024:09:36:52 +0800] "GET /xingrg/javascript/jquery.utils.js HTTP/1.1" 304 -
114.83.217.54 - - [28/Apr/2024:09:36:52 +0800] "GET /xingrg/javascript/jquery.timers.js HTTP/1.1" 304 -
114.83.217.54 - - [28/Apr/2024:09:36:52 +0800] "GET /xingrg/images/blue/jxLogo.png HTTP/1.1" 304 -
114.83.217.54 - - [28/Apr/2024:09:36:52 +0800] "GET /xingrg/images/blue/navBackgound.jpg HTTP/1.1" 304 -
114.83.217.54 - - [28/Apr/2024:09:36:52 +0800] "GET /xingrg/javascript/jquery_easy_ui/themes/icons/settle_new.png HTTP/1.1" 304 -
114.83.217.54 - - [28/Apr/2024:09:36:52 +0800] "GET /xingrg/all/function/internal_message.html?_=1714268212718&CODE_STATE=count HTTP/1.1" 200 11
114.83.217.54 - - [28/Apr/2024:09:36:52 +0800] "GET /xingrg/check_reg.html?_=1714268212718 HTTP/1.1" 200 22
114.83.217.54 - - [28/Apr/2024:09:36:52 +0800] "GET /xingrg/images/blue/pingpu.png HTTP/1.1" 304 -
114.83.217.54 - - [28/Apr/2024:09:36:52 +0800] "GET /xingrg/javascript/jquery_easy_ui/themes/default/images/panel_tool_collapse.gif HTTP/1.1" 304 -
114.83.217.54 - - [28/Apr/2024:09:36:52 +0800] "GET /xingrg/javascript/jquery_easy_ui/themes/default/images/panel_tool_expand.gif HTTP/1.1" 304 -
114.83.217.54 - - [28/Apr/2024:09:36:52 +0800] "GET /xingrg/javascript/jquery_easy_ui/themes/default/images/tabs_rightarrow.png HTTP/1.1" 304 -
114.83.217.54 - - [28/Apr/2024:09:36:52 +0800] "GET /xingrg/javascript/jquery_easy_ui/themes/default/images/tabs_leftarrow.png HTTP/1.1" 304 -
114.83.217.54 - - [28/Apr/2024:09:36:52 +0800] "POST /xingrg/all/common/load_tree.html?tree=area_rest_tree_json&manage=1 HTTP/1.1" 200 3624
114.83.217.54 - - [28/Apr/2024:09:36:52 +0800] "POST /xingrg/load_menu.html HTTP/1.1" 200 9959
114.83.217.54 - - [28/Apr/2024:09:36:54 +0800] "GET /xingrg/kc/base/check_order_list.html HTTP/1.1" 200 16437
116.237.77.239 - - [28/Apr/2024:09:36:55 +0800] "GET /xingrg/all/function/internal_message.html?_=1714268214865&CODE_STATE=getMsg HTTP/1.1" 200 27
101.83.241.187 - - [28/Apr/2024:09:36:55 +0800] "GET /xingrg/all/function/internal_message.html?_=1714268214983&CODE_STATE=getMsg HTTP/1.1" 200 27
114.83.217.54 - - [28/Apr/2024:09:36:55 +0800] "POST /xingrg/kc/base/check_list_operate.html HTTP/1.1" 200 781
114.83.217.54 - - [28/Apr/2024:09:36:57 +0800] "POST /xingrg/kc/base/check_list_operate.html HTTP/1.1" 200 5493
180.164.6.225 - - [28/Apr/2024:09:36:58 +0800] "GET /xingrg/javascript/auto/indicator.gif HTTP/1.1" 404 1066
180.164.6.225 - - [28/Apr/2024:09:37:00 +0800] "GET /xingrg/kc/base/wldb_order_operate.html?command=get_materiel&rest_code=00108&base_code=0010539&code=00102002851 HTTP/1.1" 200 447
114.83.217.54 - - [28/Apr/2024:09:37:04 +0800] "POST /xingrg/kc/base/check_list_operate.html HTTP/1.1" 200 5493
101.83.241.187 - - [28/Apr/2024:09:37:09 +0800] "GET /xingrg/kc/buy/cgsh_order_add.html HTTP/1.1" 200 73360
101.83.241.187 - - [28/Apr/2024:09:37:10 +0800] "POST /xingrg/kc/buy/cgsh_order_operate.html HTTP/1.1" 200 8245
101.83.241.187 - - [28/Apr/2024:09:37:10 +0800] "GET /xingrg/javascript/easyui/themes/default/validatebox.css HTTP/1.1" 404 1104
180.164.6.225 - - [28/Apr/2024:09:37:11 +0800] "POST /xingrg/kc/base/wldb_order_operate.html HTTP/1.1" 200 37
101.83.241.187 - - [28/Apr/2024:09:37:15 +0800] "GET /xingrg/system/info/materiel_import.html?isSelect=1&singleSelect=false HTTP/1.1" 200 5600
101.83.241.187 - - [28/Apr/2024:09:37:15 +0800] "GET /xingrg/css/xtree.css HTTP/1.1" 200 880
101.83.241.187 - - [28/Apr/2024:09:37:15 +0800] "GET /xingrg/javascript/jquery_ui/themes/base/base.css HTTP/1.1" 200 28568
101.83.241.187 - - [28/Apr/2024:09:37:15 +0800] "GET /xingrg/javascript/jquery_easy_ui/themes/icons/check_new.png HTTP/1.1" 200 3224
101.83.241.187 - - [28/Apr/2024:09:37:15 +0800] "GET /xingrg/javascript/jquery_easy_ui/themes/icons/edit_add.png HTTP/1.1" 200 1088
101.83.241.187 - - [28/Apr/2024:09:37:15 +0800] "GET /favicon.ico HTTP/1.1" 404 -
101.83.241.187 - - [28/Apr/2024:09:37:15 +0800] "GET /xingrg/javascript/jquery_easy_ui/themes/default/images/pagination_next.gif HTTP/1.1" 200 875
101.83.241.187 - - [28/Apr/2024:09:37:15 +0800] "GET /xingrg/javascript/jquery_easy_ui/themes/default/images/datagrid_header_bg.gif HTTP/1.1" 200 97
101.83.241.187 - - [28/Apr/2024:09:37:15 +0800] "GET /xingrg/javascript/jquery_easy_ui/themes/default/images/pagination_first.gif HTTP/1.1" 200 925
101.83.241.187 - - [28/Apr/2024:09:37:15 +0800] "GET /xingrg/javascript/jquery_easy_ui/themes/default/images/pagination_prev.gif HTTP/1.1" 200 879
101.83.241.187 - - [28/Apr/2024:09:37:15 +0800] "GET /xingrg/javascript/jquery_easy_ui/themes/default/images/pagination_last.gif HTTP/1.1" 200 923
101.83.241.187 - - [28/Apr/2024:09:37:15 +0800] "GET /xingrg/javascript/jquery_easy_ui/themes/default/images/pagination_load.png HTTP/1.1" 200 827
101.83.241.187 - - [28/Apr/2024:09:37:16 +0800] "POST /xingrg/all/common/load_tree.html?tree=materiel_sort_tree_json HTTP/1.1" 200 9734
180.169.147.146 - - [28/Apr/2024:09:37:17 +0800] "GET /xingrg/check_reg.html?_=1714268226991 HTTP/1.1" 200 22
180.164.6.225 - - [28/Apr/2024:09:37:17 +0800] "POST /xingrg/kc/base/wldb_order_operate.html HTTP/1.1" 200 12
180.164.6.225 - - [28/Apr/2024:09:37:17 +0800] "POST /xingrg/kc/base/wldb_order_operate.html HTTP/1.1" 200 4106
180.164.6.225 - - [28/Apr/2024:09:37:18 +0800] "GET /xingrg/kc/base/wldb_order_info.html?code=422024042701777 HTTP/1.1" 200 26526
180.164.6.225 - - [28/Apr/2024:09:37:18 +0800] "GET /xingrg/javascript/easyui/themes/default/validatebox.css HTTP/1.1" 404 1104
180.164.6.225 - - [28/Apr/2024:09:37:19 +0800] "POST /xingrg/kc/base/wldb_order_operate.html HTTP/1.1" 200 2357
114.83.217.54 - - [28/Apr/2024:09:37:21 +0800] "POST /xingrg/all/user/operate.html HTTP/1.1" 200 36
114.83.217.54 - - [28/Apr/2024:09:37:21 +0800] "GET /xingrg/index.html?sysBaseUrl=http%3A%2F%2F180.169.147.146%3A18081%2Fxingrg%2F&costTime=816×tamp=1714268207869 HTTP/1.1" 200 17503
114.83.217.54 - - [28/Apr/2024:09:37:21 +0800] "GET /xingrg/javascript/jquery_easy_ui/themes/default/easyui.css HTTP/1.1" 304 -
114.83.217.54 - - [28/Apr/2024:09:37:21 +0800] "GET /xingrg/javascript/jquery_easy_ui/themes/icon.css HTTP/1.1" 304 -
114.83.217.54 - - [28/Apr/2024:09:37:21 +0800] "GET /xingrg/css/form.css HTTP/1.1" 304 -
114.83.217.54 - - [28/Apr/2024:09:37:21 +0800] "GET /xingrg/javascript/jquery-1.4.2.min.js HTTP/1.1" 304 -
114.83.217.54 - - [28/Apr/2024:09:37:21 +0800] "GET /xingrg/javascript/jquery_easy_ui/jquery.easyui.min.js HTTP/1.1" 304 -
114.83.217.54 - - [28/Apr/2024:09:37:21 +0800] "GET /xingrg/javascript/jquery_easy_ui/easyui-lang-zh_CN.js HTTP/1.1" 304 -
114.83.217.54 - - [28/Apr/2024:09:37:21 +0800] "GET /xingrg/javascript/jquery.form.js HTTP/1.1" 304 -
114.83.217.54 - - [28/Apr/2024:09:37:21 +0800] "GET /xingrg/javascript/jquery.utils.js HTTP/1.1" 304 -
114.83.217.54 - - [28/Apr/2024:09:37:21 +0800] "GET /xingrg/javascript/jquery.timers.js HTTP/1.1" 304 -
114.83.217.54 - - [28/Apr/2024:09:37:21 +0800] "GET /xingrg/images/blue/jxLogo.png HTTP/1.1" 304 -
114.83.217.54 - - [28/Apr/2024:09:37:21 +0800] "GET /xingrg/images/blue/navBackgound.jpg HTTP/1.1" 304 -
114.83.217.54 - - [28/Apr/2024:09:37:21 +0800] "GET /xingrg/javascript/jquery_easy_ui/themes/icons/settle_new.png HTTP/1.1" 304 -
114.83.217.54 - - [28/Apr/2024:09:37:21 +0800] "GET /xingrg/all/function/internal_message.html?_=1714268242104&CODE_STATE=count HTTP/1.1" 200 11
114.83.217.54 - - [28/Apr/2024:09:37:21 +0800] "GET /xingrg/check_reg.html?_=1714268242106 HTTP/1.1" 200 22
114.83.217.54 - - [28/Apr/2024:09:37:21 +0800] "GET /xingrg/javascript/jquery_easy_ui/themes/default/images/panel_tool_collapse.gif HTTP/1.1" 304 -
114.83.217.54 - - [28/Apr/2024:09:37:21 +0800] "GET /xingrg/javascript/jquery_easy_ui/themes/default/images/tabs_leftarrow.png HTTP/1.1" 304 -
114.83.217.54 - - [28/Apr/2024:09:37:21 +0800] "GET /xingrg/javascript/jquery_easy_ui/themes/default/images/tabs_rightarrow.png HTTP/1.1" 304 -
114.83.217.54 - - [28/Apr/2024:09:37:21 +0800] "GET /xingrg/javascript/jquery_easy_ui/themes/default/images/panel_tool_expand.gif HTTP/1.1" 304 -
114.83.217.54 - - [28/Apr/2024:09:37:21 +0800] "GET /xingrg/images/blue/pingpu.png HTTP/1.1" 304 -
114.83.217.54 - - [28/Apr/2024:09:37:21 +0800] "POST /xingrg/all/common/load_tree.html?tree=area_rest_tree_json&manage=1 HTTP/1.1" 200 3624
114.83.217.54 - - [28/Apr/2024:09:37:21 +0800] "POST /xingrg/load_menu.html HTTP/1.1" 200 9959
58.40.7.146 - - [28/Apr/2024:09:37:22 +0800] "GET /xingrg/all/function/internal_message.html?_=1714268242766&CODE_STATE=getMsg HTTP/1.1" 200 27
180.164.6.225 - - [28/Apr/2024:09:37:23 +0800] "POST /xingrg/kc/base/wldb_list_operate.html HTTP/1.1" 200 4773
114.83.217.54 - - [28/Apr/2024:09:37:24 +0800] "GET /xingrg/kc/base/check_order_list.html HTTP/1.1" 200 16431
114.83.217.54 - - [28/Apr/2024:09:37:25 +0800] "POST /xingrg/kc/base/check_list_operate.html HTTP/1.1" 200 3849
101.83.241.187 - - [28/Apr/2024:09:37:27 +0800] "GET /xingrg/kc/buy/cgsh_order_operate.html?command=get_materiel&rest_code=00154&code=00101006252&supplier_code=00100501&order_time=2024-04-28 HTTP/1.1" 200 411
114.83.217.54 - - [28/Apr/2024:09:37:28 +0800] "POST /xingrg/kc/base/check_list_operate.html HTTP/1.1" 200 5382
114.95.253.235 - - [28/Apr/2024:09:37:29 +0800] "GET /xingrg/all/function/internal_message.html?_=1714268249087&CODE_STATE=getMsg HTTP/1.1" 200 27
114.83.217.54 - - [28/Apr/2024:09:37:31 +0800] "POST /xingrg/kc/base/check_list_operate.html HTTP/1.1" 200 3849
114.95.253.235 - - [28/Apr/2024:09:37:31 +0800] "GET /xingrg/all/function/internal_message.html?_=1714268251900&CODE_STATE=getMsg HTTP/1.1" 200 27
180.164.6.225 - - [28/Apr/2024:09:37:32 +0800] "GET /xingrg/login.html HTTP/1.1" 200 7641
180.164.6.225 - - [28/Apr/2024:09:37:32 +0800] "GET /favicon.ico HTTP/1.1" 404 -
180.164.6.225 - - [28/Apr/2024:09:37:35 +0800] "POST /xingrg/login.do HTTP/1.1" 302 -
180.164.6.225 - - [28/Apr/2024:09:37:35 +0800] "GET /xingrg/index.html?sysBaseUrl=http%3A%2F%2F180.169.147.146%3A18081%2Fxingrg%2F&costTime=1049×tamp=1714268255147 HTTP/1.1" 200 17183
180.164.6.225 - - [28/Apr/2024:09:37:35 +0800] "GET /favicon.ico HTTP/1.1" 404 -
180.164.6.225 - - [28/Apr/2024:09:37:35 +0800] "GET /xingrg/check_reg.html?_=1714268255263 HTTP/1.1" 200 22
180.164.6.225 - - [28/Apr/2024:09:37:35 +0800] "GET /xingrg/all/function/internal_message.html?_=1714268255262&CODE_STATE=count HTTP/1.1" 200 11
180.164.6.225 - - [28/Apr/2024:09:37:35 +0800] "POST /xingrg/all/common/load_tree.html?tree=area_rest_tree_json&manage=1 HTTP/1.1" 200 357
180.164.6.225 - - [28/Apr/2024:09:37:35 +0800] "POST /xingrg/load_menu.html HTTP/1.1" 200 5138
114.83.217.54 - - [28/Apr/2024:09:37:36 +0800] "GET /xingrg/all/function/internal_message.html?_=1714268256703&CODE_STATE=getMsg HTTP/1.1" 200 27
180.163.30.27 - - [28/Apr/2024:09:37:38 +0800] "GET /xingrg/all/function/internal_message.html?_=1714266895286&CODE_STATE=getMsg HTTP/1.1" 302 -
180.163.30.27 - - [28/Apr/2024:09:37:38 +0800] "GET /xingrg/login.html HTTP/1.1" 200 7641
116.238.97.31 - - [28/Apr/2024:09:37:39 +0800] "GET /xingrg/all/function/internal_message.html?_=1714268259840&CODE_STATE=getMsg HTTP/1.1" 200 27
116.238.97.31 - - [28/Apr/2024:09:37:39 +0800] "GET /xingrg/check_reg.html?_=1714268260245 HTTP/1.1" 200 22
180.164.6.225 - - [28/Apr/2024:09:37:43 +0800] "GET /xingrg/kc/base/wldb_order_list.html HTTP/1.1" 200 19061
180.164.6.225 - - [28/Apr/2024:09:37:44 +0800] "POST /xingrg/kc/base/wldb_list_operate.html HTTP/1.1" 200 928
114.83.217.54 - - [28/Apr/2024:09:37:44 +0800] "POST /xingrg/kc/base/check_list_operate.html HTTP/1.1" 200 4
180.164.6.225 - - [28/Apr/2024:09:37:45 +0800] "GET /xingrg/kc/buy/cgsh_order_list.html HTTP/1.1" 200 58360
101.83.241.187 - - [28/Apr/2024:09:37:46 +0800] "POST /xingrg/kc/buy/cgsh_order_operate.html HTTP/1.1" 200 37
124.78.56.241 - - [28/Apr/2024:09:37:49 +0800] "GET /xingrg/all/function/internal_message.html?_=1714268269422&CODE_STATE=getMsg HTTP/1.1" 200 27
180.163.30.27 - - [28/Apr/2024:09:37:51 +0800] "GET /xingrg/all/function/internal_message.html?_=1714268094920&CODE_STATE=getMsg HTTP/1.1" 302 -
180.163.30.27 - - [28/Apr/2024:09:37:51 +0800] "GET /xingrg/login.html HTTP/1.1" 200 7641
120.253.135.82 - - [28/Apr/2024:09:37:51 +0800] "GET /xingrg/all/function/internal_message.html?_=1714268119771&CODE_STATE=getMsg HTTP/1.1" 200 27
116.237.77.239 - - [28/Apr/2024:09:37:55 +0800] "GET /xingrg/all/function/internal_message.html?_=1714268274836&CODE_STATE=getMsg HTTP/1.1" 200 27
180.164.6.225 - - [28/Apr/2024:09:37:55 +0800] "POST /xingrg/kc/buy/cgsh_list_operate.html HTTP/1.1" 200 154
101.83.241.187 - - [28/Apr/2024:09:37:55 +0800] "GET /xingrg/all/function/internal_message.html?_=1714268274969&CODE_STATE=getMsg HTTP/1.1" 200 27
116.237.77.239 - - [28/Apr/2024:09:37:55 +0800] "GET /xingrg/check_reg.html?_=1714268275230 HTTP/1.1" 200 22
114.95.253.235 - - [28/Apr/2024:09:37:58 +0800] "POST /xingrg/kc/buy/cgsh_order_operate.html HTTP/1.1" 200 37
101.83.241.187 - - [28/Apr/2024:09:38:02 +0800] "POST /xingrg/kc/buy/cgsh_order_operate.html HTTP/1.1" 200 12
124.78.56.241 - - [28/Apr/2024:09:38:05 +0800] "GET /xingrg/check_reg.html?_=1714268285008 HTTP/1.1" 200 22
114.83.217.54 - - [28/Apr/2024:09:38:07 +0800] "GET /xingrg/kc/buy/cgsh_order_operate.html?command=get_materiel&rest_code=00149&code=00101008213&supplier_code=00100008&order_time=2024-04-28 HTTP/1.1" 200 412
114.95.253.235 - - [28/Apr/2024:09:38:10 +0800] "POST /xingrg/kc/buy/cgsh_order_operate.html HTTP/1.1" 200 12
101.83.241.187 - - [28/Apr/2024:09:38:11 +0800] "GET /xingrg/kc/buy/cgsh_order_info.html?code=212024042807747 HTTP/1.1" 200 68242
101.83.241.187 - - [28/Apr/2024:09:38:11 +0800] "GET /xingrg/javascript/easyui/themes/default/validatebox.css HTTP/1.1" 404 1104
101.83.241.187 - - [28/Apr/2024:09:38:12 +0800] "POST /xingrg/kc/buy/cgsh_order_operate.html HTTP/1.1" 200 605
114.95.253.235 - - [28/Apr/2024:09:38:13 +0800] "GET /xingrg/kc/buy/cgsh_order_info.html?code=212024042807740 HTTP/1.1" 200 69078
114.95.253.235 - - [28/Apr/2024:09:38:13 +0800] "GET /xingrg/javascript/easyui/themes/default/validatebox.css HTTP/1.1" 404 1104
114.95.253.235 - - [28/Apr/2024:09:38:14 +0800] "POST /xingrg/kc/buy/cgsh_order_operate.html HTTP/1.1" 200 36701
101.83.241.187 - - [28/Apr/2024:09:38:15 +0800] "GET /xingrg/kc/print/load_data.html?order_code=212024042807747&kc_code=cgsh&condition= HTTP/1.1" 200 704
58.40.7.146 - - [28/Apr/2024:09:38:22 +0800] "GET /xingrg/all/function/internal_message.html?_=1714268302771&CODE_STATE=getMsg HTTP/1.1" 200 27
180.169.147.146 - - [28/Apr/2024:09:38:24 +0800] "GET /xingrg/check_reg.html?_=1714268293862 HTTP/1.1" 200 22
114.95.253.235 - - [28/Apr/2024:09:38:28 +0800] "GET /xingrg/kc/print/load_data.html?order_code=212024042807740&kc_code=cgsh&condition= HTTP/1.1" 200 14370
114.95.253.235 - - [28/Apr/2024:09:38:29 +0800] "GET /xingrg/all/function/internal_message.html?_=1714268309102&CODE_STATE=getMsg HTTP/1.1" 200 27
114.95.253.235 - - [28/Apr/2024:09:38:31 +0800] "GET /xingrg/all/function/internal_message.html?_=1714268311927&CODE_STATE=getMsg HTTP/1.1" 200 27
114.83.217.54 - - [28/Apr/2024:09:38:36 +0800] "GET /xingrg/all/function/internal_message.html?_=1714268316686&CODE_STATE=getMsg HTTP/1.1" 200 27
180.164.6.225 - - [28/Apr/2024:09:38:38 +0800] "GET /xingrg/login.html HTTP/1.1" 200 7641
180.164.6.225 - - [28/Apr/2024:09:38:38 +0800] "GET /favicon.ico HTTP/1.1" 404 -
