116.237.77.239 - - [28/Apr/2024:11:05:58 +0800] "GET /xingrg/kc/buy/cgsh_order_info.html?code=212024042807795 HTTP/1.1" 200 69040
116.237.77.239 - - [28/Apr/2024:11:05:59 +0800] "GET /xingrg/javascript/easyui/themes/default/validatebox.css HTTP/1.1" 404 1104
101.83.144.49 - - [28/Apr/2024:11:06:00 +0800] "GET /xingrg/all/function/internal_message.html?_=1714273561286&CODE_STATE=getMsg HTTP/1.1" 200 27
116.237.77.239 - - [28/Apr/2024:11:06:00 +0800] "POST /xingrg/kc/buy/cgsh_order_operate.html HTTP/1.1" 200 611
114.95.253.235 - - [28/Apr/2024:11:06:00 +0800] "GET /xingrg/all/function/internal_message.html?_=1714273560832&CODE_STATE=getMsg HTTP/1.1" 200 27
116.238.97.31 - - [28/Apr/2024:11:06:01 +0800] "GET /xingrg/kc/base/wldb_order_operate.html?command=get_materiel&rest_code=00102&base_code=0010476&code=00101019430 HTTP/1.1" 200 477
116.237.77.239 - - [28/Apr/2024:11:06:02 +0800] "GET /xingrg/kc/print/load_data.html?order_code=212024042807795&kc_code=cgsh&condition= HTTP/1.1" 200 781
221.239.168.119 - - [28/Apr/2024:11:06:05 +0800] "GET /xingrg/kc/buy/cgsh_order_operate.html?command=get_materiel&rest_code=00145&code=00101008264&supplier_code=00100556&order_time=2024-04-19 HTTP/1.1" 200 432
116.237.77.239 - - [28/Apr/2024:11:06:06 +0800] "GET /xingrg/kc/buy/cgsh_order_add.html HTTP/1.1" 200 74163
116.237.77.239 - - [28/Apr/2024:11:06:06 +0800] "POST /xingrg/kc/buy/cgsh_order_operate.html HTTP/1.1" 200 8245
116.237.77.239 - - [28/Apr/2024:11:06:06 +0800] "GET /xingrg/javascript/easyui/themes/default/validatebox.css HTTP/1.1" 404 1104
222.70.183.82 - - [28/Apr/2024:11:06:07 +0800] "GET /xingrg/kc/buy/cgsh_order_operate.html?command=get_materiel&rest_code=00111&code=00101009011&supplier_code=00100037&order_time=2024-04-28 HTTP/1.1" 200 416
180.169.147.146 - - [28/Apr/2024:11:06:07 +0800] "GET /xingrg/all/function/internal_message.html?_=1714273557237&CODE_STATE=getMsg HTTP/1.1" 200 27
116.238.97.31 - - [28/Apr/2024:11:06:09 +0800] "GET /xingrg/kc/base/wldb_order_operate.html?command=get_materiel&rest_code=00102&base_code=0010476&code=00101019175 HTTP/1.1" 200 438
116.238.97.31 - - [28/Apr/2024:11:06:16 +0800] "GET /xingrg/kc/base/wldb_order_operate.html?command=get_materiel&rest_code=00102&base_code=0010476&code=00101019433 HTTP/1.1" 200 470
116.238.97.31 - - [28/Apr/2024:11:06:18 +0800] "GET /xingrg/all/function/internal_message.html?_=1714273578430&CODE_STATE=getMsg HTTP/1.1" 200 27
222.70.183.82 - - [28/Apr/2024:11:06:18 +0800] "GET /xingrg/kc/buy/cgsh_order_operate.html?command=get_materiel&rest_code=00111&code=00101009015&supplier_code=00100037&order_time=2024-04-28 HTTP/1.1" 200 416
58.40.7.146 - - [28/Apr/2024:11:06:22 +0800] "GET /xingrg/all/function/internal_message.html?_=1714273582803&CODE_STATE=getMsg HTTP/1.1" 200 27
120.253.135.82 - - [28/Apr/2024:11:06:23 +0800] "GET /xingrg/all/function/internal_message.html?_=1714273431638&CODE_STATE=getMsg HTTP/1.1" 200 27
116.238.97.31 - - [28/Apr/2024:11:06:26 +0800] "GET /xingrg/kc/base/wldb_order_operate.html?command=get_materiel&rest_code=00102&base_code=0010476&code=00101019637 HTTP/1.1" 200 449
222.70.183.82 - - [28/Apr/2024:11:06:28 +0800] "GET /xingrg/all/function/internal_message.html?_=1714273586837&CODE_STATE=getMsg HTTP/1.1" 200 27
114.95.253.235 - - [28/Apr/2024:11:06:30 +0800] "GET /xingrg/all/function/internal_message.html?_=1714273589090&CODE_STATE=getMsg HTTP/1.1" 200 27
116.238.97.31 - - [28/Apr/2024:11:06:30 +0800] "POST /xingrg/kc/base/wldb_order_operate.html HTTP/1.1" 200 1710
222.70.183.82 - - [28/Apr/2024:11:06:32 +0800] "GET /xingrg/kc/buy/cgsh_order_operate.html?command=get_materiel&rest_code=00111&code=00101009066&supplier_code=00100037&order_time=2024-04-28 HTTP/1.1" 200 417
116.237.77.239 - - [28/Apr/2024:11:06:34 +0800] "GET /xingrg/all/function/internal_message.html?_=1714273594629&CODE_STATE=getMsg HTTP/1.1" 200 27
116.238.97.31 - - [28/Apr/2024:11:06:35 +0800] "GET /xingrg/kc/base/wldb_order_operate.html?command=get_materiel&rest_code=00102&base_code=0010476&code=00101019258 HTTP/1.1" 200 483
180.164.6.225 - - [28/Apr/2024:11:06:41 +0800] "GET /xingrg/all/function/internal_message.html?_=1714273600848&CODE_STATE=getMsg HTTP/1.1" 200 27
116.232.195.13 - - [28/Apr/2024:11:06:46 +0800] "GET /xingrg/all/function/internal_message.html?_=1714273591773&CODE_STATE=getMsg HTTP/1.1" 200 27
124.78.56.241 - - [28/Apr/2024:11:06:48 +0800] "GET /xingrg/all/function/internal_message.html?_=1714273608049&CODE_STATE=getMsg HTTP/1.1" 200 27
114.83.217.54 - - [28/Apr/2024:11:06:48 +0800] "GET /xingrg/all/function/internal_message.html?_=1714273608608&CODE_STATE=getMsg HTTP/1.1" 200 27
222.70.183.82 - - [28/Apr/2024:11:06:51 +0800] "GET /xingrg/kc/buy/cgsh_order_operate.html?command=get_materiel&rest_code=00111&code=00101011004&supplier_code=00100037&order_time=2024-04-28 HTTP/1.1" 200 412
116.238.97.31 - - [28/Apr/2024:11:06:51 +0800] "GET /xingrg/all/function/internal_message.html?_=1714273646275&CODE_STATE=getMsg HTTP/1.1" 200 27
114.95.253.235 - - [28/Apr/2024:11:06:52 +0800] "GET /xingrg/index.html?sysBaseUrl=http%3A%2F%2F180.169.147.146%3A18081%2Fxingrg%2F&costTime=14×tamp=1698040851670 HTTP/1.1" 302 -
114.95.253.235 - - [28/Apr/2024:11:06:52 +0800] "GET /xingrg/login.html HTTP/1.1" 200 7641
114.95.253.235 - - [28/Apr/2024:11:06:52 +0800] "GET /favicon.ico HTTP/1.1" 404 -
120.253.135.82 - - [28/Apr/2024:11:06:52 +0800] "GET /xingrg/check_reg.html?_=1714273460944 HTTP/1.1" 200 22
114.83.217.54 - - [28/Apr/2024:11:06:52 +0800] "GET /xingrg/all/function/internal_message.html?_=1714273613634&CODE_STATE=getMsg HTTP/1.1" 200 27
101.83.241.187 - - [28/Apr/2024:11:06:53 +0800] "GET /xingrg/all/function/internal_message.html?_=1714273613464&CODE_STATE=getMsg HTTP/1.1" 200 27
116.238.97.31 - - [28/Apr/2024:11:06:58 +0800] "GET /xingrg/kc/base/wldb_order_operate.html?command=get_materiel&rest_code=00102&base_code=0010476&code=00101013257 HTTP/1.1" 200 443
114.95.253.235 - - [28/Apr/2024:11:06:58 +0800] "POST /xingrg/login.do HTTP/1.1" 302 -
114.95.253.235 - - [28/Apr/2024:11:06:58 +0800] "GET /xingrg/index.html?sysBaseUrl=http%3A%2F%2F180.169.147.146%3A18081%2Fxingrg%2F&costTime=899×tamp=1714273618541 HTTP/1.1" 200 17177
114.95.253.235 - - [28/Apr/2024:11:06:58 +0800] "GET /xingrg/check_reg.html?_=1714273618826 HTTP/1.1" 200 22
114.95.253.235 - - [28/Apr/2024:11:06:58 +0800] "GET /xingrg/all/function/internal_message.html?_=1714273618825&CODE_STATE=count HTTP/1.1" 200 11
114.95.253.235 - - [28/Apr/2024:11:06:58 +0800] "POST /xingrg/all/common/load_tree.html?tree=area_rest_tree_json&manage=1 HTTP/1.1" 200 476
114.95.253.235 - - [28/Apr/2024:11:06:58 +0800] "POST /xingrg/load_menu.html HTTP/1.1" 200 5138
114.95.253.235 - - [28/Apr/2024:11:06:59 +0800] "GET /favicon.ico HTTP/1.1" 404 -
101.83.144.49 - - [28/Apr/2024:11:07:00 +0800] "GET /xingrg/all/function/internal_message.html?_=1714273621267&CODE_STATE=getMsg HTTP/1.1" 200 27
114.95.253.235 - - [28/Apr/2024:11:07:02 +0800] "POST /xingrg/all/user/operate.html HTTP/1.1" 200 36
114.95.253.235 - - [28/Apr/2024:11:07:02 +0800] "GET /xingrg/index.html?sysBaseUrl=http%3A%2F%2F180.169.147.146%3A18081%2Fxingrg%2F&costTime=899×tamp=1714273618541 HTTP/1.1" 200 17179
114.95.253.235 - - [28/Apr/2024:11:07:02 +0800] "GET /xingrg/javascript/jquery_easy_ui/themes/default/easyui.css HTTP/1.1" 304 -
114.95.253.235 - - [28/Apr/2024:11:07:02 +0800] "GET /xingrg/javascript/jquery_easy_ui/themes/icon.css HTTP/1.1" 304 -
114.95.253.235 - - [28/Apr/2024:11:07:02 +0800] "GET /xingrg/css/form.css HTTP/1.1" 304 -
114.95.253.235 - - [28/Apr/2024:11:07:02 +0800] "GET /xingrg/javascript/jquery-1.4.2.min.js HTTP/1.1" 304 -
114.95.253.235 - - [28/Apr/2024:11:07:02 +0800] "GET /xingrg/javascript/jquery_easy_ui/jquery.easyui.min.js HTTP/1.1" 304 -
114.95.253.235 - - [28/Apr/2024:11:07:02 +0800] "GET /xingrg/javascript/jquery_easy_ui/easyui-lang-zh_CN.js HTTP/1.1" 304 -
114.95.253.235 - - [28/Apr/2024:11:07:02 +0800] "GET /xingrg/javascript/jquery.form.js HTTP/1.1" 304 -
114.95.253.235 - - [28/Apr/2024:11:07:02 +0800] "GET /xingrg/javascript/jquery.utils.js HTTP/1.1" 304 -
114.95.253.235 - - [28/Apr/2024:11:07:02 +0800] "GET /xingrg/javascript/jquery.timers.js HTTP/1.1" 304 -
114.95.253.235 - - [28/Apr/2024:11:07:02 +0800] "GET /xingrg/images/blue/jxLogo.png HTTP/1.1" 304 -
114.95.253.235 - - [28/Apr/2024:11:07:02 +0800] "GET /xingrg/images/blue/navBackgound.jpg HTTP/1.1" 304 -
114.95.253.235 - - [28/Apr/2024:11:07:02 +0800] "GET /xingrg/javascript/jquery_easy_ui/themes/icons/settle_new.png HTTP/1.1" 304 -
114.95.253.235 - - [28/Apr/2024:11:07:02 +0800] "GET /xingrg/all/function/internal_message.html?_=1714273622504&CODE_STATE=count HTTP/1.1" 200 11
114.95.253.235 - - [28/Apr/2024:11:07:02 +0800] "GET /xingrg/check_reg.html?_=1714273622506 HTTP/1.1" 200 22
114.95.253.235 - - [28/Apr/2024:11:07:02 +0800] "POST /xingrg/all/common/load_tree.html?tree=area_rest_tree_json&manage=1 HTTP/1.1" 200 476
114.95.253.235 - - [28/Apr/2024:11:07:02 +0800] "POST /xingrg/load_menu.html HTTP/1.1" 200 5138
114.95.253.235 - - [28/Apr/2024:11:07:04 +0800] "GET /xingrg/kc/buy/cgsh_order_list.html HTTP/1.1" 200 58356
114.95.253.235 - - [28/Apr/2024:11:07:06 +0800] "POST /xingrg/kc/buy/cgsh_list_operate.html HTTP/1.1" 200 645
180.169.147.146 - - [28/Apr/2024:11:07:07 +0800] "GET /xingrg/all/function/internal_message.html?_=1714273617221&CODE_STATE=getMsg HTTP/1.1" 200 27
114.95.253.235 - - [28/Apr/2024:11:07:08 +0800] "GET /xingrg/kc/buy/cgsh_order_add.html HTTP/1.1" 200 74207
114.95.253.235 - - [28/Apr/2024:11:07:09 +0800] "POST /xingrg/kc/buy/cgsh_order_operate.html HTTP/1.1" 200 8245
114.95.253.235 - - [28/Apr/2024:11:07:09 +0800] "GET /xingrg/javascript/easyui/themes/default/validatebox.css HTTP/1.1" 404 1104
114.95.253.235 - - [28/Apr/2024:11:07:09 +0800] "GET /xingrg/all/common/auto_word.html?type=employee&rest_code=00150 HTTP/1.1" 200 159
114.95.253.235 - - [28/Apr/2024:11:07:09 +0800] "GET /xingrg/all/common/auto_word.html?type=employee&rest_code=00150 HTTP/1.1" 200 159
222.70.183.82 - - [28/Apr/2024:11:07:10 +0800] "GET /xingrg/kc/buy/cgsh_order_operate.html?command=get_materiel&rest_code=00111&code=00101009113&supplier_code=00100037&order_time=2024-04-28 HTTP/1.1" 200 413
114.95.253.235 - - [28/Apr/2024:11:07:11 +0800] "GET /xingrg/javascript/auto/indicator.gif HTTP/1.1" 404 1066
116.238.97.31 - - [28/Apr/2024:11:07:13 +0800] "GET /xingrg/kc/base/wldb_order_operate.html?command=get_materiel&rest_code=00102&base_code=0010476&code=00101019079 HTTP/1.1" 200 479
180.169.147.146 - - [28/Apr/2024:11:07:17 +0800] "GET /xingrg/check_reg.html?_=1714273626683 HTTP/1.1" 200 22
116.238.97.31 - - [28/Apr/2024:11:07:18 +0800] "GET /xingrg/all/function/internal_message.html?_=1714273638424&CODE_STATE=getMsg HTTP/1.1" 200 27
114.95.253.235 - - [28/Apr/2024:11:07:19 +0800] "GET /xingrg/kc/buy/cgsh_order_operate.html?command=get_materiel&rest_code=00150&code=00101010683&supplier_code=00100547&order_time=2024-04-28 HTTP/1.1" 200 421
116.238.97.31 - - [28/Apr/2024:11:07:20 +0800] "GET /xingrg/kc/base/wldb_order_operate.html?command=get_materiel&rest_code=00102&base_code=0010476&code=00101019185 HTTP/1.1" 200 469
58.40.7.146 - - [28/Apr/2024:11:07:22 +0800] "GET /xingrg/all/function/internal_message.html?_=1714273642821&CODE_STATE=getMsg HTTP/1.1" 200 27
120.253.135.82 - - [28/Apr/2024:11:07:23 +0800] "GET /xingrg/all/function/internal_message.html?_=1714273491653&CODE_STATE=getMsg HTTP/1.1" 200 27
116.238.97.31 - - [28/Apr/2024:11:07:26 +0800] "GET /xingrg/kc/base/wldb_order_operate.html?command=get_materiel&rest_code=00102&base_code=0010476&code=00101019306 HTTP/1.1" 200 478
222.70.183.82 - - [28/Apr/2024:11:07:29 +0800] "GET /xingrg/all/function/internal_message.html?_=1714273646836&CODE_STATE=getMsg HTTP/1.1" 200 27
114.95.253.235 - - [28/Apr/2024:11:07:30 +0800] "GET /xingrg/all/function/internal_message.html?_=1714273649099&CODE_STATE=getMsg HTTP/1.1" 200 27
116.237.77.239 - - [28/Apr/2024:11:07:32 +0800] "GET /xingrg/check_reg.html?_=1714273652237 HTTP/1.1" 200 22
114.95.253.235 - - [28/Apr/2024:11:07:34 +0800] "POST /xingrg/kc/buy/cgsh_order_operate.html HTTP/1.1" 200 37
116.237.77.239 - - [28/Apr/2024:11:07:34 +0800] "GET /xingrg/all/function/internal_message.html?_=1714273654614&CODE_STATE=getMsg HTTP/1.1" 200 27
116.238.97.31 - - [28/Apr/2024:11:07:37 +0800] "GET /xingrg/kc/base/wldb_order_operate.html?command=get_materiel&rest_code=00102&base_code=0010476&code=00101019098 HTTP/1.1" 200 476
116.238.97.31 - - [28/Apr/2024:11:07:40 +0800] "POST /xingrg/kc/base/wldb_order_operate.html HTTP/1.1" 200 1710
180.164.6.225 - - [28/Apr/2024:11:07:41 +0800] "GET /xingrg/all/function/internal_message.html?_=1714273660847&CODE_STATE=getMsg HTTP/1.1" 200 27
114.95.253.235 - - [28/Apr/2024:11:07:41 +0800] "POST /xingrg/kc/buy/cgsh_order_operate.html HTTP/1.1" 200 12
114.95.253.235 - - [28/Apr/2024:11:07:43 +0800] "GET /xingrg/kc/buy/cgsh_order_info.html?code=212024042807796 HTTP/1.1" 200 69070
114.95.253.235 - - [28/Apr/2024:11:07:43 +0800] "GET /xingrg/javascript/easyui/themes/default/validatebox.css HTTP/1.1" 404 1104
114.95.253.235 - - [28/Apr/2024:11:07:44 +0800] "POST /xingrg/kc/buy/cgsh_order_operate.html HTTP/1.1" 200 617
114.95.253.235 - - [28/Apr/2024:11:07:46 +0800] "GET /xingrg/kc/print/load_config.html?kc_code=cgsh HTTP/1.1" 200 1927
116.232.195.13 - - [28/Apr/2024:11:07:46 +0800] "GET /xingrg/check_reg.html?_=1714273651786 HTTP/1.1" 200 22
116.232.195.13 - - [28/Apr/2024:11:07:46 +0800] "GET /xingrg/all/function/internal_message.html?_=1714273651784&CODE_STATE=getMsg HTTP/1.1" 200 27
114.95.253.235 - - [28/Apr/2024:11:07:47 +0800] "GET /xingrg/kc/print/load_data.html?order_code=212024042807796&kc_code=cgsh&condition= HTTP/1.1" 200 704
116.238.97.31 - - [28/Apr/2024:11:07:47 +0800] "GET /xingrg/kc/base/wldb_order_operate.html?command=get_materiel&rest_code=00102&base_code=0010476&code=00101019066 HTTP/1.1" 200 455
124.78.56.241 - - [28/Apr/2024:11:07:48 +0800] "GET /xingrg/all/function/internal_message.html?_=1714273668050&CODE_STATE=getMsg HTTP/1.1" 200 27
114.83.217.54 - - [28/Apr/2024:11:07:48 +0800] "GET /xingrg/all/function/internal_message.html?_=1714273668582&CODE_STATE=getMsg HTTP/1.1" 200 27
116.238.97.31 - - [28/Apr/2024:11:07:51 +0800] "GET /xingrg/all/function/internal_message.html?_=1714273706281&CODE_STATE=getMsg HTTP/1.1" 200 27
114.83.217.54 - - [28/Apr/2024:11:07:52 +0800] "GET /xingrg/all/function/internal_message.html?_=1714273673611&CODE_STATE=getMsg HTTP/1.1" 200 27
114.95.253.235 - - [28/Apr/2024:11:07:53 +0800] "GET /xingrg/kc/buy/cgsh_order_add.html HTTP/1.1" 200 74207
101.83.241.187 - - [28/Apr/2024:11:07:53 +0800] "GET /xingrg/all/function/internal_message.html?_=1714273673449&CODE_STATE=getMsg HTTP/1.1" 200 27
114.95.253.235 - - [28/Apr/2024:11:07:53 +0800] "POST /xingrg/kc/buy/cgsh_order_operate.html HTTP/1.1" 200 8245
114.95.253.235 - - [28/Apr/2024:11:07:53 +0800] "GET /xingrg/javascript/easyui/themes/default/validatebox.css HTTP/1.1" 404 1104
116.238.97.31 - - [28/Apr/2024:11:07:55 +0800] "GET /xingrg/kc/base/wldb_order_operate.html?command=get_materiel&rest_code=00102&base_code=0010476&code=00101019074 HTTP/1.1" 200 471
101.83.144.49 - - [28/Apr/2024:11:08:00 +0800] "GET /xingrg/all/function/internal_message.html?_=1714273681248&CODE_STATE=getMsg HTTP/1.1" 200 27
101.83.144.49 - - [28/Apr/2024:11:08:01 +0800] "GET /xingrg/check_reg.html?_=1714273682169 HTTP/1.1" 200 22
114.95.253.235 - - [28/Apr/2024:11:08:02 +0800] "GET /xingrg/all/function/internal_message.html?_=1714273682529&CODE_STATE=getMsg HTTP/1.1" 200 27
124.78.56.241 - - [28/Apr/2024:11:08:04 +0800] "GET /xingrg/check_reg.html?_=1714273684694 HTTP/1.1" 200 22
114.95.253.235 - - [28/Apr/2024:11:08:05 +0800] "GET /xingrg/kc/buy/cgsh_order_operate.html?command=get_materiel&rest_code=00150&code=00101001169&supplier_code=00100319&order_time=2024-04-28 HTTP/1.1" 200 417
180.169.147.146 - - [28/Apr/2024:11:08:07 +0800] "GET /xingrg/all/function/internal_message.html?_=1714273677204&CODE_STATE=getMsg HTTP/1.1" 200 27
116.238.97.31 - - [28/Apr/2024:11:08:18 +0800] "GET /xingrg/check_reg.html?_=1714273698430 HTTP/1.1" 200 22
116.238.97.31 - - [28/Apr/2024:11:08:18 +0800] "GET /xingrg/all/function/internal_message.html?_=1714273698433&CODE_STATE=getMsg HTTP/1.1" 200 27
114.95.253.235 - - [28/Apr/2024:11:08:21 +0800] "GET /xingrg/kc/buy/cgsh_order_operate.html?command=get_materiel&rest_code=00150&code=00101001125&supplier_code=00100319&order_time=2024-04-28 HTTP/1.1" 200 416
58.40.7.146 - - [28/Apr/2024:11:08:22 +0800] "GET /xingrg/all/function/internal_message.html?_=1714273702820&CODE_STATE=getMsg HTTP/1.1" 200 27
120.253.135.82 - - [28/Apr/2024:11:08:23 +0800] "GET /xingrg/all/function/internal_message.html?_=1714273551668&CODE_STATE=getMsg HTTP/1.1" 200 27
222.70.183.82 - - [28/Apr/2024:11:08:29 +0800] "GET /xingrg/all/function/internal_message.html?_=1714273706845&CODE_STATE=getMsg HTTP/1.1" 200 27
116.238.97.31 - - [28/Apr/2024:11:08:29 +0800] "GET /xingrg/kc/base/wldb_order_add.html HTTP/1.1" 200 30378
114.95.253.235 - - [28/Apr/2024:11:08:30 +0800] "GET /xingrg/all/function/internal_message.html?_=1714273709088&CODE_STATE=getMsg HTTP/1.1" 200 27
116.238.97.31 - - [28/Apr/2024:11:08:30 +0800] "POST /xingrg/kc/base/wldb_order_operate.html HTTP/1.1" 200 6806
116.238.97.31 - - [28/Apr/2024:11:08:30 +0800] "GET /xingrg/javascript/easyui/themes/default/validatebox.css HTTP/1.1" 404 1104
116.238.97.31 - - [28/Apr/2024:11:08:33 +0800] "POST /xingrg/all/common/load_combo.html?type=base HTTP/1.1" 200 3321
116.237.77.239 - - [28/Apr/2024:11:08:34 +0800] "GET /xingrg/all/function/internal_message.html?_=1714273714600&CODE_STATE=getMsg HTTP/1.1" 200 27
116.238.97.31 - - [28/Apr/2024:11:08:38 +0800] "GET /xingrg/kc/base/wldb_order_operate.html?command=get_materiel&rest_code=00102&base_code=0010476&code=00101019111 HTTP/1.1" 200 467
180.164.6.225 - - [28/Apr/2024:11:08:40 +0800] "GET /xingrg/check_reg.html?_=1714273720839 HTTP/1.1" 200 22
180.164.6.225 - - [28/Apr/2024:11:08:41 +0800] "GET /xingrg/all/function/internal_message.html?_=1714273720840&CODE_STATE=getMsg HTTP/1.1" 200 27
116.237.77.239 - - [28/Apr/2024:11:08:42 +0800] "GET /xingrg/javascript/easyui/themes/default/tree.css HTTP/1.1" 404 1090
116.237.77.239 - - [28/Apr/2024:11:08:43 +0800] "POST /xingrg/all/common/load_tree.html?tree=supplier_tree_json&isDelete=1 HTTP/1.1" 200 79752
116.238.97.31 - - [28/Apr/2024:11:08:43 +0800] "GET /xingrg/kc/base/wldb_order_operate.html?command=get_materiel&rest_code=00102&base_code=0010476&code=00101019187 HTTP/1.1" 200 479
116.232.195.13 - - [28/Apr/2024:11:08:46 +0800] "GET /xingrg/all/function/internal_message.html?_=1714273711783&CODE_STATE=getMsg HTTP/1.1" 200 27
124.78.56.241 - - [28/Apr/2024:11:08:48 +0800] "GET /xingrg/all/function/internal_message.html?_=1714273728034&CODE_STATE=getMsg HTTP/1.1" 200 27
114.83.217.54 - - [28/Apr/2024:11:08:48 +0800] "GET /xingrg/all/function/internal_message.html?_=1714273728567&CODE_STATE=getMsg HTTP/1.1" 200 27
114.83.217.54 - - [28/Apr/2024:11:08:49 +0800] "GET /xingrg/check_reg.html?_=1714273729758 HTTP/1.1" 200 22
116.238.97.31 - - [28/Apr/2024:11:08:51 +0800] "GET /xingrg/all/function/internal_message.html?_=1714273766282&CODE_STATE=getMsg HTTP/1.1" 200 27
116.238.97.31 - - [28/Apr/2024:11:08:52 +0800] "GET /xingrg/kc/base/wldb_order_operate.html?command=get_materiel&rest_code=00102&base_code=0010476&code=00101019496 HTTP/1.1" 200 471
114.83.217.54 - - [28/Apr/2024:11:08:52 +0800] "GET /xingrg/all/function/internal_message.html?_=1714273733587&CODE_STATE=getMsg HTTP/1.1" 200 27
101.83.241.187 - - [28/Apr/2024:11:08:53 +0800] "GET /xingrg/all/function/internal_message.html?_=1714273733428&CODE_STATE=getMsg HTTP/1.1" 200 27
221.239.168.119 - - [28/Apr/2024:11:08:59 +0800] "GET /xingrg/check_reg.html?_=1714273735968 HTTP/1.1" 200 22
116.238.97.31 - - [28/Apr/2024:11:08:59 +0800] "GET /xingrg/kc/base/wldb_order_operate.html?command=get_materiel&rest_code=00102&base_code=0010476&code=00101027001 HTTP/1.1" 200 471
101.83.144.49 - - [28/Apr/2024:11:09:00 +0800] "GET /xingrg/all/function/internal_message.html?_=1714273741223&CODE_STATE=getMsg HTTP/1.1" 200 27
114.95.253.235 - - [28/Apr/2024:11:09:02 +0800] "GET /xingrg/all/function/internal_message.html?_=1714273742528&CODE_STATE=getMsg HTTP/1.1" 200 27
180.163.28.143 - - [28/Apr/2024:11:09:05 +0800] "GET /xingrg/index.html?sysBaseUrl=http://180.169.147.146:18081/xingrg/&costTime=926×tamp=1714266173292 HTTP/1.1" 302 -
180.163.28.143 - - [28/Apr/2024:11:09:05 +0800] "GET /xingrg/login.html HTTP/1.1" 200 7641
180.163.28.180 - - [28/Apr/2024:11:09:05 +0800] "GET /xingrg/all/function/internal_message.html?_=1714273352227&CODE_STATE=count HTTP/1.1" 302 -
180.163.28.180 - - [28/Apr/2024:11:09:05 +0800] "GET /xingrg/login.html HTTP/1.1" 200 7641
116.237.77.239 - - [28/Apr/2024:11:09:07 +0800] "GET /xingrg/kc/buy/cgsh_order_operate.html?command=get_materiel&rest_code=00106&code=00101004051&supplier_code=00100312&order_time=2024-04-28 HTTP/1.1" 200 408
180.169.147.146 - - [28/Apr/2024:11:09:07 +0800] "GET /xingrg/all/function/internal_message.html?_=1714273737187&CODE_STATE=getMsg HTTP/1.1" 200 27
116.238.97.31 - - [28/Apr/2024:11:09:09 +0800] "GET /xingrg/kc/base/wldb_order_operate.html?command=get_materiel&rest_code=00102&base_code=0010476&code=00101019073 HTTP/1.1" 200 475
116.238.97.31 - - [28/Apr/2024:11:09:14 +0800] "GET /xingrg/kc/base/wldb_order_operate.html?command=get_materiel&rest_code=00102&base_code=0010476&code=00101019536 HTTP/1.1" 200 470
116.237.77.239 - - [28/Apr/2024:11:09:16 +0800] "GET /xingrg/kc/buy/cgsh_order_operate.html?command=get_materiel&rest_code=00106&code=00101004067&supplier_code=00100312&order_time=2024-04-28 HTTP/1.1" 200 429
116.238.97.31 - - [28/Apr/2024:11:09:18 +0800] "GET /xingrg/all/function/internal_message.html?_=1714273758429&CODE_STATE=getMsg HTTP/1.1" 200 27
116.238.97.31 - - [28/Apr/2024:11:09:19 +0800] "GET /xingrg/kc/base/wldb_order_operate.html?command=get_materiel&rest_code=00102&base_code=0010476&code=00101019295 HTTP/1.1" 200 474
58.40.7.146 - - [28/Apr/2024:11:09:22 +0800] "GET /xingrg/all/function/internal_message.html?_=1714273762816&CODE_STATE=getMsg HTTP/1.1" 200 27
120.253.135.82 - - [28/Apr/2024:11:09:23 +0800] "GET /xingrg/all/function/internal_message.html?_=1714273611745&CODE_STATE=getMsg HTTP/1.1" 200 27
116.238.97.31 - - [28/Apr/2024:11:09:24 +0800] "GET /xingrg/kc/base/wldb_order_operate.html?command=get_materiel&rest_code=00102&base_code=0010476&code=00101019535 HTTP/1.1" 200 477
116.237.77.239 - - [28/Apr/2024:11:09:26 +0800] "GET /xingrg/kc/buy/cgsh_order_operate.html?command=get_materiel&rest_code=00106&code=00101001029&supplier_code=00100312&order_time=2024-04-28 HTTP/1.1" 200 417
222.70.183.82 - - [28/Apr/2024:11:09:28 +0800] "GET /xingrg/all/function/internal_message.html?_=1714273766838&CODE_STATE=getMsg HTTP/1.1" 200 27
116.238.97.31 - - [28/Apr/2024:11:09:29 +0800] "GET /xingrg/kc/base/wldb_order_operate.html?command=get_materiel&rest_code=00102&base_code=0010476&code=00101019071 HTTP/1.1" 200 471
114.95.253.235 - - [28/Apr/2024:11:09:30 +0800] "GET /xingrg/all/function/internal_message.html?_=1714273769094&CODE_STATE=getMsg HTTP/1.1" 200 27
116.238.97.31 - - [28/Apr/2024:11:09:33 +0800] "GET /xingrg/kc/base/wldb_order_operate.html?command=get_materiel&rest_code=00102&base_code=0010476&code=00101019391 HTTP/1.1" 200 485
116.237.77.239 - - [28/Apr/2024:11:09:34 +0800] "GET /xingrg/all/function/internal_message.html?_=1714273774573&CODE_STATE=getMsg HTTP/1.1" 200 27
116.237.77.239 - - [28/Apr/2024:11:09:37 +0800] "GET /xingrg/kc/buy/cgsh_order_operate.html?command=get_materiel&rest_code=00106&code=00101004023&supplier_code=00100312&order_time=2024-04-28 HTTP/1.1" 200 409
116.238.97.31 - - [28/Apr/2024:11:09:38 +0800] "GET /xingrg/kc/base/wldb_order_operate.html?command=get_materiel&rest_code=00102&base_code=0010476&code=00101019405 HTTP/1.1" 200 482
180.164.6.225 - - [28/Apr/2024:11:09:40 +0800] "GET /xingrg/all/function/internal_message.html?_=1714273780831&CODE_STATE=getMsg HTTP/1.1" 200 27
116.238.97.31 - - [28/Apr/2024:11:09:41 +0800] "GET /xingrg/kc/base/wldb_order_operate.html?command=get_materiel&rest_code=00102&base_code=0010476&code=00101019438 HTTP/1.1" 200 460
116.238.97.31 - - [28/Apr/2024:11:09:44 +0800] "GET /xingrg/kc/base/wldb_order_operate.html?command=get_materiel&rest_code=00102&base_code=0010476&code=00101016076 HTTP/1.1" 200 477
116.232.195.13 - - [28/Apr/2024:11:09:46 +0800] "GET /xingrg/all/function/internal_message.html?_=1714273771778&CODE_STATE=getMsg HTTP/1.1" 200 27
116.237.77.239 - - [28/Apr/2024:11:09:47 +0800] "GET /xingrg/kc/buy/cgsh_order_operate.html?command=get_materiel&rest_code=00106&code=00101005017&supplier_code=00100312&order_time=2024-04-28 HTTP/1.1" 200 409
124.78.56.241 - - [28/Apr/2024:11:09:48 +0800] "GET /xingrg/all/function/internal_message.html?_=1714273788013&CODE_STATE=getMsg HTTP/1.1" 200 27
114.83.217.54 - - [28/Apr/2024:11:09:48 +0800] "GET /xingrg/all/function/internal_message.html?_=1714273788545&CODE_STATE=getMsg HTTP/1.1" 200 27
116.238.97.31 - - [28/Apr/2024:11:09:51 +0800] "GET /xingrg/all/function/internal_message.html?_=1714273826269&CODE_STATE=getMsg HTTP/1.1" 200 27
116.238.97.31 - - [28/Apr/2024:11:09:51 +0800] "GET /xingrg/check_reg.html?_=1714273826272 HTTP/1.1" 200 22
116.238.97.31 - - [28/Apr/2024:11:09:52 +0800] "GET /xingrg/kc/base/wldb_order_operate.html?command=get_materiel&rest_code=00102&base_code=0010476&code=00101019315 HTTP/1.1" 200 475
114.83.217.54 - - [28/Apr/2024:11:09:52 +0800] "GET /xingrg/all/function/internal_message.html?_=1714273793564&CODE_STATE=getMsg HTTP/1.1" 200 27
101.83.241.187 - - [28/Apr/2024:11:09:53 +0800] "GET /xingrg/all/function/internal_message.html?_=1714273793420&CODE_STATE=getMsg HTTP/1.1" 200 27
101.83.241.187 - - [28/Apr/2024:11:09:53 +0800] "GET /xingrg/check_reg.html?_=1714273793879 HTTP/1.1" 200 22
114.95.253.235 - - [28/Apr/2024:11:09:59 +0800] "POST /xingrg/kc/buy/cgsh_order_operate.html HTTP/1.1" 200 37
101.83.144.49 - - [28/Apr/2024:11:10:00 +0800] "GET /xingrg/all/function/internal_message.html?_=1714273801201&CODE_STATE=getMsg HTTP/1.1" 200 27
114.95.253.235 - - [28/Apr/2024:11:10:02 +0800] "GET /xingrg/all/function/internal_message.html?_=1714273802506&CODE_STATE=getMsg HTTP/1.1" 200 27
180.169.147.146 - - [28/Apr/2024:11:10:07 +0800] "GET /xingrg/all/function/internal_message.html?_=1714273797171&CODE_STATE=getMsg HTTP/1.1" 200 27
116.237.77.239 - - [28/Apr/2024:11:10:07 +0800] "POST /xingrg/kc/buy/cgsh_order_operate.html HTTP/1.1" 200 37
114.95.253.235 - - [28/Apr/2024:11:10:09 +0800] "POST /xingrg/kc/buy/cgsh_order_operate.html HTTP/1.1" 200 12
116.237.77.239 - - [28/Apr/2024:11:10:15 +0800] "POST /xingrg/kc/buy/cgsh_order_operate.html HTTP/1.1" 200 12
114.95.253.235 - - [28/Apr/2024:11:10:17 +0800] "GET /xingrg/kc/buy/cgsh_order_info.html?code=212024042807797 HTTP/1.1" 200 69082
114.95.253.235 - - [28/Apr/2024:11:10:17 +0800] "GET /xingrg/javascript/easyui/themes/default/validatebox.css HTTP/1.1" 404 1104
116.238.97.31 - - [28/Apr/2024:11:10:18 +0800] "GET /xingrg/all/function/internal_message.html?_=1714273818456&CODE_STATE=getMsg HTTP/1.1" 200 27
114.83.217.54 - - [28/Apr/2024:11:10:18 +0800] "GET /xingrg/check_reg.html?_=1714273819105 HTTP/1.1" 200 22
114.95.253.235 - - [28/Apr/2024:11:10:18 +0800] "POST /xingrg/kc/buy/cgsh_order_operate.html HTTP/1.1" 200 1213
114.95.253.235 - - [28/Apr/2024:11:10:20 +0800] "GET /xingrg/kc/print/load_data.html?order_code=212024042807797&kc_code=cgsh&condition= HTTP/1.1" 200 952
58.40.7.146 - - [28/Apr/2024:11:10:22 +0800] "GET /xingrg/check_reg.html?_=1714273822806 HTTP/1.1" 200 22
58.40.7.146 - - [28/Apr/2024:11:10:22 +0800] "GET /xingrg/all/function/internal_message.html?_=1714273822807&CODE_STATE=getMsg HTTP/1.1" 200 27
120.253.135.82 - - [28/Apr/2024:11:10:23 +0800] "GET /xingrg/all/function/internal_message.html?_=1714273671762&CODE_STATE=getMsg HTTP/1.1" 200 27
222.70.183.82 - - [28/Apr/2024:11:10:28 +0800] "GET /xingrg/check_reg.html?_=1714273826833 HTTP/1.1" 200 22
222.70.183.82 - - [28/Apr/2024:11:10:29 +0800] "GET /xingrg/all/function/internal_message.html?_=1714273826834&CODE_STATE=getMsg HTTP/1.1" 200 27
114.95.253.235 - - [28/Apr/2024:11:10:30 +0800] "GET /xingrg/all/function/internal_message.html?_=1714273829081&CODE_STATE=getMsg HTTP/1.1" 200 27
114.95.253.235 - - [28/Apr/2024:11:10:30 +0800] "GET /xingrg/check_reg.html?_=1714273829082 HTTP/1.1" 200 22
180.163.30.100 - - [28/Apr/2024:11:10:35 +0800] "GET /xingrg/all/function/internal_message.html?_=1714273774573&CODE_STATE=getMsg HTTP/1.1" 302 -
180.163.30.100 - - [28/Apr/2024:11:10:35 +0800] "GET /xingrg/login.html HTTP/1.1" 200 7641
180.169.147.146 - - [28/Apr/2024:11:10:40 +0800] "GET /xingrg/index.html?sysBaseUrl=http%3A%2F%2F180.169.147.146%3A18081%2Fxingrg%2F&costTime=39×tamp=1592034574635 HTTP/1.1" 302 -
180.169.147.146 - - [28/Apr/2024:11:10:40 +0800] "GET /xingrg/login.html HTTP/1.1" 200 7641
116.237.77.239 - - [28/Apr/2024:11:10:40 +0800] "GET /xingrg/kc/buy/cgsh_order_info.html?code=212024042807798 HTTP/1.1" 200 69040
116.237.77.239 - - [28/Apr/2024:11:10:40 +0800] "GET /xingrg/javascript/easyui/themes/default/validatebox.css HTTP/1.1" 404 1104
180.169.147.146 - - [28/Apr/2024:11:10:40 +0800] "GET /favicon.ico HTTP/1.1" 404 -
180.164.6.225 - - [28/Apr/2024:11:10:41 +0800] "GET /xingrg/all/function/internal_message.html?_=1714273840845&CODE_STATE=getMsg HTTP/1.1" 200 27
116.237.77.239 - - [28/Apr/2024:11:10:42 +0800] "POST /xingrg/kc/buy/cgsh_order_operate.html HTTP/1.1" 200 2975
180.169.147.146 - - [28/Apr/2024:11:10:42 +0800] "POST /xingrg/login.do HTTP/1.1" 302 -
180.169.147.146 - - [28/Apr/2024:11:10:43 +0800] "GET /xingrg/index.html?sysBaseUrl=http%3A%2F%2F180.169.147.146%3A18081%2Fxingrg%2F&costTime=1015×tamp=1714273842945 HTTP/1.1" 200 17503
180.169.147.146 - - [28/Apr/2024:11:10:43 +0800] "GET /favicon.ico HTTP/1.1" 404 -
180.169.147.146 - - [28/Apr/2024:11:10:43 +0800] "POST /xingrg/all/common/load_tree.html?tree=area_rest_tree_json&manage=1 HTTP/1.1" 200 3624
180.169.147.146 - - [28/Apr/2024:11:10:43 +0800] "GET /xingrg/check_reg.html?_=1714273843395 HTTP/1.1" 200 22
180.169.147.146 - - [28/Apr/2024:11:10:43 +0800] "GET /xingrg/all/function/internal_message.html?_=1714273843395&CODE_STATE=count HTTP/1.1" 200 11
180.169.147.146 - - [28/Apr/2024:11:10:43 +0800] "POST /xingrg/load_menu.html HTTP/1.1" 200 11564
180.169.147.146 - - [28/Apr/2024:11:10:44 +0800] "GET /xingrg/kc/report/report_main.html HTTP/1.1" 200 8599
180.169.147.146 - - [28/Apr/2024:11:10:46 +0800] "GET /xingrg/all/report/report_query.html?fileName=kc/buy/gys_amount_base_rest.xml HTTP/1.1" 200 51664
180.169.147.146 - - [28/Apr/2024:11:10:46 +0800] "GET /xingrg/dwr/interface/AjaxReportQueryService.js HTTP/1.1" 200 13203
180.169.147.146 - - [28/Apr/2024:11:10:46 +0800] "GET /xingrg/dwr/engine.js HTTP/1.1" 200 43631
180.169.147.146 - - [28/Apr/2024:11:10:46 +0800] "POST /xingrg/dwr/call/plaincall/AjaxReportQueryService.getFixDate.dwr HTTP/1.1" 200 111
180.169.147.146 - - [28/Apr/2024:11:10:46 +0800] "POST /xingrg/all/common/load_tree.html?tree=area_rest_tree_json&manage=1 HTTP/1.1" 200 3624
116.232.195.13 - - [28/Apr/2024:11:10:46 +0800] "GET /xingrg/all/function/internal_message.html?_=1714273831784&CODE_STATE=getMsg HTTP/1.1" 200 27
180.169.147.146 - - [28/Apr/2024:11:10:47 +0800] "POST /xingrg/all/common/load_tree.html?tree=supplier_tree_json&manage=1 HTTP/1.1" 200 82167
124.78.56.241 - - [28/Apr/2024:11:10:48 +0800] "GET /xingrg/all/function/internal_message.html?_=1714273847994&CODE_STATE=getMsg HTTP/1.1" 200 27
114.83.217.54 - - [28/Apr/2024:11:10:48 +0800] "GET /xingrg/all/function/internal_message.html?_=1714273848521&CODE_STATE=getMsg HTTP/1.1" 200 27
180.169.147.146 - - [28/Apr/2024:11:10:49 +0800] "GET /xingrg/check_reg.html?_=1714273838590 HTTP/1.1" 200 22
180.169.147.146 - - [28/Apr/2024:11:10:49 +0800] "POST /xingrg/dwr/call/plaincall/AjaxReportQueryService.getFixDate.dwr HTTP/1.1" 200 111
116.238.97.31 - - [28/Apr/2024:11:10:51 +0800] "GET /xingrg/all/function/internal_message.html?_=1714273886275&CODE_STATE=getMsg HTTP/1.1" 200 27
114.83.217.54 - - [28/Apr/2024:11:10:52 +0800] "GET /xingrg/all/function/internal_message.html?_=1714273853552&CODE_STATE=getMsg HTTP/1.1" 200 27
101.83.241.187 - - [28/Apr/2024:11:10:53 +0800] "GET /xingrg/all/function/internal_message.html?_=1714273853402&CODE_STATE=getMsg HTTP/1.1" 200 27
180.169.147.146 - - [28/Apr/2024:11:10:55 +0800] "POST /xingrg/all/user/operate.html HTTP/1.1" 200 36
180.169.147.146 - - [28/Apr/2024:11:10:56 +0800] "GET /xingrg/index.html?sysBaseUrl=http%3A%2F%2F180.169.147.146%3A18081%2Fxingrg%2F&costTime=1015×tamp=1714273842945 HTTP/1.1" 200 17507
180.169.147.146 - - [28/Apr/2024:11:10:56 +0800] "GET /xingrg/javascript/jquery_easy_ui/themes/default/easyui.css HTTP/1.1" 304 -
180.169.147.146 - - [28/Apr/2024:11:10:56 +0800] "GET /xingrg/javascript/jquery_easy_ui/themes/icon.css HTTP/1.1" 304 -
180.169.147.146 - - [28/Apr/2024:11:10:56 +0800] "GET /xingrg/css/form.css HTTP/1.1" 304 -
180.169.147.146 - - [28/Apr/2024:11:10:56 +0800] "GET /xingrg/javascript/jquery-1.4.2.min.js HTTP/1.1" 304 -
180.169.147.146 - - [28/Apr/2024:11:10:56 +0800] "GET /xingrg/javascript/jquery_easy_ui/jquery.easyui.min.js HTTP/1.1" 304 -
180.169.147.146 - - [28/Apr/2024:11:10:56 +0800] "GET /xingrg/javascript/jquery_easy_ui/easyui-lang-zh_CN.js HTTP/1.1" 304 -
180.169.147.146 - - [28/Apr/2024:11:10:56 +0800] "GET /xingrg/javascript/jquery.form.js HTTP/1.1" 304 -
180.169.147.146 - - [28/Apr/2024:11:10:56 +0800] "GET /xingrg/javascript/jquery.utils.js HTTP/1.1" 304 -
180.169.147.146 - - [28/Apr/2024:11:10:56 +0800] "GET /xingrg/javascript/jquery.timers.js HTTP/1.1" 304 -
180.169.147.146 - - [28/Apr/2024:11:10:56 +0800] "GET /xingrg/images/blue/jxLogo.png HTTP/1.1" 304 -
180.169.147.146 - - [28/Apr/2024:11:10:56 +0800] "GET /xingrg/images/blue/navBackgound.jpg HTTP/1.1" 304 -
180.169.147.146 - - [28/Apr/2024:11:10:56 +0800] "GET /xingrg/javascript/jquery_easy_ui/themes/icons/settle_new.png HTTP/1.1" 304 -
180.169.147.146 - - [28/Apr/2024:11:10:56 +0800] "GET /xingrg/all/function/internal_message.html?_=1714273856411&CODE_STATE=count HTTP/1.1" 200 11
180.169.147.146 - - [28/Apr/2024:11:10:56 +0800] "GET /xingrg/check_reg.html?_=1714273856412 HTTP/1.1" 200 22
180.169.147.146 - - [28/Apr/2024:11:10:56 +0800] "GET /xingrg/javascript/jquery_easy_ui/themes/default/images/panel_tool_expand.gif HTTP/1.1" 304 -
180.169.147.146 - - [28/Apr/2024:11:10:56 +0800] "GET /xingrg/images/blue/pingpu.png HTTP/1.1" 304 -
180.169.147.146 - - [28/Apr/2024:11:10:56 +0800] "GET /xingrg/javascript/jquery_easy_ui/themes/default/images/panel_tool_collapse.gif HTTP/1.1" 304 -
180.169.147.146 - - [28/Apr/2024:11:10:56 +0800] "GET /xingrg/javascript/jquery_easy_ui/themes/default/images/tabs_leftarrow.png HTTP/1.1" 304 -
180.169.147.146 - - [28/Apr/2024:11:10:56 +0800] "GET /xingrg/javascript/jquery_easy_ui/themes/default/images/tabs_rightarrow.png HTTP/1.1" 304 -
180.169.147.146 - - [28/Apr/2024:11:10:56 +0800] "POST /xingrg/all/common/load_tree.html?tree=area_rest_tree_json&manage=1 HTTP/1.1" 200 3624
180.169.147.146 - - [28/Apr/2024:11:10:56 +0800] "POST /xingrg/load_menu.html HTTP/1.1" 200 9959
180.169.147.146 - - [28/Apr/2024:11:10:57 +0800] "GET /xingrg/kc/report/report_main.html HTTP/1.1" 200 7340
101.83.144.49 - - [28/Apr/2024:11:11:00 +0800] "GET /xingrg/all/function/internal_message.html?_=1714273861170&CODE_STATE=getMsg HTTP/1.1" 200 27
180.169.147.146 - - [28/Apr/2024:11:11:01 +0800] "GET /xingrg/all/report/report_query.html?fileName=kc/buy/gys_amount.xml&rh=99999 HTTP/1.1" 200 52006
180.169.147.146 - - [28/Apr/2024:11:11:01 +0800] "GET /xingrg/dwr/interface/AjaxReportQueryService.js HTTP/1.1" 200 13203
180.169.147.146 - - [28/Apr/2024:11:11:01 +0800] "GET /xingrg/dwr/engine.js HTTP/1.1" 200 43631
180.169.147.146 - - [28/Apr/2024:11:11:01 +0800] "POST /xingrg/dwr/call/plaincall/AjaxReportQueryService.getFixDate.dwr HTTP/1.1" 200 111
114.95.253.235 - - [28/Apr/2024:11:11:02 +0800] "GET /xingrg/all/function/internal_message.html?_=1714273862524&CODE_STATE=getMsg HTTP/1.1" 200 27
180.169.147.146 - - [28/Apr/2024:11:11:02 +0800] "POST /xingrg/dwr/call/plaincall/AjaxReportQueryService.getInitString.dwr HTTP/1.1" 200 426
180.169.147.146 - - [28/Apr/2024:11:11:02 +0800] "POST /xingrg/all/common/load_tree.html?tree=materiel_sort_tree_json HTTP/1.1" 200 9734
180.169.147.146 - - [28/Apr/2024:11:11:02 +0800] "POST /xingrg/all/common/load_tree.html?tree=supplier_tree_json&manage=1 HTTP/1.1" 200 82167
180.169.147.146 - - [28/Apr/2024:11:11:05 +0800] "POST /xingrg/dwr/call/plaincall/AjaxReportQueryService.getFixDate.dwr HTTP/1.1" 200 111
180.169.147.146 - - [28/Apr/2024:11:11:07 +0800] "POST /xingrg/dwr/call/plaincall/AjaxReportQueryService.refreshCache.dwr HTTP/1.1" 200 78
180.169.147.146 - - [28/Apr/2024:11:11:07 +0800] "GET /xingrg/all/function/internal_message.html?_=1714273857155&CODE_STATE=getMsg HTTP/1.1" 200 27
180.169.147.146 - - [28/Apr/2024:11:11:10 +0800] "POST /xingrg/all/report/load_report_page.html HTTP/1.1" 200 20660
180.169.147.146 - - [28/Apr/2024:11:11:10 +0800] "GET /xingrg/servlets/image?cache=0.8238896691086585&image=px HTTP/1.1" 200 807
116.238.97.31 - - [28/Apr/2024:11:11:18 +0800] "GET /xingrg/all/function/internal_message.html?_=1714273878434&CODE_STATE=getMsg HTTP/1.1" 200 27
116.238.97.31 - - [28/Apr/2024:11:11:19 +0800] "GET /xingrg/kc/base/wldb_order_operate.html?command=get_materiel&rest_code=00102&base_code=0010476&code=00101019373 HTTP/1.1" 200 466
58.40.7.146 - - [28/Apr/2024:11:11:22 +0800] "GET /xingrg/all/function/internal_message.html?_=1714273882799&CODE_STATE=getMsg HTTP/1.1" 200 27
116.238.97.31 - - [28/Apr/2024:11:11:23 +0800] "GET /xingrg/kc/base/wldb_order_operate.html?command=get_materiel&rest_code=00102&base_code=0010476&code=00101019374 HTTP/1.1" 200 467
120.253.135.82 - - [28/Apr/2024:11:11:23 +0800] "GET /xingrg/all/function/internal_message.html?_=1714273731846&CODE_STATE=getMsg HTTP/1.1" 200 27
180.169.147.146 - - [28/Apr/2024:11:11:24 +0800] "GET /xingrg/all/report/report_query.html?isQuery=1&fileName=kc/buy/wlcg_cate_hz.xml&queryString=(CONVERT(char(10)%252Ca.order_time%252C%2520120)%253E%253D'2024-03-01')%2520and%2520(CONVERT(char(10)%252Ca.order_time%252C%2520120)%253C%253D'2024-03-31')%2520and%2520(a.number%253E0%2520and%2520a.supplier_code%253D'00100590')&queryText=%25E3%2580%2590%25E9%2587%2587%25E8%25B4%25AD%25E6%2597%25A5%25E6%259C%259F%253A2024-03-01%2520%25E8%2587%25B3%25202024-03-31%25E3%2580%2591%2520%25E5%25B9%25B6%25E4%25B8%2594%2520%25E3%2580%2590%25E4%25BE%259B%25E5%25BA%2594%25E5%2595%2586%253D%25E8%258C%2583%25E7%25A5%2596%25E7%25BB%25B4%25EF%25BC%2588%25E8%2594%25AC%25E8%258F%259C%25EF%25BC%2589%25E3%2580%2591 HTTP/1.1" 200 54374
180.169.147.146 - - [28/Apr/2024:11:11:24 +0800] "GET /xingrg/dwr/interface/AjaxReportQueryService.js HTTP/1.1" 200 13203
180.169.147.146 - - [28/Apr/2024:11:11:24 +0800] "GET /xingrg/dwr/engine.js HTTP/1.1" 200 43631
222.70.183.82 - - [28/Apr/2024:11:11:25 +0800] "GET /xingrg/kc/buy/cgsh_order_operate.html?command=get_materiel&rest_code=00111&code=00101007109&supplier_code=00100037&order_time=2024-04-28 HTTP/1.1" 200 408
180.169.147.146 - - [28/Apr/2024:11:11:27 +0800] "POST /xingrg/all/report/load_report_page.html HTTP/1.1" 200 8714
180.169.147.146 - - [28/Apr/2024:11:11:27 +0800] "GET /xingrg/servlets/image?cache=0.6544406838050619&image=px HTTP/1.1" 200 807
222.70.183.82 - - [28/Apr/2024:11:11:28 +0800] "GET /xingrg/all/function/internal_message.html?_=1714273886834&CODE_STATE=getMsg HTTP/1.1" 200 27
114.95.253.235 - - [28/Apr/2024:11:11:30 +0800] "GET /xingrg/all/function/internal_message.html?_=1714273889099&CODE_STATE=getMsg HTTP/1.1" 200 27
116.238.97.31 - - [28/Apr/2024:11:11:30 +0800] "GET /xingrg/kc/base/wldb_order_operate.html?command=get_materiel&rest_code=00102&base_code=0010476&code=00101016028 HTTP/1.1" 200 431
180.169.147.146 - - [28/Apr/2024:11:11:31 +0800] "POST /xingrg/dwr/call/plaincall/AjaxReportQueryService.refreshCache.dwr HTTP/1.1" 200 78
116.237.77.239 - - [28/Apr/2024:11:11:34 +0800] "GET /xingrg/all/function/internal_message.html?_=1714273894584&CODE_STATE=getMsg HTTP/1.1" 200 27
180.169.147.146 - - [28/Apr/2024:11:11:35 +0800] "POST /xingrg/all/report/load_report_page.html HTTP/1.1" 200 18262
180.169.147.146 - - [28/Apr/2024:11:11:35 +0800] "GET /xingrg/servlets/image?cache=0.7327952605772926&image=px HTTP/1.1" 200 807
180.169.147.146 - - [28/Apr/2024:11:11:38 +0800] "GET /xingrg/all/report/report_query.html?isQuery=1&fileName=kc/buy/wlcg_cate_hz.xml&queryString=(CONVERT(char(10)%252Ca.order_time%252C%2520120)%253E%253D'2024-03-01')%2520and%2520(CONVERT(char(10)%252Ca.order_time%252C%2520120)%253C%253D'2024-03-15')%2520and%2520(a.number%253E0%2520and%2520a.supplier_code%253D'00100590')&queryText=%25E3%2580%2590%25E9%2587%2587%25E8%25B4%25AD%25E6%2597%25A5%25E6%259C%259F%253A2024-03-01%2520%25E8%2587%25B3%25202024-03-15%25E3%2580%2591%2520%25E5%25B9%25B6%25E4%25B8%2594%2520%25E3%2580%2590%25E4%25BE%259B%25E5%25BA%2594%25E5%2595%2586%253D%25E8%258C%2583%25E7%25A5%2596%25E7%25BB%25B4%25EF%25BC%2588%25E8%2594%25AC%25E8%258F%259C%25EF%25BC%2589%25E3%2580%2591 HTTP/1.1" 200 54374
180.169.147.146 - - [28/Apr/2024:11:11:38 +0800] "GET /xingrg/dwr/interface/AjaxReportQueryService.js HTTP/1.1" 200 13203
180.169.147.146 - - [28/Apr/2024:11:11:38 +0800] "GET /xingrg/dwr/engine.js HTTP/1.1" 200 43631
180.164.6.225 - - [28/Apr/2024:11:11:40 +0800] "GET /xingrg/all/function/internal_message.html?_=1714273900842&CODE_STATE=getMsg HTTP/1.1" 200 27
180.169.147.146 - - [28/Apr/2024:11:11:41 +0800] "POST /xingrg/all/report/load_report_page.html HTTP/1.1" 200 8712
180.169.147.146 - - [28/Apr/2024:11:11:41 +0800] "GET /xingrg/servlets/image?cache=0.2811586104535235&image=px HTTP/1.1" 200 807
180.169.147.146 - - [28/Apr/2024:11:11:43 +0800] "POST /xingrg/all/report/load_report_page.html HTTP/1.1" 200 120291
180.169.147.146 - - [28/Apr/2024:11:11:43 +0800] "GET /xingrg/servlets/image?cache=0.7732499685268104&image=px HTTP/1.1" 200 807
116.238.97.31 - - [28/Apr/2024:11:11:45 +0800] "GET /xingrg/kc/base/wldb_order_operate.html?command=get_materiel&rest_code=00102&base_code=0010476&code=00101019275 HTTP/1.1" 200 482
116.232.195.13 - - [28/Apr/2024:11:11:46 +0800] "GET /xingrg/all/function/internal_message.html?_=1714273891774&CODE_STATE=getMsg HTTP/1.1" 200 27
124.78.56.241 - - [28/Apr/2024:11:11:47 +0800] "GET /xingrg/all/function/internal_message.html?_=1714273907973&CODE_STATE=getMsg HTTP/1.1" 200 27
114.83.217.54 - - [28/Apr/2024:11:11:48 +0800] "GET /xingrg/all/function/internal_message.html?_=1714273908495&CODE_STATE=getMsg HTTP/1.1" 200 27
116.238.97.31 - - [28/Apr/2024:11:11:50 +0800] "GET /xingrg/kc/base/wldb_order_operate.html?command=get_materiel&rest_code=00102&base_code=0010476&code=00101019401 HTTP/1.1" 200 474
116.238.97.31 - - [28/Apr/2024:11:11:51 +0800] "GET /xingrg/all/function/internal_message.html?_=1714273946278&CODE_STATE=getMsg HTTP/1.1" 200 27
116.238.97.31 - - [28/Apr/2024:11:11:51 +0800] "POST /xingrg/kc/base/wldb_order_operate.html HTTP/1.1" 200 1710
120.253.135.82 - - [28/Apr/2024:11:11:52 +0800] "GET /xingrg/check_reg.html?_=1714273760988 HTTP/1.1" 200 22
114.83.217.54 - - [28/Apr/2024:11:11:52 +0800] "GET /xingrg/all/function/internal_message.html?_=1714273913537&CODE_STATE=getMsg HTTP/1.1" 200 27
101.83.241.187 - - [28/Apr/2024:11:11:53 +0800] "GET /xingrg/all/function/internal_message.html?_=1714273913376&CODE_STATE=getMsg HTTP/1.1" 200 27
116.238.97.31 - - [28/Apr/2024:11:11:55 +0800] "GET /xingrg/kc/base/wldb_order_operate.html?command=get_materiel&rest_code=00102&base_code=0010476&code=00101019010 HTTP/1.1" 200 466
180.169.147.146 - - [28/Apr/2024:11:11:56 +0800] "GET /xingrg/all/function/internal_message.html?_=1714273916427&CODE_STATE=getMsg HTTP/1.1" 200 27
116.238.97.31 - - [28/Apr/2024:11:11:59 +0800] "GET /xingrg/kc/base/wldb_order_add.html HTTP/1.1" 200 30378
116.238.97.31 - - [28/Apr/2024:11:11:59 +0800] "POST /xingrg/kc/base/wldb_order_operate.html HTTP/1.1" 200 6806
116.238.97.31 - - [28/Apr/2024:11:11:59 +0800] "GET /xingrg/javascript/easyui/themes/default/validatebox.css HTTP/1.1" 404 1104
101.83.144.49 - - [28/Apr/2024:11:12:00 +0800] "GET /xingrg/all/function/internal_message.html?_=1714273921152&CODE_STATE=getMsg HTTP/1.1" 200 27
180.163.30.27 - - [28/Apr/2024:11:12:00 +0800] "GET /xingrg/check_reg.html?_=1714270675258 HTTP/1.1" 302 -
180.163.30.27 - - [28/Apr/2024:11:12:00 +0800] "GET /xingrg/login.html HTTP/1.1" 200 7641
116.238.97.31 - - [28/Apr/2024:11:12:01 +0800] "POST /xingrg/all/common/load_combo.html?type=base HTTP/1.1" 200 3321
114.95.253.235 - - [28/Apr/2024:11:12:02 +0800] "GET /xingrg/check_reg.html?_=1714273922515 HTTP/1.1" 200 22
114.95.253.235 - - [28/Apr/2024:11:12:02 +0800] "GET /xingrg/all/function/internal_message.html?_=1714273922519&CODE_STATE=getMsg HTTP/1.1" 200 27
116.238.97.31 - - [28/Apr/2024:11:12:05 +0800] "GET /xingrg/kc/base/wldb_order_operate.html?command=get_materiel&rest_code=00102&base_code=0010476&code=00101013225 HTTP/1.1" 200 449
180.169.147.146 - - [28/Apr/2024:11:12:07 +0800] "GET /xingrg/all/function/internal_message.html?_=1714273917138&CODE_STATE=getMsg HTTP/1.1" 200 27
116.238.97.31 - - [28/Apr/2024:11:12:08 +0800] "GET /xingrg/kc/base/wldb_order_operate.html?command=get_materiel&rest_code=00102&base_code=0010476&code=00101019222 HTTP/1.1" 200 451
116.238.97.31 - - [28/Apr/2024:11:12:13 +0800] "GET /xingrg/kc/base/wldb_order_operate.html?command=get_materiel&rest_code=00102&base_code=0010476&code=00101019469 HTTP/1.1" 200 454
116.238.97.31 - - [28/Apr/2024:11:12:16 +0800] "GET /xingrg/kc/base/wldb_order_operate.html?command=get_materiel&rest_code=00102&base_code=0010476&code=00101016001 HTTP/1.1" 200 458
180.163.30.27 - - [28/Apr/2024:11:12:16 +0800] "GET /xingrg/kc/buy/cgsh_order_operate.html?command=get_materiel&rest_code=00106&code=00101001044&supplier_code=00100090&order_time=2024-04-28 HTTP/1.1" 302 -
180.163.30.27 - - [28/Apr/2024:11:12:16 +0800] "GET /xingrg/login.html HTTP/1.1" 200 7641
180.169.147.146 - - [28/Apr/2024:11:12:17 +0800] "GET /xingrg/check_reg.html?_=1714273926658 HTTP/1.1" 200 22
116.238.97.31 - - [28/Apr/2024:11:12:18 +0800] "GET /xingrg/all/function/internal_message.html?_=1714273938422&CODE_STATE=getMsg HTTP/1.1" 200 27
116.238.97.31 - - [28/Apr/2024:11:12:21 +0800] "GET /xingrg/kc/base/wldb_order_operate.html?command=get_materiel&rest_code=00102&base_code=0010476&code=00101016065 HTTP/1.1" 200 467
58.40.7.146 - - [28/Apr/2024:11:12:22 +0800] "GET /xingrg/all/function/internal_message.html?_=1714273942816&CODE_STATE=getMsg HTTP/1.1" 200 27
120.253.135.82 - - [28/Apr/2024:11:12:23 +0800] "GET /xingrg/all/function/internal_message.html?_=1714273791864&CODE_STATE=getMsg HTTP/1.1" 200 27
222.70.183.82 - - [28/Apr/2024:11:12:23 +0800] "GET /xingrg/kc/buy/cgsh_order_operate.html?command=get_materiel&rest_code=00111&code=00101040102&supplier_code=00100037&order_time=2024-04-28 HTTP/1.1" 200 412
116.238.97.31 - - [28/Apr/2024:11:12:25 +0800] "GET /xingrg/kc/base/wldb_order_operate.html?command=get_materiel&rest_code=00102&base_code=0010476&code=00101016064 HTTP/1.1" 200 467
222.70.183.82 - - [28/Apr/2024:11:12:29 +0800] "GET /xingrg/all/function/internal_message.html?_=1714273946838&CODE_STATE=getMsg HTTP/1.1" 200 27
114.95.253.235 - - [28/Apr/2024:11:12:30 +0800] "GET /xingrg/all/function/internal_message.html?_=1714273949096&CODE_STATE=getMsg HTTP/1.1" 200 27
116.238.97.31 - - [28/Apr/2024:11:12:31 +0800] "GET /xingrg/kc/base/wldb_order_operate.html?command=get_materiel&rest_code=00102&base_code=0010476&code=00101019199 HTTP/1.1" 200 472
116.237.77.239 - - [28/Apr/2024:11:12:32 +0800] "GET /xingrg/check_reg.html?_=1714273952249 HTTP/1.1" 200 22
222.70.183.82 - - [28/Apr/2024:11:12:32 +0800] "GET /xingrg/kc/buy/cgsh_order_operate.html?command=get_materiel&rest_code=00111&code=00101019435&supplier_code=00100037&order_time=2024-04-28 HTTP/1.1" 200 417
116.237.77.239 - - [28/Apr/2024:11:12:34 +0800] "GET /xingrg/all/function/internal_message.html?_=1714273954563&CODE_STATE=getMsg HTTP/1.1" 200 27
116.238.97.31 - - [28/Apr/2024:11:12:36 +0800] "GET /xingrg/kc/base/wldb_order_operate.html?command=get_materiel&rest_code=00102&base_code=0010476&code=00102012003 HTTP/1.1" 200 444
180.164.6.225 - - [28/Apr/2024:11:12:40 +0800] "GET /xingrg/all/function/internal_message.html?_=1714273960836&CODE_STATE=getMsg HTTP/1.1" 200 27
180.163.29.217 - - [28/Apr/2024:11:12:42 +0800] "GET /xingrg/kc/print/load_data.html?order_code=212024042807794&kc_code=cgsh&condition= HTTP/1.1" 302 -
180.163.29.217 - - [28/Apr/2024:11:12:42 +0800] "GET /xingrg/login.html HTTP/1.1" 200 7641
116.232.195.13 - - [28/Apr/2024:11:12:46 +0800] "GET /xingrg/all/function/internal_message.html?_=1714273951789&CODE_STATE=getMsg HTTP/1.1" 200 27
116.232.195.13 - - [28/Apr/2024:11:12:46 +0800] "GET /xingrg/check_reg.html?_=1714273951789 HTTP/1.1" 200 22
222.70.183.82 - - [28/Apr/2024:11:12:47 +0800] "GET /xingrg/kc/buy/cgsh_order_operate.html?command=get_materiel&rest_code=00111&code=00101012051&supplier_code=00100037&order_time=2024-04-28 HTTP/1.1" 200 408
124.78.56.241 - - [28/Apr/2024:11:12:47 +0800] "GET /xingrg/all/function/internal_message.html?_=1714273967963&CODE_STATE=getMsg HTTP/1.1" 200 27
114.83.217.54 - - [28/Apr/2024:11:12:48 +0800] "GET /xingrg/all/function/internal_message.html?_=1714273968467&CODE_STATE=getMsg HTTP/1.1" 200 27
116.238.97.31 - - [28/Apr/2024:11:12:51 +0800] "GET /xingrg/all/function/internal_message.html?_=1714274006283&CODE_STATE=getMsg HTTP/1.1" 200 27
114.83.217.54 - - [28/Apr/2024:11:12:52 +0800] "GET /xingrg/all/function/internal_message.html?_=1714273973517&CODE_STATE=getMsg HTTP/1.1" 200 27
