120.253.135.82 - - [28/Apr/2024:10:57:22 +0800] "GET /xingrg/all/function/internal_message.html?_=1714272891263&CODE_STATE=getMsg HTTP/1.1" 200 27
180.169.147.146 - - [28/Apr/2024:10:57:25 +0800] "GET /xingrg/all/function/internal_message.html?_=1714273045463&CODE_STATE=getMsg HTTP/1.1" 200 27
114.95.253.235 - - [28/Apr/2024:10:57:30 +0800] "GET /xingrg/all/function/internal_message.html?_=1714273049089&CODE_STATE=getMsg HTTP/1.1" 200 27
120.253.135.82 - - [28/Apr/2024:10:57:30 +0800] "GET /xingrg/all/function/internal_message.html?_=1714273231997&CODE_STATE=getMsg HTTP/1.1" 200 27
116.238.97.31 - - [28/Apr/2024:10:57:38 +0800] "GET /xingrg/all/function/internal_message.html?_=1714273058851&CODE_STATE=getMsg HTTP/1.1" 200 27
116.238.97.31 - - [28/Apr/2024:10:57:39 +0800] "GET /xingrg/check_reg.html?_=1714273060067 HTTP/1.1" 200 22
180.164.6.225 - - [28/Apr/2024:10:57:40 +0800] "GET /xingrg/all/function/internal_message.html?_=1714273060831&CODE_STATE=getMsg HTTP/1.1" 200 27
180.169.147.146 - - [28/Apr/2024:10:57:44 +0800] "POST /xingrg/dwr/call/plaincall/AjaxReportQueryService.refreshCache.dwr HTTP/1.1" 200 79
116.232.195.13 - - [28/Apr/2024:10:57:46 +0800] "GET /xingrg/all/function/internal_message.html?_=1714273051779&CODE_STATE=getMsg HTTP/1.1" 200 27
116.232.195.13 - - [28/Apr/2024:10:57:46 +0800] "GET /xingrg/check_reg.html?_=1714273051780 HTTP/1.1" 200 22
124.78.56.241 - - [28/Apr/2024:10:57:48 +0800] "GET /xingrg/all/function/internal_message.html?_=1714273068181&CODE_STATE=getMsg HTTP/1.1" 200 27
180.169.147.146 - - [28/Apr/2024:10:57:48 +0800] "POST /xingrg/all/report/load_report_page.html HTTP/1.1" 200 18262
180.169.147.146 - - [28/Apr/2024:10:57:48 +0800] "GET /xingrg/servlets/image?cache=0.5537644617278347&image=px HTTP/1.1" 200 807
114.83.217.54 - - [28/Apr/2024:10:57:48 +0800] "GET /xingrg/all/function/internal_message.html?_=1714273068769&CODE_STATE=getMsg HTTP/1.1" 200 27
120.253.135.82 - - [28/Apr/2024:10:57:49 +0800] "GET /xingrg/kc/pszx/mdqp_order_list.html?state=10 HTTP/1.1" 200 10759
120.253.135.82 - - [28/Apr/2024:10:57:49 +0800] "GET /xingrg/dwr/interface/AjaxReportQueryService.js HTTP/1.1" 200 13203
120.253.135.82 - - [28/Apr/2024:10:57:49 +0800] "GET /xingrg/dwr/interface/AjaxQqpsService.js HTTP/1.1" 200 16326
120.253.135.82 - - [28/Apr/2024:10:57:49 +0800] "GET /xingrg/dwr/engine.js HTTP/1.1" 200 43631
116.238.97.31 - - [28/Apr/2024:10:57:51 +0800] "GET /xingrg/all/function/internal_message.html?_=1714273106257&CODE_STATE=getMsg HTTP/1.1" 200 27
114.83.217.54 - - [28/Apr/2024:10:57:53 +0800] "GET /xingrg/all/function/internal_message.html?_=1714273073814&CODE_STATE=getMsg HTTP/1.1" 200 27
120.253.135.82 - - [28/Apr/2024:10:57:53 +0800] "GET /xingrg/kc/pszx/mdqp_order_list.html?state=10 HTTP/1.1" 200 10759
120.253.135.82 - - [28/Apr/2024:10:57:53 +0800] "GET /xingrg/dwr/interface/AjaxReportQueryService.js HTTP/1.1" 200 13203
120.253.135.82 - - [28/Apr/2024:10:57:53 +0800] "GET /xingrg/dwr/interface/AjaxQqpsService.js HTTP/1.1" 200 16326
120.253.135.82 - - [28/Apr/2024:10:57:53 +0800] "GET /xingrg/dwr/engine.js HTTP/1.1" 200 43631
101.83.241.187 - - [28/Apr/2024:10:57:53 +0800] "GET /xingrg/all/function/internal_message.html?_=1714273073621&CODE_STATE=getMsg HTTP/1.1" 200 27
120.253.135.82 - - [28/Apr/2024:10:57:59 +0800] "GET /xingrg/kc/pszx/mdps_order_list.html?orderType=0 HTTP/1.1" 200 21033
120.253.135.82 - - [28/Apr/2024:10:57:59 +0800] "POST /xingrg/kc/pszx/mdps_list_operate.html HTTP/1.1" 200 5292
101.83.144.49 - - [28/Apr/2024:10:58:00 +0800] "GET /xingrg/all/function/internal_message.html?_=1714273081484&CODE_STATE=getMsg HTTP/1.1" 200 27
114.95.253.235 - - [28/Apr/2024:10:58:00 +0800] "GET /xingrg/all/function/internal_message.html?_=1714273080832&CODE_STATE=getMsg HTTP/1.1" 200 27
101.83.144.49 - - [28/Apr/2024:10:58:01 +0800] "GET /xingrg/check_reg.html?_=1714273082158 HTTP/1.1" 200 22
124.78.56.241 - - [28/Apr/2024:10:58:04 +0800] "GET /xingrg/check_reg.html?_=1714273084734 HTTP/1.1" 200 22
120.253.135.82 - - [28/Apr/2024:10:58:08 +0800] "POST /xingrg/kc/pszx/mdps_list_operate.html HTTP/1.1" 200 868
180.169.147.146 - - [28/Apr/2024:10:58:21 +0800] "GET /xingrg/all/report/report_query.html?isQuery=1&fileName=kc/buy/wlcg_cate_hz.xml&queryString=(CONVERT(char(10)%252Ca.order_time%252C%2520120)%253E%253D'2024-03-01')%2520and%2520(CONVERT(char(10)%252Ca.order_time%252C%2520120)%253C%253D'2024-03-15')%2520and%2520(a.number%253E0%2520and%2520a.supplier_code%253D'00100476')&queryText=%25E3%2580%2590%25E9%2587%2587%25E8%25B4%25AD%25E6%2597%25A5%25E6%259C%259F%253A2024-03-01%2520%25E8%2587%25B3%25202024-03-15%25E3%2580%2591%2520%25E5%25B9%25B6%25E4%25B8%2594%2520%25E3%2580%2590%25E4%25BE%259B%25E5%25BA%2594%25E5%2595%2586%253D%25E6%25B0%25B4%25E6%259E%259C%25EF%25BC%2588%25E7%25BB%25B4%25E4%25B9%259F%25E7%25BA%25B3%25EF%25BC%2589%25E3%2580%2591 HTTP/1.1" 200 54374
180.169.147.146 - - [28/Apr/2024:10:58:21 +0800] "GET /xingrg/dwr/interface/AjaxReportQueryService.js HTTP/1.1" 200 13203
180.169.147.146 - - [28/Apr/2024:10:58:21 +0800] "GET /xingrg/dwr/engine.js HTTP/1.1" 200 43631
58.40.7.146 - - [28/Apr/2024:10:58:22 +0800] "GET /xingrg/all/function/internal_message.html?_=1714273102803&CODE_STATE=getMsg HTTP/1.1" 200 27
120.253.135.82 - - [28/Apr/2024:10:58:22 +0800] "GET /xingrg/all/function/internal_message.html?_=1714272951278&CODE_STATE=getMsg HTTP/1.1" 200 27
180.169.147.146 - - [28/Apr/2024:10:58:24 +0800] "POST /xingrg/all/report/load_report_page.html HTTP/1.1" 200 8713
180.169.147.146 - - [28/Apr/2024:10:58:24 +0800] "GET /xingrg/servlets/image?cache=0.7992128540679477&image=px HTTP/1.1" 200 807
180.169.147.146 - - [28/Apr/2024:10:58:25 +0800] "GET /xingrg/check_reg.html?_=1714273105448 HTTP/1.1" 200 22
180.169.147.146 - - [28/Apr/2024:10:58:25 +0800] "GET /xingrg/all/function/internal_message.html?_=1714273105450&CODE_STATE=getMsg HTTP/1.1" 200 27
180.169.147.146 - - [28/Apr/2024:10:58:26 +0800] "POST /xingrg/all/report/load_report_page.html HTTP/1.1" 200 29878
180.169.147.146 - - [28/Apr/2024:10:58:26 +0800] "GET /xingrg/servlets/image?cache=0.5136282089034364&image=px HTTP/1.1" 200 807
180.169.147.146 - - [28/Apr/2024:10:58:29 +0800] "POST /xingrg/all/report/load_report_page.html HTTP/1.1" 200 29908
180.169.147.146 - - [28/Apr/2024:10:58:29 +0800] "GET /xingrg/servlets/image?cache=0.023455769946749472&image=px HTTP/1.1" 200 807
114.95.253.235 - - [28/Apr/2024:10:58:30 +0800] "GET /xingrg/all/function/internal_message.html?_=1714273109091&CODE_STATE=getMsg HTTP/1.1" 200 27
120.253.135.82 - - [28/Apr/2024:10:58:31 +0800] "GET /xingrg/all/function/internal_message.html?_=1714273293002&CODE_STATE=getMsg HTTP/1.1" 200 27
120.253.135.82 - - [28/Apr/2024:10:58:31 +0800] "GET /xingrg/check_reg.html?_=1714273293004 HTTP/1.1" 200 22
180.169.147.146 - - [28/Apr/2024:10:58:32 +0800] "POST /xingrg/all/report/load_report_page.html HTTP/1.1" 200 29878
180.169.147.146 - - [28/Apr/2024:10:58:32 +0800] "GET /xingrg/servlets/image?cache=0.3508842904583417&image=px HTTP/1.1" 200 807
180.169.147.146 - - [28/Apr/2024:10:58:35 +0800] "POST /xingrg/all/report/report_print.html HTTP/1.1" 200 6144
116.238.97.31 - - [28/Apr/2024:10:58:38 +0800] "GET /xingrg/all/function/internal_message.html?_=1714273118836&CODE_STATE=getMsg HTTP/1.1" 200 27
180.164.6.225 - - [28/Apr/2024:10:58:40 +0800] "GET /xingrg/all/function/internal_message.html?_=1714273120838&CODE_STATE=getMsg HTTP/1.1" 200 27
180.164.6.225 - - [28/Apr/2024:10:58:41 +0800] "GET /xingrg/check_reg.html?_=1714273120841 HTTP/1.1" 200 22
116.232.195.13 - - [28/Apr/2024:10:58:46 +0800] "GET /xingrg/all/function/internal_message.html?_=1714273111787&CODE_STATE=getMsg HTTP/1.1" 200 27
124.78.56.241 - - [28/Apr/2024:10:58:48 +0800] "GET /xingrg/all/function/internal_message.html?_=1714273128176&CODE_STATE=getMsg HTTP/1.1" 200 27
114.83.217.54 - - [28/Apr/2024:10:58:48 +0800] "GET /xingrg/all/function/internal_message.html?_=1714273128744&CODE_STATE=getMsg HTTP/1.1" 200 27
114.83.217.54 - - [28/Apr/2024:10:58:49 +0800] "GET /xingrg/check_reg.html?_=1714273129786 HTTP/1.1" 200 22
116.238.97.31 - - [28/Apr/2024:10:58:51 +0800] "GET /xingrg/all/function/internal_message.html?_=1714273166250&CODE_STATE=getMsg HTTP/1.1" 200 27
114.83.217.54 - - [28/Apr/2024:10:58:53 +0800] "GET /xingrg/all/function/internal_message.html?_=1714273133802&CODE_STATE=getMsg HTTP/1.1" 200 27
101.83.241.187 - - [28/Apr/2024:10:58:53 +0800] "GET /xingrg/all/function/internal_message.html?_=1714273133600&CODE_STATE=getMsg HTTP/1.1" 200 27
180.169.147.146 - - [28/Apr/2024:10:58:53 +0800] "POST /xingrg/all/report/report_print.html HTTP/1.1" 200 6144
221.239.168.119 - - [28/Apr/2024:10:58:59 +0800] "GET /xingrg/check_reg.html?_=1714273135995 HTTP/1.1" 200 22
101.83.144.49 - - [28/Apr/2024:10:59:00 +0800] "GET /xingrg/all/function/internal_message.html?_=1714273141465&CODE_STATE=getMsg HTTP/1.1" 200 27
114.95.253.235 - - [28/Apr/2024:10:59:00 +0800] "GET /xingrg/all/function/internal_message.html?_=1714273140822&CODE_STATE=getMsg HTTP/1.1" 200 27
180.169.147.146 - - [28/Apr/2024:10:59:04 +0800] "GET /xingrg/all/function/internal_message.html?_=1714273134033&CODE_STATE=getMsg HTTP/1.1" 200 27
180.169.147.146 - - [28/Apr/2024:10:59:16 +0800] "POST /xingrg/dwr/call/plaincall/AjaxReportQueryService.refreshCache.dwr HTTP/1.1" 200 79
180.169.147.146 - - [28/Apr/2024:10:59:17 +0800] "POST /xingrg/dwr/call/plaincall/AjaxReportQueryService.refreshCache.dwr HTTP/1.1" 200 79
180.169.147.146 - - [28/Apr/2024:10:59:20 +0800] "POST /xingrg/all/report/load_report_page.html HTTP/1.1" 200 18264
180.169.147.146 - - [28/Apr/2024:10:59:20 +0800] "GET /xingrg/servlets/image?cache=0.5572147612196341&image=px HTTP/1.1" 200 807
180.169.147.146 - - [28/Apr/2024:10:59:21 +0800] "POST /xingrg/all/report/load_report_page.html HTTP/1.1" 200 18276
180.169.147.146 - - [28/Apr/2024:10:59:21 +0800] "GET /xingrg/servlets/image?cache=0.08966887543661428&image=px HTTP/1.1" 200 807
58.40.7.146 - - [28/Apr/2024:10:59:22 +0800] "GET /xingrg/all/function/internal_message.html?_=1714273162805&CODE_STATE=getMsg HTTP/1.1" 200 27
120.253.135.82 - - [28/Apr/2024:10:59:22 +0800] "GET /xingrg/all/function/internal_message.html?_=1714273011291&CODE_STATE=getMsg HTTP/1.1" 200 27
180.169.147.146 - - [28/Apr/2024:10:59:24 +0800] "GET /xingrg/all/report/report_query.html?isQuery=1&fileName=kc/buy/wlcg_cate_hz.xml&queryString=(CONVERT(char(10)%252Ca.order_time%252C%2520120)%253E%253D'2024-03-16')%2520and%2520(CONVERT(char(10)%252Ca.order_time%252C%2520120)%253C%253D'2024-03-31')%2520and%2520(a.number%253E0%2520and%2520a.supplier_code%253D'00100476')&queryText=%25E3%2580%2590%25E9%2587%2587%25E8%25B4%25AD%25E6%2597%25A5%25E6%259C%259F%253A2024-03-16%2520%25E8%2587%25B3%25202024-03-31%25E3%2580%2591%2520%25E5%25B9%25B6%25E4%25B8%2594%2520%25E3%2580%2590%25E4%25BE%259B%25E5%25BA%2594%25E5%2595%2586%253D%25E6%25B0%25B4%25E6%259E%259C%25EF%25BC%2588%25E7%25BB%25B4%25E4%25B9%259F%25E7%25BA%25B3%25EF%25BC%2589%25E3%2580%2591 HTTP/1.1" 200 54374
180.169.147.146 - - [28/Apr/2024:10:59:24 +0800] "GET /xingrg/dwr/interface/AjaxReportQueryService.js HTTP/1.1" 200 13203
180.169.147.146 - - [28/Apr/2024:10:59:24 +0800] "GET /xingrg/dwr/engine.js HTTP/1.1" 200 43631
180.169.147.146 - - [28/Apr/2024:10:59:25 +0800] "GET /xingrg/all/function/internal_message.html?_=1714273165443&CODE_STATE=getMsg HTTP/1.1" 200 27
180.169.147.146 - - [28/Apr/2024:10:59:27 +0800] "POST /xingrg/all/report/load_report_page.html HTTP/1.1" 200 8713
180.169.147.146 - - [28/Apr/2024:10:59:27 +0800] "GET /xingrg/servlets/image?cache=0.7043091604784895&image=px HTTP/1.1" 200 807
114.95.253.235 - - [28/Apr/2024:10:59:30 +0800] "GET /xingrg/all/function/internal_message.html?_=1714273169105&CODE_STATE=getMsg HTTP/1.1" 200 27
180.169.147.146 - - [28/Apr/2024:10:59:30 +0800] "POST /xingrg/all/report/load_report_page.html HTTP/1.1" 200 26515
180.169.147.146 - - [28/Apr/2024:10:59:30 +0800] "GET /xingrg/servlets/image?cache=0.1842307356491587&image=px HTTP/1.1" 200 807
120.253.135.82 - - [28/Apr/2024:10:59:32 +0800] "GET /xingrg/all/function/internal_message.html?_=1714273354007&CODE_STATE=getMsg HTTP/1.1" 200 27
180.169.147.146 - - [28/Apr/2024:10:59:35 +0800] "POST /xingrg/all/report/load_report_page.html HTTP/1.1" 200 26515
180.169.147.146 - - [28/Apr/2024:10:59:35 +0800] "GET /xingrg/servlets/image?cache=0.6796016597333221&image=px HTTP/1.1" 200 807
180.169.147.146 - - [28/Apr/2024:10:59:38 +0800] "POST /xingrg/all/report/load_report_page.html HTTP/1.1" 200 26515
180.169.147.146 - - [28/Apr/2024:10:59:38 +0800] "GET /xingrg/servlets/image?cache=0.6085962468860424&image=px HTTP/1.1" 200 807
116.238.97.31 - - [28/Apr/2024:10:59:38 +0800] "GET /xingrg/all/function/internal_message.html?_=1714273178814&CODE_STATE=getMsg HTTP/1.1" 200 27
180.169.147.146 - - [28/Apr/2024:10:59:40 +0800] "POST /xingrg/all/report/report_print.html HTTP/1.1" 200 6144
180.164.6.225 - - [28/Apr/2024:10:59:40 +0800] "GET /xingrg/all/function/internal_message.html?_=1714273180834&CODE_STATE=getMsg HTTP/1.1" 200 27
116.232.195.13 - - [28/Apr/2024:10:59:46 +0800] "GET /xingrg/all/function/internal_message.html?_=1714273171786&CODE_STATE=getMsg HTTP/1.1" 200 27
124.78.56.241 - - [28/Apr/2024:10:59:48 +0800] "GET /xingrg/all/function/internal_message.html?_=1714273188159&CODE_STATE=getMsg HTTP/1.1" 200 27
114.83.217.54 - - [28/Apr/2024:10:59:48 +0800] "GET /xingrg/all/function/internal_message.html?_=1714273188731&CODE_STATE=getMsg HTTP/1.1" 200 27
180.169.147.146 - - [28/Apr/2024:10:59:49 +0800] "POST /xingrg/kc/buy/cgsh_list_operate.html HTTP/1.1" 200 4293
116.238.97.31 - - [28/Apr/2024:10:59:51 +0800] "GET /xingrg/check_reg.html?_=1714273226262 HTTP/1.1" 200 22
116.238.97.31 - - [28/Apr/2024:10:59:51 +0800] "GET /xingrg/all/function/internal_message.html?_=1714273226258&CODE_STATE=getMsg HTTP/1.1" 200 27
114.83.217.54 - - [28/Apr/2024:10:59:53 +0800] "GET /xingrg/all/function/internal_message.html?_=1714273193786&CODE_STATE=getMsg HTTP/1.1" 200 27
101.83.241.187 - - [28/Apr/2024:10:59:53 +0800] "GET /xingrg/all/function/internal_message.html?_=1714273193580&CODE_STATE=getMsg HTTP/1.1" 200 27
101.83.241.187 - - [28/Apr/2024:10:59:53 +0800] "GET /xingrg/check_reg.html?_=1714273193900 HTTP/1.1" 200 22
101.83.144.49 - - [28/Apr/2024:11:00:00 +0800] "GET /xingrg/all/function/internal_message.html?_=1714273201439&CODE_STATE=getMsg HTTP/1.1" 200 27
114.95.253.235 - - [28/Apr/2024:11:00:00 +0800] "GET /xingrg/all/function/internal_message.html?_=1714273200820&CODE_STATE=getMsg HTTP/1.1" 200 27
116.232.195.13 - - [28/Apr/2024:11:00:01 +0800] "GET /xingrg/kc/buy/cgsh_order_list.html HTTP/1.1" 200 58356
180.169.147.146 - - [28/Apr/2024:11:00:04 +0800] "GET /xingrg/all/function/internal_message.html?_=1714273194003&CODE_STATE=getMsg HTTP/1.1" 200 27
116.232.195.13 - - [28/Apr/2024:11:00:16 +0800] "POST /xingrg/kc/buy/cgsh_list_operate.html HTTP/1.1" 200 645
114.83.217.54 - - [28/Apr/2024:11:00:18 +0800] "GET /xingrg/check_reg.html?_=1714273219130 HTTP/1.1" 200 22
58.40.7.146 - - [28/Apr/2024:11:00:22 +0800] "GET /xingrg/check_reg.html?_=1714273222799 HTTP/1.1" 200 22
58.40.7.146 - - [28/Apr/2024:11:00:22 +0800] "GET /xingrg/all/function/internal_message.html?_=1714273222802&CODE_STATE=getMsg HTTP/1.1" 200 27
120.253.135.82 - - [28/Apr/2024:11:00:23 +0800] "GET /xingrg/all/function/internal_message.html?_=1714273071374&CODE_STATE=getMsg HTTP/1.1" 200 27
180.169.147.146 - - [28/Apr/2024:11:00:25 +0800] "GET /xingrg/all/function/internal_message.html?_=1714273225456&CODE_STATE=getMsg HTTP/1.1" 200 27
101.83.144.49 - - [28/Apr/2024:11:00:29 +0800] "POST /xingrg/kc/buy/cgsh_order_operate.html HTTP/1.1" 200 37
114.95.253.235 - - [28/Apr/2024:11:00:30 +0800] "GET /xingrg/check_reg.html?_=1714273229122 HTTP/1.1" 200 22
114.95.253.235 - - [28/Apr/2024:11:00:30 +0800] "GET /xingrg/all/function/internal_message.html?_=1714273229123&CODE_STATE=getMsg HTTP/1.1" 200 27
101.83.144.49 - - [28/Apr/2024:11:00:30 +0800] "POST /xingrg/kc/buy/cgsh_order_operate.html HTTP/1.1" 200 4435
101.83.144.49 - - [28/Apr/2024:11:00:32 +0800] "GET /xingrg/kc/print/load_data.html?order_code=212024042807793&kc_code=cgsh&condition= HTTP/1.1" 200 1370
120.253.135.82 - - [28/Apr/2024:11:00:33 +0800] "GET /xingrg/all/function/internal_message.html?_=1714273415013&CODE_STATE=getMsg HTTP/1.1" 200 27
116.238.97.31 - - [28/Apr/2024:11:00:38 +0800] "GET /xingrg/all/function/internal_message.html?_=1714273238815&CODE_STATE=getMsg HTTP/1.1" 200 27
180.164.6.225 - - [28/Apr/2024:11:00:40 +0800] "GET /xingrg/all/function/internal_message.html?_=1714273240839&CODE_STATE=getMsg HTTP/1.1" 200 27
116.232.195.13 - - [28/Apr/2024:11:00:46 +0800] "GET /xingrg/all/function/internal_message.html?_=1714273231786&CODE_STATE=getMsg HTTP/1.1" 200 27
124.78.56.241 - - [28/Apr/2024:11:00:48 +0800] "GET /xingrg/all/function/internal_message.html?_=1714273248138&CODE_STATE=getMsg HTTP/1.1" 200 27
114.83.217.54 - - [28/Apr/2024:11:00:48 +0800] "GET /xingrg/all/function/internal_message.html?_=1714273248708&CODE_STATE=getMsg HTTP/1.1" 200 27
180.169.147.146 - - [28/Apr/2024:11:00:49 +0800] "GET /xingrg/check_reg.html?_=1714273238590 HTTP/1.1" 200 22
116.238.97.31 - - [28/Apr/2024:11:00:51 +0800] "GET /xingrg/all/function/internal_message.html?_=1714273286255&CODE_STATE=getMsg HTTP/1.1" 200 27
114.83.217.54 - - [28/Apr/2024:11:00:53 +0800] "GET /xingrg/all/function/internal_message.html?_=1714273253776&CODE_STATE=getMsg HTTP/1.1" 200 27
101.83.241.187 - - [28/Apr/2024:11:00:53 +0800] "GET /xingrg/all/function/internal_message.html?_=1714273253559&CODE_STATE=getMsg HTTP/1.1" 200 27
180.169.147.146 - - [28/Apr/2024:11:00:58 +0800] "POST /xingrg/kc/buy/cgsh_list_operate.html HTTP/1.1" 200 4
101.83.144.49 - - [28/Apr/2024:11:01:00 +0800] "GET /xingrg/all/function/internal_message.html?_=1714273261420&CODE_STATE=getMsg HTTP/1.1" 200 27
114.95.253.235 - - [28/Apr/2024:11:01:00 +0800] "GET /xingrg/all/function/internal_message.html?_=1714273260818&CODE_STATE=getMsg HTTP/1.1" 200 27
180.169.147.146 - - [28/Apr/2024:11:01:08 +0800] "GET /xingrg/all/function/internal_message.html?_=1714273257350&CODE_STATE=getMsg HTTP/1.1" 200 27
221.239.168.119 - - [28/Apr/2024:11:01:17 +0800] "GET /xingrg/kc/buy/cgsh_order_add.html HTTP/1.1" 200 73351
221.239.168.119 - - [28/Apr/2024:11:01:17 +0800] "POST /xingrg/kc/buy/cgsh_order_operate.html HTTP/1.1" 200 8245
221.239.168.119 - - [28/Apr/2024:11:01:17 +0800] "GET /xingrg/javascript/easyui/themes/default/validatebox.css HTTP/1.1" 404 1104
58.40.7.146 - - [28/Apr/2024:11:01:22 +0800] "GET /xingrg/all/function/internal_message.html?_=1714273282796&CODE_STATE=getMsg HTTP/1.1" 200 27
120.253.135.82 - - [28/Apr/2024:11:01:23 +0800] "GET /xingrg/all/function/internal_message.html?_=1714273131381&CODE_STATE=getMsg HTTP/1.1" 200 27
180.169.147.146 - - [28/Apr/2024:11:01:25 +0800] "GET /xingrg/all/function/internal_message.html?_=1714273285462&CODE_STATE=getMsg HTTP/1.1" 200 27
114.95.253.235 - - [28/Apr/2024:11:01:30 +0800] "GET /xingrg/all/function/internal_message.html?_=1714273289109&CODE_STATE=getMsg HTTP/1.1" 200 27
180.169.147.146 - - [28/Apr/2024:11:01:33 +0800] "POST /xingrg/kc/buy/cgsh_list_operate.html HTTP/1.1" 200 4234
120.253.135.82 - - [28/Apr/2024:11:01:34 +0800] "GET /xingrg/all/function/internal_message.html?_=1714273476017&CODE_STATE=getMsg HTTP/1.1" 200 27
116.238.97.31 - - [28/Apr/2024:11:01:38 +0800] "GET /xingrg/all/function/internal_message.html?_=1714273298799&CODE_STATE=getMsg HTTP/1.1" 200 27
180.164.6.225 - - [28/Apr/2024:11:01:40 +0800] "GET /xingrg/all/function/internal_message.html?_=1714273300831&CODE_STATE=getMsg HTTP/1.1" 200 27
116.232.195.13 - - [28/Apr/2024:11:01:46 +0800] "GET /xingrg/all/function/internal_message.html?_=1714273291780&CODE_STATE=getMsg HTTP/1.1" 200 27
124.78.56.241 - - [28/Apr/2024:11:01:48 +0800] "GET /xingrg/all/function/internal_message.html?_=1714273308116&CODE_STATE=getMsg HTTP/1.1" 200 27
114.83.217.54 - - [28/Apr/2024:11:01:48 +0800] "GET /xingrg/all/function/internal_message.html?_=1714273308687&CODE_STATE=getMsg HTTP/1.1" 200 27
116.238.97.31 - - [28/Apr/2024:11:01:51 +0800] "GET /xingrg/all/function/internal_message.html?_=1714273346258&CODE_STATE=getMsg HTTP/1.1" 200 27
120.253.135.82 - - [28/Apr/2024:11:01:52 +0800] "GET /xingrg/check_reg.html?_=1714273160882 HTTP/1.1" 200 22
114.83.217.54 - - [28/Apr/2024:11:01:53 +0800] "GET /xingrg/all/function/internal_message.html?_=1714273313753&CODE_STATE=getMsg HTTP/1.1" 200 27
101.83.241.187 - - [28/Apr/2024:11:01:53 +0800] "GET /xingrg/all/function/internal_message.html?_=1714273313535&CODE_STATE=getMsg HTTP/1.1" 200 27
101.83.144.49 - - [28/Apr/2024:11:02:00 +0800] "GET /xingrg/all/function/internal_message.html?_=1714273321390&CODE_STATE=getMsg HTTP/1.1" 200 27
114.95.253.235 - - [28/Apr/2024:11:02:00 +0800] "GET /xingrg/all/function/internal_message.html?_=1714273320833&CODE_STATE=getMsg HTTP/1.1" 200 27
114.95.253.235 - - [28/Apr/2024:11:02:00 +0800] "GET /xingrg/check_reg.html?_=1714273320838 HTTP/1.1" 200 22
180.169.147.146 - - [28/Apr/2024:11:02:08 +0800] "GET /xingrg/all/function/internal_message.html?_=1714273317322&CODE_STATE=getMsg HTTP/1.1" 200 27
180.169.147.146 - - [28/Apr/2024:11:02:17 +0800] "GET /xingrg/check_reg.html?_=1714273326683 HTTP/1.1" 200 22
58.40.7.146 - - [28/Apr/2024:11:02:22 +0800] "GET /xingrg/all/function/internal_message.html?_=1714273342813&CODE_STATE=getMsg HTTP/1.1" 200 27
120.253.135.82 - - [28/Apr/2024:11:02:23 +0800] "GET /xingrg/all/function/internal_message.html?_=1714273191395&CODE_STATE=getMsg HTTP/1.1" 200 27
180.169.147.146 - - [28/Apr/2024:11:02:25 +0800] "GET /xingrg/all/function/internal_message.html?_=1714273345466&CODE_STATE=getMsg HTTP/1.1" 200 27
114.95.253.235 - - [28/Apr/2024:11:02:30 +0800] "GET /xingrg/all/function/internal_message.html?_=1714273349083&CODE_STATE=getMsg HTTP/1.1" 200 27
116.237.77.239 - - [28/Apr/2024:11:02:30 +0800] "GET /xingrg/index.html?sysBaseUrl=http%3A%2F%2F180.169.147.146%3A18081%2Fxingrg%2F&costTime=926×tamp=1714266173292 HTTP/1.1" 200 17173
116.237.77.239 - - [28/Apr/2024:11:02:32 +0800] "GET /xingrg/all/function/internal_message.html?_=1714273352227&CODE_STATE=count HTTP/1.1" 200 11
116.237.77.239 - - [28/Apr/2024:11:02:32 +0800] "GET /xingrg/check_reg.html?_=1714273352228 HTTP/1.1" 200 22
116.237.77.239 - - [28/Apr/2024:11:02:32 +0800] "POST /xingrg/all/common/load_tree.html?tree=area_rest_tree_json&manage=1 HTTP/1.1" 200 342
116.237.77.239 - - [28/Apr/2024:11:02:32 +0800] "GET /favicon.ico HTTP/1.1" 404 -
116.237.77.239 - - [28/Apr/2024:11:02:32 +0800] "POST /xingrg/load_menu.html HTTP/1.1" 200 5138
180.169.147.146 - - [28/Apr/2024:11:02:36 +0800] "POST /xingrg/kc/buy/cgsh_list_operate.html HTTP/1.1" 200 4
116.238.97.31 - - [28/Apr/2024:11:02:38 +0800] "GET /xingrg/all/function/internal_message.html?_=1714273358783&CODE_STATE=getMsg HTTP/1.1" 200 27
116.238.97.31 - - [28/Apr/2024:11:02:39 +0800] "GET /xingrg/check_reg.html?_=1714273360047 HTTP/1.1" 200 22
180.164.6.225 - - [28/Apr/2024:11:02:40 +0800] "GET /xingrg/all/function/internal_message.html?_=1714273360839&CODE_STATE=getMsg HTTP/1.1" 200 27
116.232.195.13 - - [28/Apr/2024:11:02:46 +0800] "GET /xingrg/check_reg.html?_=1714273351783 HTTP/1.1" 200 22
116.232.195.13 - - [28/Apr/2024:11:02:46 +0800] "GET /xingrg/all/function/internal_message.html?_=1714273351785&CODE_STATE=getMsg HTTP/1.1" 200 27
124.78.56.241 - - [28/Apr/2024:11:02:48 +0800] "GET /xingrg/all/function/internal_message.html?_=1714273368101&CODE_STATE=getMsg HTTP/1.1" 200 27
114.83.217.54 - - [28/Apr/2024:11:02:48 +0800] "GET /xingrg/all/function/internal_message.html?_=1714273368673&CODE_STATE=getMsg HTTP/1.1" 200 27
116.237.77.239 - - [28/Apr/2024:11:02:51 +0800] "GET /xingrg/kc/buy/buy_main.html HTTP/1.1" 200 12412
116.237.77.239 - - [28/Apr/2024:11:02:51 +0800] "GET /xingrg/css/new_ie.css HTTP/1.1" 404 1036
116.238.97.31 - - [28/Apr/2024:11:02:51 +0800] "GET /xingrg/all/function/internal_message.html?_=1714273406244&CODE_STATE=getMsg HTTP/1.1" 200 27
114.83.217.54 - - [28/Apr/2024:11:02:53 +0800] "GET /xingrg/all/function/internal_message.html?_=1714273373725&CODE_STATE=getMsg HTTP/1.1" 200 27
180.169.147.146 - - [28/Apr/2024:11:02:53 +0800] "POST /xingrg/kc/buy/cgsh_list_operate.html HTTP/1.1" 200 1972
101.83.241.187 - - [28/Apr/2024:11:02:53 +0800] "GET /xingrg/all/function/internal_message.html?_=1714273373518&CODE_STATE=getMsg HTTP/1.1" 200 27
116.237.77.239 - - [28/Apr/2024:11:02:54 +0800] "GET /xingrg/images/yd/bt.gif HTTP/1.1" 404 1040
116.237.77.239 - - [28/Apr/2024:11:02:55 +0800] "GET /xingrg/kc/buy/cgsh_order_list.html HTTP/1.1" 200 58350
116.237.77.239 - - [28/Apr/2024:11:02:57 +0800] "POST /xingrg/kc/buy/cgsh_list_operate.html HTTP/1.1" 200 645
116.237.77.239 - - [28/Apr/2024:11:02:59 +0800] "GET /xingrg/kc/buy/cgsh_order_add.html HTTP/1.1" 200 74163
116.237.77.239 - - [28/Apr/2024:11:02:59 +0800] "GET /xingrg/words/20240427141959_words.js HTTP/1.1" 304 -
116.237.77.239 - - [28/Apr/2024:11:02:59 +0800] "POST /xingrg/kc/buy/cgsh_order_operate.html HTTP/1.1" 200 8245
116.237.77.239 - - [28/Apr/2024:11:02:59 +0800] "GET /xingrg/javascript/easyui/themes/default/validatebox.css HTTP/1.1" 404 1104
116.237.77.239 - - [28/Apr/2024:11:02:59 +0800] "GET /xingrg/all/common/auto_word.html?type=employee&rest_code=00106 HTTP/1.1" 200 205
116.237.77.239 - - [28/Apr/2024:11:02:59 +0800] "GET /xingrg/all/common/auto_word.html?type=employee&rest_code=00106 HTTP/1.1" 200 205
101.83.144.49 - - [28/Apr/2024:11:03:00 +0800] "GET /xingrg/all/function/internal_message.html?_=1714273381370&CODE_STATE=getMsg HTTP/1.1" 200 27
114.95.253.235 - - [28/Apr/2024:11:03:00 +0800] "GET /xingrg/all/function/internal_message.html?_=1714273380811&CODE_STATE=getMsg HTTP/1.1" 200 27
101.83.144.49 - - [28/Apr/2024:11:03:01 +0800] "GET /xingrg/check_reg.html?_=1714273382168 HTTP/1.1" 200 22
116.237.77.239 - - [28/Apr/2024:11:03:03 +0800] "GET /xingrg/javascript/easyui/themes/default/tree.css HTTP/1.1" 404 1090
116.237.77.239 - - [28/Apr/2024:11:03:04 +0800] "POST /xingrg/all/common/load_tree.html?tree=supplier_tree_json&isDelete=1 HTTP/1.1" 200 79752
124.78.56.241 - - [28/Apr/2024:11:03:04 +0800] "GET /xingrg/check_reg.html?_=1714273384717 HTTP/1.1" 200 22
180.169.147.146 - - [28/Apr/2024:11:03:08 +0800] "GET /xingrg/all/function/internal_message.html?_=1714273377305&CODE_STATE=getMsg HTTP/1.1" 200 27
116.238.97.31 - - [28/Apr/2024:11:03:15 +0800] "GET /xingrg/login.html HTTP/1.1" 200 7641
116.238.97.31 - - [28/Apr/2024:11:03:15 +0800] "GET /favicon.ico HTTP/1.1" 404 -
116.238.97.31 - - [28/Apr/2024:11:03:17 +0800] "POST /xingrg/login.do HTTP/1.1" 302 -
116.238.97.31 - - [28/Apr/2024:11:03:17 +0800] "GET /xingrg/index.html?sysBaseUrl=http%3A%2F%2F180.169.147.146%3A18081%2Fxingrg%2F&costTime=832×tamp=1714273397873 HTTP/1.1" 200 17173
116.238.97.31 - - [28/Apr/2024:11:03:18 +0800] "GET /favicon.ico HTTP/1.1" 404 -
116.238.97.31 - - [28/Apr/2024:11:03:18 +0800] "GET /xingrg/all/function/internal_message.html?_=1714273398415&CODE_STATE=count HTTP/1.1" 200 11
116.238.97.31 - - [28/Apr/2024:11:03:18 +0800] "GET /xingrg/check_reg.html?_=1714273398417 HTTP/1.1" 200 22
116.238.97.31 - - [28/Apr/2024:11:03:18 +0800] "POST /xingrg/all/common/load_tree.html?tree=area_rest_tree_json&manage=1 HTTP/1.1" 200 342
116.238.97.31 - - [28/Apr/2024:11:03:18 +0800] "POST /xingrg/load_menu.html HTTP/1.1" 200 5138
58.40.7.146 - - [28/Apr/2024:11:03:22 +0800] "GET /xingrg/all/function/internal_message.html?_=1714273402811&CODE_STATE=getMsg HTTP/1.1" 200 27
120.253.135.82 - - [28/Apr/2024:11:03:23 +0800] "GET /xingrg/all/function/internal_message.html?_=1714273251474&CODE_STATE=getMsg HTTP/1.1" 200 27
180.169.147.146 - - [28/Apr/2024:11:03:25 +0800] "GET /xingrg/check_reg.html?_=1714273405467 HTTP/1.1" 200 22
180.169.147.146 - - [28/Apr/2024:11:03:25 +0800] "GET /xingrg/all/function/internal_message.html?_=1714273405471&CODE_STATE=getMsg HTTP/1.1" 200 27
114.95.253.235 - - [28/Apr/2024:11:03:30 +0800] "GET /xingrg/all/function/internal_message.html?_=1714273409101&CODE_STATE=getMsg HTTP/1.1" 200 27
116.237.77.239 - - [28/Apr/2024:11:03:32 +0800] "GET /xingrg/all/function/internal_message.html?_=1714273412248&CODE_STATE=getMsg HTTP/1.1" 200 27
116.237.77.239 - - [28/Apr/2024:11:03:38 +0800] "GET /xingrg/javascript/auto/indicator.gif HTTP/1.1" 404 1066
180.164.6.225 - - [28/Apr/2024:11:03:41 +0800] "GET /xingrg/all/function/internal_message.html?_=1714273420842&CODE_STATE=getMsg HTTP/1.1" 200 27
180.164.6.225 - - [28/Apr/2024:11:03:41 +0800] "GET /xingrg/check_reg.html?_=1714273420845 HTTP/1.1" 200 22
116.237.77.239 - - [28/Apr/2024:11:03:43 +0800] "GET /xingrg/kc/buy/cgsh_order_operate.html?command=get_materiel&rest_code=00106&code=00101001044&supplier_code=00100090&order_time=2024-04-28 HTTP/1.1" 200 413
116.232.195.13 - - [28/Apr/2024:11:03:46 +0800] "GET /xingrg/all/function/internal_message.html?_=1714273411776&CODE_STATE=getMsg HTTP/1.1" 200 27
124.78.56.241 - - [28/Apr/2024:11:03:48 +0800] "GET /xingrg/all/function/internal_message.html?_=1714273428091&CODE_STATE=getMsg HTTP/1.1" 200 27
114.83.217.54 - - [28/Apr/2024:11:03:48 +0800] "GET /xingrg/all/function/internal_message.html?_=1714273428652&CODE_STATE=getMsg HTTP/1.1" 200 27
116.238.97.31 - - [28/Apr/2024:11:03:49 +0800] "GET /xingrg/kc/base/wldb_order_list.html HTTP/1.1" 200 19051
114.83.217.54 - - [28/Apr/2024:11:03:49 +0800] "GET /xingrg/check_reg.html?_=1714273429772 HTTP/1.1" 200 22
116.238.97.31 - - [28/Apr/2024:11:03:50 +0800] "POST /xingrg/kc/base/wldb_list_operate.html HTTP/1.1" 200 928
116.238.97.31 - - [28/Apr/2024:11:03:51 +0800] "GET /xingrg/kc/base/wldb_order_add.html HTTP/1.1" 200 30378
116.238.97.31 - - [28/Apr/2024:11:03:51 +0800] "POST /xingrg/kc/base/wldb_order_operate.html HTTP/1.1" 200 6806
116.238.97.31 - - [28/Apr/2024:11:03:51 +0800] "GET /xingrg/all/common/auto_word.html?type=base&rest_code=00102 HTTP/1.1" 200 1857
116.238.97.31 - - [28/Apr/2024:11:03:51 +0800] "GET /xingrg/all/function/internal_message.html?_=1714273466253&CODE_STATE=getMsg HTTP/1.1" 200 27
116.238.97.31 - - [28/Apr/2024:11:03:51 +0800] "GET /xingrg/javascript/easyui/themes/default/validatebox.css HTTP/1.1" 404 1104
116.238.97.31 - - [28/Apr/2024:11:03:51 +0800] "GET /xingrg/all/common/auto_word.html?type=base&rest_code=00102 HTTP/1.1" 200 1857
116.238.97.31 - - [28/Apr/2024:11:03:52 +0800] "POST /xingrg/all/common/load_combo.html?type=base HTTP/1.1" 200 3321
114.83.217.54 - - [28/Apr/2024:11:03:53 +0800] "GET /xingrg/all/function/internal_message.html?_=1714273433705&CODE_STATE=getMsg HTTP/1.1" 200 27
101.83.241.187 - - [28/Apr/2024:11:03:53 +0800] "GET /xingrg/all/function/internal_message.html?_=1714273433508&CODE_STATE=getMsg HTTP/1.1" 200 27
116.237.77.239 - - [28/Apr/2024:11:03:56 +0800] "POST /xingrg/kc/buy/cgsh_order_operate.html HTTP/1.1" 200 37
116.238.97.31 - - [28/Apr/2024:11:03:58 +0800] "GET /xingrg/javascript/auto/indicator.gif HTTP/1.1" 404 1066
221.239.168.119 - - [28/Apr/2024:11:03:59 +0800] "GET /xingrg/check_reg.html?_=1714273435989 HTTP/1.1" 200 22
101.83.144.49 - - [28/Apr/2024:11:04:00 +0800] "GET /xingrg/all/function/internal_message.html?_=1714273441343&CODE_STATE=getMsg HTTP/1.1" 200 27
114.95.253.235 - - [28/Apr/2024:11:04:00 +0800] "GET /xingrg/all/function/internal_message.html?_=1714273440813&CODE_STATE=getMsg HTTP/1.1" 200 27
116.238.97.31 - - [28/Apr/2024:11:04:01 +0800] "GET /xingrg/kc/base/wldb_order_operate.html?command=get_materiel&rest_code=00102&base_code=0010476&code=00101019195 HTTP/1.1" 200 472
114.95.253.235 - - [28/Apr/2024:11:04:02 +0800] "GET /xingrg/kc/base/wldb_order_add.html HTTP/1.1" 200 30388
114.95.253.235 - - [28/Apr/2024:11:04:03 +0800] "POST /xingrg/kc/base/wldb_order_operate.html HTTP/1.1" 200 6806
114.95.253.235 - - [28/Apr/2024:11:04:03 +0800] "GET /xingrg/javascript/easyui/themes/default/validatebox.css HTTP/1.1" 404 1104
116.237.77.239 - - [28/Apr/2024:11:04:03 +0800] "POST /xingrg/kc/buy/cgsh_order_operate.html HTTP/1.1" 200 12
116.238.97.31 - - [28/Apr/2024:11:04:05 +0800] "GET /xingrg/kc/base/wldb_order_operate.html?command=get_materiel&rest_code=00102&base_code=0010476&code=00101019372 HTTP/1.1" 200 480
116.237.77.239 - - [28/Apr/2024:11:04:05 +0800] "GET /xingrg/kc/buy/cgsh_order_info.html?code=212024042807794 HTTP/1.1" 200 69040
116.237.77.239 - - [28/Apr/2024:11:04:06 +0800] "GET /xingrg/javascript/easyui/themes/default/validatebox.css HTTP/1.1" 404 1104
180.169.147.146 - - [28/Apr/2024:11:04:07 +0800] "GET /xingrg/all/function/internal_message.html?_=1714273437284&CODE_STATE=getMsg HTTP/1.1" 200 27
116.237.77.239 - - [28/Apr/2024:11:04:08 +0800] "POST /xingrg/kc/buy/cgsh_order_operate.html HTTP/1.1" 200 607
114.95.253.235 - - [28/Apr/2024:11:04:11 +0800] "GET /xingrg/kc/base/wldb_order_operate.html?command=get_materiel&rest_code=00150&base_code=0010449&code=00101025013 HTTP/1.1" 200 461
116.238.97.31 - - [28/Apr/2024:11:04:11 +0800] "GET /xingrg/kc/base/wldb_order_operate.html?command=get_materiel&rest_code=00102&base_code=0010476&code=00101019392 HTTP/1.1" 200 477
116.237.77.239 - - [28/Apr/2024:11:04:13 +0800] "GET /xingrg/kc/print/load_config.html?kc_code=cgsh HTTP/1.1" 200 1927
116.237.77.239 - - [28/Apr/2024:11:04:13 +0800] "GET /xingrg/kc/print/load_data.html?order_code=212024042807794&kc_code=cgsh&condition= HTTP/1.1" 200 773
116.238.97.31 - - [28/Apr/2024:11:04:17 +0800] "GET /xingrg/kc/base/wldb_order_operate.html?command=get_materiel&rest_code=00102&base_code=0010476&code=00101019310 HTTP/1.1" 200 476
116.238.97.31 - - [28/Apr/2024:11:04:18 +0800] "GET /xingrg/all/function/internal_message.html?_=1714273458429&CODE_STATE=getMsg HTTP/1.1" 200 27
58.40.7.146 - - [28/Apr/2024:11:04:22 +0800] "GET /xingrg/all/function/internal_message.html?_=1714273462809&CODE_STATE=getMsg HTTP/1.1" 200 27
120.253.135.82 - - [28/Apr/2024:11:04:23 +0800] "GET /xingrg/all/function/internal_message.html?_=1714273311483&CODE_STATE=getMsg HTTP/1.1" 200 27
180.169.147.146 - - [28/Apr/2024:11:04:25 +0800] "GET /xingrg/all/function/internal_message.html?_=1714273465473&CODE_STATE=getMsg HTTP/1.1" 200 27
116.237.77.239 - - [28/Apr/2024:11:04:26 +0800] "GET /xingrg/kc/print/load_data.html?order_code=212024042807794&kc_code=cgsh HTTP/1.1" 200 773
116.238.97.31 - - [28/Apr/2024:11:04:28 +0800] "GET /xingrg/kc/base/wldb_order_operate.html?command=get_materiel&rest_code=00102&base_code=0010476&code=00101019134 HTTP/1.1" 200 480
180.169.147.146 - - [28/Apr/2024:11:04:28 +0800] "POST /xingrg/kc/buy/cgsh_list_operate.html HTTP/1.1" 200 4
114.95.253.235 - - [28/Apr/2024:11:04:30 +0800] "GET /xingrg/all/function/internal_message.html?_=1714273469091&CODE_STATE=getMsg HTTP/1.1" 200 27
180.169.147.146 - - [28/Apr/2024:11:04:33 +0800] "POST /xingrg/kc/buy/cgsh_list_operate.html HTTP/1.1" 200 645
116.237.77.239 - - [28/Apr/2024:11:04:34 +0800] "GET /xingrg/all/function/internal_message.html?_=1714273474660&CODE_STATE=getMsg HTTP/1.1" 200 27
116.238.97.31 - - [28/Apr/2024:11:04:35 +0800] "GET /xingrg/kc/base/wldb_order_operate.html?command=get_materiel&rest_code=00102&base_code=0010476&code=00101019127 HTTP/1.1" 200 480
116.238.97.31 - - [28/Apr/2024:11:04:40 +0800] "GET /xingrg/kc/base/wldb_order_operate.html?command=get_materiel&rest_code=00102&base_code=0010476&code=00101019249 HTTP/1.1" 200 469
180.164.6.225 - - [28/Apr/2024:11:04:40 +0800] "GET /xingrg/all/function/internal_message.html?_=1714273480842&CODE_STATE=getMsg HTTP/1.1" 200 27
116.232.195.13 - - [28/Apr/2024:11:04:46 +0800] "GET /xingrg/all/function/internal_message.html?_=1714273471780&CODE_STATE=getMsg HTTP/1.1" 200 27
124.78.56.241 - - [28/Apr/2024:11:04:48 +0800] "GET /xingrg/all/function/internal_message.html?_=1714273488084&CODE_STATE=getMsg HTTP/1.1" 200 27
114.83.217.54 - - [28/Apr/2024:11:04:48 +0800] "GET /xingrg/all/function/internal_message.html?_=1714273488641&CODE_STATE=getMsg HTTP/1.1" 200 27
116.238.97.31 - - [28/Apr/2024:11:04:48 +0800] "GET /xingrg/kc/base/wldb_order_operate.html?command=get_materiel&rest_code=00102&base_code=0010476&code=00101019551 HTTP/1.1" 200 463
116.238.97.31 - - [28/Apr/2024:11:04:51 +0800] "GET /xingrg/all/function/internal_message.html?_=1714273526262&CODE_STATE=getMsg HTTP/1.1" 200 27
116.238.97.31 - - [28/Apr/2024:11:04:51 +0800] "GET /xingrg/check_reg.html?_=1714273526264 HTTP/1.1" 200 22
114.83.217.54 - - [28/Apr/2024:11:04:52 +0800] "GET /xingrg/all/function/internal_message.html?_=1714273493684&CODE_STATE=getMsg HTTP/1.1" 200 27
101.83.241.187 - - [28/Apr/2024:11:04:53 +0800] "GET /xingrg/all/function/internal_message.html?_=1714273493498&CODE_STATE=getMsg HTTP/1.1" 200 27
101.83.241.187 - - [28/Apr/2024:11:04:53 +0800] "GET /xingrg/check_reg.html?_=1714273493883 HTTP/1.1" 200 22
116.238.97.31 - - [28/Apr/2024:11:04:54 +0800] "GET /xingrg/kc/base/wldb_order_operate.html?command=get_materiel&rest_code=00102&base_code=0010476&code=00101019027 HTTP/1.1" 200 475
116.238.97.31 - - [28/Apr/2024:11:04:59 +0800] "GET /xingrg/kc/base/wldb_order_operate.html?command=get_materiel&rest_code=00102&base_code=0010476&code=00101019375 HTTP/1.1" 200 464
101.83.144.49 - - [28/Apr/2024:11:05:00 +0800] "GET /xingrg/all/function/internal_message.html?_=1714273501316&CODE_STATE=getMsg HTTP/1.1" 200 27
114.95.253.235 - - [28/Apr/2024:11:05:00 +0800] "GET /xingrg/all/function/internal_message.html?_=1714273500827&CODE_STATE=getMsg HTTP/1.1" 200 27
180.169.147.146 - - [28/Apr/2024:11:05:02 +0800] "GET /xingrg/all/report/report_query.html?isQuery=1&fileName=kc/buy/wlcg_mx.xml&queryString=(CONVERT(char(10)%2Ca.order_time%2C%20120)%3E%3D'2024-03-16')%20and%20(CONVERT(char(10)%2Ca.order_time%2C%20120)%3C%3D'2024-03-31')%20and%20(a.number%3E0%20and%20a.supplier_code%3D'00100476')%20and%20(a.materiel_code%3D'00101009011')&queryText=%E3%80%90%E9%87%87%E8%B4%AD%E6%97%A5%E6%9C%9F%3A2024-03-16%20%E8%87%B3%202024-03-31%E3%80%91%20%E5%B9%B6%E4%B8%94%20%E3%80%90%E4%BE%9B%E5%BA%94%E5%95%86%3D%E6%B0%B4%E6%9E%9C%EF%BC%88%E7%BB%B4%E4%B9%9F%E7%BA%B3%EF%BC%89%E3%80%91%20%E5%B9%B6%E4%B8%94%20%E3%80%90%E6%9D%90%E6%96%99%E5%90%8D%E7%A7%B0%20%3D%20%E7%BA%A2%E5%9C%A3%E5%A5%B3%E6%9E%9C%E3%80%91&rand=0.3625218868892066 HTTP/1.1" 200 52175
180.169.147.146 - - [28/Apr/2024:11:05:02 +0800] "GET /xingrg/all/report/report_query.html?isQuery=1&fileName=kc/buy/wlcg_mx.xml&queryString=(CONVERT(char(10)%2Ca.order_time%2C%20120)%3E%3D'2024-03-16')%20and%20(CONVERT(char(10)%2Ca.order_time%2C%20120)%3C%3D'2024-03-31')%20and%20(a.number%3E0%20and%20a.supplier_code%3D'00100476')%20and%20(a.materiel_code%3D'00101009011')&queryText=%E3%80%90%E9%87%87%E8%B4%AD%E6%97%A5%E6%9C%9F%3A2024-03-16%20%E8%87%B3%202024-03-31%E3%80%91%20%E5%B9%B6%E4%B8%94%20%E3%80%90%E4%BE%9B%E5%BA%94%E5%95%86%3D%E6%B0%B4%E6%9E%9C%EF%BC%88%E7%BB%B4%E4%B9%9F%E7%BA%B3%EF%BC%89%E3%80%91%20%E5%B9%B6%E4%B8%94%20%E3%80%90%E6%9D%90%E6%96%99%E5%90%8D%E7%A7%B0%20%3D%20%E7%BA%A2%E5%9C%A3%E5%A5%B3%E6%9E%9C%E3%80%91&rand=0.3625218868892066 HTTP/1.1" 200 52175
180.169.147.146 - - [28/Apr/2024:11:05:02 +0800] "GET /xingrg/dwr/engine.js HTTP/1.1" 200 43631
116.238.97.31 - - [28/Apr/2024:11:05:04 +0800] "GET /xingrg/kc/base/wldb_order_operate.html?command=get_materiel&rest_code=00102&base_code=0010476&code=00101019287 HTTP/1.1" 200 452
180.169.147.146 - - [28/Apr/2024:11:05:05 +0800] "POST /xingrg/all/report/load_report_page.html HTTP/1.1" 200 53815
180.169.147.146 - - [28/Apr/2024:11:05:05 +0800] "GET /xingrg/servlets/image?cache=0.5725757617163655&image=px HTTP/1.1" 200 807
180.169.147.146 - - [28/Apr/2024:11:05:07 +0800] "GET /xingrg/all/function/internal_message.html?_=1714273497254&CODE_STATE=getMsg HTTP/1.1" 200 27
116.238.97.31 - - [28/Apr/2024:11:05:10 +0800] "GET /xingrg/kc/base/wldb_order_operate.html?command=get_materiel&rest_code=00102&base_code=0010476&code=00101019095 HTTP/1.1" 200 466
222.70.183.82 - - [28/Apr/2024:11:05:14 +0800] "GET /xingrg/login.html HTTP/1.1" 200 7641
116.238.97.31 - - [28/Apr/2024:11:05:14 +0800] "GET /xingrg/kc/base/wldb_order_operate.html?command=get_materiel&rest_code=00102&base_code=0010476&code=00101019084 HTTP/1.1" 200 471
222.70.183.82 - - [28/Apr/2024:11:05:16 +0800] "GET /favicon.ico HTTP/1.1" 404 -
116.237.77.239 - - [28/Apr/2024:11:05:17 +0800] "GET /xingrg/kc/buy/cgsh_order_add.html HTTP/1.1" 200 74163
116.237.77.239 - - [28/Apr/2024:11:05:17 +0800] "POST /xingrg/kc/buy/cgsh_order_operate.html HTTP/1.1" 200 8245
116.237.77.239 - - [28/Apr/2024:11:05:17 +0800] "GET /xingrg/javascript/easyui/themes/default/validatebox.css HTTP/1.1" 404 1104
116.238.97.31 - - [28/Apr/2024:11:05:18 +0800] "GET /xingrg/all/function/internal_message.html?_=1714273518419&CODE_STATE=getMsg HTTP/1.1" 200 27
114.83.217.54 - - [28/Apr/2024:11:05:18 +0800] "GET /xingrg/check_reg.html?_=1714273519121 HTTP/1.1" 200 22
116.237.77.239 - - [28/Apr/2024:11:05:20 +0800] "GET /xingrg/javascript/easyui/themes/default/tree.css HTTP/1.1" 404 1090
116.237.77.239 - - [28/Apr/2024:11:05:21 +0800] "POST /xingrg/all/common/load_tree.html?tree=supplier_tree_json&isDelete=1 HTTP/1.1" 200 79752
58.40.7.146 - - [28/Apr/2024:11:05:22 +0800] "GET /xingrg/check_reg.html?_=1714273522806 HTTP/1.1" 200 22
58.40.7.146 - - [28/Apr/2024:11:05:22 +0800] "GET /xingrg/all/function/internal_message.html?_=1714273522808&CODE_STATE=getMsg HTTP/1.1" 200 27
120.253.135.82 - - [28/Apr/2024:11:05:23 +0800] "GET /xingrg/all/function/internal_message.html?_=1714273371612&CODE_STATE=getMsg HTTP/1.1" 200 27
222.70.183.82 - - [28/Apr/2024:11:05:24 +0800] "POST /xingrg/login.do HTTP/1.1" 302 -
222.70.183.82 - - [28/Apr/2024:11:05:24 +0800] "GET /xingrg/index.html?sysBaseUrl=http%3A%2F%2F180.169.147.146%3A18081%2Fxingrg%2F&costTime=814×tamp=1714273524342 HTTP/1.1" 200 17419
222.70.183.82 - - [28/Apr/2024:11:05:24 +0800] "POST /xingrg/all/common/load_tree.html?tree=area_rest_tree_json&manage=1 HTTP/1.1" 200 470
222.70.183.82 - - [28/Apr/2024:11:05:25 +0800] "GET /xingrg/check_reg.html?_=1714273522874 HTTP/1.1" 200 22
222.70.183.82 - - [28/Apr/2024:11:05:25 +0800] "GET /xingrg/all/function/internal_message.html?_=1714273522873&CODE_STATE=count HTTP/1.1" 200 11
222.70.183.82 - - [28/Apr/2024:11:05:25 +0800] "GET /favicon.ico HTTP/1.1" 404 -
222.70.183.82 - - [28/Apr/2024:11:05:25 +0800] "POST /xingrg/load_menu.html HTTP/1.1" 200 9959
221.239.168.119 - - [28/Apr/2024:11:05:25 +0800] "GET /xingrg/kc/buy/cgsh_order_operate.html?command=get_materiel&rest_code=00145&code=00101008286&supplier_code=00100556&order_time=2024-04-19 HTTP/1.1" 200 408
180.169.147.146 - - [28/Apr/2024:11:05:25 +0800] "GET /xingrg/all/function/internal_message.html?_=1714273525474&CODE_STATE=getMsg HTTP/1.1" 200 27
222.70.183.82 - - [28/Apr/2024:11:05:28 +0800] "POST /xingrg/all/user/operate.html HTTP/1.1" 200 36
222.70.183.82 - - [28/Apr/2024:11:05:28 +0800] "GET /xingrg/index.html?sysBaseUrl=http%3A%2F%2F180.169.147.146%3A18081%2Fxingrg%2F&costTime=814×tamp=1714273524342 HTTP/1.1" 200 17413
222.70.183.82 - - [28/Apr/2024:11:05:28 +0800] "GET /xingrg/javascript/jquery_easy_ui/themes/default/easyui.css HTTP/1.1" 304 -
222.70.183.82 - - [28/Apr/2024:11:05:28 +0800] "GET /xingrg/javascript/jquery_easy_ui/themes/icon.css HTTP/1.1" 304 -
222.70.183.82 - - [28/Apr/2024:11:05:28 +0800] "GET /xingrg/css/form.css HTTP/1.1" 304 -
222.70.183.82 - - [28/Apr/2024:11:05:28 +0800] "GET /xingrg/javascript/jquery_easy_ui/easyui-lang-zh_CN.js HTTP/1.1" 304 -
222.70.183.82 - - [28/Apr/2024:11:05:28 +0800] "GET /xingrg/javascript/jquery_easy_ui/jquery.easyui.min.js HTTP/1.1" 304 -
222.70.183.82 - - [28/Apr/2024:11:05:28 +0800] "GET /xingrg/javascript/jquery-1.4.2.min.js HTTP/1.1" 304 -
222.70.183.82 - - [28/Apr/2024:11:05:28 +0800] "GET /xingrg/javascript/jquery.form.js HTTP/1.1" 304 -
222.70.183.82 - - [28/Apr/2024:11:05:28 +0800] "GET /xingrg/javascript/jquery.utils.js HTTP/1.1" 304 -
222.70.183.82 - - [28/Apr/2024:11:05:28 +0800] "GET /xingrg/javascript/jquery.timers.js HTTP/1.1" 304 -
222.70.183.82 - - [28/Apr/2024:11:05:28 +0800] "GET /xingrg/images/blue/jxLogo.png HTTP/1.1" 304 -
222.70.183.82 - - [28/Apr/2024:11:05:28 +0800] "GET /xingrg/images/blue/navBackgound.jpg HTTP/1.1" 304 -
222.70.183.82 - - [28/Apr/2024:11:05:28 +0800] "GET /xingrg/javascript/jquery_easy_ui/themes/icons/settle_new.png HTTP/1.1" 304 -
222.70.183.82 - - [28/Apr/2024:11:05:28 +0800] "GET /xingrg/check_reg.html?_=1714273526828 HTTP/1.1" 200 22
222.70.183.82 - - [28/Apr/2024:11:05:28 +0800] "GET /xingrg/all/function/internal_message.html?_=1714273526827&CODE_STATE=count HTTP/1.1" 200 11
222.70.183.82 - - [28/Apr/2024:11:05:28 +0800] "GET /xingrg/javascript/jquery_easy_ui/themes/default/images/tabs_leftarrow.png HTTP/1.1" 304 -
222.70.183.82 - - [28/Apr/2024:11:05:28 +0800] "GET /xingrg/javascript/jquery_easy_ui/themes/default/images/panel_tool_expand.gif HTTP/1.1" 304 -
222.70.183.82 - - [28/Apr/2024:11:05:28 +0800] "GET /xingrg/javascript/jquery_easy_ui/themes/default/images/panel_tool_collapse.gif HTTP/1.1" 304 -
222.70.183.82 - - [28/Apr/2024:11:05:28 +0800] "GET /xingrg/javascript/jquery_easy_ui/themes/default/images/tabs_rightarrow.png HTTP/1.1" 304 -
222.70.183.82 - - [28/Apr/2024:11:05:28 +0800] "GET /xingrg/images/blue/pingpu.png HTTP/1.1" 304 -
222.70.183.82 - - [28/Apr/2024:11:05:29 +0800] "POST /xingrg/all/common/load_tree.html?tree=area_rest_tree_json&manage=1 HTTP/1.1" 200 470
222.70.183.82 - - [28/Apr/2024:11:05:29 +0800] "POST /xingrg/load_menu.html HTTP/1.1" 200 9959
114.95.253.235 - - [28/Apr/2024:11:05:30 +0800] "GET /xingrg/all/function/internal_message.html?_=1714273529092&CODE_STATE=getMsg HTTP/1.1" 200 27
114.95.253.235 - - [28/Apr/2024:11:05:30 +0800] "GET /xingrg/check_reg.html?_=1714273529095 HTTP/1.1" 200 22
222.70.183.82 - - [28/Apr/2024:11:05:30 +0800] "GET /xingrg/kc/buy/buy_main.html HTTP/1.1" 200 12412
222.70.183.82 - - [28/Apr/2024:11:05:30 +0800] "GET /xingrg/css/new_ie.css HTTP/1.1" 404 1036
222.70.183.82 - - [28/Apr/2024:11:05:31 +0800] "GET /xingrg/images/yd/bt.gif HTTP/1.1" 404 1040
222.70.183.82 - - [28/Apr/2024:11:05:32 +0800] "GET /xingrg/kc/buy/cgsh_order_list.html HTTP/1.1" 200 58350
116.237.77.239 - - [28/Apr/2024:11:05:34 +0800] "GET /xingrg/kc/buy/cgsh_order_operate.html?command=get_materiel&rest_code=00106&code=00101002006&supplier_code=00100091&order_time=2024-04-28 HTTP/1.1" 200 414
116.237.77.239 - - [28/Apr/2024:11:05:34 +0800] "GET /xingrg/all/function/internal_message.html?_=1714273534646&CODE_STATE=getMsg HTTP/1.1" 200 27
222.70.183.82 - - [28/Apr/2024:11:05:34 +0800] "POST /xingrg/kc/buy/cgsh_list_operate.html HTTP/1.1" 200 645
222.70.183.82 - - [28/Apr/2024:11:05:36 +0800] "GET /xingrg/kc/buy/cgsh_order_add.html HTTP/1.1" 200 74119
222.70.183.82 - - [28/Apr/2024:11:05:36 +0800] "GET /xingrg/words/20240427141959_words.js HTTP/1.1" 304 -
222.70.183.82 - - [28/Apr/2024:11:05:36 +0800] "POST /xingrg/kc/buy/cgsh_order_operate.html HTTP/1.1" 200 8245
222.70.183.82 - - [28/Apr/2024:11:05:37 +0800] "GET /xingrg/javascript/easyui/themes/default/validatebox.css HTTP/1.1" 404 1104
222.70.183.82 - - [28/Apr/2024:11:05:37 +0800] "GET /xingrg/all/common/auto_word.html?type=employee&rest_code=00111 HTTP/1.1" 200 105
222.70.183.82 - - [28/Apr/2024:11:05:37 +0800] "GET /xingrg/all/common/auto_word.html?type=employee&rest_code=00111 HTTP/1.1" 200 105
222.70.183.82 - - [28/Apr/2024:11:05:37 +0800] "GET /xingrg/javascript/auto/indicator.gif HTTP/1.1" 404 1066
180.164.6.225 - - [28/Apr/2024:11:05:40 +0800] "GET /xingrg/all/function/internal_message.html?_=1714273540834&CODE_STATE=getMsg HTTP/1.1" 200 27
222.70.183.82 - - [28/Apr/2024:11:05:41 +0800] "GET /xingrg/javascript/jquery_tools/images/prev.gif HTTP/1.1" 404 1086
222.70.183.82 - - [28/Apr/2024:11:05:41 +0800] "GET /xingrg/javascript/jquery_tools/images/next.gif HTTP/1.1" 404 1086
116.238.97.31 - - [28/Apr/2024:11:05:42 +0800] "GET /xingrg/kc/base/wldb_order_operate.html?command=get_materiel&rest_code=00102&base_code=0010476&code=00101019404 HTTP/1.1" 200 476
116.237.77.239 - - [28/Apr/2024:11:05:46 +0800] "POST /xingrg/kc/buy/cgsh_order_operate.html HTTP/1.1" 200 37
116.232.195.13 - - [28/Apr/2024:11:05:46 +0800] "GET /xingrg/all/function/internal_message.html?_=1714273531786&CODE_STATE=getMsg HTTP/1.1" 200 27
124.78.56.241 - - [28/Apr/2024:11:05:48 +0800] "GET /xingrg/all/function/internal_message.html?_=1714273548072&CODE_STATE=getMsg HTTP/1.1" 200 27
116.232.37.107 - - [28/Apr/2024:11:05:48 +0800] "POST /xingrg/services/DataTransmitService HTTP/1.1" 200 524
114.83.217.54 - - [28/Apr/2024:11:05:48 +0800] "GET /xingrg/all/function/internal_message.html?_=1714273548623&CODE_STATE=getMsg HTTP/1.1" 200 27
180.169.147.146 - - [28/Apr/2024:11:05:49 +0800] "GET /xingrg/check_reg.html?_=1714273538579 HTTP/1.1" 200 22
116.232.37.107 - - [28/Apr/2024:11:05:50 +0800] "POST /xingrg/services/DataTransmitService HTTP/1.1" 200 412
116.238.97.31 - - [28/Apr/2024:11:05:51 +0800] "GET /xingrg/all/function/internal_message.html?_=1714273586257&CODE_STATE=getMsg HTTP/1.1" 200 27
114.83.217.54 - - [28/Apr/2024:11:05:52 +0800] "GET /xingrg/all/function/internal_message.html?_=1714273553656&CODE_STATE=getMsg HTTP/1.1" 200 27
101.83.241.187 - - [28/Apr/2024:11:05:53 +0800] "GET /xingrg/all/function/internal_message.html?_=1714273553480&CODE_STATE=getMsg HTTP/1.1" 200 27
221.239.168.119 - - [28/Apr/2024:11:05:53 +0800] "GET /xingrg/kc/buy/cgsh_order_operate.html?command=get_materiel&rest_code=00145&code=00101008356&supplier_code=00100556&order_time=2024-04-19 HTTP/1.1" 200 408
116.237.77.239 - - [28/Apr/2024:11:05:55 +0800] "POST /xingrg/kc/buy/cgsh_order_operate.html HTTP/1.1" 200 12
222.70.183.82 - - [28/Apr/2024:11:05:56 +0800] "GET /xingrg/kc/buy/cgsh_order_operate.html?command=get_materiel&rest_code=00111&code=00101009175&supplier_code=00100037&order_time=2024-04-28 HTTP/1.1" 200 415
116.238.97.31 - - [28/Apr/2024:11:05:58 +0800] "GET /xingrg/kc/base/wldb_order_operate.html?command=get_materiel&rest_code=00102&base_code=0010476&code=00101019359 HTTP/1.1" 200 461
