180.164.6.225 - - [28/Apr/2024:10:23:40 +0800] "GET /xingrg/all/function/internal_message.html?_=1714271020828&CODE_STATE=getMsg HTTP/1.1" 200 27
114.83.217.54 - - [28/Apr/2024:10:23:46 +0800] "GET /xingrg/kc/buy/cgsh_order_operate.html?command=get_materiel&rest_code=00149&code=00101002027&supplier_code=00100039&order_time=2024-04-28 HTTP/1.1" 200 432
116.232.195.13 - - [28/Apr/2024:10:23:46 +0800] "GET /xingrg/all/function/internal_message.html?_=1714271011772&CODE_STATE=getMsg HTTP/1.1" 200 27
101.83.144.49 - - [28/Apr/2024:10:23:48 +0800] "GET /xingrg/kc/buy/cgsh_order_operate.html?command=get_materiel&rest_code=00105&code=00101002041&supplier_code=00100442&order_time=2024-04-28 HTTP/1.1" 200 409
124.78.56.241 - - [28/Apr/2024:10:23:48 +0800] "GET /xingrg/all/function/internal_message.html?_=1714271028826&CODE_STATE=getMsg HTTP/1.1" 200 27
114.83.217.54 - - [28/Apr/2024:10:23:49 +0800] "GET /xingrg/all/function/internal_message.html?_=1714271029303&CODE_STATE=getMsg HTTP/1.1" 200 27
114.83.217.54 - - [28/Apr/2024:10:23:49 +0800] "GET /xingrg/check_reg.html?_=1714271029891 HTTP/1.1" 200 22
116.238.97.31 - - [28/Apr/2024:10:23:51 +0800] "GET /xingrg/all/function/internal_message.html?_=1714271066237&CODE_STATE=getMsg HTTP/1.1" 200 27
120.253.135.82 - - [28/Apr/2024:10:23:52 +0800] "GET /xingrg/all/function/internal_message.html?_=1714270880460&CODE_STATE=getMsg HTTP/1.1" 200 27
114.83.217.54 - - [28/Apr/2024:10:23:53 +0800] "GET /xingrg/all/function/internal_message.html?_=1714271034616&CODE_STATE=getMsg HTTP/1.1" 200 27
101.83.241.187 - - [28/Apr/2024:10:23:53 +0800] "GET /xingrg/all/function/internal_message.html?_=1714271033894&CODE_STATE=getMsg HTTP/1.1" 200 27
116.237.77.239 - - [28/Apr/2024:10:23:54 +0800] "GET /xingrg/all/function/internal_message.html?_=1714271033968&CODE_STATE=getMsg HTTP/1.1" 200 27
221.239.168.119 - - [28/Apr/2024:10:23:59 +0800] "GET /xingrg/check_reg.html?_=1714271036127 HTTP/1.1" 200 22
101.83.144.49 - - [28/Apr/2024:10:24:00 +0800] "POST /xingrg/kc/buy/cgsh_order_operate.html HTTP/1.1" 200 37
101.83.144.49 - - [28/Apr/2024:10:24:03 +0800] "POST /xingrg/kc/buy/cgsh_order_operate.html HTTP/1.1" 200 3247
116.237.77.239 - - [28/Apr/2024:10:24:03 +0800] "POST /xingrg/services/DataTransmitService HTTP/1.1" 200 524
116.237.77.239 - - [28/Apr/2024:10:24:04 +0800] "POST /xingrg/services/DataTransmitService HTTP/1.1" 200 2579
114.83.217.54 - - [28/Apr/2024:10:24:05 +0800] "GET /xingrg/kc/buy/cgsh_order_operate.html?command=get_materiel&rest_code=00149&code=00101001044&supplier_code=00100039&order_time=2024-04-28 HTTP/1.1" 200 413
101.83.144.49 - - [28/Apr/2024:10:24:06 +0800] "GET /xingrg/kc/print/load_data.html?order_code=212024042807778&kc_code=cgsh&condition= HTTP/1.1" 200 896
116.237.77.239 - - [28/Apr/2024:10:24:07 +0800] "POST /xingrg/services/DataTransmitService HTTP/1.1" 200 185160
101.83.144.49 - - [28/Apr/2024:10:24:10 +0800] "GET /xingrg/kc/buy/cgsh_order_add.html HTTP/1.1" 200 74245
101.83.144.49 - - [28/Apr/2024:10:24:11 +0800] "GET /xingrg/javascript/easyui/themes/default/validatebox.css HTTP/1.1" 404 1104
101.83.144.49 - - [28/Apr/2024:10:24:11 +0800] "POST /xingrg/kc/buy/cgsh_order_operate.html HTTP/1.1" 200 8245
114.95.253.235 - - [28/Apr/2024:10:24:13 +0800] "GET /xingrg/all/function/internal_message.html?_=1714271053197&CODE_STATE=getMsg HTTP/1.1" 200 27
116.232.195.13 - - [28/Apr/2024:10:24:14 +0800] "GET /xingrg/javascript/easyui/themes/default/images/tree_checkbox_1.gif HTTP/1.1" 200 174
116.232.195.13 - - [28/Apr/2024:10:24:14 +0800] "GET /xingrg/javascript/easyui/themes/default/images/tree_checkbox_2.gif HTTP/1.1" 200 181
116.232.195.13 - - [28/Apr/2024:10:24:17 +0800] "POST /xingrg/kc/base/wldb_list_operate.html HTTP/1.1" 200 3434
114.83.217.54 - - [28/Apr/2024:10:24:21 +0800] "GET /xingrg/kc/buy/cgsh_order_operate.html?command=get_materiel&rest_code=00149&code=00101003035&supplier_code=00100039&order_time=2024-04-28 HTTP/1.1" 200 411
58.40.7.146 - - [28/Apr/2024:10:24:22 +0800] "GET /xingrg/all/function/internal_message.html?_=1714271062800&CODE_STATE=getMsg HTTP/1.1" 200 27
180.163.29.217 - - [28/Apr/2024:10:24:24 +0800] "GET /xingrg/all/function/internal_message.html?_=1714268754639&CODE_STATE=getMsg HTTP/1.1" 302 -
180.163.29.217 - - [28/Apr/2024:10:24:24 +0800] "GET /xingrg/login.html HTTP/1.1" 200 7641
180.169.147.146 - - [28/Apr/2024:10:24:24 +0800] "GET /xingrg/all/function/internal_message.html?_=1714271064117&CODE_STATE=getMsg HTTP/1.1" 200 27
120.253.135.82 - - [28/Apr/2024:10:24:24 +0800] "GET /xingrg/all/function/internal_message.html?_=1714271246048&CODE_STATE=getMsg HTTP/1.1" 200 27
101.83.144.49 - - [28/Apr/2024:10:24:26 +0800] "GET /xingrg/kc/buy/cgsh_order_operate.html?command=get_materiel&rest_code=00105&code=00101018019&supplier_code=00100330&order_time=2024-04-28 HTTP/1.1" 200 423
180.169.147.146 - - [28/Apr/2024:10:24:27 +0800] "GET /xingrg/javascript/jquery_tools/images/next.gif HTTP/1.1" 404 1086
180.169.147.146 - - [28/Apr/2024:10:24:27 +0800] "GET /xingrg/javascript/jquery_tools/images/prev.gif HTTP/1.1" 404 1086
222.70.183.82 - - [28/Apr/2024:10:24:29 +0800] "GET /xingrg/check_reg.html?_=1714271067223 HTTP/1.1" 200 22
114.95.253.235 - - [28/Apr/2024:10:24:29 +0800] "GET /xingrg/all/function/internal_message.html?_=1714271069092&CODE_STATE=getMsg HTTP/1.1" 200 27
114.83.217.54 - - [28/Apr/2024:10:24:36 +0800] "GET /xingrg/kc/buy/cgsh_order_operate.html?command=get_materiel&rest_code=00149&code=00101001191&supplier_code=00100039&order_time=2024-04-28 HTTP/1.1" 200 413
116.238.97.31 - - [28/Apr/2024:10:24:39 +0800] "GET /xingrg/all/function/internal_message.html?_=1714271079321&CODE_STATE=getMsg HTTP/1.1" 200 27
180.164.6.225 - - [28/Apr/2024:10:24:40 +0800] "GET /xingrg/all/function/internal_message.html?_=1714271080837&CODE_STATE=getMsg HTTP/1.1" 200 27
101.83.144.49 - - [28/Apr/2024:10:24:43 +0800] "POST /xingrg/kc/buy/cgsh_order_operate.html HTTP/1.1" 200 37
120.253.135.82 - - [28/Apr/2024:10:24:45 +0800] "POST /xingrg/kc/pszx/mdps_list_operate.html HTTP/1.1" 200 2782
180.169.147.146 - - [28/Apr/2024:10:24:45 +0800] "POST /xingrg/kc/buy/cgsh_list_operate.html HTTP/1.1" 200 4268
116.232.195.13 - - [28/Apr/2024:10:24:46 +0800] "GET /xingrg/all/function/internal_message.html?_=1714271071783&CODE_STATE=getMsg HTTP/1.1" 200 27
120.253.135.82 - - [28/Apr/2024:10:24:47 +0800] "POST /xingrg/kc/pszx/mdps_list_operate.html HTTP/1.1" 200 653
124.78.56.241 - - [28/Apr/2024:10:24:48 +0800] "GET /xingrg/all/function/internal_message.html?_=1714271088803&CODE_STATE=getMsg HTTP/1.1" 200 27
114.83.217.54 - - [28/Apr/2024:10:24:49 +0800] "GET /xingrg/all/function/internal_message.html?_=1714271089287&CODE_STATE=getMsg HTTP/1.1" 200 27
114.83.217.54 - - [28/Apr/2024:10:24:49 +0800] "GET /xingrg/kc/buy/cgsh_order_operate.html?command=get_materiel&rest_code=00149&code=00101001010&supplier_code=00100039&order_time=2024-04-28 HTTP/1.1" 200 411
120.253.135.82 - - [28/Apr/2024:10:24:50 +0800] "GET /xingrg/kc/pszx/mdps_order_info.html?code=312024042300392 HTTP/1.1" 200 23974
120.253.135.82 - - [28/Apr/2024:10:24:51 +0800] "GET /xingrg/javascript/easyui/themes/default/validatebox.css HTTP/1.1" 404 1104
120.253.135.82 - - [28/Apr/2024:10:24:51 +0800] "POST /xingrg/kc/pszx/mdps_order_operate.html HTTP/1.1" 200 4898
116.238.97.31 - - [28/Apr/2024:10:24:51 +0800] "GET /xingrg/all/function/internal_message.html?_=1714271126224&CODE_STATE=getMsg HTTP/1.1" 200 27
116.238.97.31 - - [28/Apr/2024:10:24:51 +0800] "GET /xingrg/check_reg.html?_=1714271126221 HTTP/1.1" 200 22
120.253.135.82 - - [28/Apr/2024:10:24:52 +0800] "GET /xingrg/all/function/internal_message.html?_=1714270940472&CODE_STATE=getMsg HTTP/1.1" 200 27
114.83.217.54 - - [28/Apr/2024:10:24:53 +0800] "GET /xingrg/all/function/internal_message.html?_=1714271094588&CODE_STATE=getMsg HTTP/1.1" 200 27
101.83.241.187 - - [28/Apr/2024:10:24:53 +0800] "GET /xingrg/check_reg.html?_=1714271093868 HTTP/1.1" 200 22
101.83.241.187 - - [28/Apr/2024:10:24:53 +0800] "GET /xingrg/all/function/internal_message.html?_=1714271093872&CODE_STATE=getMsg HTTP/1.1" 200 27
116.237.77.239 - - [28/Apr/2024:10:24:54 +0800] "GET /xingrg/all/function/internal_message.html?_=1714271093941&CODE_STATE=getMsg HTTP/1.1" 200 27
101.83.144.49 - - [28/Apr/2024:10:24:55 +0800] "POST /xingrg/kc/buy/cgsh_order_operate.html HTTP/1.1" 200 2666
101.83.144.49 - - [28/Apr/2024:10:24:57 +0800] "GET /xingrg/kc/print/load_data.html?order_code=212024042807779&kc_code=cgsh&condition= HTTP/1.1" 200 688
101.83.144.49 - - [28/Apr/2024:10:25:01 +0800] "GET /xingrg/all/function/internal_message.html?_=1714271102157&CODE_STATE=getMsg HTTP/1.1" 200 27
101.83.144.49 - - [28/Apr/2024:10:25:01 +0800] "GET /xingrg/kc/buy/cgsh_order_add.html HTTP/1.1" 200 74245
101.83.144.49 - - [28/Apr/2024:10:25:02 +0800] "GET /xingrg/javascript/easyui/themes/default/validatebox.css HTTP/1.1" 404 1104
101.83.144.49 - - [28/Apr/2024:10:25:02 +0800] "POST /xingrg/kc/buy/cgsh_order_operate.html HTTP/1.1" 200 8245
114.83.217.54 - - [28/Apr/2024:10:25:03 +0800] "POST /xingrg/kc/buy/cgsh_order_operate.html HTTP/1.1" 200 37
180.163.30.100 - - [28/Apr/2024:10:25:08 +0800] "GET /xingrg/all/function/internal_message.html?_=1714270794061&CODE_STATE=getMsg HTTP/1.1" 302 -
180.163.30.100 - - [28/Apr/2024:10:25:08 +0800] "GET /xingrg/login.html HTTP/1.1" 200 7641
114.83.217.54 - - [28/Apr/2024:10:25:10 +0800] "POST /xingrg/kc/buy/cgsh_order_operate.html HTTP/1.1" 200 12
114.95.253.235 - - [28/Apr/2024:10:25:13 +0800] "GET /xingrg/all/function/internal_message.html?_=1714271113193&CODE_STATE=getMsg HTTP/1.1" 200 27
114.83.217.54 - - [28/Apr/2024:10:25:14 +0800] "GET /xingrg/kc/buy/cgsh_order_info.html?code=212024042807780 HTTP/1.1" 200 69122
114.83.217.54 - - [28/Apr/2024:10:25:14 +0800] "GET /xingrg/javascript/easyui/themes/default/validatebox.css HTTP/1.1" 404 1104
114.83.217.54 - - [28/Apr/2024:10:25:15 +0800] "POST /xingrg/kc/buy/cgsh_order_operate.html HTTP/1.1" 200 2978
114.83.217.54 - - [28/Apr/2024:10:25:17 +0800] "GET /xingrg/kc/print/load_data.html?order_code=212024042807780&kc_code=cgsh&condition= HTTP/1.1" 200 1633
114.83.217.54 - - [28/Apr/2024:10:25:18 +0800] "GET /xingrg/check_reg.html?_=1714271119215 HTTP/1.1" 200 22
58.40.7.146 - - [28/Apr/2024:10:25:22 +0800] "GET /xingrg/all/function/internal_message.html?_=1714271122802&CODE_STATE=getMsg HTTP/1.1" 200 27
58.40.7.146 - - [28/Apr/2024:10:25:22 +0800] "GET /xingrg/check_reg.html?_=1714271122804 HTTP/1.1" 200 22
114.83.217.54 - - [28/Apr/2024:10:25:22 +0800] "GET /xingrg/kc/buy/cgsh_order_add.html HTTP/1.1" 200 74251
114.83.217.54 - - [28/Apr/2024:10:25:23 +0800] "POST /xingrg/kc/buy/cgsh_order_operate.html HTTP/1.1" 200 8245
114.83.217.54 - - [28/Apr/2024:10:25:23 +0800] "GET /xingrg/javascript/easyui/themes/default/validatebox.css HTTP/1.1" 404 1104
180.169.147.146 - - [28/Apr/2024:10:25:24 +0800] "GET /xingrg/all/function/internal_message.html?_=1714271124125&CODE_STATE=getMsg HTTP/1.1" 200 27
120.253.135.82 - - [28/Apr/2024:10:25:24 +0800] "GET /xingrg/all/function/internal_message.html?_=1714271306052&CODE_STATE=getMsg HTTP/1.1" 200 27
114.95.253.235 - - [28/Apr/2024:10:25:29 +0800] "GET /xingrg/all/function/internal_message.html?_=1714271129090&CODE_STATE=getMsg HTTP/1.1" 200 27
114.95.253.235 - - [28/Apr/2024:10:25:29 +0800] "GET /xingrg/check_reg.html?_=1714271129092 HTTP/1.1" 200 22
114.83.217.54 - - [28/Apr/2024:10:25:31 +0800] "GET /xingrg/kc/buy/cgsh_order_operate.html?command=get_materiel&rest_code=00149&code=00101009062&supplier_code=00100201&order_time=2024-04-28 HTTP/1.1" 200 412
116.238.97.31 - - [28/Apr/2024:10:25:39 +0800] "GET /xingrg/all/function/internal_message.html?_=1714271139311&CODE_STATE=getMsg HTTP/1.1" 200 27
180.164.6.225 - - [28/Apr/2024:10:25:40 +0800] "GET /xingrg/all/function/internal_message.html?_=1714271140837&CODE_STATE=getMsg HTTP/1.1" 200 27
101.83.144.49 - - [28/Apr/2024:10:25:41 +0800] "GET /xingrg/kc/buy/cgsh_order_operate.html?command=get_materiel&rest_code=00105&code=00101001045&supplier_code=00100665&order_time=2024-04-28 HTTP/1.1" 200 421
180.169.147.146 - - [28/Apr/2024:10:25:46 +0800] "GET /xingrg/login.html HTTP/1.1" 200 7641
180.169.147.146 - - [28/Apr/2024:10:25:46 +0800] "GET /favicon.ico HTTP/1.1" 404 -
116.232.195.13 - - [28/Apr/2024:10:25:46 +0800] "GET /xingrg/all/function/internal_message.html?_=1714271131783&CODE_STATE=getMsg HTTP/1.1" 200 27
124.78.56.241 - - [28/Apr/2024:10:25:48 +0800] "GET /xingrg/all/function/internal_message.html?_=1714271148792&CODE_STATE=getMsg HTTP/1.1" 200 27
114.83.217.54 - - [28/Apr/2024:10:25:49 +0800] "GET /xingrg/all/function/internal_message.html?_=1714271149267&CODE_STATE=getMsg HTTP/1.1" 200 27
180.169.147.146 - - [28/Apr/2024:10:25:49 +0800] "POST /xingrg/login.do HTTP/1.1" 302 -
180.169.147.146 - - [28/Apr/2024:10:25:49 +0800] "GET /xingrg/index.html?sysBaseUrl=http%3A%2F%2F180.169.147.146%3A18081%2Fxingrg%2F&costTime=851×tamp=1714271149013 HTTP/1.1" 200 17179
180.169.147.146 - - [28/Apr/2024:10:25:49 +0800] "GET /favicon.ico HTTP/1.1" 404 -
180.169.147.146 - - [28/Apr/2024:10:25:49 +0800] "GET /xingrg/check_reg.html?_=1714271138521 HTTP/1.1" 200 22
180.169.147.146 - - [28/Apr/2024:10:25:49 +0800] "GET /xingrg/all/function/internal_message.html?_=1714271138520&CODE_STATE=count HTTP/1.1" 200 11
180.169.147.146 - - [28/Apr/2024:10:25:49 +0800] "POST /xingrg/all/common/load_tree.html?tree=area_rest_tree_json&manage=1 HTTP/1.1" 200 351
180.169.147.146 - - [28/Apr/2024:10:25:49 +0800] "POST /xingrg/load_menu.html HTTP/1.1" 200 5138
114.83.217.54 - - [28/Apr/2024:10:25:49 +0800] "GET /xingrg/kc/buy/cgsh_order_operate.html?command=get_materiel&rest_code=00149&code=00101009011&supplier_code=00100201&order_time=2024-04-28 HTTP/1.1" 200 416
116.238.97.31 - - [28/Apr/2024:10:25:51 +0800] "GET /xingrg/all/function/internal_message.html?_=1714271186222&CODE_STATE=getMsg HTTP/1.1" 200 27
120.253.135.82 - - [28/Apr/2024:10:25:52 +0800] "GET /xingrg/all/function/internal_message.html?_=1714271000485&CODE_STATE=getMsg HTTP/1.1" 200 27
114.83.217.54 - - [28/Apr/2024:10:25:53 +0800] "GET /xingrg/all/function/internal_message.html?_=1714271154564&CODE_STATE=getMsg HTTP/1.1" 200 27
101.83.241.187 - - [28/Apr/2024:10:25:53 +0800] "GET /xingrg/all/function/internal_message.html?_=1714271153884&CODE_STATE=getMsg HTTP/1.1" 200 27
116.237.77.239 - - [28/Apr/2024:10:25:54 +0800] "GET /xingrg/all/function/internal_message.html?_=1714271153917&CODE_STATE=getMsg HTTP/1.1" 200 27
180.163.28.143 - - [28/Apr/2024:10:25:57 +0800] "GET /xingrg/all/function/internal_message.html?_=1714270914020&CODE_STATE=getMsg HTTP/1.1" 302 -
180.163.28.143 - - [28/Apr/2024:10:25:57 +0800] "GET /xingrg/login.html HTTP/1.1" 200 7641
114.83.217.54 - - [28/Apr/2024:10:26:08 +0800] "POST /xingrg/kc/buy/cgsh_order_operate.html HTTP/1.1" 200 37
114.95.253.235 - - [28/Apr/2024:10:26:13 +0800] "GET /xingrg/check_reg.html?_=1714271173195 HTTP/1.1" 200 22
114.95.253.235 - - [28/Apr/2024:10:26:13 +0800] "GET /xingrg/all/function/internal_message.html?_=1714271173198&CODE_STATE=getMsg HTTP/1.1" 200 27
101.83.144.49 - - [28/Apr/2024:10:26:16 +0800] "POST /xingrg/kc/buy/cgsh_order_operate.html HTTP/1.1" 200 37
114.83.217.54 - - [28/Apr/2024:10:26:17 +0800] "POST /xingrg/kc/buy/cgsh_order_operate.html HTTP/1.1" 200 12
101.83.144.49 - - [28/Apr/2024:10:26:19 +0800] "POST /xingrg/kc/buy/cgsh_order_operate.html HTTP/1.1" 200 2668
101.83.144.49 - - [28/Apr/2024:10:26:21 +0800] "GET /xingrg/kc/print/load_data.html?order_code=212024042807782&kc_code=cgsh&condition= HTTP/1.1" 200 672
58.40.7.146 - - [28/Apr/2024:10:26:22 +0800] "GET /xingrg/all/function/internal_message.html?_=1714271182796&CODE_STATE=getMsg HTTP/1.1" 200 27
180.169.147.146 - - [28/Apr/2024:10:26:24 +0800] "GET /xingrg/all/function/internal_message.html?_=1714271184131&CODE_STATE=getMsg HTTP/1.1" 200 27
120.253.135.82 - - [28/Apr/2024:10:26:24 +0800] "GET /xingrg/all/function/internal_message.html?_=1714271366058&CODE_STATE=getMsg HTTP/1.1" 200 27
114.83.217.54 - - [28/Apr/2024:10:26:24 +0800] "GET /xingrg/kc/buy/cgsh_order_info.html?code=212024042807781 HTTP/1.1" 200 69122
114.83.217.54 - - [28/Apr/2024:10:26:24 +0800] "GET /xingrg/javascript/easyui/themes/default/validatebox.css HTTP/1.1" 404 1104
114.83.217.54 - - [28/Apr/2024:10:26:26 +0800] "POST /xingrg/kc/buy/cgsh_order_operate.html HTTP/1.1" 200 1203
101.83.144.49 - - [28/Apr/2024:10:26:29 +0800] "GET /xingrg/kc/buy/cgsh_order_add.html HTTP/1.1" 200 74245
101.83.144.49 - - [28/Apr/2024:10:26:29 +0800] "GET /xingrg/javascript/easyui/themes/default/validatebox.css HTTP/1.1" 404 1104
101.83.144.49 - - [28/Apr/2024:10:26:29 +0800] "POST /xingrg/kc/buy/cgsh_order_operate.html HTTP/1.1" 200 8245
120.253.135.82 - - [28/Apr/2024:10:26:29 +0800] "POST /xingrg/kc/pszx/mdps_order_operate.html HTTP/1.1" 200 37
114.95.253.235 - - [28/Apr/2024:10:26:29 +0800] "GET /xingrg/all/function/internal_message.html?_=1714271189081&CODE_STATE=getMsg HTTP/1.1" 200 27
120.253.135.82 - - [28/Apr/2024:10:26:31 +0800] "GET /xingrg/kc/pszx/mdps_order_info.html?code=312024042300392 HTTP/1.1" 200 23974
120.253.135.82 - - [28/Apr/2024:10:26:31 +0800] "GET /xingrg/javascript/easyui/themes/default/validatebox.css HTTP/1.1" 404 1104
120.253.135.82 - - [28/Apr/2024:10:26:32 +0800] "POST /xingrg/kc/pszx/mdps_order_operate.html HTTP/1.1" 200 4898
116.238.97.31 - - [28/Apr/2024:10:26:39 +0800] "GET /xingrg/all/function/internal_message.html?_=1714271199304&CODE_STATE=getMsg HTTP/1.1" 200 27
180.164.6.225 - - [28/Apr/2024:10:26:40 +0800] "GET /xingrg/all/function/internal_message.html?_=1714271200851&CODE_STATE=getMsg HTTP/1.1" 200 27
101.83.144.49 - - [28/Apr/2024:10:26:46 +0800] "GET /xingrg/kc/buy/cgsh_order_operate.html?command=get_materiel&rest_code=00105&code=00101010569&supplier_code=00100327&order_time=2024-04-28 HTTP/1.1" 200 409
116.232.195.13 - - [28/Apr/2024:10:26:46 +0800] "GET /xingrg/all/function/internal_message.html?_=1714271191779&CODE_STATE=getMsg HTTP/1.1" 200 27
114.83.217.54 - - [28/Apr/2024:10:26:48 +0800] "GET /xingrg/kc/print/load_data.html?order_code=212024042807781&kc_code=cgsh&condition= HTTP/1.1" 200 938
124.78.56.241 - - [28/Apr/2024:10:26:48 +0800] "GET /xingrg/all/function/internal_message.html?_=1714271208768&CODE_STATE=getMsg HTTP/1.1" 200 27
114.83.217.54 - - [28/Apr/2024:10:26:48 +0800] "GET /xingrg/all/function/internal_message.html?_=1714271209257&CODE_STATE=getMsg HTTP/1.1" 200 27
180.169.147.146 - - [28/Apr/2024:10:26:49 +0800] "GET /xingrg/all/function/internal_message.html?_=1714271198542&CODE_STATE=getMsg HTTP/1.1" 200 27
116.238.97.31 - - [28/Apr/2024:10:26:51 +0800] "GET /xingrg/all/function/internal_message.html?_=1714271246223&CODE_STATE=getMsg HTTP/1.1" 200 27
120.253.135.82 - - [28/Apr/2024:10:26:52 +0800] "GET /xingrg/check_reg.html?_=1714271060531 HTTP/1.1" 200 22
120.253.135.82 - - [28/Apr/2024:10:26:52 +0800] "GET /xingrg/all/function/internal_message.html?_=1714271060535&CODE_STATE=getMsg HTTP/1.1" 200 27
120.253.135.82 - - [28/Apr/2024:10:26:52 +0800] "POST /xingrg/kc/pszx/mdps_order_operate.html HTTP/1.1" 200 37
114.83.217.54 - - [28/Apr/2024:10:26:53 +0800] "GET /xingrg/all/function/internal_message.html?_=1714271214536&CODE_STATE=getMsg HTTP/1.1" 200 27
101.83.241.187 - - [28/Apr/2024:10:26:53 +0800] "GET /xingrg/all/function/internal_message.html?_=1714271213874&CODE_STATE=getMsg HTTP/1.1" 200 27
120.253.135.82 - - [28/Apr/2024:10:26:54 +0800] "GET /xingrg/kc/pszx/mdps_order_info.html?code=312024042300392 HTTP/1.1" 200 23974
120.253.135.82 - - [28/Apr/2024:10:26:54 +0800] "GET /xingrg/javascript/easyui/themes/default/validatebox.css HTTP/1.1" 404 1104
120.253.135.82 - - [28/Apr/2024:10:26:55 +0800] "POST /xingrg/kc/pszx/mdps_order_operate.html HTTP/1.1" 200 4898
120.253.135.82 - - [28/Apr/2024:10:26:59 +0800] "GET /xingrg/kc/print/load_config.html?kc_code=mdps HTTP/1.1" 200 2390
120.253.135.82 - - [28/Apr/2024:10:27:00 +0800] "GET /xingrg/kc/print/load_data.html?order_code=312024042300392&kc_code=mdps&condition= HTTP/1.1" 200 1952
114.95.253.235 - - [28/Apr/2024:10:27:00 +0800] "POST /xingrg/all/user/operate.html HTTP/1.1" 200 36
114.95.253.235 - - [28/Apr/2024:10:27:00 +0800] "GET /xingrg/index.html?sysBaseUrl=http%3A%2F%2F180.169.147.146%3A18081%2Fxingrg%2F&costTime=1703×tamp=1714268399680 HTTP/1.1" 200 17179
114.95.253.235 - - [28/Apr/2024:10:27:00 +0800] "GET /xingrg/javascript/jquery_easy_ui/themes/default/easyui.css HTTP/1.1" 304 -
114.95.253.235 - - [28/Apr/2024:10:27:00 +0800] "GET /xingrg/javascript/jquery_easy_ui/themes/icon.css HTTP/1.1" 304 -
114.95.253.235 - - [28/Apr/2024:10:27:00 +0800] "GET /xingrg/css/form.css HTTP/1.1" 304 -
114.95.253.235 - - [28/Apr/2024:10:27:00 +0800] "GET /xingrg/javascript/jquery-1.4.2.min.js HTTP/1.1" 304 -
114.95.253.235 - - [28/Apr/2024:10:27:00 +0800] "GET /xingrg/javascript/jquery_easy_ui/jquery.easyui.min.js HTTP/1.1" 304 -
114.95.253.235 - - [28/Apr/2024:10:27:00 +0800] "GET /xingrg/javascript/jquery_easy_ui/easyui-lang-zh_CN.js HTTP/1.1" 304 -
114.95.253.235 - - [28/Apr/2024:10:27:00 +0800] "GET /xingrg/javascript/jquery.form.js HTTP/1.1" 304 -
114.95.253.235 - - [28/Apr/2024:10:27:00 +0800] "GET /xingrg/javascript/jquery.utils.js HTTP/1.1" 304 -
114.95.253.235 - - [28/Apr/2024:10:27:00 +0800] "GET /xingrg/javascript/jquery.timers.js HTTP/1.1" 304 -
114.95.253.235 - - [28/Apr/2024:10:27:00 +0800] "GET /xingrg/images/blue/jxLogo.png HTTP/1.1" 304 -
114.95.253.235 - - [28/Apr/2024:10:27:00 +0800] "GET /xingrg/javascript/jquery_easy_ui/themes/icons/settle_new.png HTTP/1.1" 304 -
114.95.253.235 - - [28/Apr/2024:10:27:00 +0800] "GET /xingrg/images/blue/navBackgound.jpg HTTP/1.1" 304 -
114.95.253.235 - - [28/Apr/2024:10:27:00 +0800] "GET /xingrg/all/function/internal_message.html?_=1714271220805&CODE_STATE=count HTTP/1.1" 200 11
114.95.253.235 - - [28/Apr/2024:10:27:00 +0800] "GET /xingrg/javascript/jquery_easy_ui/themes/default/images/tabs_leftarrow.png HTTP/1.1" 304 -
114.95.253.235 - - [28/Apr/2024:10:27:00 +0800] "GET /xingrg/javascript/jquery_easy_ui/themes/default/images/tabs_rightarrow.png HTTP/1.1" 304 -
114.95.253.235 - - [28/Apr/2024:10:27:00 +0800] "GET /xingrg/check_reg.html?_=1714271220806 HTTP/1.1" 200 22
114.95.253.235 - - [28/Apr/2024:10:27:00 +0800] "GET /xingrg/javascript/jquery_easy_ui/themes/default/images/panel_tool_collapse.gif HTTP/1.1" 304 -
114.95.253.235 - - [28/Apr/2024:10:27:00 +0800] "GET /xingrg/images/blue/pingpu.png HTTP/1.1" 304 -
114.95.253.235 - - [28/Apr/2024:10:27:00 +0800] "POST /xingrg/all/common/load_tree.html?tree=area_rest_tree_json&manage=1 HTTP/1.1" 200 476
114.95.253.235 - - [28/Apr/2024:10:27:00 +0800] "POST /xingrg/load_menu.html HTTP/1.1" 200 5138
101.83.144.49 - - [28/Apr/2024:10:27:01 +0800] "GET /xingrg/all/function/internal_message.html?_=1714271222189&CODE_STATE=getMsg HTTP/1.1" 200 27
114.95.253.235 - - [28/Apr/2024:10:27:03 +0800] "GET /xingrg/kc/mdqp/pssh_order_list.html HTTP/1.1" 200 17887
114.95.253.235 - - [28/Apr/2024:10:27:03 +0800] "POST /xingrg/kc/mdqp/pssh_list_operate.html HTTP/1.1" 200 5297
114.95.253.235 - - [28/Apr/2024:10:27:06 +0800] "POST /xingrg/kc/mdqp/pssh_list_operate.html HTTP/1.1" 200 259
114.95.253.235 - - [28/Apr/2024:10:27:07 +0800] "GET /xingrg/kc/mdqp/pssh_order_info.html?code=312024042800499 HTTP/1.1" 200 17277
114.95.253.235 - - [28/Apr/2024:10:27:07 +0800] "GET /xingrg/javascript/jquery_tools/jquery-1.4.2.min.js HTTP/1.1" 404 1094
114.95.253.235 - - [28/Apr/2024:10:27:07 +0800] "GET /xingrg/words/20240427141959_words.js HTTP/1.1" 304 -
114.95.253.235 - - [28/Apr/2024:10:27:08 +0800] "GET /xingrg/javascript/easyui/themes/default/validatebox.css HTTP/1.1" 404 1104
114.95.253.235 - - [28/Apr/2024:10:27:08 +0800] "GET /xingrg/all/common/auto_word.html?type=base&rest_code=00150&rest_code=00150 HTTP/1.1" 200 1853
114.95.253.235 - - [28/Apr/2024:10:27:08 +0800] "POST /xingrg/kc/mdqp/pssh_order_operate.html HTTP/1.1" 200 532
114.95.253.235 - - [28/Apr/2024:10:27:09 +0800] "GET /xingrg/javascript/jquery_tools/images/next.gif HTTP/1.1" 404 1086
114.95.253.235 - - [28/Apr/2024:10:27:09 +0800] "GET /xingrg/javascript/jquery_tools/images/prev.gif HTTP/1.1" 404 1086
114.95.253.235 - - [28/Apr/2024:10:27:15 +0800] "POST /xingrg/all/common/load_combo.html?type=employee HTTP/1.1" 200 280
180.169.147.146 - - [28/Apr/2024:10:27:17 +0800] "GET /xingrg/check_reg.html?_=1714271226813 HTTP/1.1" 200 22
114.95.253.235 - - [28/Apr/2024:10:27:18 +0800] "POST /xingrg/kc/mdqp/pssh_order_operate.html HTTP/1.1" 200 37
114.95.253.235 - - [28/Apr/2024:10:27:19 +0800] "POST /xingrg/kc/mdqp/pssh_order_operate.html HTTP/1.1" 200 532
114.95.253.235 - - [28/Apr/2024:10:27:21 +0800] "GET /xingrg/kc/print/load_config.html?kc_code=pssh HTTP/1.1" 200 2368
114.95.253.235 - - [28/Apr/2024:10:27:22 +0800] "GET /xingrg/kc/print/load_data.html?order_code=312024042800499&kc_code=pssh&condition= HTTP/1.1" 200 591
101.83.144.49 - - [28/Apr/2024:10:27:22 +0800] "GET /xingrg/kc/buy/cgsh_order_operate.html?command=get_materiel&rest_code=00105&code=00101006389&supplier_code=00100327&order_time=2024-04-28 HTTP/1.1" 200 404
58.40.7.146 - - [28/Apr/2024:10:27:22 +0800] "GET /xingrg/all/function/internal_message.html?_=1714271242799&CODE_STATE=getMsg HTTP/1.1" 200 27
180.169.147.146 - - [28/Apr/2024:10:27:24 +0800] "GET /xingrg/all/function/internal_message.html?_=1714271244118&CODE_STATE=getMsg HTTP/1.1" 200 27
120.253.135.82 - - [28/Apr/2024:10:27:24 +0800] "GET /xingrg/all/function/internal_message.html?_=1714271426063&CODE_STATE=getMsg HTTP/1.1" 200 27
114.95.253.235 - - [28/Apr/2024:10:27:29 +0800] "GET /xingrg/all/function/internal_message.html?_=1714271249087&CODE_STATE=getMsg HTTP/1.1" 200 27
101.83.144.49 - - [28/Apr/2024:10:27:33 +0800] "POST /xingrg/kc/buy/cgsh_order_operate.html HTTP/1.1" 200 37
101.83.144.49 - - [28/Apr/2024:10:27:35 +0800] "POST /xingrg/kc/buy/cgsh_order_operate.html HTTP/1.1" 200 3252
116.238.97.31 - - [28/Apr/2024:10:27:39 +0800] "GET /xingrg/all/function/internal_message.html?_=1714271259281&CODE_STATE=getMsg HTTP/1.1" 200 27
116.238.97.31 - - [28/Apr/2024:10:27:39 +0800] "GET /xingrg/check_reg.html?_=1714271260136 HTTP/1.1" 200 22
180.164.6.225 - - [28/Apr/2024:10:27:40 +0800] "GET /xingrg/all/function/internal_message.html?_=1714271260845&CODE_STATE=getMsg HTTP/1.1" 200 27
180.169.147.146 - - [28/Apr/2024:10:27:44 +0800] "GET /xingrg/kc/buy/buy_main.html HTTP/1.1" 200 12412
180.169.147.146 - - [28/Apr/2024:10:27:44 +0800] "GET /xingrg/css/new_ie.css HTTP/1.1" 404 1036
180.169.147.146 - - [28/Apr/2024:10:27:45 +0800] "GET /xingrg/images/yd/bt.gif HTTP/1.1" 404 1040
180.169.147.146 - - [28/Apr/2024:10:27:46 +0800] "GET /xingrg/kc/buy/cgsh_order_list.html HTTP/1.1" 200 8212
180.169.147.146 - - [28/Apr/2024:10:27:46 +0800] "GET /xingrg/kc/buy/cgsh_order_list.html HTTP/1.1" 200 58356
116.232.195.13 - - [28/Apr/2024:10:27:46 +0800] "GET /xingrg/check_reg.html?_=1714271251787 HTTP/1.1" 200 22
116.232.195.13 - - [28/Apr/2024:10:27:46 +0800] "GET /xingrg/all/function/internal_message.html?_=1714271251788&CODE_STATE=getMsg HTTP/1.1" 200 27
124.78.56.241 - - [28/Apr/2024:10:27:48 +0800] "GET /xingrg/all/function/internal_message.html?_=1714271268743&CODE_STATE=getMsg HTTP/1.1" 200 27
114.83.217.54 - - [28/Apr/2024:10:27:48 +0800] "GET /xingrg/all/function/internal_message.html?_=1714271269244&CODE_STATE=getMsg HTTP/1.1" 200 27
180.169.147.146 - - [28/Apr/2024:10:27:49 +0800] "GET /xingrg/all/function/internal_message.html?_=1714271258527&CODE_STATE=getMsg HTTP/1.1" 200 27
116.238.97.31 - - [28/Apr/2024:10:27:51 +0800] "GET /xingrg/all/function/internal_message.html?_=1714271306226&CODE_STATE=getMsg HTTP/1.1" 200 27
120.253.135.82 - - [28/Apr/2024:10:27:52 +0800] "GET /xingrg/all/function/internal_message.html?_=1714271120544&CODE_STATE=getMsg HTTP/1.1" 200 27
101.83.144.49 - - [28/Apr/2024:10:27:53 +0800] "POST /xingrg/kc/buy/cgsh_order_operate.html HTTP/1.1" 200 37
114.83.217.54 - - [28/Apr/2024:10:27:53 +0800] "GET /xingrg/all/function/internal_message.html?_=1714271274508&CODE_STATE=getMsg HTTP/1.1" 200 27
101.83.241.187 - - [28/Apr/2024:10:27:53 +0800] "GET /xingrg/all/function/internal_message.html?_=1714271273895&CODE_STATE=getMsg HTTP/1.1" 200 27
101.83.144.49 - - [28/Apr/2024:10:27:56 +0800] "POST /xingrg/kc/buy/cgsh_order_operate.html HTTP/1.1" 200 3252
101.83.144.49 - - [28/Apr/2024:10:27:58 +0800] "GET /xingrg/kc/print/load_data.html?order_code=212024042807783&kc_code=cgsh&condition= HTTP/1.1" 200 889
114.95.253.235 - - [28/Apr/2024:10:28:00 +0800] "GET /xingrg/all/function/internal_message.html?_=1714271280826&CODE_STATE=getMsg HTTP/1.1" 200 27
101.83.144.49 - - [28/Apr/2024:10:28:01 +0800] "GET /xingrg/all/function/internal_message.html?_=1714271282144&CODE_STATE=getMsg HTTP/1.1" 200 27
101.83.144.49 - - [28/Apr/2024:10:28:01 +0800] "GET /xingrg/check_reg.html?_=1714271282143 HTTP/1.1" 200 22
101.83.144.49 - - [28/Apr/2024:10:28:02 +0800] "GET /xingrg/kc/buy/cgsh_order_add.html HTTP/1.1" 200 74245
101.83.144.49 - - [28/Apr/2024:10:28:02 +0800] "POST /xingrg/kc/buy/cgsh_order_operate.html HTTP/1.1" 200 8245
101.83.144.49 - - [28/Apr/2024:10:28:03 +0800] "GET /xingrg/javascript/easyui/themes/default/validatebox.css HTTP/1.1" 404 1104
124.78.56.241 - - [28/Apr/2024:10:28:04 +0800] "GET /xingrg/check_reg.html?_=1714271284847 HTTP/1.1" 200 22
116.230.112.13 - - [28/Apr/2024:10:28:11 +0800] "POST /xingrg/services/DataTransmitService HTTP/1.1" 200 524
101.83.144.49 - - [28/Apr/2024:10:28:21 +0800] "GET /xingrg/kc/buy/cgsh_order_operate.html?command=get_materiel&rest_code=00105&code=00101006397&supplier_code=00100670&order_time=2024-04-28 HTTP/1.1" 200 400
58.40.7.146 - - [28/Apr/2024:10:28:22 +0800] "GET /xingrg/all/function/internal_message.html?_=1714271302790&CODE_STATE=getMsg HTTP/1.1" 200 27
180.169.147.146 - - [28/Apr/2024:10:28:24 +0800] "GET /xingrg/all/function/internal_message.html?_=1714271304144&CODE_STATE=getMsg HTTP/1.1" 200 27
180.169.147.146 - - [28/Apr/2024:10:28:24 +0800] "GET /xingrg/check_reg.html?_=1714271304145 HTTP/1.1" 200 22
120.253.135.82 - - [28/Apr/2024:10:28:24 +0800] "GET /xingrg/check_reg.html?_=1714271486069 HTTP/1.1" 200 22
120.253.135.82 - - [28/Apr/2024:10:28:24 +0800] "GET /xingrg/all/function/internal_message.html?_=1714271486067&CODE_STATE=getMsg HTTP/1.1" 200 27
114.95.253.235 - - [28/Apr/2024:10:28:29 +0800] "GET /xingrg/all/function/internal_message.html?_=1714271309099&CODE_STATE=getMsg HTTP/1.1" 200 27
116.238.97.31 - - [28/Apr/2024:10:28:39 +0800] "GET /xingrg/all/function/internal_message.html?_=1714271319278&CODE_STATE=getMsg HTTP/1.1" 200 27
180.164.6.225 - - [28/Apr/2024:10:28:40 +0800] "GET /xingrg/check_reg.html?_=1714271320834 HTTP/1.1" 200 22
180.164.6.225 - - [28/Apr/2024:10:28:40 +0800] "GET /xingrg/all/function/internal_message.html?_=1714271320835&CODE_STATE=getMsg HTTP/1.1" 200 27
116.232.195.13 - - [28/Apr/2024:10:28:46 +0800] "GET /xingrg/all/function/internal_message.html?_=1714271311781&CODE_STATE=getMsg HTTP/1.1" 200 27
180.169.147.146 - - [28/Apr/2024:10:28:47 +0800] "POST /xingrg/kc/buy/cgsh_list_operate.html HTTP/1.1" 200 4277
124.78.56.241 - - [28/Apr/2024:10:28:48 +0800] "GET /xingrg/all/function/internal_message.html?_=1714271328733&CODE_STATE=getMsg HTTP/1.1" 200 27
114.83.217.54 - - [28/Apr/2024:10:28:48 +0800] "GET /xingrg/all/function/internal_message.html?_=1714271329232&CODE_STATE=getMsg HTTP/1.1" 200 27
180.169.147.146 - - [28/Apr/2024:10:28:49 +0800] "GET /xingrg/all/function/internal_message.html?_=1714271318528&CODE_STATE=getMsg HTTP/1.1" 200 27
114.83.217.54 - - [28/Apr/2024:10:28:49 +0800] "GET /xingrg/check_reg.html?_=1714271329883 HTTP/1.1" 200 22
116.238.97.31 - - [28/Apr/2024:10:28:51 +0800] "GET /xingrg/all/function/internal_message.html?_=1714271366226&CODE_STATE=getMsg HTTP/1.1" 200 27
120.253.135.82 - - [28/Apr/2024:10:28:52 +0800] "GET /xingrg/all/function/internal_message.html?_=1714271180573&CODE_STATE=getMsg HTTP/1.1" 200 27
101.83.144.49 - - [28/Apr/2024:10:28:52 +0800] "GET /xingrg/kc/buy/cgsh_order_operate.html?command=get_materiel&rest_code=00105&code=00101006398&supplier_code=00100670&order_time=2024-04-28 HTTP/1.1" 200 400
114.83.217.54 - - [28/Apr/2024:10:28:53 +0800] "GET /xingrg/all/function/internal_message.html?_=1714271334487&CODE_STATE=getMsg HTTP/1.1" 200 27
101.83.241.187 - - [28/Apr/2024:10:28:53 +0800] "GET /xingrg/all/function/internal_message.html?_=1714271333879&CODE_STATE=getMsg HTTP/1.1" 200 27
221.239.168.119 - - [28/Apr/2024:10:28:59 +0800] "GET /xingrg/check_reg.html?_=1714271336106 HTTP/1.1" 200 22
114.95.253.235 - - [28/Apr/2024:10:29:00 +0800] "GET /xingrg/all/function/internal_message.html?_=1714271340824&CODE_STATE=getMsg HTTP/1.1" 200 27
101.83.144.49 - - [28/Apr/2024:10:29:01 +0800] "GET /xingrg/all/function/internal_message.html?_=1714271342146&CODE_STATE=getMsg HTTP/1.1" 200 27
101.83.144.49 - - [28/Apr/2024:10:29:09 +0800] "GET /xingrg/kc/buy/cgsh_order_operate.html?command=get_materiel&rest_code=00105&code=00101006396&supplier_code=00100670&order_time=2024-04-28 HTTP/1.1" 200 405
58.40.7.146 - - [28/Apr/2024:10:29:22 +0800] "GET /xingrg/all/function/internal_message.html?_=1714271362790&CODE_STATE=getMsg HTTP/1.1" 200 27
101.83.144.49 - - [28/Apr/2024:10:29:23 +0800] "GET /xingrg/kc/buy/cgsh_order_operate.html?command=get_materiel&rest_code=00105&code=00101006399&supplier_code=00100670&order_time=2024-04-28 HTTP/1.1" 200 400
180.169.147.146 - - [28/Apr/2024:10:29:24 +0800] "GET /xingrg/all/function/internal_message.html?_=1714271364145&CODE_STATE=getMsg HTTP/1.1" 200 27
120.253.135.82 - - [28/Apr/2024:10:29:24 +0800] "GET /xingrg/all/function/internal_message.html?_=1714271546071&CODE_STATE=getMsg HTTP/1.1" 200 27
222.70.183.82 - - [28/Apr/2024:10:29:29 +0800] "GET /xingrg/check_reg.html?_=1714271367227 HTTP/1.1" 200 22
114.95.253.235 - - [28/Apr/2024:10:29:29 +0800] "GET /xingrg/all/function/internal_message.html?_=1714271369098&CODE_STATE=getMsg HTTP/1.1" 200 27
101.83.144.49 - - [28/Apr/2024:10:29:35 +0800] "GET /xingrg/kc/buy/cgsh_order_operate.html?command=get_materiel&rest_code=00105&code=00102026001&supplier_code=00100670&order_time=2024-04-28 HTTP/1.1" 200 409
116.238.97.31 - - [28/Apr/2024:10:29:39 +0800] "GET /xingrg/all/function/internal_message.html?_=1714271379274&CODE_STATE=getMsg HTTP/1.1" 200 27
180.164.6.225 - - [28/Apr/2024:10:29:40 +0800] "GET /xingrg/all/function/internal_message.html?_=1714271380839&CODE_STATE=getMsg HTTP/1.1" 200 27
116.232.195.13 - - [28/Apr/2024:10:29:46 +0800] "GET /xingrg/all/function/internal_message.html?_=1714271371771&CODE_STATE=getMsg HTTP/1.1" 200 27
124.78.56.241 - - [28/Apr/2024:10:29:48 +0800] "GET /xingrg/all/function/internal_message.html?_=1714271388718&CODE_STATE=getMsg HTTP/1.1" 200 27
114.83.217.54 - - [28/Apr/2024:10:29:48 +0800] "GET /xingrg/all/function/internal_message.html?_=1714271389228&CODE_STATE=getMsg HTTP/1.1" 200 27
180.169.147.146 - - [28/Apr/2024:10:29:49 +0800] "GET /xingrg/all/function/internal_message.html?_=1714271378527&CODE_STATE=getMsg HTTP/1.1" 200 27
101.83.144.49 - - [28/Apr/2024:10:29:50 +0800] "POST /xingrg/kc/buy/cgsh_order_operate.html HTTP/1.1" 200 37
101.83.144.49 - - [28/Apr/2024:10:29:51 +0800] "POST /xingrg/kc/buy/cgsh_order_operate.html HTTP/1.1" 200 5034
116.238.97.31 - - [28/Apr/2024:10:29:51 +0800] "GET /xingrg/check_reg.html?_=1714271426234 HTTP/1.1" 200 22
116.238.97.31 - - [28/Apr/2024:10:29:51 +0800] "GET /xingrg/all/function/internal_message.html?_=1714271426236&CODE_STATE=getMsg HTTP/1.1" 200 27
120.253.135.82 - - [28/Apr/2024:10:29:52 +0800] "GET /xingrg/all/function/internal_message.html?_=1714271240586&CODE_STATE=getMsg HTTP/1.1" 200 27
101.83.144.49 - - [28/Apr/2024:10:29:53 +0800] "GET /xingrg/kc/print/load_data.html?order_code=212024042807784&kc_code=cgsh&condition= HTTP/1.1" 200 1562
114.83.217.54 - - [28/Apr/2024:10:29:53 +0800] "GET /xingrg/all/function/internal_message.html?_=1714271394462&CODE_STATE=getMsg HTTP/1.1" 200 27
101.83.241.187 - - [28/Apr/2024:10:29:53 +0800] "GET /xingrg/check_reg.html?_=1714271393874 HTTP/1.1" 200 22
101.83.241.187 - - [28/Apr/2024:10:29:53 +0800] "GET /xingrg/all/function/internal_message.html?_=1714271393878&CODE_STATE=getMsg HTTP/1.1" 200 27
101.83.144.49 - - [28/Apr/2024:10:29:58 +0800] "GET /xingrg/kc/buy/cgsh_order_add.html HTTP/1.1" 200 74245
101.83.144.49 - - [28/Apr/2024:10:29:58 +0800] "GET /xingrg/javascript/easyui/themes/default/validatebox.css HTTP/1.1" 404 1104
101.83.144.49 - - [28/Apr/2024:10:29:58 +0800] "POST /xingrg/kc/buy/cgsh_order_operate.html HTTP/1.1" 200 8245
114.95.253.235 - - [28/Apr/2024:10:30:00 +0800] "GET /xingrg/all/function/internal_message.html?_=1714271400814&CODE_STATE=getMsg HTTP/1.1" 200 27
101.83.144.49 - - [28/Apr/2024:10:30:01 +0800] "GET /xingrg/all/function/internal_message.html?_=1714271402106&CODE_STATE=getMsg HTTP/1.1" 200 27
180.163.29.103 - - [28/Apr/2024:10:30:10 +0800] "GET /xingrg/all/function/internal_message.html?_=1714270973992&CODE_STATE=getMsg HTTP/1.1" 302 -
180.163.29.103 - - [28/Apr/2024:10:30:10 +0800] "GET /xingrg/login.html HTTP/1.1" 200 7641
101.83.144.49 - - [28/Apr/2024:10:30:10 +0800] "GET /xingrg/kc/buy/cgsh_order_operate.html?command=get_materiel&rest_code=00105&code=00101007233&supplier_code=00100570&order_time=2024-04-28 HTTP/1.1" 200 400
114.83.217.54 - - [28/Apr/2024:10:30:18 +0800] "GET /xingrg/check_reg.html?_=1714271419206 HTTP/1.1" 200 22
58.40.7.146 - - [28/Apr/2024:10:30:22 +0800] "GET /xingrg/all/function/internal_message.html?_=1714271422791&CODE_STATE=getMsg HTTP/1.1" 200 27
58.40.7.146 - - [28/Apr/2024:10:30:22 +0800] "GET /xingrg/check_reg.html?_=1714271422792 HTTP/1.1" 200 22
180.169.147.146 - - [28/Apr/2024:10:30:24 +0800] "GET /xingrg/all/function/internal_message.html?_=1714271424139&CODE_STATE=getMsg HTTP/1.1" 200 27
120.253.135.82 - - [28/Apr/2024:10:30:24 +0800] "GET /xingrg/all/function/internal_message.html?_=1714271606077&CODE_STATE=getMsg HTTP/1.1" 200 27
101.83.144.49 - - [28/Apr/2024:10:30:27 +0800] "POST /xingrg/kc/buy/cgsh_order_operate.html HTTP/1.1" 200 37
114.95.253.235 - - [28/Apr/2024:10:30:29 +0800] "GET /xingrg/check_reg.html?_=1714271429096 HTTP/1.1" 200 22
114.95.253.235 - - [28/Apr/2024:10:30:30 +0800] "GET /xingrg/all/function/internal_message.html?_=1714271429097&CODE_STATE=getMsg HTTP/1.1" 200 27
101.83.144.49 - - [28/Apr/2024:10:30:31 +0800] "POST /xingrg/kc/buy/cgsh_order_operate.html HTTP/1.1" 200 2659
101.83.144.49 - - [28/Apr/2024:10:30:33 +0800] "GET /xingrg/kc/print/load_data.html?order_code=212024042807785&kc_code=cgsh&condition= HTTP/1.1" 200 666
101.83.144.49 - - [28/Apr/2024:10:30:38 +0800] "GET /xingrg/kc/buy/cgsh_order_add.html HTTP/1.1" 200 74245
101.83.144.49 - - [28/Apr/2024:10:30:38 +0800] "GET /xingrg/javascript/easyui/themes/default/validatebox.css HTTP/1.1" 404 1104
101.83.144.49 - - [28/Apr/2024:10:30:38 +0800] "POST /xingrg/kc/buy/cgsh_order_operate.html HTTP/1.1" 200 8245
116.238.97.31 - - [28/Apr/2024:10:30:38 +0800] "GET /xingrg/all/function/internal_message.html?_=1714271439265&CODE_STATE=getMsg HTTP/1.1" 200 27
180.164.6.225 - - [28/Apr/2024:10:30:40 +0800] "GET /xingrg/all/function/internal_message.html?_=1714271440840&CODE_STATE=getMsg HTTP/1.1" 200 27
116.232.195.13 - - [28/Apr/2024:10:30:46 +0800] "GET /xingrg/all/function/internal_message.html?_=1714271431790&CODE_STATE=getMsg HTTP/1.1" 200 27
180.163.29.103 - - [28/Apr/2024:10:30:48 +0800] "GET /xingrg/kc/buy/cgsh_order_operate.html?command=get_materiel&rest_code=00106&code=00101011013&supplier_code=00100096&order_time=2024-04-28 HTTP/1.1" 302 -
180.163.29.103 - - [28/Apr/2024:10:30:48 +0800] "GET /xingrg/login.html HTTP/1.1" 200 7641
124.78.56.241 - - [28/Apr/2024:10:30:48 +0800] "GET /xingrg/all/function/internal_message.html?_=1714271448700&CODE_STATE=getMsg HTTP/1.1" 200 27
114.83.217.54 - - [28/Apr/2024:10:30:48 +0800] "GET /xingrg/all/function/internal_message.html?_=1714271449202&CODE_STATE=getMsg HTTP/1.1" 200 27
180.169.147.146 - - [28/Apr/2024:10:30:49 +0800] "GET /xingrg/check_reg.html?_=1714271438526 HTTP/1.1" 200 22
180.169.147.146 - - [28/Apr/2024:10:30:49 +0800] "GET /xingrg/all/function/internal_message.html?_=1714271438527&CODE_STATE=getMsg HTTP/1.1" 200 27
101.83.144.49 - - [28/Apr/2024:10:30:50 +0800] "GET /xingrg/kc/buy/cgsh_order_operate.html?command=get_materiel&rest_code=00105&code=00101001169&supplier_code=00100319&order_time=2024-04-28 HTTP/1.1" 200 417
116.238.97.31 - - [28/Apr/2024:10:30:51 +0800] "GET /xingrg/all/function/internal_message.html?_=1714271486220&CODE_STATE=getMsg HTTP/1.1" 200 27
120.253.135.82 - - [28/Apr/2024:10:30:52 +0800] "GET /xingrg/all/function/internal_message.html?_=1714271300630&CODE_STATE=getMsg HTTP/1.1" 200 27
114.83.217.54 - - [28/Apr/2024:10:30:53 +0800] "GET /xingrg/all/function/internal_message.html?_=1714271454432&CODE_STATE=getMsg HTTP/1.1" 200 27
101.83.241.187 - - [28/Apr/2024:10:30:53 +0800] "GET /xingrg/all/function/internal_message.html?_=1714271453875&CODE_STATE=getMsg HTTP/1.1" 200 27
116.232.195.13 - - [28/Apr/2024:10:30:54 +0800] "GET /favicon.ico HTTP/1.1" 404 -
180.163.29.212 - - [28/Apr/2024:10:30:59 +0800] "GET /xingrg/all/function/internal_message.html?_=1714271093941&CODE_STATE=getMsg HTTP/1.1" 302 -
180.163.29.212 - - [28/Apr/2024:10:30:59 +0800] "GET /xingrg/login.html HTTP/1.1" 200 7641
114.95.253.235 - - [28/Apr/2024:10:31:00 +0800] "GET /xingrg/all/function/internal_message.html?_=1714271460819&CODE_STATE=getMsg HTTP/1.1" 200 27
101.83.144.49 - - [28/Apr/2024:10:31:01 +0800] "GET /xingrg/all/function/internal_message.html?_=1714271462073&CODE_STATE=getMsg HTTP/1.1" 200 27
101.83.144.49 - - [28/Apr/2024:10:31:03 +0800] "GET /xingrg/kc/buy/cgsh_order_operate.html?command=get_materiel&rest_code=00105&code=00101001098&supplier_code=00100319&order_time=2024-04-28 HTTP/1.1" 200 413
101.83.144.49 - - [28/Apr/2024:10:31:19 +0800] "POST /xingrg/kc/buy/cgsh_order_operate.html HTTP/1.1" 200 37
101.83.144.49 - - [28/Apr/2024:10:31:21 +0800] "POST /xingrg/kc/buy/cgsh_order_operate.html HTTP/1.1" 200 3257
58.40.7.146 - - [28/Apr/2024:10:31:22 +0800] "GET /xingrg/all/function/internal_message.html?_=1714271482787&CODE_STATE=getMsg HTTP/1.1" 200 27
101.83.144.49 - - [28/Apr/2024:10:31:23 +0800] "GET /xingrg/kc/print/load_data.html?order_code=212024042807786&kc_code=cgsh&condition= HTTP/1.1" 200 907
180.169.147.146 - - [28/Apr/2024:10:31:24 +0800] "GET /xingrg/all/function/internal_message.html?_=1714271484141&CODE_STATE=getMsg HTTP/1.1" 200 27
180.163.30.85 - - [28/Apr/2024:10:31:24 +0800] "GET /xingrg/all/function/internal_message.html?_=1714270854047&CODE_STATE=getMsg HTTP/1.1" 302 -
180.163.30.85 - - [28/Apr/2024:10:31:24 +0800] "GET /xingrg/login.html HTTP/1.1" 200 7641
120.253.135.82 - - [28/Apr/2024:10:31:24 +0800] "GET /xingrg/all/function/internal_message.html?_=1714271666082&CODE_STATE=getMsg HTTP/1.1" 200 27
101.83.144.49 - - [28/Apr/2024:10:31:27 +0800] "GET /xingrg/kc/buy/cgsh_order_add.html HTTP/1.1" 200 74245
101.83.144.49 - - [28/Apr/2024:10:31:27 +0800] "POST /xingrg/kc/buy/cgsh_order_operate.html HTTP/1.1" 200 8245
101.83.144.49 - - [28/Apr/2024:10:31:27 +0800] "GET /xingrg/javascript/easyui/themes/default/validatebox.css HTTP/1.1" 404 1104
114.95.253.235 - - [28/Apr/2024:10:31:30 +0800] "GET /xingrg/all/function/internal_message.html?_=1714271489089&CODE_STATE=getMsg HTTP/1.1" 200 27
180.169.147.146 - - [28/Apr/2024:10:31:30 +0800] "POST /xingrg/all/user/operate.html HTTP/1.1" 200 36
180.169.147.146 - - [28/Apr/2024:10:31:30 +0800] "GET /xingrg/javascript/jquery_easy_ui/themes/default/easyui.css HTTP/1.1" 304 -
180.169.147.146 - - [28/Apr/2024:10:31:30 +0800] "GET /xingrg/javascript/jquery_easy_ui/themes/icon.css HTTP/1.1" 304 -
180.169.147.146 - - [28/Apr/2024:10:31:30 +0800] "GET /xingrg/css/form.css HTTP/1.1" 304 -
180.169.147.146 - - [28/Apr/2024:10:31:30 +0800] "GET /xingrg/javascript/jquery-1.4.2.min.js HTTP/1.1" 304 -
180.169.147.146 - - [28/Apr/2024:10:31:30 +0800] "GET /xingrg/index.html?sysBaseUrl=http%3A%2F%2F180.169.147.146%3A18081%2Fxingrg%2F&costTime=862×tamp=1714270345168 HTTP/1.1" 200 17507
180.169.147.146 - - [28/Apr/2024:10:31:30 +0800] "GET /xingrg/javascript/jquery_easy_ui/jquery.easyui.min.js HTTP/1.1" 304 -
180.169.147.146 - - [28/Apr/2024:10:31:30 +0800] "GET /xingrg/javascript/jquery_easy_ui/easyui-lang-zh_CN.js HTTP/1.1" 304 -
180.169.147.146 - - [28/Apr/2024:10:31:31 +0800] "GET /xingrg/javascript/jquery.form.js HTTP/1.1" 304 -
180.169.147.146 - - [28/Apr/2024:10:31:31 +0800] "GET /xingrg/javascript/jquery.utils.js HTTP/1.1" 304 -
180.169.147.146 - - [28/Apr/2024:10:31:31 +0800] "GET /xingrg/javascript/jquery.timers.js HTTP/1.1" 304 -
180.169.147.146 - - [28/Apr/2024:10:31:31 +0800] "GET /xingrg/images/blue/jxLogo.png HTTP/1.1" 304 -
180.169.147.146 - - [28/Apr/2024:10:31:31 +0800] "GET /xingrg/javascript/jquery_easy_ui/themes/icons/settle_new.png HTTP/1.1" 304 -
180.169.147.146 - - [28/Apr/2024:10:31:31 +0800] "GET /xingrg/images/blue/navBackgound.jpg HTTP/1.1" 304 -
180.169.147.146 - - [28/Apr/2024:10:31:31 +0800] "GET /xingrg/check_reg.html?_=1714271491165 HTTP/1.1" 200 22
180.169.147.146 - - [28/Apr/2024:10:31:31 +0800] "GET /xingrg/all/function/internal_message.html?_=1714271491164&CODE_STATE=count HTTP/1.1" 200 11
180.169.147.146 - - [28/Apr/2024:10:31:31 +0800] "GET /xingrg/javascript/jquery_easy_ui/themes/default/images/tabs_leftarrow.png HTTP/1.1" 304 -
180.169.147.146 - - [28/Apr/2024:10:31:31 +0800] "GET /xingrg/images/blue/pingpu.png HTTP/1.1" 304 -
180.169.147.146 - - [28/Apr/2024:10:31:31 +0800] "GET /xingrg/javascript/jquery_easy_ui/themes/default/images/panel_tool_expand.gif HTTP/1.1" 304 -
180.169.147.146 - - [28/Apr/2024:10:31:31 +0800] "GET /xingrg/javascript/jquery_easy_ui/themes/default/images/tabs_rightarrow.png HTTP/1.1" 304 -
180.169.147.146 - - [28/Apr/2024:10:31:31 +0800] "GET /xingrg/javascript/jquery_easy_ui/themes/default/images/panel_tool_collapse.gif HTTP/1.1" 304 -
180.169.147.146 - - [28/Apr/2024:10:31:31 +0800] "POST /xingrg/all/common/load_tree.html?tree=area_rest_tree_json&manage=1 HTTP/1.1" 200 3624
180.169.147.146 - - [28/Apr/2024:10:31:31 +0800] "POST /xingrg/load_menu.html HTTP/1.1" 200 9959
180.169.147.146 - - [28/Apr/2024:10:31:32 +0800] "GET /xingrg/kc/report/report_main.html HTTP/1.1" 200 7340
116.238.97.31 - - [28/Apr/2024:10:31:38 +0800] "GET /xingrg/all/function/internal_message.html?_=1714271499247&CODE_STATE=getMsg HTTP/1.1" 200 27
180.164.6.225 - - [28/Apr/2024:10:31:40 +0800] "GET /xingrg/all/function/internal_message.html?_=1714271500839&CODE_STATE=getMsg HTTP/1.1" 200 27
101.83.144.49 - - [28/Apr/2024:10:31:43 +0800] "GET /xingrg/kc/buy/cgsh_order_operate.html?command=get_materiel&rest_code=00105&code=00101001037&supplier_code=00100668&order_time=2024-04-28 HTTP/1.1" 200 418
116.232.195.13 - - [28/Apr/2024:10:31:46 +0800] "GET /xingrg/all/function/internal_message.html?_=1714271491787&CODE_STATE=getMsg HTTP/1.1" 200 27
124.78.56.241 - - [28/Apr/2024:10:31:48 +0800] "GET /xingrg/all/function/internal_message.html?_=1714271508680&CODE_STATE=getMsg HTTP/1.1" 200 27
114.83.217.54 - - [28/Apr/2024:10:31:48 +0800] "GET /xingrg/all/function/internal_message.html?_=1714271509187&CODE_STATE=getMsg HTTP/1.1" 200 27
180.169.147.146 - - [28/Apr/2024:10:31:49 +0800] "GET /xingrg/all/function/internal_message.html?_=1714271498540&CODE_STATE=getMsg HTTP/1.1" 200 27
116.238.97.31 - - [28/Apr/2024:10:31:51 +0800] "GET /xingrg/all/function/internal_message.html?_=1714271546248&CODE_STATE=getMsg HTTP/1.1" 200 27
120.253.135.82 - - [28/Apr/2024:10:31:52 +0800] "GET /xingrg/check_reg.html?_=1714271360540 HTTP/1.1" 200 22
120.253.135.82 - - [28/Apr/2024:10:31:52 +0800] "GET /xingrg/all/function/internal_message.html?_=1714271360645&CODE_STATE=getMsg HTTP/1.1" 200 27
114.83.217.54 - - [28/Apr/2024:10:31:53 +0800] "GET /xingrg/all/function/internal_message.html?_=1714271514418&CODE_STATE=getMsg HTTP/1.1" 200 27
101.83.241.187 - - [28/Apr/2024:10:31:53 +0800] "GET /xingrg/all/function/internal_message.html?_=1714271513889&CODE_STATE=getMsg HTTP/1.1" 200 27
101.83.144.49 - - [28/Apr/2024:10:31:56 +0800] "POST /xingrg/kc/buy/cgsh_order_operate.html HTTP/1.1" 200 37
114.95.253.235 - - [28/Apr/2024:10:32:00 +0800] "GET /xingrg/check_reg.html?_=1714271520822 HTTP/1.1" 200 22
114.95.253.235 - - [28/Apr/2024:10:32:00 +0800] "GET /xingrg/all/function/internal_message.html?_=1714271520825&CODE_STATE=getMsg HTTP/1.1" 200 27
101.83.144.49 - - [28/Apr/2024:10:32:02 +0800] "POST /xingrg/kc/buy/cgsh_order_operate.html HTTP/1.1" 200 2665
101.83.144.49 - - [28/Apr/2024:10:32:04 +0800] "GET /xingrg/kc/print/load_data.html?order_code=212024042807787&kc_code=cgsh&condition= HTTP/1.1" 200 676
180.169.147.146 - - [28/Apr/2024:10:32:17 +0800] "GET /xingrg/check_reg.html?_=1714271526785 HTTP/1.1" 200 22
58.40.7.146 - - [28/Apr/2024:10:32:22 +0800] "GET /xingrg/all/function/internal_message.html?_=1714271542783&CODE_STATE=getMsg HTTP/1.1" 200 27
120.253.135.82 - - [28/Apr/2024:10:32:24 +0800] "GET /xingrg/all/function/internal_message.html?_=1714271726086&CODE_STATE=getMsg HTTP/1.1" 200 27
114.95.253.235 - - [28/Apr/2024:10:32:30 +0800] "GET /xingrg/all/function/internal_message.html?_=1714271549106&CODE_STATE=getMsg HTTP/1.1" 200 27
180.169.147.146 - - [28/Apr/2024:10:32:31 +0800] "GET /xingrg/all/function/internal_message.html?_=1714271551190&CODE_STATE=getMsg HTTP/1.1" 200 27
116.238.97.31 - - [28/Apr/2024:10:32:38 +0800] "GET /xingrg/all/function/internal_message.html?_=1714271559228&CODE_STATE=getMsg HTTP/1.1" 200 27
116.238.97.31 - - [28/Apr/2024:10:32:39 +0800] "GET /xingrg/check_reg.html?_=1714271560130 HTTP/1.1" 200 22
180.164.6.225 - - [28/Apr/2024:10:32:40 +0800] "GET /xingrg/all/function/internal_message.html?_=1714271560841&CODE_STATE=getMsg HTTP/1.1" 200 27
116.232.195.13 - - [28/Apr/2024:10:32:46 +0800] "GET /xingrg/check_reg.html?_=1714271551777 HTTP/1.1" 200 22
