116.237.73.135 - - [27/Apr/2024:12:06:39 +0800] "POST /xingrg/kc/base/wldb_order_operate.html HTTP/1.1" 200 4157
116.238.97.31 - - [27/Apr/2024:12:06:39 +0800] "GET /xingrg/index.html?sysBaseUrl=http%3A%2F%2F180.169.147.146%3A18081%2Fxingrg%2F&costTime=803×tamp=1714189079630 HTTP/1.1" 200 17173
116.238.97.31 - - [27/Apr/2024:12:06:39 +0800] "GET /xingrg/check_reg.html?_=1714190829030 HTTP/1.1" 200 22
116.238.97.31 - - [27/Apr/2024:12:06:39 +0800] "GET /xingrg/all/function/internal_message.html?_=1714190829029&CODE_STATE=count HTTP/1.1" 200 11
116.238.97.31 - - [27/Apr/2024:12:06:39 +0800] "GET /favicon.ico HTTP/1.1" 404 -
116.238.97.31 - - [27/Apr/2024:12:06:39 +0800] "POST /xingrg/all/common/load_tree.html?tree=area_rest_tree_json&manage=1 HTTP/1.1" 200 342
116.238.97.31 - - [27/Apr/2024:12:06:39 +0800] "POST /xingrg/load_menu.html HTTP/1.1" 200 5138
180.163.28.114 - - [27/Apr/2024:12:06:41 +0800] "GET /xingrg/kc/base/wldb_order_operate.html?command=get_materiel&rest_code=00106&base_code=0010397&code=00102002304 HTTP/1.1" 302 -
180.163.28.114 - - [27/Apr/2024:12:06:41 +0800] "GET /xingrg/login.html HTTP/1.1" 200 7641
116.238.97.31 - - [27/Apr/2024:12:06:45 +0800] "GET /xingrg/all/function/internal_message.html?_=1714190835064&CODE_STATE=getMsg HTTP/1.1" 200 27
116.237.73.135 - - [27/Apr/2024:12:06:49 +0800] "GET /xingrg/all/function/internal_message.html?_=1714190801941&CODE_STATE=getMsg HTTP/1.1" 200 27
101.83.144.49 - - [27/Apr/2024:12:06:50 +0800] "POST /xingrg/kc/buy/cgsh_order_operate.html HTTP/1.1" 200 64
116.232.195.13 - - [27/Apr/2024:12:06:50 +0800] "POST /xingrg/kc/buy/cgsh_order_operate.html HTTP/1.1" 200 37
180.163.28.143 - - [27/Apr/2024:12:06:55 +0800] "GET /xingrg/kc/base/wldb_order_operate.html?command=get_materiel&rest_code=00106&base_code=0010397&code=00102002564 HTTP/1.1" 302 -
180.163.28.143 - - [27/Apr/2024:12:06:56 +0800] "GET /xingrg/login.html HTTP/1.1" 200 7641
101.83.144.49 - - [27/Apr/2024:12:06:57 +0800] "POST /xingrg/kc/buy/cgsh_order_operate.html HTTP/1.1" 200 37
101.83.144.49 - - [27/Apr/2024:12:06:59 +0800] "POST /xingrg/kc/buy/cgsh_order_operate.html HTTP/1.1" 200 2665
101.83.144.49 - - [27/Apr/2024:12:07:01 +0800] "GET /xingrg/kc/print/load_data.html?order_code=212024042707499&kc_code=cgsh&condition= HTTP/1.1" 200 726
116.232.195.13 - - [27/Apr/2024:12:07:05 +0800] "POST /xingrg/kc/buy/cgsh_order_operate.html HTTP/1.1" 200 26420
101.83.144.49 - - [27/Apr/2024:12:07:05 +0800] "GET /xingrg/kc/buy/cgsh_order_add.html HTTP/1.1" 200 74245
101.83.144.49 - - [27/Apr/2024:12:07:06 +0800] "POST /xingrg/kc/buy/cgsh_order_operate.html HTTP/1.1" 200 8245
101.83.144.49 - - [27/Apr/2024:12:07:06 +0800] "GET /xingrg/javascript/easyui/themes/default/validatebox.css HTTP/1.1" 404 1104
101.83.144.49 - - [27/Apr/2024:12:07:06 +0800] "GET /xingrg/check_reg.html?_=1714190828749 HTTP/1.1" 200 22
116.232.195.13 - - [27/Apr/2024:12:07:07 +0800] "GET /xingrg/kc/print/load_data.html?order_code=212024042707497&kc_code=cgsh&condition= HTTP/1.1" 200 9774
180.164.6.225 - - [27/Apr/2024:12:07:07 +0800] "GET /xingrg/all/function/internal_message.html?_=1714190826452&CODE_STATE=getMsg HTTP/1.1" 200 27
124.78.56.241 - - [27/Apr/2024:12:07:08 +0800] "GET /xingrg/all/function/internal_message.html?_=1714190828877&CODE_STATE=getMsg HTTP/1.1" 200 27
180.164.6.225 - - [27/Apr/2024:12:07:09 +0800] "GET /xingrg/check_reg.html?_=1714190828490 HTTP/1.1" 200 22
116.237.73.135 - - [27/Apr/2024:12:07:11 +0800] "GET /xingrg/kc/base/wldb_order_add.html HTTP/1.1" 200 30386
222.69.133.110 - - [27/Apr/2024:12:07:11 +0800] "GET /xingrg/all/function/internal_message.html?_=1714190832659&CODE_STATE=getMsg HTTP/1.1" 200 27
116.237.73.135 - - [27/Apr/2024:12:07:11 +0800] "POST /xingrg/kc/base/wldb_order_operate.html HTTP/1.1" 200 6806
116.237.73.135 - - [27/Apr/2024:12:07:11 +0800] "GET /xingrg/javascript/easyui/themes/default/validatebox.css HTTP/1.1" 404 1104
116.237.73.135 - - [27/Apr/2024:12:07:13 +0800] "POST /xingrg/all/common/load_combo.html?type=base HTTP/1.1" 200 3227
101.83.144.49 - - [27/Apr/2024:12:07:17 +0800] "GET /xingrg/kc/buy/cgsh_order_operate.html?command=get_materiel&rest_code=00105&code=00101002006&supplier_code=00100091&order_time=2024-04-27 HTTP/1.1" 200 414
116.237.73.135 - - [27/Apr/2024:12:07:18 +0800] "POST /xingrg/all/common/load_combo.html?type=base HTTP/1.1" 200 3227
180.169.147.146 - - [27/Apr/2024:12:07:22 +0800] "GET /xingrg/check_reg.html?_=1714190831213 HTTP/1.1" 200 22
101.83.144.49 - - [27/Apr/2024:12:07:29 +0800] "POST /xingrg/kc/buy/cgsh_order_operate.html HTTP/1.1" 200 37
116.237.73.135 - - [27/Apr/2024:12:07:31 +0800] "GET /xingrg/kc/base/wldb_order_operate.html?command=get_materiel&rest_code=00106&base_code=0010397&code=00102002685 HTTP/1.1" 200 454
180.163.30.85 - - [27/Apr/2024:12:07:37 +0800] "GET /xingrg/kc/base/wldb_order_info.html?code=422024042701733 HTTP/1.1" 302 -
180.163.30.85 - - [27/Apr/2024:12:07:37 +0800] "GET /xingrg/login.html HTTP/1.1" 200 7641
116.232.195.13 - - [27/Apr/2024:12:07:38 +0800] "GET /xingrg/all/function/internal_message.html?_=1714190845258&CODE_STATE=getMsg HTTP/1.1" 200 27
116.237.73.135 - - [27/Apr/2024:12:07:39 +0800] "GET /xingrg/kc/base/wldb_order_operate.html?command=get_materiel&rest_code=00106&base_code=0010397&code=00102002257 HTTP/1.1" 200 451
116.238.97.31 - - [27/Apr/2024:12:07:45 +0800] "GET /xingrg/all/function/internal_message.html?_=1714190895038&CODE_STATE=getMsg HTTP/1.1" 200 27
116.237.73.135 - - [27/Apr/2024:12:07:49 +0800] "GET /xingrg/all/function/internal_message.html?_=1714190861924&CODE_STATE=getMsg HTTP/1.1" 200 27
116.237.73.135 - - [27/Apr/2024:12:07:49 +0800] "GET /xingrg/check_reg.html?_=1714190862348 HTTP/1.1" 200 22
101.83.144.49 - - [27/Apr/2024:12:07:54 +0800] "POST /xingrg/kc/buy/cgsh_order_operate.html HTTP/1.1" 200 2661
101.83.144.49 - - [27/Apr/2024:12:07:56 +0800] "GET /xingrg/kc/print/load_data.html?order_code=212024042707500&kc_code=cgsh&condition= HTTP/1.1" 200 740
116.237.73.135 - - [27/Apr/2024:12:07:58 +0800] "GET /xingrg/kc/base/wldb_order_operate.html?command=get_materiel&rest_code=00106&base_code=0010397&code=00102002197 HTTP/1.1" 200 460
101.83.144.49 - - [27/Apr/2024:12:08:01 +0800] "GET /xingrg/kc/buy/cgsh_order_add.html HTTP/1.1" 200 74245
101.83.144.49 - - [27/Apr/2024:12:08:01 +0800] "POST /xingrg/kc/buy/cgsh_order_operate.html HTTP/1.1" 200 8245
101.83.144.49 - - [27/Apr/2024:12:08:01 +0800] "GET /xingrg/javascript/easyui/themes/default/validatebox.css HTTP/1.1" 404 1104
180.164.6.225 - - [27/Apr/2024:12:08:07 +0800] "GET /xingrg/all/function/internal_message.html?_=1714190886446&CODE_STATE=getMsg HTTP/1.1" 200 27
124.78.56.241 - - [27/Apr/2024:12:08:08 +0800] "GET /xingrg/check_reg.html?_=1714190888865 HTTP/1.1" 200 22
124.78.56.241 - - [27/Apr/2024:12:08:08 +0800] "GET /xingrg/all/function/internal_message.html?_=1714190888868&CODE_STATE=getMsg HTTP/1.1" 200 27
116.237.73.135 - - [27/Apr/2024:12:08:10 +0800] "GET /xingrg/kc/base/wldb_order_operate.html?command=get_materiel&rest_code=00106&base_code=0010397&code=00102002198 HTTP/1.1" 200 451
222.69.133.110 - - [27/Apr/2024:12:08:11 +0800] "GET /xingrg/all/function/internal_message.html?_=1714190892663&CODE_STATE=getMsg HTTP/1.1" 200 27
101.83.144.49 - - [27/Apr/2024:12:08:11 +0800] "GET /xingrg/kc/buy/cgsh_order_operate.html?command=get_materiel&rest_code=00105&code=00101018007&supplier_code=00100330&order_time=2024-04-27 HTTP/1.1" 200 411
116.237.73.135 - - [27/Apr/2024:12:08:18 +0800] "GET /xingrg/kc/base/wldb_order_operate.html?command=get_materiel&rest_code=00106&base_code=0010397&code=00102021018 HTTP/1.1" 200 445
101.83.144.49 - - [27/Apr/2024:12:08:26 +0800] "POST /xingrg/kc/buy/cgsh_order_operate.html HTTP/1.1" 200 37
116.237.73.135 - - [27/Apr/2024:12:08:26 +0800] "GET /xingrg/kc/base/wldb_order_operate.html?command=get_materiel&rest_code=00106&base_code=0010397&code=00102002118 HTTP/1.1" 200 466
180.169.147.146 - - [27/Apr/2024:12:08:29 +0800] "GET /xingrg/check_reg.html?_=1714190898070 HTTP/1.1" 200 22
101.83.144.49 - - [27/Apr/2024:12:08:29 +0800] "POST /xingrg/kc/buy/cgsh_order_operate.html HTTP/1.1" 200 2655
101.83.144.49 - - [27/Apr/2024:12:08:31 +0800] "GET /xingrg/kc/print/load_data.html?order_code=212024042707501&kc_code=cgsh&condition= HTTP/1.1" 200 669
180.163.29.206 - - [27/Apr/2024:12:08:31 +0800] "GET /xingrg/kc/base/wldb_order_operate.html?command=get_materiel&rest_code=00106&base_code=0010397&code=00102002685 HTTP/1.1" 302 -
180.163.29.206 - - [27/Apr/2024:12:08:31 +0800] "GET /xingrg/login.html HTTP/1.1" 200 7641
116.237.73.135 - - [27/Apr/2024:12:08:34 +0800] "POST /xingrg/kc/base/wldb_order_operate.html HTTP/1.1" 200 37
116.237.73.135 - - [27/Apr/2024:12:08:34 +0800] "POST /xingrg/kc/base/wldb_order_operate.html HTTP/1.1" 200 4668
116.237.73.135 - - [27/Apr/2024:12:08:35 +0800] "GET /xingrg/kc/base/wldb_order_info.html?code=422024042701734 HTTP/1.1" 200 30402
101.83.144.49 - - [27/Apr/2024:12:08:35 +0800] "GET /xingrg/kc/buy/cgsh_order_add.html HTTP/1.1" 200 74245
114.83.217.54 - - [27/Apr/2024:12:08:35 +0800] "GET /xingrg/check_reg.html?_=1714190913478 HTTP/1.1" 200 22
101.83.144.49 - - [27/Apr/2024:12:08:36 +0800] "POST /xingrg/kc/buy/cgsh_order_operate.html HTTP/1.1" 200 8245
101.83.144.49 - - [27/Apr/2024:12:08:36 +0800] "GET /xingrg/javascript/easyui/themes/default/validatebox.css HTTP/1.1" 404 1104
116.237.73.135 - - [27/Apr/2024:12:08:36 +0800] "GET /xingrg/javascript/easyui/themes/default/validatebox.css HTTP/1.1" 404 1104
116.237.73.135 - - [27/Apr/2024:12:08:36 +0800] "POST /xingrg/kc/base/wldb_order_operate.html HTTP/1.1" 200 4668
101.83.144.49 - - [27/Apr/2024:12:08:38 +0800] "GET /xingrg/all/function/internal_message.html?_=1714190920093&CODE_STATE=getMsg HTTP/1.1" 200 27
116.232.195.13 - - [27/Apr/2024:12:08:38 +0800] "GET /xingrg/check_reg.html?_=1714190905253 HTTP/1.1" 200 22
116.232.195.13 - - [27/Apr/2024:12:08:38 +0800] "GET /xingrg/all/function/internal_message.html?_=1714190905254&CODE_STATE=getMsg HTTP/1.1" 200 27
116.238.97.31 - - [27/Apr/2024:12:08:45 +0800] "GET /xingrg/all/function/internal_message.html?_=1714190955024&CODE_STATE=getMsg HTTP/1.1" 200 27
101.83.144.49 - - [27/Apr/2024:12:08:47 +0800] "GET /xingrg/kc/buy/cgsh_order_operate.html?command=get_materiel&rest_code=00105&code=00101010161&supplier_code=00100334&order_time=2024-04-27 HTTP/1.1" 200 409
180.163.29.103 - - [27/Apr/2024:12:08:49 +0800] "GET /xingrg/check_reg.html?_=1714190862348 HTTP/1.1" 302 -
116.237.73.135 - - [27/Apr/2024:12:08:49 +0800] "GET /xingrg/all/function/internal_message.html?_=1714190921909&CODE_STATE=getMsg HTTP/1.1" 200 27
180.163.29.103 - - [27/Apr/2024:12:08:50 +0800] "GET /xingrg/login.html HTTP/1.1" 200 7641
116.237.73.135 - - [27/Apr/2024:12:09:02 +0800] "POST /xingrg/kc/base/wldb_order_operate.html HTTP/1.1" 200 37
101.83.144.49 - - [27/Apr/2024:12:09:02 +0800] "GET /xingrg/kc/buy/cgsh_order_operate.html?command=get_materiel&rest_code=00105&code=00101005037&supplier_code=00100334&order_time=2024-04-27 HTTP/1.1" 200 409
116.237.73.135 - - [27/Apr/2024:12:09:03 +0800] "POST /xingrg/kc/base/wldb_order_operate.html HTTP/1.1" 200 4668
221.239.168.119 - - [27/Apr/2024:12:09:03 +0800] "GET /xingrg/check_reg.html?_=1714190940690 HTTP/1.1" 200 22
116.237.73.135 - - [27/Apr/2024:12:09:05 +0800] "GET /xingrg/kc/base/wldb_order_info.html?code=422024042701734 HTTP/1.1" 200 30402
116.237.73.135 - - [27/Apr/2024:12:09:06 +0800] "GET /xingrg/javascript/easyui/themes/default/validatebox.css HTTP/1.1" 404 1104
116.237.73.135 - - [27/Apr/2024:12:09:07 +0800] "POST /xingrg/kc/base/wldb_order_operate.html HTTP/1.1" 200 4668
180.164.6.225 - - [27/Apr/2024:12:09:07 +0800] "GET /xingrg/all/function/internal_message.html?_=1714190946443&CODE_STATE=getMsg HTTP/1.1" 200 27
124.78.56.241 - - [27/Apr/2024:12:09:08 +0800] "GET /xingrg/all/function/internal_message.html?_=1714190948862&CODE_STATE=getMsg HTTP/1.1" 200 27
101.83.144.49 - - [27/Apr/2024:12:09:11 +0800] "POST /xingrg/kc/buy/cgsh_order_operate.html HTTP/1.1" 200 37
222.69.133.110 - - [27/Apr/2024:12:09:11 +0800] "GET /xingrg/check_reg.html?_=1714190952658 HTTP/1.1" 200 22
222.69.133.110 - - [27/Apr/2024:12:09:11 +0800] "GET /xingrg/all/function/internal_message.html?_=1714190952667&CODE_STATE=getMsg HTTP/1.1" 200 27
101.83.144.49 - - [27/Apr/2024:12:09:13 +0800] "POST /xingrg/kc/buy/cgsh_order_operate.html HTTP/1.1" 200 3242
101.83.144.49 - - [27/Apr/2024:12:09:15 +0800] "GET /xingrg/kc/print/load_data.html?order_code=212024042707502&kc_code=cgsh&condition= HTTP/1.1" 200 892
101.83.144.49 - - [27/Apr/2024:12:09:18 +0800] "GET /xingrg/kc/buy/cgsh_order_add.html HTTP/1.1" 200 74245
101.83.144.49 - - [27/Apr/2024:12:09:18 +0800] "GET /xingrg/javascript/easyui/themes/default/validatebox.css HTTP/1.1" 404 1104
101.83.144.49 - - [27/Apr/2024:12:09:18 +0800] "POST /xingrg/kc/buy/cgsh_order_operate.html HTTP/1.1" 200 8245
101.83.144.49 - - [27/Apr/2024:12:09:32 +0800] "GET /xingrg/kc/buy/cgsh_order_operate.html?command=get_materiel&rest_code=00105&code=00101005009&supplier_code=00100316&order_time=2024-04-27 HTTP/1.1" 200 417
101.83.144.49 - - [27/Apr/2024:12:09:38 +0800] "GET /xingrg/all/function/internal_message.html?_=1714190980067&CODE_STATE=getMsg HTTP/1.1" 200 27
116.232.195.13 - - [27/Apr/2024:12:09:38 +0800] "GET /xingrg/all/function/internal_message.html?_=1714190965270&CODE_STATE=getMsg HTTP/1.1" 200 27
180.163.28.114 - - [27/Apr/2024:12:09:42 +0800] "GET /xingrg/kc/print/load_data.html?order_code=212024042707444&kc_code=cgsh HTTP/1.1" 302 -
180.163.28.114 - - [27/Apr/2024:12:09:42 +0800] "GET /xingrg/login.html HTTP/1.1" 200 7641
116.238.97.31 - - [27/Apr/2024:12:09:45 +0800] "GET /xingrg/all/function/internal_message.html?_=1714191015014&CODE_STATE=getMsg HTTP/1.1" 200 27
101.83.144.49 - - [27/Apr/2024:12:09:47 +0800] "POST /xingrg/kc/buy/cgsh_order_operate.html HTTP/1.1" 200 37
116.237.73.135 - - [27/Apr/2024:12:09:49 +0800] "GET /xingrg/all/function/internal_message.html?_=1714190981884&CODE_STATE=getMsg HTTP/1.1" 200 27
180.163.30.76 - - [27/Apr/2024:12:09:49 +0800] "GET /xingrg/all/function/internal_message.html?_=1714190921909&CODE_STATE=getMsg HTTP/1.1" 302 -
101.83.144.49 - - [27/Apr/2024:12:09:50 +0800] "POST /xingrg/kc/buy/cgsh_order_operate.html HTTP/1.1" 200 2661
180.163.30.76 - - [27/Apr/2024:12:09:51 +0800] "GET /xingrg/login.html HTTP/1.1" 200 7641
101.83.144.49 - - [27/Apr/2024:12:09:52 +0800] "GET /xingrg/kc/print/load_data.html?order_code=212024042707503&kc_code=cgsh&condition= HTTP/1.1" 200 678
101.83.144.49 - - [27/Apr/2024:12:09:57 +0800] "GET /xingrg/kc/buy/cgsh_order_add.html HTTP/1.1" 200 74245
101.83.144.49 - - [27/Apr/2024:12:09:57 +0800] "GET /xingrg/javascript/easyui/themes/default/validatebox.css HTTP/1.1" 404 1104
101.83.144.49 - - [27/Apr/2024:12:09:57 +0800] "POST /xingrg/kc/buy/cgsh_order_operate.html HTTP/1.1" 200 8245
180.164.6.225 - - [27/Apr/2024:12:10:07 +0800] "GET /xingrg/all/function/internal_message.html?_=1714191006426&CODE_STATE=getMsg HTTP/1.1" 200 27
124.78.56.241 - - [27/Apr/2024:12:10:08 +0800] "GET /xingrg/all/function/internal_message.html?_=1714191008869&CODE_STATE=getMsg HTTP/1.1" 200 27
101.83.144.49 - - [27/Apr/2024:12:10:09 +0800] "GET /xingrg/kc/buy/cgsh_order_operate.html?command=get_materiel&rest_code=00105&code=00101002007&supplier_code=00100442&order_time=2024-04-27 HTTP/1.1" 200 409
222.69.133.110 - - [27/Apr/2024:12:10:11 +0800] "GET /xingrg/all/function/internal_message.html?_=1714191011532&CODE_STATE=getMsg HTTP/1.1" 200 27
101.83.144.49 - - [27/Apr/2024:12:10:22 +0800] "GET /xingrg/kc/buy/cgsh_order_operate.html?command=get_materiel&rest_code=00105&code=00101002041&supplier_code=00100442&order_time=2024-04-27 HTTP/1.1" 200 409
180.163.29.79 - - [27/Apr/2024:12:10:28 +0800] "GET /xingrg/all/function/internal_message.html?_=1714189062328&CODE_STATE=getMsg HTTP/1.1" 302 -
180.163.29.79 - - [27/Apr/2024:12:10:28 +0800] "GET /xingrg/login.html HTTP/1.1" 200 7641
101.83.144.49 - - [27/Apr/2024:12:10:33 +0800] "GET /xingrg/kc/buy/cgsh_order_operate.html?command=get_materiel&rest_code=00105&code=00101001060&supplier_code=00100442&order_time=2024-04-27 HTTP/1.1" 200 421
101.83.144.49 - - [27/Apr/2024:12:10:38 +0800] "GET /xingrg/all/function/internal_message.html?_=1714191040038&CODE_STATE=getMsg HTTP/1.1" 200 27
116.232.195.13 - - [27/Apr/2024:12:10:38 +0800] "GET /xingrg/all/function/internal_message.html?_=1714191025269&CODE_STATE=getMsg HTTP/1.1" 200 27
116.238.97.31 - - [27/Apr/2024:12:10:45 +0800] "GET /xingrg/all/function/internal_message.html?_=1714191075003&CODE_STATE=getMsg HTTP/1.1" 200 27
116.238.97.31 - - [27/Apr/2024:12:10:45 +0800] "GET /xingrg/check_reg.html?_=1714191075066 HTTP/1.1" 200 22
101.83.144.49 - - [27/Apr/2024:12:10:45 +0800] "POST /xingrg/kc/buy/cgsh_order_operate.html HTTP/1.1" 200 37
101.83.144.49 - - [27/Apr/2024:12:10:47 +0800] "POST /xingrg/kc/buy/cgsh_order_operate.html HTTP/1.1" 200 3848
180.163.30.85 - - [27/Apr/2024:12:10:49 +0800] "GET /xingrg/all/function/internal_message.html?_=1714190981884&CODE_STATE=getMsg HTTP/1.1" 302 -
116.237.73.135 - - [27/Apr/2024:12:10:49 +0800] "GET /xingrg/all/function/internal_message.html?_=1714191041923&CODE_STATE=getMsg HTTP/1.1" 200 27
180.163.30.85 - - [27/Apr/2024:12:10:49 +0800] "GET /xingrg/login.html HTTP/1.1" 200 7641
101.83.144.49 - - [27/Apr/2024:12:10:49 +0800] "GET /xingrg/kc/print/load_data.html?order_code=212024042707504&kc_code=cgsh&condition= HTTP/1.1" 200 1135
101.83.144.49 - - [27/Apr/2024:12:10:52 +0800] "GET /xingrg/kc/buy/cgsh_order_add.html HTTP/1.1" 200 74245
101.83.144.49 - - [27/Apr/2024:12:10:53 +0800] "GET /xingrg/javascript/easyui/themes/default/validatebox.css HTTP/1.1" 404 1104
101.83.144.49 - - [27/Apr/2024:12:10:53 +0800] "POST /xingrg/kc/buy/cgsh_order_operate.html HTTP/1.1" 200 8245
101.83.144.49 - - [27/Apr/2024:12:11:04 +0800] "GET /xingrg/kc/buy/cgsh_order_operate.html?command=get_materiel&rest_code=00105&code=00101021027&supplier_code=00100323&order_time=2024-04-27 HTTP/1.1" 200 414
180.164.6.225 - - [27/Apr/2024:12:11:07 +0800] "GET /xingrg/all/function/internal_message.html?_=1714191066413&CODE_STATE=getMsg HTTP/1.1" 200 27
124.78.56.241 - - [27/Apr/2024:12:11:08 +0800] "GET /xingrg/all/function/internal_message.html?_=1714191068871&CODE_STATE=getMsg HTTP/1.1" 200 27
222.69.133.110 - - [27/Apr/2024:12:11:11 +0800] "GET /xingrg/all/function/internal_message.html?_=1714191071540&CODE_STATE=getMsg HTTP/1.1" 200 27
101.83.144.49 - - [27/Apr/2024:12:11:20 +0800] "GET /xingrg/kc/buy/cgsh_order_operate.html?command=get_materiel&rest_code=00105&code=00101010309&supplier_code=00100323&order_time=2024-04-27 HTTP/1.1" 200 423
101.83.144.49 - - [27/Apr/2024:12:11:38 +0800] "GET /xingrg/all/function/internal_message.html?_=1714191100037&CODE_STATE=getMsg HTTP/1.1" 200 27
116.232.195.13 - - [27/Apr/2024:12:11:38 +0800] "GET /xingrg/all/function/internal_message.html?_=1714191085258&CODE_STATE=getMsg HTTP/1.1" 200 27
101.83.144.49 - - [27/Apr/2024:12:11:42 +0800] "GET /xingrg/kc/buy/cgsh_order_operate.html?command=get_materiel&rest_code=00105&code=00101008053&supplier_code=00100323&order_time=2024-04-27 HTTP/1.1" 200 412
116.238.97.31 - - [27/Apr/2024:12:11:45 +0800] "GET /xingrg/all/function/internal_message.html?_=1714191134987&CODE_STATE=getMsg HTTP/1.1" 200 27
116.237.73.135 - - [27/Apr/2024:12:11:49 +0800] "GET /xingrg/all/function/internal_message.html?_=1714191101833&CODE_STATE=getMsg HTTP/1.1" 200 27
101.83.144.49 - - [27/Apr/2024:12:11:52 +0800] "GET /xingrg/kc/buy/cgsh_order_operate.html?command=get_materiel&rest_code=00105&code=00101008214&supplier_code=00100323&order_time=2024-04-27 HTTP/1.1" 200 409
101.83.144.49 - - [27/Apr/2024:12:12:01 +0800] "GET /xingrg/kc/buy/cgsh_order_operate.html?command=get_materiel&rest_code=00105&code=00101020113&supplier_code=00100323&order_time=2024-04-27 HTTP/1.1" 200 409
101.83.144.49 - - [27/Apr/2024:12:12:06 +0800] "GET /xingrg/check_reg.html?_=1714191128734 HTTP/1.1" 200 22
180.164.6.225 - - [27/Apr/2024:12:12:07 +0800] "GET /xingrg/all/function/internal_message.html?_=1714191126396&CODE_STATE=getMsg HTTP/1.1" 200 27
124.78.56.241 - - [27/Apr/2024:12:12:08 +0800] "GET /xingrg/all/function/internal_message.html?_=1714191128869&CODE_STATE=getMsg HTTP/1.1" 200 27
180.164.6.225 - - [27/Apr/2024:12:12:09 +0800] "GET /xingrg/check_reg.html?_=1714191128501 HTTP/1.1" 200 22
222.69.133.110 - - [27/Apr/2024:12:12:11 +0800] "GET /xingrg/all/function/internal_message.html?_=1714191131535&CODE_STATE=getMsg HTTP/1.1" 200 27
101.83.144.49 - - [27/Apr/2024:12:12:11 +0800] "GET /xingrg/kc/buy/cgsh_order_operate.html?command=get_materiel&rest_code=00105&code=00101008789&supplier_code=00100323&order_time=2024-04-27 HTTP/1.1" 200 401
180.169.147.146 - - [27/Apr/2024:12:12:22 +0800] "GET /xingrg/check_reg.html?_=1714191131187 HTTP/1.1" 200 22
101.83.144.49 - - [27/Apr/2024:12:12:23 +0800] "GET /xingrg/kc/buy/cgsh_order_operate.html?command=get_materiel&rest_code=00105&code=00101010314&supplier_code=00100323&order_time=2024-04-27 HTTP/1.1" 200 413
101.83.144.49 - - [27/Apr/2024:12:12:38 +0800] "GET /xingrg/all/function/internal_message.html?_=1714191159986&CODE_STATE=getMsg HTTP/1.1" 200 27
116.232.195.13 - - [27/Apr/2024:12:12:38 +0800] "GET /xingrg/all/function/internal_message.html?_=1714191145253&CODE_STATE=getMsg HTTP/1.1" 200 27
101.83.144.49 - - [27/Apr/2024:12:12:39 +0800] "GET /xingrg/kc/buy/cgsh_order_operate.html?command=get_materiel&rest_code=00105&code=00101006179&supplier_code=00100323&order_time=2024-04-27 HTTP/1.1" 200 421
116.238.97.31 - - [27/Apr/2024:12:12:45 +0800] "GET /xingrg/all/function/internal_message.html?_=1714191194986&CODE_STATE=getMsg HTTP/1.1" 200 27
116.237.73.135 - - [27/Apr/2024:12:12:49 +0800] "GET /xingrg/all/function/internal_message.html?_=1714191161815&CODE_STATE=getMsg HTTP/1.1" 200 27
180.163.30.76 - - [27/Apr/2024:12:12:49 +0800] "GET /xingrg/all/function/internal_message.html?_=1714191101833&CODE_STATE=getMsg HTTP/1.1" 302 -
180.163.30.76 - - [27/Apr/2024:12:12:49 +0800] "GET /xingrg/login.html HTTP/1.1" 200 7641
116.237.73.135 - - [27/Apr/2024:12:12:49 +0800] "GET /xingrg/check_reg.html?_=1714191162366 HTTP/1.1" 200 22
180.164.6.225 - - [27/Apr/2024:12:13:07 +0800] "GET /xingrg/all/function/internal_message.html?_=1714191186381&CODE_STATE=getMsg HTTP/1.1" 200 27
124.78.56.241 - - [27/Apr/2024:12:13:08 +0800] "GET /xingrg/check_reg.html?_=1714191188862 HTTP/1.1" 200 22
124.78.56.241 - - [27/Apr/2024:12:13:08 +0800] "GET /xingrg/all/function/internal_message.html?_=1714191188866&CODE_STATE=getMsg HTTP/1.1" 200 27
101.83.144.49 - - [27/Apr/2024:12:13:10 +0800] "GET /xingrg/kc/buy/cgsh_order_operate.html?command=get_materiel&rest_code=00105&code=00101010017&supplier_code=00100323&order_time=2024-04-27 HTTP/1.1" 200 424
222.69.133.110 - - [27/Apr/2024:12:13:11 +0800] "GET /xingrg/all/function/internal_message.html?_=1714191191549&CODE_STATE=getMsg HTTP/1.1" 200 27
114.89.221.75 - - [27/Apr/2024:12:13:11 +0800] "GET /xingrg/images/yd/bt.gif HTTP/1.1" 404 1040
114.89.221.75 - - [27/Apr/2024:12:13:13 +0800] "GET /xingrg/kc/buy/cgsh_order_list.html HTTP/1.1" 200 58354
114.89.221.75 - - [27/Apr/2024:12:13:17 +0800] "POST /xingrg/kc/buy/cgsh_list_operate.html HTTP/1.1" 200 1372
114.89.221.75 - - [27/Apr/2024:12:13:25 +0800] "POST /xingrg/kc/buy/cgsh_list_operate.html HTTP/1.1" 200 576
114.89.221.75 - - [27/Apr/2024:12:13:26 +0800] "GET /xingrg/kc/buy/cgsh_order_info.html?code=212024042607436 HTTP/1.1" 200 73086
114.89.221.75 - - [27/Apr/2024:12:13:26 +0800] "GET /xingrg/words/20240426191529_words.js HTTP/1.1" 304 -
114.89.221.75 - - [27/Apr/2024:12:13:26 +0800] "GET /xingrg/javascript/easyui/themes/default/validatebox.css HTTP/1.1" 404 1104
114.89.221.75 - - [27/Apr/2024:12:13:26 +0800] "GET /xingrg/all/common/auto_word.html?type=employee&rest_code=00158 HTTP/1.1" 200 47
114.89.221.75 - - [27/Apr/2024:12:13:26 +0800] "GET /xingrg/all/common/auto_word.html?type=employee&rest_code=00158 HTTP/1.1" 200 47
114.89.221.75 - - [27/Apr/2024:12:13:27 +0800] "POST /xingrg/kc/buy/cgsh_order_operate.html HTTP/1.1" 200 18101
101.83.144.49 - - [27/Apr/2024:12:13:27 +0800] "GET /xingrg/kc/buy/cgsh_order_operate.html?command=get_materiel&rest_code=00105&code=00101020399&supplier_code=00100323&order_time=2024-04-27 HTTP/1.1" 200 422
180.169.147.146 - - [27/Apr/2024:12:13:29 +0800] "GET /xingrg/check_reg.html?_=1714191198073 HTTP/1.1" 200 22
114.83.217.54 - - [27/Apr/2024:12:13:35 +0800] "GET /xingrg/check_reg.html?_=1714191213452 HTTP/1.1" 200 22
101.83.144.49 - - [27/Apr/2024:12:13:38 +0800] "GET /xingrg/all/function/internal_message.html?_=1714191219961&CODE_STATE=getMsg HTTP/1.1" 200 27
114.89.221.75 - - [27/Apr/2024:12:13:38 +0800] "GET /xingrg/javascript/auto/indicator.gif HTTP/1.1" 404 1066
116.232.195.13 - - [27/Apr/2024:12:13:38 +0800] "GET /xingrg/check_reg.html?_=1714191205271 HTTP/1.1" 200 22
116.232.195.13 - - [27/Apr/2024:12:13:38 +0800] "GET /xingrg/all/function/internal_message.html?_=1714191205272&CODE_STATE=getMsg HTTP/1.1" 200 27
101.83.144.49 - - [27/Apr/2024:12:13:41 +0800] "POST /xingrg/kc/buy/cgsh_order_operate.html HTTP/1.1" 200 37
114.89.221.75 - - [27/Apr/2024:12:13:42 +0800] "GET /xingrg/kc/buy/cgsh_order_operate.html?command=get_materiel&rest_code=00158&code=00101022038&supplier_code=00100151&order_time=2024-04-26 HTTP/1.1" 200 412
101.83.144.49 - - [27/Apr/2024:12:13:43 +0800] "POST /xingrg/kc/buy/cgsh_order_operate.html HTTP/1.1" 200 7434
101.83.144.49 - - [27/Apr/2024:12:13:44 +0800] "GET /xingrg/kc/print/load_data.html?order_code=212024042707505&kc_code=cgsh&condition= HTTP/1.1" 200 2521
116.238.97.31 - - [27/Apr/2024:12:13:45 +0800] "GET /xingrg/all/function/internal_message.html?_=1714191254985&CODE_STATE=getMsg HTTP/1.1" 200 27
101.83.144.49 - - [27/Apr/2024:12:13:48 +0800] "GET /xingrg/kc/buy/cgsh_order_add.html HTTP/1.1" 200 74245
116.237.73.135 - - [27/Apr/2024:12:13:48 +0800] "GET /xingrg/all/function/internal_message.html?_=1714191221788&CODE_STATE=getMsg HTTP/1.1" 200 27
101.83.144.49 - - [27/Apr/2024:12:13:49 +0800] "POST /xingrg/kc/buy/cgsh_order_operate.html HTTP/1.1" 200 8245
101.83.144.49 - - [27/Apr/2024:12:13:49 +0800] "GET /xingrg/javascript/easyui/themes/default/validatebox.css HTTP/1.1" 404 1104
221.239.168.119 - - [27/Apr/2024:12:14:03 +0800] "GET /xingrg/check_reg.html?_=1714191240686 HTTP/1.1" 200 22
180.164.6.225 - - [27/Apr/2024:12:14:07 +0800] "GET /xingrg/all/function/internal_message.html?_=1714191246363&CODE_STATE=getMsg HTTP/1.1" 200 27
101.83.144.49 - - [27/Apr/2024:12:14:08 +0800] "GET /xingrg/kc/buy/cgsh_order_operate.html?command=get_materiel&rest_code=00105&code=00101003035&supplier_code=00100497&order_time=2024-04-27 HTTP/1.1" 200 413
124.78.56.241 - - [27/Apr/2024:12:14:08 +0800] "GET /xingrg/all/function/internal_message.html?_=1714191248859&CODE_STATE=getMsg HTTP/1.1" 200 27
114.89.221.75 - - [27/Apr/2024:12:14:11 +0800] "GET /xingrg/kc/buy/cgsh_order_operate.html?command=get_materiel&rest_code=00158&code=00102016572&supplier_code=00100151&order_time=2024-04-26 HTTP/1.1" 200 412
222.69.133.110 - - [27/Apr/2024:12:14:11 +0800] "GET /xingrg/check_reg.html?_=1714191251544 HTTP/1.1" 200 22
222.69.133.110 - - [27/Apr/2024:12:14:11 +0800] "GET /xingrg/all/function/internal_message.html?_=1714191251547&CODE_STATE=getMsg HTTP/1.1" 200 27
116.237.73.135 - - [27/Apr/2024:12:14:13 +0800] "GET /xingrg/kc/base/wldb_order_add.html HTTP/1.1" 200 30386
116.237.73.135 - - [27/Apr/2024:12:14:13 +0800] "POST /xingrg/kc/base/wldb_order_operate.html HTTP/1.1" 200 6806
116.237.73.135 - - [27/Apr/2024:12:14:13 +0800] "GET /xingrg/javascript/easyui/themes/default/validatebox.css HTTP/1.1" 404 1104
116.237.73.135 - - [27/Apr/2024:12:14:14 +0800] "POST /xingrg/all/common/load_combo.html?type=base HTTP/1.1" 200 3227
116.237.73.135 - - [27/Apr/2024:12:14:16 +0800] "POST /xingrg/all/common/load_combo.html?type=base HTTP/1.1" 200 3227
180.169.147.146 - - [27/Apr/2024:12:14:17 +0800] "GET /xingrg/kc/buy/cgsh_order_add.html HTTP/1.1" 200 74210
180.169.147.146 - - [27/Apr/2024:12:14:17 +0800] "GET /xingrg/words/20240426191529_words.js HTTP/1.1" 200 1021785
180.169.147.146 - - [27/Apr/2024:12:14:17 +0800] "POST /xingrg/kc/buy/cgsh_order_operate.html HTTP/1.1" 200 8245
180.169.147.146 - - [27/Apr/2024:12:14:17 +0800] "GET /xingrg/javascript/easyui/themes/default/validatebox.css HTTP/1.1" 404 1104
180.169.147.146 - - [27/Apr/2024:12:14:17 +0800] "GET /xingrg/all/common/auto_word.html?type=employee&rest_code=00147 HTTP/1.1" 200 101
180.169.147.146 - - [27/Apr/2024:12:14:17 +0800] "GET /xingrg/all/common/auto_word.html?type=employee&rest_code=00147 HTTP/1.1" 200 101
180.169.147.146 - - [27/Apr/2024:12:14:20 +0800] "GET /xingrg/javascript/auto/indicator.gif HTTP/1.1" 404 1066
180.169.147.146 - - [27/Apr/2024:12:14:21 +0800] "GET /xingrg/javascript/jquery_tools/images/prev.gif HTTP/1.1" 404 1086
180.169.147.146 - - [27/Apr/2024:12:14:21 +0800] "GET /xingrg/javascript/jquery_tools/images/next.gif HTTP/1.1" 404 1086
101.83.144.49 - - [27/Apr/2024:12:14:22 +0800] "POST /xingrg/kc/buy/cgsh_order_operate.html HTTP/1.1" 200 37
116.237.73.135 - - [27/Apr/2024:12:14:23 +0800] "GET /xingrg/kc/base/wldb_order_operate.html?command=get_materiel&rest_code=00106&base_code=0010397&code=00102002022 HTTP/1.1" 200 471
101.83.144.49 - - [27/Apr/2024:12:14:24 +0800] "POST /xingrg/kc/buy/cgsh_order_operate.html HTTP/1.1" 200 2661
101.83.144.49 - - [27/Apr/2024:12:14:28 +0800] "GET /xingrg/kc/print/load_data.html?order_code=212024042707506&kc_code=cgsh&condition= HTTP/1.1" 200 672
116.237.73.135 - - [27/Apr/2024:12:14:31 +0800] "GET /xingrg/kc/base/wldb_order_operate.html?command=get_materiel&rest_code=00106&base_code=0010397&code=00102002204 HTTP/1.1" 200 447
180.169.147.146 - - [27/Apr/2024:12:14:32 +0800] "GET /xingrg/kc/buy/cgsh_order_operate.html?command=get_materiel&rest_code=00147&code=00101023038&supplier_code=00100008&order_time=2024-04-27 HTTP/1.1" 200 415
101.83.144.49 - - [27/Apr/2024:12:14:32 +0800] "GET /xingrg/kc/buy/cgsh_order_add.html HTTP/1.1" 200 74245
101.83.144.49 - - [27/Apr/2024:12:14:33 +0800] "POST /xingrg/kc/buy/cgsh_order_operate.html HTTP/1.1" 200 8245
101.83.144.49 - - [27/Apr/2024:12:14:33 +0800] "GET /xingrg/javascript/easyui/themes/default/validatebox.css HTTP/1.1" 404 1104
101.83.144.49 - - [27/Apr/2024:12:14:38 +0800] "GET /xingrg/all/function/internal_message.html?_=1714191279940&CODE_STATE=getMsg HTTP/1.1" 200 27
116.232.195.13 - - [27/Apr/2024:12:14:38 +0800] "GET /xingrg/all/function/internal_message.html?_=1714191265265&CODE_STATE=getMsg HTTP/1.1" 200 27
116.237.73.135 - - [27/Apr/2024:12:14:39 +0800] "POST /xingrg/kc/base/wldb_order_operate.html HTTP/1.1" 200 37
116.237.73.135 - - [27/Apr/2024:12:14:39 +0800] "POST /xingrg/kc/base/wldb_order_operate.html HTTP/1.1" 200 3180
116.237.73.135 - - [27/Apr/2024:12:14:41 +0800] "GET /xingrg/kc/base/wldb_order_info.html?code=422024042701735 HTTP/1.1" 200 30400
116.237.73.135 - - [27/Apr/2024:12:14:41 +0800] "GET /xingrg/javascript/easyui/themes/default/validatebox.css HTTP/1.1" 404 1104
116.237.73.135 - - [27/Apr/2024:12:14:42 +0800] "POST /xingrg/kc/base/wldb_order_operate.html HTTP/1.1" 200 3180
101.83.144.49 - - [27/Apr/2024:12:14:44 +0800] "GET /xingrg/kc/buy/cgsh_order_operate.html?command=get_materiel&rest_code=00105&code=00101008145&supplier_code=00100327&order_time=2024-04-27 HTTP/1.1" 200 417
116.238.97.31 - - [27/Apr/2024:12:14:45 +0800] "GET /xingrg/all/function/internal_message.html?_=1714191314984&CODE_STATE=getMsg HTTP/1.1" 200 27
116.237.73.135 - - [27/Apr/2024:12:14:49 +0800] "GET /xingrg/kc/base/wldb_order_add.html HTTP/1.1" 200 30386
114.89.221.75 - - [27/Apr/2024:12:14:49 +0800] "GET /xingrg/kc/buy/cgsh_order_operate.html?command=get_materiel&rest_code=00158&code=00102007049&supplier_code=00100151&order_time=2024-04-26 HTTP/1.1" 200 416
116.237.73.135 - - [27/Apr/2024:12:14:49 +0800] "POST /xingrg/kc/base/wldb_order_operate.html HTTP/1.1" 200 6806
116.237.73.135 - - [27/Apr/2024:12:14:49 +0800] "GET /xingrg/javascript/easyui/themes/default/validatebox.css HTTP/1.1" 404 1104
116.237.73.135 - - [27/Apr/2024:12:14:50 +0800] "POST /xingrg/all/common/load_combo.html?type=base HTTP/1.1" 200 3227
116.237.73.135 - - [27/Apr/2024:12:14:52 +0800] "POST /xingrg/all/common/load_combo.html?type=base HTTP/1.1" 200 3227
101.83.144.49 - - [27/Apr/2024:12:14:55 +0800] "POST /xingrg/kc/buy/cgsh_order_operate.html HTTP/1.1" 200 37
116.237.73.135 - - [27/Apr/2024:12:14:57 +0800] "GET /xingrg/kc/base/wldb_order_operate.html?command=get_materiel&rest_code=00106&base_code=0010397&code=00102004030 HTTP/1.1" 200 442
180.169.147.146 - - [27/Apr/2024:12:14:57 +0800] "GET /xingrg/kc/buy/cgsh_order_operate.html?command=get_materiel&rest_code=00147&code=00101008285&supplier_code=00100008&order_time=2024-04-27 HTTP/1.1" 200 413
114.89.221.75 - - [27/Apr/2024:12:14:57 +0800] "GET /xingrg/check_reg.html?_=1714191303026 HTTP/1.1" 200 22
101.83.144.49 - - [27/Apr/2024:12:14:59 +0800] "POST /xingrg/kc/buy/cgsh_order_operate.html HTTP/1.1" 200 2660
101.83.144.49 - - [27/Apr/2024:12:15:01 +0800] "GET /xingrg/kc/print/load_data.html?order_code=212024042707507&kc_code=cgsh&condition= HTTP/1.1" 200 663
116.237.73.135 - - [27/Apr/2024:12:15:01 +0800] "GET /xingrg/kc/base/wldb_order_operate.html?command=get_materiel&rest_code=00106&base_code=0010397&code=00102015103 HTTP/1.1" 200 439
101.83.144.49 - - [27/Apr/2024:12:15:05 +0800] "GET /xingrg/kc/buy/cgsh_order_add.html HTTP/1.1" 200 74245
101.83.144.49 - - [27/Apr/2024:12:15:06 +0800] "GET /xingrg/javascript/easyui/themes/default/validatebox.css HTTP/1.1" 404 1104
101.83.144.49 - - [27/Apr/2024:12:15:06 +0800] "POST /xingrg/kc/buy/cgsh_order_operate.html HTTP/1.1" 200 8245
180.164.6.225 - - [27/Apr/2024:12:15:07 +0800] "GET /xingrg/all/function/internal_message.html?_=1714191306361&CODE_STATE=getMsg HTTP/1.1" 200 27
116.237.73.135 - - [27/Apr/2024:12:15:07 +0800] "POST /xingrg/kc/base/wldb_order_operate.html HTTP/1.1" 200 37
116.237.73.135 - - [27/Apr/2024:12:15:08 +0800] "POST /xingrg/kc/base/wldb_order_operate.html HTTP/1.1" 200 2668
124.78.56.241 - - [27/Apr/2024:12:15:08 +0800] "GET /xingrg/all/function/internal_message.html?_=1714191308868&CODE_STATE=getMsg HTTP/1.1" 200 27
116.237.73.135 - - [27/Apr/2024:12:15:09 +0800] "GET /xingrg/kc/base/wldb_order_info.html?code=422024042701736 HTTP/1.1" 200 30400
116.237.73.135 - - [27/Apr/2024:12:15:09 +0800] "GET /xingrg/javascript/easyui/themes/default/validatebox.css HTTP/1.1" 404 1104
180.169.147.146 - - [27/Apr/2024:12:15:10 +0800] "GET /xingrg/kc/buy/cgsh_order_operate.html?command=get_materiel&rest_code=00147&code=00101008354&supplier_code=00100008&order_time=2024-04-27 HTTP/1.1" 200 432
116.237.73.135 - - [27/Apr/2024:12:15:10 +0800] "POST /xingrg/kc/base/wldb_order_operate.html HTTP/1.1" 200 2668
222.69.133.110 - - [27/Apr/2024:12:15:11 +0800] "GET /xingrg/all/function/internal_message.html?_=1714191311535&CODE_STATE=getMsg HTTP/1.1" 200 27
114.89.221.75 - - [27/Apr/2024:12:15:17 +0800] "POST /xingrg/kc/buy/cgsh_order_operate.html HTTP/1.1" 200 2065
101.83.144.49 - - [27/Apr/2024:12:15:20 +0800] "GET /xingrg/kc/buy/cgsh_order_operate.html?command=get_materiel&rest_code=00105&code=00101004051&supplier_code=00100312&order_time=2024-04-27 HTTP/1.1" 200 408
180.169.147.146 - - [27/Apr/2024:12:15:21 +0800] "GET /xingrg/kc/buy/cgsh_order_operate.html?command=get_materiel&rest_code=00147&code=00101008010&supplier_code=00100008&order_time=2024-04-27 HTTP/1.1" 200 412
180.169.147.146 - - [27/Apr/2024:12:15:36 +0800] "GET /xingrg/kc/buy/cgsh_order_operate.html?command=get_materiel&rest_code=00147&code=00101009160&supplier_code=00100008&order_time=2024-04-27 HTTP/1.1" 200 415
101.83.144.49 - - [27/Apr/2024:12:15:38 +0800] "GET /xingrg/all/function/internal_message.html?_=1714191339921&CODE_STATE=getMsg HTTP/1.1" 200 27
116.232.195.13 - - [27/Apr/2024:12:15:38 +0800] "GET /xingrg/all/function/internal_message.html?_=1714191325253&CODE_STATE=getMsg HTTP/1.1" 200 27
101.83.144.49 - - [27/Apr/2024:12:15:39 +0800] "GET /xingrg/kc/buy/cgsh_order_operate.html?command=get_materiel&rest_code=00105&code=00101004067&supplier_code=00100312&order_time=2024-04-27 HTTP/1.1" 200 413
114.89.221.75 - - [27/Apr/2024:12:15:42 +0800] "GET /xingrg/kc/buy/cgsh_order_operate.html?command=get_materiel&rest_code=00158&code=00102010491&supplier_code=00100151&order_time=2024-04-26 HTTP/1.1" 200 408
116.238.97.31 - - [27/Apr/2024:12:15:45 +0800] "GET /xingrg/all/function/internal_message.html?_=1714191374969&CODE_STATE=getMsg HTTP/1.1" 200 27
116.238.97.31 - - [27/Apr/2024:12:15:45 +0800] "GET /xingrg/check_reg.html?_=1714191375051 HTTP/1.1" 200 22
101.83.144.49 - - [27/Apr/2024:12:15:47 +0800] "GET /xingrg/kc/buy/cgsh_order_operate.html?command=get_materiel&rest_code=00105&code=00101001096&supplier_code=00100312&order_time=2024-04-27 HTTP/1.1" 200 413
116.237.73.135 - - [27/Apr/2024:12:15:48 +0800] "GET /xingrg/all/function/internal_message.html?_=1714191341796&CODE_STATE=getMsg HTTP/1.1" 200 27
180.169.147.146 - - [27/Apr/2024:12:15:49 +0800] "GET /xingrg/kc/buy/cgsh_order_operate.html?command=get_materiel&rest_code=00147&code=00101009175&supplier_code=00100008&order_time=2024-04-27 HTTP/1.1" 200 414
114.89.221.75 - - [27/Apr/2024:12:15:57 +0800] "GET /xingrg/kc/buy/cgsh_order_operate.html?command=get_materiel&rest_code=00158&code=00102002408&supplier_code=00100151&order_time=2024-04-26 HTTP/1.1" 200 408
116.238.97.31 - - [27/Apr/2024:12:15:57 +0800] "POST /xingrg/services/DataTransmitService HTTP/1.1" 200 524
101.83.144.49 - - [27/Apr/2024:12:15:58 +0800] "GET /xingrg/kc/buy/cgsh_order_operate.html?command=get_materiel&rest_code=00105&code=00101004030&supplier_code=00100312&order_time=2024-04-27 HTTP/1.1" 200 408
180.169.147.146 - - [27/Apr/2024:12:15:59 +0800] "GET /xingrg/kc/buy/cgsh_order_operate.html?command=get_materiel&rest_code=00147&code=00101009140&supplier_code=00100008&order_time=2024-04-27 HTTP/1.1" 200 412
116.238.97.31 - - [27/Apr/2024:12:15:59 +0800] "POST /xingrg/services/DataTransmitService HTTP/1.1" 200 412
101.83.144.49 - - [27/Apr/2024:12:16:06 +0800] "GET /xingrg/kc/buy/cgsh_order_operate.html?command=get_materiel&rest_code=00105&code=00101005073&supplier_code=00100312&order_time=2024-04-27 HTTP/1.1" 200 410
180.164.6.225 - - [27/Apr/2024:12:16:07 +0800] "GET /xingrg/all/function/internal_message.html?_=1714191366333&CODE_STATE=getMsg HTTP/1.1" 200 27
124.78.56.241 - - [27/Apr/2024:12:16:08 +0800] "GET /xingrg/all/function/internal_message.html?_=1714191368869&CODE_STATE=getMsg HTTP/1.1" 200 27
222.69.133.110 - - [27/Apr/2024:12:16:11 +0800] "GET /xingrg/all/function/internal_message.html?_=1714191371550&CODE_STATE=getMsg HTTP/1.1" 200 27
101.83.144.49 - - [27/Apr/2024:12:16:15 +0800] "GET /xingrg/kc/buy/cgsh_order_operate.html?command=get_materiel&rest_code=00105&code=00101004038&supplier_code=00100312&order_time=2024-04-27 HTTP/1.1" 200 409
180.169.147.146 - - [27/Apr/2024:12:16:23 +0800] "GET /xingrg/kc/buy/cgsh_order_operate.html?command=get_materiel&rest_code=00147&code=00101008283&supplier_code=00100008&order_time=2024-04-27 HTTP/1.1" 200 408
101.83.144.49 - - [27/Apr/2024:12:16:24 +0800] "GET /xingrg/kc/buy/cgsh_order_operate.html?command=get_materiel&rest_code=00105&code=00101001156&supplier_code=00100312&order_time=2024-04-27 HTTP/1.1" 200 409
101.83.144.49 - - [27/Apr/2024:12:16:35 +0800] "GET /xingrg/kc/buy/cgsh_order_operate.html?command=get_materiel&rest_code=00105&code=00101001194&supplier_code=00100312&order_time=2024-04-27 HTTP/1.1" 200 413
101.83.144.49 - - [27/Apr/2024:12:16:37 +0800] "GET /xingrg/all/function/internal_message.html?_=1714191399882&CODE_STATE=getMsg HTTP/1.1" 200 27
116.232.195.13 - - [27/Apr/2024:12:16:38 +0800] "GET /xingrg/all/function/internal_message.html?_=1714191385258&CODE_STATE=getMsg HTTP/1.1" 200 27
116.238.97.31 - - [27/Apr/2024:12:16:45 +0800] "GET /xingrg/all/function/internal_message.html?_=1714191434941&CODE_STATE=getMsg HTTP/1.1" 200 27
116.237.73.135 - - [27/Apr/2024:12:16:49 +0800] "GET /xingrg/all/function/internal_message.html?_=1714191401843&CODE_STATE=getMsg HTTP/1.1" 200 27
180.169.147.146 - - [27/Apr/2024:12:16:49 +0800] "GET /xingrg/kc/buy/cgsh_order_operate.html?command=get_materiel&rest_code=00147&code=00101008352&supplier_code=00100008&order_time=2024-04-27 HTTP/1.1" 200 412
101.83.144.49 - - [27/Apr/2024:12:16:54 +0800] "GET /xingrg/kc/buy/cgsh_order_operate.html?command=get_materiel&rest_code=00105&code=00101001045&supplier_code=00100312&order_time=2024-04-27 HTTP/1.1" 200 421
180.169.147.146 - - [27/Apr/2024:12:17:02 +0800] "GET /xingrg/kc/buy/cgsh_order_operate.html?command=get_materiel&rest_code=00147&code=00101008131&supplier_code=00100008&order_time=2024-04-27 HTTP/1.1" 200 408
101.83.144.49 - - [27/Apr/2024:12:17:06 +0800] "GET /xingrg/check_reg.html?_=1714191428670 HTTP/1.1" 200 22
180.164.6.225 - - [27/Apr/2024:12:17:07 +0800] "GET /xingrg/all/function/internal_message.html?_=1714191426332&CODE_STATE=getMsg HTTP/1.1" 200 27
124.78.56.241 - - [27/Apr/2024:12:17:08 +0800] "GET /xingrg/all/function/internal_message.html?_=1714191428862&CODE_STATE=getMsg HTTP/1.1" 200 27
180.164.6.225 - - [27/Apr/2024:12:17:09 +0800] "GET /xingrg/check_reg.html?_=1714191428489 HTTP/1.1" 200 22
222.69.133.110 - - [27/Apr/2024:12:17:11 +0800] "GET /xingrg/all/function/internal_message.html?_=1714191431550&CODE_STATE=getMsg HTTP/1.1" 200 27
180.169.147.146 - - [27/Apr/2024:12:17:16 +0800] "GET /xingrg/kc/buy/cgsh_order_operate.html?command=get_materiel&rest_code=00147&code=00101008353&supplier_code=00100008&order_time=2024-04-27 HTTP/1.1" 200 408
180.169.147.146 - - [27/Apr/2024:12:17:22 +0800] "GET /xingrg/check_reg.html?_=1714191431161 HTTP/1.1" 200 22
101.83.144.49 - - [27/Apr/2024:12:17:24 +0800] "POST /xingrg/kc/buy/cgsh_order_operate.html HTTP/1.1" 200 37
101.83.144.49 - - [27/Apr/2024:12:17:26 +0800] "POST /xingrg/kc/buy/cgsh_order_operate.html HTTP/1.1" 200 7413
101.83.144.49 - - [27/Apr/2024:12:17:28 +0800] "GET /xingrg/kc/print/load_data.html?order_code=212024042707508&kc_code=cgsh&condition= HTTP/1.1" 200 2493
101.83.144.49 - - [27/Apr/2024:12:17:32 +0800] "GET /xingrg/kc/buy/cgsh_order_add.html HTTP/1.1" 200 74245
101.83.144.49 - - [27/Apr/2024:12:17:33 +0800] "POST /xingrg/kc/buy/cgsh_order_operate.html HTTP/1.1" 200 8245
101.83.144.49 - - [27/Apr/2024:12:17:33 +0800] "GET /xingrg/javascript/easyui/themes/default/validatebox.css HTTP/1.1" 404 1104
101.83.144.49 - - [27/Apr/2024:12:17:38 +0800] "GET /xingrg/all/function/internal_message.html?_=1714191459885&CODE_STATE=getMsg HTTP/1.1" 200 27
116.232.195.13 - - [27/Apr/2024:12:17:38 +0800] "GET /xingrg/all/function/internal_message.html?_=1714191445244&CODE_STATE=getMsg HTTP/1.1" 200 27
180.169.147.146 - - [27/Apr/2024:12:17:41 +0800] "GET /xingrg/kc/buy/cgsh_order_operate.html?command=get_materiel&rest_code=00147&code=00101008126&supplier_code=00100008&order_time=2024-04-27 HTTP/1.1" 200 412
101.83.144.49 - - [27/Apr/2024:12:17:44 +0800] "GET /xingrg/kc/buy/cgsh_order_operate.html?command=get_materiel&rest_code=00105&code=00101012049&supplier_code=00100338&order_time=2024-04-27 HTTP/1.1" 200 432
101.83.144.49 - - [27/Apr/2024:12:17:45 +0800] "POST /xingrg/all/common/load_select.html HTTP/1.1" 200 25
116.238.97.31 - - [27/Apr/2024:12:17:45 +0800] "GET /xingrg/all/function/internal_message.html?_=1714191494926&CODE_STATE=getMsg HTTP/1.1" 200 27
116.237.73.135 - - [27/Apr/2024:12:17:48 +0800] "GET /xingrg/all/function/internal_message.html?_=1714191461751&CODE_STATE=getMsg HTTP/1.1" 200 27
180.163.29.206 - - [27/Apr/2024:12:17:49 +0800] "GET /xingrg/all/function/internal_message.html?_=1714191401843&CODE_STATE=getMsg HTTP/1.1" 302 -
180.163.29.206 - - [27/Apr/2024:12:17:49 +0800] "GET /xingrg/login.html HTTP/1.1" 200 7641
116.237.73.135 - - [27/Apr/2024:12:17:49 +0800] "GET /xingrg/check_reg.html?_=1714191462364 HTTP/1.1" 200 22
101.83.144.49 - - [27/Apr/2024:12:17:51 +0800] "GET /xingrg/kc/buy/cgsh_order_operate.html?command=get_materiel_price&rest_code=00105&code=00101012049&unit_code=00100086&supplier_code=00100338&order_time=2024-04-27 HTTP/1.1" 200 31
180.169.147.146 - - [27/Apr/2024:12:17:52 +0800] "GET /xingrg/kc/buy/cgsh_order_operate.html?command=get_materiel&rest_code=00147&code=00101018028&supplier_code=00100008&order_time=2024-04-27 HTTP/1.1" 200 412
101.83.144.49 - - [27/Apr/2024:12:18:04 +0800] "POST /xingrg/kc/buy/cgsh_order_operate.html HTTP/1.1" 200 37
180.169.147.146 - - [27/Apr/2024:12:18:07 +0800] "GET /xingrg/kc/buy/cgsh_order_operate.html?command=get_materiel&rest_code=00147&code=00101008361&supplier_code=00100008&order_time=2024-04-27 HTTP/1.1" 200 408
180.164.6.225 - - [27/Apr/2024:12:18:07 +0800] "GET /xingrg/all/function/internal_message.html?_=1714191486314&CODE_STATE=getMsg HTTP/1.1" 200 27
101.83.144.49 - - [27/Apr/2024:12:18:08 +0800] "POST /xingrg/kc/buy/cgsh_order_operate.html HTTP/1.1" 200 2672
124.78.56.241 - - [27/Apr/2024:12:18:08 +0800] "GET /xingrg/check_reg.html?_=1714191488864 HTTP/1.1" 200 22
124.78.56.241 - - [27/Apr/2024:12:18:08 +0800] "GET /xingrg/all/function/internal_message.html?_=1714191488870&CODE_STATE=getMsg HTTP/1.1" 200 27
222.69.133.110 - - [27/Apr/2024:12:18:11 +0800] "GET /xingrg/all/function/internal_message.html?_=1714191491555&CODE_STATE=getMsg HTTP/1.1" 200 27
101.83.144.49 - - [27/Apr/2024:12:18:16 +0800] "GET /xingrg/kc/print/load_data.html?order_code=212024042707509&kc_code=cgsh&condition= HTTP/1.1" 200 689
180.169.147.146 - - [27/Apr/2024:12:18:18 +0800] "GET /xingrg/kc/buy/cgsh_order_operate.html?command=get_materiel&rest_code=00147&code=00101008004&supplier_code=00100008&order_time=2024-04-27 HTTP/1.1" 200 416
101.83.144.49 - - [27/Apr/2024:12:18:20 +0800] "GET /xingrg/kc/buy/cgsh_order_add.html HTTP/1.1" 200 74245
101.83.144.49 - - [27/Apr/2024:12:18:21 +0800] "POST /xingrg/kc/buy/cgsh_order_operate.html HTTP/1.1" 200 8245
101.83.144.49 - - [27/Apr/2024:12:18:21 +0800] "GET /xingrg/javascript/easyui/themes/default/validatebox.css HTTP/1.1" 404 1104
180.169.147.146 - - [27/Apr/2024:12:18:28 +0800] "GET /xingrg/kc/buy/cgsh_order_operate.html?command=get_materiel&rest_code=00147&code=00101008321&supplier_code=00100008&order_time=2024-04-27 HTTP/1.1" 200 412
180.169.147.146 - - [27/Apr/2024:12:18:29 +0800] "GET /xingrg/check_reg.html?_=1714191498049 HTTP/1.1" 200 22
116.232.195.13 - - [27/Apr/2024:12:18:33 +0800] "POST /xingrg/services/DataTransmitService HTTP/1.1" 200 524
116.232.195.13 - - [27/Apr/2024:12:18:34 +0800] "POST /xingrg/services/DataTransmitService HTTP/1.1" 200 412
116.237.73.135 - - [27/Apr/2024:12:18:34 +0800] "POST /xingrg/services/DataTransmitService HTTP/1.1" 200 524
101.83.144.49 - - [27/Apr/2024:12:18:35 +0800] "GET /xingrg/kc/buy/cgsh_order_operate.html?command=get_materiel&rest_code=00105&code=00101010646&supplier_code=00100325&order_time=2024-04-27 HTTP/1.1" 200 424
114.83.217.54 - - [27/Apr/2024:12:18:35 +0800] "GET /xingrg/check_reg.html?_=1714191513452 HTTP/1.1" 200 22
116.237.73.135 - - [27/Apr/2024:12:18:36 +0800] "POST /xingrg/services/DataTransmitService HTTP/1.1" 200 412
101.83.144.49 - - [27/Apr/2024:12:18:37 +0800] "GET /xingrg/all/function/internal_message.html?_=1714191519847&CODE_STATE=getMsg HTTP/1.1" 200 27
116.232.195.13 - - [27/Apr/2024:12:18:38 +0800] "GET /xingrg/all/function/internal_message.html?_=1714191505254&CODE_STATE=getMsg HTTP/1.1" 200 27
116.232.195.13 - - [27/Apr/2024:12:18:38 +0800] "GET /xingrg/check_reg.html?_=1714191505255 HTTP/1.1" 200 22
101.80.230.31 - - [27/Apr/2024:12:18:39 +0800] "POST /xingrg/services/DataTransmitService HTTP/1.1" 200 524
114.89.221.75 - - [27/Apr/2024:12:18:40 +0800] "POST /xingrg/kc/buy/cgsh_order_operate.html HTTP/1.1" 200 37
116.238.97.31 - - [27/Apr/2024:12:18:45 +0800] "GET /xingrg/all/function/internal_message.html?_=1714191554899&CODE_STATE=getMsg HTTP/1.1" 200 27
101.83.144.49 - - [27/Apr/2024:12:18:47 +0800] "POST /xingrg/kc/buy/cgsh_order_operate.html HTTP/1.1" 200 37
180.169.147.146 - - [27/Apr/2024:12:18:48 +0800] "GET /xingrg/kc/buy/cgsh_order_operate.html?command=get_materiel&rest_code=00147&code=00101008356&supplier_code=00100008&order_time=2024-04-27 HTTP/1.1" 200 408
116.237.73.135 - - [27/Apr/2024:12:18:48 +0800] "GET /xingrg/all/function/internal_message.html?_=1714191521738&CODE_STATE=getMsg HTTP/1.1" 200 27
180.163.28.109 - - [27/Apr/2024:12:18:49 +0800] "GET /xingrg/check_reg.html?_=1714191462364 HTTP/1.1" 302 -
180.163.30.100 - - [27/Apr/2024:12:18:49 +0800] "GET /xingrg/all/function/internal_message.html?_=1714191461751&CODE_STATE=getMsg HTTP/1.1" 302 -
114.89.221.75 - - [27/Apr/2024:12:18:49 +0800] "POST /xingrg/kc/buy/cgsh_order_operate.html HTTP/1.1" 200 12
180.163.30.100 - - [27/Apr/2024:12:18:49 +0800] "GET /xingrg/login.html HTTP/1.1" 200 7641
180.163.28.109 - - [27/Apr/2024:12:18:50 +0800] "GET /xingrg/login.html HTTP/1.1" 200 7641
101.83.144.49 - - [27/Apr/2024:12:18:51 +0800] "POST /xingrg/kc/buy/cgsh_order_operate.html HTTP/1.1" 200 2666
114.89.221.75 - - [27/Apr/2024:12:18:52 +0800] "GET /xingrg/kc/buy/cgsh_order_info.html?code=212024042607436 HTTP/1.1" 200 67984
114.89.221.75 - - [27/Apr/2024:12:18:52 +0800] "GET /xingrg/javascript/easyui/themes/default/validatebox.css HTTP/1.1" 404 1104
114.89.221.75 - - [27/Apr/2024:12:18:53 +0800] "POST /xingrg/kc/buy/cgsh_order_operate.html HTTP/1.1" 200 19607
101.83.144.49 - - [27/Apr/2024:12:18:53 +0800] "GET /xingrg/kc/print/load_data.html?order_code=212024042707510&kc_code=cgsh&condition= HTTP/1.1" 200 685
114.89.221.75 - - [27/Apr/2024:12:18:55 +0800] "GET /xingrg/kc/print/load_config.html?kc_code=cgsh HTTP/1.1" 200 1927
114.89.221.75 - - [27/Apr/2024:12:18:56 +0800] "GET /xingrg/kc/print/load_data.html?order_code=212024042607436&kc_code=cgsh&condition= HTTP/1.1" 200 7827
101.83.144.49 - - [27/Apr/2024:12:18:57 +0800] "GET /xingrg/kc/buy/cgsh_order_add.html HTTP/1.1" 200 74245
