114.83.217.54 - - [27/Apr/2024:12:29:12 +0800] "POST /xingrg/kc/buy/cgsh_order_operate.html HTTP/1.1" 200 8245
114.83.217.54 - - [27/Apr/2024:12:29:12 +0800] "GET /xingrg/javascript/easyui/themes/default/validatebox.css HTTP/1.1" 404 1104
221.239.168.119 - - [27/Apr/2024:12:29:15 +0800] "POST /xingrg/kc/buy/cgsh_list_operate.html HTTP/1.1" 200 3428
114.83.217.54 - - [27/Apr/2024:12:29:20 +0800] "GET /xingrg/kc/buy/cgsh_order_operate.html?command=get_materiel&rest_code=00149&code=00101004009&supplier_code=00100085&order_time=2024-04-27 HTTP/1.1" 200 415
172.20.0.8 - - [27/Apr/2024:12:29:25 +0800] "GET /favicon.ico HTTP/1.1" 404 -
221.239.168.119 - - [27/Apr/2024:12:29:30 +0800] "POST /xingrg/kc/buy/cgsh_list_operate.html HTTP/1.1" 200 438
116.238.97.31 - - [27/Apr/2024:12:29:32 +0800] "GET /xingrg/all/function/internal_message.html?_=1714192172511&CODE_STATE=getMsg HTTP/1.1" 200 27
114.89.221.75 - - [27/Apr/2024:12:29:32 +0800] "POST /xingrg/kc/buy/cgsh_order_operate.html HTTP/1.1" 200 12
114.89.221.75 - - [27/Apr/2024:12:29:36 +0800] "GET /xingrg/kc/buy/cgsh_order_info.html?code=212024042607436 HTTP/1.1" 200 67984
114.89.221.75 - - [27/Apr/2024:12:29:36 +0800] "GET /xingrg/javascript/easyui/themes/default/validatebox.css HTTP/1.1" 404 1104
101.83.144.49 - - [27/Apr/2024:12:29:37 +0800] "GET /xingrg/all/function/internal_message.html?_=1714192179592&CODE_STATE=getMsg HTTP/1.1" 200 27
116.232.195.13 - - [27/Apr/2024:12:29:38 +0800] "GET /xingrg/all/function/internal_message.html?_=1714192165258&CODE_STATE=getMsg HTTP/1.1" 200 27
221.239.168.119 - - [27/Apr/2024:12:29:41 +0800] "GET /xingrg/kc/buy/cgsh_order_info.html?code=212024042005595 HTTP/1.1" 200 73323
114.83.217.54 - - [27/Apr/2024:12:29:41 +0800] "POST /xingrg/kc/buy/cgsh_order_operate.html HTTP/1.1" 200 37
114.89.221.75 - - [27/Apr/2024:12:29:41 +0800] "POST /xingrg/kc/buy/cgsh_order_operate.html HTTP/1.1" 200 19607
221.239.168.119 - - [27/Apr/2024:12:29:42 +0800] "GET /xingrg/javascript/easyui/themes/default/validatebox.css HTTP/1.1" 404 1104
221.239.168.119 - - [27/Apr/2024:12:29:43 +0800] "POST /xingrg/kc/buy/cgsh_order_operate.html HTTP/1.1" 200 4457
116.238.97.31 - - [27/Apr/2024:12:29:45 +0800] "GET /xingrg/all/function/internal_message.html?_=1714192214724&CODE_STATE=getMsg HTTP/1.1" 200 27
116.237.73.135 - - [27/Apr/2024:12:29:48 +0800] "GET /xingrg/all/function/internal_message.html?_=1714192181530&CODE_STATE=getMsg HTTP/1.1" 200 27
114.83.217.54 - - [27/Apr/2024:12:29:51 +0800] "POST /xingrg/kc/buy/cgsh_order_operate.html HTTP/1.1" 200 12
114.83.217.54 - - [27/Apr/2024:12:29:55 +0800] "GET /xingrg/kc/buy/cgsh_order_info.html?code=212024042707525 HTTP/1.1" 200 69124
114.83.217.54 - - [27/Apr/2024:12:29:55 +0800] "GET /xingrg/javascript/easyui/themes/default/validatebox.css HTTP/1.1" 404 1104
114.83.217.54 - - [27/Apr/2024:12:29:56 +0800] "POST /xingrg/kc/buy/cgsh_order_operate.html HTTP/1.1" 200 613
114.89.221.75 - - [27/Apr/2024:12:29:58 +0800] "GET /xingrg/check_reg.html?_=1714192203038 HTTP/1.1" 200 22
114.83.217.54 - - [27/Apr/2024:12:29:58 +0800] "GET /xingrg/kc/print/load_data.html?order_code=212024042707525&kc_code=cgsh&condition= HTTP/1.1" 200 756
114.85.36.201 - - [27/Apr/2024:12:30:03 +0800] "GET /xingrg/all/function/internal_message.html?_=1714190595902&CODE_STATE=getMsg HTTP/1.1" 200 27
114.83.217.54 - - [27/Apr/2024:12:30:03 +0800] "GET /xingrg/kc/buy/cgsh_order_add.html HTTP/1.1" 200 74251
114.83.217.54 - - [27/Apr/2024:12:30:04 +0800] "POST /xingrg/kc/buy/cgsh_order_operate.html HTTP/1.1" 200 8245
114.83.217.54 - - [27/Apr/2024:12:30:04 +0800] "GET /xingrg/javascript/easyui/themes/default/validatebox.css HTTP/1.1" 404 1104
180.164.6.225 - - [27/Apr/2024:12:30:07 +0800] "GET /xingrg/all/function/internal_message.html?_=1714192206170&CODE_STATE=getMsg HTTP/1.1" 200 27
124.78.56.241 - - [27/Apr/2024:12:30:08 +0800] "GET /xingrg/all/function/internal_message.html?_=1714192208850&CODE_STATE=getMsg HTTP/1.1" 200 27
222.69.133.110 - - [27/Apr/2024:12:30:11 +0800] "GET /xingrg/all/function/internal_message.html?_=1714192211535&CODE_STATE=getMsg HTTP/1.1" 200 27
114.83.217.54 - - [27/Apr/2024:12:30:13 +0800] "GET /xingrg/kc/buy/cgsh_order_operate.html?command=get_materiel&rest_code=00149&code=00101002006&supplier_code=00100091&order_time=2024-04-27 HTTP/1.1" 200 414
114.83.217.54 - - [27/Apr/2024:12:30:29 +0800] "POST /xingrg/kc/buy/cgsh_order_operate.html HTTP/1.1" 200 37
116.238.97.31 - - [27/Apr/2024:12:30:32 +0800] "GET /xingrg/all/function/internal_message.html?_=1714192232491&CODE_STATE=getMsg HTTP/1.1" 200 27
116.238.97.31 - - [27/Apr/2024:12:30:35 +0800] "GET /xingrg/kc/base/yddb_order_list.html HTTP/1.1" 200 16656
116.238.97.31 - - [27/Apr/2024:12:30:35 +0800] "POST /xingrg/kc/base/yddb_list_operate.html HTTP/1.1" 200 636
114.83.217.54 - - [27/Apr/2024:12:30:37 +0800] "POST /xingrg/kc/buy/cgsh_order_operate.html HTTP/1.1" 200 12
101.83.144.49 - - [27/Apr/2024:12:30:37 +0800] "GET /xingrg/all/function/internal_message.html?_=1714192239559&CODE_STATE=getMsg HTTP/1.1" 200 27
116.238.97.31 - - [27/Apr/2024:12:30:38 +0800] "GET /xingrg/kc/base/yddb_order_add.html HTTP/1.1" 200 30041
116.238.97.31 - - [27/Apr/2024:12:30:38 +0800] "GET /xingrg/dwr/interface/AjaxComOrderService.js HTTP/1.1" 200 18264
116.238.97.31 - - [27/Apr/2024:12:30:38 +0800] "GET /xingrg/dwr/util.js HTTP/1.1" 304 -
116.238.97.31 - - [27/Apr/2024:12:30:38 +0800] "GET /xingrg/dwr/interface/AjaxYddbService.js HTTP/1.1" 200 13201
116.238.97.31 - - [27/Apr/2024:12:30:38 +0800] "GET /xingrg/dwr/engine.js HTTP/1.1" 200 43631
116.232.195.13 - - [27/Apr/2024:12:30:38 +0800] "GET /xingrg/all/function/internal_message.html?_=1714192225258&CODE_STATE=getMsg HTTP/1.1" 200 27
114.83.217.54 - - [27/Apr/2024:12:30:40 +0800] "GET /xingrg/kc/buy/cgsh_order_info.html?code=212024042707526 HTTP/1.1" 200 69126
114.83.217.54 - - [27/Apr/2024:12:30:40 +0800] "GET /xingrg/javascript/easyui/themes/default/validatebox.css HTTP/1.1" 404 1104
116.238.97.31 - - [27/Apr/2024:12:30:42 +0800] "POST /xingrg/dwr/call/plaincall/AjaxYddbService.getRestBases.dwr HTTP/1.1" 200 1067
114.83.217.54 - - [27/Apr/2024:12:30:42 +0800] "POST /xingrg/kc/buy/cgsh_order_operate.html HTTP/1.1" 200 611
114.83.217.54 - - [27/Apr/2024:12:30:44 +0800] "GET /xingrg/kc/print/load_data.html?order_code=212024042707526&kc_code=cgsh&condition= HTTP/1.1" 200 778
116.238.97.31 - - [27/Apr/2024:12:30:45 +0800] "GET /xingrg/all/function/internal_message.html?_=1714192274709&CODE_STATE=getMsg HTTP/1.1" 200 27
116.238.97.31 - - [27/Apr/2024:12:30:45 +0800] "GET /xingrg/check_reg.html?_=1714192275009 HTTP/1.1" 200 22
116.237.73.135 - - [27/Apr/2024:12:30:48 +0800] "GET /xingrg/all/function/internal_message.html?_=1714192241503&CODE_STATE=getMsg HTTP/1.1" 200 27
180.163.30.76 - - [27/Apr/2024:12:30:49 +0800] "GET /xingrg/all/function/internal_message.html?_=1714192181530&CODE_STATE=getMsg HTTP/1.1" 302 -
180.163.30.76 - - [27/Apr/2024:12:30:49 +0800] "GET /xingrg/login.html HTTP/1.1" 200 7641
114.83.217.54 - - [27/Apr/2024:12:30:50 +0800] "GET /xingrg/kc/buy/cgsh_order_add.html HTTP/1.1" 200 74251
114.83.217.54 - - [27/Apr/2024:12:30:50 +0800] "POST /xingrg/kc/buy/cgsh_order_operate.html HTTP/1.1" 200 8245
114.83.217.54 - - [27/Apr/2024:12:30:51 +0800] "GET /xingrg/javascript/easyui/themes/default/validatebox.css HTTP/1.1" 404 1104
114.85.36.201 - - [27/Apr/2024:12:30:56 +0800] "POST /xingrg/kc/buy/cgsh_order_operate.html HTTP/1.1" 200 37
116.238.97.31 - - [27/Apr/2024:12:30:59 +0800] "POST /xingrg/dwr/call/plaincall/AjaxYddbService.saveOrder.dwr HTTP/1.1" 200 78
116.238.97.31 - - [27/Apr/2024:12:31:02 +0800] "POST /xingrg/dwr/call/plaincall/AjaxComOrderService.getMaterielSearchList.dwr HTTP/1.1" 200 76
114.83.217.54 - - [27/Apr/2024:12:31:02 +0800] "GET /xingrg/kc/buy/cgsh_order_operate.html?command=get_materiel&rest_code=00149&code=00101004103&supplier_code=00100312&order_time=2024-04-27 HTTP/1.1" 200 413
116.238.97.31 - - [27/Apr/2024:12:31:03 +0800] "GET /xingrg/kc/buy/cgsh_order_operate.html?command=get_materiel&rest_code=00102&code=00101006129&supplier_code=00100151&order_time=2024-04-27 HTTP/1.1" 200 441
114.85.36.201 - - [27/Apr/2024:12:31:03 +0800] "GET /xingrg/all/function/internal_message.html?_=1714190655897&CODE_STATE=getMsg HTTP/1.1" 200 27
116.238.97.31 - - [27/Apr/2024:12:31:04 +0800] "POST /xingrg/dwr/call/plaincall/AjaxComOrderService.getMaterielSearchList.dwr HTTP/1.1" 200 2006
114.85.36.201 - - [27/Apr/2024:12:31:04 +0800] "POST /xingrg/kc/buy/cgsh_order_operate.html HTTP/1.1" 200 15675
180.164.6.225 - - [27/Apr/2024:12:31:07 +0800] "GET /xingrg/all/function/internal_message.html?_=1714192266160&CODE_STATE=getMsg HTTP/1.1" 200 27
116.238.97.31 - - [27/Apr/2024:12:31:08 +0800] "POST /xingrg/dwr/call/plaincall/AjaxYddbService.getMaterielByMap.dwr HTTP/1.1" 200 2778
124.78.56.241 - - [27/Apr/2024:12:31:08 +0800] "GET /xingrg/all/function/internal_message.html?_=1714192268859&CODE_STATE=getMsg HTTP/1.1" 200 27
222.69.133.110 - - [27/Apr/2024:12:31:11 +0800] "GET /xingrg/all/function/internal_message.html?_=1714192271545&CODE_STATE=getMsg HTTP/1.1" 200 27
116.238.97.31 - - [27/Apr/2024:12:31:12 +0800] "POST /xingrg/dwr/call/plaincall/AjaxYddbService.saveMaterielItem.dwr HTTP/1.1" 200 78
116.238.97.31 - - [27/Apr/2024:12:31:14 +0800] "POST /xingrg/dwr/call/plaincall/AjaxComOrderService.getMaterielSearchList.dwr HTTP/1.1" 200 424
116.238.97.31 - - [27/Apr/2024:12:31:16 +0800] "POST /xingrg/dwr/call/plaincall/AjaxYddbService.getMaterielByMap.dwr HTTP/1.1" 200 2798
114.83.217.54 - - [27/Apr/2024:12:31:18 +0800] "GET /xingrg/kc/buy/cgsh_order_operate.html?command=get_materiel&rest_code=00149&code=00101004038&supplier_code=00100312&order_time=2024-04-27 HTTP/1.1" 200 409
116.238.97.31 - - [27/Apr/2024:12:31:20 +0800] "GET /xingrg/kc/buy/cgsh_order_operate.html?command=get_materiel&rest_code=00102&code=00101007030&supplier_code=00100151&order_time=2024-04-27 HTTP/1.1" 200 413
116.238.97.31 - - [27/Apr/2024:12:31:20 +0800] "GET /xingrg/images/yd/bt.gif HTTP/1.1" 404 1040
116.238.97.31 - - [27/Apr/2024:12:31:21 +0800] "POST /xingrg/dwr/call/plaincall/AjaxYddbService.saveMaterielItem.dwr HTTP/1.1" 200 78
116.238.97.31 - - [27/Apr/2024:12:31:29 +0800] "POST /xingrg/dwr/call/plaincall/AjaxYddbService.checkOrder.dwr HTTP/1.1" 200 78
114.83.217.54 - - [27/Apr/2024:12:31:30 +0800] "POST /xingrg/kc/buy/cgsh_order_operate.html HTTP/1.1" 200 37
116.238.97.31 - - [27/Apr/2024:12:31:32 +0800] "GET /xingrg/all/function/internal_message.html?_=1714192292461&CODE_STATE=getMsg HTTP/1.1" 200 27
116.238.97.31 - - [27/Apr/2024:12:31:32 +0800] "GET /xingrg/kc/base/yddb_order_info.html?code=482024042700171 HTTP/1.1" 200 29833
116.238.97.31 - - [27/Apr/2024:12:31:32 +0800] "GET /xingrg/dwr/interface/AjaxComOrderService.js HTTP/1.1" 200 18264
116.238.97.31 - - [27/Apr/2024:12:31:32 +0800] "GET /xingrg/dwr/interface/AjaxYddbService.js HTTP/1.1" 200 13201
116.238.97.31 - - [27/Apr/2024:12:31:32 +0800] "GET /xingrg/dwr/engine.js HTTP/1.1" 200 43631
116.238.97.31 - - [27/Apr/2024:12:31:34 +0800] "POST /xingrg/dwr/call/plaincall/AjaxYddbService.loadMaterielItems.dwr HTTP/1.1" 200 736
101.83.144.49 - - [27/Apr/2024:12:31:37 +0800] "GET /xingrg/all/function/internal_message.html?_=1714192299540&CODE_STATE=getMsg HTTP/1.1" 200 27
116.232.195.13 - - [27/Apr/2024:12:31:38 +0800] "GET /xingrg/all/function/internal_message.html?_=1714192285256&CODE_STATE=getMsg HTTP/1.1" 200 27
114.83.217.54 - - [27/Apr/2024:12:31:40 +0800] "POST /xingrg/kc/buy/cgsh_order_operate.html HTTP/1.1" 200 12
116.238.97.31 - - [27/Apr/2024:12:31:40 +0800] "GET /xingrg/kc/buy/cgsh_order_operate.html?command=get_materiel&rest_code=00102&code=00101007024&supplier_code=00100151&order_time=2024-04-27 HTTP/1.1" 200 417
114.83.217.54 - - [27/Apr/2024:12:31:43 +0800] "GET /xingrg/kc/buy/cgsh_order_info.html?code=212024042707527 HTTP/1.1" 200 69126
114.83.217.54 - - [27/Apr/2024:12:31:44 +0800] "GET /xingrg/javascript/easyui/themes/default/validatebox.css HTTP/1.1" 404 1104
116.238.97.31 - - [27/Apr/2024:12:31:45 +0800] "GET /xingrg/all/function/internal_message.html?_=1714192334688&CODE_STATE=getMsg HTTP/1.1" 200 27
114.83.217.54 - - [27/Apr/2024:12:31:45 +0800] "POST /xingrg/kc/buy/cgsh_order_operate.html HTTP/1.1" 200 1203
114.83.217.54 - - [27/Apr/2024:12:31:47 +0800] "GET /xingrg/kc/print/load_data.html?order_code=212024042707527&kc_code=cgsh&condition= HTTP/1.1" 200 941
180.163.28.180 - - [27/Apr/2024:12:31:48 +0800] "GET /xingrg/all/function/internal_message.html?_=1714192241503&CODE_STATE=getMsg HTTP/1.1" 302 -
180.163.28.180 - - [27/Apr/2024:12:31:48 +0800] "GET /xingrg/login.html HTTP/1.1" 200 7641
116.237.73.135 - - [27/Apr/2024:12:31:48 +0800] "GET /xingrg/all/function/internal_message.html?_=1714192301477&CODE_STATE=getMsg HTTP/1.1" 200 27
114.83.217.54 - - [27/Apr/2024:12:31:53 +0800] "GET /xingrg/kc/buy/cgsh_order_add.html HTTP/1.1" 200 74251
114.83.217.54 - - [27/Apr/2024:12:31:53 +0800] "POST /xingrg/kc/buy/cgsh_order_operate.html HTTP/1.1" 200 8245
114.83.217.54 - - [27/Apr/2024:12:31:54 +0800] "GET /xingrg/javascript/easyui/themes/default/validatebox.css HTTP/1.1" 404 1104
221.239.168.119 - - [27/Apr/2024:12:31:57 +0800] "GET /xingrg/kc/buy/cgsh_order_operate.html?command=get_materiel&rest_code=00145&code=00101009049&supplier_code=00100589&order_time=2024-04-15 HTTP/1.1" 200 416
114.85.36.201 - - [27/Apr/2024:12:32:03 +0800] "GET /xingrg/all/function/internal_message.html?_=1714190715901&CODE_STATE=getMsg HTTP/1.1" 200 27
114.83.217.54 - - [27/Apr/2024:12:32:04 +0800] "GET /xingrg/kc/buy/cgsh_order_operate.html?command=get_materiel&rest_code=00149&code=00101001060&supplier_code=00100442&order_time=2024-04-27 HTTP/1.1" 200 421
101.83.144.49 - - [27/Apr/2024:12:32:06 +0800] "GET /xingrg/check_reg.html?_=1714192328602 HTTP/1.1" 200 22
180.164.6.225 - - [27/Apr/2024:12:32:07 +0800] "GET /xingrg/all/function/internal_message.html?_=1714192326150&CODE_STATE=getMsg HTTP/1.1" 200 27
124.78.56.241 - - [27/Apr/2024:12:32:08 +0800] "GET /xingrg/all/function/internal_message.html?_=1714192328862&CODE_STATE=getMsg HTTP/1.1" 200 27
180.164.6.225 - - [27/Apr/2024:12:32:09 +0800] "GET /xingrg/check_reg.html?_=1714192328490 HTTP/1.1" 200 22
222.69.133.110 - - [27/Apr/2024:12:32:11 +0800] "GET /xingrg/all/function/internal_message.html?_=1714192331535&CODE_STATE=getMsg HTTP/1.1" 200 27
114.83.217.54 - - [27/Apr/2024:12:32:21 +0800] "GET /xingrg/kc/buy/cgsh_order_operate.html?command=get_materiel&rest_code=00149&code=00101002047&supplier_code=00100442&order_time=2024-04-27 HTTP/1.1" 200 419
180.169.147.146 - - [27/Apr/2024:12:32:22 +0800] "GET /xingrg/check_reg.html?_=1714192331112 HTTP/1.1" 200 22
116.238.97.31 - - [27/Apr/2024:12:32:24 +0800] "GET /xingrg/kc/buy/cgsh_order_operate.html?command=get_materiel&rest_code=00102&code=00101006130&supplier_code=00100151&order_time=2024-04-27 HTTP/1.1" 200 437
221.239.168.119 - - [27/Apr/2024:12:32:25 +0800] "GET /xingrg/kc/buy/cgsh_order_operate.html?command=get_materiel&rest_code=00145&code=00101009010&supplier_code=00100589&order_time=2024-04-15 HTTP/1.1" 200 416
114.83.217.54 - - [27/Apr/2024:12:32:31 +0800] "POST /xingrg/kc/buy/cgsh_order_operate.html HTTP/1.1" 200 37
116.238.97.31 - - [27/Apr/2024:12:32:32 +0800] "GET /xingrg/all/function/internal_message.html?_=1714192352504&CODE_STATE=getMsg HTTP/1.1" 200 27
116.238.97.31 - - [27/Apr/2024:12:32:32 +0800] "GET /xingrg/check_reg.html?_=1714192352569 HTTP/1.1" 200 22
101.83.144.49 - - [27/Apr/2024:12:32:37 +0800] "GET /xingrg/all/function/internal_message.html?_=1714192359508&CODE_STATE=getMsg HTTP/1.1" 200 27
116.232.195.13 - - [27/Apr/2024:12:32:38 +0800] "GET /xingrg/all/function/internal_message.html?_=1714192345244&CODE_STATE=getMsg HTTP/1.1" 200 27
116.238.97.31 - - [27/Apr/2024:12:32:45 +0800] "GET /xingrg/all/function/internal_message.html?_=1714192394673&CODE_STATE=getMsg HTTP/1.1" 200 27
221.239.168.119 - - [27/Apr/2024:12:32:46 +0800] "POST /xingrg/kc/buy/cgsh_order_operate.html HTTP/1.1" 200 37
116.237.73.135 - - [27/Apr/2024:12:32:48 +0800] "GET /xingrg/all/function/internal_message.html?_=1714192361450&CODE_STATE=getMsg HTTP/1.1" 200 27
180.163.30.85 - - [27/Apr/2024:12:32:48 +0800] "GET /xingrg/all/function/internal_message.html?_=1714192301477&CODE_STATE=getMsg HTTP/1.1" 302 -
116.238.97.31 - - [27/Apr/2024:12:32:48 +0800] "GET /xingrg/kc/buy/cgsh_order_operate.html?command=get_materiel&rest_code=00102&code=00101023022&supplier_code=00100151&order_time=2024-04-27 HTTP/1.1" 200 406
114.83.217.54 - - [27/Apr/2024:12:32:48 +0800] "POST /xingrg/kc/buy/cgsh_order_operate.html HTTP/1.1" 200 12
221.239.168.119 - - [27/Apr/2024:12:32:48 +0800] "POST /xingrg/kc/buy/cgsh_order_operate.html HTTP/1.1" 200 5656
180.163.30.85 - - [27/Apr/2024:12:32:49 +0800] "GET /xingrg/login.html HTTP/1.1" 200 7641
116.237.73.135 - - [27/Apr/2024:12:32:49 +0800] "GET /xingrg/check_reg.html?_=1714192362391 HTTP/1.1" 200 22
114.83.217.54 - - [27/Apr/2024:12:32:53 +0800] "GET /xingrg/kc/buy/cgsh_order_info.html?code=212024042707528 HTTP/1.1" 200 69124
114.83.217.54 - - [27/Apr/2024:12:32:53 +0800] "GET /xingrg/javascript/easyui/themes/default/validatebox.css HTTP/1.1" 404 1104
114.83.217.54 - - [27/Apr/2024:12:32:54 +0800] "POST /xingrg/kc/buy/cgsh_order_operate.html HTTP/1.1" 200 1212
114.83.217.54 - - [27/Apr/2024:12:32:56 +0800] "GET /xingrg/kc/print/load_data.html?order_code=212024042707528&kc_code=cgsh&condition= HTTP/1.1" 200 947
114.83.217.54 - - [27/Apr/2024:12:33:01 +0800] "GET /xingrg/kc/buy/cgsh_order_add.html HTTP/1.1" 200 74251
114.83.217.54 - - [27/Apr/2024:12:33:02 +0800] "POST /xingrg/kc/buy/cgsh_order_operate.html HTTP/1.1" 200 8245
114.83.217.54 - - [27/Apr/2024:12:33:02 +0800] "GET /xingrg/javascript/easyui/themes/default/validatebox.css HTTP/1.1" 404 1104
114.85.36.201 - - [27/Apr/2024:12:33:03 +0800] "GET /xingrg/all/function/internal_message.html?_=1714190775910&CODE_STATE=getMsg HTTP/1.1" 200 27
180.164.6.225 - - [27/Apr/2024:12:33:07 +0800] "GET /xingrg/all/function/internal_message.html?_=1714192386136&CODE_STATE=getMsg HTTP/1.1" 200 27
124.78.56.241 - - [27/Apr/2024:12:33:08 +0800] "GET /xingrg/all/function/internal_message.html?_=1714192388857&CODE_STATE=getMsg HTTP/1.1" 200 27
124.78.56.241 - - [27/Apr/2024:12:33:08 +0800] "GET /xingrg/check_reg.html?_=1714192388863 HTTP/1.1" 200 22
222.69.133.110 - - [27/Apr/2024:12:33:11 +0800] "GET /xingrg/all/function/internal_message.html?_=1714192391545&CODE_STATE=getMsg HTTP/1.1" 200 27
114.83.217.54 - - [27/Apr/2024:12:33:16 +0800] "GET /xingrg/kc/buy/cgsh_order_operate.html?command=get_materiel&rest_code=00149&code=00101005036&supplier_code=00100334&order_time=2024-04-27 HTTP/1.1" 200 409
221.239.168.119 - - [27/Apr/2024:12:33:22 +0800] "POST /xingrg/kc/buy/cgsh_list_operate.html HTTP/1.1" 200 3428
180.169.147.146 - - [27/Apr/2024:12:33:29 +0800] "GET /xingrg/check_reg.html?_=1714192398063 HTTP/1.1" 200 22
116.238.97.31 - - [27/Apr/2024:12:33:32 +0800] "GET /xingrg/all/function/internal_message.html?_=1714192412492&CODE_STATE=getMsg HTTP/1.1" 200 27
114.83.217.54 - - [27/Apr/2024:12:33:34 +0800] "POST /xingrg/kc/buy/cgsh_order_operate.html HTTP/1.1" 200 37
114.83.217.54 - - [27/Apr/2024:12:33:35 +0800] "GET /xingrg/check_reg.html?_=1714192413468 HTTP/1.1" 200 22
221.239.168.119 - - [27/Apr/2024:12:33:37 +0800] "POST /xingrg/kc/buy/cgsh_list_operate.html HTTP/1.1" 200 472
101.83.144.49 - - [27/Apr/2024:12:33:37 +0800] "GET /xingrg/all/function/internal_message.html?_=1714192419479&CODE_STATE=getMsg HTTP/1.1" 200 27
116.232.195.13 - - [27/Apr/2024:12:33:38 +0800] "GET /xingrg/all/function/internal_message.html?_=1714192405251&CODE_STATE=getMsg HTTP/1.1" 200 27
116.232.195.13 - - [27/Apr/2024:12:33:38 +0800] "GET /xingrg/check_reg.html?_=1714192405253 HTTP/1.1" 200 22
221.239.168.119 - - [27/Apr/2024:12:33:40 +0800] "GET /xingrg/kc/buy/cgsh_order_info.html?code=212024042005596 HTTP/1.1" 200 73335
221.239.168.119 - - [27/Apr/2024:12:33:41 +0800] "GET /xingrg/javascript/easyui/themes/default/validatebox.css HTTP/1.1" 404 1104
221.239.168.119 - - [27/Apr/2024:12:33:42 +0800] "POST /xingrg/kc/buy/cgsh_order_operate.html HTTP/1.1" 200 4544
116.238.97.31 - - [27/Apr/2024:12:33:45 +0800] "GET /xingrg/all/function/internal_message.html?_=1714192454657&CODE_STATE=getMsg HTTP/1.1" 200 27
114.83.217.54 - - [27/Apr/2024:12:33:46 +0800] "POST /xingrg/kc/buy/cgsh_order_operate.html HTTP/1.1" 200 12
116.237.73.135 - - [27/Apr/2024:12:33:48 +0800] "GET /xingrg/all/function/internal_message.html?_=1714192421425&CODE_STATE=getMsg HTTP/1.1" 200 27
180.163.29.212 - - [27/Apr/2024:12:33:49 +0800] "GET /xingrg/check_reg.html?_=1714192362391 HTTP/1.1" 302 -
114.83.217.54 - - [27/Apr/2024:12:33:50 +0800] "GET /xingrg/kc/buy/cgsh_order_info.html?code=212024042707529 HTTP/1.1" 200 69126
114.83.217.54 - - [27/Apr/2024:12:33:50 +0800] "GET /xingrg/javascript/easyui/themes/default/validatebox.css HTTP/1.1" 404 1104
180.163.29.212 - - [27/Apr/2024:12:33:51 +0800] "GET /xingrg/login.html HTTP/1.1" 200 7641
114.83.217.54 - - [27/Apr/2024:12:33:51 +0800] "POST /xingrg/kc/buy/cgsh_order_operate.html HTTP/1.1" 200 603
114.83.217.54 - - [27/Apr/2024:12:33:57 +0800] "GET /xingrg/kc/print/load_data.html?order_code=212024042707529&kc_code=cgsh&condition= HTTP/1.1" 200 713
221.239.168.119 - - [27/Apr/2024:12:33:58 +0800] "GET /xingrg/kc/buy/cgsh_order_operate.html?command=get_materiel&rest_code=00145&code=00101028061&supplier_code=00100585&order_time=2024-04-14 HTTP/1.1" 200 438
114.83.217.54 - - [27/Apr/2024:12:34:02 +0800] "GET /xingrg/kc/buy/cgsh_order_add.html HTTP/1.1" 200 74251
114.83.217.54 - - [27/Apr/2024:12:34:02 +0800] "POST /xingrg/kc/buy/cgsh_order_operate.html HTTP/1.1" 200 8245
114.83.217.54 - - [27/Apr/2024:12:34:02 +0800] "GET /xingrg/javascript/easyui/themes/default/validatebox.css HTTP/1.1" 404 1104
114.85.36.201 - - [27/Apr/2024:12:34:03 +0800] "GET /xingrg/check_reg.html?_=1714190835910 HTTP/1.1" 200 22
114.85.36.201 - - [27/Apr/2024:12:34:03 +0800] "GET /xingrg/all/function/internal_message.html?_=1714190835913&CODE_STATE=getMsg HTTP/1.1" 200 27
221.239.168.119 - - [27/Apr/2024:12:34:03 +0800] "GET /xingrg/check_reg.html?_=1714192440633 HTTP/1.1" 200 22
180.164.6.225 - - [27/Apr/2024:12:34:07 +0800] "GET /xingrg/all/function/internal_message.html?_=1714192446125&CODE_STATE=getMsg HTTP/1.1" 200 27
124.78.56.241 - - [27/Apr/2024:12:34:08 +0800] "GET /xingrg/all/function/internal_message.html?_=1714192448858&CODE_STATE=getMsg HTTP/1.1" 200 27
222.69.133.110 - - [27/Apr/2024:12:34:11 +0800] "GET /xingrg/check_reg.html?_=1714192451536 HTTP/1.1" 200 22
222.69.133.110 - - [27/Apr/2024:12:34:11 +0800] "GET /xingrg/all/function/internal_message.html?_=1714192451539&CODE_STATE=getMsg HTTP/1.1" 200 27
114.83.217.54 - - [27/Apr/2024:12:34:12 +0800] "GET /xingrg/kc/buy/cgsh_order_operate.html?command=get_materiel&rest_code=00149&code=00101001037&supplier_code=00100668&order_time=2024-04-27 HTTP/1.1" 200 416
116.238.97.31 - - [27/Apr/2024:12:34:32 +0800] "GET /xingrg/all/function/internal_message.html?_=1714192472473&CODE_STATE=getMsg HTTP/1.1" 200 27
221.239.168.119 - - [27/Apr/2024:12:34:33 +0800] "POST /xingrg/kc/buy/cgsh_order_operate.html HTTP/1.1" 200 37
114.83.217.54 - - [27/Apr/2024:12:34:35 +0800] "GET /xingrg/kc/buy/cgsh_order_operate.html?command=get_materiel&rest_code=00149&code=00101001140&supplier_code=00100668&order_time=2024-04-27 HTTP/1.1" 200 417
101.83.144.49 - - [27/Apr/2024:12:34:37 +0800] "GET /xingrg/all/function/internal_message.html?_=1714192479452&CODE_STATE=getMsg HTTP/1.1" 200 27
116.232.195.13 - - [27/Apr/2024:12:34:38 +0800] "GET /xingrg/all/function/internal_message.html?_=1714192465254&CODE_STATE=getMsg HTTP/1.1" 200 27
221.239.168.119 - - [27/Apr/2024:12:34:42 +0800] "POST /xingrg/kc/buy/cgsh_order_operate.html HTTP/1.1" 200 5167
116.238.97.31 - - [27/Apr/2024:12:34:45 +0800] "GET /xingrg/all/function/internal_message.html?_=1714192514642&CODE_STATE=getMsg HTTP/1.1" 200 27
116.237.73.135 - - [27/Apr/2024:12:34:48 +0800] "GET /xingrg/all/function/internal_message.html?_=1714192481396&CODE_STATE=getMsg HTTP/1.1" 200 27
114.83.217.54 - - [27/Apr/2024:12:34:49 +0800] "POST /xingrg/kc/buy/cgsh_order_operate.html HTTP/1.1" 200 37
114.89.221.75 - - [27/Apr/2024:12:34:58 +0800] "GET /xingrg/check_reg.html?_=1714192503024 HTTP/1.1" 200 22
114.83.217.54 - - [27/Apr/2024:12:34:59 +0800] "POST /xingrg/kc/buy/cgsh_order_operate.html HTTP/1.1" 200 12
114.85.36.201 - - [27/Apr/2024:12:35:03 +0800] "GET /xingrg/all/function/internal_message.html?_=1714190895910&CODE_STATE=getMsg HTTP/1.1" 200 27
116.238.97.31 - - [27/Apr/2024:12:35:04 +0800] "POST /xingrg/kc/buy/cgsh_order_operate.html HTTP/1.1" 200 37
114.83.217.54 - - [27/Apr/2024:12:35:05 +0800] "GET /xingrg/kc/buy/cgsh_order_info.html?code=212024042707530 HTTP/1.1" 200 69128
114.83.217.54 - - [27/Apr/2024:12:35:06 +0800] "GET /xingrg/javascript/easyui/themes/default/validatebox.css HTTP/1.1" 404 1104
180.164.6.225 - - [27/Apr/2024:12:35:07 +0800] "GET /xingrg/all/function/internal_message.html?_=1714192506111&CODE_STATE=getMsg HTTP/1.1" 200 27
114.83.217.54 - - [27/Apr/2024:12:35:07 +0800] "POST /xingrg/kc/buy/cgsh_order_operate.html HTTP/1.1" 200 1214
124.78.56.241 - - [27/Apr/2024:12:35:08 +0800] "GET /xingrg/all/function/internal_message.html?_=1714192508852&CODE_STATE=getMsg HTTP/1.1" 200 27
114.83.217.54 - - [27/Apr/2024:12:35:10 +0800] "GET /xingrg/kc/print/load_data.html?order_code=212024042707530&kc_code=cgsh&condition= HTTP/1.1" 200 944
222.69.133.110 - - [27/Apr/2024:12:35:11 +0800] "GET /xingrg/all/function/internal_message.html?_=1714192511549&CODE_STATE=getMsg HTTP/1.1" 200 27
114.83.217.54 - - [27/Apr/2024:12:35:15 +0800] "GET /xingrg/kc/buy/cgsh_order_add.html HTTP/1.1" 200 74251
114.83.217.54 - - [27/Apr/2024:12:35:16 +0800] "POST /xingrg/kc/buy/cgsh_order_operate.html HTTP/1.1" 200 8245
114.83.217.54 - - [27/Apr/2024:12:35:16 +0800] "GET /xingrg/javascript/easyui/themes/default/validatebox.css HTTP/1.1" 404 1104
116.238.97.31 - - [27/Apr/2024:12:35:19 +0800] "POST /xingrg/kc/buy/cgsh_order_operate.html HTTP/1.1" 200 12
116.238.97.31 - - [27/Apr/2024:12:35:22 +0800] "GET /xingrg/kc/buy/cgsh_order_info.html?code=212024042707531 HTTP/1.1" 200 69057
116.238.97.31 - - [27/Apr/2024:12:35:22 +0800] "GET /xingrg/javascript/easyui/themes/default/validatebox.css HTTP/1.1" 404 1104
116.238.97.31 - - [27/Apr/2024:12:35:24 +0800] "POST /xingrg/kc/buy/cgsh_order_operate.html HTTP/1.1" 200 4245
114.83.217.54 - - [27/Apr/2024:12:35:27 +0800] "GET /xingrg/kc/buy/cgsh_order_operate.html?command=get_materiel&rest_code=00149&code=00101004011&supplier_code=00100090&order_time=2024-04-27 HTTP/1.1" 200 415
221.239.168.119 - - [27/Apr/2024:12:35:28 +0800] "POST /xingrg/kc/buy/cgsh_list_operate.html HTTP/1.1" 200 3429
116.238.97.31 - - [27/Apr/2024:12:35:28 +0800] "GET /xingrg/kc/print/load_data.html?order_code=212024042707531&kc_code=cgsh&condition= HTTP/1.1" 200 2105
116.238.97.31 - - [27/Apr/2024:12:35:32 +0800] "GET /xingrg/all/function/internal_message.html?_=1714192532446&CODE_STATE=getMsg HTTP/1.1" 200 27
221.239.168.119 - - [27/Apr/2024:12:35:34 +0800] "POST /xingrg/kc/buy/cgsh_list_operate.html HTTP/1.1" 200 417
101.83.144.49 - - [27/Apr/2024:12:35:37 +0800] "GET /xingrg/all/function/internal_message.html?_=1714192539434&CODE_STATE=getMsg HTTP/1.1" 200 27
114.83.217.54 - - [27/Apr/2024:12:35:38 +0800] "GET /xingrg/kc/buy/cgsh_order_operate.html?command=get_materiel&rest_code=00149&code=00101004101&supplier_code=00100090&order_time=2024-04-27 HTTP/1.1" 200 413
116.232.195.13 - - [27/Apr/2024:12:35:38 +0800] "GET /xingrg/all/function/internal_message.html?_=1714192525249&CODE_STATE=getMsg HTTP/1.1" 200 27
116.232.195.13 - - [27/Apr/2024:12:35:40 +0800] "GET /xingrg/kc/buy/cgsh_order_add.html HTTP/1.1" 200 74245
116.232.195.13 - - [27/Apr/2024:12:35:40 +0800] "POST /xingrg/kc/buy/cgsh_order_operate.html HTTP/1.1" 200 8245
116.232.195.13 - - [27/Apr/2024:12:35:40 +0800] "GET /xingrg/javascript/easyui/themes/default/validatebox.css HTTP/1.1" 404 1104
221.239.168.119 - - [27/Apr/2024:12:35:44 +0800] "GET /xingrg/kc/buy/cgsh_order_info.html?code=212024042005592 HTTP/1.1" 200 73332
221.239.168.119 - - [27/Apr/2024:12:35:45 +0800] "GET /xingrg/javascript/easyui/themes/default/validatebox.css HTTP/1.1" 404 1104
116.238.97.31 - - [27/Apr/2024:12:35:45 +0800] "GET /xingrg/all/function/internal_message.html?_=1714192574629&CODE_STATE=getMsg HTTP/1.1" 200 27
116.238.97.31 - - [27/Apr/2024:12:35:45 +0800] "GET /xingrg/check_reg.html?_=1714192574991 HTTP/1.1" 200 22
221.239.168.119 - - [27/Apr/2024:12:35:46 +0800] "POST /xingrg/kc/buy/cgsh_order_operate.html HTTP/1.1" 200 4425
116.237.73.135 - - [27/Apr/2024:12:35:48 +0800] "GET /xingrg/all/function/internal_message.html?_=1714192541366&CODE_STATE=getMsg HTTP/1.1" 200 27
114.83.217.54 - - [27/Apr/2024:12:35:49 +0800] "POST /xingrg/kc/buy/cgsh_order_operate.html HTTP/1.1" 200 37
114.83.217.54 - - [27/Apr/2024:12:35:56 +0800] "POST /xingrg/kc/buy/cgsh_order_operate.html HTTP/1.1" 200 12
114.83.217.54 - - [27/Apr/2024:12:35:58 +0800] "GET /xingrg/kc/buy/cgsh_order_info.html?code=212024042707532 HTTP/1.1" 200 69126
114.83.217.54 - - [27/Apr/2024:12:36:00 +0800] "GET /xingrg/javascript/easyui/themes/default/validatebox.css HTTP/1.1" 404 1104
114.83.217.54 - - [27/Apr/2024:12:36:01 +0800] "POST /xingrg/kc/buy/cgsh_order_operate.html HTTP/1.1" 200 1207
114.83.217.54 - - [27/Apr/2024:12:36:02 +0800] "GET /xingrg/kc/print/load_data.html?order_code=212024042707532&kc_code=cgsh&condition= HTTP/1.1" 200 1010
114.85.36.201 - - [27/Apr/2024:12:36:03 +0800] "GET /xingrg/all/function/internal_message.html?_=1714190955905&CODE_STATE=getMsg HTTP/1.1" 200 27
221.239.168.119 - - [27/Apr/2024:12:36:05 +0800] "GET /xingrg/kc/buy/cgsh_order_operate.html?command=get_materiel&rest_code=00145&code=00101006201&supplier_code=00100176&order_time=2024-04-14 HTTP/1.1" 200 405
180.164.6.225 - - [27/Apr/2024:12:36:07 +0800] "GET /xingrg/all/function/internal_message.html?_=1714192566095&CODE_STATE=getMsg HTTP/1.1" 200 27
114.83.217.54 - - [27/Apr/2024:12:36:07 +0800] "GET /xingrg/kc/buy/cgsh_order_add.html HTTP/1.1" 200 74251
114.83.217.54 - - [27/Apr/2024:12:36:07 +0800] "POST /xingrg/kc/buy/cgsh_order_operate.html HTTP/1.1" 200 8245
114.83.217.54 - - [27/Apr/2024:12:36:07 +0800] "GET /xingrg/javascript/easyui/themes/default/validatebox.css HTTP/1.1" 404 1104
124.78.56.241 - - [27/Apr/2024:12:36:08 +0800] "GET /xingrg/all/function/internal_message.html?_=1714192568857&CODE_STATE=getMsg HTTP/1.1" 200 27
101.83.144.49 - - [27/Apr/2024:12:36:09 +0800] "GET /xingrg/kc/buy/cgsh_order_list.html HTTP/1.1" 200 58350
101.83.144.49 - - [27/Apr/2024:12:36:09 +0800] "GET /xingrg/javascript/jquery_tools/list_manager.js HTTP/1.1" 200 3652
101.83.144.49 - - [27/Apr/2024:12:36:09 +0800] "GET /xingrg/images/control/ajaxLoader.gif HTTP/1.1" 200 4659
101.83.144.49 - - [27/Apr/2024:12:36:09 +0800] "GET /xingrg/javascript/easyui/themes/icons/import_new.png HTTP/1.1" 200 1247
101.83.144.49 - - [27/Apr/2024:12:36:09 +0800] "GET /xingrg/javascript/easyui/themes/icons/edit_add_new.png HTTP/1.1" 200 2997
101.83.144.49 - - [27/Apr/2024:12:36:09 +0800] "GET /xingrg/javascript/easyui/themes/icons/cance_new.png HTTP/1.1" 200 3986
101.83.144.49 - - [27/Apr/2024:12:36:09 +0800] "GET /xingrg/javascript/easyui/themes/icons/field_new.png HTTP/1.1" 200 1097
101.83.144.49 - - [27/Apr/2024:12:36:09 +0800] "GET /xingrg/javascript/easyui/themes/icons/check_new.png HTTP/1.1" 200 3224
222.69.133.110 - - [27/Apr/2024:12:36:11 +0800] "GET /xingrg/all/function/internal_message.html?_=1714192571538&CODE_STATE=getMsg HTTP/1.1" 200 27
114.83.217.54 - - [27/Apr/2024:12:36:20 +0800] "GET /xingrg/kc/buy/cgsh_order_operate.html?command=get_materiel&rest_code=00149&code=00101008145&supplier_code=00100327&order_time=2024-04-27 HTTP/1.1" 200 417
221.239.168.119 - - [27/Apr/2024:12:36:28 +0800] "GET /xingrg/kc/buy/cgsh_order_operate.html?command=get_materiel&rest_code=00145&code=00101006122&supplier_code=00100176&order_time=2024-04-14 HTTP/1.1" 200 408
116.238.97.31 - - [27/Apr/2024:12:36:32 +0800] "GET /xingrg/all/function/internal_message.html?_=1714192592425&CODE_STATE=getMsg HTTP/1.1" 200 27
114.83.217.54 - - [27/Apr/2024:12:36:34 +0800] "POST /xingrg/kc/buy/cgsh_order_operate.html HTTP/1.1" 200 37
101.83.144.49 - - [27/Apr/2024:12:36:37 +0800] "GET /xingrg/all/function/internal_message.html?_=1714192599447&CODE_STATE=getMsg HTTP/1.1" 200 27
116.232.195.13 - - [27/Apr/2024:12:36:38 +0800] "GET /xingrg/all/function/internal_message.html?_=1714192585274&CODE_STATE=getMsg HTTP/1.1" 200 27
114.83.217.54 - - [27/Apr/2024:12:36:43 +0800] "POST /xingrg/kc/buy/cgsh_order_operate.html HTTP/1.1" 200 12
116.238.97.31 - - [27/Apr/2024:12:36:45 +0800] "GET /xingrg/all/function/internal_message.html?_=1714192634600&CODE_STATE=getMsg HTTP/1.1" 200 27
116.237.73.135 - - [27/Apr/2024:12:36:48 +0800] "GET /xingrg/all/function/internal_message.html?_=1714192601340&CODE_STATE=getMsg HTTP/1.1" 200 27
114.83.217.54 - - [27/Apr/2024:12:36:50 +0800] "GET /xingrg/kc/buy/cgsh_order_info.html?code=212024042707533 HTTP/1.1" 200 69122
114.83.217.54 - - [27/Apr/2024:12:36:51 +0800] "GET /xingrg/javascript/easyui/themes/default/validatebox.css HTTP/1.1" 404 1104
114.83.217.54 - - [27/Apr/2024:12:36:52 +0800] "POST /xingrg/kc/buy/cgsh_order_operate.html HTTP/1.1" 200 612
114.83.217.54 - - [27/Apr/2024:12:36:54 +0800] "GET /xingrg/kc/print/load_data.html?order_code=212024042707533&kc_code=cgsh&condition= HTTP/1.1" 200 704
222.70.183.82 - - [27/Apr/2024:12:36:58 +0800] "GET /xingrg/login.html HTTP/1.1" 200 7641
114.83.217.54 - - [27/Apr/2024:12:37:00 +0800] "GET /xingrg/kc/buy/cgsh_order_add.html HTTP/1.1" 200 74251
114.83.217.54 - - [27/Apr/2024:12:37:00 +0800] "POST /xingrg/kc/buy/cgsh_order_operate.html HTTP/1.1" 200 8245
114.83.217.54 - - [27/Apr/2024:12:37:00 +0800] "GET /xingrg/javascript/easyui/themes/default/validatebox.css HTTP/1.1" 404 1104
114.85.36.201 - - [27/Apr/2024:12:37:03 +0800] "GET /xingrg/all/function/internal_message.html?_=1714191015905&CODE_STATE=getMsg HTTP/1.1" 200 27
101.83.144.49 - - [27/Apr/2024:12:37:06 +0800] "GET /xingrg/check_reg.html?_=1714192628609 HTTP/1.1" 200 22
180.164.6.225 - - [27/Apr/2024:12:37:07 +0800] "GET /xingrg/all/function/internal_message.html?_=1714192626080&CODE_STATE=getMsg HTTP/1.1" 200 27
124.78.56.241 - - [27/Apr/2024:12:37:08 +0800] "GET /xingrg/all/function/internal_message.html?_=1714192628859&CODE_STATE=getMsg HTTP/1.1" 200 27
180.164.6.225 - - [27/Apr/2024:12:37:09 +0800] "GET /xingrg/check_reg.html?_=1714192628491 HTTP/1.1" 200 22
222.69.133.110 - - [27/Apr/2024:12:37:11 +0800] "GET /xingrg/all/function/internal_message.html?_=1714192631542&CODE_STATE=getMsg HTTP/1.1" 200 27
221.239.168.119 - - [27/Apr/2024:12:37:13 +0800] "POST /xingrg/kc/buy/cgsh_order_operate.html HTTP/1.1" 200 37
114.83.217.54 - - [27/Apr/2024:12:37:15 +0800] "GET /xingrg/kc/buy/cgsh_order_operate.html?command=get_materiel&rest_code=00149&code=00101006084&supplier_code=00100505&order_time=2024-04-27 HTTP/1.1" 200 415
101.83.144.49 - - [27/Apr/2024:12:37:17 +0800] "POST /xingrg/kc/buy/cgsh_list_operate.html HTTP/1.1" 200 4121
180.169.147.146 - - [27/Apr/2024:12:37:22 +0800] "GET /xingrg/check_reg.html?_=1714192631113 HTTP/1.1" 200 22
180.163.29.234 - - [27/Apr/2024:12:37:27 +0800] "GET /xingrg/check_reg.html?_=1714190562356 HTTP/1.1" 302 -
180.163.29.234 - - [27/Apr/2024:12:37:27 +0800] "GET /xingrg/login.html HTTP/1.1" 200 7641
116.238.97.31 - - [27/Apr/2024:12:37:32 +0800] "GET /xingrg/all/function/internal_message.html?_=1714192652425&CODE_STATE=getMsg HTTP/1.1" 200 27
116.238.97.31 - - [27/Apr/2024:12:37:32 +0800] "GET /xingrg/check_reg.html?_=1714192652567 HTTP/1.1" 200 22
114.83.217.54 - - [27/Apr/2024:12:37:33 +0800] "POST /xingrg/kc/buy/cgsh_order_operate.html HTTP/1.1" 200 37
221.239.168.119 - - [27/Apr/2024:12:37:33 +0800] "POST /xingrg/kc/buy/cgsh_order_operate.html HTTP/1.1" 200 6198
101.83.144.49 - - [27/Apr/2024:12:37:37 +0800] "GET /xingrg/all/function/internal_message.html?_=1714192659414&CODE_STATE=getMsg HTTP/1.1" 200 27
116.232.195.13 - - [27/Apr/2024:12:37:38 +0800] "GET /xingrg/all/function/internal_message.html?_=1714192645264&CODE_STATE=getMsg HTTP/1.1" 200 27
180.163.29.103 - - [27/Apr/2024:12:37:41 +0800] "GET /xingrg/kc/base/base_main.html HTTP/1.1" 302 -
180.163.29.103 - - [27/Apr/2024:12:37:41 +0800] "GET /xingrg/login.html HTTP/1.1" 200 7641
114.83.217.54 - - [27/Apr/2024:12:37:43 +0800] "POST /xingrg/kc/buy/cgsh_order_operate.html HTTP/1.1" 200 12
116.238.97.31 - - [27/Apr/2024:12:37:45 +0800] "GET /xingrg/all/function/internal_message.html?_=1714192694585&CODE_STATE=getMsg HTTP/1.1" 200 27
114.83.217.54 - - [27/Apr/2024:12:37:46 +0800] "GET /xingrg/kc/buy/cgsh_order_info.html?code=212024042707534 HTTP/1.1" 200 69124
114.83.217.54 - - [27/Apr/2024:12:37:46 +0800] "GET /xingrg/javascript/easyui/themes/default/validatebox.css HTTP/1.1" 404 1104
114.83.217.54 - - [27/Apr/2024:12:37:47 +0800] "POST /xingrg/kc/buy/cgsh_order_operate.html HTTP/1.1" 200 608
180.163.29.219 - - [27/Apr/2024:12:37:48 +0800] "GET /xingrg/all/function/internal_message.html?_=1714192601340&CODE_STATE=getMsg HTTP/1.1" 302 -
116.237.73.135 - - [27/Apr/2024:12:37:48 +0800] "GET /xingrg/all/function/internal_message.html?_=1714192661314&CODE_STATE=getMsg HTTP/1.1" 200 27
180.163.29.219 - - [27/Apr/2024:12:37:48 +0800] "GET /xingrg/all/common/auto_word.html?type=base&rest_code=00106 HTTP/1.1" 302 -
180.163.29.219 - - [27/Apr/2024:12:37:48 +0800] "GET /xingrg/login.html HTTP/1.1" 200 7641
180.163.29.219 - - [27/Apr/2024:12:37:49 +0800] "GET /xingrg/login.html HTTP/1.1" 200 7641
116.237.73.135 - - [27/Apr/2024:12:37:49 +0800] "GET /xingrg/check_reg.html?_=1714192662397 HTTP/1.1" 200 22
114.83.217.54 - - [27/Apr/2024:12:37:49 +0800] "GET /xingrg/kc/print/load_data.html?order_code=212024042707534&kc_code=cgsh&condition= HTTP/1.1" 200 706
114.83.217.54 - - [27/Apr/2024:12:37:54 +0800] "GET /xingrg/kc/buy/cgsh_order_add.html HTTP/1.1" 200 74251
114.83.217.54 - - [27/Apr/2024:12:37:54 +0800] "POST /xingrg/kc/buy/cgsh_order_operate.html HTTP/1.1" 200 8245
114.83.217.54 - - [27/Apr/2024:12:37:54 +0800] "GET /xingrg/javascript/easyui/themes/default/validatebox.css HTTP/1.1" 404 1104
221.239.168.119 - - [27/Apr/2024:12:38:01 +0800] "POST /xingrg/kc/buy/cgsh_list_operate.html HTTP/1.1" 200 3429
114.83.217.54 - - [27/Apr/2024:12:38:02 +0800] "GET /xingrg/kc/buy/cgsh_order_operate.html?command=get_materiel&rest_code=00149&code=00101005022&supplier_code=00100545&order_time=2024-04-27 HTTP/1.1" 200 417
114.85.36.201 - - [27/Apr/2024:12:38:03 +0800] "GET /xingrg/all/function/internal_message.html?_=1714191075906&CODE_STATE=getMsg HTTP/1.1" 200 27
180.164.6.225 - - [27/Apr/2024:12:38:07 +0800] "GET /xingrg/all/function/internal_message.html?_=1714192686070&CODE_STATE=getMsg HTTP/1.1" 200 27
221.239.168.119 - - [27/Apr/2024:12:38:08 +0800] "POST /xingrg/kc/buy/cgsh_list_operate.html HTTP/1.1" 200 562
124.78.56.241 - - [27/Apr/2024:12:38:08 +0800] "GET /xingrg/all/function/internal_message.html?_=1714192688860&CODE_STATE=getMsg HTTP/1.1" 200 27
124.78.56.241 - - [27/Apr/2024:12:38:08 +0800] "GET /xingrg/check_reg.html?_=1714192688863 HTTP/1.1" 200 22
222.69.133.110 - - [27/Apr/2024:12:38:11 +0800] "GET /xingrg/all/function/internal_message.html?_=1714192691541&CODE_STATE=getMsg HTTP/1.1" 200 27
221.239.168.119 - - [27/Apr/2024:12:38:17 +0800] "GET /xingrg/kc/buy/cgsh_order_info.html?code=212024042005592 HTTP/1.1" 200 73332
221.239.168.119 - - [27/Apr/2024:12:38:17 +0800] "GET /xingrg/javascript/easyui/themes/default/validatebox.css HTTP/1.1" 404 1104
114.83.217.54 - - [27/Apr/2024:12:38:19 +0800] "POST /xingrg/kc/buy/cgsh_order_operate.html HTTP/1.1" 200 37
221.239.168.119 - - [27/Apr/2024:12:38:19 +0800] "POST /xingrg/kc/buy/cgsh_order_operate.html HTTP/1.1" 200 6198
180.169.147.146 - - [27/Apr/2024:12:38:29 +0800] "GET /xingrg/check_reg.html?_=1714192698039 HTTP/1.1" 200 22
114.83.217.54 - - [27/Apr/2024:12:38:31 +0800] "POST /xingrg/kc/buy/cgsh_order_operate.html HTTP/1.1" 200 12
116.238.97.31 - - [27/Apr/2024:12:38:32 +0800] "GET /xingrg/all/function/internal_message.html?_=1714192712408&CODE_STATE=getMsg HTTP/1.1" 200 27
114.83.217.54 - - [27/Apr/2024:12:38:35 +0800] "GET /xingrg/check_reg.html?_=1714192713454 HTTP/1.1" 200 22
114.83.217.54 - - [27/Apr/2024:12:38:36 +0800] "GET /xingrg/kc/buy/cgsh_order_info.html?code=212024042707535 HTTP/1.1" 200 69114
114.83.217.54 - - [27/Apr/2024:12:38:37 +0800] "GET /xingrg/javascript/easyui/themes/default/validatebox.css HTTP/1.1" 404 1104
101.83.144.49 - - [27/Apr/2024:12:38:37 +0800] "GET /xingrg/all/function/internal_message.html?_=1714192719375&CODE_STATE=getMsg HTTP/1.1" 200 27
116.232.195.13 - - [27/Apr/2024:12:38:38 +0800] "GET /xingrg/check_reg.html?_=1714192705256 HTTP/1.1" 200 22
116.232.195.13 - - [27/Apr/2024:12:38:38 +0800] "GET /xingrg/all/function/internal_message.html?_=1714192705261&CODE_STATE=getMsg HTTP/1.1" 200 27
114.83.217.54 - - [27/Apr/2024:12:38:38 +0800] "POST /xingrg/kc/buy/cgsh_order_operate.html HTTP/1.1" 200 614
116.238.97.31 - - [27/Apr/2024:12:38:45 +0800] "GET /xingrg/all/function/internal_message.html?_=1714192754571&CODE_STATE=getMsg HTTP/1.1" 200 27
221.239.168.119 - - [27/Apr/2024:12:38:47 +0800] "POST /xingrg/kc/buy/cgsh_list_operate.html HTTP/1.1" 200 3429
180.163.30.27 - - [27/Apr/2024:12:38:48 +0800] "GET /xingrg/all/function/internal_message.html?_=1714192661314&CODE_STATE=getMsg HTTP/1.1" 302 -
116.237.73.135 - - [27/Apr/2024:12:38:48 +0800] "GET /xingrg/all/function/internal_message.html?_=1714192721290&CODE_STATE=getMsg HTTP/1.1" 200 27
180.163.30.27 - - [27/Apr/2024:12:38:48 +0800] "GET /xingrg/login.html HTTP/1.1" 200 7641
180.163.30.100 - - [27/Apr/2024:12:38:49 +0800] "GET /xingrg/check_reg.html?_=1714192662397 HTTP/1.1" 302 -
180.163.30.100 - - [27/Apr/2024:12:38:49 +0800] "GET /xingrg/login.html HTTP/1.1" 200 7641
180.163.29.217 - - [27/Apr/2024:12:38:54 +0800] "GET /xingrg/all/common/auto_word.html?type=base&rest_code=00106&rest_code=00106 HTTP/1.1" 302 -
180.163.29.217 - - [27/Apr/2024:12:38:54 +0800] "GET /xingrg/login.html HTTP/1.1" 200 7641
221.239.168.119 - - [27/Apr/2024:12:38:59 +0800] "POST /xingrg/kc/buy/cgsh_list_operate.html HTTP/1.1" 200 598
114.83.217.54 - - [27/Apr/2024:12:39:03 +0800] "GET /xingrg/kc/print/load_data.html?order_code=212024042707535&kc_code=cgsh&condition= HTTP/1.1" 200 697
221.239.168.119 - - [27/Apr/2024:12:39:03 +0800] "GET /xingrg/kc/buy/cgsh_order_info.html?code=212024042005591 HTTP/1.1" 200 73329
114.85.36.201 - - [27/Apr/2024:12:39:03 +0800] "GET /xingrg/all/function/internal_message.html?_=1714191135907&CODE_STATE=getMsg HTTP/1.1" 200 27
114.85.36.201 - - [27/Apr/2024:12:39:03 +0800] "GET /xingrg/check_reg.html?_=1714191135911 HTTP/1.1" 200 22
221.239.168.119 - - [27/Apr/2024:12:39:03 +0800] "GET /xingrg/check_reg.html?_=1714192740687 HTTP/1.1" 200 22
221.239.168.119 - - [27/Apr/2024:12:39:03 +0800] "GET /xingrg/javascript/easyui/themes/default/validatebox.css HTTP/1.1" 404 1104
221.239.168.119 - - [27/Apr/2024:12:39:04 +0800] "POST /xingrg/kc/buy/cgsh_order_operate.html HTTP/1.1" 200 6267
180.164.6.225 - - [27/Apr/2024:12:39:07 +0800] "GET /xingrg/all/function/internal_message.html?_=1714192746063&CODE_STATE=getMsg HTTP/1.1" 200 27
124.78.56.241 - - [27/Apr/2024:12:39:08 +0800] "GET /xingrg/all/function/internal_message.html?_=1714192748855&CODE_STATE=getMsg HTTP/1.1" 200 27
222.69.133.110 - - [27/Apr/2024:12:39:11 +0800] "GET /xingrg/check_reg.html?_=1714192751547 HTTP/1.1" 200 22
222.69.133.110 - - [27/Apr/2024:12:39:11 +0800] "GET /xingrg/all/function/internal_message.html?_=1714192751551&CODE_STATE=getMsg HTTP/1.1" 200 27
116.238.97.31 - - [27/Apr/2024:12:39:32 +0800] "GET /xingrg/all/function/internal_message.html?_=1714192772380&CODE_STATE=getMsg HTTP/1.1" 200 27
101.83.144.49 - - [27/Apr/2024:12:39:37 +0800] "GET /xingrg/all/function/internal_message.html?_=1714192779342&CODE_STATE=getMsg HTTP/1.1" 200 27
116.232.195.13 - - [27/Apr/2024:12:39:38 +0800] "GET /xingrg/all/function/internal_message.html?_=1714192765263&CODE_STATE=getMsg HTTP/1.1" 200 27
180.169.147.146 - - [27/Apr/2024:12:39:44 +0800] "GET /xingrg/kc/buy/cgsh_order_add.html HTTP/1.1" 200 74210
180.169.147.146 - - [27/Apr/2024:12:39:44 +0800] "GET /xingrg/javascript/easyui/themes/default/validatebox.css HTTP/1.1" 404 1104
180.169.147.146 - - [27/Apr/2024:12:39:44 +0800] "POST /xingrg/kc/buy/cgsh_order_operate.html HTTP/1.1" 200 8245
116.238.97.31 - - [27/Apr/2024:12:39:45 +0800] "GET /xingrg/all/function/internal_message.html?_=1714192814543&CODE_STATE=getMsg HTTP/1.1" 200 27
221.239.168.119 - - [27/Apr/2024:12:39:45 +0800] "GET /xingrg/kc/buy/cgsh_order_operate.html?command=get_materiel&rest_code=00145&code=00101011001&supplier_code=00100047&order_time=2024-04-13 HTTP/1.1" 200 423
116.237.73.135 - - [27/Apr/2024:12:39:48 +0800] "GET /xingrg/all/function/internal_message.html?_=1714192781263&CODE_STATE=getMsg HTTP/1.1" 200 27
180.169.147.146 - - [27/Apr/2024:12:39:56 +0800] "GET /xingrg/kc/buy/cgsh_order_operate.html?command=get_materiel&rest_code=00147&code=00101009109&supplier_code=00100022&order_time=2024-04-27 HTTP/1.1" 200 413
114.89.221.75 - - [27/Apr/2024:12:39:58 +0800] "GET /xingrg/check_reg.html?_=1714192803018 HTTP/1.1" 200 22
114.85.36.201 - - [27/Apr/2024:12:40:03 +0800] "GET /xingrg/all/function/internal_message.html?_=1714191195896&CODE_STATE=getMsg HTTP/1.1" 200 27
180.164.6.225 - - [27/Apr/2024:12:40:07 +0800] "GET /xingrg/all/function/internal_message.html?_=1714192806059&CODE_STATE=getMsg HTTP/1.1" 200 27
124.78.56.241 - - [27/Apr/2024:12:40:08 +0800] "GET /xingrg/all/function/internal_message.html?_=1714192808852&CODE_STATE=getMsg HTTP/1.1" 200 27
222.69.133.110 - - [27/Apr/2024:12:40:11 +0800] "GET /xingrg/all/function/internal_message.html?_=1714192811547&CODE_STATE=getMsg HTTP/1.1" 200 27
180.169.147.146 - - [27/Apr/2024:12:40:13 +0800] "GET /xingrg/kc/buy/cgsh_order_operate.html?command=get_materiel&rest_code=00147&code=00101009011&supplier_code=00100022&order_time=2024-04-27 HTTP/1.1" 200 416
180.169.147.146 - - [27/Apr/2024:12:40:23 +0800] "POST /xingrg/kc/buy/cgsh_order_operate.html HTTP/1.1" 200 37
180.169.147.146 - - [27/Apr/2024:12:40:24 +0800] "POST /xingrg/kc/buy/cgsh_order_operate.html HTTP/1.1" 200 3252
180.169.147.146 - - [27/Apr/2024:12:40:26 +0800] "GET /xingrg/kc/print/load_data.html?order_code=212024042707536&kc_code=cgsh&condition= HTTP/1.1" 200 945
180.163.28.180 - - [27/Apr/2024:12:40:30 +0800] "GET /xingrg/check_reg.html?_=1714191162366 HTTP/1.1" 302 -
180.163.28.180 - - [27/Apr/2024:12:40:30 +0800] "GET /xingrg/login.html HTTP/1.1" 200 7641
180.169.147.146 - - [27/Apr/2024:12:40:30 +0800] "GET /xingrg/kc/buy/cgsh_order_add.html HTTP/1.1" 200 74210
180.169.147.146 - - [27/Apr/2024:12:40:30 +0800] "POST /xingrg/kc/buy/cgsh_order_operate.html HTTP/1.1" 200 8245
180.169.147.146 - - [27/Apr/2024:12:40:30 +0800] "GET /xingrg/javascript/easyui/themes/default/validatebox.css HTTP/1.1" 404 1104
116.238.97.31 - - [27/Apr/2024:12:40:32 +0800] "GET /xingrg/all/function/internal_message.html?_=1714192832361&CODE_STATE=getMsg HTTP/1.1" 200 27
101.83.144.49 - - [27/Apr/2024:12:40:37 +0800] "GET /xingrg/all/function/internal_message.html?_=1714192839316&CODE_STATE=getMsg HTTP/1.1" 200 27
116.232.195.13 - - [27/Apr/2024:12:40:38 +0800] "GET /xingrg/all/function/internal_message.html?_=1714192825260&CODE_STATE=getMsg HTTP/1.1" 200 27
221.239.168.119 - - [27/Apr/2024:12:40:40 +0800] "GET /xingrg/kc/buy/cgsh_order_operate.html?command=get_materiel&rest_code=00145&code=00101011005&supplier_code=00100047&order_time=2024-04-13 HTTP/1.1" 200 428
116.238.97.31 - - [27/Apr/2024:12:40:45 +0800] "GET /xingrg/all/function/internal_message.html?_=1714192874529&CODE_STATE=getMsg HTTP/1.1" 200 27
180.169.147.146 - - [27/Apr/2024:12:40:45 +0800] "GET /xingrg/kc/buy/cgsh_order_operate.html?command=get_materiel&rest_code=00147&code=00101009140&supplier_code=00100022&order_time=2024-04-27 HTTP/1.1" 200 412
116.238.97.31 - - [27/Apr/2024:12:40:45 +0800] "GET /xingrg/check_reg.html?_=1714192874969 HTTP/1.1" 200 22
222.70.183.82 - - [27/Apr/2024:12:40:47 +0800] "GET /favicon.ico HTTP/1.1" 404 -
116.237.73.135 - - [27/Apr/2024:12:40:48 +0800] "GET /xingrg/all/function/internal_message.html?_=1714192841234&CODE_STATE=getMsg HTTP/1.1" 200 27
180.163.30.100 - - [27/Apr/2024:12:40:48 +0800] "GET /xingrg/all/function/internal_message.html?_=1714192781263&CODE_STATE=getMsg HTTP/1.1" 302 -
180.163.30.100 - - [27/Apr/2024:12:40:49 +0800] "GET /xingrg/login.html HTTP/1.1" 200 7641
222.70.183.82 - - [27/Apr/2024:12:41:02 +0800] "GET /xingrg/login.html HTTP/1.1" 200 7641
114.85.36.201 - - [27/Apr/2024:12:41:03 +0800] "GET /xingrg/all/function/internal_message.html?_=1714191255896&CODE_STATE=getMsg HTTP/1.1" 200 27
222.70.183.82 - - [27/Apr/2024:12:41:03 +0800] "GET /xingrg/images/blue/jxLogo.png HTTP/1.1" 304 -
222.70.183.82 - - [27/Apr/2024:12:41:04 +0800] "GET /xingrg/images/blue/login_bg.png HTTP/1.1" 304 -
222.70.183.82 - - [27/Apr/2024:12:41:04 +0800] "GET /xingrg/images/blue/srbg.png HTTP/1.1" 304 -
222.70.183.82 - - [27/Apr/2024:12:41:04 +0800] "GET /xingrg/images/blue/hj.png HTTP/1.1" 304 -
222.70.183.82 - - [27/Apr/2024:12:41:06 +0800] "GET /favicon.ico HTTP/1.1" 404 -
180.164.6.225 - - [27/Apr/2024:12:41:07 +0800] "GET /xingrg/all/function/internal_message.html?_=1714192866031&CODE_STATE=getMsg HTTP/1.1" 200 27
124.78.56.241 - - [27/Apr/2024:12:41:08 +0800] "GET /xingrg/all/function/internal_message.html?_=1714192868846&CODE_STATE=getMsg HTTP/1.1" 200 27
222.70.183.82 - - [27/Apr/2024:12:41:09 +0800] "POST /xingrg/login.do HTTP/1.1" 200 2421
222.70.183.82 - - [27/Apr/2024:12:41:09 +0800] "GET /xingrg/css/blue.css HTTP/1.1" 304 -
