222.70.183.82 - - [27/Apr/2024:12:41:09 +0800] "GET /xingrg/javascript/myfunction.js HTTP/1.1" 304 -
222.70.183.82 - - [27/Apr/2024:12:41:09 +0800] "GET /xingrg/images/blue/pic_top.gif HTTP/1.1" 304 -
222.70.183.82 - - [27/Apr/2024:12:41:09 +0800] "GET /xingrg/images/blue/pic_notice.jpg HTTP/1.1" 304 -
222.70.183.82 - - [27/Apr/2024:12:41:10 +0800] "GET /xingrg/images/blue/error_mid.gif HTTP/1.1" 304 -
222.70.183.82 - - [27/Apr/2024:12:41:10 +0800] "GET /xingrg/images/blue/error_top.gif HTTP/1.1" 304 -
222.70.183.82 - - [27/Apr/2024:12:41:10 +0800] "GET /xingrg/images/blue/error_buttom.gif HTTP/1.1" 304 -
222.70.183.82 - - [27/Apr/2024:12:41:10 +0800] "GET /favicon.ico HTTP/1.1" 404 -
222.69.133.110 - - [27/Apr/2024:12:41:11 +0800] "GET /xingrg/all/function/internal_message.html?_=1714192871546&CODE_STATE=getMsg HTTP/1.1" 200 27
221.239.168.119 - - [27/Apr/2024:12:41:19 +0800] "POST /xingrg/kc/buy/cgsh_order_operate.html HTTP/1.1" 200 2065
180.169.147.146 - - [27/Apr/2024:12:41:20 +0800] "POST /xingrg/kc/buy/cgsh_order_operate.html HTTP/1.1" 200 37
180.169.147.146 - - [27/Apr/2024:12:41:23 +0800] "POST /xingrg/kc/buy/cgsh_order_operate.html HTTP/1.1" 200 3844
180.169.147.146 - - [27/Apr/2024:12:41:24 +0800] "GET /xingrg/kc/print/load_data.html?order_code=212024042707537&kc_code=cgsh&condition= HTTP/1.1" 200 1170
180.169.147.146 - - [27/Apr/2024:12:41:29 +0800] "GET /xingrg/kc/buy/cgsh_order_add.html HTTP/1.1" 200 74210
180.169.147.146 - - [27/Apr/2024:12:41:29 +0800] "POST /xingrg/kc/buy/cgsh_order_operate.html HTTP/1.1" 200 8245
180.169.147.146 - - [27/Apr/2024:12:41:29 +0800] "GET /xingrg/javascript/easyui/themes/default/validatebox.css HTTP/1.1" 404 1104
116.238.97.31 - - [27/Apr/2024:12:41:32 +0800] "GET /xingrg/all/function/internal_message.html?_=1714192892338&CODE_STATE=getMsg HTTP/1.1" 200 27
222.70.183.82 - - [27/Apr/2024:12:41:34 +0800] "GET /xingrg/login.html HTTP/1.1" 200 7641
222.70.183.82 - - [27/Apr/2024:12:41:34 +0800] "GET /favicon.ico HTTP/1.1" 404 -
101.83.144.49 - - [27/Apr/2024:12:41:37 +0800] "GET /xingrg/all/function/internal_message.html?_=1714192899297&CODE_STATE=getMsg HTTP/1.1" 200 27
116.232.195.13 - - [27/Apr/2024:12:41:38 +0800] "GET /xingrg/all/function/internal_message.html?_=1714192885257&CODE_STATE=getMsg HTTP/1.1" 200 27
222.70.183.82 - - [27/Apr/2024:12:41:39 +0800] "GET /xingrg/login.html HTTP/1.1" 200 7641
222.70.183.82 - - [27/Apr/2024:12:41:39 +0800] "GET /xingrg/images/blue/jxLogo.png HTTP/1.1" 304 -
222.70.183.82 - - [27/Apr/2024:12:41:39 +0800] "GET /xingrg/images/blue/login_bg.png HTTP/1.1" 304 -
222.70.183.82 - - [27/Apr/2024:12:41:39 +0800] "GET /xingrg/images/blue/hj.png HTTP/1.1" 304 -
222.70.183.82 - - [27/Apr/2024:12:41:39 +0800] "GET /xingrg/images/blue/srbg.png HTTP/1.1" 304 -
116.238.97.31 - - [27/Apr/2024:12:41:45 +0800] "GET /xingrg/all/function/internal_message.html?_=1714192934501&CODE_STATE=getMsg HTTP/1.1" 200 27
222.70.183.82 - - [27/Apr/2024:12:41:46 +0800] "GET /xingrg/login.html HTTP/1.1" 200 7641
222.70.183.82 - - [27/Apr/2024:12:41:46 +0800] "GET /xingrg/images/blue/jxLogo.png HTTP/1.1" 304 -
222.70.183.82 - - [27/Apr/2024:12:41:46 +0800] "GET /xingrg/images/blue/login_bg.png HTTP/1.1" 304 -
222.70.183.82 - - [27/Apr/2024:12:41:46 +0800] "GET /xingrg/images/blue/hj.png HTTP/1.1" 304 -
222.70.183.82 - - [27/Apr/2024:12:41:47 +0800] "GET /xingrg/images/blue/srbg.png HTTP/1.1" 304 -
180.163.28.109 - - [27/Apr/2024:12:41:48 +0800] "GET /xingrg/all/function/internal_message.html?_=1714192841234&CODE_STATE=getMsg HTTP/1.1" 302 -
116.237.73.135 - - [27/Apr/2024:12:41:48 +0800] "GET /xingrg/all/function/internal_message.html?_=1714192901204&CODE_STATE=getMsg HTTP/1.1" 200 27
180.163.28.109 - - [27/Apr/2024:12:41:48 +0800] "GET /xingrg/login.html HTTP/1.1" 200 7641
222.70.183.82 - - [27/Apr/2024:12:41:54 +0800] "POST /xingrg/login.do HTTP/1.1" 302 -
222.70.183.82 - - [27/Apr/2024:12:41:54 +0800] "GET /xingrg/index.html?sysBaseUrl=http%3A%2F%2F180.169.147.146%3A18081%2Fxingrg%2F&costTime=800×tamp=1714192914143 HTTP/1.1" 200 17419
222.70.183.82 - - [27/Apr/2024:12:41:54 +0800] "GET /xingrg/javascript/jquery_easy_ui/themes/default/easyui.css HTTP/1.1" 304 -
180.163.30.27 - - [27/Apr/2024:12:41:54 +0800] "GET /xingrg/all/function/internal_message.html?_=1714191041923&CODE_STATE=getMsg HTTP/1.1" 302 -
222.70.183.82 - - [27/Apr/2024:12:41:54 +0800] "GET /xingrg/javascript/jquery_easy_ui/themes/icon.css HTTP/1.1" 304 -
222.70.183.82 - - [27/Apr/2024:12:41:54 +0800] "GET /xingrg/css/form.css HTTP/1.1" 304 -
222.70.183.82 - - [27/Apr/2024:12:41:54 +0800] "GET /xingrg/javascript/jquery-1.4.2.min.js HTTP/1.1" 304 -
180.163.30.27 - - [27/Apr/2024:12:41:54 +0800] "GET /xingrg/login.html HTTP/1.1" 200 7641
222.70.183.82 - - [27/Apr/2024:12:41:54 +0800] "GET /xingrg/javascript/jquery_easy_ui/jquery.easyui.min.js HTTP/1.1" 304 -
222.70.183.82 - - [27/Apr/2024:12:41:54 +0800] "GET /xingrg/javascript/jquery_easy_ui/easyui-lang-zh_CN.js HTTP/1.1" 304 -
222.70.183.82 - - [27/Apr/2024:12:41:54 +0800] "GET /xingrg/javascript/jquery.form.js HTTP/1.1" 304 -
222.70.183.82 - - [27/Apr/2024:12:41:54 +0800] "GET /xingrg/javascript/jquery.utils.js HTTP/1.1" 304 -
222.70.183.82 - - [27/Apr/2024:12:41:54 +0800] "GET /xingrg/javascript/jquery.timers.js HTTP/1.1" 304 -
222.70.183.82 - - [27/Apr/2024:12:41:55 +0800] "GET /favicon.ico HTTP/1.1" 404 -
222.70.183.82 - - [27/Apr/2024:12:41:55 +0800] "GET /xingrg/images/blue/navBackgound.jpg HTTP/1.1" 304 -
222.70.183.82 - - [27/Apr/2024:12:41:55 +0800] "GET /xingrg/javascript/jquery_easy_ui/themes/icons/settle_new.png HTTP/1.1" 304 -
222.70.183.82 - - [27/Apr/2024:12:41:55 +0800] "POST /xingrg/all/common/load_tree.html?tree=area_rest_tree_json&manage=1 HTTP/1.1" 200 470
222.70.183.82 - - [27/Apr/2024:12:41:56 +0800] "GET /xingrg/all/function/internal_message.html?_=1714192914851&CODE_STATE=count HTTP/1.1" 200 11
222.70.183.82 - - [27/Apr/2024:12:41:56 +0800] "GET /xingrg/check_reg.html?_=1714192914918 HTTP/1.1" 200 22
222.70.183.82 - - [27/Apr/2024:12:41:56 +0800] "GET /xingrg/images/blue/pingpu.png HTTP/1.1" 304 -
222.70.183.82 - - [27/Apr/2024:12:41:56 +0800] "GET /xingrg/javascript/jquery_easy_ui/themes/default/images/tabs_leftarrow.png HTTP/1.1" 304 -
222.70.183.82 - - [27/Apr/2024:12:41:56 +0800] "GET /xingrg/javascript/jquery_easy_ui/themes/default/images/tabs_rightarrow.png HTTP/1.1" 304 -
222.70.183.82 - - [27/Apr/2024:12:41:56 +0800] "GET /xingrg/javascript/jquery_easy_ui/themes/default/images/panel_tool_expand.gif HTTP/1.1" 200 247
222.70.183.82 - - [27/Apr/2024:12:41:56 +0800] "GET /xingrg/javascript/jquery_easy_ui/themes/default/images/panel_tool_collapse.gif HTTP/1.1" 304 -
222.70.183.82 - - [27/Apr/2024:12:41:56 +0800] "POST /xingrg/load_menu.html HTTP/1.1" 200 9959
222.70.183.82 - - [27/Apr/2024:12:41:57 +0800] "GET /xingrg/javascript/jquery_easy_ui/themes/default/images/tree_arrows.gif HTTP/1.1" 304 -
222.70.183.82 - - [27/Apr/2024:12:41:57 +0800] "GET /xingrg/javascript/jquery_easy_ui/themes/default/images/tree_folder_open.gif HTTP/1.1" 304 -
222.70.183.82 - - [27/Apr/2024:12:41:57 +0800] "GET /xingrg/javascript/jquery_easy_ui/themes/icons/search_new.png HTTP/1.1" 304 -
222.70.183.82 - - [27/Apr/2024:12:41:57 +0800] "GET /xingrg/javascript/jquery_easy_ui/themes/default/images/tree_folder.gif HTTP/1.1" 304 -
222.70.183.82 - - [27/Apr/2024:12:41:57 +0800] "GET /xingrg/javascript/jquery_easy_ui/themes/icons/storage_new.png HTTP/1.1" 304 -
222.70.183.82 - - [27/Apr/2024:12:41:57 +0800] "GET /xingrg/javascript/jquery_easy_ui/themes/icons/setting_new.png HTTP/1.1" 200 450
222.70.183.82 - - [27/Apr/2024:12:41:57 +0800] "GET /xingrg/javascript/jquery_easy_ui/themes/icons/forms_new.png HTTP/1.1" 304 -
222.70.183.82 - - [27/Apr/2024:12:41:57 +0800] "GET /xingrg/javascript/jquery_easy_ui/themes/icons/systemset_new.png HTTP/1.1" 200 606
222.70.183.82 - - [27/Apr/2024:12:41:57 +0800] "GET /xingrg/javascript/jquery_easy_ui/themes/icons/checkout_new.png HTTP/1.1" 200 744
222.70.183.82 - - [27/Apr/2024:12:41:57 +0800] "GET /xingrg/javascript/jquery_easy_ui/themes/default/images/tree_file.gif HTTP/1.1" 304 -
222.70.183.82 - - [27/Apr/2024:12:41:59 +0800] "GET /xingrg/kc/buy/buy_main.html HTTP/1.1" 200 12412
222.70.183.82 - - [27/Apr/2024:12:41:59 +0800] "GET /xingrg/javascript/jquery_easy_ui/themes/default/images/tabs_close.gif HTTP/1.1" 304 -
222.70.183.82 - - [27/Apr/2024:12:41:59 +0800] "GET /xingrg/css/new_ie.css HTTP/1.1" 404 1036
222.70.183.82 - - [27/Apr/2024:12:41:59 +0800] "GET /xingrg/javascript/jquery_ui/themes/humanity/humanity.css HTTP/1.1" 304 -
222.70.183.82 - - [27/Apr/2024:12:41:59 +0800] "GET /xingrg/javascript/pic_change.js HTTP/1.1" 304 -
222.70.183.82 - - [27/Apr/2024:12:41:59 +0800] "GET /xingrg/javascript/ToolTips.js HTTP/1.1" 304 -
222.70.183.82 - - [27/Apr/2024:12:41:59 +0800] "GET /xingrg/javascript/jquery_ui/jquery-ui.min.js HTTP/1.1" 304 -
222.70.183.82 - - [27/Apr/2024:12:41:59 +0800] "GET /xingrg/images/blue/button/cgxqd.gif HTTP/1.1" 304 -
222.70.183.82 - - [27/Apr/2024:12:41:59 +0800] "GET /xingrg/images/blue/button/cgydd.gif HTTP/1.1" 304 -
222.70.183.82 - - [27/Apr/2024:12:41:59 +0800] "GET /xingrg/images/blue/button/cgshd.gif HTTP/1.1" 304 -
222.70.183.82 - - [27/Apr/2024:12:41:59 +0800] "GET /xingrg/images/blue/button/cgfkd.gif HTTP/1.1" 304 -
222.70.183.82 - - [27/Apr/2024:12:41:59 +0800] "GET /xingrg/images/blue/button/kc.gif HTTP/1.1" 304 -
222.70.183.82 - - [27/Apr/2024:12:41:59 +0800] "GET /xingrg/images/blue/button/ckthd.gif HTTP/1.1" 304 -
222.70.183.82 - - [27/Apr/2024:12:41:59 +0800] "GET /xingrg/images/blue/pic_form2.gif HTTP/1.1" 304 -
222.70.183.82 - - [27/Apr/2024:12:41:59 +0800] "GET /xingrg/javascript/jquery_ui/themes/humanity/images/ui-bg_inset-soft_100_f4f0ec_1x100.png HTTP/1.1" 304 -
222.70.183.82 - - [27/Apr/2024:12:41:59 +0800] "GET /xingrg/images/blue/bg_dotted.jpg HTTP/1.1" 304 -
222.70.183.82 - - [27/Apr/2024:12:41:59 +0800] "GET /xingrg/images/blue/button/right_ah.jpg HTTP/1.1" 304 -
222.70.183.82 - - [27/Apr/2024:12:41:59 +0800] "GET /xingrg/images/blue/button/down_ah.jpg HTTP/1.1" 304 -
222.70.183.82 - - [27/Apr/2024:12:41:59 +0800] "GET /xingrg/javascript/jquery_ui/themes/humanity/images/ui-iconsnew.jpg HTTP/1.1" 304 -
222.70.183.82 - - [27/Apr/2024:12:41:59 +0800] "GET /xingrg/javascript/jquery_ui/themes/humanity/images/ui-icons_ffffff_256x240.png HTTP/1.1" 304 -
222.70.183.82 - - [27/Apr/2024:12:41:59 +0800] "GET /xingrg/javascript/jquery_ui/themes/humanity/images/ui-icons_c47a23_256x240.png HTTP/1.1" 304 -
222.70.183.82 - - [27/Apr/2024:12:41:59 +0800] "GET /xingrg/javascript/jquery_ui/themes/humanity/images/ui-bg_glass_70_ede4d4_1x400.png HTTP/1.1" 304 -
222.70.183.82 - - [27/Apr/2024:12:42:00 +0800] "GET /xingrg/kc/buy/cgsh_order_list.html HTTP/1.1" 200 58356
222.70.183.82 - - [27/Apr/2024:12:42:00 +0800] "GET /xingrg/css/base.css HTTP/1.1" 304 -
222.70.183.82 - - [27/Apr/2024:12:42:00 +0800] "GET /xingrg/css/site.css HTTP/1.1" 304 -
222.70.183.82 - - [27/Apr/2024:12:42:00 +0800] "GET /xingrg/javascript/jquery_tools/datebox.css HTTP/1.1" 304 -
222.70.183.82 - - [27/Apr/2024:12:42:00 +0800] "GET /xingrg/javascript/easyui/themes/default/easyui.css HTTP/1.1" 304 -
222.70.183.82 - - [27/Apr/2024:12:42:00 +0800] "GET /xingrg/javascript/easyui/themes/icon.css HTTP/1.1" 304 -
222.70.183.82 - - [27/Apr/2024:12:42:00 +0800] "GET /xingrg/javascript/auto/jquery.autocomplete.css HTTP/1.1" 304 -
222.70.183.82 - - [27/Apr/2024:12:42:00 +0800] "GET /xingrg/javascript/jquery_tools/table.css HTTP/1.1" 304 -
222.70.183.82 - - [27/Apr/2024:12:42:00 +0800] "GET /xingrg/javascript/jquery_tools/jquery.tools.min.js HTTP/1.1" 304 -
222.70.183.82 - - [27/Apr/2024:12:42:00 +0800] "GET /xingrg/javascript/jquery_tools/fix.css HTTP/1.1" 304 -
222.70.183.82 - - [27/Apr/2024:12:42:00 +0800] "GET /xingrg/javascript/jquery_tools/jquery.tools.extend.js HTTP/1.1" 304 -
222.70.183.82 - - [27/Apr/2024:12:42:00 +0800] "GET /xingrg/javascript/jquery_tools/jquery.tools.hotkey.js HTTP/1.1" 304 -
222.70.183.82 - - [27/Apr/2024:12:42:00 +0800] "GET /xingrg/javascript/jquery_tools/jquery.tools.table.js HTTP/1.1" 304 -
222.70.183.82 - - [27/Apr/2024:12:42:00 +0800] "GET /xingrg/javascript/jquery_tools/list_manager.js HTTP/1.1" 304 -
222.70.183.82 - - [27/Apr/2024:12:42:00 +0800] "GET /xingrg/javascript/auto/jquery.autocomplete.js HTTP/1.1" 304 -
222.70.183.82 - - [27/Apr/2024:12:42:00 +0800] "GET /xingrg/javascript/jquery.cookie.js HTTP/1.1" 304 -
222.70.183.82 - - [27/Apr/2024:12:42:00 +0800] "GET /xingrg/javascript/easyui/easyloader.js HTTP/1.1" 304 -
222.70.183.82 - - [27/Apr/2024:12:42:00 +0800] "GET /xingrg/javascript/print/LodopFuncs.js HTTP/1.1" 304 -
222.70.183.82 - - [27/Apr/2024:12:42:01 +0800] "GET /xingrg/javascript/easyui/themes/icons/field_new.png HTTP/1.1" 304 -
222.70.183.82 - - [27/Apr/2024:12:42:01 +0800] "GET /xingrg/javascript/easyui/themes/icons/cance_new.png HTTP/1.1" 304 -
222.70.183.82 - - [27/Apr/2024:12:42:01 +0800] "GET /xingrg/javascript/easyui/themes/icons/check_new.png HTTP/1.1" 304 -
222.70.183.82 - - [27/Apr/2024:12:42:01 +0800] "GET /xingrg/javascript/easyui/themes/icons/edit_add_new.png HTTP/1.1" 304 -
222.70.183.82 - - [27/Apr/2024:12:42:01 +0800] "GET /xingrg/javascript/easyui/themes/icons/import_new.png HTTP/1.1" 304 -
222.70.183.82 - - [27/Apr/2024:12:42:01 +0800] "GET /xingrg/javascript/easyui/plugins/jquery.parser.js HTTP/1.1" 304 -
222.70.183.82 - - [27/Apr/2024:12:42:01 +0800] "GET /xingrg/images/control/ajaxLoader.gif HTTP/1.1" 304 -
114.85.36.201 - - [27/Apr/2024:12:42:03 +0800] "GET /xingrg/all/function/internal_message.html?_=1714191315898&CODE_STATE=getMsg HTTP/1.1" 200 27
222.70.183.82 - - [27/Apr/2024:12:42:03 +0800] "POST /xingrg/kc/buy/cgsh_list_operate.html HTTP/1.1" 200 645
101.83.144.49 - - [27/Apr/2024:12:42:06 +0800] "GET /xingrg/check_reg.html?_=1714192928578 HTTP/1.1" 200 22
180.164.6.225 - - [27/Apr/2024:12:42:07 +0800] "GET /xingrg/all/function/internal_message.html?_=1714192926011&CODE_STATE=getMsg HTTP/1.1" 200 27
180.169.147.146 - - [27/Apr/2024:12:42:07 +0800] "GET /xingrg/kc/buy/cgsh_order_operate.html?command=get_materiel&rest_code=00147&code=00101009021&supplier_code=00100022&order_time=2024-04-27 HTTP/1.1" 200 417
124.78.56.241 - - [27/Apr/2024:12:42:08 +0800] "GET /xingrg/all/function/internal_message.html?_=1714192928861&CODE_STATE=getMsg HTTP/1.1" 200 27
180.164.6.225 - - [27/Apr/2024:12:42:09 +0800] "GET /xingrg/check_reg.html?_=1714192928491 HTTP/1.1" 200 22
222.69.133.110 - - [27/Apr/2024:12:42:11 +0800] "GET /xingrg/all/function/internal_message.html?_=1714192931533&CODE_STATE=getMsg HTTP/1.1" 200 27
101.83.144.49 - - [27/Apr/2024:12:42:13 +0800] "POST /xingrg/services/DataTransmitService HTTP/1.1" 200 524
101.83.144.49 - - [27/Apr/2024:12:42:15 +0800] "POST /xingrg/services/DataTransmitService HTTP/1.1" 200 501
101.83.144.49 - - [27/Apr/2024:12:42:15 +0800] "POST /xingrg/services/DataTransmitService HTTP/1.1" 200 501
101.83.144.49 - - [27/Apr/2024:12:42:17 +0800] "POST /xingrg/services/DataTransmitService HTTP/1.1" 200 501
101.83.144.49 - - [27/Apr/2024:12:42:19 +0800] "POST /xingrg/services/DataTransmitService HTTP/1.1" 200 501
101.83.144.49 - - [27/Apr/2024:12:42:19 +0800] "POST /xingrg/services/DataTransmitService HTTP/1.1" 200 501
180.169.147.146 - - [27/Apr/2024:12:42:20 +0800] "POST /xingrg/kc/buy/cgsh_order_operate.html HTTP/1.1" 200 37
101.83.144.49 - - [27/Apr/2024:12:42:21 +0800] "POST /xingrg/services/DataTransmitService HTTP/1.1" 200 412
180.169.147.146 - - [27/Apr/2024:12:42:22 +0800] "GET /xingrg/check_reg.html?_=1714192931088 HTTP/1.1" 200 22
221.239.168.119 - - [27/Apr/2024:12:42:25 +0800] "POST /xingrg/kc/buy/cgsh_order_operate.html HTTP/1.1" 200 37
180.169.147.146 - - [27/Apr/2024:12:42:25 +0800] "POST /xingrg/kc/buy/cgsh_order_operate.html HTTP/1.1" 200 3849
180.169.147.146 - - [27/Apr/2024:12:42:31 +0800] "GET /xingrg/kc/print/load_data.html?order_code=212024042707538&kc_code=cgsh&condition= HTTP/1.1" 200 1172
116.238.97.31 - - [27/Apr/2024:12:42:32 +0800] "GET /xingrg/all/function/internal_message.html?_=1714192952320&CODE_STATE=getMsg HTTP/1.1" 200 27
116.238.97.31 - - [27/Apr/2024:12:42:32 +0800] "GET /xingrg/check_reg.html?_=1714192952543 HTTP/1.1" 200 22
180.169.147.146 - - [27/Apr/2024:12:42:35 +0800] "GET /xingrg/kc/buy/cgsh_order_add.html HTTP/1.1" 200 74210
180.169.147.146 - - [27/Apr/2024:12:42:36 +0800] "POST /xingrg/kc/buy/cgsh_order_operate.html HTTP/1.1" 200 8245
180.169.147.146 - - [27/Apr/2024:12:42:36 +0800] "GET /xingrg/javascript/easyui/themes/default/validatebox.css HTTP/1.1" 404 1104
101.83.144.49 - - [27/Apr/2024:12:42:37 +0800] "GET /xingrg/all/function/internal_message.html?_=1714192959273&CODE_STATE=getMsg HTTP/1.1" 200 27
221.239.168.119 - - [27/Apr/2024:12:42:37 +0800] "POST /xingrg/kc/buy/cgsh_order_operate.html HTTP/1.1" 200 10517
116.232.195.13 - - [27/Apr/2024:12:42:38 +0800] "GET /xingrg/all/function/internal_message.html?_=1714192945251&CODE_STATE=getMsg HTTP/1.1" 200 27
180.163.29.219 - - [27/Apr/2024:12:42:43 +0800] "GET /xingrg/kc/base/wldb_order_info.html?code=422024042701734 HTTP/1.1" 302 -
180.163.29.219 - - [27/Apr/2024:12:42:43 +0800] "GET /xingrg/login.html HTTP/1.1" 200 7641
116.238.97.31 - - [27/Apr/2024:12:42:44 +0800] "GET /xingrg/all/function/internal_message.html?_=1714192994487&CODE_STATE=getMsg HTTP/1.1" 200 27
180.163.29.219 - - [27/Apr/2024:12:42:48 +0800] "GET /xingrg/all/function/internal_message.html?_=1714192901204&CODE_STATE=getMsg HTTP/1.1" 302 -
116.237.73.135 - - [27/Apr/2024:12:42:48 +0800] "GET /xingrg/all/function/internal_message.html?_=1714192961178&CODE_STATE=getMsg HTTP/1.1" 200 27
180.163.29.219 - - [27/Apr/2024:12:42:48 +0800] "GET /xingrg/login.html HTTP/1.1" 200 7641
116.237.73.135 - - [27/Apr/2024:12:42:49 +0800] "GET /xingrg/check_reg.html?_=1714192962398 HTTP/1.1" 200 22
221.239.168.119 - - [27/Apr/2024:12:42:55 +0800] "POST /xingrg/kc/buy/cgsh_list_operate.html HTTP/1.1" 200 3429
222.70.183.82 - - [27/Apr/2024:12:42:56 +0800] "GET /xingrg/all/function/internal_message.html?_=1714192974925&CODE_STATE=getMsg HTTP/1.1" 200 27
221.239.168.119 - - [27/Apr/2024:12:42:59 +0800] "POST /xingrg/kc/buy/cgsh_list_operate.html HTTP/1.1" 200 340
114.85.36.201 - - [27/Apr/2024:12:43:03 +0800] "GET /xingrg/all/function/internal_message.html?_=1714191375898&CODE_STATE=getMsg HTTP/1.1" 200 27
221.239.168.119 - - [27/Apr/2024:12:43:04 +0800] "GET /xingrg/kc/buy/cgsh_order_info.html?code=212024042005594 HTTP/1.1" 200 73327
221.239.168.119 - - [27/Apr/2024:12:43:04 +0800] "GET /xingrg/javascript/easyui/themes/default/validatebox.css HTTP/1.1" 404 1104
221.239.168.119 - - [27/Apr/2024:12:43:05 +0800] "POST /xingrg/kc/buy/cgsh_order_operate.html HTTP/1.1" 200 3832
180.164.6.225 - - [27/Apr/2024:12:43:07 +0800] "GET /xingrg/all/function/internal_message.html?_=1714192985996&CODE_STATE=getMsg HTTP/1.1" 200 27
124.78.56.241 - - [27/Apr/2024:12:43:08 +0800] "GET /xingrg/all/function/internal_message.html?_=1714192988853&CODE_STATE=getMsg HTTP/1.1" 200 27
124.78.56.241 - - [27/Apr/2024:12:43:08 +0800] "GET /xingrg/check_reg.html?_=1714192988858 HTTP/1.1" 200 22
180.169.147.146 - - [27/Apr/2024:12:43:09 +0800] "GET /xingrg/kc/buy/cgsh_order_operate.html?command=get_materiel&rest_code=00147&code=00101029009&supplier_code=00100017&order_time=2024-04-27 HTTP/1.1" 200 456
222.69.133.110 - - [27/Apr/2024:12:43:11 +0800] "GET /xingrg/all/function/internal_message.html?_=1714192991538&CODE_STATE=getMsg HTTP/1.1" 200 27
180.169.147.146 - - [27/Apr/2024:12:43:15 +0800] "POST /xingrg/all/common/load_select.html HTTP/1.1" 200 25
180.169.147.146 - - [27/Apr/2024:12:43:20 +0800] "GET /xingrg/kc/buy/cgsh_order_operate.html?command=get_materiel_price&rest_code=00147&code=00101029009&unit_code=00100179&supplier_code=00100017&order_time=2024-04-27 HTTP/1.1" 200 29
221.239.168.119 - - [27/Apr/2024:12:43:22 +0800] "GET /xingrg/kc/buy/cgsh_order_operate.html?command=get_materiel&rest_code=00145&code=00101010161&supplier_code=00100185&order_time=2024-04-13 HTTP/1.1" 200 408
180.169.147.146 - - [27/Apr/2024:12:43:29 +0800] "GET /xingrg/check_reg.html?_=1714192998038 HTTP/1.1" 200 22
124.78.56.241 - - [27/Apr/2024:12:43:30 +0800] "POST /xingrg/services/DataTransmitService HTTP/1.1" 200 524
124.78.56.241 - - [27/Apr/2024:12:43:31 +0800] "POST /xingrg/services/DataTransmitService HTTP/1.1" 200 501
124.78.56.241 - - [27/Apr/2024:12:43:31 +0800] "POST /xingrg/services/DataTransmitService HTTP/1.1" 200 501
124.78.56.241 - - [27/Apr/2024:12:43:31 +0800] "POST /xingrg/services/DataTransmitService HTTP/1.1" 200 501
116.238.97.31 - - [27/Apr/2024:12:43:32 +0800] "GET /xingrg/all/function/internal_message.html?_=1714193012308&CODE_STATE=getMsg HTTP/1.1" 200 27
124.78.56.241 - - [27/Apr/2024:12:43:32 +0800] "POST /xingrg/services/DataTransmitService HTTP/1.1" 200 501
124.78.56.241 - - [27/Apr/2024:12:43:32 +0800] "POST /xingrg/services/DataTransmitService HTTP/1.1" 200 501
124.78.56.241 - - [27/Apr/2024:12:43:33 +0800] "POST /xingrg/services/DataTransmitService HTTP/1.1" 200 412
180.169.147.146 - - [27/Apr/2024:12:43:33 +0800] "GET /xingrg/index.html?sysBaseUrl=http%3A%2F%2F180.169.147.146%3A18081%2Fxingrg%2F&costTime=39×tamp=1592034574635 HTTP/1.1" 200 17503
180.169.147.146 - - [27/Apr/2024:12:43:34 +0800] "POST /xingrg/all/common/load_tree.html?tree=area_rest_tree_json&manage=1 HTTP/1.1" 200 3624
180.169.147.146 - - [27/Apr/2024:12:43:34 +0800] "GET /xingrg/all/function/internal_message.html?_=1714193014612&CODE_STATE=count HTTP/1.1" 200 11
180.169.147.146 - - [27/Apr/2024:12:43:34 +0800] "GET /xingrg/check_reg.html?_=1714193014615 HTTP/1.1" 200 22
180.169.147.146 - - [27/Apr/2024:12:43:34 +0800] "GET /favicon.ico HTTP/1.1" 404 -
180.169.147.146 - - [27/Apr/2024:12:43:34 +0800] "POST /xingrg/load_menu.html HTTP/1.1" 200 9959
114.83.217.54 - - [27/Apr/2024:12:43:35 +0800] "GET /xingrg/check_reg.html?_=1714193013427 HTTP/1.1" 200 22
180.169.147.146 - - [27/Apr/2024:12:43:36 +0800] "GET /xingrg/kc/report/report_main.html HTTP/1.1" 200 7340
101.83.144.49 - - [27/Apr/2024:12:43:37 +0800] "GET /xingrg/all/function/internal_message.html?_=1714193019249&CODE_STATE=getMsg HTTP/1.1" 200 27
116.232.195.13 - - [27/Apr/2024:12:43:38 +0800] "GET /xingrg/all/function/internal_message.html?_=1714193005258&CODE_STATE=getMsg HTTP/1.1" 200 27
116.232.195.13 - - [27/Apr/2024:12:43:38 +0800] "GET /xingrg/check_reg.html?_=1714193005260 HTTP/1.1" 200 22
180.169.147.146 - - [27/Apr/2024:12:43:40 +0800] "POST /xingrg/all/user/operate.html HTTP/1.1" 200 36
180.169.147.146 - - [27/Apr/2024:12:43:40 +0800] "GET /xingrg/index.html?sysBaseUrl=http%3A%2F%2F180.169.147.146%3A18081%2Fxingrg%2F&costTime=39×tamp=1592034574635 HTTP/1.1" 200 17503
180.169.147.146 - - [27/Apr/2024:12:43:40 +0800] "GET /xingrg/javascript/jquery_easy_ui/themes/default/easyui.css HTTP/1.1" 304 -
180.169.147.146 - - [27/Apr/2024:12:43:40 +0800] "GET /xingrg/javascript/jquery_easy_ui/themes/icon.css HTTP/1.1" 304 -
180.169.147.146 - - [27/Apr/2024:12:43:40 +0800] "GET /xingrg/css/form.css HTTP/1.1" 304 -
180.169.147.146 - - [27/Apr/2024:12:43:40 +0800] "GET /xingrg/javascript/jquery-1.4.2.min.js HTTP/1.1" 304 -
180.169.147.146 - - [27/Apr/2024:12:43:40 +0800] "GET /xingrg/javascript/jquery_easy_ui/jquery.easyui.min.js HTTP/1.1" 304 -
180.169.147.146 - - [27/Apr/2024:12:43:40 +0800] "GET /xingrg/javascript/jquery_easy_ui/easyui-lang-zh_CN.js HTTP/1.1" 304 -
180.169.147.146 - - [27/Apr/2024:12:43:40 +0800] "GET /xingrg/javascript/jquery.form.js HTTP/1.1" 304 -
180.169.147.146 - - [27/Apr/2024:12:43:40 +0800] "GET /xingrg/javascript/jquery.utils.js HTTP/1.1" 304 -
180.169.147.146 - - [27/Apr/2024:12:43:40 +0800] "GET /xingrg/javascript/jquery.timers.js HTTP/1.1" 304 -
180.169.147.146 - - [27/Apr/2024:12:43:40 +0800] "GET /xingrg/images/blue/jxLogo.png HTTP/1.1" 304 -
180.169.147.146 - - [27/Apr/2024:12:43:40 +0800] "GET /xingrg/images/blue/navBackgound.jpg HTTP/1.1" 304 -
180.169.147.146 - - [27/Apr/2024:12:43:40 +0800] "GET /xingrg/javascript/jquery_easy_ui/themes/icons/settle_new.png HTTP/1.1" 304 -
180.169.147.146 - - [27/Apr/2024:12:43:40 +0800] "GET /xingrg/all/function/internal_message.html?_=1714193020410&CODE_STATE=count HTTP/1.1" 200 11
180.169.147.146 - - [27/Apr/2024:12:43:40 +0800] "GET /xingrg/check_reg.html?_=1714193020411 HTTP/1.1" 200 22
180.169.147.146 - - [27/Apr/2024:12:43:40 +0800] "POST /xingrg/all/common/load_tree.html?tree=area_rest_tree_json&manage=1 HTTP/1.1" 200 3624
180.169.147.146 - - [27/Apr/2024:12:43:40 +0800] "POST /xingrg/load_menu.html HTTP/1.1" 200 11564
180.169.147.146 - - [27/Apr/2024:12:43:41 +0800] "GET /xingrg/kc/report/report_main.html HTTP/1.1" 200 8599
221.239.168.119 - - [27/Apr/2024:12:43:42 +0800] "GET /xingrg/kc/buy/cgsh_order_operate.html?command=get_materiel&rest_code=00145&code=00101005032&supplier_code=00100185&order_time=2024-04-13 HTTP/1.1" 200 409
180.169.147.146 - - [27/Apr/2024:12:43:43 +0800] "GET /xingrg/all/report/report_query.html?fileName=kc/buy/gys_amount_base_rest.xml HTTP/1.1" 200 51664
180.169.147.146 - - [27/Apr/2024:12:43:43 +0800] "GET /xingrg/dwr/interface/AjaxReportQueryService.js HTTP/1.1" 200 13203
180.169.147.146 - - [27/Apr/2024:12:43:43 +0800] "GET /xingrg/dwr/engine.js HTTP/1.1" 200 43631
180.169.147.146 - - [27/Apr/2024:12:43:43 +0800] "GET /xingrg/dwr/util.js HTTP/1.1" 304 -
180.169.147.146 - - [27/Apr/2024:12:43:43 +0800] "POST /xingrg/dwr/call/plaincall/AjaxReportQueryService.getFixDate.dwr HTTP/1.1" 200 111
180.169.147.146 - - [27/Apr/2024:12:43:44 +0800] "POST /xingrg/all/common/load_tree.html?tree=area_rest_tree_json&manage=1 HTTP/1.1" 200 3624
180.169.147.146 - - [27/Apr/2024:12:43:44 +0800] "POST /xingrg/all/common/load_tree.html?tree=supplier_tree_json&manage=1 HTTP/1.1" 200 82167
116.238.97.31 - - [27/Apr/2024:12:43:44 +0800] "GET /xingrg/all/function/internal_message.html?_=1714193054471&CODE_STATE=getMsg HTTP/1.1" 200 27
180.163.30.27 - - [27/Apr/2024:12:43:48 +0800] "GET /xingrg/all/function/internal_message.html?_=1714192961178&CODE_STATE=getMsg HTTP/1.1" 302 -
116.237.73.135 - - [27/Apr/2024:12:43:48 +0800] "GET /xingrg/all/function/internal_message.html?_=1714193021150&CODE_STATE=getMsg HTTP/1.1" 200 27
180.163.30.27 - - [27/Apr/2024:12:43:48 +0800] "GET /xingrg/login.html HTTP/1.1" 200 7641
180.169.147.146 - - [27/Apr/2024:12:43:49 +0800] "GET /xingrg/kc/buy/cgsh_order_operate.html?command=get_materiel&rest_code=00147&code=00101026026&supplier_code=00100017&order_time=2024-04-27 HTTP/1.1" 200 465
180.169.147.146 - - [27/Apr/2024:12:43:50 +0800] "POST /xingrg/all/common/load_select.html HTTP/1.1" 200 25
180.169.147.146 - - [27/Apr/2024:12:43:54 +0800] "GET /xingrg/kc/buy/cgsh_order_operate.html?command=get_materiel_price&rest_code=00147&code=00101026026&unit_code=00100189&supplier_code=00100017&order_time=2024-04-27 HTTP/1.1" 200 29
222.70.183.82 - - [27/Apr/2024:12:43:56 +0800] "GET /xingrg/all/function/internal_message.html?_=1714193034926&CODE_STATE=getMsg HTTP/1.1" 200 27
180.169.147.146 - - [27/Apr/2024:12:44:00 +0800] "POST /xingrg/dwr/call/plaincall/AjaxReportQueryService.refreshCache.dwr HTTP/1.1" 200 78
180.169.147.146 - - [27/Apr/2024:12:44:02 +0800] "POST /xingrg/all/report/load_report_page.html HTTP/1.1" 200 52843
180.169.147.146 - - [27/Apr/2024:12:44:02 +0800] "GET /xingrg/servlets/image?cache=0.6669193395594059&image=px HTTP/1.1" 200 807
114.85.36.201 - - [27/Apr/2024:12:44:03 +0800] "GET /xingrg/all/function/internal_message.html?_=1714191435906&CODE_STATE=getMsg HTTP/1.1" 200 27
114.85.36.201 - - [27/Apr/2024:12:44:03 +0800] "GET /xingrg/check_reg.html?_=1714191435910 HTTP/1.1" 200 22
221.239.168.119 - - [27/Apr/2024:12:44:03 +0800] "GET /xingrg/check_reg.html?_=1714193040661 HTTP/1.1" 200 22
180.164.6.225 - - [27/Apr/2024:12:44:07 +0800] "GET /xingrg/all/function/internal_message.html?_=1714193045974&CODE_STATE=getMsg HTTP/1.1" 200 27
180.163.29.217 - - [27/Apr/2024:12:44:08 +0800] "GET /xingrg/kc/base/wldb_order_info.html?code=422024042701736 HTTP/1.1" 302 -
180.163.29.217 - - [27/Apr/2024:12:44:08 +0800] "GET /xingrg/login.html HTTP/1.1" 200 7641
124.78.56.241 - - [27/Apr/2024:12:44:08 +0800] "GET /xingrg/all/function/internal_message.html?_=1714193048856&CODE_STATE=getMsg HTTP/1.1" 200 27
222.69.133.110 - - [27/Apr/2024:12:44:11 +0800] "GET /xingrg/all/function/internal_message.html?_=1714193051544&CODE_STATE=getMsg HTTP/1.1" 200 27
222.69.133.110 - - [27/Apr/2024:12:44:11 +0800] "GET /xingrg/check_reg.html?_=1714193051547 HTTP/1.1" 200 22
180.169.147.146 - - [27/Apr/2024:12:44:12 +0800] "GET /xingrg/kc/buy/cgsh_order_operate.html?command=get_materiel&rest_code=00147&code=00101028016&supplier_code=00100017&order_time=2024-04-27 HTTP/1.1" 200 447
180.169.147.146 - - [27/Apr/2024:12:44:14 +0800] "POST /xingrg/all/common/load_select.html HTTP/1.1" 200 25
180.169.147.146 - - [27/Apr/2024:12:44:18 +0800] "GET /xingrg/kc/buy/cgsh_order_operate.html?command=get_materiel_price&rest_code=00147&code=00101028016&unit_code=00100157&supplier_code=00100017&order_time=2024-04-27 HTTP/1.1" 200 30
221.239.168.119 - - [27/Apr/2024:12:44:25 +0800] "POST /xingrg/kc/buy/cgsh_order_operate.html HTTP/1.1" 200 2065
180.169.147.146 - - [27/Apr/2024:12:44:30 +0800] "GET /xingrg/kc/buy/cgsh_order_operate.html?command=get_materiel&rest_code=00147&code=00101028012&supplier_code=00100017&order_time=2024-04-27 HTTP/1.1" 200 478
180.169.147.146 - - [27/Apr/2024:12:44:30 +0800] "POST /xingrg/all/common/load_select.html HTTP/1.1" 200 25
116.238.97.31 - - [27/Apr/2024:12:44:32 +0800] "GET /xingrg/all/function/internal_message.html?_=1714193072286&CODE_STATE=getMsg HTTP/1.1" 200 27
180.169.147.146 - - [27/Apr/2024:12:44:34 +0800] "GET /xingrg/kc/buy/cgsh_order_operate.html?command=get_materiel_price&rest_code=00147&code=00101028012&unit_code=00100157&supplier_code=00100017&order_time=2024-04-27 HTTP/1.1" 200 29
101.83.144.49 - - [27/Apr/2024:12:44:37 +0800] "GET /xingrg/all/function/internal_message.html?_=1714193079223&CODE_STATE=getMsg HTTP/1.1" 200 27
116.232.195.13 - - [27/Apr/2024:12:44:38 +0800] "GET /xingrg/all/function/internal_message.html?_=1714193065251&CODE_STATE=getMsg HTTP/1.1" 200 27
180.169.147.146 - - [27/Apr/2024:12:44:40 +0800] "GET /xingrg/all/function/internal_message.html?_=1714193080417&CODE_STATE=getMsg HTTP/1.1" 200 27
180.169.147.146 - - [27/Apr/2024:12:44:44 +0800] "POST /xingrg/dwr/call/plaincall/AjaxReportQueryService.refreshCache.dwr HTTP/1.1" 200 78
116.238.97.31 - - [27/Apr/2024:12:44:44 +0800] "GET /xingrg/all/function/internal_message.html?_=1714193114458&CODE_STATE=getMsg HTTP/1.1" 200 27
180.169.147.146 - - [27/Apr/2024:12:44:45 +0800] "GET /xingrg/kc/buy/cgsh_order_operate.html?command=get_materiel&rest_code=00147&code=00101029024&supplier_code=00100017&order_time=2024-04-27 HTTP/1.1" 200 440
180.169.147.146 - - [27/Apr/2024:12:44:46 +0800] "POST /xingrg/all/common/load_select.html HTTP/1.1" 200 25
180.169.147.146 - - [27/Apr/2024:12:44:46 +0800] "POST /xingrg/all/report/load_report_page.html HTTP/1.1" 200 89
116.237.73.135 - - [27/Apr/2024:12:44:48 +0800] "GET /xingrg/all/function/internal_message.html?_=1714193081123&CODE_STATE=getMsg HTTP/1.1" 200 27
221.239.168.119 - - [27/Apr/2024:12:44:51 +0800] "POST /xingrg/kc/buy/cgsh_order_operate.html HTTP/1.1" 200 37
180.169.147.146 - - [27/Apr/2024:12:44:52 +0800] "POST /xingrg/dwr/call/plaincall/AjaxReportQueryService.refreshCache.dwr HTTP/1.1" 200 78
180.169.147.146 - - [27/Apr/2024:12:44:53 +0800] "GET /xingrg/kc/buy/cgsh_order_operate.html?command=get_materiel_price&rest_code=00147&code=00101029024&unit_code=00100179&supplier_code=00100017&order_time=2024-04-27 HTTP/1.1" 200 30
180.169.147.146 - - [27/Apr/2024:12:44:54 +0800] "POST /xingrg/all/report/load_report_page.html HTTP/1.1" 200 89
222.70.183.82 - - [27/Apr/2024:12:44:56 +0800] "GET /xingrg/all/function/internal_message.html?_=1714193094928&CODE_STATE=getMsg HTTP/1.1" 200 27
114.89.221.75 - - [27/Apr/2024:12:44:58 +0800] "GET /xingrg/check_reg.html?_=1714193103005 HTTP/1.1" 200 22
180.169.147.146 - - [27/Apr/2024:12:44:59 +0800] "POST /xingrg/dwr/call/plaincall/AjaxReportQueryService.refreshCache.dwr HTTP/1.1" 200 78
180.169.147.146 - - [27/Apr/2024:12:45:01 +0800] "POST /xingrg/all/report/load_report_page.html HTTP/1.1" 200 89
221.239.168.119 - - [27/Apr/2024:12:45:02 +0800] "POST /xingrg/kc/buy/cgsh_order_operate.html HTTP/1.1" 200 6780
114.85.36.201 - - [27/Apr/2024:12:45:03 +0800] "GET /xingrg/all/function/internal_message.html?_=1714191495908&CODE_STATE=getMsg HTTP/1.1" 200 27
180.164.6.225 - - [27/Apr/2024:12:45:07 +0800] "GET /xingrg/all/function/internal_message.html?_=1714193105959&CODE_STATE=getMsg HTTP/1.1" 200 27
124.78.56.241 - - [27/Apr/2024:12:45:08 +0800] "GET /xingrg/all/function/internal_message.html?_=1714193108849&CODE_STATE=getMsg HTTP/1.1" 200 27
222.69.133.110 - - [27/Apr/2024:12:45:11 +0800] "GET /xingrg/all/function/internal_message.html?_=1714193111538&CODE_STATE=getMsg HTTP/1.1" 200 27
180.169.147.146 - - [27/Apr/2024:12:45:14 +0800] "GET /xingrg/kc/buy/cgsh_order_operate.html?command=get_materiel&rest_code=00147&code=00101029033&supplier_code=00100017&order_time=2024-04-27 HTTP/1.1" 200 454
180.169.147.146 - - [27/Apr/2024:12:45:16 +0800] "POST /xingrg/all/common/load_select.html HTTP/1.1" 200 25
221.239.168.119 - - [27/Apr/2024:12:45:20 +0800] "POST /xingrg/kc/buy/cgsh_list_operate.html HTTP/1.1" 200 3429
180.169.147.146 - - [27/Apr/2024:12:45:20 +0800] "GET /xingrg/kc/buy/cgsh_order_operate.html?command=get_materiel_price&rest_code=00147&code=00101029033&unit_code=00100179&supplier_code=00100017&order_time=2024-04-27 HTTP/1.1" 200 30
221.239.168.119 - - [27/Apr/2024:12:45:23 +0800] "POST /xingrg/kc/buy/cgsh_list_operate.html HTTP/1.1" 200 582
221.239.168.119 - - [27/Apr/2024:12:45:24 +0800] "GET /xingrg/kc/buy/cgsh_order_info.html?code=212024042005593 HTTP/1.1" 200 73333
221.239.168.119 - - [27/Apr/2024:12:45:25 +0800] "GET /xingrg/javascript/easyui/themes/default/validatebox.css HTTP/1.1" 404 1104
221.239.168.119 - - [27/Apr/2024:12:45:26 +0800] "POST /xingrg/kc/buy/cgsh_order_operate.html HTTP/1.1" 200 13366
116.238.97.31 - - [27/Apr/2024:12:45:32 +0800] "GET /xingrg/all/function/internal_message.html?_=1714193132260&CODE_STATE=getMsg HTTP/1.1" 200 27
180.169.147.146 - - [27/Apr/2024:12:45:34 +0800] "GET /xingrg/kc/buy/cgsh_order_operate.html?command=get_materiel&rest_code=00147&code=00101029002&supplier_code=00100017&order_time=2024-04-27 HTTP/1.1" 200 469
180.169.147.146 - - [27/Apr/2024:12:45:35 +0800] "POST /xingrg/all/common/load_select.html HTTP/1.1" 200 25
101.83.144.49 - - [27/Apr/2024:12:45:37 +0800] "GET /xingrg/all/function/internal_message.html?_=1714193139201&CODE_STATE=getMsg HTTP/1.1" 200 27
116.232.195.13 - - [27/Apr/2024:12:45:38 +0800] "GET /xingrg/all/function/internal_message.html?_=1714193125254&CODE_STATE=getMsg HTTP/1.1" 200 27
221.239.168.119 - - [27/Apr/2024:12:45:38 +0800] "GET /xingrg/kc/buy/cgsh_order_operate.html?command=get_materiel&rest_code=00145&code=00101012070&supplier_code=00100554&order_time=2024-04-12 HTTP/1.1" 200 432
180.169.147.146 - - [27/Apr/2024:12:45:40 +0800] "GET /xingrg/kc/buy/cgsh_order_operate.html?command=get_materiel_price&rest_code=00147&code=00101029002&unit_code=00100156&supplier_code=00100017&order_time=2024-04-27 HTTP/1.1" 200 29
180.169.147.146 - - [27/Apr/2024:12:45:40 +0800] "GET /xingrg/all/function/internal_message.html?_=1714193140442&CODE_STATE=getMsg HTTP/1.1" 200 27
116.238.97.31 - - [27/Apr/2024:12:45:44 +0800] "GET /xingrg/all/function/internal_message.html?_=1714193174443&CODE_STATE=getMsg HTTP/1.1" 200 27
180.169.147.146 - - [27/Apr/2024:12:45:45 +0800] "GET /xingrg/kc/buy/cgsh_order_operate.html?command=get_materiel_price&rest_code=00147&code=00101029002&unit_code=00100157&supplier_code=00100017&order_time=2024-04-27 HTTP/1.1" 200 29
116.238.97.31 - - [27/Apr/2024:12:45:45 +0800] "GET /xingrg/check_reg.html?_=1714193174946 HTTP/1.1" 200 22
180.163.29.217 - - [27/Apr/2024:12:45:48 +0800] "GET /xingrg/all/function/internal_message.html?_=1714193081123&CODE_STATE=getMsg HTTP/1.1" 302 -
116.237.73.135 - - [27/Apr/2024:12:45:48 +0800] "GET /xingrg/all/function/internal_message.html?_=1714193141093&CODE_STATE=getMsg HTTP/1.1" 200 27
180.163.29.217 - - [27/Apr/2024:12:45:48 +0800] "GET /xingrg/login.html HTTP/1.1" 200 7641
222.70.183.82 - - [27/Apr/2024:12:45:56 +0800] "GET /xingrg/all/function/internal_message.html?_=1714193154932&CODE_STATE=getMsg HTTP/1.1" 200 27
180.169.147.146 - - [27/Apr/2024:12:45:59 +0800] "GET /xingrg/kc/buy/cgsh_order_operate.html?command=get_materiel&rest_code=00147&code=00101029017&supplier_code=00100017&order_time=2024-04-27 HTTP/1.1" 200 447
180.169.147.146 - - [27/Apr/2024:12:46:01 +0800] "POST /xingrg/all/common/load_select.html HTTP/1.1" 200 25
114.85.36.201 - - [27/Apr/2024:12:46:03 +0800] "GET /xingrg/all/function/internal_message.html?_=1714191555899&CODE_STATE=getMsg HTTP/1.1" 200 27
180.169.147.146 - - [27/Apr/2024:12:46:05 +0800] "GET /xingrg/kc/buy/cgsh_order_operate.html?command=get_materiel_price&rest_code=00147&code=00101029017&unit_code=00100179&supplier_code=00100017&order_time=2024-04-27 HTTP/1.1" 200 29
180.164.6.225 - - [27/Apr/2024:12:46:07 +0800] "GET /xingrg/all/function/internal_message.html?_=1714193165945&CODE_STATE=getMsg HTTP/1.1" 200 27
124.78.56.241 - - [27/Apr/2024:12:46:08 +0800] "GET /xingrg/all/function/internal_message.html?_=1714193168858&CODE_STATE=getMsg HTTP/1.1" 200 27
222.69.133.110 - - [27/Apr/2024:12:46:11 +0800] "GET /xingrg/all/function/internal_message.html?_=1714193171543&CODE_STATE=getMsg HTTP/1.1" 200 27
180.169.147.146 - - [27/Apr/2024:12:46:14 +0800] "GET /xingrg/kc/report/report_main.html HTTP/1.1" 200 8599
180.163.29.206 - - [27/Apr/2024:12:46:15 +0800] "GET /xingrg/kc/base/wldb_order_operate.html?command=get_materiel&rest_code=00106&base_code=0010397&code=00102004030 HTTP/1.1" 302 -
180.163.29.206 - - [27/Apr/2024:12:46:15 +0800] "GET /xingrg/login.html HTTP/1.1" 200 7641
221.239.168.119 - - [27/Apr/2024:12:46:15 +0800] "GET /xingrg/kc/buy/cgsh_order_operate.html?command=get_materiel&rest_code=00145&code=00101012029&supplier_code=00100554&order_time=2024-04-12 HTTP/1.1" 200 412
180.169.147.146 - - [27/Apr/2024:12:46:18 +0800] "POST /xingrg/all/user/operate.html HTTP/1.1" 200 36
180.169.147.146 - - [27/Apr/2024:12:46:18 +0800] "GET /xingrg/index.html?sysBaseUrl=http%3A%2F%2F180.169.147.146%3A18081%2Fxingrg%2F&costTime=39×tamp=1592034574635 HTTP/1.1" 200 17509
180.169.147.146 - - [27/Apr/2024:12:46:18 +0800] "GET /xingrg/javascript/jquery_easy_ui/themes/default/easyui.css HTTP/1.1" 304 -
180.169.147.146 - - [27/Apr/2024:12:46:18 +0800] "GET /xingrg/javascript/jquery_easy_ui/themes/icon.css HTTP/1.1" 304 -
180.169.147.146 - - [27/Apr/2024:12:46:18 +0800] "GET /xingrg/css/form.css HTTP/1.1" 304 -
180.169.147.146 - - [27/Apr/2024:12:46:18 +0800] "GET /xingrg/javascript/jquery-1.4.2.min.js HTTP/1.1" 304 -
180.169.147.146 - - [27/Apr/2024:12:46:18 +0800] "GET /xingrg/javascript/jquery_easy_ui/jquery.easyui.min.js HTTP/1.1" 304 -
180.169.147.146 - - [27/Apr/2024:12:46:18 +0800] "GET /xingrg/javascript/jquery_easy_ui/easyui-lang-zh_CN.js HTTP/1.1" 304 -
180.169.147.146 - - [27/Apr/2024:12:46:18 +0800] "GET /xingrg/javascript/jquery.form.js HTTP/1.1" 304 -
180.169.147.146 - - [27/Apr/2024:12:46:18 +0800] "GET /xingrg/javascript/jquery.utils.js HTTP/1.1" 304 -
180.169.147.146 - - [27/Apr/2024:12:46:18 +0800] "GET /xingrg/javascript/jquery.timers.js HTTP/1.1" 304 -
180.169.147.146 - - [27/Apr/2024:12:46:18 +0800] "GET /xingrg/images/blue/jxLogo.png HTTP/1.1" 304 -
180.169.147.146 - - [27/Apr/2024:12:46:18 +0800] "GET /xingrg/javascript/jquery_easy_ui/themes/icons/settle_new.png HTTP/1.1" 304 -
180.169.147.146 - - [27/Apr/2024:12:46:18 +0800] "GET /xingrg/images/blue/navBackgound.jpg HTTP/1.1" 304 -
180.169.147.146 - - [27/Apr/2024:12:46:18 +0800] "GET /xingrg/all/function/internal_message.html?_=1714193178767&CODE_STATE=count HTTP/1.1" 200 11
180.169.147.146 - - [27/Apr/2024:12:46:18 +0800] "GET /xingrg/check_reg.html?_=1714193178767 HTTP/1.1" 200 22
180.169.147.146 - - [27/Apr/2024:12:46:18 +0800] "GET /xingrg/javascript/jquery_easy_ui/themes/default/images/tabs_rightarrow.png HTTP/1.1" 304 -
180.169.147.146 - - [27/Apr/2024:12:46:18 +0800] "GET /xingrg/images/blue/pingpu.png HTTP/1.1" 304 -
180.169.147.146 - - [27/Apr/2024:12:46:18 +0800] "GET /xingrg/javascript/jquery_easy_ui/themes/default/images/tabs_leftarrow.png HTTP/1.1" 304 -
180.169.147.146 - - [27/Apr/2024:12:46:18 +0800] "GET /xingrg/javascript/jquery_easy_ui/themes/default/images/panel_tool_collapse.gif HTTP/1.1" 304 -
180.169.147.146 - - [27/Apr/2024:12:46:18 +0800] "GET /xingrg/javascript/jquery_easy_ui/themes/default/images/panel_tool_expand.gif HTTP/1.1" 304 -
180.169.147.146 - - [27/Apr/2024:12:46:18 +0800] "POST /xingrg/all/common/load_tree.html?tree=area_rest_tree_json&manage=1 HTTP/1.1" 200 3624
180.169.147.146 - - [27/Apr/2024:12:46:18 +0800] "POST /xingrg/load_menu.html HTTP/1.1" 200 9959
180.169.147.146 - - [27/Apr/2024:12:46:20 +0800] "GET /xingrg/kc/report/report_main.html HTTP/1.1" 200 7340
180.169.147.146 - - [27/Apr/2024:12:46:21 +0800] "GET /xingrg/all/report/report_query.html?fileName=kc/buy/wlcg_mx.xml HTTP/1.1" 200 51648
180.169.147.146 - - [27/Apr/2024:12:46:21 +0800] "GET /xingrg/dwr/interface/AjaxReportQueryService.js HTTP/1.1" 200 13203
180.169.147.146 - - [27/Apr/2024:12:46:21 +0800] "GET /xingrg/dwr/engine.js HTTP/1.1" 200 43631
180.169.147.146 - - [27/Apr/2024:12:46:21 +0800] "POST /xingrg/dwr/call/plaincall/AjaxReportQueryService.getFixDate.dwr HTTP/1.1" 200 111
180.169.147.146 - - [27/Apr/2024:12:46:21 +0800] "POST /xingrg/dwr/call/plaincall/AjaxReportQueryService.getInitString.dwr HTTP/1.1" 200 37766
180.169.147.146 - - [27/Apr/2024:12:46:22 +0800] "POST /xingrg/dwr/call/plaincall/AjaxReportQueryService.getInitString.dwr HTTP/1.1" 200 1083
180.169.147.146 - - [27/Apr/2024:12:46:22 +0800] "POST /xingrg/dwr/call/plaincall/AjaxReportQueryService.getInitString.dwr HTTP/1.1" 200 125
180.169.147.146 - - [27/Apr/2024:12:46:23 +0800] "POST /xingrg/kc/buy/cgsh_order_operate.html HTTP/1.1" 200 37
180.169.147.146 - - [27/Apr/2024:12:46:25 +0800] "POST /xingrg/kc/buy/cgsh_order_operate.html HTTP/1.1" 200 7068
180.169.147.146 - - [27/Apr/2024:12:46:27 +0800] "GET /xingrg/kc/print/load_data.html?order_code=212024042707539&kc_code=cgsh HTTP/1.1" 200 2595
180.169.147.146 - - [27/Apr/2024:12:46:29 +0800] "POST /xingrg/dwr/call/plaincall/AjaxReportQueryService.refreshCache.dwr HTTP/1.1" 200 78
180.169.147.146 - - [27/Apr/2024:12:46:30 +0800] "GET /xingrg/kc/print/load_data.html?order_code=212024042707539&kc_code=cgsh&condition= HTTP/1.1" 200 2595
116.238.97.31 - - [27/Apr/2024:12:46:32 +0800] "GET /xingrg/all/function/internal_message.html?_=1714193192239&CODE_STATE=getMsg HTTP/1.1" 200 27
180.169.147.146 - - [27/Apr/2024:12:46:34 +0800] "GET /xingrg/kc/buy/cgsh_order_add.html HTTP/1.1" 200 74210
180.169.147.146 - - [27/Apr/2024:12:46:34 +0800] "POST /xingrg/kc/buy/cgsh_order_operate.html HTTP/1.1" 200 8245
180.169.147.146 - - [27/Apr/2024:12:46:34 +0800] "GET /xingrg/javascript/easyui/themes/default/validatebox.css HTTP/1.1" 404 1104
180.169.147.146 - - [27/Apr/2024:12:46:35 +0800] "POST /xingrg/all/report/load_report_page.html HTTP/1.1" 200 18803
180.169.147.146 - - [27/Apr/2024:12:46:35 +0800] "GET /xingrg/servlets/image?cache=0.3475576802362583&image=px HTTP/1.1" 200 807
101.83.144.49 - - [27/Apr/2024:12:46:37 +0800] "GET /xingrg/all/function/internal_message.html?_=1714193199177&CODE_STATE=getMsg HTTP/1.1" 200 27
116.232.195.13 - - [27/Apr/2024:12:46:38 +0800] "GET /xingrg/all/function/internal_message.html?_=1714193185265&CODE_STATE=getMsg HTTP/1.1" 200 27
180.169.147.146 - - [27/Apr/2024:12:46:40 +0800] "GET /xingrg/kc/buy/cgsh_order_info.html?isLook=1&code=212024041704601 HTTP/1.1" 200 69358
180.169.147.146 - - [27/Apr/2024:12:46:40 +0800] "GET /xingrg/words/20240426191529_words.js HTTP/1.1" 304 -
180.169.147.146 - - [27/Apr/2024:12:46:40 +0800] "GET /favicon.ico HTTP/1.1" 404 -
180.169.147.146 - - [27/Apr/2024:12:46:40 +0800] "GET /xingrg/javascript/easyui/themes/default/validatebox.css HTTP/1.1" 404 1104
180.169.147.146 - - [27/Apr/2024:12:46:41 +0800] "POST /xingrg/kc/buy/cgsh_order_operate.html HTTP/1.1" 200 8940
116.238.97.31 - - [27/Apr/2024:12:46:44 +0800] "GET /xingrg/all/function/internal_message.html?_=1714193234415&CODE_STATE=getMsg HTTP/1.1" 200 27
180.169.147.146 - - [27/Apr/2024:12:46:45 +0800] "POST /xingrg/all/common/load_select.html HTTP/1.1" 200 25
221.239.168.119 - - [27/Apr/2024:12:46:47 +0800] "POST /xingrg/kc/buy/cgsh_order_operate.html HTTP/1.1" 200 2065
116.237.73.135 - - [27/Apr/2024:12:46:48 +0800] "GET /xingrg/all/function/internal_message.html?_=1714193201063&CODE_STATE=getMsg HTTP/1.1" 200 27
180.163.29.217 - - [27/Apr/2024:12:46:49 +0800] "GET /xingrg/all/function/internal_message.html?_=1714193141093&CODE_STATE=getMsg HTTP/1.1" 302 -
180.163.29.217 - - [27/Apr/2024:12:46:50 +0800] "GET /xingrg/login.html HTTP/1.1" 200 7641
221.239.168.119 - - [27/Apr/2024:12:46:54 +0800] "GET /xingrg/kc/buy/cgsh_order_operate.html?command=get_materiel&rest_code=00145&code=00101013017&supplier_code=00100554&order_time=2024-04-12 HTTP/1.1" 200 413
222.70.183.82 - - [27/Apr/2024:12:46:56 +0800] "GET /xingrg/check_reg.html?_=1714193214923 HTTP/1.1" 200 22
222.70.183.82 - - [27/Apr/2024:12:46:56 +0800] "GET /xingrg/all/function/internal_message.html?_=1714193214925&CODE_STATE=getMsg HTTP/1.1" 200 27
114.85.36.201 - - [27/Apr/2024:12:47:03 +0800] "GET /xingrg/all/function/internal_message.html?_=1714191615918&CODE_STATE=getMsg HTTP/1.1" 200 27
101.83.144.49 - - [27/Apr/2024:12:47:06 +0800] "GET /xingrg/check_reg.html?_=1714193228547 HTTP/1.1" 200 22
180.164.6.225 - - [27/Apr/2024:12:47:07 +0800] "GET /xingrg/all/function/internal_message.html?_=1714193225929&CODE_STATE=getMsg HTTP/1.1" 200 27
124.78.56.241 - - [27/Apr/2024:12:47:08 +0800] "GET /xingrg/all/function/internal_message.html?_=1714193228853&CODE_STATE=getMsg HTTP/1.1" 200 27
180.169.147.146 - - [27/Apr/2024:12:47:09 +0800] "GET /xingrg/kc/buy/cgsh_order_operate.html?command=get_materiel&rest_code=00147&code=00101028050&supplier_code=00100017&order_time=2024-04-27 HTTP/1.1" 200 432
180.164.6.225 - - [27/Apr/2024:12:47:09 +0800] "GET /xingrg/check_reg.html?_=1714193228483 HTTP/1.1" 200 22
222.69.133.110 - - [27/Apr/2024:12:47:11 +0800] "GET /xingrg/all/function/internal_message.html?_=1714193231531&CODE_STATE=getMsg HTTP/1.1" 200 27
180.169.147.146 - - [27/Apr/2024:12:47:11 +0800] "POST /xingrg/all/common/load_select.html HTTP/1.1" 200 12
180.169.147.146 - - [27/Apr/2024:12:47:15 +0800] "GET /xingrg/kc/buy/cgsh_order_operate.html?command=get_materiel_price&rest_code=00147&code=00101028050&unit_code=00100016&supplier_code=00100017&order_time=2024-04-27 HTTP/1.1" 200 29
180.169.147.146 - - [27/Apr/2024:12:47:18 +0800] "GET /xingrg/all/function/internal_message.html?_=1714193238784&CODE_STATE=getMsg HTTP/1.1" 200 27
180.169.147.146 - - [27/Apr/2024:12:47:22 +0800] "GET /xingrg/check_reg.html?_=1714193231062 HTTP/1.1" 200 22
180.169.147.146 - - [27/Apr/2024:12:47:31 +0800] "GET /xingrg/kc/buy/cgsh_order_operate.html?command=get_materiel&rest_code=00147&code=00101026016&supplier_code=00100017&order_time=2024-04-27 HTTP/1.1" 200 442
180.169.147.146 - - [27/Apr/2024:12:47:31 +0800] "POST /xingrg/all/common/load_select.html HTTP/1.1" 200 25
116.238.97.31 - - [27/Apr/2024:12:47:32 +0800] "GET /xingrg/all/function/internal_message.html?_=1714193252211&CODE_STATE=getMsg HTTP/1.1" 200 27
116.238.97.31 - - [27/Apr/2024:12:47:32 +0800] "GET /xingrg/check_reg.html?_=1714193252530 HTTP/1.1" 200 22
180.169.147.146 - - [27/Apr/2024:12:47:34 +0800] "GET /xingrg/kc/buy/cgsh_order_operate.html?command=get_materiel_price&rest_code=00147&code=00101026016&unit_code=00100188&supplier_code=00100017&order_time=2024-04-27 HTTP/1.1" 200 29
101.83.144.49 - - [27/Apr/2024:12:47:37 +0800] "GET /xingrg/all/function/internal_message.html?_=1714193259157&CODE_STATE=getMsg HTTP/1.1" 200 27
116.232.195.13 - - [27/Apr/2024:12:47:38 +0800] "GET /xingrg/all/function/internal_message.html?_=1714193245257&CODE_STATE=getMsg HTTP/1.1" 200 27
180.169.147.146 - - [27/Apr/2024:12:47:38 +0800] "GET /xingrg/kc/buy/cgsh_order_operate.html?command=get_materiel_price&rest_code=00147&code=00101026016&unit_code=00100189&supplier_code=00100017&order_time=2024-04-27 HTTP/1.1" 200 29
116.238.97.31 - - [27/Apr/2024:12:47:44 +0800] "GET /xingrg/all/function/internal_message.html?_=1714193294401&CODE_STATE=getMsg HTTP/1.1" 200 27
221.239.168.119 - - [27/Apr/2024:12:47:45 +0800] "GET /xingrg/kc/buy/cgsh_order_operate.html?command=get_materiel&rest_code=00145&code=00101012059&supplier_code=00100554&order_time=2024-04-12 HTTP/1.1" 200 412
116.237.73.135 - - [27/Apr/2024:12:47:48 +0800] "GET /xingrg/all/function/internal_message.html?_=1714193261035&CODE_STATE=getMsg HTTP/1.1" 200 27
221.239.168.119 - - [27/Apr/2024:12:47:49 +0800] "POST /xingrg/kc/buy/cgsh_order_operate.html HTTP/1.1" 200 2065
116.237.73.135 - - [27/Apr/2024:12:47:49 +0800] "GET /xingrg/check_reg.html?_=1714193262388 HTTP/1.1" 200 22
180.169.147.146 - - [27/Apr/2024:12:47:51 +0800] "POST /xingrg/all/common/load_select.html HTTP/1.1" 200 25
222.70.183.82 - - [27/Apr/2024:12:47:56 +0800] "GET /xingrg/all/function/internal_message.html?_=1714193274923&CODE_STATE=getMsg HTTP/1.1" 200 27
114.85.36.201 - - [27/Apr/2024:12:48:03 +0800] "GET /xingrg/all/function/internal_message.html?_=1714191675907&CODE_STATE=getMsg HTTP/1.1" 200 27
180.169.147.146 - - [27/Apr/2024:12:48:06 +0800] "POST /xingrg/all/user/operate.html HTTP/1.1" 200 36
180.169.147.146 - - [27/Apr/2024:12:48:06 +0800] "GET /xingrg/index.html?sysBaseUrl=http%3A%2F%2F180.169.147.146%3A18081%2Fxingrg%2F&costTime=39×tamp=1592034574635 HTTP/1.1" 200 17503
