116.238.97.31 - - [26/Apr/2024:08:24:39 +0800] "GET /xingrg/javascript/easyui/themes/default/images/button_plain_hover.png HTTP/1.1" 200 144
120.253.135.82 - - [26/Apr/2024:08:24:41 +0800] "GET /xingrg/kc/pszx/jzcl_ps.html HTTP/1.1" 200 7683
120.253.135.82 - - [26/Apr/2024:08:24:41 +0800] "POST /xingrg/all/common/load_tree.html?tree=area_rest_tree_json HTTP/1.1" 200 3624
120.253.135.82 - - [26/Apr/2024:08:24:41 +0800] "POST /xingrg/kc/pszx/jzcl_ps_operate.html HTTP/1.1" 200 839
120.253.135.82 - - [26/Apr/2024:08:24:42 +0800] "POST /xingrg/kc/pszx/jzcl_ps_operate.html HTTP/1.1" 200 839
116.224.254.208 - - [26/Apr/2024:08:24:43 +0800] "GET /xingrg/all/function/internal_message.html?_=1714091083062&CODE_STATE=getMsg HTTP/1.1" 200 27
116.224.254.208 - - [26/Apr/2024:08:24:43 +0800] "GET /xingrg/check_reg.html?_=1714091083065 HTTP/1.1" 200 22
101.83.144.49 - - [26/Apr/2024:08:24:47 +0800] "GET /xingrg/kc/buy/cgsh_order_operate.html?command=get_materiel&rest_code=00105&code=00101008286&supplier_code=00100008&order_time=2024-04-26 HTTP/1.1" 200 408
180.169.147.146 - - [26/Apr/2024:08:24:54 +0800] "GET /xingrg/all/function/internal_message.html?_=1714091082913&CODE_STATE=getMsg HTTP/1.1" 302 -
116.224.254.208 - - [26/Apr/2024:08:24:55 +0800] "GET /xingrg/all/function/internal_message.html?_=1714091095720&CODE_STATE=getMsg HTTP/1.1" 200 27
120.253.135.82 - - [26/Apr/2024:08:24:55 +0800] "POST /xingrg/kc/pszx/jzcl_ps_operate.html HTTP/1.1" 200 4
101.83.144.49 - - [26/Apr/2024:08:25:01 +0800] "GET /xingrg/all/function/internal_message.html?_=1714091102701&CODE_STATE=getMsg HTTP/1.1" 200 27
116.238.97.31 - - [26/Apr/2024:08:25:04 +0800] "GET /xingrg/all/function/internal_message.html?_=1714091127686&CODE_STATE=getMsg HTTP/1.1" 200 27
120.253.135.82 - - [26/Apr/2024:08:25:05 +0800] "POST /xingrg/kc/pszx/jzcl_ps_operate.html HTTP/1.1" 200 21
120.253.135.82 - - [26/Apr/2024:08:25:05 +0800] "GET /xingrg/kc/pszx/mdps_order_list.html HTTP/1.1" 200 21033
120.253.135.82 - - [26/Apr/2024:08:25:06 +0800] "POST /xingrg/kc/pszx/mdps_list_operate.html HTTP/1.1" 200 5348
101.83.144.49 - - [26/Apr/2024:08:25:10 +0800] "GET /xingrg/kc/buy/cgsh_order_operate.html?command=get_materiel&rest_code=00105&code=00101008356&supplier_code=00100008&order_time=2024-04-26 HTTP/1.1" 200 408
116.238.97.31 - - [26/Apr/2024:08:25:11 +0800] "GET /xingrg/all/function/internal_message.html?_=1714091112603&CODE_STATE=getMsg HTTP/1.1" 200 27
116.238.97.31 - - [26/Apr/2024:08:25:20 +0800] "POST /xingrg/kc/base/wldb_list_operate.html HTTP/1.1" 200 2540
120.253.135.82 - - [26/Apr/2024:08:25:20 +0800] "POST /xingrg/kc/pszx/mdps_list_operate.html HTTP/1.1" 200 5437
120.253.135.82 - - [26/Apr/2024:08:25:23 +0800] "POST /xingrg/kc/pszx/mdps_list_operate.html HTTP/1.1" 200 5471
120.253.135.82 - - [26/Apr/2024:08:25:29 +0800] "POST /xingrg/kc/pszx/mdps_list_operate.html HTTP/1.1" 200 281
124.78.56.241 - - [26/Apr/2024:08:25:30 +0800] "GET /xingrg/all/function/internal_message.html?_=1714091130370&CODE_STATE=getMsg HTTP/1.1" 200 27
120.253.135.82 - - [26/Apr/2024:08:25:32 +0800] "POST /xingrg/kc/pszx/mdps_list_operate.html HTTP/1.1" 200 5456
120.253.135.82 - - [26/Apr/2024:08:25:33 +0800] "POST /xingrg/kc/pszx/mdps_list_operate.html HTTP/1.1" 200 635
120.253.135.82 - - [26/Apr/2024:08:25:34 +0800] "GET /xingrg/kc/pszx/mdps_order_info.html?code=312024042600449 HTTP/1.1" 200 23970
120.253.135.82 - - [26/Apr/2024:08:25:34 +0800] "GET /xingrg/all/function/internal_message.html?_=1714091316522&CODE_STATE=getMsg HTTP/1.1" 200 27
120.253.135.82 - - [26/Apr/2024:08:25:34 +0800] "GET /xingrg/check_reg.html?_=1714091316524 HTTP/1.1" 200 22
120.253.135.82 - - [26/Apr/2024:08:25:34 +0800] "GET /xingrg/javascript/easyui/themes/default/validatebox.css HTTP/1.1" 404 1104
120.253.135.82 - - [26/Apr/2024:08:25:35 +0800] "GET /xingrg/all/common/auto_word.html?type=base&rest_code=00101 HTTP/1.1" 200 671
120.253.135.82 - - [26/Apr/2024:08:25:35 +0800] "POST /xingrg/kc/pszx/mdps_order_operate.html HTTP/1.1" 200 11365
101.83.144.49 - - [26/Apr/2024:08:25:36 +0800] "GET /xingrg/kc/buy/cgsh_order_operate.html?command=get_materiel&rest_code=00105&code=00101008256&supplier_code=00100008&order_time=2024-04-26 HTTP/1.1" 200 412
116.224.254.208 - - [26/Apr/2024:08:25:43 +0800] "GET /xingrg/all/function/internal_message.html?_=1714091143046&CODE_STATE=getMsg HTTP/1.1" 200 27
116.238.97.31 - - [26/Apr/2024:08:25:48 +0800] "POST /xingrg/kc/base/wldb_list_operate.html HTTP/1.1" 200 653
120.253.135.82 - - [26/Apr/2024:08:25:49 +0800] "POST /xingrg/kc/pszx/mdps_order_operate.html HTTP/1.1" 200 37
116.238.97.31 - - [26/Apr/2024:08:25:49 +0800] "GET /xingrg/kc/base/wldb_order_info.html?code=422024042501623 HTTP/1.1" 200 30393
116.238.97.31 - - [26/Apr/2024:08:25:49 +0800] "GET /xingrg/javascript/easyui/themes/icons/template_new.png HTTP/1.1" 200 3956
116.238.97.31 - - [26/Apr/2024:08:25:49 +0800] "GET /xingrg/javascript/easyui/themes/icons/ok.png HTTP/1.1" 200 883
116.238.97.31 - - [26/Apr/2024:08:25:49 +0800] "GET /xingrg/javascript/easyui/themes/default/validatebox.css HTTP/1.1" 404 1104
116.238.97.31 - - [26/Apr/2024:08:25:50 +0800] "GET /xingrg/all/common/auto_word.html?type=base&rest_code=00102 HTTP/1.1" 200 1857
116.238.97.31 - - [26/Apr/2024:08:25:50 +0800] "GET /xingrg/all/common/auto_word.html?type=base&rest_code=00102 HTTP/1.1" 200 1857
116.238.97.31 - - [26/Apr/2024:08:25:50 +0800] "POST /xingrg/kc/base/wldb_order_operate.html HTTP/1.1" 200 5235
120.253.135.82 - - [26/Apr/2024:08:25:51 +0800] "GET /xingrg/kc/pszx/mdps_order_info.html?code=312024042600449 HTTP/1.1" 200 23970
120.253.135.82 - - [26/Apr/2024:08:25:51 +0800] "GET /xingrg/javascript/easyui/themes/default/validatebox.css HTTP/1.1" 404 1104
120.253.135.82 - - [26/Apr/2024:08:25:51 +0800] "GET /xingrg/all/common/auto_word.html?type=base&rest_code=00101 HTTP/1.1" 200 671
120.253.135.82 - - [26/Apr/2024:08:25:51 +0800] "POST /xingrg/kc/pszx/mdps_order_operate.html HTTP/1.1" 200 11511
101.83.144.49 - - [26/Apr/2024:08:25:53 +0800] "GET /xingrg/kc/buy/cgsh_order_operate.html?command=get_materiel&rest_code=00105&code=00101015066&supplier_code=00100008&order_time=2024-04-26 HTTP/1.1" 200 413
180.169.147.146 - - [26/Apr/2024:08:25:54 +0800] "GET /xingrg/all/function/internal_message.html?_=1714091142897&CODE_STATE=getMsg HTTP/1.1" 302 -
116.224.254.208 - - [26/Apr/2024:08:25:55 +0800] "GET /xingrg/all/function/internal_message.html?_=1714091155722&CODE_STATE=getMsg HTTP/1.1" 200 27
101.83.144.49 - - [26/Apr/2024:08:26:01 +0800] "GET /xingrg/all/function/internal_message.html?_=1714091162705&CODE_STATE=getMsg HTTP/1.1" 200 27
101.83.144.49 - - [26/Apr/2024:08:26:04 +0800] "GET /xingrg/kc/buy/cgsh_order_operate.html?command=get_materiel&rest_code=00105&code=00101008119&supplier_code=00100008&order_time=2024-04-26 HTTP/1.1" 200 412
116.238.97.31 - - [26/Apr/2024:08:26:04 +0800] "GET /xingrg/javascript/jquery_easy_ui/themes/icons/rest.png HTTP/1.1" 200 695
116.238.97.31 - - [26/Apr/2024:08:26:04 +0800] "GET /xingrg/javascript/jquery_easy_ui/themes/icons/area.png HTTP/1.1" 200 262
116.238.97.31 - - [26/Apr/2024:08:26:04 +0800] "GET /xingrg/all/function/internal_message.html?_=1714091187683&CODE_STATE=getMsg HTTP/1.1" 200 27
116.238.97.31 - - [26/Apr/2024:08:26:06 +0800] "POST /xingrg/kc/base/wldb_list_operate.html HTTP/1.1" 200 204
116.238.97.31 - - [26/Apr/2024:08:26:07 +0800] "GET /xingrg/kc/base/wldb_order_info.html?code=422024042501625 HTTP/1.1" 200 30389
116.238.97.31 - - [26/Apr/2024:08:26:08 +0800] "GET /xingrg/javascript/easyui/themes/default/validatebox.css HTTP/1.1" 404 1104
116.238.97.31 - - [26/Apr/2024:08:26:08 +0800] "POST /xingrg/kc/base/wldb_order_operate.html HTTP/1.1" 200 2203
116.238.97.31 - - [26/Apr/2024:08:26:11 +0800] "GET /xingrg/all/function/internal_message.html?_=1714091172604&CODE_STATE=getMsg HTTP/1.1" 200 27
116.238.97.31 - - [26/Apr/2024:08:26:17 +0800] "POST /xingrg/kc/base/wldb_list_operate.html HTTP/1.1" 200 640
101.83.144.49 - - [26/Apr/2024:08:26:20 +0800] "GET /xingrg/kc/buy/cgsh_order_operate.html?command=get_materiel&rest_code=00105&code=00101008264&supplier_code=00100008&order_time=2024-04-26 HTTP/1.1" 200 432
116.238.97.31 - - [26/Apr/2024:08:26:24 +0800] "GET /xingrg/kc/base/wldb_order_info.html?code=422024042501624 HTTP/1.1" 200 30393
116.238.97.31 - - [26/Apr/2024:08:26:24 +0800] "GET /xingrg/javascript/easyui/themes/default/validatebox.css HTTP/1.1" 404 1104
116.238.97.31 - - [26/Apr/2024:08:26:25 +0800] "POST /xingrg/kc/base/wldb_order_operate.html HTTP/1.1" 200 5738
124.78.56.241 - - [26/Apr/2024:08:26:30 +0800] "GET /xingrg/all/function/internal_message.html?_=1714091190346&CODE_STATE=getMsg HTTP/1.1" 200 27
120.253.135.82 - - [26/Apr/2024:08:26:34 +0800] "GET /xingrg/all/function/internal_message.html?_=1714091376525&CODE_STATE=getMsg HTTP/1.1" 200 27
116.224.254.208 - - [26/Apr/2024:08:26:43 +0800] "GET /xingrg/all/function/internal_message.html?_=1714091203049&CODE_STATE=getMsg HTTP/1.1" 200 27
101.83.144.49 - - [26/Apr/2024:08:26:48 +0800] "GET /xingrg/kc/buy/cgsh_order_operate.html?command=get_materiel&rest_code=00105&code=00101008069&supplier_code=00100008&order_time=2024-04-26 HTTP/1.1" 200 412
116.238.97.31 - - [26/Apr/2024:08:26:50 +0800] "POST /xingrg/kc/base/wldb_list_operate.html HTTP/1.1" 200 6107
180.169.147.146 - - [26/Apr/2024:08:26:54 +0800] "GET /xingrg/all/function/internal_message.html?_=1714091202882&CODE_STATE=getMsg HTTP/1.1" 302 -
116.224.254.208 - - [26/Apr/2024:08:26:55 +0800] "GET /xingrg/all/function/internal_message.html?_=1714091215720&CODE_STATE=getMsg HTTP/1.1" 200 27
116.238.97.31 - - [26/Apr/2024:08:26:59 +0800] "POST /xingrg/kc/base/wldb_list_operate.html HTTP/1.1" 200 6259
101.83.144.49 - - [26/Apr/2024:08:27:01 +0800] "GET /xingrg/all/function/internal_message.html?_=1714091222738&CODE_STATE=getMsg HTTP/1.1" 200 27
116.238.97.31 - - [26/Apr/2024:08:27:04 +0800] "GET /xingrg/all/function/internal_message.html?_=1714091247680&CODE_STATE=getMsg HTTP/1.1" 200 27
116.238.97.31 - - [26/Apr/2024:08:27:11 +0800] "GET /xingrg/all/function/internal_message.html?_=1714091232611&CODE_STATE=getMsg HTTP/1.1" 200 27
116.238.97.31 - - [26/Apr/2024:08:27:13 +0800] "POST /xingrg/kc/base/wldb_list_operate.html HTTP/1.1" 200 375
116.238.97.31 - - [26/Apr/2024:08:27:16 +0800] "GET /xingrg/kc/base/wldb_order_info.html?code=422024042101327 HTTP/1.1" 200 26254
116.238.97.31 - - [26/Apr/2024:08:27:17 +0800] "GET /xingrg/javascript/easyui/themes/default/validatebox.css HTTP/1.1" 404 1104
116.238.97.31 - - [26/Apr/2024:08:27:17 +0800] "POST /xingrg/kc/base/wldb_order_operate.html HTTP/1.1" 200 1467
101.83.144.49 - - [26/Apr/2024:08:27:25 +0800] "GET /xingrg/kc/buy/cgsh_order_operate.html?command=get_materiel&rest_code=00105&code=00101008211&supplier_code=00100008&order_time=2024-04-26 HTTP/1.1" 200 412
124.78.56.241 - - [26/Apr/2024:08:27:26 +0800] "GET /xingrg/check_reg.html?_=1714091246441 HTTP/1.1" 200 22
124.78.56.241 - - [26/Apr/2024:08:27:30 +0800] "GET /xingrg/all/function/internal_message.html?_=1714091250336&CODE_STATE=getMsg HTTP/1.1" 200 27
120.253.135.82 - - [26/Apr/2024:08:27:34 +0800] "GET /xingrg/all/function/internal_message.html?_=1714091436529&CODE_STATE=getMsg HTTP/1.1" 200 27
116.238.97.31 - - [26/Apr/2024:08:27:42 +0800] "POST /xingrg/kc/base/wldb_list_operate.html HTTP/1.1" 200 6107
116.224.254.208 - - [26/Apr/2024:08:27:43 +0800] "GET /xingrg/all/function/internal_message.html?_=1714091263043&CODE_STATE=getMsg HTTP/1.1" 200 27
101.83.144.49 - - [26/Apr/2024:08:27:44 +0800] "GET /xingrg/kc/buy/cgsh_order_operate.html?command=get_materiel&rest_code=00105&code=00101008185&supplier_code=00100008&order_time=2024-04-26 HTTP/1.1" 200 408
120.253.135.82 - - [26/Apr/2024:08:27:47 +0800] "POST /xingrg/kc/pszx/mdps_list_operate.html HTTP/1.1" 200 205
120.253.135.82 - - [26/Apr/2024:08:27:47 +0800] "GET /xingrg/kc/pszx/mdps_order_info.html?code=312024042600450 HTTP/1.1" 200 23970
120.253.135.82 - - [26/Apr/2024:08:27:48 +0800] "GET /xingrg/javascript/easyui/themes/default/validatebox.css HTTP/1.1" 404 1104
120.253.135.82 - - [26/Apr/2024:08:27:48 +0800] "GET /xingrg/all/common/auto_word.html?type=base&rest_code=00101 HTTP/1.1" 200 671
120.253.135.82 - - [26/Apr/2024:08:27:48 +0800] "POST /xingrg/kc/pszx/mdps_order_operate.html HTTP/1.1" 200 2275
116.238.97.31 - - [26/Apr/2024:08:27:50 +0800] "POST /xingrg/kc/base/wldb_list_operate.html HTTP/1.1" 200 219
180.169.147.146 - - [26/Apr/2024:08:27:54 +0800] "GET /xingrg/all/function/internal_message.html?_=1714091262865&CODE_STATE=getMsg HTTP/1.1" 302 -
116.224.254.208 - - [26/Apr/2024:08:27:55 +0800] "GET /xingrg/all/function/internal_message.html?_=1714091275714&CODE_STATE=getMsg HTTP/1.1" 200 27
116.224.254.208 - - [26/Apr/2024:08:27:55 +0800] "GET /xingrg/check_reg.html?_=1714091275717 HTTP/1.1" 200 22
101.83.144.49 - - [26/Apr/2024:08:27:56 +0800] "GET /xingrg/kc/buy/cgsh_order_operate.html?command=get_materiel&rest_code=00105&code=00101008230&supplier_code=00100008&order_time=2024-04-26 HTTP/1.1" 200 408
120.253.135.82 - - [26/Apr/2024:08:27:57 +0800] "POST /xingrg/kc/pszx/mdps_order_operate.html HTTP/1.1" 200 12
120.253.135.82 - - [26/Apr/2024:08:27:58 +0800] "POST /xingrg/kc/pszx/mdps_list_operate.html HTTP/1.1" 200 5468
116.238.97.31 - - [26/Apr/2024:08:28:00 +0800] "POST /xingrg/kc/base/wldb_list_operate.html HTTP/1.1" 200 619
116.238.97.31 - - [26/Apr/2024:08:28:01 +0800] "GET /xingrg/kc/base/wldb_order_info.html?code=422024042101322 HTTP/1.1" 200 26257
116.238.97.31 - - [26/Apr/2024:08:28:01 +0800] "GET /xingrg/javascript/easyui/themes/default/validatebox.css HTTP/1.1" 404 1104
101.83.144.49 - - [26/Apr/2024:08:28:01 +0800] "GET /xingrg/all/function/internal_message.html?_=1714091282720&CODE_STATE=getMsg HTTP/1.1" 200 27
116.238.97.31 - - [26/Apr/2024:08:28:01 +0800] "POST /xingrg/kc/base/wldb_order_operate.html HTTP/1.1" 200 4856
116.238.97.31 - - [26/Apr/2024:08:28:04 +0800] "GET /xingrg/all/function/internal_message.html?_=1714091307677&CODE_STATE=getMsg HTTP/1.1" 200 27
116.238.97.31 - - [26/Apr/2024:08:28:10 +0800] "GET /xingrg/check_reg.html?_=1714091291092 HTTP/1.1" 200 22
120.253.135.82 - - [26/Apr/2024:08:28:11 +0800] "POST /xingrg/kc/pszx/mdps_list_operate.html HTTP/1.1" 200 5471
116.238.97.31 - - [26/Apr/2024:08:28:11 +0800] "GET /xingrg/all/function/internal_message.html?_=1714091292589&CODE_STATE=getMsg HTTP/1.1" 200 27
120.253.135.82 - - [26/Apr/2024:08:28:13 +0800] "POST /xingrg/kc/pszx/mdps_list_operate.html HTTP/1.1" 200 436
120.253.135.82 - - [26/Apr/2024:08:28:13 +0800] "GET /xingrg/kc/pszx/mdps_order_info.html?code=312024042600442 HTTP/1.1" 200 23970
101.83.144.49 - - [26/Apr/2024:08:28:13 +0800] "GET /xingrg/kc/buy/cgsh_order_operate.html?command=get_materiel&rest_code=00105&code=00101008163&supplier_code=00100008&order_time=2024-04-26 HTTP/1.1" 200 409
120.253.135.82 - - [26/Apr/2024:08:28:13 +0800] "GET /xingrg/javascript/easyui/themes/default/validatebox.css HTTP/1.1" 404 1104
120.253.135.82 - - [26/Apr/2024:08:28:14 +0800] "GET /xingrg/all/common/auto_word.html?type=base&rest_code=00101 HTTP/1.1" 200 671
120.253.135.82 - - [26/Apr/2024:08:28:14 +0800] "POST /xingrg/kc/pszx/mdps_order_operate.html HTTP/1.1" 200 3762
116.238.97.31 - - [26/Apr/2024:08:28:24 +0800] "POST /xingrg/kc/base/wldb_list_operate.html HTTP/1.1" 200 281
116.238.97.31 - - [26/Apr/2024:08:28:26 +0800] "GET /xingrg/kc/base/wldb_order_info.html?code=422024042101323 HTTP/1.1" 200 26256
120.253.135.82 - - [26/Apr/2024:08:28:26 +0800] "POST /xingrg/kc/pszx/mdps_order_operate.html HTTP/1.1" 200 37
116.238.97.31 - - [26/Apr/2024:08:28:26 +0800] "GET /xingrg/javascript/easyui/themes/default/validatebox.css HTTP/1.1" 404 1104
116.238.97.31 - - [26/Apr/2024:08:28:27 +0800] "POST /xingrg/kc/base/wldb_order_operate.html HTTP/1.1" 200 959
124.78.56.241 - - [26/Apr/2024:08:28:30 +0800] "GET /xingrg/all/function/internal_message.html?_=1714091310322&CODE_STATE=getMsg HTTP/1.1" 200 27
120.253.135.82 - - [26/Apr/2024:08:28:32 +0800] "GET /xingrg/kc/pszx/mdps_order_info.html?code=312024042600442 HTTP/1.1" 200 23970
120.253.135.82 - - [26/Apr/2024:08:28:32 +0800] "GET /xingrg/javascript/easyui/themes/default/validatebox.css HTTP/1.1" 404 1104
120.253.135.82 - - [26/Apr/2024:08:28:32 +0800] "GET /xingrg/all/common/auto_word.html?type=base&rest_code=00101 HTTP/1.1" 200 671
120.253.135.82 - - [26/Apr/2024:08:28:32 +0800] "POST /xingrg/kc/pszx/mdps_order_operate.html HTTP/1.1" 200 3763
120.253.135.82 - - [26/Apr/2024:08:28:34 +0800] "GET /xingrg/all/function/internal_message.html?_=1714091496539&CODE_STATE=getMsg HTTP/1.1" 200 27
116.238.97.31 - - [26/Apr/2024:08:28:42 +0800] "POST /xingrg/kc/base/wldb_list_operate.html HTTP/1.1" 200 211
101.83.144.49 - - [26/Apr/2024:08:28:43 +0800] "GET /xingrg/kc/buy/cgsh_order_operate.html?command=get_materiel&rest_code=00105&code=00101008005&supplier_code=00100008&order_time=2024-04-26 HTTP/1.1" 200 412
116.238.97.31 - - [26/Apr/2024:08:28:43 +0800] "GET /xingrg/kc/base/wldb_order_info.html?code=422024042101324 HTTP/1.1" 200 26250
116.224.254.208 - - [26/Apr/2024:08:28:43 +0800] "GET /xingrg/all/function/internal_message.html?_=1714091323048&CODE_STATE=getMsg HTTP/1.1" 200 27
116.238.97.31 - - [26/Apr/2024:08:28:44 +0800] "GET /xingrg/javascript/easyui/themes/default/validatebox.css HTTP/1.1" 404 1104
116.238.97.31 - - [26/Apr/2024:08:28:44 +0800] "POST /xingrg/kc/base/wldb_order_operate.html HTTP/1.1" 200 497
120.253.135.82 - - [26/Apr/2024:08:28:51 +0800] "GET /xingrg/check_reg.html?_=1714091179567 HTTP/1.1" 200 22
180.169.147.146 - - [26/Apr/2024:08:28:54 +0800] "GET /xingrg/all/function/internal_message.html?_=1714091322848&CODE_STATE=getMsg HTTP/1.1" 302 -
116.238.97.31 - - [26/Apr/2024:08:28:55 +0800] "POST /xingrg/kc/base/wldb_list_operate.html HTTP/1.1" 200 6259
116.224.254.208 - - [26/Apr/2024:08:28:55 +0800] "GET /xingrg/all/function/internal_message.html?_=1714091335708&CODE_STATE=getMsg HTTP/1.1" 200 27
116.238.97.31 - - [26/Apr/2024:08:28:59 +0800] "POST /xingrg/kc/base/wldb_list_operate.html HTTP/1.1" 200 375
101.83.144.49 - - [26/Apr/2024:08:29:01 +0800] "GET /xingrg/check_reg.html?_=1714091342683 HTTP/1.1" 200 22
101.83.144.49 - - [26/Apr/2024:08:29:01 +0800] "GET /xingrg/all/function/internal_message.html?_=1714091342702&CODE_STATE=getMsg HTTP/1.1" 200 27
116.238.97.31 - - [26/Apr/2024:08:29:04 +0800] "GET /xingrg/all/function/internal_message.html?_=1714091367674&CODE_STATE=getMsg HTTP/1.1" 200 27
101.83.144.49 - - [26/Apr/2024:08:29:04 +0800] "GET /xingrg/kc/buy/cgsh_order_operate.html?command=get_materiel&rest_code=00105&code=00101009034&supplier_code=00100008&order_time=2024-04-26 HTTP/1.1" 200 428
116.238.97.31 - - [26/Apr/2024:08:29:07 +0800] "GET /xingrg/check_reg.html?_=1714091370888 HTTP/1.1" 200 22
116.238.97.31 - - [26/Apr/2024:08:29:08 +0800] "POST /xingrg/kc/base/wldb_list_operate.html HTTP/1.1" 200 6232
116.238.97.31 - - [26/Apr/2024:08:29:11 +0800] "GET /xingrg/all/function/internal_message.html?_=1714091352573&CODE_STATE=getMsg HTTP/1.1" 200 27
116.238.97.31 - - [26/Apr/2024:08:29:14 +0800] "POST /xingrg/kc/base/wldb_list_operate.html HTTP/1.1" 200 636
120.253.135.82 - - [26/Apr/2024:08:29:16 +0800] "GET /xingrg/kc/pszx/mdps_order_list.html?orderType=0 HTTP/1.1" 200 21033
120.253.135.82 - - [26/Apr/2024:08:29:16 +0800] "POST /xingrg/kc/pszx/mdps_list_operate.html HTTP/1.1" 200 5348
120.253.135.82 - - [26/Apr/2024:08:29:21 +0800] "POST /xingrg/kc/pszx/mdps_list_operate.html HTTP/1.1" 200 5468
101.83.144.49 - - [26/Apr/2024:08:29:22 +0800] "GET /xingrg/kc/buy/cgsh_order_operate.html?command=get_materiel&rest_code=00105&code=00101008239&supplier_code=00100008&order_time=2024-04-26 HTTP/1.1" 200 416
120.253.135.82 - - [26/Apr/2024:08:29:24 +0800] "POST /xingrg/kc/pszx/mdps_list_operate.html HTTP/1.1" 200 635
120.253.135.82 - - [26/Apr/2024:08:29:24 +0800] "GET /xingrg/kc/pszx/mdps_order_info.html?code=312024042600449 HTTP/1.1" 200 23970
180.169.147.146 - - [26/Apr/2024:08:29:25 +0800] "GET /xingrg/check_reg.html?_=1714091352926 HTTP/1.1" 302 -
120.253.135.82 - - [26/Apr/2024:08:29:25 +0800] "GET /xingrg/javascript/easyui/themes/default/validatebox.css HTTP/1.1" 404 1104
120.253.135.82 - - [26/Apr/2024:08:29:25 +0800] "POST /xingrg/kc/pszx/mdps_order_operate.html HTTP/1.1" 200 11511
120.253.135.82 - - [26/Apr/2024:08:29:28 +0800] "GET /xingrg/kc/print/load_data.html?order_code=312024042600449&kc_code=mdps&condition= HTTP/1.1" 200 5029
124.78.56.241 - - [26/Apr/2024:08:29:30 +0800] "GET /xingrg/all/function/internal_message.html?_=1714091370302&CODE_STATE=getMsg HTTP/1.1" 200 27
120.253.135.82 - - [26/Apr/2024:08:29:34 +0800] "GET /xingrg/all/function/internal_message.html?_=1714091556539&CODE_STATE=getMsg HTTP/1.1" 200 27
101.83.144.49 - - [26/Apr/2024:08:29:35 +0800] "GET /xingrg/kc/buy/cgsh_order_operate.html?command=get_materiel&rest_code=00105&code=00101008188&supplier_code=00100008&order_time=2024-04-26 HTTP/1.1" 200 412
116.224.254.208 - - [26/Apr/2024:08:29:43 +0800] "GET /xingrg/all/function/internal_message.html?_=1714091383044&CODE_STATE=getMsg HTTP/1.1" 200 27
116.224.254.208 - - [26/Apr/2024:08:29:43 +0800] "GET /xingrg/check_reg.html?_=1714091383047 HTTP/1.1" 200 22
116.238.97.31 - - [26/Apr/2024:08:29:49 +0800] "POST /xingrg/kc/base/wldb_list_operate.html HTTP/1.1" 200 6107
101.83.144.49 - - [26/Apr/2024:08:29:50 +0800] "GET /xingrg/kc/buy/cgsh_order_operate.html?command=get_materiel&rest_code=00105&code=00101008125&supplier_code=00100008&order_time=2024-04-26 HTTP/1.1" 200 413
116.238.97.31 - - [26/Apr/2024:08:29:54 +0800] "POST /xingrg/kc/base/wldb_list_operate.html HTTP/1.1" 200 619
180.169.147.146 - - [26/Apr/2024:08:29:54 +0800] "GET /xingrg/all/function/internal_message.html?_=1714091382833&CODE_STATE=getMsg HTTP/1.1" 302 -
116.224.254.208 - - [26/Apr/2024:08:29:55 +0800] "GET /xingrg/all/function/internal_message.html?_=1714091395717&CODE_STATE=getMsg HTTP/1.1" 200 27
116.238.97.31 - - [26/Apr/2024:08:29:55 +0800] "POST /xingrg/kc/base/wldb_list_operate.html HTTP/1.1" 200 219
101.83.144.49 - - [26/Apr/2024:08:29:59 +0800] "GET /xingrg/kc/buy/cgsh_order_operate.html?command=get_materiel&rest_code=00105&code=00101008351&supplier_code=00100008&order_time=2024-04-26 HTTP/1.1" 200 408
116.238.97.31 - - [26/Apr/2024:08:30:00 +0800] "GET /xingrg/kc/base/wldb_order_info.html?code=422024042001270 HTTP/1.1" 200 26254
116.238.97.31 - - [26/Apr/2024:08:30:00 +0800] "GET /xingrg/javascript/easyui/themes/default/validatebox.css HTTP/1.1" 404 1104
116.238.97.31 - - [26/Apr/2024:08:30:00 +0800] "POST /xingrg/kc/base/wldb_order_operate.html HTTP/1.1" 200 521
101.83.144.49 - - [26/Apr/2024:08:30:01 +0800] "GET /xingrg/all/function/internal_message.html?_=1714091402761&CODE_STATE=getMsg HTTP/1.1" 200 27
116.238.97.31 - - [26/Apr/2024:08:30:04 +0800] "GET /xingrg/all/function/internal_message.html?_=1714091427671&CODE_STATE=getMsg HTTP/1.1" 200 27
116.238.97.31 - - [26/Apr/2024:08:30:11 +0800] "GET /xingrg/all/function/internal_message.html?_=1714091412560&CODE_STATE=getMsg HTTP/1.1" 200 27
124.78.56.241 - - [26/Apr/2024:08:30:30 +0800] "GET /xingrg/all/function/internal_message.html?_=1714091430278&CODE_STATE=getMsg HTTP/1.1" 200 27
116.238.97.31 - - [26/Apr/2024:08:30:31 +0800] "GET /xingrg/kc/mdqp/qqps_order_list.html HTTP/1.1" 200 10071
116.238.97.31 - - [26/Apr/2024:08:30:31 +0800] "GET /xingrg/dwr/interface/AjaxQqpsService.js HTTP/1.1" 200 16326
116.238.97.31 - - [26/Apr/2024:08:30:31 +0800] "GET /xingrg/dwr/interface/AjaxReportQueryService.js HTTP/1.1" 200 13203
116.238.97.31 - - [26/Apr/2024:08:30:31 +0800] "GET /xingrg/dwr/engine.js HTTP/1.1" 200 43631
120.253.135.82 - - [26/Apr/2024:08:30:34 +0800] "POST /xingrg/kc/pszx/mdps_list_operate.html HTTP/1.1" 200 5471
120.253.135.82 - - [26/Apr/2024:08:30:34 +0800] "GET /xingrg/all/function/internal_message.html?_=1714091616544&CODE_STATE=getMsg HTTP/1.1" 200 27
120.253.135.82 - - [26/Apr/2024:08:30:34 +0800] "GET /xingrg/check_reg.html?_=1714091616547 HTTP/1.1" 200 22
120.253.135.82 - - [26/Apr/2024:08:30:35 +0800] "POST /xingrg/kc/pszx/mdps_list_operate.html HTTP/1.1" 200 437
120.253.135.82 - - [26/Apr/2024:08:30:36 +0800] "GET /xingrg/kc/pszx/mdps_order_info.html?code=312024042600442 HTTP/1.1" 200 23970
120.253.135.82 - - [26/Apr/2024:08:30:36 +0800] "GET /xingrg/javascript/easyui/themes/default/validatebox.css HTTP/1.1" 404 1104
120.253.135.82 - - [26/Apr/2024:08:30:37 +0800] "POST /xingrg/kc/pszx/mdps_order_operate.html HTTP/1.1" 200 3763
101.83.144.49 - - [26/Apr/2024:08:30:37 +0800] "GET /xingrg/kc/buy/cgsh_order_operate.html?command=get_materiel&rest_code=00105&code=00101008353&supplier_code=00100008&order_time=2024-04-26 HTTP/1.1" 200 408
116.224.254.208 - - [26/Apr/2024:08:30:43 +0800] "GET /xingrg/all/function/internal_message.html?_=1714091443060&CODE_STATE=getMsg HTTP/1.1" 200 27
180.169.147.146 - - [26/Apr/2024:08:30:54 +0800] "GET /xingrg/all/function/internal_message.html?_=1714091442842&CODE_STATE=getMsg HTTP/1.1" 302 -
116.224.254.208 - - [26/Apr/2024:08:30:55 +0800] "GET /xingrg/all/function/internal_message.html?_=1714091455710&CODE_STATE=getMsg HTTP/1.1" 200 27
101.83.144.49 - - [26/Apr/2024:08:31:00 +0800] "GET /xingrg/kc/buy/cgsh_order_operate.html?command=get_materiel&rest_code=00105&code=00101008300&supplier_code=00100008&order_time=2024-04-26 HTTP/1.1" 200 412
101.83.144.49 - - [26/Apr/2024:08:31:01 +0800] "GET /xingrg/all/function/internal_message.html?_=1714091462690&CODE_STATE=getMsg HTTP/1.1" 200 27
116.238.97.31 - - [26/Apr/2024:08:31:04 +0800] "GET /xingrg/all/function/internal_message.html?_=1714091487668&CODE_STATE=getMsg HTTP/1.1" 200 27
101.83.144.49 - - [26/Apr/2024:08:31:08 +0800] "POST /xingrg/kc/buy/cgsh_order_operate.html HTTP/1.1" 200 2065
101.83.144.49 - - [26/Apr/2024:08:31:09 +0800] "POST /xingrg/kc/buy/cgsh_order_operate.html HTTP/1.1" 200 2065
101.83.144.49 - - [26/Apr/2024:08:31:10 +0800] "POST /xingrg/kc/buy/cgsh_order_operate.html HTTP/1.1" 200 2065
116.238.97.31 - - [26/Apr/2024:08:31:11 +0800] "GET /xingrg/all/function/internal_message.html?_=1714091472548&CODE_STATE=getMsg HTTP/1.1" 200 27
106.55.200.233 - - [26/Apr/2024:08:31:15 +0800] "GET /xingrg/kc/buy/cgsh_order_operate.html?command=get_materiel&rest_code=00106&code=00101012046&supplier_code=00100487&order_time=2024-04-25 HTTP/1.1" 302 -
175.24.211.44 - - [26/Apr/2024:08:31:15 +0800] "GET /xingrg/login.html HTTP/1.1" 200 2139
101.83.144.49 - - [26/Apr/2024:08:31:28 +0800] "GET /xingrg/kc/buy/cgsh_order_operate.html?command=get_materiel&rest_code=00105&code=00101008137&supplier_code=00100008&order_time=2024-04-26 HTTP/1.1" 200 408
124.78.56.241 - - [26/Apr/2024:08:31:30 +0800] "GET /xingrg/all/function/internal_message.html?_=1714091490267&CODE_STATE=getMsg HTTP/1.1" 200 27
120.253.135.82 - - [26/Apr/2024:08:31:34 +0800] "GET /xingrg/all/function/internal_message.html?_=1714091676549&CODE_STATE=getMsg HTTP/1.1" 200 27
101.83.144.49 - - [26/Apr/2024:08:31:37 +0800] "GET /xingrg/kc/buy/cgsh_order_operate.html?command=get_materiel&rest_code=00105&code=00101008027&supplier_code=00100008&order_time=2024-04-26 HTTP/1.1" 200 408
116.224.254.208 - - [26/Apr/2024:08:31:43 +0800] "GET /xingrg/all/function/internal_message.html?_=1714091503051&CODE_STATE=getMsg HTTP/1.1" 200 27
180.169.147.146 - - [26/Apr/2024:08:31:54 +0800] "GET /xingrg/all/function/internal_message.html?_=1714091502825&CODE_STATE=getMsg HTTP/1.1" 302 -
116.224.254.208 - - [26/Apr/2024:08:31:55 +0800] "GET /xingrg/all/function/internal_message.html?_=1714091515725&CODE_STATE=getMsg HTTP/1.1" 200 27
101.83.144.49 - - [26/Apr/2024:08:32:01 +0800] "GET /xingrg/all/function/internal_message.html?_=1714091522689&CODE_STATE=getMsg HTTP/1.1" 200 27
101.83.144.49 - - [26/Apr/2024:08:32:03 +0800] "GET /xingrg/kc/buy/cgsh_order_operate.html?command=get_materiel&rest_code=00105&code=00101008224&supplier_code=00100008&order_time=2024-04-26 HTTP/1.1" 200 416
116.238.97.31 - - [26/Apr/2024:08:32:04 +0800] "GET /xingrg/all/function/internal_message.html?_=1714091547665&CODE_STATE=getMsg HTTP/1.1" 200 27
116.238.97.31 - - [26/Apr/2024:08:32:11 +0800] "GET /xingrg/all/function/internal_message.html?_=1714091532521&CODE_STATE=getMsg HTTP/1.1" 200 27
101.83.144.49 - - [26/Apr/2024:08:32:20 +0800] "GET /xingrg/kc/buy/cgsh_order_operate.html?command=get_materiel&rest_code=00105&code=00101008296&supplier_code=00100008&order_time=2024-04-26 HTTP/1.1" 200 416
116.238.97.31 - - [26/Apr/2024:08:32:24 +0800] "GET /xingrg/kc/base/wldb_order_list.html HTTP/1.1" 200 19051
116.238.97.31 - - [26/Apr/2024:08:32:25 +0800] "POST /xingrg/kc/base/wldb_list_operate.html HTTP/1.1" 200 2540
124.78.56.241 - - [26/Apr/2024:08:32:26 +0800] "GET /xingrg/check_reg.html?_=1714091546419 HTTP/1.1" 200 22
124.78.56.241 - - [26/Apr/2024:08:32:30 +0800] "GET /xingrg/all/function/internal_message.html?_=1714091550248&CODE_STATE=getMsg HTTP/1.1" 200 27
101.83.144.49 - - [26/Apr/2024:08:32:34 +0800] "GET /xingrg/kc/buy/cgsh_order_operate.html?command=get_materiel&rest_code=00105&code=00101008155&supplier_code=00100008&order_time=2024-04-26 HTTP/1.1" 200 408
120.253.135.82 - - [26/Apr/2024:08:32:34 +0800] "POST /xingrg/kc/pszx/mdps_list_operate.html HTTP/1.1" 200 5471
120.253.135.82 - - [26/Apr/2024:08:32:34 +0800] "GET /xingrg/all/function/internal_message.html?_=1714091736554&CODE_STATE=getMsg HTTP/1.1" 200 27
101.83.144.49 - - [26/Apr/2024:08:32:42 +0800] "GET /xingrg/kc/buy/cgsh_order_operate.html?command=get_materiel&rest_code=00105&code=00101008305&supplier_code=00100008&order_time=2024-04-26 HTTP/1.1" 200 412
116.224.254.208 - - [26/Apr/2024:08:32:43 +0800] "GET /xingrg/all/function/internal_message.html?_=1714091563041&CODE_STATE=getMsg HTTP/1.1" 200 27
101.83.144.49 - - [26/Apr/2024:08:32:51 +0800] "GET /xingrg/kc/buy/cgsh_order_operate.html?command=get_materiel&rest_code=00105&code=00101008297&supplier_code=00100008&order_time=2024-04-26 HTTP/1.1" 200 412
116.238.97.31 - - [26/Apr/2024:08:32:52 +0800] "POST /xingrg/kc/base/wldb_list_operate.html HTTP/1.1" 200 6107
120.253.135.82 - - [26/Apr/2024:08:32:53 +0800] "POST /xingrg/kc/pszx/mdps_list_operate.html HTTP/1.1" 200 437
120.253.135.82 - - [26/Apr/2024:08:32:53 +0800] "GET /xingrg/kc/pszx/mdps_order_info.html?code=312024042600442 HTTP/1.1" 200 23970
120.253.135.82 - - [26/Apr/2024:08:32:54 +0800] "GET /xingrg/javascript/easyui/themes/default/validatebox.css HTTP/1.1" 404 1104
120.253.135.82 - - [26/Apr/2024:08:32:54 +0800] "POST /xingrg/kc/pszx/mdps_order_operate.html HTTP/1.1" 200 3763
180.169.147.146 - - [26/Apr/2024:08:32:54 +0800] "GET /xingrg/all/function/internal_message.html?_=1714091562809&CODE_STATE=getMsg HTTP/1.1" 302 -
116.224.254.208 - - [26/Apr/2024:08:32:55 +0800] "GET /xingrg/check_reg.html?_=1714091575727 HTTP/1.1" 200 22
116.224.254.208 - - [26/Apr/2024:08:32:55 +0800] "GET /xingrg/all/function/internal_message.html?_=1714091575730&CODE_STATE=getMsg HTTP/1.1" 200 27
106.55.200.233 - - [26/Apr/2024:08:32:55 +0800] "GET /xingrg/all/function/internal_message.html?_=1714028319068&CODE_STATE=getMsg HTTP/1.1" 302 -
106.55.202.186 - - [26/Apr/2024:08:32:56 +0800] "GET /xingrg/login.html HTTP/1.1" 200 2139
101.83.144.49 - - [26/Apr/2024:08:33:01 +0800] "GET /xingrg/all/function/internal_message.html?_=1714091582681&CODE_STATE=getMsg HTTP/1.1" 200 27
101.83.144.49 - - [26/Apr/2024:08:33:01 +0800] "GET /xingrg/kc/buy/cgsh_order_operate.html?command=get_materiel&rest_code=00105&code=00101008210&supplier_code=00100008&order_time=2024-04-26 HTTP/1.1" 200 408
116.238.97.31 - - [26/Apr/2024:08:33:04 +0800] "GET /xingrg/all/function/internal_message.html?_=1714091607662&CODE_STATE=getMsg HTTP/1.1" 200 27
116.238.97.31 - - [26/Apr/2024:08:33:10 +0800] "GET /xingrg/check_reg.html?_=1714091591103 HTTP/1.1" 200 22
116.238.97.31 - - [26/Apr/2024:08:33:11 +0800] "GET /xingrg/all/function/internal_message.html?_=1714091592517&CODE_STATE=getMsg HTTP/1.1" 200 27
101.83.144.49 - - [26/Apr/2024:08:33:13 +0800] "GET /xingrg/kc/buy/cgsh_order_operate.html?command=get_materiel&rest_code=00105&code=00101009155&supplier_code=00100008&order_time=2024-04-26 HTTP/1.1" 200 416
120.253.135.82 - - [26/Apr/2024:08:33:14 +0800] "GET /xingrg/login.html HTTP/1.1" 200 7641
120.253.135.82 - - [26/Apr/2024:08:33:15 +0800] "GET /favicon.ico HTTP/1.1" 404 -
120.253.135.82 - - [26/Apr/2024:08:33:19 +0800] "POST /xingrg/login.do HTTP/1.1" 302 -
120.253.135.82 - - [26/Apr/2024:08:33:20 +0800] "GET /xingrg/index.html?sysBaseUrl=http%3A%2F%2F180.169.147.146%3A18081%2Fxingrg%2F&costTime=818×tamp=1714091599943 HTTP/1.1" 200 17173
120.253.135.82 - - [26/Apr/2024:08:33:20 +0800] "GET /xingrg/javascript/jquery_easy_ui/themes/default/easyui.css HTTP/1.1" 304 -
120.253.135.82 - - [26/Apr/2024:08:33:20 +0800] "GET /xingrg/css/form.css HTTP/1.1" 304 -
120.253.135.82 - - [26/Apr/2024:08:33:20 +0800] "GET /xingrg/javascript/jquery_easy_ui/themes/icon.css HTTP/1.1" 304 -
120.253.135.82 - - [26/Apr/2024:08:33:20 +0800] "GET /xingrg/javascript/jquery-1.4.2.min.js HTTP/1.1" 304 -
120.253.135.82 - - [26/Apr/2024:08:33:20 +0800] "GET /xingrg/javascript/jquery_easy_ui/easyui-lang-zh_CN.js HTTP/1.1" 304 -
120.253.135.82 - - [26/Apr/2024:08:33:20 +0800] "GET /xingrg/javascript/jquery_easy_ui/jquery.easyui.min.js HTTP/1.1" 304 -
120.253.135.82 - - [26/Apr/2024:08:33:20 +0800] "GET /xingrg/javascript/jquery.timers.js HTTP/1.1" 304 -
120.253.135.82 - - [26/Apr/2024:08:33:20 +0800] "GET /xingrg/javascript/jquery.form.js HTTP/1.1" 304 -
120.253.135.82 - - [26/Apr/2024:08:33:20 +0800] "GET /xingrg/javascript/jquery.utils.js HTTP/1.1" 304 -
120.253.135.82 - - [26/Apr/2024:08:33:20 +0800] "POST /xingrg/all/common/load_tree.html?tree=area_rest_tree_json&manage=1 HTTP/1.1" 200 344
120.253.135.82 - - [26/Apr/2024:08:33:20 +0800] "GET /xingrg/all/function/internal_message.html?_=1714091448344&CODE_STATE=count HTTP/1.1" 200 11
120.253.135.82 - - [26/Apr/2024:08:33:20 +0800] "GET /xingrg/check_reg.html?_=1714091448345 HTTP/1.1" 200 22
120.253.135.82 - - [26/Apr/2024:08:33:20 +0800] "POST /xingrg/load_menu.html HTTP/1.1" 200 6743
120.253.135.82 - - [26/Apr/2024:08:33:20 +0800] "GET /favicon.ico HTTP/1.1" 404 -
120.253.135.82 - - [26/Apr/2024:08:33:24 +0800] "GET /xingrg/kc/pszx/mdps_order_list.html?orderType=0 HTTP/1.1" 200 21033
120.253.135.82 - - [26/Apr/2024:08:33:24 +0800] "GET /xingrg/css/base.css HTTP/1.1" 304 -
120.253.135.82 - - [26/Apr/2024:08:33:24 +0800] "GET /xingrg/javascript/jquery_tools/datebox.css HTTP/1.1" 304 -
120.253.135.82 - - [26/Apr/2024:08:33:24 +0800] "GET /xingrg/css/site.css HTTP/1.1" 304 -
120.253.135.82 - - [26/Apr/2024:08:33:24 +0800] "GET /xingrg/javascript/easyui/themes/default/easyui.css HTTP/1.1" 304 -
120.253.135.82 - - [26/Apr/2024:08:33:24 +0800] "GET /xingrg/javascript/easyui/themes/icon.css HTTP/1.1" 304 -
120.253.135.82 - - [26/Apr/2024:08:33:24 +0800] "GET /xingrg/javascript/jquery_tools/table.css HTTP/1.1" 304 -
120.253.135.82 - - [26/Apr/2024:08:33:24 +0800] "GET /xingrg/javascript/jquery_tools/fix.css HTTP/1.1" 304 -
120.253.135.82 - - [26/Apr/2024:08:33:24 +0800] "GET /xingrg/javascript/auto/jquery.autocomplete.css HTTP/1.1" 304 -
120.253.135.82 - - [26/Apr/2024:08:33:24 +0800] "GET /xingrg/javascript/jquery_tools/jquery.tools.hotkey.js HTTP/1.1" 304 -
120.253.135.82 - - [26/Apr/2024:08:33:24 +0800] "GET /xingrg/javascript/jquery_tools/jquery.tools.table.js HTTP/1.1" 304 -
120.253.135.82 - - [26/Apr/2024:08:33:24 +0800] "GET /xingrg/javascript/jquery_tools/list_manager.js HTTP/1.1" 304 -
120.253.135.82 - - [26/Apr/2024:08:33:24 +0800] "GET /xingrg/javascript/jquery_tools/jquery.tools.min.js HTTP/1.1" 304 -
120.253.135.82 - - [26/Apr/2024:08:33:24 +0800] "GET /xingrg/javascript/auto/jquery.autocomplete.js HTTP/1.1" 304 -
120.253.135.82 - - [26/Apr/2024:08:33:24 +0800] "GET /xingrg/javascript/jquery.cookie.js HTTP/1.1" 304 -
120.253.135.82 - - [26/Apr/2024:08:33:24 +0800] "GET /xingrg/javascript/easyui/easyloader.js HTTP/1.1" 304 -
120.253.135.82 - - [26/Apr/2024:08:33:24 +0800] "GET /xingrg/javascript/print/LodopFuncs.js HTTP/1.1" 304 -
120.253.135.82 - - [26/Apr/2024:08:33:24 +0800] "GET /xingrg/javascript/jquery_tools/jquery.tools.extend.js HTTP/1.1" 304 -
120.253.135.82 - - [26/Apr/2024:08:33:24 +0800] "GET /xingrg/javascript/easyui/plugins/jquery.parser.js HTTP/1.1" 304 -
120.253.135.82 - - [26/Apr/2024:08:33:24 +0800] "POST /xingrg/kc/pszx/mdps_list_operate.html HTTP/1.1" 200 5348
120.253.135.82 - - [26/Apr/2024:08:33:27 +0800] "POST /xingrg/kc/pszx/mdps_list_operate.html HTTP/1.1" 200 5468
101.83.144.49 - - [26/Apr/2024:08:33:29 +0800] "GET /xingrg/kc/buy/cgsh_order_operate.html?command=get_materiel&rest_code=00105&code=00101008003&supplier_code=00100008&order_time=2024-04-26 HTTP/1.1" 200 408
124.78.56.241 - - [26/Apr/2024:08:33:30 +0800] "GET /xingrg/all/function/internal_message.html?_=1714091610235&CODE_STATE=getMsg HTTP/1.1" 200 27
124.79.242.194 - - [26/Apr/2024:08:33:32 +0800] "POST /xingrg/services/DataTransmitService HTTP/1.1" 200 524
120.253.135.82 - - [26/Apr/2024:08:33:34 +0800] "GET /xingrg/all/function/internal_message.html?_=1714091796559&CODE_STATE=getMsg HTTP/1.1" 200 27
120.253.135.82 - - [26/Apr/2024:08:33:40 +0800] "POST /xingrg/kc/pszx/mdps_list_operate.html HTTP/1.1" 200 5471
116.224.254.208 - - [26/Apr/2024:08:33:43 +0800] "GET /xingrg/all/function/internal_message.html?_=1714091623056&CODE_STATE=getMsg HTTP/1.1" 200 27
120.253.135.82 - - [26/Apr/2024:08:33:47 +0800] "POST /xingrg/kc/pszx/mdps_list_operate.html HTTP/1.1" 200 437
120.253.135.82 - - [26/Apr/2024:08:33:47 +0800] "GET /xingrg/kc/pszx/mdps_order_info.html?code=312024042600442 HTTP/1.1" 200 23970
120.253.135.82 - - [26/Apr/2024:08:33:47 +0800] "GET /xingrg/javascript/print/kc_print.js HTTP/1.1" 304 -
120.253.135.82 - - [26/Apr/2024:08:33:47 +0800] "GET /xingrg/javascript/json2.js HTTP/1.1" 304 -
120.253.135.82 - - [26/Apr/2024:08:33:47 +0800] "GET /xingrg/javascript/jquery_tools/order_manager.js HTTP/1.1" 304 -
120.253.135.82 - - [26/Apr/2024:08:33:47 +0800] "GET /xingrg/javascript/pic_change.js HTTP/1.1" 304 -
120.253.135.82 - - [26/Apr/2024:08:33:47 +0800] "GET /xingrg/javascript/myfunction.js HTTP/1.1" 304 -
120.253.135.82 - - [26/Apr/2024:08:33:47 +0800] "GET /xingrg/javascript/convert.js HTTP/1.1" 304 -
120.253.135.82 - - [26/Apr/2024:08:33:47 +0800] "GET /xingrg/words/20240425113738_words.js HTTP/1.1" 304 -
120.253.135.82 - - [26/Apr/2024:08:33:48 +0800] "GET /xingrg/javascript/easyui/plugins/jquery.validatebox.js HTTP/1.1" 304 -
120.253.135.82 - - [26/Apr/2024:08:33:48 +0800] "GET /xingrg/javascript/easyui/themes/default/validatebox.css HTTP/1.1" 404 1104
120.253.135.82 - - [26/Apr/2024:08:33:48 +0800] "GET /xingrg/javascript/easyui/plugins/jquery.numberbox.js HTTP/1.1" 304 -
120.253.135.82 - - [26/Apr/2024:08:33:48 +0800] "GET /xingrg/all/common/auto_word.html?type=base&rest_code=00101 HTTP/1.1" 200 671
120.253.135.82 - - [26/Apr/2024:08:33:48 +0800] "POST /xingrg/kc/pszx/mdps_order_operate.html HTTP/1.1" 200 3763
120.253.135.82 - - [26/Apr/2024:08:33:51 +0800] "GET /xingrg/kc/print/load_config.html?kc_code=mdps HTTP/1.1" 200 2390
120.253.135.82 - - [26/Apr/2024:08:33:51 +0800] "GET /xingrg/kc/print/load_data.html?order_code=312024042600442&kc_code=mdps&condition= HTTP/1.1" 200 1349
180.169.147.146 - - [26/Apr/2024:08:33:54 +0800] "GET /xingrg/all/function/internal_message.html?_=1714091622792&CODE_STATE=getMsg HTTP/1.1" 302 -
116.224.254.208 - - [26/Apr/2024:08:33:55 +0800] "GET /xingrg/all/function/internal_message.html?_=1714091635724&CODE_STATE=getMsg HTTP/1.1" 200 27
101.83.144.49 - - [26/Apr/2024:08:34:01 +0800] "GET /xingrg/check_reg.html?_=1714091642774 HTTP/1.1" 200 22
101.83.144.49 - - [26/Apr/2024:08:34:01 +0800] "GET /xingrg/all/function/internal_message.html?_=1714091642773&CODE_STATE=getMsg HTTP/1.1" 200 27
116.238.97.31 - - [26/Apr/2024:08:34:04 +0800] "GET /xingrg/all/function/internal_message.html?_=1714091667660&CODE_STATE=getMsg HTTP/1.1" 200 27
116.238.97.31 - - [26/Apr/2024:08:34:07 +0800] "GET /xingrg/check_reg.html?_=1714091670889 HTTP/1.1" 200 22
116.238.97.31 - - [26/Apr/2024:08:34:11 +0800] "GET /xingrg/all/function/internal_message.html?_=1714091652497&CODE_STATE=getMsg HTTP/1.1" 200 27
101.83.144.49 - - [26/Apr/2024:08:34:11 +0800] "POST /xingrg/kc/buy/cgsh_order_operate.html HTTP/1.1" 200 2065
101.83.144.49 - - [26/Apr/2024:08:34:12 +0800] "POST /xingrg/kc/buy/cgsh_order_operate.html HTTP/1.1" 200 2065
120.253.135.82 - - [26/Apr/2024:08:34:20 +0800] "GET /xingrg/all/function/internal_message.html?_=1714091508346&CODE_STATE=getMsg HTTP/1.1" 200 27
180.169.147.146 - - [26/Apr/2024:08:34:25 +0800] "GET /xingrg/check_reg.html?_=1714091652962 HTTP/1.1" 302 -
124.78.56.241 - - [26/Apr/2024:08:34:30 +0800] "GET /xingrg/all/function/internal_message.html?_=1714091670226&CODE_STATE=getMsg HTTP/1.1" 200 27
120.253.135.82 - - [26/Apr/2024:08:34:34 +0800] "GET /xingrg/all/function/internal_message.html?_=1714091856565&CODE_STATE=getMsg HTTP/1.1" 200 27
101.83.144.49 - - [26/Apr/2024:08:34:43 +0800] "GET /xingrg/kc/buy/cgsh_order_operate.html?command=get_materiel&rest_code=00105&code=00101008131&supplier_code=00100008&order_time=2024-04-26 HTTP/1.1" 200 408
116.224.254.208 - - [26/Apr/2024:08:34:43 +0800] "GET /xingrg/check_reg.html?_=1714091683047 HTTP/1.1" 200 22
116.224.254.208 - - [26/Apr/2024:08:34:43 +0800] "GET /xingrg/all/function/internal_message.html?_=1714091683050&CODE_STATE=getMsg HTTP/1.1" 200 27
180.169.147.146 - - [26/Apr/2024:08:34:54 +0800] "GET /xingrg/all/function/internal_message.html?_=1714091682774&CODE_STATE=getMsg HTTP/1.1" 302 -
116.224.254.208 - - [26/Apr/2024:08:34:55 +0800] "GET /xingrg/all/function/internal_message.html?_=1714091695724&CODE_STATE=getMsg HTTP/1.1" 200 27
101.83.144.49 - - [26/Apr/2024:08:34:59 +0800] "GET /xingrg/kc/buy/cgsh_order_operate.html?command=get_materiel&rest_code=00105&code=00101008223&supplier_code=00100008&order_time=2024-04-26 HTTP/1.1" 200 412
101.83.144.49 - - [26/Apr/2024:08:35:01 +0800] "GET /xingrg/all/function/internal_message.html?_=1714091702691&CODE_STATE=getMsg HTTP/1.1" 200 27
116.238.97.31 - - [26/Apr/2024:08:35:04 +0800] "GET /xingrg/all/function/internal_message.html?_=1714091727657&CODE_STATE=getMsg HTTP/1.1" 200 27
116.238.97.31 - - [26/Apr/2024:08:35:11 +0800] "GET /xingrg/all/function/internal_message.html?_=1714091712472&CODE_STATE=getMsg HTTP/1.1" 200 27
101.83.144.49 - - [26/Apr/2024:08:35:15 +0800] "GET /xingrg/kc/buy/cgsh_order_operate.html?command=get_materiel&rest_code=00105&code=00101008168&supplier_code=00100008&order_time=2024-04-26 HTTP/1.1" 200 412
120.253.135.82 - - [26/Apr/2024:08:35:20 +0800] "GET /xingrg/all/function/internal_message.html?_=1714091568360&CODE_STATE=getMsg HTTP/1.1" 200 27
124.78.56.241 - - [26/Apr/2024:08:35:30 +0800] "GET /xingrg/all/function/internal_message.html?_=1714091730211&CODE_STATE=getMsg HTTP/1.1" 200 27
120.253.135.82 - - [26/Apr/2024:08:35:30 +0800] "GET /xingrg/kc/pszx/mdps_order_list.html?orderType=0 HTTP/1.1" 200 21033
120.253.135.82 - - [26/Apr/2024:08:35:31 +0800] "POST /xingrg/kc/pszx/mdps_list_operate.html HTTP/1.1" 200 5348
101.83.144.49 - - [26/Apr/2024:08:35:31 +0800] "GET /xingrg/kc/buy/cgsh_order_operate.html?command=get_materiel&rest_code=00105&code=00101008350&supplier_code=00100008&order_time=2024-04-26 HTTP/1.1" 200 408
120.253.135.82 - - [26/Apr/2024:08:35:33 +0800] "POST /xingrg/kc/pszx/mdps_list_operate.html HTTP/1.1" 200 5468
120.253.135.82 - - [26/Apr/2024:08:35:35 +0800] "GET /xingrg/all/function/internal_message.html?_=1714091916570&CODE_STATE=getMsg HTTP/1.1" 200 27
120.253.135.82 - - [26/Apr/2024:08:35:35 +0800] "GET /xingrg/check_reg.html?_=1714091916572 HTTP/1.1" 200 22
120.253.135.82 - - [26/Apr/2024:08:35:40 +0800] "POST /xingrg/kc/pszx/mdps_list_operate.html HTTP/1.1" 200 449
106.55.200.45 - - [26/Apr/2024:08:35:43 +0800] "GET /xingrg/all/function/internal_message.html?_=1714026999496&CODE_STATE=getMsg HTTP/1.1" 302 -
116.224.254.208 - - [26/Apr/2024:08:35:43 +0800] "GET /xingrg/all/function/internal_message.html?_=1714091743050&CODE_STATE=getMsg HTTP/1.1" 200 27
106.55.200.233 - - [26/Apr/2024:08:35:44 +0800] "GET /xingrg/login.html HTTP/1.1" 200 2139
120.253.135.82 - - [26/Apr/2024:08:35:46 +0800] "POST /xingrg/kc/pszx/mdps_list_operate.html HTTP/1.1" 200 2058
120.253.135.82 - - [26/Apr/2024:08:35:49 +0800] "POST /xingrg/kc/pszx/mdps_list_operate.html HTTP/1.1" 200 5471
120.253.135.82 - - [26/Apr/2024:08:35:51 +0800] "POST /xingrg/kc/pszx/mdps_list_operate.html HTTP/1.1" 200 613
120.253.135.82 - - [26/Apr/2024:08:35:52 +0800] "GET /xingrg/kc/pszx/mdps_order_info.html?code=312024042600444 HTTP/1.1" 200 23976
120.253.135.82 - - [26/Apr/2024:08:35:52 +0800] "GET /xingrg/javascript/easyui/themes/default/validatebox.css HTTP/1.1" 404 1104
120.253.135.82 - - [26/Apr/2024:08:35:52 +0800] "GET /xingrg/all/common/auto_word.html?type=base&rest_code=00101 HTTP/1.1" 200 671
120.253.135.82 - - [26/Apr/2024:08:35:53 +0800] "POST /xingrg/kc/pszx/mdps_order_operate.html HTTP/1.1" 200 4800
180.169.147.146 - - [26/Apr/2024:08:35:54 +0800] "GET /xingrg/all/function/internal_message.html?_=1714091742758&CODE_STATE=getMsg HTTP/1.1" 302 -
116.224.254.208 - - [26/Apr/2024:08:35:55 +0800] "GET /xingrg/all/function/internal_message.html?_=1714091755738&CODE_STATE=getMsg HTTP/1.1" 200 27
101.83.144.49 - - [26/Apr/2024:08:36:01 +0800] "GET /xingrg/all/function/internal_message.html?_=1714091762789&CODE_STATE=getMsg HTTP/1.1" 200 27
116.238.97.31 - - [26/Apr/2024:08:36:04 +0800] "GET /xingrg/all/function/internal_message.html?_=1714091787654&CODE_STATE=getMsg HTTP/1.1" 200 27
120.253.135.82 - - [26/Apr/2024:08:36:06 +0800] "POST /xingrg/kc/pszx/mdps_list_operate.html HTTP/1.1" 200 5471
101.83.144.49 - - [26/Apr/2024:08:36:06 +0800] "GET /xingrg/kc/buy/cgsh_order_operate.html?command=get_materiel&rest_code=00105&code=00101008061&supplier_code=00100008&order_time=2024-04-26 HTTP/1.1" 200 422
120.253.135.82 - - [26/Apr/2024:08:36:10 +0800] "POST /xingrg/kc/pszx/mdps_list_operate.html HTTP/1.1" 200 660
120.253.135.82 - - [26/Apr/2024:08:36:10 +0800] "GET /xingrg/kc/pszx/mdps_order_info.html?code=312024042600443 HTTP/1.1" 200 23976
120.253.135.82 - - [26/Apr/2024:08:36:10 +0800] "GET /xingrg/javascript/easyui/themes/default/validatebox.css HTTP/1.1" 404 1104
120.253.135.82 - - [26/Apr/2024:08:36:11 +0800] "GET /xingrg/all/common/auto_word.html?type=base&rest_code=00101 HTTP/1.1" 200 671
120.253.135.82 - - [26/Apr/2024:08:36:11 +0800] "POST /xingrg/kc/pszx/mdps_order_operate.html HTTP/1.1" 200 12549
116.238.97.31 - - [26/Apr/2024:08:36:11 +0800] "GET /xingrg/all/function/internal_message.html?_=1714091772458&CODE_STATE=getMsg HTTP/1.1" 200 27
101.83.144.49 - - [26/Apr/2024:08:36:18 +0800] "GET /xingrg/kc/buy/cgsh_order_operate.html?command=get_materiel&rest_code=00105&code=00101008312&supplier_code=00100008&order_time=2024-04-26 HTTP/1.1" 200 412
120.253.135.82 - - [26/Apr/2024:08:36:20 +0800] "GET /xingrg/all/function/internal_message.html?_=1714091628380&CODE_STATE=getMsg HTTP/1.1" 200 27
124.78.56.241 - - [26/Apr/2024:08:36:30 +0800] "GET /xingrg/all/function/internal_message.html?_=1714091790197&CODE_STATE=getMsg HTTP/1.1" 200 27
101.83.144.49 - - [26/Apr/2024:08:36:33 +0800] "GET /xingrg/kc/buy/cgsh_order_operate.html?command=get_materiel&rest_code=00105&code=00101008354&supplier_code=00100008&order_time=2024-04-26 HTTP/1.1" 200 432
120.253.135.82 - - [26/Apr/2024:08:36:34 +0800] "GET /xingrg/all/function/internal_message.html?_=1714091976573&CODE_STATE=getMsg HTTP/1.1" 200 27
180.164.1.25 - - [26/Apr/2024:08:36:40 +0800] "POST /xingrg/services/DataTransmitService HTTP/1.1" 200 524
116.224.254.208 - - [26/Apr/2024:08:36:43 +0800] "GET /xingrg/all/function/internal_message.html?_=1714091803042&CODE_STATE=getMsg HTTP/1.1" 200 27
101.83.144.49 - - [26/Apr/2024:08:36:53 +0800] "GET /xingrg/kc/buy/cgsh_order_operate.html?command=get_materiel&rest_code=00105&code=00101008038&supplier_code=00100008&order_time=2024-04-26 HTTP/1.1" 200 412
180.169.147.146 - - [26/Apr/2024:08:36:54 +0800] "GET /xingrg/all/function/internal_message.html?_=1714091802742&CODE_STATE=getMsg HTTP/1.1" 302 -
116.224.254.208 - - [26/Apr/2024:08:36:55 +0800] "GET /xingrg/all/function/internal_message.html?_=1714091815731&CODE_STATE=getMsg HTTP/1.1" 200 27
101.83.144.49 - - [26/Apr/2024:08:37:01 +0800] "GET /xingrg/all/function/internal_message.html?_=1714091822886&CODE_STATE=getMsg HTTP/1.1" 200 27
101.83.144.49 - - [26/Apr/2024:08:37:02 +0800] "GET /xingrg/kc/buy/cgsh_order_operate.html?command=get_materiel&rest_code=00105&code=00101008221&supplier_code=00100008&order_time=2024-04-26 HTTP/1.1" 200 412
116.238.97.31 - - [26/Apr/2024:08:37:04 +0800] "GET /xingrg/all/function/internal_message.html?_=1714091847651&CODE_STATE=getMsg HTTP/1.1" 200 27
101.83.144.49 - - [26/Apr/2024:08:37:09 +0800] "POST /xingrg/kc/buy/cgsh_order_operate.html HTTP/1.1" 200 2065
101.83.144.49 - - [26/Apr/2024:08:37:11 +0800] "POST /xingrg/kc/buy/cgsh_order_operate.html HTTP/1.1" 200 2065
116.238.97.31 - - [26/Apr/2024:08:37:11 +0800] "GET /xingrg/all/function/internal_message.html?_=1714091832438&CODE_STATE=getMsg HTTP/1.1" 200 27
120.253.135.82 - - [26/Apr/2024:08:37:20 +0800] "GET /xingrg/all/function/internal_message.html?_=1714091688387&CODE_STATE=getMsg HTTP/1.1" 200 27
101.83.144.49 - - [26/Apr/2024:08:37:22 +0800] "GET /xingrg/kc/buy/cgsh_order_operate.html?command=get_materiel&rest_code=00105&code=00101008502&supplier_code=00100008&order_time=2024-04-26 HTTP/1.1" 200 412
124.78.56.241 - - [26/Apr/2024:08:37:26 +0800] "GET /xingrg/check_reg.html?_=1714091846408 HTTP/1.1" 200 22
124.78.56.241 - - [26/Apr/2024:08:37:30 +0800] "GET /xingrg/all/function/internal_message.html?_=1714091850291&CODE_STATE=getMsg HTTP/1.1" 200 27
120.253.135.82 - - [26/Apr/2024:08:37:34 +0800] "GET /xingrg/all/function/internal_message.html?_=1714092036578&CODE_STATE=getMsg HTTP/1.1" 200 27
