101.83.144.49 - - [26/Apr/2024:10:38:39 +0800] "GET /xingrg/javascript/easyui/themes/default/validatebox.css HTTP/1.1" 404 1104
101.83.144.49 - - [26/Apr/2024:10:38:39 +0800] "POST /xingrg/kc/buy/cgsh_order_operate.html HTTP/1.1" 200 8245
222.70.183.82 - - [26/Apr/2024:10:38:41 +0800] "GET /xingrg/all/function/internal_message.html?_=1714099118532&CODE_STATE=getMsg HTTP/1.1" 200 27
180.169.147.146 - - [26/Apr/2024:10:38:48 +0800] "GET /xingrg/all/function/internal_message.html?_=1714099128425&CODE_STATE=getMsg HTTP/1.1" 200 27
116.224.254.208 - - [26/Apr/2024:10:38:48 +0800] "GET /xingrg/all/function/internal_message.html?_=1714099128714&CODE_STATE=getMsg HTTP/1.1" 200 27
180.169.147.146 - - [26/Apr/2024:10:38:50 +0800] "GET /xingrg/check_reg.html?_=1714099125983 HTTP/1.1" 200 22
101.83.144.49 - - [26/Apr/2024:10:38:52 +0800] "GET /xingrg/kc/buy/cgsh_order_operate.html?command=get_materiel&rest_code=00105&code=00101004094&supplier_code=00100086&order_time=2024-04-26 HTTP/1.1" 200 411
180.169.147.146 - - [26/Apr/2024:10:38:52 +0800] "GET /xingrg/all/function/internal_message.html?_=1714099120846&CODE_STATE=getMsg HTTP/1.1" 302 -
114.83.220.195 - - [26/Apr/2024:10:38:54 +0800] "GET /xingrg/all/function/internal_message.html?_=1714099136620&CODE_STATE=getMsg HTTP/1.1" 200 27
180.169.147.146 - - [26/Apr/2024:10:38:57 +0800] "GET /xingrg/all/function/internal_message.html?_=1714099133318&CODE_STATE=getMsg HTTP/1.1" 200 27
120.253.135.82 - - [26/Apr/2024:10:38:59 +0800] "GET /xingrg/check_reg.html?_=1714098988345 HTTP/1.1" 200 22
116.224.254.208 - - [26/Apr/2024:10:39:06 +0800] "GET /xingrg/all/function/internal_message.html?_=1714099145728&CODE_STATE=getMsg HTTP/1.1" 200 27
116.238.97.31 - - [26/Apr/2024:10:39:09 +0800] "GET /xingrg/all/function/internal_message.html?_=1714099150183&CODE_STATE=getMsg HTTP/1.1" 200 27
101.83.144.49 - - [26/Apr/2024:10:39:10 +0800] "GET /xingrg/all/function/internal_message.html?_=1714099152304&CODE_STATE=getMsg HTTP/1.1" 200 27
180.164.1.25 - - [26/Apr/2024:10:39:11 +0800] "GET /xingrg/all/function/internal_message.html?_=1714099150399&CODE_STATE=getMsg HTTP/1.1" 200 27
101.83.144.49 - - [26/Apr/2024:10:39:13 +0800] "GET /xingrg/kc/buy/cgsh_order_operate.html?command=get_materiel&rest_code=00105&code=00101004065&supplier_code=00100086&order_time=2024-04-26 HTTP/1.1" 200 413
61.170.233.1 - - [26/Apr/2024:10:39:15 +0800] "GET /xingrg/all/function/internal_message.html?_=1714099156637&CODE_STATE=getMsg HTTP/1.1" 200 27
101.80.230.31 - - [26/Apr/2024:10:39:18 +0800] "GET /xingrg/all/function/internal_message.html?_=1714099167065&CODE_STATE=getMsg HTTP/1.1" 200 27
116.238.97.31 - - [26/Apr/2024:10:39:19 +0800] "GET /xingrg/all/function/internal_message.html?_=1714099182686&CODE_STATE=getMsg HTTP/1.1" 200 27
180.169.147.146 - - [26/Apr/2024:10:39:25 +0800] "GET /xingrg/check_reg.html?_=1714099153170 HTTP/1.1" 302 -
180.169.147.146 - - [26/Apr/2024:10:39:25 +0800] "GET /xingrg/check_reg.html?_=1714099165474 HTTP/1.1" 200 22
180.169.147.146 - - [26/Apr/2024:10:39:25 +0800] "GET /xingrg/all/function/internal_message.html?_=1714099165476&CODE_STATE=getMsg HTTP/1.1" 200 27
101.83.144.49 - - [26/Apr/2024:10:39:26 +0800] "POST /xingrg/kc/buy/cgsh_order_operate.html HTTP/1.1" 200 37
124.78.56.241 - - [26/Apr/2024:10:39:28 +0800] "GET /xingrg/all/function/internal_message.html?_=1714099168563&CODE_STATE=getMsg HTTP/1.1" 200 27
101.83.144.49 - - [26/Apr/2024:10:39:29 +0800] "POST /xingrg/kc/buy/cgsh_order_operate.html HTTP/1.1" 200 3247
101.83.144.49 - - [26/Apr/2024:10:39:31 +0800] "GET /xingrg/kc/print/load_data.html?order_code=212024042607117&kc_code=cgsh&condition= HTTP/1.1" 200 950
116.232.195.13 - - [26/Apr/2024:10:39:31 +0800] "GET /xingrg/all/function/internal_message.html?_=1714099159942&CODE_STATE=getMsg HTTP/1.1" 200 27
101.83.144.49 - - [26/Apr/2024:10:39:35 +0800] "GET /xingrg/kc/buy/cgsh_order_add.html HTTP/1.1" 200 74245
101.83.144.49 - - [26/Apr/2024:10:39:35 +0800] "POST /xingrg/kc/buy/cgsh_order_operate.html HTTP/1.1" 200 8245
120.253.135.82 - - [26/Apr/2024:10:39:35 +0800] "GET /xingrg/all/function/internal_message.html?_=1714099357173&CODE_STATE=getMsg HTTP/1.1" 200 27
101.83.144.49 - - [26/Apr/2024:10:39:35 +0800] "GET /xingrg/javascript/easyui/themes/default/validatebox.css HTTP/1.1" 404 1104
114.83.217.54 - - [26/Apr/2024:10:39:38 +0800] "GET /xingrg/check_reg.html?_=1714099176097 HTTP/1.1" 200 22
114.83.217.54 - - [26/Apr/2024:10:39:39 +0800] "GET /xingrg/all/function/internal_message.html?_=1714099177913&CODE_STATE=getMsg HTTP/1.1" 200 27
222.70.183.82 - - [26/Apr/2024:10:39:41 +0800] "GET /xingrg/all/function/internal_message.html?_=1714099178513&CODE_STATE=getMsg HTTP/1.1" 200 27
222.70.183.82 - - [26/Apr/2024:10:39:42 +0800] "GET /xingrg/check_reg.html?_=1714099179341 HTTP/1.1" 200 22
180.169.147.146 - - [26/Apr/2024:10:39:48 +0800] "GET /xingrg/all/function/internal_message.html?_=1714099188443&CODE_STATE=getMsg HTTP/1.1" 200 27
116.224.254.208 - - [26/Apr/2024:10:39:48 +0800] "GET /xingrg/all/function/internal_message.html?_=1714099188705&CODE_STATE=getMsg HTTP/1.1" 200 27
101.83.144.49 - - [26/Apr/2024:10:39:50 +0800] "GET /xingrg/kc/buy/cgsh_order_operate.html?command=get_materiel&rest_code=00105&code=00101018039&supplier_code=00100570&order_time=2024-04-26 HTTP/1.1" 200 422
180.169.147.146 - - [26/Apr/2024:10:39:52 +0800] "GET /xingrg/all/function/internal_message.html?_=1714099180829&CODE_STATE=getMsg HTTP/1.1" 302 -
114.83.220.195 - - [26/Apr/2024:10:39:54 +0800] "GET /xingrg/check_reg.html?_=1714099196600 HTTP/1.1" 200 22
114.83.220.195 - - [26/Apr/2024:10:39:54 +0800] "GET /xingrg/all/function/internal_message.html?_=1714099196602&CODE_STATE=getMsg HTTP/1.1" 200 27
180.169.147.146 - - [26/Apr/2024:10:39:57 +0800] "GET /xingrg/all/function/internal_message.html?_=1714099193303&CODE_STATE=getMsg HTTP/1.1" 200 27
101.83.144.49 - - [26/Apr/2024:10:40:01 +0800] "POST /xingrg/kc/buy/cgsh_order_operate.html HTTP/1.1" 200 37
116.224.254.208 - - [26/Apr/2024:10:40:06 +0800] "GET /xingrg/all/function/internal_message.html?_=1714099205715&CODE_STATE=getMsg HTTP/1.1" 200 27
101.83.144.49 - - [26/Apr/2024:10:40:07 +0800] "POST /xingrg/kc/buy/cgsh_order_operate.html HTTP/1.1" 200 2667
116.238.97.31 - - [26/Apr/2024:10:40:09 +0800] "GET /xingrg/all/function/internal_message.html?_=1714099210162&CODE_STATE=getMsg HTTP/1.1" 200 27
101.83.144.49 - - [26/Apr/2024:10:40:09 +0800] "GET /xingrg/kc/print/load_data.html?order_code=212024042607118&kc_code=cgsh&condition= HTTP/1.1" 200 674
101.83.144.49 - - [26/Apr/2024:10:40:10 +0800] "GET /xingrg/all/function/internal_message.html?_=1714099212285&CODE_STATE=getMsg HTTP/1.1" 200 27
180.164.1.25 - - [26/Apr/2024:10:40:11 +0800] "GET /xingrg/all/function/internal_message.html?_=1714099210371&CODE_STATE=getMsg HTTP/1.1" 200 27
101.83.144.49 - - [26/Apr/2024:10:40:14 +0800] "GET /xingrg/kc/buy/cgsh_order_add.html HTTP/1.1" 200 74245
101.83.144.49 - - [26/Apr/2024:10:40:14 +0800] "GET /xingrg/javascript/easyui/themes/default/validatebox.css HTTP/1.1" 404 1104
101.83.144.49 - - [26/Apr/2024:10:40:14 +0800] "POST /xingrg/kc/buy/cgsh_order_operate.html HTTP/1.1" 200 8245
61.170.233.1 - - [26/Apr/2024:10:40:15 +0800] "GET /xingrg/check_reg.html?_=1714099216637 HTTP/1.1" 200 22
61.170.233.1 - - [26/Apr/2024:10:40:15 +0800] "GET /xingrg/all/function/internal_message.html?_=1714099216640&CODE_STATE=getMsg HTTP/1.1" 200 27
116.238.97.31 - - [26/Apr/2024:10:40:16 +0800] "GET /xingrg/kc/mdqp/qqps_order_list.html HTTP/1.1" 200 10476
116.238.97.31 - - [26/Apr/2024:10:40:17 +0800] "GET /xingrg/dwr/interface/AjaxQqpsService.js HTTP/1.1" 200 16326
116.238.97.31 - - [26/Apr/2024:10:40:17 +0800] "GET /xingrg/dwr/interface/AjaxReportQueryService.js HTTP/1.1" 200 13203
116.238.97.31 - - [26/Apr/2024:10:40:17 +0800] "GET /xingrg/dwr/engine.js HTTP/1.1" 200 43631
101.80.230.31 - - [26/Apr/2024:10:40:18 +0800] "GET /xingrg/all/function/internal_message.html?_=1714099227067&CODE_STATE=getMsg HTTP/1.1" 200 27
101.80.230.31 - - [26/Apr/2024:10:40:18 +0800] "GET /xingrg/check_reg.html?_=1714099227069 HTTP/1.1" 200 22
116.238.97.31 - - [26/Apr/2024:10:40:19 +0800] "GET /xingrg/all/function/internal_message.html?_=1714099242694&CODE_STATE=getMsg HTTP/1.1" 200 27
116.238.97.31 - - [26/Apr/2024:10:40:22 +0800] "GET /xingrg/kc/buy/cgsh_order_list.html HTTP/1.1" 200 58350
180.169.147.146 - - [26/Apr/2024:10:40:25 +0800] "GET /xingrg/all/function/internal_message.html?_=1714099225473&CODE_STATE=getMsg HTTP/1.1" 200 27
101.83.144.49 - - [26/Apr/2024:10:40:27 +0800] "GET /xingrg/kc/buy/cgsh_order_operate.html?command=get_materiel&rest_code=00105&code=00101001037&supplier_code=00100668&order_time=2024-04-26 HTTP/1.1" 200 416
124.78.56.241 - - [26/Apr/2024:10:40:28 +0800] "GET /xingrg/all/function/internal_message.html?_=1714099228545&CODE_STATE=getMsg HTTP/1.1" 200 27
116.232.195.13 - - [26/Apr/2024:10:40:31 +0800] "GET /xingrg/all/function/internal_message.html?_=1714099219948&CODE_STATE=getMsg HTTP/1.1" 200 27
116.232.195.13 - - [26/Apr/2024:10:40:31 +0800] "GET /xingrg/check_reg.html?_=1714099219948 HTTP/1.1" 200 22
120.253.135.82 - - [26/Apr/2024:10:40:35 +0800] "GET /xingrg/all/function/internal_message.html?_=1714099417177&CODE_STATE=getMsg HTTP/1.1" 200 27
120.253.135.82 - - [26/Apr/2024:10:40:35 +0800] "GET /xingrg/check_reg.html?_=1714099417179 HTTP/1.1" 200 22
114.83.217.54 - - [26/Apr/2024:10:40:39 +0800] "GET /xingrg/all/function/internal_message.html?_=1714099237899&CODE_STATE=getMsg HTTP/1.1" 200 27
222.70.183.82 - - [26/Apr/2024:10:40:41 +0800] "GET /xingrg/all/function/internal_message.html?_=1714099238497&CODE_STATE=getMsg HTTP/1.1" 200 27
101.83.144.49 - - [26/Apr/2024:10:40:41 +0800] "POST /xingrg/kc/buy/cgsh_order_operate.html HTTP/1.1" 200 37
101.83.144.49 - - [26/Apr/2024:10:40:44 +0800] "POST /xingrg/kc/buy/cgsh_order_operate.html HTTP/1.1" 200 2665
116.238.97.31 - - [26/Apr/2024:10:40:45 +0800] "POST /xingrg/kc/buy/cgsh_list_operate.html HTTP/1.1" 200 3354
101.83.144.49 - - [26/Apr/2024:10:40:46 +0800] "GET /xingrg/kc/print/load_data.html?order_code=212024042607119&kc_code=cgsh&condition= HTTP/1.1" 200 676
180.169.147.146 - - [26/Apr/2024:10:40:48 +0800] "GET /xingrg/all/function/internal_message.html?_=1714099248447&CODE_STATE=getMsg HTTP/1.1" 200 27
116.224.254.208 - - [26/Apr/2024:10:40:48 +0800] "GET /xingrg/all/function/internal_message.html?_=1714099248715&CODE_STATE=getMsg HTTP/1.1" 200 27
116.224.254.208 - - [26/Apr/2024:10:40:48 +0800] "GET /xingrg/check_reg.html?_=1714099248716 HTTP/1.1" 200 22
101.83.144.49 - - [26/Apr/2024:10:40:49 +0800] "GET /xingrg/kc/buy/cgsh_order_add.html HTTP/1.1" 200 74245
101.83.144.49 - - [26/Apr/2024:10:40:50 +0800] "GET /xingrg/javascript/easyui/themes/default/validatebox.css HTTP/1.1" 404 1104
101.83.144.49 - - [26/Apr/2024:10:40:50 +0800] "POST /xingrg/kc/buy/cgsh_order_operate.html HTTP/1.1" 200 8245
180.169.147.146 - - [26/Apr/2024:10:40:52 +0800] "GET /xingrg/all/function/internal_message.html?_=1714099240812&CODE_STATE=getMsg HTTP/1.1" 302 -
114.83.220.195 - - [26/Apr/2024:10:40:54 +0800] "GET /xingrg/all/function/internal_message.html?_=1714099256615&CODE_STATE=getMsg HTTP/1.1" 200 27
180.169.147.146 - - [26/Apr/2024:10:40:57 +0800] "GET /xingrg/all/function/internal_message.html?_=1714099253273&CODE_STATE=getMsg HTTP/1.1" 200 27
101.83.144.49 - - [26/Apr/2024:10:41:00 +0800] "GET /xingrg/kc/buy/cgsh_order_operate.html?command=get_materiel&rest_code=00105&code=00101005037&supplier_code=00100334&order_time=2024-04-26 HTTP/1.1" 200 409
116.224.254.208 - - [26/Apr/2024:10:41:06 +0800] "GET /xingrg/all/function/internal_message.html?_=1714099265698&CODE_STATE=getMsg HTTP/1.1" 200 27
116.224.254.208 - - [26/Apr/2024:10:41:08 +0800] "GET /xingrg/check_reg.html?_=1714099267627 HTTP/1.1" 200 22
116.238.97.31 - - [26/Apr/2024:10:41:09 +0800] "GET /xingrg/all/function/internal_message.html?_=1714099270142&CODE_STATE=getMsg HTTP/1.1" 200 27
101.83.144.49 - - [26/Apr/2024:10:41:10 +0800] "POST /xingrg/kc/buy/cgsh_order_operate.html HTTP/1.1" 200 37
180.164.1.25 - - [26/Apr/2024:10:41:11 +0800] "GET /xingrg/all/function/internal_message.html?_=1714099270356&CODE_STATE=getMsg HTTP/1.1" 200 27
101.83.144.49 - - [26/Apr/2024:10:41:14 +0800] "POST /xingrg/kc/buy/cgsh_order_operate.html HTTP/1.1" 200 2653
61.170.233.1 - - [26/Apr/2024:10:41:15 +0800] "GET /xingrg/all/function/internal_message.html?_=1714099276639&CODE_STATE=getMsg HTTP/1.1" 200 27
101.83.144.49 - - [26/Apr/2024:10:41:17 +0800] "GET /xingrg/kc/print/load_data.html?order_code=212024042607120&kc_code=cgsh&condition= HTTP/1.1" 200 666
101.80.230.31 - - [26/Apr/2024:10:41:18 +0800] "GET /xingrg/all/function/internal_message.html?_=1714099287069&CODE_STATE=getMsg HTTP/1.1" 200 27
116.238.97.31 - - [26/Apr/2024:10:41:19 +0800] "GET /xingrg/all/function/internal_message.html?_=1714099302693&CODE_STATE=getMsg HTTP/1.1" 200 27
101.83.144.49 - - [26/Apr/2024:10:41:21 +0800] "GET /xingrg/kc/buy/cgsh_order_add.html HTTP/1.1" 200 74245
101.83.144.49 - - [26/Apr/2024:10:41:21 +0800] "GET /xingrg/javascript/easyui/themes/default/validatebox.css HTTP/1.1" 404 1104
101.83.144.49 - - [26/Apr/2024:10:41:21 +0800] "POST /xingrg/kc/buy/cgsh_order_operate.html HTTP/1.1" 200 8245
180.169.147.146 - - [26/Apr/2024:10:41:25 +0800] "GET /xingrg/all/function/internal_message.html?_=1714099285474&CODE_STATE=getMsg HTTP/1.1" 200 27
124.78.56.241 - - [26/Apr/2024:10:41:28 +0800] "GET /xingrg/all/function/internal_message.html?_=1714099288536&CODE_STATE=getMsg HTTP/1.1" 200 27
116.232.195.13 - - [26/Apr/2024:10:41:31 +0800] "GET /xingrg/all/function/internal_message.html?_=1714099279951&CODE_STATE=getMsg HTTP/1.1" 200 27
120.253.135.82 - - [26/Apr/2024:10:41:35 +0800] "GET /xingrg/all/function/internal_message.html?_=1714099477182&CODE_STATE=getMsg HTTP/1.1" 200 27
114.83.217.54 - - [26/Apr/2024:10:41:39 +0800] "GET /xingrg/all/function/internal_message.html?_=1714099297888&CODE_STATE=getMsg HTTP/1.1" 200 27
222.70.183.82 - - [26/Apr/2024:10:41:41 +0800] "GET /xingrg/all/function/internal_message.html?_=1714099298482&CODE_STATE=getMsg HTTP/1.1" 200 27
116.238.97.31 - - [26/Apr/2024:10:41:44 +0800] "POST /xingrg/kc/buy/cgsh_list_operate.html HTTP/1.1" 200 563
116.238.97.31 - - [26/Apr/2024:10:41:45 +0800] "GET /xingrg/kc/buy/cgsh_order_info.html?code=212024042506841 HTTP/1.1" 200 74176
116.238.97.31 - - [26/Apr/2024:10:41:45 +0800] "GET /xingrg/words/20240426100103_words.js HTTP/1.1" 304 -
116.238.97.31 - - [26/Apr/2024:10:41:45 +0800] "GET /xingrg/javascript/easyui/themes/default/validatebox.css HTTP/1.1" 404 1104
116.238.97.31 - - [26/Apr/2024:10:41:46 +0800] "POST /xingrg/kc/buy/cgsh_order_operate.html HTTP/1.1" 200 13905
116.238.97.31 - - [26/Apr/2024:10:41:48 +0800] "POST /xingrg/services/DataTransmitService HTTP/1.1" 200 524
180.169.147.146 - - [26/Apr/2024:10:41:48 +0800] "GET /xingrg/all/function/internal_message.html?_=1714099308464&CODE_STATE=getMsg HTTP/1.1" 200 27
116.224.254.208 - - [26/Apr/2024:10:41:48 +0800] "GET /xingrg/all/function/internal_message.html?_=1714099308704&CODE_STATE=getMsg HTTP/1.1" 200 27
180.169.147.146 - - [26/Apr/2024:10:41:52 +0800] "GET /xingrg/all/function/internal_message.html?_=1714099300796&CODE_STATE=getMsg HTTP/1.1" 302 -
114.83.220.195 - - [26/Apr/2024:10:41:54 +0800] "GET /xingrg/all/function/internal_message.html?_=1714099316615&CODE_STATE=getMsg HTTP/1.1" 200 27
180.169.147.146 - - [26/Apr/2024:10:41:57 +0800] "GET /xingrg/all/function/internal_message.html?_=1714099313256&CODE_STATE=getMsg HTTP/1.1" 200 27
116.224.254.208 - - [26/Apr/2024:10:42:06 +0800] "GET /xingrg/all/function/internal_message.html?_=1714099325687&CODE_STATE=getMsg HTTP/1.1" 200 27
180.164.1.25 - - [26/Apr/2024:10:42:09 +0800] "GET /xingrg/check_reg.html?_=1714099328435 HTTP/1.1" 200 22
116.238.97.31 - - [26/Apr/2024:10:42:09 +0800] "GET /xingrg/all/function/internal_message.html?_=1714099330138&CODE_STATE=getMsg HTTP/1.1" 200 27
101.83.144.49 - - [26/Apr/2024:10:42:10 +0800] "GET /xingrg/all/function/internal_message.html?_=1714099332314&CODE_STATE=getMsg HTTP/1.1" 200 27
180.164.1.25 - - [26/Apr/2024:10:42:11 +0800] "GET /xingrg/all/function/internal_message.html?_=1714099330333&CODE_STATE=getMsg HTTP/1.1" 200 27
101.83.144.49 - - [26/Apr/2024:10:42:11 +0800] "GET /xingrg/check_reg.html?_=1714099332842 HTTP/1.1" 200 22
61.170.233.1 - - [26/Apr/2024:10:42:15 +0800] "GET /xingrg/all/function/internal_message.html?_=1714099336630&CODE_STATE=getMsg HTTP/1.1" 200 27
101.80.230.31 - - [26/Apr/2024:10:42:18 +0800] "GET /xingrg/all/function/internal_message.html?_=1714099347071&CODE_STATE=getMsg HTTP/1.1" 200 27
116.238.97.31 - - [26/Apr/2024:10:42:19 +0800] "GET /xingrg/all/function/internal_message.html?_=1714099362691&CODE_STATE=getMsg HTTP/1.1" 200 27
101.83.144.49 - - [26/Apr/2024:10:42:24 +0800] "GET /xingrg/kc/buy/cgsh_order_operate.html?command=get_materiel&rest_code=00105&code=00101010143&supplier_code=00100325&order_time=2024-04-26 HTTP/1.1" 200 413
180.169.147.146 - - [26/Apr/2024:10:42:25 +0800] "GET /xingrg/all/function/internal_message.html?_=1714099345475&CODE_STATE=getMsg HTTP/1.1" 200 27
124.78.56.241 - - [26/Apr/2024:10:42:25 +0800] "GET /xingrg/check_reg.html?_=1714099345921 HTTP/1.1" 200 22
124.78.56.241 - - [26/Apr/2024:10:42:28 +0800] "GET /xingrg/all/function/internal_message.html?_=1714099348514&CODE_STATE=getMsg HTTP/1.1" 200 27
116.232.195.13 - - [26/Apr/2024:10:42:31 +0800] "GET /xingrg/all/function/internal_message.html?_=1714099339947&CODE_STATE=getMsg HTTP/1.1" 200 27
120.253.135.82 - - [26/Apr/2024:10:42:35 +0800] "GET /xingrg/all/function/internal_message.html?_=1714099537187&CODE_STATE=getMsg HTTP/1.1" 200 27
116.224.254.208 - - [26/Apr/2024:10:42:38 +0800] "GET /xingrg/kc/base/wldb_order_list.html HTTP/1.1" 200 19057
116.224.254.208 - - [26/Apr/2024:10:42:38 +0800] "POST /xingrg/kc/base/wldb_list_operate.html HTTP/1.1" 200 928
101.83.144.49 - - [26/Apr/2024:10:42:38 +0800] "POST /xingrg/kc/buy/cgsh_order_operate.html HTTP/1.1" 200 37
114.83.217.54 - - [26/Apr/2024:10:42:39 +0800] "GET /xingrg/all/function/internal_message.html?_=1714099357859&CODE_STATE=getMsg HTTP/1.1" 200 27
116.224.254.208 - - [26/Apr/2024:10:42:40 +0800] "GET /xingrg/kc/base/wldb_order_add.html HTTP/1.1" 200 30388
116.224.254.208 - - [26/Apr/2024:10:42:40 +0800] "GET /xingrg/words/20240426100103_words.js HTTP/1.1" 304 -
116.224.254.208 - - [26/Apr/2024:10:42:40 +0800] "POST /xingrg/kc/base/wldb_order_operate.html HTTP/1.1" 200 6806
116.224.254.208 - - [26/Apr/2024:10:42:41 +0800] "GET /xingrg/all/common/auto_word.html?type=base&rest_code=00150 HTTP/1.1" 200 1853
116.224.254.208 - - [26/Apr/2024:10:42:41 +0800] "GET /xingrg/all/common/auto_word.html?type=base&rest_code=00150 HTTP/1.1" 200 1853
116.224.254.208 - - [26/Apr/2024:10:42:41 +0800] "GET /xingrg/javascript/easyui/themes/default/validatebox.css HTTP/1.1" 404 1104
222.70.183.82 - - [26/Apr/2024:10:42:41 +0800] "GET /xingrg/all/function/internal_message.html?_=1714099358467&CODE_STATE=getMsg HTTP/1.1" 200 27
101.83.144.49 - - [26/Apr/2024:10:42:41 +0800] "POST /xingrg/kc/buy/cgsh_order_operate.html HTTP/1.1" 200 2658
180.169.147.146 - - [26/Apr/2024:10:42:48 +0800] "GET /xingrg/all/function/internal_message.html?_=1714099368445&CODE_STATE=getMsg HTTP/1.1" 200 27
180.169.147.146 - - [26/Apr/2024:10:42:48 +0800] "GET /xingrg/check_reg.html?_=1714099368449 HTTP/1.1" 200 22
116.224.254.208 - - [26/Apr/2024:10:42:48 +0800] "GET /xingrg/all/function/internal_message.html?_=1714099368718&CODE_STATE=getMsg HTTP/1.1" 200 27
101.83.144.49 - - [26/Apr/2024:10:42:50 +0800] "GET /xingrg/kc/print/load_data.html?order_code=212024042607121&kc_code=cgsh&condition= HTTP/1.1" 200 677
116.224.254.208 - - [26/Apr/2024:10:42:51 +0800] "GET /xingrg/kc/base/wldb_order_operate.html?command=get_materiel&rest_code=00150&base_code=0010446&code=00102002238 HTTP/1.1" 200 433
180.169.147.146 - - [26/Apr/2024:10:42:52 +0800] "GET /xingrg/all/function/internal_message.html?_=1714099360779&CODE_STATE=getMsg HTTP/1.1" 302 -
114.83.220.195 - - [26/Apr/2024:10:42:54 +0800] "GET /xingrg/all/function/internal_message.html?_=1714099376611&CODE_STATE=getMsg HTTP/1.1" 200 27
180.169.147.146 - - [26/Apr/2024:10:42:57 +0800] "GET /xingrg/all/function/internal_message.html?_=1714099373240&CODE_STATE=getMsg HTTP/1.1" 200 27
116.224.254.208 - - [26/Apr/2024:10:43:02 +0800] "POST /xingrg/kc/base/wldb_order_operate.html HTTP/1.1" 200 37
116.224.254.208 - - [26/Apr/2024:10:43:06 +0800] "GET /xingrg/all/function/internal_message.html?_=1714099385663&CODE_STATE=getMsg HTTP/1.1" 200 27
116.224.254.208 - - [26/Apr/2024:10:43:08 +0800] "POST /xingrg/kc/base/wldb_order_operate.html HTTP/1.1" 200 12
116.224.254.208 - - [26/Apr/2024:10:43:08 +0800] "POST /xingrg/kc/base/wldb_order_operate.html HTTP/1.1" 200 2181
116.238.97.31 - - [26/Apr/2024:10:43:09 +0800] "GET /xingrg/all/function/internal_message.html?_=1714099390111&CODE_STATE=getMsg HTTP/1.1" 200 27
116.224.254.208 - - [26/Apr/2024:10:43:10 +0800] "GET /xingrg/kc/base/wldb_order_info.html?code=422024042601635 HTTP/1.1" 200 26265
116.238.97.31 - - [26/Apr/2024:10:43:10 +0800] "GET /xingrg/check_reg.html?_=1714099391330 HTTP/1.1" 200 22
116.224.254.208 - - [26/Apr/2024:10:43:10 +0800] "GET /xingrg/javascript/easyui/themes/default/validatebox.css HTTP/1.1" 404 1104
101.83.144.49 - - [26/Apr/2024:10:43:10 +0800] "GET /xingrg/all/function/internal_message.html?_=1714099392280&CODE_STATE=getMsg HTTP/1.1" 200 27
116.224.254.208 - - [26/Apr/2024:10:43:10 +0800] "POST /xingrg/kc/base/wldb_order_operate.html HTTP/1.1" 200 475
180.164.1.25 - - [26/Apr/2024:10:43:11 +0800] "GET /xingrg/all/function/internal_message.html?_=1714099390310&CODE_STATE=getMsg HTTP/1.1" 200 27
61.170.233.1 - - [26/Apr/2024:10:43:15 +0800] "GET /xingrg/all/function/internal_message.html?_=1714099396630&CODE_STATE=getMsg HTTP/1.1" 200 27
101.80.230.31 - - [26/Apr/2024:10:43:18 +0800] "GET /xingrg/all/function/internal_message.html?_=1714099407073&CODE_STATE=getMsg HTTP/1.1" 200 27
116.238.97.31 - - [26/Apr/2024:10:43:19 +0800] "GET /xingrg/all/function/internal_message.html?_=1714099422694&CODE_STATE=getMsg HTTP/1.1" 200 27
116.238.97.31 - - [26/Apr/2024:10:43:19 +0800] "GET /xingrg/check_reg.html?_=1714099422692 HTTP/1.1" 200 22
101.83.144.49 - - [26/Apr/2024:10:43:23 +0800] "GET /xingrg/kc/buy/cgsh_order_add.html HTTP/1.1" 200 74245
101.83.144.49 - - [26/Apr/2024:10:43:23 +0800] "GET /xingrg/javascript/easyui/themes/default/validatebox.css HTTP/1.1" 404 1104
101.83.144.49 - - [26/Apr/2024:10:43:24 +0800] "POST /xingrg/kc/buy/cgsh_order_operate.html HTTP/1.1" 200 8245
180.169.147.146 - - [26/Apr/2024:10:43:25 +0800] "GET /xingrg/all/function/internal_message.html?_=1714099405457&CODE_STATE=getMsg HTTP/1.1" 200 27
124.78.56.241 - - [26/Apr/2024:10:43:28 +0800] "GET /xingrg/all/function/internal_message.html?_=1714099408499&CODE_STATE=getMsg HTTP/1.1" 200 27
116.232.195.13 - - [26/Apr/2024:10:43:31 +0800] "GET /xingrg/all/function/internal_message.html?_=1714099399950&CODE_STATE=getMsg HTTP/1.1" 200 27
120.253.135.82 - - [26/Apr/2024:10:43:35 +0800] "GET /xingrg/all/function/internal_message.html?_=1714099597193&CODE_STATE=getMsg HTTP/1.1" 200 27
114.83.217.54 - - [26/Apr/2024:10:43:39 +0800] "GET /xingrg/all/function/internal_message.html?_=1714099417832&CODE_STATE=getMsg HTTP/1.1" 200 27
222.70.183.82 - - [26/Apr/2024:10:43:41 +0800] "GET /xingrg/all/function/internal_message.html?_=1714099418452&CODE_STATE=getMsg HTTP/1.1" 200 27
101.83.144.49 - - [26/Apr/2024:10:43:44 +0800] "GET /xingrg/kc/buy/cgsh_order_operate.html?command=get_materiel&rest_code=00105&code=00101008723&supplier_code=00100339&order_time=2024-04-26 HTTP/1.1" 200 411
180.169.147.146 - - [26/Apr/2024:10:43:48 +0800] "GET /xingrg/all/function/internal_message.html?_=1714099428442&CODE_STATE=getMsg HTTP/1.1" 200 27
116.224.254.208 - - [26/Apr/2024:10:43:48 +0800] "GET /xingrg/all/function/internal_message.html?_=1714099428715&CODE_STATE=getMsg HTTP/1.1" 200 27
180.169.147.146 - - [26/Apr/2024:10:43:50 +0800] "GET /xingrg/check_reg.html?_=1714099426013 HTTP/1.1" 200 22
180.169.147.146 - - [26/Apr/2024:10:43:52 +0800] "GET /xingrg/all/function/internal_message.html?_=1714099420762&CODE_STATE=getMsg HTTP/1.1" 302 -
114.83.220.195 - - [26/Apr/2024:10:43:54 +0800] "GET /xingrg/all/function/internal_message.html?_=1714099436608&CODE_STATE=getMsg HTTP/1.1" 200 27
180.169.147.146 - - [26/Apr/2024:10:43:57 +0800] "GET /xingrg/all/function/internal_message.html?_=1714099433238&CODE_STATE=getMsg HTTP/1.1" 200 27
101.83.144.49 - - [26/Apr/2024:10:43:58 +0800] "POST /xingrg/kc/buy/cgsh_order_operate.html HTTP/1.1" 200 37
120.253.135.82 - - [26/Apr/2024:10:43:59 +0800] "GET /xingrg/check_reg.html?_=1714099288365 HTTP/1.1" 200 22
101.83.144.49 - - [26/Apr/2024:10:44:02 +0800] "POST /xingrg/kc/buy/cgsh_order_operate.html HTTP/1.1" 200 2655
101.83.144.49 - - [26/Apr/2024:10:44:05 +0800] "GET /xingrg/kc/print/load_data.html?order_code=212024042607122&kc_code=cgsh&condition= HTTP/1.1" 200 672
116.224.254.208 - - [26/Apr/2024:10:44:06 +0800] "GET /xingrg/all/function/internal_message.html?_=1714099445650&CODE_STATE=getMsg HTTP/1.1" 200 27
116.238.97.31 - - [26/Apr/2024:10:44:09 +0800] "GET /xingrg/all/function/internal_message.html?_=1714099450091&CODE_STATE=getMsg HTTP/1.1" 200 27
101.83.144.49 - - [26/Apr/2024:10:44:10 +0800] "GET /xingrg/all/function/internal_message.html?_=1714099452250&CODE_STATE=getMsg HTTP/1.1" 200 27
180.164.1.25 - - [26/Apr/2024:10:44:11 +0800] "GET /xingrg/all/function/internal_message.html?_=1714099450289&CODE_STATE=getMsg HTTP/1.1" 200 27
101.83.144.49 - - [26/Apr/2024:10:44:13 +0800] "GET /xingrg/kc/mdqp/qqps_order_list.html HTTP/1.1" 200 9668
101.83.144.49 - - [26/Apr/2024:10:44:13 +0800] "GET /xingrg/dwr/engine.js HTTP/1.1" 200 43631
101.83.144.49 - - [26/Apr/2024:10:44:13 +0800] "GET /xingrg/dwr/interface/AjaxReportQueryService.js HTTP/1.1" 200 13203
101.83.144.49 - - [26/Apr/2024:10:44:13 +0800] "GET /xingrg/dwr/interface/AjaxQqpsService.js HTTP/1.1" 200 16326
61.170.233.1 - - [26/Apr/2024:10:44:15 +0800] "GET /xingrg/all/function/internal_message.html?_=1714099456630&CODE_STATE=getMsg HTTP/1.1" 200 27
101.83.144.49 - - [26/Apr/2024:10:44:16 +0800] "GET /xingrg/kc/mdqp/qqps_order_add.html HTTP/1.1" 200 28393
101.83.144.49 - - [26/Apr/2024:10:44:16 +0800] "GET /xingrg/dwr/engine.js HTTP/1.1" 200 43631
101.83.144.49 - - [26/Apr/2024:10:44:16 +0800] "GET /xingrg/dwr/interface/AjaxComOrderService.js HTTP/1.1" 200 18264
101.83.144.49 - - [26/Apr/2024:10:44:16 +0800] "GET /xingrg/dwr/interface/AjaxQqpsService.js HTTP/1.1" 200 16326
101.80.230.31 - - [26/Apr/2024:10:44:18 +0800] "GET /xingrg/all/function/internal_message.html?_=1714099467075&CODE_STATE=getMsg HTTP/1.1" 200 27
116.238.97.31 - - [26/Apr/2024:10:44:19 +0800] "GET /xingrg/all/function/internal_message.html?_=1714099482696&CODE_STATE=getMsg HTTP/1.1" 200 27
180.169.147.146 - - [26/Apr/2024:10:44:25 +0800] "GET /xingrg/check_reg.html?_=1714099453165 HTTP/1.1" 302 -
180.169.147.146 - - [26/Apr/2024:10:44:25 +0800] "GET /xingrg/check_reg.html?_=1714099465473 HTTP/1.1" 200 22
180.169.147.146 - - [26/Apr/2024:10:44:25 +0800] "GET /xingrg/all/function/internal_message.html?_=1714099465464&CODE_STATE=getMsg HTTP/1.1" 200 27
101.83.144.49 - - [26/Apr/2024:10:44:27 +0800] "POST /xingrg/dwr/call/plaincall/AjaxQqpsService.saveOrder.dwr HTTP/1.1" 200 78
124.78.56.241 - - [26/Apr/2024:10:44:28 +0800] "GET /xingrg/all/function/internal_message.html?_=1714099468482&CODE_STATE=getMsg HTTP/1.1" 200 27
116.232.195.13 - - [26/Apr/2024:10:44:31 +0800] "GET /xingrg/all/function/internal_message.html?_=1714099459939&CODE_STATE=getMsg HTTP/1.1" 200 27
120.253.135.82 - - [26/Apr/2024:10:44:35 +0800] "GET /xingrg/all/function/internal_message.html?_=1714099657198&CODE_STATE=getMsg HTTP/1.1" 200 27
114.83.217.54 - - [26/Apr/2024:10:44:38 +0800] "GET /xingrg/check_reg.html?_=1714099476090 HTTP/1.1" 200 22
114.83.217.54 - - [26/Apr/2024:10:44:39 +0800] "GET /xingrg/all/function/internal_message.html?_=1714099477810&CODE_STATE=getMsg HTTP/1.1" 200 27
222.70.183.82 - - [26/Apr/2024:10:44:41 +0800] "GET /xingrg/all/function/internal_message.html?_=1714099478436&CODE_STATE=getMsg HTTP/1.1" 200 27
222.70.183.82 - - [26/Apr/2024:10:44:42 +0800] "GET /xingrg/check_reg.html?_=1714099479342 HTTP/1.1" 200 22
101.83.144.49 - - [26/Apr/2024:10:44:47 +0800] "POST /xingrg/dwr/call/plaincall/AjaxQqpsService.getMaterielByCode.dwr HTTP/1.1" 200 2806
180.169.147.146 - - [26/Apr/2024:10:44:48 +0800] "GET /xingrg/all/function/internal_message.html?_=1714099488443&CODE_STATE=getMsg HTTP/1.1" 200 27
61.170.233.1 - - [26/Apr/2024:10:44:48 +0800] "POST /xingrg/services/DataTransmitService HTTP/1.1" 200 524
116.224.254.208 - - [26/Apr/2024:10:44:48 +0800] "GET /xingrg/all/function/internal_message.html?_=1714099488729&CODE_STATE=getMsg HTTP/1.1" 200 27
61.170.233.1 - - [26/Apr/2024:10:44:49 +0800] "POST /xingrg/services/DataTransmitService HTTP/1.1" 200 412
116.238.97.31 - - [26/Apr/2024:10:44:51 +0800] "GET /xingrg/javascript/auto/indicator.gif HTTP/1.1" 404 1066
180.169.147.146 - - [26/Apr/2024:10:44:52 +0800] "GET /xingrg/all/function/internal_message.html?_=1714099480732&CODE_STATE=getMsg HTTP/1.1" 302 -
114.83.220.195 - - [26/Apr/2024:10:44:54 +0800] "GET /xingrg/check_reg.html?_=1714099496599 HTTP/1.1" 200 22
114.83.220.195 - - [26/Apr/2024:10:44:54 +0800] "GET /xingrg/all/function/internal_message.html?_=1714099496604&CODE_STATE=getMsg HTTP/1.1" 200 27
101.83.144.49 - - [26/Apr/2024:10:44:57 +0800] "POST /xingrg/dwr/call/plaincall/AjaxQqpsService.saveMaterielItem.dwr HTTP/1.1" 200 78
101.83.144.49 - - [26/Apr/2024:10:44:57 +0800] "POST /xingrg/dwr/call/plaincall/AjaxQqpsService.saveOrder.dwr HTTP/1.1" 200 78
180.169.147.146 - - [26/Apr/2024:10:44:57 +0800] "GET /xingrg/all/function/internal_message.html?_=1714099493223&CODE_STATE=getMsg HTTP/1.1" 200 27
116.238.97.31 - - [26/Apr/2024:10:45:00 +0800] "POST /xingrg/kc/buy/cgsh_order_operate.html HTTP/1.1" 200 37
101.83.144.49 - - [26/Apr/2024:10:45:01 +0800] "POST /xingrg/dwr/call/plaincall/AjaxQqpsService.checkOrder.dwr HTTP/1.1" 200 78
116.238.97.31 - - [26/Apr/2024:10:45:03 +0800] "POST /xingrg/kc/buy/cgsh_order_operate.html HTTP/1.1" 200 13907
101.83.144.49 - - [26/Apr/2024:10:45:04 +0800] "GET /xingrg/kc/mdqp/qqps_order_info.html?code=302024042600386 HTTP/1.1" 200 26796
101.83.144.49 - - [26/Apr/2024:10:45:04 +0800] "GET /xingrg/dwr/interface/AjaxComOrderService.js HTTP/1.1" 200 18264
101.83.144.49 - - [26/Apr/2024:10:45:04 +0800] "GET /xingrg/dwr/interface/AjaxQqpsService.js HTTP/1.1" 200 16326
101.83.144.49 - - [26/Apr/2024:10:45:04 +0800] "GET /xingrg/dwr/engine.js HTTP/1.1" 200 43631
101.83.144.49 - - [26/Apr/2024:10:45:05 +0800] "POST /xingrg/dwr/call/plaincall/AjaxQqpsService.loadMaterielItems.dwr HTTP/1.1" 200 371
116.224.254.208 - - [26/Apr/2024:10:45:06 +0800] "GET /xingrg/all/function/internal_message.html?_=1714099505632&CODE_STATE=getMsg HTTP/1.1" 200 27
116.238.97.31 - - [26/Apr/2024:10:45:09 +0800] "GET /xingrg/all/function/internal_message.html?_=1714099510065&CODE_STATE=getMsg HTTP/1.1" 200 27
101.83.144.49 - - [26/Apr/2024:10:45:10 +0800] "GET /xingrg/all/function/internal_message.html?_=1714099512246&CODE_STATE=getMsg HTTP/1.1" 200 27
180.164.1.25 - - [26/Apr/2024:10:45:11 +0800] "GET /xingrg/all/function/internal_message.html?_=1714099510267&CODE_STATE=getMsg HTTP/1.1" 200 27
61.170.233.1 - - [26/Apr/2024:10:45:15 +0800] "GET /xingrg/all/function/internal_message.html?_=1714099516656&CODE_STATE=getMsg HTTP/1.1" 200 27
61.170.233.1 - - [26/Apr/2024:10:45:15 +0800] "GET /xingrg/check_reg.html?_=1714099516658 HTTP/1.1" 200 22
101.80.230.31 - - [26/Apr/2024:10:45:18 +0800] "GET /xingrg/all/function/internal_message.html?_=1714099527079&CODE_STATE=getMsg HTTP/1.1" 200 27
101.80.230.31 - - [26/Apr/2024:10:45:18 +0800] "GET /xingrg/check_reg.html?_=1714099527080 HTTP/1.1" 200 22
116.238.97.31 - - [26/Apr/2024:10:45:19 +0800] "GET /xingrg/all/function/internal_message.html?_=1714099542695&CODE_STATE=getMsg HTTP/1.1" 200 27
101.83.144.49 - - [26/Apr/2024:10:45:19 +0800] "GET /xingrg/kc/buy/cgsh_order_add.html HTTP/1.1" 200 74245
101.83.144.49 - - [26/Apr/2024:10:45:19 +0800] "POST /xingrg/kc/buy/cgsh_order_operate.html HTTP/1.1" 200 8245
101.83.144.49 - - [26/Apr/2024:10:45:19 +0800] "GET /xingrg/javascript/easyui/themes/default/validatebox.css HTTP/1.1" 404 1104
101.83.144.49 - - [26/Apr/2024:10:45:21 +0800] "GET /xingrg/javascript/auto/indicator.gif HTTP/1.1" 404 1066
180.169.147.146 - - [26/Apr/2024:10:45:25 +0800] "GET /xingrg/all/function/internal_message.html?_=1714099525476&CODE_STATE=getMsg HTTP/1.1" 200 27
124.78.56.241 - - [26/Apr/2024:10:45:28 +0800] "GET /xingrg/all/function/internal_message.html?_=1714099528463&CODE_STATE=getMsg HTTP/1.1" 200 27
116.232.195.13 - - [26/Apr/2024:10:45:31 +0800] "GET /xingrg/check_reg.html?_=1714099519955 HTTP/1.1" 200 22
116.232.195.13 - - [26/Apr/2024:10:45:31 +0800] "GET /xingrg/all/function/internal_message.html?_=1714099519953&CODE_STATE=getMsg HTTP/1.1" 200 27
101.83.144.49 - - [26/Apr/2024:10:45:32 +0800] "GET /xingrg/kc/buy/cgsh_order_operate.html?command=get_materiel&rest_code=00105&code=00101001309&supplier_code=00100331&order_time=2024-04-26 HTTP/1.1" 200 410
116.238.97.31 - - [26/Apr/2024:10:45:33 +0800] "POST /xingrg/kc/buy/cgsh_list_operate.html HTTP/1.1" 200 3354
120.253.135.82 - - [26/Apr/2024:10:45:35 +0800] "GET /xingrg/check_reg.html?_=1714099717204 HTTP/1.1" 200 22
120.253.135.82 - - [26/Apr/2024:10:45:35 +0800] "GET /xingrg/all/function/internal_message.html?_=1714099717202&CODE_STATE=getMsg HTTP/1.1" 200 27
114.83.217.54 - - [26/Apr/2024:10:45:39 +0800] "GET /xingrg/all/function/internal_message.html?_=1714099537781&CODE_STATE=getMsg HTTP/1.1" 200 27
222.70.183.82 - - [26/Apr/2024:10:45:41 +0800] "GET /xingrg/all/function/internal_message.html?_=1714099538420&CODE_STATE=getMsg HTTP/1.1" 200 27
101.83.144.49 - - [26/Apr/2024:10:45:41 +0800] "POST /xingrg/kc/buy/cgsh_order_operate.html HTTP/1.1" 200 37
101.83.144.49 - - [26/Apr/2024:10:45:44 +0800] "POST /xingrg/kc/buy/cgsh_order_operate.html HTTP/1.1" 200 2655
101.83.144.49 - - [26/Apr/2024:10:45:45 +0800] "GET /xingrg/kc/print/load_data.html?order_code=212024042607123&kc_code=cgsh&condition= HTTP/1.1" 200 668
180.169.147.146 - - [26/Apr/2024:10:45:48 +0800] "GET /xingrg/all/function/internal_message.html?_=1714099548444&CODE_STATE=getMsg HTTP/1.1" 200 27
116.224.254.208 - - [26/Apr/2024:10:45:48 +0800] "GET /xingrg/check_reg.html?_=1714099548725 HTTP/1.1" 200 22
116.224.254.208 - - [26/Apr/2024:10:45:48 +0800] "GET /xingrg/all/function/internal_message.html?_=1714099548728&CODE_STATE=getMsg HTTP/1.1" 200 27
180.169.147.146 - - [26/Apr/2024:10:45:52 +0800] "GET /xingrg/all/function/internal_message.html?_=1714099540741&CODE_STATE=getMsg HTTP/1.1" 302 -
116.232.195.13 - - [26/Apr/2024:10:45:53 +0800] "POST /xingrg/services/DataTransmitService HTTP/1.1" 200 524
116.232.195.13 - - [26/Apr/2024:10:45:53 +0800] "POST /xingrg/services/DataTransmitService HTTP/1.1" 200 412
114.83.220.195 - - [26/Apr/2024:10:45:54 +0800] "GET /xingrg/all/function/internal_message.html?_=1714099556617&CODE_STATE=getMsg HTTP/1.1" 200 27
180.169.147.146 - - [26/Apr/2024:10:45:57 +0800] "GET /xingrg/all/function/internal_message.html?_=1714099553208&CODE_STATE=getMsg HTTP/1.1" 200 27
116.224.254.208 - - [26/Apr/2024:10:46:06 +0800] "GET /xingrg/all/function/internal_message.html?_=1714099565610&CODE_STATE=getMsg HTTP/1.1" 200 27
116.224.254.208 - - [26/Apr/2024:10:46:08 +0800] "GET /xingrg/check_reg.html?_=1714099567615 HTTP/1.1" 200 22
116.238.97.31 - - [26/Apr/2024:10:46:09 +0800] "POST /xingrg/kc/buy/cgsh_list_operate.html HTTP/1.1" 200 579
116.238.97.31 - - [26/Apr/2024:10:46:09 +0800] "GET /xingrg/all/function/internal_message.html?_=1714099570039&CODE_STATE=getMsg HTTP/1.1" 200 27
101.83.144.49 - - [26/Apr/2024:10:46:10 +0800] "GET /xingrg/all/function/internal_message.html?_=1714099572209&CODE_STATE=getMsg HTTP/1.1" 200 27
116.238.97.31 - - [26/Apr/2024:10:46:11 +0800] "GET /xingrg/kc/buy/cgsh_order_info.html?code=212024042506840 HTTP/1.1" 200 74176
222.70.183.82 - - [26/Apr/2024:10:46:11 +0800] "GET /xingrg/kc/buy/cgsh_order_add.html HTTP/1.1" 200 74119
180.164.1.25 - - [26/Apr/2024:10:46:11 +0800] "GET /xingrg/all/function/internal_message.html?_=1714099570241&CODE_STATE=getMsg HTTP/1.1" 200 27
116.238.97.31 - - [26/Apr/2024:10:46:11 +0800] "GET /xingrg/words/20240426100103_words.js HTTP/1.1" 304 -
222.70.183.82 - - [26/Apr/2024:10:46:11 +0800] "GET /xingrg/words/20240426100103_words.js HTTP/1.1" 200 1021336
116.238.97.31 - - [26/Apr/2024:10:46:11 +0800] "GET /xingrg/javascript/easyui/themes/default/validatebox.css HTTP/1.1" 404 1104
222.70.183.82 - - [26/Apr/2024:10:46:11 +0800] "POST /xingrg/kc/buy/cgsh_order_operate.html HTTP/1.1" 200 8245
222.70.183.82 - - [26/Apr/2024:10:46:11 +0800] "GET /xingrg/javascript/easyui/themes/default/validatebox.css HTTP/1.1" 404 1104
116.238.97.31 - - [26/Apr/2024:10:46:12 +0800] "POST /xingrg/kc/buy/cgsh_order_operate.html HTTP/1.1" 200 12139
61.170.233.1 - - [26/Apr/2024:10:46:15 +0800] "GET /xingrg/all/function/internal_message.html?_=1714099576659&CODE_STATE=getMsg HTTP/1.1" 200 27
116.238.97.31 - - [26/Apr/2024:10:46:18 +0800] "POST /xingrg/kc/buy/cgsh_order_operate.html HTTP/1.1" 200 37
101.80.230.31 - - [26/Apr/2024:10:46:18 +0800] "GET /xingrg/all/function/internal_message.html?_=1714099587079&CODE_STATE=getMsg HTTP/1.1" 200 27
116.238.97.31 - - [26/Apr/2024:10:46:19 +0800] "GET /xingrg/all/function/internal_message.html?_=1714099602693&CODE_STATE=getMsg HTTP/1.1" 200 27
180.169.147.146 - - [26/Apr/2024:10:46:25 +0800] "GET /xingrg/all/function/internal_message.html?_=1714099585459&CODE_STATE=getMsg HTTP/1.1" 200 27
116.238.97.31 - - [26/Apr/2024:10:46:26 +0800] "POST /xingrg/kc/buy/cgsh_order_operate.html HTTP/1.1" 200 12
124.78.56.241 - - [26/Apr/2024:10:46:28 +0800] "GET /xingrg/all/function/internal_message.html?_=1714099588453&CODE_STATE=getMsg HTTP/1.1" 200 27
116.238.97.31 - - [26/Apr/2024:10:46:29 +0800] "GET /xingrg/kc/buy/cgsh_order_info.html?code=212024042506840 HTTP/1.1" 200 69067
116.238.97.31 - - [26/Apr/2024:10:46:29 +0800] "GET /xingrg/javascript/easyui/themes/default/validatebox.css HTTP/1.1" 404 1104
116.238.97.31 - - [26/Apr/2024:10:46:30 +0800] "POST /xingrg/kc/buy/cgsh_order_operate.html HTTP/1.1" 200 10084
116.232.195.13 - - [26/Apr/2024:10:46:31 +0800] "GET /xingrg/all/function/internal_message.html?_=1714099579946&CODE_STATE=getMsg HTTP/1.1" 200 27
222.70.183.82 - - [26/Apr/2024:10:46:33 +0800] "GET /xingrg/kc/buy/cgsh_order_operate.html?command=get_materiel&rest_code=00111&code=00101001291&supplier_code=00100479&order_time=2024-04-26 HTTP/1.1" 200 419
120.253.135.82 - - [26/Apr/2024:10:46:35 +0800] "GET /xingrg/all/function/internal_message.html?_=1714099777207&CODE_STATE=getMsg HTTP/1.1" 200 27
114.83.217.54 - - [26/Apr/2024:10:46:39 +0800] "GET /xingrg/all/function/internal_message.html?_=1714099597768&CODE_STATE=getMsg HTTP/1.1" 200 27
222.70.183.82 - - [26/Apr/2024:10:46:41 +0800] "GET /xingrg/all/function/internal_message.html?_=1714099598403&CODE_STATE=getMsg HTTP/1.1" 200 27
222.70.183.82 - - [26/Apr/2024:10:46:47 +0800] "POST /xingrg/kc/buy/cgsh_order_operate.html HTTP/1.1" 200 37
180.169.147.146 - - [26/Apr/2024:10:46:48 +0800] "GET /xingrg/all/function/internal_message.html?_=1714099608449&CODE_STATE=getMsg HTTP/1.1" 200 27
116.224.254.208 - - [26/Apr/2024:10:46:48 +0800] "GET /xingrg/all/function/internal_message.html?_=1714099608713&CODE_STATE=getMsg HTTP/1.1" 200 27
180.169.147.146 - - [26/Apr/2024:10:46:52 +0800] "GET /xingrg/all/function/internal_message.html?_=1714099600724&CODE_STATE=getMsg HTTP/1.1" 302 -
114.83.220.195 - - [26/Apr/2024:10:46:54 +0800] "GET /xingrg/all/function/internal_message.html?_=1714099616603&CODE_STATE=getMsg HTTP/1.1" 200 27
222.70.183.82 - - [26/Apr/2024:10:46:54 +0800] "POST /xingrg/kc/buy/cgsh_order_operate.html HTTP/1.1" 200 12
116.238.97.31 - - [26/Apr/2024:10:46:54 +0800] "POST /xingrg/kc/buy/cgsh_list_operate.html HTTP/1.1" 200 3072
116.238.97.31 - - [26/Apr/2024:10:46:57 +0800] "POST /xingrg/kc/buy/cgsh_list_operate.html HTTP/1.1" 200 563
116.232.195.13 - - [26/Apr/2024:10:46:57 +0800] "GET /xingrg/kc/base/yddb_order_list.html HTTP/1.1" 200 16662
222.70.183.82 - - [26/Apr/2024:10:46:57 +0800] "GET /xingrg/kc/buy/cgsh_order_info.html?code=212024042607124 HTTP/1.1" 200 68998
180.169.147.146 - - [26/Apr/2024:10:46:57 +0800] "GET /xingrg/all/function/internal_message.html?_=1714099613191&CODE_STATE=getMsg HTTP/1.1" 200 27
222.70.183.82 - - [26/Apr/2024:10:46:57 +0800] "GET /xingrg/javascript/easyui/themes/default/validatebox.css HTTP/1.1" 404 1104
116.232.195.13 - - [26/Apr/2024:10:46:58 +0800] "POST /xingrg/kc/base/yddb_list_operate.html HTTP/1.1" 200 636
116.238.97.31 - - [26/Apr/2024:10:46:58 +0800] "GET /xingrg/kc/buy/cgsh_order_info.html?code=212024042506841 HTTP/1.1" 200 74176
116.238.97.31 - - [26/Apr/2024:10:46:58 +0800] "GET /xingrg/javascript/easyui/themes/default/validatebox.css HTTP/1.1" 404 1104
222.70.183.82 - - [26/Apr/2024:10:46:59 +0800] "POST /xingrg/kc/buy/cgsh_order_operate.html HTTP/1.1" 200 613
116.238.97.31 - - [26/Apr/2024:10:46:59 +0800] "POST /xingrg/kc/buy/cgsh_order_operate.html HTTP/1.1" 200 13907
222.70.183.82 - - [26/Apr/2024:10:47:01 +0800] "GET /xingrg/kc/print/load_data.html?order_code=212024042607124&kc_code=cgsh&condition= HTTP/1.1" 200 711
116.232.195.13 - - [26/Apr/2024:10:47:03 +0800] "GET /xingrg/kc/base/yddb_order_add.html HTTP/1.1" 200 30039
116.232.195.13 - - [26/Apr/2024:10:47:03 +0800] "GET /xingrg/css/blue.css HTTP/1.1" 200 15949
116.232.195.13 - - [26/Apr/2024:10:47:03 +0800] "GET /xingrg/javascript/pic_change.js HTTP/1.1" 200 4739
116.232.195.13 - - [26/Apr/2024:10:47:03 +0800] "GET /xingrg/javascript/Calendar.js HTTP/1.1" 200 31561
116.232.195.13 - - [26/Apr/2024:10:47:03 +0800] "GET /xingrg/javascript/myfunction.js HTTP/1.1" 200 24559
116.232.195.13 - - [26/Apr/2024:10:47:03 +0800] "GET /xingrg/javascript/checkform.js HTTP/1.1" 200 18351
116.232.195.13 - - [26/Apr/2024:10:47:03 +0800] "GET /xingrg/dwr/interface/AjaxYddbService.js HTTP/1.1" 200 13201
116.232.195.13 - - [26/Apr/2024:10:47:03 +0800] "GET /xingrg/javascript/Grid.js HTTP/1.1" 200 58908
116.232.195.13 - - [26/Apr/2024:10:47:03 +0800] "GET /xingrg/dwr/interface/AjaxComOrderService.js HTTP/1.1" 200 18264
116.232.195.13 - - [26/Apr/2024:10:47:03 +0800] "GET /xingrg/javascript/AjaxInfoList.js HTTP/1.1" 200 3774
116.232.195.13 - - [26/Apr/2024:10:47:03 +0800] "GET /xingrg/dwr/util.js HTTP/1.1" 200 35990
116.232.195.13 - - [26/Apr/2024:10:47:03 +0800] "GET /xingrg/dwr/engine.js HTTP/1.1" 200 43631
116.232.195.13 - - [26/Apr/2024:10:47:03 +0800] "GET /xingrg/javascript/ToolTips.js HTTP/1.1" 200 5615
116.232.195.13 - - [26/Apr/2024:10:47:03 +0800] "GET /xingrg/javascript/jquery_easy_ui/themes/icons/edit_add_new.png HTTP/1.1" 200 2997
116.232.195.13 - - [26/Apr/2024:10:47:03 +0800] "GET /xingrg/javascript/jquery_easy_ui/themes/icons/print.png HTTP/1.1" 200 1057
116.232.195.13 - - [26/Apr/2024:10:47:03 +0800] "GET /xingrg/javascript/jquery_easy_ui/themes/icons/check_new.png HTTP/1.1" 200 3224
116.232.195.13 - - [26/Apr/2024:10:47:03 +0800] "GET /xingrg/javascript/jquery_easy_ui/themes/default/images/menu_downarrow.png HTTP/1.1" 200 173
116.232.195.13 - - [26/Apr/2024:10:47:03 +0800] "GET /xingrg/javascript/jquery_easy_ui/themes/icons/back_new.png HTTP/1.1" 200 3414
116.232.195.13 - - [26/Apr/2024:10:47:03 +0800] "GET /xingrg/javascript/jquery_easy_ui/themes/icons/cance_new.png HTTP/1.1" 200 3986
116.232.195.13 - - [26/Apr/2024:10:47:03 +0800] "GET /xingrg/images/blue/button/kc_tab_edit.gif HTTP/1.1" 200 551
116.232.195.13 - - [26/Apr/2024:10:47:03 +0800] "GET /xingrg/images/blue/button/kc_tab_add.gif HTTP/1.1" 200 375
116.232.195.13 - - [26/Apr/2024:10:47:03 +0800] "GET /xingrg/images/blue/button/kc_tab_save.gif HTTP/1.1" 200 777
116.232.195.13 - - [26/Apr/2024:10:47:03 +0800] "GET /xingrg/images/blue/button/kc_tab_del.gif HTTP/1.1" 200 383
116.232.195.13 - - [26/Apr/2024:10:47:03 +0800] "GET /xingrg/images/blue/kc_tab_mid.gif HTTP/1.1" 200 44
116.232.195.13 - - [26/Apr/2024:10:47:03 +0800] "GET /xingrg/images/blue/kc_tab_left.gif HTTP/1.1" 200 188
116.232.195.13 - - [26/Apr/2024:10:47:03 +0800] "GET /xingrg/images/blue/kc_tab_right.gif HTTP/1.1" 200 643
116.232.195.13 - - [26/Apr/2024:10:47:03 +0800] "GET /xingrg/images/blue/kc_tab2_left.gif HTTP/1.1" 200 625
116.232.195.13 - - [26/Apr/2024:10:47:03 +0800] "GET /xingrg/images/blue/kc_tab2_right.gif HTTP/1.1" 200 192
116.224.254.208 - - [26/Apr/2024:10:47:06 +0800] "GET /xingrg/all/function/internal_message.html?_=1714099625588&CODE_STATE=getMsg HTTP/1.1" 200 27
116.238.97.31 - - [26/Apr/2024:10:47:07 +0800] "POST /xingrg/kc/buy/cgsh_order_operate.html HTTP/1.1" 200 37
116.232.195.13 - - [26/Apr/2024:10:47:09 +0800] "GET /xingrg/images/blue/wait.gif HTTP/1.1" 200 1100
180.164.1.25 - - [26/Apr/2024:10:47:09 +0800] "GET /xingrg/check_reg.html?_=1714099628422 HTTP/1.1" 200 22
116.238.97.31 - - [26/Apr/2024:10:47:09 +0800] "GET /xingrg/all/function/internal_message.html?_=1714099630023&CODE_STATE=getMsg HTTP/1.1" 200 27
116.232.195.13 - - [26/Apr/2024:10:47:09 +0800] "POST /xingrg/dwr/call/plaincall/AjaxYddbService.getRestBases.dwr HTTP/1.1" 200 1121
222.70.183.82 - - [26/Apr/2024:10:47:09 +0800] "GET /xingrg/kc/buy/cgsh_order_add.html HTTP/1.1" 200 74119
222.70.183.82 - - [26/Apr/2024:10:47:10 +0800] "POST /xingrg/kc/buy/cgsh_order_operate.html HTTP/1.1" 200 8245
222.70.183.82 - - [26/Apr/2024:10:47:10 +0800] "GET /xingrg/javascript/easyui/themes/default/validatebox.css HTTP/1.1" 404 1104
101.83.144.49 - - [26/Apr/2024:10:47:10 +0800] "GET /xingrg/all/function/internal_message.html?_=1714099632189&CODE_STATE=getMsg HTTP/1.1" 200 27
180.164.1.25 - - [26/Apr/2024:10:47:11 +0800] "GET /xingrg/all/function/internal_message.html?_=1714099630219&CODE_STATE=getMsg HTTP/1.1" 200 27
101.83.144.49 - - [26/Apr/2024:10:47:11 +0800] "GET /xingrg/check_reg.html?_=1714099632819 HTTP/1.1" 200 22
116.232.195.13 - - [26/Apr/2024:10:47:13 +0800] "GET /xingrg/javascript/jquery_easy_ui/themes/default/images/button_plain_hover.png HTTP/1.1" 200 252
116.232.195.13 - - [26/Apr/2024:10:47:14 +0800] "GET /xingrg/javascript/jquery_easy_ui/themes/icons/area.png HTTP/1.1" 200 262
116.232.195.13 - - [26/Apr/2024:10:47:14 +0800] "GET /xingrg/javascript/jquery_easy_ui/themes/icons/rest.png HTTP/1.1" 200 695
116.232.195.13 - - [26/Apr/2024:10:47:14 +0800] "GET /xingrg/javascript/jquery_easy_ui/themes/default/images/button_a_bg.gif HTTP/1.1" 200 1194
116.232.195.13 - - [26/Apr/2024:10:47:14 +0800] "GET /xingrg/javascript/jquery_easy_ui/themes/default/images/button_span_bg.gif HTTP/1.1" 200 2061
116.232.195.13 - - [26/Apr/2024:10:47:14 +0800] "GET /xingrg/javascript/jquery_easy_ui/themes/icons/ok.png HTTP/1.1" 200 883
116.232.195.13 - - [26/Apr/2024:10:47:14 +0800] "GET /xingrg/javascript/jquery_easy_ui/themes/default/images/panel_title.png HTTP/1.1" 200 266
116.232.195.13 - - [26/Apr/2024:10:47:14 +0800] "GET /xingrg/javascript/jquery_easy_ui/themes/default/images/panel_tools.gif HTTP/1.1" 200 737
116.238.97.31 - - [26/Apr/2024:10:47:15 +0800] "POST /xingrg/kc/buy/cgsh_order_operate.html HTTP/1.1" 200 12
61.170.233.1 - - [26/Apr/2024:10:47:15 +0800] "GET /xingrg/all/function/internal_message.html?_=1714099636659&CODE_STATE=getMsg HTTP/1.1" 200 27
116.232.195.13 - - [26/Apr/2024:10:47:16 +0800] "POST /xingrg/all/user/operate.html HTTP/1.1" 200 36
116.232.195.13 - - [26/Apr/2024:10:47:16 +0800] "GET /xingrg/index.html?sysBaseUrl=http%3A%2F%2F180.169.147.146%3A18081%2Fxingrg%2F&costTime=809×tamp=1714098031227 HTTP/1.1" 200 17179
116.232.195.13 - - [26/Apr/2024:10:47:16 +0800] "GET /xingrg/javascript/jquery_easy_ui/themes/default/easyui.css HTTP/1.1" 304 -
116.232.195.13 - - [26/Apr/2024:10:47:16 +0800] "GET /xingrg/javascript/jquery_easy_ui/themes/icon.css HTTP/1.1" 304 -
116.232.195.13 - - [26/Apr/2024:10:47:16 +0800] "GET /xingrg/css/form.css HTTP/1.1" 304 -
116.232.195.13 - - [26/Apr/2024:10:47:16 +0800] "GET /xingrg/javascript/jquery-1.4.2.min.js HTTP/1.1" 304 -
116.232.195.13 - - [26/Apr/2024:10:47:16 +0800] "GET /xingrg/javascript/jquery_easy_ui/jquery.easyui.min.js HTTP/1.1" 304 -
116.232.195.13 - - [26/Apr/2024:10:47:16 +0800] "GET /xingrg/javascript/jquery_easy_ui/easyui-lang-zh_CN.js HTTP/1.1" 304 -
116.232.195.13 - - [26/Apr/2024:10:47:16 +0800] "GET /xingrg/javascript/jquery.form.js HTTP/1.1" 304 -
116.232.195.13 - - [26/Apr/2024:10:47:16 +0800] "GET /xingrg/javascript/jquery.utils.js HTTP/1.1" 304 -
116.232.195.13 - - [26/Apr/2024:10:47:16 +0800] "GET /xingrg/javascript/jquery.timers.js HTTP/1.1" 304 -
116.232.195.13 - - [26/Apr/2024:10:47:16 +0800] "GET /xingrg/images/blue/jxLogo.png HTTP/1.1" 304 -
116.232.195.13 - - [26/Apr/2024:10:47:16 +0800] "GET /xingrg/javascript/jquery_easy_ui/themes/icons/settle_new.png HTTP/1.1" 304 -
116.232.195.13 - - [26/Apr/2024:10:47:16 +0800] "GET /xingrg/images/blue/navBackgound.jpg HTTP/1.1" 304 -
116.232.195.13 - - [26/Apr/2024:10:47:16 +0800] "GET /xingrg/check_reg.html?_=1714099624938 HTTP/1.1" 200 22
116.232.195.13 - - [26/Apr/2024:10:47:16 +0800] "GET /xingrg/all/function/internal_message.html?_=1714099624938&CODE_STATE=count HTTP/1.1" 200 11
116.232.195.13 - - [26/Apr/2024:10:47:16 +0800] "GET /xingrg/javascript/jquery_easy_ui/themes/default/images/tabs_rightarrow.png HTTP/1.1" 304 -
116.232.195.13 - - [26/Apr/2024:10:47:16 +0800] "GET /xingrg/javascript/jquery_easy_ui/themes/default/images/tabs_leftarrow.png HTTP/1.1" 304 -
116.232.195.13 - - [26/Apr/2024:10:47:16 +0800] "GET /xingrg/javascript/jquery_easy_ui/themes/default/images/panel_tool_collapse.gif HTTP/1.1" 304 -
