120.253.135.82 - - [26/Apr/2024:08:54:20 +0800] "GET /xingrg/all/function/internal_message.html?_=1714092708637&CODE_STATE=getMsg HTTP/1.1" 200 27
116.224.254.208 - - [26/Apr/2024:08:54:22 +0800] "GET /xingrg/kc/buy/cgsh_order_operate.html?command=get_materiel&rest_code=00150&code=00101008371&supplier_code=00100008&order_time=2024-04-26 HTTP/1.1" 200 412
180.169.147.146 - - [26/Apr/2024:08:54:25 +0800] "GET /xingrg/check_reg.html?_=1714092852979 HTTP/1.1" 302 -
61.170.233.1 - - [26/Apr/2024:08:54:27 +0800] "GET /xingrg/kc/buy/cgsh_order_operate.html?command=get_materiel&rest_code=00106&code=00101008087&supplier_code=00100008&order_time=2024-04-26 HTTP/1.1" 200 412
116.224.254.208 - - [26/Apr/2024:08:54:28 +0800] "GET /xingrg/kc/buy/cgsh_order_operate.html?command=get_materiel&rest_code=00150&code=00101006019&supplier_code=00100096&order_time=2024-04-26 HTTP/1.1" 200 417
114.83.217.54 - - [26/Apr/2024:08:54:28 +0800] "GET /xingrg/kc/buy/cgsh_order_operate.html?command=get_materiel&rest_code=00149&code=00101008163&supplier_code=00100008&order_time=2024-04-26 HTTP/1.1" 200 409
124.78.56.241 - - [26/Apr/2024:08:54:29 +0800] "GET /xingrg/all/function/internal_message.html?_=1714092869908&CODE_STATE=getMsg HTTP/1.1" 200 27
114.83.217.54 - - [26/Apr/2024:08:54:30 +0800] "POST /xingrg/kc/buy/cgsh_order_operate.html HTTP/1.1" 200 2065
101.80.230.31 - - [26/Apr/2024:08:54:31 +0800] "GET /xingrg/check_reg.html?_=1714092879791 HTTP/1.1" 200 22
101.80.230.31 - - [26/Apr/2024:08:54:31 +0800] "GET /xingrg/all/function/internal_message.html?_=1714092879786&CODE_STATE=getMsg HTTP/1.1" 200 27
120.253.135.82 - - [26/Apr/2024:08:54:34 +0800] "GET /xingrg/all/function/internal_message.html?_=1714093056661&CODE_STATE=getMsg HTTP/1.1" 200 27
116.224.254.208 - - [26/Apr/2024:08:54:34 +0800] "GET /xingrg/kc/buy/cgsh_order_operate.html?command=get_materiel&rest_code=00150&code=00101008226&supplier_code=00100008&order_time=2024-04-26 HTTP/1.1" 200 416
180.169.147.146 - - [26/Apr/2024:08:54:37 +0800] "GET /xingrg/system/supplier/kcSupplier_info.html?isAdd=1&type=sort&id=00112 HTTP/1.1" 200 26464
180.169.147.146 - - [26/Apr/2024:08:54:37 +0800] "GET /xingrg/css/blue.css HTTP/1.1" 304 -
180.169.147.146 - - [26/Apr/2024:08:54:37 +0800] "GET /xingrg/javascript/jquery_easy_ui/themes/default/easyui.css HTTP/1.1" 304 -
180.169.147.146 - - [26/Apr/2024:08:54:37 +0800] "GET /xingrg/javascript/jquery_easy_ui/themes/icon.css HTTP/1.1" 304 -
180.169.147.146 - - [26/Apr/2024:08:54:37 +0800] "GET /xingrg/javascript/jquery-1.4.2.min.js HTTP/1.1" 304 -
180.169.147.146 - - [26/Apr/2024:08:54:37 +0800] "GET /xingrg/javascript/jquery_easy_ui/jquery.easyui.min.js HTTP/1.1" 304 -
180.169.147.146 - - [26/Apr/2024:08:54:37 +0800] "GET /xingrg/javascript/jquery_easy_ui/easyui-lang-zh_CN.js HTTP/1.1" 304 -
180.169.147.146 - - [26/Apr/2024:08:54:37 +0800] "GET /xingrg/javascript/pic_change.js HTTP/1.1" 304 -
180.169.147.146 - - [26/Apr/2024:08:54:37 +0800] "GET /xingrg/dwr/interface/AjaxKcSupplierService.js HTTP/1.1" 200 13003
180.169.147.146 - - [26/Apr/2024:08:54:37 +0800] "GET /xingrg/dwr/interface/AjaxGetFirstChart.js HTTP/1.1" 200 631
180.169.147.146 - - [26/Apr/2024:08:54:37 +0800] "GET /xingrg/dwr/engine.js HTTP/1.1" 200 43631
180.169.147.146 - - [26/Apr/2024:08:54:37 +0800] "GET /xingrg/dwr/util.js HTTP/1.1" 304 -
180.169.147.146 - - [26/Apr/2024:08:54:37 +0800] "GET /xingrg/javascript/checkform.js HTTP/1.1" 304 -
180.169.147.146 - - [26/Apr/2024:08:54:37 +0800] "GET /xingrg/javascript/myfunction.js HTTP/1.1" 304 -
180.169.147.146 - - [26/Apr/2024:08:54:37 +0800] "GET /xingrg/javascript/ToolTips.js HTTP/1.1" 304 -
180.169.147.146 - - [26/Apr/2024:08:54:37 +0800] "GET /xingrg/javascript/uploader/ajaxfileupload.js HTTP/1.1" 304 -
180.169.147.146 - - [26/Apr/2024:08:54:37 +0800] "GET /xingrg/images/blue/bg2_topright.gif HTTP/1.1" 304 -
180.169.147.146 - - [26/Apr/2024:08:54:37 +0800] "GET /xingrg/images/blue/bg2_bottomright.gif HTTP/1.1" 304 -
180.169.147.146 - - [26/Apr/2024:08:54:37 +0800] "GET /xingrg/images/blue/bg2_bottommid.gif HTTP/1.1" 304 -
180.169.147.146 - - [26/Apr/2024:08:54:37 +0800] "GET /xingrg/images/blue/bg2_bottomleft.gif HTTP/1.1" 304 -
180.169.147.146 - - [26/Apr/2024:08:54:37 +0800] "GET /xingrg/images/blue/bg2_midright.gif HTTP/1.1" 304 -
180.169.147.146 - - [26/Apr/2024:08:54:37 +0800] "GET /xingrg/images/blue/bg2_midleft.gif HTTP/1.1" 304 -
180.169.147.146 - - [26/Apr/2024:08:54:37 +0800] "GET /xingrg/images/blue/bg2_topmid.gif HTTP/1.1" 304 -
180.169.147.146 - - [26/Apr/2024:08:54:37 +0800] "GET /xingrg/images/blue/bg2_top.gif HTTP/1.1" 304 -
180.169.147.146 - - [26/Apr/2024:08:54:37 +0800] "GET /xingrg/images/blue/bg2_topleft.gif HTTP/1.1" 304 -
180.169.147.146 - - [26/Apr/2024:08:54:37 +0800] "POST /xingrg/all/common/load_tree.html?tree=area_tree_json HTTP/1.1" 200 206
180.169.147.146 - - [26/Apr/2024:08:54:37 +0800] "GET /xingrg/images/blue/wait.gif HTTP/1.1" 304 -
180.169.147.146 - - [26/Apr/2024:08:54:37 +0800] "POST /xingrg/all/common/load_tree.html?tree=area_tree_json HTTP/1.1" 200 206
180.169.147.146 - - [26/Apr/2024:08:54:37 +0800] "POST /xingrg/all/common/load_tree.html?tree=area_rest_tree_json HTTP/1.1" 200 3624
180.169.147.146 - - [26/Apr/2024:08:54:37 +0800] "POST /xingrg/dwr/call/plaincall/AjaxKcSupplierService.modifyKcSupplier.dwr HTTP/1.1" 200 123
180.169.147.146 - - [26/Apr/2024:08:54:37 +0800] "POST /xingrg/all/common/load_tree.html?tree=area_tree_json HTTP/1.1" 200 206
114.83.217.54 - - [26/Apr/2024:08:54:37 +0800] "GET /xingrg/kc/buy/cgsh_order_operate.html?command=get_materiel&rest_code=00149&code=00101008357&supplier_code=00100008&order_time=2024-04-26 HTTP/1.1" 200 408
180.169.147.146 - - [26/Apr/2024:08:54:37 +0800] "POST /xingrg/all/common/load_tree.html?tree=area_rest_tree_json&defaultRests= HTTP/1.1" 200 3624
114.83.217.54 - - [26/Apr/2024:08:54:38 +0800] "GET /xingrg/check_reg.html?_=1714092876013 HTTP/1.1" 200 22
180.169.147.146 - - [26/Apr/2024:08:54:38 +0800] "POST /xingrg/all/common/load_tree.html?tree=area_rest_tree_json&areaId=1&defaultRests= HTTP/1.1" 200 3624
114.83.217.54 - - [26/Apr/2024:08:54:38 +0800] "GET /xingrg/all/function/internal_message.html?_=1714092876015&CODE_STATE=getMsg HTTP/1.1" 200 27
116.224.254.208 - - [26/Apr/2024:08:54:41 +0800] "GET /xingrg/kc/buy/cgsh_order_operate.html?command=get_materiel&rest_code=00150&code=00101006065&supplier_code=00100096&order_time=2024-04-26 HTTP/1.1" 200 409
116.224.254.208 - - [26/Apr/2024:08:54:41 +0800] "GET /xingrg/all/function/internal_message.html?_=1714092881084&CODE_STATE=getMsg HTTP/1.1" 200 27
222.70.183.82 - - [26/Apr/2024:08:54:42 +0800] "GET /xingrg/all/function/internal_message.html?_=1714092879278&CODE_STATE=getMsg HTTP/1.1" 200 27
222.70.183.82 - - [26/Apr/2024:08:54:42 +0800] "GET /xingrg/check_reg.html?_=1714092879276 HTTP/1.1" 200 22
116.224.254.208 - - [26/Apr/2024:08:54:44 +0800] "GET /xingrg/kc/buy/cgsh_order_operate.html?command=get_materiel&rest_code=00150&code=00101008005&supplier_code=00100008&order_time=2024-04-26 HTTP/1.1" 200 412
116.224.254.208 - - [26/Apr/2024:08:54:46 +0800] "POST /xingrg/kc/buy/cgsh_order_operate.html HTTP/1.1" 200 2065
114.83.217.54 - - [26/Apr/2024:08:54:49 +0800] "GET /xingrg/kc/buy/cgsh_order_operate.html?command=get_materiel&rest_code=00149&code=00101008155&supplier_code=00100008&order_time=2024-04-26 HTTP/1.1" 200 408
61.170.233.1 - - [26/Apr/2024:08:54:52 +0800] "GET /xingrg/kc/buy/cgsh_order_operate.html?command=get_materiel&rest_code=00106&code=00101008004&supplier_code=00100008&order_time=2024-04-26 HTTP/1.1" 200 416
180.169.147.146 - - [26/Apr/2024:08:54:54 +0800] "GET /xingrg/all/function/internal_message.html?_=1714092882465&CODE_STATE=getMsg HTTP/1.1" 302 -
116.224.254.208 - - [26/Apr/2024:08:54:55 +0800] "GET /xingrg/all/function/internal_message.html?_=1714092895733&CODE_STATE=getMsg HTTP/1.1" 200 27
61.170.233.1 - - [26/Apr/2024:08:54:57 +0800] "GET /xingrg/all/function/internal_message.html?_=1714092898129&CODE_STATE=getMsg HTTP/1.1" 200 27
116.224.254.208 - - [26/Apr/2024:08:55:02 +0800] "POST /xingrg/kc/buy/cgsh_order_operate.html HTTP/1.1" 200 37
180.169.147.146 - - [26/Apr/2024:08:55:03 +0800] "GET /xingrg/all/function/internal_message.html?_=1714092903360&CODE_STATE=getMsg HTTP/1.1" 200 27
101.83.144.49 - - [26/Apr/2024:08:55:04 +0800] "GET /xingrg/all/function/internal_message.html?_=1714092905631&CODE_STATE=getMsg HTTP/1.1" 200 27
116.238.97.31 - - [26/Apr/2024:08:55:04 +0800] "GET /xingrg/all/function/internal_message.html?_=1714092927600&CODE_STATE=getMsg HTTP/1.1" 200 27
116.224.254.208 - - [26/Apr/2024:08:55:04 +0800] "GET /xingrg/kc/buy/cgsh_order_operate.html?command=get_materiel&rest_code=00150&code=00101008370&supplier_code=00100008&order_time=2024-04-26 HTTP/1.1" 200 412
114.83.217.54 - - [26/Apr/2024:08:55:07 +0800] "GET /xingrg/kc/buy/cgsh_order_operate.html?command=get_materiel&rest_code=00149&code=00101008349&supplier_code=00100008&order_time=2024-04-26 HTTP/1.1" 200 412
116.224.254.208 - - [26/Apr/2024:08:55:10 +0800] "POST /xingrg/kc/buy/cgsh_order_operate.html HTTP/1.1" 200 12
101.83.144.49 - - [26/Apr/2024:08:55:13 +0800] "GET /xingrg/javascript/jquery_easy_ui/themes/default/images/tabs_active.png HTTP/1.1" 304 -
116.224.254.208 - - [26/Apr/2024:08:55:13 +0800] "GET /xingrg/kc/buy/cgsh_order_operate.html?command=get_materiel&rest_code=00150&code=00101008061&supplier_code=00100008&order_time=2024-04-26 HTTP/1.1" 200 422
116.224.254.208 - - [26/Apr/2024:08:55:14 +0800] "GET /xingrg/kc/buy/cgsh_order_info.html?code=212024042607058 HTTP/1.1" 200 69021
116.224.254.208 - - [26/Apr/2024:08:55:14 +0800] "GET /xingrg/javascript/easyui/themes/default/validatebox.css HTTP/1.1" 404 1104
61.170.233.1 - - [26/Apr/2024:08:55:15 +0800] "GET /xingrg/kc/buy/cgsh_order_operate.html?command=get_materiel&rest_code=00106&code=00101008356&supplier_code=00100008&order_time=2024-04-26 HTTP/1.1" 200 408
116.224.254.208 - - [26/Apr/2024:08:55:15 +0800] "POST /xingrg/kc/buy/cgsh_order_operate.html HTTP/1.1" 200 7731
116.224.254.208 - - [26/Apr/2024:08:55:17 +0800] "GET /xingrg/kc/print/load_data.html?order_code=212024042607058&kc_code=cgsh&condition= HTTP/1.1" 200 3427
114.83.217.54 - - [26/Apr/2024:08:55:19 +0800] "GET /xingrg/kc/buy/cgsh_order_operate.html?command=get_materiel&rest_code=00149&code=00101008072&supplier_code=00100008&order_time=2024-04-26 HTTP/1.1" 200 408
180.169.147.146 - - [26/Apr/2024:08:55:20 +0800] "POST /xingrg/system/supplier/kc_supplier_operate.html HTTP/1.1" 200 21854
120.253.135.82 - - [26/Apr/2024:08:55:20 +0800] "GET /xingrg/all/function/internal_message.html?_=1714092768654&CODE_STATE=getMsg HTTP/1.1" 200 27
116.224.254.208 - - [26/Apr/2024:08:55:23 +0800] "GET /xingrg/kc/buy/cgsh_order_operate.html?command=get_materiel&rest_code=00150&code=00101008372&supplier_code=00100008&order_time=2024-04-26 HTTP/1.1" 200 408
180.169.147.146 - - [26/Apr/2024:08:55:24 +0800] "POST /xingrg/system/supplier/kc_supplier_operate.html HTTP/1.1" 200 2073
180.169.147.146 - - [26/Apr/2024:08:55:25 +0800] "POST /xingrg/system/supplier/kc_supplier_operate.html HTTP/1.1" 200 2073
124.78.56.241 - - [26/Apr/2024:08:55:29 +0800] "GET /xingrg/all/function/internal_message.html?_=1714092929890&CODE_STATE=getMsg HTTP/1.1" 200 27
61.170.233.1 - - [26/Apr/2024:08:55:31 +0800] "GET /xingrg/kc/buy/cgsh_order_operate.html?command=get_materiel&rest_code=00106&code=00101008286&supplier_code=00100008&order_time=2024-04-26 HTTP/1.1" 200 408
101.80.230.31 - - [26/Apr/2024:08:55:31 +0800] "GET /xingrg/all/function/internal_message.html?_=1714092939788&CODE_STATE=getMsg HTTP/1.1" 200 27
114.83.217.54 - - [26/Apr/2024:08:55:33 +0800] "GET /xingrg/kc/buy/cgsh_order_operate.html?command=get_materiel&rest_code=00149&code=00101008098&supplier_code=00100008&order_time=2024-04-26 HTTP/1.1" 200 412
120.253.135.82 - - [26/Apr/2024:08:55:34 +0800] "GET /xingrg/check_reg.html?_=1714093116668 HTTP/1.1" 200 22
120.253.135.82 - - [26/Apr/2024:08:55:34 +0800] "GET /xingrg/all/function/internal_message.html?_=1714093116666&CODE_STATE=getMsg HTTP/1.1" 200 27
116.224.254.208 - - [26/Apr/2024:08:55:35 +0800] "GET /xingrg/kc/buy/cgsh_order_operate.html?command=get_materiel&rest_code=00150&code=00101008042&supplier_code=00100008&order_time=2024-04-26 HTTP/1.1" 200 416
114.83.217.54 - - [26/Apr/2024:08:55:36 +0800] "POST /xingrg/kc/buy/cgsh_order_operate.html HTTP/1.1" 200 2065
114.83.217.54 - - [26/Apr/2024:08:55:38 +0800] "GET /xingrg/all/function/internal_message.html?_=1714092936000&CODE_STATE=getMsg HTTP/1.1" 200 27
101.80.230.31 - - [26/Apr/2024:08:55:38 +0800] "GET /xingrg/logout.do HTTP/1.1" 302 -
101.80.230.31 - - [26/Apr/2024:08:55:38 +0800] "GET /xingrg/login.html?sysBaseUrl=http%3A%2F%2F180.169.147.146%3A18081%2Fxingrg%2F&costTime=31×tamp=1714092938487 HTTP/1.1" 200 7641
116.224.254.208 - - [26/Apr/2024:08:55:41 +0800] "GET /xingrg/all/function/internal_message.html?_=1714092941079&CODE_STATE=getMsg HTTP/1.1" 200 27
222.70.183.82 - - [26/Apr/2024:08:55:42 +0800] "GET /xingrg/all/function/internal_message.html?_=1714092939287&CODE_STATE=getMsg HTTP/1.1" 200 27
116.224.254.208 - - [26/Apr/2024:08:55:42 +0800] "POST /xingrg/kc/buy/cgsh_order_operate.html HTTP/1.1" 200 2065
61.170.233.1 - - [26/Apr/2024:08:55:45 +0800] "GET /xingrg/kc/buy/cgsh_order_operate.html?command=get_materiel&rest_code=00106&code=00101008131&supplier_code=00100008&order_time=2024-04-26 HTTP/1.1" 200 408
101.80.230.31 - - [26/Apr/2024:08:55:47 +0800] "POST /xingrg/login.do HTTP/1.1" 302 -
101.80.230.31 - - [26/Apr/2024:08:55:47 +0800] "GET /xingrg/index.html?sysBaseUrl=http%3A%2F%2F180.169.147.146%3A18081%2Fxingrg%2F&costTime=867×tamp=1714092947083 HTTP/1.1" 200 17179
101.80.230.31 - - [26/Apr/2024:08:55:47 +0800] "GET /xingrg/check_reg.html?_=1714092955252 HTTP/1.1" 200 22
101.80.230.31 - - [26/Apr/2024:08:55:47 +0800] "GET /xingrg/all/function/internal_message.html?_=1714092955251&CODE_STATE=count HTTP/1.1" 200 11
101.80.230.31 - - [26/Apr/2024:08:55:47 +0800] "POST /xingrg/all/common/load_tree.html?tree=area_rest_tree_json&manage=1 HTTP/1.1" 200 351
101.80.230.31 - - [26/Apr/2024:08:55:47 +0800] "POST /xingrg/load_menu.html HTTP/1.1" 200 5138
114.83.217.54 - - [26/Apr/2024:08:55:47 +0800] "GET /xingrg/kc/buy/cgsh_order_operate.html?command=get_materiel&rest_code=00149&code=00101015147&supplier_code=00100008&order_time=2024-04-26 HTTP/1.1" 200 410
116.224.254.208 - - [26/Apr/2024:08:55:49 +0800] "GET /xingrg/kc/buy/cgsh_order_operate.html?command=get_materiel&rest_code=00150&code=00101008478&supplier_code=00100008&order_time=2024-04-26 HTTP/1.1" 200 412
101.80.230.31 - - [26/Apr/2024:08:55:50 +0800] "GET /xingrg/kc/base/base_main.html HTTP/1.1" 200 12142
101.80.230.31 - - [26/Apr/2024:08:55:51 +0800] "GET /xingrg/kc/base/yddb_order_list.html HTTP/1.1" 200 16662
101.80.230.31 - - [26/Apr/2024:08:55:52 +0800] "POST /xingrg/kc/base/yddb_list_operate.html HTTP/1.1" 200 636
180.169.147.146 - - [26/Apr/2024:08:55:54 +0800] "GET /xingrg/all/function/internal_message.html?_=1714092942448&CODE_STATE=getMsg HTTP/1.1" 302 -
116.224.254.208 - - [26/Apr/2024:08:55:55 +0800] "GET /xingrg/all/function/internal_message.html?_=1714092955745&CODE_STATE=getMsg HTTP/1.1" 200 27
101.80.230.31 - - [26/Apr/2024:08:55:56 +0800] "POST /xingrg/kc/base/yddb_list_operate.html HTTP/1.1" 200 4397
114.83.217.54 - - [26/Apr/2024:08:55:57 +0800] "GET /xingrg/kc/buy/cgsh_order_operate.html?command=get_materiel&rest_code=00149&code=00101008005&supplier_code=00100008&order_time=2024-04-26 HTTP/1.1" 200 412
61.170.233.1 - - [26/Apr/2024:08:55:57 +0800] "GET /xingrg/all/function/internal_message.html?_=1714092958150&CODE_STATE=getMsg HTTP/1.1" 200 27
101.80.230.31 - - [26/Apr/2024:08:55:57 +0800] "POST /xingrg/kc/base/yddb_list_operate.html HTTP/1.1" 200 206
61.170.233.1 - - [26/Apr/2024:08:55:57 +0800] "GET /xingrg/kc/buy/cgsh_order_operate.html?command=get_materiel&rest_code=00106&code=00101008005&supplier_code=00100008&order_time=2024-04-26 HTTP/1.1" 200 412
180.169.147.146 - - [26/Apr/2024:08:55:58 +0800] "GET /xingrg/system/supplier/kcSupplier.html?isKc=1 HTTP/1.1" 200 10949
180.169.147.146 - - [26/Apr/2024:08:55:58 +0800] "POST /xingrg/all/common/load_tree.html?tree=area_tree_json HTTP/1.1" 200 206
180.169.147.146 - - [26/Apr/2024:08:55:58 +0800] "POST /xingrg/all/common/load_tree.html?tree=supplier_sort_tree_json HTTP/1.1" 200 2517
180.169.147.146 - - [26/Apr/2024:08:55:58 +0800] "POST /xingrg/all/common/load_tree.html?tree=area_tree_json HTTP/1.1" 200 206
180.169.147.146 - - [26/Apr/2024:08:55:58 +0800] "POST /xingrg/all/common/load_tree.html?tree=supplier_sort_tree_json HTTP/1.1" 200 2517
180.169.147.146 - - [26/Apr/2024:08:56:00 +0800] "POST /xingrg/system/supplier/kc_supplier_operate.html HTTP/1.1" 200 26603
180.169.147.146 - - [26/Apr/2024:08:56:01 +0800] "GET /xingrg/system/supplier/kcSupplier_info.html?isAdd=1&type=sort&id=00101 HTTP/1.1" 200 26464
180.169.147.146 - - [26/Apr/2024:08:56:01 +0800] "GET /xingrg/dwr/engine.js HTTP/1.1" 200 43631
116.224.254.208 - - [26/Apr/2024:08:56:01 +0800] "GET /xingrg/kc/buy/cgsh_order_operate.html?command=get_materiel&rest_code=00150&code=00101009175&supplier_code=00100008&order_time=2024-04-26 HTTP/1.1" 200 414
180.169.147.146 - - [26/Apr/2024:08:56:02 +0800] "POST /xingrg/all/common/load_tree.html?tree=area_tree_json HTTP/1.1" 200 206
101.80.230.31 - - [26/Apr/2024:08:56:02 +0800] "GET /xingrg/kc/base/yddb_order_info.html?code=482024042400155 HTTP/1.1" 200 31928
180.169.147.146 - - [26/Apr/2024:08:56:02 +0800] "GET /favicon.ico HTTP/1.1" 404 -
101.80.230.31 - - [26/Apr/2024:08:56:02 +0800] "GET /xingrg/dwr/interface/AjaxComOrderService.js HTTP/1.1" 200 18264
101.80.230.31 - - [26/Apr/2024:08:56:02 +0800] "GET /xingrg/dwr/interface/AjaxYddbService.js HTTP/1.1" 200 13201
101.80.230.31 - - [26/Apr/2024:08:56:02 +0800] "GET /xingrg/dwr/engine.js HTTP/1.1" 200 43631
180.169.147.146 - - [26/Apr/2024:08:56:02 +0800] "POST /xingrg/all/common/load_tree.html?tree=area_tree_json HTTP/1.1" 200 206
180.169.147.146 - - [26/Apr/2024:08:56:02 +0800] "POST /xingrg/dwr/call/plaincall/AjaxKcSupplierService.modifyKcSupplier.dwr HTTP/1.1" 200 123
180.169.147.146 - - [26/Apr/2024:08:56:02 +0800] "POST /xingrg/all/common/load_tree.html?tree=area_rest_tree_json HTTP/1.1" 200 3624
180.169.147.146 - - [26/Apr/2024:08:56:02 +0800] "POST /xingrg/all/common/load_tree.html?tree=area_tree_json HTTP/1.1" 200 206
180.169.147.146 - - [26/Apr/2024:08:56:02 +0800] "POST /xingrg/all/common/load_tree.html?tree=area_rest_tree_json&defaultRests= HTTP/1.1" 200 3624
180.169.147.146 - - [26/Apr/2024:08:56:02 +0800] "POST /xingrg/all/common/load_tree.html?tree=area_rest_tree_json&areaId=1&defaultRests= HTTP/1.1" 200 3624
101.80.230.31 - - [26/Apr/2024:08:56:02 +0800] "POST /xingrg/dwr/call/plaincall/AjaxYddbService.loadMaterielItems.dwr HTTP/1.1" 200 404
180.169.147.146 - - [26/Apr/2024:08:56:03 +0800] "GET /xingrg/all/function/internal_message.html?_=1714092963363&CODE_STATE=getMsg HTTP/1.1" 200 27
180.169.147.146 - - [26/Apr/2024:08:56:03 +0800] "POST /xingrg/dwr/call/plaincall/AjaxGetFirstChart.getFirstChart.dwr HTTP/1.1" 200 86
101.83.144.49 - - [26/Apr/2024:08:56:04 +0800] "GET /xingrg/all/function/internal_message.html?_=1714092965599&CODE_STATE=getMsg HTTP/1.1" 200 27
116.238.97.31 - - [26/Apr/2024:08:56:04 +0800] "GET /xingrg/all/function/internal_message.html?_=1714092987597&CODE_STATE=getMsg HTTP/1.1" 200 27
101.80.230.31 - - [26/Apr/2024:08:56:06 +0800] "POST /xingrg/dwr/call/plaincall/AjaxYddbService.saveOrder.dwr HTTP/1.1" 200 78
114.83.217.54 - - [26/Apr/2024:08:56:06 +0800] "GET /xingrg/kc/buy/cgsh_order_operate.html?command=get_materiel&rest_code=00149&code=00101008060&supplier_code=00100008&order_time=2024-04-26 HTTP/1.1" 200 416
180.169.147.146 - - [26/Apr/2024:08:56:07 +0800] "POST /xingrg/dwr/call/plaincall/AjaxKcSupplierService.modifyKcSupplier.dwr HTTP/1.1" 200 76
180.169.147.146 - - [26/Apr/2024:08:56:07 +0800] "POST /xingrg/system/supplier/kc_supplier_operate.html HTTP/1.1" 200 26774
116.224.254.208 - - [26/Apr/2024:08:56:08 +0800] "POST /xingrg/all/user/operate.html HTTP/1.1" 200 36
116.224.254.208 - - [26/Apr/2024:08:56:08 +0800] "GET /xingrg/index.html?sysBaseUrl=http%3A%2F%2F180.169.147.146%3A18081%2Fxingrg%2F&costTime=30×tamp=1713850070384 HTTP/1.1" 200 17177
116.224.254.208 - - [26/Apr/2024:08:56:08 +0800] "GET /xingrg/javascript/jquery_easy_ui/themes/default/easyui.css HTTP/1.1" 304 -
116.224.254.208 - - [26/Apr/2024:08:56:08 +0800] "GET /xingrg/javascript/jquery_easy_ui/themes/icon.css HTTP/1.1" 304 -
116.224.254.208 - - [26/Apr/2024:08:56:08 +0800] "GET /xingrg/css/form.css HTTP/1.1" 304 -
116.224.254.208 - - [26/Apr/2024:08:56:08 +0800] "GET /xingrg/javascript/jquery-1.4.2.min.js HTTP/1.1" 304 -
116.224.254.208 - - [26/Apr/2024:08:56:08 +0800] "GET /xingrg/javascript/jquery_easy_ui/jquery.easyui.min.js HTTP/1.1" 304 -
116.224.254.208 - - [26/Apr/2024:08:56:08 +0800] "GET /xingrg/javascript/jquery_easy_ui/easyui-lang-zh_CN.js HTTP/1.1" 304 -
116.224.254.208 - - [26/Apr/2024:08:56:08 +0800] "GET /xingrg/javascript/jquery.form.js HTTP/1.1" 304 -
116.224.254.208 - - [26/Apr/2024:08:56:08 +0800] "GET /xingrg/javascript/jquery.utils.js HTTP/1.1" 304 -
116.224.254.208 - - [26/Apr/2024:08:56:08 +0800] "GET /xingrg/javascript/jquery.timers.js HTTP/1.1" 304 -
116.224.254.208 - - [26/Apr/2024:08:56:08 +0800] "GET /xingrg/images/blue/jxLogo.png HTTP/1.1" 304 -
116.224.254.208 - - [26/Apr/2024:08:56:08 +0800] "GET /xingrg/javascript/jquery_easy_ui/themes/icons/settle_new.png HTTP/1.1" 304 -
116.224.254.208 - - [26/Apr/2024:08:56:08 +0800] "GET /xingrg/images/blue/navBackgound.jpg HTTP/1.1" 304 -
116.224.254.208 - - [26/Apr/2024:08:56:08 +0800] "GET /xingrg/all/function/internal_message.html?_=1714092967597&CODE_STATE=count HTTP/1.1" 200 11
116.224.254.208 - - [26/Apr/2024:08:56:08 +0800] "GET /xingrg/javascript/jquery_easy_ui/themes/default/images/tabs_rightarrow.png HTTP/1.1" 304 -
116.224.254.208 - - [26/Apr/2024:08:56:08 +0800] "GET /xingrg/javascript/jquery_easy_ui/themes/default/images/panel_tool_collapse.gif HTTP/1.1" 304 -
116.224.254.208 - - [26/Apr/2024:08:56:08 +0800] "GET /xingrg/check_reg.html?_=1714092967598 HTTP/1.1" 200 22
116.224.254.208 - - [26/Apr/2024:08:56:08 +0800] "GET /xingrg/images/blue/pingpu.png HTTP/1.1" 304 -
116.224.254.208 - - [26/Apr/2024:08:56:08 +0800] "GET /xingrg/javascript/jquery_easy_ui/themes/default/images/tabs_leftarrow.png HTTP/1.1" 304 -
116.224.254.208 - - [26/Apr/2024:08:56:08 +0800] "POST /xingrg/all/common/load_tree.html?tree=area_rest_tree_json&manage=1 HTTP/1.1" 200 476
116.224.254.208 - - [26/Apr/2024:08:56:08 +0800] "POST /xingrg/load_menu.html HTTP/1.1" 200 5138
116.224.254.208 - - [26/Apr/2024:08:56:11 +0800] "GET /xingrg/kc/buy/cgsh_order_operate.html?command=get_materiel&rest_code=00150&code=00101008706&supplier_code=00100008&order_time=2024-04-26 HTTP/1.1" 200 413
101.80.230.31 - - [26/Apr/2024:08:56:11 +0800] "POST /xingrg/dwr/call/plaincall/AjaxYddbService.objCheckOrder.dwr HTTP/1.1" 200 78
101.80.230.31 - - [26/Apr/2024:08:56:13 +0800] "GET /xingrg/kc/base/yddb_order_info.html?code=482024042400155 HTTP/1.1" 200 32047
101.80.230.31 - - [26/Apr/2024:08:56:13 +0800] "GET /xingrg/dwr/interface/AjaxComOrderService.js HTTP/1.1" 200 18264
101.80.230.31 - - [26/Apr/2024:08:56:13 +0800] "GET /xingrg/dwr/interface/AjaxYddbService.js HTTP/1.1" 200 13201
101.80.230.31 - - [26/Apr/2024:08:56:13 +0800] "GET /xingrg/dwr/engine.js HTTP/1.1" 200 43631
101.80.230.31 - - [26/Apr/2024:08:56:13 +0800] "POST /xingrg/dwr/call/plaincall/AjaxYddbService.loadMaterielItems.dwr HTTP/1.1" 200 404
116.224.254.208 - - [26/Apr/2024:08:56:14 +0800] "GET /xingrg/kc/buy/cgsh_order_list.html HTTP/1.1" 200 58354
61.170.233.1 - - [26/Apr/2024:08:56:14 +0800] "GET /xingrg/kc/buy/cgsh_order_operate.html?command=get_materiel&rest_code=00106&code=00101008353&supplier_code=00100008&order_time=2024-04-26 HTTP/1.1" 200 408
116.224.254.208 - - [26/Apr/2024:08:56:17 +0800] "POST /xingrg/kc/buy/cgsh_list_operate.html HTTP/1.1" 200 645
114.83.217.54 - - [26/Apr/2024:08:56:17 +0800] "GET /xingrg/kc/buy/cgsh_order_operate.html?command=get_materiel&rest_code=00149&code=00101008509&supplier_code=00100008&order_time=2024-04-26 HTTP/1.1" 200 409
116.224.254.208 - - [26/Apr/2024:08:56:18 +0800] "GET /xingrg/kc/buy/cgsh_order_add.html HTTP/1.1" 200 73766
116.224.254.208 - - [26/Apr/2024:08:56:18 +0800] "GET /xingrg/kc/buy/cgsh_order_operate.html?command=get_materiel&rest_code=00150&code=00101008160&supplier_code=00100008&order_time=2024-04-26 HTTP/1.1" 200 408
116.224.254.208 - - [26/Apr/2024:08:56:18 +0800] "POST /xingrg/kc/buy/cgsh_order_operate.html HTTP/1.1" 200 8245
116.224.254.208 - - [26/Apr/2024:08:56:18 +0800] "GET /xingrg/javascript/easyui/themes/default/validatebox.css HTTP/1.1" 404 1104
116.224.254.208 - - [26/Apr/2024:08:56:20 +0800] "GET /xingrg/javascript/auto/indicator.gif HTTP/1.1" 404 1066
120.253.135.82 - - [26/Apr/2024:08:56:20 +0800] "GET /xingrg/all/function/internal_message.html?_=1714092828665&CODE_STATE=getMsg HTTP/1.1" 200 27
101.80.230.31 - - [26/Apr/2024:08:56:27 +0800] "GET /xingrg/kc/base/yddb_order_report.html?fileType=servlets/html&code=482024042400155&reportName=ck_order_report&subName=yddb HTTP/1.1" 302 -
101.80.230.31 - - [26/Apr/2024:08:56:27 +0800] "GET /xingrg/servlets/html?sysBaseUrl=http%3A%2F%2F180.169.147.146%3A18081%2Fxingrg%2F&costTime=435×tamp=1714092987460 HTTP/1.1" 200 14779
101.80.230.31 - - [26/Apr/2024:08:56:27 +0800] "GET /xingrg/servlets/image?image=px HTTP/1.1" 200 807
114.83.217.54 - - [26/Apr/2024:08:56:27 +0800] "GET /xingrg/kc/buy/cgsh_order_operate.html?command=get_materiel&rest_code=00149&code=00101008706&supplier_code=00100008&order_time=2024-04-26 HTTP/1.1" 200 413
116.224.254.208 - - [26/Apr/2024:08:56:28 +0800] "GET /xingrg/kc/buy/cgsh_order_operate.html?command=get_materiel&rest_code=00151&code=00101008084&supplier_code=00100096&order_time=2024-04-26 HTTP/1.1" 200 412
114.83.217.54 - - [26/Apr/2024:08:56:29 +0800] "POST /xingrg/kc/buy/cgsh_order_operate.html HTTP/1.1" 200 2065
116.224.254.208 - - [26/Apr/2024:08:56:29 +0800] "GET /xingrg/kc/buy/cgsh_order_operate.html?command=get_materiel&rest_code=00150&code=00101008558&supplier_code=00100008&order_time=2024-04-26 HTTP/1.1" 200 409
124.78.56.241 - - [26/Apr/2024:08:56:29 +0800] "GET /xingrg/all/function/internal_message.html?_=1714092989870&CODE_STATE=getMsg HTTP/1.1" 200 27
61.170.233.1 - - [26/Apr/2024:08:56:31 +0800] "GET /xingrg/kc/buy/cgsh_order_operate.html?command=get_materiel&rest_code=00106&code=00101008125&supplier_code=00100008&order_time=2024-04-26 HTTP/1.1" 200 413
116.224.254.208 - - [26/Apr/2024:08:56:32 +0800] "POST /xingrg/kc/buy/cgsh_order_operate.html HTTP/1.1" 200 2065
120.253.135.82 - - [26/Apr/2024:08:56:34 +0800] "GET /xingrg/all/function/internal_message.html?_=1714093176671&CODE_STATE=getMsg HTTP/1.1" 200 27
114.83.217.54 - - [26/Apr/2024:08:56:35 +0800] "GET /xingrg/kc/buy/cgsh_order_operate.html?command=get_materiel&rest_code=00149&code=00101008160&supplier_code=00100008&order_time=2024-04-26 HTTP/1.1" 200 408
223.104.212.63 - - [26/Apr/2024:08:56:37 +0800] "GET /xingrg/index.html HTTP/1.1" 302 -
223.104.212.63 - - [26/Apr/2024:08:56:37 +0800] "GET /xingrg/login.html HTTP/1.1" 200 2139
223.104.212.63 - - [26/Apr/2024:08:56:37 +0800] "GET /xingrg/javascript/mobile/jquery.mobile-1.3.2.min.css HTTP/1.1" 200 94670
101.80.230.31 - - [26/Apr/2024:08:56:37 +0800] "GET /xingrg/kc/base/yddb_order_list.html?isBack=1 HTTP/1.1" 200 16662
223.104.212.63 - - [26/Apr/2024:08:56:37 +0800] "GET /xingrg/javascript/mobile/jquery.mobile-1.3.2.min.js HTTP/1.1" 200 145396
223.104.212.63 - - [26/Apr/2024:08:56:37 +0800] "GET /xingrg/javascript/mobile/jquery-1.8.3.min.js HTTP/1.1" 200 93637
101.80.230.31 - - [26/Apr/2024:08:56:37 +0800] "POST /xingrg/kc/base/yddb_list_operate.html HTTP/1.1" 200 636
223.104.212.63 - - [26/Apr/2024:08:56:37 +0800] "GET /xingrg/javascript/mobile/images/ajax-loader.gif HTTP/1.1" 200 7825
223.104.212.63 - - [26/Apr/2024:08:56:37 +0800] "GET /favicon.ico HTTP/1.1" 404 -
114.83.217.54 - - [26/Apr/2024:08:56:38 +0800] "GET /xingrg/all/function/internal_message.html?_=1714092996016&CODE_STATE=getMsg HTTP/1.1" 200 27
116.224.254.208 - - [26/Apr/2024:08:56:39 +0800] "GET /xingrg/kc/buy/cgsh_order_operate.html?command=get_materiel&rest_code=00150&code=00101008277&supplier_code=00100008&order_time=2024-04-26 HTTP/1.1" 200 412
101.80.230.31 - - [26/Apr/2024:08:56:40 +0800] "POST /xingrg/kc/base/yddb_list_operate.html HTTP/1.1" 200 4406
101.80.230.31 - - [26/Apr/2024:08:56:40 +0800] "POST /xingrg/kc/base/yddb_list_operate.html HTTP/1.1" 200 216
222.70.183.82 - - [26/Apr/2024:08:56:42 +0800] "GET /xingrg/all/function/internal_message.html?_=1714092999280&CODE_STATE=getMsg HTTP/1.1" 200 27
101.80.230.31 - - [26/Apr/2024:08:56:42 +0800] "GET /xingrg/kc/base/yddb_order_info.html?code=482024042500159 HTTP/1.1" 200 31922
101.80.230.31 - - [26/Apr/2024:08:56:42 +0800] "GET /xingrg/dwr/interface/AjaxComOrderService.js HTTP/1.1" 200 18264
101.80.230.31 - - [26/Apr/2024:08:56:42 +0800] "GET /xingrg/dwr/interface/AjaxYddbService.js HTTP/1.1" 200 13201
101.80.230.31 - - [26/Apr/2024:08:56:42 +0800] "GET /xingrg/dwr/engine.js HTTP/1.1" 200 43631
101.80.230.31 - - [26/Apr/2024:08:56:42 +0800] "POST /xingrg/dwr/call/plaincall/AjaxYddbService.loadMaterielItems.dwr HTTP/1.1" 200 442
116.224.254.208 - - [26/Apr/2024:08:56:42 +0800] "GET /xingrg/kc/buy/cgsh_order_operate.html?command=get_materiel&rest_code=00151&code=00101012060&supplier_code=00100096&order_time=2024-04-26 HTTP/1.1" 200 408
114.83.217.54 - - [26/Apr/2024:08:56:45 +0800] "GET /xingrg/kc/buy/cgsh_order_operate.html?command=get_materiel&rest_code=00149&code=00101009004&supplier_code=00100008&order_time=2024-04-26 HTTP/1.1" 200 408
101.80.230.31 - - [26/Apr/2024:08:56:47 +0800] "GET /xingrg/all/function/internal_message.html?_=1714093015266&CODE_STATE=getMsg HTTP/1.1" 200 27
101.80.230.31 - - [26/Apr/2024:08:56:48 +0800] "POST /xingrg/dwr/call/plaincall/AjaxYddbService.saveOrder.dwr HTTP/1.1" 200 78
223.104.212.63 - - [26/Apr/2024:08:56:50 +0800] "POST /xingrg/login.do HTTP/1.1" 302 -
223.104.212.63 - - [26/Apr/2024:08:56:50 +0800] "GET /xingrg/index_mobile.html?sysBaseUrl=http%3A%2F%2F180.169.147.146%3A18081%2Fxingrg%2F&costTime=826×tamp=1714093010272 HTTP/1.1" 200 3182
223.104.212.63 - - [26/Apr/2024:08:56:50 +0800] "GET /xingrg/javascript/mobile/mobile.css HTTP/1.1" 200 347
223.104.212.63 - - [26/Apr/2024:08:56:50 +0800] "GET /xingrg/javascript/convert.js HTTP/1.1" 200 1239
223.104.212.63 - - [26/Apr/2024:08:56:50 +0800] "GET /xingrg/javascript/mobile/mobiscroll/mobiscroll.custom-2.6.2.min.css HTTP/1.1" 200 38004
223.104.212.63 - - [26/Apr/2024:08:56:50 +0800] "GET /xingrg/javascript/mobile/mobiscroll/mobiscroll.custom-2.6.2.min.js HTTP/1.1" 200 43737
223.104.212.63 - - [26/Apr/2024:08:56:50 +0800] "GET /xingrg/javascript/mobile/images/album-k.jpg HTTP/1.1" 200 4120
223.104.212.63 - - [26/Apr/2024:08:56:50 +0800] "GET /xingrg/javascript/mobile/images/icons-36-white.png HTTP/1.1" 200 3861
116.224.254.208 - - [26/Apr/2024:08:56:51 +0800] "GET /xingrg/kc/buy/cgsh_order_operate.html?command=get_materiel&rest_code=00151&code=00101016025&supplier_code=00100096&order_time=2024-04-26 HTTP/1.1" 200 408
223.104.212.63 - - [26/Apr/2024:08:56:52 +0800] "GET /xingrg/index.html HTTP/1.1" 200 17550
223.104.212.63 - - [26/Apr/2024:08:56:52 +0800] "GET /xingrg/css/form.css HTTP/1.1" 200 893
223.104.212.63 - - [26/Apr/2024:08:56:52 +0800] "GET /xingrg/javascript/jquery_easy_ui/themes/default/easyui.css HTTP/1.1" 200 26500
223.104.212.63 - - [26/Apr/2024:08:56:52 +0800] "GET /xingrg/javascript/jquery_easy_ui/themes/icon.css HTTP/1.1" 200 3949
223.104.212.63 - - [26/Apr/2024:08:56:52 +0800] "GET /xingrg/javascript/jquery-1.4.2.min.js HTTP/1.1" 200 72205
223.104.212.63 - - [26/Apr/2024:08:56:52 +0800] "GET /xingrg/javascript/jquery_easy_ui/jquery.easyui.min.js HTTP/1.1" 200 213662
223.104.212.63 - - [26/Apr/2024:08:56:52 +0800] "GET /xingrg/javascript/jquery_easy_ui/easyui-lang-zh_CN.js HTTP/1.1" 200 1900
223.104.212.63 - - [26/Apr/2024:08:56:52 +0800] "GET /xingrg/javascript/jquery.form.js HTTP/1.1" 200 23110
223.104.212.63 - - [26/Apr/2024:08:56:52 +0800] "GET /xingrg/javascript/jquery.utils.js HTTP/1.1" 200 11805
223.104.212.63 - - [26/Apr/2024:08:56:52 +0800] "GET /xingrg/javascript/jquery.timers.js HTTP/1.1" 200 3532
223.104.212.63 - - [26/Apr/2024:08:56:52 +0800] "GET /xingrg/images/blue/jxLogo.png HTTP/1.1" 200 6156
223.104.212.63 - - [26/Apr/2024:08:56:52 +0800] "GET /xingrg/javascript/jquery_easy_ui/jquery.easyui.min.js HTTP/1.1" 200 213662
223.104.212.63 - - [26/Apr/2024:08:56:52 +0800] "GET /xingrg/javascript/jquery_easy_ui/easyui-lang-zh_CN.js HTTP/1.1" 200 1900
223.104.212.63 - - [26/Apr/2024:08:56:53 +0800] "GET /xingrg/javascript/jquery.form.js HTTP/1.1" 200 23110
223.104.212.63 - - [26/Apr/2024:08:56:53 +0800] "GET /xingrg/javascript/jquery.utils.js HTTP/1.1" 200 11805
223.104.212.63 - - [26/Apr/2024:08:56:53 +0800] "GET /xingrg/images/blue/navBackgound.jpg HTTP/1.1" 200 12378
223.104.212.63 - - [26/Apr/2024:08:56:53 +0800] "GET /xingrg/javascript/jquery_easy_ui/themes/icons/settle_new.png HTTP/1.1" 200 826
223.104.212.63 - - [26/Apr/2024:08:56:53 +0800] "GET /xingrg/check_reg.html?_=1714093013250 HTTP/1.1" 200 22
223.104.212.63 - - [26/Apr/2024:08:56:53 +0800] "GET /xingrg/all/function/internal_message.html?_=1714093013249&CODE_STATE=count HTTP/1.1" 200 11
223.104.212.63 - - [26/Apr/2024:08:56:53 +0800] "GET /xingrg/javascript/jquery_easy_ui/themes/default/images/panel_tool_collapse.gif HTTP/1.1" 200 246
223.104.212.63 - - [26/Apr/2024:08:56:53 +0800] "GET /xingrg/images/blue/pingpu.png HTTP/1.1" 200 231
223.104.212.63 - - [26/Apr/2024:08:56:53 +0800] "GET /xingrg/javascript/jquery_easy_ui/themes/default/images/panel_tool_expand.gif HTTP/1.1" 200 247
223.104.212.63 - - [26/Apr/2024:08:56:53 +0800] "POST /xingrg/all/common/load_tree.html?tree=area_rest_tree_json&manage=1 HTTP/1.1" 200 3624
223.104.212.63 - - [26/Apr/2024:08:56:53 +0800] "POST /xingrg/load_menu.html HTTP/1.1" 200 11443
223.104.212.63 - - [26/Apr/2024:08:56:53 +0800] "GET /xingrg/javascript/jquery_easy_ui/themes/icons/search_new.png HTTP/1.1" 200 586
223.104.212.63 - - [26/Apr/2024:08:56:53 +0800] "GET /xingrg/javascript/jquery_easy_ui/themes/default/images/tree_arrows.gif HTTP/1.1" 200 1043
223.104.212.63 - - [26/Apr/2024:08:56:53 +0800] "GET /xingrg/javascript/jquery_easy_ui/themes/default/images/tree_folder_open.gif HTTP/1.1" 200 956
223.104.212.63 - - [26/Apr/2024:08:56:53 +0800] "GET /xingrg/javascript/jquery_easy_ui/themes/icons/delivery_new.png HTTP/1.1" 200 700
223.104.212.63 - - [26/Apr/2024:08:56:53 +0800] "GET /xingrg/javascript/jquery_easy_ui/themes/icons/storage_new.png HTTP/1.1" 200 853
223.104.212.63 - - [26/Apr/2024:08:56:53 +0800] "GET /xingrg/javascript/jquery_easy_ui/themes/icons/checkout_new.png HTTP/1.1" 200 744
223.104.212.63 - - [26/Apr/2024:08:56:53 +0800] "GET /xingrg/javascript/jquery_easy_ui/themes/icons/forms_new.png HTTP/1.1" 200 350
223.104.212.63 - - [26/Apr/2024:08:56:53 +0800] "GET /xingrg/javascript/jquery_easy_ui/themes/icons/systemset_new.png HTTP/1.1" 200 606
223.104.212.63 - - [26/Apr/2024:08:56:53 +0800] "GET /xingrg/javascript/jquery_easy_ui/themes/icons/setting_new.png HTTP/1.1" 200 450
114.83.217.54 - - [26/Apr/2024:08:56:53 +0800] "GET /xingrg/kc/buy/cgsh_order_operate.html?command=get_materiel&rest_code=00149&code=00101009113&supplier_code=00100008&order_time=2024-04-26 HTTP/1.1" 200 412
180.169.147.146 - - [26/Apr/2024:08:56:54 +0800] "GET /xingrg/all/function/internal_message.html?_=1714093002431&CODE_STATE=getMsg HTTP/1.1" 302 -
116.224.254.208 - - [26/Apr/2024:08:56:55 +0800] "GET /xingrg/all/function/internal_message.html?_=1714093015754&CODE_STATE=getMsg HTTP/1.1" 200 27
223.104.212.63 - - [26/Apr/2024:08:56:56 +0800] "GET /xingrg/javascript/jquery_easy_ui/themes/icons/manage.png HTTP/1.1" 200 696
223.104.212.63 - - [26/Apr/2024:08:56:56 +0800] "GET /xingrg/javascript/jquery_easy_ui/themes/default/images/panel_title.png HTTP/1.1" 200 266
223.104.212.63 - - [26/Apr/2024:08:56:56 +0800] "GET /xingrg/javascript/jquery_easy_ui/themes/icons/rest.png HTTP/1.1" 200 695
223.104.212.63 - - [26/Apr/2024:08:56:56 +0800] "GET /xingrg/javascript/jquery_easy_ui/themes/icons/area.png HTTP/1.1" 200 262
223.104.212.63 - - [26/Apr/2024:08:56:56 +0800] "GET /xingrg/javascript/jquery_easy_ui/themes/default/images/panel_tools.gif HTTP/1.1" 200 737
223.104.212.63 - - [26/Apr/2024:08:56:56 +0800] "GET /xingrg/javascript/jquery_easy_ui/themes/default/images/button_a_bg.gif HTTP/1.1" 200 1194
223.104.212.63 - - [26/Apr/2024:08:56:56 +0800] "GET /xingrg/javascript/jquery_easy_ui/themes/default/images/button_span_bg.gif HTTP/1.1" 200 2061
223.104.212.63 - - [26/Apr/2024:08:56:56 +0800] "GET /xingrg/javascript/jquery_easy_ui/themes/icons/ok.png HTTP/1.1" 200 883
101.80.230.31 - - [26/Apr/2024:08:56:57 +0800] "POST /xingrg/dwr/call/plaincall/AjaxYddbService.objCheckOrder.dwr HTTP/1.1" 200 78
61.170.233.1 - - [26/Apr/2024:08:56:57 +0800] "GET /xingrg/all/function/internal_message.html?_=1714093018136&CODE_STATE=getMsg HTTP/1.1" 200 27
101.80.230.31 - - [26/Apr/2024:08:56:58 +0800] "GET /xingrg/kc/base/yddb_order_info.html?code=482024042500159 HTTP/1.1" 200 32041
101.80.230.31 - - [26/Apr/2024:08:56:58 +0800] "GET /xingrg/dwr/interface/AjaxComOrderService.js HTTP/1.1" 200 18264
101.80.230.31 - - [26/Apr/2024:08:56:58 +0800] "GET /xingrg/dwr/interface/AjaxYddbService.js HTTP/1.1" 200 13201
101.80.230.31 - - [26/Apr/2024:08:56:58 +0800] "GET /xingrg/dwr/engine.js HTTP/1.1" 200 43631
101.80.230.31 - - [26/Apr/2024:08:56:59 +0800] "POST /xingrg/dwr/call/plaincall/AjaxYddbService.loadMaterielItems.dwr HTTP/1.1" 200 442
101.80.230.31 - - [26/Apr/2024:08:57:00 +0800] "GET /xingrg/kc/base/yddb_order_report.html?fileType=servlets/html&code=482024042500159&reportName=ck_order_report&subName=yddb HTTP/1.1" 302 -
101.80.230.31 - - [26/Apr/2024:08:57:00 +0800] "GET /xingrg/servlets/html?sysBaseUrl=http%3A%2F%2F180.169.147.146%3A18081%2Fxingrg%2F&costTime=448×tamp=1714093020568 HTTP/1.1" 200 14778
180.169.147.146 - - [26/Apr/2024:08:57:03 +0800] "GET /xingrg/all/function/internal_message.html?_=1714093023356&CODE_STATE=getMsg HTTP/1.1" 200 27
114.83.217.54 - - [26/Apr/2024:08:57:03 +0800] "GET /xingrg/kc/buy/cgsh_order_operate.html?command=get_materiel&rest_code=00149&code=00101009015&supplier_code=00100008&order_time=2024-04-26 HTTP/1.1" 200 416
101.83.144.49 - - [26/Apr/2024:08:57:04 +0800] "GET /xingrg/all/function/internal_message.html?_=1714093025571&CODE_STATE=getMsg HTTP/1.1" 200 27
116.238.97.31 - - [26/Apr/2024:08:57:04 +0800] "GET /xingrg/all/function/internal_message.html?_=1714093047620&CODE_STATE=getMsg HTTP/1.1" 200 27
116.224.254.208 - - [26/Apr/2024:08:57:08 +0800] "GET /xingrg/all/function/internal_message.html?_=1714093027623&CODE_STATE=getMsg HTTP/1.1" 200 27
116.224.254.208 - - [26/Apr/2024:08:57:10 +0800] "GET /xingrg/kc/buy/cgsh_order_operate.html?command=get_materiel&rest_code=00151&code=00101012039&supplier_code=00100096&order_time=2024-04-26 HTTP/1.1" 200 408
114.83.217.54 - - [26/Apr/2024:08:57:12 +0800] "GET /xingrg/kc/buy/cgsh_order_operate.html?command=get_materiel&rest_code=00149&code=00101009079&supplier_code=00100008&order_time=2024-04-26 HTTP/1.1" 200 409
61.170.233.1 - - [26/Apr/2024:08:57:17 +0800] "GET /xingrg/kc/buy/cgsh_order_operate.html?command=get_materiel&rest_code=00106&code=00101008019&supplier_code=00100008&order_time=2024-04-26 HTTP/1.1" 200 416
120.253.135.82 - - [26/Apr/2024:08:57:20 +0800] "GET /xingrg/all/function/internal_message.html?_=1714092888686&CODE_STATE=getMsg HTTP/1.1" 200 27
124.78.56.241 - - [26/Apr/2024:08:57:26 +0800] "GET /xingrg/check_reg.html?_=1714093046322 HTTP/1.1" 200 22
223.104.212.63 - - [26/Apr/2024:08:57:27 +0800] "GET /xingrg/images/control/ajaxLoader.gif HTTP/1.1" 200 4659
223.104.212.63 - - [26/Apr/2024:08:57:27 +0800] "POST /xingrg/all/user/operate.html HTTP/1.1" 200 36
223.104.212.63 - - [26/Apr/2024:08:57:28 +0800] "GET /xingrg/index.html HTTP/1.1" 200 17550
223.104.212.63 - - [26/Apr/2024:08:57:28 +0800] "GET /xingrg/javascript/jquery_easy_ui/themes/default/easyui.css HTTP/1.1" 304 -
223.104.212.63 - - [26/Apr/2024:08:57:28 +0800] "GET /xingrg/javascript/jquery_easy_ui/themes/icon.css HTTP/1.1" 304 -
223.104.212.63 - - [26/Apr/2024:08:57:28 +0800] "GET /xingrg/css/form.css HTTP/1.1" 304 -
223.104.212.63 - - [26/Apr/2024:08:57:28 +0800] "GET /xingrg/javascript/jquery-1.4.2.min.js HTTP/1.1" 304 -
223.104.212.63 - - [26/Apr/2024:08:57:28 +0800] "GET /xingrg/javascript/jquery_easy_ui/jquery.easyui.min.js HTTP/1.1" 200 213662
223.104.212.63 - - [26/Apr/2024:08:57:28 +0800] "GET /xingrg/javascript/jquery_easy_ui/easyui-lang-zh_CN.js HTTP/1.1" 200 1900
223.104.212.63 - - [26/Apr/2024:08:57:28 +0800] "GET /xingrg/javascript/jquery.form.js HTTP/1.1" 200 23110
223.104.212.63 - - [26/Apr/2024:08:57:28 +0800] "GET /xingrg/javascript/jquery.utils.js HTTP/1.1" 200 11805
223.104.212.63 - - [26/Apr/2024:08:57:28 +0800] "GET /xingrg/javascript/jquery.timers.js HTTP/1.1" 304 -
223.104.212.63 - - [26/Apr/2024:08:57:28 +0800] "GET /xingrg/images/blue/jxLogo.png HTTP/1.1" 304 -
223.104.212.63 - - [26/Apr/2024:08:57:28 +0800] "GET /xingrg/javascript/jquery_easy_ui/jquery.easyui.min.js HTTP/1.1" 200 213662
223.104.212.63 - - [26/Apr/2024:08:57:28 +0800] "GET /xingrg/javascript/jquery_easy_ui/easyui-lang-zh_CN.js HTTP/1.1" 200 1900
223.104.212.63 - - [26/Apr/2024:08:57:28 +0800] "GET /xingrg/javascript/jquery.form.js HTTP/1.1" 200 23110
223.104.212.63 - - [26/Apr/2024:08:57:28 +0800] "GET /xingrg/javascript/jquery.utils.js HTTP/1.1" 200 11805
223.104.212.63 - - [26/Apr/2024:08:57:28 +0800] "GET /xingrg/images/blue/navBackgound.jpg HTTP/1.1" 304 -
223.104.212.63 - - [26/Apr/2024:08:57:28 +0800] "GET /xingrg/javascript/jquery_easy_ui/themes/icons/settle_new.png HTTP/1.1" 304 -
223.104.212.63 - - [26/Apr/2024:08:57:28 +0800] "GET /xingrg/images/blue/pingpu.png HTTP/1.1" 304 -
223.104.212.63 - - [26/Apr/2024:08:57:28 +0800] "GET /xingrg/javascript/jquery_easy_ui/themes/default/images/panel_tool_collapse.gif HTTP/1.1" 304 -
223.104.212.63 - - [26/Apr/2024:08:57:28 +0800] "GET /xingrg/all/function/internal_message.html?_=1714093048912&CODE_STATE=count HTTP/1.1" 200 11
223.104.212.63 - - [26/Apr/2024:08:57:29 +0800] "GET /xingrg/check_reg.html?_=1714093048913 HTTP/1.1" 200 22
223.104.212.63 - - [26/Apr/2024:08:57:29 +0800] "GET /xingrg/javascript/jquery_easy_ui/themes/default/images/panel_tool_expand.gif HTTP/1.1" 304 -
223.104.212.63 - - [26/Apr/2024:08:57:29 +0800] "POST /xingrg/all/common/load_tree.html?tree=area_rest_tree_json&manage=1 HTTP/1.1" 200 3624
223.104.212.63 - - [26/Apr/2024:08:57:29 +0800] "POST /xingrg/load_menu.html HTTP/1.1" 200 9959
223.104.212.63 - - [26/Apr/2024:08:57:29 +0800] "GET /xingrg/javascript/jquery_easy_ui/themes/default/images/tree_folder.gif HTTP/1.1" 200 952
114.83.217.54 - - [26/Apr/2024:08:57:29 +0800] "POST /xingrg/kc/buy/cgsh_order_operate.html HTTP/1.1" 200 37
124.78.56.241 - - [26/Apr/2024:08:57:29 +0800] "GET /xingrg/all/function/internal_message.html?_=1714093049850&CODE_STATE=getMsg HTTP/1.1" 200 27
120.253.135.82 - - [26/Apr/2024:08:57:34 +0800] "GET /xingrg/all/function/internal_message.html?_=1714093236676&CODE_STATE=getMsg HTTP/1.1" 200 27
116.224.254.208 - - [26/Apr/2024:08:57:37 +0800] "GET /xingrg/kc/buy/cgsh_order_operate.html?command=get_materiel&rest_code=00151&code=00101012059&supplier_code=00100096&order_time=2024-04-26 HTTP/1.1" 200 412
114.83.217.54 - - [26/Apr/2024:08:57:41 +0800] "GET /xingrg/all/function/internal_message.html?_=1714093059550&CODE_STATE=getMsg HTTP/1.1" 200 27
222.70.183.82 - - [26/Apr/2024:08:57:42 +0800] "GET /xingrg/all/function/internal_message.html?_=1714093059286&CODE_STATE=getMsg HTTP/1.1" 200 27
101.80.230.31 - - [26/Apr/2024:08:57:47 +0800] "GET /xingrg/all/function/internal_message.html?_=1714093075260&CODE_STATE=getMsg HTTP/1.1" 200 27
114.83.217.54 - - [26/Apr/2024:08:57:49 +0800] "POST /xingrg/kc/buy/cgsh_order_operate.html HTTP/1.1" 200 12
116.224.254.208 - - [26/Apr/2024:08:57:54 +0800] "GET /xingrg/kc/buy/cgsh_order_operate.html?command=get_materiel&rest_code=00151&code=00101006129&supplier_code=00100096&order_time=2024-04-26 HTTP/1.1" 200 439
180.169.147.146 - - [26/Apr/2024:08:57:54 +0800] "GET /xingrg/all/function/internal_message.html?_=1714093062415&CODE_STATE=getMsg HTTP/1.1" 302 -
116.224.254.208 - - [26/Apr/2024:08:57:55 +0800] "GET /xingrg/check_reg.html?_=1714093075738 HTTP/1.1" 200 22
116.224.254.208 - - [26/Apr/2024:08:57:55 +0800] "GET /xingrg/all/function/internal_message.html?_=1714093075740&CODE_STATE=getMsg HTTP/1.1" 200 27
61.170.233.1 - - [26/Apr/2024:08:57:57 +0800] "GET /xingrg/check_reg.html?_=1714093078122 HTTP/1.1" 200 22
61.170.233.1 - - [26/Apr/2024:08:57:57 +0800] "GET /xingrg/all/function/internal_message.html?_=1714093078125&CODE_STATE=getMsg HTTP/1.1" 200 27
61.170.233.1 - - [26/Apr/2024:08:58:00 +0800] "GET /xingrg/kc/buy/cgsh_order_operate.html?command=get_materiel&rest_code=00106&code=00101008358&supplier_code=00100008&order_time=2024-04-26 HTTP/1.1" 200 412
180.169.147.146 - - [26/Apr/2024:08:58:03 +0800] "GET /xingrg/all/function/internal_message.html?_=1714093083353&CODE_STATE=getMsg HTTP/1.1" 200 27
101.83.144.49 - - [26/Apr/2024:08:58:04 +0800] "GET /xingrg/all/function/internal_message.html?_=1714093085540&CODE_STATE=getMsg HTTP/1.1" 200 27
116.238.97.31 - - [26/Apr/2024:08:58:04 +0800] "GET /xingrg/all/function/internal_message.html?_=1714093107616&CODE_STATE=getMsg HTTP/1.1" 200 27
114.83.217.54 - - [26/Apr/2024:08:58:07 +0800] "GET /xingrg/kc/buy/cgsh_order_info.html?code=212024042607059 HTTP/1.1" 200 69122
114.83.217.54 - - [26/Apr/2024:08:58:08 +0800] "GET /xingrg/javascript/easyui/themes/default/validatebox.css HTTP/1.1" 404 1104
116.230.112.13 - - [26/Apr/2024:08:58:08 +0800] "POST /xingrg/services/DataTransmitService HTTP/1.1" 200 524
116.224.254.208 - - [26/Apr/2024:08:58:08 +0800] "GET /xingrg/all/function/internal_message.html?_=1714093087621&CODE_STATE=getMsg HTTP/1.1" 200 27
114.83.217.54 - - [26/Apr/2024:08:58:09 +0800] "POST /xingrg/kc/buy/cgsh_order_operate.html HTTP/1.1" 200 23057
116.238.97.31 - - [26/Apr/2024:08:58:10 +0800] "GET /xingrg/check_reg.html?_=1714093091634 HTTP/1.1" 200 22
116.238.97.31 - - [26/Apr/2024:08:58:10 +0800] "GET /xingrg/all/function/internal_message.html?_=1714093091632&CODE_STATE=getMsg HTTP/1.1" 200 27
116.224.254.208 - - [26/Apr/2024:08:58:20 +0800] "GET /xingrg/kc/buy/cgsh_order_operate.html?command=get_materiel&rest_code=00151&code=00101010711&supplier_code=00100096&order_time=2024-04-26 HTTP/1.1" 200 407
120.253.135.82 - - [26/Apr/2024:08:58:20 +0800] "GET /xingrg/check_reg.html?_=1714092948428 HTTP/1.1" 200 22
120.253.135.82 - - [26/Apr/2024:08:58:20 +0800] "GET /xingrg/all/function/internal_message.html?_=1714092948699&CODE_STATE=getMsg HTTP/1.1" 200 27
61.170.233.1 - - [26/Apr/2024:08:58:22 +0800] "GET /xingrg/kc/buy/cgsh_order_operate.html?command=get_materiel&rest_code=00106&code=00101008355&supplier_code=00100008&order_time=2024-04-26 HTTP/1.1" 200 408
222.70.183.82 - - [26/Apr/2024:08:58:23 +0800] "GET /xingrg/kc/buy/cgsh_order_operate.html?command=get_materiel&rest_code=00111&code=00101008176&supplier_code=00100008&order_time=2024-04-26 HTTP/1.1" 200 413
114.83.217.54 - - [26/Apr/2024:08:58:25 +0800] "GET /xingrg/kc/print/load_config.html?kc_code=cgsh HTTP/1.1" 200 1927
114.83.217.54 - - [26/Apr/2024:08:58:25 +0800] "GET /xingrg/kc/print/load_data.html?order_code=212024042607059&kc_code=cgsh&condition= HTTP/1.1" 200 9192
124.78.56.241 - - [26/Apr/2024:08:58:29 +0800] "GET /xingrg/all/function/internal_message.html?_=1714093109826&CODE_STATE=getMsg HTTP/1.1" 200 27
114.83.217.54 - - [26/Apr/2024:08:58:31 +0800] "GET /xingrg/kc/buy/cgsh_order_add.html HTTP/1.1" 200 74251
114.83.217.54 - - [26/Apr/2024:08:58:32 +0800] "POST /xingrg/kc/buy/cgsh_order_operate.html HTTP/1.1" 200 8245
114.83.217.54 - - [26/Apr/2024:08:58:32 +0800] "GET /xingrg/javascript/easyui/themes/default/validatebox.css HTTP/1.1" 404 1104
116.224.254.208 - - [26/Apr/2024:08:58:33 +0800] "GET /xingrg/kc/buy/cgsh_order_operate.html?command=get_materiel&rest_code=00151&code=00101006058&supplier_code=00100096&order_time=2024-04-26 HTTP/1.1" 200 415
120.253.135.82 - - [26/Apr/2024:08:58:34 +0800] "GET /xingrg/all/function/internal_message.html?_=1714093296682&CODE_STATE=getMsg HTTP/1.1" 200 27
61.170.233.1 - - [26/Apr/2024:08:58:38 +0800] "GET /xingrg/kc/buy/cgsh_order_operate.html?command=get_materiel&rest_code=00106&code=00101008155&supplier_code=00100008&order_time=2024-04-26 HTTP/1.1" 200 408
106.55.200.45 - - [26/Apr/2024:08:58:39 +0800] "GET /xingrg/all/function/internal_message.html?_=1714026159798&CODE_STATE=getMsg HTTP/1.1" 302 -
116.238.97.31 - - [26/Apr/2024:08:58:40 +0800] "GET /xingrg/kc/base/wldb_order_list.html HTTP/1.1" 200 19051
116.238.97.31 - - [26/Apr/2024:08:58:40 +0800] "GET /xingrg/css/base.css HTTP/1.1" 200 2811
116.238.97.31 - - [26/Apr/2024:08:58:40 +0800] "GET /xingrg/css/site.css HTTP/1.1" 200 7541
116.238.97.31 - - [26/Apr/2024:08:58:40 +0800] "GET /xingrg/javascript/jquery_tools/fix.css HTTP/1.1" 200 1702
116.238.97.31 - - [26/Apr/2024:08:58:40 +0800] "GET /xingrg/javascript/easyui/themes/default/easyui.css HTTP/1.1" 200 30432
116.238.97.31 - - [26/Apr/2024:08:58:40 +0800] "GET /xingrg/javascript/jquery_tools/datebox.css HTTP/1.1" 200 2597
116.238.97.31 - - [26/Apr/2024:08:58:40 +0800] "GET /xingrg/javascript/jquery_tools/table.css HTTP/1.1" 200 1032
116.238.97.31 - - [26/Apr/2024:08:58:40 +0800] "GET /xingrg/javascript/auto/jquery.autocomplete.css HTTP/1.1" 200 587
116.238.97.31 - - [26/Apr/2024:08:58:40 +0800] "GET /xingrg/javascript/easyui/themes/icon.css HTTP/1.1" 200 4483
