120.253.135.82 - - [26/Apr/2024:11:20:35 +0800] "GET /xingrg/all/function/internal_message.html?_=1714101817373&CODE_STATE=getMsg HTTP/1.1" 200 27
101.83.144.49 - - [26/Apr/2024:11:20:36 +0800] "POST /xingrg/kc/buy/cgsh_order_operate.html HTTP/1.1" 200 37
116.224.254.208 - - [26/Apr/2024:11:20:37 +0800] "POST /xingrg/kc/buy/cgsh_list_operate.html HTTP/1.1" 200 645
101.83.144.49 - - [26/Apr/2024:11:20:38 +0800] "POST /xingrg/kc/buy/cgsh_order_operate.html HTTP/1.1" 200 4439
114.89.221.75 - - [26/Apr/2024:11:20:38 +0800] "GET /xingrg/all/function/internal_message.html?_=1714101640163&CODE_STATE=getMsg HTTP/1.1" 200 27
116.224.254.208 - - [26/Apr/2024:11:20:38 +0800] "GET /xingrg/kc/buy/cgsh_order_add.html HTTP/1.1" 200 73754
116.224.254.208 - - [26/Apr/2024:11:20:38 +0800] "POST /xingrg/kc/buy/cgsh_order_operate.html HTTP/1.1" 200 8245
116.224.254.208 - - [26/Apr/2024:11:20:38 +0800] "GET /xingrg/javascript/easyui/themes/default/validatebox.css HTTP/1.1" 404 1104
116.224.254.208 - - [26/Apr/2024:11:20:38 +0800] "GET /xingrg/all/common/auto_word.html?type=employee&rest_code=00151 HTTP/1.1" 200 293
116.224.254.208 - - [26/Apr/2024:11:20:38 +0800] "GET /xingrg/all/common/auto_word.html?type=employee&rest_code=00151 HTTP/1.1" 200 293
114.83.217.54 - - [26/Apr/2024:11:20:39 +0800] "GET /xingrg/all/function/internal_message.html?_=1714101637237&CODE_STATE=getMsg HTTP/1.1" 200 27
101.83.144.49 - - [26/Apr/2024:11:20:39 +0800] "GET /xingrg/kc/print/load_data.html?order_code=212024042607202&kc_code=cgsh&condition= HTTP/1.1" 200 1347
222.70.183.82 - - [26/Apr/2024:11:20:41 +0800] "GET /xingrg/all/function/internal_message.html?_=1714101638595&CODE_STATE=getMsg HTTP/1.1" 200 27
116.224.254.208 - - [26/Apr/2024:11:20:41 +0800] "GET /xingrg/javascript/auto/indicator.gif HTTP/1.1" 404 1066
180.164.1.25 - - [26/Apr/2024:11:20:42 +0800] "GET /xingrg/kc/buy/cgsh_order_operate.html?command=get_materiel&rest_code=00108&code=00101002034&supplier_code=00100091&order_time=2024-04-26 HTTP/1.1" 200 409
106.55.200.45 - - [26/Apr/2024:11:20:42 +0800] "GET /xingrg/all/function/internal_message.html?_=1714024720046&CODE_STATE=getMsg HTTP/1.1" 302 -
61.170.233.1 - - [26/Apr/2024:11:20:43 +0800] "GET /xingrg/kc/buy/cgsh_order_operate.html?command=get_materiel&rest_code=00106&code=00101002006&supplier_code=00100091&order_time=2024-04-26 HTTP/1.1" 200 414
106.55.200.45 - - [26/Apr/2024:11:20:44 +0800] "GET /xingrg/login.html HTTP/1.1" 200 2139
101.83.144.49 - - [26/Apr/2024:11:20:47 +0800] "GET /xingrg/kc/base/wldb_order_list.html HTTP/1.1" 200 19051
101.83.144.49 - - [26/Apr/2024:11:20:48 +0800] "POST /xingrg/kc/base/wldb_list_operate.html HTTP/1.1" 200 928
180.169.147.146 - - [26/Apr/2024:11:20:48 +0800] "GET /xingrg/all/function/internal_message.html?_=1714101648467&CODE_STATE=getMsg HTTP/1.1" 200 27
114.89.221.75 - - [26/Apr/2024:11:20:48 +0800] "GET /xingrg/kc/mdqp/qp_main.html HTTP/1.1" 200 10633
114.89.221.75 - - [26/Apr/2024:11:20:49 +0800] "GET /xingrg/images/yd/bt.gif HTTP/1.1" 404 1040
114.89.221.75 - - [26/Apr/2024:11:20:50 +0800] "GET /xingrg/kc/mdqp/qqps_order_list.html HTTP/1.1" 200 10023
114.89.221.75 - - [26/Apr/2024:11:20:50 +0800] "GET /xingrg/dwr/interface/AjaxQqpsService.js HTTP/1.1" 200 16326
114.89.221.75 - - [26/Apr/2024:11:20:50 +0800] "GET /xingrg/dwr/interface/AjaxReportQueryService.js HTTP/1.1" 200 13203
114.89.221.75 - - [26/Apr/2024:11:20:50 +0800] "GET /xingrg/dwr/util.js HTTP/1.1" 304 -
114.89.221.75 - - [26/Apr/2024:11:20:50 +0800] "GET /xingrg/dwr/engine.js HTTP/1.1" 200 43631
114.89.221.75 - - [26/Apr/2024:11:20:50 +0800] "GET /xingrg/javascript/jquery_easy_ui/themes/icons/check_new.png HTTP/1.1" 200 3224
114.89.221.75 - - [26/Apr/2024:11:20:50 +0800] "GET /xingrg/javascript/jquery_easy_ui/themes/icons/cance_new.png HTTP/1.1" 200 3986
114.89.221.75 - - [26/Apr/2024:11:20:50 +0800] "GET /xingrg/javascript/jquery_easy_ui/themes/icons/edit_add_new.png HTTP/1.1" 200 2997
114.89.221.75 - - [26/Apr/2024:11:20:50 +0800] "GET /xingrg/javascript/jquery_easy_ui/themes/icons/uncheck_new.png HTTP/1.1" 200 3197
180.169.147.146 - - [26/Apr/2024:11:20:52 +0800] "GET /xingrg/all/function/internal_message.html?_=1714101640205&CODE_STATE=getMsg HTTP/1.1" 302 -
114.89.221.75 - - [26/Apr/2024:11:20:53 +0800] "GET /xingrg/kc/mdqp/qqps_order_info.html?code=302024042300329 HTTP/1.1" 200 25834
114.89.221.75 - - [26/Apr/2024:11:20:53 +0800] "GET /xingrg/javascript/tools/jquery.qtip-1.0.0-rc3.min.js HTTP/1.1" 200 38404
114.89.221.75 - - [26/Apr/2024:11:20:53 +0800] "GET /xingrg/dwr/interface/AjaxComOrderService.js HTTP/1.1" 200 18264
114.89.221.75 - - [26/Apr/2024:11:20:53 +0800] "GET /xingrg/dwr/interface/AjaxQqpsService.js HTTP/1.1" 200 16326
114.89.221.75 - - [26/Apr/2024:11:20:53 +0800] "GET /xingrg/dwr/engine.js HTTP/1.1" 200 43631
114.89.221.75 - - [26/Apr/2024:11:20:53 +0800] "GET /xingrg/javascript/AjaxInfoList.js HTTP/1.1" 200 3774
114.89.221.75 - - [26/Apr/2024:11:20:53 +0800] "GET /xingrg/javascript/Grid.js HTTP/1.1" 200 58908
114.89.221.75 - - [26/Apr/2024:11:20:53 +0800] "GET /xingrg/words/20240426100103_words.js HTTP/1.1" 200 1021336
114.89.221.75 - - [26/Apr/2024:11:20:53 +0800] "GET /xingrg/javascript/jquery_easy_ui/themes/icons/copy_new.png HTTP/1.1" 200 815
114.89.221.75 - - [26/Apr/2024:11:20:53 +0800] "GET /xingrg/javascript/jquery_easy_ui/themes/icons/template_new.png HTTP/1.1" 200 3956
114.89.221.75 - - [26/Apr/2024:11:20:53 +0800] "GET /xingrg/images/blue/button/kc_tab_add.gif HTTP/1.1" 200 375
114.89.221.75 - - [26/Apr/2024:11:20:53 +0800] "GET /xingrg/images/blue/button/kc_tab_save.gif HTTP/1.1" 200 777
114.89.221.75 - - [26/Apr/2024:11:20:53 +0800] "GET /xingrg/images/blue/button/kc_tab_edit.gif HTTP/1.1" 200 551
114.89.221.75 - - [26/Apr/2024:11:20:53 +0800] "GET /xingrg/images/blue/button/kc_tab_del.gif HTTP/1.1" 200 383
114.89.221.75 - - [26/Apr/2024:11:20:53 +0800] "GET /xingrg/images/blue/wait.gif HTTP/1.1" 200 1100
114.89.221.75 - - [26/Apr/2024:11:20:53 +0800] "GET /xingrg/images/blue/kc_tab_left.gif HTTP/1.1" 200 188
114.89.221.75 - - [26/Apr/2024:11:20:53 +0800] "GET /xingrg/javascript/jquery_easy_ui/themes/default/images/combo_arrow_dot.gif HTTP/1.1" 200 79
114.89.221.75 - - [26/Apr/2024:11:20:53 +0800] "GET /xingrg/images/blue/kc_tab_mid.gif HTTP/1.1" 200 44
114.89.221.75 - - [26/Apr/2024:11:20:53 +0800] "GET /xingrg/images/blue/kc_tab_right.gif HTTP/1.1" 200 643
114.89.221.75 - - [26/Apr/2024:11:20:53 +0800] "GET /xingrg/images/blue/kc_tab2_left.gif HTTP/1.1" 200 625
114.89.221.75 - - [26/Apr/2024:11:20:53 +0800] "GET /xingrg/images/blue/kc_tab2_right.gif HTTP/1.1" 200 192
114.83.220.195 - - [26/Apr/2024:11:20:54 +0800] "GET /xingrg/all/function/internal_message.html?_=1714101656616&CODE_STATE=getMsg HTTP/1.1" 200 27
180.164.1.25 - - [26/Apr/2024:11:20:54 +0800] "POST /xingrg/kc/buy/cgsh_order_operate.html HTTP/1.1" 200 37
116.224.254.208 - - [26/Apr/2024:11:20:54 +0800] "GET /xingrg/kc/buy/cgsh_order_operate.html?command=get_materiel&rest_code=00151&code=00101037330&supplier_code=00100329&order_time=2024-04-26 HTTP/1.1" 200 466
114.89.221.75 - - [26/Apr/2024:11:20:54 +0800] "POST /xingrg/dwr/call/plaincall/AjaxQqpsService.loadMaterielItems.dwr HTTP/1.1" 200 1228
180.164.1.25 - - [26/Apr/2024:11:20:56 +0800] "POST /xingrg/kc/buy/cgsh_order_operate.html HTTP/1.1" 200 3252
180.164.1.25 - - [26/Apr/2024:11:20:57 +0800] "GET /xingrg/kc/print/load_data.html?order_code=212024042607203&kc_code=cgsh&condition= HTTP/1.1" 200 989
114.89.221.75 - - [26/Apr/2024:11:20:59 +0800] "GET /xingrg/javascript/jquery_easy_ui/themes/default/images/button_plain_hover.png HTTP/1.1" 200 252
114.89.221.75 - - [26/Apr/2024:11:21:00 +0800] "GET /xingrg/kc/mdqp/qqps_order_list.html?isBack=1 HTTP/1.1" 200 10032
114.89.221.75 - - [26/Apr/2024:11:21:01 +0800] "GET /xingrg/dwr/interface/AjaxQqpsService.js HTTP/1.1" 200 16326
114.89.221.75 - - [26/Apr/2024:11:21:01 +0800] "GET /xingrg/dwr/interface/AjaxReportQueryService.js HTTP/1.1" 200 13203
114.89.221.75 - - [26/Apr/2024:11:21:01 +0800] "GET /xingrg/dwr/engine.js HTTP/1.1" 200 43631
180.164.1.25 - - [26/Apr/2024:11:21:01 +0800] "GET /xingrg/kc/buy/cgsh_order_add.html HTTP/1.1" 200 74255
180.164.1.25 - - [26/Apr/2024:11:21:01 +0800] "POST /xingrg/kc/buy/cgsh_order_operate.html HTTP/1.1" 200 8245
180.164.1.25 - - [26/Apr/2024:11:21:01 +0800] "GET /xingrg/javascript/easyui/themes/default/validatebox.css HTTP/1.1" 404 1104
114.89.221.75 - - [26/Apr/2024:11:21:02 +0800] "GET /xingrg/kc/mdqp/qqps_order_info.html?code=302024042300330 HTTP/1.1" 200 25834
114.89.221.75 - - [26/Apr/2024:11:21:02 +0800] "GET /xingrg/dwr/interface/AjaxComOrderService.js HTTP/1.1" 200 18264
114.89.221.75 - - [26/Apr/2024:11:21:02 +0800] "GET /xingrg/dwr/interface/AjaxQqpsService.js HTTP/1.1" 200 16326
114.89.221.75 - - [26/Apr/2024:11:21:02 +0800] "GET /xingrg/dwr/engine.js HTTP/1.1" 200 43631
114.89.221.75 - - [26/Apr/2024:11:21:03 +0800] "POST /xingrg/dwr/call/plaincall/AjaxQqpsService.loadMaterielItems.dwr HTTP/1.1" 200 336
114.89.221.75 - - [26/Apr/2024:11:21:04 +0800] "GET /xingrg/kc/mdqp/qqps_order_list.html?isBack=1 HTTP/1.1" 200 10032
114.89.221.75 - - [26/Apr/2024:11:21:04 +0800] "GET /xingrg/dwr/interface/AjaxQqpsService.js HTTP/1.1" 200 16326
114.89.221.75 - - [26/Apr/2024:11:21:04 +0800] "GET /xingrg/dwr/interface/AjaxReportQueryService.js HTTP/1.1" 200 13203
114.89.221.75 - - [26/Apr/2024:11:21:04 +0800] "GET /xingrg/dwr/engine.js HTTP/1.1" 200 43631
61.170.233.1 - - [26/Apr/2024:11:21:05 +0800] "POST /xingrg/kc/buy/cgsh_order_operate.html HTTP/1.1" 200 37
222.70.183.82 - - [26/Apr/2024:11:21:05 +0800] "GET /xingrg/kc/buy/cgsh_order_operate.html?command=get_materiel&rest_code=00111&code=00101003003&supplier_code=00100671&order_time=2024-04-26 HTTP/1.1" 200 416
116.224.254.208 - - [26/Apr/2024:11:21:05 +0800] "GET /xingrg/all/function/internal_message.html?_=1714101664884&CODE_STATE=getMsg HTTP/1.1" 200 27
116.224.254.208 - - [26/Apr/2024:11:21:06 +0800] "GET /xingrg/kc/buy/cgsh_order_operate.html?command=get_materiel&rest_code=00151&code=00101010943&supplier_code=00100329&order_time=2024-04-26 HTTP/1.1" 200 429
116.224.254.208 - - [26/Apr/2024:11:21:08 +0800] "GET /xingrg/check_reg.html?_=1714101667624 HTTP/1.1" 200 22
114.89.221.75 - - [26/Apr/2024:11:21:08 +0800] "GET /xingrg/dwr/interface/AjaxComOrderService.js HTTP/1.1" 200 18264
114.89.221.75 - - [26/Apr/2024:11:21:08 +0800] "GET /xingrg/dwr/interface/AjaxQqpsService.js HTTP/1.1" 200 16326
114.89.221.75 - - [26/Apr/2024:11:21:08 +0800] "GET /xingrg/dwr/engine.js HTTP/1.1" 200 43631
114.89.221.75 - - [26/Apr/2024:11:21:08 +0800] "GET /xingrg/kc/mdqp/qqps_order_add.html HTTP/1.1" 200 25672
101.83.144.49 - - [26/Apr/2024:11:21:10 +0800] "GET /xingrg/all/function/internal_message.html?_=1714101671520&CODE_STATE=getMsg HTTP/1.1" 200 27
180.164.1.25 - - [26/Apr/2024:11:21:10 +0800] "GET /xingrg/all/function/internal_message.html?_=1714101669528&CODE_STATE=getMsg HTTP/1.1" 200 27
180.164.1.25 - - [26/Apr/2024:11:21:10 +0800] "GET /xingrg/kc/buy/cgsh_order_operate.html?command=get_materiel&rest_code=00108&code=00101003006&supplier_code=00100092&order_time=2024-04-26 HTTP/1.1" 200 414
116.238.97.31 - - [26/Apr/2024:11:21:12 +0800] "GET /xingrg/all/function/internal_message.html?_=1714101673267&CODE_STATE=getMsg HTTP/1.1" 200 27
61.170.233.1 - - [26/Apr/2024:11:21:12 +0800] "POST /xingrg/kc/buy/cgsh_order_operate.html HTTP/1.1" 200 12
116.238.97.31 - - [26/Apr/2024:11:21:12 +0800] "GET /xingrg/kc/base/wldb_order_info.html?code=422024042601642 HTTP/1.1" 200 26254
116.238.97.31 - - [26/Apr/2024:11:21:13 +0800] "GET /xingrg/javascript/easyui/themes/default/validatebox.css HTTP/1.1" 404 1104
116.238.97.31 - - [26/Apr/2024:11:21:13 +0800] "POST /xingrg/kc/base/wldb_order_operate.html HTTP/1.1" 200 481
61.170.233.1 - - [26/Apr/2024:11:21:14 +0800] "GET /xingrg/kc/buy/cgsh_order_info.html?code=212024042607204 HTTP/1.1" 200 69032
61.170.233.1 - - [26/Apr/2024:11:21:15 +0800] "GET /xingrg/javascript/easyui/themes/default/validatebox.css HTTP/1.1" 404 1104
61.170.233.1 - - [26/Apr/2024:11:21:16 +0800] "POST /xingrg/kc/buy/cgsh_order_operate.html HTTP/1.1" 200 611
114.89.221.75 - - [26/Apr/2024:11:21:16 +0800] "POST /xingrg/dwr/call/plaincall/AjaxQqpsService.saveOrder.dwr HTTP/1.1" 200 78
116.232.195.13 - - [26/Apr/2024:11:21:16 +0800] "GET /xingrg/all/function/internal_message.html?_=1714101664956&CODE_STATE=getMsg HTTP/1.1" 200 27
116.224.254.208 - - [26/Apr/2024:11:21:17 +0800] "GET /xingrg/kc/buy/cgsh_order_operate.html?command=get_materiel&rest_code=00151&code=00101010754&supplier_code=00100329&order_time=2024-04-26 HTTP/1.1" 200 456
116.238.97.31 - - [26/Apr/2024:11:21:17 +0800] "GET /xingrg/javascript/jquery_tools/images/next.gif HTTP/1.1" 404 1086
116.238.97.31 - - [26/Apr/2024:11:21:17 +0800] "GET /xingrg/javascript/jquery_tools/images/prev.gif HTTP/1.1" 404 1086
116.238.97.31 - - [26/Apr/2024:11:21:18 +0800] "GET /xingrg/kc/base/wldb_order_add.html HTTP/1.1" 200 30378
101.80.230.31 - - [26/Apr/2024:11:21:18 +0800] "GET /xingrg/all/function/internal_message.html?_=1714101687151&CODE_STATE=getMsg HTTP/1.1" 200 27
116.238.97.31 - - [26/Apr/2024:11:21:18 +0800] "GET /xingrg/all/function/internal_message.html?_=1714101702753&CODE_STATE=getMsg HTTP/1.1" 200 27
116.238.97.31 - - [26/Apr/2024:11:21:18 +0800] "POST /xingrg/kc/base/wldb_order_operate.html HTTP/1.1" 200 6806
116.238.97.31 - - [26/Apr/2024:11:21:19 +0800] "GET /xingrg/javascript/easyui/themes/default/validatebox.css HTTP/1.1" 404 1104
61.170.233.1 - - [26/Apr/2024:11:21:19 +0800] "GET /xingrg/kc/print/load_data.html?order_code=212024042607204&kc_code=cgsh&condition= HTTP/1.1" 200 769
114.89.221.75 - - [26/Apr/2024:11:21:19 +0800] "GET /xingrg/javascript/auto/indicator.gif HTTP/1.1" 404 1066
116.238.97.31 - - [26/Apr/2024:11:21:20 +0800] "POST /xingrg/all/common/load_combo.html?type=base HTTP/1.1" 200 3321
116.238.97.31 - - [26/Apr/2024:11:21:21 +0800] "GET /xingrg/kc/base/wldb_order_operate.html?command=get_materiel&rest_code=00102&base_code=0010477&code=00102002314 HTTP/1.1" 200 461
114.89.221.75 - - [26/Apr/2024:11:21:23 +0800] "POST /xingrg/dwr/call/plaincall/AjaxQqpsService.getMaterielByCode.dwr HTTP/1.1" 200 2484
116.238.97.31 - - [26/Apr/2024:11:21:23 +0800] "POST /xingrg/all/common/load_combo.html?type=base HTTP/1.1" 200 3321
116.238.97.31 - - [26/Apr/2024:11:21:24 +0800] "GET /xingrg/kc/base/wldb_order_operate.html?command=get_materiel&rest_code=00102&base_code=0010477&code=00102002138 HTTP/1.1" 200 434
114.89.221.75 - - [26/Apr/2024:11:21:27 +0800] "GET /xingrg/kc/mdqp/qqps_order_list.html?isBack=1 HTTP/1.1" 200 10413
114.89.221.75 - - [26/Apr/2024:11:21:27 +0800] "GET /xingrg/dwr/interface/AjaxQqpsService.js HTTP/1.1" 200 16326
114.89.221.75 - - [26/Apr/2024:11:21:27 +0800] "GET /xingrg/dwr/interface/AjaxReportQueryService.js HTTP/1.1" 200 13203
114.89.221.75 - - [26/Apr/2024:11:21:27 +0800] "GET /xingrg/dwr/engine.js HTTP/1.1" 200 43631
61.170.233.1 - - [26/Apr/2024:11:21:27 +0800] "GET /xingrg/kc/buy/cgsh_order_add.html HTTP/1.1" 200 74157
61.170.233.1 - - [26/Apr/2024:11:21:27 +0800] "POST /xingrg/kc/buy/cgsh_order_operate.html HTTP/1.1" 200 8245
61.170.233.1 - - [26/Apr/2024:11:21:27 +0800] "GET /xingrg/javascript/easyui/themes/default/validatebox.css HTTP/1.1" 404 1104
124.78.56.241 - - [26/Apr/2024:11:21:27 +0800] "GET /xingrg/all/function/internal_message.html?_=1714101687886&CODE_STATE=getMsg HTTP/1.1" 200 27
116.224.254.208 - - [26/Apr/2024:11:21:28 +0800] "GET /xingrg/all/function/internal_message.html?_=1714101688257&CODE_STATE=getMsg HTTP/1.1" 200 27
61.170.233.1 - - [26/Apr/2024:11:21:29 +0800] "GET /xingrg/javascript/easyui/themes/default/tree.css HTTP/1.1" 404 1090
61.170.233.1 - - [26/Apr/2024:11:21:31 +0800] "POST /xingrg/all/common/load_tree.html?tree=supplier_tree_json&isDelete=1 HTTP/1.1" 200 79752
114.89.221.75 - - [26/Apr/2024:11:21:32 +0800] "GET /xingrg/kc/mdqp/qqps_order_list.html?isQuery=1&timeSelect=1&orderTime=day&startTime=2024-04-23&endTime=2024-04-26&state=all&query=%C8%B7++%B6%A8 HTTP/1.1" 200 8212
180.164.1.25 - - [26/Apr/2024:11:21:34 +0800] "POST /xingrg/kc/buy/cgsh_order_operate.html HTTP/1.1" 200 64
114.89.221.75 - - [26/Apr/2024:11:21:34 +0800] "GET /xingrg/kc/mdqp/qqps_order_list.html?isQuery=1&timeSelect=1&orderTime=day&startTime=2024-04-23&endTime=2024-04-26&state=all&query=%C8%B7++%B6%A8 HTTP/1.1" 200 10910
114.89.221.75 - - [26/Apr/2024:11:21:34 +0800] "GET /xingrg/dwr/interface/AjaxQqpsService.js HTTP/1.1" 200 16326
114.89.221.75 - - [26/Apr/2024:11:21:34 +0800] "GET /xingrg/dwr/interface/AjaxReportQueryService.js HTTP/1.1" 200 13203
114.89.221.75 - - [26/Apr/2024:11:21:34 +0800] "GET /xingrg/dwr/engine.js HTTP/1.1" 200 43631
116.224.254.208 - - [26/Apr/2024:11:21:34 +0800] "POST /xingrg/kc/buy/cgsh_order_operate.html HTTP/1.1" 200 37
114.89.221.75 - - [26/Apr/2024:11:21:34 +0800] "GET /xingrg/kc/mdqp/qqps_order_list.html?isQuery=1&timeSelect=1&orderTime=day&startTime=2024-04-23&endTime=2024-04-26&state=all&query=%C8%B7++%B6%A8 HTTP/1.1" 200 8212
120.253.135.82 - - [26/Apr/2024:11:21:35 +0800] "GET /xingrg/all/function/internal_message.html?_=1714101877377&CODE_STATE=getMsg HTTP/1.1" 200 27
116.238.97.31 - - [26/Apr/2024:11:21:36 +0800] "POST /xingrg/kc/base/wldb_order_operate.html HTTP/1.1" 200 37
116.238.97.31 - - [26/Apr/2024:11:21:37 +0800] "POST /xingrg/kc/base/wldb_order_operate.html HTTP/1.1" 200 3171
114.89.221.75 - - [26/Apr/2024:11:21:38 +0800] "GET /xingrg/all/function/internal_message.html?_=1714101700170&CODE_STATE=getMsg HTTP/1.1" 200 27
114.89.221.75 - - [26/Apr/2024:11:21:38 +0800] "GET /xingrg/kc/mdqp/qqps_order_list.html?isQuery=1&timeSelect=1&orderTime=day&startTime=2024-04-21&endTime=2024-04-26&state=all&query=%C8%B7++%B6%A8 HTTP/1.1" 200 10910
114.89.221.75 - - [26/Apr/2024:11:21:38 +0800] "GET /xingrg/dwr/interface/AjaxQqpsService.js HTTP/1.1" 200 16326
114.89.221.75 - - [26/Apr/2024:11:21:38 +0800] "GET /xingrg/dwr/interface/AjaxReportQueryService.js HTTP/1.1" 200 13203
114.89.221.75 - - [26/Apr/2024:11:21:38 +0800] "GET /xingrg/dwr/engine.js HTTP/1.1" 200 43631
116.238.97.31 - - [26/Apr/2024:11:21:38 +0800] "GET /xingrg/kc/base/wldb_order_operate.html?command=get_materiel&rest_code=00102&base_code=0010476&code=00101019373 HTTP/1.1" 200 466
114.83.217.54 - - [26/Apr/2024:11:21:39 +0800] "GET /xingrg/all/function/internal_message.html?_=1714101697208&CODE_STATE=getMsg HTTP/1.1" 200 27
114.89.221.75 - - [26/Apr/2024:11:21:39 +0800] "GET /xingrg/kc/mdqp/qqps_order_info.html?code=302024042300331 HTTP/1.1" 200 24066
114.89.221.75 - - [26/Apr/2024:11:21:39 +0800] "GET /xingrg/dwr/interface/AjaxComOrderService.js HTTP/1.1" 200 18264
114.89.221.75 - - [26/Apr/2024:11:21:39 +0800] "GET /xingrg/dwr/interface/AjaxQqpsService.js HTTP/1.1" 200 16326
114.89.221.75 - - [26/Apr/2024:11:21:39 +0800] "GET /xingrg/dwr/engine.js HTTP/1.1" 200 43631
114.89.221.75 - - [26/Apr/2024:11:21:41 +0800] "POST /xingrg/dwr/call/plaincall/AjaxQqpsService.loadMaterielItems.dwr HTTP/1.1" 200 1989
222.70.183.82 - - [26/Apr/2024:11:21:41 +0800] "GET /xingrg/all/function/internal_message.html?_=1714101698573&CODE_STATE=getMsg HTTP/1.1" 200 27
114.89.221.75 - - [26/Apr/2024:11:21:43 +0800] "GET /xingrg/kc/mdqp/qp_main.html HTTP/1.1" 200 10633
222.70.183.82 - - [26/Apr/2024:11:21:46 +0800] "POST /xingrg/kc/buy/cgsh_order_operate.html HTTP/1.1" 200 37
180.164.1.25 - - [26/Apr/2024:11:21:47 +0800] "POST /xingrg/kc/buy/cgsh_order_operate.html HTTP/1.1" 200 64
114.89.221.75 - - [26/Apr/2024:11:21:47 +0800] "GET /xingrg/kc/mdqp/pssh_order_list.html HTTP/1.1" 200 16701
114.89.221.75 - - [26/Apr/2024:11:21:47 +0800] "GET /xingrg/kc/mdqp/pssh_order_list.html HTTP/1.1" 200 8212
114.89.221.75 - - [26/Apr/2024:11:21:47 +0800] "POST /xingrg/kc/mdqp/pssh_list_operate.html HTTP/1.1" 200 5358
116.238.97.31 - - [26/Apr/2024:11:21:48 +0800] "POST /xingrg/kc/base/wldb_order_operate.html HTTP/1.1" 200 37
180.169.147.146 - - [26/Apr/2024:11:21:48 +0800] "GET /xingrg/all/function/internal_message.html?_=1714101708483&CODE_STATE=getMsg HTTP/1.1" 200 27
114.89.221.75 - - [26/Apr/2024:11:21:50 +0800] "POST /xingrg/kc/mdqp/pssh_list_operate.html HTTP/1.1" 200 705
116.224.254.208 - - [26/Apr/2024:11:21:51 +0800] "POST /xingrg/kc/buy/cgsh_order_operate.html HTTP/1.1" 200 12
116.238.97.31 - - [26/Apr/2024:11:21:52 +0800] "POST /xingrg/kc/base/wldb_order_operate.html HTTP/1.1" 200 2208
180.169.147.146 - - [26/Apr/2024:11:21:52 +0800] "GET /xingrg/all/function/internal_message.html?_=1714101700188&CODE_STATE=getMsg HTTP/1.1" 302 -
114.89.221.75 - - [26/Apr/2024:11:21:52 +0800] "POST /xingrg/kc/mdqp/pssh_list_operate.html HTTP/1.1" 200 273
114.83.220.195 - - [26/Apr/2024:11:21:54 +0800] "GET /xingrg/all/function/internal_message.html?_=1714101716605&CODE_STATE=getMsg HTTP/1.1" 200 27
116.224.254.208 - - [26/Apr/2024:11:21:54 +0800] "GET /xingrg/kc/buy/cgsh_order_info.html?code=212024042607205 HTTP/1.1" 200 68636
116.224.254.208 - - [26/Apr/2024:11:21:54 +0800] "GET /xingrg/words/20240426100103_words.js HTTP/1.1" 304 -
116.224.254.208 - - [26/Apr/2024:11:21:54 +0800] "GET /xingrg/javascript/easyui/themes/default/validatebox.css HTTP/1.1" 404 1104
114.89.221.75 - - [26/Apr/2024:11:21:55 +0800] "GET /xingrg/javascript/jquery_tools/jquery-1.4.2.min.js HTTP/1.1" 404 1094
114.89.221.75 - - [26/Apr/2024:11:21:55 +0800] "GET /xingrg/kc/mdqp/pssh_order_info.html?code=312024042300392 HTTP/1.1" 200 17275
114.89.221.75 - - [26/Apr/2024:11:21:55 +0800] "GET /xingrg/javascript/easyui/themes/default/validatebox.css HTTP/1.1" 404 1104
114.89.221.75 - - [26/Apr/2024:11:21:55 +0800] "GET /xingrg/all/common/auto_word.html?type=base&rest_code=00103&rest_code=00103 HTTP/1.1" 200 381
114.89.221.75 - - [26/Apr/2024:11:21:55 +0800] "GET /xingrg/all/common/auto_word.html?type=employee&rest_code=00103 HTTP/1.1" 200 47
114.89.221.75 - - [26/Apr/2024:11:21:55 +0800] "POST /xingrg/kc/mdqp/pssh_order_operate.html HTTP/1.1" 200 2719
116.224.254.208 - - [26/Apr/2024:11:21:56 +0800] "POST /xingrg/kc/buy/cgsh_order_operate.html HTTP/1.1" 200 1886
116.238.97.31 - - [26/Apr/2024:11:21:57 +0800] "POST /xingrg/kc/base/wldb_order_operate.html HTTP/1.1" 200 12
116.224.254.208 - - [26/Apr/2024:11:21:58 +0800] "GET /xingrg/kc/print/load_data.html?order_code=212024042607205&kc_code=cgsh&condition= HTTP/1.1" 200 1269
116.238.97.31 - - [26/Apr/2024:11:22:01 +0800] "GET /xingrg/kc/base/wldb_order_info.html?code=422024042601644 HTTP/1.1" 200 26251
116.238.97.31 - - [26/Apr/2024:11:22:01 +0800] "GET /xingrg/javascript/easyui/themes/default/validatebox.css HTTP/1.1" 404 1104
116.238.97.31 - - [26/Apr/2024:11:22:02 +0800] "POST /xingrg/kc/base/wldb_order_operate.html HTTP/1.1" 200 502
180.164.1.25 - - [26/Apr/2024:11:22:03 +0800] "POST /xingrg/kc/buy/cgsh_order_operate.html HTTP/1.1" 200 37
114.89.221.75 - - [26/Apr/2024:11:22:04 +0800] "POST /xingrg/kc/mdqp/pssh_list_operate.html HTTP/1.1" 200 566
116.224.254.208 - - [26/Apr/2024:11:22:04 +0800] "GET /xingrg/kc/buy/cgsh_order_add.html HTTP/1.1" 200 73754
116.224.254.208 - - [26/Apr/2024:11:22:04 +0800] "POST /xingrg/kc/buy/cgsh_order_operate.html HTTP/1.1" 200 8245
116.224.254.208 - - [26/Apr/2024:11:22:04 +0800] "GET /xingrg/javascript/easyui/themes/default/validatebox.css HTTP/1.1" 404 1104
114.89.221.75 - - [26/Apr/2024:11:22:05 +0800] "POST /xingrg/kc/mdqp/pssh_list_operate.html HTTP/1.1" 200 780
116.224.254.208 - - [26/Apr/2024:11:22:05 +0800] "GET /xingrg/all/function/internal_message.html?_=1714101724869&CODE_STATE=getMsg HTTP/1.1" 200 27
116.238.97.31 - - [26/Apr/2024:11:22:05 +0800] "POST /xingrg/kc/base/wldb_order_operate.html HTTP/1.1" 200 12
180.164.1.25 - - [26/Apr/2024:11:22:06 +0800] "POST /xingrg/kc/buy/cgsh_order_operate.html HTTP/1.1" 200 2661
114.89.221.75 - - [26/Apr/2024:11:22:06 +0800] "POST /xingrg/kc/mdqp/pssh_list_operate.html HTTP/1.1" 200 271
114.89.221.75 - - [26/Apr/2024:11:22:07 +0800] "POST /xingrg/kc/mdqp/pssh_list_operate.html HTTP/1.1" 200 687
180.164.1.25 - - [26/Apr/2024:11:22:08 +0800] "GET /xingrg/kc/print/load_data.html?order_code=212024042607209&kc_code=cgsh&condition= HTTP/1.1" 200 740
114.89.221.75 - - [26/Apr/2024:11:22:09 +0800] "POST /xingrg/kc/mdqp/pssh_list_operate.html HTTP/1.1" 200 1896
180.164.1.25 - - [26/Apr/2024:11:22:09 +0800] "GET /xingrg/check_reg.html?_=1714101728435 HTTP/1.1" 200 22
116.238.97.31 - - [26/Apr/2024:11:22:09 +0800] "GET /xingrg/kc/base/wldb_order_info.html?code=422024042601643 HTTP/1.1" 200 26260
114.89.221.75 - - [26/Apr/2024:11:22:09 +0800] "GET /xingrg/kc/mdqp/pssh_order_info.html?code=312024041300213 HTTP/1.1" 200 14382
114.89.221.75 - - [26/Apr/2024:11:22:09 +0800] "GET /xingrg/javascript/jquery_tools/jquery-1.4.2.min.js HTTP/1.1" 404 1094
116.238.97.31 - - [26/Apr/2024:11:22:10 +0800] "GET /xingrg/javascript/easyui/themes/default/validatebox.css HTTP/1.1" 404 1104
114.89.221.75 - - [26/Apr/2024:11:22:10 +0800] "GET /xingrg/javascript/easyui/themes/default/validatebox.css HTTP/1.1" 404 1104
101.83.144.49 - - [26/Apr/2024:11:22:10 +0800] "GET /xingrg/all/function/internal_message.html?_=1714101731458&CODE_STATE=getMsg HTTP/1.1" 200 27
114.89.221.75 - - [26/Apr/2024:11:22:10 +0800] "POST /xingrg/kc/mdqp/pssh_order_operate.html HTTP/1.1" 200 2688
116.238.97.31 - - [26/Apr/2024:11:22:10 +0800] "POST /xingrg/kc/base/wldb_order_operate.html HTTP/1.1" 200 1444
180.164.1.25 - - [26/Apr/2024:11:22:10 +0800] "GET /xingrg/all/function/internal_message.html?_=1714101729523&CODE_STATE=getMsg HTTP/1.1" 200 27
101.83.144.49 - - [26/Apr/2024:11:22:11 +0800] "GET /xingrg/check_reg.html?_=1714101732935 HTTP/1.1" 200 22
116.224.254.208 - - [26/Apr/2024:11:22:12 +0800] "GET /xingrg/kc/buy/cgsh_order_operate.html?command=get_materiel&rest_code=00151&code=00101010079&supplier_code=00100336&order_time=2024-04-26 HTTP/1.1" 200 413
116.238.97.31 - - [26/Apr/2024:11:22:12 +0800] "GET /xingrg/all/function/internal_message.html?_=1714101733257&CODE_STATE=getMsg HTTP/1.1" 200 27
180.164.1.25 - - [26/Apr/2024:11:22:12 +0800] "GET /xingrg/kc/buy/cgsh_order_add.html HTTP/1.1" 200 74255
180.164.1.25 - - [26/Apr/2024:11:22:13 +0800] "POST /xingrg/kc/buy/cgsh_order_operate.html HTTP/1.1" 200 8245
180.164.1.25 - - [26/Apr/2024:11:22:13 +0800] "GET /xingrg/javascript/easyui/themes/default/validatebox.css HTTP/1.1" 404 1104
222.70.183.82 - - [26/Apr/2024:11:22:13 +0800] "POST /xingrg/kc/buy/cgsh_order_operate.html HTTP/1.1" 200 12
61.170.233.1 - - [26/Apr/2024:11:22:13 +0800] "GET /xingrg/all/function/internal_message.html?_=1714101734318&CODE_STATE=getMsg HTTP/1.1" 200 27
222.70.183.82 - - [26/Apr/2024:11:22:15 +0800] "GET /xingrg/kc/buy/cgsh_order_info.html?code=212024042607207 HTTP/1.1" 200 68998
114.89.221.75 - - [26/Apr/2024:11:22:16 +0800] "POST /xingrg/kc/mdqp/pssh_list_operate.html HTTP/1.1" 200 1896
222.70.183.82 - - [26/Apr/2024:11:22:16 +0800] "GET /xingrg/javascript/easyui/themes/default/validatebox.css HTTP/1.1" 404 1104
116.232.195.13 - - [26/Apr/2024:11:22:16 +0800] "GET /xingrg/check_reg.html?_=1714101724956 HTTP/1.1" 200 22
116.232.195.13 - - [26/Apr/2024:11:22:16 +0800] "GET /xingrg/all/function/internal_message.html?_=1714101724959&CODE_STATE=getMsg HTTP/1.1" 200 27
222.70.183.82 - - [26/Apr/2024:11:22:17 +0800] "POST /xingrg/kc/buy/cgsh_order_operate.html HTTP/1.1" 200 617
101.80.230.31 - - [26/Apr/2024:11:22:18 +0800] "GET /xingrg/all/function/internal_message.html?_=1714101747155&CODE_STATE=getMsg HTTP/1.1" 200 27
116.238.97.31 - - [26/Apr/2024:11:22:18 +0800] "GET /xingrg/all/function/internal_message.html?_=1714101762742&CODE_STATE=getMsg HTTP/1.1" 200 27
114.89.221.75 - - [26/Apr/2024:11:22:18 +0800] "GET /xingrg/kc/mdqp/qp_main.html HTTP/1.1" 200 10633
114.89.221.75 - - [26/Apr/2024:11:22:19 +0800] "GET /xingrg/images/yd/bt.gif HTTP/1.1" 404 1040
114.89.221.75 - - [26/Apr/2024:11:22:20 +0800] "GET /xingrg/kc/mdqp/qqps_order_list.html HTTP/1.1" 200 10404
114.89.221.75 - - [26/Apr/2024:11:22:20 +0800] "GET /xingrg/dwr/interface/AjaxQqpsService.js HTTP/1.1" 200 16326
114.89.221.75 - - [26/Apr/2024:11:22:20 +0800] "GET /xingrg/dwr/interface/AjaxReportQueryService.js HTTP/1.1" 200 13203
114.89.221.75 - - [26/Apr/2024:11:22:20 +0800] "GET /xingrg/dwr/engine.js HTTP/1.1" 200 43631
116.224.254.208 - - [26/Apr/2024:11:22:22 +0800] "POST /xingrg/kc/buy/cgsh_order_operate.html HTTP/1.1" 200 37
222.70.183.82 - - [26/Apr/2024:11:22:22 +0800] "GET /xingrg/kc/print/load_data.html?order_code=212024042607207&kc_code=cgsh&condition= HTTP/1.1" 200 720
114.89.221.75 - - [26/Apr/2024:11:22:23 +0800] "GET /xingrg/kc/mdqp/qqps_order_info.html?code=302024042600387 HTTP/1.1" 200 25834
114.89.221.75 - - [26/Apr/2024:11:22:23 +0800] "GET /xingrg/dwr/interface/AjaxComOrderService.js HTTP/1.1" 200 18264
114.89.221.75 - - [26/Apr/2024:11:22:23 +0800] "GET /xingrg/dwr/interface/AjaxQqpsService.js HTTP/1.1" 200 16326
114.89.221.75 - - [26/Apr/2024:11:22:23 +0800] "GET /xingrg/dwr/engine.js HTTP/1.1" 200 43631
114.89.221.75 - - [26/Apr/2024:11:22:24 +0800] "POST /xingrg/dwr/call/plaincall/AjaxQqpsService.loadMaterielItems.dwr HTTP/1.1" 200 76
101.83.144.49 - - [26/Apr/2024:11:22:25 +0800] "GET /xingrg/kc/base/wldb_order_add.html HTTP/1.1" 200 30382
180.164.1.25 - - [26/Apr/2024:11:22:25 +0800] "GET /xingrg/kc/buy/cgsh_order_operate.html?command=get_materiel&rest_code=00108&code=00101006001&supplier_code=00100574&order_time=2024-04-26 HTTP/1.1" 200 426
61.170.233.1 - - [26/Apr/2024:11:22:25 +0800] "GET /xingrg/kc/buy/cgsh_order_operate.html?command=get_materiel&rest_code=00106&code=00101010843&supplier_code=00100547&order_time=2024-04-26 HTTP/1.1" 200 430
101.83.144.49 - - [26/Apr/2024:11:22:25 +0800] "GET /xingrg/all/common/auto_word.html?type=base&rest_code=00105 HTTP/1.1" 200 1907
101.83.144.49 - - [26/Apr/2024:11:22:25 +0800] "GET /xingrg/all/common/auto_word.html?type=base&rest_code=00105 HTTP/1.1" 200 1907
101.83.144.49 - - [26/Apr/2024:11:22:25 +0800] "GET /xingrg/javascript/easyui/themes/default/validatebox.css HTTP/1.1" 404 1104
101.83.144.49 - - [26/Apr/2024:11:22:25 +0800] "POST /xingrg/kc/base/wldb_order_operate.html HTTP/1.1" 200 6806
124.78.56.241 - - [26/Apr/2024:11:22:25 +0800] "GET /xingrg/check_reg.html?_=1714101745772 HTTP/1.1" 200 22
114.89.221.75 - - [26/Apr/2024:11:22:27 +0800] "GET /xingrg/javascript/auto/indicator.gif HTTP/1.1" 404 1066
124.78.56.241 - - [26/Apr/2024:11:22:27 +0800] "GET /xingrg/all/function/internal_message.html?_=1714101747872&CODE_STATE=getMsg HTTP/1.1" 200 27
116.224.254.208 - - [26/Apr/2024:11:22:28 +0800] "GET /xingrg/all/function/internal_message.html?_=1714101748253&CODE_STATE=getMsg HTTP/1.1" 200 27
114.89.221.75 - - [26/Apr/2024:11:22:28 +0800] "POST /xingrg/dwr/call/plaincall/AjaxQqpsService.getMaterielByCode.dwr HTTP/1.1" 200 2484
101.83.144.49 - - [26/Apr/2024:11:22:29 +0800] "GET /xingrg/css/images/panel_loading.gif HTTP/1.1" 304 -
101.83.144.49 - - [26/Apr/2024:11:22:29 +0800] "POST /xingrg/all/common/load_combo.html?type=base HTTP/1.1" 200 3409
116.224.254.208 - - [26/Apr/2024:11:22:29 +0800] "POST /xingrg/kc/buy/cgsh_order_operate.html HTTP/1.1" 200 12
116.224.254.208 - - [26/Apr/2024:11:22:32 +0800] "GET /xingrg/kc/buy/cgsh_order_info.html?code=212024042607210 HTTP/1.1" 200 68632
116.224.254.208 - - [26/Apr/2024:11:22:32 +0800] "GET /xingrg/javascript/easyui/themes/default/validatebox.css HTTP/1.1" 404 1104
116.224.254.208 - - [26/Apr/2024:11:22:33 +0800] "POST /xingrg/kc/buy/cgsh_order_operate.html HTTP/1.1" 200 617
116.224.254.208 - - [26/Apr/2024:11:22:35 +0800] "GET /xingrg/kc/print/load_data.html?order_code=212024042607210&kc_code=cgsh&condition= HTTP/1.1" 200 715
120.253.135.82 - - [26/Apr/2024:11:22:35 +0800] "GET /xingrg/all/function/internal_message.html?_=1714101937383&CODE_STATE=getMsg HTTP/1.1" 200 27
114.89.221.75 - - [26/Apr/2024:11:22:38 +0800] "GET /xingrg/all/function/internal_message.html?_=1714101760165&CODE_STATE=getMsg HTTP/1.1" 200 27
114.83.217.54 - - [26/Apr/2024:11:22:39 +0800] "GET /xingrg/all/function/internal_message.html?_=1714101757178&CODE_STATE=getMsg HTTP/1.1" 200 27
180.164.1.25 - - [26/Apr/2024:11:22:39 +0800] "POST /xingrg/kc/buy/cgsh_order_operate.html HTTP/1.1" 200 37
222.70.183.82 - - [26/Apr/2024:11:22:41 +0800] "GET /xingrg/all/function/internal_message.html?_=1714101758546&CODE_STATE=getMsg HTTP/1.1" 200 27
180.164.1.25 - - [26/Apr/2024:11:22:42 +0800] "POST /xingrg/kc/buy/cgsh_order_operate.html HTTP/1.1" 200 2672
101.83.144.49 - - [26/Apr/2024:11:22:42 +0800] "GET /xingrg/kc/base/wldb_order_operate.html?command=get_materiel&rest_code=00105&base_code=0010508&code=00102002992 HTTP/1.1" 200 438
61.170.233.1 - - [26/Apr/2024:11:22:44 +0800] "POST /xingrg/kc/buy/cgsh_order_operate.html HTTP/1.1" 200 88
116.224.254.208 - - [26/Apr/2024:11:22:44 +0800] "GET /xingrg/kc/buy/cgsh_order_add.html HTTP/1.1" 200 73754
116.224.254.208 - - [26/Apr/2024:11:22:44 +0800] "POST /xingrg/kc/buy/cgsh_order_operate.html HTTP/1.1" 200 8245
116.224.254.208 - - [26/Apr/2024:11:22:44 +0800] "GET /xingrg/javascript/easyui/themes/default/validatebox.css HTTP/1.1" 404 1104
180.164.1.25 - - [26/Apr/2024:11:22:44 +0800] "GET /xingrg/kc/print/load_data.html?order_code=212024042607211&kc_code=cgsh&condition= HTTP/1.1" 200 710
114.89.221.75 - - [26/Apr/2024:11:22:44 +0800] "POST /xingrg/dwr/call/plaincall/AjaxQqpsService.saveMaterielItem.dwr HTTP/1.1" 200 78
114.89.221.75 - - [26/Apr/2024:11:22:46 +0800] "POST /xingrg/dwr/call/plaincall/AjaxQqpsService.checkOrder.dwr HTTP/1.1" 200 78
180.169.147.146 - - [26/Apr/2024:11:22:48 +0800] "GET /xingrg/check_reg.html?_=1714101768462 HTTP/1.1" 200 22
180.169.147.146 - - [26/Apr/2024:11:22:48 +0800] "GET /xingrg/all/function/internal_message.html?_=1714101768468&CODE_STATE=getMsg HTTP/1.1" 200 27
222.70.183.82 - - [26/Apr/2024:11:22:48 +0800] "GET /xingrg/kc/buy/cgsh_order_add.html HTTP/1.1" 200 74119
101.83.144.49 - - [26/Apr/2024:11:22:49 +0800] "POST /xingrg/kc/base/wldb_order_operate.html HTTP/1.1" 200 37
180.164.1.25 - - [26/Apr/2024:11:22:49 +0800] "GET /xingrg/kc/buy/cgsh_order_add.html HTTP/1.1" 200 74255
222.70.183.82 - - [26/Apr/2024:11:22:49 +0800] "POST /xingrg/kc/buy/cgsh_order_operate.html HTTP/1.1" 200 8245
114.89.221.75 - - [26/Apr/2024:11:22:49 +0800] "GET /xingrg/kc/mdqp/qqps_order_info.html?code=302024042600387 HTTP/1.1" 200 24066
114.89.221.75 - - [26/Apr/2024:11:22:49 +0800] "GET /xingrg/dwr/interface/AjaxComOrderService.js HTTP/1.1" 200 18264
114.89.221.75 - - [26/Apr/2024:11:22:49 +0800] "GET /xingrg/dwr/interface/AjaxQqpsService.js HTTP/1.1" 200 16326
114.89.221.75 - - [26/Apr/2024:11:22:49 +0800] "GET /xingrg/dwr/engine.js HTTP/1.1" 200 43631
222.70.183.82 - - [26/Apr/2024:11:22:49 +0800] "GET /xingrg/javascript/easyui/themes/default/validatebox.css HTTP/1.1" 404 1104
180.164.1.25 - - [26/Apr/2024:11:22:49 +0800] "POST /xingrg/kc/buy/cgsh_order_operate.html HTTP/1.1" 200 8245
180.164.1.25 - - [26/Apr/2024:11:22:49 +0800] "GET /xingrg/javascript/easyui/themes/default/validatebox.css HTTP/1.1" 404 1104
101.83.144.49 - - [26/Apr/2024:11:22:49 +0800] "POST /xingrg/kc/base/wldb_order_operate.html HTTP/1.1" 200 2186
114.89.221.75 - - [26/Apr/2024:11:22:50 +0800] "POST /xingrg/dwr/call/plaincall/AjaxQqpsService.loadMaterielItems.dwr HTTP/1.1" 200 353
180.169.147.146 - - [26/Apr/2024:11:22:52 +0800] "GET /xingrg/all/function/internal_message.html?_=1714101760175&CODE_STATE=getMsg HTTP/1.1" 302 -
114.89.221.75 - - [26/Apr/2024:11:22:52 +0800] "GET /xingrg/kc/mdqp/qp_main.html HTTP/1.1" 200 10633
101.83.144.49 - - [26/Apr/2024:11:22:53 +0800] "GET /xingrg/kc/base/wldb_order_info.html?code=422024042601645 HTTP/1.1" 200 30395
101.83.144.49 - - [26/Apr/2024:11:22:53 +0800] "GET /xingrg/javascript/easyui/themes/default/validatebox.css HTTP/1.1" 404 1104
114.89.221.75 - - [26/Apr/2024:11:22:54 +0800] "GET /xingrg/kc/mdqp/qqps_order_list.html HTTP/1.1" 200 10428
114.89.221.75 - - [26/Apr/2024:11:22:54 +0800] "GET /xingrg/dwr/interface/AjaxQqpsService.js HTTP/1.1" 200 16326
114.89.221.75 - - [26/Apr/2024:11:22:54 +0800] "GET /xingrg/dwr/interface/AjaxReportQueryService.js HTTP/1.1" 200 13203
114.89.221.75 - - [26/Apr/2024:11:22:54 +0800] "GET /xingrg/dwr/engine.js HTTP/1.1" 200 43631
61.170.233.1 - - [26/Apr/2024:11:22:54 +0800] "POST /xingrg/kc/buy/cgsh_order_operate.html HTTP/1.1" 200 37
114.83.220.195 - - [26/Apr/2024:11:22:54 +0800] "GET /xingrg/all/function/internal_message.html?_=1714101776607&CODE_STATE=getMsg HTTP/1.1" 200 27
101.83.144.49 - - [26/Apr/2024:11:22:54 +0800] "POST /xingrg/kc/base/wldb_order_operate.html HTTP/1.1" 200 2186
116.224.254.208 - - [26/Apr/2024:11:22:56 +0800] "GET /xingrg/kc/buy/cgsh_order_operate.html?command=get_materiel&rest_code=00151&code=00101012046&supplier_code=00100487&order_time=2024-04-26 HTTP/1.1" 200 417
114.89.221.75 - - [26/Apr/2024:11:22:56 +0800] "GET /xingrg/kc/mdqp/qqps_order_info.html?code=302024042300330 HTTP/1.1" 200 25834
114.89.221.75 - - [26/Apr/2024:11:22:56 +0800] "GET /xingrg/dwr/interface/AjaxComOrderService.js HTTP/1.1" 200 18264
114.89.221.75 - - [26/Apr/2024:11:22:56 +0800] "GET /xingrg/dwr/interface/AjaxQqpsService.js HTTP/1.1" 200 16326
114.89.221.75 - - [26/Apr/2024:11:22:56 +0800] "GET /xingrg/dwr/engine.js HTTP/1.1" 200 43631
101.83.144.49 - - [26/Apr/2024:11:22:56 +0800] "GET /xingrg/kc/base/wldb_order_add.html HTTP/1.1" 200 30382
114.89.221.75 - - [26/Apr/2024:11:22:57 +0800] "POST /xingrg/dwr/call/plaincall/AjaxQqpsService.loadMaterielItems.dwr HTTP/1.1" 200 336
101.83.144.49 - - [26/Apr/2024:11:22:57 +0800] "GET /xingrg/javascript/easyui/themes/default/validatebox.css HTTP/1.1" 404 1104
101.83.144.49 - - [26/Apr/2024:11:22:57 +0800] "POST /xingrg/kc/base/wldb_order_operate.html HTTP/1.1" 200 6806
61.170.233.1 - - [26/Apr/2024:11:22:57 +0800] "POST /xingrg/kc/buy/cgsh_order_operate.html HTTP/1.1" 200 2677
101.83.144.49 - - [26/Apr/2024:11:22:57 +0800] "POST /xingrg/all/common/load_combo.html?type=base HTTP/1.1" 200 3409
114.89.221.75 - - [26/Apr/2024:11:23:03 +0800] "POST /xingrg/dwr/call/plaincall/AjaxQqpsService.deleteOrder.dwr HTTP/1.1" 200 78
114.89.221.75 - - [26/Apr/2024:11:23:04 +0800] "GET /xingrg/kc/mdqp/qqps_order_list.html HTTP/1.1" 200 10047
114.89.221.75 - - [26/Apr/2024:11:23:04 +0800] "GET /xingrg/dwr/interface/AjaxQqpsService.js HTTP/1.1" 200 16326
114.89.221.75 - - [26/Apr/2024:11:23:04 +0800] "GET /xingrg/dwr/interface/AjaxReportQueryService.js HTTP/1.1" 200 13203
114.89.221.75 - - [26/Apr/2024:11:23:04 +0800] "GET /xingrg/dwr/engine.js HTTP/1.1" 200 43631
116.224.254.208 - - [26/Apr/2024:11:23:04 +0800] "POST /xingrg/kc/buy/cgsh_order_operate.html HTTP/1.1" 200 37
222.70.183.82 - - [26/Apr/2024:11:23:04 +0800] "GET /xingrg/kc/buy/cgsh_order_operate.html?command=get_materiel&rest_code=00111&code=00101001008&supplier_code=00100482&order_time=2024-04-26 HTTP/1.1" 200 413
180.164.1.25 - - [26/Apr/2024:11:23:04 +0800] "GET /xingrg/kc/buy/cgsh_order_operate.html?command=get_materiel&rest_code=00108&code=00101008145&supplier_code=00100327&order_time=2024-04-26 HTTP/1.1" 200 417
116.224.254.208 - - [26/Apr/2024:11:23:05 +0800] "GET /xingrg/all/function/internal_message.html?_=1714101784853&CODE_STATE=getMsg HTTP/1.1" 200 27
101.83.144.49 - - [26/Apr/2024:11:23:06 +0800] "GET /xingrg/kc/base/wldb_order_operate.html?command=get_materiel&rest_code=00105&base_code=0010507&code=00101011005 HTTP/1.1" 200 430
114.89.221.75 - - [26/Apr/2024:11:23:06 +0800] "GET /xingrg/kc/mdqp/qqps_order_info.html?code=302024042300329 HTTP/1.1" 200 25834
114.89.221.75 - - [26/Apr/2024:11:23:07 +0800] "GET /xingrg/dwr/interface/AjaxComOrderService.js HTTP/1.1" 200 18264
114.89.221.75 - - [26/Apr/2024:11:23:07 +0800] "GET /xingrg/dwr/interface/AjaxQqpsService.js HTTP/1.1" 200 16326
114.89.221.75 - - [26/Apr/2024:11:23:07 +0800] "GET /xingrg/dwr/engine.js HTTP/1.1" 200 43631
114.89.221.75 - - [26/Apr/2024:11:23:07 +0800] "POST /xingrg/dwr/call/plaincall/AjaxQqpsService.loadMaterielItems.dwr HTTP/1.1" 200 1228
61.170.233.1 - - [26/Apr/2024:11:23:08 +0800] "POST /xingrg/kc/buy/cgsh_order_operate.html HTTP/1.1" 200 37
180.164.1.25 - - [26/Apr/2024:11:23:10 +0800] "GET /xingrg/all/function/internal_message.html?_=1714101789510&CODE_STATE=getMsg HTTP/1.1" 200 27
116.238.97.31 - - [26/Apr/2024:11:23:10 +0800] "GET /xingrg/check_reg.html?_=1714101791225 HTTP/1.1" 200 22
114.89.221.75 - - [26/Apr/2024:11:23:10 +0800] "GET /xingrg/images/yd/bt2.gif HTTP/1.1" 404 1042
116.224.254.208 - - [26/Apr/2024:11:23:11 +0800] "POST /xingrg/kc/buy/cgsh_order_operate.html HTTP/1.1" 200 12
101.83.144.49 - - [26/Apr/2024:11:23:12 +0800] "POST /xingrg/kc/base/wldb_order_operate.html HTTP/1.1" 200 37
116.238.97.31 - - [26/Apr/2024:11:23:12 +0800] "GET /xingrg/all/function/internal_message.html?_=1714101793228&CODE_STATE=getMsg HTTP/1.1" 200 27
101.83.144.49 - - [26/Apr/2024:11:23:12 +0800] "POST /xingrg/kc/base/wldb_order_operate.html HTTP/1.1" 200 2181
61.170.233.1 - - [26/Apr/2024:11:23:13 +0800] "GET /xingrg/all/function/internal_message.html?_=1714101794300&CODE_STATE=getMsg HTTP/1.1" 200 27
114.89.221.75 - - [26/Apr/2024:11:23:15 +0800] "POST /xingrg/dwr/call/plaincall/AjaxQqpsService.removeMaterielItem.dwr HTTP/1.1" 200 78
221.239.168.119 - - [26/Apr/2024:11:23:15 +0800] "GET /xingrg/kc/buy/cgsh_order_add.html HTTP/1.1" 200 73351
221.239.168.119 - - [26/Apr/2024:11:23:16 +0800] "GET /xingrg/words/20240426100103_words.js HTTP/1.1" 200 1021336
221.239.168.119 - - [26/Apr/2024:11:23:16 +0800] "POST /xingrg/kc/buy/cgsh_order_operate.html HTTP/1.1" 200 8245
221.239.168.119 - - [26/Apr/2024:11:23:16 +0800] "GET /xingrg/javascript/easyui/themes/default/validatebox.css HTTP/1.1" 404 1104
221.239.168.119 - - [26/Apr/2024:11:23:16 +0800] "GET /xingrg/all/common/auto_word.html?type=employee&rest_code=00145 HTTP/1.1" 200 151
116.232.195.13 - - [26/Apr/2024:11:23:16 +0800] "GET /xingrg/all/function/internal_message.html?_=1714101784955&CODE_STATE=getMsg HTTP/1.1" 200 27
221.239.168.119 - - [26/Apr/2024:11:23:16 +0800] "GET /xingrg/all/common/auto_word.html?type=employee&rest_code=00145 HTTP/1.1" 200 151
114.89.221.75 - - [26/Apr/2024:11:23:17 +0800] "POST /xingrg/dwr/call/plaincall/AjaxQqpsService.checkOrder.dwr HTTP/1.1" 200 78
101.80.230.31 - - [26/Apr/2024:11:23:18 +0800] "GET /xingrg/all/function/internal_message.html?_=1714101807155&CODE_STATE=getMsg HTTP/1.1" 200 27
180.164.1.25 - - [26/Apr/2024:11:23:18 +0800] "POST /xingrg/kc/buy/cgsh_order_operate.html HTTP/1.1" 200 37
116.238.97.31 - - [26/Apr/2024:11:23:18 +0800] "GET /xingrg/check_reg.html?_=1714101822727 HTTP/1.1" 200 22
116.238.97.31 - - [26/Apr/2024:11:23:18 +0800] "GET /xingrg/all/function/internal_message.html?_=1714101822729&CODE_STATE=getMsg HTTP/1.1" 200 27
61.170.233.1 - - [26/Apr/2024:11:23:20 +0800] "POST /xingrg/kc/buy/cgsh_order_operate.html HTTP/1.1" 200 12
114.89.221.75 - - [26/Apr/2024:11:23:21 +0800] "GET /xingrg/kc/mdqp/qqps_order_info.html?code=302024042300329 HTTP/1.1" 200 24066
116.224.254.208 - - [26/Apr/2024:11:23:21 +0800] "GET /xingrg/kc/buy/cgsh_order_info.html?code=212024042607214 HTTP/1.1" 200 68642
114.89.221.75 - - [26/Apr/2024:11:23:21 +0800] "GET /xingrg/dwr/interface/AjaxComOrderService.js HTTP/1.1" 200 18264
114.89.221.75 - - [26/Apr/2024:11:23:21 +0800] "GET /xingrg/dwr/interface/AjaxQqpsService.js HTTP/1.1" 200 16326
114.89.221.75 - - [26/Apr/2024:11:23:21 +0800] "GET /xingrg/dwr/engine.js HTTP/1.1" 200 43631
116.224.254.208 - - [26/Apr/2024:11:23:21 +0800] "GET /xingrg/javascript/easyui/themes/default/validatebox.css HTTP/1.1" 404 1104
114.89.221.75 - - [26/Apr/2024:11:23:22 +0800] "POST /xingrg/dwr/call/plaincall/AjaxQqpsService.loadMaterielItems.dwr HTTP/1.1" 200 934
101.83.144.49 - - [26/Apr/2024:11:23:22 +0800] "GET /xingrg/kc/base/wldb_order_info.html?code=422024042601646 HTTP/1.1" 200 30399
61.170.233.1 - - [26/Apr/2024:11:23:22 +0800] "GET /xingrg/kc/buy/cgsh_order_info.html?code=212024042607213 HTTP/1.1" 200 69020
61.170.233.1 - - [26/Apr/2024:11:23:23 +0800] "GET /xingrg/javascript/easyui/themes/default/validatebox.css HTTP/1.1" 404 1104
101.83.144.49 - - [26/Apr/2024:11:23:23 +0800] "GET /xingrg/javascript/easyui/themes/default/validatebox.css HTTP/1.1" 404 1104
222.70.183.82 - - [26/Apr/2024:11:23:23 +0800] "POST /xingrg/kc/buy/cgsh_order_operate.html HTTP/1.1" 200 37
116.224.254.208 - - [26/Apr/2024:11:23:23 +0800] "POST /xingrg/kc/buy/cgsh_order_operate.html HTTP/1.1" 200 619
180.164.1.25 - - [26/Apr/2024:11:23:23 +0800] "POST /xingrg/kc/buy/cgsh_order_operate.html HTTP/1.1" 200 2660
101.83.144.49 - - [26/Apr/2024:11:23:24 +0800] "POST /xingrg/kc/base/wldb_order_operate.html HTTP/1.1" 200 2181
61.170.233.1 - - [26/Apr/2024:11:23:24 +0800] "POST /xingrg/kc/buy/cgsh_order_operate.html HTTP/1.1" 200 627
114.89.221.75 - - [26/Apr/2024:11:23:24 +0800] "GET /xingrg/kc/mdqp/qqps_order_add.html HTTP/1.1" 200 25672
114.89.221.75 - - [26/Apr/2024:11:23:24 +0800] "GET /xingrg/dwr/interface/AjaxQqpsService.js HTTP/1.1" 200 16326
114.89.221.75 - - [26/Apr/2024:11:23:24 +0800] "GET /xingrg/dwr/interface/AjaxComOrderService.js HTTP/1.1" 200 18264
114.89.221.75 - - [26/Apr/2024:11:23:24 +0800] "GET /xingrg/dwr/engine.js HTTP/1.1" 200 43631
180.164.1.25 - - [26/Apr/2024:11:23:25 +0800] "GET /xingrg/kc/print/load_data.html?order_code=212024042607215&kc_code=cgsh&condition= HTTP/1.1" 200 678
101.83.144.49 - - [26/Apr/2024:11:23:27 +0800] "GET /xingrg/kc/base/wldb_order_add.html HTTP/1.1" 200 30382
124.78.56.241 - - [26/Apr/2024:11:23:27 +0800] "GET /xingrg/all/function/internal_message.html?_=1714101807858&CODE_STATE=getMsg HTTP/1.1" 200 27
101.83.144.49 - - [26/Apr/2024:11:23:27 +0800] "POST /xingrg/kc/base/wldb_order_operate.html HTTP/1.1" 200 6806
101.83.144.49 - - [26/Apr/2024:11:23:28 +0800] "GET /xingrg/javascript/easyui/themes/default/validatebox.css HTTP/1.1" 404 1104
61.170.233.1 - - [26/Apr/2024:11:23:28 +0800] "GET /xingrg/kc/print/load_data.html?order_code=212024042607213&kc_code=cgsh&condition= HTTP/1.1" 200 701
116.224.254.208 - - [26/Apr/2024:11:23:28 +0800] "GET /xingrg/all/function/internal_message.html?_=1714101808264&CODE_STATE=getMsg HTTP/1.1" 200 27
101.83.144.49 - - [26/Apr/2024:11:23:28 +0800] "POST /xingrg/all/common/load_combo.html?type=base HTTP/1.1" 200 3409
120.253.135.82 - - [26/Apr/2024:11:23:30 +0800] "POST /xingrg/kc/pszx/mdps_list_operate.html HTTP/1.1" 200 5465
120.253.135.82 - - [26/Apr/2024:11:23:30 +0800] "GET /xingrg/kc/pszx/mdqp_order_list.html?state=10 HTTP/1.1" 200 11156
120.253.135.82 - - [26/Apr/2024:11:23:30 +0800] "GET /xingrg/dwr/interface/AjaxQqpsService.js HTTP/1.1" 200 16326
120.253.135.82 - - [26/Apr/2024:11:23:30 +0800] "GET /xingrg/dwr/interface/AjaxReportQueryService.js HTTP/1.1" 200 13203
114.89.221.75 - - [26/Apr/2024:11:23:32 +0800] "POST /xingrg/dwr/call/plaincall/AjaxQqpsService.saveOrder.dwr HTTP/1.1" 200 78
114.89.221.75 - - [26/Apr/2024:11:23:34 +0800] "GET /xingrg/javascript/auto/indicator.gif HTTP/1.1" 404 1066
114.89.221.75 - - [26/Apr/2024:11:23:35 +0800] "POST /xingrg/dwr/call/plaincall/AjaxQqpsService.getMaterielByCode.dwr HTTP/1.1" 200 2513
120.253.135.82 - - [26/Apr/2024:11:23:35 +0800] "GET /xingrg/all/function/internal_message.html?_=1714101997387&CODE_STATE=getMsg HTTP/1.1" 200 27
61.170.233.1 - - [26/Apr/2024:11:23:37 +0800] "GET /xingrg/kc/buy/cgsh_order_add.html HTTP/1.1" 200 74157
180.164.1.25 - - [26/Apr/2024:11:23:37 +0800] "GET /xingrg/kc/buy/cgsh_order_add.html HTTP/1.1" 200 74255
180.164.1.25 - - [26/Apr/2024:11:23:37 +0800] "POST /xingrg/kc/buy/cgsh_order_operate.html HTTP/1.1" 200 8245
61.170.233.1 - - [26/Apr/2024:11:23:37 +0800] "POST /xingrg/kc/buy/cgsh_order_operate.html HTTP/1.1" 200 8245
180.164.1.25 - - [26/Apr/2024:11:23:37 +0800] "GET /xingrg/javascript/easyui/themes/default/validatebox.css HTTP/1.1" 404 1104
61.170.233.1 - - [26/Apr/2024:11:23:37 +0800] "GET /xingrg/javascript/easyui/themes/default/validatebox.css HTTP/1.1" 404 1104
114.89.221.75 - - [26/Apr/2024:11:23:38 +0800] "GET /xingrg/all/function/internal_message.html?_=1714101820170&CODE_STATE=getMsg HTTP/1.1" 200 27
101.83.144.49 - - [26/Apr/2024:11:23:38 +0800] "GET /xingrg/kc/base/wldb_order_operate.html?command=get_materiel&rest_code=00105&base_code=0010507&code=00101024107 HTTP/1.1" 200 427
61.170.233.1 - - [26/Apr/2024:11:23:38 +0800] "GET /xingrg/javascript/easyui/themes/default/tree.css HTTP/1.1" 404 1090
114.83.217.54 - - [26/Apr/2024:11:23:39 +0800] "GET /xingrg/all/function/internal_message.html?_=1714101817163&CODE_STATE=getMsg HTTP/1.1" 200 27
61.170.233.1 - - [26/Apr/2024:11:23:39 +0800] "POST /xingrg/all/common/load_tree.html?tree=supplier_tree_json&isDelete=1 HTTP/1.1" 200 79752
114.89.221.75 - - [26/Apr/2024:11:23:44 +0800] "POST /xingrg/dwr/call/plaincall/AjaxQqpsService.saveMaterielItem.dwr HTTP/1.1" 200 78
180.164.1.25 - - [26/Apr/2024:11:23:46 +0800] "GET /xingrg/kc/buy/cgsh_order_operate.html?command=get_materiel&rest_code=00108&code=00101003040&supplier_code=00100094&order_time=2024-04-26 HTTP/1.1" 200 417
120.253.135.82 - - [26/Apr/2024:11:23:47 +0800] "GET /xingrg/kc/pszx/mdqp_order_list.html?state=10 HTTP/1.1" 200 11156
120.253.135.82 - - [26/Apr/2024:11:23:47 +0800] "GET /xingrg/dwr/engine.js HTTP/1.1" 200 43631
120.253.135.82 - - [26/Apr/2024:11:23:47 +0800] "GET /xingrg/dwr/interface/AjaxQqpsService.js HTTP/1.1" 200 16326
120.253.135.82 - - [26/Apr/2024:11:23:47 +0800] "GET /xingrg/dwr/interface/AjaxReportQueryService.js HTTP/1.1" 200 13203
180.169.147.146 - - [26/Apr/2024:11:23:48 +0800] "GET /xingrg/all/function/internal_message.html?_=1714101828478&CODE_STATE=getMsg HTTP/1.1" 200 27
101.83.144.49 - - [26/Apr/2024:11:23:49 +0800] "POST /xingrg/kc/base/wldb_order_operate.html HTTP/1.1" 200 37
120.253.135.82 - - [26/Apr/2024:11:23:50 +0800] "GET /xingrg/kc/pszx/mdqp_order_info.html?code=302024042300329 HTTP/1.1" 200 13346
120.253.135.82 - - [26/Apr/2024:11:23:50 +0800] "GET /xingrg/dwr/interface/AjaxComOrderService.js HTTP/1.1" 200 18264
120.253.135.82 - - [26/Apr/2024:11:23:50 +0800] "GET /xingrg/dwr/interface/AjaxQqpsService.js HTTP/1.1" 200 16326
