116.238.97.31 - - [26/Apr/2024:11:09:26 +0800] "GET /xingrg/javascript/easyui/themes/default/validatebox.css HTTP/1.1" 404 1104
101.83.144.49 - - [26/Apr/2024:11:09:27 +0800] "GET /xingrg/kc/buy/cgsh_order_operate.html?command=get_materiel&rest_code=00105&code=00101010394&supplier_code=00100547&order_time=2024-04-26 HTTP/1.1" 200 432
124.78.56.241 - - [26/Apr/2024:11:09:28 +0800] "GET /xingrg/all/function/internal_message.html?_=1714100968103&CODE_STATE=getMsg HTTP/1.1" 200 27
116.238.97.31 - - [26/Apr/2024:11:09:28 +0800] "POST /xingrg/all/common/load_combo.html?type=base HTTP/1.1" 200 3321
116.238.97.31 - - [26/Apr/2024:11:09:31 +0800] "POST /xingrg/all/common/load_combo.html?type=base HTTP/1.1" 200 3321
116.238.97.31 - - [26/Apr/2024:11:09:34 +0800] "GET /xingrg/javascript/auto/indicator.gif HTTP/1.1" 404 1066
120.253.135.82 - - [26/Apr/2024:11:09:35 +0800] "GET /xingrg/all/function/internal_message.html?_=1714101157320&CODE_STATE=getMsg HTTP/1.1" 200 27
114.83.217.54 - - [26/Apr/2024:11:09:36 +0800] "GET /xingrg/kc/buy/cgsh_order_operate.html?command=get_materiel&rest_code=00149&code=00101010785&supplier_code=00100547&order_time=2024-04-26 HTTP/1.1" 200 461
114.83.217.54 - - [26/Apr/2024:11:09:37 +0800] "GET /xingrg/check_reg.html?_=1714100976024 HTTP/1.1" 200 22
114.83.217.54 - - [26/Apr/2024:11:09:39 +0800] "GET /xingrg/all/function/internal_message.html?_=1714100977492&CODE_STATE=getMsg HTTP/1.1" 200 27
222.70.183.82 - - [26/Apr/2024:11:09:41 +0800] "GET /xingrg/all/function/internal_message.html?_=1714100978459&CODE_STATE=getMsg HTTP/1.1" 200 27
222.70.183.82 - - [26/Apr/2024:11:09:42 +0800] "GET /xingrg/check_reg.html?_=1714100979366 HTTP/1.1" 200 22
180.169.147.146 - - [26/Apr/2024:11:09:48 +0800] "GET /xingrg/all/function/internal_message.html?_=1714100988457&CODE_STATE=getMsg HTTP/1.1" 200 27
116.224.254.208 - - [26/Apr/2024:11:09:48 +0800] "GET /xingrg/all/function/internal_message.html?_=1714100988898&CODE_STATE=getMsg HTTP/1.1" 200 27
114.83.217.54 - - [26/Apr/2024:11:09:50 +0800] "POST /xingrg/kc/buy/cgsh_order_operate.html HTTP/1.1" 200 37
180.169.147.146 - - [26/Apr/2024:11:09:52 +0800] "GET /xingrg/all/function/internal_message.html?_=1714100980356&CODE_STATE=getMsg HTTP/1.1" 302 -
116.238.97.31 - - [26/Apr/2024:11:09:53 +0800] "GET /xingrg/kc/base/wldb_order_operate.html?command=get_materiel&rest_code=00102&base_code=0010476&code=00101019183 HTTP/1.1" 200 449
114.83.220.195 - - [26/Apr/2024:11:09:54 +0800] "GET /xingrg/all/function/internal_message.html?_=1714100996603&CODE_STATE=getMsg HTTP/1.1" 200 27
114.83.220.195 - - [26/Apr/2024:11:09:54 +0800] "GET /xingrg/check_reg.html?_=1714100996606 HTTP/1.1" 200 22
101.83.144.49 - - [26/Apr/2024:11:09:55 +0800] "GET /xingrg/kc/buy/cgsh_order_operate.html?command=get_materiel&rest_code=00105&code=00101010761&supplier_code=00100547&order_time=2024-04-26 HTTP/1.1" 200 460
114.83.217.54 - - [26/Apr/2024:11:09:57 +0800] "POST /xingrg/kc/buy/cgsh_order_operate.html HTTP/1.1" 200 12
114.83.217.54 - - [26/Apr/2024:11:09:59 +0800] "GET /xingrg/kc/buy/cgsh_order_info.html?code=212024042607163 HTTP/1.1" 200 69114
114.83.217.54 - - [26/Apr/2024:11:09:59 +0800] "GET /xingrg/javascript/easyui/themes/default/validatebox.css HTTP/1.1" 404 1104
114.83.217.54 - - [26/Apr/2024:11:10:00 +0800] "POST /xingrg/kc/buy/cgsh_order_operate.html HTTP/1.1" 200 1262
114.83.217.54 - - [26/Apr/2024:11:10:02 +0800] "GET /xingrg/kc/print/load_data.html?order_code=212024042607163&kc_code=cgsh&condition= HTTP/1.1" 200 985
116.238.97.31 - - [26/Apr/2024:11:10:04 +0800] "GET /xingrg/kc/base/wldb_order_operate.html?command=get_materiel&rest_code=00102&base_code=0010476&code=00101019450 HTTP/1.1" 200 482
116.224.254.208 - - [26/Apr/2024:11:10:06 +0800] "GET /xingrg/all/function/internal_message.html?_=1714101005087&CODE_STATE=getMsg HTTP/1.1" 200 27
114.83.217.54 - - [26/Apr/2024:11:10:07 +0800] "GET /xingrg/kc/buy/cgsh_order_add.html HTTP/1.1" 200 74251
116.238.97.31 - - [26/Apr/2024:11:10:08 +0800] "GET /xingrg/kc/base/wldb_order_operate.html?command=get_materiel&rest_code=00102&base_code=0010476&code=00101019184 HTTP/1.1" 200 457
114.83.217.54 - - [26/Apr/2024:11:10:08 +0800] "POST /xingrg/kc/buy/cgsh_order_operate.html HTTP/1.1" 200 8245
114.83.217.54 - - [26/Apr/2024:11:10:08 +0800] "GET /xingrg/javascript/easyui/themes/default/validatebox.css HTTP/1.1" 404 1104
101.83.144.49 - - [26/Apr/2024:11:10:10 +0800] "GET /xingrg/all/function/internal_message.html?_=1714101011660&CODE_STATE=getMsg HTTP/1.1" 200 27
180.164.1.25 - - [26/Apr/2024:11:10:10 +0800] "GET /xingrg/all/function/internal_message.html?_=1714101009772&CODE_STATE=getMsg HTTP/1.1" 200 27
101.83.144.49 - - [26/Apr/2024:11:10:11 +0800] "POST /xingrg/kc/buy/cgsh_order_operate.html HTTP/1.1" 200 37
101.83.144.49 - - [26/Apr/2024:11:10:14 +0800] "POST /xingrg/kc/buy/cgsh_order_operate.html HTTP/1.1" 200 2698
101.83.144.49 - - [26/Apr/2024:11:10:15 +0800] "GET /xingrg/kc/print/load_data.html?order_code=212024042607164&kc_code=cgsh&condition= HTTP/1.1" 200 693
116.238.97.31 - - [26/Apr/2024:11:10:15 +0800] "GET /xingrg/kc/base/wldb_order_operate.html?command=get_materiel&rest_code=00102&base_code=0010476&code=00101019391 HTTP/1.1" 200 485
116.232.195.13 - - [26/Apr/2024:11:10:16 +0800] "GET /xingrg/all/function/internal_message.html?_=1714101004945&CODE_STATE=getMsg HTTP/1.1" 200 27
114.83.217.54 - - [26/Apr/2024:11:10:17 +0800] "GET /xingrg/kc/buy/cgsh_order_operate.html?command=get_materiel&rest_code=00149&code=00101014017&supplier_code=00100211&order_time=2024-04-26 HTTP/1.1" 200 419
101.80.230.31 - - [26/Apr/2024:11:10:18 +0800] "GET /xingrg/all/function/internal_message.html?_=1714101027128&CODE_STATE=getMsg HTTP/1.1" 200 27
101.80.230.31 - - [26/Apr/2024:11:10:18 +0800] "GET /xingrg/check_reg.html?_=1714101027128 HTTP/1.1" 200 22
116.238.97.31 - - [26/Apr/2024:11:10:18 +0800] "GET /xingrg/all/function/internal_message.html?_=1714101042700&CODE_STATE=getMsg HTTP/1.1" 200 27
116.238.97.31 - - [26/Apr/2024:11:10:23 +0800] "GET /xingrg/kc/base/wldb_order_operate.html?command=get_materiel&rest_code=00102&base_code=0010476&code=00101019258 HTTP/1.1" 200 483
116.238.97.31 - - [26/Apr/2024:11:10:23 +0800] "GET /xingrg/all/function/internal_message.html?_=1714101024061&CODE_STATE=getMsg HTTP/1.1" 200 27
124.78.56.241 - - [26/Apr/2024:11:10:28 +0800] "GET /xingrg/all/function/internal_message.html?_=1714101028085&CODE_STATE=getMsg HTTP/1.1" 200 27
116.238.97.31 - - [26/Apr/2024:11:10:28 +0800] "GET /xingrg/kc/base/wldb_order_operate.html?command=get_materiel&rest_code=00102&base_code=0010476&code=00101019405 HTTP/1.1" 200 482
114.83.217.54 - - [26/Apr/2024:11:10:29 +0800] "POST /xingrg/kc/buy/cgsh_order_operate.html HTTP/1.1" 200 37
116.224.254.208 - - [26/Apr/2024:11:10:33 +0800] "POST /xingrg/kc/buy/cgsh_order_operate.html HTTP/1.1" 200 88
116.238.97.31 - - [26/Apr/2024:11:10:34 +0800] "GET /xingrg/kc/base/wldb_order_operate.html?command=get_materiel&rest_code=00102&base_code=0010476&code=00101019185 HTTP/1.1" 200 469
120.253.135.82 - - [26/Apr/2024:11:10:35 +0800] "GET /xingrg/all/function/internal_message.html?_=1714101217325&CODE_STATE=getMsg HTTP/1.1" 200 27
120.253.135.82 - - [26/Apr/2024:11:10:35 +0800] "GET /xingrg/check_reg.html?_=1714101217327 HTTP/1.1" 200 22
114.83.217.54 - - [26/Apr/2024:11:10:39 +0800] "GET /xingrg/all/function/internal_message.html?_=1714101037469&CODE_STATE=getMsg HTTP/1.1" 200 27
116.238.97.31 - - [26/Apr/2024:11:10:40 +0800] "GET /xingrg/kc/base/wldb_order_operate.html?command=get_materiel&rest_code=00102&base_code=0010476&code=00101019134 HTTP/1.1" 200 480
116.224.254.208 - - [26/Apr/2024:11:10:40 +0800] "POST /xingrg/kc/buy/cgsh_order_operate.html HTTP/1.1" 200 37
222.70.183.82 - - [26/Apr/2024:11:10:41 +0800] "GET /xingrg/kc/buy/cgsh_order_add.html HTTP/1.1" 200 74119
114.83.217.54 - - [26/Apr/2024:11:10:41 +0800] "POST /xingrg/kc/buy/cgsh_order_operate.html HTTP/1.1" 200 12
222.70.183.82 - - [26/Apr/2024:11:10:41 +0800] "GET /xingrg/all/function/internal_message.html?_=1714101038648&CODE_STATE=getMsg HTTP/1.1" 200 27
222.70.183.82 - - [26/Apr/2024:11:10:41 +0800] "GET /xingrg/javascript/easyui/themes/default/validatebox.css HTTP/1.1" 404 1104
222.70.183.82 - - [26/Apr/2024:11:10:41 +0800] "POST /xingrg/kc/buy/cgsh_order_operate.html HTTP/1.1" 200 8245
116.224.254.208 - - [26/Apr/2024:11:10:42 +0800] "POST /xingrg/kc/buy/cgsh_order_operate.html HTTP/1.1" 200 2676
114.83.217.54 - - [26/Apr/2024:11:10:44 +0800] "GET /xingrg/kc/buy/cgsh_order_info.html?code=212024042607165 HTTP/1.1" 200 69120
114.83.217.54 - - [26/Apr/2024:11:10:44 +0800] "GET /xingrg/javascript/easyui/themes/default/validatebox.css HTTP/1.1" 404 1104
116.238.97.31 - - [26/Apr/2024:11:10:44 +0800] "GET /xingrg/kc/base/wldb_order_operate.html?command=get_materiel&rest_code=00102&base_code=0010476&code=00101019111 HTTP/1.1" 200 467
114.83.217.54 - - [26/Apr/2024:11:10:45 +0800] "POST /xingrg/kc/buy/cgsh_order_operate.html HTTP/1.1" 200 614
114.83.217.54 - - [26/Apr/2024:11:10:47 +0800] "GET /xingrg/kc/print/load_data.html?order_code=212024042607165&kc_code=cgsh&condition= HTTP/1.1" 200 706
180.169.147.146 - - [26/Apr/2024:11:10:48 +0800] "GET /xingrg/all/function/internal_message.html?_=1714101048467&CODE_STATE=getMsg HTTP/1.1" 200 27
116.224.254.208 - - [26/Apr/2024:11:10:48 +0800] "GET /xingrg/check_reg.html?_=1714101048706 HTTP/1.1" 200 22
116.224.254.208 - - [26/Apr/2024:11:10:48 +0800] "POST /xingrg/kc/buy/cgsh_order_operate.html HTTP/1.1" 200 37
116.238.97.31 - - [26/Apr/2024:11:10:50 +0800] "GET /xingrg/kc/base/wldb_order_operate.html?command=get_materiel&rest_code=00102&base_code=0010476&code=00101019527 HTTP/1.1" 200 474
114.83.217.54 - - [26/Apr/2024:11:10:51 +0800] "GET /xingrg/kc/buy/cgsh_order_add.html HTTP/1.1" 200 74251
114.83.217.54 - - [26/Apr/2024:11:10:52 +0800] "POST /xingrg/kc/buy/cgsh_order_operate.html HTTP/1.1" 200 8245
114.83.217.54 - - [26/Apr/2024:11:10:52 +0800] "GET /xingrg/javascript/easyui/themes/default/validatebox.css HTTP/1.1" 404 1104
180.169.147.146 - - [26/Apr/2024:11:10:52 +0800] "GET /xingrg/all/function/internal_message.html?_=1714101040339&CODE_STATE=getMsg HTTP/1.1" 302 -
101.83.144.49 - - [26/Apr/2024:11:10:53 +0800] "GET /xingrg/kc/buy/cgsh_order_operate.html?command=get_materiel&rest_code=00105&code=00101008686&supplier_code=00100547&order_time=2024-04-26 HTTP/1.1" 200 420
114.83.220.195 - - [26/Apr/2024:11:10:54 +0800] "GET /xingrg/all/function/internal_message.html?_=1714101056605&CODE_STATE=getMsg HTTP/1.1" 200 27
116.224.254.208 - - [26/Apr/2024:11:10:56 +0800] "POST /xingrg/kc/buy/cgsh_order_operate.html HTTP/1.1" 200 12
116.238.97.31 - - [26/Apr/2024:11:10:56 +0800] "GET /xingrg/kc/base/wldb_order_operate.html?command=get_materiel&rest_code=00102&base_code=0010476&code=00101019438 HTTP/1.1" 200 460
116.224.254.208 - - [26/Apr/2024:11:10:58 +0800] "GET /xingrg/kc/buy/cgsh_order_info.html?code=212024042607167 HTTP/1.1" 200 69078
116.224.254.208 - - [26/Apr/2024:11:10:58 +0800] "GET /xingrg/javascript/easyui/themes/default/validatebox.css HTTP/1.1" 404 1104
116.238.97.31 - - [26/Apr/2024:11:10:59 +0800] "GET /xingrg/kc/base/wldb_order_operate.html?command=get_materiel&rest_code=00102&base_code=0010476&code=00101019253 HTTP/1.1" 200 481
116.224.254.208 - - [26/Apr/2024:11:10:59 +0800] "POST /xingrg/kc/buy/cgsh_order_operate.html HTTP/1.1" 200 626
114.83.217.54 - - [26/Apr/2024:11:11:02 +0800] "GET /xingrg/kc/buy/cgsh_order_operate.html?command=get_materiel&rest_code=00149&code=00101001037&supplier_code=00100668&order_time=2024-04-26 HTTP/1.1" 200 418
116.224.254.208 - - [26/Apr/2024:11:11:02 +0800] "GET /xingrg/kc/print/load_data.html?order_code=212024042607167&kc_code=cgsh&condition= HTTP/1.1" 200 800
101.83.144.49 - - [26/Apr/2024:11:11:02 +0800] "GET /xingrg/kc/buy/cgsh_order_add.html HTTP/1.1" 200 74245
101.83.144.49 - - [26/Apr/2024:11:11:03 +0800] "GET /xingrg/javascript/easyui/themes/default/validatebox.css HTTP/1.1" 404 1104
101.83.144.49 - - [26/Apr/2024:11:11:03 +0800] "POST /xingrg/kc/buy/cgsh_order_operate.html HTTP/1.1" 200 8245
116.224.254.208 - - [26/Apr/2024:11:11:06 +0800] "GET /xingrg/all/function/internal_message.html?_=1714101065078&CODE_STATE=getMsg HTTP/1.1" 200 27
124.78.56.241 - - [26/Apr/2024:11:11:06 +0800] "POST /xingrg/services/DataTransmitService HTTP/1.1" 200 524
116.224.254.208 - - [26/Apr/2024:11:11:07 +0800] "GET /xingrg/kc/buy/cgsh_order_add.html HTTP/1.1" 200 74207
124.78.56.241 - - [26/Apr/2024:11:11:07 +0800] "POST /xingrg/services/DataTransmitService HTTP/1.1" 200 501
116.238.97.31 - - [26/Apr/2024:11:11:07 +0800] "GET /xingrg/kc/base/wldb_order_operate.html?command=get_materiel&rest_code=00102&base_code=0010476&code=00101016044 HTTP/1.1" 200 466
116.224.254.208 - - [26/Apr/2024:11:11:07 +0800] "POST /xingrg/kc/buy/cgsh_order_operate.html HTTP/1.1" 200 8245
116.224.254.208 - - [26/Apr/2024:11:11:07 +0800] "GET /xingrg/javascript/easyui/themes/default/validatebox.css HTTP/1.1" 404 1104
116.224.254.208 - - [26/Apr/2024:11:11:08 +0800] "GET /xingrg/check_reg.html?_=1714101067641 HTTP/1.1" 200 22
101.83.144.49 - - [26/Apr/2024:11:11:10 +0800] "GET /xingrg/all/function/internal_message.html?_=1714101071673&CODE_STATE=getMsg HTTP/1.1" 200 27
180.164.1.25 - - [26/Apr/2024:11:11:10 +0800] "GET /xingrg/all/function/internal_message.html?_=1714101069751&CODE_STATE=getMsg HTTP/1.1" 200 27
116.238.97.31 - - [26/Apr/2024:11:11:11 +0800] "GET /xingrg/kc/base/wldb_order_operate.html?command=get_materiel&rest_code=00102&base_code=0010476&code=00101019015 HTTP/1.1" 200 451
101.83.144.49 - - [26/Apr/2024:11:11:15 +0800] "GET /xingrg/kc/buy/cgsh_order_operate.html?command=get_materiel&rest_code=00105&code=00101021027&supplier_code=00100323&order_time=2024-04-26 HTTP/1.1" 200 414
222.70.183.82 - - [26/Apr/2024:11:11:16 +0800] "GET /xingrg/kc/buy/cgsh_order_operate.html?command=get_materiel&rest_code=00111&code=00101001045&supplier_code=00100665&order_time=2024-04-26 HTTP/1.1" 200 421
116.224.254.208 - - [26/Apr/2024:11:11:16 +0800] "GET /xingrg/kc/buy/cgsh_order_operate.html?command=get_materiel&rest_code=00150&code=00101002006&supplier_code=00100091&order_time=2024-04-26 HTTP/1.1" 200 414
114.83.217.54 - - [26/Apr/2024:11:11:16 +0800] "GET /xingrg/kc/buy/cgsh_order_operate.html?command=get_materiel&rest_code=00149&code=00101001140&supplier_code=00100668&order_time=2024-04-26 HTTP/1.1" 200 417
116.232.195.13 - - [26/Apr/2024:11:11:16 +0800] "GET /xingrg/all/function/internal_message.html?_=1714101064944&CODE_STATE=getMsg HTTP/1.1" 200 27
116.238.97.31 - - [26/Apr/2024:11:11:17 +0800] "GET /xingrg/kc/base/wldb_order_operate.html?command=get_materiel&rest_code=00102&base_code=0010476&code=00101016094 HTTP/1.1" 200 469
101.80.230.31 - - [26/Apr/2024:11:11:18 +0800] "GET /xingrg/all/function/internal_message.html?_=1714101087130&CODE_STATE=getMsg HTTP/1.1" 200 27
116.238.97.31 - - [26/Apr/2024:11:11:18 +0800] "GET /xingrg/all/function/internal_message.html?_=1714101102699&CODE_STATE=getMsg HTTP/1.1" 200 27
116.238.97.31 - - [26/Apr/2024:11:11:23 +0800] "GET /xingrg/all/function/internal_message.html?_=1714101084054&CODE_STATE=getMsg HTTP/1.1" 200 27
124.78.56.241 - - [26/Apr/2024:11:11:28 +0800] "GET /xingrg/all/function/internal_message.html?_=1714101088068&CODE_STATE=getMsg HTTP/1.1" 200 27
120.253.135.82 - - [26/Apr/2024:11:11:35 +0800] "GET /xingrg/all/function/internal_message.html?_=1714101277330&CODE_STATE=getMsg HTTP/1.1" 200 27
116.224.254.208 - - [26/Apr/2024:11:11:35 +0800] "POST /xingrg/kc/buy/cgsh_order_operate.html HTTP/1.1" 200 64
222.70.183.82 - - [26/Apr/2024:11:11:36 +0800] "POST /xingrg/kc/buy/cgsh_order_operate.html HTTP/1.1" 200 37
114.83.217.54 - - [26/Apr/2024:11:11:39 +0800] "GET /xingrg/all/function/internal_message.html?_=1714101097439&CODE_STATE=getMsg HTTP/1.1" 200 27
101.83.144.49 - - [26/Apr/2024:11:11:39 +0800] "GET /xingrg/kc/buy/cgsh_order_operate.html?command=get_materiel&rest_code=00105&code=00101012010&supplier_code=00100323&order_time=2024-04-26 HTTP/1.1" 200 408
222.70.183.82 - - [26/Apr/2024:11:11:41 +0800] "GET /xingrg/all/function/internal_message.html?_=1714101098629&CODE_STATE=getMsg HTTP/1.1" 200 27
114.83.217.54 - - [26/Apr/2024:11:11:44 +0800] "POST /xingrg/kc/buy/cgsh_order_operate.html HTTP/1.1" 200 37
180.169.147.146 - - [26/Apr/2024:11:11:48 +0800] "GET /xingrg/all/function/internal_message.html?_=1714101108470&CODE_STATE=getMsg HTTP/1.1" 200 27
116.224.254.208 - - [26/Apr/2024:11:11:48 +0800] "POST /xingrg/kc/buy/cgsh_order_operate.html HTTP/1.1" 200 88
180.169.147.146 - - [26/Apr/2024:11:11:52 +0800] "GET /xingrg/all/function/internal_message.html?_=1714101100325&CODE_STATE=getMsg HTTP/1.1" 302 -
114.83.220.195 - - [26/Apr/2024:11:11:54 +0800] "GET /xingrg/all/function/internal_message.html?_=1714101116597&CODE_STATE=getMsg HTTP/1.1" 200 27
116.224.254.208 - - [26/Apr/2024:11:11:54 +0800] "POST /xingrg/kc/buy/cgsh_order_operate.html HTTP/1.1" 200 37
222.70.183.82 - - [26/Apr/2024:11:11:55 +0800] "POST /xingrg/kc/buy/cgsh_order_operate.html HTTP/1.1" 200 12
116.224.254.208 - - [26/Apr/2024:11:11:56 +0800] "POST /xingrg/kc/buy/cgsh_order_operate.html HTTP/1.1" 200 2661
114.83.217.54 - - [26/Apr/2024:11:11:59 +0800] "POST /xingrg/kc/buy/cgsh_order_operate.html HTTP/1.1" 200 12
222.70.183.82 - - [26/Apr/2024:11:12:00 +0800] "GET /xingrg/kc/buy/cgsh_order_info.html?code=212024042607168 HTTP/1.1" 200 68990
222.70.183.82 - - [26/Apr/2024:11:12:00 +0800] "GET /xingrg/javascript/easyui/themes/default/validatebox.css HTTP/1.1" 404 1104
222.70.183.82 - - [26/Apr/2024:11:12:01 +0800] "POST /xingrg/kc/buy/cgsh_order_operate.html HTTP/1.1" 200 618
114.83.217.54 - - [26/Apr/2024:11:12:01 +0800] "GET /xingrg/kc/buy/cgsh_order_info.html?code=212024042607170 HTTP/1.1" 200 69128
114.83.217.54 - - [26/Apr/2024:11:12:02 +0800] "GET /xingrg/javascript/easyui/themes/default/validatebox.css HTTP/1.1" 404 1104
222.70.183.82 - - [26/Apr/2024:11:12:03 +0800] "GET /xingrg/kc/print/load_data.html?order_code=212024042607168&kc_code=cgsh&condition= HTTP/1.1" 200 701
114.83.217.54 - - [26/Apr/2024:11:12:03 +0800] "POST /xingrg/kc/buy/cgsh_order_operate.html HTTP/1.1" 200 1212
116.224.254.208 - - [26/Apr/2024:11:12:03 +0800] "POST /xingrg/kc/buy/cgsh_order_operate.html HTTP/1.1" 200 37
101.83.144.49 - - [26/Apr/2024:11:12:04 +0800] "GET /xingrg/kc/buy/cgsh_order_operate.html?command=get_materiel&rest_code=00105&code=00101010794&supplier_code=00100323&order_time=2024-04-26 HTTP/1.1" 200 429
114.83.217.54 - - [26/Apr/2024:11:12:04 +0800] "GET /xingrg/kc/print/load_data.html?order_code=212024042607170&kc_code=cgsh&condition= HTTP/1.1" 200 938
116.224.254.208 - - [26/Apr/2024:11:12:06 +0800] "GET /xingrg/all/function/internal_message.html?_=1714101125071&CODE_STATE=getMsg HTTP/1.1" 200 27
116.238.97.31 - - [26/Apr/2024:11:12:08 +0800] "POST /xingrg/kc/base/wldb_order_operate.html HTTP/1.1" 200 37
222.70.183.82 - - [26/Apr/2024:11:12:08 +0800] "GET /xingrg/kc/buy/cgsh_order_add.html HTTP/1.1" 200 74119
222.70.183.82 - - [26/Apr/2024:11:12:09 +0800] "GET /xingrg/javascript/easyui/themes/default/validatebox.css HTTP/1.1" 404 1104
180.164.1.25 - - [26/Apr/2024:11:12:09 +0800] "GET /xingrg/check_reg.html?_=1714101128413 HTTP/1.1" 200 22
222.70.183.82 - - [26/Apr/2024:11:12:09 +0800] "POST /xingrg/kc/buy/cgsh_order_operate.html HTTP/1.1" 200 8245
114.83.217.54 - - [26/Apr/2024:11:12:09 +0800] "GET /xingrg/kc/buy/cgsh_order_add.html HTTP/1.1" 200 74251
101.83.144.49 - - [26/Apr/2024:11:12:10 +0800] "GET /xingrg/all/function/internal_message.html?_=1714101131667&CODE_STATE=getMsg HTTP/1.1" 200 27
114.83.217.54 - - [26/Apr/2024:11:12:10 +0800] "POST /xingrg/kc/buy/cgsh_order_operate.html HTTP/1.1" 200 8245
114.83.217.54 - - [26/Apr/2024:11:12:10 +0800] "GET /xingrg/javascript/easyui/themes/default/validatebox.css HTTP/1.1" 404 1104
180.164.1.25 - - [26/Apr/2024:11:12:10 +0800] "GET /xingrg/all/function/internal_message.html?_=1714101129733&CODE_STATE=getMsg HTTP/1.1" 200 27
101.83.144.49 - - [26/Apr/2024:11:12:11 +0800] "GET /xingrg/check_reg.html?_=1714101132914 HTTP/1.1" 200 22
101.83.144.49 - - [26/Apr/2024:11:12:15 +0800] "GET /xingrg/kc/buy/cgsh_order_operate.html?command=get_materiel&rest_code=00105&code=00101010219&supplier_code=00100323&order_time=2024-04-26 HTTP/1.1" 200 419
116.238.97.31 - - [26/Apr/2024:11:12:16 +0800] "POST /xingrg/kc/base/wldb_order_operate.html HTTP/1.1" 200 12
116.238.97.31 - - [26/Apr/2024:11:12:16 +0800] "POST /xingrg/kc/base/wldb_order_operate.html HTTP/1.1" 200 10245
116.232.195.13 - - [26/Apr/2024:11:12:16 +0800] "GET /xingrg/check_reg.html?_=1714101124968 HTTP/1.1" 200 22
116.232.195.13 - - [26/Apr/2024:11:12:16 +0800] "GET /xingrg/all/function/internal_message.html?_=1714101124970&CODE_STATE=getMsg HTTP/1.1" 200 27
116.238.97.31 - - [26/Apr/2024:11:12:17 +0800] "GET /xingrg/kc/base/wldb_order_info.html?code=422024042601636 HTTP/1.1" 200 26257
116.238.97.31 - - [26/Apr/2024:11:12:18 +0800] "GET /xingrg/javascript/easyui/themes/default/validatebox.css HTTP/1.1" 404 1104
116.238.97.31 - - [26/Apr/2024:11:12:18 +0800] "POST /xingrg/kc/base/wldb_order_operate.html HTTP/1.1" 200 8361
101.80.230.31 - - [26/Apr/2024:11:12:18 +0800] "GET /xingrg/all/function/internal_message.html?_=1714101147135&CODE_STATE=getMsg HTTP/1.1" 200 27
116.238.97.31 - - [26/Apr/2024:11:12:18 +0800] "GET /xingrg/all/function/internal_message.html?_=1714101162715&CODE_STATE=getMsg HTTP/1.1" 200 27
114.83.217.54 - - [26/Apr/2024:11:12:20 +0800] "GET /xingrg/kc/buy/cgsh_order_operate.html?command=get_materiel&rest_code=00149&code=00101002006&supplier_code=00100091&order_time=2024-04-26 HTTP/1.1" 200 414
116.238.97.31 - - [26/Apr/2024:11:12:20 +0800] "GET /xingrg/kc/base/wldb_order_add.html HTTP/1.1" 200 30378
116.238.97.31 - - [26/Apr/2024:11:12:21 +0800] "POST /xingrg/kc/base/wldb_order_operate.html HTTP/1.1" 200 6806
116.238.97.31 - - [26/Apr/2024:11:12:21 +0800] "GET /xingrg/javascript/easyui/themes/default/validatebox.css HTTP/1.1" 404 1104
116.238.97.31 - - [26/Apr/2024:11:12:22 +0800] "POST /xingrg/all/common/load_combo.html?type=base HTTP/1.1" 200 3321
116.238.97.31 - - [26/Apr/2024:11:12:23 +0800] "GET /xingrg/all/function/internal_message.html?_=1714101144046&CODE_STATE=getMsg HTTP/1.1" 200 27
116.224.254.208 - - [26/Apr/2024:11:12:23 +0800] "POST /xingrg/kc/buy/cgsh_order_operate.html HTTP/1.1" 200 12
222.70.183.82 - - [26/Apr/2024:11:12:24 +0800] "GET /xingrg/kc/buy/cgsh_order_operate.html?command=get_materiel&rest_code=00111&code=00101004038&supplier_code=00100312&order_time=2024-04-26 HTTP/1.1" 200 409
124.78.56.241 - - [26/Apr/2024:11:12:25 +0800] "GET /xingrg/check_reg.html?_=1714101145810 HTTP/1.1" 200 22
116.238.97.31 - - [26/Apr/2024:11:12:26 +0800] "POST /xingrg/all/common/load_combo.html?type=base HTTP/1.1" 200 3321
116.224.254.208 - - [26/Apr/2024:11:12:26 +0800] "GET /xingrg/kc/buy/cgsh_order_info.html?code=212024042607172 HTTP/1.1" 200 69082
116.224.254.208 - - [26/Apr/2024:11:12:26 +0800] "GET /xingrg/javascript/easyui/themes/default/validatebox.css HTTP/1.1" 404 1104
124.78.56.241 - - [26/Apr/2024:11:12:28 +0800] "GET /xingrg/all/function/internal_message.html?_=1714101148055&CODE_STATE=getMsg HTTP/1.1" 200 27
116.238.97.31 - - [26/Apr/2024:11:12:29 +0800] "GET /xingrg/javascript/jquery_tools/images/next.gif HTTP/1.1" 404 1086
116.238.97.31 - - [26/Apr/2024:11:12:29 +0800] "GET /xingrg/javascript/jquery_tools/images/prev.gif HTTP/1.1" 404 1086
101.83.144.49 - - [26/Apr/2024:11:12:29 +0800] "POST /xingrg/kc/buy/cgsh_order_operate.html HTTP/1.1" 200 37
116.224.254.208 - - [26/Apr/2024:11:12:29 +0800] "POST /xingrg/kc/buy/cgsh_order_operate.html HTTP/1.1" 200 611
114.83.217.54 - - [26/Apr/2024:11:12:34 +0800] "POST /xingrg/kc/buy/cgsh_order_operate.html HTTP/1.1" 200 37
101.83.144.49 - - [26/Apr/2024:11:12:34 +0800] "POST /xingrg/kc/buy/cgsh_order_operate.html HTTP/1.1" 200 4454
116.224.254.208 - - [26/Apr/2024:11:12:35 +0800] "GET /xingrg/kc/print/load_data.html?order_code=212024042607172&kc_code=cgsh&condition= HTTP/1.1" 200 778
120.253.135.82 - - [26/Apr/2024:11:12:35 +0800] "GET /xingrg/all/function/internal_message.html?_=1714101337335&CODE_STATE=getMsg HTTP/1.1" 200 27
116.238.97.31 - - [26/Apr/2024:11:12:36 +0800] "GET /xingrg/kc/base/wldb_order_operate.html?command=get_materiel&rest_code=00102&base_code=0010476&code=00101019079 HTTP/1.1" 200 479
101.83.144.49 - - [26/Apr/2024:11:12:37 +0800] "GET /xingrg/kc/print/load_data.html?order_code=212024042607173&kc_code=cgsh&condition= HTTP/1.1" 200 1374
114.83.217.54 - - [26/Apr/2024:11:12:39 +0800] "GET /xingrg/all/function/internal_message.html?_=1714101157418&CODE_STATE=getMsg HTTP/1.1" 200 27
116.238.97.31 - - [26/Apr/2024:11:12:40 +0800] "GET /xingrg/kc/base/wldb_order_operate.html?command=get_materiel&rest_code=00102&base_code=0010476&code=00101016076 HTTP/1.1" 200 477
116.224.254.208 - - [26/Apr/2024:11:12:40 +0800] "GET /xingrg/kc/buy/cgsh_order_add.html HTTP/1.1" 200 74207
116.224.254.208 - - [26/Apr/2024:11:12:40 +0800] "POST /xingrg/kc/buy/cgsh_order_operate.html HTTP/1.1" 200 8245
116.224.254.208 - - [26/Apr/2024:11:12:40 +0800] "GET /xingrg/javascript/easyui/themes/default/validatebox.css HTTP/1.1" 404 1104
222.70.183.82 - - [26/Apr/2024:11:12:41 +0800] "GET /xingrg/all/function/internal_message.html?_=1714101158601&CODE_STATE=getMsg HTTP/1.1" 200 27
101.83.144.49 - - [26/Apr/2024:11:12:41 +0800] "GET /xingrg/kc/buy/cgsh_order_add.html HTTP/1.1" 200 74245
101.83.144.49 - - [26/Apr/2024:11:12:41 +0800] "GET /xingrg/javascript/easyui/themes/default/validatebox.css HTTP/1.1" 404 1104
101.83.144.49 - - [26/Apr/2024:11:12:41 +0800] "POST /xingrg/kc/buy/cgsh_order_operate.html HTTP/1.1" 200 8245
114.83.217.54 - - [26/Apr/2024:11:12:43 +0800] "POST /xingrg/kc/buy/cgsh_order_operate.html HTTP/1.1" 200 12
81.71.5.172 - - [26/Apr/2024:11:12:44 +0800] "GET /xingrg/all/function/internal_message.html?_=1714029938423&CODE_STATE=getMsg HTTP/1.1" 302 -
106.55.202.193 - - [26/Apr/2024:11:12:44 +0800] "GET /xingrg/login.html HTTP/1.1" 200 2139
114.83.217.54 - - [26/Apr/2024:11:12:45 +0800] "GET /xingrg/kc/buy/cgsh_order_info.html?code=212024042607174 HTTP/1.1" 200 69126
114.83.217.54 - - [26/Apr/2024:11:12:45 +0800] "GET /xingrg/words/20240426100103_words.js HTTP/1.1" 304 -
114.83.217.54 - - [26/Apr/2024:11:12:45 +0800] "GET /xingrg/javascript/easyui/themes/default/validatebox.css HTTP/1.1" 404 1104
222.70.183.82 - - [26/Apr/2024:11:12:46 +0800] "GET /xingrg/kc/buy/cgsh_order_operate.html?command=get_materiel&rest_code=00111&code=00101004051&supplier_code=00100312&order_time=2024-04-26 HTTP/1.1" 200 408
114.83.217.54 - - [26/Apr/2024:11:12:46 +0800] "POST /xingrg/kc/buy/cgsh_order_operate.html HTTP/1.1" 200 611
114.83.217.54 - - [26/Apr/2024:11:12:48 +0800] "GET /xingrg/kc/print/load_data.html?order_code=212024042607174&kc_code=cgsh&condition= HTTP/1.1" 200 778
180.169.147.146 - - [26/Apr/2024:11:12:48 +0800] "GET /xingrg/all/function/internal_message.html?_=1714101168470&CODE_STATE=getMsg HTTP/1.1" 200 27
180.169.147.146 - - [26/Apr/2024:11:12:48 +0800] "GET /xingrg/check_reg.html?_=1714101168472 HTTP/1.1" 200 22
116.224.254.208 - - [26/Apr/2024:11:12:48 +0800] "GET /xingrg/all/function/internal_message.html?_=1714101168899&CODE_STATE=getMsg HTTP/1.1" 200 27
116.224.254.208 - - [26/Apr/2024:11:12:50 +0800] "GET /xingrg/kc/buy/cgsh_order_operate.html?command=get_materiel&rest_code=00150&code=00101010889&supplier_code=00100327&order_time=2024-04-26 HTTP/1.1" 200 413
116.238.97.31 - - [26/Apr/2024:11:12:50 +0800] "GET /xingrg/kc/base/wldb_order_operate.html?command=get_materiel&rest_code=00102&base_code=0010476&code=00101019195 HTTP/1.1" 200 472
180.169.147.146 - - [26/Apr/2024:11:12:52 +0800] "GET /xingrg/all/function/internal_message.html?_=1714101160310&CODE_STATE=getMsg HTTP/1.1" 302 -
114.83.217.54 - - [26/Apr/2024:11:12:52 +0800] "GET /xingrg/kc/buy/cgsh_order_add.html HTTP/1.1" 200 74251
114.83.217.54 - - [26/Apr/2024:11:12:53 +0800] "POST /xingrg/kc/buy/cgsh_order_operate.html HTTP/1.1" 200 8245
114.83.217.54 - - [26/Apr/2024:11:12:53 +0800] "GET /xingrg/javascript/easyui/themes/default/validatebox.css HTTP/1.1" 404 1104
101.83.144.49 - - [26/Apr/2024:11:12:53 +0800] "GET /xingrg/kc/buy/cgsh_order_operate.html?command=get_materiel&rest_code=00105&code=00101006164&supplier_code=00100326&order_time=2024-04-26 HTTP/1.1" 200 415
114.83.220.195 - - [26/Apr/2024:11:12:54 +0800] "GET /xingrg/all/function/internal_message.html?_=1714101176603&CODE_STATE=getMsg HTTP/1.1" 200 27
116.238.97.31 - - [26/Apr/2024:11:13:00 +0800] "GET /xingrg/kc/base/wldb_order_operate.html?command=get_materiel&rest_code=00102&base_code=0010476&code=00101019306 HTTP/1.1" 200 479
101.83.144.49 - - [26/Apr/2024:11:13:01 +0800] "POST /xingrg/kc/buy/cgsh_order_operate.html HTTP/1.1" 200 37
101.83.144.49 - - [26/Apr/2024:11:13:03 +0800] "POST /xingrg/kc/buy/cgsh_order_operate.html HTTP/1.1" 200 2660
116.224.254.208 - - [26/Apr/2024:11:13:03 +0800] "GET /xingrg/kc/buy/cgsh_order_operate.html?command=get_materiel&rest_code=00150&code=00101010638&supplier_code=00100327&order_time=2024-04-26 HTTP/1.1" 200 414
114.83.217.54 - - [26/Apr/2024:11:13:03 +0800] "GET /xingrg/kc/buy/cgsh_order_operate.html?command=get_materiel&rest_code=00149&code=00101023021&supplier_code=00100316&order_time=2024-04-26 HTTP/1.1" 200 409
222.70.183.82 - - [26/Apr/2024:11:13:03 +0800] "GET /xingrg/kc/buy/cgsh_order_operate.html?command=get_materiel&rest_code=00111&code=00101004046&supplier_code=00100312&order_time=2024-04-26 HTTP/1.1" 200 417
116.224.254.208 - - [26/Apr/2024:11:13:06 +0800] "GET /xingrg/all/function/internal_message.html?_=1714101185048&CODE_STATE=getMsg HTTP/1.1" 200 27
101.83.144.49 - - [26/Apr/2024:11:13:06 +0800] "GET /xingrg/kc/print/load_data.html?order_code=212024042607175&kc_code=cgsh&condition= HTTP/1.1" 200 679
101.83.144.49 - - [26/Apr/2024:11:13:10 +0800] "GET /xingrg/all/function/internal_message.html?_=1714101191631&CODE_STATE=getMsg HTTP/1.1" 200 27
116.238.97.31 - - [26/Apr/2024:11:13:10 +0800] "GET /xingrg/check_reg.html?_=1714101191263 HTTP/1.1" 200 22
180.164.1.25 - - [26/Apr/2024:11:13:10 +0800] "GET /xingrg/all/function/internal_message.html?_=1714101189709&CODE_STATE=getMsg HTTP/1.1" 200 27
116.232.195.13 - - [26/Apr/2024:11:13:16 +0800] "GET /xingrg/all/function/internal_message.html?_=1714101184958&CODE_STATE=getMsg HTTP/1.1" 200 27
101.80.230.31 - - [26/Apr/2024:11:13:18 +0800] "GET /xingrg/all/function/internal_message.html?_=1714101207135&CODE_STATE=getMsg HTTP/1.1" 200 27
116.238.97.31 - - [26/Apr/2024:11:13:18 +0800] "GET /xingrg/all/function/internal_message.html?_=1714101222702&CODE_STATE=getMsg HTTP/1.1" 200 27
116.238.97.31 - - [26/Apr/2024:11:13:18 +0800] "GET /xingrg/check_reg.html?_=1714101222700 HTTP/1.1" 200 22
116.224.254.208 - - [26/Apr/2024:11:13:20 +0800] "POST /xingrg/kc/buy/cgsh_order_operate.html HTTP/1.1" 200 37
222.70.183.82 - - [26/Apr/2024:11:13:20 +0800] "GET /xingrg/kc/buy/cgsh_order_operate.html?command=get_materiel&rest_code=00111&code=00101004067&supplier_code=00100312&order_time=2024-04-26 HTTP/1.1" 200 413
114.83.217.54 - - [26/Apr/2024:11:13:20 +0800] "POST /xingrg/kc/buy/cgsh_order_operate.html HTTP/1.1" 200 64
101.83.144.49 - - [26/Apr/2024:11:13:21 +0800] "GET /xingrg/kc/buy/cgsh_order_add.html HTTP/1.1" 200 8212
101.83.144.49 - - [26/Apr/2024:11:13:21 +0800] "GET /xingrg/kc/buy/cgsh_order_add.html HTTP/1.1" 200 74245
101.83.144.49 - - [26/Apr/2024:11:13:21 +0800] "POST /xingrg/kc/buy/cgsh_order_operate.html HTTP/1.1" 200 8245
101.83.144.49 - - [26/Apr/2024:11:13:21 +0800] "GET /xingrg/javascript/easyui/themes/default/validatebox.css HTTP/1.1" 404 1104
116.238.97.31 - - [26/Apr/2024:11:13:24 +0800] "GET /xingrg/all/function/internal_message.html?_=1714101204898&CODE_STATE=getMsg HTTP/1.1" 200 27
116.238.97.31 - - [26/Apr/2024:11:13:26 +0800] "POST /xingrg/kc/base/wldb_order_operate.html HTTP/1.1" 200 37
124.78.56.241 - - [26/Apr/2024:11:13:28 +0800] "GET /xingrg/all/function/internal_message.html?_=1714101208027&CODE_STATE=getMsg HTTP/1.1" 200 27
116.224.254.208 - - [26/Apr/2024:11:13:28 +0800] "POST /xingrg/kc/buy/cgsh_order_operate.html HTTP/1.1" 200 12
116.238.97.31 - - [26/Apr/2024:11:13:28 +0800] "POST /xingrg/kc/base/wldb_order_operate.html HTTP/1.1" 200 4261
116.224.254.208 - - [26/Apr/2024:11:13:30 +0800] "GET /xingrg/kc/buy/cgsh_order_info.html?code=212024042607176 HTTP/1.1" 200 69078
116.224.254.208 - - [26/Apr/2024:11:13:30 +0800] "GET /xingrg/words/20240426100103_words.js HTTP/1.1" 304 -
116.224.254.208 - - [26/Apr/2024:11:13:31 +0800] "GET /xingrg/javascript/easyui/themes/default/validatebox.css HTTP/1.1" 404 1104
114.83.217.54 - - [26/Apr/2024:11:13:31 +0800] "POST /xingrg/kc/buy/cgsh_order_operate.html HTTP/1.1" 200 37
116.224.254.208 - - [26/Apr/2024:11:13:32 +0800] "POST /xingrg/kc/buy/cgsh_order_operate.html HTTP/1.1" 200 1201
116.224.254.208 - - [26/Apr/2024:11:13:34 +0800] "GET /xingrg/kc/print/load_data.html?order_code=212024042607176&kc_code=cgsh&condition= HTTP/1.1" 200 939
116.238.97.31 - - [26/Apr/2024:11:13:35 +0800] "POST /xingrg/kc/base/wldb_order_operate.html HTTP/1.1" 200 12
101.83.144.49 - - [26/Apr/2024:11:13:35 +0800] "GET /xingrg/kc/buy/cgsh_order_operate.html?command=get_materiel&rest_code=00105&code=00101004050&supplier_code=00100312&order_time=2024-04-26 HTTP/1.1" 200 409
120.253.135.82 - - [26/Apr/2024:11:13:35 +0800] "GET /xingrg/all/function/internal_message.html?_=1714101397339&CODE_STATE=getMsg HTTP/1.1" 200 27
116.238.97.31 - - [26/Apr/2024:11:13:36 +0800] "GET /xingrg/kc/base/wldb_order_info.html?code=422024042601637 HTTP/1.1" 200 26255
116.238.97.31 - - [26/Apr/2024:11:13:36 +0800] "GET /xingrg/javascript/easyui/themes/default/validatebox.css HTTP/1.1" 404 1104
116.238.97.31 - - [26/Apr/2024:11:13:36 +0800] "POST /xingrg/kc/base/wldb_order_operate.html HTTP/1.1" 200 2511
116.238.97.31 - - [26/Apr/2024:11:13:38 +0800] "GET /xingrg/kc/base/wldb_order_add.html HTTP/1.1" 200 30378
116.238.97.31 - - [26/Apr/2024:11:13:38 +0800] "POST /xingrg/kc/base/wldb_order_operate.html HTTP/1.1" 200 6806
116.238.97.31 - - [26/Apr/2024:11:13:38 +0800] "GET /xingrg/javascript/easyui/themes/default/validatebox.css HTTP/1.1" 404 1104
114.83.217.54 - - [26/Apr/2024:11:13:39 +0800] "GET /xingrg/all/function/internal_message.html?_=1714101217398&CODE_STATE=getMsg HTTP/1.1" 200 27
116.238.97.31 - - [26/Apr/2024:11:13:39 +0800] "POST /xingrg/all/common/load_combo.html?type=base HTTP/1.1" 200 3321
116.224.254.208 - - [26/Apr/2024:11:13:39 +0800] "GET /xingrg/kc/buy/cgsh_order_add.html HTTP/1.1" 200 74207
222.70.183.82 - - [26/Apr/2024:11:13:39 +0800] "GET /xingrg/kc/buy/cgsh_order_operate.html?command=get_materiel&rest_code=00111&code=00101004020&supplier_code=00100312&order_time=2024-04-26 HTTP/1.1" 200 409
116.224.254.208 - - [26/Apr/2024:11:13:39 +0800] "POST /xingrg/kc/buy/cgsh_order_operate.html HTTP/1.1" 200 8245
116.224.254.208 - - [26/Apr/2024:11:13:39 +0800] "GET /xingrg/javascript/easyui/themes/default/validatebox.css HTTP/1.1" 404 1104
114.83.217.54 - - [26/Apr/2024:11:13:40 +0800] "POST /xingrg/kc/buy/cgsh_order_operate.html HTTP/1.1" 200 12
222.70.183.82 - - [26/Apr/2024:11:13:41 +0800] "GET /xingrg/all/function/internal_message.html?_=1714101218610&CODE_STATE=getMsg HTTP/1.1" 200 27
116.238.97.31 - - [26/Apr/2024:11:13:41 +0800] "POST /xingrg/all/common/load_combo.html?type=base HTTP/1.1" 200 3321
114.83.217.54 - - [26/Apr/2024:11:13:43 +0800] "GET /xingrg/kc/buy/cgsh_order_info.html?code=212024042607178 HTTP/1.1" 200 69126
114.83.217.54 - - [26/Apr/2024:11:13:43 +0800] "GET /xingrg/javascript/easyui/themes/default/validatebox.css HTTP/1.1" 404 1104
114.83.217.54 - - [26/Apr/2024:11:13:44 +0800] "POST /xingrg/kc/buy/cgsh_order_operate.html HTTP/1.1" 200 606
114.83.217.54 - - [26/Apr/2024:11:13:46 +0800] "GET /xingrg/kc/print/load_data.html?order_code=212024042607178&kc_code=cgsh&condition= HTTP/1.1" 200 711
116.238.97.31 - - [26/Apr/2024:11:13:47 +0800] "GET /xingrg/kc/base/wldb_order_operate.html?command=get_materiel&rest_code=00102&base_code=0010476&code=00101019313 HTTP/1.1" 200 456
180.169.147.146 - - [26/Apr/2024:11:13:48 +0800] "GET /xingrg/all/function/internal_message.html?_=1714101228468&CODE_STATE=getMsg HTTP/1.1" 200 27
116.224.254.208 - - [26/Apr/2024:11:13:48 +0800] "GET /xingrg/all/function/internal_message.html?_=1714101228878&CODE_STATE=getMsg HTTP/1.1" 200 27
101.83.144.49 - - [26/Apr/2024:11:13:49 +0800] "GET /xingrg/kc/buy/cgsh_order_operate.html?command=get_materiel&rest_code=00105&code=00101004051&supplier_code=00100312&order_time=2024-04-26 HTTP/1.1" 200 408
114.83.217.54 - - [26/Apr/2024:11:13:51 +0800] "GET /xingrg/kc/buy/cgsh_order_add.html HTTP/1.1" 200 74251
114.83.217.54 - - [26/Apr/2024:11:13:51 +0800] "POST /xingrg/kc/buy/cgsh_order_operate.html HTTP/1.1" 200 8245
114.83.217.54 - - [26/Apr/2024:11:13:51 +0800] "GET /xingrg/javascript/easyui/themes/default/validatebox.css HTTP/1.1" 404 1104
180.169.147.146 - - [26/Apr/2024:11:13:52 +0800] "GET /xingrg/all/function/internal_message.html?_=1714101220293&CODE_STATE=getMsg HTTP/1.1" 302 -
114.83.220.195 - - [26/Apr/2024:11:13:54 +0800] "GET /xingrg/all/function/internal_message.html?_=1714101236615&CODE_STATE=getMsg HTTP/1.1" 200 27
222.70.183.82 - - [26/Apr/2024:11:13:55 +0800] "GET /xingrg/kc/buy/cgsh_order_operate.html?command=get_materiel&rest_code=00111&code=00101001029&supplier_code=00100312&order_time=2024-04-26 HTTP/1.1" 200 417
116.224.254.208 - - [26/Apr/2024:11:13:55 +0800] "GET /xingrg/kc/buy/cgsh_order_operate.html?command=get_materiel&rest_code=00150&code=00101002003&supplier_code=00100087&order_time=2024-04-26 HTTP/1.1" 200 428
101.83.144.49 - - [26/Apr/2024:11:13:58 +0800] "GET /xingrg/kc/buy/cgsh_order_operate.html?command=get_materiel&rest_code=00105&code=00101004067&supplier_code=00100312&order_time=2024-04-26 HTTP/1.1" 200 413
120.253.135.82 - - [26/Apr/2024:11:13:59 +0800] "GET /xingrg/check_reg.html?_=1714101088414 HTTP/1.1" 200 22
114.83.217.54 - - [26/Apr/2024:11:14:00 +0800] "GET /xingrg/kc/buy/cgsh_order_operate.html?command=get_materiel&rest_code=00149&code=00101004046&supplier_code=00100312&order_time=2024-04-26 HTTP/1.1" 200 417
116.224.254.208 - - [26/Apr/2024:11:14:06 +0800] "GET /xingrg/all/function/internal_message.html?_=1714101245033&CODE_STATE=getMsg HTTP/1.1" 200 27
116.238.97.31 - - [26/Apr/2024:11:14:07 +0800] "GET /xingrg/kc/base/wldb_order_operate.html?command=get_materiel&rest_code=00102&base_code=0010476&code=00101019375 HTTP/1.1" 200 464
116.224.254.208 - - [26/Apr/2024:11:14:07 +0800] "POST /xingrg/kc/buy/cgsh_order_operate.html HTTP/1.1" 200 37
101.83.144.49 - - [26/Apr/2024:11:14:08 +0800] "GET /xingrg/kc/buy/cgsh_order_operate.html?command=get_materiel&rest_code=00105&code=00101004030&supplier_code=00100312&order_time=2024-04-26 HTTP/1.1" 200 408
222.70.183.82 - - [26/Apr/2024:11:14:10 +0800] "GET /xingrg/kc/buy/cgsh_order_operate.html?command=get_materiel&rest_code=00111&code=00101001096&supplier_code=00100312&order_time=2024-04-26 HTTP/1.1" 200 413
101.83.144.49 - - [26/Apr/2024:11:14:10 +0800] "GET /xingrg/all/function/internal_message.html?_=1714101251599&CODE_STATE=getMsg HTTP/1.1" 200 27
180.164.1.25 - - [26/Apr/2024:11:14:10 +0800] "GET /xingrg/all/function/internal_message.html?_=1714101249681&CODE_STATE=getMsg HTTP/1.1" 200 27
114.83.217.54 - - [26/Apr/2024:11:14:14 +0800] "GET /xingrg/kc/buy/cgsh_order_operate.html?command=get_materiel&rest_code=00149&code=00101004067&supplier_code=00100312&order_time=2024-04-26 HTTP/1.1" 200 413
116.224.254.208 - - [26/Apr/2024:11:14:14 +0800] "POST /xingrg/kc/buy/cgsh_order_operate.html HTTP/1.1" 200 12
101.83.144.49 - - [26/Apr/2024:11:14:16 +0800] "GET /xingrg/kc/buy/cgsh_order_operate.html?command=get_materiel&rest_code=00105&code=00101004038&supplier_code=00100312&order_time=2024-04-26 HTTP/1.1" 200 409
116.232.195.13 - - [26/Apr/2024:11:14:16 +0800] "GET /xingrg/all/function/internal_message.html?_=1714101244957&CODE_STATE=getMsg HTTP/1.1" 200 27
116.224.254.208 - - [26/Apr/2024:11:14:17 +0800] "GET /xingrg/kc/buy/cgsh_order_info.html?code=212024042607179 HTTP/1.1" 200 69078
116.224.254.208 - - [26/Apr/2024:11:14:17 +0800] "GET /xingrg/javascript/easyui/themes/default/validatebox.css HTTP/1.1" 404 1104
116.224.254.208 - - [26/Apr/2024:11:14:18 +0800] "POST /xingrg/kc/buy/cgsh_order_operate.html HTTP/1.1" 200 625
101.80.230.31 - - [26/Apr/2024:11:14:18 +0800] "GET /xingrg/all/function/internal_message.html?_=1714101267137&CODE_STATE=getMsg HTTP/1.1" 200 27
116.238.97.31 - - [26/Apr/2024:11:14:18 +0800] "GET /xingrg/all/function/internal_message.html?_=1714101282700&CODE_STATE=getMsg HTTP/1.1" 200 27
116.224.254.208 - - [26/Apr/2024:11:14:20 +0800] "GET /xingrg/kc/print/load_data.html?order_code=212024042607179&kc_code=cgsh&condition= HTTP/1.1" 200 781
116.238.97.31 - - [26/Apr/2024:11:14:24 +0800] "GET /xingrg/all/function/internal_message.html?_=1714101264871&CODE_STATE=getMsg HTTP/1.1" 200 27
222.70.183.82 - - [26/Apr/2024:11:14:24 +0800] "GET /xingrg/kc/buy/cgsh_order_operate.html?command=get_materiel&rest_code=00111&code=00101001156&supplier_code=00100312&order_time=2024-04-26 HTTP/1.1" 200 409
180.169.147.146 - - [26/Apr/2024:11:14:25 +0800] "GET /xingrg/check_reg.html?_=1714101253226 HTTP/1.1" 302 -
116.224.254.208 - - [26/Apr/2024:11:14:25 +0800] "GET /xingrg/kc/buy/cgsh_order_add.html HTTP/1.1" 200 74207
116.224.254.208 - - [26/Apr/2024:11:14:25 +0800] "POST /xingrg/kc/buy/cgsh_order_operate.html HTTP/1.1" 200 8245
116.224.254.208 - - [26/Apr/2024:11:14:25 +0800] "GET /xingrg/javascript/easyui/themes/default/validatebox.css HTTP/1.1" 404 1104
124.78.56.241 - - [26/Apr/2024:11:14:28 +0800] "GET /xingrg/all/function/internal_message.html?_=1714101268009&CODE_STATE=getMsg HTTP/1.1" 200 27
114.83.217.54 - - [26/Apr/2024:11:14:29 +0800] "GET /xingrg/kc/buy/cgsh_order_operate.html?command=get_materiel&rest_code=00149&code=00101001096&supplier_code=00100312&order_time=2024-04-26 HTTP/1.1" 200 413
101.83.144.49 - - [26/Apr/2024:11:14:33 +0800] "POST /xingrg/kc/buy/cgsh_order_operate.html HTTP/1.1" 200 37
116.224.254.208 - - [26/Apr/2024:11:14:36 +0800] "GET /xingrg/kc/buy/cgsh_order_operate.html?command=get_materiel&rest_code=00150&code=00101002041&supplier_code=00100442&order_time=2024-04-26 HTTP/1.1" 200 409
120.253.135.82 - - [26/Apr/2024:11:14:36 +0800] "GET /xingrg/all/function/internal_message.html?_=1714101457343&CODE_STATE=getMsg HTTP/1.1" 200 27
114.83.217.54 - - [26/Apr/2024:11:14:37 +0800] "GET /xingrg/check_reg.html?_=1714101276015 HTTP/1.1" 200 22
116.238.97.31 - - [26/Apr/2024:11:14:38 +0800] "GET /xingrg/kc/base/wldb_order_operate.html?command=get_materiel&rest_code=00102&base_code=0010476&code=00101019071 HTTP/1.1" 200 471
114.83.217.54 - - [26/Apr/2024:11:14:39 +0800] "GET /xingrg/all/function/internal_message.html?_=1714101277370&CODE_STATE=getMsg HTTP/1.1" 200 27
114.83.217.54 - - [26/Apr/2024:11:14:41 +0800] "POST /xingrg/kc/buy/cgsh_order_operate.html HTTP/1.1" 200 37
101.83.144.49 - - [26/Apr/2024:11:14:41 +0800] "POST /xingrg/kc/buy/cgsh_order_operate.html HTTP/1.1" 200 5022
101.83.144.49 - - [26/Apr/2024:11:14:42 +0800] "GET /xingrg/kc/print/load_data.html?order_code=212024042607180&kc_code=cgsh&condition= HTTP/1.1" 200 1566
116.238.97.31 - - [26/Apr/2024:11:14:43 +0800] "GET /xingrg/kc/base/wldb_order_operate.html?command=get_materiel&rest_code=00102&base_code=0010476&code=00101019127 HTTP/1.1" 200 480
101.83.144.49 - - [26/Apr/2024:11:14:47 +0800] "GET /xingrg/kc/buy/cgsh_order_add.html HTTP/1.1" 200 74245
101.83.144.49 - - [26/Apr/2024:11:14:48 +0800] "GET /xingrg/javascript/easyui/themes/default/validatebox.css HTTP/1.1" 404 1104
101.83.144.49 - - [26/Apr/2024:11:14:48 +0800] "POST /xingrg/kc/buy/cgsh_order_operate.html HTTP/1.1" 200 8245
180.169.147.146 - - [26/Apr/2024:11:14:48 +0800] "GET /xingrg/all/function/internal_message.html?_=1714101288461&CODE_STATE=getMsg HTTP/1.1" 200 27
116.224.254.208 - - [26/Apr/2024:11:14:48 +0800] "GET /xingrg/all/function/internal_message.html?_=1714101288860&CODE_STATE=getMsg HTTP/1.1" 200 27
116.238.97.31 - - [26/Apr/2024:11:14:51 +0800] "GET /xingrg/kc/base/wldb_order_operate.html?command=get_materiel&rest_code=00102&base_code=0010476&code=00101027001 HTTP/1.1" 200 470
180.169.147.146 - - [26/Apr/2024:11:14:52 +0800] "GET /xingrg/all/function/internal_message.html?_=1714101280277&CODE_STATE=getMsg HTTP/1.1" 302 -
222.70.183.82 - - [26/Apr/2024:11:14:52 +0800] "POST /xingrg/kc/buy/cgsh_order_operate.html HTTP/1.1" 200 37
116.224.254.208 - - [26/Apr/2024:11:14:52 +0800] "POST /xingrg/kc/buy/cgsh_order_operate.html HTTP/1.1" 200 64
114.83.220.195 - - [26/Apr/2024:11:14:54 +0800] "GET /xingrg/check_reg.html?_=1714101296619 HTTP/1.1" 200 22
114.83.220.195 - - [26/Apr/2024:11:14:54 +0800] "GET /xingrg/all/function/internal_message.html?_=1714101296622&CODE_STATE=getMsg HTTP/1.1" 200 27
116.224.254.208 - - [26/Apr/2024:11:14:58 +0800] "POST /xingrg/kc/buy/cgsh_order_operate.html HTTP/1.1" 200 37
114.83.217.54 - - [26/Apr/2024:11:14:59 +0800] "POST /xingrg/kc/buy/cgsh_order_operate.html HTTP/1.1" 200 12
116.224.254.208 - - [26/Apr/2024:11:15:00 +0800] "POST /xingrg/kc/buy/cgsh_order_operate.html HTTP/1.1" 200 2653
101.83.144.49 - - [26/Apr/2024:11:15:01 +0800] "GET /xingrg/kc/buy/cgsh_order_operate.html?command=get_materiel&rest_code=00105&code=00101010079&supplier_code=00100336&order_time=2024-04-26 HTTP/1.1" 200 413
114.83.217.54 - - [26/Apr/2024:11:15:01 +0800] "GET /xingrg/kc/buy/cgsh_order_info.html?code=212024042607181 HTTP/1.1" 200 69126
114.83.217.54 - - [26/Apr/2024:11:15:02 +0800] "GET /xingrg/javascript/easyui/themes/default/validatebox.css HTTP/1.1" 404 1104
114.83.217.54 - - [26/Apr/2024:11:15:03 +0800] "POST /xingrg/kc/buy/cgsh_order_operate.html HTTP/1.1" 200 1805
116.224.254.208 - - [26/Apr/2024:11:15:05 +0800] "GET /xingrg/all/function/internal_message.html?_=1714101305017&CODE_STATE=getMsg HTTP/1.1" 200 27
116.224.254.208 - - [26/Apr/2024:11:15:07 +0800] "POST /xingrg/kc/buy/cgsh_order_operate.html HTTP/1.1" 200 37
101.83.144.49 - - [26/Apr/2024:11:15:10 +0800] "GET /xingrg/all/function/internal_message.html?_=1714101311570&CODE_STATE=getMsg HTTP/1.1" 200 27
180.164.1.25 - - [26/Apr/2024:11:15:10 +0800] "GET /xingrg/all/function/internal_message.html?_=1714101309663&CODE_STATE=getMsg HTTP/1.1" 200 27
101.83.144.49 - - [26/Apr/2024:11:15:11 +0800] "POST /xingrg/kc/buy/cgsh_order_operate.html HTTP/1.1" 200 37
114.83.217.54 - - [26/Apr/2024:11:15:11 +0800] "GET /xingrg/kc/print/load_data.html?order_code=212024042607181&kc_code=cgsh&condition= HTTP/1.1" 200 1176
222.70.183.82 - - [26/Apr/2024:11:15:13 +0800] "POST /xingrg/kc/buy/cgsh_order_operate.html HTTP/1.1" 200 12
116.238.97.31 - - [26/Apr/2024:11:15:16 +0800] "POST /xingrg/kc/base/wldb_order_operate.html HTTP/1.1" 200 37
114.83.217.54 - - [26/Apr/2024:11:15:16 +0800] "GET /xingrg/kc/buy/cgsh_order_add.html HTTP/1.1" 200 74251
116.232.195.13 - - [26/Apr/2024:11:15:16 +0800] "GET /xingrg/all/function/internal_message.html?_=1714101304951&CODE_STATE=getMsg HTTP/1.1" 200 27
114.83.217.54 - - [26/Apr/2024:11:15:17 +0800] "POST /xingrg/kc/buy/cgsh_order_operate.html HTTP/1.1" 200 8245
114.83.217.54 - - [26/Apr/2024:11:15:17 +0800] "GET /xingrg/javascript/easyui/themes/default/validatebox.css HTTP/1.1" 404 1104
101.83.144.49 - - [26/Apr/2024:11:15:18 +0800] "POST /xingrg/kc/buy/cgsh_order_operate.html HTTP/1.1" 200 2657
116.224.254.208 - - [26/Apr/2024:11:15:18 +0800] "POST /xingrg/kc/buy/cgsh_order_operate.html HTTP/1.1" 200 12
101.80.230.31 - - [26/Apr/2024:11:15:18 +0800] "GET /xingrg/all/function/internal_message.html?_=1714101327138&CODE_STATE=getMsg HTTP/1.1" 200 27
101.80.230.31 - - [26/Apr/2024:11:15:18 +0800] "GET /xingrg/check_reg.html?_=1714101327141 HTTP/1.1" 200 22
116.238.97.31 - - [26/Apr/2024:11:15:18 +0800] "GET /xingrg/all/function/internal_message.html?_=1714101342700&CODE_STATE=getMsg HTTP/1.1" 200 27
222.70.183.82 - - [26/Apr/2024:11:15:20 +0800] "GET /xingrg/kc/buy/cgsh_order_info.html?code=212024042607183 HTTP/1.1" 200 68994
222.70.183.82 - - [26/Apr/2024:11:15:21 +0800] "GET /xingrg/javascript/easyui/themes/default/validatebox.css HTTP/1.1" 404 1104
101.83.144.49 - - [26/Apr/2024:11:15:21 +0800] "GET /xingrg/kc/print/load_data.html?order_code=212024042607185&kc_code=cgsh&condition= HTTP/1.1" 200 670
116.224.254.208 - - [26/Apr/2024:11:15:21 +0800] "GET /xingrg/kc/buy/cgsh_order_info.html?code=212024042607184 HTTP/1.1" 200 69080
116.224.254.208 - - [26/Apr/2024:11:15:22 +0800] "GET /xingrg/javascript/easyui/themes/default/validatebox.css HTTP/1.1" 404 1104
222.70.183.82 - - [26/Apr/2024:11:15:22 +0800] "POST /xingrg/kc/buy/cgsh_order_operate.html HTTP/1.1" 200 5357
106.55.201.50 - - [26/Apr/2024:11:15:23 +0800] "GET /xingrg/all/function/internal_message.html?_=1714029638559&CODE_STATE=getMsg HTTP/1.1" 302 -
116.224.254.208 - - [26/Apr/2024:11:15:23 +0800] "POST /xingrg/kc/buy/cgsh_order_operate.html HTTP/1.1" 200 603
116.238.97.31 - - [26/Apr/2024:11:15:24 +0800] "GET /xingrg/all/function/internal_message.html?_=1714101324839&CODE_STATE=getMsg HTTP/1.1" 200 27
106.55.200.246 - - [26/Apr/2024:11:15:24 +0800] "GET /xingrg/login.html HTTP/1.1" 200 2139
116.224.254.208 - - [26/Apr/2024:11:15:24 +0800] "GET /xingrg/kc/print/load_data.html?order_code=212024042607184&kc_code=cgsh&condition= HTTP/1.1" 200 707
101.83.144.49 - - [26/Apr/2024:11:15:25 +0800] "GET /xingrg/kc/buy/cgsh_order_add.html HTTP/1.1" 200 74245
116.238.97.31 - - [26/Apr/2024:11:15:26 +0800] "POST /xingrg/kc/base/wldb_order_operate.html HTTP/1.1" 200 12
101.83.144.49 - - [26/Apr/2024:11:15:26 +0800] "GET /xingrg/javascript/easyui/themes/default/validatebox.css HTTP/1.1" 404 1104
101.83.144.49 - - [26/Apr/2024:11:15:26 +0800] "POST /xingrg/kc/buy/cgsh_order_operate.html HTTP/1.1" 200 8245
