116.238.97.31 - - [26/Apr/2024:09:07:04 +0800] "GET /xingrg/all/function/internal_message.html?_=1714093647574&CODE_STATE=getMsg HTTP/1.1" 200 27
116.224.254.208 - - [26/Apr/2024:09:07:07 +0800] "GET /xingrg/kc/base/wldb_order_operate.html?command=get_materiel&rest_code=00150&base_code=0010446&code=00102021018 HTTP/1.1" 200 445
116.224.254.208 - - [26/Apr/2024:09:07:08 +0800] "GET /xingrg/all/function/internal_message.html?_=1714093627509&CODE_STATE=getMsg HTTP/1.1" 200 27
116.238.97.31 - - [26/Apr/2024:09:07:10 +0800] "GET /xingrg/all/function/internal_message.html?_=1714093631452&CODE_STATE=getMsg HTTP/1.1" 200 27
180.169.147.146 - - [26/Apr/2024:09:07:15 +0800] "POST /xingrg/all/user/operate.html HTTP/1.1" 200 36
180.169.147.146 - - [26/Apr/2024:09:07:16 +0800] "GET /xingrg/index.html?sysBaseUrl=http%3A%2F%2F180.169.147.146%3A18081%2Fxingrg%2F&costTime=836×tamp=1714092842993 HTTP/1.1" 200 17509
180.169.147.146 - - [26/Apr/2024:09:07:16 +0800] "GET /xingrg/javascript/jquery_easy_ui/themes/default/easyui.css HTTP/1.1" 304 -
180.169.147.146 - - [26/Apr/2024:09:07:16 +0800] "GET /xingrg/javascript/jquery_easy_ui/themes/icon.css HTTP/1.1" 304 -
180.169.147.146 - - [26/Apr/2024:09:07:16 +0800] "GET /xingrg/css/form.css HTTP/1.1" 304 -
180.169.147.146 - - [26/Apr/2024:09:07:16 +0800] "GET /xingrg/javascript/jquery-1.4.2.min.js HTTP/1.1" 304 -
180.169.147.146 - - [26/Apr/2024:09:07:16 +0800] "GET /xingrg/javascript/jquery_easy_ui/jquery.easyui.min.js HTTP/1.1" 304 -
180.169.147.146 - - [26/Apr/2024:09:07:16 +0800] "GET /xingrg/javascript/jquery_easy_ui/easyui-lang-zh_CN.js HTTP/1.1" 304 -
180.169.147.146 - - [26/Apr/2024:09:07:16 +0800] "GET /xingrg/javascript/jquery.form.js HTTP/1.1" 304 -
180.169.147.146 - - [26/Apr/2024:09:07:16 +0800] "GET /xingrg/javascript/jquery.utils.js HTTP/1.1" 304 -
180.169.147.146 - - [26/Apr/2024:09:07:16 +0800] "GET /xingrg/javascript/jquery.timers.js HTTP/1.1" 304 -
180.169.147.146 - - [26/Apr/2024:09:07:16 +0800] "GET /xingrg/images/blue/jxLogo.png HTTP/1.1" 304 -
180.169.147.146 - - [26/Apr/2024:09:07:16 +0800] "GET /xingrg/javascript/jquery_easy_ui/themes/icons/settle_new.png HTTP/1.1" 304 -
180.169.147.146 - - [26/Apr/2024:09:07:16 +0800] "GET /xingrg/images/blue/navBackgound.jpg HTTP/1.1" 304 -
180.169.147.146 - - [26/Apr/2024:09:07:16 +0800] "GET /xingrg/all/function/internal_message.html?_=1714093636301&CODE_STATE=count HTTP/1.1" 200 11
180.169.147.146 - - [26/Apr/2024:09:07:16 +0800] "GET /xingrg/check_reg.html?_=1714093636303 HTTP/1.1" 200 22
180.169.147.146 - - [26/Apr/2024:09:07:16 +0800] "GET /xingrg/javascript/jquery_easy_ui/themes/default/images/panel_tool_expand.gif HTTP/1.1" 304 -
180.169.147.146 - - [26/Apr/2024:09:07:16 +0800] "GET /xingrg/javascript/jquery_easy_ui/themes/default/images/panel_tool_collapse.gif HTTP/1.1" 304 -
180.169.147.146 - - [26/Apr/2024:09:07:16 +0800] "GET /xingrg/javascript/jquery_easy_ui/themes/default/images/tabs_rightarrow.png HTTP/1.1" 304 -
180.169.147.146 - - [26/Apr/2024:09:07:16 +0800] "GET /xingrg/images/blue/pingpu.png HTTP/1.1" 304 -
180.169.147.146 - - [26/Apr/2024:09:07:16 +0800] "GET /xingrg/javascript/jquery_easy_ui/themes/default/images/tabs_leftarrow.png HTTP/1.1" 304 -
180.169.147.146 - - [26/Apr/2024:09:07:16 +0800] "POST /xingrg/all/common/load_tree.html?tree=area_rest_tree_json&manage=1 HTTP/1.1" 200 3624
180.169.147.146 - - [26/Apr/2024:09:07:16 +0800] "POST /xingrg/load_menu.html HTTP/1.1" 200 9959
180.169.147.146 - - [26/Apr/2024:09:07:19 +0800] "GET /xingrg/kc/buy/cgsh_order_list.html HTTP/1.1" 200 58611
120.253.135.82 - - [26/Apr/2024:09:07:20 +0800] "GET /xingrg/all/function/internal_message.html?_=1714093488867&CODE_STATE=getMsg HTTP/1.1" 200 27
222.70.183.82 - - [26/Apr/2024:09:07:24 +0800] "GET /xingrg/kc/buy/cgsh_order_operate.html?command=get_materiel&rest_code=00111&code=00101008353&supplier_code=00100008&order_time=2024-04-26 HTTP/1.1" 200 408
116.224.254.208 - - [26/Apr/2024:09:07:25 +0800] "POST /xingrg/kc/base/wldb_order_operate.html HTTP/1.1" 200 37
124.78.56.241 - - [26/Apr/2024:09:07:26 +0800] "GET /xingrg/check_reg.html?_=1714093646284 HTTP/1.1" 200 22
124.78.56.241 - - [26/Apr/2024:09:07:29 +0800] "GET /xingrg/all/function/internal_message.html?_=1714093649666&CODE_STATE=getMsg HTTP/1.1" 200 27
116.224.254.208 - - [26/Apr/2024:09:07:31 +0800] "POST /xingrg/kc/base/wldb_order_operate.html HTTP/1.1" 200 12
116.224.254.208 - - [26/Apr/2024:09:07:31 +0800] "POST /xingrg/kc/base/wldb_order_operate.html HTTP/1.1" 200 3688
116.224.254.208 - - [26/Apr/2024:09:07:32 +0800] "GET /xingrg/kc/base/wldb_order_info.html?code=422024042601627 HTTP/1.1" 200 26266
116.224.254.208 - - [26/Apr/2024:09:07:33 +0800] "GET /xingrg/javascript/easyui/themes/default/validatebox.css HTTP/1.1" 404 1104
116.224.254.208 - - [26/Apr/2024:09:07:33 +0800] "POST /xingrg/kc/base/wldb_order_operate.html HTTP/1.1" 200 1947
120.253.135.82 - - [26/Apr/2024:09:07:34 +0800] "GET /xingrg/all/function/internal_message.html?_=1714093836726&CODE_STATE=getMsg HTTP/1.1" 200 27
116.224.254.208 - - [26/Apr/2024:09:07:35 +0800] "GET /xingrg/kc/base/wldb_order_add.html HTTP/1.1" 200 30388
116.224.254.208 - - [26/Apr/2024:09:07:35 +0800] "POST /xingrg/kc/base/wldb_order_operate.html HTTP/1.1" 200 6806
116.224.254.208 - - [26/Apr/2024:09:07:35 +0800] "GET /xingrg/javascript/easyui/themes/default/validatebox.css HTTP/1.1" 404 1104
114.83.217.54 - - [26/Apr/2024:09:07:41 +0800] "GET /xingrg/all/function/internal_message.html?_=1714093659329&CODE_STATE=getMsg HTTP/1.1" 200 27
124.79.242.194 - - [26/Apr/2024:09:07:41 +0800] "GET /xingrg/all/function/internal_message.html?_=1714093661377&CODE_STATE=getMsg HTTP/1.1" 200 27
222.70.183.82 - - [26/Apr/2024:09:07:42 +0800] "GET /xingrg/all/function/internal_message.html?_=1714093659279&CODE_STATE=getMsg HTTP/1.1" 200 27
101.80.230.31 - - [26/Apr/2024:09:07:47 +0800] "GET /xingrg/all/function/internal_message.html?_=1714093675261&CODE_STATE=getMsg HTTP/1.1" 200 27
222.70.183.82 - - [26/Apr/2024:09:07:50 +0800] "POST /xingrg/kc/buy/cgsh_order_operate.html HTTP/1.1" 200 2065
180.169.147.146 - - [26/Apr/2024:09:07:54 +0800] "GET /xingrg/all/function/internal_message.html?_=1714093662278&CODE_STATE=getMsg HTTP/1.1" 302 -
116.224.254.208 - - [26/Apr/2024:09:07:55 +0800] "GET /xingrg/all/function/internal_message.html?_=1714093675763&CODE_STATE=getMsg HTTP/1.1" 200 27
116.224.254.208 - - [26/Apr/2024:09:07:55 +0800] "GET /xingrg/check_reg.html?_=1714093675764 HTTP/1.1" 200 22
61.170.233.1 - - [26/Apr/2024:09:07:57 +0800] "GET /xingrg/check_reg.html?_=1714093678168 HTTP/1.1" 200 22
61.170.233.1 - - [26/Apr/2024:09:07:58 +0800] "GET /xingrg/all/function/internal_message.html?_=1714093679012&CODE_STATE=getMsg HTTP/1.1" 200 27
222.70.183.82 - - [26/Apr/2024:09:07:58 +0800] "GET /xingrg/kc/buy/cgsh_order_operate.html?command=get_materiel&rest_code=00111&code=00101008185&supplier_code=00100008&order_time=2024-04-26 HTTP/1.1" 200 408
116.224.254.208 - - [26/Apr/2024:09:08:00 +0800] "GET /xingrg/kc/base/wldb_order_operate.html?command=get_materiel&rest_code=00150&base_code=0010445&code=00101016094 HTTP/1.1" 200 469
101.83.144.49 - - [26/Apr/2024:09:08:04 +0800] "GET /xingrg/all/function/internal_message.html?_=1714093685311&CODE_STATE=getMsg HTTP/1.1" 200 27
116.238.97.31 - - [26/Apr/2024:09:08:04 +0800] "GET /xingrg/all/function/internal_message.html?_=1714093707571&CODE_STATE=getMsg HTTP/1.1" 200 27
116.224.254.208 - - [26/Apr/2024:09:08:07 +0800] "POST /xingrg/kc/base/wldb_order_operate.html HTTP/1.1" 200 37
116.224.254.208 - - [26/Apr/2024:09:08:08 +0800] "GET /xingrg/all/function/internal_message.html?_=1714093687483&CODE_STATE=getMsg HTTP/1.1" 200 27
180.169.147.146 - - [26/Apr/2024:09:08:08 +0800] "POST /xingrg/kc/buy/cgsh_list_operate.html HTTP/1.1" 200 4276
222.70.183.82 - - [26/Apr/2024:09:08:08 +0800] "GET /xingrg/kc/buy/cgsh_order_operate.html?command=get_materiel&rest_code=00111&code=00101008213&supplier_code=00100008&order_time=2024-04-26 HTTP/1.1" 200 412
61.170.233.1 - - [26/Apr/2024:09:08:10 +0800] "GET /xingrg/kc/buy/cgsh_order_operate.html?command=get_materiel&rest_code=00106&code=00101006087&supplier_code=00100096&order_time=2024-04-26 HTTP/1.1" 200 411
116.238.97.31 - - [26/Apr/2024:09:08:10 +0800] "GET /xingrg/all/function/internal_message.html?_=1714093691436&CODE_STATE=getMsg HTTP/1.1" 200 27
116.238.97.31 - - [26/Apr/2024:09:08:10 +0800] "GET /xingrg/check_reg.html?_=1714093691610 HTTP/1.1" 200 22
116.224.254.208 - - [26/Apr/2024:09:08:13 +0800] "POST /xingrg/kc/base/wldb_order_operate.html HTTP/1.1" 200 12
116.224.254.208 - - [26/Apr/2024:09:08:13 +0800] "POST /xingrg/kc/base/wldb_order_operate.html HTTP/1.1" 200 2214
116.224.254.208 - - [26/Apr/2024:09:08:14 +0800] "GET /xingrg/kc/base/wldb_order_info.html?code=422024042601628 HTTP/1.1" 200 26267
116.224.254.208 - - [26/Apr/2024:09:08:14 +0800] "GET /xingrg/javascript/easyui/themes/default/validatebox.css HTTP/1.1" 404 1104
116.224.254.208 - - [26/Apr/2024:09:08:14 +0800] "POST /xingrg/kc/base/wldb_order_operate.html HTTP/1.1" 200 508
180.169.147.146 - - [26/Apr/2024:09:08:16 +0800] "GET /xingrg/all/function/internal_message.html?_=1714093696325&CODE_STATE=getMsg HTTP/1.1" 200 27
116.224.254.208 - - [26/Apr/2024:09:08:16 +0800] "GET /xingrg/kc/base/wldb_order_add.html HTTP/1.1" 200 30388
116.224.254.208 - - [26/Apr/2024:09:08:17 +0800] "POST /xingrg/kc/base/wldb_order_operate.html HTTP/1.1" 200 6806
116.224.254.208 - - [26/Apr/2024:09:08:17 +0800] "GET /xingrg/javascript/easyui/themes/default/validatebox.css HTTP/1.1" 404 1104
222.70.183.82 - - [26/Apr/2024:09:08:20 +0800] "GET /xingrg/kc/buy/cgsh_order_operate.html?command=get_materiel&rest_code=00111&code=00101008286&supplier_code=00100008&order_time=2024-04-26 HTTP/1.1" 200 408
120.253.135.82 - - [26/Apr/2024:09:08:20 +0800] "GET /xingrg/check_reg.html?_=1714093548446 HTTP/1.1" 200 22
120.253.135.82 - - [26/Apr/2024:09:08:20 +0800] "GET /xingrg/all/function/internal_message.html?_=1714093548871&CODE_STATE=getMsg HTTP/1.1" 200 27
116.224.254.208 - - [26/Apr/2024:09:08:26 +0800] "GET /xingrg/kc/base/wldb_order_operate.html?command=get_materiel&rest_code=00150&base_code=0010445&code=00101019236 HTTP/1.1" 200 464
124.78.56.241 - - [26/Apr/2024:09:08:29 +0800] "GET /xingrg/all/function/internal_message.html?_=1714093709618&CODE_STATE=getMsg HTTP/1.1" 200 27
116.224.254.208 - - [26/Apr/2024:09:08:32 +0800] "GET /xingrg/kc/base/wldb_order_operate.html?command=get_materiel&rest_code=00150&base_code=0010445&code=00101019079 HTTP/1.1" 200 479
222.70.183.82 - - [26/Apr/2024:09:08:34 +0800] "GET /xingrg/kc/buy/cgsh_order_operate.html?command=get_materiel&rest_code=00111&code=00101008106&supplier_code=00100008&order_time=2024-04-26 HTTP/1.1" 200 412
120.253.135.82 - - [26/Apr/2024:09:08:34 +0800] "GET /xingrg/all/function/internal_message.html?_=1714093896730&CODE_STATE=getMsg HTTP/1.1" 200 27
61.170.233.1 - - [26/Apr/2024:09:08:37 +0800] "GET /xingrg/kc/buy/cgsh_order_operate.html?command=get_materiel&rest_code=00106&code=00101016025&supplier_code=00100096&order_time=2024-04-26 HTTP/1.1" 200 410
116.224.254.208 - - [26/Apr/2024:09:08:37 +0800] "GET /xingrg/kc/base/wldb_order_operate.html?command=get_materiel&rest_code=00150&base_code=0010445&code=00101019295 HTTP/1.1" 200 475
114.83.217.54 - - [26/Apr/2024:09:08:41 +0800] "GET /xingrg/all/function/internal_message.html?_=1714093719314&CODE_STATE=getMsg HTTP/1.1" 200 27
124.79.242.194 - - [26/Apr/2024:09:08:41 +0800] "GET /xingrg/all/function/internal_message.html?_=1714093721373&CODE_STATE=getMsg HTTP/1.1" 200 27
222.70.183.82 - - [26/Apr/2024:09:08:42 +0800] "GET /xingrg/all/function/internal_message.html?_=1714093719281&CODE_STATE=getMsg HTTP/1.1" 200 27
222.70.183.82 - - [26/Apr/2024:09:08:45 +0800] "GET /xingrg/kc/buy/cgsh_order_operate.html?command=get_materiel&rest_code=00111&code=00101009036&supplier_code=00100008&order_time=2024-04-26 HTTP/1.1" 200 415
116.224.254.208 - - [26/Apr/2024:09:08:45 +0800] "GET /xingrg/kc/base/wldb_order_operate.html?command=get_materiel&rest_code=00150&base_code=0010445&code=00101019127 HTTP/1.1" 200 480
101.80.230.31 - - [26/Apr/2024:09:08:47 +0800] "GET /xingrg/all/function/internal_message.html?_=1714093735262&CODE_STATE=getMsg HTTP/1.1" 200 27
222.70.183.82 - - [26/Apr/2024:09:08:49 +0800] "POST /xingrg/kc/buy/cgsh_order_operate.html HTTP/1.1" 200 2065
116.224.254.208 - - [26/Apr/2024:09:08:51 +0800] "GET /xingrg/kc/base/wldb_order_operate.html?command=get_materiel&rest_code=00150&base_code=0010445&code=00101019133 HTTP/1.1" 200 480
180.169.147.146 - - [26/Apr/2024:09:08:54 +0800] "GET /xingrg/all/function/internal_message.html?_=1714093722246&CODE_STATE=getMsg HTTP/1.1" 302 -
116.224.254.208 - - [26/Apr/2024:09:08:55 +0800] "GET /xingrg/all/function/internal_message.html?_=1714093735758&CODE_STATE=getMsg HTTP/1.1" 200 27
61.170.233.1 - - [26/Apr/2024:09:08:58 +0800] "GET /xingrg/all/function/internal_message.html?_=1714093738984&CODE_STATE=getMsg HTTP/1.1" 200 27
222.70.183.82 - - [26/Apr/2024:09:08:58 +0800] "GET /xingrg/kc/buy/cgsh_order_operate.html?command=get_materiel&rest_code=00111&code=00101008318&supplier_code=00100008&order_time=2024-04-26 HTTP/1.1" 200 408
101.83.144.49 - - [26/Apr/2024:09:09:01 +0800] "GET /xingrg/check_reg.html?_=1714093742769 HTTP/1.1" 200 22
116.224.254.208 - - [26/Apr/2024:09:09:01 +0800] "GET /xingrg/kc/base/wldb_order_operate.html?command=get_materiel&rest_code=00150&base_code=0010445&code=00101016060 HTTP/1.1" 200 465
101.83.144.49 - - [26/Apr/2024:09:09:03 +0800] "GET /xingrg/all/function/internal_message.html?_=1714093745291&CODE_STATE=getMsg HTTP/1.1" 200 27
116.238.97.31 - - [26/Apr/2024:09:09:04 +0800] "GET /xingrg/all/function/internal_message.html?_=1714093767568&CODE_STATE=getMsg HTTP/1.1" 200 27
116.224.254.208 - - [26/Apr/2024:09:09:06 +0800] "GET /xingrg/kc/base/wldb_order_operate.html?command=get_materiel&rest_code=00150&base_code=0010445&code=00101019438 HTTP/1.1" 200 462
116.238.97.31 - - [26/Apr/2024:09:09:07 +0800] "GET /xingrg/check_reg.html?_=1714093770922 HTTP/1.1" 200 22
116.224.254.208 - - [26/Apr/2024:09:09:08 +0800] "GET /xingrg/all/function/internal_message.html?_=1714093747470&CODE_STATE=getMsg HTTP/1.1" 200 27
116.238.97.31 - - [26/Apr/2024:09:09:10 +0800] "GET /xingrg/all/function/internal_message.html?_=1714093751424&CODE_STATE=getMsg HTTP/1.1" 200 27
116.224.254.208 - - [26/Apr/2024:09:09:12 +0800] "GET /xingrg/kc/base/wldb_order_operate.html?command=get_materiel&rest_code=00150&base_code=0010445&code=00101019026 HTTP/1.1" 200 480
61.170.233.1 - - [26/Apr/2024:09:09:14 +0800] "GET /xingrg/kc/buy/cgsh_order_operate.html?command=get_materiel&rest_code=00106&code=00101012070&supplier_code=00100096&order_time=2024-04-26 HTTP/1.1" 200 432
180.169.147.146 - - [26/Apr/2024:09:09:16 +0800] "GET /xingrg/all/function/internal_message.html?_=1714093756324&CODE_STATE=getMsg HTTP/1.1" 200 27
116.224.254.208 - - [26/Apr/2024:09:09:18 +0800] "GET /xingrg/kc/base/wldb_order_operate.html?command=get_materiel&rest_code=00150&base_code=0010445&code=00101013018 HTTP/1.1" 200 428
120.253.135.82 - - [26/Apr/2024:09:09:20 +0800] "GET /xingrg/all/function/internal_message.html?_=1714093608897&CODE_STATE=getMsg HTTP/1.1" 200 27
222.70.183.82 - - [26/Apr/2024:09:09:22 +0800] "GET /xingrg/kc/buy/cgsh_order_operate.html?command=get_materiel&rest_code=00111&code=00101008155&supplier_code=00100008&order_time=2024-04-26 HTTP/1.1" 200 408
180.169.147.146 - - [26/Apr/2024:09:09:25 +0800] "GET /xingrg/check_reg.html?_=1714093753010 HTTP/1.1" 302 -
116.224.254.208 - - [26/Apr/2024:09:09:29 +0800] "POST /xingrg/kc/base/wldb_order_operate.html HTTP/1.1" 200 37
124.78.56.241 - - [26/Apr/2024:09:09:29 +0800] "GET /xingrg/all/function/internal_message.html?_=1714093769611&CODE_STATE=getMsg HTTP/1.1" 200 27
120.253.135.82 - - [26/Apr/2024:09:09:34 +0800] "GET /xingrg/all/function/internal_message.html?_=1714093956734&CODE_STATE=getMsg HTTP/1.1" 200 27
116.224.254.208 - - [26/Apr/2024:09:09:35 +0800] "POST /xingrg/kc/base/wldb_order_operate.html HTTP/1.1" 200 12
116.224.254.208 - - [26/Apr/2024:09:09:35 +0800] "POST /xingrg/kc/base/wldb_order_operate.html HTTP/1.1" 200 6228
116.224.254.208 - - [26/Apr/2024:09:09:37 +0800] "GET /xingrg/kc/base/wldb_order_info.html?code=422024042601629 HTTP/1.1" 200 26267
116.224.254.208 - - [26/Apr/2024:09:09:37 +0800] "GET /xingrg/javascript/easyui/themes/default/validatebox.css HTTP/1.1" 404 1104
116.224.254.208 - - [26/Apr/2024:09:09:37 +0800] "POST /xingrg/kc/base/wldb_order_operate.html HTTP/1.1" 200 4433
114.83.217.54 - - [26/Apr/2024:09:09:38 +0800] "GET /xingrg/check_reg.html?_=1714093776028 HTTP/1.1" 200 22
114.83.217.54 - - [26/Apr/2024:09:09:41 +0800] "GET /xingrg/all/function/internal_message.html?_=1714093779293&CODE_STATE=getMsg HTTP/1.1" 200 27
124.79.242.194 - - [26/Apr/2024:09:09:41 +0800] "GET /xingrg/all/function/internal_message.html?_=1714093781374&CODE_STATE=getMsg HTTP/1.1" 200 27
222.70.183.82 - - [26/Apr/2024:09:09:42 +0800] "GET /xingrg/check_reg.html?_=1714093779278 HTTP/1.1" 200 22
222.70.183.82 - - [26/Apr/2024:09:09:42 +0800] "GET /xingrg/all/function/internal_message.html?_=1714093779276&CODE_STATE=getMsg HTTP/1.1" 200 27
61.170.233.1 - - [26/Apr/2024:09:09:44 +0800] "GET /xingrg/kc/buy/cgsh_order_operate.html?command=get_materiel&rest_code=00106&code=00101007090&supplier_code=00100096&order_time=2024-04-26 HTTP/1.1" 200 415
101.80.230.31 - - [26/Apr/2024:09:09:47 +0800] "GET /xingrg/all/function/internal_message.html?_=1714093795289&CODE_STATE=getMsg HTTP/1.1" 200 27
180.169.147.146 - - [26/Apr/2024:09:09:54 +0800] "GET /xingrg/all/function/internal_message.html?_=1714093782229&CODE_STATE=getMsg HTTP/1.1" 302 -
222.70.183.82 - - [26/Apr/2024:09:09:54 +0800] "POST /xingrg/kc/buy/cgsh_order_operate.html HTTP/1.1" 200 2065
116.224.254.208 - - [26/Apr/2024:09:09:55 +0800] "GET /xingrg/all/function/internal_message.html?_=1714093795756&CODE_STATE=getMsg HTTP/1.1" 200 27
61.170.233.1 - - [26/Apr/2024:09:09:58 +0800] "GET /xingrg/all/function/internal_message.html?_=1714093798964&CODE_STATE=getMsg HTTP/1.1" 200 27
101.83.144.49 - - [26/Apr/2024:09:10:03 +0800] "GET /xingrg/all/function/internal_message.html?_=1714093805266&CODE_STATE=getMsg HTTP/1.1" 200 27
116.238.97.31 - - [26/Apr/2024:09:10:04 +0800] "GET /xingrg/all/function/internal_message.html?_=1714093827565&CODE_STATE=getMsg HTTP/1.1" 200 27
61.170.233.1 - - [26/Apr/2024:09:10:04 +0800] "GET /xingrg/kc/buy/cgsh_order_operate.html?command=get_materiel&rest_code=00106&code=00101007072&supplier_code=00100096&order_time=2024-04-26 HTTP/1.1" 200 419
116.224.254.208 - - [26/Apr/2024:09:10:08 +0800] "GET /xingrg/all/function/internal_message.html?_=1714093807456&CODE_STATE=getMsg HTTP/1.1" 200 27
222.70.183.82 - - [26/Apr/2024:09:10:09 +0800] "GET /xingrg/kc/buy/cgsh_order_operate.html?command=get_materiel&rest_code=00111&code=00101008223&supplier_code=00100008&order_time=2024-04-26 HTTP/1.1" 200 412
116.238.97.31 - - [26/Apr/2024:09:10:10 +0800] "GET /xingrg/all/function/internal_message.html?_=1714093811400&CODE_STATE=getMsg HTTP/1.1" 200 27
180.169.147.146 - - [26/Apr/2024:09:10:16 +0800] "GET /xingrg/all/function/internal_message.html?_=1714093816315&CODE_STATE=getMsg HTTP/1.1" 200 27
120.253.135.82 - - [26/Apr/2024:09:10:20 +0800] "GET /xingrg/all/function/internal_message.html?_=1714093668914&CODE_STATE=getMsg HTTP/1.1" 200 27
222.70.183.82 - - [26/Apr/2024:09:10:21 +0800] "GET /xingrg/kc/buy/cgsh_order_operate.html?command=get_materiel&rest_code=00111&code=00101008150&supplier_code=00100008&order_time=2024-04-26 HTTP/1.1" 200 409
180.164.1.25 - - [26/Apr/2024:09:10:24 +0800] "GET /xingrg/index.html?sysBaseUrl=http%3A%2F%2F180.169.147.146%3A18081%2Fxingrg%2F&costTime=811×tamp=1714052907196 HTTP/1.1" 302 -
180.164.1.25 - - [26/Apr/2024:09:10:24 +0800] "GET /xingrg/login.html HTTP/1.1" 200 7641
180.164.1.25 - - [26/Apr/2024:09:10:25 +0800] "GET /favicon.ico HTTP/1.1" 404 -
124.78.56.241 - - [26/Apr/2024:09:10:29 +0800] "GET /xingrg/all/function/internal_message.html?_=1714093829600&CODE_STATE=getMsg HTTP/1.1" 200 27
124.79.242.194 - - [26/Apr/2024:09:10:30 +0800] "GET /xingrg/check_reg.html?_=1714093830161 HTTP/1.1" 200 22
222.70.183.82 - - [26/Apr/2024:09:10:32 +0800] "GET /xingrg/kc/buy/cgsh_order_operate.html?command=get_materiel&rest_code=00111&code=00101008168&supplier_code=00100008&order_time=2024-04-26 HTTP/1.1" 200 412
120.253.135.82 - - [26/Apr/2024:09:10:34 +0800] "GET /xingrg/all/function/internal_message.html?_=1714094016740&CODE_STATE=getMsg HTTP/1.1" 200 27
120.253.135.82 - - [26/Apr/2024:09:10:34 +0800] "GET /xingrg/check_reg.html?_=1714094016744 HTTP/1.1" 200 22
116.238.97.31 - - [26/Apr/2024:09:10:35 +0800] "GET /xingrg/javascript/easyui/themes/default/images/button_plain_hover.png HTTP/1.1" 200 144
116.238.97.31 - - [26/Apr/2024:09:10:38 +0800] "GET /xingrg/kc/buy/cgsh_order_add.html HTTP/1.1" 200 74198
116.238.97.31 - - [26/Apr/2024:09:10:38 +0800] "GET /xingrg/javascript/easyui/themes/icons/ok.png HTTP/1.1" 200 883
116.238.97.31 - - [26/Apr/2024:09:10:38 +0800] "GET /xingrg/javascript/easyui/themes/icons/copy_new.png HTTP/1.1" 200 815
116.238.97.31 - - [26/Apr/2024:09:10:38 +0800] "GET /xingrg/javascript/easyui/themes/icons/template_new.png HTTP/1.1" 200 3956
116.238.97.31 - - [26/Apr/2024:09:10:38 +0800] "POST /xingrg/kc/buy/cgsh_order_operate.html HTTP/1.1" 200 8245
116.238.97.31 - - [26/Apr/2024:09:10:38 +0800] "GET /xingrg/javascript/easyui/themes/default/validatebox.css HTTP/1.1" 404 1104
116.238.97.31 - - [26/Apr/2024:09:10:38 +0800] "GET /xingrg/all/common/auto_word.html?type=employee&rest_code=00102 HTTP/1.1" 200 189
116.238.97.31 - - [26/Apr/2024:09:10:38 +0800] "GET /xingrg/all/common/auto_word.html?type=employee&rest_code=00102 HTTP/1.1" 200 189
116.238.97.31 - - [26/Apr/2024:09:10:39 +0800] "GET /xingrg/javascript/auto/indicator.gif HTTP/1.1" 404 1066
114.83.217.54 - - [26/Apr/2024:09:10:41 +0800] "GET /xingrg/all/function/internal_message.html?_=1714093839272&CODE_STATE=getMsg HTTP/1.1" 200 27
124.79.242.194 - - [26/Apr/2024:09:10:41 +0800] "GET /xingrg/all/function/internal_message.html?_=1714093841358&CODE_STATE=getMsg HTTP/1.1" 200 27
222.70.183.82 - - [26/Apr/2024:09:10:42 +0800] "GET /xingrg/all/function/internal_message.html?_=1714093839287&CODE_STATE=getMsg HTTP/1.1" 200 27
222.70.183.82 - - [26/Apr/2024:09:10:46 +0800] "GET /xingrg/kc/buy/cgsh_order_operate.html?command=get_materiel&rest_code=00111&code=00101008674&supplier_code=00100008&order_time=2024-04-26 HTTP/1.1" 200 412
61.170.233.1 - - [26/Apr/2024:09:10:46 +0800] "GET /xingrg/kc/buy/cgsh_order_operate.html?command=get_materiel&rest_code=00106&code=00101016039&supplier_code=00100096&order_time=2024-04-26 HTTP/1.1" 200 413
101.80.230.31 - - [26/Apr/2024:09:10:47 +0800] "GET /xingrg/all/function/internal_message.html?_=1714093855292&CODE_STATE=getMsg HTTP/1.1" 200 27
101.80.230.31 - - [26/Apr/2024:09:10:47 +0800] "GET /xingrg/check_reg.html?_=1714093855297 HTTP/1.1" 200 22
116.238.97.31 - - [26/Apr/2024:09:10:52 +0800] "GET /xingrg/kc/buy/cgsh_order_operate.html?command=get_materiel&rest_code=00102&code=00101008160&supplier_code=00100008&order_time=2024-04-26 HTTP/1.1" 200 408
180.169.147.146 - - [26/Apr/2024:09:10:54 +0800] "GET /xingrg/all/function/internal_message.html?_=1714093842212&CODE_STATE=getMsg HTTP/1.1" 302 -
116.224.254.208 - - [26/Apr/2024:09:10:55 +0800] "GET /xingrg/all/function/internal_message.html?_=1714093855763&CODE_STATE=getMsg HTTP/1.1" 200 27
61.170.233.1 - - [26/Apr/2024:09:10:58 +0800] "GET /xingrg/all/function/internal_message.html?_=1714093858945&CODE_STATE=getMsg HTTP/1.1" 200 27
222.70.183.82 - - [26/Apr/2024:09:11:02 +0800] "POST /xingrg/kc/buy/cgsh_order_operate.html HTTP/1.1" 200 2065
101.83.144.49 - - [26/Apr/2024:09:11:03 +0800] "GET /xingrg/all/function/internal_message.html?_=1714093865246&CODE_STATE=getMsg HTTP/1.1" 200 27
116.238.97.31 - - [26/Apr/2024:09:11:04 +0800] "GET /xingrg/all/function/internal_message.html?_=1714093887562&CODE_STATE=getMsg HTTP/1.1" 200 27
116.224.254.208 - - [26/Apr/2024:09:11:08 +0800] "GET /xingrg/all/function/internal_message.html?_=1714093867432&CODE_STATE=getMsg HTTP/1.1" 200 27
116.224.254.208 - - [26/Apr/2024:09:11:08 +0800] "GET /xingrg/check_reg.html?_=1714093867623 HTTP/1.1" 200 22
116.238.97.31 - - [26/Apr/2024:09:11:10 +0800] "GET /xingrg/all/function/internal_message.html?_=1714093871377&CODE_STATE=getMsg HTTP/1.1" 200 27
106.55.200.233 - - [26/Apr/2024:09:11:11 +0800] "GET /xingrg/all/function/internal_message.html?_=1714029638559&CODE_STATE=getMsg HTTP/1.1" 302 -
106.55.200.246 - - [26/Apr/2024:09:11:13 +0800] "GET /xingrg/login.html HTTP/1.1" 200 2139
180.169.147.146 - - [26/Apr/2024:09:11:16 +0800] "GET /xingrg/all/function/internal_message.html?_=1714093876325&CODE_STATE=getMsg HTTP/1.1" 200 27
120.253.135.82 - - [26/Apr/2024:09:11:21 +0800] "GET /xingrg/all/function/internal_message.html?_=1714093728937&CODE_STATE=getMsg HTTP/1.1" 200 27
116.224.254.208 - - [26/Apr/2024:09:11:27 +0800] "POST /xingrg/all/user/operate.html HTTP/1.1" 200 36
116.224.254.208 - - [26/Apr/2024:09:11:27 +0800] "GET /xingrg/index.html?sysBaseUrl=http%3A%2F%2F180.169.147.146%3A18081%2Fxingrg%2F&costTime=816×tamp=1714043308812 HTTP/1.1" 200 17177
116.224.254.208 - - [26/Apr/2024:09:11:27 +0800] "GET /xingrg/javascript/jquery_easy_ui/themes/default/easyui.css HTTP/1.1" 304 -
116.224.254.208 - - [26/Apr/2024:09:11:27 +0800] "GET /xingrg/javascript/jquery_easy_ui/themes/icon.css HTTP/1.1" 304 -
116.224.254.208 - - [26/Apr/2024:09:11:27 +0800] "GET /xingrg/css/form.css HTTP/1.1" 304 -
116.224.254.208 - - [26/Apr/2024:09:11:27 +0800] "GET /xingrg/javascript/jquery-1.4.2.min.js HTTP/1.1" 304 -
116.224.254.208 - - [26/Apr/2024:09:11:27 +0800] "GET /xingrg/javascript/jquery_easy_ui/jquery.easyui.min.js HTTP/1.1" 304 -
116.224.254.208 - - [26/Apr/2024:09:11:27 +0800] "GET /xingrg/javascript/jquery_easy_ui/easyui-lang-zh_CN.js HTTP/1.1" 304 -
116.224.254.208 - - [26/Apr/2024:09:11:27 +0800] "GET /xingrg/javascript/jquery.form.js HTTP/1.1" 304 -
116.224.254.208 - - [26/Apr/2024:09:11:27 +0800] "GET /xingrg/javascript/jquery.utils.js HTTP/1.1" 304 -
116.224.254.208 - - [26/Apr/2024:09:11:27 +0800] "GET /xingrg/javascript/jquery.timers.js HTTP/1.1" 304 -
116.224.254.208 - - [26/Apr/2024:09:11:27 +0800] "GET /xingrg/images/blue/jxLogo.png HTTP/1.1" 304 -
116.224.254.208 - - [26/Apr/2024:09:11:27 +0800] "GET /xingrg/images/blue/navBackgound.jpg HTTP/1.1" 304 -
116.224.254.208 - - [26/Apr/2024:09:11:27 +0800] "GET /xingrg/javascript/jquery_easy_ui/themes/icons/settle_new.png HTTP/1.1" 304 -
116.224.254.208 - - [26/Apr/2024:09:11:28 +0800] "GET /xingrg/all/function/internal_message.html?_=1714093888061&CODE_STATE=count HTTP/1.1" 200 11
116.224.254.208 - - [26/Apr/2024:09:11:28 +0800] "GET /xingrg/javascript/jquery_easy_ui/themes/default/images/tabs_rightarrow.png HTTP/1.1" 304 -
116.224.254.208 - - [26/Apr/2024:09:11:28 +0800] "GET /xingrg/javascript/jquery_easy_ui/themes/default/images/tabs_leftarrow.png HTTP/1.1" 304 -
116.224.254.208 - - [26/Apr/2024:09:11:28 +0800] "GET /xingrg/check_reg.html?_=1714093888062 HTTP/1.1" 200 22
116.224.254.208 - - [26/Apr/2024:09:11:28 +0800] "GET /xingrg/javascript/jquery_easy_ui/themes/default/images/panel_tool_collapse.gif HTTP/1.1" 304 -
116.224.254.208 - - [26/Apr/2024:09:11:28 +0800] "GET /xingrg/images/blue/pingpu.png HTTP/1.1" 304 -
116.224.254.208 - - [26/Apr/2024:09:11:28 +0800] "POST /xingrg/all/common/load_tree.html?tree=area_rest_tree_json&manage=1 HTTP/1.1" 200 476
116.224.254.208 - - [26/Apr/2024:09:11:28 +0800] "POST /xingrg/load_menu.html HTTP/1.1" 200 5138
222.70.183.82 - - [26/Apr/2024:09:11:28 +0800] "GET /xingrg/kc/buy/cgsh_order_operate.html?command=get_materiel&rest_code=00111&code=00101008160&supplier_code=00100008&order_time=2024-04-26 HTTP/1.1" 200 408
124.78.56.241 - - [26/Apr/2024:09:11:29 +0800] "GET /xingrg/all/function/internal_message.html?_=1714093889582&CODE_STATE=getMsg HTTP/1.1" 200 27
116.224.254.208 - - [26/Apr/2024:09:11:30 +0800] "GET /xingrg/kc/base/yddb_order_list.html HTTP/1.1" 200 16660
116.224.254.208 - - [26/Apr/2024:09:11:30 +0800] "POST /xingrg/kc/base/yddb_list_operate.html HTTP/1.1" 200 636
116.224.254.208 - - [26/Apr/2024:09:11:32 +0800] "GET /xingrg/kc/base/yddb_order_add.html HTTP/1.1" 200 30041
116.224.254.208 - - [26/Apr/2024:09:11:32 +0800] "GET /xingrg/dwr/interface/AjaxComOrderService.js HTTP/1.1" 200 18264
116.224.254.208 - - [26/Apr/2024:09:11:32 +0800] "GET /xingrg/dwr/interface/AjaxYddbService.js HTTP/1.1" 200 13201
116.224.254.208 - - [26/Apr/2024:09:11:32 +0800] "GET /xingrg/dwr/engine.js HTTP/1.1" 200 43631
116.224.254.208 - - [26/Apr/2024:09:11:32 +0800] "GET /xingrg/dwr/util.js HTTP/1.1" 304 -
116.224.254.208 - - [26/Apr/2024:09:11:32 +0800] "GET /xingrg/javascript/checkform.js HTTP/1.1" 200 18351
120.253.135.82 - - [26/Apr/2024:09:11:34 +0800] "GET /xingrg/all/function/internal_message.html?_=1714094076745&CODE_STATE=getMsg HTTP/1.1" 200 27
116.224.254.208 - - [26/Apr/2024:09:11:38 +0800] "POST /xingrg/dwr/call/plaincall/AjaxYddbService.getRestBases.dwr HTTP/1.1" 200 824
222.70.183.82 - - [26/Apr/2024:09:11:40 +0800] "GET /xingrg/kc/buy/cgsh_order_operate.html?command=get_materiel&rest_code=00111&code=00101008331&supplier_code=00100008&order_time=2024-04-26 HTTP/1.1" 200 416
114.83.217.54 - - [26/Apr/2024:09:11:41 +0800] "GET /xingrg/all/function/internal_message.html?_=1714093899245&CODE_STATE=getMsg HTTP/1.1" 200 27
124.79.242.194 - - [26/Apr/2024:09:11:41 +0800] "GET /xingrg/all/function/internal_message.html?_=1714093901338&CODE_STATE=getMsg HTTP/1.1" 200 27
222.70.183.82 - - [26/Apr/2024:09:11:42 +0800] "GET /xingrg/all/function/internal_message.html?_=1714093899294&CODE_STATE=getMsg HTTP/1.1" 200 27
101.80.230.31 - - [26/Apr/2024:09:11:47 +0800] "GET /xingrg/all/function/internal_message.html?_=1714093915281&CODE_STATE=getMsg HTTP/1.1" 200 27
116.238.97.31 - - [26/Apr/2024:09:11:48 +0800] "POST /xingrg/services/DataTransmitService HTTP/1.1" 200 524
116.224.254.208 - - [26/Apr/2024:09:11:49 +0800] "POST /xingrg/dwr/call/plaincall/AjaxYddbService.saveOrder.dwr HTTP/1.1" 200 78
116.224.254.208 - - [26/Apr/2024:09:11:49 +0800] "GET /xingrg/images/yd/bt.gif HTTP/1.1" 404 1040
116.224.254.208 - - [26/Apr/2024:09:11:51 +0800] "POST /xingrg/dwr/call/plaincall/AjaxComOrderService.getMaterielSearchList.dwr HTTP/1.1" 200 9300
222.70.183.82 - - [26/Apr/2024:09:11:52 +0800] "GET /xingrg/kc/buy/cgsh_order_operate.html?command=get_materiel&rest_code=00111&code=00101015004&supplier_code=00100008&order_time=2024-04-26 HTTP/1.1" 200 409
116.224.254.208 - - [26/Apr/2024:09:11:52 +0800] "POST /xingrg/dwr/call/plaincall/AjaxComOrderService.getMaterielSearchList.dwr HTTP/1.1" 200 3068
180.169.147.146 - - [26/Apr/2024:09:11:54 +0800] "GET /xingrg/all/function/internal_message.html?_=1714093902196&CODE_STATE=getMsg HTTP/1.1" 302 -
116.224.254.208 - - [26/Apr/2024:09:11:57 +0800] "POST /xingrg/dwr/call/plaincall/AjaxYddbService.getMaterielByMap.dwr HTTP/1.1" 200 2362
61.170.233.1 - - [26/Apr/2024:09:11:58 +0800] "GET /xingrg/all/function/internal_message.html?_=1714093918917&CODE_STATE=getMsg HTTP/1.1" 200 27
116.224.254.208 - - [26/Apr/2024:09:11:58 +0800] "POST /xingrg/dwr/call/plaincall/AjaxYddbService.getUnitPrice.dwr HTTP/1.1" 200 86
116.224.254.208 - - [26/Apr/2024:09:12:01 +0800] "POST /xingrg/dwr/call/plaincall/AjaxYddbService.saveMaterielItem.dwr HTTP/1.1" 200 78
222.70.183.82 - - [26/Apr/2024:09:12:02 +0800] "GET /xingrg/kc/buy/cgsh_order_operate.html?command=get_materiel&rest_code=00111&code=00101015046&supplier_code=00100008&order_time=2024-04-26 HTTP/1.1" 200 412
180.164.1.25 - - [26/Apr/2024:09:12:02 +0800] "GET /xingrg/login.html HTTP/1.1" 200 7641
180.164.1.25 - - [26/Apr/2024:09:12:03 +0800] "GET /favicon.ico HTTP/1.1" 404 -
101.83.144.49 - - [26/Apr/2024:09:12:03 +0800] "GET /xingrg/all/function/internal_message.html?_=1714093925222&CODE_STATE=getMsg HTTP/1.1" 200 27
116.238.97.31 - - [26/Apr/2024:09:12:04 +0800] "GET /xingrg/all/function/internal_message.html?_=1714093947559&CODE_STATE=getMsg HTTP/1.1" 200 27
222.70.183.82 - - [26/Apr/2024:09:12:05 +0800] "POST /xingrg/kc/buy/cgsh_order_operate.html HTTP/1.1" 200 2065
116.224.254.208 - - [26/Apr/2024:09:12:08 +0800] "GET /xingrg/all/function/internal_message.html?_=1714093927406&CODE_STATE=getMsg HTTP/1.1" 200 27
116.224.254.208 - - [26/Apr/2024:09:12:08 +0800] "POST /xingrg/dwr/call/plaincall/AjaxYddbService.checkOrder.dwr HTTP/1.1" 200 78
180.164.1.25 - - [26/Apr/2024:09:12:08 +0800] "POST /xingrg/login.do HTTP/1.1" 302 -
180.164.1.25 - - [26/Apr/2024:09:12:08 +0800] "GET /xingrg/index.html?sysBaseUrl=http%3A%2F%2F180.169.147.146%3A18081%2Fxingrg%2F&costTime=1120×tamp=1714093928675 HTTP/1.1" 200 17183
180.164.1.25 - - [26/Apr/2024:09:12:08 +0800] "GET /favicon.ico HTTP/1.1" 404 -
180.164.1.25 - - [26/Apr/2024:09:12:09 +0800] "POST /xingrg/all/common/load_tree.html?tree=area_rest_tree_json&manage=1 HTTP/1.1" 200 357
180.164.1.25 - - [26/Apr/2024:09:12:09 +0800] "GET /xingrg/check_reg.html?_=1714093928406 HTTP/1.1" 200 22
180.164.1.25 - - [26/Apr/2024:09:12:09 +0800] "GET /xingrg/all/function/internal_message.html?_=1714093928406&CODE_STATE=count HTTP/1.1" 200 11
180.164.1.25 - - [26/Apr/2024:09:12:09 +0800] "POST /xingrg/load_menu.html HTTP/1.1" 200 5138
114.83.217.54 - - [26/Apr/2024:09:12:09 +0800] "GET /xingrg/kc/buy/cgsh_order_operate.html?command=get_materiel&rest_code=00149&code=00101006130&supplier_code=00100096&order_time=2024-04-25 HTTP/1.1" 200 437
116.224.254.208 - - [26/Apr/2024:09:12:10 +0800] "GET /xingrg/kc/base/yddb_order_info.html?code=482024042600163 HTTP/1.1" 200 29382
116.224.254.208 - - [26/Apr/2024:09:12:10 +0800] "GET /xingrg/dwr/interface/AjaxComOrderService.js HTTP/1.1" 200 18264
116.224.254.208 - - [26/Apr/2024:09:12:10 +0800] "GET /xingrg/dwr/interface/AjaxYddbService.js HTTP/1.1" 200 13201
116.224.254.208 - - [26/Apr/2024:09:12:10 +0800] "GET /xingrg/dwr/engine.js HTTP/1.1" 200 43631
116.238.97.31 - - [26/Apr/2024:09:12:10 +0800] "GET /xingrg/all/function/internal_message.html?_=1714093931363&CODE_STATE=getMsg HTTP/1.1" 200 27
116.224.254.208 - - [26/Apr/2024:09:12:10 +0800] "POST /xingrg/dwr/call/plaincall/AjaxYddbService.loadMaterielItems.dwr HTTP/1.1" 200 442
61.170.233.1 - - [26/Apr/2024:09:12:12 +0800] "GET /xingrg/kc/buy/cgsh_order_operate.html?command=get_materiel&rest_code=00106&code=00101006120&supplier_code=00100096&order_time=2024-04-26 HTTP/1.1" 200 430
180.164.1.25 - - [26/Apr/2024:09:12:12 +0800] "GET /xingrg/javascript/jquery_easy_ui/themes/default/images/tabs_active.png HTTP/1.1" 200 2894
180.164.1.25 - - [26/Apr/2024:09:12:13 +0800] "GET /xingrg/kc/buy/cgsh_order_list.html HTTP/1.1" 200 58360
222.70.183.82 - - [26/Apr/2024:09:12:13 +0800] "GET /xingrg/kc/buy/cgsh_order_operate.html?command=get_materiel&rest_code=00111&code=00101008060&supplier_code=00100008&order_time=2024-04-26 HTTP/1.1" 200 416
116.224.254.208 - - [26/Apr/2024:09:12:13 +0800] "GET /xingrg/kc/base/yddb_order_report.html?fileType=servlets/html&code=482024042600163&reportName=ck_order_report&subName=yddb HTTP/1.1" 302 -
116.224.254.208 - - [26/Apr/2024:09:12:13 +0800] "GET /xingrg/servlets/html?sysBaseUrl=http%3A%2F%2F180.169.147.146%3A18081%2Fxingrg%2F&costTime=515×tamp=1714093933297 HTTP/1.1" 200 14767
116.224.254.208 - - [26/Apr/2024:09:12:13 +0800] "GET /xingrg/servlets/image?image=px HTTP/1.1" 200 807
116.224.254.208 - - [26/Apr/2024:09:12:13 +0800] "GET /favicon.ico HTTP/1.1" 404 -
180.169.147.146 - - [26/Apr/2024:09:12:16 +0800] "GET /xingrg/check_reg.html?_=1714093936307 HTTP/1.1" 200 22
180.169.147.146 - - [26/Apr/2024:09:12:16 +0800] "GET /xingrg/all/function/internal_message.html?_=1714093936307&CODE_STATE=getMsg HTTP/1.1" 200 27
180.164.1.25 - - [26/Apr/2024:09:12:16 +0800] "POST /xingrg/kc/buy/cgsh_list_operate.html HTTP/1.1" 200 645
120.253.135.82 - - [26/Apr/2024:09:12:21 +0800] "GET /xingrg/all/function/internal_message.html?_=1714093788940&CODE_STATE=getMsg HTTP/1.1" 200 27
222.70.183.82 - - [26/Apr/2024:09:12:23 +0800] "GET /xingrg/kc/buy/cgsh_order_operate.html?command=get_materiel&rest_code=00111&code=00101008704&supplier_code=00100008&order_time=2024-04-26 HTTP/1.1" 200 409
124.78.56.241 - - [26/Apr/2024:09:12:26 +0800] "GET /xingrg/check_reg.html?_=1714093946239 HTTP/1.1" 200 22
116.224.254.208 - - [26/Apr/2024:09:12:28 +0800] "GET /xingrg/all/function/internal_message.html?_=1714093948076&CODE_STATE=getMsg HTTP/1.1" 200 27
114.83.220.195 - - [26/Apr/2024:09:12:28 +0800] "GET /xingrg/login.html HTTP/1.1" 200 7641
116.224.254.208 - - [26/Apr/2024:09:12:28 +0800] "POST /xingrg/all/user/operate.html HTTP/1.1" 200 36
116.224.254.208 - - [26/Apr/2024:09:12:28 +0800] "GET /xingrg/index.html?sysBaseUrl=http%3A%2F%2F180.169.147.146%3A18081%2Fxingrg%2F&costTime=816×tamp=1714043308812 HTTP/1.1" 200 17179
116.224.254.208 - - [26/Apr/2024:09:12:28 +0800] "GET /xingrg/javascript/jquery_easy_ui/themes/default/easyui.css HTTP/1.1" 304 -
116.224.254.208 - - [26/Apr/2024:09:12:28 +0800] "GET /xingrg/javascript/jquery_easy_ui/themes/icon.css HTTP/1.1" 304 -
116.224.254.208 - - [26/Apr/2024:09:12:28 +0800] "GET /xingrg/css/form.css HTTP/1.1" 304 -
116.224.254.208 - - [26/Apr/2024:09:12:28 +0800] "GET /xingrg/javascript/jquery-1.4.2.min.js HTTP/1.1" 304 -
116.224.254.208 - - [26/Apr/2024:09:12:28 +0800] "GET /xingrg/javascript/jquery_easy_ui/jquery.easyui.min.js HTTP/1.1" 304 -
116.224.254.208 - - [26/Apr/2024:09:12:28 +0800] "GET /xingrg/javascript/jquery_easy_ui/easyui-lang-zh_CN.js HTTP/1.1" 304 -
116.224.254.208 - - [26/Apr/2024:09:12:28 +0800] "GET /xingrg/javascript/jquery.form.js HTTP/1.1" 304 -
116.224.254.208 - - [26/Apr/2024:09:12:28 +0800] "GET /xingrg/javascript/jquery.utils.js HTTP/1.1" 304 -
116.224.254.208 - - [26/Apr/2024:09:12:28 +0800] "GET /xingrg/javascript/jquery.timers.js HTTP/1.1" 304 -
116.224.254.208 - - [26/Apr/2024:09:12:28 +0800] "GET /xingrg/images/blue/jxLogo.png HTTP/1.1" 304 -
116.224.254.208 - - [26/Apr/2024:09:12:28 +0800] "GET /xingrg/images/blue/navBackgound.jpg HTTP/1.1" 304 -
116.224.254.208 - - [26/Apr/2024:09:12:28 +0800] "GET /xingrg/javascript/jquery_easy_ui/themes/icons/settle_new.png HTTP/1.1" 304 -
116.224.254.208 - - [26/Apr/2024:09:12:28 +0800] "GET /xingrg/all/function/internal_message.html?_=1714093948713&CODE_STATE=count HTTP/1.1" 200 11
116.224.254.208 - - [26/Apr/2024:09:12:28 +0800] "GET /xingrg/javascript/jquery_easy_ui/themes/default/images/panel_tool_collapse.gif HTTP/1.1" 304 -
116.224.254.208 - - [26/Apr/2024:09:12:28 +0800] "GET /xingrg/javascript/jquery_easy_ui/themes/default/images/tabs_leftarrow.png HTTP/1.1" 304 -
116.224.254.208 - - [26/Apr/2024:09:12:28 +0800] "GET /xingrg/check_reg.html?_=1714093948713 HTTP/1.1" 200 22
116.224.254.208 - - [26/Apr/2024:09:12:28 +0800] "GET /xingrg/images/blue/pingpu.png HTTP/1.1" 304 -
116.224.254.208 - - [26/Apr/2024:09:12:28 +0800] "GET /xingrg/javascript/jquery_easy_ui/themes/default/images/tabs_rightarrow.png HTTP/1.1" 304 -
116.224.254.208 - - [26/Apr/2024:09:12:28 +0800] "POST /xingrg/all/common/load_tree.html?tree=area_rest_tree_json&manage=1 HTTP/1.1" 200 476
116.224.254.208 - - [26/Apr/2024:09:12:28 +0800] "POST /xingrg/load_menu.html HTTP/1.1" 200 5138
114.83.220.195 - - [26/Apr/2024:09:12:29 +0800] "GET /favicon.ico HTTP/1.1" 404 -
124.78.56.241 - - [26/Apr/2024:09:12:29 +0800] "GET /xingrg/all/function/internal_message.html?_=1714093949571&CODE_STATE=getMsg HTTP/1.1" 200 27
116.224.254.208 - - [26/Apr/2024:09:12:30 +0800] "GET /xingrg/kc/base/yddb_order_list.html HTTP/1.1" 200 16662
116.224.254.208 - - [26/Apr/2024:09:12:31 +0800] "POST /xingrg/kc/base/yddb_list_operate.html HTTP/1.1" 200 636
116.224.254.208 - - [26/Apr/2024:09:12:32 +0800] "GET /xingrg/kc/base/yddb_order_add.html HTTP/1.1" 200 30041
116.224.254.208 - - [26/Apr/2024:09:12:32 +0800] "GET /xingrg/dwr/interface/AjaxComOrderService.js HTTP/1.1" 200 18264
116.224.254.208 - - [26/Apr/2024:09:12:32 +0800] "GET /xingrg/dwr/interface/AjaxYddbService.js HTTP/1.1" 200 13201
116.224.254.208 - - [26/Apr/2024:09:12:32 +0800] "GET /xingrg/dwr/engine.js HTTP/1.1" 200 43631
114.83.220.195 - - [26/Apr/2024:09:12:33 +0800] "POST /xingrg/login.do HTTP/1.1" 302 -
114.83.220.195 - - [26/Apr/2024:09:12:33 +0800] "GET /xingrg/index.html?sysBaseUrl=http%3A%2F%2F180.169.147.146%3A18081%2Fxingrg%2F&costTime=856×tamp=1714093953477 HTTP/1.1" 200 17179
114.83.220.195 - - [26/Apr/2024:09:12:33 +0800] "GET /favicon.ico HTTP/1.1" 404 -
114.83.220.195 - - [26/Apr/2024:09:12:33 +0800] "POST /xingrg/all/common/load_tree.html?tree=area_rest_tree_json&manage=1 HTTP/1.1" 200 351
114.83.220.195 - - [26/Apr/2024:09:12:33 +0800] "GET /xingrg/all/function/internal_message.html?_=1714093956007&CODE_STATE=count HTTP/1.1" 200 11
114.83.220.195 - - [26/Apr/2024:09:12:33 +0800] "GET /xingrg/check_reg.html?_=1714093956009 HTTP/1.1" 200 22
114.83.220.195 - - [26/Apr/2024:09:12:34 +0800] "POST /xingrg/load_menu.html HTTP/1.1" 200 5138
120.253.135.82 - - [26/Apr/2024:09:12:34 +0800] "GET /xingrg/all/function/internal_message.html?_=1714094136749&CODE_STATE=getMsg HTTP/1.1" 200 27
116.224.254.208 - - [26/Apr/2024:09:12:35 +0800] "POST /xingrg/dwr/call/plaincall/AjaxYddbService.getRestBases.dwr HTTP/1.1" 200 824
114.83.217.54 - - [26/Apr/2024:09:12:36 +0800] "GET /xingrg/kc/buy/cgsh_order_operate.html?command=get_materiel&rest_code=00149&code=00101006240&supplier_code=00100096&order_time=2024-04-25 HTTP/1.1" 200 423
114.83.217.54 - - [26/Apr/2024:09:12:41 +0800] "GET /xingrg/all/function/internal_message.html?_=1714093959221&CODE_STATE=getMsg HTTP/1.1" 200 27
124.79.242.194 - - [26/Apr/2024:09:12:41 +0800] "GET /xingrg/all/function/internal_message.html?_=1714093961315&CODE_STATE=getMsg HTTP/1.1" 200 27
116.224.254.208 - - [26/Apr/2024:09:12:41 +0800] "POST /xingrg/dwr/call/plaincall/AjaxYddbService.saveOrder.dwr HTTP/1.1" 200 78
222.70.183.82 - - [26/Apr/2024:09:12:42 +0800] "GET /xingrg/all/function/internal_message.html?_=1714093959279&CODE_STATE=getMsg HTTP/1.1" 200 27
116.224.254.208 - - [26/Apr/2024:09:12:42 +0800] "GET /xingrg/images/yd/bt.gif HTTP/1.1" 404 1040
116.224.254.208 - - [26/Apr/2024:09:12:44 +0800] "POST /xingrg/dwr/call/plaincall/AjaxComOrderService.getMaterielSearchList.dwr HTTP/1.1" 200 234639
116.224.254.208 - - [26/Apr/2024:09:12:44 +0800] "POST /xingrg/dwr/call/plaincall/AjaxComOrderService.getMaterielSearchList.dwr HTTP/1.1" 200 3068
101.80.230.31 - - [26/Apr/2024:09:12:47 +0800] "GET /xingrg/all/function/internal_message.html?_=1714093975282&CODE_STATE=getMsg HTTP/1.1" 200 27
61.170.233.1 - - [26/Apr/2024:09:12:47 +0800] "GET /xingrg/kc/buy/cgsh_order_operate.html?command=get_materiel&rest_code=00106&code=00101006111&supplier_code=00100096&order_time=2024-04-26 HTTP/1.1" 200 411
180.169.147.146 - - [26/Apr/2024:09:12:47 +0800] "POST /xingrg/all/user/operate.html HTTP/1.1" 200 36
180.169.147.146 - - [26/Apr/2024:09:12:48 +0800] "GET /xingrg/index.html?sysBaseUrl=http%3A%2F%2F180.169.147.146%3A18081%2Fxingrg%2F&costTime=836×tamp=1714092842993 HTTP/1.1" 200 17503
180.169.147.146 - - [26/Apr/2024:09:12:48 +0800] "GET /xingrg/javascript/jquery_easy_ui/themes/default/easyui.css HTTP/1.1" 304 -
180.169.147.146 - - [26/Apr/2024:09:12:48 +0800] "GET /xingrg/javascript/jquery_easy_ui/themes/icon.css HTTP/1.1" 304 -
180.169.147.146 - - [26/Apr/2024:09:12:48 +0800] "GET /xingrg/css/form.css HTTP/1.1" 304 -
180.169.147.146 - - [26/Apr/2024:09:12:48 +0800] "GET /xingrg/javascript/jquery-1.4.2.min.js HTTP/1.1" 304 -
116.224.254.208 - - [26/Apr/2024:09:12:48 +0800] "POST /xingrg/dwr/call/plaincall/AjaxYddbService.getMaterielByMap.dwr HTTP/1.1" 200 4004
180.169.147.146 - - [26/Apr/2024:09:12:48 +0800] "GET /xingrg/javascript/jquery_easy_ui/jquery.easyui.min.js HTTP/1.1" 304 -
180.169.147.146 - - [26/Apr/2024:09:12:48 +0800] "GET /xingrg/javascript/jquery_easy_ui/easyui-lang-zh_CN.js HTTP/1.1" 304 -
180.169.147.146 - - [26/Apr/2024:09:12:48 +0800] "GET /xingrg/javascript/jquery.form.js HTTP/1.1" 304 -
180.169.147.146 - - [26/Apr/2024:09:12:48 +0800] "GET /xingrg/javascript/jquery.utils.js HTTP/1.1" 304 -
180.169.147.146 - - [26/Apr/2024:09:12:48 +0800] "GET /xingrg/javascript/jquery.timers.js HTTP/1.1" 304 -
180.169.147.146 - - [26/Apr/2024:09:12:48 +0800] "GET /xingrg/images/blue/jxLogo.png HTTP/1.1" 304 -
180.169.147.146 - - [26/Apr/2024:09:12:48 +0800] "GET /xingrg/javascript/jquery_easy_ui/themes/icons/settle_new.png HTTP/1.1" 304 -
180.169.147.146 - - [26/Apr/2024:09:12:48 +0800] "GET /xingrg/images/blue/navBackgound.jpg HTTP/1.1" 304 -
180.169.147.146 - - [26/Apr/2024:09:12:48 +0800] "GET /xingrg/all/function/internal_message.html?_=1714093968327&CODE_STATE=count HTTP/1.1" 200 11
180.169.147.146 - - [26/Apr/2024:09:12:48 +0800] "GET /xingrg/javascript/jquery_easy_ui/themes/default/images/tabs_leftarrow.png HTTP/1.1" 304 -
180.169.147.146 - - [26/Apr/2024:09:12:48 +0800] "GET /xingrg/javascript/jquery_easy_ui/themes/default/images/tabs_rightarrow.png HTTP/1.1" 304 -
180.169.147.146 - - [26/Apr/2024:09:12:48 +0800] "GET /xingrg/javascript/jquery_easy_ui/themes/default/images/panel_tool_collapse.gif HTTP/1.1" 304 -
180.169.147.146 - - [26/Apr/2024:09:12:48 +0800] "GET /xingrg/check_reg.html?_=1714093968328 HTTP/1.1" 200 22
180.169.147.146 - - [26/Apr/2024:09:12:48 +0800] "GET /xingrg/javascript/jquery_easy_ui/themes/default/images/panel_tool_expand.gif HTTP/1.1" 304 -
180.169.147.146 - - [26/Apr/2024:09:12:48 +0800] "GET /xingrg/images/blue/pingpu.png HTTP/1.1" 304 -
180.169.147.146 - - [26/Apr/2024:09:12:48 +0800] "POST /xingrg/load_menu.html HTTP/1.1" 200 11564
180.169.147.146 - - [26/Apr/2024:09:12:48 +0800] "POST /xingrg/all/common/load_tree.html?tree=area_rest_tree_json&manage=1 HTTP/1.1" 200 3624
116.224.254.208 - - [26/Apr/2024:09:12:49 +0800] "POST /xingrg/dwr/call/plaincall/AjaxYddbService.getUnitPrice.dwr HTTP/1.1" 200 86
180.169.147.146 - - [26/Apr/2024:09:12:49 +0800] "GET /xingrg/kc/report/report_main.html HTTP/1.1" 200 8599
81.71.5.172 - - [26/Apr/2024:09:12:50 +0800] "GET /xingrg/kc/buy/cgsh_order_operate.html?command=get_materiel&rest_code=00106&code=00101012046&supplier_code=00100487&order_time=2024-04-25 HTTP/1.1" 302 -
180.169.147.146 - - [26/Apr/2024:09:12:51 +0800] "GET /xingrg/all/report/report_query.html?fileName=kc/buy/gys_amount_base_rest.xml HTTP/1.1" 200 51664
180.169.147.146 - - [26/Apr/2024:09:12:51 +0800] "GET /xingrg/dwr/interface/AjaxReportQueryService.js HTTP/1.1" 200 13203
180.169.147.146 - - [26/Apr/2024:09:12:51 +0800] "GET /xingrg/dwr/engine.js HTTP/1.1" 200 43631
180.169.147.146 - - [26/Apr/2024:09:12:51 +0800] "POST /xingrg/dwr/call/plaincall/AjaxReportQueryService.getFixDate.dwr HTTP/1.1" 200 111
106.55.200.45 - - [26/Apr/2024:09:12:51 +0800] "GET /xingrg/login.html HTTP/1.1" 200 2139
180.169.147.146 - - [26/Apr/2024:09:12:52 +0800] "POST /xingrg/all/common/load_tree.html?tree=area_rest_tree_json&manage=1 HTTP/1.1" 200 3624
180.169.147.146 - - [26/Apr/2024:09:12:52 +0800] "POST /xingrg/all/common/load_tree.html?tree=supplier_tree_json&manage=1 HTTP/1.1" 200 82167
116.224.254.208 - - [26/Apr/2024:09:12:52 +0800] "POST /xingrg/dwr/call/plaincall/AjaxYddbService.saveMaterielItem.dwr HTTP/1.1" 200 78
180.169.147.146 - - [26/Apr/2024:09:12:54 +0800] "GET /xingrg/all/function/internal_message.html?_=1714093962179&CODE_STATE=getMsg HTTP/1.1" 302 -
180.169.147.146 - - [26/Apr/2024:09:12:54 +0800] "POST /xingrg/kc/buy/cgsh_list_operate.html HTTP/1.1" 200 3374
61.170.233.1 - - [26/Apr/2024:09:12:57 +0800] "GET /xingrg/check_reg.html?_=1714093978164 HTTP/1.1" 200 22
61.170.233.1 - - [26/Apr/2024:09:12:58 +0800] "GET /xingrg/all/function/internal_message.html?_=1714093978897&CODE_STATE=getMsg HTTP/1.1" 200 27
116.224.254.208 - - [26/Apr/2024:09:12:58 +0800] "POST /xingrg/dwr/call/plaincall/AjaxYddbService.checkOrder.dwr HTTP/1.1" 200 78
116.224.254.208 - - [26/Apr/2024:09:12:59 +0800] "GET /xingrg/kc/base/yddb_order_info.html?code=482024042600164 HTTP/1.1" 200 31397
116.224.254.208 - - [26/Apr/2024:09:12:59 +0800] "GET /xingrg/dwr/interface/AjaxYddbService.js HTTP/1.1" 200 13201
116.224.254.208 - - [26/Apr/2024:09:12:59 +0800] "GET /xingrg/dwr/interface/AjaxComOrderService.js HTTP/1.1" 200 18264
116.224.254.208 - - [26/Apr/2024:09:12:59 +0800] "GET /xingrg/dwr/engine.js HTTP/1.1" 200 43631
116.224.254.208 - - [26/Apr/2024:09:13:00 +0800] "POST /xingrg/dwr/call/plaincall/AjaxYddbService.loadMaterielItems.dwr HTTP/1.1" 200 445
180.169.147.146 - - [26/Apr/2024:09:13:02 +0800] "POST /xingrg/dwr/call/plaincall/AjaxReportQueryService.refreshCache.dwr HTTP/1.1" 200 78
101.83.144.49 - - [26/Apr/2024:09:13:03 +0800] "GET /xingrg/all/function/internal_message.html?_=1714093985201&CODE_STATE=getMsg HTTP/1.1" 200 27
116.238.97.31 - - [26/Apr/2024:09:13:04 +0800] "GET /xingrg/all/function/internal_message.html?_=1714094007556&CODE_STATE=getMsg HTTP/1.1" 200 27
180.169.147.146 - - [26/Apr/2024:09:13:04 +0800] "POST /xingrg/all/report/load_report_page.html HTTP/1.1" 200 53147
180.169.147.146 - - [26/Apr/2024:09:13:04 +0800] "GET /xingrg/servlets/image?cache=0.9433207323669073&image=px HTTP/1.1" 200 807
116.224.254.208 - - [26/Apr/2024:09:13:05 +0800] "POST /xingrg/dwr/call/plaincall/AjaxYddbService.saveOrder.dwr HTTP/1.1" 200 78
116.224.254.208 - - [26/Apr/2024:09:13:08 +0800] "GET /xingrg/all/function/internal_message.html?_=1714093987393&CODE_STATE=getMsg HTTP/1.1" 200 27
180.164.1.25 - - [26/Apr/2024:09:13:09 +0800] "GET /xingrg/all/function/internal_message.html?_=1714093988428&CODE_STATE=getMsg HTTP/1.1" 200 27
116.238.97.31 - - [26/Apr/2024:09:13:10 +0800] "GET /xingrg/all/function/internal_message.html?_=1714093991343&CODE_STATE=getMsg HTTP/1.1" 200 27
116.238.97.31 - - [26/Apr/2024:09:13:10 +0800] "GET /xingrg/check_reg.html?_=1714093991583 HTTP/1.1" 200 22
