222.69.135.140 - - [24/Apr/2024:12:08:08 +0800] "GET /favicon.ico HTTP/1.1" 404 -
222.69.135.140 - - [24/Apr/2024:12:08:10 +0800] "POST /xingrg/login.do HTTP/1.1" 302 -
222.69.135.140 - - [24/Apr/2024:12:08:10 +0800] "GET /xingrg/index.html?sysBaseUrl=http%3A%2F%2F180.169.147.146%3A18081%2Fxingrg%2F&costTime=819×tamp=1713931690746 HTTP/1.1" 200 17179
222.69.135.140 - - [24/Apr/2024:12:08:10 +0800] "GET /favicon.ico HTTP/1.1" 404 -
222.69.135.140 - - [24/Apr/2024:12:08:11 +0800] "GET /xingrg/check_reg.html?_=1713931691289 HTTP/1.1" 200 22
222.69.135.140 - - [24/Apr/2024:12:08:11 +0800] "GET /xingrg/all/function/internal_message.html?_=1713931691288&CODE_STATE=count HTTP/1.1" 200 11
222.69.135.140 - - [24/Apr/2024:12:08:11 +0800] "POST /xingrg/all/common/load_tree.html?tree=area_rest_tree_json&manage=1 HTTP/1.1" 200 351
222.69.135.140 - - [24/Apr/2024:12:08:11 +0800] "POST /xingrg/load_menu.html HTTP/1.1" 200 5138
116.224.254.208 - - [24/Apr/2024:12:08:14 +0800] "GET /xingrg/all/function/internal_message.html?_=1713931694061&CODE_STATE=getMsg HTTP/1.1" 200 27
222.69.135.140 - - [24/Apr/2024:12:08:15 +0800] "GET /xingrg/kc/buy/cgsh_order_list.html HTTP/1.1" 200 58227
124.78.56.241 - - [24/Apr/2024:12:08:15 +0800] "GET /xingrg/kc/buy/cgsh_order_operate.html?command=get_materiel&rest_code=00141&code=00101009039&supplier_code=00100022&order_time=2024-04-24 HTTP/1.1" 200 408
124.78.56.241 - - [24/Apr/2024:12:08:15 +0800] "GET /xingrg/all/function/internal_message.html?_=1713931695791&CODE_STATE=getMsg HTTP/1.1" 200 27
222.69.135.140 - - [24/Apr/2024:12:08:17 +0800] "GET /xingrg/kc/base/base_main.html HTTP/1.1" 200 12142
222.69.135.140 - - [24/Apr/2024:12:08:17 +0800] "GET /xingrg/css/blue.css HTTP/1.1" 200 15949
222.69.135.140 - - [24/Apr/2024:12:08:17 +0800] "GET /xingrg/javascript/myfunction.js HTTP/1.1" 200 24559
222.69.135.140 - - [24/Apr/2024:12:08:17 +0800] "GET /xingrg/images/blue/button/wlsy.gif HTTP/1.1" 200 2536
222.69.135.140 - - [24/Apr/2024:12:08:17 +0800] "GET /xingrg/images/blue/button/ckpd.gif HTTP/1.1" 200 2051
222.69.135.140 - - [24/Apr/2024:12:08:17 +0800] "GET /xingrg/images/blue/pic_form2.gif HTTP/1.1" 200 1853
222.69.135.140 - - [24/Apr/2024:12:08:17 +0800] "GET /xingrg/images/blue/button/kc.gif HTTP/1.1" 200 2160
222.69.135.140 - - [24/Apr/2024:12:08:17 +0800] "GET /xingrg/images/blue/button/yddb.gif HTTP/1.1" 200 2040
222.69.135.140 - - [24/Apr/2024:12:08:17 +0800] "GET /xingrg/images/blue/button/ckdb.gif HTTP/1.1" 200 1950
222.69.135.140 - - [24/Apr/2024:12:08:17 +0800] "GET /xingrg/images/blue/bg_dotted.jpg HTTP/1.1" 200 319
222.69.135.140 - - [24/Apr/2024:12:08:17 +0800] "GET /xingrg/images/blue/button/top_left.jpg HTTP/1.1" 200 1632
222.69.135.140 - - [24/Apr/2024:12:08:17 +0800] "GET /xingrg/images/blue/button/top_right.jpg HTTP/1.1" 200 1708
222.69.135.140 - - [24/Apr/2024:12:08:17 +0800] "GET /xingrg/images/blue/button/down.jpg HTTP/1.1" 200 1560
222.69.135.140 - - [24/Apr/2024:12:08:17 +0800] "GET /xingrg/images/blue/button/right_ah.jpg HTTP/1.1" 200 1744
222.69.135.140 - - [24/Apr/2024:12:08:17 +0800] "GET /xingrg/images/blue/button/left_ah.jpg HTTP/1.1" 200 1643
222.69.135.140 - - [24/Apr/2024:12:08:17 +0800] "GET /xingrg/images/blue/button/bottom_left.jpg HTTP/1.1" 200 1524
222.69.135.140 - - [24/Apr/2024:12:08:17 +0800] "GET /xingrg/images/blue/button/bottom_right.jpg HTTP/1.1" 200 1436
222.69.135.140 - - [24/Apr/2024:12:08:17 +0800] "POST /xingrg/kc/buy/cgsh_list_operate.html HTTP/1.1" 200 645
180.164.1.25 - - [24/Apr/2024:12:08:18 +0800] "GET /xingrg/all/function/internal_message.html?_=1713931698610&CODE_STATE=getMsg HTTP/1.1" 200 27
222.69.135.140 - - [24/Apr/2024:12:08:20 +0800] "GET /xingrg/kc/base/wldb_order_list.html HTTP/1.1" 200 19057
222.69.135.140 - - [24/Apr/2024:12:08:21 +0800] "POST /xingrg/kc/base/wldb_list_operate.html HTTP/1.1" 200 928
222.69.135.140 - - [24/Apr/2024:12:08:22 +0800] "GET /xingrg/kc/base/wldb_order_add.html HTTP/1.1" 200 30388
222.69.135.140 - - [24/Apr/2024:12:08:22 +0800] "GET /xingrg/words/20240423200903_words.js HTTP/1.1" 200 1020943
222.69.135.140 - - [24/Apr/2024:12:08:22 +0800] "POST /xingrg/kc/base/wldb_order_operate.html HTTP/1.1" 200 6806
222.69.135.140 - - [24/Apr/2024:12:08:23 +0800] "GET /xingrg/all/common/auto_word.html?type=base&rest_code=00154 HTTP/1.1" 200 831
222.69.135.140 - - [24/Apr/2024:12:08:23 +0800] "GET /xingrg/all/common/auto_word.html?type=base&rest_code=00154 HTTP/1.1" 200 831
222.69.135.140 - - [24/Apr/2024:12:08:23 +0800] "GET /xingrg/javascript/easyui/themes/default/validatebox.css HTTP/1.1" 404 1104
101.80.230.31 - - [24/Apr/2024:12:08:23 +0800] "GET /xingrg/all/function/internal_message.html?_=1713931707981&CODE_STATE=getMsg HTTP/1.1" 200 27
222.69.135.140 - - [24/Apr/2024:12:08:24 +0800] "POST /xingrg/all/common/load_combo.html?type=base HTTP/1.1" 200 1491
116.224.254.208 - - [24/Apr/2024:12:08:24 +0800] "GET /xingrg/all/function/internal_message.html?_=1713931704527&CODE_STATE=getMsg HTTP/1.1" 200 27
222.69.135.140 - - [24/Apr/2024:12:08:26 +0800] "POST /xingrg/all/common/load_combo.html?type=base HTTP/1.1" 200 1491
116.238.97.31 - - [24/Apr/2024:12:08:28 +0800] "POST /xingrg/services/DataTransmitService HTTP/1.1" 200 524
180.163.29.206 - - [24/Apr/2024:12:08:29 +0800] "GET /xingrg/check_reg.html?_=1713927831782 HTTP/1.1" 302 -
180.163.29.206 - - [24/Apr/2024:12:08:29 +0800] "GET /xingrg/login.html HTTP/1.1" 200 7641
116.238.97.31 - - [24/Apr/2024:12:08:30 +0800] "POST /xingrg/services/DataTransmitService HTTP/1.1" 200 412
180.169.147.146 - - [24/Apr/2024:12:08:34 +0800] "GET /xingrg/all/function/internal_message.html?_=1713931702813&CODE_STATE=getMsg HTTP/1.1" 200 27
222.69.135.140 - - [24/Apr/2024:12:08:40 +0800] "GET /xingrg/javascript/auto/indicator.gif HTTP/1.1" 404 1066
221.239.169.251 - - [24/Apr/2024:12:08:42 +0800] "GET /xingrg/check_reg.html?_=1713931719922 HTTP/1.1" 200 22
221.239.169.251 - - [24/Apr/2024:12:08:42 +0800] "GET /xingrg/all/function/internal_message.html?_=1713931719926&CODE_STATE=getMsg HTTP/1.1" 200 27
116.232.195.13 - - [24/Apr/2024:12:08:45 +0800] "GET /xingrg/all/function/internal_message.html?_=1713931712207&CODE_STATE=getMsg HTTP/1.1" 200 27
222.70.183.82 - - [24/Apr/2024:12:08:45 +0800] "GET /xingrg/all/function/internal_message.html?_=1713931723856&CODE_STATE=getMsg HTTP/1.1" 200 27
222.69.135.140 - - [24/Apr/2024:12:08:48 +0800] "GET /xingrg/kc/base/wldb_order_operate.html?command=get_materiel&rest_code=00154&base_code=0010724&code=00101019447 HTTP/1.1" 200 472
124.78.56.241 - - [24/Apr/2024:12:08:49 +0800] "GET /xingrg/kc/buy/cgsh_order_operate.html?command=get_materiel&rest_code=00141&code=00101009047&supplier_code=00100022&order_time=2024-04-24 HTTP/1.1" 200 408
116.237.79.12 - - [24/Apr/2024:12:08:56 +0800] "GET /xingrg/all/function/internal_message.html?_=1713931731584&CODE_STATE=getMsg HTTP/1.1" 200 27
116.237.79.12 - - [24/Apr/2024:12:08:56 +0800] "GET /xingrg/check_reg.html?_=1713931731604 HTTP/1.1" 200 22
180.169.147.146 - - [24/Apr/2024:12:08:59 +0800] "POST /xingrg/kc/buy/cgsh_order_operate.html HTTP/1.1" 200 37
114.85.36.201 - - [24/Apr/2024:12:09:00 +0800] "GET /xingrg/check_reg.html?_=1713930137514 HTTP/1.1" 200 22
114.85.36.201 - - [24/Apr/2024:12:09:00 +0800] "GET /xingrg/all/function/internal_message.html?_=1713930137511&CODE_STATE=getMsg HTTP/1.1" 200 27
180.169.147.146 - - [24/Apr/2024:12:09:01 +0800] "POST /xingrg/kc/buy/cgsh_order_operate.html HTTP/1.1" 200 22784
222.69.135.140 - - [24/Apr/2024:12:09:02 +0800] "GET /xingrg/kc/base/wldb_order_operate.html?command=get_materiel&rest_code=00154&base_code=0010724&code=00101019164 HTTP/1.1" 200 466
101.83.144.49 - - [24/Apr/2024:12:09:07 +0800] "GET /xingrg/all/function/internal_message.html?_=1713931748303&CODE_STATE=getMsg HTTP/1.1" 200 27
222.69.135.140 - - [24/Apr/2024:12:09:10 +0800] "GET /xingrg/kc/base/wldb_order_operate.html?command=get_materiel&rest_code=00154&base_code=0010724&code=00101019133 HTTP/1.1" 200 480
222.69.135.140 - - [24/Apr/2024:12:09:11 +0800] "GET /xingrg/all/function/internal_message.html?_=1713931751308&CODE_STATE=getMsg HTTP/1.1" 200 27
116.224.254.208 - - [24/Apr/2024:12:09:14 +0800] "GET /xingrg/all/function/internal_message.html?_=1713931754051&CODE_STATE=getMsg HTTP/1.1" 200 27
124.78.56.241 - - [24/Apr/2024:12:09:15 +0800] "GET /xingrg/all/function/internal_message.html?_=1713931755783&CODE_STATE=getMsg HTTP/1.1" 200 27
222.69.135.140 - - [24/Apr/2024:12:09:18 +0800] "GET /xingrg/kc/base/wldb_order_operate.html?command=get_materiel&rest_code=00154&base_code=0010724&code=00101019127 HTTP/1.1" 200 479
180.164.1.25 - - [24/Apr/2024:12:09:18 +0800] "GET /xingrg/all/function/internal_message.html?_=1713931758592&CODE_STATE=getMsg HTTP/1.1" 200 27
101.80.230.31 - - [24/Apr/2024:12:09:23 +0800] "GET /xingrg/all/function/internal_message.html?_=1713931767983&CODE_STATE=getMsg HTTP/1.1" 200 27
124.78.56.241 - - [24/Apr/2024:12:09:24 +0800] "GET /xingrg/kc/buy/cgsh_order_operate.html?command=get_materiel&rest_code=00141&code=00101009079&supplier_code=00100022&order_time=2024-04-24 HTTP/1.1" 200 409
116.224.254.208 - - [24/Apr/2024:12:09:24 +0800] "GET /xingrg/all/function/internal_message.html?_=1713931764528&CODE_STATE=getMsg HTTP/1.1" 200 27
222.69.135.140 - - [24/Apr/2024:12:09:26 +0800] "GET /xingrg/kc/base/wldb_order_operate.html?command=get_materiel&rest_code=00154&base_code=0010724&code=00101040002 HTTP/1.1" 200 459
101.80.230.31 - - [24/Apr/2024:12:09:30 +0800] "GET /xingrg/kc/buy/cgsh_order_add.html HTTP/1.1" 200 74113
101.80.230.31 - - [24/Apr/2024:12:09:30 +0800] "GET /xingrg/words/20240423200903_words.js HTTP/1.1" 304 -
101.80.230.31 - - [24/Apr/2024:12:09:30 +0800] "POST /xingrg/kc/buy/cgsh_order_operate.html HTTP/1.1" 200 8245
101.80.230.31 - - [24/Apr/2024:12:09:30 +0800] "GET /xingrg/javascript/easyui/themes/default/validatebox.css HTTP/1.1" 404 1104
101.80.230.31 - - [24/Apr/2024:12:09:30 +0800] "GET /xingrg/all/common/auto_word.html?type=employee&rest_code=00156 HTTP/1.1" 200 47
101.80.230.31 - - [24/Apr/2024:12:09:30 +0800] "GET /xingrg/all/common/auto_word.html?type=employee&rest_code=00156 HTTP/1.1" 200 47
180.169.147.146 - - [24/Apr/2024:12:09:34 +0800] "GET /xingrg/all/function/internal_message.html?_=1713931762795&CODE_STATE=getMsg HTTP/1.1" 200 27
101.80.230.31 - - [24/Apr/2024:12:09:34 +0800] "GET /xingrg/javascript/jquery_tools/images/prev.gif HTTP/1.1" 404 1086
101.80.230.31 - - [24/Apr/2024:12:09:34 +0800] "GET /xingrg/javascript/jquery_tools/images/next.gif HTTP/1.1" 404 1086
222.69.135.140 - - [24/Apr/2024:12:09:37 +0800] "GET /xingrg/kc/base/wldb_order_operate.html?command=get_materiel&rest_code=00154&base_code=0010724&code=00101020451 HTTP/1.1" 200 462
124.78.56.241 - - [24/Apr/2024:12:09:38 +0800] "GET /xingrg/kc/buy/cgsh_order_operate.html?command=get_materiel&rest_code=00141&code=00101009160&supplier_code=00100022&order_time=2024-04-24 HTTP/1.1" 200 415
221.239.169.251 - - [24/Apr/2024:12:09:42 +0800] "GET /xingrg/all/function/internal_message.html?_=1713931779937&CODE_STATE=getMsg HTTP/1.1" 200 27
222.69.135.140 - - [24/Apr/2024:12:09:42 +0800] "POST /xingrg/all/common/load_select.html HTTP/1.1" 200 25
222.69.135.140 - - [24/Apr/2024:12:09:44 +0800] "GET /xingrg/kc/base/wldb_order_operate.html?command=get_materiel_price&rest_code=00154&base_code=0010724&code=00101020451&unit_code=00100090 HTTP/1.1" 200 34
116.232.195.13 - - [24/Apr/2024:12:09:45 +0800] "GET /xingrg/all/function/internal_message.html?_=1713931772221&CODE_STATE=getMsg HTTP/1.1" 200 27
222.70.183.82 - - [24/Apr/2024:12:09:45 +0800] "GET /xingrg/all/function/internal_message.html?_=1713931783840&CODE_STATE=getMsg HTTP/1.1" 200 27
101.80.230.31 - - [24/Apr/2024:12:09:46 +0800] "GET /xingrg/kc/buy/cgsh_order_operate.html?command=get_materiel&rest_code=00156&code=00101006111&supplier_code=00100012&order_time=2024-04-23 HTTP/1.1" 200 409
124.78.56.241 - - [24/Apr/2024:12:09:47 +0800] "GET /xingrg/kc/buy/cgsh_order_operate.html?command=get_materiel&rest_code=00141&code=00101009004&supplier_code=00100022&order_time=2024-04-24 HTTP/1.1" 200 409
222.69.135.140 - - [24/Apr/2024:12:09:52 +0800] "GET /xingrg/kc/base/wldb_order_operate.html?command=get_materiel&rest_code=00154&base_code=0010724&code=00101040001 HTTP/1.1" 200 467
101.80.230.31 - - [24/Apr/2024:12:09:54 +0800] "GET /xingrg/kc/buy/cgsh_order_operate.html?command=get_materiel&rest_code=00156&code=00101011005&supplier_code=00100012&order_time=2024-04-23 HTTP/1.1" 200 428
180.163.30.100 - - [24/Apr/2024:12:09:56 +0800] "GET /xingrg/check_reg.html?_=1713931731604 HTTP/1.1" 302 -
180.163.30.100 - - [24/Apr/2024:12:09:56 +0800] "GET /xingrg/login.html HTTP/1.1" 200 7641
114.85.36.201 - - [24/Apr/2024:12:10:00 +0800] "GET /xingrg/all/function/internal_message.html?_=1713930197516&CODE_STATE=getMsg HTTP/1.1" 200 27
101.80.230.31 - - [24/Apr/2024:12:10:03 +0800] "GET /xingrg/kc/buy/cgsh_order_operate.html?command=get_materiel&rest_code=00156&code=00101009028&supplier_code=00100012&order_time=2024-04-23 HTTP/1.1" 200 409
124.78.56.241 - - [24/Apr/2024:12:10:07 +0800] "GET /xingrg/kc/buy/cgsh_order_operate.html?command=get_materiel&rest_code=00141&code=00101009015&supplier_code=00100022&order_time=2024-04-24 HTTP/1.1" 200 416
101.83.144.49 - - [24/Apr/2024:12:10:07 +0800] "GET /xingrg/all/function/internal_message.html?_=1713931808281&CODE_STATE=getMsg HTTP/1.1" 200 27
116.237.79.12 - - [24/Apr/2024:12:10:08 +0800] "GET /xingrg/all/function/internal_message.html?_=1713931791561&CODE_STATE=getMsg HTTP/1.1" 200 27
222.69.135.140 - - [24/Apr/2024:12:10:11 +0800] "GET /xingrg/kc/base/wldb_order_operate.html?command=get_materiel&rest_code=00154&base_code=0010724&code=00101020450 HTTP/1.1" 200 462
222.69.135.140 - - [24/Apr/2024:12:10:11 +0800] "GET /xingrg/all/function/internal_message.html?_=1713931811341&CODE_STATE=getMsg HTTP/1.1" 200 27
101.80.230.31 - - [24/Apr/2024:12:10:11 +0800] "GET /xingrg/kc/buy/cgsh_order_operate.html?command=get_materiel&rest_code=00156&code=00101009062&supplier_code=00100012&order_time=2024-04-23 HTTP/1.1" 200 412
116.224.254.208 - - [24/Apr/2024:12:10:14 +0800] "GET /xingrg/all/function/internal_message.html?_=1713931814027&CODE_STATE=getMsg HTTP/1.1" 200 27
124.78.56.241 - - [24/Apr/2024:12:10:15 +0800] "GET /xingrg/all/function/internal_message.html?_=1713931815761&CODE_STATE=getMsg HTTP/1.1" 200 27
222.69.135.140 - - [24/Apr/2024:12:10:16 +0800] "POST /xingrg/all/common/load_select.html HTTP/1.1" 200 25
180.164.1.25 - - [24/Apr/2024:12:10:18 +0800] "GET /xingrg/all/function/internal_message.html?_=1713931818588&CODE_STATE=getMsg HTTP/1.1" 200 27
222.69.135.140 - - [24/Apr/2024:12:10:19 +0800] "GET /xingrg/kc/base/wldb_order_operate.html?command=get_materiel_price&rest_code=00154&base_code=0010724&code=00101020450&unit_code=00100090 HTTP/1.1" 200 34
101.80.230.31 - - [24/Apr/2024:12:10:23 +0800] "GET /xingrg/all/function/internal_message.html?_=1713931827985&CODE_STATE=getMsg HTTP/1.1" 200 27
101.80.230.31 - - [24/Apr/2024:12:10:23 +0800] "POST /xingrg/kc/buy/cgsh_order_operate.html HTTP/1.1" 200 37
222.69.135.140 - - [24/Apr/2024:12:10:24 +0800] "GET /xingrg/kc/base/wldb_order_operate.html?command=get_materiel&rest_code=00154&base_code=0010724&code=00101040040 HTTP/1.1" 200 459
116.224.254.208 - - [24/Apr/2024:12:10:24 +0800] "GET /xingrg/all/function/internal_message.html?_=1713931824534&CODE_STATE=getMsg HTTP/1.1" 200 27
101.80.230.31 - - [24/Apr/2024:12:10:25 +0800] "POST /xingrg/kc/buy/cgsh_order_operate.html HTTP/1.1" 200 4427
101.80.230.31 - - [24/Apr/2024:12:10:27 +0800] "GET /xingrg/kc/print/load_config.html?kc_code=cgsh HTTP/1.1" 200 1927
101.80.230.31 - - [24/Apr/2024:12:10:27 +0800] "GET /xingrg/kc/print/load_data.html?order_code=212024042406647&kc_code=cgsh&condition= HTTP/1.1" 200 1435
222.70.183.82 - - [24/Apr/2024:12:10:30 +0800] "GET /xingrg/check_reg.html?_=1713931829206 HTTP/1.1" 200 22
180.169.147.146 - - [24/Apr/2024:12:10:34 +0800] "GET /xingrg/all/function/internal_message.html?_=1713931822768&CODE_STATE=getMsg HTTP/1.1" 200 27
222.69.135.140 - - [24/Apr/2024:12:10:36 +0800] "POST /xingrg/all/common/load_select.html HTTP/1.1" 200 25
222.69.135.140 - - [24/Apr/2024:12:10:38 +0800] "GET /xingrg/kc/base/wldb_order_operate.html?command=get_materiel_price&rest_code=00154&base_code=0010724&code=00101040002&unit_code=00100619 HTTP/1.1" 200 36
221.239.169.251 - - [24/Apr/2024:12:10:42 +0800] "GET /xingrg/all/function/internal_message.html?_=1713931839917&CODE_STATE=getMsg HTTP/1.1" 200 27
116.232.195.13 - - [24/Apr/2024:12:10:45 +0800] "GET /xingrg/all/function/internal_message.html?_=1713931832221&CODE_STATE=getMsg HTTP/1.1" 200 27
222.70.183.82 - - [24/Apr/2024:12:10:45 +0800] "GET /xingrg/all/function/internal_message.html?_=1713931843826&CODE_STATE=getMsg HTTP/1.1" 200 27
222.69.135.140 - - [24/Apr/2024:12:10:47 +0800] "GET /xingrg/kc/base/wldb_order_operate.html?command=get_materiel&rest_code=00154&base_code=0010724&code=00101019739 HTTP/1.1" 200 469
180.169.147.146 - - [24/Apr/2024:12:10:49 +0800] "GET /xingrg/check_reg.html?_=1713931838261 HTTP/1.1" 200 22
116.237.79.12 - - [24/Apr/2024:12:10:56 +0800] "GET /xingrg/all/function/internal_message.html?_=1713931851546&CODE_STATE=getMsg HTTP/1.1" 200 27
222.69.135.140 - - [24/Apr/2024:12:10:58 +0800] "GET /xingrg/kc/base/wldb_order_operate.html?command=get_materiel&rest_code=00154&base_code=0010724&code=00101019071 HTTP/1.1" 200 471
114.85.36.201 - - [24/Apr/2024:12:11:00 +0800] "GET /xingrg/all/function/internal_message.html?_=1713930257502&CODE_STATE=getMsg HTTP/1.1" 200 27
101.83.144.49 - - [24/Apr/2024:12:11:07 +0800] "GET /xingrg/all/function/internal_message.html?_=1713931868258&CODE_STATE=getMsg HTTP/1.1" 200 27
222.69.135.140 - - [24/Apr/2024:12:11:10 +0800] "GET /xingrg/kc/base/wldb_order_operate.html?command=get_materiel&rest_code=00154&base_code=0010724&code=00101019391 HTTP/1.1" 200 485
222.69.135.140 - - [24/Apr/2024:12:11:11 +0800] "GET /xingrg/all/function/internal_message.html?_=1713931871321&CODE_STATE=getMsg HTTP/1.1" 200 27
116.224.254.208 - - [24/Apr/2024:12:11:14 +0800] "GET /favicon.ico HTTP/1.1" 404 -
124.78.56.241 - - [24/Apr/2024:12:11:15 +0800] "GET /xingrg/all/function/internal_message.html?_=1713931875776&CODE_STATE=getMsg HTTP/1.1" 200 27
180.164.1.25 - - [24/Apr/2024:12:11:18 +0800] "GET /xingrg/all/function/internal_message.html?_=1713931878572&CODE_STATE=getMsg HTTP/1.1" 200 27
116.224.254.208 - - [24/Apr/2024:12:11:20 +0800] "GET /xingrg/index.html?sysBaseUrl=http%3A%2F%2F180.169.147.146%3A18081%2Fxingrg%2F&costTime=14×tamp=1698040851670 HTTP/1.1" 302 -
116.224.254.208 - - [24/Apr/2024:12:11:20 +0800] "GET /xingrg/login.html HTTP/1.1" 200 7641
116.224.254.208 - - [24/Apr/2024:12:11:20 +0800] "GET /favicon.ico HTTP/1.1" 404 -
101.80.230.31 - - [24/Apr/2024:12:11:23 +0800] "GET /xingrg/all/function/internal_message.html?_=1713931887988&CODE_STATE=getMsg HTTP/1.1" 200 27
101.80.230.31 - - [24/Apr/2024:12:11:23 +0800] "GET /xingrg/check_reg.html?_=1713931887988 HTTP/1.1" 200 22
116.224.254.208 - - [24/Apr/2024:12:11:24 +0800] "GET /xingrg/all/function/internal_message.html?_=1713931884523&CODE_STATE=getMsg HTTP/1.1" 200 27
116.224.254.208 - - [24/Apr/2024:12:11:24 +0800] "GET /xingrg/check_reg.html?_=1713931884527 HTTP/1.1" 200 22
101.80.230.31 - - [24/Apr/2024:12:11:25 +0800] "GET /xingrg/kc/buy/cgsh_order_add.html HTTP/1.1" 200 74113
101.80.230.31 - - [24/Apr/2024:12:11:25 +0800] "POST /xingrg/kc/buy/cgsh_order_operate.html HTTP/1.1" 200 8245
101.80.230.31 - - [24/Apr/2024:12:11:25 +0800] "GET /xingrg/javascript/easyui/themes/default/validatebox.css HTTP/1.1" 404 1104
101.80.230.31 - - [24/Apr/2024:12:11:25 +0800] "GET /xingrg/all/common/auto_word.html?type=employee&rest_code=00156 HTTP/1.1" 200 47
101.80.230.31 - - [24/Apr/2024:12:11:25 +0800] "GET /xingrg/all/common/auto_word.html?type=employee&rest_code=00156 HTTP/1.1" 200 47
222.69.135.140 - - [24/Apr/2024:12:11:25 +0800] "POST /xingrg/kc/base/wldb_order_operate.html HTTP/1.1" 200 37
222.69.135.140 - - [24/Apr/2024:12:11:26 +0800] "POST /xingrg/kc/base/wldb_order_operate.html HTTP/1.1" 200 7236
116.232.195.13 - - [24/Apr/2024:12:11:28 +0800] "POST /xingrg/services/DataTransmitService HTTP/1.1" 200 524
116.232.195.13 - - [24/Apr/2024:12:11:29 +0800] "POST /xingrg/services/DataTransmitService HTTP/1.1" 200 501
116.232.195.13 - - [24/Apr/2024:12:11:29 +0800] "POST /xingrg/services/DataTransmitService HTTP/1.1" 200 501
124.78.56.241 - - [24/Apr/2024:12:11:31 +0800] "POST /xingrg/kc/buy/cgsh_order_operate.html HTTP/1.1" 200 37
116.232.195.13 - - [24/Apr/2024:12:11:31 +0800] "POST /xingrg/services/DataTransmitService HTTP/1.1" 200 501
116.232.195.13 - - [24/Apr/2024:12:11:31 +0800] "POST /xingrg/services/DataTransmitService HTTP/1.1" 200 501
116.232.195.13 - - [24/Apr/2024:12:11:32 +0800] "POST /xingrg/services/DataTransmitService HTTP/1.1" 200 501
116.232.195.13 - - [24/Apr/2024:12:11:33 +0800] "POST /xingrg/services/DataTransmitService HTTP/1.1" 200 501
101.80.230.31 - - [24/Apr/2024:12:11:33 +0800] "GET /xingrg/javascript/jquery_tools/images/prev.gif HTTP/1.1" 404 1086
101.80.230.31 - - [24/Apr/2024:12:11:33 +0800] "GET /xingrg/javascript/jquery_tools/images/next.gif HTTP/1.1" 404 1086
116.232.195.13 - - [24/Apr/2024:12:11:33 +0800] "POST /xingrg/services/DataTransmitService HTTP/1.1" 200 412
180.169.147.146 - - [24/Apr/2024:12:11:34 +0800] "GET /xingrg/all/function/internal_message.html?_=1713931882749&CODE_STATE=getMsg HTTP/1.1" 200 27
222.69.135.140 - - [24/Apr/2024:12:11:35 +0800] "POST /xingrg/kc/base/wldb_order_operate.html HTTP/1.1" 200 12
180.169.147.146 - - [24/Apr/2024:12:11:35 +0800] "POST /xingrg/kc/buy/cgsh_order_operate.html HTTP/1.1" 200 37
124.78.56.241 - - [24/Apr/2024:12:11:41 +0800] "POST /xingrg/kc/buy/cgsh_order_operate.html HTTP/1.1" 200 12
221.239.169.251 - - [24/Apr/2024:12:11:42 +0800] "GET /xingrg/all/function/internal_message.html?_=1713931899926&CODE_STATE=getMsg HTTP/1.1" 200 27
101.80.230.31 - - [24/Apr/2024:12:11:42 +0800] "GET /xingrg/kc/buy/cgsh_order_operate.html?command=get_materiel&rest_code=00156&code=00101008694&supplier_code=00100651&order_time=2024-04-23 HTTP/1.1" 200 420
116.232.195.13 - - [24/Apr/2024:12:11:45 +0800] "GET /xingrg/check_reg.html?_=1713931892222 HTTP/1.1" 200 22
116.232.195.13 - - [24/Apr/2024:12:11:45 +0800] "GET /xingrg/all/function/internal_message.html?_=1713931892228&CODE_STATE=getMsg HTTP/1.1" 200 27
222.70.183.82 - - [24/Apr/2024:12:11:45 +0800] "GET /xingrg/all/function/internal_message.html?_=1713931903809&CODE_STATE=getMsg HTTP/1.1" 200 27
101.80.230.31 - - [24/Apr/2024:12:11:51 +0800] "GET /xingrg/kc/buy/cgsh_order_operate.html?command=get_materiel&rest_code=00156&code=00101008318&supplier_code=00100651&order_time=2024-04-23 HTTP/1.1" 200 408
124.78.56.241 - - [24/Apr/2024:12:11:51 +0800] "GET /xingrg/kc/buy/cgsh_order_info.html?code=212024042406648 HTTP/1.1" 200 68903
124.78.56.241 - - [24/Apr/2024:12:11:52 +0800] "GET /xingrg/javascript/easyui/themes/default/validatebox.css HTTP/1.1" 404 1104
124.78.56.241 - - [24/Apr/2024:12:11:53 +0800] "POST /xingrg/kc/buy/cgsh_order_operate.html HTTP/1.1" 200 5933
124.78.56.241 - - [24/Apr/2024:12:11:55 +0800] "GET /xingrg/kc/print/load_data.html?order_code=212024042406648&kc_code=cgsh&condition= HTTP/1.1" 200 2778
116.237.79.12 - - [24/Apr/2024:12:11:56 +0800] "GET /xingrg/all/function/internal_message.html?_=1713931911532&CODE_STATE=getMsg HTTP/1.1" 200 27
101.80.230.31 - - [24/Apr/2024:12:11:58 +0800] "GET /xingrg/kc/buy/cgsh_order_operate.html?command=get_materiel&rest_code=00156&code=00101008804&supplier_code=00100651&order_time=2024-04-23 HTTP/1.1" 200 405
114.85.36.201 - - [24/Apr/2024:12:12:00 +0800] "GET /xingrg/all/function/internal_message.html?_=1713930317508&CODE_STATE=getMsg HTTP/1.1" 200 27
180.169.147.146 - - [24/Apr/2024:12:12:01 +0800] "POST /xingrg/kc/buy/cgsh_order_operate.html HTTP/1.1" 200 23373
180.169.147.146 - - [24/Apr/2024:12:12:02 +0800] "GET /xingrg/kc/print/load_config.html?kc_code=cgsh HTTP/1.1" 200 1927
180.169.147.146 - - [24/Apr/2024:12:12:03 +0800] "GET /xingrg/kc/print/load_data.html?order_code=212024042406646&kc_code=cgsh&condition= HTTP/1.1" 200 8531
101.83.144.49 - - [24/Apr/2024:12:12:07 +0800] "GET /xingrg/all/function/internal_message.html?_=1713931928229&CODE_STATE=getMsg HTTP/1.1" 200 27
101.83.144.49 - - [24/Apr/2024:12:12:09 +0800] "GET /xingrg/check_reg.html?_=1713931930116 HTTP/1.1" 200 22
101.80.230.31 - - [24/Apr/2024:12:12:10 +0800] "GET /xingrg/kc/buy/cgsh_order_operate.html?command=get_materiel&rest_code=00156&code=00101008144&supplier_code=00100651&order_time=2024-04-23 HTTP/1.1" 200 412
222.69.135.140 - - [24/Apr/2024:12:12:12 +0800] "GET /xingrg/all/function/internal_message.html?_=1713931932548&CODE_STATE=getMsg HTTP/1.1" 200 27
222.69.135.140 - - [24/Apr/2024:12:12:12 +0800] "GET /xingrg/kc/base/wldb_order_info.html?code=422024042401511 HTTP/1.1" 200 26266
222.69.135.140 - - [24/Apr/2024:12:12:12 +0800] "GET /xingrg/javascript/easyui/themes/default/validatebox.css HTTP/1.1" 404 1104
222.69.135.140 - - [24/Apr/2024:12:12:13 +0800] "POST /xingrg/kc/base/wldb_order_operate.html HTTP/1.1" 200 5419
124.78.56.241 - - [24/Apr/2024:12:12:15 +0800] "GET /xingrg/all/function/internal_message.html?_=1713931935696&CODE_STATE=getMsg HTTP/1.1" 200 27
222.69.135.140 - - [24/Apr/2024:12:12:17 +0800] "GET /xingrg/kc/base/wldb_order_add.html HTTP/1.1" 200 30388
101.80.230.31 - - [24/Apr/2024:12:12:17 +0800] "GET /xingrg/kc/buy/cgsh_order_operate.html?command=get_materiel&rest_code=00156&code=00101008185&supplier_code=00100651&order_time=2024-04-23 HTTP/1.1" 200 408
222.69.135.140 - - [24/Apr/2024:12:12:18 +0800] "POST /xingrg/kc/base/wldb_order_operate.html HTTP/1.1" 200 6806
222.69.135.140 - - [24/Apr/2024:12:12:18 +0800] "GET /xingrg/javascript/easyui/themes/default/validatebox.css HTTP/1.1" 404 1104
180.164.1.25 - - [24/Apr/2024:12:12:18 +0800] "GET /xingrg/all/function/internal_message.html?_=1713931938560&CODE_STATE=getMsg HTTP/1.1" 200 27
180.164.1.25 - - [24/Apr/2024:12:12:19 +0800] "GET /xingrg/check_reg.html?_=1713931938856 HTTP/1.1" 200 22
222.69.135.140 - - [24/Apr/2024:12:12:19 +0800] "POST /xingrg/all/common/load_combo.html?type=base HTTP/1.1" 200 1491
180.169.147.146 - - [24/Apr/2024:12:12:21 +0800] "GET /xingrg/kc/buy/cgsh_order_add.html HTTP/1.1" 200 74081
180.169.147.146 - - [24/Apr/2024:12:12:21 +0800] "POST /xingrg/kc/buy/cgsh_order_operate.html HTTP/1.1" 200 8245
180.169.147.146 - - [24/Apr/2024:12:12:21 +0800] "GET /xingrg/javascript/easyui/themes/default/validatebox.css HTTP/1.1" 404 1104
101.80.230.31 - - [24/Apr/2024:12:12:23 +0800] "GET /xingrg/all/function/internal_message.html?_=1713931947990&CODE_STATE=getMsg HTTP/1.1" 200 27
222.69.135.140 - - [24/Apr/2024:12:12:24 +0800] "POST /xingrg/all/common/load_combo.html?type=base HTTP/1.1" 200 1491
101.80.230.31 - - [24/Apr/2024:12:12:24 +0800] "GET /xingrg/kc/buy/cgsh_order_operate.html?command=get_materiel&rest_code=00156&code=00101008069&supplier_code=00100651&order_time=2024-04-23 HTTP/1.1" 200 412
116.224.254.208 - - [24/Apr/2024:12:12:24 +0800] "GET /xingrg/all/function/internal_message.html?_=1713931944519&CODE_STATE=getMsg HTTP/1.1" 200 27
180.163.28.180 - - [24/Apr/2024:12:12:25 +0800] "GET /xingrg/all/function/internal_message.html?_=1713927952973&CODE_STATE=getMsg HTTP/1.1" 302 -
180.163.28.180 - - [24/Apr/2024:12:12:25 +0800] "GET /xingrg/login.html HTTP/1.1" 200 7641
101.80.230.31 - - [24/Apr/2024:12:12:31 +0800] "GET /xingrg/kc/buy/cgsh_order_operate.html?command=get_materiel&rest_code=00156&code=00101008696&supplier_code=00100651&order_time=2024-04-23 HTTP/1.1" 200 412
222.69.135.140 - - [24/Apr/2024:12:12:32 +0800] "GET /xingrg/kc/base/wldb_order_operate.html?command=get_materiel&rest_code=00154&base_code=0010724&code=00101020335 HTTP/1.1" 200 456
180.169.147.146 - - [24/Apr/2024:12:12:34 +0800] "GET /xingrg/all/function/internal_message.html?_=1713931942741&CODE_STATE=getMsg HTTP/1.1" 200 27
124.78.56.241 - - [24/Apr/2024:12:12:34 +0800] "GET /xingrg/check_reg.html?_=1713931954565 HTTP/1.1" 200 22
114.89.74.27 - - [24/Apr/2024:12:12:38 +0800] "GET /xingrg/check_reg.html?_=1713931960970 HTTP/1.1" 200 22
101.80.230.31 - - [24/Apr/2024:12:12:39 +0800] "GET /xingrg/kc/buy/cgsh_order_operate.html?command=get_materiel&rest_code=00156&code=00101008360&supplier_code=00100651&order_time=2024-04-23 HTTP/1.1" 200 412
221.239.169.251 - - [24/Apr/2024:12:12:42 +0800] "GET /xingrg/all/function/internal_message.html?_=1713931959913&CODE_STATE=getMsg HTTP/1.1" 200 27
116.232.195.13 - - [24/Apr/2024:12:12:45 +0800] "GET /xingrg/all/function/internal_message.html?_=1713931952221&CODE_STATE=getMsg HTTP/1.1" 200 27
222.70.183.82 - - [24/Apr/2024:12:12:45 +0800] "GET /xingrg/all/function/internal_message.html?_=1713931963794&CODE_STATE=getMsg HTTP/1.1" 200 27
101.80.230.31 - - [24/Apr/2024:12:12:46 +0800] "GET /xingrg/kc/buy/cgsh_order_operate.html?command=get_materiel&rest_code=00156&code=00101008131&supplier_code=00100651&order_time=2024-04-23 HTTP/1.1" 200 408
222.69.135.140 - - [24/Apr/2024:12:12:47 +0800] "GET /xingrg/kc/base/wldb_order_operate.html?command=get_materiel&rest_code=00154&base_code=0010724&code=00101016149 HTTP/1.1" 200 460
222.69.135.140 - - [24/Apr/2024:12:12:54 +0800] "POST /xingrg/all/common/load_select.html HTTP/1.1" 200 25
101.80.230.31 - - [24/Apr/2024:12:12:55 +0800] "GET /xingrg/kc/buy/cgsh_order_operate.html?command=get_materiel&rest_code=00156&code=00101008136&supplier_code=00100651&order_time=2024-04-23 HTTP/1.1" 200 413
222.69.135.140 - - [24/Apr/2024:12:12:56 +0800] "GET /xingrg/kc/base/wldb_order_operate.html?command=get_materiel_price&rest_code=00154&base_code=0010724&code=00101016149&unit_code=00100075 HTTP/1.1" 200 35
116.237.79.12 - - [24/Apr/2024:12:12:56 +0800] "GET /xingrg/all/function/internal_message.html?_=1713931971502&CODE_STATE=getMsg HTTP/1.1" 200 27
114.85.36.201 - - [24/Apr/2024:12:13:00 +0800] "GET /xingrg/all/function/internal_message.html?_=1713930377522&CODE_STATE=getMsg HTTP/1.1" 200 27
222.69.135.140 - - [24/Apr/2024:12:13:03 +0800] "GET /xingrg/kc/base/wldb_order_operate.html?command=get_materiel&rest_code=00154&base_code=0010724&code=00101019509 HTTP/1.1" 200 463
101.83.144.49 - - [24/Apr/2024:12:13:07 +0800] "GET /xingrg/all/function/internal_message.html?_=1713931988207&CODE_STATE=getMsg HTTP/1.1" 200 27
222.69.135.140 - - [24/Apr/2024:12:13:10 +0800] "GET /xingrg/kc/base/wldb_order_operate.html?command=get_materiel&rest_code=00154&base_code=0010724&code=00101019179 HTTP/1.1" 200 450
222.69.135.140 - - [24/Apr/2024:12:13:11 +0800] "GET /xingrg/check_reg.html?_=1713931991294 HTTP/1.1" 200 22
222.69.135.140 - - [24/Apr/2024:12:13:12 +0800] "GET /xingrg/all/function/internal_message.html?_=1713931992520&CODE_STATE=getMsg HTTP/1.1" 200 27
116.224.254.208 - - [24/Apr/2024:12:13:13 +0800] "POST /xingrg/login.do HTTP/1.1" 302 -
116.224.254.208 - - [24/Apr/2024:12:13:13 +0800] "GET /xingrg/index.html?sysBaseUrl=http%3A%2F%2F180.169.147.146%3A18081%2Fxingrg%2F&costTime=970×tamp=1713931993736 HTTP/1.1" 200 17177
116.224.254.208 - - [24/Apr/2024:12:13:14 +0800] "GET /favicon.ico HTTP/1.1" 404 -
116.224.254.208 - - [24/Apr/2024:12:13:14 +0800] "POST /xingrg/all/common/load_tree.html?tree=area_rest_tree_json&manage=1 HTTP/1.1" 200 476
116.224.254.208 - - [24/Apr/2024:12:13:14 +0800] "GET /xingrg/all/function/internal_message.html?_=1713931994253&CODE_STATE=count HTTP/1.1" 200 11
116.224.254.208 - - [24/Apr/2024:12:13:14 +0800] "GET /xingrg/check_reg.html?_=1713931994255 HTTP/1.1" 200 22
116.224.254.208 - - [24/Apr/2024:12:13:14 +0800] "POST /xingrg/load_menu.html HTTP/1.1" 200 5138
124.78.56.241 - - [24/Apr/2024:12:13:15 +0800] "GET /xingrg/all/function/internal_message.html?_=1713931995670&CODE_STATE=getMsg HTTP/1.1" 200 27
116.224.254.208 - - [24/Apr/2024:12:13:16 +0800] "POST /xingrg/all/user/operate.html HTTP/1.1" 200 36
116.224.254.208 - - [24/Apr/2024:12:13:16 +0800] "GET /xingrg/index.html?sysBaseUrl=http%3A%2F%2F180.169.147.146%3A18081%2Fxingrg%2F&costTime=970×tamp=1713931993736 HTTP/1.1" 200 17179
116.224.254.208 - - [24/Apr/2024:12:13:16 +0800] "GET /xingrg/javascript/jquery_easy_ui/themes/default/easyui.css HTTP/1.1" 304 -
116.224.254.208 - - [24/Apr/2024:12:13:16 +0800] "GET /xingrg/javascript/jquery_easy_ui/themes/icon.css HTTP/1.1" 304 -
116.224.254.208 - - [24/Apr/2024:12:13:16 +0800] "GET /xingrg/css/form.css HTTP/1.1" 304 -
116.224.254.208 - - [24/Apr/2024:12:13:16 +0800] "GET /xingrg/javascript/jquery-1.4.2.min.js HTTP/1.1" 304 -
116.224.254.208 - - [24/Apr/2024:12:13:16 +0800] "GET /xingrg/javascript/jquery_easy_ui/jquery.easyui.min.js HTTP/1.1" 304 -
116.224.254.208 - - [24/Apr/2024:12:13:16 +0800] "GET /xingrg/javascript/jquery_easy_ui/easyui-lang-zh_CN.js HTTP/1.1" 304 -
116.224.254.208 - - [24/Apr/2024:12:13:16 +0800] "GET /xingrg/javascript/jquery.form.js HTTP/1.1" 304 -
116.224.254.208 - - [24/Apr/2024:12:13:16 +0800] "GET /xingrg/javascript/jquery.utils.js HTTP/1.1" 304 -
116.224.254.208 - - [24/Apr/2024:12:13:16 +0800] "GET /xingrg/javascript/jquery.timers.js HTTP/1.1" 304 -
116.224.254.208 - - [24/Apr/2024:12:13:16 +0800] "GET /xingrg/images/blue/jxLogo.png HTTP/1.1" 304 -
116.224.254.208 - - [24/Apr/2024:12:13:16 +0800] "GET /xingrg/images/blue/navBackgound.jpg HTTP/1.1" 304 -
116.224.254.208 - - [24/Apr/2024:12:13:16 +0800] "GET /xingrg/javascript/jquery_easy_ui/themes/icons/settle_new.png HTTP/1.1" 304 -
116.224.254.208 - - [24/Apr/2024:12:13:16 +0800] "GET /xingrg/all/function/internal_message.html?_=1713931996825&CODE_STATE=count HTTP/1.1" 200 11
116.224.254.208 - - [24/Apr/2024:12:13:16 +0800] "GET /xingrg/javascript/jquery_easy_ui/themes/default/images/tabs_rightarrow.png HTTP/1.1" 304 -
116.224.254.208 - - [24/Apr/2024:12:13:16 +0800] "GET /xingrg/javascript/jquery_easy_ui/themes/default/images/tabs_leftarrow.png HTTP/1.1" 304 -
116.224.254.208 - - [24/Apr/2024:12:13:16 +0800] "GET /xingrg/check_reg.html?_=1713931996826 HTTP/1.1" 200 22
116.224.254.208 - - [24/Apr/2024:12:13:16 +0800] "GET /xingrg/javascript/jquery_easy_ui/themes/default/images/panel_tool_collapse.gif HTTP/1.1" 304 -
116.224.254.208 - - [24/Apr/2024:12:13:16 +0800] "GET /xingrg/images/blue/pingpu.png HTTP/1.1" 304 -
116.224.254.208 - - [24/Apr/2024:12:13:17 +0800] "POST /xingrg/all/common/load_tree.html?tree=area_rest_tree_json&manage=1 HTTP/1.1" 200 476
116.224.254.208 - - [24/Apr/2024:12:13:17 +0800] "POST /xingrg/load_menu.html HTTP/1.1" 200 5138
180.163.29.206 - - [24/Apr/2024:12:13:17 +0800] "GET /xingrg/kc/buy/cgsh_order_list.html HTTP/1.1" 302 -
180.163.29.206 - - [24/Apr/2024:12:13:17 +0800] "GET /xingrg/login.html HTTP/1.1" 200 7641
180.164.1.25 - - [24/Apr/2024:12:13:18 +0800] "GET /xingrg/all/function/internal_message.html?_=1713931998546&CODE_STATE=getMsg HTTP/1.1" 200 27
222.69.135.140 - - [24/Apr/2024:12:13:19 +0800] "GET /xingrg/kc/base/wldb_order_operate.html?command=get_materiel&rest_code=00154&base_code=0010724&code=00101019222 HTTP/1.1" 200 453
116.224.254.208 - - [24/Apr/2024:12:13:20 +0800] "GET /xingrg/kc/mdqp/pssh_order_list.html HTTP/1.1" 200 17887
116.224.254.208 - - [24/Apr/2024:12:13:21 +0800] "POST /xingrg/kc/mdqp/pssh_list_operate.html HTTP/1.1" 200 5457
116.224.254.208 - - [24/Apr/2024:12:13:22 +0800] "POST /xingrg/kc/mdqp/pssh_list_operate.html HTTP/1.1" 200 352
101.80.230.31 - - [24/Apr/2024:12:13:23 +0800] "GET /xingrg/all/function/internal_message.html?_=1713932007993&CODE_STATE=getMsg HTTP/1.1" 200 27
116.224.254.208 - - [24/Apr/2024:12:13:24 +0800] "GET /xingrg/all/function/internal_message.html?_=1713932004529&CODE_STATE=getMsg HTTP/1.1" 200 27
101.80.230.31 - - [24/Apr/2024:12:13:28 +0800] "GET /xingrg/kc/buy/cgsh_order_operate.html?command=get_materiel&rest_code=00156&code=00101008027&supplier_code=00100651&order_time=2024-04-23 HTTP/1.1" 200 408
222.69.135.140 - - [24/Apr/2024:12:13:29 +0800] "GET /xingrg/kc/base/wldb_order_operate.html?command=get_materiel&rest_code=00154&base_code=0010724&code=00101019184 HTTP/1.1" 200 458
180.169.147.146 - - [24/Apr/2024:12:13:31 +0800] "GET /xingrg/kc/buy/cgsh_order_operate.html?command=get_materiel&rest_code=00147&code=00101007109&supplier_code=00100096&order_time=2024-04-24 HTTP/1.1" 200 409
180.169.147.146 - - [24/Apr/2024:12:13:34 +0800] "GET /xingrg/all/function/internal_message.html?_=1713932002718&CODE_STATE=getMsg HTTP/1.1" 200 27
222.69.135.140 - - [24/Apr/2024:12:13:39 +0800] "GET /xingrg/kc/base/wldb_order_operate.html?command=get_materiel&rest_code=00154&base_code=0010724&code=00101040003 HTTP/1.1" 200 460
221.239.169.251 - - [24/Apr/2024:12:13:42 +0800] "GET /xingrg/all/function/internal_message.html?_=1713932019923&CODE_STATE=getMsg HTTP/1.1" 200 27
221.239.169.251 - - [24/Apr/2024:12:13:42 +0800] "GET /xingrg/check_reg.html?_=1713932019926 HTTP/1.1" 200 22
180.169.147.146 - - [24/Apr/2024:12:13:43 +0800] "GET /xingrg/kc/buy/cgsh_order_operate.html?command=get_materiel&rest_code=00147&code=00101012051&supplier_code=00100096&order_time=2024-04-24 HTTP/1.1" 200 408
116.232.195.13 - - [24/Apr/2024:12:13:45 +0800] "GET /xingrg/all/function/internal_message.html?_=1713932012207&CODE_STATE=getMsg HTTP/1.1" 200 27
222.70.183.82 - - [24/Apr/2024:12:13:45 +0800] "GET /xingrg/all/function/internal_message.html?_=1713932023777&CODE_STATE=getMsg HTTP/1.1" 200 27
116.237.79.12 - - [24/Apr/2024:12:13:56 +0800] "GET /xingrg/all/function/internal_message.html?_=1713932031476&CODE_STATE=getMsg HTTP/1.1" 200 27
116.237.79.12 - - [24/Apr/2024:12:13:56 +0800] "GET /xingrg/check_reg.html?_=1713932031590 HTTP/1.1" 200 22
222.69.135.140 - - [24/Apr/2024:12:13:57 +0800] "GET /xingrg/kc/base/wldb_order_operate.html?command=get_materiel&rest_code=00154&base_code=0010724&code=00101040041 HTTP/1.1" 200 463
180.169.147.146 - - [24/Apr/2024:12:13:57 +0800] "GET /xingrg/kc/buy/cgsh_order_operate.html?command=get_materiel&rest_code=00147&code=00101016080&supplier_code=00100096&order_time=2024-04-24 HTTP/1.1" 200 408
101.80.230.31 - - [24/Apr/2024:12:13:58 +0800] "GET /xingrg/kc/buy/cgsh_order_operate.html?command=get_materiel&rest_code=00156&code=00101008781&supplier_code=00100651&order_time=2024-04-23 HTTP/1.1" 200 408
114.85.36.201 - - [24/Apr/2024:12:14:00 +0800] "GET /xingrg/check_reg.html?_=1713930437520 HTTP/1.1" 200 22
114.85.36.201 - - [24/Apr/2024:12:14:00 +0800] "GET /xingrg/all/function/internal_message.html?_=1713930437523&CODE_STATE=getMsg HTTP/1.1" 200 27
101.80.230.31 - - [24/Apr/2024:12:14:06 +0800] "GET /xingrg/kc/buy/cgsh_order_operate.html?command=get_materiel&rest_code=00156&code=00101008785&supplier_code=00100651&order_time=2024-04-23 HTTP/1.1" 200 409
180.169.147.146 - - [24/Apr/2024:12:14:07 +0800] "GET /xingrg/kc/buy/cgsh_order_operate.html?command=get_materiel&rest_code=00147&code=00101016025&supplier_code=00100096&order_time=2024-04-24 HTTP/1.1" 200 408
101.83.144.49 - - [24/Apr/2024:12:14:07 +0800] "GET /xingrg/all/function/internal_message.html?_=1713932048176&CODE_STATE=getMsg HTTP/1.1" 200 27
101.80.230.31 - - [24/Apr/2024:12:14:08 +0800] "GET /xingrg/javascript/auto/indicator.gif HTTP/1.1" 404 1066
222.69.135.140 - - [24/Apr/2024:12:14:12 +0800] "GET /xingrg/all/function/internal_message.html?_=1713932052499&CODE_STATE=getMsg HTTP/1.1" 200 27
222.69.135.140 - - [24/Apr/2024:12:14:14 +0800] "GET /xingrg/kc/base/wldb_order_operate.html?command=get_materiel&rest_code=00154&base_code=0010724&code=00101019249 HTTP/1.1" 200 470
124.78.56.241 - - [24/Apr/2024:12:14:15 +0800] "GET /xingrg/all/function/internal_message.html?_=1713932055647&CODE_STATE=getMsg HTTP/1.1" 200 27
116.224.254.208 - - [24/Apr/2024:12:14:16 +0800] "GET /xingrg/all/function/internal_message.html?_=1713932056845&CODE_STATE=getMsg HTTP/1.1" 200 27
101.80.230.31 - - [24/Apr/2024:12:14:17 +0800] "GET /xingrg/kc/buy/cgsh_order_operate.html?command=get_materiel&rest_code=00156&code=00101008791&supplier_code=00100651&order_time=2024-04-23 HTTP/1.1" 200 398
180.169.147.146 - - [24/Apr/2024:12:14:18 +0800] "GET /xingrg/kc/buy/cgsh_order_operate.html?command=get_materiel&rest_code=00147&code=00101007061&supplier_code=00100096&order_time=2024-04-24 HTTP/1.1" 200 411
180.164.1.25 - - [24/Apr/2024:12:14:18 +0800] "GET /xingrg/all/function/internal_message.html?_=1713932058536&CODE_STATE=getMsg HTTP/1.1" 200 27
101.80.230.31 - - [24/Apr/2024:12:14:23 +0800] "GET /xingrg/all/function/internal_message.html?_=1713932068327&CODE_STATE=getMsg HTTP/1.1" 200 27
116.224.254.208 - - [24/Apr/2024:12:14:24 +0800] "GET /xingrg/all/function/internal_message.html?_=1713932064535&CODE_STATE=getMsg HTTP/1.1" 200 27
222.69.135.140 - - [24/Apr/2024:12:14:26 +0800] "GET /xingrg/kc/base/wldb_order_operate.html?command=get_materiel&rest_code=00154&base_code=0010724&code=00101019536 HTTP/1.1" 200 471
180.169.147.146 - - [24/Apr/2024:12:14:34 +0800] "GET /xingrg/all/function/internal_message.html?_=1713932062694&CODE_STATE=getMsg HTTP/1.1" 200 27
180.163.28.180 - - [24/Apr/2024:12:14:39 +0800] "GET /xingrg/all/function/internal_message.html?_=1713928372848&CODE_STATE=getMsg HTTP/1.1" 302 -
180.163.28.180 - - [24/Apr/2024:12:14:39 +0800] "GET /xingrg/login.html HTTP/1.1" 200 7641
222.69.135.140 - - [24/Apr/2024:12:14:41 +0800] "GET /xingrg/kc/base/wldb_order_operate.html?command=get_materiel&rest_code=00154&base_code=0010724&code=00101019253 HTTP/1.1" 200 482
221.239.169.251 - - [24/Apr/2024:12:14:42 +0800] "GET /xingrg/all/function/internal_message.html?_=1713932079935&CODE_STATE=getMsg HTTP/1.1" 200 27
116.232.195.13 - - [24/Apr/2024:12:14:45 +0800] "GET /xingrg/all/function/internal_message.html?_=1713932072209&CODE_STATE=getMsg HTTP/1.1" 200 27
222.70.183.82 - - [24/Apr/2024:12:14:45 +0800] "GET /xingrg/all/function/internal_message.html?_=1713932083763&CODE_STATE=getMsg HTTP/1.1" 200 27
101.80.230.31 - - [24/Apr/2024:12:14:55 +0800] "GET /xingrg/kc/buy/cgsh_order_operate.html?command=get_materiel&rest_code=00156&code=00101008625&supplier_code=00100651&order_time=2024-04-23 HTTP/1.1" 200 410
116.237.79.12 - - [24/Apr/2024:12:14:56 +0800] "GET /xingrg/all/function/internal_message.html?_=1713932091453&CODE_STATE=getMsg HTTP/1.1" 200 27
180.163.29.79 - - [24/Apr/2024:12:14:57 +0800] "GET /xingrg/all/function/internal_message.html?_=1713932031476&CODE_STATE=getMsg HTTP/1.1" 302 -
180.163.29.79 - - [24/Apr/2024:12:14:57 +0800] "GET /xingrg/login.html HTTP/1.1" 200 7641
114.85.36.201 - - [24/Apr/2024:12:15:00 +0800] "GET /xingrg/all/function/internal_message.html?_=1713930497518&CODE_STATE=getMsg HTTP/1.1" 200 27
101.83.144.49 - - [24/Apr/2024:12:15:07 +0800] "GET /xingrg/all/function/internal_message.html?_=1713932108154&CODE_STATE=getMsg HTTP/1.1" 200 27
222.69.135.140 - - [24/Apr/2024:12:15:12 +0800] "GET /xingrg/all/function/internal_message.html?_=1713932112475&CODE_STATE=getMsg HTTP/1.1" 200 27
124.78.56.241 - - [24/Apr/2024:12:15:15 +0800] "GET /xingrg/all/function/internal_message.html?_=1713932115628&CODE_STATE=getMsg HTTP/1.1" 200 27
116.224.254.208 - - [24/Apr/2024:12:15:16 +0800] "GET /xingrg/all/function/internal_message.html?_=1713932116847&CODE_STATE=getMsg HTTP/1.1" 200 27
180.164.1.25 - - [24/Apr/2024:12:15:18 +0800] "GET /xingrg/all/function/internal_message.html?_=1713932118535&CODE_STATE=getMsg HTTP/1.1" 200 27
101.80.230.31 - - [24/Apr/2024:12:15:20 +0800] "GET /xingrg/kc/buy/cgsh_order_operate.html?command=get_materiel&rest_code=00156&code=00101008261&supplier_code=00100651&order_time=2024-04-23 HTTP/1.1" 200 408
180.163.28.55 - - [24/Apr/2024:12:15:22 +0800] "GET /xingrg/all/function/internal_message.html?_=1713931851546&CODE_STATE=getMsg HTTP/1.1" 302 -
180.163.28.55 - - [24/Apr/2024:12:15:22 +0800] "GET /xingrg/login.html HTTP/1.1" 200 7641
101.80.230.31 - - [24/Apr/2024:12:15:23 +0800] "GET /xingrg/all/function/internal_message.html?_=1713932128019&CODE_STATE=getMsg HTTP/1.1" 200 27
116.224.254.208 - - [24/Apr/2024:12:15:24 +0800] "GET /xingrg/all/function/internal_message.html?_=1713932124530&CODE_STATE=getMsg HTTP/1.1" 200 27
101.80.230.31 - - [24/Apr/2024:12:15:29 +0800] "GET /xingrg/kc/buy/cgsh_order_operate.html?command=get_materiel&rest_code=00156&code=00101008350&supplier_code=00100651&order_time=2024-04-23 HTTP/1.1" 200 408
222.70.183.82 - - [24/Apr/2024:12:15:30 +0800] "GET /xingrg/check_reg.html?_=1713932129209 HTTP/1.1" 200 22
180.169.147.146 - - [24/Apr/2024:12:15:34 +0800] "GET /xingrg/all/function/internal_message.html?_=1713932122678&CODE_STATE=getMsg HTTP/1.1" 200 27
101.80.230.31 - - [24/Apr/2024:12:15:37 +0800] "GET /xingrg/kc/buy/cgsh_order_operate.html?command=get_materiel&rest_code=00156&code=00101008321&supplier_code=00100651&order_time=2024-04-23 HTTP/1.1" 200 412
221.239.169.251 - - [24/Apr/2024:12:15:42 +0800] "GET /xingrg/all/function/internal_message.html?_=1713932139924&CODE_STATE=getMsg HTTP/1.1" 200 27
101.80.230.31 - - [24/Apr/2024:12:15:44 +0800] "GET /xingrg/kc/buy/cgsh_order_operate.html?command=get_materiel&rest_code=00156&code=00101008087&supplier_code=00100651&order_time=2024-04-23 HTTP/1.1" 200 412
116.232.195.13 - - [24/Apr/2024:12:15:45 +0800] "GET /xingrg/all/function/internal_message.html?_=1713932132215&CODE_STATE=getMsg HTTP/1.1" 200 27
222.70.183.82 - - [24/Apr/2024:12:15:45 +0800] "GET /xingrg/all/function/internal_message.html?_=1713932143734&CODE_STATE=getMsg HTTP/1.1" 200 27
101.80.230.31 - - [24/Apr/2024:12:15:48 +0800] "POST /xingrg/kc/buy/cgsh_order_operate.html HTTP/1.1" 200 2065
180.169.147.146 - - [24/Apr/2024:12:15:49 +0800] "GET /xingrg/check_reg.html?_=1713932138247 HTTP/1.1" 200 22
101.80.230.31 - - [24/Apr/2024:12:15:53 +0800] "GET /xingrg/kc/buy/cgsh_order_operate.html?command=get_materiel&rest_code=00156&code=00101008270&supplier_code=00100651&order_time=2024-04-23 HTTP/1.1" 200 412
116.237.79.12 - - [24/Apr/2024:12:15:56 +0800] "GET /xingrg/all/function/internal_message.html?_=1713932151435&CODE_STATE=getMsg HTTP/1.1" 200 27
114.85.36.201 - - [24/Apr/2024:12:16:00 +0800] "GET /xingrg/all/function/internal_message.html?_=1713930557516&CODE_STATE=getMsg HTTP/1.1" 200 27
180.163.29.217 - - [24/Apr/2024:12:16:01 +0800] "GET /xingrg/all/function/internal_message.html?_=1713928252875&CODE_STATE=getMsg HTTP/1.1" 302 -
180.163.29.217 - - [24/Apr/2024:12:16:01 +0800] "GET /xingrg/login.html HTTP/1.1" 200 7641
101.80.230.31 - - [24/Apr/2024:12:16:04 +0800] "GET /xingrg/kc/buy/cgsh_order_operate.html?command=get_materiel&rest_code=00156&code=00101008696&supplier_code=00100651&order_time=2024-04-23 HTTP/1.1" 200 412
101.83.144.49 - - [24/Apr/2024:12:16:07 +0800] "GET /xingrg/all/function/internal_message.html?_=1713932168132&CODE_STATE=getMsg HTTP/1.1" 200 27
180.169.147.146 - - [24/Apr/2024:12:16:11 +0800] "GET /xingrg/kc/buy/cgsh_order_operate.html?command=get_materiel&rest_code=00147&code=00101007181&supplier_code=00100096&order_time=2024-04-24 HTTP/1.1" 200 412
101.80.230.31 - - [24/Apr/2024:12:16:12 +0800] "GET /xingrg/kc/buy/cgsh_order_operate.html?command=get_materiel&rest_code=00156&code=00101008131&supplier_code=00100651&order_time=2024-04-23 HTTP/1.1" 200 408
222.69.135.140 - - [24/Apr/2024:12:16:12 +0800] "GET /xingrg/all/function/internal_message.html?_=1713932172445&CODE_STATE=getMsg HTTP/1.1" 200 27
124.78.56.241 - - [24/Apr/2024:12:16:15 +0800] "GET /xingrg/all/function/internal_message.html?_=1713932175603&CODE_STATE=getMsg HTTP/1.1" 200 27
116.224.254.208 - - [24/Apr/2024:12:16:16 +0800] "GET /xingrg/all/function/internal_message.html?_=1713932176850&CODE_STATE=getMsg HTTP/1.1" 200 27
180.164.1.25 - - [24/Apr/2024:12:16:18 +0800] "GET /xingrg/all/function/internal_message.html?_=1713932178520&CODE_STATE=getMsg HTTP/1.1" 200 27
222.69.135.140 - - [24/Apr/2024:12:16:20 +0800] "POST /xingrg/all/common/load_select.html HTTP/1.1" 200 25
101.80.230.31 - - [24/Apr/2024:12:16:23 +0800] "GET /xingrg/check_reg.html?_=1713932188001 HTTP/1.1" 200 22
101.80.230.31 - - [24/Apr/2024:12:16:23 +0800] "GET /xingrg/all/function/internal_message.html?_=1713932188000&CODE_STATE=getMsg HTTP/1.1" 200 27
101.80.230.31 - - [24/Apr/2024:12:16:24 +0800] "GET /xingrg/kc/buy/cgsh_order_operate.html?command=get_materiel&rest_code=00156&code=00101008356&supplier_code=00100651&order_time=2024-04-23 HTTP/1.1" 200 408
116.224.254.208 - - [24/Apr/2024:12:16:24 +0800] "GET /xingrg/check_reg.html?_=1713932184531 HTTP/1.1" 200 22
116.224.254.208 - - [24/Apr/2024:12:16:24 +0800] "GET /xingrg/all/function/internal_message.html?_=1713932184533&CODE_STATE=getMsg HTTP/1.1" 200 27
180.169.147.146 - - [24/Apr/2024:12:16:25 +0800] "GET /xingrg/kc/buy/cgsh_order_operate.html?command=get_materiel&rest_code=00147&code=00101007072&supplier_code=00100096&order_time=2024-04-24 HTTP/1.1" 200 421
180.169.147.146 - - [24/Apr/2024:12:16:34 +0800] "GET /xingrg/all/function/internal_message.html?_=1713932182657&CODE_STATE=getMsg HTTP/1.1" 200 27
101.80.230.31 - - [24/Apr/2024:12:16:37 +0800] "GET /xingrg/kc/buy/cgsh_order_operate.html?command=get_materiel&rest_code=00156&code=00101008357&supplier_code=00100651&order_time=2024-04-23 HTTP/1.1" 200 408
101.80.230.31 - - [24/Apr/2024:12:16:40 +0800] "POST /xingrg/kc/buy/cgsh_order_operate.html HTTP/1.1" 200 2065
221.239.169.251 - - [24/Apr/2024:12:16:42 +0800] "GET /xingrg/all/function/internal_message.html?_=1713932199926&CODE_STATE=getMsg HTTP/1.1" 200 27
116.232.195.13 - - [24/Apr/2024:12:16:45 +0800] "GET /xingrg/all/function/internal_message.html?_=1713932192231&CODE_STATE=getMsg HTTP/1.1" 200 27
116.232.195.13 - - [24/Apr/2024:12:16:45 +0800] "GET /xingrg/check_reg.html?_=1713932192235 HTTP/1.1" 200 22
222.70.183.82 - - [24/Apr/2024:12:16:45 +0800] "GET /xingrg/all/function/internal_message.html?_=1713932203720&CODE_STATE=getMsg HTTP/1.1" 200 27
101.80.230.31 - - [24/Apr/2024:12:16:45 +0800] "GET /xingrg/kc/buy/cgsh_order_operate.html?command=get_materiel&rest_code=00156&code=00101008298&supplier_code=00100651&order_time=2024-04-23 HTTP/1.1" 200 412
