116.237.79.12 - - [24/Apr/2024:10:26:20 +0800] "GET /xingrg/javascript/jquery_tools/jquery.tools.extend.js HTTP/1.1" 304 -
116.237.79.12 - - [24/Apr/2024:10:26:20 +0800] "GET /xingrg/javascript/jquery_tools/jquery.tools.hotkey.js HTTP/1.1" 304 -
116.237.79.12 - - [24/Apr/2024:10:26:20 +0800] "GET /xingrg/javascript/jquery_tools/jquery.tools.table.js HTTP/1.1" 304 -
116.237.79.12 - - [24/Apr/2024:10:26:20 +0800] "GET /xingrg/javascript/jquery_tools/list_manager.js HTTP/1.1" 304 -
116.237.79.12 - - [24/Apr/2024:10:26:20 +0800] "GET /xingrg/javascript/auto/jquery.autocomplete.js HTTP/1.1" 304 -
116.237.79.12 - - [24/Apr/2024:10:26:20 +0800] "GET /xingrg/javascript/easyui/easyloader.js HTTP/1.1" 304 -
116.237.79.12 - - [24/Apr/2024:10:26:20 +0800] "GET /xingrg/javascript/jquery.cookie.js HTTP/1.1" 304 -
116.237.79.12 - - [24/Apr/2024:10:26:20 +0800] "GET /xingrg/javascript/print/LodopFuncs.js HTTP/1.1" 304 -
116.237.79.12 - - [24/Apr/2024:10:26:20 +0800] "GET /xingrg/javascript/easyui/themes/icons/check_new.png HTTP/1.1" 304 -
116.237.79.12 - - [24/Apr/2024:10:26:20 +0800] "GET /xingrg/javascript/easyui/themes/icons/import_new.png HTTP/1.1" 304 -
116.237.79.12 - - [24/Apr/2024:10:26:20 +0800] "GET /xingrg/javascript/easyui/themes/icons/field_new.png HTTP/1.1" 304 -
116.237.79.12 - - [24/Apr/2024:10:26:20 +0800] "GET /xingrg/javascript/easyui/themes/icons/cance_new.png HTTP/1.1" 304 -
116.237.79.12 - - [24/Apr/2024:10:26:20 +0800] "GET /xingrg/javascript/easyui/themes/icons/edit_add_new.png HTTP/1.1" 304 -
116.237.79.12 - - [24/Apr/2024:10:26:20 +0800] "GET /xingrg/javascript/easyui/plugins/jquery.parser.js HTTP/1.1" 304 -
116.237.79.12 - - [24/Apr/2024:10:26:20 +0800] "GET /xingrg/images/control/ajaxLoader.gif HTTP/1.1" 304 -
180.163.29.206 - - [24/Apr/2024:10:26:22 +0800] "GET /xingrg/kc/buy/cgsh_order_operate.html?command=get_materiel&rest_code=00106&code=00101008101&supplier_code=00100008&order_time=2024-04-24 HTTP/1.1" 302 -
180.163.29.206 - - [24/Apr/2024:10:26:22 +0800] "GET /xingrg/login.html HTTP/1.1" 200 7641
101.80.230.31 - - [24/Apr/2024:10:26:23 +0800] "GET /xingrg/all/function/internal_message.html?_=1713925587729&CODE_STATE=getMsg HTTP/1.1" 200 27
101.80.230.31 - - [24/Apr/2024:10:26:23 +0800] "GET /xingrg/check_reg.html?_=1713925587731 HTTP/1.1" 200 22
116.237.79.12 - - [24/Apr/2024:10:26:24 +0800] "POST /xingrg/kc/buy/cgsh_list_operate.html HTTP/1.1" 200 1378
116.224.254.208 - - [24/Apr/2024:10:26:24 +0800] "GET /xingrg/all/function/internal_message.html?_=1713925584477&CODE_STATE=getMsg HTTP/1.1" 200 27
116.224.254.208 - - [24/Apr/2024:10:26:24 +0800] "GET /xingrg/check_reg.html?_=1713925584481 HTTP/1.1" 200 22
180.163.28.143 - - [24/Apr/2024:10:26:25 +0800] "GET /xingrg/kc/buy/cgsh_order_operate.html?command=get_materiel&rest_code=00106&code=00101008283&supplier_code=00100008&order_time=2024-04-24 HTTP/1.1" 302 -
180.163.28.143 - - [24/Apr/2024:10:26:25 +0800] "GET /xingrg/login.html HTTP/1.1" 200 7641
116.237.79.12 - - [24/Apr/2024:10:26:29 +0800] "GET /xingrg/javascript/easyui/themes/default/images/button_plain_hover.png HTTP/1.1" 304 -
116.237.79.12 - - [24/Apr/2024:10:26:31 +0800] "GET /xingrg/kc/buy/cgsh_order_operate.html?command=get_materiel&rest_code=00106&code=00101008087&supplier_code=00100008&order_time=2024-04-24 HTTP/1.1" 200 412
116.237.79.12 - - [24/Apr/2024:10:26:31 +0800] "GET /xingrg/kc/buy/cgsh_order_add.html HTTP/1.1" 200 74027
116.237.79.12 - - [24/Apr/2024:10:26:31 +0800] "GET /xingrg/javascript/jquery_tools/order_manager.js HTTP/1.1" 304 -
116.237.79.12 - - [24/Apr/2024:10:26:31 +0800] "GET /xingrg/javascript/convert.js HTTP/1.1" 304 -
116.237.79.12 - - [24/Apr/2024:10:26:31 +0800] "GET /xingrg/javascript/json2.js HTTP/1.1" 304 -
116.237.79.12 - - [24/Apr/2024:10:26:31 +0800] "GET /xingrg/javascript/print/kc_print.js HTTP/1.1" 304 -
116.237.79.12 - - [24/Apr/2024:10:26:31 +0800] "GET /xingrg/words/20240423200903_words.js HTTP/1.1" 200 1020943
116.237.79.12 - - [24/Apr/2024:10:26:31 +0800] "GET /xingrg/javascript/easyui/themes/icons/ok.png HTTP/1.1" 200 883
116.237.79.12 - - [24/Apr/2024:10:26:31 +0800] "GET /xingrg/javascript/easyui/themes/icons/copy_new.png HTTP/1.1" 304 -
116.237.79.12 - - [24/Apr/2024:10:26:31 +0800] "GET /xingrg/javascript/easyui/themes/icons/template_new.png HTTP/1.1" 200 3956
116.237.79.12 - - [24/Apr/2024:10:26:31 +0800] "GET /xingrg/javascript/easyui/themes/icons/print.png HTTP/1.1" 304 -
116.237.79.12 - - [24/Apr/2024:10:26:31 +0800] "GET /xingrg/javascript/easyui/themes/default/images/menu_downarrow.png HTTP/1.1" 304 -
116.237.79.12 - - [24/Apr/2024:10:26:31 +0800] "GET /xingrg/javascript/easyui/themes/icons/cancel.png HTTP/1.1" 304 -
116.237.79.12 - - [24/Apr/2024:10:26:32 +0800] "POST /xingrg/kc/buy/cgsh_order_operate.html HTTP/1.1" 200 8245
116.237.79.12 - - [24/Apr/2024:10:26:32 +0800] "GET /xingrg/javascript/easyui/themes/default/validatebox.css HTTP/1.1" 404 1104
116.237.79.12 - - [24/Apr/2024:10:26:32 +0800] "GET /xingrg/javascript/easyui/plugins/jquery.validatebox.js HTTP/1.1" 304 -
116.237.79.12 - - [24/Apr/2024:10:26:32 +0800] "GET /xingrg/javascript/easyui/plugins/jquery.numberbox.js HTTP/1.1" 304 -
116.237.79.12 - - [24/Apr/2024:10:26:32 +0800] "GET /xingrg/all/common/auto_word.html?type=employee&rest_code=00106 HTTP/1.1" 200 205
116.237.79.12 - - [24/Apr/2024:10:26:32 +0800] "GET /xingrg/all/common/auto_word.html?type=employee&rest_code=00106 HTTP/1.1" 200 205
116.237.79.12 - - [24/Apr/2024:10:26:32 +0800] "GET /xingrg/javascript/easyui/themes/icons/edit_remove.png HTTP/1.1" 304 -
180.169.147.146 - - [24/Apr/2024:10:26:36 +0800] "GET /xingrg/all/function/internal_message.html?_=1713925584432&CODE_STATE=getMsg HTTP/1.1" 200 27
180.163.28.109 - - [24/Apr/2024:10:26:36 +0800] "GET /xingrg/kc/buy/cgsh_order_operate.html?command=get_materiel&rest_code=00106&code=00101008306&supplier_code=00100008&order_time=2024-04-24 HTTP/1.1" 302 -
180.163.28.109 - - [24/Apr/2024:10:26:36 +0800] "GET /xingrg/login.html HTTP/1.1" 200 7641
116.237.79.12 - - [24/Apr/2024:10:26:44 +0800] "GET /xingrg/kc/buy/cgsh_order_operate.html?command=get_materiel&rest_code=00106&code=00101008261&supplier_code=00100008&order_time=2024-04-24 HTTP/1.1" 200 408
116.232.195.13 - - [24/Apr/2024:10:26:44 +0800] "GET /xingrg/check_reg.html?_=1713925592217 HTTP/1.1" 200 22
116.232.195.13 - - [24/Apr/2024:10:26:44 +0800] "GET /xingrg/all/function/internal_message.html?_=1713925592225&CODE_STATE=getMsg HTTP/1.1" 200 27
116.237.79.12 - - [24/Apr/2024:10:26:46 +0800] "GET /xingrg/javascript/easyui/plugins/jquery.draggable.js HTTP/1.1" 200 6121
116.237.79.12 - - [24/Apr/2024:10:26:46 +0800] "GET /xingrg/css/images/panel_loading.gif HTTP/1.1" 200 1737
116.237.79.12 - - [24/Apr/2024:10:26:46 +0800] "GET /xingrg/javascript/easyui/plugins/jquery.droppable.js HTTP/1.1" 200 1167
116.237.79.12 - - [24/Apr/2024:10:26:46 +0800] "GET /xingrg/javascript/easyui/plugins/jquery.tree.js HTTP/1.1" 200 20874
116.237.79.12 - - [24/Apr/2024:10:26:46 +0800] "GET /xingrg/javascript/easyui/themes/default/tree.css HTTP/1.1" 404 1090
116.237.79.12 - - [24/Apr/2024:10:26:47 +0800] "POST /xingrg/all/common/load_tree.html?tree=supplier_tree_json&isDelete=1 HTTP/1.1" 200 79499
116.237.79.12 - - [24/Apr/2024:10:26:48 +0800] "GET /xingrg/javascript/easyui/themes/default/images/tree_file.gif HTTP/1.1" 200 118
116.237.79.12 - - [24/Apr/2024:10:26:48 +0800] "GET /xingrg/javascript/easyui/themes/default/images/tree_arrows.gif HTTP/1.1" 200 617
116.237.79.12 - - [24/Apr/2024:10:26:48 +0800] "GET /xingrg/javascript/easyui/themes/default/images/tree_folder_open.gif HTTP/1.1" 200 956
116.237.79.12 - - [24/Apr/2024:10:26:48 +0800] "GET /xingrg/javascript/easyui/themes/default/images/tree_folder.gif HTTP/1.1" 200 952
114.89.74.27 - - [24/Apr/2024:10:26:48 +0800] "GET /xingrg/all/function/internal_message.html?_=1713925610764&CODE_STATE=getMsg HTTP/1.1" 200 27
116.232.32.199 - - [24/Apr/2024:10:26:49 +0800] "POST /xingrg/services/DataTransmitService HTTP/1.1" 200 524
222.69.135.140 - - [24/Apr/2024:10:26:51 +0800] "GET /xingrg/all/function/internal_message.html?_=1713925611382&CODE_STATE=getMsg HTTP/1.1" 200 27
116.237.79.12 - - [24/Apr/2024:10:26:55 +0800] "GET /xingrg/all/function/internal_message.html?_=1713925610718&CODE_STATE=getMsg HTTP/1.1" 200 27
116.224.254.208 - - [24/Apr/2024:10:27:08 +0800] "GET /xingrg/all/function/internal_message.html?_=1713925628831&CODE_STATE=getMsg HTTP/1.1" 200 27
116.224.254.208 - - [24/Apr/2024:10:27:09 +0800] "GET /xingrg/check_reg.html?_=1713925629421 HTTP/1.1" 200 22
58.40.7.146 - - [24/Apr/2024:10:27:09 +0800] "GET /xingrg/check_reg.html?_=1713925629533 HTTP/1.1" 200 22
58.40.7.146 - - [24/Apr/2024:10:27:09 +0800] "GET /xingrg/all/function/internal_message.html?_=1713925629535&CODE_STATE=getMsg HTTP/1.1" 200 27
116.237.79.12 - - [24/Apr/2024:10:27:09 +0800] "POST /xingrg/kc/buy/cgsh_order_operate.html HTTP/1.1" 200 2065
222.70.183.82 - - [24/Apr/2024:10:27:11 +0800] "GET /xingrg/kc/buy/cgsh_order_add.html HTTP/1.1" 200 73989
222.70.183.82 - - [24/Apr/2024:10:27:12 +0800] "POST /xingrg/kc/buy/cgsh_order_operate.html HTTP/1.1" 200 8245
222.70.183.82 - - [24/Apr/2024:10:27:12 +0800] "GET /xingrg/javascript/easyui/themes/default/validatebox.css HTTP/1.1" 404 1104
222.70.183.82 - - [24/Apr/2024:10:27:12 +0800] "GET /xingrg/all/function/internal_message.html?_=1713925631057&CODE_STATE=getMsg HTTP/1.1" 200 27
116.237.79.12 - - [24/Apr/2024:10:27:13 +0800] "GET /xingrg/all/function/internal_message.html?_=1713925633376&CODE_STATE=getMsg HTTP/1.1" 200 27
124.78.56.241 - - [24/Apr/2024:10:27:15 +0800] "GET /xingrg/all/function/internal_message.html?_=1713925635698&CODE_STATE=getMsg HTTP/1.1" 200 27
116.237.79.12 - - [24/Apr/2024:10:27:16 +0800] "GET /xingrg/kc/buy/cgsh_order_operate.html?command=get_materiel&rest_code=00106&code=00101008059&supplier_code=00100008&order_time=2024-04-24 HTTP/1.1" 200 408
180.164.1.25 - - [24/Apr/2024:10:27:19 +0800] "GET /xingrg/all/function/internal_message.html?_=1713925638852&CODE_STATE=getMsg HTTP/1.1" 200 27
180.164.1.25 - - [24/Apr/2024:10:27:19 +0800] "GET /xingrg/check_reg.html?_=1713925638855 HTTP/1.1" 200 22
101.80.230.31 - - [24/Apr/2024:10:27:23 +0800] "GET /xingrg/all/function/internal_message.html?_=1713925647732&CODE_STATE=getMsg HTTP/1.1" 200 27
116.224.254.208 - - [24/Apr/2024:10:27:24 +0800] "GET /xingrg/all/function/internal_message.html?_=1713925644490&CODE_STATE=getMsg HTTP/1.1" 200 27
116.237.79.12 - - [24/Apr/2024:10:27:26 +0800] "POST /xingrg/kc/buy/cgsh_order_operate.html HTTP/1.1" 200 37
116.237.79.12 - - [24/Apr/2024:10:27:27 +0800] "GET /xingrg/javascript/auto/indicator.gif HTTP/1.1" 404 1066
116.237.79.12 - - [24/Apr/2024:10:27:32 +0800] "POST /xingrg/kc/buy/cgsh_order_operate.html HTTP/1.1" 200 26311
124.78.56.241 - - [24/Apr/2024:10:27:34 +0800] "GET /xingrg/check_reg.html?_=1713925654411 HTTP/1.1" 200 22
180.169.147.146 - - [24/Apr/2024:10:27:36 +0800] "GET /xingrg/all/function/internal_message.html?_=1713925644414&CODE_STATE=getMsg HTTP/1.1" 200 27
116.237.79.12 - - [24/Apr/2024:10:27:40 +0800] "GET /xingrg/kc/buy/cgsh_order_operate.html?command=get_materiel&rest_code=00106&code=00101008368&supplier_code=00100008&order_time=2024-04-24 HTTP/1.1" 200 408
222.70.183.82 - - [24/Apr/2024:10:27:41 +0800] "GET /xingrg/kc/buy/cgsh_order_operate.html?command=get_materiel&rest_code=00111&code=00101010646&supplier_code=00100325&order_time=2024-04-24 HTTP/1.1" 200 422
116.232.195.13 - - [24/Apr/2024:10:27:44 +0800] "GET /xingrg/all/function/internal_message.html?_=1713925652223&CODE_STATE=getMsg HTTP/1.1" 200 27
114.89.74.27 - - [24/Apr/2024:10:27:48 +0800] "GET /xingrg/all/function/internal_message.html?_=1713925670762&CODE_STATE=getMsg HTTP/1.1" 200 27
116.237.79.12 - - [24/Apr/2024:10:27:50 +0800] "GET /xingrg/kc/buy/cgsh_order_operate.html?command=get_materiel&rest_code=00106&code=00101027001&supplier_code=00100017&order_time=2024-04-24 HTTP/1.1" 200 470
222.69.135.140 - - [24/Apr/2024:10:27:51 +0800] "GET /xingrg/all/function/internal_message.html?_=1713925671398&CODE_STATE=getMsg HTTP/1.1" 200 27
222.69.135.140 - - [24/Apr/2024:10:27:51 +0800] "GET /xingrg/check_reg.html?_=1713925671400 HTTP/1.1" 200 22
116.237.79.12 - - [24/Apr/2024:10:27:55 +0800] "GET /xingrg/all/function/internal_message.html?_=1713925670698&CODE_STATE=getMsg HTTP/1.1" 200 27
222.70.183.82 - - [24/Apr/2024:10:27:58 +0800] "POST /xingrg/kc/buy/cgsh_order_operate.html HTTP/1.1" 200 37
180.163.28.55 - - [24/Apr/2024:10:27:59 +0800] "GET /xingrg/kc/buy/cgsh_order_operate.html?command=get_materiel&rest_code=00106&code=00101008353&supplier_code=00100008&order_time=2024-04-24 HTTP/1.1" 302 -
180.163.28.55 - - [24/Apr/2024:10:27:59 +0800] "GET /xingrg/login.html HTTP/1.1" 200 7641
222.70.245.31 - - [24/Apr/2024:10:28:05 +0800] "POST /xingrg/services/DataTransmitService HTTP/1.1" 200 524
116.224.254.208 - - [24/Apr/2024:10:28:08 +0800] "GET /xingrg/all/function/internal_message.html?_=1713925688815&CODE_STATE=getMsg HTTP/1.1" 200 27
58.40.7.146 - - [24/Apr/2024:10:28:09 +0800] "GET /xingrg/all/function/internal_message.html?_=1713925689521&CODE_STATE=getMsg HTTP/1.1" 200 27
116.237.79.12 - - [24/Apr/2024:10:28:11 +0800] "POST /xingrg/kc/buy/cgsh_order_operate.html HTTP/1.1" 200 205
222.70.183.82 - - [24/Apr/2024:10:28:12 +0800] "GET /xingrg/all/function/internal_message.html?_=1713925691035&CODE_STATE=getMsg HTTP/1.1" 200 27
180.163.28.109 - - [24/Apr/2024:10:28:13 +0800] "GET /xingrg/all/function/internal_message.html?_=1713925550741&CODE_STATE=getMsg HTTP/1.1" 302 -
116.237.79.12 - - [24/Apr/2024:10:28:13 +0800] "GET /xingrg/all/function/internal_message.html?_=1713925693380&CODE_STATE=getMsg HTTP/1.1" 200 27
180.163.28.109 - - [24/Apr/2024:10:28:13 +0800] "GET /xingrg/login.html HTTP/1.1" 200 7641
222.70.183.82 - - [24/Apr/2024:10:28:15 +0800] "POST /xingrg/kc/buy/cgsh_order_operate.html HTTP/1.1" 200 12
124.78.56.241 - - [24/Apr/2024:10:28:15 +0800] "GET /xingrg/all/function/internal_message.html?_=1713925695689&CODE_STATE=getMsg HTTP/1.1" 200 27
222.70.183.82 - - [24/Apr/2024:10:28:17 +0800] "GET /xingrg/kc/buy/cgsh_order_info.html?code=212024042406512 HTTP/1.1" 200 68865
222.70.183.82 - - [24/Apr/2024:10:28:17 +0800] "GET /xingrg/javascript/easyui/themes/default/validatebox.css HTTP/1.1" 404 1104
180.164.1.25 - - [24/Apr/2024:10:28:19 +0800] "GET /xingrg/all/function/internal_message.html?_=1713925698868&CODE_STATE=getMsg HTTP/1.1" 200 27
222.70.183.82 - - [24/Apr/2024:10:28:20 +0800] "POST /xingrg/kc/buy/cgsh_order_operate.html HTTP/1.1" 200 15
116.237.79.12 - - [24/Apr/2024:10:28:20 +0800] "POST /xingrg/kc/buy/cgsh_order_operate.html HTTP/1.1" 200 37
116.237.79.12 - - [24/Apr/2024:10:28:22 +0800] "POST /xingrg/kc/buy/cgsh_order_operate.html HTTP/1.1" 200 26899
101.80.230.31 - - [24/Apr/2024:10:28:23 +0800] "GET /xingrg/all/function/internal_message.html?_=1713925707734&CODE_STATE=getMsg HTTP/1.1" 200 27
222.70.183.82 - - [24/Apr/2024:10:28:23 +0800] "GET /xingrg/kc/print/load_data.html?order_code=212024042406512&kc_code=cgsh&condition= HTTP/1.1" 200 709
116.224.254.208 - - [24/Apr/2024:10:28:24 +0800] "GET /xingrg/all/function/internal_message.html?_=1713925704486&CODE_STATE=getMsg HTTP/1.1" 200 27
222.70.183.82 - - [24/Apr/2024:10:28:32 +0800] "GET /xingrg/kc/buy/cgsh_order_add.html HTTP/1.1" 200 73989
222.70.183.82 - - [24/Apr/2024:10:28:32 +0800] "POST /xingrg/kc/buy/cgsh_order_operate.html HTTP/1.1" 200 8245
222.70.183.82 - - [24/Apr/2024:10:28:32 +0800] "GET /xingrg/javascript/easyui/themes/default/validatebox.css HTTP/1.1" 404 1104
116.237.79.12 - - [24/Apr/2024:10:28:32 +0800] "GET /xingrg/kc/buy/cgsh_order_operate.html?command=get_materiel&rest_code=00106&code=00101008223&supplier_code=00100008&order_time=2024-04-24 HTTP/1.1" 200 412
116.237.79.12 - - [24/Apr/2024:10:28:35 +0800] "GET /xingrg/kc/buy/cgsh_order_operate.html?command=get_materiel&rest_code=00106&code=00101028011&supplier_code=00100017&order_time=2024-04-24 HTTP/1.1" 200 454
180.169.147.146 - - [24/Apr/2024:10:28:35 +0800] "GET /xingrg/all/function/internal_message.html?_=1713925704398&CODE_STATE=getMsg HTTP/1.1" 200 27
180.163.28.114 - - [24/Apr/2024:10:28:44 +0800] "GET /xingrg/all/function/internal_message.html?_=1713925430031&CODE_STATE=getMsg HTTP/1.1" 302 -
180.163.28.114 - - [24/Apr/2024:10:28:44 +0800] "GET /xingrg/login.html HTTP/1.1" 200 7641
116.232.195.13 - - [24/Apr/2024:10:28:44 +0800] "GET /xingrg/all/function/internal_message.html?_=1713925712216&CODE_STATE=getMsg HTTP/1.1" 200 27
222.70.183.82 - - [24/Apr/2024:10:28:48 +0800] "GET /xingrg/kc/buy/cgsh_order_operate.html?command=get_materiel&rest_code=00111&code=00101001291&supplier_code=00100479&order_time=2024-04-24 HTTP/1.1" 200 419
114.89.74.27 - - [24/Apr/2024:10:28:48 +0800] "GET /xingrg/all/function/internal_message.html?_=1713925730770&CODE_STATE=getMsg HTTP/1.1" 200 27
222.69.135.140 - - [24/Apr/2024:10:28:51 +0800] "GET /xingrg/all/function/internal_message.html?_=1713925731391&CODE_STATE=getMsg HTTP/1.1" 200 27
116.237.79.12 - - [24/Apr/2024:10:28:55 +0800] "GET /xingrg/check_reg.html?_=1713925730042 HTTP/1.1" 200 22
116.237.79.12 - - [24/Apr/2024:10:28:55 +0800] "GET /xingrg/all/function/internal_message.html?_=1713925730674&CODE_STATE=getMsg HTTP/1.1" 200 27
222.70.183.82 - - [24/Apr/2024:10:28:59 +0800] "POST /xingrg/kc/buy/cgsh_order_operate.html HTTP/1.1" 200 37
116.237.79.12 - - [24/Apr/2024:10:29:06 +0800] "GET /xingrg/kc/buy/cgsh_order_operate.html?command=get_materiel&rest_code=00106&code=00101029119&supplier_code=00100017&order_time=2024-04-24 HTTP/1.1" 200 436
116.224.254.208 - - [24/Apr/2024:10:29:08 +0800] "GET /xingrg/all/function/internal_message.html?_=1713925748802&CODE_STATE=getMsg HTTP/1.1" 200 27
58.40.7.146 - - [24/Apr/2024:10:29:09 +0800] "GET /xingrg/all/function/internal_message.html?_=1713925749523&CODE_STATE=getMsg HTTP/1.1" 200 27
222.70.183.82 - - [24/Apr/2024:10:29:09 +0800] "POST /xingrg/kc/buy/cgsh_order_operate.html HTTP/1.1" 200 12
116.237.79.12 - - [24/Apr/2024:10:29:13 +0800] "GET /xingrg/all/function/internal_message.html?_=1713925753376&CODE_STATE=getMsg HTTP/1.1" 200 27
124.78.56.241 - - [24/Apr/2024:10:29:15 +0800] "GET /xingrg/all/function/internal_message.html?_=1713925755670&CODE_STATE=getMsg HTTP/1.1" 200 27
222.70.183.82 - - [24/Apr/2024:10:29:19 +0800] "GET /xingrg/kc/buy/cgsh_order_info.html?code=212024042406513 HTTP/1.1" 200 68869
180.164.1.25 - - [24/Apr/2024:10:29:19 +0800] "GET /xingrg/all/function/internal_message.html?_=1713925758867&CODE_STATE=getMsg HTTP/1.1" 200 27
222.70.183.82 - - [24/Apr/2024:10:29:19 +0800] "GET /xingrg/javascript/easyui/themes/default/validatebox.css HTTP/1.1" 404 1104
222.70.183.82 - - [24/Apr/2024:10:29:20 +0800] "POST /xingrg/kc/buy/cgsh_order_operate.html HTTP/1.1" 200 612
101.80.230.31 - - [24/Apr/2024:10:29:23 +0800] "GET /xingrg/all/function/internal_message.html?_=1713925767737&CODE_STATE=getMsg HTTP/1.1" 200 27
222.70.183.82 - - [24/Apr/2024:10:29:23 +0800] "GET /xingrg/kc/print/load_data.html?order_code=212024042406513&kc_code=cgsh&condition= HTTP/1.1" 200 703
116.224.254.208 - - [24/Apr/2024:10:29:24 +0800] "GET /xingrg/all/function/internal_message.html?_=1713925764482&CODE_STATE=getMsg HTTP/1.1" 200 27
222.70.183.82 - - [24/Apr/2024:10:29:28 +0800] "GET /xingrg/kc/buy/cgsh_order_add.html HTTP/1.1" 200 73989
222.70.183.82 - - [24/Apr/2024:10:29:28 +0800] "POST /xingrg/kc/buy/cgsh_order_operate.html HTTP/1.1" 200 8245
222.70.183.82 - - [24/Apr/2024:10:29:28 +0800] "GET /xingrg/javascript/easyui/themes/default/validatebox.css HTTP/1.1" 404 1104
180.163.28.55 - - [24/Apr/2024:10:29:30 +0800] "GET /xingrg/kc/buy/cgsh_order_operate.html?command=get_materiel&rest_code=00106&code=00101008223&supplier_code=00100008&order_time=2024-04-24 HTTP/1.1" 302 -
180.163.28.55 - - [24/Apr/2024:10:29:30 +0800] "GET /xingrg/login.html HTTP/1.1" 200 7641
180.169.147.146 - - [24/Apr/2024:10:29:35 +0800] "GET /xingrg/all/function/internal_message.html?_=1713925764382&CODE_STATE=getMsg HTTP/1.1" 200 27
222.70.183.82 - - [24/Apr/2024:10:29:43 +0800] "GET /xingrg/kc/buy/cgsh_order_operate.html?command=get_materiel&rest_code=00111&code=00101010869&supplier_code=00100329&order_time=2024-04-24 HTTP/1.1" 200 438
116.232.195.13 - - [24/Apr/2024:10:29:44 +0800] "GET /xingrg/all/function/internal_message.html?_=1713925772227&CODE_STATE=getMsg HTTP/1.1" 200 27
114.89.74.27 - - [24/Apr/2024:10:29:48 +0800] "GET /xingrg/check_reg.html?_=1713925790762 HTTP/1.1" 200 22
114.89.74.27 - - [24/Apr/2024:10:29:48 +0800] "GET /xingrg/all/function/internal_message.html?_=1713925790764&CODE_STATE=getMsg HTTP/1.1" 200 27
222.69.135.140 - - [24/Apr/2024:10:29:51 +0800] "GET /xingrg/all/function/internal_message.html?_=1713925791405&CODE_STATE=getMsg HTTP/1.1" 200 27
116.237.79.12 - - [24/Apr/2024:10:29:55 +0800] "GET /xingrg/all/function/internal_message.html?_=1713925790655&CODE_STATE=getMsg HTTP/1.1" 200 27
222.70.183.82 - - [24/Apr/2024:10:30:01 +0800] "POST /xingrg/kc/buy/cgsh_order_operate.html HTTP/1.1" 200 37
116.224.254.208 - - [24/Apr/2024:10:30:08 +0800] "GET /xingrg/all/function/internal_message.html?_=1713925808787&CODE_STATE=getMsg HTTP/1.1" 200 27
116.237.79.12 - - [24/Apr/2024:10:30:12 +0800] "POST /xingrg/kc/buy/cgsh_order_operate.html HTTP/1.1" 200 37
124.78.56.241 - - [24/Apr/2024:10:30:15 +0800] "GET /xingrg/all/function/internal_message.html?_=1713925815657&CODE_STATE=getMsg HTTP/1.1" 200 27
116.237.79.12 - - [24/Apr/2024:10:30:16 +0800] "GET /xingrg/kc/buy/cgsh_order_operate.html?command=get_materiel&rest_code=00106&code=00101008168&supplier_code=00100008&order_time=2024-04-24 HTTP/1.1" 200 412
116.237.79.12 - - [24/Apr/2024:10:30:16 +0800] "GET /xingrg/all/function/internal_message.html?_=1713925816524&CODE_STATE=getMsg HTTP/1.1" 200 27
116.237.79.12 - - [24/Apr/2024:10:30:18 +0800] "POST /xingrg/kc/buy/cgsh_order_operate.html HTTP/1.1" 200 3927
180.164.1.25 - - [24/Apr/2024:10:30:19 +0800] "GET /xingrg/all/function/internal_message.html?_=1713925818867&CODE_STATE=getMsg HTTP/1.1" 200 27
101.80.230.31 - - [24/Apr/2024:10:30:23 +0800] "GET /xingrg/all/function/internal_message.html?_=1713925827739&CODE_STATE=getMsg HTTP/1.1" 200 27
116.224.254.208 - - [24/Apr/2024:10:30:24 +0800] "GET /xingrg/all/function/internal_message.html?_=1713925824498&CODE_STATE=getMsg HTTP/1.1" 200 27
222.70.183.82 - - [24/Apr/2024:10:30:24 +0800] "POST /xingrg/kc/buy/cgsh_order_operate.html HTTP/1.1" 200 12
222.70.183.82 - - [24/Apr/2024:10:30:27 +0800] "GET /xingrg/kc/buy/cgsh_order_info.html?code=212024042406514 HTTP/1.1" 200 68865
222.70.183.82 - - [24/Apr/2024:10:30:27 +0800] "GET /xingrg/javascript/easyui/themes/default/validatebox.css HTTP/1.1" 404 1104
222.70.183.82 - - [24/Apr/2024:10:30:29 +0800] "POST /xingrg/kc/buy/cgsh_order_operate.html HTTP/1.1" 200 627
222.70.183.82 - - [24/Apr/2024:10:30:31 +0800] "GET /xingrg/kc/print/load_data.html?order_code=212024042406514&kc_code=cgsh&condition= HTTP/1.1" 200 726
116.237.79.12 - - [24/Apr/2024:10:30:34 +0800] "GET /xingrg/kc/buy/cgsh_order_operate.html?command=get_materiel&rest_code=00106&code=00101008041&supplier_code=00100008&order_time=2024-04-24 HTTP/1.1" 200 408
180.169.147.146 - - [24/Apr/2024:10:30:35 +0800] "GET /xingrg/all/function/internal_message.html?_=1713925824365&CODE_STATE=getMsg HTTP/1.1" 200 27
222.70.183.82 - - [24/Apr/2024:10:30:38 +0800] "GET /xingrg/kc/buy/cgsh_order_add.html HTTP/1.1" 200 73989
222.70.183.82 - - [24/Apr/2024:10:30:38 +0800] "POST /xingrg/kc/buy/cgsh_order_operate.html HTTP/1.1" 200 8245
222.70.183.82 - - [24/Apr/2024:10:30:38 +0800] "GET /xingrg/javascript/easyui/themes/default/validatebox.css HTTP/1.1" 404 1104
116.232.195.13 - - [24/Apr/2024:10:30:44 +0800] "GET /xingrg/all/function/internal_message.html?_=1713925832216&CODE_STATE=getMsg HTTP/1.1" 200 27
114.89.74.27 - - [24/Apr/2024:10:30:48 +0800] "GET /xingrg/all/function/internal_message.html?_=1713925850762&CODE_STATE=getMsg HTTP/1.1" 200 27
116.224.254.208 - - [24/Apr/2024:10:30:48 +0800] "POST /xingrg/services/DataTransmitService HTTP/1.1" 200 524
180.169.147.146 - - [24/Apr/2024:10:30:50 +0800] "GET /xingrg/check_reg.html?_=1713925838624 HTTP/1.1" 200 22
222.69.135.140 - - [24/Apr/2024:10:30:51 +0800] "GET /xingrg/all/function/internal_message.html?_=1713925851405&CODE_STATE=getMsg HTTP/1.1" 200 27
116.237.79.12 - - [24/Apr/2024:10:30:55 +0800] "GET /xingrg/all/function/internal_message.html?_=1713925850627&CODE_STATE=getMsg HTTP/1.1" 200 27
222.70.183.82 - - [24/Apr/2024:10:31:00 +0800] "GET /xingrg/kc/buy/cgsh_order_operate.html?command=get_materiel&rest_code=00111&code=00101020281&supplier_code=00100322&order_time=2024-04-24 HTTP/1.1" 200 442
116.237.79.12 - - [24/Apr/2024:10:31:01 +0800] "GET /xingrg/kc/buy/cgsh_order_operate.html?command=get_materiel&rest_code=00106&code=00101008095&supplier_code=00100008&order_time=2024-04-24 HTTP/1.1" 200 412
116.237.79.12 - - [24/Apr/2024:10:31:06 +0800] "POST /xingrg/kc/buy/cgsh_order_operate.html HTTP/1.1" 200 2065
116.224.254.208 - - [24/Apr/2024:10:31:08 +0800] "GET /xingrg/all/function/internal_message.html?_=1713925868768&CODE_STATE=getMsg HTTP/1.1" 200 27
222.70.183.82 - - [24/Apr/2024:10:31:12 +0800] "GET /xingrg/all/function/internal_message.html?_=1713925871048&CODE_STATE=getMsg HTTP/1.1" 200 27
116.237.79.12 - - [24/Apr/2024:10:31:13 +0800] "GET /xingrg/check_reg.html?_=1713925873385 HTTP/1.1" 200 22
222.70.183.82 - - [24/Apr/2024:10:31:13 +0800] "GET /xingrg/check_reg.html?_=1713925872202 HTTP/1.1" 200 22
124.78.56.241 - - [24/Apr/2024:10:31:15 +0800] "GET /xingrg/all/function/internal_message.html?_=1713925875641&CODE_STATE=getMsg HTTP/1.1" 200 27
222.70.183.82 - - [24/Apr/2024:10:31:15 +0800] "POST /xingrg/kc/buy/cgsh_order_operate.html HTTP/1.1" 200 37
116.237.79.12 - - [24/Apr/2024:10:31:16 +0800] "GET /xingrg/all/function/internal_message.html?_=1713925876508&CODE_STATE=getMsg HTTP/1.1" 200 27
180.164.1.25 - - [24/Apr/2024:10:31:19 +0800] "GET /xingrg/all/function/internal_message.html?_=1713925878853&CODE_STATE=getMsg HTTP/1.1" 200 27
116.237.79.12 - - [24/Apr/2024:10:31:20 +0800] "GET /xingrg/kc/buy/cgsh_order_operate.html?command=get_materiel&rest_code=00106&code=00101008110&supplier_code=00100008&order_time=2024-04-24 HTTP/1.1" 200 408
101.80.230.31 - - [24/Apr/2024:10:31:23 +0800] "GET /xingrg/all/function/internal_message.html?_=1713925887741&CODE_STATE=getMsg HTTP/1.1" 200 27
101.80.230.31 - - [24/Apr/2024:10:31:23 +0800] "GET /xingrg/check_reg.html?_=1713925887742 HTTP/1.1" 200 22
116.224.254.208 - - [24/Apr/2024:10:31:24 +0800] "GET /xingrg/check_reg.html?_=1713925884484 HTTP/1.1" 200 22
116.224.254.208 - - [24/Apr/2024:10:31:24 +0800] "GET /xingrg/all/function/internal_message.html?_=1713925884487&CODE_STATE=getMsg HTTP/1.1" 200 27
222.70.183.82 - - [24/Apr/2024:10:31:29 +0800] "POST /xingrg/kc/buy/cgsh_order_operate.html HTTP/1.1" 200 12
116.237.79.12 - - [24/Apr/2024:10:31:30 +0800] "GET /xingrg/kc/buy/cgsh_order_operate.html?command=get_materiel&rest_code=00106&code=00101008765&supplier_code=00100008&order_time=2024-04-24 HTTP/1.1" 200 416
180.169.147.146 - - [24/Apr/2024:10:31:35 +0800] "GET /xingrg/all/function/internal_message.html?_=1713925884349&CODE_STATE=getMsg HTTP/1.1" 200 27
222.70.183.82 - - [24/Apr/2024:10:31:36 +0800] "GET /xingrg/kc/buy/cgsh_order_info.html?code=212024042406516 HTTP/1.1" 200 68855
222.70.183.82 - - [24/Apr/2024:10:31:37 +0800] "GET /xingrg/javascript/easyui/themes/default/validatebox.css HTTP/1.1" 404 1104
222.70.183.82 - - [24/Apr/2024:10:31:39 +0800] "POST /xingrg/kc/buy/cgsh_order_operate.html HTTP/1.1" 200 632
222.70.183.82 - - [24/Apr/2024:10:31:43 +0800] "GET /xingrg/kc/print/load_data.html?order_code=212024042406516&kc_code=cgsh&condition= HTTP/1.1" 200 715
116.232.195.13 - - [24/Apr/2024:10:31:44 +0800] "GET /xingrg/all/function/internal_message.html?_=1713925892210&CODE_STATE=getMsg HTTP/1.1" 200 27
116.232.195.13 - - [24/Apr/2024:10:31:44 +0800] "GET /xingrg/check_reg.html?_=1713925892216 HTTP/1.1" 200 22
116.237.79.12 - - [24/Apr/2024:10:31:46 +0800] "POST /xingrg/kc/buy/cgsh_order_operate.html HTTP/1.1" 200 37
114.89.74.27 - - [24/Apr/2024:10:31:48 +0800] "GET /xingrg/all/function/internal_message.html?_=1713925910768&CODE_STATE=getMsg HTTP/1.1" 200 27
222.69.135.140 - - [24/Apr/2024:10:31:51 +0800] "GET /xingrg/all/function/internal_message.html?_=1713925911398&CODE_STATE=getMsg HTTP/1.1" 200 27
116.237.79.12 - - [24/Apr/2024:10:31:55 +0800] "GET /xingrg/all/function/internal_message.html?_=1713925910613&CODE_STATE=getMsg HTTP/1.1" 200 27
222.70.183.82 - - [24/Apr/2024:10:31:57 +0800] "GET /xingrg/kc/buy/cgsh_order_add.html HTTP/1.1" 200 73989
222.70.183.82 - - [24/Apr/2024:10:31:57 +0800] "POST /xingrg/kc/buy/cgsh_order_operate.html HTTP/1.1" 200 8245
222.70.183.82 - - [24/Apr/2024:10:31:58 +0800] "GET /xingrg/javascript/easyui/themes/default/validatebox.css HTTP/1.1" 404 1104
116.237.79.12 - - [24/Apr/2024:10:31:58 +0800] "POST /xingrg/kc/buy/cgsh_order_operate.html HTTP/1.1" 200 12
116.237.79.12 - - [24/Apr/2024:10:32:02 +0800] "GET /xingrg/kc/buy/cgsh_order_info.html?code=212024042406515 HTTP/1.1" 200 68897
116.237.79.12 - - [24/Apr/2024:10:32:02 +0800] "GET /xingrg/javascript/easyui/themes/default/validatebox.css HTTP/1.1" 404 1104
116.237.79.12 - - [24/Apr/2024:10:32:04 +0800] "POST /xingrg/kc/buy/cgsh_order_operate.html HTTP/1.1" 200 1877
116.224.254.208 - - [24/Apr/2024:10:32:08 +0800] "GET /xingrg/all/function/internal_message.html?_=1713925928750&CODE_STATE=getMsg HTTP/1.1" 200 27
116.237.79.12 - - [24/Apr/2024:10:32:09 +0800] "GET /xingrg/kc/print/load_config.html?kc_code=cgsh HTTP/1.1" 200 1927
116.224.254.208 - - [24/Apr/2024:10:32:09 +0800] "GET /xingrg/check_reg.html?_=1713925929413 HTTP/1.1" 200 22
116.237.79.12 - - [24/Apr/2024:10:32:09 +0800] "GET /xingrg/kc/print/load_data.html?order_code=212024042406515&kc_code=cgsh&condition= HTTP/1.1" 200 1289
222.70.183.82 - - [24/Apr/2024:10:32:11 +0800] "GET /xingrg/kc/buy/cgsh_order_operate.html?command=get_materiel&rest_code=00111&code=00101008145&supplier_code=00100327&order_time=2024-04-24 HTTP/1.1" 200 416
222.70.183.82 - - [24/Apr/2024:10:32:12 +0800] "GET /xingrg/all/function/internal_message.html?_=1713925931034&CODE_STATE=getMsg HTTP/1.1" 200 27
124.78.56.241 - - [24/Apr/2024:10:32:15 +0800] "GET /xingrg/all/function/internal_message.html?_=1713925935622&CODE_STATE=getMsg HTTP/1.1" 200 27
116.237.79.12 - - [24/Apr/2024:10:32:16 +0800] "GET /xingrg/all/function/internal_message.html?_=1713925936520&CODE_STATE=getMsg HTTP/1.1" 200 27
180.164.1.25 - - [24/Apr/2024:10:32:19 +0800] "GET /xingrg/all/function/internal_message.html?_=1713925938861&CODE_STATE=getMsg HTTP/1.1" 200 27
180.164.1.25 - - [24/Apr/2024:10:32:19 +0800] "GET /xingrg/check_reg.html?_=1713925938864 HTTP/1.1" 200 22
101.80.230.31 - - [24/Apr/2024:10:32:23 +0800] "GET /xingrg/all/function/internal_message.html?_=1713925947744&CODE_STATE=getMsg HTTP/1.1" 200 27
101.83.144.49 - - [24/Apr/2024:10:32:24 +0800] "GET /favicon.ico HTTP/1.1" 404 -
116.224.254.208 - - [24/Apr/2024:10:32:24 +0800] "GET /xingrg/all/function/internal_message.html?_=1713925944485&CODE_STATE=getMsg HTTP/1.1" 200 27
180.163.30.100 - - [24/Apr/2024:10:32:29 +0800] "GET /xingrg/kc/buy/cgsh_order_operate.html?command=get_materiel&rest_code=00106&code=00101008095&supplier_code=00100008&order_time=2024-04-24 HTTP/1.1" 302 -
180.163.30.100 - - [24/Apr/2024:10:32:30 +0800] "GET /xingrg/login.html HTTP/1.1" 200 7641
222.70.183.82 - - [24/Apr/2024:10:32:31 +0800] "GET /xingrg/kc/buy/cgsh_order_operate.html?command=get_materiel&rest_code=00111&code=00101010327&supplier_code=00100327&order_time=2024-04-24 HTTP/1.1" 200 417
124.78.56.241 - - [24/Apr/2024:10:32:34 +0800] "GET /xingrg/check_reg.html?_=1713925954391 HTTP/1.1" 200 22
180.169.147.146 - - [24/Apr/2024:10:32:35 +0800] "GET /xingrg/all/function/internal_message.html?_=1713925944332&CODE_STATE=getMsg HTTP/1.1" 200 27
180.163.30.76 - - [24/Apr/2024:10:32:40 +0800] "GET /xingrg/kc/buy/cgsh_order_operate.html?command=get_materiel&rest_code=00106&code=00101008368&supplier_code=00100008&order_time=2024-04-24 HTTP/1.1" 302 -
180.163.30.76 - - [24/Apr/2024:10:32:40 +0800] "GET /xingrg/login.html HTTP/1.1" 200 7641
116.232.195.13 - - [24/Apr/2024:10:32:44 +0800] "GET /xingrg/all/function/internal_message.html?_=1713925952204&CODE_STATE=getMsg HTTP/1.1" 200 27
116.237.79.12 - - [24/Apr/2024:10:32:45 +0800] "POST /xingrg/kc/buy/cgsh_order_operate.html HTTP/1.1" 200 2065
222.70.183.82 - - [24/Apr/2024:10:32:51 +0800] "POST /xingrg/kc/buy/cgsh_order_operate.html HTTP/1.1" 200 37
222.69.135.140 - - [24/Apr/2024:10:32:51 +0800] "GET /xingrg/all/function/internal_message.html?_=1713925971392&CODE_STATE=getMsg HTTP/1.1" 200 27
222.69.135.140 - - [24/Apr/2024:10:32:51 +0800] "GET /xingrg/check_reg.html?_=1713925971395 HTTP/1.1" 200 22
116.237.79.12 - - [24/Apr/2024:10:32:55 +0800] "GET /xingrg/all/function/internal_message.html?_=1713925970587&CODE_STATE=getMsg HTTP/1.1" 200 27
116.237.79.12 - - [24/Apr/2024:10:32:59 +0800] "GET /xingrg/kc/buy/cgsh_order_operate.html?command=get_materiel&rest_code=00106&code=00101008061&supplier_code=00100008&order_time=2024-04-24 HTTP/1.1" 200 422
116.224.254.208 - - [24/Apr/2024:10:33:08 +0800] "GET /xingrg/all/function/internal_message.html?_=1713925988743&CODE_STATE=getMsg HTTP/1.1" 200 27
116.237.79.12 - - [24/Apr/2024:10:33:10 +0800] "GET /xingrg/kc/buy/cgsh_order_operate.html?command=get_materiel&rest_code=00106&code=00101008706&supplier_code=00100008&order_time=2024-04-24 HTTP/1.1" 200 413
222.70.183.82 - - [24/Apr/2024:10:33:12 +0800] "GET /xingrg/all/function/internal_message.html?_=1713925991015&CODE_STATE=getMsg HTTP/1.1" 200 27
222.70.183.82 - - [24/Apr/2024:10:33:12 +0800] "POST /xingrg/kc/buy/cgsh_order_operate.html HTTP/1.1" 200 12
124.78.56.241 - - [24/Apr/2024:10:33:15 +0800] "GET /xingrg/all/function/internal_message.html?_=1713925995619&CODE_STATE=getMsg HTTP/1.1" 200 27
116.237.79.12 - - [24/Apr/2024:10:33:16 +0800] "GET /xingrg/all/function/internal_message.html?_=1713925996500&CODE_STATE=getMsg HTTP/1.1" 200 27
180.164.1.25 - - [24/Apr/2024:10:33:19 +0800] "GET /xingrg/all/function/internal_message.html?_=1713925998855&CODE_STATE=getMsg HTTP/1.1" 200 27
222.70.183.82 - - [24/Apr/2024:10:33:20 +0800] "GET /xingrg/kc/buy/cgsh_order_info.html?code=212024042406517 HTTP/1.1" 200 68861
222.70.183.82 - - [24/Apr/2024:10:33:21 +0800] "GET /xingrg/javascript/easyui/themes/default/validatebox.css HTTP/1.1" 404 1104
222.70.183.82 - - [24/Apr/2024:10:33:22 +0800] "POST /xingrg/kc/buy/cgsh_order_operate.html HTTP/1.1" 200 1207
101.80.230.31 - - [24/Apr/2024:10:33:23 +0800] "GET /xingrg/all/function/internal_message.html?_=1713926007746&CODE_STATE=getMsg HTTP/1.1" 200 27
116.237.79.12 - - [24/Apr/2024:10:33:23 +0800] "GET /xingrg/kc/buy/cgsh_order_operate.html?command=get_materiel&rest_code=00106&code=00101015107&supplier_code=00100008&order_time=2024-04-24 HTTP/1.1" 200 411
116.224.254.208 - - [24/Apr/2024:10:33:24 +0800] "GET /xingrg/all/function/internal_message.html?_=1713926004500&CODE_STATE=getMsg HTTP/1.1" 200 27
222.70.183.82 - - [24/Apr/2024:10:33:25 +0800] "GET /xingrg/kc/print/load_data.html?order_code=212024042406517&kc_code=cgsh&condition= HTTP/1.1" 200 929
222.70.183.82 - - [24/Apr/2024:10:33:31 +0800] "GET /xingrg/kc/buy/cgsh_order_add.html HTTP/1.1" 200 73989
222.70.183.82 - - [24/Apr/2024:10:33:31 +0800] "POST /xingrg/kc/buy/cgsh_order_operate.html HTTP/1.1" 200 8245
222.70.183.82 - - [24/Apr/2024:10:33:32 +0800] "GET /xingrg/javascript/easyui/themes/default/validatebox.css HTTP/1.1" 404 1104
180.169.147.146 - - [24/Apr/2024:10:33:35 +0800] "GET /xingrg/all/function/internal_message.html?_=1713926004314&CODE_STATE=getMsg HTTP/1.1" 200 27
116.237.79.12 - - [24/Apr/2024:10:33:36 +0800] "GET /xingrg/kc/buy/cgsh_order_operate.html?command=get_materiel&rest_code=00106&code=00102014106&supplier_code=00100008&order_time=2024-04-24 HTTP/1.1" 200 413
116.232.195.13 - - [24/Apr/2024:10:33:44 +0800] "GET /xingrg/all/function/internal_message.html?_=1713926012222&CODE_STATE=getMsg HTTP/1.1" 200 27
222.70.183.82 - - [24/Apr/2024:10:33:45 +0800] "GET /xingrg/kc/buy/cgsh_order_operate.html?command=get_materiel&rest_code=00111&code=00101012046&supplier_code=00100487&order_time=2024-04-24 HTTP/1.1" 200 417
222.69.135.140 - - [24/Apr/2024:10:33:51 +0800] "GET /xingrg/all/function/internal_message.html?_=1713926031386&CODE_STATE=getMsg HTTP/1.1" 200 27
116.237.79.12 - - [24/Apr/2024:10:33:57 +0800] "GET /xingrg/all/function/internal_message.html?_=1713926031897&CODE_STATE=getMsg HTTP/1.1" 200 27
116.237.79.12 - - [24/Apr/2024:10:33:57 +0800] "GET /xingrg/check_reg.html?_=1713926031895 HTTP/1.1" 200 22
222.70.183.82 - - [24/Apr/2024:10:33:58 +0800] "POST /xingrg/kc/buy/cgsh_order_operate.html HTTP/1.1" 200 37
222.70.183.82 - - [24/Apr/2024:10:34:08 +0800] "POST /xingrg/kc/buy/cgsh_order_operate.html HTTP/1.1" 200 116
116.237.79.12 - - [24/Apr/2024:10:34:08 +0800] "POST /xingrg/kc/buy/cgsh_order_operate.html HTTP/1.1" 200 37
116.224.254.208 - - [24/Apr/2024:10:34:08 +0800] "GET /xingrg/all/function/internal_message.html?_=1713926048716&CODE_STATE=getMsg HTTP/1.1" 200 27
124.78.56.241 - - [24/Apr/2024:10:34:15 +0800] "GET /xingrg/all/function/internal_message.html?_=1713926055612&CODE_STATE=getMsg HTTP/1.1" 200 27
116.237.79.12 - - [24/Apr/2024:10:34:16 +0800] "GET /xingrg/all/function/internal_message.html?_=1713926056472&CODE_STATE=getMsg HTTP/1.1" 200 27
180.164.1.25 - - [24/Apr/2024:10:34:19 +0800] "GET /xingrg/all/function/internal_message.html?_=1713926058869&CODE_STATE=getMsg HTTP/1.1" 200 27
101.80.230.31 - - [24/Apr/2024:10:34:23 +0800] "GET /xingrg/all/function/internal_message.html?_=1713926067749&CODE_STATE=getMsg HTTP/1.1" 200 27
116.224.254.208 - - [24/Apr/2024:10:34:24 +0800] "GET /xingrg/all/function/internal_message.html?_=1713926064494&CODE_STATE=getMsg HTTP/1.1" 200 27
222.70.183.82 - - [24/Apr/2024:10:34:30 +0800] "POST /xingrg/kc/buy/cgsh_order_operate.html HTTP/1.1" 200 205
116.237.79.12 - - [24/Apr/2024:10:34:31 +0800] "POST /xingrg/services/DataTransmitService HTTP/1.1" 200 524
180.163.29.79 - - [24/Apr/2024:10:34:32 +0800] "GET /xingrg/kc/buy/cgsh_order_operate.html?command=get_materiel&rest_code=00106&code=00101008110&supplier_code=00100008&order_time=2024-04-24 HTTP/1.1" 302 -
180.163.29.79 - - [24/Apr/2024:10:34:32 +0800] "GET /xingrg/login.html HTTP/1.1" 200 7641
180.169.147.146 - - [24/Apr/2024:10:34:35 +0800] "GET /xingrg/all/function/internal_message.html?_=1713926064298&CODE_STATE=getMsg HTTP/1.1" 200 27
116.237.79.12 - - [24/Apr/2024:10:34:40 +0800] "POST /xingrg/kc/buy/cgsh_order_operate.html HTTP/1.1" 200 12
116.237.79.12 - - [24/Apr/2024:10:34:44 +0800] "GET /xingrg/kc/buy/cgsh_order_info.html?code=212024042406510 HTTP/1.1" 200 68907
116.237.79.12 - - [24/Apr/2024:10:34:44 +0800] "GET /xingrg/words/20240423200903_words.js HTTP/1.1" 304 -
116.237.79.12 - - [24/Apr/2024:10:34:44 +0800] "GET /xingrg/javascript/easyui/themes/default/validatebox.css HTTP/1.1" 404 1104
116.232.195.13 - - [24/Apr/2024:10:34:44 +0800] "GET /xingrg/all/function/internal_message.html?_=1713926072215&CODE_STATE=getMsg HTTP/1.1" 200 27
222.70.183.82 - - [24/Apr/2024:10:34:45 +0800] "POST /xingrg/kc/buy/cgsh_order_operate.html HTTP/1.1" 200 37
116.237.79.12 - - [24/Apr/2024:10:34:45 +0800] "POST /xingrg/kc/buy/cgsh_order_operate.html HTTP/1.1" 200 32518
116.237.79.12 - - [24/Apr/2024:10:34:47 +0800] "GET /xingrg/kc/print/load_config.html?kc_code=cgsh HTTP/1.1" 200 1927
222.70.183.82 - - [24/Apr/2024:10:34:47 +0800] "POST /xingrg/kc/buy/cgsh_order_operate.html HTTP/1.1" 200 3255
116.237.79.12 - - [24/Apr/2024:10:34:48 +0800] "GET /xingrg/kc/print/load_data.html?order_code=212024042406510&kc_code=cgsh HTTP/1.1" 200 12766
222.69.135.140 - - [24/Apr/2024:10:34:51 +0800] "GET /xingrg/all/function/internal_message.html?_=1713926091392&CODE_STATE=getMsg HTTP/1.1" 200 27
116.237.79.12 - - [24/Apr/2024:10:34:56 +0800] "GET /xingrg/all/function/internal_message.html?_=1713926091895&CODE_STATE=getMsg HTTP/1.1" 200 27
222.70.183.82 - - [24/Apr/2024:10:34:57 +0800] "POST /xingrg/kc/buy/cgsh_order_operate.html HTTP/1.1" 200 37
222.70.183.82 - - [24/Apr/2024:10:34:59 +0800] "POST /xingrg/kc/buy/cgsh_order_operate.html HTTP/1.1" 200 2660
222.70.183.82 - - [24/Apr/2024:10:35:02 +0800] "GET /xingrg/kc/print/load_data.html?order_code=212024042406518&kc_code=cgsh&condition= HTTP/1.1" 200 675
180.163.29.219 - - [24/Apr/2024:10:35:04 +0800] "GET /xingrg/all/function/internal_message.html?_=1713925790655&CODE_STATE=getMsg HTTP/1.1" 302 -
180.163.29.219 - - [24/Apr/2024:10:35:04 +0800] "GET /xingrg/login.html HTTP/1.1" 200 7641
116.224.254.208 - - [24/Apr/2024:10:35:08 +0800] "GET /xingrg/all/function/internal_message.html?_=1713926108701&CODE_STATE=getMsg HTTP/1.1" 200 27
222.70.183.82 - - [24/Apr/2024:10:35:12 +0800] "GET /xingrg/all/function/internal_message.html?_=1713926111016&CODE_STATE=getMsg HTTP/1.1" 200 27
124.78.56.241 - - [24/Apr/2024:10:35:15 +0800] "GET /xingrg/all/function/internal_message.html?_=1713926115590&CODE_STATE=getMsg HTTP/1.1" 200 27
116.237.79.12 - - [24/Apr/2024:10:35:16 +0800] "GET /xingrg/all/function/internal_message.html?_=1713926116458&CODE_STATE=getMsg HTTP/1.1" 200 27
180.164.1.25 - - [24/Apr/2024:10:35:19 +0800] "GET /xingrg/all/function/internal_message.html?_=1713926118865&CODE_STATE=getMsg HTTP/1.1" 200 27
101.80.230.31 - - [24/Apr/2024:10:35:23 +0800] "GET /xingrg/all/function/internal_message.html?_=1713926127751&CODE_STATE=getMsg HTTP/1.1" 200 27
116.224.254.208 - - [24/Apr/2024:10:35:24 +0800] "GET /xingrg/all/function/internal_message.html?_=1713926124482&CODE_STATE=getMsg HTTP/1.1" 200 27
180.163.29.79 - - [24/Apr/2024:10:35:27 +0800] "GET /xingrg/check_reg.html?_=1713926031895 HTTP/1.1" 302 -
180.163.29.79 - - [24/Apr/2024:10:35:27 +0800] "GET /xingrg/login.html HTTP/1.1" 200 7641
222.70.183.82 - - [24/Apr/2024:10:35:32 +0800] "POST /xingrg/kc/buy/cgsh_order_operate.html HTTP/1.1" 200 37
180.169.147.146 - - [24/Apr/2024:10:35:35 +0800] "GET /xingrg/all/function/internal_message.html?_=1713926124282&CODE_STATE=getMsg HTTP/1.1" 200 27
222.70.183.82 - - [24/Apr/2024:10:35:41 +0800] "POST /xingrg/kc/buy/cgsh_order_operate.html HTTP/1.1" 200 12
116.232.195.13 - - [24/Apr/2024:10:35:44 +0800] "GET /xingrg/all/function/internal_message.html?_=1713926132206&CODE_STATE=getMsg HTTP/1.1" 200 27
222.70.183.82 - - [24/Apr/2024:10:35:45 +0800] "GET /xingrg/kc/buy/cgsh_order_info.html?code=212024042406518 HTTP/1.1" 200 68871
222.70.183.82 - - [24/Apr/2024:10:35:46 +0800] "GET /xingrg/javascript/easyui/themes/default/validatebox.css HTTP/1.1" 404 1104
222.70.183.82 - - [24/Apr/2024:10:35:47 +0800] "POST /xingrg/kc/buy/cgsh_order_operate.html HTTP/1.1" 200 610
180.163.29.79 - - [24/Apr/2024:10:35:48 +0800] "GET /xingrg/kc/print/load_config.html?kc_code=cgsh HTTP/1.1" 302 -
180.163.29.79 - - [24/Apr/2024:10:35:48 +0800] "GET /xingrg/login.html HTTP/1.1" 200 7641
180.169.147.146 - - [24/Apr/2024:10:35:50 +0800] "GET /xingrg/check_reg.html?_=1713926138604 HTTP/1.1" 200 22
222.69.135.140 - - [24/Apr/2024:10:35:51 +0800] "GET /xingrg/all/function/internal_message.html?_=1713926151399&CODE_STATE=getMsg HTTP/1.1" 200 27
222.70.183.82 - - [24/Apr/2024:10:35:53 +0800] "GET /xingrg/kc/buy/cgsh_order_add.html HTTP/1.1" 200 73989
222.70.183.82 - - [24/Apr/2024:10:35:53 +0800] "POST /xingrg/kc/buy/cgsh_order_operate.html HTTP/1.1" 200 8245
222.70.183.82 - - [24/Apr/2024:10:35:53 +0800] "GET /xingrg/javascript/easyui/themes/default/validatebox.css HTTP/1.1" 404 1104
116.237.79.12 - - [24/Apr/2024:10:35:55 +0800] "GET /xingrg/kc/print/load_data.html?order_code=212024042406510&kc_code=cgsh&condition= HTTP/1.1" 200 12766
116.237.79.12 - - [24/Apr/2024:10:35:58 +0800] "GET /xingrg/all/function/internal_message.html?_=1713926153524&CODE_STATE=getMsg HTTP/1.1" 200 27
222.70.183.82 - - [24/Apr/2024:10:36:05 +0800] "GET /xingrg/kc/buy/cgsh_order_operate.html?command=get_materiel&rest_code=00111&code=00101002038&supplier_code=00100094&order_time=2024-04-24 HTTP/1.1" 200 418
116.224.254.208 - - [24/Apr/2024:10:36:08 +0800] "GET /xingrg/all/function/internal_message.html?_=1713926168686&CODE_STATE=getMsg HTTP/1.1" 200 27
222.70.183.82 - - [24/Apr/2024:10:36:12 +0800] "GET /xingrg/all/function/internal_message.html?_=1713926171000&CODE_STATE=getMsg HTTP/1.1" 200 27
116.237.79.12 - - [24/Apr/2024:10:36:13 +0800] "GET /xingrg/check_reg.html?_=1713926173402 HTTP/1.1" 200 22
222.70.183.82 - - [24/Apr/2024:10:36:13 +0800] "GET /xingrg/check_reg.html?_=1713926172190 HTTP/1.1" 200 22
124.78.56.241 - - [24/Apr/2024:10:36:15 +0800] "GET /xingrg/all/function/internal_message.html?_=1713926175563&CODE_STATE=getMsg HTTP/1.1" 200 27
116.237.79.12 - - [24/Apr/2024:10:36:16 +0800] "GET /xingrg/all/function/internal_message.html?_=1713926176431&CODE_STATE=getMsg HTTP/1.1" 200 27
180.163.30.85 - - [24/Apr/2024:10:36:16 +0800] "GET /xingrg/all/function/internal_message.html?_=1713925970587&CODE_STATE=getMsg HTTP/1.1" 302 -
180.163.30.85 - - [24/Apr/2024:10:36:16 +0800] "GET /xingrg/login.html HTTP/1.1" 200 7641
180.164.1.25 - - [24/Apr/2024:10:36:19 +0800] "GET /xingrg/all/function/internal_message.html?_=1713926178861&CODE_STATE=getMsg HTTP/1.1" 200 27
101.80.230.31 - - [24/Apr/2024:10:36:23 +0800] "GET /xingrg/all/function/internal_message.html?_=1713926187754&CODE_STATE=getMsg HTTP/1.1" 200 27
101.80.230.31 - - [24/Apr/2024:10:36:23 +0800] "GET /xingrg/check_reg.html?_=1713926187756 HTTP/1.1" 200 22
222.70.183.82 - - [24/Apr/2024:10:36:23 +0800] "POST /xingrg/kc/buy/cgsh_order_operate.html HTTP/1.1" 200 37
116.224.254.208 - - [24/Apr/2024:10:36:24 +0800] "GET /xingrg/all/function/internal_message.html?_=1713926184497&CODE_STATE=getMsg HTTP/1.1" 200 27
116.224.254.208 - - [24/Apr/2024:10:36:24 +0800] "GET /xingrg/check_reg.html?_=1713926184499 HTTP/1.1" 200 22
222.70.183.82 - - [24/Apr/2024:10:36:30 +0800] "POST /xingrg/kc/buy/cgsh_order_operate.html HTTP/1.1" 200 12
222.70.183.82 - - [24/Apr/2024:10:36:33 +0800] "GET /xingrg/kc/buy/cgsh_order_info.html?code=212024042406519 HTTP/1.1" 200 68861
222.70.183.82 - - [24/Apr/2024:10:36:33 +0800] "GET /xingrg/javascript/easyui/themes/default/validatebox.css HTTP/1.1" 404 1104
222.70.183.82 - - [24/Apr/2024:10:36:34 +0800] "POST /xingrg/kc/buy/cgsh_order_operate.html HTTP/1.1" 200 614
180.169.147.146 - - [24/Apr/2024:10:36:35 +0800] "GET /xingrg/all/function/internal_message.html?_=1713926184266&CODE_STATE=getMsg HTTP/1.1" 200 27
222.70.183.82 - - [24/Apr/2024:10:36:36 +0800] "GET /xingrg/kc/print/load_data.html?order_code=212024042406519&kc_code=cgsh&condition= HTTP/1.1" 200 784
222.70.183.82 - - [24/Apr/2024:10:36:41 +0800] "GET /xingrg/kc/buy/cgsh_order_add.html HTTP/1.1" 200 73989
222.70.183.82 - - [24/Apr/2024:10:36:41 +0800] "POST /xingrg/kc/buy/cgsh_order_operate.html HTTP/1.1" 200 8245
222.70.183.82 - - [24/Apr/2024:10:36:42 +0800] "GET /xingrg/javascript/easyui/themes/default/validatebox.css HTTP/1.1" 404 1104
116.232.195.13 - - [24/Apr/2024:10:36:44 +0800] "GET /xingrg/all/function/internal_message.html?_=1713926192216&CODE_STATE=getMsg HTTP/1.1" 200 27
116.232.195.13 - - [24/Apr/2024:10:36:44 +0800] "GET /xingrg/check_reg.html?_=1713926192220 HTTP/1.1" 200 22
222.69.135.140 - - [24/Apr/2024:10:36:51 +0800] "GET /xingrg/all/function/internal_message.html?_=1713926211398&CODE_STATE=getMsg HTTP/1.1" 200 27
222.70.183.82 - - [24/Apr/2024:10:36:54 +0800] "GET /xingrg/kc/buy/cgsh_order_operate.html?command=get_materiel&rest_code=00111&code=00101004067&supplier_code=00100312&order_time=2024-04-24 HTTP/1.1" 200 413
116.237.79.12 - - [24/Apr/2024:10:36:58 +0800] "GET /xingrg/all/function/internal_message.html?_=1713926213499&CODE_STATE=getMsg HTTP/1.1" 200 27
222.70.183.82 - - [24/Apr/2024:10:37:07 +0800] "GET /xingrg/kc/buy/cgsh_order_operate.html?command=get_materiel&rest_code=00111&code=00101004038&supplier_code=00100312&order_time=2024-04-24 HTTP/1.1" 200 409
116.224.254.208 - - [24/Apr/2024:10:37:08 +0800] "GET /xingrg/all/function/internal_message.html?_=1713926228670&CODE_STATE=getMsg HTTP/1.1" 200 27
116.224.254.208 - - [24/Apr/2024:10:37:09 +0800] "GET /xingrg/check_reg.html?_=1713926229414 HTTP/1.1" 200 22
222.70.183.82 - - [24/Apr/2024:10:37:12 +0800] "GET /xingrg/all/function/internal_message.html?_=1713926230973&CODE_STATE=getMsg HTTP/1.1" 200 27
124.78.56.241 - - [24/Apr/2024:10:37:15 +0800] "GET /xingrg/all/function/internal_message.html?_=1713926235549&CODE_STATE=getMsg HTTP/1.1" 200 27
116.237.79.12 - - [24/Apr/2024:10:37:16 +0800] "GET /xingrg/all/function/internal_message.html?_=1713926236414&CODE_STATE=getMsg HTTP/1.1" 200 27
222.70.183.82 - - [24/Apr/2024:10:37:18 +0800] "GET /xingrg/kc/buy/cgsh_order_operate.html?command=get_materiel&rest_code=00111&code=00101001029&supplier_code=00100312&order_time=2024-04-24 HTTP/1.1" 200 415
180.164.1.25 - - [24/Apr/2024:10:37:19 +0800] "GET /xingrg/all/function/internal_message.html?_=1713926238875&CODE_STATE=getMsg HTTP/1.1" 200 27
180.164.1.25 - - [24/Apr/2024:10:37:19 +0800] "GET /xingrg/check_reg.html?_=1713926238879 HTTP/1.1" 200 22
101.80.230.31 - - [24/Apr/2024:10:37:23 +0800] "GET /xingrg/all/function/internal_message.html?_=1713926247756&CODE_STATE=getMsg HTTP/1.1" 200 27
116.224.254.208 - - [24/Apr/2024:10:37:24 +0800] "GET /xingrg/all/function/internal_message.html?_=1713926244501&CODE_STATE=getMsg HTTP/1.1" 200 27
222.70.183.82 - - [24/Apr/2024:10:37:28 +0800] "GET /xingrg/kc/buy/cgsh_order_operate.html?command=get_materiel&rest_code=00111&code=00101001156&supplier_code=00100312&order_time=2024-04-24 HTTP/1.1" 200 409
124.78.56.241 - - [24/Apr/2024:10:37:34 +0800] "GET /xingrg/check_reg.html?_=1713926254372 HTTP/1.1" 200 22
180.169.147.146 - - [24/Apr/2024:10:37:35 +0800] "GET /xingrg/all/function/internal_message.html?_=1713926244237&CODE_STATE=getMsg HTTP/1.1" 200 27
