116.224.254.208 - - [24/Apr/2024:09:58:25 +0800] "GET /xingrg/kc/buy/cgsh_order_operate.html?command=get_materiel&rest_code=00151&code=00101008286&supplier_code=00100008&order_time=2024-04-24 HTTP/1.1" 200 408
116.224.254.208 - - [24/Apr/2024:09:58:35 +0800] "GET /xingrg/kc/buy/cgsh_order_operate.html?command=get_materiel&rest_code=00151&code=00101008161&supplier_code=00100008&order_time=2024-04-24 HTTP/1.1" 200 409
180.169.147.146 - - [24/Apr/2024:09:58:36 +0800] "GET /xingrg/all/function/internal_message.html?_=1713923904870&CODE_STATE=getMsg HTTP/1.1" 200 27
116.224.254.208 - - [24/Apr/2024:09:58:42 +0800] "GET /xingrg/kc/buy/cgsh_order_operate.html?command=get_materiel&rest_code=00151&code=00101008077&supplier_code=00100008&order_time=2024-04-24 HTTP/1.1" 200 416
120.253.135.82 - - [24/Apr/2024:09:58:43 +0800] "GET /xingrg/all/function/internal_message.html?_=1713924104943&CODE_STATE=getMsg HTTP/1.1" 200 27
116.232.195.13 - - [24/Apr/2024:09:58:44 +0800] "GET /xingrg/all/function/internal_message.html?_=1713923912232&CODE_STATE=getMsg HTTP/1.1" 200 27
222.69.135.140 - - [24/Apr/2024:09:58:51 +0800] "GET /xingrg/all/function/internal_message.html?_=1713923931394&CODE_STATE=getMsg HTTP/1.1" 200 27
101.83.144.49 - - [24/Apr/2024:09:58:51 +0800] "GET /xingrg/kc/buy/cgsh_order_add.html HTTP/1.1" 200 74116
101.83.144.49 - - [24/Apr/2024:09:58:51 +0800] "POST /xingrg/kc/buy/cgsh_order_operate.html HTTP/1.1" 200 8245
101.83.144.49 - - [24/Apr/2024:09:58:52 +0800] "GET /xingrg/javascript/easyui/themes/default/validatebox.css HTTP/1.1" 404 1104
116.224.254.208 - - [24/Apr/2024:09:58:56 +0800] "GET /xingrg/kc/buy/cgsh_order_operate.html?command=get_materiel&rest_code=00151&code=00101008415&supplier_code=00100008&order_time=2024-04-24 HTTP/1.1" 200 412
120.253.135.82 - - [24/Apr/2024:09:59:01 +0800] "GET /xingrg/kc/buy/cgsh_order_list.html HTTP/1.1" 200 58221
101.83.144.49 - - [24/Apr/2024:09:59:02 +0800] "GET /xingrg/kc/buy/cgsh_order_operate.html?command=get_materiel&rest_code=00105&code=00101012007&supplier_code=00100151&order_time=2024-04-24 HTTP/1.1" 200 412
120.253.135.82 - - [24/Apr/2024:09:59:04 +0800] "POST /xingrg/kc/buy/cgsh_list_operate.html HTTP/1.1" 200 645
120.253.135.82 - - [24/Apr/2024:09:59:07 +0800] "GET /xingrg/kc/buy/cgsh_order_add.html HTTP/1.1" 200 73085
120.253.135.82 - - [24/Apr/2024:09:59:07 +0800] "POST /xingrg/kc/buy/cgsh_order_operate.html HTTP/1.1" 200 8245
120.253.135.82 - - [24/Apr/2024:09:59:07 +0800] "GET /xingrg/javascript/easyui/themes/default/validatebox.css HTTP/1.1" 404 1104
120.253.135.82 - - [24/Apr/2024:09:59:07 +0800] "GET /xingrg/all/common/auto_word.html?type=employee&rest_code=00101 HTTP/1.1" 200 1019
120.253.135.82 - - [24/Apr/2024:09:59:07 +0800] "GET /xingrg/all/common/auto_word.html?type=employee&rest_code=00101 HTTP/1.1" 200 1019
120.253.135.82 - - [24/Apr/2024:09:59:08 +0800] "POST /xingrg/all/common/load_combo.html?type=employee HTTP/1.1" 200 1834
116.224.254.208 - - [24/Apr/2024:09:59:09 +0800] "GET /xingrg/all/function/internal_message.html?_=1713923949312&CODE_STATE=getMsg HTTP/1.1" 200 27
101.83.144.49 - - [24/Apr/2024:09:59:11 +0800] "GET /xingrg/all/function/internal_message.html?_=1713923951748&CODE_STATE=getMsg HTTP/1.1" 200 27
222.70.183.82 - - [24/Apr/2024:09:59:12 +0800] "GET /xingrg/all/function/internal_message.html?_=1713923951414&CODE_STATE=getMsg HTTP/1.1" 200 27
124.78.56.241 - - [24/Apr/2024:09:59:16 +0800] "GET /xingrg/all/function/internal_message.html?_=1713923956073&CODE_STATE=getMsg HTTP/1.1" 200 27
101.83.144.49 - - [24/Apr/2024:09:59:16 +0800] "GET /xingrg/kc/buy/cgsh_order_operate.html?command=get_materiel&rest_code=00105&code=00101016030&supplier_code=00100151&order_time=2024-04-24 HTTP/1.1" 200 412
180.164.1.25 - - [24/Apr/2024:09:59:19 +0800] "GET /xingrg/all/function/internal_message.html?_=1713923958876&CODE_STATE=getMsg HTTP/1.1" 200 27
101.80.230.31 - - [24/Apr/2024:09:59:23 +0800] "GET /xingrg/all/function/internal_message.html?_=1713923967662&CODE_STATE=getMsg HTTP/1.1" 200 27
116.224.254.208 - - [24/Apr/2024:09:59:24 +0800] "GET /xingrg/all/function/internal_message.html?_=1713923964477&CODE_STATE=getMsg HTTP/1.1" 200 27
101.83.144.49 - - [24/Apr/2024:09:59:25 +0800] "GET /xingrg/kc/buy/cgsh_order_operate.html?command=get_materiel&rest_code=00105&code=00101003025&supplier_code=00100151&order_time=2024-04-24 HTTP/1.1" 200 411
116.224.254.208 - - [24/Apr/2024:09:59:35 +0800] "POST /xingrg/kc/buy/cgsh_order_operate.html HTTP/1.1" 200 37
180.169.147.146 - - [24/Apr/2024:09:59:36 +0800] "GET /xingrg/all/function/internal_message.html?_=1713923964853&CODE_STATE=getMsg HTTP/1.1" 200 27
120.253.135.82 - - [24/Apr/2024:09:59:37 +0800] "GET /xingrg/kc/buy/cgsh_order_operate.html?command=get_materiel&rest_code=00101&code=00101014134&supplier_code=00100151&order_time=2024-04-24 HTTP/1.1" 200 428
116.224.254.208 - - [24/Apr/2024:09:59:42 +0800] "POST /xingrg/kc/buy/cgsh_order_operate.html HTTP/1.1" 200 12
120.253.135.82 - - [24/Apr/2024:09:59:43 +0800] "GET /xingrg/all/function/internal_message.html?_=1713924164948&CODE_STATE=getMsg HTTP/1.1" 200 27
120.253.135.82 - - [24/Apr/2024:09:59:43 +0800] "GET /xingrg/check_reg.html?_=1713924164951 HTTP/1.1" 200 22
116.232.195.13 - - [24/Apr/2024:09:59:44 +0800] "GET /xingrg/all/function/internal_message.html?_=1713923972213&CODE_STATE=getMsg HTTP/1.1" 200 27
116.224.254.208 - - [24/Apr/2024:09:59:45 +0800] "GET /xingrg/kc/buy/cgsh_order_info.html?code=212024042406504 HTTP/1.1" 200 68503
116.224.254.208 - - [24/Apr/2024:09:59:45 +0800] "GET /xingrg/javascript/easyui/themes/default/validatebox.css HTTP/1.1" 404 1104
116.224.254.208 - - [24/Apr/2024:09:59:46 +0800] "POST /xingrg/kc/buy/cgsh_order_operate.html HTTP/1.1" 200 4801
116.224.254.208 - - [24/Apr/2024:09:59:47 +0800] "GET /xingrg/kc/print/load_data.html?order_code=212024042406504&kc_code=cgsh&condition= HTTP/1.1" 200 2344
222.69.135.140 - - [24/Apr/2024:09:59:51 +0800] "GET /xingrg/all/function/internal_message.html?_=1713923991384&CODE_STATE=getMsg HTTP/1.1" 200 27
116.224.254.208 - - [24/Apr/2024:09:59:53 +0800] "GET /xingrg/kc/mdqp/pssh_order_list.html HTTP/1.1" 200 17438
116.224.254.208 - - [24/Apr/2024:09:59:53 +0800] "POST /xingrg/kc/mdqp/pssh_list_operate.html HTTP/1.1" 200 5433
120.253.135.82 - - [24/Apr/2024:09:59:54 +0800] "POST /xingrg/kc/buy/cgsh_order_operate.html HTTP/1.1" 200 37
116.224.254.208 - - [24/Apr/2024:09:59:55 +0800] "POST /xingrg/kc/mdqp/pssh_list_operate.html HTTP/1.1" 200 255
116.224.254.208 - - [24/Apr/2024:09:59:58 +0800] "GET /xingrg/kc/mdqp/pssh_order_info.html?code=312024042200381 HTTP/1.1" 200 17303
116.224.254.208 - - [24/Apr/2024:09:59:59 +0800] "GET /xingrg/javascript/jquery_tools/jquery-1.4.2.min.js HTTP/1.1" 404 1094
116.224.254.208 - - [24/Apr/2024:09:59:59 +0800] "GET /xingrg/javascript/easyui/themes/default/validatebox.css HTTP/1.1" 404 1104
116.224.254.208 - - [24/Apr/2024:09:59:59 +0800] "GET /xingrg/all/common/auto_word.html?type=base&rest_code=00151&rest_code=00151 HTTP/1.1" 200 1315
116.224.254.208 - - [24/Apr/2024:09:59:59 +0800] "POST /xingrg/kc/mdqp/pssh_order_operate.html HTTP/1.1" 200 528
124.78.56.241 - - [24/Apr/2024:09:59:59 +0800] "GET /xingrg/kc/buy/cgsh_order_operate.html?command=get_materiel&rest_code=00141&code=00101006129&supplier_code=00100096&order_time=2024-04-24 HTTP/1.1" 200 439
116.224.254.208 - - [24/Apr/2024:10:00:00 +0800] "POST /xingrg/all/common/load_combo.html?type=employee HTTP/1.1" 200 532
120.253.135.82 - - [24/Apr/2024:10:00:02 +0800] "POST /xingrg/kc/buy/cgsh_order_operate.html HTTP/1.1" 200 2679
101.83.144.49 - - [24/Apr/2024:10:00:02 +0800] "GET /xingrg/check_reg.html?_=1713924003262 HTTP/1.1" 200 22
116.224.254.208 - - [24/Apr/2024:10:00:04 +0800] "POST /xingrg/kc/mdqp/pssh_order_operate.html HTTP/1.1" 200 37
116.224.254.208 - - [24/Apr/2024:10:00:07 +0800] "POST /xingrg/kc/mdqp/pssh_order_operate.html HTTP/1.1" 200 12
101.83.144.49 - - [24/Apr/2024:10:00:08 +0800] "GET /xingrg/kc/buy/cgsh_order_operate.html?command=get_materiel&rest_code=00105&code=00101002047&supplier_code=00100151&order_time=2024-04-24 HTTP/1.1" 200 419
116.224.254.208 - - [24/Apr/2024:10:00:09 +0800] "GET /xingrg/kc/mdqp/pssh_order_info.html?code=312024042200381 HTTP/1.1" 200 14392
116.224.254.208 - - [24/Apr/2024:10:00:09 +0800] "GET /xingrg/javascript/jquery_tools/jquery-1.4.2.min.js HTTP/1.1" 404 1094
116.224.254.208 - - [24/Apr/2024:10:00:09 +0800] "GET /xingrg/javascript/easyui/themes/default/validatebox.css HTTP/1.1" 404 1104
116.224.254.208 - - [24/Apr/2024:10:00:09 +0800] "GET /xingrg/all/function/internal_message.html?_=1713924009291&CODE_STATE=getMsg HTTP/1.1" 200 27
116.224.254.208 - - [24/Apr/2024:10:00:09 +0800] "POST /xingrg/kc/mdqp/pssh_order_operate.html HTTP/1.1" 200 528
101.83.144.49 - - [24/Apr/2024:10:00:11 +0800] "GET /xingrg/all/function/internal_message.html?_=1713924011744&CODE_STATE=getMsg HTTP/1.1" 200 27
124.78.56.241 - - [24/Apr/2024:10:00:12 +0800] "GET /xingrg/kc/buy/cgsh_order_operate.html?command=get_materiel&rest_code=00141&code=00101006084&supplier_code=00100096&order_time=2024-04-24 HTTP/1.1" 200 413
222.70.183.82 - - [24/Apr/2024:10:00:12 +0800] "GET /xingrg/all/function/internal_message.html?_=1713924011397&CODE_STATE=getMsg HTTP/1.1" 200 27
116.224.254.208 - - [24/Apr/2024:10:00:13 +0800] "GET /xingrg/kc/print/load_data.html?order_code=312024042200381&kc_code=pssh&condition= HTTP/1.1" 200 659
124.78.56.241 - - [24/Apr/2024:10:00:16 +0800] "GET /xingrg/all/function/internal_message.html?_=1713924016062&CODE_STATE=getMsg HTTP/1.1" 200 27
116.224.254.208 - - [24/Apr/2024:10:00:18 +0800] "GET /xingrg/kc/mdqp/pssh_order_list.html?isBack=1 HTTP/1.1" 200 17438
116.224.254.208 - - [24/Apr/2024:10:00:18 +0800] "POST /xingrg/kc/mdqp/pssh_list_operate.html HTTP/1.1" 200 5458
180.164.1.25 - - [24/Apr/2024:10:00:19 +0800] "GET /xingrg/all/function/internal_message.html?_=1713924018870&CODE_STATE=getMsg HTTP/1.1" 200 27
116.224.254.208 - - [24/Apr/2024:10:00:19 +0800] "POST /xingrg/kc/mdqp/pssh_list_operate.html HTTP/1.1" 200 767
116.224.254.208 - - [24/Apr/2024:10:00:21 +0800] "GET /xingrg/kc/mdqp/pssh_order_info.html?code=312024042300389 HTTP/1.1" 200 17301
116.224.254.208 - - [24/Apr/2024:10:00:21 +0800] "GET /xingrg/javascript/jquery_tools/jquery-1.4.2.min.js HTTP/1.1" 404 1094
116.224.254.208 - - [24/Apr/2024:10:00:21 +0800] "GET /xingrg/javascript/easyui/themes/default/validatebox.css HTTP/1.1" 404 1104
116.224.254.208 - - [24/Apr/2024:10:00:21 +0800] "POST /xingrg/kc/mdqp/pssh_order_operate.html HTTP/1.1" 200 5289
101.83.144.49 - - [24/Apr/2024:10:00:22 +0800] "GET /xingrg/kc/buy/cgsh_order_operate.html?command=get_materiel&rest_code=00105&code=00101001010&supplier_code=00100151&order_time=2024-04-24 HTTP/1.1" 200 410
101.80.230.31 - - [24/Apr/2024:10:00:23 +0800] "GET /xingrg/all/function/internal_message.html?_=1713924027665&CODE_STATE=getMsg HTTP/1.1" 200 27
116.224.254.208 - - [24/Apr/2024:10:00:23 +0800] "POST /xingrg/all/common/load_combo.html?type=employee HTTP/1.1" 200 532
116.224.254.208 - - [24/Apr/2024:10:00:24 +0800] "GET /xingrg/all/function/internal_message.html?_=1713924024482&CODE_STATE=getMsg HTTP/1.1" 200 27
124.78.56.241 - - [24/Apr/2024:10:00:26 +0800] "GET /xingrg/kc/buy/cgsh_order_operate.html?command=get_materiel&rest_code=00141&code=00101006184&supplier_code=00100096&order_time=2024-04-24 HTTP/1.1" 200 408
116.224.254.208 - - [24/Apr/2024:10:00:27 +0800] "POST /xingrg/kc/mdqp/pssh_order_operate.html HTTP/1.1" 200 37
116.224.254.208 - - [24/Apr/2024:10:00:30 +0800] "POST /xingrg/kc/mdqp/pssh_order_operate.html HTTP/1.1" 200 12
116.224.254.208 - - [24/Apr/2024:10:00:31 +0800] "GET /xingrg/kc/mdqp/pssh_order_info.html?code=312024042300389 HTTP/1.1" 200 14392
116.224.254.208 - - [24/Apr/2024:10:00:31 +0800] "GET /xingrg/javascript/jquery_tools/jquery-1.4.2.min.js HTTP/1.1" 404 1094
116.224.254.208 - - [24/Apr/2024:10:00:31 +0800] "GET /xingrg/javascript/easyui/themes/default/validatebox.css HTTP/1.1" 404 1104
116.224.254.208 - - [24/Apr/2024:10:00:31 +0800] "POST /xingrg/kc/mdqp/pssh_order_operate.html HTTP/1.1" 200 5289
116.224.254.208 - - [24/Apr/2024:10:00:33 +0800] "GET /xingrg/kc/print/load_data.html?order_code=312024042300389&kc_code=pssh&condition= HTTP/1.1" 200 2320
180.169.147.146 - - [24/Apr/2024:10:00:36 +0800] "GET /xingrg/all/function/internal_message.html?_=1713924024837&CODE_STATE=getMsg HTTP/1.1" 200 27
116.224.254.208 - - [24/Apr/2024:10:00:38 +0800] "GET /xingrg/kc/mdqp/pssh_order_list.html?isBack=1 HTTP/1.1" 200 17438
116.224.254.208 - - [24/Apr/2024:10:00:38 +0800] "POST /xingrg/kc/mdqp/pssh_list_operate.html HTTP/1.1" 200 5483
116.224.254.208 - - [24/Apr/2024:10:00:39 +0800] "POST /xingrg/kc/mdqp/pssh_list_operate.html HTTP/1.1" 200 808
116.224.254.208 - - [24/Apr/2024:10:00:41 +0800] "POST /xingrg/kc/mdqp/pssh_list_operate.html HTTP/1.1" 200 814
116.224.254.208 - - [24/Apr/2024:10:00:41 +0800] "GET /xingrg/kc/mdqp/pssh_order_info.html?code=312024042200380 HTTP/1.1" 200 17303
116.224.254.208 - - [24/Apr/2024:10:00:41 +0800] "GET /xingrg/javascript/jquery_tools/jquery-1.4.2.min.js HTTP/1.1" 404 1094
116.224.254.208 - - [24/Apr/2024:10:00:41 +0800] "GET /xingrg/javascript/easyui/themes/default/validatebox.css HTTP/1.1" 404 1104
116.224.254.208 - - [24/Apr/2024:10:00:42 +0800] "POST /xingrg/kc/mdqp/pssh_order_operate.html HTTP/1.1" 200 3750
116.224.254.208 - - [24/Apr/2024:10:00:42 +0800] "POST /xingrg/all/common/load_combo.html?type=employee HTTP/1.1" 200 532
124.78.56.241 - - [24/Apr/2024:10:00:43 +0800] "GET /xingrg/kc/buy/cgsh_order_operate.html?command=get_materiel&rest_code=00141&code=00101007072&supplier_code=00100096&order_time=2024-04-24 HTTP/1.1" 200 421
120.253.135.82 - - [24/Apr/2024:10:00:43 +0800] "GET /xingrg/all/function/internal_message.html?_=1713924224953&CODE_STATE=getMsg HTTP/1.1" 200 27
116.232.195.13 - - [24/Apr/2024:10:00:44 +0800] "GET /xingrg/all/function/internal_message.html?_=1713924032220&CODE_STATE=getMsg HTTP/1.1" 200 27
101.83.144.49 - - [24/Apr/2024:10:00:45 +0800] "GET /xingrg/kc/buy/cgsh_order_operate.html?command=get_materiel&rest_code=00105&code=00101004020&supplier_code=00100151&order_time=2024-04-24 HTTP/1.1" 200 409
116.224.254.208 - - [24/Apr/2024:10:00:46 +0800] "POST /xingrg/kc/mdqp/pssh_order_operate.html HTTP/1.1" 200 37
116.224.254.208 - - [24/Apr/2024:10:00:48 +0800] "POST /xingrg/kc/mdqp/pssh_order_operate.html HTTP/1.1" 200 12
116.224.254.208 - - [24/Apr/2024:10:00:50 +0800] "GET /xingrg/kc/mdqp/pssh_order_info.html?code=312024042200380 HTTP/1.1" 200 14392
116.224.254.208 - - [24/Apr/2024:10:00:50 +0800] "GET /xingrg/javascript/jquery_tools/jquery-1.4.2.min.js HTTP/1.1" 404 1094
180.169.147.146 - - [24/Apr/2024:10:00:50 +0800] "GET /xingrg/check_reg.html?_=1713924038722 HTTP/1.1" 200 22
116.224.254.208 - - [24/Apr/2024:10:00:50 +0800] "GET /xingrg/javascript/easyui/themes/default/validatebox.css HTTP/1.1" 404 1104
116.224.254.208 - - [24/Apr/2024:10:00:50 +0800] "POST /xingrg/kc/mdqp/pssh_order_operate.html HTTP/1.1" 200 3750
222.69.135.140 - - [24/Apr/2024:10:00:51 +0800] "GET /xingrg/all/function/internal_message.html?_=1713924051400&CODE_STATE=getMsg HTTP/1.1" 200 27
116.224.254.208 - - [24/Apr/2024:10:00:52 +0800] "GET /xingrg/kc/print/load_data.html?order_code=312024042200380&kc_code=pssh&condition= HTTP/1.1" 200 1825
116.224.254.208 - - [24/Apr/2024:10:00:57 +0800] "GET /xingrg/kc/mdqp/pssh_order_list.html?isBack=1 HTTP/1.1" 200 17438
116.224.254.208 - - [24/Apr/2024:10:00:57 +0800] "POST /xingrg/kc/mdqp/pssh_list_operate.html HTTP/1.1" 200 5508
116.224.254.208 - - [24/Apr/2024:10:01:09 +0800] "GET /xingrg/all/function/internal_message.html?_=1713924069280&CODE_STATE=getMsg HTTP/1.1" 200 27
101.83.144.49 - - [24/Apr/2024:10:01:11 +0800] "GET /xingrg/all/function/internal_message.html?_=1713924071753&CODE_STATE=getMsg HTTP/1.1" 200 27
124.78.56.241 - - [24/Apr/2024:10:01:12 +0800] "GET /xingrg/kc/buy/cgsh_order_operate.html?command=get_materiel&rest_code=00141&code=00101005037&supplier_code=00100096&order_time=2024-04-24 HTTP/1.1" 200 409
222.70.183.82 - - [24/Apr/2024:10:01:12 +0800] "GET /xingrg/all/function/internal_message.html?_=1713924071380&CODE_STATE=getMsg HTTP/1.1" 200 27
222.70.183.82 - - [24/Apr/2024:10:01:13 +0800] "GET /xingrg/check_reg.html?_=1713924072145 HTTP/1.1" 200 22
114.89.74.27 - - [24/Apr/2024:10:01:14 +0800] "GET /favicon.ico HTTP/1.1" 404 -
124.78.56.241 - - [24/Apr/2024:10:01:16 +0800] "GET /xingrg/all/function/internal_message.html?_=1713924076122&CODE_STATE=getMsg HTTP/1.1" 200 27
114.89.74.27 - - [24/Apr/2024:10:01:17 +0800] "GET /xingrg/login.html HTTP/1.1" 200 7641
114.89.74.27 - - [24/Apr/2024:10:01:18 +0800] "GET /favicon.ico HTTP/1.1" 404 -
180.164.1.25 - - [24/Apr/2024:10:01:19 +0800] "GET /xingrg/all/function/internal_message.html?_=1713924078859&CODE_STATE=getMsg HTTP/1.1" 200 27
114.89.74.27 - - [24/Apr/2024:10:01:19 +0800] "GET /xingrg/login.html HTTP/1.1" 200 7641
114.89.74.27 - - [24/Apr/2024:10:01:20 +0800] "GET /favicon.ico HTTP/1.1" 404 -
124.78.56.241 - - [24/Apr/2024:10:01:22 +0800] "GET /xingrg/kc/buy/cgsh_order_operate.html?command=get_materiel&rest_code=00141&code=00101005036&supplier_code=00100096&order_time=2024-04-24 HTTP/1.1" 200 409
101.80.230.31 - - [24/Apr/2024:10:01:23 +0800] "GET /xingrg/all/function/internal_message.html?_=1713924087668&CODE_STATE=getMsg HTTP/1.1" 200 27
101.80.230.31 - - [24/Apr/2024:10:01:23 +0800] "GET /xingrg/check_reg.html?_=1713924087671 HTTP/1.1" 200 22
116.224.254.208 - - [24/Apr/2024:10:01:24 +0800] "GET /xingrg/check_reg.html?_=1713924084483 HTTP/1.1" 200 22
116.224.254.208 - - [24/Apr/2024:10:01:24 +0800] "GET /xingrg/all/function/internal_message.html?_=1713924084486&CODE_STATE=getMsg HTTP/1.1" 200 27
120.253.135.82 - - [24/Apr/2024:10:01:25 +0800] "POST /xingrg/kc/buy/cgsh_order_operate.html HTTP/1.1" 200 37
114.89.74.27 - - [24/Apr/2024:10:01:29 +0800] "POST /xingrg/login.do HTTP/1.1" 302 -
114.89.74.27 - - [24/Apr/2024:10:01:29 +0800] "GET /xingrg/index.html?sysBaseUrl=http%3A%2F%2F180.169.147.146%3A18081%2Fxingrg%2F&costTime=802×tamp=1713924089395 HTTP/1.1" 200 17177
114.89.74.27 - - [24/Apr/2024:10:01:29 +0800] "GET /favicon.ico HTTP/1.1" 404 -
114.89.74.27 - - [24/Apr/2024:10:01:29 +0800] "GET /xingrg/check_reg.html?_=1713924091847 HTTP/1.1" 200 22
114.89.74.27 - - [24/Apr/2024:10:01:29 +0800] "GET /xingrg/all/function/internal_message.html?_=1713924091846&CODE_STATE=count HTTP/1.1" 200 11
114.89.74.27 - - [24/Apr/2024:10:01:29 +0800] "POST /xingrg/all/common/load_tree.html?tree=area_rest_tree_json&manage=1 HTTP/1.1" 200 601
114.89.74.27 - - [24/Apr/2024:10:01:29 +0800] "POST /xingrg/load_menu.html HTTP/1.1" 200 5138
116.235.94.6 - - [24/Apr/2024:10:01:32 +0800] "POST /xingrg/services/DataTransmitService HTTP/1.1" 200 524
124.78.56.241 - - [24/Apr/2024:10:01:36 +0800] "POST /xingrg/kc/buy/cgsh_order_operate.html HTTP/1.1" 200 37
180.169.147.146 - - [24/Apr/2024:10:01:36 +0800] "GET /xingrg/all/function/internal_message.html?_=1713924084822&CODE_STATE=getMsg HTTP/1.1" 200 27
116.232.195.13 - - [24/Apr/2024:10:01:44 +0800] "GET /xingrg/all/function/internal_message.html?_=1713924092211&CODE_STATE=getMsg HTTP/1.1" 200 27
116.232.195.13 - - [24/Apr/2024:10:01:44 +0800] "GET /xingrg/check_reg.html?_=1713924092212 HTTP/1.1" 200 22
124.78.56.241 - - [24/Apr/2024:10:01:45 +0800] "POST /xingrg/kc/buy/cgsh_order_operate.html HTTP/1.1" 200 12
124.78.56.241 - - [24/Apr/2024:10:01:48 +0800] "GET /xingrg/kc/buy/cgsh_order_info.html?code=212024042406506 HTTP/1.1" 200 68895
124.78.56.241 - - [24/Apr/2024:10:01:48 +0800] "GET /xingrg/javascript/easyui/themes/default/validatebox.css HTTP/1.1" 404 1104
124.78.56.241 - - [24/Apr/2024:10:01:49 +0800] "POST /xingrg/kc/buy/cgsh_order_operate.html HTTP/1.1" 200 8360
124.78.56.241 - - [24/Apr/2024:10:01:51 +0800] "GET /xingrg/kc/print/load_data.html?order_code=212024042406506&kc_code=cgsh&condition= HTTP/1.1" 200 3642
222.69.135.140 - - [24/Apr/2024:10:01:51 +0800] "GET /xingrg/all/function/internal_message.html?_=1713924111401&CODE_STATE=getMsg HTTP/1.1" 200 27
116.224.254.208 - - [24/Apr/2024:10:02:09 +0800] "GET /xingrg/all/function/internal_message.html?_=1713924129261&CODE_STATE=getMsg HTTP/1.1" 200 27
116.224.254.208 - - [24/Apr/2024:10:02:09 +0800] "GET /xingrg/check_reg.html?_=1713924129417 HTTP/1.1" 200 22
101.83.144.49 - - [24/Apr/2024:10:02:11 +0800] "GET /xingrg/all/function/internal_message.html?_=1713924131683&CODE_STATE=getMsg HTTP/1.1" 200 27
222.70.183.82 - - [24/Apr/2024:10:02:12 +0800] "GET /xingrg/all/function/internal_message.html?_=1713924131374&CODE_STATE=getMsg HTTP/1.1" 200 27
124.78.56.241 - - [24/Apr/2024:10:02:16 +0800] "GET /xingrg/all/function/internal_message.html?_=1713924136117&CODE_STATE=getMsg HTTP/1.1" 200 27
180.164.1.25 - - [24/Apr/2024:10:02:19 +0800] "GET /xingrg/all/function/internal_message.html?_=1713924138863&CODE_STATE=getMsg HTTP/1.1" 200 27
180.164.1.25 - - [24/Apr/2024:10:02:19 +0800] "GET /xingrg/check_reg.html?_=1713924138866 HTTP/1.1" 200 22
101.80.230.31 - - [24/Apr/2024:10:02:23 +0800] "GET /xingrg/all/function/internal_message.html?_=1713924147670&CODE_STATE=getMsg HTTP/1.1" 200 27
101.83.144.49 - - [24/Apr/2024:10:02:23 +0800] "GET /xingrg/kc/buy/cgsh_order_operate.html?command=get_materiel&rest_code=00105&code=00101012029&supplier_code=00100151&order_time=2024-04-24 HTTP/1.1" 200 412
116.224.254.208 - - [24/Apr/2024:10:02:24 +0800] "GET /xingrg/all/function/internal_message.html?_=1713924144474&CODE_STATE=getMsg HTTP/1.1" 200 27
101.80.230.31 - - [24/Apr/2024:10:02:25 +0800] "GET /favicon.ico HTTP/1.1" 404 -
114.89.74.27 - - [24/Apr/2024:10:02:29 +0800] "GET /xingrg/all/function/internal_message.html?_=1713924151862&CODE_STATE=getMsg HTTP/1.1" 200 27
120.253.135.82 - - [24/Apr/2024:10:02:31 +0800] "GET /xingrg/all/function/internal_message.html?_=1713924333085&CODE_STATE=getMsg HTTP/1.1" 200 27
120.253.135.82 - - [24/Apr/2024:10:02:32 +0800] "POST /xingrg/kc/buy/cgsh_order_operate.html HTTP/1.1" 200 2679
124.78.56.241 - - [24/Apr/2024:10:02:34 +0800] "GET /xingrg/check_reg.html?_=1713924154498 HTTP/1.1" 200 22
180.164.1.25 - - [24/Apr/2024:10:02:35 +0800] "POST /xingrg/services/DataTransmitService HTTP/1.1" 200 524
180.169.147.146 - - [24/Apr/2024:10:02:36 +0800] "GET /xingrg/all/function/internal_message.html?_=1713924144804&CODE_STATE=getMsg HTTP/1.1" 200 27
120.253.135.82 - - [24/Apr/2024:10:02:43 +0800] "GET /xingrg/all/function/internal_message.html?_=1713924344964&CODE_STATE=getMsg HTTP/1.1" 200 27
116.232.195.13 - - [24/Apr/2024:10:02:44 +0800] "GET /xingrg/all/function/internal_message.html?_=1713924152218&CODE_STATE=getMsg HTTP/1.1" 200 27
222.69.135.140 - - [24/Apr/2024:10:02:51 +0800] "GET /xingrg/check_reg.html?_=1713924171398 HTTP/1.1" 200 22
222.69.135.140 - - [24/Apr/2024:10:02:51 +0800] "GET /xingrg/all/function/internal_message.html?_=1713924171401&CODE_STATE=getMsg HTTP/1.1" 200 27
116.224.254.208 - - [24/Apr/2024:10:03:09 +0800] "GET /xingrg/all/function/internal_message.html?_=1713924189246&CODE_STATE=getMsg HTTP/1.1" 200 27
101.83.144.49 - - [24/Apr/2024:10:03:11 +0800] "GET /xingrg/all/function/internal_message.html?_=1713924191698&CODE_STATE=getMsg HTTP/1.1" 200 27
222.70.183.82 - - [24/Apr/2024:10:03:12 +0800] "GET /xingrg/all/function/internal_message.html?_=1713924191358&CODE_STATE=getMsg HTTP/1.1" 200 27
124.78.56.241 - - [24/Apr/2024:10:03:16 +0800] "GET /xingrg/all/function/internal_message.html?_=1713924196102&CODE_STATE=getMsg HTTP/1.1" 200 27
180.164.1.25 - - [24/Apr/2024:10:03:19 +0800] "GET /xingrg/all/function/internal_message.html?_=1713924198866&CODE_STATE=getMsg HTTP/1.1" 200 27
101.80.230.31 - - [24/Apr/2024:10:03:23 +0800] "GET /xingrg/all/function/internal_message.html?_=1713924207672&CODE_STATE=getMsg HTTP/1.1" 200 27
101.83.144.49 - - [24/Apr/2024:10:03:24 +0800] "POST /xingrg/kc/buy/cgsh_order_operate.html HTTP/1.1" 200 37
116.224.254.208 - - [24/Apr/2024:10:03:24 +0800] "GET /xingrg/all/function/internal_message.html?_=1713924204488&CODE_STATE=getMsg HTTP/1.1" 200 27
114.89.74.27 - - [24/Apr/2024:10:03:29 +0800] "GET /xingrg/all/function/internal_message.html?_=1713924211868&CODE_STATE=getMsg HTTP/1.1" 200 27
180.169.147.146 - - [24/Apr/2024:10:03:36 +0800] "GET /xingrg/all/function/internal_message.html?_=1713924204787&CODE_STATE=getMsg HTTP/1.1" 200 27
101.83.144.49 - - [24/Apr/2024:10:03:38 +0800] "POST /xingrg/kc/buy/cgsh_order_operate.html HTTP/1.1" 200 6208
101.229.173.218 - - [24/Apr/2024:10:03:40 +0800] "GET /favicon.ico HTTP/1.1" 404 -
116.232.195.13 - - [24/Apr/2024:10:03:44 +0800] "GET /xingrg/all/function/internal_message.html?_=1713924212219&CODE_STATE=getMsg HTTP/1.1" 200 27
222.69.135.140 - - [24/Apr/2024:10:03:51 +0800] "GET /xingrg/all/function/internal_message.html?_=1713924231391&CODE_STATE=getMsg HTTP/1.1" 200 27
101.83.144.49 - - [24/Apr/2024:10:04:05 +0800] "GET /xingrg/kc/print/load_data.html?order_code=212024042406507&kc_code=cgsh&condition= HTTP/1.1" 200 1993
116.224.254.208 - - [24/Apr/2024:10:04:09 +0800] "GET /xingrg/all/function/internal_message.html?_=1713924249223&CODE_STATE=getMsg HTTP/1.1" 200 27
101.83.144.49 - - [24/Apr/2024:10:04:11 +0800] "GET /xingrg/all/function/internal_message.html?_=1713924251678&CODE_STATE=getMsg HTTP/1.1" 200 27
222.70.183.82 - - [24/Apr/2024:10:04:12 +0800] "GET /xingrg/all/function/internal_message.html?_=1713924251342&CODE_STATE=getMsg HTTP/1.1" 200 27
124.78.56.241 - - [24/Apr/2024:10:04:16 +0800] "GET /xingrg/all/function/internal_message.html?_=1713924256083&CODE_STATE=getMsg HTTP/1.1" 200 27
180.164.1.25 - - [24/Apr/2024:10:04:19 +0800] "GET /xingrg/all/function/internal_message.html?_=1713924258858&CODE_STATE=getMsg HTTP/1.1" 200 27
101.80.230.31 - - [24/Apr/2024:10:04:23 +0800] "GET /xingrg/all/function/internal_message.html?_=1713924267675&CODE_STATE=getMsg HTTP/1.1" 200 27
116.224.254.208 - - [24/Apr/2024:10:04:24 +0800] "GET /xingrg/all/function/internal_message.html?_=1713924264484&CODE_STATE=getMsg HTTP/1.1" 200 27
114.89.74.27 - - [24/Apr/2024:10:04:29 +0800] "GET /xingrg/all/function/internal_message.html?_=1713924271868&CODE_STATE=getMsg HTTP/1.1" 200 27
180.169.147.146 - - [24/Apr/2024:10:04:36 +0800] "GET /xingrg/all/function/internal_message.html?_=1713924264770&CODE_STATE=getMsg HTTP/1.1" 200 27
116.232.195.13 - - [24/Apr/2024:10:04:44 +0800] "GET /xingrg/all/function/internal_message.html?_=1713924272210&CODE_STATE=getMsg HTTP/1.1" 200 27
114.89.74.27 - - [24/Apr/2024:10:04:48 +0800] "POST /xingrg/all/user/operate.html HTTP/1.1" 200 36
114.89.74.27 - - [24/Apr/2024:10:04:48 +0800] "GET /xingrg/index.html?sysBaseUrl=http%3A%2F%2F180.169.147.146%3A18081%2Fxingrg%2F&costTime=802×tamp=1713924089395 HTTP/1.1" 200 17177
114.89.74.27 - - [24/Apr/2024:10:04:48 +0800] "GET /xingrg/javascript/jquery_easy_ui/themes/default/easyui.css HTTP/1.1" 304 -
114.89.74.27 - - [24/Apr/2024:10:04:48 +0800] "GET /xingrg/javascript/jquery_easy_ui/themes/icon.css HTTP/1.1" 304 -
114.89.74.27 - - [24/Apr/2024:10:04:48 +0800] "GET /xingrg/css/form.css HTTP/1.1" 304 -
114.89.74.27 - - [24/Apr/2024:10:04:48 +0800] "GET /xingrg/javascript/jquery-1.4.2.min.js HTTP/1.1" 304 -
114.89.74.27 - - [24/Apr/2024:10:04:48 +0800] "GET /xingrg/javascript/jquery_easy_ui/jquery.easyui.min.js HTTP/1.1" 304 -
114.89.74.27 - - [24/Apr/2024:10:04:48 +0800] "GET /xingrg/javascript/jquery_easy_ui/easyui-lang-zh_CN.js HTTP/1.1" 304 -
114.89.74.27 - - [24/Apr/2024:10:04:48 +0800] "GET /xingrg/javascript/jquery.form.js HTTP/1.1" 304 -
114.89.74.27 - - [24/Apr/2024:10:04:48 +0800] "GET /xingrg/javascript/jquery.utils.js HTTP/1.1" 304 -
114.89.74.27 - - [24/Apr/2024:10:04:48 +0800] "GET /xingrg/javascript/jquery.timers.js HTTP/1.1" 304 -
114.89.74.27 - - [24/Apr/2024:10:04:48 +0800] "GET /xingrg/images/blue/jxLogo.png HTTP/1.1" 304 -
114.89.74.27 - - [24/Apr/2024:10:04:48 +0800] "GET /xingrg/javascript/jquery_easy_ui/themes/icons/settle_new.png HTTP/1.1" 304 -
114.89.74.27 - - [24/Apr/2024:10:04:48 +0800] "GET /xingrg/images/blue/navBackgound.jpg HTTP/1.1" 304 -
114.89.74.27 - - [24/Apr/2024:10:04:48 +0800] "GET /xingrg/all/function/internal_message.html?_=1713924290745&CODE_STATE=count HTTP/1.1" 200 11
114.89.74.27 - - [24/Apr/2024:10:04:48 +0800] "GET /xingrg/javascript/jquery_easy_ui/themes/default/images/panel_tool_collapse.gif HTTP/1.1" 304 -
114.89.74.27 - - [24/Apr/2024:10:04:48 +0800] "GET /xingrg/javascript/jquery_easy_ui/themes/default/images/tabs_rightarrow.png HTTP/1.1" 304 -
114.89.74.27 - - [24/Apr/2024:10:04:48 +0800] "GET /xingrg/check_reg.html?_=1713924290745 HTTP/1.1" 200 22
114.89.74.27 - - [24/Apr/2024:10:04:48 +0800] "GET /xingrg/javascript/jquery_easy_ui/themes/default/images/tabs_leftarrow.png HTTP/1.1" 304 -
114.89.74.27 - - [24/Apr/2024:10:04:48 +0800] "GET /xingrg/images/blue/pingpu.png HTTP/1.1" 304 -
114.89.74.27 - - [24/Apr/2024:10:04:48 +0800] "POST /xingrg/all/common/load_tree.html?tree=area_rest_tree_json&manage=1 HTTP/1.1" 200 601
114.89.74.27 - - [24/Apr/2024:10:04:48 +0800] "POST /xingrg/load_menu.html HTTP/1.1" 200 5138
222.69.135.140 - - [24/Apr/2024:10:04:51 +0800] "GET /xingrg/all/function/internal_message.html?_=1713924291397&CODE_STATE=getMsg HTTP/1.1" 200 27
101.83.144.49 - - [24/Apr/2024:10:05:02 +0800] "GET /xingrg/check_reg.html?_=1713924303228 HTTP/1.1" 200 22
116.224.254.208 - - [24/Apr/2024:10:05:09 +0800] "GET /xingrg/all/function/internal_message.html?_=1713924309203&CODE_STATE=getMsg HTTP/1.1" 200 27
101.83.144.49 - - [24/Apr/2024:10:05:11 +0800] "GET /xingrg/all/function/internal_message.html?_=1713924311596&CODE_STATE=getMsg HTTP/1.1" 200 27
222.70.183.82 - - [24/Apr/2024:10:05:12 +0800] "GET /xingrg/all/function/internal_message.html?_=1713924311326&CODE_STATE=getMsg HTTP/1.1" 200 27
124.78.56.241 - - [24/Apr/2024:10:05:16 +0800] "GET /xingrg/all/function/internal_message.html?_=1713924316071&CODE_STATE=getMsg HTTP/1.1" 200 27
180.164.1.25 - - [24/Apr/2024:10:05:19 +0800] "GET /xingrg/all/function/internal_message.html?_=1713924318863&CODE_STATE=getMsg HTTP/1.1" 200 27
101.80.230.31 - - [24/Apr/2024:10:05:23 +0800] "GET /xingrg/all/function/internal_message.html?_=1713924327677&CODE_STATE=getMsg HTTP/1.1" 200 27
116.224.254.208 - - [24/Apr/2024:10:05:24 +0800] "GET /xingrg/all/function/internal_message.html?_=1713924324475&CODE_STATE=getMsg HTTP/1.1" 200 27
180.169.147.146 - - [24/Apr/2024:10:05:36 +0800] "GET /xingrg/all/function/internal_message.html?_=1713924324754&CODE_STATE=getMsg HTTP/1.1" 200 27
116.232.195.13 - - [24/Apr/2024:10:05:44 +0800] "GET /xingrg/all/function/internal_message.html?_=1713924332221&CODE_STATE=getMsg HTTP/1.1" 200 27
114.89.74.27 - - [24/Apr/2024:10:05:48 +0800] "GET /xingrg/all/function/internal_message.html?_=1713924350776&CODE_STATE=getMsg HTTP/1.1" 200 27
180.169.147.146 - - [24/Apr/2024:10:05:50 +0800] "GET /xingrg/check_reg.html?_=1713924338701 HTTP/1.1" 200 22
222.69.135.140 - - [24/Apr/2024:10:05:51 +0800] "GET /xingrg/all/function/internal_message.html?_=1713924351386&CODE_STATE=getMsg HTTP/1.1" 200 27
116.224.254.208 - - [24/Apr/2024:10:06:09 +0800] "GET /xingrg/all/function/internal_message.html?_=1713924369189&CODE_STATE=getMsg HTTP/1.1" 200 27
101.83.144.49 - - [24/Apr/2024:10:06:11 +0800] "GET /xingrg/all/function/internal_message.html?_=1713924371571&CODE_STATE=getMsg HTTP/1.1" 200 27
222.70.183.82 - - [24/Apr/2024:10:06:12 +0800] "GET /xingrg/all/function/internal_message.html?_=1713924371309&CODE_STATE=getMsg HTTP/1.1" 200 27
222.70.183.82 - - [24/Apr/2024:10:06:13 +0800] "GET /xingrg/check_reg.html?_=1713924372152 HTTP/1.1" 200 22
124.78.56.241 - - [24/Apr/2024:10:06:16 +0800] "GET /xingrg/all/function/internal_message.html?_=1713924376061&CODE_STATE=getMsg HTTP/1.1" 200 27
180.164.1.25 - - [24/Apr/2024:10:06:19 +0800] "GET /xingrg/all/function/internal_message.html?_=1713924378854&CODE_STATE=getMsg HTTP/1.1" 200 27
101.80.230.31 - - [24/Apr/2024:10:06:23 +0800] "GET /xingrg/all/function/internal_message.html?_=1713924387680&CODE_STATE=getMsg HTTP/1.1" 200 27
101.80.230.31 - - [24/Apr/2024:10:06:23 +0800] "GET /xingrg/check_reg.html?_=1713924387680 HTTP/1.1" 200 22
116.224.254.208 - - [24/Apr/2024:10:06:24 +0800] "GET /xingrg/all/function/internal_message.html?_=1713924384490&CODE_STATE=getMsg HTTP/1.1" 200 27
116.224.254.208 - - [24/Apr/2024:10:06:24 +0800] "GET /xingrg/check_reg.html?_=1713924384493 HTTP/1.1" 200 22
180.169.147.146 - - [24/Apr/2024:10:06:36 +0800] "GET /xingrg/all/function/internal_message.html?_=1713924384738&CODE_STATE=getMsg HTTP/1.1" 200 27
114.89.74.27 - - [24/Apr/2024:10:06:41 +0800] "GET /xingrg/kc/buy/buy_main.html HTTP/1.1" 200 12412
114.89.74.27 - - [24/Apr/2024:10:06:41 +0800] "GET /xingrg/css/new_ie.css HTTP/1.1" 404 1036
114.89.74.27 - - [24/Apr/2024:10:06:41 +0800] "GET /xingrg/images/yd/bt.gif HTTP/1.1" 404 1040
114.89.74.27 - - [24/Apr/2024:10:06:42 +0800] "GET /xingrg/kc/buy/cgsh_order_list.html HTTP/1.1" 200 58225
116.232.195.13 - - [24/Apr/2024:10:06:44 +0800] "GET /xingrg/check_reg.html?_=1713924392213 HTTP/1.1" 200 22
116.232.195.13 - - [24/Apr/2024:10:06:44 +0800] "GET /xingrg/all/function/internal_message.html?_=1713924392217&CODE_STATE=getMsg HTTP/1.1" 200 27
114.89.74.27 - - [24/Apr/2024:10:06:45 +0800] "POST /xingrg/kc/buy/cgsh_list_operate.html HTTP/1.1" 200 645
114.89.74.27 - - [24/Apr/2024:10:06:48 +0800] "GET /xingrg/all/function/internal_message.html?_=1713924410756&CODE_STATE=getMsg HTTP/1.1" 200 27
222.69.135.140 - - [24/Apr/2024:10:06:51 +0800] "GET /xingrg/all/function/internal_message.html?_=1713924411397&CODE_STATE=getMsg HTTP/1.1" 200 27
114.89.74.27 - - [24/Apr/2024:10:06:54 +0800] "GET /xingrg/kc/buy/cgsh_order_add.html HTTP/1.1" 200 72854
114.89.74.27 - - [24/Apr/2024:10:06:54 +0800] "GET /xingrg/words/20240423200903_words.js HTTP/1.1" 304 -
114.89.74.27 - - [24/Apr/2024:10:06:54 +0800] "POST /xingrg/kc/buy/cgsh_order_operate.html HTTP/1.1" 200 8245
114.89.74.27 - - [24/Apr/2024:10:06:54 +0800] "GET /xingrg/javascript/easyui/themes/default/validatebox.css HTTP/1.1" 404 1104
114.89.74.27 - - [24/Apr/2024:10:06:54 +0800] "GET /xingrg/all/common/auto_word.html?type=employee&rest_code=00103 HTTP/1.1" 200 47
114.89.74.27 - - [24/Apr/2024:10:06:54 +0800] "GET /xingrg/all/common/auto_word.html?type=employee&rest_code=00103 HTTP/1.1" 200 47
116.224.254.208 - - [24/Apr/2024:10:07:09 +0800] "GET /xingrg/all/function/internal_message.html?_=1713924429169&CODE_STATE=getMsg HTTP/1.1" 200 27
116.224.254.208 - - [24/Apr/2024:10:07:09 +0800] "GET /xingrg/check_reg.html?_=1713924429419 HTTP/1.1" 200 22
101.83.144.49 - - [24/Apr/2024:10:07:11 +0800] "GET /xingrg/all/function/internal_message.html?_=1713924431546&CODE_STATE=getMsg HTTP/1.1" 200 27
222.70.183.82 - - [24/Apr/2024:10:07:12 +0800] "GET /xingrg/all/function/internal_message.html?_=1713924431317&CODE_STATE=getMsg HTTP/1.1" 200 27
124.78.56.241 - - [24/Apr/2024:10:07:16 +0800] "GET /xingrg/all/function/internal_message.html?_=1713924436051&CODE_STATE=getMsg HTTP/1.1" 200 27
180.164.1.25 - - [24/Apr/2024:10:07:19 +0800] "GET /xingrg/check_reg.html?_=1713924438872 HTTP/1.1" 200 22
180.164.1.25 - - [24/Apr/2024:10:07:19 +0800] "GET /xingrg/all/function/internal_message.html?_=1713924438869&CODE_STATE=getMsg HTTP/1.1" 200 27
101.80.230.31 - - [24/Apr/2024:10:07:23 +0800] "GET /xingrg/all/function/internal_message.html?_=1713924447682&CODE_STATE=getMsg HTTP/1.1" 200 27
116.224.254.208 - - [24/Apr/2024:10:07:24 +0800] "GET /xingrg/all/function/internal_message.html?_=1713924444471&CODE_STATE=getMsg HTTP/1.1" 200 27
124.78.56.241 - - [24/Apr/2024:10:07:34 +0800] "GET /xingrg/check_reg.html?_=1713924454486 HTTP/1.1" 200 22
180.169.147.146 - - [24/Apr/2024:10:07:36 +0800] "GET /xingrg/all/function/internal_message.html?_=1713924444721&CODE_STATE=getMsg HTTP/1.1" 200 27
116.232.195.13 - - [24/Apr/2024:10:07:44 +0800] "GET /xingrg/all/function/internal_message.html?_=1713924452208&CODE_STATE=getMsg HTTP/1.1" 200 27
114.89.74.27 - - [24/Apr/2024:10:07:48 +0800] "GET /xingrg/all/function/internal_message.html?_=1713924470762&CODE_STATE=getMsg HTTP/1.1" 200 27
222.69.135.140 - - [24/Apr/2024:10:07:51 +0800] "GET /xingrg/check_reg.html?_=1713924471387 HTTP/1.1" 200 22
222.69.135.140 - - [24/Apr/2024:10:07:51 +0800] "GET /xingrg/all/function/internal_message.html?_=1713924471391&CODE_STATE=getMsg HTTP/1.1" 200 27
116.224.254.208 - - [24/Apr/2024:10:08:09 +0800] "GET /xingrg/all/function/internal_message.html?_=1713924489154&CODE_STATE=getMsg HTTP/1.1" 200 27
101.83.144.49 - - [24/Apr/2024:10:08:11 +0800] "GET /xingrg/all/function/internal_message.html?_=1713924491525&CODE_STATE=getMsg HTTP/1.1" 200 27
222.70.183.82 - - [24/Apr/2024:10:08:12 +0800] "GET /xingrg/all/function/internal_message.html?_=1713924491300&CODE_STATE=getMsg HTTP/1.1" 200 27
124.78.56.241 - - [24/Apr/2024:10:08:16 +0800] "GET /xingrg/all/function/internal_message.html?_=1713924496027&CODE_STATE=getMsg HTTP/1.1" 200 27
180.164.1.25 - - [24/Apr/2024:10:08:19 +0800] "GET /xingrg/all/function/internal_message.html?_=1713924498873&CODE_STATE=getMsg HTTP/1.1" 200 27
101.80.230.31 - - [24/Apr/2024:10:08:23 +0800] "GET /xingrg/all/function/internal_message.html?_=1713924507685&CODE_STATE=getMsg HTTP/1.1" 200 27
116.224.254.208 - - [24/Apr/2024:10:08:24 +0800] "GET /xingrg/all/function/internal_message.html?_=1713924504486&CODE_STATE=getMsg HTTP/1.1" 200 27
180.169.147.146 - - [24/Apr/2024:10:08:36 +0800] "GET /xingrg/all/function/internal_message.html?_=1713924504703&CODE_STATE=getMsg HTTP/1.1" 200 27
116.232.195.13 - - [24/Apr/2024:10:08:44 +0800] "GET /xingrg/all/function/internal_message.html?_=1713924512213&CODE_STATE=getMsg HTTP/1.1" 200 27
114.89.74.27 - - [24/Apr/2024:10:08:48 +0800] "GET /xingrg/all/function/internal_message.html?_=1713924530768&CODE_STATE=getMsg HTTP/1.1" 200 27
222.69.135.140 - - [24/Apr/2024:10:08:51 +0800] "GET /xingrg/all/function/internal_message.html?_=1713924531400&CODE_STATE=getMsg HTTP/1.1" 200 27
116.224.254.208 - - [24/Apr/2024:10:09:09 +0800] "GET /xingrg/all/function/internal_message.html?_=1713924549135&CODE_STATE=getMsg HTTP/1.1" 200 27
101.83.144.49 - - [24/Apr/2024:10:09:11 +0800] "GET /xingrg/all/function/internal_message.html?_=1713924551502&CODE_STATE=getMsg HTTP/1.1" 200 27
222.70.183.82 - - [24/Apr/2024:10:09:12 +0800] "GET /xingrg/all/function/internal_message.html?_=1713924551283&CODE_STATE=getMsg HTTP/1.1" 200 27
124.78.56.241 - - [24/Apr/2024:10:09:14 +0800] "GET /favicon.ico HTTP/1.1" 404 -
124.78.56.241 - - [24/Apr/2024:10:09:16 +0800] "GET /xingrg/all/function/internal_message.html?_=1713924556005&CODE_STATE=getMsg HTTP/1.1" 200 27
180.164.1.25 - - [24/Apr/2024:10:09:19 +0800] "GET /xingrg/all/function/internal_message.html?_=1713924558863&CODE_STATE=getMsg HTTP/1.1" 200 27
101.80.230.31 - - [24/Apr/2024:10:09:23 +0800] "GET /xingrg/all/function/internal_message.html?_=1713924567687&CODE_STATE=getMsg HTTP/1.1" 200 27
116.224.254.208 - - [24/Apr/2024:10:09:24 +0800] "GET /xingrg/all/function/internal_message.html?_=1713924564486&CODE_STATE=getMsg HTTP/1.1" 200 27
180.169.147.146 - - [24/Apr/2024:10:09:36 +0800] "GET /xingrg/all/function/internal_message.html?_=1713924564686&CODE_STATE=getMsg HTTP/1.1" 200 27
116.232.195.13 - - [24/Apr/2024:10:09:44 +0800] "GET /xingrg/all/function/internal_message.html?_=1713924572214&CODE_STATE=getMsg HTTP/1.1" 200 27
114.89.74.27 - - [24/Apr/2024:10:09:48 +0800] "GET /xingrg/check_reg.html?_=1713924590773 HTTP/1.1" 200 22
114.89.74.27 - - [24/Apr/2024:10:09:48 +0800] "GET /xingrg/all/function/internal_message.html?_=1713924590780&CODE_STATE=getMsg HTTP/1.1" 200 27
222.69.135.140 - - [24/Apr/2024:10:09:51 +0800] "GET /xingrg/all/function/internal_message.html?_=1713924591395&CODE_STATE=getMsg HTTP/1.1" 200 27
101.83.144.49 - - [24/Apr/2024:10:10:02 +0800] "GET /xingrg/check_reg.html?_=1713924603222 HTTP/1.1" 200 22
116.224.254.208 - - [24/Apr/2024:10:10:09 +0800] "GET /xingrg/all/function/internal_message.html?_=1713924609111&CODE_STATE=getMsg HTTP/1.1" 200 27
116.232.32.199 - - [24/Apr/2024:10:10:09 +0800] "POST /xingrg/services/DataTransmitService HTTP/1.1" 200 524
116.232.32.199 - - [24/Apr/2024:10:10:10 +0800] "POST /xingrg/services/DataTransmitService HTTP/1.1" 200 501
101.83.144.49 - - [24/Apr/2024:10:10:11 +0800] "GET /xingrg/all/function/internal_message.html?_=1713924611469&CODE_STATE=getMsg HTTP/1.1" 200 27
222.70.183.82 - - [24/Apr/2024:10:10:12 +0800] "GET /xingrg/all/function/internal_message.html?_=1713924611267&CODE_STATE=getMsg HTTP/1.1" 200 27
124.78.56.241 - - [24/Apr/2024:10:10:15 +0800] "GET /xingrg/all/function/internal_message.html?_=1713924615981&CODE_STATE=getMsg HTTP/1.1" 200 27
180.164.1.25 - - [24/Apr/2024:10:10:19 +0800] "GET /xingrg/all/function/internal_message.html?_=1713924618861&CODE_STATE=getMsg HTTP/1.1" 200 27
101.80.230.31 - - [24/Apr/2024:10:10:23 +0800] "GET /xingrg/all/function/internal_message.html?_=1713924627690&CODE_STATE=getMsg HTTP/1.1" 200 27
116.224.254.208 - - [24/Apr/2024:10:10:24 +0800] "GET /xingrg/all/function/internal_message.html?_=1713924624477&CODE_STATE=getMsg HTTP/1.1" 200 27
180.169.147.146 - - [24/Apr/2024:10:10:36 +0800] "GET /xingrg/all/function/internal_message.html?_=1713924624669&CODE_STATE=getMsg HTTP/1.1" 200 27
116.232.195.13 - - [24/Apr/2024:10:10:44 +0800] "GET /xingrg/all/function/internal_message.html?_=1713924632217&CODE_STATE=getMsg HTTP/1.1" 200 27
114.89.74.27 - - [24/Apr/2024:10:10:48 +0800] "GET /xingrg/all/function/internal_message.html?_=1713924650764&CODE_STATE=getMsg HTTP/1.1" 200 27
180.169.147.146 - - [24/Apr/2024:10:10:50 +0800] "GET /xingrg/check_reg.html?_=1713924638679 HTTP/1.1" 200 22
222.69.135.140 - - [24/Apr/2024:10:10:51 +0800] "GET /xingrg/all/function/internal_message.html?_=1713924651393&CODE_STATE=getMsg HTTP/1.1" 200 27
116.224.254.208 - - [24/Apr/2024:10:11:09 +0800] "GET /xingrg/all/function/internal_message.html?_=1713924669089&CODE_STATE=getMsg HTTP/1.1" 200 27
222.70.183.82 - - [24/Apr/2024:10:11:12 +0800] "GET /xingrg/all/function/internal_message.html?_=1713924671251&CODE_STATE=getMsg HTTP/1.1" 200 27
222.70.183.82 - - [24/Apr/2024:10:11:13 +0800] "GET /xingrg/check_reg.html?_=1713924672172 HTTP/1.1" 200 22
124.78.56.241 - - [24/Apr/2024:10:11:15 +0800] "GET /xingrg/all/function/internal_message.html?_=1713924675958&CODE_STATE=getMsg HTTP/1.1" 200 27
180.164.1.25 - - [24/Apr/2024:10:11:19 +0800] "GET /xingrg/all/function/internal_message.html?_=1713924678861&CODE_STATE=getMsg HTTP/1.1" 200 27
101.80.230.31 - - [24/Apr/2024:10:11:23 +0800] "GET /xingrg/all/function/internal_message.html?_=1713924687692&CODE_STATE=getMsg HTTP/1.1" 200 27
101.80.230.31 - - [24/Apr/2024:10:11:23 +0800] "GET /xingrg/check_reg.html?_=1713924687692 HTTP/1.1" 200 22
116.224.254.208 - - [24/Apr/2024:10:11:24 +0800] "GET /xingrg/all/function/internal_message.html?_=1713924684481&CODE_STATE=getMsg HTTP/1.1" 200 27
116.224.254.208 - - [24/Apr/2024:10:11:24 +0800] "GET /xingrg/check_reg.html?_=1713924684482 HTTP/1.1" 200 22
180.169.147.146 - - [24/Apr/2024:10:11:36 +0800] "GET /xingrg/all/function/internal_message.html?_=1713924684653&CODE_STATE=getMsg HTTP/1.1" 200 27
116.232.195.13 - - [24/Apr/2024:10:11:44 +0800] "GET /xingrg/check_reg.html?_=1713924692212 HTTP/1.1" 200 22
116.232.195.13 - - [24/Apr/2024:10:11:44 +0800] "GET /xingrg/all/function/internal_message.html?_=1713924692219&CODE_STATE=getMsg HTTP/1.1" 200 27
114.89.74.27 - - [24/Apr/2024:10:11:48 +0800] "GET /xingrg/all/function/internal_message.html?_=1713924710767&CODE_STATE=getMsg HTTP/1.1" 200 27
222.69.135.140 - - [24/Apr/2024:10:11:51 +0800] "GET /xingrg/all/function/internal_message.html?_=1713924711390&CODE_STATE=getMsg HTTP/1.1" 200 27
116.224.254.208 - - [24/Apr/2024:10:12:09 +0800] "GET /xingrg/all/function/internal_message.html?_=1713924729064&CODE_STATE=getMsg HTTP/1.1" 200 27
116.224.254.208 - - [24/Apr/2024:10:12:09 +0800] "GET /xingrg/check_reg.html?_=1713924729424 HTTP/1.1" 200 22
222.70.183.82 - - [24/Apr/2024:10:12:12 +0800] "GET /xingrg/all/function/internal_message.html?_=1713924731222&CODE_STATE=getMsg HTTP/1.1" 200 27
222.70.183.82 - - [24/Apr/2024:10:12:14 +0800] "GET /xingrg/kc/buy/cgsh_order_add.html HTTP/1.1" 200 73989
222.70.183.82 - - [24/Apr/2024:10:12:14 +0800] "POST /xingrg/kc/buy/cgsh_order_operate.html HTTP/1.1" 200 8245
222.70.183.82 - - [24/Apr/2024:10:12:14 +0800] "GET /xingrg/javascript/easyui/themes/default/validatebox.css HTTP/1.1" 404 1104
124.78.56.241 - - [24/Apr/2024:10:12:15 +0800] "GET /xingrg/all/function/internal_message.html?_=1713924735943&CODE_STATE=getMsg HTTP/1.1" 200 27
180.164.1.25 - - [24/Apr/2024:10:12:19 +0800] "GET /xingrg/all/function/internal_message.html?_=1713924738854&CODE_STATE=getMsg HTTP/1.1" 200 27
180.164.1.25 - - [24/Apr/2024:10:12:19 +0800] "GET /xingrg/check_reg.html?_=1713924738857 HTTP/1.1" 200 22
101.80.230.31 - - [24/Apr/2024:10:12:23 +0800] "GET /xingrg/all/function/internal_message.html?_=1713924747695&CODE_STATE=getMsg HTTP/1.1" 200 27
116.224.254.208 - - [24/Apr/2024:10:12:24 +0800] "GET /xingrg/all/function/internal_message.html?_=1713924744468&CODE_STATE=getMsg HTTP/1.1" 200 27
222.70.183.82 - - [24/Apr/2024:10:12:27 +0800] "GET /xingrg/kc/buy/cgsh_order_operate.html?command=get_materiel&rest_code=00111&code=00101002027&supplier_code=00100199&order_time=2024-04-24 HTTP/1.1" 200 413
124.78.56.241 - - [24/Apr/2024:10:12:34 +0800] "GET /xingrg/check_reg.html?_=1713924754471 HTTP/1.1" 200 22
180.169.147.146 - - [24/Apr/2024:10:12:36 +0800] "GET /xingrg/all/function/internal_message.html?_=1713924744637&CODE_STATE=getMsg HTTP/1.1" 200 27
222.70.183.82 - - [24/Apr/2024:10:12:39 +0800] "GET /xingrg/kc/buy/cgsh_order_operate.html?command=get_materiel&rest_code=00111&code=00101002022&supplier_code=00100199&order_time=2024-04-24 HTTP/1.1" 200 411
116.232.195.13 - - [24/Apr/2024:10:12:44 +0800] "GET /xingrg/all/function/internal_message.html?_=1713924752208&CODE_STATE=getMsg HTTP/1.1" 200 27
114.89.74.27 - - [24/Apr/2024:10:12:48 +0800] "GET /xingrg/all/function/internal_message.html?_=1713924770768&CODE_STATE=getMsg HTTP/1.1" 200 27
222.69.135.140 - - [24/Apr/2024:10:12:51 +0800] "GET /xingrg/check_reg.html?_=1713924771407 HTTP/1.1" 200 22
222.69.135.140 - - [24/Apr/2024:10:12:51 +0800] "GET /xingrg/all/function/internal_message.html?_=1713924771408&CODE_STATE=getMsg HTTP/1.1" 200 27
222.70.183.82 - - [24/Apr/2024:10:12:54 +0800] "POST /xingrg/kc/buy/cgsh_order_operate.html HTTP/1.1" 200 37
116.224.254.208 - - [24/Apr/2024:10:13:09 +0800] "GET /xingrg/all/function/internal_message.html?_=1713924789047&CODE_STATE=getMsg HTTP/1.1" 200 27
124.78.56.241 - - [24/Apr/2024:10:13:15 +0800] "GET /xingrg/all/function/internal_message.html?_=1713924795936&CODE_STATE=getMsg HTTP/1.1" 200 27
180.164.1.25 - - [24/Apr/2024:10:13:19 +0800] "GET /xingrg/all/function/internal_message.html?_=1713924798872&CODE_STATE=getMsg HTTP/1.1" 200 27
101.80.230.31 - - [24/Apr/2024:10:13:23 +0800] "GET /xingrg/all/function/internal_message.html?_=1713924807697&CODE_STATE=getMsg HTTP/1.1" 200 27
116.224.254.208 - - [24/Apr/2024:10:13:24 +0800] "GET /xingrg/all/function/internal_message.html?_=1713924804477&CODE_STATE=getMsg HTTP/1.1" 200 27
180.169.147.146 - - [24/Apr/2024:10:13:36 +0800] "GET /xingrg/all/function/internal_message.html?_=1713924804620&CODE_STATE=getMsg HTTP/1.1" 200 27
116.232.195.13 - - [24/Apr/2024:10:13:44 +0800] "GET /xingrg/all/function/internal_message.html?_=1713924812225&CODE_STATE=getMsg HTTP/1.1" 200 27
114.89.74.27 - - [24/Apr/2024:10:13:48 +0800] "GET /xingrg/all/function/internal_message.html?_=1713924830766&CODE_STATE=getMsg HTTP/1.1" 200 27
222.69.135.140 - - [24/Apr/2024:10:13:51 +0800] "GET /xingrg/all/function/internal_message.html?_=1713924831394&CODE_STATE=getMsg HTTP/1.1" 200 27
116.237.79.12 - - [24/Apr/2024:10:13:53 +0800] "GET /xingrg/index.html?sysBaseUrl=http%3A%2F%2F180.169.147.146%3A18081%2Fxingrg%2F&costTime=795×tamp=1713920789704 HTTP/1.1" 200 17173
116.237.79.12 - - [24/Apr/2024:10:13:54 +0800] "POST /xingrg/all/common/load_tree.html?tree=area_rest_tree_json&manage=1 HTTP/1.1" 200 342
116.237.79.12 - - [24/Apr/2024:10:13:55 +0800] "GET /xingrg/all/function/internal_message.html?_=1713924829991&CODE_STATE=count HTTP/1.1" 200 11
116.237.79.12 - - [24/Apr/2024:10:13:55 +0800] "GET /xingrg/check_reg.html?_=1713924829992 HTTP/1.1" 200 22
116.237.79.12 - - [24/Apr/2024:10:13:55 +0800] "POST /xingrg/load_menu.html HTTP/1.1" 200 5138
116.237.79.12 - - [24/Apr/2024:10:13:55 +0800] "GET /favicon.ico HTTP/1.1" 404 -
116.237.79.12 - - [24/Apr/2024:10:13:56 +0800] "GET /xingrg/kc/buy/buy_main.html HTTP/1.1" 200 12412
116.237.79.12 - - [24/Apr/2024:10:13:56 +0800] "GET /xingrg/css/new_ie.css HTTP/1.1" 404 1036
116.237.79.12 - - [24/Apr/2024:10:13:58 +0800] "GET /xingrg/images/yd/bt.gif HTTP/1.1" 404 1040
116.237.79.12 - - [24/Apr/2024:10:13:59 +0800] "GET /xingrg/kc/buy/cgsh_order_list.html HTTP/1.1" 200 58221
116.237.79.12 - - [24/Apr/2024:10:14:02 +0800] "POST /xingrg/kc/buy/cgsh_list_operate.html HTTP/1.1" 200 645
198.235.24.7 - - [24/Apr/2024:10:14:07 +0800] "GET / HTTP/1.1" 404 -
116.237.79.12 - - [24/Apr/2024:10:14:08 +0800] "GET /xingrg/kc/buy/cgsh_order_add.html HTTP/1.1" 200 74033
116.237.79.12 - - [24/Apr/2024:10:14:09 +0800] "POST /xingrg/kc/buy/cgsh_order_operate.html HTTP/1.1" 200 8245
116.237.79.12 - - [24/Apr/2024:10:14:09 +0800] "GET /xingrg/javascript/easyui/themes/default/validatebox.css HTTP/1.1" 404 1104
116.237.79.12 - - [24/Apr/2024:10:14:09 +0800] "GET /xingrg/all/common/auto_word.html?type=employee&rest_code=00106 HTTP/1.1" 200 205
116.237.79.12 - - [24/Apr/2024:10:14:09 +0800] "GET /xingrg/all/common/auto_word.html?type=employee&rest_code=00106 HTTP/1.1" 200 205
116.224.254.208 - - [24/Apr/2024:10:14:09 +0800] "GET /xingrg/all/function/internal_message.html?_=1713924849043&CODE_STATE=getMsg HTTP/1.1" 200 27
