180.164.1.25 - - [24/Apr/2024:11:53:57 +0800] "POST /xingrg/kc/buy/cgsh_order_operate.html HTTP/1.1" 200 37
114.85.36.201 - - [24/Apr/2024:11:54:00 +0800] "GET /xingrg/check_reg.html?_=1713929237500 HTTP/1.1" 200 22
114.85.36.201 - - [24/Apr/2024:11:54:00 +0800] "GET /xingrg/all/function/internal_message.html?_=1713929237502&CODE_STATE=getMsg HTTP/1.1" 200 27
124.78.56.241 - - [24/Apr/2024:11:54:02 +0800] "POST /xingrg/kc/buy/cgsh_order_operate.html HTTP/1.1" 200 37
180.164.1.25 - - [24/Apr/2024:11:54:02 +0800] "POST /xingrg/kc/buy/cgsh_order_operate.html HTTP/1.1" 200 2653
114.85.36.201 - - [24/Apr/2024:11:54:03 +0800] "POST /xingrg/kc/buy/cgsh_order_operate.html HTTP/1.1" 200 37
180.164.1.25 - - [24/Apr/2024:11:54:05 +0800] "GET /xingrg/kc/print/load_data.html?order_code=212024042406614&kc_code=cgsh&condition= HTTP/1.1" 200 690
101.83.144.49 - - [24/Apr/2024:11:54:08 +0800] "GET /xingrg/all/function/internal_message.html?_=1713930848680&CODE_STATE=getMsg HTTP/1.1" 200 27
180.164.1.25 - - [24/Apr/2024:11:54:08 +0800] "GET /xingrg/kc/buy/cgsh_order_add.html HTTP/1.1" 200 74126
180.164.1.25 - - [24/Apr/2024:11:54:08 +0800] "POST /xingrg/kc/buy/cgsh_order_operate.html HTTP/1.1" 200 8245
180.164.1.25 - - [24/Apr/2024:11:54:09 +0800] "GET /xingrg/javascript/easyui/themes/default/validatebox.css HTTP/1.1" 404 1104
116.237.79.12 - - [24/Apr/2024:11:54:09 +0800] "GET /xingrg/all/function/internal_message.html?_=1713930849177&CODE_STATE=getMsg HTTP/1.1" 200 27
116.237.79.12 - - [24/Apr/2024:11:54:09 +0800] "GET /xingrg/kc/buy/cgsh_order_operate.html?command=get_materiel&rest_code=00106&code=00101010785&supplier_code=00100547&order_time=2024-04-24 HTTP/1.1" 200 461
124.78.56.241 - - [24/Apr/2024:11:54:11 +0800] "POST /xingrg/kc/buy/cgsh_order_operate.html HTTP/1.1" 200 12
114.85.36.201 - - [24/Apr/2024:11:54:14 +0800] "POST /xingrg/kc/buy/cgsh_order_operate.html HTTP/1.1" 200 12
116.237.79.12 - - [24/Apr/2024:11:54:15 +0800] "GET /xingrg/all/function/internal_message.html?_=1713930855252&CODE_STATE=getMsg HTTP/1.1" 200 27
124.78.56.241 - - [24/Apr/2024:11:54:15 +0800] "GET /xingrg/kc/buy/cgsh_order_info.html?code=212024042406615 HTTP/1.1" 200 68908
124.78.56.241 - - [24/Apr/2024:11:54:16 +0800] "GET /xingrg/javascript/easyui/themes/default/validatebox.css HTTP/1.1" 404 1104
124.78.56.241 - - [24/Apr/2024:11:54:16 +0800] "GET /xingrg/all/function/internal_message.html?_=1713930856016&CODE_STATE=getMsg HTTP/1.1" 200 27
116.224.254.208 - - [24/Apr/2024:11:54:16 +0800] "GET /xingrg/all/function/internal_message.html?_=1713930856548&CODE_STATE=getMsg HTTP/1.1" 200 27
116.224.254.208 - - [24/Apr/2024:11:54:16 +0800] "GET /xingrg/check_reg.html?_=1713930856550 HTTP/1.1" 200 22
124.78.56.241 - - [24/Apr/2024:11:54:17 +0800] "POST /xingrg/kc/buy/cgsh_order_operate.html HTTP/1.1" 200 2973
180.163.28.143 - - [24/Apr/2024:11:54:17 +0800] "GET /xingrg/all/function/internal_message.html?_=1713930652009&CODE_STATE=getMsg HTTP/1.1" 302 -
180.163.28.143 - - [24/Apr/2024:11:54:17 +0800] "GET /xingrg/login.html HTTP/1.1" 200 7641
114.85.36.201 - - [24/Apr/2024:11:54:17 +0800] "GET /xingrg/kc/buy/cgsh_order_info.html?code=212024042406613 HTTP/1.1" 200 68022
114.85.36.201 - - [24/Apr/2024:11:54:18 +0800] "GET /xingrg/javascript/easyui/themes/default/validatebox.css HTTP/1.1" 404 1104
114.85.36.201 - - [24/Apr/2024:11:54:19 +0800] "POST /xingrg/kc/buy/cgsh_order_operate.html HTTP/1.1" 200 1195
180.164.1.25 - - [24/Apr/2024:11:54:19 +0800] "GET /xingrg/all/function/internal_message.html?_=1713930858805&CODE_STATE=getMsg HTTP/1.1" 200 27
124.78.56.241 - - [24/Apr/2024:11:54:21 +0800] "GET /xingrg/kc/print/load_data.html?order_code=212024042406615&kc_code=cgsh&condition= HTTP/1.1" 200 1621
180.164.1.25 - - [24/Apr/2024:11:54:22 +0800] "GET /xingrg/kc/buy/cgsh_order_operate.html?command=get_materiel&rest_code=00108&code=00101001284&supplier_code=00100319&order_time=2024-04-24 HTTP/1.1" 200 409
101.80.230.31 - - [24/Apr/2024:11:54:23 +0800] "GET /xingrg/all/function/internal_message.html?_=1713930867946&CODE_STATE=getMsg HTTP/1.1" 200 27
116.224.254.208 - - [24/Apr/2024:11:54:24 +0800] "GET /xingrg/all/function/internal_message.html?_=1713930864526&CODE_STATE=getMsg HTTP/1.1" 200 27
114.85.36.201 - - [24/Apr/2024:11:54:24 +0800] "GET /xingrg/kc/print/load_data.html?order_code=212024042406613&kc_code=cgsh&condition= HTTP/1.1" 200 984
124.78.56.241 - - [24/Apr/2024:11:54:26 +0800] "GET /xingrg/javascript/easyui/themes/default/validatebox.css HTTP/1.1" 404 1104
124.78.56.241 - - [24/Apr/2024:11:54:26 +0800] "POST /xingrg/kc/buy/cgsh_order_operate.html HTTP/1.1" 200 8245
180.164.1.25 - - [24/Apr/2024:11:54:39 +0800] "POST /xingrg/kc/buy/cgsh_order_operate.html HTTP/1.1" 200 37
116.237.79.12 - - [24/Apr/2024:11:54:40 +0800] "POST /xingrg/kc/buy/cgsh_order_operate.html HTTP/1.1" 200 64
180.169.147.146 - - [24/Apr/2024:11:54:41 +0800] "POST /xingrg/kc/buy/cgsh_list_operate.html HTTP/1.1" 200 645
180.164.1.25 - - [24/Apr/2024:11:54:41 +0800] "POST /xingrg/kc/buy/cgsh_order_operate.html HTTP/1.1" 200 2655
221.239.169.251 - - [24/Apr/2024:11:54:42 +0800] "GET /xingrg/all/function/internal_message.html?_=1713930879905&CODE_STATE=getMsg HTTP/1.1" 200 27
124.78.56.241 - - [24/Apr/2024:11:54:43 +0800] "GET /xingrg/kc/buy/cgsh_order_operate.html?command=get_materiel&rest_code=00141&code=00101019970&supplier_code=00100329&order_time=2024-04-24 HTTP/1.1" 200 411
180.164.1.25 - - [24/Apr/2024:11:54:43 +0800] "GET /xingrg/kc/print/load_data.html?order_code=212024042406617&kc_code=cgsh&condition= HTTP/1.1" 200 682
116.232.195.13 - - [24/Apr/2024:11:54:45 +0800] "GET /xingrg/all/function/internal_message.html?_=1713930872231&CODE_STATE=getMsg HTTP/1.1" 200 27
222.70.183.82 - - [24/Apr/2024:11:54:45 +0800] "GET /xingrg/all/function/internal_message.html?_=1713930884057&CODE_STATE=getMsg HTTP/1.1" 200 27
180.164.1.25 - - [24/Apr/2024:11:54:46 +0800] "GET /xingrg/kc/buy/cgsh_order_add.html HTTP/1.1" 200 74126
180.164.1.25 - - [24/Apr/2024:11:54:46 +0800] "POST /xingrg/kc/buy/cgsh_order_operate.html HTTP/1.1" 200 8245
180.164.1.25 - - [24/Apr/2024:11:54:46 +0800] "GET /xingrg/javascript/easyui/themes/default/validatebox.css HTTP/1.1" 404 1104
180.163.29.219 - - [24/Apr/2024:11:54:46 +0800] "GET /xingrg/kc/buy/cgsh_order_operate.html?command=get_materiel&rest_code=00106&code=00101007072&supplier_code=00100096&order_time=2024-04-24 HTTP/1.1" 302 -
180.163.29.219 - - [24/Apr/2024:11:54:46 +0800] "GET /xingrg/login.html HTTP/1.1" 200 7641
116.237.79.12 - - [24/Apr/2024:11:54:47 +0800] "POST /xingrg/kc/buy/cgsh_order_operate.html HTTP/1.1" 200 37
116.237.79.12 - - [24/Apr/2024:11:54:49 +0800] "POST /xingrg/kc/buy/cgsh_order_operate.html HTTP/1.1" 200 2698
222.69.135.140 - - [24/Apr/2024:11:54:51 +0800] "GET /xingrg/all/function/internal_message.html?_=1713930891402&CODE_STATE=getMsg HTTP/1.1" 200 27
180.164.1.25 - - [24/Apr/2024:11:54:55 +0800] "GET /xingrg/kc/buy/cgsh_order_operate.html?command=get_materiel&rest_code=00108&code=00101004051&supplier_code=00100312&order_time=2024-04-24 HTTP/1.1" 200 409
180.163.29.206 - - [24/Apr/2024:11:54:56 +0800] "GET /xingrg/check_reg.html?_=1713930831646 HTTP/1.1" 302 -
180.163.29.206 - - [24/Apr/2024:11:54:56 +0800] "GET /xingrg/login.html HTTP/1.1" 200 7641
180.169.147.146 - - [24/Apr/2024:11:54:56 +0800] "GET /xingrg/kc/buy/cgsh_order_add.html HTTP/1.1" 200 74081
180.169.147.146 - - [24/Apr/2024:11:54:56 +0800] "GET /xingrg/words/20240423200903_words.js HTTP/1.1" 304 -
180.169.147.146 - - [24/Apr/2024:11:54:56 +0800] "POST /xingrg/kc/buy/cgsh_order_operate.html HTTP/1.1" 200 8245
180.169.147.146 - - [24/Apr/2024:11:54:56 +0800] "GET /xingrg/javascript/easyui/themes/default/validatebox.css HTTP/1.1" 404 1104
180.169.147.146 - - [24/Apr/2024:11:54:56 +0800] "GET /xingrg/all/common/auto_word.html?type=employee&rest_code=00147 HTTP/1.1" 200 101
116.237.79.12 - - [24/Apr/2024:11:54:56 +0800] "POST /xingrg/kc/buy/cgsh_order_operate.html HTTP/1.1" 200 37
180.169.147.146 - - [24/Apr/2024:11:54:56 +0800] "GET /xingrg/all/common/auto_word.html?type=employee&rest_code=00147 HTTP/1.1" 200 101
116.237.79.12 - - [24/Apr/2024:11:54:57 +0800] "GET /xingrg/all/function/internal_message.html?_=1713930891918&CODE_STATE=getMsg HTTP/1.1" 200 27
124.78.56.241 - - [24/Apr/2024:11:54:58 +0800] "GET /xingrg/kc/buy/cgsh_order_operate.html?command=get_materiel&rest_code=00141&code=00101010355&supplier_code=00100329&order_time=2024-04-24 HTTP/1.1" 200 440
114.85.36.201 - - [24/Apr/2024:11:55:00 +0800] "GET /xingrg/all/function/internal_message.html?_=1713929297508&CODE_STATE=getMsg HTTP/1.1" 200 27
116.237.79.12 - - [24/Apr/2024:11:55:03 +0800] "POST /xingrg/kc/buy/cgsh_order_operate.html HTTP/1.1" 200 12
180.164.1.25 - - [24/Apr/2024:11:55:03 +0800] "GET /xingrg/kc/buy/cgsh_order_operate.html?command=get_materiel&rest_code=00108&code=00101004046&supplier_code=00100312&order_time=2024-04-24 HTTP/1.1" 200 417
116.237.79.12 - - [24/Apr/2024:11:55:05 +0800] "GET /xingrg/kc/buy/cgsh_order_info.html?code=212024042406618 HTTP/1.1" 200 68891
116.237.79.12 - - [24/Apr/2024:11:55:05 +0800] "GET /xingrg/javascript/easyui/themes/default/validatebox.css HTTP/1.1" 404 1104
116.237.79.12 - - [24/Apr/2024:11:55:06 +0800] "POST /xingrg/kc/buy/cgsh_order_operate.html HTTP/1.1" 200 648
101.83.144.49 - - [24/Apr/2024:11:55:08 +0800] "GET /xingrg/all/function/internal_message.html?_=1713930908651&CODE_STATE=getMsg HTTP/1.1" 200 27
116.237.79.12 - - [24/Apr/2024:11:55:09 +0800] "GET /xingrg/all/function/internal_message.html?_=1713930909152&CODE_STATE=getMsg HTTP/1.1" 200 27
124.78.56.241 - - [24/Apr/2024:11:55:11 +0800] "POST /xingrg/kc/buy/cgsh_order_operate.html HTTP/1.1" 200 37
116.237.79.12 - - [24/Apr/2024:11:55:11 +0800] "GET /xingrg/kc/print/load_data.html?order_code=212024042406618&kc_code=cgsh&condition= HTTP/1.1" 200 720
180.169.147.146 - - [24/Apr/2024:11:55:14 +0800] "GET /xingrg/kc/buy/cgsh_order_operate.html?command=get_materiel&rest_code=00147&code=00101008176&supplier_code=00100008&order_time=2024-04-24 HTTP/1.1" 200 413
180.164.1.25 - - [24/Apr/2024:11:55:14 +0800] "GET /xingrg/kc/buy/cgsh_order_operate.html?command=get_materiel&rest_code=00108&code=00101005015&supplier_code=00100312&order_time=2024-04-24 HTTP/1.1" 200 409
116.237.79.12 - - [24/Apr/2024:11:55:15 +0800] "GET /xingrg/all/function/internal_message.html?_=1713930915236&CODE_STATE=getMsg HTTP/1.1" 200 27
124.78.56.241 - - [24/Apr/2024:11:55:16 +0800] "GET /xingrg/all/function/internal_message.html?_=1713930915988&CODE_STATE=getMsg HTTP/1.1" 200 27
116.224.254.208 - - [24/Apr/2024:11:55:16 +0800] "GET /xingrg/all/function/internal_message.html?_=1713930916542&CODE_STATE=getMsg HTTP/1.1" 200 27
124.78.56.241 - - [24/Apr/2024:11:55:18 +0800] "POST /xingrg/kc/buy/cgsh_order_operate.html HTTP/1.1" 200 12
180.164.1.25 - - [24/Apr/2024:11:55:19 +0800] "GET /xingrg/all/function/internal_message.html?_=1713930918788&CODE_STATE=getMsg HTTP/1.1" 200 27
124.78.56.241 - - [24/Apr/2024:11:55:20 +0800] "GET /xingrg/kc/buy/cgsh_order_info.html?code=212024042406619 HTTP/1.1" 200 68909
124.78.56.241 - - [24/Apr/2024:11:55:21 +0800] "GET /xingrg/javascript/easyui/themes/default/validatebox.css HTTP/1.1" 404 1104
124.78.56.241 - - [24/Apr/2024:11:55:22 +0800] "POST /xingrg/kc/buy/cgsh_order_operate.html HTTP/1.1" 200 1219
180.164.1.25 - - [24/Apr/2024:11:55:23 +0800] "GET /xingrg/kc/buy/cgsh_order_operate.html?command=get_materiel&rest_code=00108&code=00101005022&supplier_code=00100312&order_time=2024-04-24 HTTP/1.1" 200 417
101.80.230.31 - - [24/Apr/2024:11:55:23 +0800] "GET /xingrg/all/function/internal_message.html?_=1713930927948&CODE_STATE=getMsg HTTP/1.1" 200 27
124.78.56.241 - - [24/Apr/2024:11:55:24 +0800] "GET /xingrg/kc/print/load_data.html?order_code=212024042406619&kc_code=cgsh&condition= HTTP/1.1" 200 971
116.224.254.208 - - [24/Apr/2024:11:55:24 +0800] "GET /xingrg/all/function/internal_message.html?_=1713930924518&CODE_STATE=getMsg HTTP/1.1" 200 27
116.237.79.12 - - [24/Apr/2024:11:55:26 +0800] "GET /xingrg/kc/buy/cgsh_order_add.html HTTP/1.1" 200 74027
116.237.79.12 - - [24/Apr/2024:11:55:26 +0800] "POST /xingrg/kc/buy/cgsh_order_operate.html HTTP/1.1" 200 8245
116.237.79.12 - - [24/Apr/2024:11:55:26 +0800] "GET /xingrg/javascript/easyui/themes/default/validatebox.css HTTP/1.1" 404 1104
116.237.79.12 - - [24/Apr/2024:11:55:28 +0800] "GET /xingrg/javascript/easyui/themes/default/tree.css HTTP/1.1" 404 1090
116.237.79.12 - - [24/Apr/2024:11:55:28 +0800] "POST /xingrg/all/common/load_tree.html?tree=supplier_tree_json&isDelete=1 HTTP/1.1" 200 79499
180.169.147.146 - - [24/Apr/2024:11:55:29 +0800] "GET /xingrg/kc/buy/cgsh_order_operate.html?command=get_materiel&rest_code=00147&code=00101008196&supplier_code=00100008&order_time=2024-04-24 HTTP/1.1" 200 416
124.78.56.241 - - [24/Apr/2024:11:55:30 +0800] "POST /xingrg/kc/buy/cgsh_order_operate.html HTTP/1.1" 200 8245
124.78.56.241 - - [24/Apr/2024:11:55:30 +0800] "GET /xingrg/javascript/easyui/themes/default/validatebox.css HTTP/1.1" 404 1104
222.70.183.82 - - [24/Apr/2024:11:55:30 +0800] "GET /xingrg/check_reg.html?_=1713930929190 HTTP/1.1" 200 22
180.164.1.25 - - [24/Apr/2024:11:55:31 +0800] "GET /xingrg/kc/buy/cgsh_order_operate.html?command=get_materiel&rest_code=00108&code=00101005073&supplier_code=00100312&order_time=2024-04-24 HTTP/1.1" 200 410
180.169.147.146 - - [24/Apr/2024:11:55:34 +0800] "GET /xingrg/all/function/internal_message.html?_=1713930923067&CODE_STATE=getMsg HTTP/1.1" 200 27
180.163.29.206 - - [24/Apr/2024:11:55:38 +0800] "GET /xingrg/kc/buy/cgsh_order_operate.html?command=get_materiel&rest_code=00106&code=00101007082&supplier_code=00100096&order_time=2024-04-24 HTTP/1.1" 302 -
180.163.29.206 - - [24/Apr/2024:11:55:39 +0800] "GET /xingrg/login.html HTTP/1.1" 200 7641
180.164.1.25 - - [24/Apr/2024:11:55:41 +0800] "GET /xingrg/kc/buy/cgsh_order_operate.html?command=get_materiel&rest_code=00108&code=00101001047&supplier_code=00100312&order_time=2024-04-24 HTTP/1.1" 200 423
221.239.169.251 - - [24/Apr/2024:11:55:42 +0800] "GET /xingrg/all/function/internal_message.html?_=1713930939917&CODE_STATE=getMsg HTTP/1.1" 200 27
116.232.195.13 - - [24/Apr/2024:11:55:45 +0800] "GET /xingrg/all/function/internal_message.html?_=1713930932225&CODE_STATE=getMsg HTTP/1.1" 200 27
222.70.183.82 - - [24/Apr/2024:11:55:45 +0800] "GET /xingrg/all/function/internal_message.html?_=1713930944054&CODE_STATE=getMsg HTTP/1.1" 200 27
180.169.147.146 - - [24/Apr/2024:11:55:49 +0800] "GET /xingrg/check_reg.html?_=1713930938333 HTTP/1.1" 200 22
180.164.1.25 - - [24/Apr/2024:11:55:51 +0800] "GET /xingrg/kc/buy/cgsh_order_operate.html?command=get_materiel&rest_code=00108&code=00101001156&supplier_code=00100312&order_time=2024-04-24 HTTP/1.1" 200 409
222.69.135.140 - - [24/Apr/2024:11:55:51 +0800] "GET /xingrg/all/function/internal_message.html?_=1713930951400&CODE_STATE=getMsg HTTP/1.1" 200 27
116.237.79.12 - - [24/Apr/2024:11:55:57 +0800] "GET /xingrg/all/function/internal_message.html?_=1713930951888&CODE_STATE=getMsg HTTP/1.1" 200 27
180.163.28.55 - - [24/Apr/2024:11:55:57 +0800] "GET /xingrg/all/function/internal_message.html?_=1713930891918&CODE_STATE=getMsg HTTP/1.1" 302 -
180.163.28.55 - - [24/Apr/2024:11:55:57 +0800] "GET /xingrg/login.html HTTP/1.1" 200 7641
180.164.1.25 - - [24/Apr/2024:11:56:00 +0800] "GET /xingrg/kc/buy/cgsh_order_operate.html?command=get_materiel&rest_code=00108&code=00101001045&supplier_code=00100312&order_time=2024-04-24 HTTP/1.1" 200 421
114.85.36.201 - - [24/Apr/2024:11:56:00 +0800] "GET /xingrg/all/function/internal_message.html?_=1713929357504&CODE_STATE=getMsg HTTP/1.1" 200 27
101.83.144.49 - - [24/Apr/2024:11:56:08 +0800] "GET /xingrg/all/function/internal_message.html?_=1713930968624&CODE_STATE=getMsg HTTP/1.1" 200 27
116.237.79.12 - - [24/Apr/2024:11:56:09 +0800] "GET /xingrg/all/function/internal_message.html?_=1713930969137&CODE_STATE=getMsg HTTP/1.1" 200 27
180.164.1.25 - - [24/Apr/2024:11:56:12 +0800] "GET /xingrg/kc/buy/cgsh_order_operate.html?command=get_materiel&rest_code=00108&code=00101001096&supplier_code=00100312&order_time=2024-04-24 HTTP/1.1" 200 413
116.237.79.12 - - [24/Apr/2024:11:56:13 +0800] "GET /xingrg/kc/buy/cgsh_order_operate.html?command=get_materiel&rest_code=00106&code=00101010569&supplier_code=00100327&order_time=2024-04-24 HTTP/1.1" 200 409
116.237.79.12 - - [24/Apr/2024:11:56:13 +0800] "GET /xingrg/check_reg.html?_=1713930973643 HTTP/1.1" 200 22
116.237.79.12 - - [24/Apr/2024:11:56:15 +0800] "GET /xingrg/all/function/internal_message.html?_=1713930975207&CODE_STATE=getMsg HTTP/1.1" 200 27
124.78.56.241 - - [24/Apr/2024:11:56:15 +0800] "GET /xingrg/all/function/internal_message.html?_=1713930975975&CODE_STATE=getMsg HTTP/1.1" 200 27
116.224.254.208 - - [24/Apr/2024:11:56:16 +0800] "GET /xingrg/all/function/internal_message.html?_=1713930976535&CODE_STATE=getMsg HTTP/1.1" 200 27
180.164.1.25 - - [24/Apr/2024:11:56:19 +0800] "GET /xingrg/all/function/internal_message.html?_=1713930978771&CODE_STATE=getMsg HTTP/1.1" 200 27
180.164.1.25 - - [24/Apr/2024:11:56:22 +0800] "GET /xingrg/kc/buy/cgsh_order_operate.html?command=get_materiel&rest_code=00108&code=00101004067&supplier_code=00100312&order_time=2024-04-24 HTTP/1.1" 200 415
101.80.230.31 - - [24/Apr/2024:11:56:23 +0800] "GET /xingrg/all/function/internal_message.html?_=1713930987951&CODE_STATE=getMsg HTTP/1.1" 200 27
101.80.230.31 - - [24/Apr/2024:11:56:23 +0800] "GET /xingrg/check_reg.html?_=1713930987952 HTTP/1.1" 200 22
116.224.254.208 - - [24/Apr/2024:11:56:24 +0800] "GET /xingrg/all/function/internal_message.html?_=1713930984510&CODE_STATE=getMsg HTTP/1.1" 200 27
116.224.254.208 - - [24/Apr/2024:11:56:24 +0800] "GET /xingrg/check_reg.html?_=1713930984513 HTTP/1.1" 200 22
116.237.79.12 - - [24/Apr/2024:11:56:31 +0800] "POST /xingrg/kc/buy/cgsh_order_operate.html HTTP/1.1" 200 37
180.169.147.146 - - [24/Apr/2024:11:56:34 +0800] "GET /xingrg/all/function/internal_message.html?_=1713930983049&CODE_STATE=getMsg HTTP/1.1" 200 27
116.237.79.12 - - [24/Apr/2024:11:56:38 +0800] "POST /xingrg/kc/buy/cgsh_order_operate.html HTTP/1.1" 200 12
221.239.169.251 - - [24/Apr/2024:11:56:42 +0800] "GET /xingrg/all/function/internal_message.html?_=1713930999901&CODE_STATE=getMsg HTTP/1.1" 200 27
180.164.1.25 - - [24/Apr/2024:11:56:43 +0800] "POST /xingrg/kc/buy/cgsh_order_operate.html HTTP/1.1" 200 37
116.237.79.12 - - [24/Apr/2024:11:56:44 +0800] "GET /xingrg/kc/buy/cgsh_order_info.html?code=212024042406620 HTTP/1.1" 200 68899
116.237.79.12 - - [24/Apr/2024:11:56:44 +0800] "GET /xingrg/javascript/easyui/themes/default/validatebox.css HTTP/1.1" 404 1104
116.232.195.13 - - [24/Apr/2024:11:56:45 +0800] "GET /xingrg/check_reg.html?_=1713930992224 HTTP/1.1" 200 22
116.232.195.13 - - [24/Apr/2024:11:56:45 +0800] "GET /xingrg/all/function/internal_message.html?_=1713930992227&CODE_STATE=getMsg HTTP/1.1" 200 27
222.70.183.82 - - [24/Apr/2024:11:56:45 +0800] "GET /xingrg/all/function/internal_message.html?_=1713931004037&CODE_STATE=getMsg HTTP/1.1" 200 27
116.237.79.12 - - [24/Apr/2024:11:56:46 +0800] "POST /xingrg/kc/buy/cgsh_order_operate.html HTTP/1.1" 200 604
180.164.1.25 - - [24/Apr/2024:11:56:47 +0800] "POST /xingrg/kc/buy/cgsh_order_operate.html HTTP/1.1" 200 8023
116.237.79.12 - - [24/Apr/2024:11:56:50 +0800] "GET /xingrg/kc/print/load_data.html?order_code=212024042406620&kc_code=cgsh&condition= HTTP/1.1" 200 693
222.69.135.140 - - [24/Apr/2024:11:56:51 +0800] "GET /xingrg/all/function/internal_message.html?_=1713931011391&CODE_STATE=getMsg HTTP/1.1" 200 27
180.164.1.25 - - [24/Apr/2024:11:56:54 +0800] "GET /xingrg/kc/print/load_data.html?order_code=212024042406621&kc_code=cgsh&condition= HTTP/1.1" 200 2754
116.237.79.12 - - [24/Apr/2024:11:56:57 +0800] "GET /xingrg/all/function/internal_message.html?_=1713931011862&CODE_STATE=getMsg HTTP/1.1" 200 27
116.237.79.12 - - [24/Apr/2024:11:56:58 +0800] "GET /xingrg/kc/buy/cgsh_order_add.html HTTP/1.1" 200 74027
116.237.79.12 - - [24/Apr/2024:11:56:59 +0800] "POST /xingrg/kc/buy/cgsh_order_operate.html HTTP/1.1" 200 8245
116.237.79.12 - - [24/Apr/2024:11:56:59 +0800] "GET /xingrg/javascript/easyui/themes/default/validatebox.css HTTP/1.1" 404 1104
180.164.1.25 - - [24/Apr/2024:11:57:00 +0800] "GET /xingrg/kc/mdqp/qqps_order_list.html HTTP/1.1" 200 9222
180.164.1.25 - - [24/Apr/2024:11:57:00 +0800] "GET /xingrg/dwr/interface/AjaxQqpsService.js HTTP/1.1" 200 16326
180.164.1.25 - - [24/Apr/2024:11:57:00 +0800] "GET /xingrg/dwr/engine.js HTTP/1.1" 200 43631
180.164.1.25 - - [24/Apr/2024:11:57:00 +0800] "GET /xingrg/dwr/interface/AjaxReportQueryService.js HTTP/1.1" 200 13203
114.85.36.201 - - [24/Apr/2024:11:57:00 +0800] "GET /xingrg/all/function/internal_message.html?_=1713929417496&CODE_STATE=getMsg HTTP/1.1" 200 27
116.237.79.12 - - [24/Apr/2024:11:57:03 +0800] "GET /xingrg/javascript/easyui/themes/default/tree.css HTTP/1.1" 404 1090
116.237.79.12 - - [24/Apr/2024:11:57:03 +0800] "POST /xingrg/all/common/load_tree.html?tree=supplier_tree_json&isDelete=1 HTTP/1.1" 200 79499
180.164.1.25 - - [24/Apr/2024:11:57:04 +0800] "GET /xingrg/kc/mdqp/qqps_order_list.html?isQuery=1&timeSelect=1&orderTime=day&startTime=2024-04-21&endTime=2024-04-24&state=all&query=%C8%B7++%B6%A8 HTTP/1.1" 200 10178
180.164.1.25 - - [24/Apr/2024:11:57:04 +0800] "GET /xingrg/dwr/interface/AjaxQqpsService.js HTTP/1.1" 200 16326
180.164.1.25 - - [24/Apr/2024:11:57:04 +0800] "GET /xingrg/dwr/interface/AjaxReportQueryService.js HTTP/1.1" 200 13203
180.164.1.25 - - [24/Apr/2024:11:57:04 +0800] "GET /xingrg/dwr/engine.js HTTP/1.1" 200 43631
180.164.1.25 - - [24/Apr/2024:11:57:05 +0800] "GET /xingrg/kc/mdqp/qqps_order_info.html?code=302024042200324 HTTP/1.1" 200 26644
180.164.1.25 - - [24/Apr/2024:11:57:05 +0800] "GET /xingrg/javascript/tools/jquery.qtip-1.0.0-rc3.min.js HTTP/1.1" 200 38404
180.164.1.25 - - [24/Apr/2024:11:57:06 +0800] "GET /xingrg/dwr/interface/AjaxComOrderService.js HTTP/1.1" 200 18264
180.164.1.25 - - [24/Apr/2024:11:57:06 +0800] "GET /xingrg/dwr/interface/AjaxQqpsService.js HTTP/1.1" 200 16326
180.164.1.25 - - [24/Apr/2024:11:57:06 +0800] "GET /xingrg/dwr/engine.js HTTP/1.1" 200 43631
180.164.1.25 - - [24/Apr/2024:11:57:06 +0800] "GET /xingrg/javascript/jquery_easy_ui/themes/icons/template_new.png HTTP/1.1" 200 3956
180.164.1.25 - - [24/Apr/2024:11:57:06 +0800] "GET /xingrg/javascript/jquery_easy_ui/themes/icons/copy_new.png HTTP/1.1" 200 815
101.83.144.49 - - [24/Apr/2024:11:57:08 +0800] "GET /xingrg/all/function/internal_message.html?_=1713931028603&CODE_STATE=getMsg HTTP/1.1" 200 27
116.237.79.12 - - [24/Apr/2024:11:57:09 +0800] "GET /xingrg/all/function/internal_message.html?_=1713931029123&CODE_STATE=getMsg HTTP/1.1" 200 27
101.83.144.49 - - [24/Apr/2024:11:57:09 +0800] "GET /xingrg/check_reg.html?_=1713931030129 HTTP/1.1" 200 22
116.237.79.12 - - [24/Apr/2024:11:57:09 +0800] "GET /xingrg/check_reg.html?_=1713931029739 HTTP/1.1" 200 22
114.85.36.201 - - [24/Apr/2024:11:57:11 +0800] "GET /xingrg/kc/report/report_main.html HTTP/1.1" 200 7340
114.85.36.201 - - [24/Apr/2024:11:57:13 +0800] "GET /xingrg/all/report/report_query.html?fileName=kc/buy/gys_amount.xml&rh=99999 HTTP/1.1" 200 52006
114.85.36.201 - - [24/Apr/2024:11:57:13 +0800] "GET /xingrg/dwr/interface/AjaxReportQueryService.js HTTP/1.1" 200 13203
114.85.36.201 - - [24/Apr/2024:11:57:13 +0800] "GET /xingrg/dwr/engine.js HTTP/1.1" 200 43631
114.85.36.201 - - [24/Apr/2024:11:57:13 +0800] "POST /xingrg/dwr/call/plaincall/AjaxReportQueryService.getFixDate.dwr HTTP/1.1" 200 111
114.85.36.201 - - [24/Apr/2024:11:57:14 +0800] "POST /xingrg/dwr/call/plaincall/AjaxReportQueryService.getInitString.dwr HTTP/1.1" 200 432
114.85.36.201 - - [24/Apr/2024:11:57:14 +0800] "POST /xingrg/all/common/load_tree.html?tree=materiel_sort_tree_json HTTP/1.1" 200 9734
114.85.36.201 - - [24/Apr/2024:11:57:15 +0800] "POST /xingrg/all/common/load_tree.html?tree=supplier_tree_json&manage=1 HTTP/1.1" 200 81908
116.237.79.12 - - [24/Apr/2024:11:57:15 +0800] "GET /xingrg/all/function/internal_message.html?_=1713931035191&CODE_STATE=getMsg HTTP/1.1" 200 27
124.78.56.241 - - [24/Apr/2024:11:57:15 +0800] "GET /xingrg/all/function/internal_message.html?_=1713931035950&CODE_STATE=getMsg HTTP/1.1" 200 27
116.224.254.208 - - [24/Apr/2024:11:57:16 +0800] "GET /xingrg/all/function/internal_message.html?_=1713931036549&CODE_STATE=getMsg HTTP/1.1" 200 27
180.164.1.25 - - [24/Apr/2024:11:57:17 +0800] "POST /xingrg/dwr/call/plaincall/AjaxQqpsService.loadMaterielItems.dwr HTTP/1.1" 200 12097
114.85.36.201 - - [24/Apr/2024:11:57:17 +0800] "POST /xingrg/dwr/call/plaincall/AjaxReportQueryService.refreshCache.dwr HTTP/1.1" 200 78
180.164.1.25 - - [24/Apr/2024:11:57:19 +0800] "GET /xingrg/all/function/internal_message.html?_=1713931038733&CODE_STATE=getMsg HTTP/1.1" 200 27
180.164.1.25 - - [24/Apr/2024:11:57:19 +0800] "GET /xingrg/check_reg.html?_=1713931038838 HTTP/1.1" 200 22
114.85.36.201 - - [24/Apr/2024:11:57:21 +0800] "POST /xingrg/all/report/load_report_page.html HTTP/1.1" 200 22835
114.85.36.201 - - [24/Apr/2024:11:57:21 +0800] "GET /xingrg/servlets/image?cache=0.6244291736539864&image=px HTTP/1.1" 200 807
116.237.79.12 - - [24/Apr/2024:11:57:22 +0800] "GET /xingrg/kc/buy/cgsh_order_operate.html?command=get_materiel&rest_code=00106&code=00101010646&supplier_code=00100325&order_time=2024-04-24 HTTP/1.1" 200 422
101.80.230.31 - - [24/Apr/2024:11:57:23 +0800] "GET /xingrg/all/function/internal_message.html?_=1713931047953&CODE_STATE=getMsg HTTP/1.1" 200 27
116.224.254.208 - - [24/Apr/2024:11:57:24 +0800] "GET /xingrg/all/function/internal_message.html?_=1713931044523&CODE_STATE=getMsg HTTP/1.1" 200 27
180.169.147.146 - - [24/Apr/2024:11:57:34 +0800] "GET /xingrg/all/function/internal_message.html?_=1713931043032&CODE_STATE=getMsg HTTP/1.1" 200 27
124.78.56.241 - - [24/Apr/2024:11:57:34 +0800] "GET /xingrg/check_reg.html?_=1713931054620 HTTP/1.1" 200 22
180.164.1.25 - - [24/Apr/2024:11:57:34 +0800] "GET /xingrg/kc/buy/cgsh_order_add.html HTTP/1.1" 200 74126
180.164.1.25 - - [24/Apr/2024:11:57:35 +0800] "POST /xingrg/kc/buy/cgsh_order_operate.html HTTP/1.1" 200 8245
180.164.1.25 - - [24/Apr/2024:11:57:35 +0800] "GET /xingrg/javascript/easyui/themes/default/validatebox.css HTTP/1.1" 404 1104
114.89.74.27 - - [24/Apr/2024:11:57:38 +0800] "GET /xingrg/check_reg.html?_=1713931060993 HTTP/1.1" 200 22
116.237.79.12 - - [24/Apr/2024:11:57:41 +0800] "POST /xingrg/kc/buy/cgsh_order_operate.html HTTP/1.1" 200 37
221.239.169.251 - - [24/Apr/2024:11:57:42 +0800] "GET /xingrg/all/function/internal_message.html?_=1713931059901&CODE_STATE=getMsg HTTP/1.1" 200 27
116.232.195.13 - - [24/Apr/2024:11:57:45 +0800] "GET /xingrg/all/function/internal_message.html?_=1713931052226&CODE_STATE=getMsg HTTP/1.1" 200 27
222.70.183.82 - - [24/Apr/2024:11:57:45 +0800] "GET /xingrg/all/function/internal_message.html?_=1713931064020&CODE_STATE=getMsg HTTP/1.1" 200 27
116.237.79.12 - - [24/Apr/2024:11:57:48 +0800] "POST /xingrg/kc/buy/cgsh_order_operate.html HTTP/1.1" 200 12
116.237.79.12 - - [24/Apr/2024:11:57:50 +0800] "GET /xingrg/kc/buy/cgsh_order_info.html?code=212024042406622 HTTP/1.1" 200 68903
116.237.79.12 - - [24/Apr/2024:11:57:50 +0800] "GET /xingrg/javascript/easyui/themes/default/validatebox.css HTTP/1.1" 404 1104
222.69.135.140 - - [24/Apr/2024:11:57:51 +0800] "GET /xingrg/check_reg.html?_=1713931071405 HTTP/1.1" 200 22
222.69.135.140 - - [24/Apr/2024:11:57:51 +0800] "GET /xingrg/all/function/internal_message.html?_=1713931071408&CODE_STATE=getMsg HTTP/1.1" 200 27
116.237.79.12 - - [24/Apr/2024:11:57:51 +0800] "POST /xingrg/kc/buy/cgsh_order_operate.html HTTP/1.1" 200 616
180.164.1.25 - - [24/Apr/2024:11:57:51 +0800] "GET /xingrg/javascript/jquery_tools/images/next.gif HTTP/1.1" 404 1086
180.164.1.25 - - [24/Apr/2024:11:57:51 +0800] "GET /xingrg/javascript/jquery_tools/images/prev.gif HTTP/1.1" 404 1086
116.237.79.12 - - [24/Apr/2024:11:57:54 +0800] "GET /xingrg/kc/print/load_data.html?order_code=212024042406622&kc_code=cgsh&condition= HTTP/1.1" 200 714
116.237.79.12 - - [24/Apr/2024:11:57:56 +0800] "GET /xingrg/all/function/internal_message.html?_=1713931071835&CODE_STATE=getMsg HTTP/1.1" 200 27
114.85.36.201 - - [24/Apr/2024:11:58:00 +0800] "GET /xingrg/all/function/internal_message.html?_=1713929477504&CODE_STATE=getMsg HTTP/1.1" 200 27
180.164.1.25 - - [24/Apr/2024:11:58:04 +0800] "GET /xingrg/kc/buy/cgsh_order_operate.html?command=get_materiel&rest_code=00108&code=00101002075&supplier_code=00100653&order_time=2024-04-24 HTTP/1.1" 200 413
116.237.79.12 - - [24/Apr/2024:11:58:04 +0800] "GET /xingrg/kc/buy/cgsh_order_add.html HTTP/1.1" 200 74027
116.237.79.12 - - [24/Apr/2024:11:58:05 +0800] "POST /xingrg/kc/buy/cgsh_order_operate.html HTTP/1.1" 200 8245
116.237.79.12 - - [24/Apr/2024:11:58:05 +0800] "GET /xingrg/javascript/easyui/themes/default/validatebox.css HTTP/1.1" 404 1104
222.70.245.31 - - [24/Apr/2024:11:58:05 +0800] "POST /xingrg/services/DataTransmitService HTTP/1.1" 200 524
116.237.79.12 - - [24/Apr/2024:11:58:07 +0800] "GET /xingrg/javascript/easyui/themes/default/tree.css HTTP/1.1" 404 1090
116.237.79.12 - - [24/Apr/2024:11:58:08 +0800] "POST /xingrg/all/common/load_tree.html?tree=supplier_tree_json&isDelete=1 HTTP/1.1" 200 79499
101.83.144.49 - - [24/Apr/2024:11:58:08 +0800] "GET /xingrg/all/function/internal_message.html?_=1713931088579&CODE_STATE=getMsg HTTP/1.1" 200 27
116.237.79.12 - - [24/Apr/2024:11:58:09 +0800] "GET /xingrg/all/function/internal_message.html?_=1713931089658&CODE_STATE=getMsg HTTP/1.1" 200 27
116.237.79.12 - - [24/Apr/2024:11:58:15 +0800] "GET /xingrg/all/function/internal_message.html?_=1713931095176&CODE_STATE=getMsg HTTP/1.1" 200 27
124.78.56.241 - - [24/Apr/2024:11:58:15 +0800] "GET /xingrg/all/function/internal_message.html?_=1713931095917&CODE_STATE=getMsg HTTP/1.1" 200 27
116.224.254.208 - - [24/Apr/2024:11:58:16 +0800] "GET /xingrg/all/function/internal_message.html?_=1713931096549&CODE_STATE=getMsg HTTP/1.1" 200 27
180.164.1.25 - - [24/Apr/2024:11:58:19 +0800] "GET /xingrg/all/function/internal_message.html?_=1713931098726&CODE_STATE=getMsg HTTP/1.1" 200 27
101.80.230.31 - - [24/Apr/2024:11:58:23 +0800] "GET /xingrg/all/function/internal_message.html?_=1713931107957&CODE_STATE=getMsg HTTP/1.1" 200 27
116.224.254.208 - - [24/Apr/2024:11:58:24 +0800] "GET /xingrg/all/function/internal_message.html?_=1713931104518&CODE_STATE=getMsg HTTP/1.1" 200 27
180.164.1.25 - - [24/Apr/2024:11:58:28 +0800] "POST /xingrg/kc/buy/cgsh_order_operate.html HTTP/1.1" 200 37
116.237.79.12 - - [24/Apr/2024:11:58:32 +0800] "GET /xingrg/kc/buy/cgsh_order_operate.html?command=get_materiel&rest_code=00106&code=00101010355&supplier_code=00100329&order_time=2024-04-24 HTTP/1.1" 200 440
180.164.1.25 - - [24/Apr/2024:11:58:33 +0800] "POST /xingrg/kc/buy/cgsh_order_operate.html HTTP/1.1" 200 2657
180.169.147.146 - - [24/Apr/2024:11:58:34 +0800] "GET /xingrg/all/function/internal_message.html?_=1713931103012&CODE_STATE=getMsg HTTP/1.1" 200 27
180.164.1.25 - - [24/Apr/2024:11:58:37 +0800] "GET /xingrg/kc/print/load_data.html?order_code=212024042406623&kc_code=cgsh&condition= HTTP/1.1" 200 664
221.239.169.251 - - [24/Apr/2024:11:58:42 +0800] "GET /xingrg/all/function/internal_message.html?_=1713931119899&CODE_STATE=getMsg HTTP/1.1" 200 27
221.239.169.251 - - [24/Apr/2024:11:58:42 +0800] "GET /xingrg/check_reg.html?_=1713931119902 HTTP/1.1" 200 22
116.232.195.13 - - [24/Apr/2024:11:58:45 +0800] "GET /xingrg/all/function/internal_message.html?_=1713931112213&CODE_STATE=getMsg HTTP/1.1" 200 27
222.70.183.82 - - [24/Apr/2024:11:58:45 +0800] "GET /xingrg/all/function/internal_message.html?_=1713931124002&CODE_STATE=getMsg HTTP/1.1" 200 27
116.237.79.12 - - [24/Apr/2024:11:58:48 +0800] "POST /xingrg/kc/buy/cgsh_order_operate.html HTTP/1.1" 200 37
222.69.135.140 - - [24/Apr/2024:11:58:51 +0800] "GET /xingrg/all/function/internal_message.html?_=1713931131403&CODE_STATE=getMsg HTTP/1.1" 200 27
116.237.79.12 - - [24/Apr/2024:11:58:55 +0800] "POST /xingrg/kc/buy/cgsh_order_operate.html HTTP/1.1" 200 12
116.237.79.12 - - [24/Apr/2024:11:58:56 +0800] "GET /xingrg/check_reg.html?_=1713931131632 HTTP/1.1" 200 22
116.237.79.12 - - [24/Apr/2024:11:58:56 +0800] "GET /xingrg/all/function/internal_message.html?_=1713931131809&CODE_STATE=getMsg HTTP/1.1" 200 27
116.237.79.12 - - [24/Apr/2024:11:58:57 +0800] "GET /xingrg/kc/buy/cgsh_order_info.html?code=212024042406624 HTTP/1.1" 200 68903
116.237.79.12 - - [24/Apr/2024:11:58:58 +0800] "GET /xingrg/javascript/easyui/themes/default/validatebox.css HTTP/1.1" 404 1104
116.237.79.12 - - [24/Apr/2024:11:58:59 +0800] "POST /xingrg/kc/buy/cgsh_order_operate.html HTTP/1.1" 200 629
116.224.254.208 - - [24/Apr/2024:11:58:59 +0800] "GET /xingrg/kc/buy/cgsh_order_add.html HTTP/1.1" 200 74078
116.224.254.208 - - [24/Apr/2024:11:58:59 +0800] "POST /xingrg/kc/buy/cgsh_order_operate.html HTTP/1.1" 200 8245
116.224.254.208 - - [24/Apr/2024:11:58:59 +0800] "GET /xingrg/javascript/easyui/themes/default/validatebox.css HTTP/1.1" 404 1104
114.85.36.201 - - [24/Apr/2024:11:59:00 +0800] "GET /xingrg/check_reg.html?_=1713929537505 HTTP/1.1" 200 22
114.85.36.201 - - [24/Apr/2024:11:59:00 +0800] "GET /xingrg/all/function/internal_message.html?_=1713929537508&CODE_STATE=getMsg HTTP/1.1" 200 27
116.237.79.12 - - [24/Apr/2024:11:59:02 +0800] "GET /xingrg/kc/print/load_data.html?order_code=212024042406624&kc_code=cgsh&condition= HTTP/1.1" 200 735
116.237.79.12 - - [24/Apr/2024:11:59:08 +0800] "GET /xingrg/kc/buy/cgsh_order_add.html HTTP/1.1" 200 74027
101.83.144.49 - - [24/Apr/2024:11:59:08 +0800] "GET /xingrg/all/function/internal_message.html?_=1713931148561&CODE_STATE=getMsg HTTP/1.1" 200 27
116.237.79.12 - - [24/Apr/2024:11:59:08 +0800] "POST /xingrg/kc/buy/cgsh_order_operate.html HTTP/1.1" 200 8245
116.237.79.12 - - [24/Apr/2024:11:59:08 +0800] "GET /xingrg/javascript/easyui/themes/default/validatebox.css HTTP/1.1" 404 1104
116.237.79.12 - - [24/Apr/2024:11:59:09 +0800] "GET /xingrg/all/function/internal_message.html?_=1713931149646&CODE_STATE=getMsg HTTP/1.1" 200 27
116.237.79.12 - - [24/Apr/2024:11:59:10 +0800] "GET /xingrg/javascript/easyui/themes/default/tree.css HTTP/1.1" 404 1090
116.224.254.208 - - [24/Apr/2024:11:59:10 +0800] "GET /xingrg/kc/buy/cgsh_order_operate.html?command=get_materiel&rest_code=00150&code=00101010785&supplier_code=00100547&order_time=2024-04-24 HTTP/1.1" 200 461
116.237.79.12 - - [24/Apr/2024:11:59:10 +0800] "POST /xingrg/all/common/load_tree.html?tree=supplier_tree_json&isDelete=1 HTTP/1.1" 200 79499
116.237.79.12 - - [24/Apr/2024:11:59:15 +0800] "GET /xingrg/all/function/internal_message.html?_=1713931155189&CODE_STATE=getMsg HTTP/1.1" 200 27
124.78.56.241 - - [24/Apr/2024:11:59:15 +0800] "GET /xingrg/all/function/internal_message.html?_=1713931155909&CODE_STATE=getMsg HTTP/1.1" 200 27
180.164.1.25 - - [24/Apr/2024:11:59:19 +0800] "GET /xingrg/all/function/internal_message.html?_=1713931158715&CODE_STATE=getMsg HTTP/1.1" 200 27
116.224.254.208 - - [24/Apr/2024:11:59:20 +0800] "POST /xingrg/kc/buy/cgsh_order_operate.html HTTP/1.1" 200 37
101.80.230.31 - - [24/Apr/2024:11:59:23 +0800] "GET /xingrg/all/function/internal_message.html?_=1713931167958&CODE_STATE=getMsg HTTP/1.1" 200 27
116.224.254.208 - - [24/Apr/2024:11:59:24 +0800] "GET /xingrg/all/function/internal_message.html?_=1713931164542&CODE_STATE=getMsg HTTP/1.1" 200 27
116.224.254.208 - - [24/Apr/2024:11:59:27 +0800] "POST /xingrg/kc/buy/cgsh_order_operate.html HTTP/1.1" 200 12
116.224.254.208 - - [24/Apr/2024:11:59:28 +0800] "GET /xingrg/kc/buy/cgsh_order_info.html?code=212024042406625 HTTP/1.1" 200 68941
116.224.254.208 - - [24/Apr/2024:11:59:29 +0800] "GET /xingrg/javascript/easyui/themes/default/validatebox.css HTTP/1.1" 404 1104
116.224.254.208 - - [24/Apr/2024:11:59:30 +0800] "POST /xingrg/kc/buy/cgsh_order_operate.html HTTP/1.1" 200 648
116.224.254.208 - - [24/Apr/2024:11:59:32 +0800] "GET /xingrg/kc/print/load_data.html?order_code=212024042406625&kc_code=cgsh&condition= HTTP/1.1" 200 729
180.169.147.146 - - [24/Apr/2024:11:59:34 +0800] "GET /xingrg/all/function/internal_message.html?_=1713931162992&CODE_STATE=getMsg HTTP/1.1" 200 27
116.224.254.208 - - [24/Apr/2024:11:59:36 +0800] "GET /xingrg/kc/buy/cgsh_order_add.html HTTP/1.1" 200 74078
116.224.254.208 - - [24/Apr/2024:11:59:36 +0800] "POST /xingrg/kc/buy/cgsh_order_operate.html HTTP/1.1" 200 8245
116.224.254.208 - - [24/Apr/2024:11:59:36 +0800] "GET /xingrg/javascript/easyui/themes/default/validatebox.css HTTP/1.1" 404 1104
221.239.169.251 - - [24/Apr/2024:11:59:42 +0800] "GET /xingrg/all/function/internal_message.html?_=1713931179905&CODE_STATE=getMsg HTTP/1.1" 200 27
180.164.1.25 - - [24/Apr/2024:11:59:44 +0800] "GET /xingrg/kc/buy/cgsh_order_add.html HTTP/1.1" 200 74126
180.164.1.25 - - [24/Apr/2024:11:59:44 +0800] "POST /xingrg/kc/buy/cgsh_order_operate.html HTTP/1.1" 200 8245
180.164.1.25 - - [24/Apr/2024:11:59:44 +0800] "GET /xingrg/javascript/easyui/themes/default/validatebox.css HTTP/1.1" 404 1104
116.237.79.12 - - [24/Apr/2024:11:59:44 +0800] "GET /xingrg/kc/buy/cgsh_order_operate.html?command=get_materiel&rest_code=00106&code=00101010148&supplier_code=00100323&order_time=2024-04-24 HTTP/1.1" 200 413
116.232.195.13 - - [24/Apr/2024:11:59:45 +0800] "GET /xingrg/all/function/internal_message.html?_=1713931172220&CODE_STATE=getMsg HTTP/1.1" 200 27
222.70.183.82 - - [24/Apr/2024:11:59:45 +0800] "GET /xingrg/all/function/internal_message.html?_=1713931183986&CODE_STATE=getMsg HTTP/1.1" 200 27
180.164.1.25 - - [24/Apr/2024:11:59:50 +0800] "GET /xingrg/kc/buy/cgsh_order_add.html HTTP/1.1" 200 74126
180.164.1.25 - - [24/Apr/2024:11:59:51 +0800] "POST /xingrg/kc/buy/cgsh_order_operate.html HTTP/1.1" 200 8245
180.164.1.25 - - [24/Apr/2024:11:59:51 +0800] "GET /xingrg/javascript/easyui/themes/default/validatebox.css HTTP/1.1" 404 1104
222.69.135.140 - - [24/Apr/2024:11:59:51 +0800] "GET /xingrg/all/function/internal_message.html?_=1713931191393&CODE_STATE=getMsg HTTP/1.1" 200 27
180.169.147.146 - - [24/Apr/2024:11:59:51 +0800] "GET /xingrg/kc/buy/cgsh_order_operate.html?command=get_materiel&rest_code=00147&code=00101008558&supplier_code=00100008&order_time=2024-04-24 HTTP/1.1" 200 409
116.224.254.208 - - [24/Apr/2024:11:59:52 +0800] "GET /xingrg/kc/buy/cgsh_order_operate.html?command=get_materiel&rest_code=00150&code=00101002017&supplier_code=00100337&order_time=2024-04-24 HTTP/1.1" 200 409
180.164.1.25 - - [24/Apr/2024:11:59:53 +0800] "GET /xingrg/javascript/jquery_tools/images/next.gif HTTP/1.1" 404 1086
180.164.1.25 - - [24/Apr/2024:11:59:53 +0800] "GET /xingrg/javascript/jquery_tools/images/prev.gif HTTP/1.1" 404 1086
116.237.79.12 - - [24/Apr/2024:11:59:56 +0800] "GET /xingrg/all/function/internal_message.html?_=1713931191792&CODE_STATE=getMsg HTTP/1.1" 200 27
114.85.36.201 - - [24/Apr/2024:12:00:00 +0800] "GET /xingrg/all/function/internal_message.html?_=1713929597508&CODE_STATE=getMsg HTTP/1.1" 200 27
116.224.254.208 - - [24/Apr/2024:12:00:01 +0800] "POST /xingrg/kc/buy/cgsh_order_operate.html HTTP/1.1" 200 37
180.164.1.25 - - [24/Apr/2024:12:00:04 +0800] "GET /xingrg/kc/buy/cgsh_order_operate.html?command=get_materiel&rest_code=00108&code=00101001060&supplier_code=00100442&order_time=2024-04-24 HTTP/1.1" 200 421
180.169.147.146 - - [24/Apr/2024:12:00:05 +0800] "GET /xingrg/kc/buy/cgsh_order_operate.html?command=get_materiel&rest_code=00147&code=00101008150&supplier_code=00100008&order_time=2024-04-24 HTTP/1.1" 200 409
101.83.144.49 - - [24/Apr/2024:12:00:08 +0800] "GET /xingrg/all/function/internal_message.html?_=1713931208530&CODE_STATE=getMsg HTTP/1.1" 200 27
116.224.254.208 - - [24/Apr/2024:12:00:09 +0800] "POST /xingrg/kc/buy/cgsh_order_operate.html HTTP/1.1" 200 12
116.237.79.12 - - [24/Apr/2024:12:00:09 +0800] "GET /xingrg/all/function/internal_message.html?_=1713931209628&CODE_STATE=getMsg HTTP/1.1" 200 27
116.224.254.208 - - [24/Apr/2024:12:00:11 +0800] "GET /xingrg/kc/buy/cgsh_order_info.html?code=212024042406626 HTTP/1.1" 200 68951
116.224.254.208 - - [24/Apr/2024:12:00:12 +0800] "GET /xingrg/javascript/easyui/themes/default/validatebox.css HTTP/1.1" 404 1104
116.224.254.208 - - [24/Apr/2024:12:00:13 +0800] "POST /xingrg/kc/buy/cgsh_order_operate.html HTTP/1.1" 200 603
116.224.254.208 - - [24/Apr/2024:12:00:14 +0800] "GET /xingrg/kc/print/load_data.html?order_code=212024042406626&kc_code=cgsh&condition= HTTP/1.1" 200 701
116.237.79.12 - - [24/Apr/2024:12:00:15 +0800] "GET /xingrg/all/function/internal_message.html?_=1713931215173&CODE_STATE=getMsg HTTP/1.1" 200 27
124.78.56.241 - - [24/Apr/2024:12:00:15 +0800] "GET /xingrg/all/function/internal_message.html?_=1713931215902&CODE_STATE=getMsg HTTP/1.1" 200 27
116.237.79.12 - - [24/Apr/2024:12:00:16 +0800] "GET /xingrg/kc/buy/cgsh_order_operate.html?command=get_materiel&rest_code=00106&code=00101006026&supplier_code=00100323&order_time=2024-04-24 HTTP/1.1" 200 409
116.224.254.208 - - [24/Apr/2024:12:00:16 +0800] "GET /xingrg/all/function/internal_message.html?_=1713931216576&CODE_STATE=getMsg HTTP/1.1" 200 27
180.164.1.25 - - [24/Apr/2024:12:00:18 +0800] "GET /xingrg/all/function/internal_message.html?_=1713931218706&CODE_STATE=getMsg HTTP/1.1" 200 27
116.224.254.208 - - [24/Apr/2024:12:00:19 +0800] "GET /xingrg/kc/buy/cgsh_order_add.html HTTP/1.1" 200 74078
116.224.254.208 - - [24/Apr/2024:12:00:19 +0800] "POST /xingrg/kc/buy/cgsh_order_operate.html HTTP/1.1" 200 8245
116.224.254.208 - - [24/Apr/2024:12:00:19 +0800] "GET /xingrg/javascript/easyui/themes/default/validatebox.css HTTP/1.1" 404 1104
180.164.1.25 - - [24/Apr/2024:12:00:22 +0800] "POST /xingrg/kc/buy/cgsh_order_operate.html HTTP/1.1" 200 37
101.80.230.31 - - [24/Apr/2024:12:00:23 +0800] "GET /xingrg/all/function/internal_message.html?_=1713931227961&CODE_STATE=getMsg HTTP/1.1" 200 27
116.224.254.208 - - [24/Apr/2024:12:00:24 +0800] "GET /xingrg/all/function/internal_message.html?_=1713931224514&CODE_STATE=getMsg HTTP/1.1" 200 27
180.164.1.25 - - [24/Apr/2024:12:00:25 +0800] "POST /xingrg/kc/buy/cgsh_order_operate.html HTTP/1.1" 200 2668
116.224.254.208 - - [24/Apr/2024:12:00:29 +0800] "GET /xingrg/kc/buy/cgsh_order_operate.html?command=get_materiel&rest_code=00150&code=00101010563&supplier_code=00100323&order_time=2024-04-24 HTTP/1.1" 200 412
222.70.183.82 - - [24/Apr/2024:12:00:30 +0800] "GET /xingrg/check_reg.html?_=1713931229208 HTTP/1.1" 200 22
180.164.1.25 - - [24/Apr/2024:12:00:34 +0800] "POST /xingrg/kc/buy/cgsh_order_operate.html HTTP/1.1" 200 37
180.169.147.146 - - [24/Apr/2024:12:00:34 +0800] "GET /xingrg/all/function/internal_message.html?_=1713931222963&CODE_STATE=getMsg HTTP/1.1" 200 27
180.164.1.25 - - [24/Apr/2024:12:00:37 +0800] "POST /xingrg/kc/buy/cgsh_order_operate.html HTTP/1.1" 200 2665
116.237.79.12 - - [24/Apr/2024:12:00:38 +0800] "GET /xingrg/kc/buy/cgsh_order_operate.html?command=get_materiel&rest_code=00106&code=00101007106&supplier_code=00100323&order_time=2024-04-24 HTTP/1.1" 200 409
180.164.1.25 - - [24/Apr/2024:12:00:39 +0800] "GET /xingrg/kc/print/load_data.html?order_code=212024042406627&kc_code=cgsh&condition= HTTP/1.1" 200 694
221.239.169.251 - - [24/Apr/2024:12:00:42 +0800] "GET /xingrg/all/function/internal_message.html?_=1713931239941&CODE_STATE=getMsg HTTP/1.1" 200 27
116.224.254.208 - - [24/Apr/2024:12:00:42 +0800] "POST /xingrg/kc/buy/cgsh_order_operate.html HTTP/1.1" 200 37
180.164.1.25 - - [24/Apr/2024:12:00:43 +0800] "GET /xingrg/kc/buy/cgsh_order_add.html HTTP/1.1" 200 74126
180.164.1.25 - - [24/Apr/2024:12:00:43 +0800] "POST /xingrg/kc/buy/cgsh_order_operate.html HTTP/1.1" 200 8245
180.164.1.25 - - [24/Apr/2024:12:00:43 +0800] "GET /xingrg/javascript/easyui/themes/default/validatebox.css HTTP/1.1" 404 1104
116.232.195.13 - - [24/Apr/2024:12:00:45 +0800] "GET /xingrg/all/function/internal_message.html?_=1713931232209&CODE_STATE=getMsg HTTP/1.1" 200 27
180.164.1.25 - - [24/Apr/2024:12:00:45 +0800] "GET /xingrg/javascript/jquery_tools/images/next.gif HTTP/1.1" 404 1086
180.164.1.25 - - [24/Apr/2024:12:00:45 +0800] "GET /xingrg/javascript/jquery_tools/images/prev.gif HTTP/1.1" 404 1086
222.70.183.82 - - [24/Apr/2024:12:00:45 +0800] "GET /xingrg/all/function/internal_message.html?_=1713931243982&CODE_STATE=getMsg HTTP/1.1" 200 27
116.224.254.208 - - [24/Apr/2024:12:00:49 +0800] "POST /xingrg/services/DataTransmitService HTTP/1.1" 200 524
180.169.147.146 - - [24/Apr/2024:12:00:49 +0800] "GET /xingrg/check_reg.html?_=1713931238306 HTTP/1.1" 200 22
116.224.254.208 - - [24/Apr/2024:12:00:50 +0800] "POST /xingrg/services/DataTransmitService HTTP/1.1" 200 412
222.69.135.140 - - [24/Apr/2024:12:00:51 +0800] "GET /xingrg/all/function/internal_message.html?_=1713931251386&CODE_STATE=getMsg HTTP/1.1" 200 27
116.224.254.208 - - [24/Apr/2024:12:00:54 +0800] "POST /xingrg/kc/buy/cgsh_order_operate.html HTTP/1.1" 200 12
180.164.1.25 - - [24/Apr/2024:12:00:55 +0800] "GET /xingrg/kc/buy/cgsh_order_operate.html?command=get_materiel&rest_code=00108&code=00101010678&supplier_code=00100564&order_time=2024-04-24 HTTP/1.1" 200 427
116.224.254.208 - - [24/Apr/2024:12:00:56 +0800] "GET /xingrg/kc/buy/cgsh_order_info.html?code=212024042406628 HTTP/1.1" 200 68952
116.237.79.12 - - [24/Apr/2024:12:00:56 +0800] "GET /xingrg/all/function/internal_message.html?_=1713931251777&CODE_STATE=getMsg HTTP/1.1" 200 27
116.224.254.208 - - [24/Apr/2024:12:00:56 +0800] "GET /xingrg/javascript/easyui/themes/default/validatebox.css HTTP/1.1" 404 1104
180.163.29.79 - - [24/Apr/2024:12:00:57 +0800] "GET /xingrg/all/function/internal_message.html?_=1713931191792&CODE_STATE=getMsg HTTP/1.1" 302 -
180.163.29.79 - - [24/Apr/2024:12:00:57 +0800] "GET /xingrg/login.html HTTP/1.1" 200 7641
116.224.254.208 - - [24/Apr/2024:12:00:58 +0800] "POST /xingrg/kc/buy/cgsh_order_operate.html HTTP/1.1" 200 605
114.85.36.201 - - [24/Apr/2024:12:01:00 +0800] "GET /xingrg/all/function/internal_message.html?_=1713929657513&CODE_STATE=getMsg HTTP/1.1" 200 27
180.164.1.25 - - [24/Apr/2024:12:01:06 +0800] "POST /xingrg/kc/buy/cgsh_order_operate.html HTTP/1.1" 200 37
180.164.1.25 - - [24/Apr/2024:12:01:07 +0800] "POST /xingrg/kc/buy/cgsh_order_operate.html HTTP/1.1" 200 2664
101.83.144.49 - - [24/Apr/2024:12:01:08 +0800] "GET /xingrg/all/function/internal_message.html?_=1713931268506&CODE_STATE=getMsg HTTP/1.1" 200 27
180.169.147.146 - - [24/Apr/2024:12:01:08 +0800] "GET /xingrg/kc/buy/cgsh_order_operate.html?command=get_materiel&rest_code=00147&code=00101008168&supplier_code=00100008&order_time=2024-04-24 HTTP/1.1" 200 412
180.164.1.25 - - [24/Apr/2024:12:01:09 +0800] "GET /xingrg/kc/print/load_data.html?order_code=212024042406629&kc_code=cgsh&condition= HTTP/1.1" 200 670
116.237.79.12 - - [24/Apr/2024:12:01:09 +0800] "GET /xingrg/kc/buy/cgsh_order_operate.html?command=get_materiel&rest_code=00106&code=00101004017&supplier_code=00100323&order_time=2024-04-24 HTTP/1.1" 200 413
116.237.79.12 - - [24/Apr/2024:12:01:09 +0800] "GET /xingrg/all/function/internal_message.html?_=1713931269666&CODE_STATE=getMsg HTTP/1.1" 200 27
116.224.254.208 - - [24/Apr/2024:12:01:09 +0800] "GET /xingrg/kc/print/load_data.html?order_code=212024042406628&kc_code=cgsh&condition= HTTP/1.1" 200 714
180.164.1.25 - - [24/Apr/2024:12:01:12 +0800] "GET /xingrg/kc/buy/cgsh_order_add.html HTTP/1.1" 200 74126
180.164.1.25 - - [24/Apr/2024:12:01:12 +0800] "POST /xingrg/kc/buy/cgsh_order_operate.html HTTP/1.1" 200 8245
180.164.1.25 - - [24/Apr/2024:12:01:12 +0800] "GET /xingrg/javascript/easyui/themes/default/validatebox.css HTTP/1.1" 404 1104
116.237.79.12 - - [24/Apr/2024:12:01:13 +0800] "GET /xingrg/check_reg.html?_=1713931273660 HTTP/1.1" 200 22
180.164.1.25 - - [24/Apr/2024:12:01:13 +0800] "GET /xingrg/javascript/jquery_tools/images/next.gif HTTP/1.1" 404 1086
180.164.1.25 - - [24/Apr/2024:12:01:13 +0800] "GET /xingrg/javascript/jquery_tools/images/prev.gif HTTP/1.1" 404 1086
116.224.254.208 - - [24/Apr/2024:12:01:14 +0800] "GET /xingrg/kc/buy/cgsh_order_add.html HTTP/1.1" 200 74078
116.224.254.208 - - [24/Apr/2024:12:01:14 +0800] "POST /xingrg/kc/buy/cgsh_order_operate.html HTTP/1.1" 200 8245
116.224.254.208 - - [24/Apr/2024:12:01:14 +0800] "GET /xingrg/javascript/easyui/themes/default/validatebox.css HTTP/1.1" 404 1104
116.237.79.12 - - [24/Apr/2024:12:01:15 +0800] "GET /xingrg/all/function/internal_message.html?_=1713931275144&CODE_STATE=getMsg HTTP/1.1" 200 27
124.78.56.241 - - [24/Apr/2024:12:01:15 +0800] "GET /xingrg/all/function/internal_message.html?_=1713931275888&CODE_STATE=getMsg HTTP/1.1" 200 27
116.224.254.208 - - [24/Apr/2024:12:01:16 +0800] "GET /xingrg/all/function/internal_message.html?_=1713931276558&CODE_STATE=getMsg HTTP/1.1" 200 27
180.169.147.146 - - [24/Apr/2024:12:01:17 +0800] "GET /xingrg/kc/buy/cgsh_order_operate.html?command=get_materiel&rest_code=00147&code=00101023038&supplier_code=00100008&order_time=2024-04-24 HTTP/1.1" 200 413
180.164.1.25 - - [24/Apr/2024:12:01:18 +0800] "GET /xingrg/all/function/internal_message.html?_=1713931278685&CODE_STATE=getMsg HTTP/1.1" 200 27
116.224.254.208 - - [24/Apr/2024:12:01:20 +0800] "GET /xingrg/kc/base/wldb_order_list.html HTTP/1.1" 200 19057
116.224.254.208 - - [24/Apr/2024:12:01:20 +0800] "POST /xingrg/kc/base/wldb_list_operate.html HTTP/1.1" 200 928
180.164.1.25 - - [24/Apr/2024:12:01:22 +0800] "GET /xingrg/kc/buy/cgsh_order_operate.html?command=get_materiel&rest_code=00108&code=00101020358&supplier_code=00100337&order_time=2024-04-24 HTTP/1.1" 200 417
116.224.254.208 - - [24/Apr/2024:12:01:22 +0800] "GET /xingrg/kc/base/wldb_order_add.html HTTP/1.1" 200 30388
116.224.254.208 - - [24/Apr/2024:12:01:22 +0800] "POST /xingrg/kc/base/wldb_order_operate.html HTTP/1.1" 200 6806
116.224.254.208 - - [24/Apr/2024:12:01:22 +0800] "GET /xingrg/javascript/easyui/themes/default/validatebox.css HTTP/1.1" 404 1104
101.80.230.31 - - [24/Apr/2024:12:01:23 +0800] "GET /xingrg/all/function/internal_message.html?_=1713931287963&CODE_STATE=getMsg HTTP/1.1" 200 27
