221.239.169.251 - - [24/Apr/2024:10:46:41 +0800] "GET /xingrg/all/function/internal_message.html?_=1713926799850&CODE_STATE=getMsg HTTP/1.1" 200 27
101.83.144.49 - - [24/Apr/2024:10:46:42 +0800] "GET /xingrg/kc/buy/cgsh_order_operate.html?command=get_materiel&rest_code=00105&code=00101012046&supplier_code=00100487&order_time=2024-04-24 HTTP/1.1" 200 417
116.232.195.13 - - [24/Apr/2024:10:46:44 +0800] "GET /xingrg/all/function/internal_message.html?_=1713926792225&CODE_STATE=getMsg HTTP/1.1" 200 27
116.232.195.13 - - [24/Apr/2024:10:46:44 +0800] "GET /xingrg/check_reg.html?_=1713926792227 HTTP/1.1" 200 22
101.83.144.49 - - [24/Apr/2024:10:46:50 +0800] "POST /xingrg/kc/buy/cgsh_order_operate.html HTTP/1.1" 200 37
222.69.135.140 - - [24/Apr/2024:10:46:51 +0800] "GET /xingrg/all/function/internal_message.html?_=1713926811401&CODE_STATE=getMsg HTTP/1.1" 200 27
116.237.79.12 - - [24/Apr/2024:10:46:54 +0800] "POST /xingrg/kc/base/wldb_order_operate.html HTTP/1.1" 200 37
101.83.144.49 - - [24/Apr/2024:10:46:54 +0800] "POST /xingrg/kc/buy/cgsh_order_operate.html HTTP/1.1" 200 2660
116.237.79.12 - - [24/Apr/2024:10:46:55 +0800] "POST /xingrg/kc/base/wldb_order_operate.html HTTP/1.1" 200 2189
101.83.144.49 - - [24/Apr/2024:10:46:56 +0800] "GET /xingrg/kc/print/load_data.html?order_code=212024042406533&kc_code=cgsh&condition= HTTP/1.1" 200 672
116.237.79.12 - - [24/Apr/2024:10:46:56 +0800] "GET /xingrg/kc/base/wldb_order_info.html?code=422024042401492 HTTP/1.1" 200 30397
116.237.79.12 - - [24/Apr/2024:10:46:57 +0800] "GET /xingrg/javascript/easyui/themes/default/validatebox.css HTTP/1.1" 404 1104
116.237.79.12 - - [24/Apr/2024:10:46:57 +0800] "POST /xingrg/kc/base/wldb_order_operate.html HTTP/1.1" 200 2189
116.237.79.12 - - [24/Apr/2024:10:46:58 +0800] "GET /xingrg/all/function/internal_message.html?_=1713926813247&CODE_STATE=getMsg HTTP/1.1" 200 27
116.237.79.12 - - [24/Apr/2024:10:46:59 +0800] "GET /xingrg/kc/base/base_main.html HTTP/1.1" 200 12142
101.80.230.31 - - [24/Apr/2024:10:46:59 +0800] "POST /xingrg/services/DataTransmitService HTTP/1.1" 200 524
101.83.144.49 - - [24/Apr/2024:10:47:00 +0800] "GET /xingrg/kc/buy/cgsh_order_add.html HTTP/1.1" 200 74116
101.80.230.31 - - [24/Apr/2024:10:47:00 +0800] "POST /xingrg/services/DataTransmitService HTTP/1.1" 200 501
101.83.144.49 - - [24/Apr/2024:10:47:00 +0800] "GET /xingrg/javascript/easyui/themes/default/validatebox.css HTTP/1.1" 404 1104
101.83.144.49 - - [24/Apr/2024:10:47:00 +0800] "POST /xingrg/kc/buy/cgsh_order_operate.html HTTP/1.1" 200 8245
116.237.79.12 - - [24/Apr/2024:10:47:01 +0800] "GET /xingrg/kc/base/wldb_order_list.html HTTP/1.1" 200 19051
116.237.79.12 - - [24/Apr/2024:10:47:01 +0800] "POST /xingrg/kc/base/wldb_list_operate.html HTTP/1.1" 200 2559
116.237.79.12 - - [24/Apr/2024:10:47:04 +0800] "GET /xingrg/kc/buy/cgsh_order_add.html HTTP/1.1" 200 74033
116.237.79.12 - - [24/Apr/2024:10:47:04 +0800] "POST /xingrg/kc/buy/cgsh_order_operate.html HTTP/1.1" 200 8245
116.237.79.12 - - [24/Apr/2024:10:47:04 +0800] "GET /xingrg/javascript/easyui/themes/default/validatebox.css HTTP/1.1" 404 1104
116.224.254.208 - - [24/Apr/2024:10:47:08 +0800] "GET /xingrg/all/function/internal_message.html?_=1713926828530&CODE_STATE=getMsg HTTP/1.1" 200 27
116.224.254.208 - - [24/Apr/2024:10:47:09 +0800] "GET /xingrg/check_reg.html?_=1713926829414 HTTP/1.1" 200 22
116.237.79.12 - - [24/Apr/2024:10:47:09 +0800] "GET /xingrg/check_reg.html?_=1713926829654 HTTP/1.1" 200 22
116.237.79.12 - - [24/Apr/2024:10:47:09 +0800] "GET /xingrg/all/function/internal_message.html?_=1713926829658&CODE_STATE=getMsg HTTP/1.1" 200 27
101.83.144.49 - - [24/Apr/2024:10:47:09 +0800] "GET /xingrg/check_reg.html?_=1713926830077 HTTP/1.1" 200 22
101.83.144.49 - - [24/Apr/2024:10:47:09 +0800] "GET /xingrg/all/function/internal_message.html?_=1713926830107&CODE_STATE=getMsg HTTP/1.1" 200 27
101.83.144.49 - - [24/Apr/2024:10:47:11 +0800] "GET /xingrg/kc/buy/cgsh_order_operate.html?command=get_materiel&rest_code=00105&code=00101010161&supplier_code=00100334&order_time=2024-04-24 HTTP/1.1" 200 408
222.70.183.82 - - [24/Apr/2024:10:47:13 +0800] "GET /xingrg/all/function/internal_message.html?_=1713926831583&CODE_STATE=getMsg HTTP/1.1" 200 27
116.237.79.12 - - [24/Apr/2024:10:47:13 +0800] "GET /xingrg/javascript/easyui/themes/default/tree.css HTTP/1.1" 404 1090
116.237.79.12 - - [24/Apr/2024:10:47:13 +0800] "POST /xingrg/all/common/load_tree.html?tree=supplier_tree_json&isDelete=1 HTTP/1.1" 200 79499
124.78.56.241 - - [24/Apr/2024:10:47:15 +0800] "GET /xingrg/all/function/internal_message.html?_=1713926835382&CODE_STATE=getMsg HTTP/1.1" 200 27
116.237.79.12 - - [24/Apr/2024:10:47:16 +0800] "GET /xingrg/all/function/internal_message.html?_=1713926836244&CODE_STATE=getMsg HTTP/1.1" 200 27
180.164.1.25 - - [24/Apr/2024:10:47:19 +0800] "GET /xingrg/check_reg.html?_=1713926838883 HTTP/1.1" 200 22
180.164.1.25 - - [24/Apr/2024:10:47:19 +0800] "GET /xingrg/all/function/internal_message.html?_=1713926838884&CODE_STATE=getMsg HTTP/1.1" 200 27
101.80.230.31 - - [24/Apr/2024:10:47:23 +0800] "GET /xingrg/all/function/internal_message.html?_=1713926847781&CODE_STATE=getMsg HTTP/1.1" 200 27
116.224.254.208 - - [24/Apr/2024:10:47:24 +0800] "GET /xingrg/all/function/internal_message.html?_=1713926844485&CODE_STATE=getMsg HTTP/1.1" 200 27
124.78.56.241 - - [24/Apr/2024:10:47:34 +0800] "GET /xingrg/check_reg.html?_=1713926854350 HTTP/1.1" 200 22
180.169.147.146 - - [24/Apr/2024:10:47:35 +0800] "GET /xingrg/all/function/internal_message.html?_=1713926844056&CODE_STATE=getMsg HTTP/1.1" 200 27
101.83.144.49 - - [24/Apr/2024:10:47:36 +0800] "GET /xingrg/kc/buy/cgsh_order_operate.html?command=get_materiel&rest_code=00105&code=00101005037&supplier_code=00100334&order_time=2024-04-24 HTTP/1.1" 200 409
116.237.79.12 - - [24/Apr/2024:10:47:38 +0800] "GET /xingrg/kc/buy/cgsh_order_operate.html?command=get_materiel&rest_code=00106&code=00101005037&supplier_code=00100631&order_time=2024-04-24 HTTP/1.1" 200 409
221.239.169.251 - - [24/Apr/2024:10:47:41 +0800] "GET /xingrg/all/function/internal_message.html?_=1713926859860&CODE_STATE=getMsg HTTP/1.1" 200 27
116.232.195.13 - - [24/Apr/2024:10:47:44 +0800] "GET /xingrg/all/function/internal_message.html?_=1713926852217&CODE_STATE=getMsg HTTP/1.1" 200 27
222.69.135.140 - - [24/Apr/2024:10:47:51 +0800] "GET /xingrg/all/function/internal_message.html?_=1713926871394&CODE_STATE=getMsg HTTP/1.1" 200 27
222.69.135.140 - - [24/Apr/2024:10:47:51 +0800] "GET /xingrg/check_reg.html?_=1713926871399 HTTP/1.1" 200 22
101.83.144.49 - - [24/Apr/2024:10:47:55 +0800] "POST /xingrg/kc/buy/cgsh_order_operate.html HTTP/1.1" 200 37
101.83.144.49 - - [24/Apr/2024:10:47:57 +0800] "POST /xingrg/kc/buy/cgsh_order_operate.html HTTP/1.1" 200 3240
101.83.144.49 - - [24/Apr/2024:10:47:58 +0800] "GET /xingrg/kc/print/load_data.html?order_code=212024042406534&kc_code=cgsh&condition= HTTP/1.1" 200 891
101.83.144.49 - - [24/Apr/2024:10:48:02 +0800] "GET /xingrg/kc/buy/cgsh_order_add.html HTTP/1.1" 200 74116
116.237.79.12 - - [24/Apr/2024:10:48:02 +0800] "POST /xingrg/kc/buy/cgsh_order_operate.html HTTP/1.1" 200 37
101.83.144.49 - - [24/Apr/2024:10:48:03 +0800] "GET /xingrg/javascript/easyui/themes/default/validatebox.css HTTP/1.1" 404 1104
101.83.144.49 - - [24/Apr/2024:10:48:03 +0800] "POST /xingrg/kc/buy/cgsh_order_operate.html HTTP/1.1" 200 8245
116.224.254.208 - - [24/Apr/2024:10:48:08 +0800] "GET /xingrg/all/function/internal_message.html?_=1713926888516&CODE_STATE=getMsg HTTP/1.1" 200 27
116.237.79.12 - - [24/Apr/2024:10:48:09 +0800] "POST /xingrg/kc/buy/cgsh_order_operate.html HTTP/1.1" 200 12
116.237.79.12 - - [24/Apr/2024:10:48:09 +0800] "GET /xingrg/all/function/internal_message.html?_=1713926889654&CODE_STATE=getMsg HTTP/1.1" 200 27
101.83.144.49 - - [24/Apr/2024:10:48:09 +0800] "GET /xingrg/all/function/internal_message.html?_=1713926890109&CODE_STATE=getMsg HTTP/1.1" 200 27
116.237.79.12 - - [24/Apr/2024:10:48:12 +0800] "GET /xingrg/kc/buy/cgsh_order_info.html?code=212024042406535 HTTP/1.1" 200 68905
116.237.79.12 - - [24/Apr/2024:10:48:12 +0800] "GET /xingrg/javascript/easyui/themes/default/validatebox.css HTTP/1.1" 404 1104
222.70.183.82 - - [24/Apr/2024:10:48:13 +0800] "GET /xingrg/all/function/internal_message.html?_=1713926891567&CODE_STATE=getMsg HTTP/1.1" 200 27
116.237.79.12 - - [24/Apr/2024:10:48:13 +0800] "POST /xingrg/kc/buy/cgsh_order_operate.html HTTP/1.1" 200 603
124.78.56.241 - - [24/Apr/2024:10:48:15 +0800] "GET /xingrg/all/function/internal_message.html?_=1713926895359&CODE_STATE=getMsg HTTP/1.1" 200 27
116.237.79.12 - - [24/Apr/2024:10:48:16 +0800] "GET /xingrg/all/function/internal_message.html?_=1713926896230&CODE_STATE=getMsg HTTP/1.1" 200 27
101.83.144.49 - - [24/Apr/2024:10:48:16 +0800] "GET /xingrg/kc/buy/cgsh_order_operate.html?command=get_materiel&rest_code=00105&code=00101008328&supplier_code=00100338&order_time=2024-04-24 HTTP/1.1" 200 410
180.164.1.25 - - [24/Apr/2024:10:48:19 +0800] "GET /xingrg/all/function/internal_message.html?_=1713926898877&CODE_STATE=getMsg HTTP/1.1" 200 27
116.237.79.12 - - [24/Apr/2024:10:48:21 +0800] "GET /xingrg/kc/print/load_data.html?order_code=212024042406535&kc_code=cgsh&condition= HTTP/1.1" 200 697
101.80.230.31 - - [24/Apr/2024:10:48:23 +0800] "GET /xingrg/all/function/internal_message.html?_=1713926907783&CODE_STATE=getMsg HTTP/1.1" 200 27
116.224.254.208 - - [24/Apr/2024:10:48:24 +0800] "GET /xingrg/all/function/internal_message.html?_=1713926904501&CODE_STATE=getMsg HTTP/1.1" 200 27
101.83.144.49 - - [24/Apr/2024:10:48:28 +0800] "POST /xingrg/kc/buy/cgsh_order_operate.html HTTP/1.1" 200 37
101.83.144.49 - - [24/Apr/2024:10:48:31 +0800] "POST /xingrg/kc/buy/cgsh_order_operate.html HTTP/1.1" 200 2655
180.169.147.146 - - [24/Apr/2024:10:48:35 +0800] "GET /xingrg/all/function/internal_message.html?_=1713926904039&CODE_STATE=getMsg HTTP/1.1" 200 27
101.83.144.49 - - [24/Apr/2024:10:48:36 +0800] "GET /xingrg/kc/print/load_data.html?order_code=212024042406536&kc_code=cgsh&condition= HTTP/1.1" 200 672
116.237.79.12 - - [24/Apr/2024:10:48:37 +0800] "GET /xingrg/kc/buy/cgsh_order_add.html HTTP/1.1" 200 74033
116.237.79.12 - - [24/Apr/2024:10:48:38 +0800] "POST /xingrg/kc/buy/cgsh_order_operate.html HTTP/1.1" 200 8245
116.237.79.12 - - [24/Apr/2024:10:48:38 +0800] "GET /xingrg/javascript/easyui/themes/default/validatebox.css HTTP/1.1" 404 1104
101.83.144.49 - - [24/Apr/2024:10:48:41 +0800] "GET /xingrg/kc/buy/cgsh_order_add.html HTTP/1.1" 200 74116
221.239.169.251 - - [24/Apr/2024:10:48:41 +0800] "GET /xingrg/check_reg.html?_=1713926919846 HTTP/1.1" 200 22
221.239.169.251 - - [24/Apr/2024:10:48:41 +0800] "GET /xingrg/all/function/internal_message.html?_=1713926919851&CODE_STATE=getMsg HTTP/1.1" 200 27
101.83.144.49 - - [24/Apr/2024:10:48:42 +0800] "GET /xingrg/javascript/easyui/themes/default/validatebox.css HTTP/1.1" 404 1104
101.83.144.49 - - [24/Apr/2024:10:48:42 +0800] "POST /xingrg/kc/buy/cgsh_order_operate.html HTTP/1.1" 200 8245
116.232.195.13 - - [24/Apr/2024:10:48:44 +0800] "GET /xingrg/all/function/internal_message.html?_=1713926912209&CODE_STATE=getMsg HTTP/1.1" 200 27
116.237.79.12 - - [24/Apr/2024:10:48:50 +0800] "GET /xingrg/javascript/easyui/themes/default/tree.css HTTP/1.1" 404 1090
222.69.135.140 - - [24/Apr/2024:10:48:51 +0800] "GET /xingrg/all/function/internal_message.html?_=1713926931394&CODE_STATE=getMsg HTTP/1.1" 200 27
116.237.79.12 - - [24/Apr/2024:10:48:51 +0800] "POST /xingrg/all/common/load_tree.html?tree=supplier_tree_json&isDelete=1 HTTP/1.1" 200 79499
116.237.79.12 - - [24/Apr/2024:10:48:56 +0800] "GET /xingrg/check_reg.html?_=1713926931843 HTTP/1.1" 200 22
116.237.79.12 - - [24/Apr/2024:10:48:58 +0800] "GET /xingrg/all/function/internal_message.html?_=1713926933252&CODE_STATE=getMsg HTTP/1.1" 200 27
116.224.254.208 - - [24/Apr/2024:10:49:08 +0800] "GET /xingrg/all/function/internal_message.html?_=1713926948492&CODE_STATE=getMsg HTTP/1.1" 200 27
101.83.144.49 - - [24/Apr/2024:10:49:09 +0800] "GET /xingrg/kc/buy/cgsh_order_operate.html?command=get_materiel&rest_code=00105&code=00101001037&supplier_code=00100668&order_time=2024-04-24 HTTP/1.1" 200 418
116.237.79.12 - - [24/Apr/2024:10:49:09 +0800] "GET /xingrg/all/function/internal_message.html?_=1713926949654&CODE_STATE=getMsg HTTP/1.1" 200 27
101.83.144.49 - - [24/Apr/2024:10:49:09 +0800] "GET /xingrg/all/function/internal_message.html?_=1713926950060&CODE_STATE=getMsg HTTP/1.1" 200 27
222.70.183.82 - - [24/Apr/2024:10:49:13 +0800] "GET /xingrg/all/function/internal_message.html?_=1713926951552&CODE_STATE=getMsg HTTP/1.1" 200 27
124.78.56.241 - - [24/Apr/2024:10:49:15 +0800] "GET /xingrg/all/function/internal_message.html?_=1713926955343&CODE_STATE=getMsg HTTP/1.1" 200 27
116.237.79.12 - - [24/Apr/2024:10:49:16 +0800] "GET /xingrg/all/function/internal_message.html?_=1713926956215&CODE_STATE=getMsg HTTP/1.1" 200 27
116.237.79.12 - - [24/Apr/2024:10:49:16 +0800] "GET /xingrg/kc/buy/cgsh_order_operate.html?command=get_materiel&rest_code=00106&code=00101011001&supplier_code=00100096&order_time=2024-04-24 HTTP/1.1" 200 422
180.163.28.114 - - [24/Apr/2024:10:49:16 +0800] "GET /xingrg/all/function/internal_message.html?_=1713926513357&CODE_STATE=getMsg HTTP/1.1" 302 -
180.163.28.114 - - [24/Apr/2024:10:49:16 +0800] "GET /xingrg/login.html HTTP/1.1" 200 7641
180.164.1.25 - - [24/Apr/2024:10:49:19 +0800] "GET /xingrg/all/function/internal_message.html?_=1713926958873&CODE_STATE=getMsg HTTP/1.1" 200 27
101.80.230.31 - - [24/Apr/2024:10:49:23 +0800] "GET /xingrg/all/function/internal_message.html?_=1713926967786&CODE_STATE=getMsg HTTP/1.1" 200 27
116.224.254.208 - - [24/Apr/2024:10:49:24 +0800] "GET /xingrg/all/function/internal_message.html?_=1713926964503&CODE_STATE=getMsg HTTP/1.1" 200 27
116.237.79.12 - - [24/Apr/2024:10:49:26 +0800] "GET /xingrg/kc/buy/cgsh_order_operate.html?command=get_materiel&rest_code=00106&code=00101011004&supplier_code=00100096&order_time=2024-04-24 HTTP/1.1" 200 412
101.83.144.49 - - [24/Apr/2024:10:49:26 +0800] "GET /xingrg/kc/buy/cgsh_order_operate.html?command=get_materiel&rest_code=00105&code=00101001140&supplier_code=00100668&order_time=2024-04-24 HTTP/1.1" 200 415
180.169.147.146 - - [24/Apr/2024:10:49:35 +0800] "GET /xingrg/all/function/internal_message.html?_=1713926964022&CODE_STATE=getMsg HTTP/1.1" 200 27
101.83.144.49 - - [24/Apr/2024:10:49:36 +0800] "POST /xingrg/kc/buy/cgsh_order_operate.html HTTP/1.1" 200 37
101.83.144.49 - - [24/Apr/2024:10:49:38 +0800] "POST /xingrg/kc/buy/cgsh_order_operate.html HTTP/1.1" 200 3260
101.83.144.49 - - [24/Apr/2024:10:49:40 +0800] "GET /xingrg/kc/print/load_data.html?order_code=212024042406537&kc_code=cgsh&condition= HTTP/1.1" 200 906
221.239.169.251 - - [24/Apr/2024:10:49:41 +0800] "GET /xingrg/all/function/internal_message.html?_=1713926979850&CODE_STATE=getMsg HTTP/1.1" 200 27
101.83.144.49 - - [24/Apr/2024:10:49:43 +0800] "GET /xingrg/kc/buy/cgsh_order_add.html HTTP/1.1" 200 74116
101.83.144.49 - - [24/Apr/2024:10:49:44 +0800] "POST /xingrg/kc/buy/cgsh_order_operate.html HTTP/1.1" 200 8245
101.83.144.49 - - [24/Apr/2024:10:49:44 +0800] "GET /xingrg/javascript/easyui/themes/default/validatebox.css HTTP/1.1" 404 1104
116.232.195.13 - - [24/Apr/2024:10:49:44 +0800] "GET /xingrg/all/function/internal_message.html?_=1713926972219&CODE_STATE=getMsg HTTP/1.1" 200 27
116.237.79.12 - - [24/Apr/2024:10:49:45 +0800] "GET /xingrg/kc/buy/cgsh_order_operate.html?command=get_materiel&rest_code=00106&code=00101006075&supplier_code=00100096&order_time=2024-04-24 HTTP/1.1" 200 416
180.163.28.143 - - [24/Apr/2024:10:49:48 +0800] "GET /xingrg/all/function/internal_message.html?_=1713926813247&CODE_STATE=getMsg HTTP/1.1" 302 -
180.163.28.143 - - [24/Apr/2024:10:49:48 +0800] "GET /xingrg/login.html HTTP/1.1" 200 7641
222.69.135.140 - - [24/Apr/2024:10:49:51 +0800] "GET /xingrg/all/function/internal_message.html?_=1713926991386&CODE_STATE=getMsg HTTP/1.1" 200 27
101.83.144.49 - - [24/Apr/2024:10:49:54 +0800] "GET /xingrg/kc/buy/cgsh_order_operate.html?command=get_materiel&rest_code=00105&code=00101002007&supplier_code=00100442&order_time=2024-04-24 HTTP/1.1" 200 409
116.237.79.12 - - [24/Apr/2024:10:49:58 +0800] "GET /xingrg/all/function/internal_message.html?_=1713926993223&CODE_STATE=getMsg HTTP/1.1" 200 27
116.237.79.12 - - [24/Apr/2024:10:49:59 +0800] "GET /xingrg/kc/buy/cgsh_order_operate.html?command=get_materiel&rest_code=00106&code=00101007067&supplier_code=00100096&order_time=2024-04-24 HTTP/1.1" 200 411
101.83.144.49 - - [24/Apr/2024:10:50:07 +0800] "POST /xingrg/kc/buy/cgsh_order_operate.html HTTP/1.1" 200 37
116.224.254.208 - - [24/Apr/2024:10:50:08 +0800] "GET /xingrg/all/function/internal_message.html?_=1713927008474&CODE_STATE=getMsg HTTP/1.1" 200 27
116.237.79.12 - - [24/Apr/2024:10:50:09 +0800] "GET /xingrg/all/function/internal_message.html?_=1713927009655&CODE_STATE=getMsg HTTP/1.1" 200 27
101.83.144.49 - - [24/Apr/2024:10:50:12 +0800] "POST /xingrg/kc/buy/cgsh_order_operate.html HTTP/1.1" 200 2658
222.70.183.82 - - [24/Apr/2024:10:50:13 +0800] "GET /xingrg/all/function/internal_message.html?_=1713927011536&CODE_STATE=getMsg HTTP/1.1" 200 27
101.83.144.49 - - [24/Apr/2024:10:50:14 +0800] "GET /xingrg/kc/print/load_data.html?order_code=212024042406538&kc_code=cgsh&condition= HTTP/1.1" 200 672
124.78.56.241 - - [24/Apr/2024:10:50:15 +0800] "GET /xingrg/all/function/internal_message.html?_=1713927015317&CODE_STATE=getMsg HTTP/1.1" 200 27
116.237.79.12 - - [24/Apr/2024:10:50:16 +0800] "GET /xingrg/all/function/internal_message.html?_=1713927016225&CODE_STATE=getMsg HTTP/1.1" 200 27
101.83.144.49 - - [24/Apr/2024:10:50:18 +0800] "GET /xingrg/kc/buy/cgsh_order_add.html HTTP/1.1" 200 74116
180.164.1.25 - - [24/Apr/2024:10:50:19 +0800] "GET /xingrg/all/function/internal_message.html?_=1713927018872&CODE_STATE=getMsg HTTP/1.1" 200 27
101.83.144.49 - - [24/Apr/2024:10:50:19 +0800] "GET /xingrg/javascript/easyui/themes/default/validatebox.css HTTP/1.1" 404 1104
101.83.144.49 - - [24/Apr/2024:10:50:19 +0800] "POST /xingrg/kc/buy/cgsh_order_operate.html HTTP/1.1" 200 8245
101.80.230.31 - - [24/Apr/2024:10:50:23 +0800] "GET /xingrg/all/function/internal_message.html?_=1713927027788&CODE_STATE=getMsg HTTP/1.1" 200 27
116.224.254.208 - - [24/Apr/2024:10:50:24 +0800] "GET /xingrg/all/function/internal_message.html?_=1713927024491&CODE_STATE=getMsg HTTP/1.1" 200 27
180.169.147.146 - - [24/Apr/2024:10:50:35 +0800] "GET /xingrg/all/function/internal_message.html?_=1713927024005&CODE_STATE=getMsg HTTP/1.1" 200 27
101.83.144.49 - - [24/Apr/2024:10:50:40 +0800] "GET /xingrg/kc/buy/cgsh_order_operate.html?command=get_materiel&rest_code=00105&code=00101002041&supplier_code=00100442&order_time=2024-04-24 HTTP/1.1" 200 409
221.239.169.251 - - [24/Apr/2024:10:50:41 +0800] "GET /xingrg/all/function/internal_message.html?_=1713927039853&CODE_STATE=getMsg HTTP/1.1" 200 27
180.163.29.79 - - [24/Apr/2024:10:50:44 +0800] "GET /xingrg/kc/buy/cgsh_order_operate.html?command=get_materiel&rest_code=00106&code=00101008146&supplier_code=00100009&order_time=2024-04-24 HTTP/1.1" 302 -
180.163.29.79 - - [24/Apr/2024:10:50:44 +0800] "GET /xingrg/login.html HTTP/1.1" 200 7641
116.232.195.13 - - [24/Apr/2024:10:50:44 +0800] "GET /xingrg/all/function/internal_message.html?_=1713927032218&CODE_STATE=getMsg HTTP/1.1" 200 27
180.169.147.146 - - [24/Apr/2024:10:50:50 +0800] "GET /xingrg/check_reg.html?_=1713927038546 HTTP/1.1" 200 22
222.69.135.140 - - [24/Apr/2024:10:50:51 +0800] "GET /xingrg/all/function/internal_message.html?_=1713927051394&CODE_STATE=getMsg HTTP/1.1" 200 27
101.83.144.49 - - [24/Apr/2024:10:50:52 +0800] "GET /xingrg/kc/buy/cgsh_order_operate.html?command=get_materiel&rest_code=00105&code=00101001060&supplier_code=00100442&order_time=2024-04-24 HTTP/1.1" 200 421
116.237.79.12 - - [24/Apr/2024:10:50:56 +0800] "GET /xingrg/kc/buy/cgsh_order_operate.html?command=get_materiel&rest_code=00106&code=00101016105&supplier_code=00100096&order_time=2024-04-24 HTTP/1.1" 200 411
116.237.79.12 - - [24/Apr/2024:10:50:58 +0800] "GET /xingrg/all/function/internal_message.html?_=1713927053196&CODE_STATE=getMsg HTTP/1.1" 200 27
101.83.144.49 - - [24/Apr/2024:10:51:06 +0800] "POST /xingrg/kc/buy/cgsh_order_operate.html HTTP/1.1" 200 37
101.83.144.49 - - [24/Apr/2024:10:51:08 +0800] "POST /xingrg/kc/buy/cgsh_order_operate.html HTTP/1.1" 200 3848
116.224.254.208 - - [24/Apr/2024:10:51:08 +0800] "GET /xingrg/all/function/internal_message.html?_=1713927068452&CODE_STATE=getMsg HTTP/1.1" 200 27
116.237.79.12 - - [24/Apr/2024:10:51:09 +0800] "GET /xingrg/all/function/internal_message.html?_=1713927069655&CODE_STATE=getMsg HTTP/1.1" 200 27
101.83.144.49 - - [24/Apr/2024:10:51:09 +0800] "GET /xingrg/all/function/internal_message.html?_=1713927070067&CODE_STATE=getMsg HTTP/1.1" 200 27
101.83.144.49 - - [24/Apr/2024:10:51:09 +0800] "GET /xingrg/kc/print/load_data.html?order_code=212024042406539&kc_code=cgsh&condition= HTTP/1.1" 200 1128
222.70.183.82 - - [24/Apr/2024:10:51:13 +0800] "GET /xingrg/all/function/internal_message.html?_=1713927071520&CODE_STATE=getMsg HTTP/1.1" 200 27
116.237.79.12 - - [24/Apr/2024:10:51:13 +0800] "GET /xingrg/check_reg.html?_=1713927073448 HTTP/1.1" 200 22
101.83.144.49 - - [24/Apr/2024:10:51:13 +0800] "GET /xingrg/kc/buy/cgsh_order_add.html HTTP/1.1" 200 74116
222.70.183.82 - - [24/Apr/2024:10:51:13 +0800] "GET /xingrg/check_reg.html?_=1713927072195 HTTP/1.1" 200 22
101.83.144.49 - - [24/Apr/2024:10:51:14 +0800] "GET /xingrg/javascript/easyui/themes/default/validatebox.css HTTP/1.1" 404 1104
101.83.144.49 - - [24/Apr/2024:10:51:14 +0800] "POST /xingrg/kc/buy/cgsh_order_operate.html HTTP/1.1" 200 8245
124.78.56.241 - - [24/Apr/2024:10:51:15 +0800] "GET /xingrg/all/function/internal_message.html?_=1713927075298&CODE_STATE=getMsg HTTP/1.1" 200 27
116.237.79.12 - - [24/Apr/2024:10:51:16 +0800] "GET /xingrg/all/function/internal_message.html?_=1713927076196&CODE_STATE=getMsg HTTP/1.1" 200 27
180.164.1.25 - - [24/Apr/2024:10:51:19 +0800] "GET /xingrg/all/function/internal_message.html?_=1713927078869&CODE_STATE=getMsg HTTP/1.1" 200 27
101.80.230.31 - - [24/Apr/2024:10:51:23 +0800] "GET /xingrg/all/function/internal_message.html?_=1713927087791&CODE_STATE=getMsg HTTP/1.1" 200 27
101.80.230.31 - - [24/Apr/2024:10:51:23 +0800] "GET /xingrg/check_reg.html?_=1713927087792 HTTP/1.1" 200 22
116.224.254.208 - - [24/Apr/2024:10:51:24 +0800] "GET /xingrg/all/function/internal_message.html?_=1713927084507&CODE_STATE=getMsg HTTP/1.1" 200 27
116.224.254.208 - - [24/Apr/2024:10:51:24 +0800] "GET /xingrg/check_reg.html?_=1713927084510 HTTP/1.1" 200 22
101.83.144.49 - - [24/Apr/2024:10:51:25 +0800] "GET /xingrg/kc/buy/cgsh_order_operate.html?command=get_materiel&rest_code=00105&code=00101004101&supplier_code=00100086&order_time=2024-04-24 HTTP/1.1" 200 415
101.83.144.49 - - [24/Apr/2024:10:51:35 +0800] "POST /xingrg/kc/buy/cgsh_order_operate.html HTTP/1.1" 200 37
180.169.147.146 - - [24/Apr/2024:10:51:35 +0800] "GET /xingrg/all/function/internal_message.html?_=1713927083989&CODE_STATE=getMsg HTTP/1.1" 200 27
101.83.144.49 - - [24/Apr/2024:10:51:37 +0800] "POST /xingrg/kc/buy/cgsh_order_operate.html HTTP/1.1" 200 2662
221.239.169.251 - - [24/Apr/2024:10:51:41 +0800] "GET /xingrg/all/function/internal_message.html?_=1713927099851&CODE_STATE=getMsg HTTP/1.1" 200 27
116.232.195.13 - - [24/Apr/2024:10:51:44 +0800] "GET /xingrg/all/function/internal_message.html?_=1713927092213&CODE_STATE=getMsg HTTP/1.1" 200 27
116.232.195.13 - - [24/Apr/2024:10:51:44 +0800] "GET /xingrg/check_reg.html?_=1713927092215 HTTP/1.1" 200 22
101.83.144.49 - - [24/Apr/2024:10:51:45 +0800] "GET /xingrg/kc/print/load_data.html?order_code=212024042406540&kc_code=cgsh&condition= HTTP/1.1" 200 736
222.69.135.140 - - [24/Apr/2024:10:51:51 +0800] "GET /xingrg/all/function/internal_message.html?_=1713927111386&CODE_STATE=getMsg HTTP/1.1" 200 27
101.83.144.49 - - [24/Apr/2024:10:51:53 +0800] "GET /xingrg/kc/buy/cgsh_order_add.html HTTP/1.1" 200 74116
101.83.144.49 - - [24/Apr/2024:10:51:54 +0800] "GET /xingrg/javascript/easyui/themes/default/validatebox.css HTTP/1.1" 404 1104
101.83.144.49 - - [24/Apr/2024:10:51:54 +0800] "POST /xingrg/kc/buy/cgsh_order_operate.html HTTP/1.1" 200 8245
116.237.79.12 - - [24/Apr/2024:10:51:58 +0800] "GET /xingrg/all/function/internal_message.html?_=1713927113245&CODE_STATE=getMsg HTTP/1.1" 200 27
116.237.79.12 - - [24/Apr/2024:10:52:02 +0800] "GET /xingrg/kc/buy/cgsh_order_operate.html?command=get_materiel&rest_code=00106&code=00101010248&supplier_code=00100096&order_time=2024-04-24 HTTP/1.1" 200 432
180.163.30.100 - - [24/Apr/2024:10:52:05 +0800] "GET /xingrg/kc/buy/cgsh_order_operate.html?command=get_materiel&rest_code=00106&code=00101011001&supplier_code=00100096&order_time=2024-04-24 HTTP/1.1" 302 -
180.163.30.100 - - [24/Apr/2024:10:52:05 +0800] "GET /xingrg/login.html HTTP/1.1" 200 7641
101.83.144.49 - - [24/Apr/2024:10:52:05 +0800] "GET /xingrg/kc/buy/cgsh_order_operate.html?command=get_materiel&rest_code=00105&code=00101004051&supplier_code=00100312&order_time=2024-04-24 HTTP/1.1" 200 408
116.224.254.208 - - [24/Apr/2024:10:52:08 +0800] "GET /xingrg/all/function/internal_message.html?_=1713927128429&CODE_STATE=getMsg HTTP/1.1" 200 27
116.224.254.208 - - [24/Apr/2024:10:52:09 +0800] "GET /xingrg/check_reg.html?_=1713927129411 HTTP/1.1" 200 22
116.237.79.12 - - [24/Apr/2024:10:52:09 +0800] "GET /xingrg/check_reg.html?_=1713927129655 HTTP/1.1" 200 22
116.237.79.12 - - [24/Apr/2024:10:52:09 +0800] "GET /xingrg/all/function/internal_message.html?_=1713927129657&CODE_STATE=getMsg HTTP/1.1" 200 27
101.83.144.49 - - [24/Apr/2024:10:52:09 +0800] "GET /xingrg/all/function/internal_message.html?_=1713927130041&CODE_STATE=getMsg HTTP/1.1" 200 27
101.83.144.49 - - [24/Apr/2024:10:52:09 +0800] "GET /xingrg/check_reg.html?_=1713927130123 HTTP/1.1" 200 22
222.70.183.82 - - [24/Apr/2024:10:52:13 +0800] "GET /xingrg/all/function/internal_message.html?_=1713927131493&CODE_STATE=getMsg HTTP/1.1" 200 27
124.78.56.241 - - [24/Apr/2024:10:52:15 +0800] "GET /xingrg/all/function/internal_message.html?_=1713927135279&CODE_STATE=getMsg HTTP/1.1" 200 27
116.237.79.12 - - [24/Apr/2024:10:52:16 +0800] "GET /xingrg/all/function/internal_message.html?_=1713927136181&CODE_STATE=getMsg HTTP/1.1" 200 27
101.83.144.49 - - [24/Apr/2024:10:52:18 +0800] "GET /xingrg/kc/buy/cgsh_order_operate.html?command=get_materiel&rest_code=00105&code=00101004067&supplier_code=00100312&order_time=2024-04-24 HTTP/1.1" 200 413
180.164.1.25 - - [24/Apr/2024:10:52:19 +0800] "GET /xingrg/check_reg.html?_=1713927138859 HTTP/1.1" 200 22
180.164.1.25 - - [24/Apr/2024:10:52:19 +0800] "GET /xingrg/all/function/internal_message.html?_=1713927138861&CODE_STATE=getMsg HTTP/1.1" 200 27
116.237.79.12 - - [24/Apr/2024:10:52:20 +0800] "GET /xingrg/kc/buy/cgsh_order_operate.html?command=get_materiel&rest_code=00106&code=00101012025&supplier_code=00100096&order_time=2024-04-24 HTTP/1.1" 200 412
222.70.183.82 - - [24/Apr/2024:10:52:22 +0800] "GET /xingrg/kc/buy/cgsh_order_add.html HTTP/1.1" 200 73989
222.70.183.82 - - [24/Apr/2024:10:52:22 +0800] "POST /xingrg/kc/buy/cgsh_order_operate.html HTTP/1.1" 200 8245
222.70.183.82 - - [24/Apr/2024:10:52:23 +0800] "GET /xingrg/javascript/easyui/themes/default/validatebox.css HTTP/1.1" 404 1104
101.80.230.31 - - [24/Apr/2024:10:52:23 +0800] "GET /xingrg/all/function/internal_message.html?_=1713927147793&CODE_STATE=getMsg HTTP/1.1" 200 27
116.224.254.208 - - [24/Apr/2024:10:52:24 +0800] "GET /xingrg/all/function/internal_message.html?_=1713927144513&CODE_STATE=getMsg HTTP/1.1" 200 27
101.83.144.49 - - [24/Apr/2024:10:52:29 +0800] "GET /xingrg/kc/buy/cgsh_order_operate.html?command=get_materiel&rest_code=00105&code=00101004020&supplier_code=00100312&order_time=2024-04-24 HTTP/1.1" 200 409
124.78.56.241 - - [24/Apr/2024:10:52:32 +0800] "POST /xingrg/kc/buy/cgsh_order_operate.html HTTP/1.1" 200 8245
124.78.56.241 - - [24/Apr/2024:10:52:32 +0800] "GET /xingrg/javascript/easyui/themes/default/validatebox.css HTTP/1.1" 404 1104
124.78.56.241 - - [24/Apr/2024:10:52:34 +0800] "GET /xingrg/check_reg.html?_=1713927154330 HTTP/1.1" 200 22
180.169.147.146 - - [24/Apr/2024:10:52:35 +0800] "GET /xingrg/all/function/internal_message.html?_=1713927143973&CODE_STATE=getMsg HTTP/1.1" 200 27
101.83.144.49 - - [24/Apr/2024:10:52:38 +0800] "GET /xingrg/kc/buy/cgsh_order_operate.html?command=get_materiel&rest_code=00105&code=00101001029&supplier_code=00100312&order_time=2024-04-24 HTTP/1.1" 200 417
221.239.169.251 - - [24/Apr/2024:10:52:41 +0800] "GET /xingrg/all/function/internal_message.html?_=1713927159852&CODE_STATE=getMsg HTTP/1.1" 200 27
116.232.195.13 - - [24/Apr/2024:10:52:45 +0800] "GET /xingrg/all/function/internal_message.html?_=1713927152227&CODE_STATE=getMsg HTTP/1.1" 200 27
116.237.79.12 - - [24/Apr/2024:10:52:45 +0800] "GET /xingrg/kc/buy/cgsh_order_operate.html?command=get_materiel&rest_code=00106&code=00101016017&supplier_code=00100096&order_time=2024-04-24 HTTP/1.1" 200 408
124.78.56.241 - - [24/Apr/2024:10:52:47 +0800] "GET /xingrg/kc/buy/cgsh_order_operate.html?command=get_materiel&rest_code=00141&code=00101008196&supplier_code=00100008&order_time=2024-04-24 HTTP/1.1" 200 416
222.69.135.140 - - [24/Apr/2024:10:52:51 +0800] "GET /xingrg/check_reg.html?_=1713927171408 HTTP/1.1" 200 22
222.69.135.140 - - [24/Apr/2024:10:52:51 +0800] "GET /xingrg/all/function/internal_message.html?_=1713927171405&CODE_STATE=getMsg HTTP/1.1" 200 27
101.83.144.49 - - [24/Apr/2024:10:52:53 +0800] "POST /xingrg/kc/buy/cgsh_order_operate.html HTTP/1.1" 200 37
101.83.144.49 - - [24/Apr/2024:10:52:54 +0800] "POST /xingrg/kc/buy/cgsh_order_operate.html HTTP/1.1" 200 4440
101.83.144.49 - - [24/Apr/2024:10:52:56 +0800] "GET /xingrg/kc/print/load_data.html?order_code=212024042406541&kc_code=cgsh&condition= HTTP/1.1" 200 1356
116.237.79.12 - - [24/Apr/2024:10:52:58 +0800] "GET /xingrg/all/function/internal_message.html?_=1713927173241&CODE_STATE=getMsg HTTP/1.1" 200 27
222.70.183.82 - - [24/Apr/2024:10:52:58 +0800] "GET /xingrg/kc/buy/cgsh_order_operate.html?command=get_materiel&rest_code=00111&code=00102010489&supplier_code=00100212&order_time=2024-04-24 HTTP/1.1" 200 422
101.83.144.49 - - [24/Apr/2024:10:53:00 +0800] "GET /xingrg/kc/buy/cgsh_order_add.html HTTP/1.1" 200 74116
101.83.144.49 - - [24/Apr/2024:10:53:01 +0800] "POST /xingrg/kc/buy/cgsh_order_operate.html HTTP/1.1" 200 8245
101.83.144.49 - - [24/Apr/2024:10:53:01 +0800] "GET /xingrg/javascript/easyui/themes/default/validatebox.css HTTP/1.1" 404 1104
124.78.56.241 - - [24/Apr/2024:10:53:07 +0800] "GET /xingrg/kc/buy/cgsh_order_operate.html?command=get_materiel&rest_code=00141&code=00101008740&supplier_code=00100008&order_time=2024-04-24 HTTP/1.1" 200 413
116.224.254.208 - - [24/Apr/2024:10:53:08 +0800] "GET /xingrg/all/function/internal_message.html?_=1713927188418&CODE_STATE=getMsg HTTP/1.1" 200 27
116.237.79.12 - - [24/Apr/2024:10:53:09 +0800] "GET /xingrg/all/function/internal_message.html?_=1713927189643&CODE_STATE=getMsg HTTP/1.1" 200 27
101.83.144.49 - - [24/Apr/2024:10:53:09 +0800] "GET /xingrg/all/function/internal_message.html?_=1713927190037&CODE_STATE=getMsg HTTP/1.1" 200 27
101.83.144.49 - - [24/Apr/2024:10:53:10 +0800] "GET /xingrg/kc/buy/cgsh_order_operate.html?command=get_materiel&rest_code=00105&code=00101007032&supplier_code=00100328&order_time=2024-04-24 HTTP/1.1" 200 413
116.237.79.12 - - [24/Apr/2024:10:53:11 +0800] "GET /xingrg/kc/buy/cgsh_order_operate.html?command=get_materiel&rest_code=00106&code=00101007072&supplier_code=00100096&order_time=2024-04-24 HTTP/1.1" 200 421
222.70.183.82 - - [24/Apr/2024:10:53:13 +0800] "GET /xingrg/all/function/internal_message.html?_=1713927191471&CODE_STATE=getMsg HTTP/1.1" 200 27
124.78.56.241 - - [24/Apr/2024:10:53:15 +0800] "GET /xingrg/all/function/internal_message.html?_=1713927195261&CODE_STATE=getMsg HTTP/1.1" 200 27
116.237.79.12 - - [24/Apr/2024:10:53:16 +0800] "GET /xingrg/all/function/internal_message.html?_=1713927196166&CODE_STATE=getMsg HTTP/1.1" 200 27
180.164.1.25 - - [24/Apr/2024:10:53:19 +0800] "GET /xingrg/all/function/internal_message.html?_=1713927198868&CODE_STATE=getMsg HTTP/1.1" 200 27
101.83.144.49 - - [24/Apr/2024:10:53:19 +0800] "POST /xingrg/kc/buy/cgsh_order_operate.html HTTP/1.1" 200 37
101.83.144.49 - - [24/Apr/2024:10:53:20 +0800] "POST /xingrg/kc/buy/cgsh_order_operate.html HTTP/1.1" 200 2658
222.70.183.82 - - [24/Apr/2024:10:53:22 +0800] "GET /xingrg/kc/buy/cgsh_order_operate.html?command=get_materiel&rest_code=00111&code=00102009880&supplier_code=00100212&order_time=2024-04-24 HTTP/1.1" 200 419
101.83.144.49 - - [24/Apr/2024:10:53:22 +0800] "GET /xingrg/kc/print/load_data.html?order_code=212024042406542&kc_code=cgsh&condition= HTTP/1.1" 200 671
101.80.230.31 - - [24/Apr/2024:10:53:23 +0800] "GET /xingrg/all/function/internal_message.html?_=1713927207796&CODE_STATE=getMsg HTTP/1.1" 200 27
116.224.254.208 - - [24/Apr/2024:10:53:24 +0800] "GET /xingrg/all/function/internal_message.html?_=1713927204503&CODE_STATE=getMsg HTTP/1.1" 200 27
124.78.56.241 - - [24/Apr/2024:10:53:26 +0800] "GET /xingrg/kc/buy/cgsh_order_operate.html?command=get_materiel&rest_code=00141&code=00101009003&supplier_code=00100008&order_time=2024-04-24 HTTP/1.1" 200 408
222.70.183.82 - - [24/Apr/2024:10:53:26 +0800] "POST /xingrg/all/common/load_select.html HTTP/1.1" 200 12
116.237.79.12 - - [24/Apr/2024:10:53:30 +0800] "GET /xingrg/kc/buy/cgsh_order_operate.html?command=get_materiel&rest_code=00106&code=00101007128&supplier_code=00100096&order_time=2024-04-24 HTTP/1.1" 200 405
222.70.183.82 - - [24/Apr/2024:10:53:34 +0800] "GET /xingrg/kc/buy/cgsh_order_operate.html?command=get_materiel_price&rest_code=00111&code=00102009880&unit_code=00100020&supplier_code=00100212&order_time=2024-04-24 HTTP/1.1" 200 28
101.83.144.49 - - [24/Apr/2024:10:53:35 +0800] "GET /xingrg/kc/buy/cgsh_order_add.html HTTP/1.1" 200 74116
180.169.147.146 - - [24/Apr/2024:10:53:35 +0800] "GET /xingrg/all/function/internal_message.html?_=1713927203957&CODE_STATE=getMsg HTTP/1.1" 200 27
101.83.144.49 - - [24/Apr/2024:10:53:35 +0800] "POST /xingrg/kc/buy/cgsh_order_operate.html HTTP/1.1" 200 8245
101.83.144.49 - - [24/Apr/2024:10:53:35 +0800] "GET /xingrg/javascript/easyui/themes/default/validatebox.css HTTP/1.1" 404 1104
222.70.183.82 - - [24/Apr/2024:10:53:37 +0800] "GET /xingrg/kc/buy/cgsh_order_operate.html?command=get_materiel&rest_code=00111&code=00102009887&supplier_code=00100212&order_time=2024-04-24 HTTP/1.1" 200 412
116.237.79.12 - - [24/Apr/2024:10:53:40 +0800] "GET /xingrg/kc/buy/buy_main.html HTTP/1.1" 200 12412
116.237.79.12 - - [24/Apr/2024:10:53:40 +0800] "GET /xingrg/css/new_ie.css HTTP/1.1" 404 1036
116.237.79.12 - - [24/Apr/2024:10:53:41 +0800] "GET /xingrg/images/yd/bt.gif HTTP/1.1" 404 1040
221.239.169.251 - - [24/Apr/2024:10:53:41 +0800] "GET /xingrg/all/function/internal_message.html?_=1713927219861&CODE_STATE=getMsg HTTP/1.1" 200 27
221.239.169.251 - - [24/Apr/2024:10:53:41 +0800] "GET /xingrg/check_reg.html?_=1713927219863 HTTP/1.1" 200 22
116.237.79.12 - - [24/Apr/2024:10:53:42 +0800] "GET /xingrg/kc/buy/cgsh_order_list.html HTTP/1.1" 200 58221
116.237.79.12 - - [24/Apr/2024:10:53:44 +0800] "POST /xingrg/kc/buy/cgsh_list_operate.html HTTP/1.1" 200 645
116.232.195.13 - - [24/Apr/2024:10:53:44 +0800] "GET /xingrg/all/function/internal_message.html?_=1713927212220&CODE_STATE=getMsg HTTP/1.1" 200 27
101.83.144.49 - - [24/Apr/2024:10:53:49 +0800] "GET /xingrg/kc/buy/cgsh_order_operate.html?command=get_materiel&rest_code=00105&code=00101010785&supplier_code=00100547&order_time=2024-04-24 HTTP/1.1" 200 461
222.69.135.140 - - [24/Apr/2024:10:53:51 +0800] "GET /xingrg/all/function/internal_message.html?_=1713927231393&CODE_STATE=getMsg HTTP/1.1" 200 27
116.237.79.12 - - [24/Apr/2024:10:53:56 +0800] "GET /xingrg/check_reg.html?_=1713927231838 HTTP/1.1" 200 22
116.237.79.12 - - [24/Apr/2024:10:53:57 +0800] "POST /xingrg/kc/buy/cgsh_list_operate.html HTTP/1.1" 200 645
116.237.79.12 - - [24/Apr/2024:10:53:58 +0800] "GET /xingrg/all/function/internal_message.html?_=1713927233204&CODE_STATE=getMsg HTTP/1.1" 200 27
101.83.144.49 - - [24/Apr/2024:10:54:06 +0800] "POST /xingrg/kc/buy/cgsh_order_operate.html HTTP/1.1" 200 37
101.83.144.49 - - [24/Apr/2024:10:54:08 +0800] "POST /xingrg/kc/buy/cgsh_order_operate.html HTTP/1.1" 200 2698
116.224.254.208 - - [24/Apr/2024:10:54:08 +0800] "GET /xingrg/all/function/internal_message.html?_=1713927248406&CODE_STATE=getMsg HTTP/1.1" 200 27
116.237.79.12 - - [24/Apr/2024:10:54:08 +0800] "GET /xingrg/kc/buy/cgsh_order_operate.html?command=get_materiel&rest_code=00106&code=00101007061&supplier_code=00100096&order_time=2024-04-24 HTTP/1.1" 200 411
101.83.144.49 - - [24/Apr/2024:10:54:09 +0800] "GET /xingrg/all/function/internal_message.html?_=1713927249994&CODE_STATE=getMsg HTTP/1.1" 200 27
116.237.79.12 - - [24/Apr/2024:10:54:09 +0800] "GET /xingrg/all/function/internal_message.html?_=1713927249675&CODE_STATE=getMsg HTTP/1.1" 200 27
101.83.144.49 - - [24/Apr/2024:10:54:10 +0800] "GET /xingrg/kc/print/load_data.html?order_code=212024042406543&kc_code=cgsh&condition= HTTP/1.1" 200 691
222.70.183.82 - - [24/Apr/2024:10:54:13 +0800] "GET /xingrg/all/function/internal_message.html?_=1713927251445&CODE_STATE=getMsg HTTP/1.1" 200 27
101.83.144.49 - - [24/Apr/2024:10:54:14 +0800] "GET /xingrg/kc/buy/cgsh_order_add.html HTTP/1.1" 200 74116
101.83.144.49 - - [24/Apr/2024:10:54:14 +0800] "POST /xingrg/kc/buy/cgsh_order_operate.html HTTP/1.1" 200 8245
101.83.144.49 - - [24/Apr/2024:10:54:14 +0800] "GET /xingrg/javascript/easyui/themes/default/validatebox.css HTTP/1.1" 404 1104
124.78.56.241 - - [24/Apr/2024:10:54:15 +0800] "GET /xingrg/all/function/internal_message.html?_=1713927255221&CODE_STATE=getMsg HTTP/1.1" 200 27
116.237.79.12 - - [24/Apr/2024:10:54:16 +0800] "GET /xingrg/all/function/internal_message.html?_=1713927256151&CODE_STATE=getMsg HTTP/1.1" 200 27
124.78.56.241 - - [24/Apr/2024:10:54:17 +0800] "GET /xingrg/kc/buy/cgsh_order_operate.html?command=get_materiel&rest_code=00141&code=00101009063&supplier_code=00100008&order_time=2024-04-24 HTTP/1.1" 200 409
180.164.1.25 - - [24/Apr/2024:10:54:19 +0800] "GET /xingrg/all/function/internal_message.html?_=1713927258864&CODE_STATE=getMsg HTTP/1.1" 200 27
101.80.230.31 - - [24/Apr/2024:10:54:23 +0800] "GET /xingrg/all/function/internal_message.html?_=1713927267798&CODE_STATE=getMsg HTTP/1.1" 200 27
116.224.254.208 - - [24/Apr/2024:10:54:24 +0800] "GET /xingrg/all/function/internal_message.html?_=1713927264499&CODE_STATE=getMsg HTTP/1.1" 200 27
101.83.144.49 - - [24/Apr/2024:10:54:26 +0800] "GET /xingrg/kc/buy/cgsh_order_operate.html?command=get_materiel&rest_code=00105&code=00101008145&supplier_code=00100327&order_time=2024-04-24 HTTP/1.1" 200 417
222.70.183.82 - - [24/Apr/2024:10:54:31 +0800] "POST /xingrg/kc/buy/cgsh_order_operate.html HTTP/1.1" 200 37
124.78.56.241 - - [24/Apr/2024:10:54:31 +0800] "GET /xingrg/kc/buy/cgsh_order_operate.html?command=get_materiel&rest_code=00141&code=00101008358&supplier_code=00100008&order_time=2024-04-24 HTTP/1.1" 200 412
116.237.79.12 - - [24/Apr/2024:10:54:33 +0800] "GET /xingrg/kc/buy/cgsh_order_operate.html?command=get_materiel&rest_code=00106&code=00101007090&supplier_code=00100096&order_time=2024-04-24 HTTP/1.1" 200 415
116.237.79.12 - - [24/Apr/2024:10:54:35 +0800] "GET /xingrg/kc/base/base_main.html HTTP/1.1" 200 12142
180.169.147.146 - - [24/Apr/2024:10:54:35 +0800] "GET /xingrg/all/function/internal_message.html?_=1713927263940&CODE_STATE=getMsg HTTP/1.1" 200 27
116.237.79.12 - - [24/Apr/2024:10:54:37 +0800] "GET /xingrg/kc/base/wldb_order_list.html HTTP/1.1" 200 19051
116.237.79.12 - - [24/Apr/2024:10:54:37 +0800] "POST /xingrg/kc/base/wldb_list_operate.html HTTP/1.1" 200 2559
222.70.183.82 - - [24/Apr/2024:10:54:38 +0800] "POST /xingrg/kc/buy/cgsh_order_operate.html HTTP/1.1" 200 12
116.237.79.12 - - [24/Apr/2024:10:54:39 +0800] "GET /xingrg/kc/buy/buy_main.html HTTP/1.1" 200 12412
116.237.79.12 - - [24/Apr/2024:10:54:39 +0800] "GET /xingrg/css/new_ie.css HTTP/1.1" 404 1036
222.70.183.82 - - [24/Apr/2024:10:54:40 +0800] "GET /xingrg/kc/buy/cgsh_order_info.html?code=212024042406544 HTTP/1.1" 200 68853
116.237.79.12 - - [24/Apr/2024:10:54:40 +0800] "GET /xingrg/images/yd/bt.gif HTTP/1.1" 404 1040
124.78.56.241 - - [24/Apr/2024:10:54:40 +0800] "GET /xingrg/kc/buy/cgsh_order_operate.html?command=get_materiel&rest_code=00141&code=00101008038&supplier_code=00100008&order_time=2024-04-24 HTTP/1.1" 200 412
222.70.183.82 - - [24/Apr/2024:10:54:40 +0800] "GET /xingrg/javascript/easyui/themes/default/validatebox.css HTTP/1.1" 404 1104
116.237.79.12 - - [24/Apr/2024:10:54:41 +0800] "GET /xingrg/kc/buy/cgsh_order_list.html HTTP/1.1" 200 58221
222.70.183.82 - - [24/Apr/2024:10:54:41 +0800] "POST /xingrg/kc/buy/cgsh_order_operate.html HTTP/1.1" 200 1811
221.239.169.251 - - [24/Apr/2024:10:54:41 +0800] "GET /xingrg/all/function/internal_message.html?_=1713927279849&CODE_STATE=getMsg HTTP/1.1" 200 27
101.83.144.49 - - [24/Apr/2024:10:54:42 +0800] "GET /xingrg/kc/buy/cgsh_order_operate.html?command=get_materiel&rest_code=00105&code=00101008654&supplier_code=00100327&order_time=2024-04-24 HTTP/1.1" 200 432
116.237.79.12 - - [24/Apr/2024:10:54:43 +0800] "POST /xingrg/kc/buy/cgsh_list_operate.html HTTP/1.1" 200 645
222.70.183.82 - - [24/Apr/2024:10:54:44 +0800] "GET /xingrg/kc/print/load_data.html?order_code=212024042406544&kc_code=cgsh&condition= HTTP/1.1" 200 1151
116.232.195.13 - - [24/Apr/2024:10:54:44 +0800] "GET /xingrg/all/function/internal_message.html?_=1713927272215&CODE_STATE=getMsg HTTP/1.1" 200 27
101.83.144.49 - - [24/Apr/2024:10:54:48 +0800] "POST /xingrg/all/common/load_select.html HTTP/1.1" 200 25
124.78.56.241 - - [24/Apr/2024:10:54:49 +0800] "GET /xingrg/kc/buy/cgsh_order_operate.html?command=get_materiel&rest_code=00141&code=00101008221&supplier_code=00100008&order_time=2024-04-24 HTTP/1.1" 200 412
222.69.135.140 - - [24/Apr/2024:10:54:51 +0800] "GET /xingrg/all/function/internal_message.html?_=1713927291382&CODE_STATE=getMsg HTTP/1.1" 200 27
101.83.144.49 - - [24/Apr/2024:10:54:53 +0800] "GET /xingrg/kc/buy/cgsh_order_operate.html?command=get_materiel_price&rest_code=00105&code=00101008654&unit_code=00100110&supplier_code=00100327&order_time=2024-04-24 HTTP/1.1" 200 28
116.235.94.6 - - [24/Apr/2024:10:54:55 +0800] "GET /xingrg/login.html HTTP/1.1" 200 7641
116.235.94.6 - - [24/Apr/2024:10:54:55 +0800] "GET /xingrg/images/blue/jxLogo.png HTTP/1.1" 200 6156
116.235.94.6 - - [24/Apr/2024:10:54:56 +0800] "GET /xingrg/images/blue/login_bg.png HTTP/1.1" 200 22101
116.235.94.6 - - [24/Apr/2024:10:54:56 +0800] "GET /xingrg/images/blue/hj.png HTTP/1.1" 200 1014
116.235.94.6 - - [24/Apr/2024:10:54:56 +0800] "GET /xingrg/images/blue/srbg.png HTTP/1.1" 200 138
116.235.94.6 - - [24/Apr/2024:10:54:56 +0800] "GET /favicon.ico HTTP/1.1" 404 -
116.237.79.12 - - [24/Apr/2024:10:54:58 +0800] "GET /xingrg/all/function/internal_message.html?_=1713927293186&CODE_STATE=getMsg HTTP/1.1" 200 27
101.83.144.49 - - [24/Apr/2024:10:55:01 +0800] "POST /xingrg/kc/buy/cgsh_order_operate.html HTTP/1.1" 200 37
101.83.144.49 - - [24/Apr/2024:10:55:03 +0800] "POST /xingrg/kc/buy/cgsh_order_operate.html HTTP/1.1" 200 3264
124.78.56.241 - - [24/Apr/2024:10:55:03 +0800] "GET /xingrg/kc/buy/cgsh_order_operate.html?command=get_materiel&rest_code=00141&code=00101008087&supplier_code=00100008&order_time=2024-04-24 HTTP/1.1" 200 412
116.224.254.208 - - [24/Apr/2024:10:55:08 +0800] "GET /xingrg/all/function/internal_message.html?_=1713927308378&CODE_STATE=getMsg HTTP/1.1" 200 27
101.83.144.49 - - [24/Apr/2024:10:55:09 +0800] "GET /xingrg/all/function/internal_message.html?_=1713927309964&CODE_STATE=getMsg HTTP/1.1" 200 27
116.237.79.12 - - [24/Apr/2024:10:55:09 +0800] "GET /xingrg/all/function/internal_message.html?_=1713927309677&CODE_STATE=getMsg HTTP/1.1" 200 27
101.83.144.49 - - [24/Apr/2024:10:55:12 +0800] "POST /xingrg/kc/buy/cgsh_order_operate.html HTTP/1.1" 200 37
222.70.183.82 - - [24/Apr/2024:10:55:12 +0800] "GET /xingrg/all/function/internal_message.html?_=1713927311419&CODE_STATE=getMsg HTTP/1.1" 200 27
101.83.144.49 - - [24/Apr/2024:10:55:13 +0800] "POST /xingrg/kc/buy/cgsh_order_operate.html HTTP/1.1" 200 3264
116.237.79.12 - - [24/Apr/2024:10:55:14 +0800] "GET /xingrg/kc/buy/cgsh_order_operate.html?command=get_materiel&rest_code=00106&code=00101007031&supplier_code=00100096&order_time=2024-04-24 HTTP/1.1" 200 415
124.78.56.241 - - [24/Apr/2024:10:55:14 +0800] "GET /xingrg/kc/buy/cgsh_order_operate.html?command=get_materiel&rest_code=00141&code=00101008357&supplier_code=00100008&order_time=2024-04-24 HTTP/1.1" 200 408
101.83.144.49 - - [24/Apr/2024:10:55:15 +0800] "GET /xingrg/kc/print/load_data.html?order_code=212024042406545&kc_code=cgsh&condition= HTTP/1.1" 200 907
124.78.56.241 - - [24/Apr/2024:10:55:15 +0800] "GET /xingrg/all/function/internal_message.html?_=1713927315235&CODE_STATE=getMsg HTTP/1.1" 200 27
116.237.79.12 - - [24/Apr/2024:10:55:16 +0800] "GET /xingrg/all/function/internal_message.html?_=1713927316136&CODE_STATE=getMsg HTTP/1.1" 200 27
101.83.144.49 - - [24/Apr/2024:10:55:19 +0800] "GET /xingrg/kc/buy/cgsh_order_add.html HTTP/1.1" 200 74116
180.164.1.25 - - [24/Apr/2024:10:55:19 +0800] "GET /xingrg/all/function/internal_message.html?_=1713927318861&CODE_STATE=getMsg HTTP/1.1" 200 27
101.83.144.49 - - [24/Apr/2024:10:55:19 +0800] "POST /xingrg/kc/buy/cgsh_order_operate.html HTTP/1.1" 200 8245
101.83.144.49 - - [24/Apr/2024:10:55:19 +0800] "GET /xingrg/javascript/easyui/themes/default/validatebox.css HTTP/1.1" 404 1104
101.80.230.31 - - [24/Apr/2024:10:55:23 +0800] "GET /xingrg/all/function/internal_message.html?_=1713927327801&CODE_STATE=getMsg HTTP/1.1" 200 27
116.224.254.208 - - [24/Apr/2024:10:55:24 +0800] "GET /xingrg/all/function/internal_message.html?_=1713927324504&CODE_STATE=getMsg HTTP/1.1" 200 27
124.78.56.241 - - [24/Apr/2024:10:55:25 +0800] "GET /xingrg/kc/buy/cgsh_order_operate.html?command=get_materiel&rest_code=00141&code=00101008072&supplier_code=00100008&order_time=2024-04-24 HTTP/1.1" 200 408
116.237.79.12 - - [24/Apr/2024:10:55:30 +0800] "GET /xingrg/kc/buy/cgsh_order_operate.html?command=get_materiel&rest_code=00106&code=00101007049&supplier_code=00100096&order_time=2024-04-24 HTTP/1.1" 200 409
101.83.144.49 - - [24/Apr/2024:10:55:31 +0800] "GET /xingrg/kc/buy/cgsh_order_operate.html?command=get_materiel&rest_code=00105&code=00101010646&supplier_code=00100325&order_time=2024-04-24 HTTP/1.1" 200 422
180.169.147.146 - - [24/Apr/2024:10:55:35 +0800] "GET /xingrg/all/function/internal_message.html?_=1713927323929&CODE_STATE=getMsg HTTP/1.1" 200 27
222.70.183.82 - - [24/Apr/2024:10:55:38 +0800] "GET /xingrg/kc/buy/cgsh_order_add.html HTTP/1.1" 200 73989
222.70.183.82 - - [24/Apr/2024:10:55:38 +0800] "POST /xingrg/kc/buy/cgsh_order_operate.html HTTP/1.1" 200 8245
222.70.183.82 - - [24/Apr/2024:10:55:38 +0800] "GET /xingrg/javascript/easyui/themes/default/validatebox.css HTTP/1.1" 404 1104
124.78.56.241 - - [24/Apr/2024:10:55:39 +0800] "GET /xingrg/kc/buy/cgsh_order_operate.html?command=get_materiel&rest_code=00141&code=00101008059&supplier_code=00100008&order_time=2024-04-24 HTTP/1.1" 200 408
221.239.169.251 - - [24/Apr/2024:10:55:41 +0800] "GET /xingrg/all/function/internal_message.html?_=1713927339860&CODE_STATE=getMsg HTTP/1.1" 200 27
116.232.195.13 - - [24/Apr/2024:10:55:45 +0800] "GET /xingrg/all/function/internal_message.html?_=1713927332230&CODE_STATE=getMsg HTTP/1.1" 200 27
101.83.144.49 - - [24/Apr/2024:10:55:46 +0800] "POST /xingrg/kc/buy/cgsh_order_operate.html HTTP/1.1" 200 37
124.78.56.241 - - [24/Apr/2024:10:55:48 +0800] "GET /xingrg/kc/buy/cgsh_order_operate.html?command=get_materiel&rest_code=00141&code=00101008370&supplier_code=00100008&order_time=2024-04-24 HTTP/1.1" 200 412
180.169.147.146 - - [24/Apr/2024:10:55:50 +0800] "GET /xingrg/check_reg.html?_=1713927338516 HTTP/1.1" 200 22
222.70.183.82 - - [24/Apr/2024:10:55:50 +0800] "GET /xingrg/kc/buy/cgsh_order_operate.html?command=get_materiel&rest_code=00111&code=00101020122&supplier_code=00100151&order_time=2024-04-24 HTTP/1.1" 200 409
101.83.144.49 - - [24/Apr/2024:10:55:50 +0800] "POST /xingrg/kc/buy/cgsh_order_operate.html HTTP/1.1" 200 2668
222.69.135.140 - - [24/Apr/2024:10:55:51 +0800] "GET /xingrg/all/function/internal_message.html?_=1713927351394&CODE_STATE=getMsg HTTP/1.1" 200 27
101.83.144.49 - - [24/Apr/2024:10:55:52 +0800] "GET /xingrg/kc/print/load_data.html?order_code=212024042406546&kc_code=cgsh&condition= HTTP/1.1" 200 679
101.83.144.49 - - [24/Apr/2024:10:55:56 +0800] "GET /xingrg/kc/buy/cgsh_order_add.html HTTP/1.1" 200 74116
101.83.144.49 - - [24/Apr/2024:10:55:56 +0800] "POST /xingrg/kc/buy/cgsh_order_operate.html HTTP/1.1" 200 8245
101.83.144.49 - - [24/Apr/2024:10:55:56 +0800] "GET /xingrg/javascript/easyui/themes/default/validatebox.css HTTP/1.1" 404 1104
116.237.79.12 - - [24/Apr/2024:10:55:58 +0800] "GET /xingrg/all/function/internal_message.html?_=1713927353164&CODE_STATE=getMsg HTTP/1.1" 200 27
116.237.79.12 - - [24/Apr/2024:10:55:58 +0800] "GET /xingrg/kc/buy/cgsh_order_operate.html?command=get_materiel&rest_code=00106&code=00101007082&supplier_code=00100096&order_time=2024-04-24 HTTP/1.1" 200 427
124.78.56.241 - - [24/Apr/2024:10:56:03 +0800] "GET /xingrg/kc/buy/cgsh_order_operate.html?command=get_materiel&rest_code=00141&code=00101008085&supplier_code=00100008&order_time=2024-04-24 HTTP/1.1" 200 412
116.224.254.208 - - [24/Apr/2024:10:56:08 +0800] "GET /xingrg/all/function/internal_message.html?_=1713927368357&CODE_STATE=getMsg HTTP/1.1" 200 27
101.83.144.49 - - [24/Apr/2024:10:56:09 +0800] "GET /xingrg/all/function/internal_message.html?_=1713927369958&CODE_STATE=getMsg HTTP/1.1" 200 27
