180.164.1.25 - - [24/Apr/2024:09:50:07 +0800] "GET /xingrg/kc/buy/cgsh_order_operate.html?command=get_materiel&rest_code=00108&code=00101008360&supplier_code=00100007&order_time=2024-04-24 HTTP/1.1" 200 412
101.83.144.49 - - [24/Apr/2024:09:50:11 +0800] "GET /xingrg/all/function/internal_message.html?_=1713923411934&CODE_STATE=getMsg HTTP/1.1" 200 27
222.70.183.82 - - [24/Apr/2024:09:50:13 +0800] "GET /xingrg/all/function/internal_message.html?_=1713923411560&CODE_STATE=getMsg HTTP/1.1" 200 27
124.78.56.241 - - [24/Apr/2024:09:50:16 +0800] "GET /xingrg/all/function/internal_message.html?_=1713923416174&CODE_STATE=getMsg HTTP/1.1" 200 27
180.164.1.25 - - [24/Apr/2024:09:50:16 +0800] "GET /xingrg/kc/buy/cgsh_order_operate.html?command=get_materiel&rest_code=00108&code=00101008274&supplier_code=00100007&order_time=2024-04-24 HTTP/1.1" 200 412
180.164.1.25 - - [24/Apr/2024:09:50:19 +0800] "GET /xingrg/all/function/internal_message.html?_=1713923418849&CODE_STATE=getMsg HTTP/1.1" 200 27
101.80.230.31 - - [24/Apr/2024:09:50:19 +0800] "POST /xingrg/kc/buy/cgsh_order_operate.html HTTP/1.1" 200 37
116.232.195.13 - - [24/Apr/2024:09:50:21 +0800] "GET /xingrg/kc/print/load_data.html?order_code=212024042406483&kc_code=cgsh HTTP/1.1" 200 9705
101.80.230.31 - - [24/Apr/2024:09:50:21 +0800] "POST /xingrg/kc/buy/cgsh_order_operate.html HTTP/1.1" 200 2665
101.83.144.49 - - [24/Apr/2024:09:50:22 +0800] "GET /xingrg/kc/buy/cgsh_order_operate.html?command=get_materiel&rest_code=00105&code=00101006396&supplier_code=00100670&order_time=2024-04-24 HTTP/1.1" 200 407
101.80.230.31 - - [24/Apr/2024:09:50:22 +0800] "GET /xingrg/kc/print/load_config.html?kc_code=cgsh HTTP/1.1" 200 1927
101.80.230.31 - - [24/Apr/2024:09:50:22 +0800] "GET /xingrg/kc/print/load_data.html?order_code=212024042406491&kc_code=cgsh&condition= HTTP/1.1" 200 673
116.224.254.208 - - [24/Apr/2024:09:50:24 +0800] "GET /xingrg/all/function/internal_message.html?_=1713923424495&CODE_STATE=getMsg HTTP/1.1" 200 27
101.80.230.31 - - [24/Apr/2024:09:50:25 +0800] "GET /xingrg/all/function/internal_message.html?_=1713923429676&CODE_STATE=getMsg HTTP/1.1" 200 27
180.164.1.25 - - [24/Apr/2024:09:50:25 +0800] "GET /xingrg/kc/buy/cgsh_order_operate.html?command=get_materiel&rest_code=00108&code=00101008694&supplier_code=00100007&order_time=2024-04-24 HTTP/1.1" 200 420
101.80.230.31 - - [24/Apr/2024:09:50:27 +0800] "GET /xingrg/kc/buy/cgsh_order_add.html HTTP/1.1" 200 74113
101.80.230.31 - - [24/Apr/2024:09:50:27 +0800] "POST /xingrg/kc/buy/cgsh_order_operate.html HTTP/1.1" 200 8245
101.80.230.31 - - [24/Apr/2024:09:50:27 +0800] "GET /xingrg/javascript/easyui/themes/default/validatebox.css HTTP/1.1" 404 1104
101.80.230.31 - - [24/Apr/2024:09:50:27 +0800] "GET /xingrg/all/common/auto_word.html?type=employee&rest_code=00156 HTTP/1.1" 200 47
101.80.230.31 - - [24/Apr/2024:09:50:27 +0800] "GET /xingrg/all/common/auto_word.html?type=employee&rest_code=00156 HTTP/1.1" 200 47
101.80.230.31 - - [24/Apr/2024:09:50:29 +0800] "GET /xingrg/javascript/jquery_tools/images/prev.gif HTTP/1.1" 404 1086
101.80.230.31 - - [24/Apr/2024:09:50:29 +0800] "GET /xingrg/javascript/jquery_tools/images/next.gif HTTP/1.1" 404 1086
180.164.1.25 - - [24/Apr/2024:09:50:35 +0800] "GET /xingrg/kc/buy/cgsh_order_operate.html?command=get_materiel&rest_code=00108&code=00101008091&supplier_code=00100007&order_time=2024-04-24 HTTP/1.1" 200 412
101.83.144.49 - - [24/Apr/2024:09:50:36 +0800] "POST /xingrg/all/common/load_select.html HTTP/1.1" 200 12
180.169.147.146 - - [24/Apr/2024:09:50:36 +0800] "GET /xingrg/all/function/internal_message.html?_=1713923425004&CODE_STATE=getMsg HTTP/1.1" 200 27
101.80.230.31 - - [24/Apr/2024:09:50:37 +0800] "GET /xingrg/kc/buy/cgsh_order_operate.html?command=get_materiel&rest_code=00156&code=00101007085&supplier_code=00100328&order_time=2024-04-23 HTTP/1.1" 200 413
101.83.144.49 - - [24/Apr/2024:09:50:41 +0800] "GET /xingrg/kc/buy/cgsh_order_operate.html?command=get_materiel_price&rest_code=00105&code=00101006396&unit_code=00100001&supplier_code=00100670&order_time=2024-04-24 HTTP/1.1" 200 31
120.253.135.82 - - [24/Apr/2024:09:50:43 +0800] "GET /xingrg/all/function/internal_message.html?_=1713923624907&CODE_STATE=getMsg HTTP/1.1" 200 27
116.224.254.208 - - [24/Apr/2024:09:50:43 +0800] "POST /xingrg/kc/buy/cgsh_order_operate.html HTTP/1.1" 200 12
180.164.1.25 - - [24/Apr/2024:09:50:44 +0800] "GET /xingrg/kc/buy/cgsh_order_operate.html?command=get_materiel&rest_code=00108&code=00101008264&supplier_code=00100007&order_time=2024-04-24 HTTP/1.1" 200 412
116.232.195.13 - - [24/Apr/2024:09:50:44 +0800] "GET /xingrg/all/function/internal_message.html?_=1713923432229&CODE_STATE=getMsg HTTP/1.1" 200 27
116.224.254.208 - - [24/Apr/2024:09:50:46 +0800] "GET /xingrg/kc/buy/cgsh_order_info.html?code=212024042406490 HTTP/1.1" 200 68501
116.224.254.208 - - [24/Apr/2024:09:50:46 +0800] "GET /xingrg/javascript/easyui/themes/default/validatebox.css HTTP/1.1" 404 1104
116.224.254.208 - - [24/Apr/2024:09:50:47 +0800] "POST /xingrg/kc/buy/cgsh_order_operate.html HTTP/1.1" 200 1818
180.169.147.146 - - [24/Apr/2024:09:50:50 +0800] "GET /xingrg/check_reg.html?_=1713923438764 HTTP/1.1" 200 22
222.69.135.140 - - [24/Apr/2024:09:50:51 +0800] "GET /xingrg/all/function/internal_message.html?_=1713923451386&CODE_STATE=getMsg HTTP/1.1" 200 27
101.80.230.31 - - [24/Apr/2024:09:50:51 +0800] "POST /xingrg/kc/buy/cgsh_order_operate.html HTTP/1.1" 200 37
116.224.254.208 - - [24/Apr/2024:09:50:52 +0800] "GET /xingrg/kc/print/load_data.html?order_code=212024042406490&kc_code=cgsh&condition= HTTP/1.1" 200 1220
101.83.144.49 - - [24/Apr/2024:09:50:54 +0800] "GET /xingrg/kc/buy/cgsh_order_operate.html?command=get_materiel&rest_code=00105&code=00101006397&supplier_code=00100670&order_time=2024-04-24 HTTP/1.1" 200 400
180.164.1.25 - - [24/Apr/2024:09:50:54 +0800] "GET /xingrg/kc/buy/cgsh_order_operate.html?command=get_materiel&rest_code=00108&code=00101008185&supplier_code=00100007&order_time=2024-04-24 HTTP/1.1" 200 408
116.232.195.13 - - [24/Apr/2024:09:50:55 +0800] "POST /xingrg/kc/buy/cgsh_list_operate.html HTTP/1.1" 200 2261
101.80.230.31 - - [24/Apr/2024:09:50:55 +0800] "POST /xingrg/kc/buy/cgsh_order_operate.html HTTP/1.1" 200 2658
101.80.230.31 - - [24/Apr/2024:09:50:56 +0800] "GET /xingrg/kc/print/load_config.html?kc_code=cgsh HTTP/1.1" 200 1927
124.78.56.241 - - [24/Apr/2024:09:50:57 +0800] "GET /xingrg/kc/buy/cgsh_order_operate.html?command=get_materiel&rest_code=00141&code=00101011001&supplier_code=00100096&order_time=2024-04-24 HTTP/1.1" 200 422
101.80.230.31 - - [24/Apr/2024:09:50:57 +0800] "GET /xingrg/kc/print/load_data.html?order_code=212024042406492&kc_code=cgsh&condition= HTTP/1.1" 200 671
116.224.254.208 - - [24/Apr/2024:09:50:58 +0800] "GET /xingrg/kc/buy/cgsh_order_add.html HTTP/1.1" 200 73625
116.224.254.208 - - [24/Apr/2024:09:50:58 +0800] "POST /xingrg/kc/buy/cgsh_order_operate.html HTTP/1.1" 200 8245
116.224.254.208 - - [24/Apr/2024:09:50:58 +0800] "GET /xingrg/javascript/easyui/themes/default/validatebox.css HTTP/1.1" 404 1104
180.164.1.25 - - [24/Apr/2024:09:51:02 +0800] "GET /xingrg/kc/buy/cgsh_order_operate.html?command=get_materiel&rest_code=00108&code=00101008242&supplier_code=00100007&order_time=2024-04-24 HTTP/1.1" 200 408
101.80.230.31 - - [24/Apr/2024:09:51:02 +0800] "GET /xingrg/kc/buy/cgsh_order_add.html HTTP/1.1" 200 74113
101.80.230.31 - - [24/Apr/2024:09:51:02 +0800] "POST /xingrg/kc/buy/cgsh_order_operate.html HTTP/1.1" 200 8245
101.80.230.31 - - [24/Apr/2024:09:51:02 +0800] "GET /xingrg/javascript/easyui/themes/default/validatebox.css HTTP/1.1" 404 1104
101.80.230.31 - - [24/Apr/2024:09:51:02 +0800] "GET /xingrg/all/common/auto_word.html?type=employee&rest_code=00156 HTTP/1.1" 200 47
101.80.230.31 - - [24/Apr/2024:09:51:02 +0800] "GET /xingrg/all/common/auto_word.html?type=employee&rest_code=00156 HTTP/1.1" 200 47
116.232.195.13 - - [24/Apr/2024:09:51:03 +0800] "POST /xingrg/kc/buy/cgsh_list_operate.html HTTP/1.1" 200 587
116.232.195.13 - - [24/Apr/2024:09:51:04 +0800] "GET /xingrg/kc/buy/cgsh_order_info.html?code=212024042406480 HTTP/1.1" 200 74100
101.80.230.31 - - [24/Apr/2024:09:51:04 +0800] "GET /xingrg/javascript/jquery_tools/images/prev.gif HTTP/1.1" 404 1086
101.80.230.31 - - [24/Apr/2024:09:51:04 +0800] "GET /xingrg/javascript/jquery_tools/images/next.gif HTTP/1.1" 404 1086
116.232.195.13 - - [24/Apr/2024:09:51:04 +0800] "GET /xingrg/javascript/easyui/themes/default/validatebox.css HTTP/1.1" 404 1104
116.232.195.13 - - [24/Apr/2024:09:51:05 +0800] "POST /xingrg/kc/buy/cgsh_order_operate.html HTTP/1.1" 200 7410
116.224.254.208 - - [24/Apr/2024:09:51:06 +0800] "GET /xingrg/kc/buy/cgsh_order_operate.html?command=get_materiel&rest_code=00151&code=00101012060&supplier_code=00100096&order_time=2024-04-24 HTTP/1.1" 200 408
116.232.195.13 - - [24/Apr/2024:09:51:08 +0800] "GET /xingrg/kc/print/load_data.html?order_code=212024042406480&kc_code=cgsh HTTP/1.1" 200 2592
116.224.254.208 - - [24/Apr/2024:09:51:09 +0800] "GET /xingrg/all/function/internal_message.html?_=1713923469439&CODE_STATE=getMsg HTTP/1.1" 200 27
180.164.1.25 - - [24/Apr/2024:09:51:10 +0800] "GET /xingrg/kc/buy/cgsh_order_operate.html?command=get_materiel&rest_code=00108&code=00101008213&supplier_code=00100007&order_time=2024-04-24 HTTP/1.1" 200 412
101.83.144.49 - - [24/Apr/2024:09:51:10 +0800] "GET /xingrg/kc/buy/cgsh_order_operate.html?command=get_materiel&rest_code=00105&code=00101006398&supplier_code=00100670&order_time=2024-04-24 HTTP/1.1" 200 400
101.83.144.49 - - [24/Apr/2024:09:51:11 +0800] "GET /xingrg/all/function/internal_message.html?_=1713923471902&CODE_STATE=getMsg HTTP/1.1" 200 27
101.80.230.31 - - [24/Apr/2024:09:51:11 +0800] "GET /xingrg/kc/buy/cgsh_order_operate.html?command=get_materiel&rest_code=00156&code=00101001257&supplier_code=00100312&order_time=2024-04-23 HTTP/1.1" 200 415
222.70.183.82 - - [24/Apr/2024:09:51:13 +0800] "GET /xingrg/all/function/internal_message.html?_=1713923471544&CODE_STATE=getMsg HTTP/1.1" 200 27
222.70.183.82 - - [24/Apr/2024:09:51:13 +0800] "GET /xingrg/check_reg.html?_=1713923472153 HTTP/1.1" 200 22
116.224.254.208 - - [24/Apr/2024:09:51:15 +0800] "GET /xingrg/kc/buy/cgsh_order_operate.html?command=get_materiel&rest_code=00151&code=00101016025&supplier_code=00100096&order_time=2024-04-24 HTTP/1.1" 200 408
124.78.56.241 - - [24/Apr/2024:09:51:16 +0800] "GET /xingrg/all/function/internal_message.html?_=1713923476181&CODE_STATE=getMsg HTTP/1.1" 200 27
180.164.1.25 - - [24/Apr/2024:09:51:18 +0800] "GET /xingrg/kc/buy/cgsh_order_operate.html?command=get_materiel&rest_code=00108&code=00101008182&supplier_code=00100007&order_time=2024-04-24 HTTP/1.1" 200 412
124.78.56.241 - - [24/Apr/2024:09:51:19 +0800] "GET /xingrg/kc/buy/cgsh_order_operate.html?command=get_materiel&rest_code=00141&code=00101011004&supplier_code=00100096&order_time=2024-04-24 HTTP/1.1" 200 412
180.164.1.25 - - [24/Apr/2024:09:51:19 +0800] "GET /xingrg/all/function/internal_message.html?_=1713923478871&CODE_STATE=getMsg HTTP/1.1" 200 27
116.224.254.208 - - [24/Apr/2024:09:51:22 +0800] "GET /xingrg/kc/buy/cgsh_order_operate.html?command=get_materiel&rest_code=00151&code=00101012039&supplier_code=00100096&order_time=2024-04-24 HTTP/1.1" 200 408
120.253.135.82 - - [24/Apr/2024:09:51:23 +0800] "GET /xingrg/kc/pszx/mdqp_order_list.html?state=10 HTTP/1.1" 200 10319
120.253.135.82 - - [24/Apr/2024:09:51:23 +0800] "GET /xingrg/dwr/interface/AjaxQqpsService.js HTTP/1.1" 200 16326
120.253.135.82 - - [24/Apr/2024:09:51:23 +0800] "GET /xingrg/dwr/interface/AjaxReportQueryService.js HTTP/1.1" 200 13203
120.253.135.82 - - [24/Apr/2024:09:51:23 +0800] "GET /xingrg/dwr/util.js HTTP/1.1" 304 -
120.253.135.82 - - [24/Apr/2024:09:51:23 +0800] "GET /xingrg/dwr/engine.js HTTP/1.1" 200 43631
101.80.230.31 - - [24/Apr/2024:09:51:23 +0800] "GET /xingrg/all/function/internal_message.html?_=1713923488332&CODE_STATE=getMsg HTTP/1.1" 200 27
101.80.230.31 - - [24/Apr/2024:09:51:23 +0800] "GET /xingrg/check_reg.html?_=1713923488333 HTTP/1.1" 200 22
116.224.254.208 - - [24/Apr/2024:09:51:24 +0800] "GET /xingrg/check_reg.html?_=1713923484468 HTTP/1.1" 200 22
116.224.254.208 - - [24/Apr/2024:09:51:24 +0800] "GET /xingrg/all/function/internal_message.html?_=1713923484472&CODE_STATE=getMsg HTTP/1.1" 200 27
120.253.135.82 - - [24/Apr/2024:09:51:25 +0800] "GET /xingrg/kc/pszx/mdps_order_list.html?orderType=0 HTTP/1.1" 200 21033
120.253.135.82 - - [24/Apr/2024:09:51:25 +0800] "POST /xingrg/kc/pszx/mdps_list_operate.html HTTP/1.1" 200 3902
101.80.230.31 - - [24/Apr/2024:09:51:27 +0800] "POST /xingrg/kc/buy/cgsh_order_operate.html HTTP/1.1" 200 37
180.164.1.25 - - [24/Apr/2024:09:51:29 +0800] "GET /xingrg/kc/buy/cgsh_order_operate.html?command=get_materiel&rest_code=00108&code=00101008125&supplier_code=00100007&order_time=2024-04-24 HTTP/1.1" 200 413
116.224.254.208 - - [24/Apr/2024:09:51:30 +0800] "GET /xingrg/kc/buy/cgsh_order_operate.html?command=get_materiel&rest_code=00151&code=00101016038&supplier_code=00100096&order_time=2024-04-24 HTTP/1.1" 200 408
120.253.135.82 - - [24/Apr/2024:09:51:31 +0800] "POST /xingrg/kc/pszx/mdps_list_operate.html HTTP/1.1" 200 567
101.83.144.49 - - [24/Apr/2024:09:51:32 +0800] "GET /xingrg/kc/buy/cgsh_order_operate.html?command=get_materiel&rest_code=00105&code=00101006399&supplier_code=00100670&order_time=2024-04-24 HTTP/1.1" 200 400
120.253.135.82 - - [24/Apr/2024:09:51:35 +0800] "POST /xingrg/kc/pszx/mdps_list_operate.html HTTP/1.1" 200 218
180.169.147.146 - - [24/Apr/2024:09:51:36 +0800] "GET /xingrg/all/function/internal_message.html?_=1713923484987&CODE_STATE=getMsg HTTP/1.1" 200 27
116.224.254.208 - - [24/Apr/2024:09:51:37 +0800] "GET /xingrg/kc/buy/cgsh_order_operate.html?command=get_materiel&rest_code=00151&code=00101016051&supplier_code=00100096&order_time=2024-04-24 HTTP/1.1" 200 408
120.253.135.82 - - [24/Apr/2024:09:51:37 +0800] "POST /xingrg/kc/pszx/mdps_list_operate.html HTTP/1.1" 200 359
180.164.1.25 - - [24/Apr/2024:09:51:38 +0800] "GET /xingrg/kc/buy/cgsh_order_operate.html?command=get_materiel&rest_code=00108&code=00101008198&supplier_code=00100007&order_time=2024-04-24 HTTP/1.1" 200 413
101.80.230.31 - - [24/Apr/2024:09:51:38 +0800] "POST /xingrg/kc/buy/cgsh_order_operate.html HTTP/1.1" 200 2659
116.232.195.13 - - [24/Apr/2024:09:51:39 +0800] "POST /xingrg/kc/buy/cgsh_list_operate.html HTTP/1.1" 200 2261
101.80.230.31 - - [24/Apr/2024:09:51:39 +0800] "GET /xingrg/kc/print/load_config.html?kc_code=cgsh HTTP/1.1" 200 1927
101.80.230.31 - - [24/Apr/2024:09:51:40 +0800] "GET /xingrg/kc/print/load_data.html?order_code=212024042406493&kc_code=cgsh&condition= HTTP/1.1" 200 676
116.232.195.13 - - [24/Apr/2024:09:51:41 +0800] "POST /xingrg/kc/buy/cgsh_list_operate.html HTTP/1.1" 200 360
116.232.195.13 - - [24/Apr/2024:09:51:42 +0800] "GET /xingrg/kc/buy/cgsh_order_info.html?code=212024042406479 HTTP/1.1" 200 74100
116.232.195.13 - - [24/Apr/2024:09:51:42 +0800] "GET /xingrg/javascript/easyui/themes/default/validatebox.css HTTP/1.1" 404 1104
120.253.135.82 - - [24/Apr/2024:09:51:43 +0800] "GET /xingrg/all/function/internal_message.html?_=1713923684912&CODE_STATE=getMsg HTTP/1.1" 200 27
116.232.195.13 - - [24/Apr/2024:09:51:43 +0800] "POST /xingrg/kc/buy/cgsh_order_operate.html HTTP/1.1" 200 3860
101.80.230.31 - - [24/Apr/2024:09:51:44 +0800] "GET /xingrg/kc/buy/cgsh_order_add.html HTTP/1.1" 200 74113
101.80.230.31 - - [24/Apr/2024:09:51:44 +0800] "POST /xingrg/kc/buy/cgsh_order_operate.html HTTP/1.1" 200 8245
101.80.230.31 - - [24/Apr/2024:09:51:44 +0800] "GET /xingrg/javascript/easyui/themes/default/validatebox.css HTTP/1.1" 404 1104
101.80.230.31 - - [24/Apr/2024:09:51:44 +0800] "GET /xingrg/all/common/auto_word.html?type=employee&rest_code=00156 HTTP/1.1" 200 47
101.80.230.31 - - [24/Apr/2024:09:51:44 +0800] "GET /xingrg/all/common/auto_word.html?type=employee&rest_code=00156 HTTP/1.1" 200 47
116.232.195.13 - - [24/Apr/2024:09:51:44 +0800] "GET /xingrg/check_reg.html?_=1713923492207 HTTP/1.1" 200 22
116.232.195.13 - - [24/Apr/2024:09:51:44 +0800] "GET /xingrg/all/function/internal_message.html?_=1713923492209&CODE_STATE=getMsg HTTP/1.1" 200 27
116.232.195.13 - - [24/Apr/2024:09:51:45 +0800] "GET /xingrg/kc/print/load_data.html?order_code=212024042406479&kc_code=cgsh HTTP/1.1" 200 1220
180.164.1.25 - - [24/Apr/2024:09:51:46 +0800] "GET /xingrg/kc/buy/cgsh_order_operate.html?command=get_materiel&rest_code=00108&code=00101008646&supplier_code=00100007&order_time=2024-04-24 HTTP/1.1" 200 413
101.83.144.49 - - [24/Apr/2024:09:51:46 +0800] "GET /xingrg/kc/buy/cgsh_order_operate.html?command=get_materiel&rest_code=00105&code=00102026001&supplier_code=00100670&order_time=2024-04-24 HTTP/1.1" 200 409
101.80.230.31 - - [24/Apr/2024:09:51:49 +0800] "GET /xingrg/javascript/jquery_tools/images/prev.gif HTTP/1.1" 404 1086
101.80.230.31 - - [24/Apr/2024:09:51:49 +0800] "GET /xingrg/javascript/jquery_tools/images/next.gif HTTP/1.1" 404 1086
222.69.135.140 - - [24/Apr/2024:09:51:51 +0800] "GET /xingrg/all/function/internal_message.html?_=1713923511391&CODE_STATE=getMsg HTTP/1.1" 200 27
180.164.1.25 - - [24/Apr/2024:09:51:55 +0800] "GET /xingrg/kc/buy/cgsh_order_operate.html?command=get_materiel&rest_code=00108&code=00101008375&supplier_code=00100007&order_time=2024-04-24 HTTP/1.1" 200 416
101.80.230.31 - - [24/Apr/2024:09:51:57 +0800] "GET /xingrg/kc/buy/cgsh_order_operate.html?command=get_materiel&rest_code=00156&code=00101018008&supplier_code=00100547&order_time=2024-04-23 HTTP/1.1" 200 415
180.164.1.25 - - [24/Apr/2024:09:52:02 +0800] "GET /xingrg/kc/buy/cgsh_order_operate.html?command=get_materiel&rest_code=00108&code=00101008131&supplier_code=00100007&order_time=2024-04-24 HTTP/1.1" 200 408
116.232.195.13 - - [24/Apr/2024:09:52:07 +0800] "POST /xingrg/kc/buy/cgsh_list_operate.html HTTP/1.1" 200 2261
116.224.254.208 - - [24/Apr/2024:09:52:09 +0800] "GET /xingrg/check_reg.html?_=1713923529427 HTTP/1.1" 200 22
116.224.254.208 - - [24/Apr/2024:09:52:09 +0800] "GET /xingrg/all/function/internal_message.html?_=1713923529431&CODE_STATE=getMsg HTTP/1.1" 200 27
116.232.195.13 - - [24/Apr/2024:09:52:09 +0800] "POST /xingrg/kc/buy/cgsh_list_operate.html HTTP/1.1" 200 578
101.80.230.31 - - [24/Apr/2024:09:52:10 +0800] "GET /xingrg/kc/buy/cgsh_order_operate.html?command=get_materiel&rest_code=00156&code=00101007043&supplier_code=00100547&order_time=2024-04-23 HTTP/1.1" 200 409
180.164.1.25 - - [24/Apr/2024:09:52:10 +0800] "GET /xingrg/kc/buy/cgsh_order_operate.html?command=get_materiel&rest_code=00108&code=00101008353&supplier_code=00100007&order_time=2024-04-24 HTTP/1.1" 200 408
116.232.195.13 - - [24/Apr/2024:09:52:11 +0800] "GET /xingrg/kc/buy/cgsh_order_info.html?code=212024042406477 HTTP/1.1" 200 74098
116.232.195.13 - - [24/Apr/2024:09:52:11 +0800] "GET /xingrg/javascript/easyui/themes/default/validatebox.css HTTP/1.1" 404 1104
101.83.144.49 - - [24/Apr/2024:09:52:11 +0800] "GET /xingrg/all/function/internal_message.html?_=1713923531927&CODE_STATE=getMsg HTTP/1.1" 200 27
116.232.195.13 - - [24/Apr/2024:09:52:12 +0800] "POST /xingrg/kc/buy/cgsh_order_operate.html HTTP/1.1" 200 5630
222.70.183.82 - - [24/Apr/2024:09:52:13 +0800] "GET /xingrg/all/function/internal_message.html?_=1713923531527&CODE_STATE=getMsg HTTP/1.1" 200 27
116.232.195.13 - - [24/Apr/2024:09:52:13 +0800] "GET /xingrg/kc/print/load_data.html?order_code=212024042406477&kc_code=cgsh HTTP/1.1" 200 1816
124.78.56.241 - - [24/Apr/2024:09:52:16 +0800] "GET /xingrg/all/function/internal_message.html?_=1713923536170&CODE_STATE=getMsg HTTP/1.1" 200 27
180.164.1.25 - - [24/Apr/2024:09:52:18 +0800] "GET /xingrg/kc/buy/cgsh_order_operate.html?command=get_materiel&rest_code=00108&code=00101008069&supplier_code=00100007&order_time=2024-04-24 HTTP/1.1" 200 412
180.164.1.25 - - [24/Apr/2024:09:52:19 +0800] "GET /xingrg/check_reg.html?_=1713923538854 HTTP/1.1" 200 22
180.164.1.25 - - [24/Apr/2024:09:52:19 +0800] "GET /xingrg/all/function/internal_message.html?_=1713923538855&CODE_STATE=getMsg HTTP/1.1" 200 27
101.80.230.31 - - [24/Apr/2024:09:52:23 +0800] "GET /xingrg/all/function/internal_message.html?_=1713923547648&CODE_STATE=getMsg HTTP/1.1" 200 27
116.224.254.208 - - [24/Apr/2024:09:52:24 +0800] "GET /xingrg/all/function/internal_message.html?_=1713923544472&CODE_STATE=getMsg HTTP/1.1" 200 27
116.224.254.208 - - [24/Apr/2024:09:52:28 +0800] "GET /xingrg/kc/buy/cgsh_order_operate.html?command=get_materiel&rest_code=00151&code=00101008084&supplier_code=00100096&order_time=2024-04-24 HTTP/1.1" 200 412
101.83.144.49 - - [24/Apr/2024:09:52:33 +0800] "POST /xingrg/kc/buy/cgsh_order_operate.html HTTP/1.1" 200 37
124.78.56.241 - - [24/Apr/2024:09:52:34 +0800] "GET /xingrg/check_reg.html?_=1713923554526 HTTP/1.1" 200 22
101.83.144.49 - - [24/Apr/2024:09:52:36 +0800] "POST /xingrg/kc/buy/cgsh_order_operate.html HTTP/1.1" 200 5035
180.164.1.25 - - [24/Apr/2024:09:52:36 +0800] "GET /xingrg/kc/buy/cgsh_order_operate.html?command=get_materiel&rest_code=00108&code=00101008331&supplier_code=00100007&order_time=2024-04-24 HTTP/1.1" 200 416
180.169.147.146 - - [24/Apr/2024:09:52:36 +0800] "GET /xingrg/all/function/internal_message.html?_=1713923544970&CODE_STATE=getMsg HTTP/1.1" 200 27
101.80.230.31 - - [24/Apr/2024:09:52:37 +0800] "POST /xingrg/kc/buy/cgsh_order_operate.html HTTP/1.1" 200 88
101.83.144.49 - - [24/Apr/2024:09:52:38 +0800] "GET /xingrg/kc/print/load_data.html?order_code=212024042406494&kc_code=cgsh&condition= HTTP/1.1" 200 1562
116.224.254.208 - - [24/Apr/2024:09:52:40 +0800] "GET /xingrg/kc/buy/cgsh_order_operate.html?command=get_materiel&rest_code=00151&code=00101012066&supplier_code=00100096&order_time=2024-04-24 HTTP/1.1" 200 419
120.253.135.82 - - [24/Apr/2024:09:52:43 +0800] "GET /xingrg/all/function/internal_message.html?_=1713923744916&CODE_STATE=getMsg HTTP/1.1" 200 27
101.80.230.31 - - [24/Apr/2024:09:52:44 +0800] "POST /xingrg/kc/buy/cgsh_order_operate.html HTTP/1.1" 200 37
116.232.195.13 - - [24/Apr/2024:09:52:44 +0800] "GET /xingrg/all/function/internal_message.html?_=1713923552217&CODE_STATE=getMsg HTTP/1.1" 200 27
180.164.1.25 - - [24/Apr/2024:09:52:46 +0800] "GET /xingrg/kc/buy/cgsh_order_operate.html?command=get_materiel&rest_code=00108&code=00101008089&supplier_code=00100007&order_time=2024-04-24 HTTP/1.1" 200 408
101.80.230.31 - - [24/Apr/2024:09:52:46 +0800] "POST /xingrg/kc/buy/cgsh_order_operate.html HTTP/1.1" 200 3251
116.224.254.208 - - [24/Apr/2024:09:52:47 +0800] "GET /xingrg/kc/buy/cgsh_order_operate.html?command=get_materiel&rest_code=00151&code=00101012025&supplier_code=00100096&order_time=2024-04-24 HTTP/1.1" 200 414
101.80.230.31 - - [24/Apr/2024:09:52:47 +0800] "GET /xingrg/kc/print/load_config.html?kc_code=cgsh HTTP/1.1" 200 1927
101.80.230.31 - - [24/Apr/2024:09:52:47 +0800] "GET /xingrg/kc/print/load_data.html?order_code=212024042406496&kc_code=cgsh&condition= HTTP/1.1" 200 877
180.164.1.25 - - [24/Apr/2024:09:52:50 +0800] "POST /xingrg/kc/buy/cgsh_order_operate.html HTTP/1.1" 200 2065
222.69.135.140 - - [24/Apr/2024:09:52:51 +0800] "GET /xingrg/all/function/internal_message.html?_=1713923571402&CODE_STATE=getMsg HTTP/1.1" 200 27
222.69.135.140 - - [24/Apr/2024:09:52:51 +0800] "GET /xingrg/check_reg.html?_=1713923571404 HTTP/1.1" 200 22
101.80.230.31 - - [24/Apr/2024:09:52:52 +0800] "GET /xingrg/kc/buy/cgsh_order_add.html HTTP/1.1" 200 74113
101.80.230.31 - - [24/Apr/2024:09:52:52 +0800] "POST /xingrg/kc/buy/cgsh_order_operate.html HTTP/1.1" 200 8245
101.80.230.31 - - [24/Apr/2024:09:52:52 +0800] "GET /xingrg/javascript/easyui/themes/default/validatebox.css HTTP/1.1" 404 1104
101.80.230.31 - - [24/Apr/2024:09:52:52 +0800] "GET /xingrg/all/common/auto_word.html?type=employee&rest_code=00156 HTTP/1.1" 200 47
101.80.230.31 - - [24/Apr/2024:09:52:52 +0800] "GET /xingrg/all/common/auto_word.html?type=employee&rest_code=00156 HTTP/1.1" 200 47
101.80.230.31 - - [24/Apr/2024:09:52:54 +0800] "GET /xingrg/javascript/jquery_tools/images/next.gif HTTP/1.1" 404 1086
101.80.230.31 - - [24/Apr/2024:09:52:54 +0800] "GET /xingrg/javascript/jquery_tools/images/prev.gif HTTP/1.1" 404 1086
116.224.254.208 - - [24/Apr/2024:09:52:55 +0800] "GET /xingrg/kc/buy/cgsh_order_operate.html?command=get_materiel&rest_code=00151&code=00101012059&supplier_code=00100096&order_time=2024-04-24 HTTP/1.1" 200 412
180.164.1.25 - - [24/Apr/2024:09:52:57 +0800] "GET /xingrg/kc/buy/cgsh_order_operate.html?command=get_materiel&rest_code=00108&code=00101008321&supplier_code=00100007&order_time=2024-04-24 HTTP/1.1" 200 412
116.224.254.208 - - [24/Apr/2024:09:53:02 +0800] "GET /xingrg/kc/buy/cgsh_order_operate.html?command=get_materiel&rest_code=00151&code=00101012051&supplier_code=00100096&order_time=2024-04-24 HTTP/1.1" 200 408
101.80.230.31 - - [24/Apr/2024:09:53:04 +0800] "GET /xingrg/kc/buy/cgsh_order_operate.html?command=get_materiel&rest_code=00156&code=00101001045&supplier_code=00100665&order_time=2024-04-23 HTTP/1.1" 200 421
180.164.1.25 - - [24/Apr/2024:09:53:08 +0800] "GET /xingrg/kc/buy/cgsh_order_operate.html?command=get_materiel&rest_code=00108&code=00101008350&supplier_code=00100007&order_time=2024-04-24 HTTP/1.1" 200 408
116.224.254.208 - - [24/Apr/2024:09:53:09 +0800] "GET /xingrg/all/function/internal_message.html?_=1713923589404&CODE_STATE=getMsg HTTP/1.1" 200 27
124.78.56.241 - - [24/Apr/2024:09:53:09 +0800] "GET /xingrg/kc/buy/cgsh_order_operate.html?command=get_materiel&rest_code=00141&code=00101011005&supplier_code=00100096&order_time=2024-04-24 HTTP/1.1" 200 408
116.224.254.208 - - [24/Apr/2024:09:53:11 +0800] "GET /xingrg/kc/buy/cgsh_order_operate.html?command=get_materiel&rest_code=00151&code=00101006006&supplier_code=00100096&order_time=2024-04-24 HTTP/1.1" 200 410
101.83.144.49 - - [24/Apr/2024:09:53:11 +0800] "GET /xingrg/all/function/internal_message.html?_=1713923591858&CODE_STATE=getMsg HTTP/1.1" 200 27
222.70.183.82 - - [24/Apr/2024:09:53:13 +0800] "GET /xingrg/all/function/internal_message.html?_=1713923591511&CODE_STATE=getMsg HTTP/1.1" 200 27
124.78.56.241 - - [24/Apr/2024:09:53:16 +0800] "GET /xingrg/all/function/internal_message.html?_=1713923596164&CODE_STATE=getMsg HTTP/1.1" 200 27
101.80.230.31 - - [24/Apr/2024:09:53:17 +0800] "POST /xingrg/kc/buy/cgsh_order_operate.html HTTP/1.1" 200 37
180.164.1.25 - - [24/Apr/2024:09:53:19 +0800] "GET /xingrg/all/function/internal_message.html?_=1713923598876&CODE_STATE=getMsg HTTP/1.1" 200 27
180.164.1.25 - - [24/Apr/2024:09:53:20 +0800] "GET /xingrg/kc/buy/cgsh_order_operate.html?command=get_materiel&rest_code=00108&code=00101008270&supplier_code=00100007&order_time=2024-04-24 HTTP/1.1" 200 412
101.80.230.31 - - [24/Apr/2024:09:53:20 +0800] "POST /xingrg/kc/buy/cgsh_order_operate.html HTTP/1.1" 200 2668
116.224.254.208 - - [24/Apr/2024:09:53:21 +0800] "GET /xingrg/kc/buy/cgsh_order_operate.html?command=get_materiel&rest_code=00151&code=00101006058&supplier_code=00100096&order_time=2024-04-24 HTTP/1.1" 200 415
101.80.230.31 - - [24/Apr/2024:09:53:22 +0800] "GET /xingrg/kc/print/load_config.html?kc_code=cgsh HTTP/1.1" 200 1927
101.80.230.31 - - [24/Apr/2024:09:53:22 +0800] "GET /xingrg/kc/print/load_data.html?order_code=212024042406497&kc_code=cgsh&condition= HTTP/1.1" 200 672
116.224.254.208 - - [24/Apr/2024:09:53:24 +0800] "GET /xingrg/all/function/internal_message.html?_=1713923604479&CODE_STATE=getMsg HTTP/1.1" 200 27
116.232.195.13 - - [24/Apr/2024:09:53:24 +0800] "POST /xingrg/kc/buy/cgsh_list_operate.html HTTP/1.1" 200 2261
101.80.230.31 - - [24/Apr/2024:09:53:26 +0800] "GET /xingrg/all/function/internal_message.html?_=1713923610874&CODE_STATE=getMsg HTTP/1.1" 200 27
101.80.230.31 - - [24/Apr/2024:09:53:29 +0800] "GET /xingrg/kc/buy/cgsh_order_add.html HTTP/1.1" 200 74113
101.80.230.31 - - [24/Apr/2024:09:53:29 +0800] "POST /xingrg/kc/buy/cgsh_order_operate.html HTTP/1.1" 200 8245
101.80.230.31 - - [24/Apr/2024:09:53:29 +0800] "GET /xingrg/javascript/easyui/themes/default/validatebox.css HTTP/1.1" 404 1104
101.80.230.31 - - [24/Apr/2024:09:53:29 +0800] "GET /xingrg/all/common/auto_word.html?type=employee&rest_code=00156 HTTP/1.1" 200 47
101.80.230.31 - - [24/Apr/2024:09:53:29 +0800] "GET /xingrg/all/common/auto_word.html?type=employee&rest_code=00156 HTTP/1.1" 200 47
101.80.230.31 - - [24/Apr/2024:09:53:31 +0800] "GET /xingrg/javascript/jquery_tools/images/prev.gif HTTP/1.1" 404 1086
101.80.230.31 - - [24/Apr/2024:09:53:31 +0800] "GET /xingrg/javascript/jquery_tools/images/next.gif HTTP/1.1" 404 1086
180.164.1.25 - - [24/Apr/2024:09:53:33 +0800] "POST /xingrg/kc/buy/cgsh_order_operate.html HTTP/1.1" 200 37
180.164.1.25 - - [24/Apr/2024:09:53:35 +0800] "POST /xingrg/kc/buy/cgsh_order_operate.html HTTP/1.1" 200 15098
116.224.254.208 - - [24/Apr/2024:09:53:35 +0800] "GET /xingrg/kc/buy/cgsh_order_operate.html?command=get_materiel&rest_code=00151&code=00101007061&supplier_code=00100096&order_time=2024-04-24 HTTP/1.1" 200 411
180.169.147.146 - - [24/Apr/2024:09:53:36 +0800] "GET /xingrg/all/function/internal_message.html?_=1713923604953&CODE_STATE=getMsg HTTP/1.1" 200 27
101.80.230.31 - - [24/Apr/2024:09:53:42 +0800] "GET /xingrg/kc/buy/cgsh_order_operate.html?command=get_materiel&rest_code=00156&code=00101001155&supplier_code=00100323&order_time=2024-04-23 HTTP/1.1" 200 414
120.253.135.82 - - [24/Apr/2024:09:53:43 +0800] "GET /xingrg/all/function/internal_message.html?_=1713923804921&CODE_STATE=getMsg HTTP/1.1" 200 27
180.164.1.25 - - [24/Apr/2024:09:53:44 +0800] "GET /xingrg/kc/buy/cgsh_order_operate.html?command=get_materiel&rest_code=00108&code=00101008077&supplier_code=00100007&order_time=2024-04-24 HTTP/1.1" 200 416
116.232.195.13 - - [24/Apr/2024:09:53:44 +0800] "GET /xingrg/all/function/internal_message.html?_=1713923612217&CODE_STATE=getMsg HTTP/1.1" 200 27
222.69.135.140 - - [24/Apr/2024:09:53:51 +0800] "GET /xingrg/all/function/internal_message.html?_=1713923631402&CODE_STATE=getMsg HTTP/1.1" 200 27
180.164.1.25 - - [24/Apr/2024:09:53:59 +0800] "GET /xingrg/kc/buy/cgsh_order_operate.html?command=get_materiel&rest_code=00108&code=00101008283&supplier_code=00100007&order_time=2024-04-24 HTTP/1.1" 200 408
116.224.254.208 - - [24/Apr/2024:09:54:06 +0800] "POST /xingrg/kc/buy/cgsh_order_operate.html HTTP/1.1" 200 37
180.164.1.25 - - [24/Apr/2024:09:54:07 +0800] "POST /xingrg/kc/buy/cgsh_order_operate.html HTTP/1.1" 200 2065
116.224.254.208 - - [24/Apr/2024:09:54:09 +0800] "GET /xingrg/all/function/internal_message.html?_=1713923649382&CODE_STATE=getMsg HTTP/1.1" 200 27
101.80.230.31 - - [24/Apr/2024:09:54:11 +0800] "GET /xingrg/kc/buy/cgsh_order_operate.html?command=get_materiel&rest_code=00156&code=00101006060&supplier_code=00100323&order_time=2024-04-23 HTTP/1.1" 200 409
101.83.144.49 - - [24/Apr/2024:09:54:11 +0800] "GET /xingrg/all/function/internal_message.html?_=1713923651825&CODE_STATE=getMsg HTTP/1.1" 200 27
222.70.183.82 - - [24/Apr/2024:09:54:13 +0800] "GET /xingrg/all/function/internal_message.html?_=1713923651496&CODE_STATE=getMsg HTTP/1.1" 200 27
180.164.1.25 - - [24/Apr/2024:09:54:13 +0800] "GET /xingrg/kc/buy/cgsh_order_operate.html?command=get_materiel&rest_code=00108&code=00101009160&supplier_code=00100007&order_time=2024-04-24 HTTP/1.1" 200 415
116.224.254.208 - - [24/Apr/2024:09:54:15 +0800] "POST /xingrg/kc/buy/cgsh_order_operate.html HTTP/1.1" 200 12
124.78.56.241 - - [24/Apr/2024:09:54:16 +0800] "GET /xingrg/all/function/internal_message.html?_=1713923656159&CODE_STATE=getMsg HTTP/1.1" 200 27
180.164.1.25 - - [24/Apr/2024:09:54:19 +0800] "GET /xingrg/all/function/internal_message.html?_=1713923658859&CODE_STATE=getMsg HTTP/1.1" 200 27
101.80.230.31 - - [24/Apr/2024:09:54:19 +0800] "GET /xingrg/kc/buy/cgsh_order_operate.html?command=get_materiel&rest_code=00156&code=00101012074&supplier_code=00100323&order_time=2024-04-23 HTTP/1.1" 200 430
180.164.1.25 - - [24/Apr/2024:09:54:21 +0800] "GET /xingrg/kc/buy/cgsh_order_operate.html?command=get_materiel&rest_code=00108&code=00101008175&supplier_code=00100007&order_time=2024-04-24 HTTP/1.1" 200 412
101.80.230.31 - - [24/Apr/2024:09:54:23 +0800] "GET /xingrg/all/function/internal_message.html?_=1713923667652&CODE_STATE=getMsg HTTP/1.1" 200 27
116.224.254.208 - - [24/Apr/2024:09:54:24 +0800] "GET /xingrg/all/function/internal_message.html?_=1713923664481&CODE_STATE=getMsg HTTP/1.1" 200 27
116.224.254.208 - - [24/Apr/2024:09:54:26 +0800] "GET /xingrg/kc/buy/cgsh_order_info.html?code=212024042406499 HTTP/1.1" 200 68493
116.224.254.208 - - [24/Apr/2024:09:54:26 +0800] "GET /xingrg/javascript/easyui/themes/default/validatebox.css HTTP/1.1" 404 1104
116.224.254.208 - - [24/Apr/2024:09:54:27 +0800] "POST /xingrg/kc/buy/cgsh_order_operate.html HTTP/1.1" 200 7772
101.80.230.31 - - [24/Apr/2024:09:54:29 +0800] "GET /xingrg/kc/buy/cgsh_order_operate.html?command=get_materiel&rest_code=00156&code=00101004003&supplier_code=00100323&order_time=2024-04-23 HTTP/1.1" 200 410
180.164.1.25 - - [24/Apr/2024:09:54:29 +0800] "GET /xingrg/kc/buy/cgsh_order_operate.html?command=get_materiel&rest_code=00108&code=00101008563&supplier_code=00100007&order_time=2024-04-24 HTTP/1.1" 200 413
116.224.254.208 - - [24/Apr/2024:09:54:29 +0800] "GET /xingrg/kc/print/load_data.html?order_code=212024042406499&kc_code=cgsh&condition= HTTP/1.1" 200 3436
116.224.254.208 - - [24/Apr/2024:09:54:34 +0800] "GET /xingrg/kc/buy/cgsh_order_add.html HTTP/1.1" 200 73625
116.224.254.208 - - [24/Apr/2024:09:54:35 +0800] "POST /xingrg/kc/buy/cgsh_order_operate.html HTTP/1.1" 200 8245
116.224.254.208 - - [24/Apr/2024:09:54:35 +0800] "GET /xingrg/javascript/easyui/themes/default/validatebox.css HTTP/1.1" 404 1104
180.169.147.146 - - [24/Apr/2024:09:54:36 +0800] "GET /xingrg/all/function/internal_message.html?_=1713923664937&CODE_STATE=getMsg HTTP/1.1" 200 27
101.83.144.49 - - [24/Apr/2024:09:54:38 +0800] "GET /xingrg/kc/buy/cgsh_order_add.html HTTP/1.1" 200 74116
101.83.144.49 - - [24/Apr/2024:09:54:38 +0800] "GET /xingrg/javascript/easyui/themes/default/validatebox.css HTTP/1.1" 404 1104
101.83.144.49 - - [24/Apr/2024:09:54:38 +0800] "POST /xingrg/kc/buy/cgsh_order_operate.html HTTP/1.1" 200 8245
101.80.230.31 - - [24/Apr/2024:09:54:41 +0800] "POST /xingrg/kc/buy/cgsh_order_operate.html HTTP/1.1" 200 37
120.253.135.82 - - [24/Apr/2024:09:54:43 +0800] "GET /xingrg/check_reg.html?_=1713923864929 HTTP/1.1" 200 22
120.253.135.82 - - [24/Apr/2024:09:54:43 +0800] "GET /xingrg/all/function/internal_message.html?_=1713923864926&CODE_STATE=getMsg HTTP/1.1" 200 27
180.164.1.25 - - [24/Apr/2024:09:54:44 +0800] "GET /xingrg/kc/buy/cgsh_order_operate.html?command=get_materiel&rest_code=00108&code=00101008223&supplier_code=00100007&order_time=2024-04-24 HTTP/1.1" 200 412
101.80.230.31 - - [24/Apr/2024:09:54:44 +0800] "POST /xingrg/kc/buy/cgsh_order_operate.html HTTP/1.1" 200 4445
116.232.195.13 - - [24/Apr/2024:09:54:44 +0800] "GET /xingrg/all/function/internal_message.html?_=1713923672210&CODE_STATE=getMsg HTTP/1.1" 200 27
101.80.230.31 - - [24/Apr/2024:09:54:45 +0800] "GET /xingrg/kc/print/load_config.html?kc_code=cgsh HTTP/1.1" 200 1927
101.80.230.31 - - [24/Apr/2024:09:54:45 +0800] "GET /xingrg/kc/print/load_data.html?order_code=212024042406500&kc_code=cgsh&condition= HTTP/1.1" 200 1372
222.69.135.140 - - [24/Apr/2024:09:54:51 +0800] "GET /xingrg/all/function/internal_message.html?_=1713923691404&CODE_STATE=getMsg HTTP/1.1" 200 27
101.80.230.31 - - [24/Apr/2024:09:54:51 +0800] "GET /xingrg/kc/buy/cgsh_order_add.html HTTP/1.1" 200 74113
101.80.230.31 - - [24/Apr/2024:09:54:51 +0800] "POST /xingrg/kc/buy/cgsh_order_operate.html HTTP/1.1" 200 8245
101.80.230.31 - - [24/Apr/2024:09:54:51 +0800] "GET /xingrg/javascript/easyui/themes/default/validatebox.css HTTP/1.1" 404 1104
101.80.230.31 - - [24/Apr/2024:09:54:51 +0800] "GET /xingrg/all/common/auto_word.html?type=employee&rest_code=00156 HTTP/1.1" 200 47
101.80.230.31 - - [24/Apr/2024:09:54:51 +0800] "GET /xingrg/all/common/auto_word.html?type=employee&rest_code=00156 HTTP/1.1" 200 47
101.80.230.31 - - [24/Apr/2024:09:54:54 +0800] "GET /xingrg/javascript/jquery_tools/images/prev.gif HTTP/1.1" 404 1086
101.80.230.31 - - [24/Apr/2024:09:54:54 +0800] "GET /xingrg/javascript/jquery_tools/images/next.gif HTTP/1.1" 404 1086
180.164.1.25 - - [24/Apr/2024:09:54:54 +0800] "GET /xingrg/kc/buy/cgsh_order_operate.html?command=get_materiel&rest_code=00108&code=00101008168&supplier_code=00100007&order_time=2024-04-24 HTTP/1.1" 200 413
180.164.1.25 - - [24/Apr/2024:09:55:00 +0800] "POST /xingrg/kc/buy/cgsh_order_operate.html HTTP/1.1" 200 2065
101.83.144.49 - - [24/Apr/2024:09:55:02 +0800] "GET /xingrg/check_reg.html?_=1713923703214 HTTP/1.1" 200 22
180.164.1.25 - - [24/Apr/2024:09:55:06 +0800] "GET /xingrg/kc/buy/cgsh_order_operate.html?command=get_materiel&rest_code=00108&code=00101008095&supplier_code=00100007&order_time=2024-04-24 HTTP/1.1" 200 412
101.80.230.31 - - [24/Apr/2024:09:55:08 +0800] "GET /xingrg/kc/buy/cgsh_order_operate.html?command=get_materiel&rest_code=00156&code=00101018039&supplier_code=00100570&order_time=2024-04-23 HTTP/1.1" 200 422
116.224.254.208 - - [24/Apr/2024:09:55:09 +0800] "GET /xingrg/all/function/internal_message.html?_=1713923709373&CODE_STATE=getMsg HTTP/1.1" 200 27
101.83.144.49 - - [24/Apr/2024:09:55:11 +0800] "GET /xingrg/all/function/internal_message.html?_=1713923711802&CODE_STATE=getMsg HTTP/1.1" 200 27
222.70.183.82 - - [24/Apr/2024:09:55:13 +0800] "GET /xingrg/all/function/internal_message.html?_=1713923711479&CODE_STATE=getMsg HTTP/1.1" 200 27
180.164.1.25 - - [24/Apr/2024:09:55:15 +0800] "GET /xingrg/kc/buy/cgsh_order_operate.html?command=get_materiel&rest_code=00108&code=00101008674&supplier_code=00100007&order_time=2024-04-24 HTTP/1.1" 200 412
124.78.56.241 - - [24/Apr/2024:09:55:16 +0800] "GET /xingrg/all/function/internal_message.html?_=1713923716162&CODE_STATE=getMsg HTTP/1.1" 200 27
101.83.144.49 - - [24/Apr/2024:09:55:17 +0800] "GET /xingrg/kc/buy/cgsh_order_operate.html?command=get_materiel&rest_code=00105&code=00102002440&supplier_code=00100151&order_time=2024-04-24 HTTP/1.1" 200 416
180.164.1.25 - - [24/Apr/2024:09:55:19 +0800] "GET /xingrg/all/function/internal_message.html?_=1713923718852&CODE_STATE=getMsg HTTP/1.1" 200 27
101.80.230.31 - - [24/Apr/2024:09:55:23 +0800] "GET /xingrg/all/function/internal_message.html?_=1713923727654&CODE_STATE=getMsg HTTP/1.1" 200 27
101.80.230.31 - - [24/Apr/2024:09:55:23 +0800] "POST /xingrg/kc/buy/cgsh_order_operate.html HTTP/1.1" 200 37
116.224.254.208 - - [24/Apr/2024:09:55:24 +0800] "GET /xingrg/all/function/internal_message.html?_=1713923724480&CODE_STATE=getMsg HTTP/1.1" 200 27
101.80.230.31 - - [24/Apr/2024:09:55:25 +0800] "POST /xingrg/kc/buy/cgsh_order_operate.html HTTP/1.1" 200 2665
180.164.1.25 - - [24/Apr/2024:09:55:26 +0800] "GET /xingrg/kc/buy/cgsh_order_operate.html?command=get_materiel&rest_code=00108&code=00101009011&supplier_code=00100007&order_time=2024-04-24 HTTP/1.1" 200 416
101.80.230.31 - - [24/Apr/2024:09:55:26 +0800] "GET /xingrg/kc/print/load_config.html?kc_code=cgsh HTTP/1.1" 200 1927
101.80.230.31 - - [24/Apr/2024:09:55:27 +0800] "GET /xingrg/kc/print/load_data.html?order_code=212024042406501&kc_code=cgsh&condition= HTTP/1.1" 200 668
101.80.230.31 - - [24/Apr/2024:09:55:30 +0800] "GET /xingrg/kc/buy/cgsh_order_add.html HTTP/1.1" 200 74113
101.80.230.31 - - [24/Apr/2024:09:55:31 +0800] "POST /xingrg/kc/buy/cgsh_order_operate.html HTTP/1.1" 200 8245
101.80.230.31 - - [24/Apr/2024:09:55:31 +0800] "GET /xingrg/javascript/easyui/themes/default/validatebox.css HTTP/1.1" 404 1104
101.80.230.31 - - [24/Apr/2024:09:55:31 +0800] "GET /xingrg/all/common/auto_word.html?type=employee&rest_code=00156 HTTP/1.1" 200 47
101.80.230.31 - - [24/Apr/2024:09:55:31 +0800] "GET /xingrg/all/common/auto_word.html?type=employee&rest_code=00156 HTTP/1.1" 200 47
101.80.230.31 - - [24/Apr/2024:09:55:33 +0800] "GET /xingrg/javascript/jquery_tools/images/prev.gif HTTP/1.1" 404 1086
101.80.230.31 - - [24/Apr/2024:09:55:33 +0800] "GET /xingrg/javascript/jquery_tools/images/next.gif HTTP/1.1" 404 1086
101.83.144.49 - - [24/Apr/2024:09:55:36 +0800] "POST /xingrg/kc/buy/cgsh_order_operate.html HTTP/1.1" 200 37
180.169.147.146 - - [24/Apr/2024:09:55:36 +0800] "GET /xingrg/all/function/internal_message.html?_=1713923724921&CODE_STATE=getMsg HTTP/1.1" 200 27
180.164.1.25 - - [24/Apr/2024:09:55:37 +0800] "GET /xingrg/kc/buy/cgsh_order_operate.html?command=get_materiel&rest_code=00108&code=00101009015&supplier_code=00100007&order_time=2024-04-24 HTTP/1.1" 200 416
101.83.144.49 - - [24/Apr/2024:09:55:37 +0800] "POST /xingrg/kc/buy/cgsh_order_operate.html HTTP/1.1" 200 2661
101.83.144.49 - - [24/Apr/2024:09:55:39 +0800] "GET /xingrg/kc/print/load_data.html?order_code=212024042406502&kc_code=cgsh&condition= HTTP/1.1" 200 650
101.80.230.31 - - [24/Apr/2024:09:55:41 +0800] "GET /xingrg/kc/buy/cgsh_order_operate.html?command=get_materiel&rest_code=00156&code=00101001013&supplier_code=00100313&order_time=2024-04-23 HTTP/1.1" 200 416
120.253.135.82 - - [24/Apr/2024:09:55:43 +0800] "GET /xingrg/all/function/internal_message.html?_=1713923924930&CODE_STATE=getMsg HTTP/1.1" 200 27
116.232.195.13 - - [24/Apr/2024:09:55:44 +0800] "GET /xingrg/all/function/internal_message.html?_=1713923732224&CODE_STATE=getMsg HTTP/1.1" 200 27
180.164.1.25 - - [24/Apr/2024:09:55:48 +0800] "GET /xingrg/kc/buy/cgsh_order_operate.html?command=get_materiel&rest_code=00108&code=00101008356&supplier_code=00100007&order_time=2024-04-24 HTTP/1.1" 200 408
101.80.230.31 - - [24/Apr/2024:09:55:49 +0800] "GET /xingrg/kc/buy/cgsh_order_operate.html?command=get_materiel&rest_code=00156&code=00102026001&supplier_code=00100313&order_time=2024-04-23 HTTP/1.1" 200 409
180.169.147.146 - - [24/Apr/2024:09:55:50 +0800] "GET /xingrg/check_reg.html?_=1713923738743 HTTP/1.1" 200 22
180.164.1.25 - - [24/Apr/2024:09:55:50 +0800] "POST /xingrg/kc/buy/cgsh_order_operate.html HTTP/1.1" 200 2065
222.69.135.140 - - [24/Apr/2024:09:55:51 +0800] "GET /xingrg/all/function/internal_message.html?_=1713923751397&CODE_STATE=getMsg HTTP/1.1" 200 27
101.80.230.31 - - [24/Apr/2024:09:55:59 +0800] "POST /xingrg/kc/buy/cgsh_order_operate.html HTTP/1.1" 200 37
180.164.1.25 - - [24/Apr/2024:09:56:00 +0800] "GET /xingrg/kc/buy/cgsh_order_operate.html?command=get_materiel&rest_code=00108&code=00101008061&supplier_code=00100007&order_time=2024-04-24 HTTP/1.1" 200 422
101.80.230.31 - - [24/Apr/2024:09:56:02 +0800] "POST /xingrg/kc/buy/cgsh_order_operate.html HTTP/1.1" 200 3249
101.80.230.31 - - [24/Apr/2024:09:56:03 +0800] "GET /xingrg/kc/print/load_config.html?kc_code=cgsh HTTP/1.1" 200 1927
101.80.230.31 - - [24/Apr/2024:09:56:03 +0800] "GET /xingrg/kc/print/load_data.html?order_code=212024042406503&kc_code=cgsh&condition= HTTP/1.1" 200 901
116.224.254.208 - - [24/Apr/2024:09:56:09 +0800] "GET /xingrg/all/function/internal_message.html?_=1713923769363&CODE_STATE=getMsg HTTP/1.1" 200 27
101.83.144.49 - - [24/Apr/2024:09:56:11 +0800] "GET /xingrg/all/function/internal_message.html?_=1713923771776&CODE_STATE=getMsg HTTP/1.1" 200 27
222.70.183.82 - - [24/Apr/2024:09:56:13 +0800] "GET /xingrg/all/function/internal_message.html?_=1713923771464&CODE_STATE=getMsg HTTP/1.1" 200 27
222.70.183.82 - - [24/Apr/2024:09:56:13 +0800] "GET /xingrg/check_reg.html?_=1713923772152 HTTP/1.1" 200 22
180.164.1.25 - - [24/Apr/2024:09:56:14 +0800] "GET /xingrg/kc/buy/cgsh_order_operate.html?command=get_materiel&rest_code=00108&code=00101008558&supplier_code=00100007&order_time=2024-04-24 HTTP/1.1" 200 409
124.78.56.241 - - [24/Apr/2024:09:56:16 +0800] "GET /xingrg/all/function/internal_message.html?_=1713923776116&CODE_STATE=getMsg HTTP/1.1" 200 27
180.164.1.25 - - [24/Apr/2024:09:56:19 +0800] "GET /xingrg/all/function/internal_message.html?_=1713923778869&CODE_STATE=getMsg HTTP/1.1" 200 27
101.80.230.31 - - [24/Apr/2024:09:56:23 +0800] "GET /xingrg/all/function/internal_message.html?_=1713923787657&CODE_STATE=getMsg HTTP/1.1" 200 27
101.80.230.31 - - [24/Apr/2024:09:56:23 +0800] "GET /xingrg/check_reg.html?_=1713923787658 HTTP/1.1" 200 22
116.224.254.208 - - [24/Apr/2024:09:56:24 +0800] "GET /xingrg/check_reg.html?_=1713923784482 HTTP/1.1" 200 22
116.224.254.208 - - [24/Apr/2024:09:56:24 +0800] "GET /xingrg/all/function/internal_message.html?_=1713923784484&CODE_STATE=getMsg HTTP/1.1" 200 27
180.169.147.146 - - [24/Apr/2024:09:56:36 +0800] "GET /xingrg/all/function/internal_message.html?_=1713923784904&CODE_STATE=getMsg HTTP/1.1" 200 27
180.164.1.25 - - [24/Apr/2024:09:56:43 +0800] "GET /xingrg/kc/buy/cgsh_order_operate.html?command=get_materiel&rest_code=00108&code=00101009062&supplier_code=00100007&order_time=2024-04-24 HTTP/1.1" 200 412
120.253.135.82 - - [24/Apr/2024:09:56:43 +0800] "GET /xingrg/all/function/internal_message.html?_=1713923984933&CODE_STATE=getMsg HTTP/1.1" 200 27
116.232.195.13 - - [24/Apr/2024:09:56:44 +0800] "GET /xingrg/check_reg.html?_=1713923792225 HTTP/1.1" 200 22
116.232.195.13 - - [24/Apr/2024:09:56:44 +0800] "GET /xingrg/all/function/internal_message.html?_=1713923792229&CODE_STATE=getMsg HTTP/1.1" 200 27
180.164.1.25 - - [24/Apr/2024:09:56:47 +0800] "POST /xingrg/kc/buy/cgsh_order_operate.html HTTP/1.1" 200 2065
222.69.135.140 - - [24/Apr/2024:09:56:51 +0800] "GET /xingrg/all/function/internal_message.html?_=1713923811391&CODE_STATE=getMsg HTTP/1.1" 200 27
180.164.1.25 - - [24/Apr/2024:09:56:54 +0800] "GET /xingrg/kc/buy/cgsh_order_operate.html?command=get_materiel&rest_code=00108&code=00101009012&supplier_code=00100007&order_time=2024-04-24 HTTP/1.1" 200 409
116.224.254.208 - - [24/Apr/2024:09:57:09 +0800] "GET /xingrg/all/function/internal_message.html?_=1713923829347&CODE_STATE=getMsg HTTP/1.1" 200 27
116.224.254.208 - - [24/Apr/2024:09:57:09 +0800] "GET /xingrg/check_reg.html?_=1713923829404 HTTP/1.1" 200 22
101.83.144.49 - - [24/Apr/2024:09:57:11 +0800] "GET /xingrg/all/function/internal_message.html?_=1713923831763&CODE_STATE=getMsg HTTP/1.1" 200 27
222.70.183.82 - - [24/Apr/2024:09:57:13 +0800] "GET /xingrg/all/function/internal_message.html?_=1713923831448&CODE_STATE=getMsg HTTP/1.1" 200 27
124.78.56.241 - - [24/Apr/2024:09:57:16 +0800] "GET /xingrg/all/function/internal_message.html?_=1713923836098&CODE_STATE=getMsg HTTP/1.1" 200 27
180.164.1.25 - - [24/Apr/2024:09:57:19 +0800] "GET /xingrg/check_reg.html?_=1713923838867 HTTP/1.1" 200 22
180.164.1.25 - - [24/Apr/2024:09:57:19 +0800] "GET /xingrg/all/function/internal_message.html?_=1713923838870&CODE_STATE=getMsg HTTP/1.1" 200 27
101.80.230.31 - - [24/Apr/2024:09:57:23 +0800] "GET /xingrg/all/function/internal_message.html?_=1713923847658&CODE_STATE=getMsg HTTP/1.1" 200 27
116.224.254.208 - - [24/Apr/2024:09:57:24 +0800] "GET /xingrg/all/function/internal_message.html?_=1713923844471&CODE_STATE=getMsg HTTP/1.1" 200 27
180.164.1.25 - - [24/Apr/2024:09:57:32 +0800] "POST /xingrg/kc/buy/cgsh_order_operate.html HTTP/1.1" 200 37
124.78.56.241 - - [24/Apr/2024:09:57:34 +0800] "GET /xingrg/check_reg.html?_=1713923854515 HTTP/1.1" 200 22
180.164.1.25 - - [24/Apr/2024:09:57:34 +0800] "POST /xingrg/kc/buy/cgsh_order_operate.html HTTP/1.1" 200 26933
180.169.147.146 - - [24/Apr/2024:09:57:36 +0800] "GET /xingrg/all/function/internal_message.html?_=1713923844887&CODE_STATE=getMsg HTTP/1.1" 200 27
116.224.254.208 - - [24/Apr/2024:09:57:37 +0800] "GET /xingrg/kc/buy/cgsh_order_operate.html?command=get_materiel&rest_code=00151&code=00101008312&supplier_code=00100008&order_time=2024-04-24 HTTP/1.1" 200 412
180.164.1.25 - - [24/Apr/2024:09:57:37 +0800] "GET /xingrg/kc/print/load_config.html?kc_code=cgsh HTTP/1.1" 200 1927
180.164.1.25 - - [24/Apr/2024:09:57:38 +0800] "GET /xingrg/kc/print/load_data.html?order_code=212024042406498&kc_code=cgsh HTTP/1.1" 200 9935
120.253.135.82 - - [24/Apr/2024:09:57:43 +0800] "GET /xingrg/all/function/internal_message.html?_=1713924044939&CODE_STATE=getMsg HTTP/1.1" 200 27
116.232.195.13 - - [24/Apr/2024:09:57:44 +0800] "GET /xingrg/all/function/internal_message.html?_=1713923852229&CODE_STATE=getMsg HTTP/1.1" 200 27
222.69.135.140 - - [24/Apr/2024:09:57:51 +0800] "GET /xingrg/all/function/internal_message.html?_=1713923871393&CODE_STATE=getMsg HTTP/1.1" 200 27
222.69.135.140 - - [24/Apr/2024:09:57:51 +0800] "GET /xingrg/check_reg.html?_=1713923871397 HTTP/1.1" 200 22
116.224.254.208 - - [24/Apr/2024:09:57:51 +0800] "GET /xingrg/kc/buy/cgsh_order_operate.html?command=get_materiel&rest_code=00151&code=00101008283&supplier_code=00100008&order_time=2024-04-24 HTTP/1.1" 200 408
116.224.254.208 - - [24/Apr/2024:09:58:05 +0800] "GET /xingrg/kc/buy/cgsh_order_operate.html?command=get_materiel&rest_code=00151&code=00101008096&supplier_code=00100008&order_time=2024-04-24 HTTP/1.1" 200 412
116.224.254.208 - - [24/Apr/2024:09:58:09 +0800] "GET /xingrg/all/function/internal_message.html?_=1713923889338&CODE_STATE=getMsg HTTP/1.1" 200 27
101.83.144.49 - - [24/Apr/2024:09:58:11 +0800] "GET /xingrg/all/function/internal_message.html?_=1713923891739&CODE_STATE=getMsg HTTP/1.1" 200 27
222.70.183.82 - - [24/Apr/2024:09:58:13 +0800] "GET /xingrg/all/function/internal_message.html?_=1713923891431&CODE_STATE=getMsg HTTP/1.1" 200 27
116.224.254.208 - - [24/Apr/2024:09:58:15 +0800] "GET /xingrg/kc/buy/cgsh_order_operate.html?command=get_materiel&rest_code=00151&code=00101008300&supplier_code=00100008&order_time=2024-04-24 HTTP/1.1" 200 412
124.78.56.241 - - [24/Apr/2024:09:58:16 +0800] "GET /xingrg/all/function/internal_message.html?_=1713923896089&CODE_STATE=getMsg HTTP/1.1" 200 27
180.164.1.25 - - [24/Apr/2024:09:58:19 +0800] "GET /xingrg/all/function/internal_message.html?_=1713923898872&CODE_STATE=getMsg HTTP/1.1" 200 27
101.80.230.31 - - [24/Apr/2024:09:58:23 +0800] "GET /xingrg/all/function/internal_message.html?_=1713923907661&CODE_STATE=getMsg HTTP/1.1" 200 27
116.224.254.208 - - [24/Apr/2024:09:58:24 +0800] "GET /xingrg/all/function/internal_message.html?_=1713923904491&CODE_STATE=getMsg HTTP/1.1" 200 27
