120.253.135.82 - - [24/Apr/2024:08:43:43 +0800] "GET /xingrg/all/function/internal_message.html?_=1713919604603&CODE_STATE=getMsg HTTP/1.1" 200 27
116.232.195.13 - - [24/Apr/2024:08:43:43 +0800] "GET /xingrg/all/function/internal_message.html?_=1713919410608&CODE_STATE=getMsg HTTP/1.1" 200 27
116.232.195.13 - - [24/Apr/2024:08:43:47 +0800] "GET /xingrg/all/function/internal_message.html?_=1713919415015&CODE_STATE=getMsg HTTP/1.1" 200 27
101.83.144.49 - - [24/Apr/2024:08:44:02 +0800] "GET /xingrg/all/function/internal_message.html?_=1713919443171&CODE_STATE=getMsg HTTP/1.1" 200 27
124.78.56.241 - - [24/Apr/2024:08:44:17 +0800] "GET /xingrg/all/function/internal_message.html?_=1713919457363&CODE_STATE=getMsg HTTP/1.1" 200 27
116.224.254.208 - - [24/Apr/2024:08:44:21 +0800] "GET /xingrg/all/function/internal_message.html?_=1713919461371&CODE_STATE=getMsg HTTP/1.1" 200 27
116.224.254.208 - - [24/Apr/2024:08:44:24 +0800] "GET /xingrg/all/function/internal_message.html?_=1713919464438&CODE_STATE=getMsg HTTP/1.1" 200 27
116.232.195.13 - - [24/Apr/2024:08:44:32 +0800] "GET /xingrg/all/function/internal_message.html?_=1713919460173&CODE_STATE=getMsg HTTP/1.1" 200 27
116.224.254.208 - - [24/Apr/2024:08:44:33 +0800] "GET /xingrg/kc/buy/cgsh_order_operate.html?command=get_materiel&rest_code=00150&code=00101008079&supplier_code=00100008&order_time=2024-04-24 HTTP/1.1" 200 416
180.169.147.146 - - [24/Apr/2024:08:44:37 +0800] "GET /xingrg/all/function/internal_message.html?_=1713919466054&CODE_STATE=getMsg HTTP/1.1" 200 27
120.253.135.82 - - [24/Apr/2024:08:44:43 +0800] "GET /xingrg/all/function/internal_message.html?_=1713919664608&CODE_STATE=getMsg HTTP/1.1" 200 27
120.253.135.82 - - [24/Apr/2024:08:44:43 +0800] "GET /xingrg/check_reg.html?_=1713919664610 HTTP/1.1" 200 22
116.232.195.13 - - [24/Apr/2024:08:44:43 +0800] "GET /xingrg/all/function/internal_message.html?_=1713919470602&CODE_STATE=getMsg HTTP/1.1" 200 27
116.224.254.208 - - [24/Apr/2024:08:44:44 +0800] "GET /xingrg/kc/buy/cgsh_order_operate.html?command=get_materiel&rest_code=00150&code=00101008150&supplier_code=00100008&order_time=2024-04-24 HTTP/1.1" 200 409
116.232.195.13 - - [24/Apr/2024:08:44:47 +0800] "GET /xingrg/all/function/internal_message.html?_=1713919475016&CODE_STATE=getMsg HTTP/1.1" 200 27
116.224.254.208 - - [24/Apr/2024:08:44:54 +0800] "GET /xingrg/kc/buy/cgsh_order_operate.html?command=get_materiel&rest_code=00150&code=00101008041&supplier_code=00100008&order_time=2024-04-24 HTTP/1.1" 200 408
101.83.144.49 - - [24/Apr/2024:08:45:02 +0800] "GET /xingrg/check_reg.html?_=1713919503148 HTTP/1.1" 200 22
101.83.144.49 - - [24/Apr/2024:08:45:02 +0800] "GET /xingrg/all/function/internal_message.html?_=1713919503152&CODE_STATE=getMsg HTTP/1.1" 200 27
116.224.254.208 - - [24/Apr/2024:08:45:05 +0800] "GET /xingrg/kc/buy/cgsh_order_operate.html?command=get_materiel&rest_code=00150&code=00101008095&supplier_code=00100008&order_time=2024-04-24 HTTP/1.1" 200 412
124.78.56.241 - - [24/Apr/2024:08:45:17 +0800] "GET /xingrg/all/function/internal_message.html?_=1713919517342&CODE_STATE=getMsg HTTP/1.1" 200 27
116.224.254.208 - - [24/Apr/2024:08:45:21 +0800] "GET /xingrg/all/function/internal_message.html?_=1713919521367&CODE_STATE=getMsg HTTP/1.1" 200 27
116.224.254.208 - - [24/Apr/2024:08:45:22 +0800] "GET /xingrg/kc/buy/cgsh_order_operate.html?command=get_materiel&rest_code=00150&code=00101008403&supplier_code=00100008&order_time=2024-04-24 HTTP/1.1" 200 412
116.224.254.208 - - [24/Apr/2024:08:45:24 +0800] "GET /xingrg/all/function/internal_message.html?_=1713919524454&CODE_STATE=getMsg HTTP/1.1" 200 27
116.224.254.208 - - [24/Apr/2024:08:45:30 +0800] "GET /xingrg/kc/buy/cgsh_order_operate.html?command=get_materiel&rest_code=00150&code=00101008110&supplier_code=00100008&order_time=2024-04-24 HTTP/1.1" 200 409
116.232.195.13 - - [24/Apr/2024:08:45:32 +0800] "GET /xingrg/all/function/internal_message.html?_=1713919520175&CODE_STATE=getMsg HTTP/1.1" 200 27
116.232.195.13 - - [24/Apr/2024:08:45:32 +0800] "GET /xingrg/check_reg.html?_=1713919520177 HTTP/1.1" 200 22
180.169.147.146 - - [24/Apr/2024:08:45:37 +0800] "GET /xingrg/all/function/internal_message.html?_=1713919526036&CODE_STATE=getMsg HTTP/1.1" 200 27
120.253.135.82 - - [24/Apr/2024:08:45:43 +0800] "GET /xingrg/all/function/internal_message.html?_=1713919724615&CODE_STATE=getMsg HTTP/1.1" 200 27
116.232.195.13 - - [24/Apr/2024:08:45:43 +0800] "GET /xingrg/all/function/internal_message.html?_=1713919530607&CODE_STATE=getMsg HTTP/1.1" 200 27
116.232.195.13 - - [24/Apr/2024:08:45:47 +0800] "GET /xingrg/all/function/internal_message.html?_=1713919535003&CODE_STATE=getMsg HTTP/1.1" 200 27
116.224.254.208 - - [24/Apr/2024:08:45:48 +0800] "GET /xingrg/kc/buy/cgsh_order_operate.html?command=get_materiel&rest_code=00150&code=00101008358&supplier_code=00100008&order_time=2024-04-24 HTTP/1.1" 200 412
180.169.147.146 - - [24/Apr/2024:08:45:50 +0800] "GET /xingrg/check_reg.html?_=1713919538986 HTTP/1.1" 200 22
116.224.254.208 - - [24/Apr/2024:08:45:57 +0800] "GET /xingrg/kc/buy/cgsh_order_operate.html?command=get_materiel&rest_code=00150&code=00101008283&supplier_code=00100008&order_time=2024-04-24 HTTP/1.1" 200 408
222.70.183.82 - - [24/Apr/2024:08:46:00 +0800] "GET /xingrg/login.html HTTP/1.1" 200 7641
101.83.144.49 - - [24/Apr/2024:08:46:02 +0800] "GET /xingrg/all/function/internal_message.html?_=1713919563137&CODE_STATE=getMsg HTTP/1.1" 200 27
222.70.183.82 - - [24/Apr/2024:08:46:04 +0800] "GET /favicon.ico HTTP/1.1" 404 -
222.70.183.82 - - [24/Apr/2024:08:46:13 +0800] "POST /xingrg/login.do HTTP/1.1" 302 -
222.70.183.82 - - [24/Apr/2024:08:46:13 +0800] "GET /xingrg/index.html?sysBaseUrl=http%3A%2F%2F180.169.147.146%3A18081%2Fxingrg%2F&costTime=801×tamp=1713919573038 HTTP/1.1" 200 17173
222.70.183.82 - - [24/Apr/2024:08:46:13 +0800] "GET /favicon.ico HTTP/1.1" 404 -
222.70.183.82 - - [24/Apr/2024:08:46:13 +0800] "POST /xingrg/all/common/load_tree.html?tree=area_rest_tree_json&manage=1 HTTP/1.1" 200 342
222.70.183.82 - - [24/Apr/2024:08:46:13 +0800] "GET /xingrg/check_reg.html?_=1713919572116 HTTP/1.1" 200 22
222.70.183.82 - - [24/Apr/2024:08:46:13 +0800] "GET /xingrg/all/function/internal_message.html?_=1713919572115&CODE_STATE=count HTTP/1.1" 200 11
222.70.183.82 - - [24/Apr/2024:08:46:13 +0800] "POST /xingrg/load_menu.html HTTP/1.1" 200 5138
124.78.56.241 - - [24/Apr/2024:08:46:17 +0800] "GET /xingrg/all/function/internal_message.html?_=1713919577323&CODE_STATE=getMsg HTTP/1.1" 200 27
116.224.254.208 - - [24/Apr/2024:08:46:21 +0800] "GET /xingrg/all/function/internal_message.html?_=1713919581361&CODE_STATE=getMsg HTTP/1.1" 200 27
116.224.254.208 - - [24/Apr/2024:08:46:23 +0800] "GET /xingrg/kc/buy/cgsh_order_operate.html?command=get_materiel&rest_code=00150&code=00101008096&supplier_code=00100008&order_time=2024-04-24 HTTP/1.1" 200 412
116.224.254.208 - - [24/Apr/2024:08:46:24 +0800] "GET /xingrg/check_reg.html?_=1713919584454 HTTP/1.1" 200 22
116.224.254.208 - - [24/Apr/2024:08:46:24 +0800] "GET /xingrg/all/function/internal_message.html?_=1713919584457&CODE_STATE=getMsg HTTP/1.1" 200 27
116.232.195.13 - - [24/Apr/2024:08:46:32 +0800] "GET /xingrg/all/function/internal_message.html?_=1713919580163&CODE_STATE=getMsg HTTP/1.1" 200 27
180.169.147.146 - - [24/Apr/2024:08:46:37 +0800] "GET /xingrg/all/function/internal_message.html?_=1713919586021&CODE_STATE=getMsg HTTP/1.1" 200 27
222.70.183.82 - - [24/Apr/2024:08:46:39 +0800] "GET /xingrg/kc/buy/cgsh_order_list.html HTTP/1.1" 200 58221
116.232.195.13 - - [24/Apr/2024:08:46:43 +0800] "GET /xingrg/all/function/internal_message.html?_=1713919590601&CODE_STATE=getMsg HTTP/1.1" 200 27
120.253.135.82 - - [24/Apr/2024:08:46:43 +0800] "GET /xingrg/all/function/internal_message.html?_=1713919784617&CODE_STATE=getMsg HTTP/1.1" 200 27
116.232.195.13 - - [24/Apr/2024:08:46:43 +0800] "GET /xingrg/check_reg.html?_=1713919590602 HTTP/1.1" 200 22
222.70.183.82 - - [24/Apr/2024:08:46:43 +0800] "POST /xingrg/kc/buy/cgsh_list_operate.html HTTP/1.1" 200 645
222.70.183.82 - - [24/Apr/2024:08:46:45 +0800] "GET /xingrg/kc/buy/cgsh_order_add.html HTTP/1.1" 200 73989
116.232.195.13 - - [24/Apr/2024:08:46:47 +0800] "GET /xingrg/all/function/internal_message.html?_=1713919595015&CODE_STATE=getMsg HTTP/1.1" 200 27
222.70.183.82 - - [24/Apr/2024:08:46:48 +0800] "GET /xingrg/words/20240423200903_words.js HTTP/1.1" 200 1020943
222.70.183.82 - - [24/Apr/2024:08:46:50 +0800] "GET /xingrg/javascript/easyui/themes/default/validatebox.css HTTP/1.1" 404 1104
222.70.183.82 - - [24/Apr/2024:08:46:50 +0800] "GET /xingrg/all/common/auto_word.html?type=employee&rest_code=00111 HTTP/1.1" 200 105
222.70.183.82 - - [24/Apr/2024:08:46:50 +0800] "GET /xingrg/all/common/auto_word.html?type=employee&rest_code=00111 HTTP/1.1" 200 105
222.70.183.82 - - [24/Apr/2024:08:46:50 +0800] "POST /xingrg/kc/buy/cgsh_order_operate.html HTTP/1.1" 200 8245
222.70.183.82 - - [24/Apr/2024:08:46:53 +0800] "GET /xingrg/javascript/auto/indicator.gif HTTP/1.1" 404 1066
101.83.144.49 - - [24/Apr/2024:08:47:02 +0800] "GET /xingrg/all/function/internal_message.html?_=1713919623138&CODE_STATE=getMsg HTTP/1.1" 200 27
222.70.183.82 - - [24/Apr/2024:08:47:05 +0800] "GET /xingrg/kc/buy/cgsh_order_operate.html?command=get_materiel&rest_code=00111&code=00101008223&supplier_code=00100008&order_time=2024-04-24 HTTP/1.1" 200 412
222.70.183.82 - - [24/Apr/2024:08:47:13 +0800] "GET /xingrg/all/function/internal_message.html?_=1713919632168&CODE_STATE=getMsg HTTP/1.1" 200 27
124.78.56.241 - - [24/Apr/2024:08:47:17 +0800] "GET /xingrg/all/function/internal_message.html?_=1713919637308&CODE_STATE=getMsg HTTP/1.1" 200 27
222.70.183.82 - - [24/Apr/2024:08:47:19 +0800] "GET /xingrg/kc/buy/cgsh_order_operate.html?command=get_materiel&rest_code=00111&code=00101008168&supplier_code=00100008&order_time=2024-04-24 HTTP/1.1" 200 412
116.224.254.208 - - [24/Apr/2024:08:47:21 +0800] "GET /xingrg/all/function/internal_message.html?_=1713919641364&CODE_STATE=getMsg HTTP/1.1" 200 27
116.224.254.208 - - [24/Apr/2024:08:47:21 +0800] "GET /xingrg/check_reg.html?_=1713919641367 HTTP/1.1" 200 22
116.224.254.208 - - [24/Apr/2024:08:47:24 +0800] "GET /xingrg/all/function/internal_message.html?_=1713919644454&CODE_STATE=getMsg HTTP/1.1" 200 27
222.70.183.82 - - [24/Apr/2024:08:47:30 +0800] "GET /xingrg/kc/buy/cgsh_order_operate.html?command=get_materiel&rest_code=00111&code=00101008160&supplier_code=00100008&order_time=2024-04-24 HTTP/1.1" 200 408
116.232.195.13 - - [24/Apr/2024:08:47:32 +0800] "GET /xingrg/all/function/internal_message.html?_=1713919640179&CODE_STATE=getMsg HTTP/1.1" 200 27
124.78.56.241 - - [24/Apr/2024:08:47:34 +0800] "GET /xingrg/check_reg.html?_=1713919654727 HTTP/1.1" 200 22
180.169.147.146 - - [24/Apr/2024:08:47:37 +0800] "GET /xingrg/all/function/internal_message.html?_=1713919646005&CODE_STATE=getMsg HTTP/1.1" 200 27
120.253.135.82 - - [24/Apr/2024:08:47:43 +0800] "GET /xingrg/all/function/internal_message.html?_=1713919844621&CODE_STATE=getMsg HTTP/1.1" 200 27
116.232.195.13 - - [24/Apr/2024:08:47:43 +0800] "GET /xingrg/all/function/internal_message.html?_=1713919650605&CODE_STATE=getMsg HTTP/1.1" 200 27
116.232.195.13 - - [24/Apr/2024:08:47:47 +0800] "GET /xingrg/check_reg.html?_=1713919655012 HTTP/1.1" 200 22
116.232.195.13 - - [24/Apr/2024:08:47:47 +0800] "GET /xingrg/all/function/internal_message.html?_=1713919655014&CODE_STATE=getMsg HTTP/1.1" 200 27
222.70.183.82 - - [24/Apr/2024:08:47:51 +0800] "GET /xingrg/kc/buy/cgsh_order_operate.html?command=get_materiel&rest_code=00111&code=00101008095&supplier_code=00100008&order_time=2024-04-24 HTTP/1.1" 200 412
101.83.144.49 - - [24/Apr/2024:08:48:02 +0800] "GET /xingrg/all/function/internal_message.html?_=1713919683140&CODE_STATE=getMsg HTTP/1.1" 200 27
222.70.183.82 - - [24/Apr/2024:08:48:09 +0800] "GET /xingrg/kc/buy/cgsh_order_operate.html?command=get_materiel&rest_code=00111&code=00101008356&supplier_code=00100008&order_time=2024-04-24 HTTP/1.1" 200 408
222.70.183.82 - - [24/Apr/2024:08:48:13 +0800] "GET /xingrg/all/function/internal_message.html?_=1713919692139&CODE_STATE=getMsg HTTP/1.1" 200 27
116.224.254.208 - - [24/Apr/2024:08:48:15 +0800] "POST /xingrg/kc/buy/cgsh_order_operate.html HTTP/1.1" 200 37
124.78.56.241 - - [24/Apr/2024:08:48:17 +0800] "GET /xingrg/all/function/internal_message.html?_=1713919697306&CODE_STATE=getMsg HTTP/1.1" 200 27
116.224.254.208 - - [24/Apr/2024:08:48:17 +0800] "POST /xingrg/kc/buy/cgsh_order_operate.html HTTP/1.1" 200 10344
116.224.254.208 - - [24/Apr/2024:08:48:21 +0800] "GET /xingrg/all/function/internal_message.html?_=1713919701368&CODE_STATE=getMsg HTTP/1.1" 200 27
116.224.254.208 - - [24/Apr/2024:08:48:24 +0800] "GET /xingrg/all/function/internal_message.html?_=1713919704445&CODE_STATE=getMsg HTTP/1.1" 200 27
116.232.195.13 - - [24/Apr/2024:08:48:32 +0800] "GET /xingrg/all/function/internal_message.html?_=1713919700180&CODE_STATE=getMsg HTTP/1.1" 200 27
180.169.147.146 - - [24/Apr/2024:08:48:37 +0800] "GET /xingrg/all/function/internal_message.html?_=1713919705988&CODE_STATE=getMsg HTTP/1.1" 200 27
222.70.183.82 - - [24/Apr/2024:08:48:42 +0800] "GET /xingrg/kc/buy/cgsh_order_operate.html?command=get_materiel&rest_code=00111&code=00101008010&supplier_code=00100008&order_time=2024-04-24 HTTP/1.1" 200 412
120.253.135.82 - - [24/Apr/2024:08:48:43 +0800] "GET /xingrg/all/function/internal_message.html?_=1713919904626&CODE_STATE=getMsg HTTP/1.1" 200 27
116.232.195.13 - - [24/Apr/2024:08:48:43 +0800] "GET /xingrg/all/function/internal_message.html?_=1713919710613&CODE_STATE=getMsg HTTP/1.1" 200 27
116.232.195.13 - - [24/Apr/2024:08:48:47 +0800] "GET /xingrg/all/function/internal_message.html?_=1713919715000&CODE_STATE=getMsg HTTP/1.1" 200 27
222.70.183.82 - - [24/Apr/2024:08:48:53 +0800] "GET /xingrg/kc/buy/cgsh_order_operate.html?command=get_materiel&rest_code=00111&code=00101008306&supplier_code=00100008&order_time=2024-04-24 HTTP/1.1" 200 412
101.83.144.49 - - [24/Apr/2024:08:49:02 +0800] "GET /xingrg/all/function/internal_message.html?_=1713919743139&CODE_STATE=getMsg HTTP/1.1" 200 27
222.70.183.82 - - [24/Apr/2024:08:49:06 +0800] "GET /xingrg/kc/buy/cgsh_order_operate.html?command=get_materiel&rest_code=00111&code=00101008298&supplier_code=00100008&order_time=2024-04-24 HTTP/1.1" 200 412
222.70.183.82 - - [24/Apr/2024:08:49:13 +0800] "GET /xingrg/all/function/internal_message.html?_=1713919752127&CODE_STATE=getMsg HTTP/1.1" 200 27
124.78.56.241 - - [24/Apr/2024:08:49:17 +0800] "GET /xingrg/all/function/internal_message.html?_=1713919757289&CODE_STATE=getMsg HTTP/1.1" 200 27
222.70.183.82 - - [24/Apr/2024:08:49:19 +0800] "GET /xingrg/kc/buy/cgsh_order_operate.html?command=get_materiel&rest_code=00111&code=00101008205&supplier_code=00100008&order_time=2024-04-24 HTTP/1.1" 200 412
116.224.254.208 - - [24/Apr/2024:08:49:21 +0800] "GET /xingrg/all/function/internal_message.html?_=1713919761360&CODE_STATE=getMsg HTTP/1.1" 200 27
116.224.254.208 - - [24/Apr/2024:08:49:24 +0800] "GET /xingrg/all/function/internal_message.html?_=1713919764465&CODE_STATE=getMsg HTTP/1.1" 200 27
116.232.195.13 - - [24/Apr/2024:08:49:32 +0800] "GET /xingrg/all/function/internal_message.html?_=1713919760167&CODE_STATE=getMsg HTTP/1.1" 200 27
222.70.183.82 - - [24/Apr/2024:08:49:33 +0800] "GET /xingrg/kc/buy/cgsh_order_operate.html?command=get_materiel&rest_code=00111&code=00101008400&supplier_code=00100008&order_time=2024-04-24 HTTP/1.1" 200 409
180.169.147.146 - - [24/Apr/2024:08:49:37 +0800] "GET /xingrg/all/function/internal_message.html?_=1713919765971&CODE_STATE=getMsg HTTP/1.1" 200 27
120.253.135.82 - - [24/Apr/2024:08:49:43 +0800] "GET /xingrg/all/function/internal_message.html?_=1713919964631&CODE_STATE=getMsg HTTP/1.1" 200 27
120.253.135.82 - - [24/Apr/2024:08:49:43 +0800] "GET /xingrg/check_reg.html?_=1713919964631 HTTP/1.1" 200 22
116.232.195.13 - - [24/Apr/2024:08:49:43 +0800] "GET /xingrg/all/function/internal_message.html?_=1713919770607&CODE_STATE=getMsg HTTP/1.1" 200 27
116.232.195.13 - - [24/Apr/2024:08:49:47 +0800] "GET /xingrg/all/function/internal_message.html?_=1713919775007&CODE_STATE=getMsg HTTP/1.1" 200 27
222.70.183.82 - - [24/Apr/2024:08:49:53 +0800] "GET /xingrg/kc/buy/cgsh_order_operate.html?command=get_materiel&rest_code=00111&code=00101008113&supplier_code=00100008&order_time=2024-04-24 HTTP/1.1" 200 413
101.83.144.49 - - [24/Apr/2024:08:50:02 +0800] "GET /xingrg/check_reg.html?_=1713919803142 HTTP/1.1" 200 22
101.83.144.49 - - [24/Apr/2024:08:50:02 +0800] "GET /xingrg/all/function/internal_message.html?_=1713919803137&CODE_STATE=getMsg HTTP/1.1" 200 27
222.70.183.82 - - [24/Apr/2024:08:50:12 +0800] "GET /xingrg/kc/buy/cgsh_order_operate.html?command=get_materiel&rest_code=00111&code=00101008357&supplier_code=00100008&order_time=2024-04-24 HTTP/1.1" 200 408
222.70.183.82 - - [24/Apr/2024:08:50:13 +0800] "GET /xingrg/all/function/internal_message.html?_=1713919812121&CODE_STATE=getMsg HTTP/1.1" 200 27
124.78.56.241 - - [24/Apr/2024:08:50:17 +0800] "GET /xingrg/all/function/internal_message.html?_=1713919817265&CODE_STATE=getMsg HTTP/1.1" 200 27
116.224.254.208 - - [24/Apr/2024:08:50:21 +0800] "GET /xingrg/all/function/internal_message.html?_=1713919821368&CODE_STATE=getMsg HTTP/1.1" 200 27
116.224.254.208 - - [24/Apr/2024:08:50:24 +0800] "GET /xingrg/all/function/internal_message.html?_=1713919824450&CODE_STATE=getMsg HTTP/1.1" 200 27
116.232.195.13 - - [24/Apr/2024:08:50:32 +0800] "GET /xingrg/all/function/internal_message.html?_=1713919820160&CODE_STATE=getMsg HTTP/1.1" 200 27
116.232.195.13 - - [24/Apr/2024:08:50:32 +0800] "GET /xingrg/check_reg.html?_=1713919820161 HTTP/1.1" 200 22
180.169.147.146 - - [24/Apr/2024:08:50:37 +0800] "GET /xingrg/all/function/internal_message.html?_=1713919825953&CODE_STATE=getMsg HTTP/1.1" 200 27
222.70.183.82 - - [24/Apr/2024:08:50:39 +0800] "GET /xingrg/kc/buy/cgsh_order_operate.html?command=get_materiel&rest_code=00111&code=00101008358&supplier_code=00100008&order_time=2024-04-24 HTTP/1.1" 200 412
120.253.135.82 - - [24/Apr/2024:08:50:43 +0800] "GET /xingrg/all/function/internal_message.html?_=1713920024635&CODE_STATE=getMsg HTTP/1.1" 200 27
116.232.195.13 - - [24/Apr/2024:08:50:43 +0800] "GET /xingrg/all/function/internal_message.html?_=1713919830609&CODE_STATE=getMsg HTTP/1.1" 200 27
116.232.195.13 - - [24/Apr/2024:08:50:47 +0800] "GET /xingrg/all/function/internal_message.html?_=1713919835018&CODE_STATE=getMsg HTTP/1.1" 200 27
180.169.147.146 - - [24/Apr/2024:08:50:50 +0800] "GET /xingrg/check_reg.html?_=1713919838965 HTTP/1.1" 200 22
222.70.183.82 - - [24/Apr/2024:08:51:01 +0800] "GET /xingrg/kc/buy/cgsh_order_operate.html?command=get_materiel&rest_code=00111&code=00101008355&supplier_code=00100008&order_time=2024-04-24 HTTP/1.1" 200 408
101.83.144.49 - - [24/Apr/2024:08:51:02 +0800] "GET /xingrg/all/function/internal_message.html?_=1713919863142&CODE_STATE=getMsg HTTP/1.1" 200 27
222.70.183.82 - - [24/Apr/2024:08:51:13 +0800] "GET /xingrg/check_reg.html?_=1713919872122 HTTP/1.1" 200 22
222.70.183.82 - - [24/Apr/2024:08:51:13 +0800] "GET /xingrg/all/function/internal_message.html?_=1713919872123&CODE_STATE=getMsg HTTP/1.1" 200 27
101.80.230.31 - - [24/Apr/2024:08:51:14 +0800] "GET /xingrg/servlets/html?sysBaseUrl=http%3A%2F%2F180.169.147.146%3A18081%2Fxingrg%2F&costTime=427×tamp=1713776940689 HTTP/1.1" 200 2933
101.80.230.31 - - [24/Apr/2024:08:51:15 +0800] "GET /xingrg/stylesheet.css HTTP/1.1" 404 1036
222.70.183.82 - - [24/Apr/2024:08:51:15 +0800] "GET /xingrg/kc/buy/cgsh_order_operate.html?command=get_materiel&rest_code=00111&code=00101008321&supplier_code=00100008&order_time=2024-04-24 HTTP/1.1" 200 412
101.80.230.31 - - [24/Apr/2024:08:51:17 +0800] "GET /favicon.ico HTTP/1.1" 404 -
124.78.56.241 - - [24/Apr/2024:08:51:17 +0800] "GET /xingrg/all/function/internal_message.html?_=1713919877249&CODE_STATE=getMsg HTTP/1.1" 200 27
101.80.230.31 - - [24/Apr/2024:08:51:17 +0800] "GET /xingrg/index.html?sysBaseUrl=http%3A%2F%2F180.169.147.146%3A18081%2Fxingrg%2F&costTime=811×tamp=1713747423218 HTTP/1.1" 302 -
101.80.230.31 - - [24/Apr/2024:08:51:17 +0800] "GET /xingrg/login.html HTTP/1.1" 200 7641
101.80.230.31 - - [24/Apr/2024:08:51:18 +0800] "GET /favicon.ico HTTP/1.1" 404 -
116.224.254.208 - - [24/Apr/2024:08:51:21 +0800] "GET /xingrg/all/function/internal_message.html?_=1713919881354&CODE_STATE=getMsg HTTP/1.1" 200 27
116.224.254.208 - - [24/Apr/2024:08:51:24 +0800] "GET /xingrg/all/function/internal_message.html?_=1713919884456&CODE_STATE=getMsg HTTP/1.1" 200 27
116.224.254.208 - - [24/Apr/2024:08:51:24 +0800] "GET /xingrg/check_reg.html?_=1713919884459 HTTP/1.1" 200 22
101.80.230.31 - - [24/Apr/2024:08:51:26 +0800] "POST /xingrg/login.do HTTP/1.1" 302 -
101.80.230.31 - - [24/Apr/2024:08:51:27 +0800] "GET /xingrg/index.html?sysBaseUrl=http%3A%2F%2F180.169.147.146%3A18081%2Fxingrg%2F&costTime=835×tamp=1713919886946 HTTP/1.1" 200 17503
101.80.230.31 - - [24/Apr/2024:08:51:27 +0800] "GET /favicon.ico HTTP/1.1" 404 -
101.80.230.31 - - [24/Apr/2024:08:51:27 +0800] "POST /xingrg/all/common/load_tree.html?tree=area_rest_tree_json&manage=1 HTTP/1.1" 200 2231
101.80.230.31 - - [24/Apr/2024:08:51:27 +0800] "GET /xingrg/check_reg.html?_=1713919891513 HTTP/1.1" 200 22
101.80.230.31 - - [24/Apr/2024:08:51:27 +0800] "GET /xingrg/all/function/internal_message.html?_=1713919891512&CODE_STATE=count HTTP/1.1" 200 11
101.80.230.31 - - [24/Apr/2024:08:51:27 +0800] "POST /xingrg/load_menu.html HTTP/1.1" 200 11564
222.70.183.82 - - [24/Apr/2024:08:51:30 +0800] "GET /xingrg/kc/buy/cgsh_order_operate.html?command=get_materiel&rest_code=00111&code=00101008362&supplier_code=00100008&order_time=2024-04-24 HTTP/1.1" 200 408
116.232.195.13 - - [24/Apr/2024:08:51:32 +0800] "GET /xingrg/all/function/internal_message.html?_=1713919880168&CODE_STATE=getMsg HTTP/1.1" 200 27
180.169.147.146 - - [24/Apr/2024:08:51:37 +0800] "GET /xingrg/all/function/internal_message.html?_=1713919885937&CODE_STATE=getMsg HTTP/1.1" 200 27
120.253.135.82 - - [24/Apr/2024:08:51:43 +0800] "GET /xingrg/all/function/internal_message.html?_=1713920084639&CODE_STATE=getMsg HTTP/1.1" 200 27
116.232.195.13 - - [24/Apr/2024:08:51:43 +0800] "GET /xingrg/check_reg.html?_=1713919890602 HTTP/1.1" 200 22
116.232.195.13 - - [24/Apr/2024:08:51:43 +0800] "GET /xingrg/all/function/internal_message.html?_=1713919890605&CODE_STATE=getMsg HTTP/1.1" 200 27
222.70.183.82 - - [24/Apr/2024:08:51:44 +0800] "GET /xingrg/kc/buy/cgsh_order_operate.html?command=get_materiel&rest_code=00111&code=00101008261&supplier_code=00100008&order_time=2024-04-24 HTTP/1.1" 200 408
116.232.195.13 - - [24/Apr/2024:08:51:47 +0800] "GET /xingrg/all/function/internal_message.html?_=1713919895012&CODE_STATE=getMsg HTTP/1.1" 200 27
222.70.183.82 - - [24/Apr/2024:08:51:57 +0800] "GET /xingrg/kc/buy/cgsh_order_operate.html?command=get_materiel&rest_code=00111&code=00101008059&supplier_code=00100008&order_time=2024-04-24 HTTP/1.1" 200 408
101.80.230.31 - - [24/Apr/2024:08:51:59 +0800] "POST /xingrg/load_menu.html HTTP/1.1" 200 10483
101.80.230.31 - - [24/Apr/2024:08:52:01 +0800] "GET /xingrg/all/report/report_query.html?fileName=dma/new_5.0/yingye/yy_hz.xml&rw=1600 HTTP/1.1" 200 56155
101.80.230.31 - - [24/Apr/2024:08:52:01 +0800] "GET /xingrg/dwr/interface/AjaxReportQueryService.js HTTP/1.1" 200 13203
101.80.230.31 - - [24/Apr/2024:08:52:01 +0800] "GET /xingrg/dwr/util.js HTTP/1.1" 200 35990
101.80.230.31 - - [24/Apr/2024:08:52:01 +0800] "GET /xingrg/dwr/engine.js HTTP/1.1" 200 43631
101.80.230.31 - - [24/Apr/2024:08:52:01 +0800] "POST /xingrg/dwr/call/plaincall/AjaxReportQueryService.getFixDate.dwr HTTP/1.1" 200 111
101.80.230.31 - - [24/Apr/2024:08:52:01 +0800] "POST /xingrg/all/common/load_tree.html?tree=area_station_tree_json&manage=1 HTTP/1.1" 200 2159
101.83.144.49 - - [24/Apr/2024:08:52:02 +0800] "GET /xingrg/all/function/internal_message.html?_=1713919923146&CODE_STATE=getMsg HTTP/1.1" 200 27
101.80.230.31 - - [24/Apr/2024:08:52:03 +0800] "POST /xingrg/dwr/call/plaincall/AjaxReportQueryService.getFixDate.dwr HTTP/1.1" 200 111
101.80.230.31 - - [24/Apr/2024:08:52:05 +0800] "POST /xingrg/dwr/call/plaincall/AjaxReportQueryService.getFixDate.dwr HTTP/1.1" 200 111
101.80.230.31 - - [24/Apr/2024:08:52:06 +0800] "POST /xingrg/dwr/call/plaincall/AjaxReportQueryService.refreshCache.dwr HTTP/1.1" 200 78
101.80.230.31 - - [24/Apr/2024:08:52:07 +0800] "POST /xingrg/all/report/load_report_page.html HTTP/1.1" 200 128091
101.80.230.31 - - [24/Apr/2024:08:52:07 +0800] "GET /xingrg/servlets/image?cache=0.9248050503029004&image=px HTTP/1.1" 200 807
222.70.183.82 - - [24/Apr/2024:08:52:13 +0800] "GET /xingrg/all/function/internal_message.html?_=1713919932308&CODE_STATE=getMsg HTTP/1.1" 200 27
124.78.56.241 - - [24/Apr/2024:08:52:17 +0800] "GET /xingrg/all/function/internal_message.html?_=1713919937231&CODE_STATE=getMsg HTTP/1.1" 200 27
222.70.183.82 - - [24/Apr/2024:08:52:19 +0800] "GET /xingrg/kc/buy/cgsh_order_operate.html?command=get_materiel&rest_code=00111&code=00101008069&supplier_code=00100008&order_time=2024-04-24 HTTP/1.1" 200 412
116.224.254.208 - - [24/Apr/2024:08:52:21 +0800] "GET /xingrg/all/function/internal_message.html?_=1713919941370&CODE_STATE=getMsg HTTP/1.1" 200 27
116.224.254.208 - - [24/Apr/2024:08:52:21 +0800] "GET /xingrg/check_reg.html?_=1713919941373 HTTP/1.1" 200 22
116.224.254.208 - - [24/Apr/2024:08:52:24 +0800] "GET /xingrg/all/function/internal_message.html?_=1713919944451&CODE_STATE=getMsg HTTP/1.1" 200 27
101.80.230.31 - - [24/Apr/2024:08:52:27 +0800] "GET /xingrg/all/function/internal_message.html?_=1713919951525&CODE_STATE=getMsg HTTP/1.1" 200 27
116.232.195.13 - - [24/Apr/2024:08:52:32 +0800] "GET /xingrg/all/function/internal_message.html?_=1713919940162&CODE_STATE=getMsg HTTP/1.1" 200 27
101.80.230.31 - - [24/Apr/2024:08:52:33 +0800] "POST /xingrg/dwr/call/plaincall/AjaxReportQueryService.refreshCache.dwr HTTP/1.1" 200 78
124.78.56.241 - - [24/Apr/2024:08:52:34 +0800] "GET /xingrg/check_reg.html?_=1713919954709 HTTP/1.1" 200 22
101.80.230.31 - - [24/Apr/2024:08:52:35 +0800] "POST /xingrg/all/report/load_report_page.html HTTP/1.1" 200 128174
222.70.183.82 - - [24/Apr/2024:08:52:35 +0800] "POST /xingrg/kc/buy/cgsh_order_operate.html HTTP/1.1" 200 2065
101.80.230.31 - - [24/Apr/2024:08:52:35 +0800] "GET /xingrg/servlets/image?cache=0.47531396949314786&image=px HTTP/1.1" 200 807
180.169.147.146 - - [24/Apr/2024:08:52:37 +0800] "GET /xingrg/all/function/internal_message.html?_=1713919945921&CODE_STATE=getMsg HTTP/1.1" 200 27
222.70.183.82 - - [24/Apr/2024:08:52:41 +0800] "GET /xingrg/kc/buy/cgsh_order_operate.html?command=get_materiel&rest_code=00111&code=00101008131&supplier_code=00100008&order_time=2024-04-24 HTTP/1.1" 200 408
116.232.195.13 - - [24/Apr/2024:08:52:43 +0800] "GET /xingrg/all/function/internal_message.html?_=1713919950608&CODE_STATE=getMsg HTTP/1.1" 200 27
120.253.135.82 - - [24/Apr/2024:08:52:43 +0800] "GET /xingrg/all/function/internal_message.html?_=1713920144644&CODE_STATE=getMsg HTTP/1.1" 200 27
116.232.195.13 - - [24/Apr/2024:08:52:47 +0800] "GET /xingrg/all/function/internal_message.html?_=1713919954997&CODE_STATE=getMsg HTTP/1.1" 200 27
116.232.195.13 - - [24/Apr/2024:08:52:47 +0800] "GET /xingrg/check_reg.html?_=1713919954999 HTTP/1.1" 200 22
101.80.230.31 - - [24/Apr/2024:08:52:53 +0800] "POST /xingrg/dwr/call/plaincall/AjaxReportQueryService.getFixDate.dwr HTTP/1.1" 200 111
101.80.230.31 - - [24/Apr/2024:08:52:55 +0800] "POST /xingrg/dwr/call/plaincall/AjaxReportQueryService.refreshCache.dwr HTTP/1.1" 200 78
101.80.230.31 - - [24/Apr/2024:08:52:56 +0800] "POST /xingrg/all/report/load_report_page.html HTTP/1.1" 200 136951
101.80.230.31 - - [24/Apr/2024:08:52:56 +0800] "GET /xingrg/servlets/image?cache=0.2433154480850157&image=px HTTP/1.1" 200 807
222.70.183.82 - - [24/Apr/2024:08:52:57 +0800] "GET /xingrg/kc/buy/cgsh_order_operate.html?command=get_materiel&rest_code=00111&code=00101008185&supplier_code=00100008&order_time=2024-04-24 HTTP/1.1" 200 408
101.83.144.49 - - [24/Apr/2024:08:53:02 +0800] "GET /xingrg/all/function/internal_message.html?_=1713919983172&CODE_STATE=getMsg HTTP/1.1" 200 27
222.70.183.82 - - [24/Apr/2024:08:53:13 +0800] "GET /xingrg/all/function/internal_message.html?_=1713919992289&CODE_STATE=getMsg HTTP/1.1" 200 27
124.78.56.241 - - [24/Apr/2024:08:53:17 +0800] "GET /xingrg/all/function/internal_message.html?_=1713919997225&CODE_STATE=getMsg HTTP/1.1" 200 27
116.224.254.208 - - [24/Apr/2024:08:53:21 +0800] "GET /xingrg/all/function/internal_message.html?_=1713920001367&CODE_STATE=getMsg HTTP/1.1" 200 27
116.224.254.208 - - [24/Apr/2024:08:53:24 +0800] "GET /xingrg/all/function/internal_message.html?_=1713920004451&CODE_STATE=getMsg HTTP/1.1" 200 27
101.80.230.31 - - [24/Apr/2024:08:53:27 +0800] "GET /xingrg/all/function/internal_message.html?_=1713920011526&CODE_STATE=getMsg HTTP/1.1" 200 27
116.232.195.13 - - [24/Apr/2024:08:53:32 +0800] "GET /xingrg/all/function/internal_message.html?_=1713920000178&CODE_STATE=getMsg HTTP/1.1" 200 27
222.70.183.82 - - [24/Apr/2024:08:53:32 +0800] "GET /xingrg/kc/buy/cgsh_order_operate.html?command=get_materiel&rest_code=00111&code=00101008286&supplier_code=00100008&order_time=2024-04-24 HTTP/1.1" 200 408
180.169.147.146 - - [24/Apr/2024:08:53:37 +0800] "GET /xingrg/all/function/internal_message.html?_=1713920005905&CODE_STATE=getMsg HTTP/1.1" 200 27
116.232.195.13 - - [24/Apr/2024:08:53:43 +0800] "GET /xingrg/all/function/internal_message.html?_=1713920010600&CODE_STATE=getMsg HTTP/1.1" 200 27
120.253.135.82 - - [24/Apr/2024:08:53:43 +0800] "GET /xingrg/all/function/internal_message.html?_=1713920204649&CODE_STATE=getMsg HTTP/1.1" 200 27
116.232.195.13 - - [24/Apr/2024:08:53:47 +0800] "GET /xingrg/all/function/internal_message.html?_=1713920015008&CODE_STATE=getMsg HTTP/1.1" 200 27
120.253.135.82 - - [24/Apr/2024:08:53:48 +0800] "GET /xingrg/kc/pszx/mdps_order_list.html?orderType=0 HTTP/1.1" 200 21033
222.70.183.82 - - [24/Apr/2024:08:53:48 +0800] "GET /xingrg/kc/buy/cgsh_order_operate.html?command=get_materiel&rest_code=00111&code=00101008141&supplier_code=00100008&order_time=2024-04-24 HTTP/1.1" 200 412
120.253.135.82 - - [24/Apr/2024:08:53:48 +0800] "POST /xingrg/kc/pszx/mdps_list_operate.html HTTP/1.1" 200 5270
120.253.135.82 - - [24/Apr/2024:08:53:50 +0800] "GET /xingrg/kc/pszx/mdqp_order_list.html?state=10 HTTP/1.1" 200 10319
120.253.135.82 - - [24/Apr/2024:08:53:50 +0800] "GET /xingrg/dwr/interface/AjaxQqpsService.js HTTP/1.1" 200 16326
120.253.135.82 - - [24/Apr/2024:08:53:50 +0800] "GET /xingrg/dwr/engine.js HTTP/1.1" 200 43631
120.253.135.82 - - [24/Apr/2024:08:53:50 +0800] "GET /xingrg/dwr/interface/AjaxReportQueryService.js HTTP/1.1" 200 13203
120.253.135.82 - - [24/Apr/2024:08:53:51 +0800] "GET /xingrg/kc/pszx/mdps_order_list.html?orderType=0 HTTP/1.1" 200 21033
120.253.135.82 - - [24/Apr/2024:08:53:52 +0800] "POST /xingrg/kc/pszx/mdps_list_operate.html HTTP/1.1" 200 5270
120.253.135.82 - - [24/Apr/2024:08:53:54 +0800] "POST /xingrg/kc/pszx/mdps_list_operate.html HTTP/1.1" 200 205
120.253.135.82 - - [24/Apr/2024:08:53:54 +0800] "GET /xingrg/kc/pszx/mdps_order_info.html?code=312024042400400 HTTP/1.1" 200 23974
120.253.135.82 - - [24/Apr/2024:08:53:55 +0800] "GET /xingrg/javascript/easyui/themes/default/validatebox.css HTTP/1.1" 404 1104
120.253.135.82 - - [24/Apr/2024:08:53:55 +0800] "POST /xingrg/kc/pszx/mdps_order_operate.html HTTP/1.1" 200 2288
120.253.135.82 - - [24/Apr/2024:08:53:58 +0800] "GET /xingrg/kc/print/load_data.html?order_code=312024042400400&kc_code=mdps&condition= HTTP/1.1" 200 686
101.83.144.49 - - [24/Apr/2024:08:54:02 +0800] "GET /xingrg/all/function/internal_message.html?_=1713920043173&CODE_STATE=getMsg HTTP/1.1" 200 27
222.70.183.82 - - [24/Apr/2024:08:54:09 +0800] "GET /xingrg/kc/buy/cgsh_order_operate.html?command=get_materiel&rest_code=00111&code=00101008213&supplier_code=00100008&order_time=2024-04-24 HTTP/1.1" 200 412
222.70.183.82 - - [24/Apr/2024:08:54:13 +0800] "GET /xingrg/all/function/internal_message.html?_=1713920052266&CODE_STATE=getMsg HTTP/1.1" 200 27
124.78.56.241 - - [24/Apr/2024:08:54:17 +0800] "GET /xingrg/all/function/internal_message.html?_=1713920057209&CODE_STATE=getMsg HTTP/1.1" 200 27
116.224.254.208 - - [24/Apr/2024:08:54:21 +0800] "GET /xingrg/all/function/internal_message.html?_=1713920061364&CODE_STATE=getMsg HTTP/1.1" 200 27
222.70.183.82 - - [24/Apr/2024:08:54:24 +0800] "POST /xingrg/kc/buy/cgsh_order_operate.html HTTP/1.1" 200 2065
116.224.254.208 - - [24/Apr/2024:08:54:24 +0800] "GET /xingrg/all/function/internal_message.html?_=1713920064457&CODE_STATE=getMsg HTTP/1.1" 200 27
101.80.230.31 - - [24/Apr/2024:08:54:27 +0800] "GET /xingrg/all/function/internal_message.html?_=1713920071522&CODE_STATE=getMsg HTTP/1.1" 200 27
116.232.195.13 - - [24/Apr/2024:08:54:32 +0800] "GET /xingrg/all/function/internal_message.html?_=1713920060166&CODE_STATE=getMsg HTTP/1.1" 200 27
180.169.147.146 - - [24/Apr/2024:08:54:37 +0800] "GET /xingrg/all/function/internal_message.html?_=1713920065888&CODE_STATE=getMsg HTTP/1.1" 200 27
120.253.135.82 - - [24/Apr/2024:08:54:43 +0800] "GET /xingrg/all/function/internal_message.html?_=1713920264653&CODE_STATE=getMsg HTTP/1.1" 200 27
116.232.195.13 - - [24/Apr/2024:08:54:43 +0800] "GET /xingrg/all/function/internal_message.html?_=1713920070616&CODE_STATE=getMsg HTTP/1.1" 200 27
120.253.135.82 - - [24/Apr/2024:08:54:43 +0800] "GET /xingrg/check_reg.html?_=1713920264654 HTTP/1.1" 200 22
116.232.195.13 - - [24/Apr/2024:08:54:47 +0800] "GET /xingrg/all/function/internal_message.html?_=1713920075017&CODE_STATE=getMsg HTTP/1.1" 200 27
120.253.135.82 - - [24/Apr/2024:08:54:50 +0800] "POST /xingrg/kc/pszx/mdps_order_operate.html HTTP/1.1" 200 37
120.253.135.82 - - [24/Apr/2024:08:54:54 +0800] "POST /xingrg/kc/pszx/mdps_order_operate.html HTTP/1.1" 200 12
120.253.135.82 - - [24/Apr/2024:08:54:56 +0800] "GET /xingrg/kc/pszx/mdps_order_info.html?code=312024042400400 HTTP/1.1" 200 19634
120.253.135.82 - - [24/Apr/2024:08:54:57 +0800] "GET /xingrg/javascript/easyui/themes/default/validatebox.css HTTP/1.1" 404 1104
120.253.135.82 - - [24/Apr/2024:08:54:57 +0800] "POST /xingrg/kc/pszx/mdps_order_operate.html HTTP/1.1" 200 509
222.70.183.82 - - [24/Apr/2024:08:54:59 +0800] "POST /xingrg/kc/buy/cgsh_order_operate.html HTTP/1.1" 200 37
101.83.144.49 - - [24/Apr/2024:08:55:02 +0800] "GET /xingrg/check_reg.html?_=1713920103172 HTTP/1.1" 200 22
101.83.144.49 - - [24/Apr/2024:08:55:02 +0800] "GET /xingrg/all/function/internal_message.html?_=1713920103173&CODE_STATE=getMsg HTTP/1.1" 200 27
222.70.183.82 - - [24/Apr/2024:08:55:10 +0800] "POST /xingrg/kc/buy/cgsh_order_operate.html HTTP/1.1" 200 16237
222.70.183.82 - - [24/Apr/2024:08:55:13 +0800] "GET /xingrg/all/function/internal_message.html?_=1713920112241&CODE_STATE=getMsg HTTP/1.1" 200 27
222.70.183.82 - - [24/Apr/2024:08:55:14 +0800] "GET /xingrg/kc/print/load_config.html?kc_code=cgsh HTTP/1.1" 200 1927
222.70.183.82 - - [24/Apr/2024:08:55:15 +0800] "GET /xingrg/kc/print/load_data.html?order_code=212024042406475&kc_code=cgsh&condition= HTTP/1.1" 200 5792
124.78.56.241 - - [24/Apr/2024:08:55:17 +0800] "GET /xingrg/all/function/internal_message.html?_=1713920117190&CODE_STATE=getMsg HTTP/1.1" 200 27
116.224.254.208 - - [24/Apr/2024:08:55:21 +0800] "GET /xingrg/all/function/internal_message.html?_=1713920121365&CODE_STATE=getMsg HTTP/1.1" 200 27
116.224.254.208 - - [24/Apr/2024:08:55:24 +0800] "GET /xingrg/all/function/internal_message.html?_=1713920124456&CODE_STATE=getMsg HTTP/1.1" 200 27
101.80.230.31 - - [24/Apr/2024:08:55:27 +0800] "GET /xingrg/all/function/internal_message.html?_=1713920131525&CODE_STATE=getMsg HTTP/1.1" 200 27
116.232.195.13 - - [24/Apr/2024:08:55:32 +0800] "GET /xingrg/check_reg.html?_=1713920120158 HTTP/1.1" 200 22
116.232.195.13 - - [24/Apr/2024:08:55:32 +0800] "GET /xingrg/all/function/internal_message.html?_=1713920120159&CODE_STATE=getMsg HTTP/1.1" 200 27
180.169.147.146 - - [24/Apr/2024:08:55:37 +0800] "GET /xingrg/all/function/internal_message.html?_=1713920125871&CODE_STATE=getMsg HTTP/1.1" 200 27
222.70.183.82 - - [24/Apr/2024:08:55:39 +0800] "GET /xingrg/kc/buy/cgsh_order_add.html HTTP/1.1" 200 73989
116.232.195.13 - - [24/Apr/2024:08:55:43 +0800] "GET /xingrg/all/function/internal_message.html?_=1713920130607&CODE_STATE=getMsg HTTP/1.1" 200 27
120.253.135.82 - - [24/Apr/2024:08:55:43 +0800] "GET /xingrg/all/function/internal_message.html?_=1713920324658&CODE_STATE=getMsg HTTP/1.1" 200 27
222.70.183.82 - - [24/Apr/2024:08:55:45 +0800] "GET /xingrg/javascript/easyui/themes/default/validatebox.css HTTP/1.1" 404 1104
222.70.183.82 - - [24/Apr/2024:08:55:45 +0800] "POST /xingrg/kc/buy/cgsh_order_operate.html HTTP/1.1" 200 8245
116.232.195.13 - - [24/Apr/2024:08:55:47 +0800] "GET /xingrg/all/function/internal_message.html?_=1713920135018&CODE_STATE=getMsg HTTP/1.1" 200 27
180.169.147.146 - - [24/Apr/2024:08:55:50 +0800] "GET /xingrg/check_reg.html?_=1713920138944 HTTP/1.1" 200 22
101.83.144.49 - - [24/Apr/2024:08:56:02 +0800] "GET /xingrg/all/function/internal_message.html?_=1713920163171&CODE_STATE=getMsg HTTP/1.1" 200 27
222.70.183.82 - - [24/Apr/2024:08:56:13 +0800] "GET /xingrg/check_reg.html?_=1713920172139 HTTP/1.1" 200 22
222.70.183.82 - - [24/Apr/2024:08:56:14 +0800] "GET /xingrg/all/function/internal_message.html?_=1713920172487&CODE_STATE=getMsg HTTP/1.1" 200 27
124.78.56.241 - - [24/Apr/2024:08:56:17 +0800] "GET /xingrg/all/function/internal_message.html?_=1713920177174&CODE_STATE=getMsg HTTP/1.1" 200 27
124.78.56.241 - - [24/Apr/2024:08:56:20 +0800] "POST /xingrg/services/DataTransmitService HTTP/1.1" 200 524
116.224.254.208 - - [24/Apr/2024:08:56:21 +0800] "GET /xingrg/all/function/internal_message.html?_=1713920181361&CODE_STATE=getMsg HTTP/1.1" 200 27
116.224.254.208 - - [24/Apr/2024:08:56:24 +0800] "GET /xingrg/all/function/internal_message.html?_=1713920184453&CODE_STATE=getMsg HTTP/1.1" 200 27
116.224.254.208 - - [24/Apr/2024:08:56:24 +0800] "GET /xingrg/check_reg.html?_=1713920184454 HTTP/1.1" 200 22
101.80.230.31 - - [24/Apr/2024:08:56:27 +0800] "GET /xingrg/check_reg.html?_=1713920191524 HTTP/1.1" 200 22
101.80.230.31 - - [24/Apr/2024:08:56:27 +0800] "GET /xingrg/all/function/internal_message.html?_=1713920191527&CODE_STATE=getMsg HTTP/1.1" 200 27
116.232.195.13 - - [24/Apr/2024:08:56:32 +0800] "GET /xingrg/all/function/internal_message.html?_=1713920180164&CODE_STATE=getMsg HTTP/1.1" 200 27
180.169.147.146 - - [24/Apr/2024:08:56:37 +0800] "GET /xingrg/all/function/internal_message.html?_=1713920185854&CODE_STATE=getMsg HTTP/1.1" 200 27
116.232.195.13 - - [24/Apr/2024:08:56:43 +0800] "GET /xingrg/check_reg.html?_=1713920190599 HTTP/1.1" 200 22
116.232.195.13 - - [24/Apr/2024:08:56:43 +0800] "GET /xingrg/all/function/internal_message.html?_=1713920190602&CODE_STATE=getMsg HTTP/1.1" 200 27
120.253.135.82 - - [24/Apr/2024:08:56:43 +0800] "GET /xingrg/all/function/internal_message.html?_=1713920384662&CODE_STATE=getMsg HTTP/1.1" 200 27
116.232.195.13 - - [24/Apr/2024:08:56:47 +0800] "GET /xingrg/all/function/internal_message.html?_=1713920195006&CODE_STATE=getMsg HTTP/1.1" 200 27
120.253.135.82 - - [24/Apr/2024:08:56:58 +0800] "GET /xingrg/kc/pszx/mdps_order_list.html?orderType=0 HTTP/1.1" 200 21033
120.253.135.82 - - [24/Apr/2024:08:56:58 +0800] "POST /xingrg/kc/pszx/mdps_list_operate.html HTTP/1.1" 200 5279
101.83.144.49 - - [24/Apr/2024:08:57:02 +0800] "GET /xingrg/all/function/internal_message.html?_=1713920223172&CODE_STATE=getMsg HTTP/1.1" 200 27
222.70.183.82 - - [24/Apr/2024:08:57:06 +0800] "GET /xingrg/kc/buy/cgsh_order_operate.html?command=get_materiel&rest_code=00111&code=00101006087&supplier_code=00100096&order_time=2024-04-24 HTTP/1.1" 200 409
222.70.183.82 - - [24/Apr/2024:08:57:13 +0800] "GET /xingrg/all/function/internal_message.html?_=1713920232468&CODE_STATE=getMsg HTTP/1.1" 200 27
124.78.56.241 - - [24/Apr/2024:08:57:17 +0800] "GET /xingrg/all/function/internal_message.html?_=1713920237148&CODE_STATE=getMsg HTTP/1.1" 200 27
116.224.254.208 - - [24/Apr/2024:08:57:21 +0800] "GET /xingrg/all/function/internal_message.html?_=1713920241372&CODE_STATE=getMsg HTTP/1.1" 200 27
116.224.254.208 - - [24/Apr/2024:08:57:21 +0800] "GET /xingrg/check_reg.html?_=1713920241376 HTTP/1.1" 200 22
116.224.254.208 - - [24/Apr/2024:08:57:24 +0800] "GET /xingrg/all/function/internal_message.html?_=1713920244454&CODE_STATE=getMsg HTTP/1.1" 200 27
120.253.135.82 - - [24/Apr/2024:08:57:24 +0800] "POST /xingrg/kc/pszx/mdps_list_operate.html HTTP/1.1" 200 359
120.253.135.82 - - [24/Apr/2024:08:57:25 +0800] "GET /xingrg/kc/pszx/mdps_order_info.html?code=312024042400396 HTTP/1.1" 200 23980
120.253.135.82 - - [24/Apr/2024:08:57:25 +0800] "GET /xingrg/words/20240423200903_words.js HTTP/1.1" 304 -
120.253.135.82 - - [24/Apr/2024:08:57:25 +0800] "GET /xingrg/javascript/easyui/themes/default/validatebox.css HTTP/1.1" 404 1104
120.253.135.82 - - [24/Apr/2024:08:57:25 +0800] "GET /xingrg/all/common/auto_word.html?type=base&rest_code=00101 HTTP/1.1" 200 671
120.253.135.82 - - [24/Apr/2024:08:57:25 +0800] "POST /xingrg/kc/pszx/mdps_order_operate.html HTTP/1.1" 200 3265
101.80.230.31 - - [24/Apr/2024:08:57:27 +0800] "GET /xingrg/all/function/internal_message.html?_=1713920251526&CODE_STATE=getMsg HTTP/1.1" 200 27
116.232.195.13 - - [24/Apr/2024:08:57:32 +0800] "GET /xingrg/all/function/internal_message.html?_=1713920240180&CODE_STATE=getMsg HTTP/1.1" 200 27
124.78.56.241 - - [24/Apr/2024:08:57:34 +0800] "GET /xingrg/check_reg.html?_=1713920254688 HTTP/1.1" 200 22
180.169.147.146 - - [24/Apr/2024:08:57:37 +0800] "GET /xingrg/all/function/internal_message.html?_=1713920245864&CODE_STATE=getMsg HTTP/1.1" 200 27
116.232.195.13 - - [24/Apr/2024:08:57:43 +0800] "GET /xingrg/all/function/internal_message.html?_=1713920250608&CODE_STATE=getMsg HTTP/1.1" 200 27
120.253.135.82 - - [24/Apr/2024:08:57:43 +0800] "GET /xingrg/all/function/internal_message.html?_=1713920444667&CODE_STATE=getMsg HTTP/1.1" 200 27
116.232.195.13 - - [24/Apr/2024:08:57:47 +0800] "GET /xingrg/check_reg.html?_=1713920255012 HTTP/1.1" 200 22
116.232.195.13 - - [24/Apr/2024:08:57:47 +0800] "GET /xingrg/all/function/internal_message.html?_=1713920255013&CODE_STATE=getMsg HTTP/1.1" 200 27
222.70.183.82 - - [24/Apr/2024:08:57:48 +0800] "GET /xingrg/kc/buy/cgsh_order_operate.html?command=get_materiel&rest_code=00111&code=00101006129&supplier_code=00100096&order_time=2024-04-24 HTTP/1.1" 200 439
101.83.144.49 - - [24/Apr/2024:08:58:02 +0800] "GET /xingrg/all/function/internal_message.html?_=1713920283175&CODE_STATE=getMsg HTTP/1.1" 200 27
222.70.245.31 - - [24/Apr/2024:08:58:05 +0800] "POST /xingrg/services/DataTransmitService HTTP/1.1" 200 524
222.70.183.82 - - [24/Apr/2024:08:58:13 +0800] "GET /xingrg/all/function/internal_message.html?_=1713920292451&CODE_STATE=getMsg HTTP/1.1" 200 27
222.70.183.82 - - [24/Apr/2024:08:58:14 +0800] "GET /xingrg/kc/buy/cgsh_order_operate.html?command=get_materiel&rest_code=00111&code=00101006240&supplier_code=00100096&order_time=2024-04-24 HTTP/1.1" 200 422
124.78.56.241 - - [24/Apr/2024:08:58:17 +0800] "GET /xingrg/all/function/internal_message.html?_=1713920297137&CODE_STATE=getMsg HTTP/1.1" 200 27
116.224.254.208 - - [24/Apr/2024:08:58:21 +0800] "GET /xingrg/all/function/internal_message.html?_=1713920301365&CODE_STATE=getMsg HTTP/1.1" 200 27
116.224.254.208 - - [24/Apr/2024:08:58:24 +0800] "GET /xingrg/all/function/internal_message.html?_=1713920304454&CODE_STATE=getMsg HTTP/1.1" 200 27
101.80.230.31 - - [24/Apr/2024:08:58:27 +0800] "GET /xingrg/all/function/internal_message.html?_=1713920311527&CODE_STATE=getMsg HTTP/1.1" 200 27
120.253.135.82 - - [24/Apr/2024:08:58:29 +0800] "GET /xingrg/check_reg.html?_=1713920156583 HTTP/1.1" 200 22
116.232.195.13 - - [24/Apr/2024:08:58:32 +0800] "GET /xingrg/all/function/internal_message.html?_=1713920300174&CODE_STATE=getMsg HTTP/1.1" 200 27
222.70.183.82 - - [24/Apr/2024:08:58:35 +0800] "GET /xingrg/kc/buy/cgsh_order_operate.html?command=get_materiel&rest_code=00111&code=00101006111&supplier_code=00100096&order_time=2024-04-24 HTTP/1.1" 200 409
180.169.147.146 - - [24/Apr/2024:08:58:37 +0800] "GET /xingrg/all/function/internal_message.html?_=1713920305847&CODE_STATE=getMsg HTTP/1.1" 200 27
116.232.195.13 - - [24/Apr/2024:08:58:43 +0800] "GET /xingrg/all/function/internal_message.html?_=1713920310601&CODE_STATE=getMsg HTTP/1.1" 200 27
120.253.135.82 - - [24/Apr/2024:08:58:43 +0800] "GET /xingrg/all/function/internal_message.html?_=1713920504672&CODE_STATE=getMsg HTTP/1.1" 200 27
222.70.183.82 - - [24/Apr/2024:08:58:47 +0800] "GET /xingrg/kc/buy/cgsh_order_operate.html?command=get_materiel&rest_code=00111&code=00101006025&supplier_code=00100096&order_time=2024-04-24 HTTP/1.1" 200 417
116.232.195.13 - - [24/Apr/2024:08:58:47 +0800] "GET /xingrg/all/function/internal_message.html?_=1713920315004&CODE_STATE=getMsg HTTP/1.1" 200 27
101.83.144.49 - - [24/Apr/2024:08:59:02 +0800] "GET /xingrg/all/function/internal_message.html?_=1713920343174&CODE_STATE=getMsg HTTP/1.1" 200 27
222.70.183.82 - - [24/Apr/2024:08:59:13 +0800] "GET /xingrg/all/function/internal_message.html?_=1713920352429&CODE_STATE=getMsg HTTP/1.1" 200 27
124.78.56.241 - - [24/Apr/2024:08:59:17 +0800] "GET /xingrg/all/function/internal_message.html?_=1713920357116&CODE_STATE=getMsg HTTP/1.1" 200 27
222.70.183.82 - - [24/Apr/2024:08:59:18 +0800] "GET /xingrg/kc/buy/cgsh_order_operate.html?command=get_materiel&rest_code=00111&code=00101007022&supplier_code=00100096&order_time=2024-04-24 HTTP/1.1" 200 415
116.224.254.208 - - [24/Apr/2024:08:59:21 +0800] "GET /xingrg/all/function/internal_message.html?_=1713920361356&CODE_STATE=getMsg HTTP/1.1" 200 27
116.224.254.208 - - [24/Apr/2024:08:59:24 +0800] "GET /xingrg/all/function/internal_message.html?_=1713920364453&CODE_STATE=getMsg HTTP/1.1" 200 27
101.80.230.31 - - [24/Apr/2024:08:59:27 +0800] "GET /xingrg/all/function/internal_message.html?_=1713920371527&CODE_STATE=getMsg HTTP/1.1" 200 27
116.232.195.13 - - [24/Apr/2024:08:59:32 +0800] "GET /xingrg/all/function/internal_message.html?_=1713920360165&CODE_STATE=getMsg HTTP/1.1" 200 27
120.253.135.82 - - [24/Apr/2024:08:59:33 +0800] "POST /xingrg/kc/pszx/mdps_list_operate.html HTTP/1.1" 200 5279
180.169.147.146 - - [24/Apr/2024:08:59:37 +0800] "GET /xingrg/all/function/internal_message.html?_=1713920365831&CODE_STATE=getMsg HTTP/1.1" 200 27
116.232.195.13 - - [24/Apr/2024:08:59:43 +0800] "GET /xingrg/all/function/internal_message.html?_=1713920370619&CODE_STATE=getMsg HTTP/1.1" 200 27
120.253.135.82 - - [24/Apr/2024:08:59:43 +0800] "GET /xingrg/check_reg.html?_=1713920564679 HTTP/1.1" 200 22
120.253.135.82 - - [24/Apr/2024:08:59:43 +0800] "GET /xingrg/all/function/internal_message.html?_=1713920564676&CODE_STATE=getMsg HTTP/1.1" 200 27
116.232.195.13 - - [24/Apr/2024:08:59:47 +0800] "GET /xingrg/all/function/internal_message.html?_=1713920375012&CODE_STATE=getMsg HTTP/1.1" 200 27
120.253.135.82 - - [24/Apr/2024:08:59:50 +0800] "POST /xingrg/kc/pszx/mdps_list_operate.html HTTP/1.1" 200 1940
120.253.135.82 - - [24/Apr/2024:08:59:53 +0800] "POST /xingrg/kc/pszx/mdps_list_operate.html HTTP/1.1" 200 5390
120.253.135.82 - - [24/Apr/2024:08:59:55 +0800] "POST /xingrg/kc/pszx/mdps_list_operate.html HTTP/1.1" 200 217
120.253.135.82 - - [24/Apr/2024:08:59:55 +0800] "GET /xingrg/kc/pszx/mdps_order_info.html?code=312024042100353 HTTP/1.1" 200 23978
120.253.135.82 - - [24/Apr/2024:08:59:56 +0800] "GET /xingrg/javascript/easyui/themes/default/validatebox.css HTTP/1.1" 404 1104
120.253.135.82 - - [24/Apr/2024:08:59:56 +0800] "GET /xingrg/all/common/auto_word.html?type=base&rest_code=00101 HTTP/1.1" 200 671
120.253.135.82 - - [24/Apr/2024:08:59:56 +0800] "POST /xingrg/kc/pszx/mdps_order_operate.html HTTP/1.1" 200 2299
222.70.183.82 - - [24/Apr/2024:08:59:58 +0800] "POST /xingrg/kc/buy/cgsh_order_operate.html HTTP/1.1" 200 37
120.253.135.82 - - [24/Apr/2024:09:00:01 +0800] "POST /xingrg/kc/pszx/mdps_order_operate.html HTTP/1.1" 200 37
101.83.144.49 - - [24/Apr/2024:09:00:02 +0800] "GET /xingrg/check_reg.html?_=1713920403169 HTTP/1.1" 200 22
101.83.144.49 - - [24/Apr/2024:09:00:02 +0800] "GET /xingrg/all/function/internal_message.html?_=1713920403173&CODE_STATE=getMsg HTTP/1.1" 200 27
120.253.135.82 - - [24/Apr/2024:09:00:05 +0800] "POST /xingrg/kc/pszx/mdps_order_operate.html HTTP/1.1" 200 12
120.253.135.82 - - [24/Apr/2024:09:00:06 +0800] "GET /xingrg/kc/pszx/mdps_order_info.html?code=312024042100353 HTTP/1.1" 200 19636
120.253.135.82 - - [24/Apr/2024:09:00:06 +0800] "GET /xingrg/javascript/easyui/themes/default/validatebox.css HTTP/1.1" 404 1104
120.253.135.82 - - [24/Apr/2024:09:00:07 +0800] "POST /xingrg/kc/pszx/mdps_order_operate.html HTTP/1.1" 200 520
120.253.135.82 - - [24/Apr/2024:09:00:08 +0800] "POST /xingrg/kc/pszx/mdps_list_operate.html HTTP/1.1" 200 5203
124.78.56.241 - - [24/Apr/2024:09:00:17 +0800] "GET /xingrg/all/function/internal_message.html?_=1713920417094&CODE_STATE=getMsg HTTP/1.1" 200 27
116.224.254.208 - - [24/Apr/2024:09:00:21 +0800] "GET /xingrg/all/function/internal_message.html?_=1713920421367&CODE_STATE=getMsg HTTP/1.1" 200 27
116.224.254.208 - - [24/Apr/2024:09:00:24 +0800] "GET /xingrg/all/function/internal_message.html?_=1713920424450&CODE_STATE=getMsg HTTP/1.1" 200 27
120.253.135.82 - - [24/Apr/2024:09:00:27 +0800] "POST /xingrg/kc/pszx/mdps_list_operate.html HTTP/1.1" 200 5220
101.80.230.31 - - [24/Apr/2024:09:00:27 +0800] "GET /xingrg/all/function/internal_message.html?_=1713920431528&CODE_STATE=getMsg HTTP/1.1" 200 27
120.253.135.82 - - [24/Apr/2024:09:00:29 +0800] "POST /xingrg/kc/pszx/mdps_list_operate.html HTTP/1.1" 200 595
120.253.135.82 - - [24/Apr/2024:09:00:30 +0800] "GET /xingrg/kc/pszx/mdps_order_info.html?code=312024042200383 HTTP/1.1" 200 23982
120.253.135.82 - - [24/Apr/2024:09:00:30 +0800] "GET /xingrg/javascript/easyui/themes/default/validatebox.css HTTP/1.1" 404 1104
