180.169.147.146 - - [24/Apr/2024:11:46:58 +0800] "POST /xingrg/kc/buy/cgsh_list_operate.html HTTP/1.1" 200 4297
114.85.36.201 - - [24/Apr/2024:11:47:00 +0800] "GET /xingrg/all/function/internal_message.html?_=1713928817487&CODE_STATE=getMsg HTTP/1.1" 200 27
101.83.144.49 - - [24/Apr/2024:11:47:08 +0800] "GET /xingrg/all/function/internal_message.html?_=1713930428841&CODE_STATE=getMsg HTTP/1.1" 200 27
180.163.29.234 - - [24/Apr/2024:11:47:08 +0800] "GET /xingrg/all/function/internal_message.html?_=1713927113245&CODE_STATE=getMsg HTTP/1.1" 302 -
180.163.29.234 - - [24/Apr/2024:11:47:09 +0800] "GET /xingrg/login.html HTTP/1.1" 200 7641
116.237.79.12 - - [24/Apr/2024:11:47:09 +0800] "GET /xingrg/all/function/internal_message.html?_=1713930429213&CODE_STATE=getMsg HTTP/1.1" 200 27
116.237.79.12 - - [24/Apr/2024:11:47:09 +0800] "GET /xingrg/check_reg.html?_=1713930429701 HTTP/1.1" 200 22
101.83.144.49 - - [24/Apr/2024:11:47:09 +0800] "GET /xingrg/check_reg.html?_=1713930430118 HTTP/1.1" 200 22
124.78.56.241 - - [24/Apr/2024:11:47:12 +0800] "POST /xingrg/kc/buy/cgsh_order_operate.html HTTP/1.1" 200 8245
124.78.56.241 - - [24/Apr/2024:11:47:13 +0800] "GET /xingrg/javascript/easyui/themes/default/validatebox.css HTTP/1.1" 404 1104
116.237.79.12 - - [24/Apr/2024:11:47:15 +0800] "GET /xingrg/all/function/internal_message.html?_=1713930435343&CODE_STATE=getMsg HTTP/1.1" 200 27
124.78.56.241 - - [24/Apr/2024:11:47:15 +0800] "GET /xingrg/all/function/internal_message.html?_=1713930435782&CODE_STATE=getMsg HTTP/1.1" 200 27
116.224.254.208 - - [24/Apr/2024:11:47:16 +0800] "GET /xingrg/all/function/internal_message.html?_=1713930436544&CODE_STATE=getMsg HTTP/1.1" 200 27
116.237.79.12 - - [24/Apr/2024:11:47:18 +0800] "GET /xingrg/kc/buy/cgsh_order_operate.html?command=get_materiel&rest_code=00106&code=00101008576&supplier_code=00100487&order_time=2024-04-24 HTTP/1.1" 200 416
180.164.1.25 - - [24/Apr/2024:11:47:19 +0800] "GET /xingrg/check_reg.html?_=1713930438854 HTTP/1.1" 200 22
180.164.1.25 - - [24/Apr/2024:11:47:19 +0800] "GET /xingrg/all/function/internal_message.html?_=1713930438854&CODE_STATE=getMsg HTTP/1.1" 200 27
180.164.1.25 - - [24/Apr/2024:11:47:19 +0800] "GET /xingrg/kc/buy/cgsh_order_operate.html?command=get_materiel&rest_code=00108&code=00101004124&supplier_code=00100090&order_time=2024-04-24 HTTP/1.1" 200 412
101.80.230.31 - - [24/Apr/2024:11:47:23 +0800] "GET /xingrg/all/function/internal_message.html?_=1713930447929&CODE_STATE=getMsg HTTP/1.1" 200 27
116.224.254.208 - - [24/Apr/2024:11:47:24 +0800] "GET /xingrg/all/function/internal_message.html?_=1713930444513&CODE_STATE=getMsg HTTP/1.1" 200 27
124.78.56.241 - - [24/Apr/2024:11:47:25 +0800] "GET /xingrg/kc/buy/cgsh_order_operate.html?command=get_materiel&rest_code=00141&code=00101010785&supplier_code=00100547&order_time=2024-04-24 HTTP/1.1" 200 461
180.169.147.146 - - [24/Apr/2024:11:47:34 +0800] "GET /xingrg/all/function/internal_message.html?_=1713930443074&CODE_STATE=getMsg HTTP/1.1" 200 27
124.78.56.241 - - [24/Apr/2024:11:47:34 +0800] "GET /xingrg/check_reg.html?_=1713930454648 HTTP/1.1" 200 22
180.164.1.25 - - [24/Apr/2024:11:47:34 +0800] "GET /xingrg/kc/buy/cgsh_order_operate.html?command=get_materiel&rest_code=00108&code=00101001037&supplier_code=00100090&order_time=2024-04-24 HTTP/1.1" 200 418
114.89.74.27 - - [24/Apr/2024:11:47:38 +0800] "GET /xingrg/check_reg.html?_=1713930461032 HTTP/1.1" 200 22
221.239.169.251 - - [24/Apr/2024:11:47:42 +0800] "GET /xingrg/all/function/internal_message.html?_=1713930459902&CODE_STATE=getMsg HTTP/1.1" 200 27
116.232.195.13 - - [24/Apr/2024:11:47:45 +0800] "GET /xingrg/all/function/internal_message.html?_=1713930452209&CODE_STATE=getMsg HTTP/1.1" 200 27
222.70.183.82 - - [24/Apr/2024:11:47:45 +0800] "GET /xingrg/all/function/internal_message.html?_=1713930464192&CODE_STATE=getMsg HTTP/1.1" 200 27
180.164.1.25 - - [24/Apr/2024:11:47:46 +0800] "GET /xingrg/kc/buy/cgsh_order_operate.html?command=get_materiel&rest_code=00108&code=00101001140&supplier_code=00100090&order_time=2024-04-24 HTTP/1.1" 200 417
124.78.56.241 - - [24/Apr/2024:11:47:46 +0800] "GET /xingrg/kc/buy/cgsh_order_operate.html?command=get_materiel&rest_code=00141&code=00101007013&supplier_code=00100547&order_time=2024-04-24 HTTP/1.1" 200 424
116.237.79.12 - - [24/Apr/2024:11:47:50 +0800] "GET /xingrg/kc/buy/cgsh_order_operate.html?command=get_materiel&rest_code=00106&code=00101012102&supplier_code=00100487&order_time=2024-04-24 HTTP/1.1" 200 418
222.69.135.140 - - [24/Apr/2024:11:47:51 +0800] "GET /xingrg/check_reg.html?_=1713930471390 HTTP/1.1" 200 22
222.69.135.140 - - [24/Apr/2024:11:47:51 +0800] "GET /xingrg/all/function/internal_message.html?_=1713930471393&CODE_STATE=getMsg HTTP/1.1" 200 27
116.237.79.12 - - [24/Apr/2024:11:47:57 +0800] "GET /xingrg/all/function/internal_message.html?_=1713930472073&CODE_STATE=getMsg HTTP/1.1" 200 27
180.164.1.25 - - [24/Apr/2024:11:47:58 +0800] "GET /xingrg/kc/buy/cgsh_order_operate.html?command=get_materiel&rest_code=00108&code=00101005088&supplier_code=00100090&order_time=2024-04-24 HTTP/1.1" 200 414
114.85.36.201 - - [24/Apr/2024:11:48:00 +0800] "GET /xingrg/all/function/internal_message.html?_=1713928877478&CODE_STATE=getMsg HTTP/1.1" 200 27
116.237.79.12 - - [24/Apr/2024:11:48:08 +0800] "POST /xingrg/kc/buy/cgsh_order_operate.html HTTP/1.1" 200 37
101.83.144.49 - - [24/Apr/2024:11:48:08 +0800] "GET /xingrg/all/function/internal_message.html?_=1713930488822&CODE_STATE=getMsg HTTP/1.1" 200 27
180.164.1.25 - - [24/Apr/2024:11:48:12 +0800] "POST /xingrg/kc/buy/cgsh_order_operate.html HTTP/1.1" 200 88
180.169.147.146 - - [24/Apr/2024:11:48:12 +0800] "POST /xingrg/kc/buy/cgsh_list_operate.html HTTP/1.1" 200 4
116.237.79.12 - - [24/Apr/2024:11:48:15 +0800] "GET /xingrg/all/function/internal_message.html?_=1713930495328&CODE_STATE=getMsg HTTP/1.1" 200 27
116.224.254.208 - - [24/Apr/2024:11:48:16 +0800] "GET /xingrg/all/function/internal_message.html?_=1713930496540&CODE_STATE=getMsg HTTP/1.1" 200 27
116.237.79.12 - - [24/Apr/2024:11:48:17 +0800] "POST /xingrg/kc/buy/cgsh_order_operate.html HTTP/1.1" 200 12
180.164.1.25 - - [24/Apr/2024:11:48:19 +0800] "GET /xingrg/all/function/internal_message.html?_=1713930498891&CODE_STATE=getMsg HTTP/1.1" 200 27
116.237.79.12 - - [24/Apr/2024:11:48:20 +0800] "GET /xingrg/kc/buy/cgsh_order_info.html?code=212024042406593 HTTP/1.1" 200 68909
116.237.79.12 - - [24/Apr/2024:11:48:20 +0800] "GET /xingrg/javascript/easyui/themes/default/validatebox.css HTTP/1.1" 404 1104
180.164.1.25 - - [24/Apr/2024:11:48:22 +0800] "POST /xingrg/kc/buy/cgsh_order_operate.html HTTP/1.1" 200 37
116.237.79.12 - - [24/Apr/2024:11:48:22 +0800] "POST /xingrg/kc/buy/cgsh_order_operate.html HTTP/1.1" 200 1803
101.80.230.31 - - [24/Apr/2024:11:48:23 +0800] "GET /xingrg/all/function/internal_message.html?_=1713930507931&CODE_STATE=getMsg HTTP/1.1" 200 27
180.164.1.25 - - [24/Apr/2024:11:48:24 +0800] "POST /xingrg/kc/buy/cgsh_order_operate.html HTTP/1.1" 200 4452
116.224.254.208 - - [24/Apr/2024:11:48:24 +0800] "GET /xingrg/all/function/internal_message.html?_=1713930504516&CODE_STATE=getMsg HTTP/1.1" 200 27
116.237.79.12 - - [24/Apr/2024:11:48:25 +0800] "GET /xingrg/kc/print/load_data.html?order_code=212024042406593&kc_code=cgsh&condition= HTTP/1.1" 200 1170
180.164.1.25 - - [24/Apr/2024:11:48:27 +0800] "GET /xingrg/kc/print/load_data.html?order_code=212024042406595&kc_code=cgsh&condition= HTTP/1.1" 200 1455
116.237.79.12 - - [24/Apr/2024:11:48:32 +0800] "GET /xingrg/kc/buy/cgsh_order_add.html HTTP/1.1" 200 74027
124.78.56.241 - - [24/Apr/2024:11:48:32 +0800] "POST /xingrg/kc/buy/cgsh_order_operate.html HTTP/1.1" 200 37
116.237.79.12 - - [24/Apr/2024:11:48:32 +0800] "POST /xingrg/kc/buy/cgsh_order_operate.html HTTP/1.1" 200 8245
116.237.79.12 - - [24/Apr/2024:11:48:32 +0800] "GET /xingrg/javascript/easyui/themes/default/validatebox.css HTTP/1.1" 404 1104
116.237.79.12 - - [24/Apr/2024:11:48:34 +0800] "GET /xingrg/javascript/easyui/themes/default/tree.css HTTP/1.1" 404 1090
180.169.147.146 - - [24/Apr/2024:11:48:34 +0800] "GET /xingrg/all/function/internal_message.html?_=1713930503055&CODE_STATE=getMsg HTTP/1.1" 200 27
116.224.254.208 - - [24/Apr/2024:11:48:35 +0800] "GET /xingrg/kc/base/wldb_order_add.html HTTP/1.1" 200 30388
116.237.79.12 - - [24/Apr/2024:11:48:35 +0800] "POST /xingrg/all/common/load_tree.html?tree=supplier_tree_json&isDelete=1 HTTP/1.1" 200 79499
116.224.254.208 - - [24/Apr/2024:11:48:35 +0800] "POST /xingrg/kc/base/wldb_order_operate.html HTTP/1.1" 200 6806
116.224.254.208 - - [24/Apr/2024:11:48:35 +0800] "GET /xingrg/javascript/easyui/themes/default/validatebox.css HTTP/1.1" 404 1104
180.164.1.25 - - [24/Apr/2024:11:48:39 +0800] "GET /xingrg/kc/buy/cgsh_order_add.html HTTP/1.1" 200 74126
180.164.1.25 - - [24/Apr/2024:11:48:39 +0800] "POST /xingrg/kc/buy/cgsh_order_operate.html HTTP/1.1" 200 8245
180.164.1.25 - - [24/Apr/2024:11:48:39 +0800] "GET /xingrg/javascript/easyui/themes/default/validatebox.css HTTP/1.1" 404 1104
124.78.56.241 - - [24/Apr/2024:11:48:40 +0800] "POST /xingrg/kc/buy/cgsh_order_operate.html HTTP/1.1" 200 12
221.239.169.251 - - [24/Apr/2024:11:48:42 +0800] "GET /xingrg/all/function/internal_message.html?_=1713930519901&CODE_STATE=getMsg HTTP/1.1" 200 27
221.239.169.251 - - [24/Apr/2024:11:48:42 +0800] "GET /xingrg/check_reg.html?_=1713930519902 HTTP/1.1" 200 22
124.78.56.241 - - [24/Apr/2024:11:48:43 +0800] "GET /xingrg/kc/buy/cgsh_order_info.html?code=212024042406596 HTTP/1.1" 200 68897
124.78.56.241 - - [24/Apr/2024:11:48:43 +0800] "GET /xingrg/javascript/easyui/themes/default/validatebox.css HTTP/1.1" 404 1104
124.78.56.241 - - [24/Apr/2024:11:48:44 +0800] "POST /xingrg/kc/buy/cgsh_order_operate.html HTTP/1.1" 200 1253
116.232.195.13 - - [24/Apr/2024:11:48:45 +0800] "GET /xingrg/all/function/internal_message.html?_=1713930512218&CODE_STATE=getMsg HTTP/1.1" 200 27
222.70.183.82 - - [24/Apr/2024:11:48:45 +0800] "GET /xingrg/all/function/internal_message.html?_=1713930524178&CODE_STATE=getMsg HTTP/1.1" 200 27
116.224.254.208 - - [24/Apr/2024:11:48:46 +0800] "GET /xingrg/kc/base/wldb_order_operate.html?command=get_materiel&rest_code=00150&base_code=0010445&code=00101019063 HTTP/1.1" 200 462
180.164.1.25 - - [24/Apr/2024:11:48:48 +0800] "GET /xingrg/kc/buy/cgsh_order_operate.html?command=get_materiel&rest_code=00108&code=00101002002&supplier_code=00100087&order_time=2024-04-24 HTTP/1.1" 200 420
124.78.56.241 - - [24/Apr/2024:11:48:49 +0800] "GET /xingrg/kc/print/load_data.html?order_code=212024042406596&kc_code=cgsh&condition= HTTP/1.1" 200 967
180.169.147.146 - - [24/Apr/2024:11:48:50 +0800] "POST /xingrg/kc/buy/cgsh_list_operate.html HTTP/1.1" 200 4225
222.69.135.140 - - [24/Apr/2024:11:48:51 +0800] "GET /xingrg/all/function/internal_message.html?_=1713930531393&CODE_STATE=getMsg HTTP/1.1" 200 27
116.237.79.12 - - [24/Apr/2024:11:48:56 +0800] "GET /xingrg/check_reg.html?_=1713930531669 HTTP/1.1" 200 22
124.78.56.241 - - [24/Apr/2024:11:48:56 +0800] "GET /xingrg/javascript/easyui/themes/default/validatebox.css HTTP/1.1" 404 1104
124.78.56.241 - - [24/Apr/2024:11:48:57 +0800] "POST /xingrg/kc/buy/cgsh_order_operate.html HTTP/1.1" 200 8245
116.237.79.12 - - [24/Apr/2024:11:48:57 +0800] "GET /xingrg/all/function/internal_message.html?_=1713930532049&CODE_STATE=getMsg HTTP/1.1" 200 27
116.224.254.208 - - [24/Apr/2024:11:48:58 +0800] "GET /xingrg/kc/base/wldb_order_operate.html?command=get_materiel&rest_code=00150&base_code=0010445&code=00101019306 HTTP/1.1" 200 479
116.237.79.12 - - [24/Apr/2024:11:48:59 +0800] "GET /xingrg/kc/buy/cgsh_order_operate.html?command=get_materiel&rest_code=00106&code=00101010607&supplier_code=00100574&order_time=2024-04-24 HTTP/1.1" 200 419
114.85.36.201 - - [24/Apr/2024:11:49:00 +0800] "GET /xingrg/all/function/internal_message.html?_=1713928937478&CODE_STATE=getMsg HTTP/1.1" 200 27
114.85.36.201 - - [24/Apr/2024:11:49:00 +0800] "GET /xingrg/check_reg.html?_=1713928937481 HTTP/1.1" 200 22
180.164.1.25 - - [24/Apr/2024:11:49:04 +0800] "POST /xingrg/kc/buy/cgsh_order_operate.html HTTP/1.1" 200 37
116.224.254.208 - - [24/Apr/2024:11:49:04 +0800] "GET /xingrg/kc/base/wldb_order_operate.html?command=get_materiel&rest_code=00150&base_code=0010445&code=00101019164 HTTP/1.1" 200 464
101.83.144.49 - - [24/Apr/2024:11:49:08 +0800] "GET /xingrg/all/function/internal_message.html?_=1713930548803&CODE_STATE=getMsg HTTP/1.1" 200 27
180.164.1.25 - - [24/Apr/2024:11:49:08 +0800] "POST /xingrg/kc/buy/cgsh_order_operate.html HTTP/1.1" 200 2668
124.78.56.241 - - [24/Apr/2024:11:49:09 +0800] "GET /xingrg/kc/buy/cgsh_order_operate.html?command=get_materiel&rest_code=00141&code=00101003047&supplier_code=00100094&order_time=2024-04-24 HTTP/1.1" 200 422
116.237.79.12 - - [24/Apr/2024:11:49:09 +0800] "GET /xingrg/all/function/internal_message.html?_=1713930549239&CODE_STATE=getMsg HTTP/1.1" 200 27
116.224.254.208 - - [24/Apr/2024:11:49:09 +0800] "GET /xingrg/kc/base/wldb_order_operate.html?command=get_materiel&rest_code=00150&base_code=0010445&code=00101019071 HTTP/1.1" 200 471
116.237.79.12 - - [24/Apr/2024:11:49:14 +0800] "POST /xingrg/kc/buy/cgsh_order_operate.html HTTP/1.1" 200 37
180.164.1.25 - - [24/Apr/2024:11:49:15 +0800] "GET /xingrg/kc/print/load_data.html?order_code=212024042406597&kc_code=cgsh&condition= HTTP/1.1" 200 751
116.237.79.12 - - [24/Apr/2024:11:49:15 +0800] "GET /xingrg/all/function/internal_message.html?_=1713930555314&CODE_STATE=getMsg HTTP/1.1" 200 27
124.78.56.241 - - [24/Apr/2024:11:49:15 +0800] "GET /xingrg/all/function/internal_message.html?_=1713930555796&CODE_STATE=getMsg HTTP/1.1" 200 27
116.224.254.208 - - [24/Apr/2024:11:49:16 +0800] "GET /xingrg/check_reg.html?_=1713930556541 HTTP/1.1" 200 22
116.224.254.208 - - [24/Apr/2024:11:49:16 +0800] "GET /xingrg/all/function/internal_message.html?_=1713930556538&CODE_STATE=getMsg HTTP/1.1" 200 27
116.224.254.208 - - [24/Apr/2024:11:49:16 +0800] "GET /xingrg/kc/base/wldb_order_operate.html?command=get_materiel&rest_code=00150&base_code=0010445&code=00101019253 HTTP/1.1" 200 482
180.164.1.25 - - [24/Apr/2024:11:49:19 +0800] "GET /xingrg/all/function/internal_message.html?_=1713930558853&CODE_STATE=getMsg HTTP/1.1" 200 27
180.164.1.25 - - [24/Apr/2024:11:49:22 +0800] "GET /xingrg/kc/buy/cgsh_order_add.html HTTP/1.1" 200 74126
116.237.79.12 - - [24/Apr/2024:11:49:22 +0800] "POST /xingrg/kc/buy/cgsh_order_operate.html HTTP/1.1" 200 12
180.164.1.25 - - [24/Apr/2024:11:49:22 +0800] "POST /xingrg/kc/buy/cgsh_order_operate.html HTTP/1.1" 200 8245
180.164.1.25 - - [24/Apr/2024:11:49:22 +0800] "GET /xingrg/javascript/easyui/themes/default/validatebox.css HTTP/1.1" 404 1104
101.80.230.31 - - [24/Apr/2024:11:49:23 +0800] "GET /xingrg/all/function/internal_message.html?_=1713930567934&CODE_STATE=getMsg HTTP/1.1" 200 27
116.224.254.208 - - [24/Apr/2024:11:49:24 +0800] "GET /xingrg/all/function/internal_message.html?_=1713930564526&CODE_STATE=getMsg HTTP/1.1" 200 27
124.78.56.241 - - [24/Apr/2024:11:49:24 +0800] "GET /xingrg/kc/buy/cgsh_order_operate.html?command=get_materiel&rest_code=00141&code=00101002039&supplier_code=00100094&order_time=2024-04-24 HTTP/1.1" 200 421
116.237.79.12 - - [24/Apr/2024:11:49:27 +0800] "GET /xingrg/kc/buy/cgsh_order_info.html?code=212024042406598 HTTP/1.1" 200 68905
116.237.79.12 - - [24/Apr/2024:11:49:28 +0800] "GET /xingrg/javascript/easyui/themes/default/validatebox.css HTTP/1.1" 404 1104
116.237.79.12 - - [24/Apr/2024:11:49:29 +0800] "POST /xingrg/kc/buy/cgsh_order_operate.html HTTP/1.1" 200 615
116.237.79.12 - - [24/Apr/2024:11:49:31 +0800] "GET /xingrg/kc/print/load_data.html?order_code=212024042406598&kc_code=cgsh&condition= HTTP/1.1" 200 717
180.164.1.25 - - [24/Apr/2024:11:49:34 +0800] "GET /xingrg/kc/buy/cgsh_order_operate.html?command=get_materiel&rest_code=00108&code=00101014132&supplier_code=00100211&order_time=2024-04-24 HTTP/1.1" 200 433
180.169.147.146 - - [24/Apr/2024:11:49:34 +0800] "GET /xingrg/all/function/internal_message.html?_=1713930563033&CODE_STATE=getMsg HTTP/1.1" 200 27
116.224.254.208 - - [24/Apr/2024:11:49:35 +0800] "GET /xingrg/kc/base/wldb_order_operate.html?command=get_materiel&rest_code=00150&base_code=0010445&code=00101019346 HTTP/1.1" 200 448
124.78.56.241 - - [24/Apr/2024:11:49:37 +0800] "GET /xingrg/kc/buy/cgsh_order_operate.html?command=get_materiel&rest_code=00141&code=00101002038&supplier_code=00100094&order_time=2024-04-24 HTTP/1.1" 200 418
116.237.79.12 - - [24/Apr/2024:11:49:41 +0800] "GET /xingrg/kc/buy/cgsh_order_add.html HTTP/1.1" 200 74027
116.237.79.12 - - [24/Apr/2024:11:49:41 +0800] "POST /xingrg/kc/buy/cgsh_order_operate.html HTTP/1.1" 200 8245
116.237.79.12 - - [24/Apr/2024:11:49:41 +0800] "GET /xingrg/javascript/easyui/themes/default/validatebox.css HTTP/1.1" 404 1104
221.239.169.251 - - [24/Apr/2024:11:49:42 +0800] "GET /xingrg/all/function/internal_message.html?_=1713930579911&CODE_STATE=getMsg HTTP/1.1" 200 27
116.224.254.208 - - [24/Apr/2024:11:49:42 +0800] "GET /xingrg/kc/base/wldb_order_operate.html?command=get_materiel&rest_code=00150&base_code=0010445&code=00101019297 HTTP/1.1" 200 478
116.237.79.12 - - [24/Apr/2024:11:49:43 +0800] "GET /xingrg/javascript/easyui/themes/default/tree.css HTTP/1.1" 404 1090
180.164.1.25 - - [24/Apr/2024:11:49:43 +0800] "GET /xingrg/kc/buy/cgsh_order_operate.html?command=get_materiel&rest_code=00108&code=00101014017&supplier_code=00100211&order_time=2024-04-24 HTTP/1.1" 200 419
116.237.79.12 - - [24/Apr/2024:11:49:44 +0800] "POST /xingrg/all/common/load_tree.html?tree=supplier_tree_json&isDelete=1 HTTP/1.1" 200 79499
116.232.195.13 - - [24/Apr/2024:11:49:45 +0800] "GET /xingrg/all/function/internal_message.html?_=1713930572218&CODE_STATE=getMsg HTTP/1.1" 200 27
222.70.183.82 - - [24/Apr/2024:11:49:45 +0800] "GET /xingrg/all/function/internal_message.html?_=1713930584163&CODE_STATE=getMsg HTTP/1.1" 200 27
222.69.135.140 - - [24/Apr/2024:11:49:51 +0800] "GET /xingrg/all/function/internal_message.html?_=1713930591396&CODE_STATE=getMsg HTTP/1.1" 200 27
124.78.56.241 - - [24/Apr/2024:11:49:52 +0800] "POST /xingrg/kc/buy/cgsh_order_operate.html HTTP/1.1" 200 37
180.164.1.25 - - [24/Apr/2024:11:49:55 +0800] "POST /xingrg/kc/buy/cgsh_order_operate.html HTTP/1.1" 200 37
180.164.1.25 - - [24/Apr/2024:11:49:57 +0800] "POST /xingrg/kc/buy/cgsh_order_operate.html HTTP/1.1" 200 3277
116.237.79.12 - - [24/Apr/2024:11:49:57 +0800] "GET /xingrg/all/function/internal_message.html?_=1713930592038&CODE_STATE=getMsg HTTP/1.1" 200 27
180.164.1.25 - - [24/Apr/2024:11:49:58 +0800] "GET /xingrg/kc/print/load_data.html?order_code=212024042406600&kc_code=cgsh&condition= HTTP/1.1" 200 926
124.78.56.241 - - [24/Apr/2024:11:50:00 +0800] "POST /xingrg/kc/buy/cgsh_order_operate.html HTTP/1.1" 200 12
114.85.36.201 - - [24/Apr/2024:11:50:00 +0800] "GET /xingrg/all/function/internal_message.html?_=1713928997473&CODE_STATE=getMsg HTTP/1.1" 200 27
180.164.1.25 - - [24/Apr/2024:11:50:01 +0800] "GET /xingrg/kc/buy/cgsh_order_add.html HTTP/1.1" 200 74126
180.164.1.25 - - [24/Apr/2024:11:50:02 +0800] "POST /xingrg/kc/buy/cgsh_order_operate.html HTTP/1.1" 200 8245
180.164.1.25 - - [24/Apr/2024:11:50:02 +0800] "GET /xingrg/javascript/easyui/themes/default/validatebox.css HTTP/1.1" 404 1104
124.78.56.241 - - [24/Apr/2024:11:50:04 +0800] "GET /xingrg/kc/buy/cgsh_order_info.html?code=212024042406599 HTTP/1.1" 200 68905
124.78.56.241 - - [24/Apr/2024:11:50:05 +0800] "GET /xingrg/javascript/easyui/themes/default/validatebox.css HTTP/1.1" 404 1104
124.78.56.241 - - [24/Apr/2024:11:50:06 +0800] "POST /xingrg/kc/buy/cgsh_order_operate.html HTTP/1.1" 200 1219
116.224.254.208 - - [24/Apr/2024:11:50:07 +0800] "POST /xingrg/kc/base/wldb_order_operate.html HTTP/1.1" 200 37
101.83.144.49 - - [24/Apr/2024:11:50:08 +0800] "GET /xingrg/all/function/internal_message.html?_=1713930608783&CODE_STATE=getMsg HTTP/1.1" 200 27
116.237.79.12 - - [24/Apr/2024:11:50:09 +0800] "GET /xingrg/all/function/internal_message.html?_=1713930609223&CODE_STATE=getMsg HTTP/1.1" 200 27
124.78.56.241 - - [24/Apr/2024:11:50:09 +0800] "GET /xingrg/kc/print/load_data.html?order_code=212024042406599&kc_code=cgsh&condition= HTTP/1.1" 200 1031
116.224.254.208 - - [24/Apr/2024:11:50:11 +0800] "POST /xingrg/kc/base/wldb_order_operate.html HTTP/1.1" 200 7257
180.164.1.25 - - [24/Apr/2024:11:50:12 +0800] "GET /xingrg/kc/buy/cgsh_order_operate.html?command=get_materiel&rest_code=00108&code=00101003006&supplier_code=00100092&order_time=2024-04-24 HTTP/1.1" 200 414
116.237.79.12 - - [24/Apr/2024:11:50:15 +0800] "GET /xingrg/all/function/internal_message.html?_=1713930615326&CODE_STATE=getMsg HTTP/1.1" 200 27
116.224.254.208 - - [24/Apr/2024:11:50:15 +0800] "POST /xingrg/kc/base/wldb_order_operate.html HTTP/1.1" 200 12
124.78.56.241 - - [24/Apr/2024:11:50:15 +0800] "POST /xingrg/kc/buy/cgsh_order_operate.html HTTP/1.1" 200 8245
124.78.56.241 - - [24/Apr/2024:11:50:15 +0800] "GET /xingrg/javascript/easyui/themes/default/validatebox.css HTTP/1.1" 404 1104
124.78.56.241 - - [24/Apr/2024:11:50:15 +0800] "GET /xingrg/all/function/internal_message.html?_=1713930615941&CODE_STATE=getMsg HTTP/1.1" 200 27
116.224.254.208 - - [24/Apr/2024:11:50:16 +0800] "GET /xingrg/all/function/internal_message.html?_=1713930616576&CODE_STATE=getMsg HTTP/1.1" 200 27
116.224.254.208 - - [24/Apr/2024:11:50:16 +0800] "GET /xingrg/kc/base/wldb_order_info.html?code=422024042401507 HTTP/1.1" 200 26267
116.224.254.208 - - [24/Apr/2024:11:50:17 +0800] "GET /xingrg/javascript/easyui/themes/default/validatebox.css HTTP/1.1" 404 1104
116.224.254.208 - - [24/Apr/2024:11:50:17 +0800] "POST /xingrg/kc/base/wldb_order_operate.html HTTP/1.1" 200 5436
116.224.254.208 - - [24/Apr/2024:11:50:19 +0800] "GET /xingrg/kc/base/wldb_order_add.html HTTP/1.1" 200 30388
116.224.254.208 - - [24/Apr/2024:11:50:19 +0800] "POST /xingrg/kc/base/wldb_order_operate.html HTTP/1.1" 200 6806
116.224.254.208 - - [24/Apr/2024:11:50:19 +0800] "GET /xingrg/javascript/easyui/themes/default/validatebox.css HTTP/1.1" 404 1104
180.169.147.146 - - [24/Apr/2024:11:50:21 +0800] "GET /xingrg/kc/base/check_order_list.html HTTP/1.1" 200 16176
180.169.147.146 - - [24/Apr/2024:11:50:21 +0800] "POST /xingrg/kc/base/check_list_operate.html HTTP/1.1" 200 781
180.169.147.146 - - [24/Apr/2024:11:50:23 +0800] "GET /xingrg/kc/base/check_order_add.html HTTP/1.1" 200 26402
180.169.147.146 - - [24/Apr/2024:11:50:23 +0800] "GET /xingrg/dwr/interface/AjaxComOrderService.js HTTP/1.1" 200 18264
180.169.147.146 - - [24/Apr/2024:11:50:23 +0800] "GET /xingrg/dwr/util.js HTTP/1.1" 200 35990
180.169.147.146 - - [24/Apr/2024:11:50:23 +0800] "GET /xingrg/dwr/interface/AjaxCheckService.js HTTP/1.1" 200 14003
180.169.147.146 - - [24/Apr/2024:11:50:23 +0800] "GET /xingrg/dwr/engine.js HTTP/1.1" 200 43631
101.80.230.31 - - [24/Apr/2024:11:50:23 +0800] "GET /xingrg/all/function/internal_message.html?_=1713930627936&CODE_STATE=getMsg HTTP/1.1" 200 27
180.164.1.25 - - [24/Apr/2024:11:50:23 +0800] "POST /xingrg/kc/buy/cgsh_order_operate.html HTTP/1.1" 200 37
180.169.147.146 - - [24/Apr/2024:11:50:23 +0800] "POST /xingrg/kc/buy/cgsh_list_operate.html HTTP/1.1" 200 4
116.224.254.208 - - [24/Apr/2024:11:50:24 +0800] "GET /xingrg/all/function/internal_message.html?_=1713930624520&CODE_STATE=getMsg HTTP/1.1" 200 27
180.164.1.25 - - [24/Apr/2024:11:50:24 +0800] "POST /xingrg/kc/buy/cgsh_order_operate.html HTTP/1.1" 200 2661
180.164.1.25 - - [24/Apr/2024:11:50:26 +0800] "GET /xingrg/kc/print/load_data.html?order_code=212024042406601&kc_code=cgsh&condition= HTTP/1.1" 200 737
116.224.254.208 - - [24/Apr/2024:11:50:27 +0800] "GET /xingrg/kc/base/wldb_order_operate.html?command=get_materiel&rest_code=00150&base_code=0010446&code=00102002321 HTTP/1.1" 200 447
124.78.56.241 - - [24/Apr/2024:11:50:28 +0800] "GET /xingrg/kc/buy/cgsh_order_operate.html?command=get_materiel&rest_code=00141&code=00101008145&supplier_code=00100327&order_time=2024-04-24 HTTP/1.1" 200 417
180.169.147.146 - - [24/Apr/2024:11:50:28 +0800] "POST /xingrg/dwr/call/plaincall/AjaxCheckService.saveOrder.dwr HTTP/1.1" 200 78
180.169.147.146 - - [24/Apr/2024:11:50:30 +0800] "POST /xingrg/dwr/call/plaincall/AjaxCheckService.loadOrderItems.dwr HTTP/1.1" 200 367
180.164.1.25 - - [24/Apr/2024:11:50:30 +0800] "GET /xingrg/kc/buy/cgsh_order_add.html HTTP/1.1" 200 74126
180.169.147.146 - - [24/Apr/2024:11:50:30 +0800] "POST /xingrg/kc/buy/cgsh_list_operate.html HTTP/1.1" 200 1686
180.164.1.25 - - [24/Apr/2024:11:50:30 +0800] "POST /xingrg/kc/buy/cgsh_order_operate.html HTTP/1.1" 200 8245
180.164.1.25 - - [24/Apr/2024:11:50:30 +0800] "GET /xingrg/javascript/easyui/themes/default/validatebox.css HTTP/1.1" 404 1104
180.169.147.146 - - [24/Apr/2024:11:50:30 +0800] "GET /xingrg/javascript/jquery_easy_ui/themes/default/images/panel_title.png HTTP/1.1" 304 -
180.169.147.146 - - [24/Apr/2024:11:50:30 +0800] "GET /xingrg/javascript/jquery_easy_ui/themes/default/images/button_span_bg.gif HTTP/1.1" 304 -
180.169.147.146 - - [24/Apr/2024:11:50:30 +0800] "GET /xingrg/javascript/jquery_easy_ui/themes/default/images/panel_tools.gif HTTP/1.1" 304 -
222.70.183.82 - - [24/Apr/2024:11:50:30 +0800] "GET /xingrg/check_reg.html?_=1713930629186 HTTP/1.1" 200 22
116.224.254.208 - - [24/Apr/2024:11:50:32 +0800] "GET /xingrg/kc/base/wldb_order_operate.html?command=get_materiel&rest_code=00150&base_code=0010446&code=00102002448 HTTP/1.1" 200 439
180.169.147.146 - - [24/Apr/2024:11:50:34 +0800] "POST /xingrg/dwr/call/plaincall/AjaxCheckService.importOrderItems.dwr HTTP/1.1" 200 78
180.169.147.146 - - [24/Apr/2024:11:50:35 +0800] "POST /xingrg/dwr/call/plaincall/AjaxCheckService.loadOrderItems.dwr HTTP/1.1" 200 9675
116.224.254.208 - - [24/Apr/2024:11:50:37 +0800] "POST /xingrg/kc/base/wldb_order_operate.html HTTP/1.1" 200 37
180.164.1.25 - - [24/Apr/2024:11:50:38 +0800] "GET /xingrg/kc/buy/cgsh_order_operate.html?command=get_materiel&rest_code=00108&code=00101002006&supplier_code=00100091&order_time=2024-04-24 HTTP/1.1" 200 414
221.239.169.251 - - [24/Apr/2024:11:50:42 +0800] "GET /xingrg/all/function/internal_message.html?_=1713930639901&CODE_STATE=getMsg HTTP/1.1" 200 27
116.224.254.208 - - [24/Apr/2024:11:50:44 +0800] "POST /xingrg/kc/base/wldb_order_operate.html HTTP/1.1" 200 12
116.224.254.208 - - [24/Apr/2024:11:50:44 +0800] "POST /xingrg/kc/base/wldb_order_operate.html HTTP/1.1" 200 2675
116.232.195.13 - - [24/Apr/2024:11:50:45 +0800] "GET /xingrg/all/function/internal_message.html?_=1713930632220&CODE_STATE=getMsg HTTP/1.1" 200 27
222.70.183.82 - - [24/Apr/2024:11:50:45 +0800] "GET /xingrg/all/function/internal_message.html?_=1713930644134&CODE_STATE=getMsg HTTP/1.1" 200 27
116.224.254.208 - - [24/Apr/2024:11:50:46 +0800] "GET /xingrg/kc/base/wldb_order_info.html?code=422024042401508 HTTP/1.1" 200 26267
116.224.254.208 - - [24/Apr/2024:11:50:46 +0800] "GET /xingrg/javascript/easyui/themes/default/validatebox.css HTTP/1.1" 404 1104
116.224.254.208 - - [24/Apr/2024:11:50:47 +0800] "POST /xingrg/kc/base/wldb_order_operate.html HTTP/1.1" 200 958
180.164.1.25 - - [24/Apr/2024:11:50:47 +0800] "GET /xingrg/kc/buy/cgsh_order_operate.html?command=get_materiel&rest_code=00108&code=00101018004&supplier_code=00100091&order_time=2024-04-24 HTTP/1.1" 200 411
180.169.147.146 - - [24/Apr/2024:11:50:49 +0800] "GET /xingrg/check_reg.html?_=1713930638350 HTTP/1.1" 200 22
222.69.135.140 - - [24/Apr/2024:11:50:51 +0800] "GET /xingrg/all/function/internal_message.html?_=1713930651390&CODE_STATE=getMsg HTTP/1.1" 200 27
116.224.254.208 - - [24/Apr/2024:11:50:52 +0800] "GET /xingrg/kc/buy/cgsh_order_list.html HTTP/1.1" 200 58227
116.224.254.208 - - [24/Apr/2024:11:50:55 +0800] "POST /xingrg/kc/buy/cgsh_list_operate.html HTTP/1.1" 200 645
116.224.254.208 - - [24/Apr/2024:11:50:56 +0800] "GET /xingrg/kc/buy/cgsh_order_add.html HTTP/1.1" 200 74078
116.237.79.12 - - [24/Apr/2024:11:50:57 +0800] "GET /xingrg/all/function/internal_message.html?_=1713930652009&CODE_STATE=getMsg HTTP/1.1" 200 27
116.224.254.208 - - [24/Apr/2024:11:50:57 +0800] "POST /xingrg/kc/buy/cgsh_order_operate.html HTTP/1.1" 200 8245
116.224.254.208 - - [24/Apr/2024:11:50:57 +0800] "GET /xingrg/javascript/easyui/themes/default/validatebox.css HTTP/1.1" 404 1104
114.85.36.201 - - [24/Apr/2024:11:51:00 +0800] "GET /xingrg/all/function/internal_message.html?_=1713929057507&CODE_STATE=getMsg HTTP/1.1" 200 27
124.78.56.241 - - [24/Apr/2024:11:51:00 +0800] "POST /xingrg/kc/buy/cgsh_order_operate.html HTTP/1.1" 200 37
180.164.1.25 - - [24/Apr/2024:11:51:04 +0800] "POST /xingrg/kc/buy/cgsh_order_operate.html HTTP/1.1" 200 88
101.83.144.49 - - [24/Apr/2024:11:51:08 +0800] "GET /xingrg/all/function/internal_message.html?_=1713930668751&CODE_STATE=getMsg HTTP/1.1" 200 27
116.237.79.12 - - [24/Apr/2024:11:51:09 +0800] "GET /xingrg/all/function/internal_message.html?_=1713930669193&CODE_STATE=getMsg HTTP/1.1" 200 27
180.164.1.25 - - [24/Apr/2024:11:51:10 +0800] "POST /xingrg/kc/buy/cgsh_order_operate.html HTTP/1.1" 200 37
124.78.56.241 - - [24/Apr/2024:11:51:11 +0800] "POST /xingrg/kc/buy/cgsh_order_operate.html HTTP/1.1" 200 12
116.224.254.208 - - [24/Apr/2024:11:51:11 +0800] "GET /xingrg/kc/buy/cgsh_order_operate.html?command=get_materiel&rest_code=00150&code=00101002003&supplier_code=00100087&order_time=2024-04-24 HTTP/1.1" 200 426
180.164.1.25 - - [24/Apr/2024:11:51:13 +0800] "POST /xingrg/kc/buy/cgsh_order_operate.html HTTP/1.1" 200 3253
116.237.79.12 - - [24/Apr/2024:11:51:13 +0800] "GET /xingrg/check_reg.html?_=1713930673641 HTTP/1.1" 200 22
124.78.56.241 - - [24/Apr/2024:11:51:13 +0800] "GET /xingrg/kc/buy/cgsh_order_info.html?code=212024042406602 HTTP/1.1" 200 68905
124.78.56.241 - - [24/Apr/2024:11:51:14 +0800] "GET /xingrg/javascript/easyui/themes/default/validatebox.css HTTP/1.1" 404 1104
180.164.1.25 - - [24/Apr/2024:11:51:14 +0800] "GET /xingrg/kc/print/load_data.html?order_code=212024042406604&kc_code=cgsh&condition= HTTP/1.1" 200 990
116.237.79.12 - - [24/Apr/2024:11:51:15 +0800] "GET /xingrg/all/function/internal_message.html?_=1713930675297&CODE_STATE=getMsg HTTP/1.1" 200 27
124.78.56.241 - - [24/Apr/2024:11:51:15 +0800] "POST /xingrg/kc/buy/cgsh_order_operate.html HTTP/1.1" 200 612
124.78.56.241 - - [24/Apr/2024:11:51:15 +0800] "GET /xingrg/all/function/internal_message.html?_=1713930675930&CODE_STATE=getMsg HTTP/1.1" 200 27
116.224.254.208 - - [24/Apr/2024:11:51:16 +0800] "GET /xingrg/all/function/internal_message.html?_=1713930676559&CODE_STATE=getMsg HTTP/1.1" 200 27
180.164.1.25 - - [24/Apr/2024:11:51:17 +0800] "GET /xingrg/kc/buy/cgsh_order_add.html HTTP/1.1" 200 74126
180.164.1.25 - - [24/Apr/2024:11:51:18 +0800] "POST /xingrg/kc/buy/cgsh_order_operate.html HTTP/1.1" 200 8245
180.164.1.25 - - [24/Apr/2024:11:51:18 +0800] "GET /xingrg/javascript/easyui/themes/default/validatebox.css HTTP/1.1" 404 1104
180.164.1.25 - - [24/Apr/2024:11:51:19 +0800] "GET /xingrg/all/function/internal_message.html?_=1713930678869&CODE_STATE=getMsg HTTP/1.1" 200 27
124.78.56.241 - - [24/Apr/2024:11:51:20 +0800] "GET /xingrg/kc/print/load_data.html?order_code=212024042406602&kc_code=cgsh&condition= HTTP/1.1" 200 704
101.80.230.31 - - [24/Apr/2024:11:51:23 +0800] "GET /xingrg/all/function/internal_message.html?_=1713930687939&CODE_STATE=getMsg HTTP/1.1" 200 27
101.80.230.31 - - [24/Apr/2024:11:51:23 +0800] "GET /xingrg/check_reg.html?_=1713930687940 HTTP/1.1" 200 22
116.224.254.208 - - [24/Apr/2024:11:51:23 +0800] "POST /xingrg/kc/buy/cgsh_order_operate.html HTTP/1.1" 200 37
116.224.254.208 - - [24/Apr/2024:11:51:24 +0800] "GET /xingrg/check_reg.html?_=1713930684521 HTTP/1.1" 200 22
116.224.254.208 - - [24/Apr/2024:11:51:24 +0800] "GET /xingrg/all/function/internal_message.html?_=1713930684524&CODE_STATE=getMsg HTTP/1.1" 200 27
124.78.56.241 - - [24/Apr/2024:11:51:27 +0800] "POST /xingrg/kc/buy/cgsh_order_operate.html HTTP/1.1" 200 8245
124.78.56.241 - - [24/Apr/2024:11:51:27 +0800] "GET /xingrg/javascript/easyui/themes/default/validatebox.css HTTP/1.1" 404 1104
180.164.1.25 - - [24/Apr/2024:11:51:27 +0800] "GET /xingrg/kc/buy/cgsh_order_operate.html?command=get_materiel&rest_code=00108&code=00101004034&supplier_code=00100085&order_time=2024-04-24 HTTP/1.1" 200 416
116.224.254.208 - - [24/Apr/2024:11:51:30 +0800] "POST /xingrg/kc/buy/cgsh_order_operate.html HTTP/1.1" 200 12
116.237.79.12 - - [24/Apr/2024:11:51:31 +0800] "GET /xingrg/kc/buy/cgsh_order_operate.html?command=get_materiel&rest_code=00106&code=00101010677&supplier_code=00100564&order_time=2024-04-24 HTTP/1.1" 200 431
116.224.254.208 - - [24/Apr/2024:11:51:32 +0800] "GET /xingrg/kc/buy/cgsh_order_info.html?code=212024042406605 HTTP/1.1" 200 68949
116.224.254.208 - - [24/Apr/2024:11:51:32 +0800] "GET /xingrg/javascript/easyui/themes/default/validatebox.css HTTP/1.1" 404 1104
116.224.254.208 - - [24/Apr/2024:11:51:33 +0800] "POST /xingrg/kc/buy/cgsh_order_operate.html HTTP/1.1" 200 627
180.169.147.146 - - [24/Apr/2024:11:51:34 +0800] "GET /xingrg/all/function/internal_message.html?_=1713930683037&CODE_STATE=getMsg HTTP/1.1" 200 27
180.169.147.146 - - [24/Apr/2024:11:51:35 +0800] "POST /xingrg/kc/buy/cgsh_list_operate.html HTTP/1.1" 200 1686
116.224.254.208 - - [24/Apr/2024:11:51:35 +0800] "GET /xingrg/kc/print/load_data.html?order_code=212024042406605&kc_code=cgsh&condition= HTTP/1.1" 200 781
180.163.29.217 - - [24/Apr/2024:11:51:38 +0800] "GET /xingrg/all/function/internal_message.html?_=1713926993223&CODE_STATE=getMsg HTTP/1.1" 302 -
180.163.29.217 - - [24/Apr/2024:11:51:38 +0800] "GET /xingrg/login.html HTTP/1.1" 200 7641
180.164.1.25 - - [24/Apr/2024:11:51:38 +0800] "POST /xingrg/kc/buy/cgsh_order_operate.html HTTP/1.1" 200 37
116.224.254.208 - - [24/Apr/2024:11:51:40 +0800] "GET /xingrg/kc/buy/cgsh_order_add.html HTTP/1.1" 200 74078
116.224.254.208 - - [24/Apr/2024:11:51:40 +0800] "POST /xingrg/kc/buy/cgsh_order_operate.html HTTP/1.1" 200 8245
116.224.254.208 - - [24/Apr/2024:11:51:40 +0800] "GET /xingrg/javascript/easyui/themes/default/validatebox.css HTTP/1.1" 404 1104
114.85.36.201 - - [24/Apr/2024:11:51:41 +0800] "GET /xingrg/kc/buy/buy_main.html HTTP/1.1" 200 12412
114.85.36.201 - - [24/Apr/2024:11:51:41 +0800] "GET /xingrg/css/new_ie.css HTTP/1.1" 404 1036
180.164.1.25 - - [24/Apr/2024:11:51:41 +0800] "POST /xingrg/kc/buy/cgsh_order_operate.html HTTP/1.1" 200 2663
114.85.36.201 - - [24/Apr/2024:11:51:41 +0800] "GET /xingrg/images/yd/bt.gif HTTP/1.1" 404 1040
124.78.56.241 - - [24/Apr/2024:11:51:41 +0800] "GET /xingrg/kc/buy/cgsh_order_operate.html?command=get_materiel&rest_code=00141&code=00101006060&supplier_code=00100323&order_time=2024-04-24 HTTP/1.1" 200 409
221.239.169.251 - - [24/Apr/2024:11:51:42 +0800] "GET /xingrg/all/function/internal_message.html?_=1713930699895&CODE_STATE=getMsg HTTP/1.1" 200 27
114.85.36.201 - - [24/Apr/2024:11:51:43 +0800] "GET /xingrg/kc/buy/cgsh_order_list.html HTTP/1.1" 200 58227
180.164.1.25 - - [24/Apr/2024:11:51:44 +0800] "GET /xingrg/kc/print/load_data.html?order_code=212024042406606&kc_code=cgsh&condition= HTTP/1.1" 200 741
116.232.195.13 - - [24/Apr/2024:11:51:45 +0800] "GET /xingrg/all/function/internal_message.html?_=1713930692220&CODE_STATE=getMsg HTTP/1.1" 200 27
116.232.195.13 - - [24/Apr/2024:11:51:45 +0800] "GET /xingrg/check_reg.html?_=1713930692221 HTTP/1.1" 200 22
222.70.183.82 - - [24/Apr/2024:11:51:45 +0800] "GET /xingrg/all/function/internal_message.html?_=1713930704119&CODE_STATE=getMsg HTTP/1.1" 200 27
116.224.254.208 - - [24/Apr/2024:11:51:47 +0800] "GET /xingrg/kc/buy/cgsh_order_operate.html?command=get_materiel&rest_code=00150&code=00101018007&supplier_code=00100330&order_time=2024-04-24 HTTP/1.1" 200 409
180.164.1.25 - - [24/Apr/2024:11:51:48 +0800] "GET /xingrg/kc/buy/cgsh_order_add.html HTTP/1.1" 200 74126
180.164.1.25 - - [24/Apr/2024:11:51:49 +0800] "POST /xingrg/kc/buy/cgsh_order_operate.html HTTP/1.1" 200 8245
180.164.1.25 - - [24/Apr/2024:11:51:49 +0800] "GET /xingrg/javascript/easyui/themes/default/validatebox.css HTTP/1.1" 404 1104
222.69.135.140 - - [24/Apr/2024:11:51:51 +0800] "GET /xingrg/all/function/internal_message.html?_=1713930711395&CODE_STATE=getMsg HTTP/1.1" 200 27
116.237.79.12 - - [24/Apr/2024:11:51:57 +0800] "GET /xingrg/all/function/internal_message.html?_=1713930711983&CODE_STATE=getMsg HTTP/1.1" 200 27
180.163.30.85 - - [24/Apr/2024:11:52:00 +0800] "GET /xingrg/all/function/internal_message.html?_=1713930352127&CODE_STATE=getMsg HTTP/1.1" 302 -
180.163.30.85 - - [24/Apr/2024:11:52:00 +0800] "GET /xingrg/login.html HTTP/1.1" 200 7641
114.85.36.201 - - [24/Apr/2024:11:52:00 +0800] "GET /xingrg/all/function/internal_message.html?_=1713929117510&CODE_STATE=getMsg HTTP/1.1" 200 27
116.224.254.208 - - [24/Apr/2024:11:52:02 +0800] "POST /xingrg/kc/buy/cgsh_order_operate.html HTTP/1.1" 200 64
116.237.79.12 - - [24/Apr/2024:11:52:02 +0800] "POST /xingrg/kc/buy/cgsh_order_operate.html HTTP/1.1" 200 37
124.78.56.241 - - [24/Apr/2024:11:52:04 +0800] "GET /xingrg/kc/buy/cgsh_order_operate.html?command=get_materiel&rest_code=00141&code=00101001079&supplier_code=00100323&order_time=2024-04-24 HTTP/1.1" 200 413
101.83.144.49 - - [24/Apr/2024:11:52:08 +0800] "GET /xingrg/all/function/internal_message.html?_=1713930728724&CODE_STATE=getMsg HTTP/1.1" 200 27
116.224.254.208 - - [24/Apr/2024:11:52:08 +0800] "POST /xingrg/kc/buy/cgsh_order_operate.html HTTP/1.1" 200 37
101.83.144.49 - - [24/Apr/2024:11:52:09 +0800] "GET /xingrg/check_reg.html?_=1713930730125 HTTP/1.1" 200 22
116.224.254.208 - - [24/Apr/2024:11:52:10 +0800] "POST /xingrg/kc/buy/cgsh_order_operate.html HTTP/1.1" 200 2653
114.85.36.201 - - [24/Apr/2024:11:52:10 +0800] "POST /xingrg/kc/buy/cgsh_list_operate.html HTTP/1.1" 200 3658
180.164.1.25 - - [24/Apr/2024:11:52:10 +0800] "GET /xingrg/kc/buy/cgsh_order_operate.html?command=get_materiel&rest_code=00108&code=00101008145&supplier_code=00100327&order_time=2024-04-24 HTTP/1.1" 200 417
116.237.79.12 - - [24/Apr/2024:11:52:15 +0800] "GET /xingrg/all/function/internal_message.html?_=1713930735282&CODE_STATE=getMsg HTTP/1.1" 200 27
114.85.36.201 - - [24/Apr/2024:11:52:15 +0800] "GET /xingrg/kc/buy/cgsh_order_add.html HTTP/1.1" 200 73146
124.78.56.241 - - [24/Apr/2024:11:52:16 +0800] "GET /xingrg/all/function/internal_message.html?_=1713930736007&CODE_STATE=getMsg HTTP/1.1" 200 27
114.85.36.201 - - [24/Apr/2024:11:52:16 +0800] "POST /xingrg/kc/buy/cgsh_order_operate.html HTTP/1.1" 200 8245
114.85.36.201 - - [24/Apr/2024:11:52:16 +0800] "GET /xingrg/javascript/easyui/themes/default/validatebox.css HTTP/1.1" 404 1104
116.224.254.208 - - [24/Apr/2024:11:52:16 +0800] "GET /xingrg/all/function/internal_message.html?_=1713930736542&CODE_STATE=getMsg HTTP/1.1" 200 27
116.224.254.208 - - [24/Apr/2024:11:52:16 +0800] "POST /xingrg/kc/buy/cgsh_order_operate.html HTTP/1.1" 200 37
114.85.36.201 - - [24/Apr/2024:11:52:18 +0800] "GET /xingrg/javascript/easyui/themes/default/tree.css HTTP/1.1" 404 1090
180.164.1.25 - - [24/Apr/2024:11:52:19 +0800] "GET /xingrg/check_reg.html?_=1713930738839 HTTP/1.1" 200 22
180.164.1.25 - - [24/Apr/2024:11:52:19 +0800] "GET /xingrg/all/function/internal_message.html?_=1713930738842&CODE_STATE=getMsg HTTP/1.1" 200 27
114.85.36.201 - - [24/Apr/2024:11:52:19 +0800] "POST /xingrg/all/common/load_tree.html?tree=supplier_tree_json&isDelete=1 HTTP/1.1" 200 79499
180.164.1.25 - - [24/Apr/2024:11:52:19 +0800] "GET /xingrg/kc/buy/cgsh_order_operate.html?command=get_materiel&rest_code=00108&code=00101010263&supplier_code=00100327&order_time=2024-04-24 HTTP/1.1" 200 409
101.80.230.31 - - [24/Apr/2024:11:52:23 +0800] "GET /xingrg/all/function/internal_message.html?_=1713930747941&CODE_STATE=getMsg HTTP/1.1" 200 27
116.224.254.208 - - [24/Apr/2024:11:52:24 +0800] "GET /xingrg/all/function/internal_message.html?_=1713930744516&CODE_STATE=getMsg HTTP/1.1" 200 27
116.224.254.208 - - [24/Apr/2024:11:52:25 +0800] "POST /xingrg/kc/buy/cgsh_order_operate.html HTTP/1.1" 200 12
180.164.1.25 - - [24/Apr/2024:11:52:29 +0800] "POST /xingrg/kc/buy/cgsh_order_operate.html HTTP/1.1" 200 37
116.237.79.12 - - [24/Apr/2024:11:52:30 +0800] "POST /xingrg/kc/buy/cgsh_order_operate.html HTTP/1.1" 200 12
180.164.1.25 - - [24/Apr/2024:11:52:31 +0800] "POST /xingrg/kc/buy/cgsh_order_operate.html HTTP/1.1" 200 3249
180.164.1.25 - - [24/Apr/2024:11:52:32 +0800] "GET /xingrg/kc/print/load_data.html?order_code=212024042406610&kc_code=cgsh&condition= HTTP/1.1" 200 907
116.224.254.208 - - [24/Apr/2024:11:52:34 +0800] "GET /xingrg/kc/print/load_data.html?order_code=212024042406609&kc_code=cgsh&condition= HTTP/1.1" 200 713
180.169.147.146 - - [24/Apr/2024:11:52:34 +0800] "POST /xingrg/kc/buy/cgsh_list_operate.html HTTP/1.1" 200 4
124.78.56.241 - - [24/Apr/2024:11:52:34 +0800] "GET /xingrg/check_reg.html?_=1713930754642 HTTP/1.1" 200 22
116.237.79.12 - - [24/Apr/2024:11:52:35 +0800] "GET /xingrg/kc/buy/cgsh_order_info.html?code=212024042406607 HTTP/1.1" 200 68891
116.224.254.208 - - [24/Apr/2024:11:52:35 +0800] "GET /xingrg/kc/buy/cgsh_order_info.html?code=212024042406609 HTTP/1.1" 200 68955
116.237.79.12 - - [24/Apr/2024:11:52:35 +0800] "GET /xingrg/words/20240423200903_words.js HTTP/1.1" 304 -
116.237.79.12 - - [24/Apr/2024:11:52:35 +0800] "GET /xingrg/javascript/easyui/themes/default/validatebox.css HTTP/1.1" 404 1104
116.224.254.208 - - [24/Apr/2024:11:52:35 +0800] "GET /xingrg/javascript/easyui/themes/default/validatebox.css HTTP/1.1" 404 1104
180.164.1.25 - - [24/Apr/2024:11:52:36 +0800] "GET /xingrg/kc/buy/cgsh_order_add.html HTTP/1.1" 200 74126
116.237.79.12 - - [24/Apr/2024:11:52:36 +0800] "POST /xingrg/kc/buy/cgsh_order_operate.html HTTP/1.1" 200 618
180.164.1.25 - - [24/Apr/2024:11:52:36 +0800] "POST /xingrg/kc/buy/cgsh_order_operate.html HTTP/1.1" 200 8245
180.164.1.25 - - [24/Apr/2024:11:52:36 +0800] "GET /xingrg/javascript/easyui/themes/default/validatebox.css HTTP/1.1" 404 1104
116.224.254.208 - - [24/Apr/2024:11:52:36 +0800] "POST /xingrg/kc/buy/cgsh_order_operate.html HTTP/1.1" 200 603
114.89.74.27 - - [24/Apr/2024:11:52:38 +0800] "GET /xingrg/check_reg.html?_=1713930761009 HTTP/1.1" 200 22
124.78.56.241 - - [24/Apr/2024:11:52:38 +0800] "GET /xingrg/kc/buy/cgsh_order_operate.html?command=get_materiel&rest_code=00141&code=00101001261&supplier_code=00100323&order_time=2024-04-24 HTTP/1.1" 200 410
116.224.254.208 - - [24/Apr/2024:11:52:39 +0800] "GET /xingrg/kc/buy/cgsh_order_add.html HTTP/1.1" 200 74078
116.224.254.208 - - [24/Apr/2024:11:52:40 +0800] "POST /xingrg/kc/buy/cgsh_order_operate.html HTTP/1.1" 200 8245
116.224.254.208 - - [24/Apr/2024:11:52:40 +0800] "GET /xingrg/javascript/easyui/themes/default/validatebox.css HTTP/1.1" 404 1104
116.237.79.12 - - [24/Apr/2024:11:52:41 +0800] "GET /xingrg/kc/print/load_data.html?order_code=212024042406607&kc_code=cgsh&condition= HTTP/1.1" 200 688
221.239.169.251 - - [24/Apr/2024:11:52:42 +0800] "GET /xingrg/all/function/internal_message.html?_=1713930759904&CODE_STATE=getMsg HTTP/1.1" 200 27
116.232.195.13 - - [24/Apr/2024:11:52:45 +0800] "GET /xingrg/all/function/internal_message.html?_=1713930752213&CODE_STATE=getMsg HTTP/1.1" 200 27
222.70.183.82 - - [24/Apr/2024:11:52:45 +0800] "GET /xingrg/all/function/internal_message.html?_=1713930764102&CODE_STATE=getMsg HTTP/1.1" 200 27
180.164.1.25 - - [24/Apr/2024:11:52:46 +0800] "GET /xingrg/kc/buy/cgsh_order_operate.html?command=get_materiel&rest_code=00108&code=00101020077&supplier_code=00100329&order_time=2024-04-24 HTTP/1.1" 200 413
116.224.254.208 - - [24/Apr/2024:11:52:48 +0800] "GET /xingrg/kc/buy/cgsh_order_operate.html?command=get_materiel&rest_code=00150&code=00101012046&supplier_code=00100487&order_time=2024-04-24 HTTP/1.1" 200 417
222.69.135.140 - - [24/Apr/2024:11:52:51 +0800] "GET /xingrg/check_reg.html?_=1713930771391 HTTP/1.1" 200 22
222.69.135.140 - - [24/Apr/2024:11:52:51 +0800] "GET /xingrg/all/function/internal_message.html?_=1713930771392&CODE_STATE=getMsg HTTP/1.1" 200 27
116.237.79.12 - - [24/Apr/2024:11:52:54 +0800] "GET /xingrg/kc/buy/cgsh_order_add.html HTTP/1.1" 200 74027
116.237.79.12 - - [24/Apr/2024:11:52:55 +0800] "GET /xingrg/javascript/easyui/themes/default/validatebox.css HTTP/1.1" 404 1104
116.237.79.12 - - [24/Apr/2024:11:52:55 +0800] "POST /xingrg/kc/buy/cgsh_order_operate.html HTTP/1.1" 200 8245
114.85.36.201 - - [24/Apr/2024:11:52:55 +0800] "GET /xingrg/javascript/auto/indicator.gif HTTP/1.1" 404 1066
116.224.254.208 - - [24/Apr/2024:11:52:56 +0800] "POST /xingrg/kc/buy/cgsh_order_operate.html HTTP/1.1" 200 37
116.237.79.12 - - [24/Apr/2024:11:52:57 +0800] "GET /xingrg/all/function/internal_message.html?_=1713930771954&CODE_STATE=getMsg HTTP/1.1" 200 27
116.237.79.12 - - [24/Apr/2024:11:52:57 +0800] "GET /xingrg/javascript/easyui/themes/default/tree.css HTTP/1.1" 404 1090
180.163.30.100 - - [24/Apr/2024:11:52:57 +0800] "GET /xingrg/all/function/internal_message.html?_=1713930711983&CODE_STATE=getMsg HTTP/1.1" 302 -
180.163.30.100 - - [24/Apr/2024:11:52:57 +0800] "GET /xingrg/login.html HTTP/1.1" 200 7641
116.237.79.12 - - [24/Apr/2024:11:52:57 +0800] "POST /xingrg/all/common/load_tree.html?tree=supplier_tree_json&isDelete=1 HTTP/1.1" 200 79499
180.164.1.25 - - [24/Apr/2024:11:52:58 +0800] "GET /xingrg/kc/buy/cgsh_order_operate.html?command=get_materiel&rest_code=00108&code=00101016130&supplier_code=00100329&order_time=2024-04-24 HTTP/1.1" 200 433
114.85.36.201 - - [24/Apr/2024:11:53:00 +0800] "GET /xingrg/all/function/internal_message.html?_=1713929177514&CODE_STATE=getMsg HTTP/1.1" 200 27
114.85.36.201 - - [24/Apr/2024:11:53:01 +0800] "GET /xingrg/kc/buy/cgsh_order_operate.html?command=get_materiel&rest_code=00143&code=00101010242&supplier_code=00100177&order_time=2024-04-24 HTTP/1.1" 200 413
124.78.56.241 - - [24/Apr/2024:11:53:01 +0800] "GET /xingrg/kc/buy/cgsh_order_operate.html?command=get_materiel&rest_code=00141&code=00101012013&supplier_code=00100323&order_time=2024-04-24 HTTP/1.1" 200 412
116.224.254.208 - - [24/Apr/2024:11:53:03 +0800] "POST /xingrg/kc/buy/cgsh_order_operate.html HTTP/1.1" 200 12
101.83.144.49 - - [24/Apr/2024:11:53:08 +0800] "GET /xingrg/all/function/internal_message.html?_=1713930788702&CODE_STATE=getMsg HTTP/1.1" 200 27
116.237.79.12 - - [24/Apr/2024:11:53:09 +0800] "GET /xingrg/all/function/internal_message.html?_=1713930789204&CODE_STATE=getMsg HTTP/1.1" 200 27
180.164.1.25 - - [24/Apr/2024:11:53:09 +0800] "POST /xingrg/kc/buy/cgsh_order_operate.html HTTP/1.1" 200 37
180.164.1.25 - - [24/Apr/2024:11:53:11 +0800] "POST /xingrg/kc/buy/cgsh_order_operate.html HTTP/1.1" 200 3262
180.164.1.25 - - [24/Apr/2024:11:53:12 +0800] "GET /xingrg/kc/print/load_data.html?order_code=212024042406612&kc_code=cgsh&condition= HTTP/1.1" 200 928
116.237.79.12 - - [24/Apr/2024:11:53:15 +0800] "GET /xingrg/all/function/internal_message.html?_=1713930795267&CODE_STATE=getMsg HTTP/1.1" 200 27
124.78.56.241 - - [24/Apr/2024:11:53:16 +0800] "GET /xingrg/all/function/internal_message.html?_=1713930795992&CODE_STATE=getMsg HTTP/1.1" 200 27
116.224.254.208 - - [24/Apr/2024:11:53:16 +0800] "GET /xingrg/kc/buy/cgsh_order_info.html?code=212024042406611 HTTP/1.1" 200 68959
116.224.254.208 - - [24/Apr/2024:11:53:16 +0800] "GET /xingrg/all/function/internal_message.html?_=1713930796543&CODE_STATE=getMsg HTTP/1.1" 200 27
116.224.254.208 - - [24/Apr/2024:11:53:16 +0800] "GET /xingrg/javascript/easyui/themes/default/validatebox.css HTTP/1.1" 404 1104
180.164.1.25 - - [24/Apr/2024:11:53:17 +0800] "GET /xingrg/kc/buy/cgsh_order_add.html HTTP/1.1" 200 74126
180.164.1.25 - - [24/Apr/2024:11:53:17 +0800] "POST /xingrg/kc/buy/cgsh_order_operate.html HTTP/1.1" 200 8245
180.164.1.25 - - [24/Apr/2024:11:53:17 +0800] "GET /xingrg/javascript/easyui/themes/default/validatebox.css HTTP/1.1" 404 1104
116.224.254.208 - - [24/Apr/2024:11:53:17 +0800] "POST /xingrg/kc/buy/cgsh_order_operate.html HTTP/1.1" 200 610
180.164.1.25 - - [24/Apr/2024:11:53:19 +0800] "GET /xingrg/all/function/internal_message.html?_=1713930798837&CODE_STATE=getMsg HTTP/1.1" 200 27
114.85.36.201 - - [24/Apr/2024:11:53:19 +0800] "GET /xingrg/kc/buy/cgsh_order_operate.html?command=get_materiel&rest_code=00143&code=00101006201&supplier_code=00100177&order_time=2024-04-24 HTTP/1.1" 200 405
124.78.56.241 - - [24/Apr/2024:11:53:20 +0800] "GET /xingrg/kc/buy/cgsh_order_operate.html?command=get_materiel&rest_code=00141&code=00101006187&supplier_code=00100323&order_time=2024-04-24 HTTP/1.1" 200 416
101.80.230.31 - - [24/Apr/2024:11:53:23 +0800] "GET /xingrg/all/function/internal_message.html?_=1713930807944&CODE_STATE=getMsg HTTP/1.1" 200 27
116.224.254.208 - - [24/Apr/2024:11:53:24 +0800] "GET /xingrg/all/function/internal_message.html?_=1713930804527&CODE_STATE=getMsg HTTP/1.1" 200 27
114.85.36.201 - - [24/Apr/2024:11:53:37 +0800] "POST /xingrg/kc/buy/cgsh_order_operate.html HTTP/1.1" 200 37
114.85.36.201 - - [24/Apr/2024:11:53:39 +0800] "POST /xingrg/kc/buy/cgsh_order_operate.html HTTP/1.1" 200 3245
180.164.1.25 - - [24/Apr/2024:11:53:39 +0800] "GET /xingrg/kc/buy/cgsh_order_operate.html?command=get_materiel&rest_code=00108&code=00101006067&supplier_code=00100330&order_time=2024-04-24 HTTP/1.1" 200 409
221.239.169.251 - - [24/Apr/2024:11:53:42 +0800] "GET /xingrg/all/function/internal_message.html?_=1713930819905&CODE_STATE=getMsg HTTP/1.1" 200 27
221.239.169.251 - - [24/Apr/2024:11:53:42 +0800] "GET /xingrg/check_reg.html?_=1713930819920 HTTP/1.1" 200 22
116.232.195.13 - - [24/Apr/2024:11:53:45 +0800] "GET /xingrg/all/function/internal_message.html?_=1713930812216&CODE_STATE=getMsg HTTP/1.1" 200 27
222.70.183.82 - - [24/Apr/2024:11:53:45 +0800] "GET /xingrg/all/function/internal_message.html?_=1713930824087&CODE_STATE=getMsg HTTP/1.1" 200 27
222.69.135.140 - - [24/Apr/2024:11:53:51 +0800] "GET /xingrg/all/function/internal_message.html?_=1713930831403&CODE_STATE=getMsg HTTP/1.1" 200 27
116.237.79.12 - - [24/Apr/2024:11:53:56 +0800] "GET /xingrg/check_reg.html?_=1713930831646 HTTP/1.1" 200 22
116.237.79.12 - - [24/Apr/2024:11:53:57 +0800] "GET /xingrg/all/function/internal_message.html?_=1713930831930&CODE_STATE=getMsg HTTP/1.1" 200 27
