116.224.254.208 - - [23/Apr/2024:07:49:22 +0800] "GET /xingrg/all/function/internal_message.html?_=1713829761714&CODE_STATE=getMsg HTTP/1.1" 200 27
120.253.135.82 - - [23/Apr/2024:07:49:27 +0800] "GET /xingrg/all/function/internal_message.html?_=1713829948775&CODE_STATE=getMsg HTTP/1.1" 200 27
120.253.135.82 - - [23/Apr/2024:07:49:41 +0800] "POST /xingrg/kc/pszx/mdps_list_operate.html HTTP/1.1" 200 5359
114.83.221.211 - - [23/Apr/2024:07:49:44 +0800] "GET /xingrg/kc/buy/cgsh_order_operate.html?command=get_materiel&rest_code=00149&code=00101008509&supplier_code=00100008&order_time=2024-04-23 HTTP/1.1" 200 409
120.253.135.82 - - [23/Apr/2024:07:49:46 +0800] "POST /xingrg/kc/pszx/mdps_list_operate.html HTTP/1.1" 200 384
120.253.135.82 - - [23/Apr/2024:07:49:50 +0800] "GET /xingrg/kc/pszx/mdps_order_info.html?code=312024042300388 HTTP/1.1" 200 23976
114.83.221.211 - - [23/Apr/2024:07:49:50 +0800] "POST /xingrg/kc/buy/cgsh_order_operate.html HTTP/1.1" 200 2065
120.253.135.82 - - [23/Apr/2024:07:49:50 +0800] "GET /xingrg/javascript/easyui/themes/default/validatebox.css HTTP/1.1" 404 1104
120.253.135.82 - - [23/Apr/2024:07:49:50 +0800] "GET /xingrg/all/common/auto_word.html?type=base&rest_code=00101 HTTP/1.1" 200 671
120.253.135.82 - - [23/Apr/2024:07:49:50 +0800] "POST /xingrg/kc/pszx/mdps_order_operate.html HTTP/1.1" 200 3326
120.253.135.82 - - [23/Apr/2024:07:49:53 +0800] "POST /xingrg/kc/pszx/mdps_list_operate.html HTTP/1.1" 200 5359
114.83.221.211 - - [23/Apr/2024:07:50:00 +0800] "GET /xingrg/kc/buy/cgsh_order_operate.html?command=get_materiel&rest_code=00149&code=00101009079&supplier_code=00100008&order_time=2024-04-23 HTTP/1.1" 200 409
114.83.221.211 - - [23/Apr/2024:07:50:06 +0800] "GET /xingrg/all/function/internal_message.html?_=1713829805709&CODE_STATE=getMsg HTTP/1.1" 200 27
116.232.195.13 - - [23/Apr/2024:07:50:07 +0800] "GET /xingrg/all/function/internal_message.html?_=1713829797363&CODE_STATE=getMsg HTTP/1.1" 200 27
114.83.221.211 - - [23/Apr/2024:07:50:11 +0800] "GET /xingrg/kc/buy/cgsh_order_operate.html?command=get_materiel&rest_code=00149&code=00101009004&supplier_code=00100008&order_time=2024-04-23 HTTP/1.1" 200 408
180.169.147.146 - - [23/Apr/2024:07:50:11 +0800] "GET /xingrg/all/function/internal_message.html?_=1713829810763&CODE_STATE=getMsg HTTP/1.1" 200 27
180.164.1.25 - - [23/Apr/2024:07:50:12 +0800] "GET /xingrg/all/function/internal_message.html?_=1713829812022&CODE_STATE=getMsg HTTP/1.1" 200 27
222.70.244.105 - - [23/Apr/2024:07:50:19 +0800] "GET /xingrg/all/function/internal_message.html?_=1713829823195&CODE_STATE=getMsg HTTP/1.1" 200 27
120.253.135.82 - - [23/Apr/2024:07:50:20 +0800] "POST /xingrg/kc/pszx/mdps_list_operate.html HTTP/1.1" 200 5470
116.232.195.13 - - [23/Apr/2024:07:50:21 +0800] "GET /xingrg/all/function/internal_message.html?_=1713829811082&CODE_STATE=getMsg HTTP/1.1" 200 27
221.239.169.251 - - [23/Apr/2024:07:50:21 +0800] "GET /xingrg/all/function/internal_message.html?_=1713829819906&CODE_STATE=getMsg HTTP/1.1" 200 27
114.83.221.211 - - [23/Apr/2024:07:50:21 +0800] "GET /xingrg/kc/buy/cgsh_order_operate.html?command=get_materiel&rest_code=00149&code=00101008160&supplier_code=00100008&order_time=2024-04-23 HTTP/1.1" 200 408
221.239.169.251 - - [23/Apr/2024:07:50:21 +0800] "GET /xingrg/check_reg.html?_=1713829819907 HTTP/1.1" 200 22
116.224.254.208 - - [23/Apr/2024:07:50:22 +0800] "GET /xingrg/all/function/internal_message.html?_=1713829821722&CODE_STATE=getMsg HTTP/1.1" 200 27
180.169.147.146 - - [23/Apr/2024:07:50:23 +0800] "GET /xingrg/check_reg.html?_=1713829822394 HTTP/1.1" 200 22
120.253.135.82 - - [23/Apr/2024:07:50:24 +0800] "POST /xingrg/kc/pszx/mdps_list_operate.html HTTP/1.1" 200 541
120.253.135.82 - - [23/Apr/2024:07:50:27 +0800] "GET /xingrg/all/function/internal_message.html?_=1713830008781&CODE_STATE=getMsg HTTP/1.1" 200 27
120.253.135.82 - - [23/Apr/2024:07:50:27 +0800] "GET /xingrg/check_reg.html?_=1713830008783 HTTP/1.1" 200 22
120.253.135.82 - - [23/Apr/2024:07:50:31 +0800] "POST /xingrg/kc/pszx/mdps_list_operate.html HTTP/1.1" 200 432
120.253.135.82 - - [23/Apr/2024:07:50:34 +0800] "GET /xingrg/kc/pszx/mdps_order_info.html?code=312024042200359 HTTP/1.1" 200 23978
120.253.135.82 - - [23/Apr/2024:07:50:34 +0800] "GET /xingrg/javascript/easyui/themes/default/validatebox.css HTTP/1.1" 404 1104
120.253.135.82 - - [23/Apr/2024:07:50:34 +0800] "GET /xingrg/all/common/auto_word.html?type=base&rest_code=00101 HTTP/1.1" 200 671
120.253.135.82 - - [23/Apr/2024:07:50:35 +0800] "POST /xingrg/kc/pszx/mdps_order_operate.html HTTP/1.1" 200 3759
114.83.221.211 - - [23/Apr/2024:07:50:35 +0800] "GET /xingrg/kc/buy/cgsh_order_operate.html?command=get_materiel&rest_code=00149&code=00101008285&supplier_code=00100008&order_time=2024-04-23 HTTP/1.1" 200 413
120.253.135.82 - - [23/Apr/2024:07:50:45 +0800] "POST /xingrg/kc/pszx/mdps_list_operate.html HTTP/1.1" 200 5470
120.253.135.82 - - [23/Apr/2024:07:50:48 +0800] "POST /xingrg/kc/pszx/mdps_list_operate.html HTTP/1.1" 200 622
120.253.135.82 - - [23/Apr/2024:07:50:48 +0800] "GET /xingrg/kc/pszx/mdps_order_info.html?code=312024042200368 HTTP/1.1" 200 23978
120.253.135.82 - - [23/Apr/2024:07:50:48 +0800] "GET /xingrg/javascript/easyui/themes/default/validatebox.css HTTP/1.1" 404 1104
120.253.135.82 - - [23/Apr/2024:07:50:49 +0800] "GET /xingrg/all/common/auto_word.html?type=base&rest_code=00101 HTTP/1.1" 200 671
120.253.135.82 - - [23/Apr/2024:07:50:49 +0800] "POST /xingrg/kc/pszx/mdps_order_operate.html HTTP/1.1" 200 16172
124.78.56.241 - - [23/Apr/2024:07:50:57 +0800] "GET /xingrg/check_reg.html?_=1713829857207 HTTP/1.1" 302 -
120.253.135.82 - - [23/Apr/2024:07:51:02 +0800] "GET /xingrg/kc/pszx/mdps_order_add.html HTTP/1.1" 200 29102
120.253.135.82 - - [23/Apr/2024:07:51:02 +0800] "POST /xingrg/kc/pszx/mdps_order_operate.html HTTP/1.1" 200 7126
120.253.135.82 - - [23/Apr/2024:07:51:02 +0800] "GET /xingrg/all/common/auto_word.html?type=base&rest_code=00101 HTTP/1.1" 200 671
120.253.135.82 - - [23/Apr/2024:07:51:02 +0800] "GET /xingrg/javascript/easyui/themes/default/validatebox.css HTTP/1.1" 404 1104
120.253.135.82 - - [23/Apr/2024:07:51:03 +0800] "POST /xingrg/all/common/load_combo.html?type=base HTTP/1.1" 200 1169
114.83.221.211 - - [23/Apr/2024:07:51:06 +0800] "GET /xingrg/all/function/internal_message.html?_=1713829865685&CODE_STATE=getMsg HTTP/1.1" 200 27
116.232.195.13 - - [23/Apr/2024:07:51:07 +0800] "GET /xingrg/all/function/internal_message.html?_=1713829857378&CODE_STATE=getMsg HTTP/1.1" 200 27
180.169.147.146 - - [23/Apr/2024:07:51:11 +0800] "GET /xingrg/all/function/internal_message.html?_=1713829870750&CODE_STATE=getMsg HTTP/1.1" 200 27
120.253.135.82 - - [23/Apr/2024:07:51:11 +0800] "GET /xingrg/kc/pszx/mdps_order_operate.html?command=get_materiel&pszx_code=00101&rest_code=&base_code=0010246&code=00101016019 HTTP/1.1" 200 449
180.164.1.25 - - [23/Apr/2024:07:51:12 +0800] "GET /xingrg/all/function/internal_message.html?_=1713829872002&CODE_STATE=getMsg HTTP/1.1" 200 27
120.253.135.82 - - [23/Apr/2024:07:51:14 +0800] "POST /xingrg/all/common/load_select.html HTTP/1.1" 200 25
120.253.135.82 - - [23/Apr/2024:07:51:16 +0800] "GET /xingrg/kc/pszx/mdps_order_operate.html?command=get_materiel_price&pszx_code=00101&rest_code=&base_code=0010246&code=00101016019&unit_code=00100088&order_time=2024-04-23 HTTP/1.1" 200 35
222.70.244.105 - - [23/Apr/2024:07:51:19 +0800] "GET /xingrg/all/function/internal_message.html?_=1713829883220&CODE_STATE=getMsg HTTP/1.1" 200 27
116.232.195.13 - - [23/Apr/2024:07:51:21 +0800] "GET /xingrg/all/function/internal_message.html?_=1713829871076&CODE_STATE=getMsg HTTP/1.1" 200 27
221.239.169.251 - - [23/Apr/2024:07:51:21 +0800] "GET /xingrg/all/function/internal_message.html?_=1713829879943&CODE_STATE=getMsg HTTP/1.1" 200 27
116.224.254.208 - - [23/Apr/2024:07:51:22 +0800] "GET /xingrg/all/function/internal_message.html?_=1713829881713&CODE_STATE=getMsg HTTP/1.1" 200 27
120.253.135.82 - - [23/Apr/2024:07:51:27 +0800] "GET /xingrg/all/function/internal_message.html?_=1713830068787&CODE_STATE=getMsg HTTP/1.1" 200 27
120.253.135.82 - - [23/Apr/2024:07:51:57 +0800] "POST /xingrg/kc/pszx/mdps_list_operate.html HTTP/1.1" 200 5470
120.253.135.82 - - [23/Apr/2024:07:52:00 +0800] "POST /xingrg/kc/pszx/mdps_list_operate.html HTTP/1.1" 200 5359
120.253.135.82 - - [23/Apr/2024:07:52:03 +0800] "POST /xingrg/kc/pszx/mdps_list_operate.html HTTP/1.1" 200 655
120.253.135.82 - - [23/Apr/2024:07:52:04 +0800] "GET /xingrg/kc/pszx/mdps_order_info.html?code=312024042300385 HTTP/1.1" 200 23980
120.253.135.82 - - [23/Apr/2024:07:52:04 +0800] "GET /xingrg/javascript/easyui/themes/default/validatebox.css HTTP/1.1" 404 1104
120.253.135.82 - - [23/Apr/2024:07:52:04 +0800] "GET /xingrg/all/common/auto_word.html?type=base&rest_code=00101 HTTP/1.1" 200 671
120.253.135.82 - - [23/Apr/2024:07:52:04 +0800] "POST /xingrg/kc/pszx/mdps_order_operate.html HTTP/1.1" 200 21411
114.83.221.211 - - [23/Apr/2024:07:52:06 +0800] "GET /xingrg/check_reg.html?_=1713829925671 HTTP/1.1" 200 22
114.83.221.211 - - [23/Apr/2024:07:52:06 +0800] "GET /xingrg/all/function/internal_message.html?_=1713829925674&CODE_STATE=getMsg HTTP/1.1" 200 27
116.232.195.13 - - [23/Apr/2024:07:52:07 +0800] "GET /xingrg/all/function/internal_message.html?_=1713829917365&CODE_STATE=getMsg HTTP/1.1" 200 27
180.169.147.146 - - [23/Apr/2024:07:52:11 +0800] "GET /xingrg/all/function/internal_message.html?_=1713829930736&CODE_STATE=getMsg HTTP/1.1" 200 27
180.164.1.25 - - [23/Apr/2024:07:52:12 +0800] "GET /xingrg/all/function/internal_message.html?_=1713829931985&CODE_STATE=getMsg HTTP/1.1" 200 27
222.70.244.105 - - [23/Apr/2024:07:52:19 +0800] "GET /xingrg/all/function/internal_message.html?_=1713829943223&CODE_STATE=getMsg HTTP/1.1" 200 27
116.232.195.13 - - [23/Apr/2024:07:52:21 +0800] "GET /xingrg/all/function/internal_message.html?_=1713829931056&CODE_STATE=getMsg HTTP/1.1" 200 27
221.239.169.251 - - [23/Apr/2024:07:52:21 +0800] "GET /xingrg/all/function/internal_message.html?_=1713829939924&CODE_STATE=getMsg HTTP/1.1" 200 27
116.224.254.208 - - [23/Apr/2024:07:52:22 +0800] "GET /xingrg/check_reg.html?_=1713829941725 HTTP/1.1" 200 22
116.224.254.208 - - [23/Apr/2024:07:52:22 +0800] "GET /xingrg/all/function/internal_message.html?_=1713829941728&CODE_STATE=getMsg HTTP/1.1" 200 27
120.253.135.82 - - [23/Apr/2024:07:52:27 +0800] "GET /xingrg/all/function/internal_message.html?_=1713830128791&CODE_STATE=getMsg HTTP/1.1" 200 27
114.83.221.211 - - [23/Apr/2024:07:52:32 +0800] "POST /xingrg/kc/buy/cgsh_order_operate.html HTTP/1.1" 200 37
114.83.221.211 - - [23/Apr/2024:07:52:42 +0800] "POST /xingrg/kc/buy/cgsh_order_operate.html HTTP/1.1" 200 12
114.83.221.211 - - [23/Apr/2024:07:52:44 +0800] "GET /xingrg/kc/buy/cgsh_order_info.html?code=212024042306165 HTTP/1.1" 200 68993
114.83.221.211 - - [23/Apr/2024:07:52:45 +0800] "GET /xingrg/javascript/easyui/themes/default/validatebox.css HTTP/1.1" 404 1104
114.83.221.211 - - [23/Apr/2024:07:52:46 +0800] "POST /xingrg/kc/buy/cgsh_order_operate.html HTTP/1.1" 200 22483
114.83.221.211 - - [23/Apr/2024:07:52:50 +0800] "GET /xingrg/kc/print/load_config.html?kc_code=cgsh HTTP/1.1" 200 1927
114.83.221.211 - - [23/Apr/2024:07:52:51 +0800] "GET /xingrg/kc/print/load_data.html?order_code=212024042306165&kc_code=cgsh&condition= HTTP/1.1" 200 8991
114.83.221.211 - - [23/Apr/2024:07:53:06 +0800] "GET /xingrg/all/function/internal_message.html?_=1713829985672&CODE_STATE=getMsg HTTP/1.1" 200 27
116.232.195.13 - - [23/Apr/2024:07:53:07 +0800] "GET /xingrg/all/function/internal_message.html?_=1713829977372&CODE_STATE=getMsg HTTP/1.1" 200 27
180.169.147.146 - - [23/Apr/2024:07:53:11 +0800] "GET /xingrg/all/function/internal_message.html?_=1713829990711&CODE_STATE=getMsg HTTP/1.1" 200 27
180.164.1.25 - - [23/Apr/2024:07:53:12 +0800] "GET /xingrg/all/function/internal_message.html?_=1713829991958&CODE_STATE=getMsg HTTP/1.1" 200 27
222.70.244.105 - - [23/Apr/2024:07:53:19 +0800] "GET /xingrg/all/function/internal_message.html?_=1713830003246&CODE_STATE=getMsg HTTP/1.1" 200 27
116.232.195.13 - - [23/Apr/2024:07:53:21 +0800] "GET /xingrg/all/function/internal_message.html?_=1713829991031&CODE_STATE=getMsg HTTP/1.1" 200 27
221.239.169.251 - - [23/Apr/2024:07:53:21 +0800] "GET /xingrg/all/function/internal_message.html?_=1713829999912&CODE_STATE=getMsg HTTP/1.1" 200 27
116.224.254.208 - - [23/Apr/2024:07:53:22 +0800] "GET /xingrg/all/function/internal_message.html?_=1713830001726&CODE_STATE=getMsg HTTP/1.1" 200 27
120.253.135.82 - - [23/Apr/2024:07:53:27 +0800] "GET /xingrg/all/function/internal_message.html?_=1713830188796&CODE_STATE=getMsg HTTP/1.1" 200 27
180.164.1.25 - - [23/Apr/2024:07:53:32 +0800] "GET /xingrg/check_reg.html?_=1713830011537 HTTP/1.1" 200 22
116.232.195.13 - - [23/Apr/2024:07:53:33 +0800] "GET /xingrg/check_reg.html?_=1713830002925 HTTP/1.1" 200 22
222.70.244.105 - - [23/Apr/2024:07:54:04 +0800] "GET /xingrg/check_reg.html?_=1713830048652 HTTP/1.1" 200 22
114.83.221.211 - - [23/Apr/2024:07:54:06 +0800] "GET /xingrg/kc/buy/cgsh_order_add.html HTTP/1.1" 200 74122
114.83.221.211 - - [23/Apr/2024:07:54:06 +0800] "GET /xingrg/all/function/internal_message.html?_=1713830045686&CODE_STATE=getMsg HTTP/1.1" 200 27
114.83.221.211 - - [23/Apr/2024:07:54:06 +0800] "POST /xingrg/kc/buy/cgsh_order_operate.html HTTP/1.1" 200 8245
114.83.221.211 - - [23/Apr/2024:07:54:06 +0800] "GET /xingrg/javascript/easyui/themes/default/validatebox.css HTTP/1.1" 404 1104
116.232.195.13 - - [23/Apr/2024:07:54:07 +0800] "GET /xingrg/all/function/internal_message.html?_=1713830037371&CODE_STATE=getMsg HTTP/1.1" 200 27
116.232.195.13 - - [23/Apr/2024:07:54:07 +0800] "GET /xingrg/check_reg.html?_=1713830037373 HTTP/1.1" 200 22
180.169.147.146 - - [23/Apr/2024:07:54:11 +0800] "GET /xingrg/all/function/internal_message.html?_=1713830050687&CODE_STATE=getMsg HTTP/1.1" 200 27
180.164.1.25 - - [23/Apr/2024:07:54:12 +0800] "GET /xingrg/all/function/internal_message.html?_=1713830051938&CODE_STATE=getMsg HTTP/1.1" 200 27
222.70.244.105 - - [23/Apr/2024:07:54:19 +0800] "GET /xingrg/all/function/internal_message.html?_=1713830063251&CODE_STATE=getMsg HTTP/1.1" 200 27
116.232.195.13 - - [23/Apr/2024:07:54:21 +0800] "GET /xingrg/all/function/internal_message.html?_=1713830051011&CODE_STATE=getMsg HTTP/1.1" 200 27
221.239.169.251 - - [23/Apr/2024:07:54:21 +0800] "GET /xingrg/all/function/internal_message.html?_=1713830059915&CODE_STATE=getMsg HTTP/1.1" 200 27
116.224.254.208 - - [23/Apr/2024:07:54:22 +0800] "GET /xingrg/all/function/internal_message.html?_=1713830061722&CODE_STATE=getMsg HTTP/1.1" 200 27
120.253.135.82 - - [23/Apr/2024:07:54:27 +0800] "GET /xingrg/all/function/internal_message.html?_=1713830248803&CODE_STATE=getMsg HTTP/1.1" 200 27
114.83.221.211 - - [23/Apr/2024:07:55:06 +0800] "GET /xingrg/all/function/internal_message.html?_=1713830105671&CODE_STATE=getMsg HTTP/1.1" 200 27
116.232.195.13 - - [23/Apr/2024:07:55:07 +0800] "GET /xingrg/all/function/internal_message.html?_=1713830097374&CODE_STATE=getMsg HTTP/1.1" 200 27
180.169.147.146 - - [23/Apr/2024:07:55:11 +0800] "GET /xingrg/all/function/internal_message.html?_=1713830110681&CODE_STATE=getMsg HTTP/1.1" 200 27
180.164.1.25 - - [23/Apr/2024:07:55:12 +0800] "GET /xingrg/all/function/internal_message.html?_=1713830111931&CODE_STATE=getMsg HTTP/1.1" 200 27
222.70.244.105 - - [23/Apr/2024:07:55:19 +0800] "GET /xingrg/all/function/internal_message.html?_=1713830123264&CODE_STATE=getMsg HTTP/1.1" 200 27
116.232.195.13 - - [23/Apr/2024:07:55:21 +0800] "GET /xingrg/all/function/internal_message.html?_=1713830110982&CODE_STATE=getMsg HTTP/1.1" 200 27
221.239.169.251 - - [23/Apr/2024:07:55:21 +0800] "GET /xingrg/all/function/internal_message.html?_=1713830119911&CODE_STATE=getMsg HTTP/1.1" 200 27
221.239.169.251 - - [23/Apr/2024:07:55:21 +0800] "GET /xingrg/check_reg.html?_=1713830119920 HTTP/1.1" 200 22
116.224.254.208 - - [23/Apr/2024:07:55:22 +0800] "GET /xingrg/all/function/internal_message.html?_=1713830121717&CODE_STATE=getMsg HTTP/1.1" 200 27
180.169.147.146 - - [23/Apr/2024:07:55:23 +0800] "GET /xingrg/check_reg.html?_=1713830122392 HTTP/1.1" 200 22
120.253.135.82 - - [23/Apr/2024:07:55:28 +0800] "GET /xingrg/all/function/internal_message.html?_=1713830308808&CODE_STATE=getMsg HTTP/1.1" 200 27
120.253.135.82 - - [23/Apr/2024:07:55:28 +0800] "GET /xingrg/check_reg.html?_=1713830308810 HTTP/1.1" 200 22
114.83.221.211 - - [23/Apr/2024:07:55:42 +0800] "GET /xingrg/kc/buy/cgsh_order_operate.html?command=get_materiel&rest_code=00149&code=00101006130&supplier_code=00100096&order_time=2024-04-23 HTTP/1.1" 200 437
124.78.56.241 - - [23/Apr/2024:07:55:57 +0800] "GET /xingrg/check_reg.html?_=1713830157199 HTTP/1.1" 302 -
114.83.221.211 - - [23/Apr/2024:07:56:03 +0800] "GET /xingrg/kc/buy/cgsh_order_operate.html?command=get_materiel&rest_code=00149&code=00101006111&supplier_code=00100096&order_time=2024-04-23 HTTP/1.1" 200 411
114.83.221.211 - - [23/Apr/2024:07:56:06 +0800] "GET /xingrg/all/function/internal_message.html?_=1713830165678&CODE_STATE=getMsg HTTP/1.1" 200 27
116.232.195.13 - - [23/Apr/2024:07:56:07 +0800] "GET /xingrg/all/function/internal_message.html?_=1713830157373&CODE_STATE=getMsg HTTP/1.1" 200 27
180.169.147.146 - - [23/Apr/2024:07:56:11 +0800] "GET /xingrg/all/function/internal_message.html?_=1713830170676&CODE_STATE=getMsg HTTP/1.1" 200 27
180.164.1.25 - - [23/Apr/2024:07:56:12 +0800] "GET /xingrg/all/function/internal_message.html?_=1713830171905&CODE_STATE=getMsg HTTP/1.1" 200 27
114.83.221.211 - - [23/Apr/2024:07:56:15 +0800] "GET /xingrg/kc/buy/cgsh_order_operate.html?command=get_materiel&rest_code=00149&code=00101006058&supplier_code=00100096&order_time=2024-04-23 HTTP/1.1" 200 415
222.70.244.105 - - [23/Apr/2024:07:56:19 +0800] "GET /xingrg/all/function/internal_message.html?_=1713830183287&CODE_STATE=getMsg HTTP/1.1" 200 27
116.232.195.13 - - [23/Apr/2024:07:56:21 +0800] "GET /xingrg/all/function/internal_message.html?_=1713830170983&CODE_STATE=getMsg HTTP/1.1" 200 27
221.239.169.251 - - [23/Apr/2024:07:56:21 +0800] "GET /xingrg/all/function/internal_message.html?_=1713830179923&CODE_STATE=getMsg HTTP/1.1" 200 27
116.224.254.208 - - [23/Apr/2024:07:56:22 +0800] "GET /xingrg/all/function/internal_message.html?_=1713830181707&CODE_STATE=getMsg HTTP/1.1" 200 27
120.253.135.82 - - [23/Apr/2024:07:56:27 +0800] "GET /xingrg/all/function/internal_message.html?_=1713830368812&CODE_STATE=getMsg HTTP/1.1" 200 27
114.83.221.211 - - [23/Apr/2024:07:56:33 +0800] "POST /xingrg/kc/buy/cgsh_order_operate.html HTTP/1.1" 200 37
114.83.221.211 - - [23/Apr/2024:07:56:40 +0800] "POST /xingrg/kc/buy/cgsh_order_operate.html HTTP/1.1" 200 12
114.83.221.211 - - [23/Apr/2024:07:56:49 +0800] "GET /xingrg/kc/buy/cgsh_order_info.html?code=212024042306166 HTTP/1.1" 200 68983
114.83.221.211 - - [23/Apr/2024:07:56:49 +0800] "GET /xingrg/javascript/easyui/themes/default/validatebox.css HTTP/1.1" 404 1104
114.83.221.211 - - [23/Apr/2024:07:56:50 +0800] "POST /xingrg/kc/buy/cgsh_order_operate.html HTTP/1.1" 200 1823
114.83.221.211 - - [23/Apr/2024:07:57:03 +0800] "GET /xingrg/kc/print/load_data.html?order_code=212024042306166&kc_code=cgsh&condition= HTTP/1.1" 200 1163
114.83.221.211 - - [23/Apr/2024:07:57:06 +0800] "GET /xingrg/check_reg.html?_=1713830225671 HTTP/1.1" 200 22
114.83.221.211 - - [23/Apr/2024:07:57:06 +0800] "GET /xingrg/all/function/internal_message.html?_=1713830225675&CODE_STATE=getMsg HTTP/1.1" 200 27
116.232.195.13 - - [23/Apr/2024:07:57:07 +0800] "GET /xingrg/all/function/internal_message.html?_=1713830217364&CODE_STATE=getMsg HTTP/1.1" 200 27
180.169.147.146 - - [23/Apr/2024:07:57:11 +0800] "GET /xingrg/all/function/internal_message.html?_=1713830230675&CODE_STATE=getMsg HTTP/1.1" 200 27
180.164.1.25 - - [23/Apr/2024:07:57:12 +0800] "GET /xingrg/all/function/internal_message.html?_=1713830231876&CODE_STATE=getMsg HTTP/1.1" 200 27
222.70.244.105 - - [23/Apr/2024:07:57:19 +0800] "GET /xingrg/all/function/internal_message.html?_=1713830243290&CODE_STATE=getMsg HTTP/1.1" 200 27
116.232.195.13 - - [23/Apr/2024:07:57:21 +0800] "GET /xingrg/all/function/internal_message.html?_=1713830230966&CODE_STATE=getMsg HTTP/1.1" 200 27
221.239.169.251 - - [23/Apr/2024:07:57:21 +0800] "GET /xingrg/all/function/internal_message.html?_=1713830239938&CODE_STATE=getMsg HTTP/1.1" 200 27
116.224.254.208 - - [23/Apr/2024:07:57:22 +0800] "GET /xingrg/all/function/internal_message.html?_=1713830241712&CODE_STATE=getMsg HTTP/1.1" 200 27
116.224.254.208 - - [23/Apr/2024:07:57:22 +0800] "GET /xingrg/check_reg.html?_=1713830241716 HTTP/1.1" 200 22
120.253.135.82 - - [23/Apr/2024:07:57:27 +0800] "GET /xingrg/all/function/internal_message.html?_=1713830428819&CODE_STATE=getMsg HTTP/1.1" 200 27
180.164.1.25 - - [23/Apr/2024:07:57:44 +0800] "POST /xingrg/services/DataTransmitService HTTP/1.1" 200 524
180.164.1.25 - - [23/Apr/2024:07:57:45 +0800] "POST /xingrg/services/DataTransmitService HTTP/1.1" 200 412
114.83.221.211 - - [23/Apr/2024:07:58:06 +0800] "GET /xingrg/all/function/internal_message.html?_=1713830285675&CODE_STATE=getMsg HTTP/1.1" 200 27
116.232.195.13 - - [23/Apr/2024:07:58:07 +0800] "GET /xingrg/all/function/internal_message.html?_=1713830277375&CODE_STATE=getMsg HTTP/1.1" 200 27
180.169.147.146 - - [23/Apr/2024:07:58:11 +0800] "GET /xingrg/all/function/internal_message.html?_=1713830290650&CODE_STATE=getMsg HTTP/1.1" 200 27
180.164.1.25 - - [23/Apr/2024:07:58:12 +0800] "GET /xingrg/all/function/internal_message.html?_=1713830291854&CODE_STATE=getMsg HTTP/1.1" 200 27
222.70.244.105 - - [23/Apr/2024:07:58:19 +0800] "GET /xingrg/all/function/internal_message.html?_=1713830303313&CODE_STATE=getMsg HTTP/1.1" 200 27
116.232.195.13 - - [23/Apr/2024:07:58:21 +0800] "GET /xingrg/all/function/internal_message.html?_=1713830290938&CODE_STATE=getMsg HTTP/1.1" 200 27
221.239.169.251 - - [23/Apr/2024:07:58:21 +0800] "GET /xingrg/all/function/internal_message.html?_=1713830299916&CODE_STATE=getMsg HTTP/1.1" 200 27
116.224.254.208 - - [23/Apr/2024:07:58:22 +0800] "GET /xingrg/all/function/internal_message.html?_=1713830301719&CODE_STATE=getMsg HTTP/1.1" 200 27
120.253.135.82 - - [23/Apr/2024:07:58:27 +0800] "GET /xingrg/all/function/internal_message.html?_=1713830488823&CODE_STATE=getMsg HTTP/1.1" 200 27
180.164.1.25 - - [23/Apr/2024:07:58:32 +0800] "GET /xingrg/check_reg.html?_=1713830311535 HTTP/1.1" 200 22
116.232.195.13 - - [23/Apr/2024:07:58:33 +0800] "GET /xingrg/check_reg.html?_=1713830302931 HTTP/1.1" 200 22
222.70.244.105 - - [23/Apr/2024:07:59:04 +0800] "GET /xingrg/check_reg.html?_=1713830348653 HTTP/1.1" 200 22
114.83.221.211 - - [23/Apr/2024:07:59:06 +0800] "GET /xingrg/all/function/internal_message.html?_=1713830345676&CODE_STATE=getMsg HTTP/1.1" 200 27
116.232.195.13 - - [23/Apr/2024:07:59:07 +0800] "GET /xingrg/check_reg.html?_=1713830337378 HTTP/1.1" 200 22
116.232.195.13 - - [23/Apr/2024:07:59:07 +0800] "GET /xingrg/all/function/internal_message.html?_=1713830337382&CODE_STATE=getMsg HTTP/1.1" 200 27
180.169.147.146 - - [23/Apr/2024:07:59:11 +0800] "GET /xingrg/all/function/internal_message.html?_=1713830350641&CODE_STATE=getMsg HTTP/1.1" 200 27
180.164.1.25 - - [23/Apr/2024:07:59:12 +0800] "GET /xingrg/all/function/internal_message.html?_=1713830351836&CODE_STATE=getMsg HTTP/1.1" 200 27
222.70.244.105 - - [23/Apr/2024:07:59:19 +0800] "GET /xingrg/all/function/internal_message.html?_=1713830363321&CODE_STATE=getMsg HTTP/1.1" 200 27
116.232.195.13 - - [23/Apr/2024:07:59:21 +0800] "GET /xingrg/all/function/internal_message.html?_=1713830350928&CODE_STATE=getMsg HTTP/1.1" 200 27
221.239.169.251 - - [23/Apr/2024:07:59:21 +0800] "GET /xingrg/all/function/internal_message.html?_=1713830359913&CODE_STATE=getMsg HTTP/1.1" 200 27
116.224.254.208 - - [23/Apr/2024:07:59:22 +0800] "GET /xingrg/all/function/internal_message.html?_=1713830361715&CODE_STATE=getMsg HTTP/1.1" 200 27
120.253.135.82 - - [23/Apr/2024:07:59:27 +0800] "GET /xingrg/all/function/internal_message.html?_=1713830548829&CODE_STATE=getMsg HTTP/1.1" 200 27
114.83.221.211 - - [23/Apr/2024:08:00:06 +0800] "GET /xingrg/all/function/internal_message.html?_=1713830405676&CODE_STATE=getMsg HTTP/1.1" 200 27
116.232.195.13 - - [23/Apr/2024:08:00:07 +0800] "GET /xingrg/all/function/internal_message.html?_=1713830397381&CODE_STATE=getMsg HTTP/1.1" 200 27
180.169.147.146 - - [23/Apr/2024:08:00:11 +0800] "GET /xingrg/all/function/internal_message.html?_=1713830410623&CODE_STATE=getMsg HTTP/1.1" 200 27
180.164.1.25 - - [23/Apr/2024:08:00:12 +0800] "GET /xingrg/all/function/internal_message.html?_=1713830411822&CODE_STATE=getMsg HTTP/1.1" 200 27
222.70.244.105 - - [23/Apr/2024:08:00:19 +0800] "GET /xingrg/all/function/internal_message.html?_=1713830423334&CODE_STATE=getMsg HTTP/1.1" 200 27
116.232.195.13 - - [23/Apr/2024:08:00:21 +0800] "GET /xingrg/all/function/internal_message.html?_=1713830410908&CODE_STATE=getMsg HTTP/1.1" 200 27
221.239.169.251 - - [23/Apr/2024:08:00:21 +0800] "GET /xingrg/all/function/internal_message.html?_=1713830419936&CODE_STATE=getMsg HTTP/1.1" 200 27
221.239.169.251 - - [23/Apr/2024:08:00:21 +0800] "GET /xingrg/check_reg.html?_=1713830419940 HTTP/1.1" 200 22
116.224.254.208 - - [23/Apr/2024:08:00:22 +0800] "GET /xingrg/all/function/internal_message.html?_=1713830421733&CODE_STATE=getMsg HTTP/1.1" 200 27
180.169.147.146 - - [23/Apr/2024:08:00:23 +0800] "GET /xingrg/check_reg.html?_=1713830422396 HTTP/1.1" 200 22
120.253.135.82 - - [23/Apr/2024:08:00:27 +0800] "GET /xingrg/all/function/internal_message.html?_=1713830608834&CODE_STATE=getMsg HTTP/1.1" 200 27
120.253.135.82 - - [23/Apr/2024:08:00:27 +0800] "GET /xingrg/check_reg.html?_=1713830608836 HTTP/1.1" 200 22
124.78.56.241 - - [23/Apr/2024:08:00:57 +0800] "GET /xingrg/check_reg.html?_=1713830457176 HTTP/1.1" 302 -
114.83.221.211 - - [23/Apr/2024:08:01:06 +0800] "GET /xingrg/all/function/internal_message.html?_=1713830465674&CODE_STATE=getMsg HTTP/1.1" 200 27
116.232.195.13 - - [23/Apr/2024:08:01:07 +0800] "GET /xingrg/all/function/internal_message.html?_=1713830457379&CODE_STATE=getMsg HTTP/1.1" 200 27
180.169.147.146 - - [23/Apr/2024:08:01:11 +0800] "GET /xingrg/all/function/internal_message.html?_=1713830470606&CODE_STATE=getMsg HTTP/1.1" 200 27
180.164.1.25 - - [23/Apr/2024:08:01:12 +0800] "GET /xingrg/all/function/internal_message.html?_=1713830471816&CODE_STATE=getMsg HTTP/1.1" 200 27
222.70.244.105 - - [23/Apr/2024:08:01:19 +0800] "GET /xingrg/all/function/internal_message.html?_=1713830483352&CODE_STATE=getMsg HTTP/1.1" 200 27
116.232.195.13 - - [23/Apr/2024:08:01:21 +0800] "GET /xingrg/all/function/internal_message.html?_=1713830470881&CODE_STATE=getMsg HTTP/1.1" 200 27
221.239.169.251 - - [23/Apr/2024:08:01:21 +0800] "GET /xingrg/all/function/internal_message.html?_=1713830479923&CODE_STATE=getMsg HTTP/1.1" 200 27
116.224.254.208 - - [23/Apr/2024:08:01:22 +0800] "GET /xingrg/all/function/internal_message.html?_=1713830481714&CODE_STATE=getMsg HTTP/1.1" 200 27
120.253.135.82 - - [23/Apr/2024:08:01:27 +0800] "GET /xingrg/all/function/internal_message.html?_=1713830668839&CODE_STATE=getMsg HTTP/1.1" 200 27
114.83.221.211 - - [23/Apr/2024:08:02:06 +0800] "GET /xingrg/check_reg.html?_=1713830525682 HTTP/1.1" 200 22
114.83.221.211 - - [23/Apr/2024:08:02:06 +0800] "GET /xingrg/all/function/internal_message.html?_=1713830525685&CODE_STATE=getMsg HTTP/1.1" 200 27
116.232.195.13 - - [23/Apr/2024:08:02:07 +0800] "GET /xingrg/all/function/internal_message.html?_=1713830517379&CODE_STATE=getMsg HTTP/1.1" 200 27
180.169.147.146 - - [23/Apr/2024:08:02:11 +0800] "GET /xingrg/all/function/internal_message.html?_=1713830530581&CODE_STATE=getMsg HTTP/1.1" 200 27
180.164.1.25 - - [23/Apr/2024:08:02:12 +0800] "GET /xingrg/all/function/internal_message.html?_=1713830531795&CODE_STATE=getMsg HTTP/1.1" 200 27
222.70.244.105 - - [23/Apr/2024:08:02:19 +0800] "GET /xingrg/all/function/internal_message.html?_=1713830543358&CODE_STATE=getMsg HTTP/1.1" 200 27
116.232.195.13 - - [23/Apr/2024:08:02:21 +0800] "GET /xingrg/all/function/internal_message.html?_=1713830530864&CODE_STATE=getMsg HTTP/1.1" 200 27
221.239.169.251 - - [23/Apr/2024:08:02:21 +0800] "GET /xingrg/all/function/internal_message.html?_=1713830539931&CODE_STATE=getMsg HTTP/1.1" 200 27
116.224.254.208 - - [23/Apr/2024:08:02:22 +0800] "GET /xingrg/all/function/internal_message.html?_=1713830541728&CODE_STATE=getMsg HTTP/1.1" 200 27
116.224.254.208 - - [23/Apr/2024:08:02:22 +0800] "GET /xingrg/check_reg.html?_=1713830541731 HTTP/1.1" 200 22
120.253.135.82 - - [23/Apr/2024:08:02:27 +0800] "GET /xingrg/all/function/internal_message.html?_=1713830728845&CODE_STATE=getMsg HTTP/1.1" 200 27
114.83.221.211 - - [23/Apr/2024:08:03:06 +0800] "GET /xingrg/all/function/internal_message.html?_=1713830585689&CODE_STATE=getMsg HTTP/1.1" 200 27
116.232.195.13 - - [23/Apr/2024:08:03:07 +0800] "GET /xingrg/all/function/internal_message.html?_=1713830577366&CODE_STATE=getMsg HTTP/1.1" 200 27
180.169.147.146 - - [23/Apr/2024:08:03:11 +0800] "GET /xingrg/all/function/internal_message.html?_=1713830590556&CODE_STATE=getMsg HTTP/1.1" 200 27
180.164.1.25 - - [23/Apr/2024:08:03:12 +0800] "GET /xingrg/all/function/internal_message.html?_=1713830591777&CODE_STATE=getMsg HTTP/1.1" 200 27
222.70.244.105 - - [23/Apr/2024:08:03:19 +0800] "GET /xingrg/all/function/internal_message.html?_=1713830603381&CODE_STATE=getMsg HTTP/1.1" 200 27
116.232.195.13 - - [23/Apr/2024:08:03:21 +0800] "GET /xingrg/all/function/internal_message.html?_=1713830590845&CODE_STATE=getMsg HTTP/1.1" 200 27
221.239.169.251 - - [23/Apr/2024:08:03:21 +0800] "GET /xingrg/all/function/internal_message.html?_=1713830599917&CODE_STATE=getMsg HTTP/1.1" 200 27
116.224.254.208 - - [23/Apr/2024:08:03:22 +0800] "GET /xingrg/all/function/internal_message.html?_=1713830601729&CODE_STATE=getMsg HTTP/1.1" 200 27
120.253.135.82 - - [23/Apr/2024:08:03:27 +0800] "GET /xingrg/all/function/internal_message.html?_=1713830788850&CODE_STATE=getMsg HTTP/1.1" 200 27
180.164.1.25 - - [23/Apr/2024:08:03:32 +0800] "GET /xingrg/check_reg.html?_=1713830611538 HTTP/1.1" 200 22
116.232.195.13 - - [23/Apr/2024:08:03:33 +0800] "GET /xingrg/check_reg.html?_=1713830602940 HTTP/1.1" 200 22
222.70.244.105 - - [23/Apr/2024:08:04:04 +0800] "GET /xingrg/check_reg.html?_=1713830648659 HTTP/1.1" 200 22
114.83.221.211 - - [23/Apr/2024:08:04:06 +0800] "GET /xingrg/all/function/internal_message.html?_=1713830645692&CODE_STATE=getMsg HTTP/1.1" 200 27
116.232.195.13 - - [23/Apr/2024:08:04:07 +0800] "GET /xingrg/all/function/internal_message.html?_=1713830637370&CODE_STATE=getMsg HTTP/1.1" 200 27
116.232.195.13 - - [23/Apr/2024:08:04:07 +0800] "GET /xingrg/check_reg.html?_=1713830637372 HTTP/1.1" 200 22
180.169.147.146 - - [23/Apr/2024:08:04:11 +0800] "GET /xingrg/all/function/internal_message.html?_=1713830650533&CODE_STATE=getMsg HTTP/1.1" 200 27
180.164.1.25 - - [23/Apr/2024:08:04:12 +0800] "GET /xingrg/all/function/internal_message.html?_=1713830651766&CODE_STATE=getMsg HTTP/1.1" 200 27
222.70.244.105 - - [23/Apr/2024:08:04:19 +0800] "GET /xingrg/all/function/internal_message.html?_=1713830663387&CODE_STATE=getMsg HTTP/1.1" 200 27
116.232.195.13 - - [23/Apr/2024:08:04:21 +0800] "GET /xingrg/all/function/internal_message.html?_=1713830650830&CODE_STATE=getMsg HTTP/1.1" 200 27
221.239.169.251 - - [23/Apr/2024:08:04:21 +0800] "GET /xingrg/all/function/internal_message.html?_=1713830659949&CODE_STATE=getMsg HTTP/1.1" 200 27
116.224.254.208 - - [23/Apr/2024:08:04:22 +0800] "GET /xingrg/all/function/internal_message.html?_=1713830661726&CODE_STATE=getMsg HTTP/1.1" 200 27
120.253.135.82 - - [23/Apr/2024:08:04:27 +0800] "GET /xingrg/all/function/internal_message.html?_=1713830848854&CODE_STATE=getMsg HTTP/1.1" 200 27
114.83.221.211 - - [23/Apr/2024:08:05:06 +0800] "GET /xingrg/all/function/internal_message.html?_=1713830705681&CODE_STATE=getMsg HTTP/1.1" 200 27
101.83.144.49 - - [23/Apr/2024:08:05:07 +0800] "POST /xingrg/services/DataTransmitService HTTP/1.1" 200 524
116.232.195.13 - - [23/Apr/2024:08:05:07 +0800] "GET /xingrg/all/function/internal_message.html?_=1713830697362&CODE_STATE=getMsg HTTP/1.1" 200 27
180.169.147.146 - - [23/Apr/2024:08:05:11 +0800] "GET /xingrg/all/function/internal_message.html?_=1713830710513&CODE_STATE=getMsg HTTP/1.1" 200 27
180.164.1.25 - - [23/Apr/2024:08:05:12 +0800] "GET /xingrg/all/function/internal_message.html?_=1713830711737&CODE_STATE=getMsg HTTP/1.1" 200 27
222.70.244.105 - - [23/Apr/2024:08:05:19 +0800] "GET /xingrg/all/function/internal_message.html?_=1713830723400&CODE_STATE=getMsg HTTP/1.1" 200 27
116.232.195.13 - - [23/Apr/2024:08:05:21 +0800] "GET /xingrg/all/function/internal_message.html?_=1713830710814&CODE_STATE=getMsg HTTP/1.1" 200 27
221.239.169.251 - - [23/Apr/2024:08:05:21 +0800] "GET /xingrg/check_reg.html?_=1713830719916 HTTP/1.1" 200 22
221.239.169.251 - - [23/Apr/2024:08:05:21 +0800] "GET /xingrg/all/function/internal_message.html?_=1713830719935&CODE_STATE=getMsg HTTP/1.1" 200 27
116.224.254.208 - - [23/Apr/2024:08:05:22 +0800] "GET /xingrg/all/function/internal_message.html?_=1713830721715&CODE_STATE=getMsg HTTP/1.1" 200 27
180.169.147.146 - - [23/Apr/2024:08:05:23 +0800] "GET /xingrg/check_reg.html?_=1713830722399 HTTP/1.1" 200 22
120.253.135.82 - - [23/Apr/2024:08:05:27 +0800] "GET /xingrg/all/function/internal_message.html?_=1713830908861&CODE_STATE=getMsg HTTP/1.1" 200 27
120.253.135.82 - - [23/Apr/2024:08:05:27 +0800] "GET /xingrg/check_reg.html?_=1713830908864 HTTP/1.1" 200 22
124.78.56.241 - - [23/Apr/2024:08:05:57 +0800] "GET /xingrg/check_reg.html?_=1713830757152 HTTP/1.1" 302 -
114.83.221.211 - - [23/Apr/2024:08:06:06 +0800] "GET /xingrg/all/function/internal_message.html?_=1713830765702&CODE_STATE=getMsg HTTP/1.1" 200 27
116.232.195.13 - - [23/Apr/2024:08:06:07 +0800] "GET /xingrg/all/function/internal_message.html?_=1713830757372&CODE_STATE=getMsg HTTP/1.1" 200 27
180.169.147.146 - - [23/Apr/2024:08:06:11 +0800] "GET /xingrg/all/function/internal_message.html?_=1713830770497&CODE_STATE=getMsg HTTP/1.1" 200 27
180.164.1.25 - - [23/Apr/2024:08:06:12 +0800] "GET /xingrg/all/function/internal_message.html?_=1713830771715&CODE_STATE=getMsg HTTP/1.1" 200 27
222.70.244.105 - - [23/Apr/2024:08:06:19 +0800] "GET /xingrg/all/function/internal_message.html?_=1713830783423&CODE_STATE=getMsg HTTP/1.1" 200 27
116.232.195.13 - - [23/Apr/2024:08:06:21 +0800] "GET /xingrg/all/function/internal_message.html?_=1713830770802&CODE_STATE=getMsg HTTP/1.1" 200 27
221.239.169.251 - - [23/Apr/2024:08:06:21 +0800] "GET /xingrg/all/function/internal_message.html?_=1713830779963&CODE_STATE=getMsg HTTP/1.1" 200 27
116.224.254.208 - - [23/Apr/2024:08:06:22 +0800] "GET /xingrg/all/function/internal_message.html?_=1713830781728&CODE_STATE=getMsg HTTP/1.1" 200 27
120.253.135.82 - - [23/Apr/2024:08:06:27 +0800] "GET /xingrg/all/function/internal_message.html?_=1713830968865&CODE_STATE=getMsg HTTP/1.1" 200 27
114.83.221.211 - - [23/Apr/2024:08:07:06 +0800] "GET /xingrg/check_reg.html?_=1713830825687 HTTP/1.1" 200 22
114.83.221.211 - - [23/Apr/2024:08:07:06 +0800] "GET /xingrg/all/function/internal_message.html?_=1713830825692&CODE_STATE=getMsg HTTP/1.1" 200 27
116.232.195.13 - - [23/Apr/2024:08:07:07 +0800] "GET /xingrg/all/function/internal_message.html?_=1713830817365&CODE_STATE=getMsg HTTP/1.1" 200 27
180.169.147.146 - - [23/Apr/2024:08:07:11 +0800] "GET /xingrg/all/function/internal_message.html?_=1713830830492&CODE_STATE=getMsg HTTP/1.1" 200 27
180.164.1.25 - - [23/Apr/2024:08:07:12 +0800] "GET /xingrg/all/function/internal_message.html?_=1713830831702&CODE_STATE=getMsg HTTP/1.1" 200 27
222.70.244.105 - - [23/Apr/2024:08:07:19 +0800] "GET /xingrg/all/function/internal_message.html?_=1713830843426&CODE_STATE=getMsg HTTP/1.1" 200 27
116.232.195.13 - - [23/Apr/2024:08:07:21 +0800] "GET /xingrg/all/function/internal_message.html?_=1713830830778&CODE_STATE=getMsg HTTP/1.1" 200 27
221.239.169.251 - - [23/Apr/2024:08:07:21 +0800] "GET /xingrg/all/function/internal_message.html?_=1713830839963&CODE_STATE=getMsg HTTP/1.1" 200 27
116.224.254.208 - - [23/Apr/2024:08:07:22 +0800] "GET /xingrg/all/function/internal_message.html?_=1713830841719&CODE_STATE=getMsg HTTP/1.1" 200 27
116.224.254.208 - - [23/Apr/2024:08:07:22 +0800] "GET /xingrg/check_reg.html?_=1713830841722 HTTP/1.1" 200 22
120.253.135.82 - - [23/Apr/2024:08:07:27 +0800] "GET /xingrg/all/function/internal_message.html?_=1713831028871&CODE_STATE=getMsg HTTP/1.1" 200 27
114.83.221.211 - - [23/Apr/2024:08:08:06 +0800] "GET /xingrg/all/function/internal_message.html?_=1713830885703&CODE_STATE=getMsg HTTP/1.1" 200 27
116.232.195.13 - - [23/Apr/2024:08:08:07 +0800] "GET /xingrg/all/function/internal_message.html?_=1713830877374&CODE_STATE=getMsg HTTP/1.1" 200 27
180.169.147.146 - - [23/Apr/2024:08:08:11 +0800] "GET /xingrg/all/function/internal_message.html?_=1713830890480&CODE_STATE=getMsg HTTP/1.1" 200 27
180.164.1.25 - - [23/Apr/2024:08:08:12 +0800] "GET /xingrg/all/function/internal_message.html?_=1713830891679&CODE_STATE=getMsg HTTP/1.1" 200 27
222.70.244.105 - - [23/Apr/2024:08:08:19 +0800] "GET /xingrg/all/function/internal_message.html?_=1713830903450&CODE_STATE=getMsg HTTP/1.1" 200 27
116.232.195.13 - - [23/Apr/2024:08:08:21 +0800] "GET /xingrg/all/function/internal_message.html?_=1713830890758&CODE_STATE=getMsg HTTP/1.1" 200 27
221.239.169.251 - - [23/Apr/2024:08:08:21 +0800] "GET /xingrg/all/function/internal_message.html?_=1713830899943&CODE_STATE=getMsg HTTP/1.1" 200 27
116.224.254.208 - - [23/Apr/2024:08:08:22 +0800] "GET /xingrg/all/function/internal_message.html?_=1713830901712&CODE_STATE=getMsg HTTP/1.1" 200 27
120.253.135.82 - - [23/Apr/2024:08:08:27 +0800] "GET /xingrg/all/function/internal_message.html?_=1713831088876&CODE_STATE=getMsg HTTP/1.1" 200 27
180.164.1.25 - - [23/Apr/2024:08:08:32 +0800] "GET /xingrg/check_reg.html?_=1713830911537 HTTP/1.1" 200 22
116.232.195.13 - - [23/Apr/2024:08:08:33 +0800] "GET /xingrg/check_reg.html?_=1713830902941 HTTP/1.1" 200 22
222.70.244.105 - - [23/Apr/2024:08:09:04 +0800] "GET /xingrg/check_reg.html?_=1713830948666 HTTP/1.1" 200 22
114.83.221.211 - - [23/Apr/2024:08:09:06 +0800] "GET /xingrg/all/function/internal_message.html?_=1713830945697&CODE_STATE=getMsg HTTP/1.1" 200 27
116.232.195.13 - - [23/Apr/2024:08:09:07 +0800] "GET /xingrg/check_reg.html?_=1713830937363 HTTP/1.1" 200 22
116.232.195.13 - - [23/Apr/2024:08:09:07 +0800] "GET /xingrg/all/function/internal_message.html?_=1713830937365&CODE_STATE=getMsg HTTP/1.1" 200 27
180.169.147.146 - - [23/Apr/2024:08:09:11 +0800] "GET /xingrg/all/function/internal_message.html?_=1713830950452&CODE_STATE=getMsg HTTP/1.1" 200 27
180.164.1.25 - - [23/Apr/2024:08:09:12 +0800] "GET /xingrg/all/function/internal_message.html?_=1713830951657&CODE_STATE=getMsg HTTP/1.1" 200 27
222.70.244.105 - - [23/Apr/2024:08:09:19 +0800] "GET /xingrg/all/function/internal_message.html?_=1713830963457&CODE_STATE=getMsg HTTP/1.1" 200 27
116.232.195.13 - - [23/Apr/2024:08:09:21 +0800] "GET /xingrg/all/function/internal_message.html?_=1713830950753&CODE_STATE=getMsg HTTP/1.1" 200 27
221.239.169.251 - - [23/Apr/2024:08:09:21 +0800] "GET /xingrg/all/function/internal_message.html?_=1713830959929&CODE_STATE=getMsg HTTP/1.1" 200 27
116.224.254.208 - - [23/Apr/2024:08:09:22 +0800] "GET /xingrg/all/function/internal_message.html?_=1713830961726&CODE_STATE=getMsg HTTP/1.1" 200 27
120.253.135.82 - - [23/Apr/2024:08:09:27 +0800] "GET /xingrg/all/function/internal_message.html?_=1713831148882&CODE_STATE=getMsg HTTP/1.1" 200 27
114.83.221.211 - - [23/Apr/2024:08:09:53 +0800] "POST /xingrg/services/DataTransmitService HTTP/1.1" 200 524
114.83.221.211 - - [23/Apr/2024:08:10:06 +0800] "GET /xingrg/all/function/internal_message.html?_=1713831005697&CODE_STATE=getMsg HTTP/1.1" 200 27
116.232.195.13 - - [23/Apr/2024:08:10:07 +0800] "GET /xingrg/all/function/internal_message.html?_=1713830997367&CODE_STATE=getMsg HTTP/1.1" 200 27
180.169.147.146 - - [23/Apr/2024:08:10:11 +0800] "GET /xingrg/all/function/internal_message.html?_=1713831010427&CODE_STATE=getMsg HTTP/1.1" 200 27
180.164.1.25 - - [23/Apr/2024:08:10:12 +0800] "GET /xingrg/all/function/internal_message.html?_=1713831011650&CODE_STATE=getMsg HTTP/1.1" 200 27
222.70.244.105 - - [23/Apr/2024:08:10:19 +0800] "GET /xingrg/all/function/internal_message.html?_=1713831023468&CODE_STATE=getMsg HTTP/1.1" 200 27
116.232.195.13 - - [23/Apr/2024:08:10:21 +0800] "GET /xingrg/all/function/internal_message.html?_=1713831010742&CODE_STATE=getMsg HTTP/1.1" 200 27
221.239.169.251 - - [23/Apr/2024:08:10:21 +0800] "GET /xingrg/all/function/internal_message.html?_=1713831019927&CODE_STATE=getMsg HTTP/1.1" 200 27
221.239.169.251 - - [23/Apr/2024:08:10:21 +0800] "GET /xingrg/check_reg.html?_=1713831019921 HTTP/1.1" 200 22
116.224.254.208 - - [23/Apr/2024:08:10:22 +0800] "GET /xingrg/all/function/internal_message.html?_=1713831021719&CODE_STATE=getMsg HTTP/1.1" 200 27
180.169.147.146 - - [23/Apr/2024:08:10:23 +0800] "GET /xingrg/check_reg.html?_=1713831022413 HTTP/1.1" 200 22
120.253.135.82 - - [23/Apr/2024:08:10:27 +0800] "GET /xingrg/check_reg.html?_=1713831208887 HTTP/1.1" 200 22
120.253.135.82 - - [23/Apr/2024:08:10:27 +0800] "GET /xingrg/all/function/internal_message.html?_=1713831208886&CODE_STATE=getMsg HTTP/1.1" 200 27
124.78.56.241 - - [23/Apr/2024:08:10:57 +0800] "GET /xingrg/check_reg.html?_=1713831057147 HTTP/1.1" 302 -
114.83.221.211 - - [23/Apr/2024:08:11:06 +0800] "GET /xingrg/all/function/internal_message.html?_=1713831065707&CODE_STATE=getMsg HTTP/1.1" 200 27
116.232.195.13 - - [23/Apr/2024:08:11:07 +0800] "GET /xingrg/all/function/internal_message.html?_=1713831057366&CODE_STATE=getMsg HTTP/1.1" 200 27
180.169.147.146 - - [23/Apr/2024:08:11:11 +0800] "GET /xingrg/all/function/internal_message.html?_=1713831070405&CODE_STATE=getMsg HTTP/1.1" 200 27
180.164.1.25 - - [23/Apr/2024:08:11:12 +0800] "GET /xingrg/all/function/internal_message.html?_=1713831071633&CODE_STATE=getMsg HTTP/1.1" 200 27
222.70.244.105 - - [23/Apr/2024:08:11:19 +0800] "GET /xingrg/all/function/internal_message.html?_=1713831083487&CODE_STATE=getMsg HTTP/1.1" 200 27
116.232.195.13 - - [23/Apr/2024:08:11:21 +0800] "GET /xingrg/all/function/internal_message.html?_=1713831070726&CODE_STATE=getMsg HTTP/1.1" 200 27
221.239.169.251 - - [23/Apr/2024:08:11:21 +0800] "GET /xingrg/all/function/internal_message.html?_=1713831079948&CODE_STATE=getMsg HTTP/1.1" 200 27
116.224.254.208 - - [23/Apr/2024:08:11:22 +0800] "GET /xingrg/all/function/internal_message.html?_=1713831081715&CODE_STATE=getMsg HTTP/1.1" 200 27
120.253.135.82 - - [23/Apr/2024:08:11:27 +0800] "GET /xingrg/all/function/internal_message.html?_=1713831268892&CODE_STATE=getMsg HTTP/1.1" 200 27
116.224.254.208 - - [23/Apr/2024:08:12:02 +0800] "GET /xingrg/kc/buy/cgsh_order_list.html HTTP/1.1" 200 58225
116.224.254.208 - - [23/Apr/2024:08:12:04 +0800] "POST /xingrg/kc/buy/cgsh_list_operate.html HTTP/1.1" 200 645
114.83.221.211 - - [23/Apr/2024:08:12:06 +0800] "GET /xingrg/check_reg.html?_=1713831125698 HTTP/1.1" 200 22
114.83.221.211 - - [23/Apr/2024:08:12:06 +0800] "GET /xingrg/all/function/internal_message.html?_=1713831125699&CODE_STATE=getMsg HTTP/1.1" 200 27
116.232.195.13 - - [23/Apr/2024:08:12:07 +0800] "GET /xingrg/all/function/internal_message.html?_=1713831117369&CODE_STATE=getMsg HTTP/1.1" 200 27
180.169.147.146 - - [23/Apr/2024:08:12:11 +0800] "GET /xingrg/all/function/internal_message.html?_=1713831130386&CODE_STATE=getMsg HTTP/1.1" 200 27
180.164.1.25 - - [23/Apr/2024:08:12:12 +0800] "GET /xingrg/all/function/internal_message.html?_=1713831131607&CODE_STATE=getMsg HTTP/1.1" 200 27
222.70.244.105 - - [23/Apr/2024:08:12:19 +0800] "GET /xingrg/all/function/internal_message.html?_=1713831143494&CODE_STATE=getMsg HTTP/1.1" 200 27
116.232.195.13 - - [23/Apr/2024:08:12:21 +0800] "GET /xingrg/all/function/internal_message.html?_=1713831130703&CODE_STATE=getMsg HTTP/1.1" 200 27
221.239.169.251 - - [23/Apr/2024:08:12:21 +0800] "GET /xingrg/all/function/internal_message.html?_=1713831139935&CODE_STATE=getMsg HTTP/1.1" 200 27
116.224.254.208 - - [23/Apr/2024:08:12:22 +0800] "GET /xingrg/all/function/internal_message.html?_=1713831141719&CODE_STATE=getMsg HTTP/1.1" 200 27
116.224.254.208 - - [23/Apr/2024:08:12:22 +0800] "GET /xingrg/check_reg.html?_=1713831141723 HTTP/1.1" 200 22
120.253.135.82 - - [23/Apr/2024:08:12:27 +0800] "GET /xingrg/all/function/internal_message.html?_=1713831328897&CODE_STATE=getMsg HTTP/1.1" 200 27
116.224.254.208 - - [23/Apr/2024:08:12:43 +0800] "GET /xingrg/kc/buy/cgsh_order_add.html HTTP/1.1" 200 73625
116.224.254.208 - - [23/Apr/2024:08:12:43 +0800] "GET /xingrg/words/20240421095404_words.js HTTP/1.1" 304 -
116.224.254.208 - - [23/Apr/2024:08:12:44 +0800] "POST /xingrg/kc/buy/cgsh_order_operate.html HTTP/1.1" 200 8245
116.224.254.208 - - [23/Apr/2024:08:12:44 +0800] "GET /xingrg/javascript/easyui/themes/default/validatebox.css HTTP/1.1" 404 1104
116.224.254.208 - - [23/Apr/2024:08:12:44 +0800] "GET /xingrg/all/common/auto_word.html?type=employee&rest_code=00151 HTTP/1.1" 200 293
116.224.254.208 - - [23/Apr/2024:08:12:44 +0800] "GET /xingrg/all/common/auto_word.html?type=employee&rest_code=00151 HTTP/1.1" 200 293
116.224.254.208 - - [23/Apr/2024:08:12:46 +0800] "GET /xingrg/javascript/auto/indicator.gif HTTP/1.1" 404 1066
116.224.254.208 - - [23/Apr/2024:08:12:55 +0800] "GET /xingrg/kc/buy/cgsh_order_operate.html?command=get_materiel&rest_code=00151&code=00101008084&supplier_code=00100096&order_time=2024-04-23 HTTP/1.1" 200 412
114.83.221.211 - - [23/Apr/2024:08:13:06 +0800] "GET /xingrg/all/function/internal_message.html?_=1713831185712&CODE_STATE=getMsg HTTP/1.1" 200 27
116.232.195.13 - - [23/Apr/2024:08:13:07 +0800] "GET /xingrg/all/function/internal_message.html?_=1713831177364&CODE_STATE=getMsg HTTP/1.1" 200 27
180.169.147.146 - - [23/Apr/2024:08:13:11 +0800] "GET /xingrg/all/function/internal_message.html?_=1713831190368&CODE_STATE=getMsg HTTP/1.1" 200 27
180.164.1.25 - - [23/Apr/2024:08:13:12 +0800] "GET /xingrg/all/function/internal_message.html?_=1713831191581&CODE_STATE=getMsg HTTP/1.1" 200 27
222.70.244.105 - - [23/Apr/2024:08:13:19 +0800] "GET /xingrg/all/function/internal_message.html?_=1713831203517&CODE_STATE=getMsg HTTP/1.1" 200 27
116.232.195.13 - - [23/Apr/2024:08:13:21 +0800] "GET /xingrg/all/function/internal_message.html?_=1713831190693&CODE_STATE=getMsg HTTP/1.1" 200 27
221.239.169.251 - - [23/Apr/2024:08:13:21 +0800] "GET /xingrg/all/function/internal_message.html?_=1713831199933&CODE_STATE=getMsg HTTP/1.1" 200 27
116.224.254.208 - - [23/Apr/2024:08:13:22 +0800] "GET /xingrg/all/function/internal_message.html?_=1713831201729&CODE_STATE=getMsg HTTP/1.1" 200 27
120.253.135.82 - - [23/Apr/2024:08:13:27 +0800] "GET /xingrg/all/function/internal_message.html?_=1713831388903&CODE_STATE=getMsg HTTP/1.1" 200 27
180.164.1.25 - - [23/Apr/2024:08:13:32 +0800] "GET /xingrg/check_reg.html?_=1713831211524 HTTP/1.1" 200 22
116.232.195.13 - - [23/Apr/2024:08:13:33 +0800] "GET /xingrg/check_reg.html?_=1713831202935 HTTP/1.1" 200 22
116.224.254.208 - - [23/Apr/2024:08:13:34 +0800] "GET /xingrg/kc/buy/cgsh_order_operate.html?command=get_materiel&rest_code=00151&code=00101012066&supplier_code=00100096&order_time=2024-04-23 HTTP/1.1" 200 419
116.224.254.208 - - [23/Apr/2024:08:13:43 +0800] "GET /xingrg/kc/buy/cgsh_order_operate.html?command=get_materiel&rest_code=00151&code=00101012059&supplier_code=00100096&order_time=2024-04-23 HTTP/1.1" 200 412
116.224.254.208 - - [23/Apr/2024:08:14:04 +0800] "GET /xingrg/kc/buy/cgsh_order_operate.html?command=get_materiel&rest_code=00151&code=00101012060&supplier_code=00100096&order_time=2024-04-23 HTTP/1.1" 200 408
222.70.244.105 - - [23/Apr/2024:08:14:04 +0800] "GET /xingrg/check_reg.html?_=1713831248671 HTTP/1.1" 200 22
114.83.221.211 - - [23/Apr/2024:08:14:06 +0800] "GET /xingrg/all/function/internal_message.html?_=1713831245702&CODE_STATE=getMsg HTTP/1.1" 200 27
116.232.195.13 - - [23/Apr/2024:08:14:07 +0800] "GET /xingrg/check_reg.html?_=1713831237368 HTTP/1.1" 200 22
116.232.195.13 - - [23/Apr/2024:08:14:07 +0800] "GET /xingrg/all/function/internal_message.html?_=1713831237370&CODE_STATE=getMsg HTTP/1.1" 200 27
180.169.147.146 - - [23/Apr/2024:08:14:11 +0800] "GET /xingrg/all/function/internal_message.html?_=1713831250340&CODE_STATE=getMsg HTTP/1.1" 200 27
180.164.1.25 - - [23/Apr/2024:08:14:12 +0800] "GET /xingrg/all/function/internal_message.html?_=1713831251564&CODE_STATE=getMsg HTTP/1.1" 200 27
116.224.254.208 - - [23/Apr/2024:08:14:13 +0800] "GET /xingrg/kc/buy/cgsh_order_operate.html?command=get_materiel&rest_code=00151&code=00101016025&supplier_code=00100096&order_time=2024-04-23 HTTP/1.1" 200 408
222.70.244.105 - - [23/Apr/2024:08:14:19 +0800] "GET /xingrg/all/function/internal_message.html?_=1713831263521&CODE_STATE=getMsg HTTP/1.1" 200 27
116.232.195.13 - - [23/Apr/2024:08:14:21 +0800] "GET /xingrg/all/function/internal_message.html?_=1713831250683&CODE_STATE=getMsg HTTP/1.1" 200 27
221.239.169.251 - - [23/Apr/2024:08:14:21 +0800] "GET /xingrg/all/function/internal_message.html?_=1713831259924&CODE_STATE=getMsg HTTP/1.1" 200 27
116.224.254.208 - - [23/Apr/2024:08:14:22 +0800] "GET /xingrg/all/function/internal_message.html?_=1713831261712&CODE_STATE=getMsg HTTP/1.1" 200 27
222.70.183.82 - - [23/Apr/2024:08:14:22 +0800] "POST /xingrg/services/DataTransmitService HTTP/1.1" 200 524
116.224.254.208 - - [23/Apr/2024:08:14:23 +0800] "GET /xingrg/kc/buy/cgsh_order_operate.html?command=get_materiel&rest_code=00151&code=00101010382&supplier_code=00100096&order_time=2024-04-23 HTTP/1.1" 200 409
120.253.135.82 - - [23/Apr/2024:08:14:27 +0800] "GET /xingrg/all/function/internal_message.html?_=1713831448907&CODE_STATE=getMsg HTTP/1.1" 200 27
