120.253.135.82 - - [23/Apr/2024:13:06:13 +0800] "GET /xingrg/kc/pszx/mdps_order_list.html?orderType=0 HTTP/1.1" 200 21033
120.253.135.82 - - [23/Apr/2024:13:06:14 +0800] "POST /xingrg/kc/pszx/mdps_list_operate.html HTTP/1.1" 200 5331
180.169.147.146 - - [23/Apr/2024:13:06:15 +0800] "GET /xingrg/kc/buy/cgsh_order_operate.html?command=get_materiel&rest_code=00147&code=00101006285&supplier_code=00100558&order_time=2024-04-16 HTTP/1.1" 200 410
116.232.195.13 - - [23/Apr/2024:13:06:16 +0800] "GET /xingrg/all/function/internal_message.html?_=1713848765510&CODE_STATE=getMsg HTTP/1.1" 200 27
116.224.254.208 - - [23/Apr/2024:13:06:21 +0800] "GET /xingrg/all/function/internal_message.html?_=1713848781215&CODE_STATE=getMsg HTTP/1.1" 200 27
221.239.169.251 - - [23/Apr/2024:13:06:22 +0800] "GET /xingrg/all/function/internal_message.html?_=1713848780185&CODE_STATE=getMsg HTTP/1.1" 200 27
101.83.144.49 - - [23/Apr/2024:13:06:22 +0800] "POST /xingrg/kc/buy/cgsh_order_operate.html HTTP/1.1" 200 37
222.70.244.105 - - [23/Apr/2024:13:06:23 +0800] "GET /xingrg/all/function/internal_message.html?_=1713848787656&CODE_STATE=getMsg HTTP/1.1" 200 27
222.64.57.78 - - [23/Apr/2024:13:06:23 +0800] "POST /xingrg/services/DataTransmitService HTTP/1.1" 200 524
222.70.183.82 - - [23/Apr/2024:13:06:27 +0800] "POST /xingrg/kc/buy/cgsh_order_operate.html HTTP/1.1" 200 37
180.169.147.146 - - [23/Apr/2024:13:06:27 +0800] "GET /xingrg/kc/buy/cgsh_order_operate.html?command=get_materiel&rest_code=00147&code=00102026001&supplier_code=00100558&order_time=2024-04-16 HTTP/1.1" 200 409
222.64.57.78 - - [23/Apr/2024:13:06:27 +0800] "POST /xingrg/services/DataTransmitService HTTP/1.1" 200 501
222.64.57.78 - - [23/Apr/2024:13:06:27 +0800] "POST /xingrg/services/DataTransmitService HTTP/1.1" 200 501
222.64.57.78 - - [23/Apr/2024:13:06:28 +0800] "POST /xingrg/services/DataTransmitService HTTP/1.1" 200 501
222.70.183.82 - - [23/Apr/2024:13:06:29 +0800] "POST /xingrg/kc/buy/cgsh_order_operate.html HTTP/1.1" 200 2658
222.64.57.78 - - [23/Apr/2024:13:06:30 +0800] "POST /xingrg/services/DataTransmitService HTTP/1.1" 200 501
101.83.144.49 - - [23/Apr/2024:13:06:30 +0800] "POST /xingrg/kc/buy/cgsh_order_operate.html HTTP/1.1" 200 2665
222.64.57.78 - - [23/Apr/2024:13:06:30 +0800] "POST /xingrg/services/DataTransmitService HTTP/1.1" 200 501
116.224.254.208 - - [23/Apr/2024:13:06:31 +0800] "GET /xingrg/all/function/internal_message.html?_=1713848791062&CODE_STATE=getMsg HTTP/1.1" 200 27
222.70.183.82 - - [23/Apr/2024:13:06:31 +0800] "GET /xingrg/kc/print/load_data.html?order_code=212024042306228&kc_code=cgsh&condition= HTTP/1.1" 200 672
222.64.57.78 - - [23/Apr/2024:13:06:31 +0800] "POST /xingrg/services/DataTransmitService HTTP/1.1" 200 501
222.64.57.78 - - [23/Apr/2024:13:06:31 +0800] "POST /xingrg/services/DataTransmitService HTTP/1.1" 200 501
222.64.57.78 - - [23/Apr/2024:13:06:32 +0800] "POST /xingrg/services/DataTransmitService HTTP/1.1" 200 501
222.64.57.78 - - [23/Apr/2024:13:06:32 +0800] "POST /xingrg/services/DataTransmitService HTTP/1.1" 200 412
101.83.144.49 - - [23/Apr/2024:13:06:33 +0800] "GET /xingrg/kc/print/load_data.html?order_code=212024042306227&kc_code=cgsh&condition= HTTP/1.1" 200 667
222.70.183.82 - - [23/Apr/2024:13:06:35 +0800] "GET /xingrg/kc/buy/cgsh_order_add.html HTTP/1.1" 200 73989
222.69.145.7 - - [23/Apr/2024:13:06:35 +0800] "GET /xingrg/all/function/internal_message.html?_=1713848794865&CODE_STATE=getMsg HTTP/1.1" 200 27
222.70.183.82 - - [23/Apr/2024:13:06:35 +0800] "POST /xingrg/kc/buy/cgsh_order_operate.html HTTP/1.1" 200 8245
222.70.183.82 - - [23/Apr/2024:13:06:35 +0800] "GET /xingrg/javascript/easyui/themes/default/validatebox.css HTTP/1.1" 404 1104
101.83.144.49 - - [23/Apr/2024:13:06:37 +0800] "GET /xingrg/kc/buy/cgsh_order_add.html HTTP/1.1" 200 74116
101.83.144.49 - - [23/Apr/2024:13:06:37 +0800] "GET /xingrg/javascript/easyui/themes/default/validatebox.css HTTP/1.1" 404 1104
101.83.144.49 - - [23/Apr/2024:13:06:37 +0800] "POST /xingrg/kc/buy/cgsh_order_operate.html HTTP/1.1" 200 8245
101.83.144.49 - - [23/Apr/2024:13:06:41 +0800] "GET /xingrg/all/function/internal_message.html?_=1713848802071&CODE_STATE=getMsg HTTP/1.1" 200 27
120.253.135.82 - - [23/Apr/2024:13:06:42 +0800] "GET /xingrg/all/function/internal_message.html?_=1713848649670&CODE_STATE=getMsg HTTP/1.1" 200 27
180.169.147.146 - - [23/Apr/2024:13:06:42 +0800] "POST /xingrg/kc/buy/cgsh_order_operate.html HTTP/1.1" 200 37
180.169.147.146 - - [23/Apr/2024:13:06:44 +0800] "POST /xingrg/kc/buy/cgsh_order_operate.html HTTP/1.1" 200 5627
180.169.147.146 - - [23/Apr/2024:13:06:46 +0800] "GET /xingrg/kc/print/load_data.html?order_code=212024042306229&kc_code=cgsh&condition= HTTP/1.1" 200 1808
116.238.97.31 - - [23/Apr/2024:13:06:47 +0800] "GET /xingrg/all/function/internal_message.html?_=1713848807446&CODE_STATE=getMsg HTTP/1.1" 200 27
180.169.147.146 - - [23/Apr/2024:13:06:50 +0800] "GET /xingrg/kc/buy/cgsh_order_add.html HTTP/1.1" 200 74081
180.169.147.146 - - [23/Apr/2024:13:06:50 +0800] "POST /xingrg/kc/buy/cgsh_order_operate.html HTTP/1.1" 200 8245
180.169.147.146 - - [23/Apr/2024:13:06:50 +0800] "GET /xingrg/javascript/easyui/themes/default/validatebox.css HTTP/1.1" 404 1104
116.232.195.13 - - [23/Apr/2024:13:06:52 +0800] "GET /xingrg/all/function/internal_message.html?_=1713848812777&CODE_STATE=getMsg HTTP/1.1" 200 27
222.70.183.82 - - [23/Apr/2024:13:06:53 +0800] "GET /xingrg/kc/buy/cgsh_order_operate.html?command=get_materiel&rest_code=00111&code=00101018008&supplier_code=00100547&order_time=2024-04-23 HTTP/1.1" 200 415
101.83.144.49 - - [23/Apr/2024:13:06:55 +0800] "GET /xingrg/kc/buy/cgsh_order_operate.html?command=get_materiel&rest_code=00105&code=00102002521&supplier_code=00100486&order_time=2024-04-23 HTTP/1.1" 200 409
81.71.5.172 - - [23/Apr/2024:13:06:58 +0800] "GET /xingrg/kc/base/yddb_order_list.html HTTP/1.1" 302 -
116.232.195.13 - - [23/Apr/2024:13:06:58 +0800] "GET /xingrg/all/function/internal_message.html?_=1713848807176&CODE_STATE=getMsg HTTP/1.1" 200 27
120.253.135.82 - - [23/Apr/2024:13:06:58 +0800] "GET /xingrg/all/function/internal_message.html?_=1713848999645&CODE_STATE=getMsg HTTP/1.1" 200 27
180.169.147.146 - - [23/Apr/2024:13:06:59 +0800] "GET /xingrg/all/function/internal_message.html?_=1713848806848&CODE_STATE=getMsg HTTP/1.1" 200 27
114.85.36.201 - - [23/Apr/2024:13:07:01 +0800] "GET /xingrg/all/function/internal_message.html?_=1713847219557&CODE_STATE=getMsg HTTP/1.1" 200 27
101.83.144.49 - - [23/Apr/2024:13:07:07 +0800] "POST /xingrg/kc/buy/cgsh_order_operate.html HTTP/1.1" 200 37
180.164.1.25 - - [23/Apr/2024:13:07:07 +0800] "GET /xingrg/all/function/internal_message.html?_=1713848826736&CODE_STATE=getMsg HTTP/1.1" 200 27
116.232.195.13 - - [23/Apr/2024:13:07:08 +0800] "GET /xingrg/all/function/internal_message.html?_=1713848817892&CODE_STATE=getMsg HTTP/1.1" 200 27
124.78.56.241 - - [23/Apr/2024:13:07:09 +0800] "GET /xingrg/all/function/internal_message.html?_=1713848829527&CODE_STATE=getMsg HTTP/1.1" 200 27
101.83.144.49 - - [23/Apr/2024:13:07:09 +0800] "POST /xingrg/kc/buy/cgsh_order_operate.html HTTP/1.1" 200 2656
222.70.183.82 - - [23/Apr/2024:13:07:13 +0800] "POST /xingrg/kc/buy/cgsh_order_operate.html HTTP/1.1" 200 37
116.238.125.103 - - [23/Apr/2024:13:07:13 +0800] "GET /xingrg/all/function/internal_message.html?_=1713848834732&CODE_STATE=getMsg HTTP/1.1" 200 27
101.83.144.49 - - [23/Apr/2024:13:07:13 +0800] "GET /xingrg/kc/print/load_data.html?order_code=212024042306230&kc_code=cgsh&condition= HTTP/1.1" 200 672
222.70.183.82 - - [23/Apr/2024:13:07:16 +0800] "POST /xingrg/kc/buy/cgsh_order_operate.html HTTP/1.1" 200 2657
116.232.195.13 - - [23/Apr/2024:13:07:16 +0800] "GET /xingrg/all/function/internal_message.html?_=1713848825483&CODE_STATE=getMsg HTTP/1.1" 200 27
101.83.144.49 - - [23/Apr/2024:13:07:18 +0800] "GET /xingrg/kc/buy/cgsh_order_add.html HTTP/1.1" 200 74116
101.83.144.49 - - [23/Apr/2024:13:07:18 +0800] "GET /xingrg/javascript/easyui/themes/default/validatebox.css HTTP/1.1" 404 1104
101.83.144.49 - - [23/Apr/2024:13:07:18 +0800] "POST /xingrg/kc/buy/cgsh_order_operate.html HTTP/1.1" 200 8245
116.224.254.208 - - [23/Apr/2024:13:07:21 +0800] "GET /xingrg/all/function/internal_message.html?_=1713848841208&CODE_STATE=getMsg HTTP/1.1" 200 27
221.239.169.251 - - [23/Apr/2024:13:07:22 +0800] "GET /xingrg/all/function/internal_message.html?_=1713848840168&CODE_STATE=getMsg HTTP/1.1" 200 27
222.70.244.105 - - [23/Apr/2024:13:07:23 +0800] "GET /xingrg/all/function/internal_message.html?_=1713848847659&CODE_STATE=getMsg HTTP/1.1" 200 27
222.70.183.82 - - [23/Apr/2024:13:07:23 +0800] "POST /xingrg/kc/buy/cgsh_order_operate.html HTTP/1.1" 200 37
222.70.183.82 - - [23/Apr/2024:13:07:25 +0800] "POST /xingrg/kc/buy/cgsh_order_operate.html HTTP/1.1" 200 2657
222.70.183.82 - - [23/Apr/2024:13:07:27 +0800] "GET /xingrg/kc/print/load_data.html?order_code=212024042306231&kc_code=cgsh&condition= HTTP/1.1" 200 652
116.224.254.208 - - [23/Apr/2024:13:07:31 +0800] "GET /xingrg/all/function/internal_message.html?_=1713848851067&CODE_STATE=getMsg HTTP/1.1" 200 27
101.83.144.49 - - [23/Apr/2024:13:07:33 +0800] "GET /xingrg/kc/buy/cgsh_order_operate.html?command=get_materiel&rest_code=00105&code=00101005009&supplier_code=00100316&order_time=2024-04-23 HTTP/1.1" 200 415
222.69.145.7 - - [23/Apr/2024:13:07:35 +0800] "GET /xingrg/check_reg.html?_=1713848854848 HTTP/1.1" 200 22
222.69.145.7 - - [23/Apr/2024:13:07:35 +0800] "GET /xingrg/all/function/internal_message.html?_=1713848854851&CODE_STATE=getMsg HTTP/1.1" 200 27
120.253.135.82 - - [23/Apr/2024:13:07:42 +0800] "GET /xingrg/check_reg.html?_=1713848709599 HTTP/1.1" 200 22
120.253.135.82 - - [23/Apr/2024:13:07:42 +0800] "GET /xingrg/all/function/internal_message.html?_=1713848709692&CODE_STATE=getMsg HTTP/1.1" 200 27
116.238.97.31 - - [23/Apr/2024:13:07:47 +0800] "GET /xingrg/all/function/internal_message.html?_=1713848867460&CODE_STATE=getMsg HTTP/1.1" 200 27
116.238.97.31 - - [23/Apr/2024:13:07:47 +0800] "GET /xingrg/check_reg.html?_=1713848867461 HTTP/1.1" 200 22
116.232.195.13 - - [23/Apr/2024:13:07:52 +0800] "GET /xingrg/check_reg.html?_=1713848872776 HTTP/1.1" 200 22
116.232.195.13 - - [23/Apr/2024:13:07:52 +0800] "GET /xingrg/all/function/internal_message.html?_=1713848872779&CODE_STATE=getMsg HTTP/1.1" 200 27
101.83.144.49 - - [23/Apr/2024:13:07:54 +0800] "GET /xingrg/all/function/internal_message.html?_=1713848873340&CODE_STATE=getMsg HTTP/1.1" 200 27
222.70.183.82 - - [23/Apr/2024:13:07:55 +0800] "GET /xingrg/kc/buy/cgsh_order_add.html HTTP/1.1" 200 73989
222.70.183.82 - - [23/Apr/2024:13:07:55 +0800] "POST /xingrg/kc/buy/cgsh_order_operate.html HTTP/1.1" 200 8245
222.70.183.82 - - [23/Apr/2024:13:07:55 +0800] "GET /xingrg/javascript/easyui/themes/default/validatebox.css HTTP/1.1" 404 1104
116.232.195.13 - - [23/Apr/2024:13:07:58 +0800] "GET /xingrg/all/function/internal_message.html?_=1713848867195&CODE_STATE=getMsg HTTP/1.1" 200 27
101.83.144.49 - - [23/Apr/2024:13:07:58 +0800] "POST /xingrg/kc/buy/cgsh_order_operate.html HTTP/1.1" 200 37
120.253.135.82 - - [23/Apr/2024:13:07:58 +0800] "GET /xingrg/all/function/internal_message.html?_=1713849059648&CODE_STATE=getMsg HTTP/1.1" 200 27
180.169.147.146 - - [23/Apr/2024:13:07:59 +0800] "GET /xingrg/all/function/internal_message.html?_=1713848866820&CODE_STATE=getMsg HTTP/1.1" 200 27
101.83.144.49 - - [23/Apr/2024:13:08:01 +0800] "POST /xingrg/kc/buy/cgsh_order_operate.html HTTP/1.1" 200 2664
114.85.36.201 - - [23/Apr/2024:13:08:01 +0800] "GET /xingrg/all/function/internal_message.html?_=1713847279549&CODE_STATE=getMsg HTTP/1.1" 200 27
101.83.144.49 - - [23/Apr/2024:13:08:03 +0800] "GET /xingrg/kc/print/load_data.html?order_code=212024042306232&kc_code=cgsh&condition= HTTP/1.1" 200 681
180.164.1.25 - - [23/Apr/2024:13:08:07 +0800] "GET /xingrg/all/function/internal_message.html?_=1713848886717&CODE_STATE=getMsg HTTP/1.1" 200 27
101.83.144.49 - - [23/Apr/2024:13:08:08 +0800] "GET /xingrg/kc/buy/cgsh_order_add.html HTTP/1.1" 200 74116
101.83.144.49 - - [23/Apr/2024:13:08:08 +0800] "POST /xingrg/kc/buy/cgsh_order_operate.html HTTP/1.1" 200 8245
101.83.144.49 - - [23/Apr/2024:13:08:08 +0800] "GET /xingrg/javascript/easyui/themes/default/validatebox.css HTTP/1.1" 404 1104
116.232.195.13 - - [23/Apr/2024:13:08:08 +0800] "GET /xingrg/all/function/internal_message.html?_=1713848877869&CODE_STATE=getMsg HTTP/1.1" 200 27
222.70.183.82 - - [23/Apr/2024:13:08:09 +0800] "GET /xingrg/all/function/internal_message.html?_=1713848888238&CODE_STATE=getMsg HTTP/1.1" 200 27
124.78.56.241 - - [23/Apr/2024:13:08:09 +0800] "GET /xingrg/all/function/internal_message.html?_=1713848889527&CODE_STATE=getMsg HTTP/1.1" 200 27
116.238.125.103 - - [23/Apr/2024:13:08:13 +0800] "GET /xingrg/all/function/internal_message.html?_=1713848894722&CODE_STATE=getMsg HTTP/1.1" 200 27
116.238.125.103 - - [23/Apr/2024:13:08:13 +0800] "GET /xingrg/check_reg.html?_=1713848894725 HTTP/1.1" 200 22
116.232.195.13 - - [23/Apr/2024:13:08:16 +0800] "GET /xingrg/all/function/internal_message.html?_=1713848885460&CODE_STATE=getMsg HTTP/1.1" 200 27
116.224.254.208 - - [23/Apr/2024:13:08:21 +0800] "GET /xingrg/all/function/internal_message.html?_=1713848901203&CODE_STATE=getMsg HTTP/1.1" 200 27
221.239.169.251 - - [23/Apr/2024:13:08:22 +0800] "GET /xingrg/all/function/internal_message.html?_=1713848900197&CODE_STATE=getMsg HTTP/1.1" 200 27
222.70.244.105 - - [23/Apr/2024:13:08:23 +0800] "GET /xingrg/all/function/internal_message.html?_=1713848907681&CODE_STATE=getMsg HTTP/1.1" 200 27
116.224.254.208 - - [23/Apr/2024:13:08:31 +0800] "GET /xingrg/all/function/internal_message.html?_=1713848911067&CODE_STATE=getMsg HTTP/1.1" 200 27
180.164.1.25 - - [23/Apr/2024:13:08:32 +0800] "GET /xingrg/check_reg.html?_=1713848911549 HTTP/1.1" 200 22
116.232.195.13 - - [23/Apr/2024:13:08:33 +0800] "GET /xingrg/check_reg.html?_=1713848902938 HTTP/1.1" 200 22
222.69.145.7 - - [23/Apr/2024:13:08:35 +0800] "GET /xingrg/all/function/internal_message.html?_=1713848914839&CODE_STATE=getMsg HTTP/1.1" 200 27
101.83.144.49 - - [23/Apr/2024:13:08:35 +0800] "GET /xingrg/kc/buy/cgsh_order_operate.html?command=get_materiel&rest_code=00105&code=00101001322&supplier_code=00100653&order_time=2024-04-23 HTTP/1.1" 200 426
120.253.135.82 - - [23/Apr/2024:13:08:42 +0800] "GET /xingrg/all/function/internal_message.html?_=1713848769706&CODE_STATE=getMsg HTTP/1.1" 200 27
101.83.144.49 - - [23/Apr/2024:13:08:43 +0800] "POST /xingrg/all/common/load_select.html HTTP/1.1" 200 25
116.238.97.31 - - [23/Apr/2024:13:08:47 +0800] "GET /xingrg/all/function/internal_message.html?_=1713848927454&CODE_STATE=getMsg HTTP/1.1" 200 27
101.83.144.49 - - [23/Apr/2024:13:08:49 +0800] "GET /xingrg/kc/buy/cgsh_order_operate.html?command=get_materiel_price&rest_code=00105&code=00101001322&unit_code=00100736&supplier_code=00100653&order_time=2024-04-23 HTTP/1.1" 200 28
116.232.195.13 - - [23/Apr/2024:13:08:52 +0800] "GET /xingrg/all/function/internal_message.html?_=1713848932768&CODE_STATE=getMsg HTTP/1.1" 200 27
101.83.144.49 - - [23/Apr/2024:13:08:53 +0800] "GET /xingrg/all/function/internal_message.html?_=1713848933312&CODE_STATE=getMsg HTTP/1.1" 200 27
116.232.195.13 - - [23/Apr/2024:13:08:58 +0800] "GET /xingrg/check_reg.html?_=1713848927183 HTTP/1.1" 200 22
116.232.195.13 - - [23/Apr/2024:13:08:58 +0800] "GET /xingrg/all/function/internal_message.html?_=1713848927184&CODE_STATE=getMsg HTTP/1.1" 200 27
120.253.135.82 - - [23/Apr/2024:13:08:58 +0800] "GET /xingrg/all/function/internal_message.html?_=1713849119653&CODE_STATE=getMsg HTTP/1.1" 200 27
180.169.147.146 - - [23/Apr/2024:13:08:59 +0800] "GET /xingrg/all/function/internal_message.html?_=1713848926800&CODE_STATE=getMsg HTTP/1.1" 200 27
114.85.36.201 - - [23/Apr/2024:13:09:01 +0800] "GET /xingrg/all/function/internal_message.html?_=1713847339580&CODE_STATE=getMsg HTTP/1.1" 200 27
114.85.36.201 - - [23/Apr/2024:13:09:01 +0800] "GET /xingrg/check_reg.html?_=1713847339582 HTTP/1.1" 200 22
101.83.144.49 - - [23/Apr/2024:13:09:02 +0800] "POST /xingrg/kc/buy/cgsh_order_operate.html HTTP/1.1" 200 37
222.70.244.105 - - [23/Apr/2024:13:09:04 +0800] "GET /xingrg/check_reg.html?_=1713848949000 HTTP/1.1" 200 22
101.83.144.49 - - [23/Apr/2024:13:09:04 +0800] "POST /xingrg/kc/buy/cgsh_order_operate.html HTTP/1.1" 200 2664
101.83.144.49 - - [23/Apr/2024:13:09:06 +0800] "GET /xingrg/kc/print/load_data.html?order_code=212024042306233&kc_code=cgsh&condition= HTTP/1.1" 200 658
180.164.1.25 - - [23/Apr/2024:13:09:07 +0800] "GET /xingrg/all/function/internal_message.html?_=1713848946696&CODE_STATE=getMsg HTTP/1.1" 200 27
116.232.195.13 - - [23/Apr/2024:13:09:08 +0800] "GET /xingrg/all/function/internal_message.html?_=1713848937845&CODE_STATE=getMsg HTTP/1.1" 200 27
222.70.183.82 - - [23/Apr/2024:13:09:09 +0800] "GET /xingrg/all/function/internal_message.html?_=1713848948207&CODE_STATE=getMsg HTTP/1.1" 200 27
116.232.195.13 - - [23/Apr/2024:13:09:09 +0800] "GET /xingrg/check_reg.html?_=1713848938411 HTTP/1.1" 200 22
124.78.56.241 - - [23/Apr/2024:13:09:09 +0800] "GET /xingrg/check_reg.html?_=1713848949519 HTTP/1.1" 200 22
124.78.56.241 - - [23/Apr/2024:13:09:09 +0800] "GET /xingrg/all/function/internal_message.html?_=1713848949522&CODE_STATE=getMsg HTTP/1.1" 200 27
101.83.144.49 - - [23/Apr/2024:13:09:09 +0800] "GET /xingrg/kc/buy/cgsh_order_add.html HTTP/1.1" 200 74116
222.70.183.82 - - [23/Apr/2024:13:09:10 +0800] "GET /xingrg/check_reg.html?_=1713848949128 HTTP/1.1" 200 22
101.83.144.49 - - [23/Apr/2024:13:09:10 +0800] "GET /xingrg/javascript/easyui/themes/default/validatebox.css HTTP/1.1" 404 1104
101.83.144.49 - - [23/Apr/2024:13:09:10 +0800] "POST /xingrg/kc/buy/cgsh_order_operate.html HTTP/1.1" 200 8245
116.238.125.103 - - [23/Apr/2024:13:09:13 +0800] "GET /xingrg/all/function/internal_message.html?_=1713848954730&CODE_STATE=getMsg HTTP/1.1" 200 27
116.232.195.13 - - [23/Apr/2024:13:09:16 +0800] "GET /xingrg/all/function/internal_message.html?_=1713848945446&CODE_STATE=getMsg HTTP/1.1" 200 27
116.224.254.208 - - [23/Apr/2024:13:09:21 +0800] "GET /xingrg/all/function/internal_message.html?_=1713848961207&CODE_STATE=getMsg HTTP/1.1" 200 27
221.239.169.251 - - [23/Apr/2024:13:09:22 +0800] "GET /xingrg/all/function/internal_message.html?_=1713848960196&CODE_STATE=getMsg HTTP/1.1" 200 27
222.70.244.105 - - [23/Apr/2024:13:09:23 +0800] "GET /xingrg/all/function/internal_message.html?_=1713848967685&CODE_STATE=getMsg HTTP/1.1" 200 27
101.83.144.49 - - [23/Apr/2024:13:09:25 +0800] "GET /xingrg/kc/buy/cgsh_order_operate.html?command=get_materiel&rest_code=00105&code=00101012049&supplier_code=00100338&order_time=2024-04-23 HTTP/1.1" 200 432
101.83.144.49 - - [23/Apr/2024:13:09:30 +0800] "POST /xingrg/all/common/load_select.html HTTP/1.1" 200 25
116.224.254.208 - - [23/Apr/2024:13:09:31 +0800] "GET /xingrg/all/function/internal_message.html?_=1713848971070&CODE_STATE=getMsg HTTP/1.1" 200 27
222.69.145.7 - - [23/Apr/2024:13:09:35 +0800] "GET /xingrg/all/function/internal_message.html?_=1713848974855&CODE_STATE=getMsg HTTP/1.1" 200 27
101.83.144.49 - - [23/Apr/2024:13:09:37 +0800] "GET /xingrg/kc/buy/cgsh_order_operate.html?command=get_materiel_price&rest_code=00105&code=00101012049&unit_code=00100086&supplier_code=00100338&order_time=2024-04-23 HTTP/1.1" 200 31
120.253.135.82 - - [23/Apr/2024:13:09:42 +0800] "GET /xingrg/all/function/internal_message.html?_=1713848829712&CODE_STATE=getMsg HTTP/1.1" 200 27
101.83.144.49 - - [23/Apr/2024:13:09:45 +0800] "GET /xingrg/check_reg.html?_=1713848985582 HTTP/1.1" 200 22
116.238.97.31 - - [23/Apr/2024:13:09:47 +0800] "GET /xingrg/all/function/internal_message.html?_=1713848987447&CODE_STATE=getMsg HTTP/1.1" 200 27
101.83.144.49 - - [23/Apr/2024:13:09:51 +0800] "POST /xingrg/kc/buy/cgsh_order_operate.html HTTP/1.1" 200 37
116.232.195.13 - - [23/Apr/2024:13:09:52 +0800] "GET /xingrg/all/function/internal_message.html?_=1713848992782&CODE_STATE=getMsg HTTP/1.1" 200 27
101.83.144.49 - - [23/Apr/2024:13:09:53 +0800] "GET /xingrg/all/function/internal_message.html?_=1713848993294&CODE_STATE=getMsg HTTP/1.1" 200 27
101.83.144.49 - - [23/Apr/2024:13:09:54 +0800] "POST /xingrg/kc/buy/cgsh_order_operate.html HTTP/1.1" 200 2672
101.83.144.49 - - [23/Apr/2024:13:09:55 +0800] "GET /xingrg/kc/print/load_data.html?order_code=212024042306234&kc_code=cgsh&condition= HTTP/1.1" 200 689
116.232.195.13 - - [23/Apr/2024:13:09:58 +0800] "GET /xingrg/all/function/internal_message.html?_=1713848987184&CODE_STATE=getMsg HTTP/1.1" 200 27
120.253.135.82 - - [23/Apr/2024:13:09:58 +0800] "GET /xingrg/all/function/internal_message.html?_=1713849179659&CODE_STATE=getMsg HTTP/1.1" 200 27
180.169.147.146 - - [23/Apr/2024:13:09:59 +0800] "GET /xingrg/all/function/internal_message.html?_=1713848986778&CODE_STATE=getMsg HTTP/1.1" 200 27
180.169.147.146 - - [23/Apr/2024:13:09:59 +0800] "GET /xingrg/check_reg.html?_=1713848986873 HTTP/1.1" 200 22
101.83.144.49 - - [23/Apr/2024:13:09:59 +0800] "GET /xingrg/kc/buy/cgsh_order_add.html HTTP/1.1" 200 74116
101.83.144.49 - - [23/Apr/2024:13:09:59 +0800] "POST /xingrg/kc/buy/cgsh_order_operate.html HTTP/1.1" 200 8245
101.83.144.49 - - [23/Apr/2024:13:09:59 +0800] "GET /xingrg/javascript/easyui/themes/default/validatebox.css HTTP/1.1" 404 1104
114.85.36.201 - - [23/Apr/2024:13:10:01 +0800] "GET /xingrg/all/function/internal_message.html?_=1713847399580&CODE_STATE=getMsg HTTP/1.1" 200 27
180.164.1.25 - - [23/Apr/2024:13:10:07 +0800] "GET /xingrg/all/function/internal_message.html?_=1713849006676&CODE_STATE=getMsg HTTP/1.1" 200 27
116.232.195.13 - - [23/Apr/2024:13:10:08 +0800] "GET /xingrg/all/function/internal_message.html?_=1713848997832&CODE_STATE=getMsg HTTP/1.1" 200 27
222.70.183.82 - - [23/Apr/2024:13:10:09 +0800] "GET /xingrg/all/function/internal_message.html?_=1713849008183&CODE_STATE=getMsg HTTP/1.1" 200 27
101.83.144.49 - - [23/Apr/2024:13:10:09 +0800] "GET /xingrg/kc/buy/cgsh_order_operate.html?command=get_materiel&rest_code=00105&code=00101005037&supplier_code=00100334&order_time=2024-04-23 HTTP/1.1" 200 409
124.78.56.241 - - [23/Apr/2024:13:10:09 +0800] "GET /xingrg/all/function/internal_message.html?_=1713849009529&CODE_STATE=getMsg HTTP/1.1" 200 27
116.238.125.103 - - [23/Apr/2024:13:10:13 +0800] "GET /xingrg/all/function/internal_message.html?_=1713849014730&CODE_STATE=getMsg HTTP/1.1" 200 27
116.232.195.13 - - [23/Apr/2024:13:10:16 +0800] "GET /xingrg/all/function/internal_message.html?_=1713849005422&CODE_STATE=getMsg HTTP/1.1" 200 27
101.83.144.49 - - [23/Apr/2024:13:10:20 +0800] "POST /xingrg/kc/buy/cgsh_order_operate.html HTTP/1.1" 200 37
222.70.183.82 - - [23/Apr/2024:13:10:20 +0800] "GET /xingrg/kc/buy/cgsh_order_operate.html?command=get_materiel&rest_code=00111&code=00101001115&supplier_code=00100089&order_time=2024-04-23 HTTP/1.1" 200 413
116.224.254.208 - - [23/Apr/2024:13:10:21 +0800] "GET /xingrg/all/function/internal_message.html?_=1713849021211&CODE_STATE=getMsg HTTP/1.1" 200 27
116.224.254.208 - - [23/Apr/2024:13:10:21 +0800] "GET /xingrg/check_reg.html?_=1713849021215 HTTP/1.1" 200 22
221.239.169.251 - - [23/Apr/2024:13:10:22 +0800] "GET /xingrg/check_reg.html?_=1713849020204 HTTP/1.1" 200 22
221.239.169.251 - - [23/Apr/2024:13:10:22 +0800] "GET /xingrg/all/function/internal_message.html?_=1713849020210&CODE_STATE=getMsg HTTP/1.1" 200 27
222.70.244.105 - - [23/Apr/2024:13:10:23 +0800] "GET /xingrg/all/function/internal_message.html?_=1713849027698&CODE_STATE=getMsg HTTP/1.1" 200 27
101.83.144.49 - - [23/Apr/2024:13:10:24 +0800] "POST /xingrg/kc/buy/cgsh_order_operate.html HTTP/1.1" 200 2653
101.83.144.49 - - [23/Apr/2024:13:10:25 +0800] "GET /xingrg/kc/print/load_data.html?order_code=212024042306235&kc_code=cgsh&condition= HTTP/1.1" 200 672
101.83.144.49 - - [23/Apr/2024:13:10:29 +0800] "GET /xingrg/kc/buy/cgsh_order_add.html HTTP/1.1" 200 74116
101.83.144.49 - - [23/Apr/2024:13:10:29 +0800] "POST /xingrg/kc/buy/cgsh_order_operate.html HTTP/1.1" 200 8245
101.83.144.49 - - [23/Apr/2024:13:10:30 +0800] "GET /xingrg/javascript/easyui/themes/default/validatebox.css HTTP/1.1" 404 1104
116.224.254.208 - - [23/Apr/2024:13:10:31 +0800] "GET /xingrg/check_reg.html?_=1713849031071 HTTP/1.1" 200 22
116.224.254.208 - - [23/Apr/2024:13:10:31 +0800] "GET /xingrg/all/function/internal_message.html?_=1713849031073&CODE_STATE=getMsg HTTP/1.1" 200 27
222.69.145.7 - - [23/Apr/2024:13:10:35 +0800] "GET /xingrg/all/function/internal_message.html?_=1713849034847&CODE_STATE=getMsg HTTP/1.1" 200 27
120.253.135.82 - - [23/Apr/2024:13:10:42 +0800] "GET /xingrg/all/function/internal_message.html?_=1713848889750&CODE_STATE=getMsg HTTP/1.1" 200 27
101.83.144.49 - - [23/Apr/2024:13:10:43 +0800] "GET /xingrg/kc/buy/cgsh_order_operate.html?command=get_materiel&rest_code=00105&code=00101002007&supplier_code=00100442&order_time=2024-04-23 HTTP/1.1" 200 411
116.238.97.31 - - [23/Apr/2024:13:10:47 +0800] "GET /xingrg/all/function/internal_message.html?_=1713849047462&CODE_STATE=getMsg HTTP/1.1" 200 27
116.232.195.13 - - [23/Apr/2024:13:10:52 +0800] "GET /xingrg/all/function/internal_message.html?_=1713849052778&CODE_STATE=getMsg HTTP/1.1" 200 27
101.83.144.49 - - [23/Apr/2024:13:10:53 +0800] "GET /xingrg/all/function/internal_message.html?_=1713849053275&CODE_STATE=getMsg HTTP/1.1" 200 27
116.232.195.13 - - [23/Apr/2024:13:10:58 +0800] "GET /xingrg/all/function/internal_message.html?_=1713849047185&CODE_STATE=getMsg HTTP/1.1" 200 27
120.253.135.82 - - [23/Apr/2024:13:10:58 +0800] "GET /xingrg/all/function/internal_message.html?_=1713849239664&CODE_STATE=getMsg HTTP/1.1" 200 27
120.253.135.82 - - [23/Apr/2024:13:10:58 +0800] "GET /xingrg/check_reg.html?_=1713849239672 HTTP/1.1" 200 22
180.169.147.146 - - [23/Apr/2024:13:10:58 +0800] "GET /xingrg/all/function/internal_message.html?_=1713849046758&CODE_STATE=getMsg HTTP/1.1" 200 27
222.70.183.82 - - [23/Apr/2024:13:10:59 +0800] "POST /xingrg/kc/buy/cgsh_order_operate.html HTTP/1.1" 200 37
101.83.144.49 - - [23/Apr/2024:13:10:59 +0800] "GET /xingrg/kc/buy/cgsh_order_operate.html?command=get_materiel&rest_code=00105&code=00101002041&supplier_code=00100442&order_time=2024-04-23 HTTP/1.1" 200 409
114.85.36.201 - - [23/Apr/2024:13:11:01 +0800] "GET /xingrg/all/function/internal_message.html?_=1713847459573&CODE_STATE=getMsg HTTP/1.1" 200 27
222.70.183.82 - - [23/Apr/2024:13:11:04 +0800] "POST /xingrg/kc/buy/cgsh_order_operate.html HTTP/1.1" 200 2660
222.70.183.82 - - [23/Apr/2024:13:11:07 +0800] "GET /xingrg/kc/print/load_data.html?order_code=212024042306236&kc_code=cgsh&condition= HTTP/1.1" 200 743
180.164.1.25 - - [23/Apr/2024:13:11:07 +0800] "GET /xingrg/all/function/internal_message.html?_=1713849066660&CODE_STATE=getMsg HTTP/1.1" 200 27
116.232.195.13 - - [23/Apr/2024:13:11:08 +0800] "GET /xingrg/all/function/internal_message.html?_=1713849057817&CODE_STATE=getMsg HTTP/1.1" 200 27
222.70.183.82 - - [23/Apr/2024:13:11:09 +0800] "GET /xingrg/all/function/internal_message.html?_=1713849068196&CODE_STATE=getMsg HTTP/1.1" 200 27
124.78.56.241 - - [23/Apr/2024:13:11:09 +0800] "GET /xingrg/all/function/internal_message.html?_=1713849069529&CODE_STATE=getMsg HTTP/1.1" 200 27
222.70.183.82 - - [23/Apr/2024:13:11:12 +0800] "GET /xingrg/kc/buy/cgsh_order_add.html HTTP/1.1" 200 73989
222.70.183.82 - - [23/Apr/2024:13:11:12 +0800] "POST /xingrg/kc/buy/cgsh_order_operate.html HTTP/1.1" 200 8245
222.70.183.82 - - [23/Apr/2024:13:11:12 +0800] "GET /xingrg/javascript/easyui/themes/default/validatebox.css HTTP/1.1" 404 1104
116.238.125.103 - - [23/Apr/2024:13:11:13 +0800] "GET /xingrg/all/function/internal_message.html?_=1713849074729&CODE_STATE=getMsg HTTP/1.1" 200 27
116.232.195.13 - - [23/Apr/2024:13:11:16 +0800] "GET /xingrg/all/function/internal_message.html?_=1713849065403&CODE_STATE=getMsg HTTP/1.1" 200 27
101.83.144.49 - - [23/Apr/2024:13:11:17 +0800] "GET /xingrg/kc/buy/cgsh_order_operate.html?command=get_materiel&rest_code=00105&code=00101001060&supplier_code=00100442&order_time=2024-04-23 HTTP/1.1" 200 419
116.224.254.208 - - [23/Apr/2024:13:11:21 +0800] "GET /xingrg/all/function/internal_message.html?_=1713849081209&CODE_STATE=getMsg HTTP/1.1" 200 27
221.239.169.251 - - [23/Apr/2024:13:11:22 +0800] "GET /xingrg/all/function/internal_message.html?_=1713849080203&CODE_STATE=getMsg HTTP/1.1" 200 27
222.70.244.105 - - [23/Apr/2024:13:11:23 +0800] "GET /xingrg/all/function/internal_message.html?_=1713849087721&CODE_STATE=getMsg HTTP/1.1" 200 27
222.70.183.82 - - [23/Apr/2024:13:11:23 +0800] "GET /xingrg/kc/buy/cgsh_order_operate.html?command=get_materiel&rest_code=00111&code=00101010327&supplier_code=00100327&order_time=2024-04-23 HTTP/1.1" 200 417
116.224.254.208 - - [23/Apr/2024:13:11:31 +0800] "GET /xingrg/all/function/internal_message.html?_=1713849091068&CODE_STATE=getMsg HTTP/1.1" 200 27
101.83.144.49 - - [23/Apr/2024:13:11:32 +0800] "GET /xingrg/kc/buy/cgsh_order_operate.html?command=get_materiel&rest_code=00105&code=00101002048&supplier_code=00100442&order_time=2024-04-23 HTTP/1.1" 200 434
222.69.145.7 - - [23/Apr/2024:13:11:35 +0800] "GET /xingrg/all/function/internal_message.html?_=1713849094857&CODE_STATE=getMsg HTTP/1.1" 200 27
101.83.144.49 - - [23/Apr/2024:13:11:41 +0800] "GET /xingrg/kc/buy/cgsh_order_operate.html?command=get_materiel&rest_code=00105&code=00101002047&supplier_code=00100442&order_time=2024-04-23 HTTP/1.1" 200 419
120.253.135.82 - - [23/Apr/2024:13:11:42 +0800] "GET /xingrg/all/function/internal_message.html?_=1713848949772&CODE_STATE=getMsg HTTP/1.1" 200 27
116.238.97.31 - - [23/Apr/2024:13:11:47 +0800] "GET /xingrg/all/function/internal_message.html?_=1713849107465&CODE_STATE=getMsg HTTP/1.1" 200 27
101.83.144.49 - - [23/Apr/2024:13:11:52 +0800] "POST /xingrg/kc/buy/cgsh_order_operate.html HTTP/1.1" 200 37
116.232.195.13 - - [23/Apr/2024:13:11:52 +0800] "GET /xingrg/all/function/internal_message.html?_=1713849112768&CODE_STATE=getMsg HTTP/1.1" 200 27
222.70.183.82 - - [23/Apr/2024:13:11:54 +0800] "GET /xingrg/kc/buy/cgsh_order_operate.html?command=get_materiel&rest_code=00111&code=00101010691&supplier_code=00100327&order_time=2024-04-23 HTTP/1.1" 200 411
101.83.144.49 - - [23/Apr/2024:13:11:54 +0800] "POST /xingrg/kc/buy/cgsh_order_operate.html HTTP/1.1" 200 4446
101.83.144.49 - - [23/Apr/2024:13:11:56 +0800] "GET /xingrg/kc/print/load_data.html?order_code=212024042306237&kc_code=cgsh&condition= HTTP/1.1" 200 1359
116.232.195.13 - - [23/Apr/2024:13:11:58 +0800] "GET /xingrg/all/function/internal_message.html?_=1713849107179&CODE_STATE=getMsg HTTP/1.1" 200 27
120.253.135.82 - - [23/Apr/2024:13:11:58 +0800] "GET /xingrg/all/function/internal_message.html?_=1713849299669&CODE_STATE=getMsg HTTP/1.1" 200 27
180.169.147.146 - - [23/Apr/2024:13:11:58 +0800] "GET /xingrg/all/function/internal_message.html?_=1713849106736&CODE_STATE=getMsg HTTP/1.1" 200 27
101.83.144.49 - - [23/Apr/2024:13:12:01 +0800] "GET /xingrg/kc/buy/cgsh_order_add.html HTTP/1.1" 200 74116
101.83.144.49 - - [23/Apr/2024:13:12:01 +0800] "GET /xingrg/javascript/easyui/themes/default/validatebox.css HTTP/1.1" 404 1104
101.83.144.49 - - [23/Apr/2024:13:12:01 +0800] "POST /xingrg/kc/buy/cgsh_order_operate.html HTTP/1.1" 200 8245
114.85.36.201 - - [23/Apr/2024:13:12:01 +0800] "GET /xingrg/all/function/internal_message.html?_=1713847519580&CODE_STATE=getMsg HTTP/1.1" 200 27
222.70.183.82 - - [23/Apr/2024:13:12:02 +0800] "POST /xingrg/kc/buy/cgsh_order_operate.html HTTP/1.1" 200 37
180.164.1.25 - - [23/Apr/2024:13:12:07 +0800] "GET /xingrg/all/function/internal_message.html?_=1713849126638&CODE_STATE=getMsg HTTP/1.1" 200 27
116.232.195.13 - - [23/Apr/2024:13:12:08 +0800] "GET /xingrg/all/function/internal_message.html?_=1713849117799&CODE_STATE=getMsg HTTP/1.1" 200 27
222.70.183.82 - - [23/Apr/2024:13:12:09 +0800] "GET /xingrg/all/function/internal_message.html?_=1713849128191&CODE_STATE=getMsg HTTP/1.1" 200 27
124.78.56.241 - - [23/Apr/2024:13:12:09 +0800] "GET /xingrg/all/function/internal_message.html?_=1713849129530&CODE_STATE=getMsg HTTP/1.1" 200 27
222.70.183.82 - - [23/Apr/2024:13:12:09 +0800] "POST /xingrg/kc/buy/cgsh_order_operate.html HTTP/1.1" 200 3252
222.70.183.82 - - [23/Apr/2024:13:12:11 +0800] "GET /xingrg/kc/print/load_data.html?order_code=212024042306238&kc_code=cgsh&condition= HTTP/1.1" 200 899
101.83.144.49 - - [23/Apr/2024:13:12:12 +0800] "GET /xingrg/kc/buy/cgsh_order_operate.html?command=get_materiel&rest_code=00105&code=00101003035&supplier_code=00100497&order_time=2024-04-23 HTTP/1.1" 200 413
116.238.125.103 - - [23/Apr/2024:13:12:13 +0800] "GET /xingrg/all/function/internal_message.html?_=1713849134721&CODE_STATE=getMsg HTTP/1.1" 200 27
116.232.195.13 - - [23/Apr/2024:13:12:16 +0800] "GET /xingrg/all/function/internal_message.html?_=1713849125390&CODE_STATE=getMsg HTTP/1.1" 200 27
116.224.254.208 - - [23/Apr/2024:13:12:21 +0800] "GET /xingrg/all/function/internal_message.html?_=1713849141201&CODE_STATE=getMsg HTTP/1.1" 200 27
221.239.169.251 - - [23/Apr/2024:13:12:22 +0800] "GET /xingrg/all/function/internal_message.html?_=1713849140181&CODE_STATE=getMsg HTTP/1.1" 200 27
222.70.244.105 - - [23/Apr/2024:13:12:23 +0800] "GET /xingrg/all/function/internal_message.html?_=1713849147726&CODE_STATE=getMsg HTTP/1.1" 200 27
101.83.144.49 - - [23/Apr/2024:13:12:24 +0800] "POST /xingrg/kc/buy/cgsh_order_operate.html HTTP/1.1" 200 37
101.83.144.49 - - [23/Apr/2024:13:12:30 +0800] "POST /xingrg/kc/buy/cgsh_order_operate.html HTTP/1.1" 200 2660
116.224.254.208 - - [23/Apr/2024:13:12:31 +0800] "GET /xingrg/all/function/internal_message.html?_=1713849151062&CODE_STATE=getMsg HTTP/1.1" 200 27
101.83.144.49 - - [23/Apr/2024:13:12:32 +0800] "GET /xingrg/kc/print/load_data.html?order_code=212024042306239&kc_code=cgsh&condition= HTTP/1.1" 200 671
222.69.145.7 - - [23/Apr/2024:13:12:35 +0800] "GET /xingrg/check_reg.html?_=1713849154851 HTTP/1.1" 200 22
222.69.145.7 - - [23/Apr/2024:13:12:35 +0800] "GET /xingrg/all/function/internal_message.html?_=1713849154852&CODE_STATE=getMsg HTTP/1.1" 200 27
222.70.183.82 - - [23/Apr/2024:13:12:36 +0800] "GET /xingrg/kc/buy/cgsh_order_add.html HTTP/1.1" 200 73989
222.70.183.82 - - [23/Apr/2024:13:12:36 +0800] "GET /xingrg/javascript/easyui/themes/default/validatebox.css HTTP/1.1" 404 1104
222.70.183.82 - - [23/Apr/2024:13:12:36 +0800] "POST /xingrg/kc/buy/cgsh_order_operate.html HTTP/1.1" 200 8245
101.83.144.49 - - [23/Apr/2024:13:12:40 +0800] "GET /xingrg/kc/buy/cgsh_order_add.html HTTP/1.1" 200 74116
101.83.144.49 - - [23/Apr/2024:13:12:40 +0800] "GET /xingrg/javascript/easyui/themes/default/validatebox.css HTTP/1.1" 404 1104
101.83.144.49 - - [23/Apr/2024:13:12:40 +0800] "POST /xingrg/kc/buy/cgsh_order_operate.html HTTP/1.1" 200 8245
120.253.135.82 - - [23/Apr/2024:13:12:42 +0800] "GET /xingrg/check_reg.html?_=1713849009611 HTTP/1.1" 200 22
120.253.135.82 - - [23/Apr/2024:13:12:42 +0800] "GET /xingrg/all/function/internal_message.html?_=1713849009784&CODE_STATE=getMsg HTTP/1.1" 200 27
116.238.97.31 - - [23/Apr/2024:13:12:47 +0800] "GET /xingrg/check_reg.html?_=1713849167450 HTTP/1.1" 200 22
116.238.97.31 - - [23/Apr/2024:13:12:47 +0800] "GET /xingrg/all/function/internal_message.html?_=1713849167453&CODE_STATE=getMsg HTTP/1.1" 200 27
101.83.144.49 - - [23/Apr/2024:13:12:50 +0800] "GET /xingrg/kc/buy/cgsh_order_operate.html?command=get_materiel&rest_code=00105&code=00101004030&supplier_code=00100312&order_time=2024-04-23 HTTP/1.1" 200 428
116.232.195.13 - - [23/Apr/2024:13:12:52 +0800] "GET /xingrg/all/function/internal_message.html?_=1713849172780&CODE_STATE=getMsg HTTP/1.1" 200 27
116.232.195.13 - - [23/Apr/2024:13:12:52 +0800] "GET /xingrg/check_reg.html?_=1713849172784 HTTP/1.1" 200 22
101.83.144.49 - - [23/Apr/2024:13:12:53 +0800] "GET /xingrg/all/function/internal_message.html?_=1713849173286&CODE_STATE=getMsg HTTP/1.1" 200 27
116.237.74.60 - - [23/Apr/2024:13:12:55 +0800] "GET /xingrg/login.html HTTP/1.1" 200 7641
116.237.74.60 - - [23/Apr/2024:13:12:56 +0800] "GET /favicon.ico HTTP/1.1" 404 -
116.232.195.13 - - [23/Apr/2024:13:12:58 +0800] "GET /xingrg/all/function/internal_message.html?_=1713849167168&CODE_STATE=getMsg HTTP/1.1" 200 27
120.253.135.82 - - [23/Apr/2024:13:12:58 +0800] "GET /xingrg/all/function/internal_message.html?_=1713849359675&CODE_STATE=getMsg HTTP/1.1" 200 27
180.169.147.146 - - [23/Apr/2024:13:12:58 +0800] "GET /xingrg/all/function/internal_message.html?_=1713849166715&CODE_STATE=getMsg HTTP/1.1" 200 27
222.70.183.82 - - [23/Apr/2024:13:13:00 +0800] "GET /xingrg/kc/buy/cgsh_order_operate.html?command=get_materiel&rest_code=00111&code=00101006164&supplier_code=00100326&order_time=2024-04-23 HTTP/1.1" 200 415
114.85.36.201 - - [23/Apr/2024:13:13:01 +0800] "GET /xingrg/all/function/internal_message.html?_=1713847579566&CODE_STATE=getMsg HTTP/1.1" 200 27
116.237.74.60 - - [23/Apr/2024:13:13:01 +0800] "POST /xingrg/login.do HTTP/1.1" 302 -
116.237.74.60 - - [23/Apr/2024:13:13:01 +0800] "GET /xingrg/index.html?sysBaseUrl=http%3A%2F%2F180.169.147.146%3A18081%2Fxingrg%2F&costTime=846×tamp=1713849181855 HTTP/1.1" 200 17503
116.237.74.60 - - [23/Apr/2024:13:13:02 +0800] "GET /favicon.ico HTTP/1.1" 404 -
101.83.144.49 - - [23/Apr/2024:13:13:02 +0800] "GET /xingrg/kc/buy/cgsh_order_operate.html?command=get_materiel&rest_code=00105&code=00101004038&supplier_code=00100312&order_time=2024-04-23 HTTP/1.1" 200 429
116.237.74.60 - - [23/Apr/2024:13:13:02 +0800] "POST /xingrg/all/common/load_tree.html?tree=area_rest_tree_json&manage=1 HTTP/1.1" 200 3624
116.237.74.60 - - [23/Apr/2024:13:13:02 +0800] "GET /xingrg/all/function/internal_message.html?_=1713849182303&CODE_STATE=count HTTP/1.1" 200 11
116.237.74.60 - - [23/Apr/2024:13:13:02 +0800] "GET /xingrg/check_reg.html?_=1713849182304 HTTP/1.1" 200 22
116.237.74.60 - - [23/Apr/2024:13:13:02 +0800] "POST /xingrg/load_menu.html HTTP/1.1" 200 11443
116.237.74.60 - - [23/Apr/2024:13:13:05 +0800] "GET /xingrg/kc/report/report_main.html HTTP/1.1" 200 8599
180.164.1.25 - - [23/Apr/2024:13:13:07 +0800] "GET /xingrg/all/function/internal_message.html?_=1713849186623&CODE_STATE=getMsg HTTP/1.1" 200 27
116.237.74.60 - - [23/Apr/2024:13:13:08 +0800] "GET /xingrg/all/report/report_query.html?fileName=kc/buy/gys_amount_base_rest.xml HTTP/1.1" 200 51664
116.237.74.60 - - [23/Apr/2024:13:13:08 +0800] "GET /xingrg/dwr/interface/AjaxReportQueryService.js HTTP/1.1" 200 13203
116.237.74.60 - - [23/Apr/2024:13:13:08 +0800] "GET /xingrg/dwr/util.js HTTP/1.1" 200 35990
116.237.74.60 - - [23/Apr/2024:13:13:08 +0800] "GET /xingrg/dwr/engine.js HTTP/1.1" 200 43631
116.237.74.60 - - [23/Apr/2024:13:13:08 +0800] "POST /xingrg/dwr/call/plaincall/AjaxReportQueryService.getFixDate.dwr HTTP/1.1" 200 111
116.232.195.13 - - [23/Apr/2024:13:13:08 +0800] "GET /xingrg/all/function/internal_message.html?_=1713849177784&CODE_STATE=getMsg HTTP/1.1" 200 27
116.237.74.60 - - [23/Apr/2024:13:13:08 +0800] "POST /xingrg/all/common/load_tree.html?tree=area_rest_tree_json&manage=1 HTTP/1.1" 200 3624
222.70.183.82 - - [23/Apr/2024:13:13:09 +0800] "GET /xingrg/all/function/internal_message.html?_=1713849188175&CODE_STATE=getMsg HTTP/1.1" 200 27
124.78.56.241 - - [23/Apr/2024:13:13:09 +0800] "GET /xingrg/all/function/internal_message.html?_=1713849189521&CODE_STATE=getMsg HTTP/1.1" 200 27
116.237.74.60 - - [23/Apr/2024:13:13:09 +0800] "POST /xingrg/all/common/load_tree.html?tree=supplier_tree_json&manage=1 HTTP/1.1" 200 81908
116.237.74.60 - - [23/Apr/2024:13:13:13 +0800] "POST /xingrg/dwr/call/plaincall/AjaxReportQueryService.getFixDate.dwr HTTP/1.1" 200 111
116.238.125.103 - - [23/Apr/2024:13:13:13 +0800] "GET /xingrg/all/function/internal_message.html?_=1713849194731&CODE_STATE=getMsg HTTP/1.1" 200 27
116.238.125.103 - - [23/Apr/2024:13:13:13 +0800] "GET /xingrg/check_reg.html?_=1713849194737 HTTP/1.1" 200 22
116.232.195.13 - - [23/Apr/2024:13:13:16 +0800] "GET /xingrg/all/function/internal_message.html?_=1713849185372&CODE_STATE=getMsg HTTP/1.1" 200 27
101.83.144.49 - - [23/Apr/2024:13:13:16 +0800] "POST /xingrg/kc/buy/cgsh_order_operate.html HTTP/1.1" 200 37
101.83.144.49 - - [23/Apr/2024:13:13:18 +0800] "POST /xingrg/kc/buy/cgsh_order_operate.html HTTP/1.1" 200 3248
101.83.144.49 - - [23/Apr/2024:13:13:19 +0800] "GET /xingrg/kc/print/load_data.html?order_code=212024042306240&kc_code=cgsh&condition= HTTP/1.1" 200 898
116.224.254.208 - - [23/Apr/2024:13:13:21 +0800] "GET /xingrg/all/function/internal_message.html?_=1713849201214&CODE_STATE=getMsg HTTP/1.1" 200 27
221.239.169.251 - - [23/Apr/2024:13:13:22 +0800] "GET /xingrg/all/function/internal_message.html?_=1713849200196&CODE_STATE=getMsg HTTP/1.1" 200 27
222.70.244.105 - - [23/Apr/2024:13:13:23 +0800] "GET /xingrg/all/function/internal_message.html?_=1713849207750&CODE_STATE=getMsg HTTP/1.1" 200 27
101.83.144.49 - - [23/Apr/2024:13:13:23 +0800] "GET /xingrg/kc/buy/cgsh_order_add.html HTTP/1.1" 200 74116
101.83.144.49 - - [23/Apr/2024:13:13:23 +0800] "GET /xingrg/javascript/easyui/themes/default/validatebox.css HTTP/1.1" 404 1104
101.83.144.49 - - [23/Apr/2024:13:13:23 +0800] "POST /xingrg/kc/buy/cgsh_order_operate.html HTTP/1.1" 200 8245
116.224.254.208 - - [23/Apr/2024:13:13:31 +0800] "GET /xingrg/all/function/internal_message.html?_=1713849211067&CODE_STATE=getMsg HTTP/1.1" 200 27
116.237.74.60 - - [23/Apr/2024:13:13:31 +0800] "POST /xingrg/dwr/call/plaincall/AjaxReportQueryService.refreshCache.dwr HTTP/1.1" 200 78
180.164.1.25 - - [23/Apr/2024:13:13:32 +0800] "GET /xingrg/check_reg.html?_=1713849211545 HTTP/1.1" 200 22
116.232.195.13 - - [23/Apr/2024:13:13:33 +0800] "GET /xingrg/check_reg.html?_=1713849202936 HTTP/1.1" 200 22
101.83.144.49 - - [23/Apr/2024:13:13:33 +0800] "GET /xingrg/kc/buy/cgsh_order_operate.html?command=get_materiel&rest_code=00105&code=00101004104&supplier_code=00100086&order_time=2024-04-23 HTTP/1.1" 200 428
222.69.145.7 - - [23/Apr/2024:13:13:35 +0800] "GET /xingrg/all/function/internal_message.html?_=1713849214839&CODE_STATE=getMsg HTTP/1.1" 200 27
116.237.74.60 - - [23/Apr/2024:13:13:35 +0800] "POST /xingrg/all/report/load_report_page.html HTTP/1.1" 200 476696
116.237.74.60 - - [23/Apr/2024:13:13:36 +0800] "GET /xingrg/servlets/image?cache=0.07894847490724077&image=px HTTP/1.1" 200 807
120.253.135.82 - - [23/Apr/2024:13:13:42 +0800] "GET /xingrg/all/function/internal_message.html?_=1713849069806&CODE_STATE=getMsg HTTP/1.1" 200 27
101.83.144.49 - - [23/Apr/2024:13:13:46 +0800] "GET /xingrg/kc/buy/cgsh_order_operate.html?command=get_materiel&rest_code=00105&code=00101004101&supplier_code=00100086&order_time=2024-04-23 HTTP/1.1" 200 433
116.238.97.31 - - [23/Apr/2024:13:13:47 +0800] "GET /xingrg/all/function/internal_message.html?_=1713849227443&CODE_STATE=getMsg HTTP/1.1" 200 27
172.20.0.8 - - [23/Apr/2024:13:13:47 +0800] "GET /favicon.ico HTTP/1.1" 404 -
180.169.147.146 - - [23/Apr/2024:13:13:47 +0800] "GET /favicon.ico HTTP/1.1" 404 -
172.20.0.8 - - [23/Apr/2024:13:13:48 +0800] "GET /favicon.ico HTTP/1.1" 404 -
180.169.147.146 - - [23/Apr/2024:13:13:48 +0800] "GET /favicon.ico HTTP/1.1" 404 -
172.20.0.8 - - [23/Apr/2024:13:13:48 +0800] "GET /favicon.ico HTTP/1.1" 404 -
180.169.147.146 - - [23/Apr/2024:13:13:48 +0800] "GET /favicon.ico HTTP/1.1" 404 -
172.20.0.8 - - [23/Apr/2024:13:13:49 +0800] "GET /favicon.ico HTTP/1.1" 404 -
180.169.147.146 - - [23/Apr/2024:13:13:49 +0800] "GET /favicon.ico HTTP/1.1" 404 -
172.20.0.8 - - [23/Apr/2024:13:13:50 +0800] "GET /favicon.ico HTTP/1.1" 404 -
180.169.147.146 - - [23/Apr/2024:13:13:50 +0800] "GET /favicon.ico HTTP/1.1" 404 -
180.169.147.146 - - [23/Apr/2024:13:13:50 +0800] "GET /favicon.ico HTTP/1.1" 404 -
116.237.74.60 - - [23/Apr/2024:13:13:51 +0800] "GET /xingrg/all/report/report_query.html?isQuery=1&fileName=kc/buy/wlcg_cate_hz_rest.xml&queryString=(CONVERT(char(10)%2Ca.order_time%2C%20120)%3E%3D'2024-01-01')%20and%20(CONVERT(char(10)%2Ca.order_time%2C%20120)%3C%3D'2024-02-29')%20and%20(a.data_area%20in%20('00141'))%20and%20(a.supplier_code%3D'00100075')%20and%20(a.data_area%3D'00141')&queryText=%E3%80%90%E9%87%87%E8%B4%AD%E6%97%A5%E6%9C%9F%3A2024-01-01%20%E8%87%B3%202024-02-29%E3%80%91%20%E5%B9%B6%E4%B8%94%20%20%E3%80%90%E9%97%A8%E5%BA%97%20%3D%20%E6%B7%B1%E6%B5%B7%E6%B8%94%E6%B8%AF%E9%95%BF%E5%AF%BF%E8%B7%AF%E3%80%91%20%E5%B9%B6%E4%B8%94%20%E3%80%90%E4%BE%9B%E5%BA%94%E5%95%86%3D%E8%89%BA%E6%89%AC%E5%B9%BF%E5%91%8A%EF%BC%88%E5%BC%A0%E5%B0%A4%E5%82%B2%EF%BC%89%E3%80%91%E5%B9%B6%E4%B8%94%E3%80%90%E9%97%A8%E5%BA%97%E5%90%8D%E7%A7%B0%20%3D%20%E6%B7%B1%E6%B5%B7%E6%B8%94%E6%B8%AF%E9%95%BF%E5%AF%BF%E8%B7%AF%E3%80%91&rand=0.7786371525754014 HTTP/1.1" 200 54378
116.237.74.60 - - [23/Apr/2024:13:13:51 +0800] "GET /xingrg/all/report/report_query.html?isQuery=1&fileName=kc/buy/wlcg_cate_hz_rest.xml&queryString=(CONVERT(char(10)%2Ca.order_time%2C%20120)%3E%3D'2024-01-01')%20and%20(CONVERT(char(10)%2Ca.order_time%2C%20120)%3C%3D'2024-02-29')%20and%20(a.data_area%20in%20('00141'))%20and%20(a.supplier_code%3D'00100075')%20and%20(a.data_area%3D'00141')&queryText=%E3%80%90%E9%87%87%E8%B4%AD%E6%97%A5%E6%9C%9F%3A2024-01-01%20%E8%87%B3%202024-02-29%E3%80%91%20%E5%B9%B6%E4%B8%94%20%20%E3%80%90%E9%97%A8%E5%BA%97%20%3D%20%E6%B7%B1%E6%B5%B7%E6%B8%94%E6%B8%AF%E9%95%BF%E5%AF%BF%E8%B7%AF%E3%80%91%20%E5%B9%B6%E4%B8%94%20%E3%80%90%E4%BE%9B%E5%BA%94%E5%95%86%3D%E8%89%BA%E6%89%AC%E5%B9%BF%E5%91%8A%EF%BC%88%E5%BC%A0%E5%B0%A4%E5%82%B2%EF%BC%89%E3%80%91%E5%B9%B6%E4%B8%94%E3%80%90%E9%97%A8%E5%BA%97%E5%90%8D%E7%A7%B0%20%3D%20%E6%B7%B1%E6%B5%B7%E6%B8%94%E6%B8%AF%E9%95%BF%E5%AF%BF%E8%B7%AF%E3%80%91&rand=0.7786371525754014 HTTP/1.1" 200 54378
116.237.74.60 - - [23/Apr/2024:13:13:51 +0800] "GET /xingrg/dwr/interface/AjaxReportQueryService.js HTTP/1.1" 200 13203
116.237.74.60 - - [23/Apr/2024:13:13:51 +0800] "GET /xingrg/dwr/engine.js HTTP/1.1" 200 43631
180.169.147.146 - - [23/Apr/2024:13:13:51 +0800] "GET /favicon.ico HTTP/1.1" 404 -
116.232.195.13 - - [23/Apr/2024:13:13:52 +0800] "GET /xingrg/all/function/internal_message.html?_=1713849232784&CODE_STATE=getMsg HTTP/1.1" 200 27
101.83.144.49 - - [23/Apr/2024:13:13:53 +0800] "GET /xingrg/all/function/internal_message.html?_=1713849233258&CODE_STATE=getMsg HTTP/1.1" 200 27
180.169.147.146 - - [23/Apr/2024:13:13:53 +0800] "GET /favicon.ico HTTP/1.1" 404 -
180.169.147.146 - - [23/Apr/2024:13:13:54 +0800] "GET /favicon.ico HTTP/1.1" 404 -
180.169.147.146 - - [23/Apr/2024:13:13:54 +0800] "GET /favicon.ico HTTP/1.1" 404 -
116.237.74.60 - - [23/Apr/2024:13:13:55 +0800] "POST /xingrg/all/report/load_report_page.html HTTP/1.1" 200 8712
116.237.74.60 - - [23/Apr/2024:13:13:55 +0800] "GET /xingrg/servlets/image?cache=0.0749091703438981&image=px HTTP/1.1" 200 807
180.169.147.146 - - [23/Apr/2024:13:13:55 +0800] "GET /favicon.ico HTTP/1.1" 404 -
180.169.147.146 - - [23/Apr/2024:13:13:55 +0800] "GET /favicon.ico HTTP/1.1" 404 -
180.169.147.146 - - [23/Apr/2024:13:13:56 +0800] "GET /favicon.ico HTTP/1.1" 404 -
116.232.195.13 - - [23/Apr/2024:13:13:58 +0800] "GET /xingrg/all/function/internal_message.html?_=1713849227185&CODE_STATE=getMsg HTTP/1.1" 200 27
116.232.195.13 - - [23/Apr/2024:13:13:58 +0800] "GET /xingrg/check_reg.html?_=1713849227186 HTTP/1.1" 200 22
120.253.135.82 - - [23/Apr/2024:13:13:58 +0800] "GET /xingrg/all/function/internal_message.html?_=1713849419679&CODE_STATE=getMsg HTTP/1.1" 200 27
101.83.144.49 - - [23/Apr/2024:13:13:58 +0800] "POST /xingrg/kc/buy/cgsh_order_operate.html HTTP/1.1" 200 37
180.169.147.146 - - [23/Apr/2024:13:13:58 +0800] "GET /xingrg/all/function/internal_message.html?_=1713849226697&CODE_STATE=getMsg HTTP/1.1" 200 27
116.237.74.60 - - [23/Apr/2024:13:13:59 +0800] "POST /xingrg/all/report/load_report_page.html HTTP/1.1" 200 33248
116.237.74.60 - - [23/Apr/2024:13:13:59 +0800] "GET /xingrg/servlets/image?cache=0.9420778537358943&image=px HTTP/1.1" 200 807
101.83.144.49 - - [23/Apr/2024:13:14:01 +0800] "POST /xingrg/kc/buy/cgsh_order_operate.html HTTP/1.1" 200 3252
114.85.36.201 - - [23/Apr/2024:13:14:01 +0800] "GET /xingrg/all/function/internal_message.html?_=1713847639566&CODE_STATE=getMsg HTTP/1.1" 200 27
114.85.36.201 - - [23/Apr/2024:13:14:01 +0800] "GET /xingrg/check_reg.html?_=1713847639568 HTTP/1.1" 200 22
116.237.74.60 - - [23/Apr/2024:13:14:02 +0800] "GET /xingrg/all/function/internal_message.html?_=1713849242317&CODE_STATE=getMsg HTTP/1.1" 200 27
101.83.144.49 - - [23/Apr/2024:13:14:02 +0800] "GET /xingrg/kc/print/load_data.html?order_code=212024042306241&kc_code=cgsh&condition= HTTP/1.1" 200 959
172.20.0.8 - - [23/Apr/2024:13:14:03 +0800] "GET /favicon.ico HTTP/1.1" 404 -
180.169.147.146 - - [23/Apr/2024:13:14:03 +0800] "GET /favicon.ico HTTP/1.1" 404 -
0:0:0:0:0:0:0:1 - - [23/Apr/2024:13:14:03 +0800] "GET /favicon.ico HTTP/1.1" 404 -
180.169.147.146 - - [23/Apr/2024:13:14:04 +0800] "GET /favicon.ico HTTP/1.1" 404 -
172.20.0.8 - - [23/Apr/2024:13:14:04 +0800] "GET /favicon.ico HTTP/1.1" 404 -
0:0:0:0:0:0:0:1 - - [23/Apr/2024:13:14:04 +0800] "GET /favicon.ico HTTP/1.1" 404 -
222.70.244.105 - - [23/Apr/2024:13:14:04 +0800] "GET /xingrg/check_reg.html?_=1713849249008 HTTP/1.1" 200 22
172.20.0.8 - - [23/Apr/2024:13:14:04 +0800] "GET /favicon.ico HTTP/1.1" 404 -
180.169.147.146 - - [23/Apr/2024:13:14:04 +0800] "GET /favicon.ico HTTP/1.1" 404 -
0:0:0:0:0:0:0:1 - - [23/Apr/2024:13:14:04 +0800] "GET /favicon.ico HTTP/1.1" 404 -
116.237.74.60 - - [23/Apr/2024:13:14:05 +0800] "POST /xingrg/all/report/report_print.html HTTP/1.1" 200 6144
101.83.144.49 - - [23/Apr/2024:13:14:06 +0800] "GET /xingrg/kc/buy/cgsh_order_add.html HTTP/1.1" 200 74116
101.83.144.49 - - [23/Apr/2024:13:14:06 +0800] "GET /xingrg/javascript/easyui/themes/default/validatebox.css HTTP/1.1" 404 1104
101.83.144.49 - - [23/Apr/2024:13:14:06 +0800] "POST /xingrg/kc/buy/cgsh_order_operate.html HTTP/1.1" 200 8245
180.164.1.25 - - [23/Apr/2024:13:14:07 +0800] "GET /xingrg/all/function/internal_message.html?_=1713849246597&CODE_STATE=getMsg HTTP/1.1" 200 27
