101.83.144.49 - - [23/Apr/2024:11:20:43 +0800] "GET /xingrg/all/function/internal_message.html?_=1713842443795&CODE_STATE=getMsg HTTP/1.1" 200 27
124.78.56.241 - - [23/Apr/2024:11:20:49 +0800] "GET /xingrg/all/function/internal_message.html?_=1713842449565&CODE_STATE=getMsg HTTP/1.1" 200 27
120.253.135.82 - - [23/Apr/2024:11:20:53 +0800] "GET /xingrg/all/function/internal_message.html?_=1713842300384&CODE_STATE=getMsg HTTP/1.1" 200 27
116.224.254.208 - - [23/Apr/2024:11:20:58 +0800] "GET /xingrg/all/function/internal_message.html?_=1713842458083&CODE_STATE=getMsg HTTP/1.1" 200 27
116.232.195.13 - - [23/Apr/2024:11:21:08 +0800] "GET /xingrg/all/function/internal_message.html?_=1713842457367&CODE_STATE=getMsg HTTP/1.1" 200 27
180.164.1.25 - - [23/Apr/2024:11:21:09 +0800] "GET /xingrg/all/function/internal_message.html?_=1713842468620&CODE_STATE=getMsg HTTP/1.1" 200 27
222.70.183.82 - - [23/Apr/2024:11:21:09 +0800] "GET /xingrg/all/function/internal_message.html?_=1713842469053&CODE_STATE=getMsg HTTP/1.1" 200 27
120.253.135.82 - - [23/Apr/2024:11:21:10 +0800] "GET /xingrg/all/function/internal_message.html?_=1713842652228&CODE_STATE=getMsg HTTP/1.1" 200 27
120.253.135.82 - - [23/Apr/2024:11:21:10 +0800] "GET /xingrg/check_reg.html?_=1713842652230 HTTP/1.1" 200 22
116.232.195.13 - - [23/Apr/2024:11:21:18 +0800] "GET /xingrg/all/function/internal_message.html?_=1713842467363&CODE_STATE=getMsg HTTP/1.1" 200 27
116.224.254.208 - - [23/Apr/2024:11:21:21 +0800] "GET /xingrg/all/function/internal_message.html?_=1713842481212&CODE_STATE=getMsg HTTP/1.1" 200 27
222.70.244.105 - - [23/Apr/2024:11:21:21 +0800] "GET /xingrg/all/function/internal_message.html?_=1713842486167&CODE_STATE=getMsg HTTP/1.1" 200 27
221.239.169.251 - - [23/Apr/2024:11:21:21 +0800] "GET /xingrg/all/function/internal_message.html?_=1713842480092&CODE_STATE=getMsg HTTP/1.1" 200 27
180.169.147.146 - - [23/Apr/2024:11:21:31 +0800] "GET /xingrg/all/function/internal_message.html?_=1713842479253&CODE_STATE=getMsg HTTP/1.1" 200 27
101.83.144.49 - - [23/Apr/2024:11:21:43 +0800] "GET /xingrg/all/function/internal_message.html?_=1713842503765&CODE_STATE=getMsg HTTP/1.1" 200 27
124.78.56.241 - - [23/Apr/2024:11:21:49 +0800] "GET /xingrg/all/function/internal_message.html?_=1713842509542&CODE_STATE=getMsg HTTP/1.1" 200 27
120.253.135.82 - - [23/Apr/2024:11:21:53 +0800] "GET /xingrg/all/function/internal_message.html?_=1713842360417&CODE_STATE=getMsg HTTP/1.1" 200 27
116.224.254.208 - - [23/Apr/2024:11:21:58 +0800] "GET /xingrg/all/function/internal_message.html?_=1713842518083&CODE_STATE=getMsg HTTP/1.1" 200 27
116.224.254.208 - - [23/Apr/2024:11:21:59 +0800] "GET /xingrg/kc/buy/cgsh_order_list.html HTTP/1.1" 200 58225
116.224.254.208 - - [23/Apr/2024:11:22:02 +0800] "POST /xingrg/kc/buy/cgsh_list_operate.html HTTP/1.1" 200 645
116.224.254.208 - - [23/Apr/2024:11:22:03 +0800] "GET /xingrg/kc/buy/cgsh_order_add.html HTTP/1.1" 200 73625
116.224.254.208 - - [23/Apr/2024:11:22:03 +0800] "POST /xingrg/kc/buy/cgsh_order_operate.html HTTP/1.1" 200 8245
116.224.254.208 - - [23/Apr/2024:11:22:03 +0800] "GET /xingrg/javascript/easyui/themes/default/validatebox.css HTTP/1.1" 404 1104
116.224.254.208 - - [23/Apr/2024:11:22:03 +0800] "GET /xingrg/all/common/auto_word.html?type=employee&rest_code=00151 HTTP/1.1" 200 293
116.224.254.208 - - [23/Apr/2024:11:22:03 +0800] "GET /xingrg/all/common/auto_word.html?type=employee&rest_code=00151 HTTP/1.1" 200 293
116.224.254.208 - - [23/Apr/2024:11:22:04 +0800] "GET /xingrg/javascript/auto/indicator.gif HTTP/1.1" 404 1066
116.232.195.13 - - [23/Apr/2024:11:22:08 +0800] "GET /xingrg/all/function/internal_message.html?_=1713842517359&CODE_STATE=getMsg HTTP/1.1" 200 27
180.164.1.25 - - [23/Apr/2024:11:22:09 +0800] "GET /xingrg/all/function/internal_message.html?_=1713842528614&CODE_STATE=getMsg HTTP/1.1" 200 27
222.70.183.82 - - [23/Apr/2024:11:22:09 +0800] "GET /xingrg/all/function/internal_message.html?_=1713842529052&CODE_STATE=getMsg HTTP/1.1" 200 27
120.253.135.82 - - [23/Apr/2024:11:22:11 +0800] "GET /xingrg/all/function/internal_message.html?_=1713842713234&CODE_STATE=getMsg HTTP/1.1" 200 27
116.224.254.208 - - [23/Apr/2024:11:22:13 +0800] "GET /xingrg/kc/buy/cgsh_order_operate.html?command=get_materiel&rest_code=00151&code=00101029051&supplier_code=00100264&order_time=2024-04-23 HTTP/1.1" 200 413
180.164.1.25 - - [23/Apr/2024:11:22:15 +0800] "POST /xingrg/services/DataTransmitService HTTP/1.1" 200 524
116.232.195.13 - - [23/Apr/2024:11:22:18 +0800] "GET /xingrg/all/function/internal_message.html?_=1713842527339&CODE_STATE=getMsg HTTP/1.1" 200 27
116.224.254.208 - - [23/Apr/2024:11:22:21 +0800] "GET /xingrg/all/function/internal_message.html?_=1713842541225&CODE_STATE=getMsg HTTP/1.1" 200 27
222.70.244.105 - - [23/Apr/2024:11:22:21 +0800] "GET /xingrg/all/function/internal_message.html?_=1713842546170&CODE_STATE=getMsg HTTP/1.1" 200 27
221.239.169.251 - - [23/Apr/2024:11:22:21 +0800] "GET /xingrg/all/function/internal_message.html?_=1713842540084&CODE_STATE=getMsg HTTP/1.1" 200 27
116.224.254.208 - - [23/Apr/2024:11:22:24 +0800] "GET /xingrg/kc/buy/cgsh_order_operate.html?command=get_materiel&rest_code=00151&code=00101029054&supplier_code=00100264&order_time=2024-04-23 HTTP/1.1" 200 413
180.169.147.146 - - [23/Apr/2024:11:22:31 +0800] "GET /xingrg/all/function/internal_message.html?_=1713842539250&CODE_STATE=getMsg HTTP/1.1" 200 27
116.224.254.208 - - [23/Apr/2024:11:22:32 +0800] "GET /xingrg/kc/buy/cgsh_order_operate.html?command=get_materiel&rest_code=00151&code=00101029056&supplier_code=00100264&order_time=2024-04-23 HTTP/1.1" 200 413
116.224.254.208 - - [23/Apr/2024:11:22:41 +0800] "POST /xingrg/kc/buy/cgsh_order_operate.html HTTP/1.1" 200 37
101.83.144.49 - - [23/Apr/2024:11:22:43 +0800] "GET /xingrg/all/function/internal_message.html?_=1713842563734&CODE_STATE=getMsg HTTP/1.1" 200 27
124.78.56.241 - - [23/Apr/2024:11:22:49 +0800] "GET /xingrg/all/function/internal_message.html?_=1713842569526&CODE_STATE=getMsg HTTP/1.1" 200 27
120.253.135.82 - - [23/Apr/2024:11:22:53 +0800] "GET /xingrg/all/function/internal_message.html?_=1713842420427&CODE_STATE=getMsg HTTP/1.1" 200 27
116.224.254.208 - - [23/Apr/2024:11:22:58 +0800] "GET /xingrg/all/function/internal_message.html?_=1713842578097&CODE_STATE=getMsg HTTP/1.1" 200 27
116.224.254.208 - - [23/Apr/2024:11:23:00 +0800] "POST /xingrg/kc/buy/cgsh_order_operate.html HTTP/1.1" 200 12
116.224.254.208 - - [23/Apr/2024:11:23:02 +0800] "GET /xingrg/kc/buy/cgsh_order_info.html?code=212024042306199 HTTP/1.1" 200 68501
116.224.254.208 - - [23/Apr/2024:11:23:02 +0800] "GET /xingrg/javascript/easyui/themes/default/validatebox.css HTTP/1.1" 404 1104
116.224.254.208 - - [23/Apr/2024:11:23:03 +0800] "POST /xingrg/kc/buy/cgsh_order_operate.html HTTP/1.1" 200 1821
116.224.254.208 - - [23/Apr/2024:11:23:05 +0800] "GET /xingrg/kc/print/load_data.html?order_code=212024042306199&kc_code=cgsh&condition= HTTP/1.1" 200 1185
116.224.254.208 - - [23/Apr/2024:11:23:06 +0800] "GET /xingrg/javascript/jquery_easy_ui/themes/default/images/tabs_active.png HTTP/1.1" 200 2894
180.164.1.25 - - [23/Apr/2024:11:23:07 +0800] "POST /xingrg/services/DataTransmitService HTTP/1.1" 200 501
116.232.195.13 - - [23/Apr/2024:11:23:08 +0800] "GET /xingrg/all/function/internal_message.html?_=1713842577369&CODE_STATE=getMsg HTTP/1.1" 200 27
180.164.1.25 - - [23/Apr/2024:11:23:08 +0800] "POST /xingrg/services/DataTransmitService HTTP/1.1" 200 501
180.164.1.25 - - [23/Apr/2024:11:23:09 +0800] "GET /xingrg/all/function/internal_message.html?_=1713842588593&CODE_STATE=getMsg HTTP/1.1" 200 27
222.70.183.82 - - [23/Apr/2024:11:23:09 +0800] "GET /xingrg/all/function/internal_message.html?_=1713842589043&CODE_STATE=getMsg HTTP/1.1" 200 27
116.224.254.208 - - [23/Apr/2024:11:23:11 +0800] "GET /xingrg/kc/buy/cgsh_order_add.html HTTP/1.1" 200 73625
116.224.254.208 - - [23/Apr/2024:11:23:12 +0800] "POST /xingrg/kc/buy/cgsh_order_operate.html HTTP/1.1" 200 8245
116.224.254.208 - - [23/Apr/2024:11:23:12 +0800] "GET /xingrg/javascript/easyui/themes/default/validatebox.css HTTP/1.1" 404 1104
120.253.135.82 - - [23/Apr/2024:11:23:12 +0800] "GET /xingrg/all/function/internal_message.html?_=1713842774239&CODE_STATE=getMsg HTTP/1.1" 200 27
116.232.195.13 - - [23/Apr/2024:11:23:18 +0800] "GET /xingrg/all/function/internal_message.html?_=1713842587322&CODE_STATE=getMsg HTTP/1.1" 200 27
116.224.254.208 - - [23/Apr/2024:11:23:21 +0800] "GET /xingrg/all/function/internal_message.html?_=1713842601217&CODE_STATE=getMsg HTTP/1.1" 200 27
222.70.244.105 - - [23/Apr/2024:11:23:21 +0800] "GET /xingrg/all/function/internal_message.html?_=1713842606196&CODE_STATE=getMsg HTTP/1.1" 200 27
221.239.169.251 - - [23/Apr/2024:11:23:21 +0800] "GET /xingrg/all/function/internal_message.html?_=1713842600094&CODE_STATE=getMsg HTTP/1.1" 200 27
180.164.1.25 - - [23/Apr/2024:11:23:22 +0800] "POST /xingrg/services/DataTransmitService HTTP/1.1" 200 501
180.164.1.25 - - [23/Apr/2024:11:23:25 +0800] "POST /xingrg/services/DataTransmitService HTTP/1.1" 500 1621
180.169.147.146 - - [23/Apr/2024:11:23:31 +0800] "GET /xingrg/all/function/internal_message.html?_=1713842599248&CODE_STATE=getMsg HTTP/1.1" 200 27
180.169.147.146 - - [23/Apr/2024:11:23:31 +0800] "GET /xingrg/check_reg.html?_=1713842599250 HTTP/1.1" 200 22
180.164.1.25 - - [23/Apr/2024:11:23:32 +0800] "GET /xingrg/check_reg.html?_=1713842611527 HTTP/1.1" 200 22
116.224.254.208 - - [23/Apr/2024:11:23:32 +0800] "GET /xingrg/kc/buy/cgsh_order_operate.html?command=get_materiel&rest_code=00151&code=00101011005&supplier_code=00100047&order_time=2024-04-23 HTTP/1.1" 200 428
116.232.195.13 - - [23/Apr/2024:11:23:33 +0800] "GET /xingrg/check_reg.html?_=1713842602938 HTTP/1.1" 200 22
116.224.254.208 - - [23/Apr/2024:11:23:41 +0800] "GET /xingrg/kc/buy/cgsh_order_operate.html?command=get_materiel&rest_code=00151&code=00101011001&supplier_code=00100047&order_time=2024-04-23 HTTP/1.1" 200 423
101.83.144.49 - - [23/Apr/2024:11:23:43 +0800] "GET /xingrg/all/function/internal_message.html?_=1713842623707&CODE_STATE=getMsg HTTP/1.1" 200 27
124.78.56.241 - - [23/Apr/2024:11:23:49 +0800] "GET /xingrg/all/function/internal_message.html?_=1713842629507&CODE_STATE=getMsg HTTP/1.1" 200 27
120.253.135.82 - - [23/Apr/2024:11:23:52 +0800] "GET /xingrg/check_reg.html?_=1713842480012 HTTP/1.1" 200 22
120.253.135.82 - - [23/Apr/2024:11:23:53 +0800] "GET /xingrg/all/function/internal_message.html?_=1713842480440&CODE_STATE=getMsg HTTP/1.1" 200 27
222.70.244.105 - - [23/Apr/2024:11:24:04 +0800] "GET /xingrg/check_reg.html?_=1713842648887 HTTP/1.1" 200 22
116.224.254.208 - - [23/Apr/2024:11:24:06 +0800] "POST /xingrg/kc/buy/cgsh_order_operate.html HTTP/1.1" 200 37
116.232.195.13 - - [23/Apr/2024:11:24:08 +0800] "GET /xingrg/check_reg.html?_=1713842637357 HTTP/1.1" 200 22
116.232.195.13 - - [23/Apr/2024:11:24:08 +0800] "GET /xingrg/all/function/internal_message.html?_=1713842637359&CODE_STATE=getMsg HTTP/1.1" 200 27
180.164.1.25 - - [23/Apr/2024:11:24:09 +0800] "GET /xingrg/all/function/internal_message.html?_=1713842648579&CODE_STATE=getMsg HTTP/1.1" 200 27
222.70.183.82 - - [23/Apr/2024:11:24:09 +0800] "GET /xingrg/all/function/internal_message.html?_=1713842649040&CODE_STATE=getMsg HTTP/1.1" 200 27
222.70.183.82 - - [23/Apr/2024:11:24:09 +0800] "GET /xingrg/check_reg.html?_=1713842649041 HTTP/1.1" 200 22
116.224.254.208 - - [23/Apr/2024:11:24:13 +0800] "POST /xingrg/kc/buy/cgsh_order_operate.html HTTP/1.1" 200 12
120.253.135.82 - - [23/Apr/2024:11:24:13 +0800] "GET /xingrg/all/function/internal_message.html?_=1713842835244&CODE_STATE=getMsg HTTP/1.1" 200 27
116.224.254.208 - - [23/Apr/2024:11:24:16 +0800] "GET /xingrg/kc/buy/cgsh_order_info.html?code=212024042306200 HTTP/1.1" 200 68503
116.224.254.208 - - [23/Apr/2024:11:24:16 +0800] "GET /xingrg/javascript/easyui/themes/default/validatebox.css HTTP/1.1" 404 1104
116.224.254.208 - - [23/Apr/2024:11:24:17 +0800] "POST /xingrg/kc/buy/cgsh_order_operate.html HTTP/1.1" 200 1222
116.232.195.13 - - [23/Apr/2024:11:24:18 +0800] "GET /xingrg/all/function/internal_message.html?_=1713842647309&CODE_STATE=getMsg HTTP/1.1" 200 27
116.224.254.208 - - [23/Apr/2024:11:24:21 +0800] "GET /xingrg/all/function/internal_message.html?_=1713842661226&CODE_STATE=getMsg HTTP/1.1" 200 27
222.70.244.105 - - [23/Apr/2024:11:24:21 +0800] "GET /xingrg/all/function/internal_message.html?_=1713842666211&CODE_STATE=getMsg HTTP/1.1" 200 27
221.239.169.251 - - [23/Apr/2024:11:24:21 +0800] "GET /xingrg/all/function/internal_message.html?_=1713842660088&CODE_STATE=getMsg HTTP/1.1" 200 27
116.224.254.208 - - [23/Apr/2024:11:24:27 +0800] "GET /xingrg/kc/print/load_data.html?order_code=212024042306200&kc_code=cgsh&condition= HTTP/1.1" 200 1005
180.169.147.146 - - [23/Apr/2024:11:24:31 +0800] "GET /xingrg/all/function/internal_message.html?_=1713842659248&CODE_STATE=getMsg HTTP/1.1" 200 27
116.224.254.208 - - [23/Apr/2024:11:24:33 +0800] "POST /xingrg/all/user/operate.html HTTP/1.1" 200 36
116.224.254.208 - - [23/Apr/2024:11:24:33 +0800] "GET /xingrg/index.html?sysBaseUrl=http%3A%2F%2F180.169.147.146%3A18081%2Fxingrg%2F&costTime=1453×tamp=1713837095448 HTTP/1.1" 200 17179
116.224.254.208 - - [23/Apr/2024:11:24:33 +0800] "GET /xingrg/javascript/jquery_easy_ui/themes/default/easyui.css HTTP/1.1" 304 -
116.224.254.208 - - [23/Apr/2024:11:24:33 +0800] "GET /xingrg/javascript/jquery_easy_ui/themes/icon.css HTTP/1.1" 304 -
116.224.254.208 - - [23/Apr/2024:11:24:33 +0800] "GET /xingrg/css/form.css HTTP/1.1" 304 -
116.224.254.208 - - [23/Apr/2024:11:24:33 +0800] "GET /xingrg/javascript/jquery-1.4.2.min.js HTTP/1.1" 304 -
116.224.254.208 - - [23/Apr/2024:11:24:34 +0800] "GET /xingrg/javascript/jquery_easy_ui/jquery.easyui.min.js HTTP/1.1" 304 -
116.224.254.208 - - [23/Apr/2024:11:24:34 +0800] "GET /xingrg/javascript/jquery_easy_ui/easyui-lang-zh_CN.js HTTP/1.1" 304 -
116.224.254.208 - - [23/Apr/2024:11:24:34 +0800] "GET /xingrg/javascript/jquery.form.js HTTP/1.1" 304 -
116.224.254.208 - - [23/Apr/2024:11:24:34 +0800] "GET /xingrg/javascript/jquery.utils.js HTTP/1.1" 304 -
116.224.254.208 - - [23/Apr/2024:11:24:34 +0800] "GET /xingrg/javascript/jquery.timers.js HTTP/1.1" 304 -
116.224.254.208 - - [23/Apr/2024:11:24:34 +0800] "GET /xingrg/images/blue/jxLogo.png HTTP/1.1" 304 -
116.224.254.208 - - [23/Apr/2024:11:24:34 +0800] "GET /xingrg/javascript/jquery_easy_ui/themes/icons/settle_new.png HTTP/1.1" 304 -
116.224.254.208 - - [23/Apr/2024:11:24:34 +0800] "GET /xingrg/images/blue/navBackgound.jpg HTTP/1.1" 304 -
116.224.254.208 - - [23/Apr/2024:11:24:34 +0800] "GET /xingrg/all/function/internal_message.html?_=1713842674257&CODE_STATE=count HTTP/1.1" 200 11
116.224.254.208 - - [23/Apr/2024:11:24:34 +0800] "GET /xingrg/check_reg.html?_=1713842674257 HTTP/1.1" 200 22
116.224.254.208 - - [23/Apr/2024:11:24:34 +0800] "GET /xingrg/javascript/jquery_easy_ui/themes/default/images/tabs_leftarrow.png HTTP/1.1" 304 -
116.224.254.208 - - [23/Apr/2024:11:24:34 +0800] "GET /xingrg/images/blue/pingpu.png HTTP/1.1" 304 -
116.224.254.208 - - [23/Apr/2024:11:24:34 +0800] "GET /xingrg/javascript/jquery_easy_ui/themes/default/images/panel_tool_collapse.gif HTTP/1.1" 304 -
116.224.254.208 - - [23/Apr/2024:11:24:34 +0800] "GET /xingrg/javascript/jquery_easy_ui/themes/default/images/tabs_rightarrow.png HTTP/1.1" 304 -
116.224.254.208 - - [23/Apr/2024:11:24:34 +0800] "POST /xingrg/all/common/load_tree.html?tree=area_rest_tree_json&manage=1 HTTP/1.1" 200 476
116.224.254.208 - - [23/Apr/2024:11:24:34 +0800] "POST /xingrg/load_menu.html HTTP/1.1" 200 5138
116.224.254.208 - - [23/Apr/2024:11:24:36 +0800] "GET /xingrg/kc/buy/cgsh_order_list.html HTTP/1.1" 200 58227
116.224.254.208 - - [23/Apr/2024:11:24:38 +0800] "POST /xingrg/kc/buy/cgsh_list_operate.html HTTP/1.1" 200 645
116.224.254.208 - - [23/Apr/2024:11:24:39 +0800] "GET /xingrg/kc/buy/cgsh_order_add.html HTTP/1.1" 200 74078
116.224.254.208 - - [23/Apr/2024:11:24:39 +0800] "POST /xingrg/kc/buy/cgsh_order_operate.html HTTP/1.1" 200 8245
116.224.254.208 - - [23/Apr/2024:11:24:40 +0800] "GET /xingrg/javascript/easyui/themes/default/validatebox.css HTTP/1.1" 404 1104
116.224.254.208 - - [23/Apr/2024:11:24:40 +0800] "GET /xingrg/javascript/auto/indicator.gif HTTP/1.1" 404 1066
101.83.144.49 - - [23/Apr/2024:11:24:43 +0800] "GET /xingrg/all/function/internal_message.html?_=1713842683683&CODE_STATE=getMsg HTTP/1.1" 200 27
101.83.144.49 - - [23/Apr/2024:11:24:45 +0800] "GET /xingrg/check_reg.html?_=1713842685768 HTTP/1.1" 200 22
116.224.254.208 - - [23/Apr/2024:11:24:48 +0800] "GET /xingrg/kc/buy/cgsh_order_operate.html?command=get_materiel&rest_code=00150&code=00101011005&supplier_code=00100047&order_time=2024-04-23 HTTP/1.1" 200 428
124.78.56.241 - - [23/Apr/2024:11:24:49 +0800] "GET /xingrg/all/function/internal_message.html?_=1713842689491&CODE_STATE=getMsg HTTP/1.1" 200 27
124.78.56.241 - - [23/Apr/2024:11:24:50 +0800] "GET /xingrg/check_reg.html?_=1713842690410 HTTP/1.1" 200 22
120.253.135.82 - - [23/Apr/2024:11:24:53 +0800] "GET /xingrg/all/function/internal_message.html?_=1713842540453&CODE_STATE=getMsg HTTP/1.1" 200 27
116.224.254.208 - - [23/Apr/2024:11:24:57 +0800] "POST /xingrg/kc/buy/cgsh_order_operate.html HTTP/1.1" 200 37
116.224.254.208 - - [23/Apr/2024:11:25:05 +0800] "POST /xingrg/kc/buy/cgsh_order_operate.html HTTP/1.1" 200 12
116.224.254.208 - - [23/Apr/2024:11:25:07 +0800] "GET /xingrg/kc/buy/cgsh_order_info.html?code=212024042306201 HTTP/1.1" 200 68949
116.232.195.13 - - [23/Apr/2024:11:25:08 +0800] "GET /xingrg/all/function/internal_message.html?_=1713842697392&CODE_STATE=getMsg HTTP/1.1" 200 27
116.224.254.208 - - [23/Apr/2024:11:25:08 +0800] "GET /xingrg/javascript/easyui/themes/default/validatebox.css HTTP/1.1" 404 1104
116.224.254.208 - - [23/Apr/2024:11:25:09 +0800] "POST /xingrg/kc/buy/cgsh_order_operate.html HTTP/1.1" 200 606
180.164.1.25 - - [23/Apr/2024:11:25:09 +0800] "GET /xingrg/all/function/internal_message.html?_=1713842708570&CODE_STATE=getMsg HTTP/1.1" 200 27
222.70.183.82 - - [23/Apr/2024:11:25:09 +0800] "GET /xingrg/all/function/internal_message.html?_=1713842709039&CODE_STATE=getMsg HTTP/1.1" 200 27
116.224.254.208 - - [23/Apr/2024:11:25:10 +0800] "GET /xingrg/kc/print/load_data.html?order_code=212024042306201&kc_code=cgsh&condition= HTTP/1.1" 200 759
120.253.135.82 - - [23/Apr/2024:11:25:14 +0800] "GET /xingrg/all/function/internal_message.html?_=1713842896250&CODE_STATE=getMsg HTTP/1.1" 200 27
116.232.195.13 - - [23/Apr/2024:11:25:18 +0800] "GET /xingrg/all/function/internal_message.html?_=1713842707286&CODE_STATE=getMsg HTTP/1.1" 200 27
116.224.254.208 - - [23/Apr/2024:11:25:21 +0800] "GET /xingrg/check_reg.html?_=1713842721225 HTTP/1.1" 200 22
116.224.254.208 - - [23/Apr/2024:11:25:21 +0800] "GET /xingrg/all/function/internal_message.html?_=1713842721228&CODE_STATE=getMsg HTTP/1.1" 200 27
222.70.244.105 - - [23/Apr/2024:11:25:21 +0800] "GET /xingrg/all/function/internal_message.html?_=1713842726226&CODE_STATE=getMsg HTTP/1.1" 200 27
221.239.169.251 - - [23/Apr/2024:11:25:21 +0800] "GET /xingrg/all/function/internal_message.html?_=1713842720100&CODE_STATE=getMsg HTTP/1.1" 200 27
221.239.169.251 - - [23/Apr/2024:11:25:21 +0800] "GET /xingrg/check_reg.html?_=1713842720130 HTTP/1.1" 200 22
222.69.145.7 - - [23/Apr/2024:11:25:27 +0800] "GET /xingrg/check_reg.html?_=1713842726922 HTTP/1.1" 200 22
180.169.147.146 - - [23/Apr/2024:11:25:31 +0800] "GET /xingrg/all/function/internal_message.html?_=1713842719247&CODE_STATE=getMsg HTTP/1.1" 200 27
116.224.254.208 - - [23/Apr/2024:11:25:34 +0800] "GET /xingrg/all/function/internal_message.html?_=1713842734267&CODE_STATE=getMsg HTTP/1.1" 200 27
101.83.144.49 - - [23/Apr/2024:11:25:43 +0800] "GET /xingrg/all/function/internal_message.html?_=1713842743657&CODE_STATE=getMsg HTTP/1.1" 200 27
124.78.56.241 - - [23/Apr/2024:11:25:49 +0800] "GET /xingrg/all/function/internal_message.html?_=1713842749486&CODE_STATE=getMsg HTTP/1.1" 200 27
120.253.135.82 - - [23/Apr/2024:11:25:53 +0800] "GET /xingrg/all/function/internal_message.html?_=1713842600470&CODE_STATE=getMsg HTTP/1.1" 200 27
120.253.135.82 - - [23/Apr/2024:11:26:05 +0800] "GET /xingrg/check_reg.html?_=1713842946813 HTTP/1.1" 200 22
120.253.135.82 - - [23/Apr/2024:11:26:05 +0800] "GET /xingrg/all/function/internal_message.html?_=1713842946813&CODE_STATE=getMsg HTTP/1.1" 200 27
116.232.195.13 - - [23/Apr/2024:11:26:08 +0800] "GET /xingrg/all/function/internal_message.html?_=1713842757374&CODE_STATE=getMsg HTTP/1.1" 200 27
120.253.135.82 - - [23/Apr/2024:11:26:08 +0800] "GET /xingrg/kc/pszx/mdqp_order_list.html?state=10 HTTP/1.1" 200 10319
120.253.135.82 - - [23/Apr/2024:11:26:08 +0800] "GET /xingrg/dwr/interface/AjaxQqpsService.js HTTP/1.1" 200 16326
120.253.135.82 - - [23/Apr/2024:11:26:08 +0800] "GET /xingrg/dwr/interface/AjaxReportQueryService.js HTTP/1.1" 200 13203
120.253.135.82 - - [23/Apr/2024:11:26:08 +0800] "GET /xingrg/dwr/engine.js HTTP/1.1" 200 43631
180.164.1.25 - - [23/Apr/2024:11:26:09 +0800] "GET /xingrg/all/function/internal_message.html?_=1713842768548&CODE_STATE=getMsg HTTP/1.1" 200 27
222.70.183.82 - - [23/Apr/2024:11:26:09 +0800] "GET /xingrg/all/function/internal_message.html?_=1713842769053&CODE_STATE=getMsg HTTP/1.1" 200 27
120.253.135.82 - - [23/Apr/2024:11:26:11 +0800] "GET /xingrg/kc/pszx/mdps_order_list.html?orderType=0 HTTP/1.1" 200 21033
120.253.135.82 - - [23/Apr/2024:11:26:11 +0800] "POST /xingrg/kc/pszx/mdps_list_operate.html HTTP/1.1" 200 5351
120.253.135.82 - - [23/Apr/2024:11:26:16 +0800] "POST /xingrg/kc/pszx/mdps_list_operate.html HTTP/1.1" 200 203
116.232.195.13 - - [23/Apr/2024:11:26:18 +0800] "GET /xingrg/all/function/internal_message.html?_=1713842767263&CODE_STATE=getMsg HTTP/1.1" 200 27
120.253.135.82 - - [23/Apr/2024:11:26:20 +0800] "POST /xingrg/kc/pszx/mdps_list_operate.html HTTP/1.1" 200 384
116.224.254.208 - - [23/Apr/2024:11:26:21 +0800] "GET /xingrg/all/function/internal_message.html?_=1713842781227&CODE_STATE=getMsg HTTP/1.1" 200 27
222.70.244.105 - - [23/Apr/2024:11:26:21 +0800] "GET /xingrg/all/function/internal_message.html?_=1713842786249&CODE_STATE=getMsg HTTP/1.1" 200 27
221.239.169.251 - - [23/Apr/2024:11:26:21 +0800] "GET /xingrg/all/function/internal_message.html?_=1713842780091&CODE_STATE=getMsg HTTP/1.1" 200 27
120.253.135.82 - - [23/Apr/2024:11:26:23 +0800] "GET /xingrg/kc/pszx/mdps_order_info.html?code=312024042300388 HTTP/1.1" 200 23976
120.253.135.82 - - [23/Apr/2024:11:26:23 +0800] "GET /xingrg/words/20240421095404_words.js HTTP/1.1" 304 -
120.253.135.82 - - [23/Apr/2024:11:26:23 +0800] "GET /xingrg/javascript/easyui/themes/default/validatebox.css HTTP/1.1" 404 1104
120.253.135.82 - - [23/Apr/2024:11:26:23 +0800] "GET /xingrg/all/common/auto_word.html?type=base&rest_code=00101 HTTP/1.1" 200 671
120.253.135.82 - - [23/Apr/2024:11:26:24 +0800] "POST /xingrg/kc/pszx/mdps_order_operate.html HTTP/1.1" 200 3326
180.169.147.146 - - [23/Apr/2024:11:26:31 +0800] "GET /xingrg/all/function/internal_message.html?_=1713842779246&CODE_STATE=getMsg HTTP/1.1" 200 27
116.224.254.208 - - [23/Apr/2024:11:26:34 +0800] "GET /xingrg/all/function/internal_message.html?_=1713842794283&CODE_STATE=getMsg HTTP/1.1" 200 27
120.253.135.82 - - [23/Apr/2024:11:26:40 +0800] "POST /xingrg/kc/pszx/mdps_list_operate.html HTTP/1.1" 200 5469
101.83.144.49 - - [23/Apr/2024:11:26:43 +0800] "GET /xingrg/all/function/internal_message.html?_=1713842803629&CODE_STATE=getMsg HTTP/1.1" 200 27
120.253.135.82 - - [23/Apr/2024:11:26:44 +0800] "POST /xingrg/kc/pszx/mdps_list_operate.html HTTP/1.1" 200 5470
124.78.56.241 - - [23/Apr/2024:11:26:49 +0800] "GET /xingrg/all/function/internal_message.html?_=1713842809480&CODE_STATE=getMsg HTTP/1.1" 200 27
120.253.135.82 - - [23/Apr/2024:11:26:49 +0800] "POST /xingrg/kc/pszx/mdps_list_operate.html HTTP/1.1" 200 4586
120.253.135.82 - - [23/Apr/2024:11:26:51 +0800] "POST /xingrg/kc/pszx/mdps_list_operate.html HTTP/1.1" 200 623
120.253.135.82 - - [23/Apr/2024:11:26:53 +0800] "GET /xingrg/all/function/internal_message.html?_=1713842994375&CODE_STATE=getMsg HTTP/1.1" 200 27
120.253.135.82 - - [23/Apr/2024:11:26:53 +0800] "GET /xingrg/all/function/internal_message.html?_=1713842660489&CODE_STATE=getMsg HTTP/1.1" 200 27
116.232.195.13 - - [23/Apr/2024:11:27:08 +0800] "GET /xingrg/all/function/internal_message.html?_=1713842817365&CODE_STATE=getMsg HTTP/1.1" 200 27
180.164.1.25 - - [23/Apr/2024:11:27:09 +0800] "GET /xingrg/all/function/internal_message.html?_=1713842828532&CODE_STATE=getMsg HTTP/1.1" 200 27
222.70.183.82 - - [23/Apr/2024:11:27:09 +0800] "GET /xingrg/all/function/internal_message.html?_=1713842829052&CODE_STATE=getMsg HTTP/1.1" 200 27
120.253.135.82 - - [23/Apr/2024:11:27:17 +0800] "GET /xingrg/kc/pszx/mdps_order_info.html?code=312024042200379 HTTP/1.1" 200 23978
116.232.195.13 - - [23/Apr/2024:11:27:18 +0800] "GET /xingrg/all/function/internal_message.html?_=1713842827244&CODE_STATE=getMsg HTTP/1.1" 200 27
120.253.135.82 - - [23/Apr/2024:11:27:18 +0800] "GET /xingrg/javascript/easyui/themes/default/validatebox.css HTTP/1.1" 404 1104
120.253.135.82 - - [23/Apr/2024:11:27:18 +0800] "GET /xingrg/all/common/auto_word.html?type=base&rest_code=00101 HTTP/1.1" 200 671
120.253.135.82 - - [23/Apr/2024:11:27:18 +0800] "POST /xingrg/kc/pszx/mdps_order_operate.html HTTP/1.1" 200 11421
116.224.254.208 - - [23/Apr/2024:11:27:21 +0800] "GET /xingrg/all/function/internal_message.html?_=1713842841218&CODE_STATE=getMsg HTTP/1.1" 200 27
222.70.244.105 - - [23/Apr/2024:11:27:21 +0800] "GET /xingrg/all/function/internal_message.html?_=1713842846252&CODE_STATE=getMsg HTTP/1.1" 200 27
221.239.169.251 - - [23/Apr/2024:11:27:21 +0800] "GET /xingrg/all/function/internal_message.html?_=1713842840085&CODE_STATE=getMsg HTTP/1.1" 200 27
120.253.135.82 - - [23/Apr/2024:11:27:29 +0800] "GET /xingrg/kc/pszx/mdps_order_operate.html?command=get_materiel&pszx_code=00101&rest_code=00150&base_code=0010246&code=00101019187 HTTP/1.1" 200 492
180.169.147.146 - - [23/Apr/2024:11:27:31 +0800] "GET /xingrg/all/function/internal_message.html?_=1713842839269&CODE_STATE=getMsg HTTP/1.1" 200 27
120.253.135.82 - - [23/Apr/2024:11:27:33 +0800] "POST /xingrg/all/common/load_select.html HTTP/1.1" 200 25
116.224.254.208 - - [23/Apr/2024:11:27:34 +0800] "GET /xingrg/all/function/internal_message.html?_=1713842854283&CODE_STATE=getMsg HTTP/1.1" 200 27
120.253.135.82 - - [23/Apr/2024:11:27:34 +0800] "GET /xingrg/kc/pszx/mdps_order_operate.html?command=get_materiel_price&pszx_code=00101&rest_code=00150&base_code=0010246&code=00101019187&unit_code=00100189&order_time=2024-04-23 HTTP/1.1" 200 34
101.83.144.49 - - [23/Apr/2024:11:27:43 +0800] "GET /xingrg/all/function/internal_message.html?_=1713842863608&CODE_STATE=getMsg HTTP/1.1" 200 27
120.253.135.82 - - [23/Apr/2024:11:27:45 +0800] "GET /xingrg/kc/pszx/mdps_order_operate.html?command=get_materiel&pszx_code=00101&rest_code=00150&base_code=0010246&code=00101019079 HTTP/1.1" 200 478
120.253.135.82 - - [23/Apr/2024:11:27:46 +0800] "POST /xingrg/all/common/load_select.html HTTP/1.1" 200 25
120.253.135.82 - - [23/Apr/2024:11:27:48 +0800] "GET /xingrg/kc/pszx/mdps_order_operate.html?command=get_materiel_price&pszx_code=00101&rest_code=00150&base_code=0010246&code=00101019079&unit_code=00100189&order_time=2024-04-23 HTTP/1.1" 200 34
124.78.56.241 - - [23/Apr/2024:11:27:49 +0800] "GET /xingrg/all/function/internal_message.html?_=1713842869477&CODE_STATE=getMsg HTTP/1.1" 200 27
120.253.135.82 - - [23/Apr/2024:11:27:53 +0800] "GET /xingrg/all/function/internal_message.html?_=1713843054380&CODE_STATE=getMsg HTTP/1.1" 200 27
120.253.135.82 - - [23/Apr/2024:11:27:53 +0800] "GET /xingrg/all/function/internal_message.html?_=1713842720504&CODE_STATE=getMsg HTTP/1.1" 200 27
116.235.94.6 - - [23/Apr/2024:11:28:04 +0800] "POST /xingrg/services/DataTransmitService HTTP/1.1" 200 524
120.253.135.82 - - [23/Apr/2024:11:28:05 +0800] "GET /xingrg/kc/pszx/mdps_order_operate.html?command=get_materiel&pszx_code=00101&rest_code=00150&base_code=0010246&code=00101010059 HTTP/1.1" 200 433
116.235.94.6 - - [23/Apr/2024:11:28:06 +0800] "POST /xingrg/services/DataTransmitService HTTP/1.1" 200 412
116.232.195.13 - - [23/Apr/2024:11:28:08 +0800] "GET /xingrg/all/function/internal_message.html?_=1713842877356&CODE_STATE=getMsg HTTP/1.1" 200 27
180.164.1.25 - - [23/Apr/2024:11:28:09 +0800] "GET /xingrg/all/function/internal_message.html?_=1713842888533&CODE_STATE=getMsg HTTP/1.1" 200 27
222.70.183.82 - - [23/Apr/2024:11:28:09 +0800] "GET /xingrg/all/function/internal_message.html?_=1713842889039&CODE_STATE=getMsg HTTP/1.1" 200 27
120.253.135.82 - - [23/Apr/2024:11:28:14 +0800] "POST /xingrg/kc/pszx/mdps_order_operate.html HTTP/1.1" 200 37
116.232.195.13 - - [23/Apr/2024:11:28:18 +0800] "GET /xingrg/all/function/internal_message.html?_=1713842887232&CODE_STATE=getMsg HTTP/1.1" 200 27
120.253.135.82 - - [23/Apr/2024:11:28:18 +0800] "GET /xingrg/kc/pszx/mdps_order_info.html?code=312024042200379 HTTP/1.1" 200 23978
120.253.135.82 - - [23/Apr/2024:11:28:18 +0800] "GET /xingrg/javascript/easyui/themes/default/validatebox.css HTTP/1.1" 404 1104
120.253.135.82 - - [23/Apr/2024:11:28:19 +0800] "GET /xingrg/all/common/auto_word.html?type=base&rest_code=00101 HTTP/1.1" 200 671
120.253.135.82 - - [23/Apr/2024:11:28:19 +0800] "POST /xingrg/kc/pszx/mdps_order_operate.html HTTP/1.1" 200 12955
116.224.254.208 - - [23/Apr/2024:11:28:21 +0800] "GET /xingrg/all/function/internal_message.html?_=1713842901222&CODE_STATE=getMsg HTTP/1.1" 200 27
221.239.169.251 - - [23/Apr/2024:11:28:21 +0800] "GET /xingrg/all/function/internal_message.html?_=1713842900086&CODE_STATE=getMsg HTTP/1.1" 200 27
222.70.244.105 - - [23/Apr/2024:11:28:21 +0800] "GET /xingrg/all/function/internal_message.html?_=1713842906277&CODE_STATE=getMsg HTTP/1.1" 200 27
180.169.147.146 - - [23/Apr/2024:11:28:31 +0800] "GET /xingrg/check_reg.html?_=1713842899283 HTTP/1.1" 200 22
180.169.147.146 - - [23/Apr/2024:11:28:31 +0800] "GET /xingrg/all/function/internal_message.html?_=1713842899282&CODE_STATE=getMsg HTTP/1.1" 200 27
180.164.1.25 - - [23/Apr/2024:11:28:32 +0800] "GET /xingrg/check_reg.html?_=1713842911533 HTTP/1.1" 200 22
116.232.195.13 - - [23/Apr/2024:11:28:33 +0800] "GET /xingrg/check_reg.html?_=1713842902929 HTTP/1.1" 200 22
116.224.254.208 - - [23/Apr/2024:11:28:34 +0800] "GET /xingrg/all/function/internal_message.html?_=1713842914270&CODE_STATE=getMsg HTTP/1.1" 200 27
101.83.144.49 - - [23/Apr/2024:11:28:43 +0800] "GET /xingrg/all/function/internal_message.html?_=1713842923578&CODE_STATE=getMsg HTTP/1.1" 200 27
124.78.56.241 - - [23/Apr/2024:11:28:49 +0800] "GET /xingrg/all/function/internal_message.html?_=1713842929461&CODE_STATE=getMsg HTTP/1.1" 200 27
120.253.135.82 - - [23/Apr/2024:11:28:52 +0800] "GET /xingrg/check_reg.html?_=1713842780023 HTTP/1.1" 200 22
120.253.135.82 - - [23/Apr/2024:11:28:53 +0800] "GET /xingrg/all/function/internal_message.html?_=1713843114386&CODE_STATE=getMsg HTTP/1.1" 200 27
120.253.135.82 - - [23/Apr/2024:11:28:53 +0800] "GET /xingrg/all/function/internal_message.html?_=1713842780508&CODE_STATE=getMsg HTTP/1.1" 200 27
222.64.57.78 - - [23/Apr/2024:11:28:59 +0800] "POST /xingrg/services/DataTransmitService HTTP/1.1" 200 524
222.64.57.78 - - [23/Apr/2024:11:29:00 +0800] "POST /xingrg/services/DataTransmitService HTTP/1.1" 200 2155
222.64.57.78 - - [23/Apr/2024:11:29:02 +0800] "POST /xingrg/services/DataTransmitService HTTP/1.1" 200 198895
222.70.244.105 - - [23/Apr/2024:11:29:04 +0800] "GET /xingrg/check_reg.html?_=1713842948886 HTTP/1.1" 200 22
116.232.195.13 - - [23/Apr/2024:11:29:08 +0800] "GET /xingrg/all/function/internal_message.html?_=1713842937364&CODE_STATE=getMsg HTTP/1.1" 200 27
116.232.195.13 - - [23/Apr/2024:11:29:08 +0800] "GET /xingrg/check_reg.html?_=1713842937365 HTTP/1.1" 200 22
180.164.1.25 - - [23/Apr/2024:11:29:09 +0800] "GET /xingrg/all/function/internal_message.html?_=1713842948512&CODE_STATE=getMsg HTTP/1.1" 200 27
222.70.183.82 - - [23/Apr/2024:11:29:09 +0800] "GET /xingrg/all/function/internal_message.html?_=1713842949053&CODE_STATE=getMsg HTTP/1.1" 200 27
222.70.183.82 - - [23/Apr/2024:11:29:09 +0800] "GET /xingrg/check_reg.html?_=1713842949054 HTTP/1.1" 200 22
116.232.195.13 - - [23/Apr/2024:11:29:18 +0800] "GET /xingrg/all/function/internal_message.html?_=1713842947218&CODE_STATE=getMsg HTTP/1.1" 200 27
116.224.254.208 - - [23/Apr/2024:11:29:21 +0800] "GET /xingrg/all/function/internal_message.html?_=1713842961213&CODE_STATE=getMsg HTTP/1.1" 200 27
222.70.244.105 - - [23/Apr/2024:11:29:21 +0800] "GET /xingrg/all/function/internal_message.html?_=1713842966280&CODE_STATE=getMsg HTTP/1.1" 200 27
221.239.169.251 - - [23/Apr/2024:11:29:21 +0800] "GET /xingrg/all/function/internal_message.html?_=1713842960086&CODE_STATE=getMsg HTTP/1.1" 200 27
81.71.5.172 - - [23/Apr/2024:11:29:28 +0800] "GET /xingrg/all/function/internal_message.html?_=1713765898514&CODE_STATE=getMsg HTTP/1.1" 302 -
180.169.147.146 - - [23/Apr/2024:11:29:31 +0800] "GET /xingrg/all/function/internal_message.html?_=1713842959281&CODE_STATE=getMsg HTTP/1.1" 200 27
116.224.254.208 - - [23/Apr/2024:11:29:34 +0800] "GET /xingrg/check_reg.html?_=1713842974282 HTTP/1.1" 200 22
116.224.254.208 - - [23/Apr/2024:11:29:34 +0800] "GET /xingrg/all/function/internal_message.html?_=1713842974285&CODE_STATE=getMsg HTTP/1.1" 200 27
101.83.144.49 - - [23/Apr/2024:11:29:43 +0800] "GET /xingrg/all/function/internal_message.html?_=1713842983552&CODE_STATE=getMsg HTTP/1.1" 200 27
101.83.144.49 - - [23/Apr/2024:11:29:45 +0800] "GET /xingrg/check_reg.html?_=1713842985738 HTTP/1.1" 200 22
124.78.56.241 - - [23/Apr/2024:11:29:49 +0800] "GET /xingrg/all/function/internal_message.html?_=1713842989436&CODE_STATE=getMsg HTTP/1.1" 200 27
124.78.56.241 - - [23/Apr/2024:11:29:50 +0800] "GET /xingrg/check_reg.html?_=1713842990399 HTTP/1.1" 200 22
180.164.1.25 - - [23/Apr/2024:11:29:51 +0800] "POST /xingrg/services/DataTransmitService HTTP/1.1" 200 524
120.253.135.82 - - [23/Apr/2024:11:29:53 +0800] "GET /xingrg/all/function/internal_message.html?_=1713843174391&CODE_STATE=getMsg HTTP/1.1" 200 27
120.253.135.82 - - [23/Apr/2024:11:29:53 +0800] "GET /xingrg/all/function/internal_message.html?_=1713842840521&CODE_STATE=getMsg HTTP/1.1" 200 27
120.253.135.82 - - [23/Apr/2024:11:30:04 +0800] "POST /xingrg/kc/pszx/mdps_list_operate.html HTTP/1.1" 200 4586
116.232.195.13 - - [23/Apr/2024:11:30:08 +0800] "GET /xingrg/all/function/internal_message.html?_=1713842997379&CODE_STATE=getMsg HTTP/1.1" 200 27
120.253.135.82 - - [23/Apr/2024:11:30:08 +0800] "POST /xingrg/kc/pszx/mdps_list_operate.html HTTP/1.1" 200 5469
180.164.1.25 - - [23/Apr/2024:11:30:09 +0800] "GET /xingrg/all/function/internal_message.html?_=1713843008483&CODE_STATE=getMsg HTTP/1.1" 200 27
222.70.183.82 - - [23/Apr/2024:11:30:09 +0800] "GET /xingrg/all/function/internal_message.html?_=1713843009052&CODE_STATE=getMsg HTTP/1.1" 200 27
120.253.135.82 - - [23/Apr/2024:11:30:11 +0800] "POST /xingrg/kc/pszx/mdps_list_operate.html HTTP/1.1" 200 5470
120.253.135.82 - - [23/Apr/2024:11:30:13 +0800] "POST /xingrg/kc/pszx/mdps_list_operate.html HTTP/1.1" 200 622
120.253.135.82 - - [23/Apr/2024:11:30:14 +0800] "GET /xingrg/kc/pszx/mdps_order_info.html?code=312024042200368 HTTP/1.1" 200 23978
120.253.135.82 - - [23/Apr/2024:11:30:14 +0800] "GET /xingrg/javascript/easyui/themes/default/validatebox.css HTTP/1.1" 404 1104
120.253.135.82 - - [23/Apr/2024:11:30:14 +0800] "GET /xingrg/all/common/auto_word.html?type=base&rest_code=00101 HTTP/1.1" 200 671
120.253.135.82 - - [23/Apr/2024:11:30:15 +0800] "POST /xingrg/kc/pszx/mdps_order_operate.html HTTP/1.1" 200 16172
116.232.195.13 - - [23/Apr/2024:11:30:18 +0800] "GET /xingrg/all/function/internal_message.html?_=1713843007194&CODE_STATE=getMsg HTTP/1.1" 200 27
116.224.254.208 - - [23/Apr/2024:11:30:21 +0800] "GET /xingrg/all/function/internal_message.html?_=1713843021212&CODE_STATE=getMsg HTTP/1.1" 200 27
116.224.254.208 - - [23/Apr/2024:11:30:21 +0800] "GET /xingrg/check_reg.html?_=1713843021216 HTTP/1.1" 200 22
222.70.244.105 - - [23/Apr/2024:11:30:21 +0800] "GET /xingrg/all/function/internal_message.html?_=1713843026293&CODE_STATE=getMsg HTTP/1.1" 200 27
221.239.169.251 - - [23/Apr/2024:11:30:21 +0800] "GET /xingrg/all/function/internal_message.html?_=1713843020091&CODE_STATE=getMsg HTTP/1.1" 200 27
221.239.169.251 - - [23/Apr/2024:11:30:21 +0800] "GET /xingrg/check_reg.html?_=1713843020115 HTTP/1.1" 200 22
222.69.145.7 - - [23/Apr/2024:11:30:27 +0800] "GET /xingrg/check_reg.html?_=1713843026925 HTTP/1.1" 200 22
120.253.135.82 - - [23/Apr/2024:11:30:30 +0800] "POST /xingrg/kc/pszx/mdps_list_operate.html HTTP/1.1" 200 5470
180.169.147.146 - - [23/Apr/2024:11:30:31 +0800] "GET /xingrg/all/function/internal_message.html?_=1713843019280&CODE_STATE=getMsg HTTP/1.1" 200 27
116.224.254.208 - - [23/Apr/2024:11:30:34 +0800] "GET /xingrg/all/function/internal_message.html?_=1713843034285&CODE_STATE=getMsg HTTP/1.1" 200 27
101.83.144.49 - - [23/Apr/2024:11:30:43 +0800] "GET /xingrg/all/function/internal_message.html?_=1713843043532&CODE_STATE=getMsg HTTP/1.1" 200 27
120.253.135.82 - - [23/Apr/2024:11:30:45 +0800] "POST /xingrg/kc/pszx/mdps_list_operate.html HTTP/1.1" 200 5469
124.78.56.241 - - [23/Apr/2024:11:30:49 +0800] "GET /xingrg/all/function/internal_message.html?_=1713843049435&CODE_STATE=getMsg HTTP/1.1" 200 27
120.253.135.82 - - [23/Apr/2024:11:30:51 +0800] "POST /xingrg/kc/pszx/mdps_list_operate.html HTTP/1.1" 200 5470
120.253.135.82 - - [23/Apr/2024:11:30:53 +0800] "GET /xingrg/all/function/internal_message.html?_=1713843234396&CODE_STATE=getMsg HTTP/1.1" 200 27
120.253.135.82 - - [23/Apr/2024:11:30:53 +0800] "GET /xingrg/check_reg.html?_=1713843234398 HTTP/1.1" 200 22
120.253.135.82 - - [23/Apr/2024:11:30:54 +0800] "POST /xingrg/kc/pszx/mdps_list_operate.html HTTP/1.1" 200 290
120.253.135.82 - - [23/Apr/2024:11:30:55 +0800] "GET /xingrg/kc/pszx/mdps_order_info.html?code=312024042200370 HTTP/1.1" 200 23978
120.253.135.82 - - [23/Apr/2024:11:30:55 +0800] "GET /xingrg/javascript/easyui/themes/default/validatebox.css HTTP/1.1" 404 1104
120.253.135.82 - - [23/Apr/2024:11:30:55 +0800] "GET /xingrg/all/common/auto_word.html?type=base&rest_code=00101 HTTP/1.1" 200 671
120.253.135.82 - - [23/Apr/2024:11:30:56 +0800] "POST /xingrg/kc/pszx/mdps_order_operate.html HTTP/1.1" 200 2799
120.253.135.82 - - [23/Apr/2024:11:30:58 +0800] "POST /xingrg/kc/pszx/mdps_list_operate.html HTTP/1.1" 200 5470
120.253.135.82 - - [23/Apr/2024:11:31:01 +0800] "POST /xingrg/kc/pszx/mdps_list_operate.html HTTP/1.1" 200 627
120.253.135.82 - - [23/Apr/2024:11:31:02 +0800] "POST /xingrg/kc/pszx/mdps_list_operate.html HTTP/1.1" 200 382
120.253.135.82 - - [23/Apr/2024:11:31:03 +0800] "GET /xingrg/kc/pszx/mdps_order_info.html?code=312024042200374 HTTP/1.1" 200 23978
120.253.135.82 - - [23/Apr/2024:11:31:03 +0800] "GET /xingrg/javascript/easyui/themes/default/validatebox.css HTTP/1.1" 404 1104
120.253.135.82 - - [23/Apr/2024:11:31:03 +0800] "GET /xingrg/all/common/auto_word.html?type=base&rest_code=00101 HTTP/1.1" 200 671
120.253.135.82 - - [23/Apr/2024:11:31:03 +0800] "POST /xingrg/kc/pszx/mdps_order_operate.html HTTP/1.1" 200 3327
116.232.195.13 - - [23/Apr/2024:11:31:08 +0800] "GET /xingrg/all/function/internal_message.html?_=1713843057365&CODE_STATE=getMsg HTTP/1.1" 200 27
180.164.1.25 - - [23/Apr/2024:11:31:09 +0800] "GET /xingrg/all/function/internal_message.html?_=1713843068465&CODE_STATE=getMsg HTTP/1.1" 200 27
120.253.135.82 - - [23/Apr/2024:11:31:09 +0800] "POST /xingrg/kc/pszx/mdps_list_operate.html HTTP/1.1" 200 5470
222.70.183.82 - - [23/Apr/2024:11:31:09 +0800] "GET /xingrg/all/function/internal_message.html?_=1713843069050&CODE_STATE=getMsg HTTP/1.1" 200 27
120.253.135.82 - - [23/Apr/2024:11:31:12 +0800] "POST /xingrg/kc/pszx/mdps_list_operate.html HTTP/1.1" 200 286
180.164.1.25 - - [23/Apr/2024:11:31:14 +0800] "POST /xingrg/services/DataTransmitService HTTP/1.1" 200 501
180.164.1.25 - - [23/Apr/2024:11:31:15 +0800] "POST /xingrg/services/DataTransmitService HTTP/1.1" 200 501
116.232.195.13 - - [23/Apr/2024:11:31:17 +0800] "GET /xingrg/all/function/internal_message.html?_=1713843067167&CODE_STATE=getMsg HTTP/1.1" 200 27
116.224.254.208 - - [23/Apr/2024:11:31:21 +0800] "GET /xingrg/all/function/internal_message.html?_=1713843081219&CODE_STATE=getMsg HTTP/1.1" 200 27
221.239.169.251 - - [23/Apr/2024:11:31:21 +0800] "GET /xingrg/all/function/internal_message.html?_=1713843080093&CODE_STATE=getMsg HTTP/1.1" 200 27
222.70.244.105 - - [23/Apr/2024:11:31:21 +0800] "GET /xingrg/all/function/internal_message.html?_=1713843086314&CODE_STATE=getMsg HTTP/1.1" 200 27
180.164.1.25 - - [23/Apr/2024:11:31:26 +0800] "POST /xingrg/services/DataTransmitService HTTP/1.1" 200 501
120.253.135.82 - - [23/Apr/2024:11:31:28 +0800] "POST /xingrg/kc/pszx/mdps_list_operate.html HTTP/1.1" 200 632
120.253.135.82 - - [23/Apr/2024:11:31:29 +0800] "GET /xingrg/kc/pszx/mdps_order_info.html?code=312024042200371 HTTP/1.1" 200 23978
120.253.135.82 - - [23/Apr/2024:11:31:29 +0800] "GET /xingrg/javascript/easyui/themes/default/validatebox.css HTTP/1.1" 404 1104
120.253.135.82 - - [23/Apr/2024:11:31:29 +0800] "GET /xingrg/all/common/auto_word.html?type=base&rest_code=00101 HTTP/1.1" 200 671
120.253.135.82 - - [23/Apr/2024:11:31:30 +0800] "POST /xingrg/kc/pszx/mdps_order_operate.html HTTP/1.1" 200 5311
180.169.147.146 - - [23/Apr/2024:11:31:31 +0800] "GET /xingrg/all/function/internal_message.html?_=1713843079279&CODE_STATE=getMsg HTTP/1.1" 200 27
116.224.254.208 - - [23/Apr/2024:11:31:34 +0800] "GET /xingrg/all/function/internal_message.html?_=1713843094272&CODE_STATE=getMsg HTTP/1.1" 200 27
180.164.1.25 - - [23/Apr/2024:11:31:36 +0800] "POST /xingrg/services/DataTransmitService HTTP/1.1" 200 501
180.164.1.25 - - [23/Apr/2024:11:31:37 +0800] "POST /xingrg/services/DataTransmitService HTTP/1.1" 200 501
180.164.1.25 - - [23/Apr/2024:11:31:38 +0800] "POST /xingrg/services/DataTransmitService HTTP/1.1" 200 501
120.253.135.82 - - [23/Apr/2024:11:31:39 +0800] "POST /xingrg/kc/pszx/mdps_list_operate.html HTTP/1.1" 200 5470
180.164.1.25 - - [23/Apr/2024:11:31:41 +0800] "POST /xingrg/services/DataTransmitService HTTP/1.1" 200 501
180.164.1.25 - - [23/Apr/2024:11:31:43 +0800] "POST /xingrg/services/DataTransmitService HTTP/1.1" 200 501
101.83.144.49 - - [23/Apr/2024:11:31:43 +0800] "GET /xingrg/all/function/internal_message.html?_=1713843103507&CODE_STATE=getMsg HTTP/1.1" 200 27
180.164.1.25 - - [23/Apr/2024:11:31:44 +0800] "POST /xingrg/services/DataTransmitService HTTP/1.1" 200 501
180.164.1.25 - - [23/Apr/2024:11:31:46 +0800] "POST /xingrg/services/DataTransmitService HTTP/1.1" 200 412
124.78.56.241 - - [23/Apr/2024:11:31:49 +0800] "GET /xingrg/all/function/internal_message.html?_=1713843109430&CODE_STATE=getMsg HTTP/1.1" 200 27
120.253.135.82 - - [23/Apr/2024:11:31:53 +0800] "GET /xingrg/all/function/internal_message.html?_=1713843294402&CODE_STATE=getMsg HTTP/1.1" 200 27
120.253.135.82 - - [23/Apr/2024:11:32:00 +0800] "POST /xingrg/kc/pszx/mdps_list_operate.html HTTP/1.1" 200 4586
120.253.135.82 - - [23/Apr/2024:11:32:02 +0800] "POST /xingrg/kc/pszx/mdps_list_operate.html HTTP/1.1" 200 649
120.253.135.82 - - [23/Apr/2024:11:32:02 +0800] "GET /xingrg/kc/pszx/mdps_order_info.html?code=312024042200380 HTTP/1.1" 200 23976
120.253.135.82 - - [23/Apr/2024:11:32:02 +0800] "GET /xingrg/javascript/easyui/themes/default/validatebox.css HTTP/1.1" 404 1104
120.253.135.82 - - [23/Apr/2024:11:32:03 +0800] "GET /xingrg/all/common/auto_word.html?type=base&rest_code=00101 HTTP/1.1" 200 671
120.253.135.82 - - [23/Apr/2024:11:32:03 +0800] "POST /xingrg/kc/pszx/mdps_order_operate.html HTTP/1.1" 200 5859
116.232.195.13 - - [23/Apr/2024:11:32:08 +0800] "GET /xingrg/all/function/internal_message.html?_=1713843117373&CODE_STATE=getMsg HTTP/1.1" 200 27
180.164.1.25 - - [23/Apr/2024:11:32:09 +0800] "GET /xingrg/all/function/internal_message.html?_=1713843128452&CODE_STATE=getMsg HTTP/1.1" 200 27
222.70.183.82 - - [23/Apr/2024:11:32:09 +0800] "GET /xingrg/all/function/internal_message.html?_=1713843129043&CODE_STATE=getMsg HTTP/1.1" 200 27
120.253.135.82 - - [23/Apr/2024:11:32:12 +0800] "POST /xingrg/kc/pszx/mdps_order_operate.html HTTP/1.1" 200 37
120.253.135.82 - - [23/Apr/2024:11:32:14 +0800] "GET /xingrg/kc/pszx/mdps_order_info.html?code=312024042200380 HTTP/1.1" 200 23976
120.253.135.82 - - [23/Apr/2024:11:32:15 +0800] "GET /xingrg/javascript/easyui/themes/default/validatebox.css HTTP/1.1" 404 1104
120.253.135.82 - - [23/Apr/2024:11:32:15 +0800] "GET /xingrg/all/common/auto_word.html?type=base&rest_code=00101 HTTP/1.1" 200 671
120.253.135.82 - - [23/Apr/2024:11:32:15 +0800] "POST /xingrg/kc/pszx/mdps_order_operate.html HTTP/1.1" 200 5367
116.232.195.13 - - [23/Apr/2024:11:32:17 +0800] "GET /xingrg/all/function/internal_message.html?_=1713843127142&CODE_STATE=getMsg HTTP/1.1" 200 27
116.224.254.208 - - [23/Apr/2024:11:32:21 +0800] "GET /xingrg/all/function/internal_message.html?_=1713843141217&CODE_STATE=getMsg HTTP/1.1" 200 27
221.239.169.251 - - [23/Apr/2024:11:32:21 +0800] "GET /xingrg/all/function/internal_message.html?_=1713843140099&CODE_STATE=getMsg HTTP/1.1" 200 27
222.70.244.105 - - [23/Apr/2024:11:32:21 +0800] "GET /xingrg/all/function/internal_message.html?_=1713843146320&CODE_STATE=getMsg HTTP/1.1" 200 27
120.253.135.82 - - [23/Apr/2024:11:32:29 +0800] "POST /xingrg/kc/pszx/mdps_order_operate.html HTTP/1.1" 200 37
120.253.135.82 - - [23/Apr/2024:11:32:31 +0800] "GET /xingrg/kc/pszx/mdps_order_info.html?code=312024042200380 HTTP/1.1" 200 23976
180.169.147.146 - - [23/Apr/2024:11:32:31 +0800] "GET /xingrg/all/function/internal_message.html?_=1713843139277&CODE_STATE=getMsg HTTP/1.1" 200 27
120.253.135.82 - - [23/Apr/2024:11:32:31 +0800] "GET /xingrg/javascript/easyui/themes/default/validatebox.css HTTP/1.1" 404 1104
120.253.135.82 - - [23/Apr/2024:11:32:32 +0800] "GET /xingrg/all/common/auto_word.html?type=base&rest_code=00101 HTTP/1.1" 200 671
120.253.135.82 - - [23/Apr/2024:11:32:32 +0800] "POST /xingrg/kc/pszx/mdps_order_operate.html HTTP/1.1" 200 5367
116.224.254.208 - - [23/Apr/2024:11:32:34 +0800] "GET /xingrg/all/function/internal_message.html?_=1713843154269&CODE_STATE=getMsg HTTP/1.1" 200 27
120.253.135.82 - - [23/Apr/2024:11:32:34 +0800] "POST /xingrg/kc/pszx/mdps_list_operate.html HTTP/1.1" 200 4586
120.253.135.82 - - [23/Apr/2024:11:32:36 +0800] "POST /xingrg/kc/pszx/mdps_list_operate.html HTTP/1.1" 200 5470
120.253.135.82 - - [23/Apr/2024:11:32:39 +0800] "POST /xingrg/kc/pszx/mdps_list_operate.html HTTP/1.1" 200 610
222.70.183.82 - - [23/Apr/2024:11:32:39 +0800] "POST /xingrg/kc/buy/cgsh_order_operate.html HTTP/1.1" 200 37
120.253.135.82 - - [23/Apr/2024:11:32:41 +0800] "GET /xingrg/kc/pszx/mdps_order_info.html?code=312024042200378 HTTP/1.1" 200 23978
120.253.135.82 - - [23/Apr/2024:11:32:41 +0800] "GET /xingrg/javascript/easyui/themes/default/validatebox.css HTTP/1.1" 404 1104
120.253.135.82 - - [23/Apr/2024:11:32:41 +0800] "GET /xingrg/all/common/auto_word.html?type=base&rest_code=00101 HTTP/1.1" 200 671
120.253.135.82 - - [23/Apr/2024:11:32:42 +0800] "POST /xingrg/kc/pszx/mdps_order_operate.html HTTP/1.1" 200 5781
101.83.144.49 - - [23/Apr/2024:11:32:43 +0800] "GET /xingrg/all/function/internal_message.html?_=1713843163480&CODE_STATE=getMsg HTTP/1.1" 200 27
222.70.183.82 - - [23/Apr/2024:11:32:45 +0800] "POST /xingrg/kc/buy/cgsh_order_operate.html HTTP/1.1" 200 6796
124.78.56.241 - - [23/Apr/2024:11:32:49 +0800] "GET /xingrg/all/function/internal_message.html?_=1713843169413&CODE_STATE=getMsg HTTP/1.1" 200 27
222.69.145.7 - - [23/Apr/2024:11:32:49 +0800] "GET /xingrg/kc/report/report_main.html HTTP/1.1" 200 7340
222.69.145.7 - - [23/Apr/2024:11:32:50 +0800] "GET /xingrg/kc/base/crk_hz.html HTTP/1.1" 200 11247
222.69.145.7 - - [23/Apr/2024:11:32:50 +0800] "POST /xingrg/kc/cost/cost_operate.html?command=get_base_tree HTTP/1.1" 200 2657
222.69.145.7 - - [23/Apr/2024:11:32:50 +0800] "POST /xingrg/all/common/load_tree.html?tree=materiel_sort_tree_json HTTP/1.1" 200 9734
120.253.135.82 - - [23/Apr/2024:11:32:53 +0800] "GET /xingrg/all/function/internal_message.html?_=1713843354407&CODE_STATE=getMsg HTTP/1.1" 200 27
120.253.135.82 - - [23/Apr/2024:11:33:03 +0800] "POST /xingrg/kc/pszx/mdps_list_operate.html HTTP/1.1" 200 5470
222.70.183.82 - - [23/Apr/2024:11:33:06 +0800] "GET /xingrg/kc/buy/cgsh_order_add.html HTTP/1.1" 200 73989
222.70.183.82 - - [23/Apr/2024:11:33:06 +0800] "POST /xingrg/kc/buy/cgsh_order_operate.html HTTP/1.1" 200 8245
222.70.183.82 - - [23/Apr/2024:11:33:06 +0800] "GET /xingrg/javascript/easyui/themes/default/validatebox.css HTTP/1.1" 404 1104
116.232.195.13 - - [23/Apr/2024:11:33:08 +0800] "GET /xingrg/all/function/internal_message.html?_=1713843177366&CODE_STATE=getMsg HTTP/1.1" 200 27
120.253.135.82 - - [23/Apr/2024:11:33:08 +0800] "POST /xingrg/kc/pszx/mdps_list_operate.html HTTP/1.1" 200 5469
180.164.1.25 - - [23/Apr/2024:11:33:09 +0800] "GET /xingrg/all/function/internal_message.html?_=1713843188426&CODE_STATE=getMsg HTTP/1.1" 200 27
222.70.183.82 - - [23/Apr/2024:11:33:09 +0800] "GET /xingrg/all/function/internal_message.html?_=1713843189069&CODE_STATE=getMsg HTTP/1.1" 200 27
120.253.135.82 - - [23/Apr/2024:11:33:17 +0800] "POST /xingrg/kc/pszx/mdps_list_operate.html HTTP/1.1" 200 273
116.232.195.13 - - [23/Apr/2024:11:33:17 +0800] "GET /xingrg/all/function/internal_message.html?_=1713843187114&CODE_STATE=getMsg HTTP/1.1" 200 27
120.253.135.82 - - [23/Apr/2024:11:33:20 +0800] "POST /xingrg/kc/pszx/mdps_list_operate.html HTTP/1.1" 200 5351
116.224.254.208 - - [23/Apr/2024:11:33:21 +0800] "GET /xingrg/all/function/internal_message.html?_=1713843201228&CODE_STATE=getMsg HTTP/1.1" 200 27
221.239.169.251 - - [23/Apr/2024:11:33:21 +0800] "GET /xingrg/all/function/internal_message.html?_=1713843200094&CODE_STATE=getMsg HTTP/1.1" 200 27
