116.237.74.60 - - [23/Apr/2024:09:05:27 +0800] "GET /xingrg/kc/buy/cgsh_order_operate.html?command=get_materiel&rest_code=00106&code=00101008137&supplier_code=00100008&order_time=2024-04-23 HTTP/1.1" 200 408
120.253.135.82 - - [23/Apr/2024:09:05:27 +0800] "GET /xingrg/all/function/internal_message.html?_=1713834509180&CODE_STATE=getMsg HTTP/1.1" 200 27
120.253.135.82 - - [23/Apr/2024:09:05:27 +0800] "GET /xingrg/check_reg.html?_=1713834509181 HTTP/1.1" 200 22
116.237.74.60 - - [23/Apr/2024:09:05:42 +0800] "GET /xingrg/kc/buy/cgsh_order_operate.html?command=get_materiel&rest_code=00106&code=00101008286&supplier_code=00100008&order_time=2024-04-23 HTTP/1.1" 200 408
101.83.144.49 - - [23/Apr/2024:09:05:46 +0800] "GET /xingrg/all/function/internal_message.html?_=1713834346051&CODE_STATE=getMsg HTTP/1.1" 200 27
116.237.74.60 - - [23/Apr/2024:09:05:55 +0800] "GET /xingrg/kc/buy/cgsh_order_operate.html?command=get_materiel&rest_code=00106&code=00101008163&supplier_code=00100008&order_time=2024-04-23 HTTP/1.1" 200 409
124.78.56.241 - - [23/Apr/2024:09:05:57 +0800] "GET /xingrg/check_reg.html?_=1713834357007 HTTP/1.1" 302 -
116.232.195.13 - - [23/Apr/2024:09:06:07 +0800] "GET /xingrg/all/function/internal_message.html?_=1713834357356&CODE_STATE=getMsg HTTP/1.1" 200 27
180.169.147.146 - - [23/Apr/2024:09:06:10 +0800] "GET /xingrg/all/function/internal_message.html?_=1713834369485&CODE_STATE=getMsg HTTP/1.1" 200 27
180.164.1.25 - - [23/Apr/2024:09:06:11 +0800] "GET /xingrg/all/function/internal_message.html?_=1713834370815&CODE_STATE=getMsg HTTP/1.1" 200 27
116.237.74.60 - - [23/Apr/2024:09:06:12 +0800] "GET /xingrg/all/function/internal_message.html?_=1713834373847&CODE_STATE=getMsg HTTP/1.1" 200 27
116.237.74.60 - - [23/Apr/2024:09:06:12 +0800] "GET /xingrg/kc/buy/cgsh_order_operate.html?command=get_materiel&rest_code=00106&code=00101008244&supplier_code=00100008&order_time=2024-04-23 HTTP/1.1" 200 408
116.224.254.208 - - [23/Apr/2024:09:06:19 +0800] "GET /xingrg/all/function/internal_message.html?_=1713834378973&CODE_STATE=getMsg HTTP/1.1" 200 27
116.224.254.208 - - [23/Apr/2024:09:06:19 +0800] "GET /xingrg/check_reg.html?_=1713834378976 HTTP/1.1" 200 22
222.70.244.105 - - [23/Apr/2024:09:06:20 +0800] "GET /xingrg/all/function/internal_message.html?_=1713834384270&CODE_STATE=getMsg HTTP/1.1" 200 27
116.232.195.13 - - [23/Apr/2024:09:06:20 +0800] "GET /xingrg/all/function/internal_message.html?_=1713834369813&CODE_STATE=getMsg HTTP/1.1" 200 27
116.224.254.208 - - [23/Apr/2024:09:06:21 +0800] "GET /xingrg/all/function/internal_message.html?_=1713834380742&CODE_STATE=getMsg HTTP/1.1" 200 27
221.239.169.251 - - [23/Apr/2024:09:06:21 +0800] "GET /xingrg/all/function/internal_message.html?_=1713834379968&CODE_STATE=getMsg HTTP/1.1" 200 27
116.237.74.60 - - [23/Apr/2024:09:06:23 +0800] "GET /xingrg/kc/buy/cgsh_order_operate.html?command=get_materiel&rest_code=00106&code=00101008005&supplier_code=00100008&order_time=2024-04-23 HTTP/1.1" 200 412
120.253.135.82 - - [23/Apr/2024:09:06:27 +0800] "GET /xingrg/all/function/internal_message.html?_=1713834569181&CODE_STATE=getMsg HTTP/1.1" 200 27
116.238.97.31 - - [23/Apr/2024:09:06:32 +0800] "POST /xingrg/services/DataTransmitService HTTP/1.1" 200 524
116.237.74.60 - - [23/Apr/2024:09:06:36 +0800] "GET /xingrg/kc/buy/cgsh_order_operate.html?command=get_materiel&rest_code=00106&code=00101008141&supplier_code=00100008&order_time=2024-04-23 HTTP/1.1" 200 412
101.83.144.49 - - [23/Apr/2024:09:06:46 +0800] "GET /xingrg/all/function/internal_message.html?_=1713834406053&CODE_STATE=getMsg HTTP/1.1" 200 27
116.237.74.60 - - [23/Apr/2024:09:06:55 +0800] "GET /xingrg/kc/buy/cgsh_order_operate.html?command=get_materiel&rest_code=00106&code=00101008113&supplier_code=00100008&order_time=2024-04-23 HTTP/1.1" 200 413
116.232.195.13 - - [23/Apr/2024:09:07:07 +0800] "GET /xingrg/all/function/internal_message.html?_=1713834417365&CODE_STATE=getMsg HTTP/1.1" 200 27
180.169.147.146 - - [23/Apr/2024:09:07:10 +0800] "GET /xingrg/all/function/internal_message.html?_=1713834429469&CODE_STATE=getMsg HTTP/1.1" 200 27
180.164.1.25 - - [23/Apr/2024:09:07:11 +0800] "GET /xingrg/all/function/internal_message.html?_=1713834430807&CODE_STATE=getMsg HTTP/1.1" 200 27
116.237.74.60 - - [23/Apr/2024:09:07:12 +0800] "GET /xingrg/all/function/internal_message.html?_=1713834433829&CODE_STATE=getMsg HTTP/1.1" 200 27
116.237.74.60 - - [23/Apr/2024:09:07:13 +0800] "GET /xingrg/kc/buy/cgsh_order_operate.html?command=get_materiel&rest_code=00106&code=00101008186&supplier_code=00100008&order_time=2024-04-23 HTTP/1.1" 200 408
116.224.254.208 - - [23/Apr/2024:09:07:19 +0800] "GET /xingrg/all/function/internal_message.html?_=1713834438990&CODE_STATE=getMsg HTTP/1.1" 200 27
222.70.244.105 - - [23/Apr/2024:09:07:20 +0800] "GET /xingrg/all/function/internal_message.html?_=1713834444273&CODE_STATE=getMsg HTTP/1.1" 200 27
116.232.195.13 - - [23/Apr/2024:09:07:20 +0800] "GET /xingrg/all/function/internal_message.html?_=1713834429813&CODE_STATE=getMsg HTTP/1.1" 200 27
116.224.254.208 - - [23/Apr/2024:09:07:21 +0800] "GET /xingrg/all/function/internal_message.html?_=1713834440755&CODE_STATE=getMsg HTTP/1.1" 200 27
221.239.169.251 - - [23/Apr/2024:09:07:21 +0800] "GET /xingrg/all/function/internal_message.html?_=1713834439992&CODE_STATE=getMsg HTTP/1.1" 200 27
120.253.135.82 - - [23/Apr/2024:09:07:28 +0800] "GET /xingrg/all/function/internal_message.html?_=1713834629526&CODE_STATE=getMsg HTTP/1.1" 200 27
116.237.74.60 - - [23/Apr/2024:09:07:37 +0800] "GET /xingrg/kc/buy/cgsh_order_operate.html?command=get_materiel&rest_code=00106&code=00101008283&supplier_code=00100008&order_time=2024-04-23 HTTP/1.1" 200 408
101.83.144.49 - - [23/Apr/2024:09:07:46 +0800] "GET /xingrg/all/function/internal_message.html?_=1713834466079&CODE_STATE=getMsg HTTP/1.1" 200 27
116.232.195.13 - - [23/Apr/2024:09:08:07 +0800] "GET /xingrg/all/function/internal_message.html?_=1713834477367&CODE_STATE=getMsg HTTP/1.1" 200 27
180.169.147.146 - - [23/Apr/2024:09:08:10 +0800] "GET /xingrg/all/function/internal_message.html?_=1713834489465&CODE_STATE=getMsg HTTP/1.1" 200 27
180.164.1.25 - - [23/Apr/2024:09:08:11 +0800] "GET /xingrg/all/function/internal_message.html?_=1713834490778&CODE_STATE=getMsg HTTP/1.1" 200 27
116.237.74.60 - - [23/Apr/2024:09:08:12 +0800] "GET /xingrg/all/function/internal_message.html?_=1713834493834&CODE_STATE=getMsg HTTP/1.1" 200 27
116.237.74.60 - - [23/Apr/2024:09:08:16 +0800] "GET /xingrg/kc/buy/cgsh_order_operate.html?command=get_materiel&rest_code=00106&code=00101008356&supplier_code=00100008&order_time=2024-04-23 HTTP/1.1" 200 408
116.224.254.208 - - [23/Apr/2024:09:08:19 +0800] "GET /xingrg/all/function/internal_message.html?_=1713834498996&CODE_STATE=getMsg HTTP/1.1" 200 27
222.70.244.105 - - [23/Apr/2024:09:08:20 +0800] "GET /xingrg/all/function/internal_message.html?_=1713834504298&CODE_STATE=getMsg HTTP/1.1" 200 27
116.232.195.13 - - [23/Apr/2024:09:08:20 +0800] "GET /xingrg/all/function/internal_message.html?_=1713834489799&CODE_STATE=getMsg HTTP/1.1" 200 27
116.224.254.208 - - [23/Apr/2024:09:08:21 +0800] "GET /xingrg/all/function/internal_message.html?_=1713834500758&CODE_STATE=getMsg HTTP/1.1" 200 27
221.239.169.251 - - [23/Apr/2024:09:08:21 +0800] "GET /xingrg/all/function/internal_message.html?_=1713834499984&CODE_STATE=getMsg HTTP/1.1" 200 27
116.237.74.60 - - [23/Apr/2024:09:08:21 +0800] "POST /xingrg/kc/buy/cgsh_order_operate.html HTTP/1.1" 200 2065
120.253.135.82 - - [23/Apr/2024:09:08:28 +0800] "GET /xingrg/all/function/internal_message.html?_=1713834689536&CODE_STATE=getMsg HTTP/1.1" 200 27
101.83.144.49 - - [23/Apr/2024:09:08:30 +0800] "POST /xingrg/all/common/load_select.html HTTP/1.1" 200 12
116.232.195.13 - - [23/Apr/2024:09:08:30 +0800] "POST /xingrg/services/DataTransmitService HTTP/1.1" 200 524
180.164.1.25 - - [23/Apr/2024:09:08:32 +0800] "GET /xingrg/check_reg.html?_=1713834511541 HTTP/1.1" 200 22
116.232.195.13 - - [23/Apr/2024:09:08:33 +0800] "GET /xingrg/check_reg.html?_=1713834502937 HTTP/1.1" 200 22
101.83.144.49 - - [23/Apr/2024:09:08:36 +0800] "GET /xingrg/kc/buy/cgsh_order_operate.html?command=get_materiel_price&rest_code=00105&code=00101008271&unit_code=00100001&supplier_code=00100008&order_time=2024-04-23 HTTP/1.1" 200 27
116.237.74.60 - - [23/Apr/2024:09:08:45 +0800] "GET /xingrg/kc/buy/cgsh_order_operate.html?command=get_materiel&rest_code=00106&code=00101008037&supplier_code=00100008&order_time=2024-04-23 HTTP/1.1" 200 415
101.83.144.49 - - [23/Apr/2024:09:08:46 +0800] "GET /xingrg/all/function/internal_message.html?_=1713834526199&CODE_STATE=getMsg HTTP/1.1" 200 27
101.83.144.49 - - [23/Apr/2024:09:08:47 +0800] "GET /xingrg/kc/buy/cgsh_order_operate.html?command=get_materiel&rest_code=00105&code=00101008296&supplier_code=00100008&order_time=2024-04-23 HTTP/1.1" 200 416
101.83.144.49 - - [23/Apr/2024:09:08:54 +0800] "POST /xingrg/kc/buy/cgsh_order_operate.html HTTP/1.1" 200 75
180.164.1.25 - - [23/Apr/2024:09:08:59 +0800] "GET /xingrg/kc/buy/cgsh_order_list.html HTTP/1.1" 200 58231
180.164.1.25 - - [23/Apr/2024:09:08:59 +0800] "GET /xingrg/javascript/jquery_tools/list_manager.js HTTP/1.1" 200 3652
180.164.1.25 - - [23/Apr/2024:09:08:59 +0800] "GET /xingrg/javascript/jquery.cookie.js HTTP/1.1" 200 5513
180.164.1.25 - - [23/Apr/2024:09:08:59 +0800] "GET /xingrg/javascript/easyui/themes/icons/edit_add_new.png HTTP/1.1" 200 2997
180.164.1.25 - - [23/Apr/2024:09:08:59 +0800] "GET /xingrg/javascript/easyui/themes/icons/field_new.png HTTP/1.1" 200 1097
180.164.1.25 - - [23/Apr/2024:09:08:59 +0800] "GET /xingrg/javascript/easyui/themes/icons/check_new.png HTTP/1.1" 200 3224
180.164.1.25 - - [23/Apr/2024:09:08:59 +0800] "GET /xingrg/javascript/easyui/themes/icons/import_new.png HTTP/1.1" 200 1247
180.164.1.25 - - [23/Apr/2024:09:08:59 +0800] "GET /xingrg/javascript/easyui/themes/icons/cance_new.png HTTP/1.1" 200 3986
180.164.1.25 - - [23/Apr/2024:09:08:59 +0800] "GET /xingrg/images/control/ajaxLoader.gif HTTP/1.1" 200 4659
222.70.244.105 - - [23/Apr/2024:09:09:04 +0800] "GET /xingrg/check_reg.html?_=1713834548731 HTTP/1.1" 200 22
116.237.74.60 - - [23/Apr/2024:09:09:07 +0800] "GET /xingrg/kc/buy/cgsh_order_operate.html?command=get_materiel&rest_code=00106&code=00101008108&supplier_code=00100008&order_time=2024-04-23 HTTP/1.1" 200 412
116.232.195.13 - - [23/Apr/2024:09:09:07 +0800] "GET /xingrg/all/function/internal_message.html?_=1713834537365&CODE_STATE=getMsg HTTP/1.1" 200 27
116.232.195.13 - - [23/Apr/2024:09:09:07 +0800] "GET /xingrg/check_reg.html?_=1713834537369 HTTP/1.1" 200 22
180.169.147.146 - - [23/Apr/2024:09:09:10 +0800] "GET /xingrg/all/function/internal_message.html?_=1713834549454&CODE_STATE=getMsg HTTP/1.1" 200 27
101.83.144.49 - - [23/Apr/2024:09:09:11 +0800] "POST /xingrg/kc/buy/cgsh_order_operate.html HTTP/1.1" 200 37
180.164.1.25 - - [23/Apr/2024:09:09:11 +0800] "GET /xingrg/all/function/internal_message.html?_=1713834550758&CODE_STATE=getMsg HTTP/1.1" 200 27
116.237.74.60 - - [23/Apr/2024:09:09:12 +0800] "GET /xingrg/all/function/internal_message.html?_=1713834553814&CODE_STATE=getMsg HTTP/1.1" 200 27
116.224.254.208 - - [23/Apr/2024:09:09:19 +0800] "GET /xingrg/all/function/internal_message.html?_=1713834559001&CODE_STATE=getMsg HTTP/1.1" 200 27
222.70.244.105 - - [23/Apr/2024:09:09:20 +0800] "GET /xingrg/all/function/internal_message.html?_=1713834564300&CODE_STATE=getMsg HTTP/1.1" 200 27
116.232.195.13 - - [23/Apr/2024:09:09:20 +0800] "GET /xingrg/all/function/internal_message.html?_=1713834549785&CODE_STATE=getMsg HTTP/1.1" 200 27
116.224.254.208 - - [23/Apr/2024:09:09:21 +0800] "GET /xingrg/all/function/internal_message.html?_=1713834560757&CODE_STATE=getMsg HTTP/1.1" 200 27
221.239.169.251 - - [23/Apr/2024:09:09:21 +0800] "GET /xingrg/all/function/internal_message.html?_=1713834559981&CODE_STATE=getMsg HTTP/1.1" 200 27
120.253.135.82 - - [23/Apr/2024:09:09:28 +0800] "GET /xingrg/all/function/internal_message.html?_=1713834749532&CODE_STATE=getMsg HTTP/1.1" 200 27
116.237.74.60 - - [23/Apr/2024:09:09:28 +0800] "GET /xingrg/kc/buy/cgsh_order_operate.html?command=get_materiel&rest_code=00106&code=00101013137&supplier_code=00100008&order_time=2024-04-23 HTTP/1.1" 200 412
101.83.144.49 - - [23/Apr/2024:09:09:30 +0800] "POST /xingrg/kc/buy/cgsh_order_operate.html HTTP/1.1" 200 25717
180.164.1.25 - - [23/Apr/2024:09:09:33 +0800] "POST /xingrg/kc/buy/cgsh_list_operate.html HTTP/1.1" 200 4263
116.224.254.208 - - [23/Apr/2024:09:09:38 +0800] "POST /xingrg/all/user/operate.html HTTP/1.1" 200 36
116.224.254.208 - - [23/Apr/2024:09:09:39 +0800] "GET /xingrg/index.html?sysBaseUrl=http%3A%2F%2F180.169.147.146%3A18081%2Fxingrg%2F&costTime=810×tamp=1713786684722 HTTP/1.1" 200 17179
116.224.254.208 - - [23/Apr/2024:09:09:39 +0800] "GET /xingrg/javascript/jquery_easy_ui/themes/default/easyui.css HTTP/1.1" 304 -
116.224.254.208 - - [23/Apr/2024:09:09:39 +0800] "GET /xingrg/javascript/jquery_easy_ui/themes/icon.css HTTP/1.1" 304 -
116.224.254.208 - - [23/Apr/2024:09:09:39 +0800] "GET /xingrg/css/form.css HTTP/1.1" 304 -
116.224.254.208 - - [23/Apr/2024:09:09:39 +0800] "GET /xingrg/javascript/jquery-1.4.2.min.js HTTP/1.1" 304 -
116.224.254.208 - - [23/Apr/2024:09:09:39 +0800] "GET /xingrg/javascript/jquery_easy_ui/jquery.easyui.min.js HTTP/1.1" 304 -
116.224.254.208 - - [23/Apr/2024:09:09:39 +0800] "GET /xingrg/javascript/jquery_easy_ui/easyui-lang-zh_CN.js HTTP/1.1" 304 -
116.224.254.208 - - [23/Apr/2024:09:09:39 +0800] "GET /xingrg/javascript/jquery.form.js HTTP/1.1" 304 -
116.224.254.208 - - [23/Apr/2024:09:09:39 +0800] "GET /xingrg/javascript/jquery.utils.js HTTP/1.1" 304 -
116.224.254.208 - - [23/Apr/2024:09:09:39 +0800] "GET /xingrg/javascript/jquery.timers.js HTTP/1.1" 304 -
116.224.254.208 - - [23/Apr/2024:09:09:39 +0800] "GET /xingrg/images/blue/jxLogo.png HTTP/1.1" 304 -
116.224.254.208 - - [23/Apr/2024:09:09:39 +0800] "GET /xingrg/javascript/jquery_easy_ui/themes/icons/settle_new.png HTTP/1.1" 304 -
116.224.254.208 - - [23/Apr/2024:09:09:39 +0800] "GET /xingrg/images/blue/navBackgound.jpg HTTP/1.1" 304 -
116.224.254.208 - - [23/Apr/2024:09:09:39 +0800] "GET /xingrg/all/function/internal_message.html?_=1713834579185&CODE_STATE=count HTTP/1.1" 200 11
116.224.254.208 - - [23/Apr/2024:09:09:39 +0800] "GET /xingrg/check_reg.html?_=1713834579186 HTTP/1.1" 200 22
116.224.254.208 - - [23/Apr/2024:09:09:39 +0800] "GET /xingrg/javascript/jquery_easy_ui/themes/default/images/tabs_leftarrow.png HTTP/1.1" 304 -
116.224.254.208 - - [23/Apr/2024:09:09:39 +0800] "GET /xingrg/javascript/jquery_easy_ui/themes/default/images/panel_tool_collapse.gif HTTP/1.1" 304 -
116.224.254.208 - - [23/Apr/2024:09:09:39 +0800] "GET /xingrg/images/blue/pingpu.png HTTP/1.1" 304 -
116.224.254.208 - - [23/Apr/2024:09:09:39 +0800] "GET /xingrg/javascript/jquery_easy_ui/themes/default/images/tabs_rightarrow.png HTTP/1.1" 304 -
116.224.254.208 - - [23/Apr/2024:09:09:39 +0800] "POST /xingrg/all/common/load_tree.html?tree=area_rest_tree_json&manage=1 HTTP/1.1" 200 476
116.224.254.208 - - [23/Apr/2024:09:09:39 +0800] "POST /xingrg/load_menu.html HTTP/1.1" 200 5138
116.224.254.208 - - [23/Apr/2024:09:09:41 +0800] "GET /xingrg/kc/buy/cgsh_order_list.html HTTP/1.1" 200 58227
116.224.254.208 - - [23/Apr/2024:09:09:44 +0800] "POST /xingrg/kc/buy/cgsh_list_operate.html HTTP/1.1" 200 645
101.83.144.49 - - [23/Apr/2024:09:09:46 +0800] "GET /xingrg/check_reg.html?_=1713834586202 HTTP/1.1" 200 22
101.83.144.49 - - [23/Apr/2024:09:09:46 +0800] "GET /xingrg/all/function/internal_message.html?_=1713834586204&CODE_STATE=getMsg HTTP/1.1" 200 27
116.224.254.208 - - [23/Apr/2024:09:09:46 +0800] "GET /xingrg/kc/buy/cgsh_order_add.html HTTP/1.1" 200 74078
116.224.254.208 - - [23/Apr/2024:09:09:46 +0800] "POST /xingrg/kc/buy/cgsh_order_operate.html HTTP/1.1" 200 8245
116.224.254.208 - - [23/Apr/2024:09:09:46 +0800] "GET /xingrg/javascript/easyui/themes/default/validatebox.css HTTP/1.1" 404 1104
180.164.1.25 - - [23/Apr/2024:09:09:55 +0800] "GET /xingrg/javascript/easyui/themes/default/images/button_plain_hover.png HTTP/1.1" 200 144
116.232.195.13 - - [23/Apr/2024:09:10:07 +0800] "GET /xingrg/all/function/internal_message.html?_=1713834597369&CODE_STATE=getMsg HTTP/1.1" 200 27
180.169.147.146 - - [23/Apr/2024:09:10:10 +0800] "GET /xingrg/all/function/internal_message.html?_=1713834609434&CODE_STATE=getMsg HTTP/1.1" 200 27
180.164.1.25 - - [23/Apr/2024:09:10:11 +0800] "GET /xingrg/all/function/internal_message.html?_=1713834610743&CODE_STATE=getMsg HTTP/1.1" 200 27
116.237.74.60 - - [23/Apr/2024:09:10:12 +0800] "GET /xingrg/all/function/internal_message.html?_=1713834613820&CODE_STATE=getMsg HTTP/1.1" 200 27
116.237.74.60 - - [23/Apr/2024:09:10:12 +0800] "GET /xingrg/check_reg.html?_=1713834613823 HTTP/1.1" 200 22
116.237.74.60 - - [23/Apr/2024:09:10:14 +0800] "GET /xingrg/kc/buy/cgsh_order_operate.html?command=get_materiel&rest_code=00106&code=00101008370&supplier_code=00100008&order_time=2024-04-23 HTTP/1.1" 200 412
101.83.144.49 - - [23/Apr/2024:09:10:19 +0800] "POST /xingrg/kc/buy/cgsh_order_operate.html HTTP/1.1" 200 37
222.70.244.105 - - [23/Apr/2024:09:10:20 +0800] "GET /xingrg/all/function/internal_message.html?_=1713834624313&CODE_STATE=getMsg HTTP/1.1" 200 27
116.232.195.13 - - [23/Apr/2024:09:10:20 +0800] "GET /xingrg/all/function/internal_message.html?_=1713834609765&CODE_STATE=getMsg HTTP/1.1" 200 27
116.224.254.208 - - [23/Apr/2024:09:10:21 +0800] "GET /xingrg/check_reg.html?_=1713834620758 HTTP/1.1" 200 22
116.224.254.208 - - [23/Apr/2024:09:10:21 +0800] "GET /xingrg/all/function/internal_message.html?_=1713834620762&CODE_STATE=getMsg HTTP/1.1" 200 27
221.239.169.251 - - [23/Apr/2024:09:10:21 +0800] "GET /xingrg/all/function/internal_message.html?_=1713834619975&CODE_STATE=getMsg HTTP/1.1" 200 27
221.239.169.251 - - [23/Apr/2024:09:10:21 +0800] "GET /xingrg/check_reg.html?_=1713834619978 HTTP/1.1" 200 22
180.169.147.146 - - [23/Apr/2024:09:10:23 +0800] "GET /xingrg/check_reg.html?_=1713834622414 HTTP/1.1" 200 22
120.253.135.82 - - [23/Apr/2024:09:10:28 +0800] "GET /xingrg/all/function/internal_message.html?_=1713834809538&CODE_STATE=getMsg HTTP/1.1" 200 27
120.253.135.82 - - [23/Apr/2024:09:10:28 +0800] "GET /xingrg/check_reg.html?_=1713834809539 HTTP/1.1" 200 22
116.237.74.60 - - [23/Apr/2024:09:10:28 +0800] "GET /xingrg/kc/buy/cgsh_order_operate.html?command=get_materiel&rest_code=00106&code=00101008042&supplier_code=00100008&order_time=2024-04-23 HTTP/1.1" 200 416
116.237.74.60 - - [23/Apr/2024:09:10:31 +0800] "POST /xingrg/kc/buy/cgsh_order_operate.html HTTP/1.1" 200 2065
101.83.144.49 - - [23/Apr/2024:09:10:38 +0800] "POST /xingrg/kc/buy/cgsh_order_operate.html HTTP/1.1" 200 25717
116.224.254.208 - - [23/Apr/2024:09:10:39 +0800] "GET /xingrg/all/function/internal_message.html?_=1713834639207&CODE_STATE=getMsg HTTP/1.1" 200 27
101.83.144.49 - - [23/Apr/2024:09:10:45 +0800] "GET /xingrg/kc/print/load_data.html?order_code=212024042306172&kc_code=cgsh&condition= HTTP/1.1" 200 9389
116.237.74.60 - - [23/Apr/2024:09:10:45 +0800] "GET /xingrg/kc/buy/cgsh_order_operate.html?command=get_materiel&rest_code=00106&code=00101008161&supplier_code=00100008&order_time=2024-04-23 HTTP/1.1" 200 409
101.83.144.49 - - [23/Apr/2024:09:10:46 +0800] "GET /xingrg/all/function/internal_message.html?_=1713834646398&CODE_STATE=getMsg HTTP/1.1" 200 27
180.164.1.25 - - [23/Apr/2024:09:10:54 +0800] "POST /xingrg/kc/buy/cgsh_list_operate.html HTTP/1.1" 200 4
124.78.56.241 - - [23/Apr/2024:09:10:57 +0800] "GET /xingrg/check_reg.html?_=1713834656990 HTTP/1.1" 302 -
116.232.195.13 - - [23/Apr/2024:09:11:07 +0800] "GET /xingrg/all/function/internal_message.html?_=1713834657360&CODE_STATE=getMsg HTTP/1.1" 200 27
116.237.74.60 - - [23/Apr/2024:09:11:10 +0800] "GET /xingrg/kc/buy/cgsh_order_operate.html?command=get_materiel&rest_code=00106&code=00101008285&supplier_code=00100008&order_time=2024-04-23 HTTP/1.1" 200 413
180.169.147.146 - - [23/Apr/2024:09:11:10 +0800] "GET /xingrg/all/function/internal_message.html?_=1713834669418&CODE_STATE=getMsg HTTP/1.1" 200 27
180.164.1.25 - - [23/Apr/2024:09:11:11 +0800] "POST /xingrg/kc/buy/cgsh_list_operate.html HTTP/1.1" 200 3184
180.164.1.25 - - [23/Apr/2024:09:11:11 +0800] "GET /xingrg/all/function/internal_message.html?_=1713834670726&CODE_STATE=getMsg HTTP/1.1" 200 27
116.237.74.60 - - [23/Apr/2024:09:11:12 +0800] "GET /xingrg/all/function/internal_message.html?_=1713834673830&CODE_STATE=getMsg HTTP/1.1" 200 27
222.70.244.105 - - [23/Apr/2024:09:11:20 +0800] "GET /xingrg/all/function/internal_message.html?_=1713834684337&CODE_STATE=getMsg HTTP/1.1" 200 27
116.232.195.13 - - [23/Apr/2024:09:11:20 +0800] "GET /xingrg/all/function/internal_message.html?_=1713834669751&CODE_STATE=getMsg HTTP/1.1" 200 27
116.224.254.208 - - [23/Apr/2024:09:11:21 +0800] "GET /xingrg/all/function/internal_message.html?_=1713834680742&CODE_STATE=getMsg HTTP/1.1" 200 27
221.239.169.251 - - [23/Apr/2024:09:11:21 +0800] "GET /xingrg/all/function/internal_message.html?_=1713834679987&CODE_STATE=getMsg HTTP/1.1" 200 27
116.224.254.208 - - [23/Apr/2024:09:11:39 +0800] "GET /xingrg/all/function/internal_message.html?_=1713834699208&CODE_STATE=getMsg HTTP/1.1" 200 27
116.237.74.60 - - [23/Apr/2024:09:11:40 +0800] "GET /xingrg/kc/buy/cgsh_order_operate.html?command=get_materiel&rest_code=00106&code=00101008321&supplier_code=00100008&order_time=2024-04-23 HTTP/1.1" 200 412
101.83.144.49 - - [23/Apr/2024:09:11:46 +0800] "GET /xingrg/all/function/internal_message.html?_=1713834706376&CODE_STATE=getMsg HTTP/1.1" 200 27
180.164.1.25 - - [23/Apr/2024:09:11:55 +0800] "POST /xingrg/kc/buy/cgsh_list_operate.html HTTP/1.1" 200 4
116.232.195.13 - - [23/Apr/2024:09:12:07 +0800] "GET /xingrg/all/function/internal_message.html?_=1713834717363&CODE_STATE=getMsg HTTP/1.1" 200 27
180.169.147.146 - - [23/Apr/2024:09:12:10 +0800] "GET /xingrg/all/function/internal_message.html?_=1713834729393&CODE_STATE=getMsg HTTP/1.1" 200 27
116.237.74.60 - - [23/Apr/2024:09:12:12 +0800] "GET /xingrg/all/function/internal_message.html?_=1713834733819&CODE_STATE=getMsg HTTP/1.1" 200 27
222.70.244.105 - - [23/Apr/2024:09:12:20 +0800] "GET /xingrg/all/function/internal_message.html?_=1713834744341&CODE_STATE=getMsg HTTP/1.1" 200 27
116.232.195.13 - - [23/Apr/2024:09:12:20 +0800] "GET /xingrg/all/function/internal_message.html?_=1713834729751&CODE_STATE=getMsg HTTP/1.1" 200 27
116.224.254.208 - - [23/Apr/2024:09:12:21 +0800] "GET /xingrg/all/function/internal_message.html?_=1713834740748&CODE_STATE=getMsg HTTP/1.1" 200 27
221.239.169.251 - - [23/Apr/2024:09:12:21 +0800] "GET /xingrg/all/function/internal_message.html?_=1713834739987&CODE_STATE=getMsg HTTP/1.1" 200 27
116.237.74.60 - - [23/Apr/2024:09:12:23 +0800] "GET /xingrg/kc/buy/cgsh_order_operate.html?command=get_materiel&rest_code=00106&code=00101008224&supplier_code=00100008&order_time=2024-04-23 HTTP/1.1" 200 416
116.237.74.60 - - [23/Apr/2024:09:12:29 +0800] "POST /xingrg/kc/buy/cgsh_order_operate.html HTTP/1.1" 200 2065
116.224.254.208 - - [23/Apr/2024:09:12:39 +0800] "GET /xingrg/all/function/internal_message.html?_=1713834759212&CODE_STATE=getMsg HTTP/1.1" 200 27
116.237.74.60 - - [23/Apr/2024:09:12:44 +0800] "GET /xingrg/kc/buy/cgsh_order_operate.html?command=get_materiel&rest_code=00106&code=00101008169&supplier_code=00100008&order_time=2024-04-23 HTTP/1.1" 200 412
101.83.144.49 - - [23/Apr/2024:09:12:46 +0800] "GET /xingrg/all/function/internal_message.html?_=1713834766346&CODE_STATE=getMsg HTTP/1.1" 200 27
180.164.1.25 - - [23/Apr/2024:09:13:05 +0800] "POST /xingrg/kc/buy/cgsh_list_operate.html HTTP/1.1" 200 645
116.232.195.13 - - [23/Apr/2024:09:13:07 +0800] "GET /xingrg/all/function/internal_message.html?_=1713834777369&CODE_STATE=getMsg HTTP/1.1" 200 27
180.169.147.146 - - [23/Apr/2024:09:13:10 +0800] "GET /xingrg/all/function/internal_message.html?_=1713834789371&CODE_STATE=getMsg HTTP/1.1" 200 27
180.164.1.25 - - [23/Apr/2024:09:13:11 +0800] "GET /xingrg/all/function/internal_message.html?_=1713834790734&CODE_STATE=getMsg HTTP/1.1" 200 27
116.237.74.60 - - [23/Apr/2024:09:13:12 +0800] "GET /xingrg/all/function/internal_message.html?_=1713834793818&CODE_STATE=getMsg HTTP/1.1" 200 27
116.232.195.13 - - [23/Apr/2024:09:13:20 +0800] "GET /xingrg/all/function/internal_message.html?_=1713834789730&CODE_STATE=getMsg HTTP/1.1" 200 27
222.70.244.105 - - [23/Apr/2024:09:13:20 +0800] "GET /xingrg/all/function/internal_message.html?_=1713834804365&CODE_STATE=getMsg HTTP/1.1" 200 27
116.224.254.208 - - [23/Apr/2024:09:13:21 +0800] "GET /xingrg/all/function/internal_message.html?_=1713834800752&CODE_STATE=getMsg HTTP/1.1" 200 27
221.239.169.251 - - [23/Apr/2024:09:13:21 +0800] "GET /xingrg/all/function/internal_message.html?_=1713834799989&CODE_STATE=getMsg HTTP/1.1" 200 27
180.164.1.25 - - [23/Apr/2024:09:13:27 +0800] "GET /xingrg/kc/buy/cgsh_order_add.html HTTP/1.1" 200 74126
180.164.1.25 - - [23/Apr/2024:09:13:27 +0800] "GET /xingrg/words/20240421095404_words.js HTTP/1.1" 304 -
180.164.1.25 - - [23/Apr/2024:09:13:27 +0800] "GET /xingrg/javascript/easyui/themes/icons/copy_new.png HTTP/1.1" 200 815
180.164.1.25 - - [23/Apr/2024:09:13:27 +0800] "GET /xingrg/javascript/easyui/themes/icons/ok.png HTTP/1.1" 200 883
180.164.1.25 - - [23/Apr/2024:09:13:27 +0800] "GET /xingrg/javascript/easyui/themes/default/images/menu_downarrow.png HTTP/1.1" 200 173
180.164.1.25 - - [23/Apr/2024:09:13:27 +0800] "GET /xingrg/javascript/easyui/themes/icons/print.png HTTP/1.1" 200 1057
180.164.1.25 - - [23/Apr/2024:09:13:27 +0800] "GET /xingrg/javascript/easyui/themes/icons/template_new.png HTTP/1.1" 200 3956
180.164.1.25 - - [23/Apr/2024:09:13:27 +0800] "GET /xingrg/javascript/easyui/themes/icons/cancel.png HTTP/1.1" 200 1133
180.164.1.25 - - [23/Apr/2024:09:13:27 +0800] "POST /xingrg/kc/buy/cgsh_order_operate.html HTTP/1.1" 200 8245
180.164.1.25 - - [23/Apr/2024:09:13:27 +0800] "GET /xingrg/javascript/easyui/themes/default/validatebox.css HTTP/1.1" 404 1104
180.164.1.25 - - [23/Apr/2024:09:13:27 +0800] "GET /xingrg/all/common/auto_word.html?type=employee&rest_code=00108 HTTP/1.1" 200 101
180.164.1.25 - - [23/Apr/2024:09:13:27 +0800] "GET /xingrg/javascript/easyui/themes/icons/edit_remove.png HTTP/1.1" 200 625
180.164.1.25 - - [23/Apr/2024:09:13:27 +0800] "GET /xingrg/all/common/auto_word.html?type=employee&rest_code=00108 HTTP/1.1" 200 101
180.164.1.25 - - [23/Apr/2024:09:13:29 +0800] "GET /xingrg/javascript/auto/indicator.gif HTTP/1.1" 404 1066
180.164.1.25 - - [23/Apr/2024:09:13:31 +0800] "GET /xingrg/javascript/jquery_tools/images/prev.gif HTTP/1.1" 404 1086
180.164.1.25 - - [23/Apr/2024:09:13:31 +0800] "GET /xingrg/javascript/jquery_tools/images/next.gif HTTP/1.1" 404 1086
180.164.1.25 - - [23/Apr/2024:09:13:32 +0800] "GET /xingrg/check_reg.html?_=1713834811562 HTTP/1.1" 200 22
116.232.195.13 - - [23/Apr/2024:09:13:33 +0800] "GET /xingrg/check_reg.html?_=1713834802941 HTTP/1.1" 200 22
116.224.254.208 - - [23/Apr/2024:09:13:39 +0800] "GET /xingrg/all/function/internal_message.html?_=1713834819222&CODE_STATE=getMsg HTTP/1.1" 200 27
101.83.144.49 - - [23/Apr/2024:09:13:46 +0800] "GET /xingrg/all/function/internal_message.html?_=1713834826322&CODE_STATE=getMsg HTTP/1.1" 200 27
180.164.1.25 - - [23/Apr/2024:09:13:54 +0800] "GET /xingrg/kc/buy/cgsh_order_operate.html?command=get_materiel&rest_code=00108&code=00101008274&supplier_code=00100007&order_time=2024-04-23 HTTP/1.1" 200 412
116.237.74.60 - - [23/Apr/2024:09:13:59 +0800] "GET /xingrg/kc/buy/cgsh_order_operate.html?command=get_materiel&rest_code=00106&code=00101008558&supplier_code=00100008&order_time=2024-04-23 HTTP/1.1" 200 409
222.70.244.105 - - [23/Apr/2024:09:14:04 +0800] "GET /xingrg/check_reg.html?_=1713834848740 HTTP/1.1" 200 22
180.164.1.25 - - [23/Apr/2024:09:14:05 +0800] "GET /xingrg/kc/buy/cgsh_order_operate.html?command=get_materiel&rest_code=00108&code=00101008131&supplier_code=00100007&order_time=2024-04-23 HTTP/1.1" 200 408
116.232.195.13 - - [23/Apr/2024:09:14:07 +0800] "GET /xingrg/check_reg.html?_=1713834837361 HTTP/1.1" 200 22
116.232.195.13 - - [23/Apr/2024:09:14:07 +0800] "GET /xingrg/all/function/internal_message.html?_=1713834837363&CODE_STATE=getMsg HTTP/1.1" 200 27
180.169.147.146 - - [23/Apr/2024:09:14:10 +0800] "GET /xingrg/all/function/internal_message.html?_=1713834849357&CODE_STATE=getMsg HTTP/1.1" 200 27
180.164.1.25 - - [23/Apr/2024:09:14:11 +0800] "GET /xingrg/all/function/internal_message.html?_=1713834850726&CODE_STATE=getMsg HTTP/1.1" 200 27
116.237.74.60 - - [23/Apr/2024:09:14:12 +0800] "GET /xingrg/all/function/internal_message.html?_=1713834853842&CODE_STATE=getMsg HTTP/1.1" 200 27
180.164.1.25 - - [23/Apr/2024:09:14:15 +0800] "GET /xingrg/kc/buy/cgsh_order_operate.html?command=get_materiel&rest_code=00108&code=00101008356&supplier_code=00100007&order_time=2024-04-23 HTTP/1.1" 200 408
116.232.195.13 - - [23/Apr/2024:09:14:20 +0800] "GET /xingrg/all/function/internal_message.html?_=1713834849725&CODE_STATE=getMsg HTTP/1.1" 200 27
222.70.244.105 - - [23/Apr/2024:09:14:20 +0800] "GET /xingrg/all/function/internal_message.html?_=1713834864370&CODE_STATE=getMsg HTTP/1.1" 200 27
116.224.254.208 - - [23/Apr/2024:09:14:21 +0800] "GET /xingrg/all/function/internal_message.html?_=1713834860745&CODE_STATE=getMsg HTTP/1.1" 200 27
221.239.169.251 - - [23/Apr/2024:09:14:21 +0800] "GET /xingrg/all/function/internal_message.html?_=1713834860000&CODE_STATE=getMsg HTTP/1.1" 200 27
180.164.1.25 - - [23/Apr/2024:09:14:26 +0800] "GET /xingrg/kc/buy/cgsh_order_operate.html?command=get_materiel&rest_code=00108&code=00101008286&supplier_code=00100007&order_time=2024-04-23 HTTP/1.1" 200 408
116.224.254.208 - - [23/Apr/2024:09:14:31 +0800] "GET /xingrg/kc/buy/cgsh_order_add.html HTTP/1.1" 200 74090
116.224.254.208 - - [23/Apr/2024:09:14:32 +0800] "POST /xingrg/kc/buy/cgsh_order_operate.html HTTP/1.1" 200 8245
116.237.74.60 - - [23/Apr/2024:09:14:32 +0800] "GET /xingrg/kc/buy/cgsh_order_operate.html?command=get_materiel&rest_code=00106&code=00101008114&supplier_code=00100008&order_time=2024-04-23 HTTP/1.1" 200 412
116.224.254.208 - - [23/Apr/2024:09:14:32 +0800] "GET /xingrg/javascript/easyui/themes/default/validatebox.css HTTP/1.1" 404 1104
116.224.254.208 - - [23/Apr/2024:09:14:39 +0800] "GET /xingrg/check_reg.html?_=1713834879224 HTTP/1.1" 200 22
116.224.254.208 - - [23/Apr/2024:09:14:39 +0800] "GET /xingrg/all/function/internal_message.html?_=1713834879227&CODE_STATE=getMsg HTTP/1.1" 200 27
101.83.144.49 - - [23/Apr/2024:09:14:46 +0800] "GET /xingrg/check_reg.html?_=1713834886074 HTTP/1.1" 200 22
101.83.144.49 - - [23/Apr/2024:09:14:46 +0800] "GET /xingrg/all/function/internal_message.html?_=1713834886298&CODE_STATE=getMsg HTTP/1.1" 200 27
116.237.74.60 - - [23/Apr/2024:09:14:48 +0800] "GET /xingrg/kc/buy/cgsh_order_operate.html?command=get_materiel&rest_code=00106&code=00101008350&supplier_code=00100008&order_time=2024-04-23 HTTP/1.1" 200 408
180.164.1.25 - - [23/Apr/2024:09:14:51 +0800] "GET /xingrg/kc/buy/cgsh_order_operate.html?command=get_materiel&rest_code=00108&code=00101008257&supplier_code=00100007&order_time=2024-04-23 HTTP/1.1" 200 416
180.164.1.25 - - [23/Apr/2024:09:15:02 +0800] "GET /xingrg/kc/buy/cgsh_order_operate.html?command=get_materiel&rest_code=00108&code=00101008357&supplier_code=00100007&order_time=2024-04-23 HTTP/1.1" 200 408
116.237.74.60 - - [23/Apr/2024:09:15:05 +0800] "GET /xingrg/kc/buy/cgsh_order_operate.html?command=get_materiel&rest_code=00106&code=00101008155&supplier_code=00100008&order_time=2024-04-23 HTTP/1.1" 200 408
116.232.195.13 - - [23/Apr/2024:09:15:07 +0800] "GET /xingrg/all/function/internal_message.html?_=1713834897367&CODE_STATE=getMsg HTTP/1.1" 200 27
116.237.74.60 - - [23/Apr/2024:09:15:08 +0800] "POST /xingrg/kc/buy/cgsh_order_operate.html HTTP/1.1" 200 2065
180.169.147.146 - - [23/Apr/2024:09:15:10 +0800] "GET /xingrg/all/function/internal_message.html?_=1713834909336&CODE_STATE=getMsg HTTP/1.1" 200 27
180.164.1.25 - - [23/Apr/2024:09:15:11 +0800] "GET /xingrg/all/function/internal_message.html?_=1713834910715&CODE_STATE=getMsg HTTP/1.1" 200 27
180.164.1.25 - - [23/Apr/2024:09:15:12 +0800] "GET /xingrg/kc/buy/cgsh_order_operate.html?command=get_materiel&rest_code=00108&code=00101008185&supplier_code=00100007&order_time=2024-04-23 HTTP/1.1" 200 408
116.237.74.60 - - [23/Apr/2024:09:15:12 +0800] "GET /xingrg/all/function/internal_message.html?_=1713834913842&CODE_STATE=getMsg HTTP/1.1" 200 27
116.237.74.60 - - [23/Apr/2024:09:15:12 +0800] "GET /xingrg/check_reg.html?_=1713834913846 HTTP/1.1" 200 22
116.232.195.13 - - [23/Apr/2024:09:15:20 +0800] "GET /xingrg/all/function/internal_message.html?_=1713834909702&CODE_STATE=getMsg HTTP/1.1" 200 27
222.70.244.105 - - [23/Apr/2024:09:15:20 +0800] "GET /xingrg/all/function/internal_message.html?_=1713834924381&CODE_STATE=getMsg HTTP/1.1" 200 27
116.224.254.208 - - [23/Apr/2024:09:15:21 +0800] "GET /xingrg/kc/buy/cgsh_order_operate.html?command=get_materiel&rest_code=00150&code=00101002048&supplier_code=00100151&order_time=2024-04-23 HTTP/1.1" 200 432
116.224.254.208 - - [23/Apr/2024:09:15:21 +0800] "GET /xingrg/all/function/internal_message.html?_=1713834920770&CODE_STATE=getMsg HTTP/1.1" 200 27
116.224.254.208 - - [23/Apr/2024:09:15:21 +0800] "GET /xingrg/check_reg.html?_=1713834920772 HTTP/1.1" 200 22
180.164.1.25 - - [23/Apr/2024:09:15:21 +0800] "GET /xingrg/kc/buy/cgsh_order_operate.html?command=get_materiel&rest_code=00108&code=00101008004&supplier_code=00100007&order_time=2024-04-23 HTTP/1.1" 200 417
221.239.169.251 - - [23/Apr/2024:09:15:21 +0800] "GET /xingrg/all/function/internal_message.html?_=1713834919995&CODE_STATE=getMsg HTTP/1.1" 200 27
221.239.169.251 - - [23/Apr/2024:09:15:21 +0800] "GET /xingrg/check_reg.html?_=1713834919992 HTTP/1.1" 200 22
180.169.147.146 - - [23/Apr/2024:09:15:23 +0800] "GET /xingrg/check_reg.html?_=1713834922413 HTTP/1.1" 200 22
116.237.74.60 - - [23/Apr/2024:09:15:26 +0800] "GET /xingrg/kc/buy/cgsh_order_operate.html?command=get_materiel&rest_code=00106&code=00101008098&supplier_code=00100008&order_time=2024-04-23 HTTP/1.1" 200 412
180.164.1.25 - - [23/Apr/2024:09:15:30 +0800] "GET /xingrg/kc/buy/cgsh_order_operate.html?command=get_materiel&rest_code=00108&code=00101008242&supplier_code=00100007&order_time=2024-04-23 HTTP/1.1" 200 408
180.164.1.25 - - [23/Apr/2024:09:15:39 +0800] "GET /xingrg/kc/buy/cgsh_order_operate.html?command=get_materiel&rest_code=00108&code=00101008264&supplier_code=00100007&order_time=2024-04-23 HTTP/1.1" 200 432
116.224.254.208 - - [23/Apr/2024:09:15:39 +0800] "GET /xingrg/all/function/internal_message.html?_=1713834939222&CODE_STATE=getMsg HTTP/1.1" 200 27
116.224.254.208 - - [23/Apr/2024:09:15:44 +0800] "GET /xingrg/kc/buy/cgsh_order_operate.html?command=get_materiel&rest_code=00150&code=00101002037&supplier_code=00100151&order_time=2024-04-23 HTTP/1.1" 200 419
101.83.144.49 - - [23/Apr/2024:09:15:46 +0800] "GET /xingrg/all/function/internal_message.html?_=1713834946276&CODE_STATE=getMsg HTTP/1.1" 200 27
180.164.1.25 - - [23/Apr/2024:09:15:48 +0800] "GET /xingrg/kc/buy/cgsh_order_operate.html?command=get_materiel&rest_code=00108&code=00101008355&supplier_code=00100007&order_time=2024-04-23 HTTP/1.1" 200 408
124.78.56.241 - - [23/Apr/2024:09:15:56 +0800] "GET /xingrg/check_reg.html?_=1713834956973 HTTP/1.1" 302 -
116.237.74.60 - - [23/Apr/2024:09:15:58 +0800] "GET /xingrg/kc/buy/cgsh_order_operate.html?command=get_materiel&rest_code=00106&code=00101008145&supplier_code=00100008&order_time=2024-04-23 HTTP/1.1" 200 417
180.164.1.25 - - [23/Apr/2024:09:15:59 +0800] "GET /xingrg/kc/buy/cgsh_order_operate.html?command=get_materiel&rest_code=00108&code=00101008163&supplier_code=00100007&order_time=2024-04-23 HTTP/1.1" 200 409
116.224.254.208 - - [23/Apr/2024:09:16:01 +0800] "GET /xingrg/kc/buy/cgsh_order_operate.html?command=get_materiel&rest_code=00150&code=00101005037&supplier_code=00100151&order_time=2024-04-23 HTTP/1.1" 200 409
116.232.195.13 - - [23/Apr/2024:09:16:07 +0800] "GET /xingrg/all/function/internal_message.html?_=1713834957353&CODE_STATE=getMsg HTTP/1.1" 200 27
180.164.1.25 - - [23/Apr/2024:09:16:09 +0800] "GET /xingrg/kc/buy/cgsh_order_operate.html?command=get_materiel&rest_code=00108&code=00101009011&supplier_code=00100007&order_time=2024-04-23 HTTP/1.1" 200 416
180.169.147.146 - - [23/Apr/2024:09:16:10 +0800] "GET /xingrg/all/function/internal_message.html?_=1713834969326&CODE_STATE=getMsg HTTP/1.1" 200 27
180.164.1.25 - - [23/Apr/2024:09:16:11 +0800] "GET /xingrg/all/function/internal_message.html?_=1713834970719&CODE_STATE=getMsg HTTP/1.1" 200 27
116.237.74.60 - - [23/Apr/2024:09:16:12 +0800] "GET /xingrg/all/function/internal_message.html?_=1713834973861&CODE_STATE=getMsg HTTP/1.1" 200 27
101.80.230.31 - - [23/Apr/2024:09:16:12 +0800] "POST /xingrg/services/DataTransmitService HTTP/1.1" 200 524
116.224.254.208 - - [23/Apr/2024:09:16:17 +0800] "GET /xingrg/kc/buy/cgsh_order_operate.html?command=get_materiel&rest_code=00150&code=00101002022&supplier_code=00100151&order_time=2024-04-23 HTTP/1.1" 200 433
116.232.195.13 - - [23/Apr/2024:09:16:20 +0800] "GET /xingrg/all/function/internal_message.html?_=1713834969674&CODE_STATE=getMsg HTTP/1.1" 200 27
222.70.244.105 - - [23/Apr/2024:09:16:20 +0800] "GET /xingrg/all/function/internal_message.html?_=1713834984402&CODE_STATE=getMsg HTTP/1.1" 200 27
116.224.254.208 - - [23/Apr/2024:09:16:21 +0800] "GET /xingrg/all/function/internal_message.html?_=1713834980744&CODE_STATE=getMsg HTTP/1.1" 200 27
180.164.1.25 - - [23/Apr/2024:09:16:21 +0800] "GET /xingrg/kc/buy/cgsh_order_operate.html?command=get_materiel&rest_code=00108&code=00101008411&supplier_code=00100007&order_time=2024-04-23 HTTP/1.1" 200 412
221.239.169.251 - - [23/Apr/2024:09:16:21 +0800] "GET /xingrg/all/function/internal_message.html?_=1713834979979&CODE_STATE=getMsg HTTP/1.1" 200 27
116.237.74.60 - - [23/Apr/2024:09:16:23 +0800] "GET /xingrg/kc/buy/cgsh_order_operate.html?command=get_materiel&rest_code=00106&code=00101008160&supplier_code=00100008&order_time=2024-04-23 HTTP/1.1" 200 408
116.224.254.208 - - [23/Apr/2024:09:16:26 +0800] "GET /xingrg/javascript/jquery_easy_ui/themes/icons/rest.png HTTP/1.1" 304 -
116.224.254.208 - - [23/Apr/2024:09:16:27 +0800] "GET /xingrg/javascript/jquery_easy_ui/themes/icons/area.png HTTP/1.1" 304 -
116.224.254.208 - - [23/Apr/2024:09:16:36 +0800] "POST /xingrg/kc/buy/cgsh_order_operate.html HTTP/1.1" 200 37
180.164.1.25 - - [23/Apr/2024:09:16:38 +0800] "GET /xingrg/kc/buy/cgsh_order_operate.html?command=get_materiel&rest_code=00108&code=00101008694&supplier_code=00100007&order_time=2024-04-23 HTTP/1.1" 200 420
116.224.254.208 - - [23/Apr/2024:09:16:39 +0800] "GET /xingrg/all/function/internal_message.html?_=1713834999243&CODE_STATE=getMsg HTTP/1.1" 200 27
101.83.144.49 - - [23/Apr/2024:09:16:46 +0800] "GET /xingrg/all/function/internal_message.html?_=1713835006250&CODE_STATE=getMsg HTTP/1.1" 200 27
116.237.74.60 - - [23/Apr/2024:09:16:46 +0800] "POST /xingrg/kc/buy/cgsh_order_operate.html HTTP/1.1" 200 37
116.224.254.208 - - [23/Apr/2024:09:16:46 +0800] "POST /xingrg/kc/buy/cgsh_order_operate.html HTTP/1.1" 200 4435
116.237.74.60 - - [23/Apr/2024:09:16:48 +0800] "POST /xingrg/kc/buy/cgsh_order_operate.html HTTP/1.1" 200 23923
180.164.1.25 - - [23/Apr/2024:09:16:51 +0800] "GET /xingrg/kc/buy/cgsh_order_operate.html?command=get_materiel&rest_code=00108&code=00101008277&supplier_code=00100007&order_time=2024-04-23 HTTP/1.1" 200 412
116.237.74.60 - - [23/Apr/2024:09:16:57 +0800] "POST /xingrg/kc/buy/cgsh_order_operate.html HTTP/1.1" 200 37
116.237.74.60 - - [23/Apr/2024:09:16:59 +0800] "POST /xingrg/kc/buy/cgsh_order_operate.html HTTP/1.1" 200 23923
180.164.1.25 - - [23/Apr/2024:09:17:01 +0800] "GET /xingrg/kc/buy/cgsh_order_operate.html?command=get_materiel&rest_code=00108&code=00101013179&supplier_code=00100007&order_time=2024-04-23 HTTP/1.1" 200 412
116.237.74.60 - - [23/Apr/2024:09:17:05 +0800] "GET /xingrg/kc/buy/cgsh_order_add.html HTTP/1.1" 200 74027
116.237.74.60 - - [23/Apr/2024:09:17:05 +0800] "POST /xingrg/kc/buy/cgsh_order_operate.html HTTP/1.1" 200 8245
116.237.74.60 - - [23/Apr/2024:09:17:05 +0800] "GET /xingrg/javascript/easyui/themes/default/validatebox.css HTTP/1.1" 404 1104
116.237.74.60 - - [23/Apr/2024:09:17:06 +0800] "GET /xingrg/javascript/jquery_easy_ui/themes/default/images/tabs_active.png HTTP/1.1" 304 -
116.237.74.60 - - [23/Apr/2024:09:17:07 +0800] "GET /xingrg/javascript/easyui/themes/default/tree.css HTTP/1.1" 404 1090
116.232.195.13 - - [23/Apr/2024:09:17:08 +0800] "GET /xingrg/all/function/internal_message.html?_=1713835017359&CODE_STATE=getMsg HTTP/1.1" 200 27
116.237.74.60 - - [23/Apr/2024:09:17:08 +0800] "POST /xingrg/all/common/load_tree.html?tree=supplier_tree_json&isDelete=1 HTTP/1.1" 200 79499
180.169.147.146 - - [23/Apr/2024:09:17:10 +0800] "GET /xingrg/all/function/internal_message.html?_=1713835029306&CODE_STATE=getMsg HTTP/1.1" 200 27
180.164.1.25 - - [23/Apr/2024:09:17:11 +0800] "GET /xingrg/kc/buy/cgsh_order_operate.html?command=get_materiel&rest_code=00108&code=00101022052&supplier_code=00100007&order_time=2024-04-23 HTTP/1.1" 200 412
180.164.1.25 - - [23/Apr/2024:09:17:11 +0800] "GET /xingrg/all/function/internal_message.html?_=1713835030708&CODE_STATE=getMsg HTTP/1.1" 200 27
116.237.74.60 - - [23/Apr/2024:09:17:12 +0800] "GET /xingrg/all/function/internal_message.html?_=1713835033862&CODE_STATE=getMsg HTTP/1.1" 200 27
116.232.195.13 - - [23/Apr/2024:09:17:20 +0800] "GET /xingrg/all/function/internal_message.html?_=1713835029652&CODE_STATE=getMsg HTTP/1.1" 200 27
222.70.244.105 - - [23/Apr/2024:09:17:20 +0800] "GET /xingrg/all/function/internal_message.html?_=1713835044409&CODE_STATE=getMsg HTTP/1.1" 200 27
116.224.254.208 - - [23/Apr/2024:09:17:21 +0800] "GET /xingrg/all/function/internal_message.html?_=1713835040771&CODE_STATE=getMsg HTTP/1.1" 200 27
221.239.169.251 - - [23/Apr/2024:09:17:21 +0800] "GET /xingrg/all/function/internal_message.html?_=1713835040003&CODE_STATE=getMsg HTTP/1.1" 200 27
180.164.1.25 - - [23/Apr/2024:09:17:26 +0800] "GET /xingrg/kc/buy/cgsh_order_operate.html?command=get_materiel&rest_code=00108&code=00101008136&supplier_code=00100007&order_time=2024-04-23 HTTP/1.1" 200 413
222.70.183.82 - - [23/Apr/2024:09:17:31 +0800] "POST /xingrg/services/DataTransmitService HTTP/1.1" 200 524
180.164.1.25 - - [23/Apr/2024:09:17:38 +0800] "GET /xingrg/kc/buy/cgsh_order_operate.html?command=get_materiel&rest_code=00108&code=00101008283&supplier_code=00100007&order_time=2024-04-23 HTTP/1.1" 200 408
116.224.254.208 - - [23/Apr/2024:09:17:39 +0800] "GET /xingrg/all/function/internal_message.html?_=1713835059245&CODE_STATE=getMsg HTTP/1.1" 200 27
101.83.144.49 - - [23/Apr/2024:09:17:46 +0800] "GET /xingrg/all/function/internal_message.html?_=1713835066230&CODE_STATE=getMsg HTTP/1.1" 200 27
180.164.1.25 - - [23/Apr/2024:09:17:48 +0800] "GET /xingrg/kc/buy/cgsh_order_operate.html?command=get_materiel&rest_code=00108&code=00101008354&supplier_code=00100007&order_time=2024-04-23 HTTP/1.1" 200 433
116.237.74.60 - - [23/Apr/2024:09:17:55 +0800] "GET /xingrg/kc/buy/cgsh_order_operate.html?command=get_materiel&rest_code=00106&code=00101012029&supplier_code=00100096&order_time=2024-04-23 HTTP/1.1" 200 412
180.164.1.25 - - [23/Apr/2024:09:17:57 +0800] "GET /xingrg/kc/buy/cgsh_order_operate.html?command=get_materiel&rest_code=00108&code=00101008010&supplier_code=00100007&order_time=2024-04-23 HTTP/1.1" 200 412
180.164.1.25 - - [23/Apr/2024:09:17:59 +0800] "POST /xingrg/kc/buy/cgsh_order_operate.html HTTP/1.1" 200 2065
116.232.195.13 - - [23/Apr/2024:09:18:08 +0800] "GET /xingrg/all/function/internal_message.html?_=1713835077373&CODE_STATE=getMsg HTTP/1.1" 200 27
180.164.1.25 - - [23/Apr/2024:09:18:09 +0800] "GET /xingrg/kc/buy/cgsh_order_operate.html?command=get_materiel&rest_code=00108&code=00101008059&supplier_code=00100007&order_time=2024-04-23 HTTP/1.1" 200 408
180.169.147.146 - - [23/Apr/2024:09:18:10 +0800] "GET /xingrg/all/function/internal_message.html?_=1713835089290&CODE_STATE=getMsg HTTP/1.1" 200 27
180.164.1.25 - - [23/Apr/2024:09:18:11 +0800] "GET /xingrg/all/function/internal_message.html?_=1713835090691&CODE_STATE=getMsg HTTP/1.1" 200 27
116.237.74.60 - - [23/Apr/2024:09:18:12 +0800] "GET /xingrg/all/function/internal_message.html?_=1713835093850&CODE_STATE=getMsg HTTP/1.1" 200 27
116.232.195.13 - - [23/Apr/2024:09:18:20 +0800] "GET /xingrg/all/function/internal_message.html?_=1713835089631&CODE_STATE=getMsg HTTP/1.1" 200 27
222.70.244.105 - - [23/Apr/2024:09:18:20 +0800] "GET /xingrg/all/function/internal_message.html?_=1713835104433&CODE_STATE=getMsg HTTP/1.1" 200 27
116.224.254.208 - - [23/Apr/2024:09:18:21 +0800] "GET /xingrg/all/function/internal_message.html?_=1713835100749&CODE_STATE=getMsg HTTP/1.1" 200 27
221.239.169.251 - - [23/Apr/2024:09:18:21 +0800] "GET /xingrg/all/function/internal_message.html?_=1713835099998&CODE_STATE=getMsg HTTP/1.1" 200 27
116.237.74.60 - - [23/Apr/2024:09:18:23 +0800] "GET /xingrg/kc/buy/cgsh_order_operate.html?command=get_materiel&rest_code=00106&code=00101012025&supplier_code=00100096&order_time=2024-04-23 HTTP/1.1" 200 413
180.164.1.25 - - [23/Apr/2024:09:18:23 +0800] "GET /xingrg/kc/buy/cgsh_order_operate.html?command=get_materiel&rest_code=00108&code=00101008318&supplier_code=00100007&order_time=2024-04-23 HTTP/1.1" 200 408
180.164.1.25 - - [23/Apr/2024:09:18:32 +0800] "GET /xingrg/check_reg.html?_=1713835111541 HTTP/1.1" 200 22
116.232.195.13 - - [23/Apr/2024:09:18:33 +0800] "GET /xingrg/check_reg.html?_=1713835102935 HTTP/1.1" 200 22
116.224.254.208 - - [23/Apr/2024:09:18:39 +0800] "GET /xingrg/all/function/internal_message.html?_=1713835119238&CODE_STATE=getMsg HTTP/1.1" 200 27
180.164.1.25 - - [23/Apr/2024:09:18:41 +0800] "GET /xingrg/kc/buy/cgsh_order_operate.html?command=get_materiel&rest_code=00108&code=00101008353&supplier_code=00100007&order_time=2024-04-23 HTTP/1.1" 200 408
101.83.144.49 - - [23/Apr/2024:09:18:46 +0800] "GET /xingrg/all/function/internal_message.html?_=1713835126210&CODE_STATE=getMsg HTTP/1.1" 200 27
116.237.74.60 - - [23/Apr/2024:09:18:52 +0800] "GET /xingrg/kc/buy/cgsh_order_operate.html?command=get_materiel&rest_code=00106&code=00101016080&supplier_code=00100096&order_time=2024-04-23 HTTP/1.1" 200 408
180.164.1.25 - - [23/Apr/2024:09:18:53 +0800] "GET /xingrg/kc/buy/cgsh_order_operate.html?command=get_materiel&rest_code=00108&code=00101008285&supplier_code=00100007&order_time=2024-04-23 HTTP/1.1" 200 413
222.70.244.105 - - [23/Apr/2024:09:19:04 +0800] "GET /xingrg/check_reg.html?_=1713835148744 HTTP/1.1" 200 22
116.232.195.13 - - [23/Apr/2024:09:19:08 +0800] "GET /xingrg/check_reg.html?_=1713835137370 HTTP/1.1" 200 22
116.232.195.13 - - [23/Apr/2024:09:19:08 +0800] "GET /xingrg/all/function/internal_message.html?_=1713835137371&CODE_STATE=getMsg HTTP/1.1" 200 27
180.169.147.146 - - [23/Apr/2024:09:19:10 +0800] "GET /xingrg/all/function/internal_message.html?_=1713835149278&CODE_STATE=getMsg HTTP/1.1" 200 27
180.164.1.25 - - [23/Apr/2024:09:19:10 +0800] "GET /xingrg/kc/buy/cgsh_order_operate.html?command=get_materiel&rest_code=00108&code=00101008103&supplier_code=00100007&order_time=2024-04-23 HTTP/1.1" 200 417
180.164.1.25 - - [23/Apr/2024:09:19:11 +0800] "GET /xingrg/all/function/internal_message.html?_=1713835150680&CODE_STATE=getMsg HTTP/1.1" 200 27
116.237.74.60 - - [23/Apr/2024:09:19:12 +0800] "GET /xingrg/kc/buy/cgsh_order_operate.html?command=get_materiel&rest_code=00106&code=00101011005&supplier_code=00100096&order_time=2024-04-23 HTTP/1.1" 200 430
116.237.74.60 - - [23/Apr/2024:09:19:12 +0800] "GET /xingrg/all/function/internal_message.html?_=1713835153851&CODE_STATE=getMsg HTTP/1.1" 200 27
116.232.195.13 - - [23/Apr/2024:09:19:20 +0800] "GET /xingrg/all/function/internal_message.html?_=1713835149612&CODE_STATE=getMsg HTTP/1.1" 200 27
222.70.244.105 - - [23/Apr/2024:09:19:20 +0800] "GET /xingrg/all/function/internal_message.html?_=1713835164436&CODE_STATE=getMsg HTTP/1.1" 200 27
116.224.254.208 - - [23/Apr/2024:09:19:21 +0800] "GET /xingrg/all/function/internal_message.html?_=1713835160758&CODE_STATE=getMsg HTTP/1.1" 200 27
221.239.169.251 - - [23/Apr/2024:09:19:21 +0800] "GET /xingrg/all/function/internal_message.html?_=1713835160001&CODE_STATE=getMsg HTTP/1.1" 200 27
180.164.1.25 - - [23/Apr/2024:09:19:23 +0800] "POST /xingrg/kc/buy/cgsh_order_operate.html HTTP/1.1" 200 2065
180.164.1.25 - - [23/Apr/2024:09:19:31 +0800] "GET /xingrg/kc/buy/cgsh_order_operate.html?command=get_materiel&rest_code=00108&code=00101008230&supplier_code=00100007&order_time=2024-04-23 HTTP/1.1" 200 408
116.224.254.208 - - [23/Apr/2024:09:19:36 +0800] "POST /xingrg/services/DataTransmitService HTTP/1.1" 200 524
116.224.254.208 - - [23/Apr/2024:09:19:37 +0800] "GET /xingrg/javascript/auto/indicator.gif HTTP/1.1" 404 1066
116.224.254.208 - - [23/Apr/2024:09:19:39 +0800] "GET /xingrg/all/function/internal_message.html?_=1713835179240&CODE_STATE=getMsg HTTP/1.1" 200 27
116.224.254.208 - - [23/Apr/2024:09:19:39 +0800] "GET /xingrg/check_reg.html?_=1713835179244 HTTP/1.1" 200 22
180.164.1.25 - - [23/Apr/2024:09:19:40 +0800] "GET /xingrg/kc/buy/cgsh_order_operate.html?command=get_materiel&rest_code=00108&code=00101008403&supplier_code=00100007&order_time=2024-04-23 HTTP/1.1" 200 412
101.83.144.49 - - [23/Apr/2024:09:19:46 +0800] "GET /xingrg/check_reg.html?_=1713835186085 HTTP/1.1" 200 22
116.224.254.208 - - [23/Apr/2024:09:19:46 +0800] "GET /xingrg/kc/buy/cgsh_order_operate.html?command=get_materiel&rest_code=00150&code=00101009124&supplier_code=00100022&order_time=2024-04-23 HTTP/1.1" 200 416
101.83.144.49 - - [23/Apr/2024:09:19:46 +0800] "GET /xingrg/all/function/internal_message.html?_=1713835186180&CODE_STATE=getMsg HTTP/1.1" 200 27
