222.70.244.105 - - [22/Apr/2024:10:43:01 +0800] "GET /xingrg/check_reg.html?_=1713753781881 HTTP/1.1" 302 -
101.83.144.49 - - [22/Apr/2024:10:43:03 +0800] "GET /xingrg/check_reg.html?_=1713753785293 HTTP/1.1" 200 22
101.83.144.49 - - [22/Apr/2024:10:43:03 +0800] "GET /xingrg/all/function/internal_message.html?_=1713753785297&CODE_STATE=getMsg HTTP/1.1" 200 27
116.238.97.31 - - [22/Apr/2024:10:43:04 +0800] "GET /xingrg/all/function/internal_message.html?_=1713753786501&CODE_STATE=getMsg HTTP/1.1" 200 27
61.170.234.72 - - [22/Apr/2024:10:43:05 +0800] "GET /xingrg/all/function/internal_message.html?_=1713753781415&CODE_STATE=getMsg HTTP/1.1" 200 27
116.232.195.13 - - [22/Apr/2024:10:43:16 +0800] "GET /xingrg/check_reg.html?_=1713753787696 HTTP/1.1" 200 22
180.163.28.143 - - [22/Apr/2024:10:43:19 +0800] "GET /xingrg/check_reg.html?_=1713753363151 HTTP/1.1" 302 -
180.163.28.143 - - [22/Apr/2024:10:43:19 +0800] "GET /xingrg/login.html HTTP/1.1" 200 7641
116.224.254.208 - - [22/Apr/2024:10:43:19 +0800] "GET /xingrg/all/function/internal_message.html?_=1713753799040&CODE_STATE=getMsg HTTP/1.1" 200 27
221.239.169.251 - - [22/Apr/2024:10:43:20 +0800] "GET /xingrg/all/function/internal_message.html?_=1713753798861&CODE_STATE=getMsg HTTP/1.1" 200 27
116.224.254.208 - - [22/Apr/2024:10:43:20 +0800] "GET /xingrg/all/function/internal_message.html?_=1713753800062&CODE_STATE=getMsg HTTP/1.1" 200 27
222.70.183.82 - - [22/Apr/2024:10:43:23 +0800] "GET /xingrg/kc/buy/cgsh_order_operate.html?command=get_materiel&rest_code=00111&code=00101009113&supplier_code=00100037&order_time=2024-04-22 HTTP/1.1" 200 413
116.232.195.13 - - [22/Apr/2024:10:43:28 +0800] "GET /xingrg/all/function/internal_message.html?_=1713753799976&CODE_STATE=getMsg HTTP/1.1" 200 27
180.164.1.25 - - [22/Apr/2024:10:43:32 +0800] "GET /xingrg/all/function/internal_message.html?_=1713753811544&CODE_STATE=getMsg HTTP/1.1" 200 27
180.164.1.25 - - [22/Apr/2024:10:43:32 +0800] "GET /xingrg/check_reg.html?_=1713753811574 HTTP/1.1" 200 22
116.232.195.13 - - [22/Apr/2024:10:43:36 +0800] "GET /xingrg/all/function/internal_message.html?_=1713753808253&CODE_STATE=getMsg HTTP/1.1" 200 27
124.78.56.241 - - [22/Apr/2024:10:43:37 +0800] "GET /xingrg/all/function/internal_message.html?_=1713753817413&CODE_STATE=getMsg HTTP/1.1" 200 27
124.78.56.241 - - [22/Apr/2024:10:43:39 +0800] "GET /xingrg/kc/buy/cgsh_order_operate.html?command=get_materiel&rest_code=00141&code=00101020444&supplier_code=00100547&order_time=2024-04-22 HTTP/1.1" 200 410
222.70.183.82 - - [22/Apr/2024:10:43:42 +0800] "GET /xingrg/kc/buy/cgsh_order_operate.html?command=get_materiel&rest_code=00111&code=00101009079&supplier_code=00100037&order_time=2024-04-22 HTTP/1.1" 200 409
222.70.183.82 - - [22/Apr/2024:10:43:45 +0800] "GET /xingrg/all/function/internal_message.html?_=1713753825663&CODE_STATE=getMsg HTTP/1.1" 200 27
120.253.135.82 - - [22/Apr/2024:10:43:47 +0800] "GET /xingrg/all/function/internal_message.html?_=1713753672659&CODE_STATE=getMsg HTTP/1.1" 200 27
222.70.183.82 - - [22/Apr/2024:10:43:51 +0800] "GET /xingrg/kc/buy/cgsh_order_operate.html?command=get_materiel&rest_code=00111&code=00101008123&supplier_code=00100037&order_time=2024-04-22 HTTP/1.1" 200 412
116.232.195.13 - - [22/Apr/2024:10:43:58 +0800] "GET /xingrg/all/function/internal_message.html?_=1713753829264&CODE_STATE=getMsg HTTP/1.1" 200 27
222.69.132.2 - - [22/Apr/2024:10:43:58 +0800] "GET /xingrg/all/function/internal_message.html?_=1713753839454&CODE_STATE=getMsg HTTP/1.1" 200 27
124.78.56.241 - - [22/Apr/2024:10:43:58 +0800] "POST /xingrg/kc/buy/cgsh_order_operate.html HTTP/1.1" 200 37
101.80.230.31 - - [22/Apr/2024:10:43:58 +0800] "GET /xingrg/all/function/internal_message.html?_=1713753839038&CODE_STATE=getMsg HTTP/1.1" 200 27
222.70.183.82 - - [22/Apr/2024:10:44:00 +0800] "GET /xingrg/kc/buy/cgsh_order_operate.html?command=get_materiel&rest_code=00111&code=00101008591&supplier_code=00100037&order_time=2024-04-22 HTTP/1.1" 200 409
101.83.144.49 - - [22/Apr/2024:10:44:03 +0800] "GET /xingrg/all/function/internal_message.html?_=1713753845283&CODE_STATE=getMsg HTTP/1.1" 200 27
116.238.97.31 - - [22/Apr/2024:10:44:04 +0800] "GET /xingrg/all/function/internal_message.html?_=1713753846503&CODE_STATE=getMsg HTTP/1.1" 200 27
116.238.97.31 - - [22/Apr/2024:10:44:04 +0800] "GET /xingrg/check_reg.html?_=1713753846505 HTTP/1.1" 200 22
61.170.234.72 - - [22/Apr/2024:10:44:05 +0800] "GET /xingrg/all/function/internal_message.html?_=1713753841392&CODE_STATE=getMsg HTTP/1.1" 200 27
124.78.56.241 - - [22/Apr/2024:10:44:09 +0800] "POST /xingrg/kc/buy/cgsh_order_operate.html HTTP/1.1" 200 12
222.70.183.82 - - [22/Apr/2024:10:44:10 +0800] "GET /xingrg/kc/buy/cgsh_order_operate.html?command=get_materiel&rest_code=00111&code=00101009107&supplier_code=00100037&order_time=2024-04-22 HTTP/1.1" 200 410
116.224.254.208 - - [22/Apr/2024:10:44:19 +0800] "GET /xingrg/all/function/internal_message.html?_=1713753859060&CODE_STATE=getMsg HTTP/1.1" 200 27
116.224.254.208 - - [22/Apr/2024:10:44:20 +0800] "GET /xingrg/all/function/internal_message.html?_=1713753860039&CODE_STATE=getMsg HTTP/1.1" 200 27
221.239.169.251 - - [22/Apr/2024:10:44:20 +0800] "GET /xingrg/all/function/internal_message.html?_=1713753858864&CODE_STATE=getMsg HTTP/1.1" 200 27
124.78.56.241 - - [22/Apr/2024:10:44:22 +0800] "GET /xingrg/kc/buy/cgsh_order_info.html?code=212024042205895 HTTP/1.1" 200 68897
124.78.56.241 - - [22/Apr/2024:10:44:22 +0800] "GET /xingrg/javascript/easyui/themes/default/validatebox.css HTTP/1.1" 404 1104
222.70.183.82 - - [22/Apr/2024:10:44:25 +0800] "POST /xingrg/kc/buy/cgsh_order_operate.html HTTP/1.1" 200 37
124.78.56.241 - - [22/Apr/2024:10:44:25 +0800] "POST /xingrg/kc/buy/cgsh_order_operate.html HTTP/1.1" 200 605
124.78.56.241 - - [22/Apr/2024:10:44:28 +0800] "GET /xingrg/kc/print/load_data.html?order_code=212024042205895&kc_code=cgsh&condition= HTTP/1.1" 200 679
116.232.195.13 - - [22/Apr/2024:10:44:28 +0800] "GET /xingrg/all/function/internal_message.html?_=1713753859973&CODE_STATE=getMsg HTTP/1.1" 200 27
116.238.97.31 - - [22/Apr/2024:10:44:31 +0800] "GET /xingrg/kc/base/wldb_order_list.html HTTP/1.1" 200 19051
180.164.1.25 - - [22/Apr/2024:10:44:32 +0800] "GET /xingrg/all/function/internal_message.html?_=1713753871551&CODE_STATE=getMsg HTTP/1.1" 200 27
116.238.97.31 - - [22/Apr/2024:10:44:32 +0800] "POST /xingrg/kc/base/wldb_list_operate.html HTTP/1.1" 200 3316
116.238.97.31 - - [22/Apr/2024:10:44:33 +0800] "GET /xingrg/kc/base/wldb_order_add.html HTTP/1.1" 200 30382
116.238.97.31 - - [22/Apr/2024:10:44:33 +0800] "POST /xingrg/kc/base/wldb_order_operate.html HTTP/1.1" 200 6806
116.238.97.31 - - [22/Apr/2024:10:44:33 +0800] "GET /xingrg/javascript/easyui/themes/default/validatebox.css HTTP/1.1" 404 1104
124.78.56.241 - - [22/Apr/2024:10:44:34 +0800] "POST /xingrg/kc/buy/cgsh_order_operate.html HTTP/1.1" 200 8245
124.78.56.241 - - [22/Apr/2024:10:44:34 +0800] "GET /xingrg/javascript/easyui/themes/default/validatebox.css HTTP/1.1" 404 1104
222.70.183.82 - - [22/Apr/2024:10:44:36 +0800] "POST /xingrg/kc/buy/cgsh_order_operate.html HTTP/1.1" 200 5625
116.232.195.13 - - [22/Apr/2024:10:44:36 +0800] "GET /xingrg/all/function/internal_message.html?_=1713753868244&CODE_STATE=getMsg HTTP/1.1" 200 27
124.78.56.241 - - [22/Apr/2024:10:44:37 +0800] "GET /xingrg/all/function/internal_message.html?_=1713753877375&CODE_STATE=getMsg HTTP/1.1" 200 27
116.238.97.31 - - [22/Apr/2024:10:44:37 +0800] "GET /xingrg/javascript/jquery_tools/images/prev.gif HTTP/1.1" 404 1086
116.238.97.31 - - [22/Apr/2024:10:44:37 +0800] "GET /xingrg/javascript/jquery_tools/images/next.gif HTTP/1.1" 404 1086
222.70.183.82 - - [22/Apr/2024:10:44:44 +0800] "GET /xingrg/kc/print/load_config.html?kc_code=cgsh HTTP/1.1" 200 1927
222.70.183.82 - - [22/Apr/2024:10:44:45 +0800] "GET /xingrg/kc/print/load_data.html?order_code=212024042205896&kc_code=cgsh&condition= HTTP/1.1" 200 1859
116.238.97.31 - - [22/Apr/2024:10:44:45 +0800] "POST /xingrg/kc/base/wldb_order_operate.html HTTP/1.1" 200 37
222.70.183.82 - - [22/Apr/2024:10:44:45 +0800] "GET /xingrg/all/function/internal_message.html?_=1713753885684&CODE_STATE=getMsg HTTP/1.1" 200 27
124.78.56.241 - - [22/Apr/2024:10:44:47 +0800] "GET /xingrg/kc/buy/cgsh_order_operate.html?command=get_materiel&rest_code=00141&code=00101001169&supplier_code=00100090&order_time=2024-04-22 HTTP/1.1" 200 417
120.253.135.82 - - [22/Apr/2024:10:44:47 +0800] "GET /xingrg/all/function/internal_message.html?_=1713753732709&CODE_STATE=getMsg HTTP/1.1" 200 27
116.238.97.31 - - [22/Apr/2024:10:44:51 +0800] "POST /xingrg/kc/base/wldb_order_operate.html HTTP/1.1" 200 12
116.238.97.31 - - [22/Apr/2024:10:44:51 +0800] "POST /xingrg/kc/base/wldb_order_operate.html HTTP/1.1" 200 2195
116.238.97.31 - - [22/Apr/2024:10:44:54 +0800] "GET /xingrg/kc/base/wldb_order_info.html?code=422024042201384 HTTP/1.1" 200 26257
116.238.97.31 - - [22/Apr/2024:10:44:55 +0800] "GET /xingrg/javascript/easyui/themes/default/validatebox.css HTTP/1.1" 404 1104
116.238.97.31 - - [22/Apr/2024:10:44:55 +0800] "POST /xingrg/kc/base/wldb_order_operate.html HTTP/1.1" 200 489
116.232.195.13 - - [22/Apr/2024:10:44:58 +0800] "GET /xingrg/all/function/internal_message.html?_=1713753889261&CODE_STATE=getMsg HTTP/1.1" 200 27
222.69.132.2 - - [22/Apr/2024:10:44:58 +0800] "GET /xingrg/all/function/internal_message.html?_=1713753899449&CODE_STATE=getMsg HTTP/1.1" 200 27
222.69.132.2 - - [22/Apr/2024:10:44:58 +0800] "GET /xingrg/check_reg.html?_=1713753899451 HTTP/1.1" 200 22
101.80.230.31 - - [22/Apr/2024:10:44:58 +0800] "GET /xingrg/all/function/internal_message.html?_=1713753899041&CODE_STATE=getMsg HTTP/1.1" 200 27
116.238.97.31 - - [22/Apr/2024:10:44:59 +0800] "GET /xingrg/kc/base/wldb_order_add.html HTTP/1.1" 200 30382
116.238.97.31 - - [22/Apr/2024:10:45:00 +0800] "GET /xingrg/javascript/easyui/themes/default/validatebox.css HTTP/1.1" 404 1104
116.238.97.31 - - [22/Apr/2024:10:45:00 +0800] "POST /xingrg/kc/base/wldb_order_operate.html HTTP/1.1" 200 6806
101.83.144.49 - - [22/Apr/2024:10:45:03 +0800] "GET /xingrg/all/function/internal_message.html?_=1713753905283&CODE_STATE=getMsg HTTP/1.1" 200 27
116.238.97.31 - - [22/Apr/2024:10:45:04 +0800] "GET /xingrg/all/function/internal_message.html?_=1713753906509&CODE_STATE=getMsg HTTP/1.1" 200 27
61.170.234.72 - - [22/Apr/2024:10:45:05 +0800] "GET /xingrg/all/function/internal_message.html?_=1713753901361&CODE_STATE=getMsg HTTP/1.1" 200 27
180.163.28.180 - - [22/Apr/2024:10:45:06 +0800] "GET /xingrg/all/function/internal_message.html?_=1713753181657&CODE_STATE=getMsg HTTP/1.1" 302 -
180.163.28.180 - - [22/Apr/2024:10:45:06 +0800] "GET /xingrg/login.html HTTP/1.1" 200 7641
180.163.29.79 - - [22/Apr/2024:10:45:07 +0800] "GET /xingrg/all/function/internal_message.html?_=1713753361585&CODE_STATE=getMsg HTTP/1.1" 302 -
180.163.29.79 - - [22/Apr/2024:10:45:07 +0800] "GET /xingrg/login.html HTTP/1.1" 200 7641
180.163.28.55 - - [22/Apr/2024:10:45:09 +0800] "GET /xingrg/all/function/internal_message.html?_=1713753241644&CODE_STATE=getMsg HTTP/1.1" 302 -
180.163.28.55 - - [22/Apr/2024:10:45:09 +0800] "GET /xingrg/login.html HTTP/1.1" 200 7641
222.70.183.82 - - [22/Apr/2024:10:45:10 +0800] "GET /xingrg/kc/buy/cgsh_order_add.html HTTP/1.1" 200 73989
222.70.183.82 - - [22/Apr/2024:10:45:10 +0800] "POST /xingrg/kc/buy/cgsh_order_operate.html HTTP/1.1" 200 8245
222.70.183.82 - - [22/Apr/2024:10:45:10 +0800] "GET /xingrg/javascript/easyui/themes/default/validatebox.css HTTP/1.1" 404 1104
116.238.97.31 - - [22/Apr/2024:10:45:11 +0800] "GET /xingrg/kc/base/wldb_order_operate.html?command=get_materiel&rest_code=00102&base_code=0010477&code=00102002448 HTTP/1.1" 200 439
124.78.56.241 - - [22/Apr/2024:10:45:14 +0800] "GET /xingrg/kc/buy/cgsh_order_operate.html?command=get_materiel&rest_code=00141&code=00101001037&supplier_code=00100090&order_time=2024-04-22 HTTP/1.1" 200 418
116.238.97.31 - - [22/Apr/2024:10:45:15 +0800] "GET /xingrg/kc/base/wldb_order_operate.html?command=get_materiel&rest_code=00102&base_code=0010477&code=00102004006 HTTP/1.1" 200 442
116.224.254.208 - - [22/Apr/2024:10:45:19 +0800] "GET /xingrg/all/function/internal_message.html?_=1713753919061&CODE_STATE=getMsg HTTP/1.1" 200 27
116.224.254.208 - - [22/Apr/2024:10:45:20 +0800] "GET /xingrg/all/function/internal_message.html?_=1713753920022&CODE_STATE=getMsg HTTP/1.1" 200 27
221.239.169.251 - - [22/Apr/2024:10:45:20 +0800] "GET /xingrg/all/function/internal_message.html?_=1713753918854&CODE_STATE=getMsg HTTP/1.1" 200 27
221.239.169.251 - - [22/Apr/2024:10:45:20 +0800] "GET /xingrg/check_reg.html?_=1713753918857 HTTP/1.1" 200 22
180.163.29.206 - - [22/Apr/2024:10:45:21 +0800] "GET /xingrg/all/function/internal_message.html?_=1713753481538&CODE_STATE=getMsg HTTP/1.1" 302 -
180.163.29.206 - - [22/Apr/2024:10:45:21 +0800] "GET /xingrg/login.html HTTP/1.1" 200 7641
116.238.97.31 - - [22/Apr/2024:10:45:21 +0800] "POST /xingrg/kc/base/wldb_order_operate.html HTTP/1.1" 200 37
124.78.56.241 - - [22/Apr/2024:10:45:26 +0800] "GET /xingrg/kc/buy/cgsh_order_operate.html?command=get_materiel&rest_code=00141&code=00101001140&supplier_code=00100090&order_time=2024-04-22 HTTP/1.1" 200 415
116.238.97.31 - - [22/Apr/2024:10:45:27 +0800] "POST /xingrg/kc/base/wldb_order_operate.html HTTP/1.1" 200 12
116.238.97.31 - - [22/Apr/2024:10:45:27 +0800] "POST /xingrg/kc/base/wldb_order_operate.html HTTP/1.1" 200 2668
116.232.195.13 - - [22/Apr/2024:10:45:28 +0800] "GET /xingrg/all/function/internal_message.html?_=1713753919949&CODE_STATE=getMsg HTTP/1.1" 200 27
116.238.97.31 - - [22/Apr/2024:10:45:28 +0800] "GET /xingrg/kc/base/wldb_order_info.html?code=422024042201385 HTTP/1.1" 200 26260
116.238.97.31 - - [22/Apr/2024:10:45:29 +0800] "GET /xingrg/javascript/easyui/themes/default/validatebox.css HTTP/1.1" 404 1104
116.238.97.31 - - [22/Apr/2024:10:45:29 +0800] "POST /xingrg/kc/base/wldb_order_operate.html HTTP/1.1" 200 952
116.238.97.31 - - [22/Apr/2024:10:45:30 +0800] "GET /xingrg/kc/base/wldb_order_add.html HTTP/1.1" 200 30382
116.238.97.31 - - [22/Apr/2024:10:45:31 +0800] "POST /xingrg/kc/base/wldb_order_operate.html HTTP/1.1" 200 6806
116.238.97.31 - - [22/Apr/2024:10:45:31 +0800] "GET /xingrg/javascript/easyui/themes/default/validatebox.css HTTP/1.1" 404 1104
180.164.1.25 - - [22/Apr/2024:10:45:32 +0800] "GET /xingrg/all/function/internal_message.html?_=1713753931556&CODE_STATE=getMsg HTTP/1.1" 200 27
124.78.56.241 - - [22/Apr/2024:10:45:36 +0800] "GET /xingrg/kc/buy/cgsh_order_operate.html?command=get_materiel&rest_code=00141&code=00101001324&supplier_code=00100090&order_time=2024-04-22 HTTP/1.1" 200 402
116.232.195.13 - - [22/Apr/2024:10:45:36 +0800] "GET /xingrg/all/function/internal_message.html?_=1713753928255&CODE_STATE=getMsg HTTP/1.1" 200 27
116.232.195.13 - - [22/Apr/2024:10:45:37 +0800] "GET /xingrg/check_reg.html?_=1713753928258 HTTP/1.1" 200 22
124.78.56.241 - - [22/Apr/2024:10:45:37 +0800] "GET /xingrg/all/function/internal_message.html?_=1713753937355&CODE_STATE=getMsg HTTP/1.1" 200 27
101.83.144.49 - - [22/Apr/2024:10:45:38 +0800] "GET /xingrg/kc/buy/cgsh_order_add.html HTTP/1.1" 200 74116
101.83.144.49 - - [22/Apr/2024:10:45:39 +0800] "GET /xingrg/javascript/easyui/themes/default/validatebox.css HTTP/1.1" 404 1104
101.83.144.49 - - [22/Apr/2024:10:45:39 +0800] "POST /xingrg/kc/buy/cgsh_order_operate.html HTTP/1.1" 200 8245
116.238.97.31 - - [22/Apr/2024:10:45:39 +0800] "GET /xingrg/kc/base/wldb_order_operate.html?command=get_materiel&rest_code=00102&base_code=0010477&code=00102034154 HTTP/1.1" 200 439
116.232.195.13 - - [22/Apr/2024:10:45:42 +0800] "GET /xingrg/check_reg.html?_=1713753933601 HTTP/1.1" 200 22
101.83.144.49 - - [22/Apr/2024:10:45:42 +0800] "GET /xingrg/javascript/auto/indicator.gif HTTP/1.1" 404 1066
116.238.97.31 - - [22/Apr/2024:10:45:44 +0800] "GET /xingrg/kc/base/wldb_order_operate.html?command=get_materiel&rest_code=00102&base_code=0010477&code=00102004026 HTTP/1.1" 200 442
222.70.183.82 - - [22/Apr/2024:10:45:45 +0800] "GET /xingrg/all/function/internal_message.html?_=1713753945710&CODE_STATE=getMsg HTTP/1.1" 200 27
101.80.230.31 - - [22/Apr/2024:10:45:46 +0800] "POST /xingrg/services/DataTransmitService HTTP/1.1" 200 524
101.80.230.31 - - [22/Apr/2024:10:45:47 +0800] "POST /xingrg/services/DataTransmitService HTTP/1.1" 200 412
120.253.135.82 - - [22/Apr/2024:10:45:47 +0800] "GET /xingrg/all/function/internal_message.html?_=1713753792716&CODE_STATE=getMsg HTTP/1.1" 200 27
124.78.56.241 - - [22/Apr/2024:10:45:49 +0800] "POST /xingrg/kc/buy/cgsh_order_operate.html HTTP/1.1" 200 37
116.238.97.31 - - [22/Apr/2024:10:45:50 +0800] "POST /xingrg/kc/base/wldb_order_operate.html HTTP/1.1" 200 37
116.238.97.31 - - [22/Apr/2024:10:45:51 +0800] "POST /xingrg/kc/base/wldb_order_operate.html HTTP/1.1" 200 2682
124.78.56.241 - - [22/Apr/2024:10:45:57 +0800] "POST /xingrg/kc/buy/cgsh_order_operate.html HTTP/1.1" 200 12
116.232.195.13 - - [22/Apr/2024:10:45:57 +0800] "GET /xingrg/all/function/internal_message.html?_=1713753949242&CODE_STATE=getMsg HTTP/1.1" 200 27
222.69.132.2 - - [22/Apr/2024:10:45:58 +0800] "GET /xingrg/all/function/internal_message.html?_=1713753959457&CODE_STATE=getMsg HTTP/1.1" 200 27
101.80.230.31 - - [22/Apr/2024:10:45:58 +0800] "GET /xingrg/all/function/internal_message.html?_=1713753959044&CODE_STATE=getMsg HTTP/1.1" 200 27
124.78.56.241 - - [22/Apr/2024:10:46:00 +0800] "GET /xingrg/kc/buy/cgsh_order_info.html?code=212024042205897 HTTP/1.1" 200 68909
124.78.56.241 - - [22/Apr/2024:10:46:00 +0800] "GET /xingrg/check_reg.html?_=1713753960436 HTTP/1.1" 200 22
124.78.56.241 - - [22/Apr/2024:10:46:00 +0800] "GET /xingrg/javascript/easyui/themes/default/validatebox.css HTTP/1.1" 404 1104
124.78.56.241 - - [22/Apr/2024:10:46:02 +0800] "POST /xingrg/kc/buy/cgsh_order_operate.html HTTP/1.1" 200 2411
116.238.97.31 - - [22/Apr/2024:10:46:02 +0800] "POST /xingrg/kc/base/wldb_order_operate.html HTTP/1.1" 200 12
101.83.144.49 - - [22/Apr/2024:10:46:03 +0800] "GET /xingrg/all/function/internal_message.html?_=1713753965329&CODE_STATE=getMsg HTTP/1.1" 200 27
124.78.56.241 - - [22/Apr/2024:10:46:03 +0800] "GET /xingrg/kc/print/load_data.html?order_code=212024042205897&kc_code=cgsh&condition= HTTP/1.1" 200 1479
116.238.97.31 - - [22/Apr/2024:10:46:03 +0800] "GET /xingrg/kc/base/wldb_order_info.html?code=422024042201386 HTTP/1.1" 200 26260
116.238.97.31 - - [22/Apr/2024:10:46:04 +0800] "GET /xingrg/all/function/internal_message.html?_=1713753966595&CODE_STATE=getMsg HTTP/1.1" 200 27
116.238.97.31 - - [22/Apr/2024:10:46:04 +0800] "GET /xingrg/javascript/easyui/themes/default/validatebox.css HTTP/1.1" 404 1104
116.238.97.31 - - [22/Apr/2024:10:46:04 +0800] "POST /xingrg/kc/base/wldb_order_operate.html HTTP/1.1" 200 966
61.170.234.72 - - [22/Apr/2024:10:46:05 +0800] "GET /xingrg/all/function/internal_message.html?_=1713753961334&CODE_STATE=getMsg HTTP/1.1" 200 27
116.238.97.31 - - [22/Apr/2024:10:46:05 +0800] "GET /xingrg/kc/base/wldb_order_add.html HTTP/1.1" 200 30382
116.238.97.31 - - [22/Apr/2024:10:46:06 +0800] "POST /xingrg/kc/base/wldb_order_operate.html HTTP/1.1" 200 6806
116.238.97.31 - - [22/Apr/2024:10:46:06 +0800] "GET /xingrg/javascript/easyui/themes/default/validatebox.css HTTP/1.1" 404 1104
61.170.234.72 - - [22/Apr/2024:10:46:06 +0800] "GET /xingrg/check_reg.html?_=1713753963179 HTTP/1.1" 200 22
222.70.183.82 - - [22/Apr/2024:10:46:09 +0800] "GET /xingrg/kc/buy/cgsh_order_operate.html?command=get_materiel&rest_code=00111&code=00101002016&supplier_code=00100199&order_time=2024-04-22 HTTP/1.1" 200 413
124.78.56.241 - - [22/Apr/2024:10:46:09 +0800] "POST /xingrg/kc/buy/cgsh_order_operate.html HTTP/1.1" 200 8245
124.78.56.241 - - [22/Apr/2024:10:46:09 +0800] "GET /xingrg/javascript/easyui/themes/default/validatebox.css HTTP/1.1" 404 1104
116.238.97.31 - - [22/Apr/2024:10:46:12 +0800] "GET /xingrg/kc/base/wldb_order_operate.html?command=get_materiel&rest_code=00102&base_code=0010477&code=00102002347 HTTP/1.1" 200 457
116.238.97.31 - - [22/Apr/2024:10:46:18 +0800] "POST /xingrg/kc/base/wldb_order_operate.html HTTP/1.1" 200 37
116.238.97.31 - - [22/Apr/2024:10:46:18 +0800] "POST /xingrg/kc/base/wldb_order_operate.html HTTP/1.1" 200 2207
116.224.254.208 - - [22/Apr/2024:10:46:19 +0800] "GET /xingrg/all/function/internal_message.html?_=1713753979053&CODE_STATE=getMsg HTTP/1.1" 200 27
116.224.254.208 - - [22/Apr/2024:10:46:19 +0800] "GET /xingrg/check_reg.html?_=1713753979056 HTTP/1.1" 200 22
116.224.254.208 - - [22/Apr/2024:10:46:20 +0800] "GET /xingrg/all/function/internal_message.html?_=1713753979996&CODE_STATE=getMsg HTTP/1.1" 200 27
221.239.169.251 - - [22/Apr/2024:10:46:20 +0800] "GET /xingrg/all/function/internal_message.html?_=1713753978863&CODE_STATE=getMsg HTTP/1.1" 200 27
116.238.97.31 - - [22/Apr/2024:10:46:20 +0800] "GET /xingrg/kc/base/wldb_order_info.html?code=422024042201387 HTTP/1.1" 200 30396
116.238.97.31 - - [22/Apr/2024:10:46:21 +0800] "GET /xingrg/javascript/easyui/themes/default/validatebox.css HTTP/1.1" 404 1104
116.238.97.31 - - [22/Apr/2024:10:46:21 +0800] "POST /xingrg/kc/base/wldb_order_operate.html HTTP/1.1" 200 2207
124.78.56.241 - - [22/Apr/2024:10:46:23 +0800] "GET /xingrg/kc/buy/cgsh_order_operate.html?command=get_materiel&rest_code=00141&code=00101002041&supplier_code=00100442&order_time=2024-04-22 HTTP/1.1" 200 409
116.238.97.31 - - [22/Apr/2024:10:46:24 +0800] "POST /xingrg/kc/base/wldb_list_operate.html HTTP/1.1" 200 3709
116.238.97.31 - - [22/Apr/2024:10:46:26 +0800] "POST /xingrg/kc/base/wldb_list_operate.html HTTP/1.1" 200 212
222.70.183.82 - - [22/Apr/2024:10:46:28 +0800] "GET /xingrg/kc/buy/cgsh_order_operate.html?command=get_materiel&rest_code=00111&code=00101002027&supplier_code=00100199&order_time=2024-04-22 HTTP/1.1" 200 434
116.232.195.13 - - [22/Apr/2024:10:46:28 +0800] "GET /xingrg/all/function/internal_message.html?_=1713753979938&CODE_STATE=getMsg HTTP/1.1" 200 27
180.164.1.25 - - [22/Apr/2024:10:46:32 +0800] "GET /xingrg/all/function/internal_message.html?_=1713753991549&CODE_STATE=getMsg HTTP/1.1" 200 27
116.238.97.31 - - [22/Apr/2024:10:46:33 +0800] "POST /xingrg/kc/base/wldb_list_operate.html HTTP/1.1" 200 4
116.238.97.31 - - [22/Apr/2024:10:46:36 +0800] "POST /xingrg/kc/base/wldb_list_operate.html HTTP/1.1" 200 3316
116.232.195.13 - - [22/Apr/2024:10:46:37 +0800] "GET /xingrg/all/function/internal_message.html?_=1713753988257&CODE_STATE=getMsg HTTP/1.1" 200 27
124.78.56.241 - - [22/Apr/2024:10:46:37 +0800] "GET /xingrg/all/function/internal_message.html?_=1713753997579&CODE_STATE=getMsg HTTP/1.1" 200 27
116.238.97.31 - - [22/Apr/2024:10:46:39 +0800] "GET /xingrg/kc/buy/cgsh_order_list.html HTTP/1.1" 200 58221
124.78.56.241 - - [22/Apr/2024:10:46:41 +0800] "GET /xingrg/kc/buy/cgsh_order_operate.html?command=get_materiel&rest_code=00141&code=00101002027&supplier_code=00100442&order_time=2024-04-22 HTTP/1.1" 200 434
120.253.135.82 - - [22/Apr/2024:10:46:45 +0800] "GET /xingrg/check_reg.html?_=1713753849994 HTTP/1.1" 200 22
116.238.97.31 - - [22/Apr/2024:10:46:45 +0800] "POST /xingrg/kc/buy/cgsh_list_operate.html HTTP/1.1" 200 1660
222.70.183.82 - - [22/Apr/2024:10:46:45 +0800] "GET /xingrg/check_reg.html?_=1713754005669 HTTP/1.1" 200 22
222.70.183.82 - - [22/Apr/2024:10:46:45 +0800] "GET /xingrg/all/function/internal_message.html?_=1713754005679&CODE_STATE=getMsg HTTP/1.1" 200 27
120.253.135.82 - - [22/Apr/2024:10:46:47 +0800] "GET /xingrg/all/function/internal_message.html?_=1713753852731&CODE_STATE=getMsg HTTP/1.1" 200 27
222.70.183.82 - - [22/Apr/2024:10:46:56 +0800] "GET /xingrg/kc/buy/cgsh_order_operate.html?command=get_materiel&rest_code=00111&code=00101001069&supplier_code=00100199&order_time=2024-04-22 HTTP/1.1" 200 409
116.232.195.13 - - [22/Apr/2024:10:46:57 +0800] "GET /xingrg/all/function/internal_message.html?_=1713754009227&CODE_STATE=getMsg HTTP/1.1" 200 27
222.69.132.2 - - [22/Apr/2024:10:46:58 +0800] "GET /xingrg/all/function/internal_message.html?_=1713754019446&CODE_STATE=getMsg HTTP/1.1" 200 27
101.80.230.31 - - [22/Apr/2024:10:46:58 +0800] "GET /xingrg/all/function/internal_message.html?_=1713754019046&CODE_STATE=getMsg HTTP/1.1" 200 27
101.80.230.31 - - [22/Apr/2024:10:46:58 +0800] "GET /xingrg/check_reg.html?_=1713754019047 HTTP/1.1" 200 22
101.83.144.49 - - [22/Apr/2024:10:47:03 +0800] "GET /xingrg/all/function/internal_message.html?_=1713754025305&CODE_STATE=getMsg HTTP/1.1" 200 27
116.238.97.31 - - [22/Apr/2024:10:47:04 +0800] "GET /xingrg/all/function/internal_message.html?_=1713754026573&CODE_STATE=getMsg HTTP/1.1" 200 27
61.170.234.72 - - [22/Apr/2024:10:47:05 +0800] "GET /xingrg/all/function/internal_message.html?_=1713754021308&CODE_STATE=getMsg HTTP/1.1" 200 27
222.70.183.82 - - [22/Apr/2024:10:47:13 +0800] "GET /xingrg/kc/buy/cgsh_order_operate.html?command=get_materiel&rest_code=00111&code=00101002022&supplier_code=00100199&order_time=2024-04-22 HTTP/1.1" 200 432
180.163.29.103 - - [22/Apr/2024:10:47:15 +0800] "GET /xingrg/all/function/internal_message.html?_=1713751262389&CODE_STATE=getMsg HTTP/1.1" 302 -
180.163.29.103 - - [22/Apr/2024:10:47:15 +0800] "GET /xingrg/login.html HTTP/1.1" 200 7641
180.163.29.103 - - [22/Apr/2024:10:47:15 +0800] "GET /xingrg/all/function/internal_message.html?_=1713753541511&CODE_STATE=getMsg HTTP/1.1" 302 -
180.163.29.103 - - [22/Apr/2024:10:47:15 +0800] "GET /xingrg/login.html HTTP/1.1" 200 7641
180.163.28.114 - - [22/Apr/2024:10:47:16 +0800] "GET /xingrg/check_reg.html?_=1713753663174 HTTP/1.1" 302 -
180.163.28.114 - - [22/Apr/2024:10:47:16 +0800] "GET /xingrg/login.html HTTP/1.1" 200 7641
116.224.254.208 - - [22/Apr/2024:10:47:19 +0800] "GET /xingrg/all/function/internal_message.html?_=1713754039045&CODE_STATE=getMsg HTTP/1.1" 200 27
116.224.254.208 - - [22/Apr/2024:10:47:20 +0800] "GET /xingrg/all/function/internal_message.html?_=1713754039982&CODE_STATE=getMsg HTTP/1.1" 200 27
221.239.169.251 - - [22/Apr/2024:10:47:20 +0800] "GET /xingrg/all/function/internal_message.html?_=1713754038866&CODE_STATE=getMsg HTTP/1.1" 200 27
116.224.254.208 - - [22/Apr/2024:10:47:21 +0800] "GET /xingrg/check_reg.html?_=1713754041188 HTTP/1.1" 200 22
116.232.195.13 - - [22/Apr/2024:10:47:28 +0800] "GET /xingrg/all/function/internal_message.html?_=1713754039919&CODE_STATE=getMsg HTTP/1.1" 200 27
222.70.183.82 - - [22/Apr/2024:10:47:28 +0800] "POST /xingrg/kc/buy/cgsh_order_operate.html HTTP/1.1" 200 37
124.78.56.241 - - [22/Apr/2024:10:47:28 +0800] "GET /xingrg/kc/buy/cgsh_order_operate.html?command=get_materiel&rest_code=00141&code=00101005009&supplier_code=00100442&order_time=2024-04-22 HTTP/1.1" 200 417
222.70.183.82 - - [22/Apr/2024:10:47:31 +0800] "POST /xingrg/kc/buy/cgsh_order_operate.html HTTP/1.1" 200 4437
180.164.1.25 - - [22/Apr/2024:10:47:32 +0800] "GET /xingrg/all/function/internal_message.html?_=1713754051545&CODE_STATE=getMsg HTTP/1.1" 200 27
222.70.183.82 - - [22/Apr/2024:10:47:34 +0800] "GET /xingrg/kc/print/load_data.html?order_code=212024042205898&kc_code=cgsh&condition= HTTP/1.1" 200 1342
116.232.195.13 - - [22/Apr/2024:10:47:37 +0800] "GET /xingrg/all/function/internal_message.html?_=1713754048254&CODE_STATE=getMsg HTTP/1.1" 200 27
124.78.56.241 - - [22/Apr/2024:10:47:37 +0800] "GET /xingrg/all/function/internal_message.html?_=1713754057557&CODE_STATE=getMsg HTTP/1.1" 200 27
124.78.56.241 - - [22/Apr/2024:10:47:41 +0800] "GET /xingrg/kc/buy/cgsh_order_operate.html?command=get_materiel&rest_code=00141&code=00101001060&supplier_code=00100442&order_time=2024-04-22 HTTP/1.1" 200 421
222.70.183.82 - - [22/Apr/2024:10:47:45 +0800] "GET /xingrg/all/function/internal_message.html?_=1713754065681&CODE_STATE=getMsg HTTP/1.1" 200 27
222.70.183.82 - - [22/Apr/2024:10:47:46 +0800] "GET /xingrg/kc/buy/cgsh_order_add.html HTTP/1.1" 200 73989
222.70.183.82 - - [22/Apr/2024:10:47:46 +0800] "POST /xingrg/kc/buy/cgsh_order_operate.html HTTP/1.1" 200 8245
222.70.183.82 - - [22/Apr/2024:10:47:46 +0800] "GET /xingrg/javascript/easyui/themes/default/validatebox.css HTTP/1.1" 404 1104
101.83.144.49 - - [22/Apr/2024:10:47:46 +0800] "GET /xingrg/kc/buy/cgsh_order_operate.html?command=get_materiel&rest_code=00105&code=00101003041&supplier_code=00100094&order_time=2024-04-22 HTTP/1.1" 200 415
116.224.254.208 - - [22/Apr/2024:10:47:47 +0800] "POST /xingrg/all/user/operate.html HTTP/1.1" 200 36
116.224.254.208 - - [22/Apr/2024:10:47:47 +0800] "GET /xingrg/index.html?sysBaseUrl=http%3A%2F%2F180.169.147.146%3A18081%2Fxingrg%2F&costTime=1053×tamp=1713749010028 HTTP/1.1" 200 17177
116.224.254.208 - - [22/Apr/2024:10:47:47 +0800] "GET /xingrg/javascript/jquery_easy_ui/themes/default/easyui.css HTTP/1.1" 304 -
116.224.254.208 - - [22/Apr/2024:10:47:47 +0800] "GET /xingrg/javascript/jquery_easy_ui/themes/icon.css HTTP/1.1" 304 -
116.224.254.208 - - [22/Apr/2024:10:47:47 +0800] "GET /xingrg/css/form.css HTTP/1.1" 304 -
116.224.254.208 - - [22/Apr/2024:10:47:47 +0800] "GET /xingrg/javascript/jquery-1.4.2.min.js HTTP/1.1" 304 -
116.224.254.208 - - [22/Apr/2024:10:47:47 +0800] "GET /xingrg/javascript/jquery_easy_ui/jquery.easyui.min.js HTTP/1.1" 304 -
116.224.254.208 - - [22/Apr/2024:10:47:47 +0800] "GET /xingrg/javascript/jquery_easy_ui/easyui-lang-zh_CN.js HTTP/1.1" 304 -
116.224.254.208 - - [22/Apr/2024:10:47:47 +0800] "GET /xingrg/javascript/jquery.form.js HTTP/1.1" 304 -
116.224.254.208 - - [22/Apr/2024:10:47:47 +0800] "GET /xingrg/javascript/jquery.utils.js HTTP/1.1" 304 -
116.224.254.208 - - [22/Apr/2024:10:47:47 +0800] "GET /xingrg/javascript/jquery.timers.js HTTP/1.1" 304 -
116.224.254.208 - - [22/Apr/2024:10:47:47 +0800] "GET /xingrg/images/blue/jxLogo.png HTTP/1.1" 304 -
116.224.254.208 - - [22/Apr/2024:10:47:47 +0800] "GET /xingrg/javascript/jquery_easy_ui/themes/icons/settle_new.png HTTP/1.1" 304 -
116.224.254.208 - - [22/Apr/2024:10:47:47 +0800] "GET /xingrg/images/blue/navBackgound.jpg HTTP/1.1" 304 -
116.224.254.208 - - [22/Apr/2024:10:47:47 +0800] "GET /xingrg/all/function/internal_message.html?_=1713754067454&CODE_STATE=count HTTP/1.1" 200 11
116.224.254.208 - - [22/Apr/2024:10:47:47 +0800] "GET /xingrg/check_reg.html?_=1713754067455 HTTP/1.1" 200 22
116.224.254.208 - - [22/Apr/2024:10:47:47 +0800] "GET /xingrg/javascript/jquery_easy_ui/themes/default/images/tabs_rightarrow.png HTTP/1.1" 304 -
116.224.254.208 - - [22/Apr/2024:10:47:47 +0800] "GET /xingrg/javascript/jquery_easy_ui/themes/default/images/panel_tool_collapse.gif HTTP/1.1" 304 -
116.224.254.208 - - [22/Apr/2024:10:47:47 +0800] "GET /xingrg/javascript/jquery_easy_ui/themes/default/images/tabs_leftarrow.png HTTP/1.1" 304 -
116.224.254.208 - - [22/Apr/2024:10:47:47 +0800] "GET /xingrg/images/blue/pingpu.png HTTP/1.1" 304 -
116.224.254.208 - - [22/Apr/2024:10:47:47 +0800] "POST /xingrg/all/common/load_tree.html?tree=area_rest_tree_json&manage=1 HTTP/1.1" 200 476
116.224.254.208 - - [22/Apr/2024:10:47:47 +0800] "POST /xingrg/load_menu.html HTTP/1.1" 200 5138
120.253.135.82 - - [22/Apr/2024:10:47:47 +0800] "GET /xingrg/all/function/internal_message.html?_=1713753912749&CODE_STATE=getMsg HTTP/1.1" 200 27
116.224.254.208 - - [22/Apr/2024:10:47:49 +0800] "GET /xingrg/kc/base/yddb_order_list.html HTTP/1.1" 200 16660
116.224.254.208 - - [22/Apr/2024:10:47:50 +0800] "POST /xingrg/kc/base/yddb_list_operate.html HTTP/1.1" 200 636
116.224.254.208 - - [22/Apr/2024:10:47:51 +0800] "GET /xingrg/kc/base/yddb_order_add.html HTTP/1.1" 200 30041
116.224.254.208 - - [22/Apr/2024:10:47:51 +0800] "GET /xingrg/dwr/interface/AjaxComOrderService.js HTTP/1.1" 200 18264
116.224.254.208 - - [22/Apr/2024:10:47:51 +0800] "GET /xingrg/dwr/interface/AjaxYddbService.js HTTP/1.1" 200 13201
116.224.254.208 - - [22/Apr/2024:10:47:51 +0800] "GET /xingrg/dwr/engine.js HTTP/1.1" 200 43631
116.224.254.208 - - [22/Apr/2024:10:47:54 +0800] "POST /xingrg/dwr/call/plaincall/AjaxYddbService.getRestBases.dwr HTTP/1.1" 200 1649
116.232.195.13 - - [22/Apr/2024:10:47:57 +0800] "GET /xingrg/all/function/internal_message.html?_=1713754069226&CODE_STATE=getMsg HTTP/1.1" 200 27
222.69.132.2 - - [22/Apr/2024:10:47:58 +0800] "GET /xingrg/all/function/internal_message.html?_=1713754079466&CODE_STATE=getMsg HTTP/1.1" 200 27
101.80.230.31 - - [22/Apr/2024:10:47:58 +0800] "GET /xingrg/all/function/internal_message.html?_=1713754079049&CODE_STATE=getMsg HTTP/1.1" 200 27
116.224.254.208 - - [22/Apr/2024:10:47:59 +0800] "POST /xingrg/dwr/call/plaincall/AjaxYddbService.saveOrder.dwr HTTP/1.1" 200 78
222.70.183.82 - - [22/Apr/2024:10:47:59 +0800] "GET /xingrg/kc/buy/cgsh_order_operate.html?command=get_materiel&rest_code=00111&code=00101007184&supplier_code=00100096&order_time=2024-04-22 HTTP/1.1" 200 409
116.224.254.208 - - [22/Apr/2024:10:47:59 +0800] "GET /xingrg/images/yd/bt.gif HTTP/1.1" 404 1040
124.78.56.241 - - [22/Apr/2024:10:48:00 +0800] "GET /xingrg/kc/buy/cgsh_order_operate.html?command=get_materiel&rest_code=00141&code=00101002048&supplier_code=00100442&order_time=2024-04-22 HTTP/1.1" 200 432
222.70.244.105 - - [22/Apr/2024:10:48:01 +0800] "GET /xingrg/check_reg.html?_=1713754081934 HTTP/1.1" 302 -
116.224.254.208 - - [22/Apr/2024:10:48:01 +0800] "POST /xingrg/dwr/call/plaincall/AjaxComOrderService.getMaterielSearchList.dwr HTTP/1.1" 200 185704
116.224.254.208 - - [22/Apr/2024:10:48:02 +0800] "POST /xingrg/dwr/call/plaincall/AjaxComOrderService.getMaterielSearchList.dwr HTTP/1.1" 200 2509
101.83.144.49 - - [22/Apr/2024:10:48:03 +0800] "GET /xingrg/check_reg.html?_=1713754085307 HTTP/1.1" 200 22
101.83.144.49 - - [22/Apr/2024:10:48:03 +0800] "GET /xingrg/all/function/internal_message.html?_=1713754085312&CODE_STATE=getMsg HTTP/1.1" 200 27
116.238.97.31 - - [22/Apr/2024:10:48:04 +0800] "GET /xingrg/all/function/internal_message.html?_=1713754086567&CODE_STATE=getMsg HTTP/1.1" 200 27
116.224.254.208 - - [22/Apr/2024:10:48:04 +0800] "POST /xingrg/dwr/call/plaincall/AjaxYddbService.getMaterielByMap.dwr HTTP/1.1" 200 2329
61.170.234.72 - - [22/Apr/2024:10:48:05 +0800] "GET /xingrg/all/function/internal_message.html?_=1713754081277&CODE_STATE=getMsg HTTP/1.1" 200 27
116.224.254.208 - - [22/Apr/2024:10:48:08 +0800] "POST /xingrg/dwr/call/plaincall/AjaxYddbService.saveMaterielItem.dwr HTTP/1.1" 200 78
116.232.195.13 - - [22/Apr/2024:10:48:12 +0800] "POST /xingrg/services/DataTransmitService HTTP/1.1" 200 524
124.78.56.241 - - [22/Apr/2024:10:48:15 +0800] "POST /xingrg/kc/buy/cgsh_order_operate.html HTTP/1.1" 200 37
116.232.195.13 - - [22/Apr/2024:10:48:16 +0800] "GET /xingrg/check_reg.html?_=1713754087675 HTTP/1.1" 200 22
116.224.254.208 - - [22/Apr/2024:10:48:19 +0800] "POST /xingrg/dwr/call/plaincall/AjaxYddbService.checkOrder.dwr HTTP/1.1" 200 78
116.224.254.208 - - [22/Apr/2024:10:48:20 +0800] "GET /xingrg/all/function/internal_message.html?_=1713754099967&CODE_STATE=getMsg HTTP/1.1" 200 27
221.239.169.251 - - [22/Apr/2024:10:48:20 +0800] "GET /xingrg/all/function/internal_message.html?_=1713754098854&CODE_STATE=getMsg HTTP/1.1" 200 27
116.224.254.208 - - [22/Apr/2024:10:48:24 +0800] "GET /xingrg/kc/base/yddb_order_info.html?code=482024042200138 HTTP/1.1" 200 31396
116.224.254.208 - - [22/Apr/2024:10:48:24 +0800] "GET /xingrg/dwr/interface/AjaxComOrderService.js HTTP/1.1" 200 18264
116.224.254.208 - - [22/Apr/2024:10:48:24 +0800] "GET /xingrg/dwr/interface/AjaxYddbService.js HTTP/1.1" 200 13201
116.224.254.208 - - [22/Apr/2024:10:48:24 +0800] "GET /xingrg/dwr/engine.js HTTP/1.1" 200 43631
116.224.254.208 - - [22/Apr/2024:10:48:25 +0800] "POST /xingrg/dwr/call/plaincall/AjaxYddbService.loadMaterielItems.dwr HTTP/1.1" 200 425
101.83.144.49 - - [22/Apr/2024:10:48:25 +0800] "POST /xingrg/kc/buy/cgsh_order_operate.html HTTP/1.1" 200 37
124.78.56.241 - - [22/Apr/2024:10:48:26 +0800] "POST /xingrg/kc/buy/cgsh_order_operate.html HTTP/1.1" 200 12
116.232.195.13 - - [22/Apr/2024:10:48:28 +0800] "GET /xingrg/all/function/internal_message.html?_=1713754099894&CODE_STATE=getMsg HTTP/1.1" 200 27
101.83.144.49 - - [22/Apr/2024:10:48:29 +0800] "POST /xingrg/kc/buy/cgsh_order_operate.html HTTP/1.1" 200 2665
116.224.254.208 - - [22/Apr/2024:10:48:29 +0800] "POST /xingrg/dwr/call/plaincall/AjaxYddbService.saveOrder.dwr HTTP/1.1" 200 78
124.78.56.241 - - [22/Apr/2024:10:48:29 +0800] "GET /xingrg/kc/buy/cgsh_order_info.html?code=212024042205899 HTTP/1.1" 200 68907
124.78.56.241 - - [22/Apr/2024:10:48:30 +0800] "GET /xingrg/javascript/easyui/themes/default/validatebox.css HTTP/1.1" 404 1104
124.78.56.241 - - [22/Apr/2024:10:48:31 +0800] "POST /xingrg/kc/buy/cgsh_order_operate.html HTTP/1.1" 200 3577
101.83.144.49 - - [22/Apr/2024:10:48:31 +0800] "GET /xingrg/kc/print/load_data.html?order_code=212024042205900&kc_code=cgsh&condition= HTTP/1.1" 200 756
180.164.1.25 - - [22/Apr/2024:10:48:32 +0800] "GET /xingrg/all/function/internal_message.html?_=1713754111546&CODE_STATE=getMsg HTTP/1.1" 200 27
180.164.1.25 - - [22/Apr/2024:10:48:32 +0800] "GET /xingrg/check_reg.html?_=1713754111549 HTTP/1.1" 200 22
124.78.56.241 - - [22/Apr/2024:10:48:33 +0800] "GET /xingrg/kc/print/load_data.html?order_code=212024042205899&kc_code=cgsh&condition= HTTP/1.1" 200 1851
116.224.254.208 - - [22/Apr/2024:10:48:34 +0800] "POST /xingrg/dwr/call/plaincall/AjaxYddbService.objCheckOrder.dwr HTTP/1.1" 200 78
101.83.144.49 - - [22/Apr/2024:10:48:36 +0800] "GET /xingrg/kc/buy/cgsh_order_add.html HTTP/1.1" 200 74116
116.224.254.208 - - [22/Apr/2024:10:48:36 +0800] "GET /xingrg/kc/base/yddb_order_info.html?code=482024042200138 HTTP/1.1" 200 31517
116.224.254.208 - - [22/Apr/2024:10:48:36 +0800] "GET /xingrg/dwr/interface/AjaxComOrderService.js HTTP/1.1" 200 18264
116.224.254.208 - - [22/Apr/2024:10:48:36 +0800] "GET /xingrg/dwr/interface/AjaxYddbService.js HTTP/1.1" 200 13201
116.224.254.208 - - [22/Apr/2024:10:48:36 +0800] "GET /xingrg/dwr/engine.js HTTP/1.1" 200 43631
101.83.144.49 - - [22/Apr/2024:10:48:36 +0800] "GET /xingrg/javascript/easyui/themes/default/validatebox.css HTTP/1.1" 404 1104
101.83.144.49 - - [22/Apr/2024:10:48:36 +0800] "POST /xingrg/kc/buy/cgsh_order_operate.html HTTP/1.1" 200 8245
116.224.254.208 - - [22/Apr/2024:10:48:36 +0800] "POST /xingrg/dwr/call/plaincall/AjaxYddbService.loadMaterielItems.dwr HTTP/1.1" 200 425
116.232.195.13 - - [22/Apr/2024:10:48:36 +0800] "GET /xingrg/all/function/internal_message.html?_=1713754108244&CODE_STATE=getMsg HTTP/1.1" 200 27
124.78.56.241 - - [22/Apr/2024:10:48:37 +0800] "GET /xingrg/all/function/internal_message.html?_=1713754117601&CODE_STATE=getMsg HTTP/1.1" 200 27
101.83.144.49 - - [22/Apr/2024:10:48:37 +0800] "GET /xingrg/javascript/auto/indicator.gif HTTP/1.1" 404 1066
222.70.183.82 - - [22/Apr/2024:10:48:37 +0800] "GET /xingrg/kc/buy/cgsh_order_operate.html?command=get_materiel&rest_code=00111&code=00101007075&supplier_code=00100096&order_time=2024-04-22 HTTP/1.1" 200 409
124.78.56.241 - - [22/Apr/2024:10:48:37 +0800] "POST /xingrg/kc/buy/cgsh_order_operate.html HTTP/1.1" 200 8245
124.78.56.241 - - [22/Apr/2024:10:48:37 +0800] "GET /xingrg/javascript/easyui/themes/default/validatebox.css HTTP/1.1" 404 1104
116.224.254.208 - - [22/Apr/2024:10:48:43 +0800] "GET /xingrg/kc/buy/cgsh_order_list.html HTTP/1.1" 200 58225
116.224.254.208 - - [22/Apr/2024:10:48:45 +0800] "POST /xingrg/kc/buy/cgsh_list_operate.html HTTP/1.1" 200 645
222.70.183.82 - - [22/Apr/2024:10:48:45 +0800] "GET /xingrg/all/function/internal_message.html?_=1713754125655&CODE_STATE=getMsg HTTP/1.1" 200 27
124.78.56.241 - - [22/Apr/2024:10:48:47 +0800] "GET /xingrg/kc/buy/cgsh_order_operate.html?command=get_materiel&rest_code=00141&code=00101010172&supplier_code=00100337&order_time=2024-04-22 HTTP/1.1" 200 409
116.224.254.208 - - [22/Apr/2024:10:48:47 +0800] "GET /xingrg/all/function/internal_message.html?_=1713754127472&CODE_STATE=getMsg HTTP/1.1" 200 27
120.253.135.82 - - [22/Apr/2024:10:48:47 +0800] "GET /xingrg/all/function/internal_message.html?_=1713753972758&CODE_STATE=getMsg HTTP/1.1" 200 27
101.83.144.49 - - [22/Apr/2024:10:48:52 +0800] "GET /xingrg/kc/buy/cgsh_order_operate.html?command=get_materiel&rest_code=00105&code=00101001167&supplier_code=00100314&order_time=2024-04-22 HTTP/1.1" 200 413
124.78.56.241 - - [22/Apr/2024:10:48:57 +0800] "POST /xingrg/kc/buy/cgsh_order_operate.html HTTP/1.1" 200 37
116.232.195.13 - - [22/Apr/2024:10:48:57 +0800] "GET /xingrg/all/function/internal_message.html?_=1713754129223&CODE_STATE=getMsg HTTP/1.1" 200 27
222.69.132.2 - - [22/Apr/2024:10:48:58 +0800] "GET /xingrg/all/function/internal_message.html?_=1713754139455&CODE_STATE=getMsg HTTP/1.1" 200 27
101.80.230.31 - - [22/Apr/2024:10:48:58 +0800] "GET /xingrg/all/function/internal_message.html?_=1713754139052&CODE_STATE=getMsg HTTP/1.1" 200 27
101.83.144.49 - - [22/Apr/2024:10:49:03 +0800] "GET /xingrg/all/function/internal_message.html?_=1713754145302&CODE_STATE=getMsg HTTP/1.1" 200 27
116.238.97.31 - - [22/Apr/2024:10:49:04 +0800] "GET /xingrg/check_reg.html?_=1713754146515 HTTP/1.1" 200 22
116.238.97.31 - - [22/Apr/2024:10:49:04 +0800] "GET /xingrg/all/function/internal_message.html?_=1713754146562&CODE_STATE=getMsg HTTP/1.1" 200 27
124.78.56.241 - - [22/Apr/2024:10:49:04 +0800] "POST /xingrg/kc/buy/cgsh_order_operate.html HTTP/1.1" 200 12
222.70.183.82 - - [22/Apr/2024:10:49:04 +0800] "GET /xingrg/kc/buy/cgsh_order_operate.html?command=get_materiel&rest_code=00111&code=00101006111&supplier_code=00100096&order_time=2024-04-22 HTTP/1.1" 200 409
61.170.234.72 - - [22/Apr/2024:10:49:05 +0800] "GET /xingrg/all/function/internal_message.html?_=1713754141248&CODE_STATE=getMsg HTTP/1.1" 200 27
124.78.56.241 - - [22/Apr/2024:10:49:06 +0800] "GET /xingrg/kc/buy/cgsh_order_info.html?code=212024042205901 HTTP/1.1" 200 68907
124.78.56.241 - - [22/Apr/2024:10:49:07 +0800] "GET /xingrg/javascript/easyui/themes/default/validatebox.css HTTP/1.1" 404 1104
101.83.144.49 - - [22/Apr/2024:10:49:10 +0800] "POST /xingrg/kc/buy/cgsh_order_operate.html HTTP/1.1" 200 37
124.78.56.241 - - [22/Apr/2024:10:49:10 +0800] "POST /xingrg/kc/buy/cgsh_order_operate.html HTTP/1.1" 200 603
124.78.56.241 - - [22/Apr/2024:10:49:12 +0800] "GET /xingrg/kc/print/load_data.html?order_code=212024042205901&kc_code=cgsh&condition= HTTP/1.1" 200 707
101.83.144.49 - - [22/Apr/2024:10:49:13 +0800] "POST /xingrg/kc/buy/cgsh_order_operate.html HTTP/1.1" 200 2657
222.70.183.82 - - [22/Apr/2024:10:49:15 +0800] "GET /xingrg/kc/buy/cgsh_order_operate.html?command=get_materiel&rest_code=00111&code=00101006006&supplier_code=00100096&order_time=2024-04-22 HTTP/1.1" 200 408
101.83.144.49 - - [22/Apr/2024:10:49:16 +0800] "GET /xingrg/kc/print/load_data.html?order_code=212024042205902&kc_code=cgsh&condition= HTTP/1.1" 200 663
124.78.56.241 - - [22/Apr/2024:10:49:17 +0800] "POST /xingrg/kc/buy/cgsh_order_operate.html HTTP/1.1" 200 8245
124.78.56.241 - - [22/Apr/2024:10:49:17 +0800] "GET /xingrg/javascript/easyui/themes/default/validatebox.css HTTP/1.1" 404 1104
116.224.254.208 - - [22/Apr/2024:10:49:20 +0800] "GET /xingrg/all/function/internal_message.html?_=1713754159942&CODE_STATE=getMsg HTTP/1.1" 200 27
221.239.169.251 - - [22/Apr/2024:10:49:20 +0800] "GET /xingrg/all/function/internal_message.html?_=1713754158853&CODE_STATE=getMsg HTTP/1.1" 200 27
101.83.144.49 - - [22/Apr/2024:10:49:21 +0800] "GET /xingrg/kc/buy/cgsh_order_add.html HTTP/1.1" 200 74116
101.83.144.49 - - [22/Apr/2024:10:49:21 +0800] "POST /xingrg/kc/buy/cgsh_order_operate.html HTTP/1.1" 200 8245
101.83.144.49 - - [22/Apr/2024:10:49:21 +0800] "GET /xingrg/javascript/easyui/themes/default/validatebox.css HTTP/1.1" 404 1104
101.83.144.49 - - [22/Apr/2024:10:49:21 +0800] "GET /xingrg/javascript/auto/indicator.gif HTTP/1.1" 404 1066
124.78.56.241 - - [22/Apr/2024:10:49:26 +0800] "GET /xingrg/kc/buy/cgsh_order_operate.html?command=get_materiel&rest_code=00141&code=00101004051&supplier_code=00100312&order_time=2024-04-22 HTTP/1.1" 200 429
116.232.195.13 - - [22/Apr/2024:10:49:28 +0800] "GET /xingrg/all/function/internal_message.html?_=1713754159878&CODE_STATE=getMsg HTTP/1.1" 200 27
58.40.7.146 - - [22/Apr/2024:10:49:30 +0800] "GET /favicon.ico HTTP/1.1" 404 -
180.164.1.25 - - [22/Apr/2024:10:49:32 +0800] "GET /xingrg/all/function/internal_message.html?_=1713754171549&CODE_STATE=getMsg HTTP/1.1" 200 27
101.83.144.49 - - [22/Apr/2024:10:49:33 +0800] "GET /xingrg/kc/buy/cgsh_order_operate.html?command=get_materiel&rest_code=00105&code=00101001125&supplier_code=00100319&order_time=2024-04-22 HTTP/1.1" 200 417
124.78.56.241 - - [22/Apr/2024:10:49:34 +0800] "GET /xingrg/kc/buy/cgsh_order_operate.html?command=get_materiel&rest_code=00141&code=00101004046&supplier_code=00100312&order_time=2024-04-22 HTTP/1.1" 200 417
116.232.195.13 - - [22/Apr/2024:10:49:37 +0800] "GET /xingrg/all/function/internal_message.html?_=1713754168254&CODE_STATE=getMsg HTTP/1.1" 200 27
124.78.56.241 - - [22/Apr/2024:10:49:37 +0800] "GET /xingrg/all/function/internal_message.html?_=1713754177584&CODE_STATE=getMsg HTTP/1.1" 200 27
222.70.183.82 - - [22/Apr/2024:10:49:45 +0800] "GET /xingrg/all/function/internal_message.html?_=1713754185660&CODE_STATE=getMsg HTTP/1.1" 200 27
222.70.183.82 - - [22/Apr/2024:10:49:47 +0800] "POST /xingrg/kc/buy/cgsh_order_operate.html HTTP/1.1" 200 37
116.224.254.208 - - [22/Apr/2024:10:49:47 +0800] "GET /xingrg/all/function/internal_message.html?_=1713754187474&CODE_STATE=getMsg HTTP/1.1" 200 27
120.253.135.82 - - [22/Apr/2024:10:49:47 +0800] "GET /xingrg/all/function/internal_message.html?_=1713754032818&CODE_STATE=getMsg HTTP/1.1" 200 27
222.70.183.82 - - [22/Apr/2024:10:49:49 +0800] "POST /xingrg/kc/buy/cgsh_order_operate.html HTTP/1.1" 200 4424
222.70.183.82 - - [22/Apr/2024:10:49:50 +0800] "GET /xingrg/kc/print/load_data.html?order_code=212024042205903&kc_code=cgsh&condition= HTTP/1.1" 200 1312
222.70.183.82 - - [22/Apr/2024:10:49:56 +0800] "GET /xingrg/kc/buy/cgsh_order_add.html HTTP/1.1" 200 73989
222.70.183.82 - - [22/Apr/2024:10:49:56 +0800] "POST /xingrg/kc/buy/cgsh_order_operate.html HTTP/1.1" 200 8245
222.70.183.82 - - [22/Apr/2024:10:49:56 +0800] "GET /xingrg/javascript/easyui/themes/default/validatebox.css HTTP/1.1" 404 1104
116.232.195.13 - - [22/Apr/2024:10:49:57 +0800] "GET /xingrg/all/function/internal_message.html?_=1713754189208&CODE_STATE=getMsg HTTP/1.1" 200 27
101.83.144.49 - - [22/Apr/2024:10:49:57 +0800] "GET /xingrg/kc/buy/cgsh_order_operate.html?command=get_materiel&rest_code=00105&code=00101001169&supplier_code=00100319&order_time=2024-04-22 HTTP/1.1" 200 415
222.69.132.2 - - [22/Apr/2024:10:49:58 +0800] "GET /xingrg/check_reg.html?_=1713754199446 HTTP/1.1" 200 22
222.69.132.2 - - [22/Apr/2024:10:49:58 +0800] "GET /xingrg/all/function/internal_message.html?_=1713754199449&CODE_STATE=getMsg HTTP/1.1" 200 27
101.80.230.31 - - [22/Apr/2024:10:49:58 +0800] "GET /xingrg/all/function/internal_message.html?_=1713754199054&CODE_STATE=getMsg HTTP/1.1" 200 27
101.83.144.49 - - [22/Apr/2024:10:50:03 +0800] "GET /xingrg/all/function/internal_message.html?_=1713754205306&CODE_STATE=getMsg HTTP/1.1" 200 27
116.238.97.31 - - [22/Apr/2024:10:50:04 +0800] "GET /xingrg/all/function/internal_message.html?_=1713754206559&CODE_STATE=getMsg HTTP/1.1" 200 27
124.78.56.241 - - [22/Apr/2024:10:50:04 +0800] "GET /xingrg/kc/buy/cgsh_order_operate.html?command=get_materiel&rest_code=00141&code=00101004004&supplier_code=00100312&order_time=2024-04-22 HTTP/1.1" 200 413
61.170.234.72 - - [22/Apr/2024:10:50:05 +0800] "GET /xingrg/all/function/internal_message.html?_=1713754201224&CODE_STATE=getMsg HTTP/1.1" 200 27
222.70.183.82 - - [22/Apr/2024:10:50:12 +0800] "GET /xingrg/kc/buy/cgsh_order_operate.html?command=get_materiel&rest_code=00111&code=00101001060&supplier_code=00100042&order_time=2024-04-22 HTTP/1.1" 200 419
124.78.56.241 - - [22/Apr/2024:10:50:15 +0800] "GET /xingrg/kc/buy/cgsh_order_operate.html?command=get_materiel&rest_code=00141&code=00101004103&supplier_code=00100312&order_time=2024-04-22 HTTP/1.1" 200 413
116.224.254.208 - - [22/Apr/2024:10:50:20 +0800] "GET /xingrg/all/function/internal_message.html?_=1713754219923&CODE_STATE=getMsg HTTP/1.1" 200 27
220.196.194.141 - - [22/Apr/2024:10:50:20 +0800] "GET /xingrg/login.html HTTP/1.1" 200 2139
220.196.194.141 - - [22/Apr/2024:10:50:20 +0800] "GET /xingrg/javascript/mobile/jquery.mobile-1.3.2.min.css HTTP/1.1" 200 94670
221.239.169.251 - - [22/Apr/2024:10:50:20 +0800] "GET /xingrg/check_reg.html?_=1713754218882 HTTP/1.1" 200 22
221.239.169.251 - - [22/Apr/2024:10:50:20 +0800] "GET /xingrg/all/function/internal_message.html?_=1713754218874&CODE_STATE=getMsg HTTP/1.1" 200 27
220.196.194.141 - - [22/Apr/2024:10:50:20 +0800] "GET /xingrg/javascript/mobile/jquery-1.8.3.min.js HTTP/1.1" 200 93637
220.196.194.141 - - [22/Apr/2024:10:50:20 +0800] "GET /xingrg/javascript/mobile/jquery.mobile-1.3.2.min.js HTTP/1.1" 200 145396
220.196.194.141 - - [22/Apr/2024:10:50:20 +0800] "GET /favicon.ico HTTP/1.1" 404 -
220.196.194.141 - - [22/Apr/2024:10:50:20 +0800] "GET /favicon.ico HTTP/1.1" 404 -
220.196.194.141 - - [22/Apr/2024:10:50:24 +0800] "POST /xingrg/login.do HTTP/1.1" 302 -
220.196.194.141 - - [22/Apr/2024:10:50:24 +0800] "GET /xingrg/index_mobile.html?sysBaseUrl=http%3A%2F%2F180.169.147.146%3A18081%2Fxingrg%2F&costTime=833×tamp=1713754224043 HTTP/1.1" 200 3182
124.78.56.241 - - [22/Apr/2024:10:50:24 +0800] "GET /xingrg/kc/buy/cgsh_order_operate.html?command=get_materiel&rest_code=00141&code=00101004057&supplier_code=00100312&order_time=2024-04-22 HTTP/1.1" 200 409
220.196.194.141 - - [22/Apr/2024:10:50:26 +0800] "GET /xingrg/dma/mobile/column_pie.html?type=yyfx&title=%D3%AA%D2%B5%B7%D6%CE%F6 HTTP/1.1" 200 10245
220.196.194.141 - - [22/Apr/2024:10:50:26 +0800] "GET /xingrg/javascript/mobile/js/highcharts.js HTTP/1.1" 200 134656
220.196.194.141 - - [22/Apr/2024:10:50:26 +0800] "GET /favicon.ico HTTP/1.1" 404 -
220.196.194.141 - - [22/Apr/2024:10:50:26 +0800] "GET /favicon.ico HTTP/1.1" 404 -
220.196.194.141 - - [22/Apr/2024:10:50:26 +0800] "POST /xingrg/dma/mobile/report_query.html HTTP/1.1" 200 121
