101.83.144.49 - - [22/Apr/2024:08:47:03 +0800] "GET /xingrg/all/function/internal_message.html?_=1713746825194&CODE_STATE=getMsg HTTP/1.1" 200 27
120.253.135.82 - - [22/Apr/2024:08:47:08 +0800] "GET /xingrg/all/function/internal_message.html?_=1713746673845&CODE_STATE=getMsg HTTP/1.1" 200 27
116.224.254.208 - - [22/Apr/2024:08:47:17 +0800] "GET /xingrg/all/function/internal_message.html?_=1713746836794&CODE_STATE=getMsg HTTP/1.1" 200 27
116.224.254.208 - - [22/Apr/2024:08:47:17 +0800] "GET /xingrg/check_reg.html?_=1713746836797 HTTP/1.1" 200 22
221.239.169.251 - - [22/Apr/2024:08:47:20 +0800] "GET /xingrg/all/function/internal_message.html?_=1713746838758&CODE_STATE=getMsg HTTP/1.1" 200 27
101.83.144.49 - - [22/Apr/2024:08:47:24 +0800] "GET /xingrg/kc/buy/cgsh_order_operate.html?command=get_materiel&rest_code=00105&code=00101008356&supplier_code=00100008&order_time=2024-04-22 HTTP/1.1" 200 408
101.83.144.49 - - [22/Apr/2024:08:47:27 +0800] "POST /xingrg/kc/buy/cgsh_order_operate.html HTTP/1.1" 200 2065
101.83.144.49 - - [22/Apr/2024:08:47:28 +0800] "POST /xingrg/kc/buy/cgsh_order_operate.html HTTP/1.1" 200 2065
116.232.195.13 - - [22/Apr/2024:08:47:29 +0800] "GET /xingrg/all/function/internal_message.html?_=1713746840427&CODE_STATE=getMsg HTTP/1.1" 200 27
101.83.144.49 - - [22/Apr/2024:08:47:29 +0800] "POST /xingrg/kc/buy/cgsh_order_operate.html HTTP/1.1" 200 2065
116.232.195.13 - - [22/Apr/2024:08:47:36 +0800] "GET /xingrg/all/function/internal_message.html?_=1713746848248&CODE_STATE=getMsg HTTP/1.1" 200 27
124.78.56.241 - - [22/Apr/2024:08:47:39 +0800] "GET /xingrg/all/function/internal_message.html?_=1713746859271&CODE_STATE=getMsg HTTP/1.1" 200 27
101.83.144.49 - - [22/Apr/2024:08:47:49 +0800] "GET /xingrg/kc/buy/cgsh_order_operate.html?command=get_materiel&rest_code=00105&code=00101008118&supplier_code=00100008&order_time=2024-04-22 HTTP/1.1" 200 418
116.232.195.13 - - [22/Apr/2024:08:47:59 +0800] "GET /xingrg/all/function/internal_message.html?_=1713746871233&CODE_STATE=getMsg HTTP/1.1" 200 27
222.70.244.105 - - [22/Apr/2024:08:48:00 +0800] "GET /xingrg/check_reg.html?_=1713746906887 HTTP/1.1" 302 -
101.83.144.49 - - [22/Apr/2024:08:48:02 +0800] "GET /xingrg/kc/buy/cgsh_order_operate.html?command=get_materiel&rest_code=00105&code=00101008261&supplier_code=00100008&order_time=2024-04-22 HTTP/1.1" 200 429
101.83.144.49 - - [22/Apr/2024:08:48:03 +0800] "GET /xingrg/check_reg.html?_=1713746885115 HTTP/1.1" 200 22
101.83.144.49 - - [22/Apr/2024:08:48:03 +0800] "GET /xingrg/all/function/internal_message.html?_=1713746885117&CODE_STATE=getMsg HTTP/1.1" 200 27
120.253.135.82 - - [22/Apr/2024:08:48:06 +0800] "GET /xingrg/check_reg.html?_=1713746730953 HTTP/1.1" 200 22
120.253.135.82 - - [22/Apr/2024:08:48:08 +0800] "GET /xingrg/all/function/internal_message.html?_=1713746733859&CODE_STATE=getMsg HTTP/1.1" 200 27
116.232.195.13 - - [22/Apr/2024:08:48:16 +0800] "GET /xingrg/check_reg.html?_=1713746888027 HTTP/1.1" 200 22
116.224.254.208 - - [22/Apr/2024:08:48:17 +0800] "GET /xingrg/all/function/internal_message.html?_=1713746896791&CODE_STATE=getMsg HTTP/1.1" 200 27
221.239.169.251 - - [22/Apr/2024:08:48:20 +0800] "GET /xingrg/all/function/internal_message.html?_=1713746898770&CODE_STATE=getMsg HTTP/1.1" 200 27
101.83.144.49 - - [22/Apr/2024:08:48:26 +0800] "GET /xingrg/kc/buy/cgsh_order_operate.html?command=get_materiel&rest_code=00105&code=00101008155&supplier_code=00100008&order_time=2024-04-22 HTTP/1.1" 200 408
116.232.195.13 - - [22/Apr/2024:08:48:29 +0800] "GET /xingrg/all/function/internal_message.html?_=1713746900414&CODE_STATE=getMsg HTTP/1.1" 200 27
116.232.195.13 - - [22/Apr/2024:08:48:36 +0800] "GET /xingrg/all/function/internal_message.html?_=1713746908242&CODE_STATE=getMsg HTTP/1.1" 200 27
101.83.144.49 - - [22/Apr/2024:08:48:37 +0800] "GET /xingrg/kc/buy/cgsh_order_operate.html?command=get_materiel&rest_code=00105&code=00101009039&supplier_code=00100008&order_time=2024-04-22 HTTP/1.1" 200 408
124.78.56.241 - - [22/Apr/2024:08:48:39 +0800] "GET /xingrg/all/function/internal_message.html?_=1713746919250&CODE_STATE=getMsg HTTP/1.1" 200 27
101.83.144.49 - - [22/Apr/2024:08:48:55 +0800] "GET /xingrg/kc/buy/cgsh_order_operate.html?command=get_materiel&rest_code=00105&code=00101008003&supplier_code=00100008&order_time=2024-04-22 HTTP/1.1" 200 408
116.232.195.13 - - [22/Apr/2024:08:48:59 +0800] "GET /xingrg/all/function/internal_message.html?_=1713746931203&CODE_STATE=getMsg HTTP/1.1" 200 27
101.83.144.49 - - [22/Apr/2024:08:49:03 +0800] "GET /xingrg/all/function/internal_message.html?_=1713746945253&CODE_STATE=getMsg HTTP/1.1" 200 27
101.83.144.49 - - [22/Apr/2024:08:49:04 +0800] "GET /xingrg/kc/buy/cgsh_order_operate.html?command=get_materiel&rest_code=00105&code=00101008201&supplier_code=00100008&order_time=2024-04-22 HTTP/1.1" 200 412
120.253.135.82 - - [22/Apr/2024:08:49:08 +0800] "GET /xingrg/all/function/internal_message.html?_=1713746793872&CODE_STATE=getMsg HTTP/1.1" 200 27
116.224.254.208 - - [22/Apr/2024:08:49:17 +0800] "GET /xingrg/all/function/internal_message.html?_=1713746956795&CODE_STATE=getMsg HTTP/1.1" 200 27
221.239.169.251 - - [22/Apr/2024:08:49:20 +0800] "GET /xingrg/all/function/internal_message.html?_=1713746958772&CODE_STATE=getMsg HTTP/1.1" 200 27
116.232.195.13 - - [22/Apr/2024:08:49:29 +0800] "GET /xingrg/all/function/internal_message.html?_=1713746960398&CODE_STATE=getMsg HTTP/1.1" 200 27
101.80.230.31 - - [22/Apr/2024:08:49:31 +0800] "GET /favicon.ico HTTP/1.1" 404 -
101.83.144.49 - - [22/Apr/2024:08:49:34 +0800] "POST /xingrg/kc/buy/cgsh_order_operate.html HTTP/1.1" 200 37
101.80.230.31 - - [22/Apr/2024:08:49:34 +0800] "GET /xingrg/index.html?sysBaseUrl=http%3A%2F%2F180.169.147.146%3A18081%2Fxingrg%2F&costTime=1109×tamp=1713490138329 HTTP/1.1" 302 -
101.80.230.31 - - [22/Apr/2024:08:49:34 +0800] "GET /xingrg/login.html HTTP/1.1" 200 7641
101.80.230.31 - - [22/Apr/2024:08:49:36 +0800] "GET /favicon.ico HTTP/1.1" 404 -
116.232.195.13 - - [22/Apr/2024:08:49:36 +0800] "GET /xingrg/all/function/internal_message.html?_=1713746968245&CODE_STATE=getMsg HTTP/1.1" 200 27
124.78.56.241 - - [22/Apr/2024:08:49:39 +0800] "GET /xingrg/all/function/internal_message.html?_=1713746979231&CODE_STATE=getMsg HTTP/1.1" 200 27
101.83.144.49 - - [22/Apr/2024:08:49:44 +0800] "POST /xingrg/kc/buy/cgsh_order_operate.html HTTP/1.1" 200 32251
101.80.230.31 - - [22/Apr/2024:08:49:44 +0800] "POST /xingrg/login.do HTTP/1.1" 302 -
101.80.230.31 - - [22/Apr/2024:08:49:44 +0800] "GET /xingrg/index.html?sysBaseUrl=http%3A%2F%2F180.169.147.146%3A18081%2Fxingrg%2F&costTime=824×tamp=1713746984713 HTTP/1.1" 200 17179
101.80.230.31 - - [22/Apr/2024:08:49:44 +0800] "GET /favicon.ico HTTP/1.1" 404 -
101.80.230.31 - - [22/Apr/2024:08:49:44 +0800] "GET /xingrg/check_reg.html?_=1713746998916 HTTP/1.1" 200 22
101.80.230.31 - - [22/Apr/2024:08:49:44 +0800] "GET /xingrg/all/function/internal_message.html?_=1713746998916&CODE_STATE=count HTTP/1.1" 200 11
101.80.230.31 - - [22/Apr/2024:08:49:44 +0800] "POST /xingrg/all/common/load_tree.html?tree=area_rest_tree_json&manage=1 HTTP/1.1" 200 351
101.80.230.31 - - [22/Apr/2024:08:49:45 +0800] "POST /xingrg/load_menu.html HTTP/1.1" 200 5138
101.80.230.31 - - [22/Apr/2024:08:49:51 +0800] "GET /xingrg/kc/mdqp/qp_main.html HTTP/1.1" 200 10633
101.80.230.31 - - [22/Apr/2024:08:49:51 +0800] "GET /xingrg/images/yd/bt.gif HTTP/1.1" 404 1040
101.80.230.31 - - [22/Apr/2024:08:49:52 +0800] "GET /xingrg/kc/mdqp/pssh_order_list.html HTTP/1.1" 200 17927
101.80.230.31 - - [22/Apr/2024:08:49:53 +0800] "POST /xingrg/kc/mdqp/pssh_list_operate.html HTTP/1.1" 200 5362
101.80.230.31 - - [22/Apr/2024:08:49:57 +0800] "POST /xingrg/kc/mdqp/pssh_list_operate.html HTTP/1.1" 200 272
116.232.195.13 - - [22/Apr/2024:08:49:59 +0800] "GET /xingrg/all/function/internal_message.html?_=1713746991203&CODE_STATE=getMsg HTTP/1.1" 200 27
101.80.230.31 - - [22/Apr/2024:08:50:01 +0800] "POST /xingrg/kc/mdqp/pssh_list_operate.html HTTP/1.1" 200 798
101.83.144.49 - - [22/Apr/2024:08:50:03 +0800] "GET /xingrg/all/function/internal_message.html?_=1713747005156&CODE_STATE=getMsg HTTP/1.1" 200 27
101.80.230.31 - - [22/Apr/2024:08:50:07 +0800] "GET /xingrg/kc/mdqp/pssh_order_info.html?code=312024042000316 HTTP/1.1" 200 17303
101.80.230.31 - - [22/Apr/2024:08:50:07 +0800] "GET /xingrg/javascript/jquery_tools/jquery-1.4.2.min.js HTTP/1.1" 404 1094
101.80.230.31 - - [22/Apr/2024:08:50:07 +0800] "GET /xingrg/words/20240421095404_words.js HTTP/1.1" 200 1020889
101.80.230.31 - - [22/Apr/2024:08:50:08 +0800] "GET /xingrg/javascript/easyui/themes/icons/back_new.png HTTP/1.1" 200 3414
101.80.230.31 - - [22/Apr/2024:08:50:08 +0800] "GET /xingrg/javascript/easyui/themes/default/validatebox.css HTTP/1.1" 404 1104
101.80.230.31 - - [22/Apr/2024:08:50:08 +0800] "GET /xingrg/all/common/auto_word.html?type=employee&rest_code=00156 HTTP/1.1" 200 47
101.80.230.31 - - [22/Apr/2024:08:50:08 +0800] "GET /xingrg/all/common/auto_word.html?type=base&rest_code=00156&rest_code=00156 HTTP/1.1" 200 1903
101.80.230.31 - - [22/Apr/2024:08:50:08 +0800] "POST /xingrg/kc/mdqp/pssh_order_operate.html HTTP/1.1" 200 7956
120.253.135.82 - - [22/Apr/2024:08:50:08 +0800] "GET /xingrg/all/function/internal_message.html?_=1713746853889&CODE_STATE=getMsg HTTP/1.1" 200 27
101.80.230.31 - - [22/Apr/2024:08:50:16 +0800] "GET /xingrg/kc/mdqp/qp_main.html HTTP/1.1" 200 10633
101.80.230.31 - - [22/Apr/2024:08:50:17 +0800] "GET /xingrg/images/yd/bt.gif HTTP/1.1" 404 1040
116.224.254.208 - - [22/Apr/2024:08:50:17 +0800] "GET /xingrg/all/function/internal_message.html?_=1713747016797&CODE_STATE=getMsg HTTP/1.1" 200 27
101.80.230.31 - - [22/Apr/2024:08:50:18 +0800] "GET /xingrg/kc/mdqp/qqps_order_list.html HTTP/1.1" 200 9222
101.80.230.31 - - [22/Apr/2024:08:50:18 +0800] "GET /xingrg/dwr/interface/AjaxQqpsService.js HTTP/1.1" 200 16326
101.80.230.31 - - [22/Apr/2024:08:50:18 +0800] "GET /xingrg/dwr/interface/AjaxReportQueryService.js HTTP/1.1" 200 13203
101.80.230.31 - - [22/Apr/2024:08:50:18 +0800] "GET /xingrg/dwr/engine.js HTTP/1.1" 200 43631
101.80.230.31 - - [22/Apr/2024:08:50:19 +0800] "GET /xingrg/dwr/util.js HTTP/1.1" 304 -
221.239.169.251 - - [22/Apr/2024:08:50:20 +0800] "GET /xingrg/all/function/internal_message.html?_=1713747018772&CODE_STATE=getMsg HTTP/1.1" 200 27
221.239.169.251 - - [22/Apr/2024:08:50:20 +0800] "GET /xingrg/check_reg.html?_=1713747018782 HTTP/1.1" 200 22
116.232.195.13 - - [22/Apr/2024:08:50:28 +0800] "GET /xingrg/all/function/internal_message.html?_=1713747020380&CODE_STATE=getMsg HTTP/1.1" 200 27
101.80.230.31 - - [22/Apr/2024:08:50:29 +0800] "POST /xingrg/dwr/call/plaincall/AjaxReportQueryService.getFixDate.dwr HTTP/1.1" 200 111
101.80.230.31 - - [22/Apr/2024:08:50:31 +0800] "GET /xingrg/kc/mdqp/qqps_order_list.html?isQuery=1&timeSelect=1&orderTime=lastWeek&startTime=2024-04-15&endTime=2024-04-21&state=all&query=%C8%B7++%B6%A8 HTTP/1.1" 200 10580
101.80.230.31 - - [22/Apr/2024:08:50:31 +0800] "GET /xingrg/dwr/interface/AjaxQqpsService.js HTTP/1.1" 200 16326
101.80.230.31 - - [22/Apr/2024:08:50:31 +0800] "GET /xingrg/dwr/interface/AjaxReportQueryService.js HTTP/1.1" 200 13203
101.80.230.31 - - [22/Apr/2024:08:50:31 +0800] "GET /xingrg/dwr/engine.js HTTP/1.1" 200 43631
101.80.230.31 - - [22/Apr/2024:08:50:33 +0800] "GET /xingrg/kc/mdqp/qqps_order_info.html?code=302024041900260 HTTP/1.1" 200 26549
101.80.230.31 - - [22/Apr/2024:08:50:33 +0800] "GET /xingrg/dwr/interface/AjaxComOrderService.js HTTP/1.1" 200 18264
101.80.230.31 - - [22/Apr/2024:08:50:33 +0800] "GET /xingrg/dwr/interface/AjaxQqpsService.js HTTP/1.1" 200 16326
101.80.230.31 - - [22/Apr/2024:08:50:33 +0800] "GET /xingrg/dwr/engine.js HTTP/1.1" 200 43631
101.80.230.31 - - [22/Apr/2024:08:50:33 +0800] "POST /xingrg/dwr/call/plaincall/AjaxQqpsService.loadMaterielItems.dwr HTTP/1.1" 200 4831
116.232.195.13 - - [22/Apr/2024:08:50:36 +0800] "GET /xingrg/check_reg.html?_=1713747028264 HTTP/1.1" 200 22
116.232.195.13 - - [22/Apr/2024:08:50:36 +0800] "GET /xingrg/all/function/internal_message.html?_=1713747028265&CODE_STATE=getMsg HTTP/1.1" 200 27
124.78.56.241 - - [22/Apr/2024:08:50:39 +0800] "GET /xingrg/all/function/internal_message.html?_=1713747039207&CODE_STATE=getMsg HTTP/1.1" 200 27
116.232.195.13 - - [22/Apr/2024:08:50:42 +0800] "GET /xingrg/check_reg.html?_=1713747033944 HTTP/1.1" 200 22
101.80.230.31 - - [22/Apr/2024:08:50:45 +0800] "GET /xingrg/all/function/internal_message.html?_=1713747058935&CODE_STATE=getMsg HTTP/1.1" 200 27
116.232.195.13 - - [22/Apr/2024:08:50:59 +0800] "GET /xingrg/all/function/internal_message.html?_=1713747051187&CODE_STATE=getMsg HTTP/1.1" 200 27
124.78.56.241 - - [22/Apr/2024:08:51:00 +0800] "GET /xingrg/check_reg.html?_=1713747060477 HTTP/1.1" 200 22
101.80.230.31 - - [22/Apr/2024:08:51:03 +0800] "GET /xingrg/images/yd/bt2.gif HTTP/1.1" 404 1042
101.83.144.49 - - [22/Apr/2024:08:51:03 +0800] "GET /xingrg/all/function/internal_message.html?_=1713747065127&CODE_STATE=getMsg HTTP/1.1" 200 27
101.80.230.31 - - [22/Apr/2024:08:51:05 +0800] "GET /xingrg/logout.do HTTP/1.1" 302 -
101.80.230.31 - - [22/Apr/2024:08:51:05 +0800] "GET /xingrg/login.html?sysBaseUrl=http%3A%2F%2F180.169.147.146%3A18081%2Fxingrg%2F&costTime=31×tamp=1713747065213 HTTP/1.1" 200 7641
101.80.230.31 - - [22/Apr/2024:08:51:05 +0800] "GET /favicon.ico HTTP/1.1" 404 -
120.253.135.82 - - [22/Apr/2024:08:51:09 +0800] "GET /xingrg/all/function/internal_message.html?_=1713746914142&CODE_STATE=getMsg HTTP/1.1" 200 27
101.80.230.31 - - [22/Apr/2024:08:51:10 +0800] "POST /xingrg/login.do HTTP/1.1" 302 -
101.80.230.31 - - [22/Apr/2024:08:51:10 +0800] "GET /xingrg/index.html?sysBaseUrl=http%3A%2F%2F180.169.147.146%3A18081%2Fxingrg%2F&costTime=834×tamp=1713747070101 HTTP/1.1" 200 17503
101.80.230.31 - - [22/Apr/2024:08:51:10 +0800] "GET /favicon.ico HTTP/1.1" 404 -
101.80.230.31 - - [22/Apr/2024:08:51:10 +0800] "GET /xingrg/all/function/internal_message.html?_=1713747084240&CODE_STATE=count HTTP/1.1" 200 11
101.80.230.31 - - [22/Apr/2024:08:51:10 +0800] "GET /xingrg/check_reg.html?_=1713747084241 HTTP/1.1" 200 22
101.80.230.31 - - [22/Apr/2024:08:51:10 +0800] "POST /xingrg/all/common/load_tree.html?tree=area_rest_tree_json&manage=1 HTTP/1.1" 200 2231
101.80.230.31 - - [22/Apr/2024:08:51:10 +0800] "POST /xingrg/load_menu.html HTTP/1.1" 200 11564
116.224.254.208 - - [22/Apr/2024:08:51:17 +0800] "GET /xingrg/all/function/internal_message.html?_=1713747076793&CODE_STATE=getMsg HTTP/1.1" 200 27
221.239.169.251 - - [22/Apr/2024:08:51:20 +0800] "GET /xingrg/all/function/internal_message.html?_=1713747078763&CODE_STATE=getMsg HTTP/1.1" 200 27
116.232.195.13 - - [22/Apr/2024:08:51:28 +0800] "GET /xingrg/all/function/internal_message.html?_=1713747080356&CODE_STATE=getMsg HTTP/1.1" 200 27
101.80.230.31 - - [22/Apr/2024:08:51:35 +0800] "POST /xingrg/load_menu.html HTTP/1.1" 200 10483
101.80.230.31 - - [22/Apr/2024:08:51:36 +0800] "GET /xingrg/all/report/report_query.html?fileName=dma/new_5.0/yingye/yy_hz.xml&rw=1600 HTTP/1.1" 200 56155
101.80.230.31 - - [22/Apr/2024:08:51:36 +0800] "GET /xingrg/dwr/interface/AjaxReportQueryService.js HTTP/1.1" 200 13203
101.80.230.31 - - [22/Apr/2024:08:51:36 +0800] "GET /xingrg/dwr/engine.js HTTP/1.1" 200 43631
101.80.230.31 - - [22/Apr/2024:08:51:36 +0800] "POST /xingrg/dwr/call/plaincall/AjaxReportQueryService.getFixDate.dwr HTTP/1.1" 200 111
101.80.230.31 - - [22/Apr/2024:08:51:36 +0800] "POST /xingrg/all/common/load_tree.html?tree=area_station_tree_json&manage=1 HTTP/1.1" 200 2159
116.232.195.13 - - [22/Apr/2024:08:51:36 +0800] "GET /xingrg/all/function/internal_message.html?_=1713747088264&CODE_STATE=getMsg HTTP/1.1" 200 27
124.78.56.241 - - [22/Apr/2024:08:51:39 +0800] "GET /xingrg/all/function/internal_message.html?_=1713747099196&CODE_STATE=getMsg HTTP/1.1" 200 27
116.232.195.13 - - [22/Apr/2024:08:51:59 +0800] "GET /xingrg/all/function/internal_message.html?_=1713747111161&CODE_STATE=getMsg HTTP/1.1" 200 27
101.80.230.31 - - [22/Apr/2024:08:52:02 +0800] "POST /xingrg/dwr/call/plaincall/AjaxReportQueryService.refreshCache.dwr HTTP/1.1" 200 78
101.83.144.49 - - [22/Apr/2024:08:52:03 +0800] "GET /xingrg/all/function/internal_message.html?_=1713747125143&CODE_STATE=getMsg HTTP/1.1" 200 27
101.80.230.31 - - [22/Apr/2024:08:52:04 +0800] "POST /xingrg/all/report/load_report_page.html HTTP/1.1" 200 128099
101.80.230.31 - - [22/Apr/2024:08:52:04 +0800] "GET /xingrg/servlets/image?cache=0.6368645951781394&image=px HTTP/1.1" 200 807
120.253.135.82 - - [22/Apr/2024:08:52:09 +0800] "GET /xingrg/all/function/internal_message.html?_=1713746974148&CODE_STATE=getMsg HTTP/1.1" 200 27
101.80.230.31 - - [22/Apr/2024:08:52:10 +0800] "GET /xingrg/all/function/internal_message.html?_=1713747144245&CODE_STATE=getMsg HTTP/1.1" 200 27
116.224.254.208 - - [22/Apr/2024:08:52:17 +0800] "GET /xingrg/all/function/internal_message.html?_=1713747136795&CODE_STATE=getMsg HTTP/1.1" 200 27
116.224.254.208 - - [22/Apr/2024:08:52:17 +0800] "GET /xingrg/check_reg.html?_=1713747136798 HTTP/1.1" 200 22
221.239.169.251 - - [22/Apr/2024:08:52:20 +0800] "GET /xingrg/all/function/internal_message.html?_=1713747138759&CODE_STATE=getMsg HTTP/1.1" 200 27
101.80.230.31 - - [22/Apr/2024:08:52:21 +0800] "POST /xingrg/dwr/call/plaincall/AjaxReportQueryService.refreshCache.dwr HTTP/1.1" 200 78
101.80.230.31 - - [22/Apr/2024:08:52:23 +0800] "POST /xingrg/all/report/load_report_page.html HTTP/1.1" 200 128103
101.80.230.31 - - [22/Apr/2024:08:52:23 +0800] "GET /xingrg/servlets/image?cache=0.1085246471137189&image=px HTTP/1.1" 200 807
116.232.195.13 - - [22/Apr/2024:08:52:28 +0800] "GET /xingrg/all/function/internal_message.html?_=1713747140341&CODE_STATE=getMsg HTTP/1.1" 200 27
116.232.195.13 - - [22/Apr/2024:08:52:36 +0800] "GET /xingrg/all/function/internal_message.html?_=1713747148251&CODE_STATE=getMsg HTTP/1.1" 200 27
124.78.56.241 - - [22/Apr/2024:08:52:39 +0800] "GET /xingrg/all/function/internal_message.html?_=1713747159176&CODE_STATE=getMsg HTTP/1.1" 200 27
116.232.195.13 - - [22/Apr/2024:08:52:59 +0800] "GET /xingrg/all/function/internal_message.html?_=1713747171138&CODE_STATE=getMsg HTTP/1.1" 200 27
222.70.244.105 - - [22/Apr/2024:08:53:00 +0800] "GET /xingrg/check_reg.html?_=1713747206938 HTTP/1.1" 302 -
101.83.144.49 - - [22/Apr/2024:08:53:03 +0800] "GET /xingrg/check_reg.html?_=1713747185143 HTTP/1.1" 200 22
101.83.144.49 - - [22/Apr/2024:08:53:03 +0800] "GET /xingrg/all/function/internal_message.html?_=1713747185146&CODE_STATE=getMsg HTTP/1.1" 200 27
120.253.135.82 - - [22/Apr/2024:08:53:06 +0800] "GET /xingrg/check_reg.html?_=1713747031191 HTTP/1.1" 200 22
120.253.135.82 - - [22/Apr/2024:08:53:10 +0800] "GET /xingrg/all/function/internal_message.html?_=1713747034161&CODE_STATE=getMsg HTTP/1.1" 200 27
101.80.230.31 - - [22/Apr/2024:08:53:10 +0800] "GET /xingrg/all/function/internal_message.html?_=1713747204243&CODE_STATE=getMsg HTTP/1.1" 200 27
116.232.195.13 - - [22/Apr/2024:08:53:16 +0800] "GET /xingrg/check_reg.html?_=1713747188009 HTTP/1.1" 200 22
116.224.254.208 - - [22/Apr/2024:08:53:17 +0800] "GET /xingrg/all/function/internal_message.html?_=1713747196783&CODE_STATE=getMsg HTTP/1.1" 200 27
221.239.169.251 - - [22/Apr/2024:08:53:20 +0800] "GET /xingrg/all/function/internal_message.html?_=1713747198772&CODE_STATE=getMsg HTTP/1.1" 200 27
116.232.195.13 - - [22/Apr/2024:08:53:28 +0800] "GET /xingrg/all/function/internal_message.html?_=1713747200314&CODE_STATE=getMsg HTTP/1.1" 200 27
101.80.230.31 - - [22/Apr/2024:08:53:31 +0800] "POST /xingrg/dwr/call/plaincall/AjaxReportQueryService.refreshCache.dwr HTTP/1.1" 200 78
101.80.230.31 - - [22/Apr/2024:08:53:32 +0800] "POST /xingrg/all/report/load_report_page.html HTTP/1.1" 200 128103
101.80.230.31 - - [22/Apr/2024:08:53:32 +0800] "GET /xingrg/servlets/image?cache=0.4140073953811165&image=px HTTP/1.1" 200 807
116.232.195.13 - - [22/Apr/2024:08:53:36 +0800] "GET /xingrg/all/function/internal_message.html?_=1713747208238&CODE_STATE=getMsg HTTP/1.1" 200 27
124.78.56.241 - - [22/Apr/2024:08:53:39 +0800] "GET /xingrg/all/function/internal_message.html?_=1713747219154&CODE_STATE=getMsg HTTP/1.1" 200 27
101.80.230.31 - - [22/Apr/2024:08:53:40 +0800] "POST /xingrg/dwr/call/plaincall/AjaxReportQueryService.refreshCache.dwr HTTP/1.1" 200 78
101.80.230.31 - - [22/Apr/2024:08:53:41 +0800] "POST /xingrg/all/report/load_report_page.html HTTP/1.1" 200 128210
101.80.230.31 - - [22/Apr/2024:08:53:41 +0800] "GET /xingrg/servlets/image?cache=0.30016599969633706&image=px HTTP/1.1" 200 807
116.232.195.13 - - [22/Apr/2024:08:53:59 +0800] "GET /xingrg/all/function/internal_message.html?_=1713747231130&CODE_STATE=getMsg HTTP/1.1" 200 27
101.83.144.49 - - [22/Apr/2024:08:54:03 +0800] "GET /xingrg/all/function/internal_message.html?_=1713747245141&CODE_STATE=getMsg HTTP/1.1" 200 27
120.253.135.82 - - [22/Apr/2024:08:54:09 +0800] "GET /xingrg/all/function/internal_message.html?_=1713747094174&CODE_STATE=getMsg HTTP/1.1" 200 27
101.80.230.31 - - [22/Apr/2024:08:54:10 +0800] "GET /xingrg/all/function/internal_message.html?_=1713747250324&CODE_STATE=getMsg HTTP/1.1" 200 27
116.224.254.208 - - [22/Apr/2024:08:54:17 +0800] "GET /xingrg/all/function/internal_message.html?_=1713747256775&CODE_STATE=getMsg HTTP/1.1" 200 27
221.239.169.251 - - [22/Apr/2024:08:54:20 +0800] "GET /xingrg/all/function/internal_message.html?_=1713747258763&CODE_STATE=getMsg HTTP/1.1" 200 27
101.80.230.31 - - [22/Apr/2024:08:54:22 +0800] "POST /xingrg/dwr/call/plaincall/AjaxReportQueryService.refreshCache.dwr HTTP/1.1" 200 78
116.232.195.13 - - [22/Apr/2024:08:54:28 +0800] "GET /xingrg/all/function/internal_message.html?_=1713747260296&CODE_STATE=getMsg HTTP/1.1" 200 27
101.80.230.31 - - [22/Apr/2024:08:54:35 +0800] "POST /xingrg/all/report/load_report_page.html HTTP/1.1" 200 128182
101.80.230.31 - - [22/Apr/2024:08:54:35 +0800] "GET /xingrg/servlets/image?cache=0.19316952584751845&image=px HTTP/1.1" 200 807
116.232.195.13 - - [22/Apr/2024:08:54:36 +0800] "GET /xingrg/all/function/internal_message.html?_=1713747268249&CODE_STATE=getMsg HTTP/1.1" 200 27
124.78.56.241 - - [22/Apr/2024:08:54:39 +0800] "GET /xingrg/all/function/internal_message.html?_=1713747279134&CODE_STATE=getMsg HTTP/1.1" 200 27
101.80.230.31 - - [22/Apr/2024:08:54:57 +0800] "POST /xingrg/dwr/call/plaincall/AjaxReportQueryService.getFixDate.dwr HTTP/1.1" 200 111
101.80.230.31 - - [22/Apr/2024:08:54:58 +0800] "POST /xingrg/dwr/call/plaincall/AjaxReportQueryService.refreshCache.dwr HTTP/1.1" 200 78
116.232.195.13 - - [22/Apr/2024:08:54:59 +0800] "GET /xingrg/all/function/internal_message.html?_=1713747291108&CODE_STATE=getMsg HTTP/1.1" 200 27
101.80.230.31 - - [22/Apr/2024:08:55:00 +0800] "POST /xingrg/all/report/load_report_page.html HTTP/1.1" 200 136946
101.80.230.31 - - [22/Apr/2024:08:55:00 +0800] "GET /xingrg/servlets/image?cache=0.4690937274894117&image=px HTTP/1.1" 200 807
101.83.144.49 - - [22/Apr/2024:08:55:03 +0800] "GET /xingrg/all/function/internal_message.html?_=1713747305143&CODE_STATE=getMsg HTTP/1.1" 200 27
120.253.135.82 - - [22/Apr/2024:08:55:09 +0800] "GET /xingrg/all/function/internal_message.html?_=1713747154454&CODE_STATE=getMsg HTTP/1.1" 200 27
101.80.230.31 - - [22/Apr/2024:08:55:10 +0800] "GET /xingrg/all/function/internal_message.html?_=1713747310328&CODE_STATE=getMsg HTTP/1.1" 200 27
116.224.254.208 - - [22/Apr/2024:08:55:17 +0800] "GET /xingrg/all/function/internal_message.html?_=1713747316789&CODE_STATE=getMsg HTTP/1.1" 200 27
221.239.169.251 - - [22/Apr/2024:08:55:20 +0800] "GET /xingrg/all/function/internal_message.html?_=1713747318763&CODE_STATE=getMsg HTTP/1.1" 200 27
221.239.169.251 - - [22/Apr/2024:08:55:20 +0800] "GET /xingrg/check_reg.html?_=1713747318803 HTTP/1.1" 200 22
101.83.144.49 - - [22/Apr/2024:08:55:25 +0800] "GET /xingrg/kc/buy/cgsh_order_operate.html?command=get_materiel&rest_code=00105&code=00101008059&supplier_code=00100008&order_time=2024-04-22 HTTP/1.1" 200 408
116.232.195.13 - - [22/Apr/2024:08:55:28 +0800] "GET /xingrg/all/function/internal_message.html?_=1713747320277&CODE_STATE=getMsg HTTP/1.1" 200 27
116.232.195.13 - - [22/Apr/2024:08:55:36 +0800] "GET /xingrg/all/function/internal_message.html?_=1713747328239&CODE_STATE=getMsg HTTP/1.1" 200 27
116.232.195.13 - - [22/Apr/2024:08:55:36 +0800] "GET /xingrg/check_reg.html?_=1713747328240 HTTP/1.1" 200 22
124.78.56.241 - - [22/Apr/2024:08:55:39 +0800] "GET /xingrg/all/function/internal_message.html?_=1713747339118&CODE_STATE=getMsg HTTP/1.1" 200 27
116.232.195.13 - - [22/Apr/2024:08:55:42 +0800] "GET /xingrg/check_reg.html?_=1713747333930 HTTP/1.1" 200 22
101.83.144.49 - - [22/Apr/2024:08:55:47 +0800] "POST /xingrg/kc/buy/cgsh_order_operate.html HTTP/1.1" 200 37
116.232.195.13 - - [22/Apr/2024:08:55:59 +0800] "GET /xingrg/all/function/internal_message.html?_=1713747351083&CODE_STATE=getMsg HTTP/1.1" 200 27
101.83.144.49 - - [22/Apr/2024:08:56:00 +0800] "POST /xingrg/kc/buy/cgsh_order_operate.html HTTP/1.1" 200 32846
124.78.56.241 - - [22/Apr/2024:08:56:00 +0800] "GET /xingrg/check_reg.html?_=1713747360469 HTTP/1.1" 200 22
101.83.144.49 - - [22/Apr/2024:08:56:03 +0800] "GET /xingrg/all/function/internal_message.html?_=1713747365148&CODE_STATE=getMsg HTTP/1.1" 200 27
120.253.135.82 - - [22/Apr/2024:08:56:09 +0800] "GET /xingrg/all/function/internal_message.html?_=1713747214467&CODE_STATE=getMsg HTTP/1.1" 200 27
101.80.230.31 - - [22/Apr/2024:08:56:10 +0800] "GET /xingrg/check_reg.html?_=1713747370329 HTTP/1.1" 200 22
101.80.230.31 - - [22/Apr/2024:08:56:10 +0800] "GET /xingrg/all/function/internal_message.html?_=1713747370341&CODE_STATE=getMsg HTTP/1.1" 200 27
116.224.254.208 - - [22/Apr/2024:08:56:17 +0800] "GET /xingrg/all/function/internal_message.html?_=1713747376783&CODE_STATE=getMsg HTTP/1.1" 200 27
221.239.169.251 - - [22/Apr/2024:08:56:20 +0800] "GET /xingrg/all/function/internal_message.html?_=1713747378773&CODE_STATE=getMsg HTTP/1.1" 200 27
116.232.195.13 - - [22/Apr/2024:08:56:28 +0800] "GET /xingrg/all/function/internal_message.html?_=1713747380266&CODE_STATE=getMsg HTTP/1.1" 200 27
116.232.195.13 - - [22/Apr/2024:08:56:36 +0800] "GET /xingrg/all/function/internal_message.html?_=1713747388250&CODE_STATE=getMsg HTTP/1.1" 200 27
124.78.56.241 - - [22/Apr/2024:08:56:39 +0800] "GET /xingrg/all/function/internal_message.html?_=1713747399107&CODE_STATE=getMsg HTTP/1.1" 200 27
101.80.230.31 - - [22/Apr/2024:08:56:43 +0800] "GET /xingrg/logout.do HTTP/1.1" 302 -
101.80.230.31 - - [22/Apr/2024:08:56:43 +0800] "GET /xingrg/login.html?sysBaseUrl=http%3A%2F%2F180.169.147.146%3A18081%2Fxingrg%2F&costTime=31×tamp=1713747403606 HTTP/1.1" 200 7641
101.80.230.31 - - [22/Apr/2024:08:56:43 +0800] "GET /favicon.ico HTTP/1.1" 404 -
116.224.254.208 - - [22/Apr/2024:08:56:58 +0800] "GET /xingrg/kc/buy/cgsh_order_list.html HTTP/1.1" 200 58227
116.232.195.13 - - [22/Apr/2024:08:56:59 +0800] "GET /xingrg/all/function/internal_message.html?_=1713747411082&CODE_STATE=getMsg HTTP/1.1" 200 27
116.224.254.208 - - [22/Apr/2024:08:57:00 +0800] "POST /xingrg/kc/buy/cgsh_list_operate.html HTTP/1.1" 200 645
116.224.254.208 - - [22/Apr/2024:08:57:02 +0800] "GET /xingrg/kc/buy/cgsh_order_add.html HTTP/1.1" 200 74078
116.224.254.208 - - [22/Apr/2024:08:57:02 +0800] "POST /xingrg/kc/buy/cgsh_order_operate.html HTTP/1.1" 200 8245
116.224.254.208 - - [22/Apr/2024:08:57:02 +0800] "GET /xingrg/javascript/easyui/themes/default/validatebox.css HTTP/1.1" 404 1104
101.80.230.31 - - [22/Apr/2024:08:57:03 +0800] "POST /xingrg/login.do HTTP/1.1" 302 -
101.80.230.31 - - [22/Apr/2024:08:57:03 +0800] "GET /xingrg/index.html?sysBaseUrl=http%3A%2F%2F180.169.147.146%3A18081%2Fxingrg%2F&costTime=811×tamp=1713747423218 HTTP/1.1" 200 17179
101.80.230.31 - - [22/Apr/2024:08:57:03 +0800] "GET /favicon.ico HTTP/1.1" 404 -
101.83.144.49 - - [22/Apr/2024:08:57:03 +0800] "GET /xingrg/all/function/internal_message.html?_=1713747425272&CODE_STATE=getMsg HTTP/1.1" 200 27
101.80.230.31 - - [22/Apr/2024:08:57:03 +0800] "GET /xingrg/check_reg.html?_=1713747423440 HTTP/1.1" 200 22
101.80.230.31 - - [22/Apr/2024:08:57:03 +0800] "GET /xingrg/all/function/internal_message.html?_=1713747423440&CODE_STATE=count HTTP/1.1" 200 11
101.80.230.31 - - [22/Apr/2024:08:57:03 +0800] "POST /xingrg/all/common/load_tree.html?tree=area_rest_tree_json&manage=1 HTTP/1.1" 200 351
101.80.230.31 - - [22/Apr/2024:08:57:03 +0800] "POST /xingrg/load_menu.html HTTP/1.1" 200 5138
101.80.230.31 - - [22/Apr/2024:08:57:07 +0800] "GET /xingrg/kc/mdqp/qp_main.html HTTP/1.1" 200 10633
101.80.230.31 - - [22/Apr/2024:08:57:07 +0800] "GET /xingrg/images/yd/bt.gif HTTP/1.1" 404 1040
101.80.230.31 - - [22/Apr/2024:08:57:09 +0800] "GET /xingrg/kc/mdqp/pssh_order_list.html HTTP/1.1" 200 17927
116.224.254.208 - - [22/Apr/2024:08:57:09 +0800] "GET /xingrg/kc/buy/cgsh_order_operate.html?command=get_materiel&rest_code=00150&code=00101002005&supplier_code=00100151&order_time=2024-04-22 HTTP/1.1" 200 432
120.253.135.82 - - [22/Apr/2024:08:57:09 +0800] "GET /xingrg/all/function/internal_message.html?_=1713747274733&CODE_STATE=getMsg HTTP/1.1" 200 27
101.80.230.31 - - [22/Apr/2024:08:57:09 +0800] "POST /xingrg/kc/mdqp/pssh_list_operate.html HTTP/1.1" 200 5362
116.224.254.208 - - [22/Apr/2024:08:57:17 +0800] "GET /xingrg/all/function/internal_message.html?_=1713747436794&CODE_STATE=getMsg HTTP/1.1" 200 27
116.224.254.208 - - [22/Apr/2024:08:57:17 +0800] "GET /xingrg/check_reg.html?_=1713747436797 HTTP/1.1" 200 22
101.80.230.31 - - [22/Apr/2024:08:57:19 +0800] "POST /xingrg/kc/mdqp/pssh_list_operate.html HTTP/1.1" 200 798
101.80.230.31 - - [22/Apr/2024:08:57:19 +0800] "POST /xingrg/kc/mdqp/pssh_list_operate.html HTTP/1.1" 200 373
221.239.169.251 - - [22/Apr/2024:08:57:20 +0800] "GET /xingrg/all/function/internal_message.html?_=1713747438764&CODE_STATE=getMsg HTTP/1.1" 200 27
101.80.230.31 - - [22/Apr/2024:08:57:25 +0800] "POST /xingrg/kc/mdqp/pssh_list_operate.html HTTP/1.1" 200 465
116.232.195.13 - - [22/Apr/2024:08:57:28 +0800] "GET /xingrg/all/function/internal_message.html?_=1713747440252&CODE_STATE=getMsg HTTP/1.1" 200 27
116.224.254.208 - - [22/Apr/2024:08:57:29 +0800] "GET /xingrg/kc/buy/cgsh_order_operate.html?command=get_materiel&rest_code=00150&code=00101005037&supplier_code=00100151&order_time=2024-04-22 HTTP/1.1" 200 409
116.232.195.13 - - [22/Apr/2024:08:57:36 +0800] "GET /xingrg/all/function/internal_message.html?_=1713747448240&CODE_STATE=getMsg HTTP/1.1" 200 27
101.80.230.31 - - [22/Apr/2024:08:57:36 +0800] "GET /xingrg/kc/mdqp/pssh_order_info.html?code=312024042000316 HTTP/1.1" 200 17303
101.80.230.31 - - [22/Apr/2024:08:57:36 +0800] "GET /xingrg/javascript/jquery_tools/jquery-1.4.2.min.js HTTP/1.1" 404 1094
101.80.230.31 - - [22/Apr/2024:08:57:37 +0800] "GET /xingrg/javascript/easyui/themes/default/validatebox.css HTTP/1.1" 404 1104
101.80.230.31 - - [22/Apr/2024:08:57:37 +0800] "POST /xingrg/kc/mdqp/pssh_order_operate.html HTTP/1.1" 200 7956
124.78.56.241 - - [22/Apr/2024:08:57:39 +0800] "GET /xingrg/all/function/internal_message.html?_=1713747459086&CODE_STATE=getMsg HTTP/1.1" 200 27
101.83.144.49 - - [22/Apr/2024:08:57:55 +0800] "POST /xingrg/kc/buy/cgsh_order_operate.html HTTP/1.1" 200 37
116.232.195.13 - - [22/Apr/2024:08:57:59 +0800] "GET /xingrg/all/function/internal_message.html?_=1713747471059&CODE_STATE=getMsg HTTP/1.1" 200 27
116.224.254.208 - - [22/Apr/2024:08:57:59 +0800] "POST /xingrg/kc/buy/cgsh_order_operate.html HTTP/1.1" 200 37
101.83.144.49 - - [22/Apr/2024:08:58:00 +0800] "POST /xingrg/kc/buy/cgsh_order_operate.html HTTP/1.1" 200 32846
222.70.244.105 - - [22/Apr/2024:08:58:00 +0800] "GET /xingrg/check_reg.html?_=1713747506998 HTTP/1.1" 302 -
222.70.244.105 - - [22/Apr/2024:08:58:01 +0800] "POST /xingrg/services/DataTransmitService HTTP/1.1" 200 524
101.83.144.49 - - [22/Apr/2024:08:58:03 +0800] "GET /xingrg/all/function/internal_message.html?_=1713747485139&CODE_STATE=getMsg HTTP/1.1" 200 27
101.83.144.49 - - [22/Apr/2024:08:58:03 +0800] "GET /xingrg/check_reg.html?_=1713747485140 HTTP/1.1" 200 22
101.80.230.31 - - [22/Apr/2024:08:58:03 +0800] "GET /xingrg/all/function/internal_message.html?_=1713747483454&CODE_STATE=getMsg HTTP/1.1" 200 27
120.253.135.82 - - [22/Apr/2024:08:58:06 +0800] "GET /xingrg/check_reg.html?_=1713747331187 HTTP/1.1" 200 22
116.224.254.208 - - [22/Apr/2024:08:58:07 +0800] "POST /xingrg/kc/buy/cgsh_order_operate.html HTTP/1.1" 200 12
116.224.254.208 - - [22/Apr/2024:08:58:09 +0800] "GET /xingrg/kc/buy/cgsh_order_info.html?code=212024042205866 HTTP/1.1" 200 68939
116.224.254.208 - - [22/Apr/2024:08:58:09 +0800] "GET /xingrg/javascript/easyui/themes/default/validatebox.css HTTP/1.1" 404 1104
120.253.135.82 - - [22/Apr/2024:08:58:09 +0800] "GET /xingrg/all/function/internal_message.html?_=1713747334744&CODE_STATE=getMsg HTTP/1.1" 200 27
116.224.254.208 - - [22/Apr/2024:08:58:10 +0800] "POST /xingrg/kc/buy/cgsh_order_operate.html HTTP/1.1" 200 1200
116.224.254.208 - - [22/Apr/2024:08:58:14 +0800] "GET /xingrg/kc/print/load_data.html?order_code=212024042205866&kc_code=cgsh&condition= HTTP/1.1" 200 907
116.232.195.13 - - [22/Apr/2024:08:58:16 +0800] "GET /xingrg/check_reg.html?_=1713747487992 HTTP/1.1" 200 22
116.224.254.208 - - [22/Apr/2024:08:58:17 +0800] "GET /xingrg/all/function/internal_message.html?_=1713747496785&CODE_STATE=getMsg HTTP/1.1" 200 27
221.239.169.251 - - [22/Apr/2024:08:58:20 +0800] "GET /xingrg/all/function/internal_message.html?_=1713747498766&CODE_STATE=getMsg HTTP/1.1" 200 27
116.232.195.13 - - [22/Apr/2024:08:58:28 +0800] "GET /xingrg/all/function/internal_message.html?_=1713747500224&CODE_STATE=getMsg HTTP/1.1" 200 27
116.232.195.13 - - [22/Apr/2024:08:58:36 +0800] "GET /xingrg/all/function/internal_message.html?_=1713747508243&CODE_STATE=getMsg HTTP/1.1" 200 27
124.78.56.241 - - [22/Apr/2024:08:58:39 +0800] "GET /xingrg/all/function/internal_message.html?_=1713747519065&CODE_STATE=getMsg HTTP/1.1" 200 27
116.224.254.208 - - [22/Apr/2024:08:58:41 +0800] "POST /xingrg/services/DataTransmitService HTTP/1.1" 200 524
116.232.195.13 - - [22/Apr/2024:08:58:59 +0800] "GET /xingrg/all/function/internal_message.html?_=1713747531053&CODE_STATE=getMsg HTTP/1.1" 200 27
101.83.144.49 - - [22/Apr/2024:08:59:03 +0800] "GET /xingrg/all/function/internal_message.html?_=1713747545135&CODE_STATE=getMsg HTTP/1.1" 200 27
101.80.230.31 - - [22/Apr/2024:08:59:03 +0800] "GET /xingrg/all/function/internal_message.html?_=1713747543447&CODE_STATE=getMsg HTTP/1.1" 200 27
120.253.135.82 - - [22/Apr/2024:08:59:09 +0800] "GET /xingrg/all/function/internal_message.html?_=1713747394757&CODE_STATE=getMsg HTTP/1.1" 200 27
116.224.254.208 - - [22/Apr/2024:08:59:17 +0800] "GET /xingrg/all/function/internal_message.html?_=1713747556772&CODE_STATE=getMsg HTTP/1.1" 200 27
221.239.169.251 - - [22/Apr/2024:08:59:20 +0800] "GET /xingrg/all/function/internal_message.html?_=1713747558770&CODE_STATE=getMsg HTTP/1.1" 200 27
116.232.195.13 - - [22/Apr/2024:08:59:28 +0800] "GET /xingrg/all/function/internal_message.html?_=1713747560202&CODE_STATE=getMsg HTTP/1.1" 200 27
116.232.195.13 - - [22/Apr/2024:08:59:36 +0800] "GET /xingrg/all/function/internal_message.html?_=1713747568256&CODE_STATE=getMsg HTTP/1.1" 200 27
124.78.56.241 - - [22/Apr/2024:08:59:39 +0800] "GET /xingrg/all/function/internal_message.html?_=1713747579037&CODE_STATE=getMsg HTTP/1.1" 200 27
116.232.195.13 - - [22/Apr/2024:08:59:59 +0800] "GET /xingrg/all/function/internal_message.html?_=1713747591051&CODE_STATE=getMsg HTTP/1.1" 200 27
101.83.144.49 - - [22/Apr/2024:09:00:03 +0800] "GET /xingrg/all/function/internal_message.html?_=1713747605136&CODE_STATE=getMsg HTTP/1.1" 200 27
101.80.230.31 - - [22/Apr/2024:09:00:03 +0800] "GET /xingrg/all/function/internal_message.html?_=1713747603445&CODE_STATE=getMsg HTTP/1.1" 200 27
120.253.135.82 - - [22/Apr/2024:09:00:10 +0800] "GET /xingrg/all/function/internal_message.html?_=1713747455028&CODE_STATE=getMsg HTTP/1.1" 200 27
116.224.254.208 - - [22/Apr/2024:09:00:17 +0800] "GET /xingrg/all/function/internal_message.html?_=1713747616779&CODE_STATE=getMsg HTTP/1.1" 200 27
221.239.169.251 - - [22/Apr/2024:09:00:20 +0800] "GET /xingrg/all/function/internal_message.html?_=1713747618775&CODE_STATE=getMsg HTTP/1.1" 200 27
221.239.169.251 - - [22/Apr/2024:09:00:20 +0800] "GET /xingrg/check_reg.html?_=1713747618780 HTTP/1.1" 200 22
116.232.195.13 - - [22/Apr/2024:09:00:28 +0800] "GET /xingrg/all/function/internal_message.html?_=1713747620173&CODE_STATE=getMsg HTTP/1.1" 200 27
116.232.195.13 - - [22/Apr/2024:09:00:36 +0800] "GET /xingrg/check_reg.html?_=1713747628249 HTTP/1.1" 200 22
116.232.195.13 - - [22/Apr/2024:09:00:36 +0800] "GET /xingrg/all/function/internal_message.html?_=1713747628251&CODE_STATE=getMsg HTTP/1.1" 200 27
124.78.56.241 - - [22/Apr/2024:09:00:39 +0800] "GET /xingrg/all/function/internal_message.html?_=1713747639021&CODE_STATE=getMsg HTTP/1.1" 200 27
116.232.195.13 - - [22/Apr/2024:09:00:42 +0800] "GET /xingrg/check_reg.html?_=1713747633912 HTTP/1.1" 200 22
116.232.195.13 - - [22/Apr/2024:09:00:59 +0800] "GET /xingrg/all/function/internal_message.html?_=1713747651033&CODE_STATE=getMsg HTTP/1.1" 200 27
124.78.56.241 - - [22/Apr/2024:09:01:00 +0800] "GET /xingrg/check_reg.html?_=1713747660477 HTTP/1.1" 200 22
101.83.144.49 - - [22/Apr/2024:09:01:03 +0800] "GET /xingrg/all/function/internal_message.html?_=1713747665136&CODE_STATE=getMsg HTTP/1.1" 200 27
101.80.230.31 - - [22/Apr/2024:09:01:03 +0800] "GET /xingrg/all/function/internal_message.html?_=1713747663449&CODE_STATE=getMsg HTTP/1.1" 200 27
120.253.135.82 - - [22/Apr/2024:09:01:10 +0800] "GET /xingrg/all/function/internal_message.html?_=1713747515033&CODE_STATE=getMsg HTTP/1.1" 200 27
116.224.254.208 - - [22/Apr/2024:09:01:17 +0800] "GET /xingrg/all/function/internal_message.html?_=1713747676785&CODE_STATE=getMsg HTTP/1.1" 200 27
221.239.169.251 - - [22/Apr/2024:09:01:20 +0800] "GET /xingrg/all/function/internal_message.html?_=1713747678775&CODE_STATE=getMsg HTTP/1.1" 200 27
116.232.195.13 - - [22/Apr/2024:09:01:28 +0800] "GET /xingrg/all/function/internal_message.html?_=1713747680148&CODE_STATE=getMsg HTTP/1.1" 200 27
116.232.195.13 - - [22/Apr/2024:09:01:36 +0800] "GET /xingrg/all/function/internal_message.html?_=1713747688241&CODE_STATE=getMsg HTTP/1.1" 200 27
124.78.56.241 - - [22/Apr/2024:09:01:38 +0800] "GET /xingrg/all/function/internal_message.html?_=1713747699001&CODE_STATE=getMsg HTTP/1.1" 200 27
116.232.195.13 - - [22/Apr/2024:09:01:59 +0800] "GET /xingrg/all/function/internal_message.html?_=1713747711008&CODE_STATE=getMsg HTTP/1.1" 200 27
101.83.144.49 - - [22/Apr/2024:09:02:03 +0800] "GET /xingrg/all/function/internal_message.html?_=1713747725134&CODE_STATE=getMsg HTTP/1.1" 200 27
101.80.230.31 - - [22/Apr/2024:09:02:03 +0800] "GET /xingrg/check_reg.html?_=1713747723455 HTTP/1.1" 200 22
101.80.230.31 - - [22/Apr/2024:09:02:03 +0800] "GET /xingrg/all/function/internal_message.html?_=1713747723467&CODE_STATE=getMsg HTTP/1.1" 200 27
120.253.135.82 - - [22/Apr/2024:09:02:10 +0800] "GET /xingrg/all/function/internal_message.html?_=1713747575288&CODE_STATE=getMsg HTTP/1.1" 200 27
116.224.254.208 - - [22/Apr/2024:09:02:17 +0800] "GET /xingrg/all/function/internal_message.html?_=1713747736775&CODE_STATE=getMsg HTTP/1.1" 200 27
116.224.254.208 - - [22/Apr/2024:09:02:17 +0800] "GET /xingrg/check_reg.html?_=1713747736779 HTTP/1.1" 200 22
221.239.169.251 - - [22/Apr/2024:09:02:20 +0800] "GET /xingrg/all/function/internal_message.html?_=1713747738785&CODE_STATE=getMsg HTTP/1.1" 200 27
116.232.195.13 - - [22/Apr/2024:09:02:28 +0800] "GET /xingrg/all/function/internal_message.html?_=1713747740124&CODE_STATE=getMsg HTTP/1.1" 200 27
116.232.195.13 - - [22/Apr/2024:09:02:36 +0800] "GET /xingrg/all/function/internal_message.html?_=1713747748254&CODE_STATE=getMsg HTTP/1.1" 200 27
124.78.56.241 - - [22/Apr/2024:09:02:38 +0800] "GET /xingrg/all/function/internal_message.html?_=1713747758975&CODE_STATE=getMsg HTTP/1.1" 200 27
116.232.195.13 - - [22/Apr/2024:09:02:59 +0800] "GET /xingrg/all/function/internal_message.html?_=1713747770983&CODE_STATE=getMsg HTTP/1.1" 200 27
222.70.244.105 - - [22/Apr/2024:09:03:00 +0800] "GET /xingrg/check_reg.html?_=1713747807051 HTTP/1.1" 302 -
101.83.144.49 - - [22/Apr/2024:09:03:03 +0800] "GET /xingrg/all/function/internal_message.html?_=1713747785137&CODE_STATE=getMsg HTTP/1.1" 200 27
101.83.144.49 - - [22/Apr/2024:09:03:03 +0800] "GET /xingrg/check_reg.html?_=1713747785140 HTTP/1.1" 200 22
101.80.230.31 - - [22/Apr/2024:09:03:03 +0800] "GET /xingrg/all/function/internal_message.html?_=1713747783451&CODE_STATE=getMsg HTTP/1.1" 200 27
120.253.135.82 - - [22/Apr/2024:09:03:06 +0800] "GET /xingrg/check_reg.html?_=1713747631199 HTTP/1.1" 200 22
120.253.135.82 - - [22/Apr/2024:09:03:10 +0800] "GET /xingrg/all/function/internal_message.html?_=1713747635295&CODE_STATE=getMsg HTTP/1.1" 200 27
116.232.195.13 - - [22/Apr/2024:09:03:16 +0800] "GET /xingrg/check_reg.html?_=1713747787972 HTTP/1.1" 200 22
116.224.254.208 - - [22/Apr/2024:09:03:17 +0800] "GET /xingrg/all/function/internal_message.html?_=1713747796794&CODE_STATE=getMsg HTTP/1.1" 200 27
221.239.169.251 - - [22/Apr/2024:09:03:20 +0800] "GET /xingrg/all/function/internal_message.html?_=1713747798792&CODE_STATE=getMsg HTTP/1.1" 200 27
116.232.195.13 - - [22/Apr/2024:09:03:28 +0800] "GET /xingrg/all/function/internal_message.html?_=1713747800099&CODE_STATE=getMsg HTTP/1.1" 200 27
116.232.195.13 - - [22/Apr/2024:09:03:36 +0800] "GET /xingrg/all/function/internal_message.html?_=1713747808248&CODE_STATE=getMsg HTTP/1.1" 200 27
124.78.56.241 - - [22/Apr/2024:09:03:38 +0800] "GET /xingrg/all/function/internal_message.html?_=1713747818958&CODE_STATE=getMsg HTTP/1.1" 200 27
116.232.195.13 - - [22/Apr/2024:09:03:59 +0800] "GET /xingrg/all/function/internal_message.html?_=1713747830960&CODE_STATE=getMsg HTTP/1.1" 200 27
116.238.97.31 - - [22/Apr/2024:09:04:01 +0800] "GET /xingrg/login.html HTTP/1.1" 200 7641
116.238.97.31 - - [22/Apr/2024:09:04:02 +0800] "GET /favicon.ico HTTP/1.1" 404 -
101.83.144.49 - - [22/Apr/2024:09:04:03 +0800] "GET /xingrg/all/function/internal_message.html?_=1713747845143&CODE_STATE=getMsg HTTP/1.1" 200 27
101.80.230.31 - - [22/Apr/2024:09:04:03 +0800] "GET /xingrg/all/function/internal_message.html?_=1713747843458&CODE_STATE=getMsg HTTP/1.1" 200 27
116.238.97.31 - - [22/Apr/2024:09:04:03 +0800] "POST /xingrg/login.do HTTP/1.1" 302 -
116.238.97.31 - - [22/Apr/2024:09:04:04 +0800] "GET /xingrg/index.html?sysBaseUrl=http%3A%2F%2F180.169.147.146%3A18081%2Fxingrg%2F&costTime=854×tamp=1713747843861 HTTP/1.1" 200 17173
116.238.97.31 - - [22/Apr/2024:09:04:04 +0800] "GET /favicon.ico HTTP/1.1" 404 -
116.238.97.31 - - [22/Apr/2024:09:04:04 +0800] "GET /xingrg/all/function/internal_message.html?_=1713747846429&CODE_STATE=count HTTP/1.1" 200 11
116.238.97.31 - - [22/Apr/2024:09:04:04 +0800] "POST /xingrg/all/common/load_tree.html?tree=area_rest_tree_json&manage=1 HTTP/1.1" 200 342
116.238.97.31 - - [22/Apr/2024:09:04:04 +0800] "GET /xingrg/check_reg.html?_=1713747846430 HTTP/1.1" 200 22
116.238.97.31 - - [22/Apr/2024:09:04:04 +0800] "POST /xingrg/load_menu.html HTTP/1.1" 200 5138
120.253.135.82 - - [22/Apr/2024:09:04:10 +0800] "GET /xingrg/all/function/internal_message.html?_=1713747695309&CODE_STATE=getMsg HTTP/1.1" 200 27
116.224.254.208 - - [22/Apr/2024:09:04:17 +0800] "GET /xingrg/all/function/internal_message.html?_=1713747856790&CODE_STATE=getMsg HTTP/1.1" 200 27
221.239.169.251 - - [22/Apr/2024:09:04:20 +0800] "GET /xingrg/all/function/internal_message.html?_=1713747858774&CODE_STATE=getMsg HTTP/1.1" 200 27
116.232.195.13 - - [22/Apr/2024:09:04:28 +0800] "GET /xingrg/all/function/internal_message.html?_=1713747860082&CODE_STATE=getMsg HTTP/1.1" 200 27
116.232.195.13 - - [22/Apr/2024:09:04:36 +0800] "GET /xingrg/all/function/internal_message.html?_=1713747868247&CODE_STATE=getMsg HTTP/1.1" 200 27
124.78.56.241 - - [22/Apr/2024:09:04:38 +0800] "GET /xingrg/all/function/internal_message.html?_=1713747878939&CODE_STATE=getMsg HTTP/1.1" 200 27
101.83.144.49 - - [22/Apr/2024:09:04:49 +0800] "POST /xingrg/kc/buy/cgsh_order_operate.html HTTP/1.1" 200 37
101.83.144.49 - - [22/Apr/2024:09:04:52 +0800] "POST /xingrg/kc/buy/cgsh_order_operate.html HTTP/1.1" 200 32846
116.232.195.13 - - [22/Apr/2024:09:04:59 +0800] "GET /xingrg/all/function/internal_message.html?_=1713747890939&CODE_STATE=getMsg HTTP/1.1" 200 27
101.83.144.49 - - [22/Apr/2024:09:05:03 +0800] "GET /xingrg/all/function/internal_message.html?_=1713747905159&CODE_STATE=getMsg HTTP/1.1" 200 27
101.80.230.31 - - [22/Apr/2024:09:05:03 +0800] "GET /xingrg/all/function/internal_message.html?_=1713747903446&CODE_STATE=getMsg HTTP/1.1" 200 27
116.238.97.31 - - [22/Apr/2024:09:05:04 +0800] "GET /xingrg/all/function/internal_message.html?_=1713747906450&CODE_STATE=getMsg HTTP/1.1" 200 27
120.253.135.82 - - [22/Apr/2024:09:05:10 +0800] "GET /xingrg/all/function/internal_message.html?_=1713747755566&CODE_STATE=getMsg HTTP/1.1" 200 27
116.224.254.208 - - [22/Apr/2024:09:05:17 +0800] "GET /xingrg/all/function/internal_message.html?_=1713747916792&CODE_STATE=getMsg HTTP/1.1" 200 27
221.239.169.251 - - [22/Apr/2024:09:05:20 +0800] "GET /xingrg/all/function/internal_message.html?_=1713747918775&CODE_STATE=getMsg HTTP/1.1" 200 27
221.239.169.251 - - [22/Apr/2024:09:05:20 +0800] "GET /xingrg/check_reg.html?_=1713747918789 HTTP/1.1" 200 22
116.238.97.31 - - [22/Apr/2024:09:05:23 +0800] "POST /xingrg/services/DataTransmitService HTTP/1.1" 200 524
116.232.195.13 - - [22/Apr/2024:09:05:28 +0800] "GET /xingrg/all/function/internal_message.html?_=1713747920059&CODE_STATE=getMsg HTTP/1.1" 200 27
116.232.195.13 - - [22/Apr/2024:09:05:36 +0800] "GET /xingrg/check_reg.html?_=1713747928271 HTTP/1.1" 200 22
116.232.195.13 - - [22/Apr/2024:09:05:36 +0800] "GET /xingrg/all/function/internal_message.html?_=1713747928261&CODE_STATE=getMsg HTTP/1.1" 200 27
124.78.56.241 - - [22/Apr/2024:09:05:38 +0800] "GET /xingrg/all/function/internal_message.html?_=1713747938913&CODE_STATE=getMsg HTTP/1.1" 200 27
116.232.195.13 - - [22/Apr/2024:09:05:42 +0800] "GET /xingrg/check_reg.html?_=1713747933895 HTTP/1.1" 200 22
116.232.195.13 - - [22/Apr/2024:09:05:59 +0800] "GET /xingrg/all/function/internal_message.html?_=1713747950921&CODE_STATE=getMsg HTTP/1.1" 200 27
124.78.56.241 - - [22/Apr/2024:09:06:00 +0800] "GET /xingrg/check_reg.html?_=1713747960466 HTTP/1.1" 200 22
101.83.144.49 - - [22/Apr/2024:09:06:03 +0800] "GET /xingrg/all/function/internal_message.html?_=1713747965145&CODE_STATE=getMsg HTTP/1.1" 200 27
101.80.230.31 - - [22/Apr/2024:09:06:03 +0800] "GET /xingrg/all/function/internal_message.html?_=1713747963451&CODE_STATE=getMsg HTTP/1.1" 200 27
116.238.97.31 - - [22/Apr/2024:09:06:04 +0800] "GET /xingrg/all/function/internal_message.html?_=1713747966446&CODE_STATE=getMsg HTTP/1.1" 200 27
120.253.135.82 - - [22/Apr/2024:09:06:10 +0800] "GET /xingrg/all/function/internal_message.html?_=1713747815569&CODE_STATE=getMsg HTTP/1.1" 200 27
116.224.254.208 - - [22/Apr/2024:09:06:17 +0800] "GET /xingrg/all/function/internal_message.html?_=1713747976786&CODE_STATE=getMsg HTTP/1.1" 200 27
221.239.169.251 - - [22/Apr/2024:09:06:20 +0800] "GET /xingrg/all/function/internal_message.html?_=1713747978784&CODE_STATE=getMsg HTTP/1.1" 200 27
61.170.234.72 - - [22/Apr/2024:09:06:24 +0800] "POST /xingrg/services/DataTransmitService HTTP/1.1" 200 524
116.232.195.13 - - [22/Apr/2024:09:06:28 +0800] "GET /xingrg/all/function/internal_message.html?_=1713747980046&CODE_STATE=getMsg HTTP/1.1" 200 27
116.232.195.13 - - [22/Apr/2024:09:06:36 +0800] "GET /xingrg/all/function/internal_message.html?_=1713747988247&CODE_STATE=getMsg HTTP/1.1" 200 27
116.232.195.13 - - [22/Apr/2024:09:06:38 +0800] "POST /xingrg/services/DataTransmitService HTTP/1.1" 200 524
124.78.56.241 - - [22/Apr/2024:09:06:38 +0800] "GET /xingrg/all/function/internal_message.html?_=1713747998906&CODE_STATE=getMsg HTTP/1.1" 200 27
116.232.195.13 - - [22/Apr/2024:09:06:59 +0800] "GET /xingrg/all/function/internal_message.html?_=1713748010897&CODE_STATE=getMsg HTTP/1.1" 200 27
101.83.144.49 - - [22/Apr/2024:09:07:03 +0800] "GET /xingrg/all/function/internal_message.html?_=1713748025149&CODE_STATE=getMsg HTTP/1.1" 200 27
101.80.230.31 - - [22/Apr/2024:09:07:03 +0800] "GET /xingrg/all/function/internal_message.html?_=1713748023479&CODE_STATE=getMsg HTTP/1.1" 200 27
101.80.230.31 - - [22/Apr/2024:09:07:03 +0800] "GET /xingrg/check_reg.html?_=1713748023487 HTTP/1.1" 200 22
116.238.97.31 - - [22/Apr/2024:09:07:04 +0800] "GET /xingrg/all/function/internal_message.html?_=1713748026445&CODE_STATE=getMsg HTTP/1.1" 200 27
120.253.135.82 - - [22/Apr/2024:09:07:10 +0800] "GET /xingrg/all/function/internal_message.html?_=1713747875836&CODE_STATE=getMsg HTTP/1.1" 200 27
116.224.254.208 - - [22/Apr/2024:09:07:17 +0800] "GET /xingrg/check_reg.html?_=1713748036775 HTTP/1.1" 200 22
116.224.254.208 - - [22/Apr/2024:09:07:17 +0800] "GET /xingrg/all/function/internal_message.html?_=1713748036780&CODE_STATE=getMsg HTTP/1.1" 200 27
221.239.169.251 - - [22/Apr/2024:09:07:20 +0800] "GET /xingrg/all/function/internal_message.html?_=1713748038789&CODE_STATE=getMsg HTTP/1.1" 200 27
101.83.144.49 - - [22/Apr/2024:09:07:24 +0800] "GET /xingrg/kc/buy/cgsh_order_operate.html?command=get_materiel&rest_code=00105&code=00101008478&supplier_code=00100008&order_time=2024-04-22 HTTP/1.1" 200 412
116.232.195.13 - - [22/Apr/2024:09:07:28 +0800] "GET /xingrg/all/function/internal_message.html?_=1713748040024&CODE_STATE=getMsg HTTP/1.1" 200 27
116.232.195.13 - - [22/Apr/2024:09:07:36 +0800] "GET /xingrg/all/function/internal_message.html?_=1713748048247&CODE_STATE=getMsg HTTP/1.1" 200 27
124.78.56.241 - - [22/Apr/2024:09:07:38 +0800] "GET /xingrg/all/function/internal_message.html?_=1713748058881&CODE_STATE=getMsg HTTP/1.1" 200 27
116.232.195.13 - - [22/Apr/2024:09:07:59 +0800] "GET /xingrg/all/function/internal_message.html?_=1713748070874&CODE_STATE=getMsg HTTP/1.1" 200 27
