180.163.30.27 - - [22/Apr/2024:09:58:49 +0800] "GET /xingrg/kc/buy/cgsh_order_operate.html?command=get_materiel&rest_code=00106&code=00101008223&supplier_code=00100008&order_time=2024-04-22 HTTP/1.1" 302 -
180.163.30.27 - - [22/Apr/2024:09:58:49 +0800] "GET /xingrg/login.html HTTP/1.1" 200 7641
124.78.56.241 - - [22/Apr/2024:09:58:52 +0800] "GET /xingrg/kc/buy/cgsh_order_operate.html?command=get_materiel&rest_code=00141&code=00101008051&supplier_code=00100008&order_time=2024-04-22 HTTP/1.1" 200 408
124.78.56.241 - - [22/Apr/2024:09:58:55 +0800] "POST /xingrg/kc/buy/cgsh_order_operate.html HTTP/1.1" 200 2065
222.69.132.2 - - [22/Apr/2024:09:58:58 +0800] "GET /xingrg/all/function/internal_message.html?_=1713751139463&CODE_STATE=getMsg HTTP/1.1" 200 27
101.80.230.31 - - [22/Apr/2024:09:58:58 +0800] "GET /xingrg/all/function/internal_message.html?_=1713751138918&CODE_STATE=getMsg HTTP/1.1" 200 27
116.232.195.13 - - [22/Apr/2024:09:58:58 +0800] "GET /xingrg/all/function/internal_message.html?_=1713751130068&CODE_STATE=getMsg HTTP/1.1" 200 27
124.78.56.241 - - [22/Apr/2024:09:59:02 +0800] "GET /xingrg/kc/buy/cgsh_order_operate.html?command=get_materiel&rest_code=00141&code=00101008338&supplier_code=00100008&order_time=2024-04-22 HTTP/1.1" 200 408
116.232.195.13 - - [22/Apr/2024:09:59:03 +0800] "POST /xingrg/kc/buy/cgsh_list_operate.html HTTP/1.1" 200 2260
101.83.144.49 - - [22/Apr/2024:09:59:03 +0800] "GET /xingrg/all/function/internal_message.html?_=1713751145208&CODE_STATE=getMsg HTTP/1.1" 200 27
116.238.97.31 - - [22/Apr/2024:09:59:04 +0800] "GET /xingrg/check_reg.html?_=1713751146479 HTTP/1.1" 200 22
116.238.97.31 - - [22/Apr/2024:09:59:04 +0800] "GET /xingrg/all/function/internal_message.html?_=1713751146481&CODE_STATE=getMsg HTTP/1.1" 200 27
116.232.195.13 - - [22/Apr/2024:09:59:04 +0800] "POST /xingrg/kc/buy/cgsh_list_operate.html HTTP/1.1" 200 588
116.232.195.13 - - [22/Apr/2024:09:59:05 +0800] "GET /xingrg/kc/buy/cgsh_order_info.html?code=212024042205889 HTTP/1.1" 200 74100
116.232.195.13 - - [22/Apr/2024:09:59:06 +0800] "GET /xingrg/javascript/easyui/themes/default/validatebox.css HTTP/1.1" 404 1104
61.170.234.72 - - [22/Apr/2024:09:59:06 +0800] "GET /xingrg/all/function/internal_message.html?_=1713751142438&CODE_STATE=getMsg HTTP/1.1" 200 27
116.232.195.13 - - [22/Apr/2024:09:59:07 +0800] "POST /xingrg/kc/buy/cgsh_order_operate.html HTTP/1.1" 200 6825
116.232.195.13 - - [22/Apr/2024:09:59:08 +0800] "GET /xingrg/kc/print/load_data.html?order_code=212024042205889&kc_code=cgsh HTTP/1.1" 200 2366
120.253.135.82 - - [22/Apr/2024:09:59:10 +0800] "POST /xingrg/kc/pszx/mdps_order_operate.html HTTP/1.1" 200 37
124.78.56.241 - - [22/Apr/2024:09:59:11 +0800] "GET /xingrg/kc/buy/cgsh_order_operate.html?command=get_materiel&rest_code=00141&code=00101008370&supplier_code=00100008&order_time=2024-04-22 HTTP/1.1" 200 412
180.163.30.100 - - [22/Apr/2024:09:59:14 +0800] "GET /xingrg/all/function/internal_message.html?_=1713750782561&CODE_STATE=getMsg HTTP/1.1" 302 -
180.163.30.100 - - [22/Apr/2024:09:59:14 +0800] "GET /xingrg/login.html HTTP/1.1" 200 7641
120.253.135.82 - - [22/Apr/2024:09:59:14 +0800] "GET /xingrg/kc/pszx/mdps_order_info.html?code=312024041800304 HTTP/1.1" 200 23984
120.253.135.82 - - [22/Apr/2024:09:59:15 +0800] "GET /xingrg/javascript/easyui/themes/default/validatebox.css HTTP/1.1" 404 1104
120.253.135.82 - - [22/Apr/2024:09:59:15 +0800] "POST /xingrg/kc/pszx/mdps_order_operate.html HTTP/1.1" 200 2280
120.253.135.82 - - [22/Apr/2024:09:59:19 +0800] "GET /xingrg/all/function/internal_message.html?_=1713751003934&CODE_STATE=getMsg HTTP/1.1" 200 27
116.224.254.208 - - [22/Apr/2024:09:59:19 +0800] "GET /xingrg/all/function/internal_message.html?_=1713751159050&CODE_STATE=getMsg HTTP/1.1" 200 27
221.239.169.251 - - [22/Apr/2024:09:59:20 +0800] "GET /xingrg/all/function/internal_message.html?_=1713751158812&CODE_STATE=getMsg HTTP/1.1" 200 27
120.253.135.82 - - [22/Apr/2024:09:59:21 +0800] "POST /xingrg/kc/pszx/mdps_list_operate.html HTTP/1.1" 200 3557
116.224.254.208 - - [22/Apr/2024:09:59:21 +0800] "GET /xingrg/all/function/internal_message.html?_=1713751160757&CODE_STATE=getMsg HTTP/1.1" 200 27
120.253.135.82 - - [22/Apr/2024:09:59:23 +0800] "POST /xingrg/kc/pszx/mdps_list_operate.html HTTP/1.1" 200 205
120.253.135.82 - - [22/Apr/2024:09:59:24 +0800] "GET /xingrg/kc/pszx/mdps_order_info.html?code=312024041800304 HTTP/1.1" 200 23984
120.253.135.82 - - [22/Apr/2024:09:59:25 +0800] "GET /xingrg/javascript/easyui/themes/default/validatebox.css HTTP/1.1" 404 1104
120.253.135.82 - - [22/Apr/2024:09:59:25 +0800] "POST /xingrg/kc/pszx/mdps_order_operate.html HTTP/1.1" 200 2280
124.78.56.241 - - [22/Apr/2024:09:59:25 +0800] "GET /xingrg/kc/buy/cgsh_order_operate.html?command=get_materiel&rest_code=00141&code=00101008223&supplier_code=00100008&order_time=2024-04-22 HTTP/1.1" 200 412
116.232.195.13 - - [22/Apr/2024:09:59:29 +0800] "GET /xingrg/all/function/internal_message.html?_=1713751160710&CODE_STATE=getMsg HTTP/1.1" 200 27
180.164.1.25 - - [22/Apr/2024:09:59:32 +0800] "GET /xingrg/all/function/internal_message.html?_=1713751171538&CODE_STATE=getMsg HTTP/1.1" 200 27
116.232.195.13 - - [22/Apr/2024:09:59:36 +0800] "GET /xingrg/all/function/internal_message.html?_=1713751168257&CODE_STATE=getMsg HTTP/1.1" 200 27
124.78.56.241 - - [22/Apr/2024:09:59:38 +0800] "GET /xingrg/all/function/internal_message.html?_=1713751178044&CODE_STATE=getMsg HTTP/1.1" 200 27
124.78.56.241 - - [22/Apr/2024:09:59:38 +0800] "GET /xingrg/kc/buy/cgsh_order_operate.html?command=get_materiel&rest_code=00141&code=00101008041&supplier_code=00100008&order_time=2024-04-22 HTTP/1.1" 200 408
116.232.195.13 - - [22/Apr/2024:09:59:40 +0800] "POST /xingrg/kc/buy/cgsh_list_operate.html HTTP/1.1" 200 2260
116.232.195.13 - - [22/Apr/2024:09:59:42 +0800] "POST /xingrg/kc/buy/cgsh_list_operate.html HTTP/1.1" 200 569
116.232.195.13 - - [22/Apr/2024:09:59:44 +0800] "GET /xingrg/kc/buy/cgsh_order_info.html?code=212024042205887 HTTP/1.1" 200 74100
116.232.195.13 - - [22/Apr/2024:09:59:45 +0800] "GET /xingrg/javascript/easyui/themes/default/validatebox.css HTTP/1.1" 404 1104
116.232.195.13 - - [22/Apr/2024:09:59:46 +0800] "POST /xingrg/kc/buy/cgsh_order_operate.html HTTP/1.1" 200 28119
116.232.195.13 - - [22/Apr/2024:09:59:48 +0800] "GET /xingrg/kc/print/load_data.html?order_code=212024042205887&kc_code=cgsh HTTP/1.1" 200 10371
124.78.56.241 - - [22/Apr/2024:09:59:48 +0800] "GET /xingrg/kc/buy/cgsh_order_operate.html?command=get_materiel&rest_code=00141&code=00101008356&supplier_code=00100008&order_time=2024-04-22 HTTP/1.1" 200 408
124.78.56.241 - - [22/Apr/2024:09:59:54 +0800] "POST /xingrg/kc/buy/cgsh_order_operate.html HTTP/1.1" 200 2065
180.163.30.85 - - [22/Apr/2024:09:59:56 +0800] "GET /xingrg/kc/buy/cgsh_order_operate.html?command=get_materiel&rest_code=00106&code=00101008285&supplier_code=00100008&order_time=2024-04-22 HTTP/1.1" 302 -
180.163.30.85 - - [22/Apr/2024:09:59:56 +0800] "GET /xingrg/login.html HTTP/1.1" 200 7641
222.69.132.2 - - [22/Apr/2024:09:59:58 +0800] "GET /xingrg/check_reg.html?_=1713751199462 HTTP/1.1" 200 22
222.69.132.2 - - [22/Apr/2024:09:59:58 +0800] "GET /xingrg/all/function/internal_message.html?_=1713751199464&CODE_STATE=getMsg HTTP/1.1" 200 27
101.80.230.31 - - [22/Apr/2024:09:59:58 +0800] "GET /xingrg/all/function/internal_message.html?_=1713751198919&CODE_STATE=getMsg HTTP/1.1" 200 27
116.232.195.13 - - [22/Apr/2024:09:59:58 +0800] "GET /xingrg/all/function/internal_message.html?_=1713751190058&CODE_STATE=getMsg HTTP/1.1" 200 27
101.83.144.49 - - [22/Apr/2024:10:00:03 +0800] "GET /xingrg/all/function/internal_message.html?_=1713751205209&CODE_STATE=getMsg HTTP/1.1" 200 27
116.238.97.31 - - [22/Apr/2024:10:00:04 +0800] "GET /xingrg/all/function/internal_message.html?_=1713751206476&CODE_STATE=getMsg HTTP/1.1" 200 27
61.170.234.72 - - [22/Apr/2024:10:00:06 +0800] "GET /xingrg/all/function/internal_message.html?_=1713751202419&CODE_STATE=getMsg HTTP/1.1" 200 27
116.224.254.208 - - [22/Apr/2024:10:00:19 +0800] "GET /xingrg/all/function/internal_message.html?_=1713751219043&CODE_STATE=getMsg HTTP/1.1" 200 27
221.239.169.251 - - [22/Apr/2024:10:00:20 +0800] "GET /xingrg/check_reg.html?_=1713751218856 HTTP/1.1" 200 22
221.239.169.251 - - [22/Apr/2024:10:00:20 +0800] "GET /xingrg/all/function/internal_message.html?_=1713751218831&CODE_STATE=getMsg HTTP/1.1" 200 27
124.78.56.241 - - [22/Apr/2024:10:00:20 +0800] "POST /xingrg/kc/buy/cgsh_order_operate.html HTTP/1.1" 200 37
116.224.254.208 - - [22/Apr/2024:10:00:21 +0800] "GET /xingrg/all/function/internal_message.html?_=1713751220748&CODE_STATE=getMsg HTTP/1.1" 200 27
116.232.195.13 - - [22/Apr/2024:10:00:29 +0800] "GET /xingrg/all/function/internal_message.html?_=1713751220687&CODE_STATE=getMsg HTTP/1.1" 200 27
124.78.56.241 - - [22/Apr/2024:10:00:31 +0800] "POST /xingrg/kc/buy/cgsh_order_operate.html HTTP/1.1" 200 12
180.164.1.25 - - [22/Apr/2024:10:00:32 +0800] "GET /xingrg/all/function/internal_message.html?_=1713751231553&CODE_STATE=getMsg HTTP/1.1" 200 27
180.163.29.103 - - [22/Apr/2024:10:00:33 +0800] "GET /xingrg/all/function/internal_message.html?_=1713750902522&CODE_STATE=getMsg HTTP/1.1" 302 -
180.163.29.103 - - [22/Apr/2024:10:00:33 +0800] "GET /xingrg/login.html HTTP/1.1" 200 7641
124.78.56.241 - - [22/Apr/2024:10:00:33 +0800] "GET /xingrg/kc/buy/cgsh_order_info.html?code=212024042205892 HTTP/1.1" 200 68905
124.78.56.241 - - [22/Apr/2024:10:00:34 +0800] "GET /xingrg/javascript/easyui/themes/default/validatebox.css HTTP/1.1" 404 1104
124.78.56.241 - - [22/Apr/2024:10:00:35 +0800] "POST /xingrg/kc/buy/cgsh_order_operate.html HTTP/1.1" 200 27202
116.232.195.13 - - [22/Apr/2024:10:00:36 +0800] "GET /xingrg/check_reg.html?_=1713751228250 HTTP/1.1" 200 22
116.232.195.13 - - [22/Apr/2024:10:00:36 +0800] "GET /xingrg/all/function/internal_message.html?_=1713751228258&CODE_STATE=getMsg HTTP/1.1" 200 27
124.78.56.241 - - [22/Apr/2024:10:00:37 +0800] "GET /xingrg/all/function/internal_message.html?_=1713751238010&CODE_STATE=getMsg HTTP/1.1" 200 27
124.78.56.241 - - [22/Apr/2024:10:00:39 +0800] "GET /xingrg/kc/print/load_data.html?order_code=212024042205892&kc_code=cgsh&condition= HTTP/1.1" 200 10766
116.232.195.13 - - [22/Apr/2024:10:00:42 +0800] "GET /xingrg/check_reg.html?_=1713751233711 HTTP/1.1" 200 22
222.69.132.2 - - [22/Apr/2024:10:00:58 +0800] "GET /xingrg/all/function/internal_message.html?_=1713751259464&CODE_STATE=getMsg HTTP/1.1" 200 27
101.80.230.31 - - [22/Apr/2024:10:00:58 +0800] "GET /xingrg/all/function/internal_message.html?_=1713751258923&CODE_STATE=getMsg HTTP/1.1" 200 27
116.232.195.13 - - [22/Apr/2024:10:00:58 +0800] "GET /xingrg/all/function/internal_message.html?_=1713751250038&CODE_STATE=getMsg HTTP/1.1" 200 27
124.78.56.241 - - [22/Apr/2024:10:01:00 +0800] "GET /xingrg/check_reg.html?_=1713751260473 HTTP/1.1" 200 22
101.83.144.49 - - [22/Apr/2024:10:01:03 +0800] "GET /xingrg/all/function/internal_message.html?_=1713751265210&CODE_STATE=getMsg HTTP/1.1" 200 27
116.238.97.31 - - [22/Apr/2024:10:01:04 +0800] "GET /xingrg/all/function/internal_message.html?_=1713751266470&CODE_STATE=getMsg HTTP/1.1" 200 27
61.170.234.72 - - [22/Apr/2024:10:01:06 +0800] "GET /xingrg/all/function/internal_message.html?_=1713751262389&CODE_STATE=getMsg HTTP/1.1" 200 27
61.170.234.72 - - [22/Apr/2024:10:01:06 +0800] "GET /xingrg/check_reg.html?_=1713751263115 HTTP/1.1" 200 22
116.224.254.208 - - [22/Apr/2024:10:01:19 +0800] "GET /xingrg/all/function/internal_message.html?_=1713751279054&CODE_STATE=getMsg HTTP/1.1" 200 27
116.224.254.208 - - [22/Apr/2024:10:01:19 +0800] "GET /xingrg/check_reg.html?_=1713751279059 HTTP/1.1" 200 22
221.239.169.251 - - [22/Apr/2024:10:01:20 +0800] "GET /xingrg/all/function/internal_message.html?_=1713751278821&CODE_STATE=getMsg HTTP/1.1" 200 27
116.224.254.208 - - [22/Apr/2024:10:01:21 +0800] "GET /xingrg/all/function/internal_message.html?_=1713751280739&CODE_STATE=getMsg HTTP/1.1" 200 27
116.232.195.13 - - [22/Apr/2024:10:01:29 +0800] "GET /xingrg/all/function/internal_message.html?_=1713751280674&CODE_STATE=getMsg HTTP/1.1" 200 27
180.164.1.25 - - [22/Apr/2024:10:01:32 +0800] "GET /xingrg/all/function/internal_message.html?_=1713751291547&CODE_STATE=getMsg HTTP/1.1" 200 27
116.232.195.13 - - [22/Apr/2024:10:01:36 +0800] "GET /xingrg/all/function/internal_message.html?_=1713751288256&CODE_STATE=getMsg HTTP/1.1" 200 27
124.78.56.241 - - [22/Apr/2024:10:01:37 +0800] "GET /xingrg/all/function/internal_message.html?_=1713751298000&CODE_STATE=getMsg HTTP/1.1" 200 27
120.253.135.82 - - [22/Apr/2024:10:01:39 +0800] "GET /xingrg/login.html HTTP/1.1" 200 7641
120.253.135.82 - - [22/Apr/2024:10:01:40 +0800] "GET /favicon.ico HTTP/1.1" 404 -
120.253.135.82 - - [22/Apr/2024:10:01:44 +0800] "POST /xingrg/login.do HTTP/1.1" 302 -
120.253.135.82 - - [22/Apr/2024:10:01:44 +0800] "GET /xingrg/index.html?sysBaseUrl=http%3A%2F%2F180.169.147.146%3A18081%2Fxingrg%2F&costTime=799×tamp=1713751304217 HTTP/1.1" 200 17173
120.253.135.82 - - [22/Apr/2024:10:01:44 +0800] "GET /xingrg/javascript/jquery_easy_ui/themes/default/easyui.css HTTP/1.1" 304 -
120.253.135.82 - - [22/Apr/2024:10:01:44 +0800] "GET /xingrg/javascript/jquery_easy_ui/jquery.easyui.min.js HTTP/1.1" 304 -
120.253.135.82 - - [22/Apr/2024:10:01:44 +0800] "GET /xingrg/javascript/jquery_easy_ui/themes/icon.css HTTP/1.1" 304 -
120.253.135.82 - - [22/Apr/2024:10:01:44 +0800] "GET /xingrg/javascript/jquery_easy_ui/easyui-lang-zh_CN.js HTTP/1.1" 304 -
120.253.135.82 - - [22/Apr/2024:10:01:44 +0800] "GET /xingrg/javascript/jquery.timers.js HTTP/1.1" 304 -
120.253.135.82 - - [22/Apr/2024:10:01:44 +0800] "GET /xingrg/javascript/jquery-1.4.2.min.js HTTP/1.1" 304 -
120.253.135.82 - - [22/Apr/2024:10:01:44 +0800] "GET /xingrg/css/form.css HTTP/1.1" 304 -
120.253.135.82 - - [22/Apr/2024:10:01:44 +0800] "GET /xingrg/javascript/jquery.form.js HTTP/1.1" 304 -
120.253.135.82 - - [22/Apr/2024:10:01:44 +0800] "GET /xingrg/javascript/jquery.utils.js HTTP/1.1" 304 -
120.253.135.82 - - [22/Apr/2024:10:01:44 +0800] "GET /favicon.ico HTTP/1.1" 404 -
120.253.135.82 - - [22/Apr/2024:10:01:44 +0800] "POST /xingrg/all/common/load_tree.html?tree=area_rest_tree_json&manage=1 HTTP/1.1" 200 344
120.253.135.82 - - [22/Apr/2024:10:01:44 +0800] "GET /xingrg/all/function/internal_message.html?_=1713751149623&CODE_STATE=count HTTP/1.1" 200 11
120.253.135.82 - - [22/Apr/2024:10:01:44 +0800] "GET /xingrg/check_reg.html?_=1713751149624 HTTP/1.1" 200 22
120.253.135.82 - - [22/Apr/2024:10:01:44 +0800] "POST /xingrg/load_menu.html HTTP/1.1" 200 6743
120.253.135.82 - - [22/Apr/2024:10:01:47 +0800] "GET /xingrg/kc/pszx/mdqp_order_list.html?state=10 HTTP/1.1" 200 11573
120.253.135.82 - - [22/Apr/2024:10:01:47 +0800] "GET /xingrg/javascript/Calendar.js HTTP/1.1" 304 -
120.253.135.82 - - [22/Apr/2024:10:01:47 +0800] "GET /xingrg/dwr/interface/AjaxReportQueryService.js HTTP/1.1" 200 13203
120.253.135.82 - - [22/Apr/2024:10:01:47 +0800] "GET /xingrg/css/blue.css HTTP/1.1" 304 -
120.253.135.82 - - [22/Apr/2024:10:01:47 +0800] "GET /xingrg/dwr/util.js HTTP/1.1" 304 -
120.253.135.82 - - [22/Apr/2024:10:01:47 +0800] "GET /xingrg/dwr/engine.js HTTP/1.1" 200 43631
120.253.135.82 - - [22/Apr/2024:10:01:47 +0800] "GET /xingrg/dwr/interface/AjaxQqpsService.js HTTP/1.1" 200 16326
120.253.135.82 - - [22/Apr/2024:10:01:47 +0800] "GET /xingrg/javascript/pic_change.js HTTP/1.1" 304 -
120.253.135.82 - - [22/Apr/2024:10:01:47 +0800] "GET /xingrg/javascript/myfunction.js HTTP/1.1" 304 -
120.253.135.82 - - [22/Apr/2024:10:01:55 +0800] "GET /xingrg/kc/pszx/mdqp_order_info.html?code=302024042200314 HTTP/1.1" 200 13350
120.253.135.82 - - [22/Apr/2024:10:01:55 +0800] "GET /xingrg/javascript/tools/jquery.qtip-1.0.0-rc3.min.js HTTP/1.1" 304 -
120.253.135.82 - - [22/Apr/2024:10:01:55 +0800] "GET /xingrg/javascript/auto/jquery.autocomplete.js HTTP/1.1" 304 -
120.253.135.82 - - [22/Apr/2024:10:01:55 +0800] "GET /xingrg/dwr/interface/AjaxComOrderService.js HTTP/1.1" 200 18264
120.253.135.82 - - [22/Apr/2024:10:01:55 +0800] "GET /xingrg/dwr/interface/AjaxQqpsService.js HTTP/1.1" 200 16326
120.253.135.82 - - [22/Apr/2024:10:01:55 +0800] "GET /xingrg/dwr/engine.js HTTP/1.1" 200 43631
120.253.135.82 - - [22/Apr/2024:10:01:55 +0800] "GET /xingrg/javascript/AjaxInfoList.js HTTP/1.1" 304 -
120.253.135.82 - - [22/Apr/2024:10:01:55 +0800] "GET /xingrg/javascript/Grid.js HTTP/1.1" 304 -
120.253.135.82 - - [22/Apr/2024:10:01:55 +0800] "GET /xingrg/javascript/checkform.js HTTP/1.1" 304 -
120.253.135.82 - - [22/Apr/2024:10:01:55 +0800] "GET /xingrg/javascript/ToolTips.js HTTP/1.1" 304 -
120.253.135.82 - - [22/Apr/2024:10:01:55 +0800] "GET /xingrg/javascript/print/kc_print.js HTTP/1.1" 304 -
120.253.135.82 - - [22/Apr/2024:10:01:55 +0800] "GET /xingrg/javascript/print/LodopFuncs.js HTTP/1.1" 304 -
120.253.135.82 - - [22/Apr/2024:10:01:56 +0800] "POST /xingrg/dwr/call/plaincall/AjaxQqpsService.loadMaterielItems.dwr HTTP/1.1" 200 322
120.253.135.82 - - [22/Apr/2024:10:01:58 +0800] "GET /xingrg/kc/pszx/mdqp_order_list.html?isBack=1 HTTP/1.1" 302 -
120.253.135.82 - - [22/Apr/2024:10:01:58 +0800] "GET /xingrg/images/yd/bt.gif HTTP/1.1" 404 1040
120.253.135.82 - - [22/Apr/2024:10:01:58 +0800] "GET /xingrg/images/yd/bt2.gif HTTP/1.1" 404 1042
120.253.135.82 - - [22/Apr/2024:10:01:58 +0800] "GET /xingrg/kc/pszx/mdqp_order_list.html?state=10 HTTP/1.1" 200 11573
120.253.135.82 - - [22/Apr/2024:10:01:58 +0800] "GET /xingrg/dwr/interface/AjaxReportQueryService.js HTTP/1.1" 200 13203
120.253.135.82 - - [22/Apr/2024:10:01:58 +0800] "GET /xingrg/dwr/engine.js HTTP/1.1" 200 43631
120.253.135.82 - - [22/Apr/2024:10:01:58 +0800] "GET /xingrg/dwr/interface/AjaxQqpsService.js HTTP/1.1" 200 16326
222.69.132.2 - - [22/Apr/2024:10:01:58 +0800] "GET /xingrg/all/function/internal_message.html?_=1713751319452&CODE_STATE=getMsg HTTP/1.1" 200 27
101.80.230.31 - - [22/Apr/2024:10:01:58 +0800] "GET /xingrg/all/function/internal_message.html?_=1713751318925&CODE_STATE=getMsg HTTP/1.1" 200 27
101.80.230.31 - - [22/Apr/2024:10:01:58 +0800] "GET /xingrg/check_reg.html?_=1713751318926 HTTP/1.1" 200 22
116.232.195.13 - - [22/Apr/2024:10:01:58 +0800] "GET /xingrg/all/function/internal_message.html?_=1713751310024&CODE_STATE=getMsg HTTP/1.1" 200 27
120.253.135.82 - - [22/Apr/2024:10:02:00 +0800] "GET /xingrg/kc/pszx/mdqp_order_info.html?code=302024042200315 HTTP/1.1" 200 13350
120.253.135.82 - - [22/Apr/2024:10:02:00 +0800] "GET /xingrg/dwr/interface/AjaxComOrderService.js HTTP/1.1" 200 18264
120.253.135.82 - - [22/Apr/2024:10:02:00 +0800] "GET /xingrg/dwr/interface/AjaxQqpsService.js HTTP/1.1" 200 16326
120.253.135.82 - - [22/Apr/2024:10:02:00 +0800] "GET /xingrg/dwr/engine.js HTTP/1.1" 200 43631
120.253.135.82 - - [22/Apr/2024:10:02:00 +0800] "POST /xingrg/dwr/call/plaincall/AjaxQqpsService.loadMaterielItems.dwr HTTP/1.1" 200 5820
120.253.135.82 - - [22/Apr/2024:10:02:01 +0800] "GET /xingrg/images/yd/bt.gif HTTP/1.1" 404 1040
120.253.135.82 - - [22/Apr/2024:10:02:01 +0800] "GET /xingrg/images/yd/bt2.gif HTTP/1.1" 404 1042
101.83.144.49 - - [22/Apr/2024:10:02:03 +0800] "GET /xingrg/all/function/internal_message.html?_=1713751325238&CODE_STATE=getMsg HTTP/1.1" 200 27
116.238.97.31 - - [22/Apr/2024:10:02:04 +0800] "GET /xingrg/all/function/internal_message.html?_=1713751326470&CODE_STATE=getMsg HTTP/1.1" 200 27
120.253.135.82 - - [22/Apr/2024:10:02:04 +0800] "GET /xingrg/kc/pszx/mdqp_order_list.html?isBack=1 HTTP/1.1" 302 -
120.253.135.82 - - [22/Apr/2024:10:02:05 +0800] "GET /xingrg/kc/pszx/mdqp_order_list.html?state=10 HTTP/1.1" 200 11573
120.253.135.82 - - [22/Apr/2024:10:02:05 +0800] "GET /xingrg/dwr/interface/AjaxQqpsService.js HTTP/1.1" 200 16326
120.253.135.82 - - [22/Apr/2024:10:02:05 +0800] "GET /xingrg/dwr/interface/AjaxReportQueryService.js HTTP/1.1" 200 13203
120.253.135.82 - - [22/Apr/2024:10:02:05 +0800] "GET /xingrg/dwr/engine.js HTTP/1.1" 200 43631
61.170.234.72 - - [22/Apr/2024:10:02:06 +0800] "GET /xingrg/all/function/internal_message.html?_=1713751322367&CODE_STATE=getMsg HTTP/1.1" 200 27
120.253.135.82 - - [22/Apr/2024:10:02:13 +0800] "GET /xingrg/kc/pszx/jzcl_ps.html HTTP/1.1" 200 7683
120.253.135.82 - - [22/Apr/2024:10:02:13 +0800] "GET /xingrg/css/table.css HTTP/1.1" 304 -
120.253.135.82 - - [22/Apr/2024:10:02:13 +0800] "GET /xingrg/javascript/step/step.css HTTP/1.1" 304 -
120.253.135.82 - - [22/Apr/2024:10:02:14 +0800] "POST /xingrg/all/common/load_tree.html?tree=area_rest_tree_json HTTP/1.1" 200 3624
120.253.135.82 - - [22/Apr/2024:10:02:14 +0800] "POST /xingrg/kc/pszx/jzcl_ps_operate.html HTTP/1.1" 200 1361
120.253.135.82 - - [22/Apr/2024:10:02:14 +0800] "POST /xingrg/kc/pszx/jzcl_ps_operate.html HTTP/1.1" 200 1361
116.224.254.208 - - [22/Apr/2024:10:02:19 +0800] "GET /xingrg/all/function/internal_message.html?_=1713751339057&CODE_STATE=getMsg HTTP/1.1" 200 27
221.239.169.251 - - [22/Apr/2024:10:02:20 +0800] "GET /xingrg/all/function/internal_message.html?_=1713751338820&CODE_STATE=getMsg HTTP/1.1" 200 27
120.253.135.82 - - [22/Apr/2024:10:02:20 +0800] "POST /xingrg/kc/pszx/jzcl_ps_operate.html HTTP/1.1" 200 4
120.253.135.82 - - [22/Apr/2024:10:02:20 +0800] "GET /xingrg/javascript/step/images/navBtn.gif HTTP/1.1" 304 -
116.224.254.208 - - [22/Apr/2024:10:02:21 +0800] "GET /xingrg/all/function/internal_message.html?_=1713751340725&CODE_STATE=getMsg HTTP/1.1" 200 27
116.224.254.208 - - [22/Apr/2024:10:02:21 +0800] "GET /xingrg/check_reg.html?_=1713751341115 HTTP/1.1" 200 22
101.93.220.115 - - [22/Apr/2024:10:02:24 +0800] "POST /xingrg/services/DataTransmitService HTTP/1.1" 200 524
120.253.135.82 - - [22/Apr/2024:10:02:24 +0800] "GET /xingrg/kc/pszx/mdps_order_list.html HTTP/1.1" 200 21033
120.253.135.82 - - [22/Apr/2024:10:02:24 +0800] "GET /xingrg/css/base.css HTTP/1.1" 304 -
120.253.135.82 - - [22/Apr/2024:10:02:24 +0800] "GET /xingrg/css/site.css HTTP/1.1" 304 -
120.253.135.82 - - [22/Apr/2024:10:02:24 +0800] "GET /xingrg/javascript/jquery_tools/datebox.css HTTP/1.1" 304 -
120.253.135.82 - - [22/Apr/2024:10:02:24 +0800] "GET /xingrg/javascript/auto/jquery.autocomplete.css HTTP/1.1" 304 -
120.253.135.82 - - [22/Apr/2024:10:02:24 +0800] "GET /xingrg/javascript/jquery_tools/fix.css HTTP/1.1" 304 -
120.253.135.82 - - [22/Apr/2024:10:02:24 +0800] "GET /xingrg/javascript/easyui/themes/default/easyui.css HTTP/1.1" 304 -
120.253.135.82 - - [22/Apr/2024:10:02:24 +0800] "GET /xingrg/javascript/jquery_tools/table.css HTTP/1.1" 304 -
120.253.135.82 - - [22/Apr/2024:10:02:24 +0800] "POST /xingrg/kc/pszx/jzcl_ps_operate.html HTTP/1.1" 200 984
120.253.135.82 - - [22/Apr/2024:10:02:24 +0800] "GET /xingrg/javascript/jquery_tools/jquery.tools.min.js HTTP/1.1" 304 -
120.253.135.82 - - [22/Apr/2024:10:02:24 +0800] "GET /xingrg/javascript/jquery_tools/jquery.tools.extend.js HTTP/1.1" 304 -
120.253.135.82 - - [22/Apr/2024:10:02:24 +0800] "GET /xingrg/javascript/jquery_tools/jquery.tools.hotkey.js HTTP/1.1" 304 -
120.253.135.82 - - [22/Apr/2024:10:02:24 +0800] "GET /xingrg/javascript/jquery_tools/list_manager.js HTTP/1.1" 304 -
120.253.135.82 - - [22/Apr/2024:10:02:24 +0800] "GET /xingrg/javascript/jquery.cookie.js HTTP/1.1" 304 -
120.253.135.82 - - [22/Apr/2024:10:02:24 +0800] "GET /xingrg/javascript/easyui/easyloader.js HTTP/1.1" 304 -
120.253.135.82 - - [22/Apr/2024:10:02:24 +0800] "GET /xingrg/javascript/jquery_tools/jquery.tools.table.js HTTP/1.1" 304 -
120.253.135.82 - - [22/Apr/2024:10:02:24 +0800] "GET /xingrg/javascript/easyui/themes/icon.css HTTP/1.1" 304 -
120.253.135.82 - - [22/Apr/2024:10:02:24 +0800] "GET /xingrg/javascript/easyui/plugins/jquery.parser.js HTTP/1.1" 304 -
120.253.135.82 - - [22/Apr/2024:10:02:25 +0800] "POST /xingrg/kc/pszx/mdps_list_operate.html HTTP/1.1" 200 5409
116.232.195.13 - - [22/Apr/2024:10:02:29 +0800] "GET /xingrg/all/function/internal_message.html?_=1713751340655&CODE_STATE=getMsg HTTP/1.1" 200 27
120.253.135.82 - - [22/Apr/2024:10:02:29 +0800] "GET /xingrg/kc/buy/cgsh_order_list.html HTTP/1.1" 200 58221
180.164.1.25 - - [22/Apr/2024:10:02:32 +0800] "GET /xingrg/all/function/internal_message.html?_=1713751351545&CODE_STATE=getMsg HTTP/1.1" 200 27
120.253.135.82 - - [22/Apr/2024:10:02:32 +0800] "POST /xingrg/kc/buy/cgsh_list_operate.html HTTP/1.1" 200 645
116.232.195.13 - - [22/Apr/2024:10:02:36 +0800] "GET /xingrg/all/function/internal_message.html?_=1713751348254&CODE_STATE=getMsg HTTP/1.1" 200 27
120.253.135.82 - - [22/Apr/2024:10:02:37 +0800] "GET /xingrg/kc/buy/cgsh_order_add.html HTTP/1.1" 200 73091
120.253.135.82 - - [22/Apr/2024:10:02:37 +0800] "GET /xingrg/javascript/json2.js HTTP/1.1" 304 -
120.253.135.82 - - [22/Apr/2024:10:02:37 +0800] "GET /xingrg/javascript/jquery_tools/order_manager.js HTTP/1.1" 304 -
120.253.135.82 - - [22/Apr/2024:10:02:37 +0800] "GET /xingrg/javascript/convert.js HTTP/1.1" 304 -
120.253.135.82 - - [22/Apr/2024:10:02:37 +0800] "GET /xingrg/words/20240421095404_words.js HTTP/1.1" 304 -
124.78.56.241 - - [22/Apr/2024:10:02:37 +0800] "GET /xingrg/all/function/internal_message.html?_=1713751357994&CODE_STATE=getMsg HTTP/1.1" 200 27
120.253.135.82 - - [22/Apr/2024:10:02:38 +0800] "POST /xingrg/kc/buy/cgsh_order_operate.html HTTP/1.1" 200 8245
120.253.135.82 - - [22/Apr/2024:10:02:38 +0800] "GET /xingrg/all/common/auto_word.html?type=employee&rest_code=00101 HTTP/1.1" 200 1019
120.253.135.82 - - [22/Apr/2024:10:02:38 +0800] "GET /xingrg/all/common/auto_word.html?type=employee&rest_code=00101 HTTP/1.1" 200 1019
120.253.135.82 - - [22/Apr/2024:10:02:38 +0800] "GET /xingrg/javascript/easyui/themes/default/validatebox.css HTTP/1.1" 404 1104
120.253.135.82 - - [22/Apr/2024:10:02:38 +0800] "GET /xingrg/javascript/easyui/plugins/jquery.validatebox.js HTTP/1.1" 304 -
120.253.135.82 - - [22/Apr/2024:10:02:38 +0800] "GET /xingrg/javascript/easyui/plugins/jquery.numberbox.js HTTP/1.1" 304 -
120.253.135.82 - - [22/Apr/2024:10:02:39 +0800] "GET /xingrg/javascript/auto/indicator.gif HTTP/1.1" 404 1066
180.163.29.79 - - [22/Apr/2024:10:02:39 +0800] "GET /xingrg/check_reg.html?_=1713750963110 HTTP/1.1" 302 -
180.163.29.79 - - [22/Apr/2024:10:02:39 +0800] "GET /xingrg/login.html HTTP/1.1" 200 7641
180.163.29.212 - - [22/Apr/2024:10:02:41 +0800] "GET /xingrg/all/function/internal_message.html?_=1713751022467&CODE_STATE=getMsg HTTP/1.1" 302 -
180.163.29.212 - - [22/Apr/2024:10:02:41 +0800] "GET /xingrg/login.html HTTP/1.1" 200 7641
120.253.135.82 - - [22/Apr/2024:10:02:44 +0800] "GET /xingrg/all/function/internal_message.html?_=1713751209692&CODE_STATE=getMsg HTTP/1.1" 200 27
120.253.135.82 - - [22/Apr/2024:10:02:46 +0800] "GET /xingrg/javascript/jquery_tools/images/prev.gif HTTP/1.1" 404 1086
120.253.135.82 - - [22/Apr/2024:10:02:46 +0800] "GET /xingrg/javascript/jquery_tools/images/next.gif HTTP/1.1" 404 1086
120.253.135.82 - - [22/Apr/2024:10:02:48 +0800] "POST /xingrg/all/common/load_combo.html?type=employee HTTP/1.1" 200 1834
222.69.132.2 - - [22/Apr/2024:10:02:58 +0800] "GET /xingrg/all/function/internal_message.html?_=1713751379451&CODE_STATE=getMsg HTTP/1.1" 200 27
116.232.195.13 - - [22/Apr/2024:10:02:58 +0800] "GET /xingrg/all/function/internal_message.html?_=1713751370003&CODE_STATE=getMsg HTTP/1.1" 200 27
101.80.230.31 - - [22/Apr/2024:10:02:58 +0800] "GET /xingrg/all/function/internal_message.html?_=1713751378927&CODE_STATE=getMsg HTTP/1.1" 200 27
120.253.135.82 - - [22/Apr/2024:10:02:59 +0800] "GET /xingrg/kc/buy/cgsh_order_operate.html?command=get_materiel&rest_code=00101&code=00102002156&supplier_code=00100281&order_time=2024-04-22 HTTP/1.1" 200 444
222.70.244.105 - - [22/Apr/2024:10:03:01 +0800] "GET /xingrg/check_reg.html?_=1713751381421 HTTP/1.1" 302 -
101.83.144.49 - - [22/Apr/2024:10:03:03 +0800] "GET /xingrg/check_reg.html?_=1713751385239 HTTP/1.1" 200 22
101.83.144.49 - - [22/Apr/2024:10:03:03 +0800] "GET /xingrg/all/function/internal_message.html?_=1713751385242&CODE_STATE=getMsg HTTP/1.1" 200 27
116.238.97.31 - - [22/Apr/2024:10:03:04 +0800] "GET /xingrg/all/function/internal_message.html?_=1713751386485&CODE_STATE=getMsg HTTP/1.1" 200 27
61.170.234.72 - - [22/Apr/2024:10:03:06 +0800] "GET /xingrg/all/function/internal_message.html?_=1713751382342&CODE_STATE=getMsg HTTP/1.1" 200 27
120.253.135.82 - - [22/Apr/2024:10:03:11 +0800] "POST /xingrg/kc/buy/cgsh_order_operate.html HTTP/1.1" 200 37
116.232.195.13 - - [22/Apr/2024:10:03:16 +0800] "GET /xingrg/check_reg.html?_=1713751387826 HTTP/1.1" 200 22
116.224.254.208 - - [22/Apr/2024:10:03:19 +0800] "GET /xingrg/all/function/internal_message.html?_=1713751399058&CODE_STATE=getMsg HTTP/1.1" 200 27
116.238.97.31 - - [22/Apr/2024:10:03:20 +0800] "GET /favicon.ico HTTP/1.1" 404 -
221.239.169.251 - - [22/Apr/2024:10:03:20 +0800] "GET /xingrg/all/function/internal_message.html?_=1713751398818&CODE_STATE=getMsg HTTP/1.1" 200 27
116.224.254.208 - - [22/Apr/2024:10:03:20 +0800] "GET /xingrg/all/function/internal_message.html?_=1713751400715&CODE_STATE=getMsg HTTP/1.1" 200 27
124.78.56.241 - - [22/Apr/2024:10:03:23 +0800] "POST /xingrg/services/DataTransmitService HTTP/1.1" 200 524
120.253.135.82 - - [22/Apr/2024:10:03:23 +0800] "POST /xingrg/kc/buy/cgsh_order_operate.html HTTP/1.1" 200 2675
120.253.135.82 - - [22/Apr/2024:10:03:26 +0800] "GET /xingrg/kc/print/load_config.html?kc_code=cgsh HTTP/1.1" 200 1927
120.253.135.82 - - [22/Apr/2024:10:03:26 +0800] "GET /xingrg/kc/print/load_data.html?order_code=212024042205893&kc_code=cgsh&condition= HTTP/1.1" 200 688
116.232.195.13 - - [22/Apr/2024:10:03:29 +0800] "GET /xingrg/all/function/internal_message.html?_=1713751400649&CODE_STATE=getMsg HTTP/1.1" 200 27
180.164.1.25 - - [22/Apr/2024:10:03:32 +0800] "GET /xingrg/all/function/internal_message.html?_=1713751411553&CODE_STATE=getMsg HTTP/1.1" 200 27
180.164.1.25 - - [22/Apr/2024:10:03:32 +0800] "GET /xingrg/check_reg.html?_=1713751411677 HTTP/1.1" 200 22
116.232.195.13 - - [22/Apr/2024:10:03:36 +0800] "GET /xingrg/all/function/internal_message.html?_=1713751408250&CODE_STATE=getMsg HTTP/1.1" 200 27
124.78.56.241 - - [22/Apr/2024:10:03:37 +0800] "GET /xingrg/all/function/internal_message.html?_=1713751417968&CODE_STATE=getMsg HTTP/1.1" 200 27
120.253.135.82 - - [22/Apr/2024:10:03:39 +0800] "POST /xingrg/kc/buy/cgsh_order_operate.html HTTP/1.1" 200 37
222.69.132.2 - - [22/Apr/2024:10:03:58 +0800] "GET /xingrg/all/function/internal_message.html?_=1713751439447&CODE_STATE=getMsg HTTP/1.1" 200 27
116.232.195.13 - - [22/Apr/2024:10:03:58 +0800] "GET /xingrg/all/function/internal_message.html?_=1713751429995&CODE_STATE=getMsg HTTP/1.1" 200 27
101.80.230.31 - - [22/Apr/2024:10:03:58 +0800] "GET /xingrg/all/function/internal_message.html?_=1713751438931&CODE_STATE=getMsg HTTP/1.1" 200 27
101.83.144.49 - - [22/Apr/2024:10:04:03 +0800] "GET /xingrg/all/function/internal_message.html?_=1713751445238&CODE_STATE=getMsg HTTP/1.1" 200 27
116.238.97.31 - - [22/Apr/2024:10:04:04 +0800] "GET /xingrg/check_reg.html?_=1713751446482 HTTP/1.1" 200 22
116.238.97.31 - - [22/Apr/2024:10:04:04 +0800] "GET /xingrg/all/function/internal_message.html?_=1713751446484&CODE_STATE=getMsg HTTP/1.1" 200 27
61.170.234.72 - - [22/Apr/2024:10:04:06 +0800] "GET /xingrg/all/function/internal_message.html?_=1713751442326&CODE_STATE=getMsg HTTP/1.1" 200 27
116.224.254.208 - - [22/Apr/2024:10:04:19 +0800] "GET /xingrg/all/function/internal_message.html?_=1713751459059&CODE_STATE=getMsg HTTP/1.1" 200 27
221.239.169.251 - - [22/Apr/2024:10:04:20 +0800] "GET /xingrg/all/function/internal_message.html?_=1713751458824&CODE_STATE=getMsg HTTP/1.1" 200 27
116.224.254.208 - - [22/Apr/2024:10:04:20 +0800] "GET /xingrg/all/function/internal_message.html?_=1713751460694&CODE_STATE=getMsg HTTP/1.1" 200 27
116.232.195.13 - - [22/Apr/2024:10:04:29 +0800] "GET /xingrg/all/function/internal_message.html?_=1713751460642&CODE_STATE=getMsg HTTP/1.1" 200 27
180.164.1.25 - - [22/Apr/2024:10:04:32 +0800] "GET /xingrg/all/function/internal_message.html?_=1713751471553&CODE_STATE=getMsg HTTP/1.1" 200 27
116.232.195.13 - - [22/Apr/2024:10:04:36 +0800] "GET /xingrg/all/function/internal_message.html?_=1713751468247&CODE_STATE=getMsg HTTP/1.1" 200 27
124.78.56.241 - - [22/Apr/2024:10:04:38 +0800] "GET /xingrg/all/function/internal_message.html?_=1713751478057&CODE_STATE=getMsg HTTP/1.1" 200 27
120.253.135.82 - - [22/Apr/2024:10:04:43 +0800] "POST /xingrg/kc/buy/cgsh_order_operate.html HTTP/1.1" 200 12
120.253.135.82 - - [22/Apr/2024:10:04:46 +0800] "GET /xingrg/all/function/internal_message.html?_=1713751331787&CODE_STATE=getMsg HTTP/1.1" 200 27
120.253.135.82 - - [22/Apr/2024:10:04:47 +0800] "GET /xingrg/kc/buy/cgsh_order_info.html?code=212024042205893 HTTP/1.1" 200 67975
120.253.135.82 - - [22/Apr/2024:10:04:47 +0800] "GET /xingrg/javascript/easyui/themes/default/validatebox.css HTTP/1.1" 404 1104
120.253.135.82 - - [22/Apr/2024:10:04:48 +0800] "POST /xingrg/kc/buy/cgsh_order_operate.html HTTP/1.1" 200 625
180.163.30.27 - - [22/Apr/2024:10:04:49 +0800] "GET /xingrg/all/function/internal_message.html?_=1713751082450&CODE_STATE=getMsg HTTP/1.1" 302 -
180.163.30.27 - - [22/Apr/2024:10:04:49 +0800] "GET /xingrg/login.html HTTP/1.1" 200 7641
120.253.135.82 - - [22/Apr/2024:10:04:52 +0800] "GET /xingrg/kc/buy/cgsh_order_add.html HTTP/1.1" 200 73091
120.253.135.82 - - [22/Apr/2024:10:04:52 +0800] "POST /xingrg/kc/buy/cgsh_order_operate.html HTTP/1.1" 200 8245
120.253.135.82 - - [22/Apr/2024:10:04:52 +0800] "GET /xingrg/javascript/easyui/themes/default/validatebox.css HTTP/1.1" 404 1104
222.69.132.2 - - [22/Apr/2024:10:04:58 +0800] "GET /xingrg/check_reg.html?_=1713751499451 HTTP/1.1" 200 22
222.69.132.2 - - [22/Apr/2024:10:04:58 +0800] "GET /xingrg/all/function/internal_message.html?_=1713751499451&CODE_STATE=getMsg HTTP/1.1" 200 27
116.232.195.13 - - [22/Apr/2024:10:04:58 +0800] "GET /xingrg/all/function/internal_message.html?_=1713751489975&CODE_STATE=getMsg HTTP/1.1" 200 27
101.80.230.31 - - [22/Apr/2024:10:04:58 +0800] "GET /xingrg/all/function/internal_message.html?_=1713751498933&CODE_STATE=getMsg HTTP/1.1" 200 27
120.253.135.82 - - [22/Apr/2024:10:05:01 +0800] "POST /xingrg/all/common/load_combo.html?type=employee HTTP/1.1" 200 1834
101.83.144.49 - - [22/Apr/2024:10:05:03 +0800] "GET /xingrg/all/function/internal_message.html?_=1713751505239&CODE_STATE=getMsg HTTP/1.1" 200 27
116.238.97.31 - - [22/Apr/2024:10:05:04 +0800] "GET /xingrg/all/function/internal_message.html?_=1713751506479&CODE_STATE=getMsg HTTP/1.1" 200 27
61.170.234.72 - - [22/Apr/2024:10:05:06 +0800] "GET /xingrg/all/function/internal_message.html?_=1713751502313&CODE_STATE=getMsg HTTP/1.1" 200 27
120.253.135.82 - - [22/Apr/2024:10:05:13 +0800] "GET /xingrg/kc/buy/cgsh_order_operate.html?command=get_materiel&rest_code=00101&code=00101006002&supplier_code=00100139&order_time=2024-04-22 HTTP/1.1" 200 438
116.224.254.208 - - [22/Apr/2024:10:05:19 +0800] "GET /xingrg/all/function/internal_message.html?_=1713751519056&CODE_STATE=getMsg HTTP/1.1" 200 27
221.239.169.251 - - [22/Apr/2024:10:05:20 +0800] "GET /xingrg/all/function/internal_message.html?_=1713751518824&CODE_STATE=getMsg HTTP/1.1" 200 27
221.239.169.251 - - [22/Apr/2024:10:05:20 +0800] "GET /xingrg/check_reg.html?_=1713751518848 HTTP/1.1" 200 22
116.224.254.208 - - [22/Apr/2024:10:05:20 +0800] "GET /xingrg/all/function/internal_message.html?_=1713751520682&CODE_STATE=getMsg HTTP/1.1" 200 27
114.83.221.211 - - [22/Apr/2024:10:05:24 +0800] "POST /xingrg/services/DataTransmitService HTTP/1.1" 200 524
114.83.221.211 - - [22/Apr/2024:10:05:24 +0800] "POST /xingrg/services/DataTransmitService HTTP/1.1" 200 2067
114.83.221.211 - - [22/Apr/2024:10:05:25 +0800] "POST /xingrg/services/DataTransmitService HTTP/1.1" 200 157623
116.232.195.13 - - [22/Apr/2024:10:05:29 +0800] "GET /xingrg/all/function/internal_message.html?_=1713751520625&CODE_STATE=getMsg HTTP/1.1" 200 27
180.164.1.25 - - [22/Apr/2024:10:05:32 +0800] "GET /xingrg/all/function/internal_message.html?_=1713751531543&CODE_STATE=getMsg HTTP/1.1" 200 27
116.232.195.13 - - [22/Apr/2024:10:05:36 +0800] "GET /xingrg/all/function/internal_message.html?_=1713751528250&CODE_STATE=getMsg HTTP/1.1" 200 27
116.232.195.13 - - [22/Apr/2024:10:05:36 +0800] "GET /xingrg/check_reg.html?_=1713751528251 HTTP/1.1" 200 22
124.78.56.241 - - [22/Apr/2024:10:05:38 +0800] "GET /xingrg/all/function/internal_message.html?_=1713751538050&CODE_STATE=getMsg HTTP/1.1" 200 27
120.253.135.82 - - [22/Apr/2024:10:05:41 +0800] "POST /xingrg/kc/buy/cgsh_order_operate.html HTTP/1.1" 200 37
116.232.195.13 - - [22/Apr/2024:10:05:42 +0800] "GET /xingrg/check_reg.html?_=1713751533699 HTTP/1.1" 200 22
120.253.135.82 - - [22/Apr/2024:10:05:44 +0800] "POST /xingrg/kc/buy/cgsh_order_operate.html HTTP/1.1" 200 2671
120.253.135.82 - - [22/Apr/2024:10:05:46 +0800] "GET /xingrg/all/function/internal_message.html?_=1713751391804&CODE_STATE=getMsg HTTP/1.1" 200 27
120.253.135.82 - - [22/Apr/2024:10:05:48 +0800] "GET /xingrg/kc/print/load_data.html?order_code=212024042205894&kc_code=cgsh&condition= HTTP/1.1" 200 735
222.69.132.2 - - [22/Apr/2024:10:05:58 +0800] "GET /xingrg/all/function/internal_message.html?_=1713751559457&CODE_STATE=getMsg HTTP/1.1" 200 27
116.232.195.13 - - [22/Apr/2024:10:05:58 +0800] "GET /xingrg/all/function/internal_message.html?_=1713751549949&CODE_STATE=getMsg HTTP/1.1" 200 27
101.80.230.31 - - [22/Apr/2024:10:05:58 +0800] "GET /xingrg/all/function/internal_message.html?_=1713751558937&CODE_STATE=getMsg HTTP/1.1" 200 27
124.78.56.241 - - [22/Apr/2024:10:06:00 +0800] "GET /xingrg/check_reg.html?_=1713751560469 HTTP/1.1" 200 22
101.83.144.49 - - [22/Apr/2024:10:06:03 +0800] "GET /xingrg/all/function/internal_message.html?_=1713751565232&CODE_STATE=getMsg HTTP/1.1" 200 27
116.238.97.31 - - [22/Apr/2024:10:06:04 +0800] "GET /xingrg/all/function/internal_message.html?_=1713751566476&CODE_STATE=getMsg HTTP/1.1" 200 27
61.170.234.72 - - [22/Apr/2024:10:06:06 +0800] "GET /xingrg/all/function/internal_message.html?_=1713751562284&CODE_STATE=getMsg HTTP/1.1" 200 27
61.170.234.72 - - [22/Apr/2024:10:06:06 +0800] "GET /xingrg/check_reg.html?_=1713751563114 HTTP/1.1" 200 22
116.224.254.208 - - [22/Apr/2024:10:06:19 +0800] "GET /xingrg/all/function/internal_message.html?_=1713751579056&CODE_STATE=getMsg HTTP/1.1" 200 27
116.224.254.208 - - [22/Apr/2024:10:06:19 +0800] "GET /xingrg/check_reg.html?_=1713751579060 HTTP/1.1" 200 22
221.239.169.251 - - [22/Apr/2024:10:06:20 +0800] "GET /xingrg/all/function/internal_message.html?_=1713751578829&CODE_STATE=getMsg HTTP/1.1" 200 27
116.224.254.208 - - [22/Apr/2024:10:06:20 +0800] "GET /xingrg/all/function/internal_message.html?_=1713751580665&CODE_STATE=getMsg HTTP/1.1" 200 27
116.232.195.13 - - [22/Apr/2024:10:06:21 +0800] "POST /xingrg/kc/buy/cgsh_order_operate.html HTTP/1.1" 200 37
116.232.195.13 - - [22/Apr/2024:10:06:24 +0800] "POST /xingrg/kc/buy/cgsh_order_operate.html HTTP/1.1" 200 27527
116.232.195.13 - - [22/Apr/2024:10:06:29 +0800] "GET /xingrg/all/function/internal_message.html?_=1713751580602&CODE_STATE=getMsg HTTP/1.1" 200 27
180.164.1.25 - - [22/Apr/2024:10:06:32 +0800] "GET /xingrg/all/function/internal_message.html?_=1713751591548&CODE_STATE=getMsg HTTP/1.1" 200 27
116.232.195.13 - - [22/Apr/2024:10:06:35 +0800] "POST /xingrg/kc/buy/cgsh_list_operate.html HTTP/1.1" 200 2260
116.232.195.13 - - [22/Apr/2024:10:06:36 +0800] "GET /xingrg/all/function/internal_message.html?_=1713751588250&CODE_STATE=getMsg HTTP/1.1" 200 27
180.163.29.206 - - [22/Apr/2024:10:06:37 +0800] "GET /xingrg/all/function/internal_message.html?_=1713751142438&CODE_STATE=getMsg HTTP/1.1" 302 -
180.163.29.206 - - [22/Apr/2024:10:06:37 +0800] "GET /xingrg/login.html HTTP/1.1" 200 7641
124.78.56.241 - - [22/Apr/2024:10:06:37 +0800] "GET /xingrg/all/function/internal_message.html?_=1713751598021&CODE_STATE=getMsg HTTP/1.1" 200 27
120.253.135.82 - - [22/Apr/2024:10:06:44 +0800] "GET /xingrg/check_reg.html?_=1713751449663 HTTP/1.1" 200 22
120.253.135.82 - - [22/Apr/2024:10:06:46 +0800] "GET /xingrg/all/function/internal_message.html?_=1713751451812&CODE_STATE=getMsg HTTP/1.1" 200 27
180.163.29.217 - - [22/Apr/2024:10:06:49 +0800] "GET /xingrg/all/function/internal_message.html?_=1713749462931&CODE_STATE=getMsg HTTP/1.1" 302 -
180.163.29.217 - - [22/Apr/2024:10:06:49 +0800] "GET /xingrg/login.html HTTP/1.1" 200 7641
222.69.132.2 - - [22/Apr/2024:10:06:58 +0800] "GET /xingrg/all/function/internal_message.html?_=1713751619451&CODE_STATE=getMsg HTTP/1.1" 200 27
116.232.195.13 - - [22/Apr/2024:10:06:58 +0800] "GET /xingrg/all/function/internal_message.html?_=1713751609926&CODE_STATE=getMsg HTTP/1.1" 200 27
101.80.230.31 - - [22/Apr/2024:10:06:58 +0800] "GET /xingrg/all/function/internal_message.html?_=1713751618938&CODE_STATE=getMsg HTTP/1.1" 200 27
101.80.230.31 - - [22/Apr/2024:10:06:58 +0800] "GET /xingrg/check_reg.html?_=1713751618939 HTTP/1.1" 200 22
120.253.135.82 - - [22/Apr/2024:10:07:01 +0800] "POST /xingrg/kc/buy/cgsh_order_operate.html HTTP/1.1" 200 37
101.83.144.49 - - [22/Apr/2024:10:07:03 +0800] "GET /xingrg/all/function/internal_message.html?_=1713751625231&CODE_STATE=getMsg HTTP/1.1" 200 27
116.238.97.31 - - [22/Apr/2024:10:07:04 +0800] "GET /xingrg/all/function/internal_message.html?_=1713751626473&CODE_STATE=getMsg HTTP/1.1" 200 27
61.170.234.72 - - [22/Apr/2024:10:07:06 +0800] "GET /xingrg/all/function/internal_message.html?_=1713751622263&CODE_STATE=getMsg HTTP/1.1" 200 27
120.253.135.82 - - [22/Apr/2024:10:07:07 +0800] "POST /xingrg/kc/buy/cgsh_order_operate.html HTTP/1.1" 200 12
120.253.135.82 - - [22/Apr/2024:10:07:10 +0800] "GET /xingrg/kc/buy/cgsh_order_info.html?code=212024042205894 HTTP/1.1" 200 67969
120.253.135.82 - - [22/Apr/2024:10:07:10 +0800] "GET /xingrg/javascript/easyui/themes/default/validatebox.css HTTP/1.1" 404 1104
120.253.135.82 - - [22/Apr/2024:10:07:11 +0800] "POST /xingrg/kc/buy/cgsh_order_operate.html HTTP/1.1" 200 621
120.253.135.82 - - [22/Apr/2024:10:07:14 +0800] "POST /xingrg/kc/buy/cgsh_list_operate.html HTTP/1.1" 200 645
120.253.135.82 - - [22/Apr/2024:10:07:16 +0800] "GET /xingrg/kc/pszx/mdqp_order_list.html?state=10 HTTP/1.1" 200 11170
120.253.135.82 - - [22/Apr/2024:10:07:16 +0800] "GET /xingrg/dwr/interface/AjaxQqpsService.js HTTP/1.1" 200 16326
120.253.135.82 - - [22/Apr/2024:10:07:16 +0800] "GET /xingrg/dwr/interface/AjaxReportQueryService.js HTTP/1.1" 200 13203
120.253.135.82 - - [22/Apr/2024:10:07:16 +0800] "GET /xingrg/dwr/engine.js HTTP/1.1" 200 43631
120.253.135.82 - - [22/Apr/2024:10:07:19 +0800] "GET /xingrg/kc/pszx/mdqp_order_info.html?code=302024041600225 HTTP/1.1" 200 13346
120.253.135.82 - - [22/Apr/2024:10:07:19 +0800] "GET /xingrg/dwr/interface/AjaxComOrderService.js HTTP/1.1" 200 18264
120.253.135.82 - - [22/Apr/2024:10:07:19 +0800] "GET /xingrg/dwr/interface/AjaxQqpsService.js HTTP/1.1" 200 16326
120.253.135.82 - - [22/Apr/2024:10:07:19 +0800] "GET /xingrg/dwr/engine.js HTTP/1.1" 200 43631
116.224.254.208 - - [22/Apr/2024:10:07:19 +0800] "GET /xingrg/all/function/internal_message.html?_=1713751639051&CODE_STATE=getMsg HTTP/1.1" 200 27
120.253.135.82 - - [22/Apr/2024:10:07:19 +0800] "POST /xingrg/dwr/call/plaincall/AjaxQqpsService.loadMaterielItems.dwr HTTP/1.1" 200 2456
221.239.169.251 - - [22/Apr/2024:10:07:20 +0800] "GET /xingrg/all/function/internal_message.html?_=1713751638858&CODE_STATE=getMsg HTTP/1.1" 200 27
116.224.254.208 - - [22/Apr/2024:10:07:20 +0800] "GET /xingrg/all/function/internal_message.html?_=1713751640643&CODE_STATE=getMsg HTTP/1.1" 200 27
116.224.254.208 - - [22/Apr/2024:10:07:21 +0800] "GET /xingrg/check_reg.html?_=1713751641143 HTTP/1.1" 200 22
120.253.135.82 - - [22/Apr/2024:10:07:26 +0800] "GET /xingrg/kc/pszx/mdqp_order_list.html?isBack=1 HTTP/1.1" 302 -
120.253.135.82 - - [22/Apr/2024:10:07:27 +0800] "GET /xingrg/kc/pszx/mdqp_order_list.html?state=10 HTTP/1.1" 200 11170
120.253.135.82 - - [22/Apr/2024:10:07:27 +0800] "GET /xingrg/dwr/interface/AjaxReportQueryService.js HTTP/1.1" 200 13203
120.253.135.82 - - [22/Apr/2024:10:07:27 +0800] "GET /xingrg/dwr/interface/AjaxQqpsService.js HTTP/1.1" 200 16326
120.253.135.82 - - [22/Apr/2024:10:07:27 +0800] "GET /xingrg/dwr/engine.js HTTP/1.1" 200 43631
116.232.195.13 - - [22/Apr/2024:10:07:29 +0800] "GET /xingrg/all/function/internal_message.html?_=1713751640583&CODE_STATE=getMsg HTTP/1.1" 200 27
180.164.1.25 - - [22/Apr/2024:10:07:32 +0800] "GET /xingrg/all/function/internal_message.html?_=1713751651542&CODE_STATE=getMsg HTTP/1.1" 200 27
120.253.135.82 - - [22/Apr/2024:10:07:35 +0800] "GET /xingrg/kc/pszx/mdps_order_list.html?orderType=0 HTTP/1.1" 200 21033
120.253.135.82 - - [22/Apr/2024:10:07:35 +0800] "POST /xingrg/kc/pszx/mdps_list_operate.html HTTP/1.1" 200 5409
116.232.195.13 - - [22/Apr/2024:10:07:36 +0800] "GET /xingrg/all/function/internal_message.html?_=1713751648247&CODE_STATE=getMsg HTTP/1.1" 200 27
124.78.56.241 - - [22/Apr/2024:10:07:37 +0800] "GET /xingrg/all/function/internal_message.html?_=1713751658007&CODE_STATE=getMsg HTTP/1.1" 200 27
180.163.28.143 - - [22/Apr/2024:10:07:39 +0800] "GET /xingrg/all/function/internal_message.html?_=1713751202419&CODE_STATE=getMsg HTTP/1.1" 302 -
180.163.28.143 - - [22/Apr/2024:10:07:39 +0800] "GET /xingrg/login.html HTTP/1.1" 200 7641
120.253.135.82 - - [22/Apr/2024:10:07:44 +0800] "POST /xingrg/kc/pszx/mdps_list_operate.html HTTP/1.1" 200 3876
120.253.135.82 - - [22/Apr/2024:10:07:46 +0800] "POST /xingrg/kc/pszx/mdps_list_operate.html HTTP/1.1" 200 210
120.253.135.82 - - [22/Apr/2024:10:07:46 +0800] "GET /xingrg/all/function/internal_message.html?_=1713751511827&CODE_STATE=getMsg HTTP/1.1" 200 27
120.253.135.82 - - [22/Apr/2024:10:07:48 +0800] "GET /xingrg/kc/pszx/mdps_order_info.html?code=312024042200375 HTTP/1.1" 200 23978
120.253.135.82 - - [22/Apr/2024:10:07:48 +0800] "GET /xingrg/javascript/easyui/themes/default/validatebox.css HTTP/1.1" 404 1104
120.253.135.82 - - [22/Apr/2024:10:07:48 +0800] "GET /xingrg/all/common/auto_word.html?type=base&rest_code=00101 HTTP/1.1" 200 671
120.253.135.82 - - [22/Apr/2024:10:07:49 +0800] "POST /xingrg/kc/pszx/mdps_order_operate.html HTTP/1.1" 200 2285
120.253.135.82 - - [22/Apr/2024:10:07:51 +0800] "POST /xingrg/kc/pszx/mdps_list_operate.html HTTP/1.1" 200 205
120.253.135.82 - - [22/Apr/2024:10:07:52 +0800] "GET /xingrg/kc/pszx/mdps_order_info.html?code=312024042100346 HTTP/1.1" 200 23978
120.253.135.82 - - [22/Apr/2024:10:07:53 +0800] "GET /xingrg/javascript/easyui/themes/default/validatebox.css HTTP/1.1" 404 1104
120.253.135.82 - - [22/Apr/2024:10:07:53 +0800] "POST /xingrg/kc/pszx/mdps_order_operate.html HTTP/1.1" 200 2285
120.253.135.82 - - [22/Apr/2024:10:07:56 +0800] "POST /xingrg/kc/pszx/mdps_list_operate.html HTTP/1.1" 200 3876
222.69.132.2 - - [22/Apr/2024:10:07:58 +0800] "GET /xingrg/all/function/internal_message.html?_=1713751679453&CODE_STATE=getMsg HTTP/1.1" 200 27
116.232.195.13 - - [22/Apr/2024:10:07:58 +0800] "GET /xingrg/all/function/internal_message.html?_=1713751669913&CODE_STATE=getMsg HTTP/1.1" 200 27
101.80.230.31 - - [22/Apr/2024:10:07:58 +0800] "GET /xingrg/all/function/internal_message.html?_=1713751678942&CODE_STATE=getMsg HTTP/1.1" 200 27
222.70.244.105 - - [22/Apr/2024:10:08:01 +0800] "GET /xingrg/check_reg.html?_=1713751681469 HTTP/1.1" 302 -
101.83.144.49 - - [22/Apr/2024:10:08:03 +0800] "GET /xingrg/all/function/internal_message.html?_=1713751685230&CODE_STATE=getMsg HTTP/1.1" 200 27
101.83.144.49 - - [22/Apr/2024:10:08:03 +0800] "GET /xingrg/check_reg.html?_=1713751685231 HTTP/1.1" 200 22
116.238.97.31 - - [22/Apr/2024:10:08:04 +0800] "GET /xingrg/all/function/internal_message.html?_=1713751686487&CODE_STATE=getMsg HTTP/1.1" 200 27
61.170.234.72 - - [22/Apr/2024:10:08:06 +0800] "GET /xingrg/all/function/internal_message.html?_=1713751682247&CODE_STATE=getMsg HTTP/1.1" 200 27
116.232.195.13 - - [22/Apr/2024:10:08:16 +0800] "GET /xingrg/check_reg.html?_=1713751687811 HTTP/1.1" 200 22
116.224.254.208 - - [22/Apr/2024:10:08:19 +0800] "GET /xingrg/all/function/internal_message.html?_=1713751699050&CODE_STATE=getMsg HTTP/1.1" 200 27
221.239.169.251 - - [22/Apr/2024:10:08:20 +0800] "GET /xingrg/all/function/internal_message.html?_=1713751698832&CODE_STATE=getMsg HTTP/1.1" 200 27
116.224.254.208 - - [22/Apr/2024:10:08:20 +0800] "GET /xingrg/all/function/internal_message.html?_=1713751700630&CODE_STATE=getMsg HTTP/1.1" 200 27
116.232.195.13 - - [22/Apr/2024:10:08:29 +0800] "GET /xingrg/all/function/internal_message.html?_=1713751700552&CODE_STATE=getMsg HTTP/1.1" 200 27
180.164.1.25 - - [22/Apr/2024:10:08:32 +0800] "GET /xingrg/all/function/internal_message.html?_=1713751711552&CODE_STATE=getMsg HTTP/1.1" 200 27
180.164.1.25 - - [22/Apr/2024:10:08:32 +0800] "GET /xingrg/check_reg.html?_=1713751711662 HTTP/1.1" 200 22
116.232.195.13 - - [22/Apr/2024:10:08:36 +0800] "GET /xingrg/all/function/internal_message.html?_=1713751708246&CODE_STATE=getMsg HTTP/1.1" 200 27
124.78.56.241 - - [22/Apr/2024:10:08:37 +0800] "GET /xingrg/all/function/internal_message.html?_=1713751717982&CODE_STATE=getMsg HTTP/1.1" 200 27
120.253.135.82 - - [22/Apr/2024:10:08:46 +0800] "GET /xingrg/all/function/internal_message.html?_=1713751571843&CODE_STATE=getMsg HTTP/1.1" 200 27
222.69.132.2 - - [22/Apr/2024:10:08:58 +0800] "GET /xingrg/all/function/internal_message.html?_=1713751739454&CODE_STATE=getMsg HTTP/1.1" 200 27
116.232.195.13 - - [22/Apr/2024:10:08:58 +0800] "GET /xingrg/all/function/internal_message.html?_=1713751729906&CODE_STATE=getMsg HTTP/1.1" 200 27
101.80.230.31 - - [22/Apr/2024:10:08:58 +0800] "GET /xingrg/all/function/internal_message.html?_=1713751738943&CODE_STATE=getMsg HTTP/1.1" 200 27
101.83.144.49 - - [22/Apr/2024:10:09:03 +0800] "GET /xingrg/all/function/internal_message.html?_=1713751745229&CODE_STATE=getMsg HTTP/1.1" 200 27
116.238.97.31 - - [22/Apr/2024:10:09:04 +0800] "GET /xingrg/check_reg.html?_=1713751746486 HTTP/1.1" 200 22
116.238.97.31 - - [22/Apr/2024:10:09:04 +0800] "GET /xingrg/all/function/internal_message.html?_=1713751746488&CODE_STATE=getMsg HTTP/1.1" 200 27
