116.224.254.208 - - [22/Apr/2024:11:11:45 +0800] "GET /xingrg/kc/print/load_data.html?order_code=212024042205945&kc_code=cgsh&condition= HTTP/1.1" 200 721
222.70.183.82 - - [22/Apr/2024:11:11:45 +0800] "GET /xingrg/check_reg.html?_=1713755505667 HTTP/1.1" 200 22
222.70.183.82 - - [22/Apr/2024:11:11:45 +0800] "GET /xingrg/all/function/internal_message.html?_=1713755505670&CODE_STATE=getMsg HTTP/1.1" 200 27
61.170.234.72 - - [22/Apr/2024:11:11:52 +0800] "GET /xingrg/kc/buy/cgsh_order_operate.html?command=get_materiel&rest_code=00106&code=00101003040&supplier_code=00100093&order_time=2024-04-22 HTTP/1.1" 200 438
101.83.144.49 - - [22/Apr/2024:11:11:53 +0800] "GET /xingrg/kc/buy/cgsh_order_operate.html?command=get_materiel&rest_code=00105&code=00101010794&supplier_code=00100323&order_time=2024-04-22 HTTP/1.1" 200 429
180.163.30.100 - - [22/Apr/2024:11:11:53 +0800] "GET /xingrg/all/function/internal_message.html?_=1713755160861&CODE_STATE=getMsg HTTP/1.1" 302 -
180.163.30.100 - - [22/Apr/2024:11:11:53 +0800] "GET /xingrg/login.html HTTP/1.1" 200 7641
222.69.132.2 - - [22/Apr/2024:11:11:58 +0800] "GET /xingrg/all/function/internal_message.html?_=1713755519446&CODE_STATE=getMsg HTTP/1.1" 200 27
101.80.230.31 - - [22/Apr/2024:11:11:58 +0800] "GET /xingrg/all/function/internal_message.html?_=1713755519112&CODE_STATE=getMsg HTTP/1.1" 200 27
101.80.230.31 - - [22/Apr/2024:11:11:58 +0800] "GET /xingrg/check_reg.html?_=1713755519113 HTTP/1.1" 200 22
116.224.254.208 - - [22/Apr/2024:11:11:58 +0800] "GET /xingrg/all/function/internal_message.html?_=1713755518455&CODE_STATE=getMsg HTTP/1.1" 200 27
116.238.97.31 - - [22/Apr/2024:11:12:04 +0800] "GET /xingrg/all/function/internal_message.html?_=1713755526540&CODE_STATE=getMsg HTTP/1.1" 200 27
61.170.234.72 - - [22/Apr/2024:11:12:04 +0800] "GET /xingrg/all/function/internal_message.html?_=1713755520717&CODE_STATE=getMsg HTTP/1.1" 200 27
222.70.183.82 - - [22/Apr/2024:11:12:09 +0800] "POST /xingrg/services/DataTransmitService HTTP/1.1" 200 524
222.70.183.82 - - [22/Apr/2024:11:12:10 +0800] "POST /xingrg/services/DataTransmitService HTTP/1.1" 200 501
180.163.29.217 - - [22/Apr/2024:11:12:13 +0800] "GET /xingrg/check_reg.html?_=1713754863199 HTTP/1.1" 302 -
61.170.234.72 - - [22/Apr/2024:11:12:13 +0800] "GET /xingrg/all/function/internal_message.html?_=1713755534709&CODE_STATE=getMsg HTTP/1.1" 200 27
180.163.29.217 - - [22/Apr/2024:11:12:13 +0800] "GET /xingrg/login.html HTTP/1.1" 200 7641
101.83.144.49 - - [22/Apr/2024:11:12:16 +0800] "GET /xingrg/all/function/internal_message.html?_=1713755538725&CODE_STATE=getMsg HTTP/1.1" 200 27
101.83.144.49 - - [22/Apr/2024:11:12:17 +0800] "GET /xingrg/kc/buy/cgsh_order_operate.html?command=get_materiel&rest_code=00105&code=00101010547&supplier_code=00100323&order_time=2024-04-22 HTTP/1.1" 200 421
116.224.254.208 - - [22/Apr/2024:11:12:19 +0800] "GET /xingrg/all/function/internal_message.html?_=1713755539490&CODE_STATE=getMsg HTTP/1.1" 200 27
221.239.169.251 - - [22/Apr/2024:11:12:20 +0800] "GET /xingrg/all/function/internal_message.html?_=1713755538883&CODE_STATE=getMsg HTTP/1.1" 200 27
116.224.254.208 - - [22/Apr/2024:11:12:21 +0800] "GET /xingrg/check_reg.html?_=1713755541184 HTTP/1.1" 200 22
110.83.143.91 - - [22/Apr/2024:11:12:27 +0800] "GET /xingrg/all/function/internal_message.html?_=1713755689154&CODE_STATE=getMsg HTTP/1.1" 200 27
61.170.234.72 - - [22/Apr/2024:11:12:28 +0800] "POST /xingrg/kc/buy/cgsh_order_operate.html HTTP/1.1" 200 37
116.238.125.103 - - [22/Apr/2024:11:12:31 +0800] "GET /xingrg/all/function/internal_message.html?_=1713755553323&CODE_STATE=getMsg HTTP/1.1" 200 27
116.238.125.103 - - [22/Apr/2024:11:12:31 +0800] "GET /xingrg/check_reg.html?_=1713755553327 HTTP/1.1" 200 22
180.164.1.25 - - [22/Apr/2024:11:12:32 +0800] "GET /xingrg/all/function/internal_message.html?_=1713755551540&CODE_STATE=getMsg HTTP/1.1" 200 27
61.170.234.72 - - [22/Apr/2024:11:12:34 +0800] "POST /xingrg/kc/buy/cgsh_order_operate.html HTTP/1.1" 200 12
61.170.234.72 - - [22/Apr/2024:11:12:36 +0800] "GET /xingrg/kc/buy/cgsh_order_info.html?code=212024042205947 HTTP/1.1" 200 68901
61.170.234.72 - - [22/Apr/2024:11:12:36 +0800] "GET /xingrg/javascript/easyui/themes/default/validatebox.css HTTP/1.1" 404 1104
101.83.144.49 - - [22/Apr/2024:11:12:37 +0800] "GET /xingrg/kc/buy/cgsh_order_operate.html?command=get_materiel&rest_code=00105&code=00101001109&supplier_code=00100323&order_time=2024-04-22 HTTP/1.1" 200 415
61.170.234.72 - - [22/Apr/2024:11:12:37 +0800] "POST /xingrg/kc/buy/cgsh_order_operate.html HTTP/1.1" 200 615
124.78.56.241 - - [22/Apr/2024:11:12:39 +0800] "GET /xingrg/all/function/internal_message.html?_=1713755559920&CODE_STATE=getMsg HTTP/1.1" 200 27
61.170.234.72 - - [22/Apr/2024:11:12:41 +0800] "GET /xingrg/kc/print/load_data.html?order_code=212024042205947&kc_code=cgsh&condition= HTTP/1.1" 200 764
222.70.183.82 - - [22/Apr/2024:11:12:45 +0800] "GET /xingrg/all/function/internal_message.html?_=1713755565666&CODE_STATE=getMsg HTTP/1.1" 200 27
61.170.234.72 - - [22/Apr/2024:11:12:52 +0800] "GET /xingrg/kc/buy/cgsh_order_add.html HTTP/1.1" 200 74027
61.170.234.72 - - [22/Apr/2024:11:12:53 +0800] "POST /xingrg/kc/buy/cgsh_order_operate.html HTTP/1.1" 200 8245
61.170.234.72 - - [22/Apr/2024:11:12:53 +0800] "GET /xingrg/javascript/easyui/themes/default/validatebox.css HTTP/1.1" 404 1104
61.170.234.72 - - [22/Apr/2024:11:12:55 +0800] "GET /xingrg/javascript/easyui/themes/default/tree.css HTTP/1.1" 404 1090
61.170.234.72 - - [22/Apr/2024:11:12:55 +0800] "POST /xingrg/all/common/load_tree.html?tree=supplier_tree_json&isDelete=1 HTTP/1.1" 200 79499
222.69.132.2 - - [22/Apr/2024:11:12:58 +0800] "GET /xingrg/all/function/internal_message.html?_=1713755579457&CODE_STATE=getMsg HTTP/1.1" 200 27
101.80.230.31 - - [22/Apr/2024:11:12:58 +0800] "GET /xingrg/all/function/internal_message.html?_=1713755579116&CODE_STATE=getMsg HTTP/1.1" 200 27
116.224.254.208 - - [22/Apr/2024:11:12:58 +0800] "GET /xingrg/all/function/internal_message.html?_=1713755578458&CODE_STATE=getMsg HTTP/1.1" 200 27
124.78.56.241 - - [22/Apr/2024:11:12:59 +0800] "POST /xingrg/kc/base/yddb_list_operate.html HTTP/1.1" 200 636
124.78.56.241 - - [22/Apr/2024:11:13:01 +0800] "GET /xingrg/dwr/engine.js HTTP/1.1" 200 43631
222.70.244.105 - - [22/Apr/2024:11:13:01 +0800] "GET /xingrg/check_reg.html?_=1713755582221 HTTP/1.1" 302 -
116.238.97.31 - - [22/Apr/2024:11:13:04 +0800] "GET /xingrg/all/function/internal_message.html?_=1713755586533&CODE_STATE=getMsg HTTP/1.1" 200 27
124.78.56.241 - - [22/Apr/2024:11:13:04 +0800] "GET /xingrg/kc/base/yddb_order_add.html HTTP/1.1" 200 30041
124.78.56.241 - - [22/Apr/2024:11:13:04 +0800] "GET /xingrg/css/blue.css HTTP/1.1" 304 -
124.78.56.241 - - [22/Apr/2024:11:13:04 +0800] "GET /xingrg/javascript/pic_change.js HTTP/1.1" 304 -
124.78.56.241 - - [22/Apr/2024:11:13:04 +0800] "GET /xingrg/dwr/interface/AjaxComOrderService.js HTTP/1.1" 200 18264
124.78.56.241 - - [22/Apr/2024:11:13:04 +0800] "GET /xingrg/dwr/interface/AjaxYddbService.js HTTP/1.1" 200 13201
124.78.56.241 - - [22/Apr/2024:11:13:04 +0800] "GET /xingrg/dwr/engine.js HTTP/1.1" 200 43631
124.78.56.241 - - [22/Apr/2024:11:13:04 +0800] "GET /xingrg/dwr/util.js HTTP/1.1" 304 -
124.78.56.241 - - [22/Apr/2024:11:13:04 +0800] "GET /xingrg/javascript/Calendar.js HTTP/1.1" 304 -
61.170.234.72 - - [22/Apr/2024:11:13:04 +0800] "GET /xingrg/all/function/internal_message.html?_=1713755580688&CODE_STATE=getMsg HTTP/1.1" 200 27
124.78.56.241 - - [22/Apr/2024:11:13:04 +0800] "GET /xingrg/javascript/myfunction.js HTTP/1.1" 304 -
124.78.56.241 - - [22/Apr/2024:11:13:04 +0800] "GET /xingrg/javascript/checkform.js HTTP/1.1" 304 -
124.78.56.241 - - [22/Apr/2024:11:13:04 +0800] "GET /xingrg/javascript/AjaxInfoList.js HTTP/1.1" 304 -
124.78.56.241 - - [22/Apr/2024:11:13:04 +0800] "GET /xingrg/javascript/Grid.js HTTP/1.1" 304 -
124.78.56.241 - - [22/Apr/2024:11:13:04 +0800] "GET /xingrg/javascript/ToolTips.js HTTP/1.1" 304 -
124.78.56.241 - - [22/Apr/2024:11:13:04 +0800] "GET /xingrg/javascript/jquery_easy_ui/themes/default/easyui.css HTTP/1.1" 304 -
124.78.56.241 - - [22/Apr/2024:11:13:04 +0800] "GET /xingrg/javascript/jquery_easy_ui/themes/icon.css HTTP/1.1" 304 -
124.78.56.241 - - [22/Apr/2024:11:13:04 +0800] "GET /xingrg/images/blue/button/kc_tab_add.gif HTTP/1.1" 304 -
124.78.56.241 - - [22/Apr/2024:11:13:04 +0800] "GET /xingrg/images/blue/button/kc_tab_save.gif HTTP/1.1" 304 -
124.78.56.241 - - [22/Apr/2024:11:13:04 +0800] "GET /xingrg/images/blue/button/kc_tab_edit.gif HTTP/1.1" 304 -
124.78.56.241 - - [22/Apr/2024:11:13:04 +0800] "GET /xingrg/images/blue/button/kc_tab_del.gif HTTP/1.1" 304 -
124.78.56.241 - - [22/Apr/2024:11:13:06 +0800] "POST /xingrg/dwr/call/plaincall/AjaxYddbService.getRestBases.dwr HTTP/1.1" 200 1055
116.224.254.208 - - [22/Apr/2024:11:13:12 +0800] "GET /xingrg/kc/buy/cgsh_order_add.html HTTP/1.1" 200 74078
116.224.254.208 - - [22/Apr/2024:11:13:12 +0800] "POST /xingrg/kc/buy/cgsh_order_operate.html HTTP/1.1" 200 8245
116.224.254.208 - - [22/Apr/2024:11:13:12 +0800] "GET /xingrg/javascript/easyui/themes/default/validatebox.css HTTP/1.1" 404 1104
61.170.234.72 - - [22/Apr/2024:11:13:13 +0800] "GET /xingrg/all/function/internal_message.html?_=1713755594712&CODE_STATE=getMsg HTTP/1.1" 200 27
61.170.234.72 - - [22/Apr/2024:11:13:16 +0800] "GET /xingrg/kc/buy/cgsh_order_operate.html?command=get_materiel&rest_code=00106&code=00101004051&supplier_code=00100312&order_time=2024-04-22 HTTP/1.1" 200 429
124.78.56.241 - - [22/Apr/2024:11:13:16 +0800] "POST /xingrg/dwr/call/plaincall/AjaxYddbService.saveOrder.dwr HTTP/1.1" 200 78
101.83.144.49 - - [22/Apr/2024:11:13:16 +0800] "GET /xingrg/all/function/internal_message.html?_=1713755598669&CODE_STATE=getMsg HTTP/1.1" 200 27
116.224.254.208 - - [22/Apr/2024:11:13:19 +0800] "GET /xingrg/all/function/internal_message.html?_=1713755599482&CODE_STATE=getMsg HTTP/1.1" 200 27
124.78.56.241 - - [22/Apr/2024:11:13:20 +0800] "POST /xingrg/dwr/call/plaincall/AjaxComOrderService.getMaterielSearchList.dwr HTTP/1.1" 200 13788
221.239.169.251 - - [22/Apr/2024:11:13:20 +0800] "GET /xingrg/all/function/internal_message.html?_=1713755598879&CODE_STATE=getMsg HTTP/1.1" 200 27
124.78.56.241 - - [22/Apr/2024:11:13:20 +0800] "POST /xingrg/dwr/call/plaincall/AjaxComOrderService.getMaterielSearchList.dwr HTTP/1.1" 200 404
124.78.56.241 - - [22/Apr/2024:11:13:22 +0800] "POST /xingrg/dwr/call/plaincall/AjaxYddbService.getMaterielByMap.dwr HTTP/1.1" 200 2744
101.83.144.49 - - [22/Apr/2024:11:13:26 +0800] "GET /xingrg/kc/buy/cgsh_order_operate.html?command=get_materiel&rest_code=00105&code=00101037239&supplier_code=00100323&order_time=2024-04-22 HTTP/1.1" 200 410
110.83.143.91 - - [22/Apr/2024:11:13:27 +0800] "GET /xingrg/all/function/internal_message.html?_=1713755749157&CODE_STATE=getMsg HTTP/1.1" 200 27
116.238.125.103 - - [22/Apr/2024:11:13:31 +0800] "GET /xingrg/all/function/internal_message.html?_=1713755613316&CODE_STATE=getMsg HTTP/1.1" 200 27
180.164.1.25 - - [22/Apr/2024:11:13:32 +0800] "GET /xingrg/all/function/internal_message.html?_=1713755611546&CODE_STATE=getMsg HTTP/1.1" 200 27
180.164.1.25 - - [22/Apr/2024:11:13:32 +0800] "GET /xingrg/check_reg.html?_=1713755611549 HTTP/1.1" 200 22
124.78.56.241 - - [22/Apr/2024:11:13:39 +0800] "GET /xingrg/all/function/internal_message.html?_=1713755619896&CODE_STATE=getMsg HTTP/1.1" 200 27
61.170.234.72 - - [22/Apr/2024:11:13:40 +0800] "GET /xingrg/kc/buy/cgsh_order_operate.html?command=get_materiel&rest_code=00106&code=00101001156&supplier_code=00100312&order_time=2024-04-22 HTTP/1.1" 200 409
116.224.254.208 - - [22/Apr/2024:11:13:43 +0800] "GET /xingrg/kc/buy/cgsh_order_operate.html?command=get_materiel&rest_code=00150&code=00101002048&supplier_code=00100442&order_time=2024-04-22 HTTP/1.1" 200 432
222.70.183.82 - - [22/Apr/2024:11:13:45 +0800] "GET /xingrg/all/function/internal_message.html?_=1713755625660&CODE_STATE=getMsg HTTP/1.1" 200 27
124.78.56.241 - - [22/Apr/2024:11:13:50 +0800] "POST /xingrg/dwr/call/plaincall/AjaxYddbService.saveMaterielItem.dwr HTTP/1.1" 200 78
124.78.56.241 - - [22/Apr/2024:11:13:50 +0800] "GET /xingrg/images/yd/bt.gif HTTP/1.1" 404 1040
222.69.132.2 - - [22/Apr/2024:11:13:58 +0800] "GET /xingrg/all/function/internal_message.html?_=1713755639444&CODE_STATE=getMsg HTTP/1.1" 200 27
101.80.230.31 - - [22/Apr/2024:11:13:58 +0800] "GET /xingrg/all/function/internal_message.html?_=1713755639118&CODE_STATE=getMsg HTTP/1.1" 200 27
116.224.254.208 - - [22/Apr/2024:11:13:58 +0800] "GET /xingrg/all/function/internal_message.html?_=1713755638462&CODE_STATE=getMsg HTTP/1.1" 200 27
124.78.56.241 - - [22/Apr/2024:11:13:59 +0800] "POST /xingrg/dwr/call/plaincall/AjaxYddbService.checkOrder.dwr HTTP/1.1" 200 78
61.170.234.72 - - [22/Apr/2024:11:14:01 +0800] "POST /xingrg/kc/buy/cgsh_order_operate.html HTTP/1.1" 200 37
116.224.254.208 - - [22/Apr/2024:11:14:01 +0800] "POST /xingrg/kc/buy/cgsh_order_operate.html HTTP/1.1" 200 64
124.78.56.241 - - [22/Apr/2024:11:14:02 +0800] "GET /xingrg/kc/base/yddb_order_info.html?code=482024042200139 HTTP/1.1" 200 29789
124.78.56.241 - - [22/Apr/2024:11:14:02 +0800] "GET /xingrg/dwr/engine.js HTTP/1.1" 200 43631
124.78.56.241 - - [22/Apr/2024:11:14:03 +0800] "POST /xingrg/dwr/call/plaincall/AjaxYddbService.loadMaterielItems.dwr HTTP/1.1" 200 386
116.238.97.31 - - [22/Apr/2024:11:14:04 +0800] "GET /xingrg/check_reg.html?_=1713755646547 HTTP/1.1" 200 22
116.238.97.31 - - [22/Apr/2024:11:14:04 +0800] "GET /xingrg/all/function/internal_message.html?_=1713755646544&CODE_STATE=getMsg HTTP/1.1" 200 27
61.170.234.72 - - [22/Apr/2024:11:14:04 +0800] "GET /xingrg/all/function/internal_message.html?_=1713755640677&CODE_STATE=getMsg HTTP/1.1" 200 27
101.83.144.49 - - [22/Apr/2024:11:14:06 +0800] "POST /xingrg/kc/buy/cgsh_order_operate.html HTTP/1.1" 200 37
116.224.254.208 - - [22/Apr/2024:11:14:09 +0800] "POST /xingrg/kc/buy/cgsh_order_operate.html HTTP/1.1" 200 37
101.83.144.49 - - [22/Apr/2024:11:14:09 +0800] "POST /xingrg/kc/buy/cgsh_order_operate.html HTTP/1.1" 200 6257
61.170.234.72 - - [22/Apr/2024:11:14:11 +0800] "POST /xingrg/kc/buy/cgsh_order_operate.html HTTP/1.1" 200 12
116.224.254.208 - - [22/Apr/2024:11:14:12 +0800] "POST /xingrg/kc/buy/cgsh_order_operate.html HTTP/1.1" 200 2657
61.170.234.72 - - [22/Apr/2024:11:14:13 +0800] "GET /xingrg/all/function/internal_message.html?_=1713755654717&CODE_STATE=getMsg HTTP/1.1" 200 27
101.83.144.49 - - [22/Apr/2024:11:14:13 +0800] "GET /xingrg/kc/print/load_data.html?order_code=212024042205950&kc_code=cgsh&condition= HTTP/1.1" 200 2075
61.170.234.72 - - [22/Apr/2024:11:14:13 +0800] "GET /xingrg/kc/buy/cgsh_order_info.html?code=212024042205948 HTTP/1.1" 200 68903
61.170.234.72 - - [22/Apr/2024:11:14:14 +0800] "GET /xingrg/javascript/easyui/themes/default/validatebox.css HTTP/1.1" 404 1104
61.170.234.72 - - [22/Apr/2024:11:14:15 +0800] "POST /xingrg/kc/buy/cgsh_order_operate.html HTTP/1.1" 200 1196
101.83.144.49 - - [22/Apr/2024:11:14:16 +0800] "GET /xingrg/all/function/internal_message.html?_=1713755658681&CODE_STATE=getMsg HTTP/1.1" 200 27
116.238.97.31 - - [22/Apr/2024:11:14:16 +0800] "GET /xingrg/login.html HTTP/1.1" 200 7641
61.170.234.72 - - [22/Apr/2024:11:14:18 +0800] "GET /xingrg/kc/print/load_data.html?order_code=212024042205948&kc_code=cgsh&condition= HTTP/1.1" 200 927
116.238.97.31 - - [22/Apr/2024:11:14:18 +0800] "GET /favicon.ico HTTP/1.1" 404 -
101.83.144.49 - - [22/Apr/2024:11:14:19 +0800] "GET /xingrg/kc/base/wldb_order_list.html HTTP/1.1" 200 19051
116.224.254.208 - - [22/Apr/2024:11:14:19 +0800] "GET /xingrg/all/function/internal_message.html?_=1713755659468&CODE_STATE=getMsg HTTP/1.1" 200 27
221.239.169.251 - - [22/Apr/2024:11:14:20 +0800] "GET /xingrg/all/function/internal_message.html?_=1713755658898&CODE_STATE=getMsg HTTP/1.1" 200 27
101.83.144.49 - - [22/Apr/2024:11:14:20 +0800] "POST /xingrg/kc/base/wldb_list_operate.html HTTP/1.1" 200 928
116.224.254.208 - - [22/Apr/2024:11:14:22 +0800] "POST /xingrg/kc/buy/cgsh_order_operate.html HTTP/1.1" 200 37
222.70.183.82 - - [22/Apr/2024:11:14:23 +0800] "GET /xingrg/kc/buy/cgsh_order_operate.html?command=get_materiel&rest_code=00111&code=00101008150&supplier_code=00100008&order_time=2024-04-22 HTTP/1.1" 200 409
110.83.143.91 - - [22/Apr/2024:11:14:27 +0800] "GET /xingrg/all/function/internal_message.html?_=1713755809159&CODE_STATE=getMsg HTTP/1.1" 200 27
110.83.143.91 - - [22/Apr/2024:11:14:27 +0800] "GET /xingrg/check_reg.html?_=1713755809154 HTTP/1.1" 200 22
124.78.56.241 - - [22/Apr/2024:11:14:28 +0800] "GET /xingrg/kc/base/yddb_order_report.html?fileType=servlets/rtf&code=482024042200139&reportName=ck_order_report&subName=yddb HTTP/1.1" 302 -
124.78.56.241 - - [22/Apr/2024:11:14:28 +0800] "GET /xingrg/servlets/rtf?sysBaseUrl=http%3A%2F%2F180.169.147.146%3A18081%2Fxingrg%2F&costTime=477×tamp=1713755668815 HTTP/1.1" 200 18057
124.78.56.241 - - [22/Apr/2024:11:14:28 +0800] "GET /favicon.ico HTTP/1.1" 404 -
116.224.254.208 - - [22/Apr/2024:11:14:29 +0800] "POST /xingrg/kc/buy/cgsh_order_operate.html HTTP/1.1" 200 12
116.238.125.103 - - [22/Apr/2024:11:14:31 +0800] "GET /xingrg/all/function/internal_message.html?_=1713755673311&CODE_STATE=getMsg HTTP/1.1" 200 27
116.224.254.208 - - [22/Apr/2024:11:14:31 +0800] "GET /xingrg/kc/buy/cgsh_order_info.html?code=212024042205951 HTTP/1.1" 200 68951
116.224.254.208 - - [22/Apr/2024:11:14:32 +0800] "GET /xingrg/javascript/easyui/themes/default/validatebox.css HTTP/1.1" 404 1104
180.164.1.25 - - [22/Apr/2024:11:14:32 +0800] "GET /xingrg/all/function/internal_message.html?_=1713755671547&CODE_STATE=getMsg HTTP/1.1" 200 27
116.224.254.208 - - [22/Apr/2024:11:14:33 +0800] "POST /xingrg/kc/buy/cgsh_order_operate.html HTTP/1.1" 200 607
116.224.254.208 - - [22/Apr/2024:11:14:34 +0800] "GET /xingrg/kc/print/load_data.html?order_code=212024042205951&kc_code=cgsh&condition= HTTP/1.1" 200 711
116.224.254.208 - - [22/Apr/2024:11:14:39 +0800] "GET /xingrg/kc/buy/cgsh_order_add.html HTTP/1.1" 200 74078
61.170.234.72 - - [22/Apr/2024:11:14:39 +0800] "GET /xingrg/kc/buy/cgsh_order_add.html HTTP/1.1" 200 74027
124.78.56.241 - - [22/Apr/2024:11:14:39 +0800] "GET /xingrg/all/function/internal_message.html?_=1713755679899&CODE_STATE=getMsg HTTP/1.1" 200 27
61.170.234.72 - - [22/Apr/2024:11:14:40 +0800] "POST /xingrg/kc/buy/cgsh_order_operate.html HTTP/1.1" 200 8245
61.170.234.72 - - [22/Apr/2024:11:14:40 +0800] "GET /xingrg/javascript/easyui/themes/default/validatebox.css HTTP/1.1" 404 1104
116.224.254.208 - - [22/Apr/2024:11:14:40 +0800] "POST /xingrg/kc/buy/cgsh_order_operate.html HTTP/1.1" 200 8245
116.224.254.208 - - [22/Apr/2024:11:14:40 +0800] "GET /xingrg/javascript/easyui/themes/default/validatebox.css HTTP/1.1" 404 1104
61.170.234.72 - - [22/Apr/2024:11:14:42 +0800] "GET /xingrg/javascript/easyui/themes/default/tree.css HTTP/1.1" 404 1090
61.170.234.72 - - [22/Apr/2024:11:14:42 +0800] "POST /xingrg/all/common/load_tree.html?tree=supplier_tree_json&isDelete=1 HTTP/1.1" 200 79499
222.70.183.82 - - [22/Apr/2024:11:14:45 +0800] "GET /xingrg/all/function/internal_message.html?_=1713755685659&CODE_STATE=getMsg HTTP/1.1" 200 27
116.224.254.208 - - [22/Apr/2024:11:14:48 +0800] "GET /xingrg/kc/buy/cgsh_order_operate.html?command=get_materiel&rest_code=00150&code=00101007085&supplier_code=00100328&order_time=2024-04-22 HTTP/1.1" 200 413
116.224.254.208 - - [22/Apr/2024:11:14:56 +0800] "POST /xingrg/kc/buy/cgsh_order_operate.html HTTP/1.1" 200 37
116.238.97.31 - - [22/Apr/2024:11:14:57 +0800] "POST /xingrg/login.do HTTP/1.1" 302 -
116.238.97.31 - - [22/Apr/2024:11:14:57 +0800] "GET /xingrg/index.html?sysBaseUrl=http%3A%2F%2F180.169.147.146%3A18081%2Fxingrg%2F&costTime=1402×tamp=1713755697148 HTTP/1.1" 200 17503
116.238.97.31 - - [22/Apr/2024:11:14:57 +0800] "GET /favicon.ico HTTP/1.1" 404 -
116.238.97.31 - - [22/Apr/2024:11:14:58 +0800] "POST /xingrg/all/common/load_tree.html?tree=area_rest_tree_json&manage=1 HTTP/1.1" 200 3624
116.238.97.31 - - [22/Apr/2024:11:14:58 +0800] "GET /xingrg/check_reg.html?_=1713755691315 HTTP/1.1" 200 22
116.238.97.31 - - [22/Apr/2024:11:14:58 +0800] "GET /xingrg/all/function/internal_message.html?_=1713755691313&CODE_STATE=count HTTP/1.1" 200 11
222.69.132.2 - - [22/Apr/2024:11:14:58 +0800] "GET /xingrg/all/function/internal_message.html?_=1713755699454&CODE_STATE=getMsg HTTP/1.1" 200 27
222.69.132.2 - - [22/Apr/2024:11:14:58 +0800] "GET /xingrg/check_reg.html?_=1713755699458 HTTP/1.1" 200 22
116.238.97.31 - - [22/Apr/2024:11:14:58 +0800] "POST /xingrg/load_menu.html HTTP/1.1" 200 11443
101.80.230.31 - - [22/Apr/2024:11:14:58 +0800] "GET /xingrg/all/function/internal_message.html?_=1713755699120&CODE_STATE=getMsg HTTP/1.1" 200 27
180.163.29.206 - - [22/Apr/2024:11:14:59 +0800] "GET /xingrg/all/function/internal_message.html?_=1713752282024&CODE_STATE=getMsg HTTP/1.1" 302 -
180.163.29.206 - - [22/Apr/2024:11:15:00 +0800] "GET /xingrg/login.html HTTP/1.1" 200 7641
116.238.97.31 - - [22/Apr/2024:11:15:01 +0800] "POST /xingrg/all/user/operate.html HTTP/1.1" 200 36
116.238.97.31 - - [22/Apr/2024:11:15:02 +0800] "GET /xingrg/index.html?sysBaseUrl=http%3A%2F%2F180.169.147.146%3A18081%2Fxingrg%2F&costTime=1402×tamp=1713755697148 HTTP/1.1" 200 17503
116.238.97.31 - - [22/Apr/2024:11:15:02 +0800] "GET /xingrg/javascript/jquery_easy_ui/themes/default/easyui.css HTTP/1.1" 304 -
116.238.97.31 - - [22/Apr/2024:11:15:02 +0800] "GET /xingrg/javascript/jquery_easy_ui/themes/icon.css HTTP/1.1" 304 -
116.238.97.31 - - [22/Apr/2024:11:15:02 +0800] "GET /xingrg/css/form.css HTTP/1.1" 304 -
116.238.97.31 - - [22/Apr/2024:11:15:02 +0800] "GET /xingrg/javascript/jquery-1.4.2.min.js HTTP/1.1" 304 -
116.238.97.31 - - [22/Apr/2024:11:15:02 +0800] "GET /xingrg/javascript/jquery_easy_ui/jquery.easyui.min.js HTTP/1.1" 304 -
116.238.97.31 - - [22/Apr/2024:11:15:02 +0800] "GET /xingrg/javascript/jquery_easy_ui/easyui-lang-zh_CN.js HTTP/1.1" 304 -
116.238.97.31 - - [22/Apr/2024:11:15:02 +0800] "GET /xingrg/javascript/jquery.form.js HTTP/1.1" 304 -
116.238.97.31 - - [22/Apr/2024:11:15:02 +0800] "GET /xingrg/javascript/jquery.utils.js HTTP/1.1" 304 -
116.238.97.31 - - [22/Apr/2024:11:15:02 +0800] "GET /xingrg/javascript/jquery.timers.js HTTP/1.1" 304 -
116.238.97.31 - - [22/Apr/2024:11:15:02 +0800] "GET /xingrg/images/blue/jxLogo.png HTTP/1.1" 304 -
116.238.97.31 - - [22/Apr/2024:11:15:02 +0800] "GET /xingrg/javascript/jquery_easy_ui/themes/icons/settle_new.png HTTP/1.1" 304 -
116.238.97.31 - - [22/Apr/2024:11:15:02 +0800] "GET /xingrg/images/blue/navBackgound.jpg HTTP/1.1" 304 -
116.238.97.31 - - [22/Apr/2024:11:15:02 +0800] "GET /xingrg/all/function/internal_message.html?_=1713755695513&CODE_STATE=count HTTP/1.1" 200 11
116.238.97.31 - - [22/Apr/2024:11:15:02 +0800] "GET /xingrg/check_reg.html?_=1713755695515 HTTP/1.1" 200 22
116.238.97.31 - - [22/Apr/2024:11:15:02 +0800] "GET /xingrg/javascript/jquery_easy_ui/themes/default/images/panel_tool_collapse.gif HTTP/1.1" 304 -
116.238.97.31 - - [22/Apr/2024:11:15:02 +0800] "GET /xingrg/images/blue/pingpu.png HTTP/1.1" 304 -
116.238.97.31 - - [22/Apr/2024:11:15:02 +0800] "GET /xingrg/javascript/jquery_easy_ui/themes/default/images/tabs_leftarrow.png HTTP/1.1" 304 -
116.238.97.31 - - [22/Apr/2024:11:15:02 +0800] "GET /xingrg/javascript/jquery_easy_ui/themes/default/images/panel_tool_expand.gif HTTP/1.1" 304 -
116.238.97.31 - - [22/Apr/2024:11:15:02 +0800] "GET /xingrg/javascript/jquery_easy_ui/themes/default/images/tabs_rightarrow.png HTTP/1.1" 304 -
116.238.97.31 - - [22/Apr/2024:11:15:02 +0800] "POST /xingrg/all/common/load_tree.html?tree=area_rest_tree_json&manage=1 HTTP/1.1" 200 3624
116.238.97.31 - - [22/Apr/2024:11:15:02 +0800] "POST /xingrg/load_menu.html HTTP/1.1" 200 9959
116.238.97.31 - - [22/Apr/2024:11:15:04 +0800] "GET /xingrg/all/function/internal_message.html?_=1713755706532&CODE_STATE=getMsg HTTP/1.1" 200 27
61.170.234.72 - - [22/Apr/2024:11:15:04 +0800] "GET /xingrg/all/function/internal_message.html?_=1713755700647&CODE_STATE=getMsg HTTP/1.1" 200 27
116.238.97.31 - - [22/Apr/2024:11:15:05 +0800] "GET /xingrg/kc/buy/cgsh_order_list.html HTTP/1.1" 200 58476
116.224.254.208 - - [22/Apr/2024:11:15:05 +0800] "POST /xingrg/kc/buy/cgsh_order_operate.html HTTP/1.1" 200 12
116.224.254.208 - - [22/Apr/2024:11:15:08 +0800] "GET /xingrg/kc/buy/cgsh_order_info.html?code=212024042205952 HTTP/1.1" 200 68953
61.170.234.72 - - [22/Apr/2024:11:15:08 +0800] "GET /xingrg/kc/buy/cgsh_order_operate.html?command=get_materiel&rest_code=00106&code=00101002007&supplier_code=00100442&order_time=2024-04-22 HTTP/1.1" 200 409
116.224.254.208 - - [22/Apr/2024:11:15:08 +0800] "GET /xingrg/javascript/easyui/themes/default/validatebox.css HTTP/1.1" 404 1104
116.224.254.208 - - [22/Apr/2024:11:15:09 +0800] "POST /xingrg/kc/buy/cgsh_order_operate.html HTTP/1.1" 200 608
116.224.254.208 - - [22/Apr/2024:11:15:11 +0800] "GET /xingrg/kc/print/load_data.html?order_code=212024042205952&kc_code=cgsh&condition= HTTP/1.1" 200 709
116.238.97.31 - - [22/Apr/2024:11:15:11 +0800] "GET /xingrg/kc/base/check_order_list.html HTTP/1.1" 200 16431
116.238.97.31 - - [22/Apr/2024:11:15:11 +0800] "POST /xingrg/kc/base/check_list_operate.html HTTP/1.1" 200 3849
116.238.97.31 - - [22/Apr/2024:11:15:13 +0800] "POST /xingrg/kc/buy/cgsh_list_operate.html HTTP/1.1" 200 1660
116.238.97.31 - - [22/Apr/2024:11:15:13 +0800] "GET /xingrg/kc/base/check_order_info.html?code=452024042100125 HTTP/1.1" 200 26518
61.170.234.72 - - [22/Apr/2024:11:15:13 +0800] "GET /xingrg/all/function/internal_message.html?_=1713755714723&CODE_STATE=getMsg HTTP/1.1" 200 27
116.238.97.31 - - [22/Apr/2024:11:15:13 +0800] "GET /xingrg/dwr/interface/AjaxComOrderService.js HTTP/1.1" 200 18264
116.238.97.31 - - [22/Apr/2024:11:15:13 +0800] "GET /xingrg/dwr/interface/AjaxCheckService.js HTTP/1.1" 200 14003
116.238.97.31 - - [22/Apr/2024:11:15:13 +0800] "GET /xingrg/dwr/engine.js HTTP/1.1" 200 43631
116.238.97.31 - - [22/Apr/2024:11:15:13 +0800] "GET /xingrg/dwr/util.js HTTP/1.1" 200 35990
116.238.97.31 - - [22/Apr/2024:11:15:14 +0800] "POST /xingrg/dwr/call/plaincall/AjaxCheckService.loadOrderItems.dwr HTTP/1.1" 200 48872
101.83.144.49 - - [22/Apr/2024:11:15:16 +0800] "GET /xingrg/all/function/internal_message.html?_=1713755718737&CODE_STATE=getMsg HTTP/1.1" 200 27
116.238.97.31 - - [22/Apr/2024:11:15:17 +0800] "GET /xingrg/kc/base/check_order_info.html?code=452024042100119 HTTP/1.1" 200 26518
116.238.97.31 - - [22/Apr/2024:11:15:17 +0800] "GET /xingrg/dwr/interface/AjaxComOrderService.js HTTP/1.1" 200 18264
116.238.97.31 - - [22/Apr/2024:11:15:17 +0800] "GET /xingrg/dwr/interface/AjaxCheckService.js HTTP/1.1" 200 14003
116.238.97.31 - - [22/Apr/2024:11:15:17 +0800] "GET /xingrg/dwr/engine.js HTTP/1.1" 200 43631
116.238.97.31 - - [22/Apr/2024:11:15:17 +0800] "POST /xingrg/dwr/call/plaincall/AjaxCheckService.loadOrderItems.dwr HTTP/1.1" 200 127843
116.224.254.208 - - [22/Apr/2024:11:15:18 +0800] "GET /xingrg/kc/base/wldb_order_list.html HTTP/1.1" 200 19057
116.224.254.208 - - [22/Apr/2024:11:15:18 +0800] "POST /xingrg/kc/base/wldb_list_operate.html HTTP/1.1" 200 928
116.232.195.13 - - [22/Apr/2024:11:15:19 +0800] "GET /favicon.ico HTTP/1.1" 404 -
116.224.254.208 - - [22/Apr/2024:11:15:19 +0800] "GET /xingrg/all/function/internal_message.html?_=1713755719471&CODE_STATE=getMsg HTTP/1.1" 200 27
116.224.254.208 - - [22/Apr/2024:11:15:19 +0800] "GET /xingrg/kc/base/wldb_order_add.html HTTP/1.1" 200 30388
116.238.97.31 - - [22/Apr/2024:11:15:20 +0800] "GET /xingrg/kc/base/check_order_info.html?code=452024042100127 HTTP/1.1" 200 26518
116.238.97.31 - - [22/Apr/2024:11:15:20 +0800] "GET /xingrg/dwr/interface/AjaxCheckService.js HTTP/1.1" 200 14003
116.238.97.31 - - [22/Apr/2024:11:15:20 +0800] "GET /xingrg/dwr/interface/AjaxComOrderService.js HTTP/1.1" 200 18264
116.238.97.31 - - [22/Apr/2024:11:15:20 +0800] "GET /xingrg/dwr/engine.js HTTP/1.1" 200 43631
116.224.254.208 - - [22/Apr/2024:11:15:20 +0800] "POST /xingrg/kc/base/wldb_order_operate.html HTTP/1.1" 200 6806
116.224.254.208 - - [22/Apr/2024:11:15:20 +0800] "GET /xingrg/javascript/easyui/themes/default/validatebox.css HTTP/1.1" 404 1104
221.239.169.251 - - [22/Apr/2024:11:15:20 +0800] "GET /xingrg/check_reg.html?_=1713755718898 HTTP/1.1" 200 22
221.239.169.251 - - [22/Apr/2024:11:15:20 +0800] "GET /xingrg/all/function/internal_message.html?_=1713755718943&CODE_STATE=getMsg HTTP/1.1" 200 27
116.238.97.31 - - [22/Apr/2024:11:15:20 +0800] "POST /xingrg/dwr/call/plaincall/AjaxCheckService.loadOrderItems.dwr HTTP/1.1" 200 65583
116.238.97.31 - - [22/Apr/2024:11:15:22 +0800] "GET /xingrg/kc/base/check_order_info.html?code=452024042100124 HTTP/1.1" 200 26518
116.238.97.31 - - [22/Apr/2024:11:15:22 +0800] "GET /xingrg/dwr/interface/AjaxComOrderService.js HTTP/1.1" 200 18264
116.238.97.31 - - [22/Apr/2024:11:15:22 +0800] "GET /xingrg/dwr/interface/AjaxCheckService.js HTTP/1.1" 200 14003
116.238.97.31 - - [22/Apr/2024:11:15:22 +0800] "GET /xingrg/dwr/engine.js HTTP/1.1" 200 43631
116.238.97.31 - - [22/Apr/2024:11:15:23 +0800] "POST /xingrg/dwr/call/plaincall/AjaxCheckService.loadOrderItems.dwr HTTP/1.1" 200 12411
116.238.97.31 - - [22/Apr/2024:11:15:24 +0800] "GET /xingrg/kc/base/check_order_info.html?code=452024042100121 HTTP/1.1" 200 26518
116.238.97.31 - - [22/Apr/2024:11:15:24 +0800] "GET /xingrg/dwr/interface/AjaxComOrderService.js HTTP/1.1" 200 18264
116.238.97.31 - - [22/Apr/2024:11:15:24 +0800] "GET /xingrg/dwr/interface/AjaxCheckService.js HTTP/1.1" 200 14003
116.238.97.31 - - [22/Apr/2024:11:15:24 +0800] "GET /xingrg/dwr/engine.js HTTP/1.1" 200 43631
116.238.97.31 - - [22/Apr/2024:11:15:25 +0800] "POST /xingrg/dwr/call/plaincall/AjaxCheckService.loadOrderItems.dwr HTTP/1.1" 200 113322
110.83.143.91 - - [22/Apr/2024:11:15:27 +0800] "GET /xingrg/all/function/internal_message.html?_=1713755869157&CODE_STATE=getMsg HTTP/1.1" 200 27
116.238.97.31 - - [22/Apr/2024:11:15:27 +0800] "GET /xingrg/kc/base/check_order_info.html?code=452024042100122 HTTP/1.1" 200 26518
116.238.97.31 - - [22/Apr/2024:11:15:27 +0800] "GET /xingrg/dwr/interface/AjaxComOrderService.js HTTP/1.1" 200 18264
116.238.97.31 - - [22/Apr/2024:11:15:27 +0800] "GET /xingrg/dwr/interface/AjaxCheckService.js HTTP/1.1" 200 14003
116.238.97.31 - - [22/Apr/2024:11:15:27 +0800] "GET /xingrg/dwr/engine.js HTTP/1.1" 200 43631
116.238.97.31 - - [22/Apr/2024:11:15:27 +0800] "POST /xingrg/dwr/call/plaincall/AjaxCheckService.loadOrderItems.dwr HTTP/1.1" 200 85036
116.238.125.103 - - [22/Apr/2024:11:15:31 +0800] "GET /xingrg/all/function/internal_message.html?_=1713755733325&CODE_STATE=getMsg HTTP/1.1" 200 27
180.164.1.25 - - [22/Apr/2024:11:15:32 +0800] "GET /xingrg/all/function/internal_message.html?_=1713755731539&CODE_STATE=getMsg HTTP/1.1" 200 27
116.238.97.31 - - [22/Apr/2024:11:15:32 +0800] "POST /xingrg/kc/base/check_list_operate.html HTTP/1.1" 200 369
116.224.254.208 - - [22/Apr/2024:11:15:32 +0800] "GET /xingrg/kc/base/wldb_order_operate.html?command=get_materiel&rest_code=00150&base_code=0010445&code=00101019445 HTTP/1.1" 200 440
61.170.234.72 - - [22/Apr/2024:11:15:34 +0800] "GET /xingrg/kc/buy/cgsh_order_operate.html?command=get_materiel&rest_code=00106&code=00101002016&supplier_code=00100442&order_time=2024-04-22 HTTP/1.1" 200 413
116.238.97.31 - - [22/Apr/2024:11:15:36 +0800] "GET /xingrg/kc/base/wldb_order_list.html HTTP/1.1" 200 19306
116.238.97.31 - - [22/Apr/2024:11:15:37 +0800] "POST /xingrg/kc/base/wldb_list_operate.html HTTP/1.1" 200 3316
124.78.56.241 - - [22/Apr/2024:11:15:39 +0800] "GET /xingrg/all/function/internal_message.html?_=1713755739884&CODE_STATE=getMsg HTTP/1.1" 200 27
116.224.254.208 - - [22/Apr/2024:11:15:40 +0800] "GET /xingrg/kc/base/wldb_order_operate.html?command=get_materiel&rest_code=00150&base_code=0010445&code=00101037015 HTTP/1.1" 200 472
222.70.183.82 - - [22/Apr/2024:11:15:45 +0800] "GET /xingrg/all/function/internal_message.html?_=1713755745660&CODE_STATE=getMsg HTTP/1.1" 200 27
61.170.234.72 - - [22/Apr/2024:11:15:45 +0800] "POST /xingrg/kc/buy/cgsh_order_operate.html HTTP/1.1" 200 37
116.224.254.208 - - [22/Apr/2024:11:15:46 +0800] "GET /xingrg/kc/base/wldb_order_operate.html?command=get_materiel&rest_code=00150&base_code=0010445&code=00101019996 HTTP/1.1" 200 432
61.170.234.72 - - [22/Apr/2024:11:15:47 +0800] "POST /xingrg/kc/buy/cgsh_order_operate.html HTTP/1.1" 200 3251
61.170.234.72 - - [22/Apr/2024:11:15:50 +0800] "GET /xingrg/kc/buy/cgsh_order_add.html HTTP/1.1" 200 74027
61.170.234.72 - - [22/Apr/2024:11:15:51 +0800] "POST /xingrg/kc/buy/cgsh_order_operate.html HTTP/1.1" 200 8245
61.170.234.72 - - [22/Apr/2024:11:15:51 +0800] "GET /xingrg/javascript/easyui/themes/default/validatebox.css HTTP/1.1" 404 1104
116.224.254.208 - - [22/Apr/2024:11:15:53 +0800] "GET /xingrg/kc/base/wldb_order_operate.html?command=get_materiel&rest_code=00150&base_code=0010445&code=00101019026 HTTP/1.1" 200 481
61.170.234.72 - - [22/Apr/2024:11:15:55 +0800] "GET /xingrg/javascript/easyui/themes/default/tree.css HTTP/1.1" 404 1090
61.170.234.72 - - [22/Apr/2024:11:15:56 +0800] "POST /xingrg/all/common/load_tree.html?tree=supplier_tree_json&isDelete=1 HTTP/1.1" 200 79499
222.69.132.2 - - [22/Apr/2024:11:15:58 +0800] "GET /xingrg/all/function/internal_message.html?_=1713755759448&CODE_STATE=getMsg HTTP/1.1" 200 27
101.80.230.31 - - [22/Apr/2024:11:15:58 +0800] "GET /xingrg/all/function/internal_message.html?_=1713755759124&CODE_STATE=getMsg HTTP/1.1" 200 27
116.224.254.208 - - [22/Apr/2024:11:15:58 +0800] "GET /xingrg/all/function/internal_message.html?_=1713755758463&CODE_STATE=getMsg HTTP/1.1" 200 27
124.78.56.241 - - [22/Apr/2024:11:16:00 +0800] "GET /xingrg/check_reg.html?_=1713755760463 HTTP/1.1" 200 22
116.238.97.31 - - [22/Apr/2024:11:16:02 +0800] "GET /xingrg/all/function/internal_message.html?_=1713755755541&CODE_STATE=getMsg HTTP/1.1" 200 27
116.238.97.31 - - [22/Apr/2024:11:16:04 +0800] "GET /xingrg/all/function/internal_message.html?_=1713755766538&CODE_STATE=getMsg HTTP/1.1" 200 27
61.170.234.72 - - [22/Apr/2024:11:16:04 +0800] "GET /xingrg/all/function/internal_message.html?_=1713755760618&CODE_STATE=getMsg HTTP/1.1" 200 27
61.170.234.72 - - [22/Apr/2024:11:16:06 +0800] "GET /xingrg/check_reg.html?_=1713755763215 HTTP/1.1" 200 22
61.170.234.72 - - [22/Apr/2024:11:16:13 +0800] "GET /xingrg/check_reg.html?_=1713755774728 HTTP/1.1" 200 22
61.170.234.72 - - [22/Apr/2024:11:16:13 +0800] "GET /xingrg/all/function/internal_message.html?_=1713755774731&CODE_STATE=getMsg HTTP/1.1" 200 27
116.224.254.208 - - [22/Apr/2024:11:16:14 +0800] "GET /xingrg/kc/base/wldb_order_operate.html?command=get_materiel&rest_code=00150&base_code=0010445&code=00101019361 HTTP/1.1" 200 472
101.83.144.49 - - [22/Apr/2024:11:16:16 +0800] "GET /xingrg/check_reg.html?_=1713755778675 HTTP/1.1" 200 22
101.83.144.49 - - [22/Apr/2024:11:16:16 +0800] "GET /xingrg/all/function/internal_message.html?_=1713755778678&CODE_STATE=getMsg HTTP/1.1" 200 27
61.170.234.72 - - [22/Apr/2024:11:16:18 +0800] "GET /xingrg/kc/buy/cgsh_order_operate.html?command=get_materiel&rest_code=00106&code=00101002006&supplier_code=00100091&order_time=2024-04-22 HTTP/1.1" 200 414
116.238.97.31 - - [22/Apr/2024:11:16:19 +0800] "POST /xingrg/kc/base/wldb_list_operate.html HTTP/1.1" 200 4
116.224.254.208 - - [22/Apr/2024:11:16:19 +0800] "GET /xingrg/all/function/internal_message.html?_=1713755779449&CODE_STATE=getMsg HTTP/1.1" 200 27
221.239.169.251 - - [22/Apr/2024:11:16:20 +0800] "GET /xingrg/all/function/internal_message.html?_=1713755778913&CODE_STATE=getMsg HTTP/1.1" 200 27
116.224.254.208 - - [22/Apr/2024:11:16:20 +0800] "GET /xingrg/kc/base/wldb_order_operate.html?command=get_materiel&rest_code=00150&base_code=0010445&code=00101019362 HTTP/1.1" 200 474
116.238.97.31 - - [22/Apr/2024:11:16:21 +0800] "POST /xingrg/kc/base/wldb_list_operate.html HTTP/1.1" 200 928
116.238.97.31 - - [22/Apr/2024:11:16:22 +0800] "GET /xingrg/kc/base/check_order_list.html HTTP/1.1" 200 16431
116.238.97.31 - - [22/Apr/2024:11:16:23 +0800] "POST /xingrg/kc/base/check_list_operate.html HTTP/1.1" 200 3849
110.83.143.91 - - [22/Apr/2024:11:16:27 +0800] "GET /xingrg/all/function/internal_message.html?_=1713755929155&CODE_STATE=getMsg HTTP/1.1" 200 27
116.238.97.31 - - [22/Apr/2024:11:16:28 +0800] "POST /xingrg/kc/base/check_list_operate.html HTTP/1.1" 200 144
180.163.28.55 - - [22/Apr/2024:11:16:29 +0800] "GET /xingrg/all/function/internal_message.html?_=1713755340781&CODE_STATE=getMsg HTTP/1.1" 302 -
180.163.28.55 - - [22/Apr/2024:11:16:29 +0800] "GET /xingrg/login.html HTTP/1.1" 200 7641
116.224.254.208 - - [22/Apr/2024:11:16:30 +0800] "POST /xingrg/kc/base/wldb_order_operate.html HTTP/1.1" 200 37
116.238.125.103 - - [22/Apr/2024:11:16:31 +0800] "GET /xingrg/all/function/internal_message.html?_=1713755793324&CODE_STATE=getMsg HTTP/1.1" 200 27
180.164.1.25 - - [22/Apr/2024:11:16:32 +0800] "GET /xingrg/all/function/internal_message.html?_=1713755791552&CODE_STATE=getMsg HTTP/1.1" 200 27
116.238.97.31 - - [22/Apr/2024:11:16:34 +0800] "GET /xingrg/kc/buy/cgsh_order_list.html HTTP/1.1" 200 58476
116.224.254.208 - - [22/Apr/2024:11:16:38 +0800] "POST /xingrg/kc/base/wldb_order_operate.html HTTP/1.1" 200 12
116.224.254.208 - - [22/Apr/2024:11:16:38 +0800] "POST /xingrg/kc/base/wldb_order_operate.html HTTP/1.1" 200 3674
124.78.56.241 - - [22/Apr/2024:11:16:39 +0800] "GET /xingrg/all/function/internal_message.html?_=1713755799868&CODE_STATE=getMsg HTTP/1.1" 200 27
116.238.97.31 - - [22/Apr/2024:11:16:40 +0800] "POST /xingrg/kc/buy/cgsh_list_operate.html HTTP/1.1" 200 1660
116.224.254.208 - - [22/Apr/2024:11:16:41 +0800] "GET /xingrg/kc/base/wldb_order_info.html?code=422024042201388 HTTP/1.1" 200 26267
116.224.254.208 - - [22/Apr/2024:11:16:41 +0800] "GET /xingrg/javascript/easyui/themes/default/validatebox.css HTTP/1.1" 404 1104
116.224.254.208 - - [22/Apr/2024:11:16:42 +0800] "POST /xingrg/kc/base/wldb_order_operate.html HTTP/1.1" 200 1939
116.224.254.208 - - [22/Apr/2024:11:16:45 +0800] "GET /xingrg/kc/mdqp/qqps_order_list.html HTTP/1.1" 200 10061
116.224.254.208 - - [22/Apr/2024:11:16:45 +0800] "GET /xingrg/dwr/interface/AjaxQqpsService.js HTTP/1.1" 200 16326
116.224.254.208 - - [22/Apr/2024:11:16:45 +0800] "GET /xingrg/dwr/interface/AjaxReportQueryService.js HTTP/1.1" 200 13203
116.224.254.208 - - [22/Apr/2024:11:16:45 +0800] "GET /xingrg/dwr/engine.js HTTP/1.1" 200 43631
222.70.183.82 - - [22/Apr/2024:11:16:45 +0800] "GET /xingrg/all/function/internal_message.html?_=1713755805661&CODE_STATE=getMsg HTTP/1.1" 200 27
222.70.183.82 - - [22/Apr/2024:11:16:45 +0800] "GET /xingrg/check_reg.html?_=1713755805663 HTTP/1.1" 200 22
61.170.234.72 - - [22/Apr/2024:11:16:45 +0800] "GET /xingrg/kc/buy/cgsh_order_operate.html?command=get_materiel&rest_code=00106&code=00101002034&supplier_code=00100091&order_time=2024-04-22 HTTP/1.1" 200 409
116.224.254.208 - - [22/Apr/2024:11:16:47 +0800] "GET /xingrg/kc/mdqp/qqps_order_info.html?code=302024042200316 HTTP/1.1" 200 28408
116.224.254.208 - - [22/Apr/2024:11:16:47 +0800] "GET /xingrg/dwr/interface/AjaxComOrderService.js HTTP/1.1" 200 18264
116.224.254.208 - - [22/Apr/2024:11:16:47 +0800] "GET /xingrg/dwr/interface/AjaxQqpsService.js HTTP/1.1" 200 16326
116.224.254.208 - - [22/Apr/2024:11:16:47 +0800] "GET /xingrg/dwr/engine.js HTTP/1.1" 200 43631
101.83.144.49 - - [22/Apr/2024:11:16:48 +0800] "GET /xingrg/kc/base/wldb_order_add.html HTTP/1.1" 200 30382
101.83.144.49 - - [22/Apr/2024:11:16:48 +0800] "GET /xingrg/javascript/easyui/themes/default/validatebox.css HTTP/1.1" 404 1104
101.83.144.49 - - [22/Apr/2024:11:16:48 +0800] "POST /xingrg/kc/base/wldb_order_operate.html HTTP/1.1" 200 6806
101.83.144.49 - - [22/Apr/2024:11:16:48 +0800] "GET /xingrg/all/common/auto_word.html?type=base&rest_code=00105 HTTP/1.1" 200 1907
101.83.144.49 - - [22/Apr/2024:11:16:48 +0800] "GET /xingrg/all/common/auto_word.html?type=base&rest_code=00105 HTTP/1.1" 200 1907
116.224.254.208 - - [22/Apr/2024:11:16:48 +0800] "POST /xingrg/dwr/call/plaincall/AjaxQqpsService.loadMaterielItems.dwr HTTP/1.1" 200 2073
101.83.144.49 - - [22/Apr/2024:11:16:49 +0800] "POST /xingrg/all/common/load_combo.html?type=base HTTP/1.1" 200 3409
116.224.254.208 - - [22/Apr/2024:11:16:52 +0800] "POST /xingrg/dwr/call/plaincall/AjaxQqpsService.checkOrder.dwr HTTP/1.1" 200 78
116.224.254.208 - - [22/Apr/2024:11:16:53 +0800] "GET /xingrg/kc/mdqp/qqps_order_info.html?code=302024042200316 HTTP/1.1" 200 26649
116.224.254.208 - - [22/Apr/2024:11:16:53 +0800] "GET /xingrg/dwr/interface/AjaxComOrderService.js HTTP/1.1" 200 18264
116.224.254.208 - - [22/Apr/2024:11:16:53 +0800] "GET /xingrg/dwr/interface/AjaxQqpsService.js HTTP/1.1" 200 16326
116.224.254.208 - - [22/Apr/2024:11:16:53 +0800] "GET /xingrg/dwr/engine.js HTTP/1.1" 200 43631
116.224.254.208 - - [22/Apr/2024:11:16:54 +0800] "POST /xingrg/dwr/call/plaincall/AjaxQqpsService.loadMaterielItems.dwr HTTP/1.1" 200 2073
116.224.254.208 - - [22/Apr/2024:11:16:57 +0800] "POST /xingrg/all/user/operate.html HTTP/1.1" 200 36
116.224.254.208 - - [22/Apr/2024:11:16:57 +0800] "GET /xingrg/index.html?sysBaseUrl=http%3A%2F%2F180.169.147.146%3A18081%2Fxingrg%2F&costTime=1053×tamp=1713749010028 HTTP/1.1" 200 17177
116.224.254.208 - - [22/Apr/2024:11:16:57 +0800] "GET /xingrg/javascript/jquery_easy_ui/themes/default/easyui.css HTTP/1.1" 304 -
116.224.254.208 - - [22/Apr/2024:11:16:57 +0800] "GET /xingrg/javascript/jquery_easy_ui/themes/icon.css HTTP/1.1" 304 -
116.224.254.208 - - [22/Apr/2024:11:16:57 +0800] "GET /xingrg/css/form.css HTTP/1.1" 304 -
116.224.254.208 - - [22/Apr/2024:11:16:57 +0800] "GET /xingrg/javascript/jquery-1.4.2.min.js HTTP/1.1" 304 -
116.224.254.208 - - [22/Apr/2024:11:16:57 +0800] "GET /xingrg/javascript/jquery_easy_ui/jquery.easyui.min.js HTTP/1.1" 304 -
116.224.254.208 - - [22/Apr/2024:11:16:57 +0800] "GET /xingrg/javascript/jquery_easy_ui/easyui-lang-zh_CN.js HTTP/1.1" 304 -
116.224.254.208 - - [22/Apr/2024:11:16:57 +0800] "GET /xingrg/javascript/jquery.form.js HTTP/1.1" 304 -
116.224.254.208 - - [22/Apr/2024:11:16:57 +0800] "GET /xingrg/javascript/jquery.utils.js HTTP/1.1" 304 -
116.224.254.208 - - [22/Apr/2024:11:16:57 +0800] "GET /xingrg/javascript/jquery.timers.js HTTP/1.1" 304 -
116.224.254.208 - - [22/Apr/2024:11:16:57 +0800] "GET /xingrg/images/blue/jxLogo.png HTTP/1.1" 304 -
116.224.254.208 - - [22/Apr/2024:11:16:57 +0800] "GET /xingrg/javascript/jquery_easy_ui/themes/icons/settle_new.png HTTP/1.1" 304 -
116.224.254.208 - - [22/Apr/2024:11:16:57 +0800] "GET /xingrg/images/blue/navBackgound.jpg HTTP/1.1" 304 -
116.224.254.208 - - [22/Apr/2024:11:16:57 +0800] "GET /xingrg/all/function/internal_message.html?_=1713755817568&CODE_STATE=count HTTP/1.1" 200 11
116.224.254.208 - - [22/Apr/2024:11:16:57 +0800] "GET /xingrg/check_reg.html?_=1713755817570 HTTP/1.1" 200 22
116.224.254.208 - - [22/Apr/2024:11:16:57 +0800] "GET /xingrg/javascript/jquery_easy_ui/themes/default/images/tabs_rightarrow.png HTTP/1.1" 304 -
116.224.254.208 - - [22/Apr/2024:11:16:57 +0800] "GET /xingrg/images/blue/pingpu.png HTTP/1.1" 304 -
116.224.254.208 - - [22/Apr/2024:11:16:57 +0800] "GET /xingrg/javascript/jquery_easy_ui/themes/default/images/panel_tool_collapse.gif HTTP/1.1" 304 -
116.224.254.208 - - [22/Apr/2024:11:16:57 +0800] "GET /xingrg/javascript/jquery_easy_ui/themes/default/images/tabs_leftarrow.png HTTP/1.1" 304 -
116.224.254.208 - - [22/Apr/2024:11:16:57 +0800] "POST /xingrg/all/common/load_tree.html?tree=area_rest_tree_json&manage=1 HTTP/1.1" 200 476
116.224.254.208 - - [22/Apr/2024:11:16:58 +0800] "POST /xingrg/load_menu.html HTTP/1.1" 200 5138
222.69.132.2 - - [22/Apr/2024:11:16:58 +0800] "GET /xingrg/all/function/internal_message.html?_=1713755819451&CODE_STATE=getMsg HTTP/1.1" 200 27
101.80.230.31 - - [22/Apr/2024:11:16:58 +0800] "GET /xingrg/all/function/internal_message.html?_=1713755819126&CODE_STATE=getMsg HTTP/1.1" 200 27
101.80.230.31 - - [22/Apr/2024:11:16:58 +0800] "GET /xingrg/check_reg.html?_=1713755819127 HTTP/1.1" 200 22
116.224.254.208 - - [22/Apr/2024:11:16:59 +0800] "GET /xingrg/kc/base/yddb_order_list.html HTTP/1.1" 200 16660
116.224.254.208 - - [22/Apr/2024:11:17:00 +0800] "POST /xingrg/kc/base/yddb_list_operate.html HTTP/1.1" 200 636
116.224.254.208 - - [22/Apr/2024:11:17:01 +0800] "GET /xingrg/kc/base/yddb_order_add.html HTTP/1.1" 200 30041
116.224.254.208 - - [22/Apr/2024:11:17:01 +0800] "GET /xingrg/dwr/interface/AjaxComOrderService.js HTTP/1.1" 200 18264
116.224.254.208 - - [22/Apr/2024:11:17:01 +0800] "GET /xingrg/dwr/interface/AjaxYddbService.js HTTP/1.1" 200 13201
116.224.254.208 - - [22/Apr/2024:11:17:01 +0800] "GET /xingrg/dwr/engine.js HTTP/1.1" 200 43631
116.238.97.31 - - [22/Apr/2024:11:17:02 +0800] "POST /xingrg/kc/buy/cgsh_list_operate.html HTTP/1.1" 200 4
101.83.144.49 - - [22/Apr/2024:11:17:02 +0800] "GET /xingrg/kc/base/wldb_order_operate.html?command=get_materiel&rest_code=00105&base_code=0010507&code=00101019211 HTTP/1.1" 200 446
116.224.254.208 - - [22/Apr/2024:11:17:03 +0800] "POST /xingrg/dwr/call/plaincall/AjaxYddbService.getRestBases.dwr HTTP/1.1" 200 1649
116.238.97.31 - - [22/Apr/2024:11:17:03 +0800] "GET /xingrg/all/function/internal_message.html?_=1713755816250&CODE_STATE=getMsg HTTP/1.1" 200 27
116.238.97.31 - - [22/Apr/2024:11:17:04 +0800] "GET /xingrg/all/function/internal_message.html?_=1713755826543&CODE_STATE=getMsg HTTP/1.1" 200 27
61.170.234.72 - - [22/Apr/2024:11:17:04 +0800] "GET /xingrg/all/function/internal_message.html?_=1713755820594&CODE_STATE=getMsg HTTP/1.1" 200 27
116.238.97.31 - - [22/Apr/2024:11:17:05 +0800] "POST /xingrg/kc/buy/cgsh_list_operate.html HTTP/1.1" 200 645
180.163.29.79 - - [22/Apr/2024:11:17:07 +0800] "GET /xingrg/check_reg.html?_=1713755763215 HTTP/1.1" 302 -
180.163.29.79 - - [22/Apr/2024:11:17:07 +0800] "GET /xingrg/login.html HTTP/1.1" 200 7641
116.238.97.31 - - [22/Apr/2024:11:17:07 +0800] "GET /xingrg/kc/base/check_order_list.html HTTP/1.1" 200 16431
101.83.144.49 - - [22/Apr/2024:11:17:07 +0800] "GET /xingrg/kc/base/wldb_order_operate.html?command=get_materiel&rest_code=00105&base_code=0010507&code=00101011005 HTTP/1.1" 200 430
116.238.97.31 - - [22/Apr/2024:11:17:07 +0800] "POST /xingrg/kc/base/check_list_operate.html HTTP/1.1" 200 3849
116.224.254.208 - - [22/Apr/2024:11:17:07 +0800] "POST /xingrg/dwr/call/plaincall/AjaxYddbService.saveOrder.dwr HTTP/1.1" 200 78
116.224.254.208 - - [22/Apr/2024:11:17:08 +0800] "GET /xingrg/images/yd/bt.gif HTTP/1.1" 404 1040
116.224.254.208 - - [22/Apr/2024:11:17:11 +0800] "POST /xingrg/dwr/call/plaincall/AjaxComOrderService.getMaterielSearchList.dwr HTTP/1.1" 200 262636
116.224.254.208 - - [22/Apr/2024:11:17:12 +0800] "POST /xingrg/dwr/call/plaincall/AjaxComOrderService.getMaterielSearchList.dwr HTTP/1.1" 200 10789
101.83.144.49 - - [22/Apr/2024:11:17:12 +0800] "POST /xingrg/kc/base/wldb_order_operate.html HTTP/1.1" 200 37
116.224.254.208 - - [22/Apr/2024:11:17:12 +0800] "POST /xingrg/dwr/call/plaincall/AjaxComOrderService.getMaterielSearchList.dwr HTTP/1.1" 200 302
101.83.144.49 - - [22/Apr/2024:11:17:13 +0800] "POST /xingrg/kc/base/wldb_order_operate.html HTTP/1.1" 200 2665
61.170.234.72 - - [22/Apr/2024:11:17:13 +0800] "GET /xingrg/all/function/internal_message.html?_=1713755834724&CODE_STATE=getMsg HTTP/1.1" 200 27
116.224.254.208 - - [22/Apr/2024:11:17:14 +0800] "POST /xingrg/dwr/call/plaincall/AjaxYddbService.getMaterielByMap.dwr HTTP/1.1" 200 2358
101.83.144.49 - - [22/Apr/2024:11:17:14 +0800] "GET /xingrg/kc/base/wldb_order_info.html?code=422024042201389 HTTP/1.1" 200 30397
101.83.144.49 - - [22/Apr/2024:11:17:14 +0800] "GET /xingrg/javascript/easyui/themes/default/validatebox.css HTTP/1.1" 404 1104
101.83.144.49 - - [22/Apr/2024:11:17:15 +0800] "POST /xingrg/kc/base/wldb_order_operate.html HTTP/1.1" 200 2665
101.83.144.49 - - [22/Apr/2024:11:17:16 +0800] "GET /xingrg/all/function/internal_message.html?_=1713755838686&CODE_STATE=getMsg HTTP/1.1" 200 27
116.232.195.13 - - [22/Apr/2024:11:17:16 +0800] "GET /xingrg/index.html?sysBaseUrl=http%3A%2F%2F180.169.147.146%3A18081%2Fxingrg%2F&costTime=1277×tamp=1606817596806 HTTP/1.1" 302 -
116.232.195.13 - - [22/Apr/2024:11:17:16 +0800] "GET /xingrg/login.html HTTP/1.1" 200 7641
116.232.195.13 - - [22/Apr/2024:11:17:17 +0800] "GET /xingrg/images/blue/jxLogo.png HTTP/1.1" 200 6156
116.232.195.13 - - [22/Apr/2024:11:17:17 +0800] "GET /xingrg/images/blue/login_bg.png HTTP/1.1" 200 22101
116.232.195.13 - - [22/Apr/2024:11:17:17 +0800] "GET /xingrg/images/blue/hj.png HTTP/1.1" 200 1014
116.232.195.13 - - [22/Apr/2024:11:17:17 +0800] "GET /xingrg/images/blue/srbg.png HTTP/1.1" 200 138
116.232.195.13 - - [22/Apr/2024:11:17:17 +0800] "GET /favicon.ico HTTP/1.1" 404 -
116.224.254.208 - - [22/Apr/2024:11:17:17 +0800] "POST /xingrg/dwr/call/plaincall/AjaxYddbService.saveMaterielItem.dwr HTTP/1.1" 200 78
116.224.254.208 - - [22/Apr/2024:11:17:19 +0800] "GET /xingrg/all/function/internal_message.html?_=1713755839425&CODE_STATE=getMsg HTTP/1.1" 200 27
116.224.254.208 - - [22/Apr/2024:11:17:20 +0800] "POST /xingrg/dwr/call/plaincall/AjaxComOrderService.getMaterielSearchList.dwr HTTP/1.1" 200 10789
221.239.169.251 - - [22/Apr/2024:11:17:20 +0800] "GET /xingrg/all/function/internal_message.html?_=1713755838898&CODE_STATE=getMsg HTTP/1.1" 200 27
116.224.254.208 - - [22/Apr/2024:11:17:21 +0800] "POST /xingrg/dwr/call/plaincall/AjaxComOrderService.getMaterielSearchList.dwr HTTP/1.1" 200 302
116.224.254.208 - - [22/Apr/2024:11:17:21 +0800] "GET /xingrg/check_reg.html?_=1713755841195 HTTP/1.1" 200 22
116.224.254.208 - - [22/Apr/2024:11:17:22 +0800] "POST /xingrg/dwr/call/plaincall/AjaxYddbService.getMaterielByMap.dwr HTTP/1.1" 200 2360
116.224.254.208 - - [22/Apr/2024:11:17:23 +0800] "GET /xingrg/images/yd/bt2.gif HTTP/1.1" 404 1042
101.83.144.49 - - [22/Apr/2024:11:17:23 +0800] "GET /xingrg/kc/base/wldb_order_add.html HTTP/1.1" 200 30382
101.83.144.49 - - [22/Apr/2024:11:17:24 +0800] "GET /xingrg/javascript/easyui/themes/default/validatebox.css HTTP/1.1" 404 1104
