120.253.135.82 - - [22/Apr/2024:05:51:27 +0800] "GET /xingrg/javascript/easyui/plugins/jquery.numberbox.js HTTP/1.1" 304 -
120.253.135.82 - - [22/Apr/2024:05:51:27 +0800] "GET /xingrg/all/common/auto_word.html?type=base&rest_code=00101 HTTP/1.1" 200 671
120.253.135.82 - - [22/Apr/2024:05:51:27 +0800] "POST /xingrg/kc/pszx/mdps_order_operate.html HTTP/1.1" 200 3261
120.253.135.82 - - [22/Apr/2024:05:51:30 +0800] "POST /xingrg/kc/pszx/mdps_order_operate.html HTTP/1.1" 200 37
116.232.195.13 - - [22/Apr/2024:05:51:31 +0800] "GET /xingrg/all/function/internal_message.html?_=1713736283479&CODE_STATE=getMsg HTTP/1.1" 200 27
116.224.254.208 - - [22/Apr/2024:05:51:31 +0800] "GET /xingrg/all/function/internal_message.html?_=1713736291586&CODE_STATE=getMsg HTTP/1.1" 200 27
116.224.254.208 - - [22/Apr/2024:05:51:31 +0800] "GET /xingrg/check_reg.html?_=1713736291589 HTTP/1.1" 200 22
120.253.135.82 - - [22/Apr/2024:05:51:33 +0800] "GET /xingrg/kc/pszx/mdps_order_info.html?code=312024042200356 HTTP/1.1" 200 23978
120.253.135.82 - - [22/Apr/2024:05:51:34 +0800] "GET /xingrg/javascript/easyui/themes/default/validatebox.css HTTP/1.1" 404 1104
120.253.135.82 - - [22/Apr/2024:05:51:34 +0800] "POST /xingrg/kc/pszx/mdps_order_operate.html HTTP/1.1" 200 3282
116.232.195.13 - - [22/Apr/2024:05:51:36 +0800] "GET /xingrg/all/function/internal_message.html?_=1713736288249&CODE_STATE=getMsg HTTP/1.1" 200 27
120.253.135.82 - - [22/Apr/2024:05:51:41 +0800] "GET /xingrg/check_reg.html?_=1713736146929 HTTP/1.1" 200 22
120.253.135.82 - - [22/Apr/2024:05:51:42 +0800] "GET /xingrg/all/function/internal_message.html?_=1713736146992&CODE_STATE=getMsg HTTP/1.1" 200 27
124.78.56.241 - - [22/Apr/2024:05:51:42 +0800] "GET /xingrg/all/function/internal_message.html?_=1713736302556&CODE_STATE=getMsg HTTP/1.1" 200 27
120.253.135.82 - - [22/Apr/2024:05:51:51 +0800] "GET /xingrg/kc/pszx/mdps_order_operate.html?command=get_materiel&pszx_code=00101&rest_code=00104&base_code=0010246&code=00101013166 HTTP/1.1" 200 443
120.253.135.82 - - [22/Apr/2024:05:51:54 +0800] "POST /xingrg/all/common/load_select.html HTTP/1.1" 200 25
120.253.135.82 - - [22/Apr/2024:05:51:55 +0800] "GET /xingrg/kc/pszx/mdps_order_operate.html?command=get_materiel_price&pszx_code=00101&rest_code=00104&base_code=0010246&code=00101013166&unit_code=00100098&order_time=2024-04-23 HTTP/1.1" 200 35
120.253.135.82 - - [22/Apr/2024:05:51:58 +0800] "GET /xingrg/kc/pszx/mdps_order_operate.html?command=get_materiel_price&pszx_code=00101&rest_code=00104&base_code=0010246&code=00101013166&unit_code=00100097&order_time=2024-04-23 HTTP/1.1" 200 33
116.232.195.13 - - [22/Apr/2024:05:52:02 +0800] "GET /xingrg/all/function/internal_message.html?_=1713736314324&CODE_STATE=getMsg HTTP/1.1" 200 27
120.253.135.82 - - [22/Apr/2024:05:52:10 +0800] "GET /xingrg/kc/pszx/mdps_order_operate.html?command=get_materiel&pszx_code=00101&rest_code=00104&base_code=0010246&code=00101020397 HTTP/1.1" 200 434
221.239.169.251 - - [22/Apr/2024:05:52:19 +0800] "GET /xingrg/all/function/internal_message.html?_=1713736338616&CODE_STATE=getMsg HTTP/1.1" 200 27
120.253.135.82 - - [22/Apr/2024:05:52:21 +0800] "POST /xingrg/kc/pszx/mdps_order_operate.html HTTP/1.1" 200 37
120.253.135.82 - - [22/Apr/2024:05:52:23 +0800] "GET /xingrg/kc/pszx/mdps_order_info.html?code=312024042200356 HTTP/1.1" 200 23978
120.253.135.82 - - [22/Apr/2024:05:52:24 +0800] "GET /xingrg/javascript/easyui/themes/default/validatebox.css HTTP/1.1" 404 1104
120.253.135.82 - - [22/Apr/2024:05:52:24 +0800] "POST /xingrg/kc/pszx/mdps_order_operate.html HTTP/1.1" 200 3276
120.253.135.82 - - [22/Apr/2024:05:52:27 +0800] "POST /xingrg/kc/pszx/mdps_list_operate.html HTTP/1.1" 200 550
120.253.135.82 - - [22/Apr/2024:05:52:29 +0800] "GET /xingrg/kc/pszx/mdps_order_info.html?code=312024042200357 HTTP/1.1" 200 23978
120.253.135.82 - - [22/Apr/2024:05:52:29 +0800] "GET /xingrg/javascript/easyui/themes/default/validatebox.css HTTP/1.1" 404 1104
120.253.135.82 - - [22/Apr/2024:05:52:29 +0800] "POST /xingrg/kc/pszx/mdps_order_operate.html HTTP/1.1" 200 4270
116.232.195.13 - - [22/Apr/2024:05:52:31 +0800] "GET /xingrg/all/function/internal_message.html?_=1713736343452&CODE_STATE=getMsg HTTP/1.1" 200 27
116.224.254.208 - - [22/Apr/2024:05:52:31 +0800] "GET /xingrg/all/function/internal_message.html?_=1713736351563&CODE_STATE=getMsg HTTP/1.1" 200 27
120.253.135.82 - - [22/Apr/2024:05:52:34 +0800] "POST /xingrg/kc/pszx/mdps_order_operate.html HTTP/1.1" 200 37
120.253.135.82 - - [22/Apr/2024:05:52:35 +0800] "GET /xingrg/kc/pszx/mdps_order_info.html?code=312024042200357 HTTP/1.1" 200 23978
120.253.135.82 - - [22/Apr/2024:05:52:36 +0800] "GET /xingrg/javascript/easyui/themes/default/validatebox.css HTTP/1.1" 404 1104
116.232.195.13 - - [22/Apr/2024:05:52:36 +0800] "GET /xingrg/all/function/internal_message.html?_=1713736348239&CODE_STATE=getMsg HTTP/1.1" 200 27
120.253.135.82 - - [22/Apr/2024:05:52:36 +0800] "POST /xingrg/kc/pszx/mdps_order_operate.html HTTP/1.1" 200 4306
120.253.135.82 - - [22/Apr/2024:05:52:42 +0800] "GET /xingrg/all/function/internal_message.html?_=1713736207004&CODE_STATE=getMsg HTTP/1.1" 200 27
124.78.56.241 - - [22/Apr/2024:05:52:42 +0800] "GET /xingrg/all/function/internal_message.html?_=1713736362540&CODE_STATE=getMsg HTTP/1.1" 200 27
120.253.135.82 - - [22/Apr/2024:05:52:48 +0800] "POST /xingrg/kc/pszx/mdps_order_operate.html HTTP/1.1" 200 37
120.253.135.82 - - [22/Apr/2024:05:52:49 +0800] "GET /xingrg/kc/pszx/mdps_order_info.html?code=312024042200357 HTTP/1.1" 200 23978
120.253.135.82 - - [22/Apr/2024:05:52:50 +0800] "GET /xingrg/javascript/easyui/themes/default/validatebox.css HTTP/1.1" 404 1104
120.253.135.82 - - [22/Apr/2024:05:52:50 +0800] "POST /xingrg/kc/pszx/mdps_order_operate.html HTTP/1.1" 200 4306
222.70.240.29 - - [22/Apr/2024:05:52:59 +0800] "GET /xingrg/check_reg.html?_=1713736404997 HTTP/1.1" 302 -
222.70.240.29 - - [22/Apr/2024:05:52:59 +0800] "GET /xingrg/login.html HTTP/1.1" 200 7641
116.232.195.13 - - [22/Apr/2024:05:53:02 +0800] "GET /xingrg/all/function/internal_message.html?_=1713736374296&CODE_STATE=getMsg HTTP/1.1" 200 27
116.232.195.13 - - [22/Apr/2024:05:53:16 +0800] "GET /xingrg/check_reg.html?_=1713736388506 HTTP/1.1" 200 22
221.239.169.251 - - [22/Apr/2024:05:53:19 +0800] "GET /xingrg/all/function/internal_message.html?_=1713736398624&CODE_STATE=getMsg HTTP/1.1" 200 27
116.232.195.13 - - [22/Apr/2024:05:53:31 +0800] "GET /xingrg/all/function/internal_message.html?_=1713736403432&CODE_STATE=getMsg HTTP/1.1" 200 27
116.224.254.208 - - [22/Apr/2024:05:53:31 +0800] "GET /xingrg/all/function/internal_message.html?_=1713736411571&CODE_STATE=getMsg HTTP/1.1" 200 27
116.232.195.13 - - [22/Apr/2024:05:53:36 +0800] "GET /xingrg/all/function/internal_message.html?_=1713736408251&CODE_STATE=getMsg HTTP/1.1" 200 27
120.253.135.82 - - [22/Apr/2024:05:53:42 +0800] "GET /xingrg/all/function/internal_message.html?_=1713736267019&CODE_STATE=getMsg HTTP/1.1" 200 27
124.78.56.241 - - [22/Apr/2024:05:53:42 +0800] "GET /xingrg/all/function/internal_message.html?_=1713736422517&CODE_STATE=getMsg HTTP/1.1" 200 27
120.253.135.82 - - [22/Apr/2024:05:53:55 +0800] "POST /xingrg/kc/pszx/mdps_list_operate.html HTTP/1.1" 200 3919
120.253.135.82 - - [22/Apr/2024:05:53:56 +0800] "POST /xingrg/kc/pszx/mdps_list_operate.html HTTP/1.1" 200 295
120.253.135.82 - - [22/Apr/2024:05:53:58 +0800] "GET /xingrg/kc/pszx/mdps_order_info.html?code=312024042200358 HTTP/1.1" 200 23978
120.253.135.82 - - [22/Apr/2024:05:53:58 +0800] "GET /xingrg/javascript/easyui/themes/default/validatebox.css HTTP/1.1" 404 1104
120.253.135.82 - - [22/Apr/2024:05:53:58 +0800] "POST /xingrg/kc/pszx/mdps_order_operate.html HTTP/1.1" 200 2786
116.232.195.13 - - [22/Apr/2024:05:54:02 +0800] "GET /xingrg/all/function/internal_message.html?_=1713736434282&CODE_STATE=getMsg HTTP/1.1" 200 27
120.253.135.82 - - [22/Apr/2024:05:54:03 +0800] "POST /xingrg/kc/pszx/mdps_list_operate.html HTTP/1.1" 200 3919
120.253.135.82 - - [22/Apr/2024:05:54:04 +0800] "POST /xingrg/kc/pszx/mdps_list_operate.html HTTP/1.1" 200 432
120.253.135.82 - - [22/Apr/2024:05:54:07 +0800] "POST /xingrg/kc/pszx/mdps_list_operate.html HTTP/1.1" 200 295
120.253.135.82 - - [22/Apr/2024:05:54:10 +0800] "GET /xingrg/kc/pszx/mdps_order_info.html?code=312024042200359 HTTP/1.1" 200 23978
120.253.135.82 - - [22/Apr/2024:05:54:10 +0800] "GET /xingrg/javascript/easyui/themes/default/validatebox.css HTTP/1.1" 404 1104
120.253.135.82 - - [22/Apr/2024:05:54:11 +0800] "POST /xingrg/kc/pszx/mdps_order_operate.html HTTP/1.1" 200 3730
120.253.135.82 - - [22/Apr/2024:05:54:14 +0800] "POST /xingrg/kc/pszx/mdps_order_operate.html HTTP/1.1" 200 37
120.253.135.82 - - [22/Apr/2024:05:54:16 +0800] "GET /xingrg/kc/pszx/mdps_order_info.html?code=312024042200359 HTTP/1.1" 200 23978
120.253.135.82 - - [22/Apr/2024:05:54:16 +0800] "GET /xingrg/javascript/easyui/themes/default/validatebox.css HTTP/1.1" 404 1104
120.253.135.82 - - [22/Apr/2024:05:54:17 +0800] "POST /xingrg/kc/pszx/mdps_order_operate.html HTTP/1.1" 200 3760
221.239.169.251 - - [22/Apr/2024:05:54:19 +0800] "GET /xingrg/all/function/internal_message.html?_=1713736458618&CODE_STATE=getMsg HTTP/1.1" 200 27
116.232.195.13 - - [22/Apr/2024:05:54:31 +0800] "GET /xingrg/all/function/internal_message.html?_=1713736463427&CODE_STATE=getMsg HTTP/1.1" 200 27
116.224.254.208 - - [22/Apr/2024:05:54:31 +0800] "GET /xingrg/all/function/internal_message.html?_=1713736471586&CODE_STATE=getMsg HTTP/1.1" 200 27
116.232.195.13 - - [22/Apr/2024:05:54:36 +0800] "GET /xingrg/all/function/internal_message.html?_=1713736468239&CODE_STATE=getMsg HTTP/1.1" 200 27
120.253.135.82 - - [22/Apr/2024:05:54:42 +0800] "GET /xingrg/all/function/internal_message.html?_=1713736327032&CODE_STATE=getMsg HTTP/1.1" 200 27
124.78.56.241 - - [22/Apr/2024:05:54:42 +0800] "GET /xingrg/all/function/internal_message.html?_=1713736482498&CODE_STATE=getMsg HTTP/1.1" 200 27
120.253.135.82 - - [22/Apr/2024:05:55:01 +0800] "POST /xingrg/kc/pszx/mdps_list_operate.html HTTP/1.1" 200 3919
116.232.195.13 - - [22/Apr/2024:05:55:02 +0800] "GET /xingrg/all/function/internal_message.html?_=1713736494258&CODE_STATE=getMsg HTTP/1.1" 200 27
120.253.135.82 - - [22/Apr/2024:05:55:03 +0800] "POST /xingrg/kc/pszx/mdps_list_operate.html HTTP/1.1" 200 541
120.253.135.82 - - [22/Apr/2024:05:55:05 +0800] "POST /xingrg/kc/pszx/mdps_list_operate.html HTTP/1.1" 200 205
120.253.135.82 - - [22/Apr/2024:05:55:08 +0800] "GET /xingrg/kc/pszx/mdps_order_info.html?code=312024042200360 HTTP/1.1" 200 23978
120.253.135.82 - - [22/Apr/2024:05:55:09 +0800] "GET /xingrg/javascript/easyui/themes/default/validatebox.css HTTP/1.1" 404 1104
120.253.135.82 - - [22/Apr/2024:05:55:09 +0800] "POST /xingrg/kc/pszx/mdps_order_operate.html HTTP/1.1" 200 4300
120.253.135.82 - - [22/Apr/2024:05:55:12 +0800] "POST /xingrg/kc/pszx/mdps_order_operate.html HTTP/1.1" 200 37
120.253.135.82 - - [22/Apr/2024:05:55:13 +0800] "GET /xingrg/kc/pszx/mdps_order_info.html?code=312024042200360 HTTP/1.1" 200 23978
120.253.135.82 - - [22/Apr/2024:05:55:14 +0800] "GET /xingrg/javascript/easyui/themes/default/validatebox.css HTTP/1.1" 404 1104
120.253.135.82 - - [22/Apr/2024:05:55:14 +0800] "POST /xingrg/kc/pszx/mdps_order_operate.html HTTP/1.1" 200 4340
221.239.169.251 - - [22/Apr/2024:05:55:20 +0800] "GET /xingrg/check_reg.html?_=1713736518623 HTTP/1.1" 200 22
221.239.169.251 - - [22/Apr/2024:05:55:20 +0800] "GET /xingrg/all/function/internal_message.html?_=1713736518631&CODE_STATE=getMsg HTTP/1.1" 200 27
116.232.195.13 - - [22/Apr/2024:05:55:31 +0800] "GET /xingrg/all/function/internal_message.html?_=1713736523404&CODE_STATE=getMsg HTTP/1.1" 200 27
116.224.254.208 - - [22/Apr/2024:05:55:31 +0800] "GET /xingrg/all/function/internal_message.html?_=1713736531575&CODE_STATE=getMsg HTTP/1.1" 200 27
116.232.195.13 - - [22/Apr/2024:05:55:36 +0800] "GET /xingrg/all/function/internal_message.html?_=1713736528246&CODE_STATE=getMsg HTTP/1.1" 200 27
116.232.195.13 - - [22/Apr/2024:05:55:36 +0800] "GET /xingrg/check_reg.html?_=1713736528247 HTTP/1.1" 200 22
120.253.135.82 - - [22/Apr/2024:05:55:40 +0800] "POST /xingrg/kc/pszx/mdps_order_operate.html HTTP/1.1" 200 37
120.253.135.82 - - [22/Apr/2024:05:55:42 +0800] "GET /xingrg/kc/pszx/mdps_order_info.html?code=312024042200360 HTTP/1.1" 200 23978
124.78.56.241 - - [22/Apr/2024:05:55:42 +0800] "GET /xingrg/all/function/internal_message.html?_=1713736542481&CODE_STATE=getMsg HTTP/1.1" 200 27
120.253.135.82 - - [22/Apr/2024:05:55:42 +0800] "GET /xingrg/all/function/internal_message.html?_=1713736387535&CODE_STATE=getMsg HTTP/1.1" 200 27
120.253.135.82 - - [22/Apr/2024:05:55:42 +0800] "GET /xingrg/javascript/easyui/themes/default/validatebox.css HTTP/1.1" 404 1104
116.232.195.13 - - [22/Apr/2024:05:55:42 +0800] "GET /xingrg/check_reg.html?_=1713736534448 HTTP/1.1" 200 22
120.253.135.82 - - [22/Apr/2024:05:55:43 +0800] "POST /xingrg/kc/pszx/mdps_order_operate.html HTTP/1.1" 200 4340
120.253.135.82 - - [22/Apr/2024:05:55:44 +0800] "POST /xingrg/kc/pszx/mdps_list_operate.html HTTP/1.1" 200 3919
120.253.135.82 - - [22/Apr/2024:05:55:45 +0800] "POST /xingrg/kc/pszx/mdps_list_operate.html HTTP/1.1" 200 373
120.253.135.82 - - [22/Apr/2024:05:55:47 +0800] "GET /xingrg/kc/pszx/mdps_order_info.html?code=312024042200361 HTTP/1.1" 200 23978
120.253.135.82 - - [22/Apr/2024:05:55:48 +0800] "GET /xingrg/javascript/easyui/themes/default/validatebox.css HTTP/1.1" 404 1104
120.253.135.82 - - [22/Apr/2024:05:55:48 +0800] "POST /xingrg/kc/pszx/mdps_order_operate.html HTTP/1.1" 200 3277
120.253.135.82 - - [22/Apr/2024:05:55:49 +0800] "GET /xingrg/css/images/panel_loading.gif HTTP/1.1" 304 -
120.253.135.82 - - [22/Apr/2024:05:55:49 +0800] "POST /xingrg/all/common/load_combo.html?type=base HTTP/1.1" 200 1169
120.253.135.82 - - [22/Apr/2024:05:55:54 +0800] "POST /xingrg/kc/pszx/mdps_order_operate.html HTTP/1.1" 200 37
120.253.135.82 - - [22/Apr/2024:05:55:57 +0800] "GET /xingrg/kc/pszx/mdps_order_info.html?code=312024042200361 HTTP/1.1" 200 23978
120.253.135.82 - - [22/Apr/2024:05:55:58 +0800] "GET /xingrg/javascript/easyui/themes/default/validatebox.css HTTP/1.1" 404 1104
120.253.135.82 - - [22/Apr/2024:05:55:58 +0800] "POST /xingrg/kc/pszx/mdps_order_operate.html HTTP/1.1" 200 3299
124.78.56.241 - - [22/Apr/2024:05:56:00 +0800] "GET /xingrg/check_reg.html?_=1713736560527 HTTP/1.1" 200 22
116.232.195.13 - - [22/Apr/2024:05:56:02 +0800] "GET /xingrg/all/function/internal_message.html?_=1713736554239&CODE_STATE=getMsg HTTP/1.1" 200 27
120.253.135.82 - - [22/Apr/2024:05:56:05 +0800] "GET /xingrg/kc/pszx/mdps_order_operate.html?command=get_materiel&pszx_code=00101&rest_code=00104&base_code=0010250&code=00102034154 HTTP/1.1" 200 452
120.253.135.82 - - [22/Apr/2024:05:56:08 +0800] "POST /xingrg/all/common/load_select.html HTTP/1.1" 200 25
120.253.135.82 - - [22/Apr/2024:05:56:10 +0800] "GET /xingrg/kc/pszx/mdps_order_operate.html?command=get_materiel_price&pszx_code=00101&rest_code=00104&base_code=0010250&code=00102034154&unit_code=00100366&order_time=2024-04-23 HTTP/1.1" 200 48
120.253.135.82 - - [22/Apr/2024:05:56:13 +0800] "GET /xingrg/kc/pszx/mdps_order_operate.html?command=get_materiel_price&pszx_code=00101&rest_code=00104&base_code=0010250&code=00102034154&unit_code=00100367&order_time=2024-04-23 HTTP/1.1" 200 35
221.239.169.251 - - [22/Apr/2024:05:56:19 +0800] "GET /xingrg/all/function/internal_message.html?_=1713736578627&CODE_STATE=getMsg HTTP/1.1" 200 27
120.253.135.82 - - [22/Apr/2024:05:56:24 +0800] "GET /xingrg/kc/pszx/mdps_order_operate.html?command=get_materiel&pszx_code=00101&rest_code=00104&base_code=0010250&code=00102034130 HTTP/1.1" 200 478
120.253.135.82 - - [22/Apr/2024:05:56:26 +0800] "POST /xingrg/all/common/load_select.html HTTP/1.1" 200 25
120.253.135.82 - - [22/Apr/2024:05:56:29 +0800] "GET /xingrg/kc/pszx/mdps_order_operate.html?command=get_materiel_price&pszx_code=00101&rest_code=00104&base_code=0010250&code=00102034130&unit_code=00100365&order_time=2024-04-23 HTTP/1.1" 200 34
116.232.195.13 - - [22/Apr/2024:05:56:31 +0800] "GET /xingrg/all/function/internal_message.html?_=1713736583395&CODE_STATE=getMsg HTTP/1.1" 200 27
116.224.254.208 - - [22/Apr/2024:05:56:31 +0800] "GET /xingrg/all/function/internal_message.html?_=1713736591573&CODE_STATE=getMsg HTTP/1.1" 200 27
116.224.254.208 - - [22/Apr/2024:05:56:31 +0800] "GET /xingrg/check_reg.html?_=1713736591575 HTTP/1.1" 200 22
116.232.195.13 - - [22/Apr/2024:05:56:36 +0800] "GET /xingrg/all/function/internal_message.html?_=1713736588258&CODE_STATE=getMsg HTTP/1.1" 200 27
120.253.135.82 - - [22/Apr/2024:05:56:41 +0800] "POST /xingrg/kc/pszx/mdps_order_operate.html HTTP/1.1" 200 37
124.78.56.241 - - [22/Apr/2024:05:56:42 +0800] "GET /xingrg/all/function/internal_message.html?_=1713736602454&CODE_STATE=getMsg HTTP/1.1" 200 27
120.253.135.82 - - [22/Apr/2024:05:56:42 +0800] "GET /xingrg/kc/pszx/mdps_order_info.html?code=312024042200361 HTTP/1.1" 200 23978
120.253.135.82 - - [22/Apr/2024:05:56:42 +0800] "GET /xingrg/check_reg.html?_=1713736447543 HTTP/1.1" 200 22
120.253.135.82 - - [22/Apr/2024:05:56:42 +0800] "GET /xingrg/all/function/internal_message.html?_=1713736447544&CODE_STATE=getMsg HTTP/1.1" 200 27
120.253.135.82 - - [22/Apr/2024:05:56:43 +0800] "GET /xingrg/javascript/easyui/themes/default/validatebox.css HTTP/1.1" 404 1104
120.253.135.82 - - [22/Apr/2024:05:56:43 +0800] "POST /xingrg/kc/pszx/mdps_order_operate.html HTTP/1.1" 200 3309
120.253.135.82 - - [22/Apr/2024:05:56:45 +0800] "POST /xingrg/kc/pszx/mdps_list_operate.html HTTP/1.1" 200 3919
120.253.135.82 - - [22/Apr/2024:05:56:48 +0800] "POST /xingrg/kc/pszx/mdps_list_operate.html HTTP/1.1" 200 295
120.253.135.82 - - [22/Apr/2024:05:56:52 +0800] "POST /xingrg/kc/pszx/mdps_list_operate.html HTTP/1.1" 200 381
120.253.135.82 - - [22/Apr/2024:05:56:53 +0800] "GET /xingrg/kc/pszx/mdps_order_info.html?code=312024042200361 HTTP/1.1" 200 23978
120.253.135.82 - - [22/Apr/2024:05:56:53 +0800] "GET /xingrg/javascript/easyui/themes/default/validatebox.css HTTP/1.1" 404 1104
120.253.135.82 - - [22/Apr/2024:05:56:54 +0800] "POST /xingrg/kc/pszx/mdps_order_operate.html HTTP/1.1" 200 3309
120.253.135.82 - - [22/Apr/2024:05:57:00 +0800] "GET /xingrg/kc/pszx/mdps_order_operate.html?command=get_materiel&pszx_code=00101&rest_code=00104&base_code=0010250&code=00101017003 HTTP/1.1" 200 448
116.232.195.13 - - [22/Apr/2024:05:57:02 +0800] "GET /xingrg/all/function/internal_message.html?_=1713736614217&CODE_STATE=getMsg HTTP/1.1" 200 27
120.253.135.82 - - [22/Apr/2024:05:57:16 +0800] "GET /xingrg/kc/pszx/mdps_order_operate.html?command=get_materiel&pszx_code=00101&rest_code=00104&base_code=0010250&code=00102002082 HTTP/1.1" 200 452
120.253.135.82 - - [22/Apr/2024:05:57:18 +0800] "POST /xingrg/all/common/load_select.html HTTP/1.1" 200 25
221.239.169.251 - - [22/Apr/2024:05:57:19 +0800] "GET /xingrg/all/function/internal_message.html?_=1713736638621&CODE_STATE=getMsg HTTP/1.1" 200 27
120.253.135.82 - - [22/Apr/2024:05:57:20 +0800] "GET /xingrg/kc/pszx/mdps_order_operate.html?command=get_materiel_price&pszx_code=00101&rest_code=00104&base_code=0010250&code=00102002082&unit_code=00100337&order_time=2024-04-23 HTTP/1.1" 200 34
120.253.135.82 - - [22/Apr/2024:05:57:29 +0800] "POST /xingrg/kc/pszx/mdps_order_operate.html HTTP/1.1" 200 37
120.253.135.82 - - [22/Apr/2024:05:57:31 +0800] "GET /xingrg/kc/pszx/mdps_order_info.html?code=312024042200361 HTTP/1.1" 200 23978
120.253.135.82 - - [22/Apr/2024:05:57:31 +0800] "GET /xingrg/javascript/easyui/themes/default/validatebox.css HTTP/1.1" 404 1104
116.232.195.13 - - [22/Apr/2024:05:57:31 +0800] "GET /xingrg/all/function/internal_message.html?_=1713736643366&CODE_STATE=getMsg HTTP/1.1" 200 27
116.224.254.208 - - [22/Apr/2024:05:57:31 +0800] "GET /xingrg/all/function/internal_message.html?_=1713736651571&CODE_STATE=getMsg HTTP/1.1" 200 27
120.253.135.82 - - [22/Apr/2024:05:57:32 +0800] "POST /xingrg/kc/pszx/mdps_order_operate.html HTTP/1.1" 200 4315
120.253.135.82 - - [22/Apr/2024:05:57:32 +0800] "POST /xingrg/kc/pszx/mdps_list_operate.html HTTP/1.1" 200 3920
120.253.135.82 - - [22/Apr/2024:05:57:36 +0800] "POST /xingrg/kc/pszx/mdps_list_operate.html HTTP/1.1" 200 295
116.232.195.13 - - [22/Apr/2024:05:57:36 +0800] "GET /xingrg/all/function/internal_message.html?_=1713736648257&CODE_STATE=getMsg HTTP/1.1" 200 27
120.253.135.82 - - [22/Apr/2024:05:57:40 +0800] "GET /xingrg/kc/pszx/mdps_order_info.html?code=312024042200358 HTTP/1.1" 200 23978
120.253.135.82 - - [22/Apr/2024:05:57:41 +0800] "GET /xingrg/javascript/easyui/themes/default/validatebox.css HTTP/1.1" 404 1104
120.253.135.82 - - [22/Apr/2024:05:57:41 +0800] "POST /xingrg/kc/pszx/mdps_order_operate.html HTTP/1.1" 200 2786
124.78.56.241 - - [22/Apr/2024:05:57:42 +0800] "GET /xingrg/all/function/internal_message.html?_=1713736662427&CODE_STATE=getMsg HTTP/1.1" 200 27
120.253.135.82 - - [22/Apr/2024:05:57:42 +0800] "GET /xingrg/all/function/internal_message.html?_=1713736507557&CODE_STATE=getMsg HTTP/1.1" 200 27
120.253.135.82 - - [22/Apr/2024:05:57:47 +0800] "POST /xingrg/kc/pszx/mdps_order_operate.html HTTP/1.1" 200 12
120.253.135.82 - - [22/Apr/2024:05:57:49 +0800] "POST /xingrg/kc/pszx/mdps_list_operate.html HTTP/1.1" 200 3549
120.253.135.82 - - [22/Apr/2024:05:57:50 +0800] "POST /xingrg/kc/pszx/mdps_list_operate.html HTTP/1.1" 200 205
120.253.135.82 - - [22/Apr/2024:05:57:52 +0800] "POST /xingrg/kc/pszx/mdps_list_operate.html HTTP/1.1" 200 550
120.253.135.82 - - [22/Apr/2024:05:57:53 +0800] "POST /xingrg/kc/pszx/mdps_list_operate.html HTTP/1.1" 200 541
120.253.135.82 - - [22/Apr/2024:05:57:55 +0800] "POST /xingrg/kc/pszx/mdps_list_operate.html HTTP/1.1" 200 432
222.70.240.29 - - [22/Apr/2024:05:57:59 +0800] "GET /xingrg/check_reg.html?_=1713736705057 HTTP/1.1" 302 -
222.70.240.29 - - [22/Apr/2024:05:58:01 +0800] "POST /xingrg/services/DataTransmitService HTTP/1.1" 200 524
116.232.195.13 - - [22/Apr/2024:05:58:02 +0800] "GET /xingrg/all/function/internal_message.html?_=1713736674196&CODE_STATE=getMsg HTTP/1.1" 200 27
116.232.195.13 - - [22/Apr/2024:05:58:16 +0800] "GET /xingrg/check_reg.html?_=1713736688486 HTTP/1.1" 200 22
221.239.169.251 - - [22/Apr/2024:05:58:20 +0800] "GET /xingrg/all/function/internal_message.html?_=1713736698631&CODE_STATE=getMsg HTTP/1.1" 200 27
116.232.195.13 - - [22/Apr/2024:05:58:31 +0800] "GET /xingrg/all/function/internal_message.html?_=1713736703362&CODE_STATE=getMsg HTTP/1.1" 200 27
116.224.254.208 - - [22/Apr/2024:05:58:31 +0800] "GET /xingrg/all/function/internal_message.html?_=1713736711583&CODE_STATE=getMsg HTTP/1.1" 200 27
116.232.195.13 - - [22/Apr/2024:05:58:36 +0800] "GET /xingrg/all/function/internal_message.html?_=1713736708248&CODE_STATE=getMsg HTTP/1.1" 200 27
116.224.254.208 - - [22/Apr/2024:05:58:41 +0800] "POST /xingrg/services/DataTransmitService HTTP/1.1" 200 524
124.78.56.241 - - [22/Apr/2024:05:58:42 +0800] "GET /xingrg/all/function/internal_message.html?_=1713736722404&CODE_STATE=getMsg HTTP/1.1" 200 27
120.253.135.82 - - [22/Apr/2024:05:58:42 +0800] "GET /xingrg/all/function/internal_message.html?_=1713736567656&CODE_STATE=getMsg HTTP/1.1" 200 27
116.232.195.13 - - [22/Apr/2024:05:59:02 +0800] "GET /xingrg/all/function/internal_message.html?_=1713736734177&CODE_STATE=getMsg HTTP/1.1" 200 27
221.239.169.251 - - [22/Apr/2024:05:59:19 +0800] "GET /xingrg/all/function/internal_message.html?_=1713736758616&CODE_STATE=getMsg HTTP/1.1" 200 27
116.232.195.13 - - [22/Apr/2024:05:59:31 +0800] "GET /xingrg/all/function/internal_message.html?_=1713736763344&CODE_STATE=getMsg HTTP/1.1" 200 27
116.224.254.208 - - [22/Apr/2024:05:59:31 +0800] "GET /xingrg/all/function/internal_message.html?_=1713736771578&CODE_STATE=getMsg HTTP/1.1" 200 27
116.232.195.13 - - [22/Apr/2024:05:59:36 +0800] "GET /xingrg/all/function/internal_message.html?_=1713736768246&CODE_STATE=getMsg HTTP/1.1" 200 27
124.78.56.241 - - [22/Apr/2024:05:59:42 +0800] "GET /xingrg/all/function/internal_message.html?_=1713736782385&CODE_STATE=getMsg HTTP/1.1" 200 27
120.253.135.82 - - [22/Apr/2024:05:59:42 +0800] "GET /xingrg/all/function/internal_message.html?_=1713736627662&CODE_STATE=getMsg HTTP/1.1" 200 27
116.232.195.13 - - [22/Apr/2024:06:00:02 +0800] "GET /xingrg/all/function/internal_message.html?_=1713736794162&CODE_STATE=getMsg HTTP/1.1" 200 27
221.239.169.251 - - [22/Apr/2024:06:00:20 +0800] "GET /xingrg/all/function/internal_message.html?_=1713736818627&CODE_STATE=getMsg HTTP/1.1" 200 27
221.239.169.251 - - [22/Apr/2024:06:00:20 +0800] "GET /xingrg/check_reg.html?_=1713736818632 HTTP/1.1" 200 22
116.232.195.13 - - [22/Apr/2024:06:00:31 +0800] "GET /xingrg/all/function/internal_message.html?_=1713736823327&CODE_STATE=getMsg HTTP/1.1" 200 27
116.224.254.208 - - [22/Apr/2024:06:00:31 +0800] "GET /xingrg/all/function/internal_message.html?_=1713736831568&CODE_STATE=getMsg HTTP/1.1" 200 27
116.232.195.13 - - [22/Apr/2024:06:00:36 +0800] "GET /xingrg/all/function/internal_message.html?_=1713736828250&CODE_STATE=getMsg HTTP/1.1" 200 27
116.232.195.13 - - [22/Apr/2024:06:00:36 +0800] "GET /xingrg/check_reg.html?_=1713736828252 HTTP/1.1" 200 22
124.78.56.241 - - [22/Apr/2024:06:00:42 +0800] "GET /xingrg/all/function/internal_message.html?_=1713736842365&CODE_STATE=getMsg HTTP/1.1" 200 27
116.232.195.13 - - [22/Apr/2024:06:00:42 +0800] "GET /xingrg/check_reg.html?_=1713736834436 HTTP/1.1" 200 22
120.253.135.82 - - [22/Apr/2024:06:00:42 +0800] "GET /xingrg/all/function/internal_message.html?_=1713736687767&CODE_STATE=getMsg HTTP/1.1" 200 27
124.78.56.241 - - [22/Apr/2024:06:01:00 +0800] "GET /xingrg/check_reg.html?_=1713736860522 HTTP/1.1" 200 22
116.232.195.13 - - [22/Apr/2024:06:01:02 +0800] "GET /xingrg/all/function/internal_message.html?_=1713736854146&CODE_STATE=getMsg HTTP/1.1" 200 27
221.239.169.251 - - [22/Apr/2024:06:01:20 +0800] "GET /xingrg/all/function/internal_message.html?_=1713736878629&CODE_STATE=getMsg HTTP/1.1" 200 27
116.232.195.13 - - [22/Apr/2024:06:01:31 +0800] "GET /xingrg/all/function/internal_message.html?_=1713736883299&CODE_STATE=getMsg HTTP/1.1" 200 27
116.224.254.208 - - [22/Apr/2024:06:01:31 +0800] "GET /xingrg/all/function/internal_message.html?_=1713736891576&CODE_STATE=getMsg HTTP/1.1" 200 27
116.224.254.208 - - [22/Apr/2024:06:01:31 +0800] "GET /xingrg/check_reg.html?_=1713736891578 HTTP/1.1" 200 22
116.232.195.13 - - [22/Apr/2024:06:01:36 +0800] "GET /xingrg/all/function/internal_message.html?_=1713736888245&CODE_STATE=getMsg HTTP/1.1" 200 27
124.78.56.241 - - [22/Apr/2024:06:01:42 +0800] "GET /xingrg/all/function/internal_message.html?_=1713736902349&CODE_STATE=getMsg HTTP/1.1" 200 27
120.253.135.82 - - [22/Apr/2024:06:01:42 +0800] "GET /xingrg/check_reg.html?_=1713736747557 HTTP/1.1" 200 22
120.253.135.82 - - [22/Apr/2024:06:01:42 +0800] "GET /xingrg/all/function/internal_message.html?_=1713736747844&CODE_STATE=getMsg HTTP/1.1" 200 27
120.253.135.82 - - [22/Apr/2024:06:01:52 +0800] "POST /xingrg/kc/pszx/mdps_list_operate.html HTTP/1.1" 200 360
120.253.135.82 - - [22/Apr/2024:06:01:56 +0800] "POST /xingrg/kc/pszx/mdps_list_operate.html HTTP/1.1" 200 550
120.253.135.82 - - [22/Apr/2024:06:01:58 +0800] "GET /xingrg/kc/pszx/mdps_order_info.html?code=312024042200357 HTTP/1.1" 200 23978
120.253.135.82 - - [22/Apr/2024:06:01:58 +0800] "GET /xingrg/javascript/easyui/themes/default/validatebox.css HTTP/1.1" 404 1104
120.253.135.82 - - [22/Apr/2024:06:01:59 +0800] "POST /xingrg/kc/pszx/mdps_order_operate.html HTTP/1.1" 200 4306
116.232.195.13 - - [22/Apr/2024:06:02:02 +0800] "GET /xingrg/all/function/internal_message.html?_=1713736914144&CODE_STATE=getMsg HTTP/1.1" 200 27
120.253.135.82 - - [22/Apr/2024:06:02:04 +0800] "POST /xingrg/kc/pszx/mdps_list_operate.html HTTP/1.1" 200 3549
120.253.135.82 - - [22/Apr/2024:06:02:05 +0800] "POST /xingrg/kc/pszx/mdps_list_operate.html HTTP/1.1" 200 432
120.253.135.82 - - [22/Apr/2024:06:02:06 +0800] "GET /xingrg/kc/pszx/mdps_order_info.html?code=312024042200359 HTTP/1.1" 200 23978
120.253.135.82 - - [22/Apr/2024:06:02:06 +0800] "GET /xingrg/javascript/easyui/themes/default/validatebox.css HTTP/1.1" 404 1104
120.253.135.82 - - [22/Apr/2024:06:02:07 +0800] "POST /xingrg/kc/pszx/mdps_order_operate.html HTTP/1.1" 200 3760
120.253.135.82 - - [22/Apr/2024:06:02:14 +0800] "POST /xingrg/kc/pszx/mdps_list_operate.html HTTP/1.1" 200 3549
221.239.169.251 - - [22/Apr/2024:06:02:20 +0800] "GET /xingrg/all/function/internal_message.html?_=1713736938629&CODE_STATE=getMsg HTTP/1.1" 200 27
120.253.135.82 - - [22/Apr/2024:06:02:22 +0800] "GET /xingrg/kc/pszx/mdqp_order_list.html?state=10 HTTP/1.1" 200 15206
120.253.135.82 - - [22/Apr/2024:06:02:22 +0800] "GET /xingrg/dwr/interface/AjaxReportQueryService.js HTTP/1.1" 200 13203
120.253.135.82 - - [22/Apr/2024:06:02:22 +0800] "GET /xingrg/dwr/interface/AjaxQqpsService.js HTTP/1.1" 200 16326
120.253.135.82 - - [22/Apr/2024:06:02:22 +0800] "GET /xingrg/dwr/engine.js HTTP/1.1" 200 43631
120.253.135.82 - - [22/Apr/2024:06:02:27 +0800] "GET /xingrg/kc/pszx/mdqp_order_info.html?code=302024042100304 HTTP/1.1" 200 13350
120.253.135.82 - - [22/Apr/2024:06:02:27 +0800] "GET /xingrg/dwr/interface/AjaxComOrderService.js HTTP/1.1" 200 18264
120.253.135.82 - - [22/Apr/2024:06:02:27 +0800] "GET /xingrg/dwr/interface/AjaxQqpsService.js HTTP/1.1" 200 16326
120.253.135.82 - - [22/Apr/2024:06:02:27 +0800] "GET /xingrg/dwr/engine.js HTTP/1.1" 200 43631
120.253.135.82 - - [22/Apr/2024:06:02:28 +0800] "POST /xingrg/dwr/call/plaincall/AjaxQqpsService.loadMaterielItems.dwr HTTP/1.1" 200 2857
116.232.195.13 - - [22/Apr/2024:06:02:31 +0800] "GET /xingrg/all/function/internal_message.html?_=1713736943280&CODE_STATE=getMsg HTTP/1.1" 200 27
116.224.254.208 - - [22/Apr/2024:06:02:31 +0800] "GET /xingrg/all/function/internal_message.html?_=1713736951576&CODE_STATE=getMsg HTTP/1.1" 200 27
120.253.135.82 - - [22/Apr/2024:06:02:35 +0800] "GET /xingrg/images/yd/bt.gif HTTP/1.1" 404 1040
120.253.135.82 - - [22/Apr/2024:06:02:35 +0800] "GET /xingrg/images/yd/bt2.gif HTTP/1.1" 404 1042
116.232.195.13 - - [22/Apr/2024:06:02:36 +0800] "GET /xingrg/all/function/internal_message.html?_=1713736948253&CODE_STATE=getMsg HTTP/1.1" 200 27
120.253.135.82 - - [22/Apr/2024:06:02:36 +0800] "GET /xingrg/kc/pszx/mdqp_order_list.html?isBack=1 HTTP/1.1" 302 -
120.253.135.82 - - [22/Apr/2024:06:02:36 +0800] "GET /xingrg/kc/pszx/mdqp_order_list.html?state=10 HTTP/1.1" 200 15206
120.253.135.82 - - [22/Apr/2024:06:02:37 +0800] "GET /xingrg/dwr/interface/AjaxQqpsService.js HTTP/1.1" 200 16326
120.253.135.82 - - [22/Apr/2024:06:02:37 +0800] "GET /xingrg/dwr/interface/AjaxReportQueryService.js HTTP/1.1" 200 13203
120.253.135.82 - - [22/Apr/2024:06:02:37 +0800] "GET /xingrg/dwr/engine.js HTTP/1.1" 200 43631
120.253.135.82 - - [22/Apr/2024:06:02:39 +0800] "GET /xingrg/kc/pszx/mdqp_order_info.html?code=302024042100305 HTTP/1.1" 200 13350
120.253.135.82 - - [22/Apr/2024:06:02:39 +0800] "GET /xingrg/dwr/interface/AjaxComOrderService.js HTTP/1.1" 200 18264
120.253.135.82 - - [22/Apr/2024:06:02:39 +0800] "GET /xingrg/dwr/interface/AjaxQqpsService.js HTTP/1.1" 200 16326
120.253.135.82 - - [22/Apr/2024:06:02:39 +0800] "GET /xingrg/dwr/engine.js HTTP/1.1" 200 43631
120.253.135.82 - - [22/Apr/2024:06:02:39 +0800] "POST /xingrg/dwr/call/plaincall/AjaxQqpsService.loadMaterielItems.dwr HTTP/1.1" 200 2066
124.78.56.241 - - [22/Apr/2024:06:02:42 +0800] "GET /xingrg/all/function/internal_message.html?_=1713736962335&CODE_STATE=getMsg HTTP/1.1" 200 27
120.253.135.82 - - [22/Apr/2024:06:02:42 +0800] "GET /xingrg/all/function/internal_message.html?_=1713736807859&CODE_STATE=getMsg HTTP/1.1" 200 27
120.253.135.82 - - [22/Apr/2024:06:02:53 +0800] "GET /xingrg/images/yd/bt.gif HTTP/1.1" 404 1040
120.253.135.82 - - [22/Apr/2024:06:02:54 +0800] "GET /xingrg/images/yd/bt2.gif HTTP/1.1" 404 1042
120.253.135.82 - - [22/Apr/2024:06:02:56 +0800] "GET /xingrg/kc/pszx/mdqp_order_list.html?isBack=1 HTTP/1.1" 302 -
120.253.135.82 - - [22/Apr/2024:06:02:56 +0800] "GET /xingrg/kc/pszx/mdqp_order_list.html?state=10 HTTP/1.1" 200 15206
120.253.135.82 - - [22/Apr/2024:06:02:56 +0800] "GET /xingrg/dwr/interface/AjaxQqpsService.js HTTP/1.1" 200 16326
120.253.135.82 - - [22/Apr/2024:06:02:56 +0800] "GET /xingrg/dwr/interface/AjaxReportQueryService.js HTTP/1.1" 200 13203
120.253.135.82 - - [22/Apr/2024:06:02:56 +0800] "GET /xingrg/dwr/engine.js HTTP/1.1" 200 43631
120.253.135.82 - - [22/Apr/2024:06:02:58 +0800] "GET /xingrg/kc/pszx/mdqp_order_info.html?code=302024042100306 HTTP/1.1" 200 13350
120.253.135.82 - - [22/Apr/2024:06:02:58 +0800] "GET /xingrg/dwr/interface/AjaxQqpsService.js HTTP/1.1" 200 16326
120.253.135.82 - - [22/Apr/2024:06:02:58 +0800] "GET /xingrg/dwr/interface/AjaxComOrderService.js HTTP/1.1" 200 18264
120.253.135.82 - - [22/Apr/2024:06:02:58 +0800] "GET /xingrg/dwr/engine.js HTTP/1.1" 200 43631
120.253.135.82 - - [22/Apr/2024:06:02:59 +0800] "POST /xingrg/dwr/call/plaincall/AjaxQqpsService.loadMaterielItems.dwr HTTP/1.1" 200 1398
222.70.240.29 - - [22/Apr/2024:06:02:59 +0800] "GET /xingrg/check_reg.html?_=1713737005106 HTTP/1.1" 302 -
116.232.195.13 - - [22/Apr/2024:06:03:02 +0800] "GET /xingrg/all/function/internal_message.html?_=1713736974123&CODE_STATE=getMsg HTTP/1.1" 200 27
116.232.195.13 - - [22/Apr/2024:06:03:16 +0800] "GET /xingrg/check_reg.html?_=1713736988479 HTTP/1.1" 200 22
221.239.169.251 - - [22/Apr/2024:06:03:20 +0800] "GET /xingrg/all/function/internal_message.html?_=1713736998622&CODE_STATE=getMsg HTTP/1.1" 200 27
116.232.195.13 - - [22/Apr/2024:06:03:31 +0800] "GET /xingrg/all/function/internal_message.html?_=1713737003259&CODE_STATE=getMsg HTTP/1.1" 200 27
116.224.254.208 - - [22/Apr/2024:06:03:31 +0800] "GET /xingrg/all/function/internal_message.html?_=1713737011576&CODE_STATE=getMsg HTTP/1.1" 200 27
116.232.195.13 - - [22/Apr/2024:06:03:36 +0800] "GET /xingrg/all/function/internal_message.html?_=1713737008251&CODE_STATE=getMsg HTTP/1.1" 200 27
120.253.135.82 - - [22/Apr/2024:06:03:40 +0800] "GET /xingrg/kc/pszx/mdqp_order_list.html?isBack=1 HTTP/1.1" 302 -
120.253.135.82 - - [22/Apr/2024:06:03:40 +0800] "GET /xingrg/images/yd/bt.gif HTTP/1.1" 404 1040
120.253.135.82 - - [22/Apr/2024:06:03:40 +0800] "GET /xingrg/images/yd/bt2.gif HTTP/1.1" 404 1042
120.253.135.82 - - [22/Apr/2024:06:03:40 +0800] "GET /xingrg/kc/pszx/mdqp_order_list.html?state=10 HTTP/1.1" 200 15206
120.253.135.82 - - [22/Apr/2024:06:03:40 +0800] "GET /xingrg/dwr/interface/AjaxQqpsService.js HTTP/1.1" 200 16326
120.253.135.82 - - [22/Apr/2024:06:03:40 +0800] "GET /xingrg/dwr/interface/AjaxReportQueryService.js HTTP/1.1" 200 13203
120.253.135.82 - - [22/Apr/2024:06:03:40 +0800] "GET /xingrg/dwr/engine.js HTTP/1.1" 200 43631
124.78.56.241 - - [22/Apr/2024:06:03:42 +0800] "GET /xingrg/all/function/internal_message.html?_=1713737022313&CODE_STATE=getMsg HTTP/1.1" 200 27
120.253.135.82 - - [22/Apr/2024:06:03:42 +0800] "GET /xingrg/all/function/internal_message.html?_=1713736867872&CODE_STATE=getMsg HTTP/1.1" 200 27
120.253.135.82 - - [22/Apr/2024:06:03:43 +0800] "GET /xingrg/kc/pszx/mdqp_order_info.html?code=302024042100307 HTTP/1.1" 200 13350
120.253.135.82 - - [22/Apr/2024:06:03:43 +0800] "GET /xingrg/dwr/interface/AjaxComOrderService.js HTTP/1.1" 200 18264
120.253.135.82 - - [22/Apr/2024:06:03:43 +0800] "GET /xingrg/dwr/interface/AjaxQqpsService.js HTTP/1.1" 200 16326
120.253.135.82 - - [22/Apr/2024:06:03:43 +0800] "GET /xingrg/dwr/engine.js HTTP/1.1" 200 43631
120.253.135.82 - - [22/Apr/2024:06:03:44 +0800] "POST /xingrg/dwr/call/plaincall/AjaxQqpsService.loadMaterielItems.dwr HTTP/1.1" 200 1114
116.232.195.13 - - [22/Apr/2024:06:04:02 +0800] "GET /xingrg/all/function/internal_message.html?_=1713737034117&CODE_STATE=getMsg HTTP/1.1" 200 27
221.239.169.251 - - [22/Apr/2024:06:04:20 +0800] "GET /xingrg/all/function/internal_message.html?_=1713737058632&CODE_STATE=getMsg HTTP/1.1" 200 27
120.253.135.82 - - [22/Apr/2024:06:04:21 +0800] "GET /xingrg/images/yd/bt.gif HTTP/1.1" 404 1040
120.253.135.82 - - [22/Apr/2024:06:04:21 +0800] "GET /xingrg/images/yd/bt2.gif HTTP/1.1" 404 1042
120.253.135.82 - - [22/Apr/2024:06:04:27 +0800] "GET /xingrg/kc/pszx/mdqp_order_list.html?isBack=1 HTTP/1.1" 302 -
120.253.135.82 - - [22/Apr/2024:06:04:27 +0800] "GET /xingrg/kc/pszx/mdqp_order_list.html?state=10 HTTP/1.1" 200 15206
120.253.135.82 - - [22/Apr/2024:06:04:27 +0800] "GET /xingrg/dwr/interface/AjaxReportQueryService.js HTTP/1.1" 200 13203
120.253.135.82 - - [22/Apr/2024:06:04:27 +0800] "GET /xingrg/dwr/engine.js HTTP/1.1" 200 43631
120.253.135.82 - - [22/Apr/2024:06:04:27 +0800] "GET /xingrg/dwr/interface/AjaxQqpsService.js HTTP/1.1" 200 16326
116.232.195.13 - - [22/Apr/2024:06:04:31 +0800] "GET /xingrg/all/function/internal_message.html?_=1713737063237&CODE_STATE=getMsg HTTP/1.1" 200 27
120.253.135.82 - - [22/Apr/2024:06:04:31 +0800] "GET /xingrg/kc/pszx/mdqp_order_info.html?code=302024042100308 HTTP/1.1" 200 13350
120.253.135.82 - - [22/Apr/2024:06:04:31 +0800] "GET /xingrg/dwr/interface/AjaxComOrderService.js HTTP/1.1" 200 18264
120.253.135.82 - - [22/Apr/2024:06:04:31 +0800] "GET /xingrg/dwr/interface/AjaxQqpsService.js HTTP/1.1" 200 16326
120.253.135.82 - - [22/Apr/2024:06:04:31 +0800] "GET /xingrg/dwr/engine.js HTTP/1.1" 200 43631
116.224.254.208 - - [22/Apr/2024:06:04:31 +0800] "GET /xingrg/all/function/internal_message.html?_=1713737071572&CODE_STATE=getMsg HTTP/1.1" 200 27
120.253.135.82 - - [22/Apr/2024:06:04:32 +0800] "POST /xingrg/dwr/call/plaincall/AjaxQqpsService.loadMaterielItems.dwr HTTP/1.1" 200 601
116.232.195.13 - - [22/Apr/2024:06:04:36 +0800] "GET /xingrg/all/function/internal_message.html?_=1713737068251&CODE_STATE=getMsg HTTP/1.1" 200 27
124.78.56.241 - - [22/Apr/2024:06:04:42 +0800] "GET /xingrg/all/function/internal_message.html?_=1713737082287&CODE_STATE=getMsg HTTP/1.1" 200 27
120.253.135.82 - - [22/Apr/2024:06:04:42 +0800] "GET /xingrg/all/function/internal_message.html?_=1713736927886&CODE_STATE=getMsg HTTP/1.1" 200 27
120.253.135.82 - - [22/Apr/2024:06:04:50 +0800] "GET /xingrg/images/yd/bt.gif HTTP/1.1" 404 1040
120.253.135.82 - - [22/Apr/2024:06:04:50 +0800] "GET /xingrg/images/yd/bt2.gif HTTP/1.1" 404 1042
120.253.135.82 - - [22/Apr/2024:06:04:51 +0800] "GET /xingrg/kc/pszx/mdqp_order_list.html?isBack=1 HTTP/1.1" 302 -
120.253.135.82 - - [22/Apr/2024:06:04:51 +0800] "GET /xingrg/kc/pszx/mdqp_order_list.html?state=10 HTTP/1.1" 200 15206
120.253.135.82 - - [22/Apr/2024:06:04:51 +0800] "GET /xingrg/dwr/interface/AjaxQqpsService.js HTTP/1.1" 200 16326
120.253.135.82 - - [22/Apr/2024:06:04:51 +0800] "GET /xingrg/dwr/interface/AjaxReportQueryService.js HTTP/1.1" 200 13203
120.253.135.82 - - [22/Apr/2024:06:04:51 +0800] "GET /xingrg/dwr/engine.js HTTP/1.1" 200 43631
120.253.135.82 - - [22/Apr/2024:06:04:55 +0800] "GET /xingrg/kc/pszx/jzcl_ps.html HTTP/1.1" 200 7683
120.253.135.82 - - [22/Apr/2024:06:04:55 +0800] "POST /xingrg/all/common/load_tree.html?tree=area_rest_tree_json HTTP/1.1" 200 3624
120.253.135.82 - - [22/Apr/2024:06:04:56 +0800] "POST /xingrg/kc/pszx/jzcl_ps_operate.html HTTP/1.1" 200 5172
120.253.135.82 - - [22/Apr/2024:06:04:56 +0800] "POST /xingrg/kc/pszx/jzcl_ps_operate.html HTTP/1.1" 200 5172
116.232.195.13 - - [22/Apr/2024:06:05:02 +0800] "GET /xingrg/all/function/internal_message.html?_=1713737094089&CODE_STATE=getMsg HTTP/1.1" 200 27
221.239.169.251 - - [22/Apr/2024:06:05:20 +0800] "GET /xingrg/check_reg.html?_=1713737118620 HTTP/1.1" 200 22
221.239.169.251 - - [22/Apr/2024:06:05:20 +0800] "GET /xingrg/all/function/internal_message.html?_=1713737118627&CODE_STATE=getMsg HTTP/1.1" 200 27
120.253.135.82 - - [22/Apr/2024:06:05:23 +0800] "POST /xingrg/kc/pszx/jzcl_ps_operate.html HTTP/1.1" 200 4
116.238.97.31 - - [22/Apr/2024:06:05:23 +0800] "POST /xingrg/services/DataTransmitService HTTP/1.1" 200 524
120.253.135.82 - - [22/Apr/2024:06:05:26 +0800] "GET /xingrg/kc/pszx/mdps_order_list.html HTTP/1.1" 200 21033
120.253.135.82 - - [22/Apr/2024:06:05:26 +0800] "POST /xingrg/kc/pszx/jzcl_ps_operate.html HTTP/1.1" 200 3029
120.253.135.82 - - [22/Apr/2024:06:05:27 +0800] "POST /xingrg/kc/pszx/mdps_list_operate.html HTTP/1.1" 200 5343
116.232.195.13 - - [22/Apr/2024:06:05:31 +0800] "GET /xingrg/all/function/internal_message.html?_=1713737123214&CODE_STATE=getMsg HTTP/1.1" 200 27
116.224.254.208 - - [22/Apr/2024:06:05:31 +0800] "GET /xingrg/all/function/internal_message.html?_=1713737131568&CODE_STATE=getMsg HTTP/1.1" 200 27
116.232.195.13 - - [22/Apr/2024:06:05:36 +0800] "GET /xingrg/check_reg.html?_=1713737128250 HTTP/1.1" 200 22
116.232.195.13 - - [22/Apr/2024:06:05:36 +0800] "GET /xingrg/all/function/internal_message.html?_=1713737128252&CODE_STATE=getMsg HTTP/1.1" 200 27
124.78.56.241 - - [22/Apr/2024:06:05:42 +0800] "GET /xingrg/all/function/internal_message.html?_=1713737142270&CODE_STATE=getMsg HTTP/1.1" 200 27
116.232.195.13 - - [22/Apr/2024:06:05:42 +0800] "GET /xingrg/check_reg.html?_=1713737134431 HTTP/1.1" 200 22
120.253.135.82 - - [22/Apr/2024:06:05:42 +0800] "GET /xingrg/all/function/internal_message.html?_=1713736987899&CODE_STATE=getMsg HTTP/1.1" 200 27
120.253.135.82 - - [22/Apr/2024:06:05:43 +0800] "POST /xingrg/kc/pszx/mdps_list_operate.html HTTP/1.1" 200 3177
120.253.135.82 - - [22/Apr/2024:06:05:44 +0800] "POST /xingrg/kc/pszx/mdps_list_operate.html HTTP/1.1" 200 644
120.253.135.82 - - [22/Apr/2024:06:05:45 +0800] "GET /xingrg/kc/pszx/mdps_order_info.html?code=312024042200362 HTTP/1.1" 200 23978
120.253.135.82 - - [22/Apr/2024:06:05:46 +0800] "GET /xingrg/javascript/easyui/themes/default/validatebox.css HTTP/1.1" 404 1104
120.253.135.82 - - [22/Apr/2024:06:05:46 +0800] "POST /xingrg/kc/pszx/mdps_order_operate.html HTTP/1.1" 200 6339
120.253.135.82 - - [22/Apr/2024:06:05:48 +0800] "POST /xingrg/kc/pszx/mdps_order_operate.html HTTP/1.1" 200 37
120.253.135.82 - - [22/Apr/2024:06:05:49 +0800] "GET /xingrg/kc/pszx/mdps_order_info.html?code=312024042200362 HTTP/1.1" 200 23978
120.253.135.82 - - [22/Apr/2024:06:05:50 +0800] "GET /xingrg/javascript/easyui/themes/default/validatebox.css HTTP/1.1" 404 1104
120.253.135.82 - - [22/Apr/2024:06:05:50 +0800] "POST /xingrg/kc/pszx/mdps_order_operate.html HTTP/1.1" 200 6413
120.253.135.82 - - [22/Apr/2024:06:05:55 +0800] "POST /xingrg/all/common/load_select.html HTTP/1.1" 200 25
120.253.135.82 - - [22/Apr/2024:06:05:57 +0800] "GET /xingrg/kc/pszx/mdps_order_operate.html?command=get_materiel_price&pszx_code=00101&rest_code=00147&base_code=0010246&code=00101019310&unit_code=00100188&order_time=2024-04-23 HTTP/1.1" 200 34
124.78.56.241 - - [22/Apr/2024:06:06:00 +0800] "GET /xingrg/check_reg.html?_=1713737160511 HTTP/1.1" 200 22
116.232.195.13 - - [22/Apr/2024:06:06:02 +0800] "GET /xingrg/all/function/internal_message.html?_=1713737154069&CODE_STATE=getMsg HTTP/1.1" 200 27
120.253.135.82 - - [22/Apr/2024:06:06:19 +0800] "POST /xingrg/all/common/load_select.html HTTP/1.1" 200 25
221.239.169.251 - - [22/Apr/2024:06:06:20 +0800] "GET /xingrg/all/function/internal_message.html?_=1713737178628&CODE_STATE=getMsg HTTP/1.1" 200 27
120.253.135.82 - - [22/Apr/2024:06:06:21 +0800] "GET /xingrg/kc/pszx/mdps_order_operate.html?command=get_materiel_price&pszx_code=00101&rest_code=00147&base_code=0010246&code=00101016046&unit_code=00100138&order_time=2024-04-23 HTTP/1.1" 200 35
124.78.158.161 - - [22/Apr/2024:06:06:21 +0800] "POST /xingrg/services/DataTransmitService HTTP/1.1" 200 524
120.253.135.82 - - [22/Apr/2024:06:06:30 +0800] "POST /xingrg/all/common/load_select.html HTTP/1.1" 200 25
116.232.195.13 - - [22/Apr/2024:06:06:31 +0800] "GET /xingrg/all/function/internal_message.html?_=1713737183200&CODE_STATE=getMsg HTTP/1.1" 200 27
116.224.254.208 - - [22/Apr/2024:06:06:31 +0800] "GET /xingrg/all/function/internal_message.html?_=1713737191580&CODE_STATE=getMsg HTTP/1.1" 200 27
116.224.254.208 - - [22/Apr/2024:06:06:31 +0800] "GET /xingrg/check_reg.html?_=1713737191582 HTTP/1.1" 200 22
120.253.135.82 - - [22/Apr/2024:06:06:32 +0800] "GET /xingrg/kc/pszx/mdps_order_operate.html?command=get_materiel_price&pszx_code=00101&rest_code=00147&base_code=0010246&code=00101019400&unit_code=00100111&order_time=2024-04-23 HTTP/1.1" 200 36
116.232.195.13 - - [22/Apr/2024:06:06:36 +0800] "GET /xingrg/all/function/internal_message.html?_=1713737188251&CODE_STATE=getMsg HTTP/1.1" 200 27
116.232.195.13 - - [22/Apr/2024:06:06:38 +0800] "POST /xingrg/services/DataTransmitService HTTP/1.1" 200 524
120.253.135.82 - - [22/Apr/2024:06:06:40 +0800] "POST /xingrg/kc/pszx/mdps_order_operate.html HTTP/1.1" 200 37
120.253.135.82 - - [22/Apr/2024:06:06:42 +0800] "GET /xingrg/kc/pszx/mdps_order_info.html?code=312024042200362 HTTP/1.1" 200 23978
124.78.56.241 - - [22/Apr/2024:06:06:42 +0800] "GET /xingrg/all/function/internal_message.html?_=1713737202263&CODE_STATE=getMsg HTTP/1.1" 200 27
120.253.135.82 - - [22/Apr/2024:06:06:42 +0800] "GET /xingrg/javascript/easyui/themes/default/validatebox.css HTTP/1.1" 404 1104
120.253.135.82 - - [22/Apr/2024:06:06:42 +0800] "GET /xingrg/check_reg.html?_=1713737047696 HTTP/1.1" 200 22
120.253.135.82 - - [22/Apr/2024:06:06:42 +0800] "GET /xingrg/all/function/internal_message.html?_=1713737047917&CODE_STATE=getMsg HTTP/1.1" 200 27
120.253.135.82 - - [22/Apr/2024:06:06:43 +0800] "POST /xingrg/kc/pszx/mdps_order_operate.html HTTP/1.1" 200 6411
120.253.135.82 - - [22/Apr/2024:06:06:52 +0800] "GET /xingrg/kc/pszx/mdps_order_info.html?code=312024042200362 HTTP/1.1" 200 23978
120.253.135.82 - - [22/Apr/2024:06:06:53 +0800] "GET /xingrg/javascript/easyui/themes/default/validatebox.css HTTP/1.1" 404 1104
120.253.135.82 - - [22/Apr/2024:06:06:53 +0800] "POST /xingrg/kc/pszx/mdps_order_operate.html HTTP/1.1" 200 6411
120.253.135.82 - - [22/Apr/2024:06:06:57 +0800] "POST /xingrg/kc/pszx/mdps_list_operate.html HTTP/1.1" 200 3177
120.253.135.82 - - [22/Apr/2024:06:06:58 +0800] "POST /xingrg/kc/pszx/mdps_list_operate.html HTTP/1.1" 200 602
120.253.135.82 - - [22/Apr/2024:06:06:59 +0800] "GET /xingrg/kc/pszx/mdps_order_info.html?code=312024042200363 HTTP/1.1" 200 23978
120.253.135.82 - - [22/Apr/2024:06:07:00 +0800] "GET /xingrg/javascript/easyui/themes/default/validatebox.css HTTP/1.1" 404 1104
120.253.135.82 - - [22/Apr/2024:06:07:00 +0800] "POST /xingrg/kc/pszx/mdps_order_operate.html HTTP/1.1" 200 5241
120.253.135.82 - - [22/Apr/2024:06:07:01 +0800] "POST /xingrg/all/common/load_combo.html?type=base HTTP/1.1" 200 1169
116.232.195.13 - - [22/Apr/2024:06:07:02 +0800] "GET /xingrg/all/function/internal_message.html?_=1713737214064&CODE_STATE=getMsg HTTP/1.1" 200 27
120.253.135.82 - - [22/Apr/2024:06:07:05 +0800] "POST /xingrg/kc/pszx/mdps_order_operate.html HTTP/1.1" 200 37
120.253.135.82 - - [22/Apr/2024:06:07:07 +0800] "GET /xingrg/kc/pszx/mdps_order_info.html?code=312024042200363 HTTP/1.1" 200 23978
120.253.135.82 - - [22/Apr/2024:06:07:07 +0800] "GET /xingrg/javascript/easyui/themes/default/validatebox.css HTTP/1.1" 404 1104
120.253.135.82 - - [22/Apr/2024:06:07:08 +0800] "POST /xingrg/kc/pszx/mdps_order_operate.html HTTP/1.1" 200 5299
120.253.135.82 - - [22/Apr/2024:06:07:10 +0800] "POST /xingrg/all/common/load_select.html HTTP/1.1" 200 25
120.253.135.82 - - [22/Apr/2024:06:07:12 +0800] "GET /xingrg/kc/pszx/mdps_order_operate.html?command=get_materiel_price&pszx_code=00101&rest_code=00147&base_code=0010250&code=00102002679&unit_code=00100037&order_time=2024-04-23 HTTP/1.1" 200 34
221.239.169.251 - - [22/Apr/2024:06:07:20 +0800] "GET /xingrg/all/function/internal_message.html?_=1713737238627&CODE_STATE=getMsg HTTP/1.1" 200 27
120.253.135.82 - - [22/Apr/2024:06:07:27 +0800] "POST /xingrg/kc/pszx/mdps_order_operate.html HTTP/1.1" 200 37
120.253.135.82 - - [22/Apr/2024:06:07:29 +0800] "GET /xingrg/kc/pszx/mdps_order_info.html?code=312024042200363 HTTP/1.1" 200 23978
120.253.135.82 - - [22/Apr/2024:06:07:29 +0800] "GET /xingrg/javascript/easyui/themes/default/validatebox.css HTTP/1.1" 404 1104
120.253.135.82 - - [22/Apr/2024:06:07:30 +0800] "POST /xingrg/kc/pszx/mdps_order_operate.html HTTP/1.1" 200 5300
116.232.195.13 - - [22/Apr/2024:06:07:31 +0800] "GET /xingrg/all/function/internal_message.html?_=1713737243185&CODE_STATE=getMsg HTTP/1.1" 200 27
116.224.254.208 - - [22/Apr/2024:06:07:31 +0800] "GET /xingrg/all/function/internal_message.html?_=1713737251576&CODE_STATE=getMsg HTTP/1.1" 200 27
116.232.195.13 - - [22/Apr/2024:06:07:36 +0800] "GET /xingrg/all/function/internal_message.html?_=1713737248240&CODE_STATE=getMsg HTTP/1.1" 200 27
124.78.56.241 - - [22/Apr/2024:06:07:42 +0800] "GET /xingrg/all/function/internal_message.html?_=1713737262240&CODE_STATE=getMsg HTTP/1.1" 200 27
120.253.135.82 - - [22/Apr/2024:06:07:42 +0800] "GET /xingrg/all/function/internal_message.html?_=1713737107931&CODE_STATE=getMsg HTTP/1.1" 200 27
222.70.240.29 - - [22/Apr/2024:06:07:59 +0800] "GET /xingrg/check_reg.html?_=1713737305159 HTTP/1.1" 302 -
116.232.195.13 - - [22/Apr/2024:06:08:02 +0800] "GET /xingrg/all/function/internal_message.html?_=1713737274040&CODE_STATE=getMsg HTTP/1.1" 200 27
116.232.195.13 - - [22/Apr/2024:06:08:16 +0800] "GET /xingrg/check_reg.html?_=1713737288469 HTTP/1.1" 200 22
221.239.169.251 - - [22/Apr/2024:06:08:20 +0800] "GET /xingrg/all/function/internal_message.html?_=1713737298632&CODE_STATE=getMsg HTTP/1.1" 200 27
120.253.135.82 - - [22/Apr/2024:06:08:27 +0800] "POST /xingrg/kc/pszx/mdps_order_operate.html HTTP/1.1" 200 37
120.253.135.82 - - [22/Apr/2024:06:08:28 +0800] "GET /xingrg/kc/pszx/mdps_order_info.html?code=312024042200363 HTTP/1.1" 200 23978
120.253.135.82 - - [22/Apr/2024:06:08:29 +0800] "GET /xingrg/javascript/easyui/themes/default/validatebox.css HTTP/1.1" 404 1104
120.253.135.82 - - [22/Apr/2024:06:08:29 +0800] "POST /xingrg/kc/pszx/mdps_order_operate.html HTTP/1.1" 200 5300
120.253.135.82 - - [22/Apr/2024:06:08:30 +0800] "POST /xingrg/kc/pszx/mdps_list_operate.html HTTP/1.1" 200 3177
116.232.195.13 - - [22/Apr/2024:06:08:31 +0800] "GET /xingrg/all/function/internal_message.html?_=1713737303186&CODE_STATE=getMsg HTTP/1.1" 200 27
