61.170.234.72 - - [22/Apr/2024:12:02:05 +0800] "GET /xingrg/all/function/internal_message.html?_=1713758521412&CODE_STATE=getMsg HTTP/1.1" 200 27
180.169.147.146 - - [22/Apr/2024:12:02:08 +0800] "GET /xingrg/javascript/jquery_easy_ui/themes/default/images/tabs_active.png HTTP/1.1" 200 2894
101.80.230.31 - - [22/Apr/2024:12:02:15 +0800] "GET /xingrg/kc/buy/cgsh_order_operate.html?command=get_materiel&rest_code=00156&code=00101009059&supplier_code=00100012&order_time=2024-04-20 HTTP/1.1" 200 410
101.83.144.49 - - [22/Apr/2024:12:02:15 +0800] "GET /xingrg/all/function/internal_message.html?_=1713758537705&CODE_STATE=getMsg HTTP/1.1" 200 27
222.70.183.82 - - [22/Apr/2024:12:02:16 +0800] "GET /xingrg/all/function/internal_message.html?_=1713758536697&CODE_STATE=getMsg HTTP/1.1" 200 27
116.224.254.208 - - [22/Apr/2024:12:02:18 +0800] "GET /xingrg/all/function/internal_message.html?_=1713758538586&CODE_STATE=getMsg HTTP/1.1" 200 27
61.170.234.72 - - [22/Apr/2024:12:02:20 +0800] "GET /xingrg/all/function/internal_message.html?_=1713758541117&CODE_STATE=getMsg HTTP/1.1" 200 27
221.239.169.251 - - [22/Apr/2024:12:02:20 +0800] "GET /xingrg/all/function/internal_message.html?_=1713758538921&CODE_STATE=getMsg HTTP/1.1" 200 27
116.224.254.208 - - [22/Apr/2024:12:02:21 +0800] "GET /xingrg/check_reg.html?_=1713758541189 HTTP/1.1" 200 22
180.169.147.146 - - [22/Apr/2024:12:02:22 +0800] "GET /xingrg/all/function/internal_message.html?_=1713758542392&CODE_STATE=getMsg HTTP/1.1" 200 27
180.169.147.146 - - [22/Apr/2024:12:02:24 +0800] "GET /xingrg/kc/buy/cgsh_order_list.html HTTP/1.1" 200 58482
180.169.147.146 - - [22/Apr/2024:12:02:24 +0800] "GET /xingrg/javascript/easyui/themes/icons/import_new.png HTTP/1.1" 200 1247
101.80.230.31 - - [22/Apr/2024:12:02:25 +0800] "GET /xingrg/kc/buy/cgsh_order_operate.html?command=get_materiel&rest_code=00156&code=00101009062&supplier_code=00100012&order_time=2024-04-20 HTTP/1.1" 200 412
180.169.147.146 - - [22/Apr/2024:12:02:27 +0800] "POST /xingrg/kc/buy/cgsh_list_operate.html HTTP/1.1" 200 645
116.232.195.13 - - [22/Apr/2024:12:02:28 +0800] "GET /xingrg/all/function/internal_message.html?_=1713758539446&CODE_STATE=getMsg HTTP/1.1" 200 27
116.232.195.13 - - [22/Apr/2024:12:02:28 +0800] "GET /xingrg/check_reg.html?_=1713758539451 HTTP/1.1" 200 22
180.164.1.25 - - [22/Apr/2024:12:02:32 +0800] "GET /xingrg/all/function/internal_message.html?_=1713758551550&CODE_STATE=getMsg HTTP/1.1" 200 27
116.224.254.208 - - [22/Apr/2024:12:02:32 +0800] "GET /xingrg/all/function/internal_message.html?_=1713758552121&CODE_STATE=getMsg HTTP/1.1" 200 27
180.169.147.146 - - [22/Apr/2024:12:02:36 +0800] "GET /xingrg/kc/buy/cgth_order_list.html HTTP/1.1" 200 57885
180.169.147.146 - - [22/Apr/2024:12:02:37 +0800] "POST /xingrg/kc/buy/cgth_list_operate.html HTTP/1.1" 200 1035
101.80.230.31 - - [22/Apr/2024:12:02:38 +0800] "GET /xingrg/kc/buy/cgsh_order_operate.html?command=get_materiel&rest_code=00156&code=00101009164&supplier_code=00100012&order_time=2024-04-20 HTTP/1.1" 200 415
124.78.56.241 - - [22/Apr/2024:12:02:39 +0800] "GET /xingrg/all/function/internal_message.html?_=1713758559061&CODE_STATE=getMsg HTTP/1.1" 200 27
180.169.147.146 - - [22/Apr/2024:12:02:39 +0800] "POST /xingrg/kc/buy/cgsh_list_operate.html HTTP/1.1" 200 4805
180.163.29.103 - - [22/Apr/2024:12:02:40 +0800] "GET /xingrg/check_reg.html?_=1713757863260 HTTP/1.1" 302 -
180.163.29.103 - - [22/Apr/2024:12:02:40 +0800] "GET /xingrg/login.html HTTP/1.1" 200 7641
180.169.147.146 - - [22/Apr/2024:12:02:41 +0800] "POST /xingrg/kc/buy/cgth_list_operate.html HTTP/1.1" 200 4331
120.253.135.82 - - [22/Apr/2024:12:02:43 +0800] "GET /xingrg/kc/pszx/mdqp_order_list.html?state=10 HTTP/1.1" 200 11976
120.253.135.82 - - [22/Apr/2024:12:02:43 +0800] "GET /xingrg/dwr/interface/AjaxQqpsService.js HTTP/1.1" 200 16326
120.253.135.82 - - [22/Apr/2024:12:02:43 +0800] "GET /xingrg/dwr/engine.js HTTP/1.1" 200 43631
120.253.135.82 - - [22/Apr/2024:12:02:43 +0800] "GET /xingrg/dwr/interface/AjaxReportQueryService.js HTTP/1.1" 200 13203
180.169.147.146 - - [22/Apr/2024:12:02:44 +0800] "POST /xingrg/kc/buy/cgth_list_operate.html HTTP/1.1" 200 652
120.253.135.82 - - [22/Apr/2024:12:02:46 +0800] "GET /xingrg/kc/pszx/mdqp_order_list.html?state=10 HTTP/1.1" 200 11976
120.253.135.82 - - [22/Apr/2024:12:02:46 +0800] "GET /xingrg/dwr/interface/AjaxReportQueryService.js HTTP/1.1" 200 13203
120.253.135.82 - - [22/Apr/2024:12:02:46 +0800] "GET /xingrg/dwr/interface/AjaxQqpsService.js HTTP/1.1" 200 16326
120.253.135.82 - - [22/Apr/2024:12:02:46 +0800] "GET /xingrg/dwr/engine.js HTTP/1.1" 200 43631
180.169.147.146 - - [22/Apr/2024:12:02:50 +0800] "GET /xingrg/kc/buy/cgth_order_info.html?code=232024041600018 HTTP/1.1" 200 73879
180.169.147.146 - - [22/Apr/2024:12:02:50 +0800] "GET /xingrg/javascript/tools/jquery.qtip-1.0.0-rc3.min.js HTTP/1.1" 200 38404
180.169.147.146 - - [22/Apr/2024:12:02:50 +0800] "GET /xingrg/dwr/interface/AjaxComOrderService.js HTTP/1.1" 200 18264
180.169.147.146 - - [22/Apr/2024:12:02:50 +0800] "GET /xingrg/dwr/interface/AjaxCgthService.js HTTP/1.1" 200 14519
180.169.147.146 - - [22/Apr/2024:12:02:50 +0800] "GET /xingrg/dwr/engine.js HTTP/1.1" 200 43631
180.169.147.146 - - [22/Apr/2024:12:02:50 +0800] "GET /xingrg/javascript/Grid.js HTTP/1.1" 200 58908
180.169.147.146 - - [22/Apr/2024:12:02:50 +0800] "GET /xingrg/javascript/ToolTips.js HTTP/1.1" 200 5615
180.169.147.146 - - [22/Apr/2024:12:02:50 +0800] "GET /xingrg/images/blue/wait.gif HTTP/1.1" 200 1100
180.169.147.146 - - [22/Apr/2024:12:02:50 +0800] "GET /xingrg/javascript/jquery_easy_ui/themes/icons/edit_add_new.png HTTP/1.1" 200 2997
180.169.147.146 - - [22/Apr/2024:12:02:50 +0800] "GET /xingrg/javascript/jquery_easy_ui/themes/icons/uncheck_new.png HTTP/1.1" 200 3197
180.169.147.146 - - [22/Apr/2024:12:02:50 +0800] "GET /xingrg/images/blue/kc_tab_left.gif HTTP/1.1" 200 188
180.169.147.146 - - [22/Apr/2024:12:02:50 +0800] "GET /xingrg/images/blue/kc_tab_mid.gif HTTP/1.1" 200 44
180.169.147.146 - - [22/Apr/2024:12:02:50 +0800] "GET /xingrg/images/blue/kc_tab_right.gif HTTP/1.1" 200 643
180.169.147.146 - - [22/Apr/2024:12:02:51 +0800] "POST /xingrg/all/common/load_tree.html?tree=supplier_tree_json&isDelete=1 HTTP/1.1" 200 79499
120.253.135.82 - - [22/Apr/2024:12:02:51 +0800] "GET /xingrg/kc/pszx/mdqp_order_list.html?state=10 HTTP/1.1" 200 11976
120.253.135.82 - - [22/Apr/2024:12:02:51 +0800] "GET /xingrg/dwr/interface/AjaxReportQueryService.js HTTP/1.1" 200 13203
120.253.135.82 - - [22/Apr/2024:12:02:51 +0800] "GET /xingrg/dwr/interface/AjaxQqpsService.js HTTP/1.1" 200 16326
120.253.135.82 - - [22/Apr/2024:12:02:51 +0800] "GET /xingrg/dwr/engine.js HTTP/1.1" 200 43631
180.163.30.85 - - [22/Apr/2024:12:02:52 +0800] "GET /xingrg/kc/buy/cgsh_order_operate.html?command=get_materiel&rest_code=00106&code=00101009109&supplier_code=00100022&order_time=2024-04-22 HTTP/1.1" 302 -
180.163.30.85 - - [22/Apr/2024:12:02:52 +0800] "GET /xingrg/login.html HTTP/1.1" 200 7641
180.169.147.146 - - [22/Apr/2024:12:02:53 +0800] "POST /xingrg/dwr/call/plaincall/AjaxCgthService.loadMaterielItems.dwr HTTP/1.1" 200 16776
180.169.147.146 - - [22/Apr/2024:12:02:53 +0800] "GET /xingrg/all/function/internal_message.html?_=1713758562687&CODE_STATE=getMsg HTTP/1.1" 200 27
222.69.132.2 - - [22/Apr/2024:12:02:58 +0800] "GET /xingrg/all/function/internal_message.html?_=1713758578458&CODE_STATE=getMsg HTTP/1.1" 200 27
101.80.230.31 - - [22/Apr/2024:12:02:58 +0800] "GET /xingrg/all/function/internal_message.html?_=1713758579252&CODE_STATE=getMsg HTTP/1.1" 200 27
222.70.244.105 - - [22/Apr/2024:12:03:02 +0800] "GET /xingrg/check_reg.html?_=1713758582903 HTTP/1.1" 302 -
61.170.234.72 - - [22/Apr/2024:12:03:05 +0800] "GET /xingrg/all/function/internal_message.html?_=1713758581391&CODE_STATE=getMsg HTTP/1.1" 200 27
222.70.183.82 - - [22/Apr/2024:12:03:08 +0800] "POST /xingrg/kc/buy/cgsh_order_operate.html HTTP/1.1" 200 37
120.253.135.82 - - [22/Apr/2024:12:03:09 +0800] "GET /xingrg/kc/pszx/mdqp_order_list.html?state=10 HTTP/1.1" 200 11976
120.253.135.82 - - [22/Apr/2024:12:03:09 +0800] "GET /xingrg/dwr/interface/AjaxReportQueryService.js HTTP/1.1" 200 13203
120.253.135.82 - - [22/Apr/2024:12:03:09 +0800] "GET /xingrg/dwr/interface/AjaxQqpsService.js HTTP/1.1" 200 16326
120.253.135.82 - - [22/Apr/2024:12:03:09 +0800] "GET /xingrg/dwr/engine.js HTTP/1.1" 200 43631
222.70.183.82 - - [22/Apr/2024:12:03:11 +0800] "POST /xingrg/kc/buy/cgsh_order_operate.html HTTP/1.1" 200 3255
222.70.183.82 - - [22/Apr/2024:12:03:15 +0800] "GET /xingrg/kc/print/load_data.html?order_code=212024042205987&kc_code=cgsh&condition= HTTP/1.1" 200 903
120.253.135.82 - - [22/Apr/2024:12:03:15 +0800] "GET /xingrg/kc/pszx/mdqp_order_list.html?state=10 HTTP/1.1" 200 11976
120.253.135.82 - - [22/Apr/2024:12:03:15 +0800] "GET /xingrg/dwr/interface/AjaxReportQueryService.js HTTP/1.1" 200 13203
120.253.135.82 - - [22/Apr/2024:12:03:15 +0800] "GET /xingrg/dwr/interface/AjaxQqpsService.js HTTP/1.1" 200 16326
120.253.135.82 - - [22/Apr/2024:12:03:15 +0800] "GET /xingrg/dwr/engine.js HTTP/1.1" 200 43631
101.83.144.49 - - [22/Apr/2024:12:03:15 +0800] "GET /xingrg/all/function/internal_message.html?_=1713758597683&CODE_STATE=getMsg HTTP/1.1" 200 27
222.70.183.82 - - [22/Apr/2024:12:03:16 +0800] "GET /xingrg/all/function/internal_message.html?_=1713758596711&CODE_STATE=getMsg HTTP/1.1" 200 27
101.80.230.31 - - [22/Apr/2024:12:03:17 +0800] "GET /xingrg/kc/buy/cgsh_order_operate.html?command=get_materiel&rest_code=00156&code=00101009028&supplier_code=00100012&order_time=2024-04-20 HTTP/1.1" 200 409
116.224.254.208 - - [22/Apr/2024:12:03:18 +0800] "GET /xingrg/all/function/internal_message.html?_=1713758598576&CODE_STATE=getMsg HTTP/1.1" 200 27
222.70.183.82 - - [22/Apr/2024:12:03:19 +0800] "GET /xingrg/kc/buy/cgsh_order_add.html HTTP/1.1" 200 73989
120.253.135.82 - - [22/Apr/2024:12:03:19 +0800] "GET /xingrg/kc/pszx/mdqp_order_list.html?state=10 HTTP/1.1" 200 11976
120.253.135.82 - - [22/Apr/2024:12:03:19 +0800] "GET /xingrg/dwr/interface/AjaxReportQueryService.js HTTP/1.1" 200 13203
120.253.135.82 - - [22/Apr/2024:12:03:19 +0800] "GET /xingrg/dwr/engine.js HTTP/1.1" 200 43631
120.253.135.82 - - [22/Apr/2024:12:03:19 +0800] "GET /xingrg/dwr/interface/AjaxQqpsService.js HTTP/1.1" 200 16326
222.70.183.82 - - [22/Apr/2024:12:03:19 +0800] "POST /xingrg/kc/buy/cgsh_order_operate.html HTTP/1.1" 200 8245
222.70.183.82 - - [22/Apr/2024:12:03:19 +0800] "GET /xingrg/javascript/easyui/themes/default/validatebox.css HTTP/1.1" 404 1104
61.170.234.72 - - [22/Apr/2024:12:03:20 +0800] "GET /xingrg/all/function/internal_message.html?_=1713758601102&CODE_STATE=getMsg HTTP/1.1" 200 27
221.239.169.251 - - [22/Apr/2024:12:03:20 +0800] "GET /xingrg/all/function/internal_message.html?_=1713758598917&CODE_STATE=getMsg HTTP/1.1" 200 27
120.253.135.82 - - [22/Apr/2024:12:03:22 +0800] "GET /xingrg/kc/pszx/mdps_order_list.html?orderType=0 HTTP/1.1" 200 21033
180.169.147.146 - - [22/Apr/2024:12:03:22 +0800] "GET /xingrg/all/function/internal_message.html?_=1713758602405&CODE_STATE=getMsg HTTP/1.1" 200 27
120.253.135.82 - - [22/Apr/2024:12:03:22 +0800] "POST /xingrg/kc/pszx/mdps_list_operate.html HTTP/1.1" 200 5409
120.253.135.82 - - [22/Apr/2024:12:03:25 +0800] "GET /xingrg/kc/pszx/mdqp_order_list.html?state=10 HTTP/1.1" 200 11976
120.253.135.82 - - [22/Apr/2024:12:03:25 +0800] "GET /xingrg/dwr/interface/AjaxReportQueryService.js HTTP/1.1" 200 13203
120.253.135.82 - - [22/Apr/2024:12:03:25 +0800] "GET /xingrg/dwr/interface/AjaxQqpsService.js HTTP/1.1" 200 16326
120.253.135.82 - - [22/Apr/2024:12:03:25 +0800] "GET /xingrg/dwr/engine.js HTTP/1.1" 200 43631
116.232.195.13 - - [22/Apr/2024:12:03:28 +0800] "GET /xingrg/all/function/internal_message.html?_=1713758599437&CODE_STATE=getMsg HTTP/1.1" 200 27
101.80.230.31 - - [22/Apr/2024:12:03:29 +0800] "GET /xingrg/kc/buy/cgsh_order_operate.html?command=get_materiel&rest_code=00156&code=00101009047&supplier_code=00100012&order_time=2024-04-20 HTTP/1.1" 200 409
180.164.1.25 - - [22/Apr/2024:12:03:32 +0800] "GET /xingrg/check_reg.html?_=1713758611545 HTTP/1.1" 200 22
180.164.1.25 - - [22/Apr/2024:12:03:32 +0800] "GET /xingrg/all/function/internal_message.html?_=1713758611548&CODE_STATE=getMsg HTTP/1.1" 200 27
116.224.254.208 - - [22/Apr/2024:12:03:32 +0800] "GET /xingrg/all/function/internal_message.html?_=1713758612132&CODE_STATE=getMsg HTTP/1.1" 200 27
116.224.254.208 - - [22/Apr/2024:12:03:32 +0800] "GET /xingrg/check_reg.html?_=1713758612135 HTTP/1.1" 200 22
180.169.147.146 - - [22/Apr/2024:12:03:33 +0800] "GET /xingrg/kc/base/check_order_list.html HTTP/1.1" 200 16437
180.169.147.146 - - [22/Apr/2024:12:03:33 +0800] "POST /xingrg/kc/base/check_list_operate.html HTTP/1.1" 200 1569
180.169.147.146 - - [22/Apr/2024:12:03:35 +0800] "GET /xingrg/kc/base/check_order_info.html?code=452024041100092 HTTP/1.1" 200 26400
180.169.147.146 - - [22/Apr/2024:12:03:35 +0800] "GET /xingrg/dwr/interface/AjaxComOrderService.js HTTP/1.1" 200 18264
180.169.147.146 - - [22/Apr/2024:12:03:35 +0800] "GET /xingrg/dwr/interface/AjaxCheckService.js HTTP/1.1" 200 14003
180.169.147.146 - - [22/Apr/2024:12:03:35 +0800] "GET /xingrg/dwr/engine.js HTTP/1.1" 200 43631
180.169.147.146 - - [22/Apr/2024:12:03:36 +0800] "POST /xingrg/dwr/call/plaincall/AjaxCheckService.loadOrderItems.dwr HTTP/1.1" 200 11165
124.78.56.241 - - [22/Apr/2024:12:03:39 +0800] "GET /xingrg/all/function/internal_message.html?_=1713758619046&CODE_STATE=getMsg HTTP/1.1" 200 27
180.163.28.55 - - [22/Apr/2024:12:03:45 +0800] "GET /xingrg/all/function/internal_message.html?_=1713758281495&CODE_STATE=getMsg HTTP/1.1" 302 -
180.163.28.55 - - [22/Apr/2024:12:03:46 +0800] "GET /xingrg/login.html HTTP/1.1" 200 7641
101.80.230.31 - - [22/Apr/2024:12:03:46 +0800] "GET /xingrg/kc/buy/cgsh_order_operate.html?command=get_materiel&rest_code=00156&code=00101006130&supplier_code=00100012&order_time=2024-04-20 HTTP/1.1" 200 435
180.163.29.219 - - [22/Apr/2024:12:03:49 +0800] "GET /xingrg/kc/print/load_data.html?order_code=212024042205984&kc_code=cgsh&condition= HTTP/1.1" 302 -
180.163.29.219 - - [22/Apr/2024:12:03:49 +0800] "GET /xingrg/login.html HTTP/1.1" 200 7641
180.169.147.146 - - [22/Apr/2024:12:03:53 +0800] "GET /xingrg/all/function/internal_message.html?_=1713758622671&CODE_STATE=getMsg HTTP/1.1" 200 27
222.69.132.2 - - [22/Apr/2024:12:03:58 +0800] "GET /xingrg/all/function/internal_message.html?_=1713758638463&CODE_STATE=getMsg HTTP/1.1" 200 27
101.80.230.31 - - [22/Apr/2024:12:03:58 +0800] "GET /xingrg/all/function/internal_message.html?_=1713758639253&CODE_STATE=getMsg HTTP/1.1" 200 27
61.170.234.72 - - [22/Apr/2024:12:04:05 +0800] "GET /xingrg/all/function/internal_message.html?_=1713758641362&CODE_STATE=getMsg HTTP/1.1" 200 27
120.253.135.82 - - [22/Apr/2024:12:04:06 +0800] "GET /xingrg/kc/pszx/mdqp_order_list.html?state=10 HTTP/1.1" 200 11976
120.253.135.82 - - [22/Apr/2024:12:04:06 +0800] "GET /xingrg/dwr/interface/AjaxReportQueryService.js HTTP/1.1" 200 13203
120.253.135.82 - - [22/Apr/2024:12:04:06 +0800] "GET /xingrg/dwr/engine.js HTTP/1.1" 200 43631
120.253.135.82 - - [22/Apr/2024:12:04:06 +0800] "GET /xingrg/dwr/interface/AjaxQqpsService.js HTTP/1.1" 200 16326
120.253.135.82 - - [22/Apr/2024:12:04:09 +0800] "GET /xingrg/kc/pszx/mdth_order_list.html HTTP/1.1" 200 18457
120.253.135.82 - - [22/Apr/2024:12:04:09 +0800] "POST /xingrg/kc/pszx/mdth_order_new_list.html HTTP/1.1" 200 4737
120.253.135.82 - - [22/Apr/2024:12:04:13 +0800] "POST /xingrg/kc/pszx/mdth_order_new_list.html HTTP/1.1" 200 213
101.83.144.49 - - [22/Apr/2024:12:04:15 +0800] "GET /xingrg/all/function/internal_message.html?_=1713758657653&CODE_STATE=getMsg HTTP/1.1" 200 27
222.70.183.82 - - [22/Apr/2024:12:04:16 +0800] "GET /xingrg/all/function/internal_message.html?_=1713758656696&CODE_STATE=getMsg HTTP/1.1" 200 27
116.224.254.208 - - [22/Apr/2024:12:04:18 +0800] "GET /xingrg/all/function/internal_message.html?_=1713758658562&CODE_STATE=getMsg HTTP/1.1" 200 27
61.170.234.72 - - [22/Apr/2024:12:04:20 +0800] "GET /xingrg/all/function/internal_message.html?_=1713758661087&CODE_STATE=getMsg HTTP/1.1" 200 27
221.239.169.251 - - [22/Apr/2024:12:04:20 +0800] "GET /xingrg/all/function/internal_message.html?_=1713758658929&CODE_STATE=getMsg HTTP/1.1" 200 27
180.169.147.146 - - [22/Apr/2024:12:04:22 +0800] "GET /xingrg/all/function/internal_message.html?_=1713758662409&CODE_STATE=getMsg HTTP/1.1" 200 27
120.253.135.82 - - [22/Apr/2024:12:04:22 +0800] "GET /xingrg/kc/pszx/mdqp_order_list.html?state=10 HTTP/1.1" 200 11976
120.253.135.82 - - [22/Apr/2024:12:04:22 +0800] "GET /xingrg/dwr/interface/AjaxQqpsService.js HTTP/1.1" 200 16326
120.253.135.82 - - [22/Apr/2024:12:04:22 +0800] "GET /xingrg/dwr/interface/AjaxReportQueryService.js HTTP/1.1" 200 13203
120.253.135.82 - - [22/Apr/2024:12:04:22 +0800] "GET /xingrg/dwr/engine.js HTTP/1.1" 200 43631
101.80.230.31 - - [22/Apr/2024:12:04:23 +0800] "POST /xingrg/kc/buy/cgsh_order_operate.html HTTP/1.1" 200 37
101.80.230.31 - - [22/Apr/2024:12:04:25 +0800] "POST /xingrg/kc/buy/cgsh_order_operate.html HTTP/1.1" 200 5635
120.253.135.82 - - [22/Apr/2024:12:04:26 +0800] "GET /xingrg/kc/pszx/mdps_order_list.html?orderType=0 HTTP/1.1" 200 21033
120.253.135.82 - - [22/Apr/2024:12:04:26 +0800] "POST /xingrg/kc/pszx/mdps_list_operate.html HTTP/1.1" 200 5409
116.232.195.13 - - [22/Apr/2024:12:04:28 +0800] "GET /xingrg/all/function/internal_message.html?_=1713758659446&CODE_STATE=getMsg HTTP/1.1" 200 27
120.253.135.82 - - [22/Apr/2024:12:04:29 +0800] "GET /xingrg/kc/pszx/mdqp_order_list.html?state=10 HTTP/1.1" 200 11976
120.253.135.82 - - [22/Apr/2024:12:04:29 +0800] "GET /xingrg/dwr/interface/AjaxQqpsService.js HTTP/1.1" 200 16326
120.253.135.82 - - [22/Apr/2024:12:04:29 +0800] "GET /xingrg/dwr/interface/AjaxReportQueryService.js HTTP/1.1" 200 13203
120.253.135.82 - - [22/Apr/2024:12:04:29 +0800] "GET /xingrg/dwr/engine.js HTTP/1.1" 200 43631
180.164.1.25 - - [22/Apr/2024:12:04:32 +0800] "GET /xingrg/all/function/internal_message.html?_=1713758671548&CODE_STATE=getMsg HTTP/1.1" 200 27
116.224.254.208 - - [22/Apr/2024:12:04:32 +0800] "GET /xingrg/all/function/internal_message.html?_=1713758672121&CODE_STATE=getMsg HTTP/1.1" 200 27
101.80.230.31 - - [22/Apr/2024:12:04:38 +0800] "GET /xingrg/kc/buy/cgsh_order_operate.html?command=get_materiel&rest_code=00156&code=00101006055&supplier_code=00100012&order_time=2024-04-20 HTTP/1.1" 200 409
124.78.56.241 - - [22/Apr/2024:12:04:39 +0800] "GET /xingrg/all/function/internal_message.html?_=1713758679029&CODE_STATE=getMsg HTTP/1.1" 200 27
180.169.147.146 - - [22/Apr/2024:12:04:48 +0800] "GET /xingrg/check_reg.html?_=1713758677631 HTTP/1.1" 200 22
180.169.147.146 - - [22/Apr/2024:12:04:53 +0800] "GET /xingrg/all/function/internal_message.html?_=1713758682655&CODE_STATE=getMsg HTTP/1.1" 200 27
222.69.132.2 - - [22/Apr/2024:12:04:58 +0800] "GET /xingrg/all/function/internal_message.html?_=1713758698459&CODE_STATE=getMsg HTTP/1.1" 200 27
222.69.132.2 - - [22/Apr/2024:12:04:58 +0800] "GET /xingrg/check_reg.html?_=1713758698461 HTTP/1.1" 200 22
101.80.230.31 - - [22/Apr/2024:12:04:58 +0800] "GET /xingrg/kc/buy/cgsh_order_operate.html?command=get_materiel&rest_code=00156&code=00101007076&supplier_code=00100012&order_time=2024-04-20 HTTP/1.1" 200 408
101.80.230.31 - - [22/Apr/2024:12:04:58 +0800] "GET /xingrg/all/function/internal_message.html?_=1713758699257&CODE_STATE=getMsg HTTP/1.1" 200 27
120.253.135.82 - - [22/Apr/2024:12:05:00 +0800] "GET /xingrg/kc/pszx/mdqp_order_list.html?state=10 HTTP/1.1" 200 11976
120.253.135.82 - - [22/Apr/2024:12:05:00 +0800] "GET /xingrg/dwr/interface/AjaxReportQueryService.js HTTP/1.1" 200 13203
120.253.135.82 - - [22/Apr/2024:12:05:00 +0800] "GET /xingrg/dwr/interface/AjaxQqpsService.js HTTP/1.1" 200 16326
120.253.135.82 - - [22/Apr/2024:12:05:00 +0800] "GET /xingrg/dwr/engine.js HTTP/1.1" 200 43631
61.170.234.72 - - [22/Apr/2024:12:05:05 +0800] "GET /xingrg/all/function/internal_message.html?_=1713758701338&CODE_STATE=getMsg HTTP/1.1" 200 27
120.253.135.82 - - [22/Apr/2024:12:05:08 +0800] "GET /xingrg/kc/pszx/mdqp_order_list.html?state=10 HTTP/1.1" 200 11976
120.253.135.82 - - [22/Apr/2024:12:05:08 +0800] "GET /xingrg/dwr/interface/AjaxQqpsService.js HTTP/1.1" 200 16326
120.253.135.82 - - [22/Apr/2024:12:05:08 +0800] "GET /xingrg/dwr/interface/AjaxReportQueryService.js HTTP/1.1" 200 13203
120.253.135.82 - - [22/Apr/2024:12:05:08 +0800] "GET /xingrg/dwr/engine.js HTTP/1.1" 200 43631
101.83.144.49 - - [22/Apr/2024:12:05:15 +0800] "GET /xingrg/all/function/internal_message.html?_=1713758717631&CODE_STATE=getMsg HTTP/1.1" 200 27
222.70.183.82 - - [22/Apr/2024:12:05:16 +0800] "GET /xingrg/all/function/internal_message.html?_=1713758716698&CODE_STATE=getMsg HTTP/1.1" 200 27
120.253.135.82 - - [22/Apr/2024:12:05:18 +0800] "GET /xingrg/kc/pszx/mdqp_order_list.html?state=10 HTTP/1.1" 200 11976
120.253.135.82 - - [22/Apr/2024:12:05:18 +0800] "GET /xingrg/dwr/interface/AjaxQqpsService.js HTTP/1.1" 200 16326
120.253.135.82 - - [22/Apr/2024:12:05:18 +0800] "GET /xingrg/dwr/engine.js HTTP/1.1" 200 43631
120.253.135.82 - - [22/Apr/2024:12:05:18 +0800] "GET /xingrg/dwr/interface/AjaxReportQueryService.js HTTP/1.1" 200 13203
116.224.254.208 - - [22/Apr/2024:12:05:18 +0800] "GET /xingrg/all/function/internal_message.html?_=1713758718538&CODE_STATE=getMsg HTTP/1.1" 200 27
61.170.234.72 - - [22/Apr/2024:12:05:20 +0800] "GET /xingrg/all/function/internal_message.html?_=1713758721072&CODE_STATE=getMsg HTTP/1.1" 200 27
221.239.169.251 - - [22/Apr/2024:12:05:20 +0800] "GET /xingrg/all/function/internal_message.html?_=1713758718926&CODE_STATE=getMsg HTTP/1.1" 200 27
221.239.169.251 - - [22/Apr/2024:12:05:20 +0800] "GET /xingrg/check_reg.html?_=1713758718925 HTTP/1.1" 200 22
61.170.234.72 - - [22/Apr/2024:12:05:20 +0800] "GET /xingrg/check_reg.html?_=1713758721714 HTTP/1.1" 200 22
180.169.147.146 - - [22/Apr/2024:12:05:22 +0800] "GET /xingrg/check_reg.html?_=1713758722395 HTTP/1.1" 200 22
180.169.147.146 - - [22/Apr/2024:12:05:22 +0800] "GET /xingrg/all/function/internal_message.html?_=1713758722397&CODE_STATE=getMsg HTTP/1.1" 200 27
116.238.97.31 - - [22/Apr/2024:12:05:23 +0800] "POST /xingrg/services/DataTransmitService HTTP/1.1" 200 524
120.253.135.82 - - [22/Apr/2024:12:05:24 +0800] "GET /xingrg/kc/pszx/mdqp_order_list.html?state=10 HTTP/1.1" 200 11976
120.253.135.82 - - [22/Apr/2024:12:05:24 +0800] "GET /xingrg/dwr/interface/AjaxQqpsService.js HTTP/1.1" 200 16326
120.253.135.82 - - [22/Apr/2024:12:05:24 +0800] "GET /xingrg/dwr/interface/AjaxReportQueryService.js HTTP/1.1" 200 13203
120.253.135.82 - - [22/Apr/2024:12:05:24 +0800] "GET /xingrg/dwr/engine.js HTTP/1.1" 200 43631
116.238.97.31 - - [22/Apr/2024:12:05:25 +0800] "POST /xingrg/services/DataTransmitService HTTP/1.1" 200 412
116.232.195.13 - - [22/Apr/2024:12:05:28 +0800] "GET /xingrg/all/function/internal_message.html?_=1713758719444&CODE_STATE=getMsg HTTP/1.1" 200 27
101.80.230.31 - - [22/Apr/2024:12:05:31 +0800] "GET /xingrg/kc/buy/cgsh_order_operate.html?command=get_materiel&rest_code=00156&code=00101001191&supplier_code=00100012&order_time=2024-04-20 HTTP/1.1" 200 413
180.164.1.25 - - [22/Apr/2024:12:05:32 +0800] "GET /xingrg/all/function/internal_message.html?_=1713758731548&CODE_STATE=getMsg HTTP/1.1" 200 27
116.224.254.208 - - [22/Apr/2024:12:05:32 +0800] "GET /xingrg/all/function/internal_message.html?_=1713758732137&CODE_STATE=getMsg HTTP/1.1" 200 27
124.78.56.241 - - [22/Apr/2024:12:05:39 +0800] "GET /xingrg/all/function/internal_message.html?_=1713758739014&CODE_STATE=getMsg HTTP/1.1" 200 27
101.80.230.31 - - [22/Apr/2024:12:05:40 +0800] "GET /xingrg/javascript/auto/indicator.gif HTTP/1.1" 404 1066
180.169.147.146 - - [22/Apr/2024:12:05:53 +0800] "GET /xingrg/all/function/internal_message.html?_=1713758742638&CODE_STATE=getMsg HTTP/1.1" 200 27
101.80.230.31 - - [22/Apr/2024:12:05:54 +0800] "GET /xingrg/kc/buy/cgsh_order_operate.html?command=get_materiel&rest_code=00156&code=00101012032&supplier_code=00100012&order_time=2024-04-20 HTTP/1.1" 200 416
101.80.230.31 - - [22/Apr/2024:12:05:57 +0800] "POST /xingrg/kc/buy/cgsh_order_operate.html HTTP/1.1" 200 2065
222.69.132.2 - - [22/Apr/2024:12:05:58 +0800] "GET /xingrg/all/function/internal_message.html?_=1713758758463&CODE_STATE=getMsg HTTP/1.1" 200 27
101.80.230.31 - - [22/Apr/2024:12:05:58 +0800] "GET /xingrg/all/function/internal_message.html?_=1713758759262&CODE_STATE=getMsg HTTP/1.1" 200 27
124.78.56.241 - - [22/Apr/2024:12:06:00 +0800] "GET /xingrg/check_reg.html?_=1713758760438 HTTP/1.1" 200 22
61.170.234.72 - - [22/Apr/2024:12:06:05 +0800] "GET /xingrg/all/function/internal_message.html?_=1713758761312&CODE_STATE=getMsg HTTP/1.1" 200 27
61.170.234.72 - - [22/Apr/2024:12:06:07 +0800] "GET /xingrg/check_reg.html?_=1713758763267 HTTP/1.1" 200 22
101.80.230.31 - - [22/Apr/2024:12:06:08 +0800] "POST /xingrg/kc/buy/cgsh_order_operate.html HTTP/1.1" 200 37
120.253.135.82 - - [22/Apr/2024:12:06:08 +0800] "GET /xingrg/check_reg.html?_=1713758615909 HTTP/1.1" 200 22
101.80.230.31 - - [22/Apr/2024:12:06:13 +0800] "POST /xingrg/kc/buy/cgsh_order_operate.html HTTP/1.1" 200 8003
101.83.144.49 - - [22/Apr/2024:12:06:15 +0800] "GET /xingrg/all/function/internal_message.html?_=1713758777612&CODE_STATE=getMsg HTTP/1.1" 200 27
101.83.144.49 - - [22/Apr/2024:12:06:16 +0800] "GET /xingrg/check_reg.html?_=1713758778738 HTTP/1.1" 200 22
222.70.183.82 - - [22/Apr/2024:12:06:16 +0800] "GET /xingrg/all/function/internal_message.html?_=1713758776699&CODE_STATE=getMsg HTTP/1.1" 200 27
222.70.183.82 - - [22/Apr/2024:12:06:16 +0800] "GET /xingrg/check_reg.html?_=1713758776702 HTTP/1.1" 200 22
101.80.230.31 - - [22/Apr/2024:12:06:18 +0800] "GET /xingrg/kc/print/load_config.html?kc_code=cgsh HTTP/1.1" 200 1927
116.224.254.208 - - [22/Apr/2024:12:06:18 +0800] "GET /xingrg/all/function/internal_message.html?_=1713758778510&CODE_STATE=getMsg HTTP/1.1" 200 27
101.80.230.31 - - [22/Apr/2024:12:06:19 +0800] "GET /xingrg/kc/print/load_data.html?order_code=212024042205988&kc_code=cgsh&condition= HTTP/1.1" 200 2808
61.170.234.72 - - [22/Apr/2024:12:06:19 +0800] "GET /xingrg/all/function/internal_message.html?_=1713758781042&CODE_STATE=getMsg HTTP/1.1" 200 27
221.239.169.251 - - [22/Apr/2024:12:06:20 +0800] "GET /xingrg/all/function/internal_message.html?_=1713758778919&CODE_STATE=getMsg HTTP/1.1" 200 27
180.169.147.146 - - [22/Apr/2024:12:06:22 +0800] "GET /xingrg/all/function/internal_message.html?_=1713758782422&CODE_STATE=getMsg HTTP/1.1" 200 27
61.170.234.72 - - [22/Apr/2024:12:06:24 +0800] "POST /xingrg/services/DataTransmitService HTTP/1.1" 200 524
61.170.234.72 - - [22/Apr/2024:12:06:24 +0800] "POST /xingrg/services/DataTransmitService HTTP/1.1" 200 501
116.232.195.13 - - [22/Apr/2024:12:06:28 +0800] "GET /xingrg/all/function/internal_message.html?_=1713758779437&CODE_STATE=getMsg HTTP/1.1" 200 27
180.164.1.25 - - [22/Apr/2024:12:06:32 +0800] "GET /xingrg/all/function/internal_message.html?_=1713758791542&CODE_STATE=getMsg HTTP/1.1" 200 27
116.224.254.208 - - [22/Apr/2024:12:06:32 +0800] "GET /xingrg/all/function/internal_message.html?_=1713758792134&CODE_STATE=getMsg HTTP/1.1" 200 27
61.170.234.72 - - [22/Apr/2024:12:06:38 +0800] "GET /xingrg/kc/buy/buy_main.html HTTP/1.1" 200 12412
61.170.234.72 - - [22/Apr/2024:12:06:38 +0800] "GET /xingrg/css/new_ie.css HTTP/1.1" 404 1036
116.232.195.13 - - [22/Apr/2024:12:06:38 +0800] "POST /xingrg/services/DataTransmitService HTTP/1.1" 200 524
124.78.56.241 - - [22/Apr/2024:12:06:38 +0800] "GET /xingrg/all/function/internal_message.html?_=1713758798998&CODE_STATE=getMsg HTTP/1.1" 200 27
61.170.234.72 - - [22/Apr/2024:12:06:39 +0800] "GET /xingrg/images/yd/bt.gif HTTP/1.1" 404 1040
101.80.230.31 - - [22/Apr/2024:12:06:39 +0800] "GET /xingrg/kc/buy/cgsh_order_add.html HTTP/1.1" 200 74113
101.80.230.31 - - [22/Apr/2024:12:06:39 +0800] "POST /xingrg/kc/buy/cgsh_order_operate.html HTTP/1.1" 200 8245
101.80.230.31 - - [22/Apr/2024:12:06:39 +0800] "GET /xingrg/javascript/easyui/themes/default/validatebox.css HTTP/1.1" 404 1104
101.80.230.31 - - [22/Apr/2024:12:06:39 +0800] "GET /xingrg/all/common/auto_word.html?type=employee&rest_code=00156 HTTP/1.1" 200 47
101.80.230.31 - - [22/Apr/2024:12:06:39 +0800] "GET /xingrg/all/common/auto_word.html?type=employee&rest_code=00156 HTTP/1.1" 200 47
61.170.234.72 - - [22/Apr/2024:12:06:40 +0800] "GET /xingrg/kc/buy/cgsh_order_list.html HTTP/1.1" 200 58221
116.232.195.13 - - [22/Apr/2024:12:06:41 +0800] "POST /xingrg/services/DataTransmitService HTTP/1.1" 200 501
101.80.230.31 - - [22/Apr/2024:12:06:41 +0800] "GET /xingrg/javascript/jquery_tools/images/prev.gif HTTP/1.1" 404 1086
101.80.230.31 - - [22/Apr/2024:12:06:41 +0800] "GET /xingrg/javascript/jquery_tools/images/next.gif HTTP/1.1" 404 1086
61.170.234.72 - - [22/Apr/2024:12:06:42 +0800] "POST /xingrg/kc/buy/cgsh_list_operate.html HTTP/1.1" 200 645
120.253.135.82 - - [22/Apr/2024:12:06:46 +0800] "GET /favicon.ico HTTP/1.1" 404 -
180.169.147.146 - - [22/Apr/2024:12:06:53 +0800] "GET /xingrg/all/function/internal_message.html?_=1713758802621&CODE_STATE=getMsg HTTP/1.1" 200 27
101.80.230.31 - - [22/Apr/2024:12:06:54 +0800] "GET /xingrg/javascript/auto/indicator.gif HTTP/1.1" 404 1066
222.69.132.2 - - [22/Apr/2024:12:06:58 +0800] "GET /xingrg/all/function/internal_message.html?_=1713758818458&CODE_STATE=getMsg HTTP/1.1" 200 27
101.80.230.31 - - [22/Apr/2024:12:06:58 +0800] "GET /xingrg/all/function/internal_message.html?_=1713758819262&CODE_STATE=getMsg HTTP/1.1" 200 27
101.80.230.31 - - [22/Apr/2024:12:06:58 +0800] "GET /xingrg/check_reg.html?_=1713758819263 HTTP/1.1" 200 22
116.232.195.13 - - [22/Apr/2024:12:06:58 +0800] "GET /xingrg/kc/buy/cgsh_order_add.html HTTP/1.1" 200 74122
116.232.195.13 - - [22/Apr/2024:12:06:59 +0800] "POST /xingrg/kc/buy/cgsh_order_operate.html HTTP/1.1" 200 8245
116.232.195.13 - - [22/Apr/2024:12:06:59 +0800] "GET /xingrg/javascript/easyui/themes/default/validatebox.css HTTP/1.1" 404 1104
101.80.230.31 - - [22/Apr/2024:12:07:04 +0800] "GET /xingrg/kc/buy/cgsh_order_operate.html?command=get_materiel&rest_code=00156&code=00101008080&supplier_code=00100651&order_time=2024-04-20 HTTP/1.1" 200 416
61.170.234.72 - - [22/Apr/2024:12:07:05 +0800] "GET /xingrg/all/function/internal_message.html?_=1713758821291&CODE_STATE=getMsg HTTP/1.1" 200 27
180.163.30.76 - - [22/Apr/2024:12:07:06 +0800] "GET /xingrg/all/function/internal_message.html?_=1713758641362&CODE_STATE=getMsg HTTP/1.1" 302 -
180.163.30.76 - - [22/Apr/2024:12:07:06 +0800] "GET /xingrg/login.html HTTP/1.1" 200 7641
101.83.144.49 - - [22/Apr/2024:12:07:15 +0800] "GET /xingrg/all/function/internal_message.html?_=1713758837591&CODE_STATE=getMsg HTTP/1.1" 200 27
222.70.183.82 - - [22/Apr/2024:12:07:16 +0800] "GET /xingrg/all/function/internal_message.html?_=1713758836720&CODE_STATE=getMsg HTTP/1.1" 200 27
116.224.254.208 - - [22/Apr/2024:12:07:18 +0800] "GET /xingrg/all/function/internal_message.html?_=1713758838494&CODE_STATE=getMsg HTTP/1.1" 200 27
222.70.183.82 - - [22/Apr/2024:12:07:19 +0800] "GET /xingrg/kc/buy/cgsh_order_operate.html?command=get_materiel&rest_code=00111&code=00101003040&supplier_code=00100093&order_time=2024-04-22 HTTP/1.1" 200 436
116.232.195.13 - - [22/Apr/2024:12:07:19 +0800] "GET /xingrg/kc/buy/cgsh_order_operate.html?command=get_materiel&rest_code=00155&code=00101006284&supplier_code=00100558&order_time=2024-04-22 HTTP/1.1" 200 418
61.170.234.72 - - [22/Apr/2024:12:07:19 +0800] "GET /xingrg/all/function/internal_message.html?_=1713758841041&CODE_STATE=getMsg HTTP/1.1" 200 27
221.239.169.251 - - [22/Apr/2024:12:07:20 +0800] "GET /xingrg/all/function/internal_message.html?_=1713758838925&CODE_STATE=getMsg HTTP/1.1" 200 27
116.224.254.208 - - [22/Apr/2024:12:07:21 +0800] "GET /xingrg/check_reg.html?_=1713758841189 HTTP/1.1" 200 22
180.169.147.146 - - [22/Apr/2024:12:07:22 +0800] "GET /xingrg/all/function/internal_message.html?_=1713758842405&CODE_STATE=getMsg HTTP/1.1" 200 27
116.232.195.13 - - [22/Apr/2024:12:07:28 +0800] "GET /xingrg/all/function/internal_message.html?_=1713758839445&CODE_STATE=getMsg HTTP/1.1" 200 27
116.232.195.13 - - [22/Apr/2024:12:07:28 +0800] "GET /xingrg/check_reg.html?_=1713758839451 HTTP/1.1" 200 22
180.164.1.25 - - [22/Apr/2024:12:07:32 +0800] "GET /xingrg/all/function/internal_message.html?_=1713758851554&CODE_STATE=getMsg HTTP/1.1" 200 27
116.224.254.208 - - [22/Apr/2024:12:07:32 +0800] "GET /xingrg/all/function/internal_message.html?_=1713758852122&CODE_STATE=getMsg HTTP/1.1" 200 27
222.70.183.82 - - [22/Apr/2024:12:07:34 +0800] "POST /xingrg/kc/buy/cgsh_order_operate.html HTTP/1.1" 200 37
116.232.195.13 - - [22/Apr/2024:12:07:37 +0800] "GET /xingrg/kc/buy/cgsh_order_operate.html?command=get_materiel&rest_code=00155&code=00101010562&supplier_code=00100558&order_time=2024-04-22 HTTP/1.1" 200 420
124.78.56.241 - - [22/Apr/2024:12:07:38 +0800] "GET /xingrg/all/function/internal_message.html?_=1713758858979&CODE_STATE=getMsg HTTP/1.1" 200 27
116.232.195.13 - - [22/Apr/2024:12:07:49 +0800] "GET /xingrg/kc/buy/cgsh_order_operate.html?command=get_materiel&rest_code=00155&code=00101006335&supplier_code=00100558&order_time=2024-04-22 HTTP/1.1" 200 414
61.170.234.72 - - [22/Apr/2024:12:07:49 +0800] "POST /xingrg/kc/buy/cgsh_list_operate.html HTTP/1.1" 200 645
61.170.234.72 - - [22/Apr/2024:12:07:50 +0800] "GET /xingrg/kc/buy/buy_main.html HTTP/1.1" 200 12412
61.170.234.72 - - [22/Apr/2024:12:07:50 +0800] "GET /xingrg/css/new_ie.css HTTP/1.1" 404 1036
61.170.234.72 - - [22/Apr/2024:12:07:52 +0800] "GET /xingrg/images/yd/bt.gif HTTP/1.1" 404 1040
61.170.234.72 - - [22/Apr/2024:12:07:53 +0800] "GET /xingrg/kc/buy/cgsh_order_list.html HTTP/1.1" 200 58221
180.169.147.146 - - [22/Apr/2024:12:07:53 +0800] "GET /xingrg/all/function/internal_message.html?_=1713758862604&CODE_STATE=getMsg HTTP/1.1" 200 27
61.170.234.72 - - [22/Apr/2024:12:07:55 +0800] "POST /xingrg/kc/buy/cgsh_list_operate.html HTTP/1.1" 200 645
222.69.132.2 - - [22/Apr/2024:12:07:58 +0800] "GET /xingrg/all/function/internal_message.html?_=1713758878473&CODE_STATE=getMsg HTTP/1.1" 200 27
101.80.230.31 - - [22/Apr/2024:12:07:58 +0800] "GET /xingrg/all/function/internal_message.html?_=1713758879265&CODE_STATE=getMsg HTTP/1.1" 200 27
222.70.244.105 - - [22/Apr/2024:12:08:02 +0800] "GET /xingrg/check_reg.html?_=1713758882965 HTTP/1.1" 302 -
61.170.234.72 - - [22/Apr/2024:12:08:05 +0800] "GET /xingrg/all/function/internal_message.html?_=1713758881262&CODE_STATE=getMsg HTTP/1.1" 200 27
101.83.144.49 - - [22/Apr/2024:12:08:15 +0800] "GET /xingrg/all/function/internal_message.html?_=1713758897567&CODE_STATE=getMsg HTTP/1.1" 200 27
116.224.254.208 - - [22/Apr/2024:12:08:18 +0800] "GET /xingrg/all/function/internal_message.html?_=1713758898487&CODE_STATE=getMsg HTTP/1.1" 200 27
221.239.169.251 - - [22/Apr/2024:12:08:20 +0800] "GET /xingrg/all/function/internal_message.html?_=1713758898922&CODE_STATE=getMsg HTTP/1.1" 200 27
180.169.147.146 - - [22/Apr/2024:12:08:22 +0800] "GET /xingrg/all/function/internal_message.html?_=1713758902404&CODE_STATE=getMsg HTTP/1.1" 200 27
116.232.195.13 - - [22/Apr/2024:12:08:28 +0800] "GET /xingrg/all/function/internal_message.html?_=1713758899445&CODE_STATE=getMsg HTTP/1.1" 200 27
180.164.1.25 - - [22/Apr/2024:12:08:32 +0800] "GET /xingrg/check_reg.html?_=1713758911553 HTTP/1.1" 200 22
180.164.1.25 - - [22/Apr/2024:12:08:32 +0800] "GET /xingrg/all/function/internal_message.html?_=1713758911554&CODE_STATE=getMsg HTTP/1.1" 200 27
116.224.254.208 - - [22/Apr/2024:12:08:32 +0800] "GET /xingrg/all/function/internal_message.html?_=1713758912126&CODE_STATE=getMsg HTTP/1.1" 200 27
116.224.254.208 - - [22/Apr/2024:12:08:32 +0800] "GET /xingrg/check_reg.html?_=1713758912129 HTTP/1.1" 200 22
124.78.56.241 - - [22/Apr/2024:12:08:38 +0800] "GET /xingrg/all/function/internal_message.html?_=1713758918965&CODE_STATE=getMsg HTTP/1.1" 200 27
180.163.29.103 - - [22/Apr/2024:12:08:44 +0800] "GET /xingrg/all/function/internal_message.html?_=1713758401463&CODE_STATE=getMsg HTTP/1.1" 302 -
180.163.29.103 - - [22/Apr/2024:12:08:44 +0800] "GET /xingrg/login.html HTTP/1.1" 200 7641
222.70.183.82 - - [22/Apr/2024:12:08:51 +0800] "POST /xingrg/kc/buy/cgsh_order_operate.html HTTP/1.1" 200 2665
180.169.147.146 - - [22/Apr/2024:12:08:53 +0800] "GET /xingrg/all/function/internal_message.html?_=1713758922588&CODE_STATE=getMsg HTTP/1.1" 200 27
222.69.132.2 - - [22/Apr/2024:12:08:58 +0800] "GET /xingrg/all/function/internal_message.html?_=1713758938473&CODE_STATE=getMsg HTTP/1.1" 200 27
101.80.230.31 - - [22/Apr/2024:12:08:58 +0800] "GET /xingrg/all/function/internal_message.html?_=1713758939435&CODE_STATE=getMsg HTTP/1.1" 200 27
222.70.183.82 - - [22/Apr/2024:12:09:01 +0800] "POST /xingrg/kc/buy/cgsh_order_operate.html HTTP/1.1" 200 37
120.253.135.82 - - [22/Apr/2024:12:09:02 +0800] "GET /xingrg/kc/pszx/mdps_order_list.html?orderType=0 HTTP/1.1" 200 21033
120.253.135.82 - - [22/Apr/2024:12:09:03 +0800] "POST /xingrg/kc/pszx/mdps_list_operate.html HTTP/1.1" 200 5409
222.70.183.82 - - [22/Apr/2024:12:09:03 +0800] "POST /xingrg/kc/buy/cgsh_order_operate.html HTTP/1.1" 200 2665
61.170.234.72 - - [22/Apr/2024:12:09:05 +0800] "GET /xingrg/all/function/internal_message.html?_=1713758941235&CODE_STATE=getMsg HTTP/1.1" 200 27
222.70.183.82 - - [22/Apr/2024:12:09:05 +0800] "GET /xingrg/kc/print/load_data.html?order_code=212024042205989&kc_code=cgsh&condition= HTTP/1.1" 200 735
120.253.135.82 - - [22/Apr/2024:12:09:09 +0800] "POST /xingrg/kc/pszx/mdps_list_operate.html HTTP/1.1" 200 2409
180.163.29.206 - - [22/Apr/2024:12:09:09 +0800] "GET /xingrg/all/function/internal_message.html?_=1713754800993&CODE_STATE=getMsg HTTP/1.1" 302 -
180.163.29.206 - - [22/Apr/2024:12:09:09 +0800] "GET /xingrg/login.html HTTP/1.1" 200 7641
222.70.183.82 - - [22/Apr/2024:12:09:11 +0800] "GET /xingrg/kc/buy/cgsh_order_add.html HTTP/1.1" 200 73989
222.70.183.82 - - [22/Apr/2024:12:09:11 +0800] "POST /xingrg/kc/buy/cgsh_order_operate.html HTTP/1.1" 200 8245
222.70.183.82 - - [22/Apr/2024:12:09:11 +0800] "GET /xingrg/javascript/easyui/themes/default/validatebox.css HTTP/1.1" 404 1104
120.253.135.82 - - [22/Apr/2024:12:09:13 +0800] "POST /xingrg/kc/pszx/mdps_list_operate.html HTTP/1.1" 200 624
120.253.135.82 - - [22/Apr/2024:12:09:14 +0800] "GET /xingrg/kc/pszx/mdps_order_info.html?code=312024042100338 HTTP/1.1" 200 23972
120.253.135.82 - - [22/Apr/2024:12:09:14 +0800] "GET /xingrg/javascript/easyui/themes/default/validatebox.css HTTP/1.1" 404 1104
120.253.135.82 - - [22/Apr/2024:12:09:15 +0800] "POST /xingrg/kc/pszx/mdps_order_operate.html HTTP/1.1" 200 5338
101.83.144.49 - - [22/Apr/2024:12:09:15 +0800] "GET /xingrg/all/function/internal_message.html?_=1713758957547&CODE_STATE=getMsg HTTP/1.1" 200 27
222.70.183.82 - - [22/Apr/2024:12:09:16 +0800] "GET /xingrg/all/function/internal_message.html?_=1713758956739&CODE_STATE=getMsg HTTP/1.1" 200 27
116.224.254.208 - - [22/Apr/2024:12:09:18 +0800] "GET /xingrg/all/function/internal_message.html?_=1713758958470&CODE_STATE=getMsg HTTP/1.1" 200 27
221.239.169.251 - - [22/Apr/2024:12:09:20 +0800] "GET /xingrg/all/function/internal_message.html?_=1713758958930&CODE_STATE=getMsg HTTP/1.1" 200 27
180.169.147.146 - - [22/Apr/2024:12:09:22 +0800] "GET /xingrg/all/function/internal_message.html?_=1713758962392&CODE_STATE=getMsg HTTP/1.1" 200 27
222.70.183.82 - - [22/Apr/2024:12:09:24 +0800] "GET /xingrg/kc/buy/cgsh_order_operate.html?command=get_materiel&rest_code=00111&code=00101004051&supplier_code=00100312&order_time=2024-04-22 HTTP/1.1" 200 429
120.253.135.82 - - [22/Apr/2024:12:09:28 +0800] "POST /xingrg/kc/pszx/mdps_order_operate.html HTTP/1.1" 200 37
116.232.195.13 - - [22/Apr/2024:12:09:28 +0800] "GET /xingrg/all/function/internal_message.html?_=1713758959448&CODE_STATE=getMsg HTTP/1.1" 200 27
180.164.1.25 - - [22/Apr/2024:12:09:32 +0800] "GET /xingrg/all/function/internal_message.html?_=1713758971550&CODE_STATE=getMsg HTTP/1.1" 200 27
116.224.254.208 - - [22/Apr/2024:12:09:32 +0800] "GET /xingrg/all/function/internal_message.html?_=1713758972143&CODE_STATE=getMsg HTTP/1.1" 200 27
120.253.135.82 - - [22/Apr/2024:12:09:32 +0800] "POST /xingrg/kc/pszx/mdps_order_operate.html HTTP/1.1" 200 12
222.70.183.82 - - [22/Apr/2024:12:09:37 +0800] "GET /xingrg/kc/buy/cgsh_order_operate.html?command=get_materiel&rest_code=00111&code=00101004046&supplier_code=00100312&order_time=2024-04-22 HTTP/1.1" 200 417
120.253.135.82 - - [22/Apr/2024:12:09:38 +0800] "GET /xingrg/kc/pszx/mdps_order_info.html?code=312024042100338 HTTP/1.1" 200 19632
124.78.56.241 - - [22/Apr/2024:12:09:38 +0800] "GET /xingrg/all/function/internal_message.html?_=1713758978949&CODE_STATE=getMsg HTTP/1.1" 200 27
120.253.135.82 - - [22/Apr/2024:12:09:39 +0800] "GET /xingrg/javascript/easyui/themes/default/validatebox.css HTTP/1.1" 404 1104
120.253.135.82 - - [22/Apr/2024:12:09:39 +0800] "POST /xingrg/kc/pszx/mdps_order_operate.html HTTP/1.1" 200 3527
120.253.135.82 - - [22/Apr/2024:12:09:44 +0800] "POST /xingrg/kc/pszx/mdps_list_operate.html HTTP/1.1" 200 658
120.253.135.82 - - [22/Apr/2024:12:09:45 +0800] "GET /xingrg/kc/pszx/mdps_order_info.html?code=312024042100339 HTTP/1.1" 200 23972
120.253.135.82 - - [22/Apr/2024:12:09:46 +0800] "GET /xingrg/javascript/easyui/themes/default/validatebox.css HTTP/1.1" 404 1104
120.253.135.82 - - [22/Apr/2024:12:09:46 +0800] "POST /xingrg/kc/pszx/mdps_order_operate.html HTTP/1.1" 200 11466
222.70.183.82 - - [22/Apr/2024:12:09:47 +0800] "GET /xingrg/kc/buy/cgsh_order_operate.html?command=get_materiel&rest_code=00111&code=00101004067&supplier_code=00100312&order_time=2024-04-22 HTTP/1.1" 200 413
180.169.147.146 - - [22/Apr/2024:12:09:48 +0800] "GET /xingrg/check_reg.html?_=1713758977611 HTTP/1.1" 200 22
180.169.147.146 - - [22/Apr/2024:12:09:53 +0800] "GET /xingrg/all/function/internal_message.html?_=1713758982572&CODE_STATE=getMsg HTTP/1.1" 200 27
120.253.135.82 - - [22/Apr/2024:12:09:55 +0800] "POST /xingrg/kc/pszx/mdps_order_operate.html HTTP/1.1" 200 37
222.69.132.2 - - [22/Apr/2024:12:09:58 +0800] "GET /xingrg/check_reg.html?_=1713758998467 HTTP/1.1" 200 22
222.69.132.2 - - [22/Apr/2024:12:09:58 +0800] "GET /xingrg/all/function/internal_message.html?_=1713758998467&CODE_STATE=getMsg HTTP/1.1" 200 27
101.80.230.31 - - [22/Apr/2024:12:09:59 +0800] "GET /xingrg/all/function/internal_message.html?_=1713759000438&CODE_STATE=getMsg HTTP/1.1" 200 27
120.253.135.82 - - [22/Apr/2024:12:10:00 +0800] "POST /xingrg/kc/pszx/mdps_order_operate.html HTTP/1.1" 200 12
61.170.234.72 - - [22/Apr/2024:12:10:05 +0800] "GET /xingrg/all/function/internal_message.html?_=1713759001236&CODE_STATE=getMsg HTTP/1.1" 200 27
180.163.29.219 - - [22/Apr/2024:12:10:05 +0800] "GET /xingrg/all/function/internal_message.html?_=1713758941235&CODE_STATE=getMsg HTTP/1.1" 302 -
180.163.29.219 - - [22/Apr/2024:12:10:05 +0800] "GET /xingrg/login.html HTTP/1.1" 200 7641
180.163.29.79 - - [22/Apr/2024:12:10:05 +0800] "GET /xingrg/all/function/internal_message.html?_=1713754741022&CODE_STATE=getMsg HTTP/1.1" 302 -
180.163.29.79 - - [22/Apr/2024:12:10:05 +0800] "GET /xingrg/login.html HTTP/1.1" 200 7641
222.70.183.82 - - [22/Apr/2024:12:10:06 +0800] "GET /xingrg/kc/buy/cgsh_order_operate.html?command=get_materiel&rest_code=00111&code=00101004030&supplier_code=00100312&order_time=2024-04-22 HTTP/1.1" 200 428
120.253.135.82 - - [22/Apr/2024:12:10:13 +0800] "GET /xingrg/kc/pszx/mdps_order_info.html?code=312024042100339 HTTP/1.1" 200 19632
120.253.135.82 - - [22/Apr/2024:12:10:14 +0800] "GET /xingrg/javascript/easyui/themes/default/validatebox.css HTTP/1.1" 404 1104
120.253.135.82 - - [22/Apr/2024:12:10:14 +0800] "POST /xingrg/kc/pszx/mdps_order_operate.html HTTP/1.1" 200 9614
101.83.144.49 - - [22/Apr/2024:12:10:15 +0800] "GET /xingrg/all/function/internal_message.html?_=1713759017519&CODE_STATE=getMsg HTTP/1.1" 200 27
120.253.135.82 - - [22/Apr/2024:12:10:16 +0800] "POST /xingrg/kc/pszx/mdps_list_operate.html HTTP/1.1" 200 1683
222.70.183.82 - - [22/Apr/2024:12:10:16 +0800] "GET /xingrg/all/function/internal_message.html?_=1713759016716&CODE_STATE=getMsg HTTP/1.1" 200 27
222.70.183.82 - - [22/Apr/2024:12:10:17 +0800] "GET /xingrg/kc/buy/cgsh_order_operate.html?command=get_materiel&rest_code=00111&code=00101004038&supplier_code=00100312&order_time=2024-04-22 HTTP/1.1" 200 430
120.253.135.82 - - [22/Apr/2024:12:10:18 +0800] "POST /xingrg/kc/pszx/mdps_list_operate.html HTTP/1.1" 200 612
116.224.254.208 - - [22/Apr/2024:12:10:18 +0800] "GET /xingrg/all/function/internal_message.html?_=1713759018442&CODE_STATE=getMsg HTTP/1.1" 200 27
120.253.135.82 - - [22/Apr/2024:12:10:19 +0800] "GET /xingrg/kc/pszx/mdps_order_info.html?code=312024042100337 HTTP/1.1" 200 23972
120.253.135.82 - - [22/Apr/2024:12:10:19 +0800] "GET /xingrg/javascript/easyui/themes/default/validatebox.css HTTP/1.1" 404 1104
120.253.135.82 - - [22/Apr/2024:12:10:20 +0800] "POST /xingrg/kc/pszx/mdps_order_operate.html HTTP/1.1" 200 6285
221.239.169.251 - - [22/Apr/2024:12:10:20 +0800] "GET /xingrg/all/function/internal_message.html?_=1713759018956&CODE_STATE=getMsg HTTP/1.1" 200 27
221.239.169.251 - - [22/Apr/2024:12:10:20 +0800] "GET /xingrg/check_reg.html?_=1713759018935 HTTP/1.1" 200 22
180.169.147.146 - - [22/Apr/2024:12:10:22 +0800] "GET /xingrg/all/function/internal_message.html?_=1713759022396&CODE_STATE=getMsg HTTP/1.1" 200 27
180.169.147.146 - - [22/Apr/2024:12:10:22 +0800] "GET /xingrg/check_reg.html?_=1713759022397 HTTP/1.1" 200 22
120.253.135.82 - - [22/Apr/2024:12:10:25 +0800] "POST /xingrg/kc/pszx/mdps_order_operate.html HTTP/1.1" 200 37
116.232.195.13 - - [22/Apr/2024:12:10:28 +0800] "GET /xingrg/all/function/internal_message.html?_=1713759019444&CODE_STATE=getMsg HTTP/1.1" 200 27
120.253.135.82 - - [22/Apr/2024:12:10:29 +0800] "POST /xingrg/kc/pszx/mdps_order_operate.html HTTP/1.1" 200 12
180.164.1.25 - - [22/Apr/2024:12:10:32 +0800] "GET /xingrg/all/function/internal_message.html?_=1713759031544&CODE_STATE=getMsg HTTP/1.1" 200 27
116.224.254.208 - - [22/Apr/2024:12:10:32 +0800] "GET /xingrg/all/function/internal_message.html?_=1713759032140&CODE_STATE=getMsg HTTP/1.1" 200 27
222.70.183.82 - - [22/Apr/2024:12:10:32 +0800] "POST /xingrg/kc/buy/cgsh_order_operate.html HTTP/1.1" 200 37
222.70.183.82 - - [22/Apr/2024:12:10:35 +0800] "POST /xingrg/kc/buy/cgsh_order_operate.html HTTP/1.1" 200 5030
222.70.183.82 - - [22/Apr/2024:12:10:37 +0800] "GET /xingrg/kc/print/load_data.html?order_code=212024042205990&kc_code=cgsh&condition= HTTP/1.1" 200 1580
124.78.56.241 - - [22/Apr/2024:12:10:38 +0800] "GET /xingrg/all/function/internal_message.html?_=1713759038932&CODE_STATE=getMsg HTTP/1.1" 200 27
180.163.30.76 - - [22/Apr/2024:12:10:50 +0800] "GET /xingrg/all/function/internal_message.html?_=1713758461440&CODE_STATE=getMsg HTTP/1.1" 302 -
180.163.30.76 - - [22/Apr/2024:12:10:50 +0800] "GET /xingrg/login.html HTTP/1.1" 200 7641
120.253.135.82 - - [22/Apr/2024:12:10:51 +0800] "GET /xingrg/kc/pszx/mdps_order_info.html?code=312024042100337 HTTP/1.1" 200 19632
120.253.135.82 - - [22/Apr/2024:12:10:52 +0800] "GET /xingrg/javascript/easyui/themes/default/validatebox.css HTTP/1.1" 404 1104
180.163.29.219 - - [22/Apr/2024:12:10:52 +0800] "GET /xingrg/check_reg.html?_=1713758463267 HTTP/1.1" 302 -
180.163.29.219 - - [22/Apr/2024:12:10:52 +0800] "GET /xingrg/login.html HTTP/1.1" 200 7641
120.253.135.82 - - [22/Apr/2024:12:10:52 +0800] "POST /xingrg/kc/pszx/mdps_order_operate.html HTTP/1.1" 200 4473
120.253.135.82 - - [22/Apr/2024:12:10:53 +0800] "POST /xingrg/kc/pszx/mdps_list_operate.html HTTP/1.1" 200 868
180.169.147.146 - - [22/Apr/2024:12:10:53 +0800] "GET /xingrg/all/function/internal_message.html?_=1713759042558&CODE_STATE=getMsg HTTP/1.1" 200 27
116.235.94.6 - - [22/Apr/2024:12:10:54 +0800] "GET /xingrg/login.html HTTP/1.1" 200 7641
116.235.94.6 - - [22/Apr/2024:12:10:55 +0800] "GET /favicon.ico HTTP/1.1" 404 -
222.69.132.2 - - [22/Apr/2024:12:10:58 +0800] "GET /xingrg/all/function/internal_message.html?_=1713759058455&CODE_STATE=getMsg HTTP/1.1" 200 27
124.78.56.241 - - [22/Apr/2024:12:11:00 +0800] "GET /xingrg/check_reg.html?_=1713759060427 HTTP/1.1" 200 22
101.80.230.31 - - [22/Apr/2024:12:11:00 +0800] "GET /xingrg/all/function/internal_message.html?_=1713759061440&CODE_STATE=getMsg HTTP/1.1" 200 27
120.253.135.82 - - [22/Apr/2024:12:11:00 +0800] "POST /xingrg/kc/pszx/mdps_list_operate.html HTTP/1.1" 200 3876
120.253.135.82 - - [22/Apr/2024:12:11:03 +0800] "POST /xingrg/kc/pszx/mdps_list_operate.html HTTP/1.1" 200 663
61.170.234.72 - - [22/Apr/2024:12:11:05 +0800] "GET /xingrg/all/function/internal_message.html?_=1713759061204&CODE_STATE=getMsg HTTP/1.1" 200 27
120.253.135.82 - - [22/Apr/2024:12:11:05 +0800] "POST /xingrg/kc/pszx/mdps_list_operate.html HTTP/1.1" 200 625
61.170.234.72 - - [22/Apr/2024:12:11:07 +0800] "GET /xingrg/check_reg.html?_=1713759063282 HTTP/1.1" 200 22
120.253.135.82 - - [22/Apr/2024:12:11:07 +0800] "POST /xingrg/kc/pszx/mdps_list_operate.html HTTP/1.1" 200 532
120.253.135.82 - - [22/Apr/2024:12:11:08 +0800] "GET /xingrg/check_reg.html?_=1713758915916 HTTP/1.1" 200 22
180.163.28.114 - - [22/Apr/2024:12:11:09 +0800] "GET /xingrg/all/function/internal_message.html?_=1713758881262&CODE_STATE=getMsg HTTP/1.1" 302 -
180.163.28.114 - - [22/Apr/2024:12:11:09 +0800] "GET /xingrg/login.html HTTP/1.1" 200 7641
120.253.135.82 - - [22/Apr/2024:12:11:09 +0800] "GET /xingrg/kc/pszx/mdps_order_info.html?code=312024042100342 HTTP/1.1" 200 23972
120.253.135.82 - - [22/Apr/2024:12:11:10 +0800] "GET /xingrg/javascript/easyui/themes/default/validatebox.css HTTP/1.1" 404 1104
120.253.135.82 - - [22/Apr/2024:12:11:10 +0800] "POST /xingrg/kc/pszx/mdps_order_operate.html HTTP/1.1" 200 4289
101.83.144.49 - - [22/Apr/2024:12:11:15 +0800] "GET /xingrg/all/function/internal_message.html?_=1713759077498&CODE_STATE=getMsg HTTP/1.1" 200 27
101.83.144.49 - - [22/Apr/2024:12:11:16 +0800] "GET /xingrg/check_reg.html?_=1713759078749 HTTP/1.1" 200 22
