222.70.183.82 - - [22/Apr/2024:12:11:16 +0800] "GET /xingrg/check_reg.html?_=1713759076697 HTTP/1.1" 200 22
222.70.183.82 - - [22/Apr/2024:12:11:16 +0800] "GET /xingrg/all/function/internal_message.html?_=1713759076700&CODE_STATE=getMsg HTTP/1.1" 200 27
172.20.0.100 - - [22/Apr/2024:12:11:17 +0800] "GET /favicon.ico HTTP/1.1" 404 -
120.253.135.82 - - [22/Apr/2024:12:11:18 +0800] "POST /xingrg/kc/pszx/mdps_list_operate.html HTTP/1.1" 200 3876
116.224.254.208 - - [22/Apr/2024:12:11:18 +0800] "GET /xingrg/all/function/internal_message.html?_=1713759078427&CODE_STATE=getMsg HTTP/1.1" 200 27
120.253.135.82 - - [22/Apr/2024:12:11:19 +0800] "POST /xingrg/kc/pszx/mdps_list_operate.html HTTP/1.1" 200 361
116.235.94.6 - - [22/Apr/2024:12:11:20 +0800] "POST /xingrg/login.do HTTP/1.1" 302 -
116.235.94.6 - - [22/Apr/2024:12:11:20 +0800] "GET /xingrg/index.html?sysBaseUrl=http%3A%2F%2F180.169.147.146%3A18081%2Fxingrg%2F&costTime=858×tamp=1713759080100 HTTP/1.1" 200 17179
221.239.169.251 - - [22/Apr/2024:12:11:20 +0800] "GET /xingrg/all/function/internal_message.html?_=1713759078925&CODE_STATE=getMsg HTTP/1.1" 200 27
116.235.94.6 - - [22/Apr/2024:12:11:20 +0800] "GET /favicon.ico HTTP/1.1" 404 -
116.235.94.6 - - [22/Apr/2024:12:11:20 +0800] "POST /xingrg/all/common/load_tree.html?tree=area_rest_tree_json&manage=1 HTTP/1.1" 200 351
116.235.94.6 - - [22/Apr/2024:12:11:20 +0800] "GET /xingrg/all/function/internal_message.html?_=1713759114712&CODE_STATE=count HTTP/1.1" 200 11
116.235.94.6 - - [22/Apr/2024:12:11:20 +0800] "GET /xingrg/check_reg.html?_=1713759114713 HTTP/1.1" 200 22
116.235.94.6 - - [22/Apr/2024:12:11:20 +0800] "POST /xingrg/load_menu.html HTTP/1.1" 200 5138
120.253.135.82 - - [22/Apr/2024:12:11:21 +0800] "POST /xingrg/kc/pszx/mdps_list_operate.html HTTP/1.1" 200 605
180.169.147.146 - - [22/Apr/2024:12:11:22 +0800] "GET /xingrg/all/function/internal_message.html?_=1713759082409&CODE_STATE=getMsg HTTP/1.1" 200 27
120.253.135.82 - - [22/Apr/2024:12:11:23 +0800] "GET /xingrg/kc/pszx/mdps_order_info.html?code=312024042100345 HTTP/1.1" 200 23972
120.253.135.82 - - [22/Apr/2024:12:11:24 +0800] "GET /xingrg/javascript/easyui/themes/default/validatebox.css HTTP/1.1" 404 1104
120.253.135.82 - - [22/Apr/2024:12:11:24 +0800] "POST /xingrg/kc/pszx/mdps_order_operate.html HTTP/1.1" 200 5801
116.232.195.13 - - [22/Apr/2024:12:11:26 +0800] "GET /xingrg/kc/buy/cgsh_order_operate.html?command=get_materiel&rest_code=00155&code=00101006282&supplier_code=00100558&order_time=2024-04-22 HTTP/1.1" 200 418
116.232.195.13 - - [22/Apr/2024:12:11:28 +0800] "GET /xingrg/all/function/internal_message.html?_=1713759079440&CODE_STATE=getMsg HTTP/1.1" 200 27
180.164.1.25 - - [22/Apr/2024:12:11:32 +0800] "GET /xingrg/all/function/internal_message.html?_=1713759091554&CODE_STATE=getMsg HTTP/1.1" 200 27
116.224.254.208 - - [22/Apr/2024:12:11:32 +0800] "GET /xingrg/all/function/internal_message.html?_=1713759092132&CODE_STATE=getMsg HTTP/1.1" 200 27
222.70.183.82 - - [22/Apr/2024:12:11:34 +0800] "GET /xingrg/kc/buy/cgsh_order_add.html HTTP/1.1" 200 73989
222.70.183.82 - - [22/Apr/2024:12:11:35 +0800] "POST /xingrg/kc/buy/cgsh_order_operate.html HTTP/1.1" 200 8245
222.70.183.82 - - [22/Apr/2024:12:11:35 +0800] "GET /xingrg/javascript/easyui/themes/default/validatebox.css HTTP/1.1" 404 1104
124.78.56.241 - - [22/Apr/2024:12:11:38 +0800] "GET /xingrg/all/function/internal_message.html?_=1713759098916&CODE_STATE=getMsg HTTP/1.1" 200 27
116.232.195.13 - - [22/Apr/2024:12:11:40 +0800] "GET /xingrg/kc/buy/cgsh_order_operate.html?command=get_materiel&rest_code=00155&code=00101012117&supplier_code=00100558&order_time=2024-04-22 HTTP/1.1" 200 414
120.253.135.82 - - [22/Apr/2024:12:11:40 +0800] "POST /xingrg/kc/pszx/mdps_list_operate.html HTTP/1.1" 200 3876
120.253.135.82 - - [22/Apr/2024:12:11:41 +0800] "POST /xingrg/kc/pszx/mdps_list_operate.html HTTP/1.1" 200 205
120.253.135.82 - - [22/Apr/2024:12:11:43 +0800] "GET /xingrg/kc/pszx/mdps_order_info.html?code=312024042100346 HTTP/1.1" 200 23978
120.253.135.82 - - [22/Apr/2024:12:11:44 +0800] "GET /xingrg/javascript/easyui/themes/default/validatebox.css HTTP/1.1" 404 1104
120.253.135.82 - - [22/Apr/2024:12:11:44 +0800] "POST /xingrg/kc/pszx/mdps_order_operate.html HTTP/1.1" 200 2285
120.253.135.82 - - [22/Apr/2024:12:11:46 +0800] "POST /xingrg/kc/pszx/mdps_list_operate.html HTTP/1.1" 200 3876
222.70.183.82 - - [22/Apr/2024:12:11:51 +0800] "GET /xingrg/kc/buy/cgsh_order_operate.html?command=get_materiel&rest_code=00111&code=00101001008&supplier_code=00100482&order_time=2024-04-22 HTTP/1.1" 200 413
180.169.147.146 - - [22/Apr/2024:12:11:53 +0800] "GET /xingrg/all/function/internal_message.html?_=1713759102527&CODE_STATE=getMsg HTTP/1.1" 200 27
116.232.195.13 - - [22/Apr/2024:12:11:57 +0800] "GET /xingrg/kc/buy/cgsh_order_operate.html?command=get_materiel&rest_code=00155&code=00101006334&supplier_code=00100558&order_time=2024-04-22 HTTP/1.1" 200 414
222.69.132.2 - - [22/Apr/2024:12:11:58 +0800] "GET /xingrg/all/function/internal_message.html?_=1713759118466&CODE_STATE=getMsg HTTP/1.1" 200 27
101.80.230.31 - - [22/Apr/2024:12:12:01 +0800] "GET /xingrg/all/function/internal_message.html?_=1713759122443&CODE_STATE=getMsg HTTP/1.1" 200 27
101.80.230.31 - - [22/Apr/2024:12:12:01 +0800] "GET /xingrg/check_reg.html?_=1713759122444 HTTP/1.1" 200 22
61.170.234.72 - - [22/Apr/2024:12:12:05 +0800] "GET /xingrg/all/function/internal_message.html?_=1713759121187&CODE_STATE=getMsg HTTP/1.1" 200 27
116.232.195.13 - - [22/Apr/2024:12:12:11 +0800] "GET /xingrg/kc/buy/cgsh_order_operate.html?command=get_materiel&rest_code=00155&code=00102026001&supplier_code=00100558&order_time=2024-04-22 HTTP/1.1" 200 409
101.83.144.49 - - [22/Apr/2024:12:12:15 +0800] "GET /xingrg/all/function/internal_message.html?_=1713759137479&CODE_STATE=getMsg HTTP/1.1" 200 27
222.70.183.82 - - [22/Apr/2024:12:12:16 +0800] "POST /xingrg/kc/buy/cgsh_order_operate.html HTTP/1.1" 200 37
222.70.183.82 - - [22/Apr/2024:12:12:18 +0800] "POST /xingrg/kc/buy/cgsh_order_operate.html HTTP/1.1" 200 2662
116.224.254.208 - - [22/Apr/2024:12:12:18 +0800] "GET /xingrg/all/function/internal_message.html?_=1713759138399&CODE_STATE=getMsg HTTP/1.1" 200 27
222.70.183.82 - - [22/Apr/2024:12:12:19 +0800] "GET /xingrg/kc/print/load_data.html?order_code=212024042205991&kc_code=cgsh&condition= HTTP/1.1" 200 676
221.239.169.251 - - [22/Apr/2024:12:12:20 +0800] "GET /xingrg/all/function/internal_message.html?_=1713759138933&CODE_STATE=getMsg HTTP/1.1" 200 27
116.235.94.6 - - [22/Apr/2024:12:12:20 +0800] "GET /xingrg/all/function/internal_message.html?_=1713759174721&CODE_STATE=getMsg HTTP/1.1" 200 27
116.224.254.208 - - [22/Apr/2024:12:12:21 +0800] "GET /xingrg/check_reg.html?_=1713759141192 HTTP/1.1" 200 22
180.169.147.146 - - [22/Apr/2024:12:12:22 +0800] "GET /xingrg/all/function/internal_message.html?_=1713759142407&CODE_STATE=getMsg HTTP/1.1" 200 27
222.70.183.82 - - [22/Apr/2024:12:12:24 +0800] "GET /xingrg/kc/buy/cgsh_order_add.html HTTP/1.1" 200 73989
222.70.183.82 - - [22/Apr/2024:12:12:24 +0800] "POST /xingrg/kc/buy/cgsh_order_operate.html HTTP/1.1" 200 8245
222.70.183.82 - - [22/Apr/2024:12:12:24 +0800] "GET /xingrg/javascript/easyui/themes/default/validatebox.css HTTP/1.1" 404 1104
116.232.195.13 - - [22/Apr/2024:12:12:28 +0800] "GET /xingrg/check_reg.html?_=1713759139445 HTTP/1.1" 200 22
116.232.195.13 - - [22/Apr/2024:12:12:28 +0800] "GET /xingrg/all/function/internal_message.html?_=1713759139443&CODE_STATE=getMsg HTTP/1.1" 200 27
180.169.147.146 - - [22/Apr/2024:12:12:30 +0800] "GET /xingrg/kc/buy/cgsh_order_add.html HTTP/1.1" 200 74081
180.169.147.146 - - [22/Apr/2024:12:12:30 +0800] "POST /xingrg/kc/buy/cgsh_order_operate.html HTTP/1.1" 200 8245
180.169.147.146 - - [22/Apr/2024:12:12:30 +0800] "GET /xingrg/javascript/easyui/themes/default/validatebox.css HTTP/1.1" 404 1104
116.232.195.13 - - [22/Apr/2024:12:12:31 +0800] "GET /xingrg/kc/buy/cgsh_order_operate.html?command=get_materiel&rest_code=00155&code=00101010881&supplier_code=00100558&order_time=2024-04-22 HTTP/1.1" 200 417
180.169.147.146 - - [22/Apr/2024:12:12:31 +0800] "GET /xingrg/javascript/auto/indicator.gif HTTP/1.1" 404 1066
180.164.1.25 - - [22/Apr/2024:12:12:32 +0800] "GET /xingrg/all/function/internal_message.html?_=1713759151545&CODE_STATE=getMsg HTTP/1.1" 200 27
116.224.254.208 - - [22/Apr/2024:12:12:32 +0800] "GET /xingrg/all/function/internal_message.html?_=1713759152134&CODE_STATE=getMsg HTTP/1.1" 200 27
222.70.183.82 - - [22/Apr/2024:12:12:35 +0800] "GET /xingrg/kc/buy/cgsh_order_operate.html?command=get_materiel&rest_code=00111&code=00101005022&supplier_code=00100545&order_time=2024-04-22 HTTP/1.1" 200 437
180.169.147.146 - - [22/Apr/2024:12:12:36 +0800] "GET /xingrg/javascript/jquery_tools/images/prev.gif HTTP/1.1" 404 1086
180.169.147.146 - - [22/Apr/2024:12:12:36 +0800] "GET /xingrg/javascript/jquery_tools/images/next.gif HTTP/1.1" 404 1086
124.78.56.241 - - [22/Apr/2024:12:12:38 +0800] "GET /xingrg/all/function/internal_message.html?_=1713759158900&CODE_STATE=getMsg HTTP/1.1" 200 27
116.232.195.13 - - [22/Apr/2024:12:12:45 +0800] "POST /xingrg/kc/buy/cgsh_order_operate.html HTTP/1.1" 200 37
222.70.183.82 - - [22/Apr/2024:12:12:50 +0800] "POST /xingrg/kc/buy/cgsh_order_operate.html HTTP/1.1" 200 37
180.169.147.146 - - [22/Apr/2024:12:12:50 +0800] "GET /xingrg/kc/buy/cgsh_order_operate.html?command=get_materiel&rest_code=00147&code=00101008215&supplier_code=00100008&order_time=2024-04-21 HTTP/1.1" 200 413
116.232.195.13 - - [22/Apr/2024:12:12:50 +0800] "POST /xingrg/kc/buy/cgsh_order_operate.html HTTP/1.1" 200 6231
180.169.147.146 - - [22/Apr/2024:12:12:53 +0800] "GET /xingrg/all/function/internal_message.html?_=1713759162530&CODE_STATE=getMsg HTTP/1.1" 200 27
116.232.195.13 - - [22/Apr/2024:12:12:55 +0800] "GET /xingrg/kc/print/load_data.html?order_code=212024042205992&kc_code=cgsh&condition= HTTP/1.1" 200 2044
222.69.132.2 - - [22/Apr/2024:12:12:58 +0800] "GET /xingrg/all/function/internal_message.html?_=1713759178455&CODE_STATE=getMsg HTTP/1.1" 200 27
222.70.183.82 - - [22/Apr/2024:12:12:58 +0800] "POST /xingrg/kc/buy/cgsh_order_operate.html HTTP/1.1" 200 2664
180.169.147.146 - - [22/Apr/2024:12:13:00 +0800] "GET /xingrg/kc/buy/cgsh_order_operate.html?command=get_materiel&rest_code=00147&code=00101008201&supplier_code=00100008&order_time=2024-04-21 HTTP/1.1" 200 412
222.70.244.105 - - [22/Apr/2024:12:13:02 +0800] "GET /xingrg/check_reg.html?_=1713759183026 HTTP/1.1" 302 -
101.80.230.31 - - [22/Apr/2024:12:13:02 +0800] "GET /xingrg/all/function/internal_message.html?_=1713759183446&CODE_STATE=getMsg HTTP/1.1" 200 27
222.70.183.82 - - [22/Apr/2024:12:13:03 +0800] "GET /xingrg/kc/print/load_data.html?order_code=212024042205993&kc_code=cgsh&condition= HTTP/1.1" 200 659
61.170.234.72 - - [22/Apr/2024:12:13:05 +0800] "GET /xingrg/all/function/internal_message.html?_=1713759181156&CODE_STATE=getMsg HTTP/1.1" 200 27
180.169.147.146 - - [22/Apr/2024:12:13:05 +0800] "GET /xingrg/kc/buy/cgsh_order_operate.html?command=get_materiel&rest_code=00147&code=00101008196&supplier_code=00100008&order_time=2024-04-21 HTTP/1.1" 200 416
222.70.183.82 - - [22/Apr/2024:12:13:09 +0800] "GET /xingrg/kc/buy/cgsh_order_add.html HTTP/1.1" 200 73989
222.70.183.82 - - [22/Apr/2024:12:13:09 +0800] "POST /xingrg/kc/buy/cgsh_order_operate.html HTTP/1.1" 200 8245
222.70.183.82 - - [22/Apr/2024:12:13:09 +0800] "GET /xingrg/javascript/easyui/themes/default/validatebox.css HTTP/1.1" 404 1104
180.169.147.146 - - [22/Apr/2024:12:13:12 +0800] "GET /xingrg/kc/buy/cgsh_order_operate.html?command=get_materiel&rest_code=00147&code=00101008223&supplier_code=00100008&order_time=2024-04-21 HTTP/1.1" 200 412
101.83.144.49 - - [22/Apr/2024:12:13:15 +0800] "GET /xingrg/all/function/internal_message.html?_=1713759197448&CODE_STATE=getMsg HTTP/1.1" 200 27
222.70.183.82 - - [22/Apr/2024:12:13:17 +0800] "GET /xingrg/all/function/internal_message.html?_=1713759196795&CODE_STATE=getMsg HTTP/1.1" 200 27
116.224.254.208 - - [22/Apr/2024:12:13:18 +0800] "GET /xingrg/all/function/internal_message.html?_=1713759198389&CODE_STATE=getMsg HTTP/1.1" 200 27
221.239.169.251 - - [22/Apr/2024:12:13:20 +0800] "GET /xingrg/all/function/internal_message.html?_=1713759198949&CODE_STATE=getMsg HTTP/1.1" 200 27
116.235.94.6 - - [22/Apr/2024:12:13:20 +0800] "GET /xingrg/all/function/internal_message.html?_=1713759234719&CODE_STATE=getMsg HTTP/1.1" 200 27
180.169.147.146 - - [22/Apr/2024:12:13:21 +0800] "GET /xingrg/kc/buy/cgsh_order_operate.html?command=get_materiel&rest_code=00147&code=00101008740&supplier_code=00100008&order_time=2024-04-21 HTTP/1.1" 200 413
180.169.147.146 - - [22/Apr/2024:12:13:22 +0800] "GET /xingrg/all/function/internal_message.html?_=1713759202413&CODE_STATE=getMsg HTTP/1.1" 200 27
222.70.183.82 - - [22/Apr/2024:12:13:23 +0800] "GET /xingrg/kc/buy/cgsh_order_operate.html?command=get_materiel&rest_code=00111&code=00101020444&supplier_code=00100547&order_time=2024-04-22 HTTP/1.1" 200 410
116.232.195.13 - - [22/Apr/2024:12:13:28 +0800] "GET /xingrg/all/function/internal_message.html?_=1713759199443&CODE_STATE=getMsg HTTP/1.1" 200 27
180.164.1.25 - - [22/Apr/2024:12:13:32 +0800] "GET /xingrg/all/function/internal_message.html?_=1713759211552&CODE_STATE=getMsg HTTP/1.1" 200 27
180.164.1.25 - - [22/Apr/2024:12:13:32 +0800] "GET /xingrg/check_reg.html?_=1713759211556 HTTP/1.1" 200 22
116.224.254.208 - - [22/Apr/2024:12:13:32 +0800] "GET /xingrg/check_reg.html?_=1713759212138 HTTP/1.1" 200 22
116.224.254.208 - - [22/Apr/2024:12:13:32 +0800] "GET /xingrg/all/function/internal_message.html?_=1713759212142&CODE_STATE=getMsg HTTP/1.1" 200 27
180.163.29.217 - - [22/Apr/2024:12:13:36 +0800] "GET /xingrg/check_reg.html?_=1713759063282 HTTP/1.1" 302 -
180.163.29.217 - - [22/Apr/2024:12:13:36 +0800] "GET /xingrg/login.html HTTP/1.1" 200 7641
124.78.56.241 - - [22/Apr/2024:12:13:38 +0800] "GET /xingrg/all/function/internal_message.html?_=1713759218884&CODE_STATE=getMsg HTTP/1.1" 200 27
180.169.147.146 - - [22/Apr/2024:12:13:53 +0800] "GET /xingrg/all/function/internal_message.html?_=1713759222499&CODE_STATE=getMsg HTTP/1.1" 200 27
222.69.132.2 - - [22/Apr/2024:12:13:58 +0800] "GET /xingrg/all/function/internal_message.html?_=1713759238472&CODE_STATE=getMsg HTTP/1.1" 200 27
222.70.183.82 - - [22/Apr/2024:12:14:03 +0800] "POST /xingrg/kc/buy/cgsh_order_operate.html HTTP/1.1" 200 37
101.80.230.31 - - [22/Apr/2024:12:14:03 +0800] "GET /xingrg/all/function/internal_message.html?_=1713759244449&CODE_STATE=getMsg HTTP/1.1" 200 27
61.170.234.72 - - [22/Apr/2024:12:14:04 +0800] "GET /xingrg/all/function/internal_message.html?_=1713759241132&CODE_STATE=getMsg HTTP/1.1" 200 27
120.253.135.82 - - [22/Apr/2024:12:14:05 +0800] "GET /xingrg/kc/pszx/mdqp_order_list.html?state=10 HTTP/1.1" 200 11976
120.253.135.82 - - [22/Apr/2024:12:14:05 +0800] "GET /xingrg/dwr/interface/AjaxQqpsService.js HTTP/1.1" 200 16326
120.253.135.82 - - [22/Apr/2024:12:14:05 +0800] "GET /xingrg/dwr/interface/AjaxReportQueryService.js HTTP/1.1" 200 13203
120.253.135.82 - - [22/Apr/2024:12:14:05 +0800] "GET /xingrg/dwr/engine.js HTTP/1.1" 200 43631
222.70.183.82 - - [22/Apr/2024:12:14:07 +0800] "POST /xingrg/kc/buy/cgsh_order_operate.html HTTP/1.1" 200 2654
120.253.135.82 - - [22/Apr/2024:12:14:08 +0800] "GET /xingrg/kc/pszx/jzcl_ps.html HTTP/1.1" 200 7683
120.253.135.82 - - [22/Apr/2024:12:14:08 +0800] "POST /xingrg/all/common/load_tree.html?tree=area_rest_tree_json HTTP/1.1" 200 3624
120.253.135.82 - - [22/Apr/2024:12:14:09 +0800] "POST /xingrg/kc/pszx/jzcl_ps_operate.html HTTP/1.1" 200 1813
120.253.135.82 - - [22/Apr/2024:12:14:09 +0800] "POST /xingrg/kc/pszx/jzcl_ps_operate.html HTTP/1.1" 200 1813
222.70.183.82 - - [22/Apr/2024:12:14:09 +0800] "GET /xingrg/kc/print/load_data.html?order_code=212024042205994&kc_code=cgsh&condition= HTTP/1.1" 200 646
101.83.144.49 - - [22/Apr/2024:12:14:15 +0800] "GET /xingrg/all/function/internal_message.html?_=1713759257420&CODE_STATE=getMsg HTTP/1.1" 200 27
222.70.183.82 - - [22/Apr/2024:12:14:15 +0800] "GET /xingrg/kc/buy/cgsh_order_add.html HTTP/1.1" 200 73989
222.70.183.82 - - [22/Apr/2024:12:14:15 +0800] "POST /xingrg/kc/buy/cgsh_order_operate.html HTTP/1.1" 200 8245
222.70.183.82 - - [22/Apr/2024:12:14:16 +0800] "GET /xingrg/javascript/easyui/themes/default/validatebox.css HTTP/1.1" 404 1104
222.70.183.82 - - [22/Apr/2024:12:14:16 +0800] "GET /xingrg/all/function/internal_message.html?_=1713759256693&CODE_STATE=getMsg HTTP/1.1" 200 27
116.224.254.208 - - [22/Apr/2024:12:14:18 +0800] "GET /xingrg/all/function/internal_message.html?_=1713759258361&CODE_STATE=getMsg HTTP/1.1" 200 27
221.239.169.251 - - [22/Apr/2024:12:14:20 +0800] "GET /xingrg/all/function/internal_message.html?_=1713759258924&CODE_STATE=getMsg HTTP/1.1" 200 27
180.169.147.146 - - [22/Apr/2024:12:14:20 +0800] "GET /xingrg/kc/buy/cgsh_order_operate.html?command=get_materiel&rest_code=00147&code=00101008558&supplier_code=00100008&order_time=2024-04-21 HTTP/1.1" 200 409
116.235.94.6 - - [22/Apr/2024:12:14:20 +0800] "GET /xingrg/all/function/internal_message.html?_=1713759294726&CODE_STATE=getMsg HTTP/1.1" 200 27
180.169.147.146 - - [22/Apr/2024:12:14:22 +0800] "GET /xingrg/all/function/internal_message.html?_=1713759262396&CODE_STATE=getMsg HTTP/1.1" 200 27
116.232.195.13 - - [22/Apr/2024:12:14:28 +0800] "GET /xingrg/all/function/internal_message.html?_=1713759259441&CODE_STATE=getMsg HTTP/1.1" 200 27
180.169.147.146 - - [22/Apr/2024:12:14:32 +0800] "GET /xingrg/kc/buy/cgsh_order_operate.html?command=get_materiel&rest_code=00147&code=00101008150&supplier_code=00100008&order_time=2024-04-21 HTTP/1.1" 200 409
180.164.1.25 - - [22/Apr/2024:12:14:32 +0800] "GET /xingrg/all/function/internal_message.html?_=1713759271544&CODE_STATE=getMsg HTTP/1.1" 200 27
116.224.254.208 - - [22/Apr/2024:12:14:32 +0800] "GET /xingrg/all/function/internal_message.html?_=1713759272129&CODE_STATE=getMsg HTTP/1.1" 200 27
120.253.135.82 - - [22/Apr/2024:12:14:35 +0800] "POST /xingrg/kc/pszx/jzcl_ps_operate.html HTTP/1.1" 200 4
124.78.56.241 - - [22/Apr/2024:12:14:38 +0800] "GET /xingrg/all/function/internal_message.html?_=1713759278868&CODE_STATE=getMsg HTTP/1.1" 200 27
120.253.135.82 - - [22/Apr/2024:12:14:39 +0800] "GET /xingrg/kc/pszx/mdps_order_list.html HTTP/1.1" 200 21033
120.253.135.82 - - [22/Apr/2024:12:14:39 +0800] "POST /xingrg/kc/pszx/jzcl_ps_operate.html HTTP/1.1" 200 21
120.253.135.82 - - [22/Apr/2024:12:14:39 +0800] "POST /xingrg/kc/pszx/mdps_list_operate.html HTTP/1.1" 200 5410
222.70.183.82 - - [22/Apr/2024:12:14:43 +0800] "GET /xingrg/kc/buy/cgsh_order_operate.html?command=get_materiel&rest_code=00111&code=00101001118&supplier_code=00100665&order_time=2024-04-22 HTTP/1.1" 200 427
180.169.147.146 - - [22/Apr/2024:12:14:43 +0800] "GET /xingrg/kc/buy/cgsh_order_operate.html?command=get_materiel&rest_code=00147&code=00101013179&supplier_code=00100008&order_time=2024-04-21 HTTP/1.1" 200 413
180.163.30.85 - - [22/Apr/2024:12:14:44 +0800] "GET /xingrg/all/function/internal_message.html?_=1713758701338&CODE_STATE=getMsg HTTP/1.1" 302 -
180.163.30.85 - - [22/Apr/2024:12:14:44 +0800] "GET /xingrg/login.html HTTP/1.1" 200 7641
180.169.147.146 - - [22/Apr/2024:12:14:48 +0800] "GET /xingrg/check_reg.html?_=1713759277613 HTTP/1.1" 200 22
180.163.28.109 - - [22/Apr/2024:12:14:51 +0800] "GET /xingrg/all/function/internal_message.html?_=1713758761312&CODE_STATE=getMsg HTTP/1.1" 302 -
180.163.28.109 - - [22/Apr/2024:12:14:51 +0800] "GET /xingrg/login.html HTTP/1.1" 200 7641
222.70.183.82 - - [22/Apr/2024:12:14:51 +0800] "POST /xingrg/kc/buy/cgsh_order_operate.html HTTP/1.1" 200 37
180.169.147.146 - - [22/Apr/2024:12:14:53 +0800] "GET /xingrg/all/function/internal_message.html?_=1713759282474&CODE_STATE=getMsg HTTP/1.1" 200 27
120.253.135.82 - - [22/Apr/2024:12:14:54 +0800] "POST /xingrg/kc/pszx/mdps_list_operate.html HTTP/1.1" 200 3920
120.253.135.82 - - [22/Apr/2024:12:14:56 +0800] "POST /xingrg/kc/pszx/mdps_list_operate.html HTTP/1.1" 200 644
222.69.132.2 - - [22/Apr/2024:12:14:58 +0800] "GET /xingrg/check_reg.html?_=1713759298461 HTTP/1.1" 200 22
222.69.132.2 - - [22/Apr/2024:12:14:58 +0800] "GET /xingrg/all/function/internal_message.html?_=1713759298464&CODE_STATE=getMsg HTTP/1.1" 200 27
120.253.135.82 - - [22/Apr/2024:12:14:59 +0800] "POST /xingrg/kc/pszx/mdps_list_operate.html HTTP/1.1" 200 286
180.169.147.146 - - [22/Apr/2024:12:14:59 +0800] "GET /xingrg/kc/buy/cgsh_order_operate.html?command=get_materiel&rest_code=00147&code=00101009011&supplier_code=00100008&order_time=2024-04-21 HTTP/1.1" 200 416
101.80.230.31 - - [22/Apr/2024:12:15:04 +0800] "GET /xingrg/all/function/internal_message.html?_=1713759305451&CODE_STATE=getMsg HTTP/1.1" 200 27
61.170.234.72 - - [22/Apr/2024:12:15:04 +0800] "GET /xingrg/all/function/internal_message.html?_=1713759301115&CODE_STATE=getMsg HTTP/1.1" 200 27
180.169.147.146 - - [22/Apr/2024:12:15:07 +0800] "GET /xingrg/kc/buy/cgsh_order_operate.html?command=get_materiel&rest_code=00147&code=00101009015&supplier_code=00100008&order_time=2024-04-21 HTTP/1.1" 200 416
222.70.183.82 - - [22/Apr/2024:12:15:09 +0800] "POST /xingrg/kc/buy/cgsh_order_operate.html HTTP/1.1" 200 2674
222.70.183.82 - - [22/Apr/2024:12:15:14 +0800] "GET /xingrg/kc/print/load_data.html?order_code=212024042205995&kc_code=cgsh&condition= HTTP/1.1" 200 678
101.83.144.49 - - [22/Apr/2024:12:15:15 +0800] "GET /xingrg/all/function/internal_message.html?_=1713759317390&CODE_STATE=getMsg HTTP/1.1" 200 27
222.70.183.82 - - [22/Apr/2024:12:15:16 +0800] "GET /xingrg/all/function/internal_message.html?_=1713759316675&CODE_STATE=getMsg HTTP/1.1" 200 27
180.169.147.146 - - [22/Apr/2024:12:15:17 +0800] "GET /xingrg/kc/buy/cgsh_order_operate.html?command=get_materiel&rest_code=00147&code=00101008010&supplier_code=00100008&order_time=2024-04-21 HTTP/1.1" 200 412
116.224.254.208 - - [22/Apr/2024:12:15:18 +0800] "GET /xingrg/all/function/internal_message.html?_=1713759318347&CODE_STATE=getMsg HTTP/1.1" 200 27
222.70.183.82 - - [22/Apr/2024:12:15:19 +0800] "GET /xingrg/kc/buy/cgsh_order_add.html HTTP/1.1" 200 73989
222.70.183.82 - - [22/Apr/2024:12:15:19 +0800] "POST /xingrg/kc/buy/cgsh_order_operate.html HTTP/1.1" 200 8245
222.70.183.82 - - [22/Apr/2024:12:15:19 +0800] "GET /xingrg/javascript/easyui/themes/default/validatebox.css HTTP/1.1" 404 1104
221.239.169.251 - - [22/Apr/2024:12:15:20 +0800] "GET /xingrg/all/function/internal_message.html?_=1713759318931&CODE_STATE=getMsg HTTP/1.1" 200 27
221.239.169.251 - - [22/Apr/2024:12:15:20 +0800] "GET /xingrg/check_reg.html?_=1713759318933 HTTP/1.1" 200 22
116.235.94.6 - - [22/Apr/2024:12:15:20 +0800] "GET /xingrg/all/function/internal_message.html?_=1713759354724&CODE_STATE=getMsg HTTP/1.1" 200 27
180.169.147.146 - - [22/Apr/2024:12:15:22 +0800] "GET /xingrg/all/function/internal_message.html?_=1713759322413&CODE_STATE=getMsg HTTP/1.1" 200 27
180.169.147.146 - - [22/Apr/2024:12:15:22 +0800] "GET /xingrg/check_reg.html?_=1713759322415 HTTP/1.1" 200 22
180.169.147.146 - - [22/Apr/2024:12:15:26 +0800] "GET /xingrg/kc/buy/cgsh_order_operate.html?command=get_materiel&rest_code=00147&code=00101008182&supplier_code=00100008&order_time=2024-04-21 HTTP/1.1" 200 412
116.232.195.13 - - [22/Apr/2024:12:15:28 +0800] "GET /xingrg/all/function/internal_message.html?_=1713759319438&CODE_STATE=getMsg HTTP/1.1" 200 27
180.164.1.25 - - [22/Apr/2024:12:15:32 +0800] "GET /xingrg/all/function/internal_message.html?_=1713759331549&CODE_STATE=getMsg HTTP/1.1" 200 27
116.224.254.208 - - [22/Apr/2024:12:15:32 +0800] "GET /xingrg/all/function/internal_message.html?_=1713759332133&CODE_STATE=getMsg HTTP/1.1" 200 27
124.78.56.241 - - [22/Apr/2024:12:15:38 +0800] "GET /xingrg/all/function/internal_message.html?_=1713759338848&CODE_STATE=getMsg HTTP/1.1" 200 27
180.169.147.146 - - [22/Apr/2024:12:15:47 +0800] "GET /xingrg/kc/buy/cgsh_order_operate.html?command=get_materiel&rest_code=00147&code=00101008674&supplier_code=00100008&order_time=2024-04-21 HTTP/1.1" 200 412
101.80.230.31 - - [22/Apr/2024:12:15:47 +0800] "POST /xingrg/services/DataTransmitService HTTP/1.1" 200 524
101.80.230.31 - - [22/Apr/2024:12:15:47 +0800] "POST /xingrg/services/DataTransmitService HTTP/1.1" 200 501
222.70.183.82 - - [22/Apr/2024:12:15:47 +0800] "GET /xingrg/kc/buy/cgsh_order_operate.html?command=get_materiel&rest_code=00111&code=00101001037&supplier_code=00100668&order_time=2024-04-22 HTTP/1.1" 200 418
180.169.147.146 - - [22/Apr/2024:12:15:53 +0800] "GET /xingrg/all/function/internal_message.html?_=1713759342447&CODE_STATE=getMsg HTTP/1.1" 200 27
180.169.147.146 - - [22/Apr/2024:12:15:56 +0800] "GET /xingrg/kc/buy/cgsh_order_operate.html?command=get_materiel&rest_code=00147&code=00101008358&supplier_code=00100008&order_time=2024-04-21 HTTP/1.1" 200 412
222.69.132.2 - - [22/Apr/2024:12:15:58 +0800] "GET /xingrg/all/function/internal_message.html?_=1713759358458&CODE_STATE=getMsg HTTP/1.1" 200 27
124.78.56.241 - - [22/Apr/2024:12:16:00 +0800] "GET /xingrg/check_reg.html?_=1713759360414 HTTP/1.1" 200 22
180.163.28.114 - - [22/Apr/2024:12:16:04 +0800] "GET /xingrg/all/function/internal_message.html?_=1713759301115&CODE_STATE=getMsg HTTP/1.1" 302 -
180.163.28.114 - - [22/Apr/2024:12:16:04 +0800] "GET /xingrg/login.html HTTP/1.1" 200 7641
61.170.234.72 - - [22/Apr/2024:12:16:04 +0800] "GET /xingrg/all/function/internal_message.html?_=1713759361087&CODE_STATE=getMsg HTTP/1.1" 200 27
101.80.230.31 - - [22/Apr/2024:12:16:05 +0800] "GET /xingrg/all/function/internal_message.html?_=1713759366454&CODE_STATE=getMsg HTTP/1.1" 200 27
61.170.234.72 - - [22/Apr/2024:12:16:07 +0800] "GET /xingrg/check_reg.html?_=1713759363278 HTTP/1.1" 200 22
180.169.147.146 - - [22/Apr/2024:12:16:08 +0800] "GET /xingrg/kc/buy/cgsh_order_operate.html?command=get_materiel&rest_code=00147&code=00101008038&supplier_code=00100008&order_time=2024-04-21 HTTP/1.1" 200 412
120.253.135.82 - - [22/Apr/2024:12:16:08 +0800] "GET /xingrg/check_reg.html?_=1713759215923 HTTP/1.1" 200 22
222.70.183.82 - - [22/Apr/2024:12:16:15 +0800] "POST /xingrg/kc/buy/cgsh_order_operate.html HTTP/1.1" 200 37
101.83.144.49 - - [22/Apr/2024:12:16:15 +0800] "GET /xingrg/all/function/internal_message.html?_=1713759377359&CODE_STATE=getMsg HTTP/1.1" 200 27
116.232.195.13 - - [22/Apr/2024:12:16:15 +0800] "POST /xingrg/kc/buy/cgsh_list_operate.html HTTP/1.1" 200 4242
101.83.144.49 - - [22/Apr/2024:12:16:16 +0800] "GET /xingrg/check_reg.html?_=1713759378734 HTTP/1.1" 200 22
116.224.254.208 - - [22/Apr/2024:12:16:18 +0800] "GET /xingrg/all/function/internal_message.html?_=1713759378324&CODE_STATE=getMsg HTTP/1.1" 200 27
180.169.147.146 - - [22/Apr/2024:12:16:19 +0800] "GET /xingrg/kc/buy/cgsh_order_operate.html?command=get_materiel&rest_code=00147&code=00101008298&supplier_code=00100008&order_time=2024-04-21 HTTP/1.1" 200 412
221.239.169.251 - - [22/Apr/2024:12:16:20 +0800] "GET /xingrg/all/function/internal_message.html?_=1713759378932&CODE_STATE=getMsg HTTP/1.1" 200 27
116.235.94.6 - - [22/Apr/2024:12:16:20 +0800] "GET /xingrg/check_reg.html?_=1713759414724 HTTP/1.1" 200 22
116.235.94.6 - - [22/Apr/2024:12:16:20 +0800] "GET /xingrg/all/function/internal_message.html?_=1713759414725&CODE_STATE=getMsg HTTP/1.1" 200 27
180.169.147.146 - - [22/Apr/2024:12:16:22 +0800] "GET /xingrg/all/function/internal_message.html?_=1713759382414&CODE_STATE=getMsg HTTP/1.1" 200 27
116.232.195.13 - - [22/Apr/2024:12:16:28 +0800] "GET /xingrg/all/function/internal_message.html?_=1713759379441&CODE_STATE=getMsg HTTP/1.1" 200 27
180.169.147.146 - - [22/Apr/2024:12:16:31 +0800] "GET /xingrg/kc/buy/cgsh_order_operate.html?command=get_materiel&rest_code=00147&code=00101008765&supplier_code=00100008&order_time=2024-04-21 HTTP/1.1" 200 416
180.164.1.25 - - [22/Apr/2024:12:16:32 +0800] "GET /xingrg/all/function/internal_message.html?_=1713759391550&CODE_STATE=getMsg HTTP/1.1" 200 27
116.224.254.208 - - [22/Apr/2024:12:16:32 +0800] "GET /xingrg/all/function/internal_message.html?_=1713759392132&CODE_STATE=getMsg HTTP/1.1" 200 27
180.163.29.217 - - [22/Apr/2024:12:16:33 +0800] "GET /xingrg/all/function/internal_message.html?_=1713754980926&CODE_STATE=getMsg HTTP/1.1" 302 -
180.163.29.217 - - [22/Apr/2024:12:16:33 +0800] "GET /xingrg/login.html HTTP/1.1" 200 7641
180.163.29.103 - - [22/Apr/2024:12:16:36 +0800] "GET /xingrg/all/function/internal_message.html?_=1713759241132&CODE_STATE=getMsg HTTP/1.1" 302 -
180.163.29.103 - - [22/Apr/2024:12:16:37 +0800] "GET /xingrg/login.html HTTP/1.1" 200 7641
124.78.56.241 - - [22/Apr/2024:12:16:38 +0800] "GET /xingrg/all/function/internal_message.html?_=1713759398835&CODE_STATE=getMsg HTTP/1.1" 200 27
180.169.147.146 - - [22/Apr/2024:12:16:42 +0800] "GET /xingrg/kc/buy/cgsh_order_operate.html?command=get_materiel&rest_code=00147&code=00101008069&supplier_code=00100008&order_time=2024-04-21 HTTP/1.1" 200 412
180.169.147.146 - - [22/Apr/2024:12:16:52 +0800] "GET /xingrg/kc/buy/cgsh_order_operate.html?command=get_materiel&rest_code=00147&code=00101008368&supplier_code=00100008&order_time=2024-04-21 HTTP/1.1" 200 408
180.169.147.146 - - [22/Apr/2024:12:16:53 +0800] "GET /xingrg/all/function/internal_message.html?_=1713759402420&CODE_STATE=getMsg HTTP/1.1" 200 27
222.69.132.2 - - [22/Apr/2024:12:16:58 +0800] "GET /xingrg/all/function/internal_message.html?_=1713759418476&CODE_STATE=getMsg HTTP/1.1" 200 27
180.169.147.146 - - [22/Apr/2024:12:16:59 +0800] "POST /xingrg/kc/buy/cgsh_order_operate.html HTTP/1.1" 200 2065
101.80.230.31 - - [22/Apr/2024:12:17:02 +0800] "GET /xingrg/all/function/internal_message.html?_=1713759422842&CODE_STATE=getMsg HTTP/1.1" 200 27
101.80.230.31 - - [22/Apr/2024:12:17:02 +0800] "GET /xingrg/check_reg.html?_=1713759422849 HTTP/1.1" 200 22
116.232.195.13 - - [22/Apr/2024:12:17:03 +0800] "POST /xingrg/kc/buy/cgsh_list_operate.html HTTP/1.1" 200 7142
61.170.234.72 - - [22/Apr/2024:12:17:04 +0800] "GET /xingrg/all/function/internal_message.html?_=1713759421067&CODE_STATE=getMsg HTTP/1.1" 200 27
180.163.28.109 - - [22/Apr/2024:12:17:07 +0800] "GET /xingrg/check_reg.html?_=1713759363278 HTTP/1.1" 302 -
180.163.28.109 - - [22/Apr/2024:12:17:07 +0800] "GET /xingrg/login.html HTTP/1.1" 200 7641
116.232.195.13 - - [22/Apr/2024:12:17:10 +0800] "POST /xingrg/kc/buy/cgsh_list_operate.html HTTP/1.1" 200 346
116.232.195.13 - - [22/Apr/2024:12:17:11 +0800] "GET /xingrg/kc/buy/cgsh_order_info.html?code=212024042205957 HTTP/1.1" 200 74104
116.232.195.13 - - [22/Apr/2024:12:17:12 +0800] "GET /xingrg/javascript/easyui/themes/default/validatebox.css HTTP/1.1" 404 1104
116.232.195.13 - - [22/Apr/2024:12:17:13 +0800] "POST /xingrg/kc/buy/cgsh_order_operate.html HTTP/1.1" 200 3833
101.83.144.49 - - [22/Apr/2024:12:17:15 +0800] "GET /xingrg/all/function/internal_message.html?_=1713759437339&CODE_STATE=getMsg HTTP/1.1" 200 27
180.169.147.146 - - [22/Apr/2024:12:17:18 +0800] "GET /xingrg/kc/buy/cgsh_order_operate.html?command=get_materiel&rest_code=00147&code=00101008131&supplier_code=00100008&order_time=2024-04-21 HTTP/1.1" 200 408
116.224.254.208 - - [22/Apr/2024:12:17:18 +0800] "GET /xingrg/all/function/internal_message.html?_=1713759438307&CODE_STATE=getMsg HTTP/1.1" 200 27
221.239.169.251 - - [22/Apr/2024:12:17:20 +0800] "GET /xingrg/all/function/internal_message.html?_=1713759438927&CODE_STATE=getMsg HTTP/1.1" 200 27
116.235.94.6 - - [22/Apr/2024:12:17:20 +0800] "GET /xingrg/all/function/internal_message.html?_=1713759474722&CODE_STATE=getMsg HTTP/1.1" 200 27
116.224.254.208 - - [22/Apr/2024:12:17:21 +0800] "GET /xingrg/check_reg.html?_=1713759441195 HTTP/1.1" 200 22
180.169.147.146 - - [22/Apr/2024:12:17:22 +0800] "GET /xingrg/all/function/internal_message.html?_=1713759442415&CODE_STATE=getMsg HTTP/1.1" 200 27
120.253.135.82 - - [22/Apr/2024:12:17:25 +0800] "GET /xingrg/kc/pszx/mdqp_order_list.html?state=10 HTTP/1.1" 200 10319
120.253.135.82 - - [22/Apr/2024:12:17:25 +0800] "GET /xingrg/dwr/interface/AjaxQqpsService.js HTTP/1.1" 200 16326
120.253.135.82 - - [22/Apr/2024:12:17:25 +0800] "GET /xingrg/dwr/interface/AjaxReportQueryService.js HTTP/1.1" 200 13203
120.253.135.82 - - [22/Apr/2024:12:17:25 +0800] "GET /xingrg/dwr/engine.js HTTP/1.1" 200 43631
120.253.135.82 - - [22/Apr/2024:12:17:27 +0800] "GET /xingrg/kc/pszx/mdth_order_list.html HTTP/1.1" 200 18457
180.169.147.146 - - [22/Apr/2024:12:17:27 +0800] "GET /xingrg/kc/buy/cgsh_order_operate.html?command=get_materiel&rest_code=00147&code=00101008353&supplier_code=00100008&order_time=2024-04-21 HTTP/1.1" 200 408
120.253.135.82 - - [22/Apr/2024:12:17:27 +0800] "POST /xingrg/kc/pszx/mdth_order_new_list.html HTTP/1.1" 200 4737
116.232.195.13 - - [22/Apr/2024:12:17:28 +0800] "GET /xingrg/all/function/internal_message.html?_=1713759439435&CODE_STATE=getMsg HTTP/1.1" 200 27
116.232.195.13 - - [22/Apr/2024:12:17:28 +0800] "GET /xingrg/check_reg.html?_=1713759439437 HTTP/1.1" 200 22
180.164.1.25 - - [22/Apr/2024:12:17:32 +0800] "GET /xingrg/all/function/internal_message.html?_=1713759451540&CODE_STATE=getMsg HTTP/1.1" 200 27
116.224.254.208 - - [22/Apr/2024:12:17:32 +0800] "GET /xingrg/all/function/internal_message.html?_=1713759452132&CODE_STATE=getMsg HTTP/1.1" 200 27
120.253.135.82 - - [22/Apr/2024:12:17:34 +0800] "GET /xingrg/kc/pszx/mdps_order_list.html?orderType=0 HTTP/1.1" 200 21033
120.253.135.82 - - [22/Apr/2024:12:17:34 +0800] "POST /xingrg/kc/pszx/mdps_list_operate.html HTTP/1.1" 200 5410
124.78.56.241 - - [22/Apr/2024:12:17:38 +0800] "GET /xingrg/all/function/internal_message.html?_=1713759458814&CODE_STATE=getMsg HTTP/1.1" 200 27
120.253.135.82 - - [22/Apr/2024:12:17:41 +0800] "POST /xingrg/kc/pszx/mdps_list_operate.html HTTP/1.1" 200 2057
120.253.135.82 - - [22/Apr/2024:12:17:42 +0800] "POST /xingrg/kc/pszx/mdps_list_operate.html HTTP/1.1" 200 649
120.253.135.82 - - [22/Apr/2024:12:17:43 +0800] "GET /xingrg/kc/pszx/mdps_order_info.html?code=312024042200380 HTTP/1.1" 200 23976
120.253.135.82 - - [22/Apr/2024:12:17:44 +0800] "GET /xingrg/javascript/easyui/themes/default/validatebox.css HTTP/1.1" 404 1104
120.253.135.82 - - [22/Apr/2024:12:17:44 +0800] "POST /xingrg/kc/pszx/mdps_order_operate.html HTTP/1.1" 200 5803
120.253.135.82 - - [22/Apr/2024:12:17:47 +0800] "POST /xingrg/kc/pszx/mdps_order_operate.html HTTP/1.1" 200 37
120.253.135.82 - - [22/Apr/2024:12:17:48 +0800] "GET /xingrg/kc/pszx/mdps_order_info.html?code=312024042200380 HTTP/1.1" 200 23976
120.253.135.82 - - [22/Apr/2024:12:17:49 +0800] "GET /xingrg/javascript/easyui/themes/default/validatebox.css HTTP/1.1" 404 1104
120.253.135.82 - - [22/Apr/2024:12:17:50 +0800] "POST /xingrg/kc/pszx/mdps_order_operate.html HTTP/1.1" 200 5859
116.232.195.13 - - [22/Apr/2024:12:17:53 +0800] "POST /xingrg/kc/buy/cgsh_order_operate.html HTTP/1.1" 200 37
120.253.135.82 - - [22/Apr/2024:12:17:53 +0800] "POST /xingrg/kc/pszx/mdps_list_operate.html HTTP/1.1" 200 201
180.169.147.146 - - [22/Apr/2024:12:17:53 +0800] "GET /xingrg/all/function/internal_message.html?_=1713759462392&CODE_STATE=getMsg HTTP/1.1" 200 27
120.253.135.82 - - [22/Apr/2024:12:17:54 +0800] "GET /xingrg/kc/pszx/mdps_order_info.html?code=312024042200381 HTTP/1.1" 200 23976
120.253.135.82 - - [22/Apr/2024:12:17:54 +0800] "GET /xingrg/javascript/easyui/themes/default/validatebox.css HTTP/1.1" 404 1104
120.253.135.82 - - [22/Apr/2024:12:17:55 +0800] "POST /xingrg/kc/pszx/mdps_order_operate.html HTTP/1.1" 200 2269
180.169.147.146 - - [22/Apr/2024:12:17:56 +0800] "GET /xingrg/javascript/jquery_easy_ui/themes/default/images/button_plain_hover.png HTTP/1.1" 200 252
222.69.132.2 - - [22/Apr/2024:12:17:58 +0800] "GET /xingrg/all/function/internal_message.html?_=1713759478472&CODE_STATE=getMsg HTTP/1.1" 200 27
101.80.230.31 - - [22/Apr/2024:12:17:58 +0800] "GET /xingrg/all/function/internal_message.html?_=1713759479291&CODE_STATE=getMsg HTTP/1.1" 200 27
120.253.135.82 - - [22/Apr/2024:12:17:58 +0800] "POST /xingrg/kc/pszx/mdps_order_operate.html HTTP/1.1" 200 37
180.163.28.55 - - [22/Apr/2024:12:18:00 +0800] "GET /xingrg/all/function/internal_message.html?_=1713759181156&CODE_STATE=getMsg HTTP/1.1" 302 -
180.163.28.55 - - [22/Apr/2024:12:18:00 +0800] "GET /xingrg/login.html HTTP/1.1" 200 7641
180.169.147.146 - - [22/Apr/2024:12:18:00 +0800] "GET /xingrg/kc/buy/cgsh_order_operate.html?command=get_materiel&rest_code=00147&code=00101008126&supplier_code=00100008&order_time=2024-04-21 HTTP/1.1" 200 412
120.253.135.82 - - [22/Apr/2024:12:18:01 +0800] "GET /xingrg/kc/pszx/mdps_order_info.html?code=312024042200381 HTTP/1.1" 200 23976
116.232.195.13 - - [22/Apr/2024:12:18:02 +0800] "POST /xingrg/kc/buy/cgsh_order_operate.html HTTP/1.1" 200 3240
120.253.135.82 - - [22/Apr/2024:12:18:02 +0800] "GET /xingrg/javascript/easyui/themes/default/validatebox.css HTTP/1.1" 404 1104
222.70.244.105 - - [22/Apr/2024:12:18:02 +0800] "GET /xingrg/check_reg.html?_=1713759483096 HTTP/1.1" 302 -
120.253.135.82 - - [22/Apr/2024:12:18:02 +0800] "POST /xingrg/kc/pszx/mdps_order_operate.html HTTP/1.1" 200 2276
180.169.147.146 - - [22/Apr/2024:12:18:04 +0800] "POST /xingrg/kc/buy/cgsh_order_operate.html HTTP/1.1" 200 2065
120.253.135.82 - - [22/Apr/2024:12:18:04 +0800] "POST /xingrg/kc/pszx/mdps_list_operate.html HTTP/1.1" 200 2057
61.170.234.72 - - [22/Apr/2024:12:18:04 +0800] "GET /xingrg/all/function/internal_message.html?_=1713759481037&CODE_STATE=getMsg HTTP/1.1" 200 27
124.78.56.241 - - [22/Apr/2024:12:18:10 +0800] "POST /xingrg/kc/buy/cgsh_order_operate.html HTTP/1.1" 200 8245
124.78.56.241 - - [22/Apr/2024:12:18:10 +0800] "GET /xingrg/javascript/easyui/themes/default/validatebox.css HTTP/1.1" 404 1104
180.169.147.146 - - [22/Apr/2024:12:18:11 +0800] "GET /xingrg/kc/buy/cgsh_order_operate.html?command=get_materiel&rest_code=00147&code=00101008087&supplier_code=00100008&order_time=2024-04-21 HTTP/1.1" 200 412
101.83.144.49 - - [22/Apr/2024:12:18:15 +0800] "GET /xingrg/all/function/internal_message.html?_=1713759497347&CODE_STATE=getMsg HTTP/1.1" 200 27
116.224.254.208 - - [22/Apr/2024:12:18:18 +0800] "GET /xingrg/all/function/internal_message.html?_=1713759498292&CODE_STATE=getMsg HTTP/1.1" 200 27
221.239.169.251 - - [22/Apr/2024:12:18:20 +0800] "GET /xingrg/all/function/internal_message.html?_=1713759498935&CODE_STATE=getMsg HTTP/1.1" 200 27
116.235.94.6 - - [22/Apr/2024:12:18:20 +0800] "GET /xingrg/all/function/internal_message.html?_=1713759534720&CODE_STATE=getMsg HTTP/1.1" 200 27
180.169.147.146 - - [22/Apr/2024:12:18:22 +0800] "GET /xingrg/all/function/internal_message.html?_=1713759502410&CODE_STATE=getMsg HTTP/1.1" 200 27
180.169.147.146 - - [22/Apr/2024:12:18:23 +0800] "GET /xingrg/kc/buy/cgsh_order_operate.html?command=get_materiel&rest_code=00147&code=00101008355&supplier_code=00100008&order_time=2024-04-21 HTTP/1.1" 200 408
116.224.254.208 - - [22/Apr/2024:12:18:28 +0800] "POST /xingrg/all/user/operate.html HTTP/1.1" 200 36
124.78.56.241 - - [22/Apr/2024:12:18:28 +0800] "GET /xingrg/kc/buy/cgsh_order_operate.html?command=get_materiel&rest_code=00141&code=00101009109&supplier_code=00100022&order_time=2024-04-22 HTTP/1.1" 200 413
116.224.254.208 - - [22/Apr/2024:12:18:28 +0800] "GET /xingrg/index.html?sysBaseUrl=http%3A%2F%2F180.169.147.146%3A18081%2Fxingrg%2F&costTime=1053×tamp=1713749010028 HTTP/1.1" 200 17177
116.224.254.208 - - [22/Apr/2024:12:18:28 +0800] "GET /xingrg/javascript/jquery_easy_ui/themes/default/easyui.css HTTP/1.1" 304 -
116.224.254.208 - - [22/Apr/2024:12:18:28 +0800] "GET /xingrg/javascript/jquery_easy_ui/themes/icon.css HTTP/1.1" 304 -
116.224.254.208 - - [22/Apr/2024:12:18:28 +0800] "GET /xingrg/css/form.css HTTP/1.1" 304 -
116.224.254.208 - - [22/Apr/2024:12:18:28 +0800] "GET /xingrg/javascript/jquery-1.4.2.min.js HTTP/1.1" 304 -
116.232.195.13 - - [22/Apr/2024:12:18:28 +0800] "GET /xingrg/all/function/internal_message.html?_=1713759499443&CODE_STATE=getMsg HTTP/1.1" 200 27
116.224.254.208 - - [22/Apr/2024:12:18:28 +0800] "GET /xingrg/javascript/jquery_easy_ui/jquery.easyui.min.js HTTP/1.1" 304 -
116.224.254.208 - - [22/Apr/2024:12:18:28 +0800] "GET /xingrg/javascript/jquery_easy_ui/easyui-lang-zh_CN.js HTTP/1.1" 304 -
116.224.254.208 - - [22/Apr/2024:12:18:28 +0800] "GET /xingrg/javascript/jquery.form.js HTTP/1.1" 304 -
116.224.254.208 - - [22/Apr/2024:12:18:28 +0800] "GET /xingrg/javascript/jquery.utils.js HTTP/1.1" 304 -
116.224.254.208 - - [22/Apr/2024:12:18:28 +0800] "GET /xingrg/javascript/jquery.timers.js HTTP/1.1" 304 -
116.224.254.208 - - [22/Apr/2024:12:18:28 +0800] "GET /xingrg/images/blue/jxLogo.png HTTP/1.1" 304 -
116.224.254.208 - - [22/Apr/2024:12:18:28 +0800] "GET /xingrg/images/blue/navBackgound.jpg HTTP/1.1" 304 -
116.224.254.208 - - [22/Apr/2024:12:18:28 +0800] "GET /xingrg/javascript/jquery_easy_ui/themes/icons/settle_new.png HTTP/1.1" 304 -
116.224.254.208 - - [22/Apr/2024:12:18:28 +0800] "POST /xingrg/all/common/load_tree.html?tree=area_rest_tree_json&manage=1 HTTP/1.1" 200 476
116.224.254.208 - - [22/Apr/2024:12:18:28 +0800] "GET /xingrg/all/function/internal_message.html?_=1713759508460&CODE_STATE=count HTTP/1.1" 200 11
116.224.254.208 - - [22/Apr/2024:12:18:28 +0800] "GET /xingrg/check_reg.html?_=1713759508461 HTTP/1.1" 200 22
116.224.254.208 - - [22/Apr/2024:12:18:28 +0800] "GET /xingrg/javascript/jquery_easy_ui/themes/default/images/tabs_leftarrow.png HTTP/1.1" 304 -
116.224.254.208 - - [22/Apr/2024:12:18:28 +0800] "GET /xingrg/javascript/jquery_easy_ui/themes/default/images/tabs_rightarrow.png HTTP/1.1" 304 -
116.224.254.208 - - [22/Apr/2024:12:18:28 +0800] "GET /xingrg/javascript/jquery_easy_ui/themes/default/images/panel_tool_collapse.gif HTTP/1.1" 304 -
116.224.254.208 - - [22/Apr/2024:12:18:28 +0800] "GET /xingrg/images/blue/pingpu.png HTTP/1.1" 304 -
116.224.254.208 - - [22/Apr/2024:12:18:28 +0800] "POST /xingrg/load_menu.html HTTP/1.1" 200 5138
116.232.195.13 - - [22/Apr/2024:12:18:30 +0800] "POST /xingrg/kc/buy/cgsh_order_operate.html HTTP/1.1" 200 37
116.224.254.208 - - [22/Apr/2024:12:18:30 +0800] "GET /xingrg/kc/base/wldb_order_list.html HTTP/1.1" 200 19055
116.224.254.208 - - [22/Apr/2024:12:18:31 +0800] "POST /xingrg/kc/base/wldb_list_operate.html HTTP/1.1" 200 928
120.253.135.82 - - [22/Apr/2024:12:18:31 +0800] "POST /xingrg/kc/pszx/mdps_list_operate.html HTTP/1.1" 200 2436
180.164.1.25 - - [22/Apr/2024:12:18:32 +0800] "GET /xingrg/all/function/internal_message.html?_=1713759511554&CODE_STATE=getMsg HTTP/1.1" 200 27
180.164.1.25 - - [22/Apr/2024:12:18:32 +0800] "GET /xingrg/check_reg.html?_=1713759511555 HTTP/1.1" 200 22
116.224.254.208 - - [22/Apr/2024:12:18:32 +0800] "GET /xingrg/kc/base/wldb_order_add.html HTTP/1.1" 200 30386
116.224.254.208 - - [22/Apr/2024:12:18:32 +0800] "POST /xingrg/kc/base/wldb_order_operate.html HTTP/1.1" 200 6806
116.224.254.208 - - [22/Apr/2024:12:18:32 +0800] "GET /xingrg/all/common/auto_word.html?type=base&rest_code=00151 HTTP/1.1" 200 1315
116.224.254.208 - - [22/Apr/2024:12:18:32 +0800] "GET /xingrg/all/common/auto_word.html?type=base&rest_code=00151 HTTP/1.1" 200 1315
116.224.254.208 - - [22/Apr/2024:12:18:32 +0800] "GET /xingrg/javascript/easyui/themes/default/validatebox.css HTTP/1.1" 404 1104
180.169.147.146 - - [22/Apr/2024:12:18:32 +0800] "GET /xingrg/kc/buy/cgsh_order_operate.html?command=get_materiel&rest_code=00147&code=00101008004&supplier_code=00100008&order_time=2024-04-21 HTTP/1.1" 200 416
120.253.135.82 - - [22/Apr/2024:12:18:33 +0800] "POST /xingrg/kc/pszx/mdps_list_operate.html HTTP/1.1" 200 610
120.253.135.82 - - [22/Apr/2024:12:18:34 +0800] "GET /xingrg/kc/pszx/mdps_order_info.html?code=312024042200378 HTTP/1.1" 200 23978
116.232.195.13 - - [22/Apr/2024:12:18:35 +0800] "POST /xingrg/kc/buy/cgsh_order_operate.html HTTP/1.1" 200 3240
120.253.135.82 - - [22/Apr/2024:12:18:35 +0800] "GET /xingrg/javascript/easyui/themes/default/validatebox.css HTTP/1.1" 404 1104
120.253.135.82 - - [22/Apr/2024:12:18:35 +0800] "POST /xingrg/kc/pszx/mdps_order_operate.html HTTP/1.1" 200 5236
120.253.135.82 - - [22/Apr/2024:12:18:38 +0800] "POST /xingrg/all/common/load_combo.html?type=base HTTP/1.1" 200 1169
124.78.56.241 - - [22/Apr/2024:12:18:38 +0800] "GET /xingrg/all/function/internal_message.html?_=1713759518818&CODE_STATE=getMsg HTTP/1.1" 200 27
120.253.135.82 - - [22/Apr/2024:12:18:42 +0800] "POST /xingrg/kc/pszx/mdps_order_operate.html HTTP/1.1" 200 37
120.253.135.82 - - [22/Apr/2024:12:18:43 +0800] "GET /xingrg/kc/pszx/mdps_order_info.html?code=312024042200378 HTTP/1.1" 200 23978
180.169.147.146 - - [22/Apr/2024:12:18:43 +0800] "GET /xingrg/kc/buy/cgsh_order_operate.html?command=get_materiel&rest_code=00147&code=00101008356&supplier_code=00100008&order_time=2024-04-21 HTTP/1.1" 200 408
120.253.135.82 - - [22/Apr/2024:12:18:44 +0800] "GET /xingrg/javascript/easyui/themes/default/validatebox.css HTTP/1.1" 404 1104
124.78.56.241 - - [22/Apr/2024:12:18:44 +0800] "GET /xingrg/kc/buy/cgsh_order_operate.html?command=get_materiel&rest_code=00141&code=00101009062&supplier_code=00100022&order_time=2024-04-22 HTTP/1.1" 200 412
120.253.135.82 - - [22/Apr/2024:12:18:44 +0800] "POST /xingrg/kc/pszx/mdps_order_operate.html HTTP/1.1" 200 5293
124.78.56.241 - - [22/Apr/2024:12:18:53 +0800] "GET /xingrg/kc/buy/cgsh_order_operate.html?command=get_materiel&rest_code=00141&code=00101009021&supplier_code=00100022&order_time=2024-04-22 HTTP/1.1" 200 417
180.169.147.146 - - [22/Apr/2024:12:18:53 +0800] "GET /xingrg/kc/buy/cgsh_order_operate.html?command=get_materiel&rest_code=00147&code=00101008137&supplier_code=00100008&order_time=2024-04-21 HTTP/1.1" 200 408
180.169.147.146 - - [22/Apr/2024:12:18:53 +0800] "GET /xingrg/all/function/internal_message.html?_=1713759522370&CODE_STATE=getMsg HTTP/1.1" 200 27
180.169.147.146 - - [22/Apr/2024:12:18:56 +0800] "POST /xingrg/kc/buy/cgsh_order_operate.html HTTP/1.1" 200 2065
116.224.254.208 - - [22/Apr/2024:12:18:56 +0800] "GET /xingrg/kc/base/yddb_order_list.html HTTP/1.1" 200 16660
116.224.254.208 - - [22/Apr/2024:12:18:57 +0800] "POST /xingrg/kc/base/yddb_list_operate.html HTTP/1.1" 200 636
222.69.132.2 - - [22/Apr/2024:12:18:58 +0800] "GET /xingrg/all/function/internal_message.html?_=1713759538460&CODE_STATE=getMsg HTTP/1.1" 200 27
101.80.230.31 - - [22/Apr/2024:12:18:58 +0800] "GET /xingrg/all/function/internal_message.html?_=1713759539293&CODE_STATE=getMsg HTTP/1.1" 200 27
116.224.254.208 - - [22/Apr/2024:12:19:04 +0800] "GET /xingrg/kc/base/yddb_order_add.html HTTP/1.1" 200 30041
180.169.147.146 - - [22/Apr/2024:12:19:04 +0800] "GET /xingrg/kc/buy/cgsh_order_operate.html?command=get_materiel&rest_code=00147&code=00101008286&supplier_code=00100008&order_time=2024-04-21 HTTP/1.1" 200 408
61.170.234.72 - - [22/Apr/2024:12:19:04 +0800] "GET /xingrg/all/function/internal_message.html?_=1713759541008&CODE_STATE=getMsg HTTP/1.1" 200 27
116.224.254.208 - - [22/Apr/2024:12:19:04 +0800] "GET /xingrg/dwr/interface/AjaxComOrderService.js HTTP/1.1" 200 18264
116.224.254.208 - - [22/Apr/2024:12:19:04 +0800] "GET /xingrg/dwr/interface/AjaxYddbService.js HTTP/1.1" 200 13201
116.224.254.208 - - [22/Apr/2024:12:19:04 +0800] "GET /xingrg/dwr/engine.js HTTP/1.1" 200 43631
120.253.135.82 - - [22/Apr/2024:12:19:06 +0800] "POST /xingrg/kc/pszx/mdps_list_operate.html HTTP/1.1" 200 2436
124.78.56.241 - - [22/Apr/2024:12:19:06 +0800] "GET /xingrg/kc/buy/cgsh_order_operate.html?command=get_materiel&rest_code=00141&code=00101009140&supplier_code=00100022&order_time=2024-04-22 HTTP/1.1" 200 412
120.253.135.82 - - [22/Apr/2024:12:19:07 +0800] "POST /xingrg/kc/pszx/mdps_list_operate.html HTTP/1.1" 200 623
120.253.135.82 - - [22/Apr/2024:12:19:08 +0800] "GET /xingrg/kc/pszx/mdps_order_info.html?code=312024042200379 HTTP/1.1" 200 23978
120.253.135.82 - - [22/Apr/2024:12:19:09 +0800] "GET /xingrg/javascript/easyui/themes/default/validatebox.css HTTP/1.1" 404 1104
120.253.135.82 - - [22/Apr/2024:12:19:09 +0800] "POST /xingrg/kc/pszx/mdps_order_operate.html HTTP/1.1" 200 11275
120.253.135.82 - - [22/Apr/2024:12:19:11 +0800] "POST /xingrg/kc/pszx/mdps_order_operate.html HTTP/1.1" 200 37
180.169.147.146 - - [22/Apr/2024:12:19:12 +0800] "GET /xingrg/kc/buy/cgsh_order_operate.html?command=get_materiel&rest_code=00147&code=00101001010&supplier_code=00100008&order_time=2024-04-21 HTTP/1.1" 200 410
120.253.135.82 - - [22/Apr/2024:12:19:13 +0800] "GET /xingrg/kc/pszx/mdps_order_info.html?code=312024042200379 HTTP/1.1" 200 23978
116.224.254.208 - - [22/Apr/2024:12:19:14 +0800] "POST /xingrg/dwr/call/plaincall/AjaxYddbService.getRestBases.dwr HTTP/1.1" 200 1649
120.253.135.82 - - [22/Apr/2024:12:19:14 +0800] "GET /xingrg/javascript/easyui/themes/default/validatebox.css HTTP/1.1" 404 1104
120.253.135.82 - - [22/Apr/2024:12:19:14 +0800] "POST /xingrg/kc/pszx/mdps_order_operate.html HTTP/1.1" 200 11422
101.83.144.49 - - [22/Apr/2024:12:19:15 +0800] "GET /xingrg/all/function/internal_message.html?_=1713759557325&CODE_STATE=getMsg HTTP/1.1" 200 27
116.224.254.208 - - [22/Apr/2024:12:19:18 +0800] "GET /xingrg/all/function/internal_message.html?_=1713759558266&CODE_STATE=getMsg HTTP/1.1" 200 27
116.224.254.208 - - [22/Apr/2024:12:19:20 +0800] "POST /xingrg/dwr/call/plaincall/AjaxYddbService.saveOrder.dwr HTTP/1.1" 200 78
221.239.169.251 - - [22/Apr/2024:12:19:20 +0800] "GET /xingrg/all/function/internal_message.html?_=1713759558953&CODE_STATE=getMsg HTTP/1.1" 200 27
116.224.254.208 - - [22/Apr/2024:12:19:20 +0800] "GET /xingrg/images/yd/bt.gif HTTP/1.1" 404 1040
116.235.94.6 - - [22/Apr/2024:12:19:20 +0800] "GET /xingrg/all/function/internal_message.html?_=1713759594719&CODE_STATE=getMsg HTTP/1.1" 200 27
120.253.135.82 - - [22/Apr/2024:12:19:22 +0800] "POST /xingrg/all/common/load_select.html HTTP/1.1" 200 25
116.232.195.13 - - [22/Apr/2024:12:19:22 +0800] "POST /xingrg/kc/buy/cgsh_list_operate.html HTTP/1.1" 200 7141
180.169.147.146 - - [22/Apr/2024:12:19:22 +0800] "GET /xingrg/all/function/internal_message.html?_=1713759562404&CODE_STATE=getMsg HTTP/1.1" 200 27
116.224.254.208 - - [22/Apr/2024:12:19:23 +0800] "POST /xingrg/dwr/call/plaincall/AjaxComOrderService.getMaterielSearchList.dwr HTTP/1.1" 200 2153
