101.80.230.31 - - [22/Apr/2024:09:32:51 +0800] "GET /xingrg/all/common/auto_word.html?type=employee&rest_code=00156 HTTP/1.1" 200 47
101.80.230.31 - - [22/Apr/2024:09:32:51 +0800] "GET /xingrg/all/common/auto_word.html?type=employee&rest_code=00156 HTTP/1.1" 200 47
180.163.28.143 - - [22/Apr/2024:09:32:53 +0800] "GET /xingrg/all/function/internal_message.html?_=1713749342976&CODE_STATE=getMsg HTTP/1.1" 302 -
180.163.28.143 - - [22/Apr/2024:09:32:53 +0800] "GET /xingrg/login.html HTTP/1.1" 200 7641
101.80.230.31 - - [22/Apr/2024:09:32:53 +0800] "GET /xingrg/javascript/jquery_tools/images/next.gif HTTP/1.1" 404 1086
101.80.230.31 - - [22/Apr/2024:09:32:53 +0800] "GET /xingrg/javascript/jquery_tools/images/prev.gif HTTP/1.1" 404 1086
222.69.132.2 - - [22/Apr/2024:09:32:58 +0800] "GET /xingrg/all/function/internal_message.html?_=1713749579445&CODE_STATE=getMsg HTTP/1.1" 200 27
101.80.230.31 - - [22/Apr/2024:09:32:58 +0800] "GET /xingrg/all/function/internal_message.html?_=1713749578852&CODE_STATE=getMsg HTTP/1.1" 200 27
116.232.195.13 - - [22/Apr/2024:09:32:59 +0800] "GET /xingrg/all/function/internal_message.html?_=1713749570514&CODE_STATE=getMsg HTTP/1.1" 200 27
222.70.244.105 - - [22/Apr/2024:09:33:01 +0800] "GET /xingrg/check_reg.html?_=1713749581073 HTTP/1.1" 302 -
101.83.144.49 - - [22/Apr/2024:09:33:03 +0800] "GET /xingrg/all/function/internal_message.html?_=1713749585181&CODE_STATE=getMsg HTTP/1.1" 200 27
101.83.144.49 - - [22/Apr/2024:09:33:03 +0800] "GET /xingrg/check_reg.html?_=1713749585216 HTTP/1.1" 200 22
116.238.97.31 - - [22/Apr/2024:09:33:04 +0800] "GET /xingrg/all/function/internal_message.html?_=1713749586492&CODE_STATE=getMsg HTTP/1.1" 200 27
116.232.195.13 - - [22/Apr/2024:09:33:04 +0800] "GET /xingrg/kc/buy/cgsh_order_operate.html?command=get_materiel&rest_code=00155&code=00101008811&supplier_code=00100005&order_time=2024-04-22 HTTP/1.1" 200 398
120.253.135.82 - - [22/Apr/2024:09:33:06 +0800] "GET /xingrg/check_reg.html?_=1713749431241 HTTP/1.1" 200 22
61.170.234.72 - - [22/Apr/2024:09:33:06 +0800] "GET /xingrg/all/function/internal_message.html?_=1713749582883&CODE_STATE=getMsg HTTP/1.1" 200 27
180.164.1.25 - - [22/Apr/2024:09:33:08 +0800] "GET /xingrg/kc/buy/cgsh_order_list.html HTTP/1.1" 200 58231
120.253.135.82 - - [22/Apr/2024:09:33:13 +0800] "GET /xingrg/all/function/internal_message.html?_=1713749438764&CODE_STATE=getMsg HTTP/1.1" 200 27
116.232.195.13 - - [22/Apr/2024:09:33:16 +0800] "GET /xingrg/check_reg.html?_=1713749587892 HTTP/1.1" 200 22
180.164.1.25 - - [22/Apr/2024:09:33:17 +0800] "POST /xingrg/kc/buy/cgsh_list_operate.html HTTP/1.1" 200 2287
221.239.169.251 - - [22/Apr/2024:09:33:20 +0800] "GET /xingrg/all/function/internal_message.html?_=1713749598806&CODE_STATE=getMsg HTTP/1.1" 200 27
116.232.195.13 - - [22/Apr/2024:09:33:28 +0800] "GET /xingrg/all/function/internal_message.html?_=1713749599553&CODE_STATE=getMsg HTTP/1.1" 200 27
116.224.254.208 - - [22/Apr/2024:09:33:30 +0800] "GET /xingrg/all/function/internal_message.html?_=1713749610141&CODE_STATE=getMsg HTTP/1.1" 200 27
116.224.254.208 - - [22/Apr/2024:09:33:30 +0800] "GET /xingrg/check_reg.html?_=1713749610144 HTTP/1.1" 200 22
101.80.230.31 - - [22/Apr/2024:09:33:31 +0800] "GET /xingrg/kc/buy/cgsh_order_operate.html?command=get_materiel&rest_code=00156&code=00102001028&supplier_code=00100093&order_time=2024-04-20 HTTP/1.1" 200 412
180.164.1.25 - - [22/Apr/2024:09:33:32 +0800] "GET /xingrg/all/function/internal_message.html?_=1713749611634&CODE_STATE=getMsg HTTP/1.1" 200 27
180.164.1.25 - - [22/Apr/2024:09:33:32 +0800] "GET /xingrg/check_reg.html?_=1713749611729 HTTP/1.1" 200 22
116.232.195.13 - - [22/Apr/2024:09:33:36 +0800] "GET /xingrg/all/function/internal_message.html?_=1713749608259&CODE_STATE=getMsg HTTP/1.1" 200 27
124.78.56.241 - - [22/Apr/2024:09:33:38 +0800] "GET /xingrg/all/function/internal_message.html?_=1713749618431&CODE_STATE=getMsg HTTP/1.1" 200 27
116.224.254.208 - - [22/Apr/2024:09:33:40 +0800] "GET /xingrg/check_reg.html?_=1713749620248 HTTP/1.1" 200 22
116.224.254.208 - - [22/Apr/2024:09:33:40 +0800] "GET /xingrg/all/function/internal_message.html?_=1713749620251&CODE_STATE=getMsg HTTP/1.1" 200 27
180.164.1.25 - - [22/Apr/2024:09:33:43 +0800] "POST /xingrg/services/DataTransmitService HTTP/1.1" 200 524
116.235.94.6 - - [22/Apr/2024:09:33:43 +0800] "POST /xingrg/services/DataTransmitService HTTP/1.1" 200 524
180.164.1.25 - - [22/Apr/2024:09:33:44 +0800] "POST /xingrg/services/DataTransmitService HTTP/1.1" 200 412
101.83.144.49 - - [22/Apr/2024:09:33:52 +0800] "POST /xingrg/services/DataTransmitService HTTP/1.1" 200 524
222.69.132.2 - - [22/Apr/2024:09:33:58 +0800] "GET /xingrg/all/function/internal_message.html?_=1713749639454&CODE_STATE=getMsg HTTP/1.1" 200 27
101.80.230.31 - - [22/Apr/2024:09:33:58 +0800] "GET /xingrg/all/function/internal_message.html?_=1713749638854&CODE_STATE=getMsg HTTP/1.1" 200 27
116.232.195.13 - - [22/Apr/2024:09:33:59 +0800] "GET /xingrg/all/function/internal_message.html?_=1713749630500&CODE_STATE=getMsg HTTP/1.1" 200 27
101.83.144.49 - - [22/Apr/2024:09:34:03 +0800] "GET /xingrg/all/function/internal_message.html?_=1713749645180&CODE_STATE=getMsg HTTP/1.1" 200 27
116.238.97.31 - - [22/Apr/2024:09:34:04 +0800] "GET /xingrg/check_reg.html?_=1713749646445 HTTP/1.1" 200 22
116.238.97.31 - - [22/Apr/2024:09:34:04 +0800] "GET /xingrg/all/function/internal_message.html?_=1713749646476&CODE_STATE=getMsg HTTP/1.1" 200 27
61.170.234.72 - - [22/Apr/2024:09:34:06 +0800] "GET /xingrg/all/function/internal_message.html?_=1713749642855&CODE_STATE=getMsg HTTP/1.1" 200 27
120.253.135.82 - - [22/Apr/2024:09:34:13 +0800] "GET /xingrg/all/function/internal_message.html?_=1713749498776&CODE_STATE=getMsg HTTP/1.1" 200 27
221.239.169.251 - - [22/Apr/2024:09:34:20 +0800] "GET /xingrg/all/function/internal_message.html?_=1713749658795&CODE_STATE=getMsg HTTP/1.1" 200 27
116.232.195.13 - - [22/Apr/2024:09:34:28 +0800] "GET /xingrg/all/function/internal_message.html?_=1713749659535&CODE_STATE=getMsg HTTP/1.1" 200 27
116.224.254.208 - - [22/Apr/2024:09:34:30 +0800] "GET /xingrg/all/function/internal_message.html?_=1713749670160&CODE_STATE=getMsg HTTP/1.1" 200 27
180.164.1.25 - - [22/Apr/2024:09:34:32 +0800] "GET /xingrg/all/function/internal_message.html?_=1713749671608&CODE_STATE=getMsg HTTP/1.1" 200 27
116.232.195.13 - - [22/Apr/2024:09:34:36 +0800] "GET /xingrg/all/function/internal_message.html?_=1713749668261&CODE_STATE=getMsg HTTP/1.1" 200 27
124.78.56.241 - - [22/Apr/2024:09:34:38 +0800] "GET /xingrg/all/function/internal_message.html?_=1713749678405&CODE_STATE=getMsg HTTP/1.1" 200 27
116.224.254.208 - - [22/Apr/2024:09:34:40 +0800] "GET /xingrg/all/function/internal_message.html?_=1713749680250&CODE_STATE=getMsg HTTP/1.1" 200 27
116.232.195.13 - - [22/Apr/2024:09:34:54 +0800] "GET /xingrg/kc/buy/cgsh_order_operate.html?command=get_materiel&rest_code=00155&code=00101008010&supplier_code=00100005&order_time=2024-04-22 HTTP/1.1" 200 412
222.69.132.2 - - [22/Apr/2024:09:34:58 +0800] "GET /xingrg/check_reg.html?_=1713749699452 HTTP/1.1" 200 22
222.69.132.2 - - [22/Apr/2024:09:34:58 +0800] "GET /xingrg/all/function/internal_message.html?_=1713749699458&CODE_STATE=getMsg HTTP/1.1" 200 27
101.80.230.31 - - [22/Apr/2024:09:34:58 +0800] "GET /xingrg/all/function/internal_message.html?_=1713749698857&CODE_STATE=getMsg HTTP/1.1" 200 27
116.232.195.13 - - [22/Apr/2024:09:34:59 +0800] "GET /xingrg/all/function/internal_message.html?_=1713749690483&CODE_STATE=getMsg HTTP/1.1" 200 27
101.83.144.49 - - [22/Apr/2024:09:35:03 +0800] "GET /xingrg/all/function/internal_message.html?_=1713749705181&CODE_STATE=getMsg HTTP/1.1" 200 27
116.232.195.13 - - [22/Apr/2024:09:35:04 +0800] "GET /xingrg/kc/buy/cgsh_order_operate.html?command=get_materiel&rest_code=00155&code=00101008559&supplier_code=00100005&order_time=2024-04-22 HTTP/1.1" 200 432
116.238.97.31 - - [22/Apr/2024:09:35:04 +0800] "GET /xingrg/all/function/internal_message.html?_=1713749706460&CODE_STATE=getMsg HTTP/1.1" 200 27
61.170.234.72 - - [22/Apr/2024:09:35:04 +0800] "GET /xingrg/kc/buy/cgsh_order_add.html HTTP/1.1" 200 74033
61.170.234.72 - - [22/Apr/2024:09:35:04 +0800] "POST /xingrg/kc/buy/cgsh_order_operate.html HTTP/1.1" 200 8245
61.170.234.72 - - [22/Apr/2024:09:35:05 +0800] "GET /xingrg/javascript/easyui/themes/default/validatebox.css HTTP/1.1" 404 1104
61.170.234.72 - - [22/Apr/2024:09:35:06 +0800] "GET /xingrg/all/function/internal_message.html?_=1713749702876&CODE_STATE=getMsg HTTP/1.1" 200 27
120.253.135.82 - - [22/Apr/2024:09:35:14 +0800] "GET /xingrg/all/function/internal_message.html?_=1713749559101&CODE_STATE=getMsg HTTP/1.1" 200 27
116.232.195.13 - - [22/Apr/2024:09:35:15 +0800] "GET /xingrg/kc/buy/cgsh_order_operate.html?command=get_materiel&rest_code=00155&code=00101013137&supplier_code=00100005&order_time=2024-04-22 HTTP/1.1" 200 413
221.239.169.251 - - [22/Apr/2024:09:35:20 +0800] "GET /xingrg/all/function/internal_message.html?_=1713749718793&CODE_STATE=getMsg HTTP/1.1" 200 27
221.239.169.251 - - [22/Apr/2024:09:35:20 +0800] "GET /xingrg/check_reg.html?_=1713749718809 HTTP/1.1" 200 22
61.170.234.72 - - [22/Apr/2024:09:35:25 +0800] "GET /xingrg/javascript/easyui/themes/default/tree.css HTTP/1.1" 404 1090
61.170.234.72 - - [22/Apr/2024:09:35:26 +0800] "POST /xingrg/all/common/load_tree.html?tree=supplier_tree_json&isDelete=1 HTTP/1.1" 200 79499
180.163.29.217 - - [22/Apr/2024:09:35:27 +0800] "GET /xingrg/check_reg.html?_=1713749463076 HTTP/1.1" 302 -
180.163.29.217 - - [22/Apr/2024:09:35:27 +0800] "GET /xingrg/login.html HTTP/1.1" 200 7641
116.232.195.13 - - [22/Apr/2024:09:35:28 +0800] "GET /xingrg/all/function/internal_message.html?_=1713749719514&CODE_STATE=getMsg HTTP/1.1" 200 27
116.224.254.208 - - [22/Apr/2024:09:35:30 +0800] "GET /xingrg/all/function/internal_message.html?_=1713749730145&CODE_STATE=getMsg HTTP/1.1" 200 27
180.164.1.25 - - [22/Apr/2024:09:35:32 +0800] "GET /xingrg/all/function/internal_message.html?_=1713749731587&CODE_STATE=getMsg HTTP/1.1" 200 27
116.232.195.13 - - [22/Apr/2024:09:35:34 +0800] "GET /xingrg/kc/buy/cgsh_order_operate.html?command=get_materiel&rest_code=00155&code=00101008004&supplier_code=00100005&order_time=2024-04-22 HTTP/1.1" 200 417
116.232.195.13 - - [22/Apr/2024:09:35:36 +0800] "GET /xingrg/check_reg.html?_=1713749728255 HTTP/1.1" 200 22
116.232.195.13 - - [22/Apr/2024:09:35:36 +0800] "GET /xingrg/all/function/internal_message.html?_=1713749728258&CODE_STATE=getMsg HTTP/1.1" 200 27
124.78.56.241 - - [22/Apr/2024:09:35:38 +0800] "GET /xingrg/all/function/internal_message.html?_=1713749738381&CODE_STATE=getMsg HTTP/1.1" 200 27
116.224.254.208 - - [22/Apr/2024:09:35:40 +0800] "GET /xingrg/all/function/internal_message.html?_=1713749740256&CODE_STATE=getMsg HTTP/1.1" 200 27
116.232.195.13 - - [22/Apr/2024:09:35:42 +0800] "GET /xingrg/check_reg.html?_=1713749733808 HTTP/1.1" 200 22
61.170.234.72 - - [22/Apr/2024:09:35:48 +0800] "GET /xingrg/kc/buy/cgsh_order_operate.html?command=get_materiel&rest_code=00106&code=00101008091&supplier_code=00100008&order_time=2024-04-22 HTTP/1.1" 200 412
116.232.195.13 - - [22/Apr/2024:09:35:50 +0800] "GET /xingrg/kc/buy/cgsh_order_operate.html?command=get_materiel&rest_code=00155&code=00101008264&supplier_code=00100005&order_time=2024-04-22 HTTP/1.1" 200 432
222.69.132.2 - - [22/Apr/2024:09:35:58 +0800] "GET /xingrg/all/function/internal_message.html?_=1713749759454&CODE_STATE=getMsg HTTP/1.1" 200 27
101.80.230.31 - - [22/Apr/2024:09:35:58 +0800] "GET /xingrg/all/function/internal_message.html?_=1713749758856&CODE_STATE=getMsg HTTP/1.1" 200 27
116.232.195.13 - - [22/Apr/2024:09:35:59 +0800] "GET /xingrg/all/function/internal_message.html?_=1713749750465&CODE_STATE=getMsg HTTP/1.1" 200 27
124.78.56.241 - - [22/Apr/2024:09:36:00 +0800] "GET /xingrg/check_reg.html?_=1713749760475 HTTP/1.1" 200 22
116.232.195.13 - - [22/Apr/2024:09:36:01 +0800] "GET /xingrg/kc/buy/cgsh_order_operate.html?command=get_materiel&rest_code=00155&code=00101008024&supplier_code=00100005&order_time=2024-04-22 HTTP/1.1" 200 408
61.170.234.72 - - [22/Apr/2024:09:36:01 +0800] "GET /xingrg/kc/buy/cgsh_order_operate.html?command=get_materiel&rest_code=00106&code=00101008354&supplier_code=00100008&order_time=2024-04-22 HTTP/1.1" 200 433
101.83.144.49 - - [22/Apr/2024:09:36:03 +0800] "GET /xingrg/all/function/internal_message.html?_=1713749765182&CODE_STATE=getMsg HTTP/1.1" 200 27
116.238.97.31 - - [22/Apr/2024:09:36:04 +0800] "GET /xingrg/all/function/internal_message.html?_=1713749766443&CODE_STATE=getMsg HTTP/1.1" 200 27
61.170.234.72 - - [22/Apr/2024:09:36:06 +0800] "GET /xingrg/all/function/internal_message.html?_=1713749762850&CODE_STATE=getMsg HTTP/1.1" 200 27
61.170.234.72 - - [22/Apr/2024:09:36:06 +0800] "GET /xingrg/check_reg.html?_=1713749763096 HTTP/1.1" 200 22
61.170.234.72 - - [22/Apr/2024:09:36:10 +0800] "GET /xingrg/kc/buy/cgsh_order_operate.html?command=get_materiel&rest_code=00106&code=00101008010&supplier_code=00100008&order_time=2024-04-22 HTTP/1.1" 200 412
120.253.135.82 - - [22/Apr/2024:09:36:14 +0800] "GET /xingrg/all/function/internal_message.html?_=1713749619113&CODE_STATE=getMsg HTTP/1.1" 200 27
116.232.195.13 - - [22/Apr/2024:09:36:14 +0800] "GET /xingrg/kc/buy/cgsh_order_operate.html?command=get_materiel&rest_code=00155&code=00101008356&supplier_code=00100005&order_time=2024-04-22 HTTP/1.1" 200 408
221.239.169.251 - - [22/Apr/2024:09:36:20 +0800] "GET /xingrg/all/function/internal_message.html?_=1713749778804&CODE_STATE=getMsg HTTP/1.1" 200 27
101.80.230.31 - - [22/Apr/2024:09:36:20 +0800] "GET /xingrg/kc/buy/cgsh_order_operate.html?command=get_materiel&rest_code=00156&code=00101003040&supplier_code=00100093&order_time=2024-04-20 HTTP/1.1" 200 436
116.232.195.13 - - [22/Apr/2024:09:36:26 +0800] "GET /xingrg/kc/buy/cgsh_order_operate.html?command=get_materiel&rest_code=00155&code=00101008411&supplier_code=00100005&order_time=2024-04-22 HTTP/1.1" 200 414
116.232.195.13 - - [22/Apr/2024:09:36:28 +0800] "GET /xingrg/all/function/internal_message.html?_=1713749779514&CODE_STATE=getMsg HTTP/1.1" 200 27
116.224.254.208 - - [22/Apr/2024:09:36:30 +0800] "GET /xingrg/all/function/internal_message.html?_=1713749790155&CODE_STATE=getMsg HTTP/1.1" 200 27
180.164.1.25 - - [22/Apr/2024:09:36:32 +0800] "GET /xingrg/all/function/internal_message.html?_=1713749791567&CODE_STATE=getMsg HTTP/1.1" 200 27
116.232.195.13 - - [22/Apr/2024:09:36:36 +0800] "GET /xingrg/all/function/internal_message.html?_=1713749788256&CODE_STATE=getMsg HTTP/1.1" 200 27
124.78.56.241 - - [22/Apr/2024:09:36:38 +0800] "GET /xingrg/all/function/internal_message.html?_=1713749798369&CODE_STATE=getMsg HTTP/1.1" 200 27
116.224.254.208 - - [22/Apr/2024:09:36:40 +0800] "GET /xingrg/all/function/internal_message.html?_=1713749800244&CODE_STATE=getMsg HTTP/1.1" 200 27
180.163.29.212 - - [22/Apr/2024:09:36:40 +0800] "GET /xingrg/all/function/internal_message.html?_=1713749402962&CODE_STATE=getMsg HTTP/1.1" 302 -
180.163.29.212 - - [22/Apr/2024:09:36:40 +0800] "GET /xingrg/login.html HTTP/1.1" 200 7641
116.232.195.13 - - [22/Apr/2024:09:36:46 +0800] "GET /xingrg/kc/buy/cgsh_order_operate.html?command=get_materiel&rest_code=00155&code=00101008137&supplier_code=00100005&order_time=2024-04-22 HTTP/1.1" 200 408
101.80.230.31 - - [22/Apr/2024:09:36:56 +0800] "POST /xingrg/kc/buy/cgsh_order_operate.html HTTP/1.1" 200 37
114.83.221.211 - - [22/Apr/2024:09:36:57 +0800] "POST /xingrg/services/DataTransmitService HTTP/1.1" 200 524
222.69.132.2 - - [22/Apr/2024:09:36:58 +0800] "GET /xingrg/all/function/internal_message.html?_=1713749819445&CODE_STATE=getMsg HTTP/1.1" 200 27
116.232.195.13 - - [22/Apr/2024:09:36:59 +0800] "GET /xingrg/all/function/internal_message.html?_=1713749810463&CODE_STATE=getMsg HTTP/1.1" 200 27
101.80.230.31 - - [22/Apr/2024:09:36:59 +0800] "GET /xingrg/all/function/internal_message.html?_=1713749819488&CODE_STATE=getMsg HTTP/1.1" 200 27
101.80.230.31 - - [22/Apr/2024:09:36:59 +0800] "GET /xingrg/check_reg.html?_=1713749819490 HTTP/1.1" 200 22
101.80.230.31 - - [22/Apr/2024:09:37:00 +0800] "POST /xingrg/kc/buy/cgsh_order_operate.html HTTP/1.1" 200 2663
116.232.195.13 - - [22/Apr/2024:09:37:00 +0800] "GET /xingrg/kc/buy/cgsh_order_operate.html?command=get_materiel&rest_code=00155&code=00101008360&supplier_code=00100005&order_time=2024-04-22 HTTP/1.1" 200 412
101.80.230.31 - - [22/Apr/2024:09:37:01 +0800] "GET /xingrg/kc/print/load_config.html?kc_code=cgsh HTTP/1.1" 200 1927
101.80.230.31 - - [22/Apr/2024:09:37:02 +0800] "GET /xingrg/kc/print/load_data.html?order_code=212024042205876&kc_code=cgsh&condition= HTTP/1.1" 200 726
101.83.144.49 - - [22/Apr/2024:09:37:03 +0800] "GET /xingrg/all/function/internal_message.html?_=1713749825184&CODE_STATE=getMsg HTTP/1.1" 200 27
61.170.234.72 - - [22/Apr/2024:09:37:04 +0800] "GET /xingrg/kc/buy/cgsh_order_operate.html?command=get_materiel&rest_code=00106&code=00101008355&supplier_code=00100008&order_time=2024-04-22 HTTP/1.1" 200 408
116.238.97.31 - - [22/Apr/2024:09:37:04 +0800] "GET /xingrg/all/function/internal_message.html?_=1713749826442&CODE_STATE=getMsg HTTP/1.1" 200 27
61.170.234.72 - - [22/Apr/2024:09:37:06 +0800] "GET /xingrg/all/function/internal_message.html?_=1713749822821&CODE_STATE=getMsg HTTP/1.1" 200 27
116.238.97.31 - - [22/Apr/2024:09:37:07 +0800] "POST /xingrg/dwr/call/plaincall/AjaxCheckService.setItemNumber.dwr HTTP/1.1" 200 78
101.80.230.31 - - [22/Apr/2024:09:37:07 +0800] "GET /xingrg/kc/buy/cgsh_order_add.html HTTP/1.1" 200 74113
101.80.230.31 - - [22/Apr/2024:09:37:07 +0800] "POST /xingrg/kc/buy/cgsh_order_operate.html HTTP/1.1" 200 8245
101.80.230.31 - - [22/Apr/2024:09:37:07 +0800] "GET /xingrg/javascript/easyui/themes/default/validatebox.css HTTP/1.1" 404 1104
116.238.97.31 - - [22/Apr/2024:09:37:07 +0800] "POST /xingrg/dwr/call/plaincall/AjaxCheckService.setItemNumber.dwr HTTP/1.1" 200 78
101.80.230.31 - - [22/Apr/2024:09:37:07 +0800] "GET /xingrg/all/common/auto_word.html?type=employee&rest_code=00156 HTTP/1.1" 200 47
101.80.230.31 - - [22/Apr/2024:09:37:08 +0800] "GET /xingrg/all/common/auto_word.html?type=employee&rest_code=00156 HTTP/1.1" 200 47
116.238.97.31 - - [22/Apr/2024:09:37:08 +0800] "POST /xingrg/dwr/call/plaincall/AjaxCheckService.setItemNumber.dwr HTTP/1.1" 200 78
116.238.97.31 - - [22/Apr/2024:09:37:08 +0800] "POST /xingrg/dwr/call/plaincall/AjaxCheckService.setItemNumber.dwr HTTP/1.1" 200 78
116.238.97.31 - - [22/Apr/2024:09:37:08 +0800] "POST /xingrg/dwr/call/plaincall/AjaxCheckService.setItemNumber.dwr HTTP/1.1" 200 78
116.238.97.31 - - [22/Apr/2024:09:37:09 +0800] "POST /xingrg/dwr/call/plaincall/AjaxCheckService.setItemNumber.dwr HTTP/1.1" 200 78
116.238.97.31 - - [22/Apr/2024:09:37:09 +0800] "POST /xingrg/dwr/call/plaincall/AjaxCheckService.setItemNumber.dwr HTTP/1.1" 200 78
116.238.97.31 - - [22/Apr/2024:09:37:09 +0800] "POST /xingrg/dwr/call/plaincall/AjaxCheckService.setItemNumber.dwr HTTP/1.1" 200 78
116.232.195.13 - - [22/Apr/2024:09:37:10 +0800] "POST /xingrg/kc/buy/cgsh_order_operate.html HTTP/1.1" 200 2065
116.238.97.31 - - [22/Apr/2024:09:37:10 +0800] "POST /xingrg/dwr/call/plaincall/AjaxCheckService.setItemNumber.dwr HTTP/1.1" 200 78
116.238.97.31 - - [22/Apr/2024:09:37:10 +0800] "POST /xingrg/dwr/call/plaincall/AjaxCheckService.setItemNumber.dwr HTTP/1.1" 200 78
180.163.30.85 - - [22/Apr/2024:09:37:11 +0800] "GET /xingrg/all/function/internal_message.html?_=1713749582883&CODE_STATE=getMsg HTTP/1.1" 302 -
180.163.30.85 - - [22/Apr/2024:09:37:11 +0800] "GET /xingrg/login.html HTTP/1.1" 200 7641
116.238.97.31 - - [22/Apr/2024:09:37:11 +0800] "POST /xingrg/dwr/call/plaincall/AjaxCheckService.setItemNumber.dwr HTTP/1.1" 200 78
116.238.97.31 - - [22/Apr/2024:09:37:12 +0800] "POST /xingrg/dwr/call/plaincall/AjaxCheckService.setItemNumber.dwr HTTP/1.1" 200 78
116.238.97.31 - - [22/Apr/2024:09:37:12 +0800] "POST /xingrg/dwr/call/plaincall/AjaxCheckService.setItemNumber.dwr HTTP/1.1" 200 78
116.238.97.31 - - [22/Apr/2024:09:37:13 +0800] "POST /xingrg/dwr/call/plaincall/AjaxCheckService.setItemNumber.dwr HTTP/1.1" 200 78
120.253.135.82 - - [22/Apr/2024:09:37:14 +0800] "GET /xingrg/all/function/internal_message.html?_=1713749679127&CODE_STATE=getMsg HTTP/1.1" 200 27
61.170.234.72 - - [22/Apr/2024:09:37:14 +0800] "GET /xingrg/kc/buy/cgsh_order_operate.html?command=get_materiel&rest_code=00106&code=00101008286&supplier_code=00100008&order_time=2024-04-22 HTTP/1.1" 200 408
116.238.97.31 - - [22/Apr/2024:09:37:16 +0800] "GET /xingrg/kc/base/check_order_info.html?code=452024042100121 HTTP/1.1" 200 26518
116.238.97.31 - - [22/Apr/2024:09:37:16 +0800] "GET /xingrg/dwr/interface/AjaxComOrderService.js HTTP/1.1" 200 18264
116.238.97.31 - - [22/Apr/2024:09:37:16 +0800] "GET /xingrg/dwr/interface/AjaxCheckService.js HTTP/1.1" 200 14003
116.238.97.31 - - [22/Apr/2024:09:37:16 +0800] "GET /xingrg/dwr/engine.js HTTP/1.1" 200 43631
116.238.97.31 - - [22/Apr/2024:09:37:17 +0800] "POST /xingrg/dwr/call/plaincall/AjaxCheckService.loadOrderItems.dwr HTTP/1.1" 200 113286
101.80.230.31 - - [22/Apr/2024:09:37:18 +0800] "GET /xingrg/kc/buy/cgsh_order_operate.html?command=get_materiel&rest_code=00156&code=00101008636&supplier_code=00100487&order_time=2024-04-22 HTTP/1.1" 200 421
221.239.169.251 - - [22/Apr/2024:09:37:20 +0800] "GET /xingrg/all/function/internal_message.html?_=1713749838806&CODE_STATE=getMsg HTTP/1.1" 200 27
116.232.195.13 - - [22/Apr/2024:09:37:22 +0800] "GET /xingrg/kc/buy/cgsh_order_operate.html?command=get_materiel&rest_code=00155&code=00101008196&supplier_code=00100005&order_time=2024-04-22 HTTP/1.1" 200 418
61.170.234.72 - - [22/Apr/2024:09:37:27 +0800] "GET /xingrg/kc/buy/cgsh_order_operate.html?command=get_materiel&rest_code=00106&code=00101008163&supplier_code=00100008&order_time=2024-04-22 HTTP/1.1" 200 409
116.232.195.13 - - [22/Apr/2024:09:37:28 +0800] "GET /xingrg/all/function/internal_message.html?_=1713749839507&CODE_STATE=getMsg HTTP/1.1" 200 27
116.238.97.31 - - [22/Apr/2024:09:37:29 +0800] "POST /xingrg/dwr/call/plaincall/AjaxCheckService.setItemNumber.dwr HTTP/1.1" 200 76
116.238.97.31 - - [22/Apr/2024:09:37:30 +0800] "POST /xingrg/dwr/call/plaincall/AjaxCheckService.setItemNumber.dwr HTTP/1.1" 200 76
116.224.254.208 - - [22/Apr/2024:09:37:30 +0800] "GET /xingrg/all/function/internal_message.html?_=1713749850153&CODE_STATE=getMsg HTTP/1.1" 200 27
116.238.97.31 - - [22/Apr/2024:09:37:30 +0800] "POST /xingrg/dwr/call/plaincall/AjaxCheckService.setItemNumber.dwr HTTP/1.1" 200 76
116.238.97.31 - - [22/Apr/2024:09:37:31 +0800] "POST /xingrg/dwr/call/plaincall/AjaxCheckService.setItemNumber.dwr HTTP/1.1" 200 76
116.238.97.31 - - [22/Apr/2024:09:37:31 +0800] "POST /xingrg/dwr/call/plaincall/AjaxCheckService.setItemNumber.dwr HTTP/1.1" 200 76
180.164.1.25 - - [22/Apr/2024:09:37:32 +0800] "GET /xingrg/all/function/internal_message.html?_=1713749851549&CODE_STATE=getMsg HTTP/1.1" 200 27
116.238.97.31 - - [22/Apr/2024:09:37:32 +0800] "POST /xingrg/dwr/call/plaincall/AjaxCheckService.setItemNumber.dwr HTTP/1.1" 200 76
116.238.97.31 - - [22/Apr/2024:09:37:32 +0800] "POST /xingrg/dwr/call/plaincall/AjaxCheckService.setItemNumber.dwr HTTP/1.1" 200 76
116.238.97.31 - - [22/Apr/2024:09:37:32 +0800] "POST /xingrg/dwr/call/plaincall/AjaxCheckService.setItemNumber.dwr HTTP/1.1" 200 76
116.238.97.31 - - [22/Apr/2024:09:37:33 +0800] "POST /xingrg/dwr/call/plaincall/AjaxCheckService.setItemNumber.dwr HTTP/1.1" 200 76
116.238.97.31 - - [22/Apr/2024:09:37:34 +0800] "POST /xingrg/dwr/call/plaincall/AjaxCheckService.setItemNumber.dwr HTTP/1.1" 200 77
116.238.97.31 - - [22/Apr/2024:09:37:34 +0800] "POST /xingrg/dwr/call/plaincall/AjaxCheckService.setItemNumber.dwr HTTP/1.1" 200 77
101.80.230.31 - - [22/Apr/2024:09:37:34 +0800] "POST /xingrg/kc/buy/cgsh_order_operate.html HTTP/1.1" 200 37
116.238.97.31 - - [22/Apr/2024:09:37:34 +0800] "POST /xingrg/dwr/call/plaincall/AjaxCheckService.setItemNumber.dwr HTTP/1.1" 200 77
116.238.97.31 - - [22/Apr/2024:09:37:35 +0800] "POST /xingrg/dwr/call/plaincall/AjaxCheckService.setItemNumber.dwr HTTP/1.1" 200 77
116.238.97.31 - - [22/Apr/2024:09:37:35 +0800] "POST /xingrg/dwr/call/plaincall/AjaxCheckService.setItemNumber.dwr HTTP/1.1" 200 77
116.238.97.31 - - [22/Apr/2024:09:37:36 +0800] "POST /xingrg/dwr/call/plaincall/AjaxCheckService.setItemNumber.dwr HTTP/1.1" 200 77
116.232.195.13 - - [22/Apr/2024:09:37:36 +0800] "GET /xingrg/all/function/internal_message.html?_=1713749848257&CODE_STATE=getMsg HTTP/1.1" 200 27
116.238.97.31 - - [22/Apr/2024:09:37:37 +0800] "POST /xingrg/dwr/call/plaincall/AjaxCheckService.setItemNumber.dwr HTTP/1.1" 200 77
101.80.230.31 - - [22/Apr/2024:09:37:37 +0800] "POST /xingrg/kc/buy/cgsh_order_operate.html HTTP/1.1" 200 2665
116.238.97.31 - - [22/Apr/2024:09:37:38 +0800] "POST /xingrg/dwr/call/plaincall/AjaxCheckService.setItemNumber.dwr HTTP/1.1" 200 77
124.78.56.241 - - [22/Apr/2024:09:37:38 +0800] "GET /xingrg/all/function/internal_message.html?_=1713749858353&CODE_STATE=getMsg HTTP/1.1" 200 27
116.232.195.13 - - [22/Apr/2024:09:37:38 +0800] "GET /xingrg/kc/buy/cgsh_order_operate.html?command=get_materiel&rest_code=00155&code=00101008069&supplier_code=00100005&order_time=2024-04-22 HTTP/1.1" 200 412
116.238.97.31 - - [22/Apr/2024:09:37:38 +0800] "POST /xingrg/dwr/call/plaincall/AjaxCheckService.setItemNumber.dwr HTTP/1.1" 200 77
116.238.97.31 - - [22/Apr/2024:09:37:39 +0800] "POST /xingrg/dwr/call/plaincall/AjaxCheckService.setItemNumber.dwr HTTP/1.1" 200 77
116.238.97.31 - - [22/Apr/2024:09:37:39 +0800] "POST /xingrg/dwr/call/plaincall/AjaxCheckService.setItemNumber.dwr HTTP/1.1" 200 77
116.238.97.31 - - [22/Apr/2024:09:37:39 +0800] "POST /xingrg/dwr/call/plaincall/AjaxCheckService.setItemNumber.dwr HTTP/1.1" 200 77
116.224.254.208 - - [22/Apr/2024:09:37:40 +0800] "GET /xingrg/all/function/internal_message.html?_=1713749860262&CODE_STATE=getMsg HTTP/1.1" 200 27
116.238.97.31 - - [22/Apr/2024:09:37:41 +0800] "POST /xingrg/dwr/call/plaincall/AjaxCheckService.setItemNumber.dwr HTTP/1.1" 200 77
116.238.97.31 - - [22/Apr/2024:09:37:42 +0800] "POST /xingrg/dwr/call/plaincall/AjaxCheckService.setItemNumber.dwr HTTP/1.1" 200 77
116.238.97.31 - - [22/Apr/2024:09:37:42 +0800] "POST /xingrg/dwr/call/plaincall/AjaxCheckService.setItemNumber.dwr HTTP/1.1" 200 77
116.238.97.31 - - [22/Apr/2024:09:37:42 +0800] "POST /xingrg/dwr/call/plaincall/AjaxCheckService.setItemNumber.dwr HTTP/1.1" 200 77
116.238.97.31 - - [22/Apr/2024:09:37:43 +0800] "POST /xingrg/dwr/call/plaincall/AjaxCheckService.setItemNumber.dwr HTTP/1.1" 200 77
116.238.97.31 - - [22/Apr/2024:09:37:43 +0800] "POST /xingrg/dwr/call/plaincall/AjaxCheckService.setItemNumber.dwr HTTP/1.1" 200 77
116.238.97.31 - - [22/Apr/2024:09:37:43 +0800] "POST /xingrg/dwr/call/plaincall/AjaxCheckService.setItemNumber.dwr HTTP/1.1" 200 77
116.238.97.31 - - [22/Apr/2024:09:37:44 +0800] "POST /xingrg/dwr/call/plaincall/AjaxCheckService.setItemNumber.dwr HTTP/1.1" 200 77
116.238.97.31 - - [22/Apr/2024:09:37:44 +0800] "POST /xingrg/dwr/call/plaincall/AjaxCheckService.setItemNumber.dwr HTTP/1.1" 200 77
116.238.97.31 - - [22/Apr/2024:09:37:45 +0800] "POST /xingrg/dwr/call/plaincall/AjaxCheckService.setItemNumber.dwr HTTP/1.1" 200 77
116.238.97.31 - - [22/Apr/2024:09:37:45 +0800] "POST /xingrg/dwr/call/plaincall/AjaxCheckService.setItemNumber.dwr HTTP/1.1" 200 77
61.170.234.72 - - [22/Apr/2024:09:37:45 +0800] "GET /xingrg/kc/buy/cgsh_order_operate.html?command=get_materiel&rest_code=00106&code=00101008291&supplier_code=00100008&order_time=2024-04-22 HTTP/1.1" 200 410
116.238.97.31 - - [22/Apr/2024:09:37:45 +0800] "POST /xingrg/dwr/call/plaincall/AjaxCheckService.setItemNumber.dwr HTTP/1.1" 200 77
116.238.97.31 - - [22/Apr/2024:09:37:46 +0800] "POST /xingrg/dwr/call/plaincall/AjaxCheckService.setItemNumber.dwr HTTP/1.1" 200 77
116.238.97.31 - - [22/Apr/2024:09:37:46 +0800] "POST /xingrg/dwr/call/plaincall/AjaxCheckService.setItemNumber.dwr HTTP/1.1" 200 77
116.238.97.31 - - [22/Apr/2024:09:37:47 +0800] "POST /xingrg/dwr/call/plaincall/AjaxCheckService.setItemNumber.dwr HTTP/1.1" 200 77
116.238.97.31 - - [22/Apr/2024:09:37:48 +0800] "POST /xingrg/dwr/call/plaincall/AjaxCheckService.setItemNumber.dwr HTTP/1.1" 200 77
116.238.97.31 - - [22/Apr/2024:09:37:50 +0800] "POST /xingrg/dwr/call/plaincall/AjaxCheckService.setItemNumber.dwr HTTP/1.1" 200 77
116.238.97.31 - - [22/Apr/2024:09:37:50 +0800] "POST /xingrg/dwr/call/plaincall/AjaxCheckService.setItemNumber.dwr HTTP/1.1" 200 77
116.232.195.13 - - [22/Apr/2024:09:37:50 +0800] "GET /xingrg/kc/buy/cgsh_order_operate.html?command=get_materiel&rest_code=00155&code=00101008286&supplier_code=00100005&order_time=2024-04-22 HTTP/1.1" 200 408
101.80.230.31 - - [22/Apr/2024:09:37:50 +0800] "POST /xingrg/kc/buy/cgsh_order_operate.html HTTP/1.1" 200 37
101.80.230.31 - - [22/Apr/2024:09:37:52 +0800] "POST /xingrg/kc/buy/cgsh_order_operate.html HTTP/1.1" 200 2665
116.238.97.31 - - [22/Apr/2024:09:37:52 +0800] "POST /xingrg/dwr/call/plaincall/AjaxCheckService.setItemNumber.dwr HTTP/1.1" 200 77
116.238.97.31 - - [22/Apr/2024:09:37:53 +0800] "POST /xingrg/dwr/call/plaincall/AjaxCheckService.setItemNumber.dwr HTTP/1.1" 200 77
116.238.97.31 - - [22/Apr/2024:09:37:53 +0800] "POST /xingrg/dwr/call/plaincall/AjaxCheckService.setItemNumber.dwr HTTP/1.1" 200 77
101.80.230.31 - - [22/Apr/2024:09:37:53 +0800] "GET /xingrg/kc/print/load_config.html?kc_code=cgsh HTTP/1.1" 200 1927
116.238.97.31 - - [22/Apr/2024:09:37:54 +0800] "POST /xingrg/dwr/call/plaincall/AjaxCheckService.setItemNumber.dwr HTTP/1.1" 200 77
101.80.230.31 - - [22/Apr/2024:09:37:54 +0800] "GET /xingrg/kc/print/load_data.html?order_code=212024042205877&kc_code=cgsh&condition= HTTP/1.1" 200 680
116.238.97.31 - - [22/Apr/2024:09:37:54 +0800] "POST /xingrg/dwr/call/plaincall/AjaxCheckService.setItemNumber.dwr HTTP/1.1" 200 77
116.238.97.31 - - [22/Apr/2024:09:37:55 +0800] "POST /xingrg/dwr/call/plaincall/AjaxCheckService.setItemNumber.dwr HTTP/1.1" 200 77
116.238.97.31 - - [22/Apr/2024:09:37:55 +0800] "POST /xingrg/dwr/call/plaincall/AjaxCheckService.setItemNumber.dwr HTTP/1.1" 200 77
116.238.97.31 - - [22/Apr/2024:09:37:55 +0800] "POST /xingrg/dwr/call/plaincall/AjaxCheckService.setItemNumber.dwr HTTP/1.1" 200 77
116.238.97.31 - - [22/Apr/2024:09:37:55 +0800] "POST /xingrg/dwr/call/plaincall/AjaxCheckService.setItemNumber.dwr HTTP/1.1" 200 77
116.238.97.31 - - [22/Apr/2024:09:37:56 +0800] "POST /xingrg/dwr/call/plaincall/AjaxCheckService.setItemNumber.dwr HTTP/1.1" 200 77
116.238.97.31 - - [22/Apr/2024:09:37:56 +0800] "POST /xingrg/dwr/call/plaincall/AjaxCheckService.setItemNumber.dwr HTTP/1.1" 200 77
116.238.97.31 - - [22/Apr/2024:09:37:57 +0800] "POST /xingrg/dwr/call/plaincall/AjaxCheckService.setItemNumber.dwr HTTP/1.1" 200 77
61.170.234.72 - - [22/Apr/2024:09:37:57 +0800] "GET /xingrg/kc/buy/cgsh_order_operate.html?command=get_materiel&rest_code=00106&code=00101008257&supplier_code=00100008&order_time=2024-04-22 HTTP/1.1" 200 416
116.238.97.31 - - [22/Apr/2024:09:37:57 +0800] "POST /xingrg/dwr/call/plaincall/AjaxCheckService.setItemNumber.dwr HTTP/1.1" 200 77
116.238.97.31 - - [22/Apr/2024:09:37:57 +0800] "POST /xingrg/dwr/call/plaincall/AjaxCheckService.setItemNumber.dwr HTTP/1.1" 200 77
222.69.132.2 - - [22/Apr/2024:09:37:58 +0800] "GET /xingrg/all/function/internal_message.html?_=1713749879462&CODE_STATE=getMsg HTTP/1.1" 200 27
101.80.230.31 - - [22/Apr/2024:09:37:58 +0800] "GET /xingrg/all/function/internal_message.html?_=1713749878863&CODE_STATE=getMsg HTTP/1.1" 200 27
116.238.97.31 - - [22/Apr/2024:09:37:59 +0800] "POST /xingrg/dwr/call/plaincall/AjaxCheckService.setItemNumber.dwr HTTP/1.1" 200 77
116.232.195.13 - - [22/Apr/2024:09:37:59 +0800] "GET /xingrg/all/function/internal_message.html?_=1713749870446&CODE_STATE=getMsg HTTP/1.1" 200 27
101.80.230.31 - - [22/Apr/2024:09:37:59 +0800] "GET /xingrg/kc/buy/cgsh_order_add.html HTTP/1.1" 200 74113
101.80.230.31 - - [22/Apr/2024:09:37:59 +0800] "POST /xingrg/kc/buy/cgsh_order_operate.html HTTP/1.1" 200 8245
101.80.230.31 - - [22/Apr/2024:09:37:59 +0800] "GET /xingrg/javascript/easyui/themes/default/validatebox.css HTTP/1.1" 404 1104
101.80.230.31 - - [22/Apr/2024:09:37:59 +0800] "GET /xingrg/all/common/auto_word.html?type=employee&rest_code=00156 HTTP/1.1" 200 47
101.80.230.31 - - [22/Apr/2024:09:37:59 +0800] "GET /xingrg/all/common/auto_word.html?type=employee&rest_code=00156 HTTP/1.1" 200 47
116.238.97.31 - - [22/Apr/2024:09:37:59 +0800] "POST /xingrg/dwr/call/plaincall/AjaxCheckService.setItemNumber.dwr HTTP/1.1" 200 77
222.70.244.105 - - [22/Apr/2024:09:38:01 +0800] "GET /xingrg/check_reg.html?_=1713749881127 HTTP/1.1" 302 -
116.238.97.31 - - [22/Apr/2024:09:38:01 +0800] "POST /xingrg/dwr/call/plaincall/AjaxCheckService.setItemNumber.dwr HTTP/1.1" 200 77
116.238.97.31 - - [22/Apr/2024:09:38:02 +0800] "POST /xingrg/dwr/call/plaincall/AjaxCheckService.setItemNumber.dwr HTTP/1.1" 200 77
116.238.97.31 - - [22/Apr/2024:09:38:02 +0800] "POST /xingrg/dwr/call/plaincall/AjaxCheckService.setItemNumber.dwr HTTP/1.1" 200 77
116.238.97.31 - - [22/Apr/2024:09:38:02 +0800] "POST /xingrg/dwr/call/plaincall/AjaxCheckService.setItemNumber.dwr HTTP/1.1" 200 77
116.238.97.31 - - [22/Apr/2024:09:38:03 +0800] "POST /xingrg/dwr/call/plaincall/AjaxCheckService.setItemNumber.dwr HTTP/1.1" 200 77
101.83.144.49 - - [22/Apr/2024:09:38:03 +0800] "GET /xingrg/all/function/internal_message.html?_=1713749885185&CODE_STATE=getMsg HTTP/1.1" 200 27
101.83.144.49 - - [22/Apr/2024:09:38:03 +0800] "GET /xingrg/check_reg.html?_=1713749885189 HTTP/1.1" 200 22
116.238.97.31 - - [22/Apr/2024:09:38:03 +0800] "POST /xingrg/dwr/call/plaincall/AjaxCheckService.setItemNumber.dwr HTTP/1.1" 200 77
116.238.97.31 - - [22/Apr/2024:09:38:04 +0800] "GET /xingrg/all/function/internal_message.html?_=1713749886454&CODE_STATE=getMsg HTTP/1.1" 200 27
116.232.195.13 - - [22/Apr/2024:09:38:04 +0800] "GET /xingrg/kc/buy/cgsh_order_operate.html?command=get_materiel&rest_code=00155&code=00101008131&supplier_code=00100005&order_time=2024-04-22 HTTP/1.1" 200 408
61.170.234.72 - - [22/Apr/2024:09:38:06 +0800] "GET /xingrg/all/function/internal_message.html?_=1713749882808&CODE_STATE=getMsg HTTP/1.1" 200 27
120.253.135.82 - - [22/Apr/2024:09:38:06 +0800] "GET /xingrg/check_reg.html?_=1713749731514 HTTP/1.1" 200 22
116.238.97.31 - - [22/Apr/2024:09:38:07 +0800] "POST /xingrg/dwr/call/plaincall/AjaxCheckService.setItemNumber.dwr HTTP/1.1" 200 77
61.170.234.72 - - [22/Apr/2024:09:38:07 +0800] "GET /xingrg/kc/buy/cgsh_order_operate.html?command=get_materiel&rest_code=00106&code=00101008234&supplier_code=00100008&order_time=2024-04-22 HTTP/1.1" 200 408
116.238.97.31 - - [22/Apr/2024:09:38:07 +0800] "POST /xingrg/dwr/call/plaincall/AjaxCheckService.setItemNumber.dwr HTTP/1.1" 200 77
116.238.97.31 - - [22/Apr/2024:09:38:08 +0800] "POST /xingrg/dwr/call/plaincall/AjaxCheckService.setItemNumber.dwr HTTP/1.1" 200 77
116.238.97.31 - - [22/Apr/2024:09:38:08 +0800] "POST /xingrg/dwr/call/plaincall/AjaxCheckService.setItemNumber.dwr HTTP/1.1" 200 77
116.238.97.31 - - [22/Apr/2024:09:38:09 +0800] "POST /xingrg/dwr/call/plaincall/AjaxCheckService.setItemNumber.dwr HTTP/1.1" 200 77
116.238.97.31 - - [22/Apr/2024:09:38:09 +0800] "POST /xingrg/dwr/call/plaincall/AjaxCheckService.setItemNumber.dwr HTTP/1.1" 200 77
116.238.97.31 - - [22/Apr/2024:09:38:10 +0800] "POST /xingrg/dwr/call/plaincall/AjaxCheckService.setItemNumber.dwr HTTP/1.1" 200 77
116.238.97.31 - - [22/Apr/2024:09:38:10 +0800] "POST /xingrg/dwr/call/plaincall/AjaxCheckService.setItemNumber.dwr HTTP/1.1" 200 77
116.238.97.31 - - [22/Apr/2024:09:38:10 +0800] "POST /xingrg/dwr/call/plaincall/AjaxCheckService.setItemNumber.dwr HTTP/1.1" 200 77
116.238.97.31 - - [22/Apr/2024:09:38:11 +0800] "POST /xingrg/dwr/call/plaincall/AjaxCheckService.setItemNumber.dwr HTTP/1.1" 200 77
116.238.97.31 - - [22/Apr/2024:09:38:12 +0800] "POST /xingrg/dwr/call/plaincall/AjaxCheckService.setItemNumber.dwr HTTP/1.1" 200 77
116.238.97.31 - - [22/Apr/2024:09:38:12 +0800] "POST /xingrg/dwr/call/plaincall/AjaxCheckService.setItemNumber.dwr HTTP/1.1" 200 77
116.238.97.31 - - [22/Apr/2024:09:38:13 +0800] "POST /xingrg/dwr/call/plaincall/AjaxCheckService.setItemNumber.dwr HTTP/1.1" 200 77
116.238.97.31 - - [22/Apr/2024:09:38:13 +0800] "POST /xingrg/dwr/call/plaincall/AjaxCheckService.setItemNumber.dwr HTTP/1.1" 200 77
101.80.230.31 - - [22/Apr/2024:09:38:13 +0800] "GET /xingrg/kc/buy/cgsh_order_operate.html?command=get_materiel&rest_code=00156&code=00101002064&supplier_code=00100442&order_time=2024-04-20 HTTP/1.1" 200 415
116.238.97.31 - - [22/Apr/2024:09:38:14 +0800] "POST /xingrg/dwr/call/plaincall/AjaxCheckService.setItemNumber.dwr HTTP/1.1" 200 77
120.253.135.82 - - [22/Apr/2024:09:38:14 +0800] "GET /xingrg/all/function/internal_message.html?_=1713749739147&CODE_STATE=getMsg HTTP/1.1" 200 27
61.170.234.72 - - [22/Apr/2024:09:38:15 +0800] "GET /xingrg/kc/buy/cgsh_order_operate.html?command=get_materiel&rest_code=00106&code=00101008155&supplier_code=00100008&order_time=2024-04-22 HTTP/1.1" 200 408
116.238.97.31 - - [22/Apr/2024:09:38:15 +0800] "POST /xingrg/dwr/call/plaincall/AjaxCheckService.setItemNumber.dwr HTTP/1.1" 200 77
116.238.97.31 - - [22/Apr/2024:09:38:16 +0800] "POST /xingrg/dwr/call/plaincall/AjaxCheckService.setItemNumber.dwr HTTP/1.1" 200 77
116.238.97.31 - - [22/Apr/2024:09:38:16 +0800] "POST /xingrg/dwr/call/plaincall/AjaxCheckService.setItemNumber.dwr HTTP/1.1" 200 77
116.232.195.13 - - [22/Apr/2024:09:38:16 +0800] "GET /xingrg/check_reg.html?_=1713749887885 HTTP/1.1" 200 22
116.238.97.31 - - [22/Apr/2024:09:38:16 +0800] "POST /xingrg/dwr/call/plaincall/AjaxCheckService.setItemNumber.dwr HTTP/1.1" 200 77
116.238.97.31 - - [22/Apr/2024:09:38:17 +0800] "POST /xingrg/dwr/call/plaincall/AjaxCheckService.setItemNumber.dwr HTTP/1.1" 200 77
116.238.97.31 - - [22/Apr/2024:09:38:17 +0800] "POST /xingrg/dwr/call/plaincall/AjaxCheckService.setItemNumber.dwr HTTP/1.1" 200 77
116.232.195.13 - - [22/Apr/2024:09:38:17 +0800] "GET /xingrg/kc/buy/cgsh_order_operate.html?command=get_materiel&rest_code=00155&code=00101008271&supplier_code=00100005&order_time=2024-04-22 HTTP/1.1" 200 408
116.238.97.31 - - [22/Apr/2024:09:38:17 +0800] "POST /xingrg/dwr/call/plaincall/AjaxCheckService.setItemNumber.dwr HTTP/1.1" 200 77
116.238.97.31 - - [22/Apr/2024:09:38:18 +0800] "POST /xingrg/dwr/call/plaincall/AjaxCheckService.setItemNumber.dwr HTTP/1.1" 200 77
116.238.97.31 - - [22/Apr/2024:09:38:18 +0800] "POST /xingrg/dwr/call/plaincall/AjaxCheckService.setItemNumber.dwr HTTP/1.1" 200 77
116.238.97.31 - - [22/Apr/2024:09:38:18 +0800] "POST /xingrg/dwr/call/plaincall/AjaxCheckService.setItemNumber.dwr HTTP/1.1" 200 77
221.239.169.251 - - [22/Apr/2024:09:38:20 +0800] "GET /xingrg/all/function/internal_message.html?_=1713749898807&CODE_STATE=getMsg HTTP/1.1" 200 27
116.238.97.31 - - [22/Apr/2024:09:38:21 +0800] "POST /xingrg/dwr/call/plaincall/AjaxCheckService.setItemNumber.dwr HTTP/1.1" 200 77
116.224.254.208 - - [22/Apr/2024:09:38:21 +0800] "GET /xingrg/javascript/jquery_easy_ui/themes/default/images/tabs_active.png HTTP/1.1" 304 -
116.238.97.31 - - [22/Apr/2024:09:38:22 +0800] "POST /xingrg/dwr/call/plaincall/AjaxCheckService.setItemNumber.dwr HTTP/1.1" 200 77
116.232.195.13 - - [22/Apr/2024:09:38:22 +0800] "POST /xingrg/kc/buy/cgsh_order_operate.html HTTP/1.1" 200 2065
116.238.97.31 - - [22/Apr/2024:09:38:22 +0800] "POST /xingrg/dwr/call/plaincall/AjaxCheckService.setItemNumber.dwr HTTP/1.1" 200 77
116.224.254.208 - - [22/Apr/2024:09:38:22 +0800] "GET /xingrg/javascript/jquery_easy_ui/themes/default/images/button_plain_hover.png HTTP/1.1" 304 -
116.238.97.31 - - [22/Apr/2024:09:38:23 +0800] "POST /xingrg/dwr/call/plaincall/AjaxCheckService.setItemNumber.dwr HTTP/1.1" 200 77
116.224.254.208 - - [22/Apr/2024:09:38:23 +0800] "GET /xingrg/kc/mdqp/qqps_order_add.html HTTP/1.1" 200 28250
116.224.254.208 - - [22/Apr/2024:09:38:23 +0800] "GET /xingrg/javascript/auto/jquery.autocomplete.css HTTP/1.1" 304 -
116.224.254.208 - - [22/Apr/2024:09:38:23 +0800] "GET /xingrg/javascript/auto/jquery.autocomplete.js HTTP/1.1" 304 -
116.224.254.208 - - [22/Apr/2024:09:38:23 +0800] "GET /xingrg/javascript/tools/jquery.qtip-1.0.0-rc3.min.js HTTP/1.1" 304 -
116.224.254.208 - - [22/Apr/2024:09:38:24 +0800] "GET /xingrg/dwr/interface/AjaxComOrderService.js HTTP/1.1" 200 18264
116.224.254.208 - - [22/Apr/2024:09:38:24 +0800] "GET /xingrg/dwr/interface/AjaxQqpsService.js HTTP/1.1" 200 16326
116.224.254.208 - - [22/Apr/2024:09:38:24 +0800] "GET /xingrg/dwr/engine.js HTTP/1.1" 200 43631
116.224.254.208 - - [22/Apr/2024:09:38:24 +0800] "GET /xingrg/javascript/AjaxInfoList.js HTTP/1.1" 304 -
116.224.254.208 - - [22/Apr/2024:09:38:24 +0800] "GET /xingrg/javascript/Grid.js HTTP/1.1" 304 -
116.224.254.208 - - [22/Apr/2024:09:38:24 +0800] "GET /xingrg/javascript/print/kc_print.js HTTP/1.1" 304 -
116.224.254.208 - - [22/Apr/2024:09:38:24 +0800] "GET /xingrg/javascript/print/LodopFuncs.js HTTP/1.1" 304 -
116.224.254.208 - - [22/Apr/2024:09:38:24 +0800] "GET /xingrg/words/20240421095404_words.js HTTP/1.1" 200 1020889
116.238.97.31 - - [22/Apr/2024:09:38:24 +0800] "POST /xingrg/dwr/call/plaincall/AjaxCheckService.setItemNumber.dwr HTTP/1.1" 200 77
116.224.254.208 - - [22/Apr/2024:09:38:24 +0800] "GET /xingrg/javascript/jquery_easy_ui/themes/icons/template_new.png HTTP/1.1" 304 -
116.224.254.208 - - [22/Apr/2024:09:38:24 +0800] "GET /xingrg/javascript/jquery_easy_ui/themes/icons/copy_new.png HTTP/1.1" 304 -
116.224.254.208 - - [22/Apr/2024:09:38:24 +0800] "GET /xingrg/javascript/jquery_easy_ui/themes/icons/ok.png HTTP/1.1" 304 -
116.224.254.208 - - [22/Apr/2024:09:38:24 +0800] "GET /xingrg/javascript/jquery_easy_ui/themes/icons/print.png HTTP/1.1" 304 -
116.224.254.208 - - [22/Apr/2024:09:38:24 +0800] "GET /xingrg/javascript/jquery_easy_ui/themes/default/images/menu_downarrow.png HTTP/1.1" 304 -
116.224.254.208 - - [22/Apr/2024:09:38:24 +0800] "GET /xingrg/javascript/jquery_easy_ui/themes/icons/back_new.png HTTP/1.1" 304 -
116.224.254.208 - - [22/Apr/2024:09:38:24 +0800] "GET /xingrg/images/blue/button/kc_tab_add.gif HTTP/1.1" 304 -
116.224.254.208 - - [22/Apr/2024:09:38:24 +0800] "GET /xingrg/images/blue/button/kc_tab_edit.gif HTTP/1.1" 304 -
116.224.254.208 - - [22/Apr/2024:09:38:24 +0800] "GET /xingrg/images/blue/button/kc_tab_save.gif HTTP/1.1" 304 -
116.224.254.208 - - [22/Apr/2024:09:38:24 +0800] "GET /xingrg/images/blue/button/kc_tab_del.gif HTTP/1.1" 304 -
116.224.254.208 - - [22/Apr/2024:09:38:24 +0800] "GET /xingrg/javascript/jquery_easy_ui/themes/default/images/combo_arrow_dot.gif HTTP/1.1" 304 -
116.224.254.208 - - [22/Apr/2024:09:38:24 +0800] "GET /xingrg/images/blue/kc_tab_left.gif HTTP/1.1" 304 -
116.224.254.208 - - [22/Apr/2024:09:38:24 +0800] "GET /xingrg/images/blue/kc_tab_mid.gif HTTP/1.1" 304 -
116.224.254.208 - - [22/Apr/2024:09:38:24 +0800] "GET /xingrg/images/blue/kc_tab_right.gif HTTP/1.1" 304 -
116.224.254.208 - - [22/Apr/2024:09:38:24 +0800] "GET /xingrg/images/blue/kc_tab2_left.gif HTTP/1.1" 304 -
116.224.254.208 - - [22/Apr/2024:09:38:24 +0800] "GET /xingrg/images/blue/kc_tab2_right.gif HTTP/1.1" 304 -
116.238.97.31 - - [22/Apr/2024:09:38:24 +0800] "POST /xingrg/dwr/call/plaincall/AjaxCheckService.setItemNumber.dwr HTTP/1.1" 200 77
116.238.97.31 - - [22/Apr/2024:09:38:25 +0800] "POST /xingrg/dwr/call/plaincall/AjaxCheckService.setItemNumber.dwr HTTP/1.1" 200 77
116.238.97.31 - - [22/Apr/2024:09:38:25 +0800] "POST /xingrg/dwr/call/plaincall/AjaxCheckService.setItemNumber.dwr HTTP/1.1" 200 77
116.238.97.31 - - [22/Apr/2024:09:38:26 +0800] "POST /xingrg/dwr/call/plaincall/AjaxCheckService.setItemNumber.dwr HTTP/1.1" 200 77
116.238.97.31 - - [22/Apr/2024:09:38:26 +0800] "POST /xingrg/dwr/call/plaincall/AjaxCheckService.setItemNumber.dwr HTTP/1.1" 200 77
116.238.97.31 - - [22/Apr/2024:09:38:27 +0800] "POST /xingrg/dwr/call/plaincall/AjaxCheckService.setItemNumber.dwr HTTP/1.1" 200 77
116.238.97.31 - - [22/Apr/2024:09:38:27 +0800] "POST /xingrg/dwr/call/plaincall/AjaxCheckService.setItemNumber.dwr HTTP/1.1" 200 77
116.238.97.31 - - [22/Apr/2024:09:38:27 +0800] "POST /xingrg/dwr/call/plaincall/AjaxCheckService.setItemNumber.dwr HTTP/1.1" 200 77
116.232.195.13 - - [22/Apr/2024:09:38:28 +0800] "GET /xingrg/all/function/internal_message.html?_=1713749899474&CODE_STATE=getMsg HTTP/1.1" 200 27
116.238.97.31 - - [22/Apr/2024:09:38:28 +0800] "POST /xingrg/dwr/call/plaincall/AjaxCheckService.setItemNumber.dwr HTTP/1.1" 200 78
116.238.97.31 - - [22/Apr/2024:09:38:29 +0800] "POST /xingrg/dwr/call/plaincall/AjaxCheckService.setItemNumber.dwr HTTP/1.1" 200 78
116.238.97.31 - - [22/Apr/2024:09:38:29 +0800] "POST /xingrg/dwr/call/plaincall/AjaxCheckService.setItemNumber.dwr HTTP/1.1" 200 78
116.238.97.31 - - [22/Apr/2024:09:38:30 +0800] "POST /xingrg/dwr/call/plaincall/AjaxCheckService.setItemNumber.dwr HTTP/1.1" 200 78
116.224.254.208 - - [22/Apr/2024:09:38:30 +0800] "GET /xingrg/check_reg.html?_=1713749910155 HTTP/1.1" 200 22
116.224.254.208 - - [22/Apr/2024:09:38:30 +0800] "GET /xingrg/all/function/internal_message.html?_=1713749910157&CODE_STATE=getMsg HTTP/1.1" 200 27
116.238.97.31 - - [22/Apr/2024:09:38:31 +0800] "POST /xingrg/dwr/call/plaincall/AjaxCheckService.setItemNumber.dwr HTTP/1.1" 200 78
180.164.1.25 - - [22/Apr/2024:09:38:32 +0800] "GET /xingrg/all/function/internal_message.html?_=1713749911539&CODE_STATE=getMsg HTTP/1.1" 200 27
61.170.234.72 - - [22/Apr/2024:09:38:32 +0800] "GET /xingrg/kc/buy/cgsh_order_operate.html?command=get_materiel&rest_code=00106&code=00101008350&supplier_code=00100008&order_time=2024-04-22 HTTP/1.1" 200 408
180.164.1.25 - - [22/Apr/2024:09:38:32 +0800] "GET /xingrg/check_reg.html?_=1713749911714 HTTP/1.1" 200 22
116.238.97.31 - - [22/Apr/2024:09:38:32 +0800] "POST /xingrg/dwr/call/plaincall/AjaxCheckService.setItemNumber.dwr HTTP/1.1" 200 78
116.238.97.31 - - [22/Apr/2024:09:38:32 +0800] "POST /xingrg/dwr/call/plaincall/AjaxCheckService.setItemNumber.dwr HTTP/1.1" 200 78
116.238.97.31 - - [22/Apr/2024:09:38:33 +0800] "POST /xingrg/dwr/call/plaincall/AjaxCheckService.setItemNumber.dwr HTTP/1.1" 200 78
116.238.97.31 - - [22/Apr/2024:09:38:33 +0800] "POST /xingrg/dwr/call/plaincall/AjaxCheckService.setItemNumber.dwr HTTP/1.1" 200 78
116.238.97.31 - - [22/Apr/2024:09:38:34 +0800] "POST /xingrg/dwr/call/plaincall/AjaxCheckService.setItemNumber.dwr HTTP/1.1" 200 78
116.238.97.31 - - [22/Apr/2024:09:38:34 +0800] "POST /xingrg/dwr/call/plaincall/AjaxCheckService.setItemNumber.dwr HTTP/1.1" 200 78
116.238.97.31 - - [22/Apr/2024:09:38:35 +0800] "POST /xingrg/dwr/call/plaincall/AjaxCheckService.setItemNumber.dwr HTTP/1.1" 200 78
116.238.97.31 - - [22/Apr/2024:09:38:35 +0800] "POST /xingrg/dwr/call/plaincall/AjaxCheckService.setItemNumber.dwr HTTP/1.1" 200 78
116.238.97.31 - - [22/Apr/2024:09:38:35 +0800] "POST /xingrg/dwr/call/plaincall/AjaxCheckService.setItemNumber.dwr HTTP/1.1" 200 78
116.232.195.13 - - [22/Apr/2024:09:38:36 +0800] "GET /xingrg/kc/buy/cgsh_order_operate.html?command=get_materiel&rest_code=00155&code=00101008353&supplier_code=00100005&order_time=2024-04-22 HTTP/1.1" 200 408
116.238.97.31 - - [22/Apr/2024:09:38:36 +0800] "POST /xingrg/dwr/call/plaincall/AjaxCheckService.setItemNumber.dwr HTTP/1.1" 200 78
116.238.97.31 - - [22/Apr/2024:09:38:36 +0800] "POST /xingrg/dwr/call/plaincall/AjaxCheckService.setItemNumber.dwr HTTP/1.1" 200 78
116.232.195.13 - - [22/Apr/2024:09:38:36 +0800] "GET /xingrg/all/function/internal_message.html?_=1713749908250&CODE_STATE=getMsg HTTP/1.1" 200 27
124.78.56.241 - - [22/Apr/2024:09:38:38 +0800] "GET /xingrg/all/function/internal_message.html?_=1713749918337&CODE_STATE=getMsg HTTP/1.1" 200 27
116.238.97.31 - - [22/Apr/2024:09:38:38 +0800] "POST /xingrg/dwr/call/plaincall/AjaxCheckService.setItemNumber.dwr HTTP/1.1" 200 78
116.238.97.31 - - [22/Apr/2024:09:38:39 +0800] "POST /xingrg/dwr/call/plaincall/AjaxCheckService.setItemNumber.dwr HTTP/1.1" 200 78
101.80.230.31 - - [22/Apr/2024:09:38:39 +0800] "GET /xingrg/kc/buy/cgsh_order_operate.html?command=get_materiel&rest_code=00156&code=00101005039&supplier_code=00100442&order_time=2024-04-20 HTTP/1.1" 200 419
116.238.97.31 - - [22/Apr/2024:09:38:40 +0800] "POST /xingrg/dwr/call/plaincall/AjaxCheckService.setItemNumber.dwr HTTP/1.1" 200 78
116.224.254.208 - - [22/Apr/2024:09:38:40 +0800] "GET /xingrg/check_reg.html?_=1713749920244 HTTP/1.1" 200 22
116.224.254.208 - - [22/Apr/2024:09:38:40 +0800] "GET /xingrg/all/function/internal_message.html?_=1713749920248&CODE_STATE=getMsg HTTP/1.1" 200 27
116.238.97.31 - - [22/Apr/2024:09:38:40 +0800] "POST /xingrg/dwr/call/plaincall/AjaxCheckService.setItemNumber.dwr HTTP/1.1" 200 78
116.238.97.31 - - [22/Apr/2024:09:38:40 +0800] "POST /xingrg/dwr/call/plaincall/AjaxCheckService.setItemNumber.dwr HTTP/1.1" 200 78
116.238.97.31 - - [22/Apr/2024:09:38:41 +0800] "POST /xingrg/dwr/call/plaincall/AjaxCheckService.setItemNumber.dwr HTTP/1.1" 200 78
116.238.97.31 - - [22/Apr/2024:09:38:41 +0800] "POST /xingrg/dwr/call/plaincall/AjaxCheckService.setItemNumber.dwr HTTP/1.1" 200 78
116.238.97.31 - - [22/Apr/2024:09:38:42 +0800] "POST /xingrg/dwr/call/plaincall/AjaxCheckService.setItemNumber.dwr HTTP/1.1" 200 78
116.238.97.31 - - [22/Apr/2024:09:38:42 +0800] "POST /xingrg/dwr/call/plaincall/AjaxCheckService.setItemNumber.dwr HTTP/1.1" 200 78
116.238.97.31 - - [22/Apr/2024:09:38:43 +0800] "POST /xingrg/dwr/call/plaincall/AjaxCheckService.setItemNumber.dwr HTTP/1.1" 200 78
116.238.97.31 - - [22/Apr/2024:09:38:44 +0800] "POST /xingrg/dwr/call/plaincall/AjaxCheckService.setItemNumber.dwr HTTP/1.1" 200 78
116.238.97.31 - - [22/Apr/2024:09:38:44 +0800] "POST /xingrg/dwr/call/plaincall/AjaxCheckService.setItemNumber.dwr HTTP/1.1" 200 78
116.238.97.31 - - [22/Apr/2024:09:38:45 +0800] "POST /xingrg/dwr/call/plaincall/AjaxCheckService.setItemNumber.dwr HTTP/1.1" 200 78
