124.78.56.241 - - [21/Apr/2024:10:32:02 +0800] "GET /xingrg/all/function/internal_message.html?_=1713666722521&CODE_STATE=getMsg HTTP/1.1" 200 27
222.69.134.233 - - [21/Apr/2024:10:32:06 +0800] "GET /xingrg/all/function/internal_message.html?_=1713666728030&CODE_STATE=getMsg HTTP/1.1" 200 27
222.70.183.82 - - [21/Apr/2024:10:32:08 +0800] "GET /xingrg/all/function/internal_message.html?_=1713666725267&CODE_STATE=getMsg HTTP/1.1" 200 27
221.239.169.251 - - [21/Apr/2024:10:32:18 +0800] "GET /xingrg/all/function/internal_message.html?_=1713666737640&CODE_STATE=getMsg HTTP/1.1" 200 27
116.238.125.103 - - [21/Apr/2024:10:32:20 +0800] "GET /xingrg/all/function/internal_message.html?_=1713666742770&CODE_STATE=getMsg HTTP/1.1" 200 27
116.232.195.13 - - [21/Apr/2024:10:32:20 +0800] "GET /xingrg/all/function/internal_message.html?_=1713666733879&CODE_STATE=getMsg HTTP/1.1" 200 27
124.78.158.161 - - [21/Apr/2024:10:32:24 +0800] "GET /xingrg/all/function/internal_message.html?_=1713666741237&CODE_STATE=getMsg HTTP/1.1" 200 27
116.224.254.208 - - [21/Apr/2024:10:32:30 +0800] "GET /xingrg/all/function/internal_message.html?_=1713666750288&CODE_STATE=getMsg HTTP/1.1" 200 27
180.164.1.25 - - [21/Apr/2024:10:32:32 +0800] "GET /xingrg/all/function/internal_message.html?_=1713666752027&CODE_STATE=getMsg HTTP/1.1" 200 27
116.238.97.31 - - [21/Apr/2024:10:32:39 +0800] "GET /xingrg/check_reg.html?_=1713666765913 HTTP/1.1" 200 22
116.238.97.31 - - [21/Apr/2024:10:32:39 +0800] "GET /xingrg/all/function/internal_message.html?_=1713666765911&CODE_STATE=getMsg HTTP/1.1" 200 27
101.83.144.49 - - [21/Apr/2024:10:32:41 +0800] "GET /xingrg/all/function/internal_message.html?_=1713666762842&CODE_STATE=getMsg HTTP/1.1" 200 27
116.228.172.94 - - [21/Apr/2024:10:32:42 +0800] "GET /xingrg/all/function/internal_message.html?_=1713666305822&CODE_STATE=getMsg HTTP/1.1" 200 27
101.83.144.49 - - [21/Apr/2024:10:32:50 +0800] "GET /xingrg/kc/buy/cgsh_order_operate.html?command=get_materiel&rest_code=00105&code=00101010761&supplier_code=00100547&order_time=2024-04-21 HTTP/1.1" 200 460
222.70.240.29 - - [21/Apr/2024:10:32:50 +0800] "GET /xingrg/check_reg.html?_=1713666792665 HTTP/1.1" 302 -
120.253.135.82 - - [21/Apr/2024:10:32:58 +0800] "GET /xingrg/all/function/internal_message.html?_=1713666624107&CODE_STATE=getMsg HTTP/1.1" 200 27
116.238.97.31 - - [21/Apr/2024:10:33:00 +0800] "GET /xingrg/check_reg.html?_=1713666780272 HTTP/1.1" 200 22
116.238.97.31 - - [21/Apr/2024:10:33:00 +0800] "GET /xingrg/all/function/internal_message.html?_=1713666780791&CODE_STATE=getMsg HTTP/1.1" 200 27
124.78.56.241 - - [21/Apr/2024:10:33:02 +0800] "GET /xingrg/all/function/internal_message.html?_=1713666782516&CODE_STATE=getMsg HTTP/1.1" 200 27
116.238.97.31 - - [21/Apr/2024:10:33:05 +0800] "POST /xingrg/services/DataTransmitService HTTP/1.1" 200 524
222.69.134.233 - - [21/Apr/2024:10:33:06 +0800] "GET /xingrg/all/function/internal_message.html?_=1713666788028&CODE_STATE=getMsg HTTP/1.1" 200 27
222.69.134.233 - - [21/Apr/2024:10:33:06 +0800] "GET /xingrg/check_reg.html?_=1713666788076 HTTP/1.1" 200 22
116.238.97.31 - - [21/Apr/2024:10:33:07 +0800] "POST /xingrg/services/DataTransmitService HTTP/1.1" 200 412
124.78.158.161 - - [21/Apr/2024:10:33:08 +0800] "POST /xingrg/services/DataTransmitService HTTP/1.1" 200 524
222.70.183.82 - - [21/Apr/2024:10:33:08 +0800] "GET /xingrg/all/function/internal_message.html?_=1713666785251&CODE_STATE=getMsg HTTP/1.1" 200 27
116.232.195.13 - - [21/Apr/2024:10:33:18 +0800] "GET /xingrg/check_reg.html?_=1713666791890 HTTP/1.1" 200 22
221.239.169.251 - - [21/Apr/2024:10:33:18 +0800] "GET /xingrg/all/function/internal_message.html?_=1713666797644&CODE_STATE=getMsg HTTP/1.1" 200 27
101.83.144.49 - - [21/Apr/2024:10:33:19 +0800] "GET /xingrg/kc/buy/cgsh_order_operate.html?command=get_materiel&rest_code=00105&code=00101010353&supplier_code=00100547&order_time=2024-04-21 HTTP/1.1" 200 417
116.238.125.103 - - [21/Apr/2024:10:33:20 +0800] "GET /xingrg/all/function/internal_message.html?_=1713666802789&CODE_STATE=getMsg HTTP/1.1" 200 27
116.232.195.13 - - [21/Apr/2024:10:33:20 +0800] "GET /xingrg/all/function/internal_message.html?_=1713666793865&CODE_STATE=getMsg HTTP/1.1" 200 27
124.78.158.161 - - [21/Apr/2024:10:33:24 +0800] "GET /xingrg/all/function/internal_message.html?_=1713666801208&CODE_STATE=getMsg HTTP/1.1" 200 27
124.78.158.161 - - [21/Apr/2024:10:33:24 +0800] "GET /xingrg/check_reg.html?_=1713666801246 HTTP/1.1" 200 22
180.164.1.25 - - [21/Apr/2024:10:33:29 +0800] "GET /xingrg/check_reg.html?_=1713666809465 HTTP/1.1" 200 22
116.224.254.208 - - [21/Apr/2024:10:33:30 +0800] "GET /xingrg/all/function/internal_message.html?_=1713666810273&CODE_STATE=getMsg HTTP/1.1" 200 27
180.164.1.25 - - [21/Apr/2024:10:33:32 +0800] "GET /xingrg/all/function/internal_message.html?_=1713666812005&CODE_STATE=getMsg HTTP/1.1" 200 27
116.238.97.31 - - [21/Apr/2024:10:33:38 +0800] "POST /xingrg/kc/base/wldb_order_operate.html HTTP/1.1" 200 37
116.238.97.31 - - [21/Apr/2024:10:33:39 +0800] "GET /xingrg/all/function/internal_message.html?_=1713666825912&CODE_STATE=getMsg HTTP/1.1" 200 27
116.238.97.31 - - [21/Apr/2024:10:33:39 +0800] "POST /xingrg/kc/base/wldb_order_operate.html HTTP/1.1" 200 6666
116.238.97.31 - - [21/Apr/2024:10:33:40 +0800] "GET /xingrg/kc/base/wldb_order_info.html?code=422024042101322 HTTP/1.1" 200 30395
116.238.97.31 - - [21/Apr/2024:10:33:40 +0800] "GET /xingrg/words/20240421095404_words.js HTTP/1.1" 304 -
116.238.97.31 - - [21/Apr/2024:10:33:41 +0800] "GET /xingrg/javascript/easyui/themes/default/validatebox.css HTTP/1.1" 404 1104
101.83.144.49 - - [21/Apr/2024:10:33:41 +0800] "GET /xingrg/all/function/internal_message.html?_=1713666822824&CODE_STATE=getMsg HTTP/1.1" 200 27
116.238.97.31 - - [21/Apr/2024:10:33:41 +0800] "POST /xingrg/kc/base/wldb_order_operate.html HTTP/1.1" 200 6666
116.228.172.94 - - [21/Apr/2024:10:33:42 +0800] "GET /xingrg/all/function/internal_message.html?_=1713666365822&CODE_STATE=getMsg HTTP/1.1" 200 27
120.253.135.82 - - [21/Apr/2024:10:33:45 +0800] "POST /xingrg/kc/pszx/mdps_list_operate.html HTTP/1.1" 200 2057
116.238.97.31 - - [21/Apr/2024:10:33:45 +0800] "GET /xingrg/kc/base/wldb_order_add.html HTTP/1.1" 200 30378
116.238.97.31 - - [21/Apr/2024:10:33:45 +0800] "POST /xingrg/kc/base/wldb_order_operate.html HTTP/1.1" 200 6806
116.238.97.31 - - [21/Apr/2024:10:33:45 +0800] "GET /xingrg/javascript/easyui/themes/default/validatebox.css HTTP/1.1" 404 1104
120.253.135.82 - - [21/Apr/2024:10:33:47 +0800] "POST /xingrg/kc/pszx/mdps_list_operate.html HTTP/1.1" 200 594
116.238.97.31 - - [21/Apr/2024:10:33:49 +0800] "POST /xingrg/all/common/load_combo.html?type=base HTTP/1.1" 200 3321
116.238.97.31 - - [21/Apr/2024:10:33:54 +0800] "POST /xingrg/all/common/load_combo.html?type=base HTTP/1.1" 200 3321
101.83.144.49 - - [21/Apr/2024:10:33:55 +0800] "GET /xingrg/kc/buy/cgsh_order_operate.html?command=get_materiel&rest_code=00105&code=00101010394&supplier_code=00100547&order_time=2024-04-21 HTTP/1.1" 200 432
120.253.135.82 - - [21/Apr/2024:10:33:55 +0800] "GET /xingrg/kc/base/wlsy_order_list.html?syType=1 HTTP/1.1" 200 17171
120.253.135.82 - - [21/Apr/2024:10:33:55 +0800] "POST /xingrg/kc/pszx/mdps_list_operate.html HTTP/1.1" 200 2057
120.253.135.82 - - [21/Apr/2024:10:33:55 +0800] "POST /xingrg/kc/base/wlsy_list_operate.html?syType=1 HTTP/1.1" 200 862
120.253.135.82 - - [21/Apr/2024:10:33:58 +0800] "GET /xingrg/kc/base/wlsy_order_add.html?syType=1 HTTP/1.1" 200 28587
120.253.135.82 - - [21/Apr/2024:10:33:59 +0800] "POST /xingrg/kc/base/wlsy_order_operate.html HTTP/1.1" 200 6806
120.253.135.82 - - [21/Apr/2024:10:33:59 +0800] "GET /xingrg/all/function/internal_message.html?_=1713666684627&CODE_STATE=getMsg HTTP/1.1" 200 27
120.253.135.82 - - [21/Apr/2024:10:33:59 +0800] "GET /xingrg/javascript/easyui/themes/default/validatebox.css HTTP/1.1" 404 1104
116.238.97.31 - - [21/Apr/2024:10:34:00 +0800] "GET /xingrg/all/function/internal_message.html?_=1713666840772&CODE_STATE=getMsg HTTP/1.1" 200 27
120.253.135.82 - - [21/Apr/2024:10:34:01 +0800] "POST /xingrg/all/common/load_combo.html?type=base HTTP/1.1" 200 1169
124.78.56.241 - - [21/Apr/2024:10:34:02 +0800] "GET /xingrg/all/function/internal_message.html?_=1713666842488&CODE_STATE=getMsg HTTP/1.1" 200 27
120.253.135.82 - - [21/Apr/2024:10:34:04 +0800] "GET /xingrg/javascript/easyui/themes/default/tree.css HTTP/1.1" 404 1090
120.253.135.82 - - [21/Apr/2024:10:34:04 +0800] "POST /xingrg/all/common/load_tree.html?tree=employee_tree_json HTTP/1.1" 200 26225
120.253.135.82 - - [21/Apr/2024:10:34:05 +0800] "GET /xingrg/javascript/easyui/themes/default/images/tree_arrows.gif HTTP/1.1" 304 -
120.253.135.82 - - [21/Apr/2024:10:34:05 +0800] "GET /xingrg/javascript/easyui/themes/default/images/tree_folder_open.gif HTTP/1.1" 304 -
120.253.135.82 - - [21/Apr/2024:10:34:05 +0800] "GET /xingrg/javascript/easyui/themes/icons/areas.png HTTP/1.1" 304 -
120.253.135.82 - - [21/Apr/2024:10:34:05 +0800] "GET /xingrg/javascript/easyui/themes/icons/rest.png HTTP/1.1" 304 -
120.253.135.82 - - [21/Apr/2024:10:34:05 +0800] "GET /xingrg/javascript/easyui/themes/icons/accept_new.png HTTP/1.1" 304 -
222.69.134.233 - - [21/Apr/2024:10:34:06 +0800] "GET /xingrg/all/function/internal_message.html?_=1713666848023&CODE_STATE=getMsg HTTP/1.1" 200 27
222.70.183.82 - - [21/Apr/2024:10:34:08 +0800] "GET /xingrg/all/function/internal_message.html?_=1713666845223&CODE_STATE=getMsg HTTP/1.1" 200 27
222.70.183.82 - - [21/Apr/2024:10:34:09 +0800] "GET /xingrg/check_reg.html?_=1713666846347 HTTP/1.1" 200 22
120.253.135.82 - - [21/Apr/2024:10:34:14 +0800] "GET /xingrg/kc/base/wlsy_order_operate.html?command=get_materiel&rest_code=00101&base_code=0010246&code=00101013190 HTTP/1.1" 200 415
221.239.169.251 - - [21/Apr/2024:10:34:18 +0800] "GET /xingrg/all/function/internal_message.html?_=1713666857665&CODE_STATE=getMsg HTTP/1.1" 200 27
116.238.125.103 - - [21/Apr/2024:10:34:20 +0800] "GET /xingrg/all/function/internal_message.html?_=1713666862774&CODE_STATE=getMsg HTTP/1.1" 200 27
116.232.195.13 - - [21/Apr/2024:10:34:20 +0800] "GET /xingrg/all/function/internal_message.html?_=1713666853848&CODE_STATE=getMsg HTTP/1.1" 200 27
120.253.135.82 - - [21/Apr/2024:10:34:21 +0800] "POST /xingrg/kc/base/wlsy_order_operate.html HTTP/1.1" 200 37
120.253.135.82 - - [21/Apr/2024:10:34:21 +0800] "POST /xingrg/kc/base/wlsy_order_operate.html HTTP/1.1" 200 2155
120.253.135.82 - - [21/Apr/2024:10:34:23 +0800] "POST /xingrg/kc/base/wlsy_list_operate.html?syType=1 HTTP/1.1" 200 1675
180.163.29.219 - - [21/Apr/2024:10:34:24 +0800] "GET /xingrg/all/function/internal_message.html?_=1713666801208&CODE_STATE=getMsg HTTP/1.1" 302 -
180.163.29.219 - - [21/Apr/2024:10:34:24 +0800] "GET /xingrg/login.html HTTP/1.1" 200 7641
180.163.30.27 - - [21/Apr/2024:10:34:24 +0800] "GET /xingrg/check_reg.html?_=1713666801246 HTTP/1.1" 302 -
124.78.158.161 - - [21/Apr/2024:10:34:24 +0800] "GET /xingrg/all/function/internal_message.html?_=1713666861182&CODE_STATE=getMsg HTTP/1.1" 200 27
180.163.30.27 - - [21/Apr/2024:10:34:24 +0800] "GET /xingrg/login.html HTTP/1.1" 200 7641
120.253.135.82 - - [21/Apr/2024:10:34:24 +0800] "POST /xingrg/kc/base/wlsy_list_operate.html?syType=1 HTTP/1.1" 200 201
120.253.135.82 - - [21/Apr/2024:10:34:25 +0800] "GET /xingrg/kc/base/wlsy_order_info.html?code=412024042100007 HTTP/1.1" 200 28682
120.253.135.82 - - [21/Apr/2024:10:34:25 +0800] "GET /xingrg/javascript/easyui/themes/default/validatebox.css HTTP/1.1" 404 1104
120.253.135.82 - - [21/Apr/2024:10:34:25 +0800] "POST /xingrg/kc/base/wlsy_order_operate.html HTTP/1.1" 200 2155
120.253.135.82 - - [21/Apr/2024:10:34:29 +0800] "POST /xingrg/kc/base/wlsy_order_operate.html HTTP/1.1" 200 37
120.253.135.82 - - [21/Apr/2024:10:34:29 +0800] "POST /xingrg/kc/base/wlsy_order_operate.html HTTP/1.1" 200 2155
116.224.254.208 - - [21/Apr/2024:10:34:30 +0800] "GET /xingrg/all/function/internal_message.html?_=1713666870271&CODE_STATE=getMsg HTTP/1.1" 200 27
116.224.254.208 - - [21/Apr/2024:10:34:30 +0800] "GET /xingrg/check_reg.html?_=1713666870274 HTTP/1.1" 200 22
180.164.1.25 - - [21/Apr/2024:10:34:32 +0800] "GET /xingrg/all/function/internal_message.html?_=1713666871985&CODE_STATE=getMsg HTTP/1.1" 200 27
120.253.135.82 - - [21/Apr/2024:10:34:32 +0800] "POST /xingrg/kc/base/wlsy_order_operate.html HTTP/1.1" 200 12
120.253.135.82 - - [21/Apr/2024:10:34:35 +0800] "POST /xingrg/kc/base/wlsy_list_operate.html?syType=1 HTTP/1.1" 200 862
116.238.97.31 - - [21/Apr/2024:10:34:39 +0800] "GET /xingrg/all/function/internal_message.html?_=1713666885914&CODE_STATE=getMsg HTTP/1.1" 200 27
101.83.144.49 - - [21/Apr/2024:10:34:41 +0800] "GET /xingrg/all/function/internal_message.html?_=1713666882801&CODE_STATE=getMsg HTTP/1.1" 200 27
116.228.172.94 - - [21/Apr/2024:10:34:42 +0800] "GET /xingrg/all/function/internal_message.html?_=1713666425816&CODE_STATE=getMsg HTTP/1.1" 200 27
101.83.144.49 - - [21/Apr/2024:10:34:44 +0800] "GET /xingrg/kc/buy/cgsh_order_operate.html?command=get_materiel&rest_code=00105&code=00101015100&supplier_code=00100327&order_time=2024-04-21 HTTP/1.1" 200 426
116.235.94.6 - - [21/Apr/2024:10:34:47 +0800] "GET /xingrg/check_reg.html?_=1713666885034 HTTP/1.1" 302 -
116.238.97.31 - - [21/Apr/2024:10:35:00 +0800] "GET /xingrg/all/function/internal_message.html?_=1713666900762&CODE_STATE=getMsg HTTP/1.1" 200 27
116.238.97.31 - - [21/Apr/2024:10:35:02 +0800] "GET /xingrg/kc/base/wldb_order_operate.html?command=get_materiel&rest_code=00102&base_code=0010476&code=00101016049 HTTP/1.1" 200 445
124.78.56.241 - - [21/Apr/2024:10:35:02 +0800] "GET /xingrg/all/function/internal_message.html?_=1713666902472&CODE_STATE=getMsg HTTP/1.1" 200 27
222.70.183.82 - - [21/Apr/2024:10:35:03 +0800] "GET /xingrg/kc/buy/cgsh_order_add.html HTTP/1.1" 200 73989
222.70.183.82 - - [21/Apr/2024:10:35:04 +0800] "GET /xingrg/words/20240421095404_words.js HTTP/1.1" 200 1020889
222.70.183.82 - - [21/Apr/2024:10:35:04 +0800] "POST /xingrg/kc/buy/cgsh_order_operate.html HTTP/1.1" 200 8245
222.70.183.82 - - [21/Apr/2024:10:35:04 +0800] "GET /xingrg/javascript/easyui/themes/default/validatebox.css HTTP/1.1" 404 1104
222.69.134.233 - - [21/Apr/2024:10:35:06 +0800] "GET /xingrg/all/function/internal_message.html?_=1713666908011&CODE_STATE=getMsg HTTP/1.1" 200 27
222.70.183.82 - - [21/Apr/2024:10:35:08 +0800] "GET /xingrg/all/function/internal_message.html?_=1713666905203&CODE_STATE=getMsg HTTP/1.1" 200 27
116.238.97.31 - - [21/Apr/2024:10:35:13 +0800] "GET /xingrg/kc/base/wldb_order_operate.html?command=get_materiel&rest_code=00102&base_code=0010476&code=00101013226 HTTP/1.1" 200 443
101.83.144.49 - - [21/Apr/2024:10:35:16 +0800] "GET /xingrg/kc/buy/cgsh_order_operate.html?command=get_materiel&rest_code=00105&code=00101006389&supplier_code=00100327&order_time=2024-04-21 HTTP/1.1" 200 404
116.232.195.13 - - [21/Apr/2024:10:35:17 +0800] "POST /xingrg/services/DataTransmitService HTTP/1.1" 200 524
221.239.169.251 - - [21/Apr/2024:10:35:18 +0800] "GET /xingrg/check_reg.html?_=1713666917700 HTTP/1.1" 200 22
221.239.169.251 - - [21/Apr/2024:10:35:18 +0800] "GET /xingrg/all/function/internal_message.html?_=1713666917666&CODE_STATE=getMsg HTTP/1.1" 200 27
116.238.125.103 - - [21/Apr/2024:10:35:20 +0800] "GET /xingrg/all/function/internal_message.html?_=1713666922778&CODE_STATE=getMsg HTTP/1.1" 200 27
116.232.195.13 - - [21/Apr/2024:10:35:20 +0800] "GET /xingrg/all/function/internal_message.html?_=1713666913829&CODE_STATE=getMsg HTTP/1.1" 200 27
124.78.158.161 - - [21/Apr/2024:10:35:24 +0800] "GET /xingrg/all/function/internal_message.html?_=1713666921152&CODE_STATE=getMsg HTTP/1.1" 200 27
101.83.144.49 - - [21/Apr/2024:10:35:27 +0800] "GET /xingrg/kc/buy/cgsh_order_operate.html?command=get_materiel&rest_code=00105&code=00101008145&supplier_code=00100327&order_time=2024-04-21 HTTP/1.1" 200 417
116.224.254.208 - - [21/Apr/2024:10:35:30 +0800] "GET /xingrg/all/function/internal_message.html?_=1713666930268&CODE_STATE=getMsg HTTP/1.1" 200 27
180.164.1.25 - - [21/Apr/2024:10:35:32 +0800] "GET /xingrg/all/function/internal_message.html?_=1713666931964&CODE_STATE=getMsg HTTP/1.1" 200 27
116.228.172.94 - - [21/Apr/2024:10:35:33 +0800] "GET /xingrg/check_reg.html?_=1713666476498 HTTP/1.1" 200 22
116.238.97.31 - - [21/Apr/2024:10:35:33 +0800] "POST /xingrg/kc/base/wldb_order_operate.html HTTP/1.1" 200 37
120.253.135.82 - - [21/Apr/2024:10:35:34 +0800] "GET /xingrg/login.html HTTP/1.1" 200 7641
116.238.97.31 - - [21/Apr/2024:10:35:34 +0800] "POST /xingrg/kc/base/wldb_order_operate.html HTTP/1.1" 200 2675
116.238.97.31 - - [21/Apr/2024:10:35:35 +0800] "GET /xingrg/kc/base/wldb_order_info.html?code=422024042101323 HTTP/1.1" 200 30394
101.83.144.49 - - [21/Apr/2024:10:35:36 +0800] "POST /xingrg/kc/buy/cgsh_order_operate.html HTTP/1.1" 200 37
116.238.97.31 - - [21/Apr/2024:10:35:36 +0800] "GET /xingrg/javascript/easyui/themes/default/validatebox.css HTTP/1.1" 404 1104
120.253.135.82 - - [21/Apr/2024:10:35:36 +0800] "GET /favicon.ico HTTP/1.1" 404 -
116.238.97.31 - - [21/Apr/2024:10:35:37 +0800] "POST /xingrg/kc/base/wldb_order_operate.html HTTP/1.1" 200 2675
101.83.144.49 - - [21/Apr/2024:10:35:38 +0800] "POST /xingrg/kc/buy/cgsh_order_operate.html HTTP/1.1" 200 3863
116.238.97.31 - - [21/Apr/2024:10:35:39 +0800] "GET /xingrg/kc/base/wldb_order_add.html HTTP/1.1" 200 30378
116.238.97.31 - - [21/Apr/2024:10:35:39 +0800] "POST /xingrg/kc/base/wldb_order_operate.html HTTP/1.1" 200 6806
101.83.144.49 - - [21/Apr/2024:10:35:39 +0800] "GET /xingrg/kc/print/load_data.html?order_code=212024042105699&kc_code=cgsh&condition= HTTP/1.1" 200 1139
116.238.97.31 - - [21/Apr/2024:10:35:39 +0800] "GET /xingrg/javascript/easyui/themes/default/validatebox.css HTTP/1.1" 404 1104
101.83.144.49 - - [21/Apr/2024:10:35:41 +0800] "GET /xingrg/all/function/internal_message.html?_=1713666942799&CODE_STATE=getMsg HTTP/1.1" 200 27
120.253.135.82 - - [21/Apr/2024:10:35:41 +0800] "POST /xingrg/login.do HTTP/1.1" 302 -
120.253.135.82 - - [21/Apr/2024:10:35:41 +0800] "GET /xingrg/index.html?sysBaseUrl=http%3A%2F%2F180.169.147.146%3A18081%2Fxingrg%2F&costTime=937×tamp=1713666941716 HTTP/1.1" 200 17173
120.253.135.82 - - [21/Apr/2024:10:35:41 +0800] "GET /xingrg/javascript/jquery-1.4.2.min.js HTTP/1.1" 304 -
120.253.135.82 - - [21/Apr/2024:10:35:41 +0800] "GET /xingrg/javascript/jquery_easy_ui/easyui-lang-zh_CN.js HTTP/1.1" 304 -
120.253.135.82 - - [21/Apr/2024:10:35:41 +0800] "GET /xingrg/javascript/jquery_easy_ui/jquery.easyui.min.js HTTP/1.1" 304 -
120.253.135.82 - - [21/Apr/2024:10:35:41 +0800] "GET /xingrg/javascript/jquery_easy_ui/themes/default/easyui.css HTTP/1.1" 304 -
120.253.135.82 - - [21/Apr/2024:10:35:41 +0800] "GET /xingrg/css/form.css HTTP/1.1" 304 -
120.253.135.82 - - [21/Apr/2024:10:35:41 +0800] "GET /xingrg/javascript/jquery_easy_ui/themes/icon.css HTTP/1.1" 304 -
120.253.135.82 - - [21/Apr/2024:10:35:41 +0800] "GET /xingrg/javascript/jquery.timers.js HTTP/1.1" 304 -
120.253.135.82 - - [21/Apr/2024:10:35:41 +0800] "GET /xingrg/javascript/jquery.utils.js HTTP/1.1" 304 -
120.253.135.82 - - [21/Apr/2024:10:35:41 +0800] "GET /xingrg/javascript/jquery.form.js HTTP/1.1" 304 -
120.253.135.82 - - [21/Apr/2024:10:35:42 +0800] "GET /favicon.ico HTTP/1.1" 404 -
120.253.135.82 - - [21/Apr/2024:10:35:42 +0800] "POST /xingrg/all/common/load_tree.html?tree=area_rest_tree_json&manage=1 HTTP/1.1" 200 344
120.253.135.82 - - [21/Apr/2024:10:35:42 +0800] "GET /xingrg/all/function/internal_message.html?_=1713666787802&CODE_STATE=count HTTP/1.1" 200 11
120.253.135.82 - - [21/Apr/2024:10:35:42 +0800] "GET /xingrg/check_reg.html?_=1713666787803 HTTP/1.1" 200 22
120.253.135.82 - - [21/Apr/2024:10:35:42 +0800] "POST /xingrg/load_menu.html HTTP/1.1" 200 6743
116.228.172.94 - - [21/Apr/2024:10:35:42 +0800] "GET /xingrg/all/function/internal_message.html?_=1713666485823&CODE_STATE=getMsg HTTP/1.1" 200 27
101.83.144.49 - - [21/Apr/2024:10:35:44 +0800] "GET /xingrg/kc/buy/cgsh_order_add.html HTTP/1.1" 200 74116
101.83.144.49 - - [21/Apr/2024:10:35:44 +0800] "GET /xingrg/javascript/easyui/themes/default/validatebox.css HTTP/1.1" 404 1104
101.83.144.49 - - [21/Apr/2024:10:35:44 +0800] "POST /xingrg/kc/buy/cgsh_order_operate.html HTTP/1.1" 200 8245
120.253.135.82 - - [21/Apr/2024:10:35:46 +0800] "GET /xingrg/kc/pszx/mdqp_order_list.html?state=10 HTTP/1.1" 200 10759
120.253.135.82 - - [21/Apr/2024:10:35:46 +0800] "GET /xingrg/javascript/Calendar.js HTTP/1.1" 304 -
120.253.135.82 - - [21/Apr/2024:10:35:46 +0800] "GET /xingrg/dwr/util.js HTTP/1.1" 304 -
120.253.135.82 - - [21/Apr/2024:10:35:46 +0800] "GET /xingrg/dwr/interface/AjaxQqpsService.js HTTP/1.1" 200 16326
120.253.135.82 - - [21/Apr/2024:10:35:46 +0800] "GET /xingrg/css/blue.css HTTP/1.1" 304 -
120.253.135.82 - - [21/Apr/2024:10:35:46 +0800] "GET /xingrg/dwr/interface/AjaxReportQueryService.js HTTP/1.1" 200 13203
120.253.135.82 - - [21/Apr/2024:10:35:46 +0800] "GET /xingrg/javascript/myfunction.js HTTP/1.1" 304 -
120.253.135.82 - - [21/Apr/2024:10:35:46 +0800] "GET /xingrg/javascript/pic_change.js HTTP/1.1" 304 -
120.253.135.82 - - [21/Apr/2024:10:35:46 +0800] "GET /xingrg/dwr/engine.js HTTP/1.1" 200 43631
120.253.135.82 - - [21/Apr/2024:10:35:48 +0800] "GET /xingrg/kc/pszx/mdps_order_list.html?orderType=0 HTTP/1.1" 200 21033
120.253.135.82 - - [21/Apr/2024:10:35:48 +0800] "GET /xingrg/css/site.css HTTP/1.1" 304 -
120.253.135.82 - - [21/Apr/2024:10:35:48 +0800] "GET /xingrg/javascript/easyui/themes/icon.css HTTP/1.1" 304 -
120.253.135.82 - - [21/Apr/2024:10:35:48 +0800] "GET /xingrg/javascript/easyui/themes/default/easyui.css HTTP/1.1" 304 -
120.253.135.82 - - [21/Apr/2024:10:35:48 +0800] "GET /xingrg/javascript/auto/jquery.autocomplete.css HTTP/1.1" 304 -
120.253.135.82 - - [21/Apr/2024:10:35:48 +0800] "GET /xingrg/css/base.css HTTP/1.1" 304 -
120.253.135.82 - - [21/Apr/2024:10:35:48 +0800] "GET /xingrg/javascript/jquery_tools/fix.css HTTP/1.1" 304 -
120.253.135.82 - - [21/Apr/2024:10:35:48 +0800] "GET /xingrg/javascript/jquery_tools/datebox.css HTTP/1.1" 304 -
120.253.135.82 - - [21/Apr/2024:10:35:48 +0800] "GET /xingrg/javascript/jquery_tools/table.css HTTP/1.1" 304 -
120.253.135.82 - - [21/Apr/2024:10:35:48 +0800] "GET /xingrg/javascript/jquery_tools/jquery.tools.min.js HTTP/1.1" 304 -
120.253.135.82 - - [21/Apr/2024:10:35:48 +0800] "GET /xingrg/javascript/jquery_tools/jquery.tools.extend.js HTTP/1.1" 304 -
120.253.135.82 - - [21/Apr/2024:10:35:48 +0800] "GET /xingrg/javascript/jquery_tools/jquery.tools.hotkey.js HTTP/1.1" 304 -
120.253.135.82 - - [21/Apr/2024:10:35:48 +0800] "GET /xingrg/javascript/auto/jquery.autocomplete.js HTTP/1.1" 304 -
120.253.135.82 - - [21/Apr/2024:10:35:48 +0800] "GET /xingrg/javascript/jquery_tools/list_manager.js HTTP/1.1" 304 -
120.253.135.82 - - [21/Apr/2024:10:35:48 +0800] "GET /xingrg/javascript/jquery_tools/jquery.tools.table.js HTTP/1.1" 304 -
120.253.135.82 - - [21/Apr/2024:10:35:48 +0800] "GET /xingrg/javascript/easyui/easyloader.js HTTP/1.1" 304 -
120.253.135.82 - - [21/Apr/2024:10:35:48 +0800] "GET /xingrg/javascript/print/LodopFuncs.js HTTP/1.1" 304 -
120.253.135.82 - - [21/Apr/2024:10:35:48 +0800] "GET /xingrg/javascript/jquery.cookie.js HTTP/1.1" 304 -
120.253.135.82 - - [21/Apr/2024:10:35:50 +0800] "GET /xingrg/javascript/easyui/plugins/jquery.parser.js HTTP/1.1" 304 -
120.253.135.82 - - [21/Apr/2024:10:35:50 +0800] "POST /xingrg/kc/pszx/mdps_list_operate.html HTTP/1.1" 200 5267
120.253.135.82 - - [21/Apr/2024:10:35:55 +0800] "GET /xingrg/javascript/auto/indicator.gif HTTP/1.1" 404 1066
101.83.144.49 - - [21/Apr/2024:10:35:58 +0800] "GET /xingrg/kc/buy/cgsh_order_operate.html?command=get_materiel&rest_code=00105&code=00101006364&supplier_code=00100331&order_time=2024-04-21 HTTP/1.1" 200 430
124.78.56.241 - - [21/Apr/2024:10:36:00 +0800] "GET /xingrg/check_reg.html?_=1713666960859 HTTP/1.1" 200 22
116.238.97.31 - - [21/Apr/2024:10:36:00 +0800] "GET /xingrg/all/function/internal_message.html?_=1713666960743&CODE_STATE=getMsg HTTP/1.1" 200 27
120.253.135.82 - - [21/Apr/2024:10:36:01 +0800] "POST /xingrg/kc/pszx/mdps_list_operate.html HTTP/1.1" 200 2057
124.78.56.241 - - [21/Apr/2024:10:36:02 +0800] "GET /xingrg/all/function/internal_message.html?_=1713666962458&CODE_STATE=getMsg HTTP/1.1" 200 27
120.253.135.82 - - [21/Apr/2024:10:36:03 +0800] "POST /xingrg/kc/pszx/mdps_list_operate.html HTTP/1.1" 200 199
120.253.135.82 - - [21/Apr/2024:10:36:04 +0800] "POST /xingrg/kc/pszx/mdps_list_operate.html HTTP/1.1" 200 594
120.253.135.82 - - [21/Apr/2024:10:36:05 +0800] "GET /xingrg/kc/pszx/mdps_order_info.html?code=312024042100352 HTTP/1.1" 200 23976
120.253.135.82 - - [21/Apr/2024:10:36:05 +0800] "GET /xingrg/javascript/jquery_tools/order_manager.js HTTP/1.1" 304 -
120.253.135.82 - - [21/Apr/2024:10:36:05 +0800] "GET /xingrg/javascript/json2.js HTTP/1.1" 304 -
120.253.135.82 - - [21/Apr/2024:10:36:05 +0800] "GET /xingrg/javascript/print/kc_print.js HTTP/1.1" 304 -
120.253.135.82 - - [21/Apr/2024:10:36:05 +0800] "GET /xingrg/javascript/convert.js HTTP/1.1" 304 -
120.253.135.82 - - [21/Apr/2024:10:36:05 +0800] "GET /xingrg/words/20240421095404_words.js HTTP/1.1" 304 -
120.253.135.82 - - [21/Apr/2024:10:36:05 +0800] "GET /xingrg/javascript/easyui/themes/default/validatebox.css HTTP/1.1" 404 1104
120.253.135.82 - - [21/Apr/2024:10:36:05 +0800] "GET /xingrg/javascript/easyui/plugins/jquery.validatebox.js HTTP/1.1" 304 -
120.253.135.82 - - [21/Apr/2024:10:36:06 +0800] "GET /xingrg/javascript/easyui/plugins/jquery.numberbox.js HTTP/1.1" 304 -
120.253.135.82 - - [21/Apr/2024:10:36:06 +0800] "GET /xingrg/all/common/auto_word.html?type=base&rest_code=00101 HTTP/1.1" 200 671
222.69.134.233 - - [21/Apr/2024:10:36:06 +0800] "GET /xingrg/all/function/internal_message.html?_=1713666967995&CODE_STATE=getMsg HTTP/1.1" 200 27
120.253.135.82 - - [21/Apr/2024:10:36:06 +0800] "POST /xingrg/kc/pszx/mdps_order_operate.html HTTP/1.1" 200 4761
222.70.183.82 - - [21/Apr/2024:10:36:06 +0800] "GET /xingrg/kc/buy/cgsh_order_operate.html?command=get_materiel&rest_code=00111&code=00101005037&supplier_code=00100042&order_time=2024-04-21 HTTP/1.1" 200 409
222.70.183.82 - - [21/Apr/2024:10:36:08 +0800] "GET /xingrg/all/function/internal_message.html?_=1713666965187&CODE_STATE=getMsg HTTP/1.1" 200 27
101.83.144.49 - - [21/Apr/2024:10:36:12 +0800] "GET /xingrg/kc/buy/cgsh_order_operate.html?command=get_materiel&rest_code=00105&code=00101015220&supplier_code=00100331&order_time=2024-04-21 HTTP/1.1" 200 418
116.238.97.31 - - [21/Apr/2024:10:36:14 +0800] "GET /xingrg/kc/base/wldb_order_operate.html?command=get_materiel&rest_code=00102&base_code=0010476&code=00101019066 HTTP/1.1" 200 455
222.70.183.82 - - [21/Apr/2024:10:36:18 +0800] "GET /xingrg/kc/buy/cgsh_order_operate.html?command=get_materiel&rest_code=00111&code=00101002048&supplier_code=00100042&order_time=2024-04-21 HTTP/1.1" 200 432
221.239.169.251 - - [21/Apr/2024:10:36:18 +0800] "GET /xingrg/all/function/internal_message.html?_=1713666977660&CODE_STATE=getMsg HTTP/1.1" 200 27
116.238.97.31 - - [21/Apr/2024:10:36:19 +0800] "GET /xingrg/kc/base/wldb_order_operate.html?command=get_materiel&rest_code=00102&base_code=0010476&code=00101016113 HTTP/1.1" 200 422
116.238.125.103 - - [21/Apr/2024:10:36:20 +0800] "GET /xingrg/all/function/internal_message.html?_=1713666982768&CODE_STATE=getMsg HTTP/1.1" 200 27
116.238.125.103 - - [21/Apr/2024:10:36:20 +0800] "GET /xingrg/check_reg.html?_=1713666982775 HTTP/1.1" 200 22
116.232.195.13 - - [21/Apr/2024:10:36:20 +0800] "GET /xingrg/all/function/internal_message.html?_=1713666973813&CODE_STATE=getMsg HTTP/1.1" 200 27
124.78.158.161 - - [21/Apr/2024:10:36:24 +0800] "GET /xingrg/all/function/internal_message.html?_=1713666981140&CODE_STATE=getMsg HTTP/1.1" 200 27
101.83.144.49 - - [21/Apr/2024:10:36:25 +0800] "POST /xingrg/kc/buy/cgsh_order_operate.html HTTP/1.1" 200 37
101.83.144.49 - - [21/Apr/2024:10:36:27 +0800] "POST /xingrg/kc/buy/cgsh_order_operate.html HTTP/1.1" 200 3271
101.83.144.49 - - [21/Apr/2024:10:36:29 +0800] "GET /xingrg/kc/print/load_data.html?order_code=212024042105700&kc_code=cgsh&condition= HTTP/1.1" 200 917
116.224.254.208 - - [21/Apr/2024:10:36:30 +0800] "GET /xingrg/all/function/internal_message.html?_=1713666990275&CODE_STATE=getMsg HTTP/1.1" 200 27
180.164.1.25 - - [21/Apr/2024:10:36:32 +0800] "GET /xingrg/all/function/internal_message.html?_=1713666991945&CODE_STATE=getMsg HTTP/1.1" 200 27
101.83.144.49 - - [21/Apr/2024:10:36:33 +0800] "GET /xingrg/kc/buy/cgsh_order_add.html HTTP/1.1" 200 74116
222.70.183.82 - - [21/Apr/2024:10:36:33 +0800] "POST /xingrg/kc/buy/cgsh_order_operate.html HTTP/1.1" 200 37
101.83.144.49 - - [21/Apr/2024:10:36:34 +0800] "GET /xingrg/javascript/easyui/themes/default/validatebox.css HTTP/1.1" 404 1104
101.83.144.49 - - [21/Apr/2024:10:36:34 +0800] "POST /xingrg/kc/buy/cgsh_order_operate.html HTTP/1.1" 200 8245
116.238.97.31 - - [21/Apr/2024:10:36:36 +0800] "POST /xingrg/kc/base/wldb_order_operate.html HTTP/1.1" 200 37
120.253.135.82 - - [21/Apr/2024:10:36:36 +0800] "POST /xingrg/kc/pszx/mdps_order_operate.html HTTP/1.1" 200 37
116.238.97.31 - - [21/Apr/2024:10:36:37 +0800] "POST /xingrg/kc/base/wldb_order_operate.html HTTP/1.1" 200 2203
120.253.135.82 - - [21/Apr/2024:10:36:38 +0800] "GET /xingrg/kc/pszx/mdps_order_info.html?code=312024042100352 HTTP/1.1" 200 23976
116.238.97.31 - - [21/Apr/2024:10:36:38 +0800] "GET /xingrg/kc/base/wldb_order_info.html?code=422024042101324 HTTP/1.1" 200 30388
116.238.97.31 - - [21/Apr/2024:10:36:38 +0800] "GET /xingrg/javascript/easyui/themes/default/validatebox.css HTTP/1.1" 404 1104
120.253.135.82 - - [21/Apr/2024:10:36:38 +0800] "GET /xingrg/javascript/easyui/themes/default/validatebox.css HTTP/1.1" 404 1104
120.253.135.82 - - [21/Apr/2024:10:36:39 +0800] "POST /xingrg/kc/pszx/mdps_order_operate.html HTTP/1.1" 200 4281
116.238.97.31 - - [21/Apr/2024:10:36:39 +0800] "POST /xingrg/kc/base/wldb_order_operate.html HTTP/1.1" 200 2203
101.83.144.49 - - [21/Apr/2024:10:36:41 +0800] "GET /xingrg/check_reg.html?_=1713667002766 HTTP/1.1" 200 22
101.83.144.49 - - [21/Apr/2024:10:36:41 +0800] "GET /xingrg/all/function/internal_message.html?_=1713667002770&CODE_STATE=getMsg HTTP/1.1" 200 27
120.253.135.82 - - [21/Apr/2024:10:36:42 +0800] "GET /xingrg/all/function/internal_message.html?_=1713666847805&CODE_STATE=getMsg HTTP/1.1" 200 27
116.228.172.94 - - [21/Apr/2024:10:36:42 +0800] "GET /xingrg/all/function/internal_message.html?_=1713666545819&CODE_STATE=getMsg HTTP/1.1" 200 27
120.253.135.82 - - [21/Apr/2024:10:36:42 +0800] "GET /xingrg/kc/pszx/mdps_order_info.html?code=312024042100351 HTTP/1.1" 200 23976
222.70.183.82 - - [21/Apr/2024:10:36:42 +0800] "POST /xingrg/kc/buy/cgsh_order_operate.html HTTP/1.1" 200 12
120.253.135.82 - - [21/Apr/2024:10:36:43 +0800] "GET /xingrg/javascript/easyui/themes/default/validatebox.css HTTP/1.1" 404 1104
120.253.135.82 - - [21/Apr/2024:10:36:43 +0800] "POST /xingrg/kc/pszx/mdps_order_operate.html HTTP/1.1" 200 2280
120.253.135.82 - - [21/Apr/2024:10:36:45 +0800] "POST /xingrg/kc/pszx/mdps_list_operate.html HTTP/1.1" 200 2057
116.238.97.31 - - [21/Apr/2024:10:36:46 +0800] "POST /xingrg/kc/base/wldb_list_operate.html HTTP/1.1" 200 2929
120.253.135.82 - - [21/Apr/2024:10:36:49 +0800] "GET /xingrg/kc/pszx/mdps_order_list.html?orderType=0 HTTP/1.1" 200 21033
120.253.135.82 - - [21/Apr/2024:10:36:50 +0800] "POST /xingrg/kc/pszx/mdps_list_operate.html HTTP/1.1" 200 5267
101.83.144.49 - - [21/Apr/2024:10:36:50 +0800] "GET /xingrg/kc/buy/cgsh_order_operate.html?command=get_materiel&rest_code=00105&code=00101020479&supplier_code=00100325&order_time=2024-04-21 HTTP/1.1" 200 415
120.253.135.82 - - [21/Apr/2024:10:36:52 +0800] "GET /xingrg/kc/pszx/mdqp_order_list.html?state=10 HTTP/1.1" 200 10759
120.253.135.82 - - [21/Apr/2024:10:36:53 +0800] "GET /xingrg/dwr/interface/AjaxQqpsService.js HTTP/1.1" 200 16326
120.253.135.82 - - [21/Apr/2024:10:36:53 +0800] "GET /xingrg/dwr/engine.js HTTP/1.1" 200 43631
120.253.135.82 - - [21/Apr/2024:10:36:53 +0800] "GET /xingrg/dwr/interface/AjaxReportQueryService.js HTTP/1.1" 200 13203
120.253.135.82 - - [21/Apr/2024:10:36:55 +0800] "GET /xingrg/kc/pszx/mdps_order_list.html?orderType=0 HTTP/1.1" 200 21033
120.253.135.82 - - [21/Apr/2024:10:36:55 +0800] "POST /xingrg/kc/pszx/mdps_list_operate.html HTTP/1.1" 200 5267
116.238.97.31 - - [21/Apr/2024:10:37:00 +0800] "GET /xingrg/all/function/internal_message.html?_=1713667020714&CODE_STATE=getMsg HTTP/1.1" 200 27
124.78.56.241 - - [21/Apr/2024:10:37:02 +0800] "GET /xingrg/all/function/internal_message.html?_=1713667022443&CODE_STATE=getMsg HTTP/1.1" 200 27
101.83.144.49 - - [21/Apr/2024:10:37:02 +0800] "POST /xingrg/kc/buy/cgsh_order_operate.html HTTP/1.1" 200 37
222.69.134.233 - - [21/Apr/2024:10:37:06 +0800] "GET /xingrg/all/function/internal_message.html?_=1713667028013&CODE_STATE=getMsg HTTP/1.1" 200 27
101.83.144.49 - - [21/Apr/2024:10:37:06 +0800] "POST /xingrg/kc/buy/cgsh_order_operate.html HTTP/1.1" 200 2660
101.83.144.49 - - [21/Apr/2024:10:37:09 +0800] "GET /xingrg/kc/print/load_data.html?order_code=212024042105702&kc_code=cgsh&condition= HTTP/1.1" 200 677
101.83.144.49 - - [21/Apr/2024:10:37:14 +0800] "GET /xingrg/kc/buy/cgsh_order_add.html HTTP/1.1" 200 74116
101.83.144.49 - - [21/Apr/2024:10:37:14 +0800] "GET /xingrg/javascript/easyui/themes/default/validatebox.css HTTP/1.1" 404 1104
101.83.144.49 - - [21/Apr/2024:10:37:14 +0800] "POST /xingrg/kc/buy/cgsh_order_operate.html HTTP/1.1" 200 8245
221.239.169.251 - - [21/Apr/2024:10:37:18 +0800] "GET /xingrg/all/function/internal_message.html?_=1713667037663&CODE_STATE=getMsg HTTP/1.1" 200 27
124.78.158.161 - - [21/Apr/2024:10:37:19 +0800] "GET /xingrg/kc/base/base_main.html HTTP/1.1" 200 12142
116.238.125.103 - - [21/Apr/2024:10:37:20 +0800] "GET /xingrg/all/function/internal_message.html?_=1713667042774&CODE_STATE=getMsg HTTP/1.1" 200 27
124.78.158.161 - - [21/Apr/2024:10:37:20 +0800] "GET /xingrg/kc/mdqp/qp_main.html HTTP/1.1" 200 10633
116.232.195.13 - - [21/Apr/2024:10:37:20 +0800] "GET /xingrg/all/function/internal_message.html?_=1713667033794&CODE_STATE=getMsg HTTP/1.1" 200 27
124.78.158.161 - - [21/Apr/2024:10:37:22 +0800] "GET /xingrg/images/yd/bt.gif HTTP/1.1" 404 1040
124.78.158.161 - - [21/Apr/2024:10:37:23 +0800] "GET /xingrg/kc/mdqp/pssh_order_list.html HTTP/1.1" 200 17845
222.70.183.82 - - [21/Apr/2024:10:37:23 +0800] "GET /xingrg/kc/buy/cgsh_order_info.html?code=212024042105701 HTTP/1.1" 200 68861
124.78.158.161 - - [21/Apr/2024:10:37:23 +0800] "POST /xingrg/kc/mdqp/pssh_list_operate.html HTTP/1.1" 200 5234
180.163.29.219 - - [21/Apr/2024:10:37:24 +0800] "GET /xingrg/all/function/internal_message.html?_=1713666981140&CODE_STATE=getMsg HTTP/1.1" 302 -
124.78.158.161 - - [21/Apr/2024:10:37:24 +0800] "GET /xingrg/all/function/internal_message.html?_=1713667041118&CODE_STATE=getMsg HTTP/1.1" 200 27
180.163.29.219 - - [21/Apr/2024:10:37:24 +0800] "GET /xingrg/login.html HTTP/1.1" 200 7641
222.70.183.82 - - [21/Apr/2024:10:37:25 +0800] "GET /xingrg/javascript/easyui/themes/default/validatebox.css HTTP/1.1" 404 1104
124.78.158.161 - - [21/Apr/2024:10:37:25 +0800] "POST /xingrg/kc/mdqp/pssh_list_operate.html HTTP/1.1" 200 784
222.70.183.82 - - [21/Apr/2024:10:37:26 +0800] "POST /xingrg/kc/buy/cgsh_order_operate.html HTTP/1.1" 200 1195
124.78.158.161 - - [21/Apr/2024:10:37:27 +0800] "GET /xingrg/kc/mdqp/pssh_order_info.html?code=312024042100340 HTTP/1.1" 200 17275
101.83.144.49 - - [21/Apr/2024:10:37:27 +0800] "GET /xingrg/kc/buy/cgsh_order_operate.html?command=get_materiel&rest_code=00105&code=00101004017&supplier_code=00100323&order_time=2024-04-21 HTTP/1.1" 200 413
124.78.158.161 - - [21/Apr/2024:10:37:27 +0800] "GET /xingrg/javascript/jquery_tools/jquery-1.4.2.min.js HTTP/1.1" 404 1094
124.78.158.161 - - [21/Apr/2024:10:37:27 +0800] "GET /xingrg/words/20240421095404_words.js HTTP/1.1" 304 -
124.78.158.161 - - [21/Apr/2024:10:37:28 +0800] "POST /xingrg/kc/mdqp/pssh_order_operate.html HTTP/1.1" 200 4769
124.78.158.161 - - [21/Apr/2024:10:37:28 +0800] "GET /xingrg/javascript/easyui/themes/default/validatebox.css HTTP/1.1" 404 1104
124.78.158.161 - - [21/Apr/2024:10:37:28 +0800] "GET /xingrg/all/common/auto_word.html?type=base&rest_code=00106&rest_code=00106 HTTP/1.1" 200 1799
116.224.254.208 - - [21/Apr/2024:10:37:30 +0800] "GET /xingrg/all/function/internal_message.html?_=1713667050272&CODE_STATE=getMsg HTTP/1.1" 200 27
222.70.183.82 - - [21/Apr/2024:10:37:30 +0800] "GET /xingrg/kc/print/load_data.html?order_code=212024042105701&kc_code=cgsh&condition= HTTP/1.1" 200 956
180.164.1.25 - - [21/Apr/2024:10:37:32 +0800] "GET /xingrg/all/function/internal_message.html?_=1713667051919&CODE_STATE=getMsg HTTP/1.1" 200 27
116.232.195.13 - - [21/Apr/2024:10:37:34 +0800] "GET /favicon.ico HTTP/1.1" 404 -
120.253.135.82 - - [21/Apr/2024:10:37:39 +0800] "POST /xingrg/kc/pszx/mdps_list_operate.html HTTP/1.1" 200 2057
101.83.144.49 - - [21/Apr/2024:10:37:41 +0800] "GET /xingrg/all/function/internal_message.html?_=1713667062751&CODE_STATE=getMsg HTTP/1.1" 200 27
120.253.135.82 - - [21/Apr/2024:10:37:41 +0800] "POST /xingrg/kc/pszx/mdps_list_operate.html HTTP/1.1" 200 199
120.253.135.82 - - [21/Apr/2024:10:37:42 +0800] "GET /xingrg/kc/pszx/mdps_order_info.html?code=312024042100351 HTTP/1.1" 200 23976
120.253.135.82 - - [21/Apr/2024:10:37:42 +0800] "GET /xingrg/all/function/internal_message.html?_=1713666907910&CODE_STATE=getMsg HTTP/1.1" 200 27
116.228.172.94 - - [21/Apr/2024:10:37:42 +0800] "GET /xingrg/all/function/internal_message.html?_=1713666605815&CODE_STATE=getMsg HTTP/1.1" 200 27
120.253.135.82 - - [21/Apr/2024:10:37:42 +0800] "GET /xingrg/javascript/easyui/themes/default/validatebox.css HTTP/1.1" 404 1104
120.253.135.82 - - [21/Apr/2024:10:37:43 +0800] "POST /xingrg/kc/pszx/mdps_order_operate.html HTTP/1.1" 200 2280
120.253.135.82 - - [21/Apr/2024:10:37:45 +0800] "GET /xingrg/kc/print/load_config.html?kc_code=mdps HTTP/1.1" 200 2390
120.253.135.82 - - [21/Apr/2024:10:37:45 +0800] "GET /xingrg/kc/print/load_data.html?order_code=312024042100351&kc_code=mdps&condition= HTTP/1.1" 200 675
222.70.240.29 - - [21/Apr/2024:10:37:50 +0800] "GET /xingrg/check_reg.html?_=1713667092727 HTTP/1.1" 302 -
120.253.135.82 - - [21/Apr/2024:10:37:52 +0800] "POST /xingrg/kc/pszx/mdps_list_operate.html HTTP/1.1" 200 523
120.253.135.82 - - [21/Apr/2024:10:37:53 +0800] "GET /xingrg/kc/pszx/mdps_order_info.html?code=312024042100352 HTTP/1.1" 200 23976
120.253.135.82 - - [21/Apr/2024:10:37:54 +0800] "GET /xingrg/javascript/easyui/themes/default/validatebox.css HTTP/1.1" 404 1104
101.83.144.49 - - [21/Apr/2024:10:37:54 +0800] "GET /xingrg/kc/buy/cgsh_order_operate.html?command=get_materiel&rest_code=00105&code=00101020399&supplier_code=00100323&order_time=2024-04-21 HTTP/1.1" 200 422
120.253.135.82 - - [21/Apr/2024:10:37:54 +0800] "POST /xingrg/kc/pszx/mdps_order_operate.html HTTP/1.1" 200 4281
120.253.135.82 - - [21/Apr/2024:10:37:58 +0800] "GET /xingrg/kc/print/load_data.html?order_code=312024042100352&kc_code=mdps&condition= HTTP/1.1" 200 1611
116.238.97.31 - - [21/Apr/2024:10:38:00 +0800] "GET /xingrg/check_reg.html?_=1713667080272 HTTP/1.1" 200 22
116.238.97.31 - - [21/Apr/2024:10:38:00 +0800] "GET /xingrg/all/function/internal_message.html?_=1713667080711&CODE_STATE=getMsg HTTP/1.1" 200 27
124.78.56.241 - - [21/Apr/2024:10:38:02 +0800] "GET /xingrg/all/function/internal_message.html?_=1713667082423&CODE_STATE=getMsg HTTP/1.1" 200 27
120.253.135.82 - - [21/Apr/2024:10:38:03 +0800] "POST /xingrg/kc/pszx/mdps_list_operate.html HTTP/1.1" 200 2057
222.69.134.233 - - [21/Apr/2024:10:38:06 +0800] "GET /xingrg/all/function/internal_message.html?_=1713667088001&CODE_STATE=getMsg HTTP/1.1" 200 27
222.69.134.233 - - [21/Apr/2024:10:38:06 +0800] "GET /xingrg/check_reg.html?_=1713667088055 HTTP/1.1" 200 22
222.70.183.82 - - [21/Apr/2024:10:38:08 +0800] "GET /xingrg/all/function/internal_message.html?_=1713667085190&CODE_STATE=getMsg HTTP/1.1" 200 27
116.232.195.13 - - [21/Apr/2024:10:38:18 +0800] "GET /xingrg/check_reg.html?_=1713667091878 HTTP/1.1" 200 22
221.239.169.251 - - [21/Apr/2024:10:38:18 +0800] "GET /xingrg/all/function/internal_message.html?_=1713667097664&CODE_STATE=getMsg HTTP/1.1" 200 27
116.238.125.103 - - [21/Apr/2024:10:38:20 +0800] "GET /xingrg/all/function/internal_message.html?_=1713667102777&CODE_STATE=getMsg HTTP/1.1" 200 27
116.232.195.13 - - [21/Apr/2024:10:38:20 +0800] "GET /xingrg/all/function/internal_message.html?_=1713667093779&CODE_STATE=getMsg HTTP/1.1" 200 27
124.78.158.161 - - [21/Apr/2024:10:38:24 +0800] "GET /xingrg/all/function/internal_message.html?_=1713667101090&CODE_STATE=getMsg HTTP/1.1" 200 27
124.78.158.161 - - [21/Apr/2024:10:38:24 +0800] "GET /xingrg/check_reg.html?_=1713667101253 HTTP/1.1" 200 22
101.83.144.49 - - [21/Apr/2024:10:38:25 +0800] "GET /xingrg/kc/buy/cgsh_order_operate.html?command=get_materiel&rest_code=00105&code=00101006139&supplier_code=00100323&order_time=2024-04-21 HTTP/1.1" 200 413
180.164.1.25 - - [21/Apr/2024:10:38:29 +0800] "GET /xingrg/check_reg.html?_=1713667109468 HTTP/1.1" 200 22
116.224.254.208 - - [21/Apr/2024:10:38:30 +0800] "GET /xingrg/all/function/internal_message.html?_=1713667110283&CODE_STATE=getMsg HTTP/1.1" 200 27
180.164.1.25 - - [21/Apr/2024:10:38:32 +0800] "GET /xingrg/all/function/internal_message.html?_=1713667111895&CODE_STATE=getMsg HTTP/1.1" 200 27
101.83.144.49 - - [21/Apr/2024:10:38:41 +0800] "GET /xingrg/all/function/internal_message.html?_=1713667122723&CODE_STATE=getMsg HTTP/1.1" 200 27
120.253.135.82 - - [21/Apr/2024:10:38:42 +0800] "GET /xingrg/all/function/internal_message.html?_=1713666967927&CODE_STATE=getMsg HTTP/1.1" 200 27
116.228.172.94 - - [21/Apr/2024:10:38:42 +0800] "GET /xingrg/all/function/internal_message.html?_=1713666665811&CODE_STATE=getMsg HTTP/1.1" 200 27
116.238.97.31 - - [21/Apr/2024:10:39:00 +0800] "GET /xingrg/all/function/internal_message.html?_=1713667140693&CODE_STATE=getMsg HTTP/1.1" 200 27
101.83.144.49 - - [21/Apr/2024:10:39:01 +0800] "GET /xingrg/kc/buy/cgsh_order_operate.html?command=get_materiel&rest_code=00105&code=00101010760&supplier_code=00100323&order_time=2024-04-21 HTTP/1.1" 200 468
124.78.56.241 - - [21/Apr/2024:10:39:02 +0800] "GET /xingrg/all/function/internal_message.html?_=1713667142396&CODE_STATE=getMsg HTTP/1.1" 200 27
222.69.134.233 - - [21/Apr/2024:10:39:06 +0800] "GET /xingrg/all/function/internal_message.html?_=1713667148002&CODE_STATE=getMsg HTTP/1.1" 200 27
222.70.183.82 - - [21/Apr/2024:10:39:08 +0800] "GET /xingrg/all/function/internal_message.html?_=1713667145168&CODE_STATE=getMsg HTTP/1.1" 200 27
222.70.183.82 - - [21/Apr/2024:10:39:09 +0800] "GET /xingrg/check_reg.html?_=1713667146341 HTTP/1.1" 200 22
124.78.56.241 - - [21/Apr/2024:10:39:15 +0800] "GET /favicon.ico HTTP/1.1" 404 -
221.239.169.251 - - [21/Apr/2024:10:39:18 +0800] "GET /xingrg/all/function/internal_message.html?_=1713667157662&CODE_STATE=getMsg HTTP/1.1" 200 27
101.83.144.49 - - [21/Apr/2024:10:39:19 +0800] "GET /xingrg/kc/buy/cgsh_order_operate.html?command=get_materiel&rest_code=00105&code=00101016081&supplier_code=00100323&order_time=2024-04-21 HTTP/1.1" 200 447
116.238.125.103 - - [21/Apr/2024:10:39:20 +0800] "GET /xingrg/all/function/internal_message.html?_=1713667162776&CODE_STATE=getMsg HTTP/1.1" 200 27
116.232.195.13 - - [21/Apr/2024:10:39:20 +0800] "GET /xingrg/all/function/internal_message.html?_=1713667153770&CODE_STATE=getMsg HTTP/1.1" 200 27
124.78.158.161 - - [21/Apr/2024:10:39:24 +0800] "GET /xingrg/all/function/internal_message.html?_=1713667161066&CODE_STATE=getMsg HTTP/1.1" 200 27
120.253.135.82 - - [21/Apr/2024:10:39:24 +0800] "GET /xingrg/kc/report/report_main.html HTTP/1.1" 200 8599
120.253.135.82 - - [21/Apr/2024:10:39:24 +0800] "GET /xingrg/javascript/jquery_ui/themes/humanity/humanity.css HTTP/1.1" 304 -
120.253.135.82 - - [21/Apr/2024:10:39:26 +0800] "GET /xingrg/kc/base/kc_stocks.html HTTP/1.1" 200 16554
120.253.135.82 - - [21/Apr/2024:10:39:26 +0800] "GET /xingrg/javascript/easyui/themes/sunny/easyui.css HTTP/1.1" 304 -
120.253.135.82 - - [21/Apr/2024:10:39:26 +0800] "GET /xingrg/javascript/easyui/plugins/jquery.draggable.js HTTP/1.1" 304 -
120.253.135.82 - - [21/Apr/2024:10:39:26 +0800] "GET /xingrg/javascript/easyui/plugins/jquery.droppable.js HTTP/1.1" 304 -
120.253.135.82 - - [21/Apr/2024:10:39:26 +0800] "GET /xingrg/javascript/easyui/themes/default/tree.css HTTP/1.1" 404 1090
120.253.135.82 - - [21/Apr/2024:10:39:26 +0800] "GET /xingrg/javascript/easyui/plugins/jquery.tree.js HTTP/1.1" 304 -
120.253.135.82 - - [21/Apr/2024:10:39:26 +0800] "POST /xingrg/all/common/load_tree.html?tree=materiel_sort_tree_json HTTP/1.1" 200 9734
120.253.135.82 - - [21/Apr/2024:10:39:29 +0800] "POST /xingrg/all/common/load_combo.html?type=base HTTP/1.1" 200 1169
116.224.254.208 - - [21/Apr/2024:10:39:30 +0800] "GET /xingrg/check_reg.html?_=1713667170274 HTTP/1.1" 200 22
116.224.254.208 - - [21/Apr/2024:10:39:30 +0800] "GET /xingrg/all/function/internal_message.html?_=1713667170278&CODE_STATE=getMsg HTTP/1.1" 200 27
180.164.1.25 - - [21/Apr/2024:10:39:32 +0800] "GET /xingrg/all/function/internal_message.html?_=1713667171874&CODE_STATE=getMsg HTTP/1.1" 200 27
101.83.144.49 - - [21/Apr/2024:10:39:36 +0800] "POST /xingrg/kc/buy/cgsh_order_operate.html HTTP/1.1" 200 37
120.253.135.82 - - [21/Apr/2024:10:39:37 +0800] "POST /xingrg/kc/base/stock_operate.html HTTP/1.1" 200 1480
120.253.135.82 - - [21/Apr/2024:10:39:37 +0800] "GET /xingrg/javascript/jquery_tools/fix_table.js HTTP/1.1" 304 -
101.83.144.49 - - [21/Apr/2024:10:39:38 +0800] "POST /xingrg/kc/buy/cgsh_order_operate.html HTTP/1.1" 200 4521
101.83.144.49 - - [21/Apr/2024:10:39:40 +0800] "GET /xingrg/kc/print/load_data.html?order_code=212024042105703&kc_code=cgsh&condition= HTTP/1.1" 200 1440
101.83.144.49 - - [21/Apr/2024:10:39:41 +0800] "GET /xingrg/all/function/internal_message.html?_=1713667182710&CODE_STATE=getMsg HTTP/1.1" 200 27
120.253.135.82 - - [21/Apr/2024:10:39:42 +0800] "GET /xingrg/all/function/internal_message.html?_=1713667027943&CODE_STATE=getMsg HTTP/1.1" 200 27
116.228.172.94 - - [21/Apr/2024:10:39:42 +0800] "GET /xingrg/all/function/internal_message.html?_=1713666725818&CODE_STATE=getMsg HTTP/1.1" 200 27
101.83.144.49 - - [21/Apr/2024:10:39:44 +0800] "GET /xingrg/kc/buy/cgsh_order_add.html HTTP/1.1" 200 74116
101.83.144.49 - - [21/Apr/2024:10:39:44 +0800] "GET /xingrg/javascript/easyui/themes/default/validatebox.css HTTP/1.1" 404 1104
101.83.144.49 - - [21/Apr/2024:10:39:44 +0800] "POST /xingrg/kc/buy/cgsh_order_operate.html HTTP/1.1" 200 8245
120.253.135.82 - - [21/Apr/2024:10:39:47 +0800] "GET /xingrg/kc/pszx/mdqp_order_list.html?state=10 HTTP/1.1" 200 10759
120.253.135.82 - - [21/Apr/2024:10:39:47 +0800] "GET /xingrg/dwr/interface/AjaxQqpsService.js HTTP/1.1" 200 16326
120.253.135.82 - - [21/Apr/2024:10:39:47 +0800] "GET /xingrg/dwr/interface/AjaxReportQueryService.js HTTP/1.1" 200 13203
120.253.135.82 - - [21/Apr/2024:10:39:47 +0800] "GET /xingrg/dwr/engine.js HTTP/1.1" 200 43631
116.235.94.6 - - [21/Apr/2024:10:39:47 +0800] "GET /xingrg/check_reg.html?_=1713667185025 HTTP/1.1" 302 -
120.253.135.82 - - [21/Apr/2024:10:39:49 +0800] "GET /xingrg/kc/pszx/mdps_order_list.html?orderType=0 HTTP/1.1" 200 21033
120.253.135.82 - - [21/Apr/2024:10:39:50 +0800] "POST /xingrg/kc/pszx/mdps_list_operate.html HTTP/1.1" 200 5267
120.253.135.82 - - [21/Apr/2024:10:39:55 +0800] "POST /xingrg/kc/pszx/mdps_list_operate.html HTTP/1.1" 200 3859
120.253.135.82 - - [21/Apr/2024:10:39:57 +0800] "POST /xingrg/kc/pszx/mdps_list_operate.html HTTP/1.1" 200 205
120.253.135.82 - - [21/Apr/2024:10:39:58 +0800] "POST /xingrg/kc/pszx/mdps_list_operate.html HTTP/1.1" 200 606
101.83.144.49 - - [21/Apr/2024:10:39:58 +0800] "GET /xingrg/kc/buy/cgsh_order_operate.html?command=get_materiel&rest_code=00105&code=00101007233&supplier_code=00100570&order_time=2024-04-21 HTTP/1.1" 200 400
116.238.97.31 - - [21/Apr/2024:10:40:00 +0800] "GET /xingrg/all/function/internal_message.html?_=1713667200666&CODE_STATE=getMsg HTTP/1.1" 200 27
124.78.56.241 - - [21/Apr/2024:10:40:02 +0800] "GET /xingrg/all/function/internal_message.html?_=1713667202377&CODE_STATE=getMsg HTTP/1.1" 200 27
120.253.135.82 - - [21/Apr/2024:10:40:03 +0800] "POST /xingrg/kc/pszx/mdps_list_operate.html HTTP/1.1" 200 361
120.253.135.82 - - [21/Apr/2024:10:40:05 +0800] "GET /xingrg/kc/pszx/mdps_order_info.html?code=312024042100344 HTTP/1.1" 200 23972
120.253.135.82 - - [21/Apr/2024:10:40:05 +0800] "GET /xingrg/javascript/easyui/themes/default/validatebox.css HTTP/1.1" 404 1104
120.253.135.82 - - [21/Apr/2024:10:40:05 +0800] "POST /xingrg/kc/pszx/mdps_order_operate.html HTTP/1.1" 200 3262
222.69.134.233 - - [21/Apr/2024:10:40:06 +0800] "GET /xingrg/all/function/internal_message.html?_=1713667208008&CODE_STATE=getMsg HTTP/1.1" 200 27
222.70.183.82 - - [21/Apr/2024:10:40:08 +0800] "GET /xingrg/all/function/internal_message.html?_=1713667205141&CODE_STATE=getMsg HTTP/1.1" 200 27
222.70.183.82 - - [21/Apr/2024:10:40:10 +0800] "GET /xingrg/kc/buy/cgsh_order_add.html HTTP/1.1" 200 73989
120.253.135.82 - - [21/Apr/2024:10:40:11 +0800] "POST /xingrg/kc/pszx/mdps_list_operate.html HTTP/1.1" 200 369
222.70.183.82 - - [21/Apr/2024:10:40:11 +0800] "POST /xingrg/kc/buy/cgsh_order_operate.html HTTP/1.1" 200 8245
222.70.183.82 - - [21/Apr/2024:10:40:11 +0800] "GET /xingrg/javascript/easyui/themes/default/validatebox.css HTTP/1.1" 404 1104
120.253.135.82 - - [21/Apr/2024:10:40:12 +0800] "GET /xingrg/kc/pszx/mdps_order_info.html?code=312024042100343 HTTP/1.1" 200 23972
120.253.135.82 - - [21/Apr/2024:10:40:13 +0800] "GET /xingrg/javascript/easyui/themes/default/validatebox.css HTTP/1.1" 404 1104
120.253.135.82 - - [21/Apr/2024:10:40:13 +0800] "POST /xingrg/kc/pszx/mdps_order_operate.html HTTP/1.1" 200 3289
101.83.144.49 - - [21/Apr/2024:10:40:14 +0800] "POST /xingrg/kc/buy/cgsh_order_operate.html HTTP/1.1" 200 37
