221.239.169.251 - - [21/Apr/2024:07:00:18 +0800] "GET /xingrg/check_reg.html?_=1713654017485 HTTP/1.1" 200 22
221.239.169.251 - - [21/Apr/2024:07:00:18 +0800] "GET /xingrg/all/function/internal_message.html?_=1713654017492&CODE_STATE=getMsg HTTP/1.1" 200 27
116.228.172.94 - - [21/Apr/2024:07:00:33 +0800] "GET /xingrg/check_reg.html?_=1713653577027 HTTP/1.1" 200 22
116.228.172.94 - - [21/Apr/2024:07:00:44 +0800] "GET /xingrg/all/function/internal_message.html?_=1713653587923&CODE_STATE=getMsg HTTP/1.1" 200 27
120.253.135.82 - - [21/Apr/2024:07:01:01 +0800] "GET /xingrg/all/function/internal_message.html?_=1713653907226&CODE_STATE=getMsg HTTP/1.1" 200 27
120.253.135.82 - - [21/Apr/2024:07:01:02 +0800] "GET /xingrg/kc/buy/cgsh_order_info.html?code=212024042105638 HTTP/1.1" 200 67961
120.253.135.82 - - [21/Apr/2024:07:01:03 +0800] "GET /xingrg/javascript/easyui/themes/default/validatebox.css HTTP/1.1" 404 1104
120.253.135.82 - - [21/Apr/2024:07:01:04 +0800] "POST /xingrg/kc/buy/cgsh_order_operate.html HTTP/1.1" 200 632
120.253.135.82 - - [21/Apr/2024:07:01:11 +0800] "GET /xingrg/kc/pszx/mdps_order_list.html?orderType=0 HTTP/1.1" 200 21033
120.253.135.82 - - [21/Apr/2024:07:01:12 +0800] "POST /xingrg/kc/pszx/mdps_list_operate.html HTTP/1.1" 200 5327
120.253.135.82 - - [21/Apr/2024:07:01:14 +0800] "POST /xingrg/kc/buy/cgsh_list_operate.html HTTP/1.1" 200 645
221.239.169.251 - - [21/Apr/2024:07:01:18 +0800] "GET /xingrg/all/function/internal_message.html?_=1713654077484&CODE_STATE=getMsg HTTP/1.1" 200 27
120.253.135.82 - - [21/Apr/2024:07:01:26 +0800] "POST /xingrg/kc/pszx/mdps_list_operate.html HTTP/1.1" 200 1691
120.253.135.82 - - [21/Apr/2024:07:01:28 +0800] "POST /xingrg/kc/pszx/mdps_list_operate.html HTTP/1.1" 200 205
120.253.135.82 - - [21/Apr/2024:07:01:38 +0800] "POST /xingrg/kc/pszx/mdps_list_operate.html HTTP/1.1" 200 4295
120.253.135.82 - - [21/Apr/2024:07:01:40 +0800] "POST /xingrg/kc/pszx/mdps_list_operate.html HTTP/1.1" 200 538
116.228.172.94 - - [21/Apr/2024:07:01:44 +0800] "GET /xingrg/all/function/internal_message.html?_=1713653647907&CODE_STATE=getMsg HTTP/1.1" 200 27
120.253.135.82 - - [21/Apr/2024:07:01:46 +0800] "GET /xingrg/kc/pszx/mdps_order_add.html HTTP/1.1" 200 29102
120.253.135.82 - - [21/Apr/2024:07:01:46 +0800] "POST /xingrg/kc/pszx/mdps_order_operate.html HTTP/1.1" 200 7126
120.253.135.82 - - [21/Apr/2024:07:01:47 +0800] "GET /xingrg/javascript/easyui/themes/default/validatebox.css HTTP/1.1" 404 1104
120.253.135.82 - - [21/Apr/2024:07:02:01 +0800] "GET /xingrg/all/function/internal_message.html?_=1713653967241&CODE_STATE=getMsg HTTP/1.1" 200 27
221.239.169.251 - - [21/Apr/2024:07:02:18 +0800] "GET /xingrg/all/function/internal_message.html?_=1713654137477&CODE_STATE=getMsg HTTP/1.1" 200 27
120.253.135.82 - - [21/Apr/2024:07:02:24 +0800] "POST /xingrg/all/common/load_combo.html?type=base HTTP/1.1" 200 1169
120.253.135.82 - - [21/Apr/2024:07:02:33 +0800] "GET /xingrg/kc/pszx/mdps_order_operate.html?command=get_materiel&pszx_code=00101&rest_code=00141&base_code=0010246&code=00101006002 HTTP/1.1" 200 440
120.253.135.82 - - [21/Apr/2024:07:02:41 +0800] "POST /xingrg/kc/pszx/mdps_order_operate.html HTTP/1.1" 200 37
116.228.172.94 - - [21/Apr/2024:07:02:44 +0800] "GET /xingrg/all/function/internal_message.html?_=1713653707890&CODE_STATE=getMsg HTTP/1.1" 200 27
120.253.135.82 - - [21/Apr/2024:07:02:45 +0800] "GET /xingrg/kc/pszx/mdps_order_info.html?code=312024042100349 HTTP/1.1" 200 23978
120.253.135.82 - - [21/Apr/2024:07:02:46 +0800] "GET /xingrg/javascript/easyui/themes/default/validatebox.css HTTP/1.1" 404 1104
120.253.135.82 - - [21/Apr/2024:07:02:47 +0800] "POST /xingrg/kc/pszx/mdps_order_operate.html HTTP/1.1" 200 2281
222.70.240.29 - - [21/Apr/2024:07:02:48 +0800] "GET /xingrg/check_reg.html?_=1713654190410 HTTP/1.1" 302 -
120.253.135.82 - - [21/Apr/2024:07:02:52 +0800] "POST /xingrg/kc/pszx/mdps_list_operate.html HTTP/1.1" 200 4666
120.253.135.82 - - [21/Apr/2024:07:02:54 +0800] "POST /xingrg/kc/pszx/mdps_list_operate.html HTTP/1.1" 200 538
120.253.135.82 - - [21/Apr/2024:07:02:58 +0800] "GET /xingrg/kc/pszx/mdps_order_info.html?code=312024042100336 HTTP/1.1" 200 23978
120.253.135.82 - - [21/Apr/2024:07:02:59 +0800] "GET /xingrg/javascript/easyui/themes/default/validatebox.css HTTP/1.1" 404 1104
120.253.135.82 - - [21/Apr/2024:07:02:59 +0800] "POST /xingrg/kc/pszx/mdps_order_operate.html HTTP/1.1" 200 4293
120.253.135.82 - - [21/Apr/2024:07:03:01 +0800] "GET /xingrg/all/function/internal_message.html?_=1713654027254&CODE_STATE=getMsg HTTP/1.1" 200 27
120.253.135.82 - - [21/Apr/2024:07:03:14 +0800] "POST /xingrg/kc/pszx/mdps_list_operate.html HTTP/1.1" 200 4666
120.253.135.82 - - [21/Apr/2024:07:03:15 +0800] "POST /xingrg/kc/pszx/mdps_list_operate.html HTTP/1.1" 200 538
120.253.135.82 - - [21/Apr/2024:07:03:17 +0800] "GET /xingrg/kc/pszx/mdps_order_info.html?code=312024042100336 HTTP/1.1" 200 23978
120.253.135.82 - - [21/Apr/2024:07:03:17 +0800] "GET /xingrg/javascript/easyui/themes/default/validatebox.css HTTP/1.1" 404 1104
120.253.135.82 - - [21/Apr/2024:07:03:18 +0800] "POST /xingrg/kc/pszx/mdps_order_operate.html HTTP/1.1" 200 4293
221.239.169.251 - - [21/Apr/2024:07:03:18 +0800] "GET /xingrg/all/function/internal_message.html?_=1713654197484&CODE_STATE=getMsg HTTP/1.1" 200 27
120.253.135.82 - - [21/Apr/2024:07:03:22 +0800] "POST /xingrg/kc/pszx/mdps_list_operate.html HTTP/1.1" 200 4666
120.253.135.82 - - [21/Apr/2024:07:03:24 +0800] "POST /xingrg/kc/pszx/mdps_list_operate.html HTTP/1.1" 200 205
120.253.135.82 - - [21/Apr/2024:07:03:26 +0800] "POST /xingrg/kc/pszx/mdps_list_operate.html HTTP/1.1" 200 538
120.253.135.82 - - [21/Apr/2024:07:03:28 +0800] "GET /xingrg/kc/pszx/mdps_order_info.html?code=312024042100336 HTTP/1.1" 200 23978
120.253.135.82 - - [21/Apr/2024:07:03:28 +0800] "GET /xingrg/javascript/easyui/themes/default/validatebox.css HTTP/1.1" 404 1104
120.253.135.82 - - [21/Apr/2024:07:03:29 +0800] "POST /xingrg/kc/pszx/mdps_order_operate.html HTTP/1.1" 200 4293
116.228.172.94 - - [21/Apr/2024:07:03:44 +0800] "GET /xingrg/all/function/internal_message.html?_=1713653767873&CODE_STATE=getMsg HTTP/1.1" 200 27
120.253.135.82 - - [21/Apr/2024:07:03:46 +0800] "POST /xingrg/kc/pszx/mdps_order_operate.html HTTP/1.1" 200 37
120.253.135.82 - - [21/Apr/2024:07:03:48 +0800] "GET /xingrg/kc/pszx/mdps_order_info.html?code=312024042100336 HTTP/1.1" 200 23978
120.253.135.82 - - [21/Apr/2024:07:03:49 +0800] "GET /xingrg/javascript/easyui/themes/default/validatebox.css HTTP/1.1" 404 1104
120.253.135.82 - - [21/Apr/2024:07:03:49 +0800] "POST /xingrg/kc/pszx/mdps_order_operate.html HTTP/1.1" 200 3800
120.253.135.82 - - [21/Apr/2024:07:03:51 +0800] "POST /xingrg/kc/pszx/mdps_list_operate.html HTTP/1.1" 200 4665
120.253.135.82 - - [21/Apr/2024:07:03:55 +0800] "POST /xingrg/kc/pszx/mdps_list_operate.html HTTP/1.1" 200 459
120.253.135.82 - - [21/Apr/2024:07:04:01 +0800] "GET /xingrg/all/function/internal_message.html?_=1713654087267&CODE_STATE=getMsg HTTP/1.1" 200 27
120.253.135.82 - - [21/Apr/2024:07:04:02 +0800] "GET /xingrg/check_reg.html?_=1713654088391 HTTP/1.1" 200 22
120.253.135.82 - - [21/Apr/2024:07:04:03 +0800] "GET /xingrg/kc/pszx/ps_main.html HTTP/1.1" 200 13401
120.253.135.82 - - [21/Apr/2024:07:04:03 +0800] "POST /xingrg/kc/pszx/mdps_list_operate.html HTTP/1.1" 200 4665
120.253.135.82 - - [21/Apr/2024:07:04:04 +0800] "GET /xingrg/images/yd/bt.gif HTTP/1.1" 404 1040
120.253.135.82 - - [21/Apr/2024:07:04:06 +0800] "GET /xingrg/kc/pszx/mdqp_order_list.html HTTP/1.1" 200 79149
120.253.135.82 - - [21/Apr/2024:07:04:06 +0800] "GET /xingrg/dwr/interface/AjaxQqpsService.js HTTP/1.1" 200 16326
120.253.135.82 - - [21/Apr/2024:07:04:06 +0800] "GET /xingrg/dwr/engine.js HTTP/1.1" 200 43631
120.253.135.82 - - [21/Apr/2024:07:04:06 +0800] "GET /xingrg/dwr/interface/AjaxReportQueryService.js HTTP/1.1" 200 13203
221.239.169.251 - - [21/Apr/2024:07:04:18 +0800] "GET /xingrg/all/function/internal_message.html?_=1713654257474&CODE_STATE=getMsg HTTP/1.1" 200 27
116.228.172.94 - - [21/Apr/2024:07:04:44 +0800] "GET /xingrg/all/function/internal_message.html?_=1713653827859&CODE_STATE=getMsg HTTP/1.1" 200 27
116.235.94.6 - - [21/Apr/2024:07:04:47 +0800] "GET /xingrg/check_reg.html?_=1713654285315 HTTP/1.1" 302 -
120.253.135.82 - - [21/Apr/2024:07:05:01 +0800] "GET /xingrg/all/function/internal_message.html?_=1713654147417&CODE_STATE=getMsg HTTP/1.1" 200 27
221.239.169.251 - - [21/Apr/2024:07:05:18 +0800] "GET /xingrg/check_reg.html?_=1713654317481 HTTP/1.1" 200 22
221.239.169.251 - - [21/Apr/2024:07:05:18 +0800] "GET /xingrg/all/function/internal_message.html?_=1713654317480&CODE_STATE=getMsg HTTP/1.1" 200 27
116.228.172.94 - - [21/Apr/2024:07:05:33 +0800] "GET /xingrg/check_reg.html?_=1713653877022 HTTP/1.1" 200 22
116.228.172.94 - - [21/Apr/2024:07:05:44 +0800] "GET /xingrg/all/function/internal_message.html?_=1713653887857&CODE_STATE=getMsg HTTP/1.1" 200 27
120.253.135.82 - - [21/Apr/2024:07:06:01 +0800] "GET /xingrg/all/function/internal_message.html?_=1713654207419&CODE_STATE=getMsg HTTP/1.1" 200 27
221.239.169.251 - - [21/Apr/2024:07:06:18 +0800] "GET /xingrg/all/function/internal_message.html?_=1713654377487&CODE_STATE=getMsg HTTP/1.1" 200 27
116.228.172.94 - - [21/Apr/2024:07:06:44 +0800] "GET /xingrg/all/function/internal_message.html?_=1713653947834&CODE_STATE=getMsg HTTP/1.1" 200 27
120.253.135.82 - - [21/Apr/2024:07:07:02 +0800] "GET /xingrg/all/function/internal_message.html?_=1713654267583&CODE_STATE=getMsg HTTP/1.1" 200 27
221.239.169.251 - - [21/Apr/2024:07:07:18 +0800] "GET /xingrg/all/function/internal_message.html?_=1713654437487&CODE_STATE=getMsg HTTP/1.1" 200 27
116.228.172.94 - - [21/Apr/2024:07:07:44 +0800] "GET /xingrg/all/function/internal_message.html?_=1713654007812&CODE_STATE=getMsg HTTP/1.1" 200 27
222.70.240.29 - - [21/Apr/2024:07:07:48 +0800] "GET /xingrg/check_reg.html?_=1713654490462 HTTP/1.1" 302 -
120.253.135.82 - - [21/Apr/2024:07:08:02 +0800] "GET /xingrg/all/function/internal_message.html?_=1713654327588&CODE_STATE=getMsg HTTP/1.1" 200 27
221.239.169.251 - - [21/Apr/2024:07:08:18 +0800] "GET /xingrg/all/function/internal_message.html?_=1713654497484&CODE_STATE=getMsg HTTP/1.1" 200 27
116.228.172.94 - - [21/Apr/2024:07:08:44 +0800] "GET /xingrg/all/function/internal_message.html?_=1713654067803&CODE_STATE=getMsg HTTP/1.1" 200 27
120.253.135.82 - - [21/Apr/2024:07:09:02 +0800] "GET /xingrg/all/function/internal_message.html?_=1713654387749&CODE_STATE=getMsg HTTP/1.1" 200 27
120.253.135.82 - - [21/Apr/2024:07:09:02 +0800] "GET /xingrg/check_reg.html?_=1713654388403 HTTP/1.1" 200 22
221.239.169.251 - - [21/Apr/2024:07:09:18 +0800] "GET /xingrg/all/function/internal_message.html?_=1713654557489&CODE_STATE=getMsg HTTP/1.1" 200 27
116.228.172.94 - - [21/Apr/2024:07:09:44 +0800] "GET /xingrg/all/function/internal_message.html?_=1713654127791&CODE_STATE=getMsg HTTP/1.1" 200 27
116.235.94.6 - - [21/Apr/2024:07:09:47 +0800] "GET /xingrg/check_reg.html?_=1713654585293 HTTP/1.1" 302 -
120.253.135.82 - - [21/Apr/2024:07:10:02 +0800] "GET /xingrg/all/function/internal_message.html?_=1713654447755&CODE_STATE=getMsg HTTP/1.1" 200 27
114.83.220.117 - - [21/Apr/2024:07:10:05 +0800] "GET /xingrg/login.html?sysBaseUrl=http%3A%2F%2F180.169.147.146%3A18081%2Fxingrg%2F&costTime=31×tamp=1615347190560 HTTP/1.1" 200 7641
114.83.220.117 - - [21/Apr/2024:07:10:06 +0800] "GET /favicon.ico HTTP/1.1" 404 -
114.83.220.117 - - [21/Apr/2024:07:10:11 +0800] "POST /xingrg/login.do HTTP/1.1" 302 -
114.83.220.117 - - [21/Apr/2024:07:10:11 +0800] "POST /xingrg/login.do HTTP/1.1" 302 -
114.83.220.117 - - [21/Apr/2024:07:10:11 +0800] "GET /xingrg/index.html?sysBaseUrl=http%3A%2F%2F180.169.147.146%3A18081%2Fxingrg%2F&costTime=1303×tamp=1713654611817 HTTP/1.1" 200 17179
114.83.220.117 - - [21/Apr/2024:07:10:12 +0800] "GET /favicon.ico HTTP/1.1" 404 -
114.83.220.117 - - [21/Apr/2024:07:10:12 +0800] "POST /xingrg/all/common/load_tree.html?tree=area_rest_tree_json&manage=1 HTTP/1.1" 200 351
114.83.220.117 - - [21/Apr/2024:07:10:12 +0800] "GET /xingrg/check_reg.html?_=1713654612412 HTTP/1.1" 200 22
114.83.220.117 - - [21/Apr/2024:07:10:12 +0800] "GET /xingrg/all/function/internal_message.html?_=1713654612410&CODE_STATE=count HTTP/1.1" 200 11
114.83.220.117 - - [21/Apr/2024:07:10:12 +0800] "POST /xingrg/load_menu.html HTTP/1.1" 200 5138
221.239.169.251 - - [21/Apr/2024:07:10:18 +0800] "GET /xingrg/check_reg.html?_=1713654617484 HTTP/1.1" 200 22
221.239.169.251 - - [21/Apr/2024:07:10:18 +0800] "GET /xingrg/all/function/internal_message.html?_=1713654617486&CODE_STATE=getMsg HTTP/1.1" 200 27
114.83.220.117 - - [21/Apr/2024:07:10:27 +0800] "GET /xingrg/kc/buy/cgsh_order_list.html HTTP/1.1" 200 58227
120.253.135.82 - - [21/Apr/2024:07:10:30 +0800] "GET /xingrg/kc/pszx/mdqp_order_info.html?code=302024042000276 HTTP/1.1" 200 12913
120.253.135.82 - - [21/Apr/2024:07:10:30 +0800] "GET /xingrg/dwr/interface/AjaxComOrderService.js HTTP/1.1" 200 18264
120.253.135.82 - - [21/Apr/2024:07:10:30 +0800] "GET /xingrg/dwr/interface/AjaxQqpsService.js HTTP/1.1" 200 16326
120.253.135.82 - - [21/Apr/2024:07:10:30 +0800] "GET /xingrg/dwr/engine.js HTTP/1.1" 200 43631
120.253.135.82 - - [21/Apr/2024:07:10:32 +0800] "POST /xingrg/dwr/call/plaincall/AjaxQqpsService.loadMaterielItems.dwr HTTP/1.1" 200 4946
114.83.220.117 - - [21/Apr/2024:07:10:32 +0800] "POST /xingrg/kc/buy/cgsh_list_operate.html HTTP/1.1" 200 1377
116.228.172.94 - - [21/Apr/2024:07:10:33 +0800] "GET /xingrg/check_reg.html?_=1713654177006 HTTP/1.1" 200 22
114.83.220.117 - - [21/Apr/2024:07:10:35 +0800] "GET /xingrg/kc/buy/cgsh_order_add.html HTTP/1.1" 200 74122
114.83.220.117 - - [21/Apr/2024:07:10:35 +0800] "GET /xingrg/words/20240420150309_words.js HTTP/1.1" 304 -
114.83.220.117 - - [21/Apr/2024:07:10:35 +0800] "POST /xingrg/kc/buy/cgsh_order_operate.html HTTP/1.1" 200 8245
114.83.220.117 - - [21/Apr/2024:07:10:35 +0800] "GET /xingrg/all/common/auto_word.html?type=employee&rest_code=00149 HTTP/1.1" 200 147
114.83.220.117 - - [21/Apr/2024:07:10:35 +0800] "GET /xingrg/javascript/easyui/themes/default/validatebox.css HTTP/1.1" 404 1104
114.83.220.117 - - [21/Apr/2024:07:10:35 +0800] "GET /xingrg/all/common/auto_word.html?type=employee&rest_code=00149 HTTP/1.1" 200 147
120.253.135.82 - - [21/Apr/2024:07:10:38 +0800] "GET /xingrg/images/yd/bt.gif HTTP/1.1" 404 1040
120.253.135.82 - - [21/Apr/2024:07:10:38 +0800] "GET /xingrg/images/yd/bt2.gif HTTP/1.1" 404 1042
114.83.220.117 - - [21/Apr/2024:07:10:42 +0800] "GET /xingrg/javascript/auto/indicator.gif HTTP/1.1" 404 1066
120.253.135.82 - - [21/Apr/2024:07:10:42 +0800] "GET /xingrg/kc/pszx/mdqp_order_list.html?isBack=1 HTTP/1.1" 200 79176
120.253.135.82 - - [21/Apr/2024:07:10:42 +0800] "GET /xingrg/dwr/interface/AjaxQqpsService.js HTTP/1.1" 200 16326
120.253.135.82 - - [21/Apr/2024:07:10:42 +0800] "GET /xingrg/dwr/engine.js HTTP/1.1" 200 43631
120.253.135.82 - - [21/Apr/2024:07:10:42 +0800] "GET /xingrg/dwr/interface/AjaxReportQueryService.js HTTP/1.1" 200 13203
116.228.172.94 - - [21/Apr/2024:07:10:44 +0800] "GET /xingrg/all/function/internal_message.html?_=1713654187779&CODE_STATE=getMsg HTTP/1.1" 200 27
114.83.220.117 - - [21/Apr/2024:07:10:48 +0800] "GET /xingrg/javascript/jquery_tools/images/prev.gif HTTP/1.1" 404 1086
114.83.220.117 - - [21/Apr/2024:07:10:48 +0800] "GET /xingrg/javascript/jquery_tools/images/next.gif HTTP/1.1" 404 1086
120.253.135.82 - - [21/Apr/2024:07:10:52 +0800] "GET /xingrg/kc/pszx/mdqp_order_list.html?state=10 HTTP/1.1" 200 10319
120.253.135.82 - - [21/Apr/2024:07:10:52 +0800] "GET /xingrg/dwr/interface/AjaxQqpsService.js HTTP/1.1" 200 16326
120.253.135.82 - - [21/Apr/2024:07:10:52 +0800] "GET /xingrg/dwr/interface/AjaxReportQueryService.js HTTP/1.1" 200 13203
120.253.135.82 - - [21/Apr/2024:07:10:52 +0800] "GET /xingrg/dwr/engine.js HTTP/1.1" 200 43631
114.83.220.117 - - [21/Apr/2024:07:10:56 +0800] "GET /xingrg/kc/buy/cgsh_order_operate.html?command=get_materiel&rest_code=00149&code=00101008175&supplier_code=00100008&order_time=2024-04-21 HTTP/1.1" 200 412
120.253.135.82 - - [21/Apr/2024:07:10:59 +0800] "GET /xingrg/kc/pszx/mdps_order_list.html?orderType=0 HTTP/1.1" 200 21033
120.253.135.82 - - [21/Apr/2024:07:11:00 +0800] "POST /xingrg/kc/pszx/mdps_list_operate.html HTTP/1.1" 200 5326
120.253.135.82 - - [21/Apr/2024:07:11:02 +0800] "GET /xingrg/all/function/internal_message.html?_=1713654507769&CODE_STATE=getMsg HTTP/1.1" 200 27
114.83.220.117 - - [21/Apr/2024:07:11:06 +0800] "GET /xingrg/kc/buy/cgsh_order_operate.html?command=get_materiel&rest_code=00149&code=00101008176&supplier_code=00100008&order_time=2024-04-21 HTTP/1.1" 200 413
120.253.135.82 - - [21/Apr/2024:07:11:09 +0800] "POST /xingrg/kc/pszx/mdps_list_operate.html HTTP/1.1" 200 4665
120.253.135.82 - - [21/Apr/2024:07:11:10 +0800] "POST /xingrg/kc/pszx/mdps_list_operate.html HTTP/1.1" 200 205
114.83.220.117 - - [21/Apr/2024:07:11:12 +0800] "GET /xingrg/all/function/internal_message.html?_=1713654672427&CODE_STATE=getMsg HTTP/1.1" 200 27
120.253.135.82 - - [21/Apr/2024:07:11:13 +0800] "POST /xingrg/kc/pszx/mdps_list_operate.html HTTP/1.1" 200 390
120.253.135.82 - - [21/Apr/2024:07:11:14 +0800] "GET /xingrg/kc/pszx/mdps_order_info.html?code=312024042000330 HTTP/1.1" 200 23978
120.253.135.82 - - [21/Apr/2024:07:11:15 +0800] "GET /xingrg/javascript/easyui/themes/default/validatebox.css HTTP/1.1" 404 1104
120.253.135.82 - - [21/Apr/2024:07:11:15 +0800] "POST /xingrg/kc/pszx/mdps_order_operate.html HTTP/1.1" 200 3327
114.83.220.117 - - [21/Apr/2024:07:11:16 +0800] "GET /xingrg/kc/buy/cgsh_order_operate.html?command=get_materiel&rest_code=00149&code=00101008196&supplier_code=00100008&order_time=2024-04-21 HTTP/1.1" 200 416
221.239.169.251 - - [21/Apr/2024:07:11:18 +0800] "GET /xingrg/all/function/internal_message.html?_=1713654677491&CODE_STATE=getMsg HTTP/1.1" 200 27
120.253.135.82 - - [21/Apr/2024:07:11:21 +0800] "POST /xingrg/kc/pszx/mdps_list_operate.html HTTP/1.1" 200 202
120.253.135.82 - - [21/Apr/2024:07:11:22 +0800] "GET /xingrg/kc/pszx/mdps_order_info.html?code=312024042000331 HTTP/1.1" 200 23978
120.253.135.82 - - [21/Apr/2024:07:11:23 +0800] "GET /xingrg/javascript/easyui/themes/default/validatebox.css HTTP/1.1" 404 1104
120.253.135.82 - - [21/Apr/2024:07:11:23 +0800] "POST /xingrg/kc/pszx/mdps_order_operate.html HTTP/1.1" 200 2279
120.253.135.82 - - [21/Apr/2024:07:11:26 +0800] "POST /xingrg/kc/pszx/mdps_list_operate.html HTTP/1.1" 200 4665
114.83.220.117 - - [21/Apr/2024:07:11:26 +0800] "GET /xingrg/kc/buy/cgsh_order_operate.html?command=get_materiel&rest_code=00149&code=00101008136&supplier_code=00100008&order_time=2024-04-21 HTTP/1.1" 200 413
120.253.135.82 - - [21/Apr/2024:07:11:27 +0800] "POST /xingrg/kc/pszx/mdps_list_operate.html HTTP/1.1" 200 617
120.253.135.82 - - [21/Apr/2024:07:11:28 +0800] "GET /xingrg/kc/pszx/mdps_order_info.html?code=312024042000332 HTTP/1.1" 200 23978
120.253.135.82 - - [21/Apr/2024:07:11:29 +0800] "GET /xingrg/javascript/easyui/themes/default/validatebox.css HTTP/1.1" 404 1104
120.253.135.82 - - [21/Apr/2024:07:11:29 +0800] "POST /xingrg/kc/pszx/mdps_order_operate.html HTTP/1.1" 200 12997
116.228.172.94 - - [21/Apr/2024:07:11:44 +0800] "GET /xingrg/all/function/internal_message.html?_=1713654247767&CODE_STATE=getMsg HTTP/1.1" 200 27
120.253.135.82 - - [21/Apr/2024:07:12:02 +0800] "GET /xingrg/all/function/internal_message.html?_=1713654567920&CODE_STATE=getMsg HTTP/1.1" 200 27
114.83.220.117 - - [21/Apr/2024:07:12:12 +0800] "GET /xingrg/all/function/internal_message.html?_=1713654732426&CODE_STATE=getMsg HTTP/1.1" 200 27
114.83.220.117 - - [21/Apr/2024:07:12:14 +0800] "GET /xingrg/kc/buy/cgsh_order_operate.html?command=get_materiel&rest_code=00149&code=00101008150&supplier_code=00100008&order_time=2024-04-21 HTTP/1.1" 200 409
221.239.169.251 - - [21/Apr/2024:07:12:18 +0800] "GET /xingrg/all/function/internal_message.html?_=1713654737489&CODE_STATE=getMsg HTTP/1.1" 200 27
114.83.220.117 - - [21/Apr/2024:07:12:22 +0800] "GET /xingrg/kc/buy/cgsh_order_operate.html?command=get_materiel&rest_code=00149&code=00101008007&supplier_code=00100008&order_time=2024-04-21 HTTP/1.1" 200 413
114.83.220.117 - - [21/Apr/2024:07:12:33 +0800] "GET /xingrg/kc/buy/cgsh_order_operate.html?command=get_materiel&rest_code=00149&code=00101008300&supplier_code=00100008&order_time=2024-04-21 HTTP/1.1" 200 412
116.228.172.94 - - [21/Apr/2024:07:12:44 +0800] "GET /xingrg/all/function/internal_message.html?_=1713654307752&CODE_STATE=getMsg HTTP/1.1" 200 27
114.83.220.117 - - [21/Apr/2024:07:12:45 +0800] "GET /xingrg/kc/buy/cgsh_order_operate.html?command=get_materiel&rest_code=00149&code=00101008209&supplier_code=00100008&order_time=2024-04-21 HTTP/1.1" 200 408
222.70.240.29 - - [21/Apr/2024:07:12:48 +0800] "GET /xingrg/check_reg.html?_=1713654790517 HTTP/1.1" 302 -
114.83.220.117 - - [21/Apr/2024:07:12:59 +0800] "GET /xingrg/kc/buy/cgsh_order_operate.html?command=get_materiel&rest_code=00149&code=00101008095&supplier_code=00100008&order_time=2024-04-21 HTTP/1.1" 200 412
120.253.135.82 - - [21/Apr/2024:07:13:02 +0800] "POST /xingrg/kc/pszx/mdps_list_operate.html HTTP/1.1" 200 4665
120.253.135.82 - - [21/Apr/2024:07:13:02 +0800] "GET /xingrg/all/function/internal_message.html?_=1713654628016&CODE_STATE=getMsg HTTP/1.1" 200 27
120.253.135.82 - - [21/Apr/2024:07:13:04 +0800] "POST /xingrg/kc/pszx/mdps_list_operate.html HTTP/1.1" 200 617
120.253.135.82 - - [21/Apr/2024:07:13:07 +0800] "POST /xingrg/kc/pszx/mdps_list_operate.html HTTP/1.1" 200 603
114.83.220.117 - - [21/Apr/2024:07:13:09 +0800] "GET /xingrg/kc/buy/cgsh_order_operate.html?command=get_materiel&rest_code=00149&code=00101008674&supplier_code=00100008&order_time=2024-04-21 HTTP/1.1" 200 412
120.253.135.82 - - [21/Apr/2024:07:13:09 +0800] "GET /xingrg/kc/pszx/mdps_order_info.html?code=312024042000333 HTTP/1.1" 200 23978
120.253.135.82 - - [21/Apr/2024:07:13:10 +0800] "GET /xingrg/javascript/easyui/themes/default/validatebox.css HTTP/1.1" 404 1104
120.253.135.82 - - [21/Apr/2024:07:13:10 +0800] "POST /xingrg/kc/pszx/mdps_order_operate.html HTTP/1.1" 200 10298
114.83.220.117 - - [21/Apr/2024:07:13:12 +0800] "GET /xingrg/all/function/internal_message.html?_=1713654792435&CODE_STATE=getMsg HTTP/1.1" 200 27
221.239.169.251 - - [21/Apr/2024:07:13:18 +0800] "GET /xingrg/all/function/internal_message.html?_=1713654797495&CODE_STATE=getMsg HTTP/1.1" 200 27
114.83.220.117 - - [21/Apr/2024:07:13:19 +0800] "GET /xingrg/kc/buy/cgsh_order_operate.html?command=get_materiel&rest_code=00149&code=00101008358&supplier_code=00100008&order_time=2024-04-21 HTTP/1.1" 200 412
114.83.220.117 - - [21/Apr/2024:07:13:30 +0800] "GET /xingrg/kc/buy/cgsh_order_operate.html?command=get_materiel&rest_code=00149&code=00101008283&supplier_code=00100008&order_time=2024-04-21 HTTP/1.1" 200 408
120.253.135.82 - - [21/Apr/2024:07:13:30 +0800] "POST /xingrg/kc/pszx/mdps_list_operate.html HTTP/1.1" 200 4665
120.253.135.82 - - [21/Apr/2024:07:13:32 +0800] "POST /xingrg/kc/pszx/mdps_list_operate.html HTTP/1.1" 200 620
120.253.135.82 - - [21/Apr/2024:07:13:33 +0800] "GET /xingrg/kc/pszx/mdps_order_info.html?code=312024042100334 HTTP/1.1" 200 23978
120.253.135.82 - - [21/Apr/2024:07:13:33 +0800] "GET /xingrg/javascript/easyui/themes/default/validatebox.css HTTP/1.1" 404 1104
120.253.135.82 - - [21/Apr/2024:07:13:34 +0800] "POST /xingrg/kc/pszx/mdps_order_operate.html HTTP/1.1" 200 8893
114.83.220.117 - - [21/Apr/2024:07:13:40 +0800] "GET /xingrg/kc/buy/cgsh_order_operate.html?command=get_materiel&rest_code=00149&code=00101008264&supplier_code=00100008&order_time=2024-04-21 HTTP/1.1" 200 432
116.228.172.94 - - [21/Apr/2024:07:13:44 +0800] "GET /xingrg/all/function/internal_message.html?_=1713654367737&CODE_STATE=getMsg HTTP/1.1" 200 27
114.83.220.117 - - [21/Apr/2024:07:13:49 +0800] "GET /xingrg/kc/buy/cgsh_order_operate.html?command=get_materiel&rest_code=00149&code=00101008114&supplier_code=00100008&order_time=2024-04-21 HTTP/1.1" 200 412
114.83.220.117 - - [21/Apr/2024:07:13:58 +0800] "GET /xingrg/kc/buy/cgsh_order_operate.html?command=get_materiel&rest_code=00149&code=00101008069&supplier_code=00100008&order_time=2024-04-21 HTTP/1.1" 200 412
120.253.135.82 - - [21/Apr/2024:07:14:02 +0800] "GET /xingrg/all/function/internal_message.html?_=1713654688028&CODE_STATE=getMsg HTTP/1.1" 200 27
120.253.135.82 - - [21/Apr/2024:07:14:02 +0800] "GET /xingrg/check_reg.html?_=1713654688402 HTTP/1.1" 200 22
114.83.220.117 - - [21/Apr/2024:07:14:12 +0800] "GET /xingrg/all/function/internal_message.html?_=1713654852428&CODE_STATE=getMsg HTTP/1.1" 200 27
114.83.220.117 - - [21/Apr/2024:07:14:16 +0800] "GET /xingrg/kc/buy/cgsh_order_operate.html?command=get_materiel&rest_code=00149&code=00101008131&supplier_code=00100008&order_time=2024-04-21 HTTP/1.1" 200 408
221.239.169.251 - - [21/Apr/2024:07:14:18 +0800] "GET /xingrg/all/function/internal_message.html?_=1713654857488&CODE_STATE=getMsg HTTP/1.1" 200 27
114.83.220.117 - - [21/Apr/2024:07:14:32 +0800] "GET /xingrg/kc/buy/cgsh_order_operate.html?command=get_materiel&rest_code=00149&code=00101008355&supplier_code=00100008&order_time=2024-04-21 HTTP/1.1" 200 408
114.83.220.117 - - [21/Apr/2024:07:14:43 +0800] "GET /xingrg/kc/buy/cgsh_order_operate.html?command=get_materiel&rest_code=00149&code=00101008144&supplier_code=00100008&order_time=2024-04-21 HTTP/1.1" 200 412
116.228.172.94 - - [21/Apr/2024:07:14:44 +0800] "GET /xingrg/all/function/internal_message.html?_=1713654427712&CODE_STATE=getMsg HTTP/1.1" 200 27
116.235.94.6 - - [21/Apr/2024:07:14:47 +0800] "GET /xingrg/check_reg.html?_=1713654885277 HTTP/1.1" 302 -
114.83.220.117 - - [21/Apr/2024:07:14:47 +0800] "POST /xingrg/kc/buy/cgsh_order_operate.html HTTP/1.1" 200 2065
114.83.220.117 - - [21/Apr/2024:07:14:54 +0800] "GET /xingrg/kc/buy/cgsh_order_operate.html?command=get_materiel&rest_code=00149&code=00101008356&supplier_code=00100008&order_time=2024-04-21 HTTP/1.1" 200 408
120.253.135.82 - - [21/Apr/2024:07:15:02 +0800] "GET /xingrg/all/function/internal_message.html?_=1713654748041&CODE_STATE=getMsg HTTP/1.1" 200 27
114.83.220.117 - - [21/Apr/2024:07:15:05 +0800] "GET /xingrg/kc/buy/cgsh_order_operate.html?command=get_materiel&rest_code=00149&code=00101008811&supplier_code=00100008&order_time=2024-04-21 HTTP/1.1" 200 398
114.83.220.117 - - [21/Apr/2024:07:15:12 +0800] "GET /xingrg/check_reg.html?_=1713654912427 HTTP/1.1" 200 22
114.83.220.117 - - [21/Apr/2024:07:15:12 +0800] "GET /xingrg/all/function/internal_message.html?_=1713654912430&CODE_STATE=getMsg HTTP/1.1" 200 27
114.83.220.117 - - [21/Apr/2024:07:15:17 +0800] "GET /xingrg/kc/buy/cgsh_order_operate.html?command=get_materiel&rest_code=00149&code=00101008213&supplier_code=00100008&order_time=2024-04-21 HTTP/1.1" 200 412
221.239.169.251 - - [21/Apr/2024:07:15:18 +0800] "GET /xingrg/check_reg.html?_=1713654917492 HTTP/1.1" 200 22
221.239.169.251 - - [21/Apr/2024:07:15:18 +0800] "GET /xingrg/all/function/internal_message.html?_=1713654917495&CODE_STATE=getMsg HTTP/1.1" 200 27
114.83.220.117 - - [21/Apr/2024:07:15:28 +0800] "GET /xingrg/kc/buy/cgsh_order_operate.html?command=get_materiel&rest_code=00149&code=00101008360&supplier_code=00100008&order_time=2024-04-21 HTTP/1.1" 200 412
116.228.172.94 - - [21/Apr/2024:07:15:33 +0800] "GET /xingrg/check_reg.html?_=1713654477002 HTTP/1.1" 200 22
114.83.220.117 - - [21/Apr/2024:07:15:41 +0800] "GET /xingrg/kc/buy/cgsh_order_operate.html?command=get_materiel&rest_code=00149&code=00101008286&supplier_code=00100008&order_time=2024-04-21 HTTP/1.1" 200 408
116.228.172.94 - - [21/Apr/2024:07:15:44 +0800] "GET /xingrg/all/function/internal_message.html?_=1713654487701&CODE_STATE=getMsg HTTP/1.1" 200 27
114.83.220.117 - - [21/Apr/2024:07:15:51 +0800] "POST /xingrg/kc/buy/cgsh_order_operate.html HTTP/1.1" 200 2065
120.253.135.82 - - [21/Apr/2024:07:15:54 +0800] "POST /xingrg/kc/pszx/mdps_list_operate.html HTTP/1.1" 200 4665
120.253.135.82 - - [21/Apr/2024:07:15:56 +0800] "POST /xingrg/kc/pszx/mdps_list_operate.html HTTP/1.1" 200 448
120.253.135.82 - - [21/Apr/2024:07:15:58 +0800] "GET /xingrg/kc/pszx/mdps_order_info.html?code=312024042100335 HTTP/1.1" 200 23978
120.253.135.82 - - [21/Apr/2024:07:15:59 +0800] "GET /xingrg/javascript/easyui/themes/default/validatebox.css HTTP/1.1" 404 1104
120.253.135.82 - - [21/Apr/2024:07:15:59 +0800] "POST /xingrg/kc/pszx/mdps_order_operate.html HTTP/1.1" 200 3777
120.253.135.82 - - [21/Apr/2024:07:16:02 +0800] "GET /xingrg/all/function/internal_message.html?_=1713654808055&CODE_STATE=getMsg HTTP/1.1" 200 27
114.83.220.117 - - [21/Apr/2024:07:16:12 +0800] "GET /xingrg/all/function/internal_message.html?_=1713654972440&CODE_STATE=getMsg HTTP/1.1" 200 27
114.83.220.117 - - [21/Apr/2024:07:16:16 +0800] "GET /xingrg/kc/buy/cgsh_order_operate.html?command=get_materiel&rest_code=00149&code=00101008224&supplier_code=00100008&order_time=2024-04-21 HTTP/1.1" 200 418
221.239.169.251 - - [21/Apr/2024:07:16:18 +0800] "GET /xingrg/all/function/internal_message.html?_=1713654977502&CODE_STATE=getMsg HTTP/1.1" 200 27
114.83.220.117 - - [21/Apr/2024:07:16:28 +0800] "GET /xingrg/kc/buy/cgsh_order_operate.html?command=get_materiel&rest_code=00149&code=00101008284&supplier_code=00100008&order_time=2024-04-21 HTTP/1.1" 200 412
120.253.135.82 - - [21/Apr/2024:07:16:29 +0800] "POST /xingrg/kc/pszx/mdps_list_operate.html HTTP/1.1" 200 4665
120.253.135.82 - - [21/Apr/2024:07:16:30 +0800] "POST /xingrg/kc/pszx/mdps_list_operate.html HTTP/1.1" 200 459
120.253.135.82 - - [21/Apr/2024:07:16:32 +0800] "GET /xingrg/kc/pszx/mdps_order_info.html?code=312024042100336 HTTP/1.1" 200 23978
120.253.135.82 - - [21/Apr/2024:07:16:32 +0800] "GET /xingrg/javascript/easyui/themes/default/validatebox.css HTTP/1.1" 404 1104
120.253.135.82 - - [21/Apr/2024:07:16:33 +0800] "POST /xingrg/kc/pszx/mdps_order_operate.html HTTP/1.1" 200 3800
120.253.135.82 - - [21/Apr/2024:07:16:37 +0800] "POST /xingrg/kc/pszx/mdps_list_operate.html HTTP/1.1" 200 4665
114.83.220.117 - - [21/Apr/2024:07:16:39 +0800] "GET /xingrg/kc/buy/cgsh_order_operate.html?command=get_materiel&rest_code=00149&code=00101008318&supplier_code=00100008&order_time=2024-04-21 HTTP/1.1" 200 408
120.253.135.82 - - [21/Apr/2024:07:16:40 +0800] "GET /xingrg/kc/pszx/ps_main.html HTTP/1.1" 200 13401
120.253.135.82 - - [21/Apr/2024:07:16:40 +0800] "POST /xingrg/kc/pszx/mdps_list_operate.html HTTP/1.1" 200 4665
120.253.135.82 - - [21/Apr/2024:07:16:40 +0800] "GET /xingrg/images/yd/bt.gif HTTP/1.1" 404 1040
120.253.135.82 - - [21/Apr/2024:07:16:42 +0800] "GET /xingrg/kc/pszx/mdqp_order_list.html HTTP/1.1" 200 79149
120.253.135.82 - - [21/Apr/2024:07:16:42 +0800] "GET /xingrg/dwr/interface/AjaxQqpsService.js HTTP/1.1" 200 16326
120.253.135.82 - - [21/Apr/2024:07:16:42 +0800] "GET /xingrg/dwr/interface/AjaxReportQueryService.js HTTP/1.1" 200 13203
120.253.135.82 - - [21/Apr/2024:07:16:42 +0800] "GET /xingrg/dwr/engine.js HTTP/1.1" 200 43631
116.228.172.94 - - [21/Apr/2024:07:16:44 +0800] "GET /xingrg/all/function/internal_message.html?_=1713654547699&CODE_STATE=getMsg HTTP/1.1" 200 27
120.253.135.82 - - [21/Apr/2024:07:16:47 +0800] "GET /xingrg/kc/pszx/mdqp_order_info.html?code=302024042000291 HTTP/1.1" 200 12913
120.253.135.82 - - [21/Apr/2024:07:16:48 +0800] "GET /xingrg/dwr/interface/AjaxComOrderService.js HTTP/1.1" 200 18264
120.253.135.82 - - [21/Apr/2024:07:16:48 +0800] "GET /xingrg/dwr/interface/AjaxQqpsService.js HTTP/1.1" 200 16326
120.253.135.82 - - [21/Apr/2024:07:16:48 +0800] "GET /xingrg/dwr/engine.js HTTP/1.1" 200 43631
114.83.220.117 - - [21/Apr/2024:07:16:48 +0800] "POST /xingrg/kc/buy/cgsh_order_operate.html HTTP/1.1" 200 2065
120.253.135.82 - - [21/Apr/2024:07:16:49 +0800] "POST /xingrg/dwr/call/plaincall/AjaxQqpsService.loadMaterielItems.dwr HTTP/1.1" 200 4520
120.253.135.82 - - [21/Apr/2024:07:16:50 +0800] "GET /xingrg/images/yd/bt.gif HTTP/1.1" 404 1040
120.253.135.82 - - [21/Apr/2024:07:16:50 +0800] "GET /xingrg/images/yd/bt2.gif HTTP/1.1" 404 1042
120.253.135.82 - - [21/Apr/2024:07:16:52 +0800] "GET /xingrg/kc/pszx/mdqp_order_list.html?isBack=1 HTTP/1.1" 200 79176
120.253.135.82 - - [21/Apr/2024:07:16:53 +0800] "GET /xingrg/dwr/interface/AjaxQqpsService.js HTTP/1.1" 200 16326
120.253.135.82 - - [21/Apr/2024:07:16:53 +0800] "GET /xingrg/dwr/interface/AjaxReportQueryService.js HTTP/1.1" 200 13203
120.253.135.82 - - [21/Apr/2024:07:16:53 +0800] "GET /xingrg/dwr/engine.js HTTP/1.1" 200 43631
120.253.135.82 - - [21/Apr/2024:07:16:56 +0800] "GET /xingrg/kc/pszx/mdqp_order_info.html?code=302024042000290 HTTP/1.1" 200 12913
120.253.135.82 - - [21/Apr/2024:07:16:56 +0800] "GET /xingrg/dwr/interface/AjaxComOrderService.js HTTP/1.1" 200 18264
120.253.135.82 - - [21/Apr/2024:07:16:56 +0800] "GET /xingrg/dwr/interface/AjaxQqpsService.js HTTP/1.1" 200 16326
120.253.135.82 - - [21/Apr/2024:07:16:56 +0800] "GET /xingrg/dwr/engine.js HTTP/1.1" 200 43631
114.83.220.117 - - [21/Apr/2024:07:16:56 +0800] "GET /xingrg/kc/buy/cgsh_order_operate.html?command=get_materiel&rest_code=00149&code=00101008163&supplier_code=00100008&order_time=2024-04-21 HTTP/1.1" 200 409
120.253.135.82 - - [21/Apr/2024:07:16:57 +0800] "POST /xingrg/dwr/call/plaincall/AjaxQqpsService.loadMaterielItems.dwr HTTP/1.1" 200 1192
120.253.135.82 - - [21/Apr/2024:07:17:02 +0800] "GET /xingrg/all/function/internal_message.html?_=1713654868070&CODE_STATE=getMsg HTTP/1.1" 200 27
120.253.135.82 - - [21/Apr/2024:07:17:06 +0800] "GET /xingrg/kc/pszx/mdqp_order_list.html?isBack=1 HTTP/1.1" 200 79176
120.253.135.82 - - [21/Apr/2024:07:17:06 +0800] "GET /xingrg/dwr/interface/AjaxReportQueryService.js HTTP/1.1" 200 13203
120.253.135.82 - - [21/Apr/2024:07:17:06 +0800] "GET /xingrg/dwr/interface/AjaxQqpsService.js HTTP/1.1" 200 16326
120.253.135.82 - - [21/Apr/2024:07:17:06 +0800] "GET /xingrg/dwr/engine.js HTTP/1.1" 200 43631
120.253.135.82 - - [21/Apr/2024:07:17:10 +0800] "GET /xingrg/kc/pszx/mdqp_order_info.html?code=302024042000288 HTTP/1.1" 200 12913
120.253.135.82 - - [21/Apr/2024:07:17:10 +0800] "GET /xingrg/dwr/interface/AjaxComOrderService.js HTTP/1.1" 200 18264
120.253.135.82 - - [21/Apr/2024:07:17:10 +0800] "GET /xingrg/dwr/engine.js HTTP/1.1" 200 43631
120.253.135.82 - - [21/Apr/2024:07:17:10 +0800] "GET /xingrg/dwr/interface/AjaxQqpsService.js HTTP/1.1" 200 16326
120.253.135.82 - - [21/Apr/2024:07:17:11 +0800] "POST /xingrg/dwr/call/plaincall/AjaxQqpsService.loadMaterielItems.dwr HTTP/1.1" 200 1671
114.83.220.117 - - [21/Apr/2024:07:17:12 +0800] "GET /xingrg/all/function/internal_message.html?_=1713655032458&CODE_STATE=getMsg HTTP/1.1" 200 27
221.239.169.251 - - [21/Apr/2024:07:17:18 +0800] "GET /xingrg/all/function/internal_message.html?_=1713655037488&CODE_STATE=getMsg HTTP/1.1" 200 27
114.83.220.117 - - [21/Apr/2024:07:17:20 +0800] "GET /xingrg/kc/buy/cgsh_order_operate.html?command=get_materiel&rest_code=00149&code=00101008357&supplier_code=00100008&order_time=2024-04-21 HTTP/1.1" 200 408
120.253.135.82 - - [21/Apr/2024:07:17:20 +0800] "GET /xingrg/kc/pszx/mdqp_order_list.html?isBack=1 HTTP/1.1" 200 79176
120.253.135.82 - - [21/Apr/2024:07:17:20 +0800] "GET /xingrg/dwr/interface/AjaxQqpsService.js HTTP/1.1" 200 16326
120.253.135.82 - - [21/Apr/2024:07:17:20 +0800] "GET /xingrg/dwr/engine.js HTTP/1.1" 200 43631
120.253.135.82 - - [21/Apr/2024:07:17:20 +0800] "GET /xingrg/dwr/interface/AjaxReportQueryService.js HTTP/1.1" 200 13203
120.253.135.82 - - [21/Apr/2024:07:17:26 +0800] "GET /xingrg/kc/pszx/mdqp_order_info.html?code=302024042000280 HTTP/1.1" 200 12913
120.253.135.82 - - [21/Apr/2024:07:17:26 +0800] "GET /xingrg/dwr/interface/AjaxComOrderService.js HTTP/1.1" 200 18264
120.253.135.82 - - [21/Apr/2024:07:17:26 +0800] "GET /xingrg/dwr/engine.js HTTP/1.1" 200 43631
120.253.135.82 - - [21/Apr/2024:07:17:26 +0800] "GET /xingrg/dwr/interface/AjaxQqpsService.js HTTP/1.1" 200 16326
120.253.135.82 - - [21/Apr/2024:07:17:27 +0800] "POST /xingrg/dwr/call/plaincall/AjaxQqpsService.loadMaterielItems.dwr HTTP/1.1" 200 336
114.83.220.117 - - [21/Apr/2024:07:17:29 +0800] "GET /xingrg/kc/buy/cgsh_order_operate.html?command=get_materiel&rest_code=00149&code=00101008155&supplier_code=00100008&order_time=2024-04-21 HTTP/1.1" 200 408
120.253.135.82 - - [21/Apr/2024:07:17:30 +0800] "GET /xingrg/images/yd/bt.gif HTTP/1.1" 404 1040
120.253.135.82 - - [21/Apr/2024:07:17:30 +0800] "GET /xingrg/images/yd/bt2.gif HTTP/1.1" 404 1042
120.253.135.82 - - [21/Apr/2024:07:17:31 +0800] "GET /xingrg/kc/pszx/mdqp_order_list.html?isBack=1 HTTP/1.1" 200 79176
120.253.135.82 - - [21/Apr/2024:07:17:31 +0800] "GET /xingrg/dwr/interface/AjaxReportQueryService.js HTTP/1.1" 200 13203
120.253.135.82 - - [21/Apr/2024:07:17:31 +0800] "GET /xingrg/dwr/interface/AjaxQqpsService.js HTTP/1.1" 200 16326
120.253.135.82 - - [21/Apr/2024:07:17:31 +0800] "GET /xingrg/dwr/engine.js HTTP/1.1" 200 43631
120.253.135.82 - - [21/Apr/2024:07:17:36 +0800] "GET /xingrg/kc/pszx/mdqp_order_info.html?code=302024042000279 HTTP/1.1" 200 12913
120.253.135.82 - - [21/Apr/2024:07:17:36 +0800] "GET /xingrg/dwr/interface/AjaxComOrderService.js HTTP/1.1" 200 18264
120.253.135.82 - - [21/Apr/2024:07:17:36 +0800] "GET /xingrg/dwr/engine.js HTTP/1.1" 200 43631
120.253.135.82 - - [21/Apr/2024:07:17:36 +0800] "GET /xingrg/dwr/interface/AjaxQqpsService.js HTTP/1.1" 200 16326
120.253.135.82 - - [21/Apr/2024:07:17:37 +0800] "POST /xingrg/dwr/call/plaincall/AjaxQqpsService.loadMaterielItems.dwr HTTP/1.1" 200 960
120.253.135.82 - - [21/Apr/2024:07:17:41 +0800] "GET /xingrg/images/yd/bt.gif HTTP/1.1" 404 1040
120.253.135.82 - - [21/Apr/2024:07:17:41 +0800] "GET /xingrg/images/yd/bt2.gif HTTP/1.1" 404 1042
120.253.135.82 - - [21/Apr/2024:07:17:41 +0800] "GET /xingrg/kc/pszx/mdqp_order_list.html?isBack=1 HTTP/1.1" 200 79176
120.253.135.82 - - [21/Apr/2024:07:17:41 +0800] "GET /xingrg/dwr/engine.js HTTP/1.1" 200 43631
120.253.135.82 - - [21/Apr/2024:07:17:41 +0800] "GET /xingrg/dwr/interface/AjaxQqpsService.js HTTP/1.1" 200 16326
120.253.135.82 - - [21/Apr/2024:07:17:41 +0800] "GET /xingrg/dwr/interface/AjaxReportQueryService.js HTTP/1.1" 200 13203
116.228.172.94 - - [21/Apr/2024:07:17:44 +0800] "GET /xingrg/all/function/internal_message.html?_=1713654607678&CODE_STATE=getMsg HTTP/1.1" 200 27
114.83.220.117 - - [21/Apr/2024:07:17:44 +0800] "GET /xingrg/kc/buy/cgsh_order_operate.html?command=get_materiel&rest_code=00149&code=00101008349&supplier_code=00100008&order_time=2024-04-21 HTTP/1.1" 200 413
120.253.135.82 - - [21/Apr/2024:07:17:46 +0800] "GET /xingrg/kc/pszx/mdqp_order_info.html?code=302024042000278 HTTP/1.1" 200 12913
120.253.135.82 - - [21/Apr/2024:07:17:46 +0800] "GET /xingrg/dwr/interface/AjaxComOrderService.js HTTP/1.1" 200 18264
120.253.135.82 - - [21/Apr/2024:07:17:46 +0800] "GET /xingrg/dwr/interface/AjaxQqpsService.js HTTP/1.1" 200 16326
120.253.135.82 - - [21/Apr/2024:07:17:46 +0800] "GET /xingrg/dwr/engine.js HTTP/1.1" 200 43631
120.253.135.82 - - [21/Apr/2024:07:17:47 +0800] "POST /xingrg/dwr/call/plaincall/AjaxQqpsService.loadMaterielItems.dwr HTTP/1.1" 200 329
222.70.240.29 - - [21/Apr/2024:07:17:48 +0800] "GET /xingrg/check_reg.html?_=1713655090567 HTTP/1.1" 302 -
114.83.220.117 - - [21/Apr/2024:07:17:49 +0800] "POST /xingrg/kc/buy/cgsh_order_operate.html HTTP/1.1" 200 2065
120.253.135.82 - - [21/Apr/2024:07:17:50 +0800] "GET /xingrg/kc/pszx/mdqp_order_list.html?isBack=1 HTTP/1.1" 200 79176
120.253.135.82 - - [21/Apr/2024:07:17:50 +0800] "GET /xingrg/dwr/interface/AjaxQqpsService.js HTTP/1.1" 200 16326
120.253.135.82 - - [21/Apr/2024:07:17:50 +0800] "GET /xingrg/dwr/engine.js HTTP/1.1" 200 43631
120.253.135.82 - - [21/Apr/2024:07:17:50 +0800] "GET /xingrg/dwr/interface/AjaxReportQueryService.js HTTP/1.1" 200 13203
114.83.220.117 - - [21/Apr/2024:07:17:55 +0800] "GET /xingrg/kc/buy/cgsh_order_operate.html?command=get_materiel&rest_code=00149&code=00101008060&supplier_code=00100008&order_time=2024-04-21 HTTP/1.1" 200 416
120.253.135.82 - - [21/Apr/2024:07:17:55 +0800] "GET /xingrg/kc/pszx/mdqp_order_info.html?code=302024042000277 HTTP/1.1" 200 12913
120.253.135.82 - - [21/Apr/2024:07:17:55 +0800] "GET /xingrg/dwr/interface/AjaxQqpsService.js HTTP/1.1" 200 16326
120.253.135.82 - - [21/Apr/2024:07:17:55 +0800] "GET /xingrg/dwr/engine.js HTTP/1.1" 200 43631
120.253.135.82 - - [21/Apr/2024:07:17:55 +0800] "GET /xingrg/dwr/interface/AjaxComOrderService.js HTTP/1.1" 200 18264
120.253.135.82 - - [21/Apr/2024:07:17:56 +0800] "POST /xingrg/dwr/call/plaincall/AjaxQqpsService.loadMaterielItems.dwr HTTP/1.1" 200 6862
120.253.135.82 - - [21/Apr/2024:07:18:02 +0800] "GET /xingrg/all/function/internal_message.html?_=1713654928082&CODE_STATE=getMsg HTTP/1.1" 200 27
120.253.135.82 - - [21/Apr/2024:07:18:06 +0800] "GET /xingrg/kc/pszx/mdqp_order_list.html?isBack=1 HTTP/1.1" 200 79176
120.253.135.82 - - [21/Apr/2024:07:18:06 +0800] "GET /xingrg/dwr/interface/AjaxReportQueryService.js HTTP/1.1" 200 13203
120.253.135.82 - - [21/Apr/2024:07:18:06 +0800] "GET /xingrg/dwr/interface/AjaxQqpsService.js HTTP/1.1" 200 16326
120.253.135.82 - - [21/Apr/2024:07:18:06 +0800] "GET /xingrg/dwr/engine.js HTTP/1.1" 200 43631
114.83.220.117 - - [21/Apr/2024:07:18:07 +0800] "GET /xingrg/kc/buy/cgsh_order_operate.html?command=get_materiel&rest_code=00149&code=00101009015&supplier_code=00100008&order_time=2024-04-21 HTTP/1.1" 200 416
120.253.135.82 - - [21/Apr/2024:07:18:09 +0800] "GET /xingrg/kc/pszx/mdqp_order_info.html?code=302024042000276 HTTP/1.1" 200 12913
120.253.135.82 - - [21/Apr/2024:07:18:09 +0800] "GET /xingrg/dwr/interface/AjaxComOrderService.js HTTP/1.1" 200 18264
120.253.135.82 - - [21/Apr/2024:07:18:09 +0800] "GET /xingrg/dwr/interface/AjaxQqpsService.js HTTP/1.1" 200 16326
120.253.135.82 - - [21/Apr/2024:07:18:09 +0800] "GET /xingrg/dwr/engine.js HTTP/1.1" 200 43631
120.253.135.82 - - [21/Apr/2024:07:18:10 +0800] "POST /xingrg/dwr/call/plaincall/AjaxQqpsService.loadMaterielItems.dwr HTTP/1.1" 200 4946
114.83.220.117 - - [21/Apr/2024:07:18:12 +0800] "GET /xingrg/all/function/internal_message.html?_=1713655092442&CODE_STATE=getMsg HTTP/1.1" 200 27
120.253.135.82 - - [21/Apr/2024:07:18:15 +0800] "GET /xingrg/kc/pszx/mdqp_order_list.html?isBack=1 HTTP/1.1" 200 79176
120.253.135.82 - - [21/Apr/2024:07:18:15 +0800] "GET /xingrg/dwr/interface/AjaxReportQueryService.js HTTP/1.1" 200 13203
120.253.135.82 - - [21/Apr/2024:07:18:15 +0800] "GET /xingrg/dwr/interface/AjaxQqpsService.js HTTP/1.1" 200 16326
120.253.135.82 - - [21/Apr/2024:07:18:15 +0800] "GET /xingrg/dwr/engine.js HTTP/1.1" 200 43631
114.83.220.117 - - [21/Apr/2024:07:18:16 +0800] "GET /xingrg/kc/buy/cgsh_order_operate.html?command=get_materiel&rest_code=00149&code=00101009004&supplier_code=00100008&order_time=2024-04-21 HTTP/1.1" 200 408
221.239.169.251 - - [21/Apr/2024:07:18:18 +0800] "GET /xingrg/all/function/internal_message.html?_=1713655097497&CODE_STATE=getMsg HTTP/1.1" 200 27
120.253.135.82 - - [21/Apr/2024:07:18:23 +0800] "GET /xingrg/kc/pszx/mdps_order_list.html?orderType=0 HTTP/1.1" 200 21033
120.253.135.82 - - [21/Apr/2024:07:18:23 +0800] "POST /xingrg/kc/pszx/mdps_list_operate.html HTTP/1.1" 200 5326
114.83.220.117 - - [21/Apr/2024:07:18:27 +0800] "GET /xingrg/kc/buy/cgsh_order_operate.html?command=get_materiel&rest_code=00149&code=00101008706&supplier_code=00100008&order_time=2024-04-21 HTTP/1.1" 200 413
120.253.135.82 - - [21/Apr/2024:07:18:32 +0800] "POST /xingrg/kc/pszx/mdps_list_operate.html HTTP/1.1" 200 4665
114.83.220.117 - - [21/Apr/2024:07:18:38 +0800] "GET /xingrg/kc/buy/cgsh_order_operate.html?command=get_materiel&rest_code=00149&code=00101008350&supplier_code=00100008&order_time=2024-04-21 HTTP/1.1" 200 408
114.83.220.117 - - [21/Apr/2024:07:18:42 +0800] "POST /xingrg/kc/buy/cgsh_order_operate.html HTTP/1.1" 200 2065
116.228.172.94 - - [21/Apr/2024:07:18:44 +0800] "GET /xingrg/all/function/internal_message.html?_=1713654667669&CODE_STATE=getMsg HTTP/1.1" 200 27
114.83.220.117 - - [21/Apr/2024:07:18:50 +0800] "GET /xingrg/kc/buy/cgsh_order_operate.html?command=get_materiel&rest_code=00149&code=00101008704&supplier_code=00100008&order_time=2024-04-21 HTTP/1.1" 200 409
120.253.135.82 - - [21/Apr/2024:07:19:02 +0800] "GET /xingrg/all/function/internal_message.html?_=1713654988095&CODE_STATE=getMsg HTTP/1.1" 200 27
120.253.135.82 - - [21/Apr/2024:07:19:02 +0800] "GET /xingrg/check_reg.html?_=1713654988407 HTTP/1.1" 200 22
114.83.220.117 - - [21/Apr/2024:07:19:06 +0800] "POST /xingrg/kc/buy/cgsh_order_operate.html HTTP/1.1" 200 37
114.83.220.117 - - [21/Apr/2024:07:19:12 +0800] "GET /xingrg/all/function/internal_message.html?_=1713655152445&CODE_STATE=getMsg HTTP/1.1" 200 27
114.83.220.117 - - [21/Apr/2024:07:19:16 +0800] "POST /xingrg/kc/buy/cgsh_order_operate.html HTTP/1.1" 200 12
221.239.169.251 - - [21/Apr/2024:07:19:18 +0800] "GET /xingrg/all/function/internal_message.html?_=1713655157493&CODE_STATE=getMsg HTTP/1.1" 200 27
114.83.220.117 - - [21/Apr/2024:07:19:20 +0800] "GET /xingrg/kc/buy/cgsh_order_info.html?code=212024042105639 HTTP/1.1" 200 68993
114.83.220.117 - - [21/Apr/2024:07:19:21 +0800] "GET /xingrg/javascript/easyui/themes/default/validatebox.css HTTP/1.1" 404 1104
114.83.220.117 - - [21/Apr/2024:07:19:22 +0800] "POST /xingrg/kc/buy/cgsh_order_operate.html HTTP/1.1" 200 23651
114.83.220.117 - - [21/Apr/2024:07:19:30 +0800] "GET /xingrg/kc/print/load_config.html?kc_code=cgsh HTTP/1.1" 200 1927
114.83.220.117 - - [21/Apr/2024:07:19:31 +0800] "GET /xingrg/kc/print/load_data.html?order_code=212024042105639&kc_code=cgsh&condition= HTTP/1.1" 200 9430
114.83.220.117 - - [21/Apr/2024:07:19:38 +0800] "GET /xingrg/kc/buy/cgsh_order_add.html HTTP/1.1" 200 74122
114.83.220.117 - - [21/Apr/2024:07:19:38 +0800] "POST /xingrg/kc/buy/cgsh_order_operate.html HTTP/1.1" 200 8245
114.83.220.117 - - [21/Apr/2024:07:19:38 +0800] "GET /xingrg/javascript/easyui/themes/default/validatebox.css HTTP/1.1" 404 1104
116.228.172.94 - - [21/Apr/2024:07:19:44 +0800] "GET /xingrg/all/function/internal_message.html?_=1713654727654&CODE_STATE=getMsg HTTP/1.1" 200 27
116.235.94.6 - - [21/Apr/2024:07:19:47 +0800] "GET /xingrg/check_reg.html?_=1713655185264 HTTP/1.1" 302 -
120.253.135.82 - - [21/Apr/2024:07:20:02 +0800] "GET /xingrg/all/function/internal_message.html?_=1713655048108&CODE_STATE=getMsg HTTP/1.1" 200 27
114.83.220.117 - - [21/Apr/2024:07:20:12 +0800] "GET /xingrg/check_reg.html?_=1713655212446 HTTP/1.1" 200 22
114.83.220.117 - - [21/Apr/2024:07:20:12 +0800] "GET /xingrg/all/function/internal_message.html?_=1713655212451&CODE_STATE=getMsg HTTP/1.1" 200 27
221.239.169.251 - - [21/Apr/2024:07:20:18 +0800] "GET /xingrg/all/function/internal_message.html?_=1713655217492&CODE_STATE=getMsg HTTP/1.1" 200 27
221.239.169.251 - - [21/Apr/2024:07:20:18 +0800] "GET /xingrg/check_reg.html?_=1713655217497 HTTP/1.1" 200 22
116.228.172.94 - - [21/Apr/2024:07:20:33 +0800] "GET /xingrg/check_reg.html?_=1713654776992 HTTP/1.1" 200 22
116.228.172.94 - - [21/Apr/2024:07:20:44 +0800] "GET /xingrg/all/function/internal_message.html?_=1713654787644&CODE_STATE=getMsg HTTP/1.1" 200 27
114.83.220.117 - - [21/Apr/2024:07:20:49 +0800] "POST /xingrg/kc/buy/cgsh_list_operate.html HTTP/1.1" 200 588
114.83.220.117 - - [21/Apr/2024:07:20:52 +0800] "GET /xingrg/kc/buy/cgsh_order_info.html?code=212024042105637 HTTP/1.1" 200 74092
114.83.220.117 - - [21/Apr/2024:07:20:52 +0800] "GET /xingrg/javascript/easyui/themes/default/validatebox.css HTTP/1.1" 404 1104
114.83.220.117 - - [21/Apr/2024:07:20:53 +0800] "POST /xingrg/kc/buy/cgsh_order_operate.html HTTP/1.1" 200 24799
114.83.220.117 - - [21/Apr/2024:07:20:55 +0800] "POST /xingrg/kc/buy/cgsh_list_operate.html HTTP/1.1" 200 1377
120.253.135.82 - - [21/Apr/2024:07:21:02 +0800] "GET /xingrg/all/function/internal_message.html?_=1713655108123&CODE_STATE=getMsg HTTP/1.1" 200 27
114.83.220.117 - - [21/Apr/2024:07:21:12 +0800] "GET /xingrg/all/function/internal_message.html?_=1713655272446&CODE_STATE=getMsg HTTP/1.1" 200 27
221.239.169.251 - - [21/Apr/2024:07:21:18 +0800] "GET /xingrg/all/function/internal_message.html?_=1713655277494&CODE_STATE=getMsg HTTP/1.1" 200 27
116.228.172.94 - - [21/Apr/2024:07:21:44 +0800] "GET /xingrg/all/function/internal_message.html?_=1713654847620&CODE_STATE=getMsg HTTP/1.1" 200 27
120.253.135.82 - - [21/Apr/2024:07:22:02 +0800] "GET /xingrg/all/function/internal_message.html?_=1713655168297&CODE_STATE=getMsg HTTP/1.1" 200 27
114.83.220.117 - - [21/Apr/2024:07:22:12 +0800] "GET /xingrg/all/function/internal_message.html?_=1713655332450&CODE_STATE=getMsg HTTP/1.1" 200 27
221.239.169.251 - - [21/Apr/2024:07:22:18 +0800] "GET /xingrg/all/function/internal_message.html?_=1713655337489&CODE_STATE=getMsg HTTP/1.1" 200 27
116.228.172.94 - - [21/Apr/2024:07:22:44 +0800] "GET /xingrg/all/function/internal_message.html?_=1713654907606&CODE_STATE=getMsg HTTP/1.1" 200 27
222.70.240.29 - - [21/Apr/2024:07:22:48 +0800] "GET /xingrg/check_reg.html?_=1713655390618 HTTP/1.1" 302 -
120.253.135.82 - - [21/Apr/2024:07:23:02 +0800] "GET /xingrg/all/function/internal_message.html?_=1713655228306&CODE_STATE=getMsg HTTP/1.1" 200 27
114.83.220.117 - - [21/Apr/2024:07:23:12 +0800] "GET /xingrg/all/function/internal_message.html?_=1713655392442&CODE_STATE=getMsg HTTP/1.1" 200 27
221.239.169.251 - - [21/Apr/2024:07:23:18 +0800] "GET /xingrg/all/function/internal_message.html?_=1713655397488&CODE_STATE=getMsg HTTP/1.1" 200 27
114.83.220.117 - - [21/Apr/2024:07:23:26 +0800] "POST /xingrg/kc/buy/cgsh_order_operate.html HTTP/1.1" 200 37
114.83.220.117 - - [21/Apr/2024:07:23:36 +0800] "POST /xingrg/kc/buy/cgsh_order_operate.html HTTP/1.1" 200 12
114.83.220.117 - - [21/Apr/2024:07:23:38 +0800] "GET /xingrg/kc/buy/cgsh_order_info.html?code=212024042105637 HTTP/1.1" 200 68985
114.83.220.117 - - [21/Apr/2024:07:23:39 +0800] "GET /xingrg/javascript/easyui/themes/default/validatebox.css HTTP/1.1" 404 1104
114.83.220.117 - - [21/Apr/2024:07:23:40 +0800] "POST /xingrg/kc/buy/cgsh_order_operate.html HTTP/1.1" 200 22742
