101.83.144.49 - - [21/Apr/2024:11:07:41 +0800] "POST /xingrg/kc/buy/cgsh_order_operate.html HTTP/1.1" 200 37
180.164.1.25 - - [21/Apr/2024:11:07:42 +0800] "GET /xingrg/kc/buy/cgsh_order_operate.html?command=get_materiel&rest_code=00108&code=00101001140&supplier_code=00100090&order_time=2024-04-21 HTTP/1.1" 200 417
116.228.172.94 - - [21/Apr/2024:11:07:42 +0800] "GET /xingrg/all/function/internal_message.html?_=1713668405830&CODE_STATE=getMsg HTTP/1.1" 200 27
124.78.56.241 - - [21/Apr/2024:11:07:48 +0800] "POST /xingrg/kc/buy/cgsh_order_operate.html HTTP/1.1" 200 37
222.70.240.29 - - [21/Apr/2024:11:07:50 +0800] "GET /xingrg/check_reg.html?_=1713668893050 HTTP/1.1" 302 -
180.164.1.25 - - [21/Apr/2024:11:07:57 +0800] "GET /xingrg/kc/buy/cgsh_order_operate.html?command=get_materiel&rest_code=00108&code=00101001169&supplier_code=00100090&order_time=2024-04-21 HTTP/1.1" 200 417
124.78.56.241 - - [21/Apr/2024:11:07:57 +0800] "POST /xingrg/kc/buy/cgsh_order_operate.html HTTP/1.1" 200 12
124.78.56.241 - - [21/Apr/2024:11:08:00 +0800] "GET /xingrg/kc/buy/cgsh_order_info.html?code=212024042105760 HTTP/1.1" 200 68907
124.78.56.241 - - [21/Apr/2024:11:08:01 +0800] "GET /xingrg/javascript/easyui/themes/default/validatebox.css HTTP/1.1" 404 1104
124.78.56.241 - - [21/Apr/2024:11:08:02 +0800] "GET /xingrg/all/function/internal_message.html?_=1713668882247&CODE_STATE=getMsg HTTP/1.1" 200 27
124.78.56.241 - - [21/Apr/2024:11:08:02 +0800] "POST /xingrg/kc/buy/cgsh_order_operate.html HTTP/1.1" 200 614
124.78.56.241 - - [21/Apr/2024:11:08:04 +0800] "GET /xingrg/kc/print/load_data.html?order_code=212024042105760&kc_code=cgsh&condition= HTTP/1.1" 200 775
222.69.134.233 - - [21/Apr/2024:11:08:06 +0800] "GET /xingrg/all/function/internal_message.html?_=1713668888005&CODE_STATE=getMsg HTTP/1.1" 200 27
222.69.134.233 - - [21/Apr/2024:11:08:06 +0800] "GET /xingrg/check_reg.html?_=1713668888008 HTTP/1.1" 200 22
180.164.1.25 - - [21/Apr/2024:11:08:07 +0800] "GET /xingrg/kc/buy/cgsh_order_operate.html?command=get_materiel&rest_code=00108&code=00101005088&supplier_code=00100090&order_time=2024-04-21 HTTP/1.1" 200 414
124.78.158.161 - - [21/Apr/2024:11:08:07 +0800] "GET /xingrg/all/function/internal_message.html?_=1713668888210&CODE_STATE=getMsg HTTP/1.1" 200 27
222.70.183.82 - - [21/Apr/2024:11:08:07 +0800] "GET /xingrg/all/function/internal_message.html?_=1713668884689&CODE_STATE=getMsg HTTP/1.1" 200 27
124.78.56.241 - - [21/Apr/2024:11:08:09 +0800] "POST /xingrg/kc/buy/cgsh_order_operate.html HTTP/1.1" 200 8245
124.78.56.241 - - [21/Apr/2024:11:08:09 +0800] "GET /xingrg/javascript/easyui/themes/default/validatebox.css HTTP/1.1" 404 1104
116.232.195.13 - - [21/Apr/2024:11:08:18 +0800] "GET /xingrg/check_reg.html?_=1713668891781 HTTP/1.1" 200 22
221.239.169.251 - - [21/Apr/2024:11:08:18 +0800] "GET /xingrg/all/function/internal_message.html?_=1713668897701&CODE_STATE=getMsg HTTP/1.1" 200 27
124.78.56.241 - - [21/Apr/2024:11:08:19 +0800] "GET /xingrg/kc/buy/cgsh_order_operate.html?command=get_materiel&rest_code=00141&code=00101002006&supplier_code=00100091&order_time=2024-04-21 HTTP/1.1" 200 414
116.232.195.13 - - [21/Apr/2024:11:08:20 +0800] "GET /xingrg/all/function/internal_message.html?_=1713668893335&CODE_STATE=getMsg HTTP/1.1" 200 27
116.238.125.103 - - [21/Apr/2024:11:08:20 +0800] "GET /xingrg/all/function/internal_message.html?_=1713668902779&CODE_STATE=getMsg HTTP/1.1" 200 27
124.78.158.161 - - [21/Apr/2024:11:08:23 +0800] "GET /xingrg/all/function/internal_message.html?_=1713668900324&CODE_STATE=getMsg HTTP/1.1" 200 27
124.78.158.161 - - [21/Apr/2024:11:08:24 +0800] "GET /xingrg/check_reg.html?_=1713668901295 HTTP/1.1" 200 22
101.83.144.49 - - [21/Apr/2024:11:08:26 +0800] "POST /xingrg/kc/buy/cgsh_order_operate.html HTTP/1.1" 200 23990
120.253.135.82 - - [21/Apr/2024:11:08:29 +0800] "GET /xingrg/all/function/internal_message.html?_=1713668754511&CODE_STATE=getMsg HTTP/1.1" 200 27
180.164.1.25 - - [21/Apr/2024:11:08:29 +0800] "GET /xingrg/check_reg.html?_=1713668909748 HTTP/1.1" 200 22
180.164.1.25 - - [21/Apr/2024:11:08:31 +0800] "GET /xingrg/all/function/internal_message.html?_=1713668911432&CODE_STATE=getMsg HTTP/1.1" 200 27
180.164.1.25 - - [21/Apr/2024:11:08:32 +0800] "POST /xingrg/kc/buy/cgsh_order_operate.html HTTP/1.1" 200 37
180.164.1.25 - - [21/Apr/2024:11:08:34 +0800] "POST /xingrg/kc/buy/cgsh_order_operate.html HTTP/1.1" 200 3858
180.164.1.25 - - [21/Apr/2024:11:08:36 +0800] "GET /xingrg/kc/print/load_data.html?order_code=212024042105761&kc_code=cgsh&condition= HTTP/1.1" 200 1214
101.83.144.49 - - [21/Apr/2024:11:08:40 +0800] "GET /xingrg/all/function/internal_message.html?_=1713668922220&CODE_STATE=getMsg HTTP/1.1" 200 27
180.164.1.25 - - [21/Apr/2024:11:08:41 +0800] "GET /xingrg/kc/buy/cgsh_order_add.html HTTP/1.1" 200 74126
180.164.1.25 - - [21/Apr/2024:11:08:41 +0800] "POST /xingrg/kc/buy/cgsh_order_operate.html HTTP/1.1" 200 8245
180.164.1.25 - - [21/Apr/2024:11:08:41 +0800] "GET /xingrg/javascript/easyui/themes/default/validatebox.css HTTP/1.1" 404 1104
116.228.172.94 - - [21/Apr/2024:11:08:42 +0800] "GET /xingrg/all/function/internal_message.html?_=1713668465813&CODE_STATE=getMsg HTTP/1.1" 200 27
180.164.1.25 - - [21/Apr/2024:11:08:51 +0800] "GET /xingrg/kc/buy/cgsh_order_operate.html?command=get_materiel&rest_code=00108&code=00101001037&supplier_code=00100090&order_time=2024-04-21 HTTP/1.1" 200 418
124.78.56.241 - - [21/Apr/2024:11:08:57 +0800] "GET /xingrg/kc/buy/cgsh_order_operate.html?command=get_materiel&rest_code=00141&code=00101002034&supplier_code=00100091&order_time=2024-04-21 HTTP/1.1" 200 409
124.78.56.241 - - [21/Apr/2024:11:09:02 +0800] "GET /xingrg/all/function/internal_message.html?_=1713668942236&CODE_STATE=getMsg HTTP/1.1" 200 27
180.164.1.25 - - [21/Apr/2024:11:09:03 +0800] "POST /xingrg/kc/buy/cgsh_order_operate.html HTTP/1.1" 200 37
222.69.134.233 - - [21/Apr/2024:11:09:06 +0800] "GET /xingrg/all/function/internal_message.html?_=1713668948004&CODE_STATE=getMsg HTTP/1.1" 200 27
180.164.1.25 - - [21/Apr/2024:11:09:06 +0800] "POST /xingrg/kc/buy/cgsh_order_operate.html HTTP/1.1" 200 2665
124.78.56.241 - - [21/Apr/2024:11:09:06 +0800] "GET /xingrg/kc/buy/cgsh_order_operate.html?command=get_materiel&rest_code=00141&code=00101003037&supplier_code=00100091&order_time=2024-04-21 HTTP/1.1" 200 418
180.164.1.25 - - [21/Apr/2024:11:09:07 +0800] "GET /xingrg/kc/print/load_data.html?order_code=212024042105762&kc_code=cgsh&condition= HTTP/1.1" 200 760
124.78.158.161 - - [21/Apr/2024:11:09:07 +0800] "GET /xingrg/all/function/internal_message.html?_=1713668948211&CODE_STATE=getMsg HTTP/1.1" 200 27
222.70.183.82 - - [21/Apr/2024:11:09:07 +0800] "GET /xingrg/all/function/internal_message.html?_=1713668944673&CODE_STATE=getMsg HTTP/1.1" 200 27
222.70.183.82 - - [21/Apr/2024:11:09:09 +0800] "GET /xingrg/check_reg.html?_=1713668946202 HTTP/1.1" 200 22
180.164.1.25 - - [21/Apr/2024:11:09:11 +0800] "GET /xingrg/kc/buy/cgsh_order_add.html HTTP/1.1" 200 74126
180.164.1.25 - - [21/Apr/2024:11:09:11 +0800] "POST /xingrg/kc/buy/cgsh_order_operate.html HTTP/1.1" 200 8245
180.164.1.25 - - [21/Apr/2024:11:09:11 +0800] "GET /xingrg/javascript/easyui/themes/default/validatebox.css HTTP/1.1" 404 1104
221.239.169.251 - - [21/Apr/2024:11:09:18 +0800] "GET /xingrg/all/function/internal_message.html?_=1713668957685&CODE_STATE=getMsg HTTP/1.1" 200 27
116.232.195.13 - - [21/Apr/2024:11:09:20 +0800] "GET /xingrg/all/function/internal_message.html?_=1713668953317&CODE_STATE=getMsg HTTP/1.1" 200 27
116.238.125.103 - - [21/Apr/2024:11:09:20 +0800] "GET /xingrg/all/function/internal_message.html?_=1713668962775&CODE_STATE=getMsg HTTP/1.1" 200 27
222.70.183.82 - - [21/Apr/2024:11:09:22 +0800] "POST /xingrg/services/DataTransmitService HTTP/1.1" 200 524
180.163.29.79 - - [21/Apr/2024:11:09:23 +0800] "GET /xingrg/all/function/internal_message.html?_=1713668900324&CODE_STATE=getMsg HTTP/1.1" 302 -
180.163.29.79 - - [21/Apr/2024:11:09:23 +0800] "GET /xingrg/login.html HTTP/1.1" 200 7641
124.78.158.161 - - [21/Apr/2024:11:09:23 +0800] "GET /xingrg/all/function/internal_message.html?_=1713668960298&CODE_STATE=getMsg HTTP/1.1" 200 27
222.70.183.82 - - [21/Apr/2024:11:09:23 +0800] "POST /xingrg/services/DataTransmitService HTTP/1.1" 200 501
120.253.135.82 - - [21/Apr/2024:11:09:29 +0800] "GET /xingrg/all/function/internal_message.html?_=1713668814527&CODE_STATE=getMsg HTTP/1.1" 200 27
180.164.1.25 - - [21/Apr/2024:11:09:31 +0800] "GET /xingrg/all/function/internal_message.html?_=1713668971406&CODE_STATE=getMsg HTTP/1.1" 200 27
101.83.144.49 - - [21/Apr/2024:11:09:40 +0800] "GET /xingrg/all/function/internal_message.html?_=1713668982086&CODE_STATE=getMsg HTTP/1.1" 200 27
222.70.183.82 - - [21/Apr/2024:11:09:41 +0800] "POST /xingrg/kc/mdqp/pssh_list_operate.html HTTP/1.1" 200 791
222.70.183.82 - - [21/Apr/2024:11:09:41 +0800] "GET /xingrg/kc/mdqp/pssh_order_info.html?code=312024042000323 HTTP/1.1" 200 17297
222.70.183.82 - - [21/Apr/2024:11:09:42 +0800] "GET /xingrg/javascript/jquery_tools/jquery-1.4.2.min.js HTTP/1.1" 404 1094
116.228.172.94 - - [21/Apr/2024:11:09:42 +0800] "GET /xingrg/all/function/internal_message.html?_=1713668525805&CODE_STATE=getMsg HTTP/1.1" 200 27
222.70.183.82 - - [21/Apr/2024:11:09:42 +0800] "GET /xingrg/javascript/easyui/themes/icons/back_new.png HTTP/1.1" 200 3414
222.70.183.82 - - [21/Apr/2024:11:09:42 +0800] "GET /xingrg/javascript/easyui/themes/default/validatebox.css HTTP/1.1" 404 1104
222.70.183.82 - - [21/Apr/2024:11:09:42 +0800] "GET /xingrg/all/common/auto_word.html?type=base&rest_code=00111&rest_code=00111 HTTP/1.1" 200 1753
222.70.183.82 - - [21/Apr/2024:11:09:43 +0800] "POST /xingrg/kc/mdqp/pssh_order_operate.html HTTP/1.1" 200 6427
222.70.183.82 - - [21/Apr/2024:11:09:46 +0800] "POST /xingrg/all/common/load_combo.html?type=employee HTTP/1.1" 200 189
116.235.94.6 - - [21/Apr/2024:11:09:47 +0800] "GET /xingrg/check_reg.html?_=1713668984946 HTTP/1.1" 302 -
222.70.183.82 - - [21/Apr/2024:11:09:52 +0800] "POST /xingrg/kc/mdqp/pssh_order_operate.html HTTP/1.1" 200 37
222.70.183.82 - - [21/Apr/2024:11:09:56 +0800] "POST /xingrg/kc/mdqp/pssh_order_operate.html HTTP/1.1" 200 12
124.78.56.241 - - [21/Apr/2024:11:09:56 +0800] "POST /xingrg/kc/buy/cgsh_order_operate.html HTTP/1.1" 200 37
222.70.183.82 - - [21/Apr/2024:11:09:57 +0800] "GET /xingrg/kc/mdqp/pssh_order_info.html?code=312024042000323 HTTP/1.1" 200 14386
222.70.183.82 - - [21/Apr/2024:11:09:57 +0800] "GET /xingrg/javascript/jquery_tools/jquery-1.4.2.min.js HTTP/1.1" 404 1094
222.70.183.82 - - [21/Apr/2024:11:09:58 +0800] "GET /xingrg/javascript/easyui/themes/icons/uncheck_new.png HTTP/1.1" 200 3197
222.70.183.82 - - [21/Apr/2024:11:09:58 +0800] "GET /xingrg/javascript/easyui/themes/default/validatebox.css HTTP/1.1" 404 1104
222.70.183.82 - - [21/Apr/2024:11:09:58 +0800] "POST /xingrg/kc/mdqp/pssh_order_operate.html HTTP/1.1" 200 6427
222.70.183.82 - - [21/Apr/2024:11:10:00 +0800] "GET /xingrg/kc/mdqp/pssh_order_list.html?isBack=1 HTTP/1.1" 200 17807
124.78.56.241 - - [21/Apr/2024:11:10:02 +0800] "GET /xingrg/all/function/internal_message.html?_=1713669002222&CODE_STATE=getMsg HTTP/1.1" 200 27
222.70.183.82 - - [21/Apr/2024:11:10:02 +0800] "POST /xingrg/kc/mdqp/pssh_list_operate.html HTTP/1.1" 200 5397
124.78.56.241 - - [21/Apr/2024:11:10:04 +0800] "POST /xingrg/kc/buy/cgsh_order_operate.html HTTP/1.1" 200 12
222.70.183.82 - - [21/Apr/2024:11:10:04 +0800] "POST /xingrg/kc/mdqp/pssh_list_operate.html HTTP/1.1" 200 758
222.70.183.82 - - [21/Apr/2024:11:10:05 +0800] "GET /xingrg/kc/mdqp/pssh_order_info.html?code=312024042000324 HTTP/1.1" 200 17293
222.70.183.82 - - [21/Apr/2024:11:10:05 +0800] "GET /xingrg/javascript/jquery_tools/jquery-1.4.2.min.js HTTP/1.1" 404 1094
124.78.56.241 - - [21/Apr/2024:11:10:06 +0800] "GET /xingrg/kc/buy/cgsh_order_info.html?code=212024042105763 HTTP/1.1" 200 68909
222.69.134.233 - - [21/Apr/2024:11:10:06 +0800] "GET /xingrg/all/function/internal_message.html?_=1713669007998&CODE_STATE=getMsg HTTP/1.1" 200 27
124.78.56.241 - - [21/Apr/2024:11:10:06 +0800] "GET /xingrg/javascript/easyui/themes/default/validatebox.css HTTP/1.1" 404 1104
222.70.183.82 - - [21/Apr/2024:11:10:06 +0800] "POST /xingrg/kc/mdqp/pssh_order_operate.html HTTP/1.1" 200 3153
222.70.183.82 - - [21/Apr/2024:11:10:06 +0800] "GET /xingrg/javascript/easyui/themes/default/validatebox.css HTTP/1.1" 404 1104
124.78.56.241 - - [21/Apr/2024:11:10:07 +0800] "POST /xingrg/kc/buy/cgsh_order_operate.html HTTP/1.1" 200 1800
124.78.158.161 - - [21/Apr/2024:11:10:07 +0800] "GET /xingrg/all/function/internal_message.html?_=1713669008236&CODE_STATE=getMsg HTTP/1.1" 200 27
222.70.183.82 - - [21/Apr/2024:11:10:07 +0800] "GET /xingrg/all/function/internal_message.html?_=1713669004655&CODE_STATE=getMsg HTTP/1.1" 200 27
222.70.183.82 - - [21/Apr/2024:11:10:09 +0800] "POST /xingrg/all/common/load_combo.html?type=employee HTTP/1.1" 200 189
124.78.56.241 - - [21/Apr/2024:11:10:09 +0800] "GET /xingrg/kc/print/load_data.html?order_code=212024042105763&kc_code=cgsh&condition= HTTP/1.1" 200 1240
222.70.183.82 - - [21/Apr/2024:11:10:14 +0800] "POST /xingrg/kc/mdqp/pssh_order_operate.html HTTP/1.1" 200 37
124.78.56.241 - - [21/Apr/2024:11:10:14 +0800] "POST /xingrg/kc/buy/cgsh_order_operate.html HTTP/1.1" 200 8245
124.78.56.241 - - [21/Apr/2024:11:10:14 +0800] "GET /xingrg/javascript/easyui/themes/default/validatebox.css HTTP/1.1" 404 1104
222.70.183.82 - - [21/Apr/2024:11:10:16 +0800] "POST /xingrg/kc/mdqp/pssh_order_operate.html HTTP/1.1" 200 12
222.70.183.82 - - [21/Apr/2024:11:10:18 +0800] "GET /xingrg/kc/mdqp/pssh_order_info.html?code=312024042000324 HTTP/1.1" 200 14382
222.70.183.82 - - [21/Apr/2024:11:10:18 +0800] "GET /xingrg/javascript/jquery_tools/jquery-1.4.2.min.js HTTP/1.1" 404 1094
221.239.169.251 - - [21/Apr/2024:11:10:18 +0800] "GET /xingrg/all/function/internal_message.html?_=1713669017695&CODE_STATE=getMsg HTTP/1.1" 200 27
221.239.169.251 - - [21/Apr/2024:11:10:18 +0800] "GET /xingrg/check_reg.html?_=1713669017698 HTTP/1.1" 200 22
222.70.183.82 - - [21/Apr/2024:11:10:19 +0800] "GET /xingrg/javascript/easyui/themes/default/validatebox.css HTTP/1.1" 404 1104
222.70.183.82 - - [21/Apr/2024:11:10:19 +0800] "POST /xingrg/kc/mdqp/pssh_order_operate.html HTTP/1.1" 200 3153
116.232.195.13 - - [21/Apr/2024:11:10:20 +0800] "GET /xingrg/all/function/internal_message.html?_=1713669013304&CODE_STATE=getMsg HTTP/1.1" 200 27
116.238.125.103 - - [21/Apr/2024:11:10:20 +0800] "GET /xingrg/all/function/internal_message.html?_=1713669022771&CODE_STATE=getMsg HTTP/1.1" 200 27
222.70.183.82 - - [21/Apr/2024:11:10:21 +0800] "GET /xingrg/kc/mdqp/pssh_order_list.html?isBack=1 HTTP/1.1" 200 17807
222.70.183.82 - - [21/Apr/2024:11:10:22 +0800] "POST /xingrg/kc/mdqp/pssh_list_operate.html HTTP/1.1" 200 5422
222.70.183.82 - - [21/Apr/2024:11:10:23 +0800] "POST /xingrg/kc/mdqp/pssh_list_operate.html HTTP/1.1" 200 668
124.78.158.161 - - [21/Apr/2024:11:10:23 +0800] "GET /xingrg/all/function/internal_message.html?_=1713669020271&CODE_STATE=getMsg HTTP/1.1" 200 27
222.70.183.82 - - [21/Apr/2024:11:10:24 +0800] "POST /xingrg/kc/mdqp/pssh_list_operate.html HTTP/1.1" 200 814
222.70.183.82 - - [21/Apr/2024:11:10:24 +0800] "GET /xingrg/kc/mdqp/pssh_order_info.html?code=312024042000325 HTTP/1.1" 200 17297
222.70.183.82 - - [21/Apr/2024:11:10:24 +0800] "GET /xingrg/javascript/jquery_tools/jquery-1.4.2.min.js HTTP/1.1" 404 1094
222.70.183.82 - - [21/Apr/2024:11:10:25 +0800] "GET /xingrg/javascript/easyui/themes/default/validatebox.css HTTP/1.1" 404 1104
222.70.183.82 - - [21/Apr/2024:11:10:25 +0800] "POST /xingrg/kc/mdqp/pssh_order_operate.html HTTP/1.1" 200 2641
124.78.56.241 - - [21/Apr/2024:11:10:28 +0800] "GET /xingrg/kc/buy/cgsh_order_operate.html?command=get_materiel&rest_code=00141&code=00101001115&supplier_code=00100089&order_time=2024-04-21 HTTP/1.1" 200 413
120.253.135.82 - - [21/Apr/2024:11:10:29 +0800] "GET /xingrg/all/function/internal_message.html?_=1713668874587&CODE_STATE=getMsg HTTP/1.1" 200 27
180.164.1.25 - - [21/Apr/2024:11:10:31 +0800] "GET /xingrg/all/function/internal_message.html?_=1713669031383&CODE_STATE=getMsg HTTP/1.1" 200 27
116.228.172.94 - - [21/Apr/2024:11:10:33 +0800] "GET /xingrg/check_reg.html?_=1713668576391 HTTP/1.1" 200 22
101.83.144.49 - - [21/Apr/2024:11:10:40 +0800] "GET /xingrg/all/function/internal_message.html?_=1713669042195&CODE_STATE=getMsg HTTP/1.1" 200 27
120.253.135.82 - - [21/Apr/2024:11:10:42 +0800] "GET /xingrg/check_reg.html?_=1713668887878 HTTP/1.1" 200 22
116.228.172.94 - - [21/Apr/2024:11:10:42 +0800] "GET /xingrg/all/function/internal_message.html?_=1713668585817&CODE_STATE=getMsg HTTP/1.1" 200 27
124.78.56.241 - - [21/Apr/2024:11:10:44 +0800] "POST /xingrg/kc/buy/cgsh_order_operate.html HTTP/1.1" 200 37
222.70.183.82 - - [21/Apr/2024:11:10:48 +0800] "POST /xingrg/all/common/load_combo.html?type=employee HTTP/1.1" 200 189
124.78.56.241 - - [21/Apr/2024:11:10:51 +0800] "POST /xingrg/kc/buy/cgsh_order_operate.html HTTP/1.1" 200 12
222.70.183.82 - - [21/Apr/2024:11:10:54 +0800] "POST /xingrg/kc/mdqp/pssh_order_operate.html HTTP/1.1" 200 37
124.78.56.241 - - [21/Apr/2024:11:10:55 +0800] "GET /xingrg/kc/buy/cgsh_order_info.html?code=212024042105764 HTTP/1.1" 200 68907
124.78.56.241 - - [21/Apr/2024:11:10:55 +0800] "GET /xingrg/javascript/easyui/themes/default/validatebox.css HTTP/1.1" 404 1104
124.78.56.241 - - [21/Apr/2024:11:10:57 +0800] "POST /xingrg/kc/buy/cgsh_order_operate.html HTTP/1.1" 200 609
222.70.183.82 - - [21/Apr/2024:11:10:57 +0800] "POST /xingrg/kc/mdqp/pssh_order_operate.html HTTP/1.1" 200 12
222.70.183.82 - - [21/Apr/2024:11:11:00 +0800] "GET /xingrg/kc/mdqp/pssh_order_info.html?code=312024042000325 HTTP/1.1" 200 14386
222.70.183.82 - - [21/Apr/2024:11:11:00 +0800] "GET /xingrg/javascript/jquery_tools/jquery-1.4.2.min.js HTTP/1.1" 404 1094
124.78.56.241 - - [21/Apr/2024:11:11:00 +0800] "GET /xingrg/kc/print/load_data.html?order_code=212024042105764&kc_code=cgsh&condition= HTTP/1.1" 200 789
222.70.183.82 - - [21/Apr/2024:11:11:01 +0800] "GET /xingrg/javascript/easyui/themes/default/validatebox.css HTTP/1.1" 404 1104
222.70.183.82 - - [21/Apr/2024:11:11:01 +0800] "POST /xingrg/kc/mdqp/pssh_order_operate.html HTTP/1.1" 200 2641
124.78.56.241 - - [21/Apr/2024:11:11:01 +0800] "GET /xingrg/check_reg.html?_=1713669061380 HTTP/1.1" 200 22
124.78.56.241 - - [21/Apr/2024:11:11:02 +0800] "GET /xingrg/all/function/internal_message.html?_=1713669062250&CODE_STATE=getMsg HTTP/1.1" 200 27
222.70.183.82 - - [21/Apr/2024:11:11:03 +0800] "GET /xingrg/kc/mdqp/pssh_order_list.html?isBack=1 HTTP/1.1" 200 17807
222.70.183.82 - - [21/Apr/2024:11:11:03 +0800] "POST /xingrg/kc/mdqp/pssh_list_operate.html HTTP/1.1" 200 5447
222.70.183.82 - - [21/Apr/2024:11:11:05 +0800] "POST /xingrg/kc/mdqp/pssh_list_operate.html HTTP/1.1" 200 572
222.70.183.82 - - [21/Apr/2024:11:11:06 +0800] "POST /xingrg/kc/mdqp/pssh_list_operate.html HTTP/1.1" 200 814
222.69.134.233 - - [21/Apr/2024:11:11:06 +0800] "GET /xingrg/all/function/internal_message.html?_=1713669068015&CODE_STATE=getMsg HTTP/1.1" 200 27
222.70.183.82 - - [21/Apr/2024:11:11:06 +0800] "GET /xingrg/kc/mdqp/pssh_order_info.html?code=312024042000326 HTTP/1.1" 200 17295
222.70.183.82 - - [21/Apr/2024:11:11:06 +0800] "GET /xingrg/javascript/jquery_tools/jquery-1.4.2.min.js HTTP/1.1" 404 1094
124.78.56.241 - - [21/Apr/2024:11:11:06 +0800] "POST /xingrg/kc/buy/cgsh_order_operate.html HTTP/1.1" 200 8245
124.78.56.241 - - [21/Apr/2024:11:11:06 +0800] "GET /xingrg/javascript/easyui/themes/default/validatebox.css HTTP/1.1" 404 1104
222.70.183.82 - - [21/Apr/2024:11:11:07 +0800] "GET /xingrg/javascript/easyui/themes/default/validatebox.css HTTP/1.1" 404 1104
222.70.183.82 - - [21/Apr/2024:11:11:07 +0800] "POST /xingrg/kc/mdqp/pssh_order_operate.html HTTP/1.1" 200 2110
124.78.158.161 - - [21/Apr/2024:11:11:07 +0800] "GET /xingrg/all/function/internal_message.html?_=1713669068235&CODE_STATE=getMsg HTTP/1.1" 200 27
222.70.183.82 - - [21/Apr/2024:11:11:07 +0800] "GET /xingrg/all/function/internal_message.html?_=1713669064623&CODE_STATE=getMsg HTTP/1.1" 200 27
222.70.183.82 - - [21/Apr/2024:11:11:09 +0800] "POST /xingrg/all/common/load_combo.html?type=employee HTTP/1.1" 200 189
222.70.183.82 - - [21/Apr/2024:11:11:16 +0800] "POST /xingrg/kc/mdqp/pssh_order_operate.html HTTP/1.1" 200 37
114.93.236.57 - - [21/Apr/2024:11:11:18 +0800] "GET /favicon.ico HTTP/1.1" 404 -
221.239.169.251 - - [21/Apr/2024:11:11:18 +0800] "GET /xingrg/all/function/internal_message.html?_=1713669077684&CODE_STATE=getMsg HTTP/1.1" 200 27
222.70.183.82 - - [21/Apr/2024:11:11:19 +0800] "POST /xingrg/kc/mdqp/pssh_order_operate.html HTTP/1.1" 200 12
116.232.195.13 - - [21/Apr/2024:11:11:20 +0800] "GET /xingrg/all/function/internal_message.html?_=1713669073280&CODE_STATE=getMsg HTTP/1.1" 200 27
116.238.125.103 - - [21/Apr/2024:11:11:20 +0800] "GET /xingrg/all/function/internal_message.html?_=1713669082774&CODE_STATE=getMsg HTTP/1.1" 200 27
116.238.125.103 - - [21/Apr/2024:11:11:20 +0800] "GET /xingrg/check_reg.html?_=1713669082776 HTTP/1.1" 200 22
222.70.183.82 - - [21/Apr/2024:11:11:22 +0800] "GET /xingrg/kc/mdqp/pssh_order_info.html?code=312024042000326 HTTP/1.1" 200 14384
222.70.183.82 - - [21/Apr/2024:11:11:22 +0800] "GET /xingrg/javascript/jquery_tools/jquery-1.4.2.min.js HTTP/1.1" 404 1094
222.70.183.82 - - [21/Apr/2024:11:11:23 +0800] "GET /xingrg/javascript/easyui/themes/default/validatebox.css HTTP/1.1" 404 1104
222.70.183.82 - - [21/Apr/2024:11:11:23 +0800] "POST /xingrg/kc/mdqp/pssh_order_operate.html HTTP/1.1" 200 2110
124.78.158.161 - - [21/Apr/2024:11:11:23 +0800] "GET /xingrg/all/function/internal_message.html?_=1713669080246&CODE_STATE=getMsg HTTP/1.1" 200 27
120.253.135.82 - - [21/Apr/2024:11:11:29 +0800] "GET /xingrg/all/function/internal_message.html?_=1713668934601&CODE_STATE=getMsg HTTP/1.1" 200 27
180.164.1.25 - - [21/Apr/2024:11:11:31 +0800] "GET /xingrg/all/function/internal_message.html?_=1713669091356&CODE_STATE=getMsg HTTP/1.1" 200 27
101.83.144.49 - - [21/Apr/2024:11:11:40 +0800] "GET /xingrg/all/function/internal_message.html?_=1713669102054&CODE_STATE=getMsg HTTP/1.1" 200 27
101.83.144.49 - - [21/Apr/2024:11:11:41 +0800] "GET /xingrg/check_reg.html?_=1713669102985 HTTP/1.1" 200 22
116.228.172.94 - - [21/Apr/2024:11:11:42 +0800] "GET /xingrg/all/function/internal_message.html?_=1713668645821&CODE_STATE=getMsg HTTP/1.1" 200 27
124.78.56.241 - - [21/Apr/2024:11:12:02 +0800] "GET /xingrg/all/function/internal_message.html?_=1713669122234&CODE_STATE=getMsg HTTP/1.1" 200 27
222.69.134.233 - - [21/Apr/2024:11:12:06 +0800] "GET /xingrg/all/function/internal_message.html?_=1713669128012&CODE_STATE=getMsg HTTP/1.1" 200 27
124.78.158.161 - - [21/Apr/2024:11:12:07 +0800] "GET /xingrg/all/function/internal_message.html?_=1713669128234&CODE_STATE=getMsg HTTP/1.1" 200 27
124.78.158.161 - - [21/Apr/2024:11:12:07 +0800] "GET /xingrg/check_reg.html?_=1713669128238 HTTP/1.1" 200 22
222.70.183.82 - - [21/Apr/2024:11:12:07 +0800] "GET /xingrg/all/function/internal_message.html?_=1713669124605&CODE_STATE=getMsg HTTP/1.1" 200 27
221.239.169.251 - - [21/Apr/2024:11:12:18 +0800] "GET /xingrg/all/function/internal_message.html?_=1713669137683&CODE_STATE=getMsg HTTP/1.1" 200 27
116.232.195.13 - - [21/Apr/2024:11:12:20 +0800] "GET /xingrg/all/function/internal_message.html?_=1713669133266&CODE_STATE=getMsg HTTP/1.1" 200 27
116.238.125.103 - - [21/Apr/2024:11:12:20 +0800] "GET /xingrg/all/function/internal_message.html?_=1713669142768&CODE_STATE=getMsg HTTP/1.1" 200 27
124.78.158.161 - - [21/Apr/2024:11:12:23 +0800] "GET /xingrg/all/function/internal_message.html?_=1713669140217&CODE_STATE=getMsg HTTP/1.1" 200 27
180.163.28.180 - - [21/Apr/2024:11:12:23 +0800] "GET /xingrg/all/function/internal_message.html?_=1713669080246&CODE_STATE=getMsg HTTP/1.1" 302 -
180.163.28.180 - - [21/Apr/2024:11:12:23 +0800] "GET /xingrg/login.html HTTP/1.1" 200 7641
120.253.135.82 - - [21/Apr/2024:11:12:29 +0800] "GET /xingrg/all/function/internal_message.html?_=1713668994613&CODE_STATE=getMsg HTTP/1.1" 200 27
124.78.56.241 - - [21/Apr/2024:11:12:30 +0800] "GET /xingrg/kc/buy/cgsh_order_operate.html?command=get_materiel&rest_code=00141&code=00101012046&supplier_code=00100487&order_time=2024-04-21 HTTP/1.1" 200 417
180.164.1.25 - - [21/Apr/2024:11:12:31 +0800] "GET /xingrg/all/function/internal_message.html?_=1713669151338&CODE_STATE=getMsg HTTP/1.1" 200 27
101.83.144.49 - - [21/Apr/2024:11:12:40 +0800] "GET /xingrg/all/function/internal_message.html?_=1713669162030&CODE_STATE=getMsg HTTP/1.1" 200 27
116.228.172.94 - - [21/Apr/2024:11:12:42 +0800] "GET /xingrg/all/function/internal_message.html?_=1713668705823&CODE_STATE=getMsg HTTP/1.1" 200 27
222.70.240.29 - - [21/Apr/2024:11:12:50 +0800] "GET /xingrg/check_reg.html?_=1713669193108 HTTP/1.1" 302 -
124.78.56.241 - - [21/Apr/2024:11:13:02 +0800] "GET /xingrg/all/function/internal_message.html?_=1713669182210&CODE_STATE=getMsg HTTP/1.1" 200 27
222.69.134.233 - - [21/Apr/2024:11:13:06 +0800] "GET /xingrg/check_reg.html?_=1713669188011 HTTP/1.1" 200 22
222.69.134.233 - - [21/Apr/2024:11:13:06 +0800] "GET /xingrg/all/function/internal_message.html?_=1713669188014&CODE_STATE=getMsg HTTP/1.1" 200 27
124.78.158.161 - - [21/Apr/2024:11:13:07 +0800] "GET /xingrg/all/function/internal_message.html?_=1713669188238&CODE_STATE=getMsg HTTP/1.1" 200 27
222.70.183.82 - - [21/Apr/2024:11:13:07 +0800] "GET /xingrg/all/function/internal_message.html?_=1713669184579&CODE_STATE=getMsg HTTP/1.1" 200 27
116.232.195.13 - - [21/Apr/2024:11:13:18 +0800] "GET /xingrg/check_reg.html?_=1713669191765 HTTP/1.1" 200 22
221.239.169.251 - - [21/Apr/2024:11:13:18 +0800] "GET /xingrg/all/function/internal_message.html?_=1713669197683&CODE_STATE=getMsg HTTP/1.1" 200 27
116.232.195.13 - - [21/Apr/2024:11:13:20 +0800] "GET /xingrg/all/function/internal_message.html?_=1713669193236&CODE_STATE=getMsg HTTP/1.1" 200 27
116.238.125.103 - - [21/Apr/2024:11:13:20 +0800] "GET /xingrg/all/function/internal_message.html?_=1713669202770&CODE_STATE=getMsg HTTP/1.1" 200 27
124.78.158.161 - - [21/Apr/2024:11:13:23 +0800] "GET /xingrg/all/function/internal_message.html?_=1713669200187&CODE_STATE=getMsg HTTP/1.1" 200 27
124.78.158.161 - - [21/Apr/2024:11:13:24 +0800] "GET /xingrg/check_reg.html?_=1713669201298 HTTP/1.1" 200 22
120.253.135.82 - - [21/Apr/2024:11:13:29 +0800] "GET /xingrg/all/function/internal_message.html?_=1713669054670&CODE_STATE=getMsg HTTP/1.1" 200 27
180.164.1.25 - - [21/Apr/2024:11:13:29 +0800] "GET /xingrg/check_reg.html?_=1713669209745 HTTP/1.1" 200 22
180.164.1.25 - - [21/Apr/2024:11:13:31 +0800] "GET /xingrg/all/function/internal_message.html?_=1713669211324&CODE_STATE=getMsg HTTP/1.1" 200 27
101.83.144.49 - - [21/Apr/2024:11:13:40 +0800] "GET /xingrg/all/function/internal_message.html?_=1713669222001&CODE_STATE=getMsg HTTP/1.1" 200 27
116.228.172.94 - - [21/Apr/2024:11:13:42 +0800] "GET /xingrg/all/function/internal_message.html?_=1713668765814&CODE_STATE=getMsg HTTP/1.1" 200 27
124.78.56.241 - - [21/Apr/2024:11:14:02 +0800] "GET /xingrg/all/function/internal_message.html?_=1713669242180&CODE_STATE=getMsg HTTP/1.1" 200 27
222.69.134.233 - - [21/Apr/2024:11:14:06 +0800] "GET /xingrg/all/function/internal_message.html?_=1713669248013&CODE_STATE=getMsg HTTP/1.1" 200 27
222.70.183.82 - - [21/Apr/2024:11:14:07 +0800] "GET /xingrg/all/function/internal_message.html?_=1713669244563&CODE_STATE=getMsg HTTP/1.1" 200 27
124.78.158.161 - - [21/Apr/2024:11:14:07 +0800] "GET /xingrg/all/function/internal_message.html?_=1713669248237&CODE_STATE=getMsg HTTP/1.1" 200 27
124.78.56.241 - - [21/Apr/2024:11:14:07 +0800] "POST /xingrg/kc/buy/cgsh_order_operate.html HTTP/1.1" 200 37
222.70.183.82 - - [21/Apr/2024:11:14:09 +0800] "GET /xingrg/check_reg.html?_=1713669246187 HTTP/1.1" 200 22
124.78.56.241 - - [21/Apr/2024:11:14:16 +0800] "POST /xingrg/kc/buy/cgsh_order_operate.html HTTP/1.1" 200 12
124.78.56.241 - - [21/Apr/2024:11:14:18 +0800] "GET /xingrg/kc/buy/cgsh_order_info.html?code=212024042105765 HTTP/1.1" 200 68915
221.239.169.251 - - [21/Apr/2024:11:14:18 +0800] "GET /xingrg/all/function/internal_message.html?_=1713669257681&CODE_STATE=getMsg HTTP/1.1" 200 27
124.78.56.241 - - [21/Apr/2024:11:14:19 +0800] "GET /xingrg/javascript/easyui/themes/default/validatebox.css HTTP/1.1" 404 1104
180.163.30.85 - - [21/Apr/2024:11:14:19 +0800] "GET /xingrg/all/function/internal_message.html?_=1713668180642&CODE_STATE=getMsg HTTP/1.1" 302 -
180.163.30.85 - - [21/Apr/2024:11:14:19 +0800] "GET /xingrg/login.html HTTP/1.1" 200 7641
116.232.195.13 - - [21/Apr/2024:11:14:20 +0800] "GET /xingrg/all/function/internal_message.html?_=1713669253237&CODE_STATE=getMsg HTTP/1.1" 200 27
124.78.56.241 - - [21/Apr/2024:11:14:20 +0800] "POST /xingrg/kc/buy/cgsh_order_operate.html HTTP/1.1" 200 610
116.238.125.103 - - [21/Apr/2024:11:14:20 +0800] "GET /xingrg/all/function/internal_message.html?_=1713669262786&CODE_STATE=getMsg HTTP/1.1" 200 27
124.78.158.161 - - [21/Apr/2024:11:14:23 +0800] "GET /xingrg/all/function/internal_message.html?_=1713669260162&CODE_STATE=getMsg HTTP/1.1" 200 27
180.163.30.76 - - [21/Apr/2024:11:14:25 +0800] "GET /xingrg/check_reg.html?_=1713669201298 HTTP/1.1" 302 -
180.163.30.76 - - [21/Apr/2024:11:14:25 +0800] "GET /xingrg/login.html HTTP/1.1" 200 7641
124.78.56.241 - - [21/Apr/2024:11:14:26 +0800] "GET /xingrg/kc/print/load_data.html?order_code=212024042105765&kc_code=cgsh&condition= HTTP/1.1" 200 710
120.253.135.82 - - [21/Apr/2024:11:14:29 +0800] "GET /xingrg/all/function/internal_message.html?_=1713669114673&CODE_STATE=getMsg HTTP/1.1" 200 27
180.164.1.25 - - [21/Apr/2024:11:14:31 +0800] "GET /xingrg/all/function/internal_message.html?_=1713669271298&CODE_STATE=getMsg HTTP/1.1" 200 27
101.83.144.49 - - [21/Apr/2024:11:14:40 +0800] "GET /xingrg/all/function/internal_message.html?_=1713669282088&CODE_STATE=getMsg HTTP/1.1" 200 27
116.228.172.94 - - [21/Apr/2024:11:14:42 +0800] "GET /xingrg/all/function/internal_message.html?_=1713668825814&CODE_STATE=getMsg HTTP/1.1" 200 27
116.235.94.6 - - [21/Apr/2024:11:14:47 +0800] "GET /xingrg/check_reg.html?_=1713669284919 HTTP/1.1" 302 -
124.78.56.241 - - [21/Apr/2024:11:14:47 +0800] "POST /xingrg/kc/buy/cgsh_order_operate.html HTTP/1.1" 200 8245
124.78.56.241 - - [21/Apr/2024:11:14:47 +0800] "GET /xingrg/javascript/easyui/themes/default/validatebox.css HTTP/1.1" 404 1104
124.78.56.241 - - [21/Apr/2024:11:15:02 +0800] "GET /xingrg/all/function/internal_message.html?_=1713669302168&CODE_STATE=getMsg HTTP/1.1" 200 27
222.69.134.233 - - [21/Apr/2024:11:15:06 +0800] "GET /xingrg/all/function/internal_message.html?_=1713669308005&CODE_STATE=getMsg HTTP/1.1" 200 27
124.78.56.241 - - [21/Apr/2024:11:15:06 +0800] "GET /xingrg/kc/buy/cgsh_order_operate.html?command=get_materiel&rest_code=00141&code=00101006001&supplier_code=00100574&order_time=2024-04-21 HTTP/1.1" 200 426
222.70.183.82 - - [21/Apr/2024:11:15:07 +0800] "GET /xingrg/all/function/internal_message.html?_=1713669304541&CODE_STATE=getMsg HTTP/1.1" 200 27
124.78.158.161 - - [21/Apr/2024:11:15:07 +0800] "GET /xingrg/all/function/internal_message.html?_=1713669308239&CODE_STATE=getMsg HTTP/1.1" 200 27
221.239.169.251 - - [21/Apr/2024:11:15:18 +0800] "GET /xingrg/all/function/internal_message.html?_=1713669317695&CODE_STATE=getMsg HTTP/1.1" 200 27
221.239.169.251 - - [21/Apr/2024:11:15:18 +0800] "GET /xingrg/check_reg.html?_=1713669317697 HTTP/1.1" 200 22
116.232.195.13 - - [21/Apr/2024:11:15:20 +0800] "GET /xingrg/all/function/internal_message.html?_=1713669313216&CODE_STATE=getMsg HTTP/1.1" 200 27
116.238.125.103 - - [21/Apr/2024:11:15:20 +0800] "GET /xingrg/all/function/internal_message.html?_=1713669322781&CODE_STATE=getMsg HTTP/1.1" 200 27
124.78.158.161 - - [21/Apr/2024:11:15:23 +0800] "GET /xingrg/all/function/internal_message.html?_=1713669320134&CODE_STATE=getMsg HTTP/1.1" 200 27
120.253.135.82 - - [21/Apr/2024:11:15:29 +0800] "GET /xingrg/all/function/internal_message.html?_=1713669174731&CODE_STATE=getMsg HTTP/1.1" 200 27
124.78.56.241 - - [21/Apr/2024:11:15:30 +0800] "POST /xingrg/kc/buy/cgsh_order_operate.html HTTP/1.1" 200 37
180.164.1.25 - - [21/Apr/2024:11:15:31 +0800] "GET /xingrg/all/function/internal_message.html?_=1713669331275&CODE_STATE=getMsg HTTP/1.1" 200 27
116.228.172.94 - - [21/Apr/2024:11:15:33 +0800] "GET /xingrg/check_reg.html?_=1713668876383 HTTP/1.1" 200 22
124.78.56.241 - - [21/Apr/2024:11:15:38 +0800] "POST /xingrg/kc/buy/cgsh_order_operate.html HTTP/1.1" 200 12
101.83.144.49 - - [21/Apr/2024:11:15:40 +0800] "GET /xingrg/all/function/internal_message.html?_=1713669342055&CODE_STATE=getMsg HTTP/1.1" 200 27
124.78.56.241 - - [21/Apr/2024:11:15:42 +0800] "GET /xingrg/kc/buy/cgsh_order_info.html?code=212024042105766 HTTP/1.1" 200 68911
120.253.135.82 - - [21/Apr/2024:11:15:42 +0800] "GET /xingrg/check_reg.html?_=1713669187892 HTTP/1.1" 200 22
116.228.172.94 - - [21/Apr/2024:11:15:42 +0800] "GET /xingrg/all/function/internal_message.html?_=1713668885817&CODE_STATE=getMsg HTTP/1.1" 200 27
124.78.56.241 - - [21/Apr/2024:11:15:42 +0800] "GET /xingrg/javascript/easyui/themes/default/validatebox.css HTTP/1.1" 404 1104
124.78.56.241 - - [21/Apr/2024:11:15:43 +0800] "POST /xingrg/kc/buy/cgsh_order_operate.html HTTP/1.1" 200 624
124.78.56.241 - - [21/Apr/2024:11:15:47 +0800] "GET /xingrg/kc/print/load_data.html?order_code=212024042105766&kc_code=cgsh&condition= HTTP/1.1" 200 730
124.78.56.241 - - [21/Apr/2024:11:15:53 +0800] "POST /xingrg/kc/buy/cgsh_order_operate.html HTTP/1.1" 200 8245
124.78.56.241 - - [21/Apr/2024:11:15:53 +0800] "GET /xingrg/javascript/easyui/themes/default/validatebox.css HTTP/1.1" 404 1104
124.78.56.241 - - [21/Apr/2024:11:16:01 +0800] "GET /xingrg/check_reg.html?_=1713669361381 HTTP/1.1" 200 22
124.78.56.241 - - [21/Apr/2024:11:16:02 +0800] "GET /xingrg/all/function/internal_message.html?_=1713669362150&CODE_STATE=getMsg HTTP/1.1" 200 27
222.69.134.233 - - [21/Apr/2024:11:16:06 +0800] "GET /xingrg/all/function/internal_message.html?_=1713669368007&CODE_STATE=getMsg HTTP/1.1" 200 27
222.70.183.82 - - [21/Apr/2024:11:16:07 +0800] "GET /xingrg/all/function/internal_message.html?_=1713669364526&CODE_STATE=getMsg HTTP/1.1" 200 27
124.78.158.161 - - [21/Apr/2024:11:16:07 +0800] "GET /xingrg/all/function/internal_message.html?_=1713669368239&CODE_STATE=getMsg HTTP/1.1" 200 27
116.224.254.208 - - [21/Apr/2024:11:16:13 +0800] "GET /xingrg/index.html?sysBaseUrl=http%3A%2F%2F180.169.147.146%3A18081%2Fxingrg%2F&costTime=14×tamp=1698040851670 HTTP/1.1" 302 -
116.224.254.208 - - [21/Apr/2024:11:16:13 +0800] "GET /xingrg/login.html HTTP/1.1" 200 7641
116.224.254.208 - - [21/Apr/2024:11:16:13 +0800] "GET /xingrg/images/blue/jxLogo.png HTTP/1.1" 304 -
116.224.254.208 - - [21/Apr/2024:11:16:13 +0800] "GET /xingrg/images/blue/login_bg.png HTTP/1.1" 304 -
116.224.254.208 - - [21/Apr/2024:11:16:13 +0800] "GET /xingrg/images/blue/hj.png HTTP/1.1" 304 -
116.224.254.208 - - [21/Apr/2024:11:16:13 +0800] "GET /xingrg/images/blue/srbg.png HTTP/1.1" 304 -
116.224.254.208 - - [21/Apr/2024:11:16:13 +0800] "GET /favicon.ico HTTP/1.1" 404 -
124.78.56.241 - - [21/Apr/2024:11:16:13 +0800] "GET /xingrg/kc/buy/cgsh_order_operate.html?command=get_materiel&rest_code=00141&code=00101007044&supplier_code=00100547&order_time=2024-04-21 HTTP/1.1" 200 423
221.239.169.251 - - [21/Apr/2024:11:16:18 +0800] "GET /xingrg/all/function/internal_message.html?_=1713669377697&CODE_STATE=getMsg HTTP/1.1" 200 27
116.224.254.208 - - [21/Apr/2024:11:16:19 +0800] "POST /xingrg/login.do HTTP/1.1" 302 -
116.224.254.208 - - [21/Apr/2024:11:16:19 +0800] "GET /xingrg/index.html?sysBaseUrl=http%3A%2F%2F180.169.147.146%3A18081%2Fxingrg%2F&costTime=814×tamp=1713669379380 HTTP/1.1" 200 17177
116.224.254.208 - - [21/Apr/2024:11:16:19 +0800] "GET /xingrg/javascript/jquery_easy_ui/themes/default/easyui.css HTTP/1.1" 304 -
116.224.254.208 - - [21/Apr/2024:11:16:19 +0800] "GET /xingrg/javascript/jquery_easy_ui/themes/icon.css HTTP/1.1" 304 -
116.224.254.208 - - [21/Apr/2024:11:16:19 +0800] "GET /xingrg/css/form.css HTTP/1.1" 304 -
116.224.254.208 - - [21/Apr/2024:11:16:19 +0800] "GET /xingrg/javascript/jquery-1.4.2.min.js HTTP/1.1" 304 -
116.224.254.208 - - [21/Apr/2024:11:16:19 +0800] "GET /xingrg/javascript/jquery_easy_ui/jquery.easyui.min.js HTTP/1.1" 304 -
116.224.254.208 - - [21/Apr/2024:11:16:19 +0800] "GET /xingrg/javascript/jquery_easy_ui/easyui-lang-zh_CN.js HTTP/1.1" 304 -
116.224.254.208 - - [21/Apr/2024:11:16:19 +0800] "GET /favicon.ico HTTP/1.1" 404 -
116.224.254.208 - - [21/Apr/2024:11:16:19 +0800] "GET /xingrg/javascript/jquery.form.js HTTP/1.1" 304 -
116.224.254.208 - - [21/Apr/2024:11:16:19 +0800] "GET /xingrg/javascript/jquery.utils.js HTTP/1.1" 304 -
116.224.254.208 - - [21/Apr/2024:11:16:19 +0800] "GET /xingrg/javascript/jquery.timers.js HTTP/1.1" 304 -
116.224.254.208 - - [21/Apr/2024:11:16:19 +0800] "GET /xingrg/javascript/jquery_easy_ui/themes/icons/settle_new.png HTTP/1.1" 304 -
116.224.254.208 - - [21/Apr/2024:11:16:19 +0800] "GET /xingrg/images/blue/navBackgound.jpg HTTP/1.1" 304 -
116.232.195.13 - - [21/Apr/2024:11:16:20 +0800] "GET /xingrg/all/function/internal_message.html?_=1713669373202&CODE_STATE=getMsg HTTP/1.1" 200 27
116.224.254.208 - - [21/Apr/2024:11:16:20 +0800] "POST /xingrg/all/common/load_tree.html?tree=area_rest_tree_json&manage=1 HTTP/1.1" 200 476
116.224.254.208 - - [21/Apr/2024:11:16:20 +0800] "GET /xingrg/all/function/internal_message.html?_=1713669379905&CODE_STATE=count HTTP/1.1" 200 11
116.224.254.208 - - [21/Apr/2024:11:16:20 +0800] "GET /xingrg/check_reg.html?_=1713669379905 HTTP/1.1" 200 22
116.224.254.208 - - [21/Apr/2024:11:16:20 +0800] "GET /xingrg/images/blue/pingpu.png HTTP/1.1" 304 -
116.224.254.208 - - [21/Apr/2024:11:16:20 +0800] "GET /xingrg/javascript/jquery_easy_ui/themes/default/images/tabs_leftarrow.png HTTP/1.1" 304 -
116.224.254.208 - - [21/Apr/2024:11:16:20 +0800] "GET /xingrg/javascript/jquery_easy_ui/themes/default/images/tabs_rightarrow.png HTTP/1.1" 304 -
116.224.254.208 - - [21/Apr/2024:11:16:20 +0800] "GET /xingrg/javascript/jquery_easy_ui/themes/default/images/panel_tool_collapse.gif HTTP/1.1" 304 -
116.224.254.208 - - [21/Apr/2024:11:16:20 +0800] "POST /xingrg/load_menu.html HTTP/1.1" 200 5138
116.224.254.208 - - [21/Apr/2024:11:16:20 +0800] "GET /xingrg/javascript/jquery_easy_ui/themes/default/images/tree_arrows.gif HTTP/1.1" 304 -
116.224.254.208 - - [21/Apr/2024:11:16:20 +0800] "GET /xingrg/javascript/jquery_easy_ui/themes/default/images/tree_folder_open.gif HTTP/1.1" 304 -
116.224.254.208 - - [21/Apr/2024:11:16:20 +0800] "GET /xingrg/javascript/jquery_easy_ui/themes/icons/search_new.png HTTP/1.1" 304 -
116.224.254.208 - - [21/Apr/2024:11:16:20 +0800] "GET /xingrg/javascript/jquery_easy_ui/themes/default/images/tree_folder.gif HTTP/1.1" 304 -
116.224.254.208 - - [21/Apr/2024:11:16:20 +0800] "GET /xingrg/javascript/jquery_easy_ui/themes/icons/storage_new.png HTTP/1.1" 304 -
116.224.254.208 - - [21/Apr/2024:11:16:20 +0800] "GET /xingrg/javascript/jquery_easy_ui/themes/icons/forms_new.png HTTP/1.1" 304 -
116.224.254.208 - - [21/Apr/2024:11:16:20 +0800] "GET /xingrg/javascript/jquery_easy_ui/themes/default/images/tree_file.gif HTTP/1.1" 304 -
116.238.125.103 - - [21/Apr/2024:11:16:20 +0800] "GET /xingrg/check_reg.html?_=1713669382778 HTTP/1.1" 200 22
116.238.125.103 - - [21/Apr/2024:11:16:20 +0800] "GET /xingrg/all/function/internal_message.html?_=1713669382782&CODE_STATE=getMsg HTTP/1.1" 200 27
116.224.254.208 - - [21/Apr/2024:11:16:21 +0800] "GET /xingrg/javascript/jquery_easy_ui/themes/icons/area.png HTTP/1.1" 304 -
116.224.254.208 - - [21/Apr/2024:11:16:21 +0800] "GET /xingrg/javascript/jquery_easy_ui/themes/icons/rest.png HTTP/1.1" 304 -
116.224.254.208 - - [21/Apr/2024:11:16:21 +0800] "GET /xingrg/javascript/jquery_easy_ui/themes/default/images/button_a_bg.gif HTTP/1.1" 304 -
116.224.254.208 - - [21/Apr/2024:11:16:21 +0800] "GET /xingrg/javascript/jquery_easy_ui/themes/default/images/button_span_bg.gif HTTP/1.1" 304 -
116.224.254.208 - - [21/Apr/2024:11:16:21 +0800] "GET /xingrg/javascript/jquery_easy_ui/themes/default/images/panel_tools.gif HTTP/1.1" 304 -
116.224.254.208 - - [21/Apr/2024:11:16:21 +0800] "GET /xingrg/javascript/jquery_easy_ui/themes/icons/ok.png HTTP/1.1" 304 -
116.224.254.208 - - [21/Apr/2024:11:16:21 +0800] "GET /xingrg/javascript/jquery_easy_ui/themes/default/images/panel_title.png HTTP/1.1" 304 -
116.224.254.208 - - [21/Apr/2024:11:16:22 +0800] "GET /xingrg/images/control/ajaxLoader.gif HTTP/1.1" 304 -
116.224.254.208 - - [21/Apr/2024:11:16:22 +0800] "POST /xingrg/all/user/operate.html HTTP/1.1" 200 36
116.224.254.208 - - [21/Apr/2024:11:16:22 +0800] "GET /xingrg/index.html?sysBaseUrl=http%3A%2F%2F180.169.147.146%3A18081%2Fxingrg%2F&costTime=814×tamp=1713669379380 HTTP/1.1" 200 17179
116.224.254.208 - - [21/Apr/2024:11:16:22 +0800] "GET /xingrg/javascript/jquery_easy_ui/themes/default/easyui.css HTTP/1.1" 304 -
116.224.254.208 - - [21/Apr/2024:11:16:22 +0800] "GET /xingrg/javascript/jquery_easy_ui/themes/icon.css HTTP/1.1" 304 -
116.224.254.208 - - [21/Apr/2024:11:16:22 +0800] "GET /xingrg/css/form.css HTTP/1.1" 304 -
116.224.254.208 - - [21/Apr/2024:11:16:22 +0800] "GET /xingrg/javascript/jquery-1.4.2.min.js HTTP/1.1" 304 -
116.224.254.208 - - [21/Apr/2024:11:16:22 +0800] "GET /xingrg/javascript/jquery_easy_ui/jquery.easyui.min.js HTTP/1.1" 304 -
116.224.254.208 - - [21/Apr/2024:11:16:22 +0800] "GET /xingrg/javascript/jquery_easy_ui/easyui-lang-zh_CN.js HTTP/1.1" 304 -
116.224.254.208 - - [21/Apr/2024:11:16:22 +0800] "GET /xingrg/javascript/jquery.form.js HTTP/1.1" 304 -
116.224.254.208 - - [21/Apr/2024:11:16:22 +0800] "GET /xingrg/javascript/jquery.utils.js HTTP/1.1" 304 -
116.224.254.208 - - [21/Apr/2024:11:16:22 +0800] "GET /xingrg/javascript/jquery.timers.js HTTP/1.1" 304 -
116.224.254.208 - - [21/Apr/2024:11:16:22 +0800] "GET /xingrg/images/blue/jxLogo.png HTTP/1.1" 304 -
116.224.254.208 - - [21/Apr/2024:11:16:22 +0800] "GET /xingrg/images/blue/navBackgound.jpg HTTP/1.1" 304 -
116.224.254.208 - - [21/Apr/2024:11:16:22 +0800] "GET /xingrg/javascript/jquery_easy_ui/themes/icons/settle_new.png HTTP/1.1" 304 -
116.224.254.208 - - [21/Apr/2024:11:16:23 +0800] "GET /xingrg/all/function/internal_message.html?_=1713669382739&CODE_STATE=count HTTP/1.1" 200 11
116.224.254.208 - - [21/Apr/2024:11:16:23 +0800] "GET /xingrg/check_reg.html?_=1713669382741 HTTP/1.1" 200 22
116.224.254.208 - - [21/Apr/2024:11:16:23 +0800] "GET /xingrg/javascript/jquery_easy_ui/themes/default/images/tabs_rightarrow.png HTTP/1.1" 304 -
116.224.254.208 - - [21/Apr/2024:11:16:23 +0800] "GET /xingrg/javascript/jquery_easy_ui/themes/default/images/panel_tool_collapse.gif HTTP/1.1" 304 -
116.224.254.208 - - [21/Apr/2024:11:16:23 +0800] "POST /xingrg/all/common/load_tree.html?tree=area_rest_tree_json&manage=1 HTTP/1.1" 200 476
116.224.254.208 - - [21/Apr/2024:11:16:23 +0800] "GET /xingrg/images/blue/pingpu.png HTTP/1.1" 304 -
116.224.254.208 - - [21/Apr/2024:11:16:23 +0800] "GET /xingrg/javascript/jquery_easy_ui/themes/default/images/tabs_leftarrow.png HTTP/1.1" 304 -
116.224.254.208 - - [21/Apr/2024:11:16:23 +0800] "POST /xingrg/load_menu.html HTTP/1.1" 200 5138
124.78.158.161 - - [21/Apr/2024:11:16:23 +0800] "GET /xingrg/all/function/internal_message.html?_=1713669380105&CODE_STATE=getMsg HTTP/1.1" 200 27
116.224.254.208 - - [21/Apr/2024:11:16:25 +0800] "GET /xingrg/javascript/jquery_easy_ui/themes/default/images/tabs_close.gif HTTP/1.1" 304 -
116.224.254.208 - - [21/Apr/2024:11:16:25 +0800] "GET /xingrg/kc/base/wldb_order_list.html HTTP/1.1" 200 19057
116.224.254.208 - - [21/Apr/2024:11:16:25 +0800] "GET /xingrg/css/base.css HTTP/1.1" 304 -
116.224.254.208 - - [21/Apr/2024:11:16:25 +0800] "GET /xingrg/css/site.css HTTP/1.1" 304 -
116.224.254.208 - - [21/Apr/2024:11:16:25 +0800] "GET /xingrg/javascript/jquery_tools/datebox.css HTTP/1.1" 304 -
116.224.254.208 - - [21/Apr/2024:11:16:25 +0800] "GET /xingrg/javascript/easyui/themes/default/easyui.css HTTP/1.1" 304 -
116.224.254.208 - - [21/Apr/2024:11:16:25 +0800] "GET /xingrg/javascript/easyui/themes/icon.css HTTP/1.1" 304 -
116.224.254.208 - - [21/Apr/2024:11:16:25 +0800] "GET /xingrg/javascript/auto/jquery.autocomplete.css HTTP/1.1" 304 -
116.224.254.208 - - [21/Apr/2024:11:16:25 +0800] "GET /xingrg/javascript/jquery_tools/fix.css HTTP/1.1" 304 -
116.224.254.208 - - [21/Apr/2024:11:16:25 +0800] "GET /xingrg/javascript/jquery_tools/table.css HTTP/1.1" 304 -
116.224.254.208 - - [21/Apr/2024:11:16:25 +0800] "GET /xingrg/javascript/jquery_tools/jquery.tools.min.js HTTP/1.1" 304 -
116.224.254.208 - - [21/Apr/2024:11:16:25 +0800] "GET /xingrg/javascript/jquery_tools/jquery.tools.extend.js HTTP/1.1" 304 -
116.224.254.208 - - [21/Apr/2024:11:16:25 +0800] "GET /xingrg/javascript/jquery_tools/jquery.tools.hotkey.js HTTP/1.1" 304 -
116.224.254.208 - - [21/Apr/2024:11:16:25 +0800] "GET /xingrg/javascript/jquery_tools/jquery.tools.table.js HTTP/1.1" 304 -
116.224.254.208 - - [21/Apr/2024:11:16:25 +0800] "GET /xingrg/javascript/jquery_tools/list_manager.js HTTP/1.1" 304 -
116.224.254.208 - - [21/Apr/2024:11:16:25 +0800] "GET /xingrg/javascript/auto/jquery.autocomplete.js HTTP/1.1" 304 -
116.224.254.208 - - [21/Apr/2024:11:16:25 +0800] "GET /xingrg/javascript/easyui/easyloader.js HTTP/1.1" 304 -
116.224.254.208 - - [21/Apr/2024:11:16:25 +0800] "GET /xingrg/javascript/jquery.cookie.js HTTP/1.1" 304 -
116.224.254.208 - - [21/Apr/2024:11:16:25 +0800] "GET /xingrg/javascript/print/LodopFuncs.js HTTP/1.1" 304 -
116.224.254.208 - - [21/Apr/2024:11:16:27 +0800] "GET /xingrg/javascript/easyui/themes/icons/field_new.png HTTP/1.1" 304 -
116.224.254.208 - - [21/Apr/2024:11:16:27 +0800] "GET /xingrg/javascript/easyui/themes/icons/edit_add_new.png HTTP/1.1" 304 -
116.224.254.208 - - [21/Apr/2024:11:16:27 +0800] "GET /xingrg/javascript/easyui/themes/icons/cance_new.png HTTP/1.1" 304 -
116.224.254.208 - - [21/Apr/2024:11:16:27 +0800] "GET /xingrg/javascript/easyui/themes/icons/check_new.png HTTP/1.1" 304 -
116.224.254.208 - - [21/Apr/2024:11:16:27 +0800] "GET /xingrg/javascript/easyui/themes/icons/import_new.png HTTP/1.1" 304 -
116.224.254.208 - - [21/Apr/2024:11:16:27 +0800] "GET /xingrg/javascript/easyui/plugins/jquery.parser.js HTTP/1.1" 304 -
116.224.254.208 - - [21/Apr/2024:11:16:27 +0800] "POST /xingrg/kc/base/wldb_list_operate.html HTTP/1.1" 200 928
116.224.254.208 - - [21/Apr/2024:11:16:27 +0800] "GET /xingrg/javascript/easyui/themes/default/images/button_plain_hover.png HTTP/1.1" 304 -
116.224.254.208 - - [21/Apr/2024:11:16:28 +0800] "GET /xingrg/kc/base/wldb_order_add.html HTTP/1.1" 200 30388
116.224.254.208 - - [21/Apr/2024:11:16:28 +0800] "GET /xingrg/javascript/pic_change.js HTTP/1.1" 304 -
116.224.254.208 - - [21/Apr/2024:11:16:28 +0800] "GET /xingrg/javascript/jquery_tools/order_manager.js HTTP/1.1" 304 -
116.224.254.208 - - [21/Apr/2024:11:16:28 +0800] "GET /xingrg/javascript/convert.js HTTP/1.1" 304 -
116.224.254.208 - - [21/Apr/2024:11:16:28 +0800] "GET /xingrg/javascript/json2.js HTTP/1.1" 304 -
116.224.254.208 - - [21/Apr/2024:11:16:28 +0800] "GET /xingrg/javascript/print/kc_print.js HTTP/1.1" 304 -
116.224.254.208 - - [21/Apr/2024:11:16:28 +0800] "GET /xingrg/words/20240421095404_words.js HTTP/1.1" 200 1020889
116.224.254.208 - - [21/Apr/2024:11:16:28 +0800] "GET /xingrg/javascript/easyui/themes/icons/template_new.png HTTP/1.1" 200 3956
116.224.254.208 - - [21/Apr/2024:11:16:28 +0800] "GET /xingrg/javascript/easyui/themes/icons/ok.png HTTP/1.1" 200 883
116.224.254.208 - - [21/Apr/2024:11:16:28 +0800] "GET /xingrg/javascript/easyui/themes/icons/print.png HTTP/1.1" 304 -
116.224.254.208 - - [21/Apr/2024:11:16:28 +0800] "GET /xingrg/javascript/easyui/themes/default/images/menu_downarrow.png HTTP/1.1" 304 -
116.224.254.208 - - [21/Apr/2024:11:16:28 +0800] "GET /xingrg/javascript/easyui/themes/icons/cancel.png HTTP/1.1" 304 -
120.253.135.82 - - [21/Apr/2024:11:16:29 +0800] "GET /xingrg/all/function/internal_message.html?_=1713669234746&CODE_STATE=getMsg HTTP/1.1" 200 27
116.224.254.208 - - [21/Apr/2024:11:16:30 +0800] "POST /xingrg/kc/base/wldb_order_operate.html HTTP/1.1" 200 6806
116.224.254.208 - - [21/Apr/2024:11:16:30 +0800] "GET /xingrg/all/common/auto_word.html?type=base&rest_code=00150 HTTP/1.1" 200 1853
116.224.254.208 - - [21/Apr/2024:11:16:30 +0800] "GET /xingrg/all/common/auto_word.html?type=base&rest_code=00150 HTTP/1.1" 200 1853
116.224.254.208 - - [21/Apr/2024:11:16:30 +0800] "GET /xingrg/javascript/easyui/themes/default/validatebox.css HTTP/1.1" 404 1104
116.224.254.208 - - [21/Apr/2024:11:16:30 +0800] "GET /xingrg/javascript/easyui/plugins/jquery.validatebox.js HTTP/1.1" 304 -
116.224.254.208 - - [21/Apr/2024:11:16:30 +0800] "GET /xingrg/javascript/easyui/plugins/jquery.numberbox.js HTTP/1.1" 304 -
116.224.254.208 - - [21/Apr/2024:11:16:30 +0800] "GET /xingrg/javascript/easyui/themes/icons/edit_remove.png HTTP/1.1" 304 -
180.164.1.25 - - [21/Apr/2024:11:16:31 +0800] "GET /xingrg/all/function/internal_message.html?_=1713669391268&CODE_STATE=getMsg HTTP/1.1" 200 27
116.224.254.208 - - [21/Apr/2024:11:16:33 +0800] "GET /xingrg/javascript/auto/indicator.gif HTTP/1.1" 404 1066
116.224.254.208 - - [21/Apr/2024:11:16:40 +0800] "GET /xingrg/kc/base/wldb_order_operate.html?command=get_materiel&rest_code=00150&base_code=0010445&code=00101019133 HTTP/1.1" 200 480
101.83.144.49 - - [21/Apr/2024:11:16:40 +0800] "GET /xingrg/all/function/internal_message.html?_=1713669401926&CODE_STATE=getMsg HTTP/1.1" 200 27
101.83.144.49 - - [21/Apr/2024:11:16:41 +0800] "GET /xingrg/check_reg.html?_=1713669402953 HTTP/1.1" 200 22
116.228.172.94 - - [21/Apr/2024:11:16:42 +0800] "GET /xingrg/all/function/internal_message.html?_=1713668945801&CODE_STATE=getMsg HTTP/1.1" 200 27
