180.164.1.25 - - [21/Apr/2024:09:42:49 +0800] "POST /xingrg/kc/buy/cgsh_order_operate.html HTTP/1.1" 200 3258
222.70.240.29 - - [21/Apr/2024:09:42:49 +0800] "GET /xingrg/check_reg.html?_=1713663792112 HTTP/1.1" 302 -
180.164.1.25 - - [21/Apr/2024:09:42:50 +0800] "GET /xingrg/kc/print/load_data.html?order_code=212024042105665&kc_code=cgsh&condition= HTTP/1.1" 200 1013
180.164.1.25 - - [21/Apr/2024:09:42:54 +0800] "GET /xingrg/kc/buy/cgsh_order_add.html HTTP/1.1" 200 74126
180.164.1.25 - - [21/Apr/2024:09:42:54 +0800] "POST /xingrg/kc/buy/cgsh_order_operate.html HTTP/1.1" 200 8245
180.164.1.25 - - [21/Apr/2024:09:42:54 +0800] "GET /xingrg/javascript/easyui/themes/default/validatebox.css HTTP/1.1" 404 1104
116.224.254.208 - - [21/Apr/2024:09:42:57 +0800] "GET /xingrg/check_reg.html?_=1713663777551 HTTP/1.1" 200 22
116.224.254.208 - - [21/Apr/2024:09:42:57 +0800] "GET /xingrg/all/function/internal_message.html?_=1713663777554&CODE_STATE=getMsg HTTP/1.1" 200 27
116.238.97.31 - - [21/Apr/2024:09:43:00 +0800] "GET /xingrg/check_reg.html?_=1713663781747 HTTP/1.1" 200 22
116.238.97.31 - - [21/Apr/2024:09:43:00 +0800] "GET /xingrg/all/function/internal_message.html?_=1713663781753&CODE_STATE=getMsg HTTP/1.1" 200 27
124.78.56.241 - - [21/Apr/2024:09:43:00 +0800] "GET /xingrg/all/function/internal_message.html?_=1713663780852&CODE_STATE=getMsg HTTP/1.1" 200 27
116.224.254.208 - - [21/Apr/2024:09:43:03 +0800] "GET /xingrg/kc/buy/cgsh_order_operate.html?command=get_materiel&rest_code=00150&code=00101006186&supplier_code=00100096&order_time=2024-04-21 HTTP/1.1" 200 419
180.163.28.143 - - [21/Apr/2024:09:43:03 +0800] "GET /xingrg/all/function/internal_message.html?_=1713663720795&CODE_STATE=getMsg HTTP/1.1" 302 -
180.163.28.143 - - [21/Apr/2024:09:43:03 +0800] "GET /xingrg/login.html HTTP/1.1" 200 7641
124.78.158.161 - - [21/Apr/2024:09:43:03 +0800] "GET /xingrg/all/function/internal_message.html?_=1713663780768&CODE_STATE=getMsg HTTP/1.1" 200 27
180.164.1.25 - - [21/Apr/2024:09:43:04 +0800] "GET /xingrg/kc/buy/cgsh_order_operate.html?command=get_materiel&rest_code=00108&code=00101023022&supplier_code=00100036&order_time=2024-04-21 HTTP/1.1" 200 406
222.69.134.233 - - [21/Apr/2024:09:43:06 +0800] "GET /xingrg/check_reg.html?_=1713663788011 HTTP/1.1" 200 22
222.69.134.233 - - [21/Apr/2024:09:43:06 +0800] "GET /xingrg/all/function/internal_message.html?_=1713663788014&CODE_STATE=getMsg HTTP/1.1" 200 27
222.70.183.82 - - [21/Apr/2024:09:43:09 +0800] "GET /xingrg/all/function/internal_message.html?_=1713663786081&CODE_STATE=getMsg HTTP/1.1" 200 27
116.232.195.13 - - [21/Apr/2024:09:43:09 +0800] "GET /xingrg/index.html?sysBaseUrl=http%3A%2F%2F180.169.147.146%3A18081%2Fxingrg%2F&costTime=1277×tamp=1606817596806 HTTP/1.1" 302 -
116.232.195.13 - - [21/Apr/2024:09:43:09 +0800] "GET /xingrg/login.html HTTP/1.1" 200 7641
116.232.195.13 - - [21/Apr/2024:09:43:10 +0800] "GET /favicon.ico HTTP/1.1" 404 -
180.164.1.25 - - [21/Apr/2024:09:43:16 +0800] "GET /xingrg/kc/buy/cgsh_order_operate.html?command=get_materiel&rest_code=00108&code=00101011005&supplier_code=00100036&order_time=2024-04-21 HTTP/1.1" 200 428
116.224.254.208 - - [21/Apr/2024:09:43:18 +0800] "GET /xingrg/kc/buy/cgsh_order_operate.html?command=get_materiel&rest_code=00150&code=00101006111&supplier_code=00100096&order_time=2024-04-21 HTTP/1.1" 200 411
116.232.195.13 - - [21/Apr/2024:09:43:18 +0800] "POST /xingrg/login.do HTTP/1.1" 302 -
116.232.195.13 - - [21/Apr/2024:09:43:18 +0800] "GET /xingrg/index.html?sysBaseUrl=http%3A%2F%2F180.169.147.146%3A18081%2Fxingrg%2F&costTime=814×tamp=1713663798341 HTTP/1.1" 200 17179
116.232.195.13 - - [21/Apr/2024:09:43:18 +0800] "GET /favicon.ico HTTP/1.1" 404 -
116.232.195.13 - - [21/Apr/2024:09:43:18 +0800] "GET /xingrg/all/function/internal_message.html?_=1713663791972&CODE_STATE=count HTTP/1.1" 200 11
116.232.195.13 - - [21/Apr/2024:09:43:18 +0800] "GET /xingrg/check_reg.html?_=1713663791974 HTTP/1.1" 200 22
116.232.195.13 - - [21/Apr/2024:09:43:18 +0800] "POST /xingrg/all/common/load_tree.html?tree=area_rest_tree_json&manage=1 HTTP/1.1" 200 351
221.239.169.251 - - [21/Apr/2024:09:43:18 +0800] "GET /xingrg/all/function/internal_message.html?_=1713663797611&CODE_STATE=getMsg HTTP/1.1" 200 27
116.232.195.13 - - [21/Apr/2024:09:43:18 +0800] "POST /xingrg/load_menu.html HTTP/1.1" 200 5138
116.232.195.13 - - [21/Apr/2024:09:43:21 +0800] "GET /xingrg/kc/buy/buy_main.html HTTP/1.1" 200 12412
116.232.195.13 - - [21/Apr/2024:09:43:21 +0800] "GET /xingrg/css/new_ie.css HTTP/1.1" 404 1036
116.232.195.13 - - [21/Apr/2024:09:43:21 +0800] "GET /xingrg/images/yd/bt.gif HTTP/1.1" 404 1040
116.232.195.13 - - [21/Apr/2024:09:43:22 +0800] "GET /xingrg/kc/buy/cgsh_order_list.html HTTP/1.1" 200 58227
180.164.1.25 - - [21/Apr/2024:09:43:24 +0800] "GET /xingrg/kc/buy/cgsh_order_operate.html?command=get_materiel&rest_code=00108&code=00101012032&supplier_code=00100036&order_time=2024-04-21 HTTP/1.1" 200 416
116.232.195.13 - - [21/Apr/2024:09:43:26 +0800] "POST /xingrg/kc/buy/cgsh_list_operate.html HTTP/1.1" 200 1389
180.164.1.25 - - [21/Apr/2024:09:43:29 +0800] "GET /xingrg/check_reg.html?_=1713663809458 HTTP/1.1" 200 22
116.224.254.208 - - [21/Apr/2024:09:43:29 +0800] "GET /xingrg/kc/buy/cgsh_order_operate.html?command=get_materiel&rest_code=00150&code=00101010711&supplier_code=00100096&order_time=2024-04-21 HTTP/1.1" 200 405
120.253.135.82 - - [21/Apr/2024:09:43:30 +0800] "GET /xingrg/all/function/internal_message.html?_=1713663656281&CODE_STATE=getMsg HTTP/1.1" 200 27
116.232.195.13 - - [21/Apr/2024:09:43:31 +0800] "POST /xingrg/kc/buy/cgsh_list_operate.html HTTP/1.1" 200 570
116.232.195.13 - - [21/Apr/2024:09:43:32 +0800] "GET /xingrg/kc/buy/cgsh_order_info.html?code=212024042105661 HTTP/1.1" 200 74100
180.164.1.25 - - [21/Apr/2024:09:43:33 +0800] "GET /xingrg/all/function/internal_message.html?_=1713663812909&CODE_STATE=getMsg HTTP/1.1" 200 27
116.232.195.13 - - [21/Apr/2024:09:43:33 +0800] "GET /xingrg/javascript/easyui/themes/default/validatebox.css HTTP/1.1" 404 1104
116.232.195.13 - - [21/Apr/2024:09:43:33 +0800] "GET /xingrg/all/common/auto_word.html?type=employee&rest_code=00155 HTTP/1.1" 200 255
116.232.195.13 - - [21/Apr/2024:09:43:33 +0800] "GET /xingrg/all/common/auto_word.html?type=employee&rest_code=00155 HTTP/1.1" 200 255
180.164.1.25 - - [21/Apr/2024:09:43:35 +0800] "POST /xingrg/kc/buy/cgsh_order_operate.html HTTP/1.1" 200 37
116.232.195.13 - - [21/Apr/2024:09:43:35 +0800] "POST /xingrg/kc/buy/cgsh_order_operate.html HTTP/1.1" 200 24019
180.164.1.25 - - [21/Apr/2024:09:43:37 +0800] "POST /xingrg/kc/buy/cgsh_order_operate.html HTTP/1.1" 200 3834
180.164.1.25 - - [21/Apr/2024:09:43:38 +0800] "GET /xingrg/kc/print/load_data.html?order_code=212024042105666&kc_code=cgsh&condition= HTTP/1.1" 200 1211
101.83.144.49 - - [21/Apr/2024:09:43:41 +0800] "GET /xingrg/all/function/internal_message.html?_=1713663822685&CODE_STATE=getMsg HTTP/1.1" 200 27
116.228.172.94 - - [21/Apr/2024:09:43:42 +0800] "GET /xingrg/all/function/internal_message.html?_=1713663365807&CODE_STATE=getMsg HTTP/1.1" 200 27
180.164.1.25 - - [21/Apr/2024:09:43:43 +0800] "GET /xingrg/kc/buy/cgsh_order_add.html HTTP/1.1" 200 74126
180.164.1.25 - - [21/Apr/2024:09:43:43 +0800] "POST /xingrg/kc/buy/cgsh_order_operate.html HTTP/1.1" 200 8245
180.164.1.25 - - [21/Apr/2024:09:43:43 +0800] "GET /xingrg/javascript/easyui/themes/default/validatebox.css HTTP/1.1" 404 1104
116.232.195.13 - - [21/Apr/2024:09:43:46 +0800] "GET /xingrg/kc/print/load_config.html?kc_code=cgsh HTTP/1.1" 200 1927
116.232.195.13 - - [21/Apr/2024:09:43:46 +0800] "GET /xingrg/kc/print/load_data.html?order_code=212024042105661&kc_code=cgsh&condition= HTTP/1.1" 200 8855
116.224.254.208 - - [21/Apr/2024:09:43:57 +0800] "GET /xingrg/all/function/internal_message.html?_=1713663837553&CODE_STATE=getMsg HTTP/1.1" 200 27
116.232.195.13 - - [21/Apr/2024:09:43:57 +0800] "GET /xingrg/kc/buy/cgsh_order_add.html HTTP/1.1" 200 74122
116.232.195.13 - - [21/Apr/2024:09:43:58 +0800] "POST /xingrg/kc/buy/cgsh_order_operate.html HTTP/1.1" 200 8245
116.232.195.13 - - [21/Apr/2024:09:43:58 +0800] "GET /xingrg/javascript/easyui/themes/default/validatebox.css HTTP/1.1" 404 1104
116.238.97.31 - - [21/Apr/2024:09:44:00 +0800] "GET /xingrg/all/function/internal_message.html?_=1713663841750&CODE_STATE=getMsg HTTP/1.1" 200 27
124.78.56.241 - - [21/Apr/2024:09:44:00 +0800] "GET /xingrg/all/function/internal_message.html?_=1713663840866&CODE_STATE=getMsg HTTP/1.1" 200 27
124.78.158.161 - - [21/Apr/2024:09:44:03 +0800] "GET /xingrg/all/function/internal_message.html?_=1713663840740&CODE_STATE=getMsg HTTP/1.1" 200 27
180.163.29.217 - - [21/Apr/2024:09:44:04 +0800] "GET /xingrg/all/function/internal_message.html?_=1713663780768&CODE_STATE=getMsg HTTP/1.1" 302 -
180.163.29.217 - - [21/Apr/2024:09:44:04 +0800] "GET /xingrg/login.html HTTP/1.1" 200 7641
222.69.134.233 - - [21/Apr/2024:09:44:06 +0800] "GET /xingrg/all/function/internal_message.html?_=1713663848006&CODE_STATE=getMsg HTTP/1.1" 200 27
222.70.183.82 - - [21/Apr/2024:09:44:09 +0800] "GET /xingrg/all/function/internal_message.html?_=1713663846063&CODE_STATE=getMsg HTTP/1.1" 200 27
222.70.183.82 - - [21/Apr/2024:09:44:09 +0800] "GET /xingrg/check_reg.html?_=1713663846547 HTTP/1.1" 200 22
116.232.195.13 - - [21/Apr/2024:09:44:18 +0800] "GET /xingrg/all/function/internal_message.html?_=1713663851990&CODE_STATE=getMsg HTTP/1.1" 200 27
221.239.169.251 - - [21/Apr/2024:09:44:18 +0800] "GET /xingrg/all/function/internal_message.html?_=1713663857619&CODE_STATE=getMsg HTTP/1.1" 200 27
116.232.195.13 - - [21/Apr/2024:09:44:28 +0800] "GET /xingrg/javascript/auto/indicator.gif HTTP/1.1" 404 1066
116.224.254.208 - - [21/Apr/2024:09:44:28 +0800] "POST /xingrg/kc/buy/cgsh_order_operate.html HTTP/1.1" 200 37
120.253.135.82 - - [21/Apr/2024:09:44:30 +0800] "GET /xingrg/all/function/internal_message.html?_=1713663716288&CODE_STATE=getMsg HTTP/1.1" 200 27
180.164.1.25 - - [21/Apr/2024:09:44:33 +0800] "GET /xingrg/all/function/internal_message.html?_=1713663872892&CODE_STATE=getMsg HTTP/1.1" 200 27
116.232.195.13 - - [21/Apr/2024:09:44:33 +0800] "GET /xingrg/javascript/jquery_tools/images/prev.gif HTTP/1.1" 404 1086
116.232.195.13 - - [21/Apr/2024:09:44:33 +0800] "GET /xingrg/javascript/jquery_tools/images/next.gif HTTP/1.1" 404 1086
116.224.254.208 - - [21/Apr/2024:09:44:38 +0800] "POST /xingrg/kc/buy/cgsh_order_operate.html HTTP/1.1" 200 12
101.83.144.49 - - [21/Apr/2024:09:44:41 +0800] "GET /xingrg/all/function/internal_message.html?_=1713663882697&CODE_STATE=getMsg HTTP/1.1" 200 27
116.224.254.208 - - [21/Apr/2024:09:44:41 +0800] "GET /xingrg/kc/buy/cgsh_order_info.html?code=212024042105667 HTTP/1.1" 200 68939
116.224.254.208 - - [21/Apr/2024:09:44:41 +0800] "GET /xingrg/javascript/easyui/themes/default/validatebox.css HTTP/1.1" 404 1104
116.224.254.208 - - [21/Apr/2024:09:44:42 +0800] "POST /xingrg/kc/buy/cgsh_order_operate.html HTTP/1.1" 200 5377
116.228.172.94 - - [21/Apr/2024:09:44:42 +0800] "GET /xingrg/all/function/internal_message.html?_=1713663425812&CODE_STATE=getMsg HTTP/1.1" 200 27
116.232.195.13 - - [21/Apr/2024:09:44:43 +0800] "GET /xingrg/kc/buy/cgsh_order_operate.html?command=get_materiel&rest_code=00155&code=00101006056&supplier_code=00100012&order_time=2024-04-21 HTTP/1.1" 200 413
116.224.254.208 - - [21/Apr/2024:09:44:44 +0800] "GET /xingrg/kc/print/load_data.html?order_code=212024042105667&kc_code=cgsh&condition= HTTP/1.1" 200 2513
116.235.94.6 - - [21/Apr/2024:09:44:47 +0800] "GET /xingrg/check_reg.html?_=1713663885180 HTTP/1.1" 302 -
116.224.254.208 - - [21/Apr/2024:09:44:49 +0800] "GET /xingrg/kc/buy/cgsh_order_add.html HTTP/1.1" 200 74078
116.224.254.208 - - [21/Apr/2024:09:44:49 +0800] "POST /xingrg/kc/buy/cgsh_order_operate.html HTTP/1.1" 200 8245
116.224.254.208 - - [21/Apr/2024:09:44:49 +0800] "GET /xingrg/javascript/easyui/themes/default/validatebox.css HTTP/1.1" 404 1104
116.224.254.208 - - [21/Apr/2024:09:44:57 +0800] "GET /xingrg/all/function/internal_message.html?_=1713663897545&CODE_STATE=getMsg HTTP/1.1" 200 27
116.224.254.208 - - [21/Apr/2024:09:44:59 +0800] "GET /xingrg/kc/buy/cgsh_order_operate.html?command=get_materiel&rest_code=00150&code=00101002022&supplier_code=00100151&order_time=2024-04-21 HTTP/1.1" 200 432
116.238.97.31 - - [21/Apr/2024:09:45:00 +0800] "GET /xingrg/all/function/internal_message.html?_=1713663901754&CODE_STATE=getMsg HTTP/1.1" 200 27
124.78.56.241 - - [21/Apr/2024:09:45:00 +0800] "GET /xingrg/css/new_ie.css HTTP/1.1" 404 1036
124.78.56.241 - - [21/Apr/2024:09:45:00 +0800] "GET /xingrg/all/function/internal_message.html?_=1713663900981&CODE_STATE=getMsg HTTP/1.1" 200 27
124.78.158.161 - - [21/Apr/2024:09:45:03 +0800] "GET /xingrg/all/function/internal_message.html?_=1713663900719&CODE_STATE=getMsg HTTP/1.1" 200 27
124.78.158.161 - - [21/Apr/2024:09:45:03 +0800] "GET /xingrg/check_reg.html?_=1713663900820 HTTP/1.1" 200 22
180.163.30.27 - - [21/Apr/2024:09:45:04 +0800] "GET /xingrg/all/function/internal_message.html?_=1713663840740&CODE_STATE=getMsg HTTP/1.1" 302 -
180.163.30.27 - - [21/Apr/2024:09:45:04 +0800] "GET /xingrg/login.html HTTP/1.1" 200 7641
124.78.56.241 - - [21/Apr/2024:09:45:04 +0800] "POST /xingrg/kc/buy/cgsh_list_operate.html HTTP/1.1" 200 645
222.69.134.233 - - [21/Apr/2024:09:45:06 +0800] "GET /xingrg/all/function/internal_message.html?_=1713663908011&CODE_STATE=getMsg HTTP/1.1" 200 27
124.78.56.241 - - [21/Apr/2024:09:45:06 +0800] "POST /xingrg/kc/buy/cgsh_order_operate.html HTTP/1.1" 200 8245
124.78.56.241 - - [21/Apr/2024:09:45:06 +0800] "GET /xingrg/javascript/easyui/themes/default/validatebox.css HTTP/1.1" 404 1104
180.163.28.143 - - [21/Apr/2024:09:45:09 +0800] "GET /xingrg/all/function/internal_message.html?_=1713663600722&CODE_STATE=getMsg HTTP/1.1" 302 -
180.163.28.143 - - [21/Apr/2024:09:45:09 +0800] "GET /xingrg/login.html HTTP/1.1" 200 7641
222.70.183.82 - - [21/Apr/2024:09:45:09 +0800] "GET /xingrg/all/function/internal_message.html?_=1713663906050&CODE_STATE=getMsg HTTP/1.1" 200 27
116.232.195.13 - - [21/Apr/2024:09:45:09 +0800] "GET /xingrg/kc/buy/cgsh_order_operate.html?command=get_materiel&rest_code=00155&code=00101006109&supplier_code=00100012&order_time=2024-04-21 HTTP/1.1" 200 409
124.78.56.241 - - [21/Apr/2024:09:45:11 +0800] "GET /xingrg/kc/buy/cgsh_order_add.html HTTP/1.1" 200 74033
124.78.56.241 - - [21/Apr/2024:09:45:11 +0800] "GET /xingrg/css/base.css HTTP/1.1" 304 -
124.78.56.241 - - [21/Apr/2024:09:45:11 +0800] "GET /xingrg/css/site.css HTTP/1.1" 304 -
124.78.56.241 - - [21/Apr/2024:09:45:11 +0800] "GET /xingrg/javascript/jquery_tools/datebox.css HTTP/1.1" 304 -
124.78.56.241 - - [21/Apr/2024:09:45:11 +0800] "GET /xingrg/javascript/easyui/themes/default/easyui.css HTTP/1.1" 304 -
124.78.56.241 - - [21/Apr/2024:09:45:11 +0800] "GET /xingrg/javascript/easyui/themes/icon.css HTTP/1.1" 304 -
124.78.56.241 - - [21/Apr/2024:09:45:11 +0800] "GET /xingrg/javascript/auto/jquery.autocomplete.css HTTP/1.1" 304 -
124.78.56.241 - - [21/Apr/2024:09:45:11 +0800] "GET /xingrg/javascript/jquery_tools/fix.css HTTP/1.1" 304 -
124.78.56.241 - - [21/Apr/2024:09:45:11 +0800] "GET /xingrg/javascript/jquery_tools/table.css HTTP/1.1" 304 -
124.78.56.241 - - [21/Apr/2024:09:45:11 +0800] "GET /xingrg/javascript/pic_change.js HTTP/1.1" 304 -
124.78.56.241 - - [21/Apr/2024:09:45:11 +0800] "GET /xingrg/javascript/jquery_tools/jquery.tools.min.js HTTP/1.1" 304 -
124.78.56.241 - - [21/Apr/2024:09:45:11 +0800] "GET /xingrg/javascript/jquery_tools/jquery.tools.extend.js HTTP/1.1" 304 -
124.78.56.241 - - [21/Apr/2024:09:45:11 +0800] "GET /xingrg/javascript/jquery_tools/jquery.tools.hotkey.js HTTP/1.1" 304 -
124.78.56.241 - - [21/Apr/2024:09:45:11 +0800] "GET /xingrg/javascript/jquery_tools/jquery.tools.table.js HTTP/1.1" 304 -
124.78.56.241 - - [21/Apr/2024:09:45:11 +0800] "GET /xingrg/javascript/auto/jquery.autocomplete.js HTTP/1.1" 304 -
124.78.56.241 - - [21/Apr/2024:09:45:11 +0800] "GET /xingrg/javascript/easyui/easyloader.js HTTP/1.1" 304 -
124.78.56.241 - - [21/Apr/2024:09:45:11 +0800] "GET /xingrg/javascript/jquery.utils.js HTTP/1.1" 304 -
124.78.56.241 - - [21/Apr/2024:09:45:11 +0800] "GET /xingrg/javascript/jquery_tools/order_manager.js HTTP/1.1" 304 -
124.78.56.241 - - [21/Apr/2024:09:45:11 +0800] "GET /xingrg/javascript/convert.js HTTP/1.1" 304 -
124.78.56.241 - - [21/Apr/2024:09:45:11 +0800] "GET /xingrg/javascript/json2.js HTTP/1.1" 304 -
124.78.56.241 - - [21/Apr/2024:09:45:11 +0800] "GET /xingrg/javascript/jquery.cookie.js HTTP/1.1" 304 -
124.78.56.241 - - [21/Apr/2024:09:45:11 +0800] "GET /xingrg/javascript/print/kc_print.js HTTP/1.1" 304 -
124.78.56.241 - - [21/Apr/2024:09:45:11 +0800] "GET /xingrg/javascript/print/LodopFuncs.js HTTP/1.1" 304 -
124.78.56.241 - - [21/Apr/2024:09:45:11 +0800] "GET /xingrg/words/20240420150309_words.js HTTP/1.1" 304 -
124.78.56.241 - - [21/Apr/2024:09:45:11 +0800] "GET /xingrg/javascript/easyui/plugins/jquery.parser.js HTTP/1.1" 304 -
124.78.56.241 - - [21/Apr/2024:09:45:11 +0800] "GET /xingrg/images/control/ajaxLoader.gif HTTP/1.1" 304 -
124.78.56.241 - - [21/Apr/2024:09:45:11 +0800] "POST /xingrg/kc/buy/cgsh_order_operate.html HTTP/1.1" 200 8245
124.78.56.241 - - [21/Apr/2024:09:45:11 +0800] "GET /xingrg/javascript/easyui/themes/default/validatebox.css HTTP/1.1" 404 1104
116.232.195.13 - - [21/Apr/2024:09:45:18 +0800] "GET /xingrg/all/function/internal_message.html?_=1713663911989&CODE_STATE=getMsg HTTP/1.1" 200 27
221.239.169.251 - - [21/Apr/2024:09:45:18 +0800] "GET /xingrg/check_reg.html?_=1713663917608 HTTP/1.1" 200 22
221.239.169.251 - - [21/Apr/2024:09:45:18 +0800] "GET /xingrg/all/function/internal_message.html?_=1713663917626&CODE_STATE=getMsg HTTP/1.1" 200 27
116.232.195.13 - - [21/Apr/2024:09:45:25 +0800] "GET /xingrg/kc/buy/cgsh_order_operate.html?command=get_materiel&rest_code=00155&code=00101006055&supplier_code=00100012&order_time=2024-04-21 HTTP/1.1" 200 409
116.224.254.208 - - [21/Apr/2024:09:45:27 +0800] "GET /xingrg/kc/buy/cgsh_order_operate.html?command=get_materiel&rest_code=00150&code=00101002005&supplier_code=00100151&order_time=2024-04-21 HTTP/1.1" 200 434
120.253.135.82 - - [21/Apr/2024:09:45:29 +0800] "GET /xingrg/check_reg.html?_=1713663774625 HTTP/1.1" 200 22
120.253.135.82 - - [21/Apr/2024:09:45:30 +0800] "GET /xingrg/all/function/internal_message.html?_=1713663776303&CODE_STATE=getMsg HTTP/1.1" 200 27
180.164.1.25 - - [21/Apr/2024:09:45:33 +0800] "GET /xingrg/all/function/internal_message.html?_=1713663932890&CODE_STATE=getMsg HTTP/1.1" 200 27
116.228.172.94 - - [21/Apr/2024:09:45:33 +0800] "GET /xingrg/check_reg.html?_=1713663476660 HTTP/1.1" 200 22
116.224.254.208 - - [21/Apr/2024:09:45:37 +0800] "POST /xingrg/kc/buy/cgsh_order_operate.html HTTP/1.1" 200 37
101.83.144.49 - - [21/Apr/2024:09:45:41 +0800] "GET /xingrg/all/function/internal_message.html?_=1713663942683&CODE_STATE=getMsg HTTP/1.1" 200 27
116.228.172.94 - - [21/Apr/2024:09:45:42 +0800] "GET /xingrg/all/function/internal_message.html?_=1713663485810&CODE_STATE=getMsg HTTP/1.1" 200 27
116.224.254.208 - - [21/Apr/2024:09:45:46 +0800] "POST /xingrg/kc/buy/cgsh_order_operate.html HTTP/1.1" 200 12
116.232.195.13 - - [21/Apr/2024:09:45:54 +0800] "GET /xingrg/kc/buy/cgsh_order_operate.html?command=get_materiel&rest_code=00155&code=00101006057&supplier_code=00100012&order_time=2024-04-21 HTTP/1.1" 200 413
116.224.254.208 - - [21/Apr/2024:09:45:56 +0800] "GET /xingrg/kc/buy/cgsh_order_info.html?code=212024042105668 HTTP/1.1" 200 68939
116.224.254.208 - - [21/Apr/2024:09:45:56 +0800] "GET /xingrg/javascript/easyui/themes/default/validatebox.css HTTP/1.1" 404 1104
116.224.254.208 - - [21/Apr/2024:09:45:57 +0800] "GET /xingrg/all/function/internal_message.html?_=1713663957540&CODE_STATE=getMsg HTTP/1.1" 200 27
116.224.254.208 - - [21/Apr/2024:09:45:57 +0800] "POST /xingrg/kc/buy/cgsh_order_operate.html HTTP/1.1" 200 1203
116.238.97.31 - - [21/Apr/2024:09:46:00 +0800] "GET /xingrg/all/function/internal_message.html?_=1713663961762&CODE_STATE=getMsg HTTP/1.1" 200 27
124.78.56.241 - - [21/Apr/2024:09:46:00 +0800] "GET /xingrg/check_reg.html?_=1713663960857 HTTP/1.1" 200 22
124.78.56.241 - - [21/Apr/2024:09:46:01 +0800] "GET /xingrg/all/function/internal_message.html?_=1713663961136&CODE_STATE=getMsg HTTP/1.1" 200 27
180.163.28.55 - - [21/Apr/2024:09:46:03 +0800] "GET /xingrg/check_reg.html?_=1713663900820 HTTP/1.1" 302 -
180.163.28.55 - - [21/Apr/2024:09:46:03 +0800] "GET /xingrg/login.html HTTP/1.1" 200 7641
124.78.158.161 - - [21/Apr/2024:09:46:03 +0800] "GET /xingrg/all/function/internal_message.html?_=1713663960696&CODE_STATE=getMsg HTTP/1.1" 200 27
222.69.134.233 - - [21/Apr/2024:09:46:06 +0800] "GET /xingrg/all/function/internal_message.html?_=1713663968011&CODE_STATE=getMsg HTTP/1.1" 200 27
222.70.183.82 - - [21/Apr/2024:09:46:09 +0800] "GET /xingrg/all/function/internal_message.html?_=1713663966035&CODE_STATE=getMsg HTTP/1.1" 200 27
124.78.56.241 - - [21/Apr/2024:09:46:09 +0800] "GET /xingrg/javascript/auto/indicator.gif HTTP/1.1" 404 1066
124.78.56.241 - - [21/Apr/2024:09:46:10 +0800] "GET /xingrg/javascript/jquery_tools/images/prev.gif HTTP/1.1" 404 1086
124.78.56.241 - - [21/Apr/2024:09:46:10 +0800] "GET /xingrg/javascript/jquery_tools/images/next.gif HTTP/1.1" 404 1086
116.232.195.13 - - [21/Apr/2024:09:46:18 +0800] "GET /xingrg/all/function/internal_message.html?_=1713663971991&CODE_STATE=getMsg HTTP/1.1" 200 27
221.239.169.251 - - [21/Apr/2024:09:46:18 +0800] "GET /xingrg/all/function/internal_message.html?_=1713663977620&CODE_STATE=getMsg HTTP/1.1" 200 27
124.78.56.241 - - [21/Apr/2024:09:46:19 +0800] "GET /xingrg/kc/buy/cgsh_order_operate.html?command=get_materiel&rest_code=00141&code=00101006067&supplier_code=00100096&order_time=2024-04-21 HTTP/1.1" 200 409
116.224.254.208 - - [21/Apr/2024:09:46:21 +0800] "POST /xingrg/kc/buy/cgsh_order_operate.html HTTP/1.1" 200 12
116.224.254.208 - - [21/Apr/2024:09:46:24 +0800] "GET /xingrg/kc/buy/cgsh_order_info.html?code=212024042105668 HTTP/1.1" 200 74045
116.224.254.208 - - [21/Apr/2024:09:46:24 +0800] "GET /xingrg/javascript/easyui/themes/default/validatebox.css HTTP/1.1" 404 1104
116.224.254.208 - - [21/Apr/2024:09:46:25 +0800] "POST /xingrg/kc/buy/cgsh_order_operate.html HTTP/1.1" 200 3253
116.232.195.13 - - [21/Apr/2024:09:46:25 +0800] "GET /xingrg/kc/buy/cgsh_order_operate.html?command=get_materiel&rest_code=00155&code=00101006128&supplier_code=00100012&order_time=2024-04-21 HTTP/1.1" 200 435
120.253.135.82 - - [21/Apr/2024:09:46:30 +0800] "GET /xingrg/all/function/internal_message.html?_=1713663836317&CODE_STATE=getMsg HTTP/1.1" 200 27
180.164.1.25 - - [21/Apr/2024:09:46:33 +0800] "GET /xingrg/all/function/internal_message.html?_=1713663992870&CODE_STATE=getMsg HTTP/1.1" 200 27
116.232.195.13 - - [21/Apr/2024:09:46:35 +0800] "GET /xingrg/kc/buy/cgsh_order_operate.html?command=get_materiel&rest_code=00155&code=00101006240&supplier_code=00100012&order_time=2024-04-21 HTTP/1.1" 200 424
116.224.254.208 - - [21/Apr/2024:09:46:40 +0800] "GET /xingrg/kc/buy/cgsh_order_operate.html?command=get_materiel&rest_code=00150&code=00101001135&supplier_code=00100151&order_time=2024-04-21 HTTP/1.1" 200 415
101.83.144.49 - - [21/Apr/2024:09:46:41 +0800] "GET /xingrg/check_reg.html?_=1713664002687 HTTP/1.1" 200 22
101.83.144.49 - - [21/Apr/2024:09:46:41 +0800] "GET /xingrg/all/function/internal_message.html?_=1713664002684&CODE_STATE=getMsg HTTP/1.1" 200 27
116.228.172.94 - - [21/Apr/2024:09:46:42 +0800] "GET /xingrg/all/function/internal_message.html?_=1713663545813&CODE_STATE=getMsg HTTP/1.1" 200 27
124.78.56.241 - - [21/Apr/2024:09:46:43 +0800] "GET /xingrg/kc/buy/cgsh_order_operate.html?command=get_materiel&rest_code=00141&code=00101018007&supplier_code=00100096&order_time=2024-04-21 HTTP/1.1" 200 409
116.232.195.13 - - [21/Apr/2024:09:46:56 +0800] "POST /xingrg/kc/buy/cgsh_order_operate.html HTTP/1.1" 200 37
116.224.254.208 - - [21/Apr/2024:09:46:57 +0800] "GET /xingrg/all/function/internal_message.html?_=1713664017554&CODE_STATE=getMsg HTTP/1.1" 200 27
124.78.56.241 - - [21/Apr/2024:09:46:59 +0800] "GET /xingrg/kc/buy/cgsh_order_operate.html?command=get_materiel&rest_code=00141&code=00101011013&supplier_code=00100096&order_time=2024-04-21 HTTP/1.1" 200 412
116.238.97.31 - - [21/Apr/2024:09:47:00 +0800] "GET /xingrg/all/function/internal_message.html?_=1713664020272&CODE_STATE=getMsg HTTP/1.1" 200 27
124.78.56.241 - - [21/Apr/2024:09:47:00 +0800] "GET /xingrg/all/function/internal_message.html?_=1713664020936&CODE_STATE=getMsg HTTP/1.1" 200 27
116.232.195.13 - - [21/Apr/2024:09:47:02 +0800] "POST /xingrg/kc/buy/cgsh_order_operate.html HTTP/1.1" 200 5035
124.78.158.161 - - [21/Apr/2024:09:47:03 +0800] "GET /xingrg/all/function/internal_message.html?_=1713664020668&CODE_STATE=getMsg HTTP/1.1" 200 27
222.69.134.233 - - [21/Apr/2024:09:47:06 +0800] "GET /xingrg/all/function/internal_message.html?_=1713664028002&CODE_STATE=getMsg HTTP/1.1" 200 27
116.232.195.13 - - [21/Apr/2024:09:47:08 +0800] "GET /xingrg/kc/print/load_data.html?order_code=212024042105669&kc_code=cgsh&condition= HTTP/1.1" 200 1680
222.70.183.82 - - [21/Apr/2024:09:47:09 +0800] "GET /xingrg/all/function/internal_message.html?_=1713664026020&CODE_STATE=getMsg HTTP/1.1" 200 27
116.224.254.208 - - [21/Apr/2024:09:47:13 +0800] "POST /xingrg/kc/buy/cgsh_order_operate.html HTTP/1.1" 200 37
116.232.195.13 - - [21/Apr/2024:09:47:18 +0800] "GET /xingrg/kc/buy/cgsh_order_add.html HTTP/1.1" 200 74122
116.232.195.13 - - [21/Apr/2024:09:47:18 +0800] "POST /xingrg/kc/buy/cgsh_order_operate.html HTTP/1.1" 200 8245
116.232.195.13 - - [21/Apr/2024:09:47:18 +0800] "GET /xingrg/javascript/easyui/themes/default/validatebox.css HTTP/1.1" 404 1104
116.232.195.13 - - [21/Apr/2024:09:47:18 +0800] "GET /xingrg/all/function/internal_message.html?_=1713664031973&CODE_STATE=getMsg HTTP/1.1" 200 27
221.239.169.251 - - [21/Apr/2024:09:47:18 +0800] "GET /xingrg/all/function/internal_message.html?_=1713664037621&CODE_STATE=getMsg HTTP/1.1" 200 27
116.224.254.208 - - [21/Apr/2024:09:47:22 +0800] "POST /xingrg/kc/buy/cgsh_order_operate.html HTTP/1.1" 200 12
124.78.56.241 - - [21/Apr/2024:09:47:24 +0800] "GET /xingrg/kc/buy/cgsh_order_operate.html?command=get_materiel&rest_code=00141&code=00101010136&supplier_code=00100096&order_time=2024-04-21 HTTP/1.1" 200 408
116.224.254.208 - - [21/Apr/2024:09:47:25 +0800] "GET /xingrg/kc/buy/cgsh_order_info.html?code=212024042105668 HTTP/1.1" 200 68939
116.224.254.208 - - [21/Apr/2024:09:47:25 +0800] "GET /xingrg/javascript/easyui/themes/default/validatebox.css HTTP/1.1" 404 1104
116.224.254.208 - - [21/Apr/2024:09:47:26 +0800] "POST /xingrg/kc/buy/cgsh_order_operate.html HTTP/1.1" 200 1801
116.224.254.208 - - [21/Apr/2024:09:47:30 +0800] "GET /xingrg/kc/print/load_data.html?order_code=212024042105668&kc_code=cgsh&condition= HTTP/1.1" 200 1142
120.253.135.82 - - [21/Apr/2024:09:47:30 +0800] "GET /xingrg/all/function/internal_message.html?_=1713663896330&CODE_STATE=getMsg HTTP/1.1" 200 27
180.164.1.25 - - [21/Apr/2024:09:47:33 +0800] "GET /xingrg/all/function/internal_message.html?_=1713664052856&CODE_STATE=getMsg HTTP/1.1" 200 27
116.224.254.208 - - [21/Apr/2024:09:47:35 +0800] "GET /xingrg/kc/buy/cgsh_order_add.html HTTP/1.1" 200 74078
116.224.254.208 - - [21/Apr/2024:09:47:36 +0800] "POST /xingrg/kc/buy/cgsh_order_operate.html HTTP/1.1" 200 8245
116.224.254.208 - - [21/Apr/2024:09:47:36 +0800] "GET /xingrg/javascript/easyui/themes/default/validatebox.css HTTP/1.1" 404 1104
124.78.56.241 - - [21/Apr/2024:09:47:37 +0800] "GET /xingrg/kc/buy/cgsh_order_operate.html?command=get_materiel&rest_code=00141&code=00101016030&supplier_code=00100096&order_time=2024-04-21 HTTP/1.1" 200 412
116.232.195.13 - - [21/Apr/2024:09:47:38 +0800] "GET /xingrg/kc/buy/cgsh_order_operate.html?command=get_materiel&rest_code=00155&code=00101007061&supplier_code=00100002&order_time=2024-04-21 HTTP/1.1" 200 411
101.83.144.49 - - [21/Apr/2024:09:47:41 +0800] "GET /xingrg/all/function/internal_message.html?_=1713664062687&CODE_STATE=getMsg HTTP/1.1" 200 27
116.228.172.94 - - [21/Apr/2024:09:47:42 +0800] "GET /xingrg/all/function/internal_message.html?_=1713663605819&CODE_STATE=getMsg HTTP/1.1" 200 27
222.70.240.29 - - [21/Apr/2024:09:47:49 +0800] "GET /xingrg/check_reg.html?_=1713664092170 HTTP/1.1" 302 -
116.224.254.208 - - [21/Apr/2024:09:47:51 +0800] "GET /xingrg/kc/buy/cgsh_order_operate.html?command=get_materiel&rest_code=00150&code=00101006059&supplier_code=00100667&order_time=2024-04-21 HTTP/1.1" 200 414
116.224.254.208 - - [21/Apr/2024:09:47:57 +0800] "GET /xingrg/check_reg.html?_=1713664077565 HTTP/1.1" 200 22
116.224.254.208 - - [21/Apr/2024:09:47:57 +0800] "GET /xingrg/all/function/internal_message.html?_=1713664077569&CODE_STATE=getMsg HTTP/1.1" 200 27
124.78.56.241 - - [21/Apr/2024:09:47:58 +0800] "GET /xingrg/kc/buy/cgsh_order_operate.html?command=get_materiel&rest_code=00141&code=00101012025&supplier_code=00100096&order_time=2024-04-21 HTTP/1.1" 200 414
116.232.195.13 - - [21/Apr/2024:09:47:59 +0800] "GET /xingrg/kc/buy/cgsh_order_operate.html?command=get_materiel&rest_code=00155&code=00101007077&supplier_code=00100002&order_time=2024-04-21 HTTP/1.1" 200 415
116.238.97.31 - - [21/Apr/2024:09:48:00 +0800] "GET /xingrg/all/function/internal_message.html?_=1713664080270&CODE_STATE=getMsg HTTP/1.1" 200 27
116.238.97.31 - - [21/Apr/2024:09:48:00 +0800] "GET /xingrg/check_reg.html?_=1713664080274 HTTP/1.1" 200 22
124.78.56.241 - - [21/Apr/2024:09:48:00 +0800] "GET /xingrg/all/function/internal_message.html?_=1713664080931&CODE_STATE=getMsg HTTP/1.1" 200 27
124.78.158.161 - - [21/Apr/2024:09:48:03 +0800] "GET /xingrg/all/function/internal_message.html?_=1713664080640&CODE_STATE=getMsg HTTP/1.1" 200 27
116.224.254.208 - - [21/Apr/2024:09:48:05 +0800] "POST /xingrg/kc/buy/cgsh_order_operate.html HTTP/1.1" 200 37
222.69.134.233 - - [21/Apr/2024:09:48:06 +0800] "GET /xingrg/all/function/internal_message.html?_=1713664087991&CODE_STATE=getMsg HTTP/1.1" 200 27
222.69.134.233 - - [21/Apr/2024:09:48:06 +0800] "GET /xingrg/check_reg.html?_=1713664087994 HTTP/1.1" 200 22
116.224.254.208 - - [21/Apr/2024:09:48:07 +0800] "POST /xingrg/kc/buy/cgsh_order_operate.html HTTP/1.1" 200 2659
222.70.183.82 - - [21/Apr/2024:09:48:09 +0800] "GET /xingrg/all/function/internal_message.html?_=1713664086004&CODE_STATE=getMsg HTTP/1.1" 200 27
116.232.195.13 - - [21/Apr/2024:09:48:12 +0800] "POST /xingrg/all/common/load_select.html HTTP/1.1" 200 12
116.232.195.13 - - [21/Apr/2024:09:48:17 +0800] "GET /xingrg/kc/buy/cgsh_order_operate.html?command=get_materiel_price&rest_code=00155&code=00101007077&unit_code=00100002&supplier_code=00100002&order_time=2024-04-21 HTTP/1.1" 200 28
116.232.195.13 - - [21/Apr/2024:09:48:18 +0800] "GET /xingrg/all/function/internal_message.html?_=1713664091988&CODE_STATE=getMsg HTTP/1.1" 200 27
116.232.195.13 - - [21/Apr/2024:09:48:18 +0800] "GET /xingrg/check_reg.html?_=1713664091994 HTTP/1.1" 200 22
221.239.169.251 - - [21/Apr/2024:09:48:18 +0800] "GET /xingrg/all/function/internal_message.html?_=1713664097613&CODE_STATE=getMsg HTTP/1.1" 200 27
116.224.254.208 - - [21/Apr/2024:09:48:29 +0800] "GET /xingrg/kc/buy/cgsh_order_add.html HTTP/1.1" 200 74078
116.224.254.208 - - [21/Apr/2024:09:48:29 +0800] "POST /xingrg/kc/buy/cgsh_order_operate.html HTTP/1.1" 200 8245
116.224.254.208 - - [21/Apr/2024:09:48:29 +0800] "GET /xingrg/javascript/easyui/themes/default/validatebox.css HTTP/1.1" 404 1104
180.164.1.25 - - [21/Apr/2024:09:48:29 +0800] "GET /xingrg/check_reg.html?_=1713664109455 HTTP/1.1" 200 22
120.253.135.82 - - [21/Apr/2024:09:48:31 +0800] "GET /xingrg/all/function/internal_message.html?_=1713663956546&CODE_STATE=getMsg HTTP/1.1" 200 27
180.164.1.25 - - [21/Apr/2024:09:48:33 +0800] "GET /xingrg/all/function/internal_message.html?_=1713664112848&CODE_STATE=getMsg HTTP/1.1" 200 27
116.232.195.13 - - [21/Apr/2024:09:48:34 +0800] "GET /xingrg/kc/buy/cgsh_order_operate.html?command=get_materiel&rest_code=00155&code=00101007072&supplier_code=00100002&order_time=2024-04-21 HTTP/1.1" 200 419
124.78.56.241 - - [21/Apr/2024:09:48:38 +0800] "GET /xingrg/kc/buy/cgsh_order_operate.html?command=get_materiel&rest_code=00141&code=00101012029&supplier_code=00100096&order_time=2024-04-21 HTTP/1.1" 200 412
101.83.144.49 - - [21/Apr/2024:09:48:41 +0800] "GET /xingrg/all/function/internal_message.html?_=1713664122694&CODE_STATE=getMsg HTTP/1.1" 200 27
116.228.172.94 - - [21/Apr/2024:09:48:42 +0800] "GET /xingrg/all/function/internal_message.html?_=1713663665817&CODE_STATE=getMsg HTTP/1.1" 200 27
116.224.254.208 - - [21/Apr/2024:09:48:57 +0800] "GET /xingrg/all/function/internal_message.html?_=1713664137566&CODE_STATE=getMsg HTTP/1.1" 200 27
116.232.195.13 - - [21/Apr/2024:09:48:57 +0800] "GET /xingrg/kc/buy/cgsh_order_operate.html?command=get_materiel&rest_code=00155&code=00101007022&supplier_code=00100002&order_time=2024-04-21 HTTP/1.1" 200 413
124.78.56.241 - - [21/Apr/2024:09:48:58 +0800] "GET /xingrg/kc/buy/cgsh_order_operate.html?command=get_materiel&rest_code=00141&code=00101010092&supplier_code=00100096&order_time=2024-04-21 HTTP/1.1" 200 451
116.238.97.31 - - [21/Apr/2024:09:49:00 +0800] "GET /xingrg/all/function/internal_message.html?_=1713664140269&CODE_STATE=getMsg HTTP/1.1" 200 27
124.78.56.241 - - [21/Apr/2024:09:49:00 +0800] "GET /xingrg/all/function/internal_message.html?_=1713664140904&CODE_STATE=getMsg HTTP/1.1" 200 27
124.78.158.161 - - [21/Apr/2024:09:49:03 +0800] "GET /xingrg/all/function/internal_message.html?_=1713664140614&CODE_STATE=getMsg HTTP/1.1" 200 27
222.69.134.233 - - [21/Apr/2024:09:49:06 +0800] "GET /xingrg/all/function/internal_message.html?_=1713664148016&CODE_STATE=getMsg HTTP/1.1" 200 27
222.70.183.82 - - [21/Apr/2024:09:49:09 +0800] "GET /xingrg/all/function/internal_message.html?_=1713664145989&CODE_STATE=getMsg HTTP/1.1" 200 27
222.70.183.82 - - [21/Apr/2024:09:49:09 +0800] "GET /xingrg/check_reg.html?_=1713664146521 HTTP/1.1" 200 22
116.232.195.13 - - [21/Apr/2024:09:49:17 +0800] "POST /xingrg/kc/buy/cgsh_order_operate.html HTTP/1.1" 200 37
116.232.195.13 - - [21/Apr/2024:09:49:18 +0800] "GET /xingrg/all/function/internal_message.html?_=1713664151992&CODE_STATE=getMsg HTTP/1.1" 200 27
221.239.169.251 - - [21/Apr/2024:09:49:18 +0800] "GET /xingrg/all/function/internal_message.html?_=1713664157616&CODE_STATE=getMsg HTTP/1.1" 200 27
116.224.254.208 - - [21/Apr/2024:09:49:18 +0800] "GET /xingrg/kc/buy/cgsh_order_operate.html?command=get_materiel&rest_code=00150&code=00102003436&supplier_code=00100151&order_time=2024-04-21 HTTP/1.1" 200 407
116.232.195.13 - - [21/Apr/2024:09:49:19 +0800] "POST /xingrg/kc/buy/cgsh_order_operate.html HTTP/1.1" 200 4442
124.78.56.241 - - [21/Apr/2024:09:49:20 +0800] "GET /xingrg/kc/buy/cgsh_order_operate.html?command=get_materiel&rest_code=00141&code=00101012026&supplier_code=00100096&order_time=2024-04-21 HTTP/1.1" 200 408
120.253.135.82 - - [21/Apr/2024:09:49:31 +0800] "GET /xingrg/all/function/internal_message.html?_=1713664016559&CODE_STATE=getMsg HTTP/1.1" 200 27
180.164.1.25 - - [21/Apr/2024:09:49:33 +0800] "GET /xingrg/all/function/internal_message.html?_=1713664172832&CODE_STATE=getMsg HTTP/1.1" 200 27
116.232.195.13 - - [21/Apr/2024:09:49:36 +0800] "POST /xingrg/kc/buy/cgsh_order_operate.html HTTP/1.1" 200 37
116.232.195.13 - - [21/Apr/2024:09:49:39 +0800] "POST /xingrg/kc/buy/cgsh_order_operate.html HTTP/1.1" 200 4445
101.83.144.49 - - [21/Apr/2024:09:49:41 +0800] "GET /xingrg/all/function/internal_message.html?_=1713664182695&CODE_STATE=getMsg HTTP/1.1" 200 27
116.228.172.94 - - [21/Apr/2024:09:49:42 +0800] "GET /xingrg/all/function/internal_message.html?_=1713663725808&CODE_STATE=getMsg HTTP/1.1" 200 27
124.78.56.241 - - [21/Apr/2024:09:49:45 +0800] "GET /xingrg/kc/buy/cgsh_order_operate.html?command=get_materiel&rest_code=00141&code=00101012038&supplier_code=00100096&order_time=2024-04-21 HTTP/1.1" 200 413
116.235.94.6 - - [21/Apr/2024:09:49:47 +0800] "GET /xingrg/check_reg.html?_=1713664185169 HTTP/1.1" 302 -
116.224.254.208 - - [21/Apr/2024:09:49:49 +0800] "POST /xingrg/kc/buy/cgsh_order_operate.html HTTP/1.1" 200 37
116.232.195.13 - - [21/Apr/2024:09:49:55 +0800] "GET /xingrg/kc/print/load_data.html?order_code=212024042105671&kc_code=cgsh&condition= HTTP/1.1" 200 1435
116.224.254.208 - - [21/Apr/2024:09:49:56 +0800] "POST /xingrg/kc/buy/cgsh_order_operate.html HTTP/1.1" 200 12
116.238.97.31 - - [21/Apr/2024:09:50:00 +0800] "GET /xingrg/all/function/internal_message.html?_=1713664200271&CODE_STATE=getMsg HTTP/1.1" 200 27
124.78.56.241 - - [21/Apr/2024:09:50:00 +0800] "GET /xingrg/all/function/internal_message.html?_=1713664200889&CODE_STATE=getMsg HTTP/1.1" 200 27
180.163.29.212 - - [21/Apr/2024:09:50:03 +0800] "GET /xingrg/all/function/internal_message.html?_=1713664140614&CODE_STATE=getMsg HTTP/1.1" 302 -
180.163.29.212 - - [21/Apr/2024:09:50:03 +0800] "GET /xingrg/login.html HTTP/1.1" 200 7641
124.78.158.161 - - [21/Apr/2024:09:50:03 +0800] "GET /xingrg/all/function/internal_message.html?_=1713664200586&CODE_STATE=getMsg HTTP/1.1" 200 27
124.78.158.161 - - [21/Apr/2024:09:50:03 +0800] "GET /xingrg/check_reg.html?_=1713664200824 HTTP/1.1" 200 22
222.69.134.233 - - [21/Apr/2024:09:50:06 +0800] "GET /xingrg/all/function/internal_message.html?_=1713664208022&CODE_STATE=getMsg HTTP/1.1" 200 27
222.70.183.82 - - [21/Apr/2024:09:50:09 +0800] "GET /xingrg/all/function/internal_message.html?_=1713664205973&CODE_STATE=getMsg HTTP/1.1" 200 27
116.232.195.13 - - [21/Apr/2024:09:50:14 +0800] "GET /xingrg/kc/buy/cgsh_order_add.html HTTP/1.1" 200 74122
116.232.195.13 - - [21/Apr/2024:09:50:14 +0800] "POST /xingrg/kc/buy/cgsh_order_operate.html HTTP/1.1" 200 8245
116.232.195.13 - - [21/Apr/2024:09:50:14 +0800] "GET /xingrg/javascript/easyui/themes/default/validatebox.css HTTP/1.1" 404 1104
116.232.195.13 - - [21/Apr/2024:09:50:18 +0800] "GET /xingrg/all/function/internal_message.html?_=1713664211991&CODE_STATE=getMsg HTTP/1.1" 200 27
221.239.169.251 - - [21/Apr/2024:09:50:18 +0800] "GET /xingrg/check_reg.html?_=1713664217614 HTTP/1.1" 200 22
221.239.169.251 - - [21/Apr/2024:09:50:18 +0800] "GET /xingrg/all/function/internal_message.html?_=1713664217616&CODE_STATE=getMsg HTTP/1.1" 200 27
116.224.254.208 - - [21/Apr/2024:09:50:18 +0800] "GET /xingrg/kc/buy/cgsh_order_info.html?code=212024042105672 HTTP/1.1" 200 68939
116.224.254.208 - - [21/Apr/2024:09:50:19 +0800] "GET /xingrg/javascript/easyui/themes/default/validatebox.css HTTP/1.1" 404 1104
116.224.254.208 - - [21/Apr/2024:09:50:20 +0800] "POST /xingrg/kc/buy/cgsh_order_operate.html HTTP/1.1" 200 600
116.224.254.208 - - [21/Apr/2024:09:50:21 +0800] "GET /xingrg/kc/print/load_data.html?order_code=212024042105672&kc_code=cgsh&condition= HTTP/1.1" 200 672
120.253.135.82 - - [21/Apr/2024:09:50:29 +0800] "GET /xingrg/check_reg.html?_=1713664074835 HTTP/1.1" 200 22
120.253.135.82 - - [21/Apr/2024:09:50:31 +0800] "GET /xingrg/all/function/internal_message.html?_=1713664076574&CODE_STATE=getMsg HTTP/1.1" 200 27
180.164.1.25 - - [21/Apr/2024:09:50:33 +0800] "GET /xingrg/all/function/internal_message.html?_=1713664232811&CODE_STATE=getMsg HTTP/1.1" 200 27
116.228.172.94 - - [21/Apr/2024:09:50:33 +0800] "GET /xingrg/check_reg.html?_=1713663776644 HTTP/1.1" 200 22
124.78.56.241 - - [21/Apr/2024:09:50:36 +0800] "GET /xingrg/kc/buy/cgsh_order_operate.html?command=get_materiel&rest_code=00141&code=00101007181&supplier_code=00100096&order_time=2024-04-21 HTTP/1.1" 200 412
116.232.195.13 - - [21/Apr/2024:09:50:38 +0800] "GET /xingrg/kc/buy/cgsh_order_operate.html?command=get_materiel&rest_code=00155&code=00101002064&supplier_code=00100199&order_time=2024-04-21 HTTP/1.1" 200 415
101.83.144.49 - - [21/Apr/2024:09:50:41 +0800] "GET /xingrg/all/function/internal_message.html?_=1713664242696&CODE_STATE=getMsg HTTP/1.1" 200 27
116.228.172.94 - - [21/Apr/2024:09:50:42 +0800] "GET /xingrg/all/function/internal_message.html?_=1713663785816&CODE_STATE=getMsg HTTP/1.1" 200 27
124.78.56.241 - - [21/Apr/2024:09:50:49 +0800] "GET /xingrg/kc/buy/cgsh_order_operate.html?command=get_materiel&rest_code=00141&code=00101007061&supplier_code=00100096&order_time=2024-04-21 HTTP/1.1" 200 411
116.224.254.208 - - [21/Apr/2024:09:50:52 +0800] "GET /xingrg/kc/buy/cgsh_order_add.html HTTP/1.1" 200 74078
116.224.254.208 - - [21/Apr/2024:09:50:52 +0800] "POST /xingrg/kc/buy/cgsh_order_operate.html HTTP/1.1" 200 8245
116.224.254.208 - - [21/Apr/2024:09:50:52 +0800] "GET /xingrg/javascript/easyui/themes/default/validatebox.css HTTP/1.1" 404 1104
116.224.254.208 - - [21/Apr/2024:09:50:57 +0800] "GET /xingrg/all/function/internal_message.html?_=1713664257577&CODE_STATE=getMsg HTTP/1.1" 200 27
116.238.97.31 - - [21/Apr/2024:09:51:00 +0800] "GET /xingrg/all/function/internal_message.html?_=1713664260263&CODE_STATE=getMsg HTTP/1.1" 200 27
124.78.56.241 - - [21/Apr/2024:09:51:00 +0800] "GET /xingrg/check_reg.html?_=1713664260857 HTTP/1.1" 200 22
124.78.56.241 - - [21/Apr/2024:09:51:00 +0800] "GET /xingrg/all/function/internal_message.html?_=1713664260861&CODE_STATE=getMsg HTTP/1.1" 200 27
116.224.254.208 - - [21/Apr/2024:09:51:00 +0800] "GET /xingrg/kc/buy/cgsh_order_operate.html?command=get_materiel&rest_code=00150&code=00102002321&supplier_code=00100071&order_time=2024-04-21 HTTP/1.1" 200 447
180.163.29.212 - - [21/Apr/2024:09:51:03 +0800] "GET /xingrg/check_reg.html?_=1713664200824 HTTP/1.1" 302 -
180.163.29.217 - - [21/Apr/2024:09:51:03 +0800] "GET /xingrg/all/function/internal_message.html?_=1713664200586&CODE_STATE=getMsg HTTP/1.1" 302 -
180.163.29.217 - - [21/Apr/2024:09:51:03 +0800] "GET /xingrg/login.html HTTP/1.1" 200 7641
180.163.29.212 - - [21/Apr/2024:09:51:03 +0800] "GET /xingrg/login.html HTTP/1.1" 200 7641
124.78.158.161 - - [21/Apr/2024:09:51:03 +0800] "GET /xingrg/all/function/internal_message.html?_=1713664260562&CODE_STATE=getMsg HTTP/1.1" 200 27
222.69.134.233 - - [21/Apr/2024:09:51:06 +0800] "GET /xingrg/all/function/internal_message.html?_=1713664268001&CODE_STATE=getMsg HTTP/1.1" 200 27
222.70.183.82 - - [21/Apr/2024:09:51:09 +0800] "GET /xingrg/all/function/internal_message.html?_=1713664265956&CODE_STATE=getMsg HTTP/1.1" 200 27
116.224.254.208 - - [21/Apr/2024:09:51:09 +0800] "POST /xingrg/kc/buy/cgsh_order_operate.html HTTP/1.1" 200 37
116.224.254.208 - - [21/Apr/2024:09:51:16 +0800] "POST /xingrg/kc/buy/cgsh_order_operate.html HTTP/1.1" 200 12
116.232.195.13 - - [21/Apr/2024:09:51:18 +0800] "GET /xingrg/all/function/internal_message.html?_=1713664271980&CODE_STATE=getMsg HTTP/1.1" 200 27
221.239.169.251 - - [21/Apr/2024:09:51:18 +0800] "GET /xingrg/all/function/internal_message.html?_=1713664277617&CODE_STATE=getMsg HTTP/1.1" 200 27
116.224.254.208 - - [21/Apr/2024:09:51:18 +0800] "GET /xingrg/kc/buy/cgsh_order_info.html?code=212024042105673 HTTP/1.1" 200 68951
116.224.254.208 - - [21/Apr/2024:09:51:19 +0800] "GET /xingrg/javascript/easyui/themes/default/validatebox.css HTTP/1.1" 404 1104
116.224.254.208 - - [21/Apr/2024:09:51:20 +0800] "POST /xingrg/kc/buy/cgsh_order_operate.html HTTP/1.1" 200 629
116.224.254.208 - - [21/Apr/2024:09:51:21 +0800] "GET /xingrg/kc/print/load_data.html?order_code=212024042105673&kc_code=cgsh&condition= HTTP/1.1" 200 777
116.232.195.13 - - [21/Apr/2024:09:51:28 +0800] "GET /xingrg/kc/buy/cgsh_order_operate.html?command=get_materiel&rest_code=00155&code=00101008606&supplier_code=00100199&order_time=2024-04-21 HTTP/1.1" 200 406
116.224.254.208 - - [21/Apr/2024:09:51:29 +0800] "GET /xingrg/index.html?sysBaseUrl=http%3A%2F%2F180.169.147.146%3A18081%2Fxingrg%2F&costTime=14×tamp=1698040851670 HTTP/1.1" 302 -
116.224.254.208 - - [21/Apr/2024:09:51:29 +0800] "GET /xingrg/login.html HTTP/1.1" 200 7641
124.78.56.241 - - [21/Apr/2024:09:51:29 +0800] "GET /xingrg/kc/buy/cgsh_order_operate.html?command=get_materiel&rest_code=00141&code=00101007049&supplier_code=00100096&order_time=2024-04-21 HTTP/1.1" 200 409
116.224.254.208 - - [21/Apr/2024:09:51:29 +0800] "GET /favicon.ico HTTP/1.1" 404 -
120.253.135.82 - - [21/Apr/2024:09:51:31 +0800] "GET /xingrg/all/function/internal_message.html?_=1713664136586&CODE_STATE=getMsg HTTP/1.1" 200 27
180.164.1.25 - - [21/Apr/2024:09:51:32 +0800] "GET /xingrg/all/function/internal_message.html?_=1713664292789&CODE_STATE=getMsg HTTP/1.1" 200 27
101.83.144.49 - - [21/Apr/2024:09:51:41 +0800] "GET /xingrg/check_reg.html?_=1713664302697 HTTP/1.1" 200 22
101.83.144.49 - - [21/Apr/2024:09:51:41 +0800] "GET /xingrg/all/function/internal_message.html?_=1713664302701&CODE_STATE=getMsg HTTP/1.1" 200 27
116.228.172.94 - - [21/Apr/2024:09:51:42 +0800] "GET /xingrg/all/function/internal_message.html?_=1713663845807&CODE_STATE=getMsg HTTP/1.1" 200 27
124.78.56.241 - - [21/Apr/2024:09:51:43 +0800] "GET /xingrg/kc/buy/cgsh_order_operate.html?command=get_materiel&rest_code=00141&code=00101007060&supplier_code=00100096&order_time=2024-04-21 HTTP/1.1" 200 409
116.224.254.208 - - [21/Apr/2024:09:51:45 +0800] "POST /xingrg/login.do HTTP/1.1" 200 2421
116.224.254.208 - - [21/Apr/2024:09:51:45 +0800] "GET /xingrg/css/blue.css HTTP/1.1" 200 15949
116.224.254.208 - - [21/Apr/2024:09:51:45 +0800] "GET /xingrg/javascript/myfunction.js HTTP/1.1" 200 24559
116.224.254.208 - - [21/Apr/2024:09:51:45 +0800] "GET /xingrg/images/blue/pic_top.gif HTTP/1.1" 200 3656
116.224.254.208 - - [21/Apr/2024:09:51:45 +0800] "GET /xingrg/images/blue/pic_notice.jpg HTTP/1.1" 200 3583
116.224.254.208 - - [21/Apr/2024:09:51:45 +0800] "GET /xingrg/images/blue/error_buttom.gif HTTP/1.1" 200 1750
116.224.254.208 - - [21/Apr/2024:09:51:45 +0800] "GET /xingrg/images/blue/error_mid.gif HTTP/1.1" 200 215
116.224.254.208 - - [21/Apr/2024:09:51:45 +0800] "GET /xingrg/images/blue/error_top.gif HTTP/1.1" 200 1790
116.224.254.208 - - [21/Apr/2024:09:51:45 +0800] "GET /favicon.ico HTTP/1.1" 404 -
116.232.195.13 - - [21/Apr/2024:09:51:45 +0800] "GET /xingrg/kc/buy/cgsh_order_operate.html?command=get_materiel&rest_code=00155&code=00101001069&supplier_code=00100199&order_time=2024-04-21 HTTP/1.1" 200 411
116.224.254.208 - - [21/Apr/2024:09:51:46 +0800] "GET /xingrg/login.html HTTP/1.1" 200 7641
116.224.254.208 - - [21/Apr/2024:09:51:46 +0800] "GET /favicon.ico HTTP/1.1" 404 -
124.78.56.241 - - [21/Apr/2024:09:51:53 +0800] "GET /xingrg/kc/buy/cgsh_order_operate.html?command=get_materiel&rest_code=00141&code=00101007048&supplier_code=00100096&order_time=2024-04-21 HTTP/1.1" 200 408
116.224.254.208 - - [21/Apr/2024:09:51:55 +0800] "POST /xingrg/login.do HTTP/1.1" 302 -
116.224.254.208 - - [21/Apr/2024:09:51:56 +0800] "GET /xingrg/index.html?sysBaseUrl=http%3A%2F%2F180.169.147.146%3A18081%2Fxingrg%2F&costTime=834×tamp=1713664315935 HTTP/1.1" 200 17503
116.224.254.208 - - [21/Apr/2024:09:51:56 +0800] "GET /favicon.ico HTTP/1.1" 404 -
116.224.254.208 - - [21/Apr/2024:09:51:56 +0800] "GET /xingrg/all/function/internal_message.html?_=1713664316450&CODE_STATE=count HTTP/1.1" 200 11
116.224.254.208 - - [21/Apr/2024:09:51:56 +0800] "GET /xingrg/check_reg.html?_=1713664316452 HTTP/1.1" 200 22
116.224.254.208 - - [21/Apr/2024:09:51:56 +0800] "GET /xingrg/javascript/jquery_easy_ui/themes/default/images/panel_tool_expand.gif HTTP/1.1" 200 247
116.224.254.208 - - [21/Apr/2024:09:51:56 +0800] "POST /xingrg/all/common/load_tree.html?tree=area_rest_tree_json&manage=1 HTTP/1.1" 200 3624
116.224.254.208 - - [21/Apr/2024:09:51:56 +0800] "POST /xingrg/load_menu.html HTTP/1.1" 200 11564
116.224.254.208 - - [21/Apr/2024:09:51:56 +0800] "GET /xingrg/javascript/jquery_easy_ui/themes/icons/delivery_new.png HTTP/1.1" 200 700
116.224.254.208 - - [21/Apr/2024:09:51:56 +0800] "GET /xingrg/javascript/jquery_easy_ui/themes/icons/setting_new.png HTTP/1.1" 200 450
116.224.254.208 - - [21/Apr/2024:09:51:56 +0800] "GET /xingrg/javascript/jquery_easy_ui/themes/icons/checkout_new.png HTTP/1.1" 200 744
116.224.254.208 - - [21/Apr/2024:09:51:56 +0800] "GET /xingrg/javascript/jquery_easy_ui/themes/icons/systemset_new.png HTTP/1.1" 200 606
116.238.97.31 - - [21/Apr/2024:09:52:00 +0800] "GET /xingrg/all/function/internal_message.html?_=1713664320276&CODE_STATE=getMsg HTTP/1.1" 200 27
124.78.56.241 - - [21/Apr/2024:09:52:00 +0800] "GET /xingrg/all/function/internal_message.html?_=1713664320872&CODE_STATE=getMsg HTTP/1.1" 200 27
116.224.254.208 - - [21/Apr/2024:09:52:02 +0800] "GET /xingrg/system/info/materiel_manager.html HTTP/1.1" 200 19497
116.224.254.208 - - [21/Apr/2024:09:52:02 +0800] "GET /xingrg/css/xtree.css HTTP/1.1" 200 880
116.224.254.208 - - [21/Apr/2024:09:52:02 +0800] "GET /xingrg/javascript/jquery_ui/themes/base/base.css HTTP/1.1" 200 28568
116.224.254.208 - - [21/Apr/2024:09:52:02 +0800] "GET /xingrg/dwr/interface/AjaxBaseInfoService.js HTTP/1.1" 200 21363
116.224.254.208 - - [21/Apr/2024:09:52:02 +0800] "GET /xingrg/dwr/interface/AjaxComOrderService.js HTTP/1.1" 200 18264
116.224.254.208 - - [21/Apr/2024:09:52:02 +0800] "GET /xingrg/dwr/engine.js HTTP/1.1" 200 43631
116.224.254.208 - - [21/Apr/2024:09:52:02 +0800] "GET /xingrg/dwr/util.js HTTP/1.1" 200 35990
116.224.254.208 - - [21/Apr/2024:09:52:02 +0800] "GET /xingrg/javascript/Calendar.js HTTP/1.1" 200 31561
116.224.254.208 - - [21/Apr/2024:09:52:02 +0800] "GET /xingrg/javascript/ToolTips.js HTTP/1.1" 200 5615
116.224.254.208 - - [21/Apr/2024:09:52:02 +0800] "GET /xingrg/javascript/xtree.js HTTP/1.1" 200 26582
116.224.254.208 - - [21/Apr/2024:09:52:02 +0800] "GET /xingrg/javascript/Grid.js HTTP/1.1" 200 58908
116.224.254.208 - - [21/Apr/2024:09:52:03 +0800] "GET /xingrg/images/xtree/openfoldericon.png HTTP/1.1" 200 232
116.224.254.208 - - [21/Apr/2024:09:52:03 +0800] "GET /xingrg/javascript/jquery_easy_ui/themes/icons/print_new.png HTTP/1.1" 200 3580
116.224.254.208 - - [21/Apr/2024:09:52:03 +0800] "GET /xingrg/javascript/jquery_easy_ui/themes/icons/import_new.png HTTP/1.1" 200 1247
116.224.254.208 - - [21/Apr/2024:09:52:03 +0800] "GET /xingrg/javascript/jquery_easy_ui/themes/icons/back_new.png HTTP/1.1" 200 3414
