116.224.254.208 - - [21/Apr/2024:10:46:20 +0800] "POST /xingrg/kc/buy/cgsh_order_operate.html HTTP/1.1" 200 12
116.232.195.13 - - [21/Apr/2024:10:46:20 +0800] "GET /xingrg/all/function/internal_message.html?_=1713667573645&CODE_STATE=getMsg HTTP/1.1" 200 27
116.238.125.103 - - [21/Apr/2024:10:46:20 +0800] "GET /xingrg/all/function/internal_message.html?_=1713667582772&CODE_STATE=getMsg HTTP/1.1" 200 27
116.238.125.103 - - [21/Apr/2024:10:46:20 +0800] "GET /xingrg/check_reg.html?_=1713667582777 HTTP/1.1" 200 22
116.238.97.31 - - [21/Apr/2024:10:46:20 +0800] "POST /xingrg/kc/base/wldb_order_operate.html HTTP/1.1" 200 2227
116.224.254.208 - - [21/Apr/2024:10:46:22 +0800] "GET /xingrg/kc/buy/cgsh_order_info.html?code=212024042105713 HTTP/1.1" 200 68949
116.224.254.208 - - [21/Apr/2024:10:46:22 +0800] "GET /xingrg/javascript/easyui/themes/default/validatebox.css HTTP/1.1" 404 1104
116.224.254.208 - - [21/Apr/2024:10:46:23 +0800] "POST /xingrg/kc/buy/cgsh_order_operate.html HTTP/1.1" 200 1209
124.78.158.161 - - [21/Apr/2024:10:46:24 +0800] "GET /xingrg/all/function/internal_message.html?_=1713667580904&CODE_STATE=getMsg HTTP/1.1" 200 27
116.224.254.208 - - [21/Apr/2024:10:46:26 +0800] "GET /xingrg/kc/print/load_data.html?order_code=212024042105713&kc_code=cgsh&condition= HTTP/1.1" 200 953
101.83.144.49 - - [21/Apr/2024:10:46:26 +0800] "GET /xingrg/kc/buy/cgsh_order_add.html HTTP/1.1" 200 74116
101.83.144.49 - - [21/Apr/2024:10:46:26 +0800] "GET /xingrg/javascript/easyui/themes/default/validatebox.css HTTP/1.1" 404 1104
101.83.144.49 - - [21/Apr/2024:10:46:26 +0800] "POST /xingrg/kc/buy/cgsh_order_operate.html HTTP/1.1" 200 8245
116.224.254.208 - - [21/Apr/2024:10:46:30 +0800] "GET /xingrg/all/function/internal_message.html?_=1713667590263&CODE_STATE=getMsg HTTP/1.1" 200 27
116.224.254.208 - - [21/Apr/2024:10:46:31 +0800] "GET /xingrg/kc/buy/cgsh_order_add.html HTTP/1.1" 200 74078
222.70.183.82 - - [21/Apr/2024:10:46:31 +0800] "POST /xingrg/kc/buy/cgsh_order_operate.html HTTP/1.1" 200 37
116.224.254.208 - - [21/Apr/2024:10:46:31 +0800] "POST /xingrg/kc/buy/cgsh_order_operate.html HTTP/1.1" 200 8245
116.224.254.208 - - [21/Apr/2024:10:46:31 +0800] "GET /xingrg/javascript/easyui/themes/default/validatebox.css HTTP/1.1" 404 1104
180.164.1.25 - - [21/Apr/2024:10:46:31 +0800] "GET /xingrg/all/function/internal_message.html?_=1713667591721&CODE_STATE=getMsg HTTP/1.1" 200 27
116.238.97.31 - - [21/Apr/2024:10:46:34 +0800] "GET /xingrg/kc/base/wldb_order_add.html HTTP/1.1" 200 30378
116.238.97.31 - - [21/Apr/2024:10:46:34 +0800] "POST /xingrg/kc/base/wldb_order_operate.html HTTP/1.1" 200 6806
116.238.97.31 - - [21/Apr/2024:10:46:34 +0800] "GET /xingrg/javascript/easyui/themes/default/validatebox.css HTTP/1.1" 404 1104
116.238.97.31 - - [21/Apr/2024:10:46:36 +0800] "POST /xingrg/all/common/load_combo.html?type=base HTTP/1.1" 200 3321
116.224.254.208 - - [21/Apr/2024:10:46:38 +0800] "GET /xingrg/kc/buy/cgsh_order_operate.html?command=get_materiel&rest_code=00150&code=00101007085&supplier_code=00100328&order_time=2024-04-21 HTTP/1.1" 200 413
124.78.158.161 - - [21/Apr/2024:10:46:38 +0800] "GET /xingrg/kc/base/wldb_order_operate.html?command=get_materiel&rest_code=00106&base_code=0010396&code=00101019536 HTTP/1.1" 200 470
116.238.97.31 - - [21/Apr/2024:10:46:39 +0800] "POST /xingrg/all/common/load_combo.html?type=base HTTP/1.1" 200 3321
101.83.144.49 - - [21/Apr/2024:10:46:40 +0800] "GET /xingrg/all/function/internal_message.html?_=1713667602533&CODE_STATE=getMsg HTTP/1.1" 200 27
101.83.144.49 - - [21/Apr/2024:10:46:41 +0800] "GET /xingrg/check_reg.html?_=1713667602755 HTTP/1.1" 200 22
124.78.56.241 - - [21/Apr/2024:10:46:41 +0800] "GET /xingrg/kc/buy/cgsh_order_operate.html?command=get_materiel&rest_code=00141&code=00101006396&supplier_code=00100670&order_time=2024-04-21 HTTP/1.1" 200 406
116.228.172.94 - - [21/Apr/2024:10:46:42 +0800] "GET /xingrg/all/function/internal_message.html?_=1713667145801&CODE_STATE=getMsg HTTP/1.1" 200 27
120.253.135.82 - - [21/Apr/2024:10:46:42 +0800] "GET /xingrg/all/function/internal_message.html?_=1713667448119&CODE_STATE=getMsg HTTP/1.1" 200 27
116.224.254.208 - - [21/Apr/2024:10:46:47 +0800] "POST /xingrg/kc/buy/cgsh_order_operate.html HTTP/1.1" 200 37
124.78.158.161 - - [21/Apr/2024:10:46:51 +0800] "GET /xingrg/kc/base/wldb_order_operate.html?command=get_materiel&rest_code=00106&base_code=0010396&code=00101019391 HTTP/1.1" 200 485
116.224.254.208 - - [21/Apr/2024:10:46:55 +0800] "POST /xingrg/kc/buy/cgsh_order_operate.html HTTP/1.1" 200 12
116.238.97.31 - - [21/Apr/2024:10:46:56 +0800] "GET /xingrg/kc/base/wldb_order_operate.html?command=get_materiel&rest_code=00102&base_code=0010476&code=00101027001 HTTP/1.1" 200 471
116.238.97.31 - - [21/Apr/2024:10:47:00 +0800] "GET /xingrg/all/function/internal_message.html?_=1713667620547&CODE_STATE=getMsg HTTP/1.1" 200 27
222.70.183.82 - - [21/Apr/2024:10:47:01 +0800] "POST /xingrg/kc/buy/cgsh_order_operate.html HTTP/1.1" 200 12
116.224.254.208 - - [21/Apr/2024:10:47:01 +0800] "GET /xingrg/kc/buy/cgsh_order_info.html?code=212024042105715 HTTP/1.1" 200 68953
116.224.254.208 - - [21/Apr/2024:10:47:02 +0800] "GET /xingrg/javascript/easyui/themes/default/validatebox.css HTTP/1.1" 404 1104
124.78.56.241 - - [21/Apr/2024:10:47:02 +0800] "GET /xingrg/all/function/internal_message.html?_=1713667622452&CODE_STATE=getMsg HTTP/1.1" 200 27
116.224.254.208 - - [21/Apr/2024:10:47:03 +0800] "POST /xingrg/kc/buy/cgsh_order_operate.html HTTP/1.1" 200 607
124.78.56.241 - - [21/Apr/2024:10:47:03 +0800] "GET /xingrg/kc/buy/cgsh_order_operate.html?command=get_materiel&rest_code=00141&code=00102026001&supplier_code=00100670&order_time=2024-04-21 HTTP/1.1" 200 409
116.224.254.208 - - [21/Apr/2024:10:47:04 +0800] "GET /xingrg/kc/print/load_data.html?order_code=212024042105715&kc_code=cgsh&condition= HTTP/1.1" 200 714
222.69.134.233 - - [21/Apr/2024:10:47:06 +0800] "GET /xingrg/all/function/internal_message.html?_=1713667628015&CODE_STATE=getMsg HTTP/1.1" 200 27
222.70.183.82 - - [21/Apr/2024:10:47:07 +0800] "GET /xingrg/kc/buy/cgsh_order_info.html?code=212024042105714 HTTP/1.1" 200 68865
124.78.158.161 - - [21/Apr/2024:10:47:07 +0800] "GET /xingrg/check_reg.html?_=1713667628176 HTTP/1.1" 200 22
124.78.158.161 - - [21/Apr/2024:10:47:07 +0800] "GET /xingrg/all/function/internal_message.html?_=1713667628179&CODE_STATE=getMsg HTTP/1.1" 200 27
222.70.183.82 - - [21/Apr/2024:10:47:08 +0800] "GET /xingrg/all/function/internal_message.html?_=1713667625067&CODE_STATE=getMsg HTTP/1.1" 200 27
222.70.183.82 - - [21/Apr/2024:10:47:08 +0800] "GET /xingrg/javascript/easyui/themes/default/validatebox.css HTTP/1.1" 404 1104
116.224.254.208 - - [21/Apr/2024:10:47:08 +0800] "GET /xingrg/kc/buy/cgsh_order_add.html HTTP/1.1" 200 74078
116.224.254.208 - - [21/Apr/2024:10:47:09 +0800] "POST /xingrg/kc/buy/cgsh_order_operate.html HTTP/1.1" 200 8245
116.224.254.208 - - [21/Apr/2024:10:47:09 +0800] "GET /xingrg/javascript/easyui/themes/default/validatebox.css HTTP/1.1" 404 1104
222.70.183.82 - - [21/Apr/2024:10:47:09 +0800] "POST /xingrg/kc/buy/cgsh_order_operate.html HTTP/1.1" 200 607
222.70.183.82 - - [21/Apr/2024:10:47:14 +0800] "GET /xingrg/kc/print/load_data.html?order_code=212024042105714&kc_code=cgsh&condition= HTTP/1.1" 200 699
116.224.254.208 - - [21/Apr/2024:10:47:18 +0800] "GET /xingrg/kc/buy/cgsh_order_operate.html?command=get_materiel&rest_code=00150&code=00101006350&supplier_code=00100323&order_time=2024-04-21 HTTP/1.1" 200 409
221.239.169.251 - - [21/Apr/2024:10:47:18 +0800] "GET /xingrg/all/function/internal_message.html?_=1713667637664&CODE_STATE=getMsg HTTP/1.1" 200 27
116.232.195.13 - - [21/Apr/2024:10:47:20 +0800] "GET /xingrg/all/function/internal_message.html?_=1713667633621&CODE_STATE=getMsg HTTP/1.1" 200 27
116.238.125.103 - - [21/Apr/2024:10:47:20 +0800] "GET /xingrg/all/function/internal_message.html?_=1713667642777&CODE_STATE=getMsg HTTP/1.1" 200 27
124.78.158.161 - - [21/Apr/2024:10:47:24 +0800] "GET /xingrg/all/function/internal_message.html?_=1713667640879&CODE_STATE=getMsg HTTP/1.1" 200 27
180.163.28.143 - - [21/Apr/2024:10:47:24 +0800] "GET /xingrg/all/function/internal_message.html?_=1713667580904&CODE_STATE=getMsg HTTP/1.1" 302 -
180.163.28.143 - - [21/Apr/2024:10:47:24 +0800] "GET /xingrg/login.html HTTP/1.1" 200 7641
124.78.158.161 - - [21/Apr/2024:10:47:25 +0800] "POST /xingrg/kc/base/wldb_order_operate.html HTTP/1.1" 200 37
124.78.158.161 - - [21/Apr/2024:10:47:26 +0800] "POST /xingrg/kc/base/wldb_order_operate.html HTTP/1.1" 200 3217
124.78.158.161 - - [21/Apr/2024:10:47:26 +0800] "GET /xingrg/kc/base/wldb_order_info.html?code=422024042101326 HTTP/1.1" 200 30397
124.78.158.161 - - [21/Apr/2024:10:47:26 +0800] "GET /xingrg/words/20240421095404_words.js HTTP/1.1" 304 -
124.78.158.161 - - [21/Apr/2024:10:47:26 +0800] "GET /xingrg/javascript/easyui/themes/default/validatebox.css HTTP/1.1" 404 1104
124.78.158.161 - - [21/Apr/2024:10:47:27 +0800] "POST /xingrg/kc/base/wldb_order_operate.html HTTP/1.1" 200 3217
116.224.254.208 - - [21/Apr/2024:10:47:28 +0800] "GET /xingrg/kc/buy/cgsh_order_operate.html?command=get_materiel&rest_code=00150&code=00101006060&supplier_code=00100323&order_time=2024-04-21 HTTP/1.1" 200 409
116.224.254.208 - - [21/Apr/2024:10:47:30 +0800] "GET /xingrg/all/function/internal_message.html?_=1713667650280&CODE_STATE=getMsg HTTP/1.1" 200 27
124.78.158.161 - - [21/Apr/2024:10:47:30 +0800] "GET /xingrg/kc/base/wldb_order_add.html HTTP/1.1" 200 30382
124.78.158.161 - - [21/Apr/2024:10:47:31 +0800] "POST /xingrg/kc/base/wldb_order_operate.html HTTP/1.1" 200 6806
124.78.158.161 - - [21/Apr/2024:10:47:31 +0800] "GET /xingrg/javascript/easyui/themes/default/validatebox.css HTTP/1.1" 404 1104
180.164.1.25 - - [21/Apr/2024:10:47:31 +0800] "GET /xingrg/all/function/internal_message.html?_=1713667651696&CODE_STATE=getMsg HTTP/1.1" 200 27
116.238.97.31 - - [21/Apr/2024:10:47:34 +0800] "GET /xingrg/kc/base/wldb_order_operate.html?command=get_materiel&rest_code=00102&base_code=0010476&code=00101022006 HTTP/1.1" 200 454
124.78.56.241 - - [21/Apr/2024:10:47:35 +0800] "POST /xingrg/kc/buy/cgsh_order_operate.html HTTP/1.1" 200 37
124.78.158.161 - - [21/Apr/2024:10:47:37 +0800] "POST /xingrg/all/common/load_combo.html?type=base HTTP/1.1" 200 3227
116.224.254.208 - - [21/Apr/2024:10:47:38 +0800] "GET /xingrg/kc/buy/cgsh_order_operate.html?command=get_materiel&rest_code=00150&code=00101010683&supplier_code=00100323&order_time=2024-04-21 HTTP/1.1" 200 421
101.83.144.49 - - [21/Apr/2024:10:47:40 +0800] "GET /xingrg/all/function/internal_message.html?_=1713667662515&CODE_STATE=getMsg HTTP/1.1" 200 27
116.228.172.94 - - [21/Apr/2024:10:47:42 +0800] "GET /xingrg/all/function/internal_message.html?_=1713667205816&CODE_STATE=getMsg HTTP/1.1" 200 27
120.253.135.82 - - [21/Apr/2024:10:47:42 +0800] "GET /xingrg/all/function/internal_message.html?_=1713667508132&CODE_STATE=getMsg HTTP/1.1" 200 27
124.78.158.161 - - [21/Apr/2024:10:47:43 +0800] "POST /xingrg/all/common/load_combo.html?type=base HTTP/1.1" 200 3227
222.70.240.29 - - [21/Apr/2024:10:47:50 +0800] "GET /xingrg/check_reg.html?_=1713667692841 HTTP/1.1" 302 -
116.224.254.208 - - [21/Apr/2024:10:47:54 +0800] "GET /xingrg/kc/buy/cgsh_order_operate.html?command=get_materiel&rest_code=00150&code=00101020370&supplier_code=00100323&order_time=2024-04-21 HTTP/1.1" 200 414
116.238.97.31 - - [21/Apr/2024:10:48:00 +0800] "GET /xingrg/check_reg.html?_=1713667680264 HTTP/1.1" 200 22
116.238.97.31 - - [21/Apr/2024:10:48:00 +0800] "GET /xingrg/all/function/internal_message.html?_=1713667680543&CODE_STATE=getMsg HTTP/1.1" 200 27
101.83.144.49 - - [21/Apr/2024:10:48:05 +0800] "GET /xingrg/kc/buy/cgsh_order_operate.html?command=get_materiel&rest_code=00105&code=00101016100&supplier_code=00100151&order_time=2024-04-21 HTTP/1.1" 200 412
116.238.97.31 - - [21/Apr/2024:10:48:06 +0800] "GET /xingrg/kc/base/wldb_order_operate.html?command=get_materiel&rest_code=00102&base_code=0010476&code=00101019313 HTTP/1.1" 200 456
222.69.134.233 - - [21/Apr/2024:10:48:06 +0800] "GET /xingrg/all/function/internal_message.html?_=1713667688010&CODE_STATE=getMsg HTTP/1.1" 200 27
222.69.134.233 - - [21/Apr/2024:10:48:06 +0800] "GET /xingrg/check_reg.html?_=1713667688021 HTTP/1.1" 200 22
116.224.254.208 - - [21/Apr/2024:10:48:07 +0800] "GET /xingrg/kc/buy/cgsh_order_operate.html?command=get_materiel&rest_code=00150&code=00101020355&supplier_code=00100323&order_time=2024-04-21 HTTP/1.1" 200 415
124.78.158.161 - - [21/Apr/2024:10:48:07 +0800] "GET /xingrg/all/function/internal_message.html?_=1713667688182&CODE_STATE=getMsg HTTP/1.1" 200 27
124.78.158.161 - - [21/Apr/2024:10:48:08 +0800] "GET /xingrg/kc/base/wldb_order_operate.html?command=get_materiel&rest_code=00106&base_code=0010396&code=00101019111 HTTP/1.1" 200 467
222.70.183.82 - - [21/Apr/2024:10:48:08 +0800] "GET /xingrg/all/function/internal_message.html?_=1713667685047&CODE_STATE=getMsg HTTP/1.1" 200 27
124.78.56.241 - - [21/Apr/2024:10:48:15 +0800] "POST /xingrg/kc/buy/cgsh_order_operate.html HTTP/1.1" 200 12
124.78.56.241 - - [21/Apr/2024:10:48:17 +0800] "GET /xingrg/kc/buy/cgsh_order_info.html?code=212024042105716 HTTP/1.1" 200 68899
124.78.56.241 - - [21/Apr/2024:10:48:18 +0800] "GET /xingrg/javascript/easyui/themes/default/validatebox.css HTTP/1.1" 404 1104
116.232.195.13 - - [21/Apr/2024:10:48:18 +0800] "GET /xingrg/check_reg.html?_=1713667691852 HTTP/1.1" 200 22
221.239.169.251 - - [21/Apr/2024:10:48:18 +0800] "GET /xingrg/all/function/internal_message.html?_=1713667697679&CODE_STATE=getMsg HTTP/1.1" 200 27
124.78.56.241 - - [21/Apr/2024:10:48:19 +0800] "POST /xingrg/kc/buy/cgsh_order_operate.html HTTP/1.1" 200 3582
116.232.195.13 - - [21/Apr/2024:10:48:20 +0800] "GET /xingrg/all/function/internal_message.html?_=1713667693613&CODE_STATE=getMsg HTTP/1.1" 200 27
116.238.125.103 - - [21/Apr/2024:10:48:20 +0800] "GET /xingrg/all/function/internal_message.html?_=1713667702769&CODE_STATE=getMsg HTTP/1.1" 200 27
116.238.97.31 - - [21/Apr/2024:10:48:20 +0800] "POST /xingrg/kc/base/wldb_order_operate.html HTTP/1.1" 200 37
116.238.97.31 - - [21/Apr/2024:10:48:21 +0800] "POST /xingrg/kc/base/wldb_order_operate.html HTTP/1.1" 200 3195
101.83.144.49 - - [21/Apr/2024:10:48:22 +0800] "GET /xingrg/kc/buy/cgsh_order_operate.html?command=get_materiel&rest_code=00105&code=00101016030&supplier_code=00100151&order_time=2024-04-21 HTTP/1.1" 200 412
124.78.158.161 - - [21/Apr/2024:10:48:24 +0800] "GET /xingrg/all/function/internal_message.html?_=1713667700855&CODE_STATE=getMsg HTTP/1.1" 200 27
180.163.29.219 - - [21/Apr/2024:10:48:24 +0800] "GET /xingrg/all/function/internal_message.html?_=1713667640879&CODE_STATE=getMsg HTTP/1.1" 302 -
180.163.29.219 - - [21/Apr/2024:10:48:24 +0800] "GET /xingrg/login.html HTTP/1.1" 200 7641
124.78.158.161 - - [21/Apr/2024:10:48:24 +0800] "GET /xingrg/check_reg.html?_=1713667701265 HTTP/1.1" 200 22
124.78.158.161 - - [21/Apr/2024:10:48:26 +0800] "POST /xingrg/kc/base/wldb_order_operate.html HTTP/1.1" 200 37
116.238.97.31 - - [21/Apr/2024:10:48:26 +0800] "GET /xingrg/kc/base/wldb_order_info.html?code=422024042101327 HTTP/1.1" 200 30392
124.78.158.161 - - [21/Apr/2024:10:48:27 +0800] "POST /xingrg/kc/base/wldb_order_operate.html HTTP/1.1" 200 2209
116.238.97.31 - - [21/Apr/2024:10:48:27 +0800] "POST /xingrg/kc/base/wldb_order_operate.html HTTP/1.1" 200 3195
180.164.1.25 - - [21/Apr/2024:10:48:29 +0800] "GET /xingrg/check_reg.html?_=1713667709455 HTTP/1.1" 200 22
124.78.158.161 - - [21/Apr/2024:10:48:30 +0800] "GET /xingrg/kc/base/wldb_order_info.html?code=422024042101328 HTTP/1.1" 200 30395
124.78.158.161 - - [21/Apr/2024:10:48:31 +0800] "GET /xingrg/javascript/easyui/themes/default/validatebox.css HTTP/1.1" 404 1104
124.78.158.161 - - [21/Apr/2024:10:48:31 +0800] "POST /xingrg/kc/base/wldb_order_operate.html HTTP/1.1" 200 2209
180.164.1.25 - - [21/Apr/2024:10:48:31 +0800] "GET /xingrg/all/function/internal_message.html?_=1713667711680&CODE_STATE=getMsg HTTP/1.1" 200 27
116.224.254.208 - - [21/Apr/2024:10:48:35 +0800] "POST /xingrg/kc/buy/cgsh_order_operate.html HTTP/1.1" 200 37
101.83.144.49 - - [21/Apr/2024:10:48:40 +0800] "GET /xingrg/all/function/internal_message.html?_=1713667722523&CODE_STATE=getMsg HTTP/1.1" 200 27
116.228.172.94 - - [21/Apr/2024:10:48:42 +0800] "GET /xingrg/all/function/internal_message.html?_=1713667265821&CODE_STATE=getMsg HTTP/1.1" 200 27
120.253.135.82 - - [21/Apr/2024:10:48:42 +0800] "GET /xingrg/all/function/internal_message.html?_=1713667568165&CODE_STATE=getMsg HTTP/1.1" 200 27
116.224.254.208 - - [21/Apr/2024:10:48:43 +0800] "POST /xingrg/kc/buy/cgsh_order_operate.html HTTP/1.1" 200 12
116.224.254.208 - - [21/Apr/2024:10:48:47 +0800] "GET /xingrg/kc/buy/cgsh_order_info.html?code=212024042105717 HTTP/1.1" 200 68952
116.224.254.208 - - [21/Apr/2024:10:48:48 +0800] "GET /xingrg/words/20240421095404_words.js HTTP/1.1" 304 -
116.224.254.208 - - [21/Apr/2024:10:48:48 +0800] "GET /xingrg/javascript/easyui/themes/default/validatebox.css HTTP/1.1" 404 1104
124.78.56.241 - - [21/Apr/2024:10:48:48 +0800] "GET /xingrg/kc/print/load_data.html?order_code=212024042105716&kc_code=cgsh&condition= HTTP/1.1" 200 1826
116.224.254.208 - - [21/Apr/2024:10:48:49 +0800] "POST /xingrg/kc/buy/cgsh_order_operate.html HTTP/1.1" 200 2388
116.224.254.208 - - [21/Apr/2024:10:48:50 +0800] "GET /xingrg/kc/print/load_data.html?order_code=212024042105717&kc_code=cgsh&condition= HTTP/1.1" 200 1400
116.224.254.208 - - [21/Apr/2024:10:48:58 +0800] "POST /xingrg/all/user/operate.html HTTP/1.1" 200 36
116.224.254.208 - - [21/Apr/2024:10:48:58 +0800] "GET /xingrg/index.html?sysBaseUrl=http%3A%2F%2F180.169.147.146%3A18081%2Fxingrg%2F&costTime=863×tamp=1713664472549 HTTP/1.1" 200 17177
116.224.254.208 - - [21/Apr/2024:10:48:58 +0800] "GET /xingrg/javascript/jquery_easy_ui/themes/default/easyui.css HTTP/1.1" 304 -
116.224.254.208 - - [21/Apr/2024:10:48:58 +0800] "GET /xingrg/javascript/jquery_easy_ui/themes/icon.css HTTP/1.1" 304 -
116.224.254.208 - - [21/Apr/2024:10:48:58 +0800] "GET /xingrg/css/form.css HTTP/1.1" 304 -
116.224.254.208 - - [21/Apr/2024:10:48:58 +0800] "GET /xingrg/javascript/jquery-1.4.2.min.js HTTP/1.1" 304 -
116.224.254.208 - - [21/Apr/2024:10:48:58 +0800] "GET /xingrg/javascript/jquery_easy_ui/jquery.easyui.min.js HTTP/1.1" 304 -
116.224.254.208 - - [21/Apr/2024:10:48:58 +0800] "GET /xingrg/javascript/jquery_easy_ui/easyui-lang-zh_CN.js HTTP/1.1" 304 -
116.224.254.208 - - [21/Apr/2024:10:48:58 +0800] "GET /xingrg/javascript/jquery.form.js HTTP/1.1" 304 -
116.224.254.208 - - [21/Apr/2024:10:48:58 +0800] "GET /xingrg/javascript/jquery.utils.js HTTP/1.1" 304 -
116.224.254.208 - - [21/Apr/2024:10:48:58 +0800] "GET /xingrg/javascript/jquery.timers.js HTTP/1.1" 304 -
116.224.254.208 - - [21/Apr/2024:10:48:58 +0800] "GET /xingrg/images/blue/jxLogo.png HTTP/1.1" 304 -
116.224.254.208 - - [21/Apr/2024:10:48:58 +0800] "GET /xingrg/all/function/internal_message.html?_=1713667739071&CODE_STATE=count HTTP/1.1" 200 11
116.224.254.208 - - [21/Apr/2024:10:48:58 +0800] "GET /xingrg/check_reg.html?_=1713667739071 HTTP/1.1" 200 22
116.224.254.208 - - [21/Apr/2024:10:48:58 +0800] "GET /xingrg/javascript/jquery_easy_ui/themes/default/images/tabs_rightarrow.png HTTP/1.1" 304 -
116.224.254.208 - - [21/Apr/2024:10:48:58 +0800] "GET /xingrg/javascript/jquery_easy_ui/themes/default/images/panel_tool_collapse.gif HTTP/1.1" 304 -
116.224.254.208 - - [21/Apr/2024:10:48:58 +0800] "GET /xingrg/images/blue/pingpu.png HTTP/1.1" 304 -
116.224.254.208 - - [21/Apr/2024:10:48:58 +0800] "GET /xingrg/javascript/jquery_easy_ui/themes/default/images/tabs_leftarrow.png HTTP/1.1" 304 -
116.224.254.208 - - [21/Apr/2024:10:48:58 +0800] "POST /xingrg/all/common/load_tree.html?tree=area_rest_tree_json&manage=1 HTTP/1.1" 200 476
116.224.254.208 - - [21/Apr/2024:10:48:59 +0800] "POST /xingrg/load_menu.html HTTP/1.1" 200 5138
116.224.254.208 - - [21/Apr/2024:10:48:59 +0800] "GET /xingrg/javascript/jquery_easy_ui/themes/default/images/tree_file.gif HTTP/1.1" 304 -
116.224.254.208 - - [21/Apr/2024:10:48:59 +0800] "GET /xingrg/javascript/jquery_easy_ui/themes/icons/search_new.png HTTP/1.1" 304 -
116.224.254.208 - - [21/Apr/2024:10:48:59 +0800] "GET /xingrg/javascript/jquery_easy_ui/themes/default/images/tree_folder_open.gif HTTP/1.1" 304 -
116.224.254.208 - - [21/Apr/2024:10:48:59 +0800] "GET /xingrg/javascript/jquery_easy_ui/themes/default/images/tree_arrows.gif HTTP/1.1" 304 -
116.224.254.208 - - [21/Apr/2024:10:48:59 +0800] "GET /xingrg/javascript/jquery_easy_ui/themes/icons/storage_new.png HTTP/1.1" 304 -
116.224.254.208 - - [21/Apr/2024:10:48:59 +0800] "GET /xingrg/javascript/jquery_easy_ui/themes/icons/forms_new.png HTTP/1.1" 304 -
116.224.254.208 - - [21/Apr/2024:10:48:59 +0800] "GET /xingrg/javascript/jquery_easy_ui/themes/default/images/tree_folder.gif HTTP/1.1" 304 -
116.224.254.208 - - [21/Apr/2024:10:48:59 +0800] "GET /xingrg/javascript/jquery_easy_ui/themes/icons/settle_new.png HTTP/1.1" 304 -
116.224.254.208 - - [21/Apr/2024:10:48:59 +0800] "GET /xingrg/images/blue/navBackgound.jpg HTTP/1.1" 304 -
124.78.158.161 - - [21/Apr/2024:10:49:00 +0800] "GET /xingrg/kc/base/base_main.html HTTP/1.1" 200 12142
116.224.254.208 - - [21/Apr/2024:10:49:01 +0800] "GET /xingrg/kc/buy/cgsh_order_list.html HTTP/1.1" 200 58225
124.78.56.241 - - [21/Apr/2024:10:49:01 +0800] "POST /xingrg/kc/buy/cgsh_order_operate.html HTTP/1.1" 200 8245
124.78.56.241 - - [21/Apr/2024:10:49:01 +0800] "GET /xingrg/javascript/easyui/themes/default/validatebox.css HTTP/1.1" 404 1104
124.78.158.161 - - [21/Apr/2024:10:49:01 +0800] "GET /xingrg/kc/base/wldb_order_list.html HTTP/1.1" 200 19051
124.78.56.241 - - [21/Apr/2024:10:49:02 +0800] "GET /xingrg/all/function/internal_message.html?_=1713667742468&CODE_STATE=getMsg HTTP/1.1" 200 27
124.78.158.161 - - [21/Apr/2024:10:49:02 +0800] "POST /xingrg/kc/base/wldb_list_operate.html HTTP/1.1" 200 2558
116.224.254.208 - - [21/Apr/2024:10:49:03 +0800] "POST /xingrg/kc/buy/cgsh_list_operate.html HTTP/1.1" 200 645
116.224.254.208 - - [21/Apr/2024:10:49:04 +0800] "GET /xingrg/kc/buy/cgsh_order_add.html HTTP/1.1" 200 73625
116.224.254.208 - - [21/Apr/2024:10:49:04 +0800] "POST /xingrg/kc/buy/cgsh_order_operate.html HTTP/1.1" 200 8245
116.224.254.208 - - [21/Apr/2024:10:49:04 +0800] "GET /xingrg/javascript/easyui/themes/default/validatebox.css HTTP/1.1" 404 1104
116.224.254.208 - - [21/Apr/2024:10:49:05 +0800] "GET /xingrg/javascript/auto/indicator.gif HTTP/1.1" 404 1066
222.69.134.233 - - [21/Apr/2024:10:49:06 +0800] "GET /xingrg/all/function/internal_message.html?_=1713667748019&CODE_STATE=getMsg HTTP/1.1" 200 27
124.78.158.161 - - [21/Apr/2024:10:49:07 +0800] "GET /xingrg/all/function/internal_message.html?_=1713667748196&CODE_STATE=getMsg HTTP/1.1" 200 27
222.70.183.82 - - [21/Apr/2024:10:49:07 +0800] "GET /xingrg/kc/buy/cgsh_order_add.html HTTP/1.1" 200 73989
222.70.183.82 - - [21/Apr/2024:10:49:08 +0800] "GET /xingrg/all/function/internal_message.html?_=1713667745023&CODE_STATE=getMsg HTTP/1.1" 200 27
222.70.183.82 - - [21/Apr/2024:10:49:08 +0800] "POST /xingrg/kc/buy/cgsh_order_operate.html HTTP/1.1" 200 8245
222.70.183.82 - - [21/Apr/2024:10:49:09 +0800] "GET /xingrg/javascript/easyui/themes/default/validatebox.css HTTP/1.1" 404 1104
222.70.183.82 - - [21/Apr/2024:10:49:09 +0800] "GET /xingrg/check_reg.html?_=1713667746290 HTTP/1.1" 200 22
116.224.254.208 - - [21/Apr/2024:10:49:13 +0800] "GET /xingrg/kc/buy/cgsh_order_operate.html?command=get_materiel&rest_code=00151&code=00101010079&supplier_code=00100336&order_time=2024-04-21 HTTP/1.1" 200 413
221.239.169.251 - - [21/Apr/2024:10:49:18 +0800] "GET /xingrg/all/function/internal_message.html?_=1713667757666&CODE_STATE=getMsg HTTP/1.1" 200 27
116.232.195.13 - - [21/Apr/2024:10:49:20 +0800] "GET /xingrg/all/function/internal_message.html?_=1713667753594&CODE_STATE=getMsg HTTP/1.1" 200 27
116.238.125.103 - - [21/Apr/2024:10:49:20 +0800] "GET /xingrg/all/function/internal_message.html?_=1713667762761&CODE_STATE=getMsg HTTP/1.1" 200 27
116.224.254.208 - - [21/Apr/2024:10:49:22 +0800] "POST /xingrg/kc/buy/cgsh_order_operate.html HTTP/1.1" 200 37
124.78.158.161 - - [21/Apr/2024:10:49:24 +0800] "GET /xingrg/all/function/internal_message.html?_=1713667760830&CODE_STATE=getMsg HTTP/1.1" 200 27
180.163.29.217 - - [21/Apr/2024:10:49:24 +0800] "GET /xingrg/check_reg.html?_=1713667701265 HTTP/1.1" 302 -
180.163.29.217 - - [21/Apr/2024:10:49:24 +0800] "GET /xingrg/login.html HTTP/1.1" 200 7641
222.70.183.82 - - [21/Apr/2024:10:49:24 +0800] "GET /xingrg/kc/buy/cgsh_order_operate.html?command=get_materiel&rest_code=00111&code=00101010079&supplier_code=00100336&order_time=2024-04-21 HTTP/1.1" 200 413
116.232.195.13 - - [21/Apr/2024:10:49:27 +0800] "GET /xingrg/kc/buy/cgsh_order_add.html HTTP/1.1" 200 74122
116.232.195.13 - - [21/Apr/2024:10:49:27 +0800] "GET /xingrg/css/base.css HTTP/1.1" 200 2811
116.232.195.13 - - [21/Apr/2024:10:49:27 +0800] "GET /xingrg/javascript/jquery_tools/datebox.css HTTP/1.1" 200 2597
116.232.195.13 - - [21/Apr/2024:10:49:27 +0800] "GET /xingrg/javascript/easyui/themes/default/easyui.css HTTP/1.1" 200 30432
116.232.195.13 - - [21/Apr/2024:10:49:27 +0800] "GET /xingrg/javascript/jquery_tools/fix.css HTTP/1.1" 200 1702
116.232.195.13 - - [21/Apr/2024:10:49:27 +0800] "GET /xingrg/javascript/jquery_tools/table.css HTTP/1.1" 200 1032
116.232.195.13 - - [21/Apr/2024:10:49:27 +0800] "GET /xingrg/css/site.css HTTP/1.1" 200 7541
116.232.195.13 - - [21/Apr/2024:10:49:27 +0800] "GET /xingrg/javascript/auto/jquery.autocomplete.css HTTP/1.1" 200 587
116.232.195.13 - - [21/Apr/2024:10:49:27 +0800] "GET /xingrg/javascript/easyui/themes/icon.css HTTP/1.1" 200 4483
116.232.195.13 - - [21/Apr/2024:10:49:27 +0800] "GET /xingrg/javascript/pic_change.js HTTP/1.1" 200 4739
116.232.195.13 - - [21/Apr/2024:10:49:27 +0800] "GET /xingrg/javascript/jquery_tools/jquery.tools.min.js HTTP/1.1" 200 138801
116.232.195.13 - - [21/Apr/2024:10:49:27 +0800] "GET /xingrg/javascript/jquery_tools/jquery.tools.extend.js HTTP/1.1" 200 15385
116.232.195.13 - - [21/Apr/2024:10:49:27 +0800] "GET /xingrg/javascript/jquery_tools/jquery.tools.hotkey.js HTTP/1.1" 200 3242
116.232.195.13 - - [21/Apr/2024:10:49:27 +0800] "GET /xingrg/javascript/easyui/easyloader.js HTTP/1.1" 200 5975
116.232.195.13 - - [21/Apr/2024:10:49:27 +0800] "GET /xingrg/javascript/jquery_tools/jquery.tools.table.js HTTP/1.1" 200 6994
116.232.195.13 - - [21/Apr/2024:10:49:27 +0800] "GET /xingrg/javascript/jquery.utils.js HTTP/1.1" 200 11805
116.232.195.13 - - [21/Apr/2024:10:49:27 +0800] "GET /xingrg/javascript/convert.js HTTP/1.1" 200 1239
116.232.195.13 - - [21/Apr/2024:10:49:27 +0800] "GET /xingrg/javascript/jquery_tools/order_manager.js HTTP/1.1" 200 11183
116.232.195.13 - - [21/Apr/2024:10:49:27 +0800] "GET /xingrg/javascript/auto/jquery.autocomplete.js HTTP/1.1" 200 21624
116.232.195.13 - - [21/Apr/2024:10:49:27 +0800] "GET /xingrg/javascript/json2.js HTTP/1.1" 200 11259
116.232.195.13 - - [21/Apr/2024:10:49:27 +0800] "GET /xingrg/javascript/jquery.cookie.js HTTP/1.1" 200 5513
116.232.195.13 - - [21/Apr/2024:10:49:27 +0800] "GET /xingrg/javascript/print/kc_print.js HTTP/1.1" 200 11415
116.232.195.13 - - [21/Apr/2024:10:49:27 +0800] "GET /xingrg/javascript/print/LodopFuncs.js HTTP/1.1" 200 5121
116.232.195.13 - - [21/Apr/2024:10:49:27 +0800] "GET /xingrg/words/20240421095404_words.js HTTP/1.1" 200 1020889
116.232.195.13 - - [21/Apr/2024:10:49:28 +0800] "GET /xingrg/javascript/easyui/plugins/jquery.parser.js HTTP/1.1" 200 1142
116.232.195.13 - - [21/Apr/2024:10:49:28 +0800] "POST /xingrg/kc/buy/cgsh_order_operate.html HTTP/1.1" 200 8245
116.232.195.13 - - [21/Apr/2024:10:49:28 +0800] "GET /xingrg/javascript/easyui/themes/default/validatebox.css HTTP/1.1" 404 1104
116.232.195.13 - - [21/Apr/2024:10:49:28 +0800] "GET /xingrg/javascript/easyui/plugins/jquery.validatebox.js HTTP/1.1" 200 6103
116.232.195.13 - - [21/Apr/2024:10:49:28 +0800] "GET /xingrg/all/common/auto_word.html?type=employee&rest_code=00155 HTTP/1.1" 200 255
116.232.195.13 - - [21/Apr/2024:10:49:28 +0800] "GET /xingrg/javascript/easyui/plugins/jquery.numberbox.js HTTP/1.1" 200 5213
116.232.195.13 - - [21/Apr/2024:10:49:28 +0800] "GET /xingrg/all/common/auto_word.html?type=employee&rest_code=00155 HTTP/1.1" 200 255
116.224.254.208 - - [21/Apr/2024:10:49:29 +0800] "POST /xingrg/kc/buy/cgsh_order_operate.html HTTP/1.1" 200 12
116.224.254.208 - - [21/Apr/2024:10:49:30 +0800] "GET /xingrg/kc/buy/cgsh_order_info.html?code=212024042105718 HTTP/1.1" 200 68503
116.224.254.208 - - [21/Apr/2024:10:49:31 +0800] "GET /xingrg/javascript/easyui/themes/default/validatebox.css HTTP/1.1" 404 1104
180.164.1.25 - - [21/Apr/2024:10:49:31 +0800] "GET /xingrg/all/function/internal_message.html?_=1713667771653&CODE_STATE=getMsg HTTP/1.1" 200 27
116.224.254.208 - - [21/Apr/2024:10:49:32 +0800] "POST /xingrg/kc/buy/cgsh_order_operate.html HTTP/1.1" 200 617
116.224.254.208 - - [21/Apr/2024:10:49:33 +0800] "GET /xingrg/kc/print/load_data.html?order_code=212024042105718&kc_code=cgsh&condition= HTTP/1.1" 200 715
222.70.183.82 - - [21/Apr/2024:10:49:37 +0800] "POST /xingrg/kc/buy/cgsh_order_operate.html HTTP/1.1" 200 37
116.224.254.208 - - [21/Apr/2024:10:49:38 +0800] "GET /xingrg/kc/buy/cgsh_order_add.html HTTP/1.1" 200 73625
116.224.254.208 - - [21/Apr/2024:10:49:38 +0800] "POST /xingrg/kc/buy/cgsh_order_operate.html HTTP/1.1" 200 8245
124.78.56.241 - - [21/Apr/2024:10:49:38 +0800] "GET /xingrg/kc/buy/cgsh_order_operate.html?command=get_materiel&rest_code=00141&code=00101018015&supplier_code=00100330&order_time=2024-04-21 HTTP/1.1" 200 421
116.224.254.208 - - [21/Apr/2024:10:49:38 +0800] "GET /xingrg/javascript/easyui/themes/default/validatebox.css HTTP/1.1" 404 1104
101.83.144.49 - - [21/Apr/2024:10:49:40 +0800] "GET /xingrg/all/function/internal_message.html?_=1713667782472&CODE_STATE=getMsg HTTP/1.1" 200 27
116.228.172.94 - - [21/Apr/2024:10:49:42 +0800] "GET /xingrg/all/function/internal_message.html?_=1713667325825&CODE_STATE=getMsg HTTP/1.1" 200 27
120.253.135.82 - - [21/Apr/2024:10:49:42 +0800] "GET /xingrg/all/function/internal_message.html?_=1713667628178&CODE_STATE=getMsg HTTP/1.1" 200 27
120.253.135.82 - - [21/Apr/2024:10:49:44 +0800] "POST /xingrg/kc/pszx/mdps_list_operate.html HTTP/1.1" 200 3135
222.70.183.82 - - [21/Apr/2024:10:49:47 +0800] "POST /xingrg/kc/buy/cgsh_order_operate.html HTTP/1.1" 200 12
116.235.94.6 - - [21/Apr/2024:10:49:47 +0800] "GET /xingrg/check_reg.html?_=1713667784989 HTTP/1.1" 302 -
120.253.135.82 - - [21/Apr/2024:10:49:48 +0800] "POST /xingrg/kc/pszx/mdps_list_operate.html HTTP/1.1" 200 622
116.232.195.13 - - [21/Apr/2024:10:49:48 +0800] "GET /xingrg/kc/buy/cgsh_order_operate.html?command=get_materiel&rest_code=00155&code=00101006001&supplier_code=00100574&order_time=2024-04-21 HTTP/1.1" 200 428
120.253.135.82 - - [21/Apr/2024:10:49:50 +0800] "GET /xingrg/kc/pszx/mdps_order_info.html?code=312024042000319 HTTP/1.1" 200 23972
120.253.135.82 - - [21/Apr/2024:10:49:50 +0800] "GET /xingrg/javascript/easyui/themes/default/validatebox.css HTTP/1.1" 404 1104
222.70.183.82 - - [21/Apr/2024:10:49:51 +0800] "GET /xingrg/kc/buy/cgsh_order_info.html?code=212024042105719 HTTP/1.1" 200 68861
120.253.135.82 - - [21/Apr/2024:10:49:51 +0800] "POST /xingrg/kc/pszx/mdps_order_operate.html HTTP/1.1" 200 6337
222.70.183.82 - - [21/Apr/2024:10:49:52 +0800] "GET /xingrg/javascript/easyui/themes/default/validatebox.css HTTP/1.1" 404 1104
124.78.56.241 - - [21/Apr/2024:10:49:53 +0800] "GET /xingrg/kc/buy/cgsh_order_operate.html?command=get_materiel&rest_code=00141&code=00101018019&supplier_code=00100330&order_time=2024-04-21 HTTP/1.1" 200 421
222.70.183.82 - - [21/Apr/2024:10:49:53 +0800] "POST /xingrg/kc/buy/cgsh_order_operate.html HTTP/1.1" 200 607
116.224.254.208 - - [21/Apr/2024:10:49:54 +0800] "GET /xingrg/kc/buy/cgsh_order_operate.html?command=get_materiel&rest_code=00151&code=00101010646&supplier_code=00100325&order_time=2024-04-21 HTTP/1.1" 200 422
120.253.135.82 - - [21/Apr/2024:10:49:55 +0800] "POST /xingrg/kc/pszx/mdps_order_operate.html HTTP/1.1" 200 37
116.224.254.208 - - [21/Apr/2024:10:49:58 +0800] "GET /xingrg/all/function/internal_message.html?_=1713667799088&CODE_STATE=getMsg HTTP/1.1" 200 27
120.253.135.82 - - [21/Apr/2024:10:49:59 +0800] "POST /xingrg/kc/pszx/mdps_order_operate.html HTTP/1.1" 200 12
124.78.56.241 - - [21/Apr/2024:10:50:02 +0800] "GET /xingrg/all/function/internal_message.html?_=1713667802452&CODE_STATE=getMsg HTTP/1.1" 200 27
124.78.56.241 - - [21/Apr/2024:10:50:04 +0800] "POST /xingrg/kc/buy/cgsh_order_operate.html HTTP/1.1" 200 37
222.69.134.233 - - [21/Apr/2024:10:50:06 +0800] "GET /xingrg/all/function/internal_message.html?_=1713667808020&CODE_STATE=getMsg HTTP/1.1" 200 27
124.78.158.161 - - [21/Apr/2024:10:50:07 +0800] "GET /xingrg/all/function/internal_message.html?_=1713667808185&CODE_STATE=getMsg HTTP/1.1" 200 27
222.70.183.82 - - [21/Apr/2024:10:50:08 +0800] "GET /xingrg/all/function/internal_message.html?_=1713667804995&CODE_STATE=getMsg HTTP/1.1" 200 27
116.224.254.208 - - [21/Apr/2024:10:50:10 +0800] "GET /xingrg/kc/buy/cgsh_order_operate.html?command=get_materiel&rest_code=00151&code=00101010582&supplier_code=00100325&order_time=2024-04-21 HTTP/1.1" 200 421
116.232.195.13 - - [21/Apr/2024:10:50:10 +0800] "POST /xingrg/kc/buy/cgsh_order_operate.html HTTP/1.1" 200 37
120.253.135.82 - - [21/Apr/2024:10:50:12 +0800] "GET /xingrg/kc/pszx/mdps_order_info.html?code=312024042000319 HTTP/1.1" 200 19632
101.83.144.49 - - [21/Apr/2024:10:50:12 +0800] "GET /xingrg/kc/buy/cgsh_order_operate.html?command=get_materiel&rest_code=00105&code=00101016025&supplier_code=00100151&order_time=2024-04-21 HTTP/1.1" 200 410
120.253.135.82 - - [21/Apr/2024:10:50:13 +0800] "GET /xingrg/javascript/easyui/themes/default/validatebox.css HTTP/1.1" 404 1104
120.253.135.82 - - [21/Apr/2024:10:50:13 +0800] "POST /xingrg/kc/pszx/mdps_order_operate.html HTTP/1.1" 200 4527
116.232.195.13 - - [21/Apr/2024:10:50:13 +0800] "POST /xingrg/kc/buy/cgsh_order_operate.html HTTP/1.1" 200 2671
120.253.135.82 - - [21/Apr/2024:10:50:14 +0800] "POST /xingrg/kc/pszx/mdps_list_operate.html HTTP/1.1" 200 2772
124.78.56.241 - - [21/Apr/2024:10:50:14 +0800] "POST /xingrg/kc/buy/cgsh_order_operate.html HTTP/1.1" 200 12
124.78.56.241 - - [21/Apr/2024:10:50:17 +0800] "GET /xingrg/kc/buy/cgsh_order_info.html?code=212024042105720 HTTP/1.1" 200 68911
124.78.56.241 - - [21/Apr/2024:10:50:17 +0800] "GET /xingrg/javascript/easyui/themes/default/validatebox.css HTTP/1.1" 404 1104
120.253.135.82 - - [21/Apr/2024:10:50:18 +0800] "POST /xingrg/kc/pszx/mdps_list_operate.html HTTP/1.1" 200 601
116.232.195.13 - - [21/Apr/2024:10:50:18 +0800] "GET /xingrg/kc/print/load_config.html?kc_code=cgsh HTTP/1.1" 200 1927
124.78.56.241 - - [21/Apr/2024:10:50:18 +0800] "POST /xingrg/kc/buy/cgsh_order_operate.html HTTP/1.1" 200 1214
221.239.169.251 - - [21/Apr/2024:10:50:18 +0800] "GET /xingrg/all/function/internal_message.html?_=1713667817677&CODE_STATE=getMsg HTTP/1.1" 200 27
221.239.169.251 - - [21/Apr/2024:10:50:18 +0800] "GET /xingrg/check_reg.html?_=1713667817687 HTTP/1.1" 200 22
116.232.195.13 - - [21/Apr/2024:10:50:18 +0800] "GET /xingrg/javascript/jquery_easy_ui/themes/default/images/tabs_active.png HTTP/1.1" 200 2894
116.232.195.13 - - [21/Apr/2024:10:50:19 +0800] "GET /xingrg/kc/print/load_data.html?order_code=212024042105721&kc_code=cgsh&condition= HTTP/1.1" 200 700
120.253.135.82 - - [21/Apr/2024:10:50:19 +0800] "GET /xingrg/kc/pszx/mdps_order_info.html?code=312024042000320 HTTP/1.1" 200 23972
120.253.135.82 - - [21/Apr/2024:10:50:19 +0800] "GET /xingrg/javascript/easyui/themes/default/validatebox.css HTTP/1.1" 404 1104
120.253.135.82 - - [21/Apr/2024:10:50:20 +0800] "POST /xingrg/kc/pszx/mdps_order_operate.html HTTP/1.1" 200 4777
116.232.195.13 - - [21/Apr/2024:10:50:20 +0800] "GET /xingrg/all/function/internal_message.html?_=1713667813598&CODE_STATE=getMsg HTTP/1.1" 200 27
124.78.56.241 - - [21/Apr/2024:10:50:20 +0800] "GET /xingrg/kc/print/load_data.html?order_code=212024042105720&kc_code=cgsh&condition= HTTP/1.1" 200 951
116.238.125.103 - - [21/Apr/2024:10:50:20 +0800] "GET /xingrg/all/function/internal_message.html?_=1713667822782&CODE_STATE=getMsg HTTP/1.1" 200 27
116.224.254.208 - - [21/Apr/2024:10:50:21 +0800] "GET /xingrg/kc/buy/cgsh_order_operate.html?command=get_materiel&rest_code=00151&code=00101010380&supplier_code=00100325&order_time=2024-04-21 HTTP/1.1" 200 421
120.253.135.82 - - [21/Apr/2024:10:50:23 +0800] "POST /xingrg/kc/pszx/mdps_order_operate.html HTTP/1.1" 200 37
124.78.158.161 - - [21/Apr/2024:10:50:23 +0800] "GET /xingrg/all/function/internal_message.html?_=1713667820802&CODE_STATE=getMsg HTTP/1.1" 200 27
124.78.56.241 - - [21/Apr/2024:10:50:25 +0800] "POST /xingrg/kc/buy/cgsh_order_operate.html HTTP/1.1" 200 8245
124.78.56.241 - - [21/Apr/2024:10:50:25 +0800] "GET /xingrg/javascript/easyui/themes/default/validatebox.css HTTP/1.1" 404 1104
116.232.195.13 - - [21/Apr/2024:10:50:25 +0800] "GET /xingrg/kc/buy/cgsh_order_add.html HTTP/1.1" 200 74122
116.232.195.13 - - [21/Apr/2024:10:50:25 +0800] "POST /xingrg/kc/buy/cgsh_order_operate.html HTTP/1.1" 200 8245
116.232.195.13 - - [21/Apr/2024:10:50:25 +0800] "GET /xingrg/javascript/easyui/themes/default/validatebox.css HTTP/1.1" 404 1104
120.253.135.82 - - [21/Apr/2024:10:50:29 +0800] "POST /xingrg/kc/pszx/mdps_order_operate.html HTTP/1.1" 200 12
120.253.135.82 - - [21/Apr/2024:10:50:31 +0800] "GET /xingrg/kc/pszx/mdps_order_info.html?code=312024042000320 HTTP/1.1" 200 19632
120.253.135.82 - - [21/Apr/2024:10:50:31 +0800] "GET /xingrg/javascript/easyui/themes/default/validatebox.css HTTP/1.1" 404 1104
180.164.1.25 - - [21/Apr/2024:10:50:31 +0800] "GET /xingrg/all/function/internal_message.html?_=1713667831639&CODE_STATE=getMsg HTTP/1.1" 200 27
120.253.135.82 - - [21/Apr/2024:10:50:32 +0800] "POST /xingrg/kc/pszx/mdps_order_operate.html HTTP/1.1" 200 2979
101.83.144.49 - - [21/Apr/2024:10:50:32 +0800] "GET /xingrg/kc/buy/cgsh_order_operate.html?command=get_materiel&rest_code=00105&code=00101012003&supplier_code=00100151&order_time=2024-04-21 HTTP/1.1" 200 412
120.253.135.82 - - [21/Apr/2024:10:50:32 +0800] "POST /xingrg/kc/pszx/mdps_list_operate.html HTTP/1.1" 200 2410
116.228.172.94 - - [21/Apr/2024:10:50:33 +0800] "GET /xingrg/check_reg.html?_=1713667376451 HTTP/1.1" 200 22
124.78.56.241 - - [21/Apr/2024:10:50:34 +0800] "GET /xingrg/kc/buy/cgsh_order_operate.html?command=get_materiel&rest_code=00141&code=00101001145&supplier_code=00100314&order_time=2024-04-21 HTTP/1.1" 200 413
116.224.254.208 - - [21/Apr/2024:10:50:38 +0800] "GET /xingrg/kc/buy/cgsh_order_operate.html?command=get_materiel&rest_code=00151&code=00101037161&supplier_code=00100325&order_time=2024-04-21 HTTP/1.1" 200 424
101.83.144.49 - - [21/Apr/2024:10:50:40 +0800] "GET /xingrg/all/function/internal_message.html?_=1713667842441&CODE_STATE=getMsg HTTP/1.1" 200 27
116.232.195.13 - - [21/Apr/2024:10:50:40 +0800] "GET /xingrg/kc/buy/cgsh_order_operate.html?command=get_materiel&rest_code=00155&code=00101007032&supplier_code=00100328&order_time=2024-04-21 HTTP/1.1" 200 413
120.253.135.82 - - [21/Apr/2024:10:50:42 +0800] "GET /xingrg/check_reg.html?_=1713667687808 HTTP/1.1" 200 22
120.253.135.82 - - [21/Apr/2024:10:50:42 +0800] "POST /xingrg/kc/pszx/mdps_list_operate.html HTTP/1.1" 200 202
116.228.172.94 - - [21/Apr/2024:10:50:42 +0800] "GET /xingrg/all/function/internal_message.html?_=1713667385803&CODE_STATE=getMsg HTTP/1.1" 200 27
120.253.135.82 - - [21/Apr/2024:10:50:42 +0800] "GET /xingrg/all/function/internal_message.html?_=1713667688187&CODE_STATE=getMsg HTTP/1.1" 200 27
120.253.135.82 - - [21/Apr/2024:10:50:43 +0800] "GET /xingrg/kc/pszx/mdps_order_info.html?code=312024042000321 HTTP/1.1" 200 23972
120.253.135.82 - - [21/Apr/2024:10:50:44 +0800] "GET /xingrg/javascript/easyui/themes/default/validatebox.css HTTP/1.1" 404 1104
120.253.135.82 - - [21/Apr/2024:10:50:44 +0800] "POST /xingrg/kc/pszx/mdps_order_operate.html HTTP/1.1" 200 2279
124.78.56.241 - - [21/Apr/2024:10:50:47 +0800] "POST /xingrg/kc/buy/cgsh_order_operate.html HTTP/1.1" 200 37
120.253.135.82 - - [21/Apr/2024:10:50:47 +0800] "POST /xingrg/kc/pszx/mdps_order_operate.html HTTP/1.1" 200 37
120.253.135.82 - - [21/Apr/2024:10:50:52 +0800] "POST /xingrg/kc/pszx/mdps_order_operate.html HTTP/1.1" 200 12
116.232.195.13 - - [21/Apr/2024:10:50:58 +0800] "POST /xingrg/kc/buy/cgsh_order_operate.html HTTP/1.1" 200 37
116.224.254.208 - - [21/Apr/2024:10:50:58 +0800] "GET /xingrg/all/function/internal_message.html?_=1713667859088&CODE_STATE=getMsg HTTP/1.1" 200 27
124.78.56.241 - - [21/Apr/2024:10:51:00 +0800] "GET /xingrg/check_reg.html?_=1713667860872 HTTP/1.1" 200 22
222.70.183.82 - - [21/Apr/2024:10:51:01 +0800] "GET /xingrg/kc/print/load_data.html?order_code=212024042105719&kc_code=cgsh&condition= HTTP/1.1" 200 699
124.78.56.241 - - [21/Apr/2024:10:51:02 +0800] "GET /xingrg/all/function/internal_message.html?_=1713667862436&CODE_STATE=getMsg HTTP/1.1" 200 27
116.232.195.13 - - [21/Apr/2024:10:51:02 +0800] "POST /xingrg/kc/buy/cgsh_order_operate.html HTTP/1.1" 200 2658
116.224.254.208 - - [21/Apr/2024:10:51:03 +0800] "POST /xingrg/kc/buy/cgsh_order_operate.html HTTP/1.1" 200 88
120.253.135.82 - - [21/Apr/2024:10:51:03 +0800] "GET /xingrg/kc/pszx/mdps_order_info.html?code=312024042000321 HTTP/1.1" 200 19632
120.253.135.82 - - [21/Apr/2024:10:51:03 +0800] "GET /xingrg/javascript/easyui/themes/default/validatebox.css HTTP/1.1" 404 1104
120.253.135.82 - - [21/Apr/2024:10:51:03 +0800] "POST /xingrg/kc/pszx/mdps_order_operate.html HTTP/1.1" 200 500
116.232.195.13 - - [21/Apr/2024:10:51:04 +0800] "GET /xingrg/kc/print/load_data.html?order_code=212024042105723&kc_code=cgsh&condition= HTTP/1.1" 200 680
222.69.134.233 - - [21/Apr/2024:10:51:06 +0800] "GET /xingrg/all/function/internal_message.html?_=1713667868004&CODE_STATE=getMsg HTTP/1.1" 200 27
124.78.158.161 - - [21/Apr/2024:10:51:07 +0800] "GET /xingrg/all/function/internal_message.html?_=1713667868186&CODE_STATE=getMsg HTTP/1.1" 200 27
120.253.135.82 - - [21/Apr/2024:10:51:08 +0800] "POST /xingrg/kc/pszx/mdps_list_operate.html HTTP/1.1" 200 2047
222.70.183.82 - - [21/Apr/2024:10:51:08 +0800] "GET /xingrg/all/function/internal_message.html?_=1713667864976&CODE_STATE=getMsg HTTP/1.1" 200 27
120.253.135.82 - - [21/Apr/2024:10:51:09 +0800] "POST /xingrg/kc/pszx/mdps_list_operate.html HTTP/1.1" 200 286
116.232.195.13 - - [21/Apr/2024:10:51:09 +0800] "GET /xingrg/kc/buy/cgsh_order_add.html HTTP/1.1" 200 74122
116.224.254.208 - - [21/Apr/2024:10:51:09 +0800] "POST /xingrg/kc/buy/cgsh_order_operate.html HTTP/1.1" 200 37
116.232.195.13 - - [21/Apr/2024:10:51:10 +0800] "POST /xingrg/kc/buy/cgsh_order_operate.html HTTP/1.1" 200 8245
116.232.195.13 - - [21/Apr/2024:10:51:10 +0800] "GET /xingrg/javascript/easyui/themes/default/validatebox.css HTTP/1.1" 404 1104
124.78.56.241 - - [21/Apr/2024:10:51:10 +0800] "POST /xingrg/kc/buy/cgsh_order_operate.html HTTP/1.1" 200 12
120.253.135.82 - - [21/Apr/2024:10:51:10 +0800] "GET /xingrg/kc/pszx/mdps_order_info.html?code=312024042000322 HTTP/1.1" 200 23972
101.83.144.49 - - [21/Apr/2024:10:51:11 +0800] "GET /xingrg/kc/buy/cgsh_order_operate.html?command=get_materiel&rest_code=00105&code=00101002027&supplier_code=00100151&order_time=2024-04-21 HTTP/1.1" 200 436
120.253.135.82 - - [21/Apr/2024:10:51:11 +0800] "GET /xingrg/javascript/easyui/themes/default/validatebox.css HTTP/1.1" 404 1104
116.224.254.208 - - [21/Apr/2024:10:51:11 +0800] "POST /xingrg/kc/buy/cgsh_order_operate.html HTTP/1.1" 200 4487
120.253.135.82 - - [21/Apr/2024:10:51:11 +0800] "POST /xingrg/kc/pszx/mdps_order_operate.html HTTP/1.1" 200 2791
222.70.183.82 - - [21/Apr/2024:10:51:12 +0800] "GET /xingrg/kc/buy/cgsh_order_add.html HTTP/1.1" 200 73989
124.78.56.241 - - [21/Apr/2024:10:51:13 +0800] "GET /xingrg/kc/buy/cgsh_order_info.html?code=212024042105722 HTTP/1.1" 200 68907
124.78.56.241 - - [21/Apr/2024:10:51:13 +0800] "GET /xingrg/javascript/easyui/themes/default/validatebox.css HTTP/1.1" 404 1104
222.70.183.82 - - [21/Apr/2024:10:51:13 +0800] "POST /xingrg/kc/buy/cgsh_order_operate.html HTTP/1.1" 200 8245
222.70.183.82 - - [21/Apr/2024:10:51:14 +0800] "GET /xingrg/javascript/easyui/themes/default/validatebox.css HTTP/1.1" 404 1104
124.78.56.241 - - [21/Apr/2024:10:51:14 +0800] "POST /xingrg/kc/buy/cgsh_order_operate.html HTTP/1.1" 200 610
124.78.56.241 - - [21/Apr/2024:10:51:17 +0800] "GET /xingrg/kc/print/load_data.html?order_code=212024042105722&kc_code=cgsh&condition= HTTP/1.1" 200 714
120.253.135.82 - - [21/Apr/2024:10:51:17 +0800] "POST /xingrg/kc/pszx/mdps_order_operate.html HTTP/1.1" 200 37
221.239.169.251 - - [21/Apr/2024:10:51:18 +0800] "GET /xingrg/all/function/internal_message.html?_=1713667877689&CODE_STATE=getMsg HTTP/1.1" 200 27
116.232.195.13 - - [21/Apr/2024:10:51:20 +0800] "GET /xingrg/all/function/internal_message.html?_=1713667873577&CODE_STATE=getMsg HTTP/1.1" 200 27
116.224.254.208 - - [21/Apr/2024:10:51:20 +0800] "POST /xingrg/kc/buy/cgsh_order_operate.html HTTP/1.1" 200 37
116.238.125.103 - - [21/Apr/2024:10:51:20 +0800] "GET /xingrg/check_reg.html?_=1713667882775 HTTP/1.1" 200 22
116.238.125.103 - - [21/Apr/2024:10:51:20 +0800] "GET /xingrg/all/function/internal_message.html?_=1713667882779&CODE_STATE=getMsg HTTP/1.1" 200 27
124.78.56.241 - - [21/Apr/2024:10:51:21 +0800] "POST /xingrg/kc/buy/cgsh_order_operate.html HTTP/1.1" 200 8245
124.78.56.241 - - [21/Apr/2024:10:51:21 +0800] "GET /xingrg/javascript/easyui/themes/default/validatebox.css HTTP/1.1" 404 1104
120.253.135.82 - - [21/Apr/2024:10:51:21 +0800] "POST /xingrg/kc/pszx/mdps_order_operate.html HTTP/1.1" 200 12
124.78.158.161 - - [21/Apr/2024:10:51:23 +0800] "GET /xingrg/all/function/internal_message.html?_=1713667880775&CODE_STATE=getMsg HTTP/1.1" 200 27
180.163.29.212 - - [21/Apr/2024:10:51:24 +0800] "GET /xingrg/all/function/internal_message.html?_=1713667820802&CODE_STATE=getMsg HTTP/1.1" 302 -
180.163.29.212 - - [21/Apr/2024:10:51:24 +0800] "GET /xingrg/login.html HTTP/1.1" 200 7641
101.83.144.49 - - [21/Apr/2024:10:51:26 +0800] "GET /xingrg/kc/buy/cgsh_order_operate.html?command=get_materiel&rest_code=00105&code=00101003025&supplier_code=00100151&order_time=2024-04-21 HTTP/1.1" 200 409
120.253.135.82 - - [21/Apr/2024:10:51:26 +0800] "GET /xingrg/kc/pszx/mdps_order_info.html?code=312024042000322 HTTP/1.1" 200 19632
120.253.135.82 - - [21/Apr/2024:10:51:27 +0800] "GET /xingrg/javascript/easyui/themes/default/validatebox.css HTTP/1.1" 404 1104
120.253.135.82 - - [21/Apr/2024:10:51:27 +0800] "POST /xingrg/kc/pszx/mdps_order_operate.html HTTP/1.1" 200 1008
116.224.254.208 - - [21/Apr/2024:10:51:27 +0800] "POST /xingrg/kc/buy/cgsh_order_operate.html HTTP/1.1" 200 12
116.232.195.13 - - [21/Apr/2024:10:51:28 +0800] "GET /xingrg/kc/buy/cgsh_order_operate.html?command=get_materiel&rest_code=00155&code=00101010885&supplier_code=00100336&order_time=2024-04-21 HTTP/1.1" 200 423
120.253.135.82 - - [21/Apr/2024:10:51:28 +0800] "POST /xingrg/kc/pszx/mdps_list_operate.html HTTP/1.1" 200 1684
116.224.254.208 - - [21/Apr/2024:10:51:29 +0800] "GET /xingrg/kc/buy/cgsh_order_info.html?code=212024042105725 HTTP/1.1" 200 68507
116.224.254.208 - - [21/Apr/2024:10:51:30 +0800] "GET /xingrg/javascript/easyui/themes/default/validatebox.css HTTP/1.1" 404 1104
120.253.135.82 - - [21/Apr/2024:10:51:30 +0800] "POST /xingrg/kc/pszx/mdps_list_operate.html HTTP/1.1" 200 638
120.253.135.82 - - [21/Apr/2024:10:51:31 +0800] "GET /xingrg/kc/pszx/mdps_order_info.html?code=312024042100347 HTTP/1.1" 200 23972
116.224.254.208 - - [21/Apr/2024:10:51:31 +0800] "POST /xingrg/kc/buy/cgsh_order_operate.html HTTP/1.1" 200 2437
120.253.135.82 - - [21/Apr/2024:10:51:31 +0800] "GET /xingrg/javascript/easyui/themes/default/validatebox.css HTTP/1.1" 404 1104
180.164.1.25 - - [21/Apr/2024:10:51:31 +0800] "GET /xingrg/all/function/internal_message.html?_=1713667891621&CODE_STATE=getMsg HTTP/1.1" 200 27
120.253.135.82 - - [21/Apr/2024:10:51:32 +0800] "POST /xingrg/kc/pszx/mdps_order_operate.html HTTP/1.1" 200 5325
222.70.183.82 - - [21/Apr/2024:10:51:32 +0800] "GET /xingrg/kc/buy/cgsh_order_operate.html?command=get_materiel&rest_code=00111&code=00101005022&supplier_code=00100545&order_time=2024-04-21 HTTP/1.1" 200 437
116.224.254.208 - - [21/Apr/2024:10:51:32 +0800] "GET /xingrg/kc/print/load_data.html?order_code=212024042105725&kc_code=cgsh&condition= HTTP/1.1" 200 1447
120.253.135.82 - - [21/Apr/2024:10:51:35 +0800] "POST /xingrg/kc/pszx/mdps_order_operate.html HTTP/1.1" 200 37
116.224.254.208 - - [21/Apr/2024:10:51:37 +0800] "GET /xingrg/kc/buy/cgsh_order_add.html HTTP/1.1" 200 73625
116.224.254.208 - - [21/Apr/2024:10:51:37 +0800] "POST /xingrg/kc/buy/cgsh_order_operate.html HTTP/1.1" 200 8245
116.224.254.208 - - [21/Apr/2024:10:51:37 +0800] "GET /xingrg/javascript/easyui/themes/default/validatebox.css HTTP/1.1" 404 1104
120.253.135.82 - - [21/Apr/2024:10:51:39 +0800] "POST /xingrg/kc/pszx/mdps_order_operate.html HTTP/1.1" 200 12
101.83.144.49 - - [21/Apr/2024:10:51:40 +0800] "GET /xingrg/all/function/internal_message.html?_=1713667902417&CODE_STATE=getMsg HTTP/1.1" 200 27
101.83.144.49 - - [21/Apr/2024:10:51:41 +0800] "GET /xingrg/check_reg.html?_=1713667902763 HTTP/1.1" 200 22
116.232.195.13 - - [21/Apr/2024:10:51:42 +0800] "POST /xingrg/kc/buy/cgsh_order_operate.html HTTP/1.1" 200 37
116.228.172.94 - - [21/Apr/2024:10:51:42 +0800] "GET /xingrg/all/function/internal_message.html?_=1713667445823&CODE_STATE=getMsg HTTP/1.1" 200 27
124.78.56.241 - - [21/Apr/2024:10:51:44 +0800] "GET /xingrg/kc/buy/cgsh_order_operate.html?command=get_materiel&rest_code=00141&code=00101001321&supplier_code=00100639&order_time=2024-04-21 HTTP/1.1" 200 441
116.232.195.13 - - [21/Apr/2024:10:51:45 +0800] "POST /xingrg/kc/buy/cgsh_order_operate.html HTTP/1.1" 200 2667
