114.83.220.117 - - [21/Apr/2024:00:00:00 +0800] "POST /xingrg/kc/base/wldb_order_operate.html HTTP/1.1" 200 37
114.83.220.117 - - [21/Apr/2024:00:00:00 +0800] "POST /xingrg/kc/base/wldb_order_operate.html HTTP/1.1" 200 2227
114.83.220.117 - - [21/Apr/2024:00:00:02 +0800] "GET /xingrg/kc/base/wldb_order_info.html?code=422024042001316 HTTP/1.1" 200 30402
114.83.220.117 - - [21/Apr/2024:00:00:02 +0800] "GET /xingrg/javascript/easyui/themes/default/validatebox.css HTTP/1.1" 404 1104
114.83.220.117 - - [21/Apr/2024:00:00:03 +0800] "POST /xingrg/kc/base/wldb_order_operate.html HTTP/1.1" 200 2227
114.83.220.117 - - [21/Apr/2024:00:00:04 +0800] "GET /xingrg/kc/base/wldb_order_add.html HTTP/1.1" 200 30388
116.224.254.208 - - [21/Apr/2024:00:00:04 +0800] "GET /xingrg/all/function/internal_message.html?_=1713628804417&CODE_STATE=getMsg HTTP/1.1" 200 27
114.83.220.117 - - [21/Apr/2024:00:00:05 +0800] "POST /xingrg/kc/base/wldb_order_operate.html HTTP/1.1" 200 6806
114.83.220.117 - - [21/Apr/2024:00:00:05 +0800] "GET /xingrg/javascript/easyui/themes/default/validatebox.css HTTP/1.1" 404 1104
114.83.220.117 - - [21/Apr/2024:00:00:10 +0800] "GET /xingrg/kc/base/wldb_order_operate.html?command=get_materiel&rest_code=00149&base_code=0010395&code=00102002448 HTTP/1.1" 200 440
116.232.195.13 - - [21/Apr/2024:00:00:16 +0800] "GET /xingrg/all/function/internal_message.html?_=1713628809097&CODE_STATE=getMsg HTTP/1.1" 200 27
221.239.169.251 - - [21/Apr/2024:00:00:18 +0800] "GET /xingrg/all/function/internal_message.html?_=1713628817134&CODE_STATE=getMsg HTTP/1.1" 200 27
221.239.169.251 - - [21/Apr/2024:00:00:18 +0800] "GET /xingrg/check_reg.html?_=1713628817136 HTTP/1.1" 200 22
114.83.220.117 - - [21/Apr/2024:00:00:20 +0800] "POST /xingrg/kc/base/wldb_order_operate.html HTTP/1.1" 200 37
114.83.220.117 - - [21/Apr/2024:00:00:21 +0800] "POST /xingrg/kc/base/wldb_order_operate.html HTTP/1.1" 200 2190
124.78.154.53 - - [21/Apr/2024:00:00:32 +0800] "POST /xingrg/services/DataTransmitService HTTP/1.1" 200 501
124.78.154.53 - - [21/Apr/2024:00:00:34 +0800] "POST /xingrg/services/DataTransmitService HTTP/1.1" 200 501
114.83.220.117 - - [21/Apr/2024:00:00:34 +0800] "GET /xingrg/kc/base/wldb_order_info.html?code=422024042101317 HTTP/1.1" 200 30402
114.83.220.117 - - [21/Apr/2024:00:00:34 +0800] "GET /xingrg/javascript/easyui/themes/default/validatebox.css HTTP/1.1" 404 1104
116.228.172.94 - - [21/Apr/2024:00:00:34 +0800] "GET /xingrg/check_reg.html?_=1713628378027 HTTP/1.1" 200 22
114.83.220.117 - - [21/Apr/2024:00:00:35 +0800] "POST /xingrg/kc/base/wldb_order_operate.html HTTP/1.1" 200 2190
116.224.254.208 - - [21/Apr/2024:00:00:44 +0800] "GET /xingrg/all/function/internal_message.html?_=1713628843960&CODE_STATE=getMsg HTTP/1.1" 200 27
114.83.220.117 - - [21/Apr/2024:00:00:46 +0800] "POST /xingrg/kc/base/wldb_list_operate.html HTTP/1.1" 200 4594
116.232.195.13 - - [21/Apr/2024:00:00:46 +0800] "GET /xingrg/all/function/internal_message.html?_=1713628838841&CODE_STATE=getMsg HTTP/1.1" 200 27
116.228.172.94 - - [21/Apr/2024:00:00:51 +0800] "GET /xingrg/all/function/internal_message.html?_=1713628394663&CODE_STATE=getMsg HTTP/1.1" 200 27
124.78.154.53 - - [21/Apr/2024:00:00:58 +0800] "POST /xingrg/services/DataTransmitService HTTP/1.1" 200 501
116.224.254.208 - - [21/Apr/2024:00:01:04 +0800] "GET /xingrg/all/function/internal_message.html?_=1713628864418&CODE_STATE=getMsg HTTP/1.1" 200 27
116.238.97.31 - - [21/Apr/2024:00:01:08 +0800] "POST /xingrg/services/DataTransmitService HTTP/1.1" 200 501
162.142.125.211 - - [21/Apr/2024:00:01:13 +0800] "GET / HTTP/1.1" 404 -
162.142.125.211 - - [21/Apr/2024:00:01:14 +0800] "PRI * HTTP/2.0" 505 -
116.232.195.13 - - [21/Apr/2024:00:01:16 +0800] "GET /xingrg/all/function/internal_message.html?_=1713628869071&CODE_STATE=getMsg HTTP/1.1" 200 27
221.239.169.251 - - [21/Apr/2024:00:01:18 +0800] "GET /xingrg/all/function/internal_message.html?_=1713628877132&CODE_STATE=getMsg HTTP/1.1" 200 27
124.78.154.53 - - [21/Apr/2024:00:01:42 +0800] "POST /xingrg/services/DataTransmitService HTTP/1.1" 200 501
116.238.97.31 - - [21/Apr/2024:00:01:44 +0800] "POST /xingrg/services/DataTransmitService HTTP/1.1" 200 501
116.224.254.208 - - [21/Apr/2024:00:01:44 +0800] "GET /xingrg/all/function/internal_message.html?_=1713628903964&CODE_STATE=getMsg HTTP/1.1" 200 27
116.232.195.13 - - [21/Apr/2024:00:01:46 +0800] "GET /xingrg/all/function/internal_message.html?_=1713628898859&CODE_STATE=getMsg HTTP/1.1" 200 27
124.78.154.53 - - [21/Apr/2024:00:01:46 +0800] "POST /xingrg/services/DataTransmitService HTTP/1.1" 200 501
116.228.172.94 - - [21/Apr/2024:00:01:51 +0800] "GET /xingrg/all/function/internal_message.html?_=1713628454649&CODE_STATE=getMsg HTTP/1.1" 200 27
114.83.220.117 - - [21/Apr/2024:00:01:53 +0800] "POST /xingrg/kc/base/wldb_list_operate.html HTTP/1.1" 200 4
114.83.220.117 - - [21/Apr/2024:00:01:59 +0800] "POST /xingrg/kc/base/wldb_list_operate.html HTTP/1.1" 200 928
116.224.254.208 - - [21/Apr/2024:00:02:04 +0800] "GET /xingrg/all/function/internal_message.html?_=1713628924419&CODE_STATE=getMsg HTTP/1.1" 200 27
116.238.97.31 - - [21/Apr/2024:00:02:08 +0800] "POST /xingrg/services/DataTransmitService HTTP/1.1" 200 501
124.78.154.53 - - [21/Apr/2024:00:02:09 +0800] "POST /xingrg/services/DataTransmitService HTTP/1.1" 200 501
116.232.195.13 - - [21/Apr/2024:00:02:16 +0800] "GET /xingrg/all/function/internal_message.html?_=1713628929054&CODE_STATE=getMsg HTTP/1.1" 200 27
221.239.169.251 - - [21/Apr/2024:00:02:18 +0800] "GET /xingrg/all/function/internal_message.html?_=1713628937132&CODE_STATE=getMsg HTTP/1.1" 200 27
116.232.195.13 - - [21/Apr/2024:00:02:19 +0800] "GET /xingrg/check_reg.html?_=1713628932254 HTTP/1.1" 200 22
116.238.97.31 - - [21/Apr/2024:00:02:28 +0800] "POST /xingrg/services/DataTransmitService HTTP/1.1" 200 501
124.78.154.53 - - [21/Apr/2024:00:02:37 +0800] "POST /xingrg/services/DataTransmitService HTTP/1.1" 200 501
116.238.97.31 - - [21/Apr/2024:00:02:38 +0800] "POST /xingrg/services/DataTransmitService HTTP/1.1" 200 501
124.78.154.53 - - [21/Apr/2024:00:02:40 +0800] "POST /xingrg/services/DataTransmitService HTTP/1.1" 200 501
116.238.97.31 - - [21/Apr/2024:00:02:40 +0800] "POST /xingrg/services/DataTransmitService HTTP/1.1" 200 501
124.78.154.53 - - [21/Apr/2024:00:02:42 +0800] "POST /xingrg/services/DataTransmitService HTTP/1.1" 200 501
116.224.254.208 - - [21/Apr/2024:00:02:44 +0800] "GET /xingrg/all/function/internal_message.html?_=1713628963979&CODE_STATE=getMsg HTTP/1.1" 200 27
222.70.240.45 - - [21/Apr/2024:00:02:45 +0800] "GET /xingrg/check_reg.html?_=1713628986122 HTTP/1.1" 302 -
116.232.195.13 - - [21/Apr/2024:00:02:46 +0800] "GET /xingrg/all/function/internal_message.html?_=1713628958854&CODE_STATE=getMsg HTTP/1.1" 200 27
116.238.97.31 - - [21/Apr/2024:00:02:51 +0800] "POST /xingrg/services/DataTransmitService HTTP/1.1" 200 501
116.228.172.94 - - [21/Apr/2024:00:02:51 +0800] "GET /xingrg/all/function/internal_message.html?_=1713628514627&CODE_STATE=getMsg HTTP/1.1" 200 27
124.78.154.53 - - [21/Apr/2024:00:02:53 +0800] "POST /xingrg/services/DataTransmitService HTTP/1.1" 200 412
116.238.97.31 - - [21/Apr/2024:00:02:54 +0800] "POST /xingrg/services/DataTransmitService HTTP/1.1" 200 501
116.238.97.31 - - [21/Apr/2024:00:02:55 +0800] "POST /xingrg/services/DataTransmitService HTTP/1.1" 200 501
116.238.97.31 - - [21/Apr/2024:00:02:55 +0800] "POST /xingrg/services/DataTransmitService HTTP/1.1" 200 412
114.83.220.117 - - [21/Apr/2024:00:02:59 +0800] "GET /xingrg/check_reg.html?_=1713628977082 HTTP/1.1" 200 22
116.224.254.208 - - [21/Apr/2024:00:03:04 +0800] "GET /xingrg/check_reg.html?_=1713628984420 HTTP/1.1" 200 22
116.224.254.208 - - [21/Apr/2024:00:03:04 +0800] "GET /xingrg/all/function/internal_message.html?_=1713628984423&CODE_STATE=getMsg HTTP/1.1" 200 27
116.232.195.13 - - [21/Apr/2024:00:03:16 +0800] "GET /xingrg/all/function/internal_message.html?_=1713628989039&CODE_STATE=getMsg HTTP/1.1" 200 27
221.239.169.251 - - [21/Apr/2024:00:03:18 +0800] "GET /xingrg/all/function/internal_message.html?_=1713628997144&CODE_STATE=getMsg HTTP/1.1" 200 27
116.224.254.208 - - [21/Apr/2024:00:03:44 +0800] "GET /xingrg/check_reg.html?_=1713629023971 HTTP/1.1" 200 22
116.224.254.208 - - [21/Apr/2024:00:03:44 +0800] "GET /xingrg/all/function/internal_message.html?_=1713629023974&CODE_STATE=getMsg HTTP/1.1" 200 27
116.232.195.13 - - [21/Apr/2024:00:03:46 +0800] "GET /xingrg/all/function/internal_message.html?_=1713629018853&CODE_STATE=getMsg HTTP/1.1" 200 27
116.228.172.94 - - [21/Apr/2024:00:03:51 +0800] "GET /xingrg/all/function/internal_message.html?_=1713628574608&CODE_STATE=getMsg HTTP/1.1" 200 27
116.224.254.208 - - [21/Apr/2024:00:04:04 +0800] "GET /xingrg/all/function/internal_message.html?_=1713629044400&CODE_STATE=getMsg HTTP/1.1" 200 27
116.232.195.13 - - [21/Apr/2024:00:04:16 +0800] "GET /xingrg/all/function/internal_message.html?_=1713629049009&CODE_STATE=getMsg HTTP/1.1" 200 27
221.239.169.251 - - [21/Apr/2024:00:04:18 +0800] "GET /xingrg/all/function/internal_message.html?_=1713629057134&CODE_STATE=getMsg HTTP/1.1" 200 27
116.232.195.13 - - [21/Apr/2024:00:04:22 +0800] "POST /xingrg/services/DataTransmitService HTTP/1.1" 200 524
116.232.195.13 - - [21/Apr/2024:00:04:23 +0800] "POST /xingrg/services/DataTransmitService HTTP/1.1" 200 501
116.224.254.208 - - [21/Apr/2024:00:04:44 +0800] "GET /xingrg/all/function/internal_message.html?_=1713629083972&CODE_STATE=getMsg HTTP/1.1" 200 27
116.232.195.13 - - [21/Apr/2024:00:04:46 +0800] "GET /xingrg/check_reg.html?_=1713629078852 HTTP/1.1" 200 22
116.232.195.13 - - [21/Apr/2024:00:04:46 +0800] "GET /xingrg/all/function/internal_message.html?_=1713629078853&CODE_STATE=getMsg HTTP/1.1" 200 27
116.235.94.6 - - [21/Apr/2024:00:04:47 +0800] "GET /xingrg/check_reg.html?_=1713629085153 HTTP/1.1" 302 -
116.228.172.94 - - [21/Apr/2024:00:04:51 +0800] "GET /xingrg/all/function/internal_message.html?_=1713628634593&CODE_STATE=getMsg HTTP/1.1" 200 27
116.224.254.208 - - [21/Apr/2024:00:05:04 +0800] "GET /xingrg/all/function/internal_message.html?_=1713629104406&CODE_STATE=getMsg HTTP/1.1" 200 27
116.232.195.13 - - [21/Apr/2024:00:05:16 +0800] "GET /xingrg/all/function/internal_message.html?_=1713629108990&CODE_STATE=getMsg HTTP/1.1" 200 27
221.239.169.251 - - [21/Apr/2024:00:05:18 +0800] "GET /xingrg/all/function/internal_message.html?_=1713629117141&CODE_STATE=getMsg HTTP/1.1" 200 27
221.239.169.251 - - [21/Apr/2024:00:05:18 +0800] "GET /xingrg/check_reg.html?_=1713629117145 HTTP/1.1" 200 22
116.228.172.94 - - [21/Apr/2024:00:05:34 +0800] "GET /xingrg/check_reg.html?_=1713628678018 HTTP/1.1" 200 22
116.224.254.208 - - [21/Apr/2024:00:05:44 +0800] "GET /xingrg/all/function/internal_message.html?_=1713629143967&CODE_STATE=getMsg HTTP/1.1" 200 27
116.232.195.13 - - [21/Apr/2024:00:05:46 +0800] "GET /xingrg/all/function/internal_message.html?_=1713629138850&CODE_STATE=getMsg HTTP/1.1" 200 27
116.228.172.94 - - [21/Apr/2024:00:05:51 +0800] "GET /xingrg/all/function/internal_message.html?_=1713628694571&CODE_STATE=getMsg HTTP/1.1" 200 27
116.224.254.208 - - [21/Apr/2024:00:06:04 +0800] "GET /xingrg/all/function/internal_message.html?_=1713629164411&CODE_STATE=getMsg HTTP/1.1" 200 27
116.232.195.13 - - [21/Apr/2024:00:06:16 +0800] "GET /xingrg/all/function/internal_message.html?_=1713629168967&CODE_STATE=getMsg HTTP/1.1" 200 27
221.239.169.251 - - [21/Apr/2024:00:06:18 +0800] "GET /xingrg/all/function/internal_message.html?_=1713629177135&CODE_STATE=getMsg HTTP/1.1" 200 27
116.224.254.208 - - [21/Apr/2024:00:06:44 +0800] "GET /xingrg/all/function/internal_message.html?_=1713629203955&CODE_STATE=getMsg HTTP/1.1" 200 27
116.232.195.13 - - [21/Apr/2024:00:06:46 +0800] "GET /xingrg/all/function/internal_message.html?_=1713629198836&CODE_STATE=getMsg HTTP/1.1" 200 27
116.228.172.94 - - [21/Apr/2024:00:06:51 +0800] "GET /xingrg/all/function/internal_message.html?_=1713628754559&CODE_STATE=getMsg HTTP/1.1" 200 27
116.224.254.208 - - [21/Apr/2024:00:07:04 +0800] "GET /xingrg/all/function/internal_message.html?_=1713629224410&CODE_STATE=getMsg HTTP/1.1" 200 27
116.232.195.13 - - [21/Apr/2024:00:07:16 +0800] "GET /xingrg/all/function/internal_message.html?_=1713629228946&CODE_STATE=getMsg HTTP/1.1" 200 27
221.239.169.251 - - [21/Apr/2024:00:07:18 +0800] "GET /xingrg/all/function/internal_message.html?_=1713629237136&CODE_STATE=getMsg HTTP/1.1" 200 27
116.232.195.13 - - [21/Apr/2024:00:07:19 +0800] "GET /xingrg/check_reg.html?_=1713629232240 HTTP/1.1" 200 22
116.224.254.208 - - [21/Apr/2024:00:07:44 +0800] "GET /xingrg/all/function/internal_message.html?_=1713629263958&CODE_STATE=getMsg HTTP/1.1" 200 27
222.70.240.45 - - [21/Apr/2024:00:07:45 +0800] "GET /xingrg/check_reg.html?_=1713629286192 HTTP/1.1" 302 -
116.232.195.13 - - [21/Apr/2024:00:07:46 +0800] "GET /xingrg/all/function/internal_message.html?_=1713629258848&CODE_STATE=getMsg HTTP/1.1" 200 27
116.228.172.94 - - [21/Apr/2024:00:07:51 +0800] "GET /xingrg/all/function/internal_message.html?_=1713628814540&CODE_STATE=getMsg HTTP/1.1" 200 27
114.83.220.117 - - [21/Apr/2024:00:07:59 +0800] "GET /xingrg/check_reg.html?_=1713629277064 HTTP/1.1" 200 22
116.224.254.208 - - [21/Apr/2024:00:08:04 +0800] "GET /xingrg/all/function/internal_message.html?_=1713629284396&CODE_STATE=getMsg HTTP/1.1" 200 27
116.224.254.208 - - [21/Apr/2024:00:08:04 +0800] "GET /xingrg/check_reg.html?_=1713629284399 HTTP/1.1" 200 22
116.232.195.13 - - [21/Apr/2024:00:08:16 +0800] "GET /xingrg/all/function/internal_message.html?_=1713629288935&CODE_STATE=getMsg HTTP/1.1" 200 27
221.239.169.251 - - [21/Apr/2024:00:08:18 +0800] "GET /xingrg/all/function/internal_message.html?_=1713629297148&CODE_STATE=getMsg HTTP/1.1" 200 27
116.224.254.208 - - [21/Apr/2024:00:08:44 +0800] "GET /xingrg/all/function/internal_message.html?_=1713629323966&CODE_STATE=getMsg HTTP/1.1" 200 27
116.224.254.208 - - [21/Apr/2024:00:08:44 +0800] "GET /xingrg/check_reg.html?_=1713629323969 HTTP/1.1" 200 22
116.232.195.13 - - [21/Apr/2024:00:08:46 +0800] "GET /xingrg/all/function/internal_message.html?_=1713629318853&CODE_STATE=getMsg HTTP/1.1" 200 27
116.228.172.94 - - [21/Apr/2024:00:08:51 +0800] "GET /xingrg/all/function/internal_message.html?_=1713628874522&CODE_STATE=getMsg HTTP/1.1" 200 27
116.224.254.208 - - [21/Apr/2024:00:09:04 +0800] "GET /xingrg/all/function/internal_message.html?_=1713629344404&CODE_STATE=getMsg HTTP/1.1" 200 27
116.232.195.13 - - [21/Apr/2024:00:09:16 +0800] "GET /xingrg/all/function/internal_message.html?_=1713629348909&CODE_STATE=getMsg HTTP/1.1" 200 27
221.239.169.251 - - [21/Apr/2024:00:09:18 +0800] "GET /xingrg/all/function/internal_message.html?_=1713629357142&CODE_STATE=getMsg HTTP/1.1" 200 27
116.224.254.208 - - [21/Apr/2024:00:09:44 +0800] "GET /xingrg/all/function/internal_message.html?_=1713629383965&CODE_STATE=getMsg HTTP/1.1" 200 27
116.232.195.13 - - [21/Apr/2024:00:09:46 +0800] "GET /xingrg/check_reg.html?_=1713629378846 HTTP/1.1" 200 22
116.232.195.13 - - [21/Apr/2024:00:09:46 +0800] "GET /xingrg/all/function/internal_message.html?_=1713629378848&CODE_STATE=getMsg HTTP/1.1" 200 27
116.235.94.6 - - [21/Apr/2024:00:09:47 +0800] "GET /xingrg/check_reg.html?_=1713629385146 HTTP/1.1" 302 -
116.228.172.94 - - [21/Apr/2024:00:09:51 +0800] "GET /xingrg/all/function/internal_message.html?_=1713628934511&CODE_STATE=getMsg HTTP/1.1" 200 27
116.224.254.208 - - [21/Apr/2024:00:10:04 +0800] "GET /xingrg/all/function/internal_message.html?_=1713629404410&CODE_STATE=getMsg HTTP/1.1" 200 27
116.232.195.13 - - [21/Apr/2024:00:10:16 +0800] "GET /xingrg/all/function/internal_message.html?_=1713629408891&CODE_STATE=getMsg HTTP/1.1" 200 27
221.239.169.251 - - [21/Apr/2024:00:10:18 +0800] "GET /xingrg/all/function/internal_message.html?_=1713629417138&CODE_STATE=getMsg HTTP/1.1" 200 27
221.239.169.251 - - [21/Apr/2024:00:10:18 +0800] "GET /xingrg/check_reg.html?_=1713629417140 HTTP/1.1" 200 22
116.228.172.94 - - [21/Apr/2024:00:10:34 +0800] "GET /xingrg/check_reg.html?_=1713628978014 HTTP/1.1" 200 22
116.224.254.208 - - [21/Apr/2024:00:10:44 +0800] "GET /xingrg/all/function/internal_message.html?_=1713629443969&CODE_STATE=getMsg HTTP/1.1" 200 27
116.232.195.13 - - [21/Apr/2024:00:10:46 +0800] "GET /xingrg/all/function/internal_message.html?_=1713629438853&CODE_STATE=getMsg HTTP/1.1" 200 27
116.228.172.94 - - [21/Apr/2024:00:10:51 +0800] "GET /xingrg/all/function/internal_message.html?_=1713628994504&CODE_STATE=getMsg HTTP/1.1" 200 27
116.224.254.208 - - [21/Apr/2024:00:11:04 +0800] "GET /xingrg/all/function/internal_message.html?_=1713629464403&CODE_STATE=getMsg HTTP/1.1" 200 27
116.232.195.13 - - [21/Apr/2024:00:11:16 +0800] "GET /xingrg/all/function/internal_message.html?_=1713629468871&CODE_STATE=getMsg HTTP/1.1" 200 27
221.239.169.251 - - [21/Apr/2024:00:11:18 +0800] "GET /xingrg/all/function/internal_message.html?_=1713629477141&CODE_STATE=getMsg HTTP/1.1" 200 27
116.224.254.208 - - [21/Apr/2024:00:11:44 +0800] "GET /xingrg/all/function/internal_message.html?_=1713629503967&CODE_STATE=getMsg HTTP/1.1" 200 27
116.232.195.13 - - [21/Apr/2024:00:11:46 +0800] "GET /xingrg/all/function/internal_message.html?_=1713629498848&CODE_STATE=getMsg HTTP/1.1" 200 27
116.228.172.94 - - [21/Apr/2024:00:11:51 +0800] "GET /xingrg/all/function/internal_message.html?_=1713629054494&CODE_STATE=getMsg HTTP/1.1" 200 27
116.224.254.208 - - [21/Apr/2024:00:12:04 +0800] "GET /xingrg/all/function/internal_message.html?_=1713629524420&CODE_STATE=getMsg HTTP/1.1" 200 27
116.232.195.13 - - [21/Apr/2024:00:12:16 +0800] "GET /xingrg/all/function/internal_message.html?_=1713629528854&CODE_STATE=getMsg HTTP/1.1" 200 27
221.239.169.251 - - [21/Apr/2024:00:12:18 +0800] "GET /xingrg/all/function/internal_message.html?_=1713629537141&CODE_STATE=getMsg HTTP/1.1" 200 27
116.232.195.13 - - [21/Apr/2024:00:12:19 +0800] "GET /xingrg/check_reg.html?_=1713629532220 HTTP/1.1" 200 22
116.224.254.208 - - [21/Apr/2024:00:12:44 +0800] "GET /xingrg/all/function/internal_message.html?_=1713629563956&CODE_STATE=getMsg HTTP/1.1" 200 27
222.70.240.45 - - [21/Apr/2024:00:12:45 +0800] "GET /xingrg/check_reg.html?_=1713629586244 HTTP/1.1" 302 -
116.232.195.13 - - [21/Apr/2024:00:12:46 +0800] "GET /xingrg/all/function/internal_message.html?_=1713629558849&CODE_STATE=getMsg HTTP/1.1" 200 27
116.228.172.94 - - [21/Apr/2024:00:12:51 +0800] "GET /xingrg/all/function/internal_message.html?_=1713629114471&CODE_STATE=getMsg HTTP/1.1" 200 27
114.83.220.117 - - [21/Apr/2024:00:12:59 +0800] "GET /xingrg/check_reg.html?_=1713629577050 HTTP/1.1" 200 22
116.224.254.208 - - [21/Apr/2024:00:13:04 +0800] "GET /xingrg/check_reg.html?_=1713629584407 HTTP/1.1" 200 22
116.224.254.208 - - [21/Apr/2024:00:13:04 +0800] "GET /xingrg/all/function/internal_message.html?_=1713629584410&CODE_STATE=getMsg HTTP/1.1" 200 27
116.232.195.13 - - [21/Apr/2024:00:13:16 +0800] "GET /xingrg/all/function/internal_message.html?_=1713629588834&CODE_STATE=getMsg HTTP/1.1" 200 27
221.239.169.251 - - [21/Apr/2024:00:13:18 +0800] "GET /xingrg/all/function/internal_message.html?_=1713629597154&CODE_STATE=getMsg HTTP/1.1" 200 27
116.224.254.208 - - [21/Apr/2024:00:13:44 +0800] "GET /xingrg/all/function/internal_message.html?_=1713629623965&CODE_STATE=getMsg HTTP/1.1" 200 27
116.224.254.208 - - [21/Apr/2024:00:13:44 +0800] "GET /xingrg/check_reg.html?_=1713629623968 HTTP/1.1" 200 22
116.232.195.13 - - [21/Apr/2024:00:13:46 +0800] "GET /xingrg/all/function/internal_message.html?_=1713629618843&CODE_STATE=getMsg HTTP/1.1" 200 27
116.228.172.94 - - [21/Apr/2024:00:13:51 +0800] "GET /xingrg/all/function/internal_message.html?_=1713629174446&CODE_STATE=getMsg HTTP/1.1" 200 27
116.224.254.208 - - [21/Apr/2024:00:14:04 +0800] "GET /xingrg/all/function/internal_message.html?_=1713629644417&CODE_STATE=getMsg HTTP/1.1" 200 27
116.232.195.13 - - [21/Apr/2024:00:14:16 +0800] "GET /xingrg/all/function/internal_message.html?_=1713629648811&CODE_STATE=getMsg HTTP/1.1" 200 27
221.239.169.251 - - [21/Apr/2024:00:14:18 +0800] "GET /xingrg/all/function/internal_message.html?_=1713629657152&CODE_STATE=getMsg HTTP/1.1" 200 27
116.224.254.208 - - [21/Apr/2024:00:14:44 +0800] "GET /xingrg/all/function/internal_message.html?_=1713629683958&CODE_STATE=getMsg HTTP/1.1" 200 27
116.232.195.13 - - [21/Apr/2024:00:14:46 +0800] "GET /xingrg/all/function/internal_message.html?_=1713629678849&CODE_STATE=getMsg HTTP/1.1" 200 27
116.232.195.13 - - [21/Apr/2024:00:14:46 +0800] "GET /xingrg/check_reg.html?_=1713629678851 HTTP/1.1" 200 22
116.235.94.6 - - [21/Apr/2024:00:14:47 +0800] "GET /xingrg/check_reg.html?_=1713629685144 HTTP/1.1" 302 -
116.228.172.94 - - [21/Apr/2024:00:14:51 +0800] "GET /xingrg/all/function/internal_message.html?_=1713629234425&CODE_STATE=getMsg HTTP/1.1" 200 27
116.224.254.208 - - [21/Apr/2024:00:15:04 +0800] "GET /xingrg/all/function/internal_message.html?_=1713629704417&CODE_STATE=getMsg HTTP/1.1" 200 27
101.80.230.31 - - [21/Apr/2024:00:15:10 +0800] "POST /xingrg/services/DataTransmitService HTTP/1.1" 200 524
101.80.230.31 - - [21/Apr/2024:00:15:12 +0800] "POST /xingrg/services/DataTransmitService HTTP/1.1" 200 501
116.232.195.13 - - [21/Apr/2024:00:15:16 +0800] "GET /xingrg/all/function/internal_message.html?_=1713629708800&CODE_STATE=getMsg HTTP/1.1" 200 27
221.239.169.251 - - [21/Apr/2024:00:15:18 +0800] "GET /xingrg/check_reg.html?_=1713629717154 HTTP/1.1" 200 22
221.239.169.251 - - [21/Apr/2024:00:15:18 +0800] "GET /xingrg/all/function/internal_message.html?_=1713629717158&CODE_STATE=getMsg HTTP/1.1" 200 27
114.83.220.117 - - [21/Apr/2024:00:15:23 +0800] "POST /xingrg/kc/base/wldb_list_operate.html HTTP/1.1" 200 928
116.228.172.94 - - [21/Apr/2024:00:15:34 +0800] "GET /xingrg/check_reg.html?_=1713629278008 HTTP/1.1" 200 22
116.224.254.208 - - [21/Apr/2024:00:15:44 +0800] "GET /xingrg/all/function/internal_message.html?_=1713629743970&CODE_STATE=getMsg HTTP/1.1" 200 27
116.232.195.13 - - [21/Apr/2024:00:15:46 +0800] "GET /xingrg/all/function/internal_message.html?_=1713629738852&CODE_STATE=getMsg HTTP/1.1" 200 27
116.228.172.94 - - [21/Apr/2024:00:15:51 +0800] "GET /xingrg/all/function/internal_message.html?_=1713629294408&CODE_STATE=getMsg HTTP/1.1" 200 27
116.224.254.208 - - [21/Apr/2024:00:16:04 +0800] "GET /xingrg/all/function/internal_message.html?_=1713629764416&CODE_STATE=getMsg HTTP/1.1" 200 27
116.232.195.13 - - [21/Apr/2024:00:16:16 +0800] "GET /xingrg/all/function/internal_message.html?_=1713629768780&CODE_STATE=getMsg HTTP/1.1" 200 27
221.239.169.251 - - [21/Apr/2024:00:16:18 +0800] "GET /xingrg/all/function/internal_message.html?_=1713629777143&CODE_STATE=getMsg HTTP/1.1" 200 27
116.224.254.208 - - [21/Apr/2024:00:16:44 +0800] "GET /xingrg/all/function/internal_message.html?_=1713629803972&CODE_STATE=getMsg HTTP/1.1" 200 27
116.232.195.13 - - [21/Apr/2024:00:16:46 +0800] "GET /xingrg/all/function/internal_message.html?_=1713629798847&CODE_STATE=getMsg HTTP/1.1" 200 27
116.228.172.94 - - [21/Apr/2024:00:16:51 +0800] "GET /xingrg/all/function/internal_message.html?_=1713629354403&CODE_STATE=getMsg HTTP/1.1" 200 27
116.224.254.208 - - [21/Apr/2024:00:17:04 +0800] "GET /xingrg/all/function/internal_message.html?_=1713629824417&CODE_STATE=getMsg HTTP/1.1" 200 27
116.232.195.13 - - [21/Apr/2024:00:17:16 +0800] "GET /xingrg/all/function/internal_message.html?_=1713629828754&CODE_STATE=getMsg HTTP/1.1" 200 27
221.239.169.251 - - [21/Apr/2024:00:17:18 +0800] "GET /xingrg/all/function/internal_message.html?_=1713629837143&CODE_STATE=getMsg HTTP/1.1" 200 27
116.232.195.13 - - [21/Apr/2024:00:17:19 +0800] "GET /xingrg/check_reg.html?_=1713629832206 HTTP/1.1" 200 22
116.224.254.208 - - [21/Apr/2024:00:17:44 +0800] "GET /xingrg/all/function/internal_message.html?_=1713629863963&CODE_STATE=getMsg HTTP/1.1" 200 27
222.70.240.45 - - [21/Apr/2024:00:17:45 +0800] "GET /xingrg/check_reg.html?_=1713629886299 HTTP/1.1" 302 -
116.232.195.13 - - [21/Apr/2024:00:17:46 +0800] "GET /xingrg/all/function/internal_message.html?_=1713629858862&CODE_STATE=getMsg HTTP/1.1" 200 27
116.228.172.94 - - [21/Apr/2024:00:17:51 +0800] "GET /xingrg/all/function/internal_message.html?_=1713629414394&CODE_STATE=getMsg HTTP/1.1" 200 27
114.83.220.117 - - [21/Apr/2024:00:17:59 +0800] "GET /xingrg/check_reg.html?_=1713629877044 HTTP/1.1" 200 22
116.224.254.208 - - [21/Apr/2024:00:18:04 +0800] "GET /xingrg/check_reg.html?_=1713629884419 HTTP/1.1" 200 22
116.224.254.208 - - [21/Apr/2024:00:18:04 +0800] "GET /xingrg/all/function/internal_message.html?_=1713629884422&CODE_STATE=getMsg HTTP/1.1" 200 27
116.232.195.13 - - [21/Apr/2024:00:18:16 +0800] "GET /xingrg/all/function/internal_message.html?_=1713629888747&CODE_STATE=getMsg HTTP/1.1" 200 27
221.239.169.251 - - [21/Apr/2024:00:18:18 +0800] "GET /xingrg/all/function/internal_message.html?_=1713629897155&CODE_STATE=getMsg HTTP/1.1" 200 27
116.224.254.208 - - [21/Apr/2024:00:18:44 +0800] "GET /xingrg/all/function/internal_message.html?_=1713629923986&CODE_STATE=getMsg HTTP/1.1" 200 27
116.224.254.208 - - [21/Apr/2024:00:18:44 +0800] "GET /xingrg/check_reg.html?_=1713629923988 HTTP/1.1" 200 22
116.232.195.13 - - [21/Apr/2024:00:18:46 +0800] "GET /xingrg/all/function/internal_message.html?_=1713629918863&CODE_STATE=getMsg HTTP/1.1" 200 27
116.228.172.94 - - [21/Apr/2024:00:18:51 +0800] "GET /xingrg/all/function/internal_message.html?_=1713629474373&CODE_STATE=getMsg HTTP/1.1" 200 27
116.224.254.208 - - [21/Apr/2024:00:19:04 +0800] "GET /xingrg/all/function/internal_message.html?_=1713629944422&CODE_STATE=getMsg HTTP/1.1" 200 27
116.232.195.13 - - [21/Apr/2024:00:19:16 +0800] "GET /xingrg/all/function/internal_message.html?_=1713629948745&CODE_STATE=getMsg HTTP/1.1" 200 27
221.239.169.251 - - [21/Apr/2024:00:19:18 +0800] "GET /xingrg/all/function/internal_message.html?_=1713629957146&CODE_STATE=getMsg HTTP/1.1" 200 27
116.224.254.208 - - [21/Apr/2024:00:19:44 +0800] "GET /xingrg/all/function/internal_message.html?_=1713629983965&CODE_STATE=getMsg HTTP/1.1" 200 27
116.232.195.13 - - [21/Apr/2024:00:19:46 +0800] "GET /xingrg/check_reg.html?_=1713629978858 HTTP/1.1" 200 22
116.232.195.13 - - [21/Apr/2024:00:19:46 +0800] "GET /xingrg/all/function/internal_message.html?_=1713629978859&CODE_STATE=getMsg HTTP/1.1" 200 27
116.235.94.6 - - [21/Apr/2024:00:19:47 +0800] "GET /xingrg/check_reg.html?_=1713629985337 HTTP/1.1" 302 -
116.228.172.94 - - [21/Apr/2024:00:19:51 +0800] "GET /xingrg/all/function/internal_message.html?_=1713629534362&CODE_STATE=getMsg HTTP/1.1" 200 27
116.224.254.208 - - [21/Apr/2024:00:20:04 +0800] "GET /xingrg/all/function/internal_message.html?_=1713630004405&CODE_STATE=getMsg HTTP/1.1" 200 27
116.232.195.13 - - [21/Apr/2024:00:20:16 +0800] "GET /xingrg/all/function/internal_message.html?_=1713630008737&CODE_STATE=getMsg HTTP/1.1" 200 27
221.239.169.251 - - [21/Apr/2024:00:20:18 +0800] "GET /xingrg/all/function/internal_message.html?_=1713630017153&CODE_STATE=getMsg HTTP/1.1" 200 27
221.239.169.251 - - [21/Apr/2024:00:20:18 +0800] "GET /xingrg/check_reg.html?_=1713630017155 HTTP/1.1" 200 22
116.228.172.94 - - [21/Apr/2024:00:20:34 +0800] "GET /xingrg/check_reg.html?_=1713629577994 HTTP/1.1" 200 22
116.224.254.208 - - [21/Apr/2024:00:20:44 +0800] "GET /xingrg/all/function/internal_message.html?_=1713630043980&CODE_STATE=getMsg HTTP/1.1" 200 27
116.232.195.13 - - [21/Apr/2024:00:20:46 +0800] "GET /xingrg/all/function/internal_message.html?_=1713630038856&CODE_STATE=getMsg HTTP/1.1" 200 27
116.228.172.94 - - [21/Apr/2024:00:20:51 +0800] "GET /xingrg/all/function/internal_message.html?_=1713629594356&CODE_STATE=getMsg HTTP/1.1" 200 27
116.224.254.208 - - [21/Apr/2024:00:21:04 +0800] "GET /xingrg/all/function/internal_message.html?_=1713630064417&CODE_STATE=getMsg HTTP/1.1" 200 27
116.232.195.13 - - [21/Apr/2024:00:21:16 +0800] "GET /xingrg/all/function/internal_message.html?_=1713630068739&CODE_STATE=getMsg HTTP/1.1" 200 27
221.239.169.251 - - [21/Apr/2024:00:21:18 +0800] "GET /xingrg/all/function/internal_message.html?_=1713630077154&CODE_STATE=getMsg HTTP/1.1" 200 27
116.224.254.208 - - [21/Apr/2024:00:21:44 +0800] "GET /xingrg/all/function/internal_message.html?_=1713630103974&CODE_STATE=getMsg HTTP/1.1" 200 27
116.232.195.13 - - [21/Apr/2024:00:21:46 +0800] "GET /xingrg/all/function/internal_message.html?_=1713630098858&CODE_STATE=getMsg HTTP/1.1" 200 27
116.228.172.94 - - [21/Apr/2024:00:21:51 +0800] "GET /xingrg/all/function/internal_message.html?_=1713629654338&CODE_STATE=getMsg HTTP/1.1" 200 27
116.232.195.13 - - [21/Apr/2024:00:22:16 +0800] "GET /xingrg/all/function/internal_message.html?_=1713630128719&CODE_STATE=getMsg HTTP/1.1" 200 27
221.239.169.251 - - [21/Apr/2024:00:22:18 +0800] "GET /xingrg/all/function/internal_message.html?_=1713630137156&CODE_STATE=getMsg HTTP/1.1" 200 27
116.232.195.13 - - [21/Apr/2024:00:22:19 +0800] "GET /xingrg/check_reg.html?_=1713630132201 HTTP/1.1" 200 22
222.70.240.45 - - [21/Apr/2024:00:22:45 +0800] "GET /xingrg/check_reg.html?_=1713630186346 HTTP/1.1" 302 -
116.232.195.13 - - [21/Apr/2024:00:22:46 +0800] "GET /xingrg/all/function/internal_message.html?_=1713630158860&CODE_STATE=getMsg HTTP/1.1" 200 27
116.228.172.94 - - [21/Apr/2024:00:22:51 +0800] "GET /xingrg/all/function/internal_message.html?_=1713629714323&CODE_STATE=getMsg HTTP/1.1" 200 27
114.83.220.117 - - [21/Apr/2024:00:22:59 +0800] "GET /xingrg/check_reg.html?_=1713630177023 HTTP/1.1" 200 22
221.239.169.251 - - [21/Apr/2024:00:23:18 +0800] "GET /xingrg/all/function/internal_message.html?_=1713630197159&CODE_STATE=getMsg HTTP/1.1" 200 27
116.228.172.94 - - [21/Apr/2024:00:23:51 +0800] "GET /xingrg/all/function/internal_message.html?_=1713629774310&CODE_STATE=getMsg HTTP/1.1" 200 27
221.239.169.251 - - [21/Apr/2024:00:24:18 +0800] "GET /xingrg/all/function/internal_message.html?_=1713630257160&CODE_STATE=getMsg HTTP/1.1" 200 27
116.235.94.6 - - [21/Apr/2024:00:24:47 +0800] "GET /xingrg/check_reg.html?_=1713630285322 HTTP/1.1" 302 -
116.228.172.94 - - [21/Apr/2024:00:24:51 +0800] "GET /xingrg/all/function/internal_message.html?_=1713629834296&CODE_STATE=getMsg HTTP/1.1" 200 27
221.239.169.251 - - [21/Apr/2024:00:25:18 +0800] "GET /xingrg/check_reg.html?_=1713630317159 HTTP/1.1" 200 22
221.239.169.251 - - [21/Apr/2024:00:25:18 +0800] "GET /xingrg/all/function/internal_message.html?_=1713630317160&CODE_STATE=getMsg HTTP/1.1" 200 27
116.228.172.94 - - [21/Apr/2024:00:25:34 +0800] "GET /xingrg/check_reg.html?_=1713629877990 HTTP/1.1" 200 22
116.228.172.94 - - [21/Apr/2024:00:25:51 +0800] "GET /xingrg/all/function/internal_message.html?_=1713629894282&CODE_STATE=getMsg HTTP/1.1" 200 27
221.239.169.251 - - [21/Apr/2024:00:26:18 +0800] "GET /xingrg/all/function/internal_message.html?_=1713630377159&CODE_STATE=getMsg HTTP/1.1" 200 27
116.228.172.94 - - [21/Apr/2024:00:26:51 +0800] "GET /xingrg/all/function/internal_message.html?_=1713629954260&CODE_STATE=getMsg HTTP/1.1" 200 27
221.239.169.251 - - [21/Apr/2024:00:27:18 +0800] "GET /xingrg/all/function/internal_message.html?_=1713630437150&CODE_STATE=getMsg HTTP/1.1" 200 27
222.70.240.45 - - [21/Apr/2024:00:27:45 +0800] "GET /xingrg/check_reg.html?_=1713630486409 HTTP/1.1" 302 -
116.228.172.94 - - [21/Apr/2024:00:27:51 +0800] "GET /xingrg/all/function/internal_message.html?_=1713630014259&CODE_STATE=getMsg HTTP/1.1" 200 27
114.83.220.117 - - [21/Apr/2024:00:27:59 +0800] "GET /xingrg/check_reg.html?_=1713630477004 HTTP/1.1" 200 22
221.239.169.251 - - [21/Apr/2024:00:28:18 +0800] "GET /xingrg/all/function/internal_message.html?_=1713630497150&CODE_STATE=getMsg HTTP/1.1" 200 27
116.228.172.94 - - [21/Apr/2024:00:28:51 +0800] "GET /xingrg/all/function/internal_message.html?_=1713630074244&CODE_STATE=getMsg HTTP/1.1" 200 27
221.239.169.251 - - [21/Apr/2024:00:29:18 +0800] "GET /xingrg/all/function/internal_message.html?_=1713630557161&CODE_STATE=getMsg HTTP/1.1" 200 27
116.235.94.6 - - [21/Apr/2024:00:29:47 +0800] "GET /xingrg/check_reg.html?_=1713630585309 HTTP/1.1" 302 -
116.228.172.94 - - [21/Apr/2024:00:29:51 +0800] "GET /xingrg/all/function/internal_message.html?_=1713630134227&CODE_STATE=getMsg HTTP/1.1" 200 27
221.239.169.251 - - [21/Apr/2024:00:30:18 +0800] "GET /xingrg/all/function/internal_message.html?_=1713630617161&CODE_STATE=getMsg HTTP/1.1" 200 27
221.239.169.251 - - [21/Apr/2024:00:30:18 +0800] "GET /xingrg/check_reg.html?_=1713630617164 HTTP/1.1" 200 22
116.228.172.94 - - [21/Apr/2024:00:30:34 +0800] "GET /xingrg/check_reg.html?_=1713630177979 HTTP/1.1" 200 22
101.83.144.49 - - [21/Apr/2024:00:30:49 +0800] "POST /xingrg/services/DataTransmitService HTTP/1.1" 200 524
116.228.172.94 - - [21/Apr/2024:00:30:51 +0800] "GET /xingrg/all/function/internal_message.html?_=1713630194222&CODE_STATE=getMsg HTTP/1.1" 200 27
101.83.144.49 - - [21/Apr/2024:00:30:54 +0800] "POST /xingrg/services/DataTransmitService HTTP/1.1" 200 501
221.239.169.251 - - [21/Apr/2024:00:31:18 +0800] "GET /xingrg/all/function/internal_message.html?_=1713630677158&CODE_STATE=getMsg HTTP/1.1" 200 27
116.228.172.94 - - [21/Apr/2024:00:31:51 +0800] "GET /xingrg/all/function/internal_message.html?_=1713630254207&CODE_STATE=getMsg HTTP/1.1" 200 27
221.239.169.251 - - [21/Apr/2024:00:32:18 +0800] "GET /xingrg/all/function/internal_message.html?_=1713630737164&CODE_STATE=getMsg HTTP/1.1" 200 27
222.70.240.45 - - [21/Apr/2024:00:32:45 +0800] "GET /xingrg/check_reg.html?_=1713630786453 HTTP/1.1" 302 -
116.228.172.94 - - [21/Apr/2024:00:32:50 +0800] "GET /xingrg/all/function/internal_message.html?_=1713630314189&CODE_STATE=getMsg HTTP/1.1" 200 27
114.83.220.117 - - [21/Apr/2024:00:32:59 +0800] "GET /xingrg/check_reg.html?_=1713630777013 HTTP/1.1" 200 22
221.239.169.251 - - [21/Apr/2024:00:33:18 +0800] "GET /xingrg/all/function/internal_message.html?_=1713630797166&CODE_STATE=getMsg HTTP/1.1" 200 27
116.228.172.94 - - [21/Apr/2024:00:33:50 +0800] "GET /xingrg/all/function/internal_message.html?_=1713630374168&CODE_STATE=getMsg HTTP/1.1" 200 27
114.83.220.117 - - [21/Apr/2024:00:34:11 +0800] "POST /xingrg/services/DataTransmitService HTTP/1.1" 200 524
114.83.220.117 - - [21/Apr/2024:00:34:11 +0800] "POST /xingrg/services/DataTransmitService HTTP/1.1" 200 501
221.239.169.251 - - [21/Apr/2024:00:34:18 +0800] "GET /xingrg/all/function/internal_message.html?_=1713630857170&CODE_STATE=getMsg HTTP/1.1" 200 27
116.235.94.6 - - [21/Apr/2024:00:34:47 +0800] "GET /xingrg/check_reg.html?_=1713630885300 HTTP/1.1" 302 -
116.228.172.94 - - [21/Apr/2024:00:34:50 +0800] "GET /xingrg/all/function/internal_message.html?_=1713630434155&CODE_STATE=getMsg HTTP/1.1" 200 27
221.239.169.251 - - [21/Apr/2024:00:35:18 +0800] "GET /xingrg/check_reg.html?_=1713630917169 HTTP/1.1" 200 22
221.239.169.251 - - [21/Apr/2024:00:35:18 +0800] "GET /xingrg/all/function/internal_message.html?_=1713630917172&CODE_STATE=getMsg HTTP/1.1" 200 27
116.228.172.94 - - [21/Apr/2024:00:35:34 +0800] "GET /xingrg/check_reg.html?_=1713630477973 HTTP/1.1" 200 22
116.228.172.94 - - [21/Apr/2024:00:35:50 +0800] "GET /xingrg/all/function/internal_message.html?_=1713630494151&CODE_STATE=getMsg HTTP/1.1" 200 27
221.239.169.251 - - [21/Apr/2024:00:36:18 +0800] "GET /xingrg/all/function/internal_message.html?_=1713630977172&CODE_STATE=getMsg HTTP/1.1" 200 27
116.228.172.94 - - [21/Apr/2024:00:36:50 +0800] "GET /xingrg/all/function/internal_message.html?_=1713630554128&CODE_STATE=getMsg HTTP/1.1" 200 27
221.239.169.251 - - [21/Apr/2024:00:37:18 +0800] "GET /xingrg/all/function/internal_message.html?_=1713631037162&CODE_STATE=getMsg HTTP/1.1" 200 27
222.70.240.45 - - [21/Apr/2024:00:37:45 +0800] "GET /xingrg/check_reg.html?_=1713631086496 HTTP/1.1" 302 -
222.70.183.82 - - [21/Apr/2024:00:37:49 +0800] "POST /xingrg/services/DataTransmitService HTTP/1.1" 200 524
116.228.172.94 - - [21/Apr/2024:00:37:50 +0800] "GET /xingrg/all/function/internal_message.html?_=1713630614116&CODE_STATE=getMsg HTTP/1.1" 200 27
114.83.220.117 - - [21/Apr/2024:00:37:59 +0800] "GET /xingrg/check_reg.html?_=1713631076987 HTTP/1.1" 200 22
221.239.169.251 - - [21/Apr/2024:00:38:18 +0800] "GET /xingrg/all/function/internal_message.html?_=1713631097161&CODE_STATE=getMsg HTTP/1.1" 200 27
222.70.183.82 - - [21/Apr/2024:00:38:34 +0800] "POST /xingrg/services/DataTransmitService HTTP/1.1" 200 501
222.70.183.82 - - [21/Apr/2024:00:38:35 +0800] "POST /xingrg/services/DataTransmitService HTTP/1.1" 200 501
116.228.172.94 - - [21/Apr/2024:00:38:50 +0800] "GET /xingrg/all/function/internal_message.html?_=1713630674101&CODE_STATE=getMsg HTTP/1.1" 200 27
222.70.183.82 - - [21/Apr/2024:00:38:51 +0800] "POST /xingrg/services/DataTransmitService HTTP/1.1" 200 501
222.70.183.82 - - [21/Apr/2024:00:39:07 +0800] "POST /xingrg/services/DataTransmitService HTTP/1.1" 200 501
222.70.183.82 - - [21/Apr/2024:00:39:08 +0800] "POST /xingrg/services/DataTransmitService HTTP/1.1" 200 501
222.70.183.82 - - [21/Apr/2024:00:39:09 +0800] "POST /xingrg/services/DataTransmitService HTTP/1.1" 200 501
222.70.183.82 - - [21/Apr/2024:00:39:16 +0800] "POST /xingrg/services/DataTransmitService HTTP/1.1" 200 501
222.70.183.82 - - [21/Apr/2024:00:39:17 +0800] "POST /xingrg/services/DataTransmitService HTTP/1.1" 200 501
221.239.169.251 - - [21/Apr/2024:00:39:18 +0800] "GET /xingrg/all/function/internal_message.html?_=1713631157169&CODE_STATE=getMsg HTTP/1.1" 200 27
222.70.183.82 - - [21/Apr/2024:00:39:18 +0800] "POST /xingrg/services/DataTransmitService HTTP/1.1" 200 501
222.70.183.82 - - [21/Apr/2024:00:39:19 +0800] "POST /xingrg/services/DataTransmitService HTTP/1.1" 200 412
116.235.94.6 - - [21/Apr/2024:00:39:47 +0800] "GET /xingrg/check_reg.html?_=1713631185297 HTTP/1.1" 302 -
116.228.172.94 - - [21/Apr/2024:00:39:50 +0800] "GET /xingrg/all/function/internal_message.html?_=1713630734076&CODE_STATE=getMsg HTTP/1.1" 200 27
221.239.169.251 - - [21/Apr/2024:00:40:18 +0800] "GET /xingrg/all/function/internal_message.html?_=1713631217166&CODE_STATE=getMsg HTTP/1.1" 200 27
221.239.169.251 - - [21/Apr/2024:00:40:18 +0800] "GET /xingrg/check_reg.html?_=1713631217168 HTTP/1.1" 200 22
116.228.172.94 - - [21/Apr/2024:00:40:34 +0800] "GET /xingrg/check_reg.html?_=1713630777973 HTTP/1.1" 200 22
116.228.172.94 - - [21/Apr/2024:00:40:50 +0800] "GET /xingrg/all/function/internal_message.html?_=1713630794061&CODE_STATE=getMsg HTTP/1.1" 200 27
221.239.169.251 - - [21/Apr/2024:00:41:18 +0800] "GET /xingrg/all/function/internal_message.html?_=1713631277168&CODE_STATE=getMsg HTTP/1.1" 200 27
116.228.172.94 - - [21/Apr/2024:00:41:50 +0800] "GET /xingrg/all/function/internal_message.html?_=1713630854038&CODE_STATE=getMsg HTTP/1.1" 200 27
221.239.169.251 - - [21/Apr/2024:00:42:18 +0800] "GET /xingrg/all/function/internal_message.html?_=1713631337174&CODE_STATE=getMsg HTTP/1.1" 200 27
116.235.94.6 - - [21/Apr/2024:00:42:40 +0800] "POST /xingrg/services/DataTransmitService HTTP/1.1" 200 524
222.70.240.45 - - [21/Apr/2024:00:42:45 +0800] "GET /xingrg/check_reg.html?_=1713631386544 HTTP/1.1" 302 -
116.228.172.94 - - [21/Apr/2024:00:42:50 +0800] "GET /xingrg/all/function/internal_message.html?_=1713630914016&CODE_STATE=getMsg HTTP/1.1" 200 27
114.83.220.117 - - [21/Apr/2024:00:42:59 +0800] "GET /xingrg/check_reg.html?_=1713631376963 HTTP/1.1" 200 22
221.239.169.251 - - [21/Apr/2024:00:43:18 +0800] "GET /xingrg/all/function/internal_message.html?_=1713631397165&CODE_STATE=getMsg HTTP/1.1" 200 27
116.228.172.94 - - [21/Apr/2024:00:43:50 +0800] "GET /xingrg/all/function/internal_message.html?_=1713630973999&CODE_STATE=getMsg HTTP/1.1" 200 27
114.83.220.117 - - [21/Apr/2024:00:43:55 +0800] "GET /xingrg/kc/base/wldb_order_add.html HTTP/1.1" 200 30388
114.83.220.117 - - [21/Apr/2024:00:43:55 +0800] "GET /xingrg/words/20240420150309_words.js HTTP/1.1" 304 -
114.83.220.117 - - [21/Apr/2024:00:43:56 +0800] "GET /xingrg/javascript/easyui/themes/default/validatebox.css HTTP/1.1" 404 1104
114.83.220.117 - - [21/Apr/2024:00:43:56 +0800] "POST /xingrg/kc/base/wldb_order_operate.html HTTP/1.1" 200 6806
114.83.220.117 - - [21/Apr/2024:00:44:09 +0800] "GET /xingrg/kc/buy/cgsh_order_list.html HTTP/1.1" 200 58227
114.83.220.117 - - [21/Apr/2024:00:44:11 +0800] "POST /xingrg/kc/buy/cgsh_list_operate.html HTTP/1.1" 200 645
221.239.169.251 - - [21/Apr/2024:00:44:18 +0800] "GET /xingrg/all/function/internal_message.html?_=1713631457169&CODE_STATE=getMsg HTTP/1.1" 200 27
116.235.94.6 - - [21/Apr/2024:00:44:47 +0800] "GET /xingrg/check_reg.html?_=1713631485284 HTTP/1.1" 302 -
116.228.172.94 - - [21/Apr/2024:00:44:50 +0800] "GET /xingrg/all/function/internal_message.html?_=1713631033986&CODE_STATE=getMsg HTTP/1.1" 200 27
221.239.169.251 - - [21/Apr/2024:00:45:18 +0800] "GET /xingrg/check_reg.html?_=1713631517176 HTTP/1.1" 200 22
221.239.169.251 - - [21/Apr/2024:00:45:18 +0800] "GET /xingrg/all/function/internal_message.html?_=1713631517180&CODE_STATE=getMsg HTTP/1.1" 200 27
116.228.172.94 - - [21/Apr/2024:00:45:34 +0800] "GET /xingrg/check_reg.html?_=1713631077950 HTTP/1.1" 200 22
116.228.172.94 - - [21/Apr/2024:00:45:50 +0800] "GET /xingrg/all/function/internal_message.html?_=1713631093964&CODE_STATE=getMsg HTTP/1.1" 200 27
221.239.169.251 - - [21/Apr/2024:00:46:18 +0800] "GET /xingrg/all/function/internal_message.html?_=1713631577173&CODE_STATE=getMsg HTTP/1.1" 200 27
116.228.172.94 - - [21/Apr/2024:00:46:50 +0800] "GET /xingrg/all/function/internal_message.html?_=1713631153940&CODE_STATE=getMsg HTTP/1.1" 200 27
221.239.169.251 - - [21/Apr/2024:00:47:18 +0800] "GET /xingrg/all/function/internal_message.html?_=1713631637180&CODE_STATE=getMsg HTTP/1.1" 200 27
222.70.240.45 - - [21/Apr/2024:00:47:45 +0800] "GET /xingrg/check_reg.html?_=1713631686596 HTTP/1.1" 302 -
116.228.172.94 - - [21/Apr/2024:00:47:50 +0800] "GET /xingrg/all/function/internal_message.html?_=1713631213915&CODE_STATE=getMsg HTTP/1.1" 200 27
114.83.220.117 - - [21/Apr/2024:00:47:59 +0800] "GET /xingrg/check_reg.html?_=1713631676967 HTTP/1.1" 200 22
221.239.169.251 - - [21/Apr/2024:00:48:18 +0800] "GET /xingrg/all/function/internal_message.html?_=1713631697177&CODE_STATE=getMsg HTTP/1.1" 200 27
116.228.172.94 - - [21/Apr/2024:00:48:50 +0800] "GET /xingrg/all/function/internal_message.html?_=1713631273899&CODE_STATE=getMsg HTTP/1.1" 200 27
124.78.154.53 - - [21/Apr/2024:00:49:07 +0800] "GET /favicon.ico HTTP/1.1" 404 -
221.239.169.251 - - [21/Apr/2024:00:49:18 +0800] "GET /xingrg/all/function/internal_message.html?_=1713631757177&CODE_STATE=getMsg HTTP/1.1" 200 27
116.235.94.6 - - [21/Apr/2024:00:49:47 +0800] "GET /xingrg/check_reg.html?_=1713631785394 HTTP/1.1" 302 -
116.228.172.94 - - [21/Apr/2024:00:49:50 +0800] "GET /xingrg/all/function/internal_message.html?_=1713631333880&CODE_STATE=getMsg HTTP/1.1" 200 27
221.239.169.251 - - [21/Apr/2024:00:50:18 +0800] "GET /xingrg/all/function/internal_message.html?_=1713631817184&CODE_STATE=getMsg HTTP/1.1" 200 27
221.239.169.251 - - [21/Apr/2024:00:50:18 +0800] "GET /xingrg/check_reg.html?_=1713631817188 HTTP/1.1" 200 22
116.228.172.94 - - [21/Apr/2024:00:50:34 +0800] "GET /xingrg/check_reg.html?_=1713631377945 HTTP/1.1" 200 22
116.228.172.94 - - [21/Apr/2024:00:50:50 +0800] "GET /xingrg/all/function/internal_message.html?_=1713631393865&CODE_STATE=getMsg HTTP/1.1" 200 27
221.239.169.251 - - [21/Apr/2024:00:51:18 +0800] "GET /xingrg/all/function/internal_message.html?_=1713631877179&CODE_STATE=getMsg HTTP/1.1" 200 27
116.228.172.94 - - [21/Apr/2024:00:51:50 +0800] "GET /xingrg/all/function/internal_message.html?_=1713631453842&CODE_STATE=getMsg HTTP/1.1" 200 27
221.239.169.251 - - [21/Apr/2024:00:52:18 +0800] "GET /xingrg/all/function/internal_message.html?_=1713631937178&CODE_STATE=getMsg HTTP/1.1" 200 27
222.70.240.45 - - [21/Apr/2024:00:52:45 +0800] "GET /xingrg/check_reg.html?_=1713631986644 HTTP/1.1" 302 -
116.228.172.94 - - [21/Apr/2024:00:52:50 +0800] "GET /xingrg/all/function/internal_message.html?_=1713631513827&CODE_STATE=getMsg HTTP/1.1" 200 27
114.83.220.117 - - [21/Apr/2024:00:52:59 +0800] "GET /xingrg/check_reg.html?_=1713631976941 HTTP/1.1" 200 22
221.239.169.251 - - [21/Apr/2024:00:53:18 +0800] "GET /xingrg/all/function/internal_message.html?_=1713631997177&CODE_STATE=getMsg HTTP/1.1" 200 27
116.228.172.94 - - [21/Apr/2024:00:53:50 +0800] "GET /xingrg/all/function/internal_message.html?_=1713631573814&CODE_STATE=getMsg HTTP/1.1" 200 27
116.235.94.6 - - [21/Apr/2024:00:53:51 +0800] "POST /xingrg/services/DataTransmitService HTTP/1.1" 200 524
116.235.94.6 - - [21/Apr/2024:00:53:51 +0800] "POST /xingrg/services/DataTransmitService HTTP/1.1" 200 501
221.239.169.251 - - [21/Apr/2024:00:54:18 +0800] "GET /xingrg/all/function/internal_message.html?_=1713632057184&CODE_STATE=getMsg HTTP/1.1" 200 27
116.235.94.6 - - [21/Apr/2024:00:54:47 +0800] "GET /xingrg/check_reg.html?_=1713632085384 HTTP/1.1" 302 -
116.228.172.94 - - [21/Apr/2024:00:54:50 +0800] "GET /xingrg/all/function/internal_message.html?_=1713631633798&CODE_STATE=getMsg HTTP/1.1" 200 27
221.239.169.251 - - [21/Apr/2024:00:55:18 +0800] "GET /xingrg/all/function/internal_message.html?_=1713632117178&CODE_STATE=getMsg HTTP/1.1" 200 27
221.239.169.251 - - [21/Apr/2024:00:55:18 +0800] "GET /xingrg/check_reg.html?_=1713632117181 HTTP/1.1" 200 22
116.228.172.94 - - [21/Apr/2024:00:55:34 +0800] "GET /xingrg/check_reg.html?_=1713631677942 HTTP/1.1" 200 22
116.228.172.94 - - [21/Apr/2024:00:55:50 +0800] "GET /xingrg/all/function/internal_message.html?_=1713631693790&CODE_STATE=getMsg HTTP/1.1" 200 27
124.78.56.241 - - [21/Apr/2024:00:56:08 +0800] "POST /xingrg/services/DataTransmitService HTTP/1.1" 200 524
124.78.56.241 - - [21/Apr/2024:00:56:08 +0800] "POST /xingrg/services/DataTransmitService HTTP/1.1" 200 501
221.239.169.251 - - [21/Apr/2024:00:56:18 +0800] "GET /xingrg/all/function/internal_message.html?_=1713632177183&CODE_STATE=getMsg HTTP/1.1" 200 27
114.83.220.117 - - [21/Apr/2024:00:56:38 +0800] "GET /xingrg/kc/buy/cgsh_order_add.html HTTP/1.1" 200 74122
114.83.220.117 - - [21/Apr/2024:00:56:38 +0800] "GET /xingrg/javascript/easyui/themes/default/validatebox.css HTTP/1.1" 404 1104
114.83.220.117 - - [21/Apr/2024:00:56:38 +0800] "POST /xingrg/kc/buy/cgsh_order_operate.html HTTP/1.1" 200 8245
114.83.220.117 - - [21/Apr/2024:00:56:40 +0800] "GET /xingrg/javascript/auto/indicator.gif HTTP/1.1" 404 1066
114.83.220.117 - - [21/Apr/2024:00:56:41 +0800] "GET /xingrg/javascript/jquery_tools/images/next.gif HTTP/1.1" 404 1086
114.83.220.117 - - [21/Apr/2024:00:56:41 +0800] "GET /xingrg/javascript/jquery_tools/images/prev.gif HTTP/1.1" 404 1086
116.228.172.94 - - [21/Apr/2024:00:56:50 +0800] "GET /xingrg/all/function/internal_message.html?_=1713631753777&CODE_STATE=getMsg HTTP/1.1" 200 27
221.239.169.251 - - [21/Apr/2024:00:57:18 +0800] "GET /xingrg/all/function/internal_message.html?_=1713632237185&CODE_STATE=getMsg HTTP/1.1" 200 27
222.70.240.45 - - [21/Apr/2024:00:57:45 +0800] "GET /xingrg/check_reg.html?_=1713632286706 HTTP/1.1" 302 -
116.228.172.94 - - [21/Apr/2024:00:57:50 +0800] "GET /xingrg/all/function/internal_message.html?_=1713631813755&CODE_STATE=getMsg HTTP/1.1" 200 27
114.83.220.117 - - [21/Apr/2024:00:57:59 +0800] "GET /xingrg/check_reg.html?_=1713632276938 HTTP/1.1" 200 22
114.83.220.117 - - [21/Apr/2024:00:58:10 +0800] "GET /xingrg/kc/buy/cgsh_order_operate.html?command=get_materiel&rest_code=00149&code=00102009751&supplier_code=00100212&order_time=2024-04-21 HTTP/1.1" 200 410
221.239.169.251 - - [21/Apr/2024:00:58:18 +0800] "GET /xingrg/all/function/internal_message.html?_=1713632297188&CODE_STATE=getMsg HTTP/1.1" 200 27
114.83.220.117 - - [21/Apr/2024:00:58:47 +0800] "GET /xingrg/kc/buy/cgsh_order_operate.html?command=get_materiel&rest_code=00149&code=00102016326&supplier_code=00100212&order_time=2024-04-21 HTTP/1.1" 200 427
116.228.172.94 - - [21/Apr/2024:00:58:50 +0800] "GET /xingrg/all/function/internal_message.html?_=1713631873744&CODE_STATE=getMsg HTTP/1.1" 200 27
222.64.61.158 - - [21/Apr/2024:00:58:52 +0800] "POST /xingrg/services/DataTransmitService HTTP/1.1" 200 524
222.64.61.158 - - [21/Apr/2024:00:58:57 +0800] "POST /xingrg/services/DataTransmitService HTTP/1.1" 200 501
114.83.220.117 - - [21/Apr/2024:00:59:16 +0800] "GET /xingrg/kc/buy/cgsh_order_operate.html?command=get_materiel&rest_code=00149&code=00102009752&supplier_code=00100212&order_time=2024-04-21 HTTP/1.1" 200 426
221.239.169.251 - - [21/Apr/2024:00:59:18 +0800] "GET /xingrg/all/function/internal_message.html?_=1713632357184&CODE_STATE=getMsg HTTP/1.1" 200 27
114.83.220.117 - - [21/Apr/2024:00:59:28 +0800] "GET /xingrg/kc/buy/cgsh_order_operate.html?command=get_materiel&rest_code=00149&code=00102010345&supplier_code=00100212&order_time=2024-04-21 HTTP/1.1" 200 430
114.83.220.117 - - [21/Apr/2024:00:59:44 +0800] "GET /xingrg/kc/buy/cgsh_order_operate.html?command=get_materiel&rest_code=00149&code=00102010346&supplier_code=00100212&order_time=2024-04-21 HTTP/1.1" 200 426
116.235.94.6 - - [21/Apr/2024:00:59:47 +0800] "GET /xingrg/check_reg.html?_=1713632385374 HTTP/1.1" 302 -
116.228.172.94 - - [21/Apr/2024:00:59:50 +0800] "GET /xingrg/all/function/internal_message.html?_=1713631933728&CODE_STATE=getMsg HTTP/1.1" 200 27
114.83.220.117 - - [21/Apr/2024:00:59:58 +0800] "GET /xingrg/kc/buy/cgsh_order_operate.html?command=get_materiel&rest_code=00149&code=00102010347&supplier_code=00100212&order_time=2024-04-21 HTTP/1.1" 200 425
221.239.169.251 - - [21/Apr/2024:01:00:18 +0800] "GET /xingrg/all/function/internal_message.html?_=1713632417188&CODE_STATE=getMsg HTTP/1.1" 200 27
221.239.169.251 - - [21/Apr/2024:01:00:18 +0800] "GET /xingrg/check_reg.html?_=1713632417190 HTTP/1.1" 200 22
116.228.172.94 - - [21/Apr/2024:01:00:34 +0800] "GET /xingrg/check_reg.html?_=1713631977935 HTTP/1.1" 200 22
114.83.220.117 - - [21/Apr/2024:01:00:40 +0800] "POST /xingrg/services/DataTransmitService HTTP/1.1" 200 524
116.228.172.94 - - [21/Apr/2024:01:00:50 +0800] "GET /xingrg/all/function/internal_message.html?_=1713631993712&CODE_STATE=getMsg HTTP/1.1" 200 27
