116.224.254.208 - - [21/Apr/2024:09:33:57 +0800] "GET /xingrg/all/function/internal_message.html?_=1713663237656&CODE_STATE=getMsg HTTP/1.1" 200 27
180.163.29.219 - - [21/Apr/2024:09:34:00 +0800] "GET /xingrg/kc/buy/cgsh_order_operate.html?command=get_materiel&rest_code=00106&code=00101008005&supplier_code=00100008&order_time=2024-04-21 HTTP/1.1" 302 -
124.78.56.241 - - [21/Apr/2024:09:34:00 +0800] "GET /xingrg/all/function/internal_message.html?_=1713663240865&CODE_STATE=getMsg HTTP/1.1" 200 27
180.163.29.219 - - [21/Apr/2024:09:34:00 +0800] "GET /xingrg/login.html HTTP/1.1" 200 7641
116.232.195.13 - - [21/Apr/2024:09:34:01 +0800] "POST /xingrg/kc/buy/cgsh_order_operate.html HTTP/1.1" 200 2065
124.78.158.161 - - [21/Apr/2024:09:34:02 +0800] "POST /xingrg/kc/buy/cgsh_order_operate.html HTTP/1.1" 200 2065
180.164.1.25 - - [21/Apr/2024:09:34:04 +0800] "GET /xingrg/kc/buy/cgsh_order_operate.html?command=get_materiel&rest_code=00108&code=00101008095&supplier_code=00100007&order_time=2024-04-21 HTTP/1.1" 200 412
222.69.134.233 - - [21/Apr/2024:09:34:06 +0800] "GET /xingrg/all/function/internal_message.html?_=1713663247991&CODE_STATE=getMsg HTTP/1.1" 200 27
222.70.183.82 - - [21/Apr/2024:09:34:09 +0800] "GET /xingrg/all/function/internal_message.html?_=1713663246274&CODE_STATE=getMsg HTTP/1.1" 200 27
116.232.195.13 - - [21/Apr/2024:09:34:09 +0800] "GET /xingrg/kc/buy/cgsh_order_operate.html?command=get_materiel&rest_code=00155&code=00101008353&supplier_code=00100005&order_time=2024-04-21 HTTP/1.1" 200 408
222.70.183.82 - - [21/Apr/2024:09:34:09 +0800] "GET /xingrg/check_reg.html?_=1713663246595 HTTP/1.1" 200 22
124.78.158.161 - - [21/Apr/2024:09:34:09 +0800] "GET /xingrg/kc/buy/cgsh_order_operate.html?command=get_materiel&rest_code=00106&code=00101008061&supplier_code=00100008&order_time=2024-04-21 HTTP/1.1" 200 422
116.232.195.13 - - [21/Apr/2024:09:34:12 +0800] "GET /xingrg/all/function/internal_message.html?_=1713663246286&CODE_STATE=getMsg HTTP/1.1" 200 27
180.164.1.25 - - [21/Apr/2024:09:34:18 +0800] "GET /xingrg/kc/buy/cgsh_order_operate.html?command=get_materiel&rest_code=00108&code=00101008223&supplier_code=00100007&order_time=2024-04-21 HTTP/1.1" 200 412
221.239.169.251 - - [21/Apr/2024:09:34:18 +0800] "GET /xingrg/all/function/internal_message.html?_=1713663257609&CODE_STATE=getMsg HTTP/1.1" 200 27
101.83.144.49 - - [21/Apr/2024:09:34:19 +0800] "GET /xingrg/kc/buy/cgsh_order_operate.html?command=get_materiel&rest_code=00105&code=00102002024&supplier_code=00100151&order_time=2024-04-21 HTTP/1.1" 200 424
180.163.28.114 - - [21/Apr/2024:09:34:20 +0800] "GET /xingrg/kc/buy/cgsh_order_operate.html?command=get_materiel&rest_code=00106&code=00101008223&supplier_code=00100008&order_time=2024-04-21 HTTP/1.1" 302 -
180.163.28.114 - - [21/Apr/2024:09:34:20 +0800] "GET /xingrg/login.html HTTP/1.1" 200 7641
222.70.183.82 - - [21/Apr/2024:09:34:22 +0800] "GET /xingrg/kc/buy/cgsh_order_operate.html?command=get_materiel&rest_code=00111&code=00101002027&supplier_code=00100199&order_time=2024-04-21 HTTP/1.1" 200 434
124.78.158.161 - - [21/Apr/2024:09:34:26 +0800] "GET /xingrg/kc/buy/cgsh_order_operate.html?command=get_materiel&rest_code=00106&code=00101008706&supplier_code=00100008&order_time=2024-04-21 HTTP/1.1" 200 413
180.164.1.25 - - [21/Apr/2024:09:34:28 +0800] "GET /xingrg/kc/buy/cgsh_order_operate.html?command=get_materiel&rest_code=00108&code=00101008168&supplier_code=00100007&order_time=2024-04-21 HTTP/1.1" 200 413
180.164.1.25 - - [21/Apr/2024:09:34:29 +0800] "GET /xingrg/all/function/internal_message.html?_=1713663269452&CODE_STATE=getMsg HTTP/1.1" 200 27
120.253.135.82 - - [21/Apr/2024:09:34:30 +0800] "GET /xingrg/all/function/internal_message.html?_=1713663115669&CODE_STATE=getMsg HTTP/1.1" 200 27
180.164.1.25 - - [21/Apr/2024:09:34:31 +0800] "POST /xingrg/kc/buy/cgsh_order_operate.html HTTP/1.1" 200 2065
180.163.29.234 - - [21/Apr/2024:09:34:35 +0800] "GET /xingrg/kc/buy/cgsh_order_operate.html?command=get_materiel&rest_code=00106&code=00101008150&supplier_code=00100008&order_time=2024-04-21 HTTP/1.1" 302 -
180.163.29.234 - - [21/Apr/2024:09:34:35 +0800] "GET /xingrg/login.html HTTP/1.1" 200 7641
124.78.158.161 - - [21/Apr/2024:09:34:40 +0800] "GET /xingrg/kc/buy/cgsh_order_operate.html?command=get_materiel&rest_code=00106&code=00101009140&supplier_code=00100008&order_time=2024-04-21 HTTP/1.1" 200 23
101.83.144.49 - - [21/Apr/2024:09:34:41 +0800] "GET /xingrg/all/function/internal_message.html?_=1713663282704&CODE_STATE=getMsg HTTP/1.1" 200 27
101.83.144.49 - - [21/Apr/2024:09:34:41 +0800] "POST /xingrg/kc/buy/cgsh_order_operate.html HTTP/1.1" 200 37
116.228.172.94 - - [21/Apr/2024:09:34:42 +0800] "GET /xingrg/all/function/internal_message.html?_=1713662825808&CODE_STATE=getMsg HTTP/1.1" 200 27
180.164.1.25 - - [21/Apr/2024:09:34:43 +0800] "GET /xingrg/kc/buy/cgsh_order_operate.html?command=get_materiel&rest_code=00108&code=00101009175&supplier_code=00100007&order_time=2024-04-21 HTTP/1.1" 200 415
116.232.195.13 - - [21/Apr/2024:09:34:43 +0800] "GET /xingrg/kc/buy/cgsh_order_operate.html?command=get_materiel&rest_code=00155&code=00101008312&supplier_code=00100005&order_time=2024-04-21 HTTP/1.1" 200 412
101.83.144.49 - - [21/Apr/2024:09:34:45 +0800] "POST /xingrg/kc/buy/cgsh_order_operate.html HTTP/1.1" 200 2671
222.70.183.82 - - [21/Apr/2024:09:34:45 +0800] "POST /xingrg/kc/buy/cgsh_order_operate.html HTTP/1.1" 200 88
101.83.144.49 - - [21/Apr/2024:09:34:46 +0800] "GET /xingrg/kc/print/load_data.html?order_code=212024042105656&kc_code=cgsh&condition= HTTP/1.1" 200 662
116.235.94.6 - - [21/Apr/2024:09:34:47 +0800] "GET /xingrg/check_reg.html?_=1713663285204 HTTP/1.1" 302 -
101.83.144.49 - - [21/Apr/2024:09:34:51 +0800] "GET /xingrg/kc/buy/cgsh_order_add.html HTTP/1.1" 200 74116
101.83.144.49 - - [21/Apr/2024:09:34:51 +0800] "GET /xingrg/javascript/easyui/themes/default/validatebox.css HTTP/1.1" 404 1104
101.83.144.49 - - [21/Apr/2024:09:34:51 +0800] "POST /xingrg/kc/buy/cgsh_order_operate.html HTTP/1.1" 200 8245
124.78.158.161 - - [21/Apr/2024:09:34:52 +0800] "POST /xingrg/kc/buy/cgsh_order_operate.html HTTP/1.1" 200 37
124.78.158.161 - - [21/Apr/2024:09:34:53 +0800] "GET /xingrg/all/function/internal_message.html?_=1713663290697&CODE_STATE=getMsg HTTP/1.1" 200 27
222.70.183.82 - - [21/Apr/2024:09:34:55 +0800] "POST /xingrg/kc/buy/cgsh_order_operate.html HTTP/1.1" 200 37
124.78.158.161 - - [21/Apr/2024:09:34:55 +0800] "POST /xingrg/kc/buy/cgsh_order_operate.html HTTP/1.1" 200 23966
116.224.254.208 - - [21/Apr/2024:09:34:57 +0800] "GET /xingrg/all/function/internal_message.html?_=1713663297645&CODE_STATE=getMsg HTTP/1.1" 200 27
180.164.1.25 - - [21/Apr/2024:09:34:57 +0800] "GET /xingrg/kc/buy/cgsh_order_operate.html?command=get_materiel&rest_code=00108&code=00101009004&supplier_code=00100007&order_time=2024-04-21 HTTP/1.1" 200 409
124.78.158.161 - - [21/Apr/2024:09:34:59 +0800] "GET /xingrg/login.html HTTP/1.1" 200 7641
124.78.158.161 - - [21/Apr/2024:09:34:59 +0800] "GET /favicon.ico HTTP/1.1" 404 -
124.78.56.241 - - [21/Apr/2024:09:35:00 +0800] "GET /xingrg/all/function/internal_message.html?_=1713663300866&CODE_STATE=getMsg HTTP/1.1" 200 27
222.70.183.82 - - [21/Apr/2024:09:35:02 +0800] "POST /xingrg/kc/buy/cgsh_order_operate.html HTTP/1.1" 200 12
124.78.158.161 - - [21/Apr/2024:09:35:03 +0800] "POST /xingrg/login.do HTTP/1.1" 302 -
124.78.158.161 - - [21/Apr/2024:09:35:03 +0800] "GET /xingrg/index.html?sysBaseUrl=http%3A%2F%2F180.169.147.146%3A18081%2Fxingrg%2F&costTime=806×tamp=1713663303362 HTTP/1.1" 200 17173
124.78.158.161 - - [21/Apr/2024:09:35:03 +0800] "GET /favicon.ico HTTP/1.1" 404 -
124.78.158.161 - - [21/Apr/2024:09:35:03 +0800] "POST /xingrg/all/common/load_tree.html?tree=area_rest_tree_json&manage=1 HTTP/1.1" 200 342
124.78.158.161 - - [21/Apr/2024:09:35:03 +0800] "GET /xingrg/all/function/internal_message.html?_=1713663300792&CODE_STATE=count HTTP/1.1" 200 11
124.78.158.161 - - [21/Apr/2024:09:35:03 +0800] "GET /xingrg/check_reg.html?_=1713663300793 HTTP/1.1" 200 22
124.78.158.161 - - [21/Apr/2024:09:35:04 +0800] "POST /xingrg/load_menu.html HTTP/1.1" 200 5138
116.232.195.13 - - [21/Apr/2024:09:35:04 +0800] "GET /xingrg/kc/buy/cgsh_order_operate.html?command=get_materiel&rest_code=00155&code=00101008242&supplier_code=00100005&order_time=2024-04-21 HTTP/1.1" 200 408
222.70.183.82 - - [21/Apr/2024:09:35:05 +0800] "GET /xingrg/kc/buy/cgsh_order_info.html?code=212024042105658 HTTP/1.1" 200 68859
114.83.220.117 - - [21/Apr/2024:09:35:05 +0800] "POST /xingrg/services/DataTransmitService HTTP/1.1" 200 524
180.164.1.25 - - [21/Apr/2024:09:35:05 +0800] "GET /xingrg/kc/buy/cgsh_order_operate.html?command=get_materiel&rest_code=00108&code=00101008558&supplier_code=00100007&order_time=2024-04-21 HTTP/1.1" 200 409
222.70.183.82 - - [21/Apr/2024:09:35:06 +0800] "GET /xingrg/javascript/easyui/themes/default/validatebox.css HTTP/1.1" 404 1104
222.69.134.233 - - [21/Apr/2024:09:35:06 +0800] "GET /xingrg/all/function/internal_message.html?_=1713663308011&CODE_STATE=getMsg HTTP/1.1" 200 27
180.163.30.27 - - [21/Apr/2024:09:35:06 +0800] "GET /xingrg/kc/buy/cgsh_order_operate.html?command=get_materiel&rest_code=00106&code=00101008061&supplier_code=00100008&order_time=2024-04-21 HTTP/1.1" 302 -
101.83.144.49 - - [21/Apr/2024:09:35:06 +0800] "GET /xingrg/kc/buy/cgsh_order_operate.html?command=get_materiel&rest_code=00105&code=00101029107&supplier_code=00100151&order_time=2024-04-21 HTTP/1.1" 200 410
180.163.30.27 - - [21/Apr/2024:09:35:06 +0800] "GET /xingrg/login.html HTTP/1.1" 200 7641
124.78.158.161 - - [21/Apr/2024:09:35:07 +0800] "GET /xingrg/kc/buy/buy_main.html HTTP/1.1" 200 12412
124.78.158.161 - - [21/Apr/2024:09:35:07 +0800] "GET /xingrg/css/new_ie.css HTTP/1.1" 404 1036
222.70.183.82 - - [21/Apr/2024:09:35:07 +0800] "POST /xingrg/kc/buy/cgsh_order_operate.html HTTP/1.1" 200 610
124.78.158.161 - - [21/Apr/2024:09:35:07 +0800] "GET /xingrg/images/yd/bt.gif HTTP/1.1" 404 1040
124.78.158.161 - - [21/Apr/2024:09:35:08 +0800] "GET /xingrg/kc/buy/cgsh_order_list.html HTTP/1.1" 200 58221
222.70.183.82 - - [21/Apr/2024:09:35:09 +0800] "GET /xingrg/all/function/internal_message.html?_=1713663306246&CODE_STATE=getMsg HTTP/1.1" 200 27
222.70.183.82 - - [21/Apr/2024:09:35:09 +0800] "GET /xingrg/kc/print/load_data.html?order_code=212024042105658&kc_code=cgsh&condition= HTTP/1.1" 200 699
124.78.158.161 - - [21/Apr/2024:09:35:12 +0800] "POST /xingrg/kc/buy/cgsh_list_operate.html HTTP/1.1" 200 1380
116.232.195.13 - - [21/Apr/2024:09:35:12 +0800] "GET /xingrg/all/function/internal_message.html?_=1713663306273&CODE_STATE=getMsg HTTP/1.1" 200 27
116.232.195.13 - - [21/Apr/2024:09:35:12 +0800] "GET /xingrg/check_reg.html?_=1713663306280 HTTP/1.1" 200 22
124.78.158.161 - - [21/Apr/2024:09:35:14 +0800] "POST /xingrg/kc/buy/cgsh_list_operate.html HTTP/1.1" 200 565
180.164.1.25 - - [21/Apr/2024:09:35:14 +0800] "GET /xingrg/kc/buy/cgsh_order_operate.html?command=get_materiel&rest_code=00108&code=00101008160&supplier_code=00100007&order_time=2024-04-21 HTTP/1.1" 200 409
124.78.158.161 - - [21/Apr/2024:09:35:16 +0800] "GET /xingrg/kc/buy/cgsh_order_info.html?code=212024042105653 HTTP/1.1" 200 74011
124.78.158.161 - - [21/Apr/2024:09:35:16 +0800] "GET /xingrg/javascript/easyui/themes/default/validatebox.css HTTP/1.1" 404 1104
124.78.158.161 - - [21/Apr/2024:09:35:16 +0800] "GET /xingrg/all/common/auto_word.html?type=employee&rest_code=00106 HTTP/1.1" 200 205
124.78.158.161 - - [21/Apr/2024:09:35:16 +0800] "GET /xingrg/all/common/auto_word.html?type=employee&rest_code=00106 HTTP/1.1" 200 205
221.239.169.251 - - [21/Apr/2024:09:35:18 +0800] "GET /xingrg/all/function/internal_message.html?_=1713663317605&CODE_STATE=getMsg HTTP/1.1" 200 27
221.239.169.251 - - [21/Apr/2024:09:35:18 +0800] "GET /xingrg/check_reg.html?_=1713663317607 HTTP/1.1" 200 22
101.83.144.49 - - [21/Apr/2024:09:35:19 +0800] "POST /xingrg/kc/buy/cgsh_order_operate.html HTTP/1.1" 200 37
124.78.158.161 - - [21/Apr/2024:09:35:19 +0800] "POST /xingrg/kc/buy/cgsh_order_operate.html HTTP/1.1" 200 23966
101.83.144.49 - - [21/Apr/2024:09:35:22 +0800] "POST /xingrg/kc/buy/cgsh_order_operate.html HTTP/1.1" 200 2655
180.164.1.25 - - [21/Apr/2024:09:35:24 +0800] "GET /xingrg/kc/buy/cgsh_order_operate.html?command=get_materiel&rest_code=00108&code=00101008271&supplier_code=00100007&order_time=2024-04-21 HTTP/1.1" 200 408
101.83.144.49 - - [21/Apr/2024:09:35:24 +0800] "GET /xingrg/kc/print/load_data.html?order_code=212024042105659&kc_code=cgsh&condition= HTTP/1.1" 200 647
124.78.158.161 - - [21/Apr/2024:09:35:24 +0800] "GET /xingrg/javascript/auto/indicator.gif HTTP/1.1" 404 1066
116.232.195.13 - - [21/Apr/2024:09:35:27 +0800] "GET /xingrg/kc/buy/cgsh_order_operate.html?command=get_materiel&rest_code=00155&code=00101008765&supplier_code=00100005&order_time=2024-04-21 HTTP/1.1" 200 416
120.253.135.82 - - [21/Apr/2024:09:35:28 +0800] "GET /xingrg/check_reg.html?_=1713663174226 HTTP/1.1" 200 22
180.164.1.25 - - [21/Apr/2024:09:35:29 +0800] "GET /xingrg/all/function/internal_message.html?_=1713663329464&CODE_STATE=getMsg HTTP/1.1" 200 27
124.78.158.161 - - [21/Apr/2024:09:35:29 +0800] "GET /xingrg/kc/buy/cgsh_order_operate.html?command=get_materiel&rest_code=00106&code=00101009140&supplier_code=00100008&order_time=2024-04-21 HTTP/1.1" 200 412
120.253.135.82 - - [21/Apr/2024:09:35:30 +0800] "GET /xingrg/all/function/internal_message.html?_=1713663175682&CODE_STATE=getMsg HTTP/1.1" 200 27
180.164.1.25 - - [21/Apr/2024:09:35:30 +0800] "POST /xingrg/kc/buy/cgsh_order_operate.html HTTP/1.1" 200 2065
116.238.97.31 - - [21/Apr/2024:09:35:33 +0800] "GET /xingrg/all/function/internal_message.html?_=1713663335018&CODE_STATE=getMsg HTTP/1.1" 302 -
116.238.97.31 - - [21/Apr/2024:09:35:33 +0800] "GET /xingrg/check_reg.html?_=1713663335021 HTTP/1.1" 302 -
116.228.172.94 - - [21/Apr/2024:09:35:33 +0800] "GET /xingrg/check_reg.html?_=1713662876676 HTTP/1.1" 200 22
116.238.97.31 - - [21/Apr/2024:09:35:33 +0800] "GET /xingrg/login.html HTTP/1.1" 200 7641
116.238.97.31 - - [21/Apr/2024:09:35:33 +0800] "GET /xingrg/login.html HTTP/1.1" 200 7641
180.164.1.25 - - [21/Apr/2024:09:35:38 +0800] "GET /xingrg/kc/buy/cgsh_order_operate.html?command=get_materiel&rest_code=00108&code=00101008087&supplier_code=00100007&order_time=2024-04-21 HTTP/1.1" 200 412
101.83.144.49 - - [21/Apr/2024:09:35:41 +0800] "GET /xingrg/all/function/internal_message.html?_=1713663342684&CODE_STATE=getMsg HTTP/1.1" 200 27
124.78.158.161 - - [21/Apr/2024:09:35:42 +0800] "GET /xingrg/kc/buy/cgsh_order_operate.html?command=get_materiel&rest_code=00106&code=00101009015&supplier_code=00100008&order_time=2024-04-21 HTTP/1.1" 200 416
116.232.195.13 - - [21/Apr/2024:09:35:42 +0800] "GET /xingrg/kc/buy/cgsh_order_operate.html?command=get_materiel&rest_code=00155&code=00101009031&supplier_code=00100005&order_time=2024-04-21 HTTP/1.1" 200 413
116.228.172.94 - - [21/Apr/2024:09:35:42 +0800] "GET /xingrg/all/function/internal_message.html?_=1713662885815&CODE_STATE=getMsg HTTP/1.1" 200 27
116.232.195.13 - - [21/Apr/2024:09:35:48 +0800] "POST /xingrg/kc/buy/cgsh_order_operate.html HTTP/1.1" 200 2065
180.164.1.25 - - [21/Apr/2024:09:35:49 +0800] "GET /xingrg/kc/buy/cgsh_order_operate.html?command=get_materiel&rest_code=00108&code=00101008199&supplier_code=00100007&order_time=2024-04-21 HTTP/1.1" 200 408
124.78.158.161 - - [21/Apr/2024:09:35:51 +0800] "GET /xingrg/kc/buy/cgsh_order_operate.html?command=get_materiel&rest_code=00106&code=00101009011&supplier_code=00100008&order_time=2024-04-21 HTTP/1.1" 200 416
180.163.30.100 - - [21/Apr/2024:09:35:53 +0800] "GET /xingrg/all/function/internal_message.html?_=1713663290697&CODE_STATE=getMsg HTTP/1.1" 302 -
180.163.30.100 - - [21/Apr/2024:09:35:53 +0800] "GET /xingrg/login.html HTTP/1.1" 200 7641
116.232.195.13 - - [21/Apr/2024:09:35:57 +0800] "GET /xingrg/kc/buy/cgsh_order_operate.html?command=get_materiel&rest_code=00155&code=00101008095&supplier_code=00100005&order_time=2024-04-21 HTTP/1.1" 200 412
116.224.254.208 - - [21/Apr/2024:09:35:57 +0800] "GET /xingrg/all/function/internal_message.html?_=1713663357631&CODE_STATE=getMsg HTTP/1.1" 200 27
124.78.56.241 - - [21/Apr/2024:09:36:00 +0800] "GET /xingrg/check_reg.html?_=1713663360865 HTTP/1.1" 200 22
124.78.56.241 - - [21/Apr/2024:09:36:00 +0800] "GET /xingrg/all/function/internal_message.html?_=1713663360868&CODE_STATE=getMsg HTTP/1.1" 200 27
124.78.158.161 - - [21/Apr/2024:09:36:03 +0800] "POST /xingrg/kc/buy/cgsh_order_operate.html HTTP/1.1" 200 37
222.69.134.233 - - [21/Apr/2024:09:36:06 +0800] "GET /xingrg/all/function/internal_message.html?_=1713663368011&CODE_STATE=getMsg HTTP/1.1" 200 27
124.78.158.161 - - [21/Apr/2024:09:36:07 +0800] "POST /xingrg/kc/buy/cgsh_order_operate.html HTTP/1.1" 200 25754
124.78.158.161 - - [21/Apr/2024:09:36:08 +0800] "GET /xingrg/kc/print/load_config.html?kc_code=cgsh HTTP/1.1" 200 1927
124.78.158.161 - - [21/Apr/2024:09:36:09 +0800] "GET /xingrg/kc/print/load_data.html?order_code=212024042105653&kc_code=cgsh HTTP/1.1" 200 9437
222.70.183.82 - - [21/Apr/2024:09:36:09 +0800] "GET /xingrg/all/function/internal_message.html?_=1713663366218&CODE_STATE=getMsg HTTP/1.1" 200 27
116.232.195.13 - - [21/Apr/2024:09:36:11 +0800] "GET /xingrg/kc/buy/cgsh_order_operate.html?command=get_materiel&rest_code=00155&code=00101008110&supplier_code=00100005&order_time=2024-04-21 HTTP/1.1" 200 408
180.164.1.25 - - [21/Apr/2024:09:36:12 +0800] "GET /xingrg/kc/buy/cgsh_order_operate.html?command=get_materiel&rest_code=00108&code=00101009066&supplier_code=00100007&order_time=2024-04-21 HTTP/1.1" 200 416
116.232.195.13 - - [21/Apr/2024:09:36:12 +0800] "GET /xingrg/all/function/internal_message.html?_=1713663366297&CODE_STATE=getMsg HTTP/1.1" 200 27
221.239.169.251 - - [21/Apr/2024:09:36:18 +0800] "GET /xingrg/all/function/internal_message.html?_=1713663377608&CODE_STATE=getMsg HTTP/1.1" 200 27
180.164.1.25 - - [21/Apr/2024:09:36:22 +0800] "POST /xingrg/kc/buy/cgsh_order_operate.html HTTP/1.1" 200 2065
116.232.195.13 - - [21/Apr/2024:09:36:27 +0800] "GET /xingrg/kc/buy/cgsh_order_operate.html?command=get_materiel&rest_code=00155&code=00101008223&supplier_code=00100005&order_time=2024-04-21 HTTP/1.1" 200 412
180.164.1.25 - - [21/Apr/2024:09:36:29 +0800] "GET /xingrg/all/function/internal_message.html?_=1713663389443&CODE_STATE=getMsg HTTP/1.1" 200 27
180.164.1.25 - - [21/Apr/2024:09:36:29 +0800] "GET /xingrg/kc/buy/cgsh_order_operate.html?command=get_materiel&rest_code=00108&code=00101009062&supplier_code=00100007&order_time=2024-04-21 HTTP/1.1" 200 412
120.253.135.82 - - [21/Apr/2024:09:36:30 +0800] "GET /xingrg/all/function/internal_message.html?_=1713663235697&CODE_STATE=getMsg HTTP/1.1" 200 27
116.238.97.31 - - [21/Apr/2024:09:36:33 +0800] "GET /xingrg/all/function/internal_message.html?_=1713663394992&CODE_STATE=getMsg HTTP/1.1" 302 -
101.83.144.49 - - [21/Apr/2024:09:36:41 +0800] "GET /xingrg/all/function/internal_message.html?_=1713663402684&CODE_STATE=getMsg HTTP/1.1" 200 27
101.83.144.49 - - [21/Apr/2024:09:36:41 +0800] "GET /xingrg/check_reg.html?_=1713663402689 HTTP/1.1" 200 22
116.228.172.94 - - [21/Apr/2024:09:36:42 +0800] "GET /xingrg/all/function/internal_message.html?_=1713662945814&CODE_STATE=getMsg HTTP/1.1" 200 27
116.232.195.13 - - [21/Apr/2024:09:36:48 +0800] "GET /xingrg/kc/buy/cgsh_order_operate.html?command=get_materiel&rest_code=00155&code=00101008168&supplier_code=00100005&order_time=2024-04-21 HTTP/1.1" 200 413
180.164.1.25 - - [21/Apr/2024:09:36:52 +0800] "GET /xingrg/kc/buy/cgsh_order_operate.html?command=get_materiel&rest_code=00108&code=00101009012&supplier_code=00100007&order_time=2024-04-21 HTTP/1.1" 200 409
116.224.254.208 - - [21/Apr/2024:09:36:57 +0800] "GET /xingrg/all/function/internal_message.html?_=1713663417610&CODE_STATE=getMsg HTTP/1.1" 200 27
124.78.56.241 - - [21/Apr/2024:09:37:00 +0800] "GET /xingrg/all/function/internal_message.html?_=1713663420862&CODE_STATE=getMsg HTTP/1.1" 200 27
180.164.1.25 - - [21/Apr/2024:09:37:01 +0800] "GET /xingrg/kc/buy/cgsh_order_operate.html?command=get_materiel&rest_code=00108&code=00101009011&supplier_code=00100007&order_time=2024-04-21 HTTP/1.1" 200 416
124.78.158.161 - - [21/Apr/2024:09:37:03 +0800] "GET /xingrg/all/function/internal_message.html?_=1713663420803&CODE_STATE=getMsg HTTP/1.1" 200 27
116.234.0.158 - - [21/Apr/2024:09:37:06 +0800] "GET /xingrg/login_supplier.html HTTP/1.1" 200 3208
222.69.134.233 - - [21/Apr/2024:09:37:06 +0800] "GET /xingrg/all/function/internal_message.html?_=1713663428007&CODE_STATE=getMsg HTTP/1.1" 200 27
101.83.144.49 - - [21/Apr/2024:09:37:06 +0800] "GET /xingrg/kc/buy/cgsh_order_add.html HTTP/1.1" 200 74116
101.83.144.49 - - [21/Apr/2024:09:37:07 +0800] "GET /xingrg/javascript/easyui/themes/default/validatebox.css HTTP/1.1" 404 1104
101.83.144.49 - - [21/Apr/2024:09:37:07 +0800] "POST /xingrg/kc/buy/cgsh_order_operate.html HTTP/1.1" 200 8245
116.234.0.158 - - [21/Apr/2024:09:37:07 +0800] "GET /favicon.ico HTTP/1.1" 404 -
222.70.183.82 - - [21/Apr/2024:09:37:09 +0800] "GET /xingrg/all/function/internal_message.html?_=1713663426201&CODE_STATE=getMsg HTTP/1.1" 200 27
116.232.195.13 - - [21/Apr/2024:09:37:12 +0800] "GET /xingrg/all/function/internal_message.html?_=1713663426294&CODE_STATE=getMsg HTTP/1.1" 200 27
180.164.1.25 - - [21/Apr/2024:09:37:15 +0800] "POST /xingrg/kc/buy/cgsh_order_operate.html HTTP/1.1" 200 37
180.164.1.25 - - [21/Apr/2024:09:37:17 +0800] "POST /xingrg/kc/buy/cgsh_order_operate.html HTTP/1.1" 200 26899
180.164.1.25 - - [21/Apr/2024:09:37:18 +0800] "GET /xingrg/kc/print/load_config.html?kc_code=cgsh HTTP/1.1" 200 1927
221.239.169.251 - - [21/Apr/2024:09:37:18 +0800] "GET /xingrg/all/function/internal_message.html?_=1713663437602&CODE_STATE=getMsg HTTP/1.1" 200 27
180.164.1.25 - - [21/Apr/2024:09:37:18 +0800] "GET /xingrg/kc/print/load_data.html?order_code=212024042105660&kc_code=cgsh&condition= HTTP/1.1" 200 9901
116.234.0.158 - - [21/Apr/2024:09:37:22 +0800] "POST /xingrg/login_supplier.html HTTP/1.1" 200 3224
180.164.1.25 - - [21/Apr/2024:09:37:24 +0800] "GET /xingrg/kc/print/load_data.html?order_code=212024042105660&kc_code=cgsh HTTP/1.1" 200 9901
120.253.135.82 - - [21/Apr/2024:09:37:30 +0800] "GET /xingrg/all/function/internal_message.html?_=1713663295710&CODE_STATE=getMsg HTTP/1.1" 200 27
180.164.1.25 - - [21/Apr/2024:09:37:33 +0800] "GET /xingrg/all/function/internal_message.html?_=1713663452998&CODE_STATE=getMsg HTTP/1.1" 200 27
116.238.97.31 - - [21/Apr/2024:09:37:33 +0800] "GET /xingrg/all/function/internal_message.html?_=1713663454969&CODE_STATE=getMsg HTTP/1.1" 302 -
116.234.0.158 - - [21/Apr/2024:09:37:36 +0800] "POST /xingrg/login_supplier.html HTTP/1.1" 302 -
116.234.0.158 - - [21/Apr/2024:09:37:36 +0800] "GET /xingrg/supplier_index.html?sysBaseUrl=http%3A%2F%2F180.169.147.146%3A18081%2Fxingrg%2F&costTime=226×tamp=1713663456242 HTTP/1.1" 200 9061
116.234.0.158 - - [21/Apr/2024:09:37:36 +0800] "GET /favicon.ico HTTP/1.1" 404 -
116.234.0.158 - - [21/Apr/2024:09:37:39 +0800] "GET /xingrg/supplier/cgsh_order_list.html HTTP/1.1" 200 10896
101.83.144.49 - - [21/Apr/2024:09:37:41 +0800] "GET /xingrg/all/function/internal_message.html?_=1713663462698&CODE_STATE=getMsg HTTP/1.1" 200 27
116.228.172.94 - - [21/Apr/2024:09:37:42 +0800] "GET /xingrg/all/function/internal_message.html?_=1713663005816&CODE_STATE=getMsg HTTP/1.1" 200 27
116.234.0.158 - - [21/Apr/2024:09:37:43 +0800] "POST /xingrg/supplier/cgsh_list_operate.html HTTP/1.1" 200 4859
222.70.240.29 - - [21/Apr/2024:09:37:49 +0800] "GET /xingrg/check_reg.html?_=1713663492067 HTTP/1.1" 302 -
101.83.144.49 - - [21/Apr/2024:09:37:53 +0800] "GET /xingrg/javascript/jquery_easy_ui/themes/default/images/tabs_active.png HTTP/1.1" 304 -
116.234.0.158 - - [21/Apr/2024:09:37:55 +0800] "GET /xingrg/javascript/jquery_tools/images/prev.gif HTTP/1.1" 404 1086
116.234.0.158 - - [21/Apr/2024:09:37:55 +0800] "GET /xingrg/javascript/jquery_tools/images/next.gif HTTP/1.1" 404 1086
116.238.97.31 - - [21/Apr/2024:09:37:56 +0800] "GET /xingrg/kc/buy/buy_main.html HTTP/1.1" 302 -
116.238.97.31 - - [21/Apr/2024:09:37:56 +0800] "GET /xingrg/login.html HTTP/1.1" 200 7641
116.238.97.31 - - [21/Apr/2024:09:37:56 +0800] "GET /xingrg/login.html HTTP/1.1" 200 7641
116.238.97.31 - - [21/Apr/2024:09:37:56 +0800] "GET /favicon.ico HTTP/1.1" 404 -
116.224.254.208 - - [21/Apr/2024:09:37:57 +0800] "GET /xingrg/check_reg.html?_=1713663477563 HTTP/1.1" 200 22
116.224.254.208 - - [21/Apr/2024:09:37:57 +0800] "GET /xingrg/all/function/internal_message.html?_=1713663477591&CODE_STATE=getMsg HTTP/1.1" 200 27
116.238.97.31 - - [21/Apr/2024:09:37:59 +0800] "POST /xingrg/login.do HTTP/1.1" 302 -
116.238.97.31 - - [21/Apr/2024:09:37:59 +0800] "GET /xingrg/index.html?sysBaseUrl=http%3A%2F%2F180.169.147.146%3A18081%2Fxingrg%2F&costTime=804×tamp=1713663479849 HTTP/1.1" 200 17173
116.238.97.31 - - [21/Apr/2024:09:38:00 +0800] "GET /favicon.ico HTTP/1.1" 404 -
116.238.97.31 - - [21/Apr/2024:09:38:00 +0800] "GET /xingrg/all/function/internal_message.html?_=1713663481733&CODE_STATE=count HTTP/1.1" 200 11
116.238.97.31 - - [21/Apr/2024:09:38:00 +0800] "GET /xingrg/check_reg.html?_=1713663481733 HTTP/1.1" 200 22
116.238.97.31 - - [21/Apr/2024:09:38:00 +0800] "POST /xingrg/all/common/load_tree.html?tree=area_rest_tree_json&manage=1 HTTP/1.1" 200 342
116.238.97.31 - - [21/Apr/2024:09:38:00 +0800] "POST /xingrg/load_menu.html HTTP/1.1" 200 5138
124.78.56.241 - - [21/Apr/2024:09:38:00 +0800] "GET /xingrg/all/function/internal_message.html?_=1713663480859&CODE_STATE=getMsg HTTP/1.1" 200 27
180.163.30.100 - - [21/Apr/2024:09:38:03 +0800] "GET /xingrg/all/function/internal_message.html?_=1713663420803&CODE_STATE=getMsg HTTP/1.1" 302 -
116.238.97.31 - - [21/Apr/2024:09:38:03 +0800] "GET /xingrg/kc/buy/buy_main.html HTTP/1.1" 200 12412
180.163.30.100 - - [21/Apr/2024:09:38:03 +0800] "GET /xingrg/login.html HTTP/1.1" 200 7641
116.238.97.31 - - [21/Apr/2024:09:38:03 +0800] "GET /xingrg/css/new_ie.css HTTP/1.1" 404 1036
116.238.97.31 - - [21/Apr/2024:09:38:03 +0800] "GET /xingrg/javascript/jquery_ui/themes/humanity/humanity.css HTTP/1.1" 200 27801
116.238.97.31 - - [21/Apr/2024:09:38:03 +0800] "GET /xingrg/javascript/jquery_ui/jquery-ui.min.js HTTP/1.1" 200 186181
116.238.97.31 - - [21/Apr/2024:09:38:03 +0800] "GET /xingrg/images/blue/button/cgxqd.gif HTTP/1.1" 200 2619
116.238.97.31 - - [21/Apr/2024:09:38:03 +0800] "GET /xingrg/images/blue/button/cgydd.gif HTTP/1.1" 200 2712
116.238.97.31 - - [21/Apr/2024:09:38:03 +0800] "GET /xingrg/images/blue/button/cgfkd.gif HTTP/1.1" 200 2075
116.238.97.31 - - [21/Apr/2024:09:38:03 +0800] "GET /xingrg/images/blue/button/cgshd.gif HTTP/1.1" 200 2618
116.238.97.31 - - [21/Apr/2024:09:38:03 +0800] "GET /xingrg/images/blue/button/ckthd.gif HTTP/1.1" 200 2045
116.238.97.31 - - [21/Apr/2024:09:38:03 +0800] "GET /xingrg/images/blue/button/down_ah.jpg HTTP/1.1" 200 1732
116.238.97.31 - - [21/Apr/2024:09:38:03 +0800] "GET /xingrg/javascript/jquery_ui/themes/humanity/images/ui-bg_inset-soft_100_f4f0ec_1x100.png HTTP/1.1" 200 141
116.238.97.31 - - [21/Apr/2024:09:38:03 +0800] "GET /xingrg/javascript/jquery_ui/themes/humanity/images/ui-icons_ffffff_256x240.png HTTP/1.1" 200 4369
116.238.97.31 - - [21/Apr/2024:09:38:03 +0800] "GET /xingrg/javascript/jquery_ui/themes/humanity/images/ui-bg_glass_70_ede4d4_1x400.png HTTP/1.1" 200 161
116.238.97.31 - - [21/Apr/2024:09:38:03 +0800] "GET /xingrg/javascript/jquery_ui/themes/humanity/images/ui-iconsnew.jpg HTTP/1.1" 200 337
116.238.97.31 - - [21/Apr/2024:09:38:03 +0800] "GET /xingrg/javascript/jquery_ui/themes/humanity/images/ui-icons_c47a23_256x240.png HTTP/1.1" 200 5355
124.78.158.161 - - [21/Apr/2024:09:38:03 +0800] "GET /xingrg/all/function/internal_message.html?_=1713663480773&CODE_STATE=getMsg HTTP/1.1" 200 27
222.69.134.233 - - [21/Apr/2024:09:38:06 +0800] "GET /xingrg/check_reg.html?_=1713663488001 HTTP/1.1" 200 22
222.69.134.233 - - [21/Apr/2024:09:38:06 +0800] "GET /xingrg/all/function/internal_message.html?_=1713663488003&CODE_STATE=getMsg HTTP/1.1" 200 27
101.83.144.49 - - [21/Apr/2024:09:38:06 +0800] "GET /xingrg/kc/buy/cgsh_order_operate.html?command=get_materiel&rest_code=00105&code=00102013070&supplier_code=00100075&order_time=2024-04-21 HTTP/1.1" 200 413
116.234.0.158 - - [21/Apr/2024:09:38:06 +0800] "POST /xingrg/supplier/cgsh_list_operate.html HTTP/1.1" 200 3265
222.70.183.82 - - [21/Apr/2024:09:38:09 +0800] "GET /xingrg/all/function/internal_message.html?_=1713663486174&CODE_STATE=getMsg HTTP/1.1" 200 27
116.232.195.13 - - [21/Apr/2024:09:38:12 +0800] "GET /xingrg/all/function/internal_message.html?_=1713663486285&CODE_STATE=getMsg HTTP/1.1" 200 27
116.238.97.31 - - [21/Apr/2024:09:38:13 +0800] "GET /xingrg/kc/buy/cgsh_order_list.html HTTP/1.1" 200 58221
116.238.97.31 - - [21/Apr/2024:09:38:15 +0800] "POST /xingrg/kc/buy/cgsh_list_operate.html HTTP/1.1" 200 645
221.239.169.251 - - [21/Apr/2024:09:38:18 +0800] "GET /xingrg/all/function/internal_message.html?_=1713663497608&CODE_STATE=getMsg HTTP/1.1" 200 27
116.238.97.31 - - [21/Apr/2024:09:38:23 +0800] "GET /xingrg/kc/buy/cgsh_order_add.html HTTP/1.1" 200 74069
116.238.97.31 - - [21/Apr/2024:09:38:23 +0800] "GET /xingrg/words/20240420150309_words.js HTTP/1.1" 200 1020832
116.238.97.31 - - [21/Apr/2024:09:38:23 +0800] "POST /xingrg/kc/buy/cgsh_order_operate.html HTTP/1.1" 200 8245
116.238.97.31 - - [21/Apr/2024:09:38:23 +0800] "GET /xingrg/javascript/easyui/themes/default/validatebox.css HTTP/1.1" 404 1104
116.238.97.31 - - [21/Apr/2024:09:38:23 +0800] "GET /xingrg/all/common/auto_word.html?type=employee&rest_code=00102 HTTP/1.1" 200 189
116.238.97.31 - - [21/Apr/2024:09:38:23 +0800] "GET /xingrg/all/common/auto_word.html?type=employee&rest_code=00102 HTTP/1.1" 200 189
116.238.97.31 - - [21/Apr/2024:09:38:29 +0800] "GET /xingrg/javascript/auto/indicator.gif HTTP/1.1" 404 1066
180.164.1.25 - - [21/Apr/2024:09:38:29 +0800] "GET /xingrg/check_reg.html?_=1713663509462 HTTP/1.1" 200 22
120.253.135.82 - - [21/Apr/2024:09:38:30 +0800] "GET /xingrg/all/function/internal_message.html?_=1713663355979&CODE_STATE=getMsg HTTP/1.1" 200 27
180.164.1.25 - - [21/Apr/2024:09:38:33 +0800] "GET /xingrg/all/function/internal_message.html?_=1713663512991&CODE_STATE=getMsg HTTP/1.1" 200 27
116.238.97.31 - - [21/Apr/2024:09:38:33 +0800] "GET /xingrg/javascript/easyui/themes/default/tree.css HTTP/1.1" 404 1090
116.238.97.31 - - [21/Apr/2024:09:38:34 +0800] "POST /xingrg/all/common/load_tree.html?tree=supplier_tree_json&isDelete=1 HTTP/1.1" 200 79499
101.83.144.49 - - [21/Apr/2024:09:38:37 +0800] "GET /xingrg/kc/buy/cgsh_order_operate.html?command=get_materiel&rest_code=00105&code=00102013003&supplier_code=00100075&order_time=2024-04-21 HTTP/1.1" 200 409
116.232.195.13 - - [21/Apr/2024:09:38:40 +0800] "GET /xingrg/kc/buy/cgsh_order_operate.html?command=get_materiel&rest_code=00155&code=00101008061&supplier_code=00100005&order_time=2024-04-21 HTTP/1.1" 200 422
101.83.144.49 - - [21/Apr/2024:09:38:41 +0800] "GET /xingrg/all/function/internal_message.html?_=1713663522739&CODE_STATE=getMsg HTTP/1.1" 200 27
116.228.172.94 - - [21/Apr/2024:09:38:42 +0800] "GET /xingrg/all/function/internal_message.html?_=1713663065817&CODE_STATE=getMsg HTTP/1.1" 200 27
116.232.195.13 - - [21/Apr/2024:09:38:46 +0800] "POST /xingrg/kc/buy/cgsh_order_operate.html HTTP/1.1" 200 2065
116.232.195.13 - - [21/Apr/2024:09:38:54 +0800] "GET /xingrg/kc/buy/cgsh_order_operate.html?command=get_materiel&rest_code=00155&code=00101008633&supplier_code=00100005&order_time=2024-04-21 HTTP/1.1" 200 414
116.224.254.208 - - [21/Apr/2024:09:38:57 +0800] "GET /xingrg/all/function/internal_message.html?_=1713663537569&CODE_STATE=getMsg HTTP/1.1" 200 27
116.238.97.31 - - [21/Apr/2024:09:38:59 +0800] "GET /xingrg/kc/buy/cgsh_order_operate.html?command=get_materiel&rest_code=00102&code=00101008223&supplier_code=00100008&order_time=2024-04-21 HTTP/1.1" 200 412
116.238.97.31 - - [21/Apr/2024:09:39:00 +0800] "GET /xingrg/all/function/internal_message.html?_=1713663541745&CODE_STATE=getMsg HTTP/1.1" 200 27
124.78.56.241 - - [21/Apr/2024:09:39:00 +0800] "GET /xingrg/all/function/internal_message.html?_=1713663540872&CODE_STATE=getMsg HTTP/1.1" 200 27
124.78.158.161 - - [21/Apr/2024:09:39:03 +0800] "GET /xingrg/all/function/internal_message.html?_=1713663540745&CODE_STATE=getMsg HTTP/1.1" 200 27
180.163.29.212 - - [21/Apr/2024:09:39:04 +0800] "GET /xingrg/all/function/internal_message.html?_=1713663480773&CODE_STATE=getMsg HTTP/1.1" 302 -
180.163.29.212 - - [21/Apr/2024:09:39:04 +0800] "GET /xingrg/login.html HTTP/1.1" 200 7641
222.69.134.233 - - [21/Apr/2024:09:39:06 +0800] "GET /xingrg/all/function/internal_message.html?_=1713663548006&CODE_STATE=getMsg HTTP/1.1" 200 27
222.70.183.82 - - [21/Apr/2024:09:39:09 +0800] "GET /xingrg/all/function/internal_message.html?_=1713663546149&CODE_STATE=getMsg HTTP/1.1" 200 27
222.70.183.82 - - [21/Apr/2024:09:39:09 +0800] "GET /xingrg/check_reg.html?_=1713663546572 HTTP/1.1" 200 22
116.232.195.13 - - [21/Apr/2024:09:39:12 +0800] "GET /xingrg/all/function/internal_message.html?_=1713663546276&CODE_STATE=getMsg HTTP/1.1" 200 27
221.239.169.251 - - [21/Apr/2024:09:39:18 +0800] "GET /xingrg/all/function/internal_message.html?_=1713663557610&CODE_STATE=getMsg HTTP/1.1" 200 27
116.232.195.13 - - [21/Apr/2024:09:39:19 +0800] "GET /xingrg/kc/buy/cgsh_order_operate.html?command=get_materiel&rest_code=00155&code=00101009175&supplier_code=00100005&order_time=2024-04-21 HTTP/1.1" 200 415
180.164.1.25 - - [21/Apr/2024:09:39:20 +0800] "GET /xingrg/kc/buy/cgsh_order_add.html HTTP/1.1" 200 74126
180.164.1.25 - - [21/Apr/2024:09:39:20 +0800] "POST /xingrg/kc/buy/cgsh_order_operate.html HTTP/1.1" 200 8245
180.164.1.25 - - [21/Apr/2024:09:39:20 +0800] "GET /xingrg/javascript/easyui/themes/default/validatebox.css HTTP/1.1" 404 1104
222.70.183.82 - - [21/Apr/2024:09:39:22 +0800] "POST /xingrg/services/DataTransmitService HTTP/1.1" 200 524
120.253.135.82 - - [21/Apr/2024:09:39:30 +0800] "GET /xingrg/all/function/internal_message.html?_=1713663415987&CODE_STATE=getMsg HTTP/1.1" 200 27
180.164.1.25 - - [21/Apr/2024:09:39:33 +0800] "GET /xingrg/all/function/internal_message.html?_=1713663572967&CODE_STATE=getMsg HTTP/1.1" 200 27
116.238.97.31 - - [21/Apr/2024:09:39:33 +0800] "GET /xingrg/javascript/jquery_tools/images/prev.gif HTTP/1.1" 404 1086
116.238.97.31 - - [21/Apr/2024:09:39:33 +0800] "GET /xingrg/javascript/jquery_tools/images/next.gif HTTP/1.1" 404 1086
101.83.144.49 - - [21/Apr/2024:09:39:41 +0800] "GET /xingrg/all/function/internal_message.html?_=1713663582717&CODE_STATE=getMsg HTTP/1.1" 200 27
116.224.254.208 - - [21/Apr/2024:09:39:41 +0800] "POST /xingrg/kc/buy/cgsh_order_operate.html HTTP/1.1" 200 37
116.228.172.94 - - [21/Apr/2024:09:39:42 +0800] "GET /xingrg/all/function/internal_message.html?_=1713663125822&CODE_STATE=getMsg HTTP/1.1" 200 27
116.235.94.6 - - [21/Apr/2024:09:39:47 +0800] "GET /xingrg/check_reg.html?_=1713663585183 HTTP/1.1" 302 -
116.232.195.13 - - [21/Apr/2024:09:39:51 +0800] "POST /xingrg/kc/buy/cgsh_order_operate.html HTTP/1.1" 200 37
101.83.144.49 - - [21/Apr/2024:09:39:53 +0800] "GET /xingrg/kc/buy/cgsh_order_operate.html?command=get_materiel&rest_code=00105&code=00102013071&supplier_code=00100075&order_time=2024-04-21 HTTP/1.1" 200 417
116.232.195.13 - - [21/Apr/2024:09:39:55 +0800] "POST /xingrg/kc/buy/cgsh_order_operate.html HTTP/1.1" 200 24019
116.224.254.208 - - [21/Apr/2024:09:39:57 +0800] "GET /xingrg/all/function/internal_message.html?_=1713663597548&CODE_STATE=getMsg HTTP/1.1" 200 27
116.224.254.208 - - [21/Apr/2024:09:39:58 +0800] "POST /xingrg/kc/buy/cgsh_order_operate.html HTTP/1.1" 200 12
116.238.97.31 - - [21/Apr/2024:09:40:00 +0800] "GET /xingrg/all/function/internal_message.html?_=1713663601750&CODE_STATE=getMsg HTTP/1.1" 200 27
116.232.195.13 - - [21/Apr/2024:09:40:00 +0800] "GET /xingrg/kc/print/load_config.html?kc_code=cgsh HTTP/1.1" 200 1927
124.78.56.241 - - [21/Apr/2024:09:40:00 +0800] "GET /xingrg/all/function/internal_message.html?_=1713663600873&CODE_STATE=getMsg HTTP/1.1" 200 27
116.238.97.31 - - [21/Apr/2024:09:40:01 +0800] "POST /xingrg/kc/buy/cgsh_list_operate.html HTTP/1.1" 200 4703
116.232.195.13 - - [21/Apr/2024:09:40:01 +0800] "GET /xingrg/kc/print/load_data.html?order_code=212024042105661&kc_code=cgsh&condition= HTTP/1.1" 200 8855
116.224.254.208 - - [21/Apr/2024:09:40:02 +0800] "GET /xingrg/kc/buy/cgsh_order_info.html?code=212024042105649 HTTP/1.1" 200 68949
116.224.254.208 - - [21/Apr/2024:09:40:03 +0800] "GET /xingrg/javascript/easyui/themes/default/validatebox.css HTTP/1.1" 404 1104
124.78.158.161 - - [21/Apr/2024:09:40:03 +0800] "GET /xingrg/all/function/internal_message.html?_=1713663600722&CODE_STATE=getMsg HTTP/1.1" 200 27
124.78.158.161 - - [21/Apr/2024:09:40:03 +0800] "GET /xingrg/check_reg.html?_=1713663600803 HTTP/1.1" 200 22
116.224.254.208 - - [21/Apr/2024:09:40:04 +0800] "POST /xingrg/kc/buy/cgsh_order_operate.html HTTP/1.1" 200 33141
116.224.254.208 - - [21/Apr/2024:09:40:05 +0800] "GET /xingrg/kc/print/load_config.html?kc_code=cgsh HTTP/1.1" 200 1927
222.69.134.233 - - [21/Apr/2024:09:40:06 +0800] "GET /xingrg/all/function/internal_message.html?_=1713663608007&CODE_STATE=getMsg HTTP/1.1" 200 27
116.238.97.31 - - [21/Apr/2024:09:40:06 +0800] "POST /xingrg/kc/buy/cgsh_list_operate.html HTTP/1.1" 200 574
101.83.144.49 - - [21/Apr/2024:09:40:08 +0800] "POST /xingrg/kc/buy/cgsh_order_operate.html HTTP/1.1" 200 37
116.224.254.208 - - [21/Apr/2024:09:40:08 +0800] "GET /xingrg/kc/print/load_data.html?order_code=212024042105649&kc_code=cgsh&condition= HTTP/1.1" 200 13014
222.70.183.82 - - [21/Apr/2024:09:40:09 +0800] "GET /xingrg/all/function/internal_message.html?_=1713663606133&CODE_STATE=getMsg HTTP/1.1" 200 27
116.238.97.31 - - [21/Apr/2024:09:40:10 +0800] "GET /xingrg/kc/buy/cgsh_order_info.html?code=212024042005324 HTTP/1.1" 200 68938
101.83.144.49 - - [21/Apr/2024:09:40:10 +0800] "POST /xingrg/kc/buy/cgsh_order_operate.html HTTP/1.1" 200 3857
116.238.97.31 - - [21/Apr/2024:09:40:10 +0800] "GET /xingrg/javascript/easyui/themes/default/validatebox.css HTTP/1.1" 404 1104
116.238.97.31 - - [21/Apr/2024:09:40:11 +0800] "POST /xingrg/kc/buy/cgsh_order_operate.html HTTP/1.1" 200 15987
101.83.144.49 - - [21/Apr/2024:09:40:12 +0800] "GET /xingrg/kc/print/load_data.html?order_code=212024042105662&kc_code=cgsh&condition= HTTP/1.1" 200 1151
116.232.195.13 - - [21/Apr/2024:09:40:12 +0800] "GET /xingrg/all/function/internal_message.html?_=1713663606294&CODE_STATE=getMsg HTTP/1.1" 200 27
116.232.195.13 - - [21/Apr/2024:09:40:12 +0800] "GET /xingrg/check_reg.html?_=1713663606301 HTTP/1.1" 200 22
116.238.97.31 - - [21/Apr/2024:09:40:14 +0800] "POST /xingrg/kc/buy/cgsh_list_operate.html HTTP/1.1" 200 4703
221.239.169.251 - - [21/Apr/2024:09:40:18 +0800] "GET /xingrg/check_reg.html?_=1713663617605 HTTP/1.1" 200 22
221.239.169.251 - - [21/Apr/2024:09:40:18 +0800] "GET /xingrg/all/function/internal_message.html?_=1713663617607&CODE_STATE=getMsg HTTP/1.1" 200 27
116.238.97.31 - - [21/Apr/2024:09:40:28 +0800] "POST /xingrg/kc/buy/cgsh_list_operate.html HTTP/1.1" 200 4703
120.253.135.82 - - [21/Apr/2024:09:40:28 +0800] "GET /xingrg/check_reg.html?_=1713663474418 HTTP/1.1" 200 22
120.253.135.82 - - [21/Apr/2024:09:40:30 +0800] "GET /xingrg/all/function/internal_message.html?_=1713663476000&CODE_STATE=getMsg HTTP/1.1" 200 27
116.238.97.31 - - [21/Apr/2024:09:40:31 +0800] "GET /xingrg/kc/buy/cgsh_order_list.html HTTP/1.1" 200 58221
180.164.1.25 - - [21/Apr/2024:09:40:33 +0800] "GET /xingrg/all/function/internal_message.html?_=1713663632950&CODE_STATE=getMsg HTTP/1.1" 200 27
116.228.172.94 - - [21/Apr/2024:09:40:33 +0800] "GET /xingrg/check_reg.html?_=1713663176669 HTTP/1.1" 200 22
116.238.97.31 - - [21/Apr/2024:09:40:33 +0800] "POST /xingrg/kc/buy/cgsh_list_operate.html HTTP/1.1" 200 645
116.224.254.208 - - [21/Apr/2024:09:40:34 +0800] "GET /xingrg/kc/buy/cgsh_order_add.html HTTP/1.1" 200 74078
116.224.254.208 - - [21/Apr/2024:09:40:35 +0800] "POST /xingrg/kc/buy/cgsh_order_operate.html HTTP/1.1" 200 8245
116.224.254.208 - - [21/Apr/2024:09:40:35 +0800] "GET /xingrg/javascript/easyui/themes/default/validatebox.css HTTP/1.1" 404 1104
116.238.97.31 - - [21/Apr/2024:09:40:39 +0800] "GET /xingrg/kc/buy/cgsh_order_add.html HTTP/1.1" 200 74069
116.238.97.31 - - [21/Apr/2024:09:40:40 +0800] "POST /xingrg/kc/buy/cgsh_order_operate.html HTTP/1.1" 200 8245
116.238.97.31 - - [21/Apr/2024:09:40:40 +0800] "GET /xingrg/javascript/easyui/themes/default/validatebox.css HTTP/1.1" 404 1104
101.83.144.49 - - [21/Apr/2024:09:40:41 +0800] "GET /xingrg/all/function/internal_message.html?_=1713663642692&CODE_STATE=getMsg HTTP/1.1" 200 27
116.228.172.94 - - [21/Apr/2024:09:40:42 +0800] "GET /xingrg/all/function/internal_message.html?_=1713663185804&CODE_STATE=getMsg HTTP/1.1" 200 27
116.224.254.208 - - [21/Apr/2024:09:40:48 +0800] "GET /xingrg/kc/buy/cgsh_order_operate.html?command=get_materiel&rest_code=00150&code=00101011003&supplier_code=00100047&order_time=2024-04-21 HTTP/1.1" 200 413
116.224.254.208 - - [21/Apr/2024:09:40:57 +0800] "GET /xingrg/all/function/internal_message.html?_=1713663657545&CODE_STATE=getMsg HTTP/1.1" 200 27
116.224.254.208 - - [21/Apr/2024:09:40:59 +0800] "GET /xingrg/kc/buy/cgsh_order_operate.html?command=get_materiel&rest_code=00150&code=00101011010&supplier_code=00100047&order_time=2024-04-21 HTTP/1.1" 200 418
116.238.97.31 - - [21/Apr/2024:09:41:00 +0800] "GET /xingrg/all/function/internal_message.html?_=1713663661752&CODE_STATE=getMsg HTTP/1.1" 200 27
124.78.56.241 - - [21/Apr/2024:09:41:00 +0800] "GET /xingrg/check_reg.html?_=1713663660862 HTTP/1.1" 200 22
124.78.56.241 - - [21/Apr/2024:09:41:00 +0800] "GET /xingrg/all/function/internal_message.html?_=1713663660866&CODE_STATE=getMsg HTTP/1.1" 200 27
180.163.29.219 - - [21/Apr/2024:09:41:03 +0800] "GET /xingrg/check_reg.html?_=1713663600803 HTTP/1.1" 302 -
180.163.29.219 - - [21/Apr/2024:09:41:03 +0800] "GET /xingrg/login.html HTTP/1.1" 200 7641
124.78.158.161 - - [21/Apr/2024:09:41:04 +0800] "GET /xingrg/all/function/internal_message.html?_=1713663660803&CODE_STATE=getMsg HTTP/1.1" 200 27
222.69.134.233 - - [21/Apr/2024:09:41:06 +0800] "GET /xingrg/all/function/internal_message.html?_=1713663668000&CODE_STATE=getMsg HTTP/1.1" 200 27
116.224.254.208 - - [21/Apr/2024:09:41:09 +0800] "POST /xingrg/kc/buy/cgsh_order_operate.html HTTP/1.1" 200 37
222.70.183.82 - - [21/Apr/2024:09:41:09 +0800] "GET /xingrg/all/function/internal_message.html?_=1713663666114&CODE_STATE=getMsg HTTP/1.1" 200 27
116.232.195.13 - - [21/Apr/2024:09:41:12 +0800] "GET /xingrg/all/function/internal_message.html?_=1713663666286&CODE_STATE=getMsg HTTP/1.1" 200 27
116.224.254.208 - - [21/Apr/2024:09:41:17 +0800] "POST /xingrg/kc/buy/cgsh_order_operate.html HTTP/1.1" 200 12
221.239.169.251 - - [21/Apr/2024:09:41:18 +0800] "GET /xingrg/all/function/internal_message.html?_=1713663677612&CODE_STATE=getMsg HTTP/1.1" 200 27
116.224.254.208 - - [21/Apr/2024:09:41:19 +0800] "GET /xingrg/kc/buy/cgsh_order_info.html?code=212024042105663 HTTP/1.1" 200 68949
116.224.254.208 - - [21/Apr/2024:09:41:19 +0800] "GET /xingrg/javascript/easyui/themes/default/validatebox.css HTTP/1.1" 404 1104
116.224.254.208 - - [21/Apr/2024:09:41:20 +0800] "POST /xingrg/kc/buy/cgsh_order_operate.html HTTP/1.1" 200 1206
116.224.254.208 - - [21/Apr/2024:09:41:22 +0800] "GET /xingrg/kc/print/load_data.html?order_code=212024042105663&kc_code=cgsh&condition= HTTP/1.1" 200 989
180.164.1.25 - - [21/Apr/2024:09:41:26 +0800] "GET /xingrg/kc/buy/cgsh_order_operate.html?command=get_materiel&rest_code=00108&code=00101007184&supplier_code=00100002&order_time=2024-04-21 HTTP/1.1" 200 409
116.224.254.208 - - [21/Apr/2024:09:41:26 +0800] "GET /xingrg/kc/buy/cgsh_order_add.html HTTP/1.1" 200 74078
116.224.254.208 - - [21/Apr/2024:09:41:27 +0800] "POST /xingrg/kc/buy/cgsh_order_operate.html HTTP/1.1" 200 8245
116.224.254.208 - - [21/Apr/2024:09:41:27 +0800] "GET /xingrg/javascript/easyui/themes/default/validatebox.css HTTP/1.1" 404 1104
120.253.135.82 - - [21/Apr/2024:09:41:30 +0800] "GET /xingrg/all/function/internal_message.html?_=1713663536014&CODE_STATE=getMsg HTTP/1.1" 200 27
180.164.1.25 - - [21/Apr/2024:09:41:33 +0800] "GET /xingrg/all/function/internal_message.html?_=1713663692935&CODE_STATE=getMsg HTTP/1.1" 200 27
116.224.254.208 - - [21/Apr/2024:09:41:35 +0800] "GET /xingrg/kc/buy/cgsh_order_operate.html?command=get_materiel&rest_code=00150&code=00101001299&supplier_code=00100096&order_time=2024-04-21 HTTP/1.1" 200 415
180.164.1.25 - - [21/Apr/2024:09:41:38 +0800] "GET /xingrg/kc/buy/cgsh_order_operate.html?command=get_materiel&rest_code=00108&code=00101007048&supplier_code=00100002&order_time=2024-04-21 HTTP/1.1" 200 408
101.83.144.49 - - [21/Apr/2024:09:41:41 +0800] "GET /xingrg/all/function/internal_message.html?_=1713663702689&CODE_STATE=getMsg HTTP/1.1" 200 27
101.83.144.49 - - [21/Apr/2024:09:41:41 +0800] "GET /xingrg/check_reg.html?_=1713663702694 HTTP/1.1" 200 22
116.228.172.94 - - [21/Apr/2024:09:41:42 +0800] "GET /xingrg/all/function/internal_message.html?_=1713663245823&CODE_STATE=getMsg HTTP/1.1" 200 27
180.164.1.25 - - [21/Apr/2024:09:41:46 +0800] "GET /xingrg/kc/buy/cgsh_order_operate.html?command=get_materiel&rest_code=00108&code=00101007072&supplier_code=00100002&order_time=2024-04-21 HTTP/1.1" 200 419
116.224.254.208 - - [21/Apr/2024:09:41:48 +0800] "GET /xingrg/kc/buy/cgsh_order_operate.html?command=get_materiel&rest_code=00150&code=00101012025&supplier_code=00100096&order_time=2024-04-21 HTTP/1.1" 200 412
180.164.1.25 - - [21/Apr/2024:09:41:56 +0800] "POST /xingrg/kc/buy/cgsh_order_operate.html HTTP/1.1" 200 37
116.224.254.208 - - [21/Apr/2024:09:41:57 +0800] "GET /xingrg/all/function/internal_message.html?_=1713663717565&CODE_STATE=getMsg HTTP/1.1" 200 27
180.164.1.25 - - [21/Apr/2024:09:41:58 +0800] "POST /xingrg/kc/buy/cgsh_order_operate.html HTTP/1.1" 200 3839
116.238.97.31 - - [21/Apr/2024:09:42:00 +0800] "GET /xingrg/all/function/internal_message.html?_=1713663721750&CODE_STATE=getMsg HTTP/1.1" 200 27
116.224.254.208 - - [21/Apr/2024:09:42:00 +0800] "GET /xingrg/kc/buy/cgsh_order_operate.html?command=get_materiel&rest_code=00150&code=00101007061&supplier_code=00100096&order_time=2024-04-21 HTTP/1.1" 200 411
124.78.56.241 - - [21/Apr/2024:09:42:00 +0800] "GET /xingrg/all/function/internal_message.html?_=1713663720864&CODE_STATE=getMsg HTTP/1.1" 200 27
180.164.1.25 - - [21/Apr/2024:09:42:01 +0800] "GET /xingrg/kc/print/load_data.html?order_code=212024042105664&kc_code=cgsh&condition= HTTP/1.1" 200 1207
124.78.158.161 - - [21/Apr/2024:09:42:03 +0800] "GET /xingrg/all/function/internal_message.html?_=1713663720795&CODE_STATE=getMsg HTTP/1.1" 200 27
180.163.29.103 - - [21/Apr/2024:09:42:04 +0800] "GET /xingrg/all/function/internal_message.html?_=1713663660803&CODE_STATE=getMsg HTTP/1.1" 302 -
180.163.29.103 - - [21/Apr/2024:09:42:04 +0800] "GET /xingrg/login.html HTTP/1.1" 200 7641
180.164.1.25 - - [21/Apr/2024:09:42:04 +0800] "GET /xingrg/kc/buy/cgsh_order_add.html HTTP/1.1" 200 74126
180.164.1.25 - - [21/Apr/2024:09:42:05 +0800] "POST /xingrg/kc/buy/cgsh_order_operate.html HTTP/1.1" 200 8245
180.164.1.25 - - [21/Apr/2024:09:42:05 +0800] "GET /xingrg/javascript/easyui/themes/default/validatebox.css HTTP/1.1" 404 1104
222.69.134.233 - - [21/Apr/2024:09:42:06 +0800] "GET /xingrg/all/function/internal_message.html?_=1713663728005&CODE_STATE=getMsg HTTP/1.1" 200 27
222.70.183.82 - - [21/Apr/2024:09:42:09 +0800] "GET /xingrg/all/function/internal_message.html?_=1713663726097&CODE_STATE=getMsg HTTP/1.1" 200 27
116.224.254.208 - - [21/Apr/2024:09:42:11 +0800] "GET /xingrg/kc/buy/cgsh_order_operate.html?command=get_materiel&rest_code=00150&code=00101007006&supplier_code=00100096&order_time=2024-04-21 HTTP/1.1" 200 414
116.232.195.13 - - [21/Apr/2024:09:42:12 +0800] "GET /xingrg/all/function/internal_message.html?_=1713663726294&CODE_STATE=getMsg HTTP/1.1" 200 27
180.164.1.25 - - [21/Apr/2024:09:42:16 +0800] "GET /xingrg/kc/buy/cgsh_order_operate.html?command=get_materiel&rest_code=00108&code=00101006240&supplier_code=00100012&order_time=2024-04-21 HTTP/1.1" 200 422
221.239.169.251 - - [21/Apr/2024:09:42:18 +0800] "GET /xingrg/all/function/internal_message.html?_=1713663737609&CODE_STATE=getMsg HTTP/1.1" 200 27
116.224.254.208 - - [21/Apr/2024:09:42:23 +0800] "GET /xingrg/kc/buy/cgsh_order_operate.html?command=get_materiel&rest_code=00150&code=00101007181&supplier_code=00100096&order_time=2024-04-21 HTTP/1.1" 200 412
120.253.135.82 - - [21/Apr/2024:09:42:30 +0800] "GET /xingrg/all/function/internal_message.html?_=1713663596028&CODE_STATE=getMsg HTTP/1.1" 200 27
180.164.1.25 - - [21/Apr/2024:09:42:33 +0800] "GET /xingrg/kc/buy/cgsh_order_operate.html?command=get_materiel&rest_code=00108&code=00101001191&supplier_code=00100012&order_time=2024-04-21 HTTP/1.1" 200 413
180.164.1.25 - - [21/Apr/2024:09:42:33 +0800] "GET /xingrg/all/function/internal_message.html?_=1713663752933&CODE_STATE=getMsg HTTP/1.1" 200 27
116.224.254.208 - - [21/Apr/2024:09:42:35 +0800] "GET /xingrg/kc/buy/cgsh_order_operate.html?command=get_materiel&rest_code=00150&code=00101006129&supplier_code=00100096&order_time=2024-04-21 HTTP/1.1" 200 439
101.83.144.49 - - [21/Apr/2024:09:42:41 +0800] "GET /xingrg/all/function/internal_message.html?_=1713663762694&CODE_STATE=getMsg HTTP/1.1" 200 27
116.228.172.94 - - [21/Apr/2024:09:42:42 +0800] "GET /xingrg/all/function/internal_message.html?_=1713663305816&CODE_STATE=getMsg HTTP/1.1" 200 27
116.232.195.13 - - [21/Apr/2024:09:42:42 +0800] "POST /xingrg/kc/buy/cgsh_order_operate.html HTTP/1.1" 200 37
116.232.195.13 - - [21/Apr/2024:09:42:47 +0800] "POST /xingrg/kc/buy/cgsh_order_operate.html HTTP/1.1" 200 24019
180.164.1.25 - - [21/Apr/2024:09:42:47 +0800] "POST /xingrg/kc/buy/cgsh_order_operate.html HTTP/1.1" 200 37
