116.224.254.208 - - [21/Apr/2024:11:16:44 +0800] "GET /xingrg/kc/base/wldb_order_operate.html?command=get_materiel&rest_code=00150&base_code=0010445&code=00101019637 HTTP/1.1" 200 449
116.224.254.208 - - [21/Apr/2024:11:16:48 +0800] "GET /xingrg/kc/base/wldb_order_operate.html?command=get_materiel&rest_code=00150&base_code=0010445&code=00101019175 HTTP/1.1" 200 439
116.224.254.208 - - [21/Apr/2024:11:16:53 +0800] "GET /xingrg/kc/base/wldb_order_operate.html?command=get_materiel&rest_code=00150&base_code=0010445&code=00101019185 HTTP/1.1" 200 469
116.224.254.208 - - [21/Apr/2024:11:16:58 +0800] "GET /xingrg/kc/base/wldb_order_operate.html?command=get_materiel&rest_code=00150&base_code=0010445&code=00101027001 HTTP/1.1" 200 471
124.78.56.241 - - [21/Apr/2024:11:16:58 +0800] "GET /xingrg/kc/buy/cgsh_order_operate.html?command=get_materiel&rest_code=00141&code=00101007038&supplier_code=00100547&order_time=2024-04-21 HTTP/1.1" 200 422
124.78.56.241 - - [21/Apr/2024:11:17:02 +0800] "GET /xingrg/all/function/internal_message.html?_=1713669422131&CODE_STATE=getMsg HTTP/1.1" 200 27
222.69.134.233 - - [21/Apr/2024:11:17:06 +0800] "GET /xingrg/all/function/internal_message.html?_=1713669428004&CODE_STATE=getMsg HTTP/1.1" 200 27
222.70.183.82 - - [21/Apr/2024:11:17:07 +0800] "GET /xingrg/all/function/internal_message.html?_=1713669424509&CODE_STATE=getMsg HTTP/1.1" 200 27
124.78.158.161 - - [21/Apr/2024:11:17:07 +0800] "GET /xingrg/check_reg.html?_=1713669428239 HTTP/1.1" 200 22
124.78.158.161 - - [21/Apr/2024:11:17:07 +0800] "GET /xingrg/all/function/internal_message.html?_=1713669428241&CODE_STATE=getMsg HTTP/1.1" 200 27
116.224.254.208 - - [21/Apr/2024:11:17:08 +0800] "POST /xingrg/kc/base/wldb_order_operate.html HTTP/1.1" 200 37
116.224.254.208 - - [21/Apr/2024:11:17:14 +0800] "POST /xingrg/kc/base/wldb_order_operate.html HTTP/1.1" 200 12
116.224.254.208 - - [21/Apr/2024:11:17:14 +0800] "POST /xingrg/kc/base/wldb_order_operate.html HTTP/1.1" 200 4190
116.224.254.208 - - [21/Apr/2024:11:17:15 +0800] "GET /xingrg/kc/base/wldb_order_info.html?code=422024042101329 HTTP/1.1" 200 26267
116.224.254.208 - - [21/Apr/2024:11:17:16 +0800] "GET /xingrg/javascript/easyui/themes/default/validatebox.css HTTP/1.1" 404 1104
116.224.254.208 - - [21/Apr/2024:11:17:16 +0800] "POST /xingrg/kc/base/wldb_order_operate.html HTTP/1.1" 200 2439
116.224.254.208 - - [21/Apr/2024:11:17:18 +0800] "GET /xingrg/kc/base/wldb_order_add.html HTTP/1.1" 200 30388
116.224.254.208 - - [21/Apr/2024:11:17:18 +0800] "POST /xingrg/kc/base/wldb_order_operate.html HTTP/1.1" 200 6806
116.224.254.208 - - [21/Apr/2024:11:17:18 +0800] "GET /xingrg/javascript/easyui/themes/default/validatebox.css HTTP/1.1" 404 1104
221.239.169.251 - - [21/Apr/2024:11:17:18 +0800] "GET /xingrg/all/function/internal_message.html?_=1713669437699&CODE_STATE=getMsg HTTP/1.1" 200 27
116.232.195.13 - - [21/Apr/2024:11:17:19 +0800] "GET /xingrg/all/function/internal_message.html?_=1713669433180&CODE_STATE=getMsg HTTP/1.1" 200 27
116.238.125.103 - - [21/Apr/2024:11:17:20 +0800] "GET /xingrg/all/function/internal_message.html?_=1713669442770&CODE_STATE=getMsg HTTP/1.1" 200 27
116.224.254.208 - - [21/Apr/2024:11:17:23 +0800] "GET /xingrg/all/function/internal_message.html?_=1713669442742&CODE_STATE=getMsg HTTP/1.1" 200 27
180.163.28.143 - - [21/Apr/2024:11:17:23 +0800] "GET /xingrg/all/function/internal_message.html?_=1713669380105&CODE_STATE=getMsg HTTP/1.1" 302 -
180.163.28.143 - - [21/Apr/2024:11:17:23 +0800] "GET /xingrg/login.html HTTP/1.1" 200 7641
124.78.158.161 - - [21/Apr/2024:11:17:23 +0800] "GET /xingrg/all/function/internal_message.html?_=1713669440079&CODE_STATE=getMsg HTTP/1.1" 200 27
116.224.254.208 - - [21/Apr/2024:11:17:27 +0800] "GET /xingrg/kc/base/wldb_order_operate.html?command=get_materiel&rest_code=00150&base_code=0010446&code=00102034154 HTTP/1.1" 200 440
120.253.135.82 - - [21/Apr/2024:11:17:29 +0800] "GET /xingrg/all/function/internal_message.html?_=1713669294759&CODE_STATE=getMsg HTTP/1.1" 200 27
180.164.1.25 - - [21/Apr/2024:11:17:31 +0800] "GET /xingrg/all/function/internal_message.html?_=1713669451239&CODE_STATE=getMsg HTTP/1.1" 200 27
124.78.56.241 - - [21/Apr/2024:11:17:31 +0800] "POST /xingrg/kc/buy/cgsh_order_operate.html HTTP/1.1" 200 37
116.224.254.208 - - [21/Apr/2024:11:17:33 +0800] "GET /xingrg/kc/base/wldb_order_operate.html?command=get_materiel&rest_code=00150&base_code=0010446&code=00102002138 HTTP/1.1" 200 433
124.78.56.241 - - [21/Apr/2024:11:17:38 +0800] "POST /xingrg/kc/buy/cgsh_order_operate.html HTTP/1.1" 200 12
116.224.254.208 - - [21/Apr/2024:11:17:40 +0800] "GET /xingrg/kc/base/wldb_order_operate.html?command=get_materiel&rest_code=00150&base_code=0010446&code=00102002022 HTTP/1.1" 200 472
101.83.144.49 - - [21/Apr/2024:11:17:40 +0800] "GET /xingrg/all/function/internal_message.html?_=1713669461996&CODE_STATE=getMsg HTTP/1.1" 200 27
116.228.172.94 - - [21/Apr/2024:11:17:42 +0800] "GET /xingrg/all/function/internal_message.html?_=1713669005817&CODE_STATE=getMsg HTTP/1.1" 200 27
222.70.240.29 - - [21/Apr/2024:11:17:50 +0800] "GET /xingrg/check_reg.html?_=1713669493159 HTTP/1.1" 302 -
116.224.254.208 - - [21/Apr/2024:11:17:50 +0800] "POST /xingrg/kc/base/wldb_order_operate.html HTTP/1.1" 200 37
116.224.254.208 - - [21/Apr/2024:11:17:56 +0800] "POST /xingrg/kc/base/wldb_order_operate.html HTTP/1.1" 200 12
116.224.254.208 - - [21/Apr/2024:11:17:56 +0800] "POST /xingrg/kc/base/wldb_order_operate.html HTTP/1.1" 200 3178
116.224.254.208 - - [21/Apr/2024:11:17:57 +0800] "GET /xingrg/kc/base/wldb_order_info.html?code=422024042101330 HTTP/1.1" 200 26263
116.224.254.208 - - [21/Apr/2024:11:17:58 +0800] "GET /xingrg/javascript/easyui/themes/default/validatebox.css HTTP/1.1" 404 1104
116.224.254.208 - - [21/Apr/2024:11:17:58 +0800] "POST /xingrg/kc/base/wldb_order_operate.html HTTP/1.1" 200 1451
124.78.56.241 - - [21/Apr/2024:11:18:04 +0800] "GET /xingrg/kc/buy/cgsh_order_info.html?code=212024042105767 HTTP/1.1" 200 68897
124.78.56.241 - - [21/Apr/2024:11:18:04 +0800] "GET /xingrg/javascript/easyui/themes/default/validatebox.css HTTP/1.1" 404 1104
124.78.56.241 - - [21/Apr/2024:11:18:05 +0800] "POST /xingrg/kc/buy/cgsh_order_operate.html HTTP/1.1" 200 1215
222.69.134.233 - - [21/Apr/2024:11:18:06 +0800] "GET /xingrg/all/function/internal_message.html?_=1713669488004&CODE_STATE=getMsg HTTP/1.1" 200 27
222.69.134.233 - - [21/Apr/2024:11:18:06 +0800] "GET /xingrg/check_reg.html?_=1713669488007 HTTP/1.1" 200 22
222.70.183.82 - - [21/Apr/2024:11:18:07 +0800] "GET /xingrg/all/function/internal_message.html?_=1713669484494&CODE_STATE=getMsg HTTP/1.1" 200 27
124.78.158.161 - - [21/Apr/2024:11:18:07 +0800] "GET /xingrg/all/function/internal_message.html?_=1713669488241&CODE_STATE=getMsg HTTP/1.1" 200 27
116.232.195.13 - - [21/Apr/2024:11:18:18 +0800] "GET /xingrg/check_reg.html?_=1713669491758 HTTP/1.1" 200 22
221.239.169.251 - - [21/Apr/2024:11:18:18 +0800] "GET /xingrg/all/function/internal_message.html?_=1713669497699&CODE_STATE=getMsg HTTP/1.1" 200 27
116.232.195.13 - - [21/Apr/2024:11:18:19 +0800] "GET /xingrg/all/function/internal_message.html?_=1713669493165&CODE_STATE=getMsg HTTP/1.1" 200 27
116.238.125.103 - - [21/Apr/2024:11:18:20 +0800] "GET /xingrg/all/function/internal_message.html?_=1713669502786&CODE_STATE=getMsg HTTP/1.1" 200 27
101.83.144.49 - - [21/Apr/2024:11:18:21 +0800] "POST /xingrg/kc/buy/cgsh_order_operate.html HTTP/1.1" 200 37
124.78.56.241 - - [21/Apr/2024:11:18:21 +0800] "GET /xingrg/kc/print/load_data.html?order_code=212024042105767&kc_code=cgsh&condition= HTTP/1.1" 200 929
116.224.254.208 - - [21/Apr/2024:11:18:23 +0800] "GET /xingrg/all/function/internal_message.html?_=1713669502760&CODE_STATE=getMsg HTTP/1.1" 200 27
124.78.158.161 - - [21/Apr/2024:11:18:23 +0800] "GET /xingrg/all/function/internal_message.html?_=1713669500051&CODE_STATE=getMsg HTTP/1.1" 200 27
124.78.158.161 - - [21/Apr/2024:11:18:24 +0800] "GET /xingrg/check_reg.html?_=1713669501309 HTTP/1.1" 200 22
120.253.135.82 - - [21/Apr/2024:11:18:29 +0800] "GET /xingrg/all/function/internal_message.html?_=1713669354819&CODE_STATE=getMsg HTTP/1.1" 200 27
180.164.1.25 - - [21/Apr/2024:11:18:29 +0800] "GET /xingrg/check_reg.html?_=1713669509729 HTTP/1.1" 200 22
180.164.1.25 - - [21/Apr/2024:11:18:31 +0800] "GET /xingrg/all/function/internal_message.html?_=1713669511222&CODE_STATE=getMsg HTTP/1.1" 200 27
124.78.56.241 - - [21/Apr/2024:11:18:41 +0800] "POST /xingrg/kc/buy/cgsh_order_operate.html HTTP/1.1" 200 8245
124.78.56.241 - - [21/Apr/2024:11:18:41 +0800] "GET /xingrg/javascript/easyui/themes/default/validatebox.css HTTP/1.1" 404 1104
116.228.172.94 - - [21/Apr/2024:11:18:42 +0800] "GET /xingrg/all/function/internal_message.html?_=1713669065814&CODE_STATE=getMsg HTTP/1.1" 200 27
124.78.56.241 - - [21/Apr/2024:11:18:44 +0800] "GET /xingrg/javascript/jquery_tools/images/prev.gif HTTP/1.1" 404 1086
124.78.56.241 - - [21/Apr/2024:11:18:44 +0800] "GET /xingrg/javascript/jquery_tools/images/next.gif HTTP/1.1" 404 1086
124.78.56.241 - - [21/Apr/2024:11:18:53 +0800] "GET /xingrg/kc/buy/cgsh_order_operate.html?command=get_materiel&rest_code=00141&code=00101002038&supplier_code=00100094&order_time=2024-04-21 HTTP/1.1" 200 416
124.78.56.241 - - [21/Apr/2024:11:19:02 +0800] "GET /xingrg/all/function/internal_message.html?_=1713669542134&CODE_STATE=getMsg HTTP/1.1" 200 27
222.69.134.233 - - [21/Apr/2024:11:19:06 +0800] "GET /xingrg/all/function/internal_message.html?_=1713669547995&CODE_STATE=getMsg HTTP/1.1" 200 27
222.70.183.82 - - [21/Apr/2024:11:19:07 +0800] "GET /xingrg/all/function/internal_message.html?_=1713669544478&CODE_STATE=getMsg HTTP/1.1" 200 27
124.78.158.161 - - [21/Apr/2024:11:19:07 +0800] "GET /xingrg/all/function/internal_message.html?_=1713669548241&CODE_STATE=getMsg HTTP/1.1" 200 27
222.70.183.82 - - [21/Apr/2024:11:19:09 +0800] "GET /xingrg/check_reg.html?_=1713669546164 HTTP/1.1" 200 22
124.78.56.241 - - [21/Apr/2024:11:19:09 +0800] "POST /xingrg/kc/buy/cgsh_order_operate.html HTTP/1.1" 200 37
124.78.56.241 - - [21/Apr/2024:11:19:17 +0800] "POST /xingrg/kc/buy/cgsh_order_operate.html HTTP/1.1" 200 12
221.239.169.251 - - [21/Apr/2024:11:19:18 +0800] "GET /xingrg/all/function/internal_message.html?_=1713669557702&CODE_STATE=getMsg HTTP/1.1" 200 27
116.232.195.13 - - [21/Apr/2024:11:19:19 +0800] "GET /xingrg/all/function/internal_message.html?_=1713669553140&CODE_STATE=getMsg HTTP/1.1" 200 27
116.238.125.103 - - [21/Apr/2024:11:19:20 +0800] "GET /xingrg/all/function/internal_message.html?_=1713669562763&CODE_STATE=getMsg HTTP/1.1" 200 27
124.78.56.241 - - [21/Apr/2024:11:19:20 +0800] "GET /xingrg/kc/buy/cgsh_order_info.html?code=212024042105768 HTTP/1.1" 200 68905
124.78.56.241 - - [21/Apr/2024:11:19:21 +0800] "GET /xingrg/javascript/easyui/themes/default/validatebox.css HTTP/1.1" 404 1104
124.78.56.241 - - [21/Apr/2024:11:19:22 +0800] "POST /xingrg/kc/buy/cgsh_order_operate.html HTTP/1.1" 200 616
116.224.254.208 - - [21/Apr/2024:11:19:23 +0800] "GET /xingrg/all/function/internal_message.html?_=1713669562758&CODE_STATE=getMsg HTTP/1.1" 200 27
124.78.158.161 - - [21/Apr/2024:11:19:23 +0800] "GET /xingrg/all/function/internal_message.html?_=1713669560031&CODE_STATE=getMsg HTTP/1.1" 200 27
180.163.30.76 - - [21/Apr/2024:11:19:24 +0800] "GET /xingrg/check_reg.html?_=1713669501309 HTTP/1.1" 302 -
180.163.30.76 - - [21/Apr/2024:11:19:24 +0800] "GET /xingrg/login.html HTTP/1.1" 200 7641
120.253.135.82 - - [21/Apr/2024:11:19:29 +0800] "GET /xingrg/all/function/internal_message.html?_=1713669414833&CODE_STATE=getMsg HTTP/1.1" 200 27
124.78.56.241 - - [21/Apr/2024:11:19:30 +0800] "GET /xingrg/kc/print/load_data.html?order_code=212024042105768&kc_code=cgsh&condition= HTTP/1.1" 200 793
180.164.1.25 - - [21/Apr/2024:11:19:31 +0800] "GET /xingrg/all/function/internal_message.html?_=1713669571198&CODE_STATE=getMsg HTTP/1.1" 200 27
124.78.56.241 - - [21/Apr/2024:11:19:41 +0800] "POST /xingrg/kc/buy/cgsh_order_operate.html HTTP/1.1" 200 8245
124.78.56.241 - - [21/Apr/2024:11:19:41 +0800] "GET /xingrg/javascript/easyui/themes/default/validatebox.css HTTP/1.1" 404 1104
116.228.172.94 - - [21/Apr/2024:11:19:42 +0800] "GET /xingrg/all/function/internal_message.html?_=1713669125815&CODE_STATE=getMsg HTTP/1.1" 200 27
116.235.94.6 - - [21/Apr/2024:11:19:47 +0800] "GET /xingrg/check_reg.html?_=1713669585205 HTTP/1.1" 302 -
124.78.56.241 - - [21/Apr/2024:11:20:02 +0800] "GET /xingrg/all/function/internal_message.html?_=1713669602121&CODE_STATE=getMsg HTTP/1.1" 200 27
124.78.56.241 - - [21/Apr/2024:11:20:02 +0800] "GET /xingrg/kc/buy/cgsh_order_operate.html?command=get_materiel&rest_code=00141&code=00101010691&supplier_code=00100327&order_time=2024-04-21 HTTP/1.1" 200 411
222.69.134.233 - - [21/Apr/2024:11:20:06 +0800] "GET /xingrg/all/function/internal_message.html?_=1713669608010&CODE_STATE=getMsg HTTP/1.1" 200 27
222.70.183.82 - - [21/Apr/2024:11:20:07 +0800] "GET /xingrg/all/function/internal_message.html?_=1713669604463&CODE_STATE=getMsg HTTP/1.1" 200 27
124.78.56.241 - - [21/Apr/2024:11:20:13 +0800] "GET /xingrg/kc/buy/cgsh_order_operate.html?command=get_materiel&rest_code=00141&code=00101008145&supplier_code=00100327&order_time=2024-04-21 HTTP/1.1" 200 417
221.239.169.251 - - [21/Apr/2024:11:20:18 +0800] "GET /xingrg/check_reg.html?_=1713669617695 HTTP/1.1" 200 22
221.239.169.251 - - [21/Apr/2024:11:20:18 +0800] "GET /xingrg/all/function/internal_message.html?_=1713669617695&CODE_STATE=getMsg HTTP/1.1" 200 27
116.232.195.13 - - [21/Apr/2024:11:20:19 +0800] "GET /xingrg/all/function/internal_message.html?_=1713669613124&CODE_STATE=getMsg HTTP/1.1" 200 27
116.238.125.103 - - [21/Apr/2024:11:20:20 +0800] "GET /xingrg/all/function/internal_message.html?_=1713669622778&CODE_STATE=getMsg HTTP/1.1" 200 27
116.224.254.208 - - [21/Apr/2024:11:20:23 +0800] "GET /xingrg/all/function/internal_message.html?_=1713669622750&CODE_STATE=getMsg HTTP/1.1" 200 27
124.78.158.161 - - [21/Apr/2024:11:20:23 +0800] "GET /xingrg/all/function/internal_message.html?_=1713669620003&CODE_STATE=getMsg HTTP/1.1" 200 27
120.253.135.82 - - [21/Apr/2024:11:20:29 +0800] "GET /xingrg/all/function/internal_message.html?_=1713669474902&CODE_STATE=getMsg HTTP/1.1" 200 27
180.164.1.25 - - [21/Apr/2024:11:20:31 +0800] "GET /xingrg/all/function/internal_message.html?_=1713669631175&CODE_STATE=getMsg HTTP/1.1" 200 27
124.78.56.241 - - [21/Apr/2024:11:20:32 +0800] "POST /xingrg/kc/buy/cgsh_order_operate.html HTTP/1.1" 200 37
116.228.172.94 - - [21/Apr/2024:11:20:33 +0800] "GET /xingrg/check_reg.html?_=1713669176377 HTTP/1.1" 200 22
124.78.56.241 - - [21/Apr/2024:11:20:41 +0800] "POST /xingrg/kc/buy/cgsh_order_operate.html HTTP/1.1" 200 12
120.253.135.82 - - [21/Apr/2024:11:20:42 +0800] "GET /xingrg/check_reg.html?_=1713669487888 HTTP/1.1" 200 22
116.228.172.94 - - [21/Apr/2024:11:20:42 +0800] "GET /xingrg/all/function/internal_message.html?_=1713669185805&CODE_STATE=getMsg HTTP/1.1" 200 27
101.83.144.49 - - [21/Apr/2024:11:20:45 +0800] "POST /xingrg/kc/buy/cgsh_order_operate.html HTTP/1.1" 200 23989
124.78.56.241 - - [21/Apr/2024:11:20:46 +0800] "GET /xingrg/kc/buy/cgsh_order_info.html?code=212024042105769 HTTP/1.1" 200 68905
124.78.56.241 - - [21/Apr/2024:11:20:46 +0800] "GET /xingrg/javascript/easyui/themes/default/validatebox.css HTTP/1.1" 404 1104
124.78.56.241 - - [21/Apr/2024:11:20:47 +0800] "POST /xingrg/kc/buy/cgsh_order_operate.html HTTP/1.1" 200 1202
124.78.56.241 - - [21/Apr/2024:11:20:49 +0800] "GET /xingrg/kc/print/load_data.html?order_code=212024042105769&kc_code=cgsh&condition= HTTP/1.1" 200 933
124.78.56.241 - - [21/Apr/2024:11:20:54 +0800] "POST /xingrg/kc/buy/cgsh_order_operate.html HTTP/1.1" 200 8245
124.78.56.241 - - [21/Apr/2024:11:20:55 +0800] "GET /xingrg/javascript/easyui/themes/default/validatebox.css HTTP/1.1" 404 1104
124.78.56.241 - - [21/Apr/2024:11:21:01 +0800] "GET /xingrg/check_reg.html?_=1713669661343 HTTP/1.1" 200 22
124.78.56.241 - - [21/Apr/2024:11:21:02 +0800] "GET /xingrg/all/function/internal_message.html?_=1713669662118&CODE_STATE=getMsg HTTP/1.1" 200 27
222.69.134.233 - - [21/Apr/2024:11:21:06 +0800] "GET /xingrg/all/function/internal_message.html?_=1713669668017&CODE_STATE=getMsg HTTP/1.1" 200 27
222.70.183.82 - - [21/Apr/2024:11:21:07 +0800] "GET /xingrg/all/function/internal_message.html?_=1713669664447&CODE_STATE=getMsg HTTP/1.1" 200 27
124.78.56.241 - - [21/Apr/2024:11:21:12 +0800] "GET /xingrg/kc/buy/cgsh_order_operate.html?command=get_materiel&rest_code=00141&code=00101008763&supplier_code=00100450&order_time=2024-04-21 HTTP/1.1" 200 410
221.239.169.251 - - [21/Apr/2024:11:21:18 +0800] "GET /xingrg/all/function/internal_message.html?_=1713669677685&CODE_STATE=getMsg HTTP/1.1" 200 27
116.232.195.13 - - [21/Apr/2024:11:21:19 +0800] "GET /xingrg/all/function/internal_message.html?_=1713669673104&CODE_STATE=getMsg HTTP/1.1" 200 27
116.238.125.103 - - [21/Apr/2024:11:21:20 +0800] "GET /xingrg/all/function/internal_message.html?_=1713669682768&CODE_STATE=getMsg HTTP/1.1" 200 27
116.238.125.103 - - [21/Apr/2024:11:21:20 +0800] "GET /xingrg/check_reg.html?_=1713669682776 HTTP/1.1" 200 22
116.224.254.208 - - [21/Apr/2024:11:21:23 +0800] "GET /xingrg/check_reg.html?_=1713669682765 HTTP/1.1" 200 22
116.224.254.208 - - [21/Apr/2024:11:21:23 +0800] "GET /xingrg/all/function/internal_message.html?_=1713669682767&CODE_STATE=getMsg HTTP/1.1" 200 27
124.78.158.161 - - [21/Apr/2024:11:21:23 +0800] "GET /xingrg/all/function/internal_message.html?_=1713669679973&CODE_STATE=getMsg HTTP/1.1" 200 27
180.163.29.217 - - [21/Apr/2024:11:21:23 +0800] "GET /xingrg/all/function/internal_message.html?_=1713669620003&CODE_STATE=getMsg HTTP/1.1" 302 -
180.163.29.217 - - [21/Apr/2024:11:21:23 +0800] "GET /xingrg/login.html HTTP/1.1" 200 7641
120.253.135.82 - - [21/Apr/2024:11:21:29 +0800] "GET /xingrg/all/function/internal_message.html?_=1713669534907&CODE_STATE=getMsg HTTP/1.1" 200 27
180.164.1.25 - - [21/Apr/2024:11:21:31 +0800] "GET /xingrg/all/function/internal_message.html?_=1713669691161&CODE_STATE=getMsg HTTP/1.1" 200 27
101.83.144.49 - - [21/Apr/2024:11:21:40 +0800] "GET /xingrg/all/function/internal_message.html?_=1713669702130&CODE_STATE=getMsg HTTP/1.1" 200 27
101.83.144.49 - - [21/Apr/2024:11:21:41 +0800] "GET /xingrg/check_reg.html?_=1713669702927 HTTP/1.1" 200 22
116.228.172.94 - - [21/Apr/2024:11:21:42 +0800] "GET /xingrg/all/function/internal_message.html?_=1713669245817&CODE_STATE=getMsg HTTP/1.1" 200 27
124.78.56.241 - - [21/Apr/2024:11:21:42 +0800] "GET /xingrg/kc/buy/cgsh_order_operate.html?command=get_materiel&rest_code=00141&code=00101008593&supplier_code=00100450&order_time=2024-04-21 HTTP/1.1" 200 418
124.78.56.241 - - [21/Apr/2024:11:21:59 +0800] "GET /xingrg/kc/buy/cgsh_order_operate.html?command=get_materiel&rest_code=00141&code=00101008568&supplier_code=00100450&order_time=2024-04-21 HTTP/1.1" 200 413
124.78.56.241 - - [21/Apr/2024:11:22:02 +0800] "GET /xingrg/all/function/internal_message.html?_=1713669722114&CODE_STATE=getMsg HTTP/1.1" 200 27
222.69.134.233 - - [21/Apr/2024:11:22:06 +0800] "GET /xingrg/all/function/internal_message.html?_=1713669727994&CODE_STATE=getMsg HTTP/1.1" 200 27
222.70.183.82 - - [21/Apr/2024:11:22:07 +0800] "GET /xingrg/all/function/internal_message.html?_=1713669724430&CODE_STATE=getMsg HTTP/1.1" 200 27
124.78.56.241 - - [21/Apr/2024:11:22:18 +0800] "GET /xingrg/kc/buy/cgsh_order_operate.html?command=get_materiel&rest_code=00141&code=00101008509&supplier_code=00100450&order_time=2024-04-21 HTTP/1.1" 200 410
221.239.169.251 - - [21/Apr/2024:11:22:18 +0800] "GET /xingrg/all/function/internal_message.html?_=1713669737692&CODE_STATE=getMsg HTTP/1.1" 200 27
116.232.195.13 - - [21/Apr/2024:11:22:19 +0800] "GET /xingrg/all/function/internal_message.html?_=1713669733103&CODE_STATE=getMsg HTTP/1.1" 200 27
116.238.125.103 - - [21/Apr/2024:11:22:20 +0800] "GET /xingrg/all/function/internal_message.html?_=1713669742767&CODE_STATE=getMsg HTTP/1.1" 200 27
116.224.254.208 - - [21/Apr/2024:11:22:23 +0800] "GET /xingrg/all/function/internal_message.html?_=1713669742767&CODE_STATE=getMsg HTTP/1.1" 200 27
180.163.29.103 - - [21/Apr/2024:11:22:23 +0800] "GET /xingrg/all/function/internal_message.html?_=1713669679973&CODE_STATE=getMsg HTTP/1.1" 302 -
180.163.29.103 - - [21/Apr/2024:11:22:23 +0800] "GET /xingrg/login.html HTTP/1.1" 200 7641
124.78.158.161 - - [21/Apr/2024:11:22:23 +0800] "GET /xingrg/all/function/internal_message.html?_=1713669739959&CODE_STATE=getMsg HTTP/1.1" 200 27
124.78.56.241 - - [21/Apr/2024:11:22:29 +0800] "GET /xingrg/kc/buy/cgsh_order_operate.html?command=get_materiel&rest_code=00141&code=00101008706&supplier_code=00100450&order_time=2024-04-21 HTTP/1.1" 200 413
120.253.135.82 - - [21/Apr/2024:11:22:29 +0800] "GET /xingrg/all/function/internal_message.html?_=1713669594921&CODE_STATE=getMsg HTTP/1.1" 200 27
180.164.1.25 - - [21/Apr/2024:11:22:31 +0800] "GET /xingrg/all/function/internal_message.html?_=1713669751134&CODE_STATE=getMsg HTTP/1.1" 200 27
101.83.144.49 - - [21/Apr/2024:11:22:40 +0800] "GET /xingrg/all/function/internal_message.html?_=1713669761975&CODE_STATE=getMsg HTTP/1.1" 200 27
116.228.172.94 - - [21/Apr/2024:11:22:42 +0800] "GET /xingrg/all/function/internal_message.html?_=1713669305810&CODE_STATE=getMsg HTTP/1.1" 200 27
124.78.56.241 - - [21/Apr/2024:11:22:46 +0800] "POST /xingrg/kc/buy/cgsh_order_operate.html HTTP/1.1" 200 37
222.70.240.29 - - [21/Apr/2024:11:22:50 +0800] "GET /xingrg/check_reg.html?_=1713669793220 HTTP/1.1" 302 -
124.78.56.241 - - [21/Apr/2024:11:22:53 +0800] "POST /xingrg/kc/buy/cgsh_order_operate.html HTTP/1.1" 200 12
222.69.134.233 - - [21/Apr/2024:11:23:06 +0800] "GET /xingrg/all/function/internal_message.html?_=1713669788001&CODE_STATE=getMsg HTTP/1.1" 200 27
222.69.134.233 - - [21/Apr/2024:11:23:06 +0800] "GET /xingrg/check_reg.html?_=1713669788005 HTTP/1.1" 200 22
124.78.56.241 - - [21/Apr/2024:11:23:07 +0800] "GET /xingrg/kc/buy/cgsh_order_info.html?code=212024042105770 HTTP/1.1" 200 68917
124.78.56.241 - - [21/Apr/2024:11:23:07 +0800] "GET /xingrg/javascript/easyui/themes/default/validatebox.css HTTP/1.1" 404 1104
222.70.183.82 - - [21/Apr/2024:11:23:07 +0800] "GET /xingrg/all/function/internal_message.html?_=1713669784413&CODE_STATE=getMsg HTTP/1.1" 200 27
124.78.56.241 - - [21/Apr/2024:11:23:08 +0800] "POST /xingrg/kc/buy/cgsh_order_operate.html HTTP/1.1" 200 2972
124.78.56.241 - - [21/Apr/2024:11:23:12 +0800] "GET /xingrg/kc/print/load_data.html?order_code=212024042105770&kc_code=cgsh&condition= HTTP/1.1" 200 1625
116.232.195.13 - - [21/Apr/2024:11:23:18 +0800] "GET /xingrg/check_reg.html?_=1713669791738 HTTP/1.1" 200 22
221.239.169.251 - - [21/Apr/2024:11:23:18 +0800] "GET /xingrg/all/function/internal_message.html?_=1713669797701&CODE_STATE=getMsg HTTP/1.1" 200 27
116.232.195.13 - - [21/Apr/2024:11:23:19 +0800] "GET /xingrg/all/function/internal_message.html?_=1713669793084&CODE_STATE=getMsg HTTP/1.1" 200 27
116.238.125.103 - - [21/Apr/2024:11:23:20 +0800] "GET /xingrg/all/function/internal_message.html?_=1713669802787&CODE_STATE=getMsg HTTP/1.1" 200 27
116.224.254.208 - - [21/Apr/2024:11:23:23 +0800] "GET /xingrg/all/function/internal_message.html?_=1713669802764&CODE_STATE=getMsg HTTP/1.1" 200 27
124.78.158.161 - - [21/Apr/2024:11:23:23 +0800] "GET /xingrg/all/function/internal_message.html?_=1713669799935&CODE_STATE=getMsg HTTP/1.1" 200 27
175.24.213.48 - - [21/Apr/2024:11:23:24 +0800] "GET /xingrg/kc/buy/cgsh_order_operate.html?command=get_materiel&rest_code=00106&code=00101008131&supplier_code=00100008&order_time=2024-04-21 HTTP/1.1" 302 -
124.78.158.161 - - [21/Apr/2024:11:23:24 +0800] "GET /xingrg/check_reg.html?_=1713669801311 HTTP/1.1" 200 22
106.55.200.233 - - [21/Apr/2024:11:23:26 +0800] "GET /xingrg/login.html HTTP/1.1" 200 2139
124.78.56.241 - - [21/Apr/2024:11:23:27 +0800] "POST /xingrg/kc/buy/cgsh_order_operate.html HTTP/1.1" 200 8245
124.78.56.241 - - [21/Apr/2024:11:23:27 +0800] "GET /xingrg/javascript/easyui/themes/default/validatebox.css HTTP/1.1" 404 1104
120.253.135.82 - - [21/Apr/2024:11:23:29 +0800] "GET /xingrg/all/function/internal_message.html?_=1713669654980&CODE_STATE=getMsg HTTP/1.1" 200 27
180.164.1.25 - - [21/Apr/2024:11:23:29 +0800] "GET /xingrg/check_reg.html?_=1713669809713 HTTP/1.1" 200 22
180.164.1.25 - - [21/Apr/2024:11:23:31 +0800] "GET /xingrg/all/function/internal_message.html?_=1713669811116&CODE_STATE=getMsg HTTP/1.1" 200 27
101.83.144.49 - - [21/Apr/2024:11:23:40 +0800] "GET /xingrg/all/function/internal_message.html?_=1713669821952&CODE_STATE=getMsg HTTP/1.1" 200 27
180.163.28.180 - - [21/Apr/2024:11:23:41 +0800] "GET /xingrg/all/function/internal_message.html?_=1713668480514&CODE_STATE=getMsg HTTP/1.1" 302 -
180.163.28.180 - - [21/Apr/2024:11:23:41 +0800] "GET /xingrg/login.html HTTP/1.1" 200 7641
116.228.172.94 - - [21/Apr/2024:11:23:42 +0800] "GET /xingrg/all/function/internal_message.html?_=1713669365820&CODE_STATE=getMsg HTTP/1.1" 200 27
124.78.56.241 - - [21/Apr/2024:11:23:46 +0800] "GET /xingrg/kc/buy/cgsh_order_operate.html?command=get_materiel&rest_code=00141&code=00101006172&supplier_code=00100323&order_time=2024-04-21 HTTP/1.1" 200 415
124.78.56.241 - - [21/Apr/2024:11:24:02 +0800] "GET /xingrg/all/function/internal_message.html?_=1713669842132&CODE_STATE=getMsg HTTP/1.1" 200 27
222.69.134.233 - - [21/Apr/2024:11:24:06 +0800] "GET /xingrg/all/function/internal_message.html?_=1713669848004&CODE_STATE=getMsg HTTP/1.1" 200 27
222.70.183.82 - - [21/Apr/2024:11:24:07 +0800] "GET /xingrg/all/function/internal_message.html?_=1713669844398&CODE_STATE=getMsg HTTP/1.1" 200 27
222.70.183.82 - - [21/Apr/2024:11:24:09 +0800] "GET /xingrg/check_reg.html?_=1713669846146 HTTP/1.1" 200 22
221.239.169.251 - - [21/Apr/2024:11:24:18 +0800] "GET /xingrg/all/function/internal_message.html?_=1713669857703&CODE_STATE=getMsg HTTP/1.1" 200 27
116.232.195.13 - - [21/Apr/2024:11:24:19 +0800] "GET /xingrg/all/function/internal_message.html?_=1713669853076&CODE_STATE=getMsg HTTP/1.1" 200 27
116.238.125.103 - - [21/Apr/2024:11:24:20 +0800] "GET /xingrg/all/function/internal_message.html?_=1713669862771&CODE_STATE=getMsg HTTP/1.1" 200 27
116.224.254.208 - - [21/Apr/2024:11:24:23 +0800] "GET /xingrg/all/function/internal_message.html?_=1713669862757&CODE_STATE=getMsg HTTP/1.1" 200 27
180.163.30.76 - - [21/Apr/2024:11:24:23 +0800] "GET /xingrg/all/function/internal_message.html?_=1713669799935&CODE_STATE=getMsg HTTP/1.1" 302 -
124.78.158.161 - - [21/Apr/2024:11:24:23 +0800] "GET /xingrg/all/function/internal_message.html?_=1713669859909&CODE_STATE=getMsg HTTP/1.1" 200 27
180.163.30.76 - - [21/Apr/2024:11:24:23 +0800] "GET /xingrg/login.html HTTP/1.1" 200 7641
180.163.28.180 - - [21/Apr/2024:11:24:24 +0800] "GET /xingrg/check_reg.html?_=1713669801311 HTTP/1.1" 302 -
180.163.28.180 - - [21/Apr/2024:11:24:24 +0800] "GET /xingrg/login.html HTTP/1.1" 200 7641
116.224.254.208 - - [21/Apr/2024:11:24:27 +0800] "GET /xingrg/javascript/jquery_easy_ui/themes/default/images/tabs_active.png HTTP/1.1" 304 -
110.83.143.91 - - [21/Apr/2024:11:24:28 +0800] "GET /favicon.ico HTTP/1.1" 404 -
120.253.135.82 - - [21/Apr/2024:11:24:29 +0800] "GET /xingrg/all/function/internal_message.html?_=1713669714995&CODE_STATE=getMsg HTTP/1.1" 200 27
180.164.1.25 - - [21/Apr/2024:11:24:31 +0800] "GET /xingrg/all/function/internal_message.html?_=1713669871094&CODE_STATE=getMsg HTTP/1.1" 200 27
101.83.144.49 - - [21/Apr/2024:11:24:40 +0800] "GET /xingrg/all/function/internal_message.html?_=1713669881928&CODE_STATE=getMsg HTTP/1.1" 200 27
116.228.172.94 - - [21/Apr/2024:11:24:42 +0800] "GET /xingrg/all/function/internal_message.html?_=1713669425821&CODE_STATE=getMsg HTTP/1.1" 200 27
116.235.94.6 - - [21/Apr/2024:11:24:47 +0800] "GET /xingrg/check_reg.html?_=1713669885191 HTTP/1.1" 302 -
116.235.94.6 - - [21/Apr/2024:11:24:53 +0800] "POST /xingrg/services/DataTransmitService HTTP/1.1" 200 524
116.235.94.6 - - [21/Apr/2024:11:24:55 +0800] "POST /xingrg/services/DataTransmitService HTTP/1.1" 200 412
124.78.56.241 - - [21/Apr/2024:11:25:02 +0800] "GET /xingrg/all/function/internal_message.html?_=1713669902107&CODE_STATE=getMsg HTTP/1.1" 200 27
124.78.56.241 - - [21/Apr/2024:11:25:03 +0800] "GET /xingrg/kc/buy/cgsh_order_operate.html?command=get_materiel&rest_code=00141&code=00101010163&supplier_code=00100323&order_time=2024-04-21 HTTP/1.1" 200 409
222.69.134.233 - - [21/Apr/2024:11:25:06 +0800] "GET /xingrg/all/function/internal_message.html?_=1713669908008&CODE_STATE=getMsg HTTP/1.1" 200 27
222.70.183.82 - - [21/Apr/2024:11:25:07 +0800] "GET /xingrg/all/function/internal_message.html?_=1713669904383&CODE_STATE=getMsg HTTP/1.1" 200 27
221.239.169.251 - - [21/Apr/2024:11:25:18 +0800] "GET /xingrg/check_reg.html?_=1713669917697 HTTP/1.1" 200 22
221.239.169.251 - - [21/Apr/2024:11:25:18 +0800] "GET /xingrg/all/function/internal_message.html?_=1713669917698&CODE_STATE=getMsg HTTP/1.1" 200 27
116.232.195.13 - - [21/Apr/2024:11:25:19 +0800] "GET /xingrg/all/function/internal_message.html?_=1713669913058&CODE_STATE=getMsg HTTP/1.1" 200 27
116.238.125.103 - - [21/Apr/2024:11:25:20 +0800] "GET /xingrg/all/function/internal_message.html?_=1713669922764&CODE_STATE=getMsg HTTP/1.1" 200 27
116.224.254.208 - - [21/Apr/2024:11:25:23 +0800] "GET /xingrg/all/function/internal_message.html?_=1713669922750&CODE_STATE=getMsg HTTP/1.1" 200 27
124.78.158.161 - - [21/Apr/2024:11:25:23 +0800] "GET /xingrg/all/function/internal_message.html?_=1713669919880&CODE_STATE=getMsg HTTP/1.1" 200 27
124.78.56.241 - - [21/Apr/2024:11:25:23 +0800] "GET /xingrg/kc/buy/cgsh_order_operate.html?command=get_materiel&rest_code=00141&code=00101006021&supplier_code=00100323&order_time=2024-04-21 HTTP/1.1" 200 429
120.253.135.82 - - [21/Apr/2024:11:25:29 +0800] "GET /xingrg/all/function/internal_message.html?_=1713669775058&CODE_STATE=getMsg HTTP/1.1" 200 27
180.164.1.25 - - [21/Apr/2024:11:25:31 +0800] "GET /xingrg/all/function/internal_message.html?_=1713669931068&CODE_STATE=getMsg HTTP/1.1" 200 27
116.228.172.94 - - [21/Apr/2024:11:25:33 +0800] "GET /xingrg/check_reg.html?_=1713669476364 HTTP/1.1" 200 22
101.83.144.49 - - [21/Apr/2024:11:25:40 +0800] "GET /xingrg/all/function/internal_message.html?_=1713669941905&CODE_STATE=getMsg HTTP/1.1" 200 27
120.253.135.82 - - [21/Apr/2024:11:25:42 +0800] "GET /xingrg/check_reg.html?_=1713669787899 HTTP/1.1" 200 22
116.228.172.94 - - [21/Apr/2024:11:25:42 +0800] "GET /xingrg/all/function/internal_message.html?_=1713669485823&CODE_STATE=getMsg HTTP/1.1" 200 27
180.163.29.234 - - [21/Apr/2024:11:25:44 +0800] "GET /xingrg/all/function/internal_message.html?_=1713669020271&CODE_STATE=getMsg HTTP/1.1" 302 -
180.163.29.234 - - [21/Apr/2024:11:25:44 +0800] "GET /xingrg/login.html HTTP/1.1" 200 7641
124.78.56.241 - - [21/Apr/2024:11:25:57 +0800] "GET /xingrg/kc/buy/cgsh_order_operate.html?command=get_materiel&rest_code=00141&code=00101014005&supplier_code=00100323&order_time=2024-04-21 HTTP/1.1" 200 419
124.78.56.241 - - [21/Apr/2024:11:26:01 +0800] "GET /xingrg/check_reg.html?_=1713669961324 HTTP/1.1" 200 22
124.78.56.241 - - [21/Apr/2024:11:26:01 +0800] "GET /xingrg/all/function/internal_message.html?_=1713669962093&CODE_STATE=getMsg HTTP/1.1" 200 27
222.69.134.233 - - [21/Apr/2024:11:26:06 +0800] "GET /xingrg/all/function/internal_message.html?_=1713669968012&CODE_STATE=getMsg HTTP/1.1" 200 27
222.70.183.82 - - [21/Apr/2024:11:26:07 +0800] "GET /xingrg/all/function/internal_message.html?_=1713669964354&CODE_STATE=getMsg HTTP/1.1" 200 27
221.239.169.251 - - [21/Apr/2024:11:26:18 +0800] "GET /xingrg/all/function/internal_message.html?_=1713669977686&CODE_STATE=getMsg HTTP/1.1" 200 27
116.232.195.13 - - [21/Apr/2024:11:26:19 +0800] "GET /xingrg/all/function/internal_message.html?_=1713669973043&CODE_STATE=getMsg HTTP/1.1" 200 27
116.238.125.103 - - [21/Apr/2024:11:26:20 +0800] "GET /xingrg/all/function/internal_message.html?_=1713669982784&CODE_STATE=getMsg HTTP/1.1" 200 27
116.238.125.103 - - [21/Apr/2024:11:26:20 +0800] "GET /xingrg/check_reg.html?_=1713669982788 HTTP/1.1" 200 22
116.224.254.208 - - [21/Apr/2024:11:26:23 +0800] "GET /xingrg/all/function/internal_message.html?_=1713669982767&CODE_STATE=getMsg HTTP/1.1" 200 27
116.224.254.208 - - [21/Apr/2024:11:26:23 +0800] "GET /xingrg/check_reg.html?_=1713669982769 HTTP/1.1" 200 22
124.78.158.161 - - [21/Apr/2024:11:26:23 +0800] "GET /xingrg/all/function/internal_message.html?_=1713669979853&CODE_STATE=getMsg HTTP/1.1" 200 27
180.163.29.234 - - [21/Apr/2024:11:26:23 +0800] "GET /xingrg/all/function/internal_message.html?_=1713669919880&CODE_STATE=getMsg HTTP/1.1" 302 -
180.163.29.234 - - [21/Apr/2024:11:26:23 +0800] "GET /xingrg/login.html HTTP/1.1" 200 7641
120.253.135.82 - - [21/Apr/2024:11:26:29 +0800] "GET /xingrg/all/function/internal_message.html?_=1713669835070&CODE_STATE=getMsg HTTP/1.1" 200 27
180.164.1.25 - - [21/Apr/2024:11:26:31 +0800] "GET /xingrg/all/function/internal_message.html?_=1713669991050&CODE_STATE=getMsg HTTP/1.1" 200 27
101.83.144.49 - - [21/Apr/2024:11:26:40 +0800] "GET /xingrg/all/function/internal_message.html?_=1713670001880&CODE_STATE=getMsg HTTP/1.1" 200 27
101.83.144.49 - - [21/Apr/2024:11:26:41 +0800] "GET /xingrg/check_reg.html?_=1713670002898 HTTP/1.1" 200 22
116.228.172.94 - - [21/Apr/2024:11:26:42 +0800] "GET /xingrg/all/function/internal_message.html?_=1713669545820&CODE_STATE=getMsg HTTP/1.1" 200 27
124.78.56.241 - - [21/Apr/2024:11:26:55 +0800] "GET /xingrg/kc/buy/cgsh_order_operate.html?command=get_materiel&rest_code=00141&code=00101001079&supplier_code=00100323&order_time=2024-04-21 HTTP/1.1" 200 413
124.78.56.241 - - [21/Apr/2024:11:27:01 +0800] "GET /xingrg/all/function/internal_message.html?_=1713670022075&CODE_STATE=getMsg HTTP/1.1" 200 27
124.78.56.241 - - [21/Apr/2024:11:27:05 +0800] "GET /xingrg/kc/buy/cgsh_order_operate.html?command=get_materiel&rest_code=00141&code=00101004069&supplier_code=00100323&order_time=2024-04-21 HTTP/1.1" 200 418
222.69.134.233 - - [21/Apr/2024:11:27:06 +0800] "GET /xingrg/all/function/internal_message.html?_=1713670028017&CODE_STATE=getMsg HTTP/1.1" 200 27
222.70.183.82 - - [21/Apr/2024:11:27:07 +0800] "GET /xingrg/all/function/internal_message.html?_=1713670024337&CODE_STATE=getMsg HTTP/1.1" 200 27
221.239.169.251 - - [21/Apr/2024:11:27:18 +0800] "GET /xingrg/all/function/internal_message.html?_=1713670037701&CODE_STATE=getMsg HTTP/1.1" 200 27
116.232.195.13 - - [21/Apr/2024:11:27:19 +0800] "GET /xingrg/all/function/internal_message.html?_=1713670033019&CODE_STATE=getMsg HTTP/1.1" 200 27
116.238.125.103 - - [21/Apr/2024:11:27:20 +0800] "GET /xingrg/all/function/internal_message.html?_=1713670042769&CODE_STATE=getMsg HTTP/1.1" 200 27
124.78.158.161 - - [21/Apr/2024:11:27:23 +0800] "GET /xingrg/all/function/internal_message.html?_=1713670039825&CODE_STATE=getMsg HTTP/1.1" 200 27
116.224.254.208 - - [21/Apr/2024:11:27:23 +0800] "GET /xingrg/all/function/internal_message.html?_=1713670042756&CODE_STATE=getMsg HTTP/1.1" 200 27
120.253.135.82 - - [21/Apr/2024:11:27:29 +0800] "GET /xingrg/all/function/internal_message.html?_=1713669895083&CODE_STATE=getMsg HTTP/1.1" 200 27
180.164.1.25 - - [21/Apr/2024:11:27:31 +0800] "GET /xingrg/all/function/internal_message.html?_=1713670051036&CODE_STATE=getMsg HTTP/1.1" 200 27
124.78.56.241 - - [21/Apr/2024:11:27:37 +0800] "GET /xingrg/kc/buy/cgsh_order_operate.html?command=get_materiel&rest_code=00141&code=00101007047&supplier_code=00100323&order_time=2024-04-21 HTTP/1.1" 200 409
101.83.144.49 - - [21/Apr/2024:11:27:40 +0800] "GET /xingrg/all/function/internal_message.html?_=1713670061851&CODE_STATE=getMsg HTTP/1.1" 200 27
116.228.172.94 - - [21/Apr/2024:11:27:42 +0800] "GET /xingrg/all/function/internal_message.html?_=1713669605823&CODE_STATE=getMsg HTTP/1.1" 200 27
222.70.240.29 - - [21/Apr/2024:11:27:50 +0800] "GET /xingrg/check_reg.html?_=1713670093279 HTTP/1.1" 302 -
124.78.56.241 - - [21/Apr/2024:11:27:55 +0800] "GET /xingrg/kc/buy/cgsh_order_operate.html?command=get_materiel&rest_code=00141&code=00101006026&supplier_code=00100323&order_time=2024-04-21 HTTP/1.1" 200 409
124.78.56.241 - - [21/Apr/2024:11:28:01 +0800] "GET /xingrg/all/function/internal_message.html?_=1713670082054&CODE_STATE=getMsg HTTP/1.1" 200 27
222.69.134.233 - - [21/Apr/2024:11:28:06 +0800] "GET /xingrg/check_reg.html?_=1713670087992 HTTP/1.1" 200 22
222.69.134.233 - - [21/Apr/2024:11:28:06 +0800] "GET /xingrg/all/function/internal_message.html?_=1713670087999&CODE_STATE=getMsg HTTP/1.1" 200 27
180.163.29.103 - - [21/Apr/2024:11:28:07 +0800] "GET /xingrg/all/function/internal_message.html?_=1713668720406&CODE_STATE=getMsg HTTP/1.1" 302 -
180.163.29.103 - - [21/Apr/2024:11:28:07 +0800] "GET /xingrg/login.html HTTP/1.1" 200 7641
222.70.183.82 - - [21/Apr/2024:11:28:07 +0800] "GET /xingrg/all/function/internal_message.html?_=1713670084320&CODE_STATE=getMsg HTTP/1.1" 200 27
124.78.56.241 - - [21/Apr/2024:11:28:12 +0800] "GET /xingrg/kc/buy/cgsh_order_operate.html?command=get_materiel&rest_code=00141&code=00101020019&supplier_code=00100323&order_time=2024-04-21 HTTP/1.1" 200 426
116.232.195.13 - - [21/Apr/2024:11:28:18 +0800] "GET /xingrg/check_reg.html?_=1713670091709 HTTP/1.1" 200 22
221.239.169.251 - - [21/Apr/2024:11:28:18 +0800] "GET /xingrg/all/function/internal_message.html?_=1713670097704&CODE_STATE=getMsg HTTP/1.1" 200 27
116.232.195.13 - - [21/Apr/2024:11:28:19 +0800] "GET /xingrg/all/function/internal_message.html?_=1713670092992&CODE_STATE=getMsg HTTP/1.1" 200 27
116.238.125.103 - - [21/Apr/2024:11:28:20 +0800] "GET /xingrg/all/function/internal_message.html?_=1713670102777&CODE_STATE=getMsg HTTP/1.1" 200 27
124.78.158.161 - - [21/Apr/2024:11:28:23 +0800] "GET /xingrg/all/function/internal_message.html?_=1713670099799&CODE_STATE=getMsg HTTP/1.1" 200 27
124.78.158.161 - - [21/Apr/2024:11:28:24 +0800] "GET /xingrg/check_reg.html?_=1713670101317 HTTP/1.1" 200 22
116.224.254.208 - - [21/Apr/2024:11:28:28 +0800] "GET /favicon.ico HTTP/1.1" 404 -
116.224.254.208 - - [21/Apr/2024:11:28:29 +0800] "GET /xingrg/index.html?sysBaseUrl=http%3A%2F%2F180.169.147.146%3A18081%2Fxingrg%2F&costTime=14×tamp=1698040851670 HTTP/1.1" 302 -
116.224.254.208 - - [21/Apr/2024:11:28:29 +0800] "GET /xingrg/login.html HTTP/1.1" 200 7641
120.253.135.82 - - [21/Apr/2024:11:28:29 +0800] "GET /xingrg/all/function/internal_message.html?_=1713669955146&CODE_STATE=getMsg HTTP/1.1" 200 27
116.224.254.208 - - [21/Apr/2024:11:28:29 +0800] "GET /favicon.ico HTTP/1.1" 404 -
180.164.1.25 - - [21/Apr/2024:11:28:29 +0800] "GET /xingrg/check_reg.html?_=1713670109710 HTTP/1.1" 200 22
180.164.1.25 - - [21/Apr/2024:11:28:31 +0800] "GET /xingrg/all/function/internal_message.html?_=1713670111018&CODE_STATE=getMsg HTTP/1.1" 200 27
101.83.144.49 - - [21/Apr/2024:11:28:40 +0800] "GET /xingrg/all/function/internal_message.html?_=1713670121829&CODE_STATE=getMsg HTTP/1.1" 200 27
116.228.172.94 - - [21/Apr/2024:11:28:42 +0800] "GET /xingrg/all/function/internal_message.html?_=1713669665823&CODE_STATE=getMsg HTTP/1.1" 200 27
124.78.56.241 - - [21/Apr/2024:11:28:46 +0800] "POST /xingrg/kc/buy/cgsh_order_operate.html HTTP/1.1" 200 37
124.78.56.241 - - [21/Apr/2024:11:28:51 +0800] "POST /xingrg/services/DataTransmitService HTTP/1.1" 200 524
124.78.56.241 - - [21/Apr/2024:11:28:53 +0800] "POST /xingrg/services/DataTransmitService HTTP/1.1" 200 412
124.78.56.241 - - [21/Apr/2024:11:28:54 +0800] "POST /xingrg/kc/buy/cgsh_order_operate.html HTTP/1.1" 200 12
124.78.56.241 - - [21/Apr/2024:11:28:57 +0800] "GET /xingrg/kc/buy/cgsh_order_info.html?code=212024042105771 HTTP/1.1" 200 68908
124.78.56.241 - - [21/Apr/2024:11:28:57 +0800] "GET /xingrg/javascript/easyui/themes/default/validatebox.css HTTP/1.1" 404 1104
124.78.56.241 - - [21/Apr/2024:11:28:58 +0800] "POST /xingrg/kc/buy/cgsh_order_operate.html HTTP/1.1" 200 5380
116.232.34.98 - - [21/Apr/2024:11:28:59 +0800] "POST /xingrg/services/DataTransmitService HTTP/1.1" 200 524
116.232.34.98 - - [21/Apr/2024:11:29:00 +0800] "POST /xingrg/services/DataTransmitService HTTP/1.1" 200 412
124.78.56.241 - - [21/Apr/2024:11:29:01 +0800] "GET /xingrg/all/function/internal_message.html?_=1713670142045&CODE_STATE=getMsg HTTP/1.1" 200 27
124.78.56.241 - - [21/Apr/2024:11:29:02 +0800] "GET /xingrg/kc/print/load_data.html?order_code=212024042105771&kc_code=cgsh&condition= HTTP/1.1" 200 2551
222.69.134.233 - - [21/Apr/2024:11:29:06 +0800] "GET /xingrg/all/function/internal_message.html?_=1713670148007&CODE_STATE=getMsg HTTP/1.1" 200 27
222.70.183.82 - - [21/Apr/2024:11:29:07 +0800] "GET /xingrg/all/function/internal_message.html?_=1713670144301&CODE_STATE=getMsg HTTP/1.1" 200 27
222.70.183.82 - - [21/Apr/2024:11:29:09 +0800] "GET /xingrg/check_reg.html?_=1713670146132 HTTP/1.1" 200 22
124.78.56.241 - - [21/Apr/2024:11:29:10 +0800] "POST /xingrg/kc/buy/cgsh_order_operate.html HTTP/1.1" 200 8245
124.78.56.241 - - [21/Apr/2024:11:29:10 +0800] "GET /xingrg/javascript/easyui/themes/default/validatebox.css HTTP/1.1" 404 1104
106.55.202.186 - - [21/Apr/2024:11:29:17 +0800] "GET /xingrg/check_reg.html?_=1713662197453 HTTP/1.1" 302 -
106.55.200.45 - - [21/Apr/2024:11:29:17 +0800] "GET /xingrg/login.html HTTP/1.1" 200 2139
221.239.169.251 - - [21/Apr/2024:11:29:18 +0800] "GET /xingrg/all/function/internal_message.html?_=1713670157708&CODE_STATE=getMsg HTTP/1.1" 200 27
116.232.195.13 - - [21/Apr/2024:11:29:19 +0800] "GET /xingrg/all/function/internal_message.html?_=1713670152982&CODE_STATE=getMsg HTTP/1.1" 200 27
124.78.56.241 - - [21/Apr/2024:11:29:20 +0800] "GET /xingrg/kc/buy/cgsh_order_operate.html?command=get_materiel&rest_code=00141&code=00101016130&supplier_code=00100329&order_time=2024-04-21 HTTP/1.1" 200 433
116.238.125.103 - - [21/Apr/2024:11:29:20 +0800] "GET /xingrg/all/function/internal_message.html?_=1713670162780&CODE_STATE=getMsg HTTP/1.1" 200 27
124.78.158.161 - - [21/Apr/2024:11:29:22 +0800] "GET /xingrg/all/function/internal_message.html?_=1713670159774&CODE_STATE=getMsg HTTP/1.1" 200 27
180.163.29.219 - - [21/Apr/2024:11:29:23 +0800] "GET /xingrg/all/function/internal_message.html?_=1713670099799&CODE_STATE=getMsg HTTP/1.1" 302 -
180.163.29.219 - - [21/Apr/2024:11:29:23 +0800] "GET /xingrg/login.html HTTP/1.1" 200 7641
120.253.135.82 - - [21/Apr/2024:11:29:29 +0800] "GET /xingrg/all/function/internal_message.html?_=1713670015157&CODE_STATE=getMsg HTTP/1.1" 200 27
180.164.1.25 - - [21/Apr/2024:11:29:31 +0800] "GET /xingrg/all/function/internal_message.html?_=1713670170994&CODE_STATE=getMsg HTTP/1.1" 200 27
101.83.144.49 - - [21/Apr/2024:11:29:40 +0800] "GET /xingrg/all/function/internal_message.html?_=1713670181809&CODE_STATE=getMsg HTTP/1.1" 200 27
116.228.172.94 - - [21/Apr/2024:11:29:42 +0800] "GET /xingrg/all/function/internal_message.html?_=1713669725823&CODE_STATE=getMsg HTTP/1.1" 200 27
124.78.56.241 - - [21/Apr/2024:11:29:45 +0800] "GET /xingrg/kc/buy/cgsh_order_operate.html?command=get_materiel&rest_code=00141&code=00101020389&supplier_code=00100329&order_time=2024-04-21 HTTP/1.1" 200 416
116.235.94.6 - - [21/Apr/2024:11:29:47 +0800] "GET /xingrg/check_reg.html?_=1713670185179 HTTP/1.1" 302 -
222.69.134.233 - - [21/Apr/2024:11:30:06 +0800] "GET /xingrg/all/function/internal_message.html?_=1713670208000&CODE_STATE=getMsg HTTP/1.1" 200 27
222.70.183.82 - - [21/Apr/2024:11:30:07 +0800] "GET /xingrg/all/function/internal_message.html?_=1713670204275&CODE_STATE=getMsg HTTP/1.1" 200 27
124.78.56.241 - - [21/Apr/2024:11:30:07 +0800] "POST /xingrg/kc/buy/cgsh_order_operate.html HTTP/1.1" 200 37
124.78.56.241 - - [21/Apr/2024:11:30:16 +0800] "POST /xingrg/kc/buy/cgsh_order_operate.html HTTP/1.1" 200 12
221.239.169.251 - - [21/Apr/2024:11:30:18 +0800] "GET /xingrg/check_reg.html?_=1713670217709 HTTP/1.1" 200 22
221.239.169.251 - - [21/Apr/2024:11:30:18 +0800] "GET /xingrg/all/function/internal_message.html?_=1713670217710&CODE_STATE=getMsg HTTP/1.1" 200 27
124.78.56.241 - - [21/Apr/2024:11:30:19 +0800] "GET /xingrg/kc/buy/cgsh_order_info.html?code=212024042105772 HTTP/1.1" 200 68909
124.78.56.241 - - [21/Apr/2024:11:30:19 +0800] "GET /xingrg/javascript/easyui/themes/default/validatebox.css HTTP/1.1" 404 1104
116.232.195.13 - - [21/Apr/2024:11:30:19 +0800] "GET /xingrg/all/function/internal_message.html?_=1713670212967&CODE_STATE=getMsg HTTP/1.1" 200 27
124.78.56.241 - - [21/Apr/2024:11:30:20 +0800] "POST /xingrg/kc/buy/cgsh_order_operate.html HTTP/1.1" 200 1209
116.238.125.103 - - [21/Apr/2024:11:30:20 +0800] "GET /xingrg/all/function/internal_message.html?_=1713670222779&CODE_STATE=getMsg HTTP/1.1" 200 27
124.78.158.161 - - [21/Apr/2024:11:30:22 +0800] "GET /xingrg/all/function/internal_message.html?_=1713670219759&CODE_STATE=getMsg HTTP/1.1" 200 27
124.78.56.241 - - [21/Apr/2024:11:30:23 +0800] "GET /xingrg/kc/print/load_data.html?order_code=212024042105772&kc_code=cgsh&condition= HTTP/1.1" 200 948
180.164.1.25 - - [21/Apr/2024:11:30:24 +0800] "GET /favicon.ico HTTP/1.1" 404 -
124.78.56.241 - - [21/Apr/2024:11:30:28 +0800] "POST /xingrg/kc/buy/cgsh_order_operate.html HTTP/1.1" 200 8245
124.78.56.241 - - [21/Apr/2024:11:30:28 +0800] "GET /xingrg/javascript/easyui/themes/default/validatebox.css HTTP/1.1" 404 1104
120.253.135.82 - - [21/Apr/2024:11:30:29 +0800] "GET /xingrg/all/function/internal_message.html?_=1713670075215&CODE_STATE=getMsg HTTP/1.1" 200 27
180.164.1.25 - - [21/Apr/2024:11:30:31 +0800] "GET /xingrg/all/function/internal_message.html?_=1713670230974&CODE_STATE=getMsg HTTP/1.1" 200 27
116.228.172.94 - - [21/Apr/2024:11:30:33 +0800] "GET /xingrg/check_reg.html?_=1713669776354 HTTP/1.1" 200 22
101.83.144.49 - - [21/Apr/2024:11:30:40 +0800] "GET /xingrg/all/function/internal_message.html?_=1713670241783&CODE_STATE=getMsg HTTP/1.1" 200 27
124.78.56.241 - - [21/Apr/2024:11:30:40 +0800] "GET /xingrg/kc/buy/cgsh_order_operate.html?command=get_materiel&rest_code=00141&code=00101012122&supplier_code=00100325&order_time=2024-04-21 HTTP/1.1" 200 417
124.78.158.161 - - [21/Apr/2024:11:30:42 +0800] "POST /xingrg/kc/mdqp/pssh_list_operate.html HTTP/1.1" 200 3494
124.78.158.161 - - [21/Apr/2024:11:30:42 +0800] "POST /xingrg/kc/mdqp/pssh_list_operate.html HTTP/1.1" 200 3494
120.253.135.82 - - [21/Apr/2024:11:30:42 +0800] "GET /xingrg/check_reg.html?_=1713670087900 HTTP/1.1" 200 22
116.228.172.94 - - [21/Apr/2024:11:30:42 +0800] "GET /xingrg/all/function/internal_message.html?_=1713669785819&CODE_STATE=getMsg HTTP/1.1" 200 27
124.78.158.161 - - [21/Apr/2024:11:30:43 +0800] "GET /xingrg/kc/mdqp/qp_main.html HTTP/1.1" 200 10633
124.78.158.161 - - [21/Apr/2024:11:30:44 +0800] "GET /xingrg/kc/base/base_main.html HTTP/1.1" 200 12142
124.78.158.161 - - [21/Apr/2024:11:30:45 +0800] "GET /xingrg/kc/base/wldb_order_list.html HTTP/1.1" 200 19051
124.78.158.161 - - [21/Apr/2024:11:30:46 +0800] "POST /xingrg/kc/base/wldb_list_operate.html HTTP/1.1" 200 2558
124.78.158.161 - - [21/Apr/2024:11:30:50 +0800] "GET /xingrg/javascript/easyui/themes/default/tree.css HTTP/1.1" 404 1090
124.78.158.161 - - [21/Apr/2024:11:30:50 +0800] "POST /xingrg/all/common/load_tree.html?tree=rest_base_tree_json HTTP/1.1" 200 73054
124.78.158.161 - - [21/Apr/2024:11:30:54 +0800] "GET /xingrg/javascript/easyui/themes/icons/rest.png HTTP/1.1" 200 695
124.78.158.161 - - [21/Apr/2024:11:30:54 +0800] "GET /xingrg/javascript/easyui/themes/icons/areas.png HTTP/1.1" 200 720
124.78.56.241 - - [21/Apr/2024:11:31:01 +0800] "GET /xingrg/check_reg.html?_=1713670261310 HTTP/1.1" 200 22
124.78.56.241 - - [21/Apr/2024:11:31:01 +0800] "GET /xingrg/all/function/internal_message.html?_=1713670262060&CODE_STATE=getMsg HTTP/1.1" 200 27
222.69.134.233 - - [21/Apr/2024:11:31:06 +0800] "GET /xingrg/all/function/internal_message.html?_=1713670268013&CODE_STATE=getMsg HTTP/1.1" 200 27
124.78.158.161 - - [21/Apr/2024:11:31:07 +0800] "POST /xingrg/all/common/load_tree.html?tree=rest_base_tree_json HTTP/1.1" 200 73054
222.70.183.82 - - [21/Apr/2024:11:31:07 +0800] "GET /xingrg/all/function/internal_message.html?_=1713670264259&CODE_STATE=getMsg HTTP/1.1" 200 27
221.239.169.251 - - [21/Apr/2024:11:31:18 +0800] "GET /xingrg/all/function/internal_message.html?_=1713670277716&CODE_STATE=getMsg HTTP/1.1" 200 27
124.78.158.161 - - [21/Apr/2024:11:31:19 +0800] "POST /xingrg/kc/base/wldb_list_operate.html HTTP/1.1" 200 6194
116.232.195.13 - - [21/Apr/2024:11:31:19 +0800] "GET /xingrg/all/function/internal_message.html?_=1713670272943&CODE_STATE=getMsg HTTP/1.1" 200 27
116.238.125.103 - - [21/Apr/2024:11:31:20 +0800] "GET /xingrg/all/function/internal_message.html?_=1713670282776&CODE_STATE=getMsg HTTP/1.1" 200 27
116.238.125.103 - - [21/Apr/2024:11:31:20 +0800] "GET /xingrg/check_reg.html?_=1713670282780 HTTP/1.1" 200 22
180.163.29.212 - - [21/Apr/2024:11:31:22 +0800] "GET /xingrg/all/function/internal_message.html?_=1713670219759&CODE_STATE=getMsg HTTP/1.1" 302 -
180.163.29.212 - - [21/Apr/2024:11:31:22 +0800] "GET /xingrg/login.html HTTP/1.1" 200 7641
124.78.158.161 - - [21/Apr/2024:11:31:22 +0800] "GET /xingrg/all/function/internal_message.html?_=1713670279740&CODE_STATE=getMsg HTTP/1.1" 200 27
120.253.135.82 - - [21/Apr/2024:11:31:29 +0800] "GET /xingrg/all/function/internal_message.html?_=1713670135231&CODE_STATE=getMsg HTTP/1.1" 200 27
180.164.1.25 - - [21/Apr/2024:11:31:31 +0800] "GET /xingrg/all/function/internal_message.html?_=1713670290946&CODE_STATE=getMsg HTTP/1.1" 200 27
101.83.144.49 - - [21/Apr/2024:11:31:40 +0800] "GET /xingrg/all/function/internal_message.html?_=1713670301765&CODE_STATE=getMsg HTTP/1.1" 200 27
101.83.144.49 - - [21/Apr/2024:11:31:41 +0800] "GET /xingrg/check_reg.html?_=1713670302965 HTTP/1.1" 200 22
116.228.172.94 - - [21/Apr/2024:11:31:42 +0800] "GET /xingrg/all/function/internal_message.html?_=1713669845827&CODE_STATE=getMsg HTTP/1.1" 200 27
124.78.158.161 - - [21/Apr/2024:11:31:50 +0800] "POST /xingrg/kc/base/wldb_list_operate.html HTTP/1.1" 200 212
124.78.158.161 - - [21/Apr/2024:11:31:52 +0800] "POST /xingrg/kc/base/wldb_list_operate.html HTTP/1.1" 200 277
