101.83.144.49 - - [21/Apr/2024:08:02:13 +0800] "GET /xingrg/all/function/internal_message.html?_=1713657735488&CODE_STATE=getMsg HTTP/1.1" 200 27
221.239.169.251 - - [21/Apr/2024:08:02:18 +0800] "GET /xingrg/all/function/internal_message.html?_=1713657737525&CODE_STATE=getMsg HTTP/1.1" 200 27
116.228.172.94 - - [21/Apr/2024:08:02:43 +0800] "GET /xingrg/all/function/internal_message.html?_=1713657306991&CODE_STATE=getMsg HTTP/1.1" 200 27
114.83.220.117 - - [21/Apr/2024:08:02:44 +0800] "GET /xingrg/kc/buy/cgsh_order_operate.html?command=get_materiel&rest_code=00149&code=00101006138&supplier_code=00100096&order_time=2024-04-21 HTTP/1.1" 200 409
222.70.240.29 - - [21/Apr/2024:08:02:48 +0800] "GET /xingrg/check_reg.html?_=1713657791043 HTTP/1.1" 302 -
114.83.220.117 - - [21/Apr/2024:08:02:55 +0800] "GET /xingrg/kc/buy/cgsh_order_operate.html?command=get_materiel&rest_code=00149&code=00101006055&supplier_code=00100096&order_time=2024-04-21 HTTP/1.1" 200 411
120.253.135.82 - - [21/Apr/2024:08:03:04 +0800] "GET /xingrg/all/function/internal_message.html?_=1713657630440&CODE_STATE=getMsg HTTP/1.1" 200 27
101.83.144.49 - - [21/Apr/2024:08:03:10 +0800] "GET /xingrg/kc/buy/cgsh_order_operate.html?command=get_materiel&rest_code=00105&code=00101008136&supplier_code=00100008&order_time=2024-04-21 HTTP/1.1" 200 413
114.83.220.117 - - [21/Apr/2024:08:03:12 +0800] "GET /xingrg/all/function/internal_message.html?_=1713657792813&CODE_STATE=getMsg HTTP/1.1" 200 27
114.83.220.117 - - [21/Apr/2024:08:03:13 +0800] "GET /xingrg/kc/buy/cgsh_order_operate.html?command=get_materiel&rest_code=00149&code=00101006065&supplier_code=00100096&order_time=2024-04-21 HTTP/1.1" 200 409
101.83.144.49 - - [21/Apr/2024:08:03:13 +0800] "GET /xingrg/all/function/internal_message.html?_=1713657795515&CODE_STATE=getMsg HTTP/1.1" 200 27
221.239.169.251 - - [21/Apr/2024:08:03:18 +0800] "GET /xingrg/all/function/internal_message.html?_=1713657797533&CODE_STATE=getMsg HTTP/1.1" 200 27
114.83.220.117 - - [21/Apr/2024:08:03:26 +0800] "GET /xingrg/kc/buy/cgsh_order_operate.html?command=get_materiel&rest_code=00149&code=00101006013&supplier_code=00100096&order_time=2024-04-21 HTTP/1.1" 200 411
101.83.144.49 - - [21/Apr/2024:08:03:27 +0800] "GET /xingrg/kc/buy/cgsh_order_operate.html?command=get_materiel&rest_code=00105&code=00101009011&supplier_code=00100008&order_time=2024-04-21 HTTP/1.1" 200 416
101.83.144.49 - - [21/Apr/2024:08:03:41 +0800] "GET /xingrg/kc/buy/cgsh_order_operate.html?command=get_materiel&rest_code=00105&code=00101008119&supplier_code=00100008&order_time=2024-04-21 HTTP/1.1" 200 412
116.228.172.94 - - [21/Apr/2024:08:03:43 +0800] "GET /xingrg/all/function/internal_message.html?_=1713657366978&CODE_STATE=getMsg HTTP/1.1" 200 27
101.83.144.49 - - [21/Apr/2024:08:03:52 +0800] "GET /xingrg/kc/buy/cgsh_order_operate.html?command=get_materiel&rest_code=00105&code=00101008298&supplier_code=00100008&order_time=2024-04-21 HTTP/1.1" 200 412
114.83.220.117 - - [21/Apr/2024:08:03:59 +0800] "GET /xingrg/kc/buy/cgsh_order_operate.html?command=get_materiel&rest_code=00149&code=00101007049&supplier_code=00100096&order_time=2024-04-21 HTTP/1.1" 200 409
101.83.144.49 - - [21/Apr/2024:08:04:03 +0800] "GET /xingrg/kc/buy/cgsh_order_operate.html?command=get_materiel&rest_code=00105&code=00101008264&supplier_code=00100008&order_time=2024-04-21 HTTP/1.1" 200 432
120.253.135.82 - - [21/Apr/2024:08:04:04 +0800] "GET /xingrg/check_reg.html?_=1713657689472 HTTP/1.1" 200 22
120.253.135.82 - - [21/Apr/2024:08:04:05 +0800] "GET /xingrg/all/function/internal_message.html?_=1713657690454&CODE_STATE=getMsg HTTP/1.1" 200 27
114.83.220.117 - - [21/Apr/2024:08:04:09 +0800] "GET /xingrg/kc/buy/cgsh_order_operate.html?command=get_materiel&rest_code=00149&code=00101007060&supplier_code=00100096&order_time=2024-04-21 HTTP/1.1" 200 409
114.83.220.117 - - [21/Apr/2024:08:04:12 +0800] "GET /xingrg/all/function/internal_message.html?_=1713657852791&CODE_STATE=getMsg HTTP/1.1" 200 27
101.83.144.49 - - [21/Apr/2024:08:04:13 +0800] "GET /xingrg/all/function/internal_message.html?_=1713657855529&CODE_STATE=getMsg HTTP/1.1" 200 27
221.239.169.251 - - [21/Apr/2024:08:04:18 +0800] "GET /xingrg/all/function/internal_message.html?_=1713657857528&CODE_STATE=getMsg HTTP/1.1" 200 27
114.83.220.117 - - [21/Apr/2024:08:04:20 +0800] "GET /xingrg/kc/buy/cgsh_order_operate.html?command=get_materiel&rest_code=00149&code=00101012025&supplier_code=00100096&order_time=2024-04-21 HTTP/1.1" 200 414
101.83.144.49 - - [21/Apr/2024:08:04:21 +0800] "GET /xingrg/kc/buy/cgsh_order_operate.html?command=get_materiel&rest_code=00105&code=00101008368&supplier_code=00100008&order_time=2024-04-21 HTTP/1.1" 200 408
114.83.220.117 - - [21/Apr/2024:08:04:34 +0800] "GET /xingrg/kc/buy/cgsh_order_operate.html?command=get_materiel&rest_code=00149&code=00101012029&supplier_code=00100096&order_time=2024-04-21 HTTP/1.1" 200 412
101.83.144.49 - - [21/Apr/2024:08:04:42 +0800] "GET /xingrg/kc/buy/cgsh_order_operate.html?command=get_materiel&rest_code=00105&code=00101008353&supplier_code=00100008&order_time=2024-04-21 HTTP/1.1" 200 408
116.228.172.94 - - [21/Apr/2024:08:04:43 +0800] "GET /xingrg/all/function/internal_message.html?_=1713657426963&CODE_STATE=getMsg HTTP/1.1" 200 27
114.83.220.117 - - [21/Apr/2024:08:04:47 +0800] "GET /xingrg/kc/buy/cgsh_order_operate.html?command=get_materiel&rest_code=00149&code=00101016030&supplier_code=00100096&order_time=2024-04-21 HTTP/1.1" 200 412
116.235.94.6 - - [21/Apr/2024:08:04:47 +0800] "GET /xingrg/check_reg.html?_=1713657885152 HTTP/1.1" 302 -
101.83.144.49 - - [21/Apr/2024:08:04:55 +0800] "GET /xingrg/kc/buy/cgsh_order_operate.html?command=get_materiel&rest_code=00105&code=00101008696&supplier_code=00100008&order_time=2024-04-21 HTTP/1.1" 200 412
114.83.220.117 - - [21/Apr/2024:08:05:03 +0800] "POST /xingrg/kc/buy/cgsh_order_operate.html HTTP/1.1" 200 37
120.253.135.82 - - [21/Apr/2024:08:05:05 +0800] "GET /xingrg/all/function/internal_message.html?_=1713657750467&CODE_STATE=getMsg HTTP/1.1" 200 27
114.83.220.117 - - [21/Apr/2024:08:05:05 +0800] "POST /xingrg/services/DataTransmitService HTTP/1.1" 200 524
101.83.144.49 - - [21/Apr/2024:08:05:07 +0800] "GET /xingrg/kc/buy/cgsh_order_operate.html?command=get_materiel&rest_code=00105&code=00101008355&supplier_code=00100008&order_time=2024-04-21 HTTP/1.1" 200 408
114.83.220.117 - - [21/Apr/2024:08:05:12 +0800] "GET /xingrg/check_reg.html?_=1713657912655 HTTP/1.1" 200 22
114.83.220.117 - - [21/Apr/2024:08:05:12 +0800] "GET /xingrg/all/function/internal_message.html?_=1713657912779&CODE_STATE=getMsg HTTP/1.1" 200 27
114.83.220.117 - - [21/Apr/2024:08:05:13 +0800] "POST /xingrg/kc/buy/cgsh_order_operate.html HTTP/1.1" 200 12
101.83.144.49 - - [21/Apr/2024:08:05:13 +0800] "GET /xingrg/all/function/internal_message.html?_=1713657915492&CODE_STATE=getMsg HTTP/1.1" 200 27
114.83.220.117 - - [21/Apr/2024:08:05:16 +0800] "GET /xingrg/kc/buy/cgsh_order_info.html?code=212024042105641 HTTP/1.1" 200 68983
114.83.220.117 - - [21/Apr/2024:08:05:17 +0800] "GET /xingrg/javascript/easyui/themes/default/validatebox.css HTTP/1.1" 404 1104
114.83.220.117 - - [21/Apr/2024:08:05:18 +0800] "POST /xingrg/kc/buy/cgsh_order_operate.html HTTP/1.1" 200 7689
221.239.169.251 - - [21/Apr/2024:08:05:18 +0800] "GET /xingrg/all/function/internal_message.html?_=1713657917527&CODE_STATE=getMsg HTTP/1.1" 200 27
221.239.169.251 - - [21/Apr/2024:08:05:18 +0800] "GET /xingrg/check_reg.html?_=1713657917527 HTTP/1.1" 200 22
114.83.220.117 - - [21/Apr/2024:08:05:25 +0800] "GET /xingrg/kc/print/load_data.html?order_code=212024042105641&kc_code=cgsh&condition= HTTP/1.1" 200 3357
101.83.144.49 - - [21/Apr/2024:08:05:28 +0800] "GET /xingrg/kc/buy/cgsh_order_operate.html?command=get_materiel&rest_code=00105&code=00101008185&supplier_code=00100008&order_time=2024-04-21 HTTP/1.1" 200 408
114.83.220.117 - - [21/Apr/2024:08:05:30 +0800] "GET /xingrg/kc/buy/cgsh_order_add.html HTTP/1.1" 200 74122
114.83.220.117 - - [21/Apr/2024:08:05:31 +0800] "POST /xingrg/kc/buy/cgsh_order_operate.html HTTP/1.1" 200 8245
114.83.220.117 - - [21/Apr/2024:08:05:31 +0800] "GET /xingrg/javascript/easyui/themes/default/validatebox.css HTTP/1.1" 404 1104
116.228.172.94 - - [21/Apr/2024:08:05:33 +0800] "GET /xingrg/check_reg.html?_=1713657476878 HTTP/1.1" 200 22
116.228.172.94 - - [21/Apr/2024:08:05:43 +0800] "GET /xingrg/all/function/internal_message.html?_=1713657486948&CODE_STATE=getMsg HTTP/1.1" 200 27
101.83.144.49 - - [21/Apr/2024:08:05:44 +0800] "GET /xingrg/kc/buy/cgsh_order_operate.html?command=get_materiel&rest_code=00105&code=00101008811&supplier_code=00100008&order_time=2024-04-21 HTTP/1.1" 200 398
120.253.135.82 - - [21/Apr/2024:08:06:05 +0800] "GET /xingrg/all/function/internal_message.html?_=1713657810480&CODE_STATE=getMsg HTTP/1.1" 200 27
114.83.220.117 - - [21/Apr/2024:08:06:12 +0800] "GET /xingrg/all/function/internal_message.html?_=1713657972758&CODE_STATE=getMsg HTTP/1.1" 200 27
101.83.144.49 - - [21/Apr/2024:08:06:13 +0800] "GET /xingrg/check_reg.html?_=1713657975481 HTTP/1.1" 200 22
101.83.144.49 - - [21/Apr/2024:08:06:13 +0800] "GET /xingrg/all/function/internal_message.html?_=1713657975485&CODE_STATE=getMsg HTTP/1.1" 200 27
221.239.169.251 - - [21/Apr/2024:08:06:18 +0800] "GET /xingrg/all/function/internal_message.html?_=1713657977536&CODE_STATE=getMsg HTTP/1.1" 200 27
116.228.172.94 - - [21/Apr/2024:08:06:43 +0800] "GET /xingrg/all/function/internal_message.html?_=1713657546930&CODE_STATE=getMsg HTTP/1.1" 200 27
101.83.144.49 - - [21/Apr/2024:08:06:48 +0800] "GET /xingrg/kc/buy/cgsh_order_operate.html?command=get_materiel&rest_code=00105&code=00101008411&supplier_code=00100008&order_time=2024-04-21 HTTP/1.1" 200 412
120.253.135.82 - - [21/Apr/2024:08:07:05 +0800] "GET /xingrg/all/function/internal_message.html?_=1713657870667&CODE_STATE=getMsg HTTP/1.1" 200 27
101.83.144.49 - - [21/Apr/2024:08:07:08 +0800] "GET /xingrg/kc/buy/cgsh_order_operate.html?command=get_materiel&rest_code=00105&code=00101008045&supplier_code=00100008&order_time=2024-04-21 HTTP/1.1" 200 412
114.83.220.117 - - [21/Apr/2024:08:07:12 +0800] "GET /xingrg/all/function/internal_message.html?_=1713658032742&CODE_STATE=getMsg HTTP/1.1" 200 27
101.83.144.49 - - [21/Apr/2024:08:07:13 +0800] "GET /xingrg/all/function/internal_message.html?_=1713658035485&CODE_STATE=getMsg HTTP/1.1" 200 27
221.239.169.251 - - [21/Apr/2024:08:07:18 +0800] "GET /xingrg/all/function/internal_message.html?_=1713658037544&CODE_STATE=getMsg HTTP/1.1" 200 27
101.83.144.49 - - [21/Apr/2024:08:07:32 +0800] "GET /xingrg/kc/buy/cgsh_order_operate.html?command=get_materiel&rest_code=00105&code=00101008230&supplier_code=00100008&order_time=2024-04-21 HTTP/1.1" 200 408
116.228.172.94 - - [21/Apr/2024:08:07:43 +0800] "GET /xingrg/all/function/internal_message.html?_=1713657606913&CODE_STATE=getMsg HTTP/1.1" 200 27
101.83.144.49 - - [21/Apr/2024:08:07:48 +0800] "GET /xingrg/kc/buy/cgsh_order_operate.html?command=get_materiel&rest_code=00105&code=00101008286&supplier_code=00100008&order_time=2024-04-21 HTTP/1.1" 200 408
222.70.240.29 - - [21/Apr/2024:08:07:49 +0800] "GET /xingrg/check_reg.html?_=1713658091085 HTTP/1.1" 302 -
120.253.135.82 - - [21/Apr/2024:08:08:05 +0800] "GET /xingrg/all/function/internal_message.html?_=1713657930679&CODE_STATE=getMsg HTTP/1.1" 200 27
101.83.144.49 - - [21/Apr/2024:08:08:05 +0800] "GET /xingrg/kc/buy/cgsh_order_operate.html?command=get_materiel&rest_code=00105&code=00101008742&supplier_code=00100008&order_time=2024-04-21 HTTP/1.1" 200 413
114.83.220.117 - - [21/Apr/2024:08:08:12 +0800] "GET /xingrg/all/function/internal_message.html?_=1713658092721&CODE_STATE=getMsg HTTP/1.1" 200 27
101.83.144.49 - - [21/Apr/2024:08:08:13 +0800] "GET /xingrg/all/function/internal_message.html?_=1713658095484&CODE_STATE=getMsg HTTP/1.1" 200 27
221.239.169.251 - - [21/Apr/2024:08:08:18 +0800] "GET /xingrg/all/function/internal_message.html?_=1713658097532&CODE_STATE=getMsg HTTP/1.1" 200 27
101.83.144.49 - - [21/Apr/2024:08:08:24 +0800] "GET /xingrg/kc/buy/cgsh_order_operate.html?command=get_materiel&rest_code=00105&code=00101008186&supplier_code=00100008&order_time=2024-04-21 HTTP/1.1" 200 408
116.228.172.94 - - [21/Apr/2024:08:08:43 +0800] "GET /xingrg/all/function/internal_message.html?_=1713657666885&CODE_STATE=getMsg HTTP/1.1" 200 27
101.83.144.49 - - [21/Apr/2024:08:08:57 +0800] "GET /xingrg/kc/buy/cgsh_order_operate.html?command=get_materiel&rest_code=00105&code=00101008131&supplier_code=00100008&order_time=2024-04-21 HTTP/1.1" 200 408
120.253.135.82 - - [21/Apr/2024:08:09:04 +0800] "GET /xingrg/check_reg.html?_=1713657989644 HTTP/1.1" 200 22
120.253.135.82 - - [21/Apr/2024:08:09:05 +0800] "GET /xingrg/all/function/internal_message.html?_=1713657990694&CODE_STATE=getMsg HTTP/1.1" 200 27
114.83.220.117 - - [21/Apr/2024:08:09:12 +0800] "GET /xingrg/all/function/internal_message.html?_=1713658152690&CODE_STATE=getMsg HTTP/1.1" 200 27
101.83.144.49 - - [21/Apr/2024:08:09:13 +0800] "GET /xingrg/all/function/internal_message.html?_=1713658155558&CODE_STATE=getMsg HTTP/1.1" 200 27
101.83.144.49 - - [21/Apr/2024:08:09:18 +0800] "GET /xingrg/kc/buy/cgsh_order_operate.html?command=get_materiel&rest_code=00105&code=00101008300&supplier_code=00100008&order_time=2024-04-21 HTTP/1.1" 200 412
221.239.169.251 - - [21/Apr/2024:08:09:18 +0800] "GET /xingrg/all/function/internal_message.html?_=1713658157544&CODE_STATE=getMsg HTTP/1.1" 200 27
222.70.183.82 - - [21/Apr/2024:08:09:22 +0800] "POST /xingrg/services/DataTransmitService HTTP/1.1" 200 524
101.83.144.49 - - [21/Apr/2024:08:09:35 +0800] "GET /xingrg/kc/buy/cgsh_order_operate.html?command=get_materiel&rest_code=00105&code=00101008137&supplier_code=00100008&order_time=2024-04-21 HTTP/1.1" 200 408
101.83.144.49 - - [21/Apr/2024:08:09:38 +0800] "POST /xingrg/kc/buy/cgsh_order_operate.html HTTP/1.1" 200 2065
101.83.144.49 - - [21/Apr/2024:08:09:40 +0800] "POST /xingrg/kc/buy/cgsh_order_operate.html HTTP/1.1" 200 2065
101.83.144.49 - - [21/Apr/2024:08:09:41 +0800] "POST /xingrg/kc/buy/cgsh_order_operate.html HTTP/1.1" 200 2065
116.228.172.94 - - [21/Apr/2024:08:09:43 +0800] "GET /xingrg/all/function/internal_message.html?_=1713657726867&CODE_STATE=getMsg HTTP/1.1" 200 27
116.235.94.6 - - [21/Apr/2024:08:09:47 +0800] "GET /xingrg/check_reg.html?_=1713658185131 HTTP/1.1" 302 -
101.83.144.49 - - [21/Apr/2024:08:09:49 +0800] "GET /xingrg/kc/buy/cgsh_order_operate.html?command=get_materiel&rest_code=00105&code=00101008027&supplier_code=00100008&order_time=2024-04-21 HTTP/1.1" 200 408
101.83.144.49 - - [21/Apr/2024:08:10:01 +0800] "GET /xingrg/kc/buy/cgsh_order_operate.html?command=get_materiel&rest_code=00105&code=00101008213&supplier_code=00100008&order_time=2024-04-21 HTTP/1.1" 200 412
120.253.135.82 - - [21/Apr/2024:08:10:05 +0800] "GET /xingrg/all/function/internal_message.html?_=1713658050706&CODE_STATE=getMsg HTTP/1.1" 200 27
114.83.220.117 - - [21/Apr/2024:08:10:12 +0800] "GET /xingrg/check_reg.html?_=1713658212632 HTTP/1.1" 200 22
114.83.220.117 - - [21/Apr/2024:08:10:12 +0800] "GET /xingrg/all/function/internal_message.html?_=1713658212665&CODE_STATE=getMsg HTTP/1.1" 200 27
101.83.144.49 - - [21/Apr/2024:08:10:13 +0800] "GET /xingrg/kc/buy/cgsh_order_operate.html?command=get_materiel&rest_code=00105&code=00101008224&supplier_code=00100008&order_time=2024-04-21 HTTP/1.1" 200 416
101.83.144.49 - - [21/Apr/2024:08:10:13 +0800] "GET /xingrg/all/function/internal_message.html?_=1713658215490&CODE_STATE=getMsg HTTP/1.1" 200 27
221.239.169.251 - - [21/Apr/2024:08:10:18 +0800] "GET /xingrg/all/function/internal_message.html?_=1713658217546&CODE_STATE=getMsg HTTP/1.1" 200 27
221.239.169.251 - - [21/Apr/2024:08:10:18 +0800] "GET /xingrg/check_reg.html?_=1713658217540 HTTP/1.1" 200 22
116.228.172.94 - - [21/Apr/2024:08:10:33 +0800] "GET /xingrg/check_reg.html?_=1713657776877 HTTP/1.1" 200 22
116.228.172.94 - - [21/Apr/2024:08:10:43 +0800] "GET /xingrg/all/function/internal_message.html?_=1713657786853&CODE_STATE=getMsg HTTP/1.1" 200 27
101.83.144.49 - - [21/Apr/2024:08:10:50 +0800] "GET /xingrg/kc/buy/cgsh_order_operate.html?command=get_materiel&rest_code=00105&code=00101008332&supplier_code=00100008&order_time=2024-04-21 HTTP/1.1" 200 412
101.83.144.49 - - [21/Apr/2024:08:11:01 +0800] "GET /xingrg/kc/buy/cgsh_order_operate.html?command=get_materiel&rest_code=00105&code=00101008333&supplier_code=00100008&order_time=2024-04-21 HTTP/1.1" 200 412
120.253.135.82 - - [21/Apr/2024:08:11:05 +0800] "GET /xingrg/all/function/internal_message.html?_=1713658110721&CODE_STATE=getMsg HTTP/1.1" 200 27
114.83.220.117 - - [21/Apr/2024:08:11:12 +0800] "GET /xingrg/all/function/internal_message.html?_=1713658272651&CODE_STATE=getMsg HTTP/1.1" 200 27
101.83.144.49 - - [21/Apr/2024:08:11:13 +0800] "GET /xingrg/check_reg.html?_=1713658275512 HTTP/1.1" 200 22
101.83.144.49 - - [21/Apr/2024:08:11:13 +0800] "GET /xingrg/all/function/internal_message.html?_=1713658275513&CODE_STATE=getMsg HTTP/1.1" 200 27
101.83.144.49 - - [21/Apr/2024:08:11:18 +0800] "GET /xingrg/kc/buy/cgsh_order_operate.html?command=get_materiel&rest_code=00105&code=00101008305&supplier_code=00100008&order_time=2024-04-21 HTTP/1.1" 200 412
221.239.169.251 - - [21/Apr/2024:08:11:18 +0800] "GET /xingrg/all/function/internal_message.html?_=1713658277529&CODE_STATE=getMsg HTTP/1.1" 200 27
101.83.144.49 - - [21/Apr/2024:08:11:28 +0800] "GET /xingrg/kc/buy/cgsh_order_operate.html?command=get_materiel&rest_code=00105&code=00101009155&supplier_code=00100008&order_time=2024-04-21 HTTP/1.1" 200 416
116.228.172.94 - - [21/Apr/2024:08:11:43 +0800] "GET /xingrg/all/function/internal_message.html?_=1713657846829&CODE_STATE=getMsg HTTP/1.1" 200 27
101.83.144.49 - - [21/Apr/2024:08:11:46 +0800] "GET /xingrg/kc/buy/cgsh_order_operate.html?command=get_materiel&rest_code=00105&code=00101008350&supplier_code=00100008&order_time=2024-04-21 HTTP/1.1" 200 408
120.253.135.82 - - [21/Apr/2024:08:12:05 +0800] "GET /xingrg/all/function/internal_message.html?_=1713658170892&CODE_STATE=getMsg HTTP/1.1" 200 27
114.83.220.117 - - [21/Apr/2024:08:12:12 +0800] "GET /xingrg/all/function/internal_message.html?_=1713658332637&CODE_STATE=getMsg HTTP/1.1" 200 27
101.83.144.49 - - [21/Apr/2024:08:12:13 +0800] "GET /xingrg/all/function/internal_message.html?_=1713658335494&CODE_STATE=getMsg HTTP/1.1" 200 27
221.239.169.251 - - [21/Apr/2024:08:12:18 +0800] "GET /xingrg/all/function/internal_message.html?_=1713658337537&CODE_STATE=getMsg HTTP/1.1" 200 27
101.83.144.49 - - [21/Apr/2024:08:12:34 +0800] "GET /xingrg/kc/buy/cgsh_order_operate.html?command=get_materiel&rest_code=00105&code=00101009107&supplier_code=00100008&order_time=2024-04-21 HTTP/1.1" 200 410
116.228.172.94 - - [21/Apr/2024:08:12:43 +0800] "GET /xingrg/all/function/internal_message.html?_=1713657906812&CODE_STATE=getMsg HTTP/1.1" 200 27
222.70.240.29 - - [21/Apr/2024:08:12:49 +0800] "GET /xingrg/check_reg.html?_=1713658391137 HTTP/1.1" 302 -
120.253.135.82 - - [21/Apr/2024:08:13:05 +0800] "GET /xingrg/all/function/internal_message.html?_=1713658230904&CODE_STATE=getMsg HTTP/1.1" 200 27
101.83.144.49 - - [21/Apr/2024:08:13:12 +0800] "GET /xingrg/kc/buy/cgsh_order_operate.html?command=get_materiel&rest_code=00105&code=00101008150&supplier_code=00100008&order_time=2024-04-21 HTTP/1.1" 200 409
114.83.220.117 - - [21/Apr/2024:08:13:12 +0800] "GET /xingrg/all/function/internal_message.html?_=1713658392621&CODE_STATE=getMsg HTTP/1.1" 200 27
101.83.144.49 - - [21/Apr/2024:08:13:13 +0800] "GET /xingrg/all/function/internal_message.html?_=1713658395477&CODE_STATE=getMsg HTTP/1.1" 200 27
221.239.169.251 - - [21/Apr/2024:08:13:18 +0800] "GET /xingrg/all/function/internal_message.html?_=1713658397528&CODE_STATE=getMsg HTTP/1.1" 200 27
101.83.144.49 - - [21/Apr/2024:08:13:31 +0800] "GET /xingrg/kc/buy/cgsh_order_operate.html?command=get_materiel&rest_code=00105&code=00101008096&supplier_code=00100008&order_time=2024-04-21 HTTP/1.1" 200 412
101.83.144.49 - - [21/Apr/2024:08:13:43 +0800] "GET /xingrg/kc/buy/cgsh_order_operate.html?command=get_materiel&rest_code=00105&code=00101008105&supplier_code=00100008&order_time=2024-04-21 HTTP/1.1" 200 412
116.228.172.94 - - [21/Apr/2024:08:13:43 +0800] "GET /xingrg/all/function/internal_message.html?_=1713657966791&CODE_STATE=getMsg HTTP/1.1" 200 27
101.83.144.49 - - [21/Apr/2024:08:13:56 +0800] "POST /xingrg/kc/buy/cgsh_order_operate.html HTTP/1.1" 200 2065
101.83.144.49 - - [21/Apr/2024:08:13:57 +0800] "POST /xingrg/kc/buy/cgsh_order_operate.html HTTP/1.1" 200 2065
101.83.144.49 - - [21/Apr/2024:08:14:00 +0800] "POST /xingrg/kc/buy/cgsh_order_operate.html HTTP/1.1" 200 2065
120.253.135.82 - - [21/Apr/2024:08:14:04 +0800] "GET /xingrg/check_reg.html?_=1713658289815 HTTP/1.1" 200 22
120.253.135.82 - - [21/Apr/2024:08:14:05 +0800] "GET /xingrg/all/function/internal_message.html?_=1713658290917&CODE_STATE=getMsg HTTP/1.1" 200 27
114.83.220.117 - - [21/Apr/2024:08:14:12 +0800] "GET /xingrg/all/function/internal_message.html?_=1713658452613&CODE_STATE=getMsg HTTP/1.1" 200 27
101.83.144.49 - - [21/Apr/2024:08:14:14 +0800] "GET /xingrg/all/function/internal_message.html?_=1713658455596&CODE_STATE=getMsg HTTP/1.1" 200 27
101.83.144.49 - - [21/Apr/2024:08:14:16 +0800] "GET /xingrg/kc/buy/cgsh_order_operate.html?command=get_materiel&rest_code=00105&code=00101008283&supplier_code=00100008&order_time=2024-04-21 HTTP/1.1" 200 408
221.239.169.251 - - [21/Apr/2024:08:14:18 +0800] "GET /xingrg/all/function/internal_message.html?_=1713658457540&CODE_STATE=getMsg HTTP/1.1" 200 27
116.228.172.94 - - [21/Apr/2024:08:14:43 +0800] "GET /xingrg/all/function/internal_message.html?_=1713658026762&CODE_STATE=getMsg HTTP/1.1" 200 27
116.235.94.6 - - [21/Apr/2024:08:14:47 +0800] "GET /xingrg/check_reg.html?_=1713658485122 HTTP/1.1" 302 -
120.253.135.82 - - [21/Apr/2024:08:15:05 +0800] "GET /xingrg/all/function/internal_message.html?_=1713658350931&CODE_STATE=getMsg HTTP/1.1" 200 27
101.83.144.49 - - [21/Apr/2024:08:15:05 +0800] "GET /xingrg/kc/buy/cgsh_order_operate.html?command=get_materiel&rest_code=00105&code=00101009015&supplier_code=00100008&order_time=2024-04-21 HTTP/1.1" 200 416
114.83.220.117 - - [21/Apr/2024:08:15:12 +0800] "GET /xingrg/all/function/internal_message.html?_=1713658512597&CODE_STATE=getMsg HTTP/1.1" 200 27
114.83.220.117 - - [21/Apr/2024:08:15:12 +0800] "GET /xingrg/check_reg.html?_=1713658512616 HTTP/1.1" 200 22
101.83.144.49 - - [21/Apr/2024:08:15:14 +0800] "GET /xingrg/all/function/internal_message.html?_=1713658515596&CODE_STATE=getMsg HTTP/1.1" 200 27
221.239.169.251 - - [21/Apr/2024:08:15:18 +0800] "GET /xingrg/check_reg.html?_=1713658517531 HTTP/1.1" 200 22
221.239.169.251 - - [21/Apr/2024:08:15:18 +0800] "GET /xingrg/all/function/internal_message.html?_=1713658517531&CODE_STATE=getMsg HTTP/1.1" 200 27
101.83.144.49 - - [21/Apr/2024:08:15:28 +0800] "GET /xingrg/kc/buy/cgsh_order_operate.html?command=get_materiel&rest_code=00105&code=00101008061&supplier_code=00100008&order_time=2024-04-21 HTTP/1.1" 200 422
116.228.172.94 - - [21/Apr/2024:08:15:33 +0800] "GET /xingrg/check_reg.html?_=1713658076870 HTTP/1.1" 200 22
101.83.144.49 - - [21/Apr/2024:08:15:38 +0800] "GET /xingrg/kc/buy/cgsh_order_operate.html?command=get_materiel&rest_code=00105&code=00101008704&supplier_code=00100008&order_time=2024-04-21 HTTP/1.1" 200 409
116.228.172.94 - - [21/Apr/2024:08:15:43 +0800] "GET /xingrg/all/function/internal_message.html?_=1713658086735&CODE_STATE=getMsg HTTP/1.1" 200 27
101.83.144.49 - - [21/Apr/2024:08:16:01 +0800] "GET /xingrg/kc/buy/cgsh_order_operate.html?command=get_materiel&rest_code=00105&code=00101009160&supplier_code=00100008&order_time=2024-04-21 HTTP/1.1" 200 415
120.253.135.82 - - [21/Apr/2024:08:16:05 +0800] "GET /xingrg/all/function/internal_message.html?_=1713658410945&CODE_STATE=getMsg HTTP/1.1" 200 27
114.83.220.117 - - [21/Apr/2024:08:16:12 +0800] "GET /xingrg/all/function/internal_message.html?_=1713658572570&CODE_STATE=getMsg HTTP/1.1" 200 27
101.83.144.49 - - [21/Apr/2024:08:16:13 +0800] "GET /xingrg/all/function/internal_message.html?_=1713658575485&CODE_STATE=getMsg HTTP/1.1" 200 27
101.83.144.49 - - [21/Apr/2024:08:16:13 +0800] "GET /xingrg/check_reg.html?_=1713658575488 HTTP/1.1" 200 22
101.83.144.49 - - [21/Apr/2024:08:16:17 +0800] "GET /xingrg/kc/buy/cgsh_order_operate.html?command=get_materiel&rest_code=00105&code=00101009175&supplier_code=00100008&order_time=2024-04-21 HTTP/1.1" 200 414
221.239.169.251 - - [21/Apr/2024:08:16:18 +0800] "GET /xingrg/all/function/internal_message.html?_=1713658577537&CODE_STATE=getMsg HTTP/1.1" 200 27
101.83.144.49 - - [21/Apr/2024:08:16:37 +0800] "GET /xingrg/kc/buy/cgsh_order_operate.html?command=get_materiel&rest_code=00105&code=00101009056&supplier_code=00100008&order_time=2024-04-21 HTTP/1.1" 200 412
116.228.172.94 - - [21/Apr/2024:08:16:43 +0800] "GET /xingrg/all/function/internal_message.html?_=1713658146718&CODE_STATE=getMsg HTTP/1.1" 200 27
101.83.144.49 - - [21/Apr/2024:08:16:52 +0800] "GET /xingrg/kc/buy/cgsh_order_operate.html?command=get_materiel&rest_code=00105&code=00101015061&supplier_code=00100008&order_time=2024-04-21 HTTP/1.1" 200 412
120.253.135.82 - - [21/Apr/2024:08:17:05 +0800] "GET /xingrg/all/function/internal_message.html?_=1713658471098&CODE_STATE=getMsg HTTP/1.1" 200 27
101.83.144.49 - - [21/Apr/2024:08:17:09 +0800] "GET /xingrg/kc/buy/cgsh_order_operate.html?command=get_materiel&rest_code=00105&code=00101015066&supplier_code=00100008&order_time=2024-04-21 HTTP/1.1" 200 413
114.83.220.117 - - [21/Apr/2024:08:17:12 +0800] "GET /xingrg/all/function/internal_message.html?_=1713658632561&CODE_STATE=getMsg HTTP/1.1" 200 27
101.83.144.49 - - [21/Apr/2024:08:17:13 +0800] "GET /xingrg/all/function/internal_message.html?_=1713658635482&CODE_STATE=getMsg HTTP/1.1" 200 27
221.239.169.251 - - [21/Apr/2024:08:17:18 +0800] "GET /xingrg/all/function/internal_message.html?_=1713658637544&CODE_STATE=getMsg HTTP/1.1" 200 27
116.228.172.94 - - [21/Apr/2024:08:17:43 +0800] "GET /xingrg/all/function/internal_message.html?_=1713658206693&CODE_STATE=getMsg HTTP/1.1" 200 27
222.70.240.29 - - [21/Apr/2024:08:17:49 +0800] "GET /xingrg/check_reg.html?_=1713658691205 HTTP/1.1" 302 -
101.83.144.49 - - [21/Apr/2024:08:17:50 +0800] "GET /xingrg/kc/buy/cgsh_order_operate.html?command=get_materiel&rest_code=00105&code=00101009066&supplier_code=00100008&order_time=2024-04-21 HTTP/1.1" 200 416
120.253.135.82 - - [21/Apr/2024:08:18:05 +0800] "GET /xingrg/all/function/internal_message.html?_=1713658531112&CODE_STATE=getMsg HTTP/1.1" 200 27
114.83.220.117 - - [21/Apr/2024:08:18:12 +0800] "GET /xingrg/all/function/internal_message.html?_=1713658692546&CODE_STATE=getMsg HTTP/1.1" 200 27
101.83.144.49 - - [21/Apr/2024:08:18:14 +0800] "GET /xingrg/all/function/internal_message.html?_=1713658695617&CODE_STATE=getMsg HTTP/1.1" 200 27
221.239.169.251 - - [21/Apr/2024:08:18:18 +0800] "GET /xingrg/all/function/internal_message.html?_=1713658697550&CODE_STATE=getMsg HTTP/1.1" 200 27
101.83.144.49 - - [21/Apr/2024:08:18:24 +0800] "GET /xingrg/kc/buy/cgsh_order_operate.html?command=get_materiel&rest_code=00105&code=00101008502&supplier_code=00100008&order_time=2024-04-21 HTTP/1.1" 200 412
116.228.172.94 - - [21/Apr/2024:08:18:43 +0800] "GET /xingrg/all/function/internal_message.html?_=1713658266671&CODE_STATE=getMsg HTTP/1.1" 200 27
120.253.135.82 - - [21/Apr/2024:08:19:04 +0800] "GET /xingrg/check_reg.html?_=1713658589998 HTTP/1.1" 200 22
120.253.135.82 - - [21/Apr/2024:08:19:05 +0800] "GET /xingrg/all/function/internal_message.html?_=1713658591126&CODE_STATE=getMsg HTTP/1.1" 200 27
101.83.144.49 - - [21/Apr/2024:08:19:08 +0800] "POST /xingrg/kc/buy/cgsh_order_operate.html HTTP/1.1" 200 2065
101.83.144.49 - - [21/Apr/2024:08:19:11 +0800] "POST /xingrg/kc/buy/cgsh_order_operate.html HTTP/1.1" 200 2065
114.83.220.117 - - [21/Apr/2024:08:19:12 +0800] "GET /xingrg/all/function/internal_message.html?_=1713658752535&CODE_STATE=getMsg HTTP/1.1" 200 27
101.83.144.49 - - [21/Apr/2024:08:19:12 +0800] "POST /xingrg/kc/buy/cgsh_order_operate.html HTTP/1.1" 200 2065
101.83.144.49 - - [21/Apr/2024:08:19:13 +0800] "GET /xingrg/all/function/internal_message.html?_=1713658755477&CODE_STATE=getMsg HTTP/1.1" 200 27
221.239.169.251 - - [21/Apr/2024:08:19:18 +0800] "GET /xingrg/all/function/internal_message.html?_=1713658757541&CODE_STATE=getMsg HTTP/1.1" 200 27
101.83.144.49 - - [21/Apr/2024:08:19:22 +0800] "GET /xingrg/kc/buy/cgsh_order_operate.html?command=get_materiel&rest_code=00105&code=00101008356&supplier_code=00100008&order_time=2024-04-21 HTTP/1.1" 200 408
116.228.172.94 - - [21/Apr/2024:08:19:43 +0800] "GET /xingrg/all/function/internal_message.html?_=1713658326650&CODE_STATE=getMsg HTTP/1.1" 200 27
116.235.94.6 - - [21/Apr/2024:08:19:47 +0800] "GET /xingrg/check_reg.html?_=1713658785110 HTTP/1.1" 302 -
101.83.144.49 - - [21/Apr/2024:08:19:49 +0800] "GET /xingrg/kc/buy/cgsh_order_operate.html?command=get_materiel&rest_code=00105&code=00101008169&supplier_code=00100008&order_time=2024-04-21 HTTP/1.1" 200 412
101.83.144.49 - - [21/Apr/2024:08:20:00 +0800] "GET /xingrg/kc/buy/cgsh_order_operate.html?command=get_materiel&rest_code=00105&code=00101008261&supplier_code=00100008&order_time=2024-04-21 HTTP/1.1" 200 429
120.253.135.82 - - [21/Apr/2024:08:20:05 +0800] "GET /xingrg/all/function/internal_message.html?_=1713658651140&CODE_STATE=getMsg HTTP/1.1" 200 27
114.83.220.117 - - [21/Apr/2024:08:20:12 +0800] "GET /xingrg/all/function/internal_message.html?_=1713658812535&CODE_STATE=getMsg HTTP/1.1" 200 27
114.83.220.117 - - [21/Apr/2024:08:20:12 +0800] "GET /xingrg/check_reg.html?_=1713658812599 HTTP/1.1" 200 22
101.83.144.49 - - [21/Apr/2024:08:20:14 +0800] "GET /xingrg/all/function/internal_message.html?_=1713658815638&CODE_STATE=getMsg HTTP/1.1" 200 27
101.83.144.49 - - [21/Apr/2024:08:20:15 +0800] "GET /xingrg/kc/buy/cgsh_order_operate.html?command=get_materiel&rest_code=00105&code=00101008098&supplier_code=00100008&order_time=2024-04-21 HTTP/1.1" 200 412
221.239.169.251 - - [21/Apr/2024:08:20:18 +0800] "GET /xingrg/all/function/internal_message.html?_=1713658817542&CODE_STATE=getMsg HTTP/1.1" 200 27
221.239.169.251 - - [21/Apr/2024:08:20:18 +0800] "GET /xingrg/check_reg.html?_=1713658817539 HTTP/1.1" 200 22
101.83.144.49 - - [21/Apr/2024:08:20:25 +0800] "GET /xingrg/kc/buy/cgsh_order_operate.html?command=get_materiel&rest_code=00105&code=00101008059&supplier_code=00100008&order_time=2024-04-21 HTTP/1.1" 200 408
116.228.172.94 - - [21/Apr/2024:08:20:33 +0800] "GET /xingrg/check_reg.html?_=1713658376876 HTTP/1.1" 200 22
101.83.144.49 - - [21/Apr/2024:08:20:38 +0800] "GET /xingrg/kc/buy/cgsh_order_operate.html?command=get_materiel&rest_code=00105&code=00101008067&supplier_code=00100008&order_time=2024-04-21 HTTP/1.1" 200 416
116.228.172.94 - - [21/Apr/2024:08:20:43 +0800] "GET /xingrg/all/function/internal_message.html?_=1713658386643&CODE_STATE=getMsg HTTP/1.1" 200 27
101.83.144.49 - - [21/Apr/2024:08:20:52 +0800] "GET /xingrg/kc/buy/cgsh_order_operate.html?command=get_materiel&rest_code=00105&code=00101008100&supplier_code=00100008&order_time=2024-04-21 HTTP/1.1" 200 408
120.253.135.82 - - [21/Apr/2024:08:21:06 +0800] "GET /xingrg/all/function/internal_message.html?_=1713658711152&CODE_STATE=getMsg HTTP/1.1" 200 27
114.83.220.117 - - [21/Apr/2024:08:21:12 +0800] "GET /xingrg/all/function/internal_message.html?_=1713658872539&CODE_STATE=getMsg HTTP/1.1" 200 27
101.83.144.49 - - [21/Apr/2024:08:21:13 +0800] "GET /xingrg/check_reg.html?_=1713658875489 HTTP/1.1" 200 22
101.83.144.49 - - [21/Apr/2024:08:21:13 +0800] "GET /xingrg/all/function/internal_message.html?_=1713658875492&CODE_STATE=getMsg HTTP/1.1" 200 27
101.83.144.49 - - [21/Apr/2024:08:21:17 +0800] "POST /xingrg/kc/buy/cgsh_order_operate.html HTTP/1.1" 200 37
221.239.169.251 - - [21/Apr/2024:08:21:18 +0800] "GET /xingrg/all/function/internal_message.html?_=1713658877539&CODE_STATE=getMsg HTTP/1.1" 200 27
101.83.144.49 - - [21/Apr/2024:08:21:21 +0800] "POST /xingrg/kc/buy/cgsh_order_operate.html HTTP/1.1" 200 36356
116.228.172.94 - - [21/Apr/2024:08:21:43 +0800] "GET /xingrg/all/function/internal_message.html?_=1713658446641&CODE_STATE=getMsg HTTP/1.1" 200 27
120.253.135.82 - - [21/Apr/2024:08:22:06 +0800] "GET /xingrg/all/function/internal_message.html?_=1713658771416&CODE_STATE=getMsg HTTP/1.1" 200 27
114.83.220.117 - - [21/Apr/2024:08:22:12 +0800] "GET /xingrg/all/function/internal_message.html?_=1713658932540&CODE_STATE=getMsg HTTP/1.1" 200 27
101.83.144.49 - - [21/Apr/2024:08:22:13 +0800] "GET /xingrg/all/function/internal_message.html?_=1713658935477&CODE_STATE=getMsg HTTP/1.1" 200 27
221.239.169.251 - - [21/Apr/2024:08:22:18 +0800] "GET /xingrg/all/function/internal_message.html?_=1713658937547&CODE_STATE=getMsg HTTP/1.1" 200 27
116.228.172.94 - - [21/Apr/2024:08:22:43 +0800] "GET /xingrg/all/function/internal_message.html?_=1713658506624&CODE_STATE=getMsg HTTP/1.1" 200 27
222.70.240.29 - - [21/Apr/2024:08:22:49 +0800] "GET /xingrg/check_reg.html?_=1713658991275 HTTP/1.1" 302 -
120.253.135.82 - - [21/Apr/2024:08:23:06 +0800] "GET /xingrg/all/function/internal_message.html?_=1713658831446&CODE_STATE=getMsg HTTP/1.1" 200 27
114.83.220.117 - - [21/Apr/2024:08:23:12 +0800] "GET /xingrg/all/function/internal_message.html?_=1713658992539&CODE_STATE=getMsg HTTP/1.1" 200 27
101.83.144.49 - - [21/Apr/2024:08:23:13 +0800] "GET /xingrg/all/function/internal_message.html?_=1713658995487&CODE_STATE=getMsg HTTP/1.1" 200 27
221.239.169.251 - - [21/Apr/2024:08:23:18 +0800] "GET /xingrg/all/function/internal_message.html?_=1713658997540&CODE_STATE=getMsg HTTP/1.1" 200 27
116.228.172.94 - - [21/Apr/2024:08:23:43 +0800] "GET /xingrg/all/function/internal_message.html?_=1713658566597&CODE_STATE=getMsg HTTP/1.1" 200 27
120.253.135.82 - - [21/Apr/2024:08:24:04 +0800] "GET /xingrg/check_reg.html?_=1713658889992 HTTP/1.1" 200 22
120.253.135.82 - - [21/Apr/2024:08:24:06 +0800] "GET /xingrg/all/function/internal_message.html?_=1713658891463&CODE_STATE=getMsg HTTP/1.1" 200 27
114.83.220.117 - - [21/Apr/2024:08:24:12 +0800] "GET /xingrg/all/function/internal_message.html?_=1713659052540&CODE_STATE=getMsg HTTP/1.1" 200 27
101.83.144.49 - - [21/Apr/2024:08:24:13 +0800] "GET /xingrg/all/function/internal_message.html?_=1713659055480&CODE_STATE=getMsg HTTP/1.1" 200 27
221.239.169.251 - - [21/Apr/2024:08:24:18 +0800] "GET /xingrg/all/function/internal_message.html?_=1713659057549&CODE_STATE=getMsg HTTP/1.1" 200 27
114.83.220.117 - - [21/Apr/2024:08:24:42 +0800] "GET /xingrg/kc/mdqp/qqps_order_list.html HTTP/1.1" 200 9222
114.83.220.117 - - [21/Apr/2024:08:24:42 +0800] "GET /xingrg/dwr/interface/AjaxQqpsService.js HTTP/1.1" 200 16326
114.83.220.117 - - [21/Apr/2024:08:24:42 +0800] "GET /xingrg/dwr/interface/AjaxReportQueryService.js HTTP/1.1" 200 13203
114.83.220.117 - - [21/Apr/2024:08:24:43 +0800] "GET /xingrg/dwr/engine.js HTTP/1.1" 200 43631
116.228.172.94 - - [21/Apr/2024:08:24:43 +0800] "GET /xingrg/all/function/internal_message.html?_=1713658626582&CODE_STATE=getMsg HTTP/1.1" 200 27
116.235.94.6 - - [21/Apr/2024:08:24:47 +0800] "GET /xingrg/check_reg.html?_=1713659085096 HTTP/1.1" 302 -
116.235.94.6 - - [21/Apr/2024:08:24:52 +0800] "POST /xingrg/services/DataTransmitService HTTP/1.1" 200 524
114.83.220.117 - - [21/Apr/2024:08:25:00 +0800] "GET /xingrg/kc/mdqp/qqps_order_add.html HTTP/1.1" 200 28317
114.83.220.117 - - [21/Apr/2024:08:25:00 +0800] "GET /xingrg/dwr/interface/AjaxQqpsService.js HTTP/1.1" 200 16326
114.83.220.117 - - [21/Apr/2024:08:25:00 +0800] "GET /xingrg/dwr/interface/AjaxComOrderService.js HTTP/1.1" 200 18264
114.83.220.117 - - [21/Apr/2024:08:25:00 +0800] "GET /xingrg/dwr/engine.js HTTP/1.1" 200 43631
120.253.135.82 - - [21/Apr/2024:08:25:06 +0800] "GET /xingrg/all/function/internal_message.html?_=1713658951485&CODE_STATE=getMsg HTTP/1.1" 200 27
114.83.220.117 - - [21/Apr/2024:08:25:12 +0800] "POST /xingrg/dwr/call/plaincall/AjaxQqpsService.saveOrder.dwr HTTP/1.1" 200 78
114.83.220.117 - - [21/Apr/2024:08:25:12 +0800] "GET /xingrg/all/function/internal_message.html?_=1713659112546&CODE_STATE=getMsg HTTP/1.1" 200 27
114.83.220.117 - - [21/Apr/2024:08:25:12 +0800] "GET /xingrg/check_reg.html?_=1713659112580 HTTP/1.1" 200 22
101.83.144.49 - - [21/Apr/2024:08:25:13 +0800] "GET /xingrg/all/function/internal_message.html?_=1713659115489&CODE_STATE=getMsg HTTP/1.1" 200 27
114.83.220.117 - - [21/Apr/2024:08:25:16 +0800] "POST /xingrg/dwr/call/plaincall/AjaxQqpsService.getMaterielByCode.dwr HTTP/1.1" 200 2821
221.239.169.251 - - [21/Apr/2024:08:25:18 +0800] "GET /xingrg/check_reg.html?_=1713659117544 HTTP/1.1" 200 22
221.239.169.251 - - [21/Apr/2024:08:25:18 +0800] "GET /xingrg/all/function/internal_message.html?_=1713659117547&CODE_STATE=getMsg HTTP/1.1" 200 27
114.83.220.117 - - [21/Apr/2024:08:25:24 +0800] "POST /xingrg/dwr/call/plaincall/AjaxQqpsService.saveMaterielItem.dwr HTTP/1.1" 200 78
114.83.220.117 - - [21/Apr/2024:08:25:29 +0800] "POST /xingrg/dwr/call/plaincall/AjaxQqpsService.getMaterielByCode.dwr HTTP/1.1" 200 2819
114.83.220.117 - - [21/Apr/2024:08:25:33 +0800] "POST /xingrg/dwr/call/plaincall/AjaxQqpsService.saveMaterielItem.dwr HTTP/1.1" 200 78
116.228.172.94 - - [21/Apr/2024:08:25:33 +0800] "GET /xingrg/check_reg.html?_=1713658676869 HTTP/1.1" 200 22
114.83.220.117 - - [21/Apr/2024:08:25:41 +0800] "POST /xingrg/dwr/call/plaincall/AjaxQqpsService.getMaterielByCode.dwr HTTP/1.1" 200 2743
116.228.172.94 - - [21/Apr/2024:08:25:43 +0800] "GET /xingrg/all/function/internal_message.html?_=1713658686572&CODE_STATE=getMsg HTTP/1.1" 200 27
114.83.220.117 - - [21/Apr/2024:08:25:44 +0800] "POST /xingrg/dwr/call/plaincall/AjaxQqpsService.saveMaterielItem.dwr HTTP/1.1" 200 78
114.83.220.117 - - [21/Apr/2024:08:25:47 +0800] "POST /xingrg/dwr/call/plaincall/AjaxQqpsService.checkOrder.dwr HTTP/1.1" 200 78
114.83.220.117 - - [21/Apr/2024:08:25:49 +0800] "GET /xingrg/kc/mdqp/qqps_order_info.html?code=302024042100292 HTTP/1.1" 200 26720
114.83.220.117 - - [21/Apr/2024:08:25:49 +0800] "GET /xingrg/dwr/interface/AjaxComOrderService.js HTTP/1.1" 200 18264
114.83.220.117 - - [21/Apr/2024:08:25:49 +0800] "GET /xingrg/dwr/interface/AjaxQqpsService.js HTTP/1.1" 200 16326
114.83.220.117 - - [21/Apr/2024:08:25:49 +0800] "GET /xingrg/dwr/engine.js HTTP/1.1" 200 43631
114.83.220.117 - - [21/Apr/2024:08:25:50 +0800] "POST /xingrg/dwr/call/plaincall/AjaxQqpsService.loadMaterielItems.dwr HTTP/1.1" 200 959
120.253.135.82 - - [21/Apr/2024:08:26:06 +0800] "GET /xingrg/all/function/internal_message.html?_=1713659011680&CODE_STATE=getMsg HTTP/1.1" 200 27
114.83.220.117 - - [21/Apr/2024:08:26:12 +0800] "GET /xingrg/all/function/internal_message.html?_=1713659172536&CODE_STATE=getMsg HTTP/1.1" 200 27
101.83.144.49 - - [21/Apr/2024:08:26:14 +0800] "GET /xingrg/check_reg.html?_=1713659175656 HTTP/1.1" 200 22
101.83.144.49 - - [21/Apr/2024:08:26:14 +0800] "GET /xingrg/all/function/internal_message.html?_=1713659175658&CODE_STATE=getMsg HTTP/1.1" 200 27
221.239.169.251 - - [21/Apr/2024:08:26:18 +0800] "GET /xingrg/all/function/internal_message.html?_=1713659177545&CODE_STATE=getMsg HTTP/1.1" 200 27
120.253.135.82 - - [21/Apr/2024:08:26:30 +0800] "POST /xingrg/kc/pszx/mdps_list_operate.html HTTP/1.1" 200 3859
120.253.135.82 - - [21/Apr/2024:08:26:32 +0800] "POST /xingrg/kc/pszx/mdps_list_operate.html HTTP/1.1" 200 205
120.253.135.82 - - [21/Apr/2024:08:26:33 +0800] "POST /xingrg/kc/pszx/mdps_list_operate.html HTTP/1.1" 200 606
120.253.135.82 - - [21/Apr/2024:08:26:35 +0800] "GET /xingrg/kc/pszx/mdps_order_info.html?code=312024042100345 HTTP/1.1" 200 23972
120.253.135.82 - - [21/Apr/2024:08:26:36 +0800] "GET /xingrg/javascript/easyui/themes/default/validatebox.css HTTP/1.1" 404 1104
120.253.135.82 - - [21/Apr/2024:08:26:36 +0800] "POST /xingrg/kc/pszx/mdps_order_operate.html HTTP/1.1" 200 6291
120.253.135.82 - - [21/Apr/2024:08:26:43 +0800] "POST /xingrg/kc/pszx/mdps_list_operate.html HTTP/1.1" 200 3859
116.228.172.94 - - [21/Apr/2024:08:26:43 +0800] "GET /xingrg/all/function/internal_message.html?_=1713658746558&CODE_STATE=getMsg HTTP/1.1" 200 27
120.253.135.82 - - [21/Apr/2024:08:26:44 +0800] "POST /xingrg/kc/pszx/mdps_list_operate.html HTTP/1.1" 200 625
120.253.135.82 - - [21/Apr/2024:08:26:46 +0800] "GET /xingrg/kc/pszx/mdps_order_info.html?code=312024042100340 HTTP/1.1" 200 23972
120.253.135.82 - - [21/Apr/2024:08:26:46 +0800] "GET /xingrg/javascript/easyui/themes/default/validatebox.css HTTP/1.1" 404 1104
120.253.135.82 - - [21/Apr/2024:08:26:47 +0800] "POST /xingrg/kc/pszx/mdps_order_operate.html HTTP/1.1" 200 6349
120.253.135.82 - - [21/Apr/2024:08:27:04 +0800] "POST /xingrg/kc/pszx/mdps_list_operate.html HTTP/1.1" 200 3859
120.253.135.82 - - [21/Apr/2024:08:27:06 +0800] "GET /xingrg/all/function/internal_message.html?_=1713659071687&CODE_STATE=getMsg HTTP/1.1" 200 27
120.253.135.82 - - [21/Apr/2024:08:27:10 +0800] "POST /xingrg/kc/pszx/mdps_list_operate.html HTTP/1.1" 200 3135
114.83.220.117 - - [21/Apr/2024:08:27:12 +0800] "GET /xingrg/all/function/internal_message.html?_=1713659232534&CODE_STATE=getMsg HTTP/1.1" 200 27
120.253.135.82 - - [21/Apr/2024:08:27:13 +0800] "POST /xingrg/kc/pszx/mdps_list_operate.html HTTP/1.1" 200 638
101.83.144.49 - - [21/Apr/2024:08:27:14 +0800] "GET /xingrg/all/function/internal_message.html?_=1713659235627&CODE_STATE=getMsg HTTP/1.1" 200 27
120.253.135.82 - - [21/Apr/2024:08:27:14 +0800] "GET /xingrg/kc/pszx/mdps_order_info.html?code=312024042100347 HTTP/1.1" 200 23972
120.253.135.82 - - [21/Apr/2024:08:27:14 +0800] "GET /xingrg/javascript/easyui/themes/default/validatebox.css HTTP/1.1" 404 1104
120.253.135.82 - - [21/Apr/2024:08:27:15 +0800] "POST /xingrg/kc/pszx/mdps_order_operate.html HTTP/1.1" 200 5325
221.239.169.251 - - [21/Apr/2024:08:27:18 +0800] "GET /xingrg/all/function/internal_message.html?_=1713659237548&CODE_STATE=getMsg HTTP/1.1" 200 27
120.253.135.82 - - [21/Apr/2024:08:27:20 +0800] "POST /xingrg/kc/pszx/mdps_list_operate.html HTTP/1.1" 200 3135
120.253.135.82 - - [21/Apr/2024:08:27:28 +0800] "POST /xingrg/kc/pszx/mdps_list_operate.html HTTP/1.1" 200 638
120.253.135.82 - - [21/Apr/2024:08:27:28 +0800] "GET /xingrg/kc/pszx/mdps_order_info.html?code=312024042100347 HTTP/1.1" 200 23972
120.253.135.82 - - [21/Apr/2024:08:27:29 +0800] "GET /xingrg/javascript/easyui/themes/default/validatebox.css HTTP/1.1" 404 1104
120.253.135.82 - - [21/Apr/2024:08:27:29 +0800] "POST /xingrg/kc/pszx/mdps_order_operate.html HTTP/1.1" 200 5325
120.253.135.82 - - [21/Apr/2024:08:27:43 +0800] "POST /xingrg/kc/pszx/mdps_list_operate.html HTTP/1.1" 200 3135
116.228.172.94 - - [21/Apr/2024:08:27:43 +0800] "GET /xingrg/all/function/internal_message.html?_=1713658806543&CODE_STATE=getMsg HTTP/1.1" 200 27
222.70.240.29 - - [21/Apr/2024:08:27:49 +0800] "GET /xingrg/check_reg.html?_=1713659291326 HTTP/1.1" 302 -
120.253.135.82 - - [21/Apr/2024:08:27:49 +0800] "POST /xingrg/kc/pszx/mdps_list_operate.html HTTP/1.1" 200 3859
120.253.135.82 - - [21/Apr/2024:08:27:51 +0800] "POST /xingrg/kc/pszx/mdps_list_operate.html HTTP/1.1" 200 625
120.253.135.82 - - [21/Apr/2024:08:27:52 +0800] "POST /xingrg/kc/pszx/mdps_list_operate.html HTTP/1.1" 200 663
120.253.135.82 - - [21/Apr/2024:08:27:53 +0800] "GET /xingrg/kc/pszx/mdps_order_info.html?code=312024042100341 HTTP/1.1" 200 23972
120.253.135.82 - - [21/Apr/2024:08:27:54 +0800] "GET /xingrg/javascript/easyui/themes/default/validatebox.css HTTP/1.1" 404 1104
120.253.135.82 - - [21/Apr/2024:08:27:54 +0800] "POST /xingrg/kc/pszx/mdps_order_operate.html HTTP/1.1" 200 11052
120.253.135.82 - - [21/Apr/2024:08:28:06 +0800] "GET /xingrg/all/function/internal_message.html?_=1713659131700&CODE_STATE=getMsg HTTP/1.1" 200 27
114.83.220.117 - - [21/Apr/2024:08:28:12 +0800] "GET /xingrg/all/function/internal_message.html?_=1713659292537&CODE_STATE=getMsg HTTP/1.1" 200 27
101.83.144.49 - - [21/Apr/2024:08:28:14 +0800] "GET /xingrg/all/function/internal_message.html?_=1713659295598&CODE_STATE=getMsg HTTP/1.1" 200 27
221.239.169.251 - - [21/Apr/2024:08:28:18 +0800] "GET /xingrg/all/function/internal_message.html?_=1713659297550&CODE_STATE=getMsg HTTP/1.1" 200 27
116.228.172.94 - - [21/Apr/2024:08:28:43 +0800] "GET /xingrg/all/function/internal_message.html?_=1713658866532&CODE_STATE=getMsg HTTP/1.1" 200 27
124.78.56.241 - - [21/Apr/2024:08:28:51 +0800] "POST /xingrg/services/DataTransmitService HTTP/1.1" 200 524
120.253.135.82 - - [21/Apr/2024:08:28:58 +0800] "POST /xingrg/all/common/load_select.html HTTP/1.1" 200 25
116.232.34.98 - - [21/Apr/2024:08:28:59 +0800] "POST /xingrg/services/DataTransmitService HTTP/1.1" 200 524
120.253.135.82 - - [21/Apr/2024:08:29:02 +0800] "GET /xingrg/kc/pszx/mdps_order_operate.html?command=get_materiel_price&pszx_code=00101&rest_code=00106&base_code=0010246&code=00101019155&unit_code=00100178&order_time=2024-04-22 HTTP/1.1" 200 36
120.253.135.82 - - [21/Apr/2024:08:29:04 +0800] "GET /xingrg/check_reg.html?_=1713659189997 HTTP/1.1" 200 22
120.253.135.82 - - [21/Apr/2024:08:29:06 +0800] "GET /xingrg/all/function/internal_message.html?_=1713659191713&CODE_STATE=getMsg HTTP/1.1" 200 27
114.83.220.117 - - [21/Apr/2024:08:29:12 +0800] "GET /xingrg/all/function/internal_message.html?_=1713659352553&CODE_STATE=getMsg HTTP/1.1" 200 27
120.253.135.82 - - [21/Apr/2024:08:29:12 +0800] "POST /xingrg/kc/pszx/mdps_order_operate.html HTTP/1.1" 200 37
101.83.144.49 - - [21/Apr/2024:08:29:13 +0800] "GET /xingrg/all/function/internal_message.html?_=1713659355567&CODE_STATE=getMsg HTTP/1.1" 200 27
120.253.135.82 - - [21/Apr/2024:08:29:14 +0800] "GET /xingrg/kc/pszx/mdps_order_info.html?code=312024042100341 HTTP/1.1" 200 23972
120.253.135.82 - - [21/Apr/2024:08:29:14 +0800] "GET /xingrg/javascript/easyui/themes/default/validatebox.css HTTP/1.1" 404 1104
120.253.135.82 - - [21/Apr/2024:08:29:15 +0800] "POST /xingrg/kc/pszx/mdps_order_operate.html HTTP/1.1" 200 11055
221.239.169.251 - - [21/Apr/2024:08:29:18 +0800] "GET /xingrg/all/function/internal_message.html?_=1713659357556&CODE_STATE=getMsg HTTP/1.1" 200 27
120.253.135.82 - - [21/Apr/2024:08:29:38 +0800] "POST /xingrg/kc/pszx/mdps_order_operate.html HTTP/1.1" 200 37
120.253.135.82 - - [21/Apr/2024:08:29:40 +0800] "GET /xingrg/kc/pszx/mdps_order_info.html?code=312024042100341 HTTP/1.1" 200 23972
120.253.135.82 - - [21/Apr/2024:08:29:41 +0800] "GET /xingrg/javascript/easyui/themes/default/validatebox.css HTTP/1.1" 404 1104
120.253.135.82 - - [21/Apr/2024:08:29:41 +0800] "POST /xingrg/kc/pszx/mdps_order_operate.html HTTP/1.1" 200 11055
116.228.172.94 - - [21/Apr/2024:08:29:43 +0800] "GET /xingrg/all/function/internal_message.html?_=1713658926509&CODE_STATE=getMsg HTTP/1.1" 200 27
120.253.135.82 - - [21/Apr/2024:08:29:45 +0800] "POST /xingrg/kc/pszx/mdps_list_operate.html HTTP/1.1" 200 3859
116.235.94.6 - - [21/Apr/2024:08:29:47 +0800] "GET /xingrg/check_reg.html?_=1713659385085 HTTP/1.1" 302 -
120.253.135.82 - - [21/Apr/2024:08:30:00 +0800] "POST /xingrg/kc/pszx/mdps_list_operate.html HTTP/1.1" 200 532
120.253.135.82 - - [21/Apr/2024:08:30:04 +0800] "POST /xingrg/kc/pszx/mdps_list_operate.html HTTP/1.1" 200 539
120.253.135.82 - - [21/Apr/2024:08:30:06 +0800] "GET /xingrg/all/function/internal_message.html?_=1713659251728&CODE_STATE=getMsg HTTP/1.1" 200 27
114.83.220.117 - - [21/Apr/2024:08:30:12 +0800] "GET /xingrg/all/function/internal_message.html?_=1713659412548&CODE_STATE=getMsg HTTP/1.1" 200 27
114.83.220.117 - - [21/Apr/2024:08:30:12 +0800] "GET /xingrg/check_reg.html?_=1713659412565 HTTP/1.1" 200 22
101.83.144.49 - - [21/Apr/2024:08:30:13 +0800] "GET /xingrg/all/function/internal_message.html?_=1713659415541&CODE_STATE=getMsg HTTP/1.1" 200 27
221.239.169.251 - - [21/Apr/2024:08:30:18 +0800] "GET /xingrg/check_reg.html?_=1713659417544 HTTP/1.1" 200 22
221.239.169.251 - - [21/Apr/2024:08:30:18 +0800] "GET /xingrg/all/function/internal_message.html?_=1713659417545&CODE_STATE=getMsg HTTP/1.1" 200 27
120.253.135.82 - - [21/Apr/2024:08:30:24 +0800] "GET /xingrg/kc/pszx/mdps_order_info.html?code=312024042100343 HTTP/1.1" 200 23972
120.253.135.82 - - [21/Apr/2024:08:30:25 +0800] "GET /xingrg/javascript/easyui/themes/default/validatebox.css HTTP/1.1" 404 1104
120.253.135.82 - - [21/Apr/2024:08:30:25 +0800] "POST /xingrg/kc/pszx/mdps_order_operate.html HTTP/1.1" 200 4310
116.228.172.94 - - [21/Apr/2024:08:30:33 +0800] "GET /xingrg/check_reg.html?_=1713658976856 HTTP/1.1" 200 22
101.83.144.49 - - [21/Apr/2024:08:30:34 +0800] "GET /xingrg/kc/buy/cgsh_order_operate.html?command=get_materiel&rest_code=00105&code=00101008361&supplier_code=00100008&order_time=2024-04-21 HTTP/1.1" 200 408
116.228.172.94 - - [21/Apr/2024:08:30:43 +0800] "GET /xingrg/all/function/internal_message.html?_=1713658986492&CODE_STATE=getMsg HTTP/1.1" 200 27
101.83.144.49 - - [21/Apr/2024:08:30:49 +0800] "POST /xingrg/kc/buy/cgsh_order_operate.html HTTP/1.1" 200 37
101.83.144.49 - - [21/Apr/2024:08:30:51 +0800] "POST /xingrg/kc/buy/cgsh_order_operate.html HTTP/1.1" 200 37533
101.83.144.49 - - [21/Apr/2024:08:30:52 +0800] "GET /xingrg/kc/print/load_config.html?kc_code=cgsh HTTP/1.1" 200 1927
101.83.144.49 - - [21/Apr/2024:08:30:53 +0800] "GET /xingrg/kc/print/load_data.html?order_code=212024042105642&kc_code=cgsh&condition= HTTP/1.1" 200 13837
120.253.135.82 - - [21/Apr/2024:08:31:06 +0800] "GET /xingrg/all/function/internal_message.html?_=1713659311740&CODE_STATE=getMsg HTTP/1.1" 200 27
101.83.144.49 - - [21/Apr/2024:08:31:13 +0800] "GET /xingrg/check_reg.html?_=1713659475521 HTTP/1.1" 200 22
101.83.144.49 - - [21/Apr/2024:08:31:13 +0800] "GET /xingrg/all/function/internal_message.html?_=1713659475524&CODE_STATE=getMsg HTTP/1.1" 200 27
221.239.169.251 - - [21/Apr/2024:08:31:18 +0800] "GET /xingrg/all/function/internal_message.html?_=1713659477555&CODE_STATE=getMsg HTTP/1.1" 200 27
116.228.172.94 - - [21/Apr/2024:08:31:43 +0800] "GET /xingrg/all/function/internal_message.html?_=1713659046471&CODE_STATE=getMsg HTTP/1.1" 200 27
