180.169.147.146 - - [16/Apr/2024:10:54:19 +0800] "GET /xingrg/javascript/jquery_easy_ui/themes/icons/settle_new.png HTTP/1.1" 304 -
180.169.147.146 - - [16/Apr/2024:10:54:19 +0800] "GET /xingrg/all/function/internal_message.html?_=1713236049322&CODE_STATE=count HTTP/1.1" 200 11
180.169.147.146 - - [16/Apr/2024:10:54:19 +0800] "GET /xingrg/check_reg.html?_=1713236049323 HTTP/1.1" 200 22
180.169.147.146 - - [16/Apr/2024:10:54:19 +0800] "GET /xingrg/javascript/jquery_easy_ui/themes/default/images/tabs_leftarrow.png HTTP/1.1" 304 -
180.169.147.146 - - [16/Apr/2024:10:54:19 +0800] "GET /xingrg/javascript/jquery_easy_ui/themes/default/images/panel_tool_collapse.gif HTTP/1.1" 304 -
180.169.147.146 - - [16/Apr/2024:10:54:19 +0800] "GET /xingrg/javascript/jquery_easy_ui/themes/default/images/panel_tool_expand.gif HTTP/1.1" 304 -
180.169.147.146 - - [16/Apr/2024:10:54:19 +0800] "GET /xingrg/javascript/jquery_easy_ui/themes/default/images/tabs_rightarrow.png HTTP/1.1" 304 -
180.169.147.146 - - [16/Apr/2024:10:54:19 +0800] "GET /xingrg/images/blue/pingpu.png HTTP/1.1" 304 -
180.169.147.146 - - [16/Apr/2024:10:54:19 +0800] "POST /xingrg/all/common/load_tree.html?tree=area_rest_tree_json&manage=1 HTTP/1.1" 200 3624
180.169.147.146 - - [16/Apr/2024:10:54:19 +0800] "POST /xingrg/load_menu.html HTTP/1.1" 200 9959
180.169.147.146 - - [16/Apr/2024:10:54:20 +0800] "GET /xingrg/kc/buy/cgsh_order_operate.html?command=get_materiel&rest_code=00147&code=00101023038&supplier_code=00100008&order_time=2024-04-16 HTTP/1.1" 200 415
221.239.169.251 - - [16/Apr/2024:10:54:24 +0800] "GET /xingrg/all/function/internal_message.html?_=1713236061634&CODE_STATE=getMsg HTTP/1.1" 200 27
222.69.133.71 - - [16/Apr/2024:10:54:24 +0800] "GET /xingrg/check_reg.html?_=1713236065036 HTTP/1.1" 200 22
180.169.147.146 - - [16/Apr/2024:10:54:24 +0800] "GET /xingrg/javascript/jquery_easy_ui/themes/default/images/tabs_close.gif HTTP/1.1" 200 829
180.169.147.146 - - [16/Apr/2024:10:54:24 +0800] "GET /xingrg/system/info/materiel_manager.html HTTP/1.1" 200 19497
180.169.147.146 - - [16/Apr/2024:10:54:24 +0800] "GET /xingrg/css/blue.css HTTP/1.1" 200 15949
180.169.147.146 - - [16/Apr/2024:10:54:24 +0800] "GET /xingrg/css/xtree.css HTTP/1.1" 200 880
180.169.147.146 - - [16/Apr/2024:10:54:24 +0800] "GET /xingrg/javascript/jquery_ui/themes/base/base.css HTTP/1.1" 200 28568
180.169.147.146 - - [16/Apr/2024:10:54:24 +0800] "GET /xingrg/javascript/pic_change.js HTTP/1.1" 200 4739
180.169.147.146 - - [16/Apr/2024:10:54:24 +0800] "GET /xingrg/dwr/interface/AjaxBaseInfoService.js HTTP/1.1" 200 21363
180.169.147.146 - - [16/Apr/2024:10:54:24 +0800] "GET /xingrg/dwr/interface/AjaxComOrderService.js HTTP/1.1" 200 18264
180.169.147.146 - - [16/Apr/2024:10:54:24 +0800] "GET /xingrg/dwr/engine.js HTTP/1.1" 200 43631
180.169.147.146 - - [16/Apr/2024:10:54:24 +0800] "GET /xingrg/dwr/util.js HTTP/1.1" 200 35990
180.169.147.146 - - [16/Apr/2024:10:54:24 +0800] "GET /xingrg/javascript/Calendar.js HTTP/1.1" 200 31561
180.169.147.146 - - [16/Apr/2024:10:54:24 +0800] "GET /xingrg/javascript/myfunction.js HTTP/1.1" 200 24559
180.169.147.146 - - [16/Apr/2024:10:54:24 +0800] "GET /xingrg/javascript/Grid.js HTTP/1.1" 200 58908
180.169.147.146 - - [16/Apr/2024:10:54:24 +0800] "GET /xingrg/javascript/ToolTips.js HTTP/1.1" 200 5615
180.169.147.146 - - [16/Apr/2024:10:54:24 +0800] "GET /xingrg/javascript/xtree.js HTTP/1.1" 200 26582
180.169.147.146 - - [16/Apr/2024:10:54:24 +0800] "GET /xingrg/javascript/print/LodopFuncs.js HTTP/1.1" 200 5121
180.169.147.146 - - [16/Apr/2024:10:54:25 +0800] "GET /xingrg/images/xtree/openfoldericon.png HTTP/1.1" 200 232
116.235.94.6 - - [16/Apr/2024:10:54:25 +0800] "GET /xingrg/all/function/internal_message.html?_=1713236063821&CODE_STATE=getMsg HTTP/1.1" 302 -
180.169.147.146 - - [16/Apr/2024:10:54:25 +0800] "GET /xingrg/javascript/jquery_easy_ui/themes/icons/back_new.png HTTP/1.1" 200 3414
180.169.147.146 - - [16/Apr/2024:10:54:25 +0800] "GET /xingrg/javascript/jquery_easy_ui/themes/icons/print_new.png HTTP/1.1" 200 3580
180.169.147.146 - - [16/Apr/2024:10:54:25 +0800] "GET /xingrg/javascript/jquery_easy_ui/themes/icons/import_new.png HTTP/1.1" 200 1247
180.169.147.146 - - [16/Apr/2024:10:54:25 +0800] "GET /xingrg/images/blue/wait.gif HTTP/1.1" 200 1100
180.169.147.146 - - [16/Apr/2024:10:54:25 +0800] "POST /xingrg/dwr/call/plaincall/AjaxBaseInfoService.getSubMaterielSorts.dwr HTTP/1.1" 200 219
180.169.147.146 - - [16/Apr/2024:10:54:25 +0800] "GET /xingrg/images/xtree/Lplus.png HTTP/1.1" 200 224
180.169.147.146 - - [16/Apr/2024:10:54:26 +0800] "GET /xingrg/images/xtree/foldericon.png HTTP/1.1" 200 229
180.169.147.146 - - [16/Apr/2024:10:54:26 +0800] "GET /xingrg/images/xtree/Tplus.png HTTP/1.1" 200 222
180.169.147.146 - - [16/Apr/2024:10:54:26 +0800] "POST /xingrg/dwr/call/plaincall/AjaxBaseInfoService.getMateriels.dwr HTTP/1.1" 200 2930
222.69.133.71 - - [16/Apr/2024:10:54:30 +0800] "GET /xingrg/all/function/internal_message.html?_=1713236071822&CODE_STATE=getMsg HTTP/1.1" 200 27
180.169.147.146 - - [16/Apr/2024:10:54:31 +0800] "POST /xingrg/dwr/call/plaincall/AjaxBaseInfoService.getSubMaterielSorts.dwr HTTP/1.1" 200 4242
180.169.147.146 - - [16/Apr/2024:10:54:31 +0800] "GET /xingrg/images/xtree/I.png HTTP/1.1" 200 148
180.169.147.146 - - [16/Apr/2024:10:54:31 +0800] "GET /xingrg/images/xtree/L.png HTTP/1.1" 200 153
180.169.147.146 - - [16/Apr/2024:10:54:31 +0800] "GET /xingrg/images/xtree/file.png HTTP/1.1" 200 251
180.169.147.146 - - [16/Apr/2024:10:54:31 +0800] "GET /xingrg/images/xtree/T.png HTTP/1.1" 200 152
180.169.147.146 - - [16/Apr/2024:10:54:31 +0800] "GET /xingrg/images/xtree/Tminus.png HTTP/1.1" 200 207
180.169.147.146 - - [16/Apr/2024:10:54:32 +0800] "POST /xingrg/dwr/call/plaincall/AjaxBaseInfoService.getMateriels.dwr HTTP/1.1" 200 2928
172.20.0.100 - - [16/Apr/2024:10:54:33 +0800] "GET /xingrg/all/function/internal_message.html?_=1713236077493&CODE_STATE=getMsg HTTP/1.1" 200 27
180.169.147.146 - - [16/Apr/2024:10:54:33 +0800] "POST /xingrg/dwr/call/plaincall/AjaxBaseInfoService.getMateriels.dwr HTTP/1.1" 200 2917
114.83.223.178 - - [16/Apr/2024:10:54:34 +0800] "GET /xingrg/kc/buy/cgsh_order_info.html?code=212024041604110 HTTP/1.1" 200 68912
114.83.223.178 - - [16/Apr/2024:10:54:34 +0800] "GET /xingrg/javascript/easyui/themes/default/validatebox.css HTTP/1.1" 404 1104
114.83.223.178 - - [16/Apr/2024:10:54:35 +0800] "POST /xingrg/kc/buy/cgsh_order_operate.html HTTP/1.1" 200 624
180.169.147.146 - - [16/Apr/2024:10:54:37 +0800] "GET /xingrg/system/info/materiel_info.html?code=00101001&isAdd=1 HTTP/1.1" 200 38392
180.169.147.146 - - [16/Apr/2024:10:54:37 +0800] "GET /xingrg/dwr/interface/AjaxGetFirstChart.js HTTP/1.1" 200 631
180.169.147.146 - - [16/Apr/2024:10:54:37 +0800] "GET /xingrg/dwr/engine.js HTTP/1.1" 200 43631
180.169.147.146 - - [16/Apr/2024:10:54:37 +0800] "GET /xingrg/javascript/checkform.js HTTP/1.1" 200 18351
180.169.147.146 - - [16/Apr/2024:10:54:37 +0800] "GET /favicon.ico HTTP/1.1" 404 -
180.169.147.146 - - [16/Apr/2024:10:54:37 +0800] "POST /xingrg/all/common/load_tree.html?tree=area_rest_tree_json HTTP/1.1" 200 3624
101.83.144.49 - - [16/Apr/2024:10:54:37 +0800] "GET /xingrg/all/function/internal_message.html?_=1713235836056&CODE_STATE=getMsg HTTP/1.1" 200 27
120.253.135.82 - - [16/Apr/2024:10:54:37 +0800] "GET /xingrg/all/function/internal_message.html?_=1713235924434&CODE_STATE=getMsg HTTP/1.1" 200 27
180.169.147.146 - - [16/Apr/2024:10:54:37 +0800] "POST /xingrg/dwr/call/plaincall/AjaxBaseInfoService.getMaterielInfo.dwr HTTP/1.1" 200 204
180.169.147.146 - - [16/Apr/2024:10:54:37 +0800] "GET /xingrg/javascript/jquery_easy_ui/themes/default/images/tree_checkbox_0.gif HTTP/1.1" 200 168
116.235.94.6 - - [16/Apr/2024:10:54:37 +0800] "GET /xingrg/all/function/internal_message.html?_=1713236109601&CODE_STATE=getMsg HTTP/1.1" 200 27
180.169.147.146 - - [16/Apr/2024:10:54:37 +0800] "POST /xingrg/all/common/load_tree.html?tree=area_rest_tree_json&defaultRests=undefined HTTP/1.1" 200 3624
114.83.223.178 - - [16/Apr/2024:10:54:39 +0800] "GET /xingrg/kc/print/load_data.html?order_code=212024041604110&kc_code=cgsh&condition= HTTP/1.1" 200 730
116.238.97.31 - - [16/Apr/2024:10:54:41 +0800] "GET /xingrg/all/function/internal_message.html?_=1713236082099&CODE_STATE=getMsg HTTP/1.1" 200 27
116.238.97.31 - - [16/Apr/2024:10:54:41 +0800] "GET /xingrg/check_reg.html?_=1713236082240 HTTP/1.1" 200 22
180.169.147.146 - - [16/Apr/2024:10:54:43 +0800] "GET /xingrg/all/function/internal_message.html?_=1713236082144&CODE_STATE=getMsg HTTP/1.1" 200 27
114.83.223.178 - - [16/Apr/2024:10:54:44 +0800] "GET /xingrg/kc/buy/cgsh_order_add.html HTTP/1.1" 200 74034
114.83.223.178 - - [16/Apr/2024:10:54:44 +0800] "POST /xingrg/kc/buy/cgsh_order_operate.html HTTP/1.1" 200 8245
114.83.223.178 - - [16/Apr/2024:10:54:44 +0800] "GET /xingrg/javascript/easyui/themes/default/validatebox.css HTTP/1.1" 404 1104
222.70.183.82 - - [16/Apr/2024:10:54:49 +0800] "GET /xingrg/all/function/internal_message.html?_=1713236089796&CODE_STATE=getMsg HTTP/1.1" 200 27
116.224.254.208 - - [16/Apr/2024:10:54:53 +0800] "GET /xingrg/all/function/internal_message.html?_=1713236093440&CODE_STATE=getMsg HTTP/1.1" 200 27
114.83.223.178 - - [16/Apr/2024:10:54:55 +0800] "GET /xingrg/kc/buy/cgsh_order_operate.html?command=get_materiel&rest_code=00149&code=00101003047&supplier_code=00100093&order_time=2024-04-15 HTTP/1.1" 200 422
114.83.223.178 - - [16/Apr/2024:10:54:59 +0800] "GET /xingrg/all/function/internal_message.html?_=1713236098566&CODE_STATE=getMsg HTTP/1.1" 200 27
180.164.1.25 - - [16/Apr/2024:10:55:05 +0800] "GET /xingrg/all/function/internal_message.html?_=1713236105050&CODE_STATE=getMsg HTTP/1.1" 200 27
180.169.147.146 - - [16/Apr/2024:10:55:06 +0800] "GET /xingrg/check_reg.html?_=1713236099408 HTTP/1.1" 200 22
180.169.147.146 - - [16/Apr/2024:10:55:06 +0800] "GET /xingrg/all/function/internal_message.html?_=1713236099406&CODE_STATE=getMsg HTTP/1.1" 200 27
114.83.223.178 - - [16/Apr/2024:10:55:11 +0800] "GET /xingrg/kc/buy/cgsh_order_operate.html?command=get_materiel&rest_code=00149&code=00101003003&supplier_code=00100093&order_time=2024-04-15 HTTP/1.1" 200 418
116.238.97.31 - - [16/Apr/2024:10:55:13 +0800] "GET /xingrg/all/function/internal_message.html?_=1713236112703&CODE_STATE=getMsg HTTP/1.1" 200 27
116.232.193.34 - - [16/Apr/2024:10:55:15 +0800] "GET /xingrg/all/function/internal_message.html?_=1713236113222&CODE_STATE=getMsg HTTP/1.1" 200 27
124.78.157.30 - - [16/Apr/2024:10:55:16 +0800] "GET /xingrg/all/function/internal_message.html?_=1713236115064&CODE_STATE=getMsg HTTP/1.1" 200 27
124.78.157.30 - - [16/Apr/2024:10:55:17 +0800] "GET /xingrg/check_reg.html?_=1713236116521 HTTP/1.1" 200 22
180.169.147.146 - - [16/Apr/2024:10:55:19 +0800] "GET /xingrg/all/function/internal_message.html?_=1713236109336&CODE_STATE=getMsg HTTP/1.1" 200 27
221.239.169.251 - - [16/Apr/2024:10:55:24 +0800] "GET /xingrg/all/function/internal_message.html?_=1713236121634&CODE_STATE=getMsg HTTP/1.1" 200 27
221.239.169.251 - - [16/Apr/2024:10:55:24 +0800] "GET /xingrg/check_reg.html?_=1713236121637 HTTP/1.1" 200 22
116.235.94.6 - - [16/Apr/2024:10:55:25 +0800] "GET /xingrg/check_reg.html?_=1713236123754 HTTP/1.1" 302 -
116.235.94.6 - - [16/Apr/2024:10:55:25 +0800] "GET /xingrg/all/function/internal_message.html?_=1713236123814&CODE_STATE=getMsg HTTP/1.1" 302 -
222.69.133.71 - - [16/Apr/2024:10:55:30 +0800] "GET /xingrg/all/function/internal_message.html?_=1713236131796&CODE_STATE=getMsg HTTP/1.1" 200 27
114.83.223.178 - - [16/Apr/2024:10:55:31 +0800] "POST /xingrg/kc/buy/cgsh_order_operate.html HTTP/1.1" 200 37
172.20.0.100 - - [16/Apr/2024:10:55:33 +0800] "GET /xingrg/all/function/internal_message.html?_=1713236137491&CODE_STATE=getMsg HTTP/1.1" 200 27
101.83.144.49 - - [16/Apr/2024:10:55:37 +0800] "GET /xingrg/all/function/internal_message.html?_=1713235896041&CODE_STATE=getMsg HTTP/1.1" 200 27
116.235.94.6 - - [16/Apr/2024:10:55:37 +0800] "GET /xingrg/all/function/internal_message.html?_=1713236169599&CODE_STATE=getMsg HTTP/1.1" 200 27
120.253.135.82 - - [16/Apr/2024:10:55:37 +0800] "GET /xingrg/all/function/internal_message.html?_=1713235984464&CODE_STATE=getMsg HTTP/1.1" 200 27
114.83.223.178 - - [16/Apr/2024:10:55:38 +0800] "POST /xingrg/kc/buy/cgsh_order_operate.html HTTP/1.1" 200 12
116.238.97.31 - - [16/Apr/2024:10:55:41 +0800] "GET /xingrg/all/function/internal_message.html?_=1713236142075&CODE_STATE=getMsg HTTP/1.1" 200 27
180.169.147.146 - - [16/Apr/2024:10:55:43 +0800] "GET /xingrg/all/function/internal_message.html?_=1713236142140&CODE_STATE=getMsg HTTP/1.1" 200 27
180.169.147.146 - - [16/Apr/2024:10:55:47 +0800] "GET /xingrg/kc/buy/cgsh_order_operate.html?command=get_materiel&rest_code=00147&code=00101008312&supplier_code=00100008&order_time=2024-04-16 HTTP/1.1" 200 412
222.70.183.82 - - [16/Apr/2024:10:55:49 +0800] "GET /xingrg/all/function/internal_message.html?_=1713236149796&CODE_STATE=getMsg HTTP/1.1" 200 27
114.83.223.178 - - [16/Apr/2024:10:55:51 +0800] "GET /xingrg/kc/buy/cgsh_order_info.html?code=212024041604111 HTTP/1.1" 200 68908
114.83.223.178 - - [16/Apr/2024:10:55:51 +0800] "GET /xingrg/words/20240416101849_words.js HTTP/1.1" 304 -
114.83.223.178 - - [16/Apr/2024:10:55:51 +0800] "GET /xingrg/javascript/easyui/themes/default/validatebox.css HTTP/1.1" 404 1104
114.83.223.178 - - [16/Apr/2024:10:55:52 +0800] "POST /xingrg/kc/buy/cgsh_order_operate.html HTTP/1.1" 200 1223
116.224.254.208 - - [16/Apr/2024:10:55:53 +0800] "GET /xingrg/all/function/internal_message.html?_=1713236153419&CODE_STATE=getMsg HTTP/1.1" 200 27
114.83.223.178 - - [16/Apr/2024:10:55:54 +0800] "GET /xingrg/kc/print/load_data.html?order_code=212024041604111&kc_code=cgsh&condition= HTTP/1.1" 200 1009
180.163.30.76 - - [16/Apr/2024:10:55:55 +0800] "GET /xingrg/kc/buy/cgsh_order_operate.html?command=get_materiel&rest_code=00106&code=00101007090&supplier_code=00100096&order_time=2024-04-16 HTTP/1.1" 302 -
180.163.30.76 - - [16/Apr/2024:10:55:55 +0800] "GET /xingrg/login.html HTTP/1.1" 200 7641
114.83.223.178 - - [16/Apr/2024:10:55:59 +0800] "GET /xingrg/kc/buy/cgsh_order_add.html HTTP/1.1" 200 74034
114.83.223.178 - - [16/Apr/2024:10:55:59 +0800] "GET /xingrg/all/function/internal_message.html?_=1713236158620&CODE_STATE=getMsg HTTP/1.1" 200 27
114.83.223.178 - - [16/Apr/2024:10:55:59 +0800] "POST /xingrg/kc/buy/cgsh_order_operate.html HTTP/1.1" 200 8245
114.83.223.178 - - [16/Apr/2024:10:55:59 +0800] "GET /xingrg/javascript/easyui/themes/default/validatebox.css HTTP/1.1" 404 1104
180.163.28.114 - - [16/Apr/2024:10:56:05 +0800] "GET /xingrg/all/function/internal_message.html?_=1713235815194&CODE_STATE=getMsg HTTP/1.1" 302 -
180.163.28.114 - - [16/Apr/2024:10:56:05 +0800] "GET /xingrg/login.html HTTP/1.1" 200 7641
180.164.1.25 - - [16/Apr/2024:10:56:05 +0800] "GET /xingrg/all/function/internal_message.html?_=1713236165041&CODE_STATE=getMsg HTTP/1.1" 200 27
180.169.147.146 - - [16/Apr/2024:10:56:06 +0800] "GET /xingrg/all/function/internal_message.html?_=1713236159390&CODE_STATE=getMsg HTTP/1.1" 200 27
114.83.223.178 - - [16/Apr/2024:10:56:11 +0800] "GET /xingrg/kc/buy/cgsh_order_operate.html?command=get_materiel&rest_code=00149&code=00101004011&supplier_code=00100090&order_time=2024-04-15 HTTP/1.1" 200 417
116.238.97.31 - - [16/Apr/2024:10:56:13 +0800] "GET /xingrg/check_reg.html?_=1713236172718 HTTP/1.1" 200 22
116.238.97.31 - - [16/Apr/2024:10:56:13 +0800] "GET /xingrg/all/function/internal_message.html?_=1713236172726&CODE_STATE=getMsg HTTP/1.1" 200 27
116.232.193.34 - - [16/Apr/2024:10:56:15 +0800] "GET /xingrg/all/function/internal_message.html?_=1713236173198&CODE_STATE=getMsg HTTP/1.1" 200 27
124.78.157.30 - - [16/Apr/2024:10:56:16 +0800] "GET /xingrg/all/function/internal_message.html?_=1713236175042&CODE_STATE=getMsg HTTP/1.1" 200 27
116.235.94.6 - - [16/Apr/2024:10:56:18 +0800] "GET /xingrg/kc/buy/cgsh_order_list.html HTTP/1.1" 200 58140
180.163.29.219 - - [16/Apr/2024:10:56:18 +0800] "GET /xingrg/all/function/internal_message.html?_=1713235995122&CODE_STATE=getMsg HTTP/1.1" 302 -
180.163.29.219 - - [16/Apr/2024:10:56:18 +0800] "GET /xingrg/login.html HTTP/1.1" 200 7641
180.169.147.146 - - [16/Apr/2024:10:56:19 +0800] "GET /xingrg/all/function/internal_message.html?_=1713236169336&CODE_STATE=getMsg HTTP/1.1" 200 27
116.235.94.6 - - [16/Apr/2024:10:56:20 +0800] "POST /xingrg/kc/buy/cgsh_list_operate.html HTTP/1.1" 200 645
116.235.94.6 - - [16/Apr/2024:10:56:22 +0800] "GET /xingrg/kc/buy/cgsh_order_add.html HTTP/1.1" 200 73987
116.235.94.6 - - [16/Apr/2024:10:56:22 +0800] "GET /xingrg/words/20240416101849_words.js HTTP/1.1" 200 1018235
116.235.94.6 - - [16/Apr/2024:10:56:23 +0800] "POST /xingrg/kc/buy/cgsh_order_operate.html HTTP/1.1" 200 8245
116.235.94.6 - - [16/Apr/2024:10:56:23 +0800] "GET /xingrg/javascript/easyui/themes/default/validatebox.css HTTP/1.1" 404 1104
116.235.94.6 - - [16/Apr/2024:10:56:23 +0800] "GET /xingrg/all/common/auto_word.html?type=employee&rest_code=00104 HTTP/1.1" 200 245
116.235.94.6 - - [16/Apr/2024:10:56:23 +0800] "GET /xingrg/all/common/auto_word.html?type=employee&rest_code=00104 HTTP/1.1" 200 245
221.239.169.251 - - [16/Apr/2024:10:56:24 +0800] "GET /xingrg/all/function/internal_message.html?_=1713236181634&CODE_STATE=getMsg HTTP/1.1" 200 27
114.83.223.178 - - [16/Apr/2024:10:56:25 +0800] "POST /xingrg/kc/buy/cgsh_order_operate.html HTTP/1.1" 200 37
116.235.94.6 - - [16/Apr/2024:10:56:25 +0800] "GET /xingrg/all/function/internal_message.html?_=1713236183795&CODE_STATE=getMsg HTTP/1.1" 302 -
116.235.94.6 - - [16/Apr/2024:10:56:25 +0800] "GET /xingrg/javascript/auto/indicator.gif HTTP/1.1" 404 1066
180.163.29.206 - - [16/Apr/2024:10:56:29 +0800] "GET /xingrg/all/function/internal_message.html?_=1713235935148&CODE_STATE=getMsg HTTP/1.1" 302 -
180.163.29.206 - - [16/Apr/2024:10:56:29 +0800] "GET /xingrg/login.html HTTP/1.1" 200 7641
222.69.133.71 - - [16/Apr/2024:10:56:30 +0800] "GET /xingrg/all/function/internal_message.html?_=1713236191769&CODE_STATE=getMsg HTTP/1.1" 200 27
180.163.29.219 - - [16/Apr/2024:10:56:31 +0800] "GET /xingrg/check_reg.html?_=1713236116521 HTTP/1.1" 302 -
180.163.29.219 - - [16/Apr/2024:10:56:31 +0800] "GET /xingrg/login.html HTTP/1.1" 200 7641
114.83.223.178 - - [16/Apr/2024:10:56:31 +0800] "POST /xingrg/kc/buy/cgsh_order_operate.html HTTP/1.1" 200 12
180.163.28.109 - - [16/Apr/2024:10:56:31 +0800] "GET /xingrg/all/function/internal_message.html?_=1713235695251&CODE_STATE=getMsg HTTP/1.1" 302 -
116.235.94.6 - - [16/Apr/2024:10:56:32 +0800] "GET /xingrg/kc/buy/cgsh_order_operate.html?command=get_materiel&rest_code=00104&code=00101001332&supplier_code=&order_time=2024-04-16 HTTP/1.1" 200 391
180.163.28.109 - - [16/Apr/2024:10:56:32 +0800] "GET /xingrg/login.html HTTP/1.1" 200 7641
172.20.0.100 - - [16/Apr/2024:10:56:33 +0800] "GET /xingrg/all/function/internal_message.html?_=1713236197491&CODE_STATE=getMsg HTTP/1.1" 200 27
101.83.144.49 - - [16/Apr/2024:10:56:36 +0800] "GET /xingrg/check_reg.html?_=1713235955200 HTTP/1.1" 200 22
101.83.144.49 - - [16/Apr/2024:10:56:37 +0800] "GET /xingrg/all/function/internal_message.html?_=1713235956015&CODE_STATE=getMsg HTTP/1.1" 200 27
116.235.94.6 - - [16/Apr/2024:10:56:37 +0800] "GET /xingrg/all/function/internal_message.html?_=1713236229630&CODE_STATE=getMsg HTTP/1.1" 200 27
116.235.94.6 - - [16/Apr/2024:10:56:37 +0800] "GET /xingrg/check_reg.html?_=1713236229631 HTTP/1.1" 200 22
120.253.135.82 - - [16/Apr/2024:10:56:37 +0800] "GET /xingrg/all/function/internal_message.html?_=1713236044477&CODE_STATE=getMsg HTTP/1.1" 200 27
116.238.97.31 - - [16/Apr/2024:10:56:41 +0800] "GET /xingrg/all/function/internal_message.html?_=1713236202050&CODE_STATE=getMsg HTTP/1.1" 200 27
180.169.147.146 - - [16/Apr/2024:10:56:43 +0800] "GET /xingrg/all/function/internal_message.html?_=1713236202157&CODE_STATE=getMsg HTTP/1.1" 200 27
222.70.183.82 - - [16/Apr/2024:10:56:49 +0800] "GET /xingrg/all/function/internal_message.html?_=1713236209797&CODE_STATE=getMsg HTTP/1.1" 200 27
222.70.183.82 - - [16/Apr/2024:10:56:49 +0800] "GET /xingrg/check_reg.html?_=1713236209799 HTTP/1.1" 200 22
116.224.254.208 - - [16/Apr/2024:10:56:53 +0800] "GET /xingrg/all/function/internal_message.html?_=1713236213396&CODE_STATE=getMsg HTTP/1.1" 200 27
114.83.223.178 - - [16/Apr/2024:10:56:57 +0800] "GET /xingrg/kc/buy/cgsh_order_info.html?code=212024041604112 HTTP/1.1" 200 68910
114.83.223.178 - - [16/Apr/2024:10:56:57 +0800] "GET /xingrg/javascript/easyui/themes/default/validatebox.css HTTP/1.1" 404 1104
114.83.223.178 - - [16/Apr/2024:10:56:58 +0800] "POST /xingrg/kc/buy/cgsh_order_operate.html HTTP/1.1" 200 614
114.83.223.178 - - [16/Apr/2024:10:56:59 +0800] "GET /xingrg/all/function/internal_message.html?_=1713236218697&CODE_STATE=getMsg HTTP/1.1" 200 27
114.83.223.178 - - [16/Apr/2024:10:57:01 +0800] "GET /xingrg/kc/print/load_data.html?order_code=212024041604112&kc_code=cgsh&condition= HTTP/1.1" 200 779
180.164.1.25 - - [16/Apr/2024:10:57:05 +0800] "GET /xingrg/check_reg.html?_=1713236225061 HTTP/1.1" 200 22
180.164.1.25 - - [16/Apr/2024:10:57:05 +0800] "GET /xingrg/all/function/internal_message.html?_=1713236225064&CODE_STATE=getMsg HTTP/1.1" 200 27
180.169.147.146 - - [16/Apr/2024:10:57:06 +0800] "GET /xingrg/all/function/internal_message.html?_=1713236219400&CODE_STATE=getMsg HTTP/1.1" 200 27
114.83.223.178 - - [16/Apr/2024:10:57:06 +0800] "GET /xingrg/kc/buy/cgsh_order_add.html HTTP/1.1" 200 74034
114.83.223.178 - - [16/Apr/2024:10:57:06 +0800] "POST /xingrg/kc/buy/cgsh_order_operate.html HTTP/1.1" 200 8245
114.83.223.178 - - [16/Apr/2024:10:57:06 +0800] "GET /xingrg/javascript/easyui/themes/default/validatebox.css HTTP/1.1" 404 1104
116.238.97.31 - - [16/Apr/2024:10:57:13 +0800] "GET /xingrg/all/function/internal_message.html?_=1713236232715&CODE_STATE=getMsg HTTP/1.1" 200 27
116.232.193.34 - - [16/Apr/2024:10:57:15 +0800] "GET /xingrg/all/function/internal_message.html?_=1713236233198&CODE_STATE=getMsg HTTP/1.1" 200 27
116.232.193.34 - - [16/Apr/2024:10:57:15 +0800] "GET /xingrg/check_reg.html?_=1713236233204 HTTP/1.1" 200 22
124.78.157.30 - - [16/Apr/2024:10:57:16 +0800] "GET /xingrg/all/function/internal_message.html?_=1713236235014&CODE_STATE=getMsg HTTP/1.1" 200 27
114.83.223.178 - - [16/Apr/2024:10:57:16 +0800] "GET /xingrg/kc/buy/cgsh_order_operate.html?command=get_materiel&rest_code=00149&code=00101001145&supplier_code=00100314&order_time=2024-04-15 HTTP/1.1" 200 413
180.169.147.146 - - [16/Apr/2024:10:57:19 +0800] "GET /xingrg/all/function/internal_message.html?_=1713236229336&CODE_STATE=getMsg HTTP/1.1" 200 27
180.169.147.146 - - [16/Apr/2024:10:57:20 +0800] "GET /xingrg/kc/buy/cgsh_order_operate.html?command=get_materiel&rest_code=00147&code=00101008010&supplier_code=00100008&order_time=2024-04-16 HTTP/1.1" 200 412
221.239.169.251 - - [16/Apr/2024:10:57:24 +0800] "GET /xingrg/all/function/internal_message.html?_=1713236241640&CODE_STATE=getMsg HTTP/1.1" 200 27
116.235.94.6 - - [16/Apr/2024:10:57:25 +0800] "GET /xingrg/all/function/internal_message.html?_=1713236243782&CODE_STATE=getMsg HTTP/1.1" 302 -
222.69.133.71 - - [16/Apr/2024:10:57:30 +0800] "GET /xingrg/all/function/internal_message.html?_=1713236251750&CODE_STATE=getMsg HTTP/1.1" 200 27
172.20.0.100 - - [16/Apr/2024:10:57:33 +0800] "GET /xingrg/all/function/internal_message.html?_=1713236257489&CODE_STATE=getMsg HTTP/1.1" 200 27
114.83.223.178 - - [16/Apr/2024:10:57:33 +0800] "POST /xingrg/kc/buy/cgsh_order_operate.html HTTP/1.1" 200 37
120.253.135.82 - - [16/Apr/2024:10:57:37 +0800] "GET /xingrg/check_reg.html?_=1713236103875 HTTP/1.1" 200 22
101.83.144.49 - - [16/Apr/2024:10:57:37 +0800] "GET /xingrg/all/function/internal_message.html?_=1713236016000&CODE_STATE=getMsg HTTP/1.1" 200 27
116.235.94.6 - - [16/Apr/2024:10:57:37 +0800] "GET /xingrg/all/function/internal_message.html?_=1713236289628&CODE_STATE=getMsg HTTP/1.1" 200 27
120.253.135.82 - - [16/Apr/2024:10:57:37 +0800] "GET /xingrg/all/function/internal_message.html?_=1713236104492&CODE_STATE=getMsg HTTP/1.1" 200 27
116.238.97.31 - - [16/Apr/2024:10:57:41 +0800] "GET /xingrg/all/function/internal_message.html?_=1713236262026&CODE_STATE=getMsg HTTP/1.1" 200 27
114.83.223.178 - - [16/Apr/2024:10:57:41 +0800] "POST /xingrg/kc/buy/cgsh_order_operate.html HTTP/1.1" 200 12
180.169.147.146 - - [16/Apr/2024:10:57:43 +0800] "GET /xingrg/check_reg.html?_=1713236262138 HTTP/1.1" 200 22
180.169.147.146 - - [16/Apr/2024:10:57:43 +0800] "GET /xingrg/all/function/internal_message.html?_=1713236262145&CODE_STATE=getMsg HTTP/1.1" 200 27
180.163.30.27 - - [16/Apr/2024:10:57:44 +0800] "GET /xingrg/all/function/internal_message.html?_=1713236055094&CODE_STATE=getMsg HTTP/1.1" 302 -
180.163.30.27 - - [16/Apr/2024:10:57:44 +0800] "GET /xingrg/login.html HTTP/1.1" 200 7641
114.83.223.178 - - [16/Apr/2024:10:57:44 +0800] "GET /xingrg/kc/buy/cgsh_order_info.html?code=212024041604113 HTTP/1.1" 200 68908
114.83.223.178 - - [16/Apr/2024:10:57:44 +0800] "GET /xingrg/javascript/easyui/themes/default/validatebox.css HTTP/1.1" 404 1104
114.83.223.178 - - [16/Apr/2024:10:57:45 +0800] "POST /xingrg/kc/buy/cgsh_order_operate.html HTTP/1.1" 200 610
180.169.147.146 - - [16/Apr/2024:10:57:46 +0800] "GET /xingrg/kc/buy/cgsh_order_operate.html?command=get_materiel&rest_code=00147&code=00101009063&supplier_code=00100008&order_time=2024-04-16 HTTP/1.1" 200 409
114.83.223.178 - - [16/Apr/2024:10:57:46 +0800] "GET /xingrg/kc/print/load_data.html?order_code=212024041604113&kc_code=cgsh&condition= HTTP/1.1" 200 711
222.70.183.82 - - [16/Apr/2024:10:57:49 +0800] "GET /xingrg/all/function/internal_message.html?_=1713236269797&CODE_STATE=getMsg HTTP/1.1" 200 27
180.169.147.146 - - [16/Apr/2024:10:57:52 +0800] "GET /xingrg/kc/buy/cgsh_order_operate.html?command=get_materiel&rest_code=00147&code=00101008358&supplier_code=00100008&order_time=2024-04-16 HTTP/1.1" 200 412
116.224.254.208 - - [16/Apr/2024:10:57:53 +0800] "GET /xingrg/all/function/internal_message.html?_=1713236273368&CODE_STATE=getMsg HTTP/1.1" 200 27
116.224.254.208 - - [16/Apr/2024:10:57:53 +0800] "GET /xingrg/check_reg.html?_=1713236273683 HTTP/1.1" 200 22
114.83.223.178 - - [16/Apr/2024:10:57:59 +0800] "GET /xingrg/all/function/internal_message.html?_=1713236278580&CODE_STATE=getMsg HTTP/1.1" 200 27
114.83.223.178 - - [16/Apr/2024:10:57:59 +0800] "GET /xingrg/check_reg.html?_=1713236279287 HTTP/1.1" 200 22
180.164.1.25 - - [16/Apr/2024:10:58:05 +0800] "GET /xingrg/all/function/internal_message.html?_=1713236285049&CODE_STATE=getMsg HTTP/1.1" 200 27
180.169.147.146 - - [16/Apr/2024:10:58:06 +0800] "GET /xingrg/all/function/internal_message.html?_=1713236279398&CODE_STATE=getMsg HTTP/1.1" 200 27
116.238.97.31 - - [16/Apr/2024:10:58:13 +0800] "GET /xingrg/all/function/internal_message.html?_=1713236292721&CODE_STATE=getMsg HTTP/1.1" 200 27
116.232.193.34 - - [16/Apr/2024:10:58:15 +0800] "GET /xingrg/all/function/internal_message.html?_=1713236293197&CODE_STATE=getMsg HTTP/1.1" 200 27
124.78.157.30 - - [16/Apr/2024:10:58:16 +0800] "GET /xingrg/all/function/internal_message.html?_=1713236294983&CODE_STATE=getMsg HTTP/1.1" 200 27
180.169.147.146 - - [16/Apr/2024:10:58:19 +0800] "GET /xingrg/all/function/internal_message.html?_=1713236289340&CODE_STATE=getMsg HTTP/1.1" 200 27
221.239.169.251 - - [16/Apr/2024:10:58:24 +0800] "GET /xingrg/all/function/internal_message.html?_=1713236301642&CODE_STATE=getMsg HTTP/1.1" 200 27
116.235.94.6 - - [16/Apr/2024:10:58:25 +0800] "GET /xingrg/all/function/internal_message.html?_=1713236303758&CODE_STATE=getMsg HTTP/1.1" 302 -
180.164.1.25 - - [16/Apr/2024:10:58:29 +0800] "GET /xingrg/kc/buy/cgsh_order_list.html HTTP/1.1" 200 58144
222.69.133.71 - - [16/Apr/2024:10:58:30 +0800] "GET /xingrg/all/function/internal_message.html?_=1713236311724&CODE_STATE=getMsg HTTP/1.1" 200 27
172.20.0.100 - - [16/Apr/2024:10:58:33 +0800] "GET /xingrg/all/function/internal_message.html?_=1713236317487&CODE_STATE=getMsg HTTP/1.1" 200 27
172.20.0.100 - - [16/Apr/2024:10:58:33 +0800] "GET /xingrg/check_reg.html?_=1713236317488 HTTP/1.1" 200 22
180.164.1.25 - - [16/Apr/2024:10:58:33 +0800] "POST /xingrg/kc/buy/cgsh_list_operate.html HTTP/1.1" 200 1395
101.83.144.49 - - [16/Apr/2024:10:58:37 +0800] "GET /xingrg/all/function/internal_message.html?_=1713236075985&CODE_STATE=getMsg HTTP/1.1" 200 27
116.235.94.6 - - [16/Apr/2024:10:58:37 +0800] "GET /xingrg/all/function/internal_message.html?_=1713236349636&CODE_STATE=getMsg HTTP/1.1" 200 27
120.253.135.82 - - [16/Apr/2024:10:58:37 +0800] "GET /xingrg/all/function/internal_message.html?_=1713236164520&CODE_STATE=getMsg HTTP/1.1" 200 27
180.164.1.25 - - [16/Apr/2024:10:58:38 +0800] "POST /xingrg/kc/buy/cgsh_list_operate.html HTTP/1.1" 200 565
180.164.1.25 - - [16/Apr/2024:10:58:39 +0800] "GET /xingrg/kc/buy/cgsh_order_info.html?code=212024041604082 HTTP/1.1" 200 74016
180.164.1.25 - - [16/Apr/2024:10:58:39 +0800] "GET /xingrg/words/20240416101849_words.js HTTP/1.1" 200 1018235
180.164.1.25 - - [16/Apr/2024:10:58:39 +0800] "GET /xingrg/javascript/easyui/themes/default/validatebox.css HTTP/1.1" 404 1104
180.164.1.25 - - [16/Apr/2024:10:58:39 +0800] "GET /xingrg/all/common/auto_word.html?type=employee&rest_code=00108 HTTP/1.1" 200 101
180.164.1.25 - - [16/Apr/2024:10:58:39 +0800] "GET /xingrg/all/common/auto_word.html?type=employee&rest_code=00108 HTTP/1.1" 200 101
180.164.1.25 - - [16/Apr/2024:10:58:40 +0800] "POST /xingrg/kc/buy/cgsh_order_operate.html HTTP/1.1" 200 44113
116.238.97.31 - - [16/Apr/2024:10:58:41 +0800] "GET /xingrg/all/function/internal_message.html?_=1713236321999&CODE_STATE=getMsg HTTP/1.1" 200 27
180.169.147.146 - - [16/Apr/2024:10:58:43 +0800] "GET /xingrg/all/function/internal_message.html?_=1713236322144&CODE_STATE=getMsg HTTP/1.1" 200 27
222.70.183.82 - - [16/Apr/2024:10:58:49 +0800] "GET /xingrg/all/function/internal_message.html?_=1713236329797&CODE_STATE=getMsg HTTP/1.1" 200 27
116.224.254.208 - - [16/Apr/2024:10:58:53 +0800] "GET /xingrg/all/function/internal_message.html?_=1713236333355&CODE_STATE=getMsg HTTP/1.1" 200 27
180.169.147.146 - - [16/Apr/2024:10:58:55 +0800] "GET /xingrg/kc/buy/cgsh_order_operate.html?command=get_materiel&rest_code=00147&code=00101008069&supplier_code=00100008&order_time=2024-04-16 HTTP/1.1" 200 412
114.83.223.178 - - [16/Apr/2024:10:58:59 +0800] "GET /xingrg/all/function/internal_message.html?_=1713236338556&CODE_STATE=getMsg HTTP/1.1" 200 27
180.169.147.146 - - [16/Apr/2024:10:59:05 +0800] "GET /xingrg/kc/buy/cgsh_order_operate.html?command=get_materiel&rest_code=00147&code=00101008131&supplier_code=00100008&order_time=2024-04-16 HTTP/1.1" 200 408
180.164.1.25 - - [16/Apr/2024:10:59:05 +0800] "GET /xingrg/all/function/internal_message.html?_=1713236345046&CODE_STATE=getMsg HTTP/1.1" 200 27
180.169.147.146 - - [16/Apr/2024:10:59:06 +0800] "GET /xingrg/all/function/internal_message.html?_=1713236339392&CODE_STATE=getMsg HTTP/1.1" 200 27
116.238.97.31 - - [16/Apr/2024:10:59:13 +0800] "GET /xingrg/all/function/internal_message.html?_=1713236352728&CODE_STATE=getMsg HTTP/1.1" 200 27
180.169.147.146 - - [16/Apr/2024:10:59:15 +0800] "GET /xingrg/kc/buy/cgsh_order_operate.html?command=get_materiel&rest_code=00147&code=00101008353&supplier_code=00100008&order_time=2024-04-16 HTTP/1.1" 200 408
116.232.193.34 - - [16/Apr/2024:10:59:15 +0800] "GET /xingrg/all/function/internal_message.html?_=1713236353211&CODE_STATE=getMsg HTTP/1.1" 200 27
124.78.157.30 - - [16/Apr/2024:10:59:16 +0800] "GET /xingrg/all/function/internal_message.html?_=1713236354970&CODE_STATE=getMsg HTTP/1.1" 200 27
180.169.147.146 - - [16/Apr/2024:10:59:19 +0800] "GET /xingrg/check_reg.html?_=1713236349333 HTTP/1.1" 200 22
180.169.147.146 - - [16/Apr/2024:10:59:19 +0800] "GET /xingrg/all/function/internal_message.html?_=1713236349336&CODE_STATE=getMsg HTTP/1.1" 200 27
124.78.157.30 - - [16/Apr/2024:10:59:23 +0800] "GET /xingrg/kc/buy/cgsh_order_operate.html?command=get_materiel&rest_code=00106&code=00101006109&supplier_code=00100096&order_time=2024-04-16 HTTP/1.1" 200 409
221.239.169.251 - - [16/Apr/2024:10:59:24 +0800] "GET /xingrg/all/function/internal_message.html?_=1713236361642&CODE_STATE=getMsg HTTP/1.1" 200 27
222.69.133.71 - - [16/Apr/2024:10:59:24 +0800] "GET /xingrg/check_reg.html?_=1713236365052 HTTP/1.1" 200 22
116.235.94.6 - - [16/Apr/2024:10:59:25 +0800] "GET /xingrg/all/function/internal_message.html?_=1713236363878&CODE_STATE=getMsg HTTP/1.1" 302 -
120.253.135.82 - - [16/Apr/2024:10:59:27 +0800] "GET /xingrg/kc/pszx/mdps_order_list.html?orderType=0 HTTP/1.1" 200 21033
120.253.135.82 - - [16/Apr/2024:10:59:27 +0800] "POST /xingrg/kc/pszx/mdps_list_operate.html HTTP/1.1" 200 5334
180.169.147.146 - - [16/Apr/2024:10:59:27 +0800] "GET /xingrg/kc/buy/cgsh_order_operate.html?command=get_materiel&rest_code=00147&code=00101008126&supplier_code=00100008&order_time=2024-04-16 HTTP/1.1" 200 412
222.69.133.71 - - [16/Apr/2024:10:59:30 +0800] "GET /xingrg/all/function/internal_message.html?_=1713236371721&CODE_STATE=getMsg HTTP/1.1" 200 27
172.20.0.100 - - [16/Apr/2024:10:59:33 +0800] "GET /xingrg/all/function/internal_message.html?_=1713236377486&CODE_STATE=getMsg HTTP/1.1" 200 27
101.83.144.49 - - [16/Apr/2024:10:59:37 +0800] "GET /xingrg/all/function/internal_message.html?_=1713236135970&CODE_STATE=getMsg HTTP/1.1" 200 27
116.235.94.6 - - [16/Apr/2024:10:59:37 +0800] "GET /xingrg/all/function/internal_message.html?_=1713236409620&CODE_STATE=getMsg HTTP/1.1" 200 27
120.253.135.82 - - [16/Apr/2024:10:59:37 +0800] "GET /xingrg/all/function/internal_message.html?_=1713236224533&CODE_STATE=getMsg HTTP/1.1" 200 27
120.253.135.82 - - [16/Apr/2024:10:59:38 +0800] "POST /xingrg/kc/pszx/mdps_list_operate.html HTTP/1.1" 200 1689
124.78.157.30 - - [16/Apr/2024:10:59:39 +0800] "GET /xingrg/kc/buy/cgsh_order_operate.html?command=get_materiel&rest_code=00106&code=00101006279&supplier_code=00100096&order_time=2024-04-16 HTTP/1.1" 200 409
120.253.135.82 - - [16/Apr/2024:10:59:40 +0800] "POST /xingrg/kc/pszx/mdps_list_operate.html HTTP/1.1" 200 464
120.253.135.82 - - [16/Apr/2024:10:59:41 +0800] "GET /xingrg/kc/pszx/mdps_order_info.html?code=312024041600240 HTTP/1.1" 200 23976
116.238.97.31 - - [16/Apr/2024:10:59:41 +0800] "GET /xingrg/all/function/internal_message.html?_=1713236381985&CODE_STATE=getMsg HTTP/1.1" 200 27
120.253.135.82 - - [16/Apr/2024:10:59:41 +0800] "GET /xingrg/javascript/easyui/themes/default/validatebox.css HTTP/1.1" 404 1104
116.238.97.31 - - [16/Apr/2024:10:59:41 +0800] "GET /xingrg/check_reg.html?_=1713236382233 HTTP/1.1" 200 22
120.253.135.82 - - [16/Apr/2024:10:59:41 +0800] "POST /xingrg/kc/pszx/mdps_order_operate.html HTTP/1.1" 200 3839
180.169.147.146 - - [16/Apr/2024:10:59:42 +0800] "GET /xingrg/kc/buy/cgsh_order_operate.html?command=get_materiel&rest_code=00147&code=00101008361&supplier_code=00100008&order_time=2024-04-16 HTTP/1.1" 200 408
180.169.147.146 - - [16/Apr/2024:10:59:43 +0800] "GET /xingrg/all/function/internal_message.html?_=1713236382141&CODE_STATE=getMsg HTTP/1.1" 200 27
120.253.135.82 - - [16/Apr/2024:10:59:47 +0800] "POST /xingrg/kc/pszx/mdps_order_operate.html HTTP/1.1" 200 37
222.70.183.82 - - [16/Apr/2024:10:59:49 +0800] "GET /xingrg/all/function/internal_message.html?_=1713236389797&CODE_STATE=getMsg HTTP/1.1" 200 27
120.253.135.82 - - [16/Apr/2024:10:59:51 +0800] "POST /xingrg/kc/pszx/mdps_order_operate.html HTTP/1.1" 200 12
116.224.254.208 - - [16/Apr/2024:10:59:53 +0800] "GET /xingrg/all/function/internal_message.html?_=1713236393336&CODE_STATE=getMsg HTTP/1.1" 200 27
180.164.1.25 - - [16/Apr/2024:10:59:54 +0800] "POST /xingrg/kc/buy/cgsh_order_operate.html HTTP/1.1" 200 37
180.169.147.146 - - [16/Apr/2024:10:59:56 +0800] "GET /xingrg/kc/buy/cgsh_order_operate.html?command=get_materiel&rest_code=00147&code=00101008004&supplier_code=00100008&order_time=2024-04-16 HTTP/1.1" 200 416
124.78.157.30 - - [16/Apr/2024:10:59:57 +0800] "GET /xingrg/kc/buy/cgsh_order_operate.html?command=get_materiel&rest_code=00106&code=00101006111&supplier_code=00100096&order_time=2024-04-16 HTTP/1.1" 200 23
114.83.223.178 - - [16/Apr/2024:10:59:59 +0800] "GET /xingrg/all/function/internal_message.html?_=1713236398526&CODE_STATE=getMsg HTTP/1.1" 200 27
120.253.135.82 - - [16/Apr/2024:11:00:06 +0800] "GET /xingrg/kc/pszx/mdps_order_info.html?code=312024041600240 HTTP/1.1" 200 19636
180.169.147.146 - - [16/Apr/2024:11:00:06 +0800] "GET /xingrg/all/function/internal_message.html?_=1713236399410&CODE_STATE=getMsg HTTP/1.1" 200 27
180.169.147.146 - - [16/Apr/2024:11:00:06 +0800] "GET /xingrg/check_reg.html?_=1713236399411 HTTP/1.1" 200 22
120.253.135.82 - - [16/Apr/2024:11:00:06 +0800] "GET /xingrg/javascript/easyui/themes/default/validatebox.css HTTP/1.1" 404 1104
120.253.135.82 - - [16/Apr/2024:11:00:06 +0800] "POST /xingrg/kc/pszx/mdps_order_operate.html HTTP/1.1" 200 2049
124.78.157.30 - - [16/Apr/2024:11:00:08 +0800] "POST /xingrg/kc/buy/cgsh_order_operate.html HTTP/1.1" 200 37
124.78.157.30 - - [16/Apr/2024:11:00:10 +0800] "POST /xingrg/kc/buy/cgsh_order_operate.html HTTP/1.1" 200 6824
116.238.97.31 - - [16/Apr/2024:11:00:13 +0800] "GET /xingrg/all/function/internal_message.html?_=1713236412728&CODE_STATE=getMsg HTTP/1.1" 200 27
116.232.193.34 - - [16/Apr/2024:11:00:15 +0800] "GET /xingrg/all/function/internal_message.html?_=1713236413202&CODE_STATE=getMsg HTTP/1.1" 200 27
180.164.1.25 - - [16/Apr/2024:11:00:16 +0800] "POST /xingrg/kc/buy/cgsh_order_operate.html HTTP/1.1" 200 43524
124.78.157.30 - - [16/Apr/2024:11:00:16 +0800] "GET /xingrg/all/function/internal_message.html?_=1713236414933&CODE_STATE=getMsg HTTP/1.1" 200 27
124.78.157.30 - - [16/Apr/2024:11:00:17 +0800] "GET /xingrg/login.html HTTP/1.1" 200 7641
180.169.147.146 - - [16/Apr/2024:11:00:19 +0800] "GET /xingrg/all/function/internal_message.html?_=1713236409336&CODE_STATE=getMsg HTTP/1.1" 200 27
180.163.28.180 - - [16/Apr/2024:11:00:22 +0800] "GET /xingrg/kc/buy/cgsh_order_operate.html?command=get_materiel&rest_code=00106&code=00101006109&supplier_code=00100096&order_time=2024-04-16 HTTP/1.1" 302 -
180.163.28.180 - - [16/Apr/2024:11:00:22 +0800] "GET /xingrg/login.html HTTP/1.1" 200 7641
124.78.157.30 - - [16/Apr/2024:11:00:22 +0800] "GET /favicon.ico HTTP/1.1" 404 -
180.164.1.25 - - [16/Apr/2024:11:00:23 +0800] "POST /xingrg/kc/buy/cgsh_order_operate.html HTTP/1.1" 200 37
221.239.169.251 - - [16/Apr/2024:11:00:24 +0800] "GET /xingrg/all/function/internal_message.html?_=1713236421650&CODE_STATE=getMsg HTTP/1.1" 200 27
221.239.169.251 - - [16/Apr/2024:11:00:24 +0800] "GET /xingrg/check_reg.html?_=1713236421642 HTTP/1.1" 200 22
124.78.157.30 - - [16/Apr/2024:11:00:25 +0800] "POST /xingrg/login.do HTTP/1.1" 302 -
116.235.94.6 - - [16/Apr/2024:11:00:25 +0800] "GET /xingrg/check_reg.html?_=1713236423732 HTTP/1.1" 302 -
124.78.157.30 - - [16/Apr/2024:11:00:25 +0800] "GET /xingrg/index.html?sysBaseUrl=http%3A%2F%2F180.169.147.146%3A18081%2Fxingrg%2F&costTime=815×tamp=1713236425302 HTTP/1.1" 200 17173
116.235.94.6 - - [16/Apr/2024:11:00:25 +0800] "GET /xingrg/all/function/internal_message.html?_=1713236423869&CODE_STATE=getMsg HTTP/1.1" 302 -
124.78.157.30 - - [16/Apr/2024:11:00:26 +0800] "POST /xingrg/all/common/load_tree.html?tree=area_rest_tree_json&manage=1 HTTP/1.1" 200 342
124.78.157.30 - - [16/Apr/2024:11:00:26 +0800] "GET /xingrg/all/function/internal_message.html?_=1713236425038&CODE_STATE=count HTTP/1.1" 200 11
124.78.157.30 - - [16/Apr/2024:11:00:26 +0800] "GET /xingrg/check_reg.html?_=1713236425040 HTTP/1.1" 200 22
124.78.157.30 - - [16/Apr/2024:11:00:26 +0800] "GET /favicon.ico HTTP/1.1" 404 -
124.78.157.30 - - [16/Apr/2024:11:00:26 +0800] "POST /xingrg/load_menu.html HTTP/1.1" 200 5138
180.164.1.25 - - [16/Apr/2024:11:00:26 +0800] "POST /xingrg/kc/buy/cgsh_order_operate.html HTTP/1.1" 200 43524
124.78.157.30 - - [16/Apr/2024:11:00:28 +0800] "GET /xingrg/kc/buy/buy_main.html HTTP/1.1" 200 12412
124.78.157.30 - - [16/Apr/2024:11:00:28 +0800] "GET /xingrg/css/new_ie.css HTTP/1.1" 404 1036
124.78.157.30 - - [16/Apr/2024:11:00:29 +0800] "GET /xingrg/images/yd/bt.gif HTTP/1.1" 404 1040
222.69.133.71 - - [16/Apr/2024:11:00:30 +0800] "GET /xingrg/all/function/internal_message.html?_=1713236431695&CODE_STATE=getMsg HTTP/1.1" 200 27
180.164.1.25 - - [16/Apr/2024:11:00:32 +0800] "GET /xingrg/kc/buy/cgsh_order_add.html HTTP/1.1" 200 74038
114.83.223.178 - - [16/Apr/2024:11:00:32 +0800] "GET /xingrg/kc/buy/cgsh_order_add.html HTTP/1.1" 200 74034
180.164.1.25 - - [16/Apr/2024:11:00:32 +0800] "POST /xingrg/kc/buy/cgsh_order_operate.html HTTP/1.1" 200 8245
180.164.1.25 - - [16/Apr/2024:11:00:32 +0800] "GET /xingrg/javascript/easyui/themes/default/validatebox.css HTTP/1.1" 404 1104
114.83.223.178 - - [16/Apr/2024:11:00:32 +0800] "GET /xingrg/words/20240416101849_words.js HTTP/1.1" 304 -
114.83.223.178 - - [16/Apr/2024:11:00:32 +0800] "GET /xingrg/javascript/easyui/themes/default/validatebox.css HTTP/1.1" 404 1104
114.83.223.178 - - [16/Apr/2024:11:00:32 +0800] "POST /xingrg/kc/buy/cgsh_order_operate.html HTTP/1.1" 200 8245
172.20.0.100 - - [16/Apr/2024:11:00:33 +0800] "GET /xingrg/all/function/internal_message.html?_=1713236437501&CODE_STATE=getMsg HTTP/1.1" 200 27
124.78.157.30 - - [16/Apr/2024:11:00:35 +0800] "GET /xingrg/kc/buy/cgsh_order_list.html HTTP/1.1" 200 58134
101.83.144.49 - - [16/Apr/2024:11:00:37 +0800] "GET /xingrg/all/function/internal_message.html?_=1713236195955&CODE_STATE=getMsg HTTP/1.1" 200 27
116.235.94.6 - - [16/Apr/2024:11:00:37 +0800] "GET /xingrg/all/function/internal_message.html?_=1713236469622&CODE_STATE=getMsg HTTP/1.1" 200 27
120.253.135.82 - - [16/Apr/2024:11:00:37 +0800] "GET /xingrg/all/function/internal_message.html?_=1713236284573&CODE_STATE=getMsg HTTP/1.1" 200 27
124.78.157.30 - - [16/Apr/2024:11:00:41 +0800] "POST /xingrg/kc/buy/cgsh_list_operate.html HTTP/1.1" 200 1646
116.238.97.31 - - [16/Apr/2024:11:00:41 +0800] "GET /xingrg/all/function/internal_message.html?_=1713236441959&CODE_STATE=getMsg HTTP/1.1" 200 27
180.169.147.146 - - [16/Apr/2024:11:00:43 +0800] "GET /xingrg/all/function/internal_message.html?_=1713236442135&CODE_STATE=getMsg HTTP/1.1" 200 27
114.83.223.178 - - [16/Apr/2024:11:00:43 +0800] "GET /xingrg/kc/buy/cgsh_order_operate.html?command=get_materiel&rest_code=00149&code=00101005022&supplier_code=00100545&order_time=2024-04-15 HTTP/1.1" 200 417
222.70.183.82 - - [16/Apr/2024:11:00:49 +0800] "GET /xingrg/all/function/internal_message.html?_=1713236449795&CODE_STATE=getMsg HTTP/1.1" 200 27
116.224.254.208 - - [16/Apr/2024:11:00:53 +0800] "GET /xingrg/all/function/internal_message.html?_=1713236453311&CODE_STATE=getMsg HTTP/1.1" 200 27
114.83.223.178 - - [16/Apr/2024:11:00:54 +0800] "GET /xingrg/kc/buy/cgsh_order_operate.html?command=get_materiel&rest_code=00149&code=00101001037&supplier_code=00100545&order_time=2024-04-15 HTTP/1.1" 200 416
114.83.223.178 - - [16/Apr/2024:11:00:59 +0800] "GET /xingrg/all/function/internal_message.html?_=1713236458518&CODE_STATE=getMsg HTTP/1.1" 200 27
180.169.147.146 - - [16/Apr/2024:11:01:02 +0800] "GET /xingrg/kc/buy/cgsh_order_operate.html?command=get_materiel&rest_code=00147&code=00101008379&supplier_code=00100008&order_time=2024-04-16 HTTP/1.1" 200 409
114.83.223.178 - - [16/Apr/2024:11:01:02 +0800] "GET /xingrg/kc/buy/cgsh_order_operate.html?command=get_materiel&rest_code=00149&code=00101001140&supplier_code=00100545&order_time=2024-04-15 HTTP/1.1" 200 415
180.164.1.25 - - [16/Apr/2024:11:01:05 +0800] "GET /xingrg/all/function/internal_message.html?_=1713236465062&CODE_STATE=getMsg HTTP/1.1" 200 27
180.169.147.146 - - [16/Apr/2024:11:01:06 +0800] "GET /xingrg/all/function/internal_message.html?_=1713236459402&CODE_STATE=getMsg HTTP/1.1" 200 27
124.78.157.30 - - [16/Apr/2024:11:01:10 +0800] "POST /xingrg/kc/buy/cgsh_list_operate.html HTTP/1.1" 200 588
180.164.1.25 - - [16/Apr/2024:11:01:12 +0800] "GET /xingrg/javascript/auto/indicator.gif HTTP/1.1" 404 1066
116.238.97.31 - - [16/Apr/2024:11:01:13 +0800] "GET /xingrg/check_reg.html?_=1713236472729 HTTP/1.1" 200 22
116.238.97.31 - - [16/Apr/2024:11:01:13 +0800] "GET /xingrg/all/function/internal_message.html?_=1713236472733&CODE_STATE=getMsg HTTP/1.1" 200 27
180.164.1.25 - - [16/Apr/2024:11:01:13 +0800] "GET /xingrg/javascript/jquery_tools/images/prev.gif HTTP/1.1" 404 1086
180.164.1.25 - - [16/Apr/2024:11:01:13 +0800] "GET /xingrg/javascript/jquery_tools/images/next.gif HTTP/1.1" 404 1086
180.169.147.146 - - [16/Apr/2024:11:01:14 +0800] "GET /xingrg/kc/buy/cgsh_order_operate.html?command=get_materiel&rest_code=00147&code=00101008137&supplier_code=00100008&order_time=2024-04-16 HTTP/1.1" 200 408
116.232.193.34 - - [16/Apr/2024:11:01:15 +0800] "GET /xingrg/all/function/internal_message.html?_=1713236473201&CODE_STATE=getMsg HTTP/1.1" 200 27
180.169.147.146 - - [16/Apr/2024:11:01:19 +0800] "GET /xingrg/all/function/internal_message.html?_=1713236469337&CODE_STATE=getMsg HTTP/1.1" 200 27
124.78.157.30 - - [16/Apr/2024:11:01:19 +0800] "POST /xingrg/kc/buy/cgsh_list_operate.html HTTP/1.1" 200 562
124.78.157.30 - - [16/Apr/2024:11:01:21 +0800] "GET /xingrg/kc/buy/cgsh_order_info.html?code=212024041604075 HTTP/1.1" 200 73924
124.78.157.30 - - [16/Apr/2024:11:01:21 +0800] "GET /xingrg/words/20240416101849_words.js HTTP/1.1" 304 -
180.164.1.25 - - [16/Apr/2024:11:01:22 +0800] "GET /xingrg/kc/buy/cgsh_order_operate.html?command=get_materiel&rest_code=00108&code=00101007071&supplier_code=00100002&order_time=2024-04-16 HTTP/1.1" 200 417
124.78.157.30 - - [16/Apr/2024:11:01:22 +0800] "GET /xingrg/javascript/easyui/themes/default/validatebox.css HTTP/1.1" 404 1104
124.78.157.30 - - [16/Apr/2024:11:01:22 +0800] "GET /xingrg/all/common/auto_word.html?type=employee&rest_code=00106 HTTP/1.1" 200 205
124.78.157.30 - - [16/Apr/2024:11:01:22 +0800] "GET /xingrg/all/common/auto_word.html?type=employee&rest_code=00106 HTTP/1.1" 200 205
221.239.169.251 - - [16/Apr/2024:11:01:24 +0800] "GET /xingrg/all/function/internal_message.html?_=1713236481636&CODE_STATE=getMsg HTTP/1.1" 200 27
124.78.157.30 - - [16/Apr/2024:11:01:24 +0800] "GET /xingrg/kc/buy/cgsh_order_info.html?code=212024041604094 HTTP/1.1" 200 73914
124.78.157.30 - - [16/Apr/2024:11:01:24 +0800] "GET /xingrg/javascript/easyui/themes/default/validatebox.css HTTP/1.1" 404 1104
116.235.94.6 - - [16/Apr/2024:11:01:25 +0800] "GET /xingrg/all/function/internal_message.html?_=1713236483856&CODE_STATE=getMsg HTTP/1.1" 302 -
114.83.223.178 - - [16/Apr/2024:11:01:25 +0800] "POST /xingrg/kc/buy/cgsh_order_operate.html HTTP/1.1" 200 37
124.78.157.30 - - [16/Apr/2024:11:01:25 +0800] "POST /xingrg/kc/buy/cgsh_order_operate.html HTTP/1.1" 200 8212
124.78.157.30 - - [16/Apr/2024:11:01:25 +0800] "POST /xingrg/kc/buy/cgsh_order_operate.html HTTP/1.1" 200 6824
124.78.157.30 - - [16/Apr/2024:11:01:26 +0800] "GET /xingrg/all/function/internal_message.html?_=1713236485055&CODE_STATE=getMsg HTTP/1.1" 200 27
180.169.147.146 - - [16/Apr/2024:11:01:27 +0800] "GET /xingrg/kc/buy/cgsh_order_operate.html?command=get_materiel&rest_code=00147&code=00101008185&supplier_code=00100008&order_time=2024-04-16 HTTP/1.1" 200 408
124.78.157.30 - - [16/Apr/2024:11:01:30 +0800] "GET /xingrg/javascript/auto/indicator.gif HTTP/1.1" 404 1066
222.69.133.71 - - [16/Apr/2024:11:01:30 +0800] "GET /xingrg/all/function/internal_message.html?_=1713236491668&CODE_STATE=getMsg HTTP/1.1" 200 27
180.164.1.25 - - [16/Apr/2024:11:01:32 +0800] "GET /xingrg/kc/buy/cgsh_order_operate.html?command=get_materiel&rest_code=00108&code=00101007072&supplier_code=00100002&order_time=2024-04-16 HTTP/1.1" 200 419
172.20.0.100 - - [16/Apr/2024:11:01:33 +0800] "GET /xingrg/all/function/internal_message.html?_=1713236497500&CODE_STATE=getMsg HTTP/1.1" 200 27
124.78.157.30 - - [16/Apr/2024:11:01:34 +0800] "GET /xingrg/kc/buy/cgsh_order_operate.html?command=get_materiel&rest_code=00106&code=00101006111&supplier_code=00100096&order_time=2024-04-16 HTTP/1.1" 200 411
114.83.223.178 - - [16/Apr/2024:11:01:34 +0800] "POST /xingrg/kc/buy/cgsh_order_operate.html HTTP/1.1" 200 12
101.83.144.49 - - [16/Apr/2024:11:01:36 +0800] "GET /xingrg/check_reg.html?_=1713236255191 HTTP/1.1" 200 22
101.83.144.49 - - [16/Apr/2024:11:01:37 +0800] "GET /xingrg/all/function/internal_message.html?_=1713236255927&CODE_STATE=getMsg HTTP/1.1" 200 27
116.235.94.6 - - [16/Apr/2024:11:01:37 +0800] "GET /xingrg/all/function/internal_message.html?_=1713236529620&CODE_STATE=getMsg HTTP/1.1" 200 27
116.235.94.6 - - [16/Apr/2024:11:01:37 +0800] "GET /xingrg/check_reg.html?_=1713236529621 HTTP/1.1" 200 22
120.253.135.82 - - [16/Apr/2024:11:01:37 +0800] "GET /xingrg/all/function/internal_message.html?_=1713236344576&CODE_STATE=getMsg HTTP/1.1" 200 27
116.238.97.31 - - [16/Apr/2024:11:01:41 +0800] "GET /xingrg/all/function/internal_message.html?_=1713236501944&CODE_STATE=getMsg HTTP/1.1" 200 27
180.169.147.146 - - [16/Apr/2024:11:01:41 +0800] "GET /xingrg/kc/buy/cgsh_order_operate.html?command=get_materiel&rest_code=00147&code=00101008213&supplier_code=00100008&order_time=2024-04-16 HTTP/1.1" 200 412
114.83.223.178 - - [16/Apr/2024:11:01:42 +0800] "GET /xingrg/kc/buy/cgsh_order_info.html?code=212024041604114 HTTP/1.1" 200 68898
114.83.223.178 - - [16/Apr/2024:11:01:42 +0800] "GET /xingrg/javascript/easyui/themes/default/validatebox.css HTTP/1.1" 404 1104
180.164.1.25 - - [16/Apr/2024:11:01:42 +0800] "GET /xingrg/kc/buy/cgsh_order_operate.html?command=get_materiel&rest_code=00108&code=00101007060&supplier_code=00100002&order_time=2024-04-16 HTTP/1.1" 200 409
180.169.147.146 - - [16/Apr/2024:11:01:43 +0800] "GET /xingrg/all/function/internal_message.html?_=1713236502141&CODE_STATE=getMsg HTTP/1.1" 200 27
114.83.223.178 - - [16/Apr/2024:11:01:43 +0800] "POST /xingrg/kc/buy/cgsh_order_operate.html HTTP/1.1" 200 1811
124.78.56.241 - - [16/Apr/2024:11:01:49 +0800] "GET /xingrg/login.html HTTP/1.1" 200 7641
