101.80.230.31 - - [16/Apr/2024:12:10:44 +0800] "POST /xingrg/services/DataTransmitService HTTP/1.1" 200 524
101.80.230.31 - - [16/Apr/2024:12:10:44 +0800] "POST /xingrg/services/DataTransmitService HTTP/1.1" 200 501
116.232.193.34 - - [16/Apr/2024:12:10:45 +0800] "GET /xingrg/all/function/internal_message.html?_=1713240642411&CODE_STATE=getMsg HTTP/1.1" 200 27
101.80.230.31 - - [16/Apr/2024:12:10:45 +0800] "GET /xingrg/all/function/internal_message.html?_=1713240648164&CODE_STATE=getMsg HTTP/1.1" 200 27
101.80.230.31 - - [16/Apr/2024:12:10:45 +0800] "GET /xingrg/check_reg.html?_=1713240648165 HTTP/1.1" 200 22
120.253.135.82 - - [16/Apr/2024:12:10:46 +0800] "POST /xingrg/kc/buy/cgsh_order_operate.html HTTP/1.1" 200 12
120.253.135.82 - - [16/Apr/2024:12:10:49 +0800] "GET /xingrg/kc/buy/cgsh_order_info.html?code=212024041604136 HTTP/1.1" 200 67890
120.253.135.82 - - [16/Apr/2024:12:10:49 +0800] "GET /xingrg/javascript/easyui/themes/default/validatebox.css HTTP/1.1" 404 1104
222.70.183.82 - - [16/Apr/2024:12:10:49 +0800] "GET /xingrg/all/function/internal_message.html?_=1713240649853&CODE_STATE=getMsg HTTP/1.1" 200 27
120.253.135.82 - - [16/Apr/2024:12:10:50 +0800] "POST /xingrg/kc/buy/cgsh_order_operate.html HTTP/1.1" 200 612
116.224.254.208 - - [16/Apr/2024:12:10:51 +0800] "GET /xingrg/all/function/internal_message.html?_=1713240651957&CODE_STATE=getMsg HTTP/1.1" 200 27
116.232.193.34 - - [16/Apr/2024:12:10:52 +0800] "GET /xingrg/all/function/internal_message.html?_=1713240649309&CODE_STATE=getMsg HTTP/1.1" 200 27
116.232.193.34 - - [16/Apr/2024:12:10:52 +0800] "POST /xingrg/kc/buy/cgsh_list_operate.html HTTP/1.1" 200 2534
120.253.135.82 - - [16/Apr/2024:12:10:53 +0800] "GET /xingrg/kc/buy/cgsh_order_operate.html?command=get_materiel&rest_code=00101&code=00101013056&supplier_code=00100115&order_time=2024-04-16 HTTP/1.1" 200 425
124.78.56.241 - - [16/Apr/2024:12:10:53 +0800] "GET /xingrg/all/function/internal_message.html?_=1713240653916&CODE_STATE=getMsg HTTP/1.1" 200 27
116.232.193.34 - - [16/Apr/2024:12:10:55 +0800] "POST /xingrg/kc/buy/cgsh_list_operate.html HTTP/1.1" 200 355
116.232.193.34 - - [16/Apr/2024:12:10:56 +0800] "GET /xingrg/kc/buy/cgsh_order_info.html?code=212024041604133 HTTP/1.1" 200 74010
116.232.193.34 - - [16/Apr/2024:12:10:57 +0800] "GET /xingrg/javascript/easyui/themes/default/validatebox.css HTTP/1.1" 404 1104
116.232.193.34 - - [16/Apr/2024:12:10:58 +0800] "POST /xingrg/kc/buy/cgsh_order_operate.html HTTP/1.1" 200 3848
116.232.193.34 - - [16/Apr/2024:12:10:59 +0800] "GET /xingrg/kc/print/load_data.html?order_code=212024041604133&kc_code=cgsh HTTP/1.1" 200 1133
114.95.153.66 - - [16/Apr/2024:12:11:00 +0800] "GET /xingrg/all/function/internal_message.html?_=1713240662815&CODE_STATE=getMsg HTTP/1.1" 200 27
120.253.135.82 - - [16/Apr/2024:12:11:02 +0800] "POST /xingrg/kc/buy/cgsh_list_operate.html HTTP/1.1" 200 2252
180.164.1.25 - - [16/Apr/2024:12:11:04 +0800] "GET /xingrg/all/function/internal_message.html?_=1713240663936&CODE_STATE=getMsg HTTP/1.1" 200 27
120.253.135.82 - - [16/Apr/2024:12:11:05 +0800] "POST /xingrg/kc/buy/cgsh_order_operate.html HTTP/1.1" 200 37
120.253.135.82 - - [16/Apr/2024:12:11:05 +0800] "POST /xingrg/kc/buy/cgsh_list_operate.html HTTP/1.1" 200 286
120.253.135.82 - - [16/Apr/2024:12:11:07 +0800] "GET /xingrg/kc/buy/cgsh_order_info.html?code=212024041604137 HTTP/1.1" 200 72982
120.253.135.82 - - [16/Apr/2024:12:11:07 +0800] "GET /xingrg/javascript/easyui/themes/default/validatebox.css HTTP/1.1" 404 1104
120.253.135.82 - - [16/Apr/2024:12:11:07 +0800] "POST /xingrg/kc/buy/cgsh_order_operate.html HTTP/1.1" 200 3270
120.253.135.82 - - [16/Apr/2024:12:11:08 +0800] "POST /xingrg/kc/buy/cgsh_order_operate.html HTTP/1.1" 200 3274
114.83.223.178 - - [16/Apr/2024:12:11:09 +0800] "GET /xingrg/all/function/internal_message.html?_=1713240668669&CODE_STATE=getMsg HTTP/1.1" 200 27
180.169.147.146 - - [16/Apr/2024:12:11:19 +0800] "GET /xingrg/all/function/internal_message.html?_=1713240669454&CODE_STATE=getMsg HTTP/1.1" 200 27
116.232.193.34 - - [16/Apr/2024:12:11:19 +0800] "POST /xingrg/kc/buy/cgsh_list_operate.html HTTP/1.1" 200 2534
120.253.135.82 - - [16/Apr/2024:12:11:21 +0800] "POST /xingrg/kc/buy/cgsh_order_operate.html HTTP/1.1" 200 37
120.253.135.82 - - [16/Apr/2024:12:11:23 +0800] "POST /xingrg/kc/buy/cgsh_order_operate.html HTTP/1.1" 200 3274
221.239.169.251 - - [16/Apr/2024:12:11:24 +0800] "GET /xingrg/all/function/internal_message.html?_=1713240681680&CODE_STATE=getMsg HTTP/1.1" 200 27
116.235.94.6 - - [16/Apr/2024:12:11:25 +0800] "GET /xingrg/all/function/internal_message.html?_=1713240683574&CODE_STATE=getMsg HTTP/1.1" 302 -
120.253.135.82 - - [16/Apr/2024:12:11:27 +0800] "GET /xingrg/kc/print/load_data.html?order_code=212024041604137&kc_code=cgsh&condition= HTTP/1.1" 200 963
114.83.223.178 - - [16/Apr/2024:12:11:28 +0800] "GET /xingrg/kc/base/wldb_order_operate.html?command=get_materiel&rest_code=00149&base_code=0010394&code=00101019185 HTTP/1.1" 200 469
222.69.133.71 - - [16/Apr/2024:12:11:29 +0800] "GET /xingrg/all/function/internal_message.html?_=1713240690373&CODE_STATE=getMsg HTTP/1.1" 200 27
180.163.30.27 - - [16/Apr/2024:12:11:30 +0800] "GET /xingrg/all/function/internal_message.html?_=1713240516376&CODE_STATE=getMsg HTTP/1.1" 302 -
180.163.30.27 - - [16/Apr/2024:12:11:30 +0800] "GET /xingrg/login.html HTTP/1.1" 200 7641
114.83.223.178 - - [16/Apr/2024:12:11:32 +0800] "GET /xingrg/kc/base/wldb_order_operate.html?command=get_materiel&rest_code=00149&base_code=0010394&code=00101019527 HTTP/1.1" 200 473
172.20.0.100 - - [16/Apr/2024:12:11:33 +0800] "GET /xingrg/all/function/internal_message.html?_=1713240697551&CODE_STATE=getMsg HTTP/1.1" 200 27
120.253.135.82 - - [16/Apr/2024:12:11:35 +0800] "GET /xingrg/all/function/internal_message.html?_=1713240874550&CODE_STATE=getMsg HTTP/1.1" 200 27
180.163.29.219 - - [16/Apr/2024:12:11:36 +0800] "GET /xingrg/all/function/internal_message.html?_=1713240636383&CODE_STATE=getMsg HTTP/1.1" 302 -
180.163.29.219 - - [16/Apr/2024:12:11:36 +0800] "GET /xingrg/login.html HTTP/1.1" 200 7641
124.78.157.30 - - [16/Apr/2024:12:11:36 +0800] "GET /xingrg/all/function/internal_message.html?_=1713240696387&CODE_STATE=getMsg HTTP/1.1" 200 27
101.83.144.49 - - [16/Apr/2024:12:11:36 +0800] "GET /xingrg/check_reg.html?_=1713240455290 HTTP/1.1" 200 22
101.83.144.49 - - [16/Apr/2024:12:11:36 +0800] "GET /xingrg/all/function/internal_message.html?_=1713240455293&CODE_STATE=getMsg HTTP/1.1" 200 27
116.235.94.6 - - [16/Apr/2024:12:11:37 +0800] "GET /xingrg/all/function/internal_message.html?_=1713240729731&CODE_STATE=getMsg HTTP/1.1" 200 27
116.235.94.6 - - [16/Apr/2024:12:11:37 +0800] "GET /xingrg/check_reg.html?_=1713240729732 HTTP/1.1" 200 22
120.253.135.82 - - [16/Apr/2024:12:11:38 +0800] "GET /xingrg/kc/buy/cgsh_order_add.html HTTP/1.1" 200 72998
120.253.135.82 - - [16/Apr/2024:12:11:38 +0800] "POST /xingrg/kc/buy/cgsh_order_operate.html HTTP/1.1" 200 8245
120.253.135.82 - - [16/Apr/2024:12:11:38 +0800] "GET /xingrg/javascript/easyui/themes/default/validatebox.css HTTP/1.1" 404 1104
120.253.135.82 - - [16/Apr/2024:12:11:38 +0800] "GET /xingrg/all/common/auto_word.html?type=employee&rest_code=00101 HTTP/1.1" 200 1019
120.253.135.82 - - [16/Apr/2024:12:11:38 +0800] "GET /xingrg/all/common/auto_word.html?type=employee&rest_code=00101 HTTP/1.1" 200 1019
120.253.135.82 - - [16/Apr/2024:12:11:39 +0800] "POST /xingrg/kc/buy/cgsh_order_operate.html HTTP/1.1" 200 37
120.253.135.82 - - [16/Apr/2024:12:11:40 +0800] "POST /xingrg/all/common/load_combo.html?type=employee HTTP/1.1" 200 1834
180.169.147.146 - - [16/Apr/2024:12:11:43 +0800] "GET /xingrg/all/function/internal_message.html?_=1713240702141&CODE_STATE=getMsg HTTP/1.1" 200 27
116.232.193.34 - - [16/Apr/2024:12:11:45 +0800] "GET /xingrg/all/function/internal_message.html?_=1713240702385&CODE_STATE=getMsg HTTP/1.1" 200 27
101.80.230.31 - - [16/Apr/2024:12:11:45 +0800] "GET /xingrg/all/function/internal_message.html?_=1713240708167&CODE_STATE=getMsg HTTP/1.1" 200 27
222.70.183.82 - - [16/Apr/2024:12:11:49 +0800] "GET /xingrg/all/function/internal_message.html?_=1713240709852&CODE_STATE=getMsg HTTP/1.1" 200 27
222.70.183.82 - - [16/Apr/2024:12:11:49 +0800] "GET /xingrg/check_reg.html?_=1713240709853 HTTP/1.1" 200 22
116.224.254.208 - - [16/Apr/2024:12:11:51 +0800] "GET /xingrg/all/function/internal_message.html?_=1713240711932&CODE_STATE=getMsg HTTP/1.1" 200 27
116.232.193.34 - - [16/Apr/2024:12:11:52 +0800] "GET /xingrg/all/function/internal_message.html?_=1713240709323&CODE_STATE=getMsg HTTP/1.1" 200 27
124.78.56.241 - - [16/Apr/2024:12:11:53 +0800] "GET /xingrg/check_reg.html?_=1713240713352 HTTP/1.1" 200 22
124.78.56.241 - - [16/Apr/2024:12:11:53 +0800] "GET /xingrg/all/function/internal_message.html?_=1713240713899&CODE_STATE=getMsg HTTP/1.1" 200 27
114.83.223.178 - - [16/Apr/2024:12:11:57 +0800] "POST /xingrg/kc/base/wldb_order_operate.html HTTP/1.1" 200 37
120.253.135.82 - - [16/Apr/2024:12:11:57 +0800] "GET /xingrg/kc/buy/cgsh_order_operate.html?command=get_materiel&rest_code=00101&code=00101019531&supplier_code=00100100&order_time=2024-04-16 HTTP/1.1" 200 456
114.83.223.178 - - [16/Apr/2024:12:11:58 +0800] "POST /xingrg/kc/base/wldb_order_operate.html HTTP/1.1" 200 4216
114.83.223.178 - - [16/Apr/2024:12:11:59 +0800] "GET /xingrg/kc/base/wldb_order_info.html?code=422024041600986 HTTP/1.1" 200 30403
114.83.223.178 - - [16/Apr/2024:12:11:59 +0800] "GET /xingrg/javascript/easyui/themes/default/validatebox.css HTTP/1.1" 404 1104
114.95.153.66 - - [16/Apr/2024:12:12:00 +0800] "GET /xingrg/all/function/internal_message.html?_=1713240722815&CODE_STATE=getMsg HTTP/1.1" 200 27
114.83.223.178 - - [16/Apr/2024:12:12:00 +0800] "POST /xingrg/kc/base/wldb_order_operate.html HTTP/1.1" 200 4216
180.164.1.25 - - [16/Apr/2024:12:12:04 +0800] "GET /xingrg/all/function/internal_message.html?_=1713240723909&CODE_STATE=getMsg HTTP/1.1" 200 27
180.164.1.25 - - [16/Apr/2024:12:12:05 +0800] "GET /xingrg/check_reg.html?_=1713240725047 HTTP/1.1" 200 22
114.83.223.178 - - [16/Apr/2024:12:12:09 +0800] "GET /xingrg/all/function/internal_message.html?_=1713240728650&CODE_STATE=getMsg HTTP/1.1" 200 27
120.253.135.82 - - [16/Apr/2024:12:12:12 +0800] "GET /xingrg/javascript/auto/indicator.gif HTTP/1.1" 404 1066
180.169.147.146 - - [16/Apr/2024:12:12:19 +0800] "GET /xingrg/all/function/internal_message.html?_=1713240729494&CODE_STATE=getMsg HTTP/1.1" 200 27
221.239.169.251 - - [16/Apr/2024:12:12:24 +0800] "GET /xingrg/all/function/internal_message.html?_=1713240741684&CODE_STATE=getMsg HTTP/1.1" 200 27
116.235.94.6 - - [16/Apr/2024:12:12:25 +0800] "GET /xingrg/all/function/internal_message.html?_=1713240743564&CODE_STATE=getMsg HTTP/1.1" 302 -
222.69.133.71 - - [16/Apr/2024:12:12:29 +0800] "GET /xingrg/all/function/internal_message.html?_=1713240750353&CODE_STATE=getMsg HTTP/1.1" 200 27
172.20.0.100 - - [16/Apr/2024:12:12:33 +0800] "GET /xingrg/all/function/internal_message.html?_=1713240757576&CODE_STATE=getMsg HTTP/1.1" 200 27
120.253.135.82 - - [16/Apr/2024:12:12:35 +0800] "GET /xingrg/all/function/internal_message.html?_=1713240934557&CODE_STATE=getMsg HTTP/1.1" 200 27
124.78.157.30 - - [16/Apr/2024:12:12:36 +0800] "GET /xingrg/all/function/internal_message.html?_=1713240756389&CODE_STATE=getMsg HTTP/1.1" 200 27
124.78.157.30 - - [16/Apr/2024:12:12:36 +0800] "GET /xingrg/check_reg.html?_=1713240756393 HTTP/1.1" 200 22
101.83.144.49 - - [16/Apr/2024:12:12:36 +0800] "GET /xingrg/all/function/internal_message.html?_=1713240515293&CODE_STATE=getMsg HTTP/1.1" 200 27
116.235.94.6 - - [16/Apr/2024:12:12:37 +0800] "GET /xingrg/all/function/internal_message.html?_=1713240789746&CODE_STATE=getMsg HTTP/1.1" 200 27
120.253.135.82 - - [16/Apr/2024:12:12:41 +0800] "GET /xingrg/kc/buy/cgsh_order_operate.html?command=get_materiel&rest_code=00101&code=00101019051&supplier_code=00100100&order_time=2024-04-16 HTTP/1.1" 200 416
180.169.147.146 - - [16/Apr/2024:12:12:43 +0800] "GET /xingrg/all/function/internal_message.html?_=1713240762155&CODE_STATE=getMsg HTTP/1.1" 200 27
180.169.147.146 - - [16/Apr/2024:12:12:43 +0800] "GET /xingrg/check_reg.html?_=1713240762157 HTTP/1.1" 200 22
116.232.193.34 - - [16/Apr/2024:12:12:45 +0800] "GET /xingrg/all/function/internal_message.html?_=1713240762368&CODE_STATE=getMsg HTTP/1.1" 200 27
101.80.230.31 - - [16/Apr/2024:12:12:45 +0800] "GET /xingrg/all/function/internal_message.html?_=1713240768169&CODE_STATE=getMsg HTTP/1.1" 200 27
120.253.135.82 - - [16/Apr/2024:12:12:46 +0800] "POST /xingrg/kc/buy/cgsh_order_operate.html HTTP/1.1" 200 12
120.253.135.82 - - [16/Apr/2024:12:12:49 +0800] "GET /xingrg/all/function/internal_message.html?_=1713240616320&CODE_STATE=getMsg HTTP/1.1" 200 27
120.253.135.82 - - [16/Apr/2024:12:12:49 +0800] "GET /xingrg/check_reg.html?_=1713240616324 HTTP/1.1" 200 22
120.253.135.82 - - [16/Apr/2024:12:12:49 +0800] "GET /xingrg/kc/buy/cgsh_order_info.html?code=212024041604137 HTTP/1.1" 200 67882
222.70.183.82 - - [16/Apr/2024:12:12:49 +0800] "GET /xingrg/all/function/internal_message.html?_=1713240769852&CODE_STATE=getMsg HTTP/1.1" 200 27
120.253.135.82 - - [16/Apr/2024:12:12:50 +0800] "GET /xingrg/javascript/easyui/themes/default/validatebox.css HTTP/1.1" 404 1104
120.253.135.82 - - [16/Apr/2024:12:12:51 +0800] "POST /xingrg/kc/buy/cgsh_order_operate.html HTTP/1.1" 200 1224
116.224.254.208 - - [16/Apr/2024:12:12:51 +0800] "GET /xingrg/all/function/internal_message.html?_=1713240771913&CODE_STATE=getMsg HTTP/1.1" 200 27
116.232.193.34 - - [16/Apr/2024:12:12:52 +0800] "GET /xingrg/all/function/internal_message.html?_=1713240769324&CODE_STATE=getMsg HTTP/1.1" 200 27
116.224.254.208 - - [16/Apr/2024:12:12:53 +0800] "GET /xingrg/check_reg.html?_=1713240773419 HTTP/1.1" 200 22
124.78.56.241 - - [16/Apr/2024:12:12:53 +0800] "GET /xingrg/all/function/internal_message.html?_=1713240773876&CODE_STATE=getMsg HTTP/1.1" 200 27
114.95.153.66 - - [16/Apr/2024:12:13:00 +0800] "GET /xingrg/all/function/internal_message.html?_=1713240782814&CODE_STATE=getMsg HTTP/1.1" 200 27
180.164.1.25 - - [16/Apr/2024:12:13:04 +0800] "GET /xingrg/all/function/internal_message.html?_=1713240783905&CODE_STATE=getMsg HTTP/1.1" 200 27
120.253.135.82 - - [16/Apr/2024:12:13:05 +0800] "POST /xingrg/kc/buy/cgsh_list_operate.html HTTP/1.1" 200 2244
120.253.135.82 - - [16/Apr/2024:12:13:08 +0800] "POST /xingrg/kc/buy/cgsh_list_operate.html HTTP/1.1" 200 359
114.83.223.178 - - [16/Apr/2024:12:13:09 +0800] "GET /xingrg/check_reg.html?_=1713240788441 HTTP/1.1" 200 22
114.83.223.178 - - [16/Apr/2024:12:13:09 +0800] "GET /xingrg/all/function/internal_message.html?_=1713240788636&CODE_STATE=getMsg HTTP/1.1" 200 27
120.253.135.82 - - [16/Apr/2024:12:13:10 +0800] "GET /xingrg/kc/buy/cgsh_order_info.html?code=212024041604138 HTTP/1.1" 200 72980
120.253.135.82 - - [16/Apr/2024:12:13:10 +0800] "GET /xingrg/javascript/easyui/themes/default/validatebox.css HTTP/1.1" 404 1104
120.253.135.82 - - [16/Apr/2024:12:13:11 +0800] "POST /xingrg/kc/buy/cgsh_order_operate.html HTTP/1.1" 200 3870
120.253.135.82 - - [16/Apr/2024:12:13:18 +0800] "GET /xingrg/kc/print/load_data.html?order_code=212024041604138&kc_code=cgsh&condition= HTTP/1.1" 200 1200
180.169.147.146 - - [16/Apr/2024:12:13:19 +0800] "GET /xingrg/all/function/internal_message.html?_=1713240789493&CODE_STATE=getMsg HTTP/1.1" 200 27
221.239.169.251 - - [16/Apr/2024:12:13:24 +0800] "GET /xingrg/all/function/internal_message.html?_=1713240801685&CODE_STATE=getMsg HTTP/1.1" 200 27
116.235.94.6 - - [16/Apr/2024:12:13:25 +0800] "GET /xingrg/all/function/internal_message.html?_=1713240803554&CODE_STATE=getMsg HTTP/1.1" 302 -
101.80.230.31 - - [16/Apr/2024:12:13:26 +0800] "GET /xingrg/kc/buy/cgsh_order_operate.html?command=get_materiel&rest_code=00156&code=00101007226&supplier_code=00100012&order_time=2024-04-16 HTTP/1.1" 200 417
222.69.133.71 - - [16/Apr/2024:12:13:29 +0800] "GET /xingrg/all/function/internal_message.html?_=1713240810325&CODE_STATE=getMsg HTTP/1.1" 200 27
120.253.135.82 - - [16/Apr/2024:12:13:29 +0800] "POST /xingrg/kc/buy/cgsh_order_operate.html HTTP/1.1" 200 37
172.20.0.100 - - [16/Apr/2024:12:13:33 +0800] "GET /xingrg/check_reg.html?_=1713240817574 HTTP/1.1" 200 22
172.20.0.100 - - [16/Apr/2024:12:13:33 +0800] "GET /xingrg/all/function/internal_message.html?_=1713240817575&CODE_STATE=getMsg HTTP/1.1" 200 27
120.253.135.82 - - [16/Apr/2024:12:13:35 +0800] "GET /xingrg/all/function/internal_message.html?_=1713240994561&CODE_STATE=getMsg HTTP/1.1" 200 27
180.163.28.114 - - [16/Apr/2024:12:13:36 +0800] "GET /xingrg/check_reg.html?_=1713240756393 HTTP/1.1" 302 -
180.163.28.114 - - [16/Apr/2024:12:13:36 +0800] "GET /xingrg/login.html HTTP/1.1" 200 7641
180.163.29.217 - - [16/Apr/2024:12:13:36 +0800] "GET /xingrg/all/function/internal_message.html?_=1713240756389&CODE_STATE=getMsg HTTP/1.1" 302 -
180.163.29.217 - - [16/Apr/2024:12:13:36 +0800] "GET /xingrg/login.html HTTP/1.1" 200 7641
124.78.157.30 - - [16/Apr/2024:12:13:36 +0800] "GET /xingrg/all/function/internal_message.html?_=1713240816397&CODE_STATE=getMsg HTTP/1.1" 200 27
101.83.144.49 - - [16/Apr/2024:12:13:36 +0800] "GET /xingrg/all/function/internal_message.html?_=1713240575295&CODE_STATE=getMsg HTTP/1.1" 200 27
116.235.94.6 - - [16/Apr/2024:12:13:37 +0800] "GET /xingrg/all/function/internal_message.html?_=1713240849744&CODE_STATE=getMsg HTTP/1.1" 200 27
180.169.147.146 - - [16/Apr/2024:12:13:43 +0800] "GET /xingrg/all/function/internal_message.html?_=1713240822154&CODE_STATE=getMsg HTTP/1.1" 200 27
116.232.193.34 - - [16/Apr/2024:12:13:45 +0800] "GET /xingrg/all/function/internal_message.html?_=1713240822357&CODE_STATE=getMsg HTTP/1.1" 200 27
101.80.230.31 - - [16/Apr/2024:12:13:45 +0800] "GET /xingrg/all/function/internal_message.html?_=1713240828172&CODE_STATE=getMsg HTTP/1.1" 200 27
101.80.230.31 - - [16/Apr/2024:12:13:48 +0800] "GET /xingrg/kc/buy/cgsh_order_operate.html?command=get_materiel&rest_code=00156&code=00101006111&supplier_code=00100012&order_time=2024-04-16 HTTP/1.1" 200 409
222.70.183.82 - - [16/Apr/2024:12:13:49 +0800] "GET /xingrg/all/function/internal_message.html?_=1713240829852&CODE_STATE=getMsg HTTP/1.1" 200 27
116.224.254.208 - - [16/Apr/2024:12:13:51 +0800] "GET /xingrg/all/function/internal_message.html?_=1713240831895&CODE_STATE=getMsg HTTP/1.1" 200 27
116.232.193.34 - - [16/Apr/2024:12:13:52 +0800] "GET /xingrg/all/function/internal_message.html?_=1713240829324&CODE_STATE=getMsg HTTP/1.1" 200 27
124.78.56.241 - - [16/Apr/2024:12:13:53 +0800] "GET /xingrg/all/function/internal_message.html?_=1713240833852&CODE_STATE=getMsg HTTP/1.1" 200 27
101.80.230.31 - - [16/Apr/2024:12:13:57 +0800] "GET /xingrg/kc/buy/cgsh_order_operate.html?command=get_materiel&rest_code=00156&code=00101006019&supplier_code=00100012&order_time=2024-04-16 HTTP/1.1" 200 417
120.253.135.82 - - [16/Apr/2024:12:13:57 +0800] "GET /xingrg/kc/buy/cgsh_order_operate.html?command=get_materiel&rest_code=00101&code=00101013112&supplier_code=00100100&order_time=2024-04-16 HTTP/1.1" 200 429
180.163.28.114 - - [16/Apr/2024:12:13:59 +0800] "GET /xingrg/kc/base/wldb_order_add.html HTTP/1.1" 302 -
180.163.28.114 - - [16/Apr/2024:12:13:59 +0800] "GET /xingrg/login.html HTTP/1.1" 200 7641
114.95.153.66 - - [16/Apr/2024:12:14:00 +0800] "GET /xingrg/all/function/internal_message.html?_=1713240842811&CODE_STATE=getMsg HTTP/1.1" 200 27
180.164.1.25 - - [16/Apr/2024:12:14:04 +0800] "GET /xingrg/all/function/internal_message.html?_=1713240843883&CODE_STATE=getMsg HTTP/1.1" 200 27
114.83.223.178 - - [16/Apr/2024:12:14:09 +0800] "GET /xingrg/all/function/internal_message.html?_=1713240848620&CODE_STATE=getMsg HTTP/1.1" 200 27
101.80.230.31 - - [16/Apr/2024:12:14:09 +0800] "GET /xingrg/kc/buy/cgsh_order_operate.html?command=get_materiel&rest_code=00156&code=00101006184&supplier_code=00100012&order_time=2024-04-16 HTTP/1.1" 200 408
101.80.230.31 - - [16/Apr/2024:12:14:13 +0800] "GET /xingrg/javascript/auto/indicator.gif HTTP/1.1" 404 1066
180.169.147.146 - - [16/Apr/2024:12:14:19 +0800] "GET /xingrg/all/function/internal_message.html?_=1713240849495&CODE_STATE=getMsg HTTP/1.1" 200 27
180.169.147.146 - - [16/Apr/2024:12:14:19 +0800] "GET /xingrg/check_reg.html?_=1713240849492 HTTP/1.1" 200 22
101.80.230.31 - - [16/Apr/2024:12:14:20 +0800] "GET /xingrg/kc/buy/cgsh_order_operate.html?command=get_materiel&rest_code=00156&code=00101006065&supplier_code=00100012&order_time=2024-04-16 HTTP/1.1" 200 409
222.69.133.71 - - [16/Apr/2024:12:14:24 +0800] "GET /xingrg/check_reg.html?_=1713240865047 HTTP/1.1" 200 22
221.239.169.251 - - [16/Apr/2024:12:14:24 +0800] "GET /xingrg/all/function/internal_message.html?_=1713240861685&CODE_STATE=getMsg HTTP/1.1" 200 27
116.235.94.6 - - [16/Apr/2024:12:14:25 +0800] "GET /xingrg/all/function/internal_message.html?_=1713240863530&CODE_STATE=getMsg HTTP/1.1" 302 -
120.253.135.82 - - [16/Apr/2024:12:14:27 +0800] "GET /xingrg/kc/buy/cgsh_order_operate.html?command=get_materiel&rest_code=00101&code=00101019211&supplier_code=00100100&order_time=2024-04-16 HTTP/1.1" 200 446
222.69.133.71 - - [16/Apr/2024:12:14:29 +0800] "GET /xingrg/all/function/internal_message.html?_=1713240870313&CODE_STATE=getMsg HTTP/1.1" 200 27
101.80.230.31 - - [16/Apr/2024:12:14:31 +0800] "GET /xingrg/kc/buy/cgsh_order_operate.html?command=get_materiel&rest_code=00156&code=00101006027&supplier_code=00100012&order_time=2024-04-16 HTTP/1.1" 200 408
172.20.0.100 - - [16/Apr/2024:12:14:33 +0800] "GET /xingrg/all/function/internal_message.html?_=1713240877573&CODE_STATE=getMsg HTTP/1.1" 200 27
120.253.135.82 - - [16/Apr/2024:12:14:35 +0800] "GET /xingrg/all/function/internal_message.html?_=1713241054566&CODE_STATE=getMsg HTTP/1.1" 200 27
120.253.135.82 - - [16/Apr/2024:12:14:35 +0800] "GET /xingrg/check_reg.html?_=1713241054568 HTTP/1.1" 200 22
124.78.157.30 - - [16/Apr/2024:12:14:36 +0800] "GET /xingrg/all/function/internal_message.html?_=1713240876384&CODE_STATE=getMsg HTTP/1.1" 200 27
101.83.144.49 - - [16/Apr/2024:12:14:36 +0800] "GET /xingrg/all/function/internal_message.html?_=1713240635281&CODE_STATE=getMsg HTTP/1.1" 200 27
116.235.94.6 - - [16/Apr/2024:12:14:37 +0800] "GET /xingrg/all/function/internal_message.html?_=1713240909742&CODE_STATE=getMsg HTTP/1.1" 200 27
120.253.135.82 - - [16/Apr/2024:12:14:41 +0800] "GET /xingrg/kc/buy/cgsh_order_operate.html?command=get_materiel&rest_code=00101&code=00101019525&supplier_code=00100100&order_time=2024-04-16 HTTP/1.1" 200 421
116.232.193.34 - - [16/Apr/2024:12:14:42 +0800] "GET /xingrg/check_reg.html?_=1713240879683 HTTP/1.1" 200 22
180.169.147.146 - - [16/Apr/2024:12:14:43 +0800] "GET /xingrg/all/function/internal_message.html?_=1713240882152&CODE_STATE=getMsg HTTP/1.1" 200 27
116.232.193.34 - - [16/Apr/2024:12:14:45 +0800] "GET /xingrg/all/function/internal_message.html?_=1713240882340&CODE_STATE=getMsg HTTP/1.1" 200 27
101.80.230.31 - - [16/Apr/2024:12:14:45 +0800] "GET /xingrg/all/function/internal_message.html?_=1713240888174&CODE_STATE=getMsg HTTP/1.1" 200 27
101.80.230.31 - - [16/Apr/2024:12:14:46 +0800] "GET /xingrg/kc/buy/cgsh_order_operate.html?command=get_materiel&rest_code=00156&code=00101007076&supplier_code=00100012&order_time=2024-04-16 HTTP/1.1" 200 408
222.70.183.82 - - [16/Apr/2024:12:14:49 +0800] "GET /xingrg/all/function/internal_message.html?_=1713240889852&CODE_STATE=getMsg HTTP/1.1" 200 27
116.224.254.208 - - [16/Apr/2024:12:14:51 +0800] "GET /xingrg/all/function/internal_message.html?_=1713240891878&CODE_STATE=getMsg HTTP/1.1" 200 27
116.232.193.34 - - [16/Apr/2024:12:14:52 +0800] "GET /xingrg/all/function/internal_message.html?_=1713240889326&CODE_STATE=getMsg HTTP/1.1" 200 27
116.232.193.34 - - [16/Apr/2024:12:14:52 +0800] "GET /xingrg/check_reg.html?_=1713240889330 HTTP/1.1" 200 22
124.78.56.241 - - [16/Apr/2024:12:14:53 +0800] "GET /xingrg/all/function/internal_message.html?_=1713240893835&CODE_STATE=getMsg HTTP/1.1" 200 27
114.95.153.66 - - [16/Apr/2024:12:15:00 +0800] "GET /xingrg/all/function/internal_message.html?_=1713240902806&CODE_STATE=getMsg HTTP/1.1" 200 27
114.95.153.66 - - [16/Apr/2024:12:15:00 +0800] "GET /xingrg/check_reg.html?_=1713240902807 HTTP/1.1" 200 22
101.80.230.31 - - [16/Apr/2024:12:15:03 +0800] "GET /xingrg/kc/buy/cgsh_order_operate.html?command=get_materiel&rest_code=00156&code=00101007231&supplier_code=00100012&order_time=2024-04-16 HTTP/1.1" 200 408
180.164.1.25 - - [16/Apr/2024:12:15:04 +0800] "GET /xingrg/all/function/internal_message.html?_=1713240903866&CODE_STATE=getMsg HTTP/1.1" 200 27
114.83.223.178 - - [16/Apr/2024:12:15:09 +0800] "GET /xingrg/all/function/internal_message.html?_=1713240908608&CODE_STATE=getMsg HTTP/1.1" 200 27
180.169.147.146 - - [16/Apr/2024:12:15:19 +0800] "GET /xingrg/all/function/internal_message.html?_=1713240909480&CODE_STATE=getMsg HTTP/1.1" 200 27
221.239.169.251 - - [16/Apr/2024:12:15:24 +0800] "GET /xingrg/check_reg.html?_=1713240921687 HTTP/1.1" 200 22
221.239.169.251 - - [16/Apr/2024:12:15:24 +0800] "GET /xingrg/all/function/internal_message.html?_=1713240921690&CODE_STATE=getMsg HTTP/1.1" 200 27
116.235.94.6 - - [16/Apr/2024:12:15:25 +0800] "GET /xingrg/all/function/internal_message.html?_=1713240923525&CODE_STATE=getMsg HTTP/1.1" 302 -
116.235.94.6 - - [16/Apr/2024:12:15:25 +0800] "GET /xingrg/check_reg.html?_=1713240923764 HTTP/1.1" 302 -
222.69.133.71 - - [16/Apr/2024:12:15:29 +0800] "GET /xingrg/all/function/internal_message.html?_=1713240930308&CODE_STATE=getMsg HTTP/1.1" 200 27
172.20.0.100 - - [16/Apr/2024:12:15:33 +0800] "GET /xingrg/all/function/internal_message.html?_=1713240937571&CODE_STATE=getMsg HTTP/1.1" 200 27
120.253.135.82 - - [16/Apr/2024:12:15:35 +0800] "GET /xingrg/all/function/internal_message.html?_=1713241114571&CODE_STATE=getMsg HTTP/1.1" 200 27
124.78.157.30 - - [16/Apr/2024:12:15:36 +0800] "GET /xingrg/all/function/internal_message.html?_=1713240936387&CODE_STATE=getMsg HTTP/1.1" 200 27
101.83.144.49 - - [16/Apr/2024:12:15:36 +0800] "GET /xingrg/all/function/internal_message.html?_=1713240695282&CODE_STATE=getMsg HTTP/1.1" 200 27
180.163.28.114 - - [16/Apr/2024:12:15:37 +0800] "GET /xingrg/all/function/internal_message.html?_=1713240876384&CODE_STATE=getMsg HTTP/1.1" 302 -
180.163.28.114 - - [16/Apr/2024:12:15:37 +0800] "GET /xingrg/login.html HTTP/1.1" 200 7641
116.235.94.6 - - [16/Apr/2024:12:15:37 +0800] "GET /xingrg/all/function/internal_message.html?_=1713240969750&CODE_STATE=getMsg HTTP/1.1" 200 27
101.80.230.31 - - [16/Apr/2024:12:15:39 +0800] "GET /xingrg/kc/buy/cgsh_order_operate.html?command=get_materiel&rest_code=00156&code=00101009011&supplier_code=00100012&order_time=2024-04-16 HTTP/1.1" 200 416
180.169.147.146 - - [16/Apr/2024:12:15:43 +0800] "GET /xingrg/all/function/internal_message.html?_=1713240942143&CODE_STATE=getMsg HTTP/1.1" 200 27
116.232.193.34 - - [16/Apr/2024:12:15:45 +0800] "GET /xingrg/all/function/internal_message.html?_=1713240942329&CODE_STATE=getMsg HTTP/1.1" 200 27
101.80.230.31 - - [16/Apr/2024:12:15:45 +0800] "GET /xingrg/all/function/internal_message.html?_=1713240948177&CODE_STATE=getMsg HTTP/1.1" 200 27
101.80.230.31 - - [16/Apr/2024:12:15:45 +0800] "GET /xingrg/check_reg.html?_=1713240948178 HTTP/1.1" 200 22
101.80.230.31 - - [16/Apr/2024:12:15:47 +0800] "GET /xingrg/kc/buy/cgsh_order_operate.html?command=get_materiel&rest_code=00156&code=00101009015&supplier_code=00100012&order_time=2024-04-16 HTTP/1.1" 200 416
120.253.135.82 - - [16/Apr/2024:12:15:49 +0800] "GET /xingrg/all/function/internal_message.html?_=1713240796361&CODE_STATE=getMsg HTTP/1.1" 200 27
222.70.183.82 - - [16/Apr/2024:12:15:49 +0800] "GET /xingrg/all/function/internal_message.html?_=1713240949853&CODE_STATE=getMsg HTTP/1.1" 200 27
116.224.254.208 - - [16/Apr/2024:12:15:51 +0800] "GET /xingrg/all/function/internal_message.html?_=1713240951858&CODE_STATE=getMsg HTTP/1.1" 200 27
116.232.193.34 - - [16/Apr/2024:12:15:52 +0800] "GET /xingrg/all/function/internal_message.html?_=1713240949326&CODE_STATE=getMsg HTTP/1.1" 200 27
124.78.56.241 - - [16/Apr/2024:12:15:53 +0800] "GET /xingrg/all/function/internal_message.html?_=1713240953807&CODE_STATE=getMsg HTTP/1.1" 200 27
120.253.135.82 - - [16/Apr/2024:12:15:54 +0800] "POST /xingrg/kc/buy/cgsh_order_operate.html HTTP/1.1" 200 12
101.80.230.31 - - [16/Apr/2024:12:15:56 +0800] "GET /xingrg/kc/buy/cgsh_order_operate.html?command=get_materiel&rest_code=00156&code=00101009062&supplier_code=00100012&order_time=2024-04-16 HTTP/1.1" 200 412
114.95.153.66 - - [16/Apr/2024:12:16:00 +0800] "GET /xingrg/all/function/internal_message.html?_=1713240962812&CODE_STATE=getMsg HTTP/1.1" 200 27
180.169.147.146 - - [16/Apr/2024:12:16:04 +0800] "GET /xingrg/kc/report/report_main.html HTTP/1.1" 200 7340
180.164.1.25 - - [16/Apr/2024:12:16:04 +0800] "GET /xingrg/all/function/internal_message.html?_=1713240963855&CODE_STATE=getMsg HTTP/1.1" 200 27
180.169.147.146 - - [16/Apr/2024:12:16:04 +0800] "GET /xingrg/javascript/jquery_ui/themes/humanity/humanity.css HTTP/1.1" 200 27801
180.169.147.146 - - [16/Apr/2024:12:16:04 +0800] "GET /xingrg/javascript/json2.js HTTP/1.1" 200 11259
101.80.230.31 - - [16/Apr/2024:12:16:06 +0800] "GET /xingrg/kc/buy/cgsh_order_operate.html?command=get_materiel&rest_code=00156&code=00101009047&supplier_code=00100012&order_time=2024-04-16 HTTP/1.1" 200 409
114.83.223.178 - - [16/Apr/2024:12:16:09 +0800] "GET /xingrg/all/function/internal_message.html?_=1713240968578&CODE_STATE=getMsg HTTP/1.1" 200 27
101.80.230.31 - - [16/Apr/2024:12:16:17 +0800] "GET /xingrg/kc/buy/cgsh_order_operate.html?command=get_materiel&rest_code=00156&code=00101009010&supplier_code=00100012&order_time=2024-04-16 HTTP/1.1" 200 416
180.169.147.146 - - [16/Apr/2024:12:16:19 +0800] "GET /xingrg/all/function/internal_message.html?_=1713240969484&CODE_STATE=getMsg HTTP/1.1" 200 27
180.169.147.146 - - [16/Apr/2024:12:16:19 +0800] "GET /xingrg/kc/base/crk_hz.html HTTP/1.1" 200 11247
180.169.147.146 - - [16/Apr/2024:12:16:20 +0800] "GET /xingrg/javascript/step/step.css HTTP/1.1" 200 999
180.169.147.146 - - [16/Apr/2024:12:16:20 +0800] "GET /xingrg/css/table.css HTTP/1.1" 200 3684
180.169.147.146 - - [16/Apr/2024:12:16:20 +0800] "POST /xingrg/kc/cost/cost_operate.html?command=get_base_tree HTTP/1.1" 200 2725
180.169.147.146 - - [16/Apr/2024:12:16:20 +0800] "POST /xingrg/all/common/load_tree.html?tree=materiel_sort_tree_json HTTP/1.1" 200 9734
180.169.147.146 - - [16/Apr/2024:12:16:20 +0800] "GET /xingrg/javascript/jquery_easy_ui/themes/icons/search.png HTTP/1.1" 200 813
180.169.147.146 - - [16/Apr/2024:12:16:20 +0800] "GET /xingrg/javascript/jquery_easy_ui/themes/default/images/menu_downarrow.png HTTP/1.1" 200 173
180.169.147.146 - - [16/Apr/2024:12:16:20 +0800] "GET /xingrg/javascript/jquery_easy_ui/themes/icons/print.png HTTP/1.1" 200 1057
180.169.147.146 - - [16/Apr/2024:12:16:20 +0800] "GET /xingrg/javascript/jquery_easy_ui/themes/default/images/menu.gif HTTP/1.1" 200 834
180.169.147.146 - - [16/Apr/2024:12:16:20 +0800] "GET /xingrg/javascript/jquery_easy_ui/themes/default/images/combo_arrow_dot.gif HTTP/1.1" 200 79
180.169.147.146 - - [16/Apr/2024:12:16:20 +0800] "GET /xingrg/javascript/jquery_easy_ui/themes/default/images/calendar_prevmonth.gif HTTP/1.1" 200 66
180.169.147.146 - - [16/Apr/2024:12:16:20 +0800] "GET /xingrg/javascript/jquery_easy_ui/themes/default/images/calendar_nextmonth.gif HTTP/1.1" 200 64
180.169.147.146 - - [16/Apr/2024:12:16:20 +0800] "GET /xingrg/javascript/jquery_easy_ui/themes/default/images/calendar_prevyear.gif HTTP/1.1" 200 76
180.169.147.146 - - [16/Apr/2024:12:16:20 +0800] "GET /xingrg/javascript/jquery_easy_ui/themes/default/images/calendar_nextyear.gif HTTP/1.1" 200 75
120.253.135.82 - - [16/Apr/2024:12:16:23 +0800] "GET /xingrg/kc/buy/cgsh_order_info.html?code=212024041604138 HTTP/1.1" 200 67880
120.253.135.82 - - [16/Apr/2024:12:16:23 +0800] "GET /xingrg/javascript/easyui/themes/default/validatebox.css HTTP/1.1" 404 1104
221.239.169.251 - - [16/Apr/2024:12:16:24 +0800] "GET /xingrg/all/function/internal_message.html?_=1713240981689&CODE_STATE=getMsg HTTP/1.1" 200 27
120.253.135.82 - - [16/Apr/2024:12:16:24 +0800] "POST /xingrg/kc/buy/cgsh_order_operate.html HTTP/1.1" 200 1820
116.235.94.6 - - [16/Apr/2024:12:16:25 +0800] "GET /xingrg/all/function/internal_message.html?_=1713240983616&CODE_STATE=getMsg HTTP/1.1" 302 -
222.69.133.71 - - [16/Apr/2024:12:16:29 +0800] "GET /xingrg/all/function/internal_message.html?_=1713240990282&CODE_STATE=getMsg HTTP/1.1" 200 27
120.253.135.82 - - [16/Apr/2024:12:16:31 +0800] "GET /xingrg/kc/buy/cgsh_order_operate.html?command=get_materiel&rest_code=00101&code=00101019086&supplier_code=00100100&order_time=2024-04-16 HTTP/1.1" 200 411
172.20.0.100 - - [16/Apr/2024:12:16:33 +0800] "GET /xingrg/all/function/internal_message.html?_=1713240997569&CODE_STATE=getMsg HTTP/1.1" 200 27
120.253.135.82 - - [16/Apr/2024:12:16:35 +0800] "GET /xingrg/all/function/internal_message.html?_=1713241174576&CODE_STATE=getMsg HTTP/1.1" 200 27
124.78.157.30 - - [16/Apr/2024:12:16:36 +0800] "GET /xingrg/all/function/internal_message.html?_=1713240996389&CODE_STATE=getMsg HTTP/1.1" 200 27
101.83.144.49 - - [16/Apr/2024:12:16:36 +0800] "GET /xingrg/all/function/internal_message.html?_=1713240755283&CODE_STATE=getMsg HTTP/1.1" 200 27
101.83.144.49 - - [16/Apr/2024:12:16:36 +0800] "GET /xingrg/check_reg.html?_=1713240755286 HTTP/1.1" 200 22
180.163.30.76 - - [16/Apr/2024:12:16:37 +0800] "GET /xingrg/all/function/internal_message.html?_=1713240936387&CODE_STATE=getMsg HTTP/1.1" 302 -
180.163.30.76 - - [16/Apr/2024:12:16:37 +0800] "GET /xingrg/login.html HTTP/1.1" 200 7641
116.235.94.6 - - [16/Apr/2024:12:16:37 +0800] "GET /xingrg/check_reg.html?_=1713241029734 HTTP/1.1" 200 22
116.235.94.6 - - [16/Apr/2024:12:16:37 +0800] "GET /xingrg/all/function/internal_message.html?_=1713241029735&CODE_STATE=getMsg HTTP/1.1" 200 27
101.80.230.31 - - [16/Apr/2024:12:16:37 +0800] "GET /xingrg/kc/buy/cgsh_order_operate.html?command=get_materiel&rest_code=00156&code=00101009164&supplier_code=00100012&order_time=2024-04-16 HTTP/1.1" 200 415
180.169.147.146 - - [16/Apr/2024:12:16:43 +0800] "GET /xingrg/all/function/internal_message.html?_=1713241002159&CODE_STATE=getMsg HTTP/1.1" 200 27
116.232.193.34 - - [16/Apr/2024:12:16:45 +0800] "GET /xingrg/all/function/internal_message.html?_=1713241002313&CODE_STATE=getMsg HTTP/1.1" 200 27
101.80.230.31 - - [16/Apr/2024:12:16:45 +0800] "GET /xingrg/all/function/internal_message.html?_=1713241008179&CODE_STATE=getMsg HTTP/1.1" 200 27
180.163.30.76 - - [16/Apr/2024:12:16:46 +0800] "GET /xingrg/all/function/internal_message.html?_=1713240696387&CODE_STATE=getMsg HTTP/1.1" 302 -
180.163.30.76 - - [16/Apr/2024:12:16:46 +0800] "GET /xingrg/login.html HTTP/1.1" 200 7641
120.253.135.82 - - [16/Apr/2024:12:16:49 +0800] "GET /xingrg/all/function/internal_message.html?_=1713240856375&CODE_STATE=getMsg HTTP/1.1" 200 27
222.70.183.82 - - [16/Apr/2024:12:16:49 +0800] "GET /xingrg/check_reg.html?_=1713241009859 HTTP/1.1" 200 22
222.70.183.82 - - [16/Apr/2024:12:16:50 +0800] "GET /xingrg/all/function/internal_message.html?_=1713241009861&CODE_STATE=getMsg HTTP/1.1" 200 27
101.80.230.31 - - [16/Apr/2024:12:16:51 +0800] "GET /xingrg/kc/buy/cgsh_order_operate.html?command=get_materiel&rest_code=00156&code=00101009028&supplier_code=00100012&order_time=2024-04-16 HTTP/1.1" 200 409
116.224.254.208 - - [16/Apr/2024:12:16:51 +0800] "GET /xingrg/all/function/internal_message.html?_=1713241011829&CODE_STATE=getMsg HTTP/1.1" 200 27
116.232.193.34 - - [16/Apr/2024:12:16:52 +0800] "GET /xingrg/all/function/internal_message.html?_=1713241009328&CODE_STATE=getMsg HTTP/1.1" 200 27
124.78.56.241 - - [16/Apr/2024:12:16:53 +0800] "GET /xingrg/check_reg.html?_=1713241013349 HTTP/1.1" 200 22
124.78.56.241 - - [16/Apr/2024:12:16:53 +0800] "GET /xingrg/all/function/internal_message.html?_=1713241013802&CODE_STATE=getMsg HTTP/1.1" 200 27
101.80.230.31 - - [16/Apr/2024:12:16:59 +0800] "GET /xingrg/kc/buy/cgsh_order_operate.html?command=get_materiel&rest_code=00156&code=00101009044&supplier_code=00100012&order_time=2024-04-16 HTTP/1.1" 200 412
114.95.153.66 - - [16/Apr/2024:12:17:00 +0800] "GET /xingrg/all/function/internal_message.html?_=1713241022812&CODE_STATE=getMsg HTTP/1.1" 200 27
180.164.1.25 - - [16/Apr/2024:12:17:04 +0800] "GET /xingrg/all/function/internal_message.html?_=1713241023854&CODE_STATE=getMsg HTTP/1.1" 200 27
180.164.1.25 - - [16/Apr/2024:12:17:05 +0800] "GET /xingrg/check_reg.html?_=1713241025047 HTTP/1.1" 200 22
101.80.230.31 - - [16/Apr/2024:12:17:09 +0800] "GET /xingrg/kc/buy/cgsh_order_operate.html?command=get_materiel&rest_code=00156&code=00101009141&supplier_code=00100012&order_time=2024-04-16 HTTP/1.1" 200 413
114.83.223.178 - - [16/Apr/2024:12:17:09 +0800] "GET /xingrg/all/function/internal_message.html?_=1713241028548&CODE_STATE=getMsg HTTP/1.1" 200 27
120.253.135.82 - - [16/Apr/2024:12:17:10 +0800] "POST /xingrg/kc/buy/cgsh_list_operate.html HTTP/1.1" 200 1955
116.238.97.31 - - [16/Apr/2024:12:17:19 +0800] "GET /xingrg/all/function/internal_message.html?_=1713241039555&CODE_STATE=getMsg HTTP/1.1" 200 27
116.238.97.31 - - [16/Apr/2024:12:17:19 +0800] "GET /xingrg/check_reg.html?_=1713241039557 HTTP/1.1" 200 22
180.169.147.146 - - [16/Apr/2024:12:17:19 +0800] "GET /xingrg/all/function/internal_message.html?_=1713241029489&CODE_STATE=getMsg HTTP/1.1" 200 27
120.253.135.82 - - [16/Apr/2024:12:17:19 +0800] "POST /xingrg/kc/buy/cgsh_list_operate.html HTTP/1.1" 200 218
120.253.135.82 - - [16/Apr/2024:12:17:20 +0800] "GET /xingrg/kc/buy/cgsh_order_info.html?code=212024041604139 HTTP/1.1" 200 72980
120.253.135.82 - - [16/Apr/2024:12:17:21 +0800] "GET /xingrg/javascript/easyui/themes/default/validatebox.css HTTP/1.1" 404 1104
120.253.135.82 - - [16/Apr/2024:12:17:22 +0800] "POST /xingrg/kc/buy/cgsh_order_operate.html HTTP/1.1" 200 2704
221.239.169.251 - - [16/Apr/2024:12:17:24 +0800] "GET /xingrg/all/function/internal_message.html?_=1713241041689&CODE_STATE=getMsg HTTP/1.1" 200 27
116.235.94.6 - - [16/Apr/2024:12:17:25 +0800] "GET /xingrg/all/function/internal_message.html?_=1713241043594&CODE_STATE=getMsg HTTP/1.1" 302 -
120.253.135.82 - - [16/Apr/2024:12:17:26 +0800] "GET /xingrg/kc/print/load_data.html?order_code=212024041604139&kc_code=cgsh&condition= HTTP/1.1" 200 712
222.69.133.71 - - [16/Apr/2024:12:17:29 +0800] "GET /xingrg/all/function/internal_message.html?_=1713241050271&CODE_STATE=getMsg HTTP/1.1" 200 27
101.80.230.31 - - [16/Apr/2024:12:17:31 +0800] "POST /xingrg/kc/buy/cgsh_order_operate.html HTTP/1.1" 200 37
172.20.0.100 - - [16/Apr/2024:12:17:33 +0800] "GET /xingrg/all/function/internal_message.html?_=1713241057569&CODE_STATE=getMsg HTTP/1.1" 200 27
120.253.135.82 - - [16/Apr/2024:12:17:35 +0800] "GET /xingrg/all/function/internal_message.html?_=1713241234580&CODE_STATE=getMsg HTTP/1.1" 200 27
124.78.157.30 - - [16/Apr/2024:12:17:36 +0800] "GET /xingrg/check_reg.html?_=1713241056393 HTTP/1.1" 200 22
124.78.157.30 - - [16/Apr/2024:12:17:36 +0800] "GET /xingrg/all/function/internal_message.html?_=1713241056389&CODE_STATE=getMsg HTTP/1.1" 200 27
180.163.28.114 - - [16/Apr/2024:12:17:36 +0800] "GET /xingrg/all/function/internal_message.html?_=1713240996389&CODE_STATE=getMsg HTTP/1.1" 302 -
180.163.28.114 - - [16/Apr/2024:12:17:36 +0800] "GET /xingrg/login.html HTTP/1.1" 200 7641
101.83.144.49 - - [16/Apr/2024:12:17:36 +0800] "GET /xingrg/all/function/internal_message.html?_=1713240815286&CODE_STATE=getMsg HTTP/1.1" 200 27
116.235.94.6 - - [16/Apr/2024:12:17:37 +0800] "GET /xingrg/all/function/internal_message.html?_=1713241089733&CODE_STATE=getMsg HTTP/1.1" 200 27
120.253.135.82 - - [16/Apr/2024:12:17:39 +0800] "GET /xingrg/kc/buy/cgsh_order_operate.html?command=get_materiel&rest_code=00101&code=00101020055&supplier_code=00100100&order_time=2024-04-16 HTTP/1.1" 200 416
180.169.147.146 - - [16/Apr/2024:12:17:43 +0800] "GET /xingrg/check_reg.html?_=1713241062136 HTTP/1.1" 200 22
180.169.147.146 - - [16/Apr/2024:12:17:43 +0800] "GET /xingrg/all/function/internal_message.html?_=1713241062138&CODE_STATE=getMsg HTTP/1.1" 200 27
116.232.193.34 - - [16/Apr/2024:12:17:45 +0800] "GET /xingrg/all/function/internal_message.html?_=1713241062299&CODE_STATE=getMsg HTTP/1.1" 200 27
120.253.135.82 - - [16/Apr/2024:12:17:49 +0800] "GET /xingrg/check_reg.html?_=1713240916327 HTTP/1.1" 200 22
120.253.135.82 - - [16/Apr/2024:12:17:49 +0800] "GET /xingrg/all/function/internal_message.html?_=1713240916388&CODE_STATE=getMsg HTTP/1.1" 200 27
222.70.183.82 - - [16/Apr/2024:12:17:49 +0800] "GET /xingrg/all/function/internal_message.html?_=1713241069846&CODE_STATE=getMsg HTTP/1.1" 200 27
116.224.254.208 - - [16/Apr/2024:12:17:51 +0800] "GET /xingrg/all/function/internal_message.html?_=1713241071828&CODE_STATE=getMsg HTTP/1.1" 200 27
116.232.193.34 - - [16/Apr/2024:12:17:52 +0800] "GET /xingrg/all/function/internal_message.html?_=1713241069329&CODE_STATE=getMsg HTTP/1.1" 200 27
116.224.254.208 - - [16/Apr/2024:12:17:53 +0800] "GET /xingrg/check_reg.html?_=1713241073396 HTTP/1.1" 200 22
124.78.56.241 - - [16/Apr/2024:12:17:53 +0800] "GET /xingrg/all/function/internal_message.html?_=1713241073774&CODE_STATE=getMsg HTTP/1.1" 200 27
114.95.153.66 - - [16/Apr/2024:12:18:00 +0800] "GET /xingrg/all/function/internal_message.html?_=1713241082811&CODE_STATE=getMsg HTTP/1.1" 200 27
101.80.230.31 - - [16/Apr/2024:12:18:02 +0800] "GET /xingrg/all/function/internal_message.html?_=1713241084769&CODE_STATE=getMsg HTTP/1.1" 200 27
180.164.1.25 - - [16/Apr/2024:12:18:04 +0800] "GET /xingrg/all/function/internal_message.html?_=1713241083835&CODE_STATE=getMsg HTTP/1.1" 200 27
120.253.135.82 - - [16/Apr/2024:12:18:04 +0800] "POST /xingrg/kc/buy/cgsh_order_operate.html HTTP/1.1" 200 37
101.80.230.31 - - [16/Apr/2024:12:18:04 +0800] "POST /xingrg/kc/buy/cgsh_order_operate.html HTTP/1.1" 200 12158
101.80.230.31 - - [16/Apr/2024:12:18:06 +0800] "GET /xingrg/kc/print/load_config.html?kc_code=cgsh HTTP/1.1" 200 1927
101.80.230.31 - - [16/Apr/2024:12:18:07 +0800] "GET /xingrg/kc/print/load_data.html?order_code=212024041604142&kc_code=cgsh&condition= HTTP/1.1" 200 4368
114.83.223.178 - - [16/Apr/2024:12:18:08 +0800] "GET /xingrg/check_reg.html?_=1713241088331 HTTP/1.1" 200 22
114.83.223.178 - - [16/Apr/2024:12:18:09 +0800] "GET /xingrg/all/function/internal_message.html?_=1713241088524&CODE_STATE=getMsg HTTP/1.1" 200 27
120.253.135.82 - - [16/Apr/2024:12:18:09 +0800] "POST /xingrg/kc/buy/cgsh_order_operate.html HTTP/1.1" 200 6308
101.80.230.31 - - [16/Apr/2024:12:18:12 +0800] "GET /xingrg/kc/buy/cgsh_order_add.html HTTP/1.1" 200 74025
101.80.230.31 - - [16/Apr/2024:12:18:13 +0800] "GET /xingrg/words/20240416101849_words.js HTTP/1.1" 304 -
101.80.230.31 - - [16/Apr/2024:12:18:13 +0800] "POST /xingrg/kc/buy/cgsh_order_operate.html HTTP/1.1" 200 8245
101.80.230.31 - - [16/Apr/2024:12:18:13 +0800] "GET /xingrg/javascript/easyui/themes/default/validatebox.css HTTP/1.1" 404 1104
101.80.230.31 - - [16/Apr/2024:12:18:13 +0800] "GET /xingrg/all/common/auto_word.html?type=employee&rest_code=00156 HTTP/1.1" 200 47
101.80.230.31 - - [16/Apr/2024:12:18:13 +0800] "GET /xingrg/all/common/auto_word.html?type=employee&rest_code=00156 HTTP/1.1" 200 47
116.238.97.31 - - [16/Apr/2024:12:18:19 +0800] "GET /xingrg/all/function/internal_message.html?_=1713241099530&CODE_STATE=getMsg HTTP/1.1" 200 27
180.169.147.146 - - [16/Apr/2024:12:18:19 +0800] "GET /xingrg/all/function/internal_message.html?_=1713241089488&CODE_STATE=getMsg HTTP/1.1" 200 27
218.81.220.69 - - [16/Apr/2024:12:18:20 +0800] "GET /xingrg/javascript/jquery_easy_ui/themes/default/images/button_plain_hover.png HTTP/1.1" 304 -
218.81.220.69 - - [16/Apr/2024:12:18:20 +0800] "GET /xingrg/javascript/jquery_easy_ui/themes/default/images/button_plain_hover.png HTTP/1.1" 304 -
101.80.230.31 - - [16/Apr/2024:12:18:21 +0800] "GET /xingrg/kc/buy/cgsh_order_operate.html?command=get_materiel&rest_code=00156&code=00101008568&supplier_code=00100450&order_time=2024-04-16 HTTP/1.1" 200 413
218.81.220.69 - - [16/Apr/2024:12:18:21 +0800] "GET /xingrg/all/function/internal_message.html?_=1713241104266&CODE_STATE=getMsg HTTP/1.1" 302 -
218.81.220.69 - - [16/Apr/2024:12:18:21 +0800] "GET /xingrg/login.html HTTP/1.1" 200 7641
218.81.220.69 - - [16/Apr/2024:12:18:21 +0800] "GET /xingrg/check_reg.html?_=1713241104284 HTTP/1.1" 302 -
221.239.169.251 - - [16/Apr/2024:12:18:24 +0800] "GET /xingrg/all/function/internal_message.html?_=1713241101689&CODE_STATE=getMsg HTTP/1.1" 200 27
116.235.94.6 - - [16/Apr/2024:12:18:25 +0800] "GET /xingrg/all/function/internal_message.html?_=1713241103574&CODE_STATE=getMsg HTTP/1.1" 302 -
218.81.220.69 - - [16/Apr/2024:12:18:26 +0800] "GET /favicon.ico HTTP/1.1" 404 -
180.163.30.85 - - [16/Apr/2024:12:18:28 +0800] "GET /xingrg/kc/base/wldb_order_operate.html?command=get_materiel&rest_code=00106&base_code=0010396&code=00101019400 HTTP/1.1" 302 -
180.163.30.85 - - [16/Apr/2024:12:18:29 +0800] "GET /xingrg/login.html HTTP/1.1" 200 7641
222.69.133.71 - - [16/Apr/2024:12:18:29 +0800] "GET /xingrg/all/function/internal_message.html?_=1713241110259&CODE_STATE=getMsg HTTP/1.1" 200 27
218.81.220.69 - - [16/Apr/2024:12:18:29 +0800] "GET /xingrg/login.html HTTP/1.1" 200 7641
218.81.220.69 - - [16/Apr/2024:12:18:29 +0800] "GET /xingrg/images/blue/jxLogo.png HTTP/1.1" 304 -
218.81.220.69 - - [16/Apr/2024:12:18:29 +0800] "GET /xingrg/images/blue/login_bg.png HTTP/1.1" 304 -
218.81.220.69 - - [16/Apr/2024:12:18:29 +0800] "GET /xingrg/images/blue/hj.png HTTP/1.1" 304 -
218.81.220.69 - - [16/Apr/2024:12:18:29 +0800] "GET /xingrg/images/blue/srbg.png HTTP/1.1" 304 -
218.81.220.69 - - [16/Apr/2024:12:18:29 +0800] "GET /favicon.ico HTTP/1.1" 404 -
101.80.230.31 - - [16/Apr/2024:12:18:30 +0800] "GET /xingrg/kc/buy/cgsh_order_operate.html?command=get_materiel&rest_code=00156&code=00101008509&supplier_code=00100450&order_time=2024-04-16 HTTP/1.1" 200 410
172.20.0.100 - - [16/Apr/2024:12:18:33 +0800] "GET /xingrg/all/function/internal_message.html?_=1713241117567&CODE_STATE=getMsg HTTP/1.1" 200 27
172.20.0.100 - - [16/Apr/2024:12:18:33 +0800] "GET /xingrg/check_reg.html?_=1713241117568 HTTP/1.1" 200 22
120.253.135.82 - - [16/Apr/2024:12:18:35 +0800] "GET /xingrg/kc/buy/cgsh_order_operate.html?command=get_materiel&rest_code=00101&code=00101019113&supplier_code=00100100&order_time=2024-04-16 HTTP/1.1" 200 425
218.81.220.69 - - [16/Apr/2024:12:18:35 +0800] "POST /xingrg/login.do HTTP/1.1" 302 -
218.81.220.69 - - [16/Apr/2024:12:18:35 +0800] "GET /xingrg/index.html?sysBaseUrl=http%3A%2F%2F180.169.147.146%3A18081%2Fxingrg%2F&costTime=862×tamp=1713241115042 HTTP/1.1" 200 17179
218.81.220.69 - - [16/Apr/2024:12:18:35 +0800] "GET /xingrg/javascript/jquery_easy_ui/themes/default/easyui.css HTTP/1.1" 304 -
218.81.220.69 - - [16/Apr/2024:12:18:35 +0800] "GET /xingrg/javascript/jquery_easy_ui/themes/icon.css HTTP/1.1" 304 -
218.81.220.69 - - [16/Apr/2024:12:18:35 +0800] "GET /xingrg/css/form.css HTTP/1.1" 304 -
218.81.220.69 - - [16/Apr/2024:12:18:35 +0800] "GET /xingrg/javascript/jquery.form.js HTTP/1.1" 304 -
218.81.220.69 - - [16/Apr/2024:12:18:35 +0800] "GET /xingrg/javascript/jquery-1.4.2.min.js HTTP/1.1" 304 -
218.81.220.69 - - [16/Apr/2024:12:18:35 +0800] "GET /xingrg/javascript/jquery_easy_ui/jquery.easyui.min.js HTTP/1.1" 304 -
218.81.220.69 - - [16/Apr/2024:12:18:35 +0800] "GET /xingrg/javascript/jquery.timers.js HTTP/1.1" 304 -
218.81.220.69 - - [16/Apr/2024:12:18:35 +0800] "GET /xingrg/javascript/jquery_easy_ui/easyui-lang-zh_CN.js HTTP/1.1" 304 -
218.81.220.69 - - [16/Apr/2024:12:18:35 +0800] "GET /xingrg/javascript/jquery.utils.js HTTP/1.1" 304 -
218.81.220.69 - - [16/Apr/2024:12:18:35 +0800] "GET /favicon.ico HTTP/1.1" 404 -
218.81.220.69 - - [16/Apr/2024:12:18:35 +0800] "GET /xingrg/images/blue/navBackgound.jpg HTTP/1.1" 304 -
218.81.220.69 - - [16/Apr/2024:12:18:35 +0800] "GET /xingrg/javascript/jquery_easy_ui/themes/icons/settle_new.png HTTP/1.1" 304 -
218.81.220.69 - - [16/Apr/2024:12:18:35 +0800] "GET /xingrg/images/blue/pingpu.png HTTP/1.1" 304 -
218.81.220.69 - - [16/Apr/2024:12:18:35 +0800] "GET /xingrg/javascript/jquery_easy_ui/themes/default/images/tabs_leftarrow.png HTTP/1.1" 304 -
218.81.220.69 - - [16/Apr/2024:12:18:35 +0800] "GET /xingrg/javascript/jquery_easy_ui/themes/default/images/tabs_rightarrow.png HTTP/1.1" 304 -
218.81.220.69 - - [16/Apr/2024:12:18:35 +0800] "GET /xingrg/javascript/jquery_easy_ui/themes/default/images/panel_tool_collapse.gif HTTP/1.1" 304 -
218.81.220.69 - - [16/Apr/2024:12:18:35 +0800] "GET /xingrg/check_reg.html?_=1713241118033 HTTP/1.1" 200 22
218.81.220.69 - - [16/Apr/2024:12:18:35 +0800] "GET /xingrg/all/function/internal_message.html?_=1713241118032&CODE_STATE=count HTTP/1.1" 200 11
218.81.220.69 - - [16/Apr/2024:12:18:35 +0800] "POST /xingrg/all/common/load_tree.html?tree=area_rest_tree_json&manage=1 HTTP/1.1" 200 479
218.81.220.69 - - [16/Apr/2024:12:18:35 +0800] "GET /xingrg/javascript/jquery_easy_ui/themes/default/images/tree_arrows.gif HTTP/1.1" 304 -
218.81.220.69 - - [16/Apr/2024:12:18:35 +0800] "POST /xingrg/load_menu.html HTTP/1.1" 200 5138
218.81.220.69 - - [16/Apr/2024:12:18:35 +0800] "GET /xingrg/javascript/jquery_easy_ui/themes/default/images/tree_folder_open.gif HTTP/1.1" 304 -
218.81.220.69 - - [16/Apr/2024:12:18:35 +0800] "GET /xingrg/javascript/jquery_easy_ui/themes/icons/search_new.png HTTP/1.1" 304 -
218.81.220.69 - - [16/Apr/2024:12:18:35 +0800] "GET /xingrg/javascript/jquery_easy_ui/themes/default/images/tree_folder.gif HTTP/1.1" 304 -
218.81.220.69 - - [16/Apr/2024:12:18:35 +0800] "GET /xingrg/javascript/jquery_easy_ui/themes/icons/storage_new.png HTTP/1.1" 304 -
218.81.220.69 - - [16/Apr/2024:12:18:35 +0800] "GET /xingrg/javascript/jquery_easy_ui/themes/icons/forms_new.png HTTP/1.1" 304 -
218.81.220.69 - - [16/Apr/2024:12:18:35 +0800] "GET /xingrg/javascript/jquery_easy_ui/themes/default/images/tree_file.gif HTTP/1.1" 304 -
