221.239.169.251 - - [16/Apr/2024:10:32:24 +0800] "GET /xingrg/all/function/internal_message.html?_=1713234741616&CODE_STATE=getMsg HTTP/1.1" 200 27
116.235.94.6 - - [16/Apr/2024:10:32:26 +0800] "GET /xingrg/all/function/internal_message.html?_=1713234744200&CODE_STATE=getMsg HTTP/1.1" 302 -
114.83.223.178 - - [16/Apr/2024:10:32:26 +0800] "GET /xingrg/kc/buy/cgsh_order_operate.html?command=get_materiel&rest_code=00149&code=00101028011&supplier_code=00100019&order_time=2024-04-15 HTTP/1.1" 200 454
180.164.1.25 - - [16/Apr/2024:10:32:31 +0800] "GET /xingrg/all/function/internal_message.html?_=1713234750645&CODE_STATE=getMsg HTTP/1.1" 200 27
222.69.133.71 - - [16/Apr/2024:10:32:31 +0800] "GET /xingrg/all/function/internal_message.html?_=1713234752233&CODE_STATE=getMsg HTTP/1.1" 200 27
172.20.0.100 - - [16/Apr/2024:10:32:33 +0800] "GET /xingrg/all/function/internal_message.html?_=1713234757474&CODE_STATE=getMsg HTTP/1.1" 200 27
120.253.135.82 - - [16/Apr/2024:10:32:37 +0800] "GET /xingrg/check_reg.html?_=1713234603808 HTTP/1.1" 200 22
120.253.135.82 - - [16/Apr/2024:10:32:37 +0800] "GET /xingrg/all/function/internal_message.html?_=1713234603995&CODE_STATE=getMsg HTTP/1.1" 200 27
116.235.94.6 - - [16/Apr/2024:10:32:37 +0800] "GET /xingrg/all/function/internal_message.html?_=1713234789577&CODE_STATE=getMsg HTTP/1.1" 200 27
101.83.144.49 - - [16/Apr/2024:10:32:38 +0800] "GET /xingrg/all/function/internal_message.html?_=1713234516524&CODE_STATE=getMsg HTTP/1.1" 200 27
114.83.223.178 - - [16/Apr/2024:10:32:41 +0800] "GET /xingrg/kc/buy/cgsh_order_operate.html?command=get_materiel&rest_code=00149&code=00101029005&supplier_code=00100019&order_time=2024-04-15 HTTP/1.1" 200 436
180.169.147.146 - - [16/Apr/2024:10:32:43 +0800] "GET /xingrg/all/function/internal_message.html?_=1713234762155&CODE_STATE=getMsg HTTP/1.1" 200 27
180.169.147.146 - - [16/Apr/2024:10:32:43 +0800] "GET /xingrg/check_reg.html?_=1713234762157 HTTP/1.1" 200 22
222.70.183.82 - - [16/Apr/2024:10:32:49 +0800] "GET /xingrg/all/function/internal_message.html?_=1713234769781&CODE_STATE=getMsg HTTP/1.1" 200 27
114.83.223.178 - - [16/Apr/2024:10:32:53 +0800] "GET /xingrg/kc/buy/cgsh_order_operate.html?command=get_materiel&rest_code=00149&code=00101027017&supplier_code=00100019&order_time=2024-04-15 HTTP/1.1" 200 443
116.224.254.208 - - [16/Apr/2024:10:32:53 +0800] "GET /xingrg/all/function/internal_message.html?_=1713234773719&CODE_STATE=getMsg HTTP/1.1" 200 27
116.224.254.208 - - [16/Apr/2024:10:32:53 +0800] "GET /xingrg/check_reg.html?_=1713234773720 HTTP/1.1" 200 22
101.80.230.31 - - [16/Apr/2024:10:32:53 +0800] "GET /xingrg/all/function/internal_message.html?_=1713234776006&CODE_STATE=getMsg HTTP/1.1" 302 -
114.83.223.178 - - [16/Apr/2024:10:32:59 +0800] "GET /xingrg/all/function/internal_message.html?_=1713234778869&CODE_STATE=getMsg HTTP/1.1" 200 27
114.83.223.178 - - [16/Apr/2024:10:32:59 +0800] "GET /xingrg/check_reg.html?_=1713234778988 HTTP/1.1" 200 22
180.163.29.219 - - [16/Apr/2024:10:33:02 +0800] "GET /xingrg/all/function/internal_message.html?_=1713232276558&CODE_STATE=getMsg HTTP/1.1" 302 -
180.163.29.219 - - [16/Apr/2024:10:33:02 +0800] "GET /xingrg/login.html HTTP/1.1" 200 7641
114.83.223.178 - - [16/Apr/2024:10:33:09 +0800] "GET /xingrg/kc/buy/cgsh_order_operate.html?command=get_materiel&rest_code=00149&code=00101029022&supplier_code=00100019&order_time=2024-04-15 HTTP/1.1" 200 452
116.238.97.31 - - [16/Apr/2024:10:33:13 +0800] "GET /xingrg/all/function/internal_message.html?_=1713234792652&CODE_STATE=getMsg HTTP/1.1" 200 27
116.232.193.34 - - [16/Apr/2024:10:33:15 +0800] "GET /xingrg/all/function/internal_message.html?_=1713234793203&CODE_STATE=getMsg HTTP/1.1" 200 27
124.78.157.30 - - [16/Apr/2024:10:33:16 +0800] "GET /xingrg/all/function/internal_message.html?_=1713234795612&CODE_STATE=getMsg HTTP/1.1" 200 27
120.253.135.82 - - [16/Apr/2024:10:33:23 +0800] "GET /xingrg/kc/pszx/jzcl_ps.html HTTP/1.1" 200 7683
120.253.135.82 - - [16/Apr/2024:10:33:23 +0800] "GET /xingrg/javascript/step/step.css HTTP/1.1" 304 -
120.253.135.82 - - [16/Apr/2024:10:33:23 +0800] "GET /xingrg/css/table.css HTTP/1.1" 304 -
221.239.169.251 - - [16/Apr/2024:10:33:24 +0800] "GET /xingrg/all/function/internal_message.html?_=1713234801614&CODE_STATE=getMsg HTTP/1.1" 200 27
114.83.223.178 - - [16/Apr/2024:10:33:24 +0800] "POST /xingrg/kc/buy/cgsh_order_operate.html HTTP/1.1" 200 37
120.253.135.82 - - [16/Apr/2024:10:33:24 +0800] "POST /xingrg/all/common/load_tree.html?tree=area_rest_tree_json HTTP/1.1" 200 3624
120.253.135.82 - - [16/Apr/2024:10:33:24 +0800] "POST /xingrg/kc/pszx/jzcl_ps_operate.html HTTP/1.1" 200 397
120.253.135.82 - - [16/Apr/2024:10:33:24 +0800] "POST /xingrg/kc/pszx/jzcl_ps_operate.html HTTP/1.1" 200 397
116.235.94.6 - - [16/Apr/2024:10:33:25 +0800] "GET /xingrg/all/function/internal_message.html?_=1713234804181&CODE_STATE=getMsg HTTP/1.1" 302 -
180.164.1.25 - - [16/Apr/2024:10:33:31 +0800] "GET /xingrg/all/function/internal_message.html?_=1713234810657&CODE_STATE=getMsg HTTP/1.1" 200 27
120.253.135.82 - - [16/Apr/2024:10:33:31 +0800] "POST /xingrg/kc/pszx/jzcl_ps_operate.html HTTP/1.1" 200 4
222.69.133.71 - - [16/Apr/2024:10:33:31 +0800] "GET /xingrg/all/function/internal_message.html?_=1713234812208&CODE_STATE=getMsg HTTP/1.1" 200 27
120.253.135.82 - - [16/Apr/2024:10:33:31 +0800] "GET /xingrg/javascript/step/images/navBtn.gif HTTP/1.1" 304 -
120.253.135.82 - - [16/Apr/2024:10:33:31 +0800] "GET /xingrg/javascript/step/images/navBtn.gif HTTP/1.1" 304 -
172.20.0.100 - - [16/Apr/2024:10:33:33 +0800] "GET /xingrg/check_reg.html?_=1713234817474 HTTP/1.1" 200 22
172.20.0.100 - - [16/Apr/2024:10:33:33 +0800] "GET /xingrg/all/function/internal_message.html?_=1713234817475&CODE_STATE=getMsg HTTP/1.1" 200 27
120.253.135.82 - - [16/Apr/2024:10:33:33 +0800] "POST /xingrg/kc/pszx/jzcl_ps_operate.html HTTP/1.1" 200 21
120.253.135.82 - - [16/Apr/2024:10:33:33 +0800] "GET /xingrg/kc/pszx/mdps_order_list.html HTTP/1.1" 200 21033
120.253.135.82 - - [16/Apr/2024:10:33:34 +0800] "POST /xingrg/kc/pszx/mdps_list_operate.html HTTP/1.1" 200 5334
114.83.223.178 - - [16/Apr/2024:10:33:36 +0800] "POST /xingrg/kc/buy/cgsh_order_operate.html HTTP/1.1" 200 12
180.164.1.25 - - [16/Apr/2024:10:33:36 +0800] "GET /favicon.ico HTTP/1.1" 404 -
120.253.135.82 - - [16/Apr/2024:10:33:37 +0800] "GET /xingrg/all/function/internal_message.html?_=1713234664008&CODE_STATE=getMsg HTTP/1.1" 200 27
116.235.94.6 - - [16/Apr/2024:10:33:37 +0800] "GET /xingrg/all/function/internal_message.html?_=1713234849576&CODE_STATE=getMsg HTTP/1.1" 200 27
101.83.144.49 - - [16/Apr/2024:10:33:38 +0800] "GET /xingrg/all/function/internal_message.html?_=1713234576510&CODE_STATE=getMsg HTTP/1.1" 200 27
114.83.223.178 - - [16/Apr/2024:10:33:38 +0800] "GET /xingrg/kc/buy/cgsh_order_info.html?code=212024041604091 HTTP/1.1" 200 68904
114.83.223.178 - - [16/Apr/2024:10:33:38 +0800] "GET /xingrg/words/20240416101849_words.js HTTP/1.1" 304 -
114.83.223.178 - - [16/Apr/2024:10:33:39 +0800] "GET /xingrg/javascript/easyui/themes/default/validatebox.css HTTP/1.1" 404 1104
114.83.223.178 - - [16/Apr/2024:10:33:40 +0800] "POST /xingrg/kc/buy/cgsh_order_operate.html HTTP/1.1" 200 3110
114.83.223.178 - - [16/Apr/2024:10:33:41 +0800] "GET /xingrg/kc/print/load_data.html?order_code=212024041604091&kc_code=cgsh&condition= HTTP/1.1" 200 1807
120.253.135.82 - - [16/Apr/2024:10:33:42 +0800] "POST /xingrg/kc/pszx/mdps_list_operate.html HTTP/1.1" 200 3132
180.169.147.146 - - [16/Apr/2024:10:33:43 +0800] "GET /xingrg/all/function/internal_message.html?_=1713234822151&CODE_STATE=getMsg HTTP/1.1" 200 27
120.253.135.82 - - [16/Apr/2024:10:33:45 +0800] "POST /xingrg/kc/pszx/mdps_list_operate.html HTTP/1.1" 200 208
120.253.135.82 - - [16/Apr/2024:10:33:47 +0800] "POST /xingrg/kc/pszx/mdps_list_operate.html HTTP/1.1" 200 452
120.253.135.82 - - [16/Apr/2024:10:33:48 +0800] "POST /xingrg/kc/pszx/mdps_list_operate.html HTTP/1.1" 200 640
222.70.183.82 - - [16/Apr/2024:10:33:49 +0800] "GET /xingrg/all/function/internal_message.html?_=1713234829779&CODE_STATE=getMsg HTTP/1.1" 200 27
120.253.135.82 - - [16/Apr/2024:10:33:50 +0800] "POST /xingrg/kc/pszx/mdps_list_operate.html HTTP/1.1" 200 641
120.253.135.82 - - [16/Apr/2024:10:33:52 +0800] "POST /xingrg/kc/pszx/mdps_list_operate.html HTTP/1.1" 200 593
116.224.254.208 - - [16/Apr/2024:10:33:53 +0800] "GET /xingrg/all/function/internal_message.html?_=1713234833726&CODE_STATE=getMsg HTTP/1.1" 200 27
101.80.230.31 - - [16/Apr/2024:10:33:53 +0800] "GET /xingrg/all/function/internal_message.html?_=1713234836004&CODE_STATE=getMsg HTTP/1.1" 302 -
114.83.223.178 - - [16/Apr/2024:10:33:56 +0800] "GET /xingrg/kc/buy/cgsh_order_add.html HTTP/1.1" 200 74034
114.83.223.178 - - [16/Apr/2024:10:33:57 +0800] "POST /xingrg/kc/buy/cgsh_order_operate.html HTTP/1.1" 200 8245
114.83.223.178 - - [16/Apr/2024:10:33:57 +0800] "GET /xingrg/javascript/easyui/themes/default/validatebox.css HTTP/1.1" 404 1104
114.83.223.178 - - [16/Apr/2024:10:33:59 +0800] "GET /xingrg/all/function/internal_message.html?_=1713234838846&CODE_STATE=getMsg HTTP/1.1" 200 27
101.83.144.49 - - [16/Apr/2024:10:34:09 +0800] "GET /xingrg/kc/buy/cgsh_order_operate.html?command=get_materiel&rest_code=00105&code=00101007181&supplier_code=00100096&order_time=2024-04-16 HTTP/1.1" 200 412
120.253.135.82 - - [16/Apr/2024:10:34:12 +0800] "POST /xingrg/kc/pszx/mdps_list_operate.html HTTP/1.1" 200 3857
116.238.97.31 - - [16/Apr/2024:10:34:13 +0800] "GET /xingrg/all/function/internal_message.html?_=1713234852654&CODE_STATE=getMsg HTTP/1.1" 200 27
120.253.135.82 - - [16/Apr/2024:10:34:14 +0800] "POST /xingrg/kc/pszx/mdps_list_operate.html HTTP/1.1" 200 435
116.232.193.34 - - [16/Apr/2024:10:34:15 +0800] "GET /xingrg/all/function/internal_message.html?_=1713234853198&CODE_STATE=getMsg HTTP/1.1" 200 27
180.163.30.27 - - [16/Apr/2024:10:34:16 +0800] "GET /xingrg/all/function/internal_message.html?_=1713234555716&CODE_STATE=getMsg HTTP/1.1" 302 -
124.78.157.30 - - [16/Apr/2024:10:34:16 +0800] "GET /xingrg/all/function/internal_message.html?_=1713234855587&CODE_STATE=getMsg HTTP/1.1" 200 27
180.163.30.27 - - [16/Apr/2024:10:34:16 +0800] "GET /xingrg/login.html HTTP/1.1" 200 7641
120.253.135.82 - - [16/Apr/2024:10:34:17 +0800] "POST /xingrg/kc/pszx/mdps_list_operate.html HTTP/1.1" 200 299
120.253.135.82 - - [16/Apr/2024:10:34:21 +0800] "POST /xingrg/kc/pszx/mdps_list_operate.html HTTP/1.1" 200 598
120.253.135.82 - - [16/Apr/2024:10:34:23 +0800] "POST /xingrg/kc/pszx/mdps_list_operate.html HTTP/1.1" 200 208
221.239.169.251 - - [16/Apr/2024:10:34:24 +0800] "GET /xingrg/all/function/internal_message.html?_=1713234861630&CODE_STATE=getMsg HTTP/1.1" 200 27
222.69.133.71 - - [16/Apr/2024:10:34:24 +0800] "GET /xingrg/check_reg.html?_=1713234865031 HTTP/1.1" 200 22
120.253.135.82 - - [16/Apr/2024:10:34:24 +0800] "POST /xingrg/kc/pszx/mdps_list_operate.html HTTP/1.1" 200 432
116.235.94.6 - - [16/Apr/2024:10:34:25 +0800] "GET /xingrg/all/function/internal_message.html?_=1713234864153&CODE_STATE=getMsg HTTP/1.1" 302 -
120.253.135.82 - - [16/Apr/2024:10:34:26 +0800] "POST /xingrg/kc/pszx/mdps_list_operate.html HTTP/1.1" 200 653
120.253.135.82 - - [16/Apr/2024:10:34:29 +0800] "GET /xingrg/kc/pszx/mdps_order_info.html?code=312024041500227 HTTP/1.1" 200 23972
120.253.135.82 - - [16/Apr/2024:10:34:29 +0800] "GET /xingrg/javascript/jquery_tools/order_manager.js HTTP/1.1" 304 -
120.253.135.82 - - [16/Apr/2024:10:34:29 +0800] "GET /xingrg/javascript/convert.js HTTP/1.1" 304 -
120.253.135.82 - - [16/Apr/2024:10:34:29 +0800] "GET /xingrg/javascript/json2.js HTTP/1.1" 304 -
120.253.135.82 - - [16/Apr/2024:10:34:29 +0800] "GET /xingrg/words/20240416101849_words.js HTTP/1.1" 200 1018235
120.253.135.82 - - [16/Apr/2024:10:34:30 +0800] "GET /xingrg/javascript/easyui/themes/default/validatebox.css HTTP/1.1" 404 1104
120.253.135.82 - - [16/Apr/2024:10:34:30 +0800] "GET /xingrg/javascript/easyui/plugins/jquery.validatebox.js HTTP/1.1" 304 -
120.253.135.82 - - [16/Apr/2024:10:34:30 +0800] "GET /xingrg/javascript/easyui/plugins/jquery.numberbox.js HTTP/1.1" 304 -
120.253.135.82 - - [16/Apr/2024:10:34:30 +0800] "GET /xingrg/all/common/auto_word.html?type=base&rest_code=00101 HTTP/1.1" 200 671
120.253.135.82 - - [16/Apr/2024:10:34:30 +0800] "POST /xingrg/kc/pszx/mdps_order_operate.html HTTP/1.1" 200 15561
180.164.1.25 - - [16/Apr/2024:10:34:31 +0800] "GET /xingrg/all/function/internal_message.html?_=1713234870655&CODE_STATE=getMsg HTTP/1.1" 200 27
222.69.133.71 - - [16/Apr/2024:10:34:31 +0800] "GET /xingrg/all/function/internal_message.html?_=1713234872190&CODE_STATE=getMsg HTTP/1.1" 200 27
172.20.0.100 - - [16/Apr/2024:10:34:33 +0800] "GET /xingrg/all/function/internal_message.html?_=1713234877473&CODE_STATE=getMsg HTTP/1.1" 200 27
120.253.135.82 - - [16/Apr/2024:10:34:37 +0800] "GET /xingrg/all/function/internal_message.html?_=1713234724023&CODE_STATE=getMsg HTTP/1.1" 200 27
101.83.144.49 - - [16/Apr/2024:10:34:37 +0800] "GET /xingrg/kc/buy/cgsh_order_operate.html?command=get_materiel&rest_code=00105&code=00101007022&supplier_code=00100096&order_time=2024-04-16 HTTP/1.1" 200 415
116.235.94.6 - - [16/Apr/2024:10:34:37 +0800] "GET /xingrg/all/function/internal_message.html?_=1713234909575&CODE_STATE=getMsg HTTP/1.1" 200 27
101.83.144.49 - - [16/Apr/2024:10:34:38 +0800] "GET /xingrg/all/function/internal_message.html?_=1713234636480&CODE_STATE=getMsg HTTP/1.1" 200 27
180.169.147.146 - - [16/Apr/2024:10:34:43 +0800] "GET /xingrg/all/function/internal_message.html?_=1713234882146&CODE_STATE=getMsg HTTP/1.1" 200 27
180.163.29.234 - - [16/Apr/2024:10:34:44 +0800] "GET /xingrg/all/function/internal_message.html?_=1713232336534&CODE_STATE=getMsg HTTP/1.1" 302 -
180.163.29.234 - - [16/Apr/2024:10:34:44 +0800] "GET /xingrg/login.html HTTP/1.1" 200 7641
222.70.183.82 - - [16/Apr/2024:10:34:49 +0800] "GET /xingrg/all/function/internal_message.html?_=1713234889780&CODE_STATE=getMsg HTTP/1.1" 200 27
116.224.254.208 - - [16/Apr/2024:10:34:53 +0800] "GET /xingrg/all/function/internal_message.html?_=1713234893720&CODE_STATE=getMsg HTTP/1.1" 200 27
101.80.230.31 - - [16/Apr/2024:10:34:53 +0800] "GET /xingrg/all/function/internal_message.html?_=1713234895997&CODE_STATE=getMsg HTTP/1.1" 302 -
101.80.230.31 - - [16/Apr/2024:10:34:53 +0800] "GET /xingrg/check_reg.html?_=1713234896005 HTTP/1.1" 302 -
114.83.223.178 - - [16/Apr/2024:10:34:59 +0800] "GET /xingrg/all/function/internal_message.html?_=1713234898838&CODE_STATE=getMsg HTTP/1.1" 200 27
116.238.97.31 - - [16/Apr/2024:10:35:13 +0800] "GET /xingrg/all/function/internal_message.html?_=1713234912653&CODE_STATE=getMsg HTTP/1.1" 200 27
116.232.193.34 - - [16/Apr/2024:10:35:15 +0800] "GET /xingrg/all/function/internal_message.html?_=1713234913202&CODE_STATE=getMsg HTTP/1.1" 200 27
124.78.157.30 - - [16/Apr/2024:10:35:16 +0800] "GET /xingrg/all/function/internal_message.html?_=1713234915556&CODE_STATE=getMsg HTTP/1.1" 200 27
124.78.157.30 - - [16/Apr/2024:10:35:17 +0800] "GET /xingrg/check_reg.html?_=1713234916557 HTTP/1.1" 200 22
221.239.169.251 - - [16/Apr/2024:10:35:24 +0800] "GET /xingrg/check_reg.html?_=1713234921629 HTTP/1.1" 200 22
221.239.169.251 - - [16/Apr/2024:10:35:24 +0800] "GET /xingrg/all/function/internal_message.html?_=1713234921632&CODE_STATE=getMsg HTTP/1.1" 200 27
116.235.94.6 - - [16/Apr/2024:10:35:25 +0800] "GET /xingrg/check_reg.html?_=1713234923734 HTTP/1.1" 302 -
116.235.94.6 - - [16/Apr/2024:10:35:25 +0800] "GET /xingrg/all/function/internal_message.html?_=1713234924138&CODE_STATE=getMsg HTTP/1.1" 302 -
180.164.1.25 - - [16/Apr/2024:10:35:31 +0800] "GET /xingrg/all/function/internal_message.html?_=1713234930650&CODE_STATE=getMsg HTTP/1.1" 200 27
222.69.133.71 - - [16/Apr/2024:10:35:31 +0800] "GET /xingrg/all/function/internal_message.html?_=1713234932168&CODE_STATE=getMsg HTTP/1.1" 200 27
172.20.0.100 - - [16/Apr/2024:10:35:33 +0800] "GET /xingrg/all/function/internal_message.html?_=1713234937471&CODE_STATE=getMsg HTTP/1.1" 200 27
180.163.28.114 - - [16/Apr/2024:10:35:35 +0800] "GET /xingrg/check_reg.html?_=1713234616563 HTTP/1.1" 302 -
180.163.28.114 - - [16/Apr/2024:10:35:35 +0800] "GET /xingrg/login.html HTTP/1.1" 200 7641
120.253.135.82 - - [16/Apr/2024:10:35:37 +0800] "GET /xingrg/all/function/internal_message.html?_=1713234784067&CODE_STATE=getMsg HTTP/1.1" 200 27
116.235.94.6 - - [16/Apr/2024:10:35:37 +0800] "GET /xingrg/all/function/internal_message.html?_=1713234969574&CODE_STATE=getMsg HTTP/1.1" 200 27
101.83.144.49 - - [16/Apr/2024:10:35:38 +0800] "GET /xingrg/all/function/internal_message.html?_=1713234696460&CODE_STATE=getMsg HTTP/1.1" 200 27
180.169.147.146 - - [16/Apr/2024:10:35:43 +0800] "GET /xingrg/all/function/internal_message.html?_=1713234942137&CODE_STATE=getMsg HTTP/1.1" 200 27
222.70.183.82 - - [16/Apr/2024:10:35:49 +0800] "GET /xingrg/all/function/internal_message.html?_=1713234949779&CODE_STATE=getMsg HTTP/1.1" 200 27
116.224.254.208 - - [16/Apr/2024:10:35:53 +0800] "GET /xingrg/all/function/internal_message.html?_=1713234953723&CODE_STATE=getMsg HTTP/1.1" 200 27
101.80.230.31 - - [16/Apr/2024:10:35:53 +0800] "GET /xingrg/all/function/internal_message.html?_=1713234956004&CODE_STATE=getMsg HTTP/1.1" 302 -
101.83.144.49 - - [16/Apr/2024:10:35:54 +0800] "GET /xingrg/kc/buy/cgsh_order_operate.html?command=get_materiel&rest_code=00105&code=00101006111&supplier_code=00100096&order_time=2024-04-16 HTTP/1.1" 200 409
114.83.223.178 - - [16/Apr/2024:10:35:59 +0800] "GET /xingrg/all/function/internal_message.html?_=1713234958825&CODE_STATE=getMsg HTTP/1.1" 200 27
116.238.97.31 - - [16/Apr/2024:10:36:13 +0800] "GET /xingrg/check_reg.html?_=1713234972659 HTTP/1.1" 200 22
116.238.97.31 - - [16/Apr/2024:10:36:13 +0800] "GET /xingrg/all/function/internal_message.html?_=1713234972663&CODE_STATE=getMsg HTTP/1.1" 200 27
116.232.193.34 - - [16/Apr/2024:10:36:15 +0800] "GET /xingrg/all/function/internal_message.html?_=1713234973197&CODE_STATE=getMsg HTTP/1.1" 200 27
124.78.157.30 - - [16/Apr/2024:10:36:16 +0800] "GET /xingrg/all/function/internal_message.html?_=1713234975532&CODE_STATE=getMsg HTTP/1.1" 200 27
221.239.169.251 - - [16/Apr/2024:10:36:24 +0800] "GET /xingrg/all/function/internal_message.html?_=1713234981629&CODE_STATE=getMsg HTTP/1.1" 200 27
101.83.144.49 - - [16/Apr/2024:10:36:25 +0800] "GET /xingrg/kc/buy/cgsh_order_operate.html?command=get_materiel&rest_code=00105&code=00101006065&supplier_code=00100096&order_time=2024-04-16 HTTP/1.1" 200 409
116.235.94.6 - - [16/Apr/2024:10:36:25 +0800] "GET /xingrg/all/function/internal_message.html?_=1713234984133&CODE_STATE=getMsg HTTP/1.1" 302 -
180.164.1.25 - - [16/Apr/2024:10:36:31 +0800] "GET /xingrg/check_reg.html?_=1713234990653 HTTP/1.1" 200 22
180.164.1.25 - - [16/Apr/2024:10:36:31 +0800] "GET /xingrg/all/function/internal_message.html?_=1713234990655&CODE_STATE=getMsg HTTP/1.1" 200 27
222.69.133.71 - - [16/Apr/2024:10:36:31 +0800] "GET /xingrg/all/function/internal_message.html?_=1713234992147&CODE_STATE=getMsg HTTP/1.1" 200 27
172.20.0.100 - - [16/Apr/2024:10:36:33 +0800] "GET /xingrg/all/function/internal_message.html?_=1713234997495&CODE_STATE=getMsg HTTP/1.1" 200 27
101.83.144.49 - - [16/Apr/2024:10:36:36 +0800] "GET /xingrg/check_reg.html?_=1713234755162 HTTP/1.1" 200 22
120.253.135.82 - - [16/Apr/2024:10:36:37 +0800] "GET /xingrg/all/function/internal_message.html?_=1713234844090&CODE_STATE=getMsg HTTP/1.1" 200 27
116.235.94.6 - - [16/Apr/2024:10:36:37 +0800] "GET /xingrg/all/function/internal_message.html?_=1713235029572&CODE_STATE=getMsg HTTP/1.1" 200 27
116.235.94.6 - - [16/Apr/2024:10:36:37 +0800] "GET /xingrg/check_reg.html?_=1713235029573 HTTP/1.1" 200 22
101.83.144.49 - - [16/Apr/2024:10:36:37 +0800] "GET /xingrg/all/function/internal_message.html?_=1713234756434&CODE_STATE=getMsg HTTP/1.1" 200 27
180.169.147.146 - - [16/Apr/2024:10:36:43 +0800] "GET /xingrg/all/function/internal_message.html?_=1713235002154&CODE_STATE=getMsg HTTP/1.1" 200 27
180.163.28.180 - - [16/Apr/2024:10:36:43 +0800] "GET /xingrg/all/function/internal_message.html?_=1713234795612&CODE_STATE=getMsg HTTP/1.1" 302 -
180.163.28.180 - - [16/Apr/2024:10:36:43 +0800] "GET /xingrg/login.html HTTP/1.1" 200 7641
101.83.144.49 - - [16/Apr/2024:10:36:45 +0800] "GET /xingrg/kc/buy/cgsh_order_operate.html?command=get_materiel&rest_code=00105&code=00101006252&supplier_code=00100096&order_time=2024-04-16 HTTP/1.1" 200 409
222.70.183.82 - - [16/Apr/2024:10:36:49 +0800] "GET /xingrg/all/function/internal_message.html?_=1713235009772&CODE_STATE=getMsg HTTP/1.1" 200 27
222.70.183.82 - - [16/Apr/2024:10:36:49 +0800] "GET /xingrg/check_reg.html?_=1713235009774 HTTP/1.1" 200 22
222.70.183.82 - - [16/Apr/2024:10:36:50 +0800] "GET /xingrg/kc/buy/cgsh_order_add.html HTTP/1.1" 200 73902
222.70.183.82 - - [16/Apr/2024:10:36:51 +0800] "GET /xingrg/words/20240416101849_words.js HTTP/1.1" 200 1018235
222.70.183.82 - - [16/Apr/2024:10:36:51 +0800] "POST /xingrg/kc/buy/cgsh_order_operate.html HTTP/1.1" 200 8245
222.70.183.82 - - [16/Apr/2024:10:36:51 +0800] "GET /xingrg/javascript/easyui/themes/default/validatebox.css HTTP/1.1" 404 1104
116.224.254.208 - - [16/Apr/2024:10:36:53 +0800] "GET /xingrg/all/function/internal_message.html?_=1713235013722&CODE_STATE=getMsg HTTP/1.1" 200 27
101.80.230.31 - - [16/Apr/2024:10:36:53 +0800] "GET /xingrg/all/function/internal_message.html?_=1713235015995&CODE_STATE=getMsg HTTP/1.1" 302 -
114.83.223.178 - - [16/Apr/2024:10:36:59 +0800] "GET /xingrg/all/function/internal_message.html?_=1713235018810&CODE_STATE=getMsg HTTP/1.1" 200 27
222.70.183.82 - - [16/Apr/2024:10:37:02 +0800] "GET /xingrg/kc/buy/cgsh_order_operate.html?command=get_materiel&rest_code=00111&code=00101002048&supplier_code=00100042&order_time=2024-04-16 HTTP/1.1" 200 413
116.238.97.31 - - [16/Apr/2024:10:37:13 +0800] "GET /xingrg/all/function/internal_message.html?_=1713235032666&CODE_STATE=getMsg HTTP/1.1" 200 27
116.232.193.34 - - [16/Apr/2024:10:37:15 +0800] "GET /xingrg/all/function/internal_message.html?_=1713235033203&CODE_STATE=getMsg HTTP/1.1" 200 27
116.232.193.34 - - [16/Apr/2024:10:37:15 +0800] "GET /xingrg/check_reg.html?_=1713235033208 HTTP/1.1" 200 22
124.78.157.30 - - [16/Apr/2024:10:37:16 +0800] "GET /xingrg/all/function/internal_message.html?_=1713235035504&CODE_STATE=getMsg HTTP/1.1" 200 27
116.224.254.208 - - [16/Apr/2024:10:37:21 +0800] "GET /xingrg/kc/base/wldb_order_list.html HTTP/1.1" 200 19057
116.224.254.208 - - [16/Apr/2024:10:37:22 +0800] "POST /xingrg/kc/base/wldb_list_operate.html HTTP/1.1" 200 928
116.224.254.208 - - [16/Apr/2024:10:37:22 +0800] "GET /xingrg/kc/base/wldb_order_add.html HTTP/1.1" 200 30388
116.224.254.208 - - [16/Apr/2024:10:37:22 +0800] "GET /xingrg/words/20240416101849_words.js HTTP/1.1" 304 -
116.224.254.208 - - [16/Apr/2024:10:37:23 +0800] "POST /xingrg/kc/base/wldb_order_operate.html HTTP/1.1" 200 6806
116.224.254.208 - - [16/Apr/2024:10:37:23 +0800] "GET /xingrg/all/common/auto_word.html?type=base&rest_code=00150 HTTP/1.1" 200 1853
116.224.254.208 - - [16/Apr/2024:10:37:23 +0800] "GET /xingrg/all/common/auto_word.html?type=base&rest_code=00150 HTTP/1.1" 200 1853
116.224.254.208 - - [16/Apr/2024:10:37:23 +0800] "GET /xingrg/javascript/easyui/themes/default/validatebox.css HTTP/1.1" 404 1104
221.239.169.251 - - [16/Apr/2024:10:37:24 +0800] "GET /xingrg/all/function/internal_message.html?_=1713235041637&CODE_STATE=getMsg HTTP/1.1" 200 27
116.235.94.6 - - [16/Apr/2024:10:37:25 +0800] "GET /xingrg/all/function/internal_message.html?_=1713235044127&CODE_STATE=getMsg HTTP/1.1" 302 -
116.224.254.208 - - [16/Apr/2024:10:37:30 +0800] "GET /xingrg/kc/base/wldb_order_operate.html?command=get_materiel&rest_code=00150&base_code=0010445&code=00101019187 HTTP/1.1" 200 479
180.164.1.25 - - [16/Apr/2024:10:37:31 +0800] "GET /xingrg/all/function/internal_message.html?_=1713235050652&CODE_STATE=getMsg HTTP/1.1" 200 27
222.69.133.71 - - [16/Apr/2024:10:37:31 +0800] "GET /xingrg/all/function/internal_message.html?_=1713235052120&CODE_STATE=getMsg HTTP/1.1" 200 27
172.20.0.100 - - [16/Apr/2024:10:37:33 +0800] "GET /xingrg/all/function/internal_message.html?_=1713235057494&CODE_STATE=getMsg HTTP/1.1" 200 27
116.224.254.208 - - [16/Apr/2024:10:37:35 +0800] "GET /xingrg/kc/base/wldb_order_operate.html?command=get_materiel&rest_code=00150&base_code=0010445&code=00101019195 HTTP/1.1" 200 472
120.253.135.82 - - [16/Apr/2024:10:37:37 +0800] "GET /xingrg/check_reg.html?_=1713234903813 HTTP/1.1" 200 22
120.253.135.82 - - [16/Apr/2024:10:37:37 +0800] "GET /xingrg/all/function/internal_message.html?_=1713234904094&CODE_STATE=getMsg HTTP/1.1" 200 27
116.235.94.6 - - [16/Apr/2024:10:37:37 +0800] "GET /xingrg/all/function/internal_message.html?_=1713235089571&CODE_STATE=getMsg HTTP/1.1" 200 27
101.83.144.49 - - [16/Apr/2024:10:37:37 +0800] "GET /xingrg/all/function/internal_message.html?_=1713234816419&CODE_STATE=getMsg HTTP/1.1" 200 27
180.169.147.146 - - [16/Apr/2024:10:37:43 +0800] "GET /xingrg/all/function/internal_message.html?_=1713235062153&CODE_STATE=getMsg HTTP/1.1" 200 27
180.169.147.146 - - [16/Apr/2024:10:37:43 +0800] "GET /xingrg/check_reg.html?_=1713235062154 HTTP/1.1" 200 22
180.163.30.27 - - [16/Apr/2024:10:37:49 +0800] "GET /xingrg/all/function/internal_message.html?_=1713232456502&CODE_STATE=getMsg HTTP/1.1" 302 -
180.163.30.27 - - [16/Apr/2024:10:37:49 +0800] "GET /xingrg/login.html HTTP/1.1" 200 7641
222.70.183.82 - - [16/Apr/2024:10:37:49 +0800] "GET /xingrg/all/function/internal_message.html?_=1713235069793&CODE_STATE=getMsg HTTP/1.1" 200 27
101.80.230.31 - - [16/Apr/2024:10:37:53 +0800] "GET /xingrg/all/function/internal_message.html?_=1713235076000&CODE_STATE=getMsg HTTP/1.1" 302 -
116.224.254.208 - - [16/Apr/2024:10:37:55 +0800] "POST /xingrg/kc/base/wldb_order_operate.html HTTP/1.1" 200 37
114.83.223.178 - - [16/Apr/2024:10:37:58 +0800] "GET /xingrg/kc/buy/cgsh_order_operate.html?command=get_materiel&rest_code=00149&code=00102003086&supplier_code=00100075&order_time=2024-04-15 HTTP/1.1" 200 409
114.83.223.178 - - [16/Apr/2024:10:37:59 +0800] "GET /xingrg/all/function/internal_message.html?_=1713235078786&CODE_STATE=getMsg HTTP/1.1" 200 27
114.83.223.178 - - [16/Apr/2024:10:37:59 +0800] "GET /xingrg/check_reg.html?_=1713235078994 HTTP/1.1" 200 22
116.224.254.208 - - [16/Apr/2024:10:38:01 +0800] "POST /xingrg/kc/base/wldb_order_operate.html HTTP/1.1" 200 12
116.224.254.208 - - [16/Apr/2024:10:38:01 +0800] "POST /xingrg/kc/base/wldb_order_operate.html HTTP/1.1" 200 2729
124.78.157.30 - - [16/Apr/2024:10:38:01 +0800] "GET /xingrg/kc/buy/cgsh_order_operate.html?command=get_materiel&rest_code=00106&code=00101016080&supplier_code=00100096&order_time=2024-04-16 HTTP/1.1" 200 408
116.224.254.208 - - [16/Apr/2024:10:38:02 +0800] "GET /xingrg/kc/base/wldb_order_info.html?code=422024041600959 HTTP/1.1" 200 26267
116.224.254.208 - - [16/Apr/2024:10:38:03 +0800] "GET /xingrg/javascript/easyui/themes/default/validatebox.css HTTP/1.1" 404 1104
116.224.254.208 - - [16/Apr/2024:10:38:03 +0800] "POST /xingrg/kc/base/wldb_order_operate.html HTTP/1.1" 200 1013
116.238.97.31 - - [16/Apr/2024:10:38:13 +0800] "GET /xingrg/all/function/internal_message.html?_=1713235092667&CODE_STATE=getMsg HTTP/1.1" 200 27
114.83.223.178 - - [16/Apr/2024:10:38:15 +0800] "POST /xingrg/kc/buy/cgsh_order_operate.html HTTP/1.1" 200 37
116.232.193.34 - - [16/Apr/2024:10:38:15 +0800] "GET /xingrg/all/function/internal_message.html?_=1713235093215&CODE_STATE=getMsg HTTP/1.1" 200 27
124.78.157.30 - - [16/Apr/2024:10:38:16 +0800] "GET /xingrg/all/function/internal_message.html?_=1713235095476&CODE_STATE=getMsg HTTP/1.1" 200 27
180.163.30.100 - - [16/Apr/2024:10:38:16 +0800] "GET /xingrg/all/function/internal_message.html?_=1713232516488&CODE_STATE=getMsg HTTP/1.1" 302 -
180.163.30.100 - - [16/Apr/2024:10:38:16 +0800] "GET /xingrg/login.html HTTP/1.1" 200 7641
124.78.157.30 - - [16/Apr/2024:10:38:19 +0800] "POST /xingrg/kc/buy/cgsh_order_operate.html HTTP/1.1" 200 88
221.239.169.251 - - [16/Apr/2024:10:38:24 +0800] "GET /xingrg/all/function/internal_message.html?_=1713235101632&CODE_STATE=getMsg HTTP/1.1" 200 27
114.83.223.178 - - [16/Apr/2024:10:38:25 +0800] "POST /xingrg/kc/buy/cgsh_order_operate.html HTTP/1.1" 200 12
116.235.94.6 - - [16/Apr/2024:10:38:25 +0800] "GET /xingrg/all/function/internal_message.html?_=1713235104119&CODE_STATE=getMsg HTTP/1.1" 302 -
114.83.223.178 - - [16/Apr/2024:10:38:28 +0800] "GET /xingrg/kc/buy/cgsh_order_info.html?code=212024041604092 HTTP/1.1" 200 68910
114.83.223.178 - - [16/Apr/2024:10:38:28 +0800] "GET /xingrg/words/20240416101849_words.js HTTP/1.1" 304 -
114.83.223.178 - - [16/Apr/2024:10:38:29 +0800] "GET /xingrg/javascript/easyui/themes/default/validatebox.css HTTP/1.1" 404 1104
114.83.223.178 - - [16/Apr/2024:10:38:30 +0800] "POST /xingrg/kc/buy/cgsh_order_operate.html HTTP/1.1" 200 605
180.164.1.25 - - [16/Apr/2024:10:38:31 +0800] "GET /xingrg/all/function/internal_message.html?_=1713235110651&CODE_STATE=getMsg HTTP/1.1" 200 27
222.69.133.71 - - [16/Apr/2024:10:38:31 +0800] "GET /xingrg/all/function/internal_message.html?_=1713235112101&CODE_STATE=getMsg HTTP/1.1" 200 27
172.20.0.100 - - [16/Apr/2024:10:38:33 +0800] "GET /xingrg/all/function/internal_message.html?_=1713235117492&CODE_STATE=getMsg HTTP/1.1" 200 27
172.20.0.100 - - [16/Apr/2024:10:38:33 +0800] "GET /xingrg/check_reg.html?_=1713235117493 HTTP/1.1" 200 22
116.224.254.208 - - [16/Apr/2024:10:38:33 +0800] "GET /xingrg/kc/base/wldb_order_add.html HTTP/1.1" 200 30388
116.224.254.208 - - [16/Apr/2024:10:38:33 +0800] "POST /xingrg/kc/base/wldb_order_operate.html HTTP/1.1" 200 6806
116.224.254.208 - - [16/Apr/2024:10:38:34 +0800] "GET /xingrg/javascript/easyui/themes/default/validatebox.css HTTP/1.1" 404 1104
124.78.157.30 - - [16/Apr/2024:10:38:34 +0800] "POST /xingrg/kc/buy/cgsh_order_operate.html HTTP/1.1" 200 37
114.83.223.178 - - [16/Apr/2024:10:38:34 +0800] "GET /xingrg/kc/print/load_data.html?order_code=212024041604092&kc_code=cgsh&condition= HTTP/1.1" 200 717
120.253.135.82 - - [16/Apr/2024:10:38:37 +0800] "GET /xingrg/all/function/internal_message.html?_=1713234964109&CODE_STATE=getMsg HTTP/1.1" 200 27
116.235.94.6 - - [16/Apr/2024:10:38:37 +0800] "GET /xingrg/all/function/internal_message.html?_=1713235149586&CODE_STATE=getMsg HTTP/1.1" 200 27
101.83.144.49 - - [16/Apr/2024:10:38:37 +0800] "GET /xingrg/all/function/internal_message.html?_=1713234876389&CODE_STATE=getMsg HTTP/1.1" 200 27
180.169.147.146 - - [16/Apr/2024:10:38:43 +0800] "GET /xingrg/all/function/internal_message.html?_=1713235122149&CODE_STATE=getMsg HTTP/1.1" 200 27
124.78.157.30 - - [16/Apr/2024:10:38:47 +0800] "POST /xingrg/kc/buy/cgsh_order_operate.html HTTP/1.1" 200 2652
222.70.183.82 - - [16/Apr/2024:10:38:49 +0800] "GET /xingrg/all/function/internal_message.html?_=1713235129785&CODE_STATE=getMsg HTTP/1.1" 200 27
116.224.254.208 - - [16/Apr/2024:10:38:52 +0800] "GET /xingrg/kc/base/wldb_order_operate.html?command=get_materiel&rest_code=00150&base_code=0010445&code=00101019074 HTTP/1.1" 200 470
116.224.254.208 - - [16/Apr/2024:10:38:53 +0800] "GET /xingrg/all/function/internal_message.html?_=1713235133734&CODE_STATE=getMsg HTTP/1.1" 200 27
101.80.230.31 - - [16/Apr/2024:10:38:53 +0800] "GET /xingrg/all/function/internal_message.html?_=1713235136001&CODE_STATE=getMsg HTTP/1.1" 302 -
116.224.254.208 - - [16/Apr/2024:10:38:57 +0800] "GET /xingrg/kc/base/wldb_order_operate.html?command=get_materiel&rest_code=00150&base_code=0010445&code=00101019056 HTTP/1.1" 200 476
114.83.223.178 - - [16/Apr/2024:10:38:59 +0800] "GET /xingrg/all/function/internal_message.html?_=1713235138762&CODE_STATE=getMsg HTTP/1.1" 200 27
116.224.254.208 - - [16/Apr/2024:10:39:11 +0800] "POST /xingrg/kc/base/wldb_order_operate.html HTTP/1.1" 200 37
116.238.97.31 - - [16/Apr/2024:10:39:13 +0800] "GET /xingrg/all/function/internal_message.html?_=1713235152658&CODE_STATE=getMsg HTTP/1.1" 200 27
116.232.193.34 - - [16/Apr/2024:10:39:15 +0800] "GET /xingrg/all/function/internal_message.html?_=1713235153214&CODE_STATE=getMsg HTTP/1.1" 200 27
124.78.157.30 - - [16/Apr/2024:10:39:16 +0800] "GET /xingrg/all/function/internal_message.html?_=1713235155450&CODE_STATE=getMsg HTTP/1.1" 200 27
116.224.254.208 - - [16/Apr/2024:10:39:18 +0800] "POST /xingrg/kc/base/wldb_order_operate.html HTTP/1.1" 200 12
116.224.254.208 - - [16/Apr/2024:10:39:18 +0800] "POST /xingrg/kc/base/wldb_order_operate.html HTTP/1.1" 200 2720
116.224.254.208 - - [16/Apr/2024:10:39:19 +0800] "GET /xingrg/kc/base/wldb_order_info.html?code=422024041600960 HTTP/1.1" 200 26266
116.224.254.208 - - [16/Apr/2024:10:39:19 +0800] "GET /xingrg/words/20240416101849_words.js HTTP/1.1" 304 -
116.224.254.208 - - [16/Apr/2024:10:39:20 +0800] "GET /xingrg/javascript/easyui/themes/default/validatebox.css HTTP/1.1" 404 1104
116.224.254.208 - - [16/Apr/2024:10:39:20 +0800] "POST /xingrg/kc/base/wldb_order_operate.html HTTP/1.1" 200 1005
221.239.169.251 - - [16/Apr/2024:10:39:24 +0800] "GET /xingrg/all/function/internal_message.html?_=1713235161632&CODE_STATE=getMsg HTTP/1.1" 200 27
222.69.133.71 - - [16/Apr/2024:10:39:24 +0800] "GET /xingrg/check_reg.html?_=1713235165041 HTTP/1.1" 200 22
116.235.94.6 - - [16/Apr/2024:10:39:25 +0800] "GET /xingrg/all/function/internal_message.html?_=1713235164106&CODE_STATE=getMsg HTTP/1.1" 302 -
114.83.223.178 - - [16/Apr/2024:10:39:30 +0800] "GET /xingrg/kc/buy/cgsh_order_add.html HTTP/1.1" 200 74034
180.164.1.25 - - [16/Apr/2024:10:39:31 +0800] "GET /xingrg/all/function/internal_message.html?_=1713235170649&CODE_STATE=getMsg HTTP/1.1" 200 27
222.69.133.71 - - [16/Apr/2024:10:39:31 +0800] "GET /xingrg/all/function/internal_message.html?_=1713235172089&CODE_STATE=getMsg HTTP/1.1" 200 27
114.83.223.178 - - [16/Apr/2024:10:39:31 +0800] "GET /xingrg/javascript/easyui/themes/default/validatebox.css HTTP/1.1" 404 1104
114.83.223.178 - - [16/Apr/2024:10:39:31 +0800] "POST /xingrg/kc/buy/cgsh_order_operate.html HTTP/1.1" 200 8245
172.20.0.100 - - [16/Apr/2024:10:39:33 +0800] "GET /xingrg/all/function/internal_message.html?_=1713235177491&CODE_STATE=getMsg HTTP/1.1" 200 27
120.253.135.82 - - [16/Apr/2024:10:39:37 +0800] "GET /xingrg/all/function/internal_message.html?_=1713235024121&CODE_STATE=getMsg HTTP/1.1" 200 27
116.235.94.6 - - [16/Apr/2024:10:39:37 +0800] "GET /xingrg/all/function/internal_message.html?_=1713235209583&CODE_STATE=getMsg HTTP/1.1" 200 27
101.83.144.49 - - [16/Apr/2024:10:39:37 +0800] "GET /xingrg/all/function/internal_message.html?_=1713234936364&CODE_STATE=getMsg HTTP/1.1" 200 27
116.238.97.31 - - [16/Apr/2024:10:39:41 +0800] "GET /xingrg/check_reg.html?_=1713235182264 HTTP/1.1" 200 22
116.238.97.31 - - [16/Apr/2024:10:39:41 +0800] "GET /xingrg/all/function/internal_message.html?_=1713235182262&CODE_STATE=getMsg HTTP/1.1" 200 27
180.169.147.146 - - [16/Apr/2024:10:39:43 +0800] "GET /xingrg/all/function/internal_message.html?_=1713235182135&CODE_STATE=getMsg HTTP/1.1" 200 27
116.224.254.208 - - [16/Apr/2024:10:39:45 +0800] "GET /xingrg/kc/base/wldb_order_add.html HTTP/1.1" 200 30388
116.224.254.208 - - [16/Apr/2024:10:39:45 +0800] "POST /xingrg/kc/base/wldb_order_operate.html HTTP/1.1" 200 6806
116.224.254.208 - - [16/Apr/2024:10:39:45 +0800] "GET /xingrg/javascript/easyui/themes/default/validatebox.css HTTP/1.1" 404 1104
114.83.223.178 - - [16/Apr/2024:10:39:45 +0800] "GET /xingrg/kc/buy/cgsh_order_operate.html?command=get_materiel&rest_code=00149&code=00101006334&supplier_code=00100558&order_time=2024-04-15 HTTP/1.1" 200 414
222.70.183.82 - - [16/Apr/2024:10:39:49 +0800] "GET /xingrg/all/function/internal_message.html?_=1713235189789&CODE_STATE=getMsg HTTP/1.1" 200 27
101.80.230.31 - - [16/Apr/2024:10:39:51 +0800] "GET /favicon.ico HTTP/1.1" 404 -
116.224.254.208 - - [16/Apr/2024:10:39:53 +0800] "GET /xingrg/all/function/internal_message.html?_=1713235193703&CODE_STATE=getMsg HTTP/1.1" 200 27
101.80.230.31 - - [16/Apr/2024:10:39:53 +0800] "GET /xingrg/all/function/internal_message.html?_=1713235196002&CODE_STATE=getMsg HTTP/1.1" 302 -
101.80.230.31 - - [16/Apr/2024:10:39:53 +0800] "GET /xingrg/check_reg.html?_=1713235196014 HTTP/1.1" 302 -
114.83.223.178 - - [16/Apr/2024:10:39:59 +0800] "GET /xingrg/all/function/internal_message.html?_=1713235198748&CODE_STATE=getMsg HTTP/1.1" 200 27
101.83.144.49 - - [16/Apr/2024:10:40:07 +0800] "POST /xingrg/kc/buy/cgsh_order_operate.html HTTP/1.1" 200 37
101.80.230.31 - - [16/Apr/2024:10:40:07 +0800] "POST /xingrg/dwr/call/plaincall/AjaxReportQueryService.getFixDate.dwr HTTP/1.1" 200 237
114.83.223.178 - - [16/Apr/2024:10:40:08 +0800] "GET /xingrg/kc/buy/cgsh_order_operate.html?command=get_materiel&rest_code=00149&code=00102026001&supplier_code=00100558&order_time=2024-04-15 HTTP/1.1" 200 409
101.83.144.49 - - [16/Apr/2024:10:40:11 +0800] "POST /xingrg/kc/buy/cgsh_order_operate.html HTTP/1.1" 200 5614
116.238.97.31 - - [16/Apr/2024:10:40:13 +0800] "GET /xingrg/all/function/internal_message.html?_=1713235212658&CODE_STATE=getMsg HTTP/1.1" 200 27
101.83.144.49 - - [16/Apr/2024:10:40:14 +0800] "GET /xingrg/kc/print/load_data.html?order_code=212024041604095&kc_code=cgsh&condition= HTTP/1.1" 200 1771
116.232.193.34 - - [16/Apr/2024:10:40:15 +0800] "GET /xingrg/all/function/internal_message.html?_=1713235213214&CODE_STATE=getMsg HTTP/1.1" 200 27
124.78.157.30 - - [16/Apr/2024:10:40:16 +0800] "GET /xingrg/all/function/internal_message.html?_=1713235215426&CODE_STATE=getMsg HTTP/1.1" 200 27
124.78.157.30 - - [16/Apr/2024:10:40:17 +0800] "GET /xingrg/check_reg.html?_=1713235216554 HTTP/1.1" 200 22
116.224.254.208 - - [16/Apr/2024:10:40:20 +0800] "GET /xingrg/kc/base/wldb_order_operate.html?command=get_materiel&rest_code=00150&base_code=0010446&code=00102002603 HTTP/1.1" 200 432
114.83.223.178 - - [16/Apr/2024:10:40:21 +0800] "POST /xingrg/kc/buy/cgsh_order_operate.html HTTP/1.1" 200 37
221.239.169.251 - - [16/Apr/2024:10:40:24 +0800] "GET /xingrg/check_reg.html?_=1713235221632 HTTP/1.1" 200 22
221.239.169.251 - - [16/Apr/2024:10:40:24 +0800] "GET /xingrg/all/function/internal_message.html?_=1713235221633&CODE_STATE=getMsg HTTP/1.1" 200 27
116.235.94.6 - - [16/Apr/2024:10:40:25 +0800] "GET /xingrg/check_reg.html?_=1713235223718 HTTP/1.1" 302 -
116.235.94.6 - - [16/Apr/2024:10:40:25 +0800] "GET /xingrg/all/function/internal_message.html?_=1713235224085&CODE_STATE=getMsg HTTP/1.1" 302 -
116.224.254.208 - - [16/Apr/2024:10:40:26 +0800] "GET /xingrg/kc/base/wldb_order_operate.html?command=get_materiel&rest_code=00150&base_code=0010446&code=00102002258 HTTP/1.1" 200 447
114.83.223.178 - - [16/Apr/2024:10:40:29 +0800] "POST /xingrg/kc/buy/cgsh_order_operate.html HTTP/1.1" 200 12
180.164.1.25 - - [16/Apr/2024:10:40:31 +0800] "GET /xingrg/all/function/internal_message.html?_=1713235230656&CODE_STATE=getMsg HTTP/1.1" 200 27
222.69.133.71 - - [16/Apr/2024:10:40:31 +0800] "GET /xingrg/all/function/internal_message.html?_=1713235232069&CODE_STATE=getMsg HTTP/1.1" 200 27
114.83.223.178 - - [16/Apr/2024:10:40:33 +0800] "GET /xingrg/kc/buy/cgsh_order_info.html?code=212024041604096 HTTP/1.1" 200 68904
114.83.223.178 - - [16/Apr/2024:10:40:33 +0800] "GET /xingrg/words/20240416101849_words.js HTTP/1.1" 304 -
172.20.0.100 - - [16/Apr/2024:10:40:33 +0800] "GET /xingrg/all/function/internal_message.html?_=1713235237489&CODE_STATE=getMsg HTTP/1.1" 200 27
114.83.223.178 - - [16/Apr/2024:10:40:33 +0800] "GET /xingrg/javascript/easyui/themes/default/validatebox.css HTTP/1.1" 404 1104
116.224.254.208 - - [16/Apr/2024:10:40:33 +0800] "POST /xingrg/kc/base/wldb_order_operate.html HTTP/1.1" 200 37
114.83.223.178 - - [16/Apr/2024:10:40:34 +0800] "POST /xingrg/kc/buy/cgsh_order_operate.html HTTP/1.1" 200 1195
114.83.223.178 - - [16/Apr/2024:10:40:36 +0800] "GET /xingrg/kc/print/load_data.html?order_code=212024041604096&kc_code=cgsh&condition= HTTP/1.1" 200 923
120.253.135.82 - - [16/Apr/2024:10:40:37 +0800] "GET /xingrg/all/function/internal_message.html?_=1713235084138&CODE_STATE=getMsg HTTP/1.1" 200 27
116.235.94.6 - - [16/Apr/2024:10:40:37 +0800] "GET /xingrg/all/function/internal_message.html?_=1713235269607&CODE_STATE=getMsg HTTP/1.1" 200 27
101.83.144.49 - - [16/Apr/2024:10:40:37 +0800] "GET /xingrg/all/function/internal_message.html?_=1713234996352&CODE_STATE=getMsg HTTP/1.1" 200 27
116.224.254.208 - - [16/Apr/2024:10:40:39 +0800] "POST /xingrg/kc/base/wldb_order_operate.html HTTP/1.1" 200 12
116.224.254.208 - - [16/Apr/2024:10:40:39 +0800] "POST /xingrg/kc/base/wldb_order_operate.html HTTP/1.1" 200 2663
116.238.97.31 - - [16/Apr/2024:10:40:41 +0800] "GET /xingrg/all/function/internal_message.html?_=1713235242246&CODE_STATE=getMsg HTTP/1.1" 200 27
116.224.254.208 - - [16/Apr/2024:10:40:43 +0800] "GET /xingrg/kc/base/wldb_order_info.html?code=422024041600961 HTTP/1.1" 200 26267
180.169.147.146 - - [16/Apr/2024:10:40:43 +0800] "GET /xingrg/all/function/internal_message.html?_=1713235242152&CODE_STATE=getMsg HTTP/1.1" 200 27
116.224.254.208 - - [16/Apr/2024:10:40:43 +0800] "GET /xingrg/javascript/easyui/themes/default/validatebox.css HTTP/1.1" 404 1104
116.224.254.208 - - [16/Apr/2024:10:40:43 +0800] "POST /xingrg/kc/base/wldb_order_operate.html HTTP/1.1" 200 944
101.80.230.31 - - [16/Apr/2024:10:40:44 +0800] "POST /xingrg/services/DataTransmitService HTTP/1.1" 200 524
114.83.223.178 - - [16/Apr/2024:10:40:45 +0800] "GET /xingrg/kc/buy/cgsh_order_add.html HTTP/1.1" 200 74034
114.83.223.178 - - [16/Apr/2024:10:40:45 +0800] "POST /xingrg/kc/buy/cgsh_order_operate.html HTTP/1.1" 200 8245
114.83.223.178 - - [16/Apr/2024:10:40:45 +0800] "GET /xingrg/javascript/easyui/themes/default/validatebox.css HTTP/1.1" 404 1104
116.224.254.208 - - [16/Apr/2024:10:40:45 +0800] "GET /xingrg/kc/base/wldb_order_add.html HTTP/1.1" 200 30388
116.224.254.208 - - [16/Apr/2024:10:40:46 +0800] "POST /xingrg/kc/base/wldb_order_operate.html HTTP/1.1" 200 6806
116.224.254.208 - - [16/Apr/2024:10:40:46 +0800] "GET /xingrg/javascript/easyui/themes/default/validatebox.css HTTP/1.1" 404 1104
180.163.28.114 - - [16/Apr/2024:10:40:47 +0800] "GET /xingrg/check_reg.html?_=1713234916557 HTTP/1.1" 302 -
180.163.28.114 - - [16/Apr/2024:10:40:47 +0800] "GET /xingrg/login.html HTTP/1.1" 200 7641
222.70.183.82 - - [16/Apr/2024:10:40:49 +0800] "GET /xingrg/all/function/internal_message.html?_=1713235249794&CODE_STATE=getMsg HTTP/1.1" 200 27
116.224.254.208 - - [16/Apr/2024:10:40:53 +0800] "GET /xingrg/all/function/internal_message.html?_=1713235253714&CODE_STATE=getMsg HTTP/1.1" 200 27
116.224.254.208 - - [16/Apr/2024:10:40:53 +0800] "GET /xingrg/kc/base/wldb_order_operate.html?command=get_materiel&rest_code=00150&base_code=0010445&code=00101019373 HTTP/1.1" 200 466
114.83.223.178 - - [16/Apr/2024:10:40:59 +0800] "GET /xingrg/all/function/internal_message.html?_=1713235258726&CODE_STATE=getMsg HTTP/1.1" 200 27
116.224.254.208 - - [16/Apr/2024:10:40:59 +0800] "POST /xingrg/kc/base/wldb_order_operate.html HTTP/1.1" 200 37
116.224.254.208 - - [16/Apr/2024:10:41:05 +0800] "POST /xingrg/kc/base/wldb_order_operate.html HTTP/1.1" 200 12
116.224.254.208 - - [16/Apr/2024:10:41:05 +0800] "POST /xingrg/kc/base/wldb_order_operate.html HTTP/1.1" 200 2208
116.224.254.208 - - [16/Apr/2024:10:41:06 +0800] "GET /xingrg/kc/base/wldb_order_info.html?code=422024041600962 HTTP/1.1" 200 26263
114.83.223.178 - - [16/Apr/2024:10:41:06 +0800] "GET /xingrg/kc/buy/cgsh_order_operate.html?command=get_materiel&rest_code=00149&code=00101001079&supplier_code=00100323&order_time=2024-04-15 HTTP/1.1" 200 415
116.224.254.208 - - [16/Apr/2024:10:41:07 +0800] "GET /xingrg/javascript/easyui/themes/default/validatebox.css HTTP/1.1" 404 1104
116.224.254.208 - - [16/Apr/2024:10:41:07 +0800] "POST /xingrg/kc/base/wldb_order_operate.html HTTP/1.1" 200 502
124.78.157.30 - - [16/Apr/2024:10:41:09 +0800] "GET /xingrg/kc/buy/cgsh_order_operate.html?command=get_materiel&rest_code=00106&code=00101012029&supplier_code=00100096&order_time=2024-04-16 HTTP/1.1" 200 412
116.238.97.31 - - [16/Apr/2024:10:41:13 +0800] "GET /xingrg/all/function/internal_message.html?_=1713235272660&CODE_STATE=getMsg HTTP/1.1" 200 27
116.238.97.31 - - [16/Apr/2024:10:41:13 +0800] "GET /xingrg/check_reg.html?_=1713235272671 HTTP/1.1" 200 22
116.232.193.34 - - [16/Apr/2024:10:41:15 +0800] "GET /xingrg/all/function/internal_message.html?_=1713235273189&CODE_STATE=getMsg HTTP/1.1" 200 27
124.78.157.30 - - [16/Apr/2024:10:41:16 +0800] "GET /xingrg/all/function/internal_message.html?_=1713235275407&CODE_STATE=getMsg HTTP/1.1" 200 27
180.163.30.100 - - [16/Apr/2024:10:41:23 +0800] "GET /xingrg/all/function/internal_message.html?_=1713234915556&CODE_STATE=getMsg HTTP/1.1" 302 -
180.163.30.100 - - [16/Apr/2024:10:41:23 +0800] "GET /xingrg/login.html HTTP/1.1" 200 7641
221.239.169.251 - - [16/Apr/2024:10:41:24 +0800] "GET /xingrg/all/function/internal_message.html?_=1713235281633&CODE_STATE=getMsg HTTP/1.1" 200 27
116.235.94.6 - - [16/Apr/2024:10:41:25 +0800] "GET /xingrg/all/function/internal_message.html?_=1713235284063&CODE_STATE=getMsg HTTP/1.1" 302 -
180.163.29.79 - - [16/Apr/2024:10:41:26 +0800] "GET /xingrg/all/function/internal_message.html?_=1713235095476&CODE_STATE=getMsg HTTP/1.1" 302 -
180.163.29.79 - - [16/Apr/2024:10:41:26 +0800] "GET /xingrg/login.html HTTP/1.1" 200 7641
114.83.223.178 - - [16/Apr/2024:10:41:29 +0800] "POST /xingrg/kc/buy/cgsh_order_operate.html HTTP/1.1" 200 37
180.164.1.25 - - [16/Apr/2024:10:41:31 +0800] "GET /xingrg/check_reg.html?_=1713235290656 HTTP/1.1" 200 22
180.164.1.25 - - [16/Apr/2024:10:41:31 +0800] "GET /xingrg/all/function/internal_message.html?_=1713235290659&CODE_STATE=getMsg HTTP/1.1" 200 27
222.69.133.71 - - [16/Apr/2024:10:41:31 +0800] "GET /xingrg/all/function/internal_message.html?_=1713235292060&CODE_STATE=getMsg HTTP/1.1" 200 27
124.78.157.30 - - [16/Apr/2024:10:41:32 +0800] "GET /xingrg/kc/buy/cgsh_order_operate.html?command=get_materiel&rest_code=00106&code=00101007082&supplier_code=00100096&order_time=2024-04-16 HTTP/1.1" 200 429
172.20.0.100 - - [16/Apr/2024:10:41:33 +0800] "GET /xingrg/all/function/internal_message.html?_=1713235297488&CODE_STATE=getMsg HTTP/1.1" 200 27
101.83.144.49 - - [16/Apr/2024:10:41:36 +0800] "GET /xingrg/check_reg.html?_=1713235055182 HTTP/1.1" 200 22
120.253.135.82 - - [16/Apr/2024:10:41:37 +0800] "GET /xingrg/all/function/internal_message.html?_=1713235144148&CODE_STATE=getMsg HTTP/1.1" 200 27
116.235.94.6 - - [16/Apr/2024:10:41:37 +0800] "GET /xingrg/all/function/internal_message.html?_=1713235329605&CODE_STATE=getMsg HTTP/1.1" 200 27
116.235.94.6 - - [16/Apr/2024:10:41:37 +0800] "GET /xingrg/check_reg.html?_=1713235329604 HTTP/1.1" 200 22
101.83.144.49 - - [16/Apr/2024:10:41:37 +0800] "GET /xingrg/all/function/internal_message.html?_=1713235056323&CODE_STATE=getMsg HTTP/1.1" 200 27
116.238.97.31 - - [16/Apr/2024:10:41:41 +0800] "GET /xingrg/all/function/internal_message.html?_=1713235302221&CODE_STATE=getMsg HTTP/1.1" 200 27
180.169.147.146 - - [16/Apr/2024:10:41:43 +0800] "GET /xingrg/all/function/internal_message.html?_=1713235302155&CODE_STATE=getMsg HTTP/1.1" 200 27
114.83.223.178 - - [16/Apr/2024:10:41:43 +0800] "POST /xingrg/kc/buy/cgsh_order_operate.html HTTP/1.1" 200 12
114.83.223.178 - - [16/Apr/2024:10:41:45 +0800] "GET /xingrg/kc/buy/cgsh_order_info.html?code=212024041604097 HTTP/1.1" 200 68909
114.83.223.178 - - [16/Apr/2024:10:41:46 +0800] "GET /xingrg/javascript/easyui/themes/default/validatebox.css HTTP/1.1" 404 1104
114.83.223.178 - - [16/Apr/2024:10:41:47 +0800] "POST /xingrg/kc/buy/cgsh_order_operate.html HTTP/1.1" 200 609
222.70.183.82 - - [16/Apr/2024:10:41:49 +0800] "GET /xingrg/check_reg.html?_=1713235309798 HTTP/1.1" 200 22
222.70.183.82 - - [16/Apr/2024:10:41:49 +0800] "GET /xingrg/all/function/internal_message.html?_=1713235309799&CODE_STATE=getMsg HTTP/1.1" 200 27
116.224.254.208 - - [16/Apr/2024:10:41:53 +0800] "GET /xingrg/all/function/internal_message.html?_=1713235313694&CODE_STATE=getMsg HTTP/1.1" 200 27
114.83.223.178 - - [16/Apr/2024:10:41:55 +0800] "GET /xingrg/kc/print/load_data.html?order_code=212024041604097&kc_code=cgsh&condition= HTTP/1.1" 200 716
114.83.223.178 - - [16/Apr/2024:10:41:59 +0800] "GET /xingrg/all/function/internal_message.html?_=1713235318733&CODE_STATE=getMsg HTTP/1.1" 200 27
114.83.223.178 - - [16/Apr/2024:10:42:05 +0800] "GET /xingrg/kc/buy/cgsh_order_add.html HTTP/1.1" 200 74034
114.83.223.178 - - [16/Apr/2024:10:42:05 +0800] "POST /xingrg/kc/buy/cgsh_order_operate.html HTTP/1.1" 200 8245
114.83.223.178 - - [16/Apr/2024:10:42:05 +0800] "GET /xingrg/javascript/easyui/themes/default/validatebox.css HTTP/1.1" 404 1104
116.238.97.31 - - [16/Apr/2024:10:42:13 +0800] "GET /xingrg/all/function/internal_message.html?_=1713235332671&CODE_STATE=getMsg HTTP/1.1" 200 27
124.78.157.30 - - [16/Apr/2024:10:42:14 +0800] "GET /xingrg/kc/buy/cgsh_order_operate.html?command=get_materiel&rest_code=00106&code=00101007072&supplier_code=00100096&order_time=2024-04-16 HTTP/1.1" 200 419
116.232.193.34 - - [16/Apr/2024:10:42:15 +0800] "GET /xingrg/all/function/internal_message.html?_=1713235333200&CODE_STATE=getMsg HTTP/1.1" 200 27
116.232.193.34 - - [16/Apr/2024:10:42:15 +0800] "GET /xingrg/check_reg.html?_=1713235333201 HTTP/1.1" 200 22
124.78.157.30 - - [16/Apr/2024:10:42:16 +0800] "GET /xingrg/all/function/internal_message.html?_=1713235335391&CODE_STATE=getMsg HTTP/1.1" 200 27
221.239.169.251 - - [16/Apr/2024:10:42:24 +0800] "GET /xingrg/all/function/internal_message.html?_=1713235341631&CODE_STATE=getMsg HTTP/1.1" 200 27
114.83.223.178 - - [16/Apr/2024:10:42:25 +0800] "GET /xingrg/kc/buy/cgsh_order_operate.html?command=get_materiel&rest_code=00149&code=00101007233&supplier_code=00100570&order_time=2024-04-15 HTTP/1.1" 200 400
124.78.157.30 - - [16/Apr/2024:10:42:25 +0800] "GET /xingrg/kc/buy/cgsh_order_operate.html?command=get_materiel&rest_code=00106&code=00101007090&supplier_code=00100096&order_time=2024-04-16 HTTP/1.1" 200 415
