116.224.254.208 - - [16/Apr/2024:08:16:19 +0800] "GET /xingrg/all/function/internal_message.html?_=1713226579545&CODE_STATE=getMsg HTTP/1.1" 200 27
221.239.169.251 - - [16/Apr/2024:08:16:23 +0800] "GET /xingrg/all/function/internal_message.html?_=1713226581546&CODE_STATE=getMsg HTTP/1.1" 200 27
116.238.97.31 - - [16/Apr/2024:08:16:33 +0800] "GET /xingrg/all/function/internal_message.html?_=1713226593355&CODE_STATE=getMsg HTTP/1.1" 200 27
172.20.0.100 - - [16/Apr/2024:08:16:33 +0800] "GET /xingrg/all/function/internal_message.html?_=1713226597364&CODE_STATE=getMsg HTTP/1.1" 200 27
120.253.135.82 - - [16/Apr/2024:08:16:38 +0800] "GET /xingrg/all/function/internal_message.html?_=1713226445354&CODE_STATE=getMsg HTTP/1.1" 200 27
116.224.254.208 - - [16/Apr/2024:08:16:40 +0800] "GET /xingrg/check_reg.html?_=1713226600370 HTTP/1.1" 200 22
116.224.254.208 - - [16/Apr/2024:08:16:52 +0800] "GET /xingrg/all/function/internal_message.html?_=1713226612087&CODE_STATE=getMsg HTTP/1.1" 200 27
120.253.135.82 - - [16/Apr/2024:08:16:52 +0800] "GET /xingrg/check_reg.html?_=1713226459619 HTTP/1.1" 200 22
116.224.254.208 - - [16/Apr/2024:08:17:19 +0800] "GET /xingrg/all/function/internal_message.html?_=1713226639538&CODE_STATE=getMsg HTTP/1.1" 200 27
221.239.169.251 - - [16/Apr/2024:08:17:23 +0800] "GET /xingrg/all/function/internal_message.html?_=1713226641532&CODE_STATE=getMsg HTTP/1.1" 200 27
116.238.97.31 - - [16/Apr/2024:08:17:33 +0800] "GET /xingrg/all/function/internal_message.html?_=1713226653355&CODE_STATE=getMsg HTTP/1.1" 200 27
172.20.0.100 - - [16/Apr/2024:08:17:33 +0800] "GET /xingrg/all/function/internal_message.html?_=1713226657362&CODE_STATE=getMsg HTTP/1.1" 200 27
120.253.135.82 - - [16/Apr/2024:08:17:38 +0800] "GET /xingrg/all/function/internal_message.html?_=1713226505359&CODE_STATE=getMsg HTTP/1.1" 200 27
116.224.254.208 - - [16/Apr/2024:08:17:52 +0800] "GET /xingrg/all/function/internal_message.html?_=1713226672074&CODE_STATE=getMsg HTTP/1.1" 200 27
116.224.254.208 - - [16/Apr/2024:08:18:14 +0800] "GET /xingrg/check_reg.html?_=1713226693765 HTTP/1.1" 200 22
116.224.254.208 - - [16/Apr/2024:08:18:19 +0800] "GET /xingrg/all/function/internal_message.html?_=1713226699521&CODE_STATE=getMsg HTTP/1.1" 200 27
221.239.169.251 - - [16/Apr/2024:08:18:23 +0800] "GET /xingrg/all/function/internal_message.html?_=1713226701537&CODE_STATE=getMsg HTTP/1.1" 200 27
116.238.97.31 - - [16/Apr/2024:08:18:33 +0800] "GET /xingrg/all/function/internal_message.html?_=1713226713369&CODE_STATE=getMsg HTTP/1.1" 200 27
172.20.0.100 - - [16/Apr/2024:08:18:33 +0800] "GET /xingrg/all/function/internal_message.html?_=1713226717360&CODE_STATE=getMsg HTTP/1.1" 200 27
172.20.0.100 - - [16/Apr/2024:08:18:33 +0800] "GET /xingrg/check_reg.html?_=1713226717361 HTTP/1.1" 200 22
120.253.135.82 - - [16/Apr/2024:08:18:38 +0800] "GET /xingrg/all/function/internal_message.html?_=1713226565374&CODE_STATE=getMsg HTTP/1.1" 200 27
116.224.254.208 - - [16/Apr/2024:08:18:52 +0800] "GET /xingrg/all/function/internal_message.html?_=1713226732056&CODE_STATE=getMsg HTTP/1.1" 200 27
116.224.254.208 - - [16/Apr/2024:08:19:19 +0800] "GET /xingrg/all/function/internal_message.html?_=1713226759502&CODE_STATE=getMsg HTTP/1.1" 200 27
221.239.169.251 - - [16/Apr/2024:08:19:23 +0800] "GET /xingrg/all/function/internal_message.html?_=1713226761540&CODE_STATE=getMsg HTTP/1.1" 200 27
116.238.97.31 - - [16/Apr/2024:08:19:33 +0800] "GET /xingrg/check_reg.html?_=1713226773368 HTTP/1.1" 200 22
116.238.97.31 - - [16/Apr/2024:08:19:33 +0800] "GET /xingrg/all/function/internal_message.html?_=1713226773370&CODE_STATE=getMsg HTTP/1.1" 200 27
172.20.0.100 - - [16/Apr/2024:08:19:33 +0800] "GET /xingrg/all/function/internal_message.html?_=1713226777359&CODE_STATE=getMsg HTTP/1.1" 200 27
120.253.135.82 - - [16/Apr/2024:08:19:38 +0800] "GET /xingrg/all/function/internal_message.html?_=1713226625657&CODE_STATE=getMsg HTTP/1.1" 200 27
116.224.254.208 - - [16/Apr/2024:08:19:52 +0800] "GET /xingrg/all/function/internal_message.html?_=1713226792030&CODE_STATE=getMsg HTTP/1.1" 200 27
116.224.254.208 - - [16/Apr/2024:08:20:19 +0800] "GET /xingrg/all/function/internal_message.html?_=1713226819497&CODE_STATE=getMsg HTTP/1.1" 200 27
221.239.169.251 - - [16/Apr/2024:08:20:23 +0800] "GET /xingrg/all/function/internal_message.html?_=1713226821541&CODE_STATE=getMsg HTTP/1.1" 200 27
221.239.169.251 - - [16/Apr/2024:08:20:23 +0800] "GET /xingrg/check_reg.html?_=1713226821543 HTTP/1.1" 200 22
116.238.97.31 - - [16/Apr/2024:08:20:33 +0800] "GET /xingrg/all/function/internal_message.html?_=1713226833361&CODE_STATE=getMsg HTTP/1.1" 200 27
172.20.0.100 - - [16/Apr/2024:08:20:33 +0800] "GET /xingrg/all/function/internal_message.html?_=1713226837374&CODE_STATE=getMsg HTTP/1.1" 200 27
120.253.135.82 - - [16/Apr/2024:08:20:38 +0800] "GET /xingrg/all/function/internal_message.html?_=1713226685665&CODE_STATE=getMsg HTTP/1.1" 200 27
116.224.254.208 - - [16/Apr/2024:08:20:52 +0800] "GET /xingrg/all/function/internal_message.html?_=1713226852014&CODE_STATE=getMsg HTTP/1.1" 200 27
116.224.254.208 - - [16/Apr/2024:08:21:19 +0800] "GET /xingrg/all/function/internal_message.html?_=1713226879475&CODE_STATE=getMsg HTTP/1.1" 200 27
221.239.169.251 - - [16/Apr/2024:08:21:23 +0800] "GET /xingrg/all/function/internal_message.html?_=1713226881543&CODE_STATE=getMsg HTTP/1.1" 200 27
116.238.97.31 - - [16/Apr/2024:08:21:33 +0800] "GET /xingrg/all/function/internal_message.html?_=1713226893360&CODE_STATE=getMsg HTTP/1.1" 200 27
172.20.0.100 - - [16/Apr/2024:08:21:33 +0800] "GET /xingrg/all/function/internal_message.html?_=1713226897373&CODE_STATE=getMsg HTTP/1.1" 200 27
120.253.135.82 - - [16/Apr/2024:08:21:39 +0800] "GET /xingrg/all/function/internal_message.html?_=1713226745950&CODE_STATE=getMsg HTTP/1.1" 200 27
116.224.254.208 - - [16/Apr/2024:08:21:40 +0800] "GET /xingrg/check_reg.html?_=1713226900366 HTTP/1.1" 200 22
116.224.254.208 - - [16/Apr/2024:08:21:52 +0800] "GET /xingrg/all/function/internal_message.html?_=1713226911987&CODE_STATE=getMsg HTTP/1.1" 200 27
120.253.135.82 - - [16/Apr/2024:08:21:52 +0800] "GET /xingrg/check_reg.html?_=1713226759629 HTTP/1.1" 200 22
116.224.254.208 - - [16/Apr/2024:08:22:19 +0800] "GET /xingrg/all/function/internal_message.html?_=1713226939449&CODE_STATE=getMsg HTTP/1.1" 200 27
221.239.169.251 - - [16/Apr/2024:08:22:23 +0800] "GET /xingrg/all/function/internal_message.html?_=1713226941542&CODE_STATE=getMsg HTTP/1.1" 200 27
116.238.97.31 - - [16/Apr/2024:08:22:33 +0800] "GET /xingrg/all/function/internal_message.html?_=1713226953354&CODE_STATE=getMsg HTTP/1.1" 200 27
172.20.0.100 - - [16/Apr/2024:08:22:33 +0800] "GET /xingrg/all/function/internal_message.html?_=1713226957371&CODE_STATE=getMsg HTTP/1.1" 200 27
120.253.135.82 - - [16/Apr/2024:08:22:39 +0800] "GET /xingrg/all/function/internal_message.html?_=1713226805958&CODE_STATE=getMsg HTTP/1.1" 200 27
116.224.254.208 - - [16/Apr/2024:08:22:52 +0800] "GET /xingrg/all/function/internal_message.html?_=1713226971963&CODE_STATE=getMsg HTTP/1.1" 200 27
116.224.254.208 - - [16/Apr/2024:08:23:14 +0800] "GET /xingrg/check_reg.html?_=1713226993753 HTTP/1.1" 200 22
116.224.254.208 - - [16/Apr/2024:08:23:19 +0800] "GET /xingrg/all/function/internal_message.html?_=1713226999434&CODE_STATE=getMsg HTTP/1.1" 200 27
221.239.169.251 - - [16/Apr/2024:08:23:23 +0800] "GET /xingrg/all/function/internal_message.html?_=1713227001542&CODE_STATE=getMsg HTTP/1.1" 200 27
116.238.97.31 - - [16/Apr/2024:08:23:33 +0800] "GET /xingrg/all/function/internal_message.html?_=1713227013362&CODE_STATE=getMsg HTTP/1.1" 200 27
172.20.0.100 - - [16/Apr/2024:08:23:33 +0800] "GET /xingrg/check_reg.html?_=1713227017369 HTTP/1.1" 200 22
172.20.0.100 - - [16/Apr/2024:08:23:33 +0800] "GET /xingrg/all/function/internal_message.html?_=1713227017370&CODE_STATE=getMsg HTTP/1.1" 200 27
120.253.135.82 - - [16/Apr/2024:08:23:39 +0800] "GET /xingrg/all/function/internal_message.html?_=1713226865983&CODE_STATE=getMsg HTTP/1.1" 200 27
116.224.254.208 - - [16/Apr/2024:08:23:52 +0800] "GET /xingrg/all/function/internal_message.html?_=1713227031946&CODE_STATE=getMsg HTTP/1.1" 200 27
116.224.254.208 - - [16/Apr/2024:08:24:19 +0800] "GET /xingrg/all/function/internal_message.html?_=1713227059404&CODE_STATE=getMsg HTTP/1.1" 200 27
221.239.169.251 - - [16/Apr/2024:08:24:23 +0800] "GET /xingrg/all/function/internal_message.html?_=1713227061542&CODE_STATE=getMsg HTTP/1.1" 200 27
116.238.97.31 - - [16/Apr/2024:08:24:33 +0800] "GET /xingrg/all/function/internal_message.html?_=1713227073355&CODE_STATE=getMsg HTTP/1.1" 200 27
116.238.97.31 - - [16/Apr/2024:08:24:33 +0800] "GET /xingrg/check_reg.html?_=1713227073356 HTTP/1.1" 200 22
172.20.0.100 - - [16/Apr/2024:08:24:33 +0800] "GET /xingrg/all/function/internal_message.html?_=1713227077368&CODE_STATE=getMsg HTTP/1.1" 200 27
120.253.135.82 - - [16/Apr/2024:08:24:39 +0800] "GET /xingrg/all/function/internal_message.html?_=1713226926475&CODE_STATE=getMsg HTTP/1.1" 200 27
116.224.254.208 - - [16/Apr/2024:08:24:52 +0800] "GET /xingrg/all/function/internal_message.html?_=1713227091920&CODE_STATE=getMsg HTTP/1.1" 200 27
116.224.254.208 - - [16/Apr/2024:08:25:19 +0800] "GET /xingrg/all/function/internal_message.html?_=1713227119379&CODE_STATE=getMsg HTTP/1.1" 200 27
221.239.169.251 - - [16/Apr/2024:08:25:23 +0800] "GET /xingrg/all/function/internal_message.html?_=1713227121540&CODE_STATE=getMsg HTTP/1.1" 200 27
221.239.169.251 - - [16/Apr/2024:08:25:23 +0800] "GET /xingrg/check_reg.html?_=1713227121542 HTTP/1.1" 200 22
116.238.97.31 - - [16/Apr/2024:08:25:33 +0800] "GET /xingrg/all/function/internal_message.html?_=1713227133370&CODE_STATE=getMsg HTTP/1.1" 200 27
172.20.0.100 - - [16/Apr/2024:08:25:33 +0800] "GET /xingrg/all/function/internal_message.html?_=1713227137368&CODE_STATE=getMsg HTTP/1.1" 200 27
120.253.135.82 - - [16/Apr/2024:08:25:39 +0800] "GET /xingrg/all/function/internal_message.html?_=1713226986497&CODE_STATE=getMsg HTTP/1.1" 200 27
116.224.254.208 - - [16/Apr/2024:08:25:52 +0800] "GET /xingrg/all/function/internal_message.html?_=1713227151906&CODE_STATE=getMsg HTTP/1.1" 200 27
116.224.254.208 - - [16/Apr/2024:08:26:19 +0800] "GET /xingrg/all/function/internal_message.html?_=1713227179359&CODE_STATE=getMsg HTTP/1.1" 200 27
221.239.169.251 - - [16/Apr/2024:08:26:23 +0800] "GET /xingrg/all/function/internal_message.html?_=1713227181542&CODE_STATE=getMsg HTTP/1.1" 200 27
116.238.97.31 - - [16/Apr/2024:08:26:33 +0800] "GET /xingrg/all/function/internal_message.html?_=1713227193369&CODE_STATE=getMsg HTTP/1.1" 200 27
172.20.0.100 - - [16/Apr/2024:08:26:33 +0800] "GET /xingrg/all/function/internal_message.html?_=1713227197366&CODE_STATE=getMsg HTTP/1.1" 200 27
120.253.135.82 - - [16/Apr/2024:08:26:40 +0800] "GET /xingrg/all/function/internal_message.html?_=1713227046910&CODE_STATE=getMsg HTTP/1.1" 200 27
116.224.254.208 - - [16/Apr/2024:08:26:40 +0800] "GET /xingrg/check_reg.html?_=1713227200358 HTTP/1.1" 200 22
116.224.254.208 - - [16/Apr/2024:08:26:52 +0800] "GET /xingrg/all/function/internal_message.html?_=1713227211883&CODE_STATE=getMsg HTTP/1.1" 200 27
120.253.135.82 - - [16/Apr/2024:08:26:52 +0800] "GET /xingrg/check_reg.html?_=1713227059630 HTTP/1.1" 200 22
116.224.254.208 - - [16/Apr/2024:08:27:19 +0800] "GET /xingrg/all/function/internal_message.html?_=1713227239369&CODE_STATE=getMsg HTTP/1.1" 200 27
221.239.169.251 - - [16/Apr/2024:08:27:23 +0800] "GET /xingrg/all/function/internal_message.html?_=1713227241540&CODE_STATE=getMsg HTTP/1.1" 200 27
116.238.97.31 - - [16/Apr/2024:08:27:26 +0800] "GET /xingrg/kc/buy/cgsh_order_list.html HTTP/1.1" 200 58134
116.238.97.31 - - [16/Apr/2024:08:27:28 +0800] "POST /xingrg/kc/buy/cgsh_list_operate.html HTTP/1.1" 200 645
116.238.97.31 - - [16/Apr/2024:08:27:30 +0800] "GET /xingrg/kc/buy/cgsh_order_add.html HTTP/1.1" 200 73981
116.238.97.31 - - [16/Apr/2024:08:27:30 +0800] "POST /xingrg/kc/buy/cgsh_order_operate.html HTTP/1.1" 200 8245
116.238.97.31 - - [16/Apr/2024:08:27:30 +0800] "GET /xingrg/javascript/easyui/themes/default/validatebox.css HTTP/1.1" 404 1104
116.238.97.31 - - [16/Apr/2024:08:27:33 +0800] "GET /xingrg/all/function/internal_message.html?_=1713227253351&CODE_STATE=getMsg HTTP/1.1" 200 27
172.20.0.100 - - [16/Apr/2024:08:27:33 +0800] "GET /xingrg/all/function/internal_message.html?_=1713227257364&CODE_STATE=getMsg HTTP/1.1" 200 27
120.253.135.82 - - [16/Apr/2024:08:27:40 +0800] "GET /xingrg/all/function/internal_message.html?_=1713227106920&CODE_STATE=getMsg HTTP/1.1" 200 27
116.238.97.31 - - [16/Apr/2024:08:27:46 +0800] "GET /xingrg/kc/buy/cgsh_order_operate.html?command=get_materiel&rest_code=00102&code=00101016030&supplier_code=00100096&order_time=2024-04-16 HTTP/1.1" 200 412
116.224.254.208 - - [16/Apr/2024:08:27:52 +0800] "GET /xingrg/all/function/internal_message.html?_=1713227271866&CODE_STATE=getMsg HTTP/1.1" 200 27
116.238.97.31 - - [16/Apr/2024:08:28:08 +0800] "GET /xingrg/kc/buy/cgsh_order_operate.html?command=get_materiel&rest_code=00102&code=00101012070&supplier_code=00100096&order_time=2024-04-16 HTTP/1.1" 200 412
116.224.254.208 - - [16/Apr/2024:08:28:14 +0800] "GET /xingrg/check_reg.html?_=1713227293730 HTTP/1.1" 200 22
116.224.254.208 - - [16/Apr/2024:08:28:19 +0800] "GET /xingrg/all/function/internal_message.html?_=1713227299352&CODE_STATE=getMsg HTTP/1.1" 200 27
116.238.97.31 - - [16/Apr/2024:08:28:21 +0800] "GET /xingrg/kc/buy/cgsh_order_operate.html?command=get_materiel&rest_code=00102&code=00101006111&supplier_code=00100096&order_time=2024-04-16 HTTP/1.1" 200 411
221.239.169.251 - - [16/Apr/2024:08:28:23 +0800] "GET /xingrg/all/function/internal_message.html?_=1713227301563&CODE_STATE=getMsg HTTP/1.1" 200 27
116.238.97.31 - - [16/Apr/2024:08:28:31 +0800] "GET /xingrg/kc/buy/cgsh_order_operate.html?command=get_materiel&rest_code=00102&code=00101006144&supplier_code=00100096&order_time=2024-04-16 HTTP/1.1" 200 410
116.238.97.31 - - [16/Apr/2024:08:28:33 +0800] "GET /xingrg/all/function/internal_message.html?_=1713227313353&CODE_STATE=getMsg HTTP/1.1" 200 27
172.20.0.100 - - [16/Apr/2024:08:28:33 +0800] "GET /xingrg/all/function/internal_message.html?_=1713227317388&CODE_STATE=getMsg HTTP/1.1" 200 27
172.20.0.100 - - [16/Apr/2024:08:28:33 +0800] "GET /xingrg/check_reg.html?_=1713227317389 HTTP/1.1" 200 22
120.253.135.82 - - [16/Apr/2024:08:28:40 +0800] "GET /xingrg/all/function/internal_message.html?_=1713227166959&CODE_STATE=getMsg HTTP/1.1" 200 27
116.238.97.31 - - [16/Apr/2024:08:28:41 +0800] "GET /xingrg/kc/buy/cgsh_order_operate.html?command=get_materiel&rest_code=00102&code=00101007181&supplier_code=00100096&order_time=2024-04-16 HTTP/1.1" 200 412
116.224.254.208 - - [16/Apr/2024:08:28:52 +0800] "GET /xingrg/all/function/internal_message.html?_=1713227331849&CODE_STATE=getMsg HTTP/1.1" 200 27
116.238.97.31 - - [16/Apr/2024:08:29:06 +0800] "POST /xingrg/kc/buy/cgsh_order_operate.html HTTP/1.1" 200 37
116.238.97.31 - - [16/Apr/2024:08:29:13 +0800] "POST /xingrg/kc/buy/cgsh_order_operate.html HTTP/1.1" 200 12
116.238.97.31 - - [16/Apr/2024:08:29:15 +0800] "GET /xingrg/kc/buy/cgsh_order_info.html?code=212024041604063 HTTP/1.1" 200 68841
116.238.97.31 - - [16/Apr/2024:08:29:16 +0800] "GET /xingrg/javascript/easyui/themes/default/validatebox.css HTTP/1.1" 404 1104
116.238.97.31 - - [16/Apr/2024:08:29:17 +0800] "POST /xingrg/kc/buy/cgsh_order_operate.html HTTP/1.1" 200 2974
116.224.254.208 - - [16/Apr/2024:08:29:19 +0800] "GET /xingrg/all/function/internal_message.html?_=1713227359324&CODE_STATE=getMsg HTTP/1.1" 200 27
116.238.97.31 - - [16/Apr/2024:08:29:20 +0800] "GET /xingrg/kc/print/load_config.html?kc_code=cgsh HTTP/1.1" 200 1927
116.238.97.31 - - [16/Apr/2024:08:29:20 +0800] "GET /xingrg/kc/print/load_data.html?order_code=212024041604063&kc_code=cgsh&condition= HTTP/1.1" 200 1561
221.239.169.251 - - [16/Apr/2024:08:29:23 +0800] "GET /xingrg/all/function/internal_message.html?_=1713227361553&CODE_STATE=getMsg HTTP/1.1" 200 27
116.238.97.31 - - [16/Apr/2024:08:29:28 +0800] "POST /xingrg/kc/buy/cgsh_list_operate.html HTTP/1.1" 200 645
116.238.97.31 - - [16/Apr/2024:08:29:33 +0800] "GET /xingrg/all/function/internal_message.html?_=1713227373347&CODE_STATE=getMsg HTTP/1.1" 200 27
116.238.97.31 - - [16/Apr/2024:08:29:33 +0800] "GET /xingrg/check_reg.html?_=1713227373348 HTTP/1.1" 200 22
172.20.0.100 - - [16/Apr/2024:08:29:33 +0800] "GET /xingrg/all/function/internal_message.html?_=1713227377387&CODE_STATE=getMsg HTTP/1.1" 200 27
120.253.135.82 - - [16/Apr/2024:08:29:40 +0800] "GET /xingrg/all/function/internal_message.html?_=1713227227417&CODE_STATE=getMsg HTTP/1.1" 200 27
116.224.254.208 - - [16/Apr/2024:08:29:52 +0800] "GET /xingrg/all/function/internal_message.html?_=1713227391826&CODE_STATE=getMsg HTTP/1.1" 200 27
124.78.56.241 - - [16/Apr/2024:08:30:18 +0800] "POST /xingrg/services/DataTransmitService HTTP/1.1" 200 524
116.224.254.208 - - [16/Apr/2024:08:30:19 +0800] "GET /xingrg/all/function/internal_message.html?_=1713227419307&CODE_STATE=getMsg HTTP/1.1" 200 27
221.239.169.251 - - [16/Apr/2024:08:30:23 +0800] "GET /xingrg/check_reg.html?_=1713227421541 HTTP/1.1" 200 22
221.239.169.251 - - [16/Apr/2024:08:30:23 +0800] "GET /xingrg/all/function/internal_message.html?_=1713227421543&CODE_STATE=getMsg HTTP/1.1" 200 27
116.238.97.31 - - [16/Apr/2024:08:30:33 +0800] "GET /xingrg/all/function/internal_message.html?_=1713227433364&CODE_STATE=getMsg HTTP/1.1" 200 27
172.20.0.100 - - [16/Apr/2024:08:30:33 +0800] "GET /xingrg/all/function/internal_message.html?_=1713227437388&CODE_STATE=getMsg HTTP/1.1" 200 27
120.253.135.82 - - [16/Apr/2024:08:30:40 +0800] "GET /xingrg/all/function/internal_message.html?_=1713227287423&CODE_STATE=getMsg HTTP/1.1" 200 27
116.224.254.208 - - [16/Apr/2024:08:30:52 +0800] "GET /xingrg/all/function/internal_message.html?_=1713227451808&CODE_STATE=getMsg HTTP/1.1" 200 27
116.224.254.208 - - [16/Apr/2024:08:31:19 +0800] "GET /xingrg/all/function/internal_message.html?_=1713227479289&CODE_STATE=getMsg HTTP/1.1" 200 27
221.239.169.251 - - [16/Apr/2024:08:31:23 +0800] "GET /xingrg/all/function/internal_message.html?_=1713227481543&CODE_STATE=getMsg HTTP/1.1" 200 27
116.238.97.31 - - [16/Apr/2024:08:31:33 +0800] "GET /xingrg/all/function/internal_message.html?_=1713227493360&CODE_STATE=getMsg HTTP/1.1" 200 27
172.20.0.100 - - [16/Apr/2024:08:31:33 +0800] "GET /xingrg/all/function/internal_message.html?_=1713227497386&CODE_STATE=getMsg HTTP/1.1" 200 27
222.70.183.82 - - [16/Apr/2024:08:31:36 +0800] "GET /xingrg/check_reg.html?_=1713227492167 HTTP/1.1" 302 -
222.70.183.82 - - [16/Apr/2024:08:31:36 +0800] "GET /xingrg/all/function/internal_message.html?_=1713227491762&CODE_STATE=getMsg HTTP/1.1" 302 -
222.70.183.82 - - [16/Apr/2024:08:31:36 +0800] "GET /xingrg/login.html HTTP/1.1" 200 7641
222.70.183.82 - - [16/Apr/2024:08:31:37 +0800] "GET /xingrg/login.html HTTP/1.1" 200 7641
116.224.254.208 - - [16/Apr/2024:08:31:40 +0800] "GET /xingrg/check_reg.html?_=1713227500353 HTTP/1.1" 200 22
120.253.135.82 - - [16/Apr/2024:08:31:41 +0800] "GET /xingrg/all/function/internal_message.html?_=1713227347873&CODE_STATE=getMsg HTTP/1.1" 200 27
116.224.254.208 - - [16/Apr/2024:08:31:52 +0800] "GET /xingrg/all/function/internal_message.html?_=1713227511779&CODE_STATE=getMsg HTTP/1.1" 200 27
120.253.135.82 - - [16/Apr/2024:08:31:52 +0800] "GET /xingrg/check_reg.html?_=1713227359647 HTTP/1.1" 200 22
222.70.183.82 - - [16/Apr/2024:08:32:08 +0800] "GET /xingrg/all/function/internal_message.html?_=1713227524311&CODE_STATE=getMsg HTTP/1.1" 302 -
222.70.183.82 - - [16/Apr/2024:08:32:08 +0800] "GET /xingrg/login.html HTTP/1.1" 200 7641
222.70.183.82 - - [16/Apr/2024:08:32:14 +0800] "GET /xingrg/kc/base/crk_hz.html?_=1713227529867&command=get_cost_id&end_date=2024-04-14&start_date=2024-04-01 HTTP/1.1" 302 -
222.70.183.82 - - [16/Apr/2024:08:32:14 +0800] "GET /xingrg/login.html HTTP/1.1" 200 7641
116.224.254.208 - - [16/Apr/2024:08:32:19 +0800] "GET /xingrg/all/function/internal_message.html?_=1713227539264&CODE_STATE=getMsg HTTP/1.1" 200 27
222.70.183.82 - - [16/Apr/2024:08:32:23 +0800] "GET /xingrg/index.html?sysBaseUrl=http%3A%2F%2F180.169.147.146%3A18081%2Fxingrg%2F&costTime=924×tamp=1693273611467 HTTP/1.1" 302 -
222.70.183.82 - - [16/Apr/2024:08:32:23 +0800] "GET /xingrg/login.html HTTP/1.1" 200 7641
221.239.169.251 - - [16/Apr/2024:08:32:23 +0800] "GET /xingrg/all/function/internal_message.html?_=1713227541545&CODE_STATE=getMsg HTTP/1.1" 200 27
222.70.183.82 - - [16/Apr/2024:08:32:29 +0800] "POST /xingrg/login.do HTTP/1.1" 302 -
222.70.183.82 - - [16/Apr/2024:08:32:31 +0800] "GET /xingrg/index.html?sysBaseUrl=http%3A%2F%2F180.169.147.146%3A18081%2Fxingrg%2F&costTime=833×tamp=1713227549983 HTTP/1.1" 200 17503
116.238.97.31 - - [16/Apr/2024:08:32:33 +0800] "GET /xingrg/all/function/internal_message.html?_=1713227553352&CODE_STATE=getMsg HTTP/1.1" 200 27
222.70.183.82 - - [16/Apr/2024:08:32:33 +0800] "POST /xingrg/all/common/load_tree.html?tree=area_rest_tree_json&manage=1 HTTP/1.1" 200 591
222.70.183.82 - - [16/Apr/2024:08:32:33 +0800] "POST /xingrg/load_menu.html HTTP/1.1" 200 11564
172.20.0.100 - - [16/Apr/2024:08:32:33 +0800] "GET /xingrg/all/function/internal_message.html?_=1713227557384&CODE_STATE=getMsg HTTP/1.1" 200 27
222.70.183.82 - - [16/Apr/2024:08:32:33 +0800] "GET /xingrg/all/function/internal_message.html?_=1713227549263&CODE_STATE=count HTTP/1.1" 200 11
222.70.183.82 - - [16/Apr/2024:08:32:33 +0800] "GET /xingrg/check_reg.html?_=1713227549264 HTTP/1.1" 200 22
222.70.183.82 - - [16/Apr/2024:08:32:37 +0800] "POST /xingrg/all/user/operate.html HTTP/1.1" 200 36
222.70.183.82 - - [16/Apr/2024:08:32:37 +0800] "GET /xingrg/index.html?sysBaseUrl=http%3A%2F%2F180.169.147.146%3A18081%2Fxingrg%2F&costTime=833×tamp=1713227549983 HTTP/1.1" 200 17503
222.70.183.82 - - [16/Apr/2024:08:32:38 +0800] "GET /xingrg/all/function/internal_message.html?_=1713227554385&CODE_STATE=count HTTP/1.1" 200 11
222.70.183.82 - - [16/Apr/2024:08:32:38 +0800] "GET /xingrg/check_reg.html?_=1713227554386 HTTP/1.1" 200 22
222.70.183.82 - - [16/Apr/2024:08:32:38 +0800] "POST /xingrg/all/common/load_tree.html?tree=area_rest_tree_json&manage=1 HTTP/1.1" 200 591
222.70.183.82 - - [16/Apr/2024:08:32:38 +0800] "POST /xingrg/load_menu.html HTTP/1.1" 200 9959
222.70.183.82 - - [16/Apr/2024:08:32:40 +0800] "GET /xingrg/kc/report/report_main.html HTTP/1.1" 200 7340
120.253.135.82 - - [16/Apr/2024:08:32:41 +0800] "GET /xingrg/all/function/internal_message.html?_=1713227407896&CODE_STATE=getMsg HTTP/1.1" 200 27
222.70.183.82 - - [16/Apr/2024:08:32:44 +0800] "GET /xingrg/kc/base/crk_hz.html HTTP/1.1" 200 11247
222.70.183.82 - - [16/Apr/2024:08:32:44 +0800] "POST /xingrg/kc/cost/cost_operate.html?command=get_base_tree HTTP/1.1" 200 2518
222.70.183.82 - - [16/Apr/2024:08:32:44 +0800] "POST /xingrg/all/common/load_tree.html?tree=materiel_sort_tree_json HTTP/1.1" 200 9734
101.93.220.116 - - [16/Apr/2024:08:32:49 +0800] "POST /xingrg/services/DataTransmitService HTTP/1.1" 200 524
116.224.254.208 - - [16/Apr/2024:08:32:52 +0800] "GET /xingrg/all/function/internal_message.html?_=1713227571765&CODE_STATE=getMsg HTTP/1.1" 200 27
222.70.183.82 - - [16/Apr/2024:08:32:53 +0800] "GET /xingrg/kc/base/crk_hz.html?_=1713227569170&command=get_cost_id&end_date=2024-04-14&start_date=2024-04-01 HTTP/1.1" 200 51
222.70.183.82 - - [16/Apr/2024:08:32:54 +0800] "GET /xingrg/all/report/report_query.html?isQuery=1&onlyBody=1&rh=99999&rw=1800&varString=start:20240401,cost_id:4989,mid:20240401&fileName=kc/base/crk_hz_type_by_base.xml&queryString=%20a.base_code%20in%20(%270010283%27,%270010285%27,%270010286%27,%270010288%27,%270010290%27,%270010291%27,%270010292%27,%270010293%27,%270010295%27,%270010299%27,%270010300%27,%270010302%27,%270010303%27,%270010305%27,%270010306%27,%270010308%27,%270010309%27,%270010310%27,%270010311%27,%270010312%27,%270010314%27,%270010316%27,%270010317%27,%270010318%27,%270010319%27,%270010320%27,%270010321%27,%270010322%27,%270010323%27,%270010324%27,%270010631%27,%270010632%27,%270010692%27,%270010693%27,%270010711%27,%270010831%27,%270010842%27)%20%20and%20m.sort_code%20in%20(%2700101001%27,%2700101002%27,%2700101003%27,%2700101004%27,%2700101005%27,%2700101006%27,%2700101007%27,%2700101008%27,%2700101009%27,%2700101010%27,%2700101011%27,%2700101012%27,%2700101013%27,%2700101014%27,%2700101015%27,%2700101016%27,%2700101017%27,%2700101018%27,%2700101019%27,%2700101020%27,%2700101021%27,%2700101022%27,%2700101023%27,%2700101024%27,%2700101025%27,%2700101026%27,%2700101027%27,%2700101028%27,%2700101029%27,%2700101030%27,%2700101031%27,%2700101032%27,%2700101033%27,%2700101034%27,%2700101036%27,%2700101037%27,%2700101038%27,%2700101039%27,%2700101040%27,%2700101041%27,%2700101042%27,%2700101043%27,%2700101044%27,%2700101045%27)%20&queryText=%C8%D5%C6%DA%A3%BA2024-04-01%D6%C12024-04-14%20%B2%D6%BF%E2%A3%BA%C8%AB%B2%BF%B2%D6%BF%E2,%CA%B3%C6%B7%B2%D6%BF%E2,%D1%E0%B1%AB%B3%E1%BF%E2,%CF%E3%D1%CC%BF%E2,%BA%A3%CF%CA%B3%D8,%BE%C6%CB%AE%BF%E2,%D4%C1%B2%CB,%BA%A3%C5%C9,%C0%E4%B2%CB,%B4%CC%C9%ED,%D4%B1%B9%A4%B2%CD,%CB%AE%CC%A8,%C9%D5%C2%B1,%B5%E3%D0%C4,%CD%E2%C2%F4%B5%B5%BF%DA,%CE%EF%C1%CF%B2%D6%BF%E2,%C2%A5%C3%E6,%B0%C9%CC%A8,%CA%D5%D2%F8,%D3%AA%D2%B5%B2%BF,%B4%AB%B2%CB%B2%BF,%B1%A3%B0%B2%B2%BF,%B2%C6%CE%F1%B2%BF,%D7%DC%B0%EC,%CB%DE%C9%E1,%CD%E2%C2%F4,%D7%B0%D0%DE%BF%E2,%B8%A3%C0%FB,%BF%BE%D1%BC,%BA%F3%C7%DA%B2%BF,%B9%A4%B3%CC%B2%BF,%B2%E8%CB%AE%BF%E2,%B9%FB%D6%AD%BF%E2,%F4%D5%D7%D3%BF%E2,%D4%C2%B1%FD%BF%E2,%C0%F1%BA%D0%BF%E2,%C9%CF%CA%B2,%B3%F8%B7%BF%BF%E2&tableQueryString=materiel_table$sp1$$sp$before_table$sp1$$sp$crk_table$sp1$order_day%20between%2020240401%20and%2020240414 HTTP/1.1" 200 50470
222.70.183.82 - - [16/Apr/2024:08:32:55 +0800] "GET /xingrg/dwr/util.js HTTP/1.1" 304 -
222.70.183.82 - - [16/Apr/2024:08:32:56 +0800] "GET /xingrg/dwr/engine.js HTTP/1.1" 200 43631
222.70.183.82 - - [16/Apr/2024:08:32:56 +0800] "GET /xingrg/dwr/interface/AjaxReportQueryService.js HTTP/1.1" 200 13203
222.70.183.82 - - [16/Apr/2024:08:33:01 +0800] "POST /xingrg/all/report/load_report_page.html HTTP/1.1" 200 689853
222.70.183.82 - - [16/Apr/2024:08:33:02 +0800] "GET /xingrg/servlets/image?cache=0.6239417441724002&image=px HTTP/1.1" 200 807
116.224.254.208 - - [16/Apr/2024:08:33:14 +0800] "GET /xingrg/check_reg.html?_=1713227593716 HTTP/1.1" 200 22
116.224.254.208 - - [16/Apr/2024:08:33:19 +0800] "GET /xingrg/all/function/internal_message.html?_=1713227599237&CODE_STATE=getMsg HTTP/1.1" 200 27
221.239.169.251 - - [16/Apr/2024:08:33:23 +0800] "GET /xingrg/all/function/internal_message.html?_=1713227601545&CODE_STATE=getMsg HTTP/1.1" 200 27
116.224.254.208 - - [16/Apr/2024:08:33:31 +0800] "GET /xingrg/kc/buy/cgsh_order_add.html HTTP/1.1" 200 73538
116.224.254.208 - - [16/Apr/2024:08:33:31 +0800] "GET /xingrg/words/20240415143253_words.js HTTP/1.1" 304 -
116.224.254.208 - - [16/Apr/2024:08:33:32 +0800] "POST /xingrg/kc/buy/cgsh_order_operate.html HTTP/1.1" 200 8245
116.224.254.208 - - [16/Apr/2024:08:33:32 +0800] "GET /xingrg/javascript/easyui/themes/default/validatebox.css HTTP/1.1" 404 1104
116.224.254.208 - - [16/Apr/2024:08:33:32 +0800] "GET /xingrg/all/common/auto_word.html?type=employee&rest_code=00151 HTTP/1.1" 200 293
116.224.254.208 - - [16/Apr/2024:08:33:32 +0800] "GET /xingrg/all/common/auto_word.html?type=employee&rest_code=00151 HTTP/1.1" 200 293
116.238.97.31 - - [16/Apr/2024:08:33:33 +0800] "GET /xingrg/all/function/internal_message.html?_=1713227613367&CODE_STATE=getMsg HTTP/1.1" 200 27
172.20.0.100 - - [16/Apr/2024:08:33:33 +0800] "GET /xingrg/all/function/internal_message.html?_=1713227617399&CODE_STATE=getMsg HTTP/1.1" 200 27
172.20.0.100 - - [16/Apr/2024:08:33:33 +0800] "GET /xingrg/check_reg.html?_=1713227617400 HTTP/1.1" 200 22
114.83.223.178 - - [16/Apr/2024:08:33:36 +0800] "POST /xingrg/services/DataTransmitService HTTP/1.1" 200 524
222.70.183.82 - - [16/Apr/2024:08:33:37 +0800] "GET /xingrg/kc/base/crk_hz.html?_=1713227613274&command=get_cost_id&end_date=2024-04-14&start_date=2024-04-01 HTTP/1.1" 200 51
222.70.183.82 - - [16/Apr/2024:08:33:38 +0800] "GET /xingrg/all/function/internal_message.html?_=1713227614392&CODE_STATE=getMsg HTTP/1.1" 200 27
120.253.135.82 - - [16/Apr/2024:08:33:41 +0800] "GET /xingrg/all/function/internal_message.html?_=1713227467902&CODE_STATE=getMsg HTTP/1.1" 200 27
222.70.183.82 - - [16/Apr/2024:08:33:41 +0800] "GET /xingrg/all/report/report_print.html?isPrint=1&fileName=kc/base/crk_hz_type_by_base.xml&condition=%20a.base_code%20in%20(%270010283%27,%270010285%27,%270010286%27,%270010288%27,%270010290%27,%270010291%27,%270010292%27,%270010293%27,%270010295%27,%270010299%27,%270010300%27,%270010302%27,%270010303%27,%270010305%27,%270010306%27,%270010308%27,%270010309%27,%270010310%27,%270010311%27,%270010312%27,%270010314%27,%270010316%27,%270010317%27,%270010318%27,%270010319%27,%270010320%27,%270010321%27,%270010322%27,%270010323%27,%270010324%27,%270010631%27,%270010632%27,%270010692%27,%270010693%27,%270010711%27,%270010831%27,%270010842%27)%20%20and%20m.sort_code%20in%20(%2700101001%27,%2700101002%27,%2700101003%27,%2700101004%27,%2700101005%27,%2700101006%27,%2700101007%27,%2700101008%27,%2700101009%27,%2700101010%27,%2700101011%27,%2700101012%27,%2700101013%27,%2700101014%27,%2700101015%27,%2700101016%27,%2700101017%27,%2700101018%27,%2700101019%27,%2700101020%27,%2700101021%27,%2700101022%27,%2700101023%27,%2700101024%27,%2700101025%27,%2700101026%27,%2700101027%27,%2700101028%27,%2700101029%27,%2700101030%27,%2700101031%27,%2700101032%27,%2700101033%27,%2700101034%27,%2700101036%27,%2700101037%27,%2700101038%27,%2700101039%27,%2700101040%27,%2700101041%27,%2700101042%27,%2700101043%27,%2700101044%27,%2700101045%27)%20&condition_show=%C8%D5%C6%DA%A3%BA2024-04-01%D6%C12024-04-14%20%B2%D6%BF%E2%A3%BA%C8%AB%B2%BF%B2%D6%BF%E2,%CA%B3%C6%B7%B2%D6%BF%E2,%D1%E0%B1%AB%B3%E1%BF%E2,%CF%E3%D1%CC%BF%E2,%BA%A3%CF%CA%B3%D8,%BE%C6%CB%AE%BF%E2,%D4%C1%B2%CB,%BA%A3%C5%C9,%C0%E4%B2%CB,%B4%CC%C9%ED,%D4%B1%B9%A4%B2%CD,%CB%AE%CC%A8,%C9%D5%C2%B1,%B5%E3%D0%C4,%CD%E2%C2%F4%B5%B5%BF%DA,%CE%EF%C1%CF%B2%D6%BF%E2,%C2%A5%C3%E6,%B0%C9%CC%A8,%CA%D5%D2%F8,%D3%AA%D2%B5%B2%BF,%B4%AB%B2%CB%B2%BF,%B1%A3%B0%B2%B2%BF,%B2%C6%CE%F1%B2%BF,%D7%DC%B0%EC,%CB%DE%C9%E1,%CD%E2%C2%F4,%D7%B0%D0%DE%BF%E2,%B8%A3%C0%FB,%BF%BE%D1%BC,%BA%F3%C7%DA%B2%BF,%B9%A4%B3%CC%B2%BF,%B2%E8%CB%AE%BF%E2,%B9%FB%D6%AD%BF%E2,%F4%D5%D7%D3%BF%E2,%D4%C2%B1%FD%BF%E2,%C0%F1%BA%D0%BF%E2,%C9%CF%CA%B2,%B3%F8%B7%BF%BF%E2&tableQueryString=materiel_table$sp1$$sp$before_table$sp1$$sp$crk_table$sp1$order_day%20between%2020240401%20and%2020240414&fileType=servlets/xls&varString=start:20240401,cost_id:4989,mid:20240401 HTTP/1.1" 200 37421
116.224.254.208 - - [16/Apr/2024:08:33:49 +0800] "GET /xingrg/kc/buy/cgsh_order_operate.html?command=get_materiel&rest_code=00151&code=00101001111&supplier_code=00100096&order_time=2024-04-16 HTTP/1.1" 200 408
116.224.254.208 - - [16/Apr/2024:08:33:52 +0800] "GET /xingrg/all/function/internal_message.html?_=1713227631758&CODE_STATE=getMsg HTTP/1.1" 200 27
116.224.254.208 - - [16/Apr/2024:08:33:57 +0800] "GET /xingrg/kc/buy/cgsh_order_operate.html?command=get_materiel&rest_code=00151&code=00101008084&supplier_code=00100096&order_time=2024-04-16 HTTP/1.1" 200 412
116.224.254.208 - - [16/Apr/2024:08:34:09 +0800] "GET /xingrg/kc/buy/cgsh_order_operate.html?command=get_materiel&rest_code=00151&code=00101012060&supplier_code=00100096&order_time=2024-04-16 HTTP/1.1" 200 408
116.224.254.208 - - [16/Apr/2024:08:34:17 +0800] "GET /xingrg/kc/buy/cgsh_order_operate.html?command=get_materiel&rest_code=00151&code=00101016025&supplier_code=00100096&order_time=2024-04-16 HTTP/1.1" 200 408
116.224.254.208 - - [16/Apr/2024:08:34:19 +0800] "GET /xingrg/all/function/internal_message.html?_=1713227659226&CODE_STATE=getMsg HTTP/1.1" 200 27
221.239.169.251 - - [16/Apr/2024:08:34:23 +0800] "GET /xingrg/all/function/internal_message.html?_=1713227661544&CODE_STATE=getMsg HTTP/1.1" 200 27
116.224.254.208 - - [16/Apr/2024:08:34:25 +0800] "GET /xingrg/kc/buy/cgsh_order_operate.html?command=get_materiel&rest_code=00151&code=00101012039&supplier_code=00100096&order_time=2024-04-16 HTTP/1.1" 200 410
116.224.254.208 - - [16/Apr/2024:08:34:32 +0800] "GET /xingrg/kc/buy/cgsh_order_operate.html?command=get_materiel&rest_code=00151&code=00101016038&supplier_code=00100096&order_time=2024-04-16 HTTP/1.1" 200 408
116.238.97.31 - - [16/Apr/2024:08:34:33 +0800] "GET /xingrg/check_reg.html?_=1713227673361 HTTP/1.1" 200 22
116.238.97.31 - - [16/Apr/2024:08:34:33 +0800] "GET /xingrg/all/function/internal_message.html?_=1713227673366&CODE_STATE=getMsg HTTP/1.1" 200 27
172.20.0.100 - - [16/Apr/2024:08:34:33 +0800] "GET /xingrg/all/function/internal_message.html?_=1713227677398&CODE_STATE=getMsg HTTP/1.1" 200 27
222.70.183.82 - - [16/Apr/2024:08:34:39 +0800] "GET /xingrg/all/function/internal_message.html?_=1713227675119&CODE_STATE=getMsg HTTP/1.1" 200 27
120.253.135.82 - - [16/Apr/2024:08:34:41 +0800] "GET /xingrg/all/function/internal_message.html?_=1713227528358&CODE_STATE=getMsg HTTP/1.1" 200 27
116.224.254.208 - - [16/Apr/2024:08:34:44 +0800] "GET /xingrg/kc/buy/cgsh_order_operate.html?command=get_materiel&rest_code=00151&code=00101016051&supplier_code=00100096&order_time=2024-04-16 HTTP/1.1" 200 408
116.224.254.208 - - [16/Apr/2024:08:34:52 +0800] "GET /xingrg/all/function/internal_message.html?_=1713227691748&CODE_STATE=getMsg HTTP/1.1" 200 27
116.224.254.208 - - [16/Apr/2024:08:35:02 +0800] "GET /xingrg/kc/buy/cgsh_order_operate.html?command=get_materiel&rest_code=00151&code=00101012066&supplier_code=00100096&order_time=2024-04-16 HTTP/1.1" 200 419
116.224.254.208 - - [16/Apr/2024:08:35:10 +0800] "GET /xingrg/kc/buy/cgsh_order_operate.html?command=get_materiel&rest_code=00151&code=00101012059&supplier_code=00100096&order_time=2024-04-16 HTTP/1.1" 200 412
222.70.183.82 - - [16/Apr/2024:08:35:15 +0800] "GET /xingrg/kc/report/report_main.html HTTP/1.1" 200 7340
116.224.254.208 - - [16/Apr/2024:08:35:17 +0800] "GET /xingrg/kc/buy/cgsh_order_operate.html?command=get_materiel&rest_code=00151&code=00101012051&supplier_code=00100096&order_time=2024-04-16 HTTP/1.1" 200 408
116.224.254.208 - - [16/Apr/2024:08:35:19 +0800] "GET /xingrg/all/function/internal_message.html?_=1713227719207&CODE_STATE=getMsg HTTP/1.1" 200 27
221.239.169.251 - - [16/Apr/2024:08:35:23 +0800] "GET /xingrg/all/function/internal_message.html?_=1713227721544&CODE_STATE=getMsg HTTP/1.1" 200 27
221.239.169.251 - - [16/Apr/2024:08:35:23 +0800] "GET /xingrg/check_reg.html?_=1713227721546 HTTP/1.1" 200 22
116.224.254.208 - - [16/Apr/2024:08:35:27 +0800] "GET /xingrg/kc/buy/cgsh_order_operate.html?command=get_materiel&rest_code=00151&code=00101007061&supplier_code=00100096&order_time=2024-04-16 HTTP/1.1" 200 411
116.238.97.31 - - [16/Apr/2024:08:35:33 +0800] "GET /xingrg/all/function/internal_message.html?_=1713227733368&CODE_STATE=getMsg HTTP/1.1" 200 27
172.20.0.100 - - [16/Apr/2024:08:35:33 +0800] "GET /xingrg/all/function/internal_message.html?_=1713227737397&CODE_STATE=getMsg HTTP/1.1" 200 27
222.70.183.82 - - [16/Apr/2024:08:35:38 +0800] "GET /xingrg/all/function/internal_message.html?_=1713227734398&CODE_STATE=getMsg HTTP/1.1" 200 27
120.253.135.82 - - [16/Apr/2024:08:35:41 +0800] "GET /xingrg/all/function/internal_message.html?_=1713227588380&CODE_STATE=getMsg HTTP/1.1" 200 27
116.224.254.208 - - [16/Apr/2024:08:35:51 +0800] "POST /xingrg/kc/buy/cgsh_order_operate.html HTTP/1.1" 200 37
116.224.254.208 - - [16/Apr/2024:08:35:52 +0800] "GET /xingrg/all/function/internal_message.html?_=1713227751728&CODE_STATE=getMsg HTTP/1.1" 200 27
222.70.183.82 - - [16/Apr/2024:08:35:58 +0800] "GET /xingrg/kc/cost/crk_report.html HTTP/1.1" 200 24116
116.224.254.208 - - [16/Apr/2024:08:35:58 +0800] "POST /xingrg/kc/buy/cgsh_order_operate.html HTTP/1.1" 200 12
222.70.183.82 - - [16/Apr/2024:08:35:59 +0800] "POST /xingrg/kc/cost/cost_operate.html?command=get_base_tree HTTP/1.1" 200 2518
222.70.183.82 - - [16/Apr/2024:08:35:59 +0800] "POST /xingrg/all/common/load_tree.html?tree=materiel_sort_tree_json HTTP/1.1" 200 9734
222.70.183.82 - - [16/Apr/2024:08:35:59 +0800] "POST /xingrg/kc/cost/cost_operate.html HTTP/1.1" 200 37
116.224.254.208 - - [16/Apr/2024:08:36:00 +0800] "GET /xingrg/kc/buy/cgsh_order_info.html?code=212024041604064 HTTP/1.1" 200 68406
116.224.254.208 - - [16/Apr/2024:08:36:00 +0800] "GET /xingrg/javascript/easyui/themes/default/validatebox.css HTTP/1.1" 404 1104
116.224.254.208 - - [16/Apr/2024:08:36:01 +0800] "POST /xingrg/kc/buy/cgsh_order_operate.html HTTP/1.1" 200 5987
124.78.157.30 - - [16/Apr/2024:08:36:02 +0800] "GET /xingrg/login.html HTTP/1.1" 200 7641
116.224.254.208 - - [16/Apr/2024:08:36:03 +0800] "GET /xingrg/kc/print/load_config.html?kc_code=cgsh HTTP/1.1" 200 1927
116.224.254.208 - - [16/Apr/2024:08:36:03 +0800] "GET /xingrg/kc/print/load_data.html?order_code=212024041604064&kc_code=cgsh&condition= HTTP/1.1" 200 2759
222.70.183.82 - - [16/Apr/2024:08:36:10 +0800] "GET /xingrg/all/report/report_query.html?isQuery=1&onlyBody=1&rh=99999&varString=cost_id:4989,rk_cost:cgsh_rk_money-cgth_ck_money$add$pssh_rk_money-psth_ck_money$add$yddb_rk_money$add$qt_rk_money$add$wldb_rk_money$add$check_rk_money,ck_cost:cgsh_rk_money-cgth_ck_money$add$pssh_rk_money-psth_ck_money$add$yddb_rk_money$add$qt_rk_money$add$wldb_rk_money$add$check_rk_money,rk_nums:cgsh_rk_number-cgth_ck_number$add$pssh_rk_number-psth_ck_number$add$yddb_rk_number$add$qt_rk_number$add$wldb_rk_number$add$check_rk_number,ck_nums:cgsh_rk_number-cgth_ck_number$add$pssh_rk_number-psth_ck_number$add$yddb_rk_number$add$qt_rk_number$add$wldb_rk_number$add$check_rk_number&fileName=kc/cost/crk_define_by_base.xml&queryString=%20a.base_code%20in%20(%270010288%27,%270010291%27,%270010292%27,%270010293%27,%270010303%27)%20%20and%20m.sort_code%20in%20(%2700101001%27,%2700101002%27,%2700101003%27,%2700101004%27,%2700101005%27,%2700101006%27,%2700101007%27,%2700101008%27,%2700101009%27,%2700101010%27,%2700101011%27,%2700101012%27,%2700101013%27,%2700101014%27,%2700101015%27,%2700101016%27,%2700101017%27,%2700101018%27,%2700101019%27,%2700101020%27,%2700101021%27,%2700101022%27,%2700101023%27,%2700101024%27,%2700101025%27,%2700101026%27,%2700101027%27,%2700101028%27,%2700101029%27,%2700101030%27,%2700101031%27,%2700101032%27,%2700101033%27,%2700101034%27,%2700101036%27,%2700101037%27,%2700101038%27,%2700101039%27,%2700101040%27,%2700101041%27,%2700101042%27,%2700101043%27,%2700101044%27,%2700101045%27)%20&queryText=%D4%C2%B7%DD%A3%BA2024%C4%EA4%D4%C2%20%B2%D6%BF%E2%A3%BA%BA%A3%CF%CA%B3%D8,%D4%C1%B2%CB,%BA%A3%C5%C9,%C0%E4%B2%CB,%B5%E3%D0%C4&tableQueryString=materiel_table$sp1$$sp$before_table$sp1$$sp$crk_table$sp1$order_day%20between%2020240401%20and%2020240414 HTTP/1.1" 200 49665
124.78.157.30 - - [16/Apr/2024:08:36:10 +0800] "GET /favicon.ico HTTP/1.1" 404 -
116.224.254.208 - - [16/Apr/2024:08:36:11 +0800] "POST /xingrg/all/user/operate.html HTTP/1.1" 200 36
116.224.254.208 - - [16/Apr/2024:08:36:11 +0800] "GET /xingrg/index.html?sysBaseUrl=http%3A%2F%2F180.169.147.146%3A18081%2Fxingrg%2F&costTime=815×tamp=1713141942943 HTTP/1.1" 200 17179
222.70.183.82 - - [16/Apr/2024:08:36:11 +0800] "GET /xingrg/dwr/interface/AjaxReportQueryService.js HTTP/1.1" 200 13203
222.70.183.82 - - [16/Apr/2024:08:36:11 +0800] "GET /xingrg/dwr/engine.js HTTP/1.1" 200 43631
116.224.254.208 - - [16/Apr/2024:08:36:11 +0800] "GET /xingrg/javascript/jquery_easy_ui/themes/default/easyui.css HTTP/1.1" 304 -
116.224.254.208 - - [16/Apr/2024:08:36:11 +0800] "GET /xingrg/javascript/jquery_easy_ui/themes/icon.css HTTP/1.1" 304 -
116.224.254.208 - - [16/Apr/2024:08:36:11 +0800] "GET /xingrg/css/form.css HTTP/1.1" 304 -
116.224.254.208 - - [16/Apr/2024:08:36:11 +0800] "GET /xingrg/javascript/jquery-1.4.2.min.js HTTP/1.1" 304 -
116.224.254.208 - - [16/Apr/2024:08:36:11 +0800] "GET /xingrg/javascript/jquery_easy_ui/jquery.easyui.min.js HTTP/1.1" 304 -
116.224.254.208 - - [16/Apr/2024:08:36:11 +0800] "GET /xingrg/javascript/jquery_easy_ui/easyui-lang-zh_CN.js HTTP/1.1" 304 -
116.224.254.208 - - [16/Apr/2024:08:36:11 +0800] "GET /xingrg/javascript/jquery.form.js HTTP/1.1" 304 -
116.224.254.208 - - [16/Apr/2024:08:36:11 +0800] "GET /xingrg/javascript/jquery.utils.js HTTP/1.1" 304 -
116.224.254.208 - - [16/Apr/2024:08:36:11 +0800] "GET /xingrg/javascript/jquery.timers.js HTTP/1.1" 304 -
116.224.254.208 - - [16/Apr/2024:08:36:11 +0800] "GET /xingrg/images/blue/jxLogo.png HTTP/1.1" 304 -
116.224.254.208 - - [16/Apr/2024:08:36:11 +0800] "GET /xingrg/images/blue/navBackgound.jpg HTTP/1.1" 304 -
116.224.254.208 - - [16/Apr/2024:08:36:11 +0800] "GET /xingrg/javascript/jquery_easy_ui/themes/icons/settle_new.png HTTP/1.1" 304 -
116.224.254.208 - - [16/Apr/2024:08:36:11 +0800] "GET /xingrg/all/function/internal_message.html?_=1713227771584&CODE_STATE=count HTTP/1.1" 200 11
116.224.254.208 - - [16/Apr/2024:08:36:11 +0800] "GET /xingrg/check_reg.html?_=1713227771586 HTTP/1.1" 200 22
116.224.254.208 - - [16/Apr/2024:08:36:11 +0800] "GET /xingrg/images/blue/pingpu.png HTTP/1.1" 304 -
116.224.254.208 - - [16/Apr/2024:08:36:11 +0800] "GET /xingrg/javascript/jquery_easy_ui/themes/default/images/tabs_leftarrow.png HTTP/1.1" 304 -
116.224.254.208 - - [16/Apr/2024:08:36:11 +0800] "GET /xingrg/javascript/jquery_easy_ui/themes/default/images/panel_tool_collapse.gif HTTP/1.1" 304 -
116.224.254.208 - - [16/Apr/2024:08:36:11 +0800] "GET /xingrg/javascript/jquery_easy_ui/themes/default/images/tabs_rightarrow.png HTTP/1.1" 304 -
116.224.254.208 - - [16/Apr/2024:08:36:11 +0800] "POST /xingrg/all/common/load_tree.html?tree=area_rest_tree_json&manage=1 HTTP/1.1" 200 476
116.224.254.208 - - [16/Apr/2024:08:36:11 +0800] "POST /xingrg/load_menu.html HTTP/1.1" 200 5138
222.70.183.82 - - [16/Apr/2024:08:36:14 +0800] "POST /xingrg/all/report/load_report_page.html HTTP/1.1" 200 38053
222.70.183.82 - - [16/Apr/2024:08:36:14 +0800] "GET /xingrg/servlets/image?cache=0.04913971911406434&image=px HTTP/1.1" 200 807
116.224.254.208 - - [16/Apr/2024:08:36:14 +0800] "GET /xingrg/kc/buy/cgsh_order_list.html HTTP/1.1" 200 58140
116.224.254.208 - - [16/Apr/2024:08:36:16 +0800] "POST /xingrg/kc/buy/cgsh_list_operate.html HTTP/1.1" 200 645
116.224.254.208 - - [16/Apr/2024:08:36:18 +0800] "GET /xingrg/kc/buy/cgsh_order_add.html HTTP/1.1" 200 73990
116.224.254.208 - - [16/Apr/2024:08:36:18 +0800] "POST /xingrg/kc/buy/cgsh_order_operate.html HTTP/1.1" 200 8245
116.224.254.208 - - [16/Apr/2024:08:36:18 +0800] "GET /xingrg/javascript/easyui/themes/default/validatebox.css HTTP/1.1" 404 1104
116.224.254.208 - - [16/Apr/2024:08:36:18 +0800] "GET /xingrg/all/common/auto_word.html?type=employee&rest_code=00150 HTTP/1.1" 200 159
116.224.254.208 - - [16/Apr/2024:08:36:18 +0800] "GET /xingrg/all/common/auto_word.html?type=employee&rest_code=00150 HTTP/1.1" 200 159
116.224.254.208 - - [16/Apr/2024:08:36:19 +0800] "GET /xingrg/javascript/auto/indicator.gif HTTP/1.1" 404 1066
124.78.157.30 - - [16/Apr/2024:08:36:20 +0800] "POST /xingrg/login.do HTTP/1.1" 302 -
124.78.157.30 - - [16/Apr/2024:08:36:20 +0800] "GET /xingrg/index.html?sysBaseUrl=http%3A%2F%2F180.169.147.146%3A18081%2Fxingrg%2F&costTime=805×tamp=1713227780489 HTTP/1.1" 200 17173
124.78.157.30 - - [16/Apr/2024:08:36:21 +0800] "GET /favicon.ico HTTP/1.1" 404 -
221.239.169.251 - - [16/Apr/2024:08:36:23 +0800] "GET /xingrg/all/function/internal_message.html?_=1713227781546&CODE_STATE=getMsg HTTP/1.1" 200 27
124.78.157.30 - - [16/Apr/2024:08:36:24 +0800] "POST /xingrg/all/common/load_tree.html?tree=area_rest_tree_json&manage=1 HTTP/1.1" 200 342
124.78.157.30 - - [16/Apr/2024:08:36:25 +0800] "GET /xingrg/all/function/internal_message.html?_=1713227784096&CODE_STATE=count HTTP/1.1" 200 11
124.78.157.30 - - [16/Apr/2024:08:36:25 +0800] "GET /xingrg/check_reg.html?_=1713227784097 HTTP/1.1" 200 22
124.78.157.30 - - [16/Apr/2024:08:36:25 +0800] "POST /xingrg/load_menu.html HTTP/1.1" 200 5138
116.224.254.208 - - [16/Apr/2024:08:36:27 +0800] "GET /xingrg/kc/buy/cgsh_order_operate.html?command=get_materiel&rest_code=00150&code=00101012039&supplier_code=00100096&order_time=2024-04-16 HTTP/1.1" 200 408
116.238.97.31 - - [16/Apr/2024:08:36:33 +0800] "GET /xingrg/all/function/internal_message.html?_=1713227793358&CODE_STATE=getMsg HTTP/1.1" 200 27
172.20.0.100 - - [16/Apr/2024:08:36:33 +0800] "GET /xingrg/all/function/internal_message.html?_=1713227797395&CODE_STATE=getMsg HTTP/1.1" 200 27
124.78.157.30 - - [16/Apr/2024:08:36:36 +0800] "GET /xingrg/kc/buy/buy_main.html HTTP/1.1" 200 12412
124.78.157.30 - - [16/Apr/2024:08:36:36 +0800] "GET /xingrg/kc/buy/buy_main.html HTTP/1.1" 200 12412
124.78.157.30 - - [16/Apr/2024:08:36:36 +0800] "GET /xingrg/css/new_ie.css HTTP/1.1" 404 1036
124.78.157.30 - - [16/Apr/2024:08:36:36 +0800] "GET /xingrg/css/new_ie.css HTTP/1.1" 404 1036
222.70.183.82 - - [16/Apr/2024:08:36:41 +0800] "GET /xingrg/all/function/internal_message.html?_=1713227796881&CODE_STATE=getMsg HTTP/1.1" 200 27
120.253.135.82 - - [16/Apr/2024:08:36:42 +0800] "GET /xingrg/all/function/internal_message.html?_=1713227648830&CODE_STATE=getMsg HTTP/1.1" 200 27
116.224.254.208 - - [16/Apr/2024:08:36:52 +0800] "GET /xingrg/all/function/internal_message.html?_=1713227811709&CODE_STATE=getMsg HTTP/1.1" 200 27
120.253.135.82 - - [16/Apr/2024:08:36:52 +0800] "GET /xingrg/check_reg.html?_=1713227659647 HTTP/1.1" 200 22
116.224.254.208 - - [16/Apr/2024:08:36:57 +0800] "GET /xingrg/kc/buy/cgsh_order_operate.html?command=get_materiel&rest_code=00150&code=00101012025&supplier_code=00100096&order_time=2024-04-16 HTTP/1.1" 200 412
124.78.157.30 - - [16/Apr/2024:08:37:01 +0800] "GET /xingrg/images/yd/bt.gif HTTP/1.1" 404 1040
124.78.157.30 - - [16/Apr/2024:08:37:05 +0800] "GET /xingrg/kc/base/base_main.html HTTP/1.1" 200 12142
124.78.157.30 - - [16/Apr/2024:08:37:08 +0800] "GET /xingrg/kc/base/wldb_order_list.html HTTP/1.1" 200 19051
116.224.254.208 - - [16/Apr/2024:08:37:11 +0800] "GET /xingrg/all/function/internal_message.html?_=1713227831615&CODE_STATE=getMsg HTTP/1.1" 200 27
124.78.157.30 - - [16/Apr/2024:08:37:14 +0800] "POST /xingrg/kc/base/wldb_list_operate.html HTTP/1.1" 200 928
124.78.157.30 - - [16/Apr/2024:08:37:19 +0800] "POST /xingrg/kc/base/wldb_list_operate.html HTTP/1.1" 200 6160
124.78.157.30 - - [16/Apr/2024:08:37:23 +0800] "POST /xingrg/kc/base/wldb_list_operate.html HTTP/1.1" 200 362
221.239.169.251 - - [16/Apr/2024:08:37:23 +0800] "GET /xingrg/all/function/internal_message.html?_=1713227841548&CODE_STATE=getMsg HTTP/1.1" 200 27
124.78.157.30 - - [16/Apr/2024:08:37:25 +0800] "GET /xingrg/all/function/internal_message.html?_=1713227844108&CODE_STATE=getMsg HTTP/1.1" 200 27
124.78.157.30 - - [16/Apr/2024:08:37:29 +0800] "POST /xingrg/kc/base/wldb_list_operate.html HTTP/1.1" 200 279
124.78.157.30 - - [16/Apr/2024:08:37:31 +0800] "POST /xingrg/kc/base/wldb_list_operate.html HTTP/1.1" 200 423
116.238.97.31 - - [16/Apr/2024:08:37:33 +0800] "GET /xingrg/all/function/internal_message.html?_=1713227853349&CODE_STATE=getMsg HTTP/1.1" 200 27
172.20.0.100 - - [16/Apr/2024:08:37:33 +0800] "GET /xingrg/all/function/internal_message.html?_=1713227857393&CODE_STATE=getMsg HTTP/1.1" 200 27
116.224.254.208 - - [16/Apr/2024:08:37:34 +0800] "GET /xingrg/kc/buy/cgsh_order_operate.html?command=get_materiel&rest_code=00150&code=00101008581&supplier_code=00100096&order_time=2024-04-16 HTTP/1.1" 200 429
222.70.183.82 - - [16/Apr/2024:08:37:39 +0800] "GET /xingrg/all/function/internal_message.html?_=1713227854637&CODE_STATE=getMsg HTTP/1.1" 200 27
116.224.254.208 - - [16/Apr/2024:08:37:41 +0800] "GET /xingrg/kc/buy/cgsh_order_operate.html?command=get_materiel&rest_code=00150&code=00101012100&supplier_code=00100096&order_time=2024-04-16 HTTP/1.1" 200 413
120.253.135.82 - - [16/Apr/2024:08:37:42 +0800] "GET /xingrg/all/function/internal_message.html?_=1713227708864&CODE_STATE=getMsg HTTP/1.1" 200 27
222.70.183.82 - - [16/Apr/2024:08:37:43 +0800] "GET /xingrg/check_reg.html?_=1713227854638 HTTP/1.1" 200 22
124.78.157.30 - - [16/Apr/2024:08:37:52 +0800] "POST /xingrg/kc/base/wldb_list_operate.html HTTP/1.1" 200 220
116.224.254.208 - - [16/Apr/2024:08:37:52 +0800] "GET /xingrg/all/function/internal_message.html?_=1713227871694&CODE_STATE=getMsg HTTP/1.1" 200 27
124.78.157.30 - - [16/Apr/2024:08:37:58 +0800] "GET /xingrg/kc/base/wldb_order_add.html HTTP/1.1" 200 30386
124.78.157.30 - - [16/Apr/2024:08:37:59 +0800] "GET /xingrg/words/20240415143253_words.js HTTP/1.1" 200 1018184
124.78.157.30 - - [16/Apr/2024:08:37:59 +0800] "POST /xingrg/kc/base/wldb_order_operate.html HTTP/1.1" 200 6806
124.78.157.30 - - [16/Apr/2024:08:37:59 +0800] "GET /xingrg/all/common/auto_word.html?type=base&rest_code=00106 HTTP/1.1" 200 1799
124.78.157.30 - - [16/Apr/2024:08:37:59 +0800] "GET /xingrg/all/common/auto_word.html?type=base&rest_code=00106 HTTP/1.1" 200 1799
124.78.157.30 - - [16/Apr/2024:08:37:59 +0800] "GET /xingrg/javascript/easyui/themes/default/validatebox.css HTTP/1.1" 404 1104
124.78.157.30 - - [16/Apr/2024:08:38:00 +0800] "POST /xingrg/all/common/load_combo.html?type=base HTTP/1.1" 200 3227
116.224.254.208 - - [16/Apr/2024:08:38:04 +0800] "GET /xingrg/kc/buy/cgsh_order_operate.html?command=get_materiel&rest_code=00150&code=00101007061&supplier_code=00100096&order_time=2024-04-16 HTTP/1.1" 200 411
124.78.157.30 - - [16/Apr/2024:08:38:04 +0800] "GET /xingrg/javascript/auto/indicator.gif HTTP/1.1" 404 1066
124.78.157.30 - - [16/Apr/2024:08:38:07 +0800] "GET /xingrg/kc/base/wldb_order_operate.html?command=get_materiel&rest_code=00106&base_code=0010397&code=00102001018 HTTP/1.1" 200 429
120.253.135.82 - - [16/Apr/2024:08:38:08 +0800] "GET /xingrg/kc/pszx/mdqp_order_list.html?state=10 HTTP/1.1" 200 10319
120.253.135.82 - - [16/Apr/2024:08:38:08 +0800] "GET /xingrg/dwr/interface/AjaxReportQueryService.js HTTP/1.1" 200 13203
120.253.135.82 - - [16/Apr/2024:08:38:09 +0800] "GET /xingrg/dwr/interface/AjaxQqpsService.js HTTP/1.1" 200 16326
