120.253.135.82 - - [16/Apr/2024:09:07:28 +0800] "GET /xingrg/javascript/easyui/themes/default/validatebox.css HTTP/1.1" 404 1104
180.163.29.234 - - [16/Apr/2024:09:07:28 +0800] "GET /xingrg/all/function/internal_message.html?_=1713229575334&CODE_STATE=getMsg HTTP/1.1" 302 -
180.163.29.234 - - [16/Apr/2024:09:07:28 +0800] "GET /xingrg/login.html HTTP/1.1" 200 7641
120.253.135.82 - - [16/Apr/2024:09:07:28 +0800] "POST /xingrg/kc/pszx/mdps_order_operate.html HTTP/1.1" 200 3776
116.238.97.31 - - [16/Apr/2024:09:07:33 +0800] "GET /xingrg/all/function/internal_message.html?_=1713229653355&CODE_STATE=getMsg HTTP/1.1" 200 27
172.20.0.100 - - [16/Apr/2024:09:07:33 +0800] "GET /xingrg/all/function/internal_message.html?_=1713229657414&CODE_STATE=getMsg HTTP/1.1" 200 27
101.83.144.49 - - [16/Apr/2024:09:07:36 +0800] "GET /xingrg/all/function/internal_message.html?_=1713229415047&CODE_STATE=getMsg HTTP/1.1" 200 27
116.235.94.6 - - [16/Apr/2024:09:07:37 +0800] "GET /xingrg/all/function/internal_message.html?_=1713229689455&CODE_STATE=getMsg HTTP/1.1" 200 27
116.224.254.208 - - [16/Apr/2024:09:07:43 +0800] "GET /xingrg/kc/buy/cgsh_order_operate.html?command=get_materiel&rest_code=00150&code=00101005032&supplier_code=00100151&order_time=2024-04-16 HTTP/1.1" 200 431
222.70.183.82 - - [16/Apr/2024:09:07:49 +0800] "GET /xingrg/all/function/internal_message.html?_=1713229669735&CODE_STATE=getMsg HTTP/1.1" 200 27
116.224.254.208 - - [16/Apr/2024:09:07:52 +0800] "GET /xingrg/all/function/internal_message.html?_=1713229671542&CODE_STATE=getMsg HTTP/1.1" 200 27
101.83.144.49 - - [16/Apr/2024:09:07:52 +0800] "GET /xingrg/kc/buy/cgsh_order_operate.html?command=get_materiel&rest_code=00105&code=00101008123&supplier_code=00100008&order_time=2024-04-16 HTTP/1.1" 200 412
101.80.230.31 - - [16/Apr/2024:09:07:53 +0800] "GET /xingrg/all/function/internal_message.html?_=1713229675789&CODE_STATE=getMsg HTTP/1.1" 200 27
120.253.135.82 - - [16/Apr/2024:09:07:53 +0800] "GET /xingrg/all/function/internal_message.html?_=1713229520749&CODE_STATE=getMsg HTTP/1.1" 200 27
116.224.254.208 - - [16/Apr/2024:09:07:55 +0800] "GET /xingrg/kc/buy/cgsh_order_operate.html?command=get_materiel&rest_code=00150&code=00101005037&supplier_code=00100151&order_time=2024-04-16 HTTP/1.1" 200 409
172.20.0.100 - - [16/Apr/2024:09:08:00 +0800] "GET /xingrg/all/function/internal_message.html?_=1713229679503&CODE_STATE=getMsg HTTP/1.1" 200 27
116.224.254.208 - - [16/Apr/2024:09:08:03 +0800] "GET /xingrg/kc/buy/cgsh_order_operate.html?command=get_materiel&rest_code=00150&code=00101001069&supplier_code=00100151&order_time=2024-04-16 HTTP/1.1" 200 409
116.224.254.208 - - [16/Apr/2024:09:08:03 +0800] "GET /xingrg/all/function/internal_message.html?_=1713229683721&CODE_STATE=getMsg HTTP/1.1" 200 27
222.70.183.82 - - [16/Apr/2024:09:08:04 +0800] "GET /xingrg/kc/buy/cgsh_order_operate.html?command=get_materiel&rest_code=00111&code=00101002027&supplier_code=00100199&order_time=2024-04-16 HTTP/1.1" 200 413
116.224.254.208 - - [16/Apr/2024:09:08:14 +0800] "GET /xingrg/check_reg.html?_=1713229693642 HTTP/1.1" 200 22
222.70.183.82 - - [16/Apr/2024:09:08:14 +0800] "GET /xingrg/kc/buy/cgsh_order_operate.html?command=get_materiel&rest_code=00111&code=00101002022&supplier_code=00100199&order_time=2024-04-16 HTTP/1.1" 200 432
124.78.157.30 - - [16/Apr/2024:09:08:16 +0800] "GET /xingrg/all/function/internal_message.html?_=1713229695324&CODE_STATE=getMsg HTTP/1.1" 200 27
222.70.183.82 - - [16/Apr/2024:09:08:17 +0800] "POST /xingrg/services/DataTransmitService HTTP/1.1" 200 524
180.163.30.76 - - [16/Apr/2024:09:08:20 +0800] "GET /xingrg/all/function/internal_message.html?_=1713229635336&CODE_STATE=getMsg HTTP/1.1" 302 -
180.163.30.76 - - [16/Apr/2024:09:08:20 +0800] "GET /xingrg/login.html HTTP/1.1" 200 7641
221.239.169.251 - - [16/Apr/2024:09:08:23 +0800] "GET /xingrg/all/function/internal_message.html?_=1713229701573&CODE_STATE=getMsg HTTP/1.1" 200 27
222.69.133.71 - - [16/Apr/2024:09:08:24 +0800] "GET /xingrg/all/function/internal_message.html?_=1713229705041&CODE_STATE=getMsg HTTP/1.1" 200 27
222.70.183.82 - - [16/Apr/2024:09:08:30 +0800] "GET /xingrg/kc/buy/cgsh_order_operate.html?command=get_materiel&rest_code=00111&code=00101002005&supplier_code=00100199&order_time=2024-04-16 HTTP/1.1" 200 413
116.238.97.31 - - [16/Apr/2024:09:08:33 +0800] "GET /xingrg/all/function/internal_message.html?_=1713229713364&CODE_STATE=getMsg HTTP/1.1" 200 27
101.83.144.49 - - [16/Apr/2024:09:08:33 +0800] "GET /xingrg/kc/buy/cgsh_order_operate.html?command=get_materiel&rest_code=00105&code=00101009021&supplier_code=00100008&order_time=2024-04-16 HTTP/1.1" 200 416
172.20.0.100 - - [16/Apr/2024:09:08:33 +0800] "GET /xingrg/all/function/internal_message.html?_=1713229717413&CODE_STATE=getMsg HTTP/1.1" 200 27
172.20.0.100 - - [16/Apr/2024:09:08:33 +0800] "GET /xingrg/check_reg.html?_=1713229717414 HTTP/1.1" 200 22
101.83.144.49 - - [16/Apr/2024:09:08:36 +0800] "GET /xingrg/all/function/internal_message.html?_=1713229475048&CODE_STATE=getMsg HTTP/1.1" 200 27
116.235.94.6 - - [16/Apr/2024:09:08:37 +0800] "GET /xingrg/all/function/internal_message.html?_=1713229749453&CODE_STATE=getMsg HTTP/1.1" 200 27
222.70.183.82 - - [16/Apr/2024:09:08:49 +0800] "GET /xingrg/all/function/internal_message.html?_=1713229729734&CODE_STATE=getMsg HTTP/1.1" 200 27
222.70.183.82 - - [16/Apr/2024:09:08:50 +0800] "POST /xingrg/kc/buy/cgsh_order_operate.html HTTP/1.1" 200 37
116.224.254.208 - - [16/Apr/2024:09:08:52 +0800] "GET /xingrg/all/function/internal_message.html?_=1713229731533&CODE_STATE=getMsg HTTP/1.1" 200 27
222.70.183.82 - - [16/Apr/2024:09:08:52 +0800] "POST /xingrg/kc/buy/cgsh_order_operate.html HTTP/1.1" 200 3847
101.80.230.31 - - [16/Apr/2024:09:08:53 +0800] "GET /xingrg/all/function/internal_message.html?_=1713229735788&CODE_STATE=getMsg HTTP/1.1" 200 27
120.253.135.82 - - [16/Apr/2024:09:08:54 +0800] "GET /xingrg/all/function/internal_message.html?_=1713229580763&CODE_STATE=getMsg HTTP/1.1" 200 27
222.70.183.82 - - [16/Apr/2024:09:08:55 +0800] "GET /xingrg/kc/print/load_data.html?order_code=212024041604071&kc_code=cgsh&condition= HTTP/1.1" 200 1119
172.20.0.100 - - [16/Apr/2024:09:09:00 +0800] "GET /xingrg/all/function/internal_message.html?_=1713229739505&CODE_STATE=getMsg HTTP/1.1" 200 27
101.83.144.49 - - [16/Apr/2024:09:09:03 +0800] "POST /xingrg/kc/buy/cgsh_order_operate.html HTTP/1.1" 200 37
116.224.254.208 - - [16/Apr/2024:09:09:03 +0800] "GET /xingrg/all/function/internal_message.html?_=1713229743703&CODE_STATE=getMsg HTTP/1.1" 200 27
101.83.144.49 - - [16/Apr/2024:09:09:05 +0800] "POST /xingrg/kc/buy/cgsh_order_operate.html HTTP/1.1" 200 15058
222.70.183.82 - - [16/Apr/2024:09:09:06 +0800] "GET /xingrg/kc/buy/cgsh_order_add.html HTTP/1.1" 200 73902
222.70.183.82 - - [16/Apr/2024:09:09:06 +0800] "POST /xingrg/kc/buy/cgsh_order_operate.html HTTP/1.1" 200 8245
222.70.183.82 - - [16/Apr/2024:09:09:06 +0800] "GET /xingrg/javascript/easyui/themes/default/validatebox.css HTTP/1.1" 404 1104
124.78.157.30 - - [16/Apr/2024:09:09:16 +0800] "GET /xingrg/all/function/internal_message.html?_=1713229755326&CODE_STATE=getMsg HTTP/1.1" 200 27
221.239.169.251 - - [16/Apr/2024:09:09:23 +0800] "GET /xingrg/all/function/internal_message.html?_=1713229761574&CODE_STATE=getMsg HTTP/1.1" 200 27
222.69.133.71 - - [16/Apr/2024:09:09:24 +0800] "GET /xingrg/check_reg.html?_=1713229765061 HTTP/1.1" 200 22
222.69.133.71 - - [16/Apr/2024:09:09:24 +0800] "GET /xingrg/all/function/internal_message.html?_=1713229765064&CODE_STATE=getMsg HTTP/1.1" 200 27
116.238.97.31 - - [16/Apr/2024:09:09:33 +0800] "GET /xingrg/check_reg.html?_=1713229773361 HTTP/1.1" 200 22
116.238.97.31 - - [16/Apr/2024:09:09:33 +0800] "GET /xingrg/all/function/internal_message.html?_=1713229773365&CODE_STATE=getMsg HTTP/1.1" 200 27
172.20.0.100 - - [16/Apr/2024:09:09:33 +0800] "GET /xingrg/all/function/internal_message.html?_=1713229777412&CODE_STATE=getMsg HTTP/1.1" 200 27
101.83.144.49 - - [16/Apr/2024:09:09:33 +0800] "GET /xingrg/kc/buy/cgsh_order_operate.html?command=get_materiel&rest_code=00105&code=00101008038&supplier_code=00100008&order_time=2024-04-16 HTTP/1.1" 200 412
116.238.97.31 - - [16/Apr/2024:09:09:34 +0800] "GET /favicon.ico HTTP/1.1" 404 -
101.83.144.49 - - [16/Apr/2024:09:09:36 +0800] "GET /xingrg/all/function/internal_message.html?_=1713229535038&CODE_STATE=getMsg HTTP/1.1" 200 27
116.235.94.6 - - [16/Apr/2024:09:09:37 +0800] "GET /xingrg/all/function/internal_message.html?_=1713229809451&CODE_STATE=getMsg HTTP/1.1" 200 27
180.163.30.85 - - [16/Apr/2024:09:09:47 +0800] "GET /xingrg/check_reg.html?_=1713228975307 HTTP/1.1" 302 -
180.163.30.85 - - [16/Apr/2024:09:09:47 +0800] "GET /xingrg/login.html HTTP/1.1" 200 7641
222.70.183.82 - - [16/Apr/2024:09:09:49 +0800] "GET /xingrg/all/function/internal_message.html?_=1713229789744&CODE_STATE=getMsg HTTP/1.1" 200 27
116.224.254.208 - - [16/Apr/2024:09:09:52 +0800] "GET /xingrg/all/function/internal_message.html?_=1713229791518&CODE_STATE=getMsg HTTP/1.1" 200 27
101.80.230.31 - - [16/Apr/2024:09:09:53 +0800] "GET /xingrg/all/function/internal_message.html?_=1713229795787&CODE_STATE=getMsg HTTP/1.1" 200 27
101.80.230.31 - - [16/Apr/2024:09:09:53 +0800] "GET /xingrg/check_reg.html?_=1713229795795 HTTP/1.1" 200 22
120.253.135.82 - - [16/Apr/2024:09:09:54 +0800] "GET /xingrg/all/function/internal_message.html?_=1713229640818&CODE_STATE=getMsg HTTP/1.1" 200 27
116.238.97.31 - - [16/Apr/2024:09:09:56 +0800] "GET /xingrg/login.html HTTP/1.1" 200 7641
222.70.183.82 - - [16/Apr/2024:09:09:56 +0800] "GET /xingrg/kc/buy/cgsh_order_operate.html?command=get_materiel&rest_code=00111&code=00101029024&supplier_code=00100017&order_time=2024-04-16 HTTP/1.1" 200 440
116.238.97.31 - - [16/Apr/2024:09:09:57 +0800] "GET /favicon.ico HTTP/1.1" 404 -
172.20.0.100 - - [16/Apr/2024:09:10:00 +0800] "GET /xingrg/all/function/internal_message.html?_=1713229799507&CODE_STATE=getMsg HTTP/1.1" 200 27
116.238.97.31 - - [16/Apr/2024:09:10:03 +0800] "POST /xingrg/login.do HTTP/1.1" 302 -
116.238.97.31 - - [16/Apr/2024:09:10:03 +0800] "GET /xingrg/index.html?sysBaseUrl=http%3A%2F%2F180.169.147.146%3A18081%2Fxingrg%2F&costTime=832×tamp=1713229803225 HTTP/1.1" 200 17503
116.238.97.31 - - [16/Apr/2024:09:10:03 +0800] "GET /favicon.ico HTTP/1.1" 404 -
116.224.254.208 - - [16/Apr/2024:09:10:03 +0800] "GET /xingrg/all/function/internal_message.html?_=1713229803709&CODE_STATE=getMsg HTTP/1.1" 200 27
116.238.97.31 - - [16/Apr/2024:09:10:03 +0800] "GET /xingrg/check_reg.html?_=1713229802894 HTTP/1.1" 200 22
116.238.97.31 - - [16/Apr/2024:09:10:03 +0800] "POST /xingrg/all/common/load_tree.html?tree=area_rest_tree_json&manage=1 HTTP/1.1" 200 3624
116.238.97.31 - - [16/Apr/2024:09:10:03 +0800] "GET /xingrg/all/function/internal_message.html?_=1713229802893&CODE_STATE=count HTTP/1.1" 200 11
116.238.97.31 - - [16/Apr/2024:09:10:03 +0800] "POST /xingrg/load_menu.html HTTP/1.1" 200 11443
101.83.144.49 - - [16/Apr/2024:09:10:05 +0800] "GET /xingrg/kc/buy/cgsh_order_operate.html?command=get_materiel&rest_code=00105&code=00101008283&supplier_code=00100008&order_time=2024-04-16 HTTP/1.1" 200 408
116.238.97.31 - - [16/Apr/2024:09:10:10 +0800] "POST /xingrg/all/user/operate.html HTTP/1.1" 200 36
116.238.97.31 - - [16/Apr/2024:09:10:10 +0800] "GET /xingrg/javascript/jquery_easy_ui/themes/default/easyui.css HTTP/1.1" 304 -
116.238.97.31 - - [16/Apr/2024:09:10:10 +0800] "GET /xingrg/index.html?sysBaseUrl=http%3A%2F%2F180.169.147.146%3A18081%2Fxingrg%2F&costTime=832×tamp=1713229803225 HTTP/1.1" 200 17503
116.238.97.31 - - [16/Apr/2024:09:10:10 +0800] "GET /xingrg/javascript/jquery_easy_ui/themes/icon.css HTTP/1.1" 304 -
116.238.97.31 - - [16/Apr/2024:09:10:10 +0800] "GET /xingrg/css/form.css HTTP/1.1" 304 -
116.238.97.31 - - [16/Apr/2024:09:10:10 +0800] "GET /xingrg/javascript/jquery-1.4.2.min.js HTTP/1.1" 304 -
116.238.97.31 - - [16/Apr/2024:09:10:10 +0800] "GET /xingrg/javascript/jquery_easy_ui/jquery.easyui.min.js HTTP/1.1" 304 -
116.238.97.31 - - [16/Apr/2024:09:10:10 +0800] "GET /xingrg/javascript/jquery_easy_ui/easyui-lang-zh_CN.js HTTP/1.1" 304 -
116.238.97.31 - - [16/Apr/2024:09:10:10 +0800] "GET /xingrg/javascript/jquery.form.js HTTP/1.1" 304 -
116.238.97.31 - - [16/Apr/2024:09:10:10 +0800] "GET /xingrg/javascript/jquery.utils.js HTTP/1.1" 304 -
116.238.97.31 - - [16/Apr/2024:09:10:10 +0800] "GET /xingrg/javascript/jquery.timers.js HTTP/1.1" 304 -
116.238.97.31 - - [16/Apr/2024:09:10:10 +0800] "GET /xingrg/images/blue/jxLogo.png HTTP/1.1" 304 -
116.238.97.31 - - [16/Apr/2024:09:10:10 +0800] "GET /xingrg/images/blue/navBackgound.jpg HTTP/1.1" 304 -
116.238.97.31 - - [16/Apr/2024:09:10:10 +0800] "GET /xingrg/javascript/jquery_easy_ui/themes/icons/settle_new.png HTTP/1.1" 304 -
116.238.97.31 - - [16/Apr/2024:09:10:10 +0800] "GET /xingrg/all/function/internal_message.html?_=1713229810062&CODE_STATE=count HTTP/1.1" 200 11
116.238.97.31 - - [16/Apr/2024:09:10:10 +0800] "GET /xingrg/check_reg.html?_=1713229810063 HTTP/1.1" 200 22
116.238.97.31 - - [16/Apr/2024:09:10:10 +0800] "GET /xingrg/javascript/jquery_easy_ui/themes/default/images/tabs_rightarrow.png HTTP/1.1" 304 -
116.238.97.31 - - [16/Apr/2024:09:10:10 +0800] "GET /xingrg/javascript/jquery_easy_ui/themes/default/images/panel_tool_expand.gif HTTP/1.1" 304 -
116.238.97.31 - - [16/Apr/2024:09:10:10 +0800] "GET /xingrg/javascript/jquery_easy_ui/themes/default/images/tabs_leftarrow.png HTTP/1.1" 304 -
116.238.97.31 - - [16/Apr/2024:09:10:10 +0800] "GET /xingrg/images/blue/pingpu.png HTTP/1.1" 304 -
116.238.97.31 - - [16/Apr/2024:09:10:10 +0800] "GET /xingrg/javascript/jquery_easy_ui/themes/default/images/panel_tool_collapse.gif HTTP/1.1" 304 -
116.238.97.31 - - [16/Apr/2024:09:10:11 +0800] "POST /xingrg/all/common/load_tree.html?tree=area_rest_tree_json&manage=1 HTTP/1.1" 200 3624
116.238.97.31 - - [16/Apr/2024:09:10:11 +0800] "POST /xingrg/load_menu.html HTTP/1.1" 200 9959
222.70.183.82 - - [16/Apr/2024:09:10:16 +0800] "GET /xingrg/kc/buy/cgsh_order_operate.html?command=get_materiel&rest_code=00111&code=00101029017&supplier_code=00100017&order_time=2024-04-16 HTTP/1.1" 200 448
124.78.157.30 - - [16/Apr/2024:09:10:16 +0800] "GET /xingrg/all/function/internal_message.html?_=1713229815331&CODE_STATE=getMsg HTTP/1.1" 200 27
180.163.28.114 - - [16/Apr/2024:09:10:17 +0800] "GET /xingrg/all/function/internal_message.html?_=1713229755326&CODE_STATE=getMsg HTTP/1.1" 302 -
180.163.28.114 - - [16/Apr/2024:09:10:18 +0800] "GET /xingrg/login.html HTTP/1.1" 200 7641
221.239.169.251 - - [16/Apr/2024:09:10:23 +0800] "GET /xingrg/all/function/internal_message.html?_=1713229821574&CODE_STATE=getMsg HTTP/1.1" 200 27
221.239.169.251 - - [16/Apr/2024:09:10:23 +0800] "GET /xingrg/check_reg.html?_=1713229821576 HTTP/1.1" 200 22
222.69.133.71 - - [16/Apr/2024:09:10:24 +0800] "GET /xingrg/all/function/internal_message.html?_=1713229825042&CODE_STATE=getMsg HTTP/1.1" 200 27
116.238.97.31 - - [16/Apr/2024:09:10:30 +0800] "GET /xingrg/kc/buy/cgsh_order_list.html HTTP/1.1" 200 58389
116.238.97.31 - - [16/Apr/2024:09:10:33 +0800] "GET /xingrg/all/function/internal_message.html?_=1713229833360&CODE_STATE=getMsg HTTP/1.1" 200 27
172.20.0.100 - - [16/Apr/2024:09:10:33 +0800] "GET /xingrg/all/function/internal_message.html?_=1713229837411&CODE_STATE=getMsg HTTP/1.1" 200 27
116.238.97.31 - - [16/Apr/2024:09:10:33 +0800] "POST /xingrg/kc/buy/cgsh_list_operate.html HTTP/1.1" 200 645
116.238.97.31 - - [16/Apr/2024:09:10:36 +0800] "GET /xingrg/javascript/jquery_tools/images/next.gif HTTP/1.1" 404 1086
116.238.97.31 - - [16/Apr/2024:09:10:36 +0800] "GET /xingrg/javascript/jquery_tools/images/prev.gif HTTP/1.1" 404 1086
222.70.183.82 - - [16/Apr/2024:09:10:36 +0800] "GET /xingrg/kc/buy/cgsh_order_operate.html?command=get_materiel&rest_code=00111&code=00101029010&supplier_code=00100017&order_time=2024-04-16 HTTP/1.1" 200 440
101.83.144.49 - - [16/Apr/2024:09:10:36 +0800] "GET /xingrg/all/function/internal_message.html?_=1713229595047&CODE_STATE=getMsg HTTP/1.1" 200 27
116.235.94.6 - - [16/Apr/2024:09:10:37 +0800] "GET /xingrg/all/function/internal_message.html?_=1713229869450&CODE_STATE=getMsg HTTP/1.1" 200 27
101.83.144.49 - - [16/Apr/2024:09:10:37 +0800] "GET /xingrg/kc/buy/cgsh_order_operate.html?command=get_materiel&rest_code=00105&code=00101008502&supplier_code=00100008&order_time=2024-04-16 HTTP/1.1" 200 412
116.238.97.31 - - [16/Apr/2024:09:10:44 +0800] "POST /xingrg/kc/buy/cgsh_list_operate.html HTTP/1.1" 200 2271
101.80.230.31 - - [16/Apr/2024:09:10:44 +0800] "POST /xingrg/services/DataTransmitService HTTP/1.1" 200 524
116.238.97.31 - - [16/Apr/2024:09:10:47 +0800] "POST /xingrg/kc/buy/cgsh_list_operate.html HTTP/1.1" 200 571
116.238.97.31 - - [16/Apr/2024:09:10:48 +0800] "POST /xingrg/kc/buy/cgsh_list_operate.html HTTP/1.1" 200 566
222.70.183.82 - - [16/Apr/2024:09:10:49 +0800] "GET /xingrg/all/function/internal_message.html?_=1713229849741&CODE_STATE=getMsg HTTP/1.1" 200 27
116.224.254.208 - - [16/Apr/2024:09:10:52 +0800] "GET /xingrg/all/function/internal_message.html?_=1713229851495&CODE_STATE=getMsg HTTP/1.1" 200 27
101.80.230.31 - - [16/Apr/2024:09:10:53 +0800] "GET /xingrg/all/function/internal_message.html?_=1713229855780&CODE_STATE=getMsg HTTP/1.1" 200 27
120.253.135.82 - - [16/Apr/2024:09:10:54 +0800] "GET /xingrg/all/function/internal_message.html?_=1713229700821&CODE_STATE=getMsg HTTP/1.1" 200 27
222.70.183.82 - - [16/Apr/2024:09:10:54 +0800] "GET /xingrg/kc/buy/cgsh_order_operate.html?command=get_materiel&rest_code=00111&code=00101028012&supplier_code=00100017&order_time=2024-04-16 HTTP/1.1" 200 456
101.83.144.49 - - [16/Apr/2024:09:10:57 +0800] "GET /xingrg/kc/buy/cgsh_order_operate.html?command=get_materiel&rest_code=00105&code=00101008271&supplier_code=00100008&order_time=2024-04-16 HTTP/1.1" 200 408
116.238.97.31 - - [16/Apr/2024:09:10:58 +0800] "POST /xingrg/kc/buy/cgsh_list_operate.html HTTP/1.1" 200 4
172.20.0.100 - - [16/Apr/2024:09:11:00 +0800] "GET /xingrg/all/function/internal_message.html?_=1713229859510&CODE_STATE=getMsg HTTP/1.1" 200 27
172.20.0.100 - - [16/Apr/2024:09:11:00 +0800] "GET /xingrg/check_reg.html?_=1713229859512 HTTP/1.1" 200 22
101.83.144.49 - - [16/Apr/2024:09:11:01 +0800] "POST /xingrg/kc/buy/cgsh_order_operate.html HTTP/1.1" 200 2065
116.224.254.208 - - [16/Apr/2024:09:11:03 +0800] "GET /xingrg/all/function/internal_message.html?_=1713229863706&CODE_STATE=getMsg HTTP/1.1" 200 27
222.70.183.82 - - [16/Apr/2024:09:11:09 +0800] "GET /xingrg/kc/buy/cgsh_order_operate.html?command=get_materiel&rest_code=00111&code=00101029011&supplier_code=00100017&order_time=2024-04-16 HTTP/1.1" 200 460
116.238.97.31 - - [16/Apr/2024:09:11:10 +0800] "GET /xingrg/all/function/internal_message.html?_=1713229870068&CODE_STATE=getMsg HTTP/1.1" 200 27
116.238.97.31 - - [16/Apr/2024:09:11:11 +0800] "POST /xingrg/kc/buy/cgsh_list_operate.html HTTP/1.1" 200 1674
116.238.97.31 - - [16/Apr/2024:09:11:12 +0800] "POST /xingrg/all/user/operate.html HTTP/1.1" 200 36
116.238.97.31 - - [16/Apr/2024:09:11:12 +0800] "GET /xingrg/index.html?sysBaseUrl=http%3A%2F%2F180.169.147.146%3A18081%2Fxingrg%2F&costTime=832×tamp=1713229803225 HTTP/1.1" 200 17509
116.238.97.31 - - [16/Apr/2024:09:11:13 +0800] "GET /xingrg/javascript/jquery_easy_ui/themes/default/easyui.css HTTP/1.1" 304 -
116.238.97.31 - - [16/Apr/2024:09:11:13 +0800] "GET /xingrg/javascript/jquery_easy_ui/themes/icon.css HTTP/1.1" 304 -
116.238.97.31 - - [16/Apr/2024:09:11:13 +0800] "GET /xingrg/css/form.css HTTP/1.1" 304 -
116.238.97.31 - - [16/Apr/2024:09:11:13 +0800] "GET /xingrg/javascript/jquery-1.4.2.min.js HTTP/1.1" 304 -
116.238.97.31 - - [16/Apr/2024:09:11:13 +0800] "GET /xingrg/javascript/jquery_easy_ui/jquery.easyui.min.js HTTP/1.1" 304 -
116.238.97.31 - - [16/Apr/2024:09:11:13 +0800] "GET /xingrg/javascript/jquery_easy_ui/easyui-lang-zh_CN.js HTTP/1.1" 304 -
116.238.97.31 - - [16/Apr/2024:09:11:13 +0800] "GET /xingrg/javascript/jquery.form.js HTTP/1.1" 304 -
116.238.97.31 - - [16/Apr/2024:09:11:13 +0800] "GET /xingrg/javascript/jquery.utils.js HTTP/1.1" 304 -
116.238.97.31 - - [16/Apr/2024:09:11:13 +0800] "GET /xingrg/javascript/jquery.timers.js HTTP/1.1" 304 -
116.238.97.31 - - [16/Apr/2024:09:11:13 +0800] "GET /xingrg/images/blue/jxLogo.png HTTP/1.1" 304 -
116.238.97.31 - - [16/Apr/2024:09:11:13 +0800] "GET /xingrg/images/blue/navBackgound.jpg HTTP/1.1" 304 -
116.238.97.31 - - [16/Apr/2024:09:11:13 +0800] "GET /xingrg/javascript/jquery_easy_ui/themes/icons/settle_new.png HTTP/1.1" 304 -
116.238.97.31 - - [16/Apr/2024:09:11:13 +0800] "GET /xingrg/all/function/internal_message.html?_=1713229872402&CODE_STATE=count HTTP/1.1" 200 11
116.238.97.31 - - [16/Apr/2024:09:11:13 +0800] "GET /xingrg/check_reg.html?_=1713229872404 HTTP/1.1" 200 22
116.238.97.31 - - [16/Apr/2024:09:11:13 +0800] "GET /xingrg/javascript/jquery_easy_ui/themes/default/images/panel_tool_expand.gif HTTP/1.1" 304 -
116.238.97.31 - - [16/Apr/2024:09:11:13 +0800] "GET /xingrg/javascript/jquery_easy_ui/themes/default/images/tabs_leftarrow.png HTTP/1.1" 304 -
116.238.97.31 - - [16/Apr/2024:09:11:13 +0800] "GET /xingrg/javascript/jquery_easy_ui/themes/default/images/panel_tool_collapse.gif HTTP/1.1" 304 -
116.238.97.31 - - [16/Apr/2024:09:11:13 +0800] "GET /xingrg/images/blue/pingpu.png HTTP/1.1" 304 -
116.238.97.31 - - [16/Apr/2024:09:11:13 +0800] "GET /xingrg/javascript/jquery_easy_ui/themes/default/images/tabs_rightarrow.png HTTP/1.1" 304 -
116.238.97.31 - - [16/Apr/2024:09:11:13 +0800] "POST /xingrg/all/common/load_tree.html?tree=area_rest_tree_json&manage=1 HTTP/1.1" 200 3624
116.238.97.31 - - [16/Apr/2024:09:11:13 +0800] "POST /xingrg/load_menu.html HTTP/1.1" 200 9959
101.83.144.49 - - [16/Apr/2024:09:11:13 +0800] "GET /xingrg/kc/buy/cgsh_order_operate.html?command=get_materiel&rest_code=00105&code=00101008131&supplier_code=00100008&order_time=2024-04-16 HTTP/1.1" 200 408
124.78.157.30 - - [16/Apr/2024:09:11:16 +0800] "GET /xingrg/all/function/internal_message.html?_=1713229875334&CODE_STATE=getMsg HTTP/1.1" 200 27
124.78.157.30 - - [16/Apr/2024:09:11:16 +0800] "GET /xingrg/check_reg.html?_=1713229875340 HTTP/1.1" 200 22
180.163.28.180 - - [16/Apr/2024:09:11:17 +0800] "GET /xingrg/all/function/internal_message.html?_=1713229815331&CODE_STATE=getMsg HTTP/1.1" 302 -
180.163.28.180 - - [16/Apr/2024:09:11:17 +0800] "GET /xingrg/login.html HTTP/1.1" 200 7641
221.239.169.251 - - [16/Apr/2024:09:11:23 +0800] "GET /xingrg/all/function/internal_message.html?_=1713229881578&CODE_STATE=getMsg HTTP/1.1" 200 27
222.69.133.71 - - [16/Apr/2024:09:11:24 +0800] "GET /xingrg/all/function/internal_message.html?_=1713229885050&CODE_STATE=getMsg HTTP/1.1" 200 27
116.238.97.31 - - [16/Apr/2024:09:11:26 +0800] "GET /xingrg/kc/buy/cgsh_order_list.html HTTP/1.1" 200 58395
222.70.183.82 - - [16/Apr/2024:09:11:27 +0800] "GET /xingrg/kc/buy/cgsh_order_operate.html?command=get_materiel&rest_code=00111&code=00101029002&supplier_code=00100017&order_time=2024-04-16 HTTP/1.1" 200 450
116.238.97.31 - - [16/Apr/2024:09:11:29 +0800] "POST /xingrg/kc/buy/cgsh_list_operate.html HTTP/1.1" 200 645
116.238.97.31 - - [16/Apr/2024:09:11:30 +0800] "GET /xingrg/javascript/jquery_tools/images/prev.gif HTTP/1.1" 404 1086
116.238.97.31 - - [16/Apr/2024:09:11:30 +0800] "GET /xingrg/javascript/jquery_tools/images/next.gif HTTP/1.1" 404 1086
120.253.135.82 - - [16/Apr/2024:09:11:32 +0800] "GET /xingrg/check_reg.html?_=1713229738913 HTTP/1.1" 200 22
116.238.97.31 - - [16/Apr/2024:09:11:33 +0800] "GET /xingrg/all/function/internal_message.html?_=1713229893355&CODE_STATE=getMsg HTTP/1.1" 200 27
172.20.0.100 - - [16/Apr/2024:09:11:33 +0800] "GET /xingrg/all/function/internal_message.html?_=1713229897410&CODE_STATE=getMsg HTTP/1.1" 200 27
116.224.254.208 - - [16/Apr/2024:09:11:33 +0800] "POST /xingrg/kc/buy/cgsh_order_operate.html HTTP/1.1" 200 37
101.83.144.49 - - [16/Apr/2024:09:11:33 +0800] "GET /xingrg/kc/buy/cgsh_order_operate.html?command=get_materiel&rest_code=00105&code=00101008361&supplier_code=00100008&order_time=2024-04-16 HTTP/1.1" 200 408
101.83.144.49 - - [16/Apr/2024:09:11:36 +0800] "GET /xingrg/check_reg.html?_=1713229655140 HTTP/1.1" 200 22
101.83.144.49 - - [16/Apr/2024:09:11:36 +0800] "GET /xingrg/all/function/internal_message.html?_=1713229655141&CODE_STATE=getMsg HTTP/1.1" 200 27
116.235.94.6 - - [16/Apr/2024:09:11:37 +0800] "GET /xingrg/all/function/internal_message.html?_=1713229929447&CODE_STATE=getMsg HTTP/1.1" 200 27
116.235.94.6 - - [16/Apr/2024:09:11:37 +0800] "GET /xingrg/check_reg.html?_=1713229929448 HTTP/1.1" 200 22
222.70.183.82 - - [16/Apr/2024:09:11:41 +0800] "GET /xingrg/kc/buy/cgsh_order_operate.html?command=get_materiel&rest_code=00111&code=00101028016&supplier_code=00100017&order_time=2024-04-16 HTTP/1.1" 200 447
116.224.254.208 - - [16/Apr/2024:09:11:41 +0800] "POST /xingrg/kc/buy/cgsh_order_operate.html HTTP/1.1" 200 12
116.224.254.208 - - [16/Apr/2024:09:11:43 +0800] "GET /xingrg/kc/buy/cgsh_order_info.html?code=212024041604073 HTTP/1.1" 200 68852
116.224.254.208 - - [16/Apr/2024:09:11:44 +0800] "GET /xingrg/javascript/easyui/themes/default/validatebox.css HTTP/1.1" 404 1104
116.224.254.208 - - [16/Apr/2024:09:11:45 +0800] "POST /xingrg/kc/buy/cgsh_order_operate.html HTTP/1.1" 200 2369
116.238.97.31 - - [16/Apr/2024:09:11:45 +0800] "POST /xingrg/kc/buy/cgsh_list_operate.html HTTP/1.1" 200 4421
101.83.144.49 - - [16/Apr/2024:09:11:48 +0800] "GET /xingrg/kc/buy/cgsh_order_operate.html?command=get_materiel&rest_code=00105&code=00101008355&supplier_code=00100008&order_time=2024-04-16 HTTP/1.1" 200 408
222.70.183.82 - - [16/Apr/2024:09:11:49 +0800] "GET /xingrg/check_reg.html?_=1713229909735 HTTP/1.1" 200 22
222.70.183.82 - - [16/Apr/2024:09:11:49 +0800] "GET /xingrg/all/function/internal_message.html?_=1713229909736&CODE_STATE=getMsg HTTP/1.1" 200 27
116.224.254.208 - - [16/Apr/2024:09:11:52 +0800] "GET /xingrg/all/function/internal_message.html?_=1713229911475&CODE_STATE=getMsg HTTP/1.1" 200 27
101.80.230.31 - - [16/Apr/2024:09:11:53 +0800] "GET /xingrg/all/function/internal_message.html?_=1713229915780&CODE_STATE=getMsg HTTP/1.1" 200 27
120.253.135.82 - - [16/Apr/2024:09:11:54 +0800] "GET /xingrg/all/function/internal_message.html?_=1713229760835&CODE_STATE=getMsg HTTP/1.1" 200 27
116.238.97.31 - - [16/Apr/2024:09:11:57 +0800] "POST /xingrg/kc/buy/cgsh_list_operate.html HTTP/1.1" 200 4573
222.70.183.82 - - [16/Apr/2024:09:11:58 +0800] "GET /xingrg/kc/buy/cgsh_order_operate.html?command=get_materiel&rest_code=00111&code=00101027001&supplier_code=00100017&order_time=2024-04-16 HTTP/1.1" 200 469
172.20.0.100 - - [16/Apr/2024:09:12:00 +0800] "GET /xingrg/all/function/internal_message.html?_=1713229919518&CODE_STATE=getMsg HTTP/1.1" 200 27
116.224.254.208 - - [16/Apr/2024:09:12:03 +0800] "GET /xingrg/check_reg.html?_=1713229923718 HTTP/1.1" 200 22
116.224.254.208 - - [16/Apr/2024:09:12:03 +0800] "GET /xingrg/all/function/internal_message.html?_=1713229923719&CODE_STATE=getMsg HTTP/1.1" 200 27
116.238.97.31 - - [16/Apr/2024:09:12:05 +0800] "POST /xingrg/kc/buy/cgsh_list_operate.html HTTP/1.1" 200 2226
101.83.144.49 - - [16/Apr/2024:09:12:05 +0800] "GET /xingrg/kc/buy/cgsh_order_operate.html?command=get_materiel&rest_code=00105&code=00101008356&supplier_code=00100008&order_time=2024-04-16 HTTP/1.1" 200 408
116.238.97.31 - - [16/Apr/2024:09:12:13 +0800] "GET /xingrg/all/function/internal_message.html?_=1713229932415&CODE_STATE=getMsg HTTP/1.1" 200 27
124.78.157.30 - - [16/Apr/2024:09:12:16 +0800] "GET /xingrg/all/function/internal_message.html?_=1713229935328&CODE_STATE=getMsg HTTP/1.1" 200 27
101.83.144.49 - - [16/Apr/2024:09:12:18 +0800] "GET /xingrg/kc/buy/cgsh_order_operate.html?command=get_materiel&rest_code=00105&code=00101008137&supplier_code=00100008&order_time=2024-04-16 HTTP/1.1" 200 408
222.70.183.82 - - [16/Apr/2024:09:12:22 +0800] "GET /xingrg/kc/buy/cgsh_order_operate.html?command=get_materiel&rest_code=00111&code=00101027074&supplier_code=00100017&order_time=2024-04-16 HTTP/1.1" 200 420
101.83.144.49 - - [16/Apr/2024:09:12:22 +0800] "POST /xingrg/kc/buy/cgsh_order_operate.html HTTP/1.1" 200 2065
221.239.169.251 - - [16/Apr/2024:09:12:23 +0800] "GET /xingrg/all/function/internal_message.html?_=1713229941576&CODE_STATE=getMsg HTTP/1.1" 200 27
222.69.133.71 - - [16/Apr/2024:09:12:24 +0800] "GET /xingrg/all/function/internal_message.html?_=1713229945054&CODE_STATE=getMsg HTTP/1.1" 200 27
116.224.254.208 - - [16/Apr/2024:09:12:29 +0800] "GET /xingrg/images/yd/bt.gif HTTP/1.1" 404 1040
116.238.97.31 - - [16/Apr/2024:09:12:33 +0800] "GET /xingrg/all/function/internal_message.html?_=1713229953349&CODE_STATE=getMsg HTTP/1.1" 200 27
172.20.0.100 - - [16/Apr/2024:09:12:33 +0800] "GET /xingrg/all/function/internal_message.html?_=1713229957425&CODE_STATE=getMsg HTTP/1.1" 200 27
101.83.144.49 - - [16/Apr/2024:09:12:36 +0800] "GET /xingrg/all/function/internal_message.html?_=1713229715120&CODE_STATE=getMsg HTTP/1.1" 200 27
180.163.30.76 - - [16/Apr/2024:09:12:37 +0800] "GET /xingrg/all/function/internal_message.html?_=1713229875334&CODE_STATE=getMsg HTTP/1.1" 302 -
180.163.30.76 - - [16/Apr/2024:09:12:37 +0800] "GET /xingrg/login.html HTTP/1.1" 200 7641
116.235.94.6 - - [16/Apr/2024:09:12:37 +0800] "GET /xingrg/all/function/internal_message.html?_=1713229989446&CODE_STATE=getMsg HTTP/1.1" 200 27
101.83.144.49 - - [16/Apr/2024:09:12:40 +0800] "GET /xingrg/kc/buy/cgsh_order_operate.html?command=get_materiel&rest_code=00105&code=00101008169&supplier_code=00100008&order_time=2024-04-16 HTTP/1.1" 200 412
116.224.254.208 - - [16/Apr/2024:09:12:42 +0800] "GET /xingrg/kc/print/load_data.html?order_code=212024041604073&kc_code=cgsh&condition= HTTP/1.1" 200 1348
120.253.135.82 - - [16/Apr/2024:09:12:47 +0800] "POST /xingrg/kc/pszx/mdps_order_operate.html HTTP/1.1" 200 37
120.253.135.82 - - [16/Apr/2024:09:12:49 +0800] "GET /xingrg/kc/pszx/mdps_order_info.html?code=312024041600264 HTTP/1.1" 200 23978
120.253.135.82 - - [16/Apr/2024:09:12:49 +0800] "GET /xingrg/javascript/easyui/themes/default/validatebox.css HTTP/1.1" 404 1104
180.163.30.76 - - [16/Apr/2024:09:12:49 +0800] "GET /xingrg/check_reg.html?_=1713229875340 HTTP/1.1" 302 -
180.163.30.76 - - [16/Apr/2024:09:12:49 +0800] "GET /xingrg/login.html HTTP/1.1" 200 7641
222.70.183.82 - - [16/Apr/2024:09:12:49 +0800] "GET /xingrg/all/function/internal_message.html?_=1713229969746&CODE_STATE=getMsg HTTP/1.1" 200 27
120.253.135.82 - - [16/Apr/2024:09:12:50 +0800] "POST /xingrg/kc/pszx/mdps_order_operate.html HTTP/1.1" 200 3776
116.224.254.208 - - [16/Apr/2024:09:12:52 +0800] "GET /xingrg/all/function/internal_message.html?_=1713229971466&CODE_STATE=getMsg HTTP/1.1" 200 27
101.80.230.31 - - [16/Apr/2024:09:12:53 +0800] "GET /xingrg/all/function/internal_message.html?_=1713229975794&CODE_STATE=getMsg HTTP/1.1" 200 27
120.253.135.82 - - [16/Apr/2024:09:12:54 +0800] "GET /xingrg/all/function/internal_message.html?_=1713229820848&CODE_STATE=getMsg HTTP/1.1" 200 27
222.70.183.82 - - [16/Apr/2024:09:12:54 +0800] "POST /xingrg/kc/buy/cgsh_order_operate.html HTTP/1.1" 200 37
120.253.135.82 - - [16/Apr/2024:09:12:59 +0800] "GET /xingrg/kc/pszx/mdqp_order_list.html?state=10 HTTP/1.1" 200 10319
120.253.135.82 - - [16/Apr/2024:09:12:59 +0800] "GET /xingrg/dwr/interface/AjaxQqpsService.js HTTP/1.1" 200 16326
120.253.135.82 - - [16/Apr/2024:09:12:59 +0800] "GET /xingrg/dwr/interface/AjaxReportQueryService.js HTTP/1.1" 200 13203
120.253.135.82 - - [16/Apr/2024:09:12:59 +0800] "GET /xingrg/dwr/engine.js HTTP/1.1" 200 43631
172.20.0.100 - - [16/Apr/2024:09:13:00 +0800] "GET /xingrg/all/function/internal_message.html?_=1713229979506&CODE_STATE=getMsg HTTP/1.1" 200 27
116.224.254.208 - - [16/Apr/2024:09:13:03 +0800] "GET /xingrg/all/function/internal_message.html?_=1713229983709&CODE_STATE=getMsg HTTP/1.1" 200 27
222.70.183.82 - - [16/Apr/2024:09:13:06 +0800] "POST /xingrg/kc/buy/cgsh_order_operate.html HTTP/1.1" 200 12
101.93.220.116 - - [16/Apr/2024:09:13:07 +0800] "POST /xingrg/services/DataTransmitService HTTP/1.1" 200 524
116.238.97.31 - - [16/Apr/2024:09:13:08 +0800] "POST /xingrg/kc/buy/cgsh_list_operate.html HTTP/1.1" 200 1660
222.70.183.82 - - [16/Apr/2024:09:13:09 +0800] "GET /xingrg/kc/buy/cgsh_order_info.html?code=212024041604074 HTTP/1.1" 200 68772
222.70.183.82 - - [16/Apr/2024:09:13:09 +0800] "GET /xingrg/javascript/easyui/themes/default/validatebox.css HTTP/1.1" 404 1104
222.70.183.82 - - [16/Apr/2024:09:13:11 +0800] "POST /xingrg/kc/buy/cgsh_order_operate.html HTTP/1.1" 200 5598
116.238.97.31 - - [16/Apr/2024:09:13:12 +0800] "POST /xingrg/kc/buy/cgsh_list_operate.html HTTP/1.1" 200 566
116.238.97.31 - - [16/Apr/2024:09:13:13 +0800] "GET /xingrg/all/function/internal_message.html?_=1713229992408&CODE_STATE=getMsg HTTP/1.1" 200 27
222.70.183.82 - - [16/Apr/2024:09:13:13 +0800] "GET /xingrg/kc/print/load_data.html?order_code=212024041604074&kc_code=cgsh&condition= HTTP/1.1" 200 2820
116.224.254.208 - - [16/Apr/2024:09:13:14 +0800] "GET /xingrg/check_reg.html?_=1713229993632 HTTP/1.1" 200 22
116.238.97.31 - - [16/Apr/2024:09:13:15 +0800] "GET /xingrg/kc/buy/cgsh_order_info.html?code=212024041604061 HTTP/1.1" 200 73959
116.238.97.31 - - [16/Apr/2024:09:13:15 +0800] "GET /xingrg/javascript/easyui/themes/default/validatebox.css HTTP/1.1" 404 1104
101.83.144.49 - - [16/Apr/2024:09:13:16 +0800] "GET /xingrg/kc/buy/cgsh_order_operate.html?command=get_materiel&rest_code=00105&code=00101008155&supplier_code=00100008&order_time=2024-04-16 HTTP/1.1" 200 408
124.78.157.30 - - [16/Apr/2024:09:13:16 +0800] "GET /xingrg/all/function/internal_message.html?_=1713229995330&CODE_STATE=getMsg HTTP/1.1" 200 27
116.238.97.31 - - [16/Apr/2024:09:13:16 +0800] "POST /xingrg/kc/buy/cgsh_order_operate.html HTTP/1.1" 200 12132
221.239.169.251 - - [16/Apr/2024:09:13:23 +0800] "GET /xingrg/all/function/internal_message.html?_=1713230001576&CODE_STATE=getMsg HTTP/1.1" 200 27
222.69.133.71 - - [16/Apr/2024:09:13:24 +0800] "GET /xingrg/all/function/internal_message.html?_=1713230005044&CODE_STATE=getMsg HTTP/1.1" 200 27
120.253.135.82 - - [16/Apr/2024:09:13:29 +0800] "GET /xingrg/kc/pszx/mdqp_order_list.html?state=10 HTTP/1.1" 200 10319
120.253.135.82 - - [16/Apr/2024:09:13:29 +0800] "GET /xingrg/dwr/interface/AjaxQqpsService.js HTTP/1.1" 200 16326
120.253.135.82 - - [16/Apr/2024:09:13:29 +0800] "GET /xingrg/dwr/interface/AjaxReportQueryService.js HTTP/1.1" 200 13203
120.253.135.82 - - [16/Apr/2024:09:13:29 +0800] "GET /xingrg/dwr/engine.js HTTP/1.1" 200 43631
116.238.97.31 - - [16/Apr/2024:09:13:33 +0800] "GET /xingrg/all/function/internal_message.html?_=1713230013350&CODE_STATE=getMsg HTTP/1.1" 200 27
172.20.0.100 - - [16/Apr/2024:09:13:33 +0800] "GET /xingrg/check_reg.html?_=1713230017423 HTTP/1.1" 200 22
172.20.0.100 - - [16/Apr/2024:09:13:33 +0800] "GET /xingrg/all/function/internal_message.html?_=1713230017424&CODE_STATE=getMsg HTTP/1.1" 200 27
116.238.97.31 - - [16/Apr/2024:09:13:35 +0800] "POST /xingrg/kc/buy/cgsh_order_operate.html HTTP/1.1" 200 37
120.253.135.82 - - [16/Apr/2024:09:13:36 +0800] "GET /xingrg/kc/pszx/mdqp_order_list.html?state=10 HTTP/1.1" 200 10319
120.253.135.82 - - [16/Apr/2024:09:13:36 +0800] "GET /xingrg/dwr/interface/AjaxQqpsService.js HTTP/1.1" 200 16326
120.253.135.82 - - [16/Apr/2024:09:13:36 +0800] "GET /xingrg/dwr/engine.js HTTP/1.1" 200 43631
120.253.135.82 - - [16/Apr/2024:09:13:36 +0800] "GET /xingrg/dwr/interface/AjaxReportQueryService.js HTTP/1.1" 200 13203
101.83.144.49 - - [16/Apr/2024:09:13:36 +0800] "GET /xingrg/all/function/internal_message.html?_=1713229775114&CODE_STATE=getMsg HTTP/1.1" 200 27
180.163.29.212 - - [16/Apr/2024:09:13:36 +0800] "GET /xingrg/all/function/internal_message.html?_=1713229035351&CODE_STATE=getMsg HTTP/1.1" 302 -
180.163.29.212 - - [16/Apr/2024:09:13:36 +0800] "GET /xingrg/login.html HTTP/1.1" 200 7641
101.83.144.49 - - [16/Apr/2024:09:13:37 +0800] "GET /xingrg/kc/buy/cgsh_order_operate.html?command=get_materiel&rest_code=00105&code=00101008049&supplier_code=00100008&order_time=2024-04-16 HTTP/1.1" 200 408
116.235.94.6 - - [16/Apr/2024:09:13:37 +0800] "GET /xingrg/all/function/internal_message.html?_=1713230049444&CODE_STATE=getMsg HTTP/1.1" 200 27
116.238.97.31 - - [16/Apr/2024:09:13:42 +0800] "POST /xingrg/kc/buy/cgsh_list_operate.html HTTP/1.1" 200 4421
116.238.97.31 - - [16/Apr/2024:09:13:43 +0800] "POST /xingrg/kc/buy/cgsh_order_operate.html HTTP/1.1" 200 11541
222.70.183.82 - - [16/Apr/2024:09:13:49 +0800] "GET /xingrg/all/function/internal_message.html?_=1713230029736&CODE_STATE=getMsg HTTP/1.1" 200 27
116.224.254.208 - - [16/Apr/2024:09:13:52 +0800] "GET /xingrg/all/function/internal_message.html?_=1713230031458&CODE_STATE=getMsg HTTP/1.1" 200 27
101.83.144.49 - - [16/Apr/2024:09:13:53 +0800] "GET /xingrg/kc/buy/cgsh_order_operate.html?command=get_materiel&rest_code=00105&code=00101008270&supplier_code=00100008&order_time=2024-04-16 HTTP/1.1" 200 412
101.80.230.31 - - [16/Apr/2024:09:13:53 +0800] "GET /xingrg/all/function/internal_message.html?_=1713230035794&CODE_STATE=getMsg HTTP/1.1" 200 27
120.253.135.82 - - [16/Apr/2024:09:13:54 +0800] "GET /xingrg/all/function/internal_message.html?_=1713229880862&CODE_STATE=getMsg HTTP/1.1" 200 27
180.163.28.143 - - [16/Apr/2024:09:13:55 +0800] "GET /xingrg/all/function/internal_message.html?_=1713229155322&CODE_STATE=getMsg HTTP/1.1" 302 -
180.163.28.143 - - [16/Apr/2024:09:13:55 +0800] "GET /xingrg/login.html HTTP/1.1" 200 7641
116.238.97.31 - - [16/Apr/2024:09:13:56 +0800] "POST /xingrg/kc/buy/cgsh_order_operate.html HTTP/1.1" 200 37
101.83.144.49 - - [16/Apr/2024:09:13:57 +0800] "POST /xingrg/kc/buy/cgsh_order_operate.html HTTP/1.1" 200 2065
172.20.0.100 - - [16/Apr/2024:09:14:00 +0800] "GET /xingrg/all/function/internal_message.html?_=1713230039508&CODE_STATE=getMsg HTTP/1.1" 200 27
116.238.97.31 - - [16/Apr/2024:09:14:02 +0800] "POST /xingrg/kc/buy/cgsh_order_operate.html HTTP/1.1" 200 11541
116.224.254.208 - - [16/Apr/2024:09:14:03 +0800] "GET /xingrg/all/function/internal_message.html?_=1713230043726&CODE_STATE=getMsg HTTP/1.1" 200 27
116.238.97.31 - - [16/Apr/2024:09:14:07 +0800] "POST /xingrg/kc/buy/cgsh_list_operate.html HTTP/1.1" 200 577
101.83.144.49 - - [16/Apr/2024:09:14:07 +0800] "GET /xingrg/kc/buy/cgsh_order_operate.html?command=get_materiel&rest_code=00105&code=00101008003&supplier_code=00100008&order_time=2024-04-16 HTTP/1.1" 200 408
116.238.97.31 - - [16/Apr/2024:09:14:13 +0800] "GET /xingrg/all/function/internal_message.html?_=1713230052421&CODE_STATE=getMsg HTTP/1.1" 200 27
116.238.97.31 - - [16/Apr/2024:09:14:15 +0800] "POST /xingrg/kc/buy/cgsh_list_operate.html HTTP/1.1" 200 4
124.78.157.30 - - [16/Apr/2024:09:14:16 +0800] "GET /xingrg/all/function/internal_message.html?_=1713230055338&CODE_STATE=getMsg HTTP/1.1" 200 27
116.238.97.31 - - [16/Apr/2024:09:14:20 +0800] "POST /xingrg/kc/buy/cgsh_list_operate.html HTTP/1.1" 200 4421
101.83.144.49 - - [16/Apr/2024:09:14:22 +0800] "GET /xingrg/kc/buy/cgsh_order_operate.html?command=get_materiel&rest_code=00105&code=00101008201&supplier_code=00100008&order_time=2024-04-16 HTTP/1.1" 200 412
221.239.169.251 - - [16/Apr/2024:09:14:23 +0800] "GET /xingrg/all/function/internal_message.html?_=1713230061579&CODE_STATE=getMsg HTTP/1.1" 200 27
222.69.133.71 - - [16/Apr/2024:09:14:24 +0800] "GET /xingrg/all/function/internal_message.html?_=1713230065054&CODE_STATE=getMsg HTTP/1.1" 200 27
222.69.133.71 - - [16/Apr/2024:09:14:24 +0800] "GET /xingrg/check_reg.html?_=1713230065057 HTTP/1.1" 200 22
180.163.29.79 - - [16/Apr/2024:09:14:26 +0800] "GET /xingrg/all/function/internal_message.html?_=1713229935328&CODE_STATE=getMsg HTTP/1.1" 302 -
180.163.29.79 - - [16/Apr/2024:09:14:26 +0800] "GET /xingrg/login.html HTTP/1.1" 200 7641
116.238.97.31 - - [16/Apr/2024:09:14:33 +0800] "GET /xingrg/all/function/internal_message.html?_=1713230073358&CODE_STATE=getMsg HTTP/1.1" 200 27
116.238.97.31 - - [16/Apr/2024:09:14:33 +0800] "GET /xingrg/check_reg.html?_=1713230073363 HTTP/1.1" 200 22
172.20.0.100 - - [16/Apr/2024:09:14:33 +0800] "GET /xingrg/all/function/internal_message.html?_=1713230077422&CODE_STATE=getMsg HTTP/1.1" 200 27
101.83.144.49 - - [16/Apr/2024:09:14:36 +0800] "GET /xingrg/all/function/internal_message.html?_=1713229835094&CODE_STATE=getMsg HTTP/1.1" 200 27
116.235.94.6 - - [16/Apr/2024:09:14:37 +0800] "GET /xingrg/all/function/internal_message.html?_=1713230109444&CODE_STATE=getMsg HTTP/1.1" 200 27
101.83.144.49 - - [16/Apr/2024:09:14:42 +0800] "POST /xingrg/kc/buy/cgsh_order_operate.html HTTP/1.1" 200 37
101.83.144.49 - - [16/Apr/2024:09:14:49 +0800] "POST /xingrg/kc/buy/cgsh_order_operate.html HTTP/1.1" 200 24527
222.70.183.82 - - [16/Apr/2024:09:14:49 +0800] "GET /xingrg/all/function/internal_message.html?_=1713230089735&CODE_STATE=getMsg HTTP/1.1" 200 27
116.224.254.208 - - [16/Apr/2024:09:14:52 +0800] "GET /xingrg/all/function/internal_message.html?_=1713230091454&CODE_STATE=getMsg HTTP/1.1" 200 27
101.80.230.31 - - [16/Apr/2024:09:14:53 +0800] "GET /xingrg/check_reg.html?_=1713230095801 HTTP/1.1" 200 22
101.80.230.31 - - [16/Apr/2024:09:14:53 +0800] "GET /xingrg/all/function/internal_message.html?_=1713230095793&CODE_STATE=getMsg HTTP/1.1" 200 27
120.253.135.82 - - [16/Apr/2024:09:14:54 +0800] "GET /xingrg/all/function/internal_message.html?_=1713229940875&CODE_STATE=getMsg HTTP/1.1" 200 27
172.20.0.100 - - [16/Apr/2024:09:15:00 +0800] "GET /xingrg/all/function/internal_message.html?_=1713230099511&CODE_STATE=getMsg HTTP/1.1" 200 27
116.224.254.208 - - [16/Apr/2024:09:15:03 +0800] "GET /xingrg/all/function/internal_message.html?_=1713230103718&CODE_STATE=getMsg HTTP/1.1" 200 27
124.78.157.30 - - [16/Apr/2024:09:15:07 +0800] "GET /xingrg/kc/base/base_main.html HTTP/1.1" 200 12142
124.78.157.30 - - [16/Apr/2024:09:15:09 +0800] "GET /xingrg/kc/base/wldb_order_list.html HTTP/1.1" 200 19051
124.78.157.30 - - [16/Apr/2024:09:15:09 +0800] "POST /xingrg/kc/base/wldb_list_operate.html HTTP/1.1" 200 1773
120.253.135.82 - - [16/Apr/2024:09:15:10 +0800] "GET /xingrg/kc/pszx/mdqp_order_list.html?state=10 HTTP/1.1" 200 10319
120.253.135.82 - - [16/Apr/2024:09:15:10 +0800] "GET /xingrg/dwr/interface/AjaxQqpsService.js HTTP/1.1" 200 16326
120.253.135.82 - - [16/Apr/2024:09:15:10 +0800] "GET /xingrg/dwr/interface/AjaxReportQueryService.js HTTP/1.1" 200 13203
120.253.135.82 - - [16/Apr/2024:09:15:10 +0800] "GET /xingrg/dwr/engine.js HTTP/1.1" 200 43631
124.78.157.30 - - [16/Apr/2024:09:15:11 +0800] "POST /xingrg/kc/base/wldb_list_operate.html HTTP/1.1" 200 423
124.78.157.30 - - [16/Apr/2024:09:15:11 +0800] "GET /xingrg/kc/base/wldb_order_info.html?code=422024041500928 HTTP/1.1" 200 30397
124.78.157.30 - - [16/Apr/2024:09:15:12 +0800] "GET /xingrg/all/common/auto_word.html?type=base&rest_code=00106 HTTP/1.1" 200 1799
124.78.157.30 - - [16/Apr/2024:09:15:12 +0800] "GET /xingrg/all/common/auto_word.html?type=base&rest_code=00106 HTTP/1.1" 200 1799
124.78.157.30 - - [16/Apr/2024:09:15:12 +0800] "GET /xingrg/javascript/easyui/themes/default/validatebox.css HTTP/1.1" 404 1104
124.78.157.30 - - [16/Apr/2024:09:15:13 +0800] "POST /xingrg/kc/base/wldb_order_operate.html HTTP/1.1" 200 3614
116.238.97.31 - - [16/Apr/2024:09:15:13 +0800] "GET /xingrg/all/function/internal_message.html?_=1713230112418&CODE_STATE=getMsg HTTP/1.1" 200 27
120.253.135.82 - - [16/Apr/2024:09:15:13 +0800] "GET /xingrg/kc/pszx/mdqp_order_list.html?state=10 HTTP/1.1" 200 10319
120.253.135.82 - - [16/Apr/2024:09:15:13 +0800] "GET /xingrg/dwr/interface/AjaxReportQueryService.js HTTP/1.1" 200 13203
120.253.135.82 - - [16/Apr/2024:09:15:13 +0800] "GET /xingrg/dwr/interface/AjaxQqpsService.js HTTP/1.1" 200 16326
120.253.135.82 - - [16/Apr/2024:09:15:13 +0800] "GET /xingrg/dwr/engine.js HTTP/1.1" 200 43631
124.78.157.30 - - [16/Apr/2024:09:15:16 +0800] "GET /xingrg/javascript/auto/indicator.gif HTTP/1.1" 404 1066
124.78.157.30 - - [16/Apr/2024:09:15:16 +0800] "GET /xingrg/all/function/internal_message.html?_=1713230115347&CODE_STATE=getMsg HTTP/1.1" 200 27
124.78.157.30 - - [16/Apr/2024:09:15:20 +0800] "GET /xingrg/kc/base/wldb_order_operate.html?command=get_materiel&rest_code=00106&base_code=0010397&code=00102002041 HTTP/1.1" 200 435
116.238.97.31 - - [16/Apr/2024:09:15:21 +0800] "POST /xingrg/kc/buy/cgsh_order_operate.html HTTP/1.1" 200 37
221.239.169.251 - - [16/Apr/2024:09:15:23 +0800] "GET /xingrg/check_reg.html?_=1713230121579 HTTP/1.1" 200 22
221.239.169.251 - - [16/Apr/2024:09:15:23 +0800] "GET /xingrg/all/function/internal_message.html?_=1713230121581&CODE_STATE=getMsg HTTP/1.1" 200 27
222.69.133.71 - - [16/Apr/2024:09:15:24 +0800] "GET /xingrg/all/function/internal_message.html?_=1713230125063&CODE_STATE=getMsg HTTP/1.1" 200 27
124.78.157.30 - - [16/Apr/2024:09:15:26 +0800] "POST /xingrg/kc/base/wldb_order_operate.html HTTP/1.1" 200 37
124.78.157.30 - - [16/Apr/2024:09:15:27 +0800] "POST /xingrg/kc/base/wldb_order_operate.html HTTP/1.1" 200 3619
172.20.0.100 - - [16/Apr/2024:09:15:33 +0800] "GET /xingrg/all/function/internal_message.html?_=1713230137421&CODE_STATE=getMsg HTTP/1.1" 200 27
124.78.157.30 - - [16/Apr/2024:09:15:33 +0800] "GET /xingrg/kc/base/wldb_order_info.html?code=422024041500928 HTTP/1.1" 200 30397
124.78.157.30 - - [16/Apr/2024:09:15:34 +0800] "GET /xingrg/javascript/easyui/themes/default/validatebox.css HTTP/1.1" 404 1104
124.78.157.30 - - [16/Apr/2024:09:15:35 +0800] "POST /xingrg/kc/base/wldb_order_operate.html HTTP/1.1" 200 3619
101.83.144.49 - - [16/Apr/2024:09:15:36 +0800] "GET /xingrg/all/function/internal_message.html?_=1713229895102&CODE_STATE=getMsg HTTP/1.1" 200 27
116.235.94.6 - - [16/Apr/2024:09:15:37 +0800] "GET /xingrg/all/function/internal_message.html?_=1713230169468&CODE_STATE=getMsg HTTP/1.1" 200 27
124.78.157.30 - - [16/Apr/2024:09:15:41 +0800] "POST /xingrg/kc/base/wldb_order_operate.html HTTP/1.1" 200 37
124.78.157.30 - - [16/Apr/2024:09:15:42 +0800] "POST /xingrg/kc/base/wldb_order_operate.html HTTP/1.1" 200 3619
124.78.157.30 - - [16/Apr/2024:09:15:42 +0800] "GET /xingrg/kc/base/wldb_order_info.html?code=422024041500928 HTTP/1.1" 200 30397
124.78.157.30 - - [16/Apr/2024:09:15:42 +0800] "GET /xingrg/javascript/easyui/themes/default/validatebox.css HTTP/1.1" 404 1104
124.78.157.30 - - [16/Apr/2024:09:15:43 +0800] "POST /xingrg/kc/base/wldb_order_operate.html HTTP/1.1" 200 3619
124.78.157.30 - - [16/Apr/2024:09:15:47 +0800] "POST /xingrg/kc/base/wldb_list_operate.html HTTP/1.1" 200 1773
222.70.183.82 - - [16/Apr/2024:09:15:49 +0800] "GET /xingrg/all/function/internal_message.html?_=1713230149733&CODE_STATE=getMsg HTTP/1.1" 200 27
124.78.157.30 - - [16/Apr/2024:09:15:50 +0800] "POST /xingrg/kc/base/wldb_list_operate.html HTTP/1.1" 200 423
120.253.135.82 - - [16/Apr/2024:09:15:50 +0800] "GET /xingrg/kc/pszx/mdqp_order_list.html?state=10 HTTP/1.1" 200 10319
120.253.135.82 - - [16/Apr/2024:09:15:50 +0800] "GET /xingrg/dwr/interface/AjaxQqpsService.js HTTP/1.1" 200 16326
120.253.135.82 - - [16/Apr/2024:09:15:50 +0800] "GET /xingrg/dwr/interface/AjaxReportQueryService.js HTTP/1.1" 200 13203
120.253.135.82 - - [16/Apr/2024:09:15:50 +0800] "GET /xingrg/dwr/engine.js HTTP/1.1" 200 43631
116.224.254.208 - - [16/Apr/2024:09:15:52 +0800] "GET /xingrg/all/function/internal_message.html?_=1713230151437&CODE_STATE=getMsg HTTP/1.1" 200 27
101.80.230.31 - - [16/Apr/2024:09:15:53 +0800] "GET /xingrg/all/function/internal_message.html?_=1713230155785&CODE_STATE=getMsg HTTP/1.1" 200 27
120.253.135.82 - - [16/Apr/2024:09:15:54 +0800] "GET /xingrg/all/function/internal_message.html?_=1713230000889&CODE_STATE=getMsg HTTP/1.1" 200 27
180.163.29.219 - - [16/Apr/2024:09:15:58 +0800] "GET /xingrg/all/function/internal_message.html?_=1713230055338&CODE_STATE=getMsg HTTP/1.1" 302 -
180.163.29.219 - - [16/Apr/2024:09:15:58 +0800] "GET /xingrg/login.html HTTP/1.1" 200 7641
124.78.157.30 - - [16/Apr/2024:09:16:00 +0800] "POST /xingrg/kc/base/wldb_list_operate.html HTTP/1.1" 200 4
172.20.0.100 - - [16/Apr/2024:09:16:00 +0800] "GET /xingrg/all/function/internal_message.html?_=1713230159513&CODE_STATE=getMsg HTTP/1.1" 200 27
172.20.0.100 - - [16/Apr/2024:09:16:00 +0800] "GET /xingrg/check_reg.html?_=1713230159515 HTTP/1.1" 200 22
124.78.157.30 - - [16/Apr/2024:09:16:01 +0800] "POST /xingrg/kc/base/wldb_list_operate.html HTTP/1.1" 200 928
116.224.254.208 - - [16/Apr/2024:09:16:03 +0800] "GET /xingrg/all/function/internal_message.html?_=1713230163709&CODE_STATE=getMsg HTTP/1.1" 200 27
116.238.97.31 - - [16/Apr/2024:09:16:08 +0800] "POST /xingrg/kc/buy/cgsh_order_operate.html HTTP/1.1" 200 11541
116.238.97.31 - - [16/Apr/2024:09:16:13 +0800] "GET /xingrg/check_reg.html?_=1713230172419 HTTP/1.1" 200 22
116.238.97.31 - - [16/Apr/2024:09:16:13 +0800] "GET /xingrg/all/function/internal_message.html?_=1713230172426&CODE_STATE=getMsg HTTP/1.1" 200 27
124.78.157.30 - - [16/Apr/2024:09:16:16 +0800] "GET /xingrg/check_reg.html?_=1713230175353 HTTP/1.1" 200 22
124.78.157.30 - - [16/Apr/2024:09:16:16 +0800] "GET /xingrg/all/function/internal_message.html?_=1713230175347&CODE_STATE=getMsg HTTP/1.1" 200 27
116.238.97.31 - - [16/Apr/2024:09:16:23 +0800] "POST /xingrg/kc/buy/cgsh_list_operate.html HTTP/1.1" 200 1660
221.239.169.251 - - [16/Apr/2024:09:16:23 +0800] "GET /xingrg/all/function/internal_message.html?_=1713230181582&CODE_STATE=getMsg HTTP/1.1" 200 27
222.69.133.71 - - [16/Apr/2024:09:16:24 +0800] "GET /xingrg/all/function/internal_message.html?_=1713230185037&CODE_STATE=getMsg HTTP/1.1" 200 27
120.253.135.82 - - [16/Apr/2024:09:16:32 +0800] "GET /xingrg/check_reg.html?_=1713230038907 HTTP/1.1" 200 22
116.238.97.31 - - [16/Apr/2024:09:16:33 +0800] "GET /xingrg/all/function/internal_message.html?_=1713230193370&CODE_STATE=getMsg HTTP/1.1" 200 27
172.20.0.100 - - [16/Apr/2024:09:16:33 +0800] "GET /xingrg/all/function/internal_message.html?_=1713230197419&CODE_STATE=getMsg HTTP/1.1" 200 27
