221.239.169.251 - - [14/Apr/2024:11:15:59 +0800] "GET /xingrg/javascript/jquery_easy_ui/themes/default/images/tabs_active.png HTTP/1.1" 200 2894
221.239.169.251 - - [14/Apr/2024:11:16:04 +0800] "GET /xingrg/kc/buy/cgsh_order_list.html HTTP/1.1" 200 58140
221.239.169.251 - - [14/Apr/2024:11:16:04 +0800] "GET /xingrg/css/base.css HTTP/1.1" 200 2811
221.239.169.251 - - [14/Apr/2024:11:16:04 +0800] "GET /xingrg/css/site.css HTTP/1.1" 200 7541
221.239.169.251 - - [14/Apr/2024:11:16:04 +0800] "GET /xingrg/javascript/jquery_tools/datebox.css HTTP/1.1" 200 2597
221.239.169.251 - - [14/Apr/2024:11:16:04 +0800] "GET /xingrg/javascript/easyui/themes/default/easyui.css HTTP/1.1" 200 30432
221.239.169.251 - - [14/Apr/2024:11:16:04 +0800] "GET /xingrg/javascript/easyui/themes/icon.css HTTP/1.1" 200 4483
221.239.169.251 - - [14/Apr/2024:11:16:04 +0800] "GET /xingrg/javascript/auto/jquery.autocomplete.css HTTP/1.1" 200 587
221.239.169.251 - - [14/Apr/2024:11:16:04 +0800] "GET /xingrg/javascript/jquery_tools/jquery.tools.extend.js HTTP/1.1" 200 15385
221.239.169.251 - - [14/Apr/2024:11:16:04 +0800] "GET /xingrg/javascript/jquery_tools/fix.css HTTP/1.1" 200 1702
221.239.169.251 - - [14/Apr/2024:11:16:04 +0800] "GET /xingrg/javascript/jquery_tools/table.css HTTP/1.1" 200 1032
221.239.169.251 - - [14/Apr/2024:11:16:04 +0800] "GET /xingrg/javascript/jquery_tools/jquery.tools.min.js HTTP/1.1" 200 138801
221.239.169.251 - - [14/Apr/2024:11:16:04 +0800] "GET /xingrg/javascript/jquery_tools/jquery.tools.hotkey.js HTTP/1.1" 200 3242
221.239.169.251 - - [14/Apr/2024:11:16:04 +0800] "GET /xingrg/javascript/jquery_tools/jquery.tools.table.js HTTP/1.1" 200 6994
221.239.169.251 - - [14/Apr/2024:11:16:04 +0800] "GET /xingrg/javascript/jquery_tools/list_manager.js HTTP/1.1" 200 3652
221.239.169.251 - - [14/Apr/2024:11:16:04 +0800] "GET /xingrg/javascript/auto/jquery.autocomplete.js HTTP/1.1" 200 21624
221.239.169.251 - - [14/Apr/2024:11:16:04 +0800] "GET /xingrg/javascript/easyui/easyloader.js HTTP/1.1" 200 5975
221.239.169.251 - - [14/Apr/2024:11:16:04 +0800] "GET /xingrg/javascript/jquery.cookie.js HTTP/1.1" 200 5513
221.239.169.251 - - [14/Apr/2024:11:16:04 +0800] "GET /xingrg/javascript/print/LodopFuncs.js HTTP/1.1" 200 5121
221.239.169.251 - - [14/Apr/2024:11:16:05 +0800] "GET /xingrg/javascript/easyui/themes/icons/cance_new.png HTTP/1.1" 200 3986
221.239.169.251 - - [14/Apr/2024:11:16:05 +0800] "GET /xingrg/javascript/easyui/themes/icons/edit_add_new.png HTTP/1.1" 200 2997
221.239.169.251 - - [14/Apr/2024:11:16:05 +0800] "GET /xingrg/javascript/easyui/themes/icons/check_new.png HTTP/1.1" 200 3224
221.239.169.251 - - [14/Apr/2024:11:16:05 +0800] "GET /xingrg/javascript/easyui/themes/icons/import_new.png HTTP/1.1" 200 1247
221.239.169.251 - - [14/Apr/2024:11:16:05 +0800] "GET /xingrg/javascript/easyui/themes/icons/field_new.png HTTP/1.1" 200 1097
221.239.169.251 - - [14/Apr/2024:11:16:05 +0800] "GET /xingrg/javascript/easyui/plugins/jquery.parser.js HTTP/1.1" 200 1142
221.239.169.251 - - [14/Apr/2024:11:16:05 +0800] "GET /xingrg/images/control/ajaxLoader.gif HTTP/1.1" 200 4659
222.70.183.82 - - [14/Apr/2024:11:16:05 +0800] "GET /xingrg/kc/buy/cgsh_order_operate.html?command=get_materiel&rest_code=00111&code=00101012049&supplier_code=00100338&order_time=2024-04-14 HTTP/1.1" 200 430
116.238.97.31 - - [14/Apr/2024:11:16:07 +0800] "GET /xingrg/kc/base/wldb_order_operate.html?command=get_materiel&rest_code=00102&base_code=0010476&code=00101019405 HTTP/1.1" 200 482
221.239.169.251 - - [14/Apr/2024:11:16:08 +0800] "POST /xingrg/kc/buy/cgsh_list_operate.html HTTP/1.1" 200 645
116.237.76.76 - - [14/Apr/2024:11:16:09 +0800] "GET /xingrg/check_reg.html?_=1713064570762 HTTP/1.1" 200 22
116.237.76.76 - - [14/Apr/2024:11:16:09 +0800] "GET /xingrg/all/function/internal_message.html?_=1713064570765&CODE_STATE=getMsg HTTP/1.1" 200 27
221.239.169.251 - - [14/Apr/2024:11:16:10 +0800] "GET /xingrg/javascript/easyui/themes/default/images/button_plain_hover.png HTTP/1.1" 200 144
221.239.169.251 - - [14/Apr/2024:11:16:11 +0800] "GET /xingrg/kc/buy/cgsh_order_add.html HTTP/1.1" 200 73135
221.239.169.251 - - [14/Apr/2024:11:16:12 +0800] "GET /xingrg/javascript/convert.js HTTP/1.1" 200 1239
221.239.169.251 - - [14/Apr/2024:11:16:12 +0800] "GET /xingrg/javascript/jquery_tools/order_manager.js HTTP/1.1" 200 11183
221.239.169.251 - - [14/Apr/2024:11:16:12 +0800] "GET /xingrg/javascript/print/kc_print.js HTTP/1.1" 200 11415
116.238.97.31 - - [14/Apr/2024:11:16:12 +0800] "GET /xingrg/kc/base/wldb_order_operate.html?command=get_materiel&rest_code=00102&base_code=0010476&code=00101019134 HTTP/1.1" 200 480
221.239.169.251 - - [14/Apr/2024:11:16:12 +0800] "GET /xingrg/words/20240413134602_words.js HTTP/1.1" 200 1017959
221.239.169.251 - - [14/Apr/2024:11:16:12 +0800] "GET /xingrg/javascript/easyui/themes/icons/copy_new.png HTTP/1.1" 200 815
221.239.169.251 - - [14/Apr/2024:11:16:12 +0800] "GET /xingrg/javascript/easyui/themes/icons/ok.png HTTP/1.1" 200 883
221.239.169.251 - - [14/Apr/2024:11:16:12 +0800] "GET /xingrg/javascript/easyui/themes/icons/template_new.png HTTP/1.1" 200 3956
221.239.169.251 - - [14/Apr/2024:11:16:12 +0800] "GET /xingrg/javascript/easyui/themes/icons/print.png HTTP/1.1" 200 1057
221.239.169.251 - - [14/Apr/2024:11:16:12 +0800] "GET /xingrg/javascript/easyui/themes/icons/cancel.png HTTP/1.1" 200 1133
221.239.169.251 - - [14/Apr/2024:11:16:12 +0800] "GET /xingrg/javascript/easyui/themes/default/images/menu_downarrow.png HTTP/1.1" 200 173
221.239.169.251 - - [14/Apr/2024:11:16:12 +0800] "POST /xingrg/kc/buy/cgsh_order_operate.html HTTP/1.1" 200 8245
221.239.169.251 - - [14/Apr/2024:11:16:12 +0800] "GET /xingrg/javascript/easyui/themes/default/validatebox.css HTTP/1.1" 404 1104
221.239.169.251 - - [14/Apr/2024:11:16:12 +0800] "GET /xingrg/javascript/easyui/plugins/jquery.validatebox.js HTTP/1.1" 200 6103
221.239.169.251 - - [14/Apr/2024:11:16:12 +0800] "GET /xingrg/all/common/auto_word.html?type=employee&rest_code=00145 HTTP/1.1" 200 151
221.239.169.251 - - [14/Apr/2024:11:16:12 +0800] "GET /xingrg/all/common/auto_word.html?type=employee&rest_code=00145 HTTP/1.1" 200 151
221.239.169.251 - - [14/Apr/2024:11:16:12 +0800] "GET /xingrg/javascript/easyui/themes/icons/edit_remove.png HTTP/1.1" 200 625
221.239.169.251 - - [14/Apr/2024:11:16:12 +0800] "GET /xingrg/javascript/easyui/plugins/jquery.numberbox.js HTTP/1.1" 200 5213
116.224.254.208 - - [14/Apr/2024:11:16:15 +0800] "GET /xingrg/all/function/internal_message.html?_=1713064575085&CODE_STATE=getMsg HTTP/1.1" 200 27
221.239.169.251 - - [14/Apr/2024:11:16:15 +0800] "GET /xingrg/javascript/auto/indicator.gif HTTP/1.1" 404 1066
116.238.97.31 - - [14/Apr/2024:11:16:17 +0800] "GET /xingrg/kc/base/wldb_order_operate.html?command=get_materiel&rest_code=00102&base_code=0010476&code=00101019108 HTTP/1.1" 200 476
222.70.183.82 - - [14/Apr/2024:11:16:18 +0800] "POST /xingrg/kc/buy/cgsh_order_operate.html HTTP/1.1" 200 37
116.237.76.76 - - [14/Apr/2024:11:16:19 +0800] "GET /xingrg/kc/buy/cgsh_order_operate.html?command=get_materiel&rest_code=00106&code=00101007072&supplier_code=00100096&order_time=2024-04-14 HTTP/1.1" 200 421
116.237.76.76 - - [14/Apr/2024:11:16:20 +0800] "GET /xingrg/kc/buy/cgsh_order_operate.html?command=get_materiel&rest_code=00106&code=00101002002&supplier_code=00100087&order_time=2024-04-14 HTTP/1.1" 200 420
116.238.97.31 - - [14/Apr/2024:11:16:23 +0800] "GET /xingrg/kc/base/wldb_order_operate.html?command=get_materiel&rest_code=00102&base_code=0010476&code=00101019238 HTTP/1.1" 200 466
221.239.169.251 - - [14/Apr/2024:11:16:24 +0800] "GET /xingrg/all/function/internal_message.html?_=1713064582610&CODE_STATE=getMsg HTTP/1.1" 200 27
116.238.97.31 - - [14/Apr/2024:11:16:28 +0800] "GET /xingrg/kc/base/wldb_order_operate.html?command=get_materiel&rest_code=00102&base_code=0010476&code=00101019390 HTTP/1.1" 200 469
116.237.76.76 - - [14/Apr/2024:11:16:29 +0800] "GET /xingrg/all/function/internal_message.html?_=1713064585249&CODE_STATE=getMsg HTTP/1.1" 200 27
116.238.97.31 - - [14/Apr/2024:11:16:32 +0800] "GET /xingrg/kc/base/wldb_order_operate.html?command=get_materiel&rest_code=00102&base_code=0010476&code=00101019400 HTTP/1.1" 200 465
222.70.183.82 - - [14/Apr/2024:11:16:35 +0800] "POST /xingrg/kc/buy/cgsh_order_operate.html HTTP/1.1" 200 12
116.237.76.76 - - [14/Apr/2024:11:16:35 +0800] "GET /xingrg/kc/buy/cgsh_order_operate.html?command=get_materiel&rest_code=00106&code=00101007128&supplier_code=00100096&order_time=2024-04-14 HTTP/1.1" 200 405
116.238.97.31 - - [14/Apr/2024:11:16:35 +0800] "GET /xingrg/kc/base/wldb_order_operate.html?command=get_materiel&rest_code=00102&base_code=0010476&code=00101019183 HTTP/1.1" 200 448
222.70.183.82 - - [14/Apr/2024:11:16:38 +0800] "GET /xingrg/kc/buy/cgsh_order_info.html?code=212024041403489 HTTP/1.1" 200 68778
222.70.183.82 - - [14/Apr/2024:11:16:38 +0800] "GET /xingrg/javascript/easyui/themes/default/validatebox.css HTTP/1.1" 404 1104
116.237.76.76 - - [14/Apr/2024:11:16:39 +0800] "POST /xingrg/kc/buy/cgsh_order_operate.html HTTP/1.1" 200 37
222.70.183.82 - - [14/Apr/2024:11:16:39 +0800] "POST /xingrg/kc/buy/cgsh_order_operate.html HTTP/1.1" 200 618
116.237.76.76 - - [14/Apr/2024:11:16:41 +0800] "POST /xingrg/kc/buy/cgsh_order_operate.html HTTP/1.1" 200 3268
116.238.97.31 - - [14/Apr/2024:11:16:44 +0800] "POST /xingrg/kc/base/wldb_order_operate.html HTTP/1.1" 200 37
222.70.183.82 - - [14/Apr/2024:11:16:44 +0800] "GET /xingrg/all/function/internal_message.html?_=1713064601553&CODE_STATE=getMsg HTTP/1.1" 200 27
116.238.97.31 - - [14/Apr/2024:11:16:44 +0800] "POST /xingrg/kc/base/wldb_order_operate.html HTTP/1.1" 200 8240
116.237.76.76 - - [14/Apr/2024:11:16:46 +0800] "GET /xingrg/kc/buy/cgsh_order_operate.html?command=get_materiel&rest_code=00106&code=00101007090&supplier_code=00100096&order_time=2024-04-14 HTTP/1.1" 200 413
180.163.30.85 - - [14/Apr/2024:11:16:47 +0800] "GET /xingrg/kc/buy/cgsh_order_operate.html?command=get_materiel&rest_code=00106&code=00101006111&supplier_code=00100096&order_time=2024-04-14 HTTP/1.1" 302 -
180.163.30.85 - - [14/Apr/2024:11:16:47 +0800] "GET /xingrg/login.html HTTP/1.1" 200 7641
116.238.97.31 - - [14/Apr/2024:11:16:48 +0800] "GET /xingrg/kc/base/wldb_order_info.html?code=422024041400834 HTTP/1.1" 200 30393
116.237.76.76 - - [14/Apr/2024:11:16:48 +0800] "POST /xingrg/kc/buy/cgsh_order_operate.html HTTP/1.1" 200 37
116.238.97.31 - - [14/Apr/2024:11:16:48 +0800] "GET /xingrg/javascript/easyui/themes/default/validatebox.css HTTP/1.1" 404 1104
116.238.97.31 - - [14/Apr/2024:11:16:49 +0800] "GET /xingrg/all/function/internal_message.html?_=1713064609878&CODE_STATE=getMsg HTTP/1.1" 200 27
116.238.97.31 - - [14/Apr/2024:11:16:49 +0800] "POST /xingrg/kc/base/wldb_order_operate.html HTTP/1.1" 200 8240
180.163.28.109 - - [14/Apr/2024:11:16:53 +0800] "GET /xingrg/kc/buy/cgsh_order_operate.html?command=get_materiel&rest_code=00106&code=00101006133&supplier_code=00100096&order_time=2024-04-14 HTTP/1.1" 302 -
180.163.28.109 - - [14/Apr/2024:11:16:53 +0800] "GET /xingrg/login.html HTTP/1.1" 200 7641
116.237.76.76 - - [14/Apr/2024:11:16:55 +0800] "POST /xingrg/kc/buy/cgsh_order_operate.html HTTP/1.1" 200 12
116.237.76.76 - - [14/Apr/2024:11:16:57 +0800] "GET /xingrg/kc/buy/cgsh_order_info.html?code=212024041403490 HTTP/1.1" 200 68812
116.237.76.76 - - [14/Apr/2024:11:16:58 +0800] "GET /xingrg/javascript/easyui/themes/default/validatebox.css HTTP/1.1" 404 1104
116.237.76.76 - - [14/Apr/2024:11:16:59 +0800] "POST /xingrg/kc/buy/cgsh_order_operate.html HTTP/1.1" 200 1218
116.237.76.76 - - [14/Apr/2024:11:17:02 +0800] "GET /xingrg/kc/print/load_data.html?order_code=212024041403490&kc_code=cgsh&condition= HTTP/1.1" 200 996
116.237.76.76 - - [14/Apr/2024:11:17:08 +0800] "GET /xingrg/kc/buy/cgsh_order_add.html HTTP/1.1" 200 73940
116.237.76.76 - - [14/Apr/2024:11:17:08 +0800] "GET /xingrg/javascript/easyui/themes/default/validatebox.css HTTP/1.1" 404 1104
116.237.76.76 - - [14/Apr/2024:11:17:08 +0800] "POST /xingrg/kc/buy/cgsh_order_operate.html HTTP/1.1" 200 8245
116.237.76.76 - - [14/Apr/2024:11:17:09 +0800] "GET /xingrg/all/function/internal_message.html?_=1713064630756&CODE_STATE=getMsg HTTP/1.1" 200 27
116.237.76.76 - - [14/Apr/2024:11:17:10 +0800] "GET /xingrg/javascript/easyui/themes/default/tree.css HTTP/1.1" 404 1090
116.237.76.76 - - [14/Apr/2024:11:17:11 +0800] "POST /xingrg/all/common/load_tree.html?tree=supplier_tree_json&isDelete=1 HTTP/1.1" 200 79288
116.238.97.31 - - [14/Apr/2024:11:17:13 +0800] "POST /xingrg/kc/base/wldb_order_operate.html HTTP/1.1" 200 37
116.224.254.208 - - [14/Apr/2024:11:17:15 +0800] "GET /xingrg/all/function/internal_message.html?_=1713064635077&CODE_STATE=getMsg HTTP/1.1" 200 27
116.238.97.31 - - [14/Apr/2024:11:17:21 +0800] "POST /xingrg/kc/base/wldb_order_operate.html HTTP/1.1" 200 12
116.238.97.31 - - [14/Apr/2024:11:17:21 +0800] "POST /xingrg/kc/base/wldb_order_operate.html HTTP/1.1" 200 8240
116.238.97.31 - - [14/Apr/2024:11:17:22 +0800] "GET /xingrg/kc/base/wldb_order_info.html?code=422024041400834 HTTP/1.1" 200 26255
116.238.97.31 - - [14/Apr/2024:11:17:22 +0800] "GET /xingrg/javascript/easyui/themes/default/validatebox.css HTTP/1.1" 404 1104
116.238.97.31 - - [14/Apr/2024:11:17:23 +0800] "POST /xingrg/kc/base/wldb_order_operate.html HTTP/1.1" 200 6383
221.239.169.251 - - [14/Apr/2024:11:17:24 +0800] "GET /xingrg/all/function/internal_message.html?_=1713064642589&CODE_STATE=getMsg HTTP/1.1" 200 27
116.238.97.31 - - [14/Apr/2024:11:17:24 +0800] "GET /xingrg/kc/base/wldb_order_add.html HTTP/1.1" 200 30378
116.238.97.31 - - [14/Apr/2024:11:17:24 +0800] "POST /xingrg/kc/base/wldb_order_operate.html HTTP/1.1" 200 6806
116.238.97.31 - - [14/Apr/2024:11:17:25 +0800] "GET /xingrg/javascript/easyui/themes/default/validatebox.css HTTP/1.1" 404 1104
116.237.76.76 - - [14/Apr/2024:11:17:25 +0800] "POST /xingrg/kc/buy/cgsh_order_operate.html HTTP/1.1" 200 37
222.70.183.82 - - [14/Apr/2024:11:17:25 +0800] "GET /xingrg/kc/print/load_data.html?order_code=212024041403489&kc_code=cgsh&condition= HTTP/1.1" 200 712
116.238.97.31 - - [14/Apr/2024:11:17:25 +0800] "POST /xingrg/all/common/load_combo.html?type=base HTTP/1.1" 200 3321
116.237.76.76 - - [14/Apr/2024:11:17:27 +0800] "GET /xingrg/kc/buy/cgsh_order_operate.html?command=get_materiel&rest_code=00106&code=00101002006&supplier_code=00100091&order_time=2024-04-14 HTTP/1.1" 200 414
116.238.97.31 - - [14/Apr/2024:11:17:27 +0800] "POST /xingrg/all/common/load_combo.html?type=base HTTP/1.1" 200 3321
222.70.183.82 - - [14/Apr/2024:11:17:31 +0800] "GET /xingrg/kc/buy/cgsh_order_add.html HTTP/1.1" 200 73902
222.70.183.82 - - [14/Apr/2024:11:17:31 +0800] "POST /xingrg/kc/buy/cgsh_order_operate.html HTTP/1.1" 200 8245
222.70.183.82 - - [14/Apr/2024:11:17:32 +0800] "GET /xingrg/javascript/easyui/themes/default/validatebox.css HTTP/1.1" 404 1104
180.163.28.143 - - [14/Apr/2024:11:17:33 +0800] "GET /xingrg/kc/buy/cgsh_order_operate.html?command=get_materiel&rest_code=00106&code=00101007128&supplier_code=00100096&order_time=2024-04-14 HTTP/1.1" 302 -
180.163.28.143 - - [14/Apr/2024:11:17:33 +0800] "GET /xingrg/login.html HTTP/1.1" 200 7641
116.238.97.31 - - [14/Apr/2024:11:17:37 +0800] "POST /xingrg/kc/base/wldb_list_operate.html HTTP/1.1" 200 6109
116.238.97.31 - - [14/Apr/2024:11:17:43 +0800] "GET /xingrg/kc/base/wldb_order_add.html HTTP/1.1" 200 30378
116.238.97.31 - - [14/Apr/2024:11:17:43 +0800] "POST /xingrg/kc/base/wldb_order_operate.html HTTP/1.1" 200 6806
116.238.97.31 - - [14/Apr/2024:11:17:43 +0800] "GET /xingrg/javascript/easyui/themes/default/validatebox.css HTTP/1.1" 404 1104
222.70.183.82 - - [14/Apr/2024:11:17:44 +0800] "GET /xingrg/all/function/internal_message.html?_=1713064661561&CODE_STATE=getMsg HTTP/1.1" 200 27
116.238.97.31 - - [14/Apr/2024:11:17:44 +0800] "POST /xingrg/all/common/load_combo.html?type=base HTTP/1.1" 200 3321
116.237.76.76 - - [14/Apr/2024:11:17:46 +0800] "POST /xingrg/kc/buy/cgsh_order_operate.html HTTP/1.1" 200 37
116.238.97.31 - - [14/Apr/2024:11:17:46 +0800] "POST /xingrg/all/common/load_combo.html?type=base HTTP/1.1" 200 3321
222.70.183.82 - - [14/Apr/2024:11:17:47 +0800] "GET /xingrg/kc/buy/cgsh_order_operate.html?command=get_materiel&rest_code=00111&code=00101001045&supplier_code=00100665&order_time=2024-04-14 HTTP/1.1" 200 421
116.238.97.31 - - [14/Apr/2024:11:17:49 +0800] "GET /xingrg/all/function/internal_message.html?_=1713064669876&CODE_STATE=getMsg HTTP/1.1" 200 27
222.69.135.125 - - [14/Apr/2024:11:17:52 +0800] "GET /xingrg/check_reg.html?_=1713064672755 HTTP/1.1" 200 22
116.237.76.76 - - [14/Apr/2024:11:17:54 +0800] "POST /xingrg/kc/buy/cgsh_order_operate.html HTTP/1.1" 200 12
116.238.97.31 - - [14/Apr/2024:11:17:56 +0800] "GET /xingrg/kc/base/wldb_order_operate.html?command=get_materiel&rest_code=00102&base_code=0010476&code=00101013003 HTTP/1.1" 200 430
116.237.76.76 - - [14/Apr/2024:11:17:56 +0800] "GET /xingrg/kc/buy/cgsh_order_info.html?code=212024041403491 HTTP/1.1" 200 68816
116.224.254.208 - - [14/Apr/2024:11:17:56 +0800] "GET /xingrg/kc/buy/cgsh_order_operate.html?command=get_materiel&rest_code=00150&code=00101010842&supplier_code=00100575&order_time=2024-04-14 HTTP/1.1" 200 435
116.237.76.76 - - [14/Apr/2024:11:17:56 +0800] "GET /xingrg/javascript/easyui/themes/default/validatebox.css HTTP/1.1" 404 1104
116.224.254.208 - - [14/Apr/2024:11:17:58 +0800] "POST /xingrg/all/common/load_select.html HTTP/1.1" 200 25
222.70.183.82 - - [14/Apr/2024:11:17:59 +0800] "POST /xingrg/kc/buy/cgsh_order_operate.html HTTP/1.1" 200 37
116.237.76.76 - - [14/Apr/2024:11:17:59 +0800] "POST /xingrg/kc/buy/cgsh_order_operate.html HTTP/1.1" 200 611
116.224.254.208 - - [14/Apr/2024:11:18:02 +0800] "GET /xingrg/kc/buy/cgsh_order_operate.html?command=get_materiel_price&rest_code=00150&code=00101010842&unit_code=00100049&supplier_code=00100575&order_time=2024-04-14 HTTP/1.1" 200 28
116.238.97.31 - - [14/Apr/2024:11:18:02 +0800] "GET /xingrg/kc/base/wldb_order_operate.html?command=get_materiel&rest_code=00102&base_code=0010476&code=00101013018 HTTP/1.1" 200 428
116.237.76.76 - - [14/Apr/2024:11:18:03 +0800] "GET /xingrg/kc/print/load_data.html?order_code=212024041403491&kc_code=cgsh&condition= HTTP/1.1" 200 763
116.238.97.31 - - [14/Apr/2024:11:18:07 +0800] "GET /xingrg/kc/base/wldb_order_operate.html?command=get_materiel&rest_code=00102&base_code=0010476&code=00101013027 HTTP/1.1" 200 429
116.237.76.76 - - [14/Apr/2024:11:18:09 +0800] "GET /xingrg/all/function/internal_message.html?_=1713064690761&CODE_STATE=getMsg HTTP/1.1" 200 27
116.237.76.76 - - [14/Apr/2024:11:18:09 +0800] "GET /xingrg/kc/buy/cgsh_order_add.html HTTP/1.1" 200 73940
116.237.76.76 - - [14/Apr/2024:11:18:10 +0800] "POST /xingrg/kc/buy/cgsh_order_operate.html HTTP/1.1" 200 8245
116.237.76.76 - - [14/Apr/2024:11:18:10 +0800] "GET /xingrg/javascript/easyui/themes/default/validatebox.css HTTP/1.1" 404 1104
116.237.76.76 - - [14/Apr/2024:11:18:11 +0800] "GET /xingrg/javascript/easyui/themes/default/tree.css HTTP/1.1" 404 1090
116.224.254.208 - - [14/Apr/2024:11:18:12 +0800] "POST /xingrg/kc/buy/cgsh_order_operate.html HTTP/1.1" 200 37
116.237.76.76 - - [14/Apr/2024:11:18:12 +0800] "POST /xingrg/all/common/load_tree.html?tree=supplier_tree_json&isDelete=1 HTTP/1.1" 200 79288
116.224.254.208 - - [14/Apr/2024:11:18:15 +0800] "GET /xingrg/all/function/internal_message.html?_=1713064695061&CODE_STATE=getMsg HTTP/1.1" 200 27
222.70.183.82 - - [14/Apr/2024:11:18:17 +0800] "POST /xingrg/kc/buy/cgsh_order_operate.html HTTP/1.1" 200 12
116.224.254.208 - - [14/Apr/2024:11:18:20 +0800] "POST /xingrg/kc/buy/cgsh_order_operate.html HTTP/1.1" 200 12
222.70.183.82 - - [14/Apr/2024:11:18:22 +0800] "GET /xingrg/kc/buy/cgsh_order_info.html?code=212024041403492 HTTP/1.1" 200 68774
222.70.183.82 - - [14/Apr/2024:11:18:22 +0800] "GET /xingrg/javascript/easyui/themes/default/validatebox.css HTTP/1.1" 404 1104
116.224.254.208 - - [14/Apr/2024:11:18:22 +0800] "GET /xingrg/kc/buy/cgsh_order_info.html?code=212024041403493 HTTP/1.1" 200 68870
116.224.254.208 - - [14/Apr/2024:11:18:23 +0800] "GET /xingrg/javascript/easyui/themes/default/validatebox.css HTTP/1.1" 404 1104
222.70.183.82 - - [14/Apr/2024:11:18:23 +0800] "POST /xingrg/kc/buy/cgsh_order_operate.html HTTP/1.1" 200 618
116.224.254.208 - - [14/Apr/2024:11:18:24 +0800] "POST /xingrg/kc/buy/cgsh_order_operate.html HTTP/1.1" 200 622
221.239.169.251 - - [14/Apr/2024:11:18:24 +0800] "GET /xingrg/all/function/internal_message.html?_=1713064702591&CODE_STATE=getMsg HTTP/1.1" 200 27
222.70.183.82 - - [14/Apr/2024:11:18:25 +0800] "GET /xingrg/kc/print/load_data.html?order_code=212024041403492&kc_code=cgsh&condition= HTTP/1.1" 200 701
116.224.254.208 - - [14/Apr/2024:11:18:25 +0800] "GET /xingrg/kc/print/load_data.html?order_code=212024041403493&kc_code=cgsh&condition= HTTP/1.1" 200 725
116.238.97.31 - - [14/Apr/2024:11:18:26 +0800] "GET /xingrg/kc/base/wldb_order_operate.html?command=get_materiel&rest_code=00102&base_code=0010476&code=00101013081 HTTP/1.1" 200 428
116.230.109.19 - - [14/Apr/2024:11:18:30 +0800] "GET /xingrg/login.html HTTP/1.1" 200 7641
116.224.254.208 - - [14/Apr/2024:11:18:30 +0800] "GET /xingrg/kc/buy/cgsh_order_add.html HTTP/1.1" 200 73990
222.70.183.82 - - [14/Apr/2024:11:18:31 +0800] "GET /xingrg/kc/buy/cgsh_order_add.html HTTP/1.1" 200 73902
116.224.254.208 - - [14/Apr/2024:11:18:31 +0800] "POST /xingrg/kc/buy/cgsh_order_operate.html HTTP/1.1" 200 8245
222.70.183.82 - - [14/Apr/2024:11:18:31 +0800] "POST /xingrg/kc/buy/cgsh_order_operate.html HTTP/1.1" 200 8245
116.224.254.208 - - [14/Apr/2024:11:18:31 +0800] "GET /xingrg/javascript/easyui/themes/default/validatebox.css HTTP/1.1" 404 1104
222.70.183.82 - - [14/Apr/2024:11:18:31 +0800] "GET /xingrg/javascript/easyui/themes/default/validatebox.css HTTP/1.1" 404 1104
116.230.109.19 - - [14/Apr/2024:11:18:31 +0800] "GET /favicon.ico HTTP/1.1" 404 -
116.230.109.19 - - [14/Apr/2024:11:18:33 +0800] "POST /xingrg/login.do HTTP/1.1" 200 2421
116.230.109.19 - - [14/Apr/2024:11:18:33 +0800] "GET /xingrg/images/blue/pic_top.gif HTTP/1.1" 200 3656
116.230.109.19 - - [14/Apr/2024:11:18:33 +0800] "GET /xingrg/images/blue/pic_notice.jpg HTTP/1.1" 200 3583
116.230.109.19 - - [14/Apr/2024:11:18:33 +0800] "GET /xingrg/images/blue/error_mid.gif HTTP/1.1" 200 215
116.230.109.19 - - [14/Apr/2024:11:18:33 +0800] "GET /xingrg/images/blue/error_top.gif HTTP/1.1" 200 1790
116.230.109.19 - - [14/Apr/2024:11:18:33 +0800] "GET /xingrg/images/blue/error_buttom.gif HTTP/1.1" 200 1750
116.230.109.19 - - [14/Apr/2024:11:18:33 +0800] "GET /favicon.ico HTTP/1.1" 404 -
116.230.109.19 - - [14/Apr/2024:11:18:34 +0800] "GET /xingrg/login.html HTTP/1.1" 200 7641
116.230.109.19 - - [14/Apr/2024:11:18:34 +0800] "GET /favicon.ico HTTP/1.1" 404 -
116.238.97.31 - - [14/Apr/2024:11:18:35 +0800] "GET /xingrg/kc/base/wldb_order_operate.html?command=get_materiel&rest_code=00102&base_code=0010476&code=00101013150 HTTP/1.1" 200 428
116.230.109.19 - - [14/Apr/2024:11:18:36 +0800] "GET /xingrg/login.html HTTP/1.1" 200 7641
116.230.109.19 - - [14/Apr/2024:11:18:37 +0800] "GET /favicon.ico HTTP/1.1" 404 -
116.238.97.31 - - [14/Apr/2024:11:18:41 +0800] "GET /xingrg/kc/base/wldb_order_operate.html?command=get_materiel&rest_code=00102&base_code=0010476&code=00101013177 HTTP/1.1" 200 432
116.224.254.208 - - [14/Apr/2024:11:18:42 +0800] "GET /xingrg/kc/buy/cgsh_order_operate.html?command=get_materiel&rest_code=00150&code=00101004101&supplier_code=00100090&order_time=2024-04-14 HTTP/1.1" 200 413
222.70.183.82 - - [14/Apr/2024:11:18:43 +0800] "GET /xingrg/kc/buy/cgsh_order_operate.html?command=get_materiel&rest_code=00111&code=00101002038&supplier_code=00100087&order_time=2024-04-14 HTTP/1.1" 200 418
116.230.109.19 - - [14/Apr/2024:11:18:43 +0800] "POST /xingrg/login.do HTTP/1.1" 302 -
116.230.109.19 - - [14/Apr/2024:11:18:43 +0800] "GET /xingrg/index.html?sysBaseUrl=http%3A%2F%2F180.169.147.146%3A18081%2Fxingrg%2F&costTime=823×tamp=1713064723322 HTTP/1.1" 200 17503
116.230.109.19 - - [14/Apr/2024:11:18:43 +0800] "GET /favicon.ico HTTP/1.1" 404 -
116.230.109.19 - - [14/Apr/2024:11:18:43 +0800] "GET /xingrg/check_reg.html?_=1713064723502 HTTP/1.1" 200 22
116.230.109.19 - - [14/Apr/2024:11:18:43 +0800] "POST /xingrg/all/common/load_tree.html?tree=area_rest_tree_json&manage=1 HTTP/1.1" 200 3624
116.230.109.19 - - [14/Apr/2024:11:18:43 +0800] "GET /xingrg/all/function/internal_message.html?_=1713064723501&CODE_STATE=count HTTP/1.1" 200 11
116.230.109.19 - - [14/Apr/2024:11:18:43 +0800] "POST /xingrg/load_menu.html HTTP/1.1" 200 11443
222.70.183.82 - - [14/Apr/2024:11:18:44 +0800] "GET /xingrg/all/function/internal_message.html?_=1713064721547&CODE_STATE=getMsg HTTP/1.1" 200 27
116.230.109.19 - - [14/Apr/2024:11:18:47 +0800] "POST /xingrg/all/user/operate.html HTTP/1.1" 200 36
116.230.109.19 - - [14/Apr/2024:11:18:47 +0800] "GET /xingrg/index.html?sysBaseUrl=http%3A%2F%2F180.169.147.146%3A18081%2Fxingrg%2F&costTime=823×tamp=1713064723322 HTTP/1.1" 200 17509
116.230.109.19 - - [14/Apr/2024:11:18:47 +0800] "GET /xingrg/javascript/jquery_easy_ui/themes/default/easyui.css HTTP/1.1" 304 -
116.230.109.19 - - [14/Apr/2024:11:18:47 +0800] "GET /xingrg/javascript/jquery_easy_ui/themes/icon.css HTTP/1.1" 304 -
116.230.109.19 - - [14/Apr/2024:11:18:47 +0800] "GET /xingrg/css/form.css HTTP/1.1" 304 -
116.230.109.19 - - [14/Apr/2024:11:18:47 +0800] "GET /xingrg/javascript/jquery-1.4.2.min.js HTTP/1.1" 304 -
116.230.109.19 - - [14/Apr/2024:11:18:47 +0800] "GET /xingrg/javascript/jquery_easy_ui/jquery.easyui.min.js HTTP/1.1" 304 -
116.230.109.19 - - [14/Apr/2024:11:18:47 +0800] "GET /xingrg/javascript/jquery_easy_ui/easyui-lang-zh_CN.js HTTP/1.1" 304 -
116.230.109.19 - - [14/Apr/2024:11:18:47 +0800] "GET /xingrg/javascript/jquery.form.js HTTP/1.1" 304 -
116.230.109.19 - - [14/Apr/2024:11:18:47 +0800] "GET /xingrg/javascript/jquery.utils.js HTTP/1.1" 304 -
116.230.109.19 - - [14/Apr/2024:11:18:47 +0800] "GET /xingrg/javascript/jquery.timers.js HTTP/1.1" 304 -
116.230.109.19 - - [14/Apr/2024:11:18:47 +0800] "GET /xingrg/images/blue/jxLogo.png HTTP/1.1" 304 -
116.230.109.19 - - [14/Apr/2024:11:18:47 +0800] "GET /xingrg/images/blue/navBackgound.jpg HTTP/1.1" 304 -
116.230.109.19 - - [14/Apr/2024:11:18:47 +0800] "GET /xingrg/javascript/jquery_easy_ui/themes/icons/settle_new.png HTTP/1.1" 304 -
116.230.109.19 - - [14/Apr/2024:11:18:47 +0800] "GET /xingrg/all/function/internal_message.html?_=1713064727376&CODE_STATE=count HTTP/1.1" 200 11
116.230.109.19 - - [14/Apr/2024:11:18:47 +0800] "GET /xingrg/check_reg.html?_=1713064727377 HTTP/1.1" 200 22
116.230.109.19 - - [14/Apr/2024:11:18:47 +0800] "GET /xingrg/javascript/jquery_easy_ui/themes/default/images/tabs_leftarrow.png HTTP/1.1" 304 -
116.230.109.19 - - [14/Apr/2024:11:18:47 +0800] "GET /xingrg/javascript/jquery_easy_ui/themes/default/images/panel_tool_collapse.gif HTTP/1.1" 304 -
116.230.109.19 - - [14/Apr/2024:11:18:47 +0800] "GET /xingrg/javascript/jquery_easy_ui/themes/default/images/panel_tool_expand.gif HTTP/1.1" 304 -
116.230.109.19 - - [14/Apr/2024:11:18:47 +0800] "GET /xingrg/javascript/jquery_easy_ui/themes/default/images/tabs_rightarrow.png HTTP/1.1" 304 -
116.230.109.19 - - [14/Apr/2024:11:18:47 +0800] "GET /xingrg/images/blue/pingpu.png HTTP/1.1" 304 -
116.230.109.19 - - [14/Apr/2024:11:18:47 +0800] "POST /xingrg/all/common/load_tree.html?tree=area_rest_tree_json&manage=1 HTTP/1.1" 200 3624
116.230.109.19 - - [14/Apr/2024:11:18:47 +0800] "POST /xingrg/load_menu.html HTTP/1.1" 200 9959
116.237.76.76 - - [14/Apr/2024:11:18:48 +0800] "POST /xingrg/kc/buy/cgsh_order_operate.html HTTP/1.1" 200 10993
116.230.109.19 - - [14/Apr/2024:11:18:48 +0800] "GET /xingrg/kc/buy/buy_main.html HTTP/1.1" 200 12412
116.230.109.19 - - [14/Apr/2024:11:18:48 +0800] "GET /xingrg/css/new_ie.css HTTP/1.1" 404 1036
116.238.97.31 - - [14/Apr/2024:11:18:49 +0800] "GET /xingrg/all/function/internal_message.html?_=1713064729882&CODE_STATE=getMsg HTTP/1.1" 200 27
116.238.97.31 - - [14/Apr/2024:11:18:49 +0800] "GET /xingrg/kc/base/wldb_order_operate.html?command=get_materiel&rest_code=00102&base_code=0010476&code=00101013188 HTTP/1.1" 200 434
116.230.109.19 - - [14/Apr/2024:11:18:49 +0800] "GET /xingrg/images/yd/bt.gif HTTP/1.1" 404 1040
116.230.109.19 - - [14/Apr/2024:11:18:50 +0800] "GET /xingrg/kc/buy/cgsh_order_list.html HTTP/1.1" 200 58395
116.224.254.208 - - [14/Apr/2024:11:18:54 +0800] "POST /xingrg/kc/buy/cgsh_order_operate.html HTTP/1.1" 200 37
222.70.183.82 - - [14/Apr/2024:11:18:58 +0800] "POST /xingrg/kc/buy/cgsh_order_operate.html HTTP/1.1" 200 88
116.237.76.76 - - [14/Apr/2024:11:19:01 +0800] "GET /xingrg/kc/buy/cgsh_order_operate.html?command=get_materiel&rest_code=00106&code=00102002252&supplier_code=00100486&order_time=2024-04-14 HTTP/1.1" 200 413
116.237.76.76 - - [14/Apr/2024:11:19:09 +0800] "GET /xingrg/all/function/internal_message.html?_=1713064750764&CODE_STATE=getMsg HTTP/1.1" 200 27
222.70.183.82 - - [14/Apr/2024:11:19:11 +0800] "POST /xingrg/kc/buy/cgsh_order_operate.html HTTP/1.1" 200 37
116.224.254.208 - - [14/Apr/2024:11:19:11 +0800] "GET /xingrg/check_reg.html?_=1713064751201 HTTP/1.1" 200 22
116.224.254.208 - - [14/Apr/2024:11:19:12 +0800] "POST /xingrg/kc/buy/cgsh_order_operate.html HTTP/1.1" 200 12
116.238.97.31 - - [14/Apr/2024:11:19:12 +0800] "GET /xingrg/kc/base/wldb_order_operate.html?command=get_materiel&rest_code=00102&base_code=0010476&code=00101019222 HTTP/1.1" 200 451
116.224.254.208 - - [14/Apr/2024:11:19:15 +0800] "GET /xingrg/all/function/internal_message.html?_=1713064755040&CODE_STATE=getMsg HTTP/1.1" 200 27
222.70.183.82 - - [14/Apr/2024:11:19:19 +0800] "POST /xingrg/kc/buy/cgsh_order_operate.html HTTP/1.1" 200 12
116.230.109.19 - - [14/Apr/2024:11:19:19 +0800] "POST /xingrg/kc/buy/cgsh_list_operate.html HTTP/1.1" 200 3116
116.224.254.208 - - [14/Apr/2024:11:19:19 +0800] "GET /xingrg/kc/buy/cgsh_order_info.html?code=212024041403494 HTTP/1.1" 200 68866
116.224.254.208 - - [14/Apr/2024:11:19:20 +0800] "POST /xingrg/kc/buy/cgsh_order_operate.html HTTP/1.1" 200 -
116.224.254.208 - - [14/Apr/2024:11:19:20 +0800] "GET /xingrg/javascript/easyui/themes/default/validatebox.css HTTP/1.1" 404 1104
116.238.97.31 - - [14/Apr/2024:11:19:21 +0800] "POST /xingrg/kc/base/wldb_order_operate.html HTTP/1.1" 200 37
116.224.254.208 - - [14/Apr/2024:11:19:21 +0800] "POST /xingrg/kc/buy/cgsh_order_operate.html HTTP/1.1" 200 613
116.238.97.31 - - [14/Apr/2024:11:19:21 +0800] "POST /xingrg/kc/base/wldb_order_operate.html HTTP/1.1" 200 6447
222.70.183.82 - - [14/Apr/2024:11:19:22 +0800] "GET /xingrg/kc/buy/cgsh_order_info.html?code=212024041403496 HTTP/1.1" 200 68774
222.70.183.82 - - [14/Apr/2024:11:19:22 +0800] "GET /xingrg/javascript/easyui/themes/default/validatebox.css HTTP/1.1" 404 1104
221.239.169.251 - - [14/Apr/2024:11:19:24 +0800] "GET /xingrg/all/function/internal_message.html?_=1713064762601&CODE_STATE=getMsg HTTP/1.1" 200 27
221.239.169.251 - - [14/Apr/2024:11:19:24 +0800] "GET /xingrg/check_reg.html?_=1713064762603 HTTP/1.1" 200 22
116.238.97.31 - - [14/Apr/2024:11:19:24 +0800] "GET /xingrg/kc/base/wldb_order_info.html?code=422024041400835 HTTP/1.1" 200 30393
116.238.97.31 - - [14/Apr/2024:11:19:25 +0800] "GET /xingrg/javascript/easyui/themes/default/validatebox.css HTTP/1.1" 404 1104
116.238.97.31 - - [14/Apr/2024:11:19:25 +0800] "POST /xingrg/kc/base/wldb_order_operate.html HTTP/1.1" 200 6447
222.70.183.82 - - [14/Apr/2024:11:19:27 +0800] "POST /xingrg/kc/buy/cgsh_order_operate.html HTTP/1.1" 200 15
116.237.76.76 - - [14/Apr/2024:11:19:29 +0800] "GET /xingrg/all/function/internal_message.html?_=1713064765252&CODE_STATE=getMsg HTTP/1.1" 200 27
116.237.76.76 - - [14/Apr/2024:11:19:33 +0800] "POST /xingrg/kc/buy/cgsh_order_operate.html HTTP/1.1" 200 37
116.224.254.208 - - [14/Apr/2024:11:19:36 +0800] "GET /xingrg/kc/print/load_data.html?order_code=212024041403494&kc_code=cgsh&condition= HTTP/1.1" 200 2278
116.237.76.76 - - [14/Apr/2024:11:19:37 +0800] "POST /xingrg/kc/buy/cgsh_order_operate.html HTTP/1.1" 200 37
222.70.183.82 - - [14/Apr/2024:11:19:38 +0800] "GET /xingrg/kc/print/load_data.html?order_code=212024041403496&kc_code=cgsh&condition= HTTP/1.1" 200 750
114.95.153.66 - - [14/Apr/2024:11:19:41 +0800] "GET /xingrg/login.html HTTP/1.1" 200 7641
114.95.153.66 - - [14/Apr/2024:11:19:41 +0800] "GET /favicon.ico HTTP/1.1" 404 -
116.238.97.31 - - [14/Apr/2024:11:19:42 +0800] "POST /xingrg/kc/base/wldb_order_operate.html HTTP/1.1" 200 37
116.237.76.76 - - [14/Apr/2024:11:19:43 +0800] "POST /xingrg/kc/buy/cgsh_order_operate.html HTTP/1.1" 200 10993
116.224.254.208 - - [14/Apr/2024:11:19:43 +0800] "GET /xingrg/index.html?sysBaseUrl=http%3A%2F%2F180.169.147.146%3A18081%2Fxingrg%2F&costTime=14×tamp=1698040851670 HTTP/1.1" 302 -
116.224.254.208 - - [14/Apr/2024:11:19:43 +0800] "GET /xingrg/login.html HTTP/1.1" 200 7641
116.224.254.208 - - [14/Apr/2024:11:19:43 +0800] "GET /favicon.ico HTTP/1.1" 404 -
116.237.76.76 - - [14/Apr/2024:11:19:44 +0800] "POST /xingrg/kc/buy/cgsh_order_operate.html HTTP/1.1" 200 12
222.70.183.82 - - [14/Apr/2024:11:19:44 +0800] "GET /xingrg/all/function/internal_message.html?_=1713064781697&CODE_STATE=getMsg HTTP/1.1" 200 27
114.95.153.66 - - [14/Apr/2024:11:19:44 +0800] "POST /xingrg/login.do HTTP/1.1" 302 -
114.95.153.66 - - [14/Apr/2024:11:19:45 +0800] "GET /xingrg/index.html?sysBaseUrl=http%3A%2F%2F180.169.147.146%3A18081%2Fxingrg%2F&costTime=1712×tamp=1713064784958 HTTP/1.1" 200 17177
114.95.153.66 - - [14/Apr/2024:11:19:45 +0800] "GET /favicon.ico HTTP/1.1" 404 -
114.95.153.66 - - [14/Apr/2024:11:19:45 +0800] "GET /xingrg/all/function/internal_message.html?_=1713064786597&CODE_STATE=count HTTP/1.1" 200 11
114.95.153.66 - - [14/Apr/2024:11:19:45 +0800] "GET /xingrg/check_reg.html?_=1713064786597 HTTP/1.1" 200 22
114.95.153.66 - - [14/Apr/2024:11:19:46 +0800] "POST /xingrg/all/common/load_tree.html?tree=area_rest_tree_json&manage=1 HTTP/1.1" 200 601
114.95.153.66 - - [14/Apr/2024:11:19:46 +0800] "POST /xingrg/load_menu.html HTTP/1.1" 200 5138
222.70.183.82 - - [14/Apr/2024:11:19:47 +0800] "GET /xingrg/kc/buy/cgsh_order_add.html HTTP/1.1" 200 73902
116.237.76.76 - - [14/Apr/2024:11:19:47 +0800] "GET /xingrg/kc/buy/cgsh_order_info.html?code=212024041403497 HTTP/1.1" 200 68818
222.70.183.82 - - [14/Apr/2024:11:19:47 +0800] "POST /xingrg/kc/buy/cgsh_order_operate.html HTTP/1.1" 200 8245
222.70.183.82 - - [14/Apr/2024:11:19:47 +0800] "GET /xingrg/javascript/easyui/themes/default/validatebox.css HTTP/1.1" 404 1104
116.230.109.19 - - [14/Apr/2024:11:19:47 +0800] "GET /xingrg/all/function/internal_message.html?_=1713064787401&CODE_STATE=getMsg HTTP/1.1" 200 27
116.237.76.76 - - [14/Apr/2024:11:19:47 +0800] "GET /xingrg/javascript/easyui/themes/default/validatebox.css HTTP/1.1" 404 1104
116.237.76.76 - - [14/Apr/2024:11:19:47 +0800] "GET /xingrg/kc/print/load_data.html?order_code=212024041403483&kc_code=cgsh HTTP/1.1" 200 3809
114.95.153.66 - - [14/Apr/2024:11:19:47 +0800] "GET /xingrg/kc/mdqp/qp_main.html HTTP/1.1" 200 10633
116.237.76.76 - - [14/Apr/2024:11:19:48 +0800] "POST /xingrg/kc/buy/cgsh_order_operate.html HTTP/1.1" 200 609
114.95.153.66 - - [14/Apr/2024:11:19:48 +0800] "GET /xingrg/images/yd/bt.gif HTTP/1.1" 404 1040
116.238.97.31 - - [14/Apr/2024:11:19:49 +0800] "GET /xingrg/all/function/internal_message.html?_=1713064789878&CODE_STATE=getMsg HTTP/1.1" 200 27
114.95.153.66 - - [14/Apr/2024:11:19:49 +0800] "GET /xingrg/kc/mdqp/pssh_order_list.html HTTP/1.1" 200 16829
114.95.153.66 - - [14/Apr/2024:11:19:49 +0800] "POST /xingrg/kc/mdqp/pssh_list_operate.html HTTP/1.1" 200 4956
114.95.153.66 - - [14/Apr/2024:11:19:51 +0800] "POST /xingrg/kc/mdqp/pssh_list_operate.html HTTP/1.1" 200 778
222.70.183.82 - - [14/Apr/2024:11:19:51 +0800] "GET /xingrg/javascript/jquery_tools/images/prev.gif HTTP/1.1" 404 1086
222.70.183.82 - - [14/Apr/2024:11:19:51 +0800] "GET /xingrg/javascript/jquery_tools/images/next.gif HTTP/1.1" 404 1086
116.238.97.31 - - [14/Apr/2024:11:19:52 +0800] "POST /xingrg/kc/base/wldb_order_operate.html HTTP/1.1" 200 12
116.224.254.208 - - [14/Apr/2024:11:19:52 +0800] "POST /xingrg/login.do HTTP/1.1" 302 -
116.238.97.31 - - [14/Apr/2024:11:19:52 +0800] "POST /xingrg/kc/base/wldb_order_operate.html HTTP/1.1" 200 6447
116.224.254.208 - - [14/Apr/2024:11:19:52 +0800] "GET /xingrg/index.html?sysBaseUrl=http%3A%2F%2F180.169.147.146%3A18081%2Fxingrg%2F&costTime=1716×tamp=1713064792244 HTTP/1.1" 200 17177
116.224.254.208 - - [14/Apr/2024:11:19:52 +0800] "GET /favicon.ico HTTP/1.1" 404 -
116.224.254.208 - - [14/Apr/2024:11:19:52 +0800] "GET /xingrg/all/function/internal_message.html?_=1713064792598&CODE_STATE=count HTTP/1.1" 200 11
116.224.254.208 - - [14/Apr/2024:11:19:52 +0800] "GET /xingrg/check_reg.html?_=1713064792599 HTTP/1.1" 200 22
116.237.76.76 - - [14/Apr/2024:11:19:52 +0800] "GET /xingrg/kc/print/load_data.html?order_code=212024041403497&kc_code=cgsh&condition= HTTP/1.1" 200 697
116.224.254.208 - - [14/Apr/2024:11:19:52 +0800] "POST /xingrg/all/common/load_tree.html?tree=area_rest_tree_json&manage=1 HTTP/1.1" 200 476
116.224.254.208 - - [14/Apr/2024:11:19:52 +0800] "POST /xingrg/load_menu.html HTTP/1.1" 200 5138
116.238.97.31 - - [14/Apr/2024:11:19:53 +0800] "GET /xingrg/kc/base/wldb_order_info.html?code=422024041400835 HTTP/1.1" 200 26255
114.95.153.66 - - [14/Apr/2024:11:19:53 +0800] "POST /xingrg/kc/mdqp/pssh_list_operate.html HTTP/1.1" 200 768
116.238.97.31 - - [14/Apr/2024:11:19:53 +0800] "GET /xingrg/javascript/easyui/themes/default/validatebox.css HTTP/1.1" 404 1104
116.238.97.31 - - [14/Apr/2024:11:19:53 +0800] "POST /xingrg/kc/base/wldb_order_operate.html HTTP/1.1" 200 4646
114.95.153.66 - - [14/Apr/2024:11:19:54 +0800] "GET /xingrg/kc/mdqp/pssh_order_info.html?code=312024040100003 HTTP/1.1" 200 14384
114.95.153.66 - - [14/Apr/2024:11:19:54 +0800] "GET /xingrg/javascript/jquery_tools/jquery-1.4.2.min.js HTTP/1.1" 404 1094
114.95.153.66 - - [14/Apr/2024:11:19:54 +0800] "GET /xingrg/javascript/jquery_tools/order_manager.js HTTP/1.1" 200 11183
114.95.153.66 - - [14/Apr/2024:11:19:54 +0800] "GET /xingrg/javascript/convert.js HTTP/1.1" 200 1239
114.95.153.66 - - [14/Apr/2024:11:19:54 +0800] "GET /xingrg/words/20240413134602_words.js HTTP/1.1" 304 -
116.224.254.208 - - [14/Apr/2024:11:19:54 +0800] "POST /xingrg/all/user/operate.html HTTP/1.1" 200 36
116.224.254.208 - - [14/Apr/2024:11:19:54 +0800] "GET /xingrg/index.html?sysBaseUrl=http%3A%2F%2F180.169.147.146%3A18081%2Fxingrg%2F&costTime=1716×tamp=1713064792244 HTTP/1.1" 200 17179
116.224.254.208 - - [14/Apr/2024:11:19:55 +0800] "GET /xingrg/javascript/jquery_easy_ui/themes/default/easyui.css HTTP/1.1" 304 -
114.95.153.66 - - [14/Apr/2024:11:19:55 +0800] "GET /xingrg/javascript/easyui/themes/default/images/menu_downarrow.png HTTP/1.1" 200 173
114.95.153.66 - - [14/Apr/2024:11:19:55 +0800] "GET /xingrg/javascript/easyui/themes/icons/print.png HTTP/1.1" 200 1057
114.95.153.66 - - [14/Apr/2024:11:19:55 +0800] "GET /xingrg/javascript/easyui/themes/icons/back_new.png HTTP/1.1" 200 3414
116.224.254.208 - - [14/Apr/2024:11:19:55 +0800] "GET /xingrg/javascript/jquery_easy_ui/themes/icon.css HTTP/1.1" 304 -
114.95.153.66 - - [14/Apr/2024:11:19:55 +0800] "GET /xingrg/javascript/easyui/themes/icons/uncheck_new.png HTTP/1.1" 200 3197
116.224.254.208 - - [14/Apr/2024:11:19:55 +0800] "GET /xingrg/css/form.css HTTP/1.1" 304 -
116.224.254.208 - - [14/Apr/2024:11:19:55 +0800] "GET /xingrg/javascript/jquery-1.4.2.min.js HTTP/1.1" 304 -
116.224.254.208 - - [14/Apr/2024:11:19:55 +0800] "GET /xingrg/javascript/jquery_easy_ui/jquery.easyui.min.js HTTP/1.1" 304 -
114.95.153.66 - - [14/Apr/2024:11:19:55 +0800] "GET /xingrg/javascript/easyui/themes/default/validatebox.css HTTP/1.1" 404 1104
114.95.153.66 - - [14/Apr/2024:11:19:55 +0800] "GET /xingrg/javascript/easyui/plugins/jquery.validatebox.js HTTP/1.1" 200 6103
114.95.153.66 - - [14/Apr/2024:11:19:55 +0800] "GET /xingrg/javascript/easyui/plugins/jquery.numberbox.js HTTP/1.1" 200 5213
116.224.254.208 - - [14/Apr/2024:11:19:55 +0800] "GET /xingrg/javascript/jquery_easy_ui/easyui-lang-zh_CN.js HTTP/1.1" 304 -
116.224.254.208 - - [14/Apr/2024:11:19:55 +0800] "GET /xingrg/javascript/jquery.form.js HTTP/1.1" 304 -
116.224.254.208 - - [14/Apr/2024:11:19:55 +0800] "GET /xingrg/javascript/jquery.utils.js HTTP/1.1" 304 -
116.224.254.208 - - [14/Apr/2024:11:19:55 +0800] "GET /xingrg/javascript/jquery.timers.js HTTP/1.1" 304 -
116.224.254.208 - - [14/Apr/2024:11:19:55 +0800] "GET /xingrg/images/blue/jxLogo.png HTTP/1.1" 304 -
116.224.254.208 - - [14/Apr/2024:11:19:55 +0800] "GET /xingrg/javascript/jquery_easy_ui/themes/icons/settle_new.png HTTP/1.1" 304 -
116.224.254.208 - - [14/Apr/2024:11:19:55 +0800] "GET /xingrg/images/blue/navBackgound.jpg HTTP/1.1" 304 -
114.95.153.66 - - [14/Apr/2024:11:19:55 +0800] "POST /xingrg/kc/mdqp/pssh_order_operate.html HTTP/1.1" 200 10078
116.224.254.208 - - [14/Apr/2024:11:19:55 +0800] "GET /xingrg/all/function/internal_message.html?_=1713064795317&CODE_STATE=count HTTP/1.1" 200 11
116.224.254.208 - - [14/Apr/2024:11:19:55 +0800] "GET /xingrg/check_reg.html?_=1713064795318 HTTP/1.1" 200 22
116.224.254.208 - - [14/Apr/2024:11:19:55 +0800] "GET /xingrg/javascript/jquery_easy_ui/themes/default/images/panel_tool_collapse.gif HTTP/1.1" 304 -
116.224.254.208 - - [14/Apr/2024:11:19:55 +0800] "GET /xingrg/images/blue/pingpu.png HTTP/1.1" 304 -
116.224.254.208 - - [14/Apr/2024:11:19:55 +0800] "GET /xingrg/javascript/jquery_easy_ui/themes/default/images/tabs_rightarrow.png HTTP/1.1" 304 -
116.224.254.208 - - [14/Apr/2024:11:19:55 +0800] "GET /xingrg/javascript/jquery_easy_ui/themes/default/images/tabs_leftarrow.png HTTP/1.1" 304 -
116.224.254.208 - - [14/Apr/2024:11:19:55 +0800] "POST /xingrg/all/common/load_tree.html?tree=area_rest_tree_json&manage=1 HTTP/1.1" 200 476
116.224.254.208 - - [14/Apr/2024:11:19:55 +0800] "POST /xingrg/load_menu.html HTTP/1.1" 200 5138
116.224.254.208 - - [14/Apr/2024:11:19:57 +0800] "GET /xingrg/kc/buy/cgsh_order_list.html HTTP/1.1" 200 58140
116.237.76.76 - - [14/Apr/2024:11:19:58 +0800] "GET /xingrg/kc/buy/cgsh_order_add.html HTTP/1.1" 200 73940
114.95.153.66 - - [14/Apr/2024:11:19:59 +0800] "POST /xingrg/kc/mdqp/pssh_list_operate.html HTTP/1.1" 200 779
116.237.76.76 - - [14/Apr/2024:11:19:59 +0800] "POST /xingrg/kc/buy/cgsh_order_operate.html HTTP/1.1" 200 8245
116.237.76.76 - - [14/Apr/2024:11:19:59 +0800] "GET /xingrg/javascript/easyui/themes/default/validatebox.css HTTP/1.1" 404 1104
222.70.183.82 - - [14/Apr/2024:11:19:59 +0800] "GET /xingrg/kc/buy/cgsh_order_operate.html?command=get_materiel&rest_code=00111&code=00101004051&supplier_code=00100312&order_time=2024-04-14 HTTP/1.1" 200 408
116.224.254.208 - - [14/Apr/2024:11:20:00 +0800] "POST /xingrg/kc/buy/cgsh_list_operate.html HTTP/1.1" 200 645
114.95.153.66 - - [14/Apr/2024:11:20:00 +0800] "GET /xingrg/kc/mdqp/pssh_order_info.html?code=312024031900349 HTTP/1.1" 200 14384
114.95.153.66 - - [14/Apr/2024:11:20:00 +0800] "GET /xingrg/javascript/jquery_tools/jquery-1.4.2.min.js HTTP/1.1" 404 1094
116.237.76.76 - - [14/Apr/2024:11:20:00 +0800] "GET /xingrg/javascript/easyui/themes/default/tree.css HTTP/1.1" 404 1090
114.95.153.66 - - [14/Apr/2024:11:20:00 +0800] "GET /xingrg/javascript/easyui/themes/default/validatebox.css HTTP/1.1" 404 1104
114.95.153.66 - - [14/Apr/2024:11:20:01 +0800] "POST /xingrg/kc/mdqp/pssh_order_operate.html HTTP/1.1" 200 5860
116.237.76.76 - - [14/Apr/2024:11:20:01 +0800] "POST /xingrg/all/common/load_tree.html?tree=supplier_tree_json&isDelete=1 HTTP/1.1" 200 79288
116.224.254.208 - - [14/Apr/2024:11:20:01 +0800] "GET /xingrg/javascript/jquery_tools/images/prev.gif HTTP/1.1" 404 1086
116.224.254.208 - - [14/Apr/2024:11:20:01 +0800] "GET /xingrg/javascript/jquery_tools/images/next.gif HTTP/1.1" 404 1086
116.238.97.31 - - [14/Apr/2024:11:20:06 +0800] "GET /xingrg/login.html HTTP/1.1" 200 7641
116.238.97.31 - - [14/Apr/2024:11:20:07 +0800] "GET /favicon.ico HTTP/1.1" 404 -
116.238.97.31 - - [14/Apr/2024:11:20:08 +0800] "POST /xingrg/login.do HTTP/1.1" 302 -
116.238.97.31 - - [14/Apr/2024:11:20:08 +0800] "GET /xingrg/index.html?sysBaseUrl=http%3A%2F%2F180.169.147.146%3A18081%2Fxingrg%2F&costTime=798×tamp=1713064808668 HTTP/1.1" 200 17173
116.238.97.31 - - [14/Apr/2024:11:20:09 +0800] "GET /favicon.ico HTTP/1.1" 404 -
116.238.97.31 - - [14/Apr/2024:11:20:09 +0800] "GET /xingrg/check_reg.html?_=1713064843930 HTTP/1.1" 200 22
116.238.97.31 - - [14/Apr/2024:11:20:09 +0800] "POST /xingrg/all/common/load_tree.html?tree=area_rest_tree_json&manage=1 HTTP/1.1" 200 342
116.238.97.31 - - [14/Apr/2024:11:20:09 +0800] "GET /xingrg/all/function/internal_message.html?_=1713064843929&CODE_STATE=count HTTP/1.1" 200 11
116.238.97.31 - - [14/Apr/2024:11:20:09 +0800] "POST /xingrg/load_menu.html HTTP/1.1" 200 5138
116.237.76.76 - - [14/Apr/2024:11:20:09 +0800] "GET /xingrg/all/function/internal_message.html?_=1713064810767&CODE_STATE=getMsg HTTP/1.1" 200 27
116.224.254.208 - - [14/Apr/2024:11:20:10 +0800] "GET /xingrg/javascript/auto/indicator.gif HTTP/1.1" 404 1066
180.164.1.25 - - [14/Apr/2024:11:20:10 +0800] "GET /xingrg/check_reg.html?_=1713064809605 HTTP/1.1" 200 22
116.238.97.31 - - [14/Apr/2024:11:20:11 +0800] "GET /xingrg/kc/mdqp/psth_order_list1.html HTTP/1.1" 200 17953
116.238.97.31 - - [14/Apr/2024:11:20:11 +0800] "POST /xingrg/kc/mdqp/psth_list_operate.html HTTP/1.1" 200 749
116.238.97.31 - - [14/Apr/2024:11:20:12 +0800] "GET /xingrg/kc/mdqp/pssh_order_list.html HTTP/1.1" 200 17889
116.238.97.31 - - [14/Apr/2024:11:20:12 +0800] "POST /xingrg/kc/mdqp/pssh_list_operate.html HTTP/1.1" 200 5440
116.238.97.31 - - [14/Apr/2024:11:20:13 +0800] "POST /xingrg/kc/mdqp/pssh_list_operate.html HTTP/1.1" 200 262
116.238.97.31 - - [14/Apr/2024:11:20:13 +0800] "POST /xingrg/kc/mdqp/pssh_list_operate.html HTTP/1.1" 200 260
222.70.183.82 - - [14/Apr/2024:11:20:13 +0800] "GET /xingrg/kc/buy/cgsh_order_operate.html?command=get_materiel&rest_code=00111&code=00101004046&supplier_code=00100312&order_time=2024-04-14 HTTP/1.1" 200 417
116.238.97.31 - - [14/Apr/2024:11:20:16 +0800] "GET /xingrg/kc/buy/cgsh_order_list.html HTTP/1.1" 200 58134
116.224.254.208 - - [14/Apr/2024:11:20:17 +0800] "POST /xingrg/kc/buy/cgsh_list_operate.html HTTP/1.1" 200 1409
116.238.97.31 - - [14/Apr/2024:11:20:18 +0800] "POST /xingrg/kc/buy/cgsh_list_operate.html HTTP/1.1" 200 645
116.224.254.208 - - [14/Apr/2024:11:20:19 +0800] "POST /xingrg/kc/buy/cgsh_list_operate.html HTTP/1.1" 200 201
116.237.76.76 - - [14/Apr/2024:11:20:20 +0800] "POST /xingrg/kc/buy/cgsh_list_operate.html HTTP/1.1" 200 4723
116.224.254.208 - - [14/Apr/2024:11:20:21 +0800] "GET /xingrg/kc/buy/cgsh_order_info.html?code=212024041403494 HTTP/1.1" 200 68866
116.224.254.208 - - [14/Apr/2024:11:20:21 +0800] "GET /xingrg/javascript/easyui/themes/default/validatebox.css HTTP/1.1" 404 1104
116.237.76.76 - - [14/Apr/2024:11:20:22 +0800] "GET /xingrg/kc/buy/cgsh_order_operate.html?command=get_materiel&rest_code=00106&code=00101004046&supplier_code=00100312&order_time=2024-04-14 HTTP/1.1" 200 418
116.224.254.208 - - [14/Apr/2024:11:20:22 +0800] "POST /xingrg/kc/buy/cgsh_order_operate.html HTTP/1.1" 200 613
116.238.97.31 - - [14/Apr/2024:11:20:22 +0800] "GET /xingrg/kc/buy/cgsh_order_add.html HTTP/1.1" 200 73987
116.238.97.31 - - [14/Apr/2024:11:20:23 +0800] "GET /xingrg/words/20240413134602_words.js HTTP/1.1" 304 -
116.238.97.31 - - [14/Apr/2024:11:20:23 +0800] "POST /xingrg/kc/buy/cgsh_order_operate.html HTTP/1.1" 200 8245
116.238.97.31 - - [14/Apr/2024:11:20:23 +0800] "GET /xingrg/javascript/easyui/themes/default/validatebox.css HTTP/1.1" 404 1104
116.238.97.31 - - [14/Apr/2024:11:20:23 +0800] "GET /xingrg/all/common/auto_word.html?type=employee&rest_code=00102 HTTP/1.1" 200 189
116.238.97.31 - - [14/Apr/2024:11:20:23 +0800] "GET /xingrg/all/common/auto_word.html?type=employee&rest_code=00102 HTTP/1.1" 200 189
116.224.254.208 - - [14/Apr/2024:11:20:23 +0800] "GET /xingrg/kc/print/load_config.html?kc_code=cgsh HTTP/1.1" 200 1927
116.224.254.208 - - [14/Apr/2024:11:20:24 +0800] "GET /xingrg/kc/print/load_data.html?order_code=212024041403494&kc_code=cgsh&condition= HTTP/1.1" 200 781
221.239.169.251 - - [14/Apr/2024:11:20:24 +0800] "GET /xingrg/all/function/internal_message.html?_=1713064822603&CODE_STATE=getMsg HTTP/1.1" 200 27
116.224.254.208 - - [14/Apr/2024:11:20:28 +0800] "GET /xingrg/kc/buy/cgsh_order_add.html HTTP/1.1" 200 73990
116.224.254.208 - - [14/Apr/2024:11:20:29 +0800] "POST /xingrg/kc/buy/cgsh_order_operate.html HTTP/1.1" 200 8245
116.224.254.208 - - [14/Apr/2024:11:20:29 +0800] "GET /xingrg/javascript/easyui/themes/default/validatebox.css HTTP/1.1" 404 1104
116.224.254.208 - - [14/Apr/2024:11:20:29 +0800] "GET /xingrg/all/common/auto_word.html?type=employee&rest_code=00150 HTTP/1.1" 200 159
116.224.254.208 - - [14/Apr/2024:11:20:29 +0800] "GET /xingrg/all/common/auto_word.html?type=employee&rest_code=00150 HTTP/1.1" 200 159
116.237.76.76 - - [14/Apr/2024:11:20:29 +0800] "GET /xingrg/all/function/internal_message.html?_=1713064825253&CODE_STATE=getMsg HTTP/1.1" 200 27
116.237.76.76 - - [14/Apr/2024:11:20:29 +0800] "POST /xingrg/kc/buy/cgsh_list_operate.html HTTP/1.1" 200 198
180.163.29.212 - - [14/Apr/2024:11:20:30 +0800] "GET /xingrg/all/function/internal_message.html?_=1713064765252&CODE_STATE=getMsg HTTP/1.1" 302 -
180.163.29.212 - - [14/Apr/2024:11:20:30 +0800] "GET /xingrg/login.html HTTP/1.1" 200 7641
222.70.183.82 - - [14/Apr/2024:11:20:31 +0800] "GET /xingrg/kc/buy/cgsh_order_operate.html?command=get_materiel&rest_code=00111&code=00101004067&supplier_code=00100312&order_time=2024-04-14 HTTP/1.1" 200 413
116.237.76.76 - - [14/Apr/2024:11:20:31 +0800] "GET /xingrg/kc/buy/cgsh_order_info.html?code=212024041303164 HTTP/1.1" 200 68818
116.237.76.76 - - [14/Apr/2024:11:20:32 +0800] "GET /xingrg/javascript/easyui/themes/default/validatebox.css HTTP/1.1" 404 1104
