116.230.109.19 - - [14/Apr/2024:13:35:35 +0800] "GET /xingrg/javascript/easyui/themes/default/validatebox.css HTTP/1.1" 404 1104
116.230.109.19 - - [14/Apr/2024:13:35:36 +0800] "POST /xingrg/kc/buy/cgsh_order_operate.html HTTP/1.1" 200 3857
116.230.109.19 - - [14/Apr/2024:13:35:37 +0800] "GET /xingrg/kc/print/load_data.html?order_code=212024041403648&kc_code=cgsh HTTP/1.1" 200 1212
114.85.37.96 - - [14/Apr/2024:13:35:41 +0800] "GET /xingrg/all/function/internal_message.html?_=1713071349967&CODE_STATE=getMsg HTTP/1.1" 200 27
101.83.144.49 - - [14/Apr/2024:13:35:41 +0800] "GET /xingrg/kc/buy/cgsh_order_add.html HTTP/1.1" 200 74028
116.230.109.19 - - [14/Apr/2024:13:35:41 +0800] "POST /xingrg/kc/buy/cgsh_list_operate.html HTTP/1.1" 200 5757
101.83.144.49 - - [14/Apr/2024:13:35:41 +0800] "GET /xingrg/words/20240414115950_words.js HTTP/1.1" 304 -
101.83.144.49 - - [14/Apr/2024:13:35:41 +0800] "POST /xingrg/kc/buy/cgsh_order_operate.html HTTP/1.1" 200 8245
101.83.144.49 - - [14/Apr/2024:13:35:41 +0800] "GET /xingrg/javascript/easyui/themes/default/validatebox.css HTTP/1.1" 404 1104
114.83.217.203 - - [14/Apr/2024:13:35:42 +0800] "GET /xingrg/all/function/internal_message.html?_=1713072942023&CODE_STATE=getMsg HTTP/1.1" 200 27
180.163.29.234 - - [14/Apr/2024:13:35:43 +0800] "GET /xingrg/all/function/internal_message.html?_=1713072486763&CODE_STATE=getMsg HTTP/1.1" 302 -
180.163.29.234 - - [14/Apr/2024:13:35:43 +0800] "GET /xingrg/login.html HTTP/1.1" 200 7641
124.78.56.241 - - [14/Apr/2024:13:35:45 +0800] "POST /xingrg/kc/buy/cgsh_list_operate.html HTTP/1.1" 200 3727
116.230.109.19 - - [14/Apr/2024:13:35:47 +0800] "GET /xingrg/all/function/internal_message.html?_=1713072947588&CODE_STATE=getMsg HTTP/1.1" 200 27
116.230.109.19 - - [14/Apr/2024:13:35:49 +0800] "GET /xingrg/all/function/internal_message.html?_=1713072890256&CODE_STATE=getMsg HTTP/1.1" 200 27
116.230.109.19 - - [14/Apr/2024:13:35:49 +0800] "GET /xingrg/check_reg.html?_=1713072890583 HTTP/1.1" 200 22
124.78.56.241 - - [14/Apr/2024:13:35:50 +0800] "POST /xingrg/kc/buy/cgsh_list_operate.html HTTP/1.1" 200 560
124.78.56.241 - - [14/Apr/2024:13:35:51 +0800] "GET /xingrg/all/function/internal_message.html?_=1713072951307&CODE_STATE=getMsg HTTP/1.1" 200 27
124.78.56.241 - - [14/Apr/2024:13:35:51 +0800] "GET /xingrg/kc/buy/cgsh_order_info.html?code=212024041403673 HTTP/1.1" 200 73928
124.78.56.241 - - [14/Apr/2024:13:35:52 +0800] "GET /xingrg/javascript/easyui/themes/default/validatebox.css HTTP/1.1" 404 1104
124.78.56.241 - - [14/Apr/2024:13:35:53 +0800] "POST /xingrg/kc/buy/cgsh_order_operate.html HTTP/1.1" 200 6809
180.164.1.25 - - [14/Apr/2024:13:36:02 +0800] "GET /xingrg/all/function/internal_message.html?_=1713072961398&CODE_STATE=getMsg HTTP/1.1" 200 27
116.237.76.76 - - [14/Apr/2024:13:36:11 +0800] "GET /xingrg/all/function/internal_message.html?_=1713072966778&CODE_STATE=getMsg HTTP/1.1" 200 27
101.83.144.49 - - [14/Apr/2024:13:36:11 +0800] "GET /xingrg/kc/buy/cgsh_order_operate.html?command=get_materiel&rest_code=00105&code=00101001309&supplier_code=00100331&order_time=2024-04-14 HTTP/1.1" 200 410
180.169.147.146 - - [14/Apr/2024:13:36:13 +0800] "GET /xingrg/all/function/internal_message.html?_=1713072973103&CODE_STATE=getMsg HTTP/1.1" 200 27
114.95.153.66 - - [14/Apr/2024:13:36:13 +0800] "GET /xingrg/all/function/internal_message.html?_=1713072974657&CODE_STATE=getMsg HTTP/1.1" 200 27
116.224.254.208 - - [14/Apr/2024:13:36:22 +0800] "GET /xingrg/all/function/internal_message.html?_=1713072982052&CODE_STATE=getMsg HTTP/1.1" 200 27
116.230.109.19 - - [14/Apr/2024:13:36:22 +0800] "GET /xingrg/all/function/internal_message.html?_=1713072923910&CODE_STATE=getMsg HTTP/1.1" 200 27
101.83.144.49 - - [14/Apr/2024:13:36:27 +0800] "GET /xingrg/all/function/internal_message.html?_=1713072745950&CODE_STATE=getMsg HTTP/1.1" 200 27
222.69.135.125 - - [14/Apr/2024:13:36:28 +0800] "GET /xingrg/kc/buy/cgsh_order_list.html HTTP/1.1" 200 58140
101.83.144.49 - - [14/Apr/2024:13:36:29 +0800] "POST /xingrg/kc/buy/cgsh_order_operate.html HTTP/1.1" 200 37
116.235.94.6 - - [14/Apr/2024:13:36:30 +0800] "GET /xingrg/all/function/internal_message.html?_=1713073022666&CODE_STATE=getMsg HTTP/1.1" 200 27
222.69.135.125 - - [14/Apr/2024:13:36:31 +0800] "POST /xingrg/kc/buy/cgsh_list_operate.html HTTP/1.1" 200 645
221.239.169.251 - - [14/Apr/2024:13:36:32 +0800] "GET /xingrg/all/function/internal_message.html?_=1713072990594&CODE_STATE=getMsg HTTP/1.1" 200 27
101.83.144.49 - - [14/Apr/2024:13:36:32 +0800] "POST /xingrg/kc/buy/cgsh_order_operate.html HTTP/1.1" 200 2655
116.230.109.19 - - [14/Apr/2024:13:36:33 +0800] "GET /xingrg/check_reg.html?_=1713072934856 HTTP/1.1" 200 22
116.230.109.19 - - [14/Apr/2024:13:36:33 +0800] "GET /xingrg/all/function/internal_message.html?_=1713072934864&CODE_STATE=getMsg HTTP/1.1" 200 27
101.83.144.49 - - [14/Apr/2024:13:36:35 +0800] "GET /xingrg/kc/print/load_data.html?order_code=212024041403681&kc_code=cgsh&condition= HTTP/1.1" 200 668
114.85.37.96 - - [14/Apr/2024:13:36:41 +0800] "GET /xingrg/all/function/internal_message.html?_=1713071409980&CODE_STATE=getMsg HTTP/1.1" 200 27
114.83.217.203 - - [14/Apr/2024:13:36:42 +0800] "GET /xingrg/all/function/internal_message.html?_=1713073002009&CODE_STATE=getMsg HTTP/1.1" 200 27
116.230.109.19 - - [14/Apr/2024:13:36:47 +0800] "GET /xingrg/all/function/internal_message.html?_=1713073007579&CODE_STATE=getMsg HTTP/1.1" 200 27
116.230.109.19 - - [14/Apr/2024:13:36:48 +0800] "GET /xingrg/all/function/internal_message.html?_=1713072950242&CODE_STATE=getMsg HTTP/1.1" 200 27
101.83.144.49 - - [14/Apr/2024:13:36:52 +0800] "GET /xingrg/kc/buy/cgsh_order_add.html HTTP/1.1" 200 74028
101.83.144.49 - - [14/Apr/2024:13:36:52 +0800] "POST /xingrg/kc/buy/cgsh_order_operate.html HTTP/1.1" 200 8245
101.83.144.49 - - [14/Apr/2024:13:36:52 +0800] "GET /xingrg/javascript/easyui/themes/default/validatebox.css HTTP/1.1" 404 1104
180.164.1.25 - - [14/Apr/2024:13:37:02 +0800] "GET /xingrg/all/function/internal_message.html?_=1713073021376&CODE_STATE=getMsg HTTP/1.1" 200 27
180.163.28.114 - - [14/Apr/2024:13:37:11 +0800] "GET /xingrg/all/function/internal_message.html?_=1713072966778&CODE_STATE=getMsg HTTP/1.1" 302 -
180.163.28.114 - - [14/Apr/2024:13:37:11 +0800] "GET /xingrg/login.html HTTP/1.1" 200 7641
116.237.76.76 - - [14/Apr/2024:13:37:11 +0800] "GET /xingrg/all/function/internal_message.html?_=1713073026784&CODE_STATE=getMsg HTTP/1.1" 200 27
101.83.144.49 - - [14/Apr/2024:13:37:12 +0800] "GET /xingrg/kc/buy/cgsh_order_operate.html?command=get_materiel&rest_code=00105&code=00101020479&supplier_code=00100325&order_time=2024-04-14 HTTP/1.1" 200 415
180.169.147.146 - - [14/Apr/2024:13:37:13 +0800] "GET /xingrg/all/function/internal_message.html?_=1713073033084&CODE_STATE=getMsg HTTP/1.1" 200 27
114.95.153.66 - - [14/Apr/2024:13:37:13 +0800] "GET /xingrg/all/function/internal_message.html?_=1713073034649&CODE_STATE=getMsg HTTP/1.1" 200 27
101.83.144.49 - - [14/Apr/2024:13:37:14 +0800] "POST /xingrg/all/common/load_select.html HTTP/1.1" 200 12
116.224.254.208 - - [14/Apr/2024:13:37:22 +0800] "GET /xingrg/all/function/internal_message.html?_=1713073042038&CODE_STATE=getMsg HTTP/1.1" 200 27
101.83.144.49 - - [14/Apr/2024:13:37:22 +0800] "GET /xingrg/kc/buy/cgsh_order_operate.html?command=get_materiel_price&rest_code=00105&code=00101020479&unit_code=00100004&supplier_code=00100325&order_time=2024-04-14 HTTP/1.1" 200 30
116.230.109.19 - - [14/Apr/2024:13:37:22 +0800] "GET /xingrg/all/function/internal_message.html?_=1713072983869&CODE_STATE=getMsg HTTP/1.1" 200 27
101.83.144.49 - - [14/Apr/2024:13:37:27 +0800] "GET /xingrg/all/function/internal_message.html?_=1713072805937&CODE_STATE=getMsg HTTP/1.1" 200 27
101.83.144.49 - - [14/Apr/2024:13:37:29 +0800] "GET /xingrg/check_reg.html?_=1713072808437 HTTP/1.1" 200 22
116.235.94.6 - - [14/Apr/2024:13:37:30 +0800] "GET /xingrg/all/function/internal_message.html?_=1713073082637&CODE_STATE=getMsg HTTP/1.1" 200 27
221.239.169.251 - - [14/Apr/2024:13:37:32 +0800] "GET /xingrg/all/function/internal_message.html?_=1713073050577&CODE_STATE=getMsg HTTP/1.1" 200 27
116.230.109.19 - - [14/Apr/2024:13:37:33 +0800] "GET /xingrg/all/function/internal_message.html?_=1713072994856&CODE_STATE=getMsg HTTP/1.1" 200 27
114.85.37.96 - - [14/Apr/2024:13:37:41 +0800] "GET /xingrg/all/function/internal_message.html?_=1713071469976&CODE_STATE=getMsg HTTP/1.1" 200 27
114.83.217.203 - - [14/Apr/2024:13:37:42 +0800] "GET /xingrg/all/function/internal_message.html?_=1713073061996&CODE_STATE=getMsg HTTP/1.1" 200 27
101.83.144.49 - - [14/Apr/2024:13:37:44 +0800] "POST /xingrg/kc/buy/cgsh_order_operate.html HTTP/1.1" 200 37
116.230.109.19 - - [14/Apr/2024:13:37:47 +0800] "GET /xingrg/all/function/internal_message.html?_=1713073067594&CODE_STATE=getMsg HTTP/1.1" 200 27
101.83.144.49 - - [14/Apr/2024:13:37:47 +0800] "POST /xingrg/kc/buy/cgsh_order_operate.html HTTP/1.1" 200 2660
116.230.109.19 - - [14/Apr/2024:13:37:48 +0800] "GET /xingrg/all/function/internal_message.html?_=1713073010223&CODE_STATE=getMsg HTTP/1.1" 200 27
101.83.144.49 - - [14/Apr/2024:13:37:51 +0800] "GET /xingrg/kc/print/load_data.html?order_code=212024041403682&kc_code=cgsh&condition= HTTP/1.1" 200 677
222.69.135.125 - - [14/Apr/2024:13:37:51 +0800] "GET /xingrg/check_reg.html?_=1713073072745 HTTP/1.1" 200 22
222.69.135.125 - - [14/Apr/2024:13:38:00 +0800] "POST /xingrg/kc/buy/cgsh_list_operate.html HTTP/1.1" 200 645
222.69.135.125 - - [14/Apr/2024:13:38:02 +0800] "GET /xingrg/kc/buy/cgsh_order_add.html HTTP/1.1" 200 73144
222.69.135.125 - - [14/Apr/2024:13:38:02 +0800] "GET /xingrg/words/20240414115950_words.js HTTP/1.1" 200 1018022
222.69.135.125 - - [14/Apr/2024:13:38:02 +0800] "POST /xingrg/kc/buy/cgsh_order_operate.html HTTP/1.1" 200 8245
180.164.1.25 - - [14/Apr/2024:13:38:02 +0800] "GET /xingrg/all/function/internal_message.html?_=1713073081360&CODE_STATE=getMsg HTTP/1.1" 200 27
222.69.135.125 - - [14/Apr/2024:13:38:02 +0800] "GET /xingrg/javascript/easyui/themes/default/validatebox.css HTTP/1.1" 404 1104
222.69.135.125 - - [14/Apr/2024:13:38:02 +0800] "GET /xingrg/all/common/auto_word.html?type=employee&rest_code=00154 HTTP/1.1" 200 101
222.69.135.125 - - [14/Apr/2024:13:38:02 +0800] "GET /xingrg/all/common/auto_word.html?type=employee&rest_code=00154 HTTP/1.1" 200 101
222.69.135.125 - - [14/Apr/2024:13:38:09 +0800] "GET /xingrg/javascript/auto/indicator.gif HTTP/1.1" 404 1066
116.237.76.76 - - [14/Apr/2024:13:38:11 +0800] "GET /xingrg/all/function/internal_message.html?_=1713073086771&CODE_STATE=getMsg HTTP/1.1" 200 27
101.83.144.49 - - [14/Apr/2024:13:38:12 +0800] "GET /xingrg/kc/buy/cgsh_order_add.html HTTP/1.1" 200 74028
101.83.144.49 - - [14/Apr/2024:13:38:13 +0800] "POST /xingrg/kc/buy/cgsh_order_operate.html HTTP/1.1" 200 8245
101.83.144.49 - - [14/Apr/2024:13:38:13 +0800] "GET /xingrg/javascript/easyui/themes/default/validatebox.css HTTP/1.1" 404 1104
180.169.147.146 - - [14/Apr/2024:13:38:13 +0800] "GET /xingrg/all/function/internal_message.html?_=1713073093059&CODE_STATE=getMsg HTTP/1.1" 200 27
114.95.153.66 - - [14/Apr/2024:13:38:13 +0800] "GET /xingrg/all/function/internal_message.html?_=1713073094659&CODE_STATE=getMsg HTTP/1.1" 200 27
114.95.153.66 - - [14/Apr/2024:13:38:13 +0800] "GET /xingrg/check_reg.html?_=1713073094662 HTTP/1.1" 200 22
124.78.56.241 - - [14/Apr/2024:13:38:19 +0800] "GET /favicon.ico HTTP/1.1" 404 -
116.224.254.208 - - [14/Apr/2024:13:38:22 +0800] "GET /xingrg/all/function/internal_message.html?_=1713073102055&CODE_STATE=getMsg HTTP/1.1" 200 27
116.230.109.19 - - [14/Apr/2024:13:38:22 +0800] "GET /xingrg/all/function/internal_message.html?_=1713073043855&CODE_STATE=getMsg HTTP/1.1" 200 27
124.78.56.241 - - [14/Apr/2024:13:38:23 +0800] "GET /xingrg/login.html HTTP/1.1" 200 7641
124.78.56.241 - - [14/Apr/2024:13:38:24 +0800] "GET /favicon.ico HTTP/1.1" 404 -
124.78.56.241 - - [14/Apr/2024:13:38:26 +0800] "POST /xingrg/login.do HTTP/1.1" 302 -
124.78.56.241 - - [14/Apr/2024:13:38:26 +0800] "GET /xingrg/index.html?sysBaseUrl=http%3A%2F%2F180.169.147.146%3A18081%2Fxingrg%2F&costTime=894×tamp=1713073106294 HTTP/1.1" 200 17179
222.69.135.125 - - [14/Apr/2024:13:38:26 +0800] "GET /xingrg/kc/buy/cgsh_order_operate.html?command=get_materiel&rest_code=00154&code=00101006199&supplier_code=00100658&order_time=2024-04-14 HTTP/1.1" 200 414
124.78.56.241 - - [14/Apr/2024:13:38:26 +0800] "GET /favicon.ico HTTP/1.1" 404 -
124.78.56.241 - - [14/Apr/2024:13:38:26 +0800] "POST /xingrg/all/common/load_tree.html?tree=area_rest_tree_json&manage=1 HTTP/1.1" 200 351
124.78.56.241 - - [14/Apr/2024:13:38:26 +0800] "GET /xingrg/all/function/internal_message.html?_=1713073107176&CODE_STATE=count HTTP/1.1" 200 11
124.78.56.241 - - [14/Apr/2024:13:38:26 +0800] "GET /xingrg/check_reg.html?_=1713073107177 HTTP/1.1" 200 22
124.78.56.241 - - [14/Apr/2024:13:38:26 +0800] "POST /xingrg/load_menu.html HTTP/1.1" 200 5138
101.83.144.49 - - [14/Apr/2024:13:38:27 +0800] "GET /xingrg/all/function/internal_message.html?_=1713072865912&CODE_STATE=getMsg HTTP/1.1" 200 27
124.78.56.241 - - [14/Apr/2024:13:38:28 +0800] "GET /xingrg/css/new_ie.css HTTP/1.1" 404 1036
124.78.56.241 - - [14/Apr/2024:13:38:28 +0800] "GET /xingrg/images/yd/bt.gif HTTP/1.1" 404 1040
116.235.94.6 - - [14/Apr/2024:13:38:30 +0800] "GET /xingrg/all/function/internal_message.html?_=1713073142606&CODE_STATE=getMsg HTTP/1.1" 200 27
116.235.94.6 - - [14/Apr/2024:13:38:32 +0800] "GET /xingrg/check_reg.html?_=1713073144276 HTTP/1.1" 200 22
221.239.169.251 - - [14/Apr/2024:13:38:32 +0800] "GET /xingrg/all/function/internal_message.html?_=1713073110576&CODE_STATE=getMsg HTTP/1.1" 200 27
116.230.109.19 - - [14/Apr/2024:13:38:33 +0800] "GET /xingrg/all/function/internal_message.html?_=1713073054872&CODE_STATE=getMsg HTTP/1.1" 200 27
114.85.37.96 - - [14/Apr/2024:13:38:41 +0800] "GET /xingrg/all/function/internal_message.html?_=1713071529969&CODE_STATE=getMsg HTTP/1.1" 200 27
114.83.217.203 - - [14/Apr/2024:13:38:42 +0800] "GET /xingrg/all/function/internal_message.html?_=1713073121966&CODE_STATE=getMsg HTTP/1.1" 200 27
101.83.144.49 - - [14/Apr/2024:13:38:44 +0800] "GET /xingrg/kc/buy/cgsh_order_operate.html?command=get_materiel&rest_code=00105&code=00101010355&supplier_code=00100329&order_time=2024-04-14 HTTP/1.1" 200 440
116.230.109.19 - - [14/Apr/2024:13:38:47 +0800] "GET /xingrg/check_reg.html?_=1713073127588 HTTP/1.1" 200 22
116.230.109.19 - - [14/Apr/2024:13:38:47 +0800] "GET /xingrg/all/function/internal_message.html?_=1713073127590&CODE_STATE=getMsg HTTP/1.1" 200 27
116.230.109.19 - - [14/Apr/2024:13:38:48 +0800] "GET /xingrg/all/function/internal_message.html?_=1713073070203&CODE_STATE=getMsg HTTP/1.1" 200 27
101.83.144.49 - - [14/Apr/2024:13:38:52 +0800] "POST /xingrg/all/common/load_select.html HTTP/1.1" 200 25
222.69.135.125 - - [14/Apr/2024:13:38:56 +0800] "GET /xingrg/kc/buy/cgsh_order_operate.html?command=get_materiel&rest_code=00154&code=00101020490&supplier_code=00100658&order_time=2024-04-14 HTTP/1.1" 200 434
101.83.144.49 - - [14/Apr/2024:13:39:00 +0800] "GET /xingrg/kc/buy/cgsh_order_operate.html?command=get_materiel_price&rest_code=00105&code=00101010355&unit_code=00100425&supplier_code=00100329&order_time=2024-04-14 HTTP/1.1" 200 29
180.164.1.25 - - [14/Apr/2024:13:39:02 +0800] "GET /xingrg/all/function/internal_message.html?_=1713073141342&CODE_STATE=getMsg HTTP/1.1" 200 27
180.164.1.25 - - [14/Apr/2024:13:39:02 +0800] "GET /xingrg/check_reg.html?_=1713073141435 HTTP/1.1" 200 22
101.80.230.31 - - [14/Apr/2024:13:39:10 +0800] "POST /xingrg/services/DataTransmitService HTTP/1.1" 200 524
101.80.230.31 - - [14/Apr/2024:13:39:11 +0800] "POST /xingrg/services/DataTransmitService HTTP/1.1" 200 501
116.237.76.76 - - [14/Apr/2024:13:39:11 +0800] "GET /xingrg/all/function/internal_message.html?_=1713073146773&CODE_STATE=getMsg HTTP/1.1" 200 27
180.169.147.146 - - [14/Apr/2024:13:39:13 +0800] "GET /xingrg/check_reg.html?_=1713073153076 HTTP/1.1" 200 22
180.169.147.146 - - [14/Apr/2024:13:39:13 +0800] "GET /xingrg/all/function/internal_message.html?_=1713073153070&CODE_STATE=getMsg HTTP/1.1" 200 27
114.95.153.66 - - [14/Apr/2024:13:39:13 +0800] "GET /xingrg/all/function/internal_message.html?_=1713073154643&CODE_STATE=getMsg HTTP/1.1" 200 27
222.69.135.125 - - [14/Apr/2024:13:39:15 +0800] "POST /xingrg/kc/buy/cgsh_order_operate.html HTTP/1.1" 200 37
101.83.144.49 - - [14/Apr/2024:13:39:19 +0800] "POST /xingrg/kc/buy/cgsh_order_operate.html HTTP/1.1" 200 88
116.224.254.208 - - [14/Apr/2024:13:39:22 +0800] "GET /xingrg/all/function/internal_message.html?_=1713073162052&CODE_STATE=getMsg HTTP/1.1" 200 27
116.230.109.19 - - [14/Apr/2024:13:39:22 +0800] "GET /xingrg/all/function/internal_message.html?_=1713073103839&CODE_STATE=getMsg HTTP/1.1" 200 27
124.78.56.241 - - [14/Apr/2024:13:39:26 +0800] "GET /xingrg/all/function/internal_message.html?_=1713073167179&CODE_STATE=getMsg HTTP/1.1" 200 27
101.83.144.49 - - [14/Apr/2024:13:39:27 +0800] "POST /xingrg/kc/buy/cgsh_order_operate.html HTTP/1.1" 200 37
222.69.135.125 - - [14/Apr/2024:13:39:27 +0800] "POST /xingrg/kc/buy/cgsh_order_operate.html HTTP/1.1" 200 12
116.235.94.6 - - [14/Apr/2024:13:39:30 +0800] "GET /xingrg/all/function/internal_message.html?_=1713073202588&CODE_STATE=getMsg HTTP/1.1" 200 27
124.78.56.241 - - [14/Apr/2024:13:39:30 +0800] "POST /xingrg/kc/buy/cgsh_list_operate.html HTTP/1.1" 200 4250
101.83.144.49 - - [14/Apr/2024:13:39:31 +0800] "POST /xingrg/kc/buy/cgsh_order_operate.html HTTP/1.1" 200 2680
222.69.135.125 - - [14/Apr/2024:13:39:31 +0800] "GET /xingrg/kc/buy/cgsh_order_info.html?code=212024041403683 HTTP/1.1" 200 68030
222.69.135.125 - - [14/Apr/2024:13:39:31 +0800] "GET /xingrg/javascript/easyui/themes/default/validatebox.css HTTP/1.1" 404 1104
221.239.169.251 - - [14/Apr/2024:13:39:32 +0800] "GET /xingrg/all/function/internal_message.html?_=1713073170559&CODE_STATE=getMsg HTTP/1.1" 200 27
222.69.135.125 - - [14/Apr/2024:13:39:32 +0800] "POST /xingrg/kc/buy/cgsh_order_operate.html HTTP/1.1" 200 1230
116.230.109.19 - - [14/Apr/2024:13:39:33 +0800] "GET /xingrg/all/function/internal_message.html?_=1713073114864&CODE_STATE=getMsg HTTP/1.1" 200 27
101.83.144.49 - - [14/Apr/2024:13:39:34 +0800] "GET /xingrg/kc/print/load_data.html?order_code=212024041403685&kc_code=cgsh&condition= HTTP/1.1" 200 707
222.69.135.125 - - [14/Apr/2024:13:39:34 +0800] "GET /xingrg/kc/print/load_config.html?kc_code=cgsh HTTP/1.1" 200 1927
222.69.135.125 - - [14/Apr/2024:13:39:35 +0800] "GET /xingrg/kc/print/load_data.html?order_code=212024041403683&kc_code=cgsh&condition= HTTP/1.1" 200 979
114.85.37.96 - - [14/Apr/2024:13:39:41 +0800] "GET /xingrg/all/function/internal_message.html?_=1713071589963&CODE_STATE=getMsg HTTP/1.1" 200 27
114.85.37.96 - - [14/Apr/2024:13:39:41 +0800] "GET /xingrg/check_reg.html?_=1713071590369 HTTP/1.1" 200 22
114.83.217.203 - - [14/Apr/2024:13:39:42 +0800] "GET /xingrg/check_reg.html?_=1713073181893 HTTP/1.1" 200 22
114.83.217.203 - - [14/Apr/2024:13:39:42 +0800] "GET /xingrg/all/function/internal_message.html?_=1713073181945&CODE_STATE=getMsg HTTP/1.1" 200 27
116.230.109.19 - - [14/Apr/2024:13:39:47 +0800] "GET /xingrg/all/function/internal_message.html?_=1713073187591&CODE_STATE=getMsg HTTP/1.1" 200 27
116.230.109.19 - - [14/Apr/2024:13:39:48 +0800] "GET /xingrg/all/function/internal_message.html?_=1713073130183&CODE_STATE=getMsg HTTP/1.1" 200 27
101.83.144.49 - - [14/Apr/2024:13:39:52 +0800] "GET /xingrg/kc/buy/cgsh_order_add.html HTTP/1.1" 200 74028
101.83.144.49 - - [14/Apr/2024:13:39:53 +0800] "POST /xingrg/kc/buy/cgsh_order_operate.html HTTP/1.1" 200 8245
101.83.144.49 - - [14/Apr/2024:13:39:53 +0800] "GET /xingrg/javascript/easyui/themes/default/validatebox.css HTTP/1.1" 404 1104
114.95.153.66 - - [14/Apr/2024:13:40:00 +0800] "GET /xingrg/kc/buy/cgsh_order_operate.html?command=get_materiel&rest_code=00158&code=00101006088&supplier_code=00100661&order_time=2024-04-14 HTTP/1.1" 200 409
180.164.1.25 - - [14/Apr/2024:13:40:02 +0800] "GET /xingrg/all/function/internal_message.html?_=1713073201327&CODE_STATE=getMsg HTTP/1.1" 200 27
116.237.76.76 - - [14/Apr/2024:13:40:11 +0800] "GET /xingrg/check_reg.html?_=1713073206780 HTTP/1.1" 200 22
116.237.76.76 - - [14/Apr/2024:13:40:11 +0800] "GET /xingrg/all/function/internal_message.html?_=1713073206777&CODE_STATE=getMsg HTTP/1.1" 200 27
180.169.147.146 - - [14/Apr/2024:13:40:13 +0800] "GET /xingrg/all/function/internal_message.html?_=1713073213057&CODE_STATE=getMsg HTTP/1.1" 200 27
114.95.153.66 - - [14/Apr/2024:13:40:13 +0800] "GET /xingrg/all/function/internal_message.html?_=1713073214646&CODE_STATE=getMsg HTTP/1.1" 200 27
114.95.153.66 - - [14/Apr/2024:13:40:19 +0800] "GET /xingrg/kc/buy/cgsh_order_operate.html?command=get_materiel&rest_code=00158&code=00101006007&supplier_code=00100661&order_time=2024-04-14 HTTP/1.1" 200 417
116.224.254.208 - - [14/Apr/2024:13:40:22 +0800] "GET /xingrg/check_reg.html?_=1713073222048 HTTP/1.1" 200 22
116.224.254.208 - - [14/Apr/2024:13:40:22 +0800] "GET /xingrg/all/function/internal_message.html?_=1713073222049&CODE_STATE=getMsg HTTP/1.1" 200 27
116.230.109.19 - - [14/Apr/2024:13:40:22 +0800] "GET /xingrg/check_reg.html?_=1713073163681 HTTP/1.1" 200 22
116.230.109.19 - - [14/Apr/2024:13:40:22 +0800] "GET /xingrg/all/function/internal_message.html?_=1713073163823&CODE_STATE=getMsg HTTP/1.1" 200 27
124.78.56.241 - - [14/Apr/2024:13:40:23 +0800] "POST /xingrg/kc/buy/cgsh_list_operate.html HTTP/1.1" 200 4433
124.78.56.241 - - [14/Apr/2024:13:40:26 +0800] "GET /xingrg/all/function/internal_message.html?_=1713073227189&CODE_STATE=getMsg HTTP/1.1" 200 27
101.83.144.49 - - [14/Apr/2024:13:40:27 +0800] "GET /xingrg/all/function/internal_message.html?_=1713072985920&CODE_STATE=getMsg HTTP/1.1" 200 27
116.235.94.6 - - [14/Apr/2024:13:40:30 +0800] "GET /xingrg/all/function/internal_message.html?_=1713073262567&CODE_STATE=getMsg HTTP/1.1" 200 27
114.95.153.66 - - [14/Apr/2024:13:40:32 +0800] "GET /xingrg/kc/buy/cgsh_order_operate.html?command=get_materiel&rest_code=00158&code=00101006240&supplier_code=00100661&order_time=2024-04-14 HTTP/1.1" 200 423
221.239.169.251 - - [14/Apr/2024:13:40:32 +0800] "GET /xingrg/all/function/internal_message.html?_=1713073230545&CODE_STATE=getMsg HTTP/1.1" 200 27
221.239.169.251 - - [14/Apr/2024:13:40:32 +0800] "GET /xingrg/check_reg.html?_=1713073230992 HTTP/1.1" 200 22
116.230.109.19 - - [14/Apr/2024:13:40:33 +0800] "GET /xingrg/all/function/internal_message.html?_=1713073174855&CODE_STATE=getMsg HTTP/1.1" 200 27
114.85.37.96 - - [14/Apr/2024:13:40:41 +0800] "GET /xingrg/all/function/internal_message.html?_=1713071649949&CODE_STATE=getMsg HTTP/1.1" 200 27
114.83.217.203 - - [14/Apr/2024:13:40:42 +0800] "GET /xingrg/all/function/internal_message.html?_=1713073241929&CODE_STATE=getMsg HTTP/1.1" 200 27
101.83.144.49 - - [14/Apr/2024:13:40:45 +0800] "GET /xingrg/kc/buy/cgsh_order_operate.html?command=get_materiel&rest_code=00105&code=00101010314&supplier_code=00100323&order_time=2024-04-14 HTTP/1.1" 200 413
116.230.109.19 - - [14/Apr/2024:13:40:47 +0800] "GET /xingrg/all/function/internal_message.html?_=1713073247581&CODE_STATE=getMsg HTTP/1.1" 200 27
116.230.109.19 - - [14/Apr/2024:13:40:48 +0800] "GET /xingrg/all/function/internal_message.html?_=1713073190170&CODE_STATE=getMsg HTTP/1.1" 200 27
116.230.109.19 - - [14/Apr/2024:13:40:49 +0800] "GET /xingrg/check_reg.html?_=1713073190563 HTTP/1.1" 200 22
114.95.153.66 - - [14/Apr/2024:13:40:55 +0800] "GET /xingrg/kc/buy/cgsh_order_operate.html?command=get_materiel&rest_code=00158&code=00101006144&supplier_code=00100661&order_time=2024-04-14 HTTP/1.1" 200 409
180.164.1.25 - - [14/Apr/2024:13:41:02 +0800] "GET /xingrg/all/function/internal_message.html?_=1713073261310&CODE_STATE=getMsg HTTP/1.1" 200 27
180.163.29.212 - - [14/Apr/2024:13:41:11 +0800] "GET /xingrg/check_reg.html?_=1713073206780 HTTP/1.1" 302 -
180.163.29.212 - - [14/Apr/2024:13:41:11 +0800] "GET /xingrg/login.html HTTP/1.1" 200 7641
116.237.76.76 - - [14/Apr/2024:13:41:11 +0800] "GET /xingrg/all/function/internal_message.html?_=1713073266781&CODE_STATE=getMsg HTTP/1.1" 200 27
180.169.147.146 - - [14/Apr/2024:13:41:13 +0800] "GET /xingrg/all/function/internal_message.html?_=1713073273056&CODE_STATE=getMsg HTTP/1.1" 200 27
114.95.153.66 - - [14/Apr/2024:13:41:13 +0800] "GET /xingrg/all/function/internal_message.html?_=1713073274644&CODE_STATE=getMsg HTTP/1.1" 200 27
124.78.56.241 - - [14/Apr/2024:13:41:17 +0800] "POST /xingrg/kc/buy/cgsh_list_operate.html HTTP/1.1" 200 3727
101.83.144.49 - - [14/Apr/2024:13:41:20 +0800] "GET /xingrg/kc/buy/cgsh_order_operate.html?command=get_materiel&rest_code=00105&code=00101016052&supplier_code=00100323&order_time=2024-04-14 HTTP/1.1" 200 416
124.78.56.241 - - [14/Apr/2024:13:41:21 +0800] "POST /xingrg/kc/buy/cgsh_list_operate.html HTTP/1.1" 200 560
116.224.254.208 - - [14/Apr/2024:13:41:22 +0800] "GET /xingrg/all/function/internal_message.html?_=1713073282039&CODE_STATE=getMsg HTTP/1.1" 200 27
116.230.109.19 - - [14/Apr/2024:13:41:22 +0800] "GET /xingrg/all/function/internal_message.html?_=1713073223804&CODE_STATE=getMsg HTTP/1.1" 200 27
124.78.56.241 - - [14/Apr/2024:13:41:23 +0800] "GET /xingrg/kc/buy/cgsh_order_info.html?code=212024041403673 HTTP/1.1" 200 73928
124.78.56.241 - - [14/Apr/2024:13:41:23 +0800] "GET /xingrg/words/20240414115950_words.js HTTP/1.1" 200 1018022
114.95.153.66 - - [14/Apr/2024:13:41:24 +0800] "POST /xingrg/kc/buy/cgsh_order_operate.html HTTP/1.1" 200 37
124.78.56.241 - - [14/Apr/2024:13:41:24 +0800] "GET /xingrg/javascript/easyui/themes/default/validatebox.css HTTP/1.1" 404 1104
124.78.56.241 - - [14/Apr/2024:13:41:25 +0800] "POST /xingrg/kc/buy/cgsh_order_operate.html HTTP/1.1" 200 6809
124.78.56.241 - - [14/Apr/2024:13:41:26 +0800] "GET /xingrg/all/function/internal_message.html?_=1713073287192&CODE_STATE=getMsg HTTP/1.1" 200 27
101.83.144.49 - - [14/Apr/2024:13:41:27 +0800] "GET /xingrg/all/function/internal_message.html?_=1713073045903&CODE_STATE=getMsg HTTP/1.1" 200 27
116.235.94.6 - - [14/Apr/2024:13:41:30 +0800] "GET /xingrg/all/function/internal_message.html?_=1713073322549&CODE_STATE=getMsg HTTP/1.1" 200 27
124.78.56.241 - - [14/Apr/2024:13:41:30 +0800] "GET /xingrg/kc/print/load_data.html?order_code=212024041403673&kc_code=cgsh&condition= HTTP/1.1" 200 2261
114.95.153.66 - - [14/Apr/2024:13:41:31 +0800] "POST /xingrg/kc/buy/cgsh_order_operate.html HTTP/1.1" 200 12
101.83.144.49 - - [14/Apr/2024:13:41:31 +0800] "POST /xingrg/all/common/load_select.html HTTP/1.1" 200 12
221.239.169.251 - - [14/Apr/2024:13:41:32 +0800] "GET /xingrg/all/function/internal_message.html?_=1713073290522&CODE_STATE=getMsg HTTP/1.1" 200 27
116.230.109.19 - - [14/Apr/2024:13:41:33 +0800] "GET /xingrg/all/function/internal_message.html?_=1713073234861&CODE_STATE=getMsg HTTP/1.1" 200 27
116.230.109.19 - - [14/Apr/2024:13:41:33 +0800] "GET /xingrg/check_reg.html?_=1713073234863 HTTP/1.1" 200 22
114.95.153.66 - - [14/Apr/2024:13:41:34 +0800] "GET /xingrg/kc/buy/cgsh_order_info.html?code=212024041403686 HTTP/1.1" 200 67776
114.95.153.66 - - [14/Apr/2024:13:41:34 +0800] "GET /xingrg/words/20240414115950_words.js HTTP/1.1" 304 -
114.95.153.66 - - [14/Apr/2024:13:41:34 +0800] "GET /xingrg/javascript/easyui/themes/default/validatebox.css HTTP/1.1" 404 1104
114.95.153.66 - - [14/Apr/2024:13:41:35 +0800] "POST /xingrg/kc/buy/cgsh_order_operate.html HTTP/1.1" 200 2396
124.78.56.241 - - [14/Apr/2024:13:41:38 +0800] "POST /xingrg/kc/buy/cgsh_order_operate.html HTTP/1.1" 200 8245
124.78.56.241 - - [14/Apr/2024:13:41:38 +0800] "GET /xingrg/javascript/easyui/themes/default/validatebox.css HTTP/1.1" 404 1104
101.83.144.49 - - [14/Apr/2024:13:41:38 +0800] "GET /xingrg/kc/buy/cgsh_order_operate.html?command=get_materiel_price&rest_code=00105&code=00101016052&unit_code=00100001&supplier_code=00100323&order_time=2024-04-14 HTTP/1.1" 200 27
124.78.56.241 - - [14/Apr/2024:13:41:40 +0800] "GET /xingrg/javascript/auto/indicator.gif HTTP/1.1" 404 1066
114.85.37.96 - - [14/Apr/2024:13:41:41 +0800] "GET /xingrg/all/function/internal_message.html?_=1713071709941&CODE_STATE=getMsg HTTP/1.1" 200 27
114.95.153.66 - - [14/Apr/2024:13:41:41 +0800] "GET /xingrg/kc/print/load_config.html?kc_code=cgsh HTTP/1.1" 200 1927
114.83.217.203 - - [14/Apr/2024:13:41:42 +0800] "GET /xingrg/all/function/internal_message.html?_=1713073301913&CODE_STATE=getMsg HTTP/1.1" 200 27
114.95.153.66 - - [14/Apr/2024:13:41:42 +0800] "GET /xingrg/kc/print/load_data.html?order_code=212024041403686&kc_code=cgsh&condition= HTTP/1.1" 200 1381
116.230.109.19 - - [14/Apr/2024:13:41:47 +0800] "GET /xingrg/all/function/internal_message.html?_=1713073307590&CODE_STATE=getMsg HTTP/1.1" 200 27
124.78.56.241 - - [14/Apr/2024:13:41:48 +0800] "GET /xingrg/javascript/jquery_tools/images/prev.gif HTTP/1.1" 404 1086
124.78.56.241 - - [14/Apr/2024:13:41:48 +0800] "GET /xingrg/javascript/jquery_tools/images/next.gif HTTP/1.1" 404 1086
116.230.109.19 - - [14/Apr/2024:13:41:48 +0800] "GET /xingrg/all/function/internal_message.html?_=1713073250152&CODE_STATE=getMsg HTTP/1.1" 200 27
124.78.56.241 - - [14/Apr/2024:13:41:56 +0800] "GET /xingrg/kc/buy/cgsh_order_operate.html?command=get_materiel&rest_code=00141&code=00101001008&supplier_code=00100482&order_time=2023-12-10 HTTP/1.1" 200 415
180.164.1.25 - - [14/Apr/2024:13:42:02 +0800] "GET /xingrg/all/function/internal_message.html?_=1713073321296&CODE_STATE=getMsg HTTP/1.1" 200 27
114.95.153.66 - - [14/Apr/2024:13:42:09 +0800] "GET /xingrg/kc/buy/cgsh_order_add.html HTTP/1.1" 200 72902
114.95.153.66 - - [14/Apr/2024:13:42:09 +0800] "POST /xingrg/kc/buy/cgsh_order_operate.html HTTP/1.1" 200 8245
114.95.153.66 - - [14/Apr/2024:13:42:09 +0800] "GET /xingrg/javascript/easyui/themes/default/validatebox.css HTTP/1.1" 404 1104
116.237.76.76 - - [14/Apr/2024:13:42:11 +0800] "GET /xingrg/all/function/internal_message.html?_=1713073326784&CODE_STATE=getMsg HTTP/1.1" 200 27
180.169.147.146 - - [14/Apr/2024:13:42:13 +0800] "GET /xingrg/all/function/internal_message.html?_=1713073333056&CODE_STATE=getMsg HTTP/1.1" 200 27
114.95.153.66 - - [14/Apr/2024:13:42:13 +0800] "GET /xingrg/all/function/internal_message.html?_=1713073334641&CODE_STATE=getMsg HTTP/1.1" 200 27
124.78.56.241 - - [14/Apr/2024:13:42:15 +0800] "POST /xingrg/kc/buy/cgsh_order_operate.html HTTP/1.1" 200 37
124.78.56.241 - - [14/Apr/2024:13:42:17 +0800] "POST /xingrg/kc/buy/cgsh_order_operate.html HTTP/1.1" 200 2663
114.95.153.66 - - [14/Apr/2024:13:42:18 +0800] "GET /xingrg/kc/buy/cgsh_order_operate.html?command=get_materiel&rest_code=00158&code=00101006088&supplier_code=00100661&order_time=2024-04-13 HTTP/1.1" 200 409
124.78.56.241 - - [14/Apr/2024:13:42:18 +0800] "GET /xingrg/kc/print/load_data.html?order_code=212024041403687&kc_code=cgsh&condition= HTTP/1.1" 200 686
116.224.254.208 - - [14/Apr/2024:13:42:22 +0800] "GET /xingrg/all/function/internal_message.html?_=1713073342048&CODE_STATE=getMsg HTTP/1.1" 200 27
116.230.109.19 - - [14/Apr/2024:13:42:22 +0800] "GET /xingrg/all/function/internal_message.html?_=1713073283779&CODE_STATE=getMsg HTTP/1.1" 200 27
124.78.56.241 - - [14/Apr/2024:13:42:24 +0800] "POST /xingrg/kc/buy/cgsh_order_operate.html HTTP/1.1" 200 8245
124.78.56.241 - - [14/Apr/2024:13:42:24 +0800] "GET /xingrg/javascript/easyui/themes/default/validatebox.css HTTP/1.1" 404 1104
124.78.56.241 - - [14/Apr/2024:13:42:26 +0800] "GET /xingrg/all/function/internal_message.html?_=1713073347201&CODE_STATE=getMsg HTTP/1.1" 200 27
101.83.144.49 - - [14/Apr/2024:13:42:27 +0800] "GET /xingrg/all/function/internal_message.html?_=1713073105894&CODE_STATE=getMsg HTTP/1.1" 200 27
101.83.144.49 - - [14/Apr/2024:13:42:29 +0800] "GET /xingrg/check_reg.html?_=1713073108413 HTTP/1.1" 200 22
116.235.94.6 - - [14/Apr/2024:13:42:30 +0800] "GET /xingrg/all/function/internal_message.html?_=1713073382525&CODE_STATE=getMsg HTTP/1.1" 200 27
221.239.169.251 - - [14/Apr/2024:13:42:32 +0800] "GET /xingrg/all/function/internal_message.html?_=1713073350501&CODE_STATE=getMsg HTTP/1.1" 200 27
114.95.153.66 - - [14/Apr/2024:13:42:32 +0800] "POST /xingrg/kc/buy/cgsh_order_operate.html HTTP/1.1" 200 37
101.83.144.49 - - [14/Apr/2024:13:42:32 +0800] "GET /xingrg/kc/buy/cgsh_order_operate.html?command=get_materiel&rest_code=00105&code=00101001079&supplier_code=00100323&order_time=2024-04-14 HTTP/1.1" 200 415
116.230.109.19 - - [14/Apr/2024:13:42:33 +0800] "GET /xingrg/all/function/internal_message.html?_=1713073294855&CODE_STATE=getMsg HTTP/1.1" 200 27
114.95.153.66 - - [14/Apr/2024:13:42:39 +0800] "POST /xingrg/kc/buy/cgsh_order_operate.html HTTP/1.1" 200 12
124.78.56.241 - - [14/Apr/2024:13:42:39 +0800] "GET /xingrg/kc/buy/cgsh_order_operate.html?command=get_materiel&rest_code=00141&code=00101002041&supplier_code=00100442&order_time=2023-12-10 HTTP/1.1" 200 409
114.85.37.96 - - [14/Apr/2024:13:42:41 +0800] "GET /xingrg/all/function/internal_message.html?_=1713071769931&CODE_STATE=getMsg HTTP/1.1" 200 27
114.95.153.66 - - [14/Apr/2024:13:42:41 +0800] "GET /xingrg/kc/buy/cgsh_order_info.html?code=212024041403688 HTTP/1.1" 200 67776
114.95.153.66 - - [14/Apr/2024:13:42:41 +0800] "GET /xingrg/javascript/easyui/themes/default/validatebox.css HTTP/1.1" 404 1104
114.83.217.203 - - [14/Apr/2024:13:42:42 +0800] "GET /xingrg/all/function/internal_message.html?_=1713073361899&CODE_STATE=getMsg HTTP/1.1" 200 27
114.95.153.66 - - [14/Apr/2024:13:42:42 +0800] "POST /xingrg/kc/buy/cgsh_order_operate.html HTTP/1.1" 200 607
114.95.153.66 - - [14/Apr/2024:13:42:46 +0800] "GET /xingrg/kc/print/load_data.html?order_code=212024041403688&kc_code=cgsh&condition= HTTP/1.1" 200 695
116.230.109.19 - - [14/Apr/2024:13:42:47 +0800] "GET /xingrg/all/function/internal_message.html?_=1713073367579&CODE_STATE=getMsg HTTP/1.1" 200 27
116.230.109.19 - - [14/Apr/2024:13:42:48 +0800] "GET /xingrg/all/function/internal_message.html?_=1713073310136&CODE_STATE=getMsg HTTP/1.1" 200 27
222.69.135.125 - - [14/Apr/2024:13:42:51 +0800] "GET /xingrg/check_reg.html?_=1713073372754 HTTP/1.1" 200 22
114.95.153.66 - - [14/Apr/2024:13:42:53 +0800] "GET /xingrg/kc/buy/cgsh_order_add.html HTTP/1.1" 200 72902
114.95.153.66 - - [14/Apr/2024:13:42:54 +0800] "POST /xingrg/kc/buy/cgsh_order_operate.html HTTP/1.1" 200 8245
114.95.153.66 - - [14/Apr/2024:13:42:54 +0800] "GET /xingrg/javascript/easyui/themes/default/validatebox.css HTTP/1.1" 404 1104
124.78.56.241 - - [14/Apr/2024:13:42:55 +0800] "GET /xingrg/kc/buy/cgsh_order_operate.html?command=get_materiel&rest_code=00141&code=00101005009&supplier_code=00100442&order_time=2023-12-10 HTTP/1.1" 200 417
180.164.1.25 - - [14/Apr/2024:13:43:02 +0800] "GET /xingrg/all/function/internal_message.html?_=1713073381277&CODE_STATE=getMsg HTTP/1.1" 200 27
101.83.144.49 - - [14/Apr/2024:13:43:06 +0800] "GET /xingrg/kc/buy/cgsh_order_operate.html?command=get_materiel&rest_code=00105&code=00101010088&supplier_code=00100323&order_time=2024-04-14 HTTP/1.1" 200 417
116.237.76.76 - - [14/Apr/2024:13:43:11 +0800] "GET /xingrg/all/function/internal_message.html?_=1713073386785&CODE_STATE=getMsg HTTP/1.1" 200 27
124.78.56.241 - - [14/Apr/2024:13:43:12 +0800] "GET /xingrg/kc/buy/cgsh_order_operate.html?command=get_materiel&rest_code=00141&code=00101002027&supplier_code=00100442&order_time=2023-12-10 HTTP/1.1" 200 413
180.169.147.146 - - [14/Apr/2024:13:43:13 +0800] "GET /xingrg/all/function/internal_message.html?_=1713073393052&CODE_STATE=getMsg HTTP/1.1" 200 27
114.95.153.66 - - [14/Apr/2024:13:43:13 +0800] "GET /xingrg/all/function/internal_message.html?_=1713073394642&CODE_STATE=getMsg HTTP/1.1" 200 27
114.95.153.66 - - [14/Apr/2024:13:43:13 +0800] "GET /xingrg/check_reg.html?_=1713073394645 HTTP/1.1" 200 22
114.95.153.66 - - [14/Apr/2024:13:43:15 +0800] "GET /xingrg/kc/buy/cgsh_order_operate.html?command=get_materiel&rest_code=00158&code=00101006007&supplier_code=00100661&order_time=2024-04-12 HTTP/1.1" 200 417
116.230.109.19 - - [14/Apr/2024:13:43:19 +0800] "GET /xingrg/kc/buy/buy_main.html HTTP/1.1" 200 12412
116.230.109.19 - - [14/Apr/2024:13:43:19 +0800] "GET /xingrg/css/blue.css HTTP/1.1" 200 15949
116.230.109.19 - - [14/Apr/2024:13:43:19 +0800] "GET /xingrg/css/new_ie.css HTTP/1.1" 404 1036
116.230.109.19 - - [14/Apr/2024:13:43:19 +0800] "GET /xingrg/javascript/ToolTips.js HTTP/1.1" 200 5615
116.230.109.19 - - [14/Apr/2024:13:43:19 +0800] "GET /xingrg/javascript/jquery_ui/themes/humanity/humanity.css HTTP/1.1" 200 27801
116.230.109.19 - - [14/Apr/2024:13:43:19 +0800] "GET /xingrg/javascript/pic_change.js HTTP/1.1" 200 4739
116.230.109.19 - - [14/Apr/2024:13:43:19 +0800] "GET /xingrg/javascript/myfunction.js HTTP/1.1" 200 24559
116.230.109.19 - - [14/Apr/2024:13:43:19 +0800] "GET /xingrg/javascript/jquery_ui/jquery-ui.min.js HTTP/1.1" 200 186181
116.230.109.19 - - [14/Apr/2024:13:43:19 +0800] "GET /xingrg/javascript/jquery-1.4.2.min.js HTTP/1.1" 200 72205
116.230.109.19 - - [14/Apr/2024:13:43:19 +0800] "GET /xingrg/javascript/jquery.utils.js HTTP/1.1" 200 11805
116.230.109.19 - - [14/Apr/2024:13:43:19 +0800] "GET /xingrg/javascript/jquery_easy_ui/themes/default/easyui.css HTTP/1.1" 200 26500
116.230.109.19 - - [14/Apr/2024:13:43:19 +0800] "GET /xingrg/javascript/jquery_easy_ui/themes/icon.css HTTP/1.1" 200 3949
116.230.109.19 - - [14/Apr/2024:13:43:20 +0800] "GET /xingrg/javascript/jquery_ui/themes/humanity/images/ui-icons_ffffff_256x240.png HTTP/1.1" 200 4369
116.230.109.19 - - [14/Apr/2024:13:43:20 +0800] "GET /xingrg/javascript/jquery_ui/themes/humanity/images/ui-icons_c47a23_256x240.png HTTP/1.1" 200 5355
116.230.109.19 - - [14/Apr/2024:13:43:20 +0800] "GET /xingrg/images/yd/bt.gif HTTP/1.1" 404 1040
116.230.109.19 - - [14/Apr/2024:13:43:21 +0800] "GET /xingrg/kc/buy/cgsh_order_list.html HTTP/1.1" 200 58395
116.230.109.19 - - [14/Apr/2024:13:43:21 +0800] "GET /xingrg/css/base.css HTTP/1.1" 200 2811
116.230.109.19 - - [14/Apr/2024:13:43:21 +0800] "GET /xingrg/css/site.css HTTP/1.1" 200 7541
116.230.109.19 - - [14/Apr/2024:13:43:21 +0800] "GET /xingrg/javascript/jquery_tools/datebox.css HTTP/1.1" 200 2597
116.230.109.19 - - [14/Apr/2024:13:43:21 +0800] "GET /xingrg/javascript/easyui/themes/default/easyui.css HTTP/1.1" 200 30432
116.230.109.19 - - [14/Apr/2024:13:43:21 +0800] "GET /xingrg/javascript/easyui/themes/icon.css HTTP/1.1" 200 4483
116.230.109.19 - - [14/Apr/2024:13:43:21 +0800] "GET /xingrg/javascript/jquery_tools/fix.css HTTP/1.1" 200 1702
116.230.109.19 - - [14/Apr/2024:13:43:21 +0800] "GET /xingrg/javascript/auto/jquery.autocomplete.css HTTP/1.1" 200 587
116.230.109.19 - - [14/Apr/2024:13:43:21 +0800] "GET /xingrg/javascript/jquery_tools/table.css HTTP/1.1" 200 1032
116.230.109.19 - - [14/Apr/2024:13:43:21 +0800] "GET /xingrg/javascript/jquery_tools/jquery.tools.min.js HTTP/1.1" 200 138801
116.230.109.19 - - [14/Apr/2024:13:43:21 +0800] "GET /xingrg/javascript/jquery_tools/jquery.tools.extend.js HTTP/1.1" 200 15385
116.230.109.19 - - [14/Apr/2024:13:43:21 +0800] "GET /xingrg/javascript/jquery_tools/jquery.tools.hotkey.js HTTP/1.1" 200 3242
116.230.109.19 - - [14/Apr/2024:13:43:21 +0800] "GET /xingrg/javascript/jquery_tools/jquery.tools.table.js HTTP/1.1" 200 6994
116.230.109.19 - - [14/Apr/2024:13:43:21 +0800] "GET /xingrg/javascript/jquery_tools/list_manager.js HTTP/1.1" 200 3652
116.230.109.19 - - [14/Apr/2024:13:43:21 +0800] "GET /xingrg/javascript/auto/jquery.autocomplete.js HTTP/1.1" 200 21624
116.230.109.19 - - [14/Apr/2024:13:43:21 +0800] "GET /xingrg/javascript/easyui/easyloader.js HTTP/1.1" 200 5975
116.230.109.19 - - [14/Apr/2024:13:43:21 +0800] "GET /xingrg/javascript/jquery.cookie.js HTTP/1.1" 200 5513
116.230.109.19 - - [14/Apr/2024:13:43:21 +0800] "GET /xingrg/javascript/print/LodopFuncs.js HTTP/1.1" 200 5121
116.224.254.208 - - [14/Apr/2024:13:43:22 +0800] "GET /xingrg/all/function/internal_message.html?_=1713073402033&CODE_STATE=getMsg HTTP/1.1" 200 27
116.230.109.19 - - [14/Apr/2024:13:43:22 +0800] "GET /xingrg/javascript/easyui/plugins/jquery.parser.js HTTP/1.1" 200 1142
116.230.109.19 - - [14/Apr/2024:13:43:22 +0800] "GET /xingrg/all/function/internal_message.html?_=1713073343764&CODE_STATE=getMsg HTTP/1.1" 200 27
124.78.56.241 - - [14/Apr/2024:13:43:26 +0800] "GET /xingrg/check_reg.html?_=1713073407195 HTTP/1.1" 200 22
124.78.56.241 - - [14/Apr/2024:13:43:26 +0800] "GET /xingrg/all/function/internal_message.html?_=1713073407280&CODE_STATE=getMsg HTTP/1.1" 200 27
101.83.144.49 - - [14/Apr/2024:13:43:27 +0800] "GET /xingrg/all/function/internal_message.html?_=1713073165883&CODE_STATE=getMsg HTTP/1.1" 200 27
114.95.153.66 - - [14/Apr/2024:13:43:28 +0800] "GET /xingrg/kc/buy/cgsh_order_operate.html?command=get_materiel&rest_code=00158&code=00101006088&supplier_code=00100661&order_time=2024-04-12 HTTP/1.1" 200 409
116.235.94.6 - - [14/Apr/2024:13:43:30 +0800] "GET /xingrg/all/function/internal_message.html?_=1713073442506&CODE_STATE=getMsg HTTP/1.1" 200 27
116.235.94.6 - - [14/Apr/2024:13:43:32 +0800] "GET /xingrg/check_reg.html?_=1713073444280 HTTP/1.1" 200 22
221.239.169.251 - - [14/Apr/2024:13:43:32 +0800] "GET /xingrg/all/function/internal_message.html?_=1713073410490&CODE_STATE=getMsg HTTP/1.1" 200 27
124.78.56.241 - - [14/Apr/2024:13:43:33 +0800] "GET /xingrg/kc/buy/cgsh_order_operate.html?command=get_materiel&rest_code=00141&code=00101001060&supplier_code=00100442&order_time=2023-12-10 HTTP/1.1" 200 421
116.230.109.19 - - [14/Apr/2024:13:43:33 +0800] "GET /xingrg/all/function/internal_message.html?_=1713073354860&CODE_STATE=getMsg HTTP/1.1" 200 27
116.230.109.19 - - [14/Apr/2024:13:43:36 +0800] "POST /xingrg/kc/buy/cgsh_list_operate.html HTTP/1.1" 200 3116
114.85.37.96 - - [14/Apr/2024:13:43:41 +0800] "GET /xingrg/all/function/internal_message.html?_=1713071829919&CODE_STATE=getMsg HTTP/1.1" 200 27
114.83.217.203 - - [14/Apr/2024:13:43:42 +0800] "GET /xingrg/all/function/internal_message.html?_=1713073421885&CODE_STATE=getMsg HTTP/1.1" 200 27
116.230.109.19 - - [14/Apr/2024:13:43:47 +0800] "GET /xingrg/all/function/internal_message.html?_=1713073427572&CODE_STATE=getMsg HTTP/1.1" 200 27
116.230.109.19 - - [14/Apr/2024:13:43:47 +0800] "GET /xingrg/check_reg.html?_=1713073427576 HTTP/1.1" 200 22
116.230.109.19 - - [14/Apr/2024:13:43:48 +0800] "GET /xingrg/all/function/internal_message.html?_=1713073370118&CODE_STATE=getMsg HTTP/1.1" 200 27
101.83.144.49 - - [14/Apr/2024:13:43:49 +0800] "POST /xingrg/kc/buy/cgsh_order_operate.html HTTP/1.1" 200 37
114.95.153.66 - - [14/Apr/2024:13:43:49 +0800] "GET /xingrg/kc/buy/cgsh_order_operate.html?command=get_materiel&rest_code=00158&code=00101006240&supplier_code=00100661&order_time=2024-04-12 HTTP/1.1" 200 422
124.78.56.241 - - [14/Apr/2024:13:43:53 +0800] "POST /xingrg/kc/buy/cgsh_order_operate.html HTTP/1.1" 200 37
116.230.109.19 - - [14/Apr/2024:13:43:54 +0800] "GET /xingrg/javascript/jquery_tools/images/next.gif HTTP/1.1" 404 1086
116.230.109.19 - - [14/Apr/2024:13:43:54 +0800] "GET /xingrg/javascript/jquery_tools/images/prev.gif HTTP/1.1" 404 1086
114.95.153.66 - - [14/Apr/2024:13:43:58 +0800] "POST /xingrg/kc/buy/cgsh_order_operate.html HTTP/1.1" 200 37
124.78.56.241 - - [14/Apr/2024:13:43:58 +0800] "POST /xingrg/kc/buy/cgsh_order_operate.html HTTP/1.1" 200 4448
101.83.144.49 - - [14/Apr/2024:13:43:58 +0800] "POST /xingrg/kc/buy/cgsh_order_operate.html HTTP/1.1" 200 4440
124.78.56.241 - - [14/Apr/2024:13:44:00 +0800] "GET /xingrg/kc/print/load_data.html?order_code=212024041403690&kc_code=cgsh&condition= HTTP/1.1" 200 1377
101.83.144.49 - - [14/Apr/2024:13:44:02 +0800] "GET /xingrg/kc/print/load_data.html?order_code=212024041403689&kc_code=cgsh&condition= HTTP/1.1" 200 1357
180.164.1.25 - - [14/Apr/2024:13:44:02 +0800] "GET /xingrg/all/function/internal_message.html?_=1713073441270&CODE_STATE=getMsg HTTP/1.1" 200 27
180.164.1.25 - - [14/Apr/2024:13:44:02 +0800] "GET /xingrg/check_reg.html?_=1713073441425 HTTP/1.1" 200 22
124.78.56.241 - - [14/Apr/2024:13:44:05 +0800] "POST /xingrg/kc/buy/cgsh_order_operate.html HTTP/1.1" 200 8245
124.78.56.241 - - [14/Apr/2024:13:44:05 +0800] "GET /xingrg/javascript/easyui/themes/default/validatebox.css HTTP/1.1" 404 1104
114.95.153.66 - - [14/Apr/2024:13:44:08 +0800] "POST /xingrg/kc/buy/cgsh_order_operate.html HTTP/1.1" 200 12
116.230.109.19 - - [14/Apr/2024:13:44:09 +0800] "GET /xingrg/javascript/auto/indicator.gif HTTP/1.1" 404 1066
114.95.153.66 - - [14/Apr/2024:13:44:10 +0800] "GET /xingrg/kc/buy/cgsh_order_info.html?code=212024041403691 HTTP/1.1" 200 67776
114.95.153.66 - - [14/Apr/2024:13:44:10 +0800] "GET /xingrg/javascript/easyui/themes/default/validatebox.css HTTP/1.1" 404 1104
180.163.30.100 - - [14/Apr/2024:13:44:11 +0800] "GET /xingrg/all/function/internal_message.html?_=1713073386785&CODE_STATE=getMsg HTTP/1.1" 302 -
180.163.30.100 - - [14/Apr/2024:13:44:11 +0800] "GET /xingrg/login.html HTTP/1.1" 200 7641
116.237.76.76 - - [14/Apr/2024:13:44:11 +0800] "GET /xingrg/all/function/internal_message.html?_=1713073446773&CODE_STATE=getMsg HTTP/1.1" 200 27
114.95.153.66 - - [14/Apr/2024:13:44:11 +0800] "POST /xingrg/kc/buy/cgsh_order_operate.html HTTP/1.1" 200 1804
114.95.153.66 - - [14/Apr/2024:13:44:13 +0800] "GET /xingrg/kc/print/load_data.html?order_code=212024041403691&kc_code=cgsh&condition= HTTP/1.1" 200 1150
180.169.147.146 - - [14/Apr/2024:13:44:13 +0800] "GET /xingrg/all/function/internal_message.html?_=1713073453041&CODE_STATE=getMsg HTTP/1.1" 200 27
180.169.147.146 - - [14/Apr/2024:13:44:13 +0800] "GET /xingrg/check_reg.html?_=1713073453046 HTTP/1.1" 200 22
114.95.153.66 - - [14/Apr/2024:13:44:13 +0800] "GET /xingrg/all/function/internal_message.html?_=1713073454658&CODE_STATE=getMsg HTTP/1.1" 200 27
116.230.109.19 - - [14/Apr/2024:13:44:16 +0800] "POST /xingrg/kc/buy/cgsh_list_operate.html HTTP/1.1" 200 1724
124.78.56.241 - - [14/Apr/2024:13:44:19 +0800] "GET /xingrg/kc/buy/cgsh_order_operate.html?command=get_materiel&rest_code=00141&code=00101002038&supplier_code=00100087&order_time=2023-12-10 HTTP/1.1" 200 416
114.95.153.66 - - [14/Apr/2024:13:44:20 +0800] "GET /xingrg/kc/buy/cgsh_order_add.html HTTP/1.1" 200 72902
114.95.153.66 - - [14/Apr/2024:13:44:20 +0800] "POST /xingrg/kc/buy/cgsh_order_operate.html HTTP/1.1" 200 8245
114.95.153.66 - - [14/Apr/2024:13:44:20 +0800] "GET /xingrg/javascript/easyui/themes/default/validatebox.css HTTP/1.1" 404 1104
116.224.254.208 - - [14/Apr/2024:13:44:22 +0800] "GET /xingrg/all/function/internal_message.html?_=1713073462046&CODE_STATE=getMsg HTTP/1.1" 200 27
116.230.109.19 - - [14/Apr/2024:13:44:22 +0800] "GET /xingrg/all/function/internal_message.html?_=1713073403747&CODE_STATE=getMsg HTTP/1.1" 200 27
116.237.76.76 - - [14/Apr/2024:13:44:24 +0800] "POST /xingrg/services/DataTransmitService HTTP/1.1" 200 524
124.78.56.241 - - [14/Apr/2024:13:44:26 +0800] "GET /xingrg/all/function/internal_message.html?_=1713073467373&CODE_STATE=getMsg HTTP/1.1" 200 27
101.83.144.49 - - [14/Apr/2024:13:44:27 +0800] "GET /xingrg/all/function/internal_message.html?_=1713073225847&CODE_STATE=getMsg HTTP/1.1" 200 27
116.235.94.6 - - [14/Apr/2024:13:44:30 +0800] "GET /xingrg/all/function/internal_message.html?_=1713073502481&CODE_STATE=getMsg HTTP/1.1" 200 27
116.237.76.76 - - [14/Apr/2024:13:44:30 +0800] "POST /xingrg/services/DataTransmitService HTTP/1.1" 200 501
116.237.76.76 - - [14/Apr/2024:13:44:31 +0800] "POST /xingrg/services/DataTransmitService HTTP/1.1" 200 501
221.239.169.251 - - [14/Apr/2024:13:44:32 +0800] "GET /xingrg/all/function/internal_message.html?_=1713073470476&CODE_STATE=getMsg HTTP/1.1" 200 27
124.78.56.241 - - [14/Apr/2024:13:44:32 +0800] "GET /xingrg/kc/buy/cgsh_order_operate.html?command=get_materiel&rest_code=00141&code=00101002002&supplier_code=00100087&order_time=2023-12-10 HTTP/1.1" 200 420
116.230.109.19 - - [14/Apr/2024:13:44:33 +0800] "GET /xingrg/all/function/internal_message.html?_=1713073414861&CODE_STATE=getMsg HTTP/1.1" 200 27
116.237.76.76 - - [14/Apr/2024:13:44:34 +0800] "POST /xingrg/services/DataTransmitService HTTP/1.1" 200 501
114.95.153.66 - - [14/Apr/2024:13:44:35 +0800] "GET /xingrg/kc/buy/cgsh_order_operate.html?command=get_materiel&rest_code=00158&code=00101006088&supplier_code=00100661&order_time=2024-04-11 HTTP/1.1" 200 409
116.237.76.76 - - [14/Apr/2024:13:44:37 +0800] "POST /xingrg/services/DataTransmitService HTTP/1.1" 200 501
116.237.76.76 - - [14/Apr/2024:13:44:38 +0800] "POST /xingrg/services/DataTransmitService HTTP/1.1" 200 501
116.237.76.76 - - [14/Apr/2024:13:44:38 +0800] "POST /xingrg/services/DataTransmitService HTTP/1.1" 200 501
116.237.76.76 - - [14/Apr/2024:13:44:40 +0800] "POST /xingrg/services/DataTransmitService HTTP/1.1" 200 501
114.85.37.96 - - [14/Apr/2024:13:44:41 +0800] "GET /xingrg/all/function/internal_message.html?_=1713071889909&CODE_STATE=getMsg HTTP/1.1" 200 27
116.237.76.76 - - [14/Apr/2024:13:44:41 +0800] "POST /xingrg/services/DataTransmitService HTTP/1.1" 200 501
114.85.37.96 - - [14/Apr/2024:13:44:41 +0800] "GET /xingrg/check_reg.html?_=1713071890362 HTTP/1.1" 200 22
116.237.76.76 - - [14/Apr/2024:13:44:41 +0800] "POST /xingrg/services/DataTransmitService HTTP/1.1" 200 501
114.83.217.203 - - [14/Apr/2024:13:44:42 +0800] "GET /xingrg/all/function/internal_message.html?_=1713073481869&CODE_STATE=getMsg HTTP/1.1" 200 27
114.83.217.203 - - [14/Apr/2024:13:44:42 +0800] "GET /xingrg/check_reg.html?_=1713073481874 HTTP/1.1" 200 22
116.237.76.76 - - [14/Apr/2024:13:44:42 +0800] "POST /xingrg/services/DataTransmitService HTTP/1.1" 200 412
124.78.56.241 - - [14/Apr/2024:13:44:46 +0800] "POST /xingrg/kc/buy/cgsh_order_operate.html HTTP/1.1" 200 37
116.230.109.19 - - [14/Apr/2024:13:44:47 +0800] "GET /xingrg/all/function/internal_message.html?_=1713073487575&CODE_STATE=getMsg HTTP/1.1" 200 27
116.230.109.19 - - [14/Apr/2024:13:44:48 +0800] "GET /xingrg/all/function/internal_message.html?_=1713073430100&CODE_STATE=getMsg HTTP/1.1" 200 27
124.78.56.241 - - [14/Apr/2024:13:44:49 +0800] "POST /xingrg/kc/buy/cgsh_order_operate.html HTTP/1.1" 200 3268
