114.85.37.96 - - [14/Apr/2024:12:25:54 +0800] "GET /xingrg/words/20240414115950_words.js HTTP/1.1" 200 1018022
114.85.37.96 - - [14/Apr/2024:12:25:54 +0800] "GET /xingrg/javascript/easyui/themes/icons/print.png HTTP/1.1" 304 -
114.85.37.96 - - [14/Apr/2024:12:25:54 +0800] "GET /xingrg/javascript/easyui/themes/icons/ok.png HTTP/1.1" 304 -
114.85.37.96 - - [14/Apr/2024:12:25:54 +0800] "GET /xingrg/javascript/easyui/themes/icons/template_new.png HTTP/1.1" 304 -
114.85.37.96 - - [14/Apr/2024:12:25:54 +0800] "GET /xingrg/javascript/easyui/themes/icons/copy_new.png HTTP/1.1" 304 -
114.85.37.96 - - [14/Apr/2024:12:25:54 +0800] "GET /xingrg/javascript/easyui/themes/default/images/menu_downarrow.png HTTP/1.1" 304 -
114.85.37.96 - - [14/Apr/2024:12:25:54 +0800] "GET /xingrg/javascript/easyui/themes/icons/cancel.png HTTP/1.1" 304 -
114.85.37.96 - - [14/Apr/2024:12:25:54 +0800] "GET /xingrg/javascript/easyui/themes/default/validatebox.css HTTP/1.1" 404 1104
114.85.37.96 - - [14/Apr/2024:12:25:54 +0800] "GET /xingrg/javascript/easyui/plugins/jquery.validatebox.js HTTP/1.1" 304 -
114.85.37.96 - - [14/Apr/2024:12:25:55 +0800] "GET /xingrg/javascript/easyui/plugins/jquery.numberbox.js HTTP/1.1" 304 -
114.85.37.96 - - [14/Apr/2024:12:25:55 +0800] "GET /xingrg/all/common/auto_word.html?type=employee&rest_code=00143 HTTP/1.1" 200 55
114.85.37.96 - - [14/Apr/2024:12:25:55 +0800] "GET /xingrg/all/common/auto_word.html?type=employee&rest_code=00143 HTTP/1.1" 200 55
114.85.37.96 - - [14/Apr/2024:12:25:55 +0800] "POST /xingrg/kc/buy/cgsh_order_operate.html HTTP/1.1" 200 9804
114.85.37.96 - - [14/Apr/2024:12:25:56 +0800] "GET /xingrg/javascript/easyui/themes/icons/edit_remove.png HTTP/1.1" 304 -
222.70.183.82 - - [14/Apr/2024:12:25:57 +0800] "GET /xingrg/all/function/internal_message.html?_=1713068755036&CODE_STATE=getMsg HTTP/1.1" 200 27
124.78.56.241 - - [14/Apr/2024:12:25:59 +0800] "GET /xingrg/kc/buy/cgsh_order_operate.html?command=get_materiel&rest_code=00141&code=00101016030&supplier_code=00100096&order_time=2024-04-14 HTTP/1.1" 200 412
114.85.37.96 - - [14/Apr/2024:12:26:00 +0800] "GET /xingrg/javascript/jquery_tools/images/prev.gif HTTP/1.1" 404 1086
114.85.37.96 - - [14/Apr/2024:12:26:00 +0800] "GET /xingrg/javascript/jquery_tools/images/next.gif HTTP/1.1" 404 1086
124.78.56.241 - - [14/Apr/2024:12:26:08 +0800] "GET /xingrg/kc/buy/cgsh_order_operate.html?command=get_materiel&rest_code=00141&code=00101010136&supplier_code=00100096&order_time=2024-04-14 HTTP/1.1" 200 408
116.238.97.31 - - [14/Apr/2024:12:26:10 +0800] "GET /xingrg/all/function/internal_message.html?_=1713068805128&CODE_STATE=getMsg HTTP/1.1" 200 27
116.238.97.31 - - [14/Apr/2024:12:26:11 +0800] "GET /xingrg/all/function/internal_message.html?_=1713068771553&CODE_STATE=getMsg HTTP/1.1" 200 27
180.169.147.146 - - [14/Apr/2024:12:26:13 +0800] "GET /xingrg/all/function/internal_message.html?_=1713068773031&CODE_STATE=getMsg HTTP/1.1" 200 27
116.224.254.208 - - [14/Apr/2024:12:26:16 +0800] "GET /xingrg/all/function/internal_message.html?_=1713068776538&CODE_STATE=getMsg HTTP/1.1" 200 27
114.85.37.96 - - [14/Apr/2024:12:26:23 +0800] "GET /xingrg/javascript/auto/indicator.gif HTTP/1.1" 404 1066
124.78.56.241 - - [14/Apr/2024:12:26:23 +0800] "GET /xingrg/kc/buy/cgsh_order_operate.html?command=get_materiel&rest_code=00141&code=00101012025&supplier_code=00100096&order_time=2024-04-14 HTTP/1.1" 200 412
114.85.37.96 - - [14/Apr/2024:12:26:26 +0800] "GET /xingrg/javascript/easyui/themes/default/images/button_plain_hover.png HTTP/1.1" 304 -
101.83.144.49 - - [14/Apr/2024:12:26:28 +0800] "GET /xingrg/all/function/internal_message.html?_=1713068547404&CODE_STATE=getMsg HTTP/1.1" 200 27
124.78.56.241 - - [14/Apr/2024:12:26:35 +0800] "GET /xingrg/kc/buy/cgsh_order_operate.html?command=get_materiel&rest_code=00141&code=00101012003&supplier_code=00100096&order_time=2024-04-14 HTTP/1.1" 200 412
114.85.37.96 - - [14/Apr/2024:12:26:35 +0800] "GET /xingrg/kc/buy/cgsh_order_operate.html?command=get_materiel&rest_code=00143&code=00102015006&supplier_code=00100207&order_time=2024-04-14 HTTP/1.1" 200 420
114.85.37.96 - - [14/Apr/2024:12:26:41 +0800] "GET /xingrg/all/function/internal_message.html?_=1713067209746&CODE_STATE=getMsg HTTP/1.1" 200 27
106.55.202.186 - - [14/Apr/2024:12:26:47 +0800] "GET /xingrg/all/function/internal_message.html?_=1713056690209&CODE_STATE=getMsg HTTP/1.1" 302 -
116.230.109.19 - - [14/Apr/2024:12:26:47 +0800] "GET /xingrg/all/function/internal_message.html?_=1713068807554&CODE_STATE=getMsg HTTP/1.1" 200 27
124.78.56.241 - - [14/Apr/2024:12:26:48 +0800] "GET /xingrg/all/function/internal_message.html?_=1713068808266&CODE_STATE=getMsg HTTP/1.1" 200 27
116.230.109.19 - - [14/Apr/2024:12:26:48 +0800] "GET /xingrg/all/function/internal_message.html?_=1713068749905&CODE_STATE=getMsg HTTP/1.1" 200 27
106.55.202.193 - - [14/Apr/2024:12:26:48 +0800] "GET /xingrg/login.html HTTP/1.1" 200 2139
124.78.56.241 - - [14/Apr/2024:12:26:52 +0800] "GET /xingrg/kc/buy/cgsh_order_operate.html?command=get_materiel&rest_code=00141&code=00101018011&supplier_code=00100096&order_time=2024-04-14 HTTP/1.1" 200 413
222.70.183.82 - - [14/Apr/2024:12:26:57 +0800] "GET /xingrg/all/function/internal_message.html?_=1713068815037&CODE_STATE=getMsg HTTP/1.1" 200 27
124.78.56.241 - - [14/Apr/2024:12:27:05 +0800] "GET /xingrg/kc/buy/cgsh_order_operate.html?command=get_materiel&rest_code=00141&code=00101010839&supplier_code=00100096&order_time=2024-04-14 HTTP/1.1" 200 411
116.238.97.31 - - [14/Apr/2024:12:27:10 +0800] "GET /xingrg/all/function/internal_message.html?_=1713068865106&CODE_STATE=getMsg HTTP/1.1" 200 27
116.238.97.31 - - [14/Apr/2024:12:27:11 +0800] "GET /xingrg/all/function/internal_message.html?_=1713068831552&CODE_STATE=getMsg HTTP/1.1" 200 27
124.78.56.241 - - [14/Apr/2024:12:27:12 +0800] "POST /xingrg/all/common/load_select.html HTTP/1.1" 200 12
180.169.147.146 - - [14/Apr/2024:12:27:13 +0800] "GET /xingrg/all/function/internal_message.html?_=1713068833030&CODE_STATE=getMsg HTTP/1.1" 200 27
116.224.254.208 - - [14/Apr/2024:12:27:16 +0800] "GET /xingrg/all/function/internal_message.html?_=1713068836528&CODE_STATE=getMsg HTTP/1.1" 200 27
116.224.254.208 - - [14/Apr/2024:12:27:16 +0800] "GET /xingrg/check_reg.html?_=1713068836531 HTTP/1.1" 200 22
124.78.56.241 - - [14/Apr/2024:12:27:17 +0800] "GET /xingrg/kc/buy/cgsh_order_operate.html?command=get_materiel_price&rest_code=00141&code=00101010839&unit_code=00100020&supplier_code=00100096&order_time=2024-04-14 HTTP/1.1" 200 29
116.224.254.208 - - [14/Apr/2024:12:27:24 +0800] "GET /xingrg/kc/mdqp/qqps_order_list.html HTTP/1.1" 200 9668
116.224.254.208 - - [14/Apr/2024:12:27:24 +0800] "GET /xingrg/dwr/interface/AjaxQqpsService.js HTTP/1.1" 200 16326
116.224.254.208 - - [14/Apr/2024:12:27:24 +0800] "GET /xingrg/dwr/interface/AjaxReportQueryService.js HTTP/1.1" 200 13203
116.224.254.208 - - [14/Apr/2024:12:27:24 +0800] "GET /xingrg/dwr/util.js HTTP/1.1" 304 -
116.224.254.208 - - [14/Apr/2024:12:27:24 +0800] "GET /xingrg/dwr/engine.js HTTP/1.1" 200 43631
116.224.254.208 - - [14/Apr/2024:12:27:26 +0800] "GET /xingrg/kc/mdqp/qqps_order_add.html HTTP/1.1" 200 28246
116.224.254.208 - - [14/Apr/2024:12:27:26 +0800] "GET /xingrg/dwr/interface/AjaxComOrderService.js HTTP/1.1" 200 18264
116.224.254.208 - - [14/Apr/2024:12:27:26 +0800] "GET /xingrg/dwr/interface/AjaxQqpsService.js HTTP/1.1" 200 16326
116.224.254.208 - - [14/Apr/2024:12:27:26 +0800] "GET /xingrg/dwr/engine.js HTTP/1.1" 200 43631
116.224.254.208 - - [14/Apr/2024:12:27:26 +0800] "GET /xingrg/words/20240414115950_words.js HTTP/1.1" 304 -
101.83.144.49 - - [14/Apr/2024:12:27:28 +0800] "GET /xingrg/all/function/internal_message.html?_=1713068607378&CODE_STATE=getMsg HTTP/1.1" 200 27
101.83.144.49 - - [14/Apr/2024:12:27:29 +0800] "GET /xingrg/check_reg.html?_=1713068608317 HTTP/1.1" 200 22
116.224.254.208 - - [14/Apr/2024:12:27:34 +0800] "POST /xingrg/dwr/call/plaincall/AjaxQqpsService.saveOrder.dwr HTTP/1.1" 200 78
124.78.56.241 - - [14/Apr/2024:12:27:36 +0800] "GET /xingrg/kc/buy/cgsh_order_operate.html?command=get_materiel&rest_code=00141&code=00101007081&supplier_code=00100096&order_time=2024-04-14 HTTP/1.1" 200 415
116.224.254.208 - - [14/Apr/2024:12:27:38 +0800] "POST /xingrg/dwr/call/plaincall/AjaxQqpsService.getMaterielByCode.dwr HTTP/1.1" 200 3874
116.224.254.208 - - [14/Apr/2024:12:27:40 +0800] "POST /xingrg/dwr/call/plaincall/AjaxQqpsService.saveMaterielItem.dwr HTTP/1.1" 200 78
114.85.37.96 - - [14/Apr/2024:12:27:41 +0800] "GET /xingrg/all/function/internal_message.html?_=1713067269743&CODE_STATE=getMsg HTTP/1.1" 200 27
116.224.254.208 - - [14/Apr/2024:12:27:42 +0800] "POST /xingrg/dwr/call/plaincall/AjaxQqpsService.checkOrder.dwr HTTP/1.1" 200 78
116.224.254.208 - - [14/Apr/2024:12:27:44 +0800] "GET /xingrg/kc/mdqp/qqps_order_info.html?code=302024041400168 HTTP/1.1" 200 26649
116.224.254.208 - - [14/Apr/2024:12:27:44 +0800] "GET /xingrg/dwr/interface/AjaxComOrderService.js HTTP/1.1" 200 18264
116.224.254.208 - - [14/Apr/2024:12:27:44 +0800] "GET /xingrg/dwr/interface/AjaxQqpsService.js HTTP/1.1" 200 16326
116.224.254.208 - - [14/Apr/2024:12:27:44 +0800] "GET /xingrg/dwr/engine.js HTTP/1.1" 200 43631
116.224.254.208 - - [14/Apr/2024:12:27:45 +0800] "POST /xingrg/dwr/call/plaincall/AjaxQqpsService.loadMaterielItems.dwr HTTP/1.1" 200 350
116.224.254.208 - - [14/Apr/2024:12:27:45 +0800] "GET /xingrg/kc/mdqp/qqps_order_list.html?isBack=1 HTTP/1.1" 200 10088
116.224.254.208 - - [14/Apr/2024:12:27:46 +0800] "GET /xingrg/dwr/interface/AjaxQqpsService.js HTTP/1.1" 200 16326
116.224.254.208 - - [14/Apr/2024:12:27:46 +0800] "GET /xingrg/dwr/interface/AjaxReportQueryService.js HTTP/1.1" 200 13203
116.224.254.208 - - [14/Apr/2024:12:27:46 +0800] "GET /xingrg/dwr/engine.js HTTP/1.1" 200 43631
116.230.109.19 - - [14/Apr/2024:12:27:47 +0800] "GET /xingrg/all/function/internal_message.html?_=1713068867559&CODE_STATE=getMsg HTTP/1.1" 200 27
124.78.56.241 - - [14/Apr/2024:12:27:48 +0800] "GET /xingrg/all/function/internal_message.html?_=1713068868246&CODE_STATE=getMsg HTTP/1.1" 200 27
116.230.109.19 - - [14/Apr/2024:12:27:48 +0800] "GET /xingrg/all/function/internal_message.html?_=1713068809904&CODE_STATE=getMsg HTTP/1.1" 200 27
124.78.56.241 - - [14/Apr/2024:12:27:49 +0800] "GET /xingrg/kc/buy/cgsh_order_operate.html?command=get_materiel&rest_code=00141&code=00101007072&supplier_code=00100096&order_time=2024-04-14 HTTP/1.1" 200 419
222.69.135.125 - - [14/Apr/2024:12:27:51 +0800] "GET /xingrg/check_reg.html?_=1713068872755 HTTP/1.1" 200 22
222.70.183.82 - - [14/Apr/2024:12:27:57 +0800] "GET /xingrg/all/function/internal_message.html?_=1713068875024&CODE_STATE=getMsg HTTP/1.1" 200 27
114.95.153.66 - - [14/Apr/2024:12:28:08 +0800] "GET /xingrg/check_reg.html?_=1713068890183 HTTP/1.1" 200 22
116.238.97.31 - - [14/Apr/2024:12:28:10 +0800] "GET /xingrg/all/function/internal_message.html?_=1713068925101&CODE_STATE=getMsg HTTP/1.1" 200 27
116.235.94.6 - - [14/Apr/2024:12:28:11 +0800] "GET /xingrg/login.html HTTP/1.1" 200 7641
116.238.97.31 - - [14/Apr/2024:12:28:11 +0800] "GET /xingrg/all/function/internal_message.html?_=1713068891554&CODE_STATE=getMsg HTTP/1.1" 200 27
116.235.94.6 - - [14/Apr/2024:12:28:12 +0800] "GET /favicon.ico HTTP/1.1" 404 -
180.169.147.146 - - [14/Apr/2024:12:28:13 +0800] "GET /xingrg/all/function/internal_message.html?_=1713068893024&CODE_STATE=getMsg HTTP/1.1" 200 27
120.253.135.82 - - [14/Apr/2024:12:28:15 +0800] "GET /xingrg/check_reg.html?_=1713068741737 HTTP/1.1" 200 22
116.224.254.208 - - [14/Apr/2024:12:28:16 +0800] "GET /xingrg/all/function/internal_message.html?_=1713068896528&CODE_STATE=getMsg HTTP/1.1" 200 27
124.78.56.241 - - [14/Apr/2024:12:28:20 +0800] "GET /xingrg/kc/buy/cgsh_order_operate.html?command=get_materiel&rest_code=00141&code=00101007181&supplier_code=00100096&order_time=2024-04-14 HTTP/1.1" 200 412
101.83.144.49 - - [14/Apr/2024:12:28:28 +0800] "GET /xingrg/all/function/internal_message.html?_=1713068667375&CODE_STATE=getMsg HTTP/1.1" 200 27
116.235.94.6 - - [14/Apr/2024:12:28:31 +0800] "POST /xingrg/login.do HTTP/1.1" 302 -
116.235.94.6 - - [14/Apr/2024:12:28:31 +0800] "GET /xingrg/index.html?sysBaseUrl=http%3A%2F%2F180.169.147.146%3A18081%2Fxingrg%2F&costTime=807×tamp=1713068911141 HTTP/1.1" 200 17179
124.78.56.241 - - [14/Apr/2024:12:28:31 +0800] "GET /xingrg/kc/buy/cgsh_order_operate.html?command=get_materiel&rest_code=00141&code=00101007061&supplier_code=00100096&order_time=2024-04-14 HTTP/1.1" 200 411
116.235.94.6 - - [14/Apr/2024:12:28:32 +0800] "POST /xingrg/all/common/load_tree.html?tree=area_rest_tree_json&manage=1 HTTP/1.1" 200 351
116.235.94.6 - - [14/Apr/2024:12:28:32 +0800] "GET /xingrg/check_reg.html?_=1713068944201 HTTP/1.1" 200 22
116.235.94.6 - - [14/Apr/2024:12:28:32 +0800] "GET /xingrg/all/function/internal_message.html?_=1713068944200&CODE_STATE=count HTTP/1.1" 200 11
116.235.94.6 - - [14/Apr/2024:12:28:32 +0800] "GET /favicon.ico HTTP/1.1" 404 -
116.235.94.6 - - [14/Apr/2024:12:28:32 +0800] "POST /xingrg/load_menu.html HTTP/1.1" 200 5138
116.224.254.208 - - [14/Apr/2024:12:28:35 +0800] "GET /xingrg/kc/buy/cgsh_order_list.html HTTP/1.1" 200 58140
116.235.94.6 - - [14/Apr/2024:12:28:37 +0800] "GET /xingrg/kc/buy/cgsh_order_list.html HTTP/1.1" 200 58140
116.224.254.208 - - [14/Apr/2024:12:28:37 +0800] "POST /xingrg/kc/buy/cgsh_list_operate.html HTTP/1.1" 200 645
114.85.37.96 - - [14/Apr/2024:12:28:38 +0800] "GET /xingrg/kc/buy/cgsh_order_operate.html?command=get_materiel&rest_code=00143&code=00101003002&supplier_code=00100207&order_time=2024-04-14 HTTP/1.1" 200 409
114.85.37.96 - - [14/Apr/2024:12:28:41 +0800] "GET /xingrg/all/function/internal_message.html?_=1713067329752&CODE_STATE=getMsg HTTP/1.1" 200 27
116.235.94.6 - - [14/Apr/2024:12:28:41 +0800] "POST /xingrg/kc/buy/cgsh_list_operate.html HTTP/1.1" 200 645
116.235.94.6 - - [14/Apr/2024:12:28:45 +0800] "GET /xingrg/kc/buy/cgsh_order_add.html HTTP/1.1" 200 73987
116.235.94.6 - - [14/Apr/2024:12:28:45 +0800] "GET /xingrg/words/20240414115950_words.js HTTP/1.1" 200 1018022
124.78.56.241 - - [14/Apr/2024:12:28:46 +0800] "GET /xingrg/kc/buy/cgsh_order_operate.html?command=get_materiel&rest_code=00141&code=00101007031&supplier_code=00100096&order_time=2024-04-14 HTTP/1.1" 200 415
116.235.94.6 - - [14/Apr/2024:12:28:46 +0800] "GET /xingrg/javascript/easyui/themes/default/validatebox.css HTTP/1.1" 404 1104
116.235.94.6 - - [14/Apr/2024:12:28:46 +0800] "GET /xingrg/all/common/auto_word.html?type=employee&rest_code=00104 HTTP/1.1" 200 245
116.235.94.6 - - [14/Apr/2024:12:28:46 +0800] "POST /xingrg/kc/buy/cgsh_order_operate.html HTTP/1.1" 200 8245
116.235.94.6 - - [14/Apr/2024:12:28:46 +0800] "GET /xingrg/all/common/auto_word.html?type=employee&rest_code=00104 HTTP/1.1" 200 245
116.230.109.19 - - [14/Apr/2024:12:28:47 +0800] "GET /xingrg/check_reg.html?_=1713068927550 HTTP/1.1" 200 22
116.230.109.19 - - [14/Apr/2024:12:28:47 +0800] "GET /xingrg/all/function/internal_message.html?_=1713068927553&CODE_STATE=getMsg HTTP/1.1" 200 27
124.78.56.241 - - [14/Apr/2024:12:28:48 +0800] "GET /xingrg/all/function/internal_message.html?_=1713068928281&CODE_STATE=getMsg HTTP/1.1" 200 27
116.230.109.19 - - [14/Apr/2024:12:28:48 +0800] "GET /xingrg/all/function/internal_message.html?_=1713068869918&CODE_STATE=getMsg HTTP/1.1" 200 27
114.95.153.66 - - [14/Apr/2024:12:28:51 +0800] "GET /xingrg/kc/buy/buy_main.html HTTP/1.1" 200 12412
114.95.153.66 - - [14/Apr/2024:12:28:51 +0800] "GET /xingrg/css/new_ie.css HTTP/1.1" 404 1036
114.95.153.66 - - [14/Apr/2024:12:28:52 +0800] "GET /xingrg/images/yd/bt.gif HTTP/1.1" 404 1040
114.95.153.66 - - [14/Apr/2024:12:28:53 +0800] "GET /xingrg/kc/buy/cgsh_order_list.html HTTP/1.1" 200 58138
116.224.254.208 - - [14/Apr/2024:12:28:55 +0800] "GET /xingrg/javascript/jquery_tools/images/next.gif HTTP/1.1" 404 1086
116.224.254.208 - - [14/Apr/2024:12:28:55 +0800] "GET /xingrg/javascript/jquery_tools/images/prev.gif HTTP/1.1" 404 1086
116.235.94.6 - - [14/Apr/2024:12:28:57 +0800] "GET /xingrg/javascript/auto/indicator.gif HTTP/1.1" 404 1066
114.95.153.66 - - [14/Apr/2024:12:28:57 +0800] "POST /xingrg/kc/buy/cgsh_list_operate.html HTTP/1.1" 200 1401
222.70.183.82 - - [14/Apr/2024:12:28:57 +0800] "GET /xingrg/all/function/internal_message.html?_=1713068935039&CODE_STATE=getMsg HTTP/1.1" 200 27
124.78.56.241 - - [14/Apr/2024:12:28:59 +0800] "GET /xingrg/kc/buy/cgsh_order_operate.html?command=get_materiel&rest_code=00141&code=00101007060&supplier_code=00100096&order_time=2024-04-14 HTTP/1.1" 200 409
106.55.200.246 - - [14/Apr/2024:12:29:02 +0800] "GET /xingrg/all/function/internal_message.html?_=1713056930117&CODE_STATE=getMsg HTTP/1.1" 302 -
106.55.201.50 - - [14/Apr/2024:12:29:04 +0800] "GET /xingrg/login.html HTTP/1.1" 200 2139
116.224.254.208 - - [14/Apr/2024:12:29:06 +0800] "POST /xingrg/kc/buy/cgsh_list_operate.html HTTP/1.1" 200 1406
116.224.254.208 - - [14/Apr/2024:12:29:09 +0800] "POST /xingrg/kc/buy/cgsh_list_operate.html HTTP/1.1" 200 436
116.235.94.6 - - [14/Apr/2024:12:29:09 +0800] "GET /xingrg/kc/buy/cgsh_order_operate.html?command=get_materiel&rest_code=00104&code=00101002007&supplier_code=00100442&order_time=2024-04-14 HTTP/1.1" 200 409
116.238.97.31 - - [14/Apr/2024:12:29:10 +0800] "GET /xingrg/all/function/internal_message.html?_=1713068985081&CODE_STATE=getMsg HTTP/1.1" 200 27
116.224.254.208 - - [14/Apr/2024:12:29:11 +0800] "GET /xingrg/kc/buy/cgsh_order_info.html?code=212024041403485 HTTP/1.1" 200 68864
116.224.254.208 - - [14/Apr/2024:12:29:11 +0800] "GET /xingrg/javascript/easyui/themes/default/validatebox.css HTTP/1.1" 404 1104
116.238.97.31 - - [14/Apr/2024:12:29:11 +0800] "GET /xingrg/all/function/internal_message.html?_=1713068951556&CODE_STATE=getMsg HTTP/1.1" 200 27
116.224.254.208 - - [14/Apr/2024:12:29:12 +0800] "POST /xingrg/kc/buy/cgsh_order_operate.html HTTP/1.1" 200 2398
180.169.147.146 - - [14/Apr/2024:12:29:13 +0800] "GET /xingrg/all/function/internal_message.html?_=1713068953023&CODE_STATE=getMsg HTTP/1.1" 200 27
180.169.147.146 - - [14/Apr/2024:12:29:13 +0800] "GET /xingrg/check_reg.html?_=1713068953028 HTTP/1.1" 200 22
116.224.254.208 - - [14/Apr/2024:12:29:16 +0800] "GET /xingrg/all/function/internal_message.html?_=1713068956528&CODE_STATE=getMsg HTTP/1.1" 200 27
116.224.254.208 - - [14/Apr/2024:12:29:18 +0800] "POST /xingrg/kc/buy/cgsh_order_operate.html HTTP/1.1" 200 12
116.224.254.208 - - [14/Apr/2024:12:29:21 +0800] "GET /xingrg/kc/buy/cgsh_order_info.html?code=212024041403485 HTTP/1.1" 200 73970
116.224.254.208 - - [14/Apr/2024:12:29:21 +0800] "GET /xingrg/javascript/easyui/themes/default/validatebox.css HTTP/1.1" 404 1104
116.224.254.208 - - [14/Apr/2024:12:29:22 +0800] "POST /xingrg/kc/buy/cgsh_order_operate.html HTTP/1.1" 200 4448
116.235.94.6 - - [14/Apr/2024:12:29:24 +0800] "GET /xingrg/kc/buy/cgsh_order_operate.html?command=get_materiel&rest_code=00104&code=00101002041&supplier_code=00100442&order_time=2024-04-14 HTTP/1.1" 200 409
101.83.144.49 - - [14/Apr/2024:12:29:28 +0800] "GET /xingrg/all/function/internal_message.html?_=1713068727361&CODE_STATE=getMsg HTTP/1.1" 200 27
116.224.254.208 - - [14/Apr/2024:12:29:31 +0800] "POST /xingrg/kc/buy/cgsh_order_operate.html HTTP/1.1" 200 37
116.235.94.6 - - [14/Apr/2024:12:29:32 +0800] "GET /xingrg/all/function/internal_message.html?_=1713069004212&CODE_STATE=getMsg HTTP/1.1" 200 27
124.78.56.241 - - [14/Apr/2024:12:29:36 +0800] "GET /xingrg/kc/buy/cgsh_order_operate.html?command=get_materiel&rest_code=00141&code=00101006027&supplier_code=00100096&order_time=2024-04-14 HTTP/1.1" 200 408
116.235.94.6 - - [14/Apr/2024:12:29:38 +0800] "GET /xingrg/kc/buy/cgsh_order_operate.html?command=get_materiel&rest_code=00104&code=00101001032&supplier_code=00100442&order_time=2024-04-14 HTTP/1.1" 200 413
116.224.254.208 - - [14/Apr/2024:12:29:40 +0800] "POST /xingrg/kc/buy/cgsh_order_operate.html HTTP/1.1" 200 12
114.85.37.96 - - [14/Apr/2024:12:29:41 +0800] "GET /xingrg/check_reg.html?_=1713067389740 HTTP/1.1" 200 22
114.85.37.96 - - [14/Apr/2024:12:29:41 +0800] "GET /xingrg/all/function/internal_message.html?_=1713067389742&CODE_STATE=getMsg HTTP/1.1" 200 27
114.85.37.96 - - [14/Apr/2024:12:29:42 +0800] "GET /xingrg/kc/buy/cgsh_order_operate.html?command=get_materiel&rest_code=00143&code=00101006252&supplier_code=00100207&order_time=2024-04-14 HTTP/1.1" 200 411
116.230.109.19 - - [14/Apr/2024:12:29:47 +0800] "GET /xingrg/all/function/internal_message.html?_=1713068987549&CODE_STATE=getMsg HTTP/1.1" 200 27
124.78.56.241 - - [14/Apr/2024:12:29:48 +0800] "GET /xingrg/check_reg.html?_=1713068988199 HTTP/1.1" 200 22
124.78.56.241 - - [14/Apr/2024:12:29:48 +0800] "GET /xingrg/all/function/internal_message.html?_=1713068988260&CODE_STATE=getMsg HTTP/1.1" 200 27
116.230.109.19 - - [14/Apr/2024:12:29:48 +0800] "GET /xingrg/all/function/internal_message.html?_=1713068929916&CODE_STATE=getMsg HTTP/1.1" 200 27
124.78.56.241 - - [14/Apr/2024:12:29:55 +0800] "GET /xingrg/kc/buy/cgsh_order_operate.html?command=get_materiel&rest_code=00141&code=00101006065&supplier_code=00100096&order_time=2024-04-14 HTTP/1.1" 200 409
222.70.183.82 - - [14/Apr/2024:12:29:57 +0800] "GET /xingrg/check_reg.html?_=1713068995038 HTTP/1.1" 200 22
222.70.183.82 - - [14/Apr/2024:12:29:57 +0800] "GET /xingrg/all/function/internal_message.html?_=1713068995044&CODE_STATE=getMsg HTTP/1.1" 200 27
116.238.97.31 - - [14/Apr/2024:12:30:08 +0800] "GET /xingrg/check_reg.html?_=1713069043913 HTTP/1.1" 200 22
116.238.97.31 - - [14/Apr/2024:12:30:10 +0800] "GET /xingrg/all/function/internal_message.html?_=1713069045080&CODE_STATE=getMsg HTTP/1.1" 200 27
116.237.76.76 - - [14/Apr/2024:12:30:10 +0800] "GET /xingrg/index.html?sysBaseUrl=http%3A%2F%2F180.169.147.146%3A18081%2Fxingrg%2F&costTime=868×tamp=1713064046861 HTTP/1.1" 200 17173
180.164.1.25 - - [14/Apr/2024:12:30:10 +0800] "GET /xingrg/check_reg.html?_=1713069009421 HTTP/1.1" 200 22
116.237.76.76 - - [14/Apr/2024:12:30:11 +0800] "POST /xingrg/all/common/load_tree.html?tree=area_rest_tree_json&manage=1 HTTP/1.1" 200 342
116.237.76.76 - - [14/Apr/2024:12:30:11 +0800] "GET /xingrg/check_reg.html?_=1713069006701 HTTP/1.1" 200 22
116.237.76.76 - - [14/Apr/2024:12:30:11 +0800] "GET /xingrg/all/function/internal_message.html?_=1713069006700&CODE_STATE=count HTTP/1.1" 200 11
116.237.76.76 - - [14/Apr/2024:12:30:11 +0800] "GET /favicon.ico HTTP/1.1" 404 -
116.237.76.76 - - [14/Apr/2024:12:30:11 +0800] "POST /xingrg/load_menu.html HTTP/1.1" 200 5138
116.238.97.31 - - [14/Apr/2024:12:30:11 +0800] "GET /xingrg/all/function/internal_message.html?_=1713069011542&CODE_STATE=getMsg HTTP/1.1" 200 27
116.238.97.31 - - [14/Apr/2024:12:30:11 +0800] "GET /xingrg/check_reg.html?_=1713069011544 HTTP/1.1" 200 22
116.235.94.6 - - [14/Apr/2024:12:30:12 +0800] "POST /xingrg/kc/buy/cgsh_order_operate.html HTTP/1.1" 200 37
180.169.147.146 - - [14/Apr/2024:12:30:13 +0800] "GET /xingrg/all/function/internal_message.html?_=1713069013030&CODE_STATE=getMsg HTTP/1.1" 200 27
124.78.56.241 - - [14/Apr/2024:12:30:15 +0800] "GET /xingrg/kc/buy/cgsh_order_operate.html?command=get_materiel&rest_code=00141&code=00101006055&supplier_code=00100096&order_time=2024-04-14 HTTP/1.1" 200 411
116.224.254.208 - - [14/Apr/2024:12:30:18 +0800] "GET /xingrg/kc/buy/cgsh_order_info.html?code=212024041403485 HTTP/1.1" 200 68864
116.224.254.208 - - [14/Apr/2024:12:30:18 +0800] "GET /xingrg/words/20240414115950_words.js HTTP/1.1" 304 -
116.224.254.208 - - [14/Apr/2024:12:30:18 +0800] "GET /xingrg/javascript/easyui/themes/default/validatebox.css HTTP/1.1" 404 1104
116.224.254.208 - - [14/Apr/2024:12:30:19 +0800] "POST /xingrg/kc/buy/cgsh_order_operate.html HTTP/1.1" 200 2398
116.235.94.6 - - [14/Apr/2024:12:30:21 +0800] "POST /xingrg/kc/buy/cgsh_order_operate.html HTTP/1.1" 200 3843
116.224.254.208 - - [14/Apr/2024:12:30:21 +0800] "POST /xingrg/all/user/operate.html HTTP/1.1" 200 36
116.224.254.208 - - [14/Apr/2024:12:30:21 +0800] "GET /xingrg/index.html?sysBaseUrl=http%3A%2F%2F180.169.147.146%3A18081%2Fxingrg%2F&costTime=1716×tamp=1713064792244 HTTP/1.1" 200 17177
116.224.254.208 - - [14/Apr/2024:12:30:21 +0800] "GET /xingrg/javascript/jquery_easy_ui/themes/default/easyui.css HTTP/1.1" 304 -
116.224.254.208 - - [14/Apr/2024:12:30:21 +0800] "GET /xingrg/javascript/jquery_easy_ui/themes/icon.css HTTP/1.1" 304 -
116.224.254.208 - - [14/Apr/2024:12:30:21 +0800] "GET /xingrg/css/form.css HTTP/1.1" 304 -
116.224.254.208 - - [14/Apr/2024:12:30:21 +0800] "GET /xingrg/javascript/jquery-1.4.2.min.js HTTP/1.1" 304 -
116.224.254.208 - - [14/Apr/2024:12:30:21 +0800] "GET /xingrg/javascript/jquery_easy_ui/jquery.easyui.min.js HTTP/1.1" 304 -
116.224.254.208 - - [14/Apr/2024:12:30:21 +0800] "GET /xingrg/javascript/jquery_easy_ui/easyui-lang-zh_CN.js HTTP/1.1" 304 -
116.224.254.208 - - [14/Apr/2024:12:30:21 +0800] "GET /xingrg/javascript/jquery.form.js HTTP/1.1" 304 -
116.224.254.208 - - [14/Apr/2024:12:30:21 +0800] "GET /xingrg/javascript/jquery.utils.js HTTP/1.1" 304 -
116.224.254.208 - - [14/Apr/2024:12:30:21 +0800] "GET /xingrg/javascript/jquery.timers.js HTTP/1.1" 304 -
116.224.254.208 - - [14/Apr/2024:12:30:21 +0800] "GET /xingrg/images/blue/jxLogo.png HTTP/1.1" 304 -
116.224.254.208 - - [14/Apr/2024:12:30:21 +0800] "GET /xingrg/images/blue/navBackgound.jpg HTTP/1.1" 304 -
116.224.254.208 - - [14/Apr/2024:12:30:21 +0800] "GET /xingrg/javascript/jquery_easy_ui/themes/icons/settle_new.png HTTP/1.1" 304 -
116.224.254.208 - - [14/Apr/2024:12:30:22 +0800] "GET /xingrg/check_reg.html?_=1713069022030 HTTP/1.1" 200 22
116.224.254.208 - - [14/Apr/2024:12:30:22 +0800] "GET /xingrg/all/function/internal_message.html?_=1713069022029&CODE_STATE=count HTTP/1.1" 200 11
116.224.254.208 - - [14/Apr/2024:12:30:22 +0800] "GET /xingrg/javascript/jquery_easy_ui/themes/default/images/tabs_rightarrow.png HTTP/1.1" 304 -
116.224.254.208 - - [14/Apr/2024:12:30:22 +0800] "GET /xingrg/javascript/jquery_easy_ui/themes/default/images/panel_tool_collapse.gif HTTP/1.1" 304 -
116.224.254.208 - - [14/Apr/2024:12:30:22 +0800] "GET /xingrg/javascript/jquery_easy_ui/themes/default/images/tabs_leftarrow.png HTTP/1.1" 304 -
116.224.254.208 - - [14/Apr/2024:12:30:22 +0800] "GET /xingrg/images/blue/pingpu.png HTTP/1.1" 304 -
116.224.254.208 - - [14/Apr/2024:12:30:22 +0800] "POST /xingrg/all/common/load_tree.html?tree=area_rest_tree_json&manage=1 HTTP/1.1" 200 476
116.237.76.76 - - [14/Apr/2024:12:30:22 +0800] "GET /xingrg/kc/buy/buy_main.html HTTP/1.1" 200 12412
116.224.254.208 - - [14/Apr/2024:12:30:22 +0800] "POST /xingrg/load_menu.html HTTP/1.1" 200 5138
116.237.76.76 - - [14/Apr/2024:12:30:22 +0800] "GET /xingrg/css/new_ie.css HTTP/1.1" 404 1036
124.78.56.241 - - [14/Apr/2024:12:30:23 +0800] "POST /xingrg/kc/buy/cgsh_order_operate.html HTTP/1.1" 200 2065
116.224.254.208 - - [14/Apr/2024:12:30:25 +0800] "GET /xingrg/kc/buy/cgsh_order_list.html HTTP/1.1" 200 58138
116.237.76.76 - - [14/Apr/2024:12:30:26 +0800] "GET /xingrg/images/yd/bt.gif HTTP/1.1" 404 1040
116.224.254.208 - - [14/Apr/2024:12:30:27 +0800] "POST /xingrg/kc/buy/cgsh_list_operate.html HTTP/1.1" 200 645
116.235.94.6 - - [14/Apr/2024:12:30:27 +0800] "GET /xingrg/kc/print/load_config.html?kc_code=cgsh HTTP/1.1" 200 1927
116.235.94.6 - - [14/Apr/2024:12:30:28 +0800] "GET /xingrg/kc/print/load_data.html?order_code=212024041403562&kc_code=cgsh&condition= HTTP/1.1" 200 1134
101.83.144.49 - - [14/Apr/2024:12:30:28 +0800] "GET /xingrg/all/function/internal_message.html?_=1713068787346&CODE_STATE=getMsg HTTP/1.1" 200 27
116.237.76.76 - - [14/Apr/2024:12:30:29 +0800] "GET /xingrg/kc/buy/cgsh_order_list.html HTTP/1.1" 200 58134
116.235.94.6 - - [14/Apr/2024:12:30:32 +0800] "GET /xingrg/all/function/internal_message.html?_=1713069064213&CODE_STATE=getMsg HTTP/1.1" 200 27
116.237.76.76 - - [14/Apr/2024:12:30:32 +0800] "POST /xingrg/kc/buy/cgsh_list_operate.html HTTP/1.1" 200 645
124.78.56.241 - - [14/Apr/2024:12:30:34 +0800] "GET /xingrg/kc/buy/cgsh_order_operate.html?command=get_materiel&rest_code=00141&code=00101006129&supplier_code=00100096&order_time=2024-04-14 HTTP/1.1" 200 439
114.85.37.96 - - [14/Apr/2024:12:30:41 +0800] "GET /xingrg/all/function/internal_message.html?_=1713067449755&CODE_STATE=getMsg HTTP/1.1" 200 27
116.237.76.76 - - [14/Apr/2024:12:30:43 +0800] "GET /xingrg/kc/buy/cgsh_order_add.html HTTP/1.1" 200 73946
116.237.76.76 - - [14/Apr/2024:12:30:44 +0800] "GET /xingrg/words/20240414115950_words.js HTTP/1.1" 200 1018022
116.237.76.76 - - [14/Apr/2024:12:30:44 +0800] "GET /xingrg/javascript/easyui/themes/default/validatebox.css HTTP/1.1" 404 1104
116.237.76.76 - - [14/Apr/2024:12:30:44 +0800] "POST /xingrg/kc/buy/cgsh_order_operate.html HTTP/1.1" 200 8245
116.237.76.76 - - [14/Apr/2024:12:30:44 +0800] "GET /xingrg/all/common/auto_word.html?type=employee&rest_code=00106 HTTP/1.1" 200 205
116.237.76.76 - - [14/Apr/2024:12:30:44 +0800] "GET /xingrg/all/common/auto_word.html?type=employee&rest_code=00106 HTTP/1.1" 200 205
106.55.202.186 - - [14/Apr/2024:12:30:46 +0800] "GET /xingrg/check_reg.html?_=1713059150563 HTTP/1.1" 302 -
175.24.211.44 - - [14/Apr/2024:12:30:47 +0800] "GET /xingrg/login.html HTTP/1.1" 200 2139
116.235.94.6 - - [14/Apr/2024:12:30:47 +0800] "GET /xingrg/kc/buy/cgsh_order_add.html HTTP/1.1" 200 73987
116.230.109.19 - - [14/Apr/2024:12:30:47 +0800] "GET /xingrg/all/function/internal_message.html?_=1713069047564&CODE_STATE=getMsg HTTP/1.1" 200 27
116.235.94.6 - - [14/Apr/2024:12:30:48 +0800] "GET /xingrg/javascript/easyui/themes/default/validatebox.css HTTP/1.1" 404 1104
116.235.94.6 - - [14/Apr/2024:12:30:48 +0800] "POST /xingrg/kc/buy/cgsh_order_operate.html HTTP/1.1" 200 8245
124.78.56.241 - - [14/Apr/2024:12:30:48 +0800] "GET /xingrg/all/function/internal_message.html?_=1713069048238&CODE_STATE=getMsg HTTP/1.1" 200 27
116.230.109.19 - - [14/Apr/2024:12:30:48 +0800] "GET /xingrg/check_reg.html?_=1713068989903 HTTP/1.1" 200 22
116.230.109.19 - - [14/Apr/2024:12:30:48 +0800] "GET /xingrg/all/function/internal_message.html?_=1713068989905&CODE_STATE=getMsg HTTP/1.1" 200 27
116.237.76.76 - - [14/Apr/2024:12:30:49 +0800] "GET /xingrg/javascript/easyui/themes/default/tree.css HTTP/1.1" 404 1090
116.237.76.76 - - [14/Apr/2024:12:30:49 +0800] "POST /xingrg/all/common/load_tree.html?tree=supplier_tree_json&isDelete=1 HTTP/1.1" 200 79288
114.85.37.96 - - [14/Apr/2024:12:30:51 +0800] "GET /xingrg/kc/buy/cgsh_order_operate.html?command=get_materiel&rest_code=00143&code=00101006199&supplier_code=00100207&order_time=2024-04-14 HTTP/1.1" 200 414
124.78.56.241 - - [14/Apr/2024:12:30:56 +0800] "GET /xingrg/kc/buy/cgsh_order_operate.html?command=get_materiel&rest_code=00141&code=00101006006&supplier_code=00100096&order_time=2024-04-14 HTTP/1.1" 200 408
222.70.183.82 - - [14/Apr/2024:12:30:57 +0800] "GET /xingrg/all/function/internal_message.html?_=1713069055029&CODE_STATE=getMsg HTTP/1.1" 200 27
116.237.76.76 - - [14/Apr/2024:12:31:03 +0800] "GET /xingrg/javascript/auto/indicator.gif HTTP/1.1" 404 1066
116.224.254.208 - - [14/Apr/2024:12:31:04 +0800] "GET /xingrg/kc/buy/cgsh_order_add.html HTTP/1.1" 200 73538
116.224.254.208 - - [14/Apr/2024:12:31:04 +0800] "GET /xingrg/javascript/easyui/themes/default/validatebox.css HTTP/1.1" 404 1104
116.224.254.208 - - [14/Apr/2024:12:31:04 +0800] "POST /xingrg/kc/buy/cgsh_order_operate.html HTTP/1.1" 200 8245
116.224.254.208 - - [14/Apr/2024:12:31:04 +0800] "GET /xingrg/javascript/auto/indicator.gif HTTP/1.1" 404 1066
116.237.76.76 - - [14/Apr/2024:12:31:08 +0800] "GET /xingrg/kc/buy/cgsh_order_operate.html?command=get_materiel&rest_code=00106&code=00101031002&supplier_code=00100062&order_time=2024-04-14 HTTP/1.1" 200 420
116.238.97.31 - - [14/Apr/2024:12:31:10 +0800] "GET /xingrg/all/function/internal_message.html?_=1713069105041&CODE_STATE=getMsg HTTP/1.1" 200 27
180.163.28.143 - - [14/Apr/2024:12:31:11 +0800] "GET /xingrg/all/function/internal_message.html?_=1713069006700&CODE_STATE=count HTTP/1.1" 302 -
180.163.28.143 - - [14/Apr/2024:12:31:11 +0800] "GET /xingrg/login.html HTTP/1.1" 200 7641
116.237.76.76 - - [14/Apr/2024:12:31:11 +0800] "GET /xingrg/all/function/internal_message.html?_=1713069066716&CODE_STATE=getMsg HTTP/1.1" 200 27
116.238.97.31 - - [14/Apr/2024:12:31:11 +0800] "GET /xingrg/all/function/internal_message.html?_=1713069071552&CODE_STATE=getMsg HTTP/1.1" 200 27
180.169.147.146 - - [14/Apr/2024:12:31:13 +0800] "GET /xingrg/all/function/internal_message.html?_=1713069073033&CODE_STATE=getMsg HTTP/1.1" 200 27
124.78.56.241 - - [14/Apr/2024:12:31:14 +0800] "GET /xingrg/kc/buy/cgsh_order_operate.html?command=get_materiel&rest_code=00141&code=00101006039&supplier_code=00100096&order_time=2024-04-14 HTTP/1.1" 200 415
116.235.94.6 - - [14/Apr/2024:12:31:14 +0800] "GET /xingrg/kc/buy/cgsh_order_operate.html?command=get_materiel&rest_code=00104&code=00101001037&supplier_code=00100090&order_time=2024-04-14 HTTP/1.1" 200 418
116.224.254.208 - - [14/Apr/2024:12:31:20 +0800] "GET /xingrg/kc/buy/cgsh_order_operate.html?command=get_materiel&rest_code=00151&code=00102014062&supplier_code=00100097&order_time=2024-04-14 HTTP/1.1" 200 419
116.224.254.208 - - [14/Apr/2024:12:31:22 +0800] "GET /xingrg/all/function/internal_message.html?_=1713069082042&CODE_STATE=getMsg HTTP/1.1" 200 27
101.83.144.49 - - [14/Apr/2024:12:31:28 +0800] "GET /xingrg/all/function/internal_message.html?_=1713068847325&CODE_STATE=getMsg HTTP/1.1" 200 27
116.237.76.76 - - [14/Apr/2024:12:31:33 +0800] "POST /xingrg/kc/buy/cgsh_order_operate.html HTTP/1.1" 200 37
124.78.56.241 - - [14/Apr/2024:12:31:37 +0800] "GET /xingrg/kc/buy/cgsh_order_operate.html?command=get_materiel&rest_code=00141&code=00101006111&supplier_code=00100096&order_time=2024-04-14 HTTP/1.1" 200 409
116.235.94.6 - - [14/Apr/2024:12:31:41 +0800] "POST /xingrg/kc/buy/cgsh_order_operate.html HTTP/1.1" 200 37
114.85.37.96 - - [14/Apr/2024:12:31:42 +0800] "GET /xingrg/all/function/internal_message.html?_=1713067510744&CODE_STATE=getMsg HTTP/1.1" 200 27
116.235.94.6 - - [14/Apr/2024:12:31:43 +0800] "POST /xingrg/kc/buy/cgsh_order_operate.html HTTP/1.1" 200 2663
116.224.254.208 - - [14/Apr/2024:12:31:44 +0800] "GET /xingrg/kc/buy/cgsh_order_operate.html?command=get_materiel&rest_code=00151&code=00101027047&supplier_code=00100097&order_time=2024-04-14 HTTP/1.1" 200 409
116.235.94.6 - - [14/Apr/2024:12:31:45 +0800] "GET /xingrg/kc/print/load_data.html?order_code=212024041403564&kc_code=cgsh&condition= HTTP/1.1" 200 751
116.237.76.76 - - [14/Apr/2024:12:31:46 +0800] "POST /xingrg/kc/buy/cgsh_order_operate.html HTTP/1.1" 200 12
116.230.109.19 - - [14/Apr/2024:12:31:47 +0800] "GET /xingrg/all/function/internal_message.html?_=1713069107557&CODE_STATE=getMsg HTTP/1.1" 200 27
124.78.56.241 - - [14/Apr/2024:12:31:48 +0800] "GET /xingrg/all/function/internal_message.html?_=1713069108234&CODE_STATE=getMsg HTTP/1.1" 200 27
116.230.109.19 - - [14/Apr/2024:12:31:48 +0800] "GET /xingrg/all/function/internal_message.html?_=1713069049920&CODE_STATE=getMsg HTTP/1.1" 200 27
116.237.76.76 - - [14/Apr/2024:12:31:49 +0800] "GET /xingrg/kc/buy/cgsh_order_info.html?code=212024041403563 HTTP/1.1" 200 68820
116.237.76.76 - - [14/Apr/2024:12:31:49 +0800] "GET /xingrg/javascript/easyui/themes/default/validatebox.css HTTP/1.1" 404 1104
116.237.76.76 - - [14/Apr/2024:12:31:50 +0800] "POST /xingrg/kc/buy/cgsh_order_operate.html HTTP/1.1" 200 614
116.235.94.6 - - [14/Apr/2024:12:31:52 +0800] "GET /xingrg/kc/buy/cgsh_order_add.html HTTP/1.1" 200 73987
116.235.94.6 - - [14/Apr/2024:12:31:53 +0800] "POST /xingrg/kc/buy/cgsh_order_operate.html HTTP/1.1" 200 8245
116.235.94.6 - - [14/Apr/2024:12:31:53 +0800] "GET /xingrg/javascript/easyui/themes/default/validatebox.css HTTP/1.1" 404 1104
116.237.76.76 - - [14/Apr/2024:12:31:53 +0800] "GET /xingrg/kc/print/load_config.html?kc_code=cgsh HTTP/1.1" 200 1927
116.237.76.76 - - [14/Apr/2024:12:31:54 +0800] "GET /xingrg/kc/print/load_data.html?order_code=212024041403563&kc_code=cgsh&condition= HTTP/1.1" 200 721
114.85.37.96 - - [14/Apr/2024:12:31:55 +0800] "GET /xingrg/kc/buy/cgsh_order_operate.html?command=get_materiel&rest_code=00143&code=00101018027&supplier_code=00100207&order_time=2024-04-14 HTTP/1.1" 200 413
222.70.183.82 - - [14/Apr/2024:12:31:57 +0800] "GET /xingrg/all/function/internal_message.html?_=1713069115031&CODE_STATE=getMsg HTTP/1.1" 200 27
116.238.97.31 - - [14/Apr/2024:12:32:10 +0800] "GET /xingrg/all/function/internal_message.html?_=1713069165040&CODE_STATE=getMsg HTTP/1.1" 200 27
116.237.76.76 - - [14/Apr/2024:12:32:11 +0800] "GET /xingrg/all/function/internal_message.html?_=1713069126717&CODE_STATE=getMsg HTTP/1.1" 200 27
116.238.97.31 - - [14/Apr/2024:12:32:11 +0800] "GET /xingrg/all/function/internal_message.html?_=1713069131547&CODE_STATE=getMsg HTTP/1.1" 200 27
180.169.147.146 - - [14/Apr/2024:12:32:13 +0800] "GET /xingrg/all/function/internal_message.html?_=1713069133034&CODE_STATE=getMsg HTTP/1.1" 200 27
116.235.94.6 - - [14/Apr/2024:12:32:19 +0800] "GET /xingrg/kc/buy/cgsh_order_operate.html?command=get_materiel&rest_code=00104&code=00101004051&supplier_code=00100312&order_time=2024-04-14 HTTP/1.1" 200 408
116.224.254.208 - - [14/Apr/2024:12:32:22 +0800] "GET /xingrg/all/function/internal_message.html?_=1713069142044&CODE_STATE=getMsg HTTP/1.1" 200 27
101.83.144.49 - - [14/Apr/2024:12:32:28 +0800] "GET /xingrg/all/function/internal_message.html?_=1713068907304&CODE_STATE=getMsg HTTP/1.1" 200 27
101.83.144.49 - - [14/Apr/2024:12:32:29 +0800] "GET /xingrg/check_reg.html?_=1713068908334 HTTP/1.1" 200 22
114.85.37.96 - - [14/Apr/2024:12:32:31 +0800] "POST /xingrg/kc/buy/cgsh_order_operate.html HTTP/1.1" 200 37
116.235.94.6 - - [14/Apr/2024:12:32:32 +0800] "GET /xingrg/all/function/internal_message.html?_=1713069184222&CODE_STATE=getMsg HTTP/1.1" 200 27
114.85.37.96 - - [14/Apr/2024:12:32:37 +0800] "POST /xingrg/kc/buy/cgsh_order_operate.html HTTP/1.1" 200 12771
114.85.37.96 - - [14/Apr/2024:12:32:42 +0800] "GET /xingrg/all/function/internal_message.html?_=1713067570730&CODE_STATE=getMsg HTTP/1.1" 200 27
116.224.254.208 - - [14/Apr/2024:12:32:42 +0800] "GET /xingrg/kc/buy/cgsh_order_operate.html?command=get_materiel&rest_code=00151&code=00102018045&supplier_code=00100097&order_time=2024-04-14 HTTP/1.1" 200 412
116.237.76.76 - - [14/Apr/2024:12:32:46 +0800] "GET /xingrg/kc/buy/cgsh_order_add.html HTTP/1.1" 200 73946
116.237.76.76 - - [14/Apr/2024:12:32:47 +0800] "POST /xingrg/kc/buy/cgsh_order_operate.html HTTP/1.1" 200 8245
116.237.76.76 - - [14/Apr/2024:12:32:47 +0800] "GET /xingrg/javascript/easyui/themes/default/validatebox.css HTTP/1.1" 404 1104
116.230.109.19 - - [14/Apr/2024:12:32:47 +0800] "GET /xingrg/all/function/internal_message.html?_=1713069167548&CODE_STATE=getMsg HTTP/1.1" 200 27
124.78.56.241 - - [14/Apr/2024:12:32:48 +0800] "GET /xingrg/all/function/internal_message.html?_=1713069168208&CODE_STATE=getMsg HTTP/1.1" 200 27
116.230.109.19 - - [14/Apr/2024:12:32:48 +0800] "GET /xingrg/all/function/internal_message.html?_=1713069109918&CODE_STATE=getMsg HTTP/1.1" 200 27
116.237.76.76 - - [14/Apr/2024:12:32:49 +0800] "GET /xingrg/javascript/easyui/themes/default/tree.css HTTP/1.1" 404 1090
116.237.76.76 - - [14/Apr/2024:12:32:50 +0800] "POST /xingrg/all/common/load_tree.html?tree=supplier_tree_json&isDelete=1 HTTP/1.1" 200 79288
222.69.135.125 - - [14/Apr/2024:12:32:51 +0800] "GET /xingrg/check_reg.html?_=1713069172750 HTTP/1.1" 200 22
180.163.28.114 - - [14/Apr/2024:12:32:53 +0800] "GET /xingrg/kc/print/load_data.html?order_code=212024041403563&kc_code=cgsh&condition= HTTP/1.1" 302 -
180.163.28.114 - - [14/Apr/2024:12:32:53 +0800] "GET /xingrg/login.html HTTP/1.1" 200 7641
124.78.56.241 - - [14/Apr/2024:12:32:53 +0800] "GET /xingrg/kc/buy/cgsh_order_operate.html?command=get_materiel&rest_code=00141&code=00101016113&supplier_code=00100096&order_time=2024-04-14 HTTP/1.1" 200 403
116.224.254.208 - - [14/Apr/2024:12:32:55 +0800] "GET /xingrg/kc/buy/cgsh_order_operate.html?command=get_materiel&rest_code=00151&code=00102005186&supplier_code=00100097&order_time=2024-04-14 HTTP/1.1" 200 424
222.70.183.82 - - [14/Apr/2024:12:32:57 +0800] "GET /xingrg/all/function/internal_message.html?_=1713069175031&CODE_STATE=getMsg HTTP/1.1" 200 27
116.235.94.6 - - [14/Apr/2024:12:33:05 +0800] "GET /xingrg/kc/buy/cgsh_order_operate.html?command=get_materiel&rest_code=00104&code=00101004030&supplier_code=00100312&order_time=2024-04-14 HTTP/1.1" 200 408
114.95.153.66 - - [14/Apr/2024:12:33:08 +0800] "GET /xingrg/check_reg.html?_=1713069190156 HTTP/1.1" 200 22
116.237.76.76 - - [14/Apr/2024:12:33:10 +0800] "GET /xingrg/kc/buy/cgsh_order_operate.html?command=get_materiel&rest_code=00106&code=00102012036&supplier_code=00100061&order_time=2024-04-14 HTTP/1.1" 200 409
116.238.97.31 - - [14/Apr/2024:12:33:10 +0800] "GET /xingrg/all/function/internal_message.html?_=1713069225019&CODE_STATE=getMsg HTTP/1.1" 200 27
116.237.76.76 - - [14/Apr/2024:12:33:11 +0800] "GET /xingrg/all/function/internal_message.html?_=1713069186715&CODE_STATE=getMsg HTTP/1.1" 200 27
116.238.97.31 - - [14/Apr/2024:12:33:11 +0800] "GET /xingrg/all/function/internal_message.html?_=1713069191546&CODE_STATE=getMsg HTTP/1.1" 200 27
180.169.147.146 - - [14/Apr/2024:12:33:13 +0800] "GET /xingrg/all/function/internal_message.html?_=1713069193031&CODE_STATE=getMsg HTTP/1.1" 200 27
114.95.153.66 - - [14/Apr/2024:12:33:13 +0800] "GET /xingrg/index.html?sysBaseUrl=http%3A%2F%2F180.169.147.146%3A18081%2Fxingrg%2F&costTime=1712×tamp=1713064784958 HTTP/1.1" 200 17177
114.95.153.66 - - [14/Apr/2024:12:33:13 +0800] "GET /xingrg/javascript/jquery_easy_ui/themes/default/easyui.css HTTP/1.1" 304 -
114.95.153.66 - - [14/Apr/2024:12:33:13 +0800] "GET /xingrg/javascript/jquery_easy_ui/themes/icon.css HTTP/1.1" 304 -
114.95.153.66 - - [14/Apr/2024:12:33:13 +0800] "GET /xingrg/css/form.css HTTP/1.1" 304 -
114.95.153.66 - - [14/Apr/2024:12:33:13 +0800] "GET /xingrg/javascript/jquery-1.4.2.min.js HTTP/1.1" 304 -
114.95.153.66 - - [14/Apr/2024:12:33:13 +0800] "GET /xingrg/javascript/jquery_easy_ui/jquery.easyui.min.js HTTP/1.1" 304 -
114.95.153.66 - - [14/Apr/2024:12:33:13 +0800] "GET /xingrg/javascript/jquery_easy_ui/easyui-lang-zh_CN.js HTTP/1.1" 304 -
114.95.153.66 - - [14/Apr/2024:12:33:13 +0800] "GET /xingrg/javascript/jquery.form.js HTTP/1.1" 304 -
114.95.153.66 - - [14/Apr/2024:12:33:13 +0800] "GET /xingrg/javascript/jquery.utils.js HTTP/1.1" 304 -
114.95.153.66 - - [14/Apr/2024:12:33:13 +0800] "GET /xingrg/javascript/jquery.timers.js HTTP/1.1" 304 -
114.95.153.66 - - [14/Apr/2024:12:33:13 +0800] "GET /xingrg/images/blue/jxLogo.png HTTP/1.1" 304 -
114.95.153.66 - - [14/Apr/2024:12:33:13 +0800] "GET /xingrg/images/blue/navBackgound.jpg HTTP/1.1" 304 -
114.95.153.66 - - [14/Apr/2024:12:33:13 +0800] "GET /xingrg/javascript/jquery_easy_ui/themes/icons/settle_new.png HTTP/1.1" 304 -
114.95.153.66 - - [14/Apr/2024:12:33:13 +0800] "GET /xingrg/all/function/internal_message.html?_=1713069194630&CODE_STATE=count HTTP/1.1" 200 11
114.95.153.66 - - [14/Apr/2024:12:33:13 +0800] "GET /xingrg/images/blue/pingpu.png HTTP/1.1" 304 -
114.95.153.66 - - [14/Apr/2024:12:33:13 +0800] "GET /xingrg/javascript/jquery_easy_ui/themes/default/images/tabs_leftarrow.png HTTP/1.1" 304 -
114.95.153.66 - - [14/Apr/2024:12:33:13 +0800] "GET /xingrg/check_reg.html?_=1713069194631 HTTP/1.1" 200 22
114.95.153.66 - - [14/Apr/2024:12:33:13 +0800] "GET /xingrg/javascript/jquery_easy_ui/themes/default/images/panel_tool_collapse.gif HTTP/1.1" 304 -
114.95.153.66 - - [14/Apr/2024:12:33:13 +0800] "GET /xingrg/javascript/jquery_easy_ui/themes/default/images/tabs_rightarrow.png HTTP/1.1" 304 -
114.95.153.66 - - [14/Apr/2024:12:33:13 +0800] "POST /xingrg/all/common/load_tree.html?tree=area_rest_tree_json&manage=1 HTTP/1.1" 200 601
114.95.153.66 - - [14/Apr/2024:12:33:13 +0800] "POST /xingrg/load_menu.html HTTP/1.1" 200 5138
120.253.135.82 - - [14/Apr/2024:12:33:15 +0800] "GET /xingrg/check_reg.html?_=1713069041746 HTTP/1.1" 200 22
116.224.254.208 - - [14/Apr/2024:12:33:22 +0800] "GET /xingrg/all/function/internal_message.html?_=1713069202044&CODE_STATE=getMsg HTTP/1.1" 200 27
116.237.76.76 - - [14/Apr/2024:12:33:27 +0800] "POST /xingrg/kc/buy/cgsh_order_operate.html HTTP/1.1" 200 37
101.83.144.49 - - [14/Apr/2024:12:33:28 +0800] "GET /xingrg/all/function/internal_message.html?_=1713068967272&CODE_STATE=getMsg HTTP/1.1" 200 27
116.235.94.6 - - [14/Apr/2024:12:33:29 +0800] "GET /xingrg/kc/buy/cgsh_order_operate.html?command=get_materiel&rest_code=00104&code=00101001047&supplier_code=00100312&order_time=2024-04-14 HTTP/1.1" 200 421
116.235.94.6 - - [14/Apr/2024:12:33:32 +0800] "GET /xingrg/check_reg.html?_=1713069244202 HTTP/1.1" 200 22
116.235.94.6 - - [14/Apr/2024:12:33:32 +0800] "GET /xingrg/all/function/internal_message.html?_=1713069244204&CODE_STATE=getMsg HTTP/1.1" 200 27
116.237.76.76 - - [14/Apr/2024:12:33:36 +0800] "POST /xingrg/kc/buy/cgsh_order_operate.html HTTP/1.1" 200 12
116.237.76.76 - - [14/Apr/2024:12:33:38 +0800] "GET /xingrg/kc/buy/cgsh_order_info.html?code=212024041403565 HTTP/1.1" 200 68820
116.237.76.76 - - [14/Apr/2024:12:33:39 +0800] "GET /xingrg/javascript/easyui/themes/default/validatebox.css HTTP/1.1" 404 1104
116.237.76.76 - - [14/Apr/2024:12:33:40 +0800] "POST /xingrg/kc/buy/cgsh_order_operate.html HTTP/1.1" 200 602
114.85.37.96 - - [14/Apr/2024:12:33:42 +0800] "GET /xingrg/all/function/internal_message.html?_=1713067630715&CODE_STATE=getMsg HTTP/1.1" 200 27
116.237.76.76 - - [14/Apr/2024:12:33:46 +0800] "GET /xingrg/kc/print/load_data.html?order_code=212024041403565&kc_code=cgsh&condition= HTTP/1.1" 200 702
116.230.109.19 - - [14/Apr/2024:12:33:47 +0800] "GET /xingrg/all/function/internal_message.html?_=1713069227564&CODE_STATE=getMsg HTTP/1.1" 200 27
116.230.109.19 - - [14/Apr/2024:12:33:47 +0800] "GET /xingrg/check_reg.html?_=1713069227567 HTTP/1.1" 200 22
124.78.56.241 - - [14/Apr/2024:12:33:48 +0800] "GET /xingrg/all/function/internal_message.html?_=1713069228190&CODE_STATE=getMsg HTTP/1.1" 200 27
116.230.109.19 - - [14/Apr/2024:12:33:48 +0800] "GET /xingrg/all/function/internal_message.html?_=1713069169895&CODE_STATE=getMsg HTTP/1.1" 200 27
116.230.109.19 - - [14/Apr/2024:12:33:51 +0800] "GET /xingrg/kc/buy/cgsh_order_add.html HTTP/1.1" 200 74034
116.230.109.19 - - [14/Apr/2024:12:33:51 +0800] "GET /xingrg/words/20240414115950_words.js HTTP/1.1" 304 -
116.230.109.19 - - [14/Apr/2024:12:33:51 +0800] "POST /xingrg/kc/buy/cgsh_order_operate.html HTTP/1.1" 200 8245
116.230.109.19 - - [14/Apr/2024:12:33:51 +0800] "GET /xingrg/javascript/easyui/themes/default/validatebox.css HTTP/1.1" 404 1104
116.224.254.208 - - [14/Apr/2024:12:33:53 +0800] "GET /xingrg/kc/buy/cgsh_order_operate.html?command=get_materiel&rest_code=00151&code=00102006292&supplier_code=00100097&order_time=2024-04-14 HTTP/1.1" 200 430
116.235.94.6 - - [14/Apr/2024:12:33:57 +0800] "GET /xingrg/kc/buy/cgsh_order_operate.html?command=get_materiel&rest_code=00104&code=00101004020&supplier_code=00100312&order_time=2024-04-14 HTTP/1.1" 200 409
222.70.183.82 - - [14/Apr/2024:12:33:57 +0800] "GET /xingrg/all/function/internal_message.html?_=1713069235032&CODE_STATE=getMsg HTTP/1.1" 200 27
124.78.56.241 - - [14/Apr/2024:12:34:09 +0800] "GET /xingrg/kc/buy/cgsh_order_operate.html?command=get_materiel&rest_code=00141&code=00101011004&supplier_code=00100096&order_time=2024-04-14 HTTP/1.1" 200 412
116.238.97.31 - - [14/Apr/2024:12:34:10 +0800] "GET /xingrg/all/function/internal_message.html?_=1713069284991&CODE_STATE=getMsg HTTP/1.1" 200 27
116.237.76.76 - - [14/Apr/2024:12:34:11 +0800] "GET /xingrg/all/function/internal_message.html?_=1713069246709&CODE_STATE=getMsg HTTP/1.1" 200 27
180.169.147.146 - - [14/Apr/2024:12:34:13 +0800] "GET /xingrg/check_reg.html?_=1713069253031 HTTP/1.1" 200 22
180.169.147.146 - - [14/Apr/2024:12:34:13 +0800] "GET /xingrg/all/function/internal_message.html?_=1713069253033&CODE_STATE=getMsg HTTP/1.1" 200 27
114.95.153.66 - - [14/Apr/2024:12:34:13 +0800] "GET /xingrg/all/function/internal_message.html?_=1713069254646&CODE_STATE=getMsg HTTP/1.1" 200 27
116.230.109.19 - - [14/Apr/2024:12:34:13 +0800] "GET /xingrg/kc/buy/cgsh_order_operate.html?command=get_materiel&rest_code=00155&code=00101019224&supplier_code=00100151&order_time=2024-04-14 HTTP/1.1" 200 408
116.230.109.19 - - [14/Apr/2024:12:34:17 +0800] "GET /xingrg/system/info/materiel_import.html?isSelect=1&singleSelect=false HTTP/1.1" 200 5600
116.230.109.19 - - [14/Apr/2024:12:34:18 +0800] "GET /favicon.ico HTTP/1.1" 404 -
116.230.109.19 - - [14/Apr/2024:12:34:18 +0800] "POST /xingrg/all/common/load_tree.html?tree=materiel_sort_tree_json HTTP/1.1" 200 9734
116.235.94.6 - - [14/Apr/2024:12:34:19 +0800] "GET /xingrg/kc/buy/cgsh_order_operate.html?command=get_materiel&rest_code=00104&code=00101001029&supplier_code=00100312&order_time=2024-04-14 HTTP/1.1" 200 417
116.224.254.208 - - [14/Apr/2024:12:34:22 +0800] "GET /xingrg/all/function/internal_message.html?_=1713069262045&CODE_STATE=getMsg HTTP/1.1" 200 27
101.83.144.49 - - [14/Apr/2024:12:34:28 +0800] "GET /xingrg/all/function/internal_message.html?_=1713069027244&CODE_STATE=getMsg HTTP/1.1" 200 27
116.235.94.6 - - [14/Apr/2024:12:34:32 +0800] "GET /xingrg/all/function/internal_message.html?_=1713069304195&CODE_STATE=getMsg HTTP/1.1" 200 27
124.78.56.241 - - [14/Apr/2024:12:34:33 +0800] "POST /xingrg/kc/buy/cgsh_order_operate.html HTTP/1.1" 200 2065
116.230.109.19 - - [14/Apr/2024:12:34:36 +0800] "GET /xingrg/kc/buy/cgsh_order_operate.html?command=get_materiel&rest_code=00155&code=00101019117&supplier_code=00100151&order_time=2024-04-14 HTTP/1.1" 200 420
114.85.37.96 - - [14/Apr/2024:12:34:41 +0800] "GET /xingrg/check_reg.html?_=1713067689759 HTTP/1.1" 200 22
114.85.37.96 - - [14/Apr/2024:12:34:42 +0800] "GET /xingrg/all/function/internal_message.html?_=1713067690707&CODE_STATE=getMsg HTTP/1.1" 200 27
222.70.183.82 - - [14/Apr/2024:12:34:42 +0800] "GET /xingrg/kc/base/check_order_list.html HTTP/1.1" 200 16170
