116.237.76.76 - - [14/Apr/2024:11:41:09 +0800] "GET /xingrg/all/function/internal_message.html?_=1713066070501&CODE_STATE=getMsg HTTP/1.1" 200 27
116.237.76.76 - - [14/Apr/2024:11:41:09 +0800] "GET /xingrg/check_reg.html?_=1713066070830 HTTP/1.1" 200 22
101.83.144.49 - - [14/Apr/2024:11:41:09 +0800] "POST /xingrg/kc/buy/cgsh_order_operate.html HTTP/1.1" 200 37
116.237.76.76 - - [14/Apr/2024:11:41:10 +0800] "GET /xingrg/kc/base/wldb_order_operate.html?command=get_materiel&rest_code=00106&base_code=0010397&code=00102002347 HTTP/1.1" 200 458
116.238.97.31 - - [14/Apr/2024:11:41:10 +0800] "GET /xingrg/all/function/internal_message.html?_=1713066105410&CODE_STATE=getMsg HTTP/1.1" 200 27
116.238.97.31 - - [14/Apr/2024:11:41:11 +0800] "GET /xingrg/all/function/internal_message.html?_=1713066072823&CODE_STATE=getMsg HTTP/1.1" 200 27
221.239.169.251 - - [14/Apr/2024:11:41:12 +0800] "GET /xingrg/kc/buy/cgsh_order_operate.html?command=get_materiel&rest_code=00145&code=00101008350&supplier_code=00100556&order_time=2024-04-02 HTTP/1.1" 200 408
116.224.254.208 - - [14/Apr/2024:11:41:13 +0800] "GET /xingrg/all/function/internal_message.html?_=1713066073405&CODE_STATE=getMsg HTTP/1.1" 200 27
101.83.144.49 - - [14/Apr/2024:11:41:13 +0800] "POST /xingrg/kc/buy/cgsh_order_operate.html HTTP/1.1" 200 20959
58.39.108.79 - - [14/Apr/2024:11:41:14 +0800] "GET /xingrg/all/function/internal_message.html?_=1713066074879&CODE_STATE=getMsg HTTP/1.1" 200 27
116.237.76.76 - - [14/Apr/2024:11:41:18 +0800] "POST /xingrg/kc/base/wldb_order_operate.html HTTP/1.1" 200 37
116.237.76.76 - - [14/Apr/2024:11:41:19 +0800] "POST /xingrg/kc/base/wldb_order_operate.html HTTP/1.1" 200 3654
116.224.254.208 - - [14/Apr/2024:11:41:19 +0800] "GET /xingrg/kc/buy/cgsh_order_list.html HTTP/1.1" 200 58140
116.237.76.76 - - [14/Apr/2024:11:41:20 +0800] "GET /xingrg/kc/base/wldb_order_info.html?code=422024041400844 HTTP/1.1" 200 30401
116.237.76.76 - - [14/Apr/2024:11:41:21 +0800] "GET /xingrg/javascript/easyui/themes/default/validatebox.css HTTP/1.1" 404 1104
116.224.254.208 - - [14/Apr/2024:11:41:21 +0800] "POST /xingrg/kc/buy/cgsh_list_operate.html HTTP/1.1" 200 645
116.237.76.76 - - [14/Apr/2024:11:41:21 +0800] "POST /xingrg/kc/base/wldb_order_operate.html HTTP/1.1" 200 3654
116.224.254.208 - - [14/Apr/2024:11:41:22 +0800] "GET /xingrg/kc/buy/cgsh_order_add.html HTTP/1.1" 200 73990
116.224.254.208 - - [14/Apr/2024:11:41:23 +0800] "POST /xingrg/kc/buy/cgsh_order_operate.html HTTP/1.1" 200 8245
116.224.254.208 - - [14/Apr/2024:11:41:23 +0800] "GET /xingrg/javascript/easyui/themes/default/validatebox.css HTTP/1.1" 404 1104
116.224.254.208 - - [14/Apr/2024:11:41:23 +0800] "GET /xingrg/javascript/auto/indicator.gif HTTP/1.1" 404 1066
221.239.169.251 - - [14/Apr/2024:11:41:24 +0800] "GET /xingrg/all/function/internal_message.html?_=1713066082628&CODE_STATE=getMsg HTTP/1.1" 200 27
116.238.97.31 - - [14/Apr/2024:11:41:24 +0800] "GET /xingrg/kc/buy/cgsh_order_operate.html?command=get_materiel&rest_code=00102&code=00101023104&supplier_code=00100570&order_time=2024-04-13 HTTP/1.1" 200 421
116.237.76.76 - - [14/Apr/2024:11:41:26 +0800] "POST /xingrg/kc/base/wldb_list_operate.html HTTP/1.1" 200 3376
116.237.76.76 - - [14/Apr/2024:11:41:28 +0800] "POST /xingrg/kc/base/wldb_list_operate.html HTTP/1.1" 200 450
116.237.76.76 - - [14/Apr/2024:11:41:29 +0800] "GET /xingrg/all/function/internal_message.html?_=1713066084838&CODE_STATE=getMsg HTTP/1.1" 200 27
101.83.144.49 - - [14/Apr/2024:11:41:29 +0800] "GET /xingrg/all/function/internal_message.html?_=1713065848172&CODE_STATE=getMsg HTTP/1.1" 200 27
222.70.183.82 - - [14/Apr/2024:11:41:32 +0800] "GET /xingrg/kc/buy/cgsh_order_list.html HTTP/1.1" 200 58134
116.238.97.31 - - [14/Apr/2024:11:41:32 +0800] "POST /xingrg/kc/buy/cgsh_order_operate.html HTTP/1.1" 200 37
221.239.169.251 - - [14/Apr/2024:11:41:32 +0800] "GET /xingrg/kc/buy/cgsh_order_operate.html?command=get_materiel&rest_code=00145&code=00101008355&supplier_code=00100556&order_time=2024-04-02 HTTP/1.1" 200 408
116.224.254.208 - - [14/Apr/2024:11:41:34 +0800] "GET /xingrg/kc/buy/cgsh_order_operate.html?command=get_materiel&rest_code=00150&code=00101028005&supplier_code=00100018&order_time=2024-04-14 HTTP/1.1" 200 434
222.70.183.82 - - [14/Apr/2024:11:41:34 +0800] "POST /xingrg/kc/buy/cgsh_list_operate.html HTTP/1.1" 200 645
116.237.76.76 - - [14/Apr/2024:11:41:35 +0800] "POST /xingrg/kc/base/wldb_list_operate.html HTTP/1.1" 200 444
58.39.108.79 - - [14/Apr/2024:11:41:39 +0800] "GET /xingrg/javascript/jquery_easy_ui/themes/default/images/tabs_active.png HTTP/1.1" 200 2894
116.238.97.31 - - [14/Apr/2024:11:41:41 +0800] "POST /xingrg/kc/buy/cgsh_order_operate.html HTTP/1.1" 200 2666
221.239.169.251 - - [14/Apr/2024:11:41:43 +0800] "GET /xingrg/kc/buy/cgsh_order_operate.html?command=get_materiel&rest_code=00145&code=00101008286&supplier_code=00100556&order_time=2024-04-02 HTTP/1.1" 200 408
222.70.183.82 - - [14/Apr/2024:11:41:43 +0800] "GET /xingrg/all/function/internal_message.html?_=1713066101343&CODE_STATE=getMsg HTTP/1.1" 200 27
58.39.108.79 - - [14/Apr/2024:11:41:44 +0800] "POST /xingrg/kc/base/wldb_list_operate.html HTTP/1.1" 200 1772
116.238.97.31 - - [14/Apr/2024:11:41:45 +0800] "GET /xingrg/kc/print/load_data.html?order_code=212024041403547&kc_code=cgsh&condition= HTTP/1.1" 200 673
222.70.183.82 - - [14/Apr/2024:11:41:45 +0800] "GET /xingrg/kc/base/wldb_order_list.html HTTP/1.1" 200 19051
114.95.153.66 - - [14/Apr/2024:11:41:45 +0800] "GET /xingrg/all/function/internal_message.html?_=1713066106613&CODE_STATE=getMsg HTTP/1.1" 200 27
58.39.108.79 - - [14/Apr/2024:11:41:45 +0800] "GET /xingrg/kc/base/wldb_order_add.html HTTP/1.1" 200 30386
222.70.183.82 - - [14/Apr/2024:11:41:45 +0800] "POST /xingrg/kc/base/wldb_list_operate.html HTTP/1.1" 200 928
58.39.108.79 - - [14/Apr/2024:11:41:45 +0800] "POST /xingrg/kc/base/wldb_order_operate.html HTTP/1.1" 200 6806
58.39.108.79 - - [14/Apr/2024:11:41:46 +0800] "GET /xingrg/javascript/easyui/themes/default/validatebox.css HTTP/1.1" 404 1104
116.230.109.19 - - [14/Apr/2024:11:41:47 +0800] "GET /xingrg/all/function/internal_message.html?_=1713066107482&CODE_STATE=getMsg HTTP/1.1" 200 27
222.70.183.82 - - [14/Apr/2024:11:41:47 +0800] "GET /xingrg/kc/base/wldb_order_add.html HTTP/1.1" 200 30382
222.70.183.82 - - [14/Apr/2024:11:41:47 +0800] "POST /xingrg/kc/base/wldb_order_operate.html HTTP/1.1" 200 6806
222.70.183.82 - - [14/Apr/2024:11:41:47 +0800] "GET /xingrg/all/common/auto_word.html?type=base&rest_code=00111 HTTP/1.1" 200 1753
222.70.183.82 - - [14/Apr/2024:11:41:47 +0800] "GET /xingrg/all/common/auto_word.html?type=base&rest_code=00111 HTTP/1.1" 200 1753
222.70.183.82 - - [14/Apr/2024:11:41:48 +0800] "GET /xingrg/javascript/easyui/themes/default/validatebox.css HTTP/1.1" 404 1104
101.83.144.49 - - [14/Apr/2024:11:41:48 +0800] "GET /xingrg/kc/buy/cgsh_order_operate.html?command=get_materiel&rest_code=00105&code=00101008350&supplier_code=00100008&order_time=2024-04-14 HTTP/1.1" 200 408
221.239.169.251 - - [14/Apr/2024:11:41:57 +0800] "GET /xingrg/kc/buy/cgsh_order_operate.html?command=get_materiel&rest_code=00145&code=00101008356&supplier_code=00100556&order_time=2024-04-02 HTTP/1.1" 200 408
58.39.108.79 - - [14/Apr/2024:11:41:58 +0800] "GET /xingrg/kc/base/wldb_order_operate.html?command=get_materiel&rest_code=00157&base_code=0010884&code=00101010734 HTTP/1.1" 200 444
116.224.254.208 - - [14/Apr/2024:11:42:00 +0800] "GET /xingrg/kc/buy/cgsh_order_operate.html?command=get_materiel&rest_code=00150&code=00101029115&supplier_code=00100018&order_time=2024-04-14 HTTP/1.1" 200 435
58.39.108.79 - - [14/Apr/2024:11:42:03 +0800] "POST /xingrg/kc/base/wldb_order_operate.html HTTP/1.1" 200 37
58.39.108.79 - - [14/Apr/2024:11:42:04 +0800] "POST /xingrg/kc/base/wldb_order_operate.html HTTP/1.1" 200 2192
58.39.108.79 - - [14/Apr/2024:11:42:04 +0800] "GET /xingrg/kc/base/wldb_order_info.html?code=422024041400845 HTTP/1.1" 200 30393
58.39.108.79 - - [14/Apr/2024:11:42:04 +0800] "GET /xingrg/javascript/easyui/themes/default/validatebox.css HTTP/1.1" 404 1104
58.39.108.79 - - [14/Apr/2024:11:42:05 +0800] "POST /xingrg/kc/base/wldb_order_operate.html HTTP/1.1" 200 2192
58.39.108.79 - - [14/Apr/2024:11:42:06 +0800] "GET /xingrg/kc/print/load_data.html?order_code=422024041400845&kc_code=wldb&condition= HTTP/1.1" 200 525
116.237.76.76 - - [14/Apr/2024:11:42:09 +0800] "GET /xingrg/all/function/internal_message.html?_=1713066130485&CODE_STATE=getMsg HTTP/1.1" 200 27
116.224.254.208 - - [14/Apr/2024:11:42:09 +0800] "POST /xingrg/kc/buy/cgsh_order_operate.html HTTP/1.1" 200 37
180.163.28.55 - - [14/Apr/2024:11:42:10 +0800] "GET /xingrg/kc/base/wldb_order_operate.html?command=get_materiel&rest_code=00106&base_code=0010397&code=00102002347 HTTP/1.1" 302 -
180.163.28.55 - - [14/Apr/2024:11:42:10 +0800] "GET /xingrg/login.html HTTP/1.1" 200 7641
116.238.97.31 - - [14/Apr/2024:11:42:10 +0800] "GET /xingrg/all/function/internal_message.html?_=1713066165394&CODE_STATE=getMsg HTTP/1.1" 200 27
116.238.97.31 - - [14/Apr/2024:11:42:11 +0800] "GET /xingrg/all/function/internal_message.html?_=1713066132841&CODE_STATE=getMsg HTTP/1.1" 200 27
221.239.169.251 - - [14/Apr/2024:11:42:11 +0800] "GET /xingrg/kc/buy/cgsh_order_operate.html?command=get_materiel&rest_code=00145&code=00101008261&supplier_code=00100556&order_time=2024-04-02 HTTP/1.1" 200 408
116.224.254.208 - - [14/Apr/2024:11:42:13 +0800] "GET /xingrg/all/function/internal_message.html?_=1713066133401&CODE_STATE=getMsg HTTP/1.1" 200 27
58.39.108.79 - - [14/Apr/2024:11:42:14 +0800] "GET /xingrg/all/function/internal_message.html?_=1713066134877&CODE_STATE=getMsg HTTP/1.1" 200 27
116.224.254.208 - - [14/Apr/2024:11:42:17 +0800] "POST /xingrg/kc/buy/cgsh_order_operate.html HTTP/1.1" 200 12
116.224.254.208 - - [14/Apr/2024:11:42:19 +0800] "GET /xingrg/kc/buy/cgsh_order_info.html?code=212024041403548 HTTP/1.1" 200 68860
116.224.254.208 - - [14/Apr/2024:11:42:20 +0800] "GET /xingrg/javascript/easyui/themes/default/validatebox.css HTTP/1.1" 404 1104
116.224.254.208 - - [14/Apr/2024:11:42:21 +0800] "POST /xingrg/kc/buy/cgsh_order_operate.html HTTP/1.1" 200 1239
116.224.254.208 - - [14/Apr/2024:11:42:22 +0800] "GET /xingrg/kc/print/load_data.html?order_code=212024041403548&kc_code=cgsh&condition= HTTP/1.1" 200 1021
221.239.169.251 - - [14/Apr/2024:11:42:24 +0800] "GET /xingrg/all/function/internal_message.html?_=1713066142653&CODE_STATE=getMsg HTTP/1.1" 200 27
221.239.169.251 - - [14/Apr/2024:11:42:24 +0800] "GET /xingrg/kc/buy/cgsh_order_operate.html?command=get_materiel&rest_code=00145&code=00101008087&supplier_code=00100556&order_time=2024-04-02 HTTP/1.1" 200 412
116.224.254.208 - - [14/Apr/2024:11:42:27 +0800] "GET /xingrg/kc/base/wldb_order_list.html HTTP/1.1" 200 19057
116.224.254.208 - - [14/Apr/2024:11:42:28 +0800] "POST /xingrg/kc/base/wldb_list_operate.html HTTP/1.1" 200 928
116.237.76.76 - - [14/Apr/2024:11:42:28 +0800] "GET /xingrg/check_reg.html?_=1713066143969 HTTP/1.1" 200 22
116.224.254.208 - - [14/Apr/2024:11:42:29 +0800] "GET /xingrg/kc/base/wldb_order_add.html HTTP/1.1" 200 30388
116.237.76.76 - - [14/Apr/2024:11:42:29 +0800] "GET /xingrg/all/function/internal_message.html?_=1713066144817&CODE_STATE=getMsg HTTP/1.1" 200 27
116.224.254.208 - - [14/Apr/2024:11:42:29 +0800] "POST /xingrg/kc/base/wldb_order_operate.html HTTP/1.1" 200 6806
116.224.254.208 - - [14/Apr/2024:11:42:29 +0800] "GET /xingrg/all/common/auto_word.html?type=base&rest_code=00150 HTTP/1.1" 200 1853
116.224.254.208 - - [14/Apr/2024:11:42:29 +0800] "GET /xingrg/all/common/auto_word.html?type=base&rest_code=00150 HTTP/1.1" 200 1853
116.224.254.208 - - [14/Apr/2024:11:42:29 +0800] "GET /xingrg/javascript/easyui/themes/default/validatebox.css HTTP/1.1" 404 1104
101.83.144.49 - - [14/Apr/2024:11:42:29 +0800] "GET /xingrg/all/function/internal_message.html?_=1713065908156&CODE_STATE=getMsg HTTP/1.1" 200 27
101.83.144.49 - - [14/Apr/2024:11:42:29 +0800] "GET /xingrg/check_reg.html?_=1713065908440 HTTP/1.1" 200 22
116.238.97.31 - - [14/Apr/2024:11:42:37 +0800] "POST /xingrg/kc/buy/cgsh_list_operate.html HTTP/1.1" 200 4179
116.224.254.208 - - [14/Apr/2024:11:42:38 +0800] "GET /xingrg/kc/base/wldb_order_operate.html?command=get_materiel&rest_code=00150&base_code=0010445&code=00101019164 HTTP/1.1" 200 463
221.239.169.251 - - [14/Apr/2024:11:42:40 +0800] "GET /xingrg/kc/buy/cgsh_order_operate.html?command=get_materiel&rest_code=00145&code=00101008353&supplier_code=00100556&order_time=2024-04-02 HTTP/1.1" 200 408
116.224.254.208 - - [14/Apr/2024:11:42:43 +0800] "GET /xingrg/kc/base/wldb_order_operate.html?command=get_materiel&rest_code=00150&base_code=0010445&code=00101019079 HTTP/1.1" 200 478
222.70.183.82 - - [14/Apr/2024:11:42:43 +0800] "GET /xingrg/all/function/internal_message.html?_=1713066161323&CODE_STATE=getMsg HTTP/1.1" 200 27
114.95.153.66 - - [14/Apr/2024:11:42:45 +0800] "GET /xingrg/all/function/internal_message.html?_=1713066166612&CODE_STATE=getMsg HTTP/1.1" 200 27
116.230.109.19 - - [14/Apr/2024:11:42:47 +0800] "GET /xingrg/all/function/internal_message.html?_=1713066167476&CODE_STATE=getMsg HTTP/1.1" 200 27
101.83.144.49 - - [14/Apr/2024:11:42:49 +0800] "GET /xingrg/kc/buy/cgsh_order_operate.html?command=get_materiel&rest_code=00105&code=00101008589&supplier_code=00100008&order_time=2024-04-14 HTTP/1.1" 200 409
222.69.135.125 - - [14/Apr/2024:11:42:52 +0800] "GET /xingrg/check_reg.html?_=1713066172753 HTTP/1.1" 200 22
221.239.169.251 - - [14/Apr/2024:11:42:55 +0800] "GET /xingrg/kc/buy/cgsh_order_operate.html?command=get_materiel&rest_code=00145&code=00101008298&supplier_code=00100556&order_time=2024-04-02 HTTP/1.1" 200 412
114.95.153.66 - - [14/Apr/2024:11:42:58 +0800] "GET /xingrg/kc/base/base_main.html HTTP/1.1" 200 12142
114.95.153.66 - - [14/Apr/2024:11:42:59 +0800] "GET /xingrg/kc/base/yddb_order_list.html HTTP/1.1" 200 16660
114.95.153.66 - - [14/Apr/2024:11:43:00 +0800] "POST /xingrg/kc/base/yddb_list_operate.html HTTP/1.1" 200 1592
116.224.254.208 - - [14/Apr/2024:11:43:01 +0800] "GET /xingrg/kc/base/wldb_order_operate.html?command=get_materiel&rest_code=00150&base_code=0010445&code=00101019295 HTTP/1.1" 200 475
114.95.153.66 - - [14/Apr/2024:11:43:02 +0800] "POST /xingrg/kc/base/yddb_list_operate.html HTTP/1.1" 200 214
114.95.153.66 - - [14/Apr/2024:11:43:03 +0800] "GET /xingrg/kc/base/yddb_order_info.html?code=482024041400083 HTTP/1.1" 200 30591
114.95.153.66 - - [14/Apr/2024:11:43:03 +0800] "GET /xingrg/dwr/interface/AjaxYddbService.js HTTP/1.1" 200 13201
114.95.153.66 - - [14/Apr/2024:11:43:03 +0800] "GET /xingrg/dwr/interface/AjaxComOrderService.js HTTP/1.1" 200 18264
114.95.153.66 - - [14/Apr/2024:11:43:03 +0800] "GET /xingrg/dwr/engine.js HTTP/1.1" 200 43631
114.95.153.66 - - [14/Apr/2024:11:43:03 +0800] "POST /xingrg/dwr/call/plaincall/AjaxYddbService.loadMaterielItems.dwr HTTP/1.1" 200 438
221.239.169.251 - - [14/Apr/2024:11:43:07 +0800] "GET /xingrg/kc/buy/cgsh_order_operate.html?command=get_materiel&rest_code=00145&code=00101008321&supplier_code=00100556&order_time=2024-04-02 HTTP/1.1" 200 412
116.224.254.208 - - [14/Apr/2024:11:43:08 +0800] "GET /xingrg/kc/base/wldb_order_operate.html?command=get_materiel&rest_code=00150&base_code=0010445&code=00101019133 HTTP/1.1" 200 480
101.83.144.49 - - [14/Apr/2024:11:43:08 +0800] "GET /xingrg/kc/buy/cgsh_order_operate.html?command=get_materiel&rest_code=00105&code=00101008357&supplier_code=00100008&order_time=2024-04-14 HTTP/1.1" 200 408
114.95.153.66 - - [14/Apr/2024:11:43:09 +0800] "POST /xingrg/dwr/call/plaincall/AjaxYddbService.checkOrder.dwr HTTP/1.1" 200 78
116.237.76.76 - - [14/Apr/2024:11:43:09 +0800] "GET /xingrg/all/function/internal_message.html?_=1713066190470&CODE_STATE=getMsg HTTP/1.1" 200 27
116.238.97.31 - - [14/Apr/2024:11:43:10 +0800] "GET /xingrg/all/function/internal_message.html?_=1713066225378&CODE_STATE=getMsg HTTP/1.1" 200 27
114.95.153.66 - - [14/Apr/2024:11:43:10 +0800] "GET /xingrg/kc/base/yddb_order_info.html?code=482024041400083 HTTP/1.1" 200 28768
114.95.153.66 - - [14/Apr/2024:11:43:10 +0800] "GET /xingrg/dwr/interface/AjaxComOrderService.js HTTP/1.1" 200 18264
114.95.153.66 - - [14/Apr/2024:11:43:10 +0800] "GET /xingrg/dwr/interface/AjaxYddbService.js HTTP/1.1" 200 13201
114.95.153.66 - - [14/Apr/2024:11:43:10 +0800] "GET /xingrg/dwr/engine.js HTTP/1.1" 200 43631
114.95.153.66 - - [14/Apr/2024:11:43:11 +0800] "POST /xingrg/dwr/call/plaincall/AjaxYddbService.loadMaterielItems.dwr HTTP/1.1" 200 438
116.238.97.31 - - [14/Apr/2024:11:43:11 +0800] "GET /xingrg/all/function/internal_message.html?_=1713066192825&CODE_STATE=getMsg HTTP/1.1" 200 27
101.83.144.49 - - [14/Apr/2024:11:43:12 +0800] "POST /xingrg/kc/buy/cgsh_order_operate.html HTTP/1.1" 200 2065
116.224.254.208 - - [14/Apr/2024:11:43:12 +0800] "GET /xingrg/kc/base/wldb_order_operate.html?command=get_materiel&rest_code=00150&base_code=0010445&code=00101019127 HTTP/1.1" 200 480
116.224.254.208 - - [14/Apr/2024:11:43:13 +0800] "GET /xingrg/all/function/internal_message.html?_=1713066193409&CODE_STATE=getMsg HTTP/1.1" 200 27
58.39.108.79 - - [14/Apr/2024:11:43:14 +0800] "GET /xingrg/all/function/internal_message.html?_=1713066194872&CODE_STATE=getMsg HTTP/1.1" 200 27
116.224.254.208 - - [14/Apr/2024:11:43:18 +0800] "GET /xingrg/kc/base/wldb_order_operate.html?command=get_materiel&rest_code=00150&base_code=0010445&code=00101019306 HTTP/1.1" 200 479
221.239.169.251 - - [14/Apr/2024:11:43:21 +0800] "GET /xingrg/kc/buy/cgsh_order_operate.html?command=get_materiel&rest_code=00145&code=00101008234&supplier_code=00100556&order_time=2024-04-02 HTTP/1.1" 200 408
114.95.153.66 - - [14/Apr/2024:11:43:22 +0800] "POST /xingrg/kc/base/yddb_list_operate.html HTTP/1.1" 200 198
114.95.153.66 - - [14/Apr/2024:11:43:23 +0800] "GET /xingrg/kc/base/yddb_order_info.html?code=482024041400084 HTTP/1.1" 200 30592
114.95.153.66 - - [14/Apr/2024:11:43:23 +0800] "GET /xingrg/dwr/interface/AjaxComOrderService.js HTTP/1.1" 200 18264
114.95.153.66 - - [14/Apr/2024:11:43:23 +0800] "GET /xingrg/dwr/interface/AjaxYddbService.js HTTP/1.1" 200 13201
114.95.153.66 - - [14/Apr/2024:11:43:23 +0800] "GET /xingrg/dwr/engine.js HTTP/1.1" 200 43631
114.95.153.66 - - [14/Apr/2024:11:43:23 +0800] "POST /xingrg/dwr/call/plaincall/AjaxYddbService.loadMaterielItems.dwr HTTP/1.1" 200 389
221.239.169.251 - - [14/Apr/2024:11:43:24 +0800] "GET /xingrg/all/function/internal_message.html?_=1713066202615&CODE_STATE=getMsg HTTP/1.1" 200 27
116.224.254.208 - - [14/Apr/2024:11:43:24 +0800] "GET /xingrg/kc/base/wldb_order_operate.html?command=get_materiel&rest_code=00150&base_code=0010445&code=00101019310 HTTP/1.1" 200 475
116.224.254.208 - - [14/Apr/2024:11:43:29 +0800] "GET /xingrg/kc/base/wldb_order_operate.html?command=get_materiel&rest_code=00150&base_code=0010445&code=00101019637 HTTP/1.1" 200 449
116.237.76.76 - - [14/Apr/2024:11:43:29 +0800] "GET /xingrg/all/function/internal_message.html?_=1713066204787&CODE_STATE=getMsg HTTP/1.1" 200 27
101.83.144.49 - - [14/Apr/2024:11:43:29 +0800] "GET /xingrg/all/function/internal_message.html?_=1713065968132&CODE_STATE=getMsg HTTP/1.1" 200 27
101.83.144.49 - - [14/Apr/2024:11:43:34 +0800] "GET /xingrg/kc/buy/cgsh_order_operate.html?command=get_materiel&rest_code=00105&code=00101008061&supplier_code=00100008&order_time=2024-04-14 HTTP/1.1" 200 422
116.224.254.208 - - [14/Apr/2024:11:43:35 +0800] "GET /xingrg/kc/base/wldb_order_operate.html?command=get_materiel&rest_code=00150&base_code=0010445&code=00101019071 HTTP/1.1" 200 471
221.239.169.251 - - [14/Apr/2024:11:43:37 +0800] "GET /xingrg/kc/buy/cgsh_order_operate.html?command=get_materiel&rest_code=00145&code=00101008264&supplier_code=00100556&order_time=2024-04-02 HTTP/1.1" 200 412
116.224.254.208 - - [14/Apr/2024:11:43:40 +0800] "GET /xingrg/kc/base/wldb_order_operate.html?command=get_materiel&rest_code=00150&base_code=0010445&code=00101019430 HTTP/1.1" 200 478
222.70.183.82 - - [14/Apr/2024:11:43:43 +0800] "GET /xingrg/all/function/internal_message.html?_=1713066221295&CODE_STATE=getMsg HTTP/1.1" 200 27
114.95.153.66 - - [14/Apr/2024:11:43:45 +0800] "GET /xingrg/all/function/internal_message.html?_=1713066226617&CODE_STATE=getMsg HTTP/1.1" 200 27
116.224.254.208 - - [14/Apr/2024:11:43:45 +0800] "GET /xingrg/kc/base/wldb_order_operate.html?command=get_materiel&rest_code=00150&base_code=0010445&code=00101013139 HTTP/1.1" 200 451
116.230.109.19 - - [14/Apr/2024:11:43:47 +0800] "GET /xingrg/all/function/internal_message.html?_=1713066227478&CODE_STATE=getMsg HTTP/1.1" 200 27
116.230.109.19 - - [14/Apr/2024:11:43:47 +0800] "GET /xingrg/check_reg.html?_=1713066227481 HTTP/1.1" 200 22
116.237.76.76 - - [14/Apr/2024:11:43:47 +0800] "GET /xingrg/login.html?r=1 HTTP/1.1" 200 7641
116.237.76.76 - - [14/Apr/2024:11:43:48 +0800] "GET /favicon.ico HTTP/1.1" 404 -
221.239.169.251 - - [14/Apr/2024:11:43:49 +0800] "POST /xingrg/kc/buy/cgsh_order_operate.html HTTP/1.1" 200 37
58.39.108.79 - - [14/Apr/2024:11:43:50 +0800] "POST /xingrg/kc/base/wldb_list_operate.html HTTP/1.1" 200 2164
116.237.76.76 - - [14/Apr/2024:11:43:58 +0800] "POST /xingrg/login.do HTTP/1.1" 302 -
116.237.76.76 - - [14/Apr/2024:11:43:58 +0800] "GET /xingrg/index.html?sysBaseUrl=http%3A%2F%2F180.169.147.146%3A18081%2Fxingrg%2F&costTime=2377×tamp=1713066238241 HTTP/1.1" 200 17173
116.237.76.76 - - [14/Apr/2024:11:43:58 +0800] "GET /favicon.ico HTTP/1.1" 404 -
116.237.76.76 - - [14/Apr/2024:11:43:58 +0800] "GET /xingrg/all/function/internal_message.html?_=1713066239847&CODE_STATE=count HTTP/1.1" 200 11
116.237.76.76 - - [14/Apr/2024:11:43:58 +0800] "GET /xingrg/check_reg.html?_=1713066239848 HTTP/1.1" 200 22
116.237.76.76 - - [14/Apr/2024:11:43:58 +0800] "POST /xingrg/all/common/load_tree.html?tree=area_rest_tree_json&manage=1 HTTP/1.1" 200 342
116.237.76.76 - - [14/Apr/2024:11:43:58 +0800] "POST /xingrg/load_menu.html HTTP/1.1" 200 5138
116.224.254.208 - - [14/Apr/2024:11:44:00 +0800] "GET /xingrg/kc/base/wldb_order_operate.html?command=get_materiel&rest_code=00150&base_code=0010445&code=00101019551 HTTP/1.1" 200 463
116.237.76.76 - - [14/Apr/2024:11:44:00 +0800] "GET /xingrg/kc/buy/buy_main.html HTTP/1.1" 200 12412
116.237.76.76 - - [14/Apr/2024:11:44:00 +0800] "GET /xingrg/css/new_ie.css HTTP/1.1" 404 1036
101.83.144.49 - - [14/Apr/2024:11:44:03 +0800] "POST /xingrg/kc/buy/cgsh_order_operate.html HTTP/1.1" 200 37
101.83.144.49 - - [14/Apr/2024:11:44:06 +0800] "POST /xingrg/kc/buy/cgsh_order_operate.html HTTP/1.1" 200 23913
116.237.76.76 - - [14/Apr/2024:11:44:06 +0800] "GET /xingrg/images/yd/bt.gif HTTP/1.1" 404 1040
116.237.76.76 - - [14/Apr/2024:11:44:07 +0800] "GET /xingrg/kc/buy/cgsh_order_list.html HTTP/1.1" 200 58134
116.238.97.31 - - [14/Apr/2024:11:44:10 +0800] "GET /xingrg/all/function/internal_message.html?_=1713066285365&CODE_STATE=getMsg HTTP/1.1" 200 27
116.238.97.31 - - [14/Apr/2024:11:44:11 +0800] "GET /xingrg/all/function/internal_message.html?_=1713066252829&CODE_STATE=getMsg HTTP/1.1" 200 27
58.39.108.79 - - [14/Apr/2024:11:44:14 +0800] "GET /xingrg/check_reg.html?_=1713066254875 HTTP/1.1" 200 22
58.39.108.79 - - [14/Apr/2024:11:44:14 +0800] "GET /xingrg/all/function/internal_message.html?_=1713066254876&CODE_STATE=getMsg HTTP/1.1" 200 27
116.237.76.76 - - [14/Apr/2024:11:44:14 +0800] "POST /xingrg/kc/buy/cgsh_list_operate.html HTTP/1.1" 200 645
116.224.254.208 - - [14/Apr/2024:11:44:20 +0800] "POST /xingrg/kc/base/wldb_order_operate.html HTTP/1.1" 200 37
116.224.254.208 - - [14/Apr/2024:11:44:21 +0800] "POST /xingrg/kc/base/wldb_order_operate.html HTTP/1.1" 200 7250
116.224.254.208 - - [14/Apr/2024:11:44:27 +0800] "POST /xingrg/kc/base/wldb_order_operate.html HTTP/1.1" 200 12
116.237.76.76 - - [14/Apr/2024:11:44:28 +0800] "GET /xingrg/kc/buy/cgsh_order_add.html HTTP/1.1" 200 73940
116.224.254.208 - - [14/Apr/2024:11:44:29 +0800] "GET /xingrg/kc/base/wldb_order_info.html?code=422024041400846 HTTP/1.1" 200 26267
116.237.76.76 - - [14/Apr/2024:11:44:29 +0800] "POST /xingrg/kc/buy/cgsh_order_operate.html HTTP/1.1" 200 8245
116.237.76.76 - - [14/Apr/2024:11:44:29 +0800] "GET /xingrg/javascript/easyui/themes/default/validatebox.css HTTP/1.1" 404 1104
116.237.76.76 - - [14/Apr/2024:11:44:29 +0800] "GET /xingrg/all/common/auto_word.html?type=employee&rest_code=00106 HTTP/1.1" 200 205
116.237.76.76 - - [14/Apr/2024:11:44:29 +0800] "GET /xingrg/all/function/internal_message.html?_=1713066264759&CODE_STATE=getMsg HTTP/1.1" 200 27
116.237.76.76 - - [14/Apr/2024:11:44:29 +0800] "GET /xingrg/all/common/auto_word.html?type=employee&rest_code=00106 HTTP/1.1" 200 205
116.224.254.208 - - [14/Apr/2024:11:44:29 +0800] "GET /xingrg/javascript/easyui/themes/default/validatebox.css HTTP/1.1" 404 1104
101.83.144.49 - - [14/Apr/2024:11:44:29 +0800] "GET /xingrg/all/function/internal_message.html?_=1713066028107&CODE_STATE=getMsg HTTP/1.1" 200 27
116.224.254.208 - - [14/Apr/2024:11:44:29 +0800] "POST /xingrg/kc/base/wldb_order_operate.html HTTP/1.1" 200 5431
116.237.76.76 - - [14/Apr/2024:11:44:31 +0800] "GET /xingrg/javascript/easyui/themes/default/tree.css HTTP/1.1" 404 1090
101.83.144.49 - - [14/Apr/2024:11:44:32 +0800] "GET /xingrg/kc/buy/cgsh_order_operate.html?command=get_materiel&rest_code=00105&code=00101008038&supplier_code=00100008&order_time=2024-04-14 HTTP/1.1" 200 412
116.237.76.76 - - [14/Apr/2024:11:44:32 +0800] "POST /xingrg/all/common/load_tree.html?tree=supplier_tree_json&isDelete=1 HTTP/1.1" 200 79288
116.224.254.208 - - [14/Apr/2024:11:44:34 +0800] "GET /xingrg/kc/base/wldb_order_add.html HTTP/1.1" 200 30388
116.224.254.208 - - [14/Apr/2024:11:44:35 +0800] "POST /xingrg/kc/base/wldb_order_operate.html HTTP/1.1" 200 6806
116.224.254.208 - - [14/Apr/2024:11:44:35 +0800] "GET /xingrg/javascript/easyui/themes/default/validatebox.css HTTP/1.1" 404 1104
222.70.183.82 - - [14/Apr/2024:11:44:43 +0800] "POST /xingrg/services/DataTransmitService HTTP/1.1" 200 524
222.70.183.82 - - [14/Apr/2024:11:44:43 +0800] "GET /xingrg/all/function/internal_message.html?_=1713066281268&CODE_STATE=getMsg HTTP/1.1" 200 27
114.95.153.66 - - [14/Apr/2024:11:44:45 +0800] "GET /xingrg/all/function/internal_message.html?_=1713066286607&CODE_STATE=getMsg HTTP/1.1" 200 27
114.95.153.66 - - [14/Apr/2024:11:44:45 +0800] "GET /xingrg/check_reg.html?_=1713066286610 HTTP/1.1" 200 22
116.224.254.208 - - [14/Apr/2024:11:44:45 +0800] "GET /xingrg/kc/base/wldb_order_operate.html?command=get_materiel&rest_code=00150&base_code=0010445&code=00101027001 HTTP/1.1" 200 471
116.230.109.19 - - [14/Apr/2024:11:44:47 +0800] "GET /xingrg/all/function/internal_message.html?_=1713066287477&CODE_STATE=getMsg HTTP/1.1" 200 27
116.237.76.76 - - [14/Apr/2024:11:44:48 +0800] "GET /xingrg/javascript/auto/indicator.gif HTTP/1.1" 404 1066
116.224.254.208 - - [14/Apr/2024:11:44:51 +0800] "GET /xingrg/kc/base/wldb_order_operate.html?command=get_materiel&rest_code=00150&base_code=0010445&code=00101019400 HTTP/1.1" 200 465
101.83.144.49 - - [14/Apr/2024:11:44:51 +0800] "GET /xingrg/kc/buy/cgsh_order_operate.html?command=get_materiel&rest_code=00105&code=00101008283&supplier_code=00100008&order_time=2024-04-14 HTTP/1.1" 200 408
116.224.254.208 - - [14/Apr/2024:11:44:56 +0800] "GET /xingrg/kc/base/wldb_order_operate.html?command=get_materiel&rest_code=00150&base_code=0010445&code=00101019066 HTTP/1.1" 200 455
116.237.76.76 - - [14/Apr/2024:11:44:57 +0800] "GET /xingrg/kc/buy/cgsh_order_operate.html?command=get_materiel&rest_code=00106&code=00101006267&supplier_code=00100337&order_time=2024-04-14 HTTP/1.1" 200 410
116.237.76.76 - - [14/Apr/2024:11:44:58 +0800] "GET /xingrg/all/function/internal_message.html?_=1713066299860&CODE_STATE=getMsg HTTP/1.1" 200 27
221.239.169.251 - - [14/Apr/2024:11:45:02 +0800] "GET /xingrg/all/function/internal_message.html?_=1713066300995&CODE_STATE=getMsg HTTP/1.1" 200 27
221.239.169.251 - - [14/Apr/2024:11:45:02 +0800] "GET /xingrg/check_reg.html?_=1713066300996 HTTP/1.1" 200 22
116.224.254.208 - - [14/Apr/2024:11:45:03 +0800] "POST /xingrg/kc/base/wldb_order_operate.html HTTP/1.1" 200 37
114.83.217.203 - - [14/Apr/2024:11:45:06 +0800] "GET /xingrg/login.html?sysBaseUrl=http%3A%2F%2F180.169.147.146%3A18081%2Fxingrg%2F&costTime=31×tamp=1615347190560 HTTP/1.1" 200 7641
114.83.217.203 - - [14/Apr/2024:11:45:06 +0800] "GET /favicon.ico HTTP/1.1" 404 -
116.238.97.31 - - [14/Apr/2024:11:45:06 +0800] "POST /xingrg/kc/buy/cgsh_list_operate.html HTTP/1.1" 200 4
116.224.254.208 - - [14/Apr/2024:11:45:06 +0800] "POST /xingrg/kc/base/wldb_order_operate.html HTTP/1.1" 200 3207
116.224.254.208 - - [14/Apr/2024:11:45:10 +0800] "POST /xingrg/kc/base/wldb_order_operate.html HTTP/1.1" 200 12
180.164.1.25 - - [14/Apr/2024:11:45:10 +0800] "GET /xingrg/check_reg.html?_=1713066309503 HTTP/1.1" 200 22
116.238.97.31 - - [14/Apr/2024:11:45:11 +0800] "GET /xingrg/all/function/internal_message.html?_=1713066312826&CODE_STATE=getMsg HTTP/1.1" 200 27
116.238.97.31 - - [14/Apr/2024:11:45:11 +0800] "GET /xingrg/check_reg.html?_=1713066312831 HTTP/1.1" 200 22
116.224.254.208 - - [14/Apr/2024:11:45:11 +0800] "GET /xingrg/kc/base/wldb_order_info.html?code=422024041400847 HTTP/1.1" 200 26267
116.224.254.208 - - [14/Apr/2024:11:45:11 +0800] "GET /xingrg/javascript/easyui/themes/default/validatebox.css HTTP/1.1" 404 1104
116.224.254.208 - - [14/Apr/2024:11:45:12 +0800] "POST /xingrg/kc/base/wldb_order_operate.html HTTP/1.1" 200 1479
116.224.254.208 - - [14/Apr/2024:11:45:13 +0800] "GET /xingrg/check_reg.html?_=1713066313397 HTTP/1.1" 200 22
116.224.254.208 - - [14/Apr/2024:11:45:13 +0800] "GET /xingrg/all/function/internal_message.html?_=1713066313442&CODE_STATE=getMsg HTTP/1.1" 200 27
58.39.108.79 - - [14/Apr/2024:11:45:14 +0800] "GET /xingrg/all/function/internal_message.html?_=1713066314866&CODE_STATE=getMsg HTTP/1.1" 200 27
101.83.144.49 - - [14/Apr/2024:11:45:14 +0800] "GET /xingrg/kc/buy/cgsh_order_operate.html?command=get_materiel&rest_code=00105&code=00101008211&supplier_code=00100008&order_time=2024-04-14 HTTP/1.1" 200 412
116.224.254.208 - - [14/Apr/2024:11:45:15 +0800] "GET /xingrg/kc/base/wldb_order_add.html HTTP/1.1" 200 30388
116.224.254.208 - - [14/Apr/2024:11:45:16 +0800] "POST /xingrg/kc/base/wldb_order_operate.html HTTP/1.1" 200 6806
116.224.254.208 - - [14/Apr/2024:11:45:16 +0800] "GET /xingrg/javascript/easyui/themes/default/validatebox.css HTTP/1.1" 404 1104
221.239.169.251 - - [14/Apr/2024:11:45:16 +0800] "POST /xingrg/kc/buy/cgsh_order_operate.html HTTP/1.1" 200 12
116.224.254.208 - - [14/Apr/2024:11:45:22 +0800] "GET /xingrg/kc/base/wldb_order_operate.html?command=get_materiel&rest_code=00150&base_code=0010450&code=00101004104 HTTP/1.1" 200 430
221.239.169.251 - - [14/Apr/2024:11:45:24 +0800] "GET /xingrg/kc/buy/cgsh_order_info.html?code=212024041403549 HTTP/1.1" 200 68015
221.239.169.251 - - [14/Apr/2024:11:45:25 +0800] "GET /xingrg/javascript/easyui/themes/default/validatebox.css HTTP/1.1" 404 1104
116.237.76.76 - - [14/Apr/2024:11:45:25 +0800] "GET /xingrg/kc/buy/cgsh_order_operate.html?command=get_materiel&rest_code=00106&code=00101019108&supplier_code=00100337&order_time=2024-04-14 HTTP/1.1" 200 475
221.239.169.251 - - [14/Apr/2024:11:45:26 +0800] "POST /xingrg/kc/buy/cgsh_order_operate.html HTTP/1.1" 200 10047
116.224.254.208 - - [14/Apr/2024:11:45:27 +0800] "GET /xingrg/kc/base/wldb_order_operate.html?command=get_materiel&rest_code=00150&base_code=0010450&code=00101010081 HTTP/1.1" 200 436
101.83.144.49 - - [14/Apr/2024:11:45:28 +0800] "GET /xingrg/kc/buy/cgsh_order_operate.html?command=get_materiel&rest_code=00105&code=00101008361&supplier_code=00100008&order_time=2024-04-14 HTTP/1.1" 200 408
180.163.29.79 - - [14/Apr/2024:11:45:29 +0800] "GET /xingrg/all/function/internal_message.html?_=1713066264759&CODE_STATE=getMsg HTTP/1.1" 302 -
116.237.76.76 - - [14/Apr/2024:11:45:29 +0800] "GET /xingrg/all/function/internal_message.html?_=1713066324740&CODE_STATE=getMsg HTTP/1.1" 200 27
221.239.169.251 - - [14/Apr/2024:11:45:29 +0800] "GET /xingrg/kc/print/load_config.html?kc_code=cgsh HTTP/1.1" 200 1927
101.83.144.49 - - [14/Apr/2024:11:45:29 +0800] "GET /xingrg/all/function/internal_message.html?_=1713066088080&CODE_STATE=getMsg HTTP/1.1" 200 27
180.163.29.79 - - [14/Apr/2024:11:45:29 +0800] "GET /xingrg/login.html HTTP/1.1" 200 7641
221.239.169.251 - - [14/Apr/2024:11:45:30 +0800] "GET /xingrg/kc/print/load_data.html?order_code=212024041403549&kc_code=cgsh&condition= HTTP/1.1" 200 4251
116.224.254.208 - - [14/Apr/2024:11:45:36 +0800] "POST /xingrg/kc/base/wldb_order_operate.html HTTP/1.1" 200 37
101.83.144.49 - - [14/Apr/2024:11:45:36 +0800] "POST /xingrg/kc/buy/cgsh_order_operate.html HTTP/1.1" 200 2065
221.239.169.251 - - [14/Apr/2024:11:45:36 +0800] "GET /xingrg/kc/buy/cgsh_order_add.html HTTP/1.1" 200 73135
221.239.169.251 - - [14/Apr/2024:11:45:36 +0800] "POST /xingrg/kc/buy/cgsh_order_operate.html HTTP/1.1" 200 8245
221.239.169.251 - - [14/Apr/2024:11:45:36 +0800] "GET /xingrg/javascript/easyui/themes/default/validatebox.css HTTP/1.1" 404 1104
116.238.97.31 - - [14/Apr/2024:11:45:40 +0800] "POST /xingrg/kc/buy/cgsh_list_operate.html HTTP/1.1" 200 4097
116.224.254.208 - - [14/Apr/2024:11:45:42 +0800] "POST /xingrg/kc/base/wldb_order_operate.html HTTP/1.1" 200 12
116.224.254.208 - - [14/Apr/2024:11:45:42 +0800] "POST /xingrg/kc/base/wldb_order_operate.html HTTP/1.1" 200 2656
116.237.76.76 - - [14/Apr/2024:11:45:43 +0800] "POST /xingrg/kc/buy/cgsh_order_operate.html HTTP/1.1" 200 37
222.70.183.82 - - [14/Apr/2024:11:45:43 +0800] "GET /xingrg/all/function/internal_message.html?_=1713066341245&CODE_STATE=getMsg HTTP/1.1" 200 27
116.224.254.208 - - [14/Apr/2024:11:45:43 +0800] "GET /xingrg/kc/base/wldb_order_info.html?code=422024041400848 HTTP/1.1" 200 26265
222.70.183.82 - - [14/Apr/2024:11:45:44 +0800] "GET /xingrg/check_reg.html?_=1713066341573 HTTP/1.1" 200 22
116.224.254.208 - - [14/Apr/2024:11:45:44 +0800] "GET /xingrg/javascript/easyui/themes/default/validatebox.css HTTP/1.1" 404 1104
116.224.254.208 - - [14/Apr/2024:11:45:44 +0800] "POST /xingrg/kc/base/wldb_order_operate.html HTTP/1.1" 200 938
114.95.153.66 - - [14/Apr/2024:11:45:45 +0800] "GET /xingrg/all/function/internal_message.html?_=1713066346613&CODE_STATE=getMsg HTTP/1.1" 200 27
101.83.144.49 - - [14/Apr/2024:11:45:46 +0800] "GET /xingrg/kc/buy/cgsh_order_operate.html?command=get_materiel&rest_code=00105&code=00101008321&supplier_code=00100008&order_time=2024-04-14 HTTP/1.1" 200 412
116.230.109.19 - - [14/Apr/2024:11:45:47 +0800] "GET /xingrg/all/function/internal_message.html?_=1713066347482&CODE_STATE=getMsg HTTP/1.1" 200 27
116.224.254.208 - - [14/Apr/2024:11:45:48 +0800] "GET /xingrg/kc/base/wldb_order_add.html HTTP/1.1" 200 30388
116.224.254.208 - - [14/Apr/2024:11:45:49 +0800] "POST /xingrg/kc/base/wldb_order_operate.html HTTP/1.1" 200 6806
116.224.254.208 - - [14/Apr/2024:11:45:49 +0800] "GET /xingrg/javascript/easyui/themes/default/validatebox.css HTTP/1.1" 404 1104
116.237.76.76 - - [14/Apr/2024:11:45:50 +0800] "POST /xingrg/kc/buy/cgsh_order_operate.html HTTP/1.1" 200 12
116.237.76.76 - - [14/Apr/2024:11:45:52 +0800] "GET /xingrg/kc/buy/cgsh_order_info.html?code=212024041403550 HTTP/1.1" 200 68814
116.237.76.76 - - [14/Apr/2024:11:45:52 +0800] "GET /xingrg/javascript/easyui/themes/default/validatebox.css HTTP/1.1" 404 1104
116.237.76.76 - - [14/Apr/2024:11:45:53 +0800] "POST /xingrg/kc/buy/cgsh_order_operate.html HTTP/1.1" 200 1233
116.237.76.76 - - [14/Apr/2024:11:45:56 +0800] "GET /xingrg/kc/print/load_config.html?kc_code=cgsh HTTP/1.1" 200 1927
116.237.76.76 - - [14/Apr/2024:11:45:57 +0800] "GET /xingrg/kc/print/load_data.html?order_code=212024041403550&kc_code=cgsh&condition= HTTP/1.1" 200 960
116.224.254.208 - - [14/Apr/2024:11:45:57 +0800] "GET /xingrg/kc/base/wldb_order_operate.html?command=get_materiel&rest_code=00150&base_code=0010450&code=00101004101 HTTP/1.1" 200 435
116.237.76.76 - - [14/Apr/2024:11:45:58 +0800] "GET /xingrg/all/function/internal_message.html?_=1713066359857&CODE_STATE=getMsg HTTP/1.1" 200 27
221.239.169.251 - - [14/Apr/2024:11:46:00 +0800] "GET /xingrg/kc/buy/cgsh_order_operate.html?command=get_materiel&rest_code=00145&code=00101008087&supplier_code=00100556&order_time=2024-04-03 HTTP/1.1" 200 412
101.83.144.49 - - [14/Apr/2024:11:46:00 +0800] "GET /xingrg/kc/buy/cgsh_order_operate.html?command=get_materiel&rest_code=00105&code=00101008356&supplier_code=00100008&order_time=2024-04-14 HTTP/1.1" 200 408
221.239.169.251 - - [14/Apr/2024:11:46:02 +0800] "GET /xingrg/all/function/internal_message.html?_=1713066360962&CODE_STATE=getMsg HTTP/1.1" 200 27
116.237.76.76 - - [14/Apr/2024:11:46:04 +0800] "GET /xingrg/kc/buy/cgsh_order_add.html HTTP/1.1" 200 73940
116.237.76.76 - - [14/Apr/2024:11:46:05 +0800] "POST /xingrg/kc/buy/cgsh_order_operate.html HTTP/1.1" 200 8245
116.237.76.76 - - [14/Apr/2024:11:46:05 +0800] "GET /xingrg/javascript/easyui/themes/default/validatebox.css HTTP/1.1" 404 1104
116.237.76.76 - - [14/Apr/2024:11:46:06 +0800] "GET /xingrg/javascript/easyui/themes/default/tree.css HTTP/1.1" 404 1090
116.237.76.76 - - [14/Apr/2024:11:46:07 +0800] "POST /xingrg/all/common/load_tree.html?tree=supplier_tree_json&isDelete=1 HTTP/1.1" 200 79288
116.238.97.31 - - [14/Apr/2024:11:46:10 +0800] "GET /xingrg/all/function/internal_message.html?_=1713066405375&CODE_STATE=getMsg HTTP/1.1" 200 27
116.238.97.31 - - [14/Apr/2024:11:46:11 +0800] "GET /xingrg/all/function/internal_message.html?_=1713066372827&CODE_STATE=getMsg HTTP/1.1" 200 27
116.224.254.208 - - [14/Apr/2024:11:46:13 +0800] "GET /xingrg/all/function/internal_message.html?_=1713066373423&CODE_STATE=getMsg HTTP/1.1" 200 27
58.39.108.79 - - [14/Apr/2024:11:46:14 +0800] "GET /xingrg/all/function/internal_message.html?_=1713066374873&CODE_STATE=getMsg HTTP/1.1" 200 27
221.239.169.251 - - [14/Apr/2024:11:46:16 +0800] "GET /xingrg/kc/buy/cgsh_order_operate.html?command=get_materiel&rest_code=00145&code=00101008355&supplier_code=00100556&order_time=2024-04-03 HTTP/1.1" 200 408
116.224.254.208 - - [14/Apr/2024:11:46:19 +0800] "GET /xingrg/kc/base/wldb_order_operate.html?command=get_materiel&rest_code=00150&base_code=0010450&code=00101001138 HTTP/1.1" 200 435
116.224.254.208 - - [14/Apr/2024:11:46:27 +0800] "GET /xingrg/kc/base/wldb_order_operate.html?command=get_materiel&rest_code=00150&base_code=0010450&code=00101002022 HTTP/1.1" 200 432
101.83.144.49 - - [14/Apr/2024:11:46:27 +0800] "GET /xingrg/kc/buy/cgsh_order_operate.html?command=get_materiel&rest_code=00105&code=00101008296&supplier_code=00100008&order_time=2024-04-14 HTTP/1.1" 200 416
221.239.169.251 - - [14/Apr/2024:11:46:29 +0800] "GET /xingrg/kc/buy/cgsh_order_operate.html?command=get_materiel&rest_code=00145&code=00101008059&supplier_code=00100556&order_time=2024-04-03 HTTP/1.1" 200 408
116.237.76.76 - - [14/Apr/2024:11:46:29 +0800] "GET /xingrg/all/function/internal_message.html?_=1713066384711&CODE_STATE=getMsg HTTP/1.1" 200 27
101.83.144.49 - - [14/Apr/2024:11:46:29 +0800] "GET /xingrg/all/function/internal_message.html?_=1713066148058&CODE_STATE=getMsg HTTP/1.1" 200 27
116.237.76.76 - - [14/Apr/2024:11:46:39 +0800] "GET /xingrg/kc/buy/cgsh_order_operate.html?command=get_materiel&rest_code=00106&code=00101010331&supplier_code=00100574&order_time=2024-04-14 HTTP/1.1" 200 415
222.70.183.82 - - [14/Apr/2024:11:46:43 +0800] "GET /xingrg/all/function/internal_message.html?_=1713066401228&CODE_STATE=getMsg HTTP/1.1" 200 27
114.95.153.66 - - [14/Apr/2024:11:46:45 +0800] "GET /xingrg/all/function/internal_message.html?_=1713066406618&CODE_STATE=getMsg HTTP/1.1" 200 27
116.224.254.208 - - [14/Apr/2024:11:46:45 +0800] "GET /xingrg/kc/base/wldb_order_operate.html?command=get_materiel&rest_code=00150&base_code=0010450&code=00101010616 HTTP/1.1" 200 431
116.230.109.19 - - [14/Apr/2024:11:46:47 +0800] "GET /xingrg/all/function/internal_message.html?_=1713066407499&CODE_STATE=getMsg HTTP/1.1" 200 27
116.238.97.31 - - [14/Apr/2024:11:46:50 +0800] "POST /xingrg/kc/buy/cgsh_list_operate.html HTTP/1.1" 200 4
116.224.254.208 - - [14/Apr/2024:11:46:52 +0800] "GET /xingrg/kc/base/wldb_order_operate.html?command=get_materiel&rest_code=00150&base_code=0010450&code=00101004038 HTTP/1.1" 200 431
101.83.144.49 - - [14/Apr/2024:11:46:55 +0800] "GET /xingrg/kc/buy/cgsh_order_operate.html?command=get_materiel&rest_code=00105&code=00101008270&supplier_code=00100008&order_time=2024-04-14 HTTP/1.1" 200 412
221.239.169.251 - - [14/Apr/2024:11:46:55 +0800] "GET /xingrg/kc/buy/cgsh_order_operate.html?command=get_materiel&rest_code=00145&code=00101008357&supplier_code=00100556&order_time=2024-04-03 HTTP/1.1" 200 408
116.237.76.76 - - [14/Apr/2024:11:46:58 +0800] "GET /xingrg/all/function/internal_message.html?_=1713066419864&CODE_STATE=getMsg HTTP/1.1" 200 27
116.237.76.76 - - [14/Apr/2024:11:47:00 +0800] "GET /xingrg/kc/buy/cgsh_order_operate.html?command=get_materiel&rest_code=00106&code=00101010607&supplier_code=00100574&order_time=2024-04-14 HTTP/1.1" 200 421
116.238.97.31 - - [14/Apr/2024:11:47:01 +0800] "POST /xingrg/kc/buy/cgsh_list_operate.html HTTP/1.1" 200 1956
221.239.169.251 - - [14/Apr/2024:11:47:02 +0800] "GET /xingrg/all/function/internal_message.html?_=1713066420953&CODE_STATE=getMsg HTTP/1.1" 200 27
116.224.254.208 - - [14/Apr/2024:11:47:03 +0800] "POST /xingrg/kc/base/wldb_order_operate.html HTTP/1.1" 200 37
116.224.254.208 - - [14/Apr/2024:11:47:10 +0800] "POST /xingrg/kc/base/wldb_order_operate.html HTTP/1.1" 200 12
116.224.254.208 - - [14/Apr/2024:11:47:10 +0800] "POST /xingrg/kc/base/wldb_order_operate.html HTTP/1.1" 200 4544
116.238.97.31 - - [14/Apr/2024:11:47:10 +0800] "GET /xingrg/all/function/internal_message.html?_=1713066465367&CODE_STATE=getMsg HTTP/1.1" 200 27
116.238.97.31 - - [14/Apr/2024:11:47:11 +0800] "GET /xingrg/all/function/internal_message.html?_=1713066432822&CODE_STATE=getMsg HTTP/1.1" 200 27
101.83.144.49 - - [14/Apr/2024:11:47:11 +0800] "GET /xingrg/kc/buy/cgsh_order_operate.html?command=get_materiel&rest_code=00105&code=00101008067&supplier_code=00100008&order_time=2024-04-14 HTTP/1.1" 200 418
116.224.254.208 - - [14/Apr/2024:11:47:12 +0800] "GET /xingrg/kc/base/wldb_order_info.html?code=422024041400849 HTTP/1.1" 200 26266
116.224.254.208 - - [14/Apr/2024:11:47:12 +0800] "GET /xingrg/javascript/easyui/themes/default/validatebox.css HTTP/1.1" 404 1104
116.224.254.208 - - [14/Apr/2024:11:47:12 +0800] "POST /xingrg/kc/base/wldb_order_operate.html HTTP/1.1" 200 2780
116.224.254.208 - - [14/Apr/2024:11:47:13 +0800] "GET /xingrg/all/function/internal_message.html?_=1713066433406&CODE_STATE=getMsg HTTP/1.1" 200 27
116.224.254.208 - - [14/Apr/2024:11:47:13 +0800] "GET /xingrg/kc/base/yddb_order_list.html HTTP/1.1" 200 16662
116.224.254.208 - - [14/Apr/2024:11:47:14 +0800] "POST /xingrg/kc/base/yddb_list_operate.html HTTP/1.1" 200 636
58.39.108.79 - - [14/Apr/2024:11:47:14 +0800] "GET /xingrg/all/function/internal_message.html?_=1713066434868&CODE_STATE=getMsg HTTP/1.1" 200 27
116.224.254.208 - - [14/Apr/2024:11:47:16 +0800] "POST /xingrg/kc/base/yddb_list_operate.html HTTP/1.1" 200 1600
116.237.76.76 - - [14/Apr/2024:11:47:16 +0800] "POST /xingrg/kc/buy/cgsh_order_operate.html HTTP/1.1" 200 37
116.224.254.208 - - [14/Apr/2024:11:47:16 +0800] "POST /xingrg/kc/base/yddb_list_operate.html HTTP/1.1" 200 214
221.239.169.251 - - [14/Apr/2024:11:47:18 +0800] "GET /xingrg/kc/buy/cgsh_order_operate.html?command=get_materiel&rest_code=00145&code=00101008286&supplier_code=00100556&order_time=2024-04-03 HTTP/1.1" 200 408
116.224.254.208 - - [14/Apr/2024:11:47:20 +0800] "GET /xingrg/kc/base/yddb_order_info.html?code=482024041400083 HTTP/1.1" 200 30782
116.224.254.208 - - [14/Apr/2024:11:47:20 +0800] "GET /xingrg/dwr/interface/AjaxComOrderService.js HTTP/1.1" 200 18264
116.224.254.208 - - [14/Apr/2024:11:47:20 +0800] "GET /xingrg/dwr/interface/AjaxYddbService.js HTTP/1.1" 200 13201
116.224.254.208 - - [14/Apr/2024:11:47:20 +0800] "GET /xingrg/dwr/util.js HTTP/1.1" 304 -
116.224.254.208 - - [14/Apr/2024:11:47:20 +0800] "GET /xingrg/dwr/engine.js HTTP/1.1" 200 43631
116.224.254.208 - - [14/Apr/2024:11:47:20 +0800] "POST /xingrg/dwr/call/plaincall/AjaxYddbService.loadMaterielItems.dwr HTTP/1.1" 200 438
101.83.144.49 - - [14/Apr/2024:11:47:21 +0800] "POST /xingrg/kc/buy/cgsh_order_operate.html HTTP/1.1" 200 2065
116.224.254.208 - - [14/Apr/2024:11:47:24 +0800] "POST /xingrg/dwr/call/plaincall/AjaxYddbService.saveOrder.dwr HTTP/1.1" 200 78
116.237.76.76 - - [14/Apr/2024:11:47:24 +0800] "POST /xingrg/kc/buy/cgsh_order_operate.html HTTP/1.1" 200 12
116.237.76.76 - - [14/Apr/2024:11:47:26 +0800] "GET /xingrg/kc/buy/cgsh_order_info.html?code=212024041403551 HTTP/1.1" 200 68818
116.237.76.76 - - [14/Apr/2024:11:47:26 +0800] "GET /xingrg/javascript/easyui/themes/default/validatebox.css HTTP/1.1" 404 1104
116.237.76.76 - - [14/Apr/2024:11:47:28 +0800] "POST /xingrg/kc/buy/cgsh_order_operate.html HTTP/1.1" 200 615
116.237.76.76 - - [14/Apr/2024:11:47:28 +0800] "GET /xingrg/check_reg.html?_=1713066443948 HTTP/1.1" 200 22
116.237.76.76 - - [14/Apr/2024:11:47:29 +0800] "GET /xingrg/all/function/internal_message.html?_=1713066444685&CODE_STATE=getMsg HTTP/1.1" 200 27
116.224.254.208 - - [14/Apr/2024:11:47:29 +0800] "POST /xingrg/dwr/call/plaincall/AjaxYddbService.objCheckOrder.dwr HTTP/1.1" 200 78
221.239.169.251 - - [14/Apr/2024:11:47:30 +0800] "GET /xingrg/kc/buy/cgsh_order_operate.html?command=get_materiel&rest_code=00145&code=00101008353&supplier_code=00100556&order_time=2024-04-03 HTTP/1.1" 200 408
116.237.76.76 - - [14/Apr/2024:11:47:31 +0800] "GET /xingrg/kc/print/load_data.html?order_code=212024041403551&kc_code=cgsh&condition= HTTP/1.1" 200 717
116.224.254.208 - - [14/Apr/2024:11:47:31 +0800] "GET /xingrg/kc/base/yddb_order_info.html?code=482024041400083 HTTP/1.1" 200 30903
116.224.254.208 - - [14/Apr/2024:11:47:32 +0800] "GET /xingrg/dwr/interface/AjaxComOrderService.js HTTP/1.1" 200 18264
116.224.254.208 - - [14/Apr/2024:11:47:32 +0800] "GET /xingrg/dwr/interface/AjaxYddbService.js HTTP/1.1" 200 13201
116.224.254.208 - - [14/Apr/2024:11:47:32 +0800] "GET /xingrg/dwr/engine.js HTTP/1.1" 200 43631
116.224.254.208 - - [14/Apr/2024:11:47:34 +0800] "POST /xingrg/dwr/call/plaincall/AjaxYddbService.loadMaterielItems.dwr HTTP/1.1" 200 438
116.224.254.208 - - [14/Apr/2024:11:47:36 +0800] "GET /xingrg/kc/base/yddb_order_report.html?fileType=servlets/html&code=482024041400083&reportName=ck_order_report&subName=yddb HTTP/1.1" 302 -
116.224.254.208 - - [14/Apr/2024:11:47:36 +0800] "GET /xingrg/servlets/html?sysBaseUrl=http%3A%2F%2F180.169.147.146%3A18081%2Fxingrg%2F&costTime=498×tamp=1713066456511 HTTP/1.1" 200 14776
116.224.254.208 - - [14/Apr/2024:11:47:36 +0800] "GET /xingrg/servlets/image?image=px HTTP/1.1" 200 807
116.224.254.208 - - [14/Apr/2024:11:47:36 +0800] "GET /favicon.ico HTTP/1.1" 404 -
101.83.144.49 - - [14/Apr/2024:11:47:36 +0800] "POST /xingrg/kc/buy/cgsh_order_operate.html HTTP/1.1" 200 37
116.237.76.76 - - [14/Apr/2024:11:47:37 +0800] "GET /xingrg/kc/buy/cgsh_order_add.html HTTP/1.1" 200 73940
116.237.76.76 - - [14/Apr/2024:11:47:38 +0800] "POST /xingrg/kc/buy/cgsh_order_operate.html HTTP/1.1" 200 8245
116.237.76.76 - - [14/Apr/2024:11:47:38 +0800] "GET /xingrg/javascript/easyui/themes/default/validatebox.css HTTP/1.1" 404 1104
101.83.144.49 - - [14/Apr/2024:11:47:39 +0800] "POST /xingrg/kc/buy/cgsh_order_operate.html HTTP/1.1" 200 29266
116.237.76.76 - - [14/Apr/2024:11:47:39 +0800] "GET /xingrg/javascript/easyui/themes/default/tree.css HTTP/1.1" 404 1090
116.237.76.76 - - [14/Apr/2024:11:47:40 +0800] "POST /xingrg/all/common/load_tree.html?tree=supplier_tree_json&isDelete=1 HTTP/1.1" 200 79288
222.70.183.82 - - [14/Apr/2024:11:47:43 +0800] "GET /xingrg/all/function/internal_message.html?_=1713066461198&CODE_STATE=getMsg HTTP/1.1" 200 27
221.239.169.251 - - [14/Apr/2024:11:47:45 +0800] "GET /xingrg/kc/buy/cgsh_order_operate.html?command=get_materiel&rest_code=00145&code=00101008361&supplier_code=00100556&order_time=2024-04-03 HTTP/1.1" 200 408
114.95.153.66 - - [14/Apr/2024:11:47:45 +0800] "GET /xingrg/all/function/internal_message.html?_=1713066466608&CODE_STATE=getMsg HTTP/1.1" 200 27
116.230.109.19 - - [14/Apr/2024:11:47:47 +0800] "GET /xingrg/all/function/internal_message.html?_=1713066467500&CODE_STATE=getMsg HTTP/1.1" 200 27
222.69.135.125 - - [14/Apr/2024:11:47:51 +0800] "GET /xingrg/check_reg.html?_=1713066472748 HTTP/1.1" 200 22
114.83.217.203 - - [14/Apr/2024:11:47:53 +0800] "POST /xingrg/login.do HTTP/1.1" 302 -
114.83.217.203 - - [14/Apr/2024:11:47:53 +0800] "GET /xingrg/index.html?sysBaseUrl=http%3A%2F%2F180.169.147.146%3A18081%2Fxingrg%2F&costTime=967×tamp=1713066473665 HTTP/1.1" 200 17179
114.83.217.203 - - [14/Apr/2024:11:47:54 +0800] "GET /favicon.ico HTTP/1.1" 404 -
114.83.217.203 - - [14/Apr/2024:11:47:54 +0800] "GET /xingrg/check_reg.html?_=1713066474173 HTTP/1.1" 200 22
114.83.217.203 - - [14/Apr/2024:11:47:54 +0800] "GET /xingrg/all/function/internal_message.html?_=1713066474172&CODE_STATE=count HTTP/1.1" 200 11
114.83.217.203 - - [14/Apr/2024:11:47:54 +0800] "POST /xingrg/all/common/load_tree.html?tree=area_rest_tree_json&manage=1 HTTP/1.1" 200 351
114.83.217.203 - - [14/Apr/2024:11:47:54 +0800] "POST /xingrg/load_menu.html HTTP/1.1" 200 5138
116.237.76.76 - - [14/Apr/2024:11:47:58 +0800] "GET /xingrg/all/function/internal_message.html?_=1713066479869&CODE_STATE=getMsg HTTP/1.1" 200 27
116.237.76.76 - - [14/Apr/2024:11:48:00 +0800] "GET /xingrg/kc/buy/cgsh_order_operate.html?command=get_materiel&rest_code=00106&code=00101009034&supplier_code=00100335&order_time=2024-04-14 HTTP/1.1" 200 428
221.239.169.251 - - [14/Apr/2024:11:48:02 +0800] "GET /xingrg/all/function/internal_message.html?_=1713066480959&CODE_STATE=getMsg HTTP/1.1" 200 27
221.239.169.251 - - [14/Apr/2024:11:48:06 +0800] "GET /xingrg/kc/buy/cgsh_order_operate.html?command=get_materiel&rest_code=00145&code=00101008024&supplier_code=00100556&order_time=2024-04-03 HTTP/1.1" 200 408
