222.70.183.82 - - [14/Apr/2024:11:32:44 +0800] "GET /xingrg/all/function/internal_message.html?_=1713065561490&CODE_STATE=getMsg HTTP/1.1" 200 27
114.95.153.66 - - [14/Apr/2024:11:32:45 +0800] "GET /xingrg/all/function/internal_message.html?_=1713065566609&CODE_STATE=getMsg HTTP/1.1" 200 27
116.238.97.31 - - [14/Apr/2024:11:32:45 +0800] "GET /xingrg/kc/buy/cgsh_order_operate.html?command=get_materiel&rest_code=00102&code=00101001174&supplier_code=00100314&order_time=2024-04-13 HTTP/1.1" 200 416
106.55.201.50 - - [14/Apr/2024:11:32:46 +0800] "GET /xingrg/all/function/internal_message.html?_=1713056270380&CODE_STATE=getMsg HTTP/1.1" 302 -
106.55.202.186 - - [14/Apr/2024:11:32:46 +0800] "GET /xingrg/login.html HTTP/1.1" 200 2139
116.230.109.19 - - [14/Apr/2024:11:32:47 +0800] "GET /xingrg/all/function/internal_message.html?_=1713065567453&CODE_STATE=getMsg HTTP/1.1" 200 27
222.70.183.82 - - [14/Apr/2024:11:32:49 +0800] "POST /xingrg/kc/buy/cgsh_order_operate.html HTTP/1.1" 200 37
222.69.135.125 - - [14/Apr/2024:11:32:52 +0800] "GET /xingrg/check_reg.html?_=1713065572739 HTTP/1.1" 200 22
116.238.97.31 - - [14/Apr/2024:11:32:57 +0800] "POST /xingrg/kc/buy/cgsh_order_operate.html HTTP/1.1" 200 37
222.70.183.82 - - [14/Apr/2024:11:32:58 +0800] "POST /xingrg/kc/buy/cgsh_order_operate.html HTTP/1.1" 200 12
116.238.97.31 - - [14/Apr/2024:11:33:00 +0800] "POST /xingrg/kc/buy/cgsh_order_operate.html HTTP/1.1" 200 2664
101.83.144.49 - - [14/Apr/2024:11:33:01 +0800] "GET /xingrg/kc/buy/cgsh_order_operate.html?command=get_materiel&rest_code=00105&code=00101008275&supplier_code=00100008&order_time=2024-04-14 HTTP/1.1" 200 416
101.83.144.49 - - [14/Apr/2024:11:33:09 +0800] "POST /xingrg/kc/buy/cgsh_order_operate.html HTTP/1.1" 200 2065
116.237.76.76 - - [14/Apr/2024:11:33:09 +0800] "GET /xingrg/all/function/internal_message.html?_=1713065590646&CODE_STATE=getMsg HTTP/1.1" 200 27
116.238.97.31 - - [14/Apr/2024:11:33:10 +0800] "GET /xingrg/all/function/internal_message.html?_=1713065625400&CODE_STATE=getMsg HTTP/1.1" 200 27
116.238.97.31 - - [14/Apr/2024:11:33:11 +0800] "GET /xingrg/all/function/internal_message.html?_=1713065592814&CODE_STATE=getMsg HTTP/1.1" 200 27
116.224.254.208 - - [14/Apr/2024:11:33:20 +0800] "POST /xingrg/kc/buy/cgsh_order_operate.html HTTP/1.1" 200 37
221.239.169.251 - - [14/Apr/2024:11:33:24 +0800] "GET /xingrg/all/function/internal_message.html?_=1713065602686&CODE_STATE=getMsg HTTP/1.1" 200 27
180.163.30.76 - - [14/Apr/2024:11:33:25 +0800] "GET /xingrg/kc/print/load_data.html?order_code=212024041403451&kc_code=cgsh&condition= HTTP/1.1" 302 -
180.163.30.76 - - [14/Apr/2024:11:33:25 +0800] "GET /xingrg/login.html HTTP/1.1" 200 7641
116.224.254.208 - - [14/Apr/2024:11:33:27 +0800] "POST /xingrg/kc/buy/cgsh_order_operate.html HTTP/1.1" 200 12
180.163.30.100 - - [14/Apr/2024:11:33:28 +0800] "GET /xingrg/check_reg.html?_=1713065544000 HTTP/1.1" 302 -
116.224.254.208 - - [14/Apr/2024:11:33:29 +0800] "GET /xingrg/kc/buy/cgsh_order_info.html?code=212024041403532 HTTP/1.1" 200 68420
116.237.76.76 - - [14/Apr/2024:11:33:29 +0800] "GET /xingrg/all/function/internal_message.html?_=1713065605028&CODE_STATE=getMsg HTTP/1.1" 200 27
116.224.254.208 - - [14/Apr/2024:11:33:29 +0800] "GET /xingrg/javascript/easyui/themes/default/validatebox.css HTTP/1.1" 404 1104
101.83.144.49 - - [14/Apr/2024:11:33:29 +0800] "GET /xingrg/all/function/internal_message.html?_=1713065368326&CODE_STATE=getMsg HTTP/1.1" 200 27
116.224.254.208 - - [14/Apr/2024:11:33:30 +0800] "POST /xingrg/kc/buy/cgsh_order_operate.html HTTP/1.1" 200 2399
116.224.254.208 - - [14/Apr/2024:11:33:32 +0800] "GET /xingrg/kc/print/load_data.html?order_code=212024041403532&kc_code=cgsh&condition= HTTP/1.1" 200 1396
116.224.254.208 - - [14/Apr/2024:11:33:35 +0800] "GET /xingrg/all/function/internal_message.html?_=1713065615642&CODE_STATE=getMsg HTTP/1.1" 200 27
180.163.30.100 - - [14/Apr/2024:11:33:37 +0800] "GET /xingrg/login.html HTTP/1.1" 200 7641
116.224.254.208 - - [14/Apr/2024:11:33:37 +0800] "GET /xingrg/kc/buy/cgsh_order_add.html HTTP/1.1" 200 73538
116.224.254.208 - - [14/Apr/2024:11:33:37 +0800] "POST /xingrg/kc/buy/cgsh_order_operate.html HTTP/1.1" 200 8245
116.224.254.208 - - [14/Apr/2024:11:33:37 +0800] "GET /xingrg/javascript/easyui/themes/default/validatebox.css HTTP/1.1" 404 1104
222.70.183.82 - - [14/Apr/2024:11:33:38 +0800] "GET /xingrg/kc/buy/cgsh_order_info.html?code=212024041403530 HTTP/1.1" 200 68772
101.83.144.49 - - [14/Apr/2024:11:33:39 +0800] "GET /xingrg/kc/buy/cgsh_order_operate.html?command=get_materiel&rest_code=00105&code=00101008323&supplier_code=00100008&order_time=2024-04-14 HTTP/1.1" 200 408
222.70.183.82 - - [14/Apr/2024:11:33:39 +0800] "GET /xingrg/javascript/easyui/themes/default/validatebox.css HTTP/1.1" 404 1104
222.70.183.82 - - [14/Apr/2024:11:33:40 +0800] "POST /xingrg/kc/buy/cgsh_order_operate.html HTTP/1.1" 200 1795
116.238.97.31 - - [14/Apr/2024:11:33:42 +0800] "GET /xingrg/kc/print/load_data.html?order_code=212024041403531&kc_code=cgsh&condition= HTTP/1.1" 200 677
222.70.183.82 - - [14/Apr/2024:11:33:43 +0800] "GET /xingrg/kc/print/load_data.html?order_code=212024041403530&kc_code=cgsh&condition= HTTP/1.1" 200 1191
222.70.183.82 - - [14/Apr/2024:11:33:44 +0800] "GET /xingrg/all/function/internal_message.html?_=1713065621497&CODE_STATE=getMsg HTTP/1.1" 200 27
114.95.153.66 - - [14/Apr/2024:11:33:45 +0800] "GET /xingrg/all/function/internal_message.html?_=1713065626617&CODE_STATE=getMsg HTTP/1.1" 200 27
116.230.109.19 - - [14/Apr/2024:11:33:47 +0800] "GET /xingrg/check_reg.html?_=1713065627456 HTTP/1.1" 200 22
116.230.109.19 - - [14/Apr/2024:11:33:47 +0800] "GET /xingrg/all/function/internal_message.html?_=1713065627459&CODE_STATE=getMsg HTTP/1.1" 200 27
222.70.183.82 - - [14/Apr/2024:11:33:47 +0800] "GET /xingrg/kc/buy/cgsh_order_add.html HTTP/1.1" 200 73902
222.70.183.82 - - [14/Apr/2024:11:33:48 +0800] "POST /xingrg/kc/buy/cgsh_order_operate.html HTTP/1.1" 200 8245
222.70.183.82 - - [14/Apr/2024:11:33:48 +0800] "GET /xingrg/javascript/easyui/themes/default/validatebox.css HTTP/1.1" 404 1104
116.224.254.208 - - [14/Apr/2024:11:33:48 +0800] "GET /xingrg/kc/buy/cgsh_order_operate.html?command=get_materiel&rest_code=00151&code=00101031036&supplier_code=00100393&order_time=2024-04-14 HTTP/1.1" 200 413
116.238.97.31 - - [14/Apr/2024:11:33:49 +0800] "GET /xingrg/kc/buy/cgsh_order_add.html HTTP/1.1" 200 73987
116.238.97.31 - - [14/Apr/2024:11:33:50 +0800] "POST /xingrg/kc/buy/cgsh_order_operate.html HTTP/1.1" 200 8245
116.238.97.31 - - [14/Apr/2024:11:33:50 +0800] "GET /xingrg/javascript/easyui/themes/default/validatebox.css HTTP/1.1" 404 1104
101.83.144.49 - - [14/Apr/2024:11:33:57 +0800] "GET /xingrg/kc/buy/cgsh_order_operate.html?command=get_materiel&rest_code=00105&code=00101008080&supplier_code=00100008&order_time=2024-04-14 HTTP/1.1" 200 416
116.224.254.208 - - [14/Apr/2024:11:34:00 +0800] "GET /xingrg/kc/buy/cgsh_order_operate.html?command=get_materiel&rest_code=00151&code=00101031037&supplier_code=00100393&order_time=2024-04-14 HTTP/1.1" 200 417
116.238.97.31 - - [14/Apr/2024:11:34:00 +0800] "GET /xingrg/kc/buy/cgsh_order_operate.html?command=get_materiel&rest_code=00102&code=00101001169&supplier_code=00100319&order_time=2024-04-13 HTTP/1.1" 200 417
222.70.183.82 - - [14/Apr/2024:11:34:04 +0800] "GET /xingrg/kc/buy/cgsh_order_operate.html?command=get_materiel&rest_code=00111&code=00101002048&supplier_code=00100042&order_time=2024-04-14 HTTP/1.1" 200 413
58.39.108.79 - - [14/Apr/2024:11:34:08 +0800] "GET /xingrg/login.html HTTP/1.1" 200 7641
58.39.108.79 - - [14/Apr/2024:11:34:08 +0800] "GET /xingrg/images/blue/jxLogo.png HTTP/1.1" 200 6156
58.39.108.79 - - [14/Apr/2024:11:34:08 +0800] "GET /xingrg/images/blue/login_bg.png HTTP/1.1" 200 22101
58.39.108.79 - - [14/Apr/2024:11:34:08 +0800] "GET /xingrg/images/blue/hj.png HTTP/1.1" 200 1014
58.39.108.79 - - [14/Apr/2024:11:34:08 +0800] "GET /xingrg/images/blue/srbg.png HTTP/1.1" 200 138
58.39.108.79 - - [14/Apr/2024:11:34:08 +0800] "GET /favicon.ico HTTP/1.1" 404 -
116.237.76.76 - - [14/Apr/2024:11:34:09 +0800] "GET /xingrg/all/function/internal_message.html?_=1713065650629&CODE_STATE=getMsg HTTP/1.1" 200 27
116.238.97.31 - - [14/Apr/2024:11:34:10 +0800] "POST /xingrg/kc/buy/cgsh_order_operate.html HTTP/1.1" 200 37
116.224.254.208 - - [14/Apr/2024:11:34:11 +0800] "GET /xingrg/kc/buy/cgsh_order_operate.html?command=get_materiel&rest_code=00151&code=00101010809&supplier_code=00100393&order_time=2024-04-14 HTTP/1.1" 200 425
116.238.97.31 - - [14/Apr/2024:11:34:11 +0800] "GET /xingrg/all/function/internal_message.html?_=1713065652830&CODE_STATE=getMsg HTTP/1.1" 200 27
116.238.97.31 - - [14/Apr/2024:11:34:13 +0800] "POST /xingrg/kc/buy/cgsh_order_operate.html HTTP/1.1" 200 2663
58.39.108.79 - - [14/Apr/2024:11:34:13 +0800] "POST /xingrg/login.do HTTP/1.1" 302 -
58.39.108.79 - - [14/Apr/2024:11:34:13 +0800] "GET /xingrg/index.html?sysBaseUrl=http%3A%2F%2F180.169.147.146%3A18081%2Fxingrg%2F&costTime=1495×tamp=1713065653625 HTTP/1.1" 200 17177
58.39.108.79 - - [14/Apr/2024:11:34:13 +0800] "GET /xingrg/javascript/jquery_easy_ui/themes/icon.css HTTP/1.1" 200 3949
58.39.108.79 - - [14/Apr/2024:11:34:13 +0800] "GET /xingrg/javascript/jquery_easy_ui/themes/default/easyui.css HTTP/1.1" 200 26500
58.39.108.79 - - [14/Apr/2024:11:34:13 +0800] "GET /xingrg/javascript/jquery_easy_ui/jquery.easyui.min.js HTTP/1.1" 200 213662
58.39.108.79 - - [14/Apr/2024:11:34:13 +0800] "GET /xingrg/javascript/jquery.form.js HTTP/1.1" 200 23110
58.39.108.79 - - [14/Apr/2024:11:34:13 +0800] "GET /xingrg/javascript/jquery-1.4.2.min.js HTTP/1.1" 200 72205
58.39.108.79 - - [14/Apr/2024:11:34:13 +0800] "GET /xingrg/css/form.css HTTP/1.1" 200 893
58.39.108.79 - - [14/Apr/2024:11:34:13 +0800] "GET /xingrg/javascript/jquery_easy_ui/easyui-lang-zh_CN.js HTTP/1.1" 200 1900
58.39.108.79 - - [14/Apr/2024:11:34:13 +0800] "GET /xingrg/javascript/jquery.utils.js HTTP/1.1" 200 11805
58.39.108.79 - - [14/Apr/2024:11:34:13 +0800] "GET /xingrg/javascript/jquery.timers.js HTTP/1.1" 200 3532
58.39.108.79 - - [14/Apr/2024:11:34:13 +0800] "GET /favicon.ico HTTP/1.1" 404 -
58.39.108.79 - - [14/Apr/2024:11:34:14 +0800] "GET /xingrg/javascript/jquery_easy_ui/themes/icons/settle_new.png HTTP/1.1" 200 826
58.39.108.79 - - [14/Apr/2024:11:34:14 +0800] "GET /xingrg/images/blue/navBackgound.jpg HTTP/1.1" 200 12378
58.39.108.79 - - [14/Apr/2024:11:34:14 +0800] "GET /xingrg/check_reg.html?_=1713065654855 HTTP/1.1" 200 22
58.39.108.79 - - [14/Apr/2024:11:34:14 +0800] "GET /xingrg/images/blue/pingpu.png HTTP/1.1" 200 231
58.39.108.79 - - [14/Apr/2024:11:34:14 +0800] "GET /xingrg/javascript/jquery_easy_ui/themes/default/images/tabs_leftarrow.png HTTP/1.1" 200 389
58.39.108.79 - - [14/Apr/2024:11:34:14 +0800] "GET /xingrg/javascript/jquery_easy_ui/themes/default/images/tabs_rightarrow.png HTTP/1.1" 200 395
58.39.108.79 - - [14/Apr/2024:11:34:14 +0800] "GET /xingrg/javascript/jquery_easy_ui/themes/default/images/panel_tool_collapse.gif HTTP/1.1" 200 246
58.39.108.79 - - [14/Apr/2024:11:34:14 +0800] "POST /xingrg/all/common/load_tree.html?tree=area_rest_tree_json&manage=1 HTTP/1.1" 200 348
58.39.108.79 - - [14/Apr/2024:11:34:14 +0800] "GET /xingrg/all/function/internal_message.html?_=1713065654853&CODE_STATE=count HTTP/1.1" 200 11
58.39.108.79 - - [14/Apr/2024:11:34:14 +0800] "POST /xingrg/load_menu.html HTTP/1.1" 200 5138
58.39.108.79 - - [14/Apr/2024:11:34:14 +0800] "GET /xingrg/javascript/jquery_easy_ui/themes/default/images/tree_arrows.gif HTTP/1.1" 200 1043
58.39.108.79 - - [14/Apr/2024:11:34:14 +0800] "GET /xingrg/javascript/jquery_easy_ui/themes/default/images/tree_folder_open.gif HTTP/1.1" 200 956
58.39.108.79 - - [14/Apr/2024:11:34:14 +0800] "GET /xingrg/javascript/jquery_easy_ui/themes/icons/search_new.png HTTP/1.1" 200 586
58.39.108.79 - - [14/Apr/2024:11:34:14 +0800] "GET /xingrg/javascript/jquery_easy_ui/themes/icons/storage_new.png HTTP/1.1" 200 853
58.39.108.79 - - [14/Apr/2024:11:34:14 +0800] "GET /xingrg/javascript/jquery_easy_ui/themes/default/images/tree_folder.gif HTTP/1.1" 200 952
58.39.108.79 - - [14/Apr/2024:11:34:14 +0800] "GET /xingrg/javascript/jquery_easy_ui/themes/icons/forms_new.png HTTP/1.1" 200 350
58.39.108.79 - - [14/Apr/2024:11:34:14 +0800] "GET /xingrg/javascript/jquery_easy_ui/themes/default/images/tree_file.gif HTTP/1.1" 200 118
222.70.183.82 - - [14/Apr/2024:11:34:16 +0800] "POST /xingrg/kc/buy/cgsh_order_operate.html HTTP/1.1" 200 37
116.238.97.31 - - [14/Apr/2024:11:34:16 +0800] "GET /xingrg/kc/print/load_data.html?order_code=212024041403533&kc_code=cgsh&condition= HTTP/1.1" 200 676
116.238.97.31 - - [14/Apr/2024:11:34:20 +0800] "GET /xingrg/kc/buy/cgsh_order_add.html HTTP/1.1" 200 73987
58.39.108.79 - - [14/Apr/2024:11:34:21 +0800] "GET /xingrg/kc/base/base_main.html HTTP/1.1" 200 12142
58.39.108.79 - - [14/Apr/2024:11:34:21 +0800] "GET /xingrg/javascript/jquery_easy_ui/themes/default/images/tabs_close.gif HTTP/1.1" 200 829
58.39.108.79 - - [14/Apr/2024:11:34:21 +0800] "GET /xingrg/css/blue.css HTTP/1.1" 200 15949
58.39.108.79 - - [14/Apr/2024:11:34:21 +0800] "GET /xingrg/javascript/pic_change.js HTTP/1.1" 200 4739
58.39.108.79 - - [14/Apr/2024:11:34:21 +0800] "GET /xingrg/javascript/myfunction.js HTTP/1.1" 200 24559
58.39.108.79 - - [14/Apr/2024:11:34:21 +0800] "GET /xingrg/images/blue/button/wlsy.gif HTTP/1.1" 200 2536
58.39.108.79 - - [14/Apr/2024:11:34:21 +0800] "GET /xingrg/images/blue/button/ckpd.gif HTTP/1.1" 200 2051
58.39.108.79 - - [14/Apr/2024:11:34:21 +0800] "GET /xingrg/images/blue/button/kc.gif HTTP/1.1" 200 2160
58.39.108.79 - - [14/Apr/2024:11:34:21 +0800] "GET /xingrg/images/blue/pic_form2.gif HTTP/1.1" 200 1853
58.39.108.79 - - [14/Apr/2024:11:34:21 +0800] "GET /xingrg/images/blue/button/yddb.gif HTTP/1.1" 200 2040
58.39.108.79 - - [14/Apr/2024:11:34:21 +0800] "GET /xingrg/images/blue/button/ckdb.gif HTTP/1.1" 200 1950
116.238.97.31 - - [14/Apr/2024:11:34:21 +0800] "POST /xingrg/kc/buy/cgsh_order_operate.html HTTP/1.1" 200 8245
58.39.108.79 - - [14/Apr/2024:11:34:21 +0800] "GET /xingrg/images/blue/bg_dotted.jpg HTTP/1.1" 200 319
58.39.108.79 - - [14/Apr/2024:11:34:21 +0800] "GET /xingrg/images/blue/button/top_left.jpg HTTP/1.1" 200 1632
58.39.108.79 - - [14/Apr/2024:11:34:21 +0800] "GET /xingrg/images/blue/button/top_right.jpg HTTP/1.1" 200 1708
58.39.108.79 - - [14/Apr/2024:11:34:21 +0800] "GET /xingrg/images/blue/button/down.jpg HTTP/1.1" 200 1560
58.39.108.79 - - [14/Apr/2024:11:34:21 +0800] "GET /xingrg/images/blue/button/left_ah.jpg HTTP/1.1" 200 1643
58.39.108.79 - - [14/Apr/2024:11:34:21 +0800] "GET /xingrg/images/blue/button/right_ah.jpg HTTP/1.1" 200 1744
58.39.108.79 - - [14/Apr/2024:11:34:21 +0800] "GET /xingrg/images/blue/button/bottom_left.jpg HTTP/1.1" 200 1524
58.39.108.79 - - [14/Apr/2024:11:34:21 +0800] "GET /xingrg/images/blue/button/bottom_right.jpg HTTP/1.1" 200 1436
116.238.97.31 - - [14/Apr/2024:11:34:21 +0800] "GET /xingrg/javascript/easyui/themes/default/validatebox.css HTTP/1.1" 404 1104
58.39.108.79 - - [14/Apr/2024:11:34:23 +0800] "GET /xingrg/kc/base/wldb_order_list.html HTTP/1.1" 200 19055
58.39.108.79 - - [14/Apr/2024:11:34:23 +0800] "GET /xingrg/css/base.css HTTP/1.1" 200 2811
58.39.108.79 - - [14/Apr/2024:11:34:23 +0800] "GET /xingrg/css/site.css HTTP/1.1" 200 7541
58.39.108.79 - - [14/Apr/2024:11:34:23 +0800] "GET /xingrg/javascript/jquery_tools/datebox.css HTTP/1.1" 200 2597
58.39.108.79 - - [14/Apr/2024:11:34:23 +0800] "GET /xingrg/javascript/easyui/themes/default/easyui.css HTTP/1.1" 200 30432
58.39.108.79 - - [14/Apr/2024:11:34:23 +0800] "GET /xingrg/javascript/easyui/themes/icon.css HTTP/1.1" 200 4483
58.39.108.79 - - [14/Apr/2024:11:34:23 +0800] "GET /xingrg/javascript/auto/jquery.autocomplete.css HTTP/1.1" 200 587
58.39.108.79 - - [14/Apr/2024:11:34:23 +0800] "GET /xingrg/javascript/jquery_tools/fix.css HTTP/1.1" 200 1702
58.39.108.79 - - [14/Apr/2024:11:34:23 +0800] "GET /xingrg/javascript/jquery_tools/table.css HTTP/1.1" 200 1032
58.39.108.79 - - [14/Apr/2024:11:34:23 +0800] "GET /xingrg/javascript/jquery_tools/jquery.tools.min.js HTTP/1.1" 200 138801
58.39.108.79 - - [14/Apr/2024:11:34:23 +0800] "GET /xingrg/javascript/jquery_tools/jquery.tools.extend.js HTTP/1.1" 200 15385
58.39.108.79 - - [14/Apr/2024:11:34:23 +0800] "GET /xingrg/javascript/jquery_tools/jquery.tools.hotkey.js HTTP/1.1" 200 3242
58.39.108.79 - - [14/Apr/2024:11:34:23 +0800] "GET /xingrg/javascript/jquery_tools/jquery.tools.table.js HTTP/1.1" 200 6994
58.39.108.79 - - [14/Apr/2024:11:34:23 +0800] "GET /xingrg/javascript/jquery_tools/list_manager.js HTTP/1.1" 200 3652
58.39.108.79 - - [14/Apr/2024:11:34:23 +0800] "GET /xingrg/javascript/auto/jquery.autocomplete.js HTTP/1.1" 200 21624
58.39.108.79 - - [14/Apr/2024:11:34:23 +0800] "GET /xingrg/javascript/easyui/easyloader.js HTTP/1.1" 200 5975
58.39.108.79 - - [14/Apr/2024:11:34:23 +0800] "GET /xingrg/javascript/jquery.cookie.js HTTP/1.1" 200 5513
58.39.108.79 - - [14/Apr/2024:11:34:23 +0800] "GET /xingrg/javascript/print/LodopFuncs.js HTTP/1.1" 200 5121
58.39.108.79 - - [14/Apr/2024:11:34:23 +0800] "GET /xingrg/javascript/easyui/themes/icons/edit_add_new.png HTTP/1.1" 200 2997
58.39.108.79 - - [14/Apr/2024:11:34:23 +0800] "GET /xingrg/javascript/easyui/themes/icons/import_new.png HTTP/1.1" 200 1247
58.39.108.79 - - [14/Apr/2024:11:34:23 +0800] "GET /xingrg/javascript/easyui/themes/icons/field_new.png HTTP/1.1" 200 1097
58.39.108.79 - - [14/Apr/2024:11:34:23 +0800] "GET /xingrg/javascript/easyui/themes/icons/check_new.png HTTP/1.1" 200 3224
58.39.108.79 - - [14/Apr/2024:11:34:23 +0800] "GET /xingrg/javascript/easyui/themes/icons/cance_new.png HTTP/1.1" 200 3986
58.39.108.79 - - [14/Apr/2024:11:34:23 +0800] "GET /xingrg/javascript/easyui/plugins/jquery.parser.js HTTP/1.1" 200 1142
58.39.108.79 - - [14/Apr/2024:11:34:23 +0800] "GET /xingrg/images/control/ajaxLoader.gif HTTP/1.1" 200 4659
58.39.108.79 - - [14/Apr/2024:11:34:23 +0800] "POST /xingrg/kc/base/wldb_list_operate.html HTTP/1.1" 200 928
221.239.169.251 - - [14/Apr/2024:11:34:24 +0800] "GET /xingrg/check_reg.html?_=1713065662625 HTTP/1.1" 200 22
221.239.169.251 - - [14/Apr/2024:11:34:24 +0800] "GET /xingrg/all/function/internal_message.html?_=1713065662672&CODE_STATE=getMsg HTTP/1.1" 200 27
116.237.76.76 - - [14/Apr/2024:11:34:29 +0800] "GET /xingrg/all/function/internal_message.html?_=1713065664999&CODE_STATE=getMsg HTTP/1.1" 200 27
101.83.144.49 - - [14/Apr/2024:11:34:29 +0800] "GET /xingrg/all/function/internal_message.html?_=1713065428311&CODE_STATE=getMsg HTTP/1.1" 200 27
116.224.254.208 - - [14/Apr/2024:11:34:29 +0800] "POST /xingrg/kc/buy/cgsh_order_operate.html HTTP/1.1" 200 37
58.39.108.79 - - [14/Apr/2024:11:34:29 +0800] "POST /xingrg/kc/base/wldb_list_operate.html HTTP/1.1" 200 6077
58.39.108.79 - - [14/Apr/2024:11:34:30 +0800] "GET /xingrg/kc/buy/buy_main.html HTTP/1.1" 200 12412
58.39.108.79 - - [14/Apr/2024:11:34:30 +0800] "GET /xingrg/css/new_ie.css HTTP/1.1" 404 1036
58.39.108.79 - - [14/Apr/2024:11:34:30 +0800] "GET /xingrg/javascript/jquery_ui/themes/humanity/humanity.css HTTP/1.1" 200 27801
58.39.108.79 - - [14/Apr/2024:11:34:30 +0800] "GET /xingrg/javascript/jquery_ui/jquery-ui.min.js HTTP/1.1" 200 186181
58.39.108.79 - - [14/Apr/2024:11:34:30 +0800] "GET /xingrg/images/blue/button/cgydd.gif HTTP/1.1" 200 2712
58.39.108.79 - - [14/Apr/2024:11:34:30 +0800] "GET /xingrg/images/blue/button/cgxqd.gif HTTP/1.1" 200 2619
58.39.108.79 - - [14/Apr/2024:11:34:30 +0800] "GET /xingrg/javascript/ToolTips.js HTTP/1.1" 200 5615
58.39.108.79 - - [14/Apr/2024:11:34:30 +0800] "GET /xingrg/images/blue/button/cgshd.gif HTTP/1.1" 200 2618
58.39.108.79 - - [14/Apr/2024:11:34:30 +0800] "GET /xingrg/images/blue/button/cgfkd.gif HTTP/1.1" 200 2075
58.39.108.79 - - [14/Apr/2024:11:34:30 +0800] "GET /xingrg/images/blue/button/ckthd.gif HTTP/1.1" 200 2045
58.39.108.79 - - [14/Apr/2024:11:34:30 +0800] "GET /xingrg/images/blue/button/down_ah.jpg HTTP/1.1" 200 1732
58.39.108.79 - - [14/Apr/2024:11:34:30 +0800] "GET /xingrg/javascript/jquery_ui/themes/humanity/images/ui-bg_inset-soft_100_f4f0ec_1x100.png HTTP/1.1" 200 141
58.39.108.79 - - [14/Apr/2024:11:34:30 +0800] "GET /xingrg/javascript/jquery_ui/themes/humanity/images/ui-icons_ffffff_256x240.png HTTP/1.1" 200 4369
58.39.108.79 - - [14/Apr/2024:11:34:30 +0800] "GET /xingrg/javascript/jquery_ui/themes/humanity/images/ui-bg_glass_70_ede4d4_1x400.png HTTP/1.1" 200 161
58.39.108.79 - - [14/Apr/2024:11:34:30 +0800] "GET /xingrg/javascript/jquery_ui/themes/humanity/images/ui-icons_c47a23_256x240.png HTTP/1.1" 200 5355
58.39.108.79 - - [14/Apr/2024:11:34:30 +0800] "GET /xingrg/javascript/jquery_ui/themes/humanity/images/ui-iconsnew.jpg HTTP/1.1" 200 337
222.70.183.82 - - [14/Apr/2024:11:34:30 +0800] "POST /xingrg/kc/buy/cgsh_order_operate.html HTTP/1.1" 200 12
58.39.108.79 - - [14/Apr/2024:11:34:31 +0800] "GET /xingrg/images/yd/bt.gif HTTP/1.1" 404 1040
116.238.97.31 - - [14/Apr/2024:11:34:31 +0800] "GET /xingrg/kc/buy/cgsh_order_operate.html?command=get_materiel&rest_code=00102&code=00101003003&supplier_code=00100093&order_time=2024-04-13 HTTP/1.1" 200 416
58.39.108.79 - - [14/Apr/2024:11:34:32 +0800] "GET /xingrg/kc/buy/cgsh_order_list.html HTTP/1.1" 200 58138
116.224.254.208 - - [14/Apr/2024:11:34:35 +0800] "GET /xingrg/all/function/internal_message.html?_=1713065675617&CODE_STATE=getMsg HTTP/1.1" 200 27
116.224.254.208 - - [14/Apr/2024:11:34:37 +0800] "POST /xingrg/kc/buy/cgsh_order_operate.html HTTP/1.1" 200 12
58.39.108.79 - - [14/Apr/2024:11:34:38 +0800] "POST /xingrg/kc/buy/cgsh_list_operate.html HTTP/1.1" 200 645
222.70.183.82 - - [14/Apr/2024:11:34:38 +0800] "GET /xingrg/kc/buy/cgsh_order_info.html?code=212024041403534 HTTP/1.1" 200 68774
222.70.183.82 - - [14/Apr/2024:11:34:39 +0800] "GET /xingrg/javascript/easyui/themes/default/validatebox.css HTTP/1.1" 404 1104
116.224.254.208 - - [14/Apr/2024:11:34:39 +0800] "GET /xingrg/kc/buy/cgsh_order_info.html?code=212024041403535 HTTP/1.1" 200 68426
116.224.254.208 - - [14/Apr/2024:11:34:40 +0800] "GET /xingrg/javascript/easyui/themes/default/validatebox.css HTTP/1.1" 404 1104
222.70.183.82 - - [14/Apr/2024:11:34:40 +0800] "POST /xingrg/kc/buy/cgsh_order_operate.html HTTP/1.1" 200 606
116.224.254.208 - - [14/Apr/2024:11:34:41 +0800] "POST /xingrg/kc/buy/cgsh_order_operate.html HTTP/1.1" 200 1829
116.238.97.31 - - [14/Apr/2024:11:34:41 +0800] "GET /xingrg/kc/buy/cgsh_order_operate.html?command=get_materiel&rest_code=00102&code=00101003047&supplier_code=00100093&order_time=2024-04-13 HTTP/1.1" 200 422
58.39.108.79 - - [14/Apr/2024:11:34:42 +0800] "GET /xingrg/kc/base/base_main.html HTTP/1.1" 200 12142
101.83.144.49 - - [14/Apr/2024:11:34:42 +0800] "GET /xingrg/kc/buy/cgsh_order_operate.html?command=get_materiel&rest_code=00105&code=00101008186&supplier_code=00100008&order_time=2024-04-14 HTTP/1.1" 200 408
116.224.254.208 - - [14/Apr/2024:11:34:42 +0800] "GET /xingrg/kc/print/load_data.html?order_code=212024041403535&kc_code=cgsh&condition= HTTP/1.1" 200 1213
58.39.108.79 - - [14/Apr/2024:11:34:42 +0800] "GET /xingrg/kc/base/yddb_order_list.html HTTP/1.1" 200 16660
58.39.108.79 - - [14/Apr/2024:11:34:43 +0800] "POST /xingrg/kc/base/yddb_list_operate.html HTTP/1.1" 200 636
222.70.183.82 - - [14/Apr/2024:11:34:44 +0800] "GET /xingrg/all/function/internal_message.html?_=1713065681482&CODE_STATE=getMsg HTTP/1.1" 200 27
58.39.108.79 - - [14/Apr/2024:11:34:44 +0800] "GET /xingrg/javascript/easyui/themes/default/images/button_plain_hover.png HTTP/1.1" 200 144
222.70.183.82 - - [14/Apr/2024:11:34:44 +0800] "GET /xingrg/kc/print/load_data.html?order_code=212024041403534&kc_code=cgsh&condition= HTTP/1.1" 200 721
58.39.108.79 - - [14/Apr/2024:11:34:45 +0800] "GET /xingrg/kc/base/yddb_order_add.html HTTP/1.1" 200 30041
58.39.108.79 - - [14/Apr/2024:11:34:45 +0800] "GET /xingrg/dwr/interface/AjaxYddbService.js HTTP/1.1" 200 13201
58.39.108.79 - - [14/Apr/2024:11:34:45 +0800] "GET /xingrg/dwr/interface/AjaxComOrderService.js HTTP/1.1" 200 18264
58.39.108.79 - - [14/Apr/2024:11:34:45 +0800] "GET /xingrg/dwr/engine.js HTTP/1.1" 200 43631
58.39.108.79 - - [14/Apr/2024:11:34:45 +0800] "GET /xingrg/dwr/util.js HTTP/1.1" 200 35990
58.39.108.79 - - [14/Apr/2024:11:34:45 +0800] "GET /xingrg/javascript/Calendar.js HTTP/1.1" 200 31561
58.39.108.79 - - [14/Apr/2024:11:34:45 +0800] "GET /xingrg/javascript/checkform.js HTTP/1.1" 200 18351
58.39.108.79 - - [14/Apr/2024:11:34:45 +0800] "GET /xingrg/javascript/Grid.js HTTP/1.1" 200 58908
58.39.108.79 - - [14/Apr/2024:11:34:45 +0800] "GET /xingrg/javascript/AjaxInfoList.js HTTP/1.1" 200 3774
58.39.108.79 - - [14/Apr/2024:11:34:45 +0800] "GET /xingrg/javascript/jquery_easy_ui/themes/icons/print.png HTTP/1.1" 200 1057
58.39.108.79 - - [14/Apr/2024:11:34:45 +0800] "GET /xingrg/javascript/jquery_easy_ui/themes/icons/check_new.png HTTP/1.1" 200 3224
58.39.108.79 - - [14/Apr/2024:11:34:45 +0800] "GET /xingrg/javascript/jquery_easy_ui/themes/default/images/menu_downarrow.png HTTP/1.1" 200 173
58.39.108.79 - - [14/Apr/2024:11:34:45 +0800] "GET /xingrg/javascript/jquery_easy_ui/themes/icons/edit_add_new.png HTTP/1.1" 200 2997
58.39.108.79 - - [14/Apr/2024:11:34:45 +0800] "GET /xingrg/javascript/jquery_easy_ui/themes/icons/back_new.png HTTP/1.1" 200 3414
58.39.108.79 - - [14/Apr/2024:11:34:45 +0800] "GET /xingrg/javascript/jquery_easy_ui/themes/icons/cance_new.png HTTP/1.1" 200 3986
58.39.108.79 - - [14/Apr/2024:11:34:45 +0800] "GET /xingrg/images/blue/button/kc_tab_add.gif HTTP/1.1" 200 375
58.39.108.79 - - [14/Apr/2024:11:34:45 +0800] "GET /xingrg/images/blue/button/kc_tab_edit.gif HTTP/1.1" 200 551
58.39.108.79 - - [14/Apr/2024:11:34:45 +0800] "GET /xingrg/images/blue/button/kc_tab_del.gif HTTP/1.1" 200 383
58.39.108.79 - - [14/Apr/2024:11:34:45 +0800] "GET /xingrg/images/blue/button/kc_tab_save.gif HTTP/1.1" 200 777
58.39.108.79 - - [14/Apr/2024:11:34:45 +0800] "GET /xingrg/images/blue/kc_tab_right.gif HTTP/1.1" 200 643
58.39.108.79 - - [14/Apr/2024:11:34:45 +0800] "GET /xingrg/images/blue/kc_tab_mid.gif HTTP/1.1" 200 44
58.39.108.79 - - [14/Apr/2024:11:34:45 +0800] "GET /xingrg/images/blue/kc_tab_left.gif HTTP/1.1" 200 188
58.39.108.79 - - [14/Apr/2024:11:34:45 +0800] "GET /xingrg/images/blue/kc_tab2_left.gif HTTP/1.1" 200 625
58.39.108.79 - - [14/Apr/2024:11:34:45 +0800] "GET /xingrg/images/blue/kc_tab2_right.gif HTTP/1.1" 200 192
114.95.153.66 - - [14/Apr/2024:11:34:45 +0800] "GET /xingrg/check_reg.html?_=1713065686618 HTTP/1.1" 200 22
114.95.153.66 - - [14/Apr/2024:11:34:45 +0800] "GET /xingrg/all/function/internal_message.html?_=1713065686622&CODE_STATE=getMsg HTTP/1.1" 200 27
116.230.109.19 - - [14/Apr/2024:11:34:47 +0800] "GET /xingrg/all/function/internal_message.html?_=1713065687449&CODE_STATE=getMsg HTTP/1.1" 200 27
58.39.108.79 - - [14/Apr/2024:11:34:49 +0800] "GET /xingrg/images/blue/wait.gif HTTP/1.1" 200 1100
58.39.108.79 - - [14/Apr/2024:11:34:49 +0800] "POST /xingrg/dwr/call/plaincall/AjaxYddbService.getRestBases.dwr HTTP/1.1" 200 509
58.39.108.79 - - [14/Apr/2024:11:34:50 +0800] "GET /xingrg/kc/base/base_main.html HTTP/1.1" 200 12142
116.238.97.31 - - [14/Apr/2024:11:34:51 +0800] "POST /xingrg/kc/buy/cgsh_order_operate.html HTTP/1.1" 200 37
58.39.108.79 - - [14/Apr/2024:11:34:51 +0800] "GET /xingrg/kc/base/wldb_order_list.html HTTP/1.1" 200 19055
58.39.108.79 - - [14/Apr/2024:11:34:51 +0800] "POST /xingrg/kc/base/wldb_list_operate.html HTTP/1.1" 200 928
116.224.254.208 - - [14/Apr/2024:11:34:52 +0800] "GET /xingrg/kc/base/yddb_order_list.html HTTP/1.1" 200 16660
116.238.97.31 - - [14/Apr/2024:11:34:52 +0800] "POST /xingrg/kc/buy/cgsh_order_operate.html HTTP/1.1" 200 3271
116.224.254.208 - - [14/Apr/2024:11:34:52 +0800] "POST /xingrg/kc/base/yddb_list_operate.html HTTP/1.1" 200 636
58.39.108.79 - - [14/Apr/2024:11:34:53 +0800] "GET /xingrg/kc/base/wldb_order_add.html HTTP/1.1" 200 30386
58.39.108.79 - - [14/Apr/2024:11:34:53 +0800] "GET /xingrg/javascript/convert.js HTTP/1.1" 200 1239
58.39.108.79 - - [14/Apr/2024:11:34:53 +0800] "GET /xingrg/javascript/json2.js HTTP/1.1" 200 11259
58.39.108.79 - - [14/Apr/2024:11:34:53 +0800] "GET /xingrg/javascript/print/kc_print.js HTTP/1.1" 200 11415
58.39.108.79 - - [14/Apr/2024:11:34:53 +0800] "GET /xingrg/javascript/jquery_tools/order_manager.js HTTP/1.1" 200 11183
58.39.108.79 - - [14/Apr/2024:11:34:53 +0800] "GET /xingrg/words/20240413134602_words.js HTTP/1.1" 200 1017959
58.39.108.79 - - [14/Apr/2024:11:34:53 +0800] "GET /xingrg/javascript/easyui/themes/icons/ok.png HTTP/1.1" 200 883
58.39.108.79 - - [14/Apr/2024:11:34:53 +0800] "GET /xingrg/javascript/easyui/themes/icons/cancel.png HTTP/1.1" 200 1133
58.39.108.79 - - [14/Apr/2024:11:34:53 +0800] "GET /xingrg/javascript/easyui/themes/icons/print.png HTTP/1.1" 200 1057
58.39.108.79 - - [14/Apr/2024:11:34:53 +0800] "GET /xingrg/javascript/easyui/themes/default/images/menu_downarrow.png HTTP/1.1" 200 173
58.39.108.79 - - [14/Apr/2024:11:34:53 +0800] "GET /xingrg/javascript/easyui/themes/icons/template_new.png HTTP/1.1" 200 3956
116.238.97.31 - - [14/Apr/2024:11:34:53 +0800] "GET /xingrg/kc/print/load_data.html?order_code=212024041403536&kc_code=cgsh&condition= HTTP/1.1" 200 965
58.39.108.79 - - [14/Apr/2024:11:34:54 +0800] "POST /xingrg/kc/base/wldb_order_operate.html HTTP/1.1" 200 6806
58.39.108.79 - - [14/Apr/2024:11:34:54 +0800] "GET /xingrg/all/common/auto_word.html?type=base&rest_code=00157 HTTP/1.1" 200 781
58.39.108.79 - - [14/Apr/2024:11:34:54 +0800] "GET /xingrg/all/common/auto_word.html?type=base&rest_code=00157 HTTP/1.1" 200 781
58.39.108.79 - - [14/Apr/2024:11:34:54 +0800] "GET /xingrg/javascript/easyui/themes/default/validatebox.css HTTP/1.1" 404 1104
58.39.108.79 - - [14/Apr/2024:11:34:54 +0800] "GET /xingrg/javascript/easyui/plugins/jquery.validatebox.js HTTP/1.1" 200 6103
58.39.108.79 - - [14/Apr/2024:11:34:54 +0800] "GET /xingrg/javascript/easyui/themes/icons/edit_remove.png HTTP/1.1" 200 625
58.39.108.79 - - [14/Apr/2024:11:34:54 +0800] "GET /xingrg/javascript/easyui/plugins/jquery.numberbox.js HTTP/1.1" 200 5213
116.238.97.31 - - [14/Apr/2024:11:34:58 +0800] "GET /xingrg/kc/buy/cgsh_order_add.html HTTP/1.1" 200 73987
116.238.97.31 - - [14/Apr/2024:11:34:58 +0800] "POST /xingrg/kc/buy/cgsh_order_operate.html HTTP/1.1" 200 8245
116.238.97.31 - - [14/Apr/2024:11:34:58 +0800] "GET /xingrg/javascript/easyui/themes/default/validatebox.css HTTP/1.1" 404 1104
58.39.108.79 - - [14/Apr/2024:11:35:00 +0800] "GET /xingrg/javascript/auto/indicator.gif HTTP/1.1" 404 1066
116.238.97.31 - - [14/Apr/2024:11:35:09 +0800] "GET /xingrg/check_reg.html?_=1713065743941 HTTP/1.1" 200 22
116.237.76.76 - - [14/Apr/2024:11:35:09 +0800] "GET /xingrg/all/function/internal_message.html?_=1713065710614&CODE_STATE=getMsg HTTP/1.1" 200 27
116.238.97.31 - - [14/Apr/2024:11:35:10 +0800] "GET /xingrg/all/function/internal_message.html?_=1713065745408&CODE_STATE=getMsg HTTP/1.1" 200 27
180.164.1.25 - - [14/Apr/2024:11:35:10 +0800] "GET /xingrg/check_reg.html?_=1713065709544 HTTP/1.1" 200 22
116.238.97.31 - - [14/Apr/2024:11:35:11 +0800] "GET /xingrg/all/function/internal_message.html?_=1713065712821&CODE_STATE=getMsg HTTP/1.1" 200 27
116.238.97.31 - - [14/Apr/2024:11:35:11 +0800] "GET /xingrg/check_reg.html?_=1713065712825 HTTP/1.1" 200 22
116.224.254.208 - - [14/Apr/2024:11:35:12 +0800] "GET /xingrg/kc/base/yddb_order_add.html HTTP/1.1" 200 30041
116.224.254.208 - - [14/Apr/2024:11:35:12 +0800] "GET /xingrg/css/blue.css HTTP/1.1" 200 15949
116.224.254.208 - - [14/Apr/2024:11:35:12 +0800] "GET /xingrg/dwr/interface/AjaxComOrderService.js HTTP/1.1" 200 18264
116.224.254.208 - - [14/Apr/2024:11:35:12 +0800] "GET /xingrg/dwr/interface/AjaxYddbService.js HTTP/1.1" 200 13201
116.224.254.208 - - [14/Apr/2024:11:35:12 +0800] "GET /xingrg/javascript/myfunction.js HTTP/1.1" 200 24559
116.224.254.208 - - [14/Apr/2024:11:35:12 +0800] "GET /xingrg/dwr/util.js HTTP/1.1" 200 35990
116.224.254.208 - - [14/Apr/2024:11:35:12 +0800] "GET /xingrg/javascript/Calendar.js HTTP/1.1" 200 31561
116.224.254.208 - - [14/Apr/2024:11:35:12 +0800] "GET /xingrg/dwr/engine.js HTTP/1.1" 200 43631
116.224.254.208 - - [14/Apr/2024:11:35:12 +0800] "GET /xingrg/javascript/checkform.js HTTP/1.1" 200 18351
116.224.254.208 - - [14/Apr/2024:11:35:12 +0800] "GET /xingrg/javascript/AjaxInfoList.js HTTP/1.1" 200 3774
116.224.254.208 - - [14/Apr/2024:11:35:12 +0800] "GET /xingrg/javascript/Grid.js HTTP/1.1" 200 58908
116.224.254.208 - - [14/Apr/2024:11:35:13 +0800] "GET /xingrg/javascript/ToolTips.js HTTP/1.1" 200 5615
116.224.254.208 - - [14/Apr/2024:11:35:13 +0800] "GET /xingrg/javascript/jquery_easy_ui/themes/default/images/menu_downarrow.png HTTP/1.1" 200 173
116.224.254.208 - - [14/Apr/2024:11:35:13 +0800] "GET /xingrg/javascript/jquery_easy_ui/themes/icons/edit_add_new.png HTTP/1.1" 200 2997
116.224.254.208 - - [14/Apr/2024:11:35:13 +0800] "GET /xingrg/javascript/jquery_easy_ui/themes/icons/print.png HTTP/1.1" 200 1057
116.224.254.208 - - [14/Apr/2024:11:35:13 +0800] "GET /xingrg/javascript/jquery_easy_ui/themes/icons/check_new.png HTTP/1.1" 200 3224
116.224.254.208 - - [14/Apr/2024:11:35:13 +0800] "GET /xingrg/javascript/jquery_easy_ui/themes/icons/cance_new.png HTTP/1.1" 200 3986
116.224.254.208 - - [14/Apr/2024:11:35:13 +0800] "GET /xingrg/javascript/jquery_easy_ui/themes/icons/back_new.png HTTP/1.1" 200 3414
116.224.254.208 - - [14/Apr/2024:11:35:13 +0800] "GET /xingrg/images/blue/button/kc_tab_add.gif HTTP/1.1" 200 375
116.224.254.208 - - [14/Apr/2024:11:35:13 +0800] "GET /xingrg/images/blue/button/kc_tab_edit.gif HTTP/1.1" 200 551
116.224.254.208 - - [14/Apr/2024:11:35:13 +0800] "GET /xingrg/images/blue/button/kc_tab_del.gif HTTP/1.1" 200 383
116.224.254.208 - - [14/Apr/2024:11:35:13 +0800] "GET /xingrg/images/blue/button/kc_tab_save.gif HTTP/1.1" 200 777
116.224.254.208 - - [14/Apr/2024:11:35:13 +0800] "GET /xingrg/images/blue/kc_tab_right.gif HTTP/1.1" 200 643
116.224.254.208 - - [14/Apr/2024:11:35:13 +0800] "GET /xingrg/images/blue/kc_tab_left.gif HTTP/1.1" 200 188
116.224.254.208 - - [14/Apr/2024:11:35:13 +0800] "GET /xingrg/images/blue/kc_tab2_right.gif HTTP/1.1" 200 192
116.224.254.208 - - [14/Apr/2024:11:35:13 +0800] "GET /xingrg/images/blue/kc_tab2_left.gif HTTP/1.1" 200 625
116.224.254.208 - - [14/Apr/2024:11:35:13 +0800] "GET /xingrg/images/blue/kc_tab_mid.gif HTTP/1.1" 200 44
58.39.108.79 - - [14/Apr/2024:11:35:14 +0800] "GET /xingrg/all/function/internal_message.html?_=1713065714861&CODE_STATE=getMsg HTTP/1.1" 200 27
116.224.254.208 - - [14/Apr/2024:11:35:15 +0800] "GET /xingrg/images/blue/wait.gif HTTP/1.1" 200 1100
116.224.254.208 - - [14/Apr/2024:11:35:15 +0800] "POST /xingrg/dwr/call/plaincall/AjaxYddbService.getRestBases.dwr HTTP/1.1" 200 1649
116.238.97.31 - - [14/Apr/2024:11:35:19 +0800] "GET /xingrg/kc/buy/cgsh_order_operate.html?command=get_materiel&rest_code=00102&code=00101019816&supplier_code=00100337&order_time=2024-04-13 HTTP/1.1" 200 428
139.226.24.32 - - [14/Apr/2024:11:35:20 +0800] "GET /xingrg/index.html?sysBaseUrl=http%3A%2F%2F180.169.147.146%3A18081%2Fxingrg%2F&costTime=707×tamp=1678720590741 HTTP/1.1" 302 -
139.226.24.32 - - [14/Apr/2024:11:35:20 +0800] "GET /favicon.ico HTTP/1.1" 404 -
116.224.254.208 - - [14/Apr/2024:11:35:21 +0800] "POST /xingrg/dwr/call/plaincall/AjaxYddbService.saveOrder.dwr HTTP/1.1" 200 78
116.224.254.208 - - [14/Apr/2024:11:35:21 +0800] "GET /xingrg/images/yd/bt.gif HTTP/1.1" 404 1040
58.39.108.79 - - [14/Apr/2024:11:35:24 +0800] "GET /xingrg/javascript/jquery_tools/images/next.gif HTTP/1.1" 404 1086
58.39.108.79 - - [14/Apr/2024:11:35:24 +0800] "GET /xingrg/javascript/jquery_tools/images/prev.gif HTTP/1.1" 404 1086
221.239.169.251 - - [14/Apr/2024:11:35:24 +0800] "GET /xingrg/all/function/internal_message.html?_=1713065722655&CODE_STATE=getMsg HTTP/1.1" 200 27
116.224.254.208 - - [14/Apr/2024:11:35:24 +0800] "POST /xingrg/dwr/call/plaincall/AjaxComOrderService.getMaterielSearchList.dwr HTTP/1.1" 200 20500
58.39.108.79 - - [14/Apr/2024:11:35:27 +0800] "GET /xingrg/kc/base/wldb_order_operate.html?command=get_materiel&rest_code=00157&base_code=0010867&code=00101010133 HTTP/1.1" 200 440
116.237.76.76 - - [14/Apr/2024:11:35:29 +0800] "GET /xingrg/all/function/internal_message.html?_=1713065724973&CODE_STATE=getMsg HTTP/1.1" 200 27
101.83.144.49 - - [14/Apr/2024:11:35:29 +0800] "GET /xingrg/all/function/internal_message.html?_=1713065488296&CODE_STATE=getMsg HTTP/1.1" 200 27
116.238.97.31 - - [14/Apr/2024:11:35:30 +0800] "GET /xingrg/kc/buy/cgsh_order_operate.html?command=get_materiel&rest_code=00102&code=00101019368&supplier_code=00100337&order_time=2024-04-13 HTTP/1.1" 200 446
116.224.254.208 - - [14/Apr/2024:11:35:35 +0800] "GET /xingrg/all/function/internal_message.html?_=1713065735598&CODE_STATE=getMsg HTTP/1.1" 200 27
116.224.254.208 - - [14/Apr/2024:11:35:37 +0800] "POST /xingrg/dwr/call/plaincall/AjaxYddbService.getMaterielByMap.dwr HTTP/1.1" 200 2320
101.83.144.49 - - [14/Apr/2024:11:35:37 +0800] "GET /xingrg/kc/buy/cgsh_order_operate.html?command=get_materiel&rest_code=00105&code=00101008137&supplier_code=00100008&order_time=2024-04-14 HTTP/1.1" 200 408
116.224.254.208 - - [14/Apr/2024:11:35:38 +0800] "POST /xingrg/dwr/call/plaincall/AjaxYddbService.getUnitPrice.dwr HTTP/1.1" 200 86
116.224.254.208 - - [14/Apr/2024:11:35:39 +0800] "GET /xingrg/images/yd/bt2.gif HTTP/1.1" 404 1042
116.224.254.208 - - [14/Apr/2024:11:35:40 +0800] "POST /xingrg/dwr/call/plaincall/AjaxYddbService.saveMaterielItem.dwr HTTP/1.1" 200 78
116.238.97.31 - - [14/Apr/2024:11:35:41 +0800] "GET /xingrg/kc/buy/cgsh_order_operate.html?command=get_materiel&rest_code=00102&code=00101013205&supplier_code=00100337&order_time=2024-04-13 HTTP/1.1" 200 421
101.83.144.49 - - [14/Apr/2024:11:35:41 +0800] "POST /xingrg/kc/buy/cgsh_order_operate.html HTTP/1.1" 200 2065
116.224.254.208 - - [14/Apr/2024:11:35:41 +0800] "GET /xingrg/javascript/jquery_easy_ui/themes/default/images/button_plain_hover.png HTTP/1.1" 200 252
222.70.183.82 - - [14/Apr/2024:11:35:44 +0800] "GET /xingrg/all/function/internal_message.html?_=1713065741463&CODE_STATE=getMsg HTTP/1.1" 200 27
222.70.183.82 - - [14/Apr/2024:11:35:44 +0800] "GET /xingrg/check_reg.html?_=1713065741559 HTTP/1.1" 200 22
139.226.24.32 - - [14/Apr/2024:11:35:44 +0800] "POST /xingrg/login.do HTTP/1.1" 302 -
139.226.24.32 - - [14/Apr/2024:11:35:44 +0800] "GET /xingrg/index.html?sysBaseUrl=http%3A%2F%2F180.169.147.146%3A18081%2Fxingrg%2F&costTime=1650×tamp=1713065744520 HTTP/1.1" 200 17503
139.226.24.32 - - [14/Apr/2024:11:35:44 +0800] "GET /favicon.ico HTTP/1.1" 404 -
139.226.24.32 - - [14/Apr/2024:11:35:44 +0800] "POST /xingrg/all/common/load_tree.html?tree=area_rest_tree_json&manage=1 HTTP/1.1" 200 3624
139.226.24.32 - - [14/Apr/2024:11:35:44 +0800] "GET /xingrg/check_reg.html?_=1713065747959 HTTP/1.1" 200 22
139.226.24.32 - - [14/Apr/2024:11:35:45 +0800] "GET /xingrg/all/function/internal_message.html?_=1713065747958&CODE_STATE=count HTTP/1.1" 200 11
139.226.24.32 - - [14/Apr/2024:11:35:45 +0800] "POST /xingrg/load_menu.html HTTP/1.1" 200 11564
114.95.153.66 - - [14/Apr/2024:11:35:45 +0800] "GET /xingrg/all/function/internal_message.html?_=1713065746621&CODE_STATE=getMsg HTTP/1.1" 200 27
116.224.254.208 - - [14/Apr/2024:11:35:47 +0800] "POST /xingrg/dwr/call/plaincall/AjaxYddbService.checkOrder.dwr HTTP/1.1" 200 78
116.230.109.19 - - [14/Apr/2024:11:35:47 +0800] "GET /xingrg/all/function/internal_message.html?_=1713065747459&CODE_STATE=getMsg HTTP/1.1" 200 27
116.238.97.31 - - [14/Apr/2024:11:35:50 +0800] "POST /xingrg/kc/buy/cgsh_order_operate.html HTTP/1.1" 200 37
139.226.24.32 - - [14/Apr/2024:11:35:50 +0800] "GET /xingrg/kc/buy/buy_main.html HTTP/1.1" 200 12341
139.226.24.32 - - [14/Apr/2024:11:35:50 +0800] "GET /xingrg/css/new_ie.css HTTP/1.1" 404 1036
139.226.24.32 - - [14/Apr/2024:11:35:50 +0800] "GET /xingrg/javascript/jquery_ui/jquery-ui.min.js HTTP/1.1" 200 186181
139.226.24.32 - - [14/Apr/2024:11:35:50 +0800] "GET /xingrg/images/blue/button/cgxqd.gif HTTP/1.1" 200 2619
139.226.24.32 - - [14/Apr/2024:11:35:50 +0800] "GET /xingrg/images/blue/button/cgydd.gif HTTP/1.1" 200 2712
139.226.24.32 - - [14/Apr/2024:11:35:50 +0800] "GET /xingrg/images/blue/button/kc.gif HTTP/1.1" 200 2160
139.226.24.32 - - [14/Apr/2024:11:35:50 +0800] "GET /xingrg/images/blue/button/cgshd.gif HTTP/1.1" 200 2618
139.226.24.32 - - [14/Apr/2024:11:35:50 +0800] "GET /xingrg/images/blue/button/cgfkd.gif HTTP/1.1" 200 2075
139.226.24.32 - - [14/Apr/2024:11:35:50 +0800] "GET /xingrg/images/blue/button/ckthd.gif HTTP/1.1" 200 2045
139.226.24.32 - - [14/Apr/2024:11:35:50 +0800] "GET /xingrg/images/blue/pic_form2.gif HTTP/1.1" 200 1853
139.226.24.32 - - [14/Apr/2024:11:35:50 +0800] "GET /xingrg/images/blue/button/right_ah.jpg HTTP/1.1" 200 1744
139.226.24.32 - - [14/Apr/2024:11:35:50 +0800] "GET /xingrg/images/blue/button/down_ah.jpg HTTP/1.1" 200 1732
139.226.24.32 - - [14/Apr/2024:11:35:50 +0800] "GET /xingrg/javascript/jquery_ui/themes/humanity/images/ui-bg_inset-soft_100_f4f0ec_1x100.png HTTP/1.1" 200 141
139.226.24.32 - - [14/Apr/2024:11:35:50 +0800] "GET /xingrg/images/blue/bg_dotted.jpg HTTP/1.1" 200 319
139.226.24.32 - - [14/Apr/2024:11:35:50 +0800] "GET /xingrg/javascript/jquery_ui/themes/humanity/images/ui-iconsnew.jpg HTTP/1.1" 200 337
139.226.24.32 - - [14/Apr/2024:11:35:50 +0800] "GET /xingrg/javascript/jquery_ui/themes/humanity/images/ui-icons_ffffff_256x240.png HTTP/1.1" 200 4369
139.226.24.32 - - [14/Apr/2024:11:35:50 +0800] "GET /xingrg/javascript/jquery_ui/themes/humanity/images/ui-icons_c47a23_256x240.png HTTP/1.1" 200 5355
139.226.24.32 - - [14/Apr/2024:11:35:50 +0800] "GET /xingrg/javascript/jquery_ui/themes/humanity/images/ui-bg_glass_70_ede4d4_1x400.png HTTP/1.1" 200 161
116.238.97.31 - - [14/Apr/2024:11:35:52 +0800] "POST /xingrg/kc/buy/cgsh_order_operate.html HTTP/1.1" 200 3878
101.83.144.49 - - [14/Apr/2024:11:35:52 +0800] "GET /xingrg/kc/buy/cgsh_order_operate.html?command=get_materiel&rest_code=00105&code=00101008172&supplier_code=00100008&order_time=2024-04-14 HTTP/1.1" 200 412
139.226.24.32 - - [14/Apr/2024:11:35:52 +0800] "GET /xingrg/images/yd/bt.gif HTTP/1.1" 404 1040
116.238.97.31 - - [14/Apr/2024:11:35:53 +0800] "GET /xingrg/kc/print/load_data.html?order_code=212024041403537&kc_code=cgsh&condition= HTTP/1.1" 200 1157
116.224.254.208 - - [14/Apr/2024:11:35:56 +0800] "GET /xingrg/kc/base/yddb_order_info.html?code=482024041400086 HTTP/1.1" 200 31395
116.224.254.208 - - [14/Apr/2024:11:35:56 +0800] "GET /xingrg/dwr/interface/AjaxComOrderService.js HTTP/1.1" 200 18264
116.224.254.208 - - [14/Apr/2024:11:35:56 +0800] "GET /xingrg/dwr/interface/AjaxYddbService.js HTTP/1.1" 200 13201
116.224.254.208 - - [14/Apr/2024:11:35:56 +0800] "GET /xingrg/dwr/engine.js HTTP/1.1" 200 43631
116.224.254.208 - - [14/Apr/2024:11:35:56 +0800] "POST /xingrg/dwr/call/plaincall/AjaxYddbService.loadMaterielItems.dwr HTTP/1.1" 200 408
116.224.254.208 - - [14/Apr/2024:11:35:59 +0800] "POST /xingrg/dwr/call/plaincall/AjaxYddbService.saveOrder.dwr HTTP/1.1" 200 78
116.238.97.31 - - [14/Apr/2024:11:36:02 +0800] "GET /xingrg/kc/buy/cgsh_order_add.html HTTP/1.1" 200 73987
116.238.97.31 - - [14/Apr/2024:11:36:03 +0800] "POST /xingrg/kc/buy/cgsh_order_operate.html HTTP/1.1" 200 8245
116.238.97.31 - - [14/Apr/2024:11:36:03 +0800] "GET /xingrg/javascript/easyui/themes/default/validatebox.css HTTP/1.1" 404 1104
116.224.254.208 - - [14/Apr/2024:11:36:04 +0800] "POST /xingrg/dwr/call/plaincall/AjaxYddbService.objCheckOrder.dwr HTTP/1.1" 200 78
116.224.254.208 - - [14/Apr/2024:11:36:05 +0800] "GET /xingrg/kc/base/yddb_order_info.html?code=482024041400086 HTTP/1.1" 200 31516
116.224.254.208 - - [14/Apr/2024:11:36:05 +0800] "GET /xingrg/dwr/interface/AjaxComOrderService.js HTTP/1.1" 200 18264
116.224.254.208 - - [14/Apr/2024:11:36:05 +0800] "GET /xingrg/dwr/interface/AjaxYddbService.js HTTP/1.1" 200 13201
116.224.254.208 - - [14/Apr/2024:11:36:05 +0800] "GET /xingrg/dwr/engine.js HTTP/1.1" 200 43631
116.224.254.208 - - [14/Apr/2024:11:36:06 +0800] "POST /xingrg/dwr/call/plaincall/AjaxYddbService.loadMaterielItems.dwr HTTP/1.1" 200 408
116.224.254.208 - - [14/Apr/2024:11:36:07 +0800] "GET /xingrg/kc/base/yddb_order_add.html HTTP/1.1" 200 30041
116.224.254.208 - - [14/Apr/2024:11:36:07 +0800] "GET /xingrg/dwr/interface/AjaxComOrderService.js HTTP/1.1" 200 18264
116.224.254.208 - - [14/Apr/2024:11:36:07 +0800] "GET /xingrg/dwr/interface/AjaxYddbService.js HTTP/1.1" 200 13201
116.224.254.208 - - [14/Apr/2024:11:36:07 +0800] "GET /xingrg/dwr/engine.js HTTP/1.1" 200 43631
116.237.76.76 - - [14/Apr/2024:11:36:09 +0800] "GET /xingrg/all/function/internal_message.html?_=1713065770589&CODE_STATE=getMsg HTTP/1.1" 200 27
101.83.144.49 - - [14/Apr/2024:11:36:09 +0800] "GET /xingrg/kc/buy/cgsh_order_operate.html?command=get_materiel&rest_code=00105&code=00101008360&supplier_code=00100008&order_time=2024-04-14 HTTP/1.1" 200 412
116.237.76.76 - - [14/Apr/2024:11:36:09 +0800] "GET /xingrg/check_reg.html?_=1713065770798 HTTP/1.1" 200 22
116.224.254.208 - - [14/Apr/2024:11:36:09 +0800] "POST /xingrg/dwr/call/plaincall/AjaxYddbService.getRestBases.dwr HTTP/1.1" 200 1649
116.238.97.31 - - [14/Apr/2024:11:36:10 +0800] "GET /xingrg/all/function/internal_message.html?_=1713065805393&CODE_STATE=getMsg HTTP/1.1" 200 27
116.238.97.31 - - [14/Apr/2024:11:36:11 +0800] "GET /xingrg/all/function/internal_message.html?_=1713065772813&CODE_STATE=getMsg HTTP/1.1" 200 27
116.237.76.76 - - [14/Apr/2024:11:36:12 +0800] "GET /xingrg/kc/base/base_main.html HTTP/1.1" 200 12142
116.238.97.31 - - [14/Apr/2024:11:36:14 +0800] "GET /xingrg/kc/buy/cgsh_order_operate.html?command=get_materiel&rest_code=00102&code=00101010678&supplier_code=00100564&order_time=2024-04-13 HTTP/1.1" 200 427
58.39.108.79 - - [14/Apr/2024:11:36:14 +0800] "GET /xingrg/all/function/internal_message.html?_=1713065774885&CODE_STATE=getMsg HTTP/1.1" 200 27
116.224.254.208 - - [14/Apr/2024:11:36:14 +0800] "POST /xingrg/dwr/call/plaincall/AjaxYddbService.saveOrder.dwr HTTP/1.1" 200 78
116.237.76.76 - - [14/Apr/2024:11:36:14 +0800] "GET /xingrg/kc/base/wldb_order_list.html HTTP/1.1" 200 19051
116.237.76.76 - - [14/Apr/2024:11:36:15 +0800] "POST /xingrg/kc/base/wldb_list_operate.html HTTP/1.1" 200 928
116.224.254.208 - - [14/Apr/2024:11:36:16 +0800] "POST /xingrg/dwr/call/plaincall/AjaxComOrderService.getMaterielSearchList.dwr HTTP/1.1" 200 36584
116.237.76.76 - - [14/Apr/2024:11:36:16 +0800] "GET /xingrg/kc/base/wldb_order_add.html HTTP/1.1" 200 30386
116.237.76.76 - - [14/Apr/2024:11:36:17 +0800] "GET /xingrg/javascript/easyui/themes/default/validatebox.css HTTP/1.1" 404 1104
116.237.76.76 - - [14/Apr/2024:11:36:17 +0800] "POST /xingrg/kc/base/wldb_order_operate.html HTTP/1.1" 200 6806
116.237.76.76 - - [14/Apr/2024:11:36:17 +0800] "GET /xingrg/all/common/auto_word.html?type=base&rest_code=00106 HTTP/1.1" 200 1799
116.237.76.76 - - [14/Apr/2024:11:36:17 +0800] "GET /xingrg/all/common/auto_word.html?type=base&rest_code=00106 HTTP/1.1" 200 1799
116.224.254.208 - - [14/Apr/2024:11:36:17 +0800] "POST /xingrg/dwr/call/plaincall/AjaxComOrderService.getMaterielSearchList.dwr HTTP/1.1" 200 1535
116.237.76.76 - - [14/Apr/2024:11:36:17 +0800] "POST /xingrg/all/common/load_combo.html?type=base HTTP/1.1" 200 3227
116.237.76.76 - - [14/Apr/2024:11:36:20 +0800] "POST /xingrg/all/common/load_combo.html?type=base HTTP/1.1" 200 3227
116.224.254.208 - - [14/Apr/2024:11:36:20 +0800] "POST /xingrg/dwr/call/plaincall/AjaxYddbService.getMaterielByMap.dwr HTTP/1.1" 200 2323
116.224.254.208 - - [14/Apr/2024:11:36:23 +0800] "POST /xingrg/dwr/call/plaincall/AjaxYddbService.saveMaterielItem.dwr HTTP/1.1" 200 78
221.239.169.251 - - [14/Apr/2024:11:36:24 +0800] "GET /xingrg/all/function/internal_message.html?_=1713065782627&CODE_STATE=getMsg HTTP/1.1" 200 27
116.238.97.31 - - [14/Apr/2024:11:36:24 +0800] "POST /xingrg/kc/buy/cgsh_order_operate.html HTTP/1.1" 200 37
116.237.76.76 - - [14/Apr/2024:11:36:25 +0800] "GET /xingrg/javascript/auto/indicator.gif HTTP/1.1" 404 1066
116.224.254.208 - - [14/Apr/2024:11:36:28 +0800] "POST /xingrg/dwr/call/plaincall/AjaxYddbService.checkOrder.dwr HTTP/1.1" 200 78
58.39.108.79 - - [14/Apr/2024:11:36:28 +0800] "GET /xingrg/kc/base/wldb_order_operate.html?command=get_materiel&rest_code=00157&base_code=0010867&code=00101006183 HTTP/1.1" 200 429
116.237.76.76 - - [14/Apr/2024:11:36:28 +0800] "GET /xingrg/kc/base/wldb_order_operate.html?command=get_materiel&rest_code=00106&base_code=0010397&code=00102002150 HTTP/1.1" 200 447
180.163.30.27 - - [14/Apr/2024:11:36:29 +0800] "GET /xingrg/all/function/internal_message.html?_=1713065724973&CODE_STATE=getMsg HTTP/1.1" 302 -
180.163.30.27 - - [14/Apr/2024:11:36:29 +0800] "GET /xingrg/login.html HTTP/1.1" 200 7641
116.237.76.76 - - [14/Apr/2024:11:36:29 +0800] "GET /xingrg/all/function/internal_message.html?_=1713065784946&CODE_STATE=getMsg HTTP/1.1" 200 27
116.238.97.31 - - [14/Apr/2024:11:36:29 +0800] "POST /xingrg/kc/buy/cgsh_order_operate.html HTTP/1.1" 200 2664
101.83.144.49 - - [14/Apr/2024:11:36:29 +0800] "GET /xingrg/all/function/internal_message.html?_=1713065548268&CODE_STATE=getMsg HTTP/1.1" 200 27
116.238.97.31 - - [14/Apr/2024:11:36:31 +0800] "GET /xingrg/kc/print/load_data.html?order_code=212024041403538&kc_code=cgsh&condition= HTTP/1.1" 200 655
116.224.254.208 - - [14/Apr/2024:11:36:32 +0800] "GET /xingrg/kc/base/yddb_order_info.html?code=482024041400087 HTTP/1.1" 200 31394
116.224.254.208 - - [14/Apr/2024:11:36:32 +0800] "GET /xingrg/dwr/interface/AjaxComOrderService.js HTTP/1.1" 200 18264
116.224.254.208 - - [14/Apr/2024:11:36:32 +0800] "GET /xingrg/dwr/interface/AjaxYddbService.js HTTP/1.1" 200 13201
116.224.254.208 - - [14/Apr/2024:11:36:32 +0800] "GET /xingrg/dwr/engine.js HTTP/1.1" 200 43631
116.224.254.208 - - [14/Apr/2024:11:36:32 +0800] "POST /xingrg/dwr/call/plaincall/AjaxYddbService.loadMaterielItems.dwr HTTP/1.1" 200 417
