221.239.169.251 - - [14/Apr/2024:06:44:31 +0800] "GET /xingrg/check_reg.html?_=1713048270170 HTTP/1.1" 200 22
124.78.56.241 - - [14/Apr/2024:06:44:33 +0800] "GET /xingrg/all/function/internal_message.html?_=1713048273950&CODE_STATE=getMsg HTTP/1.1" 200 27
180.164.1.25 - - [14/Apr/2024:06:44:42 +0800] "GET /xingrg/check_reg.html?_=1713048280923 HTTP/1.1" 200 22
180.164.1.25 - - [14/Apr/2024:06:44:42 +0800] "GET /xingrg/all/function/internal_message.html?_=1713048280926&CODE_STATE=getMsg HTTP/1.1" 200 27
101.80.230.31 - - [14/Apr/2024:06:45:14 +0800] "POST /xingrg/services/DataTransmitService HTTP/1.1" 200 524
221.239.169.251 - - [14/Apr/2024:06:45:16 +0800] "GET /xingrg/all/function/internal_message.html?_=1713048314850&CODE_STATE=getMsg HTTP/1.1" 200 27
124.78.56.241 - - [14/Apr/2024:06:45:33 +0800] "GET /xingrg/all/function/internal_message.html?_=1713048333935&CODE_STATE=getMsg HTTP/1.1" 200 27
180.164.1.25 - - [14/Apr/2024:06:45:42 +0800] "GET /xingrg/all/function/internal_message.html?_=1713048340927&CODE_STATE=getMsg HTTP/1.1" 200 27
218.81.220.69 - - [14/Apr/2024:06:45:44 +0800] "GET /xingrg/check_reg.html?_=1713048345222 HTTP/1.1" 200 22
124.78.56.241 - - [14/Apr/2024:06:45:47 +0800] "GET /xingrg/check_reg.html?_=1713048347019 HTTP/1.1" 200 22
221.239.169.251 - - [14/Apr/2024:06:46:16 +0800] "GET /xingrg/all/function/internal_message.html?_=1713048374835&CODE_STATE=getMsg HTTP/1.1" 200 27
124.78.56.241 - - [14/Apr/2024:06:46:33 +0800] "GET /xingrg/all/function/internal_message.html?_=1713048393926&CODE_STATE=getMsg HTTP/1.1" 200 27
180.164.1.25 - - [14/Apr/2024:06:46:42 +0800] "GET /xingrg/all/function/internal_message.html?_=1713048400908&CODE_STATE=getMsg HTTP/1.1" 200 27
221.239.169.251 - - [14/Apr/2024:06:47:16 +0800] "GET /xingrg/all/function/internal_message.html?_=1713048434820&CODE_STATE=getMsg HTTP/1.1" 200 27
124.78.56.241 - - [14/Apr/2024:06:47:33 +0800] "GET /xingrg/all/function/internal_message.html?_=1713048453902&CODE_STATE=getMsg HTTP/1.1" 200 27
180.164.1.25 - - [14/Apr/2024:06:47:42 +0800] "GET /xingrg/all/function/internal_message.html?_=1713048460913&CODE_STATE=getMsg HTTP/1.1" 200 27
221.239.169.251 - - [14/Apr/2024:06:48:16 +0800] "GET /xingrg/all/function/internal_message.html?_=1713048494790&CODE_STATE=getMsg HTTP/1.1" 200 27
124.78.56.241 - - [14/Apr/2024:06:48:33 +0800] "GET /xingrg/all/function/internal_message.html?_=1713048513885&CODE_STATE=getMsg HTTP/1.1" 200 27
180.164.1.25 - - [14/Apr/2024:06:48:42 +0800] "GET /xingrg/all/function/internal_message.html?_=1713048520905&CODE_STATE=getMsg HTTP/1.1" 200 27
221.239.169.251 - - [14/Apr/2024:06:49:16 +0800] "GET /xingrg/all/function/internal_message.html?_=1713048554779&CODE_STATE=getMsg HTTP/1.1" 200 27
221.239.169.251 - - [14/Apr/2024:06:49:31 +0800] "GET /xingrg/check_reg.html?_=1713048570178 HTTP/1.1" 200 22
124.78.56.241 - - [14/Apr/2024:06:49:33 +0800] "GET /xingrg/all/function/internal_message.html?_=1713048573859&CODE_STATE=getMsg HTTP/1.1" 200 27
180.164.1.25 - - [14/Apr/2024:06:49:42 +0800] "GET /xingrg/all/function/internal_message.html?_=1713048580911&CODE_STATE=getMsg HTTP/1.1" 200 27
180.164.1.25 - - [14/Apr/2024:06:49:42 +0800] "GET /xingrg/check_reg.html?_=1713048580915 HTTP/1.1" 200 22
221.239.169.251 - - [14/Apr/2024:06:50:16 +0800] "GET /xingrg/all/function/internal_message.html?_=1713048614750&CODE_STATE=getMsg HTTP/1.1" 200 27
124.78.56.241 - - [14/Apr/2024:06:50:33 +0800] "GET /xingrg/all/function/internal_message.html?_=1713048633841&CODE_STATE=getMsg HTTP/1.1" 200 27
180.164.1.25 - - [14/Apr/2024:06:50:42 +0800] "GET /xingrg/all/function/internal_message.html?_=1713048640914&CODE_STATE=getMsg HTTP/1.1" 200 27
218.81.220.69 - - [14/Apr/2024:06:50:44 +0800] "GET /xingrg/check_reg.html?_=1713048645228 HTTP/1.1" 200 22
124.78.56.241 - - [14/Apr/2024:06:50:46 +0800] "GET /xingrg/check_reg.html?_=1713048647009 HTTP/1.1" 200 22
221.239.169.251 - - [14/Apr/2024:06:51:16 +0800] "GET /xingrg/all/function/internal_message.html?_=1713048674734&CODE_STATE=getMsg HTTP/1.1" 200 27
124.78.56.241 - - [14/Apr/2024:06:51:33 +0800] "GET /xingrg/all/function/internal_message.html?_=1713048693836&CODE_STATE=getMsg HTTP/1.1" 200 27
180.164.1.25 - - [14/Apr/2024:06:51:42 +0800] "GET /xingrg/all/function/internal_message.html?_=1713048700911&CODE_STATE=getMsg HTTP/1.1" 200 27
221.239.169.251 - - [14/Apr/2024:06:52:16 +0800] "GET /xingrg/all/function/internal_message.html?_=1713048734720&CODE_STATE=getMsg HTTP/1.1" 200 27
124.78.56.241 - - [14/Apr/2024:06:52:33 +0800] "GET /xingrg/all/function/internal_message.html?_=1713048753822&CODE_STATE=getMsg HTTP/1.1" 200 27
180.164.1.25 - - [14/Apr/2024:06:52:42 +0800] "GET /xingrg/all/function/internal_message.html?_=1713048760916&CODE_STATE=getMsg HTTP/1.1" 200 27
221.239.169.251 - - [14/Apr/2024:06:53:16 +0800] "GET /xingrg/all/function/internal_message.html?_=1713048794705&CODE_STATE=getMsg HTTP/1.1" 200 27
124.78.56.241 - - [14/Apr/2024:06:53:33 +0800] "GET /xingrg/all/function/internal_message.html?_=1713048813806&CODE_STATE=getMsg HTTP/1.1" 200 27
180.164.1.25 - - [14/Apr/2024:06:53:42 +0800] "GET /xingrg/all/function/internal_message.html?_=1713048820905&CODE_STATE=getMsg HTTP/1.1" 200 27
221.239.169.251 - - [14/Apr/2024:06:54:16 +0800] "GET /xingrg/all/function/internal_message.html?_=1713048854693&CODE_STATE=getMsg HTTP/1.1" 200 27
221.239.169.251 - - [14/Apr/2024:06:54:31 +0800] "GET /xingrg/check_reg.html?_=1713048870187 HTTP/1.1" 200 22
124.78.56.241 - - [14/Apr/2024:06:54:33 +0800] "GET /xingrg/all/function/internal_message.html?_=1713048873782&CODE_STATE=getMsg HTTP/1.1" 200 27
180.164.1.25 - - [14/Apr/2024:06:54:42 +0800] "GET /xingrg/all/function/internal_message.html?_=1713048880910&CODE_STATE=getMsg HTTP/1.1" 200 27
180.164.1.25 - - [14/Apr/2024:06:54:42 +0800] "GET /xingrg/check_reg.html?_=1713048880913 HTTP/1.1" 200 22
124.78.56.241 - - [14/Apr/2024:06:55:04 +0800] "POST /xingrg/services/DataTransmitService HTTP/1.1" 200 524
221.239.169.251 - - [14/Apr/2024:06:55:16 +0800] "GET /xingrg/all/function/internal_message.html?_=1713048914664&CODE_STATE=getMsg HTTP/1.1" 200 27
124.78.56.241 - - [14/Apr/2024:06:55:33 +0800] "GET /xingrg/all/function/internal_message.html?_=1713048933769&CODE_STATE=getMsg HTTP/1.1" 200 27
180.164.1.25 - - [14/Apr/2024:06:55:42 +0800] "GET /xingrg/all/function/internal_message.html?_=1713048940902&CODE_STATE=getMsg HTTP/1.1" 200 27
218.81.220.69 - - [14/Apr/2024:06:55:44 +0800] "GET /xingrg/check_reg.html?_=1713048945230 HTTP/1.1" 200 22
124.78.56.241 - - [14/Apr/2024:06:55:46 +0800] "GET /xingrg/check_reg.html?_=1713048947001 HTTP/1.1" 200 22
221.239.169.251 - - [14/Apr/2024:06:56:16 +0800] "GET /xingrg/all/function/internal_message.html?_=1713048974646&CODE_STATE=getMsg HTTP/1.1" 200 27
124.78.56.241 - - [14/Apr/2024:06:56:33 +0800] "GET /xingrg/all/function/internal_message.html?_=1713048993746&CODE_STATE=getMsg HTTP/1.1" 200 27
180.164.1.25 - - [14/Apr/2024:06:56:42 +0800] "GET /xingrg/all/function/internal_message.html?_=1713049000911&CODE_STATE=getMsg HTTP/1.1" 200 27
120.253.135.82 - - [14/Apr/2024:06:56:54 +0800] "GET /xingrg/kc/report/report_main.html HTTP/1.1" 200 8599
120.253.135.82 - - [14/Apr/2024:06:56:54 +0800] "GET /xingrg/javascript/jquery_ui/themes/humanity/humanity.css HTTP/1.1" 304 -
120.253.135.82 - - [14/Apr/2024:06:56:55 +0800] "GET /xingrg/kc/base/kc_stocks.html HTTP/1.1" 200 16554
120.253.135.82 - - [14/Apr/2024:06:56:55 +0800] "GET /xingrg/javascript/easyui/themes/sunny/easyui.css HTTP/1.1" 304 -
120.253.135.82 - - [14/Apr/2024:06:56:55 +0800] "GET /xingrg/javascript/easyui/themes/icons/print_new.png HTTP/1.1" 304 -
120.253.135.82 - - [14/Apr/2024:06:56:55 +0800] "GET /xingrg/javascript/easyui/themes/icons/filter_new.png HTTP/1.1" 304 -
120.253.135.82 - - [14/Apr/2024:06:56:55 +0800] "GET /xingrg/javascript/easyui/themes/icons/refresh_new.png HTTP/1.1" 304 -
120.253.135.82 - - [14/Apr/2024:06:56:56 +0800] "GET /xingrg/javascript/easyui/plugins/jquery.draggable.js HTTP/1.1" 304 -
120.253.135.82 - - [14/Apr/2024:06:56:56 +0800] "GET /xingrg/javascript/easyui/plugins/jquery.droppable.js HTTP/1.1" 304 -
120.253.135.82 - - [14/Apr/2024:06:56:56 +0800] "GET /xingrg/javascript/easyui/themes/default/tree.css HTTP/1.1" 404 1090
120.253.135.82 - - [14/Apr/2024:06:56:56 +0800] "GET /xingrg/javascript/easyui/plugins/jquery.tree.js HTTP/1.1" 304 -
120.253.135.82 - - [14/Apr/2024:06:56:56 +0800] "POST /xingrg/all/common/load_tree.html?tree=materiel_sort_tree_json HTTP/1.1" 200 9734
120.253.135.82 - - [14/Apr/2024:06:56:56 +0800] "GET /xingrg/javascript/easyui/themes/sunny/images/tree_arrows.gif HTTP/1.1" 304 -
120.253.135.82 - - [14/Apr/2024:06:56:56 +0800] "GET /xingrg/javascript/easyui/themes/sunny/images/tree_folder_open.gif HTTP/1.1" 304 -
120.253.135.82 - - [14/Apr/2024:06:56:56 +0800] "GET /xingrg/javascript/easyui/themes/sunny/images/tree_folder.gif HTTP/1.1" 304 -
120.253.135.82 - - [14/Apr/2024:06:56:56 +0800] "GET /xingrg/javascript/easyui/themes/sunny/images/tree_file.gif HTTP/1.1" 304 -
120.253.135.82 - - [14/Apr/2024:06:56:56 +0800] "GET /xingrg/css/images/panel_loading.gif HTTP/1.1" 304 -
120.253.135.82 - - [14/Apr/2024:06:56:57 +0800] "POST /xingrg/all/common/load_combo.html?type=base HTTP/1.1" 200 1169
120.253.135.82 - - [14/Apr/2024:06:57:04 +0800] "POST /xingrg/kc/base/stock_operate.html HTTP/1.1" 200 1731
120.253.135.82 - - [14/Apr/2024:06:57:04 +0800] "GET /xingrg/javascript/jquery_tools/fix_table.js HTTP/1.1" 304 -
120.253.135.82 - - [14/Apr/2024:06:57:13 +0800] "POST /xingrg/kc/base/stock_operate.html HTTP/1.1" 200 1490
120.253.135.82 - - [14/Apr/2024:06:57:16 +0800] "GET /xingrg/javascript/easyui/themes/sunny/images/ui-bg_gloss-wave_60_fece2f_500x100.png HTTP/1.1" 304 -
221.239.169.251 - - [14/Apr/2024:06:57:16 +0800] "GET /xingrg/all/function/internal_message.html?_=1713049034632&CODE_STATE=getMsg HTTP/1.1" 200 27
120.253.135.82 - - [14/Apr/2024:06:57:17 +0800] "GET /xingrg/kc/pszx/mdqp_order_list.html?state=10 HTTP/1.1" 200 10763
120.253.135.82 - - [14/Apr/2024:06:57:17 +0800] "GET /xingrg/dwr/interface/AjaxQqpsService.js HTTP/1.1" 200 16326
120.253.135.82 - - [14/Apr/2024:06:57:17 +0800] "GET /xingrg/dwr/interface/AjaxReportQueryService.js HTTP/1.1" 200 13203
120.253.135.82 - - [14/Apr/2024:06:57:17 +0800] "GET /xingrg/dwr/engine.js HTTP/1.1" 200 43631
114.83.217.203 - - [14/Apr/2024:06:57:29 +0800] "POST /xingrg/services/DataTransmitService HTTP/1.1" 200 524
124.78.56.241 - - [14/Apr/2024:06:57:33 +0800] "GET /xingrg/all/function/internal_message.html?_=1713049053721&CODE_STATE=getMsg HTTP/1.1" 200 27
180.164.1.25 - - [14/Apr/2024:06:57:42 +0800] "GET /xingrg/all/function/internal_message.html?_=1713049060917&CODE_STATE=getMsg HTTP/1.1" 200 27
221.239.169.251 - - [14/Apr/2024:06:58:16 +0800] "GET /xingrg/all/function/internal_message.html?_=1713049094617&CODE_STATE=getMsg HTTP/1.1" 200 27
124.78.56.241 - - [14/Apr/2024:06:58:33 +0800] "GET /xingrg/all/function/internal_message.html?_=1713049113701&CODE_STATE=getMsg HTTP/1.1" 200 27
180.164.1.25 - - [14/Apr/2024:06:58:42 +0800] "GET /xingrg/all/function/internal_message.html?_=1713049120918&CODE_STATE=getMsg HTTP/1.1" 200 27
221.239.169.251 - - [14/Apr/2024:06:59:16 +0800] "GET /xingrg/all/function/internal_message.html?_=1713049154600&CODE_STATE=getMsg HTTP/1.1" 200 27
221.239.169.251 - - [14/Apr/2024:06:59:31 +0800] "GET /xingrg/check_reg.html?_=1713049170186 HTTP/1.1" 200 22
124.78.56.241 - - [14/Apr/2024:06:59:33 +0800] "GET /xingrg/all/function/internal_message.html?_=1713049173683&CODE_STATE=getMsg HTTP/1.1" 200 27
180.164.1.25 - - [14/Apr/2024:06:59:42 +0800] "GET /xingrg/check_reg.html?_=1713049180905 HTTP/1.1" 200 22
180.164.1.25 - - [14/Apr/2024:06:59:42 +0800] "GET /xingrg/all/function/internal_message.html?_=1713049180909&CODE_STATE=getMsg HTTP/1.1" 200 27
221.239.169.251 - - [14/Apr/2024:07:00:16 +0800] "GET /xingrg/all/function/internal_message.html?_=1713049214585&CODE_STATE=getMsg HTTP/1.1" 200 27
124.78.56.241 - - [14/Apr/2024:07:00:33 +0800] "GET /xingrg/all/function/internal_message.html?_=1713049233667&CODE_STATE=getMsg HTTP/1.1" 200 27
180.164.1.25 - - [14/Apr/2024:07:00:42 +0800] "GET /xingrg/all/function/internal_message.html?_=1713049240918&CODE_STATE=getMsg HTTP/1.1" 200 27
124.78.56.241 - - [14/Apr/2024:07:00:46 +0800] "GET /xingrg/check_reg.html?_=1713049246992 HTTP/1.1" 200 22
221.239.169.251 - - [14/Apr/2024:07:01:16 +0800] "GET /xingrg/all/function/internal_message.html?_=1713049274556&CODE_STATE=getMsg HTTP/1.1" 200 27
120.253.135.82 - - [14/Apr/2024:07:01:24 +0800] "GET /xingrg/check_reg.html?_=1713049131520 HTTP/1.1" 200 22
124.78.56.241 - - [14/Apr/2024:07:01:33 +0800] "GET /xingrg/all/function/internal_message.html?_=1713049293664&CODE_STATE=getMsg HTTP/1.1" 200 27
180.164.1.25 - - [14/Apr/2024:07:01:42 +0800] "GET /xingrg/all/function/internal_message.html?_=1713049300921&CODE_STATE=getMsg HTTP/1.1" 200 27
221.239.169.251 - - [14/Apr/2024:07:02:16 +0800] "GET /xingrg/all/function/internal_message.html?_=1713049334532&CODE_STATE=getMsg HTTP/1.1" 200 27
124.78.56.241 - - [14/Apr/2024:07:02:33 +0800] "GET /xingrg/all/function/internal_message.html?_=1713049353639&CODE_STATE=getMsg HTTP/1.1" 200 27
180.164.1.25 - - [14/Apr/2024:07:02:42 +0800] "GET /xingrg/all/function/internal_message.html?_=1713049360911&CODE_STATE=getMsg HTTP/1.1" 200 27
120.253.135.82 - - [14/Apr/2024:07:02:46 +0800] "GET /xingrg/javascript/jquery_easy_ui/themes/default/images/tabs_active.png HTTP/1.1" 304 -
221.239.169.251 - - [14/Apr/2024:07:03:16 +0800] "GET /xingrg/all/function/internal_message.html?_=1713049394518&CODE_STATE=getMsg HTTP/1.1" 200 27
124.78.56.241 - - [14/Apr/2024:07:03:33 +0800] "GET /xingrg/all/function/internal_message.html?_=1713049413626&CODE_STATE=getMsg HTTP/1.1" 200 27
180.164.1.25 - - [14/Apr/2024:07:03:42 +0800] "GET /xingrg/all/function/internal_message.html?_=1713049420901&CODE_STATE=getMsg HTTP/1.1" 200 27
221.239.169.251 - - [14/Apr/2024:07:04:16 +0800] "GET /xingrg/all/function/internal_message.html?_=1713049454502&CODE_STATE=getMsg HTTP/1.1" 200 27
221.239.169.251 - - [14/Apr/2024:07:04:31 +0800] "GET /xingrg/check_reg.html?_=1713049470182 HTTP/1.1" 200 22
124.78.56.241 - - [14/Apr/2024:07:04:33 +0800] "GET /xingrg/all/function/internal_message.html?_=1713049473604&CODE_STATE=getMsg HTTP/1.1" 200 27
180.164.1.25 - - [14/Apr/2024:07:04:42 +0800] "GET /xingrg/all/function/internal_message.html?_=1713049480915&CODE_STATE=getMsg HTTP/1.1" 200 27
180.164.1.25 - - [14/Apr/2024:07:04:42 +0800] "GET /xingrg/check_reg.html?_=1713049480916 HTTP/1.1" 200 22
221.239.169.251 - - [14/Apr/2024:07:05:16 +0800] "GET /xingrg/all/function/internal_message.html?_=1713049514472&CODE_STATE=getMsg HTTP/1.1" 200 27
124.78.56.241 - - [14/Apr/2024:07:05:33 +0800] "GET /xingrg/all/function/internal_message.html?_=1713049533590&CODE_STATE=getMsg HTTP/1.1" 200 27
180.164.1.25 - - [14/Apr/2024:07:05:42 +0800] "GET /xingrg/all/function/internal_message.html?_=1713049540913&CODE_STATE=getMsg HTTP/1.1" 200 27
218.81.220.69 - - [14/Apr/2024:07:05:44 +0800] "GET /xingrg/check_reg.html?_=1713049545249 HTTP/1.1" 200 22
124.78.56.241 - - [14/Apr/2024:07:05:46 +0800] "GET /xingrg/check_reg.html?_=1713049546984 HTTP/1.1" 200 22
221.239.169.251 - - [14/Apr/2024:07:06:16 +0800] "GET /xingrg/all/function/internal_message.html?_=1713049574443&CODE_STATE=getMsg HTTP/1.1" 200 27
120.253.135.82 - - [14/Apr/2024:07:06:24 +0800] "GET /xingrg/check_reg.html?_=1713049431547 HTTP/1.1" 200 22
124.78.56.241 - - [14/Apr/2024:07:06:33 +0800] "GET /xingrg/all/function/internal_message.html?_=1713049593575&CODE_STATE=getMsg HTTP/1.1" 200 27
180.164.1.25 - - [14/Apr/2024:07:06:42 +0800] "GET /xingrg/all/function/internal_message.html?_=1713049600903&CODE_STATE=getMsg HTTP/1.1" 200 27
221.239.169.251 - - [14/Apr/2024:07:07:16 +0800] "GET /xingrg/all/function/internal_message.html?_=1713049634428&CODE_STATE=getMsg HTTP/1.1" 200 27
124.78.56.241 - - [14/Apr/2024:07:07:33 +0800] "GET /xingrg/all/function/internal_message.html?_=1713049653559&CODE_STATE=getMsg HTTP/1.1" 200 27
180.164.1.25 - - [14/Apr/2024:07:07:42 +0800] "GET /xingrg/all/function/internal_message.html?_=1713049660920&CODE_STATE=getMsg HTTP/1.1" 200 27
221.239.169.251 - - [14/Apr/2024:07:08:16 +0800] "GET /xingrg/all/function/internal_message.html?_=1713049694396&CODE_STATE=getMsg HTTP/1.1" 200 27
124.78.56.241 - - [14/Apr/2024:07:08:33 +0800] "GET /xingrg/all/function/internal_message.html?_=1713049713542&CODE_STATE=getMsg HTTP/1.1" 200 27
180.164.1.25 - - [14/Apr/2024:07:08:42 +0800] "GET /xingrg/all/function/internal_message.html?_=1713049720921&CODE_STATE=getMsg HTTP/1.1" 200 27
221.239.169.251 - - [14/Apr/2024:07:09:16 +0800] "GET /xingrg/all/function/internal_message.html?_=1713049754385&CODE_STATE=getMsg HTTP/1.1" 200 27
221.239.169.251 - - [14/Apr/2024:07:09:31 +0800] "GET /xingrg/check_reg.html?_=1713049770190 HTTP/1.1" 200 22
124.78.56.241 - - [14/Apr/2024:07:09:33 +0800] "GET /xingrg/all/function/internal_message.html?_=1713049773525&CODE_STATE=getMsg HTTP/1.1" 200 27
180.164.1.25 - - [14/Apr/2024:07:09:42 +0800] "GET /xingrg/check_reg.html?_=1713049780919 HTTP/1.1" 200 22
180.164.1.25 - - [14/Apr/2024:07:09:42 +0800] "GET /xingrg/all/function/internal_message.html?_=1713049780920&CODE_STATE=getMsg HTTP/1.1" 200 27
221.239.169.251 - - [14/Apr/2024:07:10:16 +0800] "GET /xingrg/all/function/internal_message.html?_=1713049814371&CODE_STATE=getMsg HTTP/1.1" 200 27
124.78.56.241 - - [14/Apr/2024:07:10:33 +0800] "GET /xingrg/all/function/internal_message.html?_=1713049833501&CODE_STATE=getMsg HTTP/1.1" 200 27
180.164.1.25 - - [14/Apr/2024:07:10:42 +0800] "GET /xingrg/all/function/internal_message.html?_=1713049840913&CODE_STATE=getMsg HTTP/1.1" 200 27
218.81.220.69 - - [14/Apr/2024:07:10:44 +0800] "GET /xingrg/check_reg.html?_=1713049845255 HTTP/1.1" 200 22
124.78.56.241 - - [14/Apr/2024:07:10:46 +0800] "GET /xingrg/check_reg.html?_=1713049846973 HTTP/1.1" 200 22
221.239.169.251 - - [14/Apr/2024:07:11:16 +0800] "GET /xingrg/all/function/internal_message.html?_=1713049874356&CODE_STATE=getMsg HTTP/1.1" 200 27
120.253.135.82 - - [14/Apr/2024:07:11:24 +0800] "GET /xingrg/check_reg.html?_=1713049731551 HTTP/1.1" 200 22
124.78.56.241 - - [14/Apr/2024:07:11:33 +0800] "GET /xingrg/all/function/internal_message.html?_=1713049893493&CODE_STATE=getMsg HTTP/1.1" 200 27
180.164.1.25 - - [14/Apr/2024:07:11:42 +0800] "GET /xingrg/all/function/internal_message.html?_=1713049900908&CODE_STATE=getMsg HTTP/1.1" 200 27
221.239.169.251 - - [14/Apr/2024:07:12:16 +0800] "GET /xingrg/all/function/internal_message.html?_=1713049934342&CODE_STATE=getMsg HTTP/1.1" 200 27
124.78.56.241 - - [14/Apr/2024:07:12:33 +0800] "GET /xingrg/all/function/internal_message.html?_=1713049953466&CODE_STATE=getMsg HTTP/1.1" 200 27
180.164.1.25 - - [14/Apr/2024:07:12:42 +0800] "GET /xingrg/all/function/internal_message.html?_=1713049960926&CODE_STATE=getMsg HTTP/1.1" 200 27
221.239.169.251 - - [14/Apr/2024:07:13:16 +0800] "GET /xingrg/all/function/internal_message.html?_=1713049994330&CODE_STATE=getMsg HTTP/1.1" 200 27
124.78.56.241 - - [14/Apr/2024:07:13:33 +0800] "GET /xingrg/all/function/internal_message.html?_=1713050013453&CODE_STATE=getMsg HTTP/1.1" 200 27
180.164.1.25 - - [14/Apr/2024:07:13:42 +0800] "GET /xingrg/all/function/internal_message.html?_=1713050020924&CODE_STATE=getMsg HTTP/1.1" 200 27
221.239.169.251 - - [14/Apr/2024:07:14:16 +0800] "GET /xingrg/all/function/internal_message.html?_=1713050054297&CODE_STATE=getMsg HTTP/1.1" 200 27
221.239.169.251 - - [14/Apr/2024:07:14:31 +0800] "GET /xingrg/check_reg.html?_=1713050070196 HTTP/1.1" 200 22
124.78.56.241 - - [14/Apr/2024:07:14:33 +0800] "GET /xingrg/all/function/internal_message.html?_=1713050073425&CODE_STATE=getMsg HTTP/1.1" 200 27
180.164.1.25 - - [14/Apr/2024:07:14:42 +0800] "GET /xingrg/check_reg.html?_=1713050080926 HTTP/1.1" 200 22
180.164.1.25 - - [14/Apr/2024:07:14:42 +0800] "GET /xingrg/all/function/internal_message.html?_=1713050080930&CODE_STATE=getMsg HTTP/1.1" 200 27
221.239.169.251 - - [14/Apr/2024:07:15:16 +0800] "GET /xingrg/all/function/internal_message.html?_=1713050114271&CODE_STATE=getMsg HTTP/1.1" 200 27
124.78.56.241 - - [14/Apr/2024:07:15:33 +0800] "GET /xingrg/all/function/internal_message.html?_=1713050133411&CODE_STATE=getMsg HTTP/1.1" 200 27
180.164.1.25 - - [14/Apr/2024:07:15:42 +0800] "GET /xingrg/all/function/internal_message.html?_=1713050140909&CODE_STATE=getMsg HTTP/1.1" 200 27
218.81.220.69 - - [14/Apr/2024:07:15:44 +0800] "GET /xingrg/check_reg.html?_=1713050145255 HTTP/1.1" 200 22
124.78.56.241 - - [14/Apr/2024:07:15:46 +0800] "GET /xingrg/check_reg.html?_=1713050146949 HTTP/1.1" 200 22
221.239.169.251 - - [14/Apr/2024:07:16:16 +0800] "GET /xingrg/all/function/internal_message.html?_=1713050174255&CODE_STATE=getMsg HTTP/1.1" 200 27
120.253.135.82 - - [14/Apr/2024:07:16:24 +0800] "GET /xingrg/check_reg.html?_=1713050031579 HTTP/1.1" 200 22
124.78.56.241 - - [14/Apr/2024:07:16:33 +0800] "GET /xingrg/all/function/internal_message.html?_=1713050193394&CODE_STATE=getMsg HTTP/1.1" 200 27
180.164.1.25 - - [14/Apr/2024:07:16:42 +0800] "GET /xingrg/all/function/internal_message.html?_=1713050200921&CODE_STATE=getMsg HTTP/1.1" 200 27
221.239.169.251 - - [14/Apr/2024:07:17:15 +0800] "GET /xingrg/all/function/internal_message.html?_=1713050234239&CODE_STATE=getMsg HTTP/1.1" 200 27
124.78.56.241 - - [14/Apr/2024:07:17:33 +0800] "GET /xingrg/all/function/internal_message.html?_=1713050253381&CODE_STATE=getMsg HTTP/1.1" 200 27
180.164.1.25 - - [14/Apr/2024:07:17:42 +0800] "GET /xingrg/all/function/internal_message.html?_=1713050260924&CODE_STATE=getMsg HTTP/1.1" 200 27
116.224.254.208 - - [14/Apr/2024:07:17:47 +0800] "POST /xingrg/services/DataTransmitService HTTP/1.1" 200 524
221.239.169.251 - - [14/Apr/2024:07:18:15 +0800] "GET /xingrg/all/function/internal_message.html?_=1713050294227&CODE_STATE=getMsg HTTP/1.1" 200 27
124.78.56.241 - - [14/Apr/2024:07:18:33 +0800] "GET /xingrg/all/function/internal_message.html?_=1713050313358&CODE_STATE=getMsg HTTP/1.1" 200 27
180.164.1.25 - - [14/Apr/2024:07:18:42 +0800] "GET /xingrg/all/function/internal_message.html?_=1713050320925&CODE_STATE=getMsg HTTP/1.1" 200 27
222.64.62.208 - - [14/Apr/2024:07:19:05 +0800] "POST /xingrg/services/DataTransmitService HTTP/1.1" 200 524
221.239.169.251 - - [14/Apr/2024:07:19:15 +0800] "GET /xingrg/all/function/internal_message.html?_=1713050354211&CODE_STATE=getMsg HTTP/1.1" 200 27
221.239.169.251 - - [14/Apr/2024:07:19:31 +0800] "GET /xingrg/check_reg.html?_=1713050370188 HTTP/1.1" 200 22
124.78.56.241 - - [14/Apr/2024:07:19:33 +0800] "GET /xingrg/all/function/internal_message.html?_=1713050373340&CODE_STATE=getMsg HTTP/1.1" 200 27
180.164.1.25 - - [14/Apr/2024:07:19:42 +0800] "GET /xingrg/all/function/internal_message.html?_=1713050380914&CODE_STATE=getMsg HTTP/1.1" 200 27
180.164.1.25 - - [14/Apr/2024:07:19:42 +0800] "GET /xingrg/check_reg.html?_=1713050380918 HTTP/1.1" 200 22
221.239.169.251 - - [14/Apr/2024:07:20:15 +0800] "GET /xingrg/all/function/internal_message.html?_=1713050414197&CODE_STATE=getMsg HTTP/1.1" 200 27
124.78.56.241 - - [14/Apr/2024:07:20:33 +0800] "GET /xingrg/all/function/internal_message.html?_=1713050433325&CODE_STATE=getMsg HTTP/1.1" 200 27
180.164.1.25 - - [14/Apr/2024:07:20:42 +0800] "GET /xingrg/all/function/internal_message.html?_=1713050440912&CODE_STATE=getMsg HTTP/1.1" 200 27
218.81.220.69 - - [14/Apr/2024:07:20:44 +0800] "GET /xingrg/check_reg.html?_=1713050445259 HTTP/1.1" 200 22
124.78.56.241 - - [14/Apr/2024:07:20:46 +0800] "GET /xingrg/check_reg.html?_=1713050446924 HTTP/1.1" 200 22
221.239.169.251 - - [14/Apr/2024:07:21:15 +0800] "GET /xingrg/all/function/internal_message.html?_=1713050474186&CODE_STATE=getMsg HTTP/1.1" 200 27
120.253.135.82 - - [14/Apr/2024:07:21:24 +0800] "GET /xingrg/check_reg.html?_=1713050331579 HTTP/1.1" 200 22
124.78.56.241 - - [14/Apr/2024:07:21:33 +0800] "GET /xingrg/all/function/internal_message.html?_=1713050493318&CODE_STATE=getMsg HTTP/1.1" 200 27
180.164.1.25 - - [14/Apr/2024:07:21:42 +0800] "GET /xingrg/all/function/internal_message.html?_=1713050500907&CODE_STATE=getMsg HTTP/1.1" 200 27
221.239.169.251 - - [14/Apr/2024:07:22:15 +0800] "GET /xingrg/all/function/internal_message.html?_=1713050534173&CODE_STATE=getMsg HTTP/1.1" 200 27
124.78.56.241 - - [14/Apr/2024:07:22:33 +0800] "GET /xingrg/all/function/internal_message.html?_=1713050553298&CODE_STATE=getMsg HTTP/1.1" 200 27
180.164.1.25 - - [14/Apr/2024:07:22:42 +0800] "GET /xingrg/all/function/internal_message.html?_=1713050560920&CODE_STATE=getMsg HTTP/1.1" 200 27
221.239.169.251 - - [14/Apr/2024:07:23:15 +0800] "GET /xingrg/all/function/internal_message.html?_=1713050594157&CODE_STATE=getMsg HTTP/1.1" 200 27
124.78.56.241 - - [14/Apr/2024:07:23:33 +0800] "GET /xingrg/all/function/internal_message.html?_=1713050613272&CODE_STATE=getMsg HTTP/1.1" 200 27
180.164.1.25 - - [14/Apr/2024:07:23:42 +0800] "GET /xingrg/all/function/internal_message.html?_=1713050620922&CODE_STATE=getMsg HTTP/1.1" 200 27
221.239.169.251 - - [14/Apr/2024:07:24:15 +0800] "GET /xingrg/all/function/internal_message.html?_=1713050654128&CODE_STATE=getMsg HTTP/1.1" 200 27
221.239.169.251 - - [14/Apr/2024:07:24:31 +0800] "GET /xingrg/check_reg.html?_=1713050670201 HTTP/1.1" 200 22
124.78.56.241 - - [14/Apr/2024:07:24:33 +0800] "GET /xingrg/all/function/internal_message.html?_=1713050673252&CODE_STATE=getMsg HTTP/1.1" 200 27
180.164.1.25 - - [14/Apr/2024:07:24:42 +0800] "GET /xingrg/check_reg.html?_=1713050680914 HTTP/1.1" 200 22
180.164.1.25 - - [14/Apr/2024:07:24:42 +0800] "GET /xingrg/all/function/internal_message.html?_=1713050680916&CODE_STATE=getMsg HTTP/1.1" 200 27
221.239.169.251 - - [14/Apr/2024:07:25:15 +0800] "GET /xingrg/all/function/internal_message.html?_=1713050714101&CODE_STATE=getMsg HTTP/1.1" 200 27
124.78.56.241 - - [14/Apr/2024:07:25:33 +0800] "GET /xingrg/all/function/internal_message.html?_=1713050733225&CODE_STATE=getMsg HTTP/1.1" 200 27
180.164.1.25 - - [14/Apr/2024:07:25:42 +0800] "GET /xingrg/all/function/internal_message.html?_=1713050740907&CODE_STATE=getMsg HTTP/1.1" 200 27
218.81.220.69 - - [14/Apr/2024:07:25:44 +0800] "GET /xingrg/check_reg.html?_=1713050745266 HTTP/1.1" 200 22
124.78.56.241 - - [14/Apr/2024:07:25:46 +0800] "GET /xingrg/check_reg.html?_=1713050746909 HTTP/1.1" 200 22
221.239.169.251 - - [14/Apr/2024:07:26:15 +0800] "GET /xingrg/all/function/internal_message.html?_=1713050774088&CODE_STATE=getMsg HTTP/1.1" 200 27
120.253.135.82 - - [14/Apr/2024:07:26:24 +0800] "GET /xingrg/check_reg.html?_=1713050631579 HTTP/1.1" 200 22
124.78.56.241 - - [14/Apr/2024:07:26:33 +0800] "GET /xingrg/all/function/internal_message.html?_=1713050793219&CODE_STATE=getMsg HTTP/1.1" 200 27
218.81.220.69 - - [14/Apr/2024:07:26:37 +0800] "POST /xingrg/services/DataTransmitService HTTP/1.1" 200 524
180.164.1.25 - - [14/Apr/2024:07:26:42 +0800] "GET /xingrg/all/function/internal_message.html?_=1713050800924&CODE_STATE=getMsg HTTP/1.1" 200 27
221.239.169.251 - - [14/Apr/2024:07:27:15 +0800] "GET /xingrg/all/function/internal_message.html?_=1713050834071&CODE_STATE=getMsg HTTP/1.1" 200 27
101.83.144.49 - - [14/Apr/2024:07:27:28 +0800] "POST /xingrg/services/DataTransmitService HTTP/1.1" 200 524
124.78.56.241 - - [14/Apr/2024:07:27:33 +0800] "GET /xingrg/all/function/internal_message.html?_=1713050853199&CODE_STATE=getMsg HTTP/1.1" 200 27
180.164.1.25 - - [14/Apr/2024:07:27:42 +0800] "GET /xingrg/all/function/internal_message.html?_=1713050860924&CODE_STATE=getMsg HTTP/1.1" 200 27
116.238.97.31 - - [14/Apr/2024:07:27:54 +0800] "POST /xingrg/services/DataTransmitService HTTP/1.1" 200 524
221.239.169.251 - - [14/Apr/2024:07:28:15 +0800] "GET /xingrg/all/function/internal_message.html?_=1713050894056&CODE_STATE=getMsg HTTP/1.1" 200 27
124.78.56.241 - - [14/Apr/2024:07:28:33 +0800] "GET /xingrg/all/function/internal_message.html?_=1713050913187&CODE_STATE=getMsg HTTP/1.1" 200 27
180.164.1.25 - - [14/Apr/2024:07:28:42 +0800] "GET /xingrg/all/function/internal_message.html?_=1713050920923&CODE_STATE=getMsg HTTP/1.1" 200 27
221.239.169.251 - - [14/Apr/2024:07:29:15 +0800] "GET /xingrg/all/function/internal_message.html?_=1713050954025&CODE_STATE=getMsg HTTP/1.1" 200 27
221.239.169.251 - - [14/Apr/2024:07:29:31 +0800] "GET /xingrg/check_reg.html?_=1713050970206 HTTP/1.1" 200 22
124.78.56.241 - - [14/Apr/2024:07:29:33 +0800] "GET /xingrg/all/function/internal_message.html?_=1713050973166&CODE_STATE=getMsg HTTP/1.1" 200 27
180.164.1.25 - - [14/Apr/2024:07:29:42 +0800] "GET /xingrg/check_reg.html?_=1713050980914 HTTP/1.1" 200 22
180.164.1.25 - - [14/Apr/2024:07:29:42 +0800] "GET /xingrg/all/function/internal_message.html?_=1713050980917&CODE_STATE=getMsg HTTP/1.1" 200 27
221.239.169.251 - - [14/Apr/2024:07:30:15 +0800] "GET /xingrg/all/function/internal_message.html?_=1713051014000&CODE_STATE=getMsg HTTP/1.1" 200 27
124.78.56.241 - - [14/Apr/2024:07:30:33 +0800] "GET /xingrg/all/function/internal_message.html?_=1713051033151&CODE_STATE=getMsg HTTP/1.1" 200 27
180.164.1.25 - - [14/Apr/2024:07:30:42 +0800] "GET /xingrg/all/function/internal_message.html?_=1713051040911&CODE_STATE=getMsg HTTP/1.1" 200 27
218.81.220.69 - - [14/Apr/2024:07:30:44 +0800] "GET /xingrg/check_reg.html?_=1713051045268 HTTP/1.1" 200 22
124.78.56.241 - - [14/Apr/2024:07:30:46 +0800] "GET /xingrg/check_reg.html?_=1713051046892 HTTP/1.1" 200 22
221.239.169.251 - - [14/Apr/2024:07:31:15 +0800] "GET /xingrg/all/function/internal_message.html?_=1713051073984&CODE_STATE=getMsg HTTP/1.1" 200 27
120.253.135.82 - - [14/Apr/2024:07:31:24 +0800] "GET /xingrg/check_reg.html?_=1713050931584 HTTP/1.1" 200 22
124.78.56.241 - - [14/Apr/2024:07:31:33 +0800] "GET /xingrg/all/function/internal_message.html?_=1713051093137&CODE_STATE=getMsg HTTP/1.1" 200 27
180.164.1.25 - - [14/Apr/2024:07:31:42 +0800] "GET /xingrg/all/function/internal_message.html?_=1713051100922&CODE_STATE=getMsg HTTP/1.1" 200 27
221.239.169.251 - - [14/Apr/2024:07:32:15 +0800] "GET /xingrg/all/function/internal_message.html?_=1713051133970&CODE_STATE=getMsg HTTP/1.1" 200 27
222.70.183.82 - - [14/Apr/2024:07:32:17 +0800] "POST /xingrg/services/DataTransmitService HTTP/1.1" 200 524
124.78.56.241 - - [14/Apr/2024:07:32:33 +0800] "GET /xingrg/all/function/internal_message.html?_=1713051153110&CODE_STATE=getMsg HTTP/1.1" 200 27
180.164.1.25 - - [14/Apr/2024:07:32:42 +0800] "GET /xingrg/all/function/internal_message.html?_=1713051160918&CODE_STATE=getMsg HTTP/1.1" 200 27
221.239.169.251 - - [14/Apr/2024:07:33:15 +0800] "GET /xingrg/all/function/internal_message.html?_=1713051193958&CODE_STATE=getMsg HTTP/1.1" 200 27
124.78.56.241 - - [14/Apr/2024:07:33:33 +0800] "GET /xingrg/all/function/internal_message.html?_=1713051213091&CODE_STATE=getMsg HTTP/1.1" 200 27
180.164.1.25 - - [14/Apr/2024:07:33:42 +0800] "GET /xingrg/all/function/internal_message.html?_=1713051220916&CODE_STATE=getMsg HTTP/1.1" 200 27
221.239.169.251 - - [14/Apr/2024:07:34:15 +0800] "GET /xingrg/all/function/internal_message.html?_=1713051253933&CODE_STATE=getMsg HTTP/1.1" 200 27
221.239.169.251 - - [14/Apr/2024:07:34:31 +0800] "GET /xingrg/check_reg.html?_=1713051270207 HTTP/1.1" 200 22
124.78.56.241 - - [14/Apr/2024:07:34:33 +0800] "GET /xingrg/all/function/internal_message.html?_=1713051273067&CODE_STATE=getMsg HTTP/1.1" 200 27
180.164.1.25 - - [14/Apr/2024:07:34:42 +0800] "GET /xingrg/check_reg.html?_=1713051280916 HTTP/1.1" 200 22
180.164.1.25 - - [14/Apr/2024:07:34:42 +0800] "GET /xingrg/all/function/internal_message.html?_=1713051280919&CODE_STATE=getMsg HTTP/1.1" 200 27
221.239.169.251 - - [14/Apr/2024:07:35:15 +0800] "GET /xingrg/all/function/internal_message.html?_=1713051313904&CODE_STATE=getMsg HTTP/1.1" 200 27
124.78.56.241 - - [14/Apr/2024:07:35:33 +0800] "GET /xingrg/all/function/internal_message.html?_=1713051333049&CODE_STATE=getMsg HTTP/1.1" 200 27
180.164.1.25 - - [14/Apr/2024:07:35:42 +0800] "GET /xingrg/all/function/internal_message.html?_=1713051340920&CODE_STATE=getMsg HTTP/1.1" 200 27
218.81.220.69 - - [14/Apr/2024:07:35:44 +0800] "GET /xingrg/check_reg.html?_=1713051345275 HTTP/1.1" 200 22
124.78.56.241 - - [14/Apr/2024:07:35:46 +0800] "GET /xingrg/check_reg.html?_=1713051346872 HTTP/1.1" 200 22
221.239.169.251 - - [14/Apr/2024:07:36:15 +0800] "GET /xingrg/all/function/internal_message.html?_=1713051373889&CODE_STATE=getMsg HTTP/1.1" 200 27
124.78.56.241 - - [14/Apr/2024:07:36:33 +0800] "GET /xingrg/all/function/internal_message.html?_=1713051393046&CODE_STATE=getMsg HTTP/1.1" 200 27
180.164.1.25 - - [14/Apr/2024:07:36:42 +0800] "GET /xingrg/all/function/internal_message.html?_=1713051400919&CODE_STATE=getMsg HTTP/1.1" 200 27
221.239.169.251 - - [14/Apr/2024:07:37:15 +0800] "GET /xingrg/all/function/internal_message.html?_=1713051433872&CODE_STATE=getMsg HTTP/1.1" 200 27
120.253.135.82 - - [14/Apr/2024:07:37:28 +0800] "GET /xingrg/kc/pszx/mdqp_order_list.html?state=10 HTTP/1.1" 200 10763
120.253.135.82 - - [14/Apr/2024:07:37:28 +0800] "GET /xingrg/dwr/interface/AjaxQqpsService.js HTTP/1.1" 200 16326
120.253.135.82 - - [14/Apr/2024:07:37:28 +0800] "GET /xingrg/dwr/interface/AjaxReportQueryService.js HTTP/1.1" 200 13203
120.253.135.82 - - [14/Apr/2024:07:37:28 +0800] "GET /xingrg/dwr/engine.js HTTP/1.1" 200 43631
124.78.56.241 - - [14/Apr/2024:07:37:33 +0800] "GET /xingrg/all/function/internal_message.html?_=1713051453021&CODE_STATE=getMsg HTTP/1.1" 200 27
180.164.1.25 - - [14/Apr/2024:07:37:42 +0800] "GET /xingrg/all/function/internal_message.html?_=1713051460911&CODE_STATE=getMsg HTTP/1.1" 200 27
120.253.135.82 - - [14/Apr/2024:07:37:54 +0800] "GET /xingrg/kc/pszx/mdps_order_list.html?orderType=0 HTTP/1.1" 200 21033
120.253.135.82 - - [14/Apr/2024:07:37:55 +0800] "POST /xingrg/kc/pszx/mdps_list_operate.html HTTP/1.1" 200 5221
120.253.135.82 - - [14/Apr/2024:07:38:06 +0800] "POST /xingrg/kc/pszx/mdps_list_operate.html HTTP/1.1" 200 2831
120.253.135.82 - - [14/Apr/2024:07:38:08 +0800] "POST /xingrg/kc/pszx/mdps_list_operate.html HTTP/1.1" 200 304
120.253.135.82 - - [14/Apr/2024:07:38:09 +0800] "POST /xingrg/kc/pszx/mdps_list_operate.html HTTP/1.1" 200 210
120.253.135.82 - - [14/Apr/2024:07:38:12 +0800] "GET /xingrg/kc/pszx/mdps_order_info.html?code=312024041400216 HTTP/1.1" 200 23982
120.253.135.82 - - [14/Apr/2024:07:38:12 +0800] "GET /xingrg/javascript/easyui/themes/default/validatebox.css HTTP/1.1" 404 1104
120.253.135.82 - - [14/Apr/2024:07:38:13 +0800] "POST /xingrg/kc/pszx/mdps_order_operate.html HTTP/1.1" 200 2305
221.239.169.251 - - [14/Apr/2024:07:38:15 +0800] "GET /xingrg/all/function/internal_message.html?_=1713051493857&CODE_STATE=getMsg HTTP/1.1" 200 27
120.253.135.82 - - [14/Apr/2024:07:38:22 +0800] "POST /xingrg/kc/pszx/mdps_order_operate.html HTTP/1.1" 200 37
120.253.135.82 - - [14/Apr/2024:07:38:26 +0800] "POST /xingrg/kc/pszx/mdps_order_operate.html HTTP/1.1" 200 12
124.78.56.241 - - [14/Apr/2024:07:38:32 +0800] "GET /xingrg/all/function/internal_message.html?_=1713051512991&CODE_STATE=getMsg HTTP/1.1" 200 27
120.253.135.82 - - [14/Apr/2024:07:38:39 +0800] "GET /xingrg/kc/pszx/mdps_order_info.html?code=312024041400216 HTTP/1.1" 200 19642
120.253.135.82 - - [14/Apr/2024:07:38:39 +0800] "GET /xingrg/javascript/easyui/themes/default/validatebox.css HTTP/1.1" 404 1104
120.253.135.82 - - [14/Apr/2024:07:38:40 +0800] "POST /xingrg/kc/pszx/mdps_order_operate.html HTTP/1.1" 200 525
180.164.1.25 - - [14/Apr/2024:07:38:42 +0800] "GET /xingrg/all/function/internal_message.html?_=1713051520928&CODE_STATE=getMsg HTTP/1.1" 200 27
120.253.135.82 - - [14/Apr/2024:07:38:43 +0800] "POST /xingrg/kc/pszx/mdps_list_operate.html HTTP/1.1" 200 639
120.253.135.82 - - [14/Apr/2024:07:38:44 +0800] "GET /xingrg/kc/pszx/mdps_order_info.html?code=312024041300204 HTTP/1.1" 200 23982
120.253.135.82 - - [14/Apr/2024:07:38:45 +0800] "GET /xingrg/javascript/easyui/themes/default/validatebox.css HTTP/1.1" 404 1104
120.253.135.82 - - [14/Apr/2024:07:38:45 +0800] "POST /xingrg/kc/pszx/mdps_order_operate.html HTTP/1.1" 200 16524
101.80.230.31 - - [14/Apr/2024:07:38:49 +0800] "POST /xingrg/services/DataTransmitService HTTP/1.1" 200 524
120.253.135.82 - - [14/Apr/2024:07:38:59 +0800] "POST /xingrg/kc/pszx/mdps_order_operate.html HTTP/1.1" 200 37
120.253.135.82 - - [14/Apr/2024:07:39:04 +0800] "POST /xingrg/kc/pszx/mdps_order_operate.html HTTP/1.1" 200 12
221.239.169.251 - - [14/Apr/2024:07:39:15 +0800] "GET /xingrg/all/function/internal_message.html?_=1713051553840&CODE_STATE=getMsg HTTP/1.1" 200 27
120.253.135.82 - - [14/Apr/2024:07:39:21 +0800] "GET /xingrg/kc/pszx/mdps_order_info.html?code=312024041300204 HTTP/1.1" 200 19642
120.253.135.82 - - [14/Apr/2024:07:39:21 +0800] "GET /xingrg/javascript/easyui/themes/default/validatebox.css HTTP/1.1" 404 1104
120.253.135.82 - - [14/Apr/2024:07:39:21 +0800] "POST /xingrg/kc/pszx/mdps_order_operate.html HTTP/1.1" 200 14627
120.253.135.82 - - [14/Apr/2024:07:39:25 +0800] "POST /xingrg/kc/pszx/mdps_list_operate.html HTTP/1.1" 200 2075
120.253.135.82 - - [14/Apr/2024:07:39:30 +0800] "POST /xingrg/kc/pszx/mdps_list_operate.html HTTP/1.1" 200 615
120.253.135.82 - - [14/Apr/2024:07:39:31 +0800] "GET /xingrg/kc/pszx/mdps_order_info.html?code=312024041300205 HTTP/1.1" 200 23982
221.239.169.251 - - [14/Apr/2024:07:39:31 +0800] "GET /xingrg/check_reg.html?_=1713051570207 HTTP/1.1" 200 22
120.253.135.82 - - [14/Apr/2024:07:39:32 +0800] "GET /xingrg/javascript/easyui/themes/default/validatebox.css HTTP/1.1" 404 1104
120.253.135.82 - - [14/Apr/2024:07:39:32 +0800] "POST /xingrg/kc/pszx/mdps_order_operate.html HTTP/1.1" 200 6276
124.78.56.241 - - [14/Apr/2024:07:39:32 +0800] "GET /xingrg/all/function/internal_message.html?_=1713051572972&CODE_STATE=getMsg HTTP/1.1" 200 27
180.164.1.25 - - [14/Apr/2024:07:39:42 +0800] "GET /xingrg/check_reg.html?_=1713051580902 HTTP/1.1" 200 22
180.164.1.25 - - [14/Apr/2024:07:39:42 +0800] "GET /xingrg/all/function/internal_message.html?_=1713051580905&CODE_STATE=getMsg HTTP/1.1" 200 27
120.253.135.82 - - [14/Apr/2024:07:39:55 +0800] "POST /xingrg/kc/pszx/mdps_order_operate.html HTTP/1.1" 200 37
120.253.135.82 - - [14/Apr/2024:07:39:59 +0800] "POST /xingrg/kc/pszx/mdps_order_operate.html HTTP/1.1" 200 12
221.239.169.251 - - [14/Apr/2024:07:40:15 +0800] "GET /xingrg/all/function/internal_message.html?_=1713051613814&CODE_STATE=getMsg HTTP/1.1" 200 27
120.253.135.82 - - [14/Apr/2024:07:40:26 +0800] "GET /xingrg/kc/pszx/mdps_order_info.html?code=312024041300205 HTTP/1.1" 200 19642
120.253.135.82 - - [14/Apr/2024:07:40:26 +0800] "GET /xingrg/javascript/easyui/themes/default/validatebox.css HTTP/1.1" 404 1104
120.253.135.82 - - [14/Apr/2024:07:40:26 +0800] "POST /xingrg/kc/pszx/mdps_order_operate.html HTTP/1.1" 200 4457
120.253.135.82 - - [14/Apr/2024:07:40:32 +0800] "POST /xingrg/kc/pszx/mdps_list_operate.html HTTP/1.1" 200 1696
124.78.56.241 - - [14/Apr/2024:07:40:32 +0800] "GET /xingrg/all/function/internal_message.html?_=1713051632948&CODE_STATE=getMsg HTTP/1.1" 200 27
120.253.135.82 - - [14/Apr/2024:07:40:33 +0800] "POST /xingrg/kc/pszx/mdps_list_operate.html HTTP/1.1" 200 304
180.164.1.25 - - [14/Apr/2024:07:40:42 +0800] "GET /xingrg/all/function/internal_message.html?_=1713051640910&CODE_STATE=getMsg HTTP/1.1" 200 27
218.81.220.69 - - [14/Apr/2024:07:40:44 +0800] "GET /xingrg/check_reg.html?_=1713051645284 HTTP/1.1" 200 22
120.253.135.82 - - [14/Apr/2024:07:40:45 +0800] "POST /xingrg/kc/pszx/mdps_list_operate.html HTTP/1.1" 200 2076
124.78.56.241 - - [14/Apr/2024:07:40:46 +0800] "GET /xingrg/check_reg.html?_=1713051646847 HTTP/1.1" 200 22
120.253.135.82 - - [14/Apr/2024:07:40:46 +0800] "POST /xingrg/kc/pszx/mdps_list_operate.html HTTP/1.1" 200 650
120.253.135.82 - - [14/Apr/2024:07:40:55 +0800] "GET /xingrg/kc/pszx/mdps_order_info.html?code=312024041300206 HTTP/1.1" 200 23982
120.253.135.82 - - [14/Apr/2024:07:40:56 +0800] "GET /xingrg/javascript/easyui/themes/default/validatebox.css HTTP/1.1" 404 1104
120.253.135.82 - - [14/Apr/2024:07:40:56 +0800] "POST /xingrg/kc/pszx/mdps_order_operate.html HTTP/1.1" 200 13557
221.239.169.251 - - [14/Apr/2024:07:41:15 +0800] "GET /xingrg/all/function/internal_message.html?_=1713051673799&CODE_STATE=getMsg HTTP/1.1" 200 27
124.78.56.241 - - [14/Apr/2024:07:41:32 +0800] "GET /xingrg/all/function/internal_message.html?_=1713051692945&CODE_STATE=getMsg HTTP/1.1" 200 27
180.164.1.25 - - [14/Apr/2024:07:41:42 +0800] "GET /xingrg/all/function/internal_message.html?_=1713051700915&CODE_STATE=getMsg HTTP/1.1" 200 27
120.253.135.82 - - [14/Apr/2024:07:42:05 +0800] "GET /xingrg/check_reg.html?_=1713051571906 HTTP/1.1" 200 22
221.239.169.251 - - [14/Apr/2024:07:42:15 +0800] "GET /xingrg/all/function/internal_message.html?_=1713051733782&CODE_STATE=getMsg HTTP/1.1" 200 27
124.78.56.241 - - [14/Apr/2024:07:42:32 +0800] "GET /xingrg/all/function/internal_message.html?_=1713051752929&CODE_STATE=getMsg HTTP/1.1" 200 27
180.164.1.25 - - [14/Apr/2024:07:42:42 +0800] "GET /xingrg/all/function/internal_message.html?_=1713051760913&CODE_STATE=getMsg HTTP/1.1" 200 27
221.239.169.251 - - [14/Apr/2024:07:43:15 +0800] "GET /xingrg/all/function/internal_message.html?_=1713051793765&CODE_STATE=getMsg HTTP/1.1" 200 27
124.78.56.241 - - [14/Apr/2024:07:43:32 +0800] "GET /xingrg/all/function/internal_message.html?_=1713051812912&CODE_STATE=getMsg HTTP/1.1" 200 27
180.164.1.25 - - [14/Apr/2024:07:43:42 +0800] "GET /xingrg/all/function/internal_message.html?_=1713051820915&CODE_STATE=getMsg HTTP/1.1" 200 27
116.237.76.76 - - [14/Apr/2024:07:44:00 +0800] "POST /xingrg/services/DataTransmitService HTTP/1.1" 200 524
221.239.169.251 - - [14/Apr/2024:07:44:15 +0800] "GET /xingrg/all/function/internal_message.html?_=1713051853750&CODE_STATE=getMsg HTTP/1.1" 200 27
221.239.169.251 - - [14/Apr/2024:07:44:31 +0800] "GET /xingrg/check_reg.html?_=1713051870217 HTTP/1.1" 200 22
124.78.56.241 - - [14/Apr/2024:07:44:32 +0800] "GET /xingrg/all/function/internal_message.html?_=1713051872890&CODE_STATE=getMsg HTTP/1.1" 200 27
180.164.1.25 - - [14/Apr/2024:07:44:42 +0800] "GET /xingrg/check_reg.html?_=1713051880915 HTTP/1.1" 200 22
180.164.1.25 - - [14/Apr/2024:07:44:42 +0800] "GET /xingrg/all/function/internal_message.html?_=1713051880918&CODE_STATE=getMsg HTTP/1.1" 200 27
221.239.169.251 - - [14/Apr/2024:07:45:15 +0800] "GET /xingrg/all/function/internal_message.html?_=1713051913727&CODE_STATE=getMsg HTTP/1.1" 200 27
124.78.56.241 - - [14/Apr/2024:07:45:32 +0800] "GET /xingrg/all/function/internal_message.html?_=1713051932872&CODE_STATE=getMsg HTTP/1.1" 200 27
180.164.1.25 - - [14/Apr/2024:07:45:42 +0800] "GET /xingrg/all/function/internal_message.html?_=1713051940915&CODE_STATE=getMsg HTTP/1.1" 200 27
218.81.220.69 - - [14/Apr/2024:07:45:44 +0800] "GET /xingrg/check_reg.html?_=1713051945288 HTTP/1.1" 200 22
124.78.56.241 - - [14/Apr/2024:07:45:46 +0800] "GET /xingrg/check_reg.html?_=1713051946841 HTTP/1.1" 200 22
120.253.135.82 - - [14/Apr/2024:07:46:03 +0800] "POST /xingrg/kc/pszx/mdps_list_operate.html HTTP/1.1" 200 2076
120.253.135.82 - - [14/Apr/2024:07:46:05 +0800] "GET /xingrg/kc/report/report_main.html HTTP/1.1" 200 8599
120.253.135.82 - - [14/Apr/2024:07:46:06 +0800] "GET /xingrg/kc/base/kc_stocks.html HTTP/1.1" 200 16554
120.253.135.82 - - [14/Apr/2024:07:46:06 +0800] "GET /xingrg/javascript/easyui/themes/default/tree.css HTTP/1.1" 404 1090
120.253.135.82 - - [14/Apr/2024:07:46:06 +0800] "POST /xingrg/all/common/load_tree.html?tree=materiel_sort_tree_json HTTP/1.1" 200 9734
120.253.135.82 - - [14/Apr/2024:07:46:07 +0800] "POST /xingrg/all/common/load_combo.html?type=base HTTP/1.1" 200 1169
120.253.135.82 - - [14/Apr/2024:07:46:14 +0800] "POST /xingrg/kc/base/stock_operate.html HTTP/1.1" 200 1719
221.239.169.251 - - [14/Apr/2024:07:46:15 +0800] "GET /xingrg/all/function/internal_message.html?_=1713051973696&CODE_STATE=getMsg HTTP/1.1" 200 27
120.253.135.82 - - [14/Apr/2024:07:46:17 +0800] "GET /xingrg/kc/pszx/mdqp_order_list.html?state=10 HTTP/1.1" 200 10763
120.253.135.82 - - [14/Apr/2024:07:46:17 +0800] "GET /xingrg/dwr/interface/AjaxQqpsService.js HTTP/1.1" 200 16326
120.253.135.82 - - [14/Apr/2024:07:46:17 +0800] "GET /xingrg/dwr/interface/AjaxReportQueryService.js HTTP/1.1" 200 13203
120.253.135.82 - - [14/Apr/2024:07:46:17 +0800] "GET /xingrg/dwr/engine.js HTTP/1.1" 200 43631
120.253.135.82 - - [14/Apr/2024:07:46:21 +0800] "GET /xingrg/kc/pszx/mdqp_order_list.html?state=10 HTTP/1.1" 200 10763
120.253.135.82 - - [14/Apr/2024:07:46:21 +0800] "GET /xingrg/dwr/interface/AjaxQqpsService.js HTTP/1.1" 200 16326
120.253.135.82 - - [14/Apr/2024:07:46:21 +0800] "GET /xingrg/dwr/interface/AjaxReportQueryService.js HTTP/1.1" 200 13203
120.253.135.82 - - [14/Apr/2024:07:46:21 +0800] "GET /xingrg/dwr/engine.js HTTP/1.1" 200 43631
124.78.56.241 - - [14/Apr/2024:07:46:32 +0800] "GET /xingrg/all/function/internal_message.html?_=1713051992856&CODE_STATE=getMsg HTTP/1.1" 200 27
180.164.1.25 - - [14/Apr/2024:07:46:42 +0800] "GET /xingrg/all/function/internal_message.html?_=1713052000909&CODE_STATE=getMsg HTTP/1.1" 200 27
120.253.135.82 - - [14/Apr/2024:07:47:05 +0800] "GET /xingrg/check_reg.html?_=1713051871927 HTTP/1.1" 200 22
221.239.169.251 - - [14/Apr/2024:07:47:15 +0800] "GET /xingrg/all/function/internal_message.html?_=1713052033690&CODE_STATE=getMsg HTTP/1.1" 200 27
124.78.56.241 - - [14/Apr/2024:07:47:32 +0800] "GET /xingrg/all/function/internal_message.html?_=1713052052841&CODE_STATE=getMsg HTTP/1.1" 200 27
180.164.1.25 - - [14/Apr/2024:07:47:42 +0800] "GET /xingrg/all/function/internal_message.html?_=1713052060928&CODE_STATE=getMsg HTTP/1.1" 200 27
221.239.169.251 - - [14/Apr/2024:07:48:15 +0800] "GET /xingrg/all/function/internal_message.html?_=1713052093664&CODE_STATE=getMsg HTTP/1.1" 200 27
124.78.56.241 - - [14/Apr/2024:07:48:32 +0800] "GET /xingrg/all/function/internal_message.html?_=1713052112816&CODE_STATE=getMsg HTTP/1.1" 200 27
180.164.1.25 - - [14/Apr/2024:07:48:42 +0800] "GET /xingrg/all/function/internal_message.html?_=1713052120911&CODE_STATE=getMsg HTTP/1.1" 200 27
221.239.169.251 - - [14/Apr/2024:07:49:15 +0800] "GET /xingrg/all/function/internal_message.html?_=1713052153651&CODE_STATE=getMsg HTTP/1.1" 200 27
221.239.169.251 - - [14/Apr/2024:07:49:31 +0800] "GET /xingrg/check_reg.html?_=1713052170220 HTTP/1.1" 200 22
124.78.56.241 - - [14/Apr/2024:07:49:32 +0800] "GET /xingrg/all/function/internal_message.html?_=1713052172794&CODE_STATE=getMsg HTTP/1.1" 200 27
180.164.1.25 - - [14/Apr/2024:07:49:42 +0800] "GET /xingrg/all/function/internal_message.html?_=1713052180927&CODE_STATE=getMsg HTTP/1.1" 200 27
180.164.1.25 - - [14/Apr/2024:07:49:42 +0800] "GET /xingrg/check_reg.html?_=1713052180930 HTTP/1.1" 200 22
221.239.169.251 - - [14/Apr/2024:07:50:15 +0800] "GET /xingrg/all/function/internal_message.html?_=1713052213637&CODE_STATE=getMsg HTTP/1.1" 200 27
124.78.56.241 - - [14/Apr/2024:07:50:32 +0800] "GET /xingrg/all/function/internal_message.html?_=1713052232774&CODE_STATE=getMsg HTTP/1.1" 200 27
180.164.1.25 - - [14/Apr/2024:07:50:42 +0800] "GET /xingrg/all/function/internal_message.html?_=1713052240910&CODE_STATE=getMsg HTTP/1.1" 200 27
218.81.220.69 - - [14/Apr/2024:07:50:44 +0800] "GET /xingrg/check_reg.html?_=1713052245295 HTTP/1.1" 200 22
124.78.56.241 - - [14/Apr/2024:07:50:46 +0800] "GET /xingrg/check_reg.html?_=1713052246813 HTTP/1.1" 200 22
221.239.169.251 - - [14/Apr/2024:07:51:15 +0800] "GET /xingrg/all/function/internal_message.html?_=1713052273620&CODE_STATE=getMsg HTTP/1.1" 200 27
124.78.56.241 - - [14/Apr/2024:07:51:32 +0800] "GET /xingrg/all/function/internal_message.html?_=1713052292765&CODE_STATE=getMsg HTTP/1.1" 200 27
180.164.1.25 - - [14/Apr/2024:07:51:42 +0800] "GET /xingrg/all/function/internal_message.html?_=1713052300925&CODE_STATE=getMsg HTTP/1.1" 200 27
120.253.135.82 - - [14/Apr/2024:07:52:05 +0800] "GET /xingrg/check_reg.html?_=1713052171932 HTTP/1.1" 200 22
221.239.169.251 - - [14/Apr/2024:07:52:15 +0800] "GET /xingrg/all/function/internal_message.html?_=1713052333605&CODE_STATE=getMsg HTTP/1.1" 200 27
124.78.56.241 - - [14/Apr/2024:07:52:32 +0800] "GET /xingrg/all/function/internal_message.html?_=1713052352743&CODE_STATE=getMsg HTTP/1.1" 200 27
180.164.1.25 - - [14/Apr/2024:07:52:42 +0800] "GET /xingrg/all/function/internal_message.html?_=1713052360924&CODE_STATE=getMsg HTTP/1.1" 200 27
221.239.169.251 - - [14/Apr/2024:07:53:15 +0800] "GET /xingrg/all/function/internal_message.html?_=1713052393590&CODE_STATE=getMsg HTTP/1.1" 200 27
124.78.56.241 - - [14/Apr/2024:07:53:32 +0800] "GET /xingrg/all/function/internal_message.html?_=1713052412726&CODE_STATE=getMsg HTTP/1.1" 200 27
180.164.1.25 - - [14/Apr/2024:07:53:42 +0800] "GET /xingrg/all/function/internal_message.html?_=1713052420914&CODE_STATE=getMsg HTTP/1.1" 200 27
221.239.169.251 - - [14/Apr/2024:07:54:15 +0800] "GET /xingrg/all/function/internal_message.html?_=1713052453575&CODE_STATE=getMsg HTTP/1.1" 200 27
221.239.169.251 - - [14/Apr/2024:07:54:31 +0800] "GET /xingrg/check_reg.html?_=1713052470223 HTTP/1.1" 200 22
124.78.56.241 - - [14/Apr/2024:07:54:32 +0800] "GET /xingrg/all/function/internal_message.html?_=1713052472714&CODE_STATE=getMsg HTTP/1.1" 200 27
180.164.1.25 - - [14/Apr/2024:07:54:42 +0800] "GET /xingrg/all/function/internal_message.html?_=1713052480914&CODE_STATE=getMsg HTTP/1.1" 200 27
180.164.1.25 - - [14/Apr/2024:07:54:42 +0800] "GET /xingrg/check_reg.html?_=1713052480918 HTTP/1.1" 200 22
116.230.109.19 - - [14/Apr/2024:07:55:12 +0800] "POST /xingrg/services/DataTransmitService HTTP/1.1" 200 524
221.239.169.251 - - [14/Apr/2024:07:55:15 +0800] "GET /xingrg/all/function/internal_message.html?_=1713052513548&CODE_STATE=getMsg HTTP/1.1" 200 27
124.78.56.241 - - [14/Apr/2024:07:55:32 +0800] "GET /xingrg/all/function/internal_message.html?_=1713052532699&CODE_STATE=getMsg HTTP/1.1" 200 27
