116.237.76.76 - - [14/Apr/2024:11:25:46 +0800] "POST /xingrg/all/common/load_tree.html?tree=supplier_tree_json&isDelete=1 HTTP/1.1" 200 79288
116.230.109.19 - - [14/Apr/2024:11:25:47 +0800] "GET /xingrg/all/function/internal_message.html?_=1713065147405&CODE_STATE=getMsg HTTP/1.1" 200 27
116.230.109.19 - - [14/Apr/2024:11:25:48 +0800] "POST /xingrg/kc/buy/cgsh_list_operate.html HTTP/1.1" 200 2558
222.70.183.82 - - [14/Apr/2024:11:25:48 +0800] "GET /xingrg/kc/buy/cgsh_order_add.html HTTP/1.1" 200 73902
222.70.183.82 - - [14/Apr/2024:11:25:49 +0800] "POST /xingrg/kc/buy/cgsh_order_operate.html HTTP/1.1" 200 8245
222.70.183.82 - - [14/Apr/2024:11:25:49 +0800] "GET /xingrg/javascript/easyui/themes/default/validatebox.css HTTP/1.1" 404 1104
116.224.254.208 - - [14/Apr/2024:11:25:52 +0800] "POST /xingrg/kc/buy/cgsh_order_operate.html HTTP/1.1" 200 37
116.230.109.19 - - [14/Apr/2024:11:25:53 +0800] "POST /xingrg/kc/buy/cgsh_list_operate.html HTTP/1.1" 200 203
116.238.97.31 - - [14/Apr/2024:11:25:54 +0800] "GET /xingrg/kc/buy/cgsh_order_operate.html?command=get_materiel&rest_code=00102&code=00101001037&supplier_code=00100545&order_time=2024-04-13 HTTP/1.1" 200 418
116.224.254.208 - - [14/Apr/2024:11:25:55 +0800] "GET /xingrg/all/function/internal_message.html?_=1713065155342&CODE_STATE=getMsg HTTP/1.1" 200 27
116.224.254.208 - - [14/Apr/2024:11:25:58 +0800] "POST /xingrg/kc/buy/cgsh_order_operate.html HTTP/1.1" 200 12
221.239.169.251 - - [14/Apr/2024:11:26:00 +0800] "POST /xingrg/kc/buy/cgsh_list_operate.html HTTP/1.1" 200 4800
116.238.97.31 - - [14/Apr/2024:11:26:04 +0800] "POST /xingrg/kc/buy/cgsh_order_operate.html HTTP/1.1" 200 37
222.70.183.82 - - [14/Apr/2024:11:26:05 +0800] "GET /xingrg/kc/buy/cgsh_order_operate.html?command=get_materiel&rest_code=00111&code=00101006164&supplier_code=00100326&order_time=2024-04-14 HTTP/1.1" 200 415
116.237.76.76 - - [14/Apr/2024:11:26:06 +0800] "GET /xingrg/kc/buy/cgsh_order_operate.html?command=get_materiel&rest_code=00106&code=00101006199&supplier_code=00100330&order_time=2024-04-14 HTTP/1.1" 200 414
116.224.254.208 - - [14/Apr/2024:11:26:06 +0800] "GET /xingrg/kc/buy/cgsh_order_info.html?code=212024041403510 HTTP/1.1" 200 68866
116.238.97.31 - - [14/Apr/2024:11:26:06 +0800] "POST /xingrg/kc/buy/cgsh_order_operate.html HTTP/1.1" 200 3262
116.224.254.208 - - [14/Apr/2024:11:26:07 +0800] "GET /xingrg/javascript/easyui/themes/default/validatebox.css HTTP/1.1" 404 1104
116.224.254.208 - - [14/Apr/2024:11:26:08 +0800] "POST /xingrg/kc/buy/cgsh_order_operate.html HTTP/1.1" 200 1196
116.238.97.31 - - [14/Apr/2024:11:26:08 +0800] "GET /xingrg/kc/print/load_config.html?kc_code=cgsh HTTP/1.1" 200 1927
116.238.97.31 - - [14/Apr/2024:11:26:09 +0800] "GET /xingrg/kc/print/load_data.html?order_code=212024041403511&kc_code=cgsh&condition= HTTP/1.1" 200 892
116.237.76.76 - - [14/Apr/2024:11:26:09 +0800] "GET /xingrg/check_reg.html?_=1713065170790 HTTP/1.1" 200 22
116.237.76.76 - - [14/Apr/2024:11:26:09 +0800] "GET /xingrg/all/function/internal_message.html?_=1713065170791&CODE_STATE=getMsg HTTP/1.1" 200 27
116.224.254.208 - - [14/Apr/2024:11:26:09 +0800] "GET /xingrg/kc/print/load_data.html?order_code=212024041403510&kc_code=cgsh&condition= HTTP/1.1" 200 936
116.238.97.31 - - [14/Apr/2024:11:26:10 +0800] "GET /xingrg/all/function/internal_message.html?_=1713065205003&CODE_STATE=getMsg HTTP/1.1" 200 27
116.238.97.31 - - [14/Apr/2024:11:26:11 +0800] "GET /xingrg/all/function/internal_message.html?_=1713065172816&CODE_STATE=getMsg HTTP/1.1" 200 27
116.238.97.31 - - [14/Apr/2024:11:26:13 +0800] "GET /xingrg/kc/buy/cgsh_order_add.html HTTP/1.1" 200 73987
116.238.97.31 - - [14/Apr/2024:11:26:13 +0800] "POST /xingrg/kc/buy/cgsh_order_operate.html HTTP/1.1" 200 8245
116.238.97.31 - - [14/Apr/2024:11:26:13 +0800] "GET /xingrg/javascript/easyui/themes/default/validatebox.css HTTP/1.1" 404 1104
116.224.254.208 - - [14/Apr/2024:11:26:14 +0800] "GET /xingrg/kc/buy/cgsh_order_add.html HTTP/1.1" 200 73990
116.224.254.208 - - [14/Apr/2024:11:26:14 +0800] "POST /xingrg/kc/buy/cgsh_order_operate.html HTTP/1.1" 200 8245
116.224.254.208 - - [14/Apr/2024:11:26:14 +0800] "GET /xingrg/javascript/easyui/themes/default/validatebox.css HTTP/1.1" 404 1104
222.70.183.82 - - [14/Apr/2024:11:26:17 +0800] "POST /xingrg/kc/buy/cgsh_order_operate.html HTTP/1.1" 200 37
116.237.76.76 - - [14/Apr/2024:11:26:24 +0800] "POST /xingrg/kc/buy/cgsh_order_operate.html HTTP/1.1" 200 37
116.224.254.208 - - [14/Apr/2024:11:26:24 +0800] "GET /xingrg/kc/buy/cgsh_order_operate.html?command=get_materiel&rest_code=00150&code=00101010079&supplier_code=00100336&order_time=2024-04-14 HTTP/1.1" 200 413
221.239.169.251 - - [14/Apr/2024:11:26:24 +0800] "GET /xingrg/all/function/internal_message.html?_=1713065182799&CODE_STATE=getMsg HTTP/1.1" 200 27
116.238.97.31 - - [14/Apr/2024:11:26:26 +0800] "GET /xingrg/kc/buy/cgsh_order_operate.html?command=get_materiel&rest_code=00102&code=00101004065&supplier_code=00100086&order_time=2024-04-13 HTTP/1.1" 200 413
101.83.144.49 - - [14/Apr/2024:11:26:26 +0800] "GET /xingrg/kc/buy/cgsh_order_operate.html?command=get_materiel&rest_code=00105&code=00101008368&supplier_code=00100008&order_time=2024-04-14 HTTP/1.1" 200 408
116.237.76.76 - - [14/Apr/2024:11:26:29 +0800] "GET /xingrg/all/function/internal_message.html?_=1713065185116&CODE_STATE=getMsg HTTP/1.1" 200 27
101.83.144.49 - - [14/Apr/2024:11:26:29 +0800] "GET /xingrg/all/function/internal_message.html?_=1713064948365&CODE_STATE=getMsg HTTP/1.1" 200 27
116.224.254.208 - - [14/Apr/2024:11:26:32 +0800] "POST /xingrg/kc/buy/cgsh_order_operate.html HTTP/1.1" 200 37
116.237.76.76 - - [14/Apr/2024:11:26:35 +0800] "POST /xingrg/kc/buy/cgsh_order_operate.html HTTP/1.1" 200 12
116.224.254.208 - - [14/Apr/2024:11:26:39 +0800] "POST /xingrg/kc/buy/cgsh_order_operate.html HTTP/1.1" 200 12
101.83.144.49 - - [14/Apr/2024:11:26:41 +0800] "GET /xingrg/kc/buy/cgsh_order_operate.html?command=get_materiel&rest_code=00105&code=00101008696&supplier_code=00100008&order_time=2024-04-14 HTTP/1.1" 200 412
222.70.183.82 - - [14/Apr/2024:11:26:43 +0800] "POST /xingrg/kc/buy/cgsh_order_operate.html HTTP/1.1" 200 12
116.224.254.208 - - [14/Apr/2024:11:26:44 +0800] "GET /xingrg/kc/buy/cgsh_order_info.html?code=212024041403514 HTTP/1.1" 200 68862
116.224.254.208 - - [14/Apr/2024:11:26:44 +0800] "GET /xingrg/javascript/easyui/themes/default/validatebox.css HTTP/1.1" 404 1104
116.237.76.76 - - [14/Apr/2024:11:26:45 +0800] "GET /xingrg/kc/buy/cgsh_order_info.html?code=212024041403513 HTTP/1.1" 200 68818
116.237.76.76 - - [14/Apr/2024:11:26:45 +0800] "GET /xingrg/javascript/easyui/themes/default/validatebox.css HTTP/1.1" 404 1104
114.95.153.66 - - [14/Apr/2024:11:26:45 +0800] "GET /xingrg/all/function/internal_message.html?_=1713065206621&CODE_STATE=getMsg HTTP/1.1" 200 27
116.238.97.31 - - [14/Apr/2024:11:26:46 +0800] "POST /xingrg/kc/buy/cgsh_order_operate.html HTTP/1.1" 200 37
116.224.254.208 - - [14/Apr/2024:11:26:46 +0800] "POST /xingrg/kc/buy/cgsh_order_operate.html HTTP/1.1" 200 607
116.237.76.76 - - [14/Apr/2024:11:26:46 +0800] "POST /xingrg/kc/buy/cgsh_order_operate.html HTTP/1.1" 200 607
116.230.109.19 - - [14/Apr/2024:11:26:47 +0800] "GET /xingrg/all/function/internal_message.html?_=1713065207424&CODE_STATE=getMsg HTTP/1.1" 200 27
222.70.183.82 - - [14/Apr/2024:11:26:48 +0800] "GET /xingrg/kc/buy/cgsh_order_info.html?code=212024041403512 HTTP/1.1" 200 68778
116.224.254.208 - - [14/Apr/2024:11:26:48 +0800] "GET /xingrg/kc/print/load_data.html?order_code=212024041403514&kc_code=cgsh&condition= HTTP/1.1" 200 711
222.70.183.82 - - [14/Apr/2024:11:26:48 +0800] "GET /xingrg/javascript/easyui/themes/default/validatebox.css HTTP/1.1" 404 1104
116.238.97.31 - - [14/Apr/2024:11:26:49 +0800] "POST /xingrg/kc/buy/cgsh_order_operate.html HTTP/1.1" 200 2660
222.70.183.82 - - [14/Apr/2024:11:26:49 +0800] "POST /xingrg/kc/buy/cgsh_order_operate.html HTTP/1.1" 200 610
116.237.76.76 - - [14/Apr/2024:11:26:50 +0800] "GET /xingrg/kc/print/load_data.html?order_code=212024041403513&kc_code=cgsh&condition= HTTP/1.1" 200 704
116.237.76.76 - - [14/Apr/2024:11:26:50 +0800] "POST /xingrg/kc/buy/cgsh_list_operate.html HTTP/1.1" 200 4788
222.70.183.82 - - [14/Apr/2024:11:26:53 +0800] "GET /xingrg/kc/print/load_data.html?order_code=212024041403512&kc_code=cgsh&condition= HTTP/1.1" 200 708
116.224.254.208 - - [14/Apr/2024:11:26:53 +0800] "GET /xingrg/kc/buy/cgsh_order_add.html HTTP/1.1" 200 73990
116.224.254.208 - - [14/Apr/2024:11:26:53 +0800] "POST /xingrg/kc/buy/cgsh_order_operate.html HTTP/1.1" 200 8245
116.224.254.208 - - [14/Apr/2024:11:26:53 +0800] "GET /xingrg/javascript/easyui/themes/default/validatebox.css HTTP/1.1" 404 1104
116.224.254.208 - - [14/Apr/2024:11:26:55 +0800] "GET /xingrg/all/function/internal_message.html?_=1713065215320&CODE_STATE=getMsg HTTP/1.1" 200 27
116.237.76.76 - - [14/Apr/2024:11:26:57 +0800] "GET /xingrg/kc/buy/cgsh_order_add.html HTTP/1.1" 200 73940
116.237.76.76 - - [14/Apr/2024:11:26:57 +0800] "POST /xingrg/kc/buy/cgsh_order_operate.html HTTP/1.1" 200 8245
116.237.76.76 - - [14/Apr/2024:11:26:57 +0800] "GET /xingrg/javascript/easyui/themes/default/validatebox.css HTTP/1.1" 404 1104
222.70.183.82 - - [14/Apr/2024:11:26:58 +0800] "GET /xingrg/kc/buy/cgsh_order_add.html HTTP/1.1" 200 73902
222.70.183.82 - - [14/Apr/2024:11:26:58 +0800] "POST /xingrg/kc/buy/cgsh_order_operate.html HTTP/1.1" 200 8245
222.70.183.82 - - [14/Apr/2024:11:26:58 +0800] "GET /xingrg/javascript/easyui/themes/default/validatebox.css HTTP/1.1" 404 1104
101.83.144.49 - - [14/Apr/2024:11:26:59 +0800] "GET /xingrg/kc/buy/cgsh_order_operate.html?command=get_materiel&rest_code=00105&code=00101008353&supplier_code=00100008&order_time=2024-04-14 HTTP/1.1" 200 408
116.237.76.76 - - [14/Apr/2024:11:27:02 +0800] "GET /xingrg/javascript/easyui/themes/default/tree.css HTTP/1.1" 404 1090
116.237.76.76 - - [14/Apr/2024:11:27:03 +0800] "POST /xingrg/all/common/load_tree.html?tree=supplier_tree_json&isDelete=1 HTTP/1.1" 200 79288
116.224.254.208 - - [14/Apr/2024:11:27:03 +0800] "GET /xingrg/kc/buy/cgsh_order_operate.html?command=get_materiel&rest_code=00150&code=00101003047&supplier_code=00100093&order_time=2024-04-14 HTTP/1.1" 200 422
116.238.97.31 - - [14/Apr/2024:11:27:07 +0800] "GET /xingrg/kc/print/load_data.html?order_code=212024041403515&kc_code=cgsh&condition= HTTP/1.1" 200 739
116.237.76.76 - - [14/Apr/2024:11:27:09 +0800] "GET /xingrg/all/function/internal_message.html?_=1713065230790&CODE_STATE=getMsg HTTP/1.1" 200 27
116.238.97.31 - - [14/Apr/2024:11:27:10 +0800] "GET /xingrg/all/function/internal_message.html?_=1713065265012&CODE_STATE=getMsg HTTP/1.1" 200 27
116.238.97.31 - - [14/Apr/2024:11:27:11 +0800] "GET /xingrg/all/function/internal_message.html?_=1713065232830&CODE_STATE=getMsg HTTP/1.1" 200 27
116.238.97.31 - - [14/Apr/2024:11:27:11 +0800] "GET /xingrg/kc/buy/cgsh_order_add.html HTTP/1.1" 200 73987
116.238.97.31 - - [14/Apr/2024:11:27:12 +0800] "POST /xingrg/kc/buy/cgsh_order_operate.html HTTP/1.1" 200 8245
116.238.97.31 - - [14/Apr/2024:11:27:12 +0800] "GET /xingrg/javascript/easyui/themes/default/validatebox.css HTTP/1.1" 404 1104
116.224.254.208 - - [14/Apr/2024:11:27:17 +0800] "POST /xingrg/kc/buy/cgsh_order_operate.html HTTP/1.1" 200 37
101.83.144.49 - - [14/Apr/2024:11:27:19 +0800] "GET /xingrg/kc/buy/cgsh_order_operate.html?command=get_materiel&rest_code=00105&code=00101008478&supplier_code=00100008&order_time=2024-04-14 HTTP/1.1" 200 412
116.238.97.31 - - [14/Apr/2024:11:27:20 +0800] "GET /xingrg/kc/buy/cgsh_order_operate.html?command=get_materiel&rest_code=00102&code=00101004051&supplier_code=00100317&order_time=2024-04-13 HTTP/1.1" 200 408
222.70.183.82 - - [14/Apr/2024:11:27:20 +0800] "GET /xingrg/kc/buy/cgsh_order_operate.html?command=get_materiel&rest_code=00111&code=00101010030&supplier_code=00100667&order_time=2024-04-14 HTTP/1.1" 200 412
116.237.76.76 - - [14/Apr/2024:11:27:21 +0800] "GET /xingrg/kc/buy/cgsh_order_operate.html?command=get_materiel&rest_code=00106&code=00101006164&supplier_code=00100326&order_time=2024-04-14 HTTP/1.1" 200 415
116.224.254.208 - - [14/Apr/2024:11:27:24 +0800] "POST /xingrg/kc/buy/cgsh_order_operate.html HTTP/1.1" 200 12
221.239.169.251 - - [14/Apr/2024:11:27:24 +0800] "GET /xingrg/all/function/internal_message.html?_=1713065242766&CODE_STATE=getMsg HTTP/1.1" 200 27
116.224.254.208 - - [14/Apr/2024:11:27:26 +0800] "GET /xingrg/kc/buy/cgsh_order_info.html?code=212024041403516 HTTP/1.1" 200 68864
116.224.254.208 - - [14/Apr/2024:11:27:26 +0800] "GET /xingrg/javascript/easyui/themes/default/validatebox.css HTTP/1.1" 404 1104
116.224.254.208 - - [14/Apr/2024:11:27:27 +0800] "POST /xingrg/kc/buy/cgsh_order_operate.html HTTP/1.1" 200 621
116.238.97.31 - - [14/Apr/2024:11:27:28 +0800] "GET /xingrg/kc/buy/cgsh_order_operate.html?command=get_materiel&rest_code=00102&code=00101004067&supplier_code=00100317&order_time=2024-04-13 HTTP/1.1" 200 413
116.237.76.76 - - [14/Apr/2024:11:27:28 +0800] "GET /xingrg/check_reg.html?_=1713065244028 HTTP/1.1" 200 22
222.70.183.82 - - [14/Apr/2024:11:27:28 +0800] "GET /xingrg/kc/buy/cgsh_order_operate.html?command=get_materiel&rest_code=00111&code=00101020507&supplier_code=00100667&order_time=2024-04-14 HTTP/1.1" 200 404
180.163.28.109 - - [14/Apr/2024:11:27:29 +0800] "GET /xingrg/all/function/internal_message.html?_=1713065185116&CODE_STATE=getMsg HTTP/1.1" 302 -
180.163.28.109 - - [14/Apr/2024:11:27:29 +0800] "GET /xingrg/login.html HTTP/1.1" 200 7641
116.224.254.208 - - [14/Apr/2024:11:27:29 +0800] "GET /xingrg/kc/print/load_data.html?order_code=212024041403516&kc_code=cgsh&condition= HTTP/1.1" 200 779
116.237.76.76 - - [14/Apr/2024:11:27:29 +0800] "GET /xingrg/all/function/internal_message.html?_=1713065245087&CODE_STATE=getMsg HTTP/1.1" 200 27
101.83.144.49 - - [14/Apr/2024:11:27:29 +0800] "GET /xingrg/check_reg.html?_=1713065008367 HTTP/1.1" 200 22
101.83.144.49 - - [14/Apr/2024:11:27:29 +0800] "GET /xingrg/all/function/internal_message.html?_=1713065008371&CODE_STATE=getMsg HTTP/1.1" 200 27
114.83.217.203 - - [14/Apr/2024:11:27:30 +0800] "POST /xingrg/services/DataTransmitService HTTP/1.1" 200 524
114.83.217.203 - - [14/Apr/2024:11:27:31 +0800] "POST /xingrg/services/DataTransmitService HTTP/1.1" 200 412
116.237.76.76 - - [14/Apr/2024:11:27:31 +0800] "GET /xingrg/kc/buy/buy_main.html HTTP/1.1" 200 12412
116.237.76.76 - - [14/Apr/2024:11:27:31 +0800] "GET /xingrg/css/new_ie.css HTTP/1.1" 404 1036
116.224.254.208 - - [14/Apr/2024:11:27:35 +0800] "POST /xingrg/all/user/operate.html HTTP/1.1" 200 36
116.224.254.208 - - [14/Apr/2024:11:27:35 +0800] "GET /xingrg/index.html?sysBaseUrl=http%3A%2F%2F180.169.147.146%3A18081%2Fxingrg%2F&costTime=1716×tamp=1713064792244 HTTP/1.1" 200 17177
116.224.254.208 - - [14/Apr/2024:11:27:35 +0800] "GET /xingrg/javascript/jquery_easy_ui/themes/default/easyui.css HTTP/1.1" 304 -
116.224.254.208 - - [14/Apr/2024:11:27:35 +0800] "GET /xingrg/javascript/jquery_easy_ui/themes/icon.css HTTP/1.1" 304 -
116.224.254.208 - - [14/Apr/2024:11:27:35 +0800] "GET /xingrg/css/form.css HTTP/1.1" 304 -
116.224.254.208 - - [14/Apr/2024:11:27:35 +0800] "GET /xingrg/javascript/jquery-1.4.2.min.js HTTP/1.1" 304 -
116.224.254.208 - - [14/Apr/2024:11:27:35 +0800] "GET /xingrg/javascript/jquery_easy_ui/jquery.easyui.min.js HTTP/1.1" 304 -
116.224.254.208 - - [14/Apr/2024:11:27:35 +0800] "GET /xingrg/javascript/jquery_easy_ui/easyui-lang-zh_CN.js HTTP/1.1" 304 -
116.224.254.208 - - [14/Apr/2024:11:27:35 +0800] "GET /xingrg/javascript/jquery.form.js HTTP/1.1" 304 -
116.224.254.208 - - [14/Apr/2024:11:27:35 +0800] "GET /xingrg/javascript/jquery.utils.js HTTP/1.1" 304 -
116.224.254.208 - - [14/Apr/2024:11:27:35 +0800] "GET /xingrg/javascript/jquery.timers.js HTTP/1.1" 304 -
116.224.254.208 - - [14/Apr/2024:11:27:35 +0800] "GET /xingrg/images/blue/jxLogo.png HTTP/1.1" 304 -
116.224.254.208 - - [14/Apr/2024:11:27:35 +0800] "GET /xingrg/javascript/jquery_easy_ui/themes/icons/settle_new.png HTTP/1.1" 304 -
116.224.254.208 - - [14/Apr/2024:11:27:35 +0800] "GET /xingrg/images/blue/navBackgound.jpg HTTP/1.1" 304 -
116.224.254.208 - - [14/Apr/2024:11:27:35 +0800] "GET /xingrg/all/function/internal_message.html?_=1713065255598&CODE_STATE=count HTTP/1.1" 200 11
116.224.254.208 - - [14/Apr/2024:11:27:35 +0800] "GET /xingrg/images/blue/pingpu.png HTTP/1.1" 304 -
116.224.254.208 - - [14/Apr/2024:11:27:35 +0800] "GET /xingrg/javascript/jquery_easy_ui/themes/default/images/tabs_leftarrow.png HTTP/1.1" 304 -
116.224.254.208 - - [14/Apr/2024:11:27:35 +0800] "GET /xingrg/check_reg.html?_=1713065255598 HTTP/1.1" 200 22
116.224.254.208 - - [14/Apr/2024:11:27:35 +0800] "GET /xingrg/javascript/jquery_easy_ui/themes/default/images/tabs_rightarrow.png HTTP/1.1" 304 -
116.224.254.208 - - [14/Apr/2024:11:27:35 +0800] "GET /xingrg/javascript/jquery_easy_ui/themes/default/images/panel_tool_collapse.gif HTTP/1.1" 304 -
116.224.254.208 - - [14/Apr/2024:11:27:35 +0800] "POST /xingrg/all/common/load_tree.html?tree=area_rest_tree_json&manage=1 HTTP/1.1" 200 476
116.224.254.208 - - [14/Apr/2024:11:27:35 +0800] "POST /xingrg/load_menu.html HTTP/1.1" 200 5138
116.238.97.31 - - [14/Apr/2024:11:27:36 +0800] "POST /xingrg/kc/buy/cgsh_order_operate.html HTTP/1.1" 200 37
101.83.144.49 - - [14/Apr/2024:11:27:38 +0800] "GET /xingrg/kc/buy/cgsh_order_operate.html?command=get_materiel&rest_code=00105&code=00101008004&supplier_code=00100008&order_time=2024-04-14 HTTP/1.1" 200 417
116.237.76.76 - - [14/Apr/2024:11:27:40 +0800] "POST /xingrg/kc/buy/cgsh_order_operate.html HTTP/1.1" 200 88
116.224.254.208 - - [14/Apr/2024:11:27:40 +0800] "GET /xingrg/kc/buy/cgsh_order_list.html HTTP/1.1" 200 58138
116.237.76.76 - - [14/Apr/2024:11:27:43 +0800] "GET /xingrg/images/yd/bt.gif HTTP/1.1" 404 1040
222.70.183.82 - - [14/Apr/2024:11:27:44 +0800] "GET /xingrg/all/function/internal_message.html?_=1713065261604&CODE_STATE=getMsg HTTP/1.1" 200 27
116.237.76.76 - - [14/Apr/2024:11:27:44 +0800] "GET /xingrg/kc/buy/cgsh_order_list.html HTTP/1.1" 200 58134
222.70.183.82 - - [14/Apr/2024:11:27:44 +0800] "POST /xingrg/kc/buy/cgsh_order_operate.html HTTP/1.1" 200 37
116.238.97.31 - - [14/Apr/2024:11:27:44 +0800] "POST /xingrg/kc/buy/cgsh_order_operate.html HTTP/1.1" 200 3251
114.95.153.66 - - [14/Apr/2024:11:27:45 +0800] "GET /xingrg/all/function/internal_message.html?_=1713065266614&CODE_STATE=getMsg HTTP/1.1" 200 27
116.230.109.19 - - [14/Apr/2024:11:27:47 +0800] "GET /xingrg/all/function/internal_message.html?_=1713065267425&CODE_STATE=getMsg HTTP/1.1" 200 27
116.237.76.76 - - [14/Apr/2024:11:27:48 +0800] "POST /xingrg/kc/buy/cgsh_order_operate.html HTTP/1.1" 200 37
116.238.97.31 - - [14/Apr/2024:11:27:49 +0800] "GET /xingrg/kc/print/load_data.html?order_code=212024041403517&kc_code=cgsh&condition= HTTP/1.1" 200 903
116.237.76.76 - - [14/Apr/2024:11:27:50 +0800] "POST /xingrg/kc/buy/cgsh_order_operate.html HTTP/1.1" 200 2660
222.69.135.125 - - [14/Apr/2024:11:27:52 +0800] "GET /xingrg/check_reg.html?_=1713065272740 HTTP/1.1" 200 22
222.70.183.82 - - [14/Apr/2024:11:27:53 +0800] "POST /xingrg/kc/buy/cgsh_order_operate.html HTTP/1.1" 200 12
116.224.254.208 - - [14/Apr/2024:11:27:53 +0800] "POST /xingrg/kc/buy/cgsh_list_operate.html HTTP/1.1" 200 645
101.83.144.49 - - [14/Apr/2024:11:27:53 +0800] "GET /xingrg/kc/buy/cgsh_order_operate.html?command=get_materiel&rest_code=00105&code=00101008024&supplier_code=00100008&order_time=2024-04-14 HTTP/1.1" 200 408
116.238.97.31 - - [14/Apr/2024:11:27:53 +0800] "GET /xingrg/kc/buy/cgsh_order_add.html HTTP/1.1" 200 73987
116.238.97.31 - - [14/Apr/2024:11:27:54 +0800] "POST /xingrg/kc/buy/cgsh_order_operate.html HTTP/1.1" 200 8245
116.238.97.31 - - [14/Apr/2024:11:27:54 +0800] "GET /xingrg/javascript/easyui/themes/default/validatebox.css HTTP/1.1" 404 1104
116.224.254.208 - - [14/Apr/2024:11:27:55 +0800] "GET /xingrg/kc/buy/cgsh_order_add.html HTTP/1.1" 200 73538
116.224.254.208 - - [14/Apr/2024:11:27:55 +0800] "POST /xingrg/kc/buy/cgsh_order_operate.html HTTP/1.1" 200 8245
116.224.254.208 - - [14/Apr/2024:11:27:55 +0800] "GET /xingrg/javascript/easyui/themes/default/validatebox.css HTTP/1.1" 404 1104
116.224.254.208 - - [14/Apr/2024:11:27:55 +0800] "GET /xingrg/all/common/auto_word.html?type=employee&rest_code=00151 HTTP/1.1" 200 293
116.224.254.208 - - [14/Apr/2024:11:27:55 +0800] "GET /xingrg/all/common/auto_word.html?type=employee&rest_code=00151 HTTP/1.1" 200 293
116.224.254.208 - - [14/Apr/2024:11:27:56 +0800] "GET /xingrg/javascript/auto/indicator.gif HTTP/1.1" 404 1066
116.237.76.76 - - [14/Apr/2024:11:27:57 +0800] "POST /xingrg/kc/buy/cgsh_order_operate.html HTTP/1.1" 200 37
116.237.76.76 - - [14/Apr/2024:11:27:59 +0800] "POST /xingrg/kc/buy/cgsh_list_operate.html HTTP/1.1" 200 1935
116.238.97.31 - - [14/Apr/2024:11:28:02 +0800] "GET /xingrg/kc/buy/cgsh_order_operate.html?command=get_materiel&rest_code=00102&code=00101001022&supplier_code=00100312&order_time=2024-04-13 HTTP/1.1" 200 419
116.237.76.76 - - [14/Apr/2024:11:28:02 +0800] "POST /xingrg/kc/buy/cgsh_list_operate.html HTTP/1.1" 200 569
116.237.76.76 - - [14/Apr/2024:11:28:05 +0800] "POST /xingrg/kc/buy/cgsh_order_operate.html HTTP/1.1" 200 12
222.70.183.82 - - [14/Apr/2024:11:28:07 +0800] "GET /xingrg/kc/buy/cgsh_order_info.html?code=212024041403519 HTTP/1.1" 200 68782
222.70.183.82 - - [14/Apr/2024:11:28:07 +0800] "GET /xingrg/javascript/easyui/themes/default/validatebox.css HTTP/1.1" 404 1104
116.237.76.76 - - [14/Apr/2024:11:28:08 +0800] "GET /xingrg/kc/buy/cgsh_order_info.html?code=212024041403520 HTTP/1.1" 200 68816
116.237.76.76 - - [14/Apr/2024:11:28:08 +0800] "GET /xingrg/kc/buy/cgsh_order_info.html?code=212024041403483 HTTP/1.1" 200 73914
116.237.76.76 - - [14/Apr/2024:11:28:08 +0800] "GET /xingrg/javascript/easyui/themes/default/validatebox.css HTTP/1.1" 404 1104
222.70.183.82 - - [14/Apr/2024:11:28:08 +0800] "POST /xingrg/kc/buy/cgsh_order_operate.html HTTP/1.1" 200 613
116.237.76.76 - - [14/Apr/2024:11:28:08 +0800] "GET /xingrg/javascript/easyui/themes/default/validatebox.css HTTP/1.1" 404 1104
116.237.76.76 - - [14/Apr/2024:11:28:09 +0800] "POST /xingrg/kc/buy/cgsh_order_operate.html HTTP/1.1" 200 610
116.237.76.76 - - [14/Apr/2024:11:28:09 +0800] "GET /xingrg/all/function/internal_message.html?_=1713065290751&CODE_STATE=getMsg HTTP/1.1" 200 27
116.237.76.76 - - [14/Apr/2024:11:28:09 +0800] "POST /xingrg/kc/buy/cgsh_order_operate.html HTTP/1.1" 200 10993
116.238.97.31 - - [14/Apr/2024:11:28:10 +0800] "GET /xingrg/all/function/internal_message.html?_=1713065324994&CODE_STATE=getMsg HTTP/1.1" 200 27
222.70.183.82 - - [14/Apr/2024:11:28:10 +0800] "GET /xingrg/kc/print/load_data.html?order_code=212024041403519&kc_code=cgsh&condition= HTTP/1.1" 200 708
116.224.254.208 - - [14/Apr/2024:11:28:11 +0800] "GET /xingrg/kc/buy/cgsh_order_operate.html?command=get_materiel&rest_code=00151&code=00101020507&supplier_code=00100667&order_time=2024-04-14 HTTP/1.1" 200 404
116.238.97.31 - - [14/Apr/2024:11:28:11 +0800] "GET /xingrg/all/function/internal_message.html?_=1713065292834&CODE_STATE=getMsg HTTP/1.1" 200 27
116.238.97.31 - - [14/Apr/2024:11:28:12 +0800] "GET /xingrg/kc/buy/cgsh_order_operate.html?command=get_materiel&rest_code=00102&code=00101001136&supplier_code=00100312&order_time=2024-04-13 HTTP/1.1" 200 415
116.237.76.76 - - [14/Apr/2024:11:28:12 +0800] "GET /xingrg/kc/print/load_data.html?order_code=212024041403520&kc_code=cgsh&condition= HTTP/1.1" 200 708
116.237.76.76 - - [14/Apr/2024:11:28:17 +0800] "GET /xingrg/kc/buy/cgsh_order_add.html HTTP/1.1" 200 73940
116.237.76.76 - - [14/Apr/2024:11:28:18 +0800] "POST /xingrg/kc/buy/cgsh_order_operate.html HTTP/1.1" 200 8245
116.237.76.76 - - [14/Apr/2024:11:28:18 +0800] "GET /xingrg/javascript/easyui/themes/default/validatebox.css HTTP/1.1" 404 1104
116.237.76.76 - - [14/Apr/2024:11:28:19 +0800] "GET /xingrg/javascript/easyui/themes/default/tree.css HTTP/1.1" 404 1090
116.237.76.76 - - [14/Apr/2024:11:28:20 +0800] "POST /xingrg/all/common/load_tree.html?tree=supplier_tree_json&isDelete=1 HTTP/1.1" 200 79288
116.238.97.31 - - [14/Apr/2024:11:28:20 +0800] "GET /xingrg/kc/buy/cgsh_order_operate.html?command=get_materiel&rest_code=00102&code=00101004038&supplier_code=00100312&order_time=2024-04-13 HTTP/1.1" 200 409
180.163.28.114 - - [14/Apr/2024:11:28:20 +0800] "GET /xingrg/kc/print/load_data.html?order_code=212024041403480&kc_code=cgsh&condition= HTTP/1.1" 302 -
180.163.28.114 - - [14/Apr/2024:11:28:20 +0800] "GET /xingrg/login.html HTTP/1.1" 200 7641
221.239.169.251 - - [14/Apr/2024:11:28:24 +0800] "GET /xingrg/all/function/internal_message.html?_=1713065302749&CODE_STATE=getMsg HTTP/1.1" 200 27
221.239.169.251 - - [14/Apr/2024:11:28:25 +0800] "POST /xingrg/kc/buy/cgsh_list_operate.html HTTP/1.1" 200 4802
180.163.30.100 - - [14/Apr/2024:11:28:28 +0800] "GET /xingrg/check_reg.html?_=1713065244028 HTTP/1.1" 302 -
180.163.30.100 - - [14/Apr/2024:11:28:28 +0800] "GET /xingrg/login.html HTTP/1.1" 200 7641
116.237.76.76 - - [14/Apr/2024:11:28:29 +0800] "GET /xingrg/all/function/internal_message.html?_=1713065305066&CODE_STATE=getMsg HTTP/1.1" 200 27
101.83.144.49 - - [14/Apr/2024:11:28:29 +0800] "GET /xingrg/all/function/internal_message.html?_=1713065068370&CODE_STATE=getMsg HTTP/1.1" 200 27
116.238.97.31 - - [14/Apr/2024:11:28:33 +0800] "GET /xingrg/kc/buy/cgsh_order_operate.html?command=get_materiel&rest_code=00102&code=00101001096&supplier_code=00100312&order_time=2024-04-13 HTTP/1.1" 200 413
116.237.76.76 - - [14/Apr/2024:11:28:33 +0800] "POST /xingrg/kc/buy/cgsh_order_operate.html HTTP/1.1" 200 37
116.224.254.208 - - [14/Apr/2024:11:28:35 +0800] "GET /xingrg/all/function/internal_message.html?_=1713065315614&CODE_STATE=getMsg HTTP/1.1" 200 27
221.239.169.251 - - [14/Apr/2024:11:28:38 +0800] "POST /xingrg/kc/buy/cgsh_list_operate.html HTTP/1.1" 200 4803
116.237.76.76 - - [14/Apr/2024:11:28:41 +0800] "GET /xingrg/kc/buy/cgsh_order_operate.html?command=get_materiel&rest_code=00106&code=00101002007&supplier_code=00100442&order_time=2024-04-14 HTTP/1.1" 200 409
116.238.97.31 - - [14/Apr/2024:11:28:41 +0800] "GET /xingrg/kc/buy/cgsh_order_operate.html?command=get_materiel&rest_code=00102&code=00101001029&supplier_code=00100312&order_time=2024-04-13 HTTP/1.1" 200 417
222.70.183.82 - - [14/Apr/2024:11:28:44 +0800] "GET /xingrg/all/function/internal_message.html?_=1713065321581&CODE_STATE=getMsg HTTP/1.1" 200 27
114.95.153.66 - - [14/Apr/2024:11:28:45 +0800] "GET /xingrg/all/function/internal_message.html?_=1713065326611&CODE_STATE=getMsg HTTP/1.1" 200 27
221.239.169.251 - - [14/Apr/2024:11:28:47 +0800] "POST /xingrg/kc/buy/cgsh_list_operate.html HTTP/1.1" 200 480
116.230.109.19 - - [14/Apr/2024:11:28:47 +0800] "GET /xingrg/check_reg.html?_=1713065327421 HTTP/1.1" 200 22
116.230.109.19 - - [14/Apr/2024:11:28:47 +0800] "GET /xingrg/all/function/internal_message.html?_=1713065327424&CODE_STATE=getMsg HTTP/1.1" 200 27
221.239.169.251 - - [14/Apr/2024:11:28:49 +0800] "GET /xingrg/kc/buy/cgsh_order_info.html?code=212024030902799 HTTP/1.1" 200 68019
221.239.169.251 - - [14/Apr/2024:11:28:50 +0800] "GET /xingrg/javascript/easyui/themes/default/validatebox.css HTTP/1.1" 404 1104
116.238.97.31 - - [14/Apr/2024:11:28:51 +0800] "GET /xingrg/kc/buy/cgsh_order_operate.html?command=get_materiel&rest_code=00102&code=00101001052&supplier_code=00100312&order_time=2024-04-13 HTTP/1.1" 200 410
221.239.169.251 - - [14/Apr/2024:11:28:51 +0800] "POST /xingrg/kc/buy/cgsh_order_operate.html HTTP/1.1" 200 2492
116.237.76.76 - - [14/Apr/2024:11:28:59 +0800] "POST /xingrg/kc/buy/cgsh_order_operate.html HTTP/1.1" 200 10993
116.224.254.208 - - [14/Apr/2024:11:29:03 +0800] "POST /xingrg/kc/buy/cgsh_order_operate.html HTTP/1.1" 200 37
116.237.76.76 - - [14/Apr/2024:11:29:05 +0800] "GET /xingrg/kc/buy/cgsh_order_operate.html?command=get_materiel&rest_code=00106&code=00101002016&supplier_code=00100442&order_time=2024-04-14 HTTP/1.1" 200 413
116.224.254.208 - - [14/Apr/2024:11:29:06 +0800] "POST /xingrg/kc/buy/cgsh_order_operate.html HTTP/1.1" 200 2663
116.238.97.31 - - [14/Apr/2024:11:29:07 +0800] "GET /xingrg/kc/buy/cgsh_order_operate.html?command=get_materiel&rest_code=00102&code=00101001295&supplier_code=00100312&order_time=2024-04-13 HTTP/1.1" 200 436
221.239.169.251 - - [14/Apr/2024:11:29:09 +0800] "POST /xingrg/kc/buy/cgsh_list_operate.html HTTP/1.1" 200 4803
116.237.76.76 - - [14/Apr/2024:11:29:09 +0800] "GET /xingrg/all/function/internal_message.html?_=1713065350721&CODE_STATE=getMsg HTTP/1.1" 200 27
116.238.97.31 - - [14/Apr/2024:11:29:10 +0800] "GET /xingrg/all/function/internal_message.html?_=1713065385049&CODE_STATE=getMsg HTTP/1.1" 200 27
116.238.97.31 - - [14/Apr/2024:11:29:11 +0800] "GET /xingrg/all/function/internal_message.html?_=1713065352835&CODE_STATE=getMsg HTTP/1.1" 200 27
180.163.30.27 - - [14/Apr/2024:11:29:15 +0800] "GET /xingrg/kc/buy/cgsh_order_operate.html?command=get_materiel&rest_code=00106&code=00101006284&supplier_code=00100558&order_time=2024-04-14 HTTP/1.1" 302 -
180.163.30.27 - - [14/Apr/2024:11:29:15 +0800] "GET /xingrg/login.html HTTP/1.1" 200 7641
116.238.97.31 - - [14/Apr/2024:11:29:20 +0800] "POST /xingrg/kc/buy/cgsh_order_operate.html HTTP/1.1" 200 37
116.237.76.76 - - [14/Apr/2024:11:29:21 +0800] "GET /xingrg/kc/buy/cgsh_order_operate.html?command=get_materiel&rest_code=00106&code=00101001052&supplier_code=00100442&order_time=2024-04-14 HTTP/1.1" 200 411
116.238.97.31 - - [14/Apr/2024:11:29:23 +0800] "POST /xingrg/kc/buy/cgsh_order_operate.html HTTP/1.1" 200 6256
221.239.169.251 - - [14/Apr/2024:11:29:24 +0800] "GET /xingrg/check_reg.html?_=1713065362623 HTTP/1.1" 200 22
221.239.169.251 - - [14/Apr/2024:11:29:24 +0800] "GET /xingrg/all/function/internal_message.html?_=1713065362747&CODE_STATE=getMsg HTTP/1.1" 200 27
101.83.144.49 - - [14/Apr/2024:11:29:25 +0800] "GET /xingrg/kc/buy/cgsh_order_operate.html?command=get_materiel&rest_code=00105&code=00101008811&supplier_code=00100008&order_time=2024-04-14 HTTP/1.1" 200 398
180.163.29.103 - - [14/Apr/2024:11:29:29 +0800] "GET /xingrg/all/function/internal_message.html?_=1713065305066&CODE_STATE=getMsg HTTP/1.1" 302 -
180.163.29.103 - - [14/Apr/2024:11:29:29 +0800] "GET /xingrg/login.html HTTP/1.1" 200 7641
116.237.76.76 - - [14/Apr/2024:11:29:29 +0800] "GET /xingrg/all/function/internal_message.html?_=1713065365036&CODE_STATE=getMsg HTTP/1.1" 200 27
101.83.144.49 - - [14/Apr/2024:11:29:29 +0800] "GET /xingrg/all/function/internal_message.html?_=1713065128368&CODE_STATE=getMsg HTTP/1.1" 200 27
116.224.254.208 - - [14/Apr/2024:11:29:35 +0800] "GET /xingrg/all/function/internal_message.html?_=1713065375615&CODE_STATE=getMsg HTTP/1.1" 200 27
116.237.76.76 - - [14/Apr/2024:11:29:40 +0800] "GET /xingrg/kc/buy/cgsh_order_operate.html?command=get_materiel&rest_code=00106&code=00101001060&supplier_code=00100442&order_time=2024-04-14 HTTP/1.1" 200 421
222.70.183.82 - - [14/Apr/2024:11:29:44 +0800] "GET /xingrg/all/function/internal_message.html?_=1713065381566&CODE_STATE=getMsg HTTP/1.1" 200 27
101.83.144.49 - - [14/Apr/2024:11:29:45 +0800] "GET /xingrg/kc/buy/cgsh_order_operate.html?command=get_materiel&rest_code=00105&code=00101008163&supplier_code=00100008&order_time=2024-04-14 HTTP/1.1" 200 408
114.95.153.66 - - [14/Apr/2024:11:29:45 +0800] "GET /xingrg/all/function/internal_message.html?_=1713065386611&CODE_STATE=getMsg HTTP/1.1" 200 27
114.95.153.66 - - [14/Apr/2024:11:29:45 +0800] "GET /xingrg/check_reg.html?_=1713065386614 HTTP/1.1" 200 22
116.230.109.19 - - [14/Apr/2024:11:29:47 +0800] "GET /xingrg/all/function/internal_message.html?_=1713065387440&CODE_STATE=getMsg HTTP/1.1" 200 27
116.237.76.76 - - [14/Apr/2024:11:30:02 +0800] "POST /xingrg/kc/buy/cgsh_order_operate.html HTTP/1.1" 200 37
116.237.76.76 - - [14/Apr/2024:11:30:04 +0800] "POST /xingrg/kc/buy/cgsh_order_operate.html HTTP/1.1" 200 37
116.237.76.76 - - [14/Apr/2024:11:30:06 +0800] "POST /xingrg/kc/buy/cgsh_order_operate.html HTTP/1.1" 200 4445
116.238.97.31 - - [14/Apr/2024:11:30:09 +0800] "GET /xingrg/check_reg.html?_=1713065443946 HTTP/1.1" 200 22
116.237.76.76 - - [14/Apr/2024:11:30:09 +0800] "GET /xingrg/all/function/internal_message.html?_=1713065410695&CODE_STATE=getMsg HTTP/1.1" 200 27
116.238.97.31 - - [14/Apr/2024:11:30:10 +0800] "GET /xingrg/all/function/internal_message.html?_=1713065445038&CODE_STATE=getMsg HTTP/1.1" 200 27
180.164.1.25 - - [14/Apr/2024:11:30:10 +0800] "GET /xingrg/check_reg.html?_=1713065409555 HTTP/1.1" 200 22
116.238.97.31 - - [14/Apr/2024:11:30:11 +0800] "GET /xingrg/check_reg.html?_=1713065412834 HTTP/1.1" 200 22
116.238.97.31 - - [14/Apr/2024:11:30:11 +0800] "GET /xingrg/all/function/internal_message.html?_=1713065412838&CODE_STATE=getMsg HTTP/1.1" 200 27
101.83.144.49 - - [14/Apr/2024:11:30:12 +0800] "GET /xingrg/kc/buy/cgsh_order_operate.html?command=get_materiel&rest_code=00105&code=00101008044&supplier_code=00100008&order_time=2024-04-14 HTTP/1.1" 200 408
116.237.76.76 - - [14/Apr/2024:11:30:15 +0800] "POST /xingrg/kc/buy/cgsh_order_operate.html HTTP/1.1" 200 12
116.237.76.76 - - [14/Apr/2024:11:30:21 +0800] "POST /xingrg/kc/buy/cgsh_order_operate.html HTTP/1.1" 200 37
221.239.169.251 - - [14/Apr/2024:11:30:24 +0800] "GET /xingrg/all/function/internal_message.html?_=1713065422742&CODE_STATE=getMsg HTTP/1.1" 200 27
116.237.76.76 - - [14/Apr/2024:11:30:29 +0800] "POST /xingrg/kc/buy/cgsh_order_operate.html HTTP/1.1" 200 12
180.163.29.79 - - [14/Apr/2024:11:30:29 +0800] "GET /xingrg/all/function/internal_message.html?_=1713065365036&CODE_STATE=getMsg HTTP/1.1" 302 -
116.224.254.208 - - [14/Apr/2024:11:30:29 +0800] "POST /xingrg/kc/buy/cgsh_order_operate.html HTTP/1.1" 200 37
116.237.76.76 - - [14/Apr/2024:11:30:29 +0800] "GET /xingrg/all/function/internal_message.html?_=1713065425014&CODE_STATE=getMsg HTTP/1.1" 200 27
180.163.29.79 - - [14/Apr/2024:11:30:29 +0800] "GET /xingrg/login.html HTTP/1.1" 200 7641
116.237.76.76 - - [14/Apr/2024:11:30:29 +0800] "GET /xingrg/kc/buy/cgsh_order_info.html?code=212024041403483 HTTP/1.1" 200 68810
116.237.76.76 - - [14/Apr/2024:11:30:30 +0800] "GET /xingrg/javascript/easyui/themes/default/validatebox.css HTTP/1.1" 404 1104
116.237.76.76 - - [14/Apr/2024:11:30:31 +0800] "POST /xingrg/kc/buy/cgsh_order_operate.html HTTP/1.1" 200 8938
116.237.76.76 - - [14/Apr/2024:11:30:31 +0800] "GET /xingrg/kc/buy/cgsh_order_info.html?code=212024041403523 HTTP/1.1" 200 68814
116.237.76.76 - - [14/Apr/2024:11:30:31 +0800] "GET /xingrg/javascript/easyui/themes/default/validatebox.css HTTP/1.1" 404 1104
116.224.254.208 - - [14/Apr/2024:11:30:35 +0800] "GET /xingrg/all/function/internal_message.html?_=1713065435618&CODE_STATE=getMsg HTTP/1.1" 200 27
101.83.144.49 - - [14/Apr/2024:11:30:36 +0800] "POST /xingrg/kc/buy/cgsh_order_operate.html HTTP/1.1" 200 37
116.237.76.76 - - [14/Apr/2024:11:30:36 +0800] "POST /xingrg/kc/buy/cgsh_order_operate.html HTTP/1.1" 200 2395
101.83.144.49 - - [14/Apr/2024:11:30:38 +0800] "POST /xingrg/kc/buy/cgsh_order_operate.html HTTP/1.1" 200 9152
116.237.76.76 - - [14/Apr/2024:11:30:40 +0800] "GET /xingrg/kc/print/load_data.html?order_code=212024041403523&kc_code=cgsh&condition= HTTP/1.1" 200 1386
116.224.254.208 - - [14/Apr/2024:11:30:40 +0800] "POST /xingrg/kc/buy/cgsh_order_operate.html HTTP/1.1" 200 12
116.238.97.31 - - [14/Apr/2024:11:30:41 +0800] "GET /xingrg/kc/print/load_data.html?order_code=212024041403522&kc_code=cgsh&condition= HTTP/1.1" 200 2073
116.224.254.208 - - [14/Apr/2024:11:30:42 +0800] "GET /xingrg/kc/buy/cgsh_order_info.html?code=212024041403521 HTTP/1.1" 200 68424
116.224.254.208 - - [14/Apr/2024:11:30:42 +0800] "GET /xingrg/javascript/easyui/themes/default/validatebox.css HTTP/1.1" 404 1104
116.224.254.208 - - [14/Apr/2024:11:30:43 +0800] "POST /xingrg/kc/buy/cgsh_order_operate.html HTTP/1.1" 200 613
222.70.183.82 - - [14/Apr/2024:11:30:44 +0800] "GET /xingrg/all/function/internal_message.html?_=1713065441536&CODE_STATE=getMsg HTTP/1.1" 200 27
222.70.183.82 - - [14/Apr/2024:11:30:44 +0800] "GET /xingrg/check_reg.html?_=1713065441569 HTTP/1.1" 200 22
114.95.153.66 - - [14/Apr/2024:11:30:45 +0800] "GET /xingrg/all/function/internal_message.html?_=1713065446612&CODE_STATE=getMsg HTTP/1.1" 200 27
116.224.254.208 - - [14/Apr/2024:11:30:45 +0800] "GET /xingrg/kc/print/load_data.html?order_code=212024041403521&kc_code=cgsh&condition= HTTP/1.1" 200 717
116.238.97.31 - - [14/Apr/2024:11:30:45 +0800] "GET /xingrg/kc/buy/cgsh_order_add.html HTTP/1.1" 200 73987
116.238.97.31 - - [14/Apr/2024:11:30:46 +0800] "POST /xingrg/kc/buy/cgsh_order_operate.html HTTP/1.1" 200 8245
116.238.97.31 - - [14/Apr/2024:11:30:46 +0800] "GET /xingrg/javascript/easyui/themes/default/validatebox.css HTTP/1.1" 404 1104
116.230.109.19 - - [14/Apr/2024:11:30:47 +0800] "GET /xingrg/all/function/internal_message.html?_=1713065447440&CODE_STATE=getMsg HTTP/1.1" 200 27
116.224.254.208 - - [14/Apr/2024:11:30:49 +0800] "GET /xingrg/kc/buy/cgsh_order_add.html HTTP/1.1" 200 73538
116.224.254.208 - - [14/Apr/2024:11:30:49 +0800] "POST /xingrg/kc/buy/cgsh_order_operate.html HTTP/1.1" 200 8245
116.224.254.208 - - [14/Apr/2024:11:30:50 +0800] "GET /xingrg/javascript/easyui/themes/default/validatebox.css HTTP/1.1" 404 1104
116.238.97.31 - - [14/Apr/2024:11:30:54 +0800] "GET /xingrg/kc/buy/cgsh_order_operate.html?command=get_materiel&rest_code=00102&code=00101004034&supplier_code=00100545&order_time=2024-04-13 HTTP/1.1" 200 418
116.224.254.208 - - [14/Apr/2024:11:30:59 +0800] "GET /xingrg/kc/buy/cgsh_order_operate.html?command=get_materiel&rest_code=00151&code=00101010079&supplier_code=00100336&order_time=2024-04-14 HTTP/1.1" 200 413
116.238.97.31 - - [14/Apr/2024:11:31:04 +0800] "POST /xingrg/kc/buy/cgsh_order_operate.html HTTP/1.1" 200 37
116.238.97.31 - - [14/Apr/2024:11:31:05 +0800] "POST /xingrg/kc/buy/cgsh_order_operate.html HTTP/1.1" 200 2664
116.224.254.208 - - [14/Apr/2024:11:31:09 +0800] "POST /xingrg/kc/buy/cgsh_order_operate.html HTTP/1.1" 200 37
116.237.76.76 - - [14/Apr/2024:11:31:09 +0800] "GET /xingrg/all/function/internal_message.html?_=1713065470686&CODE_STATE=getMsg HTTP/1.1" 200 27
116.237.76.76 - - [14/Apr/2024:11:31:09 +0800] "GET /xingrg/check_reg.html?_=1713065470799 HTTP/1.1" 200 22
116.238.97.31 - - [14/Apr/2024:11:31:09 +0800] "GET /xingrg/kc/print/load_data.html?order_code=212024041403525&kc_code=cgsh&condition= HTTP/1.1" 200 666
116.238.97.31 - - [14/Apr/2024:11:31:10 +0800] "GET /xingrg/all/function/internal_message.html?_=1713065505399&CODE_STATE=getMsg HTTP/1.1" 200 27
116.238.97.31 - - [14/Apr/2024:11:31:11 +0800] "GET /xingrg/all/function/internal_message.html?_=1713065472839&CODE_STATE=getMsg HTTP/1.1" 200 27
116.238.97.31 - - [14/Apr/2024:11:31:15 +0800] "GET /xingrg/kc/buy/cgsh_order_add.html HTTP/1.1" 200 73987
116.224.254.208 - - [14/Apr/2024:11:31:15 +0800] "POST /xingrg/kc/buy/cgsh_order_operate.html HTTP/1.1" 200 12
116.238.97.31 - - [14/Apr/2024:11:31:15 +0800] "POST /xingrg/kc/buy/cgsh_order_operate.html HTTP/1.1" 200 8245
116.238.97.31 - - [14/Apr/2024:11:31:15 +0800] "GET /xingrg/javascript/easyui/themes/default/validatebox.css HTTP/1.1" 404 1104
116.224.254.208 - - [14/Apr/2024:11:31:17 +0800] "GET /xingrg/kc/buy/cgsh_order_info.html?code=212024041403526 HTTP/1.1" 200 68416
116.224.254.208 - - [14/Apr/2024:11:31:18 +0800] "GET /xingrg/javascript/easyui/themes/default/validatebox.css HTTP/1.1" 404 1104
116.224.254.208 - - [14/Apr/2024:11:31:19 +0800] "POST /xingrg/kc/buy/cgsh_order_operate.html HTTP/1.1" 200 618
116.224.254.208 - - [14/Apr/2024:11:31:20 +0800] "GET /xingrg/kc/print/load_data.html?order_code=212024041403526&kc_code=cgsh&condition= HTTP/1.1" 200 720
116.237.76.76 - - [14/Apr/2024:11:31:21 +0800] "GET /xingrg/kc/print/load_data.html?order_code=212024041403483&kc_code=cgsh&condition= HTTP/1.1" 200 3841
221.239.169.251 - - [14/Apr/2024:11:31:24 +0800] "GET /xingrg/all/function/internal_message.html?_=1713065482736&CODE_STATE=getMsg HTTP/1.1" 200 27
116.224.254.208 - - [14/Apr/2024:11:31:25 +0800] "GET /xingrg/kc/buy/cgsh_order_add.html HTTP/1.1" 200 73538
116.224.254.208 - - [14/Apr/2024:11:31:25 +0800] "POST /xingrg/kc/buy/cgsh_order_operate.html HTTP/1.1" 200 8245
116.224.254.208 - - [14/Apr/2024:11:31:25 +0800] "GET /xingrg/javascript/easyui/themes/default/validatebox.css HTTP/1.1" 404 1104
116.238.97.31 - - [14/Apr/2024:11:31:28 +0800] "GET /xingrg/kc/buy/cgsh_order_operate.html?command=get_materiel&rest_code=00102&code=00101005038&supplier_code=00100316&order_time=2024-04-13 HTTP/1.1" 200 410
180.163.29.79 - - [14/Apr/2024:11:31:29 +0800] "GET /xingrg/all/function/internal_message.html?_=1713065425014&CODE_STATE=getMsg HTTP/1.1" 302 -
180.163.29.79 - - [14/Apr/2024:11:31:29 +0800] "GET /xingrg/login.html HTTP/1.1" 200 7641
116.237.76.76 - - [14/Apr/2024:11:31:29 +0800] "POST /xingrg/kc/buy/cgsh_list_operate.html HTTP/1.1" 200 564
116.237.76.76 - - [14/Apr/2024:11:31:29 +0800] "GET /xingrg/all/function/internal_message.html?_=1713065485045&CODE_STATE=getMsg HTTP/1.1" 200 27
101.83.144.49 - - [14/Apr/2024:11:31:29 +0800] "GET /xingrg/all/function/internal_message.html?_=1713065248368&CODE_STATE=getMsg HTTP/1.1" 200 27
116.237.76.76 - - [14/Apr/2024:11:31:30 +0800] "GET /xingrg/kc/buy/cgsh_order_info.html?code=212024041403451 HTTP/1.1" 200 73924
116.237.76.76 - - [14/Apr/2024:11:31:30 +0800] "GET /xingrg/javascript/easyui/themes/default/validatebox.css HTTP/1.1" 404 1104
116.237.76.76 - - [14/Apr/2024:11:31:31 +0800] "POST /xingrg/kc/buy/cgsh_order_operate.html HTTP/1.1" 200 25712
116.224.254.208 - - [14/Apr/2024:11:31:35 +0800] "GET /xingrg/all/function/internal_message.html?_=1713065495612&CODE_STATE=getMsg HTTP/1.1" 200 27
222.70.183.82 - - [14/Apr/2024:11:31:36 +0800] "GET /xingrg/kc/buy/cgsh_order_add.html HTTP/1.1" 200 73902
222.70.183.82 - - [14/Apr/2024:11:31:36 +0800] "POST /xingrg/kc/buy/cgsh_order_operate.html HTTP/1.1" 200 8245
222.70.183.82 - - [14/Apr/2024:11:31:36 +0800] "GET /xingrg/javascript/easyui/themes/default/validatebox.css HTTP/1.1" 404 1104
116.238.97.31 - - [14/Apr/2024:11:31:37 +0800] "POST /xingrg/kc/buy/cgsh_order_operate.html HTTP/1.1" 200 37
116.224.254.208 - - [14/Apr/2024:11:31:38 +0800] "GET /xingrg/kc/buy/cgsh_order_operate.html?command=get_materiel&rest_code=00151&code=00101020108&supplier_code=00100325&order_time=2024-04-14 HTTP/1.1" 200 421
101.83.144.49 - - [14/Apr/2024:11:31:38 +0800] "GET /xingrg/kc/buy/cgsh_order_operate.html?command=get_materiel&rest_code=00105&code=00101008312&supplier_code=00100008&order_time=2024-04-14 HTTP/1.1" 200 412
116.238.97.31 - - [14/Apr/2024:11:31:38 +0800] "POST /xingrg/kc/buy/cgsh_order_operate.html HTTP/1.1" 200 2659
116.237.76.76 - - [14/Apr/2024:11:31:39 +0800] "POST /xingrg/kc/buy/cgsh_order_operate.html HTTP/1.1" 200 37
116.238.97.31 - - [14/Apr/2024:11:31:40 +0800] "GET /xingrg/kc/print/load_data.html?order_code=212024041403527&kc_code=cgsh&condition= HTTP/1.1" 200 676
116.238.97.31 - - [14/Apr/2024:11:31:43 +0800] "GET /xingrg/kc/buy/cgsh_order_add.html HTTP/1.1" 200 73987
116.238.97.31 - - [14/Apr/2024:11:31:44 +0800] "POST /xingrg/kc/buy/cgsh_order_operate.html HTTP/1.1" 200 8245
222.70.183.82 - - [14/Apr/2024:11:31:44 +0800] "GET /xingrg/all/function/internal_message.html?_=1713065501517&CODE_STATE=getMsg HTTP/1.1" 200 27
116.238.97.31 - - [14/Apr/2024:11:31:44 +0800] "GET /xingrg/javascript/easyui/themes/default/validatebox.css HTTP/1.1" 404 1104
114.95.153.66 - - [14/Apr/2024:11:31:45 +0800] "GET /xingrg/all/function/internal_message.html?_=1713065506611&CODE_STATE=getMsg HTTP/1.1" 200 27
116.230.109.19 - - [14/Apr/2024:11:31:47 +0800] "GET /xingrg/all/function/internal_message.html?_=1713065507448&CODE_STATE=getMsg HTTP/1.1" 200 27
221.239.169.251 - - [14/Apr/2024:11:31:49 +0800] "GET /xingrg/kc/buy/cgsh_order_add.html HTTP/1.1" 200 73135
221.239.169.251 - - [14/Apr/2024:11:31:49 +0800] "POST /xingrg/kc/buy/cgsh_order_operate.html HTTP/1.1" 200 8245
221.239.169.251 - - [14/Apr/2024:11:31:49 +0800] "GET /xingrg/javascript/easyui/themes/default/validatebox.css HTTP/1.1" 404 1104
116.238.97.31 - - [14/Apr/2024:11:31:52 +0800] "GET /xingrg/kc/buy/cgsh_order_operate.html?command=get_materiel&rest_code=00102&code=00101002038&supplier_code=00100087&order_time=2024-04-13 HTTP/1.1" 200 416
116.224.254.208 - - [14/Apr/2024:11:31:52 +0800] "GET /xingrg/kc/buy/cgsh_order_operate.html?command=get_materiel&rest_code=00151&code=00101006026&supplier_code=00100325&order_time=2024-04-14 HTTP/1.1" 200 409
221.239.169.251 - - [14/Apr/2024:11:31:53 +0800] "GET /xingrg/kc/buy/cgsh_order_list.html HTTP/1.1" 200 58140
221.239.169.251 - - [14/Apr/2024:11:31:56 +0800] "POST /xingrg/kc/buy/cgsh_list_operate.html HTTP/1.1" 200 645
222.70.183.82 - - [14/Apr/2024:11:31:57 +0800] "GET /xingrg/kc/buy/cgsh_order_operate.html?command=get_materiel&rest_code=00111&code=00101009109&supplier_code=00100022&order_time=2024-04-14 HTTP/1.1" 200 413
116.238.97.31 - - [14/Apr/2024:11:32:01 +0800] "POST /xingrg/kc/buy/cgsh_order_operate.html HTTP/1.1" 200 37
116.238.97.31 - - [14/Apr/2024:11:32:03 +0800] "POST /xingrg/kc/buy/cgsh_order_operate.html HTTP/1.1" 200 2665
116.224.254.208 - - [14/Apr/2024:11:32:04 +0800] "GET /xingrg/kc/buy/cgsh_order_operate.html?command=get_materiel&rest_code=00151&code=00101016099&supplier_code=00100325&order_time=2024-04-14 HTTP/1.1" 200 413
116.238.97.31 - - [14/Apr/2024:11:32:04 +0800] "GET /xingrg/kc/print/load_data.html?order_code=212024041403528&kc_code=cgsh&condition= HTTP/1.1" 200 724
116.238.97.31 - - [14/Apr/2024:11:32:08 +0800] "GET /xingrg/kc/buy/cgsh_order_add.html HTTP/1.1" 200 73987
116.238.97.31 - - [14/Apr/2024:11:32:08 +0800] "POST /xingrg/kc/buy/cgsh_order_operate.html HTTP/1.1" 200 8245
116.238.97.31 - - [14/Apr/2024:11:32:08 +0800] "GET /xingrg/javascript/easyui/themes/default/validatebox.css HTTP/1.1" 404 1104
116.237.76.76 - - [14/Apr/2024:11:32:09 +0800] "GET /xingrg/all/function/internal_message.html?_=1713065530660&CODE_STATE=getMsg HTTP/1.1" 200 27
116.238.97.31 - - [14/Apr/2024:11:32:10 +0800] "GET /xingrg/all/function/internal_message.html?_=1713065565404&CODE_STATE=getMsg HTTP/1.1" 200 27
222.70.183.82 - - [14/Apr/2024:11:32:11 +0800] "GET /xingrg/kc/buy/cgsh_order_operate.html?command=get_materiel&rest_code=00111&code=00101009062&supplier_code=00100022&order_time=2024-04-14 HTTP/1.1" 200 412
116.238.97.31 - - [14/Apr/2024:11:32:11 +0800] "GET /xingrg/all/function/internal_message.html?_=1713065532825&CODE_STATE=getMsg HTTP/1.1" 200 27
116.237.76.76 - - [14/Apr/2024:11:32:17 +0800] "POST /xingrg/kc/buy/cgsh_order_operate.html HTTP/1.1" 200 12
101.83.144.49 - - [14/Apr/2024:11:32:17 +0800] "GET /xingrg/kc/buy/cgsh_order_operate.html?command=get_materiel&rest_code=00105&code=00101008230&supplier_code=00100008&order_time=2024-04-14 HTTP/1.1" 200 408
116.238.97.31 - - [14/Apr/2024:11:32:19 +0800] "GET /xingrg/kc/buy/cgsh_order_operate.html?command=get_materiel&rest_code=00102&code=00101003041&supplier_code=00100088&order_time=2024-04-13 HTTP/1.1" 200 418
180.163.28.55 - - [14/Apr/2024:11:32:20 +0800] "GET /xingrg/kc/print/load_data.html?order_code=212024041403483&kc_code=cgsh&condition= HTTP/1.1" 302 -
180.163.28.55 - - [14/Apr/2024:11:32:20 +0800] "GET /xingrg/login.html HTTP/1.1" 200 7641
116.237.76.76 - - [14/Apr/2024:11:32:23 +0800] "GET /xingrg/kc/buy/cgsh_order_info.html?code=212024041403451 HTTP/1.1" 200 68820
116.237.76.76 - - [14/Apr/2024:11:32:23 +0800] "GET /xingrg/javascript/easyui/themes/default/validatebox.css HTTP/1.1" 404 1104
222.70.183.82 - - [14/Apr/2024:11:32:23 +0800] "GET /xingrg/kc/buy/cgsh_order_operate.html?command=get_materiel&rest_code=00111&code=00101009011&supplier_code=00100022&order_time=2024-04-14 HTTP/1.1" 200 416
116.237.76.76 - - [14/Apr/2024:11:32:24 +0800] "POST /xingrg/kc/buy/cgsh_order_operate.html HTTP/1.1" 200 23650
221.239.169.251 - - [14/Apr/2024:11:32:24 +0800] "GET /xingrg/all/function/internal_message.html?_=1713065542709&CODE_STATE=getMsg HTTP/1.1" 200 27
116.237.76.76 - - [14/Apr/2024:11:32:26 +0800] "GET /xingrg/kc/print/load_data.html?order_code=212024041403451&kc_code=cgsh&condition= HTTP/1.1" 200 9430
116.237.76.76 - - [14/Apr/2024:11:32:28 +0800] "GET /xingrg/check_reg.html?_=1713065544000 HTTP/1.1" 200 22
180.163.30.85 - - [14/Apr/2024:11:32:29 +0800] "GET /xingrg/kc/buy/cgsh_order_info.html?code=212024041403451 HTTP/1.1" 302 -
180.163.30.85 - - [14/Apr/2024:11:32:29 +0800] "GET /xingrg/login.html HTTP/1.1" 200 7641
116.237.76.76 - - [14/Apr/2024:11:32:29 +0800] "GET /xingrg/all/function/internal_message.html?_=1713065545053&CODE_STATE=getMsg HTTP/1.1" 200 27
101.83.144.49 - - [14/Apr/2024:11:32:29 +0800] "GET /xingrg/check_reg.html?_=1713065308351 HTTP/1.1" 200 22
101.83.144.49 - - [14/Apr/2024:11:32:29 +0800] "GET /xingrg/all/function/internal_message.html?_=1713065308355&CODE_STATE=getMsg HTTP/1.1" 200 27
116.238.97.31 - - [14/Apr/2024:11:32:29 +0800] "POST /xingrg/kc/buy/cgsh_order_operate.html HTTP/1.1" 200 37
116.238.97.31 - - [14/Apr/2024:11:32:32 +0800] "POST /xingrg/kc/buy/cgsh_order_operate.html HTTP/1.1" 200 2664
116.238.97.31 - - [14/Apr/2024:11:32:34 +0800] "GET /xingrg/kc/print/load_data.html?order_code=212024041403529&kc_code=cgsh&condition= HTTP/1.1" 200 743
116.224.254.208 - - [14/Apr/2024:11:32:35 +0800] "GET /xingrg/check_reg.html?_=1713065555609 HTTP/1.1" 200 22
116.224.254.208 - - [14/Apr/2024:11:32:35 +0800] "GET /xingrg/all/function/internal_message.html?_=1713065555612&CODE_STATE=getMsg HTTP/1.1" 200 27
101.83.144.49 - - [14/Apr/2024:11:32:36 +0800] "GET /xingrg/kc/buy/cgsh_order_operate.html?command=get_materiel&rest_code=00105&code=00101008286&supplier_code=00100008&order_time=2024-04-14 HTTP/1.1" 200 408
116.238.97.31 - - [14/Apr/2024:11:32:38 +0800] "GET /xingrg/kc/buy/cgsh_order_add.html HTTP/1.1" 200 73987
116.238.97.31 - - [14/Apr/2024:11:32:38 +0800] "POST /xingrg/kc/buy/cgsh_order_operate.html HTTP/1.1" 200 8245
116.238.97.31 - - [14/Apr/2024:11:32:38 +0800] "GET /xingrg/javascript/easyui/themes/default/validatebox.css HTTP/1.1" 404 1104
