116.237.76.76 - - [14/Apr/2024:11:20:33 +0800] "POST /xingrg/kc/buy/cgsh_order_operate.html HTTP/1.1" 200 603
116.237.76.76 - - [14/Apr/2024:11:20:35 +0800] "GET /xingrg/kc/print/load_data.html?order_code=212024041303164&kc_code=cgsh&condition= HTTP/1.1" 200 697
116.237.76.76 - - [14/Apr/2024:11:20:35 +0800] "POST /xingrg/kc/buy/cgsh_list_operate.html HTTP/1.1" 200 4723
222.70.183.82 - - [14/Apr/2024:11:20:41 +0800] "GET /xingrg/kc/buy/cgsh_order_operate.html?command=get_materiel&rest_code=00111&code=00101004023&supplier_code=00100312&order_time=2024-04-14 HTTP/1.1" 200 409
116.238.97.31 - - [14/Apr/2024:11:20:41 +0800] "GET /xingrg/kc/base/wldb_order_list.html HTTP/1.1" 200 19051
116.238.97.31 - - [14/Apr/2024:11:20:42 +0800] "POST /xingrg/kc/base/wldb_list_operate.html HTTP/1.1" 200 928
116.224.254.208 - - [14/Apr/2024:11:20:43 +0800] "GET /xingrg/kc/buy/cgsh_order_operate.html?command=get_materiel&rest_code=00150&code=00101001060&supplier_code=00100442&order_time=2024-04-14 HTTP/1.1" 200 421
222.70.183.82 - - [14/Apr/2024:11:20:44 +0800] "GET /xingrg/check_reg.html?_=1713064841562 HTTP/1.1" 200 22
222.70.183.82 - - [14/Apr/2024:11:20:44 +0800] "GET /xingrg/all/function/internal_message.html?_=1713064841673&CODE_STATE=getMsg HTTP/1.1" 200 27
116.237.76.76 - - [14/Apr/2024:11:20:44 +0800] "GET /xingrg/kc/buy/cgsh_order_operate.html?command=get_materiel&rest_code=00106&code=00101004067&supplier_code=00100312&order_time=2024-04-14 HTTP/1.1" 200 413
116.237.76.76 - - [14/Apr/2024:11:20:45 +0800] "POST /xingrg/kc/buy/cgsh_list_operate.html HTTP/1.1" 200 4723
114.95.153.66 - - [14/Apr/2024:11:20:45 +0800] "GET /xingrg/all/function/internal_message.html?_=1713064846619&CODE_STATE=getMsg HTTP/1.1" 200 27
180.163.28.143 - - [14/Apr/2024:11:20:46 +0800] "GET /xingrg/kc/print/load_data.html?order_code=212024041403483&kc_code=cgsh HTTP/1.1" 302 -
180.163.28.143 - - [14/Apr/2024:11:20:46 +0800] "GET /xingrg/login.html HTTP/1.1" 200 7641
116.230.109.19 - - [14/Apr/2024:11:20:47 +0800] "GET /xingrg/all/function/internal_message.html?_=1713064847395&CODE_STATE=getMsg HTTP/1.1" 200 27
116.238.97.31 - - [14/Apr/2024:11:20:49 +0800] "GET /xingrg/all/function/internal_message.html?_=1713064849893&CODE_STATE=getMsg HTTP/1.1" 200 27
116.238.97.31 - - [14/Apr/2024:11:20:49 +0800] "GET /xingrg/check_reg.html?_=1713064849894 HTTP/1.1" 200 22
116.224.254.208 - - [14/Apr/2024:11:20:54 +0800] "POST /xingrg/kc/buy/cgsh_order_operate.html HTTP/1.1" 200 37
116.224.254.208 - - [14/Apr/2024:11:20:55 +0800] "GET /xingrg/all/function/internal_message.html?_=1713064855346&CODE_STATE=getMsg HTTP/1.1" 200 27
116.237.76.76 - - [14/Apr/2024:11:20:57 +0800] "GET /xingrg/kc/buy/cgsh_order_operate.html?command=get_materiel&rest_code=00106&code=00101004030&supplier_code=00100312&order_time=2024-04-14 HTTP/1.1" 200 408
116.238.97.31 - - [14/Apr/2024:11:21:00 +0800] "GET /xingrg/kc/base/wldb_order_add.html HTTP/1.1" 200 30382
116.238.97.31 - - [14/Apr/2024:11:21:01 +0800] "POST /xingrg/kc/base/wldb_order_operate.html HTTP/1.1" 200 6806
116.238.97.31 - - [14/Apr/2024:11:21:01 +0800] "GET /xingrg/all/common/auto_word.html?type=base&rest_code=00102 HTTP/1.1" 200 1857
116.238.97.31 - - [14/Apr/2024:11:21:01 +0800] "GET /xingrg/all/common/auto_word.html?type=base&rest_code=00102 HTTP/1.1" 200 1857
116.238.97.31 - - [14/Apr/2024:11:21:01 +0800] "GET /xingrg/javascript/easyui/themes/default/validatebox.css HTTP/1.1" 404 1104
222.70.183.82 - - [14/Apr/2024:11:21:02 +0800] "POST /xingrg/kc/buy/cgsh_order_operate.html HTTP/1.1" 200 37
116.237.76.76 - - [14/Apr/2024:11:21:02 +0800] "POST /xingrg/kc/buy/cgsh_list_operate.html HTTP/1.1" 200 198
116.238.97.31 - - [14/Apr/2024:11:21:03 +0800] "GET /xingrg/javascript/auto/indicator.gif HTTP/1.1" 404 1066
116.224.254.208 - - [14/Apr/2024:11:21:03 +0800] "POST /xingrg/kc/buy/cgsh_order_operate.html HTTP/1.1" 200 12
116.238.97.31 - - [14/Apr/2024:11:21:04 +0800] "GET /xingrg/javascript/jquery_tools/images/prev.gif HTTP/1.1" 404 1086
116.238.97.31 - - [14/Apr/2024:11:21:04 +0800] "GET /xingrg/javascript/jquery_tools/images/next.gif HTTP/1.1" 404 1086
116.237.76.76 - - [14/Apr/2024:11:21:04 +0800] "GET /xingrg/kc/buy/cgsh_order_info.html?code=212024041403480 HTTP/1.1" 200 68818
116.237.76.76 - - [14/Apr/2024:11:21:04 +0800] "GET /xingrg/javascript/easyui/themes/default/validatebox.css HTTP/1.1" 404 1104
116.237.76.76 - - [14/Apr/2024:11:21:05 +0800] "POST /xingrg/kc/buy/cgsh_order_operate.html HTTP/1.1" 200 603
116.224.254.208 - - [14/Apr/2024:11:21:05 +0800] "GET /xingrg/kc/buy/cgsh_order_info.html?code=212024041403498 HTTP/1.1" 200 68864
116.224.254.208 - - [14/Apr/2024:11:21:06 +0800] "GET /xingrg/javascript/easyui/themes/default/validatebox.css HTTP/1.1" 404 1104
116.224.254.208 - - [14/Apr/2024:11:21:07 +0800] "POST /xingrg/kc/buy/cgsh_order_operate.html HTTP/1.1" 200 619
116.238.97.31 - - [14/Apr/2024:11:21:08 +0800] "GET /xingrg/kc/base/wldb_order_operate.html?command=get_materiel&rest_code=00102&base_code=0010477&code=00102002150 HTTP/1.1" 200 447
116.238.97.31 - - [14/Apr/2024:11:21:09 +0800] "GET /xingrg/all/function/internal_message.html?_=1713064903923&CODE_STATE=getMsg HTTP/1.1" 200 27
116.224.254.208 - - [14/Apr/2024:11:21:09 +0800] "GET /xingrg/kc/print/load_data.html?order_code=212024041403498&kc_code=cgsh&condition= HTTP/1.1" 200 721
116.237.76.76 - - [14/Apr/2024:11:21:09 +0800] "GET /xingrg/all/function/internal_message.html?_=1713064870773&CODE_STATE=getMsg HTTP/1.1" 200 27
116.237.76.76 - - [14/Apr/2024:11:21:09 +0800] "GET /xingrg/check_reg.html?_=1713064870775 HTTP/1.1" 200 22
116.237.76.76 - - [14/Apr/2024:11:21:13 +0800] "GET /xingrg/kc/buy/cgsh_order_operate.html?command=get_materiel&rest_code=00106&code=00101001156&supplier_code=00100312&order_time=2024-04-14 HTTP/1.1" 200 409
116.224.254.208 - - [14/Apr/2024:11:21:14 +0800] "GET /xingrg/kc/buy/cgsh_order_add.html HTTP/1.1" 200 73990
116.224.254.208 - - [14/Apr/2024:11:21:14 +0800] "POST /xingrg/kc/buy/cgsh_order_operate.html HTTP/1.1" 200 8245
116.224.254.208 - - [14/Apr/2024:11:21:14 +0800] "GET /xingrg/javascript/easyui/themes/default/validatebox.css HTTP/1.1" 404 1104
116.238.97.31 - - [14/Apr/2024:11:21:19 +0800] "GET /xingrg/kc/base/wldb_order_operate.html?command=get_materiel&rest_code=00102&base_code=0010477&code=00102012040 HTTP/1.1" 200 452
222.70.183.82 - - [14/Apr/2024:11:21:23 +0800] "POST /xingrg/kc/buy/cgsh_order_operate.html HTTP/1.1" 200 12
116.237.76.76 - - [14/Apr/2024:11:21:23 +0800] "POST /xingrg/kc/buy/cgsh_list_operate.html HTTP/1.1" 200 4723
221.239.169.251 - - [14/Apr/2024:11:21:24 +0800] "GET /xingrg/all/function/internal_message.html?_=1713064882603&CODE_STATE=getMsg HTTP/1.1" 200 27
116.224.254.208 - - [14/Apr/2024:11:21:25 +0800] "GET /xingrg/kc/buy/cgsh_order_operate.html?command=get_materiel&rest_code=00150&code=00101001008&supplier_code=00100482&order_time=2024-04-14 HTTP/1.1" 200 415
222.70.183.82 - - [14/Apr/2024:11:21:27 +0800] "GET /xingrg/kc/buy/cgsh_order_info.html?code=212024041403499 HTTP/1.1" 200 68778
222.70.183.82 - - [14/Apr/2024:11:21:27 +0800] "GET /xingrg/javascript/easyui/themes/default/validatebox.css HTTP/1.1" 404 1104
116.237.76.76 - - [14/Apr/2024:11:21:28 +0800] "GET /xingrg/kc/buy/cgsh_order_operate.html?command=get_materiel&rest_code=00106&code=00101001096&supplier_code=00100312&order_time=2024-04-14 HTTP/1.1" 200 413
222.70.183.82 - - [14/Apr/2024:11:21:28 +0800] "POST /xingrg/kc/buy/cgsh_order_operate.html HTTP/1.1" 200 2387
180.163.28.180 - - [14/Apr/2024:11:21:29 +0800] "GET /xingrg/all/function/internal_message.html?_=1713064825253&CODE_STATE=getMsg HTTP/1.1" 302 -
180.163.28.180 - - [14/Apr/2024:11:21:29 +0800] "GET /xingrg/login.html HTTP/1.1" 200 7641
116.237.76.76 - - [14/Apr/2024:11:21:29 +0800] "GET /xingrg/all/function/internal_message.html?_=1713064885234&CODE_STATE=getMsg HTTP/1.1" 200 27
180.163.29.234 - - [14/Apr/2024:11:21:30 +0800] "GET /xingrg/kc/buy/cgsh_order_info.html?code=212024041303164 HTTP/1.1" 302 -
180.163.29.234 - - [14/Apr/2024:11:21:30 +0800] "GET /xingrg/login.html HTTP/1.1" 200 7641
116.224.254.208 - - [14/Apr/2024:11:21:35 +0800] "POST /xingrg/kc/buy/cgsh_order_operate.html HTTP/1.1" 200 37
222.70.183.82 - - [14/Apr/2024:11:21:35 +0800] "GET /xingrg/kc/print/load_data.html?order_code=212024041403499&kc_code=cgsh&condition= HTTP/1.1" 200 1384
116.238.97.31 - - [14/Apr/2024:11:21:38 +0800] "POST /xingrg/kc/base/wldb_order_operate.html HTTP/1.1" 200 37
116.238.97.31 - - [14/Apr/2024:11:21:39 +0800] "POST /xingrg/kc/base/wldb_order_operate.html HTTP/1.1" 200 2692
222.70.183.82 - - [14/Apr/2024:11:21:41 +0800] "GET /xingrg/kc/buy/cgsh_order_add.html HTTP/1.1" 200 73902
222.70.183.82 - - [14/Apr/2024:11:21:41 +0800] "POST /xingrg/kc/buy/cgsh_order_operate.html HTTP/1.1" 200 8245
222.70.183.82 - - [14/Apr/2024:11:21:41 +0800] "GET /xingrg/javascript/easyui/themes/default/validatebox.css HTTP/1.1" 404 1104
116.224.254.208 - - [14/Apr/2024:11:21:42 +0800] "POST /xingrg/kc/buy/cgsh_order_operate.html HTTP/1.1" 200 12
116.237.76.76 - - [14/Apr/2024:11:21:43 +0800] "GET /xingrg/kc/buy/cgsh_order_operate.html?command=get_materiel&rest_code=00106&code=00101005022&supplier_code=00100312&order_time=2024-04-14 HTTP/1.1" 200 417
222.70.183.82 - - [14/Apr/2024:11:21:44 +0800] "GET /xingrg/all/function/internal_message.html?_=1713064901653&CODE_STATE=getMsg HTTP/1.1" 200 27
116.224.254.208 - - [14/Apr/2024:11:21:44 +0800] "GET /xingrg/kc/buy/cgsh_order_info.html?code=212024041403500 HTTP/1.1" 200 68870
116.224.254.208 - - [14/Apr/2024:11:21:44 +0800] "GET /xingrg/javascript/easyui/themes/default/validatebox.css HTTP/1.1" 404 1104
114.95.153.66 - - [14/Apr/2024:11:21:45 +0800] "GET /xingrg/all/function/internal_message.html?_=1713064906614&CODE_STATE=getMsg HTTP/1.1" 200 27
116.224.254.208 - - [14/Apr/2024:11:21:45 +0800] "POST /xingrg/kc/buy/cgsh_order_operate.html HTTP/1.1" 200 610
116.238.97.31 - - [14/Apr/2024:11:21:46 +0800] "POST /xingrg/kc/base/wldb_order_operate.html HTTP/1.1" 200 12
116.224.254.208 - - [14/Apr/2024:11:21:47 +0800] "GET /xingrg/kc/print/load_data.html?order_code=212024041403500&kc_code=cgsh&condition= HTTP/1.1" 200 714
116.230.109.19 - - [14/Apr/2024:11:21:47 +0800] "GET /xingrg/all/function/internal_message.html?_=1713064907404&CODE_STATE=getMsg HTTP/1.1" 200 27
116.238.97.31 - - [14/Apr/2024:11:21:47 +0800] "GET /xingrg/kc/base/wldb_order_info.html?code=422024041400836 HTTP/1.1" 200 26261
116.238.97.31 - - [14/Apr/2024:11:21:48 +0800] "GET /xingrg/javascript/easyui/themes/default/validatebox.css HTTP/1.1" 404 1104
116.238.97.31 - - [14/Apr/2024:11:21:48 +0800] "POST /xingrg/kc/base/wldb_order_operate.html HTTP/1.1" 200 975
116.238.97.31 - - [14/Apr/2024:11:21:49 +0800] "GET /xingrg/all/function/internal_message.html?_=1713064909881&CODE_STATE=getMsg HTTP/1.1" 200 27
116.238.97.31 - - [14/Apr/2024:11:21:49 +0800] "GET /xingrg/kc/base/wldb_order_add.html HTTP/1.1" 200 30382
116.238.97.31 - - [14/Apr/2024:11:21:50 +0800] "POST /xingrg/kc/base/wldb_order_operate.html HTTP/1.1" 200 6806
116.238.97.31 - - [14/Apr/2024:11:21:50 +0800] "GET /xingrg/javascript/easyui/themes/default/validatebox.css HTTP/1.1" 404 1104
116.224.254.208 - - [14/Apr/2024:11:21:51 +0800] "GET /xingrg/kc/buy/cgsh_order_add.html HTTP/1.1" 200 73990
116.224.254.208 - - [14/Apr/2024:11:21:52 +0800] "POST /xingrg/kc/buy/cgsh_order_operate.html HTTP/1.1" 200 8245
116.224.254.208 - - [14/Apr/2024:11:21:52 +0800] "GET /xingrg/javascript/easyui/themes/default/validatebox.css HTTP/1.1" 404 1104
116.224.254.208 - - [14/Apr/2024:11:21:55 +0800] "GET /xingrg/all/function/internal_message.html?_=1713064915340&CODE_STATE=getMsg HTTP/1.1" 200 27
101.83.144.49 - - [14/Apr/2024:11:21:55 +0800] "GET /xingrg/index.html?sysBaseUrl=http%3A%2F%2F180.169.147.146%3A18081%2Fxingrg%2F&costTime=32×tamp=1585224308505 HTTP/1.1" 302 -
101.83.144.49 - - [14/Apr/2024:11:21:55 +0800] "GET /xingrg/login.html HTTP/1.1" 200 7641
101.83.144.49 - - [14/Apr/2024:11:21:56 +0800] "GET /favicon.ico HTTP/1.1" 404 -
116.238.97.31 - - [14/Apr/2024:11:21:58 +0800] "GET /xingrg/kc/base/wldb_order_operate.html?command=get_materiel&rest_code=00102&base_code=0010477&code=00102002035 HTTP/1.1" 200 439
116.224.254.208 - - [14/Apr/2024:11:21:59 +0800] "GET /xingrg/kc/buy/cgsh_order_operate.html?command=get_materiel&rest_code=00150&code=00101001115&supplier_code=00100089&order_time=2024-04-14 HTTP/1.1" 200 415
116.238.97.31 - - [14/Apr/2024:11:22:01 +0800] "GET /xingrg/kc/base/wldb_order_operate.html?command=get_materiel&rest_code=00102&base_code=0010477&code=00102002022 HTTP/1.1" 200 472
222.70.183.82 - - [14/Apr/2024:11:22:03 +0800] "GET /xingrg/kc/buy/cgsh_order_operate.html?command=get_materiel&rest_code=00111&code=00101001037&supplier_code=00100668&order_time=2024-04-14 HTTP/1.1" 200 416
116.238.97.31 - - [14/Apr/2024:11:22:05 +0800] "GET /xingrg/kc/base/wldb_order_operate.html?command=get_materiel&rest_code=00102&base_code=0010477&code=00102002138 HTTP/1.1" 200 433
114.95.153.66 - - [14/Apr/2024:11:22:08 +0800] "GET /xingrg/kc/report/report_main.html HTTP/1.1" 200 7340
116.238.97.31 - - [14/Apr/2024:11:22:09 +0800] "GET /xingrg/all/function/internal_message.html?_=1713064963935&CODE_STATE=getMsg HTTP/1.1" 200 27
116.238.97.31 - - [14/Apr/2024:11:22:09 +0800] "GET /xingrg/kc/base/wldb_order_operate.html?command=get_materiel&rest_code=00102&base_code=0010477&code=00102002204 HTTP/1.1" 200 447
116.237.76.76 - - [14/Apr/2024:11:22:09 +0800] "GET /xingrg/all/function/internal_message.html?_=1713064930773&CODE_STATE=getMsg HTTP/1.1" 200 27
114.95.153.66 - - [14/Apr/2024:11:22:09 +0800] "GET /xingrg/all/report/report_query.html?fileName=kc/mdqp/qp_report_mdps_mx_report.xml HTTP/1.1" 200 51366
114.95.153.66 - - [14/Apr/2024:11:22:09 +0800] "GET /xingrg/dwr/interface/AjaxReportQueryService.js HTTP/1.1" 200 13203
114.95.153.66 - - [14/Apr/2024:11:22:09 +0800] "GET /xingrg/dwr/engine.js HTTP/1.1" 200 43631
114.95.153.66 - - [14/Apr/2024:11:22:10 +0800] "POST /xingrg/dwr/call/plaincall/AjaxReportQueryService.getFixDate.dwr HTTP/1.1" 200 111
114.95.153.66 - - [14/Apr/2024:11:22:10 +0800] "POST /xingrg/dwr/call/plaincall/AjaxReportQueryService.getInitString.dwr HTTP/1.1" 200 106
116.224.254.208 - - [14/Apr/2024:11:22:10 +0800] "POST /xingrg/kc/buy/cgsh_order_operate.html HTTP/1.1" 200 37
114.95.153.66 - - [14/Apr/2024:11:22:10 +0800] "POST /xingrg/dwr/call/plaincall/AjaxReportQueryService.getInitString.dwr HTTP/1.1" 200 125
114.95.153.66 - - [14/Apr/2024:11:22:10 +0800] "GET /xingrg/javascript/multi_select/dropdown_hover.gif HTTP/1.1" 200 61
116.237.76.76 - - [14/Apr/2024:11:22:11 +0800] "GET /xingrg/kc/buy/cgsh_order_operate.html?command=get_materiel&rest_code=00106&code=00101001029&supplier_code=00100312&order_time=2024-04-14 HTTP/1.1" 200 415
116.238.97.31 - - [14/Apr/2024:11:22:12 +0800] "GET /xingrg/kc/base/wldb_order_operate.html?command=get_materiel&rest_code=00102&base_code=0010477&code=00102002448 HTTP/1.1" 200 439
222.70.183.82 - - [14/Apr/2024:11:22:18 +0800] "POST /xingrg/kc/buy/cgsh_order_operate.html HTTP/1.1" 200 37
114.95.153.66 - - [14/Apr/2024:11:22:19 +0800] "POST /xingrg/dwr/call/plaincall/AjaxReportQueryService.refreshCache.dwr HTTP/1.1" 200 78
114.95.153.66 - - [14/Apr/2024:11:22:20 +0800] "POST /xingrg/all/report/load_report_page.html HTTP/1.1" 200 24233
114.95.153.66 - - [14/Apr/2024:11:22:20 +0800] "GET /xingrg/servlets/image?cache=0.42695717868749805&image=px HTTP/1.1" 200 807
116.224.254.208 - - [14/Apr/2024:11:22:20 +0800] "POST /xingrg/kc/buy/cgsh_order_operate.html HTTP/1.1" 200 12
116.238.97.31 - - [14/Apr/2024:11:22:22 +0800] "POST /xingrg/kc/base/wldb_order_operate.html HTTP/1.1" 200 37
101.83.144.49 - - [14/Apr/2024:11:22:22 +0800] "POST /xingrg/login.do HTTP/1.1" 302 -
116.224.254.208 - - [14/Apr/2024:11:22:23 +0800] "GET /xingrg/kc/buy/cgsh_order_info.html?code=212024041403501 HTTP/1.1" 200 68864
116.224.254.208 - - [14/Apr/2024:11:22:23 +0800] "GET /xingrg/javascript/easyui/themes/default/validatebox.css HTTP/1.1" 404 1104
116.238.97.31 - - [14/Apr/2024:11:22:23 +0800] "POST /xingrg/kc/base/wldb_order_operate.html HTTP/1.1" 200 4132
221.239.169.251 - - [14/Apr/2024:11:22:24 +0800] "GET /xingrg/kc/buy/cgsh_order_list.html HTTP/1.1" 200 58140
221.239.169.251 - - [14/Apr/2024:11:22:24 +0800] "GET /xingrg/all/function/internal_message.html?_=1713064942799&CODE_STATE=getMsg HTTP/1.1" 200 27
116.224.254.208 - - [14/Apr/2024:11:22:25 +0800] "POST /xingrg/kc/buy/cgsh_order_operate.html HTTP/1.1" 200 608
101.83.144.49 - - [14/Apr/2024:11:22:25 +0800] "POST /xingrg/login.do HTTP/1.1" 302 -
116.224.254.208 - - [14/Apr/2024:11:22:26 +0800] "GET /xingrg/kc/print/load_data.html?order_code=212024041403501&kc_code=cgsh&condition= HTTP/1.1" 200 784
221.239.169.251 - - [14/Apr/2024:11:22:27 +0800] "POST /xingrg/kc/buy/cgsh_list_operate.html HTTP/1.1" 200 645
101.83.144.49 - - [14/Apr/2024:11:22:27 +0800] "POST /xingrg/login.do HTTP/1.1" 302 -
101.83.144.49 - - [14/Apr/2024:11:22:27 +0800] "GET /xingrg/index.html?sysBaseUrl=http%3A%2F%2F180.169.147.146%3A18081%2Fxingrg%2F&costTime=2843×tamp=1713064947663 HTTP/1.1" 200 8212
116.237.76.76 - - [14/Apr/2024:11:22:28 +0800] "GET /xingrg/check_reg.html?_=1713064944035 HTTP/1.1" 200 22
101.83.144.49 - - [14/Apr/2024:11:22:29 +0800] "POST /xingrg/login.do HTTP/1.1" 302 -
180.163.29.79 - - [14/Apr/2024:11:22:29 +0800] "GET /xingrg/all/function/internal_message.html?_=1713064885234&CODE_STATE=getMsg HTTP/1.1" 302 -
101.83.144.49 - - [14/Apr/2024:11:22:29 +0800] "GET /xingrg/index.html?sysBaseUrl=http%3A%2F%2F180.169.147.146%3A18081%2Fxingrg%2F&costTime=1587×tamp=1713064949336 HTTP/1.1" 200 17173
180.163.29.79 - - [14/Apr/2024:11:22:29 +0800] "GET /xingrg/login.html HTTP/1.1" 200 7641
101.83.144.49 - - [14/Apr/2024:11:22:29 +0800] "GET /favicon.ico HTTP/1.1" 404 -
116.237.76.76 - - [14/Apr/2024:11:22:29 +0800] "GET /xingrg/all/function/internal_message.html?_=1713064945208&CODE_STATE=getMsg HTTP/1.1" 200 27
101.83.144.49 - - [14/Apr/2024:11:22:29 +0800] "POST /xingrg/all/common/load_tree.html?tree=area_rest_tree_json&manage=1 HTTP/1.1" 200 342
101.83.144.49 - - [14/Apr/2024:11:22:29 +0800] "GET /xingrg/all/function/internal_message.html?_=1713064708359&CODE_STATE=count HTTP/1.1" 200 11
101.83.144.49 - - [14/Apr/2024:11:22:29 +0800] "GET /xingrg/check_reg.html?_=1713064708360 HTTP/1.1" 200 22
101.83.144.49 - - [14/Apr/2024:11:22:29 +0800] "POST /xingrg/load_menu.html HTTP/1.1" 200 5138
116.224.254.208 - - [14/Apr/2024:11:22:31 +0800] "GET /xingrg/kc/buy/cgsh_order_add.html HTTP/1.1" 200 73990
116.224.254.208 - - [14/Apr/2024:11:22:31 +0800] "POST /xingrg/kc/buy/cgsh_order_operate.html HTTP/1.1" 200 8245
116.224.254.208 - - [14/Apr/2024:11:22:31 +0800] "GET /xingrg/javascript/easyui/themes/default/validatebox.css HTTP/1.1" 404 1104
116.237.76.76 - - [14/Apr/2024:11:22:32 +0800] "POST /xingrg/kc/buy/cgsh_list_operate.html HTTP/1.1" 200 202
114.95.153.66 - - [14/Apr/2024:11:22:32 +0800] "GET /xingrg/kc/pszx/mdps_order_info.html?isLook=1&code=312024031900349 HTTP/1.1" 200 19632
101.83.144.49 - - [14/Apr/2024:11:22:32 +0800] "GET /xingrg/kc/buy/buy_main.html HTTP/1.1" 200 12412
101.83.144.49 - - [14/Apr/2024:11:22:32 +0800] "GET /xingrg/css/new_ie.css HTTP/1.1" 404 1036
114.95.153.66 - - [14/Apr/2024:11:22:32 +0800] "GET /xingrg/javascript/easyui/themes/icons/cancel.png HTTP/1.1" 200 1133
114.95.153.66 - - [14/Apr/2024:11:22:32 +0800] "GET /favicon.ico HTTP/1.1" 404 -
114.95.153.66 - - [14/Apr/2024:11:22:32 +0800] "GET /xingrg/javascript/easyui/themes/default/validatebox.css HTTP/1.1" 404 1104
114.95.153.66 - - [14/Apr/2024:11:22:33 +0800] "POST /xingrg/kc/pszx/mdps_order_operate.html HTTP/1.1" 200 5573
114.95.153.66 - - [14/Apr/2024:11:22:33 +0800] "GET /xingrg/javascript/easyui/themes/icons/edit_remove.png HTTP/1.1" 200 625
116.238.97.31 - - [14/Apr/2024:11:22:33 +0800] "POST /xingrg/kc/base/wldb_order_operate.html HTTP/1.1" 200 12
101.83.144.49 - - [14/Apr/2024:11:22:33 +0800] "GET /xingrg/images/yd/bt.gif HTTP/1.1" 404 1040
116.237.76.76 - - [14/Apr/2024:11:22:33 +0800] "GET /xingrg/kc/buy/cgsh_order_operate.html?command=get_materiel&rest_code=00106&code=00101004013&supplier_code=00100312&order_time=2024-04-14 HTTP/1.1" 200 415
116.238.97.31 - - [14/Apr/2024:11:22:34 +0800] "GET /xingrg/kc/base/wldb_order_info.html?code=422024041400837 HTTP/1.1" 200 26260
101.83.144.49 - - [14/Apr/2024:11:22:35 +0800] "GET /xingrg/kc/buy/cgsh_order_list.html HTTP/1.1" 200 58134
116.238.97.31 - - [14/Apr/2024:11:22:35 +0800] "GET /xingrg/javascript/easyui/themes/default/validatebox.css HTTP/1.1" 404 1104
116.238.97.31 - - [14/Apr/2024:11:22:35 +0800] "POST /xingrg/kc/base/wldb_order_operate.html HTTP/1.1" 200 2382
221.239.169.251 - - [14/Apr/2024:11:22:36 +0800] "GET /xingrg/javascript/jquery_tools/images/prev.gif HTTP/1.1" 404 1086
221.239.169.251 - - [14/Apr/2024:11:22:36 +0800] "GET /xingrg/javascript/jquery_tools/images/next.gif HTTP/1.1" 404 1086
116.238.97.31 - - [14/Apr/2024:11:22:37 +0800] "GET /xingrg/kc/base/wldb_order_add.html HTTP/1.1" 200 30382
116.238.97.31 - - [14/Apr/2024:11:22:37 +0800] "POST /xingrg/kc/base/wldb_order_operate.html HTTP/1.1" 200 6806
116.238.97.31 - - [14/Apr/2024:11:22:37 +0800] "GET /xingrg/javascript/easyui/themes/default/validatebox.css HTTP/1.1" 404 1104
222.70.183.82 - - [14/Apr/2024:11:22:38 +0800] "POST /xingrg/kc/buy/cgsh_order_operate.html HTTP/1.1" 200 12
116.237.76.76 - - [14/Apr/2024:11:22:39 +0800] "GET /xingrg/kc/buy/cgsh_order_info.html?code=212024041403484 HTTP/1.1" 200 68816
116.237.76.76 - - [14/Apr/2024:11:22:40 +0800] "GET /xingrg/javascript/easyui/themes/default/validatebox.css HTTP/1.1" 404 1104
116.224.254.208 - - [14/Apr/2024:11:22:40 +0800] "GET /xingrg/kc/buy/cgsh_order_operate.html?command=get_materiel&rest_code=00150&code=00101008171&supplier_code=00100327&order_time=2024-04-14 HTTP/1.1" 200 421
116.237.76.76 - - [14/Apr/2024:11:22:41 +0800] "POST /xingrg/kc/buy/cgsh_order_operate.html HTTP/1.1" 200 614
101.83.144.49 - - [14/Apr/2024:11:22:41 +0800] "POST /xingrg/kc/buy/cgsh_list_operate.html HTTP/1.1" 200 1365
116.237.76.76 - - [14/Apr/2024:11:22:42 +0800] "GET /xingrg/kc/print/load_data.html?order_code=212024041403484&kc_code=cgsh HTTP/1.1" 200 773
222.70.183.82 - - [14/Apr/2024:11:22:43 +0800] "GET /xingrg/kc/buy/cgsh_order_info.html?code=212024041403502 HTTP/1.1" 200 68780
222.70.183.82 - - [14/Apr/2024:11:22:43 +0800] "GET /xingrg/javascript/easyui/themes/default/validatebox.css HTTP/1.1" 404 1104
222.70.183.82 - - [14/Apr/2024:11:22:44 +0800] "GET /xingrg/all/function/internal_message.html?_=1713064961631&CODE_STATE=getMsg HTTP/1.1" 200 27
222.70.183.82 - - [14/Apr/2024:11:22:44 +0800] "POST /xingrg/kc/buy/cgsh_order_operate.html HTTP/1.1" 200 613
114.95.153.66 - - [14/Apr/2024:11:22:45 +0800] "GET /xingrg/all/function/internal_message.html?_=1713064966608&CODE_STATE=getMsg HTTP/1.1" 200 27
116.237.76.76 - - [14/Apr/2024:11:22:45 +0800] "GET /xingrg/kc/buy/cgsh_order_operate.html?command=get_materiel&rest_code=00106&code=00101004038&supplier_code=00100312&order_time=2024-04-14 HTTP/1.1" 200 409
116.238.97.31 - - [14/Apr/2024:11:22:45 +0800] "GET /xingrg/kc/base/wldb_order_operate.html?command=get_materiel&rest_code=00102&base_code=0010477&code=00102004006 HTTP/1.1" 200 442
116.230.109.19 - - [14/Apr/2024:11:22:47 +0800] "GET /xingrg/all/function/internal_message.html?_=1713064967409&CODE_STATE=getMsg HTTP/1.1" 200 27
116.238.97.31 - - [14/Apr/2024:11:22:49 +0800] "GET /xingrg/all/function/internal_message.html?_=1713064969889&CODE_STATE=getMsg HTTP/1.1" 200 27
116.224.254.208 - - [14/Apr/2024:11:22:49 +0800] "GET /xingrg/kc/buy/cgsh_order_operate.html?command=get_materiel&rest_code=00150&code=00101010638&supplier_code=00100327&order_time=2024-04-14 HTTP/1.1" 200 414
116.238.97.31 - - [14/Apr/2024:11:22:51 +0800] "GET /xingrg/kc/base/wldb_order_operate.html?command=get_materiel&rest_code=00102&base_code=0010477&code=00102004030 HTTP/1.1" 200 442
222.69.135.125 - - [14/Apr/2024:11:22:52 +0800] "GET /xingrg/check_reg.html?_=1713064972746 HTTP/1.1" 200 22
116.224.254.208 - - [14/Apr/2024:11:22:55 +0800] "GET /xingrg/all/function/internal_message.html?_=1713064975325&CODE_STATE=getMsg HTTP/1.1" 200 27
116.238.97.31 - - [14/Apr/2024:11:22:55 +0800] "GET /xingrg/kc/base/wldb_order_operate.html?command=get_materiel&rest_code=00102&base_code=0010477&code=00102004026 HTTP/1.1" 200 442
116.224.254.208 - - [14/Apr/2024:11:22:58 +0800] "POST /xingrg/kc/buy/cgsh_order_operate.html HTTP/1.1" 200 37
116.224.254.208 - - [14/Apr/2024:11:23:04 +0800] "POST /xingrg/kc/buy/cgsh_order_operate.html HTTP/1.1" 200 12
116.238.97.31 - - [14/Apr/2024:11:23:04 +0800] "GET /xingrg/kc/base/wldb_order_operate.html?command=get_materiel&rest_code=00102&base_code=0010477&code=00102002304 HTTP/1.1" 200 463
116.224.254.208 - - [14/Apr/2024:11:23:06 +0800] "GET /xingrg/kc/buy/cgsh_order_info.html?code=212024041403503 HTTP/1.1" 200 68862
116.224.254.208 - - [14/Apr/2024:11:23:07 +0800] "GET /xingrg/javascript/easyui/themes/default/validatebox.css HTTP/1.1" 404 1104
116.224.254.208 - - [14/Apr/2024:11:23:08 +0800] "POST /xingrg/kc/buy/cgsh_order_operate.html HTTP/1.1" 200 1208
222.64.62.208 - - [14/Apr/2024:11:23:08 +0800] "POST /xingrg/services/DataTransmitService HTTP/1.1" 200 524
116.238.97.31 - - [14/Apr/2024:11:23:09 +0800] "GET /xingrg/kc/base/wldb_order_operate.html?command=get_materiel&rest_code=00102&base_code=0010477&code=00102015055 HTTP/1.1" 200 438
116.238.97.31 - - [14/Apr/2024:11:23:09 +0800] "GET /xingrg/all/function/internal_message.html?_=1713065024012&CODE_STATE=getMsg HTTP/1.1" 200 27
116.224.254.208 - - [14/Apr/2024:11:23:09 +0800] "GET /xingrg/kc/print/load_data.html?order_code=212024041403503&kc_code=cgsh&condition= HTTP/1.1" 200 942
116.237.76.76 - - [14/Apr/2024:11:23:09 +0800] "GET /xingrg/all/function/internal_message.html?_=1713064990778&CODE_STATE=getMsg HTTP/1.1" 200 27
116.224.254.208 - - [14/Apr/2024:11:23:14 +0800] "GET /xingrg/kc/buy/cgsh_order_add.html HTTP/1.1" 200 73990
221.239.169.251 - - [14/Apr/2024:11:23:14 +0800] "POST /xingrg/kc/buy/cgsh_list_operate.html HTTP/1.1" 200 4674
116.224.254.208 - - [14/Apr/2024:11:23:14 +0800] "POST /xingrg/kc/buy/cgsh_order_operate.html HTTP/1.1" 200 8245
116.224.254.208 - - [14/Apr/2024:11:23:14 +0800] "GET /xingrg/javascript/easyui/themes/default/validatebox.css HTTP/1.1" 404 1104
101.83.144.49 - - [14/Apr/2024:11:23:20 +0800] "GET /xingrg/kc/buy/cgsh_order_add.html HTTP/1.1" 200 74028
101.83.144.49 - - [14/Apr/2024:11:23:20 +0800] "GET /xingrg/words/20240413134602_words.js HTTP/1.1" 304 -
101.83.144.49 - - [14/Apr/2024:11:23:20 +0800] "POST /xingrg/kc/buy/cgsh_order_operate.html HTTP/1.1" 200 8245
101.83.144.49 - - [14/Apr/2024:11:23:20 +0800] "GET /xingrg/javascript/easyui/themes/default/validatebox.css HTTP/1.1" 404 1104
101.83.144.49 - - [14/Apr/2024:11:23:20 +0800] "GET /xingrg/all/common/auto_word.html?type=employee&rest_code=00105 HTTP/1.1" 200 193
101.83.144.49 - - [14/Apr/2024:11:23:20 +0800] "GET /xingrg/all/common/auto_word.html?type=employee&rest_code=00105 HTTP/1.1" 200 193
116.224.254.208 - - [14/Apr/2024:11:23:22 +0800] "GET /xingrg/kc/buy/cgsh_order_operate.html?command=get_materiel&rest_code=00150&code=00101002006&supplier_code=00100091&order_time=2024-04-14 HTTP/1.1" 200 414
221.239.169.251 - - [14/Apr/2024:11:23:24 +0800] "POST /xingrg/kc/buy/cgsh_list_operate.html HTTP/1.1" 200 4799
221.239.169.251 - - [14/Apr/2024:11:23:24 +0800] "GET /xingrg/all/function/internal_message.html?_=1713065002874&CODE_STATE=getMsg HTTP/1.1" 200 27
101.83.144.49 - - [14/Apr/2024:11:23:25 +0800] "GET /xingrg/javascript/auto/indicator.gif HTTP/1.1" 404 1066
180.163.29.103 - - [14/Apr/2024:11:23:28 +0800] "GET /xingrg/check_reg.html?_=1713064944035 HTTP/1.1" 302 -
180.163.29.103 - - [14/Apr/2024:11:23:28 +0800] "GET /xingrg/login.html HTTP/1.1" 200 7641
116.237.76.76 - - [14/Apr/2024:11:23:29 +0800] "GET /xingrg/all/function/internal_message.html?_=1713065005183&CODE_STATE=getMsg HTTP/1.1" 200 27
101.83.144.49 - - [14/Apr/2024:11:23:29 +0800] "GET /xingrg/all/function/internal_message.html?_=1713064768363&CODE_STATE=getMsg HTTP/1.1" 200 27
116.237.76.76 - - [14/Apr/2024:11:23:31 +0800] "POST /xingrg/kc/buy/cgsh_order_operate.html HTTP/1.1" 200 37
221.239.169.251 - - [14/Apr/2024:11:23:31 +0800] "POST /xingrg/kc/buy/cgsh_list_operate.html HTTP/1.1" 200 395
116.237.76.76 - - [14/Apr/2024:11:23:33 +0800] "POST /xingrg/kc/buy/cgsh_order_operate.html HTTP/1.1" 200 7423
116.224.254.208 - - [14/Apr/2024:11:23:33 +0800] "GET /xingrg/kc/buy/cgsh_order_operate.html?command=get_materiel&rest_code=00150&code=00101003037&supplier_code=00100091&order_time=2024-04-14 HTTP/1.1" 200 418
221.239.169.251 - - [14/Apr/2024:11:23:36 +0800] "GET /xingrg/kc/buy/cgsh_order_info.html?code=212024032407412 HTTP/1.1" 200 68019
221.239.169.251 - - [14/Apr/2024:11:23:37 +0800] "GET /xingrg/javascript/easyui/themes/default/validatebox.css HTTP/1.1" 404 1104
221.239.169.251 - - [14/Apr/2024:11:23:38 +0800] "POST /xingrg/kc/buy/cgsh_order_operate.html HTTP/1.1" 200 1863
116.238.97.31 - - [14/Apr/2024:11:23:39 +0800] "POST /xingrg/kc/base/wldb_order_operate.html HTTP/1.1" 200 37
222.70.183.82 - - [14/Apr/2024:11:23:44 +0800] "GET /xingrg/all/function/internal_message.html?_=1713065021606&CODE_STATE=getMsg HTTP/1.1" 200 27
114.95.153.66 - - [14/Apr/2024:11:23:45 +0800] "GET /xingrg/all/function/internal_message.html?_=1713065026613&CODE_STATE=getMsg HTTP/1.1" 200 27
116.238.97.31 - - [14/Apr/2024:11:23:46 +0800] "POST /xingrg/kc/base/wldb_order_operate.html HTTP/1.1" 200 12
116.238.97.31 - - [14/Apr/2024:11:23:46 +0800] "POST /xingrg/kc/base/wldb_order_operate.html HTTP/1.1" 200 5075
116.230.109.19 - - [14/Apr/2024:11:23:47 +0800] "GET /xingrg/check_reg.html?_=1713065027409 HTTP/1.1" 200 22
116.230.109.19 - - [14/Apr/2024:11:23:47 +0800] "GET /xingrg/all/function/internal_message.html?_=1713065027414&CODE_STATE=getMsg HTTP/1.1" 200 27
116.238.97.31 - - [14/Apr/2024:11:23:48 +0800] "GET /xingrg/kc/base/wldb_order_info.html?code=422024041400838 HTTP/1.1" 200 26261
116.238.97.31 - - [14/Apr/2024:11:23:48 +0800] "GET /xingrg/javascript/easyui/themes/default/validatebox.css HTTP/1.1" 404 1104
116.224.254.208 - - [14/Apr/2024:11:23:49 +0800] "POST /xingrg/kc/buy/cgsh_order_operate.html HTTP/1.1" 200 37
116.238.97.31 - - [14/Apr/2024:11:23:50 +0800] "POST /xingrg/kc/base/wldb_order_operate.html HTTP/1.1" 200 3301
101.83.144.49 - - [14/Apr/2024:11:23:52 +0800] "GET /xingrg/kc/buy/cgsh_order_operate.html?command=get_materiel&rest_code=00105&code=00101008136&supplier_code=00100008&order_time=2024-04-14 HTTP/1.1" 200 413
116.237.76.76 - - [14/Apr/2024:11:23:52 +0800] "POST /xingrg/kc/buy/cgsh_order_operate.html HTTP/1.1" 200 223
116.238.97.31 - - [14/Apr/2024:11:23:53 +0800] "GET /xingrg/kc/buy/cgsh_order_list.html HTTP/1.1" 200 58134
116.238.97.31 - - [14/Apr/2024:11:23:55 +0800] "GET /xingrg/kc/buy/cgsh_order_list.html HTTP/1.1" 200 58134
116.224.254.208 - - [14/Apr/2024:11:23:55 +0800] "GET /xingrg/all/function/internal_message.html?_=1713065035332&CODE_STATE=getMsg HTTP/1.1" 200 27
222.70.183.82 - - [14/Apr/2024:11:23:56 +0800] "GET /xingrg/kc/print/load_data.html?order_code=212024041403502&kc_code=cgsh&condition= HTTP/1.1" 200 705
116.224.254.208 - - [14/Apr/2024:11:23:59 +0800] "POST /xingrg/kc/buy/cgsh_order_operate.html HTTP/1.1" 200 12
116.238.97.31 - - [14/Apr/2024:11:24:00 +0800] "POST /xingrg/kc/buy/cgsh_list_operate.html HTTP/1.1" 200 645
116.238.97.31 - - [14/Apr/2024:11:24:01 +0800] "POST /xingrg/kc/buy/cgsh_list_operate.html HTTP/1.1" 200 645
222.70.183.82 - - [14/Apr/2024:11:24:02 +0800] "GET /xingrg/kc/buy/cgsh_order_add.html HTTP/1.1" 200 73902
222.70.183.82 - - [14/Apr/2024:11:24:02 +0800] "POST /xingrg/kc/buy/cgsh_order_operate.html HTTP/1.1" 200 8245
222.70.183.82 - - [14/Apr/2024:11:24:02 +0800] "GET /xingrg/javascript/easyui/themes/default/validatebox.css HTTP/1.1" 404 1104
116.224.254.208 - - [14/Apr/2024:11:24:03 +0800] "GET /xingrg/kc/buy/cgsh_order_info.html?code=212024041403505 HTTP/1.1" 200 68866
221.239.169.251 - - [14/Apr/2024:11:24:03 +0800] "POST /xingrg/kc/buy/cgsh_list_operate.html HTTP/1.1" 200 4799
116.224.254.208 - - [14/Apr/2024:11:24:03 +0800] "GET /xingrg/javascript/easyui/themes/default/validatebox.css HTTP/1.1" 404 1104
116.224.254.208 - - [14/Apr/2024:11:24:04 +0800] "POST /xingrg/kc/buy/cgsh_order_operate.html HTTP/1.1" 200 1211
116.237.76.76 - - [14/Apr/2024:11:24:05 +0800] "POST /xingrg/kc/buy/cgsh_order_operate.html HTTP/1.1" 200 37
116.224.254.208 - - [14/Apr/2024:11:24:06 +0800] "GET /xingrg/kc/print/load_data.html?order_code=212024041403505&kc_code=cgsh&condition= HTTP/1.1" 200 1019
116.238.97.31 - - [14/Apr/2024:11:24:09 +0800] "GET /xingrg/all/function/internal_message.html?_=1713065083996&CODE_STATE=getMsg HTTP/1.1" 200 27
116.237.76.76 - - [14/Apr/2024:11:24:09 +0800] "GET /xingrg/all/function/internal_message.html?_=1713065050778&CODE_STATE=getMsg HTTP/1.1" 200 27
116.224.254.208 - - [14/Apr/2024:11:24:11 +0800] "GET /xingrg/kc/buy/cgsh_order_add.html HTTP/1.1" 200 73990
116.224.254.208 - - [14/Apr/2024:11:24:11 +0800] "POST /xingrg/kc/buy/cgsh_order_operate.html HTTP/1.1" 200 8245
116.224.254.208 - - [14/Apr/2024:11:24:11 +0800] "GET /xingrg/javascript/easyui/themes/default/validatebox.css HTTP/1.1" 404 1104
116.237.76.76 - - [14/Apr/2024:11:24:12 +0800] "POST /xingrg/kc/buy/cgsh_order_operate.html HTTP/1.1" 200 12
222.70.183.82 - - [14/Apr/2024:11:24:14 +0800] "GET /xingrg/kc/buy/cgsh_order_operate.html?command=get_materiel&rest_code=00111&code=00101001008&supplier_code=00100482&order_time=2024-04-14 HTTP/1.1" 200 415
116.237.76.76 - - [14/Apr/2024:11:24:15 +0800] "GET /xingrg/kc/buy/cgsh_order_info.html?code=212024041403504 HTTP/1.1" 200 68816
116.237.76.76 - - [14/Apr/2024:11:24:15 +0800] "GET /xingrg/javascript/easyui/themes/default/validatebox.css HTTP/1.1" 404 1104
221.239.169.251 - - [14/Apr/2024:11:24:15 +0800] "POST /xingrg/kc/buy/cgsh_list_operate.html HTTP/1.1" 200 4800
116.237.76.76 - - [14/Apr/2024:11:24:16 +0800] "POST /xingrg/kc/buy/cgsh_order_operate.html HTTP/1.1" 200 5368
116.237.76.76 - - [14/Apr/2024:11:24:20 +0800] "GET /xingrg/kc/print/load_data.html?order_code=212024041403504&kc_code=cgsh&condition= HTTP/1.1" 200 2537
221.239.169.251 - - [14/Apr/2024:11:24:24 +0800] "GET /xingrg/check_reg.html?_=1713065062607 HTTP/1.1" 200 22
221.239.169.251 - - [14/Apr/2024:11:24:24 +0800] "GET /xingrg/all/function/internal_message.html?_=1713065062851&CODE_STATE=getMsg HTTP/1.1" 200 27
221.239.169.251 - - [14/Apr/2024:11:24:25 +0800] "POST /xingrg/kc/buy/cgsh_list_operate.html HTTP/1.1" 200 4800
116.237.76.76 - - [14/Apr/2024:11:24:26 +0800] "GET /xingrg/kc/buy/cgsh_order_add.html HTTP/1.1" 200 73940
116.237.76.76 - - [14/Apr/2024:11:24:26 +0800] "POST /xingrg/kc/buy/cgsh_order_operate.html HTTP/1.1" 200 8245
116.237.76.76 - - [14/Apr/2024:11:24:26 +0800] "GET /xingrg/javascript/easyui/themes/default/validatebox.css HTTP/1.1" 404 1104
116.237.76.76 - - [14/Apr/2024:11:24:27 +0800] "GET /xingrg/javascript/easyui/themes/default/tree.css HTTP/1.1" 404 1090
116.237.76.76 - - [14/Apr/2024:11:24:28 +0800] "POST /xingrg/all/common/load_tree.html?tree=supplier_tree_json&isDelete=1 HTTP/1.1" 200 79288
116.237.76.76 - - [14/Apr/2024:11:24:29 +0800] "GET /xingrg/all/function/internal_message.html?_=1713065065152&CODE_STATE=getMsg HTTP/1.1" 200 27
180.163.30.27 - - [14/Apr/2024:11:24:29 +0800] "GET /xingrg/all/function/internal_message.html?_=1713065005183&CODE_STATE=getMsg HTTP/1.1" 302 -
180.163.30.27 - - [14/Apr/2024:11:24:29 +0800] "GET /xingrg/login.html HTTP/1.1" 200 7641
222.70.183.82 - - [14/Apr/2024:11:24:29 +0800] "POST /xingrg/kc/buy/cgsh_order_operate.html HTTP/1.1" 200 37
101.83.144.49 - - [14/Apr/2024:11:24:29 +0800] "GET /xingrg/all/function/internal_message.html?_=1713064828380&CODE_STATE=getMsg HTTP/1.1" 200 27
221.239.169.251 - - [14/Apr/2024:11:24:33 +0800] "POST /xingrg/kc/buy/cgsh_list_operate.html HTTP/1.1" 200 553
222.70.183.82 - - [14/Apr/2024:11:24:37 +0800] "POST /xingrg/kc/buy/cgsh_order_operate.html HTTP/1.1" 200 12
101.83.144.49 - - [14/Apr/2024:11:24:39 +0800] "GET /xingrg/kc/buy/cgsh_order_operate.html?command=get_materiel&rest_code=00105&code=00101008026&supplier_code=00100008&order_time=2024-04-14 HTTP/1.1" 200 409
116.224.254.208 - - [14/Apr/2024:11:24:40 +0800] "GET /xingrg/kc/buy/cgsh_order_operate.html?command=get_materiel&rest_code=00150&code=00101001140&supplier_code=00100668&order_time=2024-04-14 HTTP/1.1" 200 417
222.70.183.82 - - [14/Apr/2024:11:24:40 +0800] "GET /xingrg/kc/buy/cgsh_order_info.html?code=212024041403506 HTTP/1.1" 200 68782
222.70.183.82 - - [14/Apr/2024:11:24:40 +0800] "GET /xingrg/javascript/easyui/themes/default/validatebox.css HTTP/1.1" 404 1104
222.70.183.82 - - [14/Apr/2024:11:24:41 +0800] "POST /xingrg/kc/buy/cgsh_order_operate.html HTTP/1.1" 200 612
222.70.183.82 - - [14/Apr/2024:11:24:44 +0800] "GET /xingrg/all/function/internal_message.html?_=1713065081591&CODE_STATE=getMsg HTTP/1.1" 200 27
116.238.97.31 - - [14/Apr/2024:11:24:45 +0800] "GET /favicon.ico HTTP/1.1" 404 -
114.95.153.66 - - [14/Apr/2024:11:24:45 +0800] "GET /xingrg/check_reg.html?_=1713065086613 HTTP/1.1" 200 22
114.95.153.66 - - [14/Apr/2024:11:24:45 +0800] "GET /xingrg/all/function/internal_message.html?_=1713065086616&CODE_STATE=getMsg HTTP/1.1" 200 27
116.230.109.19 - - [14/Apr/2024:11:24:47 +0800] "GET /xingrg/all/function/internal_message.html?_=1713065087412&CODE_STATE=getMsg HTTP/1.1" 200 27
222.70.183.82 - - [14/Apr/2024:11:24:49 +0800] "GET /xingrg/kc/print/load_data.html?order_code=212024041403506&kc_code=cgsh&condition= HTTP/1.1" 200 705
116.238.97.31 - - [14/Apr/2024:11:24:49 +0800] "GET /xingrg/login.html HTTP/1.1" 200 7641
116.238.97.31 - - [14/Apr/2024:11:24:49 +0800] "GET /xingrg/images/blue/jxLogo.png HTTP/1.1" 200 6156
116.238.97.31 - - [14/Apr/2024:11:24:49 +0800] "GET /xingrg/images/blue/login_bg.png HTTP/1.1" 200 22101
116.238.97.31 - - [14/Apr/2024:11:24:49 +0800] "GET /xingrg/images/blue/srbg.png HTTP/1.1" 200 138
116.238.97.31 - - [14/Apr/2024:11:24:49 +0800] "GET /xingrg/images/blue/hj.png HTTP/1.1" 200 1014
116.238.97.31 - - [14/Apr/2024:11:24:49 +0800] "GET /favicon.ico HTTP/1.1" 404 -
116.224.254.208 - - [14/Apr/2024:11:24:55 +0800] "POST /xingrg/kc/buy/cgsh_order_operate.html HTTP/1.1" 200 37
116.237.76.76 - - [14/Apr/2024:11:24:57 +0800] "GET /xingrg/kc/buy/cgsh_order_operate.html?command=get_materiel&rest_code=00106&code=00101001118&supplier_code=00100665&order_time=2024-04-14 HTTP/1.1" 200 427
222.70.183.82 - - [14/Apr/2024:11:24:58 +0800] "GET /xingrg/kc/buy/cgsh_order_add.html HTTP/1.1" 200 73902
222.70.183.82 - - [14/Apr/2024:11:24:59 +0800] "POST /xingrg/kc/buy/cgsh_order_operate.html HTTP/1.1" 200 8245
222.70.183.82 - - [14/Apr/2024:11:24:59 +0800] "GET /xingrg/javascript/easyui/themes/default/validatebox.css HTTP/1.1" 404 1104
116.224.254.208 - - [14/Apr/2024:11:25:03 +0800] "POST /xingrg/kc/buy/cgsh_order_operate.html HTTP/1.1" 200 12
124.78.56.241 - - [14/Apr/2024:11:25:05 +0800] "POST /xingrg/services/DataTransmitService HTTP/1.1" 200 524
116.224.254.208 - - [14/Apr/2024:11:25:06 +0800] "GET /xingrg/kc/buy/cgsh_order_info.html?code=212024041403507 HTTP/1.1" 200 68868
124.78.56.241 - - [14/Apr/2024:11:25:06 +0800] "POST /xingrg/services/DataTransmitService HTTP/1.1" 200 412
116.224.254.208 - - [14/Apr/2024:11:25:06 +0800] "GET /xingrg/javascript/easyui/themes/default/validatebox.css HTTP/1.1" 404 1104
116.224.254.208 - - [14/Apr/2024:11:25:07 +0800] "POST /xingrg/kc/buy/cgsh_order_operate.html HTTP/1.1" 200 614
116.238.97.31 - - [14/Apr/2024:11:25:08 +0800] "GET /xingrg/login.html HTTP/1.1" 200 7641
116.238.97.31 - - [14/Apr/2024:11:25:08 +0800] "GET /favicon.ico HTTP/1.1" 404 -
116.224.254.208 - - [14/Apr/2024:11:25:09 +0800] "GET /xingrg/kc/print/load_data.html?order_code=212024041403507&kc_code=cgsh&condition= HTTP/1.1" 200 716
116.238.97.31 - - [14/Apr/2024:11:25:09 +0800] "GET /xingrg/check_reg.html?_=1713065143948 HTTP/1.1" 200 22
116.238.97.31 - - [14/Apr/2024:11:25:09 +0800] "GET /xingrg/all/function/internal_message.html?_=1713065143995&CODE_STATE=getMsg HTTP/1.1" 200 27
222.70.183.82 - - [14/Apr/2024:11:25:09 +0800] "GET /xingrg/kc/buy/cgsh_order_operate.html?command=get_materiel&rest_code=00111&code=00101002006&supplier_code=00100091&order_time=2024-04-14 HTTP/1.1" 200 414
180.164.1.25 - - [14/Apr/2024:11:25:10 +0800] "GET /xingrg/check_reg.html?_=1713065109578 HTTP/1.1" 200 22
116.238.97.31 - - [14/Apr/2024:11:25:11 +0800] "POST /xingrg/login.do HTTP/1.1" 302 -
116.238.97.31 - - [14/Apr/2024:11:25:11 +0800] "GET /xingrg/index.html?sysBaseUrl=http%3A%2F%2F180.169.147.146%3A18081%2Fxingrg%2F&costTime=801×tamp=1713065111165 HTTP/1.1" 200 17173
116.238.97.31 - - [14/Apr/2024:11:25:11 +0800] "GET /xingrg/javascript/jquery_easy_ui/themes/default/easyui.css HTTP/1.1" 200 26500
116.238.97.31 - - [14/Apr/2024:11:25:11 +0800] "GET /xingrg/javascript/jquery_easy_ui/themes/icon.css HTTP/1.1" 200 3949
116.238.97.31 - - [14/Apr/2024:11:25:11 +0800] "GET /xingrg/javascript/jquery_easy_ui/easyui-lang-zh_CN.js HTTP/1.1" 200 1900
116.238.97.31 - - [14/Apr/2024:11:25:11 +0800] "GET /xingrg/javascript/jquery_easy_ui/jquery.easyui.min.js HTTP/1.1" 200 213662
116.238.97.31 - - [14/Apr/2024:11:25:11 +0800] "GET /xingrg/javascript/jquery-1.4.2.min.js HTTP/1.1" 200 72205
116.238.97.31 - - [14/Apr/2024:11:25:11 +0800] "GET /xingrg/javascript/jquery.form.js HTTP/1.1" 200 23110
116.238.97.31 - - [14/Apr/2024:11:25:11 +0800] "GET /xingrg/css/form.css HTTP/1.1" 200 893
116.238.97.31 - - [14/Apr/2024:11:25:11 +0800] "GET /xingrg/javascript/jquery.utils.js HTTP/1.1" 200 11805
116.238.97.31 - - [14/Apr/2024:11:25:11 +0800] "GET /xingrg/javascript/jquery.timers.js HTTP/1.1" 200 3532
116.238.97.31 - - [14/Apr/2024:11:25:11 +0800] "GET /favicon.ico HTTP/1.1" 404 -
116.238.97.31 - - [14/Apr/2024:11:25:11 +0800] "GET /xingrg/javascript/jquery_easy_ui/themes/icons/settle_new.png HTTP/1.1" 200 826
116.238.97.31 - - [14/Apr/2024:11:25:11 +0800] "GET /xingrg/images/blue/navBackgound.jpg HTTP/1.1" 200 12378
116.238.97.31 - - [14/Apr/2024:11:25:11 +0800] "GET /xingrg/images/blue/pingpu.png HTTP/1.1" 200 231
116.238.97.31 - - [14/Apr/2024:11:25:11 +0800] "GET /xingrg/check_reg.html?_=1713065112810 HTTP/1.1" 200 22
116.238.97.31 - - [14/Apr/2024:11:25:11 +0800] "GET /xingrg/all/function/internal_message.html?_=1713065112809&CODE_STATE=count HTTP/1.1" 200 11
116.238.97.31 - - [14/Apr/2024:11:25:11 +0800] "GET /xingrg/javascript/jquery_easy_ui/themes/default/images/tabs_leftarrow.png HTTP/1.1" 200 389
116.238.97.31 - - [14/Apr/2024:11:25:11 +0800] "GET /xingrg/javascript/jquery_easy_ui/themes/default/images/tabs_rightarrow.png HTTP/1.1" 200 395
116.238.97.31 - - [14/Apr/2024:11:25:11 +0800] "GET /xingrg/javascript/jquery_easy_ui/themes/default/images/panel_tool_collapse.gif HTTP/1.1" 200 246
116.238.97.31 - - [14/Apr/2024:11:25:11 +0800] "POST /xingrg/all/common/load_tree.html?tree=area_rest_tree_json&manage=1 HTTP/1.1" 200 342
116.238.97.31 - - [14/Apr/2024:11:25:11 +0800] "POST /xingrg/load_menu.html HTTP/1.1" 200 5138
116.238.97.31 - - [14/Apr/2024:11:25:11 +0800] "GET /xingrg/javascript/jquery_easy_ui/themes/default/images/tree_arrows.gif HTTP/1.1" 200 1043
116.238.97.31 - - [14/Apr/2024:11:25:11 +0800] "GET /xingrg/javascript/jquery_easy_ui/themes/default/images/tree_folder_open.gif HTTP/1.1" 200 956
116.238.97.31 - - [14/Apr/2024:11:25:11 +0800] "GET /xingrg/javascript/jquery_easy_ui/themes/icons/search_new.png HTTP/1.1" 200 586
116.238.97.31 - - [14/Apr/2024:11:25:11 +0800] "GET /xingrg/javascript/jquery_easy_ui/themes/icons/storage_new.png HTTP/1.1" 200 853
116.238.97.31 - - [14/Apr/2024:11:25:11 +0800] "GET /xingrg/javascript/jquery_easy_ui/themes/default/images/tree_folder.gif HTTP/1.1" 200 952
116.238.97.31 - - [14/Apr/2024:11:25:11 +0800] "GET /xingrg/javascript/jquery_easy_ui/themes/icons/forms_new.png HTTP/1.1" 200 350
116.238.97.31 - - [14/Apr/2024:11:25:11 +0800] "GET /xingrg/javascript/jquery_easy_ui/themes/default/images/tree_file.gif HTTP/1.1" 200 118
116.224.254.208 - - [14/Apr/2024:11:25:13 +0800] "GET /xingrg/kc/buy/cgsh_order_add.html HTTP/1.1" 200 73990
116.237.76.76 - - [14/Apr/2024:11:25:13 +0800] "POST /xingrg/kc/buy/cgsh_order_operate.html HTTP/1.1" 200 37
116.224.254.208 - - [14/Apr/2024:11:25:13 +0800] "POST /xingrg/kc/buy/cgsh_order_operate.html HTTP/1.1" 200 8245
116.224.254.208 - - [14/Apr/2024:11:25:14 +0800] "GET /xingrg/javascript/easyui/themes/default/validatebox.css HTTP/1.1" 404 1104
116.230.109.19 - - [14/Apr/2024:11:25:18 +0800] "GET /xingrg/javascript/jquery_tools/images/next.gif HTTP/1.1" 404 1086
116.230.109.19 - - [14/Apr/2024:11:25:18 +0800] "GET /xingrg/javascript/jquery_tools/images/prev.gif HTTP/1.1" 404 1086
116.237.76.76 - - [14/Apr/2024:11:25:21 +0800] "GET /xingrg/javascript/jquery_easy_ui/themes/icons/rest.png HTTP/1.1" 304 -
116.237.76.76 - - [14/Apr/2024:11:25:21 +0800] "GET /xingrg/javascript/jquery_easy_ui/themes/icons/area.png HTTP/1.1" 304 -
222.70.183.82 - - [14/Apr/2024:11:25:23 +0800] "POST /xingrg/kc/buy/cgsh_order_operate.html HTTP/1.1" 200 37
116.230.109.19 - - [14/Apr/2024:11:25:23 +0800] "GET /xingrg/javascript/auto/indicator.gif HTTP/1.1" 404 1066
116.224.254.208 - - [14/Apr/2024:11:25:24 +0800] "GET /xingrg/kc/buy/cgsh_order_operate.html?command=get_materiel&rest_code=00150&code=00101004038&supplier_code=00100312&order_time=2024-04-14 HTTP/1.1" 200 409
221.239.169.251 - - [14/Apr/2024:11:25:24 +0800] "GET /xingrg/all/function/internal_message.html?_=1713065122821&CODE_STATE=getMsg HTTP/1.1" 200 27
180.163.30.100 - - [14/Apr/2024:11:25:28 +0800] "GET /xingrg/kc/buy/cgsh_order_operate.html?command=get_materiel&rest_code=00106&code=00101012025&supplier_code=00100096&order_time=2024-04-14 HTTP/1.1" 302 -
116.237.76.76 - - [14/Apr/2024:11:25:28 +0800] "POST /xingrg/kc/buy/cgsh_order_operate.html HTTP/1.1" 200 12
180.163.30.100 - - [14/Apr/2024:11:25:28 +0800] "GET /xingrg/login.html HTTP/1.1" 200 7641
116.237.76.76 - - [14/Apr/2024:11:25:29 +0800] "GET /xingrg/all/function/internal_message.html?_=1713065125139&CODE_STATE=getMsg HTTP/1.1" 200 27
101.83.144.49 - - [14/Apr/2024:11:25:29 +0800] "GET /xingrg/all/function/internal_message.html?_=1713064888383&CODE_STATE=getMsg HTTP/1.1" 200 27
222.70.183.82 - - [14/Apr/2024:11:25:32 +0800] "POST /xingrg/kc/buy/cgsh_order_operate.html HTTP/1.1" 200 12
116.224.254.208 - - [14/Apr/2024:11:25:33 +0800] "GET /xingrg/kc/buy/cgsh_order_operate.html?command=get_materiel&rest_code=00150&code=00101004023&supplier_code=00100312&order_time=2024-04-14 HTTP/1.1" 200 409
116.237.76.76 - - [14/Apr/2024:11:25:33 +0800] "GET /xingrg/kc/buy/cgsh_order_info.html?code=212024041403508 HTTP/1.1" 200 68812
116.237.76.76 - - [14/Apr/2024:11:25:33 +0800] "GET /xingrg/javascript/easyui/themes/default/validatebox.css HTTP/1.1" 404 1104
116.230.109.19 - - [14/Apr/2024:11:25:34 +0800] "POST /xingrg/kc/buy/cgsh_list_operate.html HTTP/1.1" 200 645
116.237.76.76 - - [14/Apr/2024:11:25:35 +0800] "POST /xingrg/kc/buy/cgsh_order_operate.html HTTP/1.1" 200 624
116.238.97.31 - - [14/Apr/2024:11:25:35 +0800] "GET /xingrg/kc/buy/cgsh_order_add.html HTTP/1.1" 200 73987
222.70.183.82 - - [14/Apr/2024:11:25:35 +0800] "GET /xingrg/kc/buy/cgsh_order_info.html?code=212024041403509 HTTP/1.1" 200 68778
222.70.183.82 - - [14/Apr/2024:11:25:35 +0800] "GET /xingrg/javascript/easyui/themes/default/validatebox.css HTTP/1.1" 404 1104
116.238.97.31 - - [14/Apr/2024:11:25:35 +0800] "POST /xingrg/kc/buy/cgsh_order_operate.html HTTP/1.1" 200 8245
116.238.97.31 - - [14/Apr/2024:11:25:36 +0800] "GET /xingrg/javascript/easyui/themes/default/validatebox.css HTTP/1.1" 404 1104
222.70.183.82 - - [14/Apr/2024:11:25:36 +0800] "POST /xingrg/kc/buy/cgsh_order_operate.html HTTP/1.1" 200 611
116.237.76.76 - - [14/Apr/2024:11:25:37 +0800] "GET /xingrg/kc/print/load_data.html?order_code=212024041403508&kc_code=cgsh&condition= HTTP/1.1" 200 701
221.239.169.251 - - [14/Apr/2024:11:25:38 +0800] "GET /xingrg/kc/buy/cgsh_order_info.html?code=212024031604643 HTTP/1.1" 200 68019
221.239.169.251 - - [14/Apr/2024:11:25:39 +0800] "GET /xingrg/javascript/easyui/themes/default/validatebox.css HTTP/1.1" 404 1104
221.239.169.251 - - [14/Apr/2024:11:25:40 +0800] "POST /xingrg/kc/buy/cgsh_order_operate.html HTTP/1.1" 200 3110
222.70.183.82 - - [14/Apr/2024:11:25:42 +0800] "GET /xingrg/kc/print/load_data.html?order_code=212024041403509&kc_code=cgsh&condition= HTTP/1.1" 200 769
101.83.144.49 - - [14/Apr/2024:11:25:44 +0800] "GET /xingrg/kc/buy/cgsh_order_operate.html?command=get_materiel&rest_code=00105&code=00101008264&supplier_code=00100008&order_time=2024-04-14 HTTP/1.1" 200 412
222.70.183.82 - - [14/Apr/2024:11:25:44 +0800] "GET /xingrg/check_reg.html?_=1713065141590 HTTP/1.1" 200 22
222.70.183.82 - - [14/Apr/2024:11:25:44 +0800] "GET /xingrg/all/function/internal_message.html?_=1713065141591&CODE_STATE=getMsg HTTP/1.1" 200 27
116.237.76.76 - - [14/Apr/2024:11:25:44 +0800] "GET /xingrg/kc/buy/cgsh_order_add.html HTTP/1.1" 200 73940
116.237.76.76 - - [14/Apr/2024:11:25:44 +0800] "POST /xingrg/kc/buy/cgsh_order_operate.html HTTP/1.1" 200 8245
116.237.76.76 - - [14/Apr/2024:11:25:44 +0800] "GET /xingrg/javascript/easyui/themes/default/validatebox.css HTTP/1.1" 404 1104
116.238.97.31 - - [14/Apr/2024:11:25:45 +0800] "GET /xingrg/kc/buy/cgsh_order_operate.html?command=get_materiel&rest_code=00102&code=00101001140&supplier_code=00100545&order_time=2024-04-13 HTTP/1.1" 200 417
114.95.153.66 - - [14/Apr/2024:11:25:45 +0800] "GET /xingrg/all/function/internal_message.html?_=1713065146608&CODE_STATE=getMsg HTTP/1.1" 200 27
116.237.76.76 - - [14/Apr/2024:11:25:46 +0800] "GET /xingrg/javascript/easyui/themes/default/tree.css HTTP/1.1" 404 1090
