116.238.97.31 - - [14/Apr/2024:09:35:30 +0800] "GET /xingrg/all/function/internal_message.html?_=1713058531735&CODE_STATE=getMsg HTTP/1.1" 200 27
116.224.254.208 - - [14/Apr/2024:09:35:33 +0800] "POST /xingrg/all/user/operate.html HTTP/1.1" 200 36
116.224.254.208 - - [14/Apr/2024:09:35:33 +0800] "GET /xingrg/index.html?sysBaseUrl=http%3A%2F%2F180.169.147.146%3A18081%2Fxingrg%2F&costTime=820×tamp=1713054926332 HTTP/1.1" 200 17177
116.224.254.208 - - [14/Apr/2024:09:35:33 +0800] "GET /xingrg/javascript/jquery_easy_ui/themes/default/easyui.css HTTP/1.1" 304 -
116.224.254.208 - - [14/Apr/2024:09:35:33 +0800] "GET /xingrg/javascript/jquery_easy_ui/themes/icon.css HTTP/1.1" 304 -
116.224.254.208 - - [14/Apr/2024:09:35:33 +0800] "GET /xingrg/css/form.css HTTP/1.1" 304 -
116.224.254.208 - - [14/Apr/2024:09:35:33 +0800] "GET /xingrg/javascript/jquery-1.4.2.min.js HTTP/1.1" 304 -
116.224.254.208 - - [14/Apr/2024:09:35:33 +0800] "GET /xingrg/javascript/jquery_easy_ui/jquery.easyui.min.js HTTP/1.1" 304 -
116.224.254.208 - - [14/Apr/2024:09:35:33 +0800] "GET /xingrg/javascript/jquery_easy_ui/easyui-lang-zh_CN.js HTTP/1.1" 304 -
116.224.254.208 - - [14/Apr/2024:09:35:33 +0800] "GET /xingrg/javascript/jquery.form.js HTTP/1.1" 304 -
116.224.254.208 - - [14/Apr/2024:09:35:33 +0800] "GET /xingrg/javascript/jquery.utils.js HTTP/1.1" 304 -
116.224.254.208 - - [14/Apr/2024:09:35:33 +0800] "GET /xingrg/javascript/jquery.timers.js HTTP/1.1" 304 -
116.224.254.208 - - [14/Apr/2024:09:35:33 +0800] "GET /xingrg/images/blue/jxLogo.png HTTP/1.1" 304 -
116.224.254.208 - - [14/Apr/2024:09:35:33 +0800] "GET /xingrg/images/blue/navBackgound.jpg HTTP/1.1" 304 -
116.224.254.208 - - [14/Apr/2024:09:35:33 +0800] "GET /xingrg/javascript/jquery_easy_ui/themes/icons/settle_new.png HTTP/1.1" 304 -
116.224.254.208 - - [14/Apr/2024:09:35:33 +0800] "GET /xingrg/all/function/internal_message.html?_=1713058533532&CODE_STATE=count HTTP/1.1" 200 11
116.224.254.208 - - [14/Apr/2024:09:35:33 +0800] "GET /xingrg/images/blue/pingpu.png HTTP/1.1" 304 -
116.224.254.208 - - [14/Apr/2024:09:35:33 +0800] "GET /xingrg/javascript/jquery_easy_ui/themes/default/images/tabs_leftarrow.png HTTP/1.1" 304 -
116.224.254.208 - - [14/Apr/2024:09:35:33 +0800] "GET /xingrg/check_reg.html?_=1713058533532 HTTP/1.1" 200 22
116.224.254.208 - - [14/Apr/2024:09:35:33 +0800] "GET /xingrg/javascript/jquery_easy_ui/themes/default/images/tabs_rightarrow.png HTTP/1.1" 304 -
116.224.254.208 - - [14/Apr/2024:09:35:33 +0800] "GET /xingrg/javascript/jquery_easy_ui/themes/default/images/panel_tool_collapse.gif HTTP/1.1" 304 -
116.224.254.208 - - [14/Apr/2024:09:35:33 +0800] "POST /xingrg/all/common/load_tree.html?tree=area_rest_tree_json&manage=1 HTTP/1.1" 200 476
116.224.254.208 - - [14/Apr/2024:09:35:33 +0800] "POST /xingrg/load_menu.html HTTP/1.1" 200 5138
114.95.153.66 - - [14/Apr/2024:09:35:37 +0800] "GET /xingrg/all/function/internal_message.html?_=1713058538700&CODE_STATE=getMsg HTTP/1.1" 200 27
114.95.153.66 - - [14/Apr/2024:09:35:37 +0800] "GET /xingrg/check_reg.html?_=1713058538702 HTTP/1.1" 200 22
180.164.1.25 - - [14/Apr/2024:09:35:42 +0800] "GET /xingrg/all/function/internal_message.html?_=1713058540906&CODE_STATE=getMsg HTTP/1.1" 200 27
218.81.220.69 - - [14/Apr/2024:09:35:43 +0800] "GET /xingrg/check_reg.html?_=1713058545406 HTTP/1.1" 200 22
124.78.56.241 - - [14/Apr/2024:09:35:46 +0800] "GET /xingrg/check_reg.html?_=1713058546506 HTTP/1.1" 200 22
116.224.254.208 - - [14/Apr/2024:09:35:50 +0800] "GET /xingrg/kc/buy/cgsh_order_list.html HTTP/1.1" 200 58075
116.224.254.208 - - [14/Apr/2024:09:35:52 +0800] "POST /xingrg/kc/buy/cgsh_list_operate.html HTTP/1.1" 200 645
114.83.217.203 - - [14/Apr/2024:09:35:52 +0800] "GET /xingrg/check_reg.html?_=1713058552951 HTTP/1.1" 200 22
114.83.217.203 - - [14/Apr/2024:09:35:52 +0800] "GET /xingrg/all/function/internal_message.html?_=1713058552954&CODE_STATE=getMsg HTTP/1.1" 200 27
116.224.254.208 - - [14/Apr/2024:09:35:53 +0800] "GET /xingrg/kc/buy/cgsh_order_add.html HTTP/1.1" 200 73475
116.224.254.208 - - [14/Apr/2024:09:35:54 +0800] "POST /xingrg/kc/buy/cgsh_order_operate.html HTTP/1.1" 200 8245
116.224.254.208 - - [14/Apr/2024:09:35:54 +0800] "GET /xingrg/javascript/easyui/themes/default/validatebox.css HTTP/1.1" 404 1104
116.224.254.208 - - [14/Apr/2024:09:35:54 +0800] "GET /xingrg/all/common/auto_word.html?type=employee&rest_code=00151 HTTP/1.1" 200 293
116.224.254.208 - - [14/Apr/2024:09:35:54 +0800] "GET /xingrg/all/common/auto_word.html?type=employee&rest_code=00151 HTTP/1.1" 200 293
116.237.76.76 - - [14/Apr/2024:09:35:54 +0800] "GET /xingrg/check_reg.html?_=1713058550550 HTTP/1.1" 200 22
116.224.254.208 - - [14/Apr/2024:09:35:55 +0800] "GET /xingrg/javascript/auto/indicator.gif HTTP/1.1" 404 1066
222.70.183.82 - - [14/Apr/2024:09:35:56 +0800] "GET /xingrg/check_reg.html?_=1713058553830 HTTP/1.1" 200 22
116.237.76.76 - - [14/Apr/2024:09:35:59 +0800] "GET /xingrg/all/function/internal_message.html?_=1713058554628&CODE_STATE=getMsg HTTP/1.1" 200 27
180.163.29.79 - - [14/Apr/2024:09:36:02 +0800] "GET /xingrg/all/function/internal_message.html?_=1713058494652&CODE_STATE=getMsg HTTP/1.1" 302 -
180.163.29.79 - - [14/Apr/2024:09:36:02 +0800] "GET /xingrg/login.html HTTP/1.1" 200 7641
116.224.254.208 - - [14/Apr/2024:09:36:02 +0800] "GET /xingrg/kc/buy/cgsh_order_operate.html?command=get_materiel&rest_code=00151&code=00101009178&supplier_code=00100022&order_time=2024-04-14 HTTP/1.1" 200 413
180.164.1.25 - - [14/Apr/2024:09:36:11 +0800] "GET /xingrg/javascript/auto/indicator.gif HTTP/1.1" 404 1066
221.239.169.251 - - [14/Apr/2024:09:36:13 +0800] "GET /xingrg/all/function/internal_message.html?_=1713058571710&CODE_STATE=getMsg HTTP/1.1" 200 27
116.224.254.208 - - [14/Apr/2024:09:36:14 +0800] "GET /xingrg/kc/buy/cgsh_order_operate.html?command=get_materiel&rest_code=00151&code=00101009039&supplier_code=00100022&order_time=2024-04-14 HTTP/1.1" 200 408
180.164.1.25 - - [14/Apr/2024:09:36:14 +0800] "GET /xingrg/javascript/jquery_tools/images/prev.gif HTTP/1.1" 404 1086
180.164.1.25 - - [14/Apr/2024:09:36:15 +0800] "GET /xingrg/javascript/jquery_tools/images/next.gif HTTP/1.1" 404 1086
222.70.183.82 - - [14/Apr/2024:09:36:16 +0800] "GET /xingrg/all/function/internal_message.html?_=1713058574361&CODE_STATE=getMsg HTTP/1.1" 200 27
101.83.144.49 - - [14/Apr/2024:09:36:18 +0800] "GET /xingrg/all/function/internal_message.html?_=1713058337283&CODE_STATE=getMsg HTTP/1.1" 200 27
116.224.254.208 - - [14/Apr/2024:09:36:22 +0800] "GET /xingrg/kc/buy/cgsh_order_operate.html?command=get_materiel&rest_code=00151&code=00101009016&supplier_code=00100022&order_time=2024-04-14 HTTP/1.1" 200 420
180.164.1.25 - - [14/Apr/2024:09:36:27 +0800] "GET /xingrg/kc/buy/cgsh_order_operate.html?command=get_materiel&rest_code=00108&code=00101008478&supplier_code=00100007&order_time=2024-04-14 HTTP/1.1" 200 413
124.78.56.241 - - [14/Apr/2024:09:36:30 +0800] "GET /xingrg/all/function/internal_message.html?_=1713058590722&CODE_STATE=getMsg HTTP/1.1" 200 27
116.238.97.31 - - [14/Apr/2024:09:36:30 +0800] "GET /xingrg/all/function/internal_message.html?_=1713058591721&CODE_STATE=getMsg HTTP/1.1" 200 27
116.224.254.208 - - [14/Apr/2024:09:36:33 +0800] "GET /xingrg/all/function/internal_message.html?_=1713058593545&CODE_STATE=getMsg HTTP/1.1" 200 27
180.163.30.27 - - [14/Apr/2024:09:36:33 +0800] "GET /xingrg/all/function/internal_message.html?_=1713058314736&CODE_STATE=getMsg HTTP/1.1" 302 -
180.163.30.27 - - [14/Apr/2024:09:36:33 +0800] "GET /xingrg/login.html HTTP/1.1" 200 7641
114.95.153.66 - - [14/Apr/2024:09:36:37 +0800] "GET /xingrg/all/function/internal_message.html?_=1713058598695&CODE_STATE=getMsg HTTP/1.1" 200 27
116.224.254.208 - - [14/Apr/2024:09:36:39 +0800] "GET /xingrg/kc/buy/cgsh_order_operate.html?command=get_materiel&rest_code=00151&code=00101009116&supplier_code=00100022&order_time=2024-04-14 HTTP/1.1" 200 412
180.164.1.25 - - [14/Apr/2024:09:36:42 +0800] "GET /xingrg/all/function/internal_message.html?_=1713058600911&CODE_STATE=getMsg HTTP/1.1" 200 27
116.224.254.208 - - [14/Apr/2024:09:36:46 +0800] "GET /xingrg/kc/buy/cgsh_order_operate.html?command=get_materiel&rest_code=00151&code=00101009011&supplier_code=00100022&order_time=2024-04-14 HTTP/1.1" 200 416
114.83.217.203 - - [14/Apr/2024:09:36:52 +0800] "GET /xingrg/all/function/internal_message.html?_=1713058612954&CODE_STATE=getMsg HTTP/1.1" 200 27
180.163.30.85 - - [14/Apr/2024:09:36:54 +0800] "GET /xingrg/check_reg.html?_=1713058550550 HTTP/1.1" 302 -
180.163.30.85 - - [14/Apr/2024:09:36:54 +0800] "GET /xingrg/login.html HTTP/1.1" 200 7641
116.224.254.208 - - [14/Apr/2024:09:36:55 +0800] "GET /xingrg/kc/buy/cgsh_order_operate.html?command=get_materiel&rest_code=00151&code=00101009066&supplier_code=00100022&order_time=2024-04-14 HTTP/1.1" 200 416
116.237.76.76 - - [14/Apr/2024:09:36:58 +0800] "GET /xingrg/all/function/internal_message.html?_=1713058614598&CODE_STATE=getMsg HTTP/1.1" 200 27
116.224.254.208 - - [14/Apr/2024:09:37:04 +0800] "POST /xingrg/kc/buy/cgsh_order_operate.html HTTP/1.1" 200 37
180.164.1.25 - - [14/Apr/2024:09:37:07 +0800] "POST /xingrg/services/DataTransmitService HTTP/1.1" 200 524
116.224.254.208 - - [14/Apr/2024:09:37:12 +0800] "POST /xingrg/kc/buy/cgsh_order_operate.html HTTP/1.1" 200 12
221.239.169.251 - - [14/Apr/2024:09:37:13 +0800] "GET /xingrg/all/function/internal_message.html?_=1713058631695&CODE_STATE=getMsg HTTP/1.1" 200 27
116.224.254.208 - - [14/Apr/2024:09:37:14 +0800] "GET /xingrg/kc/buy/cgsh_order_info.html?code=212024041403465 HTTP/1.1" 200 68351
116.224.254.208 - - [14/Apr/2024:09:37:14 +0800] "GET /xingrg/javascript/easyui/themes/default/validatebox.css HTTP/1.1" 404 1104
116.224.254.208 - - [14/Apr/2024:09:37:15 +0800] "POST /xingrg/kc/buy/cgsh_order_operate.html HTTP/1.1" 200 3626
222.70.183.82 - - [14/Apr/2024:09:37:16 +0800] "GET /xingrg/all/function/internal_message.html?_=1713058634345&CODE_STATE=getMsg HTTP/1.1" 200 27
116.224.254.208 - - [14/Apr/2024:09:37:17 +0800] "GET /xingrg/kc/print/load_data.html?order_code=212024041403465&kc_code=cgsh&condition= HTTP/1.1" 200 1927
180.164.1.25 - - [14/Apr/2024:09:37:17 +0800] "GET /xingrg/kc/buy/cgsh_order_operate.html?command=get_materiel&rest_code=00108&code=00101008242&supplier_code=00100007&order_time=2024-04-14 HTTP/1.1" 200 408
101.83.144.49 - - [14/Apr/2024:09:37:18 +0800] "GET /xingrg/all/function/internal_message.html?_=1713058397284&CODE_STATE=getMsg HTTP/1.1" 200 27
101.83.144.49 - - [14/Apr/2024:09:37:18 +0800] "GET /xingrg/check_reg.html?_=1713058397287 HTTP/1.1" 200 22
116.224.254.208 - - [14/Apr/2024:09:37:22 +0800] "GET /xingrg/kc/buy/cgsh_order_add.html HTTP/1.1" 200 73475
116.224.254.208 - - [14/Apr/2024:09:37:22 +0800] "POST /xingrg/kc/buy/cgsh_order_operate.html HTTP/1.1" 200 8245
116.224.254.208 - - [14/Apr/2024:09:37:22 +0800] "GET /xingrg/javascript/easyui/themes/default/validatebox.css HTTP/1.1" 404 1104
180.163.30.85 - - [14/Apr/2024:09:37:27 +0800] "GET /xingrg/kc/print/load_data.html?order_code=212024041403451&kc_code=cgsh HTTP/1.1" 302 -
180.163.30.85 - - [14/Apr/2024:09:37:27 +0800] "GET /xingrg/login.html HTTP/1.1" 200 7641
124.78.56.241 - - [14/Apr/2024:09:37:30 +0800] "GET /xingrg/all/function/internal_message.html?_=1713058650704&CODE_STATE=getMsg HTTP/1.1" 200 27
116.238.97.31 - - [14/Apr/2024:09:37:30 +0800] "GET /xingrg/all/function/internal_message.html?_=1713058651693&CODE_STATE=getMsg HTTP/1.1" 200 27
116.224.254.208 - - [14/Apr/2024:09:37:30 +0800] "GET /xingrg/kc/buy/cgsh_order_operate.html?command=get_materiel&rest_code=00151&code=00101012060&supplier_code=00100096&order_time=2024-04-14 HTTP/1.1" 200 408
180.164.1.25 - - [14/Apr/2024:09:37:31 +0800] "GET /xingrg/kc/buy/cgsh_order_operate.html?command=get_materiel&rest_code=00108&code=00101008185&supplier_code=00100007&order_time=2024-04-14 HTTP/1.1" 200 408
116.224.254.208 - - [14/Apr/2024:09:37:33 +0800] "GET /xingrg/all/function/internal_message.html?_=1713058653550&CODE_STATE=getMsg HTTP/1.1" 200 27
114.95.153.66 - - [14/Apr/2024:09:37:37 +0800] "GET /xingrg/all/function/internal_message.html?_=1713058658703&CODE_STATE=getMsg HTTP/1.1" 200 27
116.224.254.208 - - [14/Apr/2024:09:37:40 +0800] "GET /xingrg/kc/buy/cgsh_order_operate.html?command=get_materiel&rest_code=00151&code=00101016025&supplier_code=00100096&order_time=2024-04-14 HTTP/1.1" 200 408
180.164.1.25 - - [14/Apr/2024:09:37:41 +0800] "GET /xingrg/kc/buy/cgsh_order_operate.html?command=get_materiel&rest_code=00108&code=00101008004&supplier_code=00100007&order_time=2024-04-14 HTTP/1.1" 200 417
180.164.1.25 - - [14/Apr/2024:09:37:42 +0800] "GET /xingrg/all/function/internal_message.html?_=1713058660920&CODE_STATE=getMsg HTTP/1.1" 200 27
116.224.254.208 - - [14/Apr/2024:09:37:47 +0800] "GET /xingrg/kc/buy/cgsh_order_operate.html?command=get_materiel&rest_code=00151&code=00101012039&supplier_code=00100096&order_time=2024-04-14 HTTP/1.1" 200 408
180.164.1.25 - - [14/Apr/2024:09:37:51 +0800] "GET /xingrg/kc/buy/cgsh_order_operate.html?command=get_materiel&rest_code=00108&code=00101008286&supplier_code=00100007&order_time=2024-04-14 HTTP/1.1" 200 408
114.83.217.203 - - [14/Apr/2024:09:37:52 +0800] "GET /xingrg/all/function/internal_message.html?_=1713058672969&CODE_STATE=getMsg HTTP/1.1" 200 27
116.224.254.208 - - [14/Apr/2024:09:37:54 +0800] "GET /xingrg/kc/buy/cgsh_order_operate.html?command=get_materiel&rest_code=00151&code=00101016038&supplier_code=00100096&order_time=2024-04-14 HTTP/1.1" 200 408
116.237.76.76 - - [14/Apr/2024:09:37:58 +0800] "GET /xingrg/all/function/internal_message.html?_=1713058674569&CODE_STATE=getMsg HTTP/1.1" 200 27
116.224.254.208 - - [14/Apr/2024:09:38:01 +0800] "GET /xingrg/kc/buy/cgsh_order_operate.html?command=get_materiel&rest_code=00151&code=00101016051&supplier_code=00100096&order_time=2024-04-14 HTTP/1.1" 200 408
116.224.254.208 - - [14/Apr/2024:09:38:08 +0800] "GET /xingrg/kc/buy/cgsh_order_operate.html?command=get_materiel&rest_code=00151&code=00101016071&supplier_code=00100096&order_time=2024-04-14 HTTP/1.1" 200 416
221.239.169.251 - - [14/Apr/2024:09:38:13 +0800] "GET /xingrg/all/function/internal_message.html?_=1713058691666&CODE_STATE=getMsg HTTP/1.1" 200 27
222.70.183.82 - - [14/Apr/2024:09:38:16 +0800] "GET /xingrg/all/function/internal_message.html?_=1713058694330&CODE_STATE=getMsg HTTP/1.1" 200 27
101.83.144.49 - - [14/Apr/2024:09:38:18 +0800] "GET /xingrg/all/function/internal_message.html?_=1713058457288&CODE_STATE=getMsg HTTP/1.1" 200 27
116.224.254.208 - - [14/Apr/2024:09:38:24 +0800] "GET /xingrg/kc/buy/cgsh_order_operate.html?command=get_materiel&rest_code=00151&code=00101012025&supplier_code=00100096&order_time=2024-04-14 HTTP/1.1" 200 413
124.78.56.241 - - [14/Apr/2024:09:38:30 +0800] "GET /xingrg/all/function/internal_message.html?_=1713058710687&CODE_STATE=getMsg HTTP/1.1" 200 27
116.238.97.31 - - [14/Apr/2024:09:38:30 +0800] "GET /xingrg/all/function/internal_message.html?_=1713058711663&CODE_STATE=getMsg HTTP/1.1" 200 27
116.224.254.208 - - [14/Apr/2024:09:38:32 +0800] "GET /xingrg/kc/buy/cgsh_order_operate.html?command=get_materiel&rest_code=00151&code=00101012059&supplier_code=00100096&order_time=2024-04-14 HTTP/1.1" 200 412
116.224.254.208 - - [14/Apr/2024:09:38:33 +0800] "GET /xingrg/all/function/internal_message.html?_=1713058713541&CODE_STATE=getMsg HTTP/1.1" 200 27
114.95.153.66 - - [14/Apr/2024:09:38:37 +0800] "GET /xingrg/all/function/internal_message.html?_=1713058718702&CODE_STATE=getMsg HTTP/1.1" 200 27
116.224.254.208 - - [14/Apr/2024:09:38:39 +0800] "GET /xingrg/kc/buy/cgsh_order_operate.html?command=get_materiel&rest_code=00151&code=00101013170&supplier_code=00100096&order_time=2024-04-14 HTTP/1.1" 200 408
116.224.254.208 - - [14/Apr/2024:09:38:46 +0800] "GET /xingrg/kc/buy/cgsh_order_operate.html?command=get_materiel&rest_code=00151&code=00101012051&supplier_code=00100096&order_time=2024-04-14 HTTP/1.1" 200 408
116.238.97.31 - - [14/Apr/2024:09:38:46 +0800] "GET /xingrg/check_reg.html?_=1713058727922 HTTP/1.1" 200 22
180.164.1.25 - - [14/Apr/2024:09:38:51 +0800] "GET /xingrg/login.html HTTP/1.1" 200 7641
180.164.1.25 - - [14/Apr/2024:09:38:51 +0800] "GET /xingrg/images/blue/jxLogo.png HTTP/1.1" 200 6156
180.164.1.25 - - [14/Apr/2024:09:38:52 +0800] "GET /xingrg/images/blue/login_bg.png HTTP/1.1" 200 22101
180.164.1.25 - - [14/Apr/2024:09:38:52 +0800] "GET /xingrg/images/blue/srbg.png HTTP/1.1" 200 138
180.164.1.25 - - [14/Apr/2024:09:38:52 +0800] "GET /xingrg/images/blue/hj.png HTTP/1.1" 200 1014
114.83.217.203 - - [14/Apr/2024:09:38:52 +0800] "GET /xingrg/all/function/internal_message.html?_=1713058732969&CODE_STATE=getMsg HTTP/1.1" 200 27
180.164.1.25 - - [14/Apr/2024:09:38:53 +0800] "GET /favicon.ico HTTP/1.1" 404 -
116.224.254.208 - - [14/Apr/2024:09:38:54 +0800] "GET /xingrg/kc/buy/cgsh_order_operate.html?command=get_materiel&rest_code=00151&code=00101007049&supplier_code=00100096&order_time=2024-04-14 HTTP/1.1" 200 409
180.164.1.25 - - [14/Apr/2024:09:38:55 +0800] "POST /xingrg/login.do HTTP/1.1" 302 -
180.164.1.25 - - [14/Apr/2024:09:38:55 +0800] "GET /xingrg/index.html?sysBaseUrl=http%3A%2F%2F180.169.147.146%3A18081%2Fxingrg%2F&costTime=807×tamp=1713058735373 HTTP/1.1" 200 17183
180.164.1.25 - - [14/Apr/2024:09:38:55 +0800] "GET /favicon.ico HTTP/1.1" 404 -
180.164.1.25 - - [14/Apr/2024:09:38:55 +0800] "GET /xingrg/javascript/jquery.form.js HTTP/1.1" 200 23110
180.164.1.25 - - [14/Apr/2024:09:38:55 +0800] "GET /xingrg/javascript/jquery.timers.js HTTP/1.1" 200 3532
180.164.1.25 - - [14/Apr/2024:09:38:55 +0800] "GET /xingrg/images/blue/navBackgound.jpg HTTP/1.1" 200 12378
180.164.1.25 - - [14/Apr/2024:09:38:55 +0800] "GET /xingrg/javascript/jquery_easy_ui/themes/icons/settle_new.png HTTP/1.1" 200 826
180.164.1.25 - - [14/Apr/2024:09:38:55 +0800] "POST /xingrg/all/common/load_tree.html?tree=area_rest_tree_json&manage=1 HTTP/1.1" 200 357
180.164.1.25 - - [14/Apr/2024:09:38:55 +0800] "GET /xingrg/all/function/internal_message.html?_=1713058734639&CODE_STATE=count HTTP/1.1" 200 11
180.164.1.25 - - [14/Apr/2024:09:38:55 +0800] "GET /xingrg/javascript/jquery_easy_ui/themes/default/images/tabs_rightarrow.png HTTP/1.1" 200 395
180.164.1.25 - - [14/Apr/2024:09:38:55 +0800] "GET /xingrg/images/blue/pingpu.png HTTP/1.1" 200 231
180.164.1.25 - - [14/Apr/2024:09:38:55 +0800] "GET /xingrg/check_reg.html?_=1713058734639 HTTP/1.1" 200 22
180.164.1.25 - - [14/Apr/2024:09:38:55 +0800] "GET /xingrg/javascript/jquery_easy_ui/themes/default/images/panel_tool_collapse.gif HTTP/1.1" 200 246
180.164.1.25 - - [14/Apr/2024:09:38:55 +0800] "GET /xingrg/javascript/jquery_easy_ui/themes/default/images/tabs_leftarrow.png HTTP/1.1" 200 389
180.164.1.25 - - [14/Apr/2024:09:38:55 +0800] "POST /xingrg/load_menu.html HTTP/1.1" 200 5138
180.164.1.25 - - [14/Apr/2024:09:38:55 +0800] "GET /xingrg/javascript/jquery_easy_ui/themes/default/images/tree_arrows.gif HTTP/1.1" 200 1043
180.164.1.25 - - [14/Apr/2024:09:38:55 +0800] "GET /xingrg/javascript/jquery_easy_ui/themes/default/images/tree_folder_open.gif HTTP/1.1" 200 956
180.164.1.25 - - [14/Apr/2024:09:38:55 +0800] "GET /xingrg/javascript/jquery_easy_ui/themes/default/images/tree_folder.gif HTTP/1.1" 200 952
180.164.1.25 - - [14/Apr/2024:09:38:55 +0800] "GET /xingrg/javascript/jquery_easy_ui/themes/icons/search_new.png HTTP/1.1" 200 586
180.164.1.25 - - [14/Apr/2024:09:38:55 +0800] "GET /xingrg/javascript/jquery_easy_ui/themes/icons/storage_new.png HTTP/1.1" 200 853
180.164.1.25 - - [14/Apr/2024:09:38:55 +0800] "GET /xingrg/javascript/jquery_easy_ui/themes/icons/forms_new.png HTTP/1.1" 200 350
180.164.1.25 - - [14/Apr/2024:09:38:56 +0800] "GET /xingrg/javascript/jquery_easy_ui/themes/default/images/tree_file.gif HTTP/1.1" 200 118
180.164.1.25 - - [14/Apr/2024:09:38:56 +0800] "GET /xingrg/javascript/jquery_easy_ui/themes/default/images/tabs_active.png HTTP/1.1" 200 2894
222.69.135.125 - - [14/Apr/2024:09:38:58 +0800] "GET /xingrg/login.html HTTP/1.1" 200 7641
180.164.1.25 - - [14/Apr/2024:09:38:58 +0800] "GET /xingrg/javascript/jquery_easy_ui/themes/default/images/tabs_close.gif HTTP/1.1" 200 829
116.237.76.76 - - [14/Apr/2024:09:38:58 +0800] "GET /xingrg/all/function/internal_message.html?_=1713058734539&CODE_STATE=getMsg HTTP/1.1" 200 27
180.164.1.25 - - [14/Apr/2024:09:38:58 +0800] "GET /xingrg/kc/buy/cgsh_order_list.html HTTP/1.1" 200 58081
222.69.135.125 - - [14/Apr/2024:09:38:59 +0800] "GET /favicon.ico HTTP/1.1" 404 -
180.164.1.25 - - [14/Apr/2024:09:39:01 +0800] "POST /xingrg/kc/buy/cgsh_list_operate.html HTTP/1.1" 200 645
222.69.135.125 - - [14/Apr/2024:09:39:03 +0800] "POST /xingrg/login.do HTTP/1.1" 302 -
222.69.135.125 - - [14/Apr/2024:09:39:03 +0800] "GET /xingrg/index.html?sysBaseUrl=http%3A%2F%2F180.169.147.146%3A18081%2Fxingrg%2F&costTime=833×tamp=1713058743259 HTTP/1.1" 200 17179
222.69.135.125 - - [14/Apr/2024:09:39:03 +0800] "GET /favicon.ico HTTP/1.1" 404 -
222.69.135.125 - - [14/Apr/2024:09:39:03 +0800] "GET /xingrg/check_reg.html?_=1713058744288 HTTP/1.1" 200 22
222.69.135.125 - - [14/Apr/2024:09:39:03 +0800] "GET /xingrg/all/function/internal_message.html?_=1713058744287&CODE_STATE=count HTTP/1.1" 200 11
222.69.135.125 - - [14/Apr/2024:09:39:03 +0800] "POST /xingrg/all/common/load_tree.html?tree=area_rest_tree_json&manage=1 HTTP/1.1" 200 351
222.69.135.125 - - [14/Apr/2024:09:39:03 +0800] "POST /xingrg/load_menu.html HTTP/1.1" 200 5138
116.224.254.208 - - [14/Apr/2024:09:39:07 +0800] "GET /xingrg/kc/buy/cgsh_order_operate.html?command=get_materiel&rest_code=00151&code=00101006129&supplier_code=00100096&order_time=2024-04-14 HTTP/1.1" 200 441
180.164.1.25 - - [14/Apr/2024:09:39:08 +0800] "GET /xingrg/kc/buy/cgsh_order_add.html HTTP/1.1" 200 73975
180.164.1.25 - - [14/Apr/2024:09:39:09 +0800] "POST /xingrg/kc/buy/cgsh_order_operate.html HTTP/1.1" 200 8245
180.164.1.25 - - [14/Apr/2024:09:39:09 +0800] "GET /xingrg/javascript/easyui/themes/default/validatebox.css HTTP/1.1" 404 1104
180.164.1.25 - - [14/Apr/2024:09:39:09 +0800] "GET /xingrg/all/common/auto_word.html?type=employee&rest_code=00108 HTTP/1.1" 200 101
180.164.1.25 - - [14/Apr/2024:09:39:09 +0800] "GET /xingrg/all/common/auto_word.html?type=employee&rest_code=00108 HTTP/1.1" 200 101
180.164.1.25 - - [14/Apr/2024:09:39:10 +0800] "GET /xingrg/javascript/auto/indicator.gif HTTP/1.1" 404 1066
221.239.169.251 - - [14/Apr/2024:09:39:13 +0800] "GET /xingrg/all/function/internal_message.html?_=1713058751637&CODE_STATE=getMsg HTTP/1.1" 200 27
222.70.183.82 - - [14/Apr/2024:09:39:16 +0800] "GET /xingrg/all/function/internal_message.html?_=1713058754314&CODE_STATE=getMsg HTTP/1.1" 200 27
116.224.254.208 - - [14/Apr/2024:09:39:17 +0800] "GET /xingrg/kc/buy/cgsh_order_operate.html?command=get_materiel&rest_code=00151&code=00101010711&supplier_code=00100096&order_time=2024-04-14 HTTP/1.1" 200 407
101.83.144.49 - - [14/Apr/2024:09:39:18 +0800] "GET /xingrg/all/function/internal_message.html?_=1713058517287&CODE_STATE=getMsg HTTP/1.1" 200 27
180.164.1.25 - - [14/Apr/2024:09:39:20 +0800] "GET /xingrg/kc/buy/cgsh_order_operate.html?command=get_materiel&rest_code=00108&code=00101008478&supplier_code=00100007&order_time=2024-04-14 HTTP/1.1" 200 413
116.224.254.208 - - [14/Apr/2024:09:39:25 +0800] "GET /xingrg/kc/buy/cgsh_order_operate.html?command=get_materiel&rest_code=00151&code=00101006279&supplier_code=00100096&order_time=2024-04-14 HTTP/1.1" 200 411
180.164.1.25 - - [14/Apr/2024:09:39:30 +0800] "GET /xingrg/kc/buy/cgsh_order_operate.html?command=get_materiel&rest_code=00108&code=00101008242&supplier_code=00100007&order_time=2024-04-14 HTTP/1.1" 200 408
124.78.56.241 - - [14/Apr/2024:09:39:30 +0800] "GET /xingrg/all/function/internal_message.html?_=1713058770663&CODE_STATE=getMsg HTTP/1.1" 200 27
116.238.97.31 - - [14/Apr/2024:09:39:30 +0800] "GET /xingrg/all/function/internal_message.html?_=1713058771646&CODE_STATE=getMsg HTTP/1.1" 200 27
221.239.169.251 - - [14/Apr/2024:09:39:32 +0800] "GET /xingrg/check_reg.html?_=1713058770273 HTTP/1.1" 200 22
116.224.254.208 - - [14/Apr/2024:09:39:33 +0800] "GET /xingrg/all/function/internal_message.html?_=1713058773553&CODE_STATE=getMsg HTTP/1.1" 200 27
114.95.153.66 - - [14/Apr/2024:09:39:37 +0800] "GET /xingrg/all/function/internal_message.html?_=1713058778701&CODE_STATE=getMsg HTTP/1.1" 200 27
222.69.135.125 - - [14/Apr/2024:09:39:38 +0800] "GET /xingrg/kc/base/wldb_order_list.html HTTP/1.1" 200 19057
222.69.135.125 - - [14/Apr/2024:09:39:39 +0800] "POST /xingrg/kc/base/wldb_list_operate.html HTTP/1.1" 200 928
180.164.1.25 - - [14/Apr/2024:09:39:39 +0800] "GET /xingrg/kc/buy/cgsh_order_operate.html?command=get_materiel&rest_code=00108&code=00101008185&supplier_code=00100007&order_time=2024-04-14 HTTP/1.1" 200 408
116.224.254.208 - - [14/Apr/2024:09:39:39 +0800] "GET /xingrg/kc/buy/cgsh_order_operate.html?command=get_materiel&rest_code=00151&code=00101006372&supplier_code=00100096&order_time=2024-04-14 HTTP/1.1" 200 423
222.69.135.125 - - [14/Apr/2024:09:39:40 +0800] "GET /xingrg/kc/base/wldb_order_add.html HTTP/1.1" 200 30388
222.69.135.125 - - [14/Apr/2024:09:39:40 +0800] "GET /xingrg/words/20240413134602_words.js HTTP/1.1" 304 -
222.69.135.125 - - [14/Apr/2024:09:39:40 +0800] "POST /xingrg/kc/base/wldb_order_operate.html HTTP/1.1" 200 6806
222.69.135.125 - - [14/Apr/2024:09:39:40 +0800] "GET /xingrg/all/common/auto_word.html?type=base&rest_code=00154 HTTP/1.1" 200 831
222.69.135.125 - - [14/Apr/2024:09:39:40 +0800] "GET /xingrg/all/common/auto_word.html?type=base&rest_code=00154 HTTP/1.1" 200 831
222.69.135.125 - - [14/Apr/2024:09:39:40 +0800] "GET /xingrg/javascript/easyui/themes/default/validatebox.css HTTP/1.1" 404 1104
222.69.135.125 - - [14/Apr/2024:09:39:41 +0800] "POST /xingrg/all/common/load_combo.html?type=base HTTP/1.1" 200 1491
222.69.135.125 - - [14/Apr/2024:09:39:45 +0800] "GET /xingrg/javascript/auto/indicator.gif HTTP/1.1" 404 1066
180.164.1.25 - - [14/Apr/2024:09:39:48 +0800] "GET /xingrg/kc/buy/cgsh_order_operate.html?command=get_materiel&rest_code=00108&code=00101008004&supplier_code=00100007&order_time=2024-04-14 HTTP/1.1" 200 417
222.69.135.125 - - [14/Apr/2024:09:39:49 +0800] "GET /xingrg/kc/base/wldb_order_operate.html?command=get_materiel&rest_code=00154&base_code=0010724&code=00101008464 HTTP/1.1" 200 449
222.69.135.125 - - [14/Apr/2024:09:39:50 +0800] "POST /xingrg/all/common/load_select.html HTTP/1.1" 200 25
222.69.135.125 - - [14/Apr/2024:09:39:52 +0800] "GET /xingrg/kc/base/wldb_order_operate.html?command=get_materiel_price&rest_code=00154&base_code=0010724&code=00101008464&unit_code=00100018 HTTP/1.1" 200 36
114.83.217.203 - - [14/Apr/2024:09:39:52 +0800] "GET /xingrg/all/function/internal_message.html?_=1713058792969&CODE_STATE=getMsg HTTP/1.1" 200 27
180.164.1.25 - - [14/Apr/2024:09:39:55 +0800] "GET /xingrg/all/function/internal_message.html?_=1713058794656&CODE_STATE=getMsg HTTP/1.1" 200 27
116.224.254.208 - - [14/Apr/2024:09:39:57 +0800] "GET /xingrg/kc/buy/cgsh_order_operate.html?command=get_materiel&rest_code=00151&code=00101006184&supplier_code=00100096&order_time=2024-04-14 HTTP/1.1" 200 408
180.164.1.25 - - [14/Apr/2024:09:39:57 +0800] "GET /xingrg/kc/buy/cgsh_order_operate.html?command=get_materiel&rest_code=00108&code=00101008286&supplier_code=00100007&order_time=2024-04-14 HTTP/1.1" 200 408
180.163.28.143 - - [14/Apr/2024:09:39:58 +0800] "GET /xingrg/all/function/internal_message.html?_=1713058734539&CODE_STATE=getMsg HTTP/1.1" 302 -
180.163.28.143 - - [14/Apr/2024:09:39:58 +0800] "GET /xingrg/login.html HTTP/1.1" 200 7641
116.237.76.76 - - [14/Apr/2024:09:39:58 +0800] "GET /xingrg/all/function/internal_message.html?_=1713058794510&CODE_STATE=getMsg HTTP/1.1" 200 27
222.69.135.125 - - [14/Apr/2024:09:40:03 +0800] "GET /xingrg/all/function/internal_message.html?_=1713058804305&CODE_STATE=getMsg HTTP/1.1" 200 27
116.224.254.208 - - [14/Apr/2024:09:40:05 +0800] "GET /xingrg/kc/buy/cgsh_order_operate.html?command=get_materiel&rest_code=00151&code=00101006019&supplier_code=00100096&order_time=2024-04-14 HTTP/1.1" 200 417
180.164.1.25 - - [14/Apr/2024:09:40:06 +0800] "GET /xingrg/kc/buy/cgsh_order_operate.html?command=get_materiel&rest_code=00108&code=00101008131&supplier_code=00100007&order_time=2024-04-14 HTTP/1.1" 200 408
221.239.169.251 - - [14/Apr/2024:09:40:13 +0800] "GET /xingrg/all/function/internal_message.html?_=1713058811617&CODE_STATE=getMsg HTTP/1.1" 200 27
116.224.254.208 - - [14/Apr/2024:09:40:15 +0800] "GET /xingrg/kc/buy/cgsh_order_operate.html?command=get_materiel&rest_code=00151&code=00101008131&supplier_code=00100096&order_time=2024-04-14 HTTP/1.1" 200 408
222.70.183.82 - - [14/Apr/2024:09:40:16 +0800] "GET /xingrg/all/function/internal_message.html?_=1713058814297&CODE_STATE=getMsg HTTP/1.1" 200 27
101.83.144.49 - - [14/Apr/2024:09:40:18 +0800] "GET /xingrg/all/function/internal_message.html?_=1713058577288&CODE_STATE=getMsg HTTP/1.1" 200 27
116.224.254.208 - - [14/Apr/2024:09:40:20 +0800] "GET /xingrg/kc/buy/cgsh_order_operate.html?command=get_materiel&rest_code=00151&code=00101006055&supplier_code=00100096&order_time=2024-04-14 HTTP/1.1" 200 411
180.164.1.25 - - [14/Apr/2024:09:40:28 +0800] "GET /xingrg/kc/buy/cgsh_order_operate.html?command=get_materiel&rest_code=00108&code=00101008357&supplier_code=00100007&order_time=2024-04-14 HTTP/1.1" 200 408
124.78.56.241 - - [14/Apr/2024:09:40:30 +0800] "GET /xingrg/all/function/internal_message.html?_=1713058830648&CODE_STATE=getMsg HTTP/1.1" 200 27
116.238.97.31 - - [14/Apr/2024:09:40:30 +0800] "GET /xingrg/all/function/internal_message.html?_=1713058831618&CODE_STATE=getMsg HTTP/1.1" 200 27
116.224.254.208 - - [14/Apr/2024:09:40:33 +0800] "GET /xingrg/check_reg.html?_=1713058833540 HTTP/1.1" 200 22
116.224.254.208 - - [14/Apr/2024:09:40:33 +0800] "GET /xingrg/all/function/internal_message.html?_=1713058833544&CODE_STATE=getMsg HTTP/1.1" 200 27
180.164.1.25 - - [14/Apr/2024:09:40:37 +0800] "GET /xingrg/kc/buy/cgsh_order_operate.html?command=get_materiel&rest_code=00108&code=00101008353&supplier_code=00100007&order_time=2024-04-14 HTTP/1.1" 200 408
114.95.153.66 - - [14/Apr/2024:09:40:37 +0800] "GET /xingrg/all/function/internal_message.html?_=1713058838691&CODE_STATE=getMsg HTTP/1.1" 200 27
114.95.153.66 - - [14/Apr/2024:09:40:37 +0800] "GET /xingrg/check_reg.html?_=1713058838694 HTTP/1.1" 200 22
218.81.220.69 - - [14/Apr/2024:09:40:44 +0800] "GET /xingrg/check_reg.html?_=1713058845416 HTTP/1.1" 200 22
116.224.254.208 - - [14/Apr/2024:09:40:44 +0800] "POST /xingrg/kc/buy/cgsh_order_operate.html HTTP/1.1" 200 37
124.78.56.241 - - [14/Apr/2024:09:40:46 +0800] "GET /xingrg/check_reg.html?_=1713058846487 HTTP/1.1" 200 22
180.164.1.25 - - [14/Apr/2024:09:40:46 +0800] "GET /xingrg/kc/buy/cgsh_order_operate.html?command=get_materiel&rest_code=00108&code=00101008125&supplier_code=00100007&order_time=2024-04-14 HTTP/1.1" 200 413
116.224.254.208 - - [14/Apr/2024:09:40:51 +0800] "POST /xingrg/kc/buy/cgsh_order_operate.html HTTP/1.1" 200 12
114.83.217.203 - - [14/Apr/2024:09:40:52 +0800] "GET /xingrg/check_reg.html?_=1713058852970 HTTP/1.1" 200 22
114.83.217.203 - - [14/Apr/2024:09:40:52 +0800] "GET /xingrg/all/function/internal_message.html?_=1713058852973&CODE_STATE=getMsg HTTP/1.1" 200 27
116.224.254.208 - - [14/Apr/2024:09:40:53 +0800] "GET /xingrg/kc/buy/cgsh_order_info.html?code=212024041403466 HTTP/1.1" 200 68343
116.224.254.208 - - [14/Apr/2024:09:40:53 +0800] "GET /xingrg/javascript/easyui/themes/default/validatebox.css HTTP/1.1" 404 1104
116.237.76.76 - - [14/Apr/2024:09:40:54 +0800] "GET /xingrg/check_reg.html?_=1713058850551 HTTP/1.1" 200 22
116.224.254.208 - - [14/Apr/2024:09:40:54 +0800] "POST /xingrg/kc/buy/cgsh_order_operate.html HTTP/1.1" 200 10226
180.164.1.25 - - [14/Apr/2024:09:40:55 +0800] "GET /xingrg/all/function/internal_message.html?_=1713058854666&CODE_STATE=getMsg HTTP/1.1" 200 27
222.70.183.82 - - [14/Apr/2024:09:40:56 +0800] "GET /xingrg/check_reg.html?_=1713058853844 HTTP/1.1" 200 22
116.224.254.208 - - [14/Apr/2024:09:40:56 +0800] "GET /xingrg/kc/print/load_data.html?order_code=212024041403466&kc_code=cgsh&condition= HTTP/1.1" 200 4396
180.163.29.206 - - [14/Apr/2024:09:40:58 +0800] "GET /xingrg/all/function/internal_message.html?_=1713058794510&CODE_STATE=getMsg HTTP/1.1" 302 -
180.163.29.206 - - [14/Apr/2024:09:40:58 +0800] "GET /xingrg/login.html HTTP/1.1" 200 7641
180.164.1.25 - - [14/Apr/2024:09:40:58 +0800] "GET /xingrg/kc/buy/cgsh_order_operate.html?command=get_materiel&rest_code=00108&code=00101008010&supplier_code=00100007&order_time=2024-04-14 HTTP/1.1" 200 412
116.237.76.76 - - [14/Apr/2024:09:40:58 +0800] "GET /xingrg/all/function/internal_message.html?_=1713058854485&CODE_STATE=getMsg HTTP/1.1" 200 27
116.224.254.208 - - [14/Apr/2024:09:41:02 +0800] "GET /xingrg/kc/buy/cgsh_order_add.html HTTP/1.1" 200 73475
116.224.254.208 - - [14/Apr/2024:09:41:02 +0800] "POST /xingrg/kc/buy/cgsh_order_operate.html HTTP/1.1" 200 8245
116.224.254.208 - - [14/Apr/2024:09:41:02 +0800] "GET /xingrg/javascript/easyui/themes/default/validatebox.css HTTP/1.1" 404 1104
222.69.135.125 - - [14/Apr/2024:09:41:03 +0800] "GET /xingrg/all/function/internal_message.html?_=1713058864315&CODE_STATE=getMsg HTTP/1.1" 200 27
180.164.1.25 - - [14/Apr/2024:09:41:09 +0800] "GET /xingrg/kc/buy/cgsh_order_operate.html?command=get_materiel&rest_code=00108&code=00101008646&supplier_code=00100007&order_time=2024-04-14 HTTP/1.1" 200 432
116.235.94.6 - - [14/Apr/2024:09:41:12 +0800] "POST /xingrg/services/DataTransmitService HTTP/1.1" 200 524
221.239.169.251 - - [14/Apr/2024:09:41:13 +0800] "GET /xingrg/all/function/internal_message.html?_=1713058871601&CODE_STATE=getMsg HTTP/1.1" 200 27
222.70.183.82 - - [14/Apr/2024:09:41:16 +0800] "GET /xingrg/all/function/internal_message.html?_=1713058874267&CODE_STATE=getMsg HTTP/1.1" 200 27
101.83.144.49 - - [14/Apr/2024:09:41:18 +0800] "GET /xingrg/all/function/internal_message.html?_=1713058637287&CODE_STATE=getMsg HTTP/1.1" 200 27
180.164.1.25 - - [14/Apr/2024:09:41:19 +0800] "GET /xingrg/kc/buy/cgsh_order_operate.html?command=get_materiel&rest_code=00108&code=00101008318&supplier_code=00100007&order_time=2024-04-14 HTTP/1.1" 200 408
124.78.56.241 - - [14/Apr/2024:09:41:30 +0800] "GET /xingrg/all/function/internal_message.html?_=1713058890634&CODE_STATE=getMsg HTTP/1.1" 200 27
180.164.1.25 - - [14/Apr/2024:09:41:30 +0800] "GET /xingrg/kc/buy/cgsh_order_operate.html?command=get_materiel&rest_code=00108&code=00101009036&supplier_code=00100007&order_time=2024-04-14 HTTP/1.1" 200 415
116.238.97.31 - - [14/Apr/2024:09:41:30 +0800] "GET /xingrg/all/function/internal_message.html?_=1713058891595&CODE_STATE=getMsg HTTP/1.1" 200 27
116.224.254.208 - - [14/Apr/2024:09:41:33 +0800] "GET /xingrg/all/function/internal_message.html?_=1713058893558&CODE_STATE=getMsg HTTP/1.1" 200 27
114.95.153.66 - - [14/Apr/2024:09:41:37 +0800] "GET /xingrg/all/function/internal_message.html?_=1713058898704&CODE_STATE=getMsg HTTP/1.1" 200 27
180.164.1.25 - - [14/Apr/2024:09:41:40 +0800] "GET /xingrg/kc/buy/cgsh_order_operate.html?command=get_materiel&rest_code=00108&code=00101008005&supplier_code=00100007&order_time=2024-04-14 HTTP/1.1" 200 412
180.164.1.25 - - [14/Apr/2024:09:41:50 +0800] "GET /xingrg/kc/buy/cgsh_order_operate.html?command=get_materiel&rest_code=00108&code=00101008089&supplier_code=00100007&order_time=2024-04-14 HTTP/1.1" 200 408
114.83.217.203 - - [14/Apr/2024:09:41:52 +0800] "GET /xingrg/all/function/internal_message.html?_=1713058912965&CODE_STATE=getMsg HTTP/1.1" 200 27
180.164.1.25 - - [14/Apr/2024:09:41:55 +0800] "GET /xingrg/all/function/internal_message.html?_=1713058914662&CODE_STATE=getMsg HTTP/1.1" 200 27
116.237.76.76 - - [14/Apr/2024:09:41:58 +0800] "GET /xingrg/all/function/internal_message.html?_=1713058914456&CODE_STATE=getMsg HTTP/1.1" 200 27
180.164.1.25 - - [14/Apr/2024:09:41:59 +0800] "GET /xingrg/kc/buy/cgsh_order_operate.html?command=get_materiel&rest_code=00108&code=00101008321&supplier_code=00100007&order_time=2024-04-14 HTTP/1.1" 200 412
222.69.135.125 - - [14/Apr/2024:09:42:03 +0800] "GET /xingrg/all/function/internal_message.html?_=1713058924307&CODE_STATE=getMsg HTTP/1.1" 200 27
180.164.1.25 - - [14/Apr/2024:09:42:10 +0800] "GET /xingrg/kc/buy/cgsh_order_operate.html?command=get_materiel&rest_code=00108&code=00101008248&supplier_code=00100007&order_time=2024-04-14 HTTP/1.1" 200 412
221.239.169.251 - - [14/Apr/2024:09:42:13 +0800] "GET /xingrg/all/function/internal_message.html?_=1713058931587&CODE_STATE=getMsg HTTP/1.1" 200 27
222.70.183.82 - - [14/Apr/2024:09:42:16 +0800] "GET /xingrg/all/function/internal_message.html?_=1713058934251&CODE_STATE=getMsg HTTP/1.1" 200 27
101.83.144.49 - - [14/Apr/2024:09:42:18 +0800] "GET /xingrg/check_reg.html?_=1713058697287 HTTP/1.1" 200 22
101.83.144.49 - - [14/Apr/2024:09:42:18 +0800] "GET /xingrg/all/function/internal_message.html?_=1713058697290&CODE_STATE=getMsg HTTP/1.1" 200 27
180.164.1.25 - - [14/Apr/2024:09:42:19 +0800] "GET /xingrg/kc/buy/cgsh_order_operate.html?command=get_materiel&rest_code=00108&code=00101008207&supplier_code=00100007&order_time=2024-04-14 HTTP/1.1" 200 408
116.224.254.208 - - [14/Apr/2024:09:42:21 +0800] "GET /xingrg/kc/buy/cgsh_order_operate.html?command=get_materiel&rest_code=00151&code=00101008223&supplier_code=00100008&order_time=2024-04-14 HTTP/1.1" 200 412
180.164.1.25 - - [14/Apr/2024:09:42:28 +0800] "GET /xingrg/kc/buy/cgsh_order_operate.html?command=get_materiel&rest_code=00108&code=00101009062&supplier_code=00100007&order_time=2024-04-14 HTTP/1.1" 200 412
124.78.56.241 - - [14/Apr/2024:09:42:30 +0800] "GET /xingrg/all/function/internal_message.html?_=1713058950621&CODE_STATE=getMsg HTTP/1.1" 200 27
116.238.97.31 - - [14/Apr/2024:09:42:30 +0800] "GET /xingrg/all/function/internal_message.html?_=1713058951566&CODE_STATE=getMsg HTTP/1.1" 200 27
116.224.254.208 - - [14/Apr/2024:09:42:33 +0800] "GET /xingrg/all/function/internal_message.html?_=1713058953545&CODE_STATE=getMsg HTTP/1.1" 200 27
116.224.254.208 - - [14/Apr/2024:09:42:33 +0800] "GET /xingrg/kc/buy/cgsh_order_operate.html?command=get_materiel&rest_code=00151&code=00101008312&supplier_code=00100008&order_time=2024-04-14 HTTP/1.1" 200 412
180.164.1.25 - - [14/Apr/2024:09:42:34 +0800] "POST /xingrg/kc/buy/cgsh_order_operate.html HTTP/1.1" 200 2065
114.95.153.66 - - [14/Apr/2024:09:42:37 +0800] "GET /xingrg/all/function/internal_message.html?_=1713058958696&CODE_STATE=getMsg HTTP/1.1" 200 27
180.164.1.25 - - [14/Apr/2024:09:42:41 +0800] "GET /xingrg/kc/buy/cgsh_order_operate.html?command=get_materiel&rest_code=00108&code=00101009012&supplier_code=00100007&order_time=2024-04-14 HTTP/1.1" 200 409
114.83.217.203 - - [14/Apr/2024:09:42:52 +0800] "GET /xingrg/all/function/internal_message.html?_=1713058972969&CODE_STATE=getMsg HTTP/1.1" 200 27
180.164.1.25 - - [14/Apr/2024:09:42:53 +0800] "GET /xingrg/kc/buy/cgsh_order_operate.html?command=get_materiel&rest_code=00108&code=00101009066&supplier_code=00100007&order_time=2024-04-14 HTTP/1.1" 200 416
180.164.1.25 - - [14/Apr/2024:09:42:55 +0800] "GET /xingrg/all/function/internal_message.html?_=1713058974648&CODE_STATE=getMsg HTTP/1.1" 200 27
180.163.28.114 - - [14/Apr/2024:09:42:58 +0800] "GET /xingrg/all/function/internal_message.html?_=1713058914456&CODE_STATE=getMsg HTTP/1.1" 302 -
180.163.28.114 - - [14/Apr/2024:09:42:58 +0800] "GET /xingrg/login.html HTTP/1.1" 200 7641
116.237.76.76 - - [14/Apr/2024:09:42:58 +0800] "GET /xingrg/all/function/internal_message.html?_=1713058974426&CODE_STATE=getMsg HTTP/1.1" 200 27
180.164.1.25 - - [14/Apr/2024:09:43:03 +0800] "GET /xingrg/kc/buy/cgsh_order_operate.html?command=get_materiel&rest_code=00108&code=00101009039&supplier_code=00100007&order_time=2024-04-14 HTTP/1.1" 200 408
222.69.135.125 - - [14/Apr/2024:09:43:03 +0800] "GET /xingrg/all/function/internal_message.html?_=1713058984310&CODE_STATE=getMsg HTTP/1.1" 200 27
221.239.169.251 - - [14/Apr/2024:09:43:13 +0800] "GET /xingrg/all/function/internal_message.html?_=1713058991571&CODE_STATE=getMsg HTTP/1.1" 200 27
180.163.28.143 - - [14/Apr/2024:09:43:13 +0800] "GET /xingrg/all/function/internal_message.html?_=1713058674569&CODE_STATE=getMsg HTTP/1.1" 302 -
180.163.28.143 - - [14/Apr/2024:09:43:14 +0800] "GET /xingrg/login.html HTTP/1.1" 200 7641
222.70.183.82 - - [14/Apr/2024:09:43:16 +0800] "GET /xingrg/all/function/internal_message.html?_=1713058994235&CODE_STATE=getMsg HTTP/1.1" 200 27
116.224.254.208 - - [14/Apr/2024:09:43:17 +0800] "POST /xingrg/kc/buy/cgsh_order_operate.html HTTP/1.1" 200 37
101.83.144.49 - - [14/Apr/2024:09:43:18 +0800] "GET /xingrg/all/function/internal_message.html?_=1713058757291&CODE_STATE=getMsg HTTP/1.1" 200 27
116.224.254.208 - - [14/Apr/2024:09:43:20 +0800] "POST /xingrg/kc/buy/cgsh_order_operate.html HTTP/1.1" 200 3262
116.224.254.208 - - [14/Apr/2024:09:43:27 +0800] "GET /xingrg/kc/buy/cgsh_order_operate.html?command=get_materiel&rest_code=00151&code=00101008403&supplier_code=00100008&order_time=2024-04-14 HTTP/1.1" 200 412
124.78.56.241 - - [14/Apr/2024:09:43:30 +0800] "GET /xingrg/all/function/internal_message.html?_=1713059010599&CODE_STATE=getMsg HTTP/1.1" 200 27
116.238.97.31 - - [14/Apr/2024:09:43:30 +0800] "GET /xingrg/all/function/internal_message.html?_=1713059011554&CODE_STATE=getMsg HTTP/1.1" 200 27
116.224.254.208 - - [14/Apr/2024:09:43:33 +0800] "GET /xingrg/all/function/internal_message.html?_=1713059013540&CODE_STATE=getMsg HTTP/1.1" 200 27
116.224.254.208 - - [14/Apr/2024:09:43:34 +0800] "GET /xingrg/kc/buy/cgsh_order_operate.html?command=get_materiel&rest_code=00151&code=00101008096&supplier_code=00100008&order_time=2024-04-14 HTTP/1.1" 200 412
114.95.153.66 - - [14/Apr/2024:09:43:37 +0800] "GET /xingrg/all/function/internal_message.html?_=1713059018703&CODE_STATE=getMsg HTTP/1.1" 200 27
180.164.1.25 - - [14/Apr/2024:09:43:45 +0800] "GET /xingrg/kc/buy/cgsh_order_operate.html?command=get_materiel&rest_code=00108&code=00101009112&supplier_code=00100007&order_time=2024-04-14 HTTP/1.1" 200 425
116.224.254.208 - - [14/Apr/2024:09:43:46 +0800] "GET /xingrg/kc/buy/cgsh_order_operate.html?command=get_materiel&rest_code=00151&code=00101008221&supplier_code=00100008&order_time=2024-04-14 HTTP/1.1" 200 412
116.238.97.31 - - [14/Apr/2024:09:43:47 +0800] "GET /xingrg/check_reg.html?_=1713059027920 HTTP/1.1" 200 22
180.164.1.25 - - [14/Apr/2024:09:43:48 +0800] "POST /xingrg/kc/buy/cgsh_order_operate.html HTTP/1.1" 200 2065
180.163.29.234 - - [14/Apr/2024:09:43:49 +0800] "GET /xingrg/all/function/internal_message.html?_=1713058614598&CODE_STATE=getMsg HTTP/1.1" 302 -
180.163.29.234 - - [14/Apr/2024:09:43:49 +0800] "GET /xingrg/login.html HTTP/1.1" 200 7641
114.83.217.203 - - [14/Apr/2024:09:43:52 +0800] "GET /xingrg/all/function/internal_message.html?_=1713059032969&CODE_STATE=getMsg HTTP/1.1" 200 27
116.224.254.208 - - [14/Apr/2024:09:43:54 +0800] "GET /xingrg/kc/buy/cgsh_order_operate.html?command=get_materiel&rest_code=00151&code=00101008283&supplier_code=00100008&order_time=2024-04-14 HTTP/1.1" 200 408
180.164.1.25 - - [14/Apr/2024:09:43:54 +0800] "GET /xingrg/kc/buy/cgsh_order_operate.html?command=get_materiel&rest_code=00108&code=00101008041&supplier_code=00100007&order_time=2024-04-14 HTTP/1.1" 200 409
116.224.254.208 - - [14/Apr/2024:09:43:55 +0800] "POST /xingrg/kc/buy/cgsh_order_operate.html HTTP/1.1" 200 2065
180.164.1.25 - - [14/Apr/2024:09:43:55 +0800] "GET /xingrg/check_reg.html?_=1713059034661 HTTP/1.1" 200 22
180.164.1.25 - - [14/Apr/2024:09:43:55 +0800] "GET /xingrg/all/function/internal_message.html?_=1713059034664&CODE_STATE=getMsg HTTP/1.1" 200 27
116.237.76.76 - - [14/Apr/2024:09:43:58 +0800] "GET /xingrg/all/function/internal_message.html?_=1713059034396&CODE_STATE=getMsg HTTP/1.1" 200 27
116.224.254.208 - - [14/Apr/2024:09:44:02 +0800] "GET /xingrg/kc/buy/cgsh_order_operate.html?command=get_materiel&rest_code=00151&code=00101008264&supplier_code=00100008&order_time=2024-04-14 HTTP/1.1" 200 432
222.69.135.125 - - [14/Apr/2024:09:44:03 +0800] "GET /xingrg/check_reg.html?_=1713059044301 HTTP/1.1" 200 22
222.69.135.125 - - [14/Apr/2024:09:44:03 +0800] "GET /xingrg/all/function/internal_message.html?_=1713059044304&CODE_STATE=getMsg HTTP/1.1" 200 27
116.224.254.208 - - [14/Apr/2024:09:44:09 +0800] "GET /xingrg/kc/buy/cgsh_order_operate.html?command=get_materiel&rest_code=00151&code=00101008300&supplier_code=00100008&order_time=2024-04-14 HTTP/1.1" 200 412
221.239.169.251 - - [14/Apr/2024:09:44:13 +0800] "GET /xingrg/all/function/internal_message.html?_=1713059051556&CODE_STATE=getMsg HTTP/1.1" 200 27
180.164.1.25 - - [14/Apr/2024:09:44:13 +0800] "GET /xingrg/kc/buy/cgsh_order_operate.html?command=get_materiel&rest_code=00108&code=00101009015&supplier_code=00100007&order_time=2024-04-14 HTTP/1.1" 200 416
116.224.254.208 - - [14/Apr/2024:09:44:16 +0800] "GET /xingrg/kc/buy/cgsh_order_operate.html?command=get_materiel&rest_code=00151&code=00101008286&supplier_code=00100008&order_time=2024-04-14 HTTP/1.1" 200 408
222.70.183.82 - - [14/Apr/2024:09:44:16 +0800] "GET /xingrg/all/function/internal_message.html?_=1713059054218&CODE_STATE=getMsg HTTP/1.1" 200 27
101.83.144.49 - - [14/Apr/2024:09:44:18 +0800] "GET /xingrg/all/function/internal_message.html?_=1713058817291&CODE_STATE=getMsg HTTP/1.1" 200 27
180.169.147.146 - - [14/Apr/2024:09:44:22 +0800] "GET /xingrg/index.html?sysBaseUrl=http%3A%2F%2F180.169.147.146%3A18081%2Fxingrg%2F&costTime=39×tamp=1592034574635 HTTP/1.1" 302 -
180.169.147.146 - - [14/Apr/2024:09:44:22 +0800] "GET /xingrg/login.html HTTP/1.1" 200 7641
180.169.147.146 - - [14/Apr/2024:09:44:23 +0800] "GET /favicon.ico HTTP/1.1" 404 -
180.169.147.146 - - [14/Apr/2024:09:44:25 +0800] "POST /xingrg/login.do HTTP/1.1" 302 -
180.164.1.25 - - [14/Apr/2024:09:44:25 +0800] "GET /xingrg/kc/buy/cgsh_order_operate.html?command=get_materiel&rest_code=00108&code=00101008563&supplier_code=00100007&order_time=2024-04-14 HTTP/1.1" 200 413
180.169.147.146 - - [14/Apr/2024:09:44:25 +0800] "GET /xingrg/index.html?sysBaseUrl=http%3A%2F%2F180.169.147.146%3A18081%2Fxingrg%2F&costTime=1031×tamp=1713059065418 HTTP/1.1" 200 17503
116.224.254.208 - - [14/Apr/2024:09:44:25 +0800] "GET /xingrg/kc/buy/cgsh_order_operate.html?command=get_materiel&rest_code=00151&code=00101008169&supplier_code=00100008&order_time=2024-04-14 HTTP/1.1" 200 412
180.169.147.146 - - [14/Apr/2024:09:44:25 +0800] "GET /favicon.ico HTTP/1.1" 404 -
180.169.147.146 - - [14/Apr/2024:09:44:25 +0800] "POST /xingrg/all/common/load_tree.html?tree=area_rest_tree_json&manage=1 HTTP/1.1" 200 3624
180.169.147.146 - - [14/Apr/2024:09:44:25 +0800] "GET /xingrg/all/function/internal_message.html?_=1713059065743&CODE_STATE=count HTTP/1.1" 200 11
180.169.147.146 - - [14/Apr/2024:09:44:25 +0800] "GET /xingrg/check_reg.html?_=1713059065744 HTTP/1.1" 200 22
180.169.147.146 - - [14/Apr/2024:09:44:25 +0800] "POST /xingrg/load_menu.html HTTP/1.1" 200 11564
180.169.147.146 - - [14/Apr/2024:09:44:29 +0800] "GET /xingrg/system/supplier/kcSupplier.html?isKc=1 HTTP/1.1" 200 10949
180.169.147.146 - - [14/Apr/2024:09:44:30 +0800] "POST /xingrg/all/common/load_tree.html?tree=area_tree_json HTTP/1.1" 200 206
180.169.147.146 - - [14/Apr/2024:09:44:30 +0800] "POST /xingrg/all/common/load_tree.html?tree=supplier_sort_tree_json HTTP/1.1" 200 2517
180.169.147.146 - - [14/Apr/2024:09:44:30 +0800] "POST /xingrg/all/common/load_tree.html?tree=area_tree_json HTTP/1.1" 200 206
180.169.147.146 - - [14/Apr/2024:09:44:30 +0800] "POST /xingrg/all/common/load_tree.html?tree=supplier_sort_tree_json HTTP/1.1" 200 2517
124.78.56.241 - - [14/Apr/2024:09:44:30 +0800] "GET /xingrg/all/function/internal_message.html?_=1713059070569&CODE_STATE=getMsg HTTP/1.1" 200 27
116.238.97.31 - - [14/Apr/2024:09:44:30 +0800] "GET /xingrg/all/function/internal_message.html?_=1713059071548&CODE_STATE=getMsg HTTP/1.1" 200 27
221.239.169.251 - - [14/Apr/2024:09:44:32 +0800] "GET /xingrg/check_reg.html?_=1713059070281 HTTP/1.1" 200 22
180.169.147.146 - - [14/Apr/2024:09:44:32 +0800] "POST /xingrg/system/supplier/kc_supplier_operate.html HTTP/1.1" 200 21356
116.224.254.208 - - [14/Apr/2024:09:44:33 +0800] "GET /xingrg/all/function/internal_message.html?_=1713059073536&CODE_STATE=getMsg HTTP/1.1" 200 27
180.169.147.146 - - [14/Apr/2024:09:44:33 +0800] "GET /xingrg/system/supplier/kcSupplier_info.html?isAdd=1&type=sort&id=00112 HTTP/1.1" 200 26464
180.169.147.146 - - [14/Apr/2024:09:44:34 +0800] "GET /xingrg/dwr/interface/AjaxKcSupplierService.js HTTP/1.1" 200 13003
180.169.147.146 - - [14/Apr/2024:09:44:34 +0800] "GET /xingrg/dwr/interface/AjaxGetFirstChart.js HTTP/1.1" 200 631
180.169.147.146 - - [14/Apr/2024:09:44:34 +0800] "GET /xingrg/dwr/engine.js HTTP/1.1" 200 43631
180.169.147.146 - - [14/Apr/2024:09:44:34 +0800] "GET /xingrg/dwr/util.js HTTP/1.1" 304 -
116.224.254.208 - - [14/Apr/2024:09:44:34 +0800] "GET /xingrg/kc/buy/cgsh_order_operate.html?command=get_materiel&rest_code=00151&code=00101008261&supplier_code=00100008&order_time=2024-04-14 HTTP/1.1" 200 429
180.169.147.146 - - [14/Apr/2024:09:44:34 +0800] "POST /xingrg/all/common/load_tree.html?tree=area_tree_json HTTP/1.1" 200 206
180.169.147.146 - - [14/Apr/2024:09:44:34 +0800] "POST /xingrg/all/common/load_tree.html?tree=area_tree_json HTTP/1.1" 200 206
180.169.147.146 - - [14/Apr/2024:09:44:34 +0800] "GET /favicon.ico HTTP/1.1" 404 -
180.164.1.25 - - [14/Apr/2024:09:44:34 +0800] "GET /xingrg/kc/buy/cgsh_order_operate.html?command=get_materiel&rest_code=00108&code=00101008223&supplier_code=00100007&order_time=2024-04-14 HTTP/1.1" 200 412
180.169.147.146 - - [14/Apr/2024:09:44:34 +0800] "POST /xingrg/all/common/load_tree.html?tree=area_rest_tree_json HTTP/1.1" 200 3624
180.169.147.146 - - [14/Apr/2024:09:44:34 +0800] "POST /xingrg/dwr/call/plaincall/AjaxKcSupplierService.modifyKcSupplier.dwr HTTP/1.1" 200 123
180.169.147.146 - - [14/Apr/2024:09:44:34 +0800] "POST /xingrg/all/common/load_tree.html?tree=area_tree_json HTTP/1.1" 200 206
