114.83.217.203 - - [14/Apr/2024:13:58:41 +0800] "GET /xingrg/all/function/internal_message.html?_=1713074321600&CODE_STATE=getMsg HTTP/1.1" 200 27
101.83.144.49 - - [14/Apr/2024:13:58:44 +0800] "GET /xingrg/index.html?sysBaseUrl=http%3A%2F%2F180.169.147.146%3A18081%2Fxingrg%2F&costTime=32×tamp=1585224308505 HTTP/1.1" 302 -
114.95.153.66 - - [14/Apr/2024:13:58:44 +0800] "GET /xingrg/kc/buy/cgsh_order_operate.html?command=get_materiel&rest_code=00158&code=00101006007&supplier_code=00100661&order_time=2024-04-01 HTTP/1.1" 200 417
101.83.144.49 - - [14/Apr/2024:13:58:44 +0800] "GET /xingrg/login.html HTTP/1.1" 200 7641
101.83.144.49 - - [14/Apr/2024:13:58:46 +0800] "GET /favicon.ico HTTP/1.1" 404 -
116.230.109.19 - - [14/Apr/2024:13:58:47 +0800] "GET /xingrg/check_reg.html?_=1713074327573 HTTP/1.1" 200 22
116.230.109.19 - - [14/Apr/2024:13:58:48 +0800] "GET /xingrg/all/function/internal_message.html?_=1713074269841&CODE_STATE=getMsg HTTP/1.1" 200 27
101.83.144.49 - - [14/Apr/2024:13:59:01 +0800] "POST /xingrg/login.do HTTP/1.1" 302 -
101.83.144.49 - - [14/Apr/2024:13:59:01 +0800] "GET /xingrg/index.html?sysBaseUrl=http%3A%2F%2F180.169.147.146%3A18081%2Fxingrg%2F&costTime=843×tamp=1713074341523 HTTP/1.1" 200 17173
101.83.144.49 - - [14/Apr/2024:13:59:01 +0800] "GET /favicon.ico HTTP/1.1" 404 -
101.83.144.49 - - [14/Apr/2024:13:59:01 +0800] "POST /xingrg/all/common/load_tree.html?tree=area_rest_tree_json&manage=1 HTTP/1.1" 200 342
101.83.144.49 - - [14/Apr/2024:13:59:01 +0800] "GET /xingrg/all/function/internal_message.html?_=1713074100466&CODE_STATE=count HTTP/1.1" 200 11
101.83.144.49 - - [14/Apr/2024:13:59:01 +0800] "GET /xingrg/check_reg.html?_=1713074100467 HTTP/1.1" 200 22
101.83.144.49 - - [14/Apr/2024:13:59:02 +0800] "POST /xingrg/load_menu.html HTTP/1.1" 200 5138
180.164.1.25 - - [14/Apr/2024:13:59:02 +0800] "GET /xingrg/all/function/internal_message.html?_=1713074340999&CODE_STATE=getMsg HTTP/1.1" 200 27
180.164.1.25 - - [14/Apr/2024:13:59:02 +0800] "GET /xingrg/check_reg.html?_=1713074341386 HTTP/1.1" 200 22
116.230.109.19 - - [14/Apr/2024:13:59:02 +0800] "GET /xingrg/all/function/internal_message.html?_=1713074342655&CODE_STATE=getMsg HTTP/1.1" 200 27
101.83.144.49 - - [14/Apr/2024:13:59:03 +0800] "GET /xingrg/kc/buy/buy_main.html HTTP/1.1" 200 12412
101.83.144.49 - - [14/Apr/2024:13:59:03 +0800] "GET /xingrg/css/new_ie.css HTTP/1.1" 404 1036
101.83.144.49 - - [14/Apr/2024:13:59:04 +0800] "GET /xingrg/images/yd/bt.gif HTTP/1.1" 404 1040
101.83.144.49 - - [14/Apr/2024:13:59:05 +0800] "GET /xingrg/kc/buy/cgsh_order_list.html HTTP/1.1" 200 58134
116.237.76.76 - - [14/Apr/2024:13:59:11 +0800] "GET /xingrg/all/function/internal_message.html?_=1713074346793&CODE_STATE=getMsg HTTP/1.1" 200 27
180.169.147.146 - - [14/Apr/2024:13:59:13 +0800] "GET /xingrg/check_reg.html?_=1713074353078 HTTP/1.1" 200 22
180.169.147.146 - - [14/Apr/2024:13:59:13 +0800] "GET /xingrg/all/function/internal_message.html?_=1713074353076&CODE_STATE=getMsg HTTP/1.1" 200 27
114.95.153.66 - - [14/Apr/2024:13:59:13 +0800] "GET /xingrg/all/function/internal_message.html?_=1713074354656&CODE_STATE=getMsg HTTP/1.1" 200 27
172.20.0.100 - - [14/Apr/2024:13:59:17 +0800] "GET /xingrg/all/function/internal_message.html?_=1713074376247&CODE_STATE=getMsg HTTP/1.1" 200 27
114.85.37.96 - - [14/Apr/2024:13:59:19 +0800] "GET /xingrg/all/function/internal_message.html?_=1713072768290&CODE_STATE=getMsg HTTP/1.1" 200 27
116.224.254.208 - - [14/Apr/2024:13:59:22 +0800] "GET /xingrg/all/function/internal_message.html?_=1713074362044&CODE_STATE=getMsg HTTP/1.1" 200 27
116.230.109.19 - - [14/Apr/2024:13:59:22 +0800] "GET /xingrg/all/function/internal_message.html?_=1713074303682&CODE_STATE=getMsg HTTP/1.1" 200 27
124.78.56.241 - - [14/Apr/2024:13:59:26 +0800] "GET /xingrg/all/function/internal_message.html?_=1713074367370&CODE_STATE=getMsg HTTP/1.1" 200 27
116.235.94.6 - - [14/Apr/2024:13:59:29 +0800] "GET /xingrg/all/function/internal_message.html?_=1713074402121&CODE_STATE=getMsg HTTP/1.1" 200 27
221.239.169.251 - - [14/Apr/2024:13:59:32 +0800] "GET /xingrg/all/function/internal_message.html?_=1713074370279&CODE_STATE=getMsg HTTP/1.1" 200 27
116.230.109.19 - - [14/Apr/2024:13:59:33 +0800] "GET /xingrg/all/function/internal_message.html?_=1713074314857&CODE_STATE=getMsg HTTP/1.1" 200 27
124.78.56.241 - - [14/Apr/2024:13:59:38 +0800] "GET /xingrg/css/new_ie.css HTTP/1.1" 404 1036
114.83.217.203 - - [14/Apr/2024:13:59:41 +0800] "GET /xingrg/all/function/internal_message.html?_=1713074381586&CODE_STATE=getMsg HTTP/1.1" 200 27
114.83.217.203 - - [14/Apr/2024:13:59:41 +0800] "GET /xingrg/check_reg.html?_=1713074381836 HTTP/1.1" 200 22
101.83.144.49 - - [14/Apr/2024:13:59:46 +0800] "POST /xingrg/kc/buy/cgsh_list_operate.html HTTP/1.1" 200 4173
116.230.109.19 - - [14/Apr/2024:13:59:48 +0800] "GET /xingrg/all/function/internal_message.html?_=1713074329818&CODE_STATE=getMsg HTTP/1.1" 200 27
101.83.144.49 - - [14/Apr/2024:13:59:56 +0800] "POST /xingrg/kc/buy/cgsh_list_operate.html HTTP/1.1" 200 203
101.83.144.49 - - [14/Apr/2024:13:59:58 +0800] "GET /xingrg/kc/buy/cgsh_order_info.html?code=212024041403627 HTTP/1.1" 200 74012
101.83.144.49 - - [14/Apr/2024:13:59:58 +0800] "GET /xingrg/javascript/easyui/themes/default/validatebox.css HTTP/1.1" 404 1104
101.83.144.49 - - [14/Apr/2024:13:59:58 +0800] "GET /xingrg/all/common/auto_word.html?type=employee&rest_code=00105 HTTP/1.1" 200 193
101.83.144.49 - - [14/Apr/2024:13:59:59 +0800] "GET /xingrg/all/common/auto_word.html?type=employee&rest_code=00105 HTTP/1.1" 200 193
101.83.144.49 - - [14/Apr/2024:13:59:59 +0800] "POST /xingrg/kc/buy/cgsh_order_operate.html HTTP/1.1" 200 2665
101.83.144.49 - - [14/Apr/2024:14:00:01 +0800] "GET /xingrg/all/function/internal_message.html?_=1713074160494&CODE_STATE=getMsg HTTP/1.1" 200 27
180.164.1.25 - - [14/Apr/2024:14:00:02 +0800] "GET /xingrg/all/function/internal_message.html?_=1713074400988&CODE_STATE=getMsg HTTP/1.1" 200 27
116.230.109.19 - - [14/Apr/2024:14:00:02 +0800] "GET /xingrg/all/function/internal_message.html?_=1713074402634&CODE_STATE=getMsg HTTP/1.1" 200 27
114.95.153.66 - - [14/Apr/2024:14:00:03 +0800] "GET /xingrg/kc/buy/cgsh_order_operate.html?command=get_materiel&rest_code=00158&code=00101006088&supplier_code=00100661&order_time=2024-04-01 HTTP/1.1" 200 409
101.83.144.49 - - [14/Apr/2024:14:00:03 +0800] "GET /xingrg/kc/print/load_config.html?kc_code=cgsh HTTP/1.1" 200 1927
101.83.144.49 - - [14/Apr/2024:14:00:03 +0800] "GET /xingrg/kc/print/load_data.html?order_code=212024041403627&kc_code=cgsh&condition= HTTP/1.1" 200 676
116.237.76.76 - - [14/Apr/2024:14:00:11 +0800] "GET /xingrg/all/function/internal_message.html?_=1713074406800&CODE_STATE=getMsg HTTP/1.1" 200 27
116.237.76.76 - - [14/Apr/2024:14:00:11 +0800] "GET /xingrg/check_reg.html?_=1713074406805 HTTP/1.1" 200 22
180.169.147.146 - - [14/Apr/2024:14:00:13 +0800] "GET /xingrg/all/function/internal_message.html?_=1713074413060&CODE_STATE=getMsg HTTP/1.1" 200 27
114.95.153.66 - - [14/Apr/2024:14:00:13 +0800] "GET /xingrg/all/function/internal_message.html?_=1713074414654&CODE_STATE=getMsg HTTP/1.1" 200 27
172.20.0.100 - - [14/Apr/2024:14:00:17 +0800] "GET /xingrg/all/function/internal_message.html?_=1713074436246&CODE_STATE=getMsg HTTP/1.1" 200 27
114.85.37.96 - - [14/Apr/2024:14:00:19 +0800] "GET /xingrg/all/function/internal_message.html?_=1713072828288&CODE_STATE=getMsg HTTP/1.1" 200 27
116.224.254.208 - - [14/Apr/2024:14:00:22 +0800] "GET /xingrg/all/function/internal_message.html?_=1713074422061&CODE_STATE=getMsg HTTP/1.1" 200 27
116.224.254.208 - - [14/Apr/2024:14:00:22 +0800] "GET /xingrg/check_reg.html?_=1713074422063 HTTP/1.1" 200 22
116.230.109.19 - - [14/Apr/2024:14:00:22 +0800] "GET /xingrg/check_reg.html?_=1713074363680 HTTP/1.1" 200 22
116.230.109.19 - - [14/Apr/2024:14:00:22 +0800] "GET /xingrg/all/function/internal_message.html?_=1713074363682&CODE_STATE=getMsg HTTP/1.1" 200 27
114.95.153.66 - - [14/Apr/2024:14:00:26 +0800] "POST /xingrg/kc/buy/cgsh_order_operate.html HTTP/1.1" 200 37
124.78.56.241 - - [14/Apr/2024:14:00:26 +0800] "GET /xingrg/all/function/internal_message.html?_=1713074427346&CODE_STATE=getMsg HTTP/1.1" 200 27
116.235.94.6 - - [14/Apr/2024:14:00:29 +0800] "GET /xingrg/all/function/internal_message.html?_=1713074462095&CODE_STATE=getMsg HTTP/1.1" 200 27
221.239.169.251 - - [14/Apr/2024:14:00:32 +0800] "GET /xingrg/all/function/internal_message.html?_=1713074430250&CODE_STATE=getMsg HTTP/1.1" 200 27
221.239.169.251 - - [14/Apr/2024:14:00:32 +0800] "GET /xingrg/check_reg.html?_=1713074430921 HTTP/1.1" 200 22
114.95.153.66 - - [14/Apr/2024:14:00:33 +0800] "POST /xingrg/kc/buy/cgsh_order_operate.html HTTP/1.1" 200 12
116.230.109.19 - - [14/Apr/2024:14:00:33 +0800] "GET /xingrg/all/function/internal_message.html?_=1713074374868&CODE_STATE=getMsg HTTP/1.1" 200 27
114.95.153.66 - - [14/Apr/2024:14:00:35 +0800] "GET /xingrg/kc/buy/cgsh_order_info.html?code=212024041403704 HTTP/1.1" 200 67776
114.95.153.66 - - [14/Apr/2024:14:00:35 +0800] "GET /xingrg/javascript/easyui/themes/default/validatebox.css HTTP/1.1" 404 1104
114.95.153.66 - - [14/Apr/2024:14:00:36 +0800] "POST /xingrg/kc/buy/cgsh_order_operate.html HTTP/1.1" 200 1203
114.95.153.66 - - [14/Apr/2024:14:00:39 +0800] "GET /xingrg/kc/print/load_data.html?order_code=212024041403704&kc_code=cgsh&condition= HTTP/1.1" 200 919
114.83.217.203 - - [14/Apr/2024:14:00:41 +0800] "GET /xingrg/all/function/internal_message.html?_=1713074441556&CODE_STATE=getMsg HTTP/1.1" 200 27
116.230.109.19 - - [14/Apr/2024:14:00:48 +0800] "GET /xingrg/all/function/internal_message.html?_=1713074389797&CODE_STATE=getMsg HTTP/1.1" 200 27
116.230.109.19 - - [14/Apr/2024:14:00:49 +0800] "GET /xingrg/check_reg.html?_=1713074390489 HTTP/1.1" 200 22
172.20.0.100 - - [14/Apr/2024:14:00:52 +0800] "POST /xingrg/kc/base/wldb_list_operate.html HTTP/1.1" 200 277
101.83.144.49 - - [14/Apr/2024:14:01:01 +0800] "GET /xingrg/all/function/internal_message.html?_=1713074220467&CODE_STATE=getMsg HTTP/1.1" 200 27
180.164.1.25 - - [14/Apr/2024:14:01:02 +0800] "GET /xingrg/all/function/internal_message.html?_=1713074460968&CODE_STATE=getMsg HTTP/1.1" 200 27
116.230.109.19 - - [14/Apr/2024:14:01:02 +0800] "GET /xingrg/all/function/internal_message.html?_=1713074462611&CODE_STATE=getMsg HTTP/1.1" 200 27
172.20.0.100 - - [14/Apr/2024:14:01:05 +0800] "GET /xingrg/kc/base/wldb_order_info.html?code=422024022201739 HTTP/1.1" 200 26495
172.20.0.100 - - [14/Apr/2024:14:01:05 +0800] "GET /xingrg/javascript/easyui/themes/default/validatebox.css HTTP/1.1" 404 1104
172.20.0.100 - - [14/Apr/2024:14:01:05 +0800] "POST /xingrg/kc/base/wldb_order_operate.html HTTP/1.1" 200 481
172.20.0.100 - - [14/Apr/2024:14:01:10 +0800] "POST /xingrg/kc/base/wldb_list_operate.html HTTP/1.1" 200 524
180.163.30.76 - - [14/Apr/2024:14:01:11 +0800] "GET /xingrg/check_reg.html?_=1713074406805 HTTP/1.1" 302 -
116.237.76.76 - - [14/Apr/2024:14:01:11 +0800] "GET /xingrg/all/function/internal_message.html?_=1713074466806&CODE_STATE=getMsg HTTP/1.1" 200 27
180.163.30.76 - - [14/Apr/2024:14:01:11 +0800] "GET /xingrg/login.html HTTP/1.1" 200 7641
101.83.144.49 - - [14/Apr/2024:14:01:12 +0800] "POST /xingrg/kc/buy/cgsh_list_operate.html HTTP/1.1" 200 4342
180.169.147.146 - - [14/Apr/2024:14:01:13 +0800] "GET /xingrg/all/function/internal_message.html?_=1713074473054&CODE_STATE=getMsg HTTP/1.1" 200 27
172.20.0.100 - - [14/Apr/2024:14:01:13 +0800] "GET /xingrg/javascript/jquery_tools/images/next.gif HTTP/1.1" 404 1086
172.20.0.100 - - [14/Apr/2024:14:01:13 +0800] "GET /xingrg/javascript/jquery_tools/images/prev.gif HTTP/1.1" 404 1086
172.20.0.100 - - [14/Apr/2024:14:01:13 +0800] "GET /xingrg/kc/base/wldb_order_info.html?code=422024013003320 HTTP/1.1" 200 26487
114.95.153.66 - - [14/Apr/2024:14:01:13 +0800] "GET /xingrg/all/function/internal_message.html?_=1713074474643&CODE_STATE=getMsg HTTP/1.1" 200 27
172.20.0.100 - - [14/Apr/2024:14:01:13 +0800] "GET /xingrg/javascript/easyui/themes/default/validatebox.css HTTP/1.1" 404 1104
172.20.0.100 - - [14/Apr/2024:14:01:13 +0800] "POST /xingrg/kc/base/wldb_order_operate.html HTTP/1.1" 200 2352
172.20.0.100 - - [14/Apr/2024:14:01:17 +0800] "GET /xingrg/all/function/internal_message.html?_=1713074496244&CODE_STATE=getMsg HTTP/1.1" 200 27
101.83.144.49 - - [14/Apr/2024:14:01:18 +0800] "POST /xingrg/kc/buy/cgsh_list_operate.html HTTP/1.1" 200 200
114.85.37.96 - - [14/Apr/2024:14:01:19 +0800] "GET /xingrg/all/function/internal_message.html?_=1713072888287&CODE_STATE=getMsg HTTP/1.1" 200 27
101.83.144.49 - - [14/Apr/2024:14:01:20 +0800] "GET /xingrg/kc/buy/cgsh_order_info.html?code=212024041403632 HTTP/1.1" 200 74010
101.83.144.49 - - [14/Apr/2024:14:01:21 +0800] "GET /xingrg/javascript/easyui/themes/default/validatebox.css HTTP/1.1" 404 1104
116.224.254.208 - - [14/Apr/2024:14:01:22 +0800] "GET /xingrg/all/function/internal_message.html?_=1713074482047&CODE_STATE=getMsg HTTP/1.1" 200 27
101.83.144.49 - - [14/Apr/2024:14:01:22 +0800] "POST /xingrg/kc/buy/cgsh_order_operate.html HTTP/1.1" 200 2656
116.230.109.19 - - [14/Apr/2024:14:01:22 +0800] "GET /xingrg/all/function/internal_message.html?_=1713074423682&CODE_STATE=getMsg HTTP/1.1" 200 27
172.20.0.100 - - [14/Apr/2024:14:01:24 +0800] "POST /xingrg/kc/base/wldb_list_operate.html HTTP/1.1" 200 210
101.83.144.49 - - [14/Apr/2024:14:01:25 +0800] "GET /xingrg/kc/print/load_data.html?order_code=212024041403632&kc_code=cgsh&condition= HTTP/1.1" 200 732
124.78.56.241 - - [14/Apr/2024:14:01:26 +0800] "GET /xingrg/all/function/internal_message.html?_=1713074487312&CODE_STATE=getMsg HTTP/1.1" 200 27
116.235.94.6 - - [14/Apr/2024:14:01:29 +0800] "GET /xingrg/all/function/internal_message.html?_=1713074522064&CODE_STATE=getMsg HTTP/1.1" 200 27
221.239.169.251 - - [14/Apr/2024:14:01:32 +0800] "GET /xingrg/all/function/internal_message.html?_=1713074490234&CODE_STATE=getMsg HTTP/1.1" 200 27
116.230.109.19 - - [14/Apr/2024:14:01:33 +0800] "GET /xingrg/check_reg.html?_=1713074434859 HTTP/1.1" 200 22
116.230.109.19 - - [14/Apr/2024:14:01:33 +0800] "GET /xingrg/all/function/internal_message.html?_=1713074434861&CODE_STATE=getMsg HTTP/1.1" 200 27
172.20.0.100 - - [14/Apr/2024:14:01:35 +0800] "POST /xingrg/kc/base/wldb_list_operate.html HTTP/1.1" 200 201
114.83.217.203 - - [14/Apr/2024:14:01:41 +0800] "GET /xingrg/all/function/internal_message.html?_=1713074501533&CODE_STATE=getMsg HTTP/1.1" 200 27
116.230.109.19 - - [14/Apr/2024:14:01:48 +0800] "GET /xingrg/all/function/internal_message.html?_=1713074449788&CODE_STATE=getMsg HTTP/1.1" 200 27
116.237.76.76 - - [14/Apr/2024:14:01:51 +0800] "GET /xingrg/login.html?r=1 HTTP/1.1" 200 7641
116.237.76.76 - - [14/Apr/2024:14:01:52 +0800] "GET /favicon.ico HTTP/1.1" 404 -
116.237.76.76 - - [14/Apr/2024:14:01:55 +0800] "POST /xingrg/login.do HTTP/1.1" 302 -
116.237.76.76 - - [14/Apr/2024:14:01:55 +0800] "GET /xingrg/index.html?sysBaseUrl=http%3A%2F%2F180.169.147.146%3A18081%2Fxingrg%2F&costTime=843×tamp=1713074515115 HTTP/1.1" 200 17173
116.237.76.76 - - [14/Apr/2024:14:01:55 +0800] "GET /favicon.ico HTTP/1.1" 404 -
116.237.76.76 - - [14/Apr/2024:14:01:55 +0800] "GET /xingrg/check_reg.html?_=1713074516542 HTTP/1.1" 200 22
116.237.76.76 - - [14/Apr/2024:14:01:55 +0800] "GET /xingrg/all/function/internal_message.html?_=1713074516541&CODE_STATE=count HTTP/1.1" 200 11
116.237.76.76 - - [14/Apr/2024:14:01:55 +0800] "POST /xingrg/all/common/load_tree.html?tree=area_rest_tree_json&manage=1 HTTP/1.1" 200 342
116.237.76.76 - - [14/Apr/2024:14:01:55 +0800] "POST /xingrg/load_menu.html HTTP/1.1" 200 5138
116.237.76.76 - - [14/Apr/2024:14:01:58 +0800] "GET /xingrg/kc/base/base_main.html HTTP/1.1" 200 12142
101.83.144.49 - - [14/Apr/2024:14:02:01 +0800] "GET /xingrg/all/function/internal_message.html?_=1713074280481&CODE_STATE=getMsg HTTP/1.1" 200 27
180.164.1.25 - - [14/Apr/2024:14:02:02 +0800] "GET /xingrg/all/function/internal_message.html?_=1713074520950&CODE_STATE=getMsg HTTP/1.1" 200 27
116.230.109.19 - - [14/Apr/2024:14:02:02 +0800] "GET /xingrg/all/function/internal_message.html?_=1713074522596&CODE_STATE=getMsg HTTP/1.1" 200 27
116.237.76.76 - - [14/Apr/2024:14:02:02 +0800] "GET /xingrg/kc/base/wldb_order_list.html HTTP/1.1" 200 19051
116.237.76.76 - - [14/Apr/2024:14:02:03 +0800] "POST /xingrg/kc/base/wldb_list_operate.html HTTP/1.1" 200 3376
116.237.76.76 - - [14/Apr/2024:14:02:06 +0800] "GET /xingrg/kc/mdqp/qp_main.html HTTP/1.1" 200 10633
116.237.76.76 - - [14/Apr/2024:14:02:07 +0800] "GET /xingrg/images/yd/bt.gif HTTP/1.1" 404 1040
116.237.76.76 - - [14/Apr/2024:14:02:08 +0800] "GET /xingrg/kc/mdqp/qqps_order_list.html HTTP/1.1" 200 9222
116.237.76.76 - - [14/Apr/2024:14:02:08 +0800] "GET /xingrg/dwr/interface/AjaxQqpsService.js HTTP/1.1" 200 16326
116.237.76.76 - - [14/Apr/2024:14:02:08 +0800] "GET /xingrg/dwr/engine.js HTTP/1.1" 200 43631
116.237.76.76 - - [14/Apr/2024:14:02:08 +0800] "GET /xingrg/dwr/util.js HTTP/1.1" 200 35990
116.237.76.76 - - [14/Apr/2024:14:02:08 +0800] "GET /xingrg/dwr/interface/AjaxReportQueryService.js HTTP/1.1" 200 13203
116.237.76.76 - - [14/Apr/2024:14:02:08 +0800] "GET /xingrg/javascript/Calendar.js HTTP/1.1" 200 31561
116.237.76.76 - - [14/Apr/2024:14:02:08 +0800] "GET /xingrg/javascript/jquery_easy_ui/themes/icons/edit_add_new.png HTTP/1.1" 200 2997
116.237.76.76 - - [14/Apr/2024:14:02:08 +0800] "GET /xingrg/javascript/jquery_easy_ui/themes/icons/check_new.png HTTP/1.1" 200 3224
116.237.76.76 - - [14/Apr/2024:14:02:08 +0800] "GET /xingrg/javascript/jquery_easy_ui/themes/icons/uncheck_new.png HTTP/1.1" 200 3197
116.237.76.76 - - [14/Apr/2024:14:02:08 +0800] "GET /xingrg/javascript/jquery_easy_ui/themes/icons/cance_new.png HTTP/1.1" 200 3986
172.20.0.100 - - [14/Apr/2024:14:02:09 +0800] "POST /xingrg/kc/base/wldb_list_operate.html HTTP/1.1" 200 513
172.20.0.100 - - [14/Apr/2024:14:02:09 +0800] "POST /xingrg/kc/base/wldb_list_operate.html HTTP/1.1" 200 204
116.237.76.76 - - [14/Apr/2024:14:02:11 +0800] "GET /xingrg/all/function/internal_message.html?_=1713074526795&CODE_STATE=getMsg HTTP/1.1" 200 27
116.237.76.76 - - [14/Apr/2024:14:02:11 +0800] "GET /xingrg/kc/buy/buy_main.html HTTP/1.1" 200 12412
116.237.76.76 - - [14/Apr/2024:14:02:11 +0800] "GET /xingrg/css/new_ie.css HTTP/1.1" 404 1036
116.237.76.76 - - [14/Apr/2024:14:02:12 +0800] "GET /xingrg/images/yd/bt.gif HTTP/1.1" 404 1040
180.169.147.146 - - [14/Apr/2024:14:02:13 +0800] "GET /xingrg/all/function/internal_message.html?_=1713074533055&CODE_STATE=getMsg HTTP/1.1" 200 27
114.95.153.66 - - [14/Apr/2024:14:02:13 +0800] "GET /xingrg/all/function/internal_message.html?_=1713074534643&CODE_STATE=getMsg HTTP/1.1" 200 27
116.237.76.76 - - [14/Apr/2024:14:02:13 +0800] "GET /xingrg/kc/buy/cgsh_order_list.html HTTP/1.1" 200 58134
116.237.76.76 - - [14/Apr/2024:14:02:15 +0800] "POST /xingrg/kc/buy/cgsh_list_operate.html HTTP/1.1" 200 645
172.20.0.100 - - [14/Apr/2024:14:02:17 +0800] "GET /xingrg/check_reg.html?_=1713074556247 HTTP/1.1" 200 22
172.20.0.100 - - [14/Apr/2024:14:02:17 +0800] "GET /xingrg/all/function/internal_message.html?_=1713074556248&CODE_STATE=getMsg HTTP/1.1" 200 27
114.85.37.96 - - [14/Apr/2024:14:02:19 +0800] "GET /xingrg/check_reg.html?_=1713072948282 HTTP/1.1" 200 22
114.85.37.96 - - [14/Apr/2024:14:02:19 +0800] "GET /xingrg/all/function/internal_message.html?_=1713072948285&CODE_STATE=getMsg HTTP/1.1" 200 27
172.20.0.100 - - [14/Apr/2024:14:02:21 +0800] "POST /xingrg/load_menu.html HTTP/1.1" 200 9445
116.224.254.208 - - [14/Apr/2024:14:02:22 +0800] "GET /xingrg/all/function/internal_message.html?_=1713074542044&CODE_STATE=getMsg HTTP/1.1" 200 27
116.230.109.19 - - [14/Apr/2024:14:02:22 +0800] "GET /xingrg/all/function/internal_message.html?_=1713074483680&CODE_STATE=getMsg HTTP/1.1" 200 27
172.20.0.100 - - [14/Apr/2024:14:02:25 +0800] "POST /xingrg/load_menu.html HTTP/1.1" 200 6129
124.78.56.241 - - [14/Apr/2024:14:02:26 +0800] "GET /xingrg/all/function/internal_message.html?_=1713074547288&CODE_STATE=getMsg HTTP/1.1" 200 27
116.235.94.6 - - [14/Apr/2024:14:02:29 +0800] "GET /xingrg/all/function/internal_message.html?_=1713074582043&CODE_STATE=getMsg HTTP/1.1" 200 27
221.239.169.251 - - [14/Apr/2024:14:02:32 +0800] "GET /xingrg/all/function/internal_message.html?_=1713074550221&CODE_STATE=getMsg HTTP/1.1" 200 27
116.230.109.19 - - [14/Apr/2024:14:02:33 +0800] "GET /xingrg/all/function/internal_message.html?_=1713074494869&CODE_STATE=getMsg HTTP/1.1" 200 27
172.20.0.100 - - [14/Apr/2024:14:02:41 +0800] "GET /xingrg/system/sys_right.html HTTP/1.1" 200 9060
172.20.0.100 - - [14/Apr/2024:14:02:41 +0800] "GET /xingrg/dwr/interface/AjaxSystemService.js HTTP/1.1" 200 13657
172.20.0.100 - - [14/Apr/2024:14:02:41 +0800] "GET /xingrg/dwr/engine.js HTTP/1.1" 200 43631
172.20.0.100 - - [14/Apr/2024:14:02:41 +0800] "GET /xingrg/dwr/util.js HTTP/1.1" 200 35990
172.20.0.100 - - [14/Apr/2024:14:02:41 +0800] "GET /xingrg/images/blue/ygxx.png HTTP/1.1" 200 2850
172.20.0.100 - - [14/Apr/2024:14:02:41 +0800] "GET /xingrg/images/blue/xtyhgl.png HTTP/1.1" 200 3198
172.20.0.100 - - [14/Apr/2024:14:02:41 +0800] "GET /xingrg/images/blue/xtjssz.png HTTP/1.1" 200 3013
172.20.0.100 - - [14/Apr/2024:14:02:41 +0800] "GET /xingrg/images/blue/zxyhgl.png HTTP/1.1" 200 3025
114.83.217.203 - - [14/Apr/2024:14:02:41 +0800] "GET /xingrg/all/function/internal_message.html?_=1713074561503&CODE_STATE=getMsg HTTP/1.1" 200 27
116.230.109.19 - - [14/Apr/2024:14:02:48 +0800] "GET /xingrg/all/function/internal_message.html?_=1713074509773&CODE_STATE=getMsg HTTP/1.1" 200 27
222.69.135.125 - - [14/Apr/2024:14:02:51 +0800] "GET /xingrg/check_reg.html?_=1713074572742 HTTP/1.1" 200 22
172.20.0.100 - - [14/Apr/2024:14:03:01 +0800] "GET /xingrg/kc/base/wldb_order_add.html HTTP/1.1" 200 30343
172.20.0.100 - - [14/Apr/2024:14:03:01 +0800] "POST /xingrg/kc/base/wldb_order_operate.html HTTP/1.1" 200 6806
172.20.0.100 - - [14/Apr/2024:14:03:01 +0800] "GET /xingrg/javascript/easyui/themes/default/validatebox.css HTTP/1.1" 404 1104
101.83.144.49 - - [14/Apr/2024:14:03:01 +0800] "GET /xingrg/all/function/internal_message.html?_=1713074340481&CODE_STATE=getMsg HTTP/1.1" 200 27
180.164.1.25 - - [14/Apr/2024:14:03:02 +0800] "GET /xingrg/all/function/internal_message.html?_=1713074580932&CODE_STATE=getMsg HTTP/1.1" 200 27
116.230.109.19 - - [14/Apr/2024:14:03:02 +0800] "GET /xingrg/all/function/internal_message.html?_=1713074582583&CODE_STATE=getMsg HTTP/1.1" 200 27
116.237.76.76 - - [14/Apr/2024:14:03:11 +0800] "GET /xingrg/all/function/internal_message.html?_=1713074586798&CODE_STATE=getMsg HTTP/1.1" 200 27
180.169.147.146 - - [14/Apr/2024:14:03:13 +0800] "GET /xingrg/all/function/internal_message.html?_=1713074593076&CODE_STATE=getMsg HTTP/1.1" 200 27
114.95.153.66 - - [14/Apr/2024:14:03:13 +0800] "GET /xingrg/check_reg.html?_=1713074594644 HTTP/1.1" 200 22
114.95.153.66 - - [14/Apr/2024:14:03:13 +0800] "GET /xingrg/all/function/internal_message.html?_=1713074594646&CODE_STATE=getMsg HTTP/1.1" 200 27
172.20.0.100 - - [14/Apr/2024:14:03:17 +0800] "GET /xingrg/all/function/internal_message.html?_=1713074616251&CODE_STATE=getMsg HTTP/1.1" 200 27
114.85.37.96 - - [14/Apr/2024:14:03:19 +0800] "GET /xingrg/all/function/internal_message.html?_=1713073008296&CODE_STATE=getMsg HTTP/1.1" 200 27
116.224.254.208 - - [14/Apr/2024:14:03:22 +0800] "GET /xingrg/all/function/internal_message.html?_=1713074602044&CODE_STATE=getMsg HTTP/1.1" 200 27
116.230.109.19 - - [14/Apr/2024:14:03:22 +0800] "GET /xingrg/all/function/internal_message.html?_=1713074543680&CODE_STATE=getMsg HTTP/1.1" 200 27
124.78.56.241 - - [14/Apr/2024:14:03:26 +0800] "GET /xingrg/check_reg.html?_=1713074607143 HTTP/1.1" 200 22
124.78.56.241 - - [14/Apr/2024:14:03:26 +0800] "GET /xingrg/all/function/internal_message.html?_=1713074607268&CODE_STATE=getMsg HTTP/1.1" 200 27
116.235.94.6 - - [14/Apr/2024:14:03:29 +0800] "GET /xingrg/all/function/internal_message.html?_=1713074642018&CODE_STATE=getMsg HTTP/1.1" 200 27
221.239.169.251 - - [14/Apr/2024:14:03:32 +0800] "GET /xingrg/all/function/internal_message.html?_=1713074610200&CODE_STATE=getMsg HTTP/1.1" 200 27
116.235.94.6 - - [14/Apr/2024:14:03:32 +0800] "GET /xingrg/check_reg.html?_=1713074644297 HTTP/1.1" 200 22
116.230.109.19 - - [14/Apr/2024:14:03:33 +0800] "GET /xingrg/all/function/internal_message.html?_=1713074554862&CODE_STATE=getMsg HTTP/1.1" 200 27
114.83.217.203 - - [14/Apr/2024:14:03:41 +0800] "GET /xingrg/all/function/internal_message.html?_=1713074621476&CODE_STATE=getMsg HTTP/1.1" 200 27
116.230.109.19 - - [14/Apr/2024:14:03:47 +0800] "GET /xingrg/check_reg.html?_=1713074627583 HTTP/1.1" 200 22
116.230.109.19 - - [14/Apr/2024:14:03:48 +0800] "GET /xingrg/all/function/internal_message.html?_=1713074569753&CODE_STATE=getMsg HTTP/1.1" 200 27
101.83.144.49 - - [14/Apr/2024:14:04:01 +0800] "GET /xingrg/check_reg.html?_=1713074400482 HTTP/1.1" 200 22
101.83.144.49 - - [14/Apr/2024:14:04:01 +0800] "GET /xingrg/all/function/internal_message.html?_=1713074400485&CODE_STATE=getMsg HTTP/1.1" 200 27
172.20.0.100 - - [14/Apr/2024:14:04:02 +0800] "POST /xingrg/kc/base/wldb_list_operate.html HTTP/1.1" 200 6175
180.164.1.25 - - [14/Apr/2024:14:04:02 +0800] "GET /xingrg/all/function/internal_message.html?_=1713074640917&CODE_STATE=getMsg HTTP/1.1" 200 27
116.230.109.19 - - [14/Apr/2024:14:04:02 +0800] "GET /xingrg/all/function/internal_message.html?_=1713074642558&CODE_STATE=getMsg HTTP/1.1" 200 27
180.164.1.25 - - [14/Apr/2024:14:04:02 +0800] "GET /xingrg/check_reg.html?_=1713074641370 HTTP/1.1" 200 22
172.20.0.100 - - [14/Apr/2024:14:04:09 +0800] "POST /xingrg/kc/base/wldb_list_operate.html HTTP/1.1" 200 928
116.237.76.76 - - [14/Apr/2024:14:04:11 +0800] "GET /xingrg/all/function/internal_message.html?_=1713074646801&CODE_STATE=getMsg HTTP/1.1" 200 27
172.20.0.100 - - [14/Apr/2024:14:04:11 +0800] "POST /xingrg/kc/base/wldb_list_operate.html HTTP/1.1" 200 928
180.169.147.146 - - [14/Apr/2024:14:04:13 +0800] "GET /xingrg/all/function/internal_message.html?_=1713074653062&CODE_STATE=getMsg HTTP/1.1" 200 27
180.169.147.146 - - [14/Apr/2024:14:04:13 +0800] "GET /xingrg/check_reg.html?_=1713074653066 HTTP/1.1" 200 22
114.95.153.66 - - [14/Apr/2024:14:04:13 +0800] "GET /xingrg/all/function/internal_message.html?_=1713074654635&CODE_STATE=getMsg HTTP/1.1" 200 27
172.20.0.100 - - [14/Apr/2024:14:04:14 +0800] "GET /xingrg/javascript/easyui/themes/default/tree.css HTTP/1.1" 404 1090
172.20.0.100 - - [14/Apr/2024:14:04:14 +0800] "POST /xingrg/all/common/load_tree.html?tree=area_rest_tree_json&manage=1 HTTP/1.1" 200 3624
172.20.0.100 - - [14/Apr/2024:14:04:14 +0800] "GET /xingrg/javascript/easyui/themes/default/images/tree_arrows.gif HTTP/1.1" 200 617
172.20.0.100 - - [14/Apr/2024:14:04:14 +0800] "GET /xingrg/javascript/easyui/themes/default/images/tree_folder_open.gif HTTP/1.1" 200 956
172.20.0.100 - - [14/Apr/2024:14:04:14 +0800] "GET /xingrg/javascript/easyui/themes/default/images/tree_checkbox_2.gif HTTP/1.1" 200 181
172.20.0.100 - - [14/Apr/2024:14:04:14 +0800] "GET /xingrg/javascript/easyui/themes/default/images/tree_checkbox_1.gif HTTP/1.1" 200 174
172.20.0.100 - - [14/Apr/2024:14:04:14 +0800] "GET /xingrg/javascript/easyui/themes/default/images/tree_checkbox_0.gif HTTP/1.1" 200 168
172.20.0.100 - - [14/Apr/2024:14:04:17 +0800] "POST /xingrg/kc/base/wldb_list_operate.html HTTP/1.1" 200 928
172.20.0.100 - - [14/Apr/2024:14:04:17 +0800] "GET /xingrg/all/function/internal_message.html?_=1713074676254&CODE_STATE=getMsg HTTP/1.1" 200 27
172.20.0.100 - - [14/Apr/2024:14:04:18 +0800] "POST /xingrg/all/common/load_tree.html?tree=employee_tree_json HTTP/1.1" 200 26225
172.20.0.100 - - [14/Apr/2024:14:04:19 +0800] "GET /xingrg/javascript/easyui/themes/icons/areas.png HTTP/1.1" 200 720
172.20.0.100 - - [14/Apr/2024:14:04:19 +0800] "GET /xingrg/javascript/easyui/themes/icons/accept_new.png HTTP/1.1" 200 722
114.85.37.96 - - [14/Apr/2024:14:04:19 +0800] "GET /xingrg/all/function/internal_message.html?_=1713073068292&CODE_STATE=getMsg HTTP/1.1" 200 27
116.224.254.208 - - [14/Apr/2024:14:04:22 +0800] "GET /xingrg/all/function/internal_message.html?_=1713074662047&CODE_STATE=getMsg HTTP/1.1" 200 27
116.230.109.19 - - [14/Apr/2024:14:04:22 +0800] "GET /xingrg/all/function/internal_message.html?_=1713074603679&CODE_STATE=getMsg HTTP/1.1" 200 27
124.78.56.241 - - [14/Apr/2024:14:04:26 +0800] "GET /xingrg/all/function/internal_message.html?_=1713074667243&CODE_STATE=getMsg HTTP/1.1" 200 27
116.235.94.6 - - [14/Apr/2024:14:04:29 +0800] "GET /xingrg/all/function/internal_message.html?_=1713074701991&CODE_STATE=getMsg HTTP/1.1" 200 27
114.83.217.203 - - [14/Apr/2024:14:04:31 +0800] "GET /xingrg/kc/base/wldb_order_list.html HTTP/1.1" 200 19057
114.83.217.203 - - [14/Apr/2024:14:04:31 +0800] "POST /xingrg/kc/base/wldb_list_operate.html HTTP/1.1" 200 928
221.239.169.251 - - [14/Apr/2024:14:04:31 +0800] "GET /xingrg/all/function/internal_message.html?_=1713074670172&CODE_STATE=getMsg HTTP/1.1" 200 27
116.230.109.19 - - [14/Apr/2024:14:04:33 +0800] "GET /xingrg/all/function/internal_message.html?_=1713074614862&CODE_STATE=getMsg HTTP/1.1" 200 27
114.83.217.203 - - [14/Apr/2024:14:04:33 +0800] "GET /xingrg/kc/base/wldb_order_add.html HTTP/1.1" 200 30388
114.83.217.203 - - [14/Apr/2024:14:04:33 +0800] "GET /xingrg/words/20240414115950_words.js HTTP/1.1" 304 -
114.83.217.203 - - [14/Apr/2024:14:04:34 +0800] "POST /xingrg/kc/base/wldb_order_operate.html HTTP/1.1" 200 6806
114.83.217.203 - - [14/Apr/2024:14:04:34 +0800] "GET /xingrg/all/common/auto_word.html?type=base&rest_code=00149 HTTP/1.1" 200 1907
114.83.217.203 - - [14/Apr/2024:14:04:34 +0800] "GET /xingrg/all/common/auto_word.html?type=base&rest_code=00149 HTTP/1.1" 200 1907
114.83.217.203 - - [14/Apr/2024:14:04:34 +0800] "GET /xingrg/javascript/easyui/themes/default/validatebox.css HTTP/1.1" 404 1104
172.20.0.100 - - [14/Apr/2024:14:04:36 +0800] "POST /xingrg/kc/base/wldb_list_operate.html HTTP/1.1" 200 928
114.83.217.203 - - [14/Apr/2024:14:04:41 +0800] "GET /xingrg/all/function/internal_message.html?_=1713074681450&CODE_STATE=getMsg HTTP/1.1" 200 27
114.83.217.203 - - [14/Apr/2024:14:04:41 +0800] "GET /xingrg/check_reg.html?_=1713074681823 HTTP/1.1" 200 22
114.83.217.203 - - [14/Apr/2024:14:04:45 +0800] "GET /xingrg/kc/base/wldb_order_operate.html?command=get_materiel&rest_code=00149&base_code=0010394&code=00101016044 HTTP/1.1" 200 466
116.230.109.19 - - [14/Apr/2024:14:04:48 +0800] "GET /xingrg/all/function/internal_message.html?_=1713074629751&CODE_STATE=getMsg HTTP/1.1" 200 27
114.83.217.203 - - [14/Apr/2024:14:04:49 +0800] "GET /xingrg/kc/base/wldb_order_operate.html?command=get_materiel&rest_code=00149&base_code=0010394&code=00101016094 HTTP/1.1" 200 468
172.20.0.100 - - [14/Apr/2024:14:04:52 +0800] "POST /xingrg/all/common/load_tree.html?tree=rest_base_tree_json HTTP/1.1" 200 73054
114.83.217.203 - - [14/Apr/2024:14:04:54 +0800] "GET /xingrg/kc/base/wldb_order_operate.html?command=get_materiel&rest_code=00149&base_code=0010394&code=00101019222 HTTP/1.1" 200 451
172.20.0.100 - - [14/Apr/2024:14:04:54 +0800] "GET /xingrg/javascript/easyui/themes/default/images/tree_file.gif HTTP/1.1" 200 118
172.20.0.100 - - [14/Apr/2024:14:04:57 +0800] "POST /xingrg/all/common/load_tree.html?tree=rest_base_tree_json HTTP/1.1" 200 73054
114.83.217.203 - - [14/Apr/2024:14:04:58 +0800] "GET /xingrg/kc/base/wldb_order_operate.html?command=get_materiel&rest_code=00149&base_code=0010394&code=00101016019 HTTP/1.1" 200 451
101.83.144.49 - - [14/Apr/2024:14:05:01 +0800] "GET /xingrg/all/function/internal_message.html?_=1713074460469&CODE_STATE=getMsg HTTP/1.1" 200 27
180.164.1.25 - - [14/Apr/2024:14:05:02 +0800] "GET /xingrg/all/function/internal_message.html?_=1713074700893&CODE_STATE=getMsg HTTP/1.1" 200 27
114.83.217.203 - - [14/Apr/2024:14:05:02 +0800] "GET /xingrg/kc/base/wldb_order_operate.html?command=get_materiel&rest_code=00149&base_code=0010394&code=00101019185 HTTP/1.1" 200 469
116.230.109.19 - - [14/Apr/2024:14:05:02 +0800] "GET /xingrg/all/function/internal_message.html?_=1713074702543&CODE_STATE=getMsg HTTP/1.1" 200 27
114.83.217.203 - - [14/Apr/2024:14:05:06 +0800] "GET /xingrg/kc/base/wldb_order_operate.html?command=get_materiel&rest_code=00149&base_code=0010394&code=00101019183 HTTP/1.1" 200 449
114.83.217.203 - - [14/Apr/2024:14:05:09 +0800] "GET /xingrg/kc/base/wldb_order_operate.html?command=get_materiel&rest_code=00149&base_code=0010394&code=00101019400 HTTP/1.1" 200 465
180.163.29.212 - - [14/Apr/2024:14:05:11 +0800] "GET /xingrg/all/function/internal_message.html?_=1713074646801&CODE_STATE=getMsg HTTP/1.1" 302 -
180.163.29.212 - - [14/Apr/2024:14:05:11 +0800] "GET /xingrg/login.html HTTP/1.1" 200 7641
116.237.76.76 - - [14/Apr/2024:14:05:11 +0800] "GET /xingrg/all/function/internal_message.html?_=1713074706804&CODE_STATE=getMsg HTTP/1.1" 200 27
116.237.76.76 - - [14/Apr/2024:14:05:11 +0800] "GET /xingrg/check_reg.html?_=1713074706809 HTTP/1.1" 200 22
114.83.217.203 - - [14/Apr/2024:14:05:12 +0800] "GET /xingrg/kc/base/wldb_order_operate.html?command=get_materiel&rest_code=00149&base_code=0010394&code=00101019391 HTTP/1.1" 200 485
180.169.147.146 - - [14/Apr/2024:14:05:13 +0800] "GET /xingrg/all/function/internal_message.html?_=1713074713060&CODE_STATE=getMsg HTTP/1.1" 200 27
114.95.153.66 - - [14/Apr/2024:14:05:13 +0800] "GET /xingrg/all/function/internal_message.html?_=1713074714646&CODE_STATE=getMsg HTTP/1.1" 200 27
172.20.0.100 - - [14/Apr/2024:14:05:17 +0800] "GET /xingrg/all/function/internal_message.html?_=1713074736247&CODE_STATE=getMsg HTTP/1.1" 200 27
114.85.37.96 - - [14/Apr/2024:14:05:19 +0800] "GET /xingrg/all/function/internal_message.html?_=1713073128279&CODE_STATE=getMsg HTTP/1.1" 200 27
172.20.0.100 - - [14/Apr/2024:14:05:21 +0800] "POST /xingrg/kc/base/wldb_list_operate.html HTTP/1.1" 200 6175
116.224.254.208 - - [14/Apr/2024:14:05:22 +0800] "GET /xingrg/all/function/internal_message.html?_=1713074722034&CODE_STATE=getMsg HTTP/1.1" 200 27
116.224.254.208 - - [14/Apr/2024:14:05:22 +0800] "GET /xingrg/check_reg.html?_=1713074722038 HTTP/1.1" 200 22
172.20.0.100 - - [14/Apr/2024:14:05:22 +0800] "POST /xingrg/kc/base/wldb_list_operate.html HTTP/1.1" 200 203
116.230.109.19 - - [14/Apr/2024:14:05:22 +0800] "GET /xingrg/all/function/internal_message.html?_=1713074663668&CODE_STATE=getMsg HTTP/1.1" 200 27
116.230.109.19 - - [14/Apr/2024:14:05:22 +0800] "GET /xingrg/check_reg.html?_=1713074663669 HTTP/1.1" 200 22
172.20.0.100 - - [14/Apr/2024:14:05:24 +0800] "POST /xingrg/kc/base/wldb_list_operate.html HTTP/1.1" 200 524
172.20.0.100 - - [14/Apr/2024:14:05:25 +0800] "GET /xingrg/kc/base/wldb_order_info.html?code=422024013003320 HTTP/1.1" 200 26487
172.20.0.100 - - [14/Apr/2024:14:05:26 +0800] "GET /xingrg/javascript/easyui/themes/default/validatebox.css HTTP/1.1" 404 1104
172.20.0.100 - - [14/Apr/2024:14:05:26 +0800] "POST /xingrg/kc/base/wldb_order_operate.html HTTP/1.1" 200 2352
124.78.56.241 - - [14/Apr/2024:14:05:26 +0800] "GET /xingrg/all/function/internal_message.html?_=1713074727221&CODE_STATE=getMsg HTTP/1.1" 200 27
116.235.94.6 - - [14/Apr/2024:14:05:29 +0800] "GET /xingrg/all/function/internal_message.html?_=1713074761969&CODE_STATE=getMsg HTTP/1.1" 200 27
221.239.169.251 - - [14/Apr/2024:14:05:31 +0800] "GET /xingrg/all/function/internal_message.html?_=1713074730156&CODE_STATE=getMsg HTTP/1.1" 200 27
221.239.169.251 - - [14/Apr/2024:14:05:32 +0800] "GET /xingrg/check_reg.html?_=1713074730907 HTTP/1.1" 200 22
116.230.109.19 - - [14/Apr/2024:14:05:33 +0800] "GET /xingrg/all/function/internal_message.html?_=1713074674851&CODE_STATE=getMsg HTTP/1.1" 200 27
114.83.217.203 - - [14/Apr/2024:14:05:35 +0800] "POST /xingrg/kc/base/wldb_order_operate.html HTTP/1.1" 200 37
114.83.217.203 - - [14/Apr/2024:14:05:36 +0800] "POST /xingrg/kc/base/wldb_order_operate.html HTTP/1.1" 200 5681
114.83.217.203 - - [14/Apr/2024:14:05:37 +0800] "GET /xingrg/kc/base/wldb_order_info.html?code=422024041400865 HTTP/1.1" 200 30403
114.83.217.203 - - [14/Apr/2024:14:05:37 +0800] "GET /xingrg/javascript/easyui/themes/default/validatebox.css HTTP/1.1" 404 1104
114.83.217.203 - - [14/Apr/2024:14:05:38 +0800] "POST /xingrg/kc/base/wldb_order_operate.html HTTP/1.1" 200 5681
114.83.217.203 - - [14/Apr/2024:14:05:40 +0800] "GET /xingrg/kc/base/wldb_order_add.html HTTP/1.1" 200 30388
114.83.217.203 - - [14/Apr/2024:14:05:40 +0800] "POST /xingrg/kc/base/wldb_order_operate.html HTTP/1.1" 200 6806
114.83.217.203 - - [14/Apr/2024:14:05:41 +0800] "GET /xingrg/javascript/easyui/themes/default/validatebox.css HTTP/1.1" 404 1104
114.83.217.203 - - [14/Apr/2024:14:05:41 +0800] "GET /xingrg/all/function/internal_message.html?_=1713074741435&CODE_STATE=getMsg HTTP/1.1" 200 27
116.230.109.19 - - [14/Apr/2024:14:05:48 +0800] "GET /xingrg/all/function/internal_message.html?_=1713074689727&CODE_STATE=getMsg HTTP/1.1" 200 27
116.230.109.19 - - [14/Apr/2024:14:05:49 +0800] "GET /xingrg/check_reg.html?_=1713074690472 HTTP/1.1" 200 22
114.83.217.203 - - [14/Apr/2024:14:05:53 +0800] "GET /xingrg/kc/base/wldb_order_operate.html?command=get_materiel&rest_code=00149&base_code=0010394&code=00101019438 HTTP/1.1" 200 462
114.83.217.203 - - [14/Apr/2024:14:05:59 +0800] "GET /xingrg/kc/base/wldb_order_operate.html?command=get_materiel&rest_code=00149&base_code=0010394&code=00101019390 HTTP/1.1" 200 470
101.83.144.49 - - [14/Apr/2024:14:06:01 +0800] "GET /xingrg/all/function/internal_message.html?_=1713074520470&CODE_STATE=getMsg HTTP/1.1" 200 27
180.164.1.25 - - [14/Apr/2024:14:06:02 +0800] "GET /xingrg/all/function/internal_message.html?_=1713074760890&CODE_STATE=getMsg HTTP/1.1" 200 27
116.230.109.19 - - [14/Apr/2024:14:06:02 +0800] "GET /xingrg/all/function/internal_message.html?_=1713074762519&CODE_STATE=getMsg HTTP/1.1" 200 27
114.83.217.203 - - [14/Apr/2024:14:06:03 +0800] "GET /xingrg/kc/base/wldb_order_operate.html?command=get_materiel&rest_code=00149&base_code=0010394&code=00101019376 HTTP/1.1" 200 476
114.83.217.203 - - [14/Apr/2024:14:06:06 +0800] "GET /xingrg/kc/base/wldb_order_operate.html?command=get_materiel&rest_code=00149&base_code=0010394&code=00101019079 HTTP/1.1" 200 479
114.83.217.203 - - [14/Apr/2024:14:06:09 +0800] "GET /xingrg/kc/base/wldb_order_operate.html?command=get_materiel&rest_code=00149&base_code=0010394&code=00101019127 HTTP/1.1" 200 480
116.237.76.76 - - [14/Apr/2024:14:06:11 +0800] "GET /xingrg/all/function/internal_message.html?_=1713074766811&CODE_STATE=getMsg HTTP/1.1" 200 27
180.169.147.146 - - [14/Apr/2024:14:06:13 +0800] "GET /xingrg/all/function/internal_message.html?_=1713074773051&CODE_STATE=getMsg HTTP/1.1" 200 27
114.95.153.66 - - [14/Apr/2024:14:06:13 +0800] "GET /xingrg/all/function/internal_message.html?_=1713074774648&CODE_STATE=getMsg HTTP/1.1" 200 27
172.20.0.100 - - [14/Apr/2024:14:06:17 +0800] "GET /xingrg/all/function/internal_message.html?_=1713074796243&CODE_STATE=getMsg HTTP/1.1" 200 27
114.85.37.96 - - [14/Apr/2024:14:06:19 +0800] "GET /xingrg/all/function/internal_message.html?_=1713073188285&CODE_STATE=getMsg HTTP/1.1" 200 27
116.224.254.208 - - [14/Apr/2024:14:06:22 +0800] "GET /xingrg/all/function/internal_message.html?_=1713074782047&CODE_STATE=getMsg HTTP/1.1" 200 27
116.230.109.19 - - [14/Apr/2024:14:06:22 +0800] "GET /xingrg/all/function/internal_message.html?_=1713074723687&CODE_STATE=getMsg HTTP/1.1" 200 27
124.78.56.241 - - [14/Apr/2024:14:06:26 +0800] "GET /xingrg/all/function/internal_message.html?_=1713074787186&CODE_STATE=getMsg HTTP/1.1" 200 27
116.235.94.6 - - [14/Apr/2024:14:06:29 +0800] "GET /xingrg/all/function/internal_message.html?_=1713074821951&CODE_STATE=getMsg HTTP/1.1" 200 27
221.239.169.251 - - [14/Apr/2024:14:06:31 +0800] "GET /xingrg/all/function/internal_message.html?_=1713074790139&CODE_STATE=getMsg HTTP/1.1" 200 27
116.230.109.19 - - [14/Apr/2024:14:06:33 +0800] "GET /xingrg/all/function/internal_message.html?_=1713074734860&CODE_STATE=getMsg HTTP/1.1" 200 27
116.230.109.19 - - [14/Apr/2024:14:06:33 +0800] "GET /xingrg/check_reg.html?_=1713074734862 HTTP/1.1" 200 22
114.83.217.203 - - [14/Apr/2024:14:06:39 +0800] "POST /xingrg/kc/base/wldb_order_operate.html HTTP/1.1" 200 37
114.83.217.203 - - [14/Apr/2024:14:06:40 +0800] "POST /xingrg/kc/base/wldb_order_operate.html HTTP/1.1" 200 5758
116.230.109.19 - - [14/Apr/2024:14:06:48 +0800] "GET /xingrg/all/function/internal_message.html?_=1713074749716&CODE_STATE=getMsg HTTP/1.1" 200 27
114.83.217.203 - - [14/Apr/2024:14:06:50 +0800] "GET /xingrg/kc/base/wldb_order_info.html?code=422024041400866 HTTP/1.1" 200 30403
114.83.217.203 - - [14/Apr/2024:14:06:51 +0800] "GET /xingrg/javascript/easyui/themes/default/validatebox.css HTTP/1.1" 404 1104
114.83.217.203 - - [14/Apr/2024:14:06:51 +0800] "POST /xingrg/kc/base/wldb_order_operate.html HTTP/1.1" 200 5758
101.83.144.49 - - [14/Apr/2024:14:07:01 +0800] "GET /xingrg/all/function/internal_message.html?_=1713074580471&CODE_STATE=getMsg HTTP/1.1" 200 27
180.164.1.25 - - [14/Apr/2024:14:07:02 +0800] "GET /xingrg/all/function/internal_message.html?_=1713074820867&CODE_STATE=getMsg HTTP/1.1" 200 27
116.230.109.19 - - [14/Apr/2024:14:07:02 +0800] "GET /xingrg/all/function/internal_message.html?_=1713074822507&CODE_STATE=getMsg HTTP/1.1" 200 27
116.237.76.76 - - [14/Apr/2024:14:07:11 +0800] "GET /xingrg/all/function/internal_message.html?_=1713074826812&CODE_STATE=getMsg HTTP/1.1" 200 27
180.164.1.25 - - [14/Apr/2024:14:07:12 +0800] "POST /xingrg/services/DataTransmitService HTTP/1.1" 200 524
180.169.147.146 - - [14/Apr/2024:14:07:13 +0800] "GET /xingrg/all/function/internal_message.html?_=1713074833075&CODE_STATE=getMsg HTTP/1.1" 200 27
114.95.153.66 - - [14/Apr/2024:14:07:13 +0800] "GET /xingrg/all/function/internal_message.html?_=1713074834641&CODE_STATE=getMsg HTTP/1.1" 200 27
172.20.0.100 - - [14/Apr/2024:14:07:15 +0800] "GET /xingrg/kc/base/wldb_order_add.html HTTP/1.1" 200 30343
172.20.0.100 - - [14/Apr/2024:14:07:15 +0800] "POST /xingrg/kc/base/wldb_order_operate.html HTTP/1.1" 200 6806
172.20.0.100 - - [14/Apr/2024:14:07:15 +0800] "GET /xingrg/javascript/easyui/themes/default/validatebox.css HTTP/1.1" 404 1104
172.20.0.100 - - [14/Apr/2024:14:07:17 +0800] "GET /xingrg/all/function/internal_message.html?_=1713074856242&CODE_STATE=getMsg HTTP/1.1" 200 27
172.20.0.100 - - [14/Apr/2024:14:07:17 +0800] "GET /xingrg/check_reg.html?_=1713074856243 HTTP/1.1" 200 22
180.164.1.25 - - [14/Apr/2024:14:07:18 +0800] "POST /xingrg/services/DataTransmitService HTTP/1.1" 200 501
180.164.1.25 - - [14/Apr/2024:14:07:18 +0800] "POST /xingrg/services/DataTransmitService HTTP/1.1" 200 501
114.85.37.96 - - [14/Apr/2024:14:07:19 +0800] "GET /xingrg/check_reg.html?_=1713073248290 HTTP/1.1" 200 22
114.85.37.96 - - [14/Apr/2024:14:07:19 +0800] "GET /xingrg/all/function/internal_message.html?_=1713073248293&CODE_STATE=getMsg HTTP/1.1" 200 27
180.164.1.25 - - [14/Apr/2024:14:07:21 +0800] "POST /xingrg/services/DataTransmitService HTTP/1.1" 200 501
116.224.254.208 - - [14/Apr/2024:14:07:22 +0800] "GET /xingrg/all/function/internal_message.html?_=1713074842044&CODE_STATE=getMsg HTTP/1.1" 200 27
116.230.109.19 - - [14/Apr/2024:14:07:22 +0800] "GET /xingrg/all/function/internal_message.html?_=1713074783679&CODE_STATE=getMsg HTTP/1.1" 200 27
180.164.1.25 - - [14/Apr/2024:14:07:23 +0800] "POST /xingrg/services/DataTransmitService HTTP/1.1" 200 501
180.164.1.25 - - [14/Apr/2024:14:07:24 +0800] "POST /xingrg/services/DataTransmitService HTTP/1.1" 200 501
180.164.1.25 - - [14/Apr/2024:14:07:25 +0800] "POST /xingrg/services/DataTransmitService HTTP/1.1" 200 501
180.164.1.25 - - [14/Apr/2024:14:07:26 +0800] "POST /xingrg/services/DataTransmitService HTTP/1.1" 200 501
180.164.1.25 - - [14/Apr/2024:14:07:26 +0800] "POST /xingrg/services/DataTransmitService HTTP/1.1" 200 501
124.78.56.241 - - [14/Apr/2024:14:07:26 +0800] "GET /xingrg/all/function/internal_message.html?_=1713074847151&CODE_STATE=getMsg HTTP/1.1" 200 27
180.164.1.25 - - [14/Apr/2024:14:07:26 +0800] "POST /xingrg/services/DataTransmitService HTTP/1.1" 200 412
116.235.94.6 - - [14/Apr/2024:14:07:29 +0800] "GET /xingrg/all/function/internal_message.html?_=1713074881925&CODE_STATE=getMsg HTTP/1.1" 200 27
221.239.169.251 - - [14/Apr/2024:14:07:31 +0800] "GET /xingrg/all/function/internal_message.html?_=1713074850123&CODE_STATE=getMsg HTTP/1.1" 200 27
116.230.109.19 - - [14/Apr/2024:14:07:33 +0800] "GET /xingrg/all/function/internal_message.html?_=1713074794848&CODE_STATE=getMsg HTTP/1.1" 200 27
172.20.0.100 - - [14/Apr/2024:14:07:38 +0800] "POST /xingrg/kc/base/wldb_list_operate.html HTTP/1.1" 200 211
114.83.217.203 - - [14/Apr/2024:14:07:41 +0800] "GET /xingrg/all/function/internal_message.html?_=1713074861454&CODE_STATE=getMsg HTTP/1.1" 200 27
116.230.109.19 - - [14/Apr/2024:14:07:48 +0800] "GET /xingrg/all/function/internal_message.html?_=1713074809702&CODE_STATE=getMsg HTTP/1.1" 200 27
222.69.135.125 - - [14/Apr/2024:14:07:51 +0800] "GET /xingrg/check_reg.html?_=1713074872754 HTTP/1.1" 200 22
114.83.217.203 - - [14/Apr/2024:14:07:53 +0800] "GET /xingrg/kc/base/wldb_order_add.html HTTP/1.1" 200 30388
114.83.217.203 - - [14/Apr/2024:14:07:54 +0800] "POST /xingrg/kc/base/wldb_order_operate.html HTTP/1.1" 200 6806
114.83.217.203 - - [14/Apr/2024:14:07:54 +0800] "GET /xingrg/javascript/easyui/themes/default/validatebox.css HTTP/1.1" 404 1104
101.83.144.49 - - [14/Apr/2024:14:08:01 +0800] "GET /xingrg/all/function/internal_message.html?_=1713074640470&CODE_STATE=getMsg HTTP/1.1" 200 27
180.164.1.25 - - [14/Apr/2024:14:08:02 +0800] "GET /xingrg/all/function/internal_message.html?_=1713074880849&CODE_STATE=getMsg HTTP/1.1" 200 27
116.230.109.19 - - [14/Apr/2024:14:08:02 +0800] "GET /xingrg/all/function/internal_message.html?_=1713074882491&CODE_STATE=getMsg HTTP/1.1" 200 27
114.83.217.203 - - [14/Apr/2024:14:08:02 +0800] "GET /xingrg/kc/base/wldb_order_operate.html?command=get_materiel&rest_code=00149&base_code=0010394&code=00101019306 HTTP/1.1" 200 479
114.83.217.203 - - [14/Apr/2024:14:08:06 +0800] "GET /xingrg/kc/base/wldb_order_operate.html?command=get_materiel&rest_code=00149&base_code=0010394&code=00101019133 HTTP/1.1" 200 480
116.237.76.76 - - [14/Apr/2024:14:08:11 +0800] "GET /xingrg/all/function/internal_message.html?_=1713074886798&CODE_STATE=getMsg HTTP/1.1" 200 27
114.83.217.203 - - [14/Apr/2024:14:08:11 +0800] "GET /xingrg/kc/base/wldb_order_operate.html?command=get_materiel&rest_code=00149&base_code=0010394&code=00101019283 HTTP/1.1" 200 465
180.169.147.146 - - [14/Apr/2024:14:08:13 +0800] "GET /xingrg/all/function/internal_message.html?_=1713074893059&CODE_STATE=getMsg HTTP/1.1" 200 27
114.95.153.66 - - [14/Apr/2024:14:08:13 +0800] "GET /xingrg/all/function/internal_message.html?_=1713074894645&CODE_STATE=getMsg HTTP/1.1" 200 27
114.95.153.66 - - [14/Apr/2024:14:08:13 +0800] "GET /xingrg/check_reg.html?_=1713074894648 HTTP/1.1" 200 22
172.20.0.100 - - [14/Apr/2024:14:08:17 +0800] "GET /xingrg/all/function/internal_message.html?_=1713074916253&CODE_STATE=getMsg HTTP/1.1" 200 27
114.85.37.96 - - [14/Apr/2024:14:08:19 +0800] "GET /xingrg/all/function/internal_message.html?_=1713073308289&CODE_STATE=getMsg HTTP/1.1" 200 27
116.224.254.208 - - [14/Apr/2024:14:08:22 +0800] "GET /xingrg/all/function/internal_message.html?_=1713074902048&CODE_STATE=getMsg HTTP/1.1" 200 27
116.230.109.19 - - [14/Apr/2024:14:08:22 +0800] "GET /xingrg/all/function/internal_message.html?_=1713074843680&CODE_STATE=getMsg HTTP/1.1" 200 27
124.78.56.241 - - [14/Apr/2024:14:08:26 +0800] "GET /xingrg/check_reg.html?_=1713074907111 HTTP/1.1" 200 22
124.78.56.241 - - [14/Apr/2024:14:08:26 +0800] "GET /xingrg/all/function/internal_message.html?_=1713074907122&CODE_STATE=getMsg HTTP/1.1" 200 27
116.235.94.6 - - [14/Apr/2024:14:08:29 +0800] "GET /xingrg/all/function/internal_message.html?_=1713074941905&CODE_STATE=getMsg HTTP/1.1" 200 27
221.239.169.251 - - [14/Apr/2024:14:08:31 +0800] "GET /xingrg/all/function/internal_message.html?_=1713074910114&CODE_STATE=getMsg HTTP/1.1" 200 27
116.235.94.6 - - [14/Apr/2024:14:08:32 +0800] "GET /xingrg/check_reg.html?_=1713074944308 HTTP/1.1" 200 22
116.230.109.19 - - [14/Apr/2024:14:08:33 +0800] "GET /xingrg/all/function/internal_message.html?_=1713074854852&CODE_STATE=getMsg HTTP/1.1" 200 27
114.83.217.203 - - [14/Apr/2024:14:08:41 +0800] "GET /xingrg/all/function/internal_message.html?_=1713074921443&CODE_STATE=getMsg HTTP/1.1" 200 27
116.230.109.19 - - [14/Apr/2024:14:08:47 +0800] "GET /xingrg/check_reg.html?_=1713074927564 HTTP/1.1" 200 22
116.230.109.19 - - [14/Apr/2024:14:08:48 +0800] "GET /xingrg/all/function/internal_message.html?_=1713074869682&CODE_STATE=getMsg HTTP/1.1" 200 27
180.163.28.180 - - [14/Apr/2024:14:08:50 +0800] "GET /xingrg/all/function/internal_message.html?_=1713073686792&CODE_STATE=getMsg HTTP/1.1" 302 -
180.163.28.180 - - [14/Apr/2024:14:08:50 +0800] "GET /xingrg/login.html HTTP/1.1" 200 7641
114.83.217.203 - - [14/Apr/2024:14:08:50 +0800] "POST /xingrg/kc/base/wldb_order_operate.html HTTP/1.1" 200 37
114.83.217.203 - - [14/Apr/2024:14:08:51 +0800] "POST /xingrg/kc/base/wldb_order_operate.html HTTP/1.1" 200 3726
114.83.217.203 - - [14/Apr/2024:14:08:53 +0800] "GET /xingrg/kc/base/wldb_order_info.html?code=422024041400867 HTTP/1.1" 200 30402
114.83.217.203 - - [14/Apr/2024:14:08:54 +0800] "GET /xingrg/javascript/easyui/themes/default/validatebox.css HTTP/1.1" 404 1104
114.83.217.203 - - [14/Apr/2024:14:08:54 +0800] "POST /xingrg/kc/base/wldb_order_operate.html HTTP/1.1" 200 3726
114.83.217.203 - - [14/Apr/2024:14:08:58 +0800] "GET /xingrg/kc/base/wldb_order_add.html HTTP/1.1" 200 30388
114.83.217.203 - - [14/Apr/2024:14:08:58 +0800] "POST /xingrg/kc/base/wldb_order_operate.html HTTP/1.1" 200 6806
114.83.217.203 - - [14/Apr/2024:14:08:59 +0800] "GET /xingrg/javascript/easyui/themes/default/validatebox.css HTTP/1.1" 404 1104
101.83.144.49 - - [14/Apr/2024:14:09:01 +0800] "GET /xingrg/all/function/internal_message.html?_=1713074700471&CODE_STATE=getMsg HTTP/1.1" 200 27
