116.224.254.208 - - [11/Apr/2024:09:03:08 +0800] "GET /xingrg/javascript/jquery_easy_ui/themes/icons/forms_new.png HTTP/1.1" 304 -
222.69.131.239 - - [11/Apr/2024:09:03:13 +0800] "GET /xingrg/all/function/internal_message.html?_=1712797394040&CODE_STATE=getMsg HTTP/1.1" 200 27
116.224.254.208 - - [11/Apr/2024:09:03:16 +0800] "GET /xingrg/kc/buy/cgsh_order_list.html HTTP/1.1" 200 58075
116.224.254.208 - - [11/Apr/2024:09:03:19 +0800] "POST /xingrg/kc/buy/cgsh_list_operate.html HTTP/1.1" 200 645
116.224.254.208 - - [11/Apr/2024:09:03:21 +0800] "GET /xingrg/kc/buy/cgsh_order_add.html HTTP/1.1" 200 73487
116.224.254.208 - - [11/Apr/2024:09:03:21 +0800] "POST /xingrg/kc/buy/cgsh_order_operate.html HTTP/1.1" 200 8245
116.224.254.208 - - [11/Apr/2024:09:03:21 +0800] "GET /xingrg/javascript/easyui/themes/default/validatebox.css HTTP/1.1" 404 1104
116.224.254.208 - - [11/Apr/2024:09:03:21 +0800] "GET /xingrg/all/common/auto_word.html?type=employee&rest_code=00151 HTTP/1.1" 200 293
116.224.254.208 - - [11/Apr/2024:09:03:21 +0800] "GET /xingrg/all/common/auto_word.html?type=employee&rest_code=00151 HTTP/1.1" 200 293
116.224.254.208 - - [11/Apr/2024:09:03:23 +0800] "GET /xingrg/javascript/auto/indicator.gif HTTP/1.1" 404 1066
101.83.144.49 - - [11/Apr/2024:09:03:25 +0800] "GET /xingrg/all/function/internal_message.html?_=1712797407330&CODE_STATE=getMsg HTTP/1.1" 200 27
222.70.183.82 - - [11/Apr/2024:09:03:25 +0800] "GET /xingrg/all/function/internal_message.html?_=1712797405102&CODE_STATE=getMsg HTTP/1.1" 200 27
222.70.183.82 - - [11/Apr/2024:09:03:27 +0800] "GET /xingrg/kc/buy/cgsh_order_add.html HTTP/1.1" 200 73839
222.70.183.82 - - [11/Apr/2024:09:03:27 +0800] "POST /xingrg/kc/buy/cgsh_order_operate.html HTTP/1.1" 200 8245
222.70.183.82 - - [11/Apr/2024:09:03:27 +0800] "GET /xingrg/javascript/easyui/themes/default/validatebox.css HTTP/1.1" 404 1104
221.239.169.251 - - [11/Apr/2024:09:03:42 +0800] "GET /xingrg/check_reg.html?_=1712797421701 HTTP/1.1" 200 22
116.224.254.208 - - [11/Apr/2024:09:03:43 +0800] "GET /xingrg/all/function/internal_message.html?_=1712797423560&CODE_STATE=getMsg HTTP/1.1" 200 27
116.224.254.208 - - [11/Apr/2024:09:03:43 +0800] "GET /xingrg/kc/buy/cgsh_order_operate.html?command=get_materiel&rest_code=00151&code=00101012061&supplier_code=00100096&order_time=2024-04-11 HTTP/1.1" 200 413
221.239.169.251 - - [11/Apr/2024:09:03:44 +0800] "GET /xingrg/all/function/internal_message.html?_=1712797423935&CODE_STATE=getMsg HTTP/1.1" 200 27
116.238.97.31 - - [11/Apr/2024:09:03:46 +0800] "GET /xingrg/check_reg.html?_=1712797426874 HTTP/1.1" 200 22
116.224.254.208 - - [11/Apr/2024:09:03:54 +0800] "GET /xingrg/kc/buy/cgsh_order_operate.html?command=get_materiel&rest_code=00151&code=00101012025&supplier_code=00100096&order_time=2024-04-11 HTTP/1.1" 200 414
124.78.56.241 - - [11/Apr/2024:09:03:56 +0800] "GET /xingrg/all/function/internal_message.html?_=1712797436365&CODE_STATE=getMsg HTTP/1.1" 200 27
120.253.135.82 - - [11/Apr/2024:09:04:01 +0800] "GET /xingrg/all/function/internal_message.html?_=1712797620042&CODE_STATE=getMsg HTTP/1.1" 200 27
172.20.0.8 - - [11/Apr/2024:09:04:01 +0800] "GET /xingrg/all/function/internal_message.html?_=1712797441540&CODE_STATE=getMsg HTTP/1.1" 302 -
222.70.183.82 - - [11/Apr/2024:09:04:04 +0800] "GET /xingrg/kc/buy/cgsh_order_operate.html?command=get_materiel&rest_code=00111&code=00101007022&supplier_code=00100096&order_time=2024-04-11 HTTP/1.1" 200 415
116.224.254.208 - - [11/Apr/2024:09:04:08 +0800] "GET /xingrg/all/function/internal_message.html?_=1712797448074&CODE_STATE=getMsg HTTP/1.1" 200 27
116.224.254.208 - - [11/Apr/2024:09:04:10 +0800] "GET /xingrg/kc/buy/cgsh_order_operate.html?command=get_materiel&rest_code=00151&code=00101012044&supplier_code=00100096&order_time=2024-04-11 HTTP/1.1" 200 408
222.69.131.239 - - [11/Apr/2024:09:04:13 +0800] "GET /xingrg/all/function/internal_message.html?_=1712797454038&CODE_STATE=getMsg HTTP/1.1" 200 27
222.70.183.82 - - [11/Apr/2024:09:04:21 +0800] "GET /xingrg/kc/buy/cgsh_order_operate.html?command=get_materiel&rest_code=00111&code=00101007075&supplier_code=00100096&order_time=2024-04-11 HTTP/1.1" 200 409
116.224.254.208 - - [11/Apr/2024:09:04:22 +0800] "GET /xingrg/kc/buy/cgsh_order_operate.html?command=get_materiel&rest_code=00151&code=00101012051&supplier_code=00100096&order_time=2024-04-11 HTTP/1.1" 200 408
101.83.144.49 - - [11/Apr/2024:09:04:25 +0800] "GET /xingrg/all/function/internal_message.html?_=1712797467303&CODE_STATE=getMsg HTTP/1.1" 200 27
222.70.183.82 - - [11/Apr/2024:09:04:25 +0800] "GET /xingrg/all/function/internal_message.html?_=1712797465073&CODE_STATE=getMsg HTTP/1.1" 200 27
222.70.183.82 - - [11/Apr/2024:09:04:34 +0800] "GET /xingrg/kc/buy/cgsh_order_operate.html?command=get_materiel&rest_code=00111&code=00101007085&supplier_code=00100096&order_time=2024-04-11 HTTP/1.1" 200 413
116.224.254.208 - - [11/Apr/2024:09:04:43 +0800] "GET /xingrg/all/function/internal_message.html?_=1712797483543&CODE_STATE=getMsg HTTP/1.1" 200 27
221.239.169.251 - - [11/Apr/2024:09:04:44 +0800] "GET /xingrg/all/function/internal_message.html?_=1712797483909&CODE_STATE=getMsg HTTP/1.1" 200 27
114.83.218.118 - - [11/Apr/2024:09:04:51 +0800] "GET /xingrg/login.html?sysBaseUrl=http%3A%2F%2F180.169.147.146%3A18081%2Fxingrg%2F&costTime=31×tamp=1615347190560 HTTP/1.1" 200 7641
114.83.218.118 - - [11/Apr/2024:09:04:51 +0800] "GET /favicon.ico HTTP/1.1" 404 -
101.83.144.49 - - [11/Apr/2024:09:04:52 +0800] "GET /xingrg/check_reg.html?_=1712797494766 HTTP/1.1" 200 22
114.83.218.118 - - [11/Apr/2024:09:04:53 +0800] "POST /xingrg/login.do HTTP/1.1" 302 -
114.83.218.118 - - [11/Apr/2024:09:04:54 +0800] "GET /xingrg/index.html?sysBaseUrl=http%3A%2F%2F180.169.147.146%3A18081%2Fxingrg%2F&costTime=832×tamp=1712797493929 HTTP/1.1" 200 17179
114.83.218.118 - - [11/Apr/2024:09:04:54 +0800] "GET /favicon.ico HTTP/1.1" 404 -
114.83.218.118 - - [11/Apr/2024:09:04:54 +0800] "POST /xingrg/all/common/load_tree.html?tree=area_rest_tree_json&manage=1 HTTP/1.1" 200 351
114.83.218.118 - - [11/Apr/2024:09:04:54 +0800] "GET /xingrg/all/function/internal_message.html?_=1712797493793&CODE_STATE=count HTTP/1.1" 200 11
114.83.218.118 - - [11/Apr/2024:09:04:54 +0800] "GET /xingrg/check_reg.html?_=1712797493793 HTTP/1.1" 200 22
114.83.218.118 - - [11/Apr/2024:09:04:54 +0800] "POST /xingrg/load_menu.html HTTP/1.1" 200 5138
101.80.230.31 - - [11/Apr/2024:09:04:55 +0800] "POST /xingrg/services/DataTransmitService HTTP/1.1" 200 524
124.78.56.241 - - [11/Apr/2024:09:04:56 +0800] "GET /xingrg/all/function/internal_message.html?_=1712797496357&CODE_STATE=getMsg HTTP/1.1" 200 27
222.70.183.82 - - [11/Apr/2024:09:04:58 +0800] "GET /xingrg/kc/buy/cgsh_order_operate.html?command=get_materiel&rest_code=00111&code=00101006128&supplier_code=00100096&order_time=2024-04-11 HTTP/1.1" 200 437
120.253.135.82 - - [11/Apr/2024:09:05:01 +0800] "GET /xingrg/all/function/internal_message.html?_=1712797680047&CODE_STATE=getMsg HTTP/1.1" 200 27
172.20.0.8 - - [11/Apr/2024:09:05:01 +0800] "GET /xingrg/all/function/internal_message.html?_=1712797501543&CODE_STATE=getMsg HTTP/1.1" 302 -
116.224.254.208 - - [11/Apr/2024:09:05:05 +0800] "GET /xingrg/kc/buy/cgsh_order_operate.html?command=get_materiel&rest_code=00151&code=00101001099&supplier_code=00100096&order_time=2024-04-11 HTTP/1.1" 200 409
116.224.254.208 - - [11/Apr/2024:09:05:08 +0800] "GET /xingrg/all/function/internal_message.html?_=1712797508076&CODE_STATE=getMsg HTTP/1.1" 200 27
114.83.218.118 - - [11/Apr/2024:09:05:10 +0800] "GET /xingrg/kc/buy/cgsh_order_list.html HTTP/1.1" 200 58077
114.83.218.118 - - [11/Apr/2024:09:05:13 +0800] "POST /xingrg/kc/buy/cgsh_list_operate.html HTTP/1.1" 200 645
222.69.131.239 - - [11/Apr/2024:09:05:13 +0800] "GET /xingrg/all/function/internal_message.html?_=1712797514039&CODE_STATE=getMsg HTTP/1.1" 200 27
222.69.131.239 - - [11/Apr/2024:09:05:13 +0800] "GET /xingrg/check_reg.html?_=1712797514042 HTTP/1.1" 200 22
222.70.183.82 - - [11/Apr/2024:09:05:18 +0800] "GET /xingrg/kc/buy/cgsh_order_operate.html?command=get_materiel&rest_code=00111&code=00101006111&supplier_code=00100096&order_time=2024-04-11 HTTP/1.1" 200 409
116.224.254.208 - - [11/Apr/2024:09:05:22 +0800] "GET /xingrg/kc/buy/cgsh_order_operate.html?command=get_materiel&rest_code=00151&code=00101012060&supplier_code=00100096&order_time=2024-04-11 HTTP/1.1" 200 408
116.235.94.6 - - [11/Apr/2024:09:05:24 +0800] "POST /xingrg/services/DataTransmitService HTTP/1.1" 200 524
101.83.144.49 - - [11/Apr/2024:09:05:25 +0800] "GET /xingrg/all/function/internal_message.html?_=1712797527277&CODE_STATE=getMsg HTTP/1.1" 200 27
222.70.183.82 - - [11/Apr/2024:09:05:25 +0800] "GET /xingrg/all/function/internal_message.html?_=1712797525059&CODE_STATE=getMsg HTTP/1.1" 200 27
101.83.144.49 - - [11/Apr/2024:09:05:28 +0800] "POST /xingrg/kc/buy/cgsh_order_operate.html HTTP/1.1" 200 37
116.224.254.208 - - [11/Apr/2024:09:05:30 +0800] "GET /xingrg/kc/buy/cgsh_order_operate.html?command=get_materiel&rest_code=00151&code=00101016025&supplier_code=00100096&order_time=2024-04-11 HTTP/1.1" 200 408
101.83.144.49 - - [11/Apr/2024:09:05:30 +0800] "POST /xingrg/kc/buy/cgsh_order_operate.html HTTP/1.1" 200 30453
222.70.183.82 - - [11/Apr/2024:09:05:35 +0800] "GET /xingrg/kc/buy/cgsh_order_operate.html?command=get_materiel&rest_code=00111&code=00101006065&supplier_code=00100096&order_time=2024-04-11 HTTP/1.1" 200 409
116.224.254.208 - - [11/Apr/2024:09:05:41 +0800] "GET /xingrg/kc/buy/cgsh_order_operate.html?command=get_materiel&rest_code=00151&code=00101012039&supplier_code=00100096&order_time=2024-04-11 HTTP/1.1" 200 408
116.224.254.208 - - [11/Apr/2024:09:05:43 +0800] "GET /xingrg/all/function/internal_message.html?_=1712797543524&CODE_STATE=getMsg HTTP/1.1" 200 27
221.239.169.251 - - [11/Apr/2024:09:05:44 +0800] "GET /xingrg/all/function/internal_message.html?_=1712797543894&CODE_STATE=getMsg HTTP/1.1" 200 27
114.83.218.118 - - [11/Apr/2024:09:05:54 +0800] "GET /xingrg/all/function/internal_message.html?_=1712797553801&CODE_STATE=getMsg HTTP/1.1" 200 27
124.78.56.241 - - [11/Apr/2024:09:05:56 +0800] "GET /xingrg/all/function/internal_message.html?_=1712797556363&CODE_STATE=getMsg HTTP/1.1" 200 27
124.78.56.241 - - [11/Apr/2024:09:05:56 +0800] "GET /xingrg/check_reg.html?_=1712797556366 HTTP/1.1" 200 22
116.224.254.208 - - [11/Apr/2024:09:05:56 +0800] "GET /xingrg/kc/buy/cgsh_order_operate.html?command=get_materiel&rest_code=00151&code=00101016051&supplier_code=00100096&order_time=2024-04-11 HTTP/1.1" 200 408
172.20.0.8 - - [11/Apr/2024:09:06:01 +0800] "GET /xingrg/all/function/internal_message.html?_=1712797561533&CODE_STATE=getMsg HTTP/1.1" 302 -
172.20.0.8 - - [11/Apr/2024:09:06:01 +0800] "GET /xingrg/check_reg.html?_=1712797561530 HTTP/1.1" 302 -
120.253.135.82 - - [11/Apr/2024:09:06:01 +0800] "GET /xingrg/all/function/internal_message.html?_=1712797740052&CODE_STATE=getMsg HTTP/1.1" 200 27
114.83.218.118 - - [11/Apr/2024:09:06:02 +0800] "GET /xingrg/kc/buy/cgsh_order_add.html HTTP/1.1" 200 73971
222.70.183.82 - - [11/Apr/2024:09:06:02 +0800] "POST /xingrg/kc/buy/cgsh_order_operate.html HTTP/1.1" 200 37
116.224.254.208 - - [11/Apr/2024:09:06:08 +0800] "GET /xingrg/all/function/internal_message.html?_=1712797568091&CODE_STATE=getMsg HTTP/1.1" 200 27
116.224.254.208 - - [11/Apr/2024:09:06:12 +0800] "GET /xingrg/kc/buy/cgsh_order_operate.html?command=get_materiel&rest_code=00151&code=00101010711&supplier_code=00100096&order_time=2024-04-11 HTTP/1.1" 200 407
222.69.131.239 - - [11/Apr/2024:09:06:13 +0800] "GET /xingrg/all/function/internal_message.html?_=1712797574033&CODE_STATE=getMsg HTTP/1.1" 200 27
114.83.218.118 - - [11/Apr/2024:09:06:14 +0800] "GET /xingrg/kc/buy/cgsh_order_list.html HTTP/1.1" 200 58077
114.83.218.118 - - [11/Apr/2024:09:06:14 +0800] "GET /xingrg/words/20240410095414_words.js HTTP/1.1" 200 1017498
114.83.218.118 - - [11/Apr/2024:09:06:15 +0800] "POST /xingrg/kc/buy/cgsh_order_operate.html HTTP/1.1" 200 8245
114.83.218.118 - - [11/Apr/2024:09:06:15 +0800] "GET /xingrg/javascript/easyui/themes/default/validatebox.css HTTP/1.1" 404 1104
114.83.218.118 - - [11/Apr/2024:09:06:15 +0800] "GET /xingrg/all/common/auto_word.html?type=employee&rest_code=00149 HTTP/1.1" 200 147
114.83.218.118 - - [11/Apr/2024:09:06:15 +0800] "GET /xingrg/all/common/auto_word.html?type=employee&rest_code=00149 HTTP/1.1" 200 147
222.70.183.82 - - [11/Apr/2024:09:06:19 +0800] "POST /xingrg/kc/buy/cgsh_order_operate.html HTTP/1.1" 200 12
114.83.218.118 - - [11/Apr/2024:09:06:22 +0800] "POST /xingrg/kc/buy/cgsh_list_operate.html HTTP/1.1" 200 645
101.83.144.49 - - [11/Apr/2024:09:06:25 +0800] "GET /xingrg/all/function/internal_message.html?_=1712797587292&CODE_STATE=getMsg HTTP/1.1" 200 27
116.224.254.208 - - [11/Apr/2024:09:06:27 +0800] "GET /xingrg/kc/buy/cgsh_order_operate.html?command=get_materiel&rest_code=00151&code=00101006057&supplier_code=00100096&order_time=2024-04-11 HTTP/1.1" 200 413
222.70.183.82 - - [11/Apr/2024:09:06:28 +0800] "GET /xingrg/kc/buy/cgsh_order_info.html?code=212024041102513 HTTP/1.1" 200 68701
222.70.183.82 - - [11/Apr/2024:09:06:28 +0800] "GET /xingrg/javascript/easyui/themes/default/validatebox.css HTTP/1.1" 404 1104
222.70.183.82 - - [11/Apr/2024:09:06:30 +0800] "POST /xingrg/kc/buy/cgsh_order_operate.html HTTP/1.1" 200 3588
222.70.183.82 - - [11/Apr/2024:09:06:33 +0800] "GET /xingrg/kc/print/load_data.html?order_code=212024041102513&kc_code=cgsh&condition= HTTP/1.1" 200 1817
116.224.254.208 - - [11/Apr/2024:09:06:40 +0800] "GET /xingrg/kc/buy/cgsh_order_operate.html?command=get_materiel&rest_code=00151&code=00101006006&supplier_code=00100096&order_time=2024-04-11 HTTP/1.1" 200 408
116.224.254.208 - - [11/Apr/2024:09:06:40 +0800] "GET /xingrg/check_reg.html?_=1712797600410 HTTP/1.1" 200 22
116.224.254.208 - - [11/Apr/2024:09:06:43 +0800] "GET /xingrg/all/function/internal_message.html?_=1712797603525&CODE_STATE=getMsg HTTP/1.1" 200 27
221.239.169.251 - - [11/Apr/2024:09:06:44 +0800] "GET /xingrg/all/function/internal_message.html?_=1712797603879&CODE_STATE=getMsg HTTP/1.1" 200 27
114.83.218.118 - - [11/Apr/2024:09:06:54 +0800] "GET /xingrg/all/function/internal_message.html?_=1712797613808&CODE_STATE=getMsg HTTP/1.1" 200 27
124.78.56.241 - - [11/Apr/2024:09:06:56 +0800] "GET /xingrg/all/function/internal_message.html?_=1712797616359&CODE_STATE=getMsg HTTP/1.1" 200 27
120.253.135.82 - - [11/Apr/2024:09:07:01 +0800] "GET /xingrg/all/function/internal_message.html?_=1712797800056&CODE_STATE=getMsg HTTP/1.1" 200 27
172.20.0.8 - - [11/Apr/2024:09:07:01 +0800] "GET /xingrg/all/function/internal_message.html?_=1712797621534&CODE_STATE=getMsg HTTP/1.1" 302 -
120.253.135.82 - - [11/Apr/2024:09:07:01 +0800] "GET /xingrg/check_reg.html?_=1712797800057 HTTP/1.1" 200 22
114.83.218.118 - - [11/Apr/2024:09:07:02 +0800] "GET /xingrg/kc/buy/cgsh_order_add.html HTTP/1.1" 200 73971
114.83.218.118 - - [11/Apr/2024:09:07:02 +0800] "POST /xingrg/kc/buy/cgsh_order_operate.html HTTP/1.1" 200 8245
114.83.218.118 - - [11/Apr/2024:09:07:02 +0800] "GET /xingrg/javascript/easyui/themes/default/validatebox.css HTTP/1.1" 404 1104
218.81.216.77 - - [11/Apr/2024:09:07:06 +0800] "GET /xingrg/check_reg.html?_=1712797626064 HTTP/1.1" 200 22
116.224.254.208 - - [11/Apr/2024:09:07:08 +0800] "GET /xingrg/all/function/internal_message.html?_=1712797628082&CODE_STATE=getMsg HTTP/1.1" 200 27
222.69.131.239 - - [11/Apr/2024:09:07:13 +0800] "GET /xingrg/all/function/internal_message.html?_=1712797634039&CODE_STATE=getMsg HTTP/1.1" 200 27
114.83.218.118 - - [11/Apr/2024:09:07:13 +0800] "GET /xingrg/javascript/auto/indicator.gif HTTP/1.1" 404 1066
114.83.218.118 - - [11/Apr/2024:09:07:14 +0800] "GET /xingrg/javascript/jquery_tools/images/prev.gif HTTP/1.1" 404 1086
114.83.218.118 - - [11/Apr/2024:09:07:14 +0800] "GET /xingrg/javascript/jquery_tools/images/next.gif HTTP/1.1" 404 1086
101.83.144.49 - - [11/Apr/2024:09:07:25 +0800] "GET /xingrg/all/function/internal_message.html?_=1712797647233&CODE_STATE=getMsg HTTP/1.1" 200 27
222.70.183.82 - - [11/Apr/2024:09:07:25 +0800] "GET /xingrg/all/function/internal_message.html?_=1712797645066&CODE_STATE=getMsg HTTP/1.1" 200 27
114.83.218.118 - - [11/Apr/2024:09:07:26 +0800] "GET /xingrg/kc/buy/cgsh_order_operate.html?command=get_materiel&rest_code=00149&code=00101008091&supplier_code=00100008&order_time=2024-04-11 HTTP/1.1" 200 412
116.224.254.208 - - [11/Apr/2024:09:07:37 +0800] "POST /xingrg/kc/buy/cgsh_order_operate.html HTTP/1.1" 200 37
116.224.254.208 - - [11/Apr/2024:09:07:41 +0800] "POST /xingrg/kc/buy/cgsh_order_operate.html HTTP/1.1" 200 9255
116.224.254.208 - - [11/Apr/2024:09:07:43 +0800] "GET /xingrg/all/function/internal_message.html?_=1712797663524&CODE_STATE=getMsg HTTP/1.1" 200 27
221.239.169.251 - - [11/Apr/2024:09:07:44 +0800] "GET /xingrg/all/function/internal_message.html?_=1712797663863&CODE_STATE=getMsg HTTP/1.1" 200 27
222.70.183.82 - - [11/Apr/2024:09:07:47 +0800] "GET /xingrg/check_reg.html?_=1712797666705 HTTP/1.1" 200 22
114.83.218.118 - - [11/Apr/2024:09:07:54 +0800] "GET /xingrg/all/function/internal_message.html?_=1712797673807&CODE_STATE=getMsg HTTP/1.1" 200 27
124.78.56.241 - - [11/Apr/2024:09:07:56 +0800] "GET /xingrg/all/function/internal_message.html?_=1712797676375&CODE_STATE=getMsg HTTP/1.1" 200 27
120.253.135.82 - - [11/Apr/2024:09:08:01 +0800] "GET /xingrg/all/function/internal_message.html?_=1712797860062&CODE_STATE=getMsg HTTP/1.1" 200 27
172.20.0.8 - - [11/Apr/2024:09:08:01 +0800] "GET /xingrg/all/function/internal_message.html?_=1712797681538&CODE_STATE=getMsg HTTP/1.1" 302 -
116.224.254.208 - - [11/Apr/2024:09:08:08 +0800] "GET /xingrg/check_reg.html?_=1712797688084 HTTP/1.1" 200 22
116.224.254.208 - - [11/Apr/2024:09:08:08 +0800] "GET /xingrg/all/function/internal_message.html?_=1712797688087&CODE_STATE=getMsg HTTP/1.1" 200 27
222.69.131.239 - - [11/Apr/2024:09:08:13 +0800] "GET /xingrg/all/function/internal_message.html?_=1712797694041&CODE_STATE=getMsg HTTP/1.1" 200 27
114.83.218.118 - - [11/Apr/2024:09:08:17 +0800] "GET /xingrg/kc/buy/cgsh_order_operate.html?command=get_materiel&rest_code=00149&code=00101008080&supplier_code=00100008&order_time=2024-04-11 HTTP/1.1" 200 416
124.78.153.147 - - [11/Apr/2024:09:08:24 +0800] "GET /xingrg/login.html HTTP/1.1" 200 7641
101.83.144.49 - - [11/Apr/2024:09:08:25 +0800] "GET /xingrg/all/function/internal_message.html?_=1712797707210&CODE_STATE=getMsg HTTP/1.1" 200 27
222.70.183.82 - - [11/Apr/2024:09:08:25 +0800] "GET /xingrg/all/function/internal_message.html?_=1712797705037&CODE_STATE=getMsg HTTP/1.1" 200 27
124.78.153.147 - - [11/Apr/2024:09:08:28 +0800] "GET /favicon.ico HTTP/1.1" 404 -
114.83.218.118 - - [11/Apr/2024:09:08:28 +0800] "GET /xingrg/kc/buy/cgsh_order_operate.html?command=get_materiel&rest_code=00149&code=00101010168&supplier_code=00100008&order_time=2024-04-11 HTTP/1.1" 200 413
124.78.153.147 - - [11/Apr/2024:09:08:31 +0800] "POST /xingrg/login.do HTTP/1.1" 302 -
124.78.153.147 - - [11/Apr/2024:09:08:31 +0800] "GET /xingrg/index.html?sysBaseUrl=http%3A%2F%2F180.169.147.146%3A18081%2Fxingrg%2F&costTime=1267×tamp=1712797711723 HTTP/1.1" 200 17173
124.78.153.147 - - [11/Apr/2024:09:08:34 +0800] "POST /xingrg/all/common/load_tree.html?tree=area_rest_tree_json&manage=1 HTTP/1.1" 200 342
124.78.153.147 - - [11/Apr/2024:09:08:34 +0800] "GET /xingrg/check_reg.html?_=1712797712358 HTTP/1.1" 200 22
124.78.153.147 - - [11/Apr/2024:09:08:34 +0800] "GET /xingrg/all/function/internal_message.html?_=1712797712357&CODE_STATE=count HTTP/1.1" 200 11
124.78.153.147 - - [11/Apr/2024:09:08:35 +0800] "GET /favicon.ico HTTP/1.1" 404 -
124.78.153.147 - - [11/Apr/2024:09:08:35 +0800] "POST /xingrg/load_menu.html HTTP/1.1" 200 5138
116.224.254.208 - - [11/Apr/2024:09:08:36 +0800] "POST /xingrg/kc/buy/cgsh_order_operate.html HTTP/1.1" 200 37
114.83.218.118 - - [11/Apr/2024:09:08:39 +0800] "GET /xingrg/kc/buy/cgsh_order_operate.html?command=get_materiel&rest_code=00149&code=00101008740&supplier_code=00100008&order_time=2024-04-11 HTTP/1.1" 200 413
124.78.153.147 - - [11/Apr/2024:09:08:41 +0800] "GET /xingrg/kc/buy/buy_main.html HTTP/1.1" 200 12412
124.78.153.147 - - [11/Apr/2024:09:08:41 +0800] "GET /xingrg/css/new_ie.css HTTP/1.1" 404 1036
221.239.169.251 - - [11/Apr/2024:09:08:42 +0800] "GET /xingrg/check_reg.html?_=1712797721694 HTTP/1.1" 200 22
116.224.254.208 - - [11/Apr/2024:09:08:43 +0800] "GET /xingrg/all/function/internal_message.html?_=1712797723560&CODE_STATE=getMsg HTTP/1.1" 200 27
221.239.169.251 - - [11/Apr/2024:09:08:44 +0800] "GET /xingrg/all/function/internal_message.html?_=1712797723840&CODE_STATE=getMsg HTTP/1.1" 200 27
116.224.254.208 - - [11/Apr/2024:09:08:44 +0800] "POST /xingrg/kc/buy/cgsh_order_operate.html HTTP/1.1" 200 12
124.78.153.147 - - [11/Apr/2024:09:08:45 +0800] "GET /xingrg/images/yd/bt.gif HTTP/1.1" 404 1040
124.78.153.147 - - [11/Apr/2024:09:08:46 +0800] "GET /xingrg/kc/buy/cgsh_order_list.html HTTP/1.1" 200 58071
116.238.97.31 - - [11/Apr/2024:09:08:46 +0800] "GET /xingrg/check_reg.html?_=1712797726863 HTTP/1.1" 200 22
116.224.254.208 - - [11/Apr/2024:09:08:48 +0800] "GET /xingrg/kc/buy/cgsh_order_info.html?code=212024041102514 HTTP/1.1" 200 68359
116.224.254.208 - - [11/Apr/2024:09:08:48 +0800] "GET /xingrg/javascript/easyui/themes/default/validatebox.css HTTP/1.1" 404 1104
116.224.254.208 - - [11/Apr/2024:09:08:49 +0800] "POST /xingrg/kc/buy/cgsh_order_operate.html HTTP/1.1" 200 7180
124.78.153.147 - - [11/Apr/2024:09:08:51 +0800] "POST /xingrg/kc/buy/cgsh_list_operate.html HTTP/1.1" 200 645
116.224.254.208 - - [11/Apr/2024:09:08:53 +0800] "GET /xingrg/kc/print/load_data.html?order_code=212024041102514&kc_code=cgsh&condition= HTTP/1.1" 200 3233
114.83.218.118 - - [11/Apr/2024:09:08:54 +0800] "GET /xingrg/kc/buy/cgsh_order_operate.html?command=get_materiel&rest_code=00149&code=00101008041&supplier_code=00100008&order_time=2024-04-11 HTTP/1.1" 200 408
114.83.218.118 - - [11/Apr/2024:09:08:54 +0800] "GET /xingrg/all/function/internal_message.html?_=1712797733810&CODE_STATE=getMsg HTTP/1.1" 200 27
124.78.153.147 - - [11/Apr/2024:09:08:55 +0800] "GET /xingrg/kc/buy/cgsh_order_add.html HTTP/1.1" 200 73883
124.78.153.147 - - [11/Apr/2024:09:08:55 +0800] "GET /xingrg/words/20240410095414_words.js HTTP/1.1" 304 -
124.78.153.147 - - [11/Apr/2024:09:08:55 +0800] "POST /xingrg/kc/buy/cgsh_order_operate.html HTTP/1.1" 200 8245
124.78.153.147 - - [11/Apr/2024:09:08:56 +0800] "GET /xingrg/javascript/easyui/themes/default/validatebox.css HTTP/1.1" 404 1104
124.78.153.147 - - [11/Apr/2024:09:08:56 +0800] "GET /xingrg/all/common/auto_word.html?type=employee&rest_code=00106 HTTP/1.1" 200 205
124.78.153.147 - - [11/Apr/2024:09:08:56 +0800] "GET /xingrg/all/common/auto_word.html?type=employee&rest_code=00106 HTTP/1.1" 200 205
124.78.56.241 - - [11/Apr/2024:09:08:56 +0800] "GET /xingrg/all/function/internal_message.html?_=1712797736370&CODE_STATE=getMsg HTTP/1.1" 200 27
124.78.153.147 - - [11/Apr/2024:09:09:00 +0800] "GET /xingrg/javascript/easyui/themes/default/tree.css HTTP/1.1" 404 1090
120.253.135.82 - - [11/Apr/2024:09:09:01 +0800] "GET /xingrg/all/function/internal_message.html?_=1712797920067&CODE_STATE=getMsg HTTP/1.1" 200 27
172.20.0.8 - - [11/Apr/2024:09:09:01 +0800] "GET /xingrg/all/function/internal_message.html?_=1712797741542&CODE_STATE=getMsg HTTP/1.1" 302 -
124.78.153.147 - - [11/Apr/2024:09:09:01 +0800] "POST /xingrg/all/common/load_tree.html?tree=supplier_tree_json&isDelete=1 HTTP/1.1" 200 79163
116.224.254.208 - - [11/Apr/2024:09:09:07 +0800] "GET /xingrg/kc/buy/cgsh_order_add.html HTTP/1.1" 200 73487
116.224.254.208 - - [11/Apr/2024:09:09:07 +0800] "POST /xingrg/kc/buy/cgsh_order_operate.html HTTP/1.1" 200 8245
116.224.254.208 - - [11/Apr/2024:09:09:07 +0800] "GET /xingrg/javascript/easyui/themes/default/validatebox.css HTTP/1.1" 404 1104
116.224.254.208 - - [11/Apr/2024:09:09:08 +0800] "GET /xingrg/all/function/internal_message.html?_=1712797748109&CODE_STATE=getMsg HTTP/1.1" 200 27
114.83.218.118 - - [11/Apr/2024:09:09:08 +0800] "GET /xingrg/kc/buy/cgsh_order_operate.html?command=get_materiel&rest_code=00149&code=00101008338&supplier_code=00100008&order_time=2024-04-11 HTTP/1.1" 200 408
222.69.131.239 - - [11/Apr/2024:09:09:13 +0800] "GET /xingrg/all/function/internal_message.html?_=1712797754049&CODE_STATE=getMsg HTTP/1.1" 200 27
116.224.254.208 - - [11/Apr/2024:09:09:20 +0800] "GET /xingrg/kc/buy/cgsh_order_operate.html?command=get_materiel&rest_code=00151&code=00101008323&supplier_code=00100096&order_time=2024-04-11 HTTP/1.1" 200 408
124.78.153.147 - - [11/Apr/2024:09:09:21 +0800] "GET /xingrg/javascript/auto/indicator.gif HTTP/1.1" 404 1066
114.83.218.118 - - [11/Apr/2024:09:09:24 +0800] "GET /xingrg/kc/buy/cgsh_order_operate.html?command=get_materiel&rest_code=00149&code=00101008358&supplier_code=00100008&order_time=2024-04-11 HTTP/1.1" 200 412
101.83.144.49 - - [11/Apr/2024:09:09:25 +0800] "GET /xingrg/all/function/internal_message.html?_=1712797767190&CODE_STATE=getMsg HTTP/1.1" 200 27
222.70.183.82 - - [11/Apr/2024:09:09:25 +0800] "GET /xingrg/all/function/internal_message.html?_=1712797765023&CODE_STATE=getMsg HTTP/1.1" 200 27
124.78.153.147 - - [11/Apr/2024:09:09:29 +0800] "GET /xingrg/kc/buy/cgsh_order_operate.html?command=get_materiel&rest_code=00106&code=00101008147&supplier_code=00100009&order_time=2024-04-11 HTTP/1.1" 200 416
116.224.254.208 - - [11/Apr/2024:09:09:33 +0800] "GET /xingrg/kc/buy/cgsh_order_operate.html?command=get_materiel&rest_code=00151&code=00101008095&supplier_code=00100096&order_time=2024-04-11 HTTP/1.1" 200 412
124.78.153.147 - - [11/Apr/2024:09:09:34 +0800] "GET /xingrg/all/function/internal_message.html?_=1712797772367&CODE_STATE=getMsg HTTP/1.1" 200 27
114.83.218.118 - - [11/Apr/2024:09:09:35 +0800] "GET /xingrg/kc/buy/cgsh_order_operate.html?command=get_materiel&rest_code=00149&code=00101008038&supplier_code=00100008&order_time=2024-04-11 HTTP/1.1" 200 412
116.224.254.208 - - [11/Apr/2024:09:09:43 +0800] "GET /xingrg/all/function/internal_message.html?_=1712797783564&CODE_STATE=getMsg HTTP/1.1" 200 27
116.224.254.208 - - [11/Apr/2024:09:09:44 +0800] "GET /xingrg/kc/buy/cgsh_order_operate.html?command=get_materiel&rest_code=00151&code=00101008110&supplier_code=00100096&order_time=2024-04-11 HTTP/1.1" 200 408
221.239.169.251 - - [11/Apr/2024:09:09:44 +0800] "GET /xingrg/all/function/internal_message.html?_=1712797783811&CODE_STATE=getMsg HTTP/1.1" 200 27
114.83.218.118 - - [11/Apr/2024:09:09:46 +0800] "GET /xingrg/kc/buy/cgsh_order_operate.html?command=get_materiel&rest_code=00149&code=00101008283&supplier_code=00100008&order_time=2024-04-11 HTTP/1.1" 200 408
124.78.153.147 - - [11/Apr/2024:09:09:52 +0800] "POST /xingrg/kc/buy/cgsh_order_operate.html HTTP/1.1" 200 37
101.83.144.49 - - [11/Apr/2024:09:09:52 +0800] "GET /xingrg/check_reg.html?_=1712797794744 HTTP/1.1" 200 22
114.83.218.118 - - [11/Apr/2024:09:09:54 +0800] "GET /xingrg/check_reg.html?_=1712797793807 HTTP/1.1" 200 22
114.83.218.118 - - [11/Apr/2024:09:09:54 +0800] "GET /xingrg/all/function/internal_message.html?_=1712797793810&CODE_STATE=getMsg HTTP/1.1" 200 27
116.224.254.208 - - [11/Apr/2024:09:09:55 +0800] "GET /xingrg/kc/buy/cgsh_order_operate.html?command=get_materiel&rest_code=00151&code=00101008221&supplier_code=00100096&order_time=2024-04-11 HTTP/1.1" 200 412
124.78.56.241 - - [11/Apr/2024:09:09:56 +0800] "GET /xingrg/all/function/internal_message.html?_=1712797796372&CODE_STATE=getMsg HTTP/1.1" 200 27
114.83.218.118 - - [11/Apr/2024:09:09:59 +0800] "GET /xingrg/kc/buy/cgsh_order_operate.html?command=get_materiel&rest_code=00149&code=00101008264&supplier_code=00100008&order_time=2024-04-11 HTTP/1.1" 200 431
172.20.0.8 - - [11/Apr/2024:09:10:01 +0800] "GET /xingrg/all/function/internal_message.html?_=1712797801529&CODE_STATE=getMsg HTTP/1.1" 302 -
120.253.135.82 - - [11/Apr/2024:09:10:01 +0800] "GET /xingrg/all/function/internal_message.html?_=1712797980073&CODE_STATE=getMsg HTTP/1.1" 200 27
124.78.153.147 - - [11/Apr/2024:09:10:03 +0800] "POST /xingrg/kc/buy/cgsh_order_operate.html HTTP/1.1" 200 12
116.224.254.208 - - [11/Apr/2024:09:10:05 +0800] "GET /xingrg/kc/buy/cgsh_order_operate.html?command=get_materiel&rest_code=00151&code=00101008283&supplier_code=00100096&order_time=2024-04-11 HTTP/1.1" 200 408
124.78.153.147 - - [11/Apr/2024:09:10:06 +0800] "GET /xingrg/kc/buy/cgsh_order_info.html?code=212024041102515 HTTP/1.1" 200 68761
124.78.153.147 - - [11/Apr/2024:09:10:07 +0800] "GET /xingrg/javascript/easyui/themes/default/validatebox.css HTTP/1.1" 404 1104
116.224.254.208 - - [11/Apr/2024:09:10:08 +0800] "GET /xingrg/all/function/internal_message.html?_=1712797808116&CODE_STATE=getMsg HTTP/1.1" 200 27
124.78.153.147 - - [11/Apr/2024:09:10:08 +0800] "POST /xingrg/kc/buy/cgsh_order_operate.html HTTP/1.1" 200 610
114.83.218.118 - - [11/Apr/2024:09:10:10 +0800] "GET /xingrg/kc/buy/cgsh_order_operate.html?command=get_materiel&rest_code=00149&code=00101008069&supplier_code=00100008&order_time=2024-04-11 HTTP/1.1" 200 412
222.69.131.239 - - [11/Apr/2024:09:10:13 +0800] "GET /xingrg/check_reg.html?_=1712797814035 HTTP/1.1" 200 22
222.69.131.239 - - [11/Apr/2024:09:10:13 +0800] "GET /xingrg/all/function/internal_message.html?_=1712797814038&CODE_STATE=getMsg HTTP/1.1" 200 27
116.224.254.208 - - [11/Apr/2024:09:10:17 +0800] "GET /xingrg/kc/buy/cgsh_order_operate.html?command=get_materiel&rest_code=00151&code=00101008353&supplier_code=00100096&order_time=2024-04-11 HTTP/1.1" 200 408
222.70.183.82 - - [11/Apr/2024:09:10:18 +0800] "GET /xingrg/kc/report/report_main.html HTTP/1.1" 200 7340
222.70.183.82 - - [11/Apr/2024:09:10:20 +0800] "GET /xingrg/all/report/report_query.html?fileName=kc/buy/gys_amount.xml&rh=99999 HTTP/1.1" 200 52006
222.70.183.82 - - [11/Apr/2024:09:10:20 +0800] "GET /xingrg/dwr/interface/AjaxReportQueryService.js HTTP/1.1" 200 13203
222.70.183.82 - - [11/Apr/2024:09:10:20 +0800] "GET /xingrg/dwr/util.js HTTP/1.1" 304 -
222.70.183.82 - - [11/Apr/2024:09:10:20 +0800] "GET /xingrg/dwr/engine.js HTTP/1.1" 200 43631
222.70.183.82 - - [11/Apr/2024:09:10:21 +0800] "POST /xingrg/dwr/call/plaincall/AjaxReportQueryService.getFixDate.dwr HTTP/1.1" 200 111
222.70.183.82 - - [11/Apr/2024:09:10:21 +0800] "POST /xingrg/dwr/call/plaincall/AjaxReportQueryService.getInitString.dwr HTTP/1.1" 200 1002
222.70.183.82 - - [11/Apr/2024:09:10:21 +0800] "POST /xingrg/all/common/load_tree.html?tree=materiel_sort_tree_json HTTP/1.1" 200 9734
222.70.183.82 - - [11/Apr/2024:09:10:22 +0800] "POST /xingrg/all/common/load_tree.html?tree=supplier_tree_json&manage=1 HTTP/1.1" 200 81572
114.83.218.118 - - [11/Apr/2024:09:10:22 +0800] "GET /xingrg/kc/buy/cgsh_order_operate.html?command=get_materiel&rest_code=00149&code=00101008368&supplier_code=00100008&order_time=2024-04-11 HTTP/1.1" 200 408
101.83.144.49 - - [11/Apr/2024:09:10:25 +0800] "GET /xingrg/all/function/internal_message.html?_=1712797827160&CODE_STATE=getMsg HTTP/1.1" 200 27
222.70.183.82 - - [11/Apr/2024:09:10:25 +0800] "GET /xingrg/all/function/internal_message.html?_=1712797825001&CODE_STATE=getMsg HTTP/1.1" 200 27
116.224.254.208 - - [11/Apr/2024:09:10:26 +0800] "GET /xingrg/kc/buy/cgsh_order_operate.html?command=get_materiel&rest_code=00151&code=00101008087&supplier_code=00100096&order_time=2024-04-11 HTTP/1.1" 200 412
124.78.153.147 - - [11/Apr/2024:09:10:27 +0800] "GET /xingrg/kc/buy/cgsh_order_add.html HTTP/1.1" 200 73883
124.78.153.147 - - [11/Apr/2024:09:10:27 +0800] "POST /xingrg/kc/buy/cgsh_order_operate.html HTTP/1.1" 200 8245
124.78.153.147 - - [11/Apr/2024:09:10:27 +0800] "GET /xingrg/javascript/easyui/themes/default/validatebox.css HTTP/1.1" 404 1104
124.78.153.147 - - [11/Apr/2024:09:10:34 +0800] "GET /xingrg/all/function/internal_message.html?_=1712797832375&CODE_STATE=getMsg HTTP/1.1" 200 27
114.83.218.118 - - [11/Apr/2024:09:10:35 +0800] "GET /xingrg/kc/buy/cgsh_order_operate.html?command=get_materiel&rest_code=00149&code=00101008131&supplier_code=00100008&order_time=2024-04-11 HTTP/1.1" 200 408
116.224.254.208 - - [11/Apr/2024:09:10:37 +0800] "GET /xingrg/kc/buy/cgsh_order_operate.html?command=get_materiel&rest_code=00151&code=00101008024&supplier_code=00100096&order_time=2024-04-11 HTTP/1.1" 200 408
222.70.183.82 - - [11/Apr/2024:09:10:38 +0800] "POST /xingrg/dwr/call/plaincall/AjaxReportQueryService.refreshCache.dwr HTTP/1.1" 200 78
124.78.153.147 - - [11/Apr/2024:09:10:38 +0800] "POST /xingrg/kc/buy/cgsh_list_operate.html HTTP/1.1" 200 4773
222.70.183.82 - - [11/Apr/2024:09:10:40 +0800] "POST /xingrg/all/report/load_report_page.html HTTP/1.1" 200 8944
222.70.183.82 - - [11/Apr/2024:09:10:40 +0800] "GET /xingrg/servlets/image?cache=0.3348346186479847&image=px HTTP/1.1" 200 807
116.224.254.208 - - [11/Apr/2024:09:10:43 +0800] "GET /xingrg/all/function/internal_message.html?_=1712797843552&CODE_STATE=getMsg HTTP/1.1" 200 27
124.78.153.147 - - [11/Apr/2024:09:10:44 +0800] "POST /xingrg/kc/buy/cgsh_list_operate.html HTTP/1.1" 200 204
221.239.169.251 - - [11/Apr/2024:09:10:44 +0800] "GET /xingrg/all/function/internal_message.html?_=1712797843802&CODE_STATE=getMsg HTTP/1.1" 200 27
116.224.254.208 - - [11/Apr/2024:09:10:49 +0800] "GET /xingrg/kc/buy/cgsh_order_operate.html?command=get_materiel&rest_code=00151&code=00101008356&supplier_code=00100096&order_time=2024-04-11 HTTP/1.1" 200 408
124.78.153.147 - - [11/Apr/2024:09:10:53 +0800] "GET /xingrg/kc/buy/cgsh_order_info.html?code=212024041102515 HTTP/1.1" 200 68761
124.78.153.147 - - [11/Apr/2024:09:10:53 +0800] "GET /xingrg/javascript/easyui/themes/default/validatebox.css HTTP/1.1" 404 1104
114.83.218.118 - - [11/Apr/2024:09:10:54 +0800] "GET /xingrg/all/function/internal_message.html?_=1712797853815&CODE_STATE=getMsg HTTP/1.1" 200 27
124.78.153.147 - - [11/Apr/2024:09:10:54 +0800] "POST /xingrg/kc/buy/cgsh_order_operate.html HTTP/1.1" 200 610
124.78.56.241 - - [11/Apr/2024:09:10:56 +0800] "GET /xingrg/check_reg.html?_=1712797856375 HTTP/1.1" 200 22
124.78.56.241 - - [11/Apr/2024:09:10:56 +0800] "GET /xingrg/all/function/internal_message.html?_=1712797856378&CODE_STATE=getMsg HTTP/1.1" 200 27
114.83.218.118 - - [11/Apr/2024:09:10:58 +0800] "GET /xingrg/kc/buy/cgsh_order_operate.html?command=get_materiel&rest_code=00149&code=00101008353&supplier_code=00100008&order_time=2024-04-11 HTTP/1.1" 200 408
172.20.0.8 - - [11/Apr/2024:09:11:01 +0800] "GET /xingrg/all/function/internal_message.html?_=1712797861531&CODE_STATE=getMsg HTTP/1.1" 302 -
172.20.0.8 - - [11/Apr/2024:09:11:01 +0800] "GET /xingrg/check_reg.html?_=1712797861534 HTTP/1.1" 302 -
120.253.135.82 - - [11/Apr/2024:09:11:01 +0800] "GET /xingrg/all/function/internal_message.html?_=1712798040077&CODE_STATE=getMsg HTTP/1.1" 200 27
116.224.254.208 - - [11/Apr/2024:09:11:01 +0800] "GET /xingrg/kc/buy/cgsh_order_operate.html?command=get_materiel&rest_code=00151&code=00101008300&supplier_code=00100096&order_time=2024-04-11 HTTP/1.1" 200 412
124.78.153.147 - - [11/Apr/2024:09:11:05 +0800] "GET /xingrg/kc/print/load_config.html?kc_code=cgsh HTTP/1.1" 200 1927
124.78.153.147 - - [11/Apr/2024:09:11:06 +0800] "GET /xingrg/kc/print/load_data.html?order_code=212024041102515&kc_code=cgsh&condition= HTTP/1.1" 200 775
116.224.254.208 - - [11/Apr/2024:09:11:08 +0800] "GET /xingrg/all/function/internal_message.html?_=1712797868119&CODE_STATE=getMsg HTTP/1.1" 200 27
222.69.131.239 - - [11/Apr/2024:09:11:13 +0800] "GET /xingrg/all/function/internal_message.html?_=1712797874032&CODE_STATE=getMsg HTTP/1.1" 200 27
116.224.254.208 - - [11/Apr/2024:09:11:14 +0800] "GET /xingrg/kc/buy/cgsh_order_operate.html?command=get_materiel&rest_code=00151&code=00101008286&supplier_code=00100096&order_time=2024-04-11 HTTP/1.1" 200 408
114.83.218.118 - - [11/Apr/2024:09:11:14 +0800] "GET /xingrg/kc/buy/cgsh_order_operate.html?command=get_materiel&rest_code=00149&code=00101008087&supplier_code=00100008&order_time=2024-04-11 HTTP/1.1" 200 412
222.70.183.82 - - [11/Apr/2024:09:11:16 +0800] "GET /xingrg/kc/buy/cgsh_order_list.html HTTP/1.1" 200 58071
222.70.183.82 - - [11/Apr/2024:09:11:19 +0800] "POST /xingrg/kc/buy/cgsh_list_operate.html HTTP/1.1" 200 645
222.70.183.82 - - [11/Apr/2024:09:11:22 +0800] "GET /xingrg/kc/buy/cgsh_order_add.html HTTP/1.1" 200 73839
222.70.183.82 - - [11/Apr/2024:09:11:22 +0800] "POST /xingrg/kc/buy/cgsh_order_operate.html HTTP/1.1" 200 8245
222.70.183.82 - - [11/Apr/2024:09:11:23 +0800] "GET /xingrg/javascript/easyui/themes/default/validatebox.css HTTP/1.1" 404 1104
116.224.254.208 - - [11/Apr/2024:09:11:23 +0800] "GET /xingrg/kc/buy/cgsh_order_operate.html?command=get_materiel&rest_code=00151&code=00101008224&supplier_code=00100096&order_time=2024-04-11 HTTP/1.1" 200 435
222.70.183.82 - - [11/Apr/2024:09:11:25 +0800] "GET /xingrg/all/function/internal_message.html?_=1712797884978&CODE_STATE=getMsg HTTP/1.1" 200 27
114.83.218.118 - - [11/Apr/2024:09:11:28 +0800] "GET /xingrg/kc/buy/cgsh_order_operate.html?command=get_materiel&rest_code=00149&code=00101008355&supplier_code=00100008&order_time=2024-04-11 HTTP/1.1" 200 408
116.224.254.208 - - [11/Apr/2024:09:11:34 +0800] "GET /xingrg/kc/buy/cgsh_order_operate.html?command=get_materiel&rest_code=00151&code=00101008169&supplier_code=00100096&order_time=2024-04-11 HTTP/1.1" 200 412
124.78.153.147 - - [11/Apr/2024:09:11:34 +0800] "GET /xingrg/all/function/internal_message.html?_=1712797892371&CODE_STATE=getMsg HTTP/1.1" 200 27
116.224.254.208 - - [11/Apr/2024:09:11:40 +0800] "GET /xingrg/check_reg.html?_=1712797900408 HTTP/1.1" 200 22
114.83.218.118 - - [11/Apr/2024:09:11:41 +0800] "GET /xingrg/kc/buy/cgsh_order_operate.html?command=get_materiel&rest_code=00149&code=00101008356&supplier_code=00100008&order_time=2024-04-11 HTTP/1.1" 200 408
222.70.183.82 - - [11/Apr/2024:09:11:41 +0800] "GET /xingrg/javascript/jquery_tools/images/prev.gif HTTP/1.1" 404 1086
222.70.183.82 - - [11/Apr/2024:09:11:41 +0800] "GET /xingrg/javascript/jquery_tools/images/next.gif HTTP/1.1" 404 1086
124.78.153.147 - - [11/Apr/2024:09:11:43 +0800] "GET /xingrg/kc/buy/cgsh_order_add.html HTTP/1.1" 200 73883
116.224.254.208 - - [11/Apr/2024:09:11:43 +0800] "GET /xingrg/all/function/internal_message.html?_=1712797903559&CODE_STATE=getMsg HTTP/1.1" 200 27
124.78.153.147 - - [11/Apr/2024:09:11:43 +0800] "POST /xingrg/kc/buy/cgsh_order_operate.html HTTP/1.1" 200 8245
124.78.153.147 - - [11/Apr/2024:09:11:43 +0800] "GET /xingrg/javascript/easyui/themes/default/validatebox.css HTTP/1.1" 404 1104
116.224.254.208 - - [11/Apr/2024:09:11:44 +0800] "GET /xingrg/kc/buy/cgsh_order_operate.html?command=get_materiel&rest_code=00151&code=00101008357&supplier_code=00100096&order_time=2024-04-11 HTTP/1.1" 200 408
221.239.169.251 - - [11/Apr/2024:09:11:44 +0800] "GET /xingrg/all/function/internal_message.html?_=1712797903787&CODE_STATE=getMsg HTTP/1.1" 200 27
114.83.218.118 - - [11/Apr/2024:09:11:45 +0800] "POST /xingrg/kc/buy/cgsh_order_operate.html HTTP/1.1" 200 2065
124.78.153.147 - - [11/Apr/2024:09:11:45 +0800] "GET /xingrg/javascript/easyui/themes/default/tree.css HTTP/1.1" 404 1090
124.78.153.147 - - [11/Apr/2024:09:11:46 +0800] "POST /xingrg/all/common/load_tree.html?tree=supplier_tree_json&isDelete=1 HTTP/1.1" 200 79163
116.224.254.208 - - [11/Apr/2024:09:11:54 +0800] "GET /xingrg/kc/buy/cgsh_order_operate.html?command=get_materiel&rest_code=00151&code=00101008338&supplier_code=00100096&order_time=2024-04-11 HTTP/1.1" 200 408
114.83.218.118 - - [11/Apr/2024:09:11:54 +0800] "GET /xingrg/all/function/internal_message.html?_=1712797913816&CODE_STATE=getMsg HTTP/1.1" 200 27
124.78.56.241 - - [11/Apr/2024:09:11:56 +0800] "GET /xingrg/all/function/internal_message.html?_=1712797916351&CODE_STATE=getMsg HTTP/1.1" 200 27
114.83.218.118 - - [11/Apr/2024:09:11:58 +0800] "GET /xingrg/kc/buy/cgsh_order_operate.html?command=get_materiel&rest_code=00149&code=00101008205&supplier_code=00100008&order_time=2024-04-11 HTTP/1.1" 200 412
172.20.0.8 - - [11/Apr/2024:09:12:01 +0800] "GET /xingrg/all/function/internal_message.html?_=1712797921536&CODE_STATE=getMsg HTTP/1.1" 302 -
120.253.135.82 - - [11/Apr/2024:09:12:01 +0800] "GET /xingrg/all/function/internal_message.html?_=1712798100083&CODE_STATE=getMsg HTTP/1.1" 200 27
120.253.135.82 - - [11/Apr/2024:09:12:01 +0800] "GET /xingrg/check_reg.html?_=1712798100087 HTTP/1.1" 200 22
218.81.216.77 - - [11/Apr/2024:09:12:06 +0800] "GET /xingrg/check_reg.html?_=1712797926066 HTTP/1.1" 200 22
116.224.254.208 - - [11/Apr/2024:09:12:08 +0800] "GET /xingrg/all/function/internal_message.html?_=1712797928120&CODE_STATE=getMsg HTTP/1.1" 200 27
114.83.218.118 - - [11/Apr/2024:09:12:10 +0800] "GET /xingrg/kc/buy/cgsh_order_operate.html?command=get_materiel&rest_code=00149&code=00101008137&supplier_code=00100008&order_time=2024-04-11 HTTP/1.1" 200 427
222.69.131.239 - - [11/Apr/2024:09:12:13 +0800] "GET /xingrg/all/function/internal_message.html?_=1712797934038&CODE_STATE=getMsg HTTP/1.1" 200 27
116.224.254.208 - - [11/Apr/2024:09:12:16 +0800] "GET /xingrg/kc/buy/cgsh_order_operate.html?command=get_materiel&rest_code=00151&code=00101008349&supplier_code=00100096&order_time=2024-04-11 HTTP/1.1" 200 412
124.78.153.147 - - [11/Apr/2024:09:12:17 +0800] "GET /xingrg/kc/buy/cgsh_order_operate.html?command=get_materiel&rest_code=00106&code=00101011001&supplier_code=00100096&order_time=2024-04-11 HTTP/1.1" 200 422
222.70.183.82 - - [11/Apr/2024:09:12:25 +0800] "GET /xingrg/all/function/internal_message.html?_=1712797944949&CODE_STATE=getMsg HTTP/1.1" 200 27
114.83.218.118 - - [11/Apr/2024:09:12:27 +0800] "GET /xingrg/kc/buy/cgsh_order_operate.html?command=get_materiel&rest_code=00149&code=00101008185&supplier_code=00100008&order_time=2024-04-11 HTTP/1.1" 200 408
116.224.254.208 - - [11/Apr/2024:09:12:29 +0800] "GET /xingrg/kc/buy/cgsh_order_operate.html?command=get_materiel&rest_code=00151&code=00101008113&supplier_code=00100096&order_time=2024-04-11 HTTP/1.1" 200 413
101.83.144.49 - - [11/Apr/2024:09:12:32 +0800] "GET /xingrg/index.html?sysBaseUrl=http%3A%2F%2F180.169.147.146%3A18081%2Fxingrg%2F&costTime=36×tamp=1585223203754 HTTP/1.1" 302 -
101.83.144.49 - - [11/Apr/2024:09:12:32 +0800] "GET /xingrg/login.html HTTP/1.1" 200 7641
101.83.144.49 - - [11/Apr/2024:09:12:32 +0800] "GET /xingrg/images/blue/jxLogo.png HTTP/1.1" 200 6156
101.83.144.49 - - [11/Apr/2024:09:12:32 +0800] "GET /xingrg/images/blue/login_bg.png HTTP/1.1" 200 22101
101.83.144.49 - - [11/Apr/2024:09:12:32 +0800] "GET /favicon.ico HTTP/1.1" 404 -
101.83.144.49 - - [11/Apr/2024:09:12:32 +0800] "GET /xingrg/images/blue/srbg.png HTTP/1.1" 200 138
101.83.144.49 - - [11/Apr/2024:09:12:32 +0800] "GET /xingrg/images/blue/hj.png HTTP/1.1" 200 1014
124.78.153.147 - - [11/Apr/2024:09:12:34 +0800] "GET /xingrg/all/function/internal_message.html?_=1712797952375&CODE_STATE=getMsg HTTP/1.1" 200 27
101.83.144.49 - - [11/Apr/2024:09:12:36 +0800] "POST /xingrg/login.do HTTP/1.1" 200 2421
101.83.144.49 - - [11/Apr/2024:09:12:36 +0800] "GET /xingrg/javascript/myfunction.js HTTP/1.1" 200 24559
101.83.144.49 - - [11/Apr/2024:09:12:36 +0800] "GET /xingrg/css/blue.css HTTP/1.1" 200 15949
101.83.144.49 - - [11/Apr/2024:09:12:36 +0800] "GET /xingrg/images/blue/pic_top.gif HTTP/1.1" 200 3656
101.83.144.49 - - [11/Apr/2024:09:12:36 +0800] "GET /xingrg/images/blue/pic_notice.jpg HTTP/1.1" 200 3583
101.83.144.49 - - [11/Apr/2024:09:12:36 +0800] "GET /xingrg/images/blue/error_mid.gif HTTP/1.1" 200 215
101.83.144.49 - - [11/Apr/2024:09:12:36 +0800] "GET /xingrg/images/blue/error_buttom.gif HTTP/1.1" 200 1750
101.83.144.49 - - [11/Apr/2024:09:12:36 +0800] "GET /xingrg/images/blue/error_top.gif HTTP/1.1" 200 1790
101.83.144.49 - - [11/Apr/2024:09:12:36 +0800] "GET /favicon.ico HTTP/1.1" 404 -
101.83.144.49 - - [11/Apr/2024:09:12:37 +0800] "GET /xingrg/login.html HTTP/1.1" 200 7641
101.83.144.49 - - [11/Apr/2024:09:12:37 +0800] "GET /favicon.ico HTTP/1.1" 404 -
101.83.144.49 - - [11/Apr/2024:09:12:38 +0800] "POST /xingrg/login.do HTTP/1.1" 302 -
101.83.144.49 - - [11/Apr/2024:09:12:39 +0800] "GET /xingrg/index.html?sysBaseUrl=http%3A%2F%2F180.169.147.146%3A18081%2Fxingrg%2F&costTime=1013×tamp=1712797958989 HTTP/1.1" 200 17173
101.83.144.49 - - [11/Apr/2024:09:12:39 +0800] "GET /xingrg/javascript/jquery_easy_ui/themes/default/easyui.css HTTP/1.1" 200 26500
101.83.144.49 - - [11/Apr/2024:09:12:39 +0800] "GET /xingrg/javascript/jquery_easy_ui/themes/icon.css HTTP/1.1" 200 3949
101.83.144.49 - - [11/Apr/2024:09:12:39 +0800] "GET /xingrg/css/form.css HTTP/1.1" 200 893
114.83.218.118 - - [11/Apr/2024:09:12:39 +0800] "GET /xingrg/kc/buy/cgsh_order_operate.html?command=get_materiel&rest_code=00149&code=00101008213&supplier_code=00100008&order_time=2024-04-11 HTTP/1.1" 200 412
101.83.144.49 - - [11/Apr/2024:09:12:39 +0800] "GET /xingrg/javascript/jquery_easy_ui/easyui-lang-zh_CN.js HTTP/1.1" 200 1900
101.83.144.49 - - [11/Apr/2024:09:12:39 +0800] "GET /xingrg/javascript/jquery.timers.js HTTP/1.1" 200 3532
101.83.144.49 - - [11/Apr/2024:09:12:39 +0800] "GET /xingrg/javascript/jquery.utils.js HTTP/1.1" 200 11805
101.83.144.49 - - [11/Apr/2024:09:12:39 +0800] "GET /xingrg/javascript/jquery-1.4.2.min.js HTTP/1.1" 200 72205
101.83.144.49 - - [11/Apr/2024:09:12:39 +0800] "GET /xingrg/javascript/jquery.form.js HTTP/1.1" 200 23110
101.83.144.49 - - [11/Apr/2024:09:12:39 +0800] "GET /xingrg/javascript/jquery_easy_ui/jquery.easyui.min.js HTTP/1.1" 200 213662
101.83.144.49 - - [11/Apr/2024:09:12:39 +0800] "GET /favicon.ico HTTP/1.1" 404 -
101.83.144.49 - - [11/Apr/2024:09:12:39 +0800] "GET /xingrg/javascript/jquery_easy_ui/themes/icons/settle_new.png HTTP/1.1" 200 826
101.83.144.49 - - [11/Apr/2024:09:12:39 +0800] "GET /xingrg/images/blue/navBackgound.jpg HTTP/1.1" 200 12378
101.83.144.49 - - [11/Apr/2024:09:12:39 +0800] "GET /xingrg/images/blue/pingpu.png HTTP/1.1" 200 231
101.83.144.49 - - [11/Apr/2024:09:12:39 +0800] "GET /xingrg/check_reg.html?_=1712797961269 HTTP/1.1" 200 22
101.83.144.49 - - [11/Apr/2024:09:12:39 +0800] "GET /xingrg/all/function/internal_message.html?_=1712797961268&CODE_STATE=count HTTP/1.1" 200 11
101.83.144.49 - - [11/Apr/2024:09:12:39 +0800] "GET /xingrg/javascript/jquery_easy_ui/themes/default/images/tabs_leftarrow.png HTTP/1.1" 200 389
101.83.144.49 - - [11/Apr/2024:09:12:39 +0800] "GET /xingrg/javascript/jquery_easy_ui/themes/default/images/tabs_rightarrow.png HTTP/1.1" 200 395
101.83.144.49 - - [11/Apr/2024:09:12:39 +0800] "GET /xingrg/javascript/jquery_easy_ui/themes/default/images/panel_tool_collapse.gif HTTP/1.1" 200 246
101.83.144.49 - - [11/Apr/2024:09:12:39 +0800] "POST /xingrg/all/common/load_tree.html?tree=area_rest_tree_json&manage=1 HTTP/1.1" 200 3624
101.83.144.49 - - [11/Apr/2024:09:12:39 +0800] "GET /xingrg/javascript/jquery_easy_ui/themes/default/images/tree_arrows.gif HTTP/1.1" 200 1043
101.83.144.49 - - [11/Apr/2024:09:12:39 +0800] "POST /xingrg/load_menu.html HTTP/1.1" 200 5138
101.83.144.49 - - [11/Apr/2024:09:12:39 +0800] "GET /xingrg/javascript/jquery_easy_ui/themes/default/images/tree_folder_open.gif HTTP/1.1" 200 956
101.83.144.49 - - [11/Apr/2024:09:12:39 +0800] "GET /xingrg/javascript/jquery_easy_ui/themes/icons/search_new.png HTTP/1.1" 200 586
101.83.144.49 - - [11/Apr/2024:09:12:39 +0800] "GET /xingrg/javascript/jquery_easy_ui/themes/default/images/tree_folder.gif HTTP/1.1" 200 952
101.83.144.49 - - [11/Apr/2024:09:12:39 +0800] "GET /xingrg/javascript/jquery_easy_ui/themes/icons/storage_new.png HTTP/1.1" 200 853
101.83.144.49 - - [11/Apr/2024:09:12:39 +0800] "GET /xingrg/javascript/jquery_easy_ui/themes/default/images/tree_file.gif HTTP/1.1" 200 118
101.83.144.49 - - [11/Apr/2024:09:12:39 +0800] "GET /xingrg/javascript/jquery_easy_ui/themes/icons/forms_new.png HTTP/1.1" 200 350
116.224.254.208 - - [11/Apr/2024:09:12:40 +0800] "GET /xingrg/kc/buy/cgsh_order_operate.html?command=get_materiel&rest_code=00151&code=00101008331&supplier_code=00100096&order_time=2024-04-11 HTTP/1.1" 200 416
101.83.144.49 - - [11/Apr/2024:09:12:41 +0800] "GET /xingrg/javascript/jquery_easy_ui/themes/default/images/tabs_close.gif HTTP/1.1" 200 829
101.83.144.49 - - [11/Apr/2024:09:12:42 +0800] "GET /xingrg/kc/buy/cgsh_order_list.html HTTP/1.1" 200 58071
101.83.144.49 - - [11/Apr/2024:09:12:42 +0800] "GET /xingrg/css/base.css HTTP/1.1" 200 2811
101.83.144.49 - - [11/Apr/2024:09:12:42 +0800] "GET /xingrg/css/site.css HTTP/1.1" 200 7541
101.83.144.49 - - [11/Apr/2024:09:12:42 +0800] "GET /xingrg/javascript/jquery_tools/datebox.css HTTP/1.1" 200 2597
101.83.144.49 - - [11/Apr/2024:09:12:42 +0800] "GET /xingrg/javascript/easyui/themes/default/easyui.css HTTP/1.1" 200 30432
101.83.144.49 - - [11/Apr/2024:09:12:42 +0800] "GET /xingrg/javascript/auto/jquery.autocomplete.css HTTP/1.1" 200 587
101.83.144.49 - - [11/Apr/2024:09:12:42 +0800] "GET /xingrg/javascript/jquery_tools/jquery.tools.min.js HTTP/1.1" 200 138801
101.83.144.49 - - [11/Apr/2024:09:12:42 +0800] "GET /xingrg/javascript/jquery_tools/jquery.tools.extend.js HTTP/1.1" 200 15385
101.83.144.49 - - [11/Apr/2024:09:12:42 +0800] "GET /xingrg/javascript/jquery_tools/table.css HTTP/1.1" 200 1032
101.83.144.49 - - [11/Apr/2024:09:12:42 +0800] "GET /xingrg/javascript/jquery_tools/jquery.tools.hotkey.js HTTP/1.1" 200 3242
101.83.144.49 - - [11/Apr/2024:09:12:42 +0800] "GET /xingrg/javascript/jquery_tools/fix.css HTTP/1.1" 200 1702
101.83.144.49 - - [11/Apr/2024:09:12:42 +0800] "GET /xingrg/javascript/jquery.cookie.js HTTP/1.1" 200 5513
101.83.144.49 - - [11/Apr/2024:09:12:42 +0800] "GET /xingrg/javascript/jquery_tools/jquery.tools.table.js HTTP/1.1" 200 6994
101.83.144.49 - - [11/Apr/2024:09:12:42 +0800] "GET /xingrg/javascript/auto/jquery.autocomplete.js HTTP/1.1" 200 21624
101.83.144.49 - - [11/Apr/2024:09:12:42 +0800] "GET /xingrg/javascript/easyui/easyloader.js HTTP/1.1" 200 5975
101.83.144.49 - - [11/Apr/2024:09:12:42 +0800] "GET /xingrg/javascript/easyui/themes/icon.css HTTP/1.1" 200 4483
101.83.144.49 - - [11/Apr/2024:09:12:42 +0800] "GET /xingrg/javascript/print/LodopFuncs.js HTTP/1.1" 200 5121
