120.253.135.82 - - [11/Apr/2024:10:56:05 +0800] "GET /xingrg/all/function/internal_message.html?_=1712804343568&CODE_STATE=getMsg HTTP/1.1" 200 27
101.80.230.31 - - [11/Apr/2024:10:56:07 +0800] "GET /xingrg/all/function/internal_message.html?_=1712804173612&CODE_STATE=getMsg HTTP/1.1" 200 27
124.78.56.241 - - [11/Apr/2024:10:56:09 +0800] "GET /xingrg/all/function/internal_message.html?_=1712804169581&CODE_STATE=getMsg HTTP/1.1" 200 27
222.69.131.239 - - [11/Apr/2024:10:56:13 +0800] "GET /xingrg/all/function/internal_message.html?_=1712804174043&CODE_STATE=getMsg HTTP/1.1" 200 27
116.238.97.31 - - [11/Apr/2024:10:56:14 +0800] "POST /xingrg/all/common/load_combo.html?type=base HTTP/1.1" 200 3321
116.238.97.31 - - [11/Apr/2024:10:56:31 +0800] "POST /xingrg/kc/base/wldb_order_operate.html HTTP/1.1" 200 37
116.230.109.19 - - [11/Apr/2024:10:56:32 +0800] "GET /xingrg/all/function/internal_message.html?_=1712804140077&CODE_STATE=getMsg HTTP/1.1" 200 27
101.80.230.31 - - [11/Apr/2024:10:56:33 +0800] "GET /favicon.ico HTTP/1.1" 404 -
114.83.218.118 - - [11/Apr/2024:10:56:38 +0800] "GET /xingrg/kc/buy/cgsh_order_operate.html?command=get_materiel&rest_code=00149&code=00101011003&supplier_code=00100051&order_time=2024-04-10 HTTP/1.1" 200 413
116.238.97.31 - - [11/Apr/2024:10:56:38 +0800] "POST /xingrg/kc/base/wldb_order_operate.html HTTP/1.1" 200 12
116.238.97.31 - - [11/Apr/2024:10:56:38 +0800] "POST /xingrg/kc/base/wldb_order_operate.html HTTP/1.1" 200 2216
101.83.144.49 - - [11/Apr/2024:10:56:39 +0800] "GET /xingrg/all/function/internal_message.html?_=1712804201439&CODE_STATE=getMsg HTTP/1.1" 200 27
116.224.254.208 - - [11/Apr/2024:10:56:40 +0800] "GET /xingrg/check_reg.html?_=1712804200810 HTTP/1.1" 200 22
116.238.97.31 - - [11/Apr/2024:10:56:43 +0800] "GET /xingrg/kc/base/wldb_order_info.html?code=422024041100585 HTTP/1.1" 200 26255
116.238.97.31 - - [11/Apr/2024:10:56:44 +0800] "GET /xingrg/javascript/easyui/themes/default/validatebox.css HTTP/1.1" 404 1104
116.238.97.31 - - [11/Apr/2024:10:56:44 +0800] "POST /xingrg/kc/base/wldb_order_operate.html HTTP/1.1" 200 510
116.224.254.208 - - [11/Apr/2024:10:56:44 +0800] "GET /xingrg/all/function/internal_message.html?_=1712804204462&CODE_STATE=getMsg HTTP/1.1" 200 27
116.238.97.31 - - [11/Apr/2024:10:56:48 +0800] "GET /xingrg/kc/base/wldb_order_add.html HTTP/1.1" 200 30378
116.238.97.31 - - [11/Apr/2024:10:56:48 +0800] "POST /xingrg/kc/base/wldb_order_operate.html HTTP/1.1" 200 6806
116.238.97.31 - - [11/Apr/2024:10:56:48 +0800] "GET /xingrg/javascript/easyui/themes/default/validatebox.css HTTP/1.1" 404 1104
116.230.109.19 - - [11/Apr/2024:10:56:49 +0800] "GET /xingrg/all/function/internal_message.html?_=1712804156580&CODE_STATE=getMsg HTTP/1.1" 200 27
114.83.218.118 - - [11/Apr/2024:10:56:52 +0800] "POST /xingrg/kc/buy/cgsh_order_operate.html HTTP/1.1" 200 37
114.83.218.118 - - [11/Apr/2024:10:56:54 +0800] "GET /xingrg/check_reg.html?_=1712804214210 HTTP/1.1" 200 22
114.83.218.118 - - [11/Apr/2024:10:56:57 +0800] "GET /xingrg/all/function/internal_message.html?_=1712804216692&CODE_STATE=getMsg HTTP/1.1" 200 27
218.81.216.77 - - [11/Apr/2024:10:56:58 +0800] "GET /xingrg/all/function/internal_message.html?_=1712804230051&CODE_STATE=getMsg HTTP/1.1" 200 27
221.239.169.251 - - [11/Apr/2024:10:56:59 +0800] "GET /xingrg/all/function/internal_message.html?_=1712804218159&CODE_STATE=getMsg HTTP/1.1" 200 27
114.83.218.118 - - [11/Apr/2024:10:57:00 +0800] "POST /xingrg/kc/buy/cgsh_order_operate.html HTTP/1.1" 200 12
180.169.147.146 - - [11/Apr/2024:10:57:01 +0800] "GET /xingrg/all/function/internal_message.html?_=1712804229323&CODE_STATE=getMsg HTTP/1.1" 200 27
180.169.147.146 - - [11/Apr/2024:10:57:01 +0800] "GET /xingrg/check_reg.html?_=1712804229324 HTTP/1.1" 200 22
172.20.0.8 - - [11/Apr/2024:10:57:01 +0800] "GET /xingrg/all/function/internal_message.html?_=1712804221468&CODE_STATE=getMsg HTTP/1.1" 302 -
114.83.218.118 - - [11/Apr/2024:10:57:02 +0800] "GET /xingrg/kc/buy/cgsh_order_info.html?code=212024041102559 HTTP/1.1" 200 68843
114.83.218.118 - - [11/Apr/2024:10:57:02 +0800] "GET /xingrg/javascript/easyui/themes/default/validatebox.css HTTP/1.1" 404 1104
116.224.254.208 - - [11/Apr/2024:10:57:03 +0800] "GET /xingrg/all/function/internal_message.html?_=1712804223312&CODE_STATE=getMsg HTTP/1.1" 200 27
116.224.254.208 - - [11/Apr/2024:10:57:03 +0800] "GET /xingrg/check_reg.html?_=1712804223421 HTTP/1.1" 200 22
222.70.183.82 - - [11/Apr/2024:10:57:03 +0800] "GET /xingrg/all/function/internal_message.html?_=1712804222958&CODE_STATE=getMsg HTTP/1.1" 200 27
114.83.218.118 - - [11/Apr/2024:10:57:03 +0800] "POST /xingrg/kc/buy/cgsh_order_operate.html HTTP/1.1" 200 606
120.253.135.82 - - [11/Apr/2024:10:57:05 +0800] "GET /xingrg/all/function/internal_message.html?_=1712804403572&CODE_STATE=getMsg HTTP/1.1" 200 27
114.83.218.118 - - [11/Apr/2024:10:57:05 +0800] "GET /xingrg/kc/print/load_data.html?order_code=212024041102559&kc_code=cgsh&condition= HTTP/1.1" 200 717
218.81.216.77 - - [11/Apr/2024:10:57:06 +0800] "GET /xingrg/check_reg.html?_=1712804226852 HTTP/1.1" 200 22
101.80.230.31 - - [11/Apr/2024:10:57:07 +0800] "GET /xingrg/all/function/internal_message.html?_=1712804233616&CODE_STATE=getMsg HTTP/1.1" 200 27
124.78.56.241 - - [11/Apr/2024:10:57:09 +0800] "GET /xingrg/all/function/internal_message.html?_=1712804229554&CODE_STATE=getMsg HTTP/1.1" 200 27
114.83.218.118 - - [11/Apr/2024:10:57:12 +0800] "GET /xingrg/kc/buy/cgsh_order_add.html HTTP/1.1" 200 73971
114.83.218.118 - - [11/Apr/2024:10:57:12 +0800] "POST /xingrg/kc/buy/cgsh_order_operate.html HTTP/1.1" 200 8245
114.83.218.118 - - [11/Apr/2024:10:57:12 +0800] "GET /xingrg/javascript/easyui/themes/default/validatebox.css HTTP/1.1" 404 1104
222.69.131.239 - - [11/Apr/2024:10:57:13 +0800] "GET /xingrg/all/function/internal_message.html?_=1712804234043&CODE_STATE=getMsg HTTP/1.1" 200 27
114.83.218.118 - - [11/Apr/2024:10:57:25 +0800] "GET /xingrg/kc/buy/cgsh_order_operate.html?command=get_materiel&rest_code=00149&code=00101004056&supplier_code=00100083&order_time=2024-04-10 HTTP/1.1" 200 419
116.230.109.19 - - [11/Apr/2024:10:57:32 +0800] "GET /xingrg/all/function/internal_message.html?_=1712804200065&CODE_STATE=getMsg HTTP/1.1" 200 27
180.163.28.109 - - [11/Apr/2024:10:57:38 +0800] "GET /xingrg/check_reg.html?_=1712801612426 HTTP/1.1" 302 -
180.163.28.109 - - [11/Apr/2024:10:57:38 +0800] "GET /xingrg/login.html HTTP/1.1" 200 7641
101.83.144.49 - - [11/Apr/2024:10:57:39 +0800] "GET /xingrg/all/function/internal_message.html?_=1712804261440&CODE_STATE=getMsg HTTP/1.1" 200 27
101.83.144.49 - - [11/Apr/2024:10:57:39 +0800] "GET /xingrg/check_reg.html?_=1712804261443 HTTP/1.1" 200 22
114.83.218.118 - - [11/Apr/2024:10:57:43 +0800] "GET /xingrg/kc/buy/cgsh_order_operate.html?command=get_materiel&rest_code=00149&code=00101004030&supplier_code=00100083&order_time=2024-04-10 HTTP/1.1" 200 409
116.224.254.208 - - [11/Apr/2024:10:57:44 +0800] "GET /xingrg/all/function/internal_message.html?_=1712804264437&CODE_STATE=getMsg HTTP/1.1" 200 27
116.230.109.19 - - [11/Apr/2024:10:57:49 +0800] "GET /xingrg/all/function/internal_message.html?_=1712804216562&CODE_STATE=getMsg HTTP/1.1" 200 27
114.83.218.118 - - [11/Apr/2024:10:57:57 +0800] "GET /xingrg/all/function/internal_message.html?_=1712804276668&CODE_STATE=getMsg HTTP/1.1" 200 27
218.81.216.77 - - [11/Apr/2024:10:57:57 +0800] "GET /xingrg/check_reg.html?_=1712804288930 HTTP/1.1" 200 22
124.78.153.147 - - [11/Apr/2024:10:57:58 +0800] "GET /xingrg/index.html?sysBaseUrl=http%3A%2F%2F180.169.147.146%3A18081%2Fxingrg%2F&costTime=1267×tamp=1712797711723 HTTP/1.1" 200 17173
218.81.216.77 - - [11/Apr/2024:10:57:58 +0800] "GET /xingrg/all/function/internal_message.html?_=1712804290065&CODE_STATE=getMsg HTTP/1.1" 200 27
221.239.169.251 - - [11/Apr/2024:10:57:59 +0800] "GET /xingrg/all/function/internal_message.html?_=1712804278175&CODE_STATE=getMsg HTTP/1.1" 200 27
114.83.218.118 - - [11/Apr/2024:10:57:59 +0800] "POST /xingrg/kc/buy/cgsh_order_operate.html HTTP/1.1" 200 37
124.78.153.147 - - [11/Apr/2024:10:58:00 +0800] "POST /xingrg/all/common/load_tree.html?tree=area_rest_tree_json&manage=1 HTTP/1.1" 200 342
124.78.153.147 - - [11/Apr/2024:10:58:00 +0800] "GET /xingrg/all/function/internal_message.html?_=1712804277773&CODE_STATE=count HTTP/1.1" 200 11
124.78.153.147 - - [11/Apr/2024:10:58:00 +0800] "GET /xingrg/check_reg.html?_=1712804277774 HTTP/1.1" 200 22
124.78.153.147 - - [11/Apr/2024:10:58:00 +0800] "POST /xingrg/load_menu.html HTTP/1.1" 200 5138
124.78.153.147 - - [11/Apr/2024:10:58:00 +0800] "GET /favicon.ico HTTP/1.1" 404 -
180.169.147.146 - - [11/Apr/2024:10:58:01 +0800] "GET /xingrg/all/function/internal_message.html?_=1712804289323&CODE_STATE=getMsg HTTP/1.1" 200 27
172.20.0.8 - - [11/Apr/2024:10:58:01 +0800] "GET /xingrg/all/function/internal_message.html?_=1712804281470&CODE_STATE=getMsg HTTP/1.1" 302 -
116.224.254.208 - - [11/Apr/2024:10:58:03 +0800] "GET /xingrg/all/function/internal_message.html?_=1712804283284&CODE_STATE=getMsg HTTP/1.1" 200 27
222.70.183.82 - - [11/Apr/2024:10:58:03 +0800] "GET /xingrg/all/function/internal_message.html?_=1712804282942&CODE_STATE=getMsg HTTP/1.1" 200 27
120.253.135.82 - - [11/Apr/2024:10:58:05 +0800] "GET /xingrg/all/function/internal_message.html?_=1712804463578&CODE_STATE=getMsg HTTP/1.1" 200 27
101.80.230.31 - - [11/Apr/2024:10:58:07 +0800] "GET /xingrg/all/function/internal_message.html?_=1712804293621&CODE_STATE=getMsg HTTP/1.1" 200 27
124.78.56.241 - - [11/Apr/2024:10:58:09 +0800] "GET /xingrg/all/function/internal_message.html?_=1712804289535&CODE_STATE=getMsg HTTP/1.1" 200 27
114.83.218.118 - - [11/Apr/2024:10:58:11 +0800] "POST /xingrg/kc/buy/cgsh_order_operate.html HTTP/1.1" 200 12
222.69.131.239 - - [11/Apr/2024:10:58:13 +0800] "GET /xingrg/all/function/internal_message.html?_=1712804294039&CODE_STATE=getMsg HTTP/1.1" 200 27
114.83.218.118 - - [11/Apr/2024:10:58:16 +0800] "GET /xingrg/kc/buy/cgsh_order_info.html?code=212024041102560 HTTP/1.1" 200 68841
114.83.218.118 - - [11/Apr/2024:10:58:16 +0800] "GET /xingrg/javascript/easyui/themes/default/validatebox.css HTTP/1.1" 404 1104
114.83.218.118 - - [11/Apr/2024:10:58:18 +0800] "POST /xingrg/kc/buy/cgsh_order_operate.html HTTP/1.1" 200 1204
114.83.218.118 - - [11/Apr/2024:10:58:29 +0800] "GET /xingrg/kc/print/load_data.html?order_code=212024041102560&kc_code=cgsh&condition= HTTP/1.1" 200 946
116.230.109.19 - - [11/Apr/2024:10:58:29 +0800] "GET /xingrg/javascript/auto/indicator.gif HTTP/1.1" 404 1066
180.163.28.55 - - [11/Apr/2024:10:58:31 +0800] "GET /xingrg/kc/buy/cgsh_order_operate.html?command=get_materiel&rest_code=00106&code=00101008091&supplier_code=00100008&order_time=2024-04-11 HTTP/1.1" 302 -
180.163.28.55 - - [11/Apr/2024:10:58:31 +0800] "GET /xingrg/login.html HTTP/1.1" 200 7641
116.230.109.19 - - [11/Apr/2024:10:58:32 +0800] "GET /xingrg/all/function/internal_message.html?_=1712804260074&CODE_STATE=getMsg HTTP/1.1" 200 27
116.230.109.19 - - [11/Apr/2024:10:58:33 +0800] "GET /xingrg/kc/buy/cgyd_order_operate.html?command=get_materiel&rest_code=00155&code=00101006385&supplier_code= HTTP/1.1" 200 406
114.83.218.118 - - [11/Apr/2024:10:58:34 +0800] "GET /xingrg/kc/buy/cgsh_order_add.html HTTP/1.1" 200 73971
114.83.218.118 - - [11/Apr/2024:10:58:35 +0800] "POST /xingrg/kc/buy/cgsh_order_operate.html HTTP/1.1" 200 8245
114.83.218.118 - - [11/Apr/2024:10:58:35 +0800] "GET /xingrg/javascript/easyui/themes/default/validatebox.css HTTP/1.1" 404 1104
101.83.144.49 - - [11/Apr/2024:10:58:39 +0800] "GET /xingrg/all/function/internal_message.html?_=1712804321444&CODE_STATE=getMsg HTTP/1.1" 200 27
124.78.153.147 - - [11/Apr/2024:10:58:43 +0800] "GET /xingrg/kc/base/base_main.html HTTP/1.1" 200 12142
116.224.254.208 - - [11/Apr/2024:10:58:44 +0800] "GET /xingrg/all/function/internal_message.html?_=1712804324418&CODE_STATE=getMsg HTTP/1.1" 200 27
124.78.153.147 - - [11/Apr/2024:10:58:45 +0800] "GET /xingrg/kc/base/wldb_order_list.html HTTP/1.1" 200 19051
116.230.109.19 - - [11/Apr/2024:10:58:45 +0800] "GET /xingrg/kc/buy/cgyd_order_operate.html?command=get_materiel&rest_code=00155&code=00101006250&supplier_code= HTTP/1.1" 200 399
114.83.218.118 - - [11/Apr/2024:10:58:46 +0800] "GET /xingrg/kc/buy/cgsh_order_operate.html?command=get_materiel&rest_code=00149&code=00101002022&supplier_code=00100039&order_time=2024-04-10 HTTP/1.1" 200 431
116.238.97.31 - - [11/Apr/2024:10:58:46 +0800] "GET /xingrg/check_reg.html?_=1712804326880 HTTP/1.1" 200 22
124.78.153.147 - - [11/Apr/2024:10:58:48 +0800] "POST /xingrg/kc/base/wldb_list_operate.html HTTP/1.1" 200 2166
116.230.109.19 - - [11/Apr/2024:10:58:49 +0800] "GET /xingrg/all/function/internal_message.html?_=1712804276562&CODE_STATE=getMsg HTTP/1.1" 200 27
124.78.153.147 - - [11/Apr/2024:10:58:51 +0800] "GET /xingrg/kc/base/wldb_order_add.html HTTP/1.1" 200 30386
124.78.153.147 - - [11/Apr/2024:10:58:52 +0800] "POST /xingrg/kc/base/wldb_order_operate.html HTTP/1.1" 200 6806
124.78.153.147 - - [11/Apr/2024:10:58:52 +0800] "GET /xingrg/all/common/auto_word.html?type=base&rest_code=00106 HTTP/1.1" 200 1799
124.78.153.147 - - [11/Apr/2024:10:58:52 +0800] "GET /xingrg/all/common/auto_word.html?type=base&rest_code=00106 HTTP/1.1" 200 1799
124.78.153.147 - - [11/Apr/2024:10:58:52 +0800] "GET /xingrg/javascript/easyui/themes/default/validatebox.css HTTP/1.1" 404 1104
124.78.153.147 - - [11/Apr/2024:10:58:53 +0800] "POST /xingrg/all/common/load_combo.html?type=base HTTP/1.1" 200 3227
222.70.183.82 - - [11/Apr/2024:10:58:53 +0800] "GET /xingrg/check_reg.html?_=1712804333103 HTTP/1.1" 200 22
124.78.153.147 - - [11/Apr/2024:10:58:56 +0800] "POST /xingrg/all/common/load_combo.html?type=base HTTP/1.1" 200 3227
114.83.218.118 - - [11/Apr/2024:10:58:57 +0800] "GET /xingrg/all/function/internal_message.html?_=1712804336644&CODE_STATE=getMsg HTTP/1.1" 200 27
218.81.216.77 - - [11/Apr/2024:10:58:58 +0800] "GET /xingrg/all/function/internal_message.html?_=1712804350078&CODE_STATE=getMsg HTTP/1.1" 200 27
221.239.169.251 - - [11/Apr/2024:10:58:59 +0800] "GET /xingrg/all/function/internal_message.html?_=1712804338154&CODE_STATE=getMsg HTTP/1.1" 200 27
180.163.28.143 - - [11/Apr/2024:10:59:00 +0800] "GET /xingrg/all/function/internal_message.html?_=1712804277773&CODE_STATE=count HTTP/1.1" 302 -
180.163.28.143 - - [11/Apr/2024:10:59:00 +0800] "GET /xingrg/login.html HTTP/1.1" 200 7641
124.78.153.147 - - [11/Apr/2024:10:59:00 +0800] "GET /xingrg/all/function/internal_message.html?_=1712804337783&CODE_STATE=getMsg HTTP/1.1" 200 27
180.169.147.146 - - [11/Apr/2024:10:59:01 +0800] "GET /xingrg/all/function/internal_message.html?_=1712804349321&CODE_STATE=getMsg HTTP/1.1" 200 27
172.20.0.8 - - [11/Apr/2024:10:59:01 +0800] "GET /xingrg/all/function/internal_message.html?_=1712804341471&CODE_STATE=getMsg HTTP/1.1" 302 -
116.230.109.19 - - [11/Apr/2024:10:59:03 +0800] "GET /xingrg/kc/report/report_main.html HTTP/1.1" 200 7340
116.224.254.208 - - [11/Apr/2024:10:59:03 +0800] "GET /xingrg/all/function/internal_message.html?_=1712804343258&CODE_STATE=getMsg HTTP/1.1" 200 27
222.70.183.82 - - [11/Apr/2024:10:59:03 +0800] "GET /xingrg/all/function/internal_message.html?_=1712804342919&CODE_STATE=getMsg HTTP/1.1" 200 27
116.230.109.19 - - [11/Apr/2024:10:59:04 +0800] "GET /xingrg/kc/base/kc_stocks.html HTTP/1.1" 200 16560
116.230.109.19 - - [11/Apr/2024:10:59:05 +0800] "GET /xingrg/javascript/easyui/themes/default/tree.css HTTP/1.1" 404 1090
120.253.135.82 - - [11/Apr/2024:10:59:05 +0800] "GET /xingrg/all/function/internal_message.html?_=1712804523583&CODE_STATE=getMsg HTTP/1.1" 200 27
120.253.135.82 - - [11/Apr/2024:10:59:05 +0800] "GET /xingrg/check_reg.html?_=1712804523585 HTTP/1.1" 200 22
116.230.109.19 - - [11/Apr/2024:10:59:05 +0800] "POST /xingrg/all/common/load_tree.html?tree=materiel_sort_tree_json HTTP/1.1" 200 9734
114.83.218.118 - - [11/Apr/2024:10:59:07 +0800] "GET /xingrg/kc/buy/cgsh_order_operate.html?command=get_materiel&rest_code=00149&code=00101005045&supplier_code=00100039&order_time=2024-04-10 HTTP/1.1" 200 409
101.80.230.31 - - [11/Apr/2024:10:59:07 +0800] "GET /xingrg/all/function/internal_message.html?_=1712804353631&CODE_STATE=getMsg HTTP/1.1" 200 27
101.80.230.31 - - [11/Apr/2024:10:59:07 +0800] "GET /xingrg/check_reg.html?_=1712804353632 HTTP/1.1" 200 22
124.78.56.241 - - [11/Apr/2024:10:59:09 +0800] "GET /xingrg/all/function/internal_message.html?_=1712804349510&CODE_STATE=getMsg HTTP/1.1" 200 27
124.78.153.147 - - [11/Apr/2024:10:59:11 +0800] "GET /xingrg/javascript/auto/indicator.gif HTTP/1.1" 404 1066
124.78.153.147 - - [11/Apr/2024:10:59:13 +0800] "GET /xingrg/kc/base/wldb_order_operate.html?command=get_materiel&rest_code=00106&base_code=0010397&code=00102002448 HTTP/1.1" 200 439
222.69.131.239 - - [11/Apr/2024:10:59:13 +0800] "GET /xingrg/all/function/internal_message.html?_=1712804354032&CODE_STATE=getMsg HTTP/1.1" 200 27
114.83.218.118 - - [11/Apr/2024:10:59:18 +0800] "GET /xingrg/kc/buy/cgsh_order_operate.html?command=get_materiel&rest_code=00149&code=00101002027&supplier_code=00100039&order_time=2024-04-10 HTTP/1.1" 200 414
124.78.153.147 - - [11/Apr/2024:10:59:20 +0800] "POST /xingrg/kc/base/wldb_order_operate.html HTTP/1.1" 200 37
116.230.109.19 - - [11/Apr/2024:10:59:20 +0800] "POST /xingrg/kc/base/stock_operate.html HTTP/1.1" 200 1703
124.78.153.147 - - [11/Apr/2024:10:59:21 +0800] "POST /xingrg/kc/base/wldb_order_operate.html HTTP/1.1" 200 2189
124.78.153.147 - - [11/Apr/2024:10:59:25 +0800] "GET /xingrg/kc/base/wldb_order_info.html?code=422024041100586 HTTP/1.1" 200 30400
124.78.153.147 - - [11/Apr/2024:10:59:25 +0800] "GET /xingrg/javascript/easyui/themes/default/validatebox.css HTTP/1.1" 404 1104
124.78.153.147 - - [11/Apr/2024:10:59:26 +0800] "POST /xingrg/kc/base/wldb_order_operate.html HTTP/1.1" 200 2189
116.230.109.19 - - [11/Apr/2024:10:59:26 +0800] "GET /xingrg/kc/base/stock_detail.html?m=00101006385 HTTP/1.1" 200 7445
180.164.1.25 - - [11/Apr/2024:10:59:28 +0800] "POST /xingrg/services/DataTransmitService HTTP/1.1" 200 524
116.230.109.19 - - [11/Apr/2024:10:59:32 +0800] "GET /xingrg/all/function/internal_message.html?_=1712804320069&CODE_STATE=getMsg HTTP/1.1" 200 27
116.230.109.19 - - [11/Apr/2024:10:59:32 +0800] "GET /xingrg/check_reg.html?_=1712804320074 HTTP/1.1" 200 22
101.83.144.49 - - [11/Apr/2024:10:59:39 +0800] "GET /xingrg/all/function/internal_message.html?_=1712804381457&CODE_STATE=getMsg HTTP/1.1" 200 27
116.224.254.208 - - [11/Apr/2024:10:59:44 +0800] "GET /xingrg/all/function/internal_message.html?_=1712804384411&CODE_STATE=getMsg HTTP/1.1" 200 27
116.230.109.19 - - [11/Apr/2024:10:59:49 +0800] "GET /xingrg/all/function/internal_message.html?_=1712804336565&CODE_STATE=getMsg HTTP/1.1" 200 27
116.230.109.19 - - [11/Apr/2024:10:59:49 +0800] "GET /xingrg/check_reg.html?_=1712804336567 HTTP/1.1" 200 22
114.83.218.118 - - [11/Apr/2024:10:59:49 +0800] "GET /xingrg/kc/buy/cgsh_order_operate.html?command=get_materiel&rest_code=00149&code=00101001191&supplier_code=00100039&order_time=2024-04-10 HTTP/1.1" 200 415
116.230.109.19 - - [11/Apr/2024:10:59:55 +0800] "GET /xingrg/kc/base/stock_operate.html?_=1712804342415&command=get_report_file&start_day=20220401 HTTP/1.1" 200 53
116.230.109.19 - - [11/Apr/2024:10:59:55 +0800] "GET /xingrg/all/report/report_query.html?isQuery=1&onlyBody=1&rh=2000&fileName=kc/base/kc_stock_detail_new.xml&queryString=(1=1)&queryText=&tableQueryString=init_table$sp1$$sp$crk_table$sp1$order_day%20between%2020220401%20and%2020240430&varString=start_day:20220401,materiel_code:00101006385,cost_id:3596,end_date:20220331 HTTP/1.1" 200 48701
116.230.109.19 - - [11/Apr/2024:10:59:55 +0800] "GET /xingrg/dwr/interface/AjaxReportQueryService.js HTTP/1.1" 200 13203
116.230.109.19 - - [11/Apr/2024:10:59:55 +0800] "GET /xingrg/dwr/engine.js HTTP/1.1" 200 43631
116.230.109.19 - - [11/Apr/2024:10:59:57 +0800] "POST /xingrg/all/report/load_report_page.html HTTP/1.1" 200 30146
116.230.109.19 - - [11/Apr/2024:10:59:57 +0800] "GET /xingrg/servlets/image?cache=0.28132317218424274&image=px HTTP/1.1" 200 807
114.83.218.118 - - [11/Apr/2024:10:59:57 +0800] "GET /xingrg/all/function/internal_message.html?_=1712804396627&CODE_STATE=getMsg HTTP/1.1" 200 27
218.81.216.77 - - [11/Apr/2024:10:59:58 +0800] "GET /xingrg/all/function/internal_message.html?_=1712804410092&CODE_STATE=getMsg HTTP/1.1" 200 27
221.239.169.251 - - [11/Apr/2024:10:59:59 +0800] "GET /xingrg/all/function/internal_message.html?_=1712804398154&CODE_STATE=getMsg HTTP/1.1" 200 27
221.239.169.251 - - [11/Apr/2024:10:59:59 +0800] "GET /xingrg/check_reg.html?_=1712804398162 HTTP/1.1" 200 22
124.78.153.147 - - [11/Apr/2024:11:00:00 +0800] "GET /xingrg/all/function/internal_message.html?_=1712804397778&CODE_STATE=getMsg HTTP/1.1" 200 27
180.169.147.146 - - [11/Apr/2024:11:00:01 +0800] "GET /xingrg/all/function/internal_message.html?_=1712804409319&CODE_STATE=getMsg HTTP/1.1" 200 27
172.20.0.8 - - [11/Apr/2024:11:00:01 +0800] "GET /xingrg/all/function/internal_message.html?_=1712804401473&CODE_STATE=getMsg HTTP/1.1" 302 -
116.224.254.208 - - [11/Apr/2024:11:00:03 +0800] "GET /xingrg/all/function/internal_message.html?_=1712804403230&CODE_STATE=getMsg HTTP/1.1" 200 27
222.70.183.82 - - [11/Apr/2024:11:00:03 +0800] "GET /xingrg/all/function/internal_message.html?_=1712804402904&CODE_STATE=getMsg HTTP/1.1" 200 27
120.253.135.82 - - [11/Apr/2024:11:00:05 +0800] "GET /xingrg/all/function/internal_message.html?_=1712804583588&CODE_STATE=getMsg HTTP/1.1" 200 27
180.163.30.100 - - [11/Apr/2024:11:00:05 +0800] "GET /xingrg/index.html?sysBaseUrl=http://180.169.147.146:18081/xingrg/&costTime=1267×tamp=1712797711723 HTTP/1.1" 302 -
180.163.30.100 - - [11/Apr/2024:11:00:05 +0800] "GET /xingrg/login.html HTTP/1.1" 200 7641
101.80.230.31 - - [11/Apr/2024:11:00:07 +0800] "GET /xingrg/all/function/internal_message.html?_=1712804413630&CODE_STATE=getMsg HTTP/1.1" 200 27
124.78.56.241 - - [11/Apr/2024:11:00:09 +0800] "GET /xingrg/all/function/internal_message.html?_=1712804409487&CODE_STATE=getMsg HTTP/1.1" 200 27
172.20.0.100 - - [11/Apr/2024:11:00:09 +0800] "GET /xingrg/check_reg.html?_=1712804409391 HTTP/1.1" 200 22
180.163.29.217 - - [11/Apr/2024:11:00:13 +0800] "GET /xingrg/kc/base/wldb_order_operate.html?command=get_materiel&rest_code=00106&base_code=0010397&code=00102002448 HTTP/1.1" 302 -
180.163.29.217 - - [11/Apr/2024:11:00:13 +0800] "GET /xingrg/login.html HTTP/1.1" 200 7641
222.69.131.239 - - [11/Apr/2024:11:00:13 +0800] "GET /xingrg/all/function/internal_message.html?_=1712804414044&CODE_STATE=getMsg HTTP/1.1" 200 27
222.69.131.239 - - [11/Apr/2024:11:00:13 +0800] "GET /xingrg/check_reg.html?_=1712804414051 HTTP/1.1" 200 22
116.230.109.19 - - [11/Apr/2024:11:00:32 +0800] "GET /xingrg/all/function/internal_message.html?_=1712804380075&CODE_STATE=getMsg HTTP/1.1" 200 27
116.230.109.19 - - [11/Apr/2024:11:00:38 +0800] "GET /xingrg/kc/base/stock_operate.html?_=1712804385898&command=get_report_file&start_day=20220401 HTTP/1.1" 200 53
116.230.109.19 - - [11/Apr/2024:11:00:38 +0800] "GET /xingrg/all/report/report_query.html?isQuery=1&onlyBody=1&rh=2000&fileName=kc/base/kc_stock_detail_new.xml&queryString=(1=1)&queryText=&tableQueryString=init_table$sp1$$sp$crk_table$sp1$order_day%20between%2020220401%20and%2020240430&varString=start_day:20220401,materiel_code:00101006385,cost_id:3596,end_date:20220331 HTTP/1.1" 200 48701
116.230.109.19 - - [11/Apr/2024:11:00:38 +0800] "GET /xingrg/dwr/interface/AjaxReportQueryService.js HTTP/1.1" 200 13203
116.230.109.19 - - [11/Apr/2024:11:00:38 +0800] "GET /xingrg/dwr/engine.js HTTP/1.1" 200 43631
101.83.144.49 - - [11/Apr/2024:11:00:39 +0800] "GET /xingrg/all/function/internal_message.html?_=1712804441457&CODE_STATE=getMsg HTTP/1.1" 200 27
116.230.109.19 - - [11/Apr/2024:11:00:40 +0800] "POST /xingrg/all/report/load_report_page.html HTTP/1.1" 200 30119
116.230.109.19 - - [11/Apr/2024:11:00:40 +0800] "GET /xingrg/servlets/image?cache=0.9968402534417086&image=px HTTP/1.1" 200 807
180.163.30.76 - - [11/Apr/2024:11:00:41 +0800] "GET /xingrg/all/function/internal_message.html?_=1712801731159&CODE_STATE=getMsg HTTP/1.1" 302 -
180.163.30.76 - - [11/Apr/2024:11:00:41 +0800] "GET /xingrg/login.html HTTP/1.1" 200 7641
116.224.254.208 - - [11/Apr/2024:11:00:44 +0800] "GET /xingrg/all/function/internal_message.html?_=1712804444384&CODE_STATE=getMsg HTTP/1.1" 200 27
116.230.109.19 - - [11/Apr/2024:11:00:49 +0800] "GET /xingrg/all/function/internal_message.html?_=1712804396565&CODE_STATE=getMsg HTTP/1.1" 200 27
222.69.131.239 - - [11/Apr/2024:11:00:50 +0800] "GET /xingrg/login.html HTTP/1.1" 200 7641
222.69.131.239 - - [11/Apr/2024:11:00:50 +0800] "GET /favicon.ico HTTP/1.1" 404 -
222.69.131.239 - - [11/Apr/2024:11:00:54 +0800] "POST /xingrg/login.do HTTP/1.1" 302 -
222.69.131.239 - - [11/Apr/2024:11:00:54 +0800] "GET /xingrg/index.html?sysBaseUrl=http%3A%2F%2F180.169.147.146%3A18081%2Fxingrg%2F&costTime=836×tamp=1712804454260 HTTP/1.1" 200 17179
222.69.131.239 - - [11/Apr/2024:11:00:54 +0800] "GET /favicon.ico HTTP/1.1" 404 -
222.69.131.239 - - [11/Apr/2024:11:00:54 +0800] "GET /xingrg/check_reg.html?_=1712804455284 HTTP/1.1" 200 22
222.69.131.239 - - [11/Apr/2024:11:00:54 +0800] "GET /xingrg/all/function/internal_message.html?_=1712804455283&CODE_STATE=count HTTP/1.1" 200 11
222.69.131.239 - - [11/Apr/2024:11:00:54 +0800] "POST /xingrg/all/common/load_tree.html?tree=area_rest_tree_json&manage=1 HTTP/1.1" 200 351
222.69.131.239 - - [11/Apr/2024:11:00:54 +0800] "POST /xingrg/load_menu.html HTTP/1.1" 200 5138
116.230.109.19 - - [11/Apr/2024:11:00:56 +0800] "GET /xingrg/kc/guide/show_order.html?code=212024020301574&type=21 HTTP/1.1" 302 -
124.78.56.241 - - [11/Apr/2024:11:00:56 +0800] "GET /xingrg/check_reg.html?_=1712804456527 HTTP/1.1" 200 22
114.83.218.118 - - [11/Apr/2024:11:00:57 +0800] "GET /xingrg/all/function/internal_message.html?_=1712804456624&CODE_STATE=getMsg HTTP/1.1" 200 27
116.230.109.19 - - [11/Apr/2024:11:00:57 +0800] "GET /xingrg/kc/buy/cgsh_order_info.html?code=212024020301574&sysBaseUrl=http%3A%2F%2F180.169.147.146%3A18081%2Fxingrg%2F&costTime=0×tamp=1712804456144 HTTP/1.1" 200 68846
116.230.109.19 - - [11/Apr/2024:11:00:57 +0800] "GET /favicon.ico HTTP/1.1" 404 -
116.230.109.19 - - [11/Apr/2024:11:00:57 +0800] "GET /xingrg/javascript/easyui/themes/default/validatebox.css HTTP/1.1" 404 1104
218.81.216.77 - - [11/Apr/2024:11:00:58 +0800] "GET /xingrg/all/function/internal_message.html?_=1712804470111&CODE_STATE=getMsg HTTP/1.1" 200 27
116.230.109.19 - - [11/Apr/2024:11:00:58 +0800] "POST /xingrg/kc/buy/cgsh_order_operate.html HTTP/1.1" 200 623
222.69.131.239 - - [11/Apr/2024:11:00:58 +0800] "GET /xingrg/kc/buy/cgsh_order_list.html HTTP/1.1" 200 58077
222.69.131.239 - - [11/Apr/2024:11:00:58 +0800] "GET /xingrg/css/base.css HTTP/1.1" 200 2811
222.69.131.239 - - [11/Apr/2024:11:00:58 +0800] "GET /xingrg/css/site.css HTTP/1.1" 200 7541
222.69.131.239 - - [11/Apr/2024:11:00:58 +0800] "GET /xingrg/javascript/jquery_tools/datebox.css HTTP/1.1" 200 2597
222.69.131.239 - - [11/Apr/2024:11:00:58 +0800] "GET /xingrg/javascript/easyui/themes/default/easyui.css HTTP/1.1" 200 30432
222.69.131.239 - - [11/Apr/2024:11:00:58 +0800] "GET /xingrg/javascript/jquery_tools/fix.css HTTP/1.1" 200 1702
222.69.131.239 - - [11/Apr/2024:11:00:58 +0800] "GET /xingrg/javascript/easyui/themes/icon.css HTTP/1.1" 200 4483
222.69.131.239 - - [11/Apr/2024:11:00:58 +0800] "GET /xingrg/javascript/jquery_tools/table.css HTTP/1.1" 200 1032
222.69.131.239 - - [11/Apr/2024:11:00:58 +0800] "GET /xingrg/javascript/jquery_tools/jquery.tools.min.js HTTP/1.1" 200 138801
222.69.131.239 - - [11/Apr/2024:11:00:58 +0800] "GET /xingrg/javascript/jquery_tools/jquery.tools.hotkey.js HTTP/1.1" 200 3242
222.69.131.239 - - [11/Apr/2024:11:00:58 +0800] "GET /xingrg/javascript/jquery_tools/jquery.tools.table.js HTTP/1.1" 200 6994
222.69.131.239 - - [11/Apr/2024:11:00:58 +0800] "GET /xingrg/javascript/jquery_tools/jquery.tools.extend.js HTTP/1.1" 200 15385
222.69.131.239 - - [11/Apr/2024:11:00:58 +0800] "GET /xingrg/javascript/jquery_tools/list_manager.js HTTP/1.1" 200 3652
222.69.131.239 - - [11/Apr/2024:11:00:58 +0800] "GET /xingrg/javascript/easyui/easyloader.js HTTP/1.1" 200 5975
222.69.131.239 - - [11/Apr/2024:11:00:58 +0800] "GET /xingrg/javascript/jquery.cookie.js HTTP/1.1" 200 5513
221.239.169.251 - - [11/Apr/2024:11:00:59 +0800] "GET /xingrg/all/function/internal_message.html?_=1712804458160&CODE_STATE=getMsg HTTP/1.1" 200 27
222.69.131.239 - - [11/Apr/2024:11:00:59 +0800] "GET /xingrg/javascript/easyui/themes/icons/edit_add_new.png HTTP/1.1" 200 2997
222.69.131.239 - - [11/Apr/2024:11:00:59 +0800] "GET /xingrg/javascript/easyui/themes/icons/cance_new.png HTTP/1.1" 200 3986
222.69.131.239 - - [11/Apr/2024:11:00:59 +0800] "GET /xingrg/javascript/easyui/themes/icons/check_new.png HTTP/1.1" 200 3224
222.69.131.239 - - [11/Apr/2024:11:00:59 +0800] "GET /xingrg/javascript/easyui/themes/icons/field_new.png HTTP/1.1" 200 1097
222.69.131.239 - - [11/Apr/2024:11:00:59 +0800] "GET /xingrg/javascript/easyui/themes/icons/import_new.png HTTP/1.1" 200 1247
222.69.131.239 - - [11/Apr/2024:11:00:59 +0800] "GET /xingrg/javascript/easyui/plugins/jquery.parser.js HTTP/1.1" 200 1142
222.69.131.239 - - [11/Apr/2024:11:00:59 +0800] "GET /xingrg/images/control/ajaxLoader.gif HTTP/1.1" 200 4659
180.163.28.55 - - [11/Apr/2024:11:01:00 +0800] "GET /xingrg/all/function/internal_message.html?_=1712804397778&CODE_STATE=getMsg HTTP/1.1" 302 -
180.163.28.55 - - [11/Apr/2024:11:01:00 +0800] "GET /xingrg/login.html HTTP/1.1" 200 7641
124.78.153.147 - - [11/Apr/2024:11:01:00 +0800] "GET /xingrg/all/function/internal_message.html?_=1712804457785&CODE_STATE=getMsg HTTP/1.1" 200 27
222.69.131.239 - - [11/Apr/2024:11:01:01 +0800] "POST /xingrg/kc/buy/cgsh_list_operate.html HTTP/1.1" 200 645
180.169.147.146 - - [11/Apr/2024:11:01:01 +0800] "GET /xingrg/all/function/internal_message.html?_=1712804469343&CODE_STATE=getMsg HTTP/1.1" 200 27
222.69.131.239 - - [11/Apr/2024:11:01:01 +0800] "GET /xingrg/javascript/easyui/themes/default/images/button_plain_hover.png HTTP/1.1" 200 144
172.20.0.8 - - [11/Apr/2024:11:01:01 +0800] "GET /xingrg/check_reg.html?_=1712804461473 HTTP/1.1" 302 -
172.20.0.8 - - [11/Apr/2024:11:01:01 +0800] "GET /xingrg/all/function/internal_message.html?_=1712804461475&CODE_STATE=getMsg HTTP/1.1" 302 -
116.224.254.208 - - [11/Apr/2024:11:01:03 +0800] "GET /xingrg/all/function/internal_message.html?_=1712804463202&CODE_STATE=getMsg HTTP/1.1" 200 27
222.70.183.82 - - [11/Apr/2024:11:01:03 +0800] "GET /xingrg/all/function/internal_message.html?_=1712804462873&CODE_STATE=getMsg HTTP/1.1" 200 27
120.253.135.82 - - [11/Apr/2024:11:01:05 +0800] "GET /xingrg/all/function/internal_message.html?_=1712804643587&CODE_STATE=getMsg HTTP/1.1" 200 27
101.80.230.31 - - [11/Apr/2024:11:01:07 +0800] "GET /xingrg/all/function/internal_message.html?_=1712804473635&CODE_STATE=getMsg HTTP/1.1" 200 27
124.78.56.241 - - [11/Apr/2024:11:01:09 +0800] "GET /xingrg/all/function/internal_message.html?_=1712804469480&CODE_STATE=getMsg HTTP/1.1" 200 27
114.83.218.118 - - [11/Apr/2024:11:01:14 +0800] "GET /xingrg/kc/buy/cgsh_order_operate.html?command=get_materiel&rest_code=00149&code=00101005037&supplier_code=00100039&order_time=2024-04-10 HTTP/1.1" 200 409
114.83.218.118 - - [11/Apr/2024:11:01:28 +0800] "POST /xingrg/kc/buy/cgsh_order_operate.html HTTP/1.1" 200 37
116.230.109.19 - - [11/Apr/2024:11:01:29 +0800] "GET /xingrg/kc/guide/show_order.html?code=212024020301574&type=21 HTTP/1.1" 302 -
116.230.109.19 - - [11/Apr/2024:11:01:30 +0800] "GET /xingrg/kc/buy/cgsh_order_info.html?code=212024020301574&sysBaseUrl=http%3A%2F%2F180.169.147.146%3A18081%2Fxingrg%2F&costTime=0×tamp=1712804489224 HTTP/1.1" 200 68846
116.230.109.19 - - [11/Apr/2024:11:01:30 +0800] "GET /favicon.ico HTTP/1.1" 404 -
116.230.109.19 - - [11/Apr/2024:11:01:31 +0800] "GET /xingrg/javascript/easyui/themes/default/validatebox.css HTTP/1.1" 404 1104
116.230.109.19 - - [11/Apr/2024:11:01:32 +0800] "POST /xingrg/kc/buy/cgsh_order_operate.html HTTP/1.1" 200 623
116.230.109.19 - - [11/Apr/2024:11:01:32 +0800] "GET /xingrg/all/function/internal_message.html?_=1712804440068&CODE_STATE=getMsg HTTP/1.1" 200 27
116.230.109.19 - - [11/Apr/2024:11:01:34 +0800] "GET /xingrg/kc/guide/show_order.html?code=212024013013206&type=21 HTTP/1.1" 302 -
180.163.30.27 - - [11/Apr/2024:11:01:37 +0800] "GET /xingrg/check_reg.html?_=1712804277774 HTTP/1.1" 302 -
180.163.30.27 - - [11/Apr/2024:11:01:37 +0800] "GET /xingrg/login.html HTTP/1.1" 200 7641
101.83.144.49 - - [11/Apr/2024:11:01:39 +0800] "GET /xingrg/all/function/internal_message.html?_=1712804501460&CODE_STATE=getMsg HTTP/1.1" 200 27
114.83.218.118 - - [11/Apr/2024:11:01:40 +0800] "POST /xingrg/kc/buy/cgsh_order_operate.html HTTP/1.1" 200 12
116.224.254.208 - - [11/Apr/2024:11:01:40 +0800] "GET /xingrg/check_reg.html?_=1712804500806 HTTP/1.1" 200 22
116.230.109.19 - - [11/Apr/2024:11:01:41 +0800] "GET /xingrg/kc/buy/cgsh_order_info.html?code=212024013013206&sysBaseUrl=http%3A%2F%2F180.169.147.146%3A18081%2Fxingrg%2F&costTime=3×tamp=1712804494446 HTTP/1.1" 200 68846
116.230.109.19 - - [11/Apr/2024:11:01:41 +0800] "GET /favicon.ico HTTP/1.1" 404 -
116.230.109.19 - - [11/Apr/2024:11:01:41 +0800] "GET /xingrg/javascript/easyui/themes/default/validatebox.css HTTP/1.1" 404 1104
116.230.109.19 - - [11/Apr/2024:11:01:42 +0800] "POST /xingrg/kc/buy/cgsh_order_operate.html HTTP/1.1" 200 1811
116.230.109.19 - - [11/Apr/2024:11:01:43 +0800] "GET /xingrg/kc/guide/show_order.html?code=212024013013206&type=21 HTTP/1.1" 302 -
116.224.254.208 - - [11/Apr/2024:11:01:44 +0800] "GET /xingrg/all/function/internal_message.html?_=1712804504363&CODE_STATE=getMsg HTTP/1.1" 200 27
114.83.218.118 - - [11/Apr/2024:11:01:44 +0800] "GET /xingrg/kc/buy/cgsh_order_info.html?code=212024041102561 HTTP/1.1" 200 68843
116.230.109.19 - - [11/Apr/2024:11:01:44 +0800] "GET /xingrg/kc/buy/cgsh_order_info.html?code=212024013013206&sysBaseUrl=http%3A%2F%2F180.169.147.146%3A18081%2Fxingrg%2F&costTime=1×tamp=1712804503078 HTTP/1.1" 200 68846
116.230.109.19 - - [11/Apr/2024:11:01:44 +0800] "GET /favicon.ico HTTP/1.1" 404 -
116.230.109.19 - - [11/Apr/2024:11:01:45 +0800] "GET /xingrg/javascript/easyui/themes/default/validatebox.css HTTP/1.1" 404 1104
114.83.218.118 - - [11/Apr/2024:11:01:45 +0800] "GET /xingrg/javascript/easyui/themes/default/validatebox.css HTTP/1.1" 404 1104
116.230.109.19 - - [11/Apr/2024:11:01:46 +0800] "POST /xingrg/kc/buy/cgsh_order_operate.html HTTP/1.1" 200 1811
114.83.218.118 - - [11/Apr/2024:11:01:46 +0800] "POST /xingrg/kc/buy/cgsh_order_operate.html HTTP/1.1" 200 2978
116.230.109.19 - - [11/Apr/2024:11:01:49 +0800] "GET /xingrg/all/function/internal_message.html?_=1712804456573&CODE_STATE=getMsg HTTP/1.1" 200 27
222.69.131.239 - - [11/Apr/2024:11:01:54 +0800] "GET /xingrg/all/function/internal_message.html?_=1712804515296&CODE_STATE=getMsg HTTP/1.1" 200 27
114.83.218.118 - - [11/Apr/2024:11:01:54 +0800] "GET /xingrg/check_reg.html?_=1712804514318 HTTP/1.1" 200 22
114.83.218.118 - - [11/Apr/2024:11:01:57 +0800] "GET /xingrg/all/function/internal_message.html?_=1712804516607&CODE_STATE=getMsg HTTP/1.1" 200 27
218.81.216.77 - - [11/Apr/2024:11:01:58 +0800] "GET /xingrg/all/function/internal_message.html?_=1712804530119&CODE_STATE=getMsg HTTP/1.1" 200 27
221.239.169.251 - - [11/Apr/2024:11:01:59 +0800] "GET /xingrg/all/function/internal_message.html?_=1712804518174&CODE_STATE=getMsg HTTP/1.1" 200 27
114.83.218.118 - - [11/Apr/2024:11:02:00 +0800] "GET /xingrg/kc/print/load_data.html?order_code=212024041102561&kc_code=cgsh&condition= HTTP/1.1" 200 1626
124.78.153.147 - - [11/Apr/2024:11:02:00 +0800] "GET /xingrg/all/function/internal_message.html?_=1712804517786&CODE_STATE=getMsg HTTP/1.1" 200 27
180.169.147.146 - - [11/Apr/2024:11:02:01 +0800] "GET /xingrg/check_reg.html?_=1712804529342 HTTP/1.1" 200 22
180.169.147.146 - - [11/Apr/2024:11:02:01 +0800] "GET /xingrg/all/function/internal_message.html?_=1712804529341&CODE_STATE=getMsg HTTP/1.1" 200 27
172.20.0.8 - - [11/Apr/2024:11:02:01 +0800] "GET /xingrg/all/function/internal_message.html?_=1712804521460&CODE_STATE=getMsg HTTP/1.1" 302 -
116.230.109.19 - - [11/Apr/2024:11:02:02 +0800] "GET /xingrg/kc/guide/show_order.html?code=212024020301574&type=21 HTTP/1.1" 302 -
116.224.254.208 - - [11/Apr/2024:11:02:03 +0800] "GET /xingrg/all/function/internal_message.html?_=1712804523189&CODE_STATE=getMsg HTTP/1.1" 200 27
116.224.254.208 - - [11/Apr/2024:11:02:03 +0800] "GET /xingrg/check_reg.html?_=1712804523423 HTTP/1.1" 200 22
222.70.183.82 - - [11/Apr/2024:11:02:03 +0800] "GET /xingrg/all/function/internal_message.html?_=1712804522858&CODE_STATE=getMsg HTTP/1.1" 200 27
116.230.109.19 - - [11/Apr/2024:11:02:04 +0800] "GET /xingrg/kc/buy/cgsh_order_info.html?code=212024020301574&sysBaseUrl=http%3A%2F%2F180.169.147.146%3A18081%2Fxingrg%2F&costTime=1×tamp=1712804522433 HTTP/1.1" 200 68846
116.230.109.19 - - [11/Apr/2024:11:02:04 +0800] "GET /favicon.ico HTTP/1.1" 404 -
116.230.109.19 - - [11/Apr/2024:11:02:04 +0800] "GET /xingrg/javascript/easyui/themes/default/validatebox.css HTTP/1.1" 404 1104
120.253.135.82 - - [11/Apr/2024:11:02:05 +0800] "GET /xingrg/all/function/internal_message.html?_=1712804703592&CODE_STATE=getMsg HTTP/1.1" 200 27
116.230.109.19 - - [11/Apr/2024:11:02:05 +0800] "POST /xingrg/kc/buy/cgsh_order_operate.html HTTP/1.1" 200 623
218.81.216.77 - - [11/Apr/2024:11:02:06 +0800] "GET /xingrg/check_reg.html?_=1712804526876 HTTP/1.1" 200 22
101.80.230.31 - - [11/Apr/2024:11:02:07 +0800] "GET /xingrg/all/function/internal_message.html?_=1712804533644&CODE_STATE=getMsg HTTP/1.1" 200 27
124.78.56.241 - - [11/Apr/2024:11:02:09 +0800] "GET /xingrg/all/function/internal_message.html?_=1712804529456&CODE_STATE=getMsg HTTP/1.1" 200 27
114.83.218.118 - - [11/Apr/2024:11:02:15 +0800] "GET /xingrg/kc/buy/cgsh_order_add.html HTTP/1.1" 200 73971
114.83.218.118 - - [11/Apr/2024:11:02:16 +0800] "POST /xingrg/kc/buy/cgsh_order_operate.html HTTP/1.1" 200 8245
114.83.218.118 - - [11/Apr/2024:11:02:16 +0800] "GET /xingrg/javascript/easyui/themes/default/validatebox.css HTTP/1.1" 404 1104
116.230.109.19 - - [11/Apr/2024:11:02:32 +0800] "GET /xingrg/all/function/internal_message.html?_=1712804500085&CODE_STATE=getMsg HTTP/1.1" 200 27
101.83.144.49 - - [11/Apr/2024:11:02:39 +0800] "GET /xingrg/all/function/internal_message.html?_=1712804561461&CODE_STATE=getMsg HTTP/1.1" 200 27
101.83.144.49 - - [11/Apr/2024:11:02:39 +0800] "GET /xingrg/check_reg.html?_=1712804561466 HTTP/1.1" 200 22
116.224.254.208 - - [11/Apr/2024:11:02:44 +0800] "GET /xingrg/all/function/internal_message.html?_=1712804564346&CODE_STATE=getMsg HTTP/1.1" 200 27
116.230.109.19 - - [11/Apr/2024:11:02:49 +0800] "GET /xingrg/all/function/internal_message.html?_=1712804516556&CODE_STATE=getMsg HTTP/1.1" 200 27
116.238.97.31 - - [11/Apr/2024:11:02:54 +0800] "POST /xingrg/all/common/load_combo.html?type=base HTTP/1.1" 200 3321
222.69.131.239 - - [11/Apr/2024:11:02:54 +0800] "GET /xingrg/all/function/internal_message.html?_=1712804575292&CODE_STATE=getMsg HTTP/1.1" 200 27
116.238.97.31 - - [11/Apr/2024:11:02:56 +0800] "POST /xingrg/all/common/load_combo.html?type=base HTTP/1.1" 200 3321
218.81.216.77 - - [11/Apr/2024:11:02:57 +0800] "GET /xingrg/check_reg.html?_=1712804588941 HTTP/1.1" 200 22
114.83.218.118 - - [11/Apr/2024:11:02:57 +0800] "GET /xingrg/all/function/internal_message.html?_=1712804576714&CODE_STATE=getMsg HTTP/1.1" 200 27
218.81.216.77 - - [11/Apr/2024:11:02:58 +0800] "GET /xingrg/all/function/internal_message.html?_=1712804590132&CODE_STATE=getMsg HTTP/1.1" 200 27
116.230.109.19 - - [11/Apr/2024:11:02:58 +0800] "GET /xingrg/kc/guide/show_order.html?code=212024013013206&type=21 HTTP/1.1" 302 -
221.239.169.251 - - [11/Apr/2024:11:02:59 +0800] "GET /xingrg/all/function/internal_message.html?_=1712804578162&CODE_STATE=getMsg HTTP/1.1" 200 27
116.230.109.19 - - [11/Apr/2024:11:03:00 +0800] "GET /xingrg/kc/buy/cgsh_order_info.html?code=212024013013206&sysBaseUrl=http%3A%2F%2F180.169.147.146%3A18081%2Fxingrg%2F&costTime=0×tamp=1712804578942 HTTP/1.1" 200 68846
116.230.109.19 - - [11/Apr/2024:11:03:00 +0800] "GET /favicon.ico HTTP/1.1" 404 -
124.78.153.147 - - [11/Apr/2024:11:03:00 +0800] "GET /xingrg/check_reg.html?_=1712804577784 HTTP/1.1" 200 22
124.78.153.147 - - [11/Apr/2024:11:03:00 +0800] "GET /xingrg/all/function/internal_message.html?_=1712804577788&CODE_STATE=getMsg HTTP/1.1" 200 27
116.230.109.19 - - [11/Apr/2024:11:03:00 +0800] "GET /xingrg/javascript/easyui/themes/default/validatebox.css HTTP/1.1" 404 1104
180.169.147.146 - - [11/Apr/2024:11:03:01 +0800] "GET /xingrg/all/function/internal_message.html?_=1712804589340&CODE_STATE=getMsg HTTP/1.1" 200 27
116.230.109.19 - - [11/Apr/2024:11:03:01 +0800] "POST /xingrg/kc/buy/cgsh_order_operate.html HTTP/1.1" 200 1811
172.20.0.8 - - [11/Apr/2024:11:03:01 +0800] "GET /xingrg/all/function/internal_message.html?_=1712804581462&CODE_STATE=getMsg HTTP/1.1" 302 -
116.224.254.208 - - [11/Apr/2024:11:03:03 +0800] "GET /xingrg/all/function/internal_message.html?_=1712804583162&CODE_STATE=getMsg HTTP/1.1" 200 27
222.70.183.82 - - [11/Apr/2024:11:03:03 +0800] "GET /xingrg/all/function/internal_message.html?_=1712804582843&CODE_STATE=getMsg HTTP/1.1" 200 27
120.253.135.82 - - [11/Apr/2024:11:03:05 +0800] "GET /xingrg/all/function/internal_message.html?_=1712804763597&CODE_STATE=getMsg HTTP/1.1" 200 27
116.238.97.31 - - [11/Apr/2024:11:03:07 +0800] "GET /xingrg/kc/base/wldb_order_operate.html?command=get_materiel&rest_code=00102&base_code=0010476&code=00101019247 HTTP/1.1" 200 455
101.80.230.31 - - [11/Apr/2024:11:03:07 +0800] "GET /xingrg/all/function/internal_message.html?_=1712804593649&CODE_STATE=getMsg HTTP/1.1" 200 27
114.83.218.118 - - [11/Apr/2024:11:03:08 +0800] "GET /xingrg/kc/buy/cgsh_order_operate.html?command=get_materiel&rest_code=00149&code=00102002061&supplier_code=00100075&order_time=2024-04-10 HTTP/1.1" 200 412
124.78.56.241 - - [11/Apr/2024:11:03:09 +0800] "GET /xingrg/all/function/internal_message.html?_=1712804589434&CODE_STATE=getMsg HTTP/1.1" 200 27
116.230.109.19 - - [11/Apr/2024:11:03:12 +0800] "GET /xingrg/kc/report/report_main.html HTTP/1.1" 200 7340
116.230.109.19 - - [11/Apr/2024:11:03:32 +0800] "GET /xingrg/all/function/internal_message.html?_=1712804560065&CODE_STATE=getMsg HTTP/1.1" 200 27
180.163.30.85 - - [11/Apr/2024:11:03:34 +0800] "GET /xingrg/all/function/internal_message.html?_=1712801611205&CODE_STATE=getMsg HTTP/1.1" 302 -
180.163.30.85 - - [11/Apr/2024:11:03:34 +0800] "GET /xingrg/login.html HTTP/1.1" 200 7641
101.83.144.49 - - [11/Apr/2024:11:03:39 +0800] "GET /xingrg/all/function/internal_message.html?_=1712804621470&CODE_STATE=getMsg HTTP/1.1" 200 27
116.230.109.19 - - [11/Apr/2024:11:03:39 +0800] "GET /xingrg/kc/base/check_order_list.html HTTP/1.1" 200 16176
116.230.109.19 - - [11/Apr/2024:11:03:40 +0800] "POST /xingrg/kc/base/check_list_operate.html HTTP/1.1" 200 781
116.224.254.208 - - [11/Apr/2024:11:03:44 +0800] "GET /xingrg/all/function/internal_message.html?_=1712804624336&CODE_STATE=getMsg HTTP/1.1" 200 27
116.230.109.19 - - [11/Apr/2024:11:03:48 +0800] "POST /xingrg/kc/base/check_list_operate.html HTTP/1.1" 200 5445
116.230.109.19 - - [11/Apr/2024:11:03:49 +0800] "GET /xingrg/all/function/internal_message.html?_=1712804576573&CODE_STATE=getMsg HTTP/1.1" 200 27
116.230.109.19 - - [11/Apr/2024:11:03:53 +0800] "GET /xingrg/kc/base/check_order_info.html?code=452024033100266 HTTP/1.1" 200 22854
116.230.109.19 - - [11/Apr/2024:11:03:53 +0800] "GET /xingrg/dwr/interface/AjaxComOrderService.js HTTP/1.1" 200 18264
116.230.109.19 - - [11/Apr/2024:11:03:53 +0800] "GET /xingrg/dwr/interface/AjaxCheckService.js HTTP/1.1" 200 14003
116.230.109.19 - - [11/Apr/2024:11:03:53 +0800] "GET /xingrg/dwr/engine.js HTTP/1.1" 200 43631
116.230.109.19 - - [11/Apr/2024:11:03:53 +0800] "POST /xingrg/dwr/call/plaincall/AjaxCheckService.loadOrderItems.dwr HTTP/1.1" 200 116651
222.70.183.82 - - [11/Apr/2024:11:03:53 +0800] "GET /xingrg/check_reg.html?_=1712804633108 HTTP/1.1" 200 22
222.69.131.239 - - [11/Apr/2024:11:03:54 +0800] "GET /xingrg/all/function/internal_message.html?_=1712804635314&CODE_STATE=getMsg HTTP/1.1" 200 27
114.83.218.118 - - [11/Apr/2024:11:03:57 +0800] "GET /xingrg/all/function/internal_message.html?_=1712804636695&CODE_STATE=getMsg HTTP/1.1" 200 27
218.81.216.77 - - [11/Apr/2024:11:03:58 +0800] "GET /xingrg/all/function/internal_message.html?_=1712804650146&CODE_STATE=getMsg HTTP/1.1" 200 27
221.239.169.251 - - [11/Apr/2024:11:03:59 +0800] "GET /xingrg/all/function/internal_message.html?_=1712804638156&CODE_STATE=getMsg HTTP/1.1" 200 27
124.78.153.147 - - [11/Apr/2024:11:04:00 +0800] "GET /xingrg/all/function/internal_message.html?_=1712804637788&CODE_STATE=getMsg HTTP/1.1" 200 27
180.163.30.100 - - [11/Apr/2024:11:04:00 +0800] "GET /xingrg/check_reg.html?_=1712804577784 HTTP/1.1" 302 -
180.163.30.100 - - [11/Apr/2024:11:04:00 +0800] "GET /xingrg/login.html HTTP/1.1" 200 7641
180.163.29.234 - - [11/Apr/2024:11:04:00 +0800] "GET /xingrg/all/function/internal_message.html?_=1712804577788&CODE_STATE=getMsg HTTP/1.1" 302 -
180.163.29.234 - - [11/Apr/2024:11:04:00 +0800] "GET /xingrg/login.html HTTP/1.1" 200 7641
180.169.147.146 - - [11/Apr/2024:11:04:01 +0800] "GET /xingrg/all/function/internal_message.html?_=1712804649338&CODE_STATE=getMsg HTTP/1.1" 200 27
172.20.0.8 - - [11/Apr/2024:11:04:01 +0800] "GET /xingrg/all/function/internal_message.html?_=1712804641463&CODE_STATE=getMsg HTTP/1.1" 302 -
116.224.254.208 - - [11/Apr/2024:11:04:03 +0800] "GET /xingrg/all/function/internal_message.html?_=1712804643137&CODE_STATE=getMsg HTTP/1.1" 200 27
222.70.183.82 - - [11/Apr/2024:11:04:03 +0800] "GET /xingrg/all/function/internal_message.html?_=1712804642815&CODE_STATE=getMsg HTTP/1.1" 200 27
116.238.97.31 - - [11/Apr/2024:11:04:03 +0800] "POST /xingrg/kc/base/wldb_order_operate.html HTTP/1.1" 200 37
120.253.135.82 - - [11/Apr/2024:11:04:05 +0800] "GET /xingrg/all/function/internal_message.html?_=1712804823609&CODE_STATE=getMsg HTTP/1.1" 200 27
120.253.135.82 - - [11/Apr/2024:11:04:05 +0800] "GET /xingrg/check_reg.html?_=1712804823609 HTTP/1.1" 200 22
101.80.230.31 - - [11/Apr/2024:11:04:07 +0800] "GET /xingrg/all/function/internal_message.html?_=1712804653654&CODE_STATE=getMsg HTTP/1.1" 200 27
101.80.230.31 - - [11/Apr/2024:11:04:07 +0800] "GET /xingrg/check_reg.html?_=1712804653654 HTTP/1.1" 200 22
124.78.56.241 - - [11/Apr/2024:11:04:09 +0800] "GET /xingrg/all/function/internal_message.html?_=1712804649413&CODE_STATE=getMsg HTTP/1.1" 200 27
116.238.97.31 - - [11/Apr/2024:11:04:10 +0800] "POST /xingrg/kc/base/wldb_order_operate.html HTTP/1.1" 200 12
116.238.97.31 - - [11/Apr/2024:11:04:10 +0800] "POST /xingrg/kc/base/wldb_order_operate.html HTTP/1.1" 200 2197
180.163.30.85 - - [11/Apr/2024:11:04:20 +0800] "GET /xingrg/all/function/internal_message.html?_=1712804517786&CODE_STATE=getMsg HTTP/1.1" 302 -
180.163.30.85 - - [11/Apr/2024:11:04:20 +0800] "GET /xingrg/login.html HTTP/1.1" 200 7641
222.69.131.239 - - [11/Apr/2024:11:04:21 +0800] "GET /xingrg/kc/buy/cgsh_order_add.html HTTP/1.1" 200 73081
222.69.131.239 - - [11/Apr/2024:11:04:21 +0800] "GET /xingrg/javascript/jquery_tools/order_manager.js HTTP/1.1" 200 11183
222.69.131.239 - - [11/Apr/2024:11:04:21 +0800] "GET /xingrg/javascript/convert.js HTTP/1.1" 200 1239
222.69.131.239 - - [11/Apr/2024:11:04:21 +0800] "GET /xingrg/javascript/json2.js HTTP/1.1" 200 11259
222.69.131.239 - - [11/Apr/2024:11:04:21 +0800] "GET /xingrg/words/20240410095414_words.js HTTP/1.1" 304 -
222.69.131.239 - - [11/Apr/2024:11:04:21 +0800] "GET /xingrg/javascript/easyui/themes/icons/copy_new.png HTTP/1.1" 200 815
222.69.131.239 - - [11/Apr/2024:11:04:21 +0800] "GET /xingrg/javascript/easyui/themes/icons/template_new.png HTTP/1.1" 200 3956
222.69.131.239 - - [11/Apr/2024:11:04:21 +0800] "GET /xingrg/javascript/easyui/themes/icons/ok.png HTTP/1.1" 200 883
222.69.131.239 - - [11/Apr/2024:11:04:21 +0800] "GET /xingrg/javascript/easyui/themes/icons/print.png HTTP/1.1" 200 1057
222.69.131.239 - - [11/Apr/2024:11:04:21 +0800] "GET /xingrg/javascript/easyui/themes/default/images/menu_downarrow.png HTTP/1.1" 200 173
222.69.131.239 - - [11/Apr/2024:11:04:21 +0800] "GET /xingrg/javascript/easyui/themes/icons/cancel.png HTTP/1.1" 200 1133
222.69.131.239 - - [11/Apr/2024:11:04:21 +0800] "POST /xingrg/kc/buy/cgsh_order_operate.html HTTP/1.1" 200 8245
222.69.131.239 - - [11/Apr/2024:11:04:21 +0800] "GET /xingrg/javascript/easyui/themes/default/validatebox.css HTTP/1.1" 404 1104
222.69.131.239 - - [11/Apr/2024:11:04:21 +0800] "GET /xingrg/javascript/easyui/plugins/jquery.validatebox.js HTTP/1.1" 200 6103
222.69.131.239 - - [11/Apr/2024:11:04:22 +0800] "GET /xingrg/javascript/easyui/plugins/jquery.numberbox.js HTTP/1.1" 200 5213
222.69.131.239 - - [11/Apr/2024:11:04:22 +0800] "GET /xingrg/all/common/auto_word.html?type=employee&rest_code=00154 HTTP/1.1" 200 101
222.69.131.239 - - [11/Apr/2024:11:04:22 +0800] "GET /xingrg/all/common/auto_word.html?type=employee&rest_code=00154 HTTP/1.1" 200 101
222.69.131.239 - - [11/Apr/2024:11:04:22 +0800] "GET /xingrg/javascript/easyui/themes/icons/edit_remove.png HTTP/1.1" 200 625
116.230.109.19 - - [11/Apr/2024:11:04:32 +0800] "GET /xingrg/all/function/internal_message.html?_=1712804620072&CODE_STATE=getMsg HTTP/1.1" 200 27
116.230.109.19 - - [11/Apr/2024:11:04:32 +0800] "GET /xingrg/check_reg.html?_=1712804620079 HTTP/1.1" 200 22
116.238.97.31 - - [11/Apr/2024:11:04:36 +0800] "GET /xingrg/kc/base/wldb_order_info.html?code=422024041100587 HTTP/1.1" 200 26255
116.238.97.31 - - [11/Apr/2024:11:04:37 +0800] "GET /xingrg/javascript/easyui/themes/default/validatebox.css HTTP/1.1" 404 1104
116.238.97.31 - - [11/Apr/2024:11:04:37 +0800] "POST /xingrg/kc/base/wldb_order_operate.html HTTP/1.1" 200 492
