180.162.115.93 - - [09/Apr/2024:11:18:38 +0800] "GET /xingrg/javascript/jquery_easy_ui/themes/default/images/tree_folder.gif HTTP/1.1" 304 -
180.162.115.93 - - [09/Apr/2024:11:18:38 +0800] "GET /xingrg/javascript/jquery_easy_ui/themes/icons/storage_new.png HTTP/1.1" 304 -
180.162.115.93 - - [09/Apr/2024:11:18:38 +0800] "GET /xingrg/javascript/jquery_easy_ui/themes/icons/forms_new.png HTTP/1.1" 304 -
180.162.115.93 - - [09/Apr/2024:11:18:38 +0800] "GET /xingrg/javascript/jquery_easy_ui/themes/default/images/tree_file.gif HTTP/1.1" 304 -
180.162.115.93 - - [09/Apr/2024:11:18:42 +0800] "GET /xingrg/kc/buy/buy_main.html HTTP/1.1" 200 12412
180.162.115.93 - - [09/Apr/2024:11:18:42 +0800] "GET /xingrg/javascript/jquery_easy_ui/themes/default/images/tabs_close.gif HTTP/1.1" 304 -
180.162.115.93 - - [09/Apr/2024:11:18:42 +0800] "GET /xingrg/css/blue.css HTTP/1.1" 304 -
180.162.115.93 - - [09/Apr/2024:11:18:42 +0800] "GET /xingrg/css/new_ie.css HTTP/1.1" 404 1036
180.162.115.93 - - [09/Apr/2024:11:18:42 +0800] "GET /xingrg/javascript/jquery_ui/themes/humanity/humanity.css HTTP/1.1" 304 -
180.162.115.93 - - [09/Apr/2024:11:18:42 +0800] "GET /xingrg/javascript/pic_change.js HTTP/1.1" 304 -
180.162.115.93 - - [09/Apr/2024:11:18:42 +0800] "GET /xingrg/javascript/ToolTips.js HTTP/1.1" 304 -
180.162.115.93 - - [09/Apr/2024:11:18:42 +0800] "GET /xingrg/javascript/myfunction.js HTTP/1.1" 304 -
180.162.115.93 - - [09/Apr/2024:11:18:42 +0800] "GET /xingrg/javascript/jquery_ui/jquery-ui.min.js HTTP/1.1" 304 -
180.162.115.93 - - [09/Apr/2024:11:18:42 +0800] "GET /xingrg/images/blue/button/cgxqd.gif HTTP/1.1" 304 -
180.162.115.93 - - [09/Apr/2024:11:18:42 +0800] "GET /xingrg/images/blue/button/cgydd.gif HTTP/1.1" 304 -
180.162.115.93 - - [09/Apr/2024:11:18:42 +0800] "GET /xingrg/images/blue/button/cgshd.gif HTTP/1.1" 304 -
180.162.115.93 - - [09/Apr/2024:11:18:42 +0800] "GET /xingrg/images/blue/button/cgfkd.gif HTTP/1.1" 304 -
180.162.115.93 - - [09/Apr/2024:11:18:42 +0800] "GET /xingrg/images/blue/button/kc.gif HTTP/1.1" 304 -
180.162.115.93 - - [09/Apr/2024:11:18:42 +0800] "GET /xingrg/images/blue/button/ckthd.gif HTTP/1.1" 304 -
180.162.115.93 - - [09/Apr/2024:11:18:42 +0800] "GET /xingrg/images/blue/pic_form2.gif HTTP/1.1" 304 -
180.162.115.93 - - [09/Apr/2024:11:18:42 +0800] "GET /xingrg/images/blue/button/right_ah.jpg HTTP/1.1" 304 -
180.162.115.93 - - [09/Apr/2024:11:18:42 +0800] "GET /xingrg/images/blue/bg_dotted.jpg HTTP/1.1" 304 -
180.162.115.93 - - [09/Apr/2024:11:18:42 +0800] "GET /xingrg/javascript/jquery_ui/themes/humanity/images/ui-bg_inset-soft_100_f4f0ec_1x100.png HTTP/1.1" 304 -
180.162.115.93 - - [09/Apr/2024:11:18:42 +0800] "GET /xingrg/images/blue/button/down_ah.jpg HTTP/1.1" 304 -
180.162.115.93 - - [09/Apr/2024:11:18:43 +0800] "GET /xingrg/javascript/jquery_ui/themes/humanity/images/ui-iconsnew.jpg HTTP/1.1" 304 -
180.162.115.93 - - [09/Apr/2024:11:18:43 +0800] "GET /xingrg/javascript/jquery_ui/themes/humanity/images/ui-icons_ffffff_256x240.png HTTP/1.1" 304 -
180.162.115.93 - - [09/Apr/2024:11:18:43 +0800] "GET /xingrg/javascript/jquery_ui/themes/humanity/images/ui-icons_c47a23_256x240.png HTTP/1.1" 304 -
180.162.115.93 - - [09/Apr/2024:11:18:43 +0800] "GET /xingrg/javascript/jquery_ui/themes/humanity/images/ui-bg_glass_70_ede4d4_1x400.png HTTP/1.1" 304 -
180.162.115.93 - - [09/Apr/2024:11:18:43 +0800] "GET /xingrg/images/yd/bt.gif HTTP/1.1" 404 1040
222.70.183.82 - - [09/Apr/2024:11:18:44 +0800] "GET /xingrg/all/function/internal_message.html?_=1712632724508&CODE_STATE=getMsg HTTP/1.1" 200 27
180.162.115.93 - - [09/Apr/2024:11:18:44 +0800] "GET /xingrg/kc/buy/cgsh_order_list.html HTTP/1.1" 200 58077
180.162.115.93 - - [09/Apr/2024:11:18:44 +0800] "GET /xingrg/css/base.css HTTP/1.1" 304 -
180.162.115.93 - - [09/Apr/2024:11:18:44 +0800] "GET /xingrg/css/site.css HTTP/1.1" 304 -
180.162.115.93 - - [09/Apr/2024:11:18:44 +0800] "GET /xingrg/javascript/jquery_tools/datebox.css HTTP/1.1" 304 -
180.162.115.93 - - [09/Apr/2024:11:18:44 +0800] "GET /xingrg/javascript/easyui/themes/default/easyui.css HTTP/1.1" 304 -
180.162.115.93 - - [09/Apr/2024:11:18:44 +0800] "GET /xingrg/javascript/easyui/themes/icon.css HTTP/1.1" 304 -
180.162.115.93 - - [09/Apr/2024:11:18:44 +0800] "GET /xingrg/javascript/auto/jquery.autocomplete.css HTTP/1.1" 304 -
180.162.115.93 - - [09/Apr/2024:11:18:44 +0800] "GET /xingrg/javascript/jquery_tools/fix.css HTTP/1.1" 304 -
180.162.115.93 - - [09/Apr/2024:11:18:44 +0800] "GET /xingrg/javascript/jquery_tools/table.css HTTP/1.1" 304 -
180.162.115.93 - - [09/Apr/2024:11:18:44 +0800] "GET /xingrg/javascript/jquery_tools/jquery.tools.min.js HTTP/1.1" 304 -
180.162.115.93 - - [09/Apr/2024:11:18:44 +0800] "GET /xingrg/javascript/jquery_tools/jquery.tools.extend.js HTTP/1.1" 304 -
180.162.115.93 - - [09/Apr/2024:11:18:44 +0800] "GET /xingrg/javascript/jquery_tools/list_manager.js HTTP/1.1" 304 -
180.162.115.93 - - [09/Apr/2024:11:18:44 +0800] "GET /xingrg/javascript/jquery_tools/jquery.tools.hotkey.js HTTP/1.1" 304 -
180.162.115.93 - - [09/Apr/2024:11:18:44 +0800] "GET /xingrg/javascript/jquery_tools/jquery.tools.table.js HTTP/1.1" 304 -
180.162.115.93 - - [09/Apr/2024:11:18:44 +0800] "GET /xingrg/javascript/auto/jquery.autocomplete.js HTTP/1.1" 304 -
180.162.115.93 - - [09/Apr/2024:11:18:44 +0800] "GET /xingrg/javascript/jquery.cookie.js HTTP/1.1" 304 -
180.162.115.93 - - [09/Apr/2024:11:18:44 +0800] "GET /xingrg/javascript/easyui/easyloader.js HTTP/1.1" 304 -
180.162.115.93 - - [09/Apr/2024:11:18:44 +0800] "GET /xingrg/javascript/print/LodopFuncs.js HTTP/1.1" 304 -
180.169.147.146 - - [09/Apr/2024:11:18:50 +0800] "GET /xingrg/all/function/internal_message.html?_=1712632729257&CODE_STATE=getMsg HTTP/1.1" 200 27
180.162.115.93 - - [09/Apr/2024:11:18:50 +0800] "GET /xingrg/javascript/easyui/themes/icons/import_new.png HTTP/1.1" 304 -
180.162.115.93 - - [09/Apr/2024:11:18:50 +0800] "GET /xingrg/javascript/easyui/themes/icons/check_new.png HTTP/1.1" 304 -
180.162.115.93 - - [09/Apr/2024:11:18:50 +0800] "GET /xingrg/javascript/easyui/themes/icons/field_new.png HTTP/1.1" 304 -
180.162.115.93 - - [09/Apr/2024:11:18:50 +0800] "GET /xingrg/javascript/easyui/themes/icons/cance_new.png HTTP/1.1" 304 -
180.162.115.93 - - [09/Apr/2024:11:18:50 +0800] "GET /xingrg/javascript/easyui/themes/icons/edit_add_new.png HTTP/1.1" 304 -
180.162.115.93 - - [09/Apr/2024:11:18:50 +0800] "GET /xingrg/javascript/easyui/plugins/jquery.parser.js HTTP/1.1" 304 -
180.162.115.93 - - [09/Apr/2024:11:18:50 +0800] "GET /xingrg/images/control/ajaxLoader.gif HTTP/1.1" 304 -
180.164.1.25 - - [09/Apr/2024:11:18:53 +0800] "GET /xingrg/all/function/internal_message.html?_=1712632733507&CODE_STATE=getMsg HTTP/1.1" 200 27
120.253.135.82 - - [09/Apr/2024:11:18:54 +0800] "GET /xingrg/all/function/internal_message.html?_=1712632912986&CODE_STATE=getMsg HTTP/1.1" 200 27
180.162.115.93 - - [09/Apr/2024:11:18:56 +0800] "POST /xingrg/kc/buy/cgsh_list_operate.html HTTP/1.1" 200 1664
116.224.254.208 - - [09/Apr/2024:11:18:57 +0800] "GET /xingrg/all/function/internal_message.html?_=1712632737314&CODE_STATE=getMsg HTTP/1.1" 200 27
101.83.144.49 - - [09/Apr/2024:11:19:00 +0800] "GET /xingrg/all/function/internal_message.html?_=1712632500844&CODE_STATE=getMsg HTTP/1.1" 200 27
180.162.115.93 - - [09/Apr/2024:11:19:01 +0800] "GET /xingrg/javascript/easyui/themes/default/images/button_plain_hover.png HTTP/1.1" 304 -
172.20.0.8 - - [09/Apr/2024:11:19:02 +0800] "GET /xingrg/all/function/internal_message.html?_=1712632742763&CODE_STATE=getMsg HTTP/1.1" 302 -
180.162.115.93 - - [09/Apr/2024:11:19:03 +0800] "GET /xingrg/kc/buy/cgsh_order_add.html HTTP/1.1" 200 72965
180.162.115.93 - - [09/Apr/2024:11:19:03 +0800] "GET /xingrg/javascript/jquery_tools/order_manager.js HTTP/1.1" 304 -
180.162.115.93 - - [09/Apr/2024:11:19:03 +0800] "GET /xingrg/javascript/convert.js HTTP/1.1" 304 -
180.162.115.93 - - [09/Apr/2024:11:19:03 +0800] "GET /xingrg/javascript/json2.js HTTP/1.1" 304 -
180.162.115.93 - - [09/Apr/2024:11:19:03 +0800] "GET /xingrg/javascript/print/kc_print.js HTTP/1.1" 304 -
180.162.115.93 - - [09/Apr/2024:11:19:03 +0800] "GET /xingrg/words/20240408163826_words.js HTTP/1.1" 200 1017444
180.162.115.93 - - [09/Apr/2024:11:19:03 +0800] "GET /xingrg/javascript/easyui/themes/icons/ok.png HTTP/1.1" 304 -
180.162.115.93 - - [09/Apr/2024:11:19:03 +0800] "GET /xingrg/javascript/easyui/themes/icons/copy_new.png HTTP/1.1" 304 -
180.162.115.93 - - [09/Apr/2024:11:19:03 +0800] "GET /xingrg/javascript/easyui/themes/icons/template_new.png HTTP/1.1" 304 -
180.162.115.93 - - [09/Apr/2024:11:19:03 +0800] "GET /xingrg/javascript/easyui/themes/icons/print.png HTTP/1.1" 304 -
180.162.115.93 - - [09/Apr/2024:11:19:03 +0800] "GET /xingrg/javascript/easyui/themes/default/images/menu_downarrow.png HTTP/1.1" 304 -
180.162.115.93 - - [09/Apr/2024:11:19:03 +0800] "GET /xingrg/javascript/easyui/themes/icons/cancel.png HTTP/1.1" 304 -
180.162.115.93 - - [09/Apr/2024:11:19:03 +0800] "GET /xingrg/javascript/easyui/themes/default/validatebox.css HTTP/1.1" 404 1104
180.162.115.93 - - [09/Apr/2024:11:19:03 +0800] "GET /xingrg/javascript/easyui/plugins/jquery.validatebox.js HTTP/1.1" 304 -
180.162.115.93 - - [09/Apr/2024:11:19:03 +0800] "POST /xingrg/kc/buy/cgsh_order_operate.html HTTP/1.1" 200 8245
180.162.115.93 - - [09/Apr/2024:11:19:03 +0800] "GET /xingrg/javascript/easyui/plugins/jquery.numberbox.js HTTP/1.1" 304 -
180.162.115.93 - - [09/Apr/2024:11:19:03 +0800] "GET /xingrg/all/common/auto_word.html?type=employee&rest_code=00143 HTTP/1.1" 200 55
180.162.115.93 - - [09/Apr/2024:11:19:03 +0800] "GET /xingrg/all/common/auto_word.html?type=employee&rest_code=00143 HTTP/1.1" 200 55
180.162.115.93 - - [09/Apr/2024:11:19:03 +0800] "GET /xingrg/javascript/easyui/themes/icons/edit_remove.png HTTP/1.1" 304 -
180.162.115.93 - - [09/Apr/2024:11:19:05 +0800] "GET /xingrg/javascript/easyui/plugins/jquery.draggable.js HTTP/1.1" 304 -
180.162.115.93 - - [09/Apr/2024:11:19:05 +0800] "GET /xingrg/css/images/panel_loading.gif HTTP/1.1" 304 -
180.162.115.93 - - [09/Apr/2024:11:19:05 +0800] "GET /xingrg/javascript/easyui/plugins/jquery.droppable.js HTTP/1.1" 304 -
180.162.115.93 - - [09/Apr/2024:11:19:05 +0800] "GET /xingrg/javascript/easyui/themes/default/tree.css HTTP/1.1" 404 1090
180.162.115.93 - - [09/Apr/2024:11:19:05 +0800] "GET /xingrg/javascript/easyui/plugins/jquery.tree.js HTTP/1.1" 304 -
180.162.115.93 - - [09/Apr/2024:11:19:06 +0800] "POST /xingrg/all/common/load_tree.html?tree=supplier_tree_json&isDelete=1 HTTP/1.1" 200 79163
180.162.115.93 - - [09/Apr/2024:11:19:07 +0800] "GET /xingrg/javascript/easyui/themes/default/images/tree_arrows.gif HTTP/1.1" 304 -
180.162.115.93 - - [09/Apr/2024:11:19:07 +0800] "GET /xingrg/javascript/easyui/themes/default/images/tree_folder.gif HTTP/1.1" 304 -
180.162.115.93 - - [09/Apr/2024:11:19:07 +0800] "GET /xingrg/javascript/easyui/themes/default/images/tree_folder_open.gif HTTP/1.1" 304 -
180.162.115.93 - - [09/Apr/2024:11:19:07 +0800] "GET /xingrg/javascript/easyui/themes/default/images/tree_file.gif HTTP/1.1" 304 -
101.80.230.31 - - [09/Apr/2024:11:19:09 +0800] "GET /xingrg/all/function/internal_message.html?_=1712632751567&CODE_STATE=getMsg HTTP/1.1" 302 -
101.83.144.49 - - [09/Apr/2024:11:19:09 +0800] "GET /xingrg/all/function/internal_message.html?_=1712632750130&CODE_STATE=getMsg HTTP/1.1" 200 27
114.83.218.2 - - [09/Apr/2024:11:19:17 +0800] "GET /xingrg/check_reg.html?_=1712632759113 HTTP/1.1" 200 22
114.83.218.2 - - [09/Apr/2024:11:19:17 +0800] "GET /xingrg/all/function/internal_message.html?_=1712632759116&CODE_STATE=getMsg HTTP/1.1" 200 27
116.224.254.208 - - [09/Apr/2024:11:19:26 +0800] "GET /xingrg/all/function/internal_message.html?_=1712632765429&CODE_STATE=getMsg HTTP/1.1" 200 27
116.224.254.208 - - [09/Apr/2024:11:19:26 +0800] "GET /xingrg/check_reg.html?_=1712632765433 HTTP/1.1" 200 22
124.78.56.241 - - [09/Apr/2024:11:19:28 +0800] "GET /xingrg/all/function/internal_message.html?_=1712632768401&CODE_STATE=getMsg HTTP/1.1" 200 27
116.235.94.6 - - [09/Apr/2024:11:19:32 +0800] "GET /xingrg/all/function/internal_message.html?_=1712632771765&CODE_STATE=getMsg HTTP/1.1" 200 27
180.162.115.93 - - [09/Apr/2024:11:19:35 +0800] "GET /xingrg/javascript/auto/indicator.gif HTTP/1.1" 404 1066
218.81.218.80 - - [09/Apr/2024:11:19:37 +0800] "GET /xingrg/login.html HTTP/1.1" 200 7641
218.81.218.80 - - [09/Apr/2024:11:19:37 +0800] "GET /favicon.ico HTTP/1.1" 404 -
180.162.115.93 - - [09/Apr/2024:11:19:38 +0800] "GET /xingrg/all/function/internal_message.html?_=1712631194029&CODE_STATE=getMsg HTTP/1.1" 200 27
180.162.115.93 - - [09/Apr/2024:11:19:41 +0800] "GET /xingrg/kc/buy/cgsh_order_operate.html?command=get_materiel&rest_code=00143&code=00101010136&supplier_code=00100207&order_time=2024-04-09 HTTP/1.1" 200 408
218.81.218.80 - - [09/Apr/2024:11:19:44 +0800] "POST /xingrg/login.do HTTP/1.1" 302 -
222.70.183.82 - - [09/Apr/2024:11:19:44 +0800] "GET /xingrg/all/function/internal_message.html?_=1712632784508&CODE_STATE=getMsg HTTP/1.1" 200 27
218.81.218.80 - - [09/Apr/2024:11:19:44 +0800] "GET /xingrg/index.html?sysBaseUrl=http%3A%2F%2F180.169.147.146%3A18081%2Fxingrg%2F&costTime=902×tamp=1712632784211 HTTP/1.1" 200 17179
218.81.218.80 - - [09/Apr/2024:11:19:44 +0800] "GET /xingrg/javascript/jquery_easy_ui/themes/default/easyui.css HTTP/1.1" 304 -
218.81.218.80 - - [09/Apr/2024:11:19:44 +0800] "GET /xingrg/css/form.css HTTP/1.1" 304 -
218.81.218.80 - - [09/Apr/2024:11:19:44 +0800] "GET /xingrg/javascript/jquery_easy_ui/themes/icon.css HTTP/1.1" 304 -
218.81.218.80 - - [09/Apr/2024:11:19:44 +0800] "GET /xingrg/javascript/jquery_easy_ui/jquery.easyui.min.js HTTP/1.1" 304 -
218.81.218.80 - - [09/Apr/2024:11:19:44 +0800] "GET /xingrg/javascript/jquery_easy_ui/easyui-lang-zh_CN.js HTTP/1.1" 304 -
218.81.218.80 - - [09/Apr/2024:11:19:44 +0800] "GET /xingrg/javascript/jquery-1.4.2.min.js HTTP/1.1" 304 -
218.81.218.80 - - [09/Apr/2024:11:19:44 +0800] "GET /xingrg/javascript/jquery.form.js HTTP/1.1" 304 -
218.81.218.80 - - [09/Apr/2024:11:19:44 +0800] "GET /xingrg/javascript/jquery.utils.js HTTP/1.1" 304 -
218.81.218.80 - - [09/Apr/2024:11:19:44 +0800] "GET /xingrg/javascript/jquery.timers.js HTTP/1.1" 304 -
218.81.218.80 - - [09/Apr/2024:11:19:44 +0800] "GET /favicon.ico HTTP/1.1" 404 -
180.169.147.146 - - [09/Apr/2024:11:19:44 +0800] "GET /xingrg/check_reg.html?_=1712632786293 HTTP/1.1" 200 22
218.81.218.80 - - [09/Apr/2024:11:19:44 +0800] "GET /xingrg/all/function/internal_message.html?_=1712632790324&CODE_STATE=count HTTP/1.1" 200 11
218.81.218.80 - - [09/Apr/2024:11:19:44 +0800] "GET /xingrg/check_reg.html?_=1712632790325 HTTP/1.1" 200 22
218.81.218.80 - - [09/Apr/2024:11:19:44 +0800] "POST /xingrg/all/common/load_tree.html?tree=area_rest_tree_json&manage=1 HTTP/1.1" 200 479
218.81.218.80 - - [09/Apr/2024:11:19:44 +0800] "POST /xingrg/load_menu.html HTTP/1.1" 200 5138
180.169.147.146 - - [09/Apr/2024:11:19:50 +0800] "GET /xingrg/all/function/internal_message.html?_=1712632789254&CODE_STATE=getMsg HTTP/1.1" 200 27
218.81.218.80 - - [09/Apr/2024:11:19:50 +0800] "GET /xingrg/kc/buy/cgsh_order_list.html HTTP/1.1" 200 58077
218.81.218.80 - - [09/Apr/2024:11:19:50 +0800] "GET /xingrg/css/site.css HTTP/1.1" 304 -
218.81.218.80 - - [09/Apr/2024:11:19:50 +0800] "GET /xingrg/css/base.css HTTP/1.1" 304 -
218.81.218.80 - - [09/Apr/2024:11:19:50 +0800] "GET /xingrg/javascript/jquery_tools/datebox.css HTTP/1.1" 304 -
218.81.218.80 - - [09/Apr/2024:11:19:50 +0800] "GET /xingrg/javascript/easyui/themes/default/easyui.css HTTP/1.1" 304 -
218.81.218.80 - - [09/Apr/2024:11:19:50 +0800] "GET /xingrg/javascript/auto/jquery.autocomplete.css HTTP/1.1" 304 -
218.81.218.80 - - [09/Apr/2024:11:19:50 +0800] "GET /xingrg/javascript/jquery_tools/jquery.tools.min.js HTTP/1.1" 304 -
218.81.218.80 - - [09/Apr/2024:11:19:50 +0800] "GET /xingrg/javascript/jquery_tools/table.css HTTP/1.1" 304 -
218.81.218.80 - - [09/Apr/2024:11:19:50 +0800] "GET /xingrg/javascript/auto/jquery.autocomplete.js HTTP/1.1" 304 -
218.81.218.80 - - [09/Apr/2024:11:19:50 +0800] "GET /xingrg/javascript/jquery_tools/jquery.tools.table.js HTTP/1.1" 304 -
218.81.218.80 - - [09/Apr/2024:11:19:50 +0800] "GET /xingrg/javascript/jquery_tools/list_manager.js HTTP/1.1" 304 -
218.81.218.80 - - [09/Apr/2024:11:19:50 +0800] "GET /xingrg/javascript/jquery_tools/fix.css HTTP/1.1" 304 -
218.81.218.80 - - [09/Apr/2024:11:19:50 +0800] "GET /xingrg/javascript/easyui/themes/icon.css HTTP/1.1" 304 -
218.81.218.80 - - [09/Apr/2024:11:19:50 +0800] "GET /xingrg/javascript/easyui/easyloader.js HTTP/1.1" 304 -
218.81.218.80 - - [09/Apr/2024:11:19:50 +0800] "GET /xingrg/javascript/jquery_tools/jquery.tools.hotkey.js HTTP/1.1" 304 -
218.81.218.80 - - [09/Apr/2024:11:19:50 +0800] "GET /xingrg/javascript/jquery_tools/jquery.tools.extend.js HTTP/1.1" 304 -
218.81.218.80 - - [09/Apr/2024:11:19:50 +0800] "GET /xingrg/javascript/print/LodopFuncs.js HTTP/1.1" 304 -
218.81.218.80 - - [09/Apr/2024:11:19:50 +0800] "GET /xingrg/javascript/jquery.cookie.js HTTP/1.1" 304 -
218.81.218.80 - - [09/Apr/2024:11:19:51 +0800] "GET /xingrg/javascript/easyui/plugins/jquery.parser.js HTTP/1.1" 304 -
218.81.218.80 - - [09/Apr/2024:11:19:53 +0800] "POST /xingrg/kc/buy/cgsh_list_operate.html HTTP/1.1" 200 645
116.224.254.208 - - [09/Apr/2024:11:19:53 +0800] "POST /xingrg/all/user/operate.html HTTP/1.1" 200 36
180.164.1.25 - - [09/Apr/2024:11:19:53 +0800] "GET /xingrg/all/function/internal_message.html?_=1712632793503&CODE_STATE=getMsg HTTP/1.1" 200 27
116.224.254.208 - - [09/Apr/2024:11:19:53 +0800] "GET /xingrg/index.html?sysBaseUrl=http%3A%2F%2F180.169.147.146%3A18081%2Fxingrg%2F&costTime=812×tamp=1712536350195 HTTP/1.1" 200 17179
116.224.254.208 - - [09/Apr/2024:11:19:54 +0800] "GET /xingrg/javascript/jquery_easy_ui/themes/default/easyui.css HTTP/1.1" 304 -
116.224.254.208 - - [09/Apr/2024:11:19:54 +0800] "GET /xingrg/javascript/jquery_easy_ui/themes/icon.css HTTP/1.1" 304 -
116.224.254.208 - - [09/Apr/2024:11:19:54 +0800] "GET /xingrg/css/form.css HTTP/1.1" 304 -
116.224.254.208 - - [09/Apr/2024:11:19:54 +0800] "GET /xingrg/javascript/jquery-1.4.2.min.js HTTP/1.1" 304 -
116.224.254.208 - - [09/Apr/2024:11:19:54 +0800] "GET /xingrg/javascript/jquery_easy_ui/jquery.easyui.min.js HTTP/1.1" 304 -
116.224.254.208 - - [09/Apr/2024:11:19:54 +0800] "GET /xingrg/javascript/jquery_easy_ui/easyui-lang-zh_CN.js HTTP/1.1" 304 -
116.224.254.208 - - [09/Apr/2024:11:19:54 +0800] "GET /xingrg/javascript/jquery.form.js HTTP/1.1" 304 -
116.224.254.208 - - [09/Apr/2024:11:19:54 +0800] "GET /xingrg/javascript/jquery.utils.js HTTP/1.1" 304 -
116.224.254.208 - - [09/Apr/2024:11:19:54 +0800] "GET /xingrg/javascript/jquery.timers.js HTTP/1.1" 304 -
116.224.254.208 - - [09/Apr/2024:11:19:54 +0800] "GET /xingrg/images/blue/jxLogo.png HTTP/1.1" 304 -
116.224.254.208 - - [09/Apr/2024:11:19:54 +0800] "GET /xingrg/images/blue/navBackgound.jpg HTTP/1.1" 304 -
116.224.254.208 - - [09/Apr/2024:11:19:54 +0800] "GET /xingrg/javascript/jquery_easy_ui/themes/icons/settle_new.png HTTP/1.1" 304 -
116.224.254.208 - - [09/Apr/2024:11:19:54 +0800] "GET /xingrg/all/function/internal_message.html?_=1712632794272&CODE_STATE=count HTTP/1.1" 200 11
116.224.254.208 - - [09/Apr/2024:11:19:54 +0800] "GET /xingrg/images/blue/pingpu.png HTTP/1.1" 304 -
116.224.254.208 - - [09/Apr/2024:11:19:54 +0800] "GET /xingrg/check_reg.html?_=1712632794273 HTTP/1.1" 200 22
116.224.254.208 - - [09/Apr/2024:11:19:54 +0800] "GET /xingrg/javascript/jquery_easy_ui/themes/default/images/tabs_rightarrow.png HTTP/1.1" 304 -
116.224.254.208 - - [09/Apr/2024:11:19:54 +0800] "GET /xingrg/javascript/jquery_easy_ui/themes/default/images/tabs_leftarrow.png HTTP/1.1" 304 -
116.224.254.208 - - [09/Apr/2024:11:19:54 +0800] "GET /xingrg/javascript/jquery_easy_ui/themes/default/images/panel_tool_collapse.gif HTTP/1.1" 304 -
116.224.254.208 - - [09/Apr/2024:11:19:54 +0800] "POST /xingrg/all/common/load_tree.html?tree=area_rest_tree_json&manage=1 HTTP/1.1" 200 476
116.224.254.208 - - [09/Apr/2024:11:19:54 +0800] "POST /xingrg/load_menu.html HTTP/1.1" 200 5138
120.253.135.82 - - [09/Apr/2024:11:19:54 +0800] "GET /xingrg/all/function/internal_message.html?_=1712632972991&CODE_STATE=getMsg HTTP/1.1" 200 27
120.253.135.82 - - [09/Apr/2024:11:19:54 +0800] "GET /xingrg/check_reg.html?_=1712632972994 HTTP/1.1" 200 22
218.81.218.80 - - [09/Apr/2024:11:19:55 +0800] "GET /xingrg/javascript/pic_change.js HTTP/1.1" 304 -
218.81.218.80 - - [09/Apr/2024:11:19:55 +0800] "GET /xingrg/kc/buy/cgsh_order_add.html HTTP/1.1" 200 73852
218.81.218.80 - - [09/Apr/2024:11:19:55 +0800] "GET /xingrg/javascript/jquery_tools/order_manager.js HTTP/1.1" 304 -
218.81.218.80 - - [09/Apr/2024:11:19:55 +0800] "GET /xingrg/javascript/convert.js HTTP/1.1" 304 -
218.81.218.80 - - [09/Apr/2024:11:19:55 +0800] "GET /xingrg/javascript/json2.js HTTP/1.1" 304 -
218.81.218.80 - - [09/Apr/2024:11:19:55 +0800] "GET /xingrg/javascript/print/kc_print.js HTTP/1.1" 304 -
218.81.218.80 - - [09/Apr/2024:11:19:55 +0800] "GET /xingrg/words/20240408163826_words.js HTTP/1.1" 304 -
218.81.218.80 - - [09/Apr/2024:11:19:55 +0800] "POST /xingrg/kc/buy/cgsh_order_operate.html HTTP/1.1" 200 8245
218.81.218.80 - - [09/Apr/2024:11:19:55 +0800] "GET /xingrg/javascript/easyui/themes/default/validatebox.css HTTP/1.1" 404 1104
218.81.218.80 - - [09/Apr/2024:11:19:55 +0800] "GET /xingrg/javascript/easyui/plugins/jquery.validatebox.js HTTP/1.1" 304 -
218.81.218.80 - - [09/Apr/2024:11:19:55 +0800] "GET /xingrg/all/common/auto_word.html?type=employee&rest_code=00146 HTTP/1.1" 200 101
218.81.218.80 - - [09/Apr/2024:11:19:55 +0800] "GET /xingrg/javascript/easyui/plugins/jquery.numberbox.js HTTP/1.1" 304 -
218.81.218.80 - - [09/Apr/2024:11:19:55 +0800] "GET /xingrg/all/common/auto_word.html?type=employee&rest_code=00146 HTTP/1.1" 200 101
116.224.254.208 - - [09/Apr/2024:11:19:56 +0800] "GET /xingrg/kc/base/wldb_order_list.html HTTP/1.1" 200 19057
116.224.254.208 - - [09/Apr/2024:11:19:56 +0800] "POST /xingrg/kc/base/wldb_list_operate.html HTTP/1.1" 200 928
116.224.254.208 - - [09/Apr/2024:11:19:57 +0800] "GET /xingrg/kc/base/wldb_order_add.html HTTP/1.1" 200 30388
116.224.254.208 - - [09/Apr/2024:11:19:58 +0800] "POST /xingrg/kc/base/wldb_order_operate.html HTTP/1.1" 200 6806
116.224.254.208 - - [09/Apr/2024:11:19:58 +0800] "GET /xingrg/javascript/easyui/themes/default/validatebox.css HTTP/1.1" 404 1104
218.81.218.80 - - [09/Apr/2024:11:19:59 +0800] "GET /xingrg/javascript/auto/indicator.gif HTTP/1.1" 404 1066
101.83.144.49 - - [09/Apr/2024:11:20:00 +0800] "GET /xingrg/all/function/internal_message.html?_=1712632560844&CODE_STATE=getMsg HTTP/1.1" 200 27
218.81.218.80 - - [09/Apr/2024:11:20:01 +0800] "GET /xingrg/javascript/jquery_tools/images/prev.gif HTTP/1.1" 404 1086
218.81.218.80 - - [09/Apr/2024:11:20:01 +0800] "GET /xingrg/javascript/jquery_tools/images/next.gif HTTP/1.1" 404 1086
172.20.0.8 - - [09/Apr/2024:11:20:02 +0800] "GET /xingrg/all/function/internal_message.html?_=1712632802767&CODE_STATE=getMsg HTTP/1.1" 302 -
101.80.230.31 - - [09/Apr/2024:11:20:09 +0800] "GET /xingrg/all/function/internal_message.html?_=1712632811566&CODE_STATE=getMsg HTTP/1.1" 302 -
101.80.230.31 - - [09/Apr/2024:11:20:09 +0800] "GET /xingrg/check_reg.html?_=1712632811574 HTTP/1.1" 302 -
101.83.144.49 - - [09/Apr/2024:11:20:09 +0800] "GET /xingrg/all/function/internal_message.html?_=1712632810131&CODE_STATE=getMsg HTTP/1.1" 200 27
116.224.254.208 - - [09/Apr/2024:11:20:11 +0800] "GET /xingrg/javascript/auto/indicator.gif HTTP/1.1" 404 1066
180.162.115.93 - - [09/Apr/2024:11:20:17 +0800] "GET /xingrg/kc/buy/cgsh_order_operate.html?command=get_materiel&rest_code=00143&code=00101020153&supplier_code=00100207&order_time=2024-04-09 HTTP/1.1" 200 408
114.83.218.2 - - [09/Apr/2024:11:20:17 +0800] "GET /xingrg/all/function/internal_message.html?_=1712632819119&CODE_STATE=getMsg HTTP/1.1" 200 27
116.224.254.208 - - [09/Apr/2024:11:20:21 +0800] "GET /xingrg/kc/base/wldb_order_operate.html?command=get_materiel&rest_code=00150&base_code=0010446&code=00102021018 HTTP/1.1" 200 445
116.224.254.208 - - [09/Apr/2024:11:20:26 +0800] "GET /xingrg/all/function/internal_message.html?_=1712632825432&CODE_STATE=getMsg HTTP/1.1" 200 27
116.224.254.208 - - [09/Apr/2024:11:20:26 +0800] "GET /xingrg/kc/base/wldb_order_operate.html?command=get_materiel&rest_code=00150&base_code=0010446&code=00102002511 HTTP/1.1" 200 435
180.162.115.93 - - [09/Apr/2024:11:20:27 +0800] "POST /xingrg/kc/buy/cgsh_order_operate.html HTTP/1.1" 200 37
124.78.56.241 - - [09/Apr/2024:11:20:28 +0800] "GET /xingrg/all/function/internal_message.html?_=1712632828382&CODE_STATE=getMsg HTTP/1.1" 200 27
180.162.115.93 - - [09/Apr/2024:11:20:29 +0800] "POST /xingrg/kc/buy/cgsh_order_operate.html HTTP/1.1" 200 3238
116.235.94.6 - - [09/Apr/2024:11:20:32 +0800] "GET /xingrg/all/function/internal_message.html?_=1712632831754&CODE_STATE=getMsg HTTP/1.1" 200 27
116.224.254.208 - - [09/Apr/2024:11:20:32 +0800] "GET /xingrg/kc/base/wldb_order_operate.html?command=get_materiel&rest_code=00150&base_code=0010446&code=00102002270 HTTP/1.1" 200 431
116.224.254.208 - - [09/Apr/2024:11:20:36 +0800] "GET /xingrg/kc/base/wldb_order_operate.html?command=get_materiel&rest_code=00150&base_code=0010446&code=00102002269 HTTP/1.1" 200 434
180.162.115.93 - - [09/Apr/2024:11:20:38 +0800] "GET /xingrg/all/function/internal_message.html?_=1712631254019&CODE_STATE=getMsg HTTP/1.1" 200 27
180.164.1.25 - - [09/Apr/2024:11:20:40 +0800] "GET /xingrg/check_reg.html?_=1712632840104 HTTP/1.1" 200 22
116.224.254.208 - - [09/Apr/2024:11:20:41 +0800] "POST /xingrg/kc/base/wldb_order_operate.html HTTP/1.1" 200 37
222.70.183.82 - - [09/Apr/2024:11:20:44 +0800] "GET /xingrg/all/function/internal_message.html?_=1712632844508&CODE_STATE=getMsg HTTP/1.1" 200 27
218.81.218.80 - - [09/Apr/2024:11:20:44 +0800] "GET /xingrg/all/function/internal_message.html?_=1712632850350&CODE_STATE=getMsg HTTP/1.1" 200 27
116.224.254.208 - - [09/Apr/2024:11:20:47 +0800] "POST /xingrg/kc/base/wldb_order_operate.html HTTP/1.1" 200 12
116.224.254.208 - - [09/Apr/2024:11:20:48 +0800] "POST /xingrg/kc/base/wldb_order_operate.html HTTP/1.1" 200 3138
180.169.147.146 - - [09/Apr/2024:11:20:50 +0800] "GET /xingrg/all/function/internal_message.html?_=1712632849240&CODE_STATE=getMsg HTTP/1.1" 200 27
116.224.254.208 - - [09/Apr/2024:11:20:51 +0800] "GET /xingrg/kc/base/wldb_order_info.html?code=422024040900501 HTTP/1.1" 200 26268
116.224.254.208 - - [09/Apr/2024:11:20:51 +0800] "GET /xingrg/javascript/easyui/themes/default/validatebox.css HTTP/1.1" 404 1104
116.224.254.208 - - [09/Apr/2024:11:20:51 +0800] "POST /xingrg/kc/base/wldb_order_operate.html HTTP/1.1" 200 1411
180.164.1.25 - - [09/Apr/2024:11:20:53 +0800] "GET /xingrg/all/function/internal_message.html?_=1712632853485&CODE_STATE=getMsg HTTP/1.1" 200 27
116.224.254.208 - - [09/Apr/2024:11:20:54 +0800] "GET /xingrg/all/function/internal_message.html?_=1712632854283&CODE_STATE=getMsg HTTP/1.1" 200 27
120.253.135.82 - - [09/Apr/2024:11:20:54 +0800] "GET /xingrg/all/function/internal_message.html?_=1712633032996&CODE_STATE=getMsg HTTP/1.1" 200 27
101.83.144.49 - - [09/Apr/2024:11:21:00 +0800] "GET /xingrg/all/function/internal_message.html?_=1712632620844&CODE_STATE=getMsg HTTP/1.1" 200 27
172.20.0.8 - - [09/Apr/2024:11:21:02 +0800] "GET /xingrg/check_reg.html?_=1712632862769 HTTP/1.1" 302 -
172.20.0.8 - - [09/Apr/2024:11:21:02 +0800] "GET /xingrg/all/function/internal_message.html?_=1712632862771&CODE_STATE=getMsg HTTP/1.1" 302 -
180.169.147.146 - - [09/Apr/2024:11:21:05 +0800] "GET /xingrg/check_reg.html?_=1712632867140 HTTP/1.1" 200 22
101.80.230.31 - - [09/Apr/2024:11:21:09 +0800] "GET /xingrg/all/function/internal_message.html?_=1712632871559&CODE_STATE=getMsg HTTP/1.1" 302 -
101.83.144.49 - - [09/Apr/2024:11:21:09 +0800] "GET /xingrg/all/function/internal_message.html?_=1712632870132&CODE_STATE=getMsg HTTP/1.1" 200 27
180.162.115.93 - - [09/Apr/2024:11:21:09 +0800] "POST /xingrg/kc/buy/cgsh_order_operate.html HTTP/1.1" 200 37
180.162.115.93 - - [09/Apr/2024:11:21:12 +0800] "POST /xingrg/kc/buy/cgsh_order_operate.html HTTP/1.1" 200 3238
180.162.115.93 - - [09/Apr/2024:11:21:12 +0800] "GET /xingrg/javascript/jquery_easy_ui/themes/default/images/tabs_active.png HTTP/1.1" 304 -
180.162.115.93 - - [09/Apr/2024:11:21:16 +0800] "GET /xingrg/kc/mdqp/qp_main.html HTTP/1.1" 200 10633
180.162.115.93 - - [09/Apr/2024:11:21:16 +0800] "GET /xingrg/images/blue/button/qqpsd.gif HTTP/1.1" 304 -
180.162.115.93 - - [09/Apr/2024:11:21:16 +0800] "GET /xingrg/images/blue/button/psshd.gif HTTP/1.1" 304 -
180.162.115.93 - - [09/Apr/2024:11:21:16 +0800] "GET /xingrg/images/blue/button/pszx.gif HTTP/1.1" 304 -
180.162.115.93 - - [09/Apr/2024:11:21:16 +0800] "GET /xingrg/images/yd/bt.gif HTTP/1.1" 404 1040
114.83.218.2 - - [09/Apr/2024:11:21:17 +0800] "GET /xingrg/all/function/internal_message.html?_=1712632879139&CODE_STATE=getMsg HTTP/1.1" 200 27
180.162.115.93 - - [09/Apr/2024:11:21:17 +0800] "GET /xingrg/kc/mdqp/qqps_order_list.html HTTP/1.1" 200 9644
180.162.115.93 - - [09/Apr/2024:11:21:17 +0800] "GET /xingrg/dwr/interface/AjaxQqpsService.js HTTP/1.1" 200 16326
180.162.115.93 - - [09/Apr/2024:11:21:17 +0800] "GET /xingrg/dwr/interface/AjaxReportQueryService.js HTTP/1.1" 200 13203
180.162.115.93 - - [09/Apr/2024:11:21:17 +0800] "GET /xingrg/dwr/engine.js HTTP/1.1" 200 43631
180.162.115.93 - - [09/Apr/2024:11:21:17 +0800] "GET /xingrg/dwr/util.js HTTP/1.1" 200 35990
180.162.115.93 - - [09/Apr/2024:11:21:17 +0800] "GET /xingrg/javascript/Calendar.js HTTP/1.1" 304 -
180.162.115.93 - - [09/Apr/2024:11:21:17 +0800] "GET /xingrg/javascript/jquery_easy_ui/themes/icons/cance_new.png HTTP/1.1" 304 -
180.162.115.93 - - [09/Apr/2024:11:21:17 +0800] "GET /xingrg/javascript/jquery_easy_ui/themes/icons/check_new.png HTTP/1.1" 304 -
180.162.115.93 - - [09/Apr/2024:11:21:17 +0800] "GET /xingrg/javascript/jquery_easy_ui/themes/icons/uncheck_new.png HTTP/1.1" 304 -
180.162.115.93 - - [09/Apr/2024:11:21:17 +0800] "GET /xingrg/javascript/jquery_easy_ui/themes/icons/edit_add_new.png HTTP/1.1" 304 -
180.162.115.93 - - [09/Apr/2024:11:21:25 +0800] "GET /xingrg/javascript/jquery_easy_ui/themes/default/images/button_plain_hover.png HTTP/1.1" 304 -
116.224.254.208 - - [09/Apr/2024:11:21:26 +0800] "GET /xingrg/all/function/internal_message.html?_=1712632885420&CODE_STATE=getMsg HTTP/1.1" 200 27
124.78.56.241 - - [09/Apr/2024:11:21:28 +0800] "GET /xingrg/all/function/internal_message.html?_=1712632888365&CODE_STATE=getMsg HTTP/1.1" 200 27
180.162.115.93 - - [09/Apr/2024:11:21:29 +0800] "GET /xingrg/kc/mdqp/qqps_order_info.html?code=302024040700085 HTTP/1.1" 200 26400
180.162.115.93 - - [09/Apr/2024:11:21:29 +0800] "GET /xingrg/javascript/tools/jquery.qtip-1.0.0-rc3.min.js HTTP/1.1" 304 -
180.162.115.93 - - [09/Apr/2024:11:21:29 +0800] "GET /xingrg/dwr/interface/AjaxComOrderService.js HTTP/1.1" 200 18264
180.162.115.93 - - [09/Apr/2024:11:21:29 +0800] "GET /xingrg/dwr/interface/AjaxQqpsService.js HTTP/1.1" 200 16326
180.162.115.93 - - [09/Apr/2024:11:21:29 +0800] "GET /xingrg/dwr/engine.js HTTP/1.1" 200 43631
180.162.115.93 - - [09/Apr/2024:11:21:29 +0800] "GET /xingrg/javascript/AjaxInfoList.js HTTP/1.1" 304 -
180.162.115.93 - - [09/Apr/2024:11:21:29 +0800] "GET /xingrg/javascript/Grid.js HTTP/1.1" 304 -
180.162.115.93 - - [09/Apr/2024:11:21:29 +0800] "GET /xingrg/javascript/jquery_easy_ui/themes/icons/back_new.png HTTP/1.1" 304 -
180.162.115.93 - - [09/Apr/2024:11:21:29 +0800] "GET /xingrg/javascript/jquery_easy_ui/themes/default/images/menu_downarrow.png HTTP/1.1" 304 -
180.162.115.93 - - [09/Apr/2024:11:21:29 +0800] "GET /xingrg/javascript/jquery_easy_ui/themes/icons/print.png HTTP/1.1" 304 -
180.162.115.93 - - [09/Apr/2024:11:21:29 +0800] "GET /xingrg/javascript/jquery_easy_ui/themes/icons/ok.png HTTP/1.1" 304 -
180.162.115.93 - - [09/Apr/2024:11:21:29 +0800] "GET /xingrg/javascript/jquery_easy_ui/themes/icons/copy_new.png HTTP/1.1" 304 -
180.162.115.93 - - [09/Apr/2024:11:21:29 +0800] "GET /xingrg/javascript/jquery_easy_ui/themes/icons/template_new.png HTTP/1.1" 304 -
180.162.115.93 - - [09/Apr/2024:11:21:29 +0800] "GET /xingrg/images/blue/button/kc_tab_add.gif HTTP/1.1" 304 -
180.162.115.93 - - [09/Apr/2024:11:21:29 +0800] "GET /xingrg/images/blue/button/kc_tab_edit.gif HTTP/1.1" 304 -
180.162.115.93 - - [09/Apr/2024:11:21:29 +0800] "GET /xingrg/images/blue/button/kc_tab_save.gif HTTP/1.1" 304 -
180.162.115.93 - - [09/Apr/2024:11:21:29 +0800] "GET /xingrg/images/blue/button/kc_tab_del.gif HTTP/1.1" 304 -
180.162.115.93 - - [09/Apr/2024:11:21:29 +0800] "GET /xingrg/images/blue/wait.gif HTTP/1.1" 304 -
180.162.115.93 - - [09/Apr/2024:11:21:29 +0800] "GET /xingrg/images/blue/kc_tab2_right.gif HTTP/1.1" 304 -
180.162.115.93 - - [09/Apr/2024:11:21:29 +0800] "GET /xingrg/images/blue/kc_tab2_left.gif HTTP/1.1" 304 -
180.162.115.93 - - [09/Apr/2024:11:21:29 +0800] "GET /xingrg/images/blue/kc_tab_left.gif HTTP/1.1" 304 -
180.162.115.93 - - [09/Apr/2024:11:21:29 +0800] "GET /xingrg/images/blue/kc_tab_right.gif HTTP/1.1" 304 -
180.162.115.93 - - [09/Apr/2024:11:21:29 +0800] "GET /xingrg/images/blue/kc_tab_mid.gif HTTP/1.1" 304 -
180.162.115.93 - - [09/Apr/2024:11:21:29 +0800] "GET /xingrg/javascript/jquery_easy_ui/themes/default/images/combo_arrow_dot.gif HTTP/1.1" 304 -
180.162.115.93 - - [09/Apr/2024:11:21:30 +0800] "POST /xingrg/dwr/call/plaincall/AjaxQqpsService.loadMaterielItems.dwr HTTP/1.1" 200 3386
116.235.94.6 - - [09/Apr/2024:11:21:32 +0800] "GET /xingrg/all/function/internal_message.html?_=1712632891746&CODE_STATE=getMsg HTTP/1.1" 200 27
180.162.115.93 - - [09/Apr/2024:11:21:38 +0800] "GET /xingrg/all/function/internal_message.html?_=1712631314036&CODE_STATE=getMsg HTTP/1.1" 200 27
180.162.115.93 - - [09/Apr/2024:11:21:43 +0800] "GET /xingrg/images/yd/bt2.gif HTTP/1.1" 404 1042
222.70.183.82 - - [09/Apr/2024:11:21:44 +0800] "GET /xingrg/check_reg.html?_=1712632904509 HTTP/1.1" 200 22
222.70.183.82 - - [09/Apr/2024:11:21:44 +0800] "GET /xingrg/all/function/internal_message.html?_=1712632904512&CODE_STATE=getMsg HTTP/1.1" 200 27
218.81.218.80 - - [09/Apr/2024:11:21:44 +0800] "GET /xingrg/all/function/internal_message.html?_=1712632910364&CODE_STATE=getMsg HTTP/1.1" 200 27
180.169.147.146 - - [09/Apr/2024:11:21:50 +0800] "GET /xingrg/all/function/internal_message.html?_=1712632909248&CODE_STATE=getMsg HTTP/1.1" 200 27
180.169.147.146 - - [09/Apr/2024:11:21:50 +0800] "GET /xingrg/check_reg.html?_=1712632909254 HTTP/1.1" 200 22
180.162.115.93 - - [09/Apr/2024:11:21:52 +0800] "POST /xingrg/dwr/call/plaincall/AjaxQqpsService.saveOrder.dwr HTTP/1.1" 200 78
180.164.1.25 - - [09/Apr/2024:11:21:53 +0800] "GET /xingrg/all/function/internal_message.html?_=1712632913470&CODE_STATE=getMsg HTTP/1.1" 200 27
116.224.254.208 - - [09/Apr/2024:11:21:54 +0800] "GET /xingrg/all/function/internal_message.html?_=1712632914310&CODE_STATE=getMsg HTTP/1.1" 200 27
120.253.135.82 - - [09/Apr/2024:11:21:54 +0800] "GET /xingrg/all/function/internal_message.html?_=1712633093000&CODE_STATE=getMsg HTTP/1.1" 200 27
101.83.144.49 - - [09/Apr/2024:11:22:00 +0800] "GET /xingrg/all/function/internal_message.html?_=1712632680844&CODE_STATE=getMsg HTTP/1.1" 200 27
101.83.144.49 - - [09/Apr/2024:11:22:00 +0800] "GET /xingrg/check_reg.html?_=1712632680893 HTTP/1.1" 200 22
172.20.0.8 - - [09/Apr/2024:11:22:02 +0800] "GET /xingrg/all/function/internal_message.html?_=1712632922771&CODE_STATE=getMsg HTTP/1.1" 302 -
101.80.230.31 - - [09/Apr/2024:11:22:09 +0800] "GET /xingrg/all/function/internal_message.html?_=1712632931563&CODE_STATE=getMsg HTTP/1.1" 302 -
101.83.144.49 - - [09/Apr/2024:11:22:09 +0800] "GET /xingrg/all/function/internal_message.html?_=1712632930133&CODE_STATE=getMsg HTTP/1.1" 200 27
114.83.218.2 - - [09/Apr/2024:11:22:17 +0800] "GET /xingrg/all/function/internal_message.html?_=1712632939138&CODE_STATE=getMsg HTTP/1.1" 200 27
116.238.97.31 - - [09/Apr/2024:11:22:20 +0800] "GET /xingrg/check_reg.html?_=1712632940958 HTTP/1.1" 200 22
116.224.254.208 - - [09/Apr/2024:11:22:26 +0800] "GET /xingrg/all/function/internal_message.html?_=1712632945432&CODE_STATE=getMsg HTTP/1.1" 200 27
124.78.56.241 - - [09/Apr/2024:11:22:28 +0800] "GET /xingrg/all/function/internal_message.html?_=1712632948339&CODE_STATE=getMsg HTTP/1.1" 200 27
124.78.56.241 - - [09/Apr/2024:11:22:28 +0800] "GET /xingrg/check_reg.html?_=1712632948918 HTTP/1.1" 200 22
116.235.94.6 - - [09/Apr/2024:11:22:32 +0800] "GET /xingrg/all/function/internal_message.html?_=1712632951761&CODE_STATE=getMsg HTTP/1.1" 200 27
180.162.115.93 - - [09/Apr/2024:11:22:38 +0800] "GET /xingrg/all/function/internal_message.html?_=1712631374031&CODE_STATE=getMsg HTTP/1.1" 200 27
222.70.183.82 - - [09/Apr/2024:11:22:44 +0800] "GET /xingrg/all/function/internal_message.html?_=1712632964513&CODE_STATE=getMsg HTTP/1.1" 200 27
218.81.218.80 - - [09/Apr/2024:11:22:44 +0800] "GET /xingrg/all/function/internal_message.html?_=1712632970388&CODE_STATE=getMsg HTTP/1.1" 200 27
180.169.147.146 - - [09/Apr/2024:11:22:50 +0800] "GET /xingrg/all/function/internal_message.html?_=1712632969242&CODE_STATE=getMsg HTTP/1.1" 200 27
180.164.1.25 - - [09/Apr/2024:11:22:53 +0800] "GET /xingrg/all/function/internal_message.html?_=1712632973448&CODE_STATE=getMsg HTTP/1.1" 200 27
116.224.254.208 - - [09/Apr/2024:11:22:54 +0800] "GET /xingrg/all/function/internal_message.html?_=1712632974295&CODE_STATE=getMsg HTTP/1.1" 200 27
120.253.135.82 - - [09/Apr/2024:11:22:54 +0800] "GET /xingrg/all/function/internal_message.html?_=1712633153005&CODE_STATE=getMsg HTTP/1.1" 200 27
101.83.144.49 - - [09/Apr/2024:11:23:00 +0800] "GET /xingrg/all/function/internal_message.html?_=1712632740846&CODE_STATE=getMsg HTTP/1.1" 200 27
172.20.0.8 - - [09/Apr/2024:11:23:02 +0800] "GET /xingrg/all/function/internal_message.html?_=1712632982772&CODE_STATE=getMsg HTTP/1.1" 302 -
101.80.230.31 - - [09/Apr/2024:11:23:09 +0800] "GET /xingrg/all/function/internal_message.html?_=1712632991554&CODE_STATE=getMsg HTTP/1.1" 302 -
101.83.144.49 - - [09/Apr/2024:11:23:09 +0800] "GET /xingrg/check_reg.html?_=1712632990137 HTTP/1.1" 200 22
101.83.144.49 - - [09/Apr/2024:11:23:09 +0800] "GET /xingrg/all/function/internal_message.html?_=1712632990134&CODE_STATE=getMsg HTTP/1.1" 200 27
114.83.218.2 - - [09/Apr/2024:11:23:17 +0800] "GET /xingrg/all/function/internal_message.html?_=1712632999127&CODE_STATE=getMsg HTTP/1.1" 200 27
180.162.115.93 - - [09/Apr/2024:11:23:26 +0800] "GET /xingrg/kc/buy/buy_main.html HTTP/1.1" 200 12412
116.224.254.208 - - [09/Apr/2024:11:23:26 +0800] "GET /xingrg/all/function/internal_message.html?_=1712633005431&CODE_STATE=getMsg HTTP/1.1" 200 27
180.162.115.93 - - [09/Apr/2024:11:23:26 +0800] "GET /xingrg/css/new_ie.css HTTP/1.1" 404 1036
180.162.115.93 - - [09/Apr/2024:11:23:26 +0800] "GET /xingrg/images/yd/bt.gif HTTP/1.1" 404 1040
124.78.56.241 - - [09/Apr/2024:11:23:28 +0800] "GET /xingrg/all/function/internal_message.html?_=1712633008322&CODE_STATE=getMsg HTTP/1.1" 200 27
180.162.115.93 - - [09/Apr/2024:11:23:28 +0800] "GET /xingrg/kc/buy/cgsh_order_list.html HTTP/1.1" 200 58077
116.235.94.6 - - [09/Apr/2024:11:23:32 +0800] "GET /xingrg/check_reg.html?_=1712633011758 HTTP/1.1" 200 22
116.235.94.6 - - [09/Apr/2024:11:23:32 +0800] "GET /xingrg/all/function/internal_message.html?_=1712633011763&CODE_STATE=getMsg HTTP/1.1" 200 27
180.162.115.93 - - [09/Apr/2024:11:23:36 +0800] "POST /xingrg/kc/buy/cgsh_list_operate.html HTTP/1.1" 200 1951
180.162.115.93 - - [09/Apr/2024:11:23:38 +0800] "GET /xingrg/check_reg.html?_=1712631434031 HTTP/1.1" 200 22
180.162.115.93 - - [09/Apr/2024:11:23:38 +0800] "GET /xingrg/all/function/internal_message.html?_=1712631434034&CODE_STATE=getMsg HTTP/1.1" 200 27
222.70.183.82 - - [09/Apr/2024:11:23:44 +0800] "GET /xingrg/all/function/internal_message.html?_=1712633024512&CODE_STATE=getMsg HTTP/1.1" 200 27
218.81.218.80 - - [09/Apr/2024:11:23:44 +0800] "GET /xingrg/all/function/internal_message.html?_=1712633030391&CODE_STATE=getMsg HTTP/1.1" 200 27
180.169.147.146 - - [09/Apr/2024:11:23:50 +0800] "GET /xingrg/all/function/internal_message.html?_=1712633029251&CODE_STATE=getMsg HTTP/1.1" 200 27
180.164.1.25 - - [09/Apr/2024:11:23:53 +0800] "GET /xingrg/all/function/internal_message.html?_=1712633033424&CODE_STATE=getMsg HTTP/1.1" 200 27
116.224.254.208 - - [09/Apr/2024:11:23:54 +0800] "GET /xingrg/all/function/internal_message.html?_=1712633034283&CODE_STATE=getMsg HTTP/1.1" 200 27
120.253.135.82 - - [09/Apr/2024:11:23:55 +0800] "GET /xingrg/all/function/internal_message.html?_=1712633213010&CODE_STATE=getMsg HTTP/1.1" 200 27
180.162.115.93 - - [09/Apr/2024:11:24:00 +0800] "GET /xingrg/kc/buy/cgsh_order_add.html HTTP/1.1" 200 72965
101.83.144.49 - - [09/Apr/2024:11:24:00 +0800] "GET /xingrg/all/function/internal_message.html?_=1712632800846&CODE_STATE=getMsg HTTP/1.1" 200 27
180.162.115.93 - - [09/Apr/2024:11:24:01 +0800] "POST /xingrg/kc/buy/cgsh_order_operate.html HTTP/1.1" 200 8245
180.162.115.93 - - [09/Apr/2024:11:24:01 +0800] "GET /xingrg/javascript/easyui/themes/default/validatebox.css HTTP/1.1" 404 1104
172.20.0.8 - - [09/Apr/2024:11:24:02 +0800] "GET /xingrg/all/function/internal_message.html?_=1712633042757&CODE_STATE=getMsg HTTP/1.1" 302 -
180.162.115.93 - - [09/Apr/2024:11:24:03 +0800] "GET /xingrg/javascript/easyui/themes/default/tree.css HTTP/1.1" 404 1090
180.162.115.93 - - [09/Apr/2024:11:24:03 +0800] "POST /xingrg/all/common/load_tree.html?tree=supplier_tree_json&isDelete=1 HTTP/1.1" 200 79163
101.80.230.31 - - [09/Apr/2024:11:24:09 +0800] "GET /xingrg/all/function/internal_message.html?_=1712633051561&CODE_STATE=getMsg HTTP/1.1" 302 -
101.83.144.49 - - [09/Apr/2024:11:24:09 +0800] "GET /xingrg/all/function/internal_message.html?_=1712633050137&CODE_STATE=getMsg HTTP/1.1" 200 27
180.162.115.93 - - [09/Apr/2024:11:24:11 +0800] "GET /xingrg/javascript/jquery_tools/images/prev.gif HTTP/1.1" 404 1086
180.162.115.93 - - [09/Apr/2024:11:24:11 +0800] "GET /xingrg/javascript/jquery_tools/images/next.gif HTTP/1.1" 404 1086
114.83.218.2 - - [09/Apr/2024:11:24:17 +0800] "GET /xingrg/check_reg.html?_=1712633059125 HTTP/1.1" 200 22
114.83.218.2 - - [09/Apr/2024:11:24:17 +0800] "GET /xingrg/all/function/internal_message.html?_=1712633059127&CODE_STATE=getMsg HTTP/1.1" 200 27
116.224.254.208 - - [09/Apr/2024:11:24:26 +0800] "GET /xingrg/all/function/internal_message.html?_=1712633065423&CODE_STATE=getMsg HTTP/1.1" 200 27
116.224.254.208 - - [09/Apr/2024:11:24:26 +0800] "GET /xingrg/check_reg.html?_=1712633065427 HTTP/1.1" 200 22
124.78.56.241 - - [09/Apr/2024:11:24:28 +0800] "GET /xingrg/all/function/internal_message.html?_=1712633068306&CODE_STATE=getMsg HTTP/1.1" 200 27
116.235.94.6 - - [09/Apr/2024:11:24:32 +0800] "GET /xingrg/all/function/internal_message.html?_=1712633071750&CODE_STATE=getMsg HTTP/1.1" 200 27
180.162.115.93 - - [09/Apr/2024:11:24:35 +0800] "GET /xingrg/javascript/auto/indicator.gif HTTP/1.1" 404 1066
180.162.115.93 - - [09/Apr/2024:11:24:38 +0800] "GET /xingrg/all/function/internal_message.html?_=1712631494045&CODE_STATE=getMsg HTTP/1.1" 200 27
180.162.115.93 - - [09/Apr/2024:11:24:41 +0800] "GET /xingrg/kc/buy/cgsh_order_operate.html?command=get_materiel&rest_code=00143&code=00101008126&supplier_code=00100161&order_time=2024-04-03 HTTP/1.1" 200 412
222.70.183.82 - - [09/Apr/2024:11:24:44 +0800] "GET /xingrg/all/function/internal_message.html?_=1712633084512&CODE_STATE=getMsg HTTP/1.1" 200 27
180.169.147.146 - - [09/Apr/2024:11:24:44 +0800] "GET /xingrg/check_reg.html?_=1712633086269 HTTP/1.1" 200 22
218.81.218.80 - - [09/Apr/2024:11:24:44 +0800] "GET /xingrg/check_reg.html?_=1712633090345 HTTP/1.1" 200 22
218.81.218.80 - - [09/Apr/2024:11:24:44 +0800] "GET /xingrg/all/function/internal_message.html?_=1712633090404&CODE_STATE=getMsg HTTP/1.1" 200 27
180.169.147.146 - - [09/Apr/2024:11:24:50 +0800] "GET /xingrg/all/function/internal_message.html?_=1712633089245&CODE_STATE=getMsg HTTP/1.1" 200 27
180.164.1.25 - - [09/Apr/2024:11:24:53 +0800] "GET /xingrg/all/function/internal_message.html?_=1712633093408&CODE_STATE=getMsg HTTP/1.1" 200 27
116.224.254.208 - - [09/Apr/2024:11:24:54 +0800] "GET /xingrg/check_reg.html?_=1712633094295 HTTP/1.1" 200 22
116.224.254.208 - - [09/Apr/2024:11:24:54 +0800] "GET /xingrg/all/function/internal_message.html?_=1712633094296&CODE_STATE=getMsg HTTP/1.1" 200 27
120.253.135.82 - - [09/Apr/2024:11:24:54 +0800] "GET /xingrg/check_reg.html?_=1712633273017 HTTP/1.1" 200 22
120.253.135.82 - - [09/Apr/2024:11:24:54 +0800] "GET /xingrg/all/function/internal_message.html?_=1712633273015&CODE_STATE=getMsg HTTP/1.1" 200 27
180.162.115.93 - - [09/Apr/2024:11:24:57 +0800] "GET /xingrg/kc/buy/cgsh_order_operate.html?command=get_materiel&rest_code=00143&code=00101008108&supplier_code=00100161&order_time=2024-04-03 HTTP/1.1" 200 412
101.83.144.49 - - [09/Apr/2024:11:25:00 +0800] "GET /xingrg/all/function/internal_message.html?_=1712632860873&CODE_STATE=getMsg HTTP/1.1" 200 27
172.20.0.8 - - [09/Apr/2024:11:25:02 +0800] "GET /xingrg/all/function/internal_message.html?_=1712633102760&CODE_STATE=getMsg HTTP/1.1" 302 -
101.80.230.31 - - [09/Apr/2024:11:25:09 +0800] "GET /xingrg/all/function/internal_message.html?_=1712633111566&CODE_STATE=getMsg HTTP/1.1" 302 -
101.80.230.31 - - [09/Apr/2024:11:25:09 +0800] "GET /xingrg/check_reg.html?_=1712633111576 HTTP/1.1" 302 -
101.83.144.49 - - [09/Apr/2024:11:25:09 +0800] "GET /xingrg/all/function/internal_message.html?_=1712633110137&CODE_STATE=getMsg HTTP/1.1" 200 27
180.162.115.93 - - [09/Apr/2024:11:25:09 +0800] "GET /xingrg/kc/buy/cgsh_order_operate.html?command=get_materiel&rest_code=00143&code=00101008368&supplier_code=00100161&order_time=2024-04-03 HTTP/1.1" 200 408
114.83.218.2 - - [09/Apr/2024:11:25:17 +0800] "GET /xingrg/all/function/internal_message.html?_=1712633119121&CODE_STATE=getMsg HTTP/1.1" 200 27
116.224.254.208 - - [09/Apr/2024:11:25:26 +0800] "GET /xingrg/all/function/internal_message.html?_=1712633125426&CODE_STATE=getMsg HTTP/1.1" 200 27
124.78.56.241 - - [09/Apr/2024:11:25:28 +0800] "GET /xingrg/all/function/internal_message.html?_=1712633128289&CODE_STATE=getMsg HTTP/1.1" 200 27
116.230.109.19 - - [09/Apr/2024:11:25:31 +0800] "GET /xingrg/index.html?sysBaseUrl=http%3A%2F%2F180.169.147.146%3A18081%2Fxingrg%2F&costTime=1779×tamp=1684631389383 HTTP/1.1" 302 -
116.230.109.19 - - [09/Apr/2024:11:25:31 +0800] "GET /xingrg/login.html HTTP/1.1" 200 7641
116.235.94.6 - - [09/Apr/2024:11:25:32 +0800] "GET /xingrg/all/function/internal_message.html?_=1712633131767&CODE_STATE=getMsg HTTP/1.1" 200 27
116.230.109.19 - - [09/Apr/2024:11:25:32 +0800] "GET /favicon.ico HTTP/1.1" 404 -
180.162.115.93 - - [09/Apr/2024:11:25:36 +0800] "GET /xingrg/kc/buy/cgsh_order_operate.html?command=get_materiel&rest_code=00143&code=00101008005&supplier_code=00100161&order_time=2024-04-03 HTTP/1.1" 200 412
180.162.115.93 - - [09/Apr/2024:11:25:38 +0800] "GET /xingrg/all/function/internal_message.html?_=1712631554021&CODE_STATE=getMsg HTTP/1.1" 200 27
180.164.1.25 - - [09/Apr/2024:11:25:40 +0800] "GET /xingrg/check_reg.html?_=1712633140107 HTTP/1.1" 200 22
116.230.109.19 - - [09/Apr/2024:11:25:43 +0800] "POST /xingrg/login.do HTTP/1.1" 302 -
116.230.109.19 - - [09/Apr/2024:11:25:43 +0800] "GET /xingrg/index.html?sysBaseUrl=http%3A%2F%2F180.169.147.146%3A18081%2Fxingrg%2F&costTime=1018×tamp=1712633143566 HTTP/1.1" 200 17179
116.230.109.19 - - [09/Apr/2024:11:25:43 +0800] "GET /favicon.ico HTTP/1.1" 404 -
116.230.109.19 - - [09/Apr/2024:11:25:44 +0800] "GET /xingrg/check_reg.html?_=1712633095328 HTTP/1.1" 200 22
116.230.109.19 - - [09/Apr/2024:11:25:44 +0800] "GET /xingrg/all/function/internal_message.html?_=1712633095328&CODE_STATE=count HTTP/1.1" 200 11
116.230.109.19 - - [09/Apr/2024:11:25:44 +0800] "POST /xingrg/all/common/load_tree.html?tree=area_rest_tree_json&manage=1 HTTP/1.1" 200 351
116.230.109.19 - - [09/Apr/2024:11:25:44 +0800] "POST /xingrg/load_menu.html HTTP/1.1" 200 5138
222.70.183.82 - - [09/Apr/2024:11:25:44 +0800] "GET /xingrg/all/function/internal_message.html?_=1712633144511&CODE_STATE=getMsg HTTP/1.1" 200 27
218.81.218.80 - - [09/Apr/2024:11:25:44 +0800] "GET /xingrg/all/function/internal_message.html?_=1712633150417&CODE_STATE=getMsg HTTP/1.1" 200 27
116.230.109.19 - - [09/Apr/2024:11:25:46 +0800] "GET /xingrg/kc/buy/buy_main.html HTTP/1.1" 200 12412
116.230.109.19 - - [09/Apr/2024:11:25:46 +0800] "GET /xingrg/css/new_ie.css HTTP/1.1" 404 1036
116.230.109.19 - - [09/Apr/2024:11:25:47 +0800] "GET /xingrg/images/yd/bt.gif HTTP/1.1" 404 1040
180.162.115.93 - - [09/Apr/2024:11:25:48 +0800] "GET /xingrg/kc/buy/cgsh_order_operate.html?command=get_materiel&rest_code=00143&code=00101008261&supplier_code=00100161&order_time=2024-04-03 HTTP/1.1" 200 408
116.230.109.19 - - [09/Apr/2024:11:25:49 +0800] "GET /xingrg/kc/buy/cgsh_order_list.html HTTP/1.1" 200 8212
116.230.109.19 - - [09/Apr/2024:11:25:49 +0800] "GET /xingrg/kc/buy/cgsh_order_list.html HTTP/1.1" 200 58077
180.169.147.146 - - [09/Apr/2024:11:25:50 +0800] "GET /xingrg/all/function/internal_message.html?_=1712633149253&CODE_STATE=getMsg HTTP/1.1" 200 27
116.230.109.19 - - [09/Apr/2024:11:25:52 +0800] "POST /xingrg/kc/buy/cgsh_list_operate.html HTTP/1.1" 200 645
180.164.1.25 - - [09/Apr/2024:11:25:53 +0800] "GET /xingrg/all/function/internal_message.html?_=1712633153401&CODE_STATE=getMsg HTTP/1.1" 200 27
116.224.254.208 - - [09/Apr/2024:11:25:54 +0800] "GET /xingrg/all/function/internal_message.html?_=1712633154289&CODE_STATE=getMsg HTTP/1.1" 200 27
120.253.135.82 - - [09/Apr/2024:11:25:54 +0800] "GET /xingrg/all/function/internal_message.html?_=1712633333020&CODE_STATE=getMsg HTTP/1.1" 200 27
116.230.109.19 - - [09/Apr/2024:11:25:55 +0800] "GET /xingrg/kc/base/base_main.html HTTP/1.1" 200 12142
116.230.109.19 - - [09/Apr/2024:11:25:58 +0800] "GET /xingrg/kc/buy/buy_main.html HTTP/1.1" 200 12412
