116.224.254.208 - - [09/Apr/2024:09:06:55 +0800] "GET /xingrg/kc/print/load_data.html?order_code=212024040901929&kc_code=cgsh&condition= HTTP/1.1" 200 13451
101.83.144.49 - - [09/Apr/2024:09:07:00 +0800] "GET /xingrg/all/function/internal_message.html?_=1712624580692&CODE_STATE=getMsg HTTP/1.1" 200 27
101.83.144.49 - - [09/Apr/2024:09:07:00 +0800] "GET /xingrg/check_reg.html?_=1712624580697 HTTP/1.1" 200 22
172.20.0.8 - - [09/Apr/2024:09:07:02 +0800] "GET /xingrg/all/function/internal_message.html?_=1712624822828&CODE_STATE=getMsg HTTP/1.1" 302 -
120.253.135.82 - - [09/Apr/2024:09:07:08 +0800] "POST /xingrg/kc/base/stock_operate.html HTTP/1.1" 200 4364
101.80.230.31 - - [09/Apr/2024:09:07:09 +0800] "GET /xingrg/all/function/internal_message.html?_=1712624831272&CODE_STATE=getMsg HTTP/1.1" 200 27
120.253.135.82 - - [09/Apr/2024:09:07:13 +0800] "POST /xingrg/kc/base/stock_operate.html HTTP/1.1" 200 4337
116.224.254.208 - - [09/Apr/2024:09:07:15 +0800] "GET /xingrg/all/function/internal_message.html?_=1712624835274&CODE_STATE=getMsg HTTP/1.1" 200 27
120.253.135.82 - - [09/Apr/2024:09:07:17 +0800] "POST /xingrg/kc/base/stock_operate.html HTTP/1.1" 200 4321
114.83.218.2 - - [09/Apr/2024:09:07:17 +0800] "GET /xingrg/all/function/internal_message.html?_=1712624839135&CODE_STATE=getMsg HTTP/1.1" 200 27
58.40.7.146 - - [09/Apr/2024:09:07:17 +0800] "GET /xingrg/check_reg.html?_=1712624837795 HTTP/1.1" 200 22
58.40.7.146 - - [09/Apr/2024:09:07:17 +0800] "GET /xingrg/all/function/internal_message.html?_=1712624837796&CODE_STATE=getMsg HTTP/1.1" 200 27
120.253.135.82 - - [09/Apr/2024:09:07:21 +0800] "POST /xingrg/kc/base/stock_operate.html HTTP/1.1" 200 4479
120.253.135.82 - - [09/Apr/2024:09:07:25 +0800] "POST /xingrg/kc/base/stock_operate.html HTTP/1.1" 200 4444
101.83.144.49 - - [09/Apr/2024:09:07:26 +0800] "GET /xingrg/kc/buy/cgsh_order_operate.html?command=get_materiel&rest_code=00105&code=00101008141&supplier_code=00100008&order_time=2024-04-09 HTTP/1.1" 200 412
124.78.56.241 - - [09/Apr/2024:09:07:29 +0800] "GET /xingrg/all/function/internal_message.html?_=1712624849003&CODE_STATE=getMsg HTTP/1.1" 200 27
124.78.56.241 - - [09/Apr/2024:09:07:29 +0800] "GET /xingrg/check_reg.html?_=1712624849009 HTTP/1.1" 200 22
120.253.135.82 - - [09/Apr/2024:09:07:30 +0800] "POST /xingrg/kc/base/stock_operate.html HTTP/1.1" 200 4412
116.235.94.6 - - [09/Apr/2024:09:07:31 +0800] "GET /xingrg/all/function/internal_message.html?_=1712624851753&CODE_STATE=getMsg HTTP/1.1" 200 27
120.253.135.82 - - [09/Apr/2024:09:07:34 +0800] "POST /xingrg/kc/base/stock_operate.html HTTP/1.1" 200 2322
116.224.254.208 - - [09/Apr/2024:09:07:35 +0800] "GET /xingrg/all/function/internal_message.html?_=1712624855263&CODE_STATE=getMsg HTTP/1.1" 200 27
180.169.147.146 - - [09/Apr/2024:09:07:36 +0800] "GET /xingrg/all/function/internal_message.html?_=1712624855464&CODE_STATE=getMsg HTTP/1.1" 302 -
222.70.183.82 - - [09/Apr/2024:09:07:44 +0800] "GET /xingrg/all/function/internal_message.html?_=1712624864441&CODE_STATE=getMsg HTTP/1.1" 200 27
116.224.254.208 - - [09/Apr/2024:09:07:47 +0800] "GET /xingrg/all/function/internal_message.html?_=1712624866870&CODE_STATE=getMsg HTTP/1.1" 200 27
120.253.135.82 - - [09/Apr/2024:09:07:54 +0800] "GET /xingrg/all/function/internal_message.html?_=1712625052346&CODE_STATE=getMsg HTTP/1.1" 200 27
101.83.144.49 - - [09/Apr/2024:09:08:00 +0800] "GET /xingrg/all/function/internal_message.html?_=1712624640685&CODE_STATE=getMsg HTTP/1.1" 200 27
172.20.0.8 - - [09/Apr/2024:09:08:02 +0800] "GET /xingrg/all/function/internal_message.html?_=1712624882832&CODE_STATE=getMsg HTTP/1.1" 302 -
101.80.230.31 - - [09/Apr/2024:09:08:09 +0800] "GET /xingrg/all/function/internal_message.html?_=1712624891270&CODE_STATE=getMsg HTTP/1.1" 200 27
116.224.254.208 - - [09/Apr/2024:09:08:15 +0800] "GET /xingrg/all/function/internal_message.html?_=1712624895274&CODE_STATE=getMsg HTTP/1.1" 200 27
114.83.218.2 - - [09/Apr/2024:09:08:17 +0800] "GET /xingrg/all/function/internal_message.html?_=1712624899136&CODE_STATE=getMsg HTTP/1.1" 200 27
58.40.7.146 - - [09/Apr/2024:09:08:17 +0800] "GET /xingrg/all/function/internal_message.html?_=1712624897806&CODE_STATE=getMsg HTTP/1.1" 200 27
101.83.144.49 - - [09/Apr/2024:09:08:18 +0800] "POST /xingrg/kc/buy/cgsh_order_operate.html HTTP/1.1" 200 2065
124.78.56.241 - - [09/Apr/2024:09:08:29 +0800] "GET /xingrg/all/function/internal_message.html?_=1712624908999&CODE_STATE=getMsg HTTP/1.1" 200 27
116.235.94.6 - - [09/Apr/2024:09:08:31 +0800] "GET /xingrg/all/function/internal_message.html?_=1712624911743&CODE_STATE=getMsg HTTP/1.1" 200 27
116.235.94.6 - - [09/Apr/2024:09:08:31 +0800] "GET /xingrg/check_reg.html?_=1712624911746 HTTP/1.1" 200 22
120.253.135.82 - - [09/Apr/2024:09:08:34 +0800] "POST /xingrg/kc/base/stock_operate.html HTTP/1.1" 200 4379
116.224.254.208 - - [09/Apr/2024:09:08:35 +0800] "GET /xingrg/all/function/internal_message.html?_=1712624915255&CODE_STATE=getMsg HTTP/1.1" 200 27
180.169.147.146 - - [09/Apr/2024:09:08:36 +0800] "GET /xingrg/all/function/internal_message.html?_=1712624915468&CODE_STATE=getMsg HTTP/1.1" 302 -
120.253.135.82 - - [09/Apr/2024:09:08:38 +0800] "POST /xingrg/kc/base/stock_operate.html HTTP/1.1" 200 4575
222.70.183.82 - - [09/Apr/2024:09:08:44 +0800] "GET /xingrg/all/function/internal_message.html?_=1712624924441&CODE_STATE=getMsg HTTP/1.1" 200 27
116.224.254.208 - - [09/Apr/2024:09:08:47 +0800] "GET /xingrg/all/function/internal_message.html?_=1712624926847&CODE_STATE=getMsg HTTP/1.1" 200 27
120.253.135.82 - - [09/Apr/2024:09:08:54 +0800] "GET /xingrg/all/function/internal_message.html?_=1712625112351&CODE_STATE=getMsg HTTP/1.1" 200 27
120.253.135.82 - - [09/Apr/2024:09:08:54 +0800] "POST /xingrg/kc/base/stock_operate.html HTTP/1.1" 200 4566
101.83.144.49 - - [09/Apr/2024:09:09:00 +0800] "GET /xingrg/all/function/internal_message.html?_=1712624700701&CODE_STATE=getMsg HTTP/1.1" 200 27
172.20.0.8 - - [09/Apr/2024:09:09:02 +0800] "GET /xingrg/all/function/internal_message.html?_=1712624942834&CODE_STATE=getMsg HTTP/1.1" 302 -
101.80.230.31 - - [09/Apr/2024:09:09:09 +0800] "GET /xingrg/all/function/internal_message.html?_=1712624951267&CODE_STATE=getMsg HTTP/1.1" 200 27
101.83.144.49 - - [09/Apr/2024:09:09:09 +0800] "POST /xingrg/kc/buy/cgsh_order_operate.html HTTP/1.1" 200 37
101.83.144.49 - - [09/Apr/2024:09:09:12 +0800] "POST /xingrg/kc/buy/cgsh_order_operate.html HTTP/1.1" 200 23352
116.224.254.208 - - [09/Apr/2024:09:09:15 +0800] "GET /xingrg/check_reg.html?_=1712624955261 HTTP/1.1" 200 22
116.224.254.208 - - [09/Apr/2024:09:09:15 +0800] "GET /xingrg/all/function/internal_message.html?_=1712624955263&CODE_STATE=getMsg HTTP/1.1" 200 27
114.83.218.2 - - [09/Apr/2024:09:09:17 +0800] "GET /xingrg/check_reg.html?_=1712624959128 HTTP/1.1" 200 22
114.83.218.2 - - [09/Apr/2024:09:09:17 +0800] "GET /xingrg/all/function/internal_message.html?_=1712624959131&CODE_STATE=getMsg HTTP/1.1" 200 27
58.40.7.146 - - [09/Apr/2024:09:09:17 +0800] "GET /xingrg/all/function/internal_message.html?_=1712624957806&CODE_STATE=getMsg HTTP/1.1" 200 27
116.224.254.208 - - [09/Apr/2024:09:09:25 +0800] "POST /xingrg/all/user/operate.html HTTP/1.1" 200 36
116.224.254.208 - - [09/Apr/2024:09:09:26 +0800] "GET /xingrg/index.html?sysBaseUrl=http%3A%2F%2F180.169.147.146%3A18081%2Fxingrg%2F&costTime=811×tamp=1712623137150 HTTP/1.1" 200 17177
116.224.254.208 - - [09/Apr/2024:09:09:26 +0800] "GET /xingrg/javascript/jquery_easy_ui/themes/default/easyui.css HTTP/1.1" 304 -
116.224.254.208 - - [09/Apr/2024:09:09:26 +0800] "GET /xingrg/javascript/jquery_easy_ui/themes/icon.css HTTP/1.1" 304 -
116.224.254.208 - - [09/Apr/2024:09:09:26 +0800] "GET /xingrg/css/form.css HTTP/1.1" 304 -
116.224.254.208 - - [09/Apr/2024:09:09:26 +0800] "GET /xingrg/javascript/jquery-1.4.2.min.js HTTP/1.1" 304 -
116.224.254.208 - - [09/Apr/2024:09:09:26 +0800] "GET /xingrg/javascript/jquery_easy_ui/jquery.easyui.min.js HTTP/1.1" 304 -
116.224.254.208 - - [09/Apr/2024:09:09:26 +0800] "GET /xingrg/javascript/jquery_easy_ui/easyui-lang-zh_CN.js HTTP/1.1" 304 -
116.224.254.208 - - [09/Apr/2024:09:09:26 +0800] "GET /xingrg/javascript/jquery.form.js HTTP/1.1" 304 -
116.224.254.208 - - [09/Apr/2024:09:09:26 +0800] "GET /xingrg/javascript/jquery.utils.js HTTP/1.1" 304 -
116.224.254.208 - - [09/Apr/2024:09:09:26 +0800] "GET /xingrg/javascript/jquery.timers.js HTTP/1.1" 304 -
116.224.254.208 - - [09/Apr/2024:09:09:26 +0800] "GET /xingrg/images/blue/jxLogo.png HTTP/1.1" 304 -
116.224.254.208 - - [09/Apr/2024:09:09:26 +0800] "GET /xingrg/images/blue/navBackgound.jpg HTTP/1.1" 304 -
116.224.254.208 - - [09/Apr/2024:09:09:26 +0800] "GET /xingrg/javascript/jquery_easy_ui/themes/icons/settle_new.png HTTP/1.1" 304 -
116.224.254.208 - - [09/Apr/2024:09:09:26 +0800] "GET /xingrg/all/function/internal_message.html?_=1712624965408&CODE_STATE=count HTTP/1.1" 200 11
116.224.254.208 - - [09/Apr/2024:09:09:26 +0800] "GET /xingrg/check_reg.html?_=1712624965409 HTTP/1.1" 200 22
116.224.254.208 - - [09/Apr/2024:09:09:26 +0800] "GET /xingrg/javascript/jquery_easy_ui/themes/default/images/panel_tool_collapse.gif HTTP/1.1" 304 -
116.224.254.208 - - [09/Apr/2024:09:09:26 +0800] "GET /xingrg/javascript/jquery_easy_ui/themes/default/images/tabs_rightarrow.png HTTP/1.1" 304 -
116.224.254.208 - - [09/Apr/2024:09:09:26 +0800] "GET /xingrg/javascript/jquery_easy_ui/themes/default/images/tabs_leftarrow.png HTTP/1.1" 304 -
116.224.254.208 - - [09/Apr/2024:09:09:26 +0800] "GET /xingrg/images/blue/pingpu.png HTTP/1.1" 304 -
116.224.254.208 - - [09/Apr/2024:09:09:26 +0800] "POST /xingrg/all/common/load_tree.html?tree=area_rest_tree_json&manage=1 HTTP/1.1" 200 476
116.224.254.208 - - [09/Apr/2024:09:09:26 +0800] "POST /xingrg/load_menu.html HTTP/1.1" 200 5138
218.81.217.36 - - [09/Apr/2024:09:09:28 +0800] "GET /xingrg/check_reg.html?_=1712624973643 HTTP/1.1" 200 22
124.78.56.241 - - [09/Apr/2024:09:09:29 +0800] "GET /xingrg/all/function/internal_message.html?_=1712624969000&CODE_STATE=getMsg HTTP/1.1" 200 27
120.253.135.82 - - [09/Apr/2024:09:09:30 +0800] "POST /xingrg/kc/base/stock_operate.html HTTP/1.1" 200 4569
116.235.94.6 - - [09/Apr/2024:09:09:31 +0800] "GET /xingrg/all/function/internal_message.html?_=1712624971764&CODE_STATE=getMsg HTTP/1.1" 200 27
116.224.254.208 - - [09/Apr/2024:09:09:33 +0800] "GET /xingrg/kc/buy/cgsh_order_list.html HTTP/1.1" 200 58075
116.224.254.208 - - [09/Apr/2024:09:09:35 +0800] "GET /xingrg/all/function/internal_message.html?_=1712624975268&CODE_STATE=getMsg HTTP/1.1" 200 27
180.169.147.146 - - [09/Apr/2024:09:09:36 +0800] "GET /xingrg/all/function/internal_message.html?_=1712624975473&CODE_STATE=getMsg HTTP/1.1" 302 -
116.224.254.208 - - [09/Apr/2024:09:09:36 +0800] "POST /xingrg/kc/buy/cgsh_list_operate.html HTTP/1.1" 200 645
116.224.254.208 - - [09/Apr/2024:09:09:39 +0800] "GET /xingrg/javascript/jquery_tools/images/prev.gif HTTP/1.1" 404 1086
116.224.254.208 - - [09/Apr/2024:09:09:39 +0800] "GET /xingrg/javascript/jquery_tools/images/next.gif HTTP/1.1" 404 1086
222.70.183.82 - - [09/Apr/2024:09:09:44 +0800] "GET /xingrg/all/function/internal_message.html?_=1712624984440&CODE_STATE=getMsg HTTP/1.1" 200 27
116.224.254.208 - - [09/Apr/2024:09:09:50 +0800] "GET /xingrg/javascript/auto/indicator.gif HTTP/1.1" 404 1066
120.253.135.82 - - [09/Apr/2024:09:09:54 +0800] "GET /xingrg/check_reg.html?_=1712625172359 HTTP/1.1" 200 22
120.253.135.82 - - [09/Apr/2024:09:09:54 +0800] "GET /xingrg/all/function/internal_message.html?_=1712625172356&CODE_STATE=getMsg HTTP/1.1" 200 27
116.224.254.208 - - [09/Apr/2024:09:09:59 +0800] "POST /xingrg/kc/buy/cgsh_list_operate.html HTTP/1.1" 200 645
101.83.144.49 - - [09/Apr/2024:09:10:00 +0800] "GET /xingrg/all/function/internal_message.html?_=1712624760696&CODE_STATE=getMsg HTTP/1.1" 200 27
172.20.0.8 - - [09/Apr/2024:09:10:02 +0800] "GET /xingrg/all/function/internal_message.html?_=1712625002836&CODE_STATE=getMsg HTTP/1.1" 302 -
101.80.230.31 - - [09/Apr/2024:09:10:09 +0800] "GET /xingrg/all/function/internal_message.html?_=1712625011266&CODE_STATE=getMsg HTTP/1.1" 200 27
101.80.230.31 - - [09/Apr/2024:09:10:09 +0800] "GET /xingrg/check_reg.html?_=1712625011269 HTTP/1.1" 200 22
116.224.254.208 - - [09/Apr/2024:09:10:15 +0800] "GET /xingrg/all/function/internal_message.html?_=1712625015251&CODE_STATE=getMsg HTTP/1.1" 200 27
114.83.218.2 - - [09/Apr/2024:09:10:17 +0800] "GET /xingrg/all/function/internal_message.html?_=1712625019131&CODE_STATE=getMsg HTTP/1.1" 200 27
58.40.7.146 - - [09/Apr/2024:09:10:17 +0800] "GET /xingrg/all/function/internal_message.html?_=1712625017796&CODE_STATE=getMsg HTTP/1.1" 200 27
120.253.135.82 - - [09/Apr/2024:09:10:24 +0800] "POST /xingrg/kc/base/stock_operate.html HTTP/1.1" 200 4469
116.224.254.208 - - [09/Apr/2024:09:10:26 +0800] "GET /xingrg/all/function/internal_message.html?_=1712625025430&CODE_STATE=getMsg HTTP/1.1" 200 27
124.78.56.241 - - [09/Apr/2024:09:10:29 +0800] "GET /xingrg/all/function/internal_message.html?_=1712625028990&CODE_STATE=getMsg HTTP/1.1" 200 27
116.235.94.6 - - [09/Apr/2024:09:10:31 +0800] "GET /xingrg/all/function/internal_message.html?_=1712625031761&CODE_STATE=getMsg HTTP/1.1" 200 27
120.253.135.82 - - [09/Apr/2024:09:10:32 +0800] "POST /xingrg/kc/base/stock_operate.html HTTP/1.1" 200 4405
116.224.254.208 - - [09/Apr/2024:09:10:35 +0800] "GET /xingrg/check_reg.html?_=1712625035267 HTTP/1.1" 200 22
116.224.254.208 - - [09/Apr/2024:09:10:35 +0800] "GET /xingrg/all/function/internal_message.html?_=1712625035269&CODE_STATE=getMsg HTTP/1.1" 200 27
180.169.147.146 - - [09/Apr/2024:09:10:36 +0800] "GET /xingrg/all/function/internal_message.html?_=1712625035455&CODE_STATE=getMsg HTTP/1.1" 302 -
120.253.135.82 - - [09/Apr/2024:09:10:42 +0800] "POST /xingrg/kc/base/stock_operate.html HTTP/1.1" 200 4456
222.70.183.82 - - [09/Apr/2024:09:10:44 +0800] "GET /xingrg/all/function/internal_message.html?_=1712625044441&CODE_STATE=getMsg HTTP/1.1" 200 27
120.253.135.82 - - [09/Apr/2024:09:10:46 +0800] "POST /xingrg/kc/base/stock_operate.html HTTP/1.1" 200 4495
120.253.135.82 - - [09/Apr/2024:09:10:53 +0800] "POST /xingrg/kc/base/stock_operate.html HTTP/1.1" 200 4482
120.253.135.82 - - [09/Apr/2024:09:10:54 +0800] "GET /xingrg/all/function/internal_message.html?_=1712625232360&CODE_STATE=getMsg HTTP/1.1" 200 27
101.83.144.49 - - [09/Apr/2024:09:11:00 +0800] "GET /xingrg/all/function/internal_message.html?_=1712624820689&CODE_STATE=getMsg HTTP/1.1" 200 27
120.253.135.82 - - [09/Apr/2024:09:11:01 +0800] "POST /xingrg/kc/base/stock_operate.html HTTP/1.1" 200 4584
172.20.0.8 - - [09/Apr/2024:09:11:02 +0800] "GET /xingrg/check_reg.html?_=1712625062823 HTTP/1.1" 302 -
172.20.0.8 - - [09/Apr/2024:09:11:02 +0800] "GET /xingrg/all/function/internal_message.html?_=1712625062826&CODE_STATE=getMsg HTTP/1.1" 302 -
180.169.147.146 - - [09/Apr/2024:09:11:05 +0800] "GET /xingrg/check_reg.html?_=1712625067603 HTTP/1.1" 200 22
101.80.230.31 - - [09/Apr/2024:09:11:09 +0800] "GET /xingrg/all/function/internal_message.html?_=1712625071293&CODE_STATE=getMsg HTTP/1.1" 200 27
222.70.183.82 - - [09/Apr/2024:09:11:15 +0800] "GET /xingrg/kc/buy/cgsh_order_add.html HTTP/1.1" 200 73802
222.70.183.82 - - [09/Apr/2024:09:11:15 +0800] "POST /xingrg/kc/buy/cgsh_order_operate.html HTTP/1.1" 200 8245
116.224.254.208 - - [09/Apr/2024:09:11:15 +0800] "GET /xingrg/all/function/internal_message.html?_=1712625075272&CODE_STATE=getMsg HTTP/1.1" 200 27
222.70.183.82 - - [09/Apr/2024:09:11:15 +0800] "GET /xingrg/javascript/easyui/themes/default/validatebox.css HTTP/1.1" 404 1104
114.83.218.2 - - [09/Apr/2024:09:11:17 +0800] "GET /xingrg/all/function/internal_message.html?_=1712625079133&CODE_STATE=getMsg HTTP/1.1" 200 27
58.40.7.146 - - [09/Apr/2024:09:11:18 +0800] "GET /xingrg/all/function/internal_message.html?_=1712625077822&CODE_STATE=getMsg HTTP/1.1" 200 27
120.253.135.82 - - [09/Apr/2024:09:11:23 +0800] "POST /xingrg/kc/base/stock_operate.html HTTP/1.1" 200 2365
116.224.254.208 - - [09/Apr/2024:09:11:26 +0800] "GET /xingrg/all/function/internal_message.html?_=1712625085420&CODE_STATE=getMsg HTTP/1.1" 200 27
124.78.56.241 - - [09/Apr/2024:09:11:29 +0800] "GET /xingrg/all/function/internal_message.html?_=1712625089002&CODE_STATE=getMsg HTTP/1.1" 200 27
222.70.183.82 - - [09/Apr/2024:09:11:30 +0800] "GET /xingrg/kc/buy/cgsh_order_operate.html?command=get_materiel&rest_code=00111&code=00101002027&supplier_code=00100199&order_time=2024-04-09 HTTP/1.1" 200 413
116.235.94.6 - - [09/Apr/2024:09:11:32 +0800] "GET /xingrg/all/function/internal_message.html?_=1712625091762&CODE_STATE=getMsg HTTP/1.1" 200 27
116.224.254.208 - - [09/Apr/2024:09:11:35 +0800] "GET /xingrg/all/function/internal_message.html?_=1712625095268&CODE_STATE=getMsg HTTP/1.1" 200 27
180.169.147.146 - - [09/Apr/2024:09:11:36 +0800] "GET /xingrg/all/function/internal_message.html?_=1712625095474&CODE_STATE=getMsg HTTP/1.1" 302 -
180.169.147.146 - - [09/Apr/2024:09:11:36 +0800] "GET /xingrg/check_reg.html?_=1712625095481 HTTP/1.1" 302 -
101.83.144.49 - - [09/Apr/2024:09:11:37 +0800] "POST /xingrg/kc/buy/cgsh_order_operate.html HTTP/1.1" 200 37
120.253.135.82 - - [09/Apr/2024:09:11:39 +0800] "POST /xingrg/kc/base/stock_operate.html HTTP/1.1" 200 3434
101.83.144.49 - - [09/Apr/2024:09:11:43 +0800] "POST /xingrg/kc/buy/cgsh_order_operate.html HTTP/1.1" 200 23352
222.70.183.82 - - [09/Apr/2024:09:11:44 +0800] "GET /xingrg/check_reg.html?_=1712625104451 HTTP/1.1" 200 22
222.70.183.82 - - [09/Apr/2024:09:11:44 +0800] "GET /xingrg/all/function/internal_message.html?_=1712625104456&CODE_STATE=getMsg HTTP/1.1" 200 27
120.253.135.82 - - [09/Apr/2024:09:11:54 +0800] "GET /xingrg/all/function/internal_message.html?_=1712625292365&CODE_STATE=getMsg HTTP/1.1" 200 27
116.230.109.19 - - [09/Apr/2024:09:11:56 +0800] "POST /xingrg/services/DataTransmitService HTTP/1.1" 200 524
222.70.183.82 - - [09/Apr/2024:09:11:58 +0800] "GET /xingrg/kc/buy/cgsh_order_operate.html?command=get_materiel&rest_code=00111&code=00101001069&supplier_code=00100199&order_time=2024-04-09 HTTP/1.1" 200 409
101.83.144.49 - - [09/Apr/2024:09:12:00 +0800] "GET /xingrg/all/function/internal_message.html?_=1712624880682&CODE_STATE=getMsg HTTP/1.1" 200 27
101.83.144.49 - - [09/Apr/2024:09:12:00 +0800] "GET /xingrg/check_reg.html?_=1712624880683 HTTP/1.1" 200 22
172.20.0.8 - - [09/Apr/2024:09:12:02 +0800] "GET /xingrg/all/function/internal_message.html?_=1712625122826&CODE_STATE=getMsg HTTP/1.1" 302 -
120.253.135.82 - - [09/Apr/2024:09:12:06 +0800] "POST /xingrg/kc/base/stock_operate.html HTTP/1.1" 200 4184
101.80.230.31 - - [09/Apr/2024:09:12:09 +0800] "GET /xingrg/all/function/internal_message.html?_=1712625131291&CODE_STATE=getMsg HTTP/1.1" 200 27
120.253.135.82 - - [09/Apr/2024:09:12:11 +0800] "POST /xingrg/kc/base/stock_operate.html HTTP/1.1" 200 4354
120.253.135.82 - - [09/Apr/2024:09:12:15 +0800] "POST /xingrg/kc/base/stock_operate.html HTTP/1.1" 200 4382
116.224.254.208 - - [09/Apr/2024:09:12:15 +0800] "GET /xingrg/all/function/internal_message.html?_=1712625135268&CODE_STATE=getMsg HTTP/1.1" 200 27
222.70.183.82 - - [09/Apr/2024:09:12:17 +0800] "POST /xingrg/kc/buy/cgsh_order_operate.html HTTP/1.1" 200 37
114.83.218.2 - - [09/Apr/2024:09:12:17 +0800] "GET /xingrg/all/function/internal_message.html?_=1712625139135&CODE_STATE=getMsg HTTP/1.1" 200 27
58.40.7.146 - - [09/Apr/2024:09:12:17 +0800] "GET /xingrg/check_reg.html?_=1712625137803 HTTP/1.1" 200 22
58.40.7.146 - - [09/Apr/2024:09:12:17 +0800] "GET /xingrg/all/function/internal_message.html?_=1712625137804&CODE_STATE=getMsg HTTP/1.1" 200 27
120.253.135.82 - - [09/Apr/2024:09:12:19 +0800] "POST /xingrg/kc/base/stock_operate.html HTTP/1.1" 200 4398
116.224.254.208 - - [09/Apr/2024:09:12:26 +0800] "GET /xingrg/all/function/internal_message.html?_=1712625145456&CODE_STATE=getMsg HTTP/1.1" 200 27
222.70.183.82 - - [09/Apr/2024:09:12:28 +0800] "POST /xingrg/kc/buy/cgsh_order_operate.html HTTP/1.1" 200 12
120.253.135.82 - - [09/Apr/2024:09:12:28 +0800] "POST /xingrg/kc/base/stock_operate.html HTTP/1.1" 200 4157
124.78.56.241 - - [09/Apr/2024:09:12:29 +0800] "GET /xingrg/all/function/internal_message.html?_=1712625148997&CODE_STATE=getMsg HTTP/1.1" 200 27
124.78.56.241 - - [09/Apr/2024:09:12:29 +0800] "GET /xingrg/check_reg.html?_=1712625149003 HTTP/1.1" 200 22
222.70.183.82 - - [09/Apr/2024:09:12:30 +0800] "GET /xingrg/kc/buy/cgsh_order_info.html?code=212024040901937 HTTP/1.1" 200 68709
222.70.183.82 - - [09/Apr/2024:09:12:30 +0800] "GET /xingrg/javascript/easyui/themes/default/validatebox.css HTTP/1.1" 404 1104
222.70.183.82 - - [09/Apr/2024:09:12:31 +0800] "POST /xingrg/kc/buy/cgsh_order_operate.html HTTP/1.1" 200 1794
116.235.94.6 - - [09/Apr/2024:09:12:31 +0800] "GET /xingrg/all/function/internal_message.html?_=1712625151757&CODE_STATE=getMsg HTTP/1.1" 200 27
116.224.254.208 - - [09/Apr/2024:09:12:35 +0800] "GET /xingrg/all/function/internal_message.html?_=1712625155257&CODE_STATE=getMsg HTTP/1.1" 200 27
180.169.147.146 - - [09/Apr/2024:09:12:36 +0800] "GET /xingrg/all/function/internal_message.html?_=1712625155459&CODE_STATE=getMsg HTTP/1.1" 302 -
222.70.183.82 - - [09/Apr/2024:09:12:38 +0800] "GET /xingrg/kc/print/load_data.html?order_code=212024040901937&kc_code=cgsh&condition= HTTP/1.1" 200 1144
222.70.183.82 - - [09/Apr/2024:09:12:44 +0800] "GET /xingrg/all/function/internal_message.html?_=1712625164441&CODE_STATE=getMsg HTTP/1.1" 200 27
120.253.135.82 - - [09/Apr/2024:09:12:47 +0800] "POST /xingrg/kc/base/stock_operate.html HTTP/1.1" 200 4374
120.253.135.82 - - [09/Apr/2024:09:12:54 +0800] "GET /xingrg/all/function/internal_message.html?_=1712625352370&CODE_STATE=getMsg HTTP/1.1" 200 27
101.83.144.49 - - [09/Apr/2024:09:13:00 +0800] "GET /xingrg/all/function/internal_message.html?_=1712624940681&CODE_STATE=getMsg HTTP/1.1" 200 27
172.20.0.8 - - [09/Apr/2024:09:13:02 +0800] "GET /xingrg/all/function/internal_message.html?_=1712625182831&CODE_STATE=getMsg HTTP/1.1" 302 -
101.80.230.31 - - [09/Apr/2024:09:13:09 +0800] "GET /xingrg/all/function/internal_message.html?_=1712625191289&CODE_STATE=getMsg HTTP/1.1" 200 27
116.224.254.208 - - [09/Apr/2024:09:13:15 +0800] "GET /xingrg/all/function/internal_message.html?_=1712625195261&CODE_STATE=getMsg HTTP/1.1" 200 27
114.83.218.2 - - [09/Apr/2024:09:13:17 +0800] "GET /xingrg/all/function/internal_message.html?_=1712625199136&CODE_STATE=getMsg HTTP/1.1" 200 27
58.40.7.146 - - [09/Apr/2024:09:13:17 +0800] "GET /xingrg/all/function/internal_message.html?_=1712625197801&CODE_STATE=getMsg HTTP/1.1" 200 27
116.224.254.208 - - [09/Apr/2024:09:13:26 +0800] "GET /xingrg/all/function/internal_message.html?_=1712625205435&CODE_STATE=getMsg HTTP/1.1" 200 27
124.78.56.241 - - [09/Apr/2024:09:13:29 +0800] "GET /xingrg/all/function/internal_message.html?_=1712625209004&CODE_STATE=getMsg HTTP/1.1" 200 27
116.235.94.6 - - [09/Apr/2024:09:13:31 +0800] "GET /xingrg/all/function/internal_message.html?_=1712625211757&CODE_STATE=getMsg HTTP/1.1" 200 27
116.235.94.6 - - [09/Apr/2024:09:13:31 +0800] "GET /xingrg/check_reg.html?_=1712625211754 HTTP/1.1" 200 22
116.224.254.208 - - [09/Apr/2024:09:13:35 +0800] "GET /xingrg/all/function/internal_message.html?_=1712625215246&CODE_STATE=getMsg HTTP/1.1" 200 27
180.169.147.146 - - [09/Apr/2024:09:13:36 +0800] "GET /xingrg/all/function/internal_message.html?_=1712625215467&CODE_STATE=getMsg HTTP/1.1" 302 -
222.70.183.82 - - [09/Apr/2024:09:13:44 +0800] "GET /xingrg/all/function/internal_message.html?_=1712625224450&CODE_STATE=getMsg HTTP/1.1" 200 27
120.253.135.82 - - [09/Apr/2024:09:13:54 +0800] "GET /xingrg/all/function/internal_message.html?_=1712625412375&CODE_STATE=getMsg HTTP/1.1" 200 27
101.83.144.49 - - [09/Apr/2024:09:14:00 +0800] "GET /xingrg/all/function/internal_message.html?_=1712625000682&CODE_STATE=getMsg HTTP/1.1" 200 27
172.20.0.8 - - [09/Apr/2024:09:14:02 +0800] "GET /xingrg/all/function/internal_message.html?_=1712625242835&CODE_STATE=getMsg HTTP/1.1" 302 -
101.80.230.31 - - [09/Apr/2024:09:14:09 +0800] "GET /xingrg/all/function/internal_message.html?_=1712625251288&CODE_STATE=getMsg HTTP/1.1" 200 27
116.224.254.208 - - [09/Apr/2024:09:14:15 +0800] "GET /xingrg/check_reg.html?_=1712625255256 HTTP/1.1" 200 22
116.224.254.208 - - [09/Apr/2024:09:14:15 +0800] "GET /xingrg/all/function/internal_message.html?_=1712625255257&CODE_STATE=getMsg HTTP/1.1" 200 27
114.83.218.2 - - [09/Apr/2024:09:14:17 +0800] "GET /xingrg/check_reg.html?_=1712625259137 HTTP/1.1" 200 22
114.83.218.2 - - [09/Apr/2024:09:14:17 +0800] "GET /xingrg/all/function/internal_message.html?_=1712625259141&CODE_STATE=getMsg HTTP/1.1" 200 27
116.224.254.208 - - [09/Apr/2024:09:14:26 +0800] "GET /xingrg/check_reg.html?_=1712625265428 HTTP/1.1" 200 22
116.224.254.208 - - [09/Apr/2024:09:14:26 +0800] "GET /xingrg/all/function/internal_message.html?_=1712625265431&CODE_STATE=getMsg HTTP/1.1" 200 27
218.81.217.36 - - [09/Apr/2024:09:14:28 +0800] "GET /xingrg/check_reg.html?_=1712625273651 HTTP/1.1" 200 22
124.78.56.241 - - [09/Apr/2024:09:14:29 +0800] "GET /xingrg/all/function/internal_message.html?_=1712625268999&CODE_STATE=getMsg HTTP/1.1" 200 27
116.235.94.6 - - [09/Apr/2024:09:14:31 +0800] "GET /xingrg/all/function/internal_message.html?_=1712625271753&CODE_STATE=getMsg HTTP/1.1" 200 27
116.224.254.208 - - [09/Apr/2024:09:14:35 +0800] "GET /xingrg/all/function/internal_message.html?_=1712625275252&CODE_STATE=getMsg HTTP/1.1" 200 27
180.169.147.146 - - [09/Apr/2024:09:14:36 +0800] "GET /xingrg/all/function/internal_message.html?_=1712625275459&CODE_STATE=getMsg HTTP/1.1" 302 -
222.70.183.82 - - [09/Apr/2024:09:14:44 +0800] "GET /xingrg/all/function/internal_message.html?_=1712625284450&CODE_STATE=getMsg HTTP/1.1" 200 27
120.253.135.82 - - [09/Apr/2024:09:14:54 +0800] "GET /xingrg/all/function/internal_message.html?_=1712625472380&CODE_STATE=getMsg HTTP/1.1" 200 27
120.253.135.82 - - [09/Apr/2024:09:14:54 +0800] "GET /xingrg/check_reg.html?_=1712625472383 HTTP/1.1" 200 22
101.83.144.49 - - [09/Apr/2024:09:15:00 +0800] "GET /xingrg/all/function/internal_message.html?_=1712625060688&CODE_STATE=getMsg HTTP/1.1" 200 27
172.20.0.8 - - [09/Apr/2024:09:15:02 +0800] "GET /xingrg/all/function/internal_message.html?_=1712625302837&CODE_STATE=getMsg HTTP/1.1" 302 -
101.80.230.31 - - [09/Apr/2024:09:15:09 +0800] "GET /xingrg/all/function/internal_message.html?_=1712625311289&CODE_STATE=getMsg HTTP/1.1" 200 27
101.80.230.31 - - [09/Apr/2024:09:15:09 +0800] "GET /xingrg/check_reg.html?_=1712625311292 HTTP/1.1" 200 22
116.224.254.208 - - [09/Apr/2024:09:15:15 +0800] "GET /xingrg/all/function/internal_message.html?_=1712625315267&CODE_STATE=getMsg HTTP/1.1" 200 27
114.83.218.2 - - [09/Apr/2024:09:15:17 +0800] "GET /xingrg/all/function/internal_message.html?_=1712625319124&CODE_STATE=getMsg HTTP/1.1" 200 27
116.224.254.208 - - [09/Apr/2024:09:15:26 +0800] "GET /xingrg/all/function/internal_message.html?_=1712625325429&CODE_STATE=getMsg HTTP/1.1" 200 27
124.78.56.241 - - [09/Apr/2024:09:15:29 +0800] "GET /xingrg/all/function/internal_message.html?_=1712625329003&CODE_STATE=getMsg HTTP/1.1" 200 27
116.235.94.6 - - [09/Apr/2024:09:15:31 +0800] "GET /xingrg/all/function/internal_message.html?_=1712625331753&CODE_STATE=getMsg HTTP/1.1" 200 27
116.224.254.208 - - [09/Apr/2024:09:15:35 +0800] "GET /xingrg/all/function/internal_message.html?_=1712625335258&CODE_STATE=getMsg HTTP/1.1" 200 27
116.224.254.208 - - [09/Apr/2024:09:15:35 +0800] "GET /xingrg/check_reg.html?_=1712625335261 HTTP/1.1" 200 22
180.169.147.146 - - [09/Apr/2024:09:15:36 +0800] "GET /xingrg/all/function/internal_message.html?_=1712625335473&CODE_STATE=getMsg HTTP/1.1" 302 -
222.70.183.82 - - [09/Apr/2024:09:15:44 +0800] "GET /xingrg/all/function/internal_message.html?_=1712625344452&CODE_STATE=getMsg HTTP/1.1" 200 27
120.253.135.82 - - [09/Apr/2024:09:15:54 +0800] "GET /xingrg/all/function/internal_message.html?_=1712625532385&CODE_STATE=getMsg HTTP/1.1" 200 27
101.83.144.49 - - [09/Apr/2024:09:16:00 +0800] "GET /xingrg/all/function/internal_message.html?_=1712625120689&CODE_STATE=getMsg HTTP/1.1" 200 27
172.20.0.8 - - [09/Apr/2024:09:16:02 +0800] "GET /xingrg/check_reg.html?_=1712625362821 HTTP/1.1" 302 -
172.20.0.8 - - [09/Apr/2024:09:16:02 +0800] "GET /xingrg/all/function/internal_message.html?_=1712625362823&CODE_STATE=getMsg HTTP/1.1" 302 -
180.169.147.146 - - [09/Apr/2024:09:16:05 +0800] "GET /xingrg/check_reg.html?_=1712625367579 HTTP/1.1" 200 22
101.80.230.31 - - [09/Apr/2024:09:16:09 +0800] "GET /xingrg/all/function/internal_message.html?_=1712625371290&CODE_STATE=getMsg HTTP/1.1" 200 27
116.224.254.208 - - [09/Apr/2024:09:16:15 +0800] "GET /xingrg/all/function/internal_message.html?_=1712625375258&CODE_STATE=getMsg HTTP/1.1" 200 27
114.83.218.2 - - [09/Apr/2024:09:16:17 +0800] "GET /xingrg/all/function/internal_message.html?_=1712625379125&CODE_STATE=getMsg HTTP/1.1" 200 27
116.224.254.208 - - [09/Apr/2024:09:16:26 +0800] "GET /xingrg/all/function/internal_message.html?_=1712625385429&CODE_STATE=getMsg HTTP/1.1" 200 27
124.78.56.241 - - [09/Apr/2024:09:16:29 +0800] "GET /xingrg/all/function/internal_message.html?_=1712625389008&CODE_STATE=getMsg HTTP/1.1" 200 27
116.235.94.6 - - [09/Apr/2024:09:16:32 +0800] "GET /xingrg/all/function/internal_message.html?_=1712625391757&CODE_STATE=getMsg HTTP/1.1" 200 27
116.224.254.208 - - [09/Apr/2024:09:16:35 +0800] "GET /xingrg/all/function/internal_message.html?_=1712625395248&CODE_STATE=getMsg HTTP/1.1" 200 27
180.169.147.146 - - [09/Apr/2024:09:16:36 +0800] "GET /xingrg/all/function/internal_message.html?_=1712625395471&CODE_STATE=getMsg HTTP/1.1" 302 -
180.169.147.146 - - [09/Apr/2024:09:16:36 +0800] "GET /xingrg/check_reg.html?_=1712625395473 HTTP/1.1" 302 -
222.70.183.82 - - [09/Apr/2024:09:16:44 +0800] "GET /xingrg/check_reg.html?_=1712625404452 HTTP/1.1" 200 22
222.70.183.82 - - [09/Apr/2024:09:16:44 +0800] "GET /xingrg/all/function/internal_message.html?_=1712625404456&CODE_STATE=getMsg HTTP/1.1" 200 27
120.253.135.82 - - [09/Apr/2024:09:16:54 +0800] "GET /xingrg/all/function/internal_message.html?_=1712625592390&CODE_STATE=getMsg HTTP/1.1" 200 27
101.83.144.49 - - [09/Apr/2024:09:17:00 +0800] "GET /xingrg/check_reg.html?_=1712625180691 HTTP/1.1" 200 22
101.83.144.49 - - [09/Apr/2024:09:17:00 +0800] "GET /xingrg/all/function/internal_message.html?_=1712625180694&CODE_STATE=getMsg HTTP/1.1" 200 27
172.20.0.8 - - [09/Apr/2024:09:17:02 +0800] "GET /xingrg/all/function/internal_message.html?_=1712625422825&CODE_STATE=getMsg HTTP/1.1" 302 -
101.80.230.31 - - [09/Apr/2024:09:17:09 +0800] "GET /xingrg/all/function/internal_message.html?_=1712625431292&CODE_STATE=getMsg HTTP/1.1" 200 27
116.224.254.208 - - [09/Apr/2024:09:17:15 +0800] "GET /xingrg/all/function/internal_message.html?_=1712625435250&CODE_STATE=getMsg HTTP/1.1" 200 27
114.83.218.2 - - [09/Apr/2024:09:17:17 +0800] "GET /xingrg/all/function/internal_message.html?_=1712625439129&CODE_STATE=getMsg HTTP/1.1" 200 27
116.224.254.208 - - [09/Apr/2024:09:17:26 +0800] "GET /xingrg/all/function/internal_message.html?_=1712625445420&CODE_STATE=getMsg HTTP/1.1" 200 27
124.78.56.241 - - [09/Apr/2024:09:17:28 +0800] "GET /xingrg/check_reg.html?_=1712625448981 HTTP/1.1" 200 22
124.78.56.241 - - [09/Apr/2024:09:17:29 +0800] "GET /xingrg/all/function/internal_message.html?_=1712625448987&CODE_STATE=getMsg HTTP/1.1" 200 27
116.235.94.6 - - [09/Apr/2024:09:17:31 +0800] "GET /xingrg/all/function/internal_message.html?_=1712625451754&CODE_STATE=getMsg HTTP/1.1" 200 27
116.224.254.208 - - [09/Apr/2024:09:17:35 +0800] "GET /xingrg/all/function/internal_message.html?_=1712625455262&CODE_STATE=getMsg HTTP/1.1" 200 27
180.169.147.146 - - [09/Apr/2024:09:17:36 +0800] "GET /xingrg/all/function/internal_message.html?_=1712625455471&CODE_STATE=getMsg HTTP/1.1" 302 -
222.70.183.82 - - [09/Apr/2024:09:17:44 +0800] "GET /xingrg/all/function/internal_message.html?_=1712625464441&CODE_STATE=getMsg HTTP/1.1" 200 27
120.253.135.82 - - [09/Apr/2024:09:17:54 +0800] "GET /xingrg/all/function/internal_message.html?_=1712625652394&CODE_STATE=getMsg HTTP/1.1" 200 27
101.83.144.49 - - [09/Apr/2024:09:18:00 +0800] "GET /xingrg/all/function/internal_message.html?_=1712625240678&CODE_STATE=getMsg HTTP/1.1" 200 27
172.20.0.8 - - [09/Apr/2024:09:18:02 +0800] "GET /xingrg/all/function/internal_message.html?_=1712625482826&CODE_STATE=getMsg HTTP/1.1" 302 -
101.80.230.31 - - [09/Apr/2024:09:18:09 +0800] "GET /xingrg/all/function/internal_message.html?_=1712625491291&CODE_STATE=getMsg HTTP/1.1" 200 27
116.224.254.208 - - [09/Apr/2024:09:18:15 +0800] "GET /xingrg/all/function/internal_message.html?_=1712625495263&CODE_STATE=getMsg HTTP/1.1" 200 27
114.83.218.2 - - [09/Apr/2024:09:18:17 +0800] "GET /xingrg/all/function/internal_message.html?_=1712625499130&CODE_STATE=getMsg HTTP/1.1" 200 27
116.224.254.208 - - [09/Apr/2024:09:18:26 +0800] "GET /xingrg/all/function/internal_message.html?_=1712625505438&CODE_STATE=getMsg HTTP/1.1" 200 27
124.78.56.241 - - [09/Apr/2024:09:18:29 +0800] "GET /xingrg/all/function/internal_message.html?_=1712625509005&CODE_STATE=getMsg HTTP/1.1" 200 27
116.235.94.6 - - [09/Apr/2024:09:18:31 +0800] "GET /xingrg/all/function/internal_message.html?_=1712625511758&CODE_STATE=getMsg HTTP/1.1" 200 27
116.235.94.6 - - [09/Apr/2024:09:18:31 +0800] "GET /xingrg/check_reg.html?_=1712625511763 HTTP/1.1" 200 22
116.224.254.208 - - [09/Apr/2024:09:18:35 +0800] "GET /xingrg/all/function/internal_message.html?_=1712625515255&CODE_STATE=getMsg HTTP/1.1" 200 27
180.169.147.146 - - [09/Apr/2024:09:18:36 +0800] "GET /xingrg/all/function/internal_message.html?_=1712625515458&CODE_STATE=getMsg HTTP/1.1" 302 -
222.70.183.82 - - [09/Apr/2024:09:18:44 +0800] "GET /xingrg/all/function/internal_message.html?_=1712625524441&CODE_STATE=getMsg HTTP/1.1" 200 27
120.253.135.82 - - [09/Apr/2024:09:18:54 +0800] "GET /xingrg/all/function/internal_message.html?_=1712625712399&CODE_STATE=getMsg HTTP/1.1" 200 27
101.83.144.49 - - [09/Apr/2024:09:19:00 +0800] "GET /xingrg/all/function/internal_message.html?_=1712625300692&CODE_STATE=getMsg HTTP/1.1" 200 27
172.20.0.8 - - [09/Apr/2024:09:19:02 +0800] "GET /xingrg/all/function/internal_message.html?_=1712625542827&CODE_STATE=getMsg HTTP/1.1" 302 -
101.80.230.31 - - [09/Apr/2024:09:19:09 +0800] "GET /xingrg/all/function/internal_message.html?_=1712625551291&CODE_STATE=getMsg HTTP/1.1" 200 27
116.224.254.208 - - [09/Apr/2024:09:19:15 +0800] "GET /xingrg/check_reg.html?_=1712625555267 HTTP/1.1" 200 22
116.224.254.208 - - [09/Apr/2024:09:19:15 +0800] "GET /xingrg/all/function/internal_message.html?_=1712625555270&CODE_STATE=getMsg HTTP/1.1" 200 27
114.83.218.2 - - [09/Apr/2024:09:19:17 +0800] "GET /xingrg/all/function/internal_message.html?_=1712625559127&CODE_STATE=getMsg HTTP/1.1" 200 27
114.83.218.2 - - [09/Apr/2024:09:19:17 +0800] "GET /xingrg/check_reg.html?_=1712625559130 HTTP/1.1" 200 22
116.224.254.208 - - [09/Apr/2024:09:19:26 +0800] "GET /xingrg/check_reg.html?_=1712625565422 HTTP/1.1" 200 22
116.224.254.208 - - [09/Apr/2024:09:19:26 +0800] "GET /xingrg/all/function/internal_message.html?_=1712625565425&CODE_STATE=getMsg HTTP/1.1" 200 27
218.81.217.36 - - [09/Apr/2024:09:19:28 +0800] "GET /xingrg/check_reg.html?_=1712625573654 HTTP/1.1" 200 22
124.78.56.241 - - [09/Apr/2024:09:19:29 +0800] "GET /xingrg/all/function/internal_message.html?_=1712625568991&CODE_STATE=getMsg HTTP/1.1" 200 27
116.235.94.6 - - [09/Apr/2024:09:19:31 +0800] "GET /xingrg/all/function/internal_message.html?_=1712625571754&CODE_STATE=getMsg HTTP/1.1" 200 27
116.224.254.208 - - [09/Apr/2024:09:19:35 +0800] "GET /xingrg/all/function/internal_message.html?_=1712625575252&CODE_STATE=getMsg HTTP/1.1" 200 27
180.169.147.146 - - [09/Apr/2024:09:19:36 +0800] "GET /xingrg/all/function/internal_message.html?_=1712625575451&CODE_STATE=getMsg HTTP/1.1" 302 -
222.70.183.82 - - [09/Apr/2024:09:19:44 +0800] "GET /xingrg/all/function/internal_message.html?_=1712625584441&CODE_STATE=getMsg HTTP/1.1" 200 27
120.253.135.82 - - [09/Apr/2024:09:19:54 +0800] "GET /xingrg/all/function/internal_message.html?_=1712625772404&CODE_STATE=getMsg HTTP/1.1" 200 27
120.253.135.82 - - [09/Apr/2024:09:19:54 +0800] "GET /xingrg/check_reg.html?_=1712625772405 HTTP/1.1" 200 22
101.83.144.49 - - [09/Apr/2024:09:20:00 +0800] "GET /xingrg/all/function/internal_message.html?_=1712625360689&CODE_STATE=getMsg HTTP/1.1" 200 27
172.20.0.8 - - [09/Apr/2024:09:20:02 +0800] "GET /xingrg/all/function/internal_message.html?_=1712625602828&CODE_STATE=getMsg HTTP/1.1" 302 -
101.80.230.31 - - [09/Apr/2024:09:20:09 +0800] "GET /xingrg/all/function/internal_message.html?_=1712625611289&CODE_STATE=getMsg HTTP/1.1" 200 27
101.80.230.31 - - [09/Apr/2024:09:20:09 +0800] "GET /xingrg/check_reg.html?_=1712625611290 HTTP/1.1" 200 22
58.39.108.82 - - [09/Apr/2024:09:20:13 +0800] "GET /favicon.ico HTTP/1.1" 404 -
116.224.254.208 - - [09/Apr/2024:09:20:15 +0800] "GET /xingrg/all/function/internal_message.html?_=1712625615256&CODE_STATE=getMsg HTTP/1.1" 200 27
114.83.218.2 - - [09/Apr/2024:09:20:17 +0800] "GET /xingrg/all/function/internal_message.html?_=1712625619120&CODE_STATE=getMsg HTTP/1.1" 200 27
116.224.254.208 - - [09/Apr/2024:09:20:26 +0800] "GET /xingrg/all/function/internal_message.html?_=1712625625414&CODE_STATE=getMsg HTTP/1.1" 200 27
180.164.1.25 - - [09/Apr/2024:09:20:28 +0800] "GET /favicon.ico HTTP/1.1" 404 -
124.78.56.241 - - [09/Apr/2024:09:20:29 +0800] "GET /xingrg/all/function/internal_message.html?_=1712625628992&CODE_STATE=getMsg HTTP/1.1" 200 27
116.235.94.6 - - [09/Apr/2024:09:20:31 +0800] "GET /xingrg/all/function/internal_message.html?_=1712625631752&CODE_STATE=getMsg HTTP/1.1" 200 27
180.164.1.25 - - [09/Apr/2024:09:20:34 +0800] "GET /xingrg/login.html HTTP/1.1" 200 7641
116.224.254.208 - - [09/Apr/2024:09:20:35 +0800] "GET /xingrg/all/function/internal_message.html?_=1712625635266&CODE_STATE=getMsg HTTP/1.1" 200 27
116.224.254.208 - - [09/Apr/2024:09:20:35 +0800] "GET /xingrg/check_reg.html?_=1712625635267 HTTP/1.1" 200 22
180.164.1.25 - - [09/Apr/2024:09:20:35 +0800] "GET /favicon.ico HTTP/1.1" 404 -
180.169.147.146 - - [09/Apr/2024:09:20:36 +0800] "GET /xingrg/all/function/internal_message.html?_=1712625635461&CODE_STATE=getMsg HTTP/1.1" 302 -
180.164.1.25 - - [09/Apr/2024:09:20:39 +0800] "POST /xingrg/login.do HTTP/1.1" 302 -
180.164.1.25 - - [09/Apr/2024:09:20:39 +0800] "GET /xingrg/index.html?sysBaseUrl=http%3A%2F%2F180.169.147.146%3A18081%2Fxingrg%2F&costTime=847×tamp=1712625639900 HTTP/1.1" 200 17183
180.164.1.25 - - [09/Apr/2024:09:20:40 +0800] "GET /favicon.ico HTTP/1.1" 404 -
180.164.1.25 - - [09/Apr/2024:09:20:40 +0800] "POST /xingrg/all/common/load_tree.html?tree=area_rest_tree_json&manage=1 HTTP/1.1" 200 357
180.164.1.25 - - [09/Apr/2024:09:20:40 +0800] "GET /xingrg/all/function/internal_message.html?_=1712625640097&CODE_STATE=count HTTP/1.1" 200 11
180.164.1.25 - - [09/Apr/2024:09:20:40 +0800] "GET /xingrg/check_reg.html?_=1712625640098 HTTP/1.1" 200 22
180.164.1.25 - - [09/Apr/2024:09:20:40 +0800] "POST /xingrg/load_menu.html HTTP/1.1" 200 5138
222.70.183.82 - - [09/Apr/2024:09:20:44 +0800] "GET /xingrg/all/function/internal_message.html?_=1712625644441&CODE_STATE=getMsg HTTP/1.1" 200 27
120.253.135.82 - - [09/Apr/2024:09:20:54 +0800] "GET /xingrg/all/function/internal_message.html?_=1712625832409&CODE_STATE=getMsg HTTP/1.1" 200 27
180.164.1.25 - - [09/Apr/2024:09:21:00 +0800] "GET /xingrg/kc/buy/cgsh_order_list.html HTTP/1.1" 200 58081
101.83.144.49 - - [09/Apr/2024:09:21:00 +0800] "GET /xingrg/all/function/internal_message.html?_=1712625420685&CODE_STATE=getMsg HTTP/1.1" 200 27
180.164.1.25 - - [09/Apr/2024:09:21:02 +0800] "GET /xingrg/kc/buy/cgsh_order_list.html HTTP/1.1" 200 58081
172.20.0.8 - - [09/Apr/2024:09:21:02 +0800] "GET /xingrg/check_reg.html?_=1712625662831 HTTP/1.1" 302 -
172.20.0.8 - - [09/Apr/2024:09:21:02 +0800] "GET /xingrg/all/function/internal_message.html?_=1712625662833&CODE_STATE=getMsg HTTP/1.1" 302 -
180.169.147.146 - - [09/Apr/2024:09:21:05 +0800] "GET /xingrg/check_reg.html?_=1712625667555 HTTP/1.1" 200 22
101.80.230.31 - - [09/Apr/2024:09:21:09 +0800] "GET /xingrg/all/function/internal_message.html?_=1712625671288&CODE_STATE=getMsg HTTP/1.1" 200 27
116.224.254.208 - - [09/Apr/2024:09:21:15 +0800] "GET /xingrg/all/function/internal_message.html?_=1712625675268&CODE_STATE=getMsg HTTP/1.1" 200 27
222.70.183.82 - - [09/Apr/2024:09:21:15 +0800] "GET /xingrg/kc/buy/cgsh_order_add.html HTTP/1.1" 200 73802
222.70.183.82 - - [09/Apr/2024:09:21:15 +0800] "POST /xingrg/kc/buy/cgsh_order_operate.html HTTP/1.1" 200 8245
222.70.183.82 - - [09/Apr/2024:09:21:15 +0800] "GET /xingrg/javascript/easyui/themes/default/validatebox.css HTTP/1.1" 404 1104
114.83.218.2 - - [09/Apr/2024:09:21:17 +0800] "GET /xingrg/all/function/internal_message.html?_=1712625679137&CODE_STATE=getMsg HTTP/1.1" 200 27
116.224.254.208 - - [09/Apr/2024:09:21:26 +0800] "GET /xingrg/all/function/internal_message.html?_=1712625685431&CODE_STATE=getMsg HTTP/1.1" 200 27
124.78.56.241 - - [09/Apr/2024:09:21:29 +0800] "GET /xingrg/all/function/internal_message.html?_=1712625688985&CODE_STATE=getMsg HTTP/1.1" 200 27
116.235.94.6 - - [09/Apr/2024:09:21:31 +0800] "GET /xingrg/all/function/internal_message.html?_=1712625691743&CODE_STATE=getMsg HTTP/1.1" 200 27
180.164.1.25 - - [09/Apr/2024:09:21:32 +0800] "POST /xingrg/kc/buy/cgsh_list_operate.html HTTP/1.1" 200 4265
180.164.1.25 - - [09/Apr/2024:09:21:33 +0800] "POST /xingrg/kc/buy/cgsh_list_operate.html HTTP/1.1" 200 4265
116.224.254.208 - - [09/Apr/2024:09:21:35 +0800] "GET /xingrg/all/function/internal_message.html?_=1712625695259&CODE_STATE=getMsg HTTP/1.1" 200 27
180.169.147.146 - - [09/Apr/2024:09:21:36 +0800] "GET /xingrg/all/function/internal_message.html?_=1712625695453&CODE_STATE=getMsg HTTP/1.1" 302 -
180.169.147.146 - - [09/Apr/2024:09:21:36 +0800] "GET /xingrg/check_reg.html?_=1712625695455 HTTP/1.1" 302 -
222.70.183.82 - - [09/Apr/2024:09:21:44 +0800] "GET /xingrg/all/function/internal_message.html?_=1712625704451&CODE_STATE=getMsg HTTP/1.1" 200 27
222.70.183.82 - - [09/Apr/2024:09:21:44 +0800] "GET /xingrg/check_reg.html?_=1712625704455 HTTP/1.1" 200 22
120.253.135.82 - - [09/Apr/2024:09:21:54 +0800] "GET /xingrg/all/function/internal_message.html?_=1712625892414&CODE_STATE=getMsg HTTP/1.1" 200 27
101.83.144.49 - - [09/Apr/2024:09:22:00 +0800] "GET /xingrg/all/function/internal_message.html?_=1712625480689&CODE_STATE=getMsg HTTP/1.1" 200 27
101.83.144.49 - - [09/Apr/2024:09:22:00 +0800] "GET /xingrg/check_reg.html?_=1712625480692 HTTP/1.1" 200 22
172.20.0.8 - - [09/Apr/2024:09:22:02 +0800] "GET /xingrg/all/function/internal_message.html?_=1712625722833&CODE_STATE=getMsg HTTP/1.1" 302 -
101.80.230.31 - - [09/Apr/2024:09:22:09 +0800] "GET /xingrg/all/function/internal_message.html?_=1712625731302&CODE_STATE=getMsg HTTP/1.1" 200 27
116.224.254.208 - - [09/Apr/2024:09:22:15 +0800] "GET /xingrg/all/function/internal_message.html?_=1712625735266&CODE_STATE=getMsg HTTP/1.1" 200 27
114.83.218.2 - - [09/Apr/2024:09:22:17 +0800] "GET /xingrg/all/function/internal_message.html?_=1712625739123&CODE_STATE=getMsg HTTP/1.1" 200 27
116.224.254.208 - - [09/Apr/2024:09:22:26 +0800] "GET /xingrg/all/function/internal_message.html?_=1712625745433&CODE_STATE=getMsg HTTP/1.1" 200 27
124.78.56.241 - - [09/Apr/2024:09:22:29 +0800] "GET /xingrg/check_reg.html?_=1712625748999 HTTP/1.1" 200 22
124.78.56.241 - - [09/Apr/2024:09:22:29 +0800] "GET /xingrg/all/function/internal_message.html?_=1712625749005&CODE_STATE=getMsg HTTP/1.1" 200 27
116.235.94.6 - - [09/Apr/2024:09:22:31 +0800] "GET /xingrg/all/function/internal_message.html?_=1712625751748&CODE_STATE=getMsg HTTP/1.1" 200 27
116.224.254.208 - - [09/Apr/2024:09:22:35 +0800] "GET /xingrg/all/function/internal_message.html?_=1712625755249&CODE_STATE=getMsg HTTP/1.1" 200 27
180.169.147.146 - - [09/Apr/2024:09:22:36 +0800] "GET /xingrg/all/function/internal_message.html?_=1712625755458&CODE_STATE=getMsg HTTP/1.1" 302 -
180.164.1.25 - - [09/Apr/2024:09:22:40 +0800] "POST /xingrg/kc/buy/cgsh_list_operate.html HTTP/1.1" 200 4
222.70.183.82 - - [09/Apr/2024:09:22:44 +0800] "GET /xingrg/all/function/internal_message.html?_=1712625764457&CODE_STATE=getMsg HTTP/1.1" 200 27
120.253.135.82 - - [09/Apr/2024:09:22:54 +0800] "GET /xingrg/all/function/internal_message.html?_=1712625952419&CODE_STATE=getMsg HTTP/1.1" 200 27
180.164.1.25 - - [09/Apr/2024:09:22:54 +0800] "GET /xingrg/all/function/internal_message.html?_=1712625774377&CODE_STATE=getMsg HTTP/1.1" 200 27
101.83.144.49 - - [09/Apr/2024:09:23:00 +0800] "GET /xingrg/all/function/internal_message.html?_=1712625540681&CODE_STATE=getMsg HTTP/1.1" 200 27
172.20.0.8 - - [09/Apr/2024:09:23:02 +0800] "GET /xingrg/all/function/internal_message.html?_=1712625782818&CODE_STATE=getMsg HTTP/1.1" 302 -
180.164.1.25 - - [09/Apr/2024:09:23:08 +0800] "POST /xingrg/kc/buy/cgsh_list_operate.html HTTP/1.1" 200 3202
101.80.230.31 - - [09/Apr/2024:09:23:09 +0800] "GET /xingrg/all/function/internal_message.html?_=1712625791327&CODE_STATE=getMsg HTTP/1.1" 200 27
116.224.254.208 - - [09/Apr/2024:09:23:15 +0800] "GET /xingrg/all/function/internal_message.html?_=1712625795254&CODE_STATE=getMsg HTTP/1.1" 200 27
114.83.218.2 - - [09/Apr/2024:09:23:17 +0800] "GET /xingrg/all/function/internal_message.html?_=1712625799124&CODE_STATE=getMsg HTTP/1.1" 200 27
116.224.254.208 - - [09/Apr/2024:09:23:26 +0800] "GET /xingrg/all/function/internal_message.html?_=1712625805433&CODE_STATE=getMsg HTTP/1.1" 200 27
124.78.56.241 - - [09/Apr/2024:09:23:29 +0800] "GET /xingrg/all/function/internal_message.html?_=1712625809006&CODE_STATE=getMsg HTTP/1.1" 200 27
116.235.94.6 - - [09/Apr/2024:09:23:31 +0800] "GET /xingrg/all/function/internal_message.html?_=1712625811754&CODE_STATE=getMsg HTTP/1.1" 200 27
116.235.94.6 - - [09/Apr/2024:09:23:31 +0800] "GET /xingrg/check_reg.html?_=1712625811758 HTTP/1.1" 200 22
116.224.254.208 - - [09/Apr/2024:09:23:35 +0800] "GET /xingrg/all/function/internal_message.html?_=1712625815271&CODE_STATE=getMsg HTTP/1.1" 200 27
180.169.147.146 - - [09/Apr/2024:09:23:36 +0800] "GET /xingrg/all/function/internal_message.html?_=1712625815473&CODE_STATE=getMsg HTTP/1.1" 302 -
222.70.183.82 - - [09/Apr/2024:09:23:44 +0800] "GET /xingrg/all/function/internal_message.html?_=1712625824455&CODE_STATE=getMsg HTTP/1.1" 200 27
120.253.135.82 - - [09/Apr/2024:09:23:54 +0800] "GET /xingrg/all/function/internal_message.html?_=1712626012424&CODE_STATE=getMsg HTTP/1.1" 200 27
180.164.1.25 - - [09/Apr/2024:09:23:54 +0800] "GET /xingrg/all/function/internal_message.html?_=1712625834360&CODE_STATE=getMsg HTTP/1.1" 200 27
101.83.144.49 - - [09/Apr/2024:09:24:00 +0800] "GET /xingrg/all/function/internal_message.html?_=1712625600683&CODE_STATE=getMsg HTTP/1.1" 200 27
172.20.0.8 - - [09/Apr/2024:09:24:02 +0800] "GET /xingrg/all/function/internal_message.html?_=1712625842820&CODE_STATE=getMsg HTTP/1.1" 302 -
101.80.230.31 - - [09/Apr/2024:09:24:09 +0800] "GET /xingrg/all/function/internal_message.html?_=1712625851326&CODE_STATE=getMsg HTTP/1.1" 200 27
116.224.254.208 - - [09/Apr/2024:09:24:15 +0800] "GET /xingrg/all/function/internal_message.html?_=1712625855268&CODE_STATE=getMsg HTTP/1.1" 200 27
116.224.254.208 - - [09/Apr/2024:09:24:15 +0800] "GET /xingrg/check_reg.html?_=1712625855270 HTTP/1.1" 200 22
114.83.218.2 - - [09/Apr/2024:09:24:17 +0800] "GET /xingrg/all/function/internal_message.html?_=1712625859126&CODE_STATE=getMsg HTTP/1.1" 200 27
114.83.218.2 - - [09/Apr/2024:09:24:17 +0800] "GET /xingrg/check_reg.html?_=1712625859131 HTTP/1.1" 200 22
180.164.1.25 - - [09/Apr/2024:09:24:21 +0800] "POST /xingrg/kc/buy/cgsh_list_operate.html HTTP/1.1" 200 4
116.224.254.208 - - [09/Apr/2024:09:24:26 +0800] "GET /xingrg/check_reg.html?_=1712625865433 HTTP/1.1" 200 22
116.224.254.208 - - [09/Apr/2024:09:24:26 +0800] "GET /xingrg/all/function/internal_message.html?_=1712625865436&CODE_STATE=getMsg HTTP/1.1" 200 27
218.81.217.36 - - [09/Apr/2024:09:24:28 +0800] "GET /xingrg/check_reg.html?_=1712625873659 HTTP/1.1" 200 22
180.164.1.25 - - [09/Apr/2024:09:24:28 +0800] "POST /xingrg/kc/buy/cgsh_list_operate.html HTTP/1.1" 200 645
124.78.56.241 - - [09/Apr/2024:09:24:29 +0800] "GET /xingrg/all/function/internal_message.html?_=1712625868995&CODE_STATE=getMsg HTTP/1.1" 200 27
116.235.94.6 - - [09/Apr/2024:09:24:31 +0800] "GET /xingrg/all/function/internal_message.html?_=1712625871748&CODE_STATE=getMsg HTTP/1.1" 200 27
180.164.1.25 - - [09/Apr/2024:09:24:34 +0800] "GET /xingrg/kc/base/wldb_order_list.html HTTP/1.1" 200 19061
180.164.1.25 - - [09/Apr/2024:09:24:35 +0800] "POST /xingrg/kc/base/wldb_list_operate.html HTTP/1.1" 200 2604
180.169.147.146 - - [09/Apr/2024:09:24:36 +0800] "GET /xingrg/all/function/internal_message.html?_=1712625875461&CODE_STATE=getMsg HTTP/1.1" 302 -
222.70.183.82 - - [09/Apr/2024:09:24:44 +0800] "GET /xingrg/all/function/internal_message.html?_=1712625884444&CODE_STATE=getMsg HTTP/1.1" 200 27
120.253.135.82 - - [09/Apr/2024:09:24:54 +0800] "GET /xingrg/all/function/internal_message.html?_=1712626072429&CODE_STATE=getMsg HTTP/1.1" 200 27
120.253.135.82 - - [09/Apr/2024:09:24:54 +0800] "GET /xingrg/check_reg.html?_=1712626072430 HTTP/1.1" 200 22
180.164.1.25 - - [09/Apr/2024:09:24:54 +0800] "GET /xingrg/all/function/internal_message.html?_=1712625894341&CODE_STATE=getMsg HTTP/1.1" 200 27
180.164.1.25 - - [09/Apr/2024:09:24:56 +0800] "POST /xingrg/kc/base/wldb_list_operate.html HTTP/1.1" 200 4
101.83.144.49 - - [09/Apr/2024:09:25:00 +0800] "GET /xingrg/all/function/internal_message.html?_=1712625660714&CODE_STATE=getMsg HTTP/1.1" 200 27
172.20.0.8 - - [09/Apr/2024:09:25:02 +0800] "GET /xingrg/all/function/internal_message.html?_=1712625902821&CODE_STATE=getMsg HTTP/1.1" 302 -
101.80.230.31 - - [09/Apr/2024:09:25:09 +0800] "GET /xingrg/check_reg.html?_=1712625911324 HTTP/1.1" 200 22
