116.237.73.1 - - [09/Apr/2024:11:03:01 +0800] "GET /xingrg/kc/buy/cgsh_order_operate.html?command=get_materiel&rest_code=00106&code=00101007090&supplier_code=00100096&order_time=2024-04-09 HTTP/1.1" 200 415
172.20.0.8 - - [09/Apr/2024:11:03:02 +0800] "GET /xingrg/all/function/internal_message.html?_=1712631782772&CODE_STATE=getMsg HTTP/1.1" 302 -
116.237.73.1 - - [09/Apr/2024:11:03:06 +0800] "GET /xingrg/all/function/internal_message.html?_=1712631786217&CODE_STATE=getMsg HTTP/1.1" 200 27
101.80.230.31 - - [09/Apr/2024:11:03:09 +0800] "GET /xingrg/all/function/internal_message.html?_=1712631791500&CODE_STATE=getMsg HTTP/1.1" 302 -
101.83.144.49 - - [09/Apr/2024:11:03:09 +0800] "POST /xingrg/kc/base/wldb_order_operate.html HTTP/1.1" 200 37
101.83.144.49 - - [09/Apr/2024:11:03:09 +0800] "GET /xingrg/all/function/internal_message.html?_=1712631790105&CODE_STATE=getMsg HTTP/1.1" 200 27
101.83.144.49 - - [09/Apr/2024:11:03:09 +0800] "GET /xingrg/check_reg.html?_=1712631790110 HTTP/1.1" 200 22
101.83.144.49 - - [09/Apr/2024:11:03:09 +0800] "POST /xingrg/kc/base/wldb_order_operate.html HTTP/1.1" 200 2210
101.83.144.49 - - [09/Apr/2024:11:03:10 +0800] "GET /xingrg/kc/base/wldb_order_info.html?code=422024040900499 HTTP/1.1" 200 30394
101.83.144.49 - - [09/Apr/2024:11:03:10 +0800] "GET /xingrg/javascript/easyui/themes/default/validatebox.css HTTP/1.1" 404 1104
101.83.144.49 - - [09/Apr/2024:11:03:11 +0800] "POST /xingrg/kc/base/wldb_order_operate.html HTTP/1.1" 200 2210
114.83.218.2 - - [09/Apr/2024:11:03:17 +0800] "GET /xingrg/all/function/internal_message.html?_=1712631799128&CODE_STATE=getMsg HTTP/1.1" 200 27
116.224.254.208 - - [09/Apr/2024:11:03:26 +0800] "GET /xingrg/all/function/internal_message.html?_=1712631805422&CODE_STATE=getMsg HTTP/1.1" 200 27
116.237.73.1 - - [09/Apr/2024:11:03:28 +0800] "GET /xingrg/kc/buy/cgsh_order_operate.html?command=get_materiel&rest_code=00106&code=00101007049&supplier_code=00100096&order_time=2024-04-09 HTTP/1.1" 200 411
124.78.56.241 - - [09/Apr/2024:11:03:28 +0800] "GET /xingrg/all/function/internal_message.html?_=1712631808672&CODE_STATE=getMsg HTTP/1.1" 200 27
116.235.94.6 - - [09/Apr/2024:11:03:32 +0800] "GET /xingrg/all/function/internal_message.html?_=1712631811751&CODE_STATE=getMsg HTTP/1.1" 200 27
116.235.94.6 - - [09/Apr/2024:11:03:32 +0800] "GET /xingrg/check_reg.html?_=1712631811754 HTTP/1.1" 200 22
222.70.183.82 - - [09/Apr/2024:11:03:44 +0800] "GET /xingrg/all/function/internal_message.html?_=1712631824512&CODE_STATE=getMsg HTTP/1.1" 200 27
180.169.147.146 - - [09/Apr/2024:11:03:50 +0800] "GET /xingrg/all/function/internal_message.html?_=1712631829256&CODE_STATE=getMsg HTTP/1.1" 200 27
180.164.1.25 - - [09/Apr/2024:11:03:54 +0800] "GET /xingrg/all/function/internal_message.html?_=1712631833780&CODE_STATE=getMsg HTTP/1.1" 200 27
120.253.135.82 - - [09/Apr/2024:11:03:54 +0800] "GET /xingrg/all/function/internal_message.html?_=1712632012912&CODE_STATE=getMsg HTTP/1.1" 200 27
116.224.254.208 - - [09/Apr/2024:11:03:57 +0800] "GET /xingrg/all/function/internal_message.html?_=1712631837309&CODE_STATE=getMsg HTTP/1.1" 200 27
101.83.144.49 - - [09/Apr/2024:11:04:00 +0800] "GET /xingrg/all/function/internal_message.html?_=1712631600888&CODE_STATE=getMsg HTTP/1.1" 200 27
172.20.0.8 - - [09/Apr/2024:11:04:02 +0800] "GET /xingrg/all/function/internal_message.html?_=1712631842773&CODE_STATE=getMsg HTTP/1.1" 302 -
116.237.73.1 - - [09/Apr/2024:11:04:06 +0800] "GET /xingrg/all/function/internal_message.html?_=1712631846213&CODE_STATE=getMsg HTTP/1.1" 200 27
101.80.230.31 - - [09/Apr/2024:11:04:09 +0800] "GET /xingrg/all/function/internal_message.html?_=1712631851506&CODE_STATE=getMsg HTTP/1.1" 302 -
101.83.144.49 - - [09/Apr/2024:11:04:09 +0800] "GET /xingrg/all/function/internal_message.html?_=1712631850105&CODE_STATE=getMsg HTTP/1.1" 200 27
114.83.218.2 - - [09/Apr/2024:11:04:17 +0800] "GET /xingrg/check_reg.html?_=1712631859117 HTTP/1.1" 200 22
114.83.218.2 - - [09/Apr/2024:11:04:17 +0800] "GET /xingrg/all/function/internal_message.html?_=1712631859120&CODE_STATE=getMsg HTTP/1.1" 200 27
116.224.254.208 - - [09/Apr/2024:11:04:26 +0800] "GET /xingrg/all/function/internal_message.html?_=1712631865426&CODE_STATE=getMsg HTTP/1.1" 200 27
116.224.254.208 - - [09/Apr/2024:11:04:26 +0800] "GET /xingrg/check_reg.html?_=1712631865428 HTTP/1.1" 200 22
124.78.56.241 - - [09/Apr/2024:11:04:28 +0800] "GET /xingrg/all/function/internal_message.html?_=1712631868657&CODE_STATE=getMsg HTTP/1.1" 200 27
116.235.94.6 - - [09/Apr/2024:11:04:32 +0800] "GET /xingrg/all/function/internal_message.html?_=1712631871747&CODE_STATE=getMsg HTTP/1.1" 200 27
116.237.73.1 - - [09/Apr/2024:11:04:34 +0800] "GET /xingrg/kc/buy/cgsh_order_operate.html?command=get_materiel&rest_code=00106&code=00101007072&supplier_code=00100096&order_time=2024-04-09 HTTP/1.1" 200 420
222.70.183.82 - - [09/Apr/2024:11:04:44 +0800] "GET /xingrg/all/function/internal_message.html?_=1712631884515&CODE_STATE=getMsg HTTP/1.1" 200 27
180.169.147.146 - - [09/Apr/2024:11:04:44 +0800] "GET /xingrg/check_reg.html?_=1712631886370 HTTP/1.1" 200 22
180.169.147.146 - - [09/Apr/2024:11:04:50 +0800] "GET /xingrg/all/function/internal_message.html?_=1712631889248&CODE_STATE=getMsg HTTP/1.1" 200 27
180.164.1.25 - - [09/Apr/2024:11:04:54 +0800] "GET /xingrg/all/function/internal_message.html?_=1712631893761&CODE_STATE=getMsg HTTP/1.1" 200 27
120.253.135.82 - - [09/Apr/2024:11:04:54 +0800] "GET /xingrg/check_reg.html?_=1712632072919 HTTP/1.1" 200 22
120.253.135.82 - - [09/Apr/2024:11:04:54 +0800] "GET /xingrg/all/function/internal_message.html?_=1712632072917&CODE_STATE=getMsg HTTP/1.1" 200 27
116.224.254.208 - - [09/Apr/2024:11:04:57 +0800] "GET /xingrg/all/function/internal_message.html?_=1712631897317&CODE_STATE=getMsg HTTP/1.1" 200 27
101.83.144.49 - - [09/Apr/2024:11:05:00 +0800] "GET /xingrg/all/function/internal_message.html?_=1712631660863&CODE_STATE=getMsg HTTP/1.1" 200 27
172.20.0.8 - - [09/Apr/2024:11:05:02 +0800] "GET /xingrg/all/function/internal_message.html?_=1712631902774&CODE_STATE=getMsg HTTP/1.1" 302 -
116.237.73.1 - - [09/Apr/2024:11:05:06 +0800] "GET /xingrg/all/function/internal_message.html?_=1712631906214&CODE_STATE=getMsg HTTP/1.1" 200 27
101.80.230.31 - - [09/Apr/2024:11:05:09 +0800] "GET /xingrg/all/function/internal_message.html?_=1712631911512&CODE_STATE=getMsg HTTP/1.1" 302 -
101.80.230.31 - - [09/Apr/2024:11:05:09 +0800] "GET /xingrg/check_reg.html?_=1712631911520 HTTP/1.1" 302 -
101.83.144.49 - - [09/Apr/2024:11:05:09 +0800] "GET /xingrg/all/function/internal_message.html?_=1712631910105&CODE_STATE=getMsg HTTP/1.1" 200 27
114.83.218.2 - - [09/Apr/2024:11:05:17 +0800] "GET /xingrg/all/function/internal_message.html?_=1712631919132&CODE_STATE=getMsg HTTP/1.1" 200 27
116.224.254.208 - - [09/Apr/2024:11:05:26 +0800] "GET /xingrg/all/function/internal_message.html?_=1712631925434&CODE_STATE=getMsg HTTP/1.1" 200 27
124.78.56.241 - - [09/Apr/2024:11:05:28 +0800] "GET /xingrg/all/function/internal_message.html?_=1712631928631&CODE_STATE=getMsg HTTP/1.1" 200 27
101.83.144.49 - - [09/Apr/2024:11:05:30 +0800] "GET /xingrg/kc/buy/buy_main.html HTTP/1.1" 200 12412
101.83.144.49 - - [09/Apr/2024:11:05:30 +0800] "GET /xingrg/css/new_ie.css HTTP/1.1" 404 1036
101.83.144.49 - - [09/Apr/2024:11:05:31 +0800] "GET /xingrg/images/yd/bt.gif HTTP/1.1" 404 1040
116.235.94.6 - - [09/Apr/2024:11:05:32 +0800] "GET /xingrg/all/function/internal_message.html?_=1712631931761&CODE_STATE=getMsg HTTP/1.1" 200 27
101.83.144.49 - - [09/Apr/2024:11:05:33 +0800] "GET /xingrg/kc/buy/cgsh_order_list.html HTTP/1.1" 200 58071
180.164.1.25 - - [09/Apr/2024:11:05:40 +0800] "GET /xingrg/check_reg.html?_=1712631940113 HTTP/1.1" 200 22
101.83.144.49 - - [09/Apr/2024:11:05:40 +0800] "POST /xingrg/kc/buy/cgsh_list_operate.html HTTP/1.1" 200 1911
116.237.73.1 - - [09/Apr/2024:11:05:41 +0800] "GET /xingrg/kc/buy/cgsh_order_operate.html?command=get_materiel&rest_code=00106&code=00101006063&supplier_code=00100096&order_time=2024-04-09 HTTP/1.1" 200 413
222.70.183.82 - - [09/Apr/2024:11:05:44 +0800] "GET /xingrg/all/function/internal_message.html?_=1712631944500&CODE_STATE=getMsg HTTP/1.1" 200 27
101.83.144.49 - - [09/Apr/2024:11:05:47 +0800] "POST /xingrg/kc/buy/cgsh_list_operate.html HTTP/1.1" 200 342
180.169.147.146 - - [09/Apr/2024:11:05:50 +0800] "GET /xingrg/all/function/internal_message.html?_=1712631949255&CODE_STATE=getMsg HTTP/1.1" 200 27
101.83.144.49 - - [09/Apr/2024:11:05:52 +0800] "GET /xingrg/kc/buy/cgsh_order_info.html?code=212024040901940 HTTP/1.1" 200 73933
101.83.144.49 - - [09/Apr/2024:11:05:52 +0800] "GET /xingrg/javascript/easyui/themes/default/validatebox.css HTTP/1.1" 404 1104
101.83.144.49 - - [09/Apr/2024:11:05:53 +0800] "POST /xingrg/kc/buy/cgsh_order_operate.html HTTP/1.1" 200 3829
180.164.1.25 - - [09/Apr/2024:11:05:54 +0800] "GET /xingrg/all/function/internal_message.html?_=1712631953753&CODE_STATE=getMsg HTTP/1.1" 200 27
120.253.135.82 - - [09/Apr/2024:11:05:54 +0800] "GET /xingrg/all/function/internal_message.html?_=1712632132922&CODE_STATE=getMsg HTTP/1.1" 200 27
116.224.254.208 - - [09/Apr/2024:11:05:57 +0800] "GET /xingrg/check_reg.html?_=1712631957306 HTTP/1.1" 200 22
116.224.254.208 - - [09/Apr/2024:11:05:57 +0800] "GET /xingrg/all/function/internal_message.html?_=1712631957307&CODE_STATE=getMsg HTTP/1.1" 200 27
101.83.144.49 - - [09/Apr/2024:11:06:00 +0800] "GET /xingrg/kc/base/base_main.html HTTP/1.1" 200 12142
101.83.144.49 - - [09/Apr/2024:11:06:00 +0800] "GET /xingrg/all/function/internal_message.html?_=1712631720838&CODE_STATE=getMsg HTTP/1.1" 200 27
101.83.144.49 - - [09/Apr/2024:11:06:01 +0800] "GET /xingrg/kc/base/wldb_order_list.html HTTP/1.1" 200 19051
101.83.144.49 - - [09/Apr/2024:11:06:02 +0800] "POST /xingrg/kc/base/wldb_list_operate.html HTTP/1.1" 200 5496
172.20.0.8 - - [09/Apr/2024:11:06:02 +0800] "GET /xingrg/check_reg.html?_=1712631962776 HTTP/1.1" 302 -
172.20.0.8 - - [09/Apr/2024:11:06:02 +0800] "GET /xingrg/all/function/internal_message.html?_=1712631962778&CODE_STATE=getMsg HTTP/1.1" 302 -
116.237.73.1 - - [09/Apr/2024:11:06:06 +0800] "GET /xingrg/check_reg.html?_=1712631966204 HTTP/1.1" 200 22
116.237.73.1 - - [09/Apr/2024:11:06:06 +0800] "GET /xingrg/all/function/internal_message.html?_=1712631966205&CODE_STATE=getMsg HTTP/1.1" 200 27
101.80.230.31 - - [09/Apr/2024:11:06:09 +0800] "GET /xingrg/all/function/internal_message.html?_=1712631971532&CODE_STATE=getMsg HTTP/1.1" 302 -
101.83.144.49 - - [09/Apr/2024:11:06:09 +0800] "GET /xingrg/all/function/internal_message.html?_=1712631970111&CODE_STATE=getMsg HTTP/1.1" 200 27
116.237.73.1 - - [09/Apr/2024:11:06:10 +0800] "GET /xingrg/kc/buy/cgsh_order_operate.html?command=get_materiel&rest_code=00106&code=00101006065&supplier_code=00100096&order_time=2024-04-09 HTTP/1.1" 200 409
114.83.218.2 - - [09/Apr/2024:11:06:17 +0800] "GET /xingrg/all/function/internal_message.html?_=1712631979130&CODE_STATE=getMsg HTTP/1.1" 200 27
116.224.254.208 - - [09/Apr/2024:11:06:26 +0800] "GET /xingrg/all/function/internal_message.html?_=1712631985432&CODE_STATE=getMsg HTTP/1.1" 200 27
124.78.56.241 - - [09/Apr/2024:11:06:28 +0800] "GET /xingrg/all/function/internal_message.html?_=1712631988617&CODE_STATE=getMsg HTTP/1.1" 200 27
116.235.94.6 - - [09/Apr/2024:11:06:32 +0800] "GET /xingrg/all/function/internal_message.html?_=1712631991754&CODE_STATE=getMsg HTTP/1.1" 200 27
116.237.73.1 - - [09/Apr/2024:11:06:33 +0800] "GET /xingrg/kc/buy/cgsh_order_operate.html?command=get_materiel&rest_code=00106&code=00101006111&supplier_code=00100096&order_time=2024-04-09 HTTP/1.1" 200 411
180.169.147.146 - - [09/Apr/2024:11:06:33 +0800] "POST /xingrg/kc/buy/cgsh_list_operate.html HTTP/1.1" 200 4039
222.70.183.82 - - [09/Apr/2024:11:06:44 +0800] "GET /xingrg/all/function/internal_message.html?_=1712632004501&CODE_STATE=getMsg HTTP/1.1" 200 27
222.70.183.82 - - [09/Apr/2024:11:06:44 +0800] "GET /xingrg/check_reg.html?_=1712632004504 HTTP/1.1" 200 22
180.169.147.146 - - [09/Apr/2024:11:06:50 +0800] "GET /xingrg/check_reg.html?_=1712632009252 HTTP/1.1" 200 22
180.169.147.146 - - [09/Apr/2024:11:06:50 +0800] "GET /xingrg/all/function/internal_message.html?_=1712632009258&CODE_STATE=getMsg HTTP/1.1" 200 27
180.164.1.25 - - [09/Apr/2024:11:06:54 +0800] "GET /xingrg/all/function/internal_message.html?_=1712632013744&CODE_STATE=getMsg HTTP/1.1" 200 27
120.253.135.82 - - [09/Apr/2024:11:06:54 +0800] "GET /xingrg/all/function/internal_message.html?_=1712632192926&CODE_STATE=getMsg HTTP/1.1" 200 27
116.224.254.208 - - [09/Apr/2024:11:06:57 +0800] "GET /xingrg/all/function/internal_message.html?_=1712632017308&CODE_STATE=getMsg HTTP/1.1" 200 27
101.83.144.49 - - [09/Apr/2024:11:07:00 +0800] "GET /xingrg/all/function/internal_message.html?_=1712631780842&CODE_STATE=getMsg HTTP/1.1" 200 27
101.83.144.49 - - [09/Apr/2024:11:07:01 +0800] "GET /xingrg/check_reg.html?_=1712631780971 HTTP/1.1" 200 22
172.20.0.8 - - [09/Apr/2024:11:07:02 +0800] "GET /xingrg/all/function/internal_message.html?_=1712632022776&CODE_STATE=getMsg HTTP/1.1" 302 -
116.237.73.1 - - [09/Apr/2024:11:07:06 +0800] "GET /xingrg/all/function/internal_message.html?_=1712632026243&CODE_STATE=getMsg HTTP/1.1" 200 27
101.80.230.31 - - [09/Apr/2024:11:07:09 +0800] "GET /xingrg/all/function/internal_message.html?_=1712632031537&CODE_STATE=getMsg HTTP/1.1" 302 -
101.83.144.49 - - [09/Apr/2024:11:07:09 +0800] "GET /xingrg/all/function/internal_message.html?_=1712632030112&CODE_STATE=getMsg HTTP/1.1" 200 27
114.83.218.2 - - [09/Apr/2024:11:07:17 +0800] "GET /xingrg/all/function/internal_message.html?_=1712632039125&CODE_STATE=getMsg HTTP/1.1" 200 27
116.238.97.31 - - [09/Apr/2024:11:07:20 +0800] "GET /xingrg/check_reg.html?_=1712632041004 HTTP/1.1" 200 22
116.224.254.208 - - [09/Apr/2024:11:07:26 +0800] "GET /xingrg/all/function/internal_message.html?_=1712632045424&CODE_STATE=getMsg HTTP/1.1" 200 27
124.78.56.241 - - [09/Apr/2024:11:07:28 +0800] "GET /xingrg/all/function/internal_message.html?_=1712632048604&CODE_STATE=getMsg HTTP/1.1" 200 27
124.78.56.241 - - [09/Apr/2024:11:07:28 +0800] "GET /xingrg/check_reg.html?_=1712632048952 HTTP/1.1" 200 22
116.235.94.6 - - [09/Apr/2024:11:07:32 +0800] "GET /xingrg/all/function/internal_message.html?_=1712632051746&CODE_STATE=getMsg HTTP/1.1" 200 27
116.237.73.1 - - [09/Apr/2024:11:07:32 +0800] "GET /xingrg/kc/buy/cgsh_order_operate.html?command=get_materiel&rest_code=00106&code=00101006240&supplier_code=00100096&order_time=2024-04-09 HTTP/1.1" 200 422
180.169.147.146 - - [09/Apr/2024:11:07:35 +0800] "POST /xingrg/kc/buy/cgsh_list_operate.html HTTP/1.1" 200 4
180.169.147.146 - - [09/Apr/2024:11:07:39 +0800] "POST /xingrg/kc/buy/cgsh_list_operate.html HTTP/1.1" 200 645
222.70.183.82 - - [09/Apr/2024:11:07:44 +0800] "GET /xingrg/all/function/internal_message.html?_=1712632064505&CODE_STATE=getMsg HTTP/1.1" 200 27
180.169.147.146 - - [09/Apr/2024:11:07:50 +0800] "GET /xingrg/all/function/internal_message.html?_=1712632069257&CODE_STATE=getMsg HTTP/1.1" 200 27
180.164.1.25 - - [09/Apr/2024:11:07:54 +0800] "GET /xingrg/all/function/internal_message.html?_=1712632073717&CODE_STATE=getMsg HTTP/1.1" 200 27
116.237.73.1 - - [09/Apr/2024:11:07:54 +0800] "POST /xingrg/kc/buy/cgsh_order_operate.html HTTP/1.1" 200 37
120.253.135.82 - - [09/Apr/2024:11:07:54 +0800] "GET /xingrg/all/function/internal_message.html?_=1712632252931&CODE_STATE=getMsg HTTP/1.1" 200 27
116.237.73.1 - - [09/Apr/2024:11:07:57 +0800] "POST /xingrg/kc/buy/cgsh_order_operate.html HTTP/1.1" 200 11002
116.224.254.208 - - [09/Apr/2024:11:07:57 +0800] "GET /xingrg/all/function/internal_message.html?_=1712632077324&CODE_STATE=getMsg HTTP/1.1" 200 27
101.83.144.49 - - [09/Apr/2024:11:08:00 +0800] "GET /xingrg/all/function/internal_message.html?_=1712631840845&CODE_STATE=getMsg HTTP/1.1" 200 27
172.20.0.8 - - [09/Apr/2024:11:08:02 +0800] "GET /xingrg/all/function/internal_message.html?_=1712632082777&CODE_STATE=getMsg HTTP/1.1" 302 -
116.237.73.1 - - [09/Apr/2024:11:08:06 +0800] "GET /xingrg/all/function/internal_message.html?_=1712632086235&CODE_STATE=getMsg HTTP/1.1" 200 27
101.80.230.31 - - [09/Apr/2024:11:08:09 +0800] "GET /xingrg/all/function/internal_message.html?_=1712632091528&CODE_STATE=getMsg HTTP/1.1" 302 -
101.83.144.49 - - [09/Apr/2024:11:08:09 +0800] "GET /xingrg/check_reg.html?_=1712632090113 HTTP/1.1" 200 22
101.83.144.49 - - [09/Apr/2024:11:08:09 +0800] "GET /xingrg/all/function/internal_message.html?_=1712632090142&CODE_STATE=getMsg HTTP/1.1" 200 27
114.83.218.2 - - [09/Apr/2024:11:08:17 +0800] "GET /xingrg/all/function/internal_message.html?_=1712632099116&CODE_STATE=getMsg HTTP/1.1" 200 27
116.224.254.208 - - [09/Apr/2024:11:08:26 +0800] "GET /xingrg/all/function/internal_message.html?_=1712632105411&CODE_STATE=getMsg HTTP/1.1" 200 27
124.78.56.241 - - [09/Apr/2024:11:08:28 +0800] "GET /xingrg/all/function/internal_message.html?_=1712632108597&CODE_STATE=getMsg HTTP/1.1" 200 27
124.78.56.241 - - [09/Apr/2024:11:08:31 +0800] "POST /xingrg/services/DataTransmitService HTTP/1.1" 200 524
116.235.94.6 - - [09/Apr/2024:11:08:32 +0800] "GET /xingrg/all/function/internal_message.html?_=1712632111752&CODE_STATE=getMsg HTTP/1.1" 200 27
116.235.94.6 - - [09/Apr/2024:11:08:32 +0800] "GET /xingrg/check_reg.html?_=1712632111755 HTTP/1.1" 200 22
124.78.56.241 - - [09/Apr/2024:11:08:33 +0800] "POST /xingrg/services/DataTransmitService HTTP/1.1" 200 412
222.70.183.82 - - [09/Apr/2024:11:08:44 +0800] "GET /xingrg/all/function/internal_message.html?_=1712632124504&CODE_STATE=getMsg HTTP/1.1" 200 27
180.169.147.146 - - [09/Apr/2024:11:08:50 +0800] "GET /xingrg/all/function/internal_message.html?_=1712632129244&CODE_STATE=getMsg HTTP/1.1" 200 27
116.237.73.1 - - [09/Apr/2024:11:08:50 +0800] "POST /xingrg/kc/buy/cgsh_order_operate.html HTTP/1.1" 200 37
180.164.1.25 - - [09/Apr/2024:11:08:54 +0800] "GET /xingrg/all/function/internal_message.html?_=1712632133692&CODE_STATE=getMsg HTTP/1.1" 200 27
120.253.135.82 - - [09/Apr/2024:11:08:54 +0800] "GET /xingrg/all/function/internal_message.html?_=1712632312936&CODE_STATE=getMsg HTTP/1.1" 200 27
116.237.73.1 - - [09/Apr/2024:11:08:55 +0800] "POST /xingrg/kc/buy/cgsh_order_operate.html HTTP/1.1" 200 11014
116.224.254.208 - - [09/Apr/2024:11:08:57 +0800] "GET /xingrg/all/function/internal_message.html?_=1712632137325&CODE_STATE=getMsg HTTP/1.1" 200 27
101.83.144.49 - - [09/Apr/2024:11:09:00 +0800] "GET /xingrg/all/function/internal_message.html?_=1712631900846&CODE_STATE=getMsg HTTP/1.1" 200 27
172.20.0.8 - - [09/Apr/2024:11:09:02 +0800] "GET /xingrg/all/function/internal_message.html?_=1712632142779&CODE_STATE=getMsg HTTP/1.1" 302 -
116.237.73.1 - - [09/Apr/2024:11:09:04 +0800] "POST /xingrg/kc/buy/cgsh_order_operate.html HTTP/1.1" 200 37
116.237.73.1 - - [09/Apr/2024:11:09:06 +0800] "GET /xingrg/all/function/internal_message.html?_=1712632146233&CODE_STATE=getMsg HTTP/1.1" 200 27
116.237.73.1 - - [09/Apr/2024:11:09:07 +0800] "POST /xingrg/kc/buy/cgsh_order_operate.html HTTP/1.1" 200 11014
101.80.230.31 - - [09/Apr/2024:11:09:09 +0800] "GET /xingrg/all/function/internal_message.html?_=1712632151528&CODE_STATE=getMsg HTTP/1.1" 302 -
101.83.144.49 - - [09/Apr/2024:11:09:09 +0800] "GET /xingrg/all/function/internal_message.html?_=1712632150142&CODE_STATE=getMsg HTTP/1.1" 200 27
116.237.73.1 - - [09/Apr/2024:11:09:09 +0800] "GET /xingrg/kc/buy/cgsh_order_add.html HTTP/1.1" 200 73846
116.237.73.1 - - [09/Apr/2024:11:09:10 +0800] "POST /xingrg/kc/buy/cgsh_order_operate.html HTTP/1.1" 200 8245
116.237.73.1 - - [09/Apr/2024:11:09:10 +0800] "GET /xingrg/javascript/easyui/themes/default/validatebox.css HTTP/1.1" 404 1104
116.237.73.1 - - [09/Apr/2024:11:09:12 +0800] "GET /xingrg/javascript/easyui/themes/default/tree.css HTTP/1.1" 404 1090
116.237.73.1 - - [09/Apr/2024:11:09:12 +0800] "POST /xingrg/all/common/load_tree.html?tree=supplier_tree_json&isDelete=1 HTTP/1.1" 200 79163
114.83.218.2 - - [09/Apr/2024:11:09:17 +0800] "GET /xingrg/all/function/internal_message.html?_=1712632159127&CODE_STATE=getMsg HTTP/1.1" 200 27
114.83.218.2 - - [09/Apr/2024:11:09:17 +0800] "GET /xingrg/check_reg.html?_=1712632159130 HTTP/1.1" 200 22
116.224.254.208 - - [09/Apr/2024:11:09:26 +0800] "GET /xingrg/all/function/internal_message.html?_=1712632165420&CODE_STATE=getMsg HTTP/1.1" 200 27
116.224.254.208 - - [09/Apr/2024:11:09:26 +0800] "GET /xingrg/check_reg.html?_=1712632165423 HTTP/1.1" 200 22
124.78.56.241 - - [09/Apr/2024:11:09:28 +0800] "GET /xingrg/all/function/internal_message.html?_=1712632168577&CODE_STATE=getMsg HTTP/1.1" 200 27
116.235.94.6 - - [09/Apr/2024:11:09:32 +0800] "GET /xingrg/all/function/internal_message.html?_=1712632171755&CODE_STATE=getMsg HTTP/1.1" 200 27
222.70.183.82 - - [09/Apr/2024:11:09:44 +0800] "GET /xingrg/all/function/internal_message.html?_=1712632184505&CODE_STATE=getMsg HTTP/1.1" 200 27
180.169.147.146 - - [09/Apr/2024:11:09:44 +0800] "GET /xingrg/check_reg.html?_=1712632186344 HTTP/1.1" 200 22
116.237.73.1 - - [09/Apr/2024:11:09:46 +0800] "GET /xingrg/kc/buy/cgsh_order_operate.html?command=get_materiel&rest_code=00106&code=00101008146&supplier_code=00100009&order_time=2024-04-09 HTTP/1.1" 200 416
180.169.147.146 - - [09/Apr/2024:11:09:50 +0800] "GET /xingrg/all/function/internal_message.html?_=1712632189260&CODE_STATE=getMsg HTTP/1.1" 200 27
180.164.1.25 - - [09/Apr/2024:11:09:54 +0800] "GET /xingrg/all/function/internal_message.html?_=1712632193690&CODE_STATE=getMsg HTTP/1.1" 200 27
120.253.135.82 - - [09/Apr/2024:11:09:54 +0800] "GET /xingrg/all/function/internal_message.html?_=1712632372942&CODE_STATE=getMsg HTTP/1.1" 200 27
120.253.135.82 - - [09/Apr/2024:11:09:54 +0800] "GET /xingrg/check_reg.html?_=1712632372945 HTTP/1.1" 200 22
116.224.254.208 - - [09/Apr/2024:11:09:57 +0800] "GET /xingrg/all/function/internal_message.html?_=1712632197325&CODE_STATE=getMsg HTTP/1.1" 200 27
101.83.144.49 - - [09/Apr/2024:11:10:00 +0800] "GET /xingrg/all/function/internal_message.html?_=1712631960844&CODE_STATE=getMsg HTTP/1.1" 200 27
172.20.0.8 - - [09/Apr/2024:11:10:02 +0800] "GET /xingrg/all/function/internal_message.html?_=1712632202764&CODE_STATE=getMsg HTTP/1.1" 302 -
116.237.73.1 - - [09/Apr/2024:11:10:06 +0800] "GET /xingrg/all/function/internal_message.html?_=1712632206250&CODE_STATE=getMsg HTTP/1.1" 200 27
116.237.73.1 - - [09/Apr/2024:11:10:07 +0800] "GET /xingrg/kc/buy/cgsh_order_operate.html?command=get_materiel&rest_code=00106&code=00101008147&supplier_code=00100009&order_time=2024-04-09 HTTP/1.1" 200 416
101.80.230.31 - - [09/Apr/2024:11:10:09 +0800] "GET /xingrg/all/function/internal_message.html?_=1712632211534&CODE_STATE=getMsg HTTP/1.1" 302 -
101.80.230.31 - - [09/Apr/2024:11:10:09 +0800] "GET /xingrg/check_reg.html?_=1712632211542 HTTP/1.1" 302 -
101.83.144.49 - - [09/Apr/2024:11:10:09 +0800] "GET /xingrg/all/function/internal_message.html?_=1712632210129&CODE_STATE=getMsg HTTP/1.1" 200 27
114.83.218.2 - - [09/Apr/2024:11:10:17 +0800] "GET /xingrg/all/function/internal_message.html?_=1712632219127&CODE_STATE=getMsg HTTP/1.1" 200 27
116.224.254.208 - - [09/Apr/2024:11:10:26 +0800] "GET /xingrg/all/function/internal_message.html?_=1712632225437&CODE_STATE=getMsg HTTP/1.1" 200 27
124.78.56.241 - - [09/Apr/2024:11:10:28 +0800] "GET /xingrg/all/function/internal_message.html?_=1712632228557&CODE_STATE=getMsg HTTP/1.1" 200 27
116.237.73.1 - - [09/Apr/2024:11:10:28 +0800] "POST /xingrg/kc/buy/cgsh_order_operate.html HTTP/1.1" 200 37
116.235.94.6 - - [09/Apr/2024:11:10:32 +0800] "GET /xingrg/all/function/internal_message.html?_=1712632231746&CODE_STATE=getMsg HTTP/1.1" 200 27
116.237.73.1 - - [09/Apr/2024:11:10:35 +0800] "POST /xingrg/kc/buy/cgsh_order_operate.html HTTP/1.1" 200 3255
180.164.1.25 - - [09/Apr/2024:11:10:40 +0800] "GET /xingrg/check_reg.html?_=1712632240102 HTTP/1.1" 200 22
222.70.183.82 - - [09/Apr/2024:11:10:44 +0800] "GET /xingrg/all/function/internal_message.html?_=1712632244505&CODE_STATE=getMsg HTTP/1.1" 200 27
116.237.73.1 - - [09/Apr/2024:11:10:44 +0800] "GET /xingrg/kc/buy/buy_main.html HTTP/1.1" 200 12412
116.237.73.1 - - [09/Apr/2024:11:10:44 +0800] "GET /xingrg/css/new_ie.css HTTP/1.1" 404 1036
116.237.73.1 - - [09/Apr/2024:11:10:46 +0800] "GET /xingrg/images/yd/bt.gif HTTP/1.1" 404 1040
116.237.73.1 - - [09/Apr/2024:11:10:47 +0800] "GET /xingrg/kc/buy/cgsh_order_list.html HTTP/1.1" 200 58071
180.169.147.146 - - [09/Apr/2024:11:10:50 +0800] "GET /xingrg/all/function/internal_message.html?_=1712632249253&CODE_STATE=getMsg HTTP/1.1" 200 27
180.164.1.25 - - [09/Apr/2024:11:10:53 +0800] "GET /xingrg/all/function/internal_message.html?_=1712632253679&CODE_STATE=getMsg HTTP/1.1" 200 27
120.253.135.82 - - [09/Apr/2024:11:10:54 +0800] "GET /xingrg/all/function/internal_message.html?_=1712632432947&CODE_STATE=getMsg HTTP/1.1" 200 27
116.237.73.1 - - [09/Apr/2024:11:10:56 +0800] "POST /xingrg/kc/buy/cgsh_list_operate.html HTTP/1.1" 200 1934
116.224.254.208 - - [09/Apr/2024:11:10:57 +0800] "GET /xingrg/all/function/internal_message.html?_=1712632257332&CODE_STATE=getMsg HTTP/1.1" 200 27
116.224.254.208 - - [09/Apr/2024:11:10:57 +0800] "GET /xingrg/check_reg.html?_=1712632257330 HTTP/1.1" 200 22
116.237.73.1 - - [09/Apr/2024:11:10:59 +0800] "GET /xingrg/kc/buy/buy_main.html HTTP/1.1" 200 12412
116.237.73.1 - - [09/Apr/2024:11:10:59 +0800] "GET /xingrg/css/new_ie.css HTTP/1.1" 404 1036
101.83.144.49 - - [09/Apr/2024:11:11:00 +0800] "GET /xingrg/all/function/internal_message.html?_=1712632020844&CODE_STATE=getMsg HTTP/1.1" 200 27
116.237.73.1 - - [09/Apr/2024:11:11:01 +0800] "GET /xingrg/images/yd/bt.gif HTTP/1.1" 404 1040
172.20.0.8 - - [09/Apr/2024:11:11:02 +0800] "GET /xingrg/all/function/internal_message.html?_=1712632262765&CODE_STATE=getMsg HTTP/1.1" 302 -
172.20.0.8 - - [09/Apr/2024:11:11:02 +0800] "GET /xingrg/check_reg.html?_=1712632262767 HTTP/1.1" 302 -
116.237.73.1 - - [09/Apr/2024:11:11:02 +0800] "GET /xingrg/kc/buy/cgsh_order_list.html HTTP/1.1" 200 58071
180.169.147.146 - - [09/Apr/2024:11:11:05 +0800] "GET /xingrg/check_reg.html?_=1712632267190 HTTP/1.1" 200 22
116.237.73.1 - - [09/Apr/2024:11:11:06 +0800] "GET /xingrg/check_reg.html?_=1712632266255 HTTP/1.1" 200 22
116.237.73.1 - - [09/Apr/2024:11:11:06 +0800] "GET /xingrg/all/function/internal_message.html?_=1712632266256&CODE_STATE=getMsg HTTP/1.1" 200 27
101.80.230.31 - - [09/Apr/2024:11:11:09 +0800] "GET /xingrg/all/function/internal_message.html?_=1712632271542&CODE_STATE=getMsg HTTP/1.1" 302 -
101.83.144.49 - - [09/Apr/2024:11:11:09 +0800] "GET /xingrg/all/function/internal_message.html?_=1712632270129&CODE_STATE=getMsg HTTP/1.1" 200 27
116.237.73.1 - - [09/Apr/2024:11:11:11 +0800] "POST /xingrg/kc/buy/cgsh_list_operate.html HTTP/1.1" 200 1934
116.237.73.1 - - [09/Apr/2024:11:11:12 +0800] "GET /xingrg/kc/base/base_main.html HTTP/1.1" 200 12142
116.237.73.1 - - [09/Apr/2024:11:11:14 +0800] "GET /xingrg/kc/base/wldb_order_list.html HTTP/1.1" 200 19051
116.237.73.1 - - [09/Apr/2024:11:11:15 +0800] "POST /xingrg/kc/base/wldb_list_operate.html HTTP/1.1" 200 3348
114.83.218.2 - - [09/Apr/2024:11:11:17 +0800] "GET /xingrg/all/function/internal_message.html?_=1712632279125&CODE_STATE=getMsg HTTP/1.1" 200 27
116.237.73.1 - - [09/Apr/2024:11:11:20 +0800] "GET /xingrg/kc/base/wldb_order_add.html HTTP/1.1" 200 30382
116.237.73.1 - - [09/Apr/2024:11:11:20 +0800] "POST /xingrg/kc/base/wldb_order_operate.html HTTP/1.1" 200 6806
116.237.73.1 - - [09/Apr/2024:11:11:20 +0800] "GET /xingrg/javascript/easyui/themes/default/validatebox.css HTTP/1.1" 404 1104
116.237.73.1 - - [09/Apr/2024:11:11:22 +0800] "POST /xingrg/all/common/load_combo.html?type=base HTTP/1.1" 200 3227
116.224.254.208 - - [09/Apr/2024:11:11:26 +0800] "GET /xingrg/all/function/internal_message.html?_=1712632285432&CODE_STATE=getMsg HTTP/1.1" 200 27
116.237.73.1 - - [09/Apr/2024:11:11:26 +0800] "POST /xingrg/all/common/load_combo.html?type=base HTTP/1.1" 200 3227
124.78.56.241 - - [09/Apr/2024:11:11:28 +0800] "GET /xingrg/all/function/internal_message.html?_=1712632288546&CODE_STATE=getMsg HTTP/1.1" 200 27
116.235.94.6 - - [09/Apr/2024:11:11:32 +0800] "GET /xingrg/all/function/internal_message.html?_=1712632291756&CODE_STATE=getMsg HTTP/1.1" 200 27
116.237.73.1 - - [09/Apr/2024:11:11:37 +0800] "GET /xingrg/javascript/auto/indicator.gif HTTP/1.1" 404 1066
222.70.183.82 - - [09/Apr/2024:11:11:44 +0800] "GET /xingrg/check_reg.html?_=1712632304504 HTTP/1.1" 200 22
222.70.183.82 - - [09/Apr/2024:11:11:44 +0800] "GET /xingrg/all/function/internal_message.html?_=1712632304507&CODE_STATE=getMsg HTTP/1.1" 200 27
180.169.147.146 - - [09/Apr/2024:11:11:50 +0800] "GET /xingrg/check_reg.html?_=1712632309247 HTTP/1.1" 200 22
180.169.147.146 - - [09/Apr/2024:11:11:50 +0800] "GET /xingrg/all/function/internal_message.html?_=1712632309248&CODE_STATE=getMsg HTTP/1.1" 200 27
180.164.1.25 - - [09/Apr/2024:11:11:53 +0800] "GET /xingrg/all/function/internal_message.html?_=1712632313659&CODE_STATE=getMsg HTTP/1.1" 200 27
120.253.135.82 - - [09/Apr/2024:11:11:54 +0800] "GET /xingrg/all/function/internal_message.html?_=1712632492951&CODE_STATE=getMsg HTTP/1.1" 200 27
116.237.73.1 - - [09/Apr/2024:11:11:55 +0800] "POST /xingrg/kc/base/wldb_order_operate.html HTTP/1.1" 200 37
116.237.73.1 - - [09/Apr/2024:11:11:55 +0800] "POST /xingrg/kc/base/wldb_order_operate.html HTTP/1.1" 200 2211
116.237.73.1 - - [09/Apr/2024:11:11:57 +0800] "GET /xingrg/kc/base/wldb_order_info.html?code=422024040900500 HTTP/1.1" 200 30395
116.224.254.208 - - [09/Apr/2024:11:11:57 +0800] "GET /xingrg/all/function/internal_message.html?_=1712632317304&CODE_STATE=getMsg HTTP/1.1" 200 27
116.237.73.1 - - [09/Apr/2024:11:11:57 +0800] "GET /xingrg/javascript/easyui/themes/default/validatebox.css HTTP/1.1" 404 1104
116.237.73.1 - - [09/Apr/2024:11:11:58 +0800] "POST /xingrg/kc/base/wldb_order_operate.html HTTP/1.1" 200 2211
116.237.73.1 - - [09/Apr/2024:11:12:00 +0800] "GET /xingrg/kc/base/base_main.html HTTP/1.1" 200 12142
101.83.144.49 - - [09/Apr/2024:11:12:00 +0800] "GET /xingrg/all/function/internal_message.html?_=1712632080844&CODE_STATE=getMsg HTTP/1.1" 200 27
101.83.144.49 - - [09/Apr/2024:11:12:00 +0800] "GET /xingrg/check_reg.html?_=1712632080941 HTTP/1.1" 200 22
116.237.73.1 - - [09/Apr/2024:11:12:02 +0800] "GET /xingrg/kc/base/wldb_order_list.html HTTP/1.1" 200 19051
172.20.0.8 - - [09/Apr/2024:11:12:02 +0800] "GET /xingrg/all/function/internal_message.html?_=1712632322769&CODE_STATE=getMsg HTTP/1.1" 302 -
116.237.73.1 - - [09/Apr/2024:11:12:03 +0800] "POST /xingrg/kc/base/wldb_list_operate.html HTTP/1.1" 200 3740
116.237.73.1 - - [09/Apr/2024:11:12:06 +0800] "GET /xingrg/all/function/internal_message.html?_=1712632326253&CODE_STATE=getMsg HTTP/1.1" 200 27
101.80.230.31 - - [09/Apr/2024:11:12:09 +0800] "GET /xingrg/all/function/internal_message.html?_=1712632331532&CODE_STATE=getMsg HTTP/1.1" 302 -
101.83.144.49 - - [09/Apr/2024:11:12:09 +0800] "GET /xingrg/all/function/internal_message.html?_=1712632330131&CODE_STATE=getMsg HTTP/1.1" 200 27
114.83.218.2 - - [09/Apr/2024:11:12:17 +0800] "GET /xingrg/all/function/internal_message.html?_=1712632339121&CODE_STATE=getMsg HTTP/1.1" 200 27
116.238.97.31 - - [09/Apr/2024:11:12:20 +0800] "GET /xingrg/check_reg.html?_=1712632340986 HTTP/1.1" 200 22
116.224.254.208 - - [09/Apr/2024:11:12:26 +0800] "GET /xingrg/all/function/internal_message.html?_=1712632345434&CODE_STATE=getMsg HTTP/1.1" 200 27
124.78.56.241 - - [09/Apr/2024:11:12:28 +0800] "GET /xingrg/all/function/internal_message.html?_=1712632348522&CODE_STATE=getMsg HTTP/1.1" 200 27
124.78.56.241 - - [09/Apr/2024:11:12:28 +0800] "GET /xingrg/check_reg.html?_=1712632348937 HTTP/1.1" 200 22
116.235.94.6 - - [09/Apr/2024:11:12:32 +0800] "GET /xingrg/all/function/internal_message.html?_=1712632351761&CODE_STATE=getMsg HTTP/1.1" 200 27
222.70.183.82 - - [09/Apr/2024:11:12:44 +0800] "GET /xingrg/all/function/internal_message.html?_=1712632364506&CODE_STATE=getMsg HTTP/1.1" 200 27
180.169.147.146 - - [09/Apr/2024:11:12:50 +0800] "GET /xingrg/all/function/internal_message.html?_=1712632369252&CODE_STATE=getMsg HTTP/1.1" 200 27
180.164.1.25 - - [09/Apr/2024:11:12:53 +0800] "GET /xingrg/all/function/internal_message.html?_=1712632373636&CODE_STATE=getMsg HTTP/1.1" 200 27
120.253.135.82 - - [09/Apr/2024:11:12:54 +0800] "GET /xingrg/all/function/internal_message.html?_=1712632552956&CODE_STATE=getMsg HTTP/1.1" 200 27
116.224.254.208 - - [09/Apr/2024:11:12:57 +0800] "GET /xingrg/all/function/internal_message.html?_=1712632377316&CODE_STATE=getMsg HTTP/1.1" 200 27
101.83.144.49 - - [09/Apr/2024:11:13:00 +0800] "GET /xingrg/all/function/internal_message.html?_=1712632140847&CODE_STATE=getMsg HTTP/1.1" 200 27
172.20.0.8 - - [09/Apr/2024:11:13:02 +0800] "GET /xingrg/all/function/internal_message.html?_=1712632382769&CODE_STATE=getMsg HTTP/1.1" 302 -
101.80.230.31 - - [09/Apr/2024:11:13:09 +0800] "GET /xingrg/all/function/internal_message.html?_=1712632391538&CODE_STATE=getMsg HTTP/1.1" 302 -
101.83.144.49 - - [09/Apr/2024:11:13:09 +0800] "GET /xingrg/all/function/internal_message.html?_=1712632390131&CODE_STATE=getMsg HTTP/1.1" 200 27
101.83.144.49 - - [09/Apr/2024:11:13:09 +0800] "GET /xingrg/check_reg.html?_=1712632390135 HTTP/1.1" 200 22
114.83.218.2 - - [09/Apr/2024:11:13:17 +0800] "GET /xingrg/all/function/internal_message.html?_=1712632399125&CODE_STATE=getMsg HTTP/1.1" 200 27
116.224.254.208 - - [09/Apr/2024:11:13:26 +0800] "GET /xingrg/all/function/internal_message.html?_=1712632405427&CODE_STATE=getMsg HTTP/1.1" 200 27
124.78.56.241 - - [09/Apr/2024:11:13:28 +0800] "GET /xingrg/all/function/internal_message.html?_=1712632408504&CODE_STATE=getMsg HTTP/1.1" 200 27
116.235.94.6 - - [09/Apr/2024:11:13:32 +0800] "GET /xingrg/all/function/internal_message.html?_=1712632411756&CODE_STATE=getMsg HTTP/1.1" 200 27
116.235.94.6 - - [09/Apr/2024:11:13:32 +0800] "GET /xingrg/check_reg.html?_=1712632411753 HTTP/1.1" 200 22
222.70.183.82 - - [09/Apr/2024:11:13:44 +0800] "GET /xingrg/all/function/internal_message.html?_=1712632424507&CODE_STATE=getMsg HTTP/1.1" 200 27
180.169.147.146 - - [09/Apr/2024:11:13:50 +0800] "GET /xingrg/all/function/internal_message.html?_=1712632429239&CODE_STATE=getMsg HTTP/1.1" 200 27
180.164.1.25 - - [09/Apr/2024:11:13:53 +0800] "GET /xingrg/all/function/internal_message.html?_=1712632433611&CODE_STATE=getMsg HTTP/1.1" 200 27
120.253.135.82 - - [09/Apr/2024:11:13:54 +0800] "GET /xingrg/all/function/internal_message.html?_=1712632612960&CODE_STATE=getMsg HTTP/1.1" 200 27
116.224.254.208 - - [09/Apr/2024:11:13:57 +0800] "GET /xingrg/all/function/internal_message.html?_=1712632437304&CODE_STATE=getMsg HTTP/1.1" 200 27
101.83.144.49 - - [09/Apr/2024:11:14:00 +0800] "GET /xingrg/all/function/internal_message.html?_=1712632200848&CODE_STATE=getMsg HTTP/1.1" 200 27
172.20.0.8 - - [09/Apr/2024:11:14:02 +0800] "GET /xingrg/all/function/internal_message.html?_=1712632442771&CODE_STATE=getMsg HTTP/1.1" 302 -
101.80.230.31 - - [09/Apr/2024:11:14:09 +0800] "GET /xingrg/all/function/internal_message.html?_=1712632451529&CODE_STATE=getMsg HTTP/1.1" 302 -
101.83.144.49 - - [09/Apr/2024:11:14:09 +0800] "GET /xingrg/all/function/internal_message.html?_=1712632450135&CODE_STATE=getMsg HTTP/1.1" 200 27
114.83.218.2 - - [09/Apr/2024:11:14:17 +0800] "GET /xingrg/all/function/internal_message.html?_=1712632459115&CODE_STATE=getMsg HTTP/1.1" 200 27
114.83.218.2 - - [09/Apr/2024:11:14:17 +0800] "GET /xingrg/check_reg.html?_=1712632459118 HTTP/1.1" 200 22
116.224.254.208 - - [09/Apr/2024:11:14:26 +0800] "GET /xingrg/check_reg.html?_=1712632465430 HTTP/1.1" 200 22
116.224.254.208 - - [09/Apr/2024:11:14:26 +0800] "GET /xingrg/all/function/internal_message.html?_=1712632465434&CODE_STATE=getMsg HTTP/1.1" 200 27
124.78.56.241 - - [09/Apr/2024:11:14:28 +0800] "GET /xingrg/all/function/internal_message.html?_=1712632468489&CODE_STATE=getMsg HTTP/1.1" 200 27
116.235.94.6 - - [09/Apr/2024:11:14:32 +0800] "GET /xingrg/all/function/internal_message.html?_=1712632471744&CODE_STATE=getMsg HTTP/1.1" 200 27
222.70.183.82 - - [09/Apr/2024:11:14:44 +0800] "GET /xingrg/all/function/internal_message.html?_=1712632484507&CODE_STATE=getMsg HTTP/1.1" 200 27
180.169.147.146 - - [09/Apr/2024:11:14:44 +0800] "GET /xingrg/check_reg.html?_=1712632486317 HTTP/1.1" 200 22
180.169.147.146 - - [09/Apr/2024:11:14:50 +0800] "GET /xingrg/all/function/internal_message.html?_=1712632489246&CODE_STATE=getMsg HTTP/1.1" 200 27
180.164.1.25 - - [09/Apr/2024:11:14:53 +0800] "GET /xingrg/all/function/internal_message.html?_=1712632493591&CODE_STATE=getMsg HTTP/1.1" 200 27
120.253.135.82 - - [09/Apr/2024:11:14:54 +0800] "GET /xingrg/check_reg.html?_=1712632672969 HTTP/1.1" 200 22
120.253.135.82 - - [09/Apr/2024:11:14:54 +0800] "GET /xingrg/all/function/internal_message.html?_=1712632672966&CODE_STATE=getMsg HTTP/1.1" 200 27
116.224.254.208 - - [09/Apr/2024:11:14:57 +0800] "GET /xingrg/all/function/internal_message.html?_=1712632497319&CODE_STATE=getMsg HTTP/1.1" 200 27
101.83.144.49 - - [09/Apr/2024:11:15:00 +0800] "GET /xingrg/all/function/internal_message.html?_=1712632260840&CODE_STATE=getMsg HTTP/1.1" 200 27
172.20.0.8 - - [09/Apr/2024:11:15:02 +0800] "GET /xingrg/all/function/internal_message.html?_=1712632502772&CODE_STATE=getMsg HTTP/1.1" 302 -
101.80.230.31 - - [09/Apr/2024:11:15:09 +0800] "GET /xingrg/all/function/internal_message.html?_=1712632511536&CODE_STATE=getMsg HTTP/1.1" 302 -
101.80.230.31 - - [09/Apr/2024:11:15:09 +0800] "GET /xingrg/check_reg.html?_=1712632511544 HTTP/1.1" 302 -
101.83.144.49 - - [09/Apr/2024:11:15:09 +0800] "GET /xingrg/all/function/internal_message.html?_=1712632510135&CODE_STATE=getMsg HTTP/1.1" 200 27
114.83.218.2 - - [09/Apr/2024:11:15:17 +0800] "GET /xingrg/all/function/internal_message.html?_=1712632519132&CODE_STATE=getMsg HTTP/1.1" 200 27
114.83.218.92 - - [09/Apr/2024:11:15:21 +0800] "POST /xingrg/services/DataTransmitService HTTP/1.1" 200 524
114.83.218.92 - - [09/Apr/2024:11:15:22 +0800] "POST /xingrg/services/DataTransmitService HTTP/1.1" 200 501
114.83.218.92 - - [09/Apr/2024:11:15:23 +0800] "POST /xingrg/services/DataTransmitService HTTP/1.1" 200 501
114.83.218.92 - - [09/Apr/2024:11:15:23 +0800] "POST /xingrg/services/DataTransmitService HTTP/1.1" 200 501
114.83.218.92 - - [09/Apr/2024:11:15:23 +0800] "POST /xingrg/services/DataTransmitService HTTP/1.1" 200 501
114.83.218.92 - - [09/Apr/2024:11:15:24 +0800] "POST /xingrg/services/DataTransmitService HTTP/1.1" 200 501
114.83.218.92 - - [09/Apr/2024:11:15:24 +0800] "POST /xingrg/services/DataTransmitService HTTP/1.1" 200 501
114.83.218.92 - - [09/Apr/2024:11:15:25 +0800] "POST /xingrg/services/DataTransmitService HTTP/1.1" 200 412
116.224.254.208 - - [09/Apr/2024:11:15:26 +0800] "GET /xingrg/all/function/internal_message.html?_=1712632525428&CODE_STATE=getMsg HTTP/1.1" 200 27
124.78.56.241 - - [09/Apr/2024:11:15:28 +0800] "GET /xingrg/all/function/internal_message.html?_=1712632528472&CODE_STATE=getMsg HTTP/1.1" 200 27
116.235.94.6 - - [09/Apr/2024:11:15:32 +0800] "GET /xingrg/all/function/internal_message.html?_=1712632531762&CODE_STATE=getMsg HTTP/1.1" 200 27
180.164.1.25 - - [09/Apr/2024:11:15:40 +0800] "GET /xingrg/check_reg.html?_=1712632540112 HTTP/1.1" 200 22
222.70.183.82 - - [09/Apr/2024:11:15:44 +0800] "GET /xingrg/all/function/internal_message.html?_=1712632544507&CODE_STATE=getMsg HTTP/1.1" 200 27
180.169.147.146 - - [09/Apr/2024:11:15:50 +0800] "GET /xingrg/all/function/internal_message.html?_=1712632549250&CODE_STATE=getMsg HTTP/1.1" 200 27
180.164.1.25 - - [09/Apr/2024:11:15:53 +0800] "GET /xingrg/all/function/internal_message.html?_=1712632553575&CODE_STATE=getMsg HTTP/1.1" 200 27
120.253.135.82 - - [09/Apr/2024:11:15:54 +0800] "GET /xingrg/all/function/internal_message.html?_=1712632732971&CODE_STATE=getMsg HTTP/1.1" 200 27
116.224.254.208 - - [09/Apr/2024:11:15:57 +0800] "GET /xingrg/all/function/internal_message.html?_=1712632557334&CODE_STATE=getMsg HTTP/1.1" 200 27
116.224.254.208 - - [09/Apr/2024:11:15:57 +0800] "GET /xingrg/check_reg.html?_=1712632557336 HTTP/1.1" 200 22
101.83.144.49 - - [09/Apr/2024:11:16:00 +0800] "GET /xingrg/all/function/internal_message.html?_=1712632320841&CODE_STATE=getMsg HTTP/1.1" 200 27
172.20.0.8 - - [09/Apr/2024:11:16:02 +0800] "GET /xingrg/check_reg.html?_=1712632562758 HTTP/1.1" 302 -
172.20.0.8 - - [09/Apr/2024:11:16:02 +0800] "GET /xingrg/all/function/internal_message.html?_=1712632562760&CODE_STATE=getMsg HTTP/1.1" 302 -
180.169.147.146 - - [09/Apr/2024:11:16:05 +0800] "GET /xingrg/check_reg.html?_=1712632567166 HTTP/1.1" 200 22
101.80.230.31 - - [09/Apr/2024:11:16:09 +0800] "GET /xingrg/all/function/internal_message.html?_=1712632571528&CODE_STATE=getMsg HTTP/1.1" 302 -
101.83.144.49 - - [09/Apr/2024:11:16:09 +0800] "GET /xingrg/all/function/internal_message.html?_=1712632570137&CODE_STATE=getMsg HTTP/1.1" 200 27
114.83.218.2 - - [09/Apr/2024:11:16:17 +0800] "GET /xingrg/all/function/internal_message.html?_=1712632579131&CODE_STATE=getMsg HTTP/1.1" 200 27
116.224.254.208 - - [09/Apr/2024:11:16:26 +0800] "GET /xingrg/all/function/internal_message.html?_=1712632585418&CODE_STATE=getMsg HTTP/1.1" 200 27
124.78.56.241 - - [09/Apr/2024:11:16:28 +0800] "GET /xingrg/all/function/internal_message.html?_=1712632588451&CODE_STATE=getMsg HTTP/1.1" 200 27
116.235.94.6 - - [09/Apr/2024:11:16:32 +0800] "GET /xingrg/all/function/internal_message.html?_=1712632591752&CODE_STATE=getMsg HTTP/1.1" 200 27
222.70.183.82 - - [09/Apr/2024:11:16:44 +0800] "GET /xingrg/check_reg.html?_=1712632604507 HTTP/1.1" 200 22
222.70.183.82 - - [09/Apr/2024:11:16:44 +0800] "GET /xingrg/all/function/internal_message.html?_=1712632604509&CODE_STATE=getMsg HTTP/1.1" 200 27
180.169.147.146 - - [09/Apr/2024:11:16:50 +0800] "GET /xingrg/check_reg.html?_=1712632609251 HTTP/1.1" 200 22
180.169.147.146 - - [09/Apr/2024:11:16:50 +0800] "GET /xingrg/all/function/internal_message.html?_=1712632609252&CODE_STATE=getMsg HTTP/1.1" 200 27
180.164.1.25 - - [09/Apr/2024:11:16:53 +0800] "GET /xingrg/all/function/internal_message.html?_=1712632613553&CODE_STATE=getMsg HTTP/1.1" 200 27
120.253.135.82 - - [09/Apr/2024:11:16:54 +0800] "GET /xingrg/all/function/internal_message.html?_=1712632792976&CODE_STATE=getMsg HTTP/1.1" 200 27
116.224.254.208 - - [09/Apr/2024:11:16:57 +0800] "GET /xingrg/all/function/internal_message.html?_=1712632617309&CODE_STATE=getMsg HTTP/1.1" 200 27
101.83.144.49 - - [09/Apr/2024:11:17:00 +0800] "GET /xingrg/all/function/internal_message.html?_=1712632380841&CODE_STATE=getMsg HTTP/1.1" 200 27
101.83.144.49 - - [09/Apr/2024:11:17:00 +0800] "GET /xingrg/check_reg.html?_=1712632380922 HTTP/1.1" 200 22
172.20.0.8 - - [09/Apr/2024:11:17:02 +0800] "GET /xingrg/all/function/internal_message.html?_=1712632622759&CODE_STATE=getMsg HTTP/1.1" 302 -
101.80.230.31 - - [09/Apr/2024:11:17:09 +0800] "GET /xingrg/all/function/internal_message.html?_=1712632631535&CODE_STATE=getMsg HTTP/1.1" 302 -
101.83.144.49 - - [09/Apr/2024:11:17:09 +0800] "GET /xingrg/all/function/internal_message.html?_=1712632630139&CODE_STATE=getMsg HTTP/1.1" 200 27
114.83.218.2 - - [09/Apr/2024:11:17:17 +0800] "GET /xingrg/all/function/internal_message.html?_=1712632639130&CODE_STATE=getMsg HTTP/1.1" 200 27
222.70.183.82 - - [09/Apr/2024:11:17:18 +0800] "POST /xingrg/services/DataTransmitService HTTP/1.1" 200 524
116.238.97.31 - - [09/Apr/2024:11:17:20 +0800] "GET /xingrg/check_reg.html?_=1712632640974 HTTP/1.1" 200 22
116.224.254.208 - - [09/Apr/2024:11:17:26 +0800] "GET /xingrg/all/function/internal_message.html?_=1712632645430&CODE_STATE=getMsg HTTP/1.1" 200 27
124.78.56.241 - - [09/Apr/2024:11:17:28 +0800] "GET /xingrg/all/function/internal_message.html?_=1712632648439&CODE_STATE=getMsg HTTP/1.1" 200 27
124.78.56.241 - - [09/Apr/2024:11:17:28 +0800] "GET /xingrg/check_reg.html?_=1712632648929 HTTP/1.1" 200 22
116.235.94.6 - - [09/Apr/2024:11:17:32 +0800] "GET /xingrg/all/function/internal_message.html?_=1712632651753&CODE_STATE=getMsg HTTP/1.1" 200 27
222.70.183.82 - - [09/Apr/2024:11:17:44 +0800] "GET /xingrg/all/function/internal_message.html?_=1712632664508&CODE_STATE=getMsg HTTP/1.1" 200 27
180.169.147.146 - - [09/Apr/2024:11:17:50 +0800] "GET /xingrg/all/function/internal_message.html?_=1712632669247&CODE_STATE=getMsg HTTP/1.1" 200 27
180.164.1.25 - - [09/Apr/2024:11:17:53 +0800] "GET /xingrg/all/function/internal_message.html?_=1712632673528&CODE_STATE=getMsg HTTP/1.1" 200 27
120.253.135.82 - - [09/Apr/2024:11:17:54 +0800] "GET /xingrg/all/function/internal_message.html?_=1712632852981&CODE_STATE=getMsg HTTP/1.1" 200 27
116.224.254.208 - - [09/Apr/2024:11:17:57 +0800] "GET /xingrg/all/function/internal_message.html?_=1712632677319&CODE_STATE=getMsg HTTP/1.1" 200 27
101.83.144.49 - - [09/Apr/2024:11:18:00 +0800] "GET /xingrg/all/function/internal_message.html?_=1712632440844&CODE_STATE=getMsg HTTP/1.1" 200 27
172.20.0.8 - - [09/Apr/2024:11:18:02 +0800] "GET /xingrg/all/function/internal_message.html?_=1712632682761&CODE_STATE=getMsg HTTP/1.1" 302 -
101.80.230.31 - - [09/Apr/2024:11:18:09 +0800] "GET /xingrg/all/function/internal_message.html?_=1712632691534&CODE_STATE=getMsg HTTP/1.1" 302 -
101.83.144.49 - - [09/Apr/2024:11:18:09 +0800] "GET /xingrg/check_reg.html?_=1712632690140 HTTP/1.1" 200 22
101.83.144.49 - - [09/Apr/2024:11:18:09 +0800] "GET /xingrg/all/function/internal_message.html?_=1712632690145&CODE_STATE=getMsg HTTP/1.1" 200 27
180.162.115.93 - - [09/Apr/2024:11:18:15 +0800] "GET /xingrg HTTP/1.1" 302 -
180.162.115.93 - - [09/Apr/2024:11:18:15 +0800] "GET /xingrg/ HTTP/1.1" 304 -
114.83.218.2 - - [09/Apr/2024:11:18:17 +0800] "GET /xingrg/all/function/internal_message.html?_=1712632699128&CODE_STATE=getMsg HTTP/1.1" 200 27
180.162.115.93 - - [09/Apr/2024:11:18:17 +0800] "GET /xingrg/index.html HTTP/1.1" 302 -
180.162.115.93 - - [09/Apr/2024:11:18:18 +0800] "GET /xingrg/login.html HTTP/1.1" 200 7641
180.162.115.93 - - [09/Apr/2024:11:18:18 +0800] "GET /xingrg/images/blue/jxLogo.png HTTP/1.1" 304 -
180.162.115.93 - - [09/Apr/2024:11:18:18 +0800] "GET /xingrg/images/blue/login_bg.png HTTP/1.1" 304 -
180.162.115.93 - - [09/Apr/2024:11:18:18 +0800] "GET /xingrg/images/blue/hj.png HTTP/1.1" 304 -
180.162.115.93 - - [09/Apr/2024:11:18:18 +0800] "GET /xingrg/images/blue/srbg.png HTTP/1.1" 304 -
180.162.115.93 - - [09/Apr/2024:11:18:20 +0800] "GET /favicon.ico HTTP/1.1" 404 -
116.224.254.208 - - [09/Apr/2024:11:18:26 +0800] "GET /xingrg/all/function/internal_message.html?_=1712632705418&CODE_STATE=getMsg HTTP/1.1" 200 27
124.78.56.241 - - [09/Apr/2024:11:18:28 +0800] "GET /xingrg/all/function/internal_message.html?_=1712632708420&CODE_STATE=getMsg HTTP/1.1" 200 27
116.235.94.6 - - [09/Apr/2024:11:18:32 +0800] "GET /xingrg/all/function/internal_message.html?_=1712632711742&CODE_STATE=getMsg HTTP/1.1" 200 27
116.235.94.6 - - [09/Apr/2024:11:18:32 +0800] "GET /xingrg/check_reg.html?_=1712632711745 HTTP/1.1" 200 22
180.162.115.93 - - [09/Apr/2024:11:18:37 +0800] "POST /xingrg/login.do HTTP/1.1" 302 -
180.162.115.93 - - [09/Apr/2024:11:18:37 +0800] "GET /xingrg/index.html?sysBaseUrl=http%3A%2F%2F180.169.147.146%3A18081%2Fxingrg%2F&costTime=917×tamp=1712632717306 HTTP/1.1" 200 17179
180.162.115.93 - - [09/Apr/2024:11:18:37 +0800] "GET /xingrg/javascript/jquery_easy_ui/themes/default/easyui.css HTTP/1.1" 304 -
180.162.115.93 - - [09/Apr/2024:11:18:37 +0800] "GET /xingrg/javascript/jquery_easy_ui/themes/icon.css HTTP/1.1" 304 -
180.162.115.93 - - [09/Apr/2024:11:18:37 +0800] "GET /xingrg/css/form.css HTTP/1.1" 304 -
180.162.115.93 - - [09/Apr/2024:11:18:37 +0800] "GET /xingrg/javascript/jquery.timers.js HTTP/1.1" 304 -
180.162.115.93 - - [09/Apr/2024:11:18:37 +0800] "GET /xingrg/javascript/jquery.form.js HTTP/1.1" 304 -
180.162.115.93 - - [09/Apr/2024:11:18:37 +0800] "GET /xingrg/javascript/jquery_easy_ui/easyui-lang-zh_CN.js HTTP/1.1" 304 -
180.162.115.93 - - [09/Apr/2024:11:18:37 +0800] "GET /xingrg/javascript/jquery-1.4.2.min.js HTTP/1.1" 304 -
180.162.115.93 - - [09/Apr/2024:11:18:37 +0800] "GET /xingrg/javascript/jquery.utils.js HTTP/1.1" 304 -
180.162.115.93 - - [09/Apr/2024:11:18:37 +0800] "GET /xingrg/javascript/jquery_easy_ui/jquery.easyui.min.js HTTP/1.1" 304 -
180.162.115.93 - - [09/Apr/2024:11:18:38 +0800] "GET /favicon.ico HTTP/1.1" 404 -
180.162.115.93 - - [09/Apr/2024:11:18:38 +0800] "GET /xingrg/javascript/jquery_easy_ui/themes/icons/settle_new.png HTTP/1.1" 304 -
180.162.115.93 - - [09/Apr/2024:11:18:38 +0800] "GET /xingrg/images/blue/navBackgound.jpg HTTP/1.1" 304 -
180.162.115.93 - - [09/Apr/2024:11:18:38 +0800] "GET /xingrg/all/function/internal_message.html?_=1712631134017&CODE_STATE=count HTTP/1.1" 200 11
180.162.115.93 - - [09/Apr/2024:11:18:38 +0800] "GET /xingrg/check_reg.html?_=1712631134017 HTTP/1.1" 200 22
180.162.115.93 - - [09/Apr/2024:11:18:38 +0800] "GET /xingrg/images/blue/pingpu.png HTTP/1.1" 304 -
180.162.115.93 - - [09/Apr/2024:11:18:38 +0800] "GET /xingrg/javascript/jquery_easy_ui/themes/default/images/tabs_leftarrow.png HTTP/1.1" 304 -
180.162.115.93 - - [09/Apr/2024:11:18:38 +0800] "GET /xingrg/javascript/jquery_easy_ui/themes/default/images/tabs_rightarrow.png HTTP/1.1" 304 -
180.162.115.93 - - [09/Apr/2024:11:18:38 +0800] "GET /xingrg/javascript/jquery_easy_ui/themes/default/images/panel_tool_collapse.gif HTTP/1.1" 304 -
180.162.115.93 - - [09/Apr/2024:11:18:38 +0800] "POST /xingrg/all/common/load_tree.html?tree=area_rest_tree_json&manage=1 HTTP/1.1" 200 479
180.162.115.93 - - [09/Apr/2024:11:18:38 +0800] "POST /xingrg/load_menu.html HTTP/1.1" 200 5138
180.162.115.93 - - [09/Apr/2024:11:18:38 +0800] "GET /xingrg/javascript/jquery_easy_ui/themes/default/images/tree_arrows.gif HTTP/1.1" 304 -
180.162.115.93 - - [09/Apr/2024:11:18:38 +0800] "GET /xingrg/javascript/jquery_easy_ui/themes/default/images/tree_folder_open.gif HTTP/1.1" 304 -
180.162.115.93 - - [09/Apr/2024:11:18:38 +0800] "GET /xingrg/javascript/jquery_easy_ui/themes/icons/search_new.png HTTP/1.1" 304 -
