116.238.97.31 - - [09/Apr/2024:07:27:02 +0800] "GET /xingrg/kc/buy/cgsh_order_operate.html?command=get_materiel&rest_code=00102&code=00101008140&supplier_code=00100008&order_time=2024-04-09 HTTP/1.1" 200 417
116.238.97.31 - - [09/Apr/2024:07:27:05 +0800] "GET /xingrg/all/function/internal_message.html?_=1712618825908&CODE_STATE=getMsg HTTP/1.1" 200 27
116.238.97.31 - - [09/Apr/2024:07:27:12 +0800] "GET /xingrg/kc/buy/cgsh_order_operate.html?command=get_materiel&rest_code=00102&code=00101008114&supplier_code=00100008&order_time=2024-04-09 HTTP/1.1" 200 412
58.40.7.146 - - [09/Apr/2024:07:27:17 +0800] "GET /xingrg/check_reg.html?_=1712618837756 HTTP/1.1" 200 22
58.40.7.146 - - [09/Apr/2024:07:27:17 +0800] "GET /xingrg/all/function/internal_message.html?_=1712618837757&CODE_STATE=getMsg HTTP/1.1" 200 27
116.238.97.31 - - [09/Apr/2024:07:27:21 +0800] "GET /xingrg/kc/buy/cgsh_order_operate.html?command=get_materiel&rest_code=00102&code=00101008209&supplier_code=00100008&order_time=2024-04-09 HTTP/1.1" 200 408
124.78.56.241 - - [09/Apr/2024:07:27:29 +0800] "GET /xingrg/all/function/internal_message.html?_=1712618849032&CODE_STATE=getMsg HTTP/1.1" 200 27
124.78.56.241 - - [09/Apr/2024:07:27:29 +0800] "GET /xingrg/check_reg.html?_=1712618849039 HTTP/1.1" 200 22
116.238.97.31 - - [09/Apr/2024:07:27:29 +0800] "GET /xingrg/kc/buy/cgsh_order_operate.html?command=get_materiel&rest_code=00102&code=00101008172&supplier_code=00100008&order_time=2024-04-09 HTTP/1.1" 200 431
116.235.94.6 - - [09/Apr/2024:07:27:31 +0800] "GET /xingrg/all/function/internal_message.html?_=1712618851754&CODE_STATE=getMsg HTTP/1.1" 200 27
116.224.254.208 - - [09/Apr/2024:07:27:35 +0800] "GET /xingrg/all/function/internal_message.html?_=1712618855238&CODE_STATE=getMsg HTTP/1.1" 200 27
180.169.147.146 - - [09/Apr/2024:07:27:36 +0800] "GET /xingrg/all/function/internal_message.html?_=1712618855458&CODE_STATE=getMsg HTTP/1.1" 200 27
116.238.97.31 - - [09/Apr/2024:07:27:39 +0800] "GET /xingrg/kc/buy/cgsh_order_operate.html?command=get_materiel&rest_code=00102&code=00101008338&supplier_code=00100008&order_time=2024-04-09 HTTP/1.1" 200 408
116.238.97.31 - - [09/Apr/2024:07:27:49 +0800] "GET /xingrg/kc/buy/cgsh_order_operate.html?command=get_materiel&rest_code=00102&code=00101008061&supplier_code=00100008&order_time=2024-04-09 HTTP/1.1" 200 422
116.238.97.31 - - [09/Apr/2024:07:27:59 +0800] "GET /xingrg/kc/buy/cgsh_order_operate.html?command=get_materiel&rest_code=00102&code=00101008704&supplier_code=00100008&order_time=2024-04-09 HTTP/1.1" 200 428
116.224.254.208 - - [09/Apr/2024:07:28:00 +0800] "GET /xingrg/all/function/internal_message.html?_=1712618880424&CODE_STATE=getMsg HTTP/1.1" 200 27
120.253.135.82 - - [09/Apr/2024:07:28:00 +0800] "GET /xingrg/all/function/internal_message.html?_=1712619059083&CODE_STATE=getMsg HTTP/1.1" 200 27
172.20.0.8 - - [09/Apr/2024:07:28:02 +0800] "GET /xingrg/all/function/internal_message.html?_=1712618882841&CODE_STATE=getMsg HTTP/1.1" 302 -
116.238.97.31 - - [09/Apr/2024:07:28:05 +0800] "GET /xingrg/all/function/internal_message.html?_=1712618885900&CODE_STATE=getMsg HTTP/1.1" 200 27
116.238.97.31 - - [09/Apr/2024:07:28:09 +0800] "GET /xingrg/kc/buy/cgsh_order_operate.html?command=get_materiel&rest_code=00102&code=00101008509&supplier_code=00100008&order_time=2024-04-09 HTTP/1.1" 200 428
58.40.7.146 - - [09/Apr/2024:07:28:17 +0800] "GET /xingrg/all/function/internal_message.html?_=1712618897765&CODE_STATE=getMsg HTTP/1.1" 200 27
116.238.97.31 - - [09/Apr/2024:07:28:19 +0800] "GET /xingrg/kc/buy/cgsh_order_operate.html?command=get_materiel&rest_code=00102&code=00101008123&supplier_code=00100008&order_time=2024-04-09 HTTP/1.1" 200 412
124.78.56.241 - - [09/Apr/2024:07:28:29 +0800] "GET /xingrg/all/function/internal_message.html?_=1712618909033&CODE_STATE=getMsg HTTP/1.1" 200 27
116.238.97.31 - - [09/Apr/2024:07:28:30 +0800] "GET /xingrg/kc/buy/cgsh_order_operate.html?command=get_materiel&rest_code=00102&code=00101015215&supplier_code=00100008&order_time=2024-04-09 HTTP/1.1" 200 410
116.235.94.6 - - [09/Apr/2024:07:28:31 +0800] "GET /xingrg/all/function/internal_message.html?_=1712618911748&CODE_STATE=getMsg HTTP/1.1" 200 27
116.235.94.6 - - [09/Apr/2024:07:28:31 +0800] "GET /xingrg/check_reg.html?_=1712618911753 HTTP/1.1" 200 22
116.224.254.208 - - [09/Apr/2024:07:28:35 +0800] "GET /xingrg/all/function/internal_message.html?_=1712618915236&CODE_STATE=getMsg HTTP/1.1" 200 27
180.169.147.146 - - [09/Apr/2024:07:28:36 +0800] "GET /xingrg/all/function/internal_message.html?_=1712618915471&CODE_STATE=getMsg HTTP/1.1" 200 27
116.238.97.31 - - [09/Apr/2024:07:28:39 +0800] "GET /xingrg/kc/buy/cgsh_order_operate.html?command=get_materiel&rest_code=00102&code=00101009140&supplier_code=00100008&order_time=2024-04-09 HTTP/1.1" 200 414
116.238.97.31 - - [09/Apr/2024:07:28:53 +0800] "POST /xingrg/kc/buy/cgsh_order_operate.html HTTP/1.1" 200 37
116.238.97.31 - - [09/Apr/2024:07:28:56 +0800] "POST /xingrg/kc/buy/cgsh_order_operate.html HTTP/1.1" 200 12149
116.224.254.208 - - [09/Apr/2024:07:29:00 +0800] "GET /xingrg/all/function/internal_message.html?_=1712618940417&CODE_STATE=getMsg HTTP/1.1" 200 27
120.253.135.82 - - [09/Apr/2024:07:29:00 +0800] "GET /xingrg/all/function/internal_message.html?_=1712619119089&CODE_STATE=getMsg HTTP/1.1" 200 27
172.20.0.8 - - [09/Apr/2024:07:29:02 +0800] "GET /xingrg/all/function/internal_message.html?_=1712618942844&CODE_STATE=getMsg HTTP/1.1" 302 -
116.238.97.31 - - [09/Apr/2024:07:29:04 +0800] "POST /xingrg/kc/buy/cgsh_order_operate.html HTTP/1.1" 200 37
116.238.97.31 - - [09/Apr/2024:07:29:06 +0800] "POST /xingrg/kc/buy/cgsh_order_operate.html HTTP/1.1" 200 12149
116.238.97.31 - - [09/Apr/2024:07:29:08 +0800] "GET /xingrg/kc/buy/cgsh_order_add.html HTTP/1.1" 200 73887
116.238.97.31 - - [09/Apr/2024:07:29:08 +0800] "POST /xingrg/kc/buy/cgsh_order_operate.html HTTP/1.1" 200 8245
116.238.97.31 - - [09/Apr/2024:07:29:08 +0800] "GET /xingrg/javascript/easyui/themes/default/validatebox.css HTTP/1.1" 404 1104
58.40.7.146 - - [09/Apr/2024:07:29:17 +0800] "GET /xingrg/all/function/internal_message.html?_=1712618957756&CODE_STATE=getMsg HTTP/1.1" 200 27
116.238.97.31 - - [09/Apr/2024:07:29:18 +0800] "GET /xingrg/kc/buy/cgsh_order_operate.html?command=get_materiel&rest_code=00102&code=00101008091&supplier_code=00100008&order_time=2024-04-09 HTTP/1.1" 200 412
218.81.217.36 - - [09/Apr/2024:07:29:28 +0800] "GET /xingrg/check_reg.html?_=1712618973538 HTTP/1.1" 200 22
124.78.56.241 - - [09/Apr/2024:07:29:29 +0800] "GET /xingrg/all/function/internal_message.html?_=1712618969033&CODE_STATE=getMsg HTTP/1.1" 200 27
116.238.97.31 - - [09/Apr/2024:07:29:30 +0800] "GET /xingrg/kc/buy/cgsh_order_operate.html?command=get_materiel&rest_code=00102&code=00101008256&supplier_code=00100008&order_time=2024-04-09 HTTP/1.1" 200 412
116.235.94.6 - - [09/Apr/2024:07:29:31 +0800] "GET /xingrg/all/function/internal_message.html?_=1712618971765&CODE_STATE=getMsg HTTP/1.1" 200 27
116.224.254.208 - - [09/Apr/2024:07:29:35 +0800] "GET /xingrg/all/function/internal_message.html?_=1712618975237&CODE_STATE=getMsg HTTP/1.1" 200 27
180.169.147.146 - - [09/Apr/2024:07:29:36 +0800] "GET /xingrg/all/function/internal_message.html?_=1712618975472&CODE_STATE=getMsg HTTP/1.1" 200 27
116.238.97.31 - - [09/Apr/2024:07:29:37 +0800] "GET /xingrg/kc/buy/cgsh_order_operate.html?command=get_materiel&rest_code=00102&code=00101010168&supplier_code=00100008&order_time=2024-04-09 HTTP/1.1" 200 413
116.238.97.31 - - [09/Apr/2024:07:29:46 +0800] "GET /xingrg/kc/buy/cgsh_order_operate.html?command=get_materiel&rest_code=00102&code=00101008077&supplier_code=00100008&order_time=2024-04-09 HTTP/1.1" 200 416
116.238.97.31 - - [09/Apr/2024:07:29:57 +0800] "GET /xingrg/kc/buy/cgsh_order_operate.html?command=get_materiel&rest_code=00102&code=00101008110&supplier_code=00100008&order_time=2024-04-09 HTTP/1.1" 200 409
116.224.254.208 - - [09/Apr/2024:07:30:00 +0800] "GET /xingrg/all/function/internal_message.html?_=1712619000414&CODE_STATE=getMsg HTTP/1.1" 200 27
120.253.135.82 - - [09/Apr/2024:07:30:00 +0800] "GET /xingrg/all/function/internal_message.html?_=1712619179094&CODE_STATE=getMsg HTTP/1.1" 200 27
120.253.135.82 - - [09/Apr/2024:07:30:00 +0800] "GET /xingrg/check_reg.html?_=1712619179096 HTTP/1.1" 200 22
172.20.0.8 - - [09/Apr/2024:07:30:02 +0800] "GET /xingrg/all/function/internal_message.html?_=1712619002844&CODE_STATE=getMsg HTTP/1.1" 302 -
116.238.97.31 - - [09/Apr/2024:07:30:05 +0800] "GET /xingrg/check_reg.html?_=1712619005834 HTTP/1.1" 200 22
116.238.97.31 - - [09/Apr/2024:07:30:05 +0800] "GET /xingrg/all/function/internal_message.html?_=1712619005904&CODE_STATE=getMsg HTTP/1.1" 200 27
116.238.97.31 - - [09/Apr/2024:07:30:06 +0800] "GET /xingrg/kc/buy/cgsh_order_operate.html?command=get_materiel&rest_code=00102&code=00101008038&supplier_code=00100008&order_time=2024-04-09 HTTP/1.1" 200 412
116.238.97.31 - - [09/Apr/2024:07:30:16 +0800] "GET /xingrg/kc/buy/cgsh_order_operate.html?command=get_materiel&rest_code=00102&code=00101008283&supplier_code=00100008&order_time=2024-04-09 HTTP/1.1" 200 408
58.40.7.146 - - [09/Apr/2024:07:30:17 +0800] "GET /xingrg/all/function/internal_message.html?_=1712619017765&CODE_STATE=getMsg HTTP/1.1" 200 27
116.238.97.31 - - [09/Apr/2024:07:30:25 +0800] "GET /xingrg/kc/buy/cgsh_order_operate.html?command=get_materiel&rest_code=00102&code=00101008264&supplier_code=00100008&order_time=2024-04-09 HTTP/1.1" 200 412
124.78.56.241 - - [09/Apr/2024:07:30:29 +0800] "GET /xingrg/all/function/internal_message.html?_=1712619029037&CODE_STATE=getMsg HTTP/1.1" 200 27
116.235.94.6 - - [09/Apr/2024:07:30:31 +0800] "GET /xingrg/all/function/internal_message.html?_=1712619031761&CODE_STATE=getMsg HTTP/1.1" 200 27
116.224.254.208 - - [09/Apr/2024:07:30:35 +0800] "GET /xingrg/check_reg.html?_=1712619035229 HTTP/1.1" 200 22
116.224.254.208 - - [09/Apr/2024:07:30:35 +0800] "GET /xingrg/all/function/internal_message.html?_=1712619035232&CODE_STATE=getMsg HTTP/1.1" 200 27
180.169.147.146 - - [09/Apr/2024:07:30:36 +0800] "GET /xingrg/all/function/internal_message.html?_=1712619035467&CODE_STATE=getMsg HTTP/1.1" 200 27
116.238.97.31 - - [09/Apr/2024:07:30:42 +0800] "GET /xingrg/kc/buy/cgsh_order_operate.html?command=get_materiel&rest_code=00102&code=00101008352&supplier_code=00100008&order_time=2024-04-09 HTTP/1.1" 200 413
116.238.97.31 - - [09/Apr/2024:07:30:51 +0800] "GET /xingrg/kc/buy/cgsh_order_operate.html?command=get_materiel&rest_code=00102&code=00101008069&supplier_code=00100008&order_time=2024-04-09 HTTP/1.1" 200 412
116.238.97.31 - - [09/Apr/2024:07:31:00 +0800] "GET /xingrg/kc/buy/cgsh_order_operate.html?command=get_materiel&rest_code=00102&code=00101008131&supplier_code=00100008&order_time=2024-04-09 HTTP/1.1" 200 408
116.224.254.208 - - [09/Apr/2024:07:31:00 +0800] "GET /xingrg/all/function/internal_message.html?_=1712619060414&CODE_STATE=getMsg HTTP/1.1" 200 27
120.253.135.82 - - [09/Apr/2024:07:31:00 +0800] "GET /xingrg/all/function/internal_message.html?_=1712619239099&CODE_STATE=getMsg HTTP/1.1" 200 27
172.20.0.8 - - [09/Apr/2024:07:31:02 +0800] "GET /xingrg/check_reg.html?_=1712619062844 HTTP/1.1" 302 -
172.20.0.8 - - [09/Apr/2024:07:31:02 +0800] "GET /xingrg/all/function/internal_message.html?_=1712619062846&CODE_STATE=getMsg HTTP/1.1" 302 -
116.238.97.31 - - [09/Apr/2024:07:31:05 +0800] "GET /xingrg/all/function/internal_message.html?_=1712619065903&CODE_STATE=getMsg HTTP/1.1" 200 27
180.169.147.146 - - [09/Apr/2024:07:31:06 +0800] "GET /xingrg/check_reg.html?_=1712619068044 HTTP/1.1" 200 22
116.238.97.31 - - [09/Apr/2024:07:31:09 +0800] "GET /xingrg/kc/buy/cgsh_order_operate.html?command=get_materiel&rest_code=00102&code=00101008353&supplier_code=00100008&order_time=2024-04-09 HTTP/1.1" 200 408
58.40.7.146 - - [09/Apr/2024:07:31:17 +0800] "GET /xingrg/all/function/internal_message.html?_=1712619077756&CODE_STATE=getMsg HTTP/1.1" 200 27
116.238.97.31 - - [09/Apr/2024:07:31:18 +0800] "GET /xingrg/kc/buy/cgsh_order_operate.html?command=get_materiel&rest_code=00102&code=00101008211&supplier_code=00100008&order_time=2024-04-09 HTTP/1.1" 200 412
116.238.97.31 - - [09/Apr/2024:07:31:27 +0800] "GET /xingrg/kc/buy/cgsh_order_operate.html?command=get_materiel&rest_code=00102&code=00101008361&supplier_code=00100008&order_time=2024-04-09 HTTP/1.1" 200 408
124.78.56.241 - - [09/Apr/2024:07:31:29 +0800] "GET /xingrg/all/function/internal_message.html?_=1712619089027&CODE_STATE=getMsg HTTP/1.1" 200 27
116.235.94.6 - - [09/Apr/2024:07:31:31 +0800] "GET /xingrg/all/function/internal_message.html?_=1712619091761&CODE_STATE=getMsg HTTP/1.1" 200 27
116.224.254.208 - - [09/Apr/2024:07:31:35 +0800] "GET /xingrg/all/function/internal_message.html?_=1712619095221&CODE_STATE=getMsg HTTP/1.1" 200 27
180.169.147.146 - - [09/Apr/2024:07:31:36 +0800] "GET /xingrg/check_reg.html?_=1712619095459 HTTP/1.1" 200 22
180.169.147.146 - - [09/Apr/2024:07:31:36 +0800] "GET /xingrg/all/function/internal_message.html?_=1712619095461&CODE_STATE=getMsg HTTP/1.1" 200 27
116.238.97.31 - - [09/Apr/2024:07:31:37 +0800] "GET /xingrg/kc/buy/cgsh_order_operate.html?command=get_materiel&rest_code=00102&code=00101008355&supplier_code=00100008&order_time=2024-04-09 HTTP/1.1" 200 408
116.238.97.31 - - [09/Apr/2024:07:31:49 +0800] "GET /xingrg/kc/buy/cgsh_order_operate.html?command=get_materiel&rest_code=00102&code=00101008356&supplier_code=00100008&order_time=2024-04-09 HTTP/1.1" 200 408
116.238.97.31 - - [09/Apr/2024:07:31:58 +0800] "GET /xingrg/kc/buy/cgsh_order_operate.html?command=get_materiel&rest_code=00102&code=00101008213&supplier_code=00100008&order_time=2024-04-09 HTTP/1.1" 200 412
116.224.254.208 - - [09/Apr/2024:07:32:00 +0800] "GET /xingrg/all/function/internal_message.html?_=1712619120409&CODE_STATE=getMsg HTTP/1.1" 200 27
116.224.254.208 - - [09/Apr/2024:07:32:00 +0800] "GET /xingrg/check_reg.html?_=1712619120411 HTTP/1.1" 200 22
120.253.135.82 - - [09/Apr/2024:07:32:00 +0800] "GET /xingrg/all/function/internal_message.html?_=1712619299110&CODE_STATE=getMsg HTTP/1.1" 200 27
172.20.0.8 - - [09/Apr/2024:07:32:02 +0800] "GET /xingrg/all/function/internal_message.html?_=1712619122846&CODE_STATE=getMsg HTTP/1.1" 302 -
116.238.97.31 - - [09/Apr/2024:07:32:05 +0800] "GET /xingrg/all/function/internal_message.html?_=1712619125867&CODE_STATE=getMsg HTTP/1.1" 200 27
116.238.97.31 - - [09/Apr/2024:07:32:08 +0800] "GET /xingrg/kc/buy/cgsh_order_operate.html?command=get_materiel&rest_code=00102&code=00101008360&supplier_code=00100008&order_time=2024-04-09 HTTP/1.1" 200 412
116.238.97.31 - - [09/Apr/2024:07:32:17 +0800] "GET /xingrg/kc/buy/cgsh_order_operate.html?command=get_materiel&rest_code=00102&code=00101008230&supplier_code=00100008&order_time=2024-04-09 HTTP/1.1" 200 408
58.40.7.146 - - [09/Apr/2024:07:32:17 +0800] "GET /xingrg/all/function/internal_message.html?_=1712619137769&CODE_STATE=getMsg HTTP/1.1" 200 27
58.40.7.146 - - [09/Apr/2024:07:32:17 +0800] "GET /xingrg/check_reg.html?_=1712619137771 HTTP/1.1" 200 22
116.238.97.31 - - [09/Apr/2024:07:32:19 +0800] "POST /xingrg/kc/buy/cgsh_order_operate.html HTTP/1.1" 200 2065
116.238.97.31 - - [09/Apr/2024:07:32:25 +0800] "GET /xingrg/kc/buy/cgsh_order_operate.html?command=get_materiel&rest_code=00102&code=00101008286&supplier_code=00100008&order_time=2024-04-09 HTTP/1.1" 200 408
124.78.56.241 - - [09/Apr/2024:07:32:29 +0800] "GET /xingrg/all/function/internal_message.html?_=1712619149025&CODE_STATE=getMsg HTTP/1.1" 200 27
124.78.56.241 - - [09/Apr/2024:07:32:29 +0800] "GET /xingrg/check_reg.html?_=1712619149030 HTTP/1.1" 200 22
116.235.94.6 - - [09/Apr/2024:07:32:31 +0800] "GET /xingrg/all/function/internal_message.html?_=1712619151760&CODE_STATE=getMsg HTTP/1.1" 200 27
116.224.254.208 - - [09/Apr/2024:07:32:35 +0800] "GET /xingrg/all/function/internal_message.html?_=1712619155227&CODE_STATE=getMsg HTTP/1.1" 200 27
180.169.147.146 - - [09/Apr/2024:07:32:36 +0800] "GET /xingrg/all/function/internal_message.html?_=1712619155451&CODE_STATE=getMsg HTTP/1.1" 200 27
116.238.97.31 - - [09/Apr/2024:07:32:49 +0800] "GET /xingrg/kc/buy/cgsh_order_operate.html?command=get_materiel&rest_code=00102&code=00101008224&supplier_code=00100008&order_time=2024-04-09 HTTP/1.1" 200 435
116.238.97.31 - - [09/Apr/2024:07:32:57 +0800] "GET /xingrg/kc/buy/cgsh_order_operate.html?command=get_materiel&rest_code=00102&code=00101008161&supplier_code=00100008&order_time=2024-04-09 HTTP/1.1" 200 408
116.224.254.208 - - [09/Apr/2024:07:33:00 +0800] "GET /xingrg/all/function/internal_message.html?_=1712619180426&CODE_STATE=getMsg HTTP/1.1" 200 27
120.253.135.82 - - [09/Apr/2024:07:33:00 +0800] "GET /xingrg/all/function/internal_message.html?_=1712619359109&CODE_STATE=getMsg HTTP/1.1" 200 27
172.20.0.8 - - [09/Apr/2024:07:33:02 +0800] "GET /xingrg/all/function/internal_message.html?_=1712619182872&CODE_STATE=getMsg HTTP/1.1" 302 -
116.238.97.31 - - [09/Apr/2024:07:33:05 +0800] "GET /xingrg/all/function/internal_message.html?_=1712619185851&CODE_STATE=getMsg HTTP/1.1" 200 27
116.238.97.31 - - [09/Apr/2024:07:33:06 +0800] "GET /xingrg/kc/buy/cgsh_order_operate.html?command=get_materiel&rest_code=00102&code=00101008163&supplier_code=00100008&order_time=2024-04-09 HTTP/1.1" 200 408
116.238.97.31 - - [09/Apr/2024:07:33:16 +0800] "POST /xingrg/kc/buy/cgsh_order_operate.html HTTP/1.1" 200 2065
58.40.7.146 - - [09/Apr/2024:07:33:17 +0800] "GET /xingrg/all/function/internal_message.html?_=1712619197773&CODE_STATE=getMsg HTTP/1.1" 200 27
116.238.97.31 - - [09/Apr/2024:07:33:24 +0800] "GET /xingrg/kc/buy/cgsh_order_operate.html?command=get_materiel&rest_code=00102&code=00101008112&supplier_code=00100008&order_time=2024-04-09 HTTP/1.1" 200 414
124.78.56.241 - - [09/Apr/2024:07:33:29 +0800] "GET /xingrg/all/function/internal_message.html?_=1712619209033&CODE_STATE=getMsg HTTP/1.1" 200 27
116.235.94.6 - - [09/Apr/2024:07:33:31 +0800] "GET /xingrg/check_reg.html?_=1712619211753 HTTP/1.1" 200 22
116.235.94.6 - - [09/Apr/2024:07:33:31 +0800] "GET /xingrg/all/function/internal_message.html?_=1712619211757&CODE_STATE=getMsg HTTP/1.1" 200 27
116.224.254.208 - - [09/Apr/2024:07:33:35 +0800] "GET /xingrg/all/function/internal_message.html?_=1712619215234&CODE_STATE=getMsg HTTP/1.1" 200 27
180.169.147.146 - - [09/Apr/2024:07:33:36 +0800] "GET /xingrg/all/function/internal_message.html?_=1712619215454&CODE_STATE=getMsg HTTP/1.1" 200 27
116.238.97.31 - - [09/Apr/2024:07:33:38 +0800] "GET /xingrg/kc/buy/cgsh_order_operate.html?command=get_materiel&rest_code=00102&code=00101008100&supplier_code=00100008&order_time=2024-04-09 HTTP/1.1" 200 408
101.80.230.31 - - [09/Apr/2024:07:33:38 +0800] "POST /xingrg/services/DataTransmitService HTTP/1.1" 200 524
116.238.97.31 - - [09/Apr/2024:07:33:48 +0800] "GET /xingrg/kc/buy/cgsh_order_operate.html?command=get_materiel&rest_code=00102&code=00101008270&supplier_code=00100008&order_time=2024-04-09 HTTP/1.1" 200 412
116.237.73.1 - - [09/Apr/2024:07:33:48 +0800] "POST /xingrg/services/DataTransmitService HTTP/1.1" 200 524
116.224.254.208 - - [09/Apr/2024:07:34:00 +0800] "GET /xingrg/all/function/internal_message.html?_=1712619240419&CODE_STATE=getMsg HTTP/1.1" 200 27
120.253.135.82 - - [09/Apr/2024:07:34:00 +0800] "GET /xingrg/all/function/internal_message.html?_=1712619419114&CODE_STATE=getMsg HTTP/1.1" 200 27
172.20.0.8 - - [09/Apr/2024:07:34:02 +0800] "GET /xingrg/all/function/internal_message.html?_=1712619242874&CODE_STATE=getMsg HTTP/1.1" 302 -
116.238.97.31 - - [09/Apr/2024:07:34:04 +0800] "GET /xingrg/kc/buy/cgsh_order_operate.html?command=get_materiel&rest_code=00102&code=00101008042&supplier_code=00100008&order_time=2024-04-09 HTTP/1.1" 200 416
116.238.97.31 - - [09/Apr/2024:07:34:05 +0800] "GET /xingrg/all/function/internal_message.html?_=1712619245836&CODE_STATE=getMsg HTTP/1.1" 200 27
58.40.7.146 - - [09/Apr/2024:07:34:17 +0800] "GET /xingrg/all/function/internal_message.html?_=1712619257766&CODE_STATE=getMsg HTTP/1.1" 200 27
116.238.97.31 - - [09/Apr/2024:07:34:18 +0800] "POST /xingrg/kc/buy/cgsh_order_operate.html HTTP/1.1" 200 37
116.238.97.31 - - [09/Apr/2024:07:34:24 +0800] "POST /xingrg/kc/buy/cgsh_order_operate.html HTTP/1.1" 200 19193
218.81.217.36 - - [09/Apr/2024:07:34:28 +0800] "GET /xingrg/check_reg.html?_=1712619273538 HTTP/1.1" 200 22
124.78.56.241 - - [09/Apr/2024:07:34:29 +0800] "GET /xingrg/all/function/internal_message.html?_=1712619269032&CODE_STATE=getMsg HTTP/1.1" 200 27
116.235.94.6 - - [09/Apr/2024:07:34:31 +0800] "GET /xingrg/all/function/internal_message.html?_=1712619271756&CODE_STATE=getMsg HTTP/1.1" 200 27
116.224.254.208 - - [09/Apr/2024:07:34:35 +0800] "GET /xingrg/all/function/internal_message.html?_=1712619275242&CODE_STATE=getMsg HTTP/1.1" 200 27
116.238.97.31 - - [09/Apr/2024:07:34:36 +0800] "POST /xingrg/kc/buy/cgsh_list_operate.html HTTP/1.1" 200 1661
180.169.147.146 - - [09/Apr/2024:07:34:36 +0800] "GET /xingrg/all/function/internal_message.html?_=1712619275458&CODE_STATE=getMsg HTTP/1.1" 200 27
116.238.97.31 - - [09/Apr/2024:07:34:54 +0800] "POST /xingrg/kc/buy/cgsh_list_operate.html HTTP/1.1" 200 575
116.238.97.31 - - [09/Apr/2024:07:34:57 +0800] "GET /xingrg/kc/buy/cgsh_order_info.html?code=212024040901926 HTTP/1.1" 200 73896
116.238.97.31 - - [09/Apr/2024:07:34:57 +0800] "GET /xingrg/javascript/easyui/themes/default/validatebox.css HTTP/1.1" 404 1104
116.238.97.31 - - [09/Apr/2024:07:34:58 +0800] "POST /xingrg/kc/buy/cgsh_order_operate.html HTTP/1.1" 200 12149
116.224.254.208 - - [09/Apr/2024:07:35:00 +0800] "GET /xingrg/all/function/internal_message.html?_=1712619300420&CODE_STATE=getMsg HTTP/1.1" 200 27
120.253.135.82 - - [09/Apr/2024:07:35:00 +0800] "GET /xingrg/check_reg.html?_=1712619479119 HTTP/1.1" 200 22
120.253.135.82 - - [09/Apr/2024:07:35:00 +0800] "GET /xingrg/all/function/internal_message.html?_=1712619479118&CODE_STATE=getMsg HTTP/1.1" 200 27
172.20.0.8 - - [09/Apr/2024:07:35:02 +0800] "GET /xingrg/all/function/internal_message.html?_=1712619302861&CODE_STATE=getMsg HTTP/1.1" 302 -
116.238.97.31 - - [09/Apr/2024:07:35:05 +0800] "GET /xingrg/check_reg.html?_=1712619305822 HTTP/1.1" 200 22
116.238.97.31 - - [09/Apr/2024:07:35:05 +0800] "GET /xingrg/all/function/internal_message.html?_=1712619305825&CODE_STATE=getMsg HTTP/1.1" 200 27
58.40.7.146 - - [09/Apr/2024:07:35:17 +0800] "GET /xingrg/all/function/internal_message.html?_=1712619317767&CODE_STATE=getMsg HTTP/1.1" 200 27
124.78.56.241 - - [09/Apr/2024:07:35:29 +0800] "GET /xingrg/all/function/internal_message.html?_=1712619329035&CODE_STATE=getMsg HTTP/1.1" 200 27
116.235.94.6 - - [09/Apr/2024:07:35:31 +0800] "GET /xingrg/all/function/internal_message.html?_=1712619331756&CODE_STATE=getMsg HTTP/1.1" 200 27
120.253.135.82 - - [09/Apr/2024:07:35:35 +0800] "GET /xingrg/kc/pszx/mdqp_order_list.html?state=10 HTTP/1.1" 200 10319
116.224.254.208 - - [09/Apr/2024:07:35:35 +0800] "GET /xingrg/check_reg.html?_=1712619335236 HTTP/1.1" 200 22
116.224.254.208 - - [09/Apr/2024:07:35:35 +0800] "GET /xingrg/all/function/internal_message.html?_=1712619335240&CODE_STATE=getMsg HTTP/1.1" 200 27
120.253.135.82 - - [09/Apr/2024:07:35:35 +0800] "GET /xingrg/dwr/interface/AjaxQqpsService.js HTTP/1.1" 200 16326
120.253.135.82 - - [09/Apr/2024:07:35:35 +0800] "GET /xingrg/dwr/interface/AjaxReportQueryService.js HTTP/1.1" 200 13203
180.169.147.146 - - [09/Apr/2024:07:35:36 +0800] "GET /xingrg/all/function/internal_message.html?_=1712619335467&CODE_STATE=getMsg HTTP/1.1" 200 27
120.253.135.82 - - [09/Apr/2024:07:35:37 +0800] "GET /xingrg/kc/pszx/mdps_order_list.html?orderType=0 HTTP/1.1" 200 21033
120.253.135.82 - - [09/Apr/2024:07:35:38 +0800] "POST /xingrg/kc/pszx/mdps_list_operate.html HTTP/1.1" 200 5227
120.253.135.82 - - [09/Apr/2024:07:35:53 +0800] "GET /xingrg/all/function/internal_message.html?_=1712619531895&CODE_STATE=getMsg HTTP/1.1" 200 27
116.224.254.208 - - [09/Apr/2024:07:36:00 +0800] "GET /xingrg/all/function/internal_message.html?_=1712619360420&CODE_STATE=getMsg HTTP/1.1" 200 27
172.20.0.8 - - [09/Apr/2024:07:36:02 +0800] "GET /xingrg/all/function/internal_message.html?_=1712619362863&CODE_STATE=getMsg HTTP/1.1" 302 -
172.20.0.8 - - [09/Apr/2024:07:36:02 +0800] "GET /xingrg/check_reg.html?_=1712619362865 HTTP/1.1" 302 -
120.253.135.82 - - [09/Apr/2024:07:36:02 +0800] "POST /xingrg/kc/pszx/mdps_list_operate.html HTTP/1.1" 200 628
116.238.97.31 - - [09/Apr/2024:07:36:05 +0800] "GET /xingrg/all/function/internal_message.html?_=1712619365823&CODE_STATE=getMsg HTTP/1.1" 200 27
120.253.135.82 - - [09/Apr/2024:07:36:06 +0800] "GET /xingrg/kc/pszx/mdps_order_info.html?code=312024040800130 HTTP/1.1" 200 23974
120.253.135.82 - - [09/Apr/2024:07:36:06 +0800] "GET /xingrg/words/20240408163826_words.js HTTP/1.1" 200 1017444
180.169.147.146 - - [09/Apr/2024:07:36:06 +0800] "GET /xingrg/check_reg.html?_=1712619368020 HTTP/1.1" 200 22
120.253.135.82 - - [09/Apr/2024:07:36:06 +0800] "GET /xingrg/javascript/easyui/themes/default/validatebox.css HTTP/1.1" 404 1104
120.253.135.82 - - [09/Apr/2024:07:36:06 +0800] "GET /xingrg/all/common/auto_word.html?type=base&rest_code=00101 HTTP/1.1" 200 671
120.253.135.82 - - [09/Apr/2024:07:36:06 +0800] "POST /xingrg/kc/pszx/mdps_order_operate.html HTTP/1.1" 200 5813
120.253.135.82 - - [09/Apr/2024:07:36:10 +0800] "POST /xingrg/kc/pszx/mdps_order_operate.html HTTP/1.1" 200 37
120.253.135.82 - - [09/Apr/2024:07:36:15 +0800] "POST /xingrg/kc/pszx/mdps_order_operate.html HTTP/1.1" 200 12
120.253.135.82 - - [09/Apr/2024:07:36:17 +0800] "GET /xingrg/kc/pszx/mdps_order_info.html?code=312024040800130 HTTP/1.1" 200 19632
58.40.7.146 - - [09/Apr/2024:07:36:17 +0800] "GET /xingrg/all/function/internal_message.html?_=1712619377769&CODE_STATE=getMsg HTTP/1.1" 200 27
120.253.135.82 - - [09/Apr/2024:07:36:17 +0800] "GET /xingrg/javascript/easyui/themes/default/validatebox.css HTTP/1.1" 404 1104
120.253.135.82 - - [09/Apr/2024:07:36:18 +0800] "POST /xingrg/kc/pszx/mdps_order_operate.html HTTP/1.1" 200 4009
124.78.56.241 - - [09/Apr/2024:07:36:29 +0800] "GET /xingrg/all/function/internal_message.html?_=1712619389027&CODE_STATE=getMsg HTTP/1.1" 200 27
120.253.135.82 - - [09/Apr/2024:07:36:29 +0800] "POST /xingrg/kc/pszx/mdps_list_operate.html HTTP/1.1" 200 616
120.253.135.82 - - [09/Apr/2024:07:36:30 +0800] "GET /xingrg/kc/pszx/mdps_order_info.html?code=312024040700124 HTTP/1.1" 200 23978
120.253.135.82 - - [09/Apr/2024:07:36:30 +0800] "GET /xingrg/javascript/easyui/themes/default/validatebox.css HTTP/1.1" 404 1104
120.253.135.82 - - [09/Apr/2024:07:36:30 +0800] "GET /xingrg/all/common/auto_word.html?type=base&rest_code=00101 HTTP/1.1" 200 671
120.253.135.82 - - [09/Apr/2024:07:36:31 +0800] "POST /xingrg/kc/pszx/mdps_order_operate.html HTTP/1.1" 200 16184
116.235.94.6 - - [09/Apr/2024:07:36:31 +0800] "GET /xingrg/all/function/internal_message.html?_=1712619391742&CODE_STATE=getMsg HTTP/1.1" 200 27
120.253.135.82 - - [09/Apr/2024:07:36:34 +0800] "POST /xingrg/kc/pszx/mdps_order_operate.html HTTP/1.1" 200 37
116.224.254.208 - - [09/Apr/2024:07:36:35 +0800] "GET /xingrg/all/function/internal_message.html?_=1712619395230&CODE_STATE=getMsg HTTP/1.1" 200 27
180.169.147.146 - - [09/Apr/2024:07:36:36 +0800] "GET /xingrg/check_reg.html?_=1712619395467 HTTP/1.1" 200 22
180.169.147.146 - - [09/Apr/2024:07:36:36 +0800] "GET /xingrg/all/function/internal_message.html?_=1712619395468&CODE_STATE=getMsg HTTP/1.1" 200 27
120.253.135.82 - - [09/Apr/2024:07:36:40 +0800] "POST /xingrg/kc/pszx/mdps_order_operate.html HTTP/1.1" 200 12
116.224.254.208 - - [09/Apr/2024:07:37:00 +0800] "GET /xingrg/check_reg.html?_=1712619420416 HTTP/1.1" 200 22
116.224.254.208 - - [09/Apr/2024:07:37:00 +0800] "GET /xingrg/all/function/internal_message.html?_=1712619420419&CODE_STATE=getMsg HTTP/1.1" 200 27
172.20.0.8 - - [09/Apr/2024:07:37:02 +0800] "GET /xingrg/all/function/internal_message.html?_=1712619422865&CODE_STATE=getMsg HTTP/1.1" 302 -
116.238.97.31 - - [09/Apr/2024:07:37:05 +0800] "GET /xingrg/all/function/internal_message.html?_=1712619425784&CODE_STATE=getMsg HTTP/1.1" 200 27
120.253.135.82 - - [09/Apr/2024:07:37:07 +0800] "GET /xingrg/all/function/internal_message.html?_=1712619605973&CODE_STATE=getMsg HTTP/1.1" 200 27
120.253.135.82 - - [09/Apr/2024:07:37:08 +0800] "GET /xingrg/kc/pszx/mdps_order_info.html?code=312024040700124 HTTP/1.1" 200 19636
120.253.135.82 - - [09/Apr/2024:07:37:08 +0800] "GET /xingrg/javascript/easyui/themes/default/validatebox.css HTTP/1.1" 404 1104
120.253.135.82 - - [09/Apr/2024:07:37:08 +0800] "POST /xingrg/kc/pszx/mdps_order_operate.html HTTP/1.1" 200 14300
120.253.135.82 - - [09/Apr/2024:07:37:13 +0800] "POST /xingrg/kc/pszx/mdps_list_operate.html HTTP/1.1" 200 5229
58.40.7.146 - - [09/Apr/2024:07:37:17 +0800] "GET /xingrg/all/function/internal_message.html?_=1712619437764&CODE_STATE=getMsg HTTP/1.1" 200 27
58.40.7.146 - - [09/Apr/2024:07:37:17 +0800] "GET /xingrg/check_reg.html?_=1712619437765 HTTP/1.1" 200 22
120.253.135.82 - - [09/Apr/2024:07:37:18 +0800] "POST /xingrg/kc/pszx/mdps_list_operate.html HTTP/1.1" 200 293
120.253.135.82 - - [09/Apr/2024:07:37:19 +0800] "GET /xingrg/kc/pszx/mdps_order_info.html?code=312024040700127 HTTP/1.1" 200 23976
120.253.135.82 - - [09/Apr/2024:07:37:19 +0800] "GET /xingrg/javascript/easyui/themes/default/validatebox.css HTTP/1.1" 404 1104
120.253.135.82 - - [09/Apr/2024:07:37:19 +0800] "GET /xingrg/all/common/auto_word.html?type=base&rest_code=00101 HTTP/1.1" 200 671
120.253.135.82 - - [09/Apr/2024:07:37:19 +0800] "POST /xingrg/kc/pszx/mdps_order_operate.html HTTP/1.1" 200 2793
120.253.135.82 - - [09/Apr/2024:07:37:26 +0800] "POST /xingrg/kc/pszx/mdps_order_operate.html HTTP/1.1" 200 37
124.78.56.241 - - [09/Apr/2024:07:37:29 +0800] "GET /xingrg/all/function/internal_message.html?_=1712619449038&CODE_STATE=getMsg HTTP/1.1" 200 27
124.78.56.241 - - [09/Apr/2024:07:37:29 +0800] "GET /xingrg/check_reg.html?_=1712619449044 HTTP/1.1" 200 22
120.253.135.82 - - [09/Apr/2024:07:37:30 +0800] "POST /xingrg/kc/pszx/mdps_order_operate.html HTTP/1.1" 200 12
116.235.94.6 - - [09/Apr/2024:07:37:31 +0800] "GET /xingrg/all/function/internal_message.html?_=1712619451747&CODE_STATE=getMsg HTTP/1.1" 200 27
120.253.135.82 - - [09/Apr/2024:07:37:32 +0800] "GET /xingrg/kc/pszx/mdps_order_info.html?code=312024040700127 HTTP/1.1" 200 19634
120.253.135.82 - - [09/Apr/2024:07:37:33 +0800] "GET /xingrg/javascript/easyui/themes/default/validatebox.css HTTP/1.1" 404 1104
120.253.135.82 - - [09/Apr/2024:07:37:33 +0800] "POST /xingrg/kc/pszx/mdps_order_operate.html HTTP/1.1" 200 1011
120.253.135.82 - - [09/Apr/2024:07:37:34 +0800] "POST /xingrg/kc/pszx/mdps_list_operate.html HTTP/1.1" 200 5230
116.224.254.208 - - [09/Apr/2024:07:37:35 +0800] "GET /xingrg/all/function/internal_message.html?_=1712619455233&CODE_STATE=getMsg HTTP/1.1" 200 27
180.169.147.146 - - [09/Apr/2024:07:37:36 +0800] "GET /xingrg/all/function/internal_message.html?_=1712619455464&CODE_STATE=getMsg HTTP/1.1" 200 27
120.253.135.82 - - [09/Apr/2024:07:37:36 +0800] "POST /xingrg/kc/pszx/mdps_list_operate.html HTTP/1.1" 200 601
120.253.135.82 - - [09/Apr/2024:07:37:38 +0800] "GET /xingrg/kc/pszx/mdps_order_info.html?code=312024040700125 HTTP/1.1" 200 23978
120.253.135.82 - - [09/Apr/2024:07:37:38 +0800] "GET /xingrg/javascript/easyui/themes/default/validatebox.css HTTP/1.1" 404 1104
120.253.135.82 - - [09/Apr/2024:07:37:38 +0800] "GET /xingrg/all/common/auto_word.html?type=base&rest_code=00101 HTTP/1.1" 200 671
120.253.135.82 - - [09/Apr/2024:07:37:38 +0800] "POST /xingrg/kc/pszx/mdps_order_operate.html HTTP/1.1" 200 5269
116.238.97.31 - - [09/Apr/2024:07:37:43 +0800] "POST /xingrg/kc/buy/cgsh_order_operate.html HTTP/1.1" 200 37
116.238.97.31 - - [09/Apr/2024:07:37:46 +0800] "POST /xingrg/kc/buy/cgsh_order_operate.html HTTP/1.1" 200 11554
120.253.135.82 - - [09/Apr/2024:07:37:50 +0800] "POST /xingrg/kc/pszx/mdps_order_operate.html HTTP/1.1" 200 37
120.253.135.82 - - [09/Apr/2024:07:37:53 +0800] "GET /xingrg/all/function/internal_message.html?_=1712619651906&CODE_STATE=getMsg HTTP/1.1" 200 27
116.238.97.31 - - [09/Apr/2024:07:37:54 +0800] "POST /xingrg/kc/buy/cgsh_list_operate.html HTTP/1.1" 200 1661
120.253.135.82 - - [09/Apr/2024:07:37:55 +0800] "POST /xingrg/kc/pszx/mdps_order_operate.html HTTP/1.1" 200 12
120.253.135.82 - - [09/Apr/2024:07:37:58 +0800] "GET /xingrg/kc/pszx/mdps_order_info.html?code=312024040700125 HTTP/1.1" 200 19636
120.253.135.82 - - [09/Apr/2024:07:37:58 +0800] "GET /xingrg/javascript/easyui/themes/default/validatebox.css HTTP/1.1" 404 1104
120.253.135.82 - - [09/Apr/2024:07:37:58 +0800] "POST /xingrg/kc/pszx/mdps_order_operate.html HTTP/1.1" 200 3462
116.224.254.208 - - [09/Apr/2024:07:38:00 +0800] "GET /xingrg/all/function/internal_message.html?_=1712619480411&CODE_STATE=getMsg HTTP/1.1" 200 27
172.20.0.8 - - [09/Apr/2024:07:38:02 +0800] "GET /xingrg/all/function/internal_message.html?_=1712619482867&CODE_STATE=getMsg HTTP/1.1" 302 -
116.238.97.31 - - [09/Apr/2024:07:38:05 +0800] "GET /xingrg/all/function/internal_message.html?_=1712619485790&CODE_STATE=getMsg HTTP/1.1" 200 27
116.238.97.31 - - [09/Apr/2024:07:38:07 +0800] "POST /xingrg/kc/buy/cgsh_list_operate.html HTTP/1.1" 200 572
116.238.97.31 - - [09/Apr/2024:07:38:10 +0800] "GET /xingrg/kc/buy/cgsh_order_info.html?code=212024040901927 HTTP/1.1" 200 73896
116.238.97.31 - - [09/Apr/2024:07:38:11 +0800] "GET /xingrg/javascript/easyui/themes/default/validatebox.css HTTP/1.1" 404 1104
116.238.97.31 - - [09/Apr/2024:07:38:12 +0800] "POST /xingrg/kc/buy/cgsh_order_operate.html HTTP/1.1" 200 19193
58.40.7.146 - - [09/Apr/2024:07:38:17 +0800] "GET /xingrg/all/function/internal_message.html?_=1712619497760&CODE_STATE=getMsg HTTP/1.1" 200 27
124.78.56.241 - - [09/Apr/2024:07:38:29 +0800] "GET /xingrg/all/function/internal_message.html?_=1712619509023&CODE_STATE=getMsg HTTP/1.1" 200 27
116.235.94.6 - - [09/Apr/2024:07:38:31 +0800] "GET /xingrg/all/function/internal_message.html?_=1712619511761&CODE_STATE=getMsg HTTP/1.1" 200 27
116.235.94.6 - - [09/Apr/2024:07:38:31 +0800] "GET /xingrg/check_reg.html?_=1712619511764 HTTP/1.1" 200 22
116.224.254.208 - - [09/Apr/2024:07:38:35 +0800] "GET /xingrg/all/function/internal_message.html?_=1712619515239&CODE_STATE=getMsg HTTP/1.1" 200 27
180.169.147.146 - - [09/Apr/2024:07:38:36 +0800] "GET /xingrg/all/function/internal_message.html?_=1712619515455&CODE_STATE=getMsg HTTP/1.1" 200 27
120.253.135.82 - - [09/Apr/2024:07:38:53 +0800] "GET /xingrg/all/function/internal_message.html?_=1712619711910&CODE_STATE=getMsg HTTP/1.1" 200 27
116.224.254.208 - - [09/Apr/2024:07:39:00 +0800] "GET /xingrg/all/function/internal_message.html?_=1712619540427&CODE_STATE=getMsg HTTP/1.1" 200 27
172.20.0.8 - - [09/Apr/2024:07:39:02 +0800] "GET /xingrg/all/function/internal_message.html?_=1712619542867&CODE_STATE=getMsg HTTP/1.1" 302 -
116.238.97.31 - - [09/Apr/2024:07:39:05 +0800] "GET /xingrg/all/function/internal_message.html?_=1712619545767&CODE_STATE=getMsg HTTP/1.1" 200 27
58.40.7.146 - - [09/Apr/2024:07:39:17 +0800] "GET /xingrg/all/function/internal_message.html?_=1712619557771&CODE_STATE=getMsg HTTP/1.1" 200 27
218.81.217.36 - - [09/Apr/2024:07:39:28 +0800] "GET /xingrg/check_reg.html?_=1712619573541 HTTP/1.1" 200 22
124.78.56.241 - - [09/Apr/2024:07:39:29 +0800] "GET /xingrg/all/function/internal_message.html?_=1712619569021&CODE_STATE=getMsg HTTP/1.1" 200 27
116.235.94.6 - - [09/Apr/2024:07:39:31 +0800] "GET /xingrg/all/function/internal_message.html?_=1712619571760&CODE_STATE=getMsg HTTP/1.1" 200 27
116.224.254.208 - - [09/Apr/2024:07:39:35 +0800] "GET /xingrg/all/function/internal_message.html?_=1712619575243&CODE_STATE=getMsg HTTP/1.1" 200 27
180.169.147.146 - - [09/Apr/2024:07:39:36 +0800] "GET /xingrg/all/function/internal_message.html?_=1712619575471&CODE_STATE=getMsg HTTP/1.1" 200 27
116.238.97.31 - - [09/Apr/2024:07:39:47 +0800] "GET /xingrg/kc/buy/cgsh_order_operate.html?command=get_materiel&rest_code=00102&code=00101008370&supplier_code=00100008&order_time=2024-04-09 HTTP/1.1" 200 414
120.253.135.82 - - [09/Apr/2024:07:39:53 +0800] "GET /xingrg/check_reg.html?_=1712619771917 HTTP/1.1" 200 22
120.253.135.82 - - [09/Apr/2024:07:39:53 +0800] "GET /xingrg/all/function/internal_message.html?_=1712619771914&CODE_STATE=getMsg HTTP/1.1" 200 27
116.224.254.208 - - [09/Apr/2024:07:40:00 +0800] "GET /xingrg/all/function/internal_message.html?_=1712619600422&CODE_STATE=getMsg HTTP/1.1" 200 27
172.20.0.8 - - [09/Apr/2024:07:40:02 +0800] "GET /xingrg/all/function/internal_message.html?_=1712619602870&CODE_STATE=getMsg HTTP/1.1" 302 -
116.238.97.31 - - [09/Apr/2024:07:40:04 +0800] "POST /xingrg/kc/buy/cgsh_order_operate.html HTTP/1.1" 200 37
116.238.97.31 - - [09/Apr/2024:07:40:05 +0800] "GET /xingrg/all/function/internal_message.html?_=1712619605751&CODE_STATE=getMsg HTTP/1.1" 200 27
116.238.97.31 - - [09/Apr/2024:07:40:05 +0800] "GET /xingrg/check_reg.html?_=1712619605834 HTTP/1.1" 200 22
116.238.97.31 - - [09/Apr/2024:07:40:06 +0800] "POST /xingrg/kc/buy/cgsh_order_operate.html HTTP/1.1" 200 19788
116.238.97.31 - - [09/Apr/2024:07:40:15 +0800] "POST /xingrg/kc/buy/cgsh_list_operate.html HTTP/1.1" 200 1661
58.40.7.146 - - [09/Apr/2024:07:40:17 +0800] "GET /xingrg/all/function/internal_message.html?_=1712619617770&CODE_STATE=getMsg HTTP/1.1" 200 27
124.78.56.241 - - [09/Apr/2024:07:40:29 +0800] "GET /xingrg/all/function/internal_message.html?_=1712619629021&CODE_STATE=getMsg HTTP/1.1" 200 27
116.235.94.6 - - [09/Apr/2024:07:40:31 +0800] "GET /xingrg/all/function/internal_message.html?_=1712619631756&CODE_STATE=getMsg HTTP/1.1" 200 27
116.224.254.208 - - [09/Apr/2024:07:40:35 +0800] "GET /xingrg/check_reg.html?_=1712619635234 HTTP/1.1" 200 22
116.224.254.208 - - [09/Apr/2024:07:40:35 +0800] "GET /xingrg/all/function/internal_message.html?_=1712619635236&CODE_STATE=getMsg HTTP/1.1" 200 27
180.169.147.146 - - [09/Apr/2024:07:40:36 +0800] "GET /xingrg/all/function/internal_message.html?_=1712619635467&CODE_STATE=getMsg HTTP/1.1" 200 27
120.253.135.82 - - [09/Apr/2024:07:40:53 +0800] "GET /xingrg/all/function/internal_message.html?_=1712619831919&CODE_STATE=getMsg HTTP/1.1" 200 27
116.224.254.208 - - [09/Apr/2024:07:41:00 +0800] "GET /xingrg/all/function/internal_message.html?_=1712619660412&CODE_STATE=getMsg HTTP/1.1" 200 27
172.20.0.8 - - [09/Apr/2024:07:41:02 +0800] "GET /xingrg/check_reg.html?_=1712619662855 HTTP/1.1" 302 -
172.20.0.8 - - [09/Apr/2024:07:41:02 +0800] "GET /xingrg/all/function/internal_message.html?_=1712619662857&CODE_STATE=getMsg HTTP/1.1" 302 -
116.238.97.31 - - [09/Apr/2024:07:41:05 +0800] "GET /xingrg/all/function/internal_message.html?_=1712619665744&CODE_STATE=getMsg HTTP/1.1" 200 27
180.169.147.146 - - [09/Apr/2024:07:41:06 +0800] "GET /xingrg/check_reg.html?_=1712619667995 HTTP/1.1" 200 22
58.40.7.146 - - [09/Apr/2024:07:41:17 +0800] "GET /xingrg/all/function/internal_message.html?_=1712619677771&CODE_STATE=getMsg HTTP/1.1" 200 27
124.78.56.241 - - [09/Apr/2024:07:41:29 +0800] "GET /xingrg/all/function/internal_message.html?_=1712619689026&CODE_STATE=getMsg HTTP/1.1" 200 27
116.235.94.6 - - [09/Apr/2024:07:41:31 +0800] "GET /xingrg/all/function/internal_message.html?_=1712619691756&CODE_STATE=getMsg HTTP/1.1" 200 27
116.224.254.208 - - [09/Apr/2024:07:41:35 +0800] "GET /xingrg/all/function/internal_message.html?_=1712619695231&CODE_STATE=getMsg HTTP/1.1" 200 27
180.169.147.146 - - [09/Apr/2024:07:41:36 +0800] "GET /xingrg/check_reg.html?_=1712619695466 HTTP/1.1" 200 22
180.169.147.146 - - [09/Apr/2024:07:41:36 +0800] "GET /xingrg/all/function/internal_message.html?_=1712619695467&CODE_STATE=getMsg HTTP/1.1" 200 27
120.253.135.82 - - [09/Apr/2024:07:41:53 +0800] "GET /xingrg/all/function/internal_message.html?_=1712619891924&CODE_STATE=getMsg HTTP/1.1" 200 27
116.230.109.19 - - [09/Apr/2024:07:41:56 +0800] "POST /xingrg/services/DataTransmitService HTTP/1.1" 200 524
116.224.254.208 - - [09/Apr/2024:07:42:00 +0800] "GET /xingrg/all/function/internal_message.html?_=1712619720424&CODE_STATE=getMsg HTTP/1.1" 200 27
116.224.254.208 - - [09/Apr/2024:07:42:00 +0800] "GET /xingrg/check_reg.html?_=1712619720427 HTTP/1.1" 200 22
172.20.0.8 - - [09/Apr/2024:07:42:02 +0800] "GET /xingrg/all/function/internal_message.html?_=1712619722858&CODE_STATE=getMsg HTTP/1.1" 302 -
116.238.97.31 - - [09/Apr/2024:07:42:05 +0800] "GET /xingrg/all/function/internal_message.html?_=1712619725701&CODE_STATE=getMsg HTTP/1.1" 200 27
116.238.97.31 - - [09/Apr/2024:07:42:07 +0800] "POST /xingrg/kc/buy/cgsh_list_operate.html HTTP/1.1" 200 578
116.238.97.31 - - [09/Apr/2024:07:42:08 +0800] "GET /xingrg/kc/buy/cgsh_order_info.html?code=212024040901926 HTTP/1.1" 200 73896
116.238.97.31 - - [09/Apr/2024:07:42:08 +0800] "GET /xingrg/javascript/easyui/themes/default/validatebox.css HTTP/1.1" 404 1104
116.238.97.31 - - [09/Apr/2024:07:42:09 +0800] "POST /xingrg/kc/buy/cgsh_order_operate.html HTTP/1.1" 200 11554
116.238.97.31 - - [09/Apr/2024:07:42:16 +0800] "POST /xingrg/kc/buy/cgsh_order_operate.html HTTP/1.1" 200 37
58.40.7.146 - - [09/Apr/2024:07:42:17 +0800] "GET /xingrg/check_reg.html?_=1712619737772 HTTP/1.1" 200 22
58.40.7.146 - - [09/Apr/2024:07:42:17 +0800] "GET /xingrg/all/function/internal_message.html?_=1712619737774&CODE_STATE=getMsg HTTP/1.1" 200 27
116.238.97.31 - - [09/Apr/2024:07:42:23 +0800] "POST /xingrg/kc/buy/cgsh_order_operate.html HTTP/1.1" 200 12
116.238.97.31 - - [09/Apr/2024:07:42:26 +0800] "GET /xingrg/kc/buy/cgsh_order_info.html?code=212024040901926 HTTP/1.1" 200 68788
116.238.97.31 - - [09/Apr/2024:07:42:26 +0800] "GET /xingrg/javascript/easyui/themes/default/validatebox.css HTTP/1.1" 404 1104
116.238.97.31 - - [09/Apr/2024:07:42:27 +0800] "POST /xingrg/kc/buy/cgsh_order_operate.html HTTP/1.1" 200 9499
124.78.56.241 - - [09/Apr/2024:07:42:29 +0800] "GET /xingrg/all/function/internal_message.html?_=1712619749026&CODE_STATE=getMsg HTTP/1.1" 200 27
124.78.56.241 - - [09/Apr/2024:07:42:29 +0800] "GET /xingrg/check_reg.html?_=1712619749032 HTTP/1.1" 200 22
116.235.94.6 - - [09/Apr/2024:07:42:31 +0800] "GET /xingrg/all/function/internal_message.html?_=1712619751755&CODE_STATE=getMsg HTTP/1.1" 200 27
116.238.97.31 - - [09/Apr/2024:07:42:32 +0800] "POST /xingrg/kc/buy/cgsh_list_operate.html HTTP/1.1" 200 1378
116.238.97.31 - - [09/Apr/2024:07:42:34 +0800] "POST /xingrg/kc/buy/cgsh_list_operate.html HTTP/1.1" 200 572
116.224.254.208 - - [09/Apr/2024:07:42:35 +0800] "GET /xingrg/all/function/internal_message.html?_=1712619755242&CODE_STATE=getMsg HTTP/1.1" 200 27
180.169.147.146 - - [09/Apr/2024:07:42:36 +0800] "GET /xingrg/all/function/internal_message.html?_=1712619755467&CODE_STATE=getMsg HTTP/1.1" 200 27
116.238.97.31 - - [09/Apr/2024:07:42:36 +0800] "GET /xingrg/kc/buy/cgsh_order_info.html?code=212024040901927 HTTP/1.1" 200 73896
116.238.97.31 - - [09/Apr/2024:07:42:37 +0800] "GET /xingrg/javascript/easyui/themes/default/validatebox.css HTTP/1.1" 404 1104
116.238.97.31 - - [09/Apr/2024:07:42:38 +0800] "POST /xingrg/kc/buy/cgsh_order_operate.html HTTP/1.1" 200 19788
116.238.97.31 - - [09/Apr/2024:07:42:44 +0800] "POST /xingrg/kc/buy/cgsh_order_operate.html HTTP/1.1" 200 37
116.238.97.31 - - [09/Apr/2024:07:42:53 +0800] "POST /xingrg/kc/buy/cgsh_order_operate.html HTTP/1.1" 200 12
120.253.135.82 - - [09/Apr/2024:07:42:53 +0800] "GET /xingrg/all/function/internal_message.html?_=1712619951930&CODE_STATE=getMsg HTTP/1.1" 200 27
116.238.97.31 - - [09/Apr/2024:07:42:56 +0800] "GET /xingrg/kc/buy/cgsh_order_info.html?code=212024040901927 HTTP/1.1" 200 68788
116.238.97.31 - - [09/Apr/2024:07:42:56 +0800] "GET /xingrg/javascript/easyui/themes/default/validatebox.css HTTP/1.1" 404 1104
116.238.97.31 - - [09/Apr/2024:07:42:57 +0800] "POST /xingrg/kc/buy/cgsh_order_operate.html HTTP/1.1" 200 17733
116.224.254.208 - - [09/Apr/2024:07:43:00 +0800] "GET /xingrg/all/function/internal_message.html?_=1712619780426&CODE_STATE=getMsg HTTP/1.1" 200 27
172.20.0.8 - - [09/Apr/2024:07:43:02 +0800] "GET /xingrg/all/function/internal_message.html?_=1712619782860&CODE_STATE=getMsg HTTP/1.1" 302 -
116.238.97.31 - - [09/Apr/2024:07:43:05 +0800] "GET /xingrg/all/function/internal_message.html?_=1712619785687&CODE_STATE=getMsg HTTP/1.1" 200 27
58.40.7.146 - - [09/Apr/2024:07:43:17 +0800] "GET /xingrg/all/function/internal_message.html?_=1712619797772&CODE_STATE=getMsg HTTP/1.1" 200 27
124.78.56.241 - - [09/Apr/2024:07:43:29 +0800] "GET /xingrg/all/function/internal_message.html?_=1712619809033&CODE_STATE=getMsg HTTP/1.1" 200 27
116.235.94.6 - - [09/Apr/2024:07:43:31 +0800] "GET /xingrg/all/function/internal_message.html?_=1712619811741&CODE_STATE=getMsg HTTP/1.1" 200 27
116.235.94.6 - - [09/Apr/2024:07:43:31 +0800] "GET /xingrg/check_reg.html?_=1712619811745 HTTP/1.1" 200 22
116.224.254.208 - - [09/Apr/2024:07:43:35 +0800] "GET /xingrg/all/function/internal_message.html?_=1712619815228&CODE_STATE=getMsg HTTP/1.1" 200 27
180.169.147.146 - - [09/Apr/2024:07:43:36 +0800] "GET /xingrg/all/function/internal_message.html?_=1712619815462&CODE_STATE=getMsg HTTP/1.1" 200 27
120.253.135.82 - - [09/Apr/2024:07:43:53 +0800] "GET /xingrg/all/function/internal_message.html?_=1712620011935&CODE_STATE=getMsg HTTP/1.1" 200 27
116.224.254.208 - - [09/Apr/2024:07:44:00 +0800] "GET /xingrg/all/function/internal_message.html?_=1712619840414&CODE_STATE=getMsg HTTP/1.1" 200 27
172.20.0.8 - - [09/Apr/2024:07:44:02 +0800] "GET /xingrg/all/function/internal_message.html?_=1712619842861&CODE_STATE=getMsg HTTP/1.1" 302 -
116.238.97.31 - - [09/Apr/2024:07:44:05 +0800] "GET /xingrg/all/function/internal_message.html?_=1712619845670&CODE_STATE=getMsg HTTP/1.1" 200 27
58.40.7.146 - - [09/Apr/2024:07:44:17 +0800] "GET /xingrg/all/function/internal_message.html?_=1712619857770&CODE_STATE=getMsg HTTP/1.1" 200 27
218.81.217.36 - - [09/Apr/2024:07:44:28 +0800] "GET /xingrg/check_reg.html?_=1712619873548 HTTP/1.1" 200 22
124.78.56.241 - - [09/Apr/2024:07:44:29 +0800] "GET /xingrg/all/function/internal_message.html?_=1712619869020&CODE_STATE=getMsg HTTP/1.1" 200 27
116.235.94.6 - - [09/Apr/2024:07:44:31 +0800] "GET /xingrg/all/function/internal_message.html?_=1712619871760&CODE_STATE=getMsg HTTP/1.1" 200 27
116.224.254.208 - - [09/Apr/2024:07:44:35 +0800] "GET /xingrg/all/function/internal_message.html?_=1712619875245&CODE_STATE=getMsg HTTP/1.1" 200 27
180.169.147.146 - - [09/Apr/2024:07:44:36 +0800] "GET /xingrg/all/function/internal_message.html?_=1712619875455&CODE_STATE=getMsg HTTP/1.1" 200 27
120.253.135.82 - - [09/Apr/2024:07:44:53 +0800] "GET /xingrg/check_reg.html?_=1712620071942 HTTP/1.1" 200 22
120.253.135.82 - - [09/Apr/2024:07:44:53 +0800] "GET /xingrg/all/function/internal_message.html?_=1712620071939&CODE_STATE=getMsg HTTP/1.1" 200 27
116.224.254.208 - - [09/Apr/2024:07:45:00 +0800] "GET /xingrg/all/function/internal_message.html?_=1712619900412&CODE_STATE=getMsg HTTP/1.1" 200 27
172.20.0.8 - - [09/Apr/2024:07:45:02 +0800] "GET /xingrg/all/function/internal_message.html?_=1712619902863&CODE_STATE=getMsg HTTP/1.1" 302 -
116.238.97.31 - - [09/Apr/2024:07:45:05 +0800] "GET /xingrg/all/function/internal_message.html?_=1712619905653&CODE_STATE=getMsg HTTP/1.1" 200 27
116.238.97.31 - - [09/Apr/2024:07:45:05 +0800] "GET /xingrg/check_reg.html?_=1712619905839 HTTP/1.1" 200 22
58.40.7.146 - - [09/Apr/2024:07:45:17 +0800] "GET /xingrg/all/function/internal_message.html?_=1712619917776&CODE_STATE=getMsg HTTP/1.1" 200 27
124.78.56.241 - - [09/Apr/2024:07:45:29 +0800] "GET /xingrg/all/function/internal_message.html?_=1712619929021&CODE_STATE=getMsg HTTP/1.1" 200 27
116.235.94.6 - - [09/Apr/2024:07:45:31 +0800] "GET /xingrg/all/function/internal_message.html?_=1712619931760&CODE_STATE=getMsg HTTP/1.1" 200 27
116.224.254.208 - - [09/Apr/2024:07:45:35 +0800] "GET /xingrg/check_reg.html?_=1712619935237 HTTP/1.1" 200 22
116.224.254.208 - - [09/Apr/2024:07:45:35 +0800] "GET /xingrg/all/function/internal_message.html?_=1712619935239&CODE_STATE=getMsg HTTP/1.1" 200 27
180.169.147.146 - - [09/Apr/2024:07:45:36 +0800] "GET /xingrg/all/function/internal_message.html?_=1712619935466&CODE_STATE=getMsg HTTP/1.1" 200 27
120.253.135.82 - - [09/Apr/2024:07:45:53 +0800] "GET /xingrg/all/function/internal_message.html?_=1712620131945&CODE_STATE=getMsg HTTP/1.1" 200 27
116.224.254.208 - - [09/Apr/2024:07:46:00 +0800] "GET /xingrg/all/function/internal_message.html?_=1712619960424&CODE_STATE=getMsg HTTP/1.1" 200 27
172.20.0.8 - - [09/Apr/2024:07:46:02 +0800] "GET /xingrg/check_reg.html?_=1712619962864 HTTP/1.1" 302 -
172.20.0.8 - - [09/Apr/2024:07:46:02 +0800] "GET /xingrg/all/function/internal_message.html?_=1712619962865&CODE_STATE=getMsg HTTP/1.1" 302 -
116.238.97.31 - - [09/Apr/2024:07:46:05 +0800] "GET /xingrg/all/function/internal_message.html?_=1712619965633&CODE_STATE=getMsg HTTP/1.1" 200 27
180.169.147.146 - - [09/Apr/2024:07:46:06 +0800] "GET /xingrg/check_reg.html?_=1712619967970 HTTP/1.1" 200 22
58.40.7.146 - - [09/Apr/2024:07:46:17 +0800] "GET /xingrg/all/function/internal_message.html?_=1712619977779&CODE_STATE=getMsg HTTP/1.1" 200 27
124.78.56.241 - - [09/Apr/2024:07:46:29 +0800] "GET /xingrg/all/function/internal_message.html?_=1712619989031&CODE_STATE=getMsg HTTP/1.1" 200 27
116.235.94.6 - - [09/Apr/2024:07:46:31 +0800] "GET /xingrg/all/function/internal_message.html?_=1712619991757&CODE_STATE=getMsg HTTP/1.1" 200 27
116.224.254.208 - - [09/Apr/2024:07:46:35 +0800] "GET /xingrg/all/function/internal_message.html?_=1712619995233&CODE_STATE=getMsg HTTP/1.1" 200 27
180.169.147.146 - - [09/Apr/2024:07:46:36 +0800] "GET /xingrg/check_reg.html?_=1712619995461 HTTP/1.1" 200 22
180.169.147.146 - - [09/Apr/2024:07:46:36 +0800] "GET /xingrg/all/function/internal_message.html?_=1712619995463&CODE_STATE=getMsg HTTP/1.1" 200 27
120.253.135.82 - - [09/Apr/2024:07:46:53 +0800] "GET /xingrg/all/function/internal_message.html?_=1712620191949&CODE_STATE=getMsg HTTP/1.1" 200 27
