222.70.183.82 - - [08/Apr/2024:11:20:11 +0800] "POST /xingrg/kc/buy/cgsh_order_operate.html HTTP/1.1" 200 8245
222.70.183.82 - - [08/Apr/2024:11:20:11 +0800] "GET /xingrg/javascript/easyui/themes/default/validatebox.css HTTP/1.1" 404 1104
222.70.183.82 - - [08/Apr/2024:11:20:11 +0800] "GET /xingrg/all/common/auto_word.html?type=employee&rest_code=00111 HTTP/1.1" 200 105
222.70.183.82 - - [08/Apr/2024:11:20:11 +0800] "GET /xingrg/all/common/auto_word.html?type=employee&rest_code=00111 HTTP/1.1" 200 105
101.83.144.49 - - [08/Apr/2024:11:20:11 +0800] "GET /xingrg/kc/base/base_main.html HTTP/1.1" 200 12142
101.83.144.49 - - [08/Apr/2024:11:20:11 +0800] "GET /xingrg/images/blue/button/wlsy.gif HTTP/1.1" 304 -
101.83.144.49 - - [08/Apr/2024:11:20:11 +0800] "GET /xingrg/images/blue/button/ckpd.gif HTTP/1.1" 304 -
101.83.144.49 - - [08/Apr/2024:11:20:11 +0800] "GET /xingrg/images/blue/button/ckdb.gif HTTP/1.1" 304 -
101.83.144.49 - - [08/Apr/2024:11:20:11 +0800] "GET /xingrg/images/blue/button/yddb.gif HTTP/1.1" 304 -
101.83.144.49 - - [08/Apr/2024:11:20:11 +0800] "GET /xingrg/images/blue/button/down.jpg HTTP/1.1" 304 -
101.83.144.49 - - [08/Apr/2024:11:20:11 +0800] "GET /xingrg/images/blue/button/bottom_right.jpg HTTP/1.1" 304 -
101.83.144.49 - - [08/Apr/2024:11:20:11 +0800] "GET /xingrg/images/blue/button/top_left.jpg HTTP/1.1" 304 -
101.83.144.49 - - [08/Apr/2024:11:20:11 +0800] "GET /xingrg/images/blue/button/bottom_left.jpg HTTP/1.1" 304 -
101.83.144.49 - - [08/Apr/2024:11:20:11 +0800] "GET /xingrg/images/blue/button/top_right.jpg HTTP/1.1" 304 -
101.83.144.49 - - [08/Apr/2024:11:20:11 +0800] "GET /xingrg/images/blue/button/left_ah.jpg HTTP/1.1" 304 -
114.83.217.54 - - [08/Apr/2024:11:20:12 +0800] "GET /xingrg/all/function/internal_message.html?_=1712546412954&CODE_STATE=getMsg HTTP/1.1" 200 27
124.78.159.2 - - [08/Apr/2024:11:20:13 +0800] "GET /xingrg/kc/buy/cgsh_order_operate.html?command=get_materiel&rest_code=00106&code=00101004034&supplier_code=00100085&order_time=2024-04-08 HTTP/1.1" 200 416
114.83.217.54 - - [08/Apr/2024:11:20:14 +0800] "GET /xingrg/kc/buy/cgsh_order_operate.html?command=get_materiel&rest_code=00149&code=00101009062&supplier_code=00100201&order_time=2024-04-08 HTTP/1.1" 200 412
101.83.144.49 - - [08/Apr/2024:11:20:15 +0800] "GET /xingrg/kc/base/wldb_order_list.html HTTP/1.1" 200 19051
101.83.144.49 - - [08/Apr/2024:11:20:16 +0800] "POST /xingrg/kc/base/wldb_list_operate.html HTTP/1.1" 200 928
218.81.217.36 - - [08/Apr/2024:11:20:17 +0800] "POST /xingrg/kc/buy/cgsh_order_operate.html HTTP/1.1" 200 37
180.169.147.146 - - [08/Apr/2024:11:20:17 +0800] "GET /xingrg/all/function/internal_message.html?_=1712546418539&CODE_STATE=getMsg HTTP/1.1" 200 27
222.69.132.123 - - [08/Apr/2024:11:20:17 +0800] "GET /xingrg/all/function/internal_message.html?_=1712546419226&CODE_STATE=getMsg HTTP/1.1" 200 27
101.83.144.49 - - [08/Apr/2024:11:20:17 +0800] "GET /xingrg/kc/base/wldb_order_add.html HTTP/1.1" 200 30382
101.83.144.49 - - [08/Apr/2024:11:20:18 +0800] "POST /xingrg/kc/base/wldb_order_operate.html HTTP/1.1" 200 6806
116.230.108.72 - - [08/Apr/2024:11:20:18 +0800] "GET /xingrg/kc/buy/cgsh_order_operate.html?command=get_materiel&rest_code=00155&code=00101002027&supplier_code=00100199&order_time=2024-04-08 HTTP/1.1" 200 413
101.83.144.49 - - [08/Apr/2024:11:20:18 +0800] "GET /xingrg/all/common/auto_word.html?type=base&rest_code=00105 HTTP/1.1" 200 1907
101.83.144.49 - - [08/Apr/2024:11:20:18 +0800] "GET /xingrg/all/common/auto_word.html?type=base&rest_code=00105 HTTP/1.1" 200 1907
101.83.144.49 - - [08/Apr/2024:11:20:18 +0800] "GET /xingrg/javascript/easyui/themes/default/validatebox.css HTTP/1.1" 404 1104
101.83.144.49 - - [08/Apr/2024:11:20:18 +0800] "GET /xingrg/all/function/internal_message.html?_=1712546418383&CODE_STATE=getMsg HTTP/1.1" 200 27
101.83.144.49 - - [08/Apr/2024:11:20:22 +0800] "GET /xingrg/javascript/auto/indicator.gif HTTP/1.1" 404 1066
114.83.217.54 - - [08/Apr/2024:11:20:23 +0800] "GET /xingrg/kc/buy/cgsh_order_operate.html?command=get_materiel&rest_code=00149&code=00101009011&supplier_code=00100201&order_time=2024-04-08 HTTP/1.1" 200 416
180.158.9.158 - - [08/Apr/2024:11:20:26 +0800] "GET /xingrg/all/function/internal_message.html?_=1712546424717&CODE_STATE=getMsg HTTP/1.1" 302 -
180.164.1.25 - - [08/Apr/2024:11:20:27 +0800] "GET /xingrg/all/function/internal_message.html?_=1712546426020&CODE_STATE=getMsg HTTP/1.1" 200 27
180.169.147.146 - - [08/Apr/2024:11:20:27 +0800] "GET /xingrg/all/function/internal_message.html?_=1712546426775&CODE_STATE=getMsg HTTP/1.1" 200 27
180.169.147.146 - - [08/Apr/2024:11:20:27 +0800] "GET /xingrg/check_reg.html?_=1712546426776 HTTP/1.1" 200 22
124.78.159.2 - - [08/Apr/2024:11:20:29 +0800] "POST /xingrg/kc/buy/cgsh_order_operate.html HTTP/1.1" 200 37
218.81.217.36 - - [08/Apr/2024:11:20:31 +0800] "POST /xingrg/kc/buy/cgsh_order_operate.html HTTP/1.1" 200 12
124.78.159.2 - - [08/Apr/2024:11:20:32 +0800] "GET /xingrg/all/function/internal_message.html?_=1712546432165&CODE_STATE=getMsg HTTP/1.1" 200 27
116.230.108.72 - - [08/Apr/2024:11:20:32 +0800] "GET /xingrg/all/function/internal_message.html?_=1712546386007&CODE_STATE=getMsg HTTP/1.1" 200 27
116.224.254.208 - - [08/Apr/2024:11:20:34 +0800] "GET /xingrg/check_reg.html?_=1712546434458 HTTP/1.1" 200 22
116.224.254.208 - - [08/Apr/2024:11:20:34 +0800] "GET /xingrg/all/function/internal_message.html?_=1712546434459&CODE_STATE=getMsg HTTP/1.1" 200 27
101.83.144.49 - - [08/Apr/2024:11:20:36 +0800] "GET /xingrg/all/function/internal_message.html?_=1712546195811&CODE_STATE=getMsg HTTP/1.1" 200 27
116.230.108.72 - - [08/Apr/2024:11:20:37 +0800] "GET /xingrg/kc/buy/cgsh_order_operate.html?command=get_materiel&rest_code=00155&code=00101002064&supplier_code=00100199&order_time=2024-04-08 HTTP/1.1" 200 415
101.83.144.49 - - [08/Apr/2024:11:20:37 +0800] "GET /xingrg/kc/base/wldb_order_operate.html?command=get_materiel&rest_code=00105&base_code=0010508&code=00102002258 HTTP/1.1" 200 448
180.169.147.146 - - [08/Apr/2024:11:20:39 +0800] "GET /xingrg/all/function/internal_message.html?_=1712546440290&CODE_STATE=getMsg HTTP/1.1" 200 27
222.70.183.82 - - [08/Apr/2024:11:20:39 +0800] "GET /xingrg/all/function/internal_message.html?_=1712546439659&CODE_STATE=getMsg HTTP/1.1" 200 27
180.169.147.146 - - [08/Apr/2024:11:20:39 +0800] "GET /xingrg/check_reg.html?_=1712546440961 HTTP/1.1" 200 22
124.78.159.2 - - [08/Apr/2024:11:20:40 +0800] "POST /xingrg/kc/buy/cgsh_order_operate.html HTTP/1.1" 200 12
218.81.217.36 - - [08/Apr/2024:11:20:41 +0800] "GET /xingrg/kc/buy/cgsh_order_info.html?code=212024040801754 HTTP/1.1" 200 68745
218.81.217.36 - - [08/Apr/2024:11:20:42 +0800] "GET /xingrg/javascript/easyui/themes/default/validatebox.css HTTP/1.1" 404 1104
124.78.159.2 - - [08/Apr/2024:11:20:42 +0800] "GET /xingrg/kc/buy/cgsh_order_info.html?code=212024040801761 HTTP/1.1" 200 68759
124.78.159.2 - - [08/Apr/2024:11:20:43 +0800] "GET /xingrg/javascript/easyui/themes/default/validatebox.css HTTP/1.1" 404 1104
218.81.217.36 - - [08/Apr/2024:11:20:44 +0800] "POST /xingrg/kc/buy/cgsh_order_operate.html HTTP/1.1" 200 8944
124.78.159.2 - - [08/Apr/2024:11:20:45 +0800] "GET /xingrg/all/function/internal_message.html?_=1712546444288&CODE_STATE=getMsg HTTP/1.1" 200 27
124.78.159.2 - - [08/Apr/2024:11:20:45 +0800] "POST /xingrg/kc/buy/cgsh_order_operate.html HTTP/1.1" 200 616
114.83.217.54 - - [08/Apr/2024:11:20:45 +0800] "GET /xingrg/kc/buy/cgsh_order_operate.html?command=get_materiel&rest_code=00149&code=00101009010&supplier_code=00100201&order_time=2024-04-08 HTTP/1.1" 200 416
114.85.113.46 - - [08/Apr/2024:11:20:47 +0800] "GET /xingrg/all/function/internal_message.html?_=1712546447590&CODE_STATE=getMsg HTTP/1.1" 200 27
180.164.1.25 - - [08/Apr/2024:11:20:48 +0800] "GET /xingrg/check_reg.html?_=1712546447106 HTTP/1.1" 200 22
124.78.159.2 - - [08/Apr/2024:11:20:48 +0800] "GET /xingrg/kc/print/load_data.html?order_code=212024040801761&kc_code=cgsh&condition= HTTP/1.1" 200 778
101.83.144.49 - - [08/Apr/2024:11:20:48 +0800] "GET /xingrg/kc/base/wldb_order_operate.html?command=get_materiel&rest_code=00105&base_code=0010508&code=00102034130 HTTP/1.1" 200 464
218.81.217.36 - - [08/Apr/2024:11:20:48 +0800] "GET /xingrg/kc/buy/cgsh_order_add.html HTTP/1.1" 200 73852
218.81.217.36 - - [08/Apr/2024:11:20:49 +0800] "POST /xingrg/kc/buy/cgsh_order_operate.html HTTP/1.1" 200 8245
218.81.217.36 - - [08/Apr/2024:11:20:49 +0800] "GET /xingrg/javascript/easyui/themes/default/validatebox.css HTTP/1.1" 404 1104
58.40.7.146 - - [08/Apr/2024:11:20:51 +0800] "GET /xingrg/all/function/internal_message.html?_=1712546451756&CODE_STATE=getMsg HTTP/1.1" 200 27
116.230.108.72 - - [08/Apr/2024:11:20:55 +0800] "GET /xingrg/all/function/internal_message.html?_=1712546408425&CODE_STATE=getMsg HTTP/1.1" 200 27
124.78.159.2 - - [08/Apr/2024:11:20:55 +0800] "GET /xingrg/kc/buy/cgsh_order_add.html HTTP/1.1" 200 73852
124.78.159.2 - - [08/Apr/2024:11:20:56 +0800] "POST /xingrg/kc/buy/cgsh_order_operate.html HTTP/1.1" 200 8245
124.78.159.2 - - [08/Apr/2024:11:20:56 +0800] "GET /xingrg/javascript/easyui/themes/default/validatebox.css HTTP/1.1" 404 1104
124.78.56.241 - - [08/Apr/2024:11:20:58 +0800] "GET /xingrg/all/function/internal_message.html?_=1712546458638&CODE_STATE=getMsg HTTP/1.1" 200 27
101.80.230.31 - - [08/Apr/2024:11:21:01 +0800] "GET /xingrg/all/function/internal_message.html?_=1712546461995&CODE_STATE=getMsg HTTP/1.1" 200 27
101.80.230.31 - - [08/Apr/2024:11:21:01 +0800] "GET /xingrg/check_reg.html?_=1712546461997 HTTP/1.1" 200 22
116.230.108.72 - - [08/Apr/2024:11:21:01 +0800] "GET /xingrg/kc/buy/cgsh_order_operate.html?command=get_materiel&rest_code=00155&code=00101010161&supplier_code=00100199&order_time=2024-04-08 HTTP/1.1" 200 409
124.78.159.2 - - [08/Apr/2024:11:21:01 +0800] "GET /xingrg/javascript/easyui/themes/default/tree.css HTTP/1.1" 404 1090
124.78.159.2 - - [08/Apr/2024:11:21:02 +0800] "POST /xingrg/all/common/load_tree.html?tree=supplier_tree_json&isDelete=1 HTTP/1.1" 200 79163
172.20.0.8 - - [08/Apr/2024:11:21:03 +0800] "GET /xingrg/check_reg.html?_=1712546463409 HTTP/1.1" 302 -
172.20.0.8 - - [08/Apr/2024:11:21:03 +0800] "GET /xingrg/all/function/internal_message.html?_=1712546463426&CODE_STATE=getMsg HTTP/1.1" 302 -
180.169.147.146 - - [08/Apr/2024:11:21:03 +0800] "GET /xingrg/all/function/internal_message.html?_=1712546463705&CODE_STATE=getMsg HTTP/1.1" 200 27
180.169.147.146 - - [08/Apr/2024:11:21:05 +0800] "GET /xingrg/all/function/internal_message.html?_=1712546465908&CODE_STATE=getMsg HTTP/1.1" 200 27
114.83.217.54 - - [08/Apr/2024:11:21:06 +0800] "POST /xingrg/kc/buy/cgsh_order_operate.html HTTP/1.1" 200 37
218.81.217.36 - - [08/Apr/2024:11:21:08 +0800] "GET /xingrg/kc/buy/cgsh_order_operate.html?command=get_materiel&rest_code=00146&code=00102009675&supplier_code=00100151&order_time=2024-04-08 HTTP/1.1" 200 410
101.83.144.49 - - [08/Apr/2024:11:21:09 +0800] "GET /xingrg/kc/base/wldb_order_operate.html?command=get_materiel&rest_code=00105&base_code=0010508&code=00102002439 HTTP/1.1" 200 472
114.83.217.54 - - [08/Apr/2024:11:21:12 +0800] "GET /xingrg/all/function/internal_message.html?_=1712546472935&CODE_STATE=getMsg HTTP/1.1" 200 27
114.83.217.54 - - [08/Apr/2024:11:21:15 +0800] "POST /xingrg/kc/buy/cgsh_order_operate.html HTTP/1.1" 200 12
101.83.144.49 - - [08/Apr/2024:11:21:17 +0800] "POST /xingrg/kc/base/wldb_order_operate.html HTTP/1.1" 200 37
180.169.147.146 - - [08/Apr/2024:11:21:17 +0800] "GET /xingrg/all/function/internal_message.html?_=1712546478538&CODE_STATE=getMsg HTTP/1.1" 200 27
222.69.132.123 - - [08/Apr/2024:11:21:17 +0800] "GET /xingrg/all/function/internal_message.html?_=1712546479228&CODE_STATE=getMsg HTTP/1.1" 200 27
101.83.144.49 - - [08/Apr/2024:11:21:18 +0800] "POST /xingrg/kc/base/wldb_order_operate.html HTTP/1.1" 200 3194
101.83.144.49 - - [08/Apr/2024:11:21:18 +0800] "GET /xingrg/all/function/internal_message.html?_=1712546478384&CODE_STATE=getMsg HTTP/1.1" 200 27
124.78.159.2 - - [08/Apr/2024:11:21:18 +0800] "GET /xingrg/kc/buy/cgsh_order_operate.html?command=get_materiel&rest_code=00106&code=00101002006&supplier_code=00100091&order_time=2024-04-08 HTTP/1.1" 200 414
114.83.217.54 - - [08/Apr/2024:11:21:19 +0800] "GET /xingrg/kc/buy/cgsh_order_info.html?code=212024040801762 HTTP/1.1" 200 68843
101.83.144.49 - - [08/Apr/2024:11:21:19 +0800] "GET /xingrg/kc/base/wldb_order_info.html?code=422024040800439 HTTP/1.1" 200 30396
114.83.217.54 - - [08/Apr/2024:11:21:19 +0800] "GET /xingrg/javascript/easyui/themes/default/validatebox.css HTTP/1.1" 404 1104
101.83.144.49 - - [08/Apr/2024:11:21:19 +0800] "GET /xingrg/javascript/easyui/themes/default/validatebox.css HTTP/1.1" 404 1104
222.70.183.82 - - [08/Apr/2024:11:21:20 +0800] "GET /xingrg/kc/buy/cgsh_order_operate.html?command=get_materiel&rest_code=00111&code=00101008150&supplier_code=00100008&order_time=2024-04-08 HTTP/1.1" 200 409
101.83.144.49 - - [08/Apr/2024:11:21:20 +0800] "POST /xingrg/kc/base/wldb_order_operate.html HTTP/1.1" 200 3194
114.83.217.54 - - [08/Apr/2024:11:21:20 +0800] "POST /xingrg/kc/buy/cgsh_order_operate.html HTTP/1.1" 200 2986
114.83.217.54 - - [08/Apr/2024:11:21:22 +0800] "GET /xingrg/kc/print/load_data.html?order_code=212024040801762&kc_code=cgsh&condition= HTTP/1.1" 200 1628
180.158.9.158 - - [08/Apr/2024:11:21:26 +0800] "GET /xingrg/all/function/internal_message.html?_=1712546484722&CODE_STATE=getMsg HTTP/1.1" 302 -
180.164.1.25 - - [08/Apr/2024:11:21:27 +0800] "GET /xingrg/all/function/internal_message.html?_=1712546486012&CODE_STATE=getMsg HTTP/1.1" 200 27
180.169.147.146 - - [08/Apr/2024:11:21:27 +0800] "GET /xingrg/all/function/internal_message.html?_=1712546486769&CODE_STATE=getMsg HTTP/1.1" 200 27
114.83.217.54 - - [08/Apr/2024:11:21:28 +0800] "GET /xingrg/kc/buy/cgsh_order_add.html HTTP/1.1" 200 73940
114.83.217.54 - - [08/Apr/2024:11:21:28 +0800] "POST /xingrg/kc/buy/cgsh_order_operate.html HTTP/1.1" 200 8245
114.83.217.54 - - [08/Apr/2024:11:21:28 +0800] "GET /xingrg/javascript/easyui/themes/default/validatebox.css HTTP/1.1" 404 1104
124.78.159.2 - - [08/Apr/2024:11:21:31 +0800] "POST /xingrg/kc/buy/cgsh_order_operate.html HTTP/1.1" 200 37
124.78.159.2 - - [08/Apr/2024:11:21:32 +0800] "GET /xingrg/all/function/internal_message.html?_=1712546492149&CODE_STATE=getMsg HTTP/1.1" 200 27
116.230.108.72 - - [08/Apr/2024:11:21:32 +0800] "GET /xingrg/all/function/internal_message.html?_=1712546445998&CODE_STATE=getMsg HTTP/1.1" 200 27
116.224.254.208 - - [08/Apr/2024:11:21:34 +0800] "GET /xingrg/all/function/internal_message.html?_=1712546494457&CODE_STATE=getMsg HTTP/1.1" 200 27
101.83.144.49 - - [08/Apr/2024:11:21:37 +0800] "GET /xingrg/kc/base/wldb_order_add.html HTTP/1.1" 200 30382
101.83.144.49 - - [08/Apr/2024:11:21:37 +0800] "POST /xingrg/kc/base/wldb_order_operate.html HTTP/1.1" 200 6806
101.83.144.49 - - [08/Apr/2024:11:21:37 +0800] "GET /xingrg/javascript/easyui/themes/default/validatebox.css HTTP/1.1" 404 1104
124.78.159.2 - - [08/Apr/2024:11:21:38 +0800] "POST /xingrg/kc/buy/cgsh_order_operate.html HTTP/1.1" 200 12
222.70.183.82 - - [08/Apr/2024:11:21:39 +0800] "GET /xingrg/kc/buy/cgsh_order_operate.html?command=get_materiel&rest_code=00111&code=00101013179&supplier_code=00100008&order_time=2024-04-08 HTTP/1.1" 200 412
180.169.147.146 - - [08/Apr/2024:11:21:39 +0800] "GET /xingrg/all/function/internal_message.html?_=1712546500274&CODE_STATE=getMsg HTTP/1.1" 200 27
222.70.183.82 - - [08/Apr/2024:11:21:39 +0800] "GET /xingrg/all/function/internal_message.html?_=1712546499629&CODE_STATE=getMsg HTTP/1.1" 200 27
101.83.144.49 - - [08/Apr/2024:11:21:43 +0800] "GET /xingrg/javascript/jquery_tools/images/prev.gif HTTP/1.1" 404 1086
101.83.144.49 - - [08/Apr/2024:11:21:43 +0800] "GET /xingrg/javascript/jquery_tools/images/next.gif HTTP/1.1" 404 1086
124.78.159.2 - - [08/Apr/2024:11:21:45 +0800] "GET /xingrg/all/function/internal_message.html?_=1712546504264&CODE_STATE=getMsg HTTP/1.1" 200 27
116.230.108.72 - - [08/Apr/2024:11:21:45 +0800] "POST /xingrg/kc/buy/cgsh_order_operate.html HTTP/1.1" 200 37
124.78.159.2 - - [08/Apr/2024:11:21:47 +0800] "GET /xingrg/kc/buy/cgsh_order_info.html?code=212024040801763 HTTP/1.1" 200 68761
124.78.159.2 - - [08/Apr/2024:11:21:47 +0800] "GET /xingrg/javascript/easyui/themes/default/validatebox.css HTTP/1.1" 404 1104
114.85.113.46 - - [08/Apr/2024:11:21:47 +0800] "GET /xingrg/all/function/internal_message.html?_=1712546507590&CODE_STATE=getMsg HTTP/1.1" 200 27
124.78.159.2 - - [08/Apr/2024:11:21:49 +0800] "POST /xingrg/kc/buy/cgsh_order_operate.html HTTP/1.1" 200 611
124.78.159.2 - - [08/Apr/2024:11:21:51 +0800] "GET /xingrg/kc/print/load_data.html?order_code=212024040801763&kc_code=cgsh&condition= HTTP/1.1" 200 781
116.230.108.72 - - [08/Apr/2024:11:21:51 +0800] "POST /xingrg/kc/buy/cgsh_order_operate.html HTTP/1.1" 200 5033
58.40.7.146 - - [08/Apr/2024:11:21:51 +0800] "GET /xingrg/all/function/internal_message.html?_=1712546511749&CODE_STATE=getMsg HTTP/1.1" 200 27
222.70.183.82 - - [08/Apr/2024:11:21:51 +0800] "GET /xingrg/kc/buy/cgsh_order_operate.html?command=get_materiel&rest_code=00111&code=00101008403&supplier_code=00100008&order_time=2024-04-08 HTTP/1.1" 200 412
101.83.144.49 - - [08/Apr/2024:11:21:52 +0800] "GET /xingrg/kc/base/wldb_order_operate.html?command=get_materiel&rest_code=00105&base_code=0010508&code=00102002448 HTTP/1.1" 200 439
116.230.108.72 - - [08/Apr/2024:11:21:55 +0800] "GET /xingrg/all/function/internal_message.html?_=1712546468435&CODE_STATE=getMsg HTTP/1.1" 200 27
116.230.108.72 - - [08/Apr/2024:11:21:55 +0800] "GET /xingrg/check_reg.html?_=1712546468438 HTTP/1.1" 200 22
116.230.108.72 - - [08/Apr/2024:11:21:58 +0800] "GET /xingrg/kc/print/load_data.html?order_code=212024040801764&kc_code=cgsh&condition= HTTP/1.1" 200 1583
124.78.56.241 - - [08/Apr/2024:11:21:58 +0800] "GET /xingrg/all/function/internal_message.html?_=1712546518617&CODE_STATE=getMsg HTTP/1.1" 200 27
124.78.56.241 - - [08/Apr/2024:11:21:59 +0800] "GET /xingrg/css/new_ie.css HTTP/1.1" 404 1036
101.83.144.49 - - [08/Apr/2024:11:21:59 +0800] "POST /xingrg/kc/base/wldb_order_operate.html HTTP/1.1" 200 37
101.83.144.49 - - [08/Apr/2024:11:22:00 +0800] "POST /xingrg/kc/base/wldb_order_operate.html HTTP/1.1" 200 2188
101.83.144.49 - - [08/Apr/2024:11:22:01 +0800] "GET /xingrg/kc/base/wldb_order_info.html?code=422024040800440 HTTP/1.1" 200 30396
101.83.144.49 - - [08/Apr/2024:11:22:01 +0800] "GET /xingrg/javascript/easyui/themes/default/validatebox.css HTTP/1.1" 404 1104
101.80.230.31 - - [08/Apr/2024:11:22:01 +0800] "GET /xingrg/all/function/internal_message.html?_=1712546521995&CODE_STATE=getMsg HTTP/1.1" 200 27
101.83.144.49 - - [08/Apr/2024:11:22:02 +0800] "POST /xingrg/kc/base/wldb_order_operate.html HTTP/1.1" 200 2188
222.70.183.82 - - [08/Apr/2024:11:22:03 +0800] "GET /xingrg/kc/buy/cgsh_order_operate.html?command=get_materiel&rest_code=00111&code=00101008096&supplier_code=00100008&order_time=2024-04-08 HTTP/1.1" 200 412
172.20.0.8 - - [08/Apr/2024:11:22:03 +0800] "GET /xingrg/all/function/internal_message.html?_=1712546523427&CODE_STATE=getMsg HTTP/1.1" 302 -
180.169.147.146 - - [08/Apr/2024:11:22:03 +0800] "GET /xingrg/all/function/internal_message.html?_=1712546523707&CODE_STATE=getMsg HTTP/1.1" 200 27
124.78.56.241 - - [08/Apr/2024:11:22:04 +0800] "POST /xingrg/kc/buy/cgsh_list_operate.html HTTP/1.1" 200 1374
124.78.159.2 - - [08/Apr/2024:11:22:04 +0800] "GET /xingrg/kc/buy/cgsh_order_add.html HTTP/1.1" 200 73852
124.78.159.2 - - [08/Apr/2024:11:22:05 +0800] "POST /xingrg/kc/buy/cgsh_order_operate.html HTTP/1.1" 200 8245
124.78.159.2 - - [08/Apr/2024:11:22:05 +0800] "GET /xingrg/javascript/easyui/themes/default/validatebox.css HTTP/1.1" 404 1104
180.169.147.146 - - [08/Apr/2024:11:22:05 +0800] "GET /xingrg/all/function/internal_message.html?_=1712546525907&CODE_STATE=getMsg HTTP/1.1" 200 27
124.78.159.2 - - [08/Apr/2024:11:22:07 +0800] "GET /xingrg/javascript/easyui/themes/default/tree.css HTTP/1.1" 404 1090
124.78.159.2 - - [08/Apr/2024:11:22:08 +0800] "POST /xingrg/all/common/load_tree.html?tree=supplier_tree_json&isDelete=1 HTTP/1.1" 200 79163
114.83.217.54 - - [08/Apr/2024:11:22:12 +0800] "GET /xingrg/all/function/internal_message.html?_=1712546532918&CODE_STATE=getMsg HTTP/1.1" 200 27
218.81.217.36 - - [08/Apr/2024:11:22:13 +0800] "GET /xingrg/kc/buy/cgsh_order_operate.html?command=get_materiel&rest_code=00146&code=00102002008&supplier_code=00100151&order_time=2024-04-08 HTTP/1.1" 200 414
101.83.144.49 - - [08/Apr/2024:11:22:13 +0800] "GET /xingrg/javascript/jquery_easy_ui/themes/icons/rest.png HTTP/1.1" 304 -
101.83.144.49 - - [08/Apr/2024:11:22:13 +0800] "GET /xingrg/javascript/jquery_easy_ui/themes/icons/area.png HTTP/1.1" 304 -
124.78.56.241 - - [08/Apr/2024:11:22:14 +0800] "POST /xingrg/kc/buy/cgsh_list_operate.html HTTP/1.1" 200 571
124.78.56.241 - - [08/Apr/2024:11:22:15 +0800] "GET /xingrg/kc/buy/cgsh_order_info.html?code=212024040801699 HTTP/1.1" 200 73851
124.78.56.241 - - [08/Apr/2024:11:22:16 +0800] "GET /xingrg/javascript/easyui/themes/default/validatebox.css HTTP/1.1" 404 1104
101.83.144.49 - - [08/Apr/2024:11:22:16 +0800] "GET /xingrg/kc/base/wldb_order_add.html HTTP/1.1" 200 30382
101.83.144.49 - - [08/Apr/2024:11:22:16 +0800] "GET /xingrg/javascript/easyui/themes/default/validatebox.css HTTP/1.1" 404 1104
101.83.144.49 - - [08/Apr/2024:11:22:16 +0800] "POST /xingrg/kc/base/wldb_order_operate.html HTTP/1.1" 200 6806
124.78.56.241 - - [08/Apr/2024:11:22:17 +0800] "POST /xingrg/kc/buy/cgsh_order_operate.html HTTP/1.1" 200 11590
180.169.147.146 - - [08/Apr/2024:11:22:17 +0800] "GET /xingrg/all/function/internal_message.html?_=1712546538536&CODE_STATE=getMsg HTTP/1.1" 200 27
222.69.132.123 - - [08/Apr/2024:11:22:17 +0800] "GET /xingrg/all/function/internal_message.html?_=1712546539230&CODE_STATE=getMsg HTTP/1.1" 200 27
101.83.144.49 - - [08/Apr/2024:11:22:18 +0800] "GET /xingrg/all/function/internal_message.html?_=1712546538386&CODE_STATE=getMsg HTTP/1.1" 200 27
222.70.183.82 - - [08/Apr/2024:11:22:20 +0800] "GET /xingrg/kc/buy/cgsh_order_operate.html?command=get_materiel&rest_code=00111&code=00101008298&supplier_code=00100008&order_time=2024-04-08 HTTP/1.1" 200 412
124.78.56.241 - - [08/Apr/2024:11:22:22 +0800] "POST /xingrg/kc/buy/cgsh_order_operate.html HTTP/1.1" 200 37
124.78.159.2 - - [08/Apr/2024:11:22:26 +0800] "GET /xingrg/kc/buy/cgsh_order_operate.html?command=get_materiel&rest_code=00106&code=00101002002&supplier_code=00100087&order_time=2024-04-08 HTTP/1.1" 200 420
180.158.9.158 - - [08/Apr/2024:11:22:26 +0800] "GET /xingrg/all/function/internal_message.html?_=1712546544723&CODE_STATE=getMsg HTTP/1.1" 302 -
180.164.1.25 - - [08/Apr/2024:11:22:27 +0800] "GET /xingrg/all/function/internal_message.html?_=1712546545991&CODE_STATE=getMsg HTTP/1.1" 200 27
180.169.147.146 - - [08/Apr/2024:11:22:27 +0800] "GET /xingrg/all/function/internal_message.html?_=1712546546775&CODE_STATE=getMsg HTTP/1.1" 200 27
124.78.56.241 - - [08/Apr/2024:11:22:30 +0800] "POST /xingrg/kc/buy/cgsh_order_operate.html HTTP/1.1" 200 12
124.78.159.2 - - [08/Apr/2024:11:22:32 +0800] "GET /xingrg/check_reg.html?_=1712546552137 HTTP/1.1" 200 22
124.78.159.2 - - [08/Apr/2024:11:22:32 +0800] "GET /xingrg/all/function/internal_message.html?_=1712546552138&CODE_STATE=getMsg HTTP/1.1" 200 27
116.230.108.72 - - [08/Apr/2024:11:22:32 +0800] "GET /xingrg/all/function/internal_message.html?_=1712546505988&CODE_STATE=getMsg HTTP/1.1" 200 27
222.70.183.82 - - [08/Apr/2024:11:22:33 +0800] "GET /xingrg/kc/buy/cgsh_order_operate.html?command=get_materiel&rest_code=00111&code=00101008283&supplier_code=00100008&order_time=2024-04-08 HTTP/1.1" 200 408
116.224.254.208 - - [08/Apr/2024:11:22:34 +0800] "GET /xingrg/all/function/internal_message.html?_=1712546554446&CODE_STATE=getMsg HTTP/1.1" 200 27
101.83.144.49 - - [08/Apr/2024:11:22:36 +0800] "GET /xingrg/all/function/internal_message.html?_=1712546315817&CODE_STATE=getMsg HTTP/1.1" 200 27
101.83.144.49 - - [08/Apr/2024:11:22:37 +0800] "GET /xingrg/kc/base/wldb_order_operate.html?command=get_materiel&rest_code=00105&base_code=0010507&code=00101013011 HTTP/1.1" 200 450
180.169.147.146 - - [08/Apr/2024:11:22:39 +0800] "GET /xingrg/all/function/internal_message.html?_=1712546560258&CODE_STATE=getMsg HTTP/1.1" 200 27
222.70.183.82 - - [08/Apr/2024:11:22:39 +0800] "GET /xingrg/all/function/internal_message.html?_=1712546559604&CODE_STATE=getMsg HTTP/1.1" 200 27
124.78.56.241 - - [08/Apr/2024:11:22:40 +0800] "GET /xingrg/javascript/easyui/themes/default/validatebox.css HTTP/1.1" 404 1104
124.78.56.241 - - [08/Apr/2024:11:22:41 +0800] "POST /xingrg/kc/buy/cgsh_order_operate.html HTTP/1.1" 200 11590
218.81.217.36 - - [08/Apr/2024:11:22:42 +0800] "GET /xingrg/kc/buy/cgsh_order_operate.html?command=get_materiel&rest_code=00146&code=00102002048&supplier_code=00100151&order_time=2024-04-08 HTTP/1.1" 200 410
124.78.159.2 - - [08/Apr/2024:11:22:45 +0800] "GET /xingrg/all/function/internal_message.html?_=1712546564237&CODE_STATE=getMsg HTTP/1.1" 200 27
114.85.113.46 - - [08/Apr/2024:11:22:47 +0800] "GET /xingrg/all/function/internal_message.html?_=1712546567590&CODE_STATE=getMsg HTTP/1.1" 200 27
114.85.113.46 - - [08/Apr/2024:11:22:47 +0800] "GET /xingrg/check_reg.html?_=1712546567593 HTTP/1.1" 200 22
101.83.144.49 - - [08/Apr/2024:11:22:48 +0800] "GET /xingrg/kc/base/wldb_order_operate.html?command=get_materiel&rest_code=00105&base_code=0010507&code=00101013193 HTTP/1.1" 200 446
124.78.56.241 - - [08/Apr/2024:11:22:50 +0800] "GET /xingrg/kc/buy/cgsh_order_info.html?code=212024040801699 HTTP/1.1" 200 68745
124.78.56.241 - - [08/Apr/2024:11:22:50 +0800] "GET /xingrg/css/base.css HTTP/1.1" 304 -
124.78.56.241 - - [08/Apr/2024:11:22:50 +0800] "GET /xingrg/css/site.css HTTP/1.1" 304 -
124.78.56.241 - - [08/Apr/2024:11:22:50 +0800] "GET /xingrg/javascript/jquery_tools/datebox.css HTTP/1.1" 304 -
124.78.56.241 - - [08/Apr/2024:11:22:50 +0800] "GET /xingrg/javascript/easyui/themes/default/easyui.css HTTP/1.1" 304 -
124.78.56.241 - - [08/Apr/2024:11:22:50 +0800] "GET /xingrg/javascript/easyui/themes/icon.css HTTP/1.1" 304 -
124.78.56.241 - - [08/Apr/2024:11:22:50 +0800] "GET /xingrg/javascript/auto/jquery.autocomplete.css HTTP/1.1" 304 -
124.78.56.241 - - [08/Apr/2024:11:22:50 +0800] "GET /xingrg/javascript/jquery_tools/fix.css HTTP/1.1" 304 -
124.78.56.241 - - [08/Apr/2024:11:22:50 +0800] "GET /xingrg/javascript/jquery_tools/table.css HTTP/1.1" 304 -
124.78.56.241 - - [08/Apr/2024:11:22:50 +0800] "GET /xingrg/javascript/pic_change.js HTTP/1.1" 304 -
124.78.56.241 - - [08/Apr/2024:11:22:50 +0800] "GET /xingrg/javascript/jquery_tools/jquery.tools.min.js HTTP/1.1" 304 -
124.78.56.241 - - [08/Apr/2024:11:22:50 +0800] "GET /xingrg/javascript/jquery_tools/jquery.tools.extend.js HTTP/1.1" 304 -
124.78.56.241 - - [08/Apr/2024:11:22:50 +0800] "GET /xingrg/javascript/jquery_tools/jquery.tools.hotkey.js HTTP/1.1" 304 -
124.78.56.241 - - [08/Apr/2024:11:22:50 +0800] "GET /xingrg/javascript/jquery_tools/jquery.tools.table.js HTTP/1.1" 304 -
124.78.56.241 - - [08/Apr/2024:11:22:50 +0800] "GET /xingrg/javascript/auto/jquery.autocomplete.js HTTP/1.1" 304 -
124.78.56.241 - - [08/Apr/2024:11:22:50 +0800] "GET /xingrg/javascript/easyui/easyloader.js HTTP/1.1" 304 -
124.78.56.241 - - [08/Apr/2024:11:22:50 +0800] "GET /xingrg/javascript/jquery.utils.js HTTP/1.1" 304 -
124.78.56.241 - - [08/Apr/2024:11:22:50 +0800] "GET /xingrg/javascript/jquery_tools/order_manager.js HTTP/1.1" 304 -
124.78.56.241 - - [08/Apr/2024:11:22:50 +0800] "GET /xingrg/javascript/convert.js HTTP/1.1" 304 -
124.78.56.241 - - [08/Apr/2024:11:22:50 +0800] "GET /xingrg/javascript/json2.js HTTP/1.1" 304 -
124.78.56.241 - - [08/Apr/2024:11:22:50 +0800] "GET /xingrg/javascript/jquery.cookie.js HTTP/1.1" 304 -
124.78.56.241 - - [08/Apr/2024:11:22:50 +0800] "GET /xingrg/javascript/print/kc_print.js HTTP/1.1" 304 -
124.78.56.241 - - [08/Apr/2024:11:22:50 +0800] "GET /xingrg/javascript/print/LodopFuncs.js HTTP/1.1" 304 -
124.78.56.241 - - [08/Apr/2024:11:22:50 +0800] "GET /xingrg/words/20240407173818_words.js HTTP/1.1" 304 -
124.78.56.241 - - [08/Apr/2024:11:22:50 +0800] "GET /xingrg/javascript/easyui/plugins/jquery.parser.js HTTP/1.1" 304 -
124.78.56.241 - - [08/Apr/2024:11:22:50 +0800] "GET /xingrg/images/control/ajaxLoader.gif HTTP/1.1" 304 -
124.78.56.241 - - [08/Apr/2024:11:22:50 +0800] "GET /xingrg/javascript/easyui/themes/default/validatebox.css HTTP/1.1" 404 1104
58.40.7.146 - - [08/Apr/2024:11:22:51 +0800] "GET /xingrg/all/function/internal_message.html?_=1712546571759&CODE_STATE=getMsg HTTP/1.1" 200 27
58.40.7.146 - - [08/Apr/2024:11:22:51 +0800] "GET /xingrg/check_reg.html?_=1712546571761 HTTP/1.1" 200 22
124.78.159.2 - - [08/Apr/2024:11:22:53 +0800] "POST /xingrg/kc/buy/cgsh_order_operate.html HTTP/1.1" 200 37
124.78.56.241 - - [08/Apr/2024:11:22:53 +0800] "POST /xingrg/kc/buy/cgsh_order_operate.html HTTP/1.1" 200 9535
116.230.108.72 - - [08/Apr/2024:11:22:55 +0800] "GET /xingrg/all/function/internal_message.html?_=1712546528426&CODE_STATE=getMsg HTTP/1.1" 200 27
124.78.56.241 - - [08/Apr/2024:11:22:58 +0800] "GET /xingrg/all/function/internal_message.html?_=1712546578640&CODE_STATE=getMsg HTTP/1.1" 200 27
124.78.159.2 - - [08/Apr/2024:11:23:01 +0800] "POST /xingrg/kc/buy/cgsh_order_operate.html HTTP/1.1" 200 12
101.80.230.31 - - [08/Apr/2024:11:23:01 +0800] "GET /xingrg/all/function/internal_message.html?_=1712546581995&CODE_STATE=getMsg HTTP/1.1" 200 27
124.78.56.241 - - [08/Apr/2024:11:23:01 +0800] "POST /xingrg/kc/buy/cgsh_order_operate.html HTTP/1.1" 200 8245
124.78.56.241 - - [08/Apr/2024:11:23:01 +0800] "GET /xingrg/javascript/easyui/themes/default/validatebox.css HTTP/1.1" 404 1104
172.20.0.8 - - [08/Apr/2024:11:23:03 +0800] "GET /xingrg/all/function/internal_message.html?_=1712546583428&CODE_STATE=getMsg HTTP/1.1" 302 -
180.169.147.146 - - [08/Apr/2024:11:23:03 +0800] "GET /xingrg/all/function/internal_message.html?_=1712546583698&CODE_STATE=getMsg HTTP/1.1" 200 27
124.78.159.2 - - [08/Apr/2024:11:23:04 +0800] "GET /xingrg/kc/buy/cgsh_order_info.html?code=212024040801765 HTTP/1.1" 200 68757
124.78.159.2 - - [08/Apr/2024:11:23:04 +0800] "GET /xingrg/javascript/easyui/themes/default/validatebox.css HTTP/1.1" 404 1104
180.169.147.146 - - [08/Apr/2024:11:23:05 +0800] "GET /xingrg/all/function/internal_message.html?_=1712546585905&CODE_STATE=getMsg HTTP/1.1" 200 27
180.169.147.146 - - [08/Apr/2024:11:23:05 +0800] "GET /xingrg/check_reg.html?_=1712546585908 HTTP/1.1" 200 22
124.78.159.2 - - [08/Apr/2024:11:23:05 +0800] "POST /xingrg/kc/buy/cgsh_order_operate.html HTTP/1.1" 200 618
124.78.159.2 - - [08/Apr/2024:11:23:07 +0800] "GET /xingrg/kc/print/load_data.html?order_code=212024040801765&kc_code=cgsh&condition= HTTP/1.1" 200 777
101.83.144.49 - - [08/Apr/2024:11:23:08 +0800] "POST /xingrg/kc/base/wldb_order_operate.html HTTP/1.1" 200 37
101.83.144.49 - - [08/Apr/2024:11:23:08 +0800] "POST /xingrg/kc/base/wldb_order_operate.html HTTP/1.1" 200 2670
101.83.144.49 - - [08/Apr/2024:11:23:09 +0800] "GET /xingrg/kc/base/wldb_order_info.html?code=422024040800441 HTTP/1.1" 200 30398
101.83.144.49 - - [08/Apr/2024:11:23:10 +0800] "GET /xingrg/javascript/easyui/themes/default/validatebox.css HTTP/1.1" 404 1104
101.83.144.49 - - [08/Apr/2024:11:23:10 +0800] "POST /xingrg/kc/base/wldb_order_operate.html HTTP/1.1" 200 2670
114.83.217.54 - - [08/Apr/2024:11:23:12 +0800] "GET /xingrg/all/function/internal_message.html?_=1712546592896&CODE_STATE=getMsg HTTP/1.1" 200 27
124.78.56.241 - - [08/Apr/2024:11:23:13 +0800] "GET /xingrg/kc/buy/cgsh_order_operate.html?command=get_materiel&rest_code=00141&code=00101018015&supplier_code=00100330&order_time=2024-04-08 HTTP/1.1" 200 421
180.169.147.146 - - [08/Apr/2024:11:23:17 +0800] "GET /xingrg/all/function/internal_message.html?_=1712546598535&CODE_STATE=getMsg HTTP/1.1" 200 27
180.169.147.146 - - [08/Apr/2024:11:23:17 +0800] "GET /xingrg/check_reg.html?_=1712546598536 HTTP/1.1" 200 22
222.69.132.123 - - [08/Apr/2024:11:23:17 +0800] "GET /xingrg/check_reg.html?_=1712546599217 HTTP/1.1" 200 22
222.69.132.123 - - [08/Apr/2024:11:23:17 +0800] "GET /xingrg/all/function/internal_message.html?_=1712546599221&CODE_STATE=getMsg HTTP/1.1" 200 27
101.83.144.49 - - [08/Apr/2024:11:23:18 +0800] "GET /xingrg/all/function/internal_message.html?_=1712546598413&CODE_STATE=getMsg HTTP/1.1" 200 27
222.70.183.82 - - [08/Apr/2024:11:23:19 +0800] "GET /xingrg/kc/buy/cgsh_order_operate.html?command=get_materiel&rest_code=00111&code=00101008069&supplier_code=00100008&order_time=2024-04-08 HTTP/1.1" 200 412
101.83.144.49 - - [08/Apr/2024:11:23:26 +0800] "GET /xingrg/kc/base/wldb_order_add.html HTTP/1.1" 200 30382
180.158.9.158 - - [08/Apr/2024:11:23:26 +0800] "GET /xingrg/check_reg.html?_=1712546604717 HTTP/1.1" 302 -
180.158.9.158 - - [08/Apr/2024:11:23:26 +0800] "GET /xingrg/all/function/internal_message.html?_=1712546604719&CODE_STATE=getMsg HTTP/1.1" 302 -
180.164.1.25 - - [08/Apr/2024:11:23:27 +0800] "GET /xingrg/all/function/internal_message.html?_=1712546605963&CODE_STATE=getMsg HTTP/1.1" 200 27
101.83.144.49 - - [08/Apr/2024:11:23:27 +0800] "POST /xingrg/kc/base/wldb_order_operate.html HTTP/1.1" 200 6806
180.169.147.146 - - [08/Apr/2024:11:23:27 +0800] "GET /xingrg/all/function/internal_message.html?_=1712546606767&CODE_STATE=getMsg HTTP/1.1" 200 27
101.83.144.49 - - [08/Apr/2024:11:23:27 +0800] "GET /xingrg/javascript/easyui/themes/default/validatebox.css HTTP/1.1" 404 1104
124.78.159.2 - - [08/Apr/2024:11:23:32 +0800] "GET /xingrg/all/function/internal_message.html?_=1712546612125&CODE_STATE=getMsg HTTP/1.1" 200 27
116.230.108.72 - - [08/Apr/2024:11:23:32 +0800] "GET /xingrg/all/function/internal_message.html?_=1712546565962&CODE_STATE=getMsg HTTP/1.1" 200 27
124.78.56.241 - - [08/Apr/2024:11:23:34 +0800] "GET /xingrg/kc/buy/cgsh_order_operate.html?command=get_materiel&rest_code=00141&code=00101018019&supplier_code=00100330&order_time=2024-04-08 HTTP/1.1" 200 421
116.224.254.208 - - [08/Apr/2024:11:23:34 +0800] "GET /xingrg/all/function/internal_message.html?_=1712546614457&CODE_STATE=getMsg HTTP/1.1" 200 27
101.83.144.49 - - [08/Apr/2024:11:23:36 +0800] "GET /xingrg/all/function/internal_message.html?_=1712546375797&CODE_STATE=getMsg HTTP/1.1" 200 27
101.80.230.31 - - [08/Apr/2024:11:23:37 +0800] "POST /xingrg/dwr/call/plaincall/AjaxReportQueryService.getFixDate.dwr HTTP/1.1" 200 111
101.80.230.31 - - [08/Apr/2024:11:23:38 +0800] "POST /xingrg/dwr/call/plaincall/AjaxReportQueryService.refreshCache.dwr HTTP/1.1" 200 78
180.169.147.146 - - [08/Apr/2024:11:23:39 +0800] "GET /xingrg/all/function/internal_message.html?_=1712546620241&CODE_STATE=getMsg HTTP/1.1" 200 27
101.80.230.31 - - [08/Apr/2024:11:23:39 +0800] "POST /xingrg/all/report/load_report_page.html HTTP/1.1" 200 136837
101.80.230.31 - - [08/Apr/2024:11:23:39 +0800] "GET /xingrg/servlets/image?cache=0.8681821477322741&image=px HTTP/1.1" 200 807
222.70.183.82 - - [08/Apr/2024:11:23:39 +0800] "GET /xingrg/all/function/internal_message.html?_=1712546619583&CODE_STATE=getMsg HTTP/1.1" 200 27
124.78.159.2 - - [08/Apr/2024:11:23:44 +0800] "GET /xingrg/all/function/internal_message.html?_=1712546624220&CODE_STATE=getMsg HTTP/1.1" 200 27
124.78.159.2 - - [08/Apr/2024:11:23:45 +0800] "GET /xingrg/check_reg.html?_=1712546624502 HTTP/1.1" 200 22
116.230.108.72 - - [08/Apr/2024:11:23:46 +0800] "GET /xingrg/kc/buy/cgsh_order_add.html HTTP/1.1" 200 73940
116.230.108.72 - - [08/Apr/2024:11:23:46 +0800] "POST /xingrg/kc/buy/cgsh_order_operate.html HTTP/1.1" 200 8245
116.230.108.72 - - [08/Apr/2024:11:23:46 +0800] "GET /xingrg/javascript/easyui/themes/default/validatebox.css HTTP/1.1" 404 1104
114.85.113.46 - - [08/Apr/2024:11:23:47 +0800] "GET /xingrg/all/function/internal_message.html?_=1712546627594&CODE_STATE=getMsg HTTP/1.1" 200 27
101.83.144.49 - - [08/Apr/2024:11:23:49 +0800] "GET /xingrg/kc/base/wldb_order_operate.html?command=get_materiel&rest_code=00105&base_code=0010511&code=00101025013 HTTP/1.1" 200 463
58.40.7.146 - - [08/Apr/2024:11:23:51 +0800] "GET /xingrg/all/function/internal_message.html?_=1712546631758&CODE_STATE=getMsg HTTP/1.1" 200 27
124.78.56.241 - - [08/Apr/2024:11:23:54 +0800] "GET /xingrg/css/new_ie.css HTTP/1.1" 404 1036
222.70.183.82 - - [08/Apr/2024:11:23:54 +0800] "GET /xingrg/kc/buy/cgsh_order_operate.html?command=get_materiel&rest_code=00111&code=00101008368&supplier_code=00100008&order_time=2024-04-08 HTTP/1.1" 200 408
116.230.108.72 - - [08/Apr/2024:11:23:55 +0800] "GET /xingrg/all/function/internal_message.html?_=1712546588436&CODE_STATE=getMsg HTTP/1.1" 200 27
124.78.56.241 - - [08/Apr/2024:11:23:58 +0800] "GET /xingrg/all/function/internal_message.html?_=1712546638624&CODE_STATE=getMsg HTTP/1.1" 200 27
124.78.56.241 - - [08/Apr/2024:11:23:58 +0800] "POST /xingrg/kc/buy/cgsh_list_operate.html HTTP/1.1" 200 645
114.83.217.54 - - [08/Apr/2024:11:24:00 +0800] "GET /xingrg/check_reg.html?_=1712546640118 HTTP/1.1" 200 22
218.81.217.36 - - [08/Apr/2024:11:24:00 +0800] "GET /xingrg/kc/buy/cgsh_order_operate.html?command=get_materiel&rest_code=00146&code=00102003056&supplier_code=00100151&order_time=2024-04-08 HTTP/1.1" 200 413
101.80.230.31 - - [08/Apr/2024:11:24:01 +0800] "GET /xingrg/all/function/internal_message.html?_=1712546642024&CODE_STATE=getMsg HTTP/1.1" 200 27
172.20.0.8 - - [08/Apr/2024:11:24:03 +0800] "GET /xingrg/all/function/internal_message.html?_=1712546643429&CODE_STATE=getMsg HTTP/1.1" 302 -
180.169.147.146 - - [08/Apr/2024:11:24:03 +0800] "GET /xingrg/all/function/internal_message.html?_=1712546643716&CODE_STATE=getMsg HTTP/1.1" 200 27
180.169.147.146 - - [08/Apr/2024:11:24:05 +0800] "GET /xingrg/all/function/internal_message.html?_=1712546645933&CODE_STATE=getMsg HTTP/1.1" 200 27
101.83.144.49 - - [08/Apr/2024:11:24:07 +0800] "GET /xingrg/kc/base/wldb_order_operate.html?command=get_materiel&rest_code=00105&base_code=0010511&code=00101025014 HTTP/1.1" 200 463
114.83.217.54 - - [08/Apr/2024:11:24:12 +0800] "GET /xingrg/all/function/internal_message.html?_=1712546652871&CODE_STATE=getMsg HTTP/1.1" 200 27
180.169.147.146 - - [08/Apr/2024:11:24:17 +0800] "GET /xingrg/all/function/internal_message.html?_=1712546658534&CODE_STATE=getMsg HTTP/1.1" 200 27
222.69.132.123 - - [08/Apr/2024:11:24:17 +0800] "GET /xingrg/all/function/internal_message.html?_=1712546659216&CODE_STATE=getMsg HTTP/1.1" 200 27
124.78.56.241 - - [08/Apr/2024:11:24:17 +0800] "POST /xingrg/kc/buy/cgsh_list_operate.html HTTP/1.1" 200 1697
101.83.144.49 - - [08/Apr/2024:11:24:18 +0800] "GET /xingrg/check_reg.html?_=1712546658413 HTTP/1.1" 200 22
101.83.144.49 - - [08/Apr/2024:11:24:18 +0800] "GET /xingrg/all/function/internal_message.html?_=1712546658417&CODE_STATE=getMsg HTTP/1.1" 200 27
101.83.144.49 - - [08/Apr/2024:11:24:18 +0800] "POST /xingrg/kc/base/wldb_order_operate.html HTTP/1.1" 200 37
101.83.144.49 - - [08/Apr/2024:11:24:19 +0800] "POST /xingrg/kc/base/wldb_order_operate.html HTTP/1.1" 200 2704
124.78.56.241 - - [08/Apr/2024:11:24:20 +0800] "POST /xingrg/kc/buy/cgsh_list_operate.html HTTP/1.1" 200 572
124.78.56.241 - - [08/Apr/2024:11:24:20 +0800] "GET /xingrg/check_reg.html?_=1712546660394 HTTP/1.1" 200 22
124.78.56.241 - - [08/Apr/2024:11:24:20 +0800] "GET /xingrg/javascript/easyui/themes/default/validatebox.css HTTP/1.1" 404 1104
101.83.144.49 - - [08/Apr/2024:11:24:21 +0800] "GET /xingrg/kc/base/wldb_order_info.html?code=422024040800442 HTTP/1.1" 200 30397
116.230.108.72 - - [08/Apr/2024:11:24:21 +0800] "GET /xingrg/kc/buy/cgsh_order_operate.html?command=get_materiel&rest_code=00155&code=00101008210&supplier_code=00100005&order_time=2024-04-08 HTTP/1.1" 200 408
101.83.144.49 - - [08/Apr/2024:11:24:21 +0800] "GET /xingrg/javascript/easyui/themes/default/validatebox.css HTTP/1.1" 404 1104
124.78.56.241 - - [08/Apr/2024:11:24:21 +0800] "POST /xingrg/kc/buy/cgsh_order_operate.html HTTP/1.1" 200 17743
101.83.144.49 - - [08/Apr/2024:11:24:22 +0800] "POST /xingrg/kc/base/wldb_order_operate.html HTTP/1.1" 200 2704
124.78.56.241 - - [08/Apr/2024:11:24:23 +0800] "GET /xingrg/kc/print/load_data.html?order_code=212024040801700&kc_code=cgsh&condition= HTTP/1.1" 200 7176
222.70.183.82 - - [08/Apr/2024:11:24:24 +0800] "GET /xingrg/kc/buy/cgsh_order_operate.html?command=get_materiel&rest_code=00111&code=00101008131&supplier_code=00100008&order_time=2024-04-08 HTTP/1.1" 200 408
180.158.9.158 - - [08/Apr/2024:11:24:26 +0800] "GET /xingrg/all/function/internal_message.html?_=1712546664714&CODE_STATE=getMsg HTTP/1.1" 302 -
180.164.1.25 - - [08/Apr/2024:11:24:26 +0800] "GET /xingrg/all/function/internal_message.html?_=1712546665943&CODE_STATE=getMsg HTTP/1.1" 200 27
180.169.147.146 - - [08/Apr/2024:11:24:27 +0800] "GET /xingrg/all/function/internal_message.html?_=1712546666786&CODE_STATE=getMsg HTTP/1.1" 200 27
218.81.217.36 - - [08/Apr/2024:11:24:29 +0800] "GET /xingrg/check_reg.html?_=1712546671310 HTTP/1.1" 200 22
124.78.56.241 - - [08/Apr/2024:11:24:30 +0800] "POST /xingrg/kc/buy/cgsh_order_operate.html HTTP/1.1" 200 8245
124.78.56.241 - - [08/Apr/2024:11:24:30 +0800] "GET /xingrg/javascript/easyui/themes/default/validatebox.css HTTP/1.1" 404 1104
124.78.159.2 - - [08/Apr/2024:11:24:32 +0800] "GET /xingrg/all/function/internal_message.html?_=1712546672123&CODE_STATE=getMsg HTTP/1.1" 200 27
116.230.108.72 - - [08/Apr/2024:11:24:32 +0800] "GET /xingrg/all/function/internal_message.html?_=1712546625947&CODE_STATE=getMsg HTTP/1.1" 200 27
116.230.108.72 - - [08/Apr/2024:11:24:32 +0800] "GET /xingrg/check_reg.html?_=1712546626064 HTTP/1.1" 200 22
116.224.254.208 - - [08/Apr/2024:11:24:34 +0800] "GET /xingrg/all/function/internal_message.html?_=1712546674455&CODE_STATE=getMsg HTTP/1.1" 200 27
101.83.144.49 - - [08/Apr/2024:11:24:36 +0800] "GET /xingrg/all/function/internal_message.html?_=1712546435777&CODE_STATE=getMsg HTTP/1.1" 200 27
101.83.144.49 - - [08/Apr/2024:11:24:36 +0800] "GET /xingrg/check_reg.html?_=1712546435866 HTTP/1.1" 200 22
124.78.159.2 - - [08/Apr/2024:11:24:38 +0800] "GET /xingrg/kc/buy/cgsh_order_add.html HTTP/1.1" 200 73852
124.78.159.2 - - [08/Apr/2024:11:24:38 +0800] "POST /xingrg/kc/buy/cgsh_order_operate.html HTTP/1.1" 200 8245
124.78.159.2 - - [08/Apr/2024:11:24:39 +0800] "GET /xingrg/javascript/easyui/themes/default/validatebox.css HTTP/1.1" 404 1104
180.169.147.146 - - [08/Apr/2024:11:24:39 +0800] "GET /xingrg/all/function/internal_message.html?_=1712546680224&CODE_STATE=getMsg HTTP/1.1" 200 27
222.70.183.82 - - [08/Apr/2024:11:24:39 +0800] "GET /xingrg/all/function/internal_message.html?_=1712546679563&CODE_STATE=getMsg HTTP/1.1" 200 27
116.230.108.72 - - [08/Apr/2024:11:24:42 +0800] "GET /xingrg/kc/buy/cgsh_order_operate.html?command=get_materiel&rest_code=00155&code=00101008350&supplier_code=00100005&order_time=2024-04-08 HTTP/1.1" 200 408
124.78.159.2 - - [08/Apr/2024:11:24:44 +0800] "GET /xingrg/all/function/internal_message.html?_=1712546684204&CODE_STATE=getMsg HTTP/1.1" 200 27
114.83.217.54 - - [08/Apr/2024:11:24:45 +0800] "GET /xingrg/kc/buy/cgsh_order_operate.html?command=get_materiel&rest_code=00149&code=00101016081&supplier_code=00100323&order_time=2024-04-08 HTTP/1.1" 200 447
222.70.183.82 - - [08/Apr/2024:11:24:45 +0800] "GET /xingrg/kc/buy/cgsh_order_operate.html?command=get_materiel&rest_code=00111&code=00101008353&supplier_code=00100008&order_time=2024-04-08 HTTP/1.1" 200 408
124.78.159.2 - - [08/Apr/2024:11:24:46 +0800] "GET /xingrg/javascript/easyui/themes/default/tree.css HTTP/1.1" 404 1090
124.78.159.2 - - [08/Apr/2024:11:24:47 +0800] "POST /xingrg/all/common/load_tree.html?tree=supplier_tree_json&isDelete=1 HTTP/1.1" 200 79163
101.83.144.49 - - [08/Apr/2024:11:24:47 +0800] "GET /xingrg/kc/base/wldb_order_add.html HTTP/1.1" 200 30382
114.85.113.46 - - [08/Apr/2024:11:24:47 +0800] "GET /xingrg/all/function/internal_message.html?_=1712546687591&CODE_STATE=getMsg HTTP/1.1" 200 27
101.83.144.49 - - [08/Apr/2024:11:24:48 +0800] "POST /xingrg/kc/base/wldb_order_operate.html HTTP/1.1" 200 6806
101.83.144.49 - - [08/Apr/2024:11:24:48 +0800] "GET /xingrg/javascript/easyui/themes/default/validatebox.css HTTP/1.1" 404 1104
222.70.183.82 - - [08/Apr/2024:11:24:51 +0800] "GET /xingrg/check_reg.html?_=1712546691129 HTTP/1.1" 200 22
58.40.7.146 - - [08/Apr/2024:11:24:51 +0800] "GET /xingrg/all/function/internal_message.html?_=1712546691750&CODE_STATE=getMsg HTTP/1.1" 200 27
116.230.108.72 - - [08/Apr/2024:11:24:55 +0800] "GET /xingrg/kc/buy/cgsh_order_operate.html?command=get_materiel&rest_code=00155&code=00101008358&supplier_code=00100005&order_time=2024-04-08 HTTP/1.1" 200 412
116.230.108.72 - - [08/Apr/2024:11:24:55 +0800] "GET /xingrg/all/function/internal_message.html?_=1712546648424&CODE_STATE=getMsg HTTP/1.1" 200 27
124.78.56.241 - - [08/Apr/2024:11:24:58 +0800] "GET /xingrg/all/function/internal_message.html?_=1712546698598&CODE_STATE=getMsg HTTP/1.1" 200 27
114.83.217.54 - - [08/Apr/2024:11:24:59 +0800] "GET /xingrg/kc/buy/cgsh_order_operate.html?command=get_materiel&rest_code=00149&code=00101020108&supplier_code=00100323&order_time=2024-04-08 HTTP/1.1" 200 421
101.80.230.31 - - [08/Apr/2024:11:25:01 +0800] "GET /xingrg/all/function/internal_message.html?_=1712546702014&CODE_STATE=getMsg HTTP/1.1" 200 27
172.20.0.8 - - [08/Apr/2024:11:25:03 +0800] "GET /xingrg/all/function/internal_message.html?_=1712546703431&CODE_STATE=getMsg HTTP/1.1" 302 -
180.169.147.146 - - [08/Apr/2024:11:25:03 +0800] "GET /xingrg/check_reg.html?_=1712546703715 HTTP/1.1" 200 22
180.169.147.146 - - [08/Apr/2024:11:25:03 +0800] "GET /xingrg/all/function/internal_message.html?_=1712546703719&CODE_STATE=getMsg HTTP/1.1" 200 27
180.169.147.146 - - [08/Apr/2024:11:25:05 +0800] "GET /xingrg/all/function/internal_message.html?_=1712546705932&CODE_STATE=getMsg HTTP/1.1" 200 27
101.83.144.49 - - [08/Apr/2024:11:25:09 +0800] "GET /xingrg/kc/base/wldb_order_operate.html?command=get_materiel&rest_code=00105&base_code=0010508&code=00102002992 HTTP/1.1" 200 437
114.83.217.54 - - [08/Apr/2024:11:25:12 +0800] "GET /xingrg/all/function/internal_message.html?_=1712546712844&CODE_STATE=getMsg HTTP/1.1" 200 27
116.230.108.72 - - [08/Apr/2024:11:25:14 +0800] "GET /xingrg/kc/buy/cgsh_order_operate.html?command=get_materiel&rest_code=00155&code=00101008379&supplier_code=00100005&order_time=2024-04-08 HTTP/1.1" 200 23
116.238.97.31 - - [08/Apr/2024:11:25:15 +0800] "POST /xingrg/kc/buy/cgsh_order_operate.html HTTP/1.1" 200 37
180.169.147.146 - - [08/Apr/2024:11:25:17 +0800] "GET /xingrg/all/function/internal_message.html?_=1712546718532&CODE_STATE=getMsg HTTP/1.1" 200 27
222.69.132.123 - - [08/Apr/2024:11:25:17 +0800] "GET /xingrg/all/function/internal_message.html?_=1712546719217&CODE_STATE=getMsg HTTP/1.1" 200 27
101.83.144.49 - - [08/Apr/2024:11:25:18 +0800] "GET /xingrg/all/function/internal_message.html?_=1712546718402&CODE_STATE=getMsg HTTP/1.1" 200 27
218.81.217.36 - - [08/Apr/2024:11:25:20 +0800] "POST /xingrg/kc/buy/cgsh_order_operate.html HTTP/1.1" 200 88
101.83.144.49 - - [08/Apr/2024:11:25:22 +0800] "POST /xingrg/kc/base/wldb_order_operate.html HTTP/1.1" 200 37
101.83.144.49 - - [08/Apr/2024:11:25:22 +0800] "POST /xingrg/kc/base/wldb_order_operate.html HTTP/1.1" 200 2185
101.80.230.31 - - [08/Apr/2024:11:25:23 +0800] "GET /xingrg/logout.do HTTP/1.1" 302 -
101.80.230.31 - - [08/Apr/2024:11:25:23 +0800] "GET /xingrg/login.html?sysBaseUrl=http%3A%2F%2F180.169.147.146%3A18081%2Fxingrg%2F&costTime=31×tamp=1712546723154 HTTP/1.1" 200 7641
101.80.230.31 - - [08/Apr/2024:11:25:23 +0800] "GET /favicon.ico HTTP/1.1" 404 -
101.83.144.49 - - [08/Apr/2024:11:25:23 +0800] "GET /xingrg/kc/base/wldb_order_info.html?code=422024040800443 HTTP/1.1" 200 30395
101.83.144.49 - - [08/Apr/2024:11:25:24 +0800] "GET /xingrg/javascript/easyui/themes/default/validatebox.css HTTP/1.1" 404 1104
101.83.144.49 - - [08/Apr/2024:11:25:25 +0800] "POST /xingrg/kc/base/wldb_order_operate.html HTTP/1.1" 200 2185
124.78.159.2 - - [08/Apr/2024:11:25:26 +0800] "GET /xingrg/kc/buy/cgsh_order_operate.html?command=get_materiel&rest_code=00106&code=00101018011&supplier_code=00100330&order_time=2024-04-08 HTTP/1.1" 200 412
180.158.9.158 - - [08/Apr/2024:11:25:26 +0800] "GET /xingrg/all/function/internal_message.html?_=1712546724726&CODE_STATE=getMsg HTTP/1.1" 302 -
180.164.1.25 - - [08/Apr/2024:11:25:26 +0800] "GET /xingrg/all/function/internal_message.html?_=1712546725914&CODE_STATE=getMsg HTTP/1.1" 200 27
180.169.147.146 - - [08/Apr/2024:11:25:27 +0800] "GET /xingrg/check_reg.html?_=1712546726763 HTTP/1.1" 200 22
180.169.147.146 - - [08/Apr/2024:11:25:27 +0800] "GET /xingrg/all/function/internal_message.html?_=1712546726764&CODE_STATE=getMsg HTTP/1.1" 200 27
114.83.217.54 - - [08/Apr/2024:11:25:31 +0800] "POST /xingrg/kc/buy/cgsh_order_operate.html HTTP/1.1" 200 37
124.78.159.2 - - [08/Apr/2024:11:25:32 +0800] "GET /xingrg/all/function/internal_message.html?_=1712546732138&CODE_STATE=getMsg HTTP/1.1" 200 27
116.230.108.72 - - [08/Apr/2024:11:25:32 +0800] "GET /xingrg/all/function/internal_message.html?_=1712546685932&CODE_STATE=getMsg HTTP/1.1" 200 27
116.224.254.208 - - [08/Apr/2024:11:25:34 +0800] "GET /xingrg/all/function/internal_message.html?_=1712546734450&CODE_STATE=getMsg HTTP/1.1" 200 27
116.224.254.208 - - [08/Apr/2024:11:25:34 +0800] "GET /xingrg/check_reg.html?_=1712546734451 HTTP/1.1" 200 22
101.83.144.49 - - [08/Apr/2024:11:25:36 +0800] "GET /xingrg/all/function/internal_message.html?_=1712546495757&CODE_STATE=getMsg HTTP/1.1" 200 27
124.78.56.241 - - [08/Apr/2024:11:25:37 +0800] "POST /xingrg/kc/buy/cgsh_order_operate.html HTTP/1.1" 200 88
101.80.230.31 - - [08/Apr/2024:11:25:39 +0800] "POST /xingrg/login.do HTTP/1.1" 302 -
180.169.147.146 - - [08/Apr/2024:11:25:39 +0800] "GET /xingrg/all/function/internal_message.html?_=1712546740207&CODE_STATE=getMsg HTTP/1.1" 200 27
101.80.230.31 - - [08/Apr/2024:11:25:39 +0800] "POST /xingrg/login.do HTTP/1.1" 302 -
