116.224.254.208 - - [08/Apr/2024:11:07:34 +0800] "GET /xingrg/all/function/internal_message.html?_=1712545654470&CODE_STATE=getMsg HTTP/1.1" 200 27
101.83.144.49 - - [08/Apr/2024:11:07:36 +0800] "GET /xingrg/all/function/internal_message.html?_=1712545415774&CODE_STATE=getMsg HTTP/1.1" 200 27
180.169.147.146 - - [08/Apr/2024:11:07:39 +0800] "GET /xingrg/all/function/internal_message.html?_=1712545660494&CODE_STATE=getMsg HTTP/1.1" 200 27
222.70.183.82 - - [08/Apr/2024:11:07:40 +0800] "GET /xingrg/all/function/internal_message.html?_=1712545659796&CODE_STATE=getMsg HTTP/1.1" 200 27
116.238.97.31 - - [08/Apr/2024:11:07:41 +0800] "GET /xingrg/all/function/internal_message.html?_=1712545661619&CODE_STATE=getMsg HTTP/1.1" 200 27
114.85.113.46 - - [08/Apr/2024:11:07:47 +0800] "GET /xingrg/check_reg.html?_=1712545667589 HTTP/1.1" 200 22
114.85.113.46 - - [08/Apr/2024:11:07:47 +0800] "GET /xingrg/all/function/internal_message.html?_=1712545667592&CODE_STATE=getMsg HTTP/1.1" 200 27
116.230.108.72 - - [08/Apr/2024:11:07:55 +0800] "GET /xingrg/all/function/internal_message.html?_=1712545628434&CODE_STATE=getMsg HTTP/1.1" 200 27
124.78.56.241 - - [08/Apr/2024:11:07:58 +0800] "GET /xingrg/all/function/internal_message.html?_=1712545678884&CODE_STATE=getMsg HTTP/1.1" 200 27
101.80.230.31 - - [08/Apr/2024:11:08:01 +0800] "GET /xingrg/all/function/internal_message.html?_=1712545681972&CODE_STATE=getMsg HTTP/1.1" 200 27
172.20.0.8 - - [08/Apr/2024:11:08:03 +0800] "GET /xingrg/all/function/internal_message.html?_=1712545683433&CODE_STATE=getMsg HTTP/1.1" 302 -
180.169.147.146 - - [08/Apr/2024:11:08:03 +0800] "GET /xingrg/all/function/internal_message.html?_=1712545683701&CODE_STATE=getMsg HTTP/1.1" 200 27
180.169.147.146 - - [08/Apr/2024:11:08:05 +0800] "GET /xingrg/check_reg.html?_=1712545685884 HTTP/1.1" 200 22
180.169.147.146 - - [08/Apr/2024:11:08:05 +0800] "GET /xingrg/all/function/internal_message.html?_=1712545685885&CODE_STATE=getMsg HTTP/1.1" 200 27
218.81.217.36 - - [08/Apr/2024:11:08:11 +0800] "GET /xingrg/kc/buy/cgsh_order_operate.html?command=get_materiel&rest_code=00146&code=00102005373&supplier_code=00100151&order_time=2024-04-08 HTTP/1.1" 200 409
114.83.217.54 - - [08/Apr/2024:11:08:13 +0800] "GET /xingrg/all/function/internal_message.html?_=1712545693207&CODE_STATE=getMsg HTTP/1.1" 200 27
116.230.108.72 - - [08/Apr/2024:11:08:13 +0800] "GET /xingrg/kc/buy/buy_main.html HTTP/1.1" 200 12412
116.230.108.72 - - [08/Apr/2024:11:08:13 +0800] "GET /xingrg/css/new_ie.css HTTP/1.1" 404 1036
180.169.147.146 - - [08/Apr/2024:11:08:17 +0800] "GET /xingrg/all/function/internal_message.html?_=1712545698539&CODE_STATE=getMsg HTTP/1.1" 200 27
180.169.147.146 - - [08/Apr/2024:11:08:17 +0800] "GET /xingrg/check_reg.html?_=1712545698540 HTTP/1.1" 200 22
222.69.132.123 - - [08/Apr/2024:11:08:17 +0800] "GET /xingrg/all/function/internal_message.html?_=1712545699229&CODE_STATE=getMsg HTTP/1.1" 200 27
222.69.132.123 - - [08/Apr/2024:11:08:17 +0800] "GET /xingrg/check_reg.html?_=1712545699232 HTTP/1.1" 200 22
116.230.108.72 - - [08/Apr/2024:11:08:18 +0800] "GET /xingrg/kc/report/report_main.html HTTP/1.1" 200 7340
101.83.144.49 - - [08/Apr/2024:11:08:18 +0800] "GET /xingrg/all/function/internal_message.html?_=1712545698378&CODE_STATE=getMsg HTTP/1.1" 200 27
116.230.108.72 - - [08/Apr/2024:11:08:23 +0800] "GET /xingrg/all/report/report_query.html?fileName=kc/buy/gys_amount.xml&rh=99999 HTTP/1.1" 200 52006
116.230.108.72 - - [08/Apr/2024:11:08:23 +0800] "GET /xingrg/dwr/interface/AjaxReportQueryService.js HTTP/1.1" 200 13203
116.230.108.72 - - [08/Apr/2024:11:08:23 +0800] "GET /xingrg/dwr/engine.js HTTP/1.1" 200 43631
116.230.108.72 - - [08/Apr/2024:11:08:23 +0800] "POST /xingrg/dwr/call/plaincall/AjaxReportQueryService.getFixDate.dwr HTTP/1.1" 200 111
116.230.108.72 - - [08/Apr/2024:11:08:24 +0800] "POST /xingrg/dwr/call/plaincall/AjaxReportQueryService.getInitString.dwr HTTP/1.1" 200 1089
116.230.108.72 - - [08/Apr/2024:11:08:24 +0800] "POST /xingrg/all/common/load_tree.html?tree=materiel_sort_tree_json HTTP/1.1" 200 9734
116.230.108.72 - - [08/Apr/2024:11:08:24 +0800] "POST /xingrg/all/common/load_tree.html?tree=supplier_tree_json&manage=1 HTTP/1.1" 200 81572
180.158.9.158 - - [08/Apr/2024:11:08:26 +0800] "GET /xingrg/all/function/internal_message.html?_=1712545704726&CODE_STATE=getMsg HTTP/1.1" 302 -
180.158.9.158 - - [08/Apr/2024:11:08:26 +0800] "GET /xingrg/check_reg.html?_=1712545704727 HTTP/1.1" 302 -
180.169.147.146 - - [08/Apr/2024:11:08:27 +0800] "GET /xingrg/all/function/internal_message.html?_=1712545706775&CODE_STATE=getMsg HTTP/1.1" 200 27
180.164.1.25 - - [08/Apr/2024:11:08:27 +0800] "GET /xingrg/all/function/internal_message.html?_=1712545706234&CODE_STATE=getMsg HTTP/1.1" 200 27
116.230.108.72 - - [08/Apr/2024:11:08:28 +0800] "POST /xingrg/dwr/call/plaincall/AjaxReportQueryService.getFixDate.dwr HTTP/1.1" 200 111
116.224.254.208 - - [08/Apr/2024:11:08:32 +0800] "GET /xingrg/kc/buy/cgsh_order_add.html HTTP/1.1" 200 73444
116.224.254.208 - - [08/Apr/2024:11:08:32 +0800] "POST /xingrg/kc/buy/cgsh_order_operate.html HTTP/1.1" 200 8245
116.224.254.208 - - [08/Apr/2024:11:08:32 +0800] "GET /xingrg/javascript/easyui/themes/default/validatebox.css HTTP/1.1" 404 1104
116.230.108.72 - - [08/Apr/2024:11:08:33 +0800] "GET /xingrg/all/function/internal_message.html?_=1712545666047&CODE_STATE=getMsg HTTP/1.1" 200 27
116.224.254.208 - - [08/Apr/2024:11:08:34 +0800] "GET /xingrg/all/function/internal_message.html?_=1712545714445&CODE_STATE=getMsg HTTP/1.1" 200 27
101.83.144.49 - - [08/Apr/2024:11:08:36 +0800] "GET /xingrg/all/function/internal_message.html?_=1712545475773&CODE_STATE=getMsg HTTP/1.1" 200 27
180.169.147.146 - - [08/Apr/2024:11:08:39 +0800] "GET /xingrg/all/function/internal_message.html?_=1712545720477&CODE_STATE=getMsg HTTP/1.1" 200 27
222.70.183.82 - - [08/Apr/2024:11:08:40 +0800] "GET /xingrg/all/function/internal_message.html?_=1712545719779&CODE_STATE=getMsg HTTP/1.1" 200 27
116.230.108.72 - - [08/Apr/2024:11:08:40 +0800] "POST /xingrg/dwr/call/plaincall/AjaxReportQueryService.refreshCache.dwr HTTP/1.1" 200 78
116.238.97.31 - - [08/Apr/2024:11:08:41 +0800] "GET /xingrg/all/function/internal_message.html?_=1712545721609&CODE_STATE=getMsg HTTP/1.1" 200 27
116.230.108.72 - - [08/Apr/2024:11:08:41 +0800] "POST /xingrg/all/report/load_report_page.html HTTP/1.1" 200 8932
116.230.108.72 - - [08/Apr/2024:11:08:41 +0800] "GET /xingrg/servlets/image?cache=0.9302793127137148&image=px HTTP/1.1" 200 807
116.224.254.208 - - [08/Apr/2024:11:08:43 +0800] "GET /xingrg/kc/buy/cgsh_order_operate.html?command=get_materiel&rest_code=00151&code=00101010161&supplier_code=00100334&order_time=2024-04-08 HTTP/1.1" 200 408
116.230.108.72 - - [08/Apr/2024:11:08:43 +0800] "GET /xingrg/all/report/report_query.html?isQuery=1&fileName=kc/buy/wlcg_cate_hz.xml&queryString=(CONVERT(char(10)%252Ca.order_time%252C%2520120)%253E%253D'2024-03-01')%2520and%2520(CONVERT(char(10)%252Ca.order_time%252C%2520120)%253C%253D'2024-03-31')%2520and%2520(a.supplier_code%2520in%2520('00100252'))%2520and%2520(a.number%253E0%2520and%2520a.supplier_code%253D'00100252')&queryText=%25E3%2580%2590%25E9%2587%2587%25E8%25B4%25AD%25E6%2597%25A5%25E6%259C%259F%253A2024-03-01%2520%25E8%2587%25B3%25202024-03-31%25E3%2580%2591%2520%25E5%25B9%25B6%25E4%25B8%2594%2520%2520%25E3%2580%2590%25E4%25BE%259B%25E5%25BA%2594%25E5%2595%2586%2520%253D%2520%25E6%259E%259C%25E6%25B1%2581%25EF%25BC%2588%25E6%2596%25B9%25E9%25B2%259C%25E9%25A3%259F%25E5%2593%2581%25EF%25BC%2589%25E3%2580%2591%2520%25E5%25B9%25B6%25E4%25B8%2594%2520%25E3%2580%2590%25E4%25BE%259B%25E5%25BA%2594%25E5%2595%2586%253D%25E6%259E%259C%25E6%25B1%2581%25EF%25BC%2588%25E6%2596%25B9%25E9%25B2%259C%25E9%25A3%259F%25E5%2593%2581%25EF%25BC%2589%25E3%2580%2591 HTTP/1.1" 200 54488
116.230.108.72 - - [08/Apr/2024:11:08:44 +0800] "GET /xingrg/dwr/interface/AjaxReportQueryService.js HTTP/1.1" 200 13203
116.230.108.72 - - [08/Apr/2024:11:08:44 +0800] "GET /xingrg/dwr/engine.js HTTP/1.1" 200 43631
116.230.108.72 - - [08/Apr/2024:11:08:46 +0800] "POST /xingrg/all/report/load_report_page.html HTTP/1.1" 200 8719
116.230.108.72 - - [08/Apr/2024:11:08:46 +0800] "GET /xingrg/servlets/image?cache=0.14830871044123928&image=px HTTP/1.1" 200 807
114.85.113.46 - - [08/Apr/2024:11:08:47 +0800] "GET /xingrg/all/function/internal_message.html?_=1712545727589&CODE_STATE=getMsg HTTP/1.1" 200 27
116.224.254.208 - - [08/Apr/2024:11:08:54 +0800] "POST /xingrg/kc/buy/cgsh_order_operate.html HTTP/1.1" 200 37
116.230.108.72 - - [08/Apr/2024:11:08:55 +0800] "GET /xingrg/all/function/internal_message.html?_=1712545688423&CODE_STATE=getMsg HTTP/1.1" 200 27
124.78.56.241 - - [08/Apr/2024:11:08:58 +0800] "GET /xingrg/all/function/internal_message.html?_=1712545738857&CODE_STATE=getMsg HTTP/1.1" 200 27
114.83.217.54 - - [08/Apr/2024:11:09:00 +0800] "GET /xingrg/check_reg.html?_=1712545740152 HTTP/1.1" 200 22
101.80.230.31 - - [08/Apr/2024:11:09:01 +0800] "GET /xingrg/all/function/internal_message.html?_=1712545741977&CODE_STATE=getMsg HTTP/1.1" 200 27
116.224.254.208 - - [08/Apr/2024:11:09:02 +0800] "POST /xingrg/kc/buy/cgsh_order_operate.html HTTP/1.1" 200 12
172.20.0.8 - - [08/Apr/2024:11:09:03 +0800] "GET /xingrg/all/function/internal_message.html?_=1712545743433&CODE_STATE=getMsg HTTP/1.1" 302 -
180.169.147.146 - - [08/Apr/2024:11:09:03 +0800] "GET /xingrg/all/function/internal_message.html?_=1712545743700&CODE_STATE=getMsg HTTP/1.1" 200 27
116.224.254.208 - - [08/Apr/2024:11:09:04 +0800] "GET /xingrg/kc/buy/cgsh_order_info.html?code=212024040801751 HTTP/1.1" 200 68357
116.224.254.208 - - [08/Apr/2024:11:09:05 +0800] "GET /xingrg/javascript/easyui/themes/default/validatebox.css HTTP/1.1" 404 1104
180.169.147.146 - - [08/Apr/2024:11:09:05 +0800] "GET /xingrg/all/function/internal_message.html?_=1712545745883&CODE_STATE=getMsg HTTP/1.1" 200 27
116.224.254.208 - - [08/Apr/2024:11:09:06 +0800] "POST /xingrg/kc/buy/cgsh_order_operate.html HTTP/1.1" 200 610
116.224.254.208 - - [08/Apr/2024:11:09:07 +0800] "GET /xingrg/kc/print/load_data.html?order_code=212024040801751&kc_code=cgsh&condition= HTTP/1.1" 200 710
116.224.254.208 - - [08/Apr/2024:11:09:12 +0800] "GET /xingrg/kc/buy/cgsh_order_add.html HTTP/1.1" 200 73444
114.83.217.54 - - [08/Apr/2024:11:09:13 +0800] "GET /xingrg/all/function/internal_message.html?_=1712545753181&CODE_STATE=getMsg HTTP/1.1" 200 27
116.224.254.208 - - [08/Apr/2024:11:09:13 +0800] "POST /xingrg/kc/buy/cgsh_order_operate.html HTTP/1.1" 200 8245
116.224.254.208 - - [08/Apr/2024:11:09:13 +0800] "GET /xingrg/javascript/easyui/themes/default/validatebox.css HTTP/1.1" 404 1104
180.169.147.146 - - [08/Apr/2024:11:09:17 +0800] "GET /xingrg/all/function/internal_message.html?_=1712545758538&CODE_STATE=getMsg HTTP/1.1" 200 27
222.69.132.123 - - [08/Apr/2024:11:09:17 +0800] "GET /xingrg/all/function/internal_message.html?_=1712545759205&CODE_STATE=getMsg HTTP/1.1" 200 27
101.83.144.49 - - [08/Apr/2024:11:09:18 +0800] "GET /xingrg/all/function/internal_message.html?_=1712545758379&CODE_STATE=getMsg HTTP/1.1" 200 27
101.83.144.49 - - [08/Apr/2024:11:09:18 +0800] "GET /xingrg/check_reg.html?_=1712545758383 HTTP/1.1" 200 22
124.78.56.241 - - [08/Apr/2024:11:09:20 +0800] "GET /xingrg/check_reg.html?_=1712545760433 HTTP/1.1" 200 22
116.224.254.208 - - [08/Apr/2024:11:09:20 +0800] "GET /xingrg/kc/buy/cgsh_order_operate.html?command=get_materiel&rest_code=00151&code=00101010079&supplier_code=00100336&order_time=2024-04-08 HTTP/1.1" 200 413
180.158.9.158 - - [08/Apr/2024:11:09:26 +0800] "GET /xingrg/all/function/internal_message.html?_=1712545764724&CODE_STATE=getMsg HTTP/1.1" 302 -
180.169.147.146 - - [08/Apr/2024:11:09:27 +0800] "GET /xingrg/all/function/internal_message.html?_=1712545766762&CODE_STATE=getMsg HTTP/1.1" 200 27
180.164.1.25 - - [08/Apr/2024:11:09:27 +0800] "GET /xingrg/all/function/internal_message.html?_=1712545766217&CODE_STATE=getMsg HTTP/1.1" 200 27
218.81.217.36 - - [08/Apr/2024:11:09:29 +0800] "GET /xingrg/check_reg.html?_=1712545770996 HTTP/1.1" 200 22
116.224.254.208 - - [08/Apr/2024:11:09:29 +0800] "POST /xingrg/kc/buy/cgsh_order_operate.html HTTP/1.1" 200 37
116.230.108.72 - - [08/Apr/2024:11:09:32 +0800] "GET /xingrg/all/function/internal_message.html?_=1712545726047&CODE_STATE=getMsg HTTP/1.1" 200 27
116.230.108.72 - - [08/Apr/2024:11:09:32 +0800] "GET /xingrg/check_reg.html?_=1712545726051 HTTP/1.1" 200 22
116.224.254.208 - - [08/Apr/2024:11:09:34 +0800] "GET /xingrg/all/function/internal_message.html?_=1712545774453&CODE_STATE=getMsg HTTP/1.1" 200 27
116.224.254.208 - - [08/Apr/2024:11:09:36 +0800] "POST /xingrg/kc/buy/cgsh_order_operate.html HTTP/1.1" 200 12
101.83.144.49 - - [08/Apr/2024:11:09:36 +0800] "GET /xingrg/check_reg.html?_=1712545535773 HTTP/1.1" 200 22
101.83.144.49 - - [08/Apr/2024:11:09:36 +0800] "GET /xingrg/all/function/internal_message.html?_=1712545535774&CODE_STATE=getMsg HTTP/1.1" 200 27
116.224.254.208 - - [08/Apr/2024:11:09:37 +0800] "GET /xingrg/kc/buy/cgsh_order_info.html?code=212024040801752 HTTP/1.1" 200 68353
116.224.254.208 - - [08/Apr/2024:11:09:38 +0800] "GET /xingrg/javascript/easyui/themes/default/validatebox.css HTTP/1.1" 404 1104
116.224.254.208 - - [08/Apr/2024:11:09:39 +0800] "POST /xingrg/kc/buy/cgsh_order_operate.html HTTP/1.1" 200 618
180.169.147.146 - - [08/Apr/2024:11:09:39 +0800] "GET /xingrg/all/function/internal_message.html?_=1712545780460&CODE_STATE=getMsg HTTP/1.1" 200 27
222.70.183.82 - - [08/Apr/2024:11:09:40 +0800] "GET /xingrg/all/function/internal_message.html?_=1712545779763&CODE_STATE=getMsg HTTP/1.1" 200 27
116.224.254.208 - - [08/Apr/2024:11:09:41 +0800] "GET /xingrg/kc/print/load_data.html?order_code=212024040801752&kc_code=cgsh&condition= HTTP/1.1" 200 720
116.238.97.31 - - [08/Apr/2024:11:09:41 +0800] "GET /xingrg/all/function/internal_message.html?_=1712545781602&CODE_STATE=getMsg HTTP/1.1" 200 27
116.224.254.208 - - [08/Apr/2024:11:09:45 +0800] "GET /xingrg/kc/buy/cgsh_order_add.html HTTP/1.1" 200 73444
116.224.254.208 - - [08/Apr/2024:11:09:45 +0800] "POST /xingrg/kc/buy/cgsh_order_operate.html HTTP/1.1" 200 8245
116.224.254.208 - - [08/Apr/2024:11:09:45 +0800] "GET /xingrg/javascript/easyui/themes/default/validatebox.css HTTP/1.1" 404 1104
114.85.113.46 - - [08/Apr/2024:11:09:47 +0800] "GET /xingrg/all/function/internal_message.html?_=1712545787589&CODE_STATE=getMsg HTTP/1.1" 200 27
222.70.183.82 - - [08/Apr/2024:11:09:51 +0800] "GET /xingrg/check_reg.html?_=1712545791112 HTTP/1.1" 200 22
116.230.108.72 - - [08/Apr/2024:11:09:55 +0800] "GET /xingrg/all/function/internal_message.html?_=1712545748431&CODE_STATE=getMsg HTTP/1.1" 200 27
116.224.254.208 - - [08/Apr/2024:11:09:56 +0800] "GET /xingrg/kc/buy/cgsh_order_operate.html?command=get_materiel&rest_code=00151&code=00101010646&supplier_code=00100325&order_time=2024-04-08 HTTP/1.1" 200 422
124.78.56.241 - - [08/Apr/2024:11:09:58 +0800] "GET /xingrg/all/function/internal_message.html?_=1712545798841&CODE_STATE=getMsg HTTP/1.1" 200 27
101.80.230.31 - - [08/Apr/2024:11:10:01 +0800] "GET /xingrg/all/function/internal_message.html?_=1712545801980&CODE_STATE=getMsg HTTP/1.1" 200 27
172.20.0.8 - - [08/Apr/2024:11:10:03 +0800] "GET /xingrg/all/function/internal_message.html?_=1712545803435&CODE_STATE=getMsg HTTP/1.1" 302 -
180.169.147.146 - - [08/Apr/2024:11:10:03 +0800] "GET /xingrg/all/function/internal_message.html?_=1712545803700&CODE_STATE=getMsg HTTP/1.1" 200 27
180.169.147.146 - - [08/Apr/2024:11:10:03 +0800] "GET /xingrg/check_reg.html?_=1712545803703 HTTP/1.1" 200 22
180.169.147.146 - - [08/Apr/2024:11:10:05 +0800] "GET /xingrg/all/function/internal_message.html?_=1712545805883&CODE_STATE=getMsg HTTP/1.1" 200 27
116.224.254.208 - - [08/Apr/2024:11:10:06 +0800] "GET /xingrg/kc/buy/cgsh_order_operate.html?command=get_materiel&rest_code=00151&code=00101010850&supplier_code=00100325&order_time=2024-04-08 HTTP/1.1" 200 409
114.83.217.54 - - [08/Apr/2024:11:10:13 +0800] "GET /xingrg/all/function/internal_message.html?_=1712545813166&CODE_STATE=getMsg HTTP/1.1" 200 27
180.169.147.146 - - [08/Apr/2024:11:10:17 +0800] "GET /xingrg/all/function/internal_message.html?_=1712545818537&CODE_STATE=getMsg HTTP/1.1" 200 27
222.69.132.123 - - [08/Apr/2024:11:10:17 +0800] "GET /xingrg/all/function/internal_message.html?_=1712545819222&CODE_STATE=getMsg HTTP/1.1" 200 27
101.83.144.49 - - [08/Apr/2024:11:10:18 +0800] "GET /xingrg/all/function/internal_message.html?_=1712545818383&CODE_STATE=getMsg HTTP/1.1" 200 27
116.224.254.208 - - [08/Apr/2024:11:10:20 +0800] "GET /xingrg/kc/buy/cgsh_order_operate.html?command=get_materiel&rest_code=00151&code=00101010412&supplier_code=00100325&order_time=2024-04-08 HTTP/1.1" 200 445
180.158.9.158 - - [08/Apr/2024:11:10:26 +0800] "GET /xingrg/all/function/internal_message.html?_=1712545824716&CODE_STATE=getMsg HTTP/1.1" 302 -
180.169.147.146 - - [08/Apr/2024:11:10:27 +0800] "GET /xingrg/all/function/internal_message.html?_=1712545826768&CODE_STATE=getMsg HTTP/1.1" 200 27
180.169.147.146 - - [08/Apr/2024:11:10:27 +0800] "GET /xingrg/check_reg.html?_=1712545826770 HTTP/1.1" 200 22
180.164.1.25 - - [08/Apr/2024:11:10:27 +0800] "GET /xingrg/all/function/internal_message.html?_=1712545826197&CODE_STATE=getMsg HTTP/1.1" 200 27
116.230.108.72 - - [08/Apr/2024:11:10:32 +0800] "GET /xingrg/all/function/internal_message.html?_=1712545786053&CODE_STATE=getMsg HTTP/1.1" 200 27
116.224.254.208 - - [08/Apr/2024:11:10:34 +0800] "GET /xingrg/check_reg.html?_=1712545834449 HTTP/1.1" 200 22
116.224.254.208 - - [08/Apr/2024:11:10:34 +0800] "GET /xingrg/all/function/internal_message.html?_=1712545834449&CODE_STATE=getMsg HTTP/1.1" 200 27
116.224.254.208 - - [08/Apr/2024:11:10:35 +0800] "GET /xingrg/kc/buy/cgsh_order_operate.html?command=get_materiel&rest_code=00151&code=00101037210&supplier_code=00100325&order_time=2024-04-08 HTTP/1.1" 200 433
101.83.144.49 - - [08/Apr/2024:11:10:36 +0800] "GET /xingrg/all/function/internal_message.html?_=1712545595775&CODE_STATE=getMsg HTTP/1.1" 200 27
180.169.147.146 - - [08/Apr/2024:11:10:39 +0800] "GET /xingrg/all/function/internal_message.html?_=1712545840443&CODE_STATE=getMsg HTTP/1.1" 200 27
180.169.147.146 - - [08/Apr/2024:11:10:39 +0800] "GET /xingrg/check_reg.html?_=1712545840976 HTTP/1.1" 200 22
222.70.183.82 - - [08/Apr/2024:11:10:39 +0800] "GET /xingrg/all/function/internal_message.html?_=1712545839740&CODE_STATE=getMsg HTTP/1.1" 200 27
116.238.97.31 - - [08/Apr/2024:11:10:41 +0800] "GET /xingrg/all/function/internal_message.html?_=1712545841590&CODE_STATE=getMsg HTTP/1.1" 200 27
116.238.97.31 - - [08/Apr/2024:11:10:41 +0800] "GET /xingrg/check_reg.html?_=1712545842022 HTTP/1.1" 200 22
124.78.159.2 - - [08/Apr/2024:11:10:45 +0800] "GET /xingrg/all/function/internal_message.html?_=1712545844533&CODE_STATE=getMsg HTTP/1.1" 200 27
116.224.254.208 - - [08/Apr/2024:11:10:45 +0800] "GET /xingrg/kc/buy/cgsh_order_operate.html?command=get_materiel&rest_code=00151&code=00101010415&supplier_code=00100325&order_time=2024-04-08 HTTP/1.1" 200 432
124.78.159.2 - - [08/Apr/2024:11:10:45 +0800] "POST /xingrg/kc/base/wldb_order_operate.html HTTP/1.1" 200 37
124.78.159.2 - - [08/Apr/2024:11:10:46 +0800] "POST /xingrg/kc/base/wldb_order_operate.html HTTP/1.1" 200 3662
116.230.108.72 - - [08/Apr/2024:11:10:47 +0800] "GET /xingrg/kc/buy/buy_main.html HTTP/1.1" 200 12412
116.230.108.72 - - [08/Apr/2024:11:10:47 +0800] "GET /xingrg/css/new_ie.css HTTP/1.1" 404 1036
114.85.113.46 - - [08/Apr/2024:11:10:47 +0800] "GET /xingrg/all/function/internal_message.html?_=1712545847588&CODE_STATE=getMsg HTTP/1.1" 200 27
180.164.1.25 - - [08/Apr/2024:11:10:48 +0800] "GET /xingrg/check_reg.html?_=1712545847143 HTTP/1.1" 200 22
116.230.108.72 - - [08/Apr/2024:11:10:48 +0800] "GET /xingrg/images/yd/bt.gif HTTP/1.1" 404 1040
116.230.108.72 - - [08/Apr/2024:11:10:49 +0800] "GET /xingrg/kc/buy/cgsh_order_list.html HTTP/1.1" 200 58077
116.230.108.72 - - [08/Apr/2024:11:10:54 +0800] "POST /xingrg/kc/buy/cgsh_list_operate.html HTTP/1.1" 200 1374
116.230.108.72 - - [08/Apr/2024:11:10:55 +0800] "GET /xingrg/all/function/internal_message.html?_=1712545808423&CODE_STATE=getMsg HTTP/1.1" 200 27
124.78.56.241 - - [08/Apr/2024:11:10:58 +0800] "GET /xingrg/all/function/internal_message.html?_=1712545858820&CODE_STATE=getMsg HTTP/1.1" 200 27
101.80.230.31 - - [08/Apr/2024:11:11:01 +0800] "GET /xingrg/all/function/internal_message.html?_=1712545861967&CODE_STATE=getMsg HTTP/1.1" 200 27
101.80.230.31 - - [08/Apr/2024:11:11:01 +0800] "GET /xingrg/check_reg.html?_=1712545861973 HTTP/1.1" 200 22
172.20.0.8 - - [08/Apr/2024:11:11:03 +0800] "GET /xingrg/check_reg.html?_=1712545863420 HTTP/1.1" 302 -
172.20.0.8 - - [08/Apr/2024:11:11:03 +0800] "GET /xingrg/all/function/internal_message.html?_=1712545863437&CODE_STATE=getMsg HTTP/1.1" 302 -
180.169.147.146 - - [08/Apr/2024:11:11:03 +0800] "GET /xingrg/all/function/internal_message.html?_=1712545863698&CODE_STATE=getMsg HTTP/1.1" 200 27
124.78.159.2 - - [08/Apr/2024:11:11:04 +0800] "GET /xingrg/kc/base/wldb_order_info.html?code=422024040800437 HTTP/1.1" 200 30401
124.78.159.2 - - [08/Apr/2024:11:11:05 +0800] "GET /xingrg/javascript/easyui/themes/default/validatebox.css HTTP/1.1" 404 1104
180.169.147.146 - - [08/Apr/2024:11:11:05 +0800] "GET /xingrg/all/function/internal_message.html?_=1712545865908&CODE_STATE=getMsg HTTP/1.1" 200 27
124.78.159.2 - - [08/Apr/2024:11:11:06 +0800] "POST /xingrg/kc/base/wldb_order_operate.html HTTP/1.1" 200 3662
124.78.159.2 - - [08/Apr/2024:11:11:09 +0800] "GET /xingrg/kc/base/wldb_order_add.html HTTP/1.1" 200 30386
116.224.254.208 - - [08/Apr/2024:11:11:09 +0800] "POST /xingrg/kc/buy/cgsh_order_operate.html HTTP/1.1" 200 37
124.78.159.2 - - [08/Apr/2024:11:11:09 +0800] "POST /xingrg/kc/base/wldb_order_operate.html HTTP/1.1" 200 6806
124.78.159.2 - - [08/Apr/2024:11:11:09 +0800] "GET /xingrg/javascript/easyui/themes/default/validatebox.css HTTP/1.1" 404 1104
124.78.159.2 - - [08/Apr/2024:11:11:11 +0800] "POST /xingrg/all/common/load_combo.html?type=base HTTP/1.1" 200 3227
114.83.217.54 - - [08/Apr/2024:11:11:13 +0800] "GET /xingrg/all/function/internal_message.html?_=1712545873140&CODE_STATE=getMsg HTTP/1.1" 200 27
124.78.159.2 - - [08/Apr/2024:11:11:14 +0800] "POST /xingrg/all/common/load_combo.html?type=base HTTP/1.1" 200 3227
180.169.147.146 - - [08/Apr/2024:11:11:17 +0800] "GET /xingrg/all/function/internal_message.html?_=1712545878535&CODE_STATE=getMsg HTTP/1.1" 200 27
222.69.132.123 - - [08/Apr/2024:11:11:17 +0800] "GET /xingrg/all/function/internal_message.html?_=1712545879214&CODE_STATE=getMsg HTTP/1.1" 200 27
101.83.144.49 - - [08/Apr/2024:11:11:18 +0800] "GET /xingrg/all/function/internal_message.html?_=1712545878384&CODE_STATE=getMsg HTTP/1.1" 200 27
116.224.254.208 - - [08/Apr/2024:11:11:19 +0800] "POST /xingrg/kc/buy/cgsh_order_operate.html HTTP/1.1" 200 12
124.78.159.2 - - [08/Apr/2024:11:11:21 +0800] "GET /xingrg/kc/base/wldb_order_operate.html?command=get_materiel&rest_code=00106&base_code=0010397&code=00102002433 HTTP/1.1" 200 457
180.158.9.158 - - [08/Apr/2024:11:11:26 +0800] "GET /xingrg/all/function/internal_message.html?_=1712545884723&CODE_STATE=getMsg HTTP/1.1" 302 -
180.169.147.146 - - [08/Apr/2024:11:11:27 +0800] "GET /xingrg/all/function/internal_message.html?_=1712545886785&CODE_STATE=getMsg HTTP/1.1" 200 27
180.164.1.25 - - [08/Apr/2024:11:11:27 +0800] "GET /xingrg/all/function/internal_message.html?_=1712545886183&CODE_STATE=getMsg HTTP/1.1" 200 27
124.78.159.2 - - [08/Apr/2024:11:11:27 +0800] "POST /xingrg/kc/base/wldb_order_operate.html HTTP/1.1" 200 37
124.78.159.2 - - [08/Apr/2024:11:11:28 +0800] "POST /xingrg/kc/base/wldb_order_operate.html HTTP/1.1" 200 2201
124.78.159.2 - - [08/Apr/2024:11:11:29 +0800] "GET /xingrg/kc/base/wldb_order_info.html?code=422024040800438 HTTP/1.1" 200 30400
124.78.159.2 - - [08/Apr/2024:11:11:29 +0800] "GET /xingrg/javascript/easyui/themes/default/validatebox.css HTTP/1.1" 404 1104
124.78.159.2 - - [08/Apr/2024:11:11:30 +0800] "POST /xingrg/kc/base/wldb_order_operate.html HTTP/1.1" 200 2201
116.230.108.72 - - [08/Apr/2024:11:11:32 +0800] "GET /xingrg/all/function/internal_message.html?_=1712545846058&CODE_STATE=getMsg HTTP/1.1" 200 27
116.224.254.208 - - [08/Apr/2024:11:11:34 +0800] "GET /xingrg/kc/buy/cgsh_order_info.html?code=212024040801753 HTTP/1.1" 200 68357
116.224.254.208 - - [08/Apr/2024:11:11:34 +0800] "GET /xingrg/javascript/easyui/themes/default/validatebox.css HTTP/1.1" 404 1104
116.224.254.208 - - [08/Apr/2024:11:11:34 +0800] "GET /xingrg/all/function/internal_message.html?_=1712545894499&CODE_STATE=getMsg HTTP/1.1" 200 27
116.224.254.208 - - [08/Apr/2024:11:11:35 +0800] "POST /xingrg/kc/buy/cgsh_order_operate.html HTTP/1.1" 200 3057
101.83.144.49 - - [08/Apr/2024:11:11:36 +0800] "GET /xingrg/all/function/internal_message.html?_=1712545655772&CODE_STATE=getMsg HTTP/1.1" 200 27
124.78.159.2 - - [08/Apr/2024:11:11:38 +0800] "POST /xingrg/kc/base/wldb_list_operate.html HTTP/1.1" 200 2975
180.169.147.146 - - [08/Apr/2024:11:11:39 +0800] "GET /xingrg/all/function/internal_message.html?_=1712545900439&CODE_STATE=getMsg HTTP/1.1" 200 27
124.78.159.2 - - [08/Apr/2024:11:11:39 +0800] "POST /xingrg/kc/base/wldb_list_operate.html HTTP/1.1" 200 208
222.70.183.82 - - [08/Apr/2024:11:11:39 +0800] "GET /xingrg/all/function/internal_message.html?_=1712545899729&CODE_STATE=getMsg HTTP/1.1" 200 27
116.224.254.208 - - [08/Apr/2024:11:11:40 +0800] "GET /xingrg/kc/print/load_data.html?order_code=212024040801753&kc_code=cgsh&condition= HTTP/1.1" 200 1698
116.238.97.31 - - [08/Apr/2024:11:11:41 +0800] "GET /xingrg/all/function/internal_message.html?_=1712545901576&CODE_STATE=getMsg HTTP/1.1" 200 27
124.78.159.2 - - [08/Apr/2024:11:11:42 +0800] "POST /xingrg/kc/base/wldb_list_operate.html HTTP/1.1" 200 450
124.78.159.2 - - [08/Apr/2024:11:11:45 +0800] "GET /xingrg/all/function/internal_message.html?_=1712545904513&CODE_STATE=getMsg HTTP/1.1" 200 27
114.85.113.46 - - [08/Apr/2024:11:11:47 +0800] "GET /xingrg/all/function/internal_message.html?_=1712545907591&CODE_STATE=getMsg HTTP/1.1" 200 27
116.230.108.72 - - [08/Apr/2024:11:11:55 +0800] "GET /xingrg/all/function/internal_message.html?_=1712545868428&CODE_STATE=getMsg HTTP/1.1" 200 27
116.230.108.72 - - [08/Apr/2024:11:11:55 +0800] "GET /xingrg/check_reg.html?_=1712545868431 HTTP/1.1" 200 22
218.81.217.36 - - [08/Apr/2024:11:11:55 +0800] "POST /xingrg/kc/buy/cgsh_order_operate.html HTTP/1.1" 200 37
124.78.56.241 - - [08/Apr/2024:11:11:58 +0800] "GET /xingrg/all/function/internal_message.html?_=1712545918793&CODE_STATE=getMsg HTTP/1.1" 200 27
218.81.217.36 - - [08/Apr/2024:11:12:00 +0800] "POST /xingrg/kc/buy/cgsh_order_operate.html HTTP/1.1" 200 10999
101.80.230.31 - - [08/Apr/2024:11:12:01 +0800] "GET /xingrg/all/function/internal_message.html?_=1712545921974&CODE_STATE=getMsg HTTP/1.1" 200 27
172.20.0.8 - - [08/Apr/2024:11:12:03 +0800] "GET /xingrg/all/function/internal_message.html?_=1712545923439&CODE_STATE=getMsg HTTP/1.1" 302 -
218.81.217.36 - - [08/Apr/2024:11:12:03 +0800] "GET /xingrg/kc/print/load_data.html?order_code=212024040801754&kc_code=cgsh&condition= HTTP/1.1" 200 3829
180.169.147.146 - - [08/Apr/2024:11:12:03 +0800] "GET /xingrg/all/function/internal_message.html?_=1712545923691&CODE_STATE=getMsg HTTP/1.1" 200 27
180.169.147.146 - - [08/Apr/2024:11:12:05 +0800] "GET /xingrg/all/function/internal_message.html?_=1712545925907&CODE_STATE=getMsg HTTP/1.1" 200 27
114.83.217.54 - - [08/Apr/2024:11:12:13 +0800] "GET /xingrg/all/function/internal_message.html?_=1712545933127&CODE_STATE=getMsg HTTP/1.1" 200 27
180.169.147.146 - - [08/Apr/2024:11:12:17 +0800] "GET /xingrg/all/function/internal_message.html?_=1712545938533&CODE_STATE=getMsg HTTP/1.1" 200 27
222.69.132.123 - - [08/Apr/2024:11:12:17 +0800] "GET /xingrg/all/function/internal_message.html?_=1712545939202&CODE_STATE=getMsg HTTP/1.1" 200 27
101.83.144.49 - - [08/Apr/2024:11:12:18 +0800] "GET /xingrg/all/function/internal_message.html?_=1712545938386&CODE_STATE=getMsg HTTP/1.1" 200 27
124.78.159.2 - - [08/Apr/2024:11:12:25 +0800] "GET /xingrg/login.html HTTP/1.1" 200 7641
124.78.159.2 - - [08/Apr/2024:11:12:26 +0800] "GET /favicon.ico HTTP/1.1" 404 -
180.158.9.158 - - [08/Apr/2024:11:12:26 +0800] "GET /xingrg/all/function/internal_message.html?_=1712545944713&CODE_STATE=getMsg HTTP/1.1" 302 -
180.169.147.146 - - [08/Apr/2024:11:12:27 +0800] "GET /xingrg/all/function/internal_message.html?_=1712545946785&CODE_STATE=getMsg HTTP/1.1" 200 27
180.164.1.25 - - [08/Apr/2024:11:12:27 +0800] "GET /xingrg/all/function/internal_message.html?_=1712545946169&CODE_STATE=getMsg HTTP/1.1" 200 27
116.230.108.72 - - [08/Apr/2024:11:12:28 +0800] "GET /xingrg/kc/buy/cgsh_order_add.html HTTP/1.1" 200 73940
116.230.108.72 - - [08/Apr/2024:11:12:28 +0800] "POST /xingrg/kc/buy/cgsh_order_operate.html HTTP/1.1" 200 8245
116.230.108.72 - - [08/Apr/2024:11:12:28 +0800] "GET /xingrg/javascript/easyui/themes/default/validatebox.css HTTP/1.1" 404 1104
124.78.159.2 - - [08/Apr/2024:11:12:31 +0800] "POST /xingrg/login.do HTTP/1.1" 302 -
124.78.159.2 - - [08/Apr/2024:11:12:31 +0800] "GET /xingrg/index.html?sysBaseUrl=http%3A%2F%2F180.169.147.146%3A18081%2Fxingrg%2F&costTime=858×tamp=1712545951699 HTTP/1.1" 200 17503
124.78.159.2 - - [08/Apr/2024:11:12:31 +0800] "GET /favicon.ico HTTP/1.1" 404 -
124.78.159.2 - - [08/Apr/2024:11:12:32 +0800] "GET /xingrg/check_reg.html?_=1712545952109 HTTP/1.1" 200 22
124.78.159.2 - - [08/Apr/2024:11:12:32 +0800] "GET /xingrg/all/function/internal_message.html?_=1712545952108&CODE_STATE=count HTTP/1.1" 200 11
124.78.159.2 - - [08/Apr/2024:11:12:32 +0800] "POST /xingrg/all/common/load_tree.html?tree=area_rest_tree_json&manage=1 HTTP/1.1" 200 3624
116.230.108.72 - - [08/Apr/2024:11:12:32 +0800] "GET /xingrg/javascript/auto/indicator.gif HTTP/1.1" 404 1066
124.78.159.2 - - [08/Apr/2024:11:12:32 +0800] "POST /xingrg/load_menu.html HTTP/1.1" 200 11443
116.230.108.72 - - [08/Apr/2024:11:12:32 +0800] "GET /xingrg/all/function/internal_message.html?_=1712545906067&CODE_STATE=getMsg HTTP/1.1" 200 27
116.224.254.208 - - [08/Apr/2024:11:12:34 +0800] "GET /xingrg/all/function/internal_message.html?_=1712545954472&CODE_STATE=getMsg HTTP/1.1" 200 27
101.83.144.49 - - [08/Apr/2024:11:12:36 +0800] "GET /xingrg/all/function/internal_message.html?_=1712545715770&CODE_STATE=getMsg HTTP/1.1" 200 27
180.169.147.146 - - [08/Apr/2024:11:12:39 +0800] "GET /xingrg/all/function/internal_message.html?_=1712545960422&CODE_STATE=getMsg HTTP/1.1" 200 27
222.70.183.82 - - [08/Apr/2024:11:12:39 +0800] "GET /xingrg/all/function/internal_message.html?_=1712545959716&CODE_STATE=getMsg HTTP/1.1" 200 27
116.238.97.31 - - [08/Apr/2024:11:12:41 +0800] "GET /xingrg/all/function/internal_message.html?_=1712545961552&CODE_STATE=getMsg HTTP/1.1" 200 27
58.40.7.146 - - [08/Apr/2024:11:12:42 +0800] "GET /xingrg/index.html?sysBaseUrl=http%3A%2F%2F180.169.147.146%3A18081%2Fxingrg%2F&costTime=45×tamp=1597139721527 HTTP/1.1" 302 -
58.40.7.146 - - [08/Apr/2024:11:12:42 +0800] "GET /xingrg/login.html HTTP/1.1" 200 7641
58.40.7.146 - - [08/Apr/2024:11:12:42 +0800] "GET /xingrg/images/blue/jxLogo.png HTTP/1.1" 200 6156
58.40.7.146 - - [08/Apr/2024:11:12:43 +0800] "GET /xingrg/images/blue/login_bg.png HTTP/1.1" 200 22101
58.40.7.146 - - [08/Apr/2024:11:12:43 +0800] "GET /xingrg/images/blue/srbg.png HTTP/1.1" 200 138
58.40.7.146 - - [08/Apr/2024:11:12:43 +0800] "GET /xingrg/images/blue/hj.png HTTP/1.1" 200 1014
58.40.7.146 - - [08/Apr/2024:11:12:43 +0800] "GET /favicon.ico HTTP/1.1" 404 -
124.78.159.2 - - [08/Apr/2024:11:12:45 +0800] "GET /xingrg/all/function/internal_message.html?_=1712545964497&CODE_STATE=getMsg HTTP/1.1" 200 27
58.40.7.146 - - [08/Apr/2024:11:12:45 +0800] "POST /xingrg/login.do HTTP/1.1" 302 -
58.40.7.146 - - [08/Apr/2024:11:12:45 +0800] "GET /xingrg/index.html?sysBaseUrl=http%3A%2F%2F180.169.147.146%3A18081%2Fxingrg%2F&costTime=852×tamp=1712545965550 HTTP/1.1" 200 17503
58.40.7.146 - - [08/Apr/2024:11:12:45 +0800] "GET /xingrg/javascript/jquery_easy_ui/themes/default/easyui.css HTTP/1.1" 200 26500
58.40.7.146 - - [08/Apr/2024:11:12:45 +0800] "GET /xingrg/javascript/jquery_easy_ui/themes/icon.css HTTP/1.1" 200 3949
58.40.7.146 - - [08/Apr/2024:11:12:45 +0800] "GET /xingrg/css/form.css HTTP/1.1" 200 893
58.40.7.146 - - [08/Apr/2024:11:12:45 +0800] "GET /xingrg/javascript/jquery-1.4.2.min.js HTTP/1.1" 200 72205
58.40.7.146 - - [08/Apr/2024:11:12:45 +0800] "GET /xingrg/javascript/jquery_easy_ui/jquery.easyui.min.js HTTP/1.1" 200 213662
58.40.7.146 - - [08/Apr/2024:11:12:45 +0800] "GET /xingrg/javascript/jquery_easy_ui/easyui-lang-zh_CN.js HTTP/1.1" 200 1900
58.40.7.146 - - [08/Apr/2024:11:12:45 +0800] "GET /xingrg/javascript/jquery.form.js HTTP/1.1" 200 23110
58.40.7.146 - - [08/Apr/2024:11:12:45 +0800] "GET /xingrg/javascript/jquery.utils.js HTTP/1.1" 200 11805
58.40.7.146 - - [08/Apr/2024:11:12:45 +0800] "GET /xingrg/javascript/jquery.timers.js HTTP/1.1" 200 3532
58.40.7.146 - - [08/Apr/2024:11:12:45 +0800] "GET /favicon.ico HTTP/1.1" 404 -
58.40.7.146 - - [08/Apr/2024:11:12:45 +0800] "GET /xingrg/javascript/jquery_easy_ui/themes/icons/settle_new.png HTTP/1.1" 200 826
58.40.7.146 - - [08/Apr/2024:11:12:45 +0800] "GET /xingrg/images/blue/navBackgound.jpg HTTP/1.1" 200 12378
58.40.7.146 - - [08/Apr/2024:11:12:45 +0800] "GET /xingrg/check_reg.html?_=1712545965821 HTTP/1.1" 200 22
58.40.7.146 - - [08/Apr/2024:11:12:45 +0800] "GET /xingrg/images/blue/pingpu.png HTTP/1.1" 200 231
58.40.7.146 - - [08/Apr/2024:11:12:45 +0800] "GET /xingrg/javascript/jquery_easy_ui/themes/default/images/tabs_leftarrow.png HTTP/1.1" 200 389
58.40.7.146 - - [08/Apr/2024:11:12:45 +0800] "GET /xingrg/javascript/jquery_easy_ui/themes/default/images/tabs_rightarrow.png HTTP/1.1" 200 395
58.40.7.146 - - [08/Apr/2024:11:12:45 +0800] "GET /xingrg/javascript/jquery_easy_ui/themes/default/images/panel_tool_expand.gif HTTP/1.1" 200 247
58.40.7.146 - - [08/Apr/2024:11:12:45 +0800] "GET /xingrg/javascript/jquery_easy_ui/themes/default/images/panel_tool_collapse.gif HTTP/1.1" 200 246
58.40.7.146 - - [08/Apr/2024:11:12:45 +0800] "POST /xingrg/all/common/load_tree.html?tree=area_rest_tree_json&manage=1 HTTP/1.1" 200 1237
58.40.7.146 - - [08/Apr/2024:11:12:45 +0800] "GET /xingrg/all/function/internal_message.html?_=1712545965820&CODE_STATE=count HTTP/1.1" 200 11
58.40.7.146 - - [08/Apr/2024:11:12:45 +0800] "POST /xingrg/load_menu.html HTTP/1.1" 200 11564
58.40.7.146 - - [08/Apr/2024:11:12:46 +0800] "GET /xingrg/javascript/jquery_easy_ui/themes/default/images/tree_arrows.gif HTTP/1.1" 200 1043
58.40.7.146 - - [08/Apr/2024:11:12:46 +0800] "GET /xingrg/javascript/jquery_easy_ui/themes/default/images/tree_folder_open.gif HTTP/1.1" 200 956
58.40.7.146 - - [08/Apr/2024:11:12:46 +0800] "GET /xingrg/javascript/jquery_easy_ui/themes/icons/search_new.png HTTP/1.1" 200 586
58.40.7.146 - - [08/Apr/2024:11:12:46 +0800] "GET /xingrg/javascript/jquery_easy_ui/themes/icons/delivery_new.png HTTP/1.1" 200 700
58.40.7.146 - - [08/Apr/2024:11:12:46 +0800] "GET /xingrg/javascript/jquery_easy_ui/themes/icons/storage_new.png HTTP/1.1" 200 853
58.40.7.146 - - [08/Apr/2024:11:12:46 +0800] "GET /xingrg/javascript/jquery_easy_ui/themes/icons/checkout_new.png HTTP/1.1" 200 744
58.40.7.146 - - [08/Apr/2024:11:12:46 +0800] "GET /xingrg/javascript/jquery_easy_ui/themes/icons/forms_new.png HTTP/1.1" 200 350
58.40.7.146 - - [08/Apr/2024:11:12:46 +0800] "GET /xingrg/javascript/jquery_easy_ui/themes/icons/setting_new.png HTTP/1.1" 200 450
58.40.7.146 - - [08/Apr/2024:11:12:46 +0800] "GET /xingrg/javascript/jquery_easy_ui/themes/icons/systemset_new.png HTTP/1.1" 200 606
58.40.7.146 - - [08/Apr/2024:11:12:46 +0800] "GET /xingrg/javascript/jquery_easy_ui/themes/default/images/tree_file.gif HTTP/1.1" 200 118
58.40.7.146 - - [08/Apr/2024:11:12:46 +0800] "GET /xingrg/javascript/jquery_easy_ui/themes/default/images/tree_folder.gif HTTP/1.1" 200 952
114.85.113.46 - - [08/Apr/2024:11:12:47 +0800] "GET /xingrg/all/function/internal_message.html?_=1712545967591&CODE_STATE=getMsg HTTP/1.1" 200 27
114.85.113.46 - - [08/Apr/2024:11:12:47 +0800] "GET /xingrg/check_reg.html?_=1712545967592 HTTP/1.1" 200 22
58.40.7.146 - - [08/Apr/2024:11:12:49 +0800] "GET /xingrg/javascript/jquery_easy_ui/themes/icons/area.png HTTP/1.1" 200 262
58.40.7.146 - - [08/Apr/2024:11:12:49 +0800] "GET /xingrg/javascript/jquery_easy_ui/themes/icons/manage.png HTTP/1.1" 200 696
58.40.7.146 - - [08/Apr/2024:11:12:49 +0800] "GET /xingrg/javascript/jquery_easy_ui/themes/icons/rest.png HTTP/1.1" 200 695
58.40.7.146 - - [08/Apr/2024:11:12:49 +0800] "GET /xingrg/javascript/jquery_easy_ui/themes/default/images/button_a_bg.gif HTTP/1.1" 200 1194
58.40.7.146 - - [08/Apr/2024:11:12:49 +0800] "GET /xingrg/javascript/jquery_easy_ui/themes/default/images/button_span_bg.gif HTTP/1.1" 200 2061
58.40.7.146 - - [08/Apr/2024:11:12:49 +0800] "GET /xingrg/javascript/jquery_easy_ui/themes/icons/ok.png HTTP/1.1" 200 883
58.40.7.146 - - [08/Apr/2024:11:12:49 +0800] "GET /xingrg/javascript/jquery_easy_ui/themes/default/images/panel_title.png HTTP/1.1" 200 266
58.40.7.146 - - [08/Apr/2024:11:12:49 +0800] "GET /xingrg/javascript/jquery_easy_ui/themes/default/images/panel_tools.gif HTTP/1.1" 200 737
58.40.7.146 - - [08/Apr/2024:11:12:51 +0800] "GET /xingrg/images/control/ajaxLoader.gif HTTP/1.1" 200 4659
58.40.7.146 - - [08/Apr/2024:11:12:51 +0800] "POST /xingrg/all/user/operate.html HTTP/1.1" 200 36
58.40.7.146 - - [08/Apr/2024:11:12:51 +0800] "GET /xingrg/index.html?sysBaseUrl=http%3A%2F%2F180.169.147.146%3A18081%2Fxingrg%2F&costTime=852×tamp=1712545965550 HTTP/1.1" 200 17507
58.40.7.146 - - [08/Apr/2024:11:12:51 +0800] "GET /xingrg/javascript/jquery_easy_ui/themes/default/easyui.css HTTP/1.1" 304 -
58.40.7.146 - - [08/Apr/2024:11:12:51 +0800] "GET /xingrg/javascript/jquery_easy_ui/themes/icon.css HTTP/1.1" 304 -
58.40.7.146 - - [08/Apr/2024:11:12:51 +0800] "GET /xingrg/css/form.css HTTP/1.1" 304 -
58.40.7.146 - - [08/Apr/2024:11:12:51 +0800] "GET /xingrg/javascript/jquery-1.4.2.min.js HTTP/1.1" 304 -
58.40.7.146 - - [08/Apr/2024:11:12:51 +0800] "GET /xingrg/javascript/jquery_easy_ui/jquery.easyui.min.js HTTP/1.1" 304 -
58.40.7.146 - - [08/Apr/2024:11:12:51 +0800] "GET /xingrg/javascript/jquery_easy_ui/easyui-lang-zh_CN.js HTTP/1.1" 304 -
58.40.7.146 - - [08/Apr/2024:11:12:51 +0800] "GET /xingrg/javascript/jquery.form.js HTTP/1.1" 304 -
58.40.7.146 - - [08/Apr/2024:11:12:51 +0800] "GET /xingrg/javascript/jquery.utils.js HTTP/1.1" 304 -
58.40.7.146 - - [08/Apr/2024:11:12:51 +0800] "GET /xingrg/javascript/jquery.timers.js HTTP/1.1" 304 -
58.40.7.146 - - [08/Apr/2024:11:12:51 +0800] "GET /xingrg/images/blue/jxLogo.png HTTP/1.1" 304 -
58.40.7.146 - - [08/Apr/2024:11:12:51 +0800] "GET /xingrg/images/blue/navBackgound.jpg HTTP/1.1" 304 -
58.40.7.146 - - [08/Apr/2024:11:12:51 +0800] "GET /xingrg/javascript/jquery_easy_ui/themes/icons/settle_new.png HTTP/1.1" 304 -
58.40.7.146 - - [08/Apr/2024:11:12:51 +0800] "GET /xingrg/all/function/internal_message.html?_=1712545971734&CODE_STATE=count HTTP/1.1" 200 11
58.40.7.146 - - [08/Apr/2024:11:12:51 +0800] "GET /xingrg/check_reg.html?_=1712545971735 HTTP/1.1" 200 22
58.40.7.146 - - [08/Apr/2024:11:12:51 +0800] "GET /xingrg/javascript/jquery_easy_ui/themes/default/images/tabs_leftarrow.png HTTP/1.1" 304 -
58.40.7.146 - - [08/Apr/2024:11:12:51 +0800] "GET /xingrg/javascript/jquery_easy_ui/themes/default/images/panel_tool_expand.gif HTTP/1.1" 304 -
58.40.7.146 - - [08/Apr/2024:11:12:51 +0800] "GET /xingrg/javascript/jquery_easy_ui/themes/default/images/panel_tool_collapse.gif HTTP/1.1" 304 -
58.40.7.146 - - [08/Apr/2024:11:12:51 +0800] "GET /xingrg/javascript/jquery_easy_ui/themes/default/images/tabs_rightarrow.png HTTP/1.1" 304 -
58.40.7.146 - - [08/Apr/2024:11:12:51 +0800] "GET /xingrg/images/blue/pingpu.png HTTP/1.1" 304 -
58.40.7.146 - - [08/Apr/2024:11:12:51 +0800] "POST /xingrg/all/common/load_tree.html?tree=area_rest_tree_json&manage=1 HTTP/1.1" 200 1237
58.40.7.146 - - [08/Apr/2024:11:12:51 +0800] "POST /xingrg/load_menu.html HTTP/1.1" 200 9959
116.230.108.72 - - [08/Apr/2024:11:12:55 +0800] "GET /xingrg/all/function/internal_message.html?_=1712545928435&CODE_STATE=getMsg HTTP/1.1" 200 27
58.40.7.146 - - [08/Apr/2024:11:12:56 +0800] "GET /xingrg/javascript/jquery_easy_ui/themes/default/images/tabs_close.gif HTTP/1.1" 200 829
58.40.7.146 - - [08/Apr/2024:11:12:56 +0800] "GET /xingrg/kc/report/report_main.html HTTP/1.1" 200 7340
58.40.7.146 - - [08/Apr/2024:11:12:56 +0800] "GET /xingrg/css/blue.css HTTP/1.1" 200 15949
58.40.7.146 - - [08/Apr/2024:11:12:56 +0800] "GET /xingrg/javascript/jquery_ui/themes/humanity/humanity.css HTTP/1.1" 200 27801
58.40.7.146 - - [08/Apr/2024:11:12:56 +0800] "GET /xingrg/javascript/pic_change.js HTTP/1.1" 200 4739
58.40.7.146 - - [08/Apr/2024:11:12:56 +0800] "GET /xingrg/javascript/myfunction.js HTTP/1.1" 200 24559
58.40.7.146 - - [08/Apr/2024:11:12:56 +0800] "GET /xingrg/javascript/json2.js HTTP/1.1" 200 11259
58.40.7.146 - - [08/Apr/2024:11:12:56 +0800] "GET /xingrg/javascript/jquery_easy_ui/themes/icons/back_new.png HTTP/1.1" 200 3414
58.40.7.146 - - [08/Apr/2024:11:12:57 +0800] "GET /xingrg/kc/base/crk_hz.html HTTP/1.1" 200 11247
58.40.7.146 - - [08/Apr/2024:11:12:57 +0800] "GET /xingrg/javascript/step/step.css HTTP/1.1" 200 999
58.40.7.146 - - [08/Apr/2024:11:12:57 +0800] "GET /xingrg/css/table.css HTTP/1.1" 200 3684
58.40.7.146 - - [08/Apr/2024:11:12:57 +0800] "POST /xingrg/kc/cost/cost_operate.html?command=get_base_tree HTTP/1.1" 200 1816
58.40.7.146 - - [08/Apr/2024:11:12:57 +0800] "POST /xingrg/all/common/load_tree.html?tree=materiel_sort_tree_json HTTP/1.1" 200 9734
58.40.7.146 - - [08/Apr/2024:11:12:57 +0800] "GET /xingrg/javascript/jquery_easy_ui/themes/default/images/combo_arrow_dot.gif HTTP/1.1" 200 79
58.40.7.146 - - [08/Apr/2024:11:12:57 +0800] "GET /xingrg/javascript/jquery_easy_ui/themes/icons/search.png HTTP/1.1" 200 813
58.40.7.146 - - [08/Apr/2024:11:12:57 +0800] "GET /xingrg/javascript/jquery_easy_ui/themes/default/images/menu_downarrow.png HTTP/1.1" 200 173
58.40.7.146 - - [08/Apr/2024:11:12:57 +0800] "GET /xingrg/javascript/jquery_easy_ui/themes/icons/print.png HTTP/1.1" 200 1057
58.40.7.146 - - [08/Apr/2024:11:12:57 +0800] "GET /xingrg/javascript/jquery_easy_ui/themes/default/images/menu.gif HTTP/1.1" 200 834
58.40.7.146 - - [08/Apr/2024:11:12:57 +0800] "GET /xingrg/javascript/jquery_easy_ui/themes/default/images/calendar_prevmonth.gif HTTP/1.1" 200 66
58.40.7.146 - - [08/Apr/2024:11:12:57 +0800] "GET /xingrg/javascript/jquery_easy_ui/themes/default/images/calendar_nextmonth.gif HTTP/1.1" 200 64
58.40.7.146 - - [08/Apr/2024:11:12:57 +0800] "GET /xingrg/javascript/jquery_easy_ui/themes/default/images/calendar_prevyear.gif HTTP/1.1" 200 76
58.40.7.146 - - [08/Apr/2024:11:12:57 +0800] "GET /xingrg/javascript/jquery_easy_ui/themes/default/images/calendar_nextyear.gif HTTP/1.1" 200 75
58.40.7.146 - - [08/Apr/2024:11:12:57 +0800] "GET /xingrg/javascript/jquery_easy_ui/themes/default/images/tree_checkbox_0.gif HTTP/1.1" 200 168
124.78.56.241 - - [08/Apr/2024:11:12:58 +0800] "GET /xingrg/all/function/internal_message.html?_=1712545978772&CODE_STATE=getMsg HTTP/1.1" 200 27
58.40.7.146 - - [08/Apr/2024:11:12:59 +0800] "GET /xingrg/all/common/get_data_part.html?part=previousMonth&_=1712545979264 HTTP/1.1" 200 41
116.230.108.72 - - [08/Apr/2024:11:12:59 +0800] "GET /xingrg/javascript/jquery_tools/images/prev.gif HTTP/1.1" 404 1086
116.230.108.72 - - [08/Apr/2024:11:12:59 +0800] "GET /xingrg/javascript/jquery_tools/images/next.gif HTTP/1.1" 404 1086
101.80.230.31 - - [08/Apr/2024:11:13:01 +0800] "GET /xingrg/all/function/internal_message.html?_=1712545981973&CODE_STATE=getMsg HTTP/1.1" 200 27
58.40.7.146 - - [08/Apr/2024:11:13:03 +0800] "GET /xingrg/javascript/jquery_easy_ui/themes/default/images/tree_checkbox_1.gif HTTP/1.1" 200 174
58.40.7.146 - - [08/Apr/2024:11:13:03 +0800] "GET /xingrg/javascript/jquery_easy_ui/themes/default/images/tree_checkbox_2.gif HTTP/1.1" 200 181
172.20.0.8 - - [08/Apr/2024:11:13:03 +0800] "GET /xingrg/all/function/internal_message.html?_=1712545983440&CODE_STATE=getMsg HTTP/1.1" 302 -
180.169.147.146 - - [08/Apr/2024:11:13:03 +0800] "GET /xingrg/all/function/internal_message.html?_=1712545983715&CODE_STATE=getMsg HTTP/1.1" 200 27
58.40.7.146 - - [08/Apr/2024:11:13:05 +0800] "GET /xingrg/kc/base/crk_hz.html?_=1712545985023&command=get_cost_id&end_date=2024-03-31&start_date=2024-03-01 HTTP/1.1" 200 51
58.40.7.146 - - [08/Apr/2024:11:13:05 +0800] "GET /xingrg/all/report/report_query.html?isQuery=1&onlyBody=1&rh=999&rw=1800&varString=start:20240301,cost_id:4929,mid:20240301&fileName=kc/base/crk_hz_type_by_materiel.xml&queryString=%20a.base_code%20in%20('0010624')%20&queryText=ÈÕÆÚ£º2024-03-01ÖÁ2024-03-31%20²Ö¿â£ºÔ±¹¤²Í&tableQueryString=materiel_table$sp1$$sp$before_table$sp1$$sp$crk_table$sp1$order_day%20between%2020240301%20and%2020240331 HTTP/1.1" 200 49420
58.40.7.146 - - [08/Apr/2024:11:13:05 +0800] "GET /xingrg/javascript/multi_select/jqueryMultiSelect.css HTTP/1.1" 200 951
58.40.7.146 - - [08/Apr/2024:11:13:05 +0800] "GET /xingrg/javascript/calendar/timePicker.css HTTP/1.1" 200 523
58.40.7.146 - - [08/Apr/2024:11:13:05 +0800] "GET /xingrg/javascript/bigrid/fix.css HTTP/1.1" 200 1702
58.40.7.146 - - [08/Apr/2024:11:13:05 +0800] "GET /xingrg/dwr/interface/AjaxReportQueryService.js HTTP/1.1" 200 13203
58.40.7.146 - - [08/Apr/2024:11:13:05 +0800] "GET /xingrg/dwr/util.js HTTP/1.1" 200 35990
58.40.7.146 - - [08/Apr/2024:11:13:05 +0800] "GET /xingrg/dwr/engine.js HTTP/1.1" 200 43631
58.40.7.146 - - [08/Apr/2024:11:13:05 +0800] "GET /xingrg/javascript/jqueryMultiSelect.js HTTP/1.1" 200 11866
58.40.7.146 - - [08/Apr/2024:11:13:05 +0800] "GET /xingrg/javascript/Calendar.js HTTP/1.1" 200 31561
58.40.7.146 - - [08/Apr/2024:11:13:05 +0800] "GET /xingrg/javascript/calendar/jquery.timePicker.min.js HTTP/1.1" 200 2997
58.40.7.146 - - [08/Apr/2024:11:13:05 +0800] "GET /xingrg/javascript/bigrid/fix.js HTTP/1.1" 200 6439
58.40.7.146 - - [08/Apr/2024:11:13:05 +0800] "GET /xingrg/images/control/loading.gif HTTP/1.1" 200 13463
58.40.7.146 - - [08/Apr/2024:11:13:05 +0800] "GET /xingrg/images/blue/button/advanceover.gif HTTP/1.1" 200 1347
58.40.7.146 - - [08/Apr/2024:11:13:05 +0800] "GET /xingrg/images/blue/button/advance2over.gif HTTP/1.1" 200 1336
58.40.7.146 - - [08/Apr/2024:11:13:05 +0800] "GET /xingrg/images/blue/button/back2over.gif HTTP/1.1" 200 1335
58.40.7.146 - - [08/Apr/2024:11:13:05 +0800] "GET /xingrg/images/blue/button/backover.gif HTTP/1.1" 200 1348
58.40.7.146 - - [08/Apr/2024:11:13:05 +0800] "GET /xingrg/javascript/jquery_easy_ui/themes/icons/help.png HTTP/1.1" 200 1187
180.169.147.146 - - [08/Apr/2024:11:13:05 +0800] "GET /xingrg/all/function/internal_message.html?_=1712545985906&CODE_STATE=getMsg HTTP/1.1" 200 27
180.169.147.146 - - [08/Apr/2024:11:13:05 +0800] "GET /xingrg/check_reg.html?_=1712545985910 HTTP/1.1" 200 22
58.40.7.146 - - [08/Apr/2024:11:13:09 +0800] "POST /xingrg/all/report/load_report_page.html HTTP/1.1" 200 1295344
58.40.7.146 - - [08/Apr/2024:11:13:09 +0800] "GET /xingrg/images/blue/button/back2.gif HTTP/1.1" 200 1339
58.40.7.146 - - [08/Apr/2024:11:13:09 +0800] "GET /xingrg/images/blue/button/back.gif HTTP/1.1" 200 1352
58.40.7.146 - - [08/Apr/2024:11:13:10 +0800] "GET /xingrg/servlets/image?cache=0.44603022672076975&image=px HTTP/1.1" 200 807
114.83.217.54 - - [08/Apr/2024:11:13:12 +0800] "GET /xingrg/all/function/internal_message.html?_=1712545993103&CODE_STATE=getMsg HTTP/1.1" 200 27
180.169.147.146 - - [08/Apr/2024:11:13:17 +0800] "GET /xingrg/check_reg.html?_=1712545998548 HTTP/1.1" 200 22
180.169.147.146 - - [08/Apr/2024:11:13:17 +0800] "GET /xingrg/all/function/internal_message.html?_=1712545998547&CODE_STATE=getMsg HTTP/1.1" 200 27
222.69.132.123 - - [08/Apr/2024:11:13:17 +0800] "GET /xingrg/all/function/internal_message.html?_=1712545999207&CODE_STATE=getMsg HTTP/1.1" 200 27
222.69.132.123 - - [08/Apr/2024:11:13:17 +0800] "GET /xingrg/check_reg.html?_=1712545999208 HTTP/1.1" 200 22
101.83.144.49 - - [08/Apr/2024:11:13:18 +0800] "GET /xingrg/all/function/internal_message.html?_=1712545998387&CODE_STATE=getMsg HTTP/1.1" 200 27
58.40.7.146 - - [08/Apr/2024:11:13:25 +0800] "GET /xingrg/all/report/report_query.html?fileName=kc/buy/wlcg_mx.xml HTTP/1.1" 200 51648
58.40.7.146 - - [08/Apr/2024:11:13:25 +0800] "GET /xingrg/dwr/interface/AjaxReportQueryService.js HTTP/1.1" 200 13203
58.40.7.146 - - [08/Apr/2024:11:13:25 +0800] "GET /xingrg/dwr/engine.js HTTP/1.1" 200 43631
58.40.7.146 - - [08/Apr/2024:11:13:25 +0800] "GET /xingrg/javascript/jquery_easy_ui/themes/icons/pencil.png HTTP/1.1" 200 713
58.40.7.146 - - [08/Apr/2024:11:13:25 +0800] "GET /xingrg/javascript/jquery_easy_ui/themes/default/images/menu_rightarrow.png HTTP/1.1" 200 3617
58.40.7.146 - - [08/Apr/2024:11:13:25 +0800] "POST /xingrg/dwr/call/plaincall/AjaxReportQueryService.getFixDate.dwr HTTP/1.1" 200 111
58.40.7.146 - - [08/Apr/2024:11:13:26 +0800] "POST /xingrg/dwr/call/plaincall/AjaxReportQueryService.getInitString.dwr HTTP/1.1" 200 37488
58.40.7.146 - - [08/Apr/2024:11:13:26 +0800] "GET /xingrg/javascript/multi_select/dropdown.gif HTTP/1.1" 200 61
180.158.9.158 - - [08/Apr/2024:11:13:26 +0800] "GET /xingrg/all/function/internal_message.html?_=1712546004724&CODE_STATE=getMsg HTTP/1.1" 302 -
180.158.9.158 - - [08/Apr/2024:11:13:26 +0800] "GET /xingrg/check_reg.html?_=1712546004726 HTTP/1.1" 302 -
58.40.7.146 - - [08/Apr/2024:11:13:26 +0800] "POST /xingrg/dwr/call/plaincall/AjaxReportQueryService.getInitString.dwr HTTP/1.1" 200 792
58.40.7.146 - - [08/Apr/2024:11:13:26 +0800] "POST /xingrg/dwr/call/plaincall/AjaxReportQueryService.getInitString.dwr HTTP/1.1" 200 125
180.169.147.146 - - [08/Apr/2024:11:13:27 +0800] "GET /xingrg/all/function/internal_message.html?_=1712546006775&CODE_STATE=getMsg HTTP/1.1" 200 27
