222.70.183.82 - - [08/Apr/2024:11:25:39 +0800] "GET /xingrg/all/function/internal_message.html?_=1712546739544&CODE_STATE=getMsg HTTP/1.1" 200 27
101.80.230.31 - - [08/Apr/2024:11:25:39 +0800] "POST /xingrg/login.do HTTP/1.1" 302 -
180.169.147.146 - - [08/Apr/2024:11:25:39 +0800] "GET /xingrg/check_reg.html?_=1712546740941 HTTP/1.1" 200 22
101.80.230.31 - - [08/Apr/2024:11:25:39 +0800] "GET /xingrg/index.html?sysBaseUrl=http%3A%2F%2F180.169.147.146%3A18081%2Fxingrg%2F&costTime=4496×tamp=1712546739807 HTTP/1.1" 200 17179
101.80.230.31 - - [08/Apr/2024:11:25:40 +0800] "GET /xingrg/all/function/internal_message.html?_=1712546740390&CODE_STATE=count HTTP/1.1" 200 11
101.80.230.31 - - [08/Apr/2024:11:25:40 +0800] "GET /favicon.ico HTTP/1.1" 404 -
101.80.230.31 - - [08/Apr/2024:11:25:40 +0800] "GET /xingrg/check_reg.html?_=1712546740391 HTTP/1.1" 200 22
101.80.230.31 - - [08/Apr/2024:11:25:40 +0800] "POST /xingrg/load_menu.html HTTP/1.1" 200 5138
101.80.230.31 - - [08/Apr/2024:11:25:40 +0800] "POST /xingrg/all/common/load_tree.html?tree=area_rest_tree_json&manage=1 HTTP/1.1" 200 351
124.78.159.2 - - [08/Apr/2024:11:25:44 +0800] "GET /xingrg/all/function/internal_message.html?_=1712546744186&CODE_STATE=getMsg HTTP/1.1" 200 27
218.81.217.36 - - [08/Apr/2024:11:25:46 +0800] "POST /xingrg/kc/buy/cgsh_order_operate.html HTTP/1.1" 200 37
116.230.108.72 - - [08/Apr/2024:11:25:46 +0800] "POST /xingrg/kc/buy/cgsh_order_operate.html HTTP/1.1" 200 64
114.85.113.46 - - [08/Apr/2024:11:25:47 +0800] "GET /xingrg/all/function/internal_message.html?_=1712546747593&CODE_STATE=getMsg HTTP/1.1" 200 27
101.83.144.49 - - [08/Apr/2024:11:25:48 +0800] "GET /xingrg/kc/base/wldb_order_add.html HTTP/1.1" 200 30382
180.164.1.25 - - [08/Apr/2024:11:25:48 +0800] "GET /xingrg/check_reg.html?_=1712546747099 HTTP/1.1" 200 22
101.83.144.49 - - [08/Apr/2024:11:25:48 +0800] "GET /xingrg/javascript/easyui/themes/default/validatebox.css HTTP/1.1" 404 1104
101.83.144.49 - - [08/Apr/2024:11:25:48 +0800] "POST /xingrg/kc/base/wldb_order_operate.html HTTP/1.1" 200 6806
116.238.97.31 - - [08/Apr/2024:11:25:48 +0800] "GET /favicon.ico HTTP/1.1" 404 -
116.238.97.31 - - [08/Apr/2024:11:25:51 +0800] "GET /xingrg/login.html HTTP/1.1" 200 7641
116.238.97.31 - - [08/Apr/2024:11:25:51 +0800] "GET /favicon.ico HTTP/1.1" 404 -
58.40.7.146 - - [08/Apr/2024:11:25:51 +0800] "GET /xingrg/all/function/internal_message.html?_=1712546751745&CODE_STATE=getMsg HTTP/1.1" 200 27
124.78.56.241 - - [08/Apr/2024:11:25:52 +0800] "POST /xingrg/kc/buy/cgsh_order_operate.html HTTP/1.1" 200 37
218.81.217.36 - - [08/Apr/2024:11:25:52 +0800] "POST /xingrg/kc/buy/cgsh_order_operate.html HTTP/1.1" 200 5033
116.238.97.31 - - [08/Apr/2024:11:25:53 +0800] "POST /xingrg/kc/buy/cgsh_order_operate.html HTTP/1.1" 200 12
124.78.159.2 - - [08/Apr/2024:11:25:54 +0800] "GET /xingrg/kc/buy/cgsh_order_operate.html?command=get_materiel&rest_code=00106&code=00101006199&supplier_code=00100330&order_time=2024-04-08 HTTP/1.1" 200 414
116.230.108.72 - - [08/Apr/2024:11:25:55 +0800] "GET /xingrg/all/function/internal_message.html?_=1712546708432&CODE_STATE=getMsg HTTP/1.1" 200 27
218.81.217.36 - - [08/Apr/2024:11:25:56 +0800] "GET /xingrg/kc/print/load_data.html?order_code=212024040801771&kc_code=cgsh&condition= HTTP/1.1" 200 1571
116.238.97.31 - - [08/Apr/2024:11:25:58 +0800] "POST /xingrg/login.do HTTP/1.1" 302 -
116.238.97.31 - - [08/Apr/2024:11:25:58 +0800] "GET /xingrg/index.html?sysBaseUrl=http%3A%2F%2F180.169.147.146%3A18081%2Fxingrg%2F&costTime=1193×tamp=1712546758075 HTTP/1.1" 200 17173
116.238.97.31 - - [08/Apr/2024:11:25:58 +0800] "GET /favicon.ico HTTP/1.1" 404 -
116.238.97.31 - - [08/Apr/2024:11:25:58 +0800] "GET /xingrg/all/function/internal_message.html?_=1712546758128&CODE_STATE=count HTTP/1.1" 200 11
116.238.97.31 - - [08/Apr/2024:11:25:58 +0800] "GET /xingrg/check_reg.html?_=1712546758130 HTTP/1.1" 200 22
116.238.97.31 - - [08/Apr/2024:11:25:58 +0800] "POST /xingrg/load_menu.html HTTP/1.1" 200 5138
116.238.97.31 - - [08/Apr/2024:11:25:58 +0800] "POST /xingrg/all/common/load_tree.html?tree=area_rest_tree_json&manage=1 HTTP/1.1" 200 342
114.83.217.54 - - [08/Apr/2024:11:25:59 +0800] "POST /xingrg/kc/buy/cgsh_order_operate.html HTTP/1.1" 200 12
180.164.1.25 - - [08/Apr/2024:11:26:01 +0800] "GET /favicon.ico HTTP/1.1" 404 -
116.238.97.31 - - [08/Apr/2024:11:26:02 +0800] "POST /xingrg/kc/buy/cgsh_list_operate.html HTTP/1.1" 200 645
114.83.217.54 - - [08/Apr/2024:11:26:02 +0800] "GET /xingrg/kc/buy/cgsh_order_info.html?code=212024040801768 HTTP/1.1" 200 68846
114.83.217.54 - - [08/Apr/2024:11:26:02 +0800] "GET /xingrg/javascript/easyui/themes/default/validatebox.css HTTP/1.1" 404 1104
180.164.1.25 - - [08/Apr/2024:11:26:03 +0800] "GET /favicon.ico HTTP/1.1" 404 -
172.20.0.8 - - [08/Apr/2024:11:26:03 +0800] "GET /xingrg/check_reg.html?_=1712546763401 HTTP/1.1" 302 -
172.20.0.8 - - [08/Apr/2024:11:26:03 +0800] "GET /xingrg/all/function/internal_message.html?_=1712546763433&CODE_STATE=getMsg HTTP/1.1" 302 -
116.238.97.31 - - [08/Apr/2024:11:26:03 +0800] "GET /xingrg/kc/buy/cgsh_order_list.html HTTP/1.1" 200 58071
180.169.147.146 - - [08/Apr/2024:11:26:03 +0800] "GET /xingrg/all/function/internal_message.html?_=1712546763712&CODE_STATE=getMsg HTTP/1.1" 200 27
180.164.1.25 - - [08/Apr/2024:11:26:03 +0800] "GET /favicon.ico HTTP/1.1" 404 -
114.83.217.54 - - [08/Apr/2024:11:26:03 +0800] "POST /xingrg/kc/buy/cgsh_order_operate.html HTTP/1.1" 200 1233
180.164.1.25 - - [08/Apr/2024:11:26:04 +0800] "GET /xingrg/login.html HTTP/1.1" 200 7641
180.164.1.25 - - [08/Apr/2024:11:26:04 +0800] "GET /xingrg/images/blue/jxLogo.png HTTP/1.1" 200 6156
180.164.1.25 - - [08/Apr/2024:11:26:04 +0800] "GET /xingrg/images/blue/login_bg.png HTTP/1.1" 200 22101
180.164.1.25 - - [08/Apr/2024:11:26:04 +0800] "GET /xingrg/images/blue/hj.png HTTP/1.1" 200 1014
180.164.1.25 - - [08/Apr/2024:11:26:04 +0800] "GET /xingrg/images/blue/srbg.png HTTP/1.1" 200 138
180.164.1.25 - - [08/Apr/2024:11:26:04 +0800] "GET /favicon.ico HTTP/1.1" 404 -
101.83.144.49 - - [08/Apr/2024:11:26:04 +0800] "GET /xingrg/kc/base/wldb_order_operate.html?command=get_materiel&rest_code=00105&base_code=0010507&code=00101019184 HTTP/1.1" 200 458
180.169.147.146 - - [08/Apr/2024:11:26:05 +0800] "GET /xingrg/all/function/internal_message.html?_=1712546765933&CODE_STATE=getMsg HTTP/1.1" 200 27
114.83.217.54 - - [08/Apr/2024:11:26:06 +0800] "GET /xingrg/kc/print/load_data.html?order_code=212024040801768&kc_code=cgsh&condition= HTTP/1.1" 200 965
116.238.97.31 - - [08/Apr/2024:11:26:06 +0800] "POST /xingrg/kc/buy/cgsh_list_operate.html HTTP/1.1" 200 645
124.78.159.2 - - [08/Apr/2024:11:26:09 +0800] "POST /xingrg/kc/buy/cgsh_order_operate.html HTTP/1.1" 200 37
116.238.97.31 - - [08/Apr/2024:11:26:11 +0800] "POST /xingrg/kc/buy/cgsh_list_operate.html HTTP/1.1" 200 645
222.70.183.82 - - [08/Apr/2024:11:26:12 +0800] "GET /xingrg/kc/buy/cgsh_order_operate.html?command=get_materiel&rest_code=00111&code=00101008087&supplier_code=00100008&order_time=2024-04-08 HTTP/1.1" 200 412
114.83.217.54 - - [08/Apr/2024:11:26:12 +0800] "GET /xingrg/all/function/internal_message.html?_=1712546772817&CODE_STATE=getMsg HTTP/1.1" 200 27
114.83.217.54 - - [08/Apr/2024:11:26:12 +0800] "GET /xingrg/kc/buy/cgsh_order_add.html HTTP/1.1" 200 73940
114.83.217.54 - - [08/Apr/2024:11:26:13 +0800] "POST /xingrg/kc/buy/cgsh_order_operate.html HTTP/1.1" 200 8245
114.83.217.54 - - [08/Apr/2024:11:26:13 +0800] "GET /xingrg/javascript/easyui/themes/default/validatebox.css HTTP/1.1" 404 1104
180.164.1.25 - - [08/Apr/2024:11:26:13 +0800] "POST /xingrg/login.do HTTP/1.1" 200 2421
180.164.1.25 - - [08/Apr/2024:11:26:13 +0800] "GET /xingrg/css/blue.css HTTP/1.1" 200 15949
180.164.1.25 - - [08/Apr/2024:11:26:13 +0800] "GET /xingrg/javascript/myfunction.js HTTP/1.1" 200 24559
180.164.1.25 - - [08/Apr/2024:11:26:13 +0800] "GET /xingrg/images/blue/pic_top.gif HTTP/1.1" 200 3656
180.164.1.25 - - [08/Apr/2024:11:26:13 +0800] "GET /xingrg/images/blue/pic_notice.jpg HTTP/1.1" 200 3583
180.164.1.25 - - [08/Apr/2024:11:26:13 +0800] "GET /xingrg/images/blue/error_buttom.gif HTTP/1.1" 200 1750
180.164.1.25 - - [08/Apr/2024:11:26:13 +0800] "GET /xingrg/images/blue/error_mid.gif HTTP/1.1" 200 215
180.164.1.25 - - [08/Apr/2024:11:26:13 +0800] "GET /xingrg/images/blue/error_top.gif HTTP/1.1" 200 1790
180.164.1.25 - - [08/Apr/2024:11:26:13 +0800] "GET /favicon.ico HTTP/1.1" 404 -
180.164.1.25 - - [08/Apr/2024:11:26:15 +0800] "GET /xingrg/login.html HTTP/1.1" 200 7641
180.164.1.25 - - [08/Apr/2024:11:26:15 +0800] "GET /favicon.ico HTTP/1.1" 404 -
116.230.108.72 - - [08/Apr/2024:11:26:16 +0800] "POST /xingrg/kc/buy/cgsh_order_operate.html HTTP/1.1" 200 37
180.169.147.146 - - [08/Apr/2024:11:26:17 +0800] "GET /xingrg/all/function/internal_message.html?_=1712546778546&CODE_STATE=getMsg HTTP/1.1" 200 27
222.69.132.123 - - [08/Apr/2024:11:26:17 +0800] "GET /xingrg/all/function/internal_message.html?_=1712546779219&CODE_STATE=getMsg HTTP/1.1" 200 27
101.83.144.49 - - [08/Apr/2024:11:26:18 +0800] "GET /xingrg/all/function/internal_message.html?_=1712546778403&CODE_STATE=getMsg HTTP/1.1" 200 27
101.83.144.49 - - [08/Apr/2024:11:26:18 +0800] "GET /xingrg/kc/base/wldb_order_operate.html?command=get_materiel&rest_code=00105&base_code=0010507&code=00101016019 HTTP/1.1" 200 451
116.230.108.72 - - [08/Apr/2024:11:26:19 +0800] "POST /xingrg/kc/buy/cgsh_order_operate.html HTTP/1.1" 200 3838
124.78.159.2 - - [08/Apr/2024:11:26:21 +0800] "POST /xingrg/kc/buy/cgsh_order_operate.html HTTP/1.1" 200 12
218.81.217.36 - - [08/Apr/2024:11:26:26 +0800] "GET /xingrg/login.html HTTP/1.1" 200 7641
180.158.9.158 - - [08/Apr/2024:11:26:26 +0800] "GET /xingrg/all/function/internal_message.html?_=1712546784713&CODE_STATE=getMsg HTTP/1.1" 302 -
180.164.1.25 - - [08/Apr/2024:11:26:26 +0800] "GET /xingrg/all/function/internal_message.html?_=1712546785898&CODE_STATE=getMsg HTTP/1.1" 200 27
218.81.217.36 - - [08/Apr/2024:11:26:26 +0800] "GET /favicon.ico HTTP/1.1" 404 -
180.169.147.146 - - [08/Apr/2024:11:26:27 +0800] "GET /xingrg/all/function/internal_message.html?_=1712546786775&CODE_STATE=getMsg HTTP/1.1" 200 27
180.164.1.25 - - [08/Apr/2024:11:26:28 +0800] "POST /xingrg/login.do HTTP/1.1" 200 2421
180.164.1.25 - - [08/Apr/2024:11:26:29 +0800] "GET /favicon.ico HTTP/1.1" 404 -
180.164.1.25 - - [08/Apr/2024:11:26:30 +0800] "GET /xingrg/login.html HTTP/1.1" 200 7641
180.164.1.25 - - [08/Apr/2024:11:26:30 +0800] "GET /favicon.ico HTTP/1.1" 404 -
124.78.56.241 - - [08/Apr/2024:11:26:31 +0800] "POST /xingrg/kc/buy/cgsh_order_operate.html HTTP/1.1" 200 12
124.78.159.2 - - [08/Apr/2024:11:26:32 +0800] "GET /xingrg/all/function/internal_message.html?_=1712546792134&CODE_STATE=getMsg HTTP/1.1" 200 27
124.78.159.2 - - [08/Apr/2024:11:26:32 +0800] "GET /xingrg/kc/buy/cgsh_order_info.html?code=212024040801773 HTTP/1.1" 200 68763
116.238.97.31 - - [08/Apr/2024:11:26:32 +0800] "POST /xingrg/kc/buy/cgsh_list_operate.html HTTP/1.1" 200 4710
116.230.108.72 - - [08/Apr/2024:11:26:33 +0800] "GET /favicon.ico HTTP/1.1" 404 -
116.230.108.72 - - [08/Apr/2024:11:26:33 +0800] "GET /xingrg/index.html?sysBaseUrl=http%3A%2F%2F180.169.147.146%3A18081%2Fxingrg%2F&costTime=1277×tamp=1606817596806 HTTP/1.1" 302 -
116.230.108.72 - - [08/Apr/2024:11:26:33 +0800] "GET /xingrg/login.html HTTP/1.1" 200 7641
124.78.159.2 - - [08/Apr/2024:11:26:33 +0800] "GET /xingrg/javascript/easyui/themes/default/validatebox.css HTTP/1.1" 404 1104
116.230.108.72 - - [08/Apr/2024:11:26:33 +0800] "GET /favicon.ico HTTP/1.1" 404 -
116.224.254.208 - - [08/Apr/2024:11:26:34 +0800] "GET /xingrg/all/function/internal_message.html?_=1712546794467&CODE_STATE=getMsg HTTP/1.1" 200 27
124.78.159.2 - - [08/Apr/2024:11:26:35 +0800] "POST /xingrg/kc/buy/cgsh_order_operate.html HTTP/1.1" 200 1198
101.83.144.49 - - [08/Apr/2024:11:26:36 +0800] "GET /xingrg/all/function/internal_message.html?_=1712546555728&CODE_STATE=getMsg HTTP/1.1" 200 27
124.78.56.241 - - [08/Apr/2024:11:26:36 +0800] "GET /xingrg/kc/buy/cgsh_order_info.html?code=212024040801772 HTTP/1.1" 200 68761
124.78.56.241 - - [08/Apr/2024:11:26:37 +0800] "GET /xingrg/javascript/easyui/themes/default/validatebox.css HTTP/1.1" 404 1104
124.78.56.241 - - [08/Apr/2024:11:26:38 +0800] "POST /xingrg/kc/buy/cgsh_order_operate.html HTTP/1.1" 200 1220
180.164.1.25 - - [08/Apr/2024:11:26:39 +0800] "POST /xingrg/login.do HTTP/1.1" 302 -
180.164.1.25 - - [08/Apr/2024:11:26:39 +0800] "GET /xingrg/index.html?sysBaseUrl=http%3A%2F%2F180.169.147.146%3A18081%2Fxingrg%2F&costTime=1211×tamp=1712546799023 HTTP/1.1" 200 17183
180.169.147.146 - - [08/Apr/2024:11:26:39 +0800] "GET /xingrg/all/function/internal_message.html?_=1712546800190&CODE_STATE=getMsg HTTP/1.1" 200 27
222.70.183.82 - - [08/Apr/2024:11:26:39 +0800] "GET /xingrg/kc/buy/cgsh_order_operate.html?command=get_materiel&rest_code=00111&code=00101008355&supplier_code=00100008&order_time=2024-04-08 HTTP/1.1" 200 408
180.164.1.25 - - [08/Apr/2024:11:26:39 +0800] "GET /xingrg/javascript/jquery_easy_ui/themes/icon.css HTTP/1.1" 200 3949
180.164.1.25 - - [08/Apr/2024:11:26:39 +0800] "GET /xingrg/css/form.css HTTP/1.1" 200 893
180.164.1.25 - - [08/Apr/2024:11:26:39 +0800] "GET /xingrg/javascript/jquery-1.4.2.min.js HTTP/1.1" 200 72205
180.164.1.25 - - [08/Apr/2024:11:26:39 +0800] "GET /xingrg/javascript/jquery_easy_ui/themes/default/easyui.css HTTP/1.1" 200 26500
180.164.1.25 - - [08/Apr/2024:11:26:39 +0800] "GET /xingrg/javascript/jquery.form.js HTTP/1.1" 200 23110
180.164.1.25 - - [08/Apr/2024:11:26:39 +0800] "GET /xingrg/javascript/jquery.utils.js HTTP/1.1" 200 11805
180.164.1.25 - - [08/Apr/2024:11:26:39 +0800] "GET /xingrg/javascript/jquery.timers.js HTTP/1.1" 200 3532
180.164.1.25 - - [08/Apr/2024:11:26:39 +0800] "GET /xingrg/javascript/jquery_easy_ui/jquery.easyui.min.js HTTP/1.1" 200 213662
180.164.1.25 - - [08/Apr/2024:11:26:39 +0800] "GET /xingrg/javascript/jquery_easy_ui/easyui-lang-zh_CN.js HTTP/1.1" 200 1900
180.164.1.25 - - [08/Apr/2024:11:26:39 +0800] "GET /favicon.ico HTTP/1.1" 404 -
180.164.1.25 - - [08/Apr/2024:11:26:39 +0800] "GET /xingrg/javascript/jquery_easy_ui/themes/icons/settle_new.png HTTP/1.1" 200 826
180.164.1.25 - - [08/Apr/2024:11:26:39 +0800] "GET /xingrg/images/blue/navBackgound.jpg HTTP/1.1" 200 12378
180.164.1.25 - - [08/Apr/2024:11:26:39 +0800] "GET /xingrg/images/blue/pingpu.png HTTP/1.1" 200 231
180.164.1.25 - - [08/Apr/2024:11:26:39 +0800] "GET /xingrg/all/function/internal_message.html?_=1712546800062&CODE_STATE=count HTTP/1.1" 200 11
180.164.1.25 - - [08/Apr/2024:11:26:39 +0800] "GET /xingrg/check_reg.html?_=1712546800063 HTTP/1.1" 200 22
180.164.1.25 - - [08/Apr/2024:11:26:39 +0800] "GET /xingrg/javascript/jquery_easy_ui/themes/default/images/tabs_leftarrow.png HTTP/1.1" 200 389
180.164.1.25 - - [08/Apr/2024:11:26:39 +0800] "GET /xingrg/javascript/jquery_easy_ui/themes/default/images/panel_tool_collapse.gif HTTP/1.1" 200 246
180.164.1.25 - - [08/Apr/2024:11:26:39 +0800] "GET /xingrg/javascript/jquery_easy_ui/themes/default/images/tabs_rightarrow.png HTTP/1.1" 200 395
180.164.1.25 - - [08/Apr/2024:11:26:39 +0800] "POST /xingrg/all/common/load_tree.html?tree=area_rest_tree_json&manage=1 HTTP/1.1" 200 357
180.164.1.25 - - [08/Apr/2024:11:26:39 +0800] "POST /xingrg/load_menu.html HTTP/1.1" 200 5138
180.164.1.25 - - [08/Apr/2024:11:26:39 +0800] "GET /xingrg/javascript/jquery_easy_ui/themes/default/images/tree_arrows.gif HTTP/1.1" 200 1043
180.164.1.25 - - [08/Apr/2024:11:26:39 +0800] "GET /xingrg/javascript/jquery_easy_ui/themes/default/images/tree_folder_open.gif HTTP/1.1" 200 956
180.164.1.25 - - [08/Apr/2024:11:26:39 +0800] "GET /xingrg/javascript/jquery_easy_ui/themes/default/images/tree_folder.gif HTTP/1.1" 200 952
180.164.1.25 - - [08/Apr/2024:11:26:39 +0800] "GET /xingrg/javascript/jquery_easy_ui/themes/icons/search_new.png HTTP/1.1" 200 586
180.164.1.25 - - [08/Apr/2024:11:26:39 +0800] "GET /xingrg/javascript/jquery_easy_ui/themes/icons/forms_new.png HTTP/1.1" 200 350
180.164.1.25 - - [08/Apr/2024:11:26:39 +0800] "GET /xingrg/javascript/jquery_easy_ui/themes/icons/storage_new.png HTTP/1.1" 200 853
180.164.1.25 - - [08/Apr/2024:11:26:39 +0800] "GET /xingrg/javascript/jquery_easy_ui/themes/default/images/tree_file.gif HTTP/1.1" 200 118
222.70.183.82 - - [08/Apr/2024:11:26:39 +0800] "GET /xingrg/all/function/internal_message.html?_=1712546799515&CODE_STATE=getMsg HTTP/1.1" 200 27
101.80.230.31 - - [08/Apr/2024:11:26:40 +0800] "GET /xingrg/all/function/internal_message.html?_=1712546800397&CODE_STATE=getMsg HTTP/1.1" 200 27
116.230.108.72 - - [08/Apr/2024:11:26:43 +0800] "POST /xingrg/login.do HTTP/1.1" 302 -
116.230.108.72 - - [08/Apr/2024:11:26:43 +0800] "GET /xingrg/index.html?sysBaseUrl=http%3A%2F%2F180.169.147.146%3A18081%2Fxingrg%2F&costTime=1849×tamp=1712546803249 HTTP/1.1" 200 17179
116.230.108.72 - - [08/Apr/2024:11:26:43 +0800] "GET /favicon.ico HTTP/1.1" 404 -
116.230.108.72 - - [08/Apr/2024:11:26:43 +0800] "GET /xingrg/check_reg.html?_=1712546756796 HTTP/1.1" 200 22
116.230.108.72 - - [08/Apr/2024:11:26:43 +0800] "GET /xingrg/all/function/internal_message.html?_=1712546756794&CODE_STATE=count HTTP/1.1" 200 11
116.230.108.72 - - [08/Apr/2024:11:26:43 +0800] "POST /xingrg/all/common/load_tree.html?tree=area_rest_tree_json&manage=1 HTTP/1.1" 200 351
116.230.108.72 - - [08/Apr/2024:11:26:44 +0800] "POST /xingrg/load_menu.html HTTP/1.1" 200 5138
124.78.159.2 - - [08/Apr/2024:11:26:44 +0800] "GET /xingrg/kc/print/load_data.html?order_code=212024040801773&kc_code=cgsh&condition= HTTP/1.1" 200 947
101.83.144.49 - - [08/Apr/2024:11:26:44 +0800] "POST /xingrg/kc/base/wldb_order_operate.html HTTP/1.1" 200 37
124.78.159.2 - - [08/Apr/2024:11:26:45 +0800] "GET /xingrg/all/function/internal_message.html?_=1712546804354&CODE_STATE=getMsg HTTP/1.1" 200 27
114.83.217.54 - - [08/Apr/2024:11:26:45 +0800] "GET /xingrg/kc/buy/cgsh_order_operate.html?command=get_materiel&rest_code=00149&code=00101010669&supplier_code=00100329&order_time=2024-04-08 HTTP/1.1" 200 424
101.83.144.49 - - [08/Apr/2024:11:26:45 +0800] "POST /xingrg/kc/base/wldb_order_operate.html HTTP/1.1" 200 2682
101.83.144.49 - - [08/Apr/2024:11:26:46 +0800] "GET /xingrg/kc/base/wldb_order_info.html?code=422024040800444 HTTP/1.1" 200 30396
101.83.144.49 - - [08/Apr/2024:11:26:46 +0800] "GET /xingrg/javascript/easyui/themes/default/validatebox.css HTTP/1.1" 404 1104
180.164.1.25 - - [08/Apr/2024:11:26:47 +0800] "GET /xingrg/javascript/jquery_easy_ui/themes/default/images/tabs_close.gif HTTP/1.1" 200 829
101.83.144.49 - - [08/Apr/2024:11:26:47 +0800] "POST /xingrg/kc/base/wldb_order_operate.html HTTP/1.1" 200 2682
114.85.113.46 - - [08/Apr/2024:11:26:47 +0800] "GET /xingrg/all/function/internal_message.html?_=1712546807593&CODE_STATE=getMsg HTTP/1.1" 200 27
180.164.1.25 - - [08/Apr/2024:11:26:47 +0800] "GET /xingrg/kc/buy/cgsh_order_list.html HTTP/1.1" 200 58081
180.164.1.25 - - [08/Apr/2024:11:26:47 +0800] "GET /xingrg/css/base.css HTTP/1.1" 200 2811
180.164.1.25 - - [08/Apr/2024:11:26:47 +0800] "GET /xingrg/css/site.css HTTP/1.1" 200 7541
180.164.1.25 - - [08/Apr/2024:11:26:47 +0800] "GET /xingrg/javascript/jquery_tools/datebox.css HTTP/1.1" 200 2597
180.164.1.25 - - [08/Apr/2024:11:26:47 +0800] "GET /xingrg/javascript/easyui/themes/default/easyui.css HTTP/1.1" 200 30432
180.164.1.25 - - [08/Apr/2024:11:26:47 +0800] "GET /xingrg/javascript/easyui/themes/icon.css HTTP/1.1" 200 4483
180.164.1.25 - - [08/Apr/2024:11:26:47 +0800] "GET /xingrg/javascript/auto/jquery.autocomplete.css HTTP/1.1" 200 587
180.164.1.25 - - [08/Apr/2024:11:26:47 +0800] "GET /xingrg/javascript/jquery_tools/fix.css HTTP/1.1" 200 1702
180.164.1.25 - - [08/Apr/2024:11:26:47 +0800] "GET /xingrg/javascript/jquery_tools/table.css HTTP/1.1" 200 1032
180.164.1.25 - - [08/Apr/2024:11:26:47 +0800] "GET /xingrg/javascript/jquery_tools/jquery.tools.min.js HTTP/1.1" 200 138801
180.164.1.25 - - [08/Apr/2024:11:26:47 +0800] "GET /xingrg/javascript/jquery_tools/jquery.tools.hotkey.js HTTP/1.1" 200 3242
180.164.1.25 - - [08/Apr/2024:11:26:47 +0800] "GET /xingrg/javascript/jquery_tools/jquery.tools.table.js HTTP/1.1" 200 6994
180.164.1.25 - - [08/Apr/2024:11:26:47 +0800] "GET /xingrg/javascript/jquery_tools/jquery.tools.extend.js HTTP/1.1" 200 15385
180.164.1.25 - - [08/Apr/2024:11:26:47 +0800] "GET /xingrg/javascript/jquery_tools/list_manager.js HTTP/1.1" 200 3652
180.164.1.25 - - [08/Apr/2024:11:26:47 +0800] "GET /xingrg/javascript/auto/jquery.autocomplete.js HTTP/1.1" 200 21624
180.164.1.25 - - [08/Apr/2024:11:26:47 +0800] "GET /xingrg/javascript/easyui/easyloader.js HTTP/1.1" 200 5975
180.164.1.25 - - [08/Apr/2024:11:26:47 +0800] "GET /xingrg/javascript/jquery.cookie.js HTTP/1.1" 200 5513
180.164.1.25 - - [08/Apr/2024:11:26:47 +0800] "GET /xingrg/javascript/print/LodopFuncs.js HTTP/1.1" 200 5121
116.238.97.31 - - [08/Apr/2024:11:26:47 +0800] "POST /xingrg/kc/buy/cgsh_list_operate.html HTTP/1.1" 200 280
180.164.1.25 - - [08/Apr/2024:11:26:47 +0800] "GET /xingrg/javascript/easyui/themes/icons/edit_add_new.png HTTP/1.1" 200 2997
180.164.1.25 - - [08/Apr/2024:11:26:47 +0800] "GET /xingrg/javascript/easyui/themes/icons/cance_new.png HTTP/1.1" 200 3986
180.164.1.25 - - [08/Apr/2024:11:26:47 +0800] "GET /xingrg/javascript/easyui/themes/icons/check_new.png HTTP/1.1" 200 3224
180.164.1.25 - - [08/Apr/2024:11:26:47 +0800] "GET /xingrg/javascript/easyui/themes/icons/field_new.png HTTP/1.1" 200 1097
180.164.1.25 - - [08/Apr/2024:11:26:47 +0800] "GET /xingrg/javascript/easyui/themes/icons/import_new.png HTTP/1.1" 200 1247
180.164.1.25 - - [08/Apr/2024:11:26:48 +0800] "GET /xingrg/javascript/easyui/plugins/jquery.parser.js HTTP/1.1" 200 1142
180.164.1.25 - - [08/Apr/2024:11:26:48 +0800] "GET /xingrg/images/control/ajaxLoader.gif HTTP/1.1" 200 4659
116.238.97.31 - - [08/Apr/2024:11:26:49 +0800] "GET /xingrg/kc/buy/cgsh_order_info.html?code=212024040801766 HTTP/1.1" 200 68788
116.230.108.72 - - [08/Apr/2024:11:26:49 +0800] "GET /xingrg/kc/buy/buy_main.html HTTP/1.1" 200 12412
116.238.97.31 - - [08/Apr/2024:11:26:49 +0800] "GET /xingrg/words/20240407173818_words.js HTTP/1.1" 304 -
116.230.108.72 - - [08/Apr/2024:11:26:49 +0800] "GET /xingrg/css/new_ie.css HTTP/1.1" 404 1036
116.238.97.31 - - [08/Apr/2024:11:26:49 +0800] "GET /xingrg/javascript/easyui/themes/default/validatebox.css HTTP/1.1" 404 1104
116.230.108.72 - - [08/Apr/2024:11:26:50 +0800] "GET /xingrg/images/yd/bt.gif HTTP/1.1" 404 1040
116.238.97.31 - - [08/Apr/2024:11:26:50 +0800] "POST /xingrg/kc/buy/cgsh_order_operate.html HTTP/1.1" 200 1210
222.70.183.82 - - [08/Apr/2024:11:26:51 +0800] "GET /xingrg/kc/buy/cgsh_order_operate.html?command=get_materiel&rest_code=00111&code=00101008356&supplier_code=00100008&order_time=2024-04-08 HTTP/1.1" 200 408
116.230.108.72 - - [08/Apr/2024:11:26:51 +0800] "GET /xingrg/kc/buy/cgsh_order_list.html HTTP/1.1" 200 58077
58.40.7.146 - - [08/Apr/2024:11:26:51 +0800] "GET /xingrg/all/function/internal_message.html?_=1712546811750&CODE_STATE=getMsg HTTP/1.1" 200 27
116.238.97.31 - - [08/Apr/2024:11:26:52 +0800] "GET /xingrg/kc/print/load_config.html?kc_code=cgsh HTTP/1.1" 200 1927
116.238.97.31 - - [08/Apr/2024:11:26:52 +0800] "GET /xingrg/kc/print/load_data.html?order_code=212024040801766&kc_code=cgsh&condition= HTTP/1.1" 200 975
101.83.144.49 - - [08/Apr/2024:11:26:54 +0800] "GET /xingrg/kc/base/wldb_order_add.html HTTP/1.1" 200 30382
101.83.144.49 - - [08/Apr/2024:11:26:54 +0800] "POST /xingrg/kc/base/wldb_order_operate.html HTTP/1.1" 200 6806
101.83.144.49 - - [08/Apr/2024:11:26:54 +0800] "GET /xingrg/javascript/easyui/themes/default/validatebox.css HTTP/1.1" 404 1104
116.238.97.31 - - [08/Apr/2024:11:26:58 +0800] "GET /xingrg/all/function/internal_message.html?_=1712546818140&CODE_STATE=getMsg HTTP/1.1" 200 27
124.78.56.241 - - [08/Apr/2024:11:26:58 +0800] "GET /xingrg/all/function/internal_message.html?_=1712546818618&CODE_STATE=getMsg HTTP/1.1" 200 27
124.78.56.241 - - [08/Apr/2024:11:27:01 +0800] "GET /xingrg/kc/print/load_data.html?order_code=212024040801772&kc_code=cgsh&condition= HTTP/1.1" 200 966
116.230.108.72 - - [08/Apr/2024:11:27:02 +0800] "POST /xingrg/kc/buy/cgsh_list_operate.html HTTP/1.1" 200 2535
172.20.0.8 - - [08/Apr/2024:11:27:03 +0800] "GET /xingrg/all/function/internal_message.html?_=1712546823434&CODE_STATE=getMsg HTTP/1.1" 302 -
180.169.147.146 - - [08/Apr/2024:11:27:03 +0800] "GET /xingrg/all/function/internal_message.html?_=1712546823715&CODE_STATE=getMsg HTTP/1.1" 200 27
180.169.147.146 - - [08/Apr/2024:11:27:05 +0800] "GET /xingrg/all/function/internal_message.html?_=1712546825932&CODE_STATE=getMsg HTTP/1.1" 200 27
116.238.97.31 - - [08/Apr/2024:11:27:05 +0800] "GET /xingrg/kc/base/wldb_order_list.html HTTP/1.1" 200 19051
116.238.97.31 - - [08/Apr/2024:11:27:06 +0800] "POST /xingrg/kc/base/wldb_list_operate.html HTTP/1.1" 200 928
116.238.97.31 - - [08/Apr/2024:11:27:07 +0800] "GET /xingrg/kc/base/wldb_order_add.html HTTP/1.1" 200 30378
116.238.97.31 - - [08/Apr/2024:11:27:07 +0800] "POST /xingrg/kc/base/wldb_order_operate.html HTTP/1.1" 200 6806
116.238.97.31 - - [08/Apr/2024:11:27:07 +0800] "GET /xingrg/all/common/auto_word.html?type=base&rest_code=00102 HTTP/1.1" 200 1857
116.238.97.31 - - [08/Apr/2024:11:27:07 +0800] "GET /xingrg/javascript/easyui/themes/default/validatebox.css HTTP/1.1" 404 1104
116.238.97.31 - - [08/Apr/2024:11:27:07 +0800] "GET /xingrg/all/common/auto_word.html?type=base&rest_code=00102 HTTP/1.1" 200 1857
114.83.217.54 - - [08/Apr/2024:11:27:08 +0800] "POST /xingrg/kc/buy/cgsh_order_operate.html HTTP/1.1" 200 37
116.230.108.72 - - [08/Apr/2024:11:27:08 +0800] "POST /xingrg/kc/buy/cgsh_list_operate.html HTTP/1.1" 200 344
116.238.97.31 - - [08/Apr/2024:11:27:09 +0800] "GET /xingrg/css/images/panel_loading.gif HTTP/1.1" 200 1737
116.238.97.31 - - [08/Apr/2024:11:27:09 +0800] "POST /xingrg/all/common/load_combo.html?type=base HTTP/1.1" 200 3321
116.230.108.72 - - [08/Apr/2024:11:27:11 +0800] "GET /xingrg/kc/buy/cgsh_order_info.html?code=212024040801774 HTTP/1.1" 200 73949
116.230.108.72 - - [08/Apr/2024:11:27:11 +0800] "GET /xingrg/javascript/easyui/themes/default/validatebox.css HTTP/1.1" 404 1104
116.230.108.72 - - [08/Apr/2024:11:27:11 +0800] "GET /xingrg/all/common/auto_word.html?type=employee&rest_code=00155 HTTP/1.1" 200 255
116.230.108.72 - - [08/Apr/2024:11:27:11 +0800] "GET /xingrg/all/common/auto_word.html?type=employee&rest_code=00155 HTTP/1.1" 200 255
116.238.97.31 - - [08/Apr/2024:11:27:12 +0800] "GET /xingrg/javascript/auto/indicator.gif HTTP/1.1" 404 1066
114.83.217.54 - - [08/Apr/2024:11:27:12 +0800] "GET /xingrg/all/function/internal_message.html?_=1712546832785&CODE_STATE=getMsg HTTP/1.1" 200 27
116.230.108.72 - - [08/Apr/2024:11:27:12 +0800] "POST /xingrg/kc/buy/cgsh_order_operate.html HTTP/1.1" 200 3838
222.70.183.82 - - [08/Apr/2024:11:27:15 +0800] "GET /xingrg/kc/buy/cgsh_order_operate.html?command=get_materiel&rest_code=00111&code=00101008037&supplier_code=00100008&order_time=2024-04-08 HTTP/1.1" 200 414
114.83.217.54 - - [08/Apr/2024:11:27:17 +0800] "POST /xingrg/kc/buy/cgsh_order_operate.html HTTP/1.1" 200 12
116.238.97.31 - - [08/Apr/2024:11:27:17 +0800] "GET /xingrg/kc/base/wldb_order_operate.html?command=get_materiel&rest_code=00102&base_code=0010480&code=00101025014 HTTP/1.1" 200 463
180.164.1.25 - - [08/Apr/2024:11:27:17 +0800] "POST /xingrg/kc/buy/cgsh_list_operate.html HTTP/1.1" 200 4266
180.169.147.146 - - [08/Apr/2024:11:27:17 +0800] "GET /xingrg/all/function/internal_message.html?_=1712546838545&CODE_STATE=getMsg HTTP/1.1" 200 27
222.69.132.123 - - [08/Apr/2024:11:27:17 +0800] "GET /xingrg/all/function/internal_message.html?_=1712546839216&CODE_STATE=getMsg HTTP/1.1" 200 27
101.83.144.49 - - [08/Apr/2024:11:27:18 +0800] "GET /xingrg/all/function/internal_message.html?_=1712546838406&CODE_STATE=getMsg HTTP/1.1" 200 27
114.83.217.54 - - [08/Apr/2024:11:27:19 +0800] "GET /xingrg/kc/buy/cgsh_order_info.html?code=212024040801775 HTTP/1.1" 200 68847
114.83.217.54 - - [08/Apr/2024:11:27:19 +0800] "GET /xingrg/javascript/easyui/themes/default/validatebox.css HTTP/1.1" 404 1104
116.230.108.72 - - [08/Apr/2024:11:27:20 +0800] "GET /xingrg/javascript/auto/indicator.gif HTTP/1.1" 404 1066
114.83.217.54 - - [08/Apr/2024:11:27:20 +0800] "POST /xingrg/kc/buy/cgsh_order_operate.html HTTP/1.1" 200 613
180.164.1.25 - - [08/Apr/2024:11:27:21 +0800] "GET /xingrg/javascript/easyui/themes/default/images/button_plain_hover.png HTTP/1.1" 200 144
114.83.217.54 - - [08/Apr/2024:11:27:22 +0800] "GET /xingrg/kc/print/load_data.html?order_code=212024040801775&kc_code=cgsh&condition= HTTP/1.1" 200 720
116.230.108.72 - - [08/Apr/2024:11:27:25 +0800] "GET /xingrg/kc/buy/cgsh_order_operate.html?command=get_materiel&rest_code=00155&code=00101008361&supplier_code=00100005&order_time=2024-04-08 HTTP/1.1" 200 408
101.83.144.49 - - [08/Apr/2024:11:27:26 +0800] "GET /xingrg/kc/base/wldb_order_operate.html?command=get_materiel&rest_code=00105&base_code=0010508&code=00102004006 HTTP/1.1" 200 442
116.238.97.31 - - [08/Apr/2024:11:27:26 +0800] "GET /xingrg/kc/base/wldb_order_operate.html?command=get_materiel&rest_code=00102&base_code=0010480&code=00101025018 HTTP/1.1" 200 485
180.158.9.158 - - [08/Apr/2024:11:27:26 +0800] "GET /xingrg/all/function/internal_message.html?_=1712546844729&CODE_STATE=getMsg HTTP/1.1" 302 -
180.164.1.25 - - [08/Apr/2024:11:27:26 +0800] "GET /xingrg/all/function/internal_message.html?_=1712546845873&CODE_STATE=getMsg HTTP/1.1" 200 27
180.169.147.146 - - [08/Apr/2024:11:27:27 +0800] "GET /xingrg/all/function/internal_message.html?_=1712546846776&CODE_STATE=getMsg HTTP/1.1" 200 27
114.83.217.54 - - [08/Apr/2024:11:27:27 +0800] "GET /xingrg/kc/buy/cgsh_order_add.html HTTP/1.1" 200 73940
114.83.217.54 - - [08/Apr/2024:11:27:28 +0800] "POST /xingrg/kc/buy/cgsh_order_operate.html HTTP/1.1" 200 8245
114.83.217.54 - - [08/Apr/2024:11:27:28 +0800] "GET /xingrg/javascript/easyui/themes/default/validatebox.css HTTP/1.1" 404 1104
124.78.159.2 - - [08/Apr/2024:11:27:32 +0800] "GET /xingrg/all/function/internal_message.html?_=1712546852136&CODE_STATE=getMsg HTTP/1.1" 200 27
124.78.159.2 - - [08/Apr/2024:11:27:32 +0800] "GET /xingrg/check_reg.html?_=1712546852138 HTTP/1.1" 200 22
116.224.254.208 - - [08/Apr/2024:11:27:34 +0800] "GET /xingrg/all/function/internal_message.html?_=1712546854458&CODE_STATE=getMsg HTTP/1.1" 200 27
101.83.144.49 - - [08/Apr/2024:11:27:36 +0800] "GET /xingrg/all/function/internal_message.html?_=1712546615700&CODE_STATE=getMsg HTTP/1.1" 200 27
114.83.217.54 - - [08/Apr/2024:11:27:37 +0800] "GET /xingrg/kc/buy/cgsh_order_operate.html?command=get_materiel&rest_code=00149&code=00101001115&supplier_code=00100089&order_time=2024-04-08 HTTP/1.1" 200 413
101.83.144.49 - - [08/Apr/2024:11:27:38 +0800] "GET /xingrg/kc/base/wldb_order_operate.html?command=get_materiel&rest_code=00105&base_code=0010508&code=00102004030 HTTP/1.1" 200 442
124.78.56.241 - - [08/Apr/2024:11:27:38 +0800] "POST /xingrg/kc/buy/cgsh_order_operate.html HTTP/1.1" 200 8245
124.78.56.241 - - [08/Apr/2024:11:27:38 +0800] "GET /xingrg/javascript/easyui/themes/default/validatebox.css HTTP/1.1" 404 1104
180.169.147.146 - - [08/Apr/2024:11:27:39 +0800] "GET /xingrg/all/function/internal_message.html?_=1712546860174&CODE_STATE=getMsg HTTP/1.1" 200 27
180.164.1.25 - - [08/Apr/2024:11:27:39 +0800] "GET /xingrg/all/function/internal_message.html?_=1712546860072&CODE_STATE=getMsg HTTP/1.1" 200 27
222.70.183.82 - - [08/Apr/2024:11:27:39 +0800] "GET /xingrg/all/function/internal_message.html?_=1712546859492&CODE_STATE=getMsg HTTP/1.1" 200 27
101.80.230.31 - - [08/Apr/2024:11:27:40 +0800] "GET /xingrg/all/function/internal_message.html?_=1712546860400&CODE_STATE=getMsg HTTP/1.1" 200 27
116.230.108.72 - - [08/Apr/2024:11:27:43 +0800] "GET /xingrg/all/function/internal_message.html?_=1712546816821&CODE_STATE=getMsg HTTP/1.1" 200 27
124.78.159.2 - - [08/Apr/2024:11:27:45 +0800] "GET /xingrg/all/function/internal_message.html?_=1712546864330&CODE_STATE=getMsg HTTP/1.1" 200 27
114.85.113.46 - - [08/Apr/2024:11:27:47 +0800] "GET /xingrg/all/function/internal_message.html?_=1712546867593&CODE_STATE=getMsg HTTP/1.1" 200 27
114.85.113.46 - - [08/Apr/2024:11:27:47 +0800] "GET /xingrg/check_reg.html?_=1712546867596 HTTP/1.1" 200 22
124.78.56.241 - - [08/Apr/2024:11:27:49 +0800] "GET /xingrg/kc/buy/cgsh_order_operate.html?command=get_materiel&rest_code=00141&code=00101001140&supplier_code=00100090&order_time=2024-04-08 HTTP/1.1" 200 417
58.40.7.146 - - [08/Apr/2024:11:27:51 +0800] "GET /xingrg/all/function/internal_message.html?_=1712546871754&CODE_STATE=getMsg HTTP/1.1" 200 27
58.40.7.146 - - [08/Apr/2024:11:27:51 +0800] "GET /xingrg/check_reg.html?_=1712546871756 HTTP/1.1" 200 22
116.238.97.31 - - [08/Apr/2024:11:27:58 +0800] "GET /xingrg/all/function/internal_message.html?_=1712546878152&CODE_STATE=getMsg HTTP/1.1" 200 27
124.78.56.241 - - [08/Apr/2024:11:27:58 +0800] "GET /xingrg/all/function/internal_message.html?_=1712546878577&CODE_STATE=getMsg HTTP/1.1" 200 27
114.83.217.54 - - [08/Apr/2024:11:28:03 +0800] "POST /xingrg/kc/buy/cgsh_order_operate.html HTTP/1.1" 200 37
172.20.0.8 - - [08/Apr/2024:11:28:03 +0800] "GET /xingrg/all/function/internal_message.html?_=1712546883435&CODE_STATE=getMsg HTTP/1.1" 302 -
101.83.144.49 - - [08/Apr/2024:11:28:03 +0800] "POST /xingrg/kc/base/wldb_order_operate.html HTTP/1.1" 200 37
180.169.147.146 - - [08/Apr/2024:11:28:03 +0800] "GET /xingrg/all/function/internal_message.html?_=1712546883731&CODE_STATE=getMsg HTTP/1.1" 200 27
116.230.108.72 - - [08/Apr/2024:11:28:04 +0800] "GET /xingrg/kc/buy/cgsh_order_operate.html?command=get_materiel&rest_code=00155&code=00101008372&supplier_code=00100005&order_time=2024-04-08 HTTP/1.1" 200 408
180.169.147.146 - - [08/Apr/2024:11:28:05 +0800] "GET /xingrg/all/function/internal_message.html?_=1712546885931&CODE_STATE=getMsg HTTP/1.1" 200 27
180.169.147.146 - - [08/Apr/2024:11:28:05 +0800] "GET /xingrg/check_reg.html?_=1712546885934 HTTP/1.1" 200 22
101.83.144.49 - - [08/Apr/2024:11:28:05 +0800] "POST /xingrg/kc/base/wldb_order_operate.html HTTP/1.1" 200 3147
124.78.56.241 - - [08/Apr/2024:11:28:06 +0800] "GET /xingrg/kc/buy/cgsh_order_operate.html?command=get_materiel&rest_code=00141&code=00101004065&supplier_code=00100090&order_time=2024-04-08 HTTP/1.1" 200 413
101.83.144.49 - - [08/Apr/2024:11:28:07 +0800] "GET /xingrg/kc/base/wldb_order_info.html?code=422024040800445 HTTP/1.1" 200 30396
101.83.144.49 - - [08/Apr/2024:11:28:07 +0800] "GET /xingrg/javascript/easyui/themes/default/validatebox.css HTTP/1.1" 404 1104
101.83.144.49 - - [08/Apr/2024:11:28:09 +0800] "POST /xingrg/kc/base/wldb_order_operate.html HTTP/1.1" 200 3147
114.83.217.54 - - [08/Apr/2024:11:28:12 +0800] "GET /xingrg/all/function/internal_message.html?_=1712546892766&CODE_STATE=getMsg HTTP/1.1" 200 27
114.83.217.54 - - [08/Apr/2024:11:28:13 +0800] "POST /xingrg/kc/buy/cgsh_order_operate.html HTTP/1.1" 200 12
116.235.94.6 - - [08/Apr/2024:11:28:16 +0800] "POST /xingrg/services/DataTransmitService HTTP/1.1" 200 524
114.83.217.54 - - [08/Apr/2024:11:28:17 +0800] "GET /xingrg/kc/print/load_data.html?order_code=212024040801776&kc_code=cgsh&condition= HTTP/1.1" 200 781
101.80.230.31 - - [08/Apr/2024:11:28:17 +0800] "GET /xingrg/kc/buy/buy_main.html HTTP/1.1" 200 12412
101.80.230.31 - - [08/Apr/2024:11:28:17 +0800] "GET /xingrg/css/new_ie.css HTTP/1.1" 404 1036
180.169.147.146 - - [08/Apr/2024:11:28:17 +0800] "GET /xingrg/check_reg.html?_=1712546898544 HTTP/1.1" 200 22
180.169.147.146 - - [08/Apr/2024:11:28:17 +0800] "GET /xingrg/all/function/internal_message.html?_=1712546898545&CODE_STATE=getMsg HTTP/1.1" 200 27
222.69.132.123 - - [08/Apr/2024:11:28:17 +0800] "GET /xingrg/all/function/internal_message.html?_=1712546899205&CODE_STATE=getMsg HTTP/1.1" 200 27
222.69.132.123 - - [08/Apr/2024:11:28:17 +0800] "GET /xingrg/check_reg.html?_=1712546899206 HTTP/1.1" 200 22
101.83.144.49 - - [08/Apr/2024:11:28:18 +0800] "GET /xingrg/all/function/internal_message.html?_=1712546898406&CODE_STATE=getMsg HTTP/1.1" 200 27
116.230.108.72 - - [08/Apr/2024:11:28:19 +0800] "GET /xingrg/kc/buy/cgsh_order_operate.html?command=get_materiel&rest_code=00155&code=00101008321&supplier_code=00100005&order_time=2024-04-08 HTTP/1.1" 200 412
114.83.217.54 - - [08/Apr/2024:11:28:19 +0800] "GET /xingrg/kc/buy/cgsh_order_info.html?code=212024040801776 HTTP/1.1" 200 68845
101.80.230.31 - - [08/Apr/2024:11:28:19 +0800] "GET /xingrg/kc/buy/cgsh_order_list.html HTTP/1.1" 200 58077
114.83.217.54 - - [08/Apr/2024:11:28:19 +0800] "GET /xingrg/javascript/easyui/themes/default/validatebox.css HTTP/1.1" 404 1104
114.83.217.54 - - [08/Apr/2024:11:28:21 +0800] "POST /xingrg/kc/buy/cgsh_order_operate.html HTTP/1.1" 200 610
124.78.56.241 - - [08/Apr/2024:11:28:22 +0800] "GET /xingrg/kc/buy/cgsh_order_operate.html?command=get_materiel&rest_code=00141&code=00101001037&supplier_code=00100090&order_time=2024-04-08 HTTP/1.1" 200 418
180.158.9.158 - - [08/Apr/2024:11:28:26 +0800] "GET /xingrg/check_reg.html?_=1712546904727 HTTP/1.1" 302 -
180.158.9.158 - - [08/Apr/2024:11:28:26 +0800] "GET /xingrg/all/function/internal_message.html?_=1712546904728&CODE_STATE=getMsg HTTP/1.1" 302 -
180.164.1.25 - - [08/Apr/2024:11:28:26 +0800] "GET /xingrg/all/function/internal_message.html?_=1712546905855&CODE_STATE=getMsg HTTP/1.1" 200 27
101.83.144.49 - - [08/Apr/2024:11:28:27 +0800] "GET /xingrg/kc/base/wldb_order_add.html HTTP/1.1" 200 30382
180.169.147.146 - - [08/Apr/2024:11:28:27 +0800] "GET /xingrg/all/function/internal_message.html?_=1712546906777&CODE_STATE=getMsg HTTP/1.1" 200 27
101.83.144.49 - - [08/Apr/2024:11:28:27 +0800] "POST /xingrg/kc/base/wldb_order_operate.html HTTP/1.1" 200 6806
101.83.144.49 - - [08/Apr/2024:11:28:27 +0800] "GET /xingrg/javascript/easyui/themes/default/validatebox.css HTTP/1.1" 404 1104
101.80.230.31 - - [08/Apr/2024:11:28:27 +0800] "GET /xingrg/kc/mdqp/psth_order_list1.html HTTP/1.1" 200 17953
101.80.230.31 - - [08/Apr/2024:11:28:27 +0800] "GET /xingrg/javascript/easyui/themes/icons/uncheck_new.png HTTP/1.1" 200 3197
101.80.230.31 - - [08/Apr/2024:11:28:27 +0800] "POST /xingrg/kc/mdqp/psth_list_operate.html HTTP/1.1" 200 749
101.80.230.31 - - [08/Apr/2024:11:28:30 +0800] "POST /xingrg/kc/mdqp/psth_list_operate.html HTTP/1.1" 200 4905
101.80.230.31 - - [08/Apr/2024:11:28:32 +0800] "POST /xingrg/kc/mdqp/psth_list_operate.html HTTP/1.1" 200 206
124.78.159.2 - - [08/Apr/2024:11:28:32 +0800] "GET /xingrg/all/function/internal_message.html?_=1712546912136&CODE_STATE=getMsg HTTP/1.1" 200 27
101.80.230.31 - - [08/Apr/2024:11:28:33 +0800] "POST /xingrg/kc/buy/cgsh_list_operate.html HTTP/1.1" 200 645
116.224.254.208 - - [08/Apr/2024:11:28:34 +0800] "GET /xingrg/all/function/internal_message.html?_=1712546914453&CODE_STATE=getMsg HTTP/1.1" 200 27
101.83.144.49 - - [08/Apr/2024:11:28:36 +0800] "GET /xingrg/all/function/internal_message.html?_=1712546675677&CODE_STATE=getMsg HTTP/1.1" 200 27
180.169.147.146 - - [08/Apr/2024:11:28:39 +0800] "GET /xingrg/all/function/internal_message.html?_=1712546920157&CODE_STATE=getMsg HTTP/1.1" 200 27
180.164.1.25 - - [08/Apr/2024:11:28:39 +0800] "POST /xingrg/kc/buy/cgsh_list_operate.html HTTP/1.1" 200 4
222.70.183.82 - - [08/Apr/2024:11:28:39 +0800] "GET /xingrg/kc/buy/cgsh_order_operate.html?command=get_materiel&rest_code=00111&code=00101008213&supplier_code=00100008&order_time=2024-04-08 HTTP/1.1" 200 412
222.70.183.82 - - [08/Apr/2024:11:28:39 +0800] "GET /xingrg/all/function/internal_message.html?_=1712546919495&CODE_STATE=getMsg HTTP/1.1" 200 27
101.80.230.31 - - [08/Apr/2024:11:28:40 +0800] "GET /xingrg/all/function/internal_message.html?_=1712546920410&CODE_STATE=getMsg HTTP/1.1" 200 27
116.230.108.72 - - [08/Apr/2024:11:28:40 +0800] "GET /xingrg/kc/buy/cgsh_order_operate.html?command=get_materiel&rest_code=00155&code=00101008357&supplier_code=00100005&order_time=2024-04-08 HTTP/1.1" 200 408
116.230.108.72 - - [08/Apr/2024:11:28:43 +0800] "GET /xingrg/all/function/internal_message.html?_=1712546876814&CODE_STATE=getMsg HTTP/1.1" 200 27
116.230.108.72 - - [08/Apr/2024:11:28:44 +0800] "POST /xingrg/kc/buy/cgsh_order_operate.html HTTP/1.1" 200 2065
124.78.159.2 - - [08/Apr/2024:11:28:45 +0800] "GET /xingrg/all/function/internal_message.html?_=1712546924303&CODE_STATE=getMsg HTTP/1.1" 200 27
124.78.159.2 - - [08/Apr/2024:11:28:45 +0800] "GET /xingrg/check_reg.html?_=1712546924492 HTTP/1.1" 200 22
114.85.113.46 - - [08/Apr/2024:11:28:47 +0800] "GET /xingrg/all/function/internal_message.html?_=1712546927595&CODE_STATE=getMsg HTTP/1.1" 200 27
101.83.144.49 - - [08/Apr/2024:11:28:49 +0800] "GET /xingrg/kc/base/wldb_order_operate.html?command=get_materiel&rest_code=00105&base_code=0010507&code=00101016044 HTTP/1.1" 200 466
114.83.217.54 - - [08/Apr/2024:11:28:51 +0800] "GET /xingrg/kc/buy/cgsh_order_add.html HTTP/1.1" 200 73940
58.40.7.146 - - [08/Apr/2024:11:28:51 +0800] "GET /xingrg/all/function/internal_message.html?_=1712546931749&CODE_STATE=getMsg HTTP/1.1" 200 27
114.83.217.54 - - [08/Apr/2024:11:28:52 +0800] "POST /xingrg/kc/buy/cgsh_order_operate.html HTTP/1.1" 200 8245
114.83.217.54 - - [08/Apr/2024:11:28:52 +0800] "GET /xingrg/javascript/easyui/themes/default/validatebox.css HTTP/1.1" 404 1104
116.230.108.72 - - [08/Apr/2024:11:28:53 +0800] "GET /xingrg/kc/buy/cgsh_order_operate.html?command=get_materiel&rest_code=00155&code=00101008811&supplier_code=00100005&order_time=2024-04-08 HTTP/1.1" 200 398
124.78.56.241 - - [08/Apr/2024:11:28:58 +0800] "GET /xingrg/all/function/internal_message.html?_=1712546938561&CODE_STATE=getMsg HTTP/1.1" 200 27
116.238.97.31 - - [08/Apr/2024:11:28:58 +0800] "GET /xingrg/all/function/internal_message.html?_=1712546938145&CODE_STATE=getMsg HTTP/1.1" 200 27
114.83.217.54 - - [08/Apr/2024:11:28:59 +0800] "GET /xingrg/check_reg.html?_=1712546940100 HTTP/1.1" 200 22
101.83.144.49 - - [08/Apr/2024:11:29:00 +0800] "GET /xingrg/kc/base/wldb_order_operate.html?command=get_materiel&rest_code=00105&base_code=0010507&code=00101019253 HTTP/1.1" 200 482
222.70.183.82 - - [08/Apr/2024:11:29:01 +0800] "GET /xingrg/kc/buy/cgsh_order_operate.html?command=get_materiel&rest_code=00111&code=00101008360&supplier_code=00100008&order_time=2024-04-08 HTTP/1.1" 200 412
172.20.0.8 - - [08/Apr/2024:11:29:03 +0800] "GET /xingrg/all/function/internal_message.html?_=1712546943420&CODE_STATE=getMsg HTTP/1.1" 302 -
180.169.147.146 - - [08/Apr/2024:11:29:03 +0800] "GET /xingrg/all/function/internal_message.html?_=1712546943730&CODE_STATE=getMsg HTTP/1.1" 200 27
180.169.147.146 - - [08/Apr/2024:11:29:05 +0800] "GET /xingrg/all/function/internal_message.html?_=1712546945934&CODE_STATE=getMsg HTTP/1.1" 200 27
116.235.94.6 - - [08/Apr/2024:11:29:06 +0800] "POST /xingrg/services/DataTransmitService HTTP/1.1" 200 501
124.78.56.241 - - [08/Apr/2024:11:29:08 +0800] "POST /xingrg/kc/buy/cgsh_order_operate.html HTTP/1.1" 200 37
114.83.217.54 - - [08/Apr/2024:11:29:10 +0800] "GET /xingrg/kc/buy/cgsh_order_operate.html?command=get_materiel&rest_code=00149&code=00101016013&supplier_code=00100338&order_time=2024-04-08 HTTP/1.1" 200 412
101.83.144.49 - - [08/Apr/2024:11:29:10 +0800] "GET /xingrg/kc/base/wldb_order_operate.html?command=get_materiel&rest_code=00105&base_code=0010507&code=00101019535 HTTP/1.1" 200 477
116.230.108.72 - - [08/Apr/2024:11:29:12 +0800] "GET /xingrg/kc/buy/cgsh_order_operate.html?command=get_materiel&rest_code=00155&code=00101008277&supplier_code=00100005&order_time=2024-04-08 HTTP/1.1" 200 412
114.83.217.54 - - [08/Apr/2024:11:29:12 +0800] "GET /xingrg/all/function/internal_message.html?_=1712546952749&CODE_STATE=getMsg HTTP/1.1" 200 27
124.78.56.241 - - [08/Apr/2024:11:29:16 +0800] "POST /xingrg/kc/buy/cgsh_order_operate.html HTTP/1.1" 200 12
180.169.147.146 - - [08/Apr/2024:11:29:17 +0800] "GET /xingrg/all/function/internal_message.html?_=1712546958543&CODE_STATE=getMsg HTTP/1.1" 200 27
222.69.132.123 - - [08/Apr/2024:11:29:17 +0800] "GET /xingrg/all/function/internal_message.html?_=1712546959213&CODE_STATE=getMsg HTTP/1.1" 200 27
101.83.144.49 - - [08/Apr/2024:11:29:18 +0800] "GET /xingrg/all/function/internal_message.html?_=1712546958408&CODE_STATE=getMsg HTTP/1.1" 200 27
101.83.144.49 - - [08/Apr/2024:11:29:18 +0800] "GET /xingrg/check_reg.html?_=1712546958412 HTTP/1.1" 200 22
101.83.144.49 - - [08/Apr/2024:11:29:21 +0800] "GET /xingrg/kc/base/wldb_order_operate.html?command=get_materiel&rest_code=00105&base_code=0010507&code=00101019175 HTTP/1.1" 200 438
114.83.217.54 - - [08/Apr/2024:11:29:22 +0800] "POST /xingrg/kc/buy/cgsh_order_operate.html HTTP/1.1" 200 37
101.80.230.31 - - [08/Apr/2024:11:29:22 +0800] "GET /xingrg/kc/buy/buy_main.html HTTP/1.1" 200 12412
101.80.230.31 - - [08/Apr/2024:11:29:22 +0800] "GET /xingrg/css/new_ie.css HTTP/1.1" 404 1036
101.80.230.31 - - [08/Apr/2024:11:29:24 +0800] "GET /xingrg/kc/buy/cgsh_order_list.html HTTP/1.1" 200 58077
180.158.9.158 - - [08/Apr/2024:11:29:26 +0800] "GET /xingrg/all/function/internal_message.html?_=1712546964728&CODE_STATE=getMsg HTTP/1.1" 302 -
180.164.1.25 - - [08/Apr/2024:11:29:26 +0800] "GET /xingrg/all/function/internal_message.html?_=1712546965834&CODE_STATE=getMsg HTTP/1.1" 200 27
180.169.147.146 - - [08/Apr/2024:11:29:27 +0800] "GET /xingrg/all/function/internal_message.html?_=1712546966779&CODE_STATE=getMsg HTTP/1.1" 200 27
218.81.217.36 - - [08/Apr/2024:11:29:29 +0800] "GET /xingrg/check_reg.html?_=1712546971315 HTTP/1.1" 200 22
114.83.217.54 - - [08/Apr/2024:11:29:29 +0800] "POST /xingrg/kc/buy/cgsh_order_operate.html HTTP/1.1" 200 12
124.78.56.241 - - [08/Apr/2024:11:29:31 +0800] "GET /xingrg/kc/buy/cgsh_order_info.html?code=212024040801777 HTTP/1.1" 200 68759
124.78.56.241 - - [08/Apr/2024:11:29:31 +0800] "GET /xingrg/javascript/easyui/themes/default/validatebox.css HTTP/1.1" 404 1104
101.80.230.31 - - [08/Apr/2024:11:29:31 +0800] "POST /xingrg/kc/buy/cgsh_list_operate.html HTTP/1.1" 200 645
124.78.159.2 - - [08/Apr/2024:11:29:32 +0800] "GET /xingrg/all/function/internal_message.html?_=1712546972128&CODE_STATE=getMsg HTTP/1.1" 200 27
114.83.217.54 - - [08/Apr/2024:11:29:32 +0800] "GET /xingrg/kc/buy/cgsh_order_info.html?code=212024040801778 HTTP/1.1" 200 68847
114.83.217.54 - - [08/Apr/2024:11:29:32 +0800] "GET /xingrg/javascript/easyui/themes/default/validatebox.css HTTP/1.1" 404 1104
124.78.56.241 - - [08/Apr/2024:11:29:32 +0800] "POST /xingrg/kc/buy/cgsh_order_operate.html HTTP/1.1" 200 1809
114.83.217.54 - - [08/Apr/2024:11:29:33 +0800] "POST /xingrg/kc/buy/cgsh_order_operate.html HTTP/1.1" 200 605
116.224.254.208 - - [08/Apr/2024:11:29:34 +0800] "GET /xingrg/all/function/internal_message.html?_=1712546974451&CODE_STATE=getMsg HTTP/1.1" 200 27
101.83.144.49 - - [08/Apr/2024:11:29:34 +0800] "GET /xingrg/kc/base/wldb_order_operate.html?command=get_materiel&rest_code=00105&base_code=0010507&code=00101019438 HTTP/1.1" 200 462
124.78.56.241 - - [08/Apr/2024:11:29:34 +0800] "GET /xingrg/kc/print/load_data.html?order_code=212024040801777&kc_code=cgsh&condition= HTTP/1.1" 200 1245
114.83.217.54 - - [08/Apr/2024:11:29:35 +0800] "GET /xingrg/kc/print/load_data.html?order_code=212024040801778&kc_code=cgsh&condition= HTTP/1.1" 200 708
101.83.144.49 - - [08/Apr/2024:11:29:36 +0800] "GET /xingrg/all/function/internal_message.html?_=1712546735657&CODE_STATE=getMsg HTTP/1.1" 200 27
101.83.144.49 - - [08/Apr/2024:11:29:36 +0800] "GET /xingrg/check_reg.html?_=1712546735832 HTTP/1.1" 200 22
180.169.147.146 - - [08/Apr/2024:11:29:39 +0800] "GET /xingrg/all/function/internal_message.html?_=1712546980141&CODE_STATE=getMsg HTTP/1.1" 200 27
124.78.56.241 - - [08/Apr/2024:11:29:39 +0800] "POST /xingrg/kc/buy/cgsh_order_operate.html HTTP/1.1" 200 8245
222.70.183.82 - - [08/Apr/2024:11:29:39 +0800] "GET /xingrg/all/function/internal_message.html?_=1712546979471&CODE_STATE=getMsg HTTP/1.1" 200 27
124.78.56.241 - - [08/Apr/2024:11:29:39 +0800] "GET /xingrg/javascript/easyui/themes/default/validatebox.css HTTP/1.1" 404 1104
114.83.217.54 - - [08/Apr/2024:11:29:40 +0800] "GET /xingrg/kc/buy/cgsh_order_add.html HTTP/1.1" 200 73940
101.80.230.31 - - [08/Apr/2024:11:29:40 +0800] "GET /xingrg/all/function/internal_message.html?_=1712546980407&CODE_STATE=getMsg HTTP/1.1" 200 27
114.83.217.54 - - [08/Apr/2024:11:29:40 +0800] "POST /xingrg/kc/buy/cgsh_order_operate.html HTTP/1.1" 200 8245
114.83.217.54 - - [08/Apr/2024:11:29:40 +0800] "GET /xingrg/javascript/easyui/themes/default/validatebox.css HTTP/1.1" 404 1104
116.230.108.72 - - [08/Apr/2024:11:29:43 +0800] "GET /xingrg/all/function/internal_message.html?_=1712546936818&CODE_STATE=getMsg HTTP/1.1" 200 27
124.78.159.2 - - [08/Apr/2024:11:29:45 +0800] "GET /xingrg/all/function/internal_message.html?_=1712546984276&CODE_STATE=getMsg HTTP/1.1" 200 27
101.83.144.49 - - [08/Apr/2024:11:29:45 +0800] "GET /xingrg/kc/base/wldb_order_operate.html?command=get_materiel&rest_code=00105&base_code=0010507&code=00101016076 HTTP/1.1" 200 477
114.85.113.46 - - [08/Apr/2024:11:29:47 +0800] "GET /xingrg/all/function/internal_message.html?_=1712546987592&CODE_STATE=getMsg HTTP/1.1" 200 27
124.78.56.241 - - [08/Apr/2024:11:29:48 +0800] "GET /xingrg/kc/buy/cgsh_order_operate.html?command=get_materiel&rest_code=00141&code=00101004046&supplier_code=00100312&order_time=2024-04-08 HTTP/1.1" 200 418
114.83.217.54 - - [08/Apr/2024:11:29:51 +0800] "GET /xingrg/kc/buy/cgsh_order_operate.html?command=get_materiel&rest_code=00149&code=00101001029&supplier_code=00100312&order_time=2024-04-08 HTTP/1.1" 200 417
222.70.183.82 - - [08/Apr/2024:11:29:51 +0800] "GET /xingrg/check_reg.html?_=1712546991049 HTTP/1.1" 200 22
58.40.7.146 - - [08/Apr/2024:11:29:51 +0800] "GET /xingrg/all/function/internal_message.html?_=1712546991769&CODE_STATE=getMsg HTTP/1.1" 200 27
116.230.108.72 - - [08/Apr/2024:11:29:55 +0800] "GET /xingrg/kc/buy/cgsh_order_operate.html?command=get_materiel&rest_code=00155&code=00101008091&supplier_code=00100005&order_time=2024-04-08 HTTP/1.1" 200 412
