116.224.254.208 - - [08/Apr/2024:09:58:48 +0800] "GET /xingrg/all/function/internal_message.html?_=1712541528237&CODE_STATE=getMsg HTTP/1.1" 200 27
114.83.217.54 - - [08/Apr/2024:09:58:59 +0800] "GET /xingrg/check_reg.html?_=1712541539949 HTTP/1.1" 200 22
124.78.56.241 - - [08/Apr/2024:09:59:00 +0800] "GET /xingrg/all/function/internal_message.html?_=1712541540082&CODE_STATE=getMsg HTTP/1.1" 200 27
101.80.230.31 - - [08/Apr/2024:09:59:01 +0800] "GET /xingrg/all/function/internal_message.html?_=1712541541793&CODE_STATE=getMsg HTTP/1.1" 200 27
172.20.0.8 - - [08/Apr/2024:09:59:03 +0800] "GET /xingrg/all/function/internal_message.html?_=1712541543470&CODE_STATE=getMsg HTTP/1.1" 302 -
101.80.230.31 - - [08/Apr/2024:09:59:07 +0800] "GET /favicon.ico HTTP/1.1" 404 -
114.83.217.54 - - [08/Apr/2024:09:59:14 +0800] "GET /xingrg/all/function/internal_message.html?_=1712541554239&CODE_STATE=getMsg HTTP/1.1" 200 27
222.69.132.123 - - [08/Apr/2024:09:59:17 +0800] "GET /xingrg/all/function/internal_message.html?_=1712541559222&CODE_STATE=getMsg HTTP/1.1" 200 27
101.83.144.49 - - [08/Apr/2024:09:59:18 +0800] "GET /xingrg/check_reg.html?_=1712541558286 HTTP/1.1" 200 22
101.83.144.49 - - [08/Apr/2024:09:59:18 +0800] "GET /xingrg/all/function/internal_message.html?_=1712541558292&CODE_STATE=getMsg HTTP/1.1" 200 27
124.78.56.241 - - [08/Apr/2024:09:59:20 +0800] "GET /xingrg/check_reg.html?_=1712541560658 HTTP/1.1" 200 22
180.169.147.146 - - [08/Apr/2024:09:59:26 +0800] "GET /xingrg/index.html?sysBaseUrl=http%3A%2F%2F180.169.147.146%3A18081%2Fxingrg%2F&costTime=39×tamp=1592034574635 HTTP/1.1" 302 -
180.169.147.146 - - [08/Apr/2024:09:59:26 +0800] "GET /xingrg/login.html HTTP/1.1" 200 7641
180.158.9.158 - - [08/Apr/2024:09:59:26 +0800] "GET /xingrg/all/function/internal_message.html?_=1712541564720&CODE_STATE=getMsg HTTP/1.1" 200 27
180.169.147.146 - - [08/Apr/2024:09:59:27 +0800] "GET /favicon.ico HTTP/1.1" 404 -
180.164.1.25 - - [08/Apr/2024:09:59:28 +0800] "GET /xingrg/all/function/internal_message.html?_=1712541567437&CODE_STATE=getMsg HTTP/1.1" 200 27
116.224.254.208 - - [08/Apr/2024:09:59:28 +0800] "GET /xingrg/all/function/internal_message.html?_=1712541568739&CODE_STATE=getMsg HTTP/1.1" 200 27
218.81.217.36 - - [08/Apr/2024:09:59:28 +0800] "GET /xingrg/check_reg.html?_=1712541570487 HTTP/1.1" 200 22
180.169.147.146 - - [08/Apr/2024:09:59:29 +0800] "POST /xingrg/login.do HTTP/1.1" 302 -
180.169.147.146 - - [08/Apr/2024:09:59:29 +0800] "GET /xingrg/index.html?sysBaseUrl=http%3A%2F%2F180.169.147.146%3A18081%2Fxingrg%2F&costTime=855×tamp=1712541569284 HTTP/1.1" 200 17503
180.169.147.146 - - [08/Apr/2024:09:59:29 +0800] "GET /favicon.ico HTTP/1.1" 404 -
180.169.147.146 - - [08/Apr/2024:09:59:29 +0800] "POST /xingrg/all/common/load_tree.html?tree=area_rest_tree_json&manage=1 HTTP/1.1" 200 3624
180.169.147.146 - - [08/Apr/2024:09:59:29 +0800] "GET /xingrg/all/function/internal_message.html?_=1712541569807&CODE_STATE=count HTTP/1.1" 200 11
180.169.147.146 - - [08/Apr/2024:09:59:29 +0800] "GET /xingrg/check_reg.html?_=1712541569808 HTTP/1.1" 200 22
180.169.147.146 - - [08/Apr/2024:09:59:29 +0800] "POST /xingrg/load_menu.html HTTP/1.1" 200 11564
180.169.147.146 - - [08/Apr/2024:09:59:34 +0800] "GET /xingrg/kc/buy/cgsh_order_list.html HTTP/1.1" 200 58326
101.83.144.49 - - [08/Apr/2024:09:59:36 +0800] "GET /xingrg/check_reg.html?_=1712541335655 HTTP/1.1" 200 22
116.238.97.31 - - [08/Apr/2024:09:59:36 +0800] "GET /xingrg/all/function/internal_message.html?_=1712541576174&CODE_STATE=getMsg HTTP/1.1" 200 27
180.169.147.146 - - [08/Apr/2024:09:59:37 +0800] "POST /xingrg/kc/buy/cgsh_list_operate.html HTTP/1.1" 200 645
101.83.144.49 - - [08/Apr/2024:09:59:37 +0800] "GET /xingrg/all/function/internal_message.html?_=1712541336640&CODE_STATE=getMsg HTTP/1.1" 200 27
180.169.147.146 - - [08/Apr/2024:09:59:38 +0800] "POST /xingrg/all/user/operate.html HTTP/1.1" 200 36
180.169.147.146 - - [08/Apr/2024:09:59:38 +0800] "GET /xingrg/index.html?sysBaseUrl=http%3A%2F%2F180.169.147.146%3A18081%2Fxingrg%2F&costTime=855×tamp=1712541569284 HTTP/1.1" 200 17509
180.169.147.146 - - [08/Apr/2024:09:59:38 +0800] "GET /xingrg/javascript/jquery_easy_ui/themes/default/easyui.css HTTP/1.1" 304 -
180.169.147.146 - - [08/Apr/2024:09:59:38 +0800] "GET /xingrg/javascript/jquery_easy_ui/themes/icon.css HTTP/1.1" 304 -
180.169.147.146 - - [08/Apr/2024:09:59:38 +0800] "GET /xingrg/css/form.css HTTP/1.1" 304 -
180.169.147.146 - - [08/Apr/2024:09:59:38 +0800] "GET /xingrg/javascript/jquery-1.4.2.min.js HTTP/1.1" 304 -
180.169.147.146 - - [08/Apr/2024:09:59:38 +0800] "GET /xingrg/javascript/jquery_easy_ui/jquery.easyui.min.js HTTP/1.1" 304 -
180.169.147.146 - - [08/Apr/2024:09:59:38 +0800] "GET /xingrg/javascript/jquery_easy_ui/easyui-lang-zh_CN.js HTTP/1.1" 304 -
180.169.147.146 - - [08/Apr/2024:09:59:38 +0800] "GET /xingrg/javascript/jquery.form.js HTTP/1.1" 304 -
180.169.147.146 - - [08/Apr/2024:09:59:38 +0800] "GET /xingrg/javascript/jquery.utils.js HTTP/1.1" 304 -
180.169.147.146 - - [08/Apr/2024:09:59:38 +0800] "GET /xingrg/javascript/jquery.timers.js HTTP/1.1" 304 -
180.169.147.146 - - [08/Apr/2024:09:59:38 +0800] "GET /xingrg/images/blue/jxLogo.png HTTP/1.1" 304 -
180.169.147.146 - - [08/Apr/2024:09:59:38 +0800] "GET /xingrg/javascript/jquery_easy_ui/themes/icons/settle_new.png HTTP/1.1" 304 -
180.169.147.146 - - [08/Apr/2024:09:59:38 +0800] "GET /xingrg/images/blue/navBackgound.jpg HTTP/1.1" 304 -
180.169.147.146 - - [08/Apr/2024:09:59:38 +0800] "GET /xingrg/all/function/internal_message.html?_=1712541578763&CODE_STATE=count HTTP/1.1" 200 11
180.169.147.146 - - [08/Apr/2024:09:59:38 +0800] "GET /xingrg/check_reg.html?_=1712541578764 HTTP/1.1" 200 22
180.169.147.146 - - [08/Apr/2024:09:59:38 +0800] "GET /xingrg/javascript/jquery_easy_ui/themes/default/images/tabs_rightarrow.png HTTP/1.1" 304 -
180.169.147.146 - - [08/Apr/2024:09:59:38 +0800] "GET /xingrg/javascript/jquery_easy_ui/themes/default/images/panel_tool_expand.gif HTTP/1.1" 304 -
180.169.147.146 - - [08/Apr/2024:09:59:38 +0800] "GET /xingrg/javascript/jquery_easy_ui/themes/default/images/panel_tool_collapse.gif HTTP/1.1" 304 -
180.169.147.146 - - [08/Apr/2024:09:59:38 +0800] "GET /xingrg/images/blue/pingpu.png HTTP/1.1" 304 -
180.169.147.146 - - [08/Apr/2024:09:59:38 +0800] "GET /xingrg/javascript/jquery_easy_ui/themes/default/images/tabs_leftarrow.png HTTP/1.1" 304 -
180.169.147.146 - - [08/Apr/2024:09:59:38 +0800] "POST /xingrg/all/common/load_tree.html?tree=area_rest_tree_json&manage=1 HTTP/1.1" 200 3624
180.169.147.146 - - [08/Apr/2024:09:59:38 +0800] "POST /xingrg/load_menu.html HTTP/1.1" 200 9959
222.70.183.82 - - [08/Apr/2024:09:59:40 +0800] "GET /xingrg/all/function/internal_message.html?_=1712541580670&CODE_STATE=getMsg HTTP/1.1" 200 27
180.169.147.146 - - [08/Apr/2024:09:59:41 +0800] "GET /xingrg/kc/buy/cgsh_order_list.html HTTP/1.1" 200 58332
114.85.113.46 - - [08/Apr/2024:09:59:47 +0800] "GET /xingrg/all/function/internal_message.html?_=1712541587538&CODE_STATE=getMsg HTTP/1.1" 200 27
222.70.183.82 - - [08/Apr/2024:09:59:51 +0800] "GET /xingrg/check_reg.html?_=1712541591253 HTTP/1.1" 200 22
124.78.56.241 - - [08/Apr/2024:10:00:00 +0800] "GET /xingrg/all/function/internal_message.html?_=1712541600057&CODE_STATE=getMsg HTTP/1.1" 200 27
101.80.230.31 - - [08/Apr/2024:10:00:01 +0800] "GET /xingrg/all/function/internal_message.html?_=1712541601792&CODE_STATE=getMsg HTTP/1.1" 200 27
172.20.0.8 - - [08/Apr/2024:10:00:03 +0800] "GET /xingrg/all/function/internal_message.html?_=1712541603456&CODE_STATE=getMsg HTTP/1.1" 302 -
180.169.147.146 - - [08/Apr/2024:10:00:04 +0800] "POST /xingrg/kc/buy/cgsh_list_operate.html HTTP/1.1" 200 4198
114.83.217.54 - - [08/Apr/2024:10:00:14 +0800] "GET /xingrg/all/function/internal_message.html?_=1712541614220&CODE_STATE=getMsg HTTP/1.1" 200 27
222.69.132.123 - - [08/Apr/2024:10:00:17 +0800] "GET /xingrg/all/function/internal_message.html?_=1712541619212&CODE_STATE=getMsg HTTP/1.1" 200 27
101.83.144.49 - - [08/Apr/2024:10:00:18 +0800] "GET /xingrg/all/function/internal_message.html?_=1712541618277&CODE_STATE=getMsg HTTP/1.1" 200 27
180.158.9.158 - - [08/Apr/2024:10:00:26 +0800] "GET /xingrg/all/function/internal_message.html?_=1712541624711&CODE_STATE=getMsg HTTP/1.1" 200 27
180.164.1.25 - - [08/Apr/2024:10:00:28 +0800] "GET /xingrg/all/function/internal_message.html?_=1712541627423&CODE_STATE=getMsg HTTP/1.1" 200 27
116.224.254.208 - - [08/Apr/2024:10:00:28 +0800] "GET /xingrg/all/function/internal_message.html?_=1712541628731&CODE_STATE=getMsg HTTP/1.1" 200 27
116.224.254.208 - - [08/Apr/2024:10:00:28 +0800] "GET /xingrg/check_reg.html?_=1712541628730 HTTP/1.1" 200 22
116.238.97.31 - - [08/Apr/2024:10:00:36 +0800] "GET /xingrg/all/function/internal_message.html?_=1712541636150&CODE_STATE=getMsg HTTP/1.1" 200 27
101.83.144.49 - - [08/Apr/2024:10:00:37 +0800] "GET /xingrg/all/function/internal_message.html?_=1712541396624&CODE_STATE=getMsg HTTP/1.1" 200 27
180.169.147.146 - - [08/Apr/2024:10:00:38 +0800] "GET /xingrg/all/function/internal_message.html?_=1712541638775&CODE_STATE=getMsg HTTP/1.1" 200 27
222.70.183.82 - - [08/Apr/2024:10:00:40 +0800] "GET /xingrg/all/function/internal_message.html?_=1712541640650&CODE_STATE=getMsg HTTP/1.1" 200 27
114.85.113.46 - - [08/Apr/2024:10:00:47 +0800] "GET /xingrg/all/function/internal_message.html?_=1712541647538&CODE_STATE=getMsg HTTP/1.1" 200 27
180.164.1.25 - - [08/Apr/2024:10:00:48 +0800] "GET /xingrg/check_reg.html?_=1712541647359 HTTP/1.1" 200 22
124.78.56.241 - - [08/Apr/2024:10:01:00 +0800] "GET /xingrg/all/function/internal_message.html?_=1712541660042&CODE_STATE=getMsg HTTP/1.1" 200 27
101.80.230.31 - - [08/Apr/2024:10:01:01 +0800] "GET /xingrg/all/function/internal_message.html?_=1712541661793&CODE_STATE=getMsg HTTP/1.1" 200 27
101.80.230.31 - - [08/Apr/2024:10:01:01 +0800] "GET /xingrg/check_reg.html?_=1712541661791 HTTP/1.1" 200 22
172.20.0.8 - - [08/Apr/2024:10:01:03 +0800] "GET /xingrg/check_reg.html?_=1712541663441 HTTP/1.1" 302 -
172.20.0.8 - - [08/Apr/2024:10:01:03 +0800] "GET /xingrg/all/function/internal_message.html?_=1712541663457&CODE_STATE=getMsg HTTP/1.1" 302 -
114.83.217.54 - - [08/Apr/2024:10:01:14 +0800] "GET /xingrg/all/function/internal_message.html?_=1712541674201&CODE_STATE=getMsg HTTP/1.1" 200 27
222.69.132.123 - - [08/Apr/2024:10:01:17 +0800] "GET /xingrg/all/function/internal_message.html?_=1712541679230&CODE_STATE=getMsg HTTP/1.1" 200 27
101.83.144.49 - - [08/Apr/2024:10:01:18 +0800] "GET /xingrg/all/function/internal_message.html?_=1712541678292&CODE_STATE=getMsg HTTP/1.1" 200 27
180.158.9.158 - - [08/Apr/2024:10:01:26 +0800] "GET /xingrg/all/function/internal_message.html?_=1712541684713&CODE_STATE=getMsg HTTP/1.1" 200 27
180.164.1.25 - - [08/Apr/2024:10:01:28 +0800] "GET /xingrg/all/function/internal_message.html?_=1712541687410&CODE_STATE=getMsg HTTP/1.1" 200 27
116.224.254.208 - - [08/Apr/2024:10:01:28 +0800] "GET /xingrg/all/function/internal_message.html?_=1712541688740&CODE_STATE=getMsg HTTP/1.1" 200 27
116.238.97.31 - - [08/Apr/2024:10:01:36 +0800] "GET /xingrg/all/function/internal_message.html?_=1712541696128&CODE_STATE=getMsg HTTP/1.1" 200 27
101.83.144.49 - - [08/Apr/2024:10:01:37 +0800] "GET /xingrg/all/function/internal_message.html?_=1712541456609&CODE_STATE=getMsg HTTP/1.1" 200 27
180.169.147.146 - - [08/Apr/2024:10:01:38 +0800] "GET /xingrg/all/function/internal_message.html?_=1712541698780&CODE_STATE=getMsg HTTP/1.1" 200 27
222.70.183.82 - - [08/Apr/2024:10:01:40 +0800] "GET /xingrg/all/function/internal_message.html?_=1712541700634&CODE_STATE=getMsg HTTP/1.1" 200 27
114.85.113.46 - - [08/Apr/2024:10:01:47 +0800] "GET /xingrg/all/function/internal_message.html?_=1712541707536&CODE_STATE=getMsg HTTP/1.1" 200 27
124.78.56.241 - - [08/Apr/2024:10:02:00 +0800] "GET /xingrg/all/function/internal_message.html?_=1712541720023&CODE_STATE=getMsg HTTP/1.1" 200 27
101.80.230.31 - - [08/Apr/2024:10:02:01 +0800] "GET /xingrg/all/function/internal_message.html?_=1712541721792&CODE_STATE=getMsg HTTP/1.1" 200 27
172.20.0.8 - - [08/Apr/2024:10:02:03 +0800] "GET /xingrg/all/function/internal_message.html?_=1712541723459&CODE_STATE=getMsg HTTP/1.1" 302 -
114.83.217.54 - - [08/Apr/2024:10:02:14 +0800] "GET /xingrg/all/function/internal_message.html?_=1712541734174&CODE_STATE=getMsg HTTP/1.1" 200 27
222.69.132.123 - - [08/Apr/2024:10:02:17 +0800] "GET /xingrg/all/function/internal_message.html?_=1712541739215&CODE_STATE=getMsg HTTP/1.1" 200 27
101.83.144.49 - - [08/Apr/2024:10:02:18 +0800] "GET /xingrg/all/function/internal_message.html?_=1712541738275&CODE_STATE=getMsg HTTP/1.1" 200 27
180.158.9.158 - - [08/Apr/2024:10:02:26 +0800] "GET /xingrg/all/function/internal_message.html?_=1712541744722&CODE_STATE=getMsg HTTP/1.1" 200 27
180.164.1.25 - - [08/Apr/2024:10:02:28 +0800] "GET /xingrg/all/function/internal_message.html?_=1712541747392&CODE_STATE=getMsg HTTP/1.1" 200 27
116.224.254.208 - - [08/Apr/2024:10:02:28 +0800] "GET /xingrg/all/function/internal_message.html?_=1712541748730&CODE_STATE=getMsg HTTP/1.1" 200 27
116.224.254.208 - - [08/Apr/2024:10:02:34 +0800] "GET /xingrg/kc/buy/cgsh_order_add.html HTTP/1.1" 200 73444
116.224.254.208 - - [08/Apr/2024:10:02:35 +0800] "GET /xingrg/words/20240407173818_words.js HTTP/1.1" 304 -
116.224.254.208 - - [08/Apr/2024:10:02:35 +0800] "POST /xingrg/kc/buy/cgsh_order_operate.html HTTP/1.1" 200 8245
116.224.254.208 - - [08/Apr/2024:10:02:35 +0800] "GET /xingrg/javascript/easyui/themes/default/validatebox.css HTTP/1.1" 404 1104
116.238.97.31 - - [08/Apr/2024:10:02:36 +0800] "GET /xingrg/all/function/internal_message.html?_=1712541756113&CODE_STATE=getMsg HTTP/1.1" 200 27
101.83.144.49 - - [08/Apr/2024:10:02:37 +0800] "GET /xingrg/all/function/internal_message.html?_=1712541516595&CODE_STATE=getMsg HTTP/1.1" 200 27
116.238.97.31 - - [08/Apr/2024:10:02:37 +0800] "GET /xingrg/check_reg.html?_=1712541757156 HTTP/1.1" 200 22
180.169.147.146 - - [08/Apr/2024:10:02:38 +0800] "GET /xingrg/all/function/internal_message.html?_=1712541758778&CODE_STATE=getMsg HTTP/1.1" 200 27
222.70.183.82 - - [08/Apr/2024:10:02:40 +0800] "GET /xingrg/all/function/internal_message.html?_=1712541760617&CODE_STATE=getMsg HTTP/1.1" 200 27
116.224.254.208 - - [08/Apr/2024:10:02:46 +0800] "GET /xingrg/kc/buy/cgsh_order_operate.html?command=get_materiel&rest_code=00151&code=00101001037&supplier_code=00100545&order_time=2024-04-08 HTTP/1.1" 200 414
114.85.113.46 - - [08/Apr/2024:10:02:47 +0800] "GET /xingrg/all/function/internal_message.html?_=1712541767552&CODE_STATE=getMsg HTTP/1.1" 200 27
114.85.113.46 - - [08/Apr/2024:10:02:47 +0800] "GET /xingrg/check_reg.html?_=1712541767554 HTTP/1.1" 200 22
116.224.254.208 - - [08/Apr/2024:10:02:51 +0800] "POST /xingrg/all/user/operate.html HTTP/1.1" 200 36
116.224.254.208 - - [08/Apr/2024:10:02:51 +0800] "GET /xingrg/index.html?sysBaseUrl=http%3A%2F%2F180.169.147.146%3A18081%2Fxingrg%2F&costTime=812×tamp=1712536350195 HTTP/1.1" 200 17179
116.224.254.208 - - [08/Apr/2024:10:02:51 +0800] "GET /xingrg/javascript/jquery_easy_ui/themes/default/easyui.css HTTP/1.1" 304 -
116.224.254.208 - - [08/Apr/2024:10:02:51 +0800] "GET /xingrg/javascript/jquery_easy_ui/themes/icon.css HTTP/1.1" 304 -
116.224.254.208 - - [08/Apr/2024:10:02:51 +0800] "GET /xingrg/css/form.css HTTP/1.1" 304 -
116.224.254.208 - - [08/Apr/2024:10:02:51 +0800] "GET /xingrg/javascript/jquery-1.4.2.min.js HTTP/1.1" 304 -
116.224.254.208 - - [08/Apr/2024:10:02:51 +0800] "GET /xingrg/javascript/jquery_easy_ui/jquery.easyui.min.js HTTP/1.1" 304 -
116.224.254.208 - - [08/Apr/2024:10:02:51 +0800] "GET /xingrg/javascript/jquery_easy_ui/easyui-lang-zh_CN.js HTTP/1.1" 304 -
116.224.254.208 - - [08/Apr/2024:10:02:51 +0800] "GET /xingrg/javascript/jquery.form.js HTTP/1.1" 304 -
116.224.254.208 - - [08/Apr/2024:10:02:52 +0800] "GET /xingrg/javascript/jquery.utils.js HTTP/1.1" 304 -
116.224.254.208 - - [08/Apr/2024:10:02:52 +0800] "GET /xingrg/javascript/jquery.timers.js HTTP/1.1" 304 -
116.224.254.208 - - [08/Apr/2024:10:02:52 +0800] "GET /xingrg/images/blue/jxLogo.png HTTP/1.1" 304 -
116.224.254.208 - - [08/Apr/2024:10:02:52 +0800] "GET /xingrg/javascript/jquery_easy_ui/themes/icons/settle_new.png HTTP/1.1" 304 -
116.224.254.208 - - [08/Apr/2024:10:02:52 +0800] "GET /xingrg/images/blue/navBackgound.jpg HTTP/1.1" 304 -
116.224.254.208 - - [08/Apr/2024:10:02:52 +0800] "GET /xingrg/all/function/internal_message.html?_=1712541772207&CODE_STATE=count HTTP/1.1" 200 11
116.224.254.208 - - [08/Apr/2024:10:02:52 +0800] "GET /xingrg/check_reg.html?_=1712541772208 HTTP/1.1" 200 22
116.224.254.208 - - [08/Apr/2024:10:02:52 +0800] "GET /xingrg/javascript/jquery_easy_ui/themes/default/images/panel_tool_collapse.gif HTTP/1.1" 304 -
116.224.254.208 - - [08/Apr/2024:10:02:52 +0800] "GET /xingrg/images/blue/pingpu.png HTTP/1.1" 304 -
116.224.254.208 - - [08/Apr/2024:10:02:52 +0800] "GET /xingrg/javascript/jquery_easy_ui/themes/default/images/tabs_rightarrow.png HTTP/1.1" 304 -
116.224.254.208 - - [08/Apr/2024:10:02:52 +0800] "POST /xingrg/all/common/load_tree.html?tree=area_rest_tree_json&manage=1 HTTP/1.1" 200 476
116.224.254.208 - - [08/Apr/2024:10:02:52 +0800] "GET /xingrg/javascript/jquery_easy_ui/themes/default/images/tabs_leftarrow.png HTTP/1.1" 304 -
116.224.254.208 - - [08/Apr/2024:10:02:52 +0800] "POST /xingrg/load_menu.html HTTP/1.1" 200 5138
116.224.254.208 - - [08/Apr/2024:10:02:54 +0800] "GET /xingrg/kc/buy/cgsh_order_list.html HTTP/1.1" 200 58077
116.224.254.208 - - [08/Apr/2024:10:02:56 +0800] "POST /xingrg/kc/buy/cgsh_list_operate.html HTTP/1.1" 200 645
116.224.254.208 - - [08/Apr/2024:10:02:58 +0800] "GET /xingrg/kc/buy/cgsh_order_add.html HTTP/1.1" 200 73896
116.224.254.208 - - [08/Apr/2024:10:02:58 +0800] "POST /xingrg/kc/buy/cgsh_order_operate.html HTTP/1.1" 200 8245
116.224.254.208 - - [08/Apr/2024:10:02:58 +0800] "GET /xingrg/javascript/easyui/themes/default/validatebox.css HTTP/1.1" 404 1104
116.224.254.208 - - [08/Apr/2024:10:02:59 +0800] "GET /xingrg/javascript/auto/indicator.gif HTTP/1.1" 404 1066
124.78.56.241 - - [08/Apr/2024:10:02:59 +0800] "GET /xingrg/all/function/internal_message.html?_=1712541780001&CODE_STATE=getMsg HTTP/1.1" 200 27
101.80.230.31 - - [08/Apr/2024:10:03:01 +0800] "GET /xingrg/all/function/internal_message.html?_=1712541781791&CODE_STATE=getMsg HTTP/1.1" 200 27
172.20.0.8 - - [08/Apr/2024:10:03:03 +0800] "GET /xingrg/all/function/internal_message.html?_=1712541783461&CODE_STATE=getMsg HTTP/1.1" 302 -
116.224.254.208 - - [08/Apr/2024:10:03:06 +0800] "GET /xingrg/kc/buy/cgsh_order_operate.html?command=get_materiel&rest_code=00150&code=00101001037&supplier_code=00100545&order_time=2024-04-08 HTTP/1.1" 200 418
180.169.147.146 - - [08/Apr/2024:10:03:08 +0800] "POST /xingrg/kc/buy/cgsh_list_operate.html HTTP/1.1" 200 1876
114.83.217.54 - - [08/Apr/2024:10:03:14 +0800] "GET /xingrg/all/function/internal_message.html?_=1712541794155&CODE_STATE=getMsg HTTP/1.1" 200 27
222.69.132.123 - - [08/Apr/2024:10:03:17 +0800] "GET /xingrg/check_reg.html?_=1712541799208 HTTP/1.1" 200 22
222.69.132.123 - - [08/Apr/2024:10:03:17 +0800] "GET /xingrg/all/function/internal_message.html?_=1712541799209&CODE_STATE=getMsg HTTP/1.1" 200 27
101.83.144.49 - - [08/Apr/2024:10:03:18 +0800] "GET /xingrg/all/function/internal_message.html?_=1712541798276&CODE_STATE=getMsg HTTP/1.1" 200 27
180.158.9.158 - - [08/Apr/2024:10:03:26 +0800] "GET /xingrg/all/function/internal_message.html?_=1712541804716&CODE_STATE=getMsg HTTP/1.1" 200 27
180.158.9.158 - - [08/Apr/2024:10:03:26 +0800] "GET /xingrg/check_reg.html?_=1712541804717 HTTP/1.1" 200 22
180.164.1.25 - - [08/Apr/2024:10:03:28 +0800] "GET /xingrg/all/function/internal_message.html?_=1712541807367&CODE_STATE=getMsg HTTP/1.1" 200 27
116.224.254.208 - - [08/Apr/2024:10:03:34 +0800] "POST /xingrg/kc/buy/cgsh_order_operate.html HTTP/1.1" 200 37
116.238.97.31 - - [08/Apr/2024:10:03:36 +0800] "GET /xingrg/all/function/internal_message.html?_=1712541816101&CODE_STATE=getMsg HTTP/1.1" 200 27
101.83.144.49 - - [08/Apr/2024:10:03:37 +0800] "GET /xingrg/all/function/internal_message.html?_=1712541576608&CODE_STATE=getMsg HTTP/1.1" 200 27
180.169.147.146 - - [08/Apr/2024:10:03:38 +0800] "GET /xingrg/all/function/internal_message.html?_=1712541818776&CODE_STATE=getMsg HTTP/1.1" 200 27
222.70.183.82 - - [08/Apr/2024:10:03:40 +0800] "GET /xingrg/all/function/internal_message.html?_=1712541820601&CODE_STATE=getMsg HTTP/1.1" 200 27
114.85.113.46 - - [08/Apr/2024:10:03:47 +0800] "GET /xingrg/all/function/internal_message.html?_=1712541827538&CODE_STATE=getMsg HTTP/1.1" 200 27
116.224.254.208 - - [08/Apr/2024:10:03:53 +0800] "POST /xingrg/kc/buy/cgsh_order_operate.html HTTP/1.1" 200 2663
180.169.147.146 - - [08/Apr/2024:10:03:56 +0800] "GET /xingrg/kc/buy/cgsh_order_list.html HTTP/1.1" 200 58332
114.83.217.54 - - [08/Apr/2024:10:03:59 +0800] "GET /xingrg/check_reg.html?_=1712541839960 HTTP/1.1" 200 22
124.78.56.241 - - [08/Apr/2024:10:03:59 +0800] "GET /xingrg/all/function/internal_message.html?_=1712541839988&CODE_STATE=getMsg HTTP/1.1" 200 27
101.80.230.31 - - [08/Apr/2024:10:04:01 +0800] "GET /xingrg/all/function/internal_message.html?_=1712541841789&CODE_STATE=getMsg HTTP/1.1" 200 27
172.20.0.8 - - [08/Apr/2024:10:04:03 +0800] "GET /xingrg/all/function/internal_message.html?_=1712541843461&CODE_STATE=getMsg HTTP/1.1" 302 -
114.83.217.54 - - [08/Apr/2024:10:04:11 +0800] "GET /xingrg/kc/buy/cgsh_order_operate.html?command=get_materiel&rest_code=00149&code=00101006282&supplier_code=00100558&order_time=2024-04-07 HTTP/1.1" 200 418
114.83.217.54 - - [08/Apr/2024:10:04:14 +0800] "GET /xingrg/all/function/internal_message.html?_=1712541854146&CODE_STATE=getMsg HTTP/1.1" 200 27
222.69.132.123 - - [08/Apr/2024:10:04:17 +0800] "GET /xingrg/all/function/internal_message.html?_=1712541859210&CODE_STATE=getMsg HTTP/1.1" 200 27
101.83.144.49 - - [08/Apr/2024:10:04:18 +0800] "GET /xingrg/all/function/internal_message.html?_=1712541858278&CODE_STATE=getMsg HTTP/1.1" 200 27
101.83.144.49 - - [08/Apr/2024:10:04:18 +0800] "GET /xingrg/check_reg.html?_=1712541858281 HTTP/1.1" 200 22
180.169.147.146 - - [08/Apr/2024:10:04:19 +0800] "POST /xingrg/kc/buy/cgsh_list_operate.html HTTP/1.1" 200 4198
124.78.56.241 - - [08/Apr/2024:10:04:20 +0800] "GET /xingrg/check_reg.html?_=1712541860649 HTTP/1.1" 200 22
114.83.217.54 - - [08/Apr/2024:10:04:26 +0800] "GET /xingrg/kc/buy/cgsh_order_operate.html?command=get_materiel&rest_code=00149&code=00101006335&supplier_code=00100558&order_time=2024-04-07 HTTP/1.1" 200 414
180.158.9.158 - - [08/Apr/2024:10:04:26 +0800] "GET /xingrg/all/function/internal_message.html?_=1712541864728&CODE_STATE=getMsg HTTP/1.1" 200 27
180.164.1.25 - - [08/Apr/2024:10:04:28 +0800] "GET /xingrg/all/function/internal_message.html?_=1712541867353&CODE_STATE=getMsg HTTP/1.1" 200 27
218.81.217.36 - - [08/Apr/2024:10:04:28 +0800] "GET /xingrg/check_reg.html?_=1712541870490 HTTP/1.1" 200 22
101.83.144.49 - - [08/Apr/2024:10:04:36 +0800] "GET /xingrg/check_reg.html?_=1712541635687 HTTP/1.1" 200 22
116.238.97.31 - - [08/Apr/2024:10:04:36 +0800] "GET /xingrg/all/function/internal_message.html?_=1712541876085&CODE_STATE=getMsg HTTP/1.1" 200 27
101.83.144.49 - - [08/Apr/2024:10:04:37 +0800] "GET /xingrg/all/function/internal_message.html?_=1712541636579&CODE_STATE=getMsg HTTP/1.1" 200 27
180.169.147.146 - - [08/Apr/2024:10:04:38 +0800] "GET /xingrg/check_reg.html?_=1712541878778 HTTP/1.1" 200 22
180.169.147.146 - - [08/Apr/2024:10:04:38 +0800] "GET /xingrg/all/function/internal_message.html?_=1712541878781&CODE_STATE=getMsg HTTP/1.1" 200 27
222.70.183.82 - - [08/Apr/2024:10:04:40 +0800] "GET /xingrg/all/function/internal_message.html?_=1712541880583&CODE_STATE=getMsg HTTP/1.1" 200 27
114.85.113.46 - - [08/Apr/2024:10:04:47 +0800] "GET /xingrg/all/function/internal_message.html?_=1712541887539&CODE_STATE=getMsg HTTP/1.1" 200 27
222.70.183.82 - - [08/Apr/2024:10:04:51 +0800] "GET /xingrg/check_reg.html?_=1712541891226 HTTP/1.1" 200 22
180.169.147.146 - - [08/Apr/2024:10:04:51 +0800] "POST /xingrg/kc/buy/cgsh_list_operate.html HTTP/1.1" 200 1876
116.224.254.208 - - [08/Apr/2024:10:04:52 +0800] "GET /xingrg/all/function/internal_message.html?_=1712541892221&CODE_STATE=getMsg HTTP/1.1" 200 27
114.83.217.54 - - [08/Apr/2024:10:04:53 +0800] "GET /xingrg/kc/buy/cgsh_order_operate.html?command=get_materiel&rest_code=00149&code=00101006284&supplier_code=00100558&order_time=2024-04-07 HTTP/1.1" 200 418
180.169.147.146 - - [08/Apr/2024:10:04:58 +0800] "GET /xingrg/kc/report/report_main.html HTTP/1.1" 200 7340
124.78.56.241 - - [08/Apr/2024:10:04:59 +0800] "GET /xingrg/all/function/internal_message.html?_=1712541899970&CODE_STATE=getMsg HTTP/1.1" 200 27
101.80.230.31 - - [08/Apr/2024:10:05:01 +0800] "GET /xingrg/all/function/internal_message.html?_=1712541901793&CODE_STATE=getMsg HTTP/1.1" 200 27
180.169.147.146 - - [08/Apr/2024:10:05:03 +0800] "POST /xingrg/all/user/operate.html HTTP/1.1" 200 36
180.169.147.146 - - [08/Apr/2024:10:05:03 +0800] "GET /xingrg/index.html?sysBaseUrl=http%3A%2F%2F180.169.147.146%3A18081%2Fxingrg%2F&costTime=855×tamp=1712541569284 HTTP/1.1" 200 17503
180.169.147.146 - - [08/Apr/2024:10:05:03 +0800] "GET /xingrg/javascript/jquery_easy_ui/themes/default/easyui.css HTTP/1.1" 304 -
180.169.147.146 - - [08/Apr/2024:10:05:03 +0800] "GET /xingrg/javascript/jquery_easy_ui/themes/icon.css HTTP/1.1" 304 -
180.169.147.146 - - [08/Apr/2024:10:05:03 +0800] "GET /xingrg/css/form.css HTTP/1.1" 304 -
180.169.147.146 - - [08/Apr/2024:10:05:03 +0800] "GET /xingrg/javascript/jquery-1.4.2.min.js HTTP/1.1" 304 -
180.169.147.146 - - [08/Apr/2024:10:05:03 +0800] "GET /xingrg/javascript/jquery_easy_ui/jquery.easyui.min.js HTTP/1.1" 304 -
172.20.0.8 - - [08/Apr/2024:10:05:03 +0800] "GET /xingrg/all/function/internal_message.html?_=1712541903463&CODE_STATE=getMsg HTTP/1.1" 302 -
180.169.147.146 - - [08/Apr/2024:10:05:03 +0800] "GET /xingrg/javascript/jquery_easy_ui/easyui-lang-zh_CN.js HTTP/1.1" 304 -
180.169.147.146 - - [08/Apr/2024:10:05:03 +0800] "GET /xingrg/javascript/jquery.form.js HTTP/1.1" 304 -
180.169.147.146 - - [08/Apr/2024:10:05:03 +0800] "GET /xingrg/javascript/jquery.utils.js HTTP/1.1" 304 -
180.169.147.146 - - [08/Apr/2024:10:05:03 +0800] "GET /xingrg/javascript/jquery.timers.js HTTP/1.1" 304 -
180.169.147.146 - - [08/Apr/2024:10:05:03 +0800] "GET /xingrg/images/blue/jxLogo.png HTTP/1.1" 304 -
180.169.147.146 - - [08/Apr/2024:10:05:03 +0800] "GET /xingrg/images/blue/navBackgound.jpg HTTP/1.1" 304 -
180.169.147.146 - - [08/Apr/2024:10:05:03 +0800] "GET /xingrg/javascript/jquery_easy_ui/themes/icons/settle_new.png HTTP/1.1" 304 -
180.169.147.146 - - [08/Apr/2024:10:05:03 +0800] "GET /xingrg/check_reg.html?_=1712541903614 HTTP/1.1" 200 22
180.169.147.146 - - [08/Apr/2024:10:05:03 +0800] "GET /xingrg/javascript/jquery_easy_ui/themes/default/images/tabs_rightarrow.png HTTP/1.1" 304 -
180.169.147.146 - - [08/Apr/2024:10:05:03 +0800] "GET /xingrg/all/function/internal_message.html?_=1712541903613&CODE_STATE=count HTTP/1.1" 200 11
180.169.147.146 - - [08/Apr/2024:10:05:03 +0800] "GET /xingrg/javascript/jquery_easy_ui/themes/default/images/tabs_leftarrow.png HTTP/1.1" 304 -
180.169.147.146 - - [08/Apr/2024:10:05:03 +0800] "GET /xingrg/images/blue/pingpu.png HTTP/1.1" 304 -
180.169.147.146 - - [08/Apr/2024:10:05:03 +0800] "GET /xingrg/javascript/jquery_easy_ui/themes/default/images/panel_tool_collapse.gif HTTP/1.1" 304 -
180.169.147.146 - - [08/Apr/2024:10:05:03 +0800] "GET /xingrg/javascript/jquery_easy_ui/themes/default/images/panel_tool_expand.gif HTTP/1.1" 304 -
180.169.147.146 - - [08/Apr/2024:10:05:03 +0800] "POST /xingrg/all/common/load_tree.html?tree=area_rest_tree_json&manage=1 HTTP/1.1" 200 3624
180.169.147.146 - - [08/Apr/2024:10:05:03 +0800] "POST /xingrg/load_menu.html HTTP/1.1" 200 11564
180.169.147.146 - - [08/Apr/2024:10:05:05 +0800] "GET /xingrg/kc/report/report_main.html HTTP/1.1" 200 8599
114.83.217.54 - - [08/Apr/2024:10:05:05 +0800] "GET /xingrg/kc/buy/cgsh_order_operate.html?command=get_materiel&rest_code=00149&code=00101006285&supplier_code=00100558&order_time=2024-04-07 HTTP/1.1" 200 410
180.169.147.146 - - [08/Apr/2024:10:05:09 +0800] "GET /xingrg/all/report/report_query.html?fileName=kc/buy/gys_amount.xml&rh=99999 HTTP/1.1" 200 52006
180.169.147.146 - - [08/Apr/2024:10:05:09 +0800] "GET /xingrg/dwr/interface/AjaxReportQueryService.js HTTP/1.1" 200 13203
180.169.147.146 - - [08/Apr/2024:10:05:09 +0800] "GET /xingrg/dwr/engine.js HTTP/1.1" 200 43631
180.169.147.146 - - [08/Apr/2024:10:05:09 +0800] "GET /xingrg/dwr/util.js HTTP/1.1" 304 -
180.169.147.146 - - [08/Apr/2024:10:05:09 +0800] "POST /xingrg/dwr/call/plaincall/AjaxReportQueryService.getFixDate.dwr HTTP/1.1" 200 111
180.169.147.146 - - [08/Apr/2024:10:05:10 +0800] "POST /xingrg/dwr/call/plaincall/AjaxReportQueryService.getInitString.dwr HTTP/1.1" 200 489
180.169.147.146 - - [08/Apr/2024:10:05:10 +0800] "POST /xingrg/all/common/load_tree.html?tree=materiel_sort_tree_json HTTP/1.1" 200 9734
180.169.147.146 - - [08/Apr/2024:10:05:10 +0800] "POST /xingrg/all/common/load_tree.html?tree=supplier_tree_json&manage=1 HTTP/1.1" 200 81572
114.83.217.54 - - [08/Apr/2024:10:05:14 +0800] "GET /xingrg/all/function/internal_message.html?_=1712541914135&CODE_STATE=getMsg HTTP/1.1" 200 27
114.83.217.54 - - [08/Apr/2024:10:05:15 +0800] "GET /xingrg/kc/buy/cgsh_order_operate.html?command=get_materiel&rest_code=00149&code=00101011006&supplier_code=00100558&order_time=2024-04-07 HTTP/1.1" 200 408
222.69.132.123 - - [08/Apr/2024:10:05:17 +0800] "GET /xingrg/all/function/internal_message.html?_=1712541919221&CODE_STATE=getMsg HTTP/1.1" 200 27
101.83.144.49 - - [08/Apr/2024:10:05:18 +0800] "GET /xingrg/all/function/internal_message.html?_=1712541918280&CODE_STATE=getMsg HTTP/1.1" 200 27
180.169.147.146 - - [08/Apr/2024:10:05:25 +0800] "POST /xingrg/dwr/call/plaincall/AjaxReportQueryService.refreshCache.dwr HTTP/1.1" 200 78
180.158.9.158 - - [08/Apr/2024:10:05:26 +0800] "GET /xingrg/all/function/internal_message.html?_=1712541924727&CODE_STATE=getMsg HTTP/1.1" 200 27
180.169.147.146 - - [08/Apr/2024:10:05:28 +0800] "POST /xingrg/all/report/load_report_page.html HTTP/1.1" 200 8860
180.169.147.146 - - [08/Apr/2024:10:05:28 +0800] "GET /xingrg/servlets/image?cache=0.7694040518145354&image=px HTTP/1.1" 200 807
180.164.1.25 - - [08/Apr/2024:10:05:28 +0800] "GET /xingrg/all/function/internal_message.html?_=1712541927331&CODE_STATE=getMsg HTTP/1.1" 200 27
180.169.147.146 - - [08/Apr/2024:10:05:34 +0800] "GET /xingrg/all/report/report_query.html?fileName=kc/buy/gys_amount_base_rest.xml HTTP/1.1" 200 51664
180.169.147.146 - - [08/Apr/2024:10:05:34 +0800] "GET /xingrg/dwr/interface/AjaxReportQueryService.js HTTP/1.1" 200 13203
180.169.147.146 - - [08/Apr/2024:10:05:34 +0800] "GET /xingrg/dwr/engine.js HTTP/1.1" 200 43631
180.169.147.146 - - [08/Apr/2024:10:05:34 +0800] "POST /xingrg/dwr/call/plaincall/AjaxReportQueryService.getFixDate.dwr HTTP/1.1" 200 111
180.169.147.146 - - [08/Apr/2024:10:05:35 +0800] "POST /xingrg/all/common/load_tree.html?tree=area_rest_tree_json&manage=1 HTTP/1.1" 200 3624
180.169.147.146 - - [08/Apr/2024:10:05:35 +0800] "POST /xingrg/all/common/load_tree.html?tree=supplier_tree_json&manage=1 HTTP/1.1" 200 81572
101.83.144.49 - - [08/Apr/2024:10:05:36 +0800] "GET /xingrg/all/function/internal_message.html?_=1712541696564&CODE_STATE=getMsg HTTP/1.1" 200 27
222.70.183.82 - - [08/Apr/2024:10:05:40 +0800] "GET /xingrg/all/function/internal_message.html?_=1712541940554&CODE_STATE=getMsg HTTP/1.1" 200 27
180.169.147.146 - - [08/Apr/2024:10:05:46 +0800] "POST /xingrg/dwr/call/plaincall/AjaxReportQueryService.refreshCache.dwr HTTP/1.1" 200 78
114.85.113.46 - - [08/Apr/2024:10:05:47 +0800] "GET /xingrg/all/function/internal_message.html?_=1712541947554&CODE_STATE=getMsg HTTP/1.1" 200 27
180.164.1.25 - - [08/Apr/2024:10:05:48 +0800] "GET /xingrg/check_reg.html?_=1712541947339 HTTP/1.1" 200 22
180.169.147.146 - - [08/Apr/2024:10:05:48 +0800] "POST /xingrg/all/report/load_report_page.html HTTP/1.1" 200 52750
180.169.147.146 - - [08/Apr/2024:10:05:48 +0800] "GET /xingrg/servlets/image?cache=0.7686999997944773&image=px HTTP/1.1" 200 807
116.224.254.208 - - [08/Apr/2024:10:05:52 +0800] "GET /xingrg/all/function/internal_message.html?_=1712541952218&CODE_STATE=getMsg HTTP/1.1" 200 27
114.83.217.54 - - [08/Apr/2024:10:05:57 +0800] "GET /xingrg/kc/buy/cgsh_order_operate.html?command=get_materiel&rest_code=00149&code=00101006336&supplier_code=00100558&order_time=2024-04-07 HTTP/1.1" 200 414
180.169.147.146 - - [08/Apr/2024:10:05:57 +0800] "POST /xingrg/all/report/report_print.html HTTP/1.1" 200 7680
124.78.56.241 - - [08/Apr/2024:10:05:59 +0800] "GET /xingrg/all/function/internal_message.html?_=1712541959955&CODE_STATE=getMsg HTTP/1.1" 200 27
101.80.230.31 - - [08/Apr/2024:10:06:01 +0800] "GET /xingrg/check_reg.html?_=1712541961819 HTTP/1.1" 200 22
101.80.230.31 - - [08/Apr/2024:10:06:01 +0800] "GET /xingrg/all/function/internal_message.html?_=1712541961821&CODE_STATE=getMsg HTTP/1.1" 200 27
172.20.0.8 - - [08/Apr/2024:10:06:03 +0800] "GET /xingrg/check_reg.html?_=1712541963432 HTTP/1.1" 302 -
172.20.0.8 - - [08/Apr/2024:10:06:03 +0800] "GET /xingrg/all/function/internal_message.html?_=1712541963466&CODE_STATE=getMsg HTTP/1.1" 302 -
180.169.147.146 - - [08/Apr/2024:10:06:03 +0800] "GET /xingrg/all/function/internal_message.html?_=1712541963654&CODE_STATE=getMsg HTTP/1.1" 200 27
114.83.217.54 - - [08/Apr/2024:10:06:08 +0800] "GET /xingrg/kc/buy/cgsh_order_operate.html?command=get_materiel&rest_code=00149&code=00102026001&supplier_code=00100558&order_time=2024-04-07 HTTP/1.1" 200 409
114.83.217.54 - - [08/Apr/2024:10:06:14 +0800] "GET /xingrg/all/function/internal_message.html?_=1712541974109&CODE_STATE=getMsg HTTP/1.1" 200 27
222.69.132.123 - - [08/Apr/2024:10:06:17 +0800] "GET /xingrg/all/function/internal_message.html?_=1712541979219&CODE_STATE=getMsg HTTP/1.1" 200 27
101.83.144.49 - - [08/Apr/2024:10:06:18 +0800] "GET /xingrg/all/function/internal_message.html?_=1712541978282&CODE_STATE=getMsg HTTP/1.1" 200 27
114.83.217.54 - - [08/Apr/2024:10:06:21 +0800] "POST /xingrg/kc/buy/cgsh_order_operate.html HTTP/1.1" 200 37
180.158.9.158 - - [08/Apr/2024:10:06:26 +0800] "GET /xingrg/all/function/internal_message.html?_=1712541984715&CODE_STATE=getMsg HTTP/1.1" 200 27
180.164.1.25 - - [08/Apr/2024:10:06:28 +0800] "GET /xingrg/all/function/internal_message.html?_=1712541987314&CODE_STATE=getMsg HTTP/1.1" 200 27
114.83.217.54 - - [08/Apr/2024:10:06:31 +0800] "POST /xingrg/kc/buy/cgsh_order_operate.html HTTP/1.1" 200 12
114.83.217.54 - - [08/Apr/2024:10:06:35 +0800] "GET /xingrg/kc/buy/cgsh_order_info.html?code=212024040801702 HTTP/1.1" 200 68841
114.83.217.54 - - [08/Apr/2024:10:06:36 +0800] "GET /xingrg/javascript/easyui/themes/default/validatebox.css HTTP/1.1" 404 1104
101.83.144.49 - - [08/Apr/2024:10:06:36 +0800] "GET /xingrg/all/function/internal_message.html?_=1712541756550&CODE_STATE=getMsg HTTP/1.1" 200 27
114.83.217.54 - - [08/Apr/2024:10:06:37 +0800] "POST /xingrg/kc/buy/cgsh_order_operate.html HTTP/1.1" 200 4162
222.70.183.82 - - [08/Apr/2024:10:06:40 +0800] "GET /xingrg/all/function/internal_message.html?_=1712542000537&CODE_STATE=getMsg HTTP/1.1" 200 27
114.83.217.54 - - [08/Apr/2024:10:06:40 +0800] "GET /xingrg/kc/print/load_data.html?order_code=212024040801702&kc_code=cgsh&condition= HTTP/1.1" 200 2064
114.83.217.54 - - [08/Apr/2024:10:06:46 +0800] "GET /xingrg/kc/buy/cgsh_order_add.html HTTP/1.1" 200 73940
114.83.217.54 - - [08/Apr/2024:10:06:46 +0800] "POST /xingrg/kc/buy/cgsh_order_operate.html HTTP/1.1" 200 8245
114.83.217.54 - - [08/Apr/2024:10:06:46 +0800] "GET /xingrg/javascript/easyui/themes/default/validatebox.css HTTP/1.1" 404 1104
114.85.113.46 - - [08/Apr/2024:10:06:47 +0800] "GET /xingrg/all/function/internal_message.html?_=1712542007556&CODE_STATE=getMsg HTTP/1.1" 200 27
116.224.254.208 - - [08/Apr/2024:10:06:52 +0800] "GET /xingrg/all/function/internal_message.html?_=1712542012198&CODE_STATE=getMsg HTTP/1.1" 200 27
180.169.147.146 - - [08/Apr/2024:10:06:58 +0800] "POST /xingrg/all/report/report_print.html HTTP/1.1" 200 7680
114.83.217.54 - - [08/Apr/2024:10:06:59 +0800] "GET /xingrg/kc/buy/cgsh_order_operate.html?command=get_materiel&rest_code=00149&code=00101004003&supplier_code=00100323&order_time=2024-04-07 HTTP/1.1" 200 410
124.78.56.241 - - [08/Apr/2024:10:06:59 +0800] "GET /xingrg/all/function/internal_message.html?_=1712542019950&CODE_STATE=getMsg HTTP/1.1" 200 27
101.80.230.31 - - [08/Apr/2024:10:07:01 +0800] "GET /xingrg/all/function/internal_message.html?_=1712542021819&CODE_STATE=getMsg HTTP/1.1" 200 27
172.20.0.8 - - [08/Apr/2024:10:07:03 +0800] "GET /xingrg/all/function/internal_message.html?_=1712542023453&CODE_STATE=getMsg HTTP/1.1" 302 -
180.169.147.146 - - [08/Apr/2024:10:07:03 +0800] "GET /xingrg/all/function/internal_message.html?_=1712542023646&CODE_STATE=getMsg HTTP/1.1" 200 27
114.83.217.54 - - [08/Apr/2024:10:07:14 +0800] "GET /xingrg/all/function/internal_message.html?_=1712542034093&CODE_STATE=getMsg HTTP/1.1" 200 27
222.69.132.123 - - [08/Apr/2024:10:07:17 +0800] "GET /xingrg/all/function/internal_message.html?_=1712542039210&CODE_STATE=getMsg HTTP/1.1" 200 27
101.83.144.49 - - [08/Apr/2024:10:07:18 +0800] "GET /xingrg/all/function/internal_message.html?_=1712542038283&CODE_STATE=getMsg HTTP/1.1" 200 27
114.83.217.54 - - [08/Apr/2024:10:07:20 +0800] "GET /xingrg/kc/buy/cgsh_order_operate.html?command=get_materiel&rest_code=00149&code=00101006026&supplier_code=00100323&order_time=2024-04-07 HTTP/1.1" 200 409
180.158.9.158 - - [08/Apr/2024:10:07:26 +0800] "GET /xingrg/all/function/internal_message.html?_=1712542044724&CODE_STATE=getMsg HTTP/1.1" 200 27
180.164.1.25 - - [08/Apr/2024:10:07:28 +0800] "GET /xingrg/all/function/internal_message.html?_=1712542047288&CODE_STATE=getMsg HTTP/1.1" 200 27
114.83.217.54 - - [08/Apr/2024:10:07:30 +0800] "GET /xingrg/kc/buy/cgsh_order_operate.html?command=get_materiel&rest_code=00149&code=00101010632&supplier_code=00100323&order_time=2024-04-07 HTTP/1.1" 200 410
101.83.144.49 - - [08/Apr/2024:10:07:36 +0800] "GET /xingrg/all/function/internal_message.html?_=1712541816519&CODE_STATE=getMsg HTTP/1.1" 200 27
222.70.183.82 - - [08/Apr/2024:10:07:40 +0800] "GET /xingrg/all/function/internal_message.html?_=1712542060520&CODE_STATE=getMsg HTTP/1.1" 200 27
114.85.113.46 - - [08/Apr/2024:10:07:47 +0800] "GET /xingrg/all/function/internal_message.html?_=1712542067554&CODE_STATE=getMsg HTTP/1.1" 200 27
114.85.113.46 - - [08/Apr/2024:10:07:47 +0800] "GET /xingrg/check_reg.html?_=1712542067557 HTTP/1.1" 200 22
116.224.254.208 - - [08/Apr/2024:10:07:52 +0800] "GET /xingrg/all/function/internal_message.html?_=1712542072186&CODE_STATE=getMsg HTTP/1.1" 200 27
116.224.254.208 - - [08/Apr/2024:10:07:52 +0800] "GET /xingrg/check_reg.html?_=1712542072234 HTTP/1.1" 200 22
124.78.56.241 - - [08/Apr/2024:10:07:59 +0800] "GET /xingrg/all/function/internal_message.html?_=1712542079941&CODE_STATE=getMsg HTTP/1.1" 200 27
101.80.230.31 - - [08/Apr/2024:10:08:01 +0800] "GET /xingrg/all/function/internal_message.html?_=1712542081818&CODE_STATE=getMsg HTTP/1.1" 200 27
172.20.0.8 - - [08/Apr/2024:10:08:03 +0800] "GET /xingrg/all/function/internal_message.html?_=1712542083454&CODE_STATE=getMsg HTTP/1.1" 302 -
180.169.147.146 - - [08/Apr/2024:10:08:03 +0800] "GET /xingrg/all/function/internal_message.html?_=1712542083634&CODE_STATE=getMsg HTTP/1.1" 200 27
114.83.217.54 - - [08/Apr/2024:10:08:14 +0800] "GET /xingrg/all/function/internal_message.html?_=1712542094073&CODE_STATE=getMsg HTTP/1.1" 200 27
222.69.132.123 - - [08/Apr/2024:10:08:17 +0800] "GET /xingrg/check_reg.html?_=1712542099227 HTTP/1.1" 200 22
222.69.132.123 - - [08/Apr/2024:10:08:17 +0800] "GET /xingrg/all/function/internal_message.html?_=1712542099231&CODE_STATE=getMsg HTTP/1.1" 200 27
101.83.144.49 - - [08/Apr/2024:10:08:18 +0800] "GET /xingrg/all/function/internal_message.html?_=1712542098310&CODE_STATE=getMsg HTTP/1.1" 200 27
180.158.9.158 - - [08/Apr/2024:10:08:26 +0800] "GET /xingrg/check_reg.html?_=1712542104713 HTTP/1.1" 200 22
180.158.9.158 - - [08/Apr/2024:10:08:26 +0800] "GET /xingrg/all/function/internal_message.html?_=1712542104715&CODE_STATE=getMsg HTTP/1.1" 200 27
180.164.1.25 - - [08/Apr/2024:10:08:28 +0800] "GET /xingrg/all/function/internal_message.html?_=1712542107280&CODE_STATE=getMsg HTTP/1.1" 200 27
101.83.144.49 - - [08/Apr/2024:10:08:36 +0800] "GET /xingrg/all/function/internal_message.html?_=1712541876504&CODE_STATE=getMsg HTTP/1.1" 200 27
222.70.183.82 - - [08/Apr/2024:10:08:40 +0800] "GET /xingrg/all/function/internal_message.html?_=1712542120503&CODE_STATE=getMsg HTTP/1.1" 200 27
124.78.159.2 - - [08/Apr/2024:10:08:42 +0800] "GET /xingrg/index.html?sysBaseUrl=http%3A%2F%2F180.169.147.146%3A18081%2Fxingrg%2F&costTime=797×tamp=1712537706236 HTTP/1.1" 200 17173
124.78.159.2 - - [08/Apr/2024:10:08:45 +0800] "POST /xingrg/all/common/load_tree.html?tree=area_rest_tree_json&manage=1 HTTP/1.1" 200 342
124.78.159.2 - - [08/Apr/2024:10:08:45 +0800] "GET /xingrg/check_reg.html?_=1712542124430 HTTP/1.1" 200 22
124.78.159.2 - - [08/Apr/2024:10:08:45 +0800] "GET /xingrg/all/function/internal_message.html?_=1712542124429&CODE_STATE=count HTTP/1.1" 200 11
124.78.159.2 - - [08/Apr/2024:10:08:45 +0800] "POST /xingrg/load_menu.html HTTP/1.1" 200 5138
124.78.159.2 - - [08/Apr/2024:10:08:45 +0800] "GET /favicon.ico HTTP/1.1" 404 -
114.85.113.46 - - [08/Apr/2024:10:08:47 +0800] "GET /xingrg/all/function/internal_message.html?_=1712542127556&CODE_STATE=getMsg HTTP/1.1" 200 27
116.224.254.208 - - [08/Apr/2024:10:08:52 +0800] "GET /xingrg/all/function/internal_message.html?_=1712542132168&CODE_STATE=getMsg HTTP/1.1" 200 27
114.83.217.54 - - [08/Apr/2024:10:08:59 +0800] "GET /xingrg/check_reg.html?_=1712542139967 HTTP/1.1" 200 22
124.78.56.241 - - [08/Apr/2024:10:08:59 +0800] "GET /xingrg/all/function/internal_message.html?_=1712542139925&CODE_STATE=getMsg HTTP/1.1" 200 27
101.80.230.31 - - [08/Apr/2024:10:09:01 +0800] "GET /xingrg/all/function/internal_message.html?_=1712542141807&CODE_STATE=getMsg HTTP/1.1" 200 27
172.20.0.8 - - [08/Apr/2024:10:09:03 +0800] "GET /xingrg/all/function/internal_message.html?_=1712542143455&CODE_STATE=getMsg HTTP/1.1" 302 -
180.169.147.146 - - [08/Apr/2024:10:09:03 +0800] "GET /xingrg/all/function/internal_message.html?_=1712542143628&CODE_STATE=getMsg HTTP/1.1" 200 27
116.224.254.208 - - [08/Apr/2024:10:09:12 +0800] "POST /xingrg/services/DataTransmitService HTTP/1.1" 200 524
114.83.217.54 - - [08/Apr/2024:10:09:12 +0800] "POST /xingrg/kc/buy/cgsh_order_operate.html HTTP/1.1" 200 37
114.83.217.54 - - [08/Apr/2024:10:09:13 +0800] "GET /xingrg/all/function/internal_message.html?_=1712542154046&CODE_STATE=getMsg HTTP/1.1" 200 27
222.69.132.123 - - [08/Apr/2024:10:09:17 +0800] "GET /xingrg/all/function/internal_message.html?_=1712542159204&CODE_STATE=getMsg HTTP/1.1" 200 27
101.83.144.49 - - [08/Apr/2024:10:09:18 +0800] "GET /xingrg/check_reg.html?_=1712542158312 HTTP/1.1" 200 22
101.83.144.49 - - [08/Apr/2024:10:09:18 +0800] "GET /xingrg/all/function/internal_message.html?_=1712542158316&CODE_STATE=getMsg HTTP/1.1" 200 27
124.78.56.241 - - [08/Apr/2024:10:09:20 +0800] "GET /xingrg/check_reg.html?_=1712542160619 HTTP/1.1" 200 22
114.83.217.54 - - [08/Apr/2024:10:09:24 +0800] "POST /xingrg/kc/buy/cgsh_order_operate.html HTTP/1.1" 200 12
180.158.9.158 - - [08/Apr/2024:10:09:26 +0800] "GET /xingrg/all/function/internal_message.html?_=1712542164718&CODE_STATE=getMsg HTTP/1.1" 200 27
114.83.217.54 - - [08/Apr/2024:10:09:27 +0800] "GET /xingrg/kc/buy/cgsh_order_info.html?code=212024040801703 HTTP/1.1" 200 68846
114.83.217.54 - - [08/Apr/2024:10:09:27 +0800] "GET /xingrg/javascript/easyui/themes/default/validatebox.css HTTP/1.1" 404 1104
180.164.1.25 - - [08/Apr/2024:10:09:28 +0800] "GET /xingrg/all/function/internal_message.html?_=1712542167264&CODE_STATE=getMsg HTTP/1.1" 200 27
218.81.217.36 - - [08/Apr/2024:10:09:28 +0800] "GET /xingrg/check_reg.html?_=1712542170496 HTTP/1.1" 200 22
114.83.217.54 - - [08/Apr/2024:10:09:30 +0800] "POST /xingrg/kc/buy/cgsh_order_operate.html HTTP/1.1" 200 1789
114.83.217.54 - - [08/Apr/2024:10:09:31 +0800] "GET /xingrg/kc/print/load_data.html?order_code=212024040801703&kc_code=cgsh HTTP/1.1" 200 1159
101.83.144.49 - - [08/Apr/2024:10:09:36 +0800] "GET /xingrg/check_reg.html?_=1712541935677 HTTP/1.1" 200 22
114.83.217.54 - - [08/Apr/2024:10:09:36 +0800] "GET /xingrg/kc/print/load_data.html?order_code=212024040801703&kc_code=cgsh&condition= HTTP/1.1" 200 1159
101.83.144.49 - - [08/Apr/2024:10:09:36 +0800] "GET /xingrg/all/function/internal_message.html?_=1712541936475&CODE_STATE=getMsg HTTP/1.1" 200 27
114.83.217.54 - - [08/Apr/2024:10:09:40 +0800] "GET /xingrg/kc/buy/cgsh_order_add.html HTTP/1.1" 200 73940
222.70.183.82 - - [08/Apr/2024:10:09:40 +0800] "GET /xingrg/all/function/internal_message.html?_=1712542180490&CODE_STATE=getMsg HTTP/1.1" 200 27
114.83.217.54 - - [08/Apr/2024:10:09:41 +0800] "POST /xingrg/kc/buy/cgsh_order_operate.html HTTP/1.1" 200 8245
114.83.217.54 - - [08/Apr/2024:10:09:41 +0800] "GET /xingrg/javascript/easyui/themes/default/validatebox.css HTTP/1.1" 404 1104
124.78.159.2 - - [08/Apr/2024:10:09:45 +0800] "GET /xingrg/all/function/internal_message.html?_=1712542184440&CODE_STATE=getMsg HTTP/1.1" 200 27
114.85.113.46 - - [08/Apr/2024:10:09:47 +0800] "GET /xingrg/all/function/internal_message.html?_=1712542187554&CODE_STATE=getMsg HTTP/1.1" 200 27
222.70.183.82 - - [08/Apr/2024:10:09:51 +0800] "GET /xingrg/check_reg.html?_=1712542191211 HTTP/1.1" 200 22
116.224.254.208 - - [08/Apr/2024:10:09:52 +0800] "GET /xingrg/all/function/internal_message.html?_=1712542192167&CODE_STATE=getMsg HTTP/1.1" 200 27
124.78.56.241 - - [08/Apr/2024:10:09:59 +0800] "GET /xingrg/all/function/internal_message.html?_=1712542199911&CODE_STATE=getMsg HTTP/1.1" 200 27
101.80.230.31 - - [08/Apr/2024:10:10:01 +0800] "GET /xingrg/all/function/internal_message.html?_=1712542201810&CODE_STATE=getMsg HTTP/1.1" 200 27
172.20.0.8 - - [08/Apr/2024:10:10:03 +0800] "GET /xingrg/all/function/internal_message.html?_=1712542203458&CODE_STATE=getMsg HTTP/1.1" 302 -
180.169.147.146 - - [08/Apr/2024:10:10:03 +0800] "GET /xingrg/check_reg.html?_=1712542203645 HTTP/1.1" 200 22
180.169.147.146 - - [08/Apr/2024:10:10:03 +0800] "GET /xingrg/all/function/internal_message.html?_=1712542203648&CODE_STATE=getMsg HTTP/1.1" 200 27
114.83.217.54 - - [08/Apr/2024:10:10:04 +0800] "GET /xingrg/kc/buy/cgsh_order_operate.html?command=get_materiel&rest_code=00149&code=00101001045&supplier_code=00100665&order_time=2024-04-07 HTTP/1.1" 200 421
114.83.217.54 - - [08/Apr/2024:10:10:13 +0800] "GET /xingrg/all/function/internal_message.html?_=1712542214035&CODE_STATE=getMsg HTTP/1.1" 200 27
114.83.217.54 - - [08/Apr/2024:10:10:16 +0800] "POST /xingrg/kc/buy/cgsh_order_operate.html HTTP/1.1" 200 37
222.69.132.123 - - [08/Apr/2024:10:10:17 +0800] "GET /xingrg/all/function/internal_message.html?_=1712542219211&CODE_STATE=getMsg HTTP/1.1" 200 27
101.83.144.49 - - [08/Apr/2024:10:10:18 +0800] "GET /xingrg/all/function/internal_message.html?_=1712542218316&CODE_STATE=getMsg HTTP/1.1" 200 27
114.83.217.54 - - [08/Apr/2024:10:10:25 +0800] "POST /xingrg/kc/buy/cgsh_order_operate.html HTTP/1.1" 200 12
180.158.9.158 - - [08/Apr/2024:10:10:26 +0800] "GET /xingrg/all/function/internal_message.html?_=1712542224709&CODE_STATE=getMsg HTTP/1.1" 200 27
114.83.217.54 - - [08/Apr/2024:10:10:28 +0800] "GET /xingrg/kc/buy/cgsh_order_info.html?code=212024040801704 HTTP/1.1" 200 68843
180.164.1.25 - - [08/Apr/2024:10:10:28 +0800] "GET /xingrg/all/function/internal_message.html?_=1712542227265&CODE_STATE=getMsg HTTP/1.1" 200 27
114.83.217.54 - - [08/Apr/2024:10:10:28 +0800] "GET /xingrg/javascript/easyui/themes/default/validatebox.css HTTP/1.1" 404 1104
114.83.217.54 - - [08/Apr/2024:10:10:29 +0800] "POST /xingrg/kc/buy/cgsh_order_operate.html HTTP/1.1" 200 618
114.83.217.54 - - [08/Apr/2024:10:10:31 +0800] "GET /xingrg/kc/print/load_data.html?order_code=212024040801704&kc_code=cgsh&condition= HTTP/1.1" 200 710
114.83.217.54 - - [08/Apr/2024:10:10:36 +0800] "GET /xingrg/kc/buy/cgsh_order_add.html HTTP/1.1" 200 73940
101.83.144.49 - - [08/Apr/2024:10:10:36 +0800] "GET /xingrg/all/function/internal_message.html?_=1712541996461&CODE_STATE=getMsg HTTP/1.1" 200 27
114.83.217.54 - - [08/Apr/2024:10:10:37 +0800] "POST /xingrg/kc/buy/cgsh_order_operate.html HTTP/1.1" 200 8245
114.83.217.54 - - [08/Apr/2024:10:10:37 +0800] "GET /xingrg/javascript/easyui/themes/default/validatebox.css HTTP/1.1" 404 1104
222.70.183.82 - - [08/Apr/2024:10:10:40 +0800] "GET /xingrg/all/function/internal_message.html?_=1712542240487&CODE_STATE=getMsg HTTP/1.1" 200 27
124.78.159.2 - - [08/Apr/2024:10:10:45 +0800] "GET /xingrg/all/function/internal_message.html?_=1712542244445&CODE_STATE=getMsg HTTP/1.1" 200 27
114.85.113.46 - - [08/Apr/2024:10:10:47 +0800] "GET /xingrg/all/function/internal_message.html?_=1712542247555&CODE_STATE=getMsg HTTP/1.1" 200 27
114.83.217.54 - - [08/Apr/2024:10:10:47 +0800] "GET /xingrg/kc/buy/cgsh_order_operate.html?command=get_materiel&rest_code=00149&code=00101010079&supplier_code=00100336&order_time=2024-04-07 HTTP/1.1" 200 413
180.164.1.25 - - [08/Apr/2024:10:10:48 +0800] "GET /xingrg/check_reg.html?_=1712542247316 HTTP/1.1" 200 22
116.224.254.208 - - [08/Apr/2024:10:10:52 +0800] "GET /xingrg/all/function/internal_message.html?_=1712542252143&CODE_STATE=getMsg HTTP/1.1" 200 27
124.78.56.241 - - [08/Apr/2024:10:10:59 +0800] "GET /xingrg/all/function/internal_message.html?_=1712542259888&CODE_STATE=getMsg HTTP/1.1" 200 27
101.80.230.31 - - [08/Apr/2024:10:11:01 +0800] "GET /xingrg/check_reg.html?_=1712542261810 HTTP/1.1" 200 22
101.80.230.31 - - [08/Apr/2024:10:11:01 +0800] "GET /xingrg/all/function/internal_message.html?_=1712542261809&CODE_STATE=getMsg HTTP/1.1" 200 27
