180.169.147.146 - - [08/Apr/2024:10:33:40 +0800] "GET /xingrg/all/function/internal_message.html?_=1712543621068&CODE_STATE=getMsg HTTP/1.1" 200 27
222.70.183.82 - - [08/Apr/2024:10:33:40 +0800] "GET /xingrg/all/function/internal_message.html?_=1712543620217&CODE_STATE=getMsg HTTP/1.1" 200 27
116.238.97.31 - - [08/Apr/2024:10:33:41 +0800] "GET /xingrg/all/function/internal_message.html?_=1712543622062&CODE_STATE=getMsg HTTP/1.1" 200 27
124.78.159.2 - - [08/Apr/2024:10:33:45 +0800] "GET /xingrg/all/function/internal_message.html?_=1712543624460&CODE_STATE=getMsg HTTP/1.1" 200 27
124.78.159.2 - - [08/Apr/2024:10:33:45 +0800] "GET /xingrg/check_reg.html?_=1712543624466 HTTP/1.1" 200 22
114.85.113.46 - - [08/Apr/2024:10:33:47 +0800] "GET /xingrg/all/function/internal_message.html?_=1712543627571&CODE_STATE=getMsg HTTP/1.1" 200 27
116.224.254.208 - - [08/Apr/2024:10:33:51 +0800] "GET /xingrg/all/function/internal_message.html?_=1712543631747&CODE_STATE=getMsg HTTP/1.1" 200 27
116.230.108.72 - - [08/Apr/2024:10:33:55 +0800] "GET /xingrg/all/function/internal_message.html?_=1712543588422&CODE_STATE=getMsg HTTP/1.1" 200 27
114.83.217.54 - - [08/Apr/2024:10:33:55 +0800] "GET /xingrg/kc/buy/cgsh_order_operate.html?command=get_materiel&rest_code=00149&code=00101006240&supplier_code=00100096&order_time=2024-04-07 HTTP/1.1" 200 424
124.78.56.241 - - [08/Apr/2024:10:33:59 +0800] "GET /xingrg/all/function/internal_message.html?_=1712543639464&CODE_STATE=getMsg HTTP/1.1" 200 27
114.83.217.54 - - [08/Apr/2024:10:33:59 +0800] "GET /xingrg/check_reg.html?_=1712543640015 HTTP/1.1" 200 22
101.80.230.31 - - [08/Apr/2024:10:34:01 +0800] "GET /xingrg/all/function/internal_message.html?_=1712543641864&CODE_STATE=getMsg HTTP/1.1" 200 27
172.20.0.8 - - [08/Apr/2024:10:34:03 +0800] "GET /xingrg/all/function/internal_message.html?_=1712543643458&CODE_STATE=getMsg HTTP/1.1" 302 -
180.169.147.146 - - [08/Apr/2024:10:34:03 +0800] "GET /xingrg/all/function/internal_message.html?_=1712543643678&CODE_STATE=getMsg HTTP/1.1" 200 27
114.83.217.54 - - [08/Apr/2024:10:34:13 +0800] "GET /xingrg/all/function/internal_message.html?_=1712543653667&CODE_STATE=getMsg HTTP/1.1" 200 27
180.169.147.146 - - [08/Apr/2024:10:34:17 +0800] "GET /xingrg/all/function/internal_message.html?_=1712543658515&CODE_STATE=getMsg HTTP/1.1" 200 27
222.69.132.123 - - [08/Apr/2024:10:34:17 +0800] "GET /xingrg/all/function/internal_message.html?_=1712543659222&CODE_STATE=getMsg HTTP/1.1" 200 27
101.83.144.49 - - [08/Apr/2024:10:34:18 +0800] "GET /xingrg/check_reg.html?_=1712543658338 HTTP/1.1" 200 22
101.83.144.49 - - [08/Apr/2024:10:34:18 +0800] "GET /xingrg/all/function/internal_message.html?_=1712543658342&CODE_STATE=getMsg HTTP/1.1" 200 27
124.78.56.241 - - [08/Apr/2024:10:34:20 +0800] "GET /xingrg/check_reg.html?_=1712543660531 HTTP/1.1" 200 22
180.158.9.158 - - [08/Apr/2024:10:34:26 +0800] "GET /xingrg/all/function/internal_message.html?_=1712543664733&CODE_STATE=getMsg HTTP/1.1" 302 -
180.164.1.25 - - [08/Apr/2024:10:34:27 +0800] "GET /xingrg/all/function/internal_message.html?_=1712543666809&CODE_STATE=getMsg HTTP/1.1" 200 27
218.81.217.36 - - [08/Apr/2024:10:34:29 +0800] "GET /xingrg/check_reg.html?_=1712543670725 HTTP/1.1" 200 22
218.81.217.36 - - [08/Apr/2024:10:34:30 +0800] "GET /xingrg/kc/buy/cgsh_order_add.html HTTP/1.1" 200 73852
218.81.217.36 - - [08/Apr/2024:10:34:31 +0800] "POST /xingrg/kc/buy/cgsh_order_operate.html HTTP/1.1" 200 8245
218.81.217.36 - - [08/Apr/2024:10:34:31 +0800] "GET /xingrg/javascript/easyui/themes/default/validatebox.css HTTP/1.1" 404 1104
114.83.217.54 - - [08/Apr/2024:10:34:32 +0800] "GET /xingrg/kc/buy/cgsh_order_operate.html?command=get_materiel&rest_code=00149&code=00101006056&supplier_code=00100096&order_time=2024-04-07 HTTP/1.1" 200 413
101.83.144.49 - - [08/Apr/2024:10:34:36 +0800] "GET /xingrg/check_reg.html?_=1712543435734 HTTP/1.1" 200 22
101.83.144.49 - - [08/Apr/2024:10:34:36 +0800] "GET /xingrg/all/function/internal_message.html?_=1712543436002&CODE_STATE=getMsg HTTP/1.1" 200 27
180.169.147.146 - - [08/Apr/2024:10:34:40 +0800] "GET /xingrg/all/function/internal_message.html?_=1712543681051&CODE_STATE=getMsg HTTP/1.1" 200 27
222.70.183.82 - - [08/Apr/2024:10:34:40 +0800] "GET /xingrg/all/function/internal_message.html?_=1712543680200&CODE_STATE=getMsg HTTP/1.1" 200 27
116.238.97.31 - - [08/Apr/2024:10:34:41 +0800] "GET /xingrg/all/function/internal_message.html?_=1712543682040&CODE_STATE=getMsg HTTP/1.1" 200 27
124.78.159.2 - - [08/Apr/2024:10:34:45 +0800] "GET /xingrg/all/function/internal_message.html?_=1712543684469&CODE_STATE=getMsg HTTP/1.1" 200 27
114.85.113.46 - - [08/Apr/2024:10:34:47 +0800] "GET /xingrg/all/function/internal_message.html?_=1712543687565&CODE_STATE=getMsg HTTP/1.1" 200 27
101.83.144.49 - - [08/Apr/2024:10:34:49 +0800] "GET /xingrg/kc/buy/cgsh_order_add.html HTTP/1.1" 200 73934
101.83.144.49 - - [08/Apr/2024:10:34:49 +0800] "POST /xingrg/kc/buy/cgsh_order_operate.html HTTP/1.1" 200 8245
101.83.144.49 - - [08/Apr/2024:10:34:49 +0800] "GET /xingrg/javascript/easyui/themes/default/validatebox.css HTTP/1.1" 404 1104
222.70.183.82 - - [08/Apr/2024:10:34:51 +0800] "GET /xingrg/check_reg.html?_=1712543691182 HTTP/1.1" 200 22
116.224.254.208 - - [08/Apr/2024:10:34:51 +0800] "GET /xingrg/all/function/internal_message.html?_=1712543691732&CODE_STATE=getMsg HTTP/1.1" 200 27
114.83.217.54 - - [08/Apr/2024:10:34:53 +0800] "GET /xingrg/kc/buy/cgsh_order_operate.html?command=get_materiel&rest_code=00149&code=00101006058&supplier_code=00100096&order_time=2024-04-07 HTTP/1.1" 200 413
218.81.217.36 - - [08/Apr/2024:10:34:54 +0800] "GET /xingrg/kc/buy/cgsh_order_operate.html?command=get_materiel&rest_code=00146&code=00101012003&supplier_code=00100033&order_time=2024-04-08 HTTP/1.1" 200 412
116.230.108.72 - - [08/Apr/2024:10:34:55 +0800] "GET /xingrg/all/function/internal_message.html?_=1712543648438&CODE_STATE=getMsg HTTP/1.1" 200 27
124.78.56.241 - - [08/Apr/2024:10:34:59 +0800] "GET /xingrg/all/function/internal_message.html?_=1712543699449&CODE_STATE=getMsg HTTP/1.1" 200 27
101.80.230.31 - - [08/Apr/2024:10:35:01 +0800] "GET /xingrg/all/function/internal_message.html?_=1712543701866&CODE_STATE=getMsg HTTP/1.1" 200 27
172.20.0.8 - - [08/Apr/2024:10:35:03 +0800] "GET /xingrg/all/function/internal_message.html?_=1712543703443&CODE_STATE=getMsg HTTP/1.1" 302 -
180.169.147.146 - - [08/Apr/2024:10:35:03 +0800] "GET /xingrg/check_reg.html?_=1712543703674 HTTP/1.1" 200 22
180.169.147.146 - - [08/Apr/2024:10:35:03 +0800] "GET /xingrg/all/function/internal_message.html?_=1712543703677&CODE_STATE=getMsg HTTP/1.1" 200 27
114.83.217.54 - - [08/Apr/2024:10:35:07 +0800] "GET /xingrg/kc/buy/cgsh_order_operate.html?command=get_materiel&rest_code=00149&code=00101006144&supplier_code=00100096&order_time=2024-04-07 HTTP/1.1" 200 410
114.83.217.54 - - [08/Apr/2024:10:35:13 +0800] "GET /xingrg/all/function/internal_message.html?_=1712543713653&CODE_STATE=getMsg HTTP/1.1" 200 27
218.81.217.36 - - [08/Apr/2024:10:35:14 +0800] "GET /xingrg/kc/buy/cgsh_order_operate.html?command=get_materiel&rest_code=00146&code=00101016025&supplier_code=00100033&order_time=2024-04-08 HTTP/1.1" 200 408
180.169.147.146 - - [08/Apr/2024:10:35:17 +0800] "GET /xingrg/all/function/internal_message.html?_=1712543718513&CODE_STATE=getMsg HTTP/1.1" 200 27
222.69.132.123 - - [08/Apr/2024:10:35:17 +0800] "GET /xingrg/all/function/internal_message.html?_=1712543719225&CODE_STATE=getMsg HTTP/1.1" 200 27
101.83.144.49 - - [08/Apr/2024:10:35:18 +0800] "GET /xingrg/all/function/internal_message.html?_=1712543718326&CODE_STATE=getMsg HTTP/1.1" 200 27
180.169.147.146 - - [08/Apr/2024:10:35:20 +0800] "GET /xingrg/login.html HTTP/1.1" 200 7641
101.83.144.49 - - [08/Apr/2024:10:35:20 +0800] "GET /xingrg/kc/buy/cgsh_order_operate.html?command=get_materiel&rest_code=00105&code=00101001140&supplier_code=00100545&order_time=2024-04-08 HTTP/1.1" 200 417
180.169.147.146 - - [08/Apr/2024:10:35:24 +0800] "GET /favicon.ico HTTP/1.1" 404 -
180.158.9.158 - - [08/Apr/2024:10:35:26 +0800] "GET /xingrg/all/function/internal_message.html?_=1712543724717&CODE_STATE=getMsg HTTP/1.1" 302 -
180.164.1.25 - - [08/Apr/2024:10:35:27 +0800] "GET /xingrg/all/function/internal_message.html?_=1712543726788&CODE_STATE=getMsg HTTP/1.1" 200 27
114.83.217.54 - - [08/Apr/2024:10:35:29 +0800] "GET /xingrg/kc/buy/cgsh_order_operate.html?command=get_materiel&rest_code=00149&code=00101006130&supplier_code=00100096&order_time=2024-04-07 HTTP/1.1" 200 437
101.83.144.49 - - [08/Apr/2024:10:35:36 +0800] "GET /xingrg/all/function/internal_message.html?_=1712543496014&CODE_STATE=getMsg HTTP/1.1" 200 27
218.81.217.36 - - [08/Apr/2024:10:35:39 +0800] "GET /xingrg/kc/buy/cgsh_order_operate.html?command=get_materiel&rest_code=00146&code=00101012029&supplier_code=00100033&order_time=2024-04-08 HTTP/1.1" 200 412
116.235.94.6 - - [08/Apr/2024:10:35:39 +0800] "GET /favicon.ico HTTP/1.1" 404 -
180.169.147.146 - - [08/Apr/2024:10:35:39 +0800] "GET /xingrg/all/function/internal_message.html?_=1712543741021&CODE_STATE=getMsg HTTP/1.1" 200 27
180.169.147.146 - - [08/Apr/2024:10:35:40 +0800] "GET /xingrg/check_reg.html?_=1712543741115 HTTP/1.1" 200 22
222.70.183.82 - - [08/Apr/2024:10:35:40 +0800] "GET /xingrg/all/function/internal_message.html?_=1712543740188&CODE_STATE=getMsg HTTP/1.1" 200 27
116.238.97.31 - - [08/Apr/2024:10:35:41 +0800] "GET /xingrg/all/function/internal_message.html?_=1712543742015&CODE_STATE=getMsg HTTP/1.1" 200 27
116.238.97.31 - - [08/Apr/2024:10:35:42 +0800] "GET /xingrg/check_reg.html?_=1712543742124 HTTP/1.1" 200 22
124.78.159.2 - - [08/Apr/2024:10:35:45 +0800] "GET /xingrg/all/function/internal_message.html?_=1712543744470&CODE_STATE=getMsg HTTP/1.1" 200 27
114.85.113.46 - - [08/Apr/2024:10:35:47 +0800] "GET /xingrg/all/function/internal_message.html?_=1712543747571&CODE_STATE=getMsg HTTP/1.1" 200 27
180.164.1.25 - - [08/Apr/2024:10:35:48 +0800] "GET /xingrg/check_reg.html?_=1712543747239 HTTP/1.1" 200 22
180.169.147.146 - - [08/Apr/2024:10:35:50 +0800] "POST /xingrg/login.do HTTP/1.1" 302 -
180.169.147.146 - - [08/Apr/2024:10:35:50 +0800] "GET /xingrg/index.html?sysBaseUrl=http%3A%2F%2F180.169.147.146%3A18081%2Fxingrg%2F&costTime=884×tamp=1712543750047 HTTP/1.1" 200 17503
180.169.147.146 - - [08/Apr/2024:10:35:50 +0800] "GET /favicon.ico HTTP/1.1" 404 -
180.169.147.146 - - [08/Apr/2024:10:35:50 +0800] "POST /xingrg/all/common/load_tree.html?tree=area_rest_tree_json&manage=1 HTTP/1.1" 200 3624
180.169.147.146 - - [08/Apr/2024:10:35:51 +0800] "GET /xingrg/check_reg.html?_=1712543751191 HTTP/1.1" 200 22
180.169.147.146 - - [08/Apr/2024:10:35:51 +0800] "GET /xingrg/all/function/internal_message.html?_=1712543751190&CODE_STATE=count HTTP/1.1" 200 11
101.83.144.49 - - [08/Apr/2024:10:35:51 +0800] "GET /xingrg/kc/buy/cgsh_order_operate.html?command=get_materiel&rest_code=00105&code=00101001037&supplier_code=00100545&order_time=2024-04-08 HTTP/1.1" 200 418
180.169.147.146 - - [08/Apr/2024:10:35:51 +0800] "POST /xingrg/load_menu.html HTTP/1.1" 200 11443
116.224.254.208 - - [08/Apr/2024:10:35:51 +0800] "GET /xingrg/all/function/internal_message.html?_=1712543751712&CODE_STATE=getMsg HTTP/1.1" 200 27
116.230.108.72 - - [08/Apr/2024:10:35:55 +0800] "GET /xingrg/all/function/internal_message.html?_=1712543708434&CODE_STATE=getMsg HTTP/1.1" 200 27
218.81.217.36 - - [08/Apr/2024:10:35:57 +0800] "POST /xingrg/kc/buy/cgsh_order_operate.html HTTP/1.1" 200 37
114.83.217.54 - - [08/Apr/2024:10:35:59 +0800] "GET /xingrg/kc/buy/cgsh_order_operate.html?command=get_materiel&rest_code=00149&code=00101006138&supplier_code=00100096&order_time=2024-04-07 HTTP/1.1" 200 411
124.78.56.241 - - [08/Apr/2024:10:35:59 +0800] "GET /xingrg/all/function/internal_message.html?_=1712543759437&CODE_STATE=getMsg HTTP/1.1" 200 27
101.80.230.31 - - [08/Apr/2024:10:36:01 +0800] "GET /xingrg/all/function/internal_message.html?_=1712543761899&CODE_STATE=getMsg HTTP/1.1" 200 27
101.80.230.31 - - [08/Apr/2024:10:36:01 +0800] "GET /xingrg/check_reg.html?_=1712543761904 HTTP/1.1" 200 22
172.20.0.8 - - [08/Apr/2024:10:36:03 +0800] "GET /xingrg/check_reg.html?_=1712543763430 HTTP/1.1" 302 -
172.20.0.8 - - [08/Apr/2024:10:36:03 +0800] "GET /xingrg/all/function/internal_message.html?_=1712543763447&CODE_STATE=getMsg HTTP/1.1" 302 -
180.169.147.146 - - [08/Apr/2024:10:36:03 +0800] "GET /xingrg/all/function/internal_message.html?_=1712543763676&CODE_STATE=getMsg HTTP/1.1" 200 27
218.81.217.36 - - [08/Apr/2024:10:36:09 +0800] "POST /xingrg/kc/buy/cgsh_order_operate.html HTTP/1.1" 200 3833
114.83.217.54 - - [08/Apr/2024:10:36:13 +0800] "GET /xingrg/all/function/internal_message.html?_=1712543773636&CODE_STATE=getMsg HTTP/1.1" 200 27
218.81.217.36 - - [08/Apr/2024:10:36:14 +0800] "GET /xingrg/kc/print/load_data.html?order_code=212024040801718&kc_code=cgsh&condition= HTTP/1.1" 200 1162
124.78.159.2 - - [08/Apr/2024:10:36:15 +0800] "GET /xingrg/kc/buy/buy_main.html HTTP/1.1" 200 12412
124.78.159.2 - - [08/Apr/2024:10:36:16 +0800] "GET /xingrg/css/new_ie.css HTTP/1.1" 404 1036
180.169.147.146 - - [08/Apr/2024:10:36:17 +0800] "GET /xingrg/all/function/internal_message.html?_=1712543778512&CODE_STATE=getMsg HTTP/1.1" 200 27
222.69.132.123 - - [08/Apr/2024:10:36:17 +0800] "GET /xingrg/all/function/internal_message.html?_=1712543779220&CODE_STATE=getMsg HTTP/1.1" 200 27
124.78.159.2 - - [08/Apr/2024:10:36:17 +0800] "GET /xingrg/images/yd/bt.gif HTTP/1.1" 404 1040
101.83.144.49 - - [08/Apr/2024:10:36:18 +0800] "GET /xingrg/all/function/internal_message.html?_=1712543778328&CODE_STATE=getMsg HTTP/1.1" 200 27
124.78.159.2 - - [08/Apr/2024:10:36:19 +0800] "GET /xingrg/kc/buy/cgsh_order_list.html HTTP/1.1" 200 58071
101.83.144.49 - - [08/Apr/2024:10:36:25 +0800] "POST /xingrg/kc/buy/cgsh_order_operate.html HTTP/1.1" 200 37
180.158.9.158 - - [08/Apr/2024:10:36:26 +0800] "GET /xingrg/all/function/internal_message.html?_=1712543784730&CODE_STATE=getMsg HTTP/1.1" 302 -
180.164.1.25 - - [08/Apr/2024:10:36:27 +0800] "GET /xingrg/all/function/internal_message.html?_=1712543786778&CODE_STATE=getMsg HTTP/1.1" 200 27
101.83.144.49 - - [08/Apr/2024:10:36:28 +0800] "POST /xingrg/kc/buy/cgsh_order_operate.html HTTP/1.1" 200 3262
124.78.159.2 - - [08/Apr/2024:10:36:29 +0800] "POST /xingrg/kc/buy/cgsh_list_operate.html HTTP/1.1" 200 1378
114.83.217.54 - - [08/Apr/2024:10:36:30 +0800] "GET /xingrg/kc/buy/cgsh_order_operate.html?command=get_materiel&rest_code=00149&code=00101007067&supplier_code=00100096&order_time=2024-04-07 HTTP/1.1" 200 411
101.83.144.49 - - [08/Apr/2024:10:36:31 +0800] "GET /xingrg/kc/print/load_data.html?order_code=212024040801719&kc_code=cgsh&condition= HTTP/1.1" 200 888
218.81.217.36 - - [08/Apr/2024:10:36:35 +0800] "GET /xingrg/kc/buy/cgsh_order_add.html HTTP/1.1" 200 73852
124.78.159.2 - - [08/Apr/2024:10:36:35 +0800] "GET /xingrg/kc/buy/cgsh_order_add.html HTTP/1.1" 200 73852
124.78.159.2 - - [08/Apr/2024:10:36:36 +0800] "GET /xingrg/words/20240407173818_words.js HTTP/1.1" 304 -
101.83.144.49 - - [08/Apr/2024:10:36:36 +0800] "GET /xingrg/all/function/internal_message.html?_=1712543556000&CODE_STATE=getMsg HTTP/1.1" 200 27
124.78.159.2 - - [08/Apr/2024:10:36:36 +0800] "POST /xingrg/kc/buy/cgsh_order_operate.html HTTP/1.1" 200 8245
124.78.159.2 - - [08/Apr/2024:10:36:36 +0800] "GET /xingrg/javascript/easyui/themes/default/validatebox.css HTTP/1.1" 404 1104
124.78.159.2 - - [08/Apr/2024:10:36:36 +0800] "GET /xingrg/all/common/auto_word.html?type=employee&rest_code=00106 HTTP/1.1" 200 205
124.78.159.2 - - [08/Apr/2024:10:36:36 +0800] "GET /xingrg/all/common/auto_word.html?type=employee&rest_code=00106 HTTP/1.1" 200 205
218.81.217.36 - - [08/Apr/2024:10:36:36 +0800] "POST /xingrg/kc/buy/cgsh_order_operate.html HTTP/1.1" 200 8245
218.81.217.36 - - [08/Apr/2024:10:36:36 +0800] "GET /xingrg/javascript/easyui/themes/default/validatebox.css HTTP/1.1" 404 1104
180.169.147.146 - - [08/Apr/2024:10:36:39 +0800] "GET /xingrg/all/function/internal_message.html?_=1712543801005&CODE_STATE=getMsg HTTP/1.1" 200 27
222.70.183.82 - - [08/Apr/2024:10:36:40 +0800] "GET /xingrg/all/function/internal_message.html?_=1712543800170&CODE_STATE=getMsg HTTP/1.1" 200 27
116.238.97.31 - - [08/Apr/2024:10:36:41 +0800] "GET /xingrg/all/function/internal_message.html?_=1712543801995&CODE_STATE=getMsg HTTP/1.1" 200 27
124.78.159.2 - - [08/Apr/2024:10:36:45 +0800] "GET /xingrg/all/function/internal_message.html?_=1712543804463&CODE_STATE=getMsg HTTP/1.1" 200 27
124.78.159.2 - - [08/Apr/2024:10:36:45 +0800] "GET /xingrg/javascript/easyui/themes/default/tree.css HTTP/1.1" 404 1090
124.78.159.2 - - [08/Apr/2024:10:36:46 +0800] "POST /xingrg/all/common/load_tree.html?tree=supplier_tree_json&isDelete=1 HTTP/1.1" 200 79163
114.85.113.46 - - [08/Apr/2024:10:36:47 +0800] "GET /xingrg/all/function/internal_message.html?_=1712543807575&CODE_STATE=getMsg HTTP/1.1" 200 27
180.169.147.146 - - [08/Apr/2024:10:36:51 +0800] "GET /xingrg/all/function/internal_message.html?_=1712543811199&CODE_STATE=getMsg HTTP/1.1" 200 27
116.224.254.208 - - [08/Apr/2024:10:36:51 +0800] "GET /xingrg/all/function/internal_message.html?_=1712543811693&CODE_STATE=getMsg HTTP/1.1" 200 27
101.83.144.49 - - [08/Apr/2024:10:36:54 +0800] "GET /xingrg/kc/buy/cgsh_order_add.html HTTP/1.1" 200 73934
101.83.144.49 - - [08/Apr/2024:10:36:54 +0800] "POST /xingrg/kc/buy/cgsh_order_operate.html HTTP/1.1" 200 8245
101.83.144.49 - - [08/Apr/2024:10:36:54 +0800] "GET /xingrg/javascript/easyui/themes/default/validatebox.css HTTP/1.1" 404 1104
116.230.108.72 - - [08/Apr/2024:10:36:55 +0800] "GET /xingrg/check_reg.html?_=1712543768433 HTTP/1.1" 200 22
116.230.108.72 - - [08/Apr/2024:10:36:55 +0800] "GET /xingrg/all/function/internal_message.html?_=1712543768436&CODE_STATE=getMsg HTTP/1.1" 200 27
124.78.56.241 - - [08/Apr/2024:10:36:59 +0800] "GET /xingrg/all/function/internal_message.html?_=1712543819421&CODE_STATE=getMsg HTTP/1.1" 200 27
218.81.217.36 - - [08/Apr/2024:10:37:00 +0800] "GET /xingrg/kc/buy/cgsh_order_operate.html?command=get_materiel&rest_code=00146&code=00101002007&supplier_code=00100199&order_time=2024-04-08 HTTP/1.1" 200 409
101.80.230.31 - - [08/Apr/2024:10:37:01 +0800] "GET /xingrg/all/function/internal_message.html?_=1712543821888&CODE_STATE=getMsg HTTP/1.1" 200 27
172.20.0.8 - - [08/Apr/2024:10:37:03 +0800] "GET /xingrg/all/function/internal_message.html?_=1712543823477&CODE_STATE=getMsg HTTP/1.1" 302 -
180.169.147.146 - - [08/Apr/2024:10:37:03 +0800] "GET /xingrg/all/function/internal_message.html?_=1712543823683&CODE_STATE=getMsg HTTP/1.1" 200 27
124.78.159.2 - - [08/Apr/2024:10:37:05 +0800] "GET /xingrg/javascript/auto/indicator.gif HTTP/1.1" 404 1066
114.83.217.54 - - [08/Apr/2024:10:37:08 +0800] "GET /xingrg/kc/buy/cgsh_order_operate.html?command=get_materiel&rest_code=00149&code=00101012029&supplier_code=00100096&order_time=2024-04-07 HTTP/1.1" 200 412
124.78.159.2 - - [08/Apr/2024:10:37:13 +0800] "GET /xingrg/kc/buy/cgsh_order_operate.html?command=get_materiel&rest_code=00106&code=00101005037&supplier_code=00100631&order_time=2024-04-08 HTTP/1.1" 200 409
114.83.217.54 - - [08/Apr/2024:10:37:13 +0800] "GET /xingrg/all/function/internal_message.html?_=1712543833655&CODE_STATE=getMsg HTTP/1.1" 200 27
180.169.147.146 - - [08/Apr/2024:10:37:17 +0800] "GET /xingrg/all/function/internal_message.html?_=1712543838511&CODE_STATE=getMsg HTTP/1.1" 200 27
222.69.132.123 - - [08/Apr/2024:10:37:17 +0800] "GET /xingrg/all/function/internal_message.html?_=1712543839223&CODE_STATE=getMsg HTTP/1.1" 200 27
101.83.144.49 - - [08/Apr/2024:10:37:18 +0800] "GET /xingrg/all/function/internal_message.html?_=1712543838328&CODE_STATE=getMsg HTTP/1.1" 200 27
180.158.9.158 - - [08/Apr/2024:10:37:26 +0800] "GET /xingrg/all/function/internal_message.html?_=1712543844721&CODE_STATE=getMsg HTTP/1.1" 302 -
180.164.1.25 - - [08/Apr/2024:10:37:27 +0800] "GET /xingrg/all/function/internal_message.html?_=1712543846750&CODE_STATE=getMsg HTTP/1.1" 200 27
218.81.217.36 - - [08/Apr/2024:10:37:28 +0800] "GET /xingrg/kc/buy/cgsh_order_operate.html?command=get_materiel&rest_code=00146&code=00101004040&supplier_code=00100199&order_time=2024-04-08 HTTP/1.1" 200 412
124.78.159.2 - - [08/Apr/2024:10:37:33 +0800] "POST /xingrg/kc/buy/cgsh_order_operate.html HTTP/1.1" 200 37
101.83.144.49 - - [08/Apr/2024:10:37:36 +0800] "GET /xingrg/all/function/internal_message.html?_=1712543615972&CODE_STATE=getMsg HTTP/1.1" 200 27
114.83.217.54 - - [08/Apr/2024:10:37:37 +0800] "POST /xingrg/kc/buy/cgsh_order_operate.html HTTP/1.1" 200 88
180.169.147.146 - - [08/Apr/2024:10:37:39 +0800] "GET /xingrg/all/function/internal_message.html?_=1712543860988&CODE_STATE=getMsg HTTP/1.1" 200 27
222.70.183.82 - - [08/Apr/2024:10:37:40 +0800] "GET /xingrg/all/function/internal_message.html?_=1712543860163&CODE_STATE=getMsg HTTP/1.1" 200 27
116.238.97.31 - - [08/Apr/2024:10:37:41 +0800] "GET /xingrg/all/function/internal_message.html?_=1712543861981&CODE_STATE=getMsg HTTP/1.1" 200 27
124.78.159.2 - - [08/Apr/2024:10:37:43 +0800] "POST /xingrg/kc/buy/cgsh_order_operate.html HTTP/1.1" 200 12
124.78.159.2 - - [08/Apr/2024:10:37:45 +0800] "GET /xingrg/all/function/internal_message.html?_=1712543864463&CODE_STATE=getMsg HTTP/1.1" 200 27
124.78.159.2 - - [08/Apr/2024:10:37:46 +0800] "GET /xingrg/kc/buy/cgsh_order_info.html?code=212024040801720 HTTP/1.1" 200 68755
124.78.159.2 - - [08/Apr/2024:10:37:47 +0800] "GET /xingrg/javascript/easyui/themes/default/validatebox.css HTTP/1.1" 404 1104
114.85.113.46 - - [08/Apr/2024:10:37:47 +0800] "GET /xingrg/check_reg.html?_=1712543867573 HTTP/1.1" 200 22
114.85.113.46 - - [08/Apr/2024:10:37:47 +0800] "GET /xingrg/all/function/internal_message.html?_=1712543867575&CODE_STATE=getMsg HTTP/1.1" 200 27
124.78.159.2 - - [08/Apr/2024:10:37:48 +0800] "POST /xingrg/kc/buy/cgsh_order_operate.html HTTP/1.1" 200 604
124.78.159.2 - - [08/Apr/2024:10:37:49 +0800] "GET /xingrg/kc/print/load_config.html?kc_code=cgsh HTTP/1.1" 200 1927
124.78.159.2 - - [08/Apr/2024:10:37:50 +0800] "GET /xingrg/kc/print/load_data.html?order_code=212024040801720&kc_code=cgsh&condition= HTTP/1.1" 200 695
180.169.147.146 - - [08/Apr/2024:10:37:51 +0800] "GET /xingrg/all/function/internal_message.html?_=1712543871197&CODE_STATE=getMsg HTTP/1.1" 200 27
116.224.254.208 - - [08/Apr/2024:10:37:51 +0800] "GET /xingrg/all/function/internal_message.html?_=1712543871666&CODE_STATE=getMsg HTTP/1.1" 200 27
116.224.254.208 - - [08/Apr/2024:10:37:52 +0800] "GET /xingrg/check_reg.html?_=1712543872228 HTTP/1.1" 200 22
116.230.108.72 - - [08/Apr/2024:10:37:55 +0800] "GET /xingrg/all/function/internal_message.html?_=1712543828424&CODE_STATE=getMsg HTTP/1.1" 200 27
124.78.56.241 - - [08/Apr/2024:10:37:59 +0800] "GET /xingrg/all/function/internal_message.html?_=1712543879399&CODE_STATE=getMsg HTTP/1.1" 200 27
124.78.159.2 - - [08/Apr/2024:10:37:59 +0800] "GET /xingrg/kc/buy/buy_main.html HTTP/1.1" 200 12412
124.78.159.2 - - [08/Apr/2024:10:37:59 +0800] "GET /xingrg/css/new_ie.css HTTP/1.1" 404 1036
101.83.144.49 - - [08/Apr/2024:10:38:00 +0800] "POST /xingrg/kc/buy/cgsh_order_operate.html HTTP/1.1" 200 37
124.78.159.2 - - [08/Apr/2024:10:38:00 +0800] "GET /xingrg/images/yd/bt.gif HTTP/1.1" 404 1040
101.80.230.31 - - [08/Apr/2024:10:38:01 +0800] "GET /xingrg/all/function/internal_message.html?_=1712543881890&CODE_STATE=getMsg HTTP/1.1" 200 27
101.83.144.49 - - [08/Apr/2024:10:38:02 +0800] "POST /xingrg/kc/buy/cgsh_order_operate.html HTTP/1.1" 200 2664
180.169.147.146 - - [08/Apr/2024:10:38:03 +0800] "POST /xingrg/all/user/operate.html HTTP/1.1" 200 36
172.20.0.8 - - [08/Apr/2024:10:38:03 +0800] "GET /xingrg/all/function/internal_message.html?_=1712543883447&CODE_STATE=getMsg HTTP/1.1" 302 -
180.169.147.146 - - [08/Apr/2024:10:38:03 +0800] "GET /xingrg/all/function/internal_message.html?_=1712543883690&CODE_STATE=getMsg HTTP/1.1" 200 27
124.78.159.2 - - [08/Apr/2024:10:38:04 +0800] "GET /xingrg/kc/buy/cgsh_order_list.html HTTP/1.1" 200 8212
218.81.217.36 - - [08/Apr/2024:10:38:05 +0800] "POST /xingrg/kc/buy/cgsh_order_operate.html HTTP/1.1" 200 88
180.169.147.146 - - [08/Apr/2024:10:38:05 +0800] "GET /xingrg/index.html?sysBaseUrl=http%3A%2F%2F180.169.147.146%3A18081%2Fxingrg%2F&costTime=884×tamp=1712543750047 HTTP/1.1" 200 17509
180.169.147.146 - - [08/Apr/2024:10:38:05 +0800] "GET /xingrg/javascript/jquery_easy_ui/themes/default/easyui.css HTTP/1.1" 304 -
180.169.147.146 - - [08/Apr/2024:10:38:05 +0800] "GET /xingrg/javascript/jquery_easy_ui/themes/icon.css HTTP/1.1" 304 -
124.78.159.2 - - [08/Apr/2024:10:38:05 +0800] "GET /xingrg/kc/buy/cgsh_order_list.html HTTP/1.1" 200 58071
180.169.147.146 - - [08/Apr/2024:10:38:05 +0800] "GET /xingrg/css/form.css HTTP/1.1" 304 -
180.169.147.146 - - [08/Apr/2024:10:38:05 +0800] "GET /xingrg/javascript/jquery-1.4.2.min.js HTTP/1.1" 304 -
180.169.147.146 - - [08/Apr/2024:10:38:05 +0800] "GET /xingrg/javascript/jquery_easy_ui/jquery.easyui.min.js HTTP/1.1" 304 -
180.169.147.146 - - [08/Apr/2024:10:38:05 +0800] "GET /xingrg/javascript/jquery_easy_ui/easyui-lang-zh_CN.js HTTP/1.1" 304 -
180.169.147.146 - - [08/Apr/2024:10:38:05 +0800] "GET /xingrg/javascript/jquery.form.js HTTP/1.1" 304 -
180.169.147.146 - - [08/Apr/2024:10:38:05 +0800] "GET /xingrg/javascript/jquery.utils.js HTTP/1.1" 304 -
180.169.147.146 - - [08/Apr/2024:10:38:05 +0800] "GET /xingrg/javascript/jquery.timers.js HTTP/1.1" 304 -
180.169.147.146 - - [08/Apr/2024:10:38:05 +0800] "GET /xingrg/images/blue/jxLogo.png HTTP/1.1" 304 -
180.169.147.146 - - [08/Apr/2024:10:38:05 +0800] "GET /xingrg/images/blue/navBackgound.jpg HTTP/1.1" 304 -
180.169.147.146 - - [08/Apr/2024:10:38:05 +0800] "GET /xingrg/javascript/jquery_easy_ui/themes/icons/settle_new.png HTTP/1.1" 304 -
180.169.147.146 - - [08/Apr/2024:10:38:05 +0800] "GET /xingrg/all/function/internal_message.html?_=1712543885831&CODE_STATE=count HTTP/1.1" 200 11
180.169.147.146 - - [08/Apr/2024:10:38:05 +0800] "GET /xingrg/check_reg.html?_=1712543885832 HTTP/1.1" 200 22
180.169.147.146 - - [08/Apr/2024:10:38:05 +0800] "GET /xingrg/javascript/jquery_easy_ui/themes/default/images/tabs_leftarrow.png HTTP/1.1" 304 -
180.169.147.146 - - [08/Apr/2024:10:38:05 +0800] "GET /xingrg/javascript/jquery_easy_ui/themes/default/images/panel_tool_collapse.gif HTTP/1.1" 304 -
180.169.147.146 - - [08/Apr/2024:10:38:05 +0800] "GET /xingrg/javascript/jquery_easy_ui/themes/default/images/panel_tool_expand.gif HTTP/1.1" 304 -
180.169.147.146 - - [08/Apr/2024:10:38:05 +0800] "GET /xingrg/javascript/jquery_easy_ui/themes/default/images/tabs_rightarrow.png HTTP/1.1" 304 -
180.169.147.146 - - [08/Apr/2024:10:38:05 +0800] "GET /xingrg/images/blue/pingpu.png HTTP/1.1" 304 -
101.83.144.49 - - [08/Apr/2024:10:38:05 +0800] "GET /xingrg/kc/print/load_data.html?order_code=212024040801722&kc_code=cgsh&condition= HTTP/1.1" 200 657
180.169.147.146 - - [08/Apr/2024:10:38:06 +0800] "POST /xingrg/load_menu.html HTTP/1.1" 200 9959
180.169.147.146 - - [08/Apr/2024:10:38:06 +0800] "POST /xingrg/all/common/load_tree.html?tree=area_rest_tree_json&manage=1 HTTP/1.1" 200 3624
124.78.159.2 - - [08/Apr/2024:10:38:09 +0800] "POST /xingrg/kc/buy/cgsh_list_operate.html HTTP/1.1" 200 1378
218.81.217.36 - - [08/Apr/2024:10:38:14 +0800] "POST /xingrg/kc/buy/cgsh_order_operate.html HTTP/1.1" 200 37
218.81.217.36 - - [08/Apr/2024:10:38:17 +0800] "POST /xingrg/kc/buy/cgsh_order_operate.html HTTP/1.1" 200 3252
180.169.147.146 - - [08/Apr/2024:10:38:17 +0800] "GET /xingrg/all/function/internal_message.html?_=1712543898510&CODE_STATE=getMsg HTTP/1.1" 200 27
180.169.147.146 - - [08/Apr/2024:10:38:17 +0800] "GET /xingrg/check_reg.html?_=1712543898511 HTTP/1.1" 200 22
222.69.132.123 - - [08/Apr/2024:10:38:17 +0800] "GET /xingrg/check_reg.html?_=1712543899215 HTTP/1.1" 200 22
222.69.132.123 - - [08/Apr/2024:10:38:17 +0800] "GET /xingrg/all/function/internal_message.html?_=1712543899219&CODE_STATE=getMsg HTTP/1.1" 200 27
101.83.144.49 - - [08/Apr/2024:10:38:18 +0800] "GET /xingrg/all/function/internal_message.html?_=1712543898330&CODE_STATE=getMsg HTTP/1.1" 200 27
218.81.217.36 - - [08/Apr/2024:10:38:21 +0800] "GET /xingrg/kc/print/load_data.html?order_code=212024040801724&kc_code=cgsh&condition= HTTP/1.1" 200 902
124.78.159.2 - - [08/Apr/2024:10:38:24 +0800] "POST /xingrg/kc/buy/cgsh_list_operate.html HTTP/1.1" 200 564
124.78.159.2 - - [08/Apr/2024:10:38:26 +0800] "GET /xingrg/kc/buy/cgsh_order_info.html?code=212024040801692 HTTP/1.1" 200 73861
180.158.9.158 - - [08/Apr/2024:10:38:26 +0800] "GET /xingrg/check_reg.html?_=1712543904719 HTTP/1.1" 302 -
180.158.9.158 - - [08/Apr/2024:10:38:26 +0800] "GET /xingrg/all/function/internal_message.html?_=1712543904721&CODE_STATE=getMsg HTTP/1.1" 302 -
124.78.159.2 - - [08/Apr/2024:10:38:27 +0800] "GET /xingrg/javascript/easyui/themes/default/validatebox.css HTTP/1.1" 404 1104
180.164.1.25 - - [08/Apr/2024:10:38:27 +0800] "GET /xingrg/all/function/internal_message.html?_=1712543906725&CODE_STATE=getMsg HTTP/1.1" 200 27
124.78.159.2 - - [08/Apr/2024:10:38:28 +0800] "POST /xingrg/kc/buy/cgsh_order_operate.html HTTP/1.1" 200 25127
101.83.144.49 - - [08/Apr/2024:10:38:36 +0800] "GET /xingrg/all/function/internal_message.html?_=1712543675950&CODE_STATE=getMsg HTTP/1.1" 200 27
124.78.159.2 - - [08/Apr/2024:10:38:39 +0800] "POST /xingrg/kc/buy/cgsh_order_operate.html HTTP/1.1" 200 37
180.169.147.146 - - [08/Apr/2024:10:38:39 +0800] "GET /xingrg/all/function/internal_message.html?_=1712543920972&CODE_STATE=getMsg HTTP/1.1" 200 27
222.70.183.82 - - [08/Apr/2024:10:38:40 +0800] "GET /xingrg/all/function/internal_message.html?_=1712543920148&CODE_STATE=getMsg HTTP/1.1" 200 27
116.238.97.31 - - [08/Apr/2024:10:38:41 +0800] "GET /xingrg/all/function/internal_message.html?_=1712543921979&CODE_STATE=getMsg HTTP/1.1" 200 27
124.78.159.2 - - [08/Apr/2024:10:38:45 +0800] "GET /xingrg/check_reg.html?_=1712543924549 HTTP/1.1" 200 22
124.78.159.2 - - [08/Apr/2024:10:38:45 +0800] "GET /xingrg/all/function/internal_message.html?_=1712543924546&CODE_STATE=getMsg HTTP/1.1" 200 27
114.85.113.46 - - [08/Apr/2024:10:38:47 +0800] "GET /xingrg/all/function/internal_message.html?_=1712543927564&CODE_STATE=getMsg HTTP/1.1" 200 27
124.78.159.2 - - [08/Apr/2024:10:38:48 +0800] "POST /xingrg/kc/buy/cgsh_order_operate.html HTTP/1.1" 200 12
124.78.159.2 - - [08/Apr/2024:10:38:50 +0800] "GET /xingrg/kc/buy/cgsh_order_info.html?code=212024040801692 HTTP/1.1" 200 68757
124.78.159.2 - - [08/Apr/2024:10:38:51 +0800] "GET /xingrg/javascript/easyui/themes/default/validatebox.css HTTP/1.1" 404 1104
116.224.254.208 - - [08/Apr/2024:10:38:51 +0800] "GET /xingrg/all/function/internal_message.html?_=1712543931652&CODE_STATE=getMsg HTTP/1.1" 200 27
124.78.159.2 - - [08/Apr/2024:10:38:52 +0800] "POST /xingrg/kc/buy/cgsh_order_operate.html HTTP/1.1" 200 23065
116.230.108.72 - - [08/Apr/2024:10:38:55 +0800] "GET /xingrg/all/function/internal_message.html?_=1712543888434&CODE_STATE=getMsg HTTP/1.1" 200 27
124.78.56.241 - - [08/Apr/2024:10:38:59 +0800] "GET /xingrg/all/function/internal_message.html?_=1712543939373&CODE_STATE=getMsg HTTP/1.1" 200 27
101.80.230.31 - - [08/Apr/2024:10:39:01 +0800] "GET /xingrg/all/function/internal_message.html?_=1712543941888&CODE_STATE=getMsg HTTP/1.1" 200 27
172.20.0.8 - - [08/Apr/2024:10:39:03 +0800] "GET /xingrg/all/function/internal_message.html?_=1712543943450&CODE_STATE=getMsg HTTP/1.1" 302 -
180.169.147.146 - - [08/Apr/2024:10:39:03 +0800] "GET /xingrg/all/function/internal_message.html?_=1712543943688&CODE_STATE=getMsg HTTP/1.1" 200 27
180.169.147.146 - - [08/Apr/2024:10:39:05 +0800] "GET /xingrg/all/function/internal_message.html?_=1712543945843&CODE_STATE=getMsg HTTP/1.1" 200 27
180.169.147.146 - - [08/Apr/2024:10:39:17 +0800] "GET /xingrg/all/function/internal_message.html?_=1712543958509&CODE_STATE=getMsg HTTP/1.1" 200 27
222.69.132.123 - - [08/Apr/2024:10:39:17 +0800] "GET /xingrg/all/function/internal_message.html?_=1712543959223&CODE_STATE=getMsg HTTP/1.1" 200 27
101.83.144.49 - - [08/Apr/2024:10:39:18 +0800] "GET /xingrg/all/function/internal_message.html?_=1712543958331&CODE_STATE=getMsg HTTP/1.1" 200 27
101.83.144.49 - - [08/Apr/2024:10:39:18 +0800] "GET /xingrg/check_reg.html?_=1712543958334 HTTP/1.1" 200 22
124.78.56.241 - - [08/Apr/2024:10:39:20 +0800] "GET /xingrg/check_reg.html?_=1712543960519 HTTP/1.1" 200 22
180.158.9.158 - - [08/Apr/2024:10:39:26 +0800] "GET /xingrg/all/function/internal_message.html?_=1712543964710&CODE_STATE=getMsg HTTP/1.1" 302 -
180.164.1.25 - - [08/Apr/2024:10:39:27 +0800] "GET /xingrg/all/function/internal_message.html?_=1712543966700&CODE_STATE=getMsg HTTP/1.1" 200 27
218.81.217.36 - - [08/Apr/2024:10:39:29 +0800] "GET /xingrg/check_reg.html?_=1712543970968 HTTP/1.1" 200 22
101.83.144.49 - - [08/Apr/2024:10:39:32 +0800] "GET /xingrg/kc/buy/cgsh_order_add.html HTTP/1.1" 200 73934
101.83.144.49 - - [08/Apr/2024:10:39:32 +0800] "POST /xingrg/kc/buy/cgsh_order_operate.html HTTP/1.1" 200 8245
101.83.144.49 - - [08/Apr/2024:10:39:33 +0800] "GET /xingrg/javascript/easyui/themes/default/validatebox.css HTTP/1.1" 404 1104
101.83.144.49 - - [08/Apr/2024:10:39:36 +0800] "GET /xingrg/check_reg.html?_=1712543735736 HTTP/1.1" 200 22
101.83.144.49 - - [08/Apr/2024:10:39:36 +0800] "GET /xingrg/all/function/internal_message.html?_=1712543735986&CODE_STATE=getMsg HTTP/1.1" 200 27
180.169.147.146 - - [08/Apr/2024:10:39:39 +0800] "GET /xingrg/all/function/internal_message.html?_=1712543980955&CODE_STATE=getMsg HTTP/1.1" 200 27
222.70.183.82 - - [08/Apr/2024:10:39:40 +0800] "GET /xingrg/all/function/internal_message.html?_=1712543980131&CODE_STATE=getMsg HTTP/1.1" 200 27
116.238.97.31 - - [08/Apr/2024:10:39:41 +0800] "GET /xingrg/all/function/internal_message.html?_=1712543981950&CODE_STATE=getMsg HTTP/1.1" 200 27
124.78.159.2 - - [08/Apr/2024:10:39:45 +0800] "GET /xingrg/all/function/internal_message.html?_=1712543984526&CODE_STATE=getMsg HTTP/1.1" 200 27
114.85.113.46 - - [08/Apr/2024:10:39:47 +0800] "GET /xingrg/all/function/internal_message.html?_=1712543987562&CODE_STATE=getMsg HTTP/1.1" 200 27
222.70.183.82 - - [08/Apr/2024:10:39:51 +0800] "GET /xingrg/check_reg.html?_=1712543991166 HTTP/1.1" 200 22
116.224.254.208 - - [08/Apr/2024:10:39:51 +0800] "GET /xingrg/all/function/internal_message.html?_=1712543991633&CODE_STATE=getMsg HTTP/1.1" 200 27
124.78.159.2 - - [08/Apr/2024:10:39:53 +0800] "GET /xingrg/kc/print/load_data.html?order_code=212024040801692&kc_code=cgsh&condition= HTTP/1.1" 200 9208
116.230.108.72 - - [08/Apr/2024:10:39:55 +0800] "GET /xingrg/all/function/internal_message.html?_=1712543948440&CODE_STATE=getMsg HTTP/1.1" 200 27
124.78.56.241 - - [08/Apr/2024:10:39:59 +0800] "GET /xingrg/all/function/internal_message.html?_=1712543999367&CODE_STATE=getMsg HTTP/1.1" 200 27
101.80.230.31 - - [08/Apr/2024:10:40:01 +0800] "GET /xingrg/all/function/internal_message.html?_=1712544001888&CODE_STATE=getMsg HTTP/1.1" 200 27
172.20.0.8 - - [08/Apr/2024:10:40:03 +0800] "GET /xingrg/all/function/internal_message.html?_=1712544003450&CODE_STATE=getMsg HTTP/1.1" 302 -
180.169.147.146 - - [08/Apr/2024:10:40:03 +0800] "GET /xingrg/check_reg.html?_=1712544003688 HTTP/1.1" 200 22
180.169.147.146 - - [08/Apr/2024:10:40:03 +0800] "GET /xingrg/all/function/internal_message.html?_=1712544003695&CODE_STATE=getMsg HTTP/1.1" 200 27
180.169.147.146 - - [08/Apr/2024:10:40:05 +0800] "GET /xingrg/all/function/internal_message.html?_=1712544005843&CODE_STATE=getMsg HTTP/1.1" 200 27
101.83.144.49 - - [08/Apr/2024:10:40:09 +0800] "GET /xingrg/kc/buy/cgsh_order_operate.html?command=get_materiel&rest_code=00105&code=00101001284&supplier_code=00100319&order_time=2024-04-08 HTTP/1.1" 200 410
180.169.147.146 - - [08/Apr/2024:10:40:17 +0800] "GET /xingrg/all/function/internal_message.html?_=1712544018507&CODE_STATE=getMsg HTTP/1.1" 200 27
222.69.132.123 - - [08/Apr/2024:10:40:17 +0800] "GET /xingrg/all/function/internal_message.html?_=1712544019225&CODE_STATE=getMsg HTTP/1.1" 200 27
101.83.144.49 - - [08/Apr/2024:10:40:18 +0800] "GET /xingrg/all/function/internal_message.html?_=1712544018334&CODE_STATE=getMsg HTTP/1.1" 200 27
180.158.9.158 - - [08/Apr/2024:10:40:26 +0800] "GET /xingrg/all/function/internal_message.html?_=1712544024715&CODE_STATE=getMsg HTTP/1.1" 302 -
180.164.1.25 - - [08/Apr/2024:10:40:27 +0800] "GET /xingrg/all/function/internal_message.html?_=1712544026673&CODE_STATE=getMsg HTTP/1.1" 200 27
101.83.144.49 - - [08/Apr/2024:10:40:36 +0800] "GET /xingrg/all/function/internal_message.html?_=1712543795907&CODE_STATE=getMsg HTTP/1.1" 200 27
180.169.147.146 - - [08/Apr/2024:10:40:39 +0800] "GET /xingrg/all/function/internal_message.html?_=1712544040938&CODE_STATE=getMsg HTTP/1.1" 200 27
180.169.147.146 - - [08/Apr/2024:10:40:40 +0800] "GET /xingrg/check_reg.html?_=1712544041095 HTTP/1.1" 200 22
222.70.183.82 - - [08/Apr/2024:10:40:40 +0800] "GET /xingrg/all/function/internal_message.html?_=1712544040104&CODE_STATE=getMsg HTTP/1.1" 200 27
116.238.97.31 - - [08/Apr/2024:10:40:41 +0800] "GET /xingrg/all/function/internal_message.html?_=1712544041941&CODE_STATE=getMsg HTTP/1.1" 200 27
116.238.97.31 - - [08/Apr/2024:10:40:42 +0800] "GET /xingrg/check_reg.html?_=1712544042112 HTTP/1.1" 200 22
124.78.159.2 - - [08/Apr/2024:10:40:45 +0800] "GET /xingrg/all/function/internal_message.html?_=1712544044508&CODE_STATE=getMsg HTTP/1.1" 200 27
114.85.113.46 - - [08/Apr/2024:10:40:47 +0800] "GET /xingrg/all/function/internal_message.html?_=1712544047563&CODE_STATE=getMsg HTTP/1.1" 200 27
180.164.1.25 - - [08/Apr/2024:10:40:48 +0800] "GET /xingrg/check_reg.html?_=1712544047230 HTTP/1.1" 200 22
101.83.144.49 - - [08/Apr/2024:10:40:50 +0800] "GET /xingrg/kc/buy/cgsh_order_operate.html?command=get_materiel&rest_code=00105&code=00101004066&supplier_code=00100319&order_time=2024-04-08 HTTP/1.1" 200 412
116.224.254.208 - - [08/Apr/2024:10:40:51 +0800] "GET /xingrg/all/function/internal_message.html?_=1712544051626&CODE_STATE=getMsg HTTP/1.1" 200 27
116.230.108.72 - - [08/Apr/2024:10:40:55 +0800] "GET /xingrg/all/function/internal_message.html?_=1712544008438&CODE_STATE=getMsg HTTP/1.1" 200 27
124.78.56.241 - - [08/Apr/2024:10:40:59 +0800] "GET /xingrg/all/function/internal_message.html?_=1712544059349&CODE_STATE=getMsg HTTP/1.1" 200 27
101.80.230.31 - - [08/Apr/2024:10:41:01 +0800] "GET /xingrg/all/function/internal_message.html?_=1712544061886&CODE_STATE=getMsg HTTP/1.1" 200 27
101.80.230.31 - - [08/Apr/2024:10:41:01 +0800] "GET /xingrg/check_reg.html?_=1712544061888 HTTP/1.1" 200 22
172.20.0.8 - - [08/Apr/2024:10:41:03 +0800] "GET /xingrg/check_reg.html?_=1712544063420 HTTP/1.1" 302 -
172.20.0.8 - - [08/Apr/2024:10:41:03 +0800] "GET /xingrg/all/function/internal_message.html?_=1712544063452&CODE_STATE=getMsg HTTP/1.1" 302 -
180.169.147.146 - - [08/Apr/2024:10:41:03 +0800] "GET /xingrg/all/function/internal_message.html?_=1712544063680&CODE_STATE=getMsg HTTP/1.1" 200 27
180.169.147.146 - - [08/Apr/2024:10:41:05 +0800] "GET /xingrg/all/function/internal_message.html?_=1712544065843&CODE_STATE=getMsg HTTP/1.1" 200 27
114.83.217.54 - - [08/Apr/2024:10:41:13 +0800] "GET /xingrg/all/function/internal_message.html?_=1712544073668&CODE_STATE=getMsg HTTP/1.1" 200 27
101.83.144.49 - - [08/Apr/2024:10:41:14 +0800] "GET /xingrg/kc/buy/cgsh_order_operate.html?command=get_materiel&rest_code=00105&code=00101001169&supplier_code=00100319&order_time=2024-04-08 HTTP/1.1" 200 417
180.169.147.146 - - [08/Apr/2024:10:41:17 +0800] "GET /xingrg/all/function/internal_message.html?_=1712544078522&CODE_STATE=getMsg HTTP/1.1" 200 27
222.69.132.123 - - [08/Apr/2024:10:41:17 +0800] "GET /xingrg/all/function/internal_message.html?_=1712544079224&CODE_STATE=getMsg HTTP/1.1" 200 27
101.83.144.49 - - [08/Apr/2024:10:41:18 +0800] "GET /xingrg/all/function/internal_message.html?_=1712544078336&CODE_STATE=getMsg HTTP/1.1" 200 27
180.158.9.158 - - [08/Apr/2024:10:41:26 +0800] "GET /xingrg/all/function/internal_message.html?_=1712544084717&CODE_STATE=getMsg HTTP/1.1" 302 -
180.164.1.25 - - [08/Apr/2024:10:41:27 +0800] "GET /xingrg/all/function/internal_message.html?_=1712544086662&CODE_STATE=getMsg HTTP/1.1" 200 27
114.83.217.54 - - [08/Apr/2024:10:41:28 +0800] "GET /xingrg/kc/buy/cgsh_order_operate.html?command=get_materiel&rest_code=00149&code=00101010092&supplier_code=00100096&order_time=2024-04-07 HTTP/1.1" 200 431
101.83.144.49 - - [08/Apr/2024:10:41:36 +0800] "GET /xingrg/all/function/internal_message.html?_=1712543855891&CODE_STATE=getMsg HTTP/1.1" 200 27
114.83.217.54 - - [08/Apr/2024:10:41:38 +0800] "GET /xingrg/kc/buy/cgsh_order_operate.html?command=get_materiel&rest_code=00149&code=00101012051&supplier_code=00100096&order_time=2024-04-07 HTTP/1.1" 200 408
101.83.144.49 - - [08/Apr/2024:10:41:39 +0800] "GET /xingrg/kc/buy/cgsh_order_operate.html?command=get_materiel&rest_code=00105&code=00101001125&supplier_code=00100319&order_time=2024-04-08 HTTP/1.1" 200 417
180.169.147.146 - - [08/Apr/2024:10:41:39 +0800] "GET /xingrg/all/function/internal_message.html?_=1712544100922&CODE_STATE=getMsg HTTP/1.1" 200 27
222.70.183.82 - - [08/Apr/2024:10:41:40 +0800] "GET /xingrg/all/function/internal_message.html?_=1712544100087&CODE_STATE=getMsg HTTP/1.1" 200 27
116.238.97.31 - - [08/Apr/2024:10:41:41 +0800] "GET /xingrg/all/function/internal_message.html?_=1712544101924&CODE_STATE=getMsg HTTP/1.1" 200 27
124.78.159.2 - - [08/Apr/2024:10:41:45 +0800] "GET /xingrg/all/function/internal_message.html?_=1712544104492&CODE_STATE=getMsg HTTP/1.1" 200 27
114.85.113.46 - - [08/Apr/2024:10:41:47 +0800] "GET /xingrg/all/function/internal_message.html?_=1712544107578&CODE_STATE=getMsg HTTP/1.1" 200 27
114.83.217.54 - - [08/Apr/2024:10:41:50 +0800] "GET /xingrg/kc/buy/cgsh_order_operate.html?command=get_materiel&rest_code=00149&code=00101012064&supplier_code=00100096&order_time=2024-04-07 HTTP/1.1" 200 444
116.224.254.208 - - [08/Apr/2024:10:41:51 +0800] "GET /xingrg/all/function/internal_message.html?_=1712544111605&CODE_STATE=getMsg HTTP/1.1" 200 27
114.83.217.54 - - [08/Apr/2024:10:41:53 +0800] "POST /xingrg/all/common/load_select.html HTTP/1.1" 200 25
116.230.108.72 - - [08/Apr/2024:10:41:55 +0800] "GET /xingrg/check_reg.html?_=1712544068436 HTTP/1.1" 200 22
116.230.108.72 - - [08/Apr/2024:10:41:55 +0800] "GET /xingrg/all/function/internal_message.html?_=1712544068439&CODE_STATE=getMsg HTTP/1.1" 200 27
124.78.56.241 - - [08/Apr/2024:10:41:59 +0800] "GET /xingrg/all/function/internal_message.html?_=1712544119324&CODE_STATE=getMsg HTTP/1.1" 200 27
114.83.217.54 - - [08/Apr/2024:10:41:59 +0800] "GET /xingrg/kc/buy/cgsh_order_operate.html?command=get_materiel_price&rest_code=00149&code=00101012064&unit_code=00100040&supplier_code=00100096&order_time=2024-04-07 HTTP/1.1" 200 27
101.80.230.31 - - [08/Apr/2024:10:42:01 +0800] "GET /xingrg/all/function/internal_message.html?_=1712544121885&CODE_STATE=getMsg HTTP/1.1" 200 27
172.20.0.8 - - [08/Apr/2024:10:42:03 +0800] "GET /xingrg/all/function/internal_message.html?_=1712544123454&CODE_STATE=getMsg HTTP/1.1" 302 -
180.169.147.146 - - [08/Apr/2024:10:42:03 +0800] "GET /xingrg/all/function/internal_message.html?_=1712544123675&CODE_STATE=getMsg HTTP/1.1" 200 27
180.169.147.146 - - [08/Apr/2024:10:42:05 +0800] "GET /xingrg/all/function/internal_message.html?_=1712544125843&CODE_STATE=getMsg HTTP/1.1" 200 27
101.83.144.49 - - [08/Apr/2024:10:42:12 +0800] "POST /xingrg/kc/buy/cgsh_order_operate.html HTTP/1.1" 200 37
114.83.217.54 - - [08/Apr/2024:10:42:13 +0800] "GET /xingrg/all/function/internal_message.html?_=1712544133655&CODE_STATE=getMsg HTTP/1.1" 200 27
101.83.144.49 - - [08/Apr/2024:10:42:15 +0800] "POST /xingrg/kc/buy/cgsh_order_operate.html HTTP/1.1" 200 3851
180.169.147.146 - - [08/Apr/2024:10:42:17 +0800] "GET /xingrg/all/function/internal_message.html?_=1712544138520&CODE_STATE=getMsg HTTP/1.1" 200 27
222.69.132.123 - - [08/Apr/2024:10:42:17 +0800] "GET /xingrg/all/function/internal_message.html?_=1712544139222&CODE_STATE=getMsg HTTP/1.1" 200 27
101.83.144.49 - - [08/Apr/2024:10:42:18 +0800] "GET /xingrg/kc/print/load_data.html?order_code=212024040801725&kc_code=cgsh&condition= HTTP/1.1" 200 1132
101.83.144.49 - - [08/Apr/2024:10:42:18 +0800] "GET /xingrg/all/function/internal_message.html?_=1712544138337&CODE_STATE=getMsg HTTP/1.1" 200 27
180.158.9.158 - - [08/Apr/2024:10:42:26 +0800] "GET /xingrg/all/function/internal_message.html?_=1712544144708&CODE_STATE=getMsg HTTP/1.1" 302 -
180.164.1.25 - - [08/Apr/2024:10:42:27 +0800] "GET /xingrg/all/function/internal_message.html?_=1712544146646&CODE_STATE=getMsg HTTP/1.1" 200 27
101.83.144.49 - - [08/Apr/2024:10:42:36 +0800] "GET /xingrg/all/function/internal_message.html?_=1712543915870&CODE_STATE=getMsg HTTP/1.1" 200 27
101.83.144.49 - - [08/Apr/2024:10:42:38 +0800] "GET /xingrg/kc/buy/cgsh_order_add.html HTTP/1.1" 200 73934
101.83.144.49 - - [08/Apr/2024:10:42:38 +0800] "POST /xingrg/kc/buy/cgsh_order_operate.html HTTP/1.1" 200 8245
101.83.144.49 - - [08/Apr/2024:10:42:38 +0800] "GET /xingrg/javascript/easyui/themes/default/validatebox.css HTTP/1.1" 404 1104
180.169.147.146 - - [08/Apr/2024:10:42:39 +0800] "GET /xingrg/all/function/internal_message.html?_=1712544160906&CODE_STATE=getMsg HTTP/1.1" 200 27
222.70.183.82 - - [08/Apr/2024:10:42:40 +0800] "GET /xingrg/all/function/internal_message.html?_=1712544160077&CODE_STATE=getMsg HTTP/1.1" 200 27
116.238.97.31 - - [08/Apr/2024:10:42:41 +0800] "GET /xingrg/all/function/internal_message.html?_=1712544161916&CODE_STATE=getMsg HTTP/1.1" 200 27
124.78.159.2 - - [08/Apr/2024:10:42:45 +0800] "GET /xingrg/all/function/internal_message.html?_=1712544164481&CODE_STATE=getMsg HTTP/1.1" 200 27
114.85.113.46 - - [08/Apr/2024:10:42:47 +0800] "GET /xingrg/check_reg.html?_=1712544167576 HTTP/1.1" 200 22
114.85.113.46 - - [08/Apr/2024:10:42:47 +0800] "GET /xingrg/all/function/internal_message.html?_=1712544167578&CODE_STATE=getMsg HTTP/1.1" 200 27
116.224.254.208 - - [08/Apr/2024:10:42:51 +0800] "GET /xingrg/all/function/internal_message.html?_=1712544171580&CODE_STATE=getMsg HTTP/1.1" 200 27
116.224.254.208 - - [08/Apr/2024:10:42:52 +0800] "GET /xingrg/check_reg.html?_=1712544172245 HTTP/1.1" 200 22
116.230.108.72 - - [08/Apr/2024:10:42:55 +0800] "GET /xingrg/all/function/internal_message.html?_=1712544128432&CODE_STATE=getMsg HTTP/1.1" 200 27
124.78.56.241 - - [08/Apr/2024:10:42:59 +0800] "GET /xingrg/all/function/internal_message.html?_=1712544179301&CODE_STATE=getMsg HTTP/1.1" 200 27
101.80.230.31 - - [08/Apr/2024:10:43:01 +0800] "GET /xingrg/all/function/internal_message.html?_=1712544181889&CODE_STATE=getMsg HTTP/1.1" 200 27
172.20.0.8 - - [08/Apr/2024:10:43:03 +0800] "GET /xingrg/all/function/internal_message.html?_=1712544183439&CODE_STATE=getMsg HTTP/1.1" 302 -
180.169.147.146 - - [08/Apr/2024:10:43:03 +0800] "GET /xingrg/all/function/internal_message.html?_=1712544183694&CODE_STATE=getMsg HTTP/1.1" 200 27
114.83.217.54 - - [08/Apr/2024:10:43:03 +0800] "POST /xingrg/kc/buy/cgsh_order_operate.html HTTP/1.1" 200 37
180.169.147.146 - - [08/Apr/2024:10:43:05 +0800] "GET /xingrg/check_reg.html?_=1712544185842 HTTP/1.1" 200 22
180.169.147.146 - - [08/Apr/2024:10:43:05 +0800] "GET /xingrg/all/function/internal_message.html?_=1712544185845&CODE_STATE=getMsg HTTP/1.1" 200 27
101.83.144.49 - - [08/Apr/2024:10:43:05 +0800] "GET /xingrg/kc/buy/cgsh_order_operate.html?command=get_materiel&rest_code=00105&code=00101010161&supplier_code=00100334&order_time=2024-04-08 HTTP/1.1" 200 408
114.83.217.54 - - [08/Apr/2024:10:43:13 +0800] "GET /xingrg/all/function/internal_message.html?_=1712544193634&CODE_STATE=getMsg HTTP/1.1" 200 27
114.83.217.54 - - [08/Apr/2024:10:43:13 +0800] "POST /xingrg/kc/buy/cgsh_order_operate.html HTTP/1.1" 200 12
180.169.147.146 - - [08/Apr/2024:10:43:17 +0800] "GET /xingrg/check_reg.html?_=1712544198519 HTTP/1.1" 200 22
180.169.147.146 - - [08/Apr/2024:10:43:17 +0800] "GET /xingrg/all/function/internal_message.html?_=1712544198520&CODE_STATE=getMsg HTTP/1.1" 200 27
222.69.132.123 - - [08/Apr/2024:10:43:17 +0800] "GET /xingrg/check_reg.html?_=1712544199212 HTTP/1.1" 200 22
222.69.132.123 - - [08/Apr/2024:10:43:17 +0800] "GET /xingrg/all/function/internal_message.html?_=1712544199214&CODE_STATE=getMsg HTTP/1.1" 200 27
101.83.144.49 - - [08/Apr/2024:10:43:18 +0800] "GET /xingrg/all/function/internal_message.html?_=1712544198340&CODE_STATE=getMsg HTTP/1.1" 200 27
101.83.144.49 - - [08/Apr/2024:10:43:23 +0800] "POST /xingrg/kc/buy/cgsh_order_operate.html HTTP/1.1" 200 37
101.83.144.49 - - [08/Apr/2024:10:43:26 +0800] "POST /xingrg/kc/buy/cgsh_order_operate.html HTTP/1.1" 200 2656
180.158.9.158 - - [08/Apr/2024:10:43:26 +0800] "GET /xingrg/all/function/internal_message.html?_=1712544204716&CODE_STATE=getMsg HTTP/1.1" 302 -
180.158.9.158 - - [08/Apr/2024:10:43:26 +0800] "GET /xingrg/check_reg.html?_=1712544204718 HTTP/1.1" 302 -
180.169.147.146 - - [08/Apr/2024:10:43:26 +0800] "GET /xingrg/kc/report/report_main.html HTTP/1.1" 200 7340
180.164.1.25 - - [08/Apr/2024:10:43:27 +0800] "GET /xingrg/all/function/internal_message.html?_=1712544206627&CODE_STATE=getMsg HTTP/1.1" 200 27
114.83.217.54 - - [08/Apr/2024:10:43:28 +0800] "GET /xingrg/kc/buy/cgsh_order_info.html?code=212024040801726 HTTP/1.1" 200 68833
114.83.217.54 - - [08/Apr/2024:10:43:28 +0800] "GET /xingrg/javascript/easyui/themes/default/validatebox.css HTTP/1.1" 404 1104
101.83.144.49 - - [08/Apr/2024:10:43:29 +0800] "GET /xingrg/kc/print/load_data.html?order_code=212024040801727&kc_code=cgsh&condition= HTTP/1.1" 200 675
114.83.217.54 - - [08/Apr/2024:10:43:30 +0800] "POST /xingrg/kc/buy/cgsh_order_operate.html HTTP/1.1" 200 8392
180.169.147.146 - - [08/Apr/2024:10:43:30 +0800] "GET /xingrg/all/report/report_query.html?fileName=kc/buy/gys_amount.xml&rh=99999 HTTP/1.1" 200 52006
180.169.147.146 - - [08/Apr/2024:10:43:30 +0800] "GET /xingrg/dwr/interface/AjaxReportQueryService.js HTTP/1.1" 200 13203
180.169.147.146 - - [08/Apr/2024:10:43:30 +0800] "GET /xingrg/dwr/engine.js HTTP/1.1" 200 43631
