124.78.56.241 - - [08/Apr/2024:11:39:47 +0800] "POST /xingrg/kc/buy/cgsh_order_operate.html HTTP/1.1" 200 8245
114.85.113.46 - - [08/Apr/2024:11:39:47 +0800] "GET /xingrg/all/function/internal_message.html?_=1712547587608&CODE_STATE=getMsg HTTP/1.1" 200 27
124.78.56.241 - - [08/Apr/2024:11:39:47 +0800] "GET /xingrg/javascript/easyui/themes/default/validatebox.css HTTP/1.1" 404 1104
116.238.97.31 - - [08/Apr/2024:11:39:49 +0800] "GET /xingrg/kc/base/wldb_order_operate.html?command=get_materiel&rest_code=00102&base_code=0010480&code=00101025041 HTTP/1.1" 200 455
222.70.183.82 - - [08/Apr/2024:11:39:51 +0800] "GET /xingrg/check_reg.html?_=1712547591051 HTTP/1.1" 200 22
58.40.7.146 - - [08/Apr/2024:11:39:51 +0800] "GET /xingrg/all/function/internal_message.html?_=1712547591826&CODE_STATE=getMsg HTTP/1.1" 200 27
222.70.183.82 - - [08/Apr/2024:11:39:53 +0800] "GET /xingrg/kc/buy/cgsh_order_operate.html?command=get_materiel&rest_code=00111&code=00101008098&supplier_code=00100008&order_time=2024-04-08 HTTP/1.1" 200 412
101.80.230.31 - - [08/Apr/2024:11:39:56 +0800] "GET /xingrg/kc/buy/cgsh_order_operate.html?command=get_materiel&rest_code=00156&code=00101008358&supplier_code=00100651&order_time=2024-04-08 HTTP/1.1" 200 412
116.238.97.31 - - [08/Apr/2024:11:39:58 +0800] "GET /xingrg/all/function/internal_message.html?_=1712547598155&CODE_STATE=getMsg HTTP/1.1" 200 27
124.78.56.241 - - [08/Apr/2024:11:39:59 +0800] "GET /xingrg/all/function/internal_message.html?_=1712547599014&CODE_STATE=getMsg HTTP/1.1" 200 27
222.70.183.82 - - [08/Apr/2024:11:39:59 +0800] "POST /xingrg/kc/buy/cgsh_order_operate.html HTTP/1.1" 200 2065
101.80.230.31 - - [08/Apr/2024:11:40:00 +0800] "GET /xingrg/all/function/internal_message.html?_=1712547601100&CODE_STATE=getMsg HTTP/1.1" 200 27
116.230.108.72 - - [08/Apr/2024:11:40:02 +0800] "GET /xingrg/kc/buy/cgsh_order_operate.html?command=get_materiel&rest_code=00155&code=00101008368&supplier_code=00100005&order_time=2024-04-08 HTTP/1.1" 200 408
172.20.0.8 - - [08/Apr/2024:11:40:03 +0800] "GET /xingrg/all/function/internal_message.html?_=1712547603423&CODE_STATE=getMsg HTTP/1.1" 302 -
180.169.147.146 - - [08/Apr/2024:11:40:03 +0800] "GET /xingrg/check_reg.html?_=1712547603719 HTTP/1.1" 200 22
180.169.147.146 - - [08/Apr/2024:11:40:03 +0800] "GET /xingrg/all/function/internal_message.html?_=1712547603726&CODE_STATE=getMsg HTTP/1.1" 200 27
120.253.135.82 - - [08/Apr/2024:11:40:05 +0800] "GET /xingrg/all/function/internal_message.html?_=1712547782873&CODE_STATE=getMsg HTTP/1.1" 200 27
180.169.147.146 - - [08/Apr/2024:11:40:05 +0800] "GET /xingrg/all/function/internal_message.html?_=1712547605963&CODE_STATE=getMsg HTTP/1.1" 200 27
101.80.230.31 - - [08/Apr/2024:11:40:06 +0800] "GET /xingrg/kc/buy/cgsh_order_operate.html?command=get_materiel&rest_code=00156&code=00101008370&supplier_code=00100651&order_time=2024-04-08 HTTP/1.1" 200 412
222.70.183.82 - - [08/Apr/2024:11:40:06 +0800] "GET /xingrg/kc/buy/cgsh_order_operate.html?command=get_materiel&rest_code=00111&code=00101008059&supplier_code=00100008&order_time=2024-04-08 HTTP/1.1" 200 408
101.80.230.31 - - [08/Apr/2024:11:40:09 +0800] "POST /xingrg/kc/buy/cgsh_order_operate.html HTTP/1.1" 200 2065
114.83.217.54 - - [08/Apr/2024:11:40:12 +0800] "GET /xingrg/all/function/internal_message.html?_=1712547612584&CODE_STATE=getMsg HTTP/1.1" 200 27
116.230.108.72 - - [08/Apr/2024:11:40:12 +0800] "GET /xingrg/kc/buy/cgsh_order_operate.html?command=get_materiel&rest_code=00155&code=00101008209&supplier_code=00100005&order_time=2024-04-08 HTTP/1.1" 200 408
116.238.97.31 - - [08/Apr/2024:11:40:12 +0800] "POST /xingrg/all/common/load_combo.html?type=base HTTP/1.1" 200 3321
124.78.56.241 - - [08/Apr/2024:11:40:13 +0800] "GET /xingrg/kc/buy/cgsh_order_operate.html?command=get_materiel&rest_code=00141&code=00101002006&supplier_code=00100091&order_time=2024-04-08 HTTP/1.1" 200 414
180.164.1.25 - - [08/Apr/2024:11:40:13 +0800] "GET /xingrg/all/function/internal_message.html?_=1712547614676&CODE_STATE=getMsg HTTP/1.1" 200 27
101.80.230.31 - - [08/Apr/2024:11:40:14 +0800] "GET /xingrg/kc/buy/cgsh_order_operate.html?command=get_materiel&rest_code=00156&code=00101008061&supplier_code=00100651&order_time=2024-04-08 HTTP/1.1" 200 422
180.169.147.146 - - [08/Apr/2024:11:40:17 +0800] "GET /xingrg/all/function/internal_message.html?_=1712547618570&CODE_STATE=getMsg HTTP/1.1" 200 27
222.69.132.123 - - [08/Apr/2024:11:40:17 +0800] "GET /xingrg/all/function/internal_message.html?_=1712547619213&CODE_STATE=getMsg HTTP/1.1" 200 27
101.83.144.49 - - [08/Apr/2024:11:40:18 +0800] "GET /xingrg/all/function/internal_message.html?_=1712547618415&CODE_STATE=getMsg HTTP/1.1" 200 27
116.238.97.31 - - [08/Apr/2024:11:40:19 +0800] "POST /xingrg/kc/base/wldb_order_operate.html HTTP/1.1" 200 37
124.78.56.241 - - [08/Apr/2024:11:40:24 +0800] "POST /xingrg/kc/buy/cgsh_order_operate.html HTTP/1.1" 200 37
101.80.230.31 - - [08/Apr/2024:11:40:24 +0800] "GET /xingrg/kc/buy/cgsh_order_operate.html?command=get_materiel&rest_code=00156&code=00101008558&supplier_code=00100651&order_time=2024-04-08 HTTP/1.1" 200 409
180.164.1.25 - - [08/Apr/2024:11:40:26 +0800] "GET /xingrg/all/function/internal_message.html?_=1712547625671&CODE_STATE=getMsg HTTP/1.1" 200 27
180.158.9.158 - - [08/Apr/2024:11:40:26 +0800] "GET /xingrg/all/function/internal_message.html?_=1712547624704&CODE_STATE=getMsg HTTP/1.1" 302 -
180.169.147.146 - - [08/Apr/2024:11:40:27 +0800] "GET /xingrg/all/function/internal_message.html?_=1712547626774&CODE_STATE=getMsg HTTP/1.1" 200 27
180.169.147.146 - - [08/Apr/2024:11:40:27 +0800] "GET /xingrg/check_reg.html?_=1712547626776 HTTP/1.1" 200 22
116.238.97.31 - - [08/Apr/2024:11:40:27 +0800] "POST /xingrg/kc/base/wldb_order_operate.html HTTP/1.1" 200 12
116.238.97.31 - - [08/Apr/2024:11:40:27 +0800] "POST /xingrg/kc/base/wldb_order_operate.html HTTP/1.1" 200 3216
116.238.97.31 - - [08/Apr/2024:11:40:29 +0800] "GET /xingrg/kc/base/wldb_order_info.html?code=422024040800447 HTTP/1.1" 200 26255
116.238.97.31 - - [08/Apr/2024:11:40:29 +0800] "GET /xingrg/javascript/easyui/themes/default/validatebox.css HTTP/1.1" 404 1104
116.238.97.31 - - [08/Apr/2024:11:40:29 +0800] "POST /xingrg/kc/base/wldb_order_operate.html HTTP/1.1" 200 1491
116.238.97.31 - - [08/Apr/2024:11:40:31 +0800] "GET /xingrg/kc/base/wldb_order_add.html HTTP/1.1" 200 30378
124.78.159.2 - - [08/Apr/2024:11:40:32 +0800] "GET /xingrg/all/function/internal_message.html?_=1712547632138&CODE_STATE=getMsg HTTP/1.1" 200 27
116.238.97.31 - - [08/Apr/2024:11:40:32 +0800] "POST /xingrg/kc/base/wldb_order_operate.html HTTP/1.1" 200 6806
116.238.97.31 - - [08/Apr/2024:11:40:32 +0800] "GET /xingrg/javascript/easyui/themes/default/validatebox.css HTTP/1.1" 404 1104
116.238.97.31 - - [08/Apr/2024:11:40:33 +0800] "POST /xingrg/all/common/load_combo.html?type=base HTTP/1.1" 200 3321
116.224.254.208 - - [08/Apr/2024:11:40:34 +0800] "GET /xingrg/all/function/internal_message.html?_=1712547634449&CODE_STATE=getMsg HTTP/1.1" 200 27
116.224.254.208 - - [08/Apr/2024:11:40:34 +0800] "GET /xingrg/check_reg.html?_=1712547634450 HTTP/1.1" 200 22
116.230.108.72 - - [08/Apr/2024:11:40:34 +0800] "POST /xingrg/kc/buy/cgsh_order_operate.html HTTP/1.1" 200 37
101.83.144.49 - - [08/Apr/2024:11:40:35 +0800] "GET /xingrg/all/function/internal_message.html?_=1712547395470&CODE_STATE=getMsg HTTP/1.1" 200 27
222.70.183.82 - - [08/Apr/2024:11:40:36 +0800] "GET /xingrg/kc/buy/cgsh_order_operate.html?command=get_materiel&rest_code=00111&code=00101008314&supplier_code=00100008&order_time=2024-04-08 HTTP/1.1" 200 413
116.238.97.31 - - [08/Apr/2024:11:40:36 +0800] "POST /xingrg/all/common/load_combo.html?type=base HTTP/1.1" 200 3321
180.169.147.146 - - [08/Apr/2024:11:40:38 +0800] "GET /xingrg/all/function/internal_message.html?_=1712547639961&CODE_STATE=getMsg HTTP/1.1" 200 27
222.70.183.82 - - [08/Apr/2024:11:40:39 +0800] "GET /xingrg/all/function/internal_message.html?_=1712547639274&CODE_STATE=getMsg HTTP/1.1" 200 27
180.169.147.146 - - [08/Apr/2024:11:40:39 +0800] "GET /xingrg/check_reg.html?_=1712547640882 HTTP/1.1" 200 22
180.164.1.25 - - [08/Apr/2024:11:40:42 +0800] "POST /xingrg/kc/buy/cgsh_order_operate.html HTTP/1.1" 200 37
116.230.108.72 - - [08/Apr/2024:11:40:42 +0800] "POST /xingrg/kc/buy/cgsh_order_operate.html HTTP/1.1" 200 29338
124.78.56.241 - - [08/Apr/2024:11:40:43 +0800] "POST /xingrg/kc/buy/cgsh_order_operate.html HTTP/1.1" 200 12
116.230.108.72 - - [08/Apr/2024:11:40:43 +0800] "GET /xingrg/all/function/internal_message.html?_=1712547596815&CODE_STATE=getMsg HTTP/1.1" 200 27
218.81.217.36 - - [08/Apr/2024:11:40:44 +0800] "GET /xingrg/kc/buy/cgsh_order_operate.html?command=get_materiel&rest_code=00146&code=00102010527&supplier_code=00100151&order_time=2024-04-08 HTTP/1.1" 200 414
116.230.108.72 - - [08/Apr/2024:11:40:44 +0800] "GET /xingrg/kc/print/load_config.html?kc_code=cgsh HTTP/1.1" 200 1927
124.78.159.2 - - [08/Apr/2024:11:40:44 +0800] "GET /xingrg/all/function/internal_message.html?_=1712547643985&CODE_STATE=getMsg HTTP/1.1" 200 27
116.230.108.72 - - [08/Apr/2024:11:40:45 +0800] "GET /xingrg/kc/print/load_data.html?order_code=212024040801774&kc_code=cgsh&condition= HTTP/1.1" 200 10860
114.85.113.46 - - [08/Apr/2024:11:40:47 +0800] "GET /xingrg/all/function/internal_message.html?_=1712547647608&CODE_STATE=getMsg HTTP/1.1" 200 27
180.164.1.25 - - [08/Apr/2024:11:40:48 +0800] "GET /xingrg/check_reg.html?_=1712547647049 HTTP/1.1" 200 22
116.238.97.31 - - [08/Apr/2024:11:40:48 +0800] "GET /xingrg/kc/base/wldb_order_operate.html?command=get_materiel&rest_code=00102&base_code=0010476&code=00102035071 HTTP/1.1" 200 451
101.80.230.31 - - [08/Apr/2024:11:40:50 +0800] "POST /xingrg/kc/buy/cgsh_order_operate.html HTTP/1.1" 200 37
180.164.1.25 - - [08/Apr/2024:11:40:50 +0800] "POST /xingrg/kc/buy/cgsh_order_operate.html HTTP/1.1" 200 15071
58.40.7.146 - - [08/Apr/2024:11:40:51 +0800] "GET /xingrg/all/function/internal_message.html?_=1712547651821&CODE_STATE=getMsg HTTP/1.1" 200 27
124.78.56.241 - - [08/Apr/2024:11:40:52 +0800] "GET /xingrg/kc/buy/cgsh_order_info.html?code=212024040801796 HTTP/1.1" 200 68759
124.78.56.241 - - [08/Apr/2024:11:40:52 +0800] "GET /xingrg/javascript/easyui/themes/default/validatebox.css HTTP/1.1" 404 1104
101.80.230.31 - - [08/Apr/2024:11:40:53 +0800] "POST /xingrg/kc/buy/cgsh_order_operate.html HTTP/1.1" 200 14507
116.230.108.72 - - [08/Apr/2024:11:40:53 +0800] "GET /xingrg/kc/buy/cgsh_order_add.html HTTP/1.1" 200 73940
124.78.56.241 - - [08/Apr/2024:11:40:53 +0800] "POST /xingrg/kc/buy/cgsh_order_operate.html HTTP/1.1" 200 611
116.230.108.72 - - [08/Apr/2024:11:40:53 +0800] "POST /xingrg/kc/buy/cgsh_order_operate.html HTTP/1.1" 200 8245
116.230.108.72 - - [08/Apr/2024:11:40:53 +0800] "GET /xingrg/javascript/easyui/themes/default/validatebox.css HTTP/1.1" 404 1104
101.80.230.31 - - [08/Apr/2024:11:40:54 +0800] "GET /xingrg/kc/print/load_config.html?kc_code=cgsh HTTP/1.1" 200 1927
101.80.230.31 - - [08/Apr/2024:11:40:54 +0800] "GET /xingrg/kc/print/load_data.html?order_code=212024040801798&kc_code=cgsh&condition= HTTP/1.1" 200 5142
116.238.97.31 - - [08/Apr/2024:11:40:57 +0800] "GET /xingrg/kc/base/wldb_order_operate.html?command=get_materiel&rest_code=00102&base_code=0010476&code=00101019527 HTTP/1.1" 200 474
124.78.56.241 - - [08/Apr/2024:11:40:57 +0800] "GET /xingrg/kc/print/load_data.html?order_code=212024040801796&kc_code=cgsh&condition= HTTP/1.1" 200 778
116.238.97.31 - - [08/Apr/2024:11:40:58 +0800] "GET /xingrg/check_reg.html?_=1712547658143 HTTP/1.1" 200 22
116.238.97.31 - - [08/Apr/2024:11:40:58 +0800] "GET /xingrg/all/function/internal_message.html?_=1712547658147&CODE_STATE=getMsg HTTP/1.1" 200 27
124.78.56.241 - - [08/Apr/2024:11:40:59 +0800] "GET /xingrg/all/function/internal_message.html?_=1712547659223&CODE_STATE=getMsg HTTP/1.1" 200 27
101.80.230.31 - - [08/Apr/2024:11:41:00 +0800] "GET /xingrg/all/function/internal_message.html?_=1712547661111&CODE_STATE=getMsg HTTP/1.1" 200 27
101.80.230.31 - - [08/Apr/2024:11:41:00 +0800] "GET /xingrg/check_reg.html?_=1712547661112 HTTP/1.1" 200 22
180.164.1.25 - - [08/Apr/2024:11:41:02 +0800] "GET /xingrg/kc/buy/cgsh_order_operate.html?command=get_materiel&rest_code=00108&code=00101008674&supplier_code=00100007&order_time=2024-04-08 HTTP/1.1" 200 413
116.238.97.31 - - [08/Apr/2024:11:41:02 +0800] "GET /xingrg/kc/base/wldb_order_operate.html?command=get_materiel&rest_code=00102&base_code=0010476&code=00101019430 HTTP/1.1" 200 477
172.20.0.8 - - [08/Apr/2024:11:41:03 +0800] "GET /xingrg/check_reg.html?_=1712547663408 HTTP/1.1" 302 -
172.20.0.8 - - [08/Apr/2024:11:41:03 +0800] "GET /xingrg/all/function/internal_message.html?_=1712547663426&CODE_STATE=getMsg HTTP/1.1" 302 -
180.169.147.146 - - [08/Apr/2024:11:41:03 +0800] "GET /xingrg/all/function/internal_message.html?_=1712547663721&CODE_STATE=getMsg HTTP/1.1" 200 27
120.253.135.82 - - [08/Apr/2024:11:41:05 +0800] "GET /xingrg/all/function/internal_message.html?_=1712547842878&CODE_STATE=getMsg HTTP/1.1" 200 27
180.169.147.146 - - [08/Apr/2024:11:41:05 +0800] "GET /xingrg/all/function/internal_message.html?_=1712547665964&CODE_STATE=getMsg HTTP/1.1" 200 27
124.78.56.241 - - [08/Apr/2024:11:41:05 +0800] "POST /xingrg/kc/buy/cgsh_order_operate.html HTTP/1.1" 200 8245
124.78.56.241 - - [08/Apr/2024:11:41:05 +0800] "GET /xingrg/javascript/easyui/themes/default/validatebox.css HTTP/1.1" 404 1104
218.81.217.36 - - [08/Apr/2024:11:41:11 +0800] "POST /xingrg/kc/buy/cgsh_order_operate.html HTTP/1.1" 200 37
114.83.217.54 - - [08/Apr/2024:11:41:12 +0800] "GET /xingrg/all/function/internal_message.html?_=1712547672569&CODE_STATE=getMsg HTTP/1.1" 200 27
116.238.97.31 - - [08/Apr/2024:11:41:13 +0800] "GET /xingrg/kc/base/wldb_order_operate.html?command=get_materiel&rest_code=00102&base_code=0010476&code=00101019339 HTTP/1.1" 200 468
180.164.1.25 - - [08/Apr/2024:11:41:13 +0800] "GET /xingrg/all/function/internal_message.html?_=1712547674664&CODE_STATE=getMsg HTTP/1.1" 200 27
218.81.217.36 - - [08/Apr/2024:11:41:15 +0800] "POST /xingrg/kc/buy/cgsh_order_operate.html HTTP/1.1" 200 5633
180.169.147.146 - - [08/Apr/2024:11:41:17 +0800] "GET /xingrg/all/function/internal_message.html?_=1712547678567&CODE_STATE=getMsg HTTP/1.1" 200 27
222.69.132.123 - - [08/Apr/2024:11:41:17 +0800] "GET /xingrg/all/function/internal_message.html?_=1712547679207&CODE_STATE=getMsg HTTP/1.1" 200 27
101.83.144.49 - - [08/Apr/2024:11:41:18 +0800] "GET /xingrg/all/function/internal_message.html?_=1712547678442&CODE_STATE=getMsg HTTP/1.1" 200 27
116.238.97.31 - - [08/Apr/2024:11:41:21 +0800] "POST /xingrg/kc/base/wldb_order_operate.html HTTP/1.1" 200 37
180.164.1.25 - - [08/Apr/2024:11:41:26 +0800] "GET /xingrg/all/function/internal_message.html?_=1712547685650&CODE_STATE=getMsg HTTP/1.1" 200 27
180.158.9.158 - - [08/Apr/2024:11:41:26 +0800] "GET /xingrg/all/function/internal_message.html?_=1712547684710&CODE_STATE=getMsg HTTP/1.1" 302 -
180.169.147.146 - - [08/Apr/2024:11:41:27 +0800] "GET /xingrg/all/function/internal_message.html?_=1712547686767&CODE_STATE=getMsg HTTP/1.1" 200 27
116.238.97.31 - - [08/Apr/2024:11:41:27 +0800] "POST /xingrg/kc/base/wldb_order_operate.html HTTP/1.1" 200 12
116.238.97.31 - - [08/Apr/2024:11:41:27 +0800] "POST /xingrg/kc/base/wldb_order_operate.html HTTP/1.1" 200 3224
116.238.97.31 - - [08/Apr/2024:11:41:29 +0800] "GET /xingrg/kc/base/wldb_order_info.html?code=422024040800448 HTTP/1.1" 200 26256
116.238.97.31 - - [08/Apr/2024:11:41:30 +0800] "GET /xingrg/javascript/easyui/themes/default/validatebox.css HTTP/1.1" 404 1104
116.238.97.31 - - [08/Apr/2024:11:41:30 +0800] "POST /xingrg/kc/base/wldb_order_operate.html HTTP/1.1" 200 1497
124.78.159.2 - - [08/Apr/2024:11:41:32 +0800] "GET /xingrg/all/function/internal_message.html?_=1712547692138&CODE_STATE=getMsg HTTP/1.1" 200 27
116.238.97.31 - - [08/Apr/2024:11:41:32 +0800] "GET /xingrg/kc/base/wldb_order_add.html HTTP/1.1" 200 30378
116.238.97.31 - - [08/Apr/2024:11:41:32 +0800] "POST /xingrg/kc/base/wldb_order_operate.html HTTP/1.1" 200 6806
116.238.97.31 - - [08/Apr/2024:11:41:32 +0800] "GET /xingrg/javascript/easyui/themes/default/validatebox.css HTTP/1.1" 404 1104
116.238.97.31 - - [08/Apr/2024:11:41:33 +0800] "POST /xingrg/all/common/load_combo.html?type=base HTTP/1.1" 200 3321
116.224.254.208 - - [08/Apr/2024:11:41:34 +0800] "GET /xingrg/all/function/internal_message.html?_=1712547694457&CODE_STATE=getMsg HTTP/1.1" 200 27
116.238.97.31 - - [08/Apr/2024:11:41:35 +0800] "POST /xingrg/all/common/load_combo.html?type=base HTTP/1.1" 200 3321
101.83.144.49 - - [08/Apr/2024:11:41:35 +0800] "GET /xingrg/all/function/internal_message.html?_=1712547455455&CODE_STATE=getMsg HTTP/1.1" 200 27
180.169.147.146 - - [08/Apr/2024:11:41:38 +0800] "GET /xingrg/all/function/internal_message.html?_=1712547699944&CODE_STATE=getMsg HTTP/1.1" 200 27
222.70.183.82 - - [08/Apr/2024:11:41:39 +0800] "GET /xingrg/all/function/internal_message.html?_=1712547699255&CODE_STATE=getMsg HTTP/1.1" 200 27
116.238.97.31 - - [08/Apr/2024:11:41:41 +0800] "GET /xingrg/kc/base/wldb_order_operate.html?command=get_materiel&rest_code=00102&base_code=0010476&code=00101013225 HTTP/1.1" 200 448
180.164.1.25 - - [08/Apr/2024:11:41:42 +0800] "GET /xingrg/kc/buy/cgsh_order_operate.html?command=get_materiel&rest_code=00108&code=00101008519&supplier_code=00100007&order_time=2024-04-08 HTTP/1.1" 200 408
116.230.108.72 - - [08/Apr/2024:11:41:43 +0800] "GET /xingrg/check_reg.html?_=1712547656830 HTTP/1.1" 200 22
116.230.108.72 - - [08/Apr/2024:11:41:43 +0800] "GET /xingrg/all/function/internal_message.html?_=1712547656834&CODE_STATE=getMsg HTTP/1.1" 200 27
124.78.159.2 - - [08/Apr/2024:11:41:44 +0800] "GET /xingrg/all/function/internal_message.html?_=1712547703955&CODE_STATE=getMsg HTTP/1.1" 200 27
116.238.97.31 - - [08/Apr/2024:11:41:47 +0800] "POST /xingrg/kc/base/wldb_order_operate.html HTTP/1.1" 200 37
114.85.113.46 - - [08/Apr/2024:11:41:47 +0800] "GET /xingrg/all/function/internal_message.html?_=1712547707610&CODE_STATE=getMsg HTTP/1.1" 200 27
124.78.56.241 - - [08/Apr/2024:11:41:49 +0800] "GET /xingrg/kc/buy/cgsh_order_operate.html?command=get_materiel&rest_code=00141&code=00101006347&supplier_code=00100505&order_time=2024-04-08 HTTP/1.1" 200 410
58.40.7.146 - - [08/Apr/2024:11:41:51 +0800] "GET /xingrg/all/function/internal_message.html?_=1712547711801&CODE_STATE=getMsg HTTP/1.1" 200 27
116.238.97.31 - - [08/Apr/2024:11:41:53 +0800] "POST /xingrg/kc/base/wldb_order_operate.html HTTP/1.1" 200 12
116.238.97.31 - - [08/Apr/2024:11:41:53 +0800] "POST /xingrg/kc/base/wldb_order_operate.html HTTP/1.1" 200 2190
116.238.97.31 - - [08/Apr/2024:11:41:54 +0800] "GET /xingrg/kc/base/wldb_order_info.html?code=422024040800449 HTTP/1.1" 200 26256
116.238.97.31 - - [08/Apr/2024:11:41:54 +0800] "GET /xingrg/javascript/easyui/themes/default/validatebox.css HTTP/1.1" 404 1104
116.238.97.31 - - [08/Apr/2024:11:41:54 +0800] "POST /xingrg/kc/base/wldb_order_operate.html HTTP/1.1" 200 485
116.238.97.31 - - [08/Apr/2024:11:41:56 +0800] "GET /xingrg/kc/base/wldb_order_add.html HTTP/1.1" 200 30378
116.238.97.31 - - [08/Apr/2024:11:41:56 +0800] "POST /xingrg/kc/base/wldb_order_operate.html HTTP/1.1" 200 6806
116.238.97.31 - - [08/Apr/2024:11:41:56 +0800] "GET /xingrg/javascript/easyui/themes/default/validatebox.css HTTP/1.1" 404 1104
116.238.97.31 - - [08/Apr/2024:11:41:57 +0800] "POST /xingrg/all/common/load_combo.html?type=base HTTP/1.1" 200 3321
116.238.97.31 - - [08/Apr/2024:11:41:58 +0800] "GET /xingrg/all/function/internal_message.html?_=1712547718143&CODE_STATE=getMsg HTTP/1.1" 200 27
124.78.56.241 - - [08/Apr/2024:11:41:59 +0800] "GET /xingrg/all/function/internal_message.html?_=1712547719198&CODE_STATE=getMsg HTTP/1.1" 200 27
116.238.97.31 - - [08/Apr/2024:11:41:59 +0800] "POST /xingrg/all/common/load_combo.html?type=base HTTP/1.1" 200 3321
180.164.1.25 - - [08/Apr/2024:11:41:59 +0800] "GET /xingrg/kc/buy/cgsh_order_operate.html?command=get_materiel&rest_code=00108&code=00101008223&supplier_code=00100007&order_time=2024-04-08 HTTP/1.1" 200 412
101.80.230.31 - - [08/Apr/2024:11:42:00 +0800] "GET /xingrg/all/function/internal_message.html?_=1712547721103&CODE_STATE=getMsg HTTP/1.1" 200 27
180.164.1.25 - - [08/Apr/2024:11:42:01 +0800] "POST /xingrg/kc/buy/cgsh_order_operate.html HTTP/1.1" 200 2065
172.20.0.8 - - [08/Apr/2024:11:42:03 +0800] "GET /xingrg/all/function/internal_message.html?_=1712547723427&CODE_STATE=getMsg HTTP/1.1" 302 -
180.169.147.146 - - [08/Apr/2024:11:42:03 +0800] "GET /xingrg/all/function/internal_message.html?_=1712547723723&CODE_STATE=getMsg HTTP/1.1" 200 27
116.238.97.31 - - [08/Apr/2024:11:42:05 +0800] "GET /xingrg/kc/base/wldb_order_operate.html?command=get_materiel&rest_code=00102&base_code=0010476&code=00101019400 HTTP/1.1" 200 465
120.253.135.82 - - [08/Apr/2024:11:42:05 +0800] "GET /xingrg/all/function/internal_message.html?_=1712547902882&CODE_STATE=getMsg HTTP/1.1" 200 27
180.169.147.146 - - [08/Apr/2024:11:42:05 +0800] "GET /xingrg/all/function/internal_message.html?_=1712547725964&CODE_STATE=getMsg HTTP/1.1" 200 27
180.164.1.25 - - [08/Apr/2024:11:42:08 +0800] "GET /xingrg/kc/buy/cgsh_order_operate.html?command=get_materiel&rest_code=00108&code=00101008172&supplier_code=00100007&order_time=2024-04-08 HTTP/1.1" 200 412
116.238.97.31 - - [08/Apr/2024:11:42:09 +0800] "GET /xingrg/kc/base/wldb_order_operate.html?command=get_materiel&rest_code=00102&base_code=0010476&code=00101019391 HTTP/1.1" 200 485
114.83.217.54 - - [08/Apr/2024:11:42:12 +0800] "GET /xingrg/all/function/internal_message.html?_=1712547732553&CODE_STATE=getMsg HTTP/1.1" 200 27
180.164.1.25 - - [08/Apr/2024:11:42:13 +0800] "GET /xingrg/all/function/internal_message.html?_=1712547734640&CODE_STATE=getMsg HTTP/1.1" 200 27
124.78.56.241 - - [08/Apr/2024:11:42:14 +0800] "POST /xingrg/kc/buy/cgsh_order_operate.html HTTP/1.1" 200 37
180.164.1.25 - - [08/Apr/2024:11:42:14 +0800] "GET /xingrg/check_reg.html?_=1712547734773 HTTP/1.1" 200 22
180.169.147.146 - - [08/Apr/2024:11:42:17 +0800] "GET /xingrg/all/function/internal_message.html?_=1712547738565&CODE_STATE=getMsg HTTP/1.1" 200 27
222.69.132.123 - - [08/Apr/2024:11:42:17 +0800] "GET /xingrg/all/function/internal_message.html?_=1712547739225&CODE_STATE=getMsg HTTP/1.1" 200 27
101.83.144.49 - - [08/Apr/2024:11:42:18 +0800] "GET /xingrg/all/function/internal_message.html?_=1712547738429&CODE_STATE=getMsg HTTP/1.1" 200 27
124.78.56.241 - - [08/Apr/2024:11:42:20 +0800] "POST /xingrg/kc/buy/cgsh_order_operate.html HTTP/1.1" 200 12
116.238.97.31 - - [08/Apr/2024:11:42:21 +0800] "GET /xingrg/kc/base/wldb_order_operate.html?command=get_materiel&rest_code=00102&base_code=0010476&code=00101016076 HTTP/1.1" 200 477
124.78.56.241 - - [08/Apr/2024:11:42:23 +0800] "GET /xingrg/kc/buy/cgsh_order_info.html?code=212024040801800 HTTP/1.1" 200 68757
124.78.56.241 - - [08/Apr/2024:11:42:23 +0800] "GET /xingrg/javascript/easyui/themes/default/validatebox.css HTTP/1.1" 404 1104
116.238.97.31 - - [08/Apr/2024:11:42:24 +0800] "GET /xingrg/kc/base/wldb_order_operate.html?command=get_materiel&rest_code=00102&base_code=0010476&code=00101019438 HTTP/1.1" 200 460
124.78.56.241 - - [08/Apr/2024:11:42:24 +0800] "POST /xingrg/kc/buy/cgsh_order_operate.html HTTP/1.1" 200 604
180.164.1.25 - - [08/Apr/2024:11:42:25 +0800] "GET /xingrg/kc/buy/cgsh_order_operate.html?command=get_materiel&rest_code=00108&code=00101008095&supplier_code=00100007&order_time=2024-04-08 HTTP/1.1" 200 413
180.164.1.25 - - [08/Apr/2024:11:42:26 +0800] "GET /xingrg/all/function/internal_message.html?_=1712547745629&CODE_STATE=getMsg HTTP/1.1" 200 27
180.158.9.158 - - [08/Apr/2024:11:42:26 +0800] "GET /xingrg/all/function/internal_message.html?_=1712547744733&CODE_STATE=getMsg HTTP/1.1" 302 -
124.78.56.241 - - [08/Apr/2024:11:42:26 +0800] "GET /xingrg/kc/print/load_data.html?order_code=212024040801800&kc_code=cgsh&condition= HTTP/1.1" 200 702
180.169.147.146 - - [08/Apr/2024:11:42:27 +0800] "GET /xingrg/all/function/internal_message.html?_=1712547746781&CODE_STATE=getMsg HTTP/1.1" 200 27
116.238.97.31 - - [08/Apr/2024:11:42:28 +0800] "GET /xingrg/kc/base/wldb_order_operate.html?command=get_materiel&rest_code=00102&base_code=0010476&code=00101019134 HTTP/1.1" 200 480
124.78.159.2 - - [08/Apr/2024:11:42:32 +0800] "GET /xingrg/check_reg.html?_=1712547752134 HTTP/1.1" 200 22
116.238.97.31 - - [08/Apr/2024:11:42:34 +0800] "GET /xingrg/kc/base/wldb_order_operate.html?command=get_materiel&rest_code=00102&base_code=0010476&code=00101013044 HTTP/1.1" 200 450
116.224.254.208 - - [08/Apr/2024:11:42:34 +0800] "GET /xingrg/all/function/internal_message.html?_=1712547754453&CODE_STATE=getMsg HTTP/1.1" 200 27
124.78.159.2 - - [08/Apr/2024:11:42:35 +0800] "GET /xingrg/all/function/internal_message.html?_=1712547752136&CODE_STATE=getMsg HTTP/1.1" 200 27
180.164.1.25 - - [08/Apr/2024:11:42:35 +0800] "GET /xingrg/kc/buy/cgsh_order_operate.html?command=get_materiel&rest_code=00108&code=00101008229&supplier_code=00100007&order_time=2024-04-08 HTTP/1.1" 200 420
101.83.144.49 - - [08/Apr/2024:11:42:35 +0800] "GET /xingrg/all/function/internal_message.html?_=1712547515425&CODE_STATE=getMsg HTTP/1.1" 200 27
180.169.147.146 - - [08/Apr/2024:11:42:38 +0800] "GET /xingrg/all/function/internal_message.html?_=1712547759927&CODE_STATE=getMsg HTTP/1.1" 200 27
222.70.183.82 - - [08/Apr/2024:11:42:39 +0800] "GET /xingrg/all/function/internal_message.html?_=1712547759303&CODE_STATE=getMsg HTTP/1.1" 200 27
116.238.97.31 - - [08/Apr/2024:11:42:42 +0800] "GET /xingrg/kc/base/wldb_order_operate.html?command=get_materiel&rest_code=00102&base_code=0010476&code=00101016120 HTTP/1.1" 200 455
116.230.108.72 - - [08/Apr/2024:11:42:43 +0800] "GET /xingrg/all/function/internal_message.html?_=1712547716819&CODE_STATE=getMsg HTTP/1.1" 200 27
124.78.159.2 - - [08/Apr/2024:11:42:44 +0800] "GET /xingrg/all/function/internal_message.html?_=1712547763939&CODE_STATE=getMsg HTTP/1.1" 200 27
116.238.97.31 - - [08/Apr/2024:11:42:47 +0800] "GET /xingrg/kc/base/wldb_order_operate.html?command=get_materiel&rest_code=00102&base_code=0010476&code=00101019015 HTTP/1.1" 200 450
114.85.113.46 - - [08/Apr/2024:11:42:47 +0800] "GET /xingrg/all/function/internal_message.html?_=1712547767608&CODE_STATE=getMsg HTTP/1.1" 200 27
114.85.113.46 - - [08/Apr/2024:11:42:47 +0800] "GET /xingrg/check_reg.html?_=1712547767611 HTTP/1.1" 200 22
124.78.56.241 - - [08/Apr/2024:11:42:48 +0800] "POST /xingrg/kc/buy/cgsh_order_operate.html HTTP/1.1" 200 8245
124.78.56.241 - - [08/Apr/2024:11:42:48 +0800] "GET /xingrg/javascript/easyui/themes/default/validatebox.css HTTP/1.1" 404 1104
116.230.108.72 - - [08/Apr/2024:11:42:48 +0800] "GET /xingrg/javascript/jquery_tools/images/prev.gif HTTP/1.1" 404 1086
116.230.108.72 - - [08/Apr/2024:11:42:48 +0800] "GET /xingrg/javascript/jquery_tools/images/next.gif HTTP/1.1" 404 1086
218.81.217.36 - - [08/Apr/2024:11:42:49 +0800] "POST /xingrg/kc/buy/cgsh_order_operate.html HTTP/1.1" 200 37
116.238.97.31 - - [08/Apr/2024:11:42:50 +0800] "GET /xingrg/kc/base/wldb_order_operate.html?command=get_materiel&rest_code=00102&base_code=0010476&code=00101019063 HTTP/1.1" 200 461
58.40.7.146 - - [08/Apr/2024:11:42:51 +0800] "GET /xingrg/check_reg.html?_=1712547771759 HTTP/1.1" 200 22
58.40.7.146 - - [08/Apr/2024:11:42:51 +0800] "GET /xingrg/all/function/internal_message.html?_=1712547771782&CODE_STATE=getMsg HTTP/1.1" 200 27
218.81.217.36 - - [08/Apr/2024:11:42:53 +0800] "POST /xingrg/kc/buy/cgsh_order_operate.html HTTP/1.1" 200 5633
180.164.1.25 - - [08/Apr/2024:11:42:54 +0800] "GET /xingrg/kc/buy/cgsh_order_operate.html?command=get_materiel&rest_code=00108&code=00101009113&supplier_code=00100007&order_time=2024-04-08 HTTP/1.1" 200 413
218.81.217.36 - - [08/Apr/2024:11:42:56 +0800] "GET /xingrg/kc/print/load_data.html?order_code=212024040801799&kc_code=cgsh&condition= HTTP/1.1" 200 1798
116.238.97.31 - - [08/Apr/2024:11:42:58 +0800] "GET /xingrg/all/function/internal_message.html?_=1712547778154&CODE_STATE=getMsg HTTP/1.1" 200 27
180.164.1.25 - - [08/Apr/2024:11:42:58 +0800] "POST /xingrg/kc/buy/cgsh_order_operate.html HTTP/1.1" 200 2065
124.78.56.241 - - [08/Apr/2024:11:42:59 +0800] "GET /xingrg/all/function/internal_message.html?_=1712547779169&CODE_STATE=getMsg HTTP/1.1" 200 27
101.80.230.31 - - [08/Apr/2024:11:43:00 +0800] "GET /xingrg/all/function/internal_message.html?_=1712547781106&CODE_STATE=getMsg HTTP/1.1" 200 27
116.230.108.72 - - [08/Apr/2024:11:43:02 +0800] "GET /xingrg/kc/buy/cgsh_order_operate.html?command=get_materiel&rest_code=00155&code=00101002006&supplier_code=00100091&order_time=2024-04-08 HTTP/1.1" 200 414
172.20.0.8 - - [08/Apr/2024:11:43:03 +0800] "GET /xingrg/all/function/internal_message.html?_=1712547783429&CODE_STATE=getMsg HTTP/1.1" 302 -
180.169.147.146 - - [08/Apr/2024:11:43:03 +0800] "GET /xingrg/all/function/internal_message.html?_=1712547783722&CODE_STATE=getMsg HTTP/1.1" 200 27
116.238.97.31 - - [08/Apr/2024:11:43:04 +0800] "GET /xingrg/kc/base/wldb_order_operate.html?command=get_materiel&rest_code=00102&base_code=0010476&code=00101019071 HTTP/1.1" 200 471
180.169.147.146 - - [08/Apr/2024:11:43:05 +0800] "GET /xingrg/check_reg.html?_=1712547785965 HTTP/1.1" 200 22
120.253.135.82 - - [08/Apr/2024:11:43:05 +0800] "GET /xingrg/all/function/internal_message.html?_=1712547962887&CODE_STATE=getMsg HTTP/1.1" 200 27
120.253.135.82 - - [08/Apr/2024:11:43:05 +0800] "GET /xingrg/check_reg.html?_=1712547962895 HTTP/1.1" 200 22
180.169.147.146 - - [08/Apr/2024:11:43:05 +0800] "GET /xingrg/all/function/internal_message.html?_=1712547785967&CODE_STATE=getMsg HTTP/1.1" 200 27
180.164.1.25 - - [08/Apr/2024:11:43:07 +0800] "GET /xingrg/kc/buy/cgsh_order_operate.html?command=get_materiel&rest_code=00108&code=00101009011&supplier_code=00100007&order_time=2024-04-08 HTTP/1.1" 200 416
116.238.97.31 - - [08/Apr/2024:11:43:10 +0800] "GET /xingrg/kc/base/wldb_order_operate.html?command=get_materiel&rest_code=00102&base_code=0010476&code=00101019079 HTTP/1.1" 200 479
114.83.217.54 - - [08/Apr/2024:11:43:12 +0800] "GET /xingrg/all/function/internal_message.html?_=1712547792545&CODE_STATE=getMsg HTTP/1.1" 200 27
180.164.1.25 - - [08/Apr/2024:11:43:13 +0800] "GET /xingrg/all/function/internal_message.html?_=1712547794630&CODE_STATE=getMsg HTTP/1.1" 200 27
116.238.97.31 - - [08/Apr/2024:11:43:15 +0800] "GET /xingrg/kc/base/wldb_order_operate.html?command=get_materiel&rest_code=00102&base_code=0010476&code=00101016001 HTTP/1.1" 200 458
116.230.108.72 - - [08/Apr/2024:11:43:16 +0800] "POST /xingrg/kc/buy/cgsh_order_operate.html HTTP/1.1" 200 37
180.169.147.146 - - [08/Apr/2024:11:43:17 +0800] "GET /xingrg/all/function/internal_message.html?_=1712547798563&CODE_STATE=getMsg HTTP/1.1" 200 27
180.169.147.146 - - [08/Apr/2024:11:43:17 +0800] "GET /xingrg/check_reg.html?_=1712547798564 HTTP/1.1" 200 22
222.69.132.123 - - [08/Apr/2024:11:43:17 +0800] "GET /xingrg/check_reg.html?_=1712547799218 HTTP/1.1" 200 22
222.69.132.123 - - [08/Apr/2024:11:43:17 +0800] "GET /xingrg/all/function/internal_message.html?_=1712547799221&CODE_STATE=getMsg HTTP/1.1" 200 27
101.83.144.49 - - [08/Apr/2024:11:43:18 +0800] "GET /xingrg/all/function/internal_message.html?_=1712547798430&CODE_STATE=getMsg HTTP/1.1" 200 27
180.164.1.25 - - [08/Apr/2024:11:43:18 +0800] "GET /xingrg/kc/buy/cgsh_order_operate.html?command=get_materiel&rest_code=00108&code=00101008168&supplier_code=00100007&order_time=2024-04-08 HTTP/1.1" 200 412
116.230.108.72 - - [08/Apr/2024:11:43:19 +0800] "POST /xingrg/kc/buy/cgsh_order_operate.html HTTP/1.1" 200 2661
116.238.97.31 - - [08/Apr/2024:11:43:20 +0800] "GET /xingrg/kc/base/wldb_order_operate.html?command=get_materiel&rest_code=00102&base_code=0010476&code=00101016064 HTTP/1.1" 200 467
116.230.108.72 - - [08/Apr/2024:11:43:21 +0800] "GET /xingrg/kc/print/load_data.html?order_code=212024040801801&kc_code=cgsh&condition= HTTP/1.1" 200 749
116.230.108.72 - - [08/Apr/2024:11:43:25 +0800] "GET /xingrg/kc/buy/cgsh_order_add.html HTTP/1.1" 200 73940
116.230.108.72 - - [08/Apr/2024:11:43:26 +0800] "POST /xingrg/kc/buy/cgsh_order_operate.html HTTP/1.1" 200 8245
116.230.108.72 - - [08/Apr/2024:11:43:26 +0800] "GET /xingrg/javascript/easyui/themes/default/validatebox.css HTTP/1.1" 404 1104
180.164.1.25 - - [08/Apr/2024:11:43:26 +0800] "GET /xingrg/all/function/internal_message.html?_=1712547805615&CODE_STATE=getMsg HTTP/1.1" 200 27
180.158.9.158 - - [08/Apr/2024:11:43:26 +0800] "GET /xingrg/check_reg.html?_=1712547804732 HTTP/1.1" 302 -
180.158.9.158 - - [08/Apr/2024:11:43:26 +0800] "GET /xingrg/all/function/internal_message.html?_=1712547804734&CODE_STATE=getMsg HTTP/1.1" 302 -
180.169.147.146 - - [08/Apr/2024:11:43:27 +0800] "GET /xingrg/all/function/internal_message.html?_=1712547806780&CODE_STATE=getMsg HTTP/1.1" 200 27
101.83.144.49 - - [08/Apr/2024:11:43:30 +0800] "POST /xingrg/services/DataTransmitService HTTP/1.1" 200 524
116.238.97.31 - - [08/Apr/2024:11:43:31 +0800] "POST /xingrg/kc/base/wldb_order_operate.html HTTP/1.1" 200 37
116.238.97.31 - - [08/Apr/2024:11:43:31 +0800] "POST /xingrg/kc/base/wldb_order_operate.html HTTP/1.1" 200 8711
124.78.159.2 - - [08/Apr/2024:11:43:32 +0800] "GET /xingrg/all/function/internal_message.html?_=1712547812121&CODE_STATE=getMsg HTTP/1.1" 200 27
101.83.144.49 - - [08/Apr/2024:11:43:32 +0800] "POST /xingrg/services/DataTransmitService HTTP/1.1" 200 412
180.164.1.25 - - [08/Apr/2024:11:43:32 +0800] "GET /xingrg/kc/buy/cgsh_order_operate.html?command=get_materiel&rest_code=00108&code=00101008077&supplier_code=00100007&order_time=2024-04-08 HTTP/1.1" 200 416
116.224.254.208 - - [08/Apr/2024:11:43:34 +0800] "GET /xingrg/all/function/internal_message.html?_=1712547814444&CODE_STATE=getMsg HTTP/1.1" 200 27
116.238.97.31 - - [08/Apr/2024:11:43:35 +0800] "GET /xingrg/kc/base/wldb_order_info.html?code=422024040800450 HTTP/1.1" 200 30393
116.238.97.31 - - [08/Apr/2024:11:43:35 +0800] "GET /xingrg/javascript/easyui/themes/default/validatebox.css HTTP/1.1" 404 1104
101.83.144.49 - - [08/Apr/2024:11:43:35 +0800] "GET /xingrg/all/function/internal_message.html?_=1712547575410&CODE_STATE=getMsg HTTP/1.1" 200 27
116.238.97.31 - - [08/Apr/2024:11:43:36 +0800] "POST /xingrg/kc/base/wldb_order_operate.html HTTP/1.1" 200 8711
180.169.147.146 - - [08/Apr/2024:11:43:38 +0800] "GET /xingrg/all/function/internal_message.html?_=1712547819910&CODE_STATE=getMsg HTTP/1.1" 200 27
222.70.183.82 - - [08/Apr/2024:11:43:39 +0800] "GET /xingrg/all/function/internal_message.html?_=1712547819277&CODE_STATE=getMsg HTTP/1.1" 200 27
222.70.183.82 - - [08/Apr/2024:11:43:43 +0800] "POST /xingrg/kc/buy/cgsh_order_operate.html HTTP/1.1" 200 37
116.230.108.72 - - [08/Apr/2024:11:43:43 +0800] "GET /xingrg/all/function/internal_message.html?_=1712547776834&CODE_STATE=getMsg HTTP/1.1" 200 27
124.78.159.2 - - [08/Apr/2024:11:43:44 +0800] "GET /xingrg/all/function/internal_message.html?_=1712547823915&CODE_STATE=getMsg HTTP/1.1" 200 27
124.78.56.241 - - [08/Apr/2024:11:43:45 +0800] "GET /xingrg/kc/buy/cgsh_order_operate.html?command=get_materiel&rest_code=00141&code=00101006060&supplier_code=00100323&order_time=2024-04-08 HTTP/1.1" 200 409
180.164.1.25 - - [08/Apr/2024:11:43:45 +0800] "GET /xingrg/kc/buy/cgsh_order_operate.html?command=get_materiel&rest_code=00108&code=00101008209&supplier_code=00100007&order_time=2024-04-08 HTTP/1.1" 200 408
124.78.159.2 - - [08/Apr/2024:11:43:45 +0800] "GET /xingrg/check_reg.html?_=1712547824432 HTTP/1.1" 200 22
114.85.113.46 - - [08/Apr/2024:11:43:47 +0800] "GET /xingrg/all/function/internal_message.html?_=1712547827609&CODE_STATE=getMsg HTTP/1.1" 200 27
58.40.7.146 - - [08/Apr/2024:11:43:51 +0800] "GET /xingrg/all/function/internal_message.html?_=1712547831760&CODE_STATE=getMsg HTTP/1.1" 200 27
222.70.183.82 - - [08/Apr/2024:11:43:52 +0800] "POST /xingrg/kc/buy/cgsh_order_operate.html HTTP/1.1" 200 17424
116.230.108.72 - - [08/Apr/2024:11:43:53 +0800] "GET /xingrg/kc/buy/cgsh_order_operate.html?command=get_materiel&rest_code=00155&code=00101001118&supplier_code=00100665&order_time=2024-04-08 HTTP/1.1" 200 427
116.238.97.31 - - [08/Apr/2024:11:43:57 +0800] "POST /xingrg/kc/base/wldb_order_operate.html HTTP/1.1" 200 37
116.238.97.31 - - [08/Apr/2024:11:43:58 +0800] "GET /xingrg/all/function/internal_message.html?_=1712547838163&CODE_STATE=getMsg HTTP/1.1" 200 27
124.78.56.241 - - [08/Apr/2024:11:43:59 +0800] "GET /xingrg/all/function/internal_message.html?_=1712547839190&CODE_STATE=getMsg HTTP/1.1" 200 27
114.83.217.54 - - [08/Apr/2024:11:43:59 +0800] "GET /xingrg/check_reg.html?_=1712547840055 HTTP/1.1" 200 22
101.80.230.31 - - [08/Apr/2024:11:44:00 +0800] "GET /xingrg/all/function/internal_message.html?_=1712547841108&CODE_STATE=getMsg HTTP/1.1" 200 27
180.164.1.25 - - [08/Apr/2024:11:44:01 +0800] "GET /xingrg/kc/buy/cgsh_order_operate.html?command=get_materiel&rest_code=00108&code=00101009066&supplier_code=00100007&order_time=2024-04-08 HTTP/1.1" 200 416
124.78.56.241 - - [08/Apr/2024:11:44:01 +0800] "GET /xingrg/kc/buy/cgsh_order_operate.html?command=get_materiel&rest_code=00141&code=00101001261&supplier_code=00100323&order_time=2024-04-08 HTTP/1.1" 200 410
172.20.0.8 - - [08/Apr/2024:11:44:03 +0800] "GET /xingrg/all/function/internal_message.html?_=1712547843431&CODE_STATE=getMsg HTTP/1.1" 302 -
180.169.147.146 - - [08/Apr/2024:11:44:03 +0800] "GET /xingrg/all/function/internal_message.html?_=1712547843722&CODE_STATE=getMsg HTTP/1.1" 200 27
116.238.97.31 - - [08/Apr/2024:11:44:05 +0800] "POST /xingrg/kc/base/wldb_order_operate.html HTTP/1.1" 200 12
116.238.97.31 - - [08/Apr/2024:11:44:05 +0800] "POST /xingrg/kc/base/wldb_order_operate.html HTTP/1.1" 200 8710
120.253.135.82 - - [08/Apr/2024:11:44:05 +0800] "GET /xingrg/all/function/internal_message.html?_=1712548022891&CODE_STATE=getMsg HTTP/1.1" 200 27
180.169.147.146 - - [08/Apr/2024:11:44:05 +0800] "GET /xingrg/all/function/internal_message.html?_=1712547845952&CODE_STATE=getMsg HTTP/1.1" 200 27
116.238.97.31 - - [08/Apr/2024:11:44:06 +0800] "GET /xingrg/kc/base/wldb_order_info.html?code=422024040800450 HTTP/1.1" 200 26255
116.238.97.31 - - [08/Apr/2024:11:44:06 +0800] "GET /xingrg/javascript/easyui/themes/default/validatebox.css HTTP/1.1" 404 1104
116.238.97.31 - - [08/Apr/2024:11:44:06 +0800] "POST /xingrg/kc/base/wldb_order_operate.html HTTP/1.1" 200 6839
222.70.183.82 - - [08/Apr/2024:11:44:06 +0800] "POST /xingrg/kc/buy/cgsh_order_operate.html HTTP/1.1" 200 37
222.70.183.82 - - [08/Apr/2024:11:44:10 +0800] "POST /xingrg/kc/buy/cgsh_order_operate.html HTTP/1.1" 200 17424
116.230.108.72 - - [08/Apr/2024:11:44:10 +0800] "POST /xingrg/kc/buy/cgsh_order_operate.html HTTP/1.1" 200 88
114.83.217.54 - - [08/Apr/2024:11:44:12 +0800] "GET /xingrg/all/function/internal_message.html?_=1712547852521&CODE_STATE=getMsg HTTP/1.1" 200 27
180.164.1.25 - - [08/Apr/2024:11:44:13 +0800] "GET /xingrg/all/function/internal_message.html?_=1712547854615&CODE_STATE=getMsg HTTP/1.1" 200 27
180.169.147.146 - - [08/Apr/2024:11:44:17 +0800] "GET /xingrg/all/function/internal_message.html?_=1712547858562&CODE_STATE=getMsg HTTP/1.1" 200 27
222.69.132.123 - - [08/Apr/2024:11:44:17 +0800] "GET /xingrg/all/function/internal_message.html?_=1712547859212&CODE_STATE=getMsg HTTP/1.1" 200 27
101.83.144.49 - - [08/Apr/2024:11:44:18 +0800] "GET /xingrg/all/function/internal_message.html?_=1712547858431&CODE_STATE=getMsg HTTP/1.1" 200 27
101.83.144.49 - - [08/Apr/2024:11:44:18 +0800] "GET /xingrg/check_reg.html?_=1712547858435 HTTP/1.1" 200 22
116.230.108.72 - - [08/Apr/2024:11:44:19 +0800] "POST /xingrg/kc/buy/cgsh_order_operate.html HTTP/1.1" 200 37
222.70.183.82 - - [08/Apr/2024:11:44:19 +0800] "POST /xingrg/kc/buy/cgsh_order_operate.html HTTP/1.1" 200 37
124.78.56.241 - - [08/Apr/2024:11:44:20 +0800] "GET /xingrg/check_reg.html?_=1712547860422 HTTP/1.1" 200 22
116.230.108.72 - - [08/Apr/2024:11:44:21 +0800] "POST /xingrg/kc/buy/cgsh_order_operate.html HTTP/1.1" 200 2674
124.78.56.241 - - [08/Apr/2024:11:44:22 +0800] "GET /xingrg/kc/buy/cgsh_order_operate.html?command=get_materiel&rest_code=00141&code=00101004069&supplier_code=00100323&order_time=2024-04-08 HTTP/1.1" 200 418
116.230.108.72 - - [08/Apr/2024:11:44:23 +0800] "GET /xingrg/kc/print/load_data.html?order_code=212024040801804&kc_code=cgsh&condition= HTTP/1.1" 200 681
180.164.1.25 - - [08/Apr/2024:11:44:26 +0800] "GET /xingrg/all/function/internal_message.html?_=1712547865588&CODE_STATE=getMsg HTTP/1.1" 200 27
180.158.9.158 - - [08/Apr/2024:11:44:26 +0800] "GET /xingrg/all/function/internal_message.html?_=1712547864730&CODE_STATE=getMsg HTTP/1.1" 302 -
180.169.147.146 - - [08/Apr/2024:11:44:27 +0800] "GET /xingrg/all/function/internal_message.html?_=1712547866783&CODE_STATE=getMsg HTTP/1.1" 200 27
116.230.108.72 - - [08/Apr/2024:11:44:27 +0800] "GET /xingrg/kc/buy/cgsh_order_add.html HTTP/1.1" 200 73940
116.230.108.72 - - [08/Apr/2024:11:44:28 +0800] "POST /xingrg/kc/buy/cgsh_order_operate.html HTTP/1.1" 200 8245
116.230.108.72 - - [08/Apr/2024:11:44:28 +0800] "GET /xingrg/javascript/easyui/themes/default/validatebox.css HTTP/1.1" 404 1104
218.81.217.36 - - [08/Apr/2024:11:44:29 +0800] "GET /xingrg/check_reg.html?_=1712547871598 HTTP/1.1" 200 22
124.78.159.2 - - [08/Apr/2024:11:44:32 +0800] "GET /xingrg/all/function/internal_message.html?_=1712547872138&CODE_STATE=getMsg HTTP/1.1" 200 27
116.224.254.208 - - [08/Apr/2024:11:44:34 +0800] "GET /xingrg/all/function/internal_message.html?_=1712547874450&CODE_STATE=getMsg HTTP/1.1" 200 27
101.83.144.49 - - [08/Apr/2024:11:44:35 +0800] "GET /xingrg/all/function/internal_message.html?_=1712547635396&CODE_STATE=getMsg HTTP/1.1" 200 27
101.83.144.49 - - [08/Apr/2024:11:44:36 +0800] "GET /xingrg/check_reg.html?_=1712547635836 HTTP/1.1" 200 22
180.169.147.146 - - [08/Apr/2024:11:44:38 +0800] "GET /xingrg/all/function/internal_message.html?_=1712547879894&CODE_STATE=getMsg HTTP/1.1" 200 27
124.78.56.241 - - [08/Apr/2024:11:44:43 +0800] "POST /xingrg/kc/buy/cgsh_order_operate.html HTTP/1.1" 200 37
222.70.183.82 - - [08/Apr/2024:11:44:43 +0800] "POST /xingrg/kc/buy/cgsh_order_operate.html HTTP/1.1" 200 17424
116.230.108.72 - - [08/Apr/2024:11:44:43 +0800] "GET /xingrg/all/function/internal_message.html?_=1712547836822&CODE_STATE=getMsg HTTP/1.1" 200 27
180.164.1.25 - - [08/Apr/2024:11:44:44 +0800] "POST /xingrg/kc/buy/cgsh_order_operate.html HTTP/1.1" 200 2065
124.78.159.2 - - [08/Apr/2024:11:44:44 +0800] "GET /xingrg/all/function/internal_message.html?_=1712547883889&CODE_STATE=getMsg HTTP/1.1" 200 27
222.70.183.82 - - [08/Apr/2024:11:44:45 +0800] "GET /xingrg/kc/print/load_config.html?kc_code=cgsh HTTP/1.1" 200 1927
116.230.108.72 - - [08/Apr/2024:11:44:45 +0800] "GET /xingrg/kc/buy/cgsh_order_operate.html?command=get_materiel&rest_code=00155&code=00101001127&supplier_code=00100442&order_time=2024-04-08 HTTP/1.1" 200 429
222.70.183.82 - - [08/Apr/2024:11:44:46 +0800] "GET /xingrg/kc/print/load_data.html?order_code=212024040801802&kc_code=cgsh&condition= HTTP/1.1" 200 6236
114.85.113.46 - - [08/Apr/2024:11:44:47 +0800] "GET /xingrg/all/function/internal_message.html?_=1712547887609&CODE_STATE=getMsg HTTP/1.1" 200 27
124.78.56.241 - - [08/Apr/2024:11:44:50 +0800] "POST /xingrg/kc/buy/cgsh_order_operate.html HTTP/1.1" 200 12
222.70.183.82 - - [08/Apr/2024:11:44:51 +0800] "GET /xingrg/check_reg.html?_=1712547891039 HTTP/1.1" 200 22
58.40.7.146 - - [08/Apr/2024:11:44:51 +0800] "GET /xingrg/all/function/internal_message.html?_=1712547891760&CODE_STATE=getMsg HTTP/1.1" 200 27
180.164.1.25 - - [08/Apr/2024:11:44:54 +0800] "GET /xingrg/kc/buy/cgsh_order_operate.html?command=get_materiel&rest_code=00108&code=00101009012&supplier_code=00100007&order_time=2024-04-08 HTTP/1.1" 200 409
116.238.97.31 - - [08/Apr/2024:11:44:58 +0800] "GET /xingrg/all/function/internal_message.html?_=1712547898137&CODE_STATE=getMsg HTTP/1.1" 200 27
101.80.230.31 - - [08/Apr/2024:11:45:00 +0800] "GET /xingrg/all/function/internal_message.html?_=1712547901111&CODE_STATE=getMsg HTTP/1.1" 200 27
124.78.56.241 - - [08/Apr/2024:11:45:03 +0800] "GET /xingrg/kc/buy/cgsh_order_info.html?code=212024040801805 HTTP/1.1" 200 68758
172.20.0.8 - - [08/Apr/2024:11:45:03 +0800] "GET /xingrg/all/function/internal_message.html?_=1712547903415&CODE_STATE=getMsg HTTP/1.1" 302 -
180.169.147.146 - - [08/Apr/2024:11:45:03 +0800] "GET /xingrg/check_reg.html?_=1712547903723 HTTP/1.1" 200 22
180.169.147.146 - - [08/Apr/2024:11:45:03 +0800] "GET /xingrg/all/function/internal_message.html?_=1712547903725&CODE_STATE=getMsg HTTP/1.1" 200 27
124.78.56.241 - - [08/Apr/2024:11:45:03 +0800] "GET /xingrg/javascript/easyui/themes/default/validatebox.css HTTP/1.1" 404 1104
120.253.135.82 - - [08/Apr/2024:11:45:05 +0800] "GET /xingrg/all/function/internal_message.html?_=1712548082895&CODE_STATE=getMsg HTTP/1.1" 200 27
180.169.147.146 - - [08/Apr/2024:11:45:05 +0800] "GET /xingrg/all/function/internal_message.html?_=1712547905951&CODE_STATE=getMsg HTTP/1.1" 200 27
116.230.108.72 - - [08/Apr/2024:11:45:08 +0800] "POST /xingrg/kc/buy/cgsh_order_operate.html HTTP/1.1" 200 37
124.78.56.241 - - [08/Apr/2024:11:45:08 +0800] "POST /xingrg/kc/buy/cgsh_order_operate.html HTTP/1.1" 200 1791
124.78.56.241 - - [08/Apr/2024:11:45:09 +0800] "GET /xingrg/kc/print/load_data.html?order_code=212024040801805&kc_code=cgsh&condition= HTTP/1.1" 200 1161
180.164.1.25 - - [08/Apr/2024:11:45:10 +0800] "GET /xingrg/kc/buy/cgsh_order_operate.html?command=get_materiel&rest_code=00108&code=00101009062&supplier_code=00100007&order_time=2024-04-08 HTTP/1.1" 200 412
116.230.108.72 - - [08/Apr/2024:11:45:10 +0800] "POST /xingrg/kc/buy/cgsh_order_operate.html HTTP/1.1" 200 2676
116.230.108.72 - - [08/Apr/2024:11:45:12 +0800] "GET /xingrg/kc/print/load_data.html?order_code=212024040801806&kc_code=cgsh&condition= HTTP/1.1" 200 693
114.83.217.54 - - [08/Apr/2024:11:45:12 +0800] "GET /xingrg/all/function/internal_message.html?_=1712547912492&CODE_STATE=getMsg HTTP/1.1" 200 27
180.164.1.25 - - [08/Apr/2024:11:45:13 +0800] "GET /xingrg/all/function/internal_message.html?_=1712547914602&CODE_STATE=getMsg HTTP/1.1" 200 27
124.78.56.241 - - [08/Apr/2024:11:45:14 +0800] "POST /xingrg/kc/buy/cgsh_order_operate.html HTTP/1.1" 200 8245
124.78.56.241 - - [08/Apr/2024:11:45:14 +0800] "GET /xingrg/javascript/easyui/themes/default/validatebox.css HTTP/1.1" 404 1104
180.169.147.146 - - [08/Apr/2024:11:45:17 +0800] "GET /xingrg/all/function/internal_message.html?_=1712547918561&CODE_STATE=getMsg HTTP/1.1" 200 27
116.230.108.72 - - [08/Apr/2024:11:45:17 +0800] "GET /xingrg/kc/buy/cgsh_order_add.html HTTP/1.1" 200 73940
222.69.132.123 - - [08/Apr/2024:11:45:17 +0800] "GET /xingrg/all/function/internal_message.html?_=1712547919232&CODE_STATE=getMsg HTTP/1.1" 200 27
116.230.108.72 - - [08/Apr/2024:11:45:17 +0800] "POST /xingrg/kc/buy/cgsh_order_operate.html HTTP/1.1" 200 8245
116.230.108.72 - - [08/Apr/2024:11:45:17 +0800] "GET /xingrg/javascript/easyui/themes/default/validatebox.css HTTP/1.1" 404 1104
101.83.144.49 - - [08/Apr/2024:11:45:18 +0800] "GET /xingrg/all/function/internal_message.html?_=1712547918435&CODE_STATE=getMsg HTTP/1.1" 200 27
124.78.56.241 - - [08/Apr/2024:11:45:26 +0800] "GET /xingrg/kc/buy/cgsh_order_operate.html?command=get_materiel&rest_code=00141&code=00101006283&supplier_code=00100558&order_time=2024-04-08 HTTP/1.1" 200 414
180.164.1.25 - - [08/Apr/2024:11:45:26 +0800] "GET /xingrg/all/function/internal_message.html?_=1712547925574&CODE_STATE=getMsg HTTP/1.1" 200 27
180.158.9.158 - - [08/Apr/2024:11:45:26 +0800] "GET /xingrg/all/function/internal_message.html?_=1712547924717&CODE_STATE=getMsg HTTP/1.1" 302 -
180.169.147.146 - - [08/Apr/2024:11:45:27 +0800] "GET /xingrg/check_reg.html?_=1712547926782 HTTP/1.1" 200 22
180.169.147.146 - - [08/Apr/2024:11:45:27 +0800] "GET /xingrg/all/function/internal_message.html?_=1712547926783&CODE_STATE=getMsg HTTP/1.1" 200 27
124.78.159.2 - - [08/Apr/2024:11:45:32 +0800] "GET /xingrg/all/function/internal_message.html?_=1712547932139&CODE_STATE=getMsg HTTP/1.1" 200 27
116.224.254.208 - - [08/Apr/2024:11:45:34 +0800] "GET /xingrg/check_reg.html?_=1712547934454 HTTP/1.1" 200 22
116.224.254.208 - - [08/Apr/2024:11:45:34 +0800] "GET /xingrg/all/function/internal_message.html?_=1712547934457&CODE_STATE=getMsg HTTP/1.1" 200 27
101.83.144.49 - - [08/Apr/2024:11:45:35 +0800] "GET /xingrg/all/function/internal_message.html?_=1712547695368&CODE_STATE=getMsg HTTP/1.1" 200 27
116.230.108.72 - - [08/Apr/2024:11:45:37 +0800] "GET /xingrg/kc/buy/cgsh_order_operate.html?command=get_materiel&rest_code=00155&code=00101012046&supplier_code=00100487&order_time=2024-04-08 HTTP/1.1" 200 417
180.169.147.146 - - [08/Apr/2024:11:45:38 +0800] "GET /xingrg/all/function/internal_message.html?_=1712547939877&CODE_STATE=getMsg HTTP/1.1" 200 27
222.70.183.82 - - [08/Apr/2024:11:45:39 +0800] "GET /xingrg/all/function/internal_message.html?_=1712547939301&CODE_STATE=getMsg HTTP/1.1" 200 27
180.169.147.146 - - [08/Apr/2024:11:45:39 +0800] "GET /xingrg/check_reg.html?_=1712547940861 HTTP/1.1" 200 22
124.78.56.241 - - [08/Apr/2024:11:45:41 +0800] "GET /xingrg/kc/buy/cgsh_order_operate.html?command=get_materiel&rest_code=00141&code=00101006284&supplier_code=00100558&order_time=2024-04-08 HTTP/1.1" 200 418
116.230.108.72 - - [08/Apr/2024:11:45:43 +0800] "GET /xingrg/all/function/internal_message.html?_=1712547896827&CODE_STATE=getMsg HTTP/1.1" 200 27
124.78.159.2 - - [08/Apr/2024:11:45:44 +0800] "GET /xingrg/all/function/internal_message.html?_=1712547943860&CODE_STATE=getMsg HTTP/1.1" 200 27
114.85.113.46 - - [08/Apr/2024:11:45:47 +0800] "GET /xingrg/all/function/internal_message.html?_=1712547947601&CODE_STATE=getMsg HTTP/1.1" 200 27
180.164.1.25 - - [08/Apr/2024:11:45:48 +0800] "GET /xingrg/check_reg.html?_=1712547947039 HTTP/1.1" 200 22
116.230.108.72 - - [08/Apr/2024:11:45:50 +0800] "POST /xingrg/kc/buy/cgsh_order_operate.html HTTP/1.1" 200 37
