116.224.254.208 - - [06/Apr/2024:09:31:51 +0800] "GET /xingrg/all/function/internal_message.html?_=1712367111410&CODE_STATE=getMsg HTTP/1.1" 200 27
116.237.77.65 - - [06/Apr/2024:09:31:52 +0800] "GET /xingrg/kc/buy/cgsh_order_add.html HTTP/1.1" 200 73852
116.237.77.65 - - [06/Apr/2024:09:31:52 +0800] "POST /xingrg/kc/buy/cgsh_order_operate.html HTTP/1.1" 200 8245
116.237.77.65 - - [06/Apr/2024:09:31:52 +0800] "GET /xingrg/javascript/easyui/themes/default/validatebox.css HTTP/1.1" 404 1104
116.237.77.65 - - [06/Apr/2024:09:31:55 +0800] "GET /xingrg/javascript/easyui/themes/default/tree.css HTTP/1.1" 404 1090
114.83.223.206 - - [06/Apr/2024:09:31:55 +0800] "GET /xingrg/all/function/internal_message.html?_=1712367112134&CODE_STATE=getMsg HTTP/1.1" 200 27
114.83.223.206 - - [06/Apr/2024:09:31:55 +0800] "GET /xingrg/check_reg.html?_=1712367112138 HTTP/1.1" 200 22
116.237.77.65 - - [06/Apr/2024:09:31:55 +0800] "POST /xingrg/all/common/load_tree.html?tree=supplier_tree_json&isDelete=1 HTTP/1.1" 200 79163
116.224.254.208 - - [06/Apr/2024:09:31:56 +0800] "GET /xingrg/kc/buy/cgsh_order_operate.html?command=get_materiel&rest_code=00151&code=00101008161&supplier_code=00100008&order_time=2024-04-06 HTTP/1.1" 200 408
222.69.133.138 - - [06/Apr/2024:09:31:56 +0800] "GET /xingrg/all/function/internal_message.html?_=1712367118118&CODE_STATE=getMsg HTTP/1.1" 200 27
120.253.135.82 - - [06/Apr/2024:09:31:58 +0800] "GET /xingrg/all/function/internal_message.html?_=1712366963109&CODE_STATE=getMsg HTTP/1.1" 200 27
180.169.147.146 - - [06/Apr/2024:09:32:00 +0800] "GET /xingrg/all/function/internal_message.html?_=1712367119865&CODE_STATE=getMsg HTTP/1.1" 200 27
172.20.0.8 - - [06/Apr/2024:09:32:04 +0800] "GET /xingrg/all/function/internal_message.html?_=1712367124814&CODE_STATE=getMsg HTTP/1.1" 302 -
116.224.254.208 - - [06/Apr/2024:09:32:05 +0800] "POST /xingrg/kc/buy/cgsh_order_operate.html HTTP/1.1" 200 37
120.253.135.82 - - [06/Apr/2024:09:32:10 +0800] "GET /xingrg/kc/pszx/mdqp_order_list.html?state=10 HTTP/1.1" 200 10755
120.253.135.82 - - [06/Apr/2024:09:32:10 +0800] "GET /xingrg/dwr/interface/AjaxQqpsService.js HTTP/1.1" 200 16326
120.253.135.82 - - [06/Apr/2024:09:32:10 +0800] "GET /xingrg/dwr/interface/AjaxReportQueryService.js HTTP/1.1" 200 13203
120.253.135.82 - - [06/Apr/2024:09:32:10 +0800] "GET /xingrg/dwr/engine.js HTTP/1.1" 200 43631
124.78.56.241 - - [06/Apr/2024:09:32:10 +0800] "GET /xingrg/all/function/internal_message.html?_=1712367130616&CODE_STATE=getMsg HTTP/1.1" 200 27
180.164.1.25 - - [06/Apr/2024:09:32:12 +0800] "GET /xingrg/check_reg.html?_=1712367132184 HTTP/1.1" 200 22
180.164.1.25 - - [06/Apr/2024:09:32:12 +0800] "GET /xingrg/all/function/internal_message.html?_=1712367132185&CODE_STATE=getMsg HTTP/1.1" 200 27
120.253.135.82 - - [06/Apr/2024:09:32:13 +0800] "GET /xingrg/kc/pszx/mdps_order_list.html?orderType=0 HTTP/1.1" 200 21033
120.253.135.82 - - [06/Apr/2024:09:32:13 +0800] "GET /xingrg/javascript/easyui/themes/icons/edit_add_new.png HTTP/1.1" 304 -
120.253.135.82 - - [06/Apr/2024:09:32:13 +0800] "GET /xingrg/javascript/easyui/themes/icons/check_new.png HTTP/1.1" 304 -
120.253.135.82 - - [06/Apr/2024:09:32:13 +0800] "GET /xingrg/javascript/easyui/themes/icons/cance_new.png HTTP/1.1" 304 -
120.253.135.82 - - [06/Apr/2024:09:32:13 +0800] "GET /xingrg/javascript/easyui/themes/icons/uncheck_new.png HTTP/1.1" 304 -
120.253.135.82 - - [06/Apr/2024:09:32:13 +0800] "GET /xingrg/javascript/easyui/themes/icons/field_new.png HTTP/1.1" 304 -
120.253.135.82 - - [06/Apr/2024:09:32:13 +0800] "POST /xingrg/kc/pszx/mdps_list_operate.html HTTP/1.1" 200 5235
101.83.144.49 - - [06/Apr/2024:09:32:14 +0800] "GET /xingrg/all/function/internal_message.html?_=1712367135543&CODE_STATE=getMsg HTTP/1.1" 200 27
222.70.183.82 - - [06/Apr/2024:09:32:14 +0800] "GET /xingrg/all/function/internal_message.html?_=1712367131623&CODE_STATE=getMsg HTTP/1.1" 200 27
180.163.30.27 - - [06/Apr/2024:09:32:15 +0800] "GET /xingrg/kc/print/load_data.html?order_code=212024040601256&kc_code=cgsh&condition= HTTP/1.1" 302 -
180.163.30.27 - - [06/Apr/2024:09:32:15 +0800] "GET /xingrg/login.html HTTP/1.1" 200 7641
120.253.135.82 - - [06/Apr/2024:09:32:15 +0800] "GET /xingrg/javascript/auto/indicator.gif HTTP/1.1" 404 1066
116.237.77.65 - - [06/Apr/2024:09:32:17 +0800] "GET /xingrg/kc/buy/cgsh_order_operate.html?command=get_materiel&rest_code=00106&code=00101011005&supplier_code=00100096&order_time=2024-04-06 HTTP/1.1" 200 430
180.169.147.146 - - [06/Apr/2024:09:32:19 +0800] "GET /xingrg/all/function/internal_message.html?_=1712367139252&CODE_STATE=getMsg HTTP/1.1" 200 27
120.253.135.82 - - [06/Apr/2024:09:32:20 +0800] "GET /xingrg/kc/pszx/mdps_order_operate.html?command=get_materiel&pszx_code=00101&rest_code=00105&base_code=0010250&code=00102003034 HTTP/1.1" 200 441
120.253.135.82 - - [06/Apr/2024:09:32:21 +0800] "GET /xingrg/all/function/internal_message.html?_=1712367139749&CODE_STATE=getMsg HTTP/1.1" 200 27
120.253.135.82 - - [06/Apr/2024:09:32:22 +0800] "POST /xingrg/kc/pszx/mdps_list_operate.html HTTP/1.1" 200 2061
172.20.0.100 - - [06/Apr/2024:09:32:22 +0800] "GET /xingrg/all/function/internal_message.html?_=1712367158201&CODE_STATE=getMsg HTTP/1.1" 302 -
172.20.0.100 - - [06/Apr/2024:09:32:22 +0800] "GET /xingrg/check_reg.html?_=1712367158203 HTTP/1.1" 302 -
120.253.135.82 - - [06/Apr/2024:09:32:23 +0800] "POST /xingrg/kc/pszx/mdps_list_operate.html HTTP/1.1" 200 348
120.253.135.82 - - [06/Apr/2024:09:32:24 +0800] "GET /xingrg/kc/pszx/mdps_order_info.html?code=312024040600094 HTTP/1.1" 200 23978
120.253.135.82 - - [06/Apr/2024:09:32:24 +0800] "GET /xingrg/javascript/convert.js HTTP/1.1" 304 -
120.253.135.82 - - [06/Apr/2024:09:32:24 +0800] "GET /xingrg/javascript/json2.js HTTP/1.1" 304 -
120.253.135.82 - - [06/Apr/2024:09:32:24 +0800] "GET /xingrg/javascript/print/kc_print.js HTTP/1.1" 304 -
120.253.135.82 - - [06/Apr/2024:09:32:24 +0800] "GET /xingrg/javascript/jquery_tools/order_manager.js HTTP/1.1" 304 -
120.253.135.82 - - [06/Apr/2024:09:32:24 +0800] "GET /xingrg/words/20240404131803_words.js HTTP/1.1" 304 -
120.253.135.82 - - [06/Apr/2024:09:32:25 +0800] "GET /xingrg/javascript/easyui/themes/icons/copy_new.png HTTP/1.1" 304 -
120.253.135.82 - - [06/Apr/2024:09:32:25 +0800] "GET /xingrg/javascript/easyui/themes/icons/ok.png HTTP/1.1" 304 -
120.253.135.82 - - [06/Apr/2024:09:32:25 +0800] "GET /xingrg/javascript/easyui/themes/icons/print.png HTTP/1.1" 304 -
120.253.135.82 - - [06/Apr/2024:09:32:25 +0800] "GET /xingrg/javascript/easyui/themes/default/images/menu_downarrow.png HTTP/1.1" 304 -
120.253.135.82 - - [06/Apr/2024:09:32:25 +0800] "GET /xingrg/javascript/easyui/themes/icons/cancel.png HTTP/1.1" 304 -
116.238.97.31 - - [06/Apr/2024:09:32:25 +0800] "GET /xingrg/kc/mdqp/qqps_order_list.html HTTP/1.1" 200 9668
116.238.97.31 - - [06/Apr/2024:09:32:25 +0800] "GET /xingrg/css/blue.css HTTP/1.1" 200 15949
116.238.97.31 - - [06/Apr/2024:09:32:25 +0800] "GET /xingrg/dwr/util.js HTTP/1.1" 200 35990
116.238.97.31 - - [06/Apr/2024:09:32:25 +0800] "GET /xingrg/dwr/interface/AjaxQqpsService.js HTTP/1.1" 200 16326
116.238.97.31 - - [06/Apr/2024:09:32:25 +0800] "GET /xingrg/javascript/Calendar.js HTTP/1.1" 200 31561
116.238.97.31 - - [06/Apr/2024:09:32:25 +0800] "GET /xingrg/javascript/myfunction.js HTTP/1.1" 200 24559
116.238.97.31 - - [06/Apr/2024:09:32:25 +0800] "GET /xingrg/dwr/interface/AjaxReportQueryService.js HTTP/1.1" 200 13203
116.238.97.31 - - [06/Apr/2024:09:32:25 +0800] "GET /xingrg/dwr/engine.js HTTP/1.1" 200 43631
116.238.97.31 - - [06/Apr/2024:09:32:25 +0800] "GET /xingrg/javascript/ToolTips.js HTTP/1.1" 200 5615
120.253.135.82 - - [06/Apr/2024:09:32:25 +0800] "GET /xingrg/javascript/easyui/plugins/jquery.validatebox.js HTTP/1.1" 304 -
120.253.135.82 - - [06/Apr/2024:09:32:25 +0800] "GET /xingrg/javascript/easyui/themes/default/validatebox.css HTTP/1.1" 404 1104
116.238.97.31 - - [06/Apr/2024:09:32:25 +0800] "GET /xingrg/javascript/jquery_easy_ui/themes/icons/check_new.png HTTP/1.1" 200 3224
116.238.97.31 - - [06/Apr/2024:09:32:25 +0800] "GET /xingrg/javascript/jquery_easy_ui/themes/icons/edit_add_new.png HTTP/1.1" 200 2997
116.238.97.31 - - [06/Apr/2024:09:32:25 +0800] "GET /xingrg/javascript/jquery_easy_ui/themes/icons/uncheck_new.png HTTP/1.1" 200 3197
116.238.97.31 - - [06/Apr/2024:09:32:25 +0800] "GET /xingrg/javascript/jquery_easy_ui/themes/icons/cance_new.png HTTP/1.1" 200 3986
120.253.135.82 - - [06/Apr/2024:09:32:25 +0800] "GET /xingrg/javascript/easyui/plugins/jquery.numberbox.js HTTP/1.1" 304 -
120.253.135.82 - - [06/Apr/2024:09:32:25 +0800] "GET /xingrg/all/common/auto_word.html?type=base&rest_code=00101 HTTP/1.1" 200 671
120.253.135.82 - - [06/Apr/2024:09:32:25 +0800] "POST /xingrg/kc/pszx/mdps_order_operate.html HTTP/1.1" 200 3248
120.253.135.82 - - [06/Apr/2024:09:32:25 +0800] "GET /xingrg/javascript/easyui/themes/icons/edit_remove.png HTTP/1.1" 304 -
120.253.135.82 - - [06/Apr/2024:09:32:25 +0800] "GET /xingrg/javascript/easyui/themes/default/images/button_plain_hover.png HTTP/1.1" 304 -
120.253.135.82 - - [06/Apr/2024:09:32:29 +0800] "POST /xingrg/kc/pszx/mdps_order_operate.html HTTP/1.1" 200 37
116.238.97.31 - - [06/Apr/2024:09:32:29 +0800] "GET /xingrg/kc/mdqp/qqps_order_info.html?code=302024040600068 HTTP/1.1" 200 26710
116.238.97.31 - - [06/Apr/2024:09:32:29 +0800] "GET /xingrg/javascript/tools/jquery.qtip-1.0.0-rc3.min.js HTTP/1.1" 200 38404
116.238.97.31 - - [06/Apr/2024:09:32:29 +0800] "GET /xingrg/dwr/interface/AjaxComOrderService.js HTTP/1.1" 200 18264
116.238.97.31 - - [06/Apr/2024:09:32:29 +0800] "GET /xingrg/dwr/interface/AjaxQqpsService.js HTTP/1.1" 200 16326
116.238.97.31 - - [06/Apr/2024:09:32:29 +0800] "GET /xingrg/dwr/engine.js HTTP/1.1" 200 43631
116.238.97.31 - - [06/Apr/2024:09:32:29 +0800] "GET /xingrg/javascript/AjaxInfoList.js HTTP/1.1" 200 3774
116.238.97.31 - - [06/Apr/2024:09:32:29 +0800] "GET /xingrg/javascript/Grid.js HTTP/1.1" 200 58908
116.238.97.31 - - [06/Apr/2024:09:32:29 +0800] "GET /xingrg/javascript/jquery_easy_ui/themes/icons/template_new.png HTTP/1.1" 200 3956
116.238.97.31 - - [06/Apr/2024:09:32:29 +0800] "GET /xingrg/javascript/jquery_easy_ui/themes/icons/copy_new.png HTTP/1.1" 200 815
116.238.97.31 - - [06/Apr/2024:09:32:29 +0800] "GET /xingrg/javascript/jquery_easy_ui/themes/icons/print.png HTTP/1.1" 200 1057
116.238.97.31 - - [06/Apr/2024:09:32:29 +0800] "GET /xingrg/javascript/jquery_easy_ui/themes/default/images/menu_downarrow.png HTTP/1.1" 200 173
116.238.97.31 - - [06/Apr/2024:09:32:29 +0800] "GET /xingrg/javascript/jquery_easy_ui/themes/icons/back_new.png HTTP/1.1" 200 3414
116.238.97.31 - - [06/Apr/2024:09:32:30 +0800] "GET /xingrg/images/blue/wait.gif HTTP/1.1" 200 1100
116.238.97.31 - - [06/Apr/2024:09:32:30 +0800] "GET /xingrg/javascript/jquery_easy_ui/themes/default/images/combo_arrow_dot.gif HTTP/1.1" 200 79
116.238.97.31 - - [06/Apr/2024:09:32:30 +0800] "GET /xingrg/images/blue/kc_tab_left.gif HTTP/1.1" 200 188
116.238.97.31 - - [06/Apr/2024:09:32:30 +0800] "GET /xingrg/images/blue/kc_tab_right.gif HTTP/1.1" 200 643
116.238.97.31 - - [06/Apr/2024:09:32:30 +0800] "GET /xingrg/images/blue/kc_tab_mid.gif HTTP/1.1" 200 44
116.238.97.31 - - [06/Apr/2024:09:32:30 +0800] "POST /xingrg/dwr/call/plaincall/AjaxQqpsService.loadMaterielItems.dwr HTTP/1.1" 200 324
116.238.97.31 - - [06/Apr/2024:09:32:31 +0800] "GET /xingrg/all/function/internal_message.html?_=1712367150807&CODE_STATE=getMsg HTTP/1.1" 200 27
116.238.97.31 - - [06/Apr/2024:09:32:32 +0800] "GET /xingrg/check_reg.html?_=1712367151557 HTTP/1.1" 200 22
116.237.77.65 - - [06/Apr/2024:09:32:33 +0800] "GET /xingrg/kc/buy/cgsh_order_operate.html?command=get_materiel&rest_code=00106&code=00101016017&supplier_code=00100096&order_time=2024-04-06 HTTP/1.1" 200 408
120.253.135.82 - - [06/Apr/2024:09:32:33 +0800] "POST /xingrg/kc/pszx/mdps_order_operate.html HTTP/1.1" 200 12
120.253.135.82 - - [06/Apr/2024:09:32:35 +0800] "GET /xingrg/kc/pszx/mdps_order_info.html?code=312024040600094 HTTP/1.1" 200 19638
120.253.135.82 - - [06/Apr/2024:09:32:35 +0800] "GET /xingrg/javascript/easyui/themes/default/validatebox.css HTTP/1.1" 404 1104
120.253.135.82 - - [06/Apr/2024:09:32:36 +0800] "POST /xingrg/kc/pszx/mdps_order_operate.html HTTP/1.1" 200 1459
116.224.254.208 - - [06/Apr/2024:09:32:38 +0800] "POST /xingrg/kc/buy/cgsh_order_operate.html HTTP/1.1" 200 14637
120.253.135.82 - - [06/Apr/2024:09:32:39 +0800] "GET /xingrg/kc/pszx/mdps_order_info.html?code=312024040600094 HTTP/1.1" 200 19638
120.253.135.82 - - [06/Apr/2024:09:32:40 +0800] "GET /xingrg/javascript/easyui/themes/default/validatebox.css HTTP/1.1" 404 1104
120.253.135.82 - - [06/Apr/2024:09:32:40 +0800] "POST /xingrg/kc/pszx/mdps_order_operate.html HTTP/1.1" 200 1459
120.253.135.82 - - [06/Apr/2024:09:32:41 +0800] "POST /xingrg/kc/pszx/mdps_order_operate.html HTTP/1.1" 200 37
120.253.135.82 - - [06/Apr/2024:09:32:42 +0800] "POST /xingrg/kc/pszx/mdps_list_operate.html HTTP/1.1" 200 1690
101.83.144.49 - - [06/Apr/2024:09:32:42 +0800] "GET /xingrg/all/function/internal_message.html?_=1712366921933&CODE_STATE=getMsg HTTP/1.1" 200 27
180.163.28.114 - - [06/Apr/2024:09:32:42 +0800] "GET /xingrg/all/function/internal_message.html?_=1712367100998&CODE_STATE=getMsg HTTP/1.1" 302 -
180.163.28.114 - - [06/Apr/2024:09:32:42 +0800] "GET /xingrg/login.html HTTP/1.1" 200 7641
116.237.77.65 - - [06/Apr/2024:09:32:42 +0800] "GET /xingrg/all/function/internal_message.html?_=1712367160993&CODE_STATE=getMsg HTTP/1.1" 200 27
120.253.135.82 - - [06/Apr/2024:09:32:44 +0800] "GET /xingrg/kc/pszx/mdqp_order_list.html?state=10 HTTP/1.1" 200 10755
120.253.135.82 - - [06/Apr/2024:09:32:44 +0800] "GET /xingrg/dwr/interface/AjaxQqpsService.js HTTP/1.1" 200 16326
120.253.135.82 - - [06/Apr/2024:09:32:44 +0800] "GET /xingrg/dwr/interface/AjaxReportQueryService.js HTTP/1.1" 200 13203
120.253.135.82 - - [06/Apr/2024:09:32:44 +0800] "GET /xingrg/dwr/engine.js HTTP/1.1" 200 43631
120.253.135.82 - - [06/Apr/2024:09:32:46 +0800] "GET /xingrg/kc/pszx/mdqp_order_info.html?code=302024040600070 HTTP/1.1" 200 13338
120.253.135.82 - - [06/Apr/2024:09:32:46 +0800] "GET /xingrg/dwr/interface/AjaxComOrderService.js HTTP/1.1" 200 18264
120.253.135.82 - - [06/Apr/2024:09:32:46 +0800] "GET /xingrg/dwr/interface/AjaxQqpsService.js HTTP/1.1" 200 16326
120.253.135.82 - - [06/Apr/2024:09:32:46 +0800] "GET /xingrg/dwr/engine.js HTTP/1.1" 200 43631
120.253.135.82 - - [06/Apr/2024:09:32:46 +0800] "GET /xingrg/javascript/Grid.js HTTP/1.1" 304 -
120.253.135.82 - - [06/Apr/2024:09:32:46 +0800] "GET /xingrg/javascript/tools/jquery.qtip-1.0.0-rc3.min.js HTTP/1.1" 304 -
120.253.135.82 - - [06/Apr/2024:09:32:46 +0800] "GET /xingrg/javascript/ToolTips.js HTTP/1.1" 304 -
120.253.135.82 - - [06/Apr/2024:09:32:46 +0800] "GET /xingrg/javascript/checkform.js HTTP/1.1" 304 -
120.253.135.82 - - [06/Apr/2024:09:32:46 +0800] "GET /xingrg/javascript/AjaxInfoList.js HTTP/1.1" 304 -
120.253.135.82 - - [06/Apr/2024:09:32:47 +0800] "GET /xingrg/javascript/jquery_easy_ui/themes/icons/print.png HTTP/1.1" 304 -
120.253.135.82 - - [06/Apr/2024:09:32:47 +0800] "GET /xingrg/javascript/jquery_easy_ui/themes/default/images/menu_downarrow.png HTTP/1.1" 304 -
120.253.135.82 - - [06/Apr/2024:09:32:47 +0800] "GET /xingrg/images/blue/button/kc_tab_edit.gif HTTP/1.1" 304 -
120.253.135.82 - - [06/Apr/2024:09:32:47 +0800] "GET /xingrg/images/blue/button/kc_tab_save.gif HTTP/1.1" 304 -
120.253.135.82 - - [06/Apr/2024:09:32:47 +0800] "GET /xingrg/images/blue/kc_tab2_right.gif HTTP/1.1" 304 -
120.253.135.82 - - [06/Apr/2024:09:32:47 +0800] "GET /xingrg/images/blue/kc_tab_right.gif HTTP/1.1" 304 -
120.253.135.82 - - [06/Apr/2024:09:32:47 +0800] "GET /xingrg/images/blue/kc_tab_mid.gif HTTP/1.1" 304 -
120.253.135.82 - - [06/Apr/2024:09:32:47 +0800] "GET /xingrg/images/blue/kc_tab2_left.gif HTTP/1.1" 304 -
120.253.135.82 - - [06/Apr/2024:09:32:47 +0800] "GET /xingrg/images/blue/kc_tab_left.gif HTTP/1.1" 304 -
120.253.135.82 - - [06/Apr/2024:09:32:47 +0800] "GET /xingrg/images/blue/wait.gif HTTP/1.1" 304 -
120.253.135.82 - - [06/Apr/2024:09:32:47 +0800] "POST /xingrg/dwr/call/plaincall/AjaxQqpsService.loadMaterielItems.dwr HTTP/1.1" 200 2367
116.224.254.208 - - [06/Apr/2024:09:32:48 +0800] "GET /xingrg/all/function/internal_message.html?_=1712367168225&CODE_STATE=getMsg HTTP/1.1" 200 27
120.253.135.82 - - [06/Apr/2024:09:32:49 +0800] "GET /xingrg/kc/pszx/mdps_order_info.html?code=312024040600102 HTTP/1.1" 200 23972
120.253.135.82 - - [06/Apr/2024:09:32:50 +0800] "GET /xingrg/javascript/easyui/themes/default/validatebox.css HTTP/1.1" 404 1104
120.253.135.82 - - [06/Apr/2024:09:32:50 +0800] "POST /xingrg/kc/pszx/mdps_order_operate.html HTTP/1.1" 200 3260
116.224.254.208 - - [06/Apr/2024:09:32:51 +0800] "GET /xingrg/all/function/internal_message.html?_=1712367171412&CODE_STATE=getMsg HTTP/1.1" 200 27
180.163.30.85 - - [06/Apr/2024:09:32:51 +0800] "GET /xingrg/kc/buy/cgsh_order_add.html HTTP/1.1" 302 -
180.163.30.85 - - [06/Apr/2024:09:32:51 +0800] "GET /xingrg/login.html HTTP/1.1" 200 7641
116.238.97.31 - - [06/Apr/2024:09:32:53 +0800] "GET /xingrg/kc/mdqp/qqps_order_list.html HTTP/1.1" 200 9668
116.238.97.31 - - [06/Apr/2024:09:32:53 +0800] "GET /xingrg/dwr/interface/AjaxQqpsService.js HTTP/1.1" 200 16326
116.238.97.31 - - [06/Apr/2024:09:32:53 +0800] "GET /xingrg/dwr/interface/AjaxReportQueryService.js HTTP/1.1" 200 13203
116.238.97.31 - - [06/Apr/2024:09:32:53 +0800] "GET /xingrg/dwr/engine.js HTTP/1.1" 200 43631
120.253.135.82 - - [06/Apr/2024:09:32:54 +0800] "GET /xingrg/kc/pszx/mdps_order_add.html HTTP/1.1" 200 29102
120.253.135.82 - - [06/Apr/2024:09:32:54 +0800] "POST /xingrg/kc/pszx/mdps_order_operate.html HTTP/1.1" 200 7126
120.253.135.82 - - [06/Apr/2024:09:32:54 +0800] "GET /xingrg/javascript/easyui/themes/default/validatebox.css HTTP/1.1" 404 1104
114.83.223.206 - - [06/Apr/2024:09:32:55 +0800] "GET /xingrg/all/function/internal_message.html?_=1712367172134&CODE_STATE=getMsg HTTP/1.1" 200 27
222.69.133.138 - - [06/Apr/2024:09:32:56 +0800] "GET /xingrg/check_reg.html?_=1712367178107 HTTP/1.1" 200 22
222.69.133.138 - - [06/Apr/2024:09:32:56 +0800] "GET /xingrg/all/function/internal_message.html?_=1712367178111&CODE_STATE=getMsg HTTP/1.1" 200 27
120.253.135.82 - - [06/Apr/2024:09:32:58 +0800] "GET /xingrg/all/function/internal_message.html?_=1712367023122&CODE_STATE=getMsg HTTP/1.1" 200 27
180.169.147.146 - - [06/Apr/2024:09:33:00 +0800] "GET /xingrg/all/function/internal_message.html?_=1712367179854&CODE_STATE=getMsg HTTP/1.1" 200 27
120.253.135.82 - - [06/Apr/2024:09:33:02 +0800] "POST /xingrg/all/common/load_combo.html?type=base HTTP/1.1" 200 1169
116.237.77.65 - - [06/Apr/2024:09:33:03 +0800] "GET /xingrg/kc/buy/cgsh_order_operate.html?command=get_materiel&rest_code=00106&code=00101007072&supplier_code=00100096&order_time=2024-04-06 HTTP/1.1" 200 419
172.20.0.8 - - [06/Apr/2024:09:33:04 +0800] "GET /xingrg/all/function/internal_message.html?_=1712367184815&CODE_STATE=getMsg HTTP/1.1" 302 -
124.78.56.241 - - [06/Apr/2024:09:33:10 +0800] "GET /xingrg/all/function/internal_message.html?_=1712367190593&CODE_STATE=getMsg HTTP/1.1" 200 27
180.164.1.25 - - [06/Apr/2024:09:33:12 +0800] "GET /xingrg/all/function/internal_message.html?_=1712367192186&CODE_STATE=getMsg HTTP/1.1" 200 27
120.253.135.82 - - [06/Apr/2024:09:33:13 +0800] "GET /xingrg/kc/pszx/mdps_order_operate.html?command=get_materiel&pszx_code=00101&rest_code=00106&base_code=0010250&code=00102006553 HTTP/1.1" 200 429
101.83.144.49 - - [06/Apr/2024:09:33:14 +0800] "GET /xingrg/all/function/internal_message.html?_=1712367195536&CODE_STATE=getMsg HTTP/1.1" 200 27
180.163.29.103 - - [06/Apr/2024:09:33:14 +0800] "GET /xingrg/kc/buy/cgsh_order_operate.html?command=get_materiel&rest_code=00106&code=00101011005&supplier_code=00100096&order_time=2024-04-06 HTTP/1.1" 302 -
180.163.29.103 - - [06/Apr/2024:09:33:14 +0800] "GET /xingrg/login.html HTTP/1.1" 200 7641
222.70.183.82 - - [06/Apr/2024:09:33:14 +0800] "GET /xingrg/all/function/internal_message.html?_=1712367191607&CODE_STATE=getMsg HTTP/1.1" 200 27
222.70.183.82 - - [06/Apr/2024:09:33:16 +0800] "GET /xingrg/check_reg.html?_=1712367193417 HTTP/1.1" 200 22
116.237.77.65 - - [06/Apr/2024:09:33:18 +0800] "GET /xingrg/kc/buy/cgsh_order_operate.html?command=get_materiel&rest_code=00106&code=00101007128&supplier_code=00100096&order_time=2024-04-06 HTTP/1.1" 200 405
180.169.147.146 - - [06/Apr/2024:09:33:19 +0800] "GET /xingrg/check_reg.html?_=1712367199232 HTTP/1.1" 200 22
180.169.147.146 - - [06/Apr/2024:09:33:19 +0800] "GET /xingrg/all/function/internal_message.html?_=1712367199237&CODE_STATE=getMsg HTTP/1.1" 200 27
116.224.254.208 - - [06/Apr/2024:09:33:20 +0800] "POST /xingrg/kc/buy/cgsh_order_operate.html HTTP/1.1" 200 37
120.253.135.82 - - [06/Apr/2024:09:33:21 +0800] "GET /xingrg/all/function/internal_message.html?_=1712367199751&CODE_STATE=getMsg HTTP/1.1" 200 27
172.20.0.100 - - [06/Apr/2024:09:33:22 +0800] "GET /xingrg/all/function/internal_message.html?_=1712367218201&CODE_STATE=getMsg HTTP/1.1" 302 -
124.78.56.241 - - [06/Apr/2024:09:33:22 +0800] "GET /xingrg/check_reg.html?_=1712367202981 HTTP/1.1" 200 22
116.224.254.208 - - [06/Apr/2024:09:33:30 +0800] "POST /xingrg/kc/buy/cgsh_order_operate.html HTTP/1.1" 200 12
116.238.97.31 - - [06/Apr/2024:09:33:31 +0800] "GET /xingrg/all/function/internal_message.html?_=1712367210777&CODE_STATE=getMsg HTTP/1.1" 200 27
116.224.254.208 - - [06/Apr/2024:09:33:33 +0800] "GET /xingrg/kc/buy/cgsh_order_info.html?code=212024040601257 HTTP/1.1" 200 68369
116.224.254.208 - - [06/Apr/2024:09:33:34 +0800] "GET /xingrg/javascript/easyui/themes/default/validatebox.css HTTP/1.1" 404 1104
116.224.254.208 - - [06/Apr/2024:09:33:35 +0800] "POST /xingrg/kc/buy/cgsh_order_operate.html HTTP/1.1" 200 12582
180.163.29.206 - - [06/Apr/2024:09:33:36 +0800] "GET /xingrg/check_reg.html?_=1712366740975 HTTP/1.1" 302 -
180.163.29.206 - - [06/Apr/2024:09:33:36 +0800] "GET /xingrg/login.html HTTP/1.1" 200 7641
116.224.254.208 - - [06/Apr/2024:09:33:37 +0800] "GET /xingrg/kc/print/load_data.html?order_code=212024040601257&kc_code=cgsh&condition= HTTP/1.1" 200 5349
116.238.97.31 - - [06/Apr/2024:09:33:40 +0800] "GET /xingrg/kc/mdqp/qqps_order_list.html HTTP/1.1" 200 9668
116.238.97.31 - - [06/Apr/2024:09:33:40 +0800] "GET /xingrg/dwr/interface/AjaxQqpsService.js HTTP/1.1" 200 16326
116.238.97.31 - - [06/Apr/2024:09:33:40 +0800] "GET /xingrg/dwr/interface/AjaxReportQueryService.js HTTP/1.1" 200 13203
116.238.97.31 - - [06/Apr/2024:09:33:40 +0800] "GET /xingrg/dwr/engine.js HTTP/1.1" 200 43631
101.83.144.49 - - [06/Apr/2024:09:33:42 +0800] "GET /xingrg/all/function/internal_message.html?_=1712366981942&CODE_STATE=getMsg HTTP/1.1" 200 27
116.237.77.65 - - [06/Apr/2024:09:33:42 +0800] "GET /xingrg/all/function/internal_message.html?_=1712367220979&CODE_STATE=getMsg HTTP/1.1" 200 27
116.237.77.65 - - [06/Apr/2024:09:33:43 +0800] "GET /xingrg/kc/buy/cgsh_order_operate.html?command=get_materiel&rest_code=00106&code=00101007061&supplier_code=00100096&order_time=2024-04-06 HTTP/1.1" 200 411
120.253.135.82 - - [06/Apr/2024:09:33:45 +0800] "GET /xingrg/kc/pszx/mdps_order_operate.html?command=get_materiel&pszx_code=00101&rest_code=00106&base_code=0010250&code=00102003636 HTTP/1.1" 200 453
116.238.97.31 - - [06/Apr/2024:09:33:47 +0800] "GET /xingrg/kc/mdqp/qqps_order_list.html?isQuery=1&timeSelect=1&orderTime=day&startTime=2024-04-05&endTime=2024-04-05&state=all&query=%C8%B7++%B6%A8 HTTP/1.1" 200 9763
116.238.97.31 - - [06/Apr/2024:09:33:47 +0800] "GET /xingrg/dwr/interface/AjaxQqpsService.js HTTP/1.1" 200 16326
116.238.97.31 - - [06/Apr/2024:09:33:47 +0800] "GET /xingrg/dwr/interface/AjaxReportQueryService.js HTTP/1.1" 200 13203
116.238.97.31 - - [06/Apr/2024:09:33:47 +0800] "GET /xingrg/dwr/engine.js HTTP/1.1" 200 43631
116.224.254.208 - - [06/Apr/2024:09:33:48 +0800] "GET /xingrg/all/function/internal_message.html?_=1712367228202&CODE_STATE=getMsg HTTP/1.1" 200 27
116.238.97.31 - - [06/Apr/2024:09:33:48 +0800] "GET /xingrg/kc/mdqp/qqps_order_info.html?code=302024040500066 HTTP/1.1" 200 26697
116.238.97.31 - - [06/Apr/2024:09:33:48 +0800] "GET /xingrg/dwr/interface/AjaxComOrderService.js HTTP/1.1" 200 18264
116.238.97.31 - - [06/Apr/2024:09:33:48 +0800] "GET /xingrg/dwr/interface/AjaxQqpsService.js HTTP/1.1" 200 16326
116.238.97.31 - - [06/Apr/2024:09:33:48 +0800] "GET /xingrg/dwr/engine.js HTTP/1.1" 200 43631
116.238.97.31 - - [06/Apr/2024:09:33:49 +0800] "POST /xingrg/dwr/call/plaincall/AjaxQqpsService.loadMaterielItems.dwr HTTP/1.1" 200 324
116.224.254.208 - - [06/Apr/2024:09:33:51 +0800] "GET /xingrg/all/function/internal_message.html?_=1712367231423&CODE_STATE=getMsg HTTP/1.1" 200 27
114.83.223.206 - - [06/Apr/2024:09:33:55 +0800] "GET /xingrg/all/function/internal_message.html?_=1712367232134&CODE_STATE=getMsg HTTP/1.1" 200 27
222.69.133.138 - - [06/Apr/2024:09:33:56 +0800] "GET /xingrg/all/function/internal_message.html?_=1712367238118&CODE_STATE=getMsg HTTP/1.1" 200 27
120.253.135.82 - - [06/Apr/2024:09:33:58 +0800] "GET /xingrg/all/function/internal_message.html?_=1712367083146&CODE_STATE=getMsg HTTP/1.1" 200 27
180.169.147.146 - - [06/Apr/2024:09:34:00 +0800] "GET /xingrg/all/function/internal_message.html?_=1712367239871&CODE_STATE=getMsg HTTP/1.1" 200 27
116.238.97.31 - - [06/Apr/2024:09:34:01 +0800] "GET /xingrg/images/yd/bt.gif HTTP/1.1" 404 1040
180.164.1.25 - - [06/Apr/2024:09:34:02 +0800] "GET /xingrg/kc/buy/cgsh_order_add.html HTTP/1.1" 200 73944
180.164.1.25 - - [06/Apr/2024:09:34:02 +0800] "GET /xingrg/words/20240404131803_words.js HTTP/1.1" 304 -
116.237.77.65 - - [06/Apr/2024:09:34:02 +0800] "GET /xingrg/kc/buy/cgsh_order_operate.html?command=get_materiel&rest_code=00106&code=00101007076&supplier_code=00100096&order_time=2024-04-06 HTTP/1.1" 200 408
180.164.1.25 - - [06/Apr/2024:09:34:02 +0800] "GET /xingrg/javascript/easyui/themes/icons/copy_new.png HTTP/1.1" 200 815
180.164.1.25 - - [06/Apr/2024:09:34:02 +0800] "GET /xingrg/javascript/easyui/themes/icons/template_new.png HTTP/1.1" 200 3956
180.164.1.25 - - [06/Apr/2024:09:34:02 +0800] "GET /xingrg/javascript/easyui/themes/icons/ok.png HTTP/1.1" 200 883
180.164.1.25 - - [06/Apr/2024:09:34:02 +0800] "GET /xingrg/javascript/easyui/themes/icons/print.png HTTP/1.1" 200 1057
180.164.1.25 - - [06/Apr/2024:09:34:02 +0800] "GET /xingrg/javascript/easyui/themes/default/images/menu_downarrow.png HTTP/1.1" 200 173
180.164.1.25 - - [06/Apr/2024:09:34:02 +0800] "GET /xingrg/javascript/easyui/themes/icons/cancel.png HTTP/1.1" 200 1133
180.164.1.25 - - [06/Apr/2024:09:34:02 +0800] "POST /xingrg/kc/buy/cgsh_order_operate.html HTTP/1.1" 200 8245
180.164.1.25 - - [06/Apr/2024:09:34:02 +0800] "GET /xingrg/javascript/easyui/themes/default/validatebox.css HTTP/1.1" 404 1104
180.164.1.25 - - [06/Apr/2024:09:34:02 +0800] "GET /xingrg/all/common/auto_word.html?type=employee&rest_code=00108 HTTP/1.1" 200 101
180.164.1.25 - - [06/Apr/2024:09:34:02 +0800] "GET /xingrg/all/common/auto_word.html?type=employee&rest_code=00108 HTTP/1.1" 200 101
180.164.1.25 - - [06/Apr/2024:09:34:02 +0800] "GET /xingrg/javascript/easyui/themes/icons/edit_remove.png HTTP/1.1" 200 625
172.20.0.8 - - [06/Apr/2024:09:34:04 +0800] "GET /xingrg/all/function/internal_message.html?_=1712367244815&CODE_STATE=getMsg HTTP/1.1" 302 -
222.69.133.138 - - [06/Apr/2024:09:34:05 +0800] "POST /xingrg/all/common/load_select.html HTTP/1.1" 200 25
222.69.133.138 - - [06/Apr/2024:09:34:10 +0800] "GET /xingrg/kc/buy/cgsh_order_operate.html?command=get_materiel_price&rest_code=00154&code=00101023054&unit_code=00100036&supplier_code=00100151&order_time=2024-04-06 HTTP/1.1" 200 28
124.78.56.241 - - [06/Apr/2024:09:34:10 +0800] "GET /xingrg/all/function/internal_message.html?_=1712367250573&CODE_STATE=getMsg HTTP/1.1" 200 27
180.164.1.25 - - [06/Apr/2024:09:34:12 +0800] "GET /xingrg/all/function/internal_message.html?_=1712367252172&CODE_STATE=getMsg HTTP/1.1" 200 27
101.83.144.49 - - [06/Apr/2024:09:34:14 +0800] "GET /xingrg/all/function/internal_message.html?_=1712367255504&CODE_STATE=getMsg HTTP/1.1" 200 27
222.70.183.82 - - [06/Apr/2024:09:34:14 +0800] "GET /xingrg/all/function/internal_message.html?_=1712367251590&CODE_STATE=getMsg HTTP/1.1" 200 27
180.169.147.146 - - [06/Apr/2024:09:34:19 +0800] "GET /xingrg/all/function/internal_message.html?_=1712367259242&CODE_STATE=getMsg HTTP/1.1" 200 27
116.237.77.65 - - [06/Apr/2024:09:34:19 +0800] "GET /xingrg/kc/buy/cgsh_order_operate.html?command=get_materiel&rest_code=00106&code=00101007090&supplier_code=00100096&order_time=2024-04-06 HTTP/1.1" 200 415
120.253.135.82 - - [06/Apr/2024:09:34:21 +0800] "GET /xingrg/all/function/internal_message.html?_=1712367259749&CODE_STATE=getMsg HTTP/1.1" 200 27
120.253.135.82 - - [06/Apr/2024:09:34:21 +0800] "GET /xingrg/check_reg.html?_=1712367259769 HTTP/1.1" 200 22
172.20.0.100 - - [06/Apr/2024:09:34:22 +0800] "GET /xingrg/all/function/internal_message.html?_=1712367278200&CODE_STATE=getMsg HTTP/1.1" 302 -
120.253.135.82 - - [06/Apr/2024:09:34:23 +0800] "GET /xingrg/kc/pszx/mdps_order_operate.html?command=get_materiel&pszx_code=00101&rest_code=00106&base_code=0010250&code=00102006625 HTTP/1.1" 200 435
222.69.133.138 - - [06/Apr/2024:09:34:30 +0800] "GET /xingrg/kc/buy/cgsh_order_operate.html?command=get_materiel&rest_code=00154&code=00101023070&supplier_code=00100151&order_time=2024-04-06 HTTP/1.1" 200 454
116.238.97.31 - - [06/Apr/2024:09:34:31 +0800] "GET /xingrg/all/function/internal_message.html?_=1712367270754&CODE_STATE=getMsg HTTP/1.1" 200 27
180.163.30.27 - - [06/Apr/2024:09:34:40 +0800] "GET /xingrg/kc/buy/cgsh_order_operate.html?command=get_materiel&rest_code=00106&code=00101007061&supplier_code=00100096&order_time=2024-04-06 HTTP/1.1" 302 -
180.163.30.27 - - [06/Apr/2024:09:34:40 +0800] "GET /xingrg/login.html HTTP/1.1" 200 7641
116.237.77.65 - - [06/Apr/2024:09:34:42 +0800] "GET /xingrg/all/function/internal_message.html?_=1712367280997&CODE_STATE=getMsg HTTP/1.1" 200 27
120.253.135.82 - - [06/Apr/2024:09:34:47 +0800] "GET /xingrg/kc/pszx/mdps_order_operate.html?command=get_materiel&pszx_code=00101&rest_code=00106&base_code=0010250&code=00102003571 HTTP/1.1" 200 448
116.224.254.208 - - [06/Apr/2024:09:34:48 +0800] "GET /xingrg/all/function/internal_message.html?_=1712367288175&CODE_STATE=getMsg HTTP/1.1" 200 27
101.83.144.49 - - [06/Apr/2024:09:34:51 +0800] "POST /xingrg/kc/buy/cgsh_order_operate.html HTTP/1.1" 200 37
116.224.254.208 - - [06/Apr/2024:09:34:51 +0800] "GET /xingrg/check_reg.html?_=1712367291411 HTTP/1.1" 200 22
116.224.254.208 - - [06/Apr/2024:09:34:51 +0800] "GET /xingrg/all/function/internal_message.html?_=1712367291412&CODE_STATE=getMsg HTTP/1.1" 200 27
116.237.77.65 - - [06/Apr/2024:09:34:53 +0800] "GET /xingrg/kc/buy/cgsh_order_operate.html?command=get_materiel&rest_code=00106&code=00101006109&supplier_code=00100096&order_time=2024-04-06 HTTP/1.1" 200 409
101.83.144.49 - - [06/Apr/2024:09:34:54 +0800] "POST /xingrg/kc/buy/cgsh_order_operate.html HTTP/1.1" 200 29833
114.83.223.206 - - [06/Apr/2024:09:34:55 +0800] "GET /xingrg/all/function/internal_message.html?_=1712367292138&CODE_STATE=getMsg HTTP/1.1" 200 27
222.69.133.138 - - [06/Apr/2024:09:34:56 +0800] "GET /xingrg/all/function/internal_message.html?_=1712367298113&CODE_STATE=getMsg HTTP/1.1" 200 27
120.253.135.82 - - [06/Apr/2024:09:34:58 +0800] "GET /xingrg/check_reg.html?_=1712367142837 HTTP/1.1" 200 22
120.253.135.82 - - [06/Apr/2024:09:34:58 +0800] "GET /xingrg/all/function/internal_message.html?_=1712367143153&CODE_STATE=getMsg HTTP/1.1" 200 27
180.169.147.146 - - [06/Apr/2024:09:35:00 +0800] "GET /xingrg/all/function/internal_message.html?_=1712367299870&CODE_STATE=getMsg HTTP/1.1" 200 27
172.20.0.8 - - [06/Apr/2024:09:35:04 +0800] "GET /xingrg/all/function/internal_message.html?_=1712367304801&CODE_STATE=getMsg HTTP/1.1" 302 -
116.237.77.65 - - [06/Apr/2024:09:35:09 +0800] "GET /xingrg/kc/buy/cgsh_order_operate.html?command=get_materiel&rest_code=00106&code=00101006112&supplier_code=00100096&order_time=2024-04-06 HTTP/1.1" 200 409
124.78.56.241 - - [06/Apr/2024:09:35:10 +0800] "GET /xingrg/all/function/internal_message.html?_=1712367310558&CODE_STATE=getMsg HTTP/1.1" 200 27
180.164.1.25 - - [06/Apr/2024:09:35:12 +0800] "GET /xingrg/all/function/internal_message.html?_=1712367312171&CODE_STATE=getMsg HTTP/1.1" 200 27
120.253.135.82 - - [06/Apr/2024:09:35:12 +0800] "GET /xingrg/kc/pszx/mdps_order_operate.html?command=get_materiel&pszx_code=00101&rest_code=00106&base_code=0010250&code=00102003276 HTTP/1.1" 200 441
101.83.144.49 - - [06/Apr/2024:09:35:14 +0800] "GET /xingrg/check_reg.html?_=1712367315443 HTTP/1.1" 200 22
101.83.144.49 - - [06/Apr/2024:09:35:14 +0800] "GET /xingrg/all/function/internal_message.html?_=1712367315478&CODE_STATE=getMsg HTTP/1.1" 200 27
222.70.183.82 - - [06/Apr/2024:09:35:14 +0800] "GET /xingrg/all/function/internal_message.html?_=1712367311574&CODE_STATE=getMsg HTTP/1.1" 200 27
222.69.133.138 - - [06/Apr/2024:09:35:17 +0800] "GET /xingrg/kc/buy/cgsh_order_operate.html?command=get_materiel&rest_code=00154&code=00101020458&supplier_code=00100151&order_time=2024-04-06 HTTP/1.1" 200 451
180.169.147.146 - - [06/Apr/2024:09:35:19 +0800] "GET /xingrg/all/function/internal_message.html?_=1712367319243&CODE_STATE=getMsg HTTP/1.1" 200 27
120.253.135.82 - - [06/Apr/2024:09:35:21 +0800] "GET /xingrg/all/function/internal_message.html?_=1712367319746&CODE_STATE=getMsg HTTP/1.1" 200 27
172.20.0.100 - - [06/Apr/2024:09:35:22 +0800] "GET /xingrg/all/function/internal_message.html?_=1712367338198&CODE_STATE=getMsg HTTP/1.1" 302 -
116.238.97.31 - - [06/Apr/2024:09:35:31 +0800] "GET /xingrg/all/function/internal_message.html?_=1712367330754&CODE_STATE=getMsg HTTP/1.1" 200 27
116.237.77.65 - - [06/Apr/2024:09:35:35 +0800] "GET /xingrg/kc/buy/cgsh_order_operate.html?command=get_materiel&rest_code=00106&code=00101006027&supplier_code=00100096&order_time=2024-04-06 HTTP/1.1" 200 410
222.69.133.138 - - [06/Apr/2024:09:35:39 +0800] "GET /xingrg/kc/buy/cgsh_order_operate.html?command=get_materiel&rest_code=00154&code=00101010985&supplier_code=00100151&order_time=2024-04-06 HTTP/1.1" 200 447
101.83.144.49 - - [06/Apr/2024:09:35:42 +0800] "GET /xingrg/all/function/internal_message.html?_=1712367101955&CODE_STATE=getMsg HTTP/1.1" 200 27
116.237.77.65 - - [06/Apr/2024:09:35:42 +0800] "GET /xingrg/all/function/internal_message.html?_=1712367341013&CODE_STATE=getMsg HTTP/1.1" 200 27
116.237.77.65 - - [06/Apr/2024:09:35:42 +0800] "GET /xingrg/check_reg.html?_=1712367341023 HTTP/1.1" 200 22
180.163.30.76 - - [06/Apr/2024:09:35:47 +0800] "GET /xingrg/kc/buy/cgsh_order_operate.html?command=get_materiel&rest_code=00106&code=00101006109&supplier_code=00100096&order_time=2024-04-06 HTTP/1.1" 302 -
180.163.30.76 - - [06/Apr/2024:09:35:47 +0800] "GET /xingrg/login.html HTTP/1.1" 200 7641
116.224.254.208 - - [06/Apr/2024:09:35:48 +0800] "GET /xingrg/all/function/internal_message.html?_=1712367348163&CODE_STATE=getMsg HTTP/1.1" 200 27
120.253.135.82 - - [06/Apr/2024:09:35:50 +0800] "POST /xingrg/kc/pszx/mdps_order_operate.html HTTP/1.1" 200 37
116.224.254.208 - - [06/Apr/2024:09:35:51 +0800] "GET /xingrg/all/function/internal_message.html?_=1712367351415&CODE_STATE=getMsg HTTP/1.1" 200 27
120.253.135.82 - - [06/Apr/2024:09:35:52 +0800] "GET /xingrg/kc/pszx/mdps_order_info.html?code=312024040600103 HTTP/1.1" 200 23972
120.253.135.82 - - [06/Apr/2024:09:35:53 +0800] "GET /xingrg/javascript/easyui/themes/default/validatebox.css HTTP/1.1" 404 1104
120.253.135.82 - - [06/Apr/2024:09:35:53 +0800] "POST /xingrg/kc/pszx/mdps_order_operate.html HTTP/1.1" 200 4248
222.69.133.138 - - [06/Apr/2024:09:35:55 +0800] "GET /xingrg/kc/buy/cgsh_order_operate.html?command=get_materiel&rest_code=00154&code=00101023075&supplier_code=00100151&order_time=2024-04-06 HTTP/1.1" 200 483
114.83.223.206 - - [06/Apr/2024:09:35:55 +0800] "GET /xingrg/all/function/internal_message.html?_=1712367352139&CODE_STATE=getMsg HTTP/1.1" 200 27
120.253.135.82 - - [06/Apr/2024:09:35:56 +0800] "GET /xingrg/kc/pszx/mdps_order_add.html HTTP/1.1" 200 29102
222.69.133.138 - - [06/Apr/2024:09:35:56 +0800] "GET /xingrg/all/function/internal_message.html?_=1712367358122&CODE_STATE=getMsg HTTP/1.1" 200 27
120.253.135.82 - - [06/Apr/2024:09:35:57 +0800] "POST /xingrg/kc/pszx/mdps_order_operate.html HTTP/1.1" 200 7126
120.253.135.82 - - [06/Apr/2024:09:35:57 +0800] "GET /xingrg/javascript/easyui/themes/default/validatebox.css HTTP/1.1" 404 1104
120.253.135.82 - - [06/Apr/2024:09:35:58 +0800] "GET /xingrg/all/function/internal_message.html?_=1712367203163&CODE_STATE=getMsg HTTP/1.1" 200 27
180.163.28.114 - - [06/Apr/2024:09:35:59 +0800] "GET /xingrg/kc/buy/cgsh_order_operate.html?command=get_materiel&rest_code=00106&code=00101008146&supplier_code=00100009&order_time=2024-04-06 HTTP/1.1" 302 -
180.163.28.114 - - [06/Apr/2024:09:35:59 +0800] "GET /xingrg/login.html HTTP/1.1" 200 7641
180.169.147.146 - - [06/Apr/2024:09:36:00 +0800] "GET /xingrg/check_reg.html?_=1712367359862 HTTP/1.1" 200 22
180.169.147.146 - - [06/Apr/2024:09:36:00 +0800] "GET /xingrg/all/function/internal_message.html?_=1712367359867&CODE_STATE=getMsg HTTP/1.1" 200 27
172.20.0.8 - - [06/Apr/2024:09:36:04 +0800] "GET /xingrg/check_reg.html?_=1712367364788 HTTP/1.1" 302 -
172.20.0.8 - - [06/Apr/2024:09:36:04 +0800] "GET /xingrg/all/function/internal_message.html?_=1712367364803&CODE_STATE=getMsg HTTP/1.1" 302 -
124.78.56.241 - - [06/Apr/2024:09:36:10 +0800] "GET /xingrg/all/function/internal_message.html?_=1712367370533&CODE_STATE=getMsg HTTP/1.1" 200 27
222.69.133.138 - - [06/Apr/2024:09:36:10 +0800] "GET /xingrg/kc/buy/cgsh_order_operate.html?command=get_materiel&rest_code=00154&code=00101023074&supplier_code=00100151&order_time=2024-04-06 HTTP/1.1" 200 451
180.164.1.25 - - [06/Apr/2024:09:36:12 +0800] "GET /xingrg/all/function/internal_message.html?_=1712367372191&CODE_STATE=getMsg HTTP/1.1" 200 27
101.83.144.49 - - [06/Apr/2024:09:36:14 +0800] "GET /xingrg/all/function/internal_message.html?_=1712367375446&CODE_STATE=getMsg HTTP/1.1" 200 27
222.70.183.82 - - [06/Apr/2024:09:36:14 +0800] "GET /xingrg/all/function/internal_message.html?_=1712367371558&CODE_STATE=getMsg HTTP/1.1" 200 27
180.169.147.146 - - [06/Apr/2024:09:36:19 +0800] "GET /xingrg/all/function/internal_message.html?_=1712367379246&CODE_STATE=getMsg HTTP/1.1" 200 27
120.253.135.82 - - [06/Apr/2024:09:36:21 +0800] "GET /xingrg/all/function/internal_message.html?_=1712367379761&CODE_STATE=getMsg HTTP/1.1" 200 27
172.20.0.100 - - [06/Apr/2024:09:36:22 +0800] "GET /xingrg/all/function/internal_message.html?_=1712367398196&CODE_STATE=getMsg HTTP/1.1" 302 -
222.69.133.138 - - [06/Apr/2024:09:36:28 +0800] "GET /xingrg/kc/buy/cgsh_order_operate.html?command=get_materiel&rest_code=00154&code=00101023063&supplier_code=00100151&order_time=2024-04-06 HTTP/1.1" 200 461
116.237.77.65 - - [06/Apr/2024:09:36:29 +0800] "GET /xingrg/kc/buy/cgsh_order_operate.html?command=get_materiel&rest_code=00106&code=00101006129&supplier_code=00100096&order_time=2024-04-06 HTTP/1.1" 200 441
116.238.97.31 - - [06/Apr/2024:09:36:31 +0800] "GET /xingrg/all/function/internal_message.html?_=1712367390737&CODE_STATE=getMsg HTTP/1.1" 200 27
120.253.135.82 - - [06/Apr/2024:09:36:34 +0800] "GET /xingrg/kc/pszx/mdps_order_operate.html?command=get_materiel&pszx_code=00101&rest_code=00102&base_code=&code=00102006625 HTTP/1.1" 200 435
101.83.144.49 - - [06/Apr/2024:09:36:42 +0800] "GET /xingrg/check_reg.html?_=1712367161925 HTTP/1.1" 200 22
101.83.144.49 - - [06/Apr/2024:09:36:42 +0800] "GET /xingrg/all/function/internal_message.html?_=1712367161928&CODE_STATE=getMsg HTTP/1.1" 200 27
116.237.77.65 - - [06/Apr/2024:09:36:42 +0800] "GET /xingrg/all/function/internal_message.html?_=1712367401079&CODE_STATE=getMsg HTTP/1.1" 200 27
116.224.254.208 - - [06/Apr/2024:09:36:48 +0800] "GET /xingrg/all/function/internal_message.html?_=1712367408135&CODE_STATE=getMsg HTTP/1.1" 200 27
116.224.254.208 - - [06/Apr/2024:09:36:48 +0800] "GET /xingrg/check_reg.html?_=1712367408221 HTTP/1.1" 200 22
116.224.254.208 - - [06/Apr/2024:09:36:51 +0800] "GET /xingrg/all/function/internal_message.html?_=1712367411405&CODE_STATE=getMsg HTTP/1.1" 200 27
120.253.135.82 - - [06/Apr/2024:09:36:53 +0800] "GET /xingrg/kc/pszx/mdps_order_operate.html?command=get_materiel&pszx_code=00101&rest_code=00102&base_code=&code=00102003478 HTTP/1.1" 200 433
114.83.223.206 - - [06/Apr/2024:09:36:55 +0800] "GET /xingrg/check_reg.html?_=1712367412139 HTTP/1.1" 200 22
114.83.223.206 - - [06/Apr/2024:09:36:55 +0800] "GET /xingrg/all/function/internal_message.html?_=1712367412144&CODE_STATE=getMsg HTTP/1.1" 200 27
222.69.133.138 - - [06/Apr/2024:09:36:56 +0800] "GET /xingrg/all/function/internal_message.html?_=1712367418111&CODE_STATE=getMsg HTTP/1.1" 200 27
120.253.135.82 - - [06/Apr/2024:09:36:58 +0800] "GET /xingrg/all/function/internal_message.html?_=1712367263177&CODE_STATE=getMsg HTTP/1.1" 200 27
180.169.147.146 - - [06/Apr/2024:09:37:00 +0800] "GET /xingrg/all/function/internal_message.html?_=1712367419871&CODE_STATE=getMsg HTTP/1.1" 200 27
172.20.0.8 - - [06/Apr/2024:09:37:04 +0800] "GET /xingrg/all/function/internal_message.html?_=1712367424804&CODE_STATE=getMsg HTTP/1.1" 302 -
124.78.56.241 - - [06/Apr/2024:09:37:10 +0800] "GET /xingrg/all/function/internal_message.html?_=1712367430506&CODE_STATE=getMsg HTTP/1.1" 200 27
180.164.1.25 - - [06/Apr/2024:09:37:12 +0800] "GET /xingrg/check_reg.html?_=1712367432183 HTTP/1.1" 200 22
180.164.1.25 - - [06/Apr/2024:09:37:12 +0800] "GET /xingrg/all/function/internal_message.html?_=1712367432185&CODE_STATE=getMsg HTTP/1.1" 200 27
101.83.144.49 - - [06/Apr/2024:09:37:14 +0800] "GET /xingrg/all/function/internal_message.html?_=1712367435448&CODE_STATE=getMsg HTTP/1.1" 200 27
222.70.183.82 - - [06/Apr/2024:09:37:14 +0800] "GET /xingrg/all/function/internal_message.html?_=1712367431541&CODE_STATE=getMsg HTTP/1.1" 200 27
180.169.147.146 - - [06/Apr/2024:09:37:19 +0800] "GET /xingrg/all/function/internal_message.html?_=1712367439247&CODE_STATE=getMsg HTTP/1.1" 200 27
120.253.135.82 - - [06/Apr/2024:09:37:21 +0800] "GET /xingrg/all/function/internal_message.html?_=1712367439758&CODE_STATE=getMsg HTTP/1.1" 200 27
172.20.0.100 - - [06/Apr/2024:09:37:22 +0800] "GET /xingrg/all/function/internal_message.html?_=1712367458194&CODE_STATE=getMsg HTTP/1.1" 302 -
172.20.0.100 - - [06/Apr/2024:09:37:22 +0800] "GET /xingrg/check_reg.html?_=1712367458196 HTTP/1.1" 302 -
116.238.97.31 - - [06/Apr/2024:09:37:31 +0800] "GET /xingrg/all/function/internal_message.html?_=1712367450723&CODE_STATE=getMsg HTTP/1.1" 200 27
116.238.97.31 - - [06/Apr/2024:09:37:32 +0800] "GET /xingrg/check_reg.html?_=1712367451541 HTTP/1.1" 200 22
116.237.77.65 - - [06/Apr/2024:09:37:32 +0800] "GET /xingrg/kc/buy/cgsh_order_operate.html?command=get_materiel&rest_code=00106&code=00101006130&supplier_code=00100096&order_time=2024-04-06 HTTP/1.1" 200 437
120.253.135.82 - - [06/Apr/2024:09:37:36 +0800] "GET /xingrg/kc/pszx/mdps_order_operate.html?command=get_materiel&pszx_code=00101&rest_code=00102&base_code=&code=00102003480 HTTP/1.1" 200 430
101.83.144.49 - - [06/Apr/2024:09:37:42 +0800] "GET /xingrg/all/function/internal_message.html?_=1712367221913&CODE_STATE=getMsg HTTP/1.1" 200 27
116.237.77.65 - - [06/Apr/2024:09:37:42 +0800] "GET /xingrg/all/function/internal_message.html?_=1712367461060&CODE_STATE=getMsg HTTP/1.1" 200 27
116.224.254.208 - - [06/Apr/2024:09:37:48 +0800] "GET /xingrg/all/function/internal_message.html?_=1712367468122&CODE_STATE=getMsg HTTP/1.1" 200 27
116.224.254.208 - - [06/Apr/2024:09:37:51 +0800] "GET /xingrg/all/function/internal_message.html?_=1712367471412&CODE_STATE=getMsg HTTP/1.1" 200 27
114.83.223.206 - - [06/Apr/2024:09:37:55 +0800] "GET /xingrg/all/function/internal_message.html?_=1712367472156&CODE_STATE=getMsg HTTP/1.1" 200 27
222.69.133.138 - - [06/Apr/2024:09:37:56 +0800] "GET /xingrg/check_reg.html?_=1712367478122 HTTP/1.1" 200 22
222.69.133.138 - - [06/Apr/2024:09:37:56 +0800] "GET /xingrg/all/function/internal_message.html?_=1712367478126&CODE_STATE=getMsg HTTP/1.1" 200 27
120.253.135.82 - - [06/Apr/2024:09:37:57 +0800] "GET /xingrg/kc/pszx/mdps_order_operate.html?command=get_materiel&pszx_code=00101&rest_code=00102&base_code=&code=00102003560 HTTP/1.1" 200 436
120.253.135.82 - - [06/Apr/2024:09:37:58 +0800] "GET /xingrg/all/function/internal_message.html?_=1712367323202&CODE_STATE=getMsg HTTP/1.1" 200 27
180.169.147.146 - - [06/Apr/2024:09:38:00 +0800] "GET /xingrg/all/function/internal_message.html?_=1712367479857&CODE_STATE=getMsg HTTP/1.1" 200 27
120.253.135.82 - - [06/Apr/2024:09:38:02 +0800] "GET /xingrg/images/yd/bt.gif HTTP/1.1" 404 1040
120.253.135.82 - - [06/Apr/2024:09:38:02 +0800] "GET /xingrg/images/yd/bt2.gif HTTP/1.1" 404 1042
120.253.135.82 - - [06/Apr/2024:09:38:04 +0800] "GET /xingrg/kc/pszx/jzcl_ps.html HTTP/1.1" 200 7683
120.253.135.82 - - [06/Apr/2024:09:38:04 +0800] "GET /xingrg/css/table.css HTTP/1.1" 304 -
120.253.135.82 - - [06/Apr/2024:09:38:04 +0800] "GET /xingrg/javascript/step/step.css HTTP/1.1" 304 -
120.253.135.82 - - [06/Apr/2024:09:38:04 +0800] "GET /xingrg/javascript/step/images/navCurrentBtn.gif HTTP/1.1" 304 -
120.253.135.82 - - [06/Apr/2024:09:38:04 +0800] "GET /xingrg/javascript/jquery_easy_ui/themes/default/images/button_a_bg.gif HTTP/1.1" 304 -
120.253.135.82 - - [06/Apr/2024:09:38:04 +0800] "GET /xingrg/javascript/jquery_easy_ui/themes/default/images/button_span_bg.gif HTTP/1.1" 304 -
120.253.135.82 - - [06/Apr/2024:09:38:04 +0800] "GET /xingrg/javascript/jquery_easy_ui/themes/icons/search.png HTTP/1.1" 304 -
120.253.135.82 - - [06/Apr/2024:09:38:04 +0800] "GET /xingrg/javascript/jquery_easy_ui/themes/default/images/combo_arrow_dot.gif HTTP/1.1" 304 -
120.253.135.82 - - [06/Apr/2024:09:38:04 +0800] "GET /xingrg/javascript/jquery_easy_ui/themes/default/images/calendar_nextmonth.gif HTTP/1.1" 304 -
120.253.135.82 - - [06/Apr/2024:09:38:04 +0800] "GET /xingrg/javascript/jquery_easy_ui/themes/default/images/calendar_prevmonth.gif HTTP/1.1" 304 -
120.253.135.82 - - [06/Apr/2024:09:38:04 +0800] "GET /xingrg/javascript/jquery_easy_ui/themes/default/images/calendar_prevyear.gif HTTP/1.1" 304 -
120.253.135.82 - - [06/Apr/2024:09:38:04 +0800] "GET /xingrg/javascript/jquery_easy_ui/themes/default/images/calendar_nextyear.gif HTTP/1.1" 304 -
120.253.135.82 - - [06/Apr/2024:09:38:04 +0800] "POST /xingrg/all/common/load_tree.html?tree=area_rest_tree_json HTTP/1.1" 200 3624
120.253.135.82 - - [06/Apr/2024:09:38:04 +0800] "GET /xingrg/javascript/jquery_easy_ui/themes/default/images/datagrid_header_bg.gif HTTP/1.1" 304 -
120.253.135.82 - - [06/Apr/2024:09:38:04 +0800] "GET /xingrg/javascript/jquery_easy_ui/themes/default/images/pagination_loading.gif HTTP/1.1" 304 -
120.253.135.82 - - [06/Apr/2024:09:38:04 +0800] "GET /xingrg/javascript/jquery_easy_ui/themes/default/images/tree_checkbox_0.gif HTTP/1.1" 304 -
120.253.135.82 - - [06/Apr/2024:09:38:04 +0800] "GET /xingrg/javascript/jquery_easy_ui/themes/icons/rest.png HTTP/1.1" 304 -
172.20.0.8 - - [06/Apr/2024:09:38:04 +0800] "GET /xingrg/all/function/internal_message.html?_=1712367484806&CODE_STATE=getMsg HTTP/1.1" 302 -
120.253.135.82 - - [06/Apr/2024:09:38:05 +0800] "POST /xingrg/kc/pszx/jzcl_ps_operate.html HTTP/1.1" 200 471
120.253.135.82 - - [06/Apr/2024:09:38:05 +0800] "POST /xingrg/kc/pszx/jzcl_ps_operate.html HTTP/1.1" 200 471
116.237.77.65 - - [06/Apr/2024:09:38:06 +0800] "POST /xingrg/kc/buy/cgsh_order_operate.html HTTP/1.1" 200 37
124.78.56.241 - - [06/Apr/2024:09:38:10 +0800] "GET /xingrg/all/function/internal_message.html?_=1712367490483&CODE_STATE=getMsg HTTP/1.1" 200 27
180.164.1.25 - - [06/Apr/2024:09:38:12 +0800] "GET /xingrg/all/function/internal_message.html?_=1712367492189&CODE_STATE=getMsg HTTP/1.1" 200 27
116.224.254.208 - - [06/Apr/2024:09:38:12 +0800] "GET /xingrg/kc/buy/cgsh_order_add.html HTTP/1.1" 200 73456
116.224.254.208 - - [06/Apr/2024:09:38:12 +0800] "POST /xingrg/kc/buy/cgsh_order_operate.html HTTP/1.1" 200 8245
116.224.254.208 - - [06/Apr/2024:09:38:12 +0800] "GET /xingrg/javascript/easyui/themes/default/validatebox.css HTTP/1.1" 404 1104
116.237.77.65 - - [06/Apr/2024:09:38:13 +0800] "POST /xingrg/kc/buy/cgsh_order_operate.html HTTP/1.1" 200 9235
101.83.144.49 - - [06/Apr/2024:09:38:14 +0800] "GET /xingrg/all/function/internal_message.html?_=1712367495450&CODE_STATE=getMsg HTTP/1.1" 200 27
120.253.135.82 - - [06/Apr/2024:09:38:14 +0800] "POST /xingrg/kc/pszx/jzcl_ps_operate.html HTTP/1.1" 200 4
120.253.135.82 - - [06/Apr/2024:09:38:14 +0800] "GET /xingrg/javascript/step/images/navBtn.gif HTTP/1.1" 200 361
120.253.135.82 - - [06/Apr/2024:09:38:14 +0800] "GET /xingrg/javascript/step/images/navLastDoneBtn.gif HTTP/1.1" 304 -
120.253.135.82 - - [06/Apr/2024:09:38:14 +0800] "GET /xingrg/javascript/step/images/navDoneBtn.gif HTTP/1.1" 304 -
120.253.135.82 - - [06/Apr/2024:09:38:14 +0800] "GET /xingrg/javascript/step/images/navBtn.gif HTTP/1.1" 200 361
222.70.183.82 - - [06/Apr/2024:09:38:14 +0800] "GET /xingrg/all/function/internal_message.html?_=1712367491526&CODE_STATE=getMsg HTTP/1.1" 200 27
222.70.183.82 - - [06/Apr/2024:09:38:16 +0800] "GET /xingrg/check_reg.html?_=1712367493415 HTTP/1.1" 200 22
120.253.135.82 - - [06/Apr/2024:09:38:16 +0800] "GET /xingrg/kc/pszx/mdps_order_list.html HTTP/1.1" 200 21033
120.253.135.82 - - [06/Apr/2024:09:38:16 +0800] "POST /xingrg/kc/pszx/jzcl_ps_operate.html HTTP/1.1" 200 21
120.253.135.82 - - [06/Apr/2024:09:38:17 +0800] "POST /xingrg/kc/pszx/mdps_list_operate.html HTTP/1.1" 200 5263
180.169.147.146 - - [06/Apr/2024:09:38:19 +0800] "GET /xingrg/check_reg.html?_=1712367499242 HTTP/1.1" 200 22
180.169.147.146 - - [06/Apr/2024:09:38:19 +0800] "GET /xingrg/all/function/internal_message.html?_=1712367499246&CODE_STATE=getMsg HTTP/1.1" 200 27
116.238.97.31 - - [06/Apr/2024:09:38:20 +0800] "GET /xingrg/kc/mdqp/qqps_order_list.html HTTP/1.1" 200 9668
