180.169.147.146 - - [06/Apr/2024:09:10:00 +0800] "GET /xingrg/all/function/internal_message.html?_=1712365799862&CODE_STATE=getMsg HTTP/1.1" 200 27
116.237.77.65 - - [06/Apr/2024:09:10:00 +0800] "POST /xingrg/dwr/call/plaincall/AjaxCheckService.setItemNumber.dwr HTTP/1.1" 200 77
172.20.0.8 - - [06/Apr/2024:09:10:04 +0800] "GET /xingrg/all/function/internal_message.html?_=1712365804817&CODE_STATE=getMsg HTTP/1.1" 302 -
120.253.135.82 - - [06/Apr/2024:09:10:05 +0800] "GET /xingrg/javascript/jquery_easy_ui/themes/default/images/tabs_close.gif HTTP/1.1" 304 -
120.253.135.82 - - [06/Apr/2024:09:10:05 +0800] "GET /xingrg/kc/pszx/mdqp_order_list.html?state=10 HTTP/1.1" 200 10319
120.253.135.82 - - [06/Apr/2024:09:10:05 +0800] "GET /xingrg/javascript/pic_change.js HTTP/1.1" 304 -
120.253.135.82 - - [06/Apr/2024:09:10:05 +0800] "GET /xingrg/javascript/Calendar.js HTTP/1.1" 304 -
120.253.135.82 - - [06/Apr/2024:09:10:05 +0800] "GET /xingrg/dwr/interface/AjaxReportQueryService.js HTTP/1.1" 200 13203
120.253.135.82 - - [06/Apr/2024:09:10:05 +0800] "GET /xingrg/css/blue.css HTTP/1.1" 304 -
120.253.135.82 - - [06/Apr/2024:09:10:05 +0800] "GET /xingrg/javascript/myfunction.js HTTP/1.1" 304 -
120.253.135.82 - - [06/Apr/2024:09:10:05 +0800] "GET /xingrg/dwr/interface/AjaxQqpsService.js HTTP/1.1" 200 16326
120.253.135.82 - - [06/Apr/2024:09:10:05 +0800] "GET /xingrg/dwr/util.js HTTP/1.1" 304 -
120.253.135.82 - - [06/Apr/2024:09:10:05 +0800] "GET /xingrg/dwr/engine.js HTTP/1.1" 200 43631
120.253.135.82 - - [06/Apr/2024:09:10:05 +0800] "GET /xingrg/javascript/jquery_easy_ui/themes/icons/check_new.png HTTP/1.1" 304 -
120.253.135.82 - - [06/Apr/2024:09:10:05 +0800] "GET /xingrg/javascript/jquery_easy_ui/themes/icons/uncheck_new.png HTTP/1.1" 304 -
120.253.135.82 - - [06/Apr/2024:09:10:05 +0800] "GET /xingrg/javascript/jquery_easy_ui/themes/icons/back_new.png HTTP/1.1" 304 -
114.83.223.206 - - [06/Apr/2024:09:10:07 +0800] "GET /xingrg/kc/buy/cgsh_order_operate.html?command=get_materiel&rest_code=00149&code=00101008358&supplier_code=00100008&order_time=2024-04-06 HTTP/1.1" 200 412
120.253.135.82 - - [06/Apr/2024:09:10:09 +0800] "GET /xingrg/kc/pszx/mdqp_order_list.html?state=10 HTTP/1.1" 200 10319
120.253.135.82 - - [06/Apr/2024:09:10:09 +0800] "GET /xingrg/dwr/interface/AjaxQqpsService.js HTTP/1.1" 200 16326
120.253.135.82 - - [06/Apr/2024:09:10:09 +0800] "GET /xingrg/dwr/interface/AjaxReportQueryService.js HTTP/1.1" 200 13203
120.253.135.82 - - [06/Apr/2024:09:10:09 +0800] "GET /xingrg/dwr/engine.js HTTP/1.1" 200 43631
101.83.144.49 - - [06/Apr/2024:09:10:10 +0800] "POST /xingrg/login.do HTTP/1.1" 200 2421
101.83.144.49 - - [06/Apr/2024:09:10:10 +0800] "GET /xingrg/css/blue.css HTTP/1.1" 304 -
101.83.144.49 - - [06/Apr/2024:09:10:10 +0800] "GET /xingrg/javascript/myfunction.js HTTP/1.1" 304 -
101.83.144.49 - - [06/Apr/2024:09:10:10 +0800] "GET /xingrg/images/blue/pic_notice.jpg HTTP/1.1" 304 -
101.83.144.49 - - [06/Apr/2024:09:10:10 +0800] "GET /xingrg/images/blue/pic_top.gif HTTP/1.1" 304 -
101.83.144.49 - - [06/Apr/2024:09:10:10 +0800] "GET /xingrg/images/blue/error_buttom.gif HTTP/1.1" 304 -
101.83.144.49 - - [06/Apr/2024:09:10:10 +0800] "GET /xingrg/images/blue/error_mid.gif HTTP/1.1" 304 -
101.83.144.49 - - [06/Apr/2024:09:10:10 +0800] "GET /xingrg/images/blue/error_top.gif HTTP/1.1" 304 -
101.83.144.49 - - [06/Apr/2024:09:10:10 +0800] "GET /favicon.ico HTTP/1.1" 404 -
124.78.56.241 - - [06/Apr/2024:09:10:11 +0800] "GET /xingrg/all/function/internal_message.html?_=1712365811065&CODE_STATE=getMsg HTTP/1.1" 200 27
101.83.144.49 - - [06/Apr/2024:09:10:11 +0800] "GET /xingrg/login.html HTTP/1.1" 200 7641
101.83.144.49 - - [06/Apr/2024:09:10:12 +0800] "GET /favicon.ico HTTP/1.1" 404 -
180.164.1.25 - - [06/Apr/2024:09:10:12 +0800] "GET /xingrg/all/function/internal_message.html?_=1712365812179&CODE_STATE=getMsg HTTP/1.1" 200 27
120.253.135.82 - - [06/Apr/2024:09:10:12 +0800] "GET /xingrg/kc/pszx/mdqp_order_list.html?state=10 HTTP/1.1" 200 10319
120.253.135.82 - - [06/Apr/2024:09:10:12 +0800] "GET /xingrg/dwr/interface/AjaxQqpsService.js HTTP/1.1" 200 16326
120.253.135.82 - - [06/Apr/2024:09:10:12 +0800] "GET /xingrg/dwr/interface/AjaxReportQueryService.js HTTP/1.1" 200 13203
120.253.135.82 - - [06/Apr/2024:09:10:12 +0800] "GET /xingrg/dwr/engine.js HTTP/1.1" 200 43631
101.83.144.49 - - [06/Apr/2024:09:10:13 +0800] "GET /xingrg/kc/buy/cgsh_order_operate.html?command=get_materiel&rest_code=00105&code=00101008209&supplier_code=00100008&order_time=2024-04-06 HTTP/1.1" 200 408
180.169.147.146 - - [06/Apr/2024:09:10:14 +0800] "GET /xingrg/all/function/internal_message.html?_=1712365813963&CODE_STATE=getMsg HTTP/1.1" 200 27
101.83.144.49 - - [06/Apr/2024:09:10:14 +0800] "POST /xingrg/login.do HTTP/1.1" 302 -
101.83.144.49 - - [06/Apr/2024:09:10:14 +0800] "GET /xingrg/index.html?sysBaseUrl=http%3A%2F%2F180.169.147.146%3A18081%2Fxingrg%2F&costTime=1297×tamp=1712365814103 HTTP/1.1" 200 17173
172.20.0.100 - - [06/Apr/2024:09:10:14 +0800] "GET /xingrg/all/function/internal_message.html?_=1712365813572&CODE_STATE=getMsg HTTP/1.1" 200 27
101.83.144.49 - - [06/Apr/2024:09:10:14 +0800] "GET /favicon.ico HTTP/1.1" 404 -
101.83.144.49 - - [06/Apr/2024:09:10:14 +0800] "GET /xingrg/check_reg.html?_=1712365815400 HTTP/1.1" 200 22
101.83.144.49 - - [06/Apr/2024:09:10:14 +0800] "GET /xingrg/all/function/internal_message.html?_=1712365815399&CODE_STATE=count HTTP/1.1" 200 11
101.83.144.49 - - [06/Apr/2024:09:10:14 +0800] "POST /xingrg/all/common/load_tree.html?tree=area_rest_tree_json&manage=1 HTTP/1.1" 200 3624
101.83.144.49 - - [06/Apr/2024:09:10:14 +0800] "POST /xingrg/load_menu.html HTTP/1.1" 200 5138
222.70.183.82 - - [06/Apr/2024:09:10:15 +0800] "GET /xingrg/all/function/internal_message.html?_=1712365811972&CODE_STATE=getMsg HTTP/1.1" 200 27
120.253.135.82 - - [06/Apr/2024:09:10:16 +0800] "GET /xingrg/kc/pszx/mdqp_order_list.html?state=10 HTTP/1.1" 200 10319
120.253.135.82 - - [06/Apr/2024:09:10:16 +0800] "GET /xingrg/dwr/interface/AjaxReportQueryService.js HTTP/1.1" 200 13203
120.253.135.82 - - [06/Apr/2024:09:10:16 +0800] "GET /xingrg/dwr/engine.js HTTP/1.1" 200 43631
120.253.135.82 - - [06/Apr/2024:09:10:16 +0800] "GET /xingrg/dwr/interface/AjaxQqpsService.js HTTP/1.1" 200 16326
114.83.223.206 - - [06/Apr/2024:09:10:17 +0800] "GET /xingrg/kc/buy/cgsh_order_operate.html?command=get_materiel&rest_code=00149&code=00101008038&supplier_code=00100008&order_time=2024-04-06 HTTP/1.1" 200 412
120.253.135.82 - - [06/Apr/2024:09:10:18 +0800] "GET /xingrg/kc/pszx/mdth_order_list.html HTTP/1.1" 200 18457
120.253.135.82 - - [06/Apr/2024:09:10:18 +0800] "GET /xingrg/javascript/easyui/themes/icon.css HTTP/1.1" 304 -
120.253.135.82 - - [06/Apr/2024:09:10:18 +0800] "GET /xingrg/css/site.css HTTP/1.1" 304 -
120.253.135.82 - - [06/Apr/2024:09:10:18 +0800] "GET /xingrg/javascript/jquery_tools/datebox.css HTTP/1.1" 304 -
120.253.135.82 - - [06/Apr/2024:09:10:18 +0800] "GET /xingrg/javascript/jquery_tools/fix.css HTTP/1.1" 304 -
120.253.135.82 - - [06/Apr/2024:09:10:18 +0800] "GET /xingrg/javascript/easyui/themes/default/easyui.css HTTP/1.1" 304 -
120.253.135.82 - - [06/Apr/2024:09:10:18 +0800] "GET /xingrg/javascript/jquery_tools/jquery.tools.min.js HTTP/1.1" 304 -
120.253.135.82 - - [06/Apr/2024:09:10:18 +0800] "GET /xingrg/javascript/jquery_tools/table.css HTTP/1.1" 304 -
120.253.135.82 - - [06/Apr/2024:09:10:18 +0800] "GET /xingrg/javascript/auto/jquery.autocomplete.css HTTP/1.1" 304 -
120.253.135.82 - - [06/Apr/2024:09:10:18 +0800] "GET /xingrg/css/base.css HTTP/1.1" 304 -
120.253.135.82 - - [06/Apr/2024:09:10:18 +0800] "GET /xingrg/javascript/jquery_tools/jquery.tools.hotkey.js HTTP/1.1" 304 -
120.253.135.82 - - [06/Apr/2024:09:10:18 +0800] "GET /xingrg/javascript/auto/jquery.autocomplete.js HTTP/1.1" 304 -
120.253.135.82 - - [06/Apr/2024:09:10:18 +0800] "GET /xingrg/javascript/easyui/easyloader.js HTTP/1.1" 304 -
120.253.135.82 - - [06/Apr/2024:09:10:18 +0800] "GET /xingrg/javascript/jquery.cookie.js HTTP/1.1" 304 -
120.253.135.82 - - [06/Apr/2024:09:10:18 +0800] "GET /xingrg/javascript/jquery_tools/list_manager.js HTTP/1.1" 304 -
120.253.135.82 - - [06/Apr/2024:09:10:18 +0800] "GET /xingrg/javascript/jquery_tools/jquery.tools.table.js HTTP/1.1" 304 -
120.253.135.82 - - [06/Apr/2024:09:10:18 +0800] "GET /xingrg/javascript/jquery_tools/jquery.tools.extend.js HTTP/1.1" 304 -
120.253.135.82 - - [06/Apr/2024:09:10:18 +0800] "GET /xingrg/javascript/print/LodopFuncs.js HTTP/1.1" 304 -
120.253.135.82 - - [06/Apr/2024:09:10:19 +0800] "GET /xingrg/javascript/easyui/themes/icons/import_new.png HTTP/1.1" 304 -
120.253.135.82 - - [06/Apr/2024:09:10:19 +0800] "GET /xingrg/javascript/easyui/plugins/jquery.parser.js HTTP/1.1" 304 -
120.253.135.82 - - [06/Apr/2024:09:10:19 +0800] "GET /xingrg/images/control/ajaxLoader.gif HTTP/1.1" 304 -
120.253.135.82 - - [06/Apr/2024:09:10:19 +0800] "GET /xingrg/javascript/jquery_easy_ui/themes/icons/area.png HTTP/1.1" 304 -
120.253.135.82 - - [06/Apr/2024:09:10:19 +0800] "GET /xingrg/javascript/jquery_easy_ui/themes/icons/manage.png HTTP/1.1" 304 -
120.253.135.82 - - [06/Apr/2024:09:10:19 +0800] "POST /xingrg/kc/pszx/mdth_order_new_list.html HTTP/1.1" 200 4737
101.83.144.49 - - [06/Apr/2024:09:10:19 +0800] "GET /xingrg/javascript/jquery_easy_ui/themes/icons/area.png HTTP/1.1" 304 -
101.83.144.49 - - [06/Apr/2024:09:10:19 +0800] "GET /xingrg/javascript/jquery_easy_ui/themes/icons/manage.png HTTP/1.1" 304 -
101.83.144.49 - - [06/Apr/2024:09:10:19 +0800] "GET /xingrg/javascript/jquery_easy_ui/themes/icons/rest.png HTTP/1.1" 304 -
120.253.135.82 - - [06/Apr/2024:09:10:21 +0800] "GET /xingrg/all/function/internal_message.html?_=1712365819719&CODE_STATE=getMsg HTTP/1.1" 200 27
172.20.0.100 - - [06/Apr/2024:09:10:22 +0800] "GET /xingrg/all/function/internal_message.html?_=1712365838172&CODE_STATE=getMsg HTTP/1.1" 302 -
101.83.144.49 - - [06/Apr/2024:09:10:23 +0800] "GET /xingrg/kc/buy/cgsh_order_list.html HTTP/1.1" 200 58071
101.83.144.49 - - [06/Apr/2024:09:10:29 +0800] "POST /xingrg/kc/buy/cgsh_list_operate.html HTTP/1.1" 200 1379
101.83.144.49 - - [06/Apr/2024:09:10:29 +0800] "GET /xingrg/javascript/easyui/themes/default/images/button_plain_hover.png HTTP/1.1" 304 -
101.83.144.49 - - [06/Apr/2024:09:10:29 +0800] "GET /xingrg/kc/buy/cgsh_order_operate.html?command=get_materiel&rest_code=00105&code=00101008123&supplier_code=00100008&order_time=2024-04-06 HTTP/1.1" 200 412
114.83.223.206 - - [06/Apr/2024:09:10:30 +0800] "GET /xingrg/kc/buy/cgsh_order_operate.html?command=get_materiel&rest_code=00149&code=00101008283&supplier_code=00100008&order_time=2024-04-06 HTTP/1.1" 200 408
116.238.97.31 - - [06/Apr/2024:09:10:31 +0800] "GET /xingrg/all/function/internal_message.html?_=1712365831160&CODE_STATE=getMsg HTTP/1.1" 200 27
120.253.135.82 - - [06/Apr/2024:09:10:31 +0800] "GET /xingrg/kc/pszx/mdqp_order_list.html?state=10 HTTP/1.1" 200 10319
120.253.135.82 - - [06/Apr/2024:09:10:31 +0800] "GET /xingrg/dwr/interface/AjaxQqpsService.js HTTP/1.1" 200 16326
120.253.135.82 - - [06/Apr/2024:09:10:31 +0800] "GET /xingrg/dwr/interface/AjaxReportQueryService.js HTTP/1.1" 200 13203
120.253.135.82 - - [06/Apr/2024:09:10:31 +0800] "GET /xingrg/dwr/engine.js HTTP/1.1" 200 43631
101.83.144.49 - - [06/Apr/2024:09:10:34 +0800] "GET /xingrg/kc/buy/cgsh_order_add.html HTTP/1.1" 200 73934
101.83.144.49 - - [06/Apr/2024:09:10:34 +0800] "GET /xingrg/javascript/pic_change.js HTTP/1.1" 304 -
101.83.144.49 - - [06/Apr/2024:09:10:34 +0800] "GET /xingrg/javascript/jquery_tools/order_manager.js HTTP/1.1" 304 -
101.83.144.49 - - [06/Apr/2024:09:10:34 +0800] "GET /xingrg/javascript/convert.js HTTP/1.1" 304 -
101.83.144.49 - - [06/Apr/2024:09:10:34 +0800] "GET /xingrg/javascript/json2.js HTTP/1.1" 304 -
101.83.144.49 - - [06/Apr/2024:09:10:34 +0800] "GET /xingrg/javascript/print/kc_print.js HTTP/1.1" 304 -
101.83.144.49 - - [06/Apr/2024:09:10:34 +0800] "GET /xingrg/words/20240404131803_words.js HTTP/1.1" 200 1017282
101.83.144.49 - - [06/Apr/2024:09:10:34 +0800] "GET /xingrg/javascript/easyui/themes/icons/template_new.png HTTP/1.1" 304 -
101.83.144.49 - - [06/Apr/2024:09:10:34 +0800] "GET /xingrg/javascript/easyui/themes/icons/print.png HTTP/1.1" 304 -
101.83.144.49 - - [06/Apr/2024:09:10:34 +0800] "GET /xingrg/javascript/easyui/themes/icons/ok.png HTTP/1.1" 304 -
101.83.144.49 - - [06/Apr/2024:09:10:34 +0800] "GET /xingrg/javascript/easyui/themes/default/images/menu_downarrow.png HTTP/1.1" 304 -
101.83.144.49 - - [06/Apr/2024:09:10:34 +0800] "GET /xingrg/javascript/easyui/themes/icons/cancel.png HTTP/1.1" 304 -
101.83.144.49 - - [06/Apr/2024:09:10:34 +0800] "GET /xingrg/javascript/easyui/themes/icons/copy_new.png HTTP/1.1" 304 -
116.237.77.65 - - [06/Apr/2024:09:10:34 +0800] "POST /xingrg/dwr/call/plaincall/AjaxCheckService.checkOrder.dwr HTTP/1.1" 200 79
101.83.144.49 - - [06/Apr/2024:09:10:34 +0800] "POST /xingrg/kc/buy/cgsh_order_operate.html HTTP/1.1" 200 8245
101.83.144.49 - - [06/Apr/2024:09:10:34 +0800] "GET /xingrg/javascript/easyui/themes/default/validatebox.css HTTP/1.1" 404 1104
101.83.144.49 - - [06/Apr/2024:09:10:34 +0800] "GET /xingrg/javascript/easyui/plugins/jquery.validatebox.js HTTP/1.1" 304 -
101.83.144.49 - - [06/Apr/2024:09:10:34 +0800] "GET /xingrg/javascript/easyui/plugins/jquery.numberbox.js HTTP/1.1" 304 -
101.83.144.49 - - [06/Apr/2024:09:10:34 +0800] "GET /xingrg/all/common/auto_word.html?type=employee&rest_code=00105 HTTP/1.1" 200 193
101.83.144.49 - - [06/Apr/2024:09:10:34 +0800] "GET /xingrg/javascript/easyui/themes/icons/edit_remove.png HTTP/1.1" 304 -
101.83.144.49 - - [06/Apr/2024:09:10:34 +0800] "GET /xingrg/all/common/auto_word.html?type=employee&rest_code=00105 HTTP/1.1" 200 193
116.224.254.208 - - [06/Apr/2024:09:10:35 +0800] "GET /xingrg/all/function/internal_message.html?_=1712365835033&CODE_STATE=getMsg HTTP/1.1" 200 27
101.83.144.49 - - [06/Apr/2024:09:10:35 +0800] "GET /xingrg/javascript/auto/indicator.gif HTTP/1.1" 404 1066
116.237.77.65 - - [06/Apr/2024:09:10:37 +0800] "GET /xingrg/kc/base/check_order_info.html?code=452024033100332 HTTP/1.1" 200 23122
116.237.77.65 - - [06/Apr/2024:09:10:37 +0800] "GET /xingrg/dwr/interface/AjaxComOrderService.js HTTP/1.1" 200 18264
116.237.77.65 - - [06/Apr/2024:09:10:37 +0800] "GET /xingrg/dwr/interface/AjaxCheckService.js HTTP/1.1" 200 14003
116.237.77.65 - - [06/Apr/2024:09:10:37 +0800] "GET /xingrg/dwr/engine.js HTTP/1.1" 200 43631
116.237.77.65 - - [06/Apr/2024:09:10:37 +0800] "POST /xingrg/dwr/call/plaincall/AjaxCheckService.loadOrderItems.dwr HTTP/1.1" 200 42454
116.237.77.65 - - [06/Apr/2024:09:10:39 +0800] "GET /xingrg/kc/cost/cost_list.html HTTP/1.1" 200 6093
116.237.77.65 - - [06/Apr/2024:09:10:40 +0800] "GET /xingrg/dwr/interface/AjaxReportQueryService.js HTTP/1.1" 200 13203
116.237.77.65 - - [06/Apr/2024:09:10:40 +0800] "GET /xingrg/dwr/engine.js HTTP/1.1" 200 43631
120.253.135.82 - - [06/Apr/2024:09:10:40 +0800] "GET /xingrg/kc/pszx/mdqp_order_list.html?state=10 HTTP/1.1" 200 10319
120.253.135.82 - - [06/Apr/2024:09:10:40 +0800] "GET /xingrg/dwr/interface/AjaxQqpsService.js HTTP/1.1" 200 16326
120.253.135.82 - - [06/Apr/2024:09:10:40 +0800] "GET /xingrg/dwr/engine.js HTTP/1.1" 200 43631
120.253.135.82 - - [06/Apr/2024:09:10:40 +0800] "GET /xingrg/dwr/interface/AjaxReportQueryService.js HTTP/1.1" 200 13203
116.237.77.65 - - [06/Apr/2024:09:10:40 +0800] "GET /xingrg/kc/cost/cost_operate.html?_=1712365840626&command=load_cost_list HTTP/1.1" 200 11931
114.83.223.206 - - [06/Apr/2024:09:10:42 +0800] "GET /xingrg/kc/buy/cgsh_order_operate.html?command=get_materiel&rest_code=00149&code=00101008069&supplier_code=00100008&order_time=2024-04-06 HTTP/1.1" 200 412
101.83.144.49 - - [06/Apr/2024:09:10:42 +0800] "GET /xingrg/all/function/internal_message.html?_=1712365601934&CODE_STATE=getMsg HTTP/1.1" 200 27
120.253.135.82 - - [06/Apr/2024:09:10:47 +0800] "GET /xingrg/kc/pszx/mdqp_order_list.html?state=10 HTTP/1.1" 200 10319
120.253.135.82 - - [06/Apr/2024:09:10:47 +0800] "GET /xingrg/dwr/interface/AjaxQqpsService.js HTTP/1.1" 200 16326
120.253.135.82 - - [06/Apr/2024:09:10:47 +0800] "GET /xingrg/dwr/interface/AjaxReportQueryService.js HTTP/1.1" 200 13203
120.253.135.82 - - [06/Apr/2024:09:10:47 +0800] "GET /xingrg/dwr/engine.js HTTP/1.1" 200 43631
116.237.77.65 - - [06/Apr/2024:09:10:48 +0800] "GET /xingrg/kc/cost/cost_page.html HTTP/1.1" 200 4088
116.237.77.65 - - [06/Apr/2024:09:10:48 +0800] "GET /xingrg/dwr/interface/AjaxReportQueryService.js HTTP/1.1" 200 13203
116.237.77.65 - - [06/Apr/2024:09:10:48 +0800] "GET /xingrg/dwr/engine.js HTTP/1.1" 200 43631
116.237.77.65 - - [06/Apr/2024:09:10:49 +0800] "GET /xingrg/all/function/internal_message.html?_=1712365849152&CODE_STATE=getMsg HTTP/1.1" 200 27
120.253.135.82 - - [06/Apr/2024:09:10:50 +0800] "GET /xingrg/kc/pszx/mdqp_order_list.html?state=10 HTTP/1.1" 200 10319
120.253.135.82 - - [06/Apr/2024:09:10:50 +0800] "GET /xingrg/dwr/interface/AjaxQqpsService.js HTTP/1.1" 200 16326
120.253.135.82 - - [06/Apr/2024:09:10:50 +0800] "GET /xingrg/dwr/interface/AjaxReportQueryService.js HTTP/1.1" 200 13203
120.253.135.82 - - [06/Apr/2024:09:10:50 +0800] "GET /xingrg/dwr/engine.js HTTP/1.1" 200 43631
101.83.144.49 - - [06/Apr/2024:09:10:50 +0800] "GET /xingrg/kc/buy/cgsh_order_operate.html?command=get_materiel&rest_code=00105&code=00101007198&supplier_code=00100466&order_time=2024-04-06 HTTP/1.1" 200 428
116.224.254.208 - - [06/Apr/2024:09:10:51 +0800] "GET /xingrg/all/function/internal_message.html?_=1712365851432&CODE_STATE=getMsg HTTP/1.1" 200 27
116.237.77.65 - - [06/Apr/2024:09:10:51 +0800] "POST /xingrg/kc/cost/cost_operate.html HTTP/1.1" 200 4
116.237.77.65 - - [06/Apr/2024:09:10:52 +0800] "GET /xingrg/kc/cost/cost_page.html HTTP/1.1" 200 4363
116.237.77.65 - - [06/Apr/2024:09:10:52 +0800] "GET /xingrg/css/blue.css HTTP/1.1" 304 -
116.237.77.65 - - [06/Apr/2024:09:10:52 +0800] "GET /xingrg/javascript/jquery_easy_ui/themes/default/easyui.css HTTP/1.1" 304 -
116.237.77.65 - - [06/Apr/2024:09:10:52 +0800] "GET /xingrg/javascript/jquery_easy_ui/themes/icon.css HTTP/1.1" 304 -
116.237.77.65 - - [06/Apr/2024:09:10:52 +0800] "GET /xingrg/javascript/step/step.css HTTP/1.1" 304 -
116.237.77.65 - - [06/Apr/2024:09:10:52 +0800] "GET /xingrg/css/table.css HTTP/1.1" 304 -
116.237.77.65 - - [06/Apr/2024:09:10:52 +0800] "GET /xingrg/dwr/interface/AjaxReportQueryService.js HTTP/1.1" 200 13203
116.237.77.65 - - [06/Apr/2024:09:10:52 +0800] "GET /xingrg/dwr/engine.js HTTP/1.1" 200 43631
116.237.77.65 - - [06/Apr/2024:09:10:52 +0800] "GET /xingrg/dwr/util.js HTTP/1.1" 304 -
116.237.77.65 - - [06/Apr/2024:09:10:52 +0800] "GET /xingrg/javascript/jquery-1.4.2.min.js HTTP/1.1" 304 -
116.237.77.65 - - [06/Apr/2024:09:10:53 +0800] "GET /xingrg/javascript/jquery_easy_ui/jquery.easyui.min.js HTTP/1.1" 304 -
116.237.77.65 - - [06/Apr/2024:09:10:53 +0800] "GET /xingrg/javascript/jquery_easy_ui/easyui-lang-zh_CN.js HTTP/1.1" 304 -
116.237.77.65 - - [06/Apr/2024:09:10:53 +0800] "GET /xingrg/javascript/jquery.utils.js HTTP/1.1" 304 -
116.237.77.65 - - [06/Apr/2024:09:10:53 +0800] "GET /xingrg/images/control/ajaxLoader.gif HTTP/1.1" 304 -
114.83.223.206 - - [06/Apr/2024:09:10:55 +0800] "GET /xingrg/all/function/internal_message.html?_=1712365852095&CODE_STATE=getMsg HTTP/1.1" 200 27
101.83.144.49 - - [06/Apr/2024:09:10:55 +0800] "GET /xingrg/kc/buy/cgsh_order_operate.html?command=get_materiel&rest_code=00105&code=00101009044&supplier_code=00100008&order_time=2024-04-06 HTTP/1.1" 200 413
120.253.135.82 - - [06/Apr/2024:09:10:58 +0800] "GET /xingrg/all/function/internal_message.html?_=1712365702823&CODE_STATE=getMsg HTTP/1.1" 200 27
114.83.223.206 - - [06/Apr/2024:09:10:59 +0800] "GET /xingrg/kc/buy/cgsh_order_operate.html?command=get_materiel&rest_code=00149&code=00101008368&supplier_code=00100008&order_time=2024-04-06 HTTP/1.1" 200 408
180.169.147.146 - - [06/Apr/2024:09:11:00 +0800] "GET /xingrg/all/function/internal_message.html?_=1712365859856&CODE_STATE=getMsg HTTP/1.1" 200 27
180.169.147.146 - - [06/Apr/2024:09:11:00 +0800] "GET /xingrg/check_reg.html?_=1712365859861 HTTP/1.1" 200 22
172.20.0.8 - - [06/Apr/2024:09:11:04 +0800] "GET /xingrg/check_reg.html?_=1712365864801 HTTP/1.1" 302 -
172.20.0.8 - - [06/Apr/2024:09:11:04 +0800] "GET /xingrg/all/function/internal_message.html?_=1712365864819&CODE_STATE=getMsg HTTP/1.1" 302 -
101.83.144.49 - - [06/Apr/2024:09:11:05 +0800] "POST /xingrg/kc/buy/cgsh_order_operate.html HTTP/1.1" 200 37
101.83.144.49 - - [06/Apr/2024:09:11:07 +0800] "POST /xingrg/kc/buy/cgsh_order_operate.html HTTP/1.1" 200 2665
101.83.144.49 - - [06/Apr/2024:09:11:09 +0800] "GET /xingrg/kc/print/load_config.html?kc_code=cgsh HTTP/1.1" 200 1927
101.83.144.49 - - [06/Apr/2024:09:11:10 +0800] "GET /xingrg/kc/print/load_data.html?order_code=212024040601250&kc_code=cgsh&condition= HTTP/1.1" 200 664
124.78.56.241 - - [06/Apr/2024:09:11:11 +0800] "GET /xingrg/all/function/internal_message.html?_=1712365871050&CODE_STATE=getMsg HTTP/1.1" 200 27
180.164.1.25 - - [06/Apr/2024:09:11:12 +0800] "GET /xingrg/all/function/internal_message.html?_=1712365872193&CODE_STATE=getMsg HTTP/1.1" 200 27
180.169.147.146 - - [06/Apr/2024:09:11:14 +0800] "GET /xingrg/all/function/internal_message.html?_=1712365873974&CODE_STATE=getMsg HTTP/1.1" 200 27
172.20.0.100 - - [06/Apr/2024:09:11:14 +0800] "GET /xingrg/all/function/internal_message.html?_=1712365873543&CODE_STATE=getMsg HTTP/1.1" 200 27
101.83.144.49 - - [06/Apr/2024:09:11:14 +0800] "GET /xingrg/all/function/internal_message.html?_=1712365875543&CODE_STATE=getMsg HTTP/1.1" 200 27
222.70.183.82 - - [06/Apr/2024:09:11:15 +0800] "GET /xingrg/all/function/internal_message.html?_=1712365871956&CODE_STATE=getMsg HTTP/1.1" 200 27
120.253.135.82 - - [06/Apr/2024:09:11:21 +0800] "GET /xingrg/all/function/internal_message.html?_=1712365879719&CODE_STATE=getMsg HTTP/1.1" 200 27
172.20.0.100 - - [06/Apr/2024:09:11:22 +0800] "GET /xingrg/all/function/internal_message.html?_=1712365898171&CODE_STATE=getMsg HTTP/1.1" 302 -
101.83.144.49 - - [06/Apr/2024:09:11:30 +0800] "POST /xingrg/kc/buy/cgsh_order_operate.html HTTP/1.1" 200 37
116.238.97.31 - - [06/Apr/2024:09:11:31 +0800] "GET /xingrg/all/function/internal_message.html?_=1712365891135&CODE_STATE=getMsg HTTP/1.1" 200 27
101.83.144.49 - - [06/Apr/2024:09:11:34 +0800] "POST /xingrg/kc/buy/cgsh_order_operate.html HTTP/1.1" 200 24492
116.224.254.208 - - [06/Apr/2024:09:11:35 +0800] "GET /xingrg/all/function/internal_message.html?_=1712365895022&CODE_STATE=getMsg HTTP/1.1" 200 27
101.83.144.49 - - [06/Apr/2024:09:11:42 +0800] "GET /xingrg/check_reg.html?_=1712365661924 HTTP/1.1" 200 22
101.83.144.49 - - [06/Apr/2024:09:11:42 +0800] "GET /xingrg/all/function/internal_message.html?_=1712365661946&CODE_STATE=getMsg HTTP/1.1" 200 27
101.83.144.49 - - [06/Apr/2024:09:11:42 +0800] "GET /xingrg/kc/buy/cgsh_order_add.html HTTP/1.1" 200 73934
101.83.144.49 - - [06/Apr/2024:09:11:43 +0800] "GET /xingrg/javascript/easyui/themes/default/validatebox.css HTTP/1.1" 404 1104
101.83.144.49 - - [06/Apr/2024:09:11:43 +0800] "POST /xingrg/kc/buy/cgsh_order_operate.html HTTP/1.1" 200 8245
116.237.77.65 - - [06/Apr/2024:09:11:49 +0800] "GET /xingrg/all/function/internal_message.html?_=1712365909149&CODE_STATE=getMsg HTTP/1.1" 200 27
116.224.254.208 - - [06/Apr/2024:09:11:51 +0800] "GET /xingrg/all/function/internal_message.html?_=1712365911448&CODE_STATE=getMsg HTTP/1.1" 200 27
101.83.144.49 - - [06/Apr/2024:09:11:53 +0800] "GET /xingrg/kc/buy/cgsh_order_operate.html?command=get_materiel&rest_code=00105&code=00101002022&supplier_code=00100151&order_time=2024-04-06 HTTP/1.1" 200 410
114.83.223.206 - - [06/Apr/2024:09:11:55 +0800] "GET /xingrg/check_reg.html?_=1712365912093 HTTP/1.1" 200 22
114.83.223.206 - - [06/Apr/2024:09:11:55 +0800] "GET /xingrg/all/function/internal_message.html?_=1712365912095&CODE_STATE=getMsg HTTP/1.1" 200 27
116.224.254.208 - - [06/Apr/2024:09:11:56 +0800] "POST /xingrg/kc/buy/cgsh_order_operate.html HTTP/1.1" 200 37
120.253.135.82 - - [06/Apr/2024:09:11:58 +0800] "GET /xingrg/all/function/internal_message.html?_=1712365762842&CODE_STATE=getMsg HTTP/1.1" 200 27
180.169.147.146 - - [06/Apr/2024:09:12:00 +0800] "GET /xingrg/all/function/internal_message.html?_=1712365919861&CODE_STATE=getMsg HTTP/1.1" 200 27
172.20.0.8 - - [06/Apr/2024:09:12:04 +0800] "GET /xingrg/all/function/internal_message.html?_=1712365924822&CODE_STATE=getMsg HTTP/1.1" 302 -
120.253.135.82 - - [06/Apr/2024:09:12:05 +0800] "GET /xingrg/kc/buy/cgsh_order_operate.html?command=get_materiel&rest_code=00101&code=00102003225&supplier_code=00100281&order_time=2024-04-06 HTTP/1.1" 200 414
101.83.144.49 - - [06/Apr/2024:09:12:08 +0800] "GET /xingrg/kc/buy/cgsh_order_operate.html?command=get_materiel&rest_code=00105&code=00101002027&supplier_code=00100151&order_time=2024-04-06 HTTP/1.1" 200 413
116.224.254.208 - - [06/Apr/2024:09:12:08 +0800] "POST /xingrg/kc/buy/cgsh_order_operate.html HTTP/1.1" 200 100
124.78.56.241 - - [06/Apr/2024:09:12:11 +0800] "GET /xingrg/all/function/internal_message.html?_=1712365931028&CODE_STATE=getMsg HTTP/1.1" 200 27
180.164.1.25 - - [06/Apr/2024:09:12:12 +0800] "GET /xingrg/check_reg.html?_=1712365932193 HTTP/1.1" 200 22
180.164.1.25 - - [06/Apr/2024:09:12:12 +0800] "GET /xingrg/all/function/internal_message.html?_=1712365932194&CODE_STATE=getMsg HTTP/1.1" 200 27
180.169.147.146 - - [06/Apr/2024:09:12:14 +0800] "GET /xingrg/check_reg.html?_=1712365933972 HTTP/1.1" 200 22
180.169.147.146 - - [06/Apr/2024:09:12:14 +0800] "GET /xingrg/all/function/internal_message.html?_=1712365933978&CODE_STATE=getMsg HTTP/1.1" 200 27
172.20.0.100 - - [06/Apr/2024:09:12:14 +0800] "GET /xingrg/all/function/internal_message.html?_=1712365933513&CODE_STATE=getMsg HTTP/1.1" 200 27
172.20.0.100 - - [06/Apr/2024:09:12:14 +0800] "GET /xingrg/check_reg.html?_=1712365933716 HTTP/1.1" 200 22
222.70.183.82 - - [06/Apr/2024:09:12:15 +0800] "GET /xingrg/all/function/internal_message.html?_=1712365931939&CODE_STATE=getMsg HTTP/1.1" 200 27
101.83.144.49 - - [06/Apr/2024:09:12:15 +0800] "GET /xingrg/all/function/internal_message.html?_=1712365936038&CODE_STATE=getMsg HTTP/1.1" 200 27
101.83.144.49 - - [06/Apr/2024:09:12:17 +0800] "GET /xingrg/kc/buy/cgsh_order_operate.html?command=get_materiel&rest_code=00105&code=00101008354&supplier_code=00100008&order_time=2024-04-06 HTTP/1.1" 200 412
116.224.254.208 - - [06/Apr/2024:09:12:17 +0800] "GET /xingrg/kc/buy/cgsh_order_add.html HTTP/1.1" 200 73908
116.224.254.208 - - [06/Apr/2024:09:12:18 +0800] "POST /xingrg/kc/buy/cgsh_order_operate.html HTTP/1.1" 200 8245
116.224.254.208 - - [06/Apr/2024:09:12:18 +0800] "GET /xingrg/javascript/easyui/themes/default/validatebox.css HTTP/1.1" 404 1104
120.253.135.82 - - [06/Apr/2024:09:12:21 +0800] "GET /xingrg/all/function/internal_message.html?_=1712365939721&CODE_STATE=getMsg HTTP/1.1" 200 27
172.20.0.100 - - [06/Apr/2024:09:12:22 +0800] "GET /xingrg/all/function/internal_message.html?_=1712365958169&CODE_STATE=getMsg HTTP/1.1" 302 -
172.20.0.100 - - [06/Apr/2024:09:12:22 +0800] "GET /xingrg/check_reg.html?_=1712365958170 HTTP/1.1" 302 -
116.224.254.208 - - [06/Apr/2024:09:12:30 +0800] "GET /xingrg/kc/buy/cgsh_order_operate.html?command=get_materiel&rest_code=00150&code=00101044014&supplier_code=00100096&order_time=2024-04-06 HTTP/1.1" 200 395
116.238.97.31 - - [06/Apr/2024:09:12:31 +0800] "GET /xingrg/all/function/internal_message.html?_=1712365951123&CODE_STATE=getMsg HTTP/1.1" 200 27
116.238.97.31 - - [06/Apr/2024:09:12:32 +0800] "GET /xingrg/check_reg.html?_=1712365951589 HTTP/1.1" 200 22
101.83.144.49 - - [06/Apr/2024:09:12:32 +0800] "GET /xingrg/kc/buy/cgsh_order_operate.html?command=get_materiel&rest_code=00105&code=00101008038&supplier_code=00100008&order_time=2024-04-06 HTTP/1.1" 200 412
116.224.254.208 - - [06/Apr/2024:09:12:35 +0800] "GET /xingrg/all/function/internal_message.html?_=1712365955028&CODE_STATE=getMsg HTTP/1.1" 200 27
114.83.223.206 - - [06/Apr/2024:09:12:39 +0800] "GET /xingrg/kc/buy/cgsh_order_operate.html?command=get_materiel&rest_code=00149&code=00101008131&supplier_code=00100008&order_time=2024-04-06 HTTP/1.1" 200 408
116.237.77.65 - - [06/Apr/2024:09:12:40 +0800] "POST /xingrg/kc/cost/cost_operate.html HTTP/1.1" 200 4
101.83.144.49 - - [06/Apr/2024:09:12:42 +0800] "GET /xingrg/all/function/internal_message.html?_=1712365721939&CODE_STATE=getMsg HTTP/1.1" 200 27
116.237.77.65 - - [06/Apr/2024:09:12:43 +0800] "GET /xingrg/kc/cost/cost_page.html HTTP/1.1" 200 4088
116.237.77.65 - - [06/Apr/2024:09:12:43 +0800] "GET /xingrg/css/blue.css HTTP/1.1" 304 -
116.237.77.65 - - [06/Apr/2024:09:12:43 +0800] "GET /xingrg/javascript/jquery_easy_ui/themes/default/easyui.css HTTP/1.1" 304 -
116.237.77.65 - - [06/Apr/2024:09:12:43 +0800] "GET /xingrg/javascript/jquery_easy_ui/themes/icon.css HTTP/1.1" 304 -
116.237.77.65 - - [06/Apr/2024:09:12:43 +0800] "GET /xingrg/javascript/step/step.css HTTP/1.1" 304 -
116.237.77.65 - - [06/Apr/2024:09:12:43 +0800] "GET /xingrg/css/table.css HTTP/1.1" 304 -
116.237.77.65 - - [06/Apr/2024:09:12:44 +0800] "GET /xingrg/dwr/interface/AjaxReportQueryService.js HTTP/1.1" 200 13203
116.237.77.65 - - [06/Apr/2024:09:12:44 +0800] "GET /xingrg/dwr/engine.js HTTP/1.1" 200 43631
116.237.77.65 - - [06/Apr/2024:09:12:44 +0800] "GET /xingrg/dwr/util.js HTTP/1.1" 304 -
116.237.77.65 - - [06/Apr/2024:09:12:44 +0800] "GET /xingrg/javascript/jquery-1.4.2.min.js HTTP/1.1" 304 -
116.237.77.65 - - [06/Apr/2024:09:12:44 +0800] "GET /xingrg/javascript/jquery_easy_ui/jquery.easyui.min.js HTTP/1.1" 304 -
116.237.77.65 - - [06/Apr/2024:09:12:44 +0800] "GET /xingrg/javascript/jquery_easy_ui/easyui-lang-zh_CN.js HTTP/1.1" 304 -
116.237.77.65 - - [06/Apr/2024:09:12:44 +0800] "GET /xingrg/javascript/jquery.utils.js HTTP/1.1" 304 -
116.237.77.65 - - [06/Apr/2024:09:12:44 +0800] "GET /xingrg/images/control/ajaxLoader.gif HTTP/1.1" 304 -
116.237.77.65 - - [06/Apr/2024:09:12:49 +0800] "GET /xingrg/all/function/internal_message.html?_=1712365969163&CODE_STATE=getMsg HTTP/1.1" 200 27
116.224.254.208 - - [06/Apr/2024:09:12:51 +0800] "GET /xingrg/all/function/internal_message.html?_=1712365971445&CODE_STATE=getMsg HTTP/1.1" 200 27
101.83.144.49 - - [06/Apr/2024:09:12:51 +0800] "GET /xingrg/kc/buy/cgsh_order_operate.html?command=get_materiel&rest_code=00105&code=00101016030&supplier_code=00100151&order_time=2024-04-06 HTTP/1.1" 200 412
114.83.223.206 - - [06/Apr/2024:09:12:55 +0800] "GET /xingrg/all/function/internal_message.html?_=1712365972092&CODE_STATE=getMsg HTTP/1.1" 200 27
120.253.135.82 - - [06/Apr/2024:09:12:58 +0800] "GET /xingrg/all/function/internal_message.html?_=1712365822850&CODE_STATE=getMsg HTTP/1.1" 200 27
114.83.223.206 - - [06/Apr/2024:09:12:58 +0800] "GET /xingrg/kc/buy/cgsh_order_operate.html?command=get_materiel&rest_code=00149&code=00101008353&supplier_code=00100008&order_time=2024-04-06 HTTP/1.1" 200 408
180.169.147.146 - - [06/Apr/2024:09:13:00 +0800] "GET /xingrg/all/function/internal_message.html?_=1712365979860&CODE_STATE=getMsg HTTP/1.1" 200 27
101.83.144.49 - - [06/Apr/2024:09:13:01 +0800] "GET /xingrg/kc/buy/cgsh_order_operate.html?command=get_materiel&rest_code=00105&code=00101012007&supplier_code=00100151&order_time=2024-04-06 HTTP/1.1" 200 412
101.83.144.49 - - [06/Apr/2024:09:13:03 +0800] "POST /xingrg/kc/buy/cgsh_order_operate.html HTTP/1.1" 200 2065
116.224.254.208 - - [06/Apr/2024:09:13:04 +0800] "GET /xingrg/kc/buy/cgsh_order_operate.html?command=get_materiel&rest_code=00150&code=00101006055&supplier_code=00100096&order_time=2024-04-06 HTTP/1.1" 200 411
172.20.0.8 - - [06/Apr/2024:09:13:04 +0800] "GET /xingrg/all/function/internal_message.html?_=1712365984823&CODE_STATE=getMsg HTTP/1.1" 302 -
120.253.135.82 - - [06/Apr/2024:09:13:06 +0800] "GET /xingrg/kc/buy/cgsh_order_operate.html?command=get_materiel&rest_code=00101&code=00102010779&supplier_code=00100281&order_time=2024-04-06 HTTP/1.1" 200 414
114.83.223.206 - - [06/Apr/2024:09:13:09 +0800] "GET /xingrg/kc/buy/cgsh_order_operate.html?command=get_materiel&rest_code=00149&code=00101008013&supplier_code=00100008&order_time=2024-04-06 HTTP/1.1" 200 408
101.83.144.49 - - [06/Apr/2024:09:13:10 +0800] "GET /xingrg/kc/buy/cgsh_order_operate.html?command=get_materiel&rest_code=00105&code=00101012025&supplier_code=00100151&order_time=2024-04-06 HTTP/1.1" 200 412
124.78.56.241 - - [06/Apr/2024:09:13:11 +0800] "GET /xingrg/all/function/internal_message.html?_=1712365991004&CODE_STATE=getMsg HTTP/1.1" 200 27
180.164.1.25 - - [06/Apr/2024:09:13:12 +0800] "GET /xingrg/all/function/internal_message.html?_=1712365992178&CODE_STATE=getMsg HTTP/1.1" 200 27
180.169.147.146 - - [06/Apr/2024:09:13:14 +0800] "GET /xingrg/all/function/internal_message.html?_=1712365993959&CODE_STATE=getMsg HTTP/1.1" 200 27
172.20.0.100 - - [06/Apr/2024:09:13:14 +0800] "GET /xingrg/all/function/internal_message.html?_=1712365993485&CODE_STATE=getMsg HTTP/1.1" 200 27
101.83.144.49 - - [06/Apr/2024:09:13:15 +0800] "GET /xingrg/all/function/internal_message.html?_=1712365996061&CODE_STATE=getMsg HTTP/1.1" 200 27
222.70.183.82 - - [06/Apr/2024:09:13:15 +0800] "GET /xingrg/all/function/internal_message.html?_=1712365991922&CODE_STATE=getMsg HTTP/1.1" 200 27
222.70.183.82 - - [06/Apr/2024:09:13:16 +0800] "GET /xingrg/check_reg.html?_=1712365993390 HTTP/1.1" 200 22
120.253.135.82 - - [06/Apr/2024:09:13:17 +0800] "GET /xingrg/kc/pszx/mdqp_order_list.html?state=10 HTTP/1.1" 200 10319
120.253.135.82 - - [06/Apr/2024:09:13:17 +0800] "GET /xingrg/dwr/engine.js HTTP/1.1" 200 43631
120.253.135.82 - - [06/Apr/2024:09:13:17 +0800] "GET /xingrg/dwr/interface/AjaxReportQueryService.js HTTP/1.1" 200 13203
120.253.135.82 - - [06/Apr/2024:09:13:17 +0800] "GET /xingrg/dwr/interface/AjaxQqpsService.js HTTP/1.1" 200 16326
101.83.144.49 - - [06/Apr/2024:09:13:19 +0800] "GET /xingrg/kc/buy/cgsh_order_operate.html?command=get_materiel&rest_code=00105&code=00101008361&supplier_code=00100008&order_time=2024-04-06 HTTP/1.1" 200 408
120.253.135.82 - - [06/Apr/2024:09:13:20 +0800] "GET /xingrg/kc/pszx/mdqp_order_list.html?state=10 HTTP/1.1" 200 10319
120.253.135.82 - - [06/Apr/2024:09:13:20 +0800] "GET /xingrg/dwr/interface/AjaxQqpsService.js HTTP/1.1" 200 16326
120.253.135.82 - - [06/Apr/2024:09:13:20 +0800] "GET /xingrg/dwr/interface/AjaxReportQueryService.js HTTP/1.1" 200 13203
120.253.135.82 - - [06/Apr/2024:09:13:20 +0800] "GET /xingrg/dwr/engine.js HTTP/1.1" 200 43631
120.253.135.82 - - [06/Apr/2024:09:13:21 +0800] "GET /xingrg/all/function/internal_message.html?_=1712365999714&CODE_STATE=getMsg HTTP/1.1" 200 27
172.20.0.100 - - [06/Apr/2024:09:13:22 +0800] "GET /xingrg/all/function/internal_message.html?_=1712366018168&CODE_STATE=getMsg HTTP/1.1" 302 -
124.78.56.241 - - [06/Apr/2024:09:13:23 +0800] "GET /xingrg/check_reg.html?_=1712366003062 HTTP/1.1" 200 22
114.83.223.206 - - [06/Apr/2024:09:13:23 +0800] "GET /xingrg/kc/buy/cgsh_order_operate.html?command=get_materiel&rest_code=00149&code=00101008087&supplier_code=00100008&order_time=2024-04-06 HTTP/1.1" 200 412
116.224.254.208 - - [06/Apr/2024:09:13:24 +0800] "GET /xingrg/kc/buy/cgsh_order_operate.html?command=get_materiel&rest_code=00150&code=00101006109&supplier_code=00100096&order_time=2024-04-06 HTTP/1.1" 200 409
114.83.223.206 - - [06/Apr/2024:09:13:26 +0800] "POST /xingrg/kc/buy/cgsh_order_operate.html HTTP/1.1" 200 2065
116.238.97.31 - - [06/Apr/2024:09:13:31 +0800] "GET /xingrg/all/function/internal_message.html?_=1712366011115&CODE_STATE=getMsg HTTP/1.1" 200 27
116.224.254.208 - - [06/Apr/2024:09:13:34 +0800] "GET /xingrg/kc/buy/cgsh_order_operate.html?command=get_materiel&rest_code=00150&code=00101006111&supplier_code=00100096&order_time=2024-04-06 HTTP/1.1" 200 411
116.224.254.208 - - [06/Apr/2024:09:13:35 +0800] "GET /xingrg/check_reg.html?_=1712366015024 HTTP/1.1" 200 22
116.224.254.208 - - [06/Apr/2024:09:13:35 +0800] "GET /xingrg/all/function/internal_message.html?_=1712366015025&CODE_STATE=getMsg HTTP/1.1" 200 27
101.83.144.49 - - [06/Apr/2024:09:13:36 +0800] "GET /xingrg/kc/buy/cgsh_order_operate.html?command=get_materiel&rest_code=00105&code=00101008321&supplier_code=00100008&order_time=2024-04-06 HTTP/1.1" 200 412
101.83.144.49 - - [06/Apr/2024:09:13:42 +0800] "GET /xingrg/all/function/internal_message.html?_=1712365781911&CODE_STATE=getMsg HTTP/1.1" 200 27
116.237.77.65 - - [06/Apr/2024:09:13:49 +0800] "GET /xingrg/all/function/internal_message.html?_=1712366029165&CODE_STATE=getMsg HTTP/1.1" 200 27
120.253.135.82 - - [06/Apr/2024:09:13:50 +0800] "GET /xingrg/kc/buy/cgsh_order_operate.html?command=get_materiel&rest_code=00101&code=00102003571&supplier_code=00100281&order_time=2024-04-06 HTTP/1.1" 200 429
101.83.144.49 - - [06/Apr/2024:09:13:51 +0800] "GET /xingrg/kc/buy/cgsh_order_operate.html?command=get_materiel&rest_code=00105&code=00101016100&supplier_code=00100151&order_time=2024-04-06 HTTP/1.1" 200 412
116.224.254.208 - - [06/Apr/2024:09:13:51 +0800] "GET /xingrg/all/function/internal_message.html?_=1712366031447&CODE_STATE=getMsg HTTP/1.1" 200 27
116.224.254.208 - - [06/Apr/2024:09:13:55 +0800] "GET /xingrg/kc/buy/cgsh_order_operate.html?command=get_materiel&rest_code=00150&code=00101006065&supplier_code=00100096&order_time=2024-04-06 HTTP/1.1" 200 409
114.83.223.206 - - [06/Apr/2024:09:13:55 +0800] "GET /xingrg/all/function/internal_message.html?_=1712366032095&CODE_STATE=getMsg HTTP/1.1" 200 27
120.253.135.82 - - [06/Apr/2024:09:13:58 +0800] "GET /xingrg/all/function/internal_message.html?_=1712365882864&CODE_STATE=getMsg HTTP/1.1" 200 27
180.169.147.146 - - [06/Apr/2024:09:14:00 +0800] "GET /xingrg/all/function/internal_message.html?_=1712366039851&CODE_STATE=getMsg HTTP/1.1" 200 27
172.20.0.8 - - [06/Apr/2024:09:14:04 +0800] "GET /xingrg/all/function/internal_message.html?_=1712366044809&CODE_STATE=getMsg HTTP/1.1" 302 -
101.83.144.49 - - [06/Apr/2024:09:14:08 +0800] "GET /xingrg/kc/buy/cgsh_order_operate.html?command=get_materiel&rest_code=00105&code=00101008155&supplier_code=00100008&order_time=2024-04-06 HTTP/1.1" 200 408
124.78.56.241 - - [06/Apr/2024:09:14:10 +0800] "GET /xingrg/all/function/internal_message.html?_=1712366050989&CODE_STATE=getMsg HTTP/1.1" 200 27
116.224.254.208 - - [06/Apr/2024:09:14:11 +0800] "GET /xingrg/kc/buy/cgsh_order_operate.html?command=get_materiel&rest_code=00150&code=00101010711&supplier_code=00100096&order_time=2024-04-06 HTTP/1.1" 200 405
180.164.1.25 - - [06/Apr/2024:09:14:12 +0800] "GET /xingrg/all/function/internal_message.html?_=1712366052187&CODE_STATE=getMsg HTTP/1.1" 200 27
180.169.147.146 - - [06/Apr/2024:09:14:14 +0800] "GET /xingrg/all/function/internal_message.html?_=1712366053966&CODE_STATE=getMsg HTTP/1.1" 200 27
172.20.0.100 - - [06/Apr/2024:09:14:14 +0800] "GET /xingrg/all/function/internal_message.html?_=1712366053457&CODE_STATE=getMsg HTTP/1.1" 200 27
101.83.144.49 - - [06/Apr/2024:09:14:15 +0800] "GET /xingrg/all/function/internal_message.html?_=1712366055998&CODE_STATE=getMsg HTTP/1.1" 200 27
222.70.183.82 - - [06/Apr/2024:09:14:15 +0800] "GET /xingrg/all/function/internal_message.html?_=1712366051906&CODE_STATE=getMsg HTTP/1.1" 200 27
114.83.223.206 - - [06/Apr/2024:09:14:21 +0800] "GET /xingrg/kc/buy/cgsh_order_operate.html?command=get_materiel&rest_code=00149&code=00101012042&supplier_code=00100008&order_time=2024-04-06 HTTP/1.1" 200 408
120.253.135.82 - - [06/Apr/2024:09:14:21 +0800] "GET /xingrg/check_reg.html?_=1712366059732 HTTP/1.1" 200 22
120.253.135.82 - - [06/Apr/2024:09:14:21 +0800] "GET /xingrg/all/function/internal_message.html?_=1712366059726&CODE_STATE=getMsg HTTP/1.1" 200 27
172.20.0.100 - - [06/Apr/2024:09:14:22 +0800] "GET /xingrg/all/function/internal_message.html?_=1712366078192&CODE_STATE=getMsg HTTP/1.1" 302 -
101.83.144.49 - - [06/Apr/2024:09:14:23 +0800] "GET /xingrg/kc/buy/cgsh_order_operate.html?command=get_materiel&rest_code=00105&code=00101008098&supplier_code=00100008&order_time=2024-04-06 HTTP/1.1" 200 412
116.224.254.208 - - [06/Apr/2024:09:14:26 +0800] "GET /xingrg/kc/buy/cgsh_order_operate.html?command=get_materiel&rest_code=00150&code=00101006372&supplier_code=00100096&order_time=2024-04-06 HTTP/1.1" 200 423
116.238.97.31 - - [06/Apr/2024:09:14:31 +0800] "GET /xingrg/all/function/internal_message.html?_=1712366071092&CODE_STATE=getMsg HTTP/1.1" 200 27
114.83.223.206 - - [06/Apr/2024:09:14:33 +0800] "GET /xingrg/kc/buy/cgsh_order_operate.html?command=get_materiel&rest_code=00149&code=00101008355&supplier_code=00100008&order_time=2024-04-06 HTTP/1.1" 200 408
116.224.254.208 - - [06/Apr/2024:09:14:35 +0800] "GET /xingrg/all/function/internal_message.html?_=1712366075023&CODE_STATE=getMsg HTTP/1.1" 200 27
101.83.144.49 - - [06/Apr/2024:09:14:40 +0800] "GET /xingrg/kc/buy/cgsh_order_operate.html?command=get_materiel&rest_code=00105&code=00101008003&supplier_code=00100008&order_time=2024-04-06 HTTP/1.1" 200 408
101.83.144.49 - - [06/Apr/2024:09:14:42 +0800] "GET /xingrg/all/function/internal_message.html?_=1712365841914&CODE_STATE=getMsg HTTP/1.1" 200 27
101.83.144.49 - - [06/Apr/2024:09:14:44 +0800] "POST /xingrg/kc/buy/cgsh_order_operate.html HTTP/1.1" 200 2065
116.224.254.208 - - [06/Apr/2024:09:14:45 +0800] "GET /xingrg/kc/buy/cgsh_order_operate.html?command=get_materiel&rest_code=00150&code=00101006133&supplier_code=00100096&order_time=2024-04-06 HTTP/1.1" 200 415
116.237.77.65 - - [06/Apr/2024:09:14:49 +0800] "GET /xingrg/check_reg.html?_=1712366089154 HTTP/1.1" 200 22
116.237.77.65 - - [06/Apr/2024:09:14:49 +0800] "GET /xingrg/all/function/internal_message.html?_=1712366089155&CODE_STATE=getMsg HTTP/1.1" 200 27
116.224.254.208 - - [06/Apr/2024:09:14:51 +0800] "GET /xingrg/check_reg.html?_=1712366091448 HTTP/1.1" 200 22
116.224.254.208 - - [06/Apr/2024:09:14:51 +0800] "GET /xingrg/all/function/internal_message.html?_=1712366091450&CODE_STATE=getMsg HTTP/1.1" 200 27
114.83.223.206 - - [06/Apr/2024:09:14:55 +0800] "GET /xingrg/all/function/internal_message.html?_=1712366092110&CODE_STATE=getMsg HTTP/1.1" 200 27
120.253.135.82 - - [06/Apr/2024:09:14:58 +0800] "GET /xingrg/check_reg.html?_=1712365942815 HTTP/1.1" 200 22
120.253.135.82 - - [06/Apr/2024:09:14:58 +0800] "GET /xingrg/all/function/internal_message.html?_=1712365942878&CODE_STATE=getMsg HTTP/1.1" 200 27
180.169.147.146 - - [06/Apr/2024:09:15:00 +0800] "GET /xingrg/all/function/internal_message.html?_=1712366099865&CODE_STATE=getMsg HTTP/1.1" 200 27
172.20.0.8 - - [06/Apr/2024:09:15:04 +0800] "GET /xingrg/all/function/internal_message.html?_=1712366104811&CODE_STATE=getMsg HTTP/1.1" 302 -
101.83.144.49 - - [06/Apr/2024:09:15:06 +0800] "POST /xingrg/kc/buy/cgsh_order_operate.html HTTP/1.1" 200 37
101.83.144.49 - - [06/Apr/2024:09:15:08 +0800] "POST /xingrg/kc/buy/cgsh_order_operate.html HTTP/1.1" 200 29834
124.78.56.241 - - [06/Apr/2024:09:15:10 +0800] "GET /xingrg/all/function/internal_message.html?_=1712366110968&CODE_STATE=getMsg HTTP/1.1" 200 27
180.164.1.25 - - [06/Apr/2024:09:15:12 +0800] "GET /xingrg/all/function/internal_message.html?_=1712366112173&CODE_STATE=getMsg HTTP/1.1" 200 27
180.169.147.146 - - [06/Apr/2024:09:15:14 +0800] "GET /xingrg/all/function/internal_message.html?_=1712366113980&CODE_STATE=getMsg HTTP/1.1" 200 27
172.20.0.100 - - [06/Apr/2024:09:15:14 +0800] "GET /xingrg/all/function/internal_message.html?_=1712366113443&CODE_STATE=getMsg HTTP/1.1" 200 27
101.83.144.49 - - [06/Apr/2024:09:15:14 +0800] "GET /xingrg/check_reg.html?_=1712366115413 HTTP/1.1" 200 22
101.83.144.49 - - [06/Apr/2024:09:15:14 +0800] "GET /xingrg/all/function/internal_message.html?_=1712366115969&CODE_STATE=getMsg HTTP/1.1" 200 27
222.70.183.82 - - [06/Apr/2024:09:15:15 +0800] "GET /xingrg/all/function/internal_message.html?_=1712366111888&CODE_STATE=getMsg HTTP/1.1" 200 27
120.253.135.82 - - [06/Apr/2024:09:15:21 +0800] "GET /xingrg/all/function/internal_message.html?_=1712366119725&CODE_STATE=getMsg HTTP/1.1" 200 27
172.20.0.100 - - [06/Apr/2024:09:15:22 +0800] "GET /xingrg/all/function/internal_message.html?_=1712366138191&CODE_STATE=getMsg HTTP/1.1" 302 -
116.224.254.208 - - [06/Apr/2024:09:15:30 +0800] "GET /xingrg/kc/buy/cgsh_order_operate.html?command=get_materiel&rest_code=00150&code=00101006129&supplier_code=00100096&order_time=2024-04-06 HTTP/1.1" 200 439
116.238.97.31 - - [06/Apr/2024:09:15:31 +0800] "GET /xingrg/all/function/internal_message.html?_=1712366131070&CODE_STATE=getMsg HTTP/1.1" 200 27
116.224.254.208 - - [06/Apr/2024:09:15:35 +0800] "GET /xingrg/all/function/internal_message.html?_=1712366135026&CODE_STATE=getMsg HTTP/1.1" 200 27
120.253.135.82 - - [06/Apr/2024:09:15:36 +0800] "GET /xingrg/kc/buy/cgsh_order_operate.html?command=get_materiel&rest_code=00101&code=00102003055&supplier_code=00100281&order_time=2024-04-06 HTTP/1.1" 200 413
101.83.144.49 - - [06/Apr/2024:09:15:42 +0800] "GET /xingrg/all/function/internal_message.html?_=1712365901914&CODE_STATE=getMsg HTTP/1.1" 200 27
116.237.77.65 - - [06/Apr/2024:09:15:49 +0800] "GET /xingrg/all/function/internal_message.html?_=1712366149162&CODE_STATE=getMsg HTTP/1.1" 200 27
116.224.254.208 - - [06/Apr/2024:09:15:51 +0800] "GET /xingrg/kc/buy/cgsh_order_operate.html?command=get_materiel&rest_code=00150&code=00101007081&supplier_code=00100096&order_time=2024-04-06 HTTP/1.1" 200 413
116.224.254.208 - - [06/Apr/2024:09:15:51 +0800] "GET /xingrg/all/function/internal_message.html?_=1712366151441&CODE_STATE=getMsg HTTP/1.1" 200 27
114.83.223.206 - - [06/Apr/2024:09:15:55 +0800] "GET /xingrg/all/function/internal_message.html?_=1712366152117&CODE_STATE=getMsg HTTP/1.1" 200 27
120.253.135.82 - - [06/Apr/2024:09:15:58 +0800] "GET /xingrg/all/function/internal_message.html?_=1712366002891&CODE_STATE=getMsg HTTP/1.1" 200 27
116.237.77.65 - - [06/Apr/2024:09:15:58 +0800] "GET /xingrg/kc/cost/cost_operate.html?_=1712366158686&command=load_cost_list HTTP/1.1" 200 12129
180.169.147.146 - - [06/Apr/2024:09:16:00 +0800] "GET /xingrg/check_reg.html?_=1712366159854 HTTP/1.1" 200 22
180.169.147.146 - - [06/Apr/2024:09:16:00 +0800] "GET /xingrg/all/function/internal_message.html?_=1712366159856&CODE_STATE=getMsg HTTP/1.1" 200 27
114.83.223.206 - - [06/Apr/2024:09:16:02 +0800] "GET /xingrg/kc/buy/cgsh_order_operate.html?command=get_materiel&rest_code=00149&code=00101008024&supplier_code=00100008&order_time=2024-04-06 HTTP/1.1" 200 408
172.20.0.8 - - [06/Apr/2024:09:16:04 +0800] "GET /xingrg/check_reg.html?_=1712366164796 HTTP/1.1" 302 -
172.20.0.8 - - [06/Apr/2024:09:16:04 +0800] "GET /xingrg/all/function/internal_message.html?_=1712366164814&CODE_STATE=getMsg HTTP/1.1" 302 -
124.78.56.241 - - [06/Apr/2024:09:16:10 +0800] "GET /xingrg/all/function/internal_message.html?_=1712366170956&CODE_STATE=getMsg HTTP/1.1" 200 27
180.164.1.25 - - [06/Apr/2024:09:16:12 +0800] "GET /xingrg/all/function/internal_message.html?_=1712366172182&CODE_STATE=getMsg HTTP/1.1" 200 27
180.169.147.146 - - [06/Apr/2024:09:16:14 +0800] "GET /xingrg/all/function/internal_message.html?_=1712366173987&CODE_STATE=getMsg HTTP/1.1" 200 27
172.20.0.100 - - [06/Apr/2024:09:16:14 +0800] "GET /xingrg/all/function/internal_message.html?_=1712366173429&CODE_STATE=getMsg HTTP/1.1" 200 27
101.83.144.49 - - [06/Apr/2024:09:16:14 +0800] "GET /xingrg/all/function/internal_message.html?_=1712366175939&CODE_STATE=getMsg HTTP/1.1" 200 27
222.70.183.82 - - [06/Apr/2024:09:16:15 +0800] "GET /xingrg/all/function/internal_message.html?_=1712366171871&CODE_STATE=getMsg HTTP/1.1" 200 27
114.83.223.206 - - [06/Apr/2024:09:16:15 +0800] "GET /xingrg/kc/buy/cgsh_order_operate.html?command=get_materiel&rest_code=00149&code=00101008356&supplier_code=00100008&order_time=2024-04-06 HTTP/1.1" 200 408
120.253.135.82 - - [06/Apr/2024:09:16:18 +0800] "GET /xingrg/kc/pszx/mdqp_order_list.html?state=10 HTTP/1.1" 200 10319
120.253.135.82 - - [06/Apr/2024:09:16:18 +0800] "GET /xingrg/dwr/interface/AjaxReportQueryService.js HTTP/1.1" 200 13203
120.253.135.82 - - [06/Apr/2024:09:16:18 +0800] "GET /xingrg/dwr/engine.js HTTP/1.1" 200 43631
120.253.135.82 - - [06/Apr/2024:09:16:18 +0800] "GET /xingrg/dwr/interface/AjaxQqpsService.js HTTP/1.1" 200 16326
120.253.135.82 - - [06/Apr/2024:09:16:20 +0800] "GET /xingrg/kc/pszx/mdqp_order_list.html?state=10 HTTP/1.1" 200 10319
120.253.135.82 - - [06/Apr/2024:09:16:20 +0800] "GET /xingrg/dwr/interface/AjaxReportQueryService.js HTTP/1.1" 200 13203
120.253.135.82 - - [06/Apr/2024:09:16:20 +0800] "GET /xingrg/dwr/interface/AjaxQqpsService.js HTTP/1.1" 200 16326
120.253.135.82 - - [06/Apr/2024:09:16:20 +0800] "GET /xingrg/dwr/engine.js HTTP/1.1" 200 43631
120.253.135.82 - - [06/Apr/2024:09:16:21 +0800] "GET /xingrg/all/function/internal_message.html?_=1712366179735&CODE_STATE=getMsg HTTP/1.1" 200 27
172.20.0.100 - - [06/Apr/2024:09:16:22 +0800] "GET /xingrg/all/function/internal_message.html?_=1712366198191&CODE_STATE=getMsg HTTP/1.1" 302 -
114.83.223.206 - - [06/Apr/2024:09:16:28 +0800] "GET /xingrg/kc/buy/cgsh_order_operate.html?command=get_materiel&rest_code=00149&code=00101008300&supplier_code=00100008&order_time=2024-04-06 HTTP/1.1" 200 412
116.238.97.31 - - [06/Apr/2024:09:16:31 +0800] "GET /xingrg/all/function/internal_message.html?_=1712366191043&CODE_STATE=getMsg HTTP/1.1" 200 27
116.224.254.208 - - [06/Apr/2024:09:16:35 +0800] "GET /xingrg/all/function/internal_message.html?_=1712366195037&CODE_STATE=getMsg HTTP/1.1" 200 27
116.224.254.208 - - [06/Apr/2024:09:16:41 +0800] "GET /xingrg/kc/buy/cgsh_order_operate.html?command=get_materiel&rest_code=00150&code=00101007181&supplier_code=00100096&order_time=2024-04-06 HTTP/1.1" 200 412
101.83.144.49 - - [06/Apr/2024:09:16:42 +0800] "GET /xingrg/check_reg.html?_=1712365961921 HTTP/1.1" 200 22
101.83.144.49 - - [06/Apr/2024:09:16:42 +0800] "GET /xingrg/all/function/internal_message.html?_=1712365961925&CODE_STATE=getMsg HTTP/1.1" 200 27
114.83.223.206 - - [06/Apr/2024:09:16:46 +0800] "GET /xingrg/kc/buy/cgsh_order_operate.html?command=get_materiel&rest_code=00149&code=00101008205&supplier_code=00100008&order_time=2024-04-06 HTTP/1.1" 200 412
