101.83.144.49 - - [04/Apr/2024:09:19:26 +0800] "GET /xingrg/all/function/internal_message.html?_=1712193325861&CODE_STATE=getMsg HTTP/1.1" 200 27
172.20.0.100 - - [04/Apr/2024:09:19:26 +0800] "GET /xingrg/all/function/internal_message.html?_=1712193575917&CODE_STATE=getMsg HTTP/1.1" 302 -
120.253.135.82 - - [04/Apr/2024:09:19:26 +0800] "GET /xingrg/all/function/internal_message.html?_=1712193410269&CODE_STATE=getMsg HTTP/1.1" 200 27
222.70.172.175 - - [04/Apr/2024:09:19:26 +0800] "POST /xingrg/kc/buy/cgsh_order_operate.html HTTP/1.1" 200 5605
114.85.113.46 - - [04/Apr/2024:09:19:27 +0800] "GET /xingrg/all/function/internal_message.html?_=1712193566987&CODE_STATE=getMsg HTTP/1.1" 200 27
222.70.172.175 - - [04/Apr/2024:09:19:29 +0800] "GET /xingrg/all/function/internal_message.html?_=1712193580518&CODE_STATE=getMsg HTTP/1.1" 302 -
222.70.172.175 - - [04/Apr/2024:09:19:29 +0800] "GET /xingrg/login.html HTTP/1.1" 200 7641
172.20.0.100 - - [04/Apr/2024:09:19:30 +0800] "POST /xingrg/dwr/call/plaincall/AjaxCheckService.setItemNumber.dwr HTTP/1.1" 200 77
172.20.0.100 - - [04/Apr/2024:09:19:30 +0800] "GET /xingrg/all/function/internal_message.html?_=1712193570032&CODE_STATE=getMsg HTTP/1.1" 200 27
172.20.0.100 - - [04/Apr/2024:09:19:31 +0800] "POST /xingrg/dwr/call/plaincall/AjaxCheckService.setItemNumber.dwr HTTP/1.1" 200 77
116.238.97.31 - - [04/Apr/2024:09:19:31 +0800] "GET /xingrg/all/function/internal_message.html?_=1712193571731&CODE_STATE=getMsg HTTP/1.1" 200 27
114.83.223.186 - - [04/Apr/2024:09:19:32 +0800] "GET /xingrg/all/function/internal_message.html?_=1712193568868&CODE_STATE=getMsg HTTP/1.1" 200 27
114.83.223.186 - - [04/Apr/2024:09:19:33 +0800] "GET /xingrg/kc/buy/cgsh_order_operate.html?command=get_materiel&rest_code=00149&code=00101008304&supplier_code=00100008&order_time=2024-04-04 HTTP/1.1" 200 412
172.20.0.100 - - [04/Apr/2024:09:19:36 +0800] "POST /xingrg/dwr/call/plaincall/AjaxCheckService.setItemNumber.dwr HTTP/1.1" 200 77
114.83.223.186 - - [04/Apr/2024:09:19:36 +0800] "POST /xingrg/kc/buy/cgsh_order_operate.html HTTP/1.1" 200 2065
180.169.147.146 - - [04/Apr/2024:09:19:38 +0800] "GET /xingrg/all/function/internal_message.html?_=1712193579086&CODE_STATE=getMsg HTTP/1.1" 200 27
116.224.254.208 - - [04/Apr/2024:09:19:38 +0800] "GET /xingrg/all/function/internal_message.html?_=1712193578756&CODE_STATE=getMsg HTTP/1.1" 200 27
172.20.0.100 - - [04/Apr/2024:09:19:40 +0800] "POST /xingrg/dwr/call/plaincall/AjaxCheckService.setItemNumber.dwr HTTP/1.1" 200 77
180.164.1.25 - - [04/Apr/2024:09:19:40 +0800] "GET /xingrg/all/function/internal_message.html?_=1712193579843&CODE_STATE=getMsg HTTP/1.1" 200 27
180.169.147.146 - - [04/Apr/2024:09:19:41 +0800] "GET /xingrg/all/function/internal_message.html?_=1712193581503&CODE_STATE=getMsg HTTP/1.1" 302 -
114.83.223.186 - - [04/Apr/2024:09:19:42 +0800] "GET /xingrg/kc/buy/cgsh_order_operate.html?command=get_materiel&rest_code=00149&code=00101008072&supplier_code=00100008&order_time=2024-04-04 HTTP/1.1" 200 408
172.20.0.100 - - [04/Apr/2024:09:19:46 +0800] "POST /xingrg/dwr/call/plaincall/AjaxCheckService.setItemNumber.dwr HTTP/1.1" 200 77
172.20.0.100 - - [04/Apr/2024:09:19:46 +0800] "POST /xingrg/dwr/call/plaincall/AjaxCheckService.setItemNumber.dwr HTTP/1.1" 200 77
172.20.0.100 - - [04/Apr/2024:09:19:47 +0800] "POST /xingrg/dwr/call/plaincall/AjaxCheckService.setItemNumber.dwr HTTP/1.1" 200 77
172.20.0.100 - - [04/Apr/2024:09:19:52 +0800] "POST /xingrg/dwr/call/plaincall/AjaxCheckService.setItemNumber.dwr HTTP/1.1" 200 77
172.20.0.100 - - [04/Apr/2024:09:19:53 +0800] "POST /xingrg/dwr/call/plaincall/AjaxCheckService.setItemNumber.dwr HTTP/1.1" 200 77
172.20.0.100 - - [04/Apr/2024:09:19:53 +0800] "POST /xingrg/dwr/call/plaincall/AjaxCheckService.setItemNumber.dwr HTTP/1.1" 200 77
61.170.232.36 - - [04/Apr/2024:09:19:57 +0800] "GET /xingrg/all/function/internal_message.html?_=1712193596571&CODE_STATE=getMsg HTTP/1.1" 200 27
61.170.232.36 - - [04/Apr/2024:09:19:57 +0800] "GET /xingrg/check_reg.html?_=1712193596573 HTTP/1.1" 200 22
222.70.183.82 - - [04/Apr/2024:09:19:57 +0800] "GET /xingrg/all/function/internal_message.html?_=1712193595674&CODE_STATE=getMsg HTTP/1.1" 200 27
116.238.97.31 - - [04/Apr/2024:09:19:58 +0800] "GET /xingrg/all/function/internal_message.html?_=1712193589904&CODE_STATE=getMsg HTTP/1.1" 200 27
172.20.0.100 - - [04/Apr/2024:09:19:58 +0800] "POST /xingrg/dwr/call/plaincall/AjaxCheckService.setItemNumber.dwr HTTP/1.1" 200 77
172.20.0.100 - - [04/Apr/2024:09:19:59 +0800] "POST /xingrg/dwr/call/plaincall/AjaxCheckService.setItemNumber.dwr HTTP/1.1" 200 77
58.40.7.146 - - [04/Apr/2024:09:19:59 +0800] "GET /xingrg/index.html?sysBaseUrl=http%3A%2F%2F180.169.147.146%3A18081%2Fxingrg%2F&costTime=45×tamp=1597139721527 HTTP/1.1" 302 -
58.40.7.146 - - [04/Apr/2024:09:19:59 +0800] "GET /xingrg/login.html HTTP/1.1" 200 7641
58.40.7.146 - - [04/Apr/2024:09:19:59 +0800] "GET /xingrg/images/blue/jxLogo.png HTTP/1.1" 200 6156
172.20.0.100 - - [04/Apr/2024:09:19:59 +0800] "POST /xingrg/dwr/call/plaincall/AjaxCheckService.setItemNumber.dwr HTTP/1.1" 200 77
58.40.7.146 - - [04/Apr/2024:09:20:00 +0800] "GET /xingrg/images/blue/login_bg.png HTTP/1.1" 200 22101
58.40.7.146 - - [04/Apr/2024:09:20:00 +0800] "GET /xingrg/images/blue/hj.png HTTP/1.1" 200 1014
58.40.7.146 - - [04/Apr/2024:09:20:00 +0800] "GET /xingrg/images/blue/srbg.png HTTP/1.1" 200 138
58.40.7.146 - - [04/Apr/2024:09:20:00 +0800] "GET /favicon.ico HTTP/1.1" 404 -
114.83.223.186 - - [04/Apr/2024:09:20:00 +0800] "GET /xingrg/kc/buy/cgsh_order_operate.html?command=get_materiel&rest_code=00149&code=00101009155&supplier_code=00100008&order_time=2024-04-04 HTTP/1.1" 200 416
124.78.60.103 - - [04/Apr/2024:09:20:01 +0800] "GET /xingrg/all/function/internal_message.html?_=1712193601255&CODE_STATE=getMsg HTTP/1.1" 200 27
58.40.7.146 - - [04/Apr/2024:09:20:03 +0800] "POST /xingrg/login.do HTTP/1.1" 302 -
58.40.7.146 - - [04/Apr/2024:09:20:03 +0800] "GET /xingrg/index.html?sysBaseUrl=http%3A%2F%2F180.169.147.146%3A18081%2Fxingrg%2F&costTime=1091×tamp=1712193603430 HTTP/1.1" 200 17503
58.40.7.146 - - [04/Apr/2024:09:20:03 +0800] "GET /xingrg/javascript/jquery_easy_ui/themes/default/easyui.css HTTP/1.1" 200 26500
58.40.7.146 - - [04/Apr/2024:09:20:03 +0800] "GET /xingrg/javascript/jquery_easy_ui/themes/icon.css HTTP/1.1" 200 3949
58.40.7.146 - - [04/Apr/2024:09:20:03 +0800] "GET /xingrg/css/form.css HTTP/1.1" 200 893
58.40.7.146 - - [04/Apr/2024:09:20:03 +0800] "GET /xingrg/javascript/jquery_easy_ui/jquery.easyui.min.js HTTP/1.1" 200 213662
58.40.7.146 - - [04/Apr/2024:09:20:03 +0800] "GET /xingrg/javascript/jquery.form.js HTTP/1.1" 200 23110
58.40.7.146 - - [04/Apr/2024:09:20:03 +0800] "GET /xingrg/javascript/jquery-1.4.2.min.js HTTP/1.1" 200 72205
58.40.7.146 - - [04/Apr/2024:09:20:03 +0800] "GET /xingrg/javascript/jquery.utils.js HTTP/1.1" 200 11805
58.40.7.146 - - [04/Apr/2024:09:20:03 +0800] "GET /xingrg/javascript/jquery_easy_ui/easyui-lang-zh_CN.js HTTP/1.1" 200 1900
58.40.7.146 - - [04/Apr/2024:09:20:03 +0800] "GET /xingrg/javascript/jquery.timers.js HTTP/1.1" 200 3532
58.40.7.146 - - [04/Apr/2024:09:20:03 +0800] "GET /favicon.ico HTTP/1.1" 404 -
58.40.7.146 - - [04/Apr/2024:09:20:03 +0800] "GET /xingrg/javascript/jquery_easy_ui/themes/icons/settle_new.png HTTP/1.1" 200 826
58.40.7.146 - - [04/Apr/2024:09:20:03 +0800] "GET /xingrg/images/blue/navBackgound.jpg HTTP/1.1" 200 12378
58.40.7.146 - - [04/Apr/2024:09:20:03 +0800] "GET /xingrg/check_reg.html?_=1712193603663 HTTP/1.1" 200 22
58.40.7.146 - - [04/Apr/2024:09:20:03 +0800] "GET /xingrg/images/blue/pingpu.png HTTP/1.1" 200 231
58.40.7.146 - - [04/Apr/2024:09:20:03 +0800] "GET /xingrg/javascript/jquery_easy_ui/themes/default/images/tabs_leftarrow.png HTTP/1.1" 200 389
58.40.7.146 - - [04/Apr/2024:09:20:03 +0800] "GET /xingrg/javascript/jquery_easy_ui/themes/default/images/tabs_rightarrow.png HTTP/1.1" 200 395
58.40.7.146 - - [04/Apr/2024:09:20:03 +0800] "GET /xingrg/javascript/jquery_easy_ui/themes/default/images/panel_tool_expand.gif HTTP/1.1" 200 247
58.40.7.146 - - [04/Apr/2024:09:20:03 +0800] "GET /xingrg/javascript/jquery_easy_ui/themes/default/images/panel_tool_collapse.gif HTTP/1.1" 200 246
58.40.7.146 - - [04/Apr/2024:09:20:03 +0800] "POST /xingrg/all/common/load_tree.html?tree=area_rest_tree_json&manage=1 HTTP/1.1" 200 1237
58.40.7.146 - - [04/Apr/2024:09:20:03 +0800] "GET /xingrg/all/function/internal_message.html?_=1712193603662&CODE_STATE=count HTTP/1.1" 200 11
172.20.0.100 - - [04/Apr/2024:09:20:03 +0800] "POST /xingrg/dwr/call/plaincall/AjaxCheckService.setItemNumber.dwr HTTP/1.1" 200 77
58.40.7.146 - - [04/Apr/2024:09:20:03 +0800] "POST /xingrg/load_menu.html HTTP/1.1" 200 11564
58.40.7.146 - - [04/Apr/2024:09:20:04 +0800] "GET /xingrg/javascript/jquery_easy_ui/themes/default/images/tree_arrows.gif HTTP/1.1" 200 1043
58.40.7.146 - - [04/Apr/2024:09:20:04 +0800] "GET /xingrg/javascript/jquery_easy_ui/themes/default/images/tree_folder_open.gif HTTP/1.1" 200 956
58.40.7.146 - - [04/Apr/2024:09:20:04 +0800] "GET /xingrg/javascript/jquery_easy_ui/themes/icons/search_new.png HTTP/1.1" 200 586
58.40.7.146 - - [04/Apr/2024:09:20:04 +0800] "GET /xingrg/javascript/jquery_easy_ui/themes/icons/delivery_new.png HTTP/1.1" 200 700
58.40.7.146 - - [04/Apr/2024:09:20:04 +0800] "GET /xingrg/javascript/jquery_easy_ui/themes/icons/storage_new.png HTTP/1.1" 200 853
58.40.7.146 - - [04/Apr/2024:09:20:04 +0800] "GET /xingrg/javascript/jquery_easy_ui/themes/icons/checkout_new.png HTTP/1.1" 200 744
58.40.7.146 - - [04/Apr/2024:09:20:04 +0800] "GET /xingrg/javascript/jquery_easy_ui/themes/icons/forms_new.png HTTP/1.1" 200 350
58.40.7.146 - - [04/Apr/2024:09:20:04 +0800] "GET /xingrg/javascript/jquery_easy_ui/themes/icons/setting_new.png HTTP/1.1" 200 450
58.40.7.146 - - [04/Apr/2024:09:20:04 +0800] "GET /xingrg/javascript/jquery_easy_ui/themes/icons/systemset_new.png HTTP/1.1" 200 606
58.40.7.146 - - [04/Apr/2024:09:20:04 +0800] "GET /xingrg/javascript/jquery_easy_ui/themes/default/images/tree_folder.gif HTTP/1.1" 200 952
58.40.7.146 - - [04/Apr/2024:09:20:04 +0800] "GET /xingrg/javascript/jquery_easy_ui/themes/default/images/tree_file.gif HTTP/1.1" 200 118
116.232.194.112 - - [04/Apr/2024:09:20:04 +0800] "GET /xingrg/all/function/internal_message.html?_=1712193559995&CODE_STATE=getMsg HTTP/1.1" 200 27
58.40.7.146 - - [04/Apr/2024:09:20:04 +0800] "GET /xingrg/javascript/jquery_easy_ui/themes/default/images/button_plain_hover.png HTTP/1.1" 200 252
58.40.7.146 - - [04/Apr/2024:09:20:05 +0800] "GET /xingrg/javascript/jquery_easy_ui/themes/icons/area.png HTTP/1.1" 200 262
58.40.7.146 - - [04/Apr/2024:09:20:05 +0800] "GET /xingrg/javascript/jquery_easy_ui/themes/icons/manage.png HTTP/1.1" 200 696
58.40.7.146 - - [04/Apr/2024:09:20:05 +0800] "GET /xingrg/javascript/jquery_easy_ui/themes/icons/rest.png HTTP/1.1" 200 695
58.40.7.146 - - [04/Apr/2024:09:20:05 +0800] "GET /xingrg/javascript/jquery_easy_ui/themes/default/images/button_a_bg.gif HTTP/1.1" 200 1194
58.40.7.146 - - [04/Apr/2024:09:20:05 +0800] "GET /xingrg/javascript/jquery_easy_ui/themes/default/images/button_span_bg.gif HTTP/1.1" 200 2061
58.40.7.146 - - [04/Apr/2024:09:20:05 +0800] "GET /xingrg/javascript/jquery_easy_ui/themes/icons/ok.png HTTP/1.1" 200 883
58.40.7.146 - - [04/Apr/2024:09:20:05 +0800] "GET /xingrg/javascript/jquery_easy_ui/themes/default/images/panel_title.png HTTP/1.1" 200 266
58.40.7.146 - - [04/Apr/2024:09:20:05 +0800] "GET /xingrg/javascript/jquery_easy_ui/themes/default/images/panel_tools.gif HTTP/1.1" 200 737
172.20.0.8 - - [04/Apr/2024:09:20:06 +0800] "GET /xingrg/all/function/internal_message.html?_=1712193606145&CODE_STATE=getMsg HTTP/1.1" 302 -
172.20.0.100 - - [04/Apr/2024:09:20:07 +0800] "POST /xingrg/dwr/call/plaincall/AjaxCheckService.setItemNumber.dwr HTTP/1.1" 200 77
58.40.7.146 - - [04/Apr/2024:09:20:07 +0800] "GET /xingrg/images/control/ajaxLoader.gif HTTP/1.1" 200 4659
58.40.7.146 - - [04/Apr/2024:09:20:07 +0800] "POST /xingrg/all/user/operate.html HTTP/1.1" 200 36
58.40.7.146 - - [04/Apr/2024:09:20:07 +0800] "GET /xingrg/index.html?sysBaseUrl=http%3A%2F%2F180.169.147.146%3A18081%2Fxingrg%2F&costTime=1091×tamp=1712193603430 HTTP/1.1" 200 17507
58.40.7.146 - - [04/Apr/2024:09:20:07 +0800] "GET /xingrg/javascript/jquery_easy_ui/themes/default/easyui.css HTTP/1.1" 304 -
58.40.7.146 - - [04/Apr/2024:09:20:07 +0800] "GET /xingrg/javascript/jquery_easy_ui/themes/icon.css HTTP/1.1" 304 -
58.40.7.146 - - [04/Apr/2024:09:20:07 +0800] "GET /xingrg/css/form.css HTTP/1.1" 304 -
58.40.7.146 - - [04/Apr/2024:09:20:07 +0800] "GET /xingrg/javascript/jquery-1.4.2.min.js HTTP/1.1" 304 -
58.40.7.146 - - [04/Apr/2024:09:20:07 +0800] "GET /xingrg/javascript/jquery_easy_ui/jquery.easyui.min.js HTTP/1.1" 304 -
58.40.7.146 - - [04/Apr/2024:09:20:07 +0800] "GET /xingrg/javascript/jquery_easy_ui/easyui-lang-zh_CN.js HTTP/1.1" 304 -
58.40.7.146 - - [04/Apr/2024:09:20:07 +0800] "GET /xingrg/javascript/jquery.form.js HTTP/1.1" 304 -
58.40.7.146 - - [04/Apr/2024:09:20:07 +0800] "GET /xingrg/javascript/jquery.utils.js HTTP/1.1" 304 -
58.40.7.146 - - [04/Apr/2024:09:20:07 +0800] "GET /xingrg/javascript/jquery.timers.js HTTP/1.1" 304 -
58.40.7.146 - - [04/Apr/2024:09:20:07 +0800] "GET /xingrg/images/blue/jxLogo.png HTTP/1.1" 304 -
58.40.7.146 - - [04/Apr/2024:09:20:07 +0800] "GET /xingrg/images/blue/navBackgound.jpg HTTP/1.1" 304 -
58.40.7.146 - - [04/Apr/2024:09:20:07 +0800] "GET /xingrg/javascript/jquery_easy_ui/themes/icons/settle_new.png HTTP/1.1" 304 -
58.40.7.146 - - [04/Apr/2024:09:20:07 +0800] "GET /xingrg/javascript/jquery_easy_ui/themes/default/images/tabs_leftarrow.png HTTP/1.1" 304 -
58.40.7.146 - - [04/Apr/2024:09:20:07 +0800] "GET /xingrg/check_reg.html?_=1712193607735 HTTP/1.1" 200 22
58.40.7.146 - - [04/Apr/2024:09:20:07 +0800] "GET /xingrg/all/function/internal_message.html?_=1712193607735&CODE_STATE=count HTTP/1.1" 200 11
58.40.7.146 - - [04/Apr/2024:09:20:07 +0800] "GET /xingrg/javascript/jquery_easy_ui/themes/default/images/panel_tool_expand.gif HTTP/1.1" 304 -
58.40.7.146 - - [04/Apr/2024:09:20:07 +0800] "GET /xingrg/javascript/jquery_easy_ui/themes/default/images/panel_tool_collapse.gif HTTP/1.1" 304 -
58.40.7.146 - - [04/Apr/2024:09:20:07 +0800] "GET /xingrg/javascript/jquery_easy_ui/themes/default/images/tabs_rightarrow.png HTTP/1.1" 304 -
58.40.7.146 - - [04/Apr/2024:09:20:07 +0800] "GET /xingrg/images/blue/pingpu.png HTTP/1.1" 304 -
58.40.7.146 - - [04/Apr/2024:09:20:07 +0800] "POST /xingrg/all/common/load_tree.html?tree=area_rest_tree_json&manage=1 HTTP/1.1" 200 1237
58.40.7.146 - - [04/Apr/2024:09:20:07 +0800] "POST /xingrg/load_menu.html HTTP/1.1" 200 9959
58.40.7.146 - - [04/Apr/2024:09:20:09 +0800] "GET /xingrg/javascript/jquery_easy_ui/themes/default/images/tabs_close.gif HTTP/1.1" 200 829
58.40.7.146 - - [04/Apr/2024:09:20:09 +0800] "GET /xingrg/kc/report/report_main.html HTTP/1.1" 200 7340
58.40.7.146 - - [04/Apr/2024:09:20:09 +0800] "GET /xingrg/css/blue.css HTTP/1.1" 200 15949
58.40.7.146 - - [04/Apr/2024:09:20:09 +0800] "GET /xingrg/javascript/jquery_ui/themes/humanity/humanity.css HTTP/1.1" 200 27801
58.40.7.146 - - [04/Apr/2024:09:20:09 +0800] "GET /xingrg/javascript/pic_change.js HTTP/1.1" 200 4739
58.40.7.146 - - [04/Apr/2024:09:20:09 +0800] "GET /xingrg/javascript/myfunction.js HTTP/1.1" 200 24559
58.40.7.146 - - [04/Apr/2024:09:20:09 +0800] "GET /xingrg/javascript/json2.js HTTP/1.1" 200 11259
58.40.7.146 - - [04/Apr/2024:09:20:09 +0800] "GET /xingrg/javascript/jquery_easy_ui/themes/icons/back_new.png HTTP/1.1" 200 3414
172.20.0.100 - - [04/Apr/2024:09:20:12 +0800] "POST /xingrg/dwr/call/plaincall/AjaxCheckService.setItemNumber.dwr HTTP/1.1" 200 77
114.83.223.186 - - [04/Apr/2024:09:20:12 +0800] "GET /xingrg/kc/buy/cgsh_order_operate.html?command=get_materiel&rest_code=00149&code=00101008059&supplier_code=00100008&order_time=2024-04-04 HTTP/1.1" 200 408
222.70.172.175 - - [04/Apr/2024:09:20:16 +0800] "GET /xingrg/check_reg.html?_=1712193627511 HTTP/1.1" 302 -
116.238.97.31 - - [04/Apr/2024:09:20:17 +0800] "GET /xingrg/all/function/internal_message.html?_=1712193609645&CODE_STATE=getMsg HTTP/1.1" 200 27
116.224.254.208 - - [04/Apr/2024:09:20:23 +0800] "GET /xingrg/all/function/internal_message.html?_=1712193622774&CODE_STATE=getMsg HTTP/1.1" 200 27
58.40.7.146 - - [04/Apr/2024:09:20:24 +0800] "GET /xingrg/all/report/report_query.html?fileName=kc/buy/gys_amount.xml&rh=99999 HTTP/1.1" 200 52006
58.40.7.146 - - [04/Apr/2024:09:20:24 +0800] "GET /xingrg/javascript/multi_select/jqueryMultiSelect.css HTTP/1.1" 200 951
58.40.7.146 - - [04/Apr/2024:09:20:24 +0800] "GET /xingrg/javascript/calendar/timePicker.css HTTP/1.1" 200 523
58.40.7.146 - - [04/Apr/2024:09:20:24 +0800] "GET /xingrg/javascript/bigrid/fix.css HTTP/1.1" 200 1702
58.40.7.146 - - [04/Apr/2024:09:20:24 +0800] "GET /xingrg/dwr/interface/AjaxReportQueryService.js HTTP/1.1" 200 13203
58.40.7.146 - - [04/Apr/2024:09:20:24 +0800] "GET /xingrg/dwr/util.js HTTP/1.1" 200 35990
58.40.7.146 - - [04/Apr/2024:09:20:24 +0800] "GET /xingrg/dwr/engine.js HTTP/1.1" 200 43631
58.40.7.146 - - [04/Apr/2024:09:20:24 +0800] "GET /xingrg/javascript/jqueryMultiSelect.js HTTP/1.1" 200 11866
58.40.7.146 - - [04/Apr/2024:09:20:24 +0800] "GET /xingrg/javascript/Calendar.js HTTP/1.1" 200 31561
58.40.7.146 - - [04/Apr/2024:09:20:24 +0800] "GET /xingrg/javascript/calendar/jquery.timePicker.min.js HTTP/1.1" 200 2997
58.40.7.146 - - [04/Apr/2024:09:20:24 +0800] "GET /xingrg/javascript/bigrid/fix.js HTTP/1.1" 200 6439
58.40.7.146 - - [04/Apr/2024:09:20:24 +0800] "GET /xingrg/images/control/loading.gif HTTP/1.1" 200 13463
58.40.7.146 - - [04/Apr/2024:09:20:24 +0800] "GET /xingrg/images/blue/button/advanceover.gif HTTP/1.1" 200 1347
58.40.7.146 - - [04/Apr/2024:09:20:24 +0800] "GET /xingrg/images/blue/button/advance2over.gif HTTP/1.1" 200 1336
58.40.7.146 - - [04/Apr/2024:09:20:24 +0800] "GET /xingrg/images/blue/button/back2over.gif HTTP/1.1" 200 1335
58.40.7.146 - - [04/Apr/2024:09:20:24 +0800] "GET /xingrg/images/blue/button/backover.gif HTTP/1.1" 200 1348
58.40.7.146 - - [04/Apr/2024:09:20:24 +0800] "GET /xingrg/javascript/jquery_easy_ui/themes/icons/help.png HTTP/1.1" 200 1187
58.40.7.146 - - [04/Apr/2024:09:20:24 +0800] "GET /xingrg/javascript/jquery_easy_ui/themes/default/images/menu_downarrow.png HTTP/1.1" 200 173
58.40.7.146 - - [04/Apr/2024:09:20:24 +0800] "GET /xingrg/javascript/jquery_easy_ui/themes/default/images/menu.gif HTTP/1.1" 200 834
58.40.7.146 - - [04/Apr/2024:09:20:24 +0800] "GET /xingrg/javascript/jquery_easy_ui/themes/icons/print.png HTTP/1.1" 200 1057
58.40.7.146 - - [04/Apr/2024:09:20:24 +0800] "GET /xingrg/javascript/jquery_easy_ui/themes/icons/pencil.png HTTP/1.1" 200 713
58.40.7.146 - - [04/Apr/2024:09:20:24 +0800] "GET /xingrg/javascript/jquery_easy_ui/themes/default/images/menu_rightarrow.png HTTP/1.1" 200 3617
58.40.7.146 - - [04/Apr/2024:09:20:24 +0800] "POST /xingrg/dwr/call/plaincall/AjaxReportQueryService.getFixDate.dwr HTTP/1.1" 200 111
58.40.7.146 - - [04/Apr/2024:09:20:24 +0800] "GET /xingrg/javascript/jquery_easy_ui/themes/default/images/combo_arrow_dot.gif HTTP/1.1" 200 79
58.40.7.146 - - [04/Apr/2024:09:20:25 +0800] "POST /xingrg/dwr/call/plaincall/AjaxReportQueryService.getInitString.dwr HTTP/1.1" 200 792
58.40.7.146 - - [04/Apr/2024:09:20:25 +0800] "POST /xingrg/all/common/load_tree.html?tree=materiel_sort_tree_json HTTP/1.1" 200 9734
58.40.7.146 - - [04/Apr/2024:09:20:25 +0800] "GET /xingrg/javascript/multi_select/dropdown.gif HTTP/1.1" 200 61
58.40.7.146 - - [04/Apr/2024:09:20:25 +0800] "POST /xingrg/all/common/load_tree.html?tree=supplier_tree_json&manage=1 HTTP/1.1" 200 81444
58.40.7.146 - - [04/Apr/2024:09:20:25 +0800] "GET /xingrg/javascript/jquery_easy_ui/themes/default/images/tree_checkbox_0.gif HTTP/1.1" 200 168
172.20.0.100 - - [04/Apr/2024:09:20:26 +0800] "GET /xingrg/all/function/internal_message.html?_=1712193635917&CODE_STATE=getMsg HTTP/1.1" 302 -
101.83.144.49 - - [04/Apr/2024:09:20:26 +0800] "GET /xingrg/all/function/internal_message.html?_=1712193385866&CODE_STATE=getMsg HTTP/1.1" 200 27
120.253.135.82 - - [04/Apr/2024:09:20:26 +0800] "GET /xingrg/all/function/internal_message.html?_=1712193470278&CODE_STATE=getMsg HTTP/1.1" 200 27
114.85.113.46 - - [04/Apr/2024:09:20:27 +0800] "GET /xingrg/all/function/internal_message.html?_=1712193626963&CODE_STATE=getMsg HTTP/1.1" 200 27
222.70.172.175 - - [04/Apr/2024:09:20:29 +0800] "GET /xingrg/all/function/internal_message.html?_=1712193640534&CODE_STATE=getMsg HTTP/1.1" 302 -
114.83.223.186 - - [04/Apr/2024:09:20:30 +0800] "GET /xingrg/kc/buy/cgsh_order_operate.html?command=get_materiel&rest_code=00149&code=00101008005&supplier_code=00100008&order_time=2024-04-04 HTTP/1.1" 200 433
172.20.0.100 - - [04/Apr/2024:09:20:30 +0800] "GET /xingrg/check_reg.html?_=1712193629995 HTTP/1.1" 200 22
172.20.0.100 - - [04/Apr/2024:09:20:30 +0800] "GET /xingrg/all/function/internal_message.html?_=1712193630018&CODE_STATE=getMsg HTTP/1.1" 200 27
58.40.7.146 - - [04/Apr/2024:09:20:30 +0800] "POST /xingrg/dwr/call/plaincall/AjaxReportQueryService.getFixDate.dwr HTTP/1.1" 200 111
116.238.97.31 - - [04/Apr/2024:09:20:31 +0800] "GET /xingrg/all/function/internal_message.html?_=1712193631705&CODE_STATE=getMsg HTTP/1.1" 200 27
114.83.223.186 - - [04/Apr/2024:09:20:32 +0800] "GET /xingrg/all/function/internal_message.html?_=1712193628878&CODE_STATE=getMsg HTTP/1.1" 200 27
116.238.97.31 - - [04/Apr/2024:09:20:32 +0800] "GET /xingrg/kc/buy/cgsh_order_add.html HTTP/1.1" 200 73820
116.238.97.31 - - [04/Apr/2024:09:20:33 +0800] "POST /xingrg/kc/buy/cgsh_order_operate.html HTTP/1.1" 200 8245
116.238.97.31 - - [04/Apr/2024:09:20:33 +0800] "GET /xingrg/javascript/easyui/themes/default/validatebox.css HTTP/1.1" 404 1104
172.20.0.100 - - [04/Apr/2024:09:20:37 +0800] "POST /xingrg/dwr/call/plaincall/AjaxCheckService.setItemNumber.dwr HTTP/1.1" 200 77
180.169.147.146 - - [04/Apr/2024:09:20:38 +0800] "GET /xingrg/all/function/internal_message.html?_=1712193639070&CODE_STATE=getMsg HTTP/1.1" 200 27
116.224.254.208 - - [04/Apr/2024:09:20:38 +0800] "GET /xingrg/all/function/internal_message.html?_=1712193638744&CODE_STATE=getMsg HTTP/1.1" 200 27
180.164.1.25 - - [04/Apr/2024:09:20:40 +0800] "GET /xingrg/all/function/internal_message.html?_=1712193639839&CODE_STATE=getMsg HTTP/1.1" 200 27
172.20.0.100 - - [04/Apr/2024:09:20:41 +0800] "POST /xingrg/dwr/call/plaincall/AjaxCheckService.setItemNumber.dwr HTTP/1.1" 200 77
180.169.147.146 - - [04/Apr/2024:09:20:41 +0800] "GET /xingrg/all/function/internal_message.html?_=1712193641499&CODE_STATE=getMsg HTTP/1.1" 302 -
180.169.147.146 - - [04/Apr/2024:09:20:41 +0800] "GET /xingrg/check_reg.html?_=1712193641501 HTTP/1.1" 302 -
222.70.172.175 - - [04/Apr/2024:09:20:42 +0800] "GET /xingrg/all/function/internal_message.html?_=1712193656467&CODE_STATE=getMsg HTTP/1.1" 200 27
114.83.223.186 - - [04/Apr/2024:09:20:44 +0800] "GET /xingrg/kc/buy/cgsh_order_operate.html?command=get_materiel&rest_code=00149&code=00101008330&supplier_code=00100008&order_time=2024-04-04 HTTP/1.1" 200 408
114.83.223.186 - - [04/Apr/2024:09:20:51 +0800] "POST /xingrg/kc/buy/cgsh_order_operate.html HTTP/1.1" 200 2065
172.20.0.100 - - [04/Apr/2024:09:20:51 +0800] "POST /xingrg/dwr/call/plaincall/AjaxCheckService.setItemNumber.dwr HTTP/1.1" 200 77
172.20.0.100 - - [04/Apr/2024:09:20:52 +0800] "POST /xingrg/dwr/call/plaincall/AjaxCheckService.setItemNumber.dwr HTTP/1.1" 200 77
222.70.172.175 - - [04/Apr/2024:09:20:52 +0800] "POST /xingrg/kc/buy/cgsh_order_operate.html HTTP/1.1" 200 37
116.232.194.112 - - [04/Apr/2024:09:20:53 +0800] "GET /xingrg/kc/report/report_main.html HTTP/1.1" 200 7340
116.232.194.112 - - [04/Apr/2024:09:20:55 +0800] "GET /xingrg/all/report/report_query.html?fileName=kc/buy/gys_amount.xml&rh=99999 HTTP/1.1" 200 52006
116.232.194.112 - - [04/Apr/2024:09:20:55 +0800] "GET /xingrg/dwr/interface/AjaxReportQueryService.js HTTP/1.1" 200 13203
116.232.194.112 - - [04/Apr/2024:09:20:55 +0800] "GET /xingrg/dwr/engine.js HTTP/1.1" 200 43631
116.232.194.112 - - [04/Apr/2024:09:20:55 +0800] "GET /xingrg/dwr/util.js HTTP/1.1" 304 -
116.232.194.112 - - [04/Apr/2024:09:20:56 +0800] "POST /xingrg/dwr/call/plaincall/AjaxReportQueryService.getFixDate.dwr HTTP/1.1" 200 111
116.232.194.112 - - [04/Apr/2024:09:20:56 +0800] "POST /xingrg/dwr/call/plaincall/AjaxReportQueryService.getInitString.dwr HTTP/1.1" 200 1089
116.232.194.112 - - [04/Apr/2024:09:20:56 +0800] "POST /xingrg/all/common/load_tree.html?tree=materiel_sort_tree_json HTTP/1.1" 200 9734
116.232.194.112 - - [04/Apr/2024:09:20:56 +0800] "POST /xingrg/all/common/load_tree.html?tree=supplier_tree_json&manage=1 HTTP/1.1" 200 81444
61.170.232.36 - - [04/Apr/2024:09:20:57 +0800] "GET /xingrg/all/function/internal_message.html?_=1712193656574&CODE_STATE=getMsg HTTP/1.1" 200 27
114.83.223.186 - - [04/Apr/2024:09:20:57 +0800] "GET /xingrg/kc/buy/cgsh_order_operate.html?command=get_materiel&rest_code=00149&code=00101008060&supplier_code=00100008&order_time=2024-04-04 HTTP/1.1" 200 416
222.70.183.82 - - [04/Apr/2024:09:20:57 +0800] "GET /xingrg/all/function/internal_message.html?_=1712193655678&CODE_STATE=getMsg HTTP/1.1" 200 27
222.70.183.82 - - [04/Apr/2024:09:20:57 +0800] "GET /xingrg/check_reg.html?_=1712193655675 HTTP/1.1" 200 22
116.238.97.31 - - [04/Apr/2024:09:20:58 +0800] "GET /xingrg/all/function/internal_message.html?_=1712193649918&CODE_STATE=getMsg HTTP/1.1" 200 27
116.238.97.31 - - [04/Apr/2024:09:20:58 +0800] "GET /xingrg/check_reg.html?_=1712193649926 HTTP/1.1" 200 22
124.78.60.103 - - [04/Apr/2024:09:21:01 +0800] "GET /xingrg/all/function/internal_message.html?_=1712193661237&CODE_STATE=getMsg HTTP/1.1" 200 27
172.20.0.100 - - [04/Apr/2024:09:21:01 +0800] "POST /xingrg/dwr/call/plaincall/AjaxCheckService.setItemNumber.dwr HTTP/1.1" 200 77
172.20.0.100 - - [04/Apr/2024:09:21:02 +0800] "POST /xingrg/dwr/call/plaincall/AjaxCheckService.setItemNumber.dwr HTTP/1.1" 200 77
116.238.97.31 - - [04/Apr/2024:09:21:04 +0800] "GET /xingrg/kc/buy/cgsh_order_operate.html?command=get_materiel&rest_code=00102&code=00101009039&supplier_code=00100022&order_time=2024-04-04 HTTP/1.1" 200 410
116.232.194.112 - - [04/Apr/2024:09:21:04 +0800] "GET /xingrg/all/function/internal_message.html?_=1712193619974&CODE_STATE=getMsg HTTP/1.1" 200 27
172.20.0.8 - - [04/Apr/2024:09:21:06 +0800] "GET /xingrg/all/function/internal_message.html?_=1712193666131&CODE_STATE=getMsg HTTP/1.1" 302 -
172.20.0.8 - - [04/Apr/2024:09:21:06 +0800] "GET /xingrg/check_reg.html?_=1712193666131 HTTP/1.1" 302 -
172.20.0.100 - - [04/Apr/2024:09:21:06 +0800] "POST /xingrg/dwr/call/plaincall/AjaxCheckService.setItemNumber.dwr HTTP/1.1" 200 77
172.20.0.100 - - [04/Apr/2024:09:21:06 +0800] "POST /xingrg/dwr/call/plaincall/AjaxCheckService.setItemNumber.dwr HTTP/1.1" 200 77
114.83.223.186 - - [04/Apr/2024:09:21:07 +0800] "GET /xingrg/kc/buy/cgsh_order_operate.html?command=get_materiel&rest_code=00149&code=00101008509&supplier_code=00100008&order_time=2024-04-04 HTTP/1.1" 200 409
222.70.172.175 - - [04/Apr/2024:09:21:07 +0800] "POST /xingrg/kc/buy/cgsh_order_operate.html HTTP/1.1" 200 4418
58.40.7.146 - - [04/Apr/2024:09:21:07 +0800] "GET /xingrg/all/function/internal_message.html?_=1712193667750&CODE_STATE=getMsg HTTP/1.1" 200 27
222.70.172.175 - - [04/Apr/2024:09:21:08 +0800] "GET /xingrg/kc/print/load_config.html?kc_code=cgsh HTTP/1.1" 200 1927
222.70.172.175 - - [04/Apr/2024:09:21:09 +0800] "GET /xingrg/kc/print/load_data.html?order_code=212024040400838&kc_code=cgsh&condition= HTTP/1.1" 200 1356
116.224.254.208 - - [04/Apr/2024:09:21:14 +0800] "GET /xingrg/kc/buy/cgsh_order_operate.html?command=get_materiel&rest_code=00151&code=00101009053&supplier_code=00100022&order_time=2024-04-04 HTTP/1.1" 200 416
114.83.223.186 - - [04/Apr/2024:09:21:17 +0800] "GET /xingrg/kc/buy/cgsh_order_operate.html?command=get_materiel&rest_code=00149&code=00101008731&supplier_code=00100008&order_time=2024-04-04 HTTP/1.1" 200 412
116.238.97.31 - - [04/Apr/2024:09:21:17 +0800] "GET /xingrg/all/function/internal_message.html?_=1712193669643&CODE_STATE=getMsg HTTP/1.1" 200 27
116.232.194.112 - - [04/Apr/2024:09:21:17 +0800] "GET /xingrg/all/report/report_query.html?fileName=kc/buy/gys_amount.xml&rh=99999 HTTP/1.1" 200 52006
116.232.194.112 - - [04/Apr/2024:09:21:18 +0800] "GET /xingrg/dwr/interface/AjaxReportQueryService.js HTTP/1.1" 200 13203
116.232.194.112 - - [04/Apr/2024:09:21:18 +0800] "GET /xingrg/dwr/engine.js HTTP/1.1" 200 43631
116.232.194.112 - - [04/Apr/2024:09:21:18 +0800] "POST /xingrg/dwr/call/plaincall/AjaxReportQueryService.getFixDate.dwr HTTP/1.1" 200 111
58.40.7.146 - - [04/Apr/2024:09:21:19 +0800] "POST /xingrg/dwr/call/plaincall/AjaxReportQueryService.refreshCache.dwr HTTP/1.1" 200 78
116.232.194.112 - - [04/Apr/2024:09:21:19 +0800] "POST /xingrg/dwr/call/plaincall/AjaxReportQueryService.getInitString.dwr HTTP/1.1" 200 1089
116.232.194.112 - - [04/Apr/2024:09:21:19 +0800] "POST /xingrg/all/common/load_tree.html?tree=materiel_sort_tree_json HTTP/1.1" 200 9734
116.232.194.112 - - [04/Apr/2024:09:21:19 +0800] "POST /xingrg/all/common/load_tree.html?tree=supplier_tree_json&manage=1 HTTP/1.1" 200 81444
58.40.7.146 - - [04/Apr/2024:09:21:19 +0800] "GET /xingrg/javascript/multi_select/dropdown_hover.gif HTTP/1.1" 200 61
116.224.254.208 - - [04/Apr/2024:09:21:23 +0800] "GET /xingrg/check_reg.html?_=1712193682789 HTTP/1.1" 200 22
116.224.254.208 - - [04/Apr/2024:09:21:23 +0800] "GET /xingrg/all/function/internal_message.html?_=1712193682786&CODE_STATE=getMsg HTTP/1.1" 200 27
101.83.144.49 - - [04/Apr/2024:09:21:23 +0800] "GET /favicon.ico HTTP/1.1" 404 -
101.83.144.49 - - [04/Apr/2024:09:21:23 +0800] "GET /xingrg/index.html?sysBaseUrl=http%3A%2F%2F180.169.147.146%3A18081%2Fxingrg%2F&costTime=36×tamp=1585223203754 HTTP/1.1" 302 -
101.83.144.49 - - [04/Apr/2024:09:21:23 +0800] "GET /xingrg/login.html HTTP/1.1" 200 7641
101.83.144.49 - - [04/Apr/2024:09:21:24 +0800] "GET /favicon.ico HTTP/1.1" 404 -
58.40.7.146 - - [04/Apr/2024:09:21:24 +0800] "POST /xingrg/all/report/load_report_page.html HTTP/1.1" 200 79283
58.40.7.146 - - [04/Apr/2024:09:21:24 +0800] "GET /xingrg/servlets/image?cache=0.16516656080928316&image=px HTTP/1.1" 200 807
116.224.254.208 - - [04/Apr/2024:09:21:25 +0800] "GET /xingrg/kc/buy/cgsh_order_operate.html?command=get_materiel&rest_code=00151&code=00101009016&supplier_code=00100022&order_time=2024-04-04 HTTP/1.1" 200 420
116.232.194.112 - - [04/Apr/2024:09:21:25 +0800] "POST /xingrg/dwr/call/plaincall/AjaxReportQueryService.getFixDate.dwr HTTP/1.1" 200 111
172.20.0.100 - - [04/Apr/2024:09:21:26 +0800] "GET /xingrg/all/function/internal_message.html?_=1712193695915&CODE_STATE=getMsg HTTP/1.1" 302 -
101.83.144.49 - - [04/Apr/2024:09:21:26 +0800] "GET /xingrg/all/function/internal_message.html?_=1712193445876&CODE_STATE=getMsg HTTP/1.1" 200 27
120.253.135.82 - - [04/Apr/2024:09:21:26 +0800] "GET /xingrg/all/function/internal_message.html?_=1712193530292&CODE_STATE=getMsg HTTP/1.1" 200 27
114.85.113.46 - - [04/Apr/2024:09:21:27 +0800] "GET /xingrg/all/function/internal_message.html?_=1712193686935&CODE_STATE=getMsg HTTP/1.1" 200 27
101.83.144.49 - - [04/Apr/2024:09:21:29 +0800] "POST /xingrg/login.do HTTP/1.1" 302 -
101.83.144.49 - - [04/Apr/2024:09:21:29 +0800] "GET /xingrg/index.html?sysBaseUrl=http%3A%2F%2F180.169.147.146%3A18081%2Fxingrg%2F&costTime=1841×tamp=1712193689173 HTTP/1.1" 200 17173
222.70.172.175 - - [04/Apr/2024:09:21:29 +0800] "GET /xingrg/all/function/internal_message.html?_=1712193700556&CODE_STATE=getMsg HTTP/1.1" 302 -
101.83.144.49 - - [04/Apr/2024:09:21:29 +0800] "GET /favicon.ico HTTP/1.1" 404 -
101.83.144.49 - - [04/Apr/2024:09:21:29 +0800] "GET /xingrg/all/function/internal_message.html?_=1712193689527&CODE_STATE=count HTTP/1.1" 200 11
101.83.144.49 - - [04/Apr/2024:09:21:29 +0800] "GET /xingrg/check_reg.html?_=1712193689528 HTTP/1.1" 200 22
101.83.144.49 - - [04/Apr/2024:09:21:29 +0800] "POST /xingrg/all/common/load_tree.html?tree=area_rest_tree_json&manage=1 HTTP/1.1" 200 3624
101.83.144.49 - - [04/Apr/2024:09:21:29 +0800] "POST /xingrg/load_menu.html HTTP/1.1" 200 5138
172.20.0.100 - - [04/Apr/2024:09:21:30 +0800] "GET /xingrg/all/function/internal_message.html?_=1712193689994&CODE_STATE=getMsg HTTP/1.1" 200 27
116.238.97.31 - - [04/Apr/2024:09:21:31 +0800] "GET /xingrg/all/function/internal_message.html?_=1712193691676&CODE_STATE=getMsg HTTP/1.1" 200 27
114.83.223.186 - - [04/Apr/2024:09:21:32 +0800] "GET /xingrg/all/function/internal_message.html?_=1712193688871&CODE_STATE=getMsg HTTP/1.1" 200 27
101.83.144.49 - - [04/Apr/2024:09:21:33 +0800] "GET /xingrg/javascript/jquery_easy_ui/themes/icons/area.png HTTP/1.1" 304 -
101.83.144.49 - - [04/Apr/2024:09:21:33 +0800] "GET /xingrg/javascript/jquery_easy_ui/themes/icons/manage.png HTTP/1.1" 304 -
101.83.144.49 - - [04/Apr/2024:09:21:33 +0800] "GET /xingrg/javascript/jquery_easy_ui/themes/icons/rest.png HTTP/1.1" 304 -
116.232.194.112 - - [04/Apr/2024:09:21:36 +0800] "POST /xingrg/dwr/call/plaincall/AjaxReportQueryService.refreshCache.dwr HTTP/1.1" 200 78
180.169.147.146 - - [04/Apr/2024:09:21:38 +0800] "GET /xingrg/all/function/internal_message.html?_=1712193699055&CODE_STATE=getMsg HTTP/1.1" 200 27
116.224.254.208 - - [04/Apr/2024:09:21:38 +0800] "GET /xingrg/all/function/internal_message.html?_=1712193698754&CODE_STATE=getMsg HTTP/1.1" 200 27
116.238.97.31 - - [04/Apr/2024:09:21:38 +0800] "GET /xingrg/kc/buy/cgsh_order_operate.html?command=get_materiel&rest_code=00102&code=00101009011&supplier_code=00100022&order_time=2024-04-04 HTTP/1.1" 200 416
114.83.223.186 - - [04/Apr/2024:09:21:40 +0800] "POST /xingrg/kc/buy/cgsh_order_operate.html HTTP/1.1" 200 37
116.232.194.112 - - [04/Apr/2024:09:21:40 +0800] "POST /xingrg/all/report/load_report_page.html HTTP/1.1" 200 8921
116.232.194.112 - - [04/Apr/2024:09:21:40 +0800] "GET /xingrg/servlets/image?cache=0.2491565400387321&image=px HTTP/1.1" 200 807
180.164.1.25 - - [04/Apr/2024:09:21:40 +0800] "GET /xingrg/all/function/internal_message.html?_=1712193699847&CODE_STATE=getMsg HTTP/1.1" 200 27
180.169.147.146 - - [04/Apr/2024:09:21:41 +0800] "GET /xingrg/all/function/internal_message.html?_=1712193701512&CODE_STATE=getMsg HTTP/1.1" 302 -
222.70.172.175 - - [04/Apr/2024:09:21:42 +0800] "GET /xingrg/all/function/internal_message.html?_=1712193716479&CODE_STATE=getMsg HTTP/1.1" 200 27
116.224.254.208 - - [04/Apr/2024:09:21:43 +0800] "GET /xingrg/kc/buy/cgsh_order_operate.html?command=get_materiel&rest_code=00151&code=00101009011&supplier_code=00100022&order_time=2024-04-04 HTTP/1.1" 200 23
101.83.144.49 - - [04/Apr/2024:09:21:44 +0800] "GET /xingrg/kc/buy/cgsh_order_list.html HTTP/1.1" 200 58005
222.70.172.175 - - [04/Apr/2024:09:21:44 +0800] "GET /xingrg/kc/buy/cgsh_order_add.html HTTP/1.1" 200 73780
222.70.172.175 - - [04/Apr/2024:09:21:45 +0800] "POST /xingrg/kc/buy/cgsh_order_operate.html HTTP/1.1" 200 8245
222.70.172.175 - - [04/Apr/2024:09:21:45 +0800] "GET /xingrg/javascript/easyui/themes/default/validatebox.css HTTP/1.1" 404 1104
114.83.223.186 - - [04/Apr/2024:09:21:45 +0800] "POST /xingrg/kc/buy/cgsh_order_operate.html HTTP/1.1" 200 31044
116.232.194.112 - - [04/Apr/2024:09:21:46 +0800] "GET /xingrg/all/report/report_query.html?isQuery=1&fileName=kc/buy/wlcg_cate_hz.xml&queryString=(CONVERT(char(10)%252Ca.order_time%252C%2520120)%253E%253D'2024-03-01')%2520and%2520(CONVERT(char(10)%252Ca.order_time%252C%2520120)%253C%253D'2024-03-31')%2520and%2520(a.supplier_code%2520in%2520('00100002'))%2520and%2520(a.number%253E0%2520and%2520a.supplier_code%253D'00100002')&queryText=%25E3%2580%2590%25E9%2587%2587%25E8%25B4%25AD%25E6%2597%25A5%25E6%259C%259F%253A2024-03-01%2520%25E8%2587%25B3%25202024-03-31%25E3%2580%2591%2520%25E5%25B9%25B6%25E4%25B8%2594%2520%2520%25E3%2580%2590%25E4%25BE%259B%25E5%25BA%2594%25E5%2595%2586%2520%253D%2520%25E5%25AE%25B6%25E7%25A6%25BD%25EF%25BC%2588%25E5%2590%25B4%25E9%2582%25A6%25E5%25AE%258F%25EF%25BC%2589%25E3%2580%2591%2520%25E5%25B9%25B6%25E4%25B8%2594%2520%25E3%2580%2590%25E4%25BE%259B%25E5%25BA%2594%25E5%2595%2586%253D%25E5%25AE%25B6%25E7%25A6%25BD%25EF%25BC%2588%25E5%2590%25B4%25E9%2582%25A6%25E5%25AE%258F%25EF%25BC%2589%25E3%2580%2591 HTTP/1.1" 200 54480
116.232.194.112 - - [04/Apr/2024:09:21:46 +0800] "GET /xingrg/dwr/interface/AjaxReportQueryService.js HTTP/1.1" 200 13203
116.232.194.112 - - [04/Apr/2024:09:21:46 +0800] "GET /xingrg/dwr/engine.js HTTP/1.1" 200 43631
116.238.97.31 - - [04/Apr/2024:09:21:47 +0800] "GET /xingrg/javascript/jquery_easy_ui/themes/icons/rest.png HTTP/1.1" 200 695
116.238.97.31 - - [04/Apr/2024:09:21:47 +0800] "GET /xingrg/javascript/jquery_easy_ui/themes/icons/area.png HTTP/1.1" 200 262
116.232.194.112 - - [04/Apr/2024:09:21:50 +0800] "POST /xingrg/all/report/load_report_page.html HTTP/1.1" 200 8714
116.232.194.112 - - [04/Apr/2024:09:21:50 +0800] "GET /xingrg/servlets/image?cache=0.5558712162998531&image=px HTTP/1.1" 200 807
101.83.144.49 - - [04/Apr/2024:09:21:51 +0800] "POST /xingrg/kc/buy/cgsh_list_operate.html HTTP/1.1" 200 1644
101.83.144.49 - - [04/Apr/2024:09:21:53 +0800] "GET /xingrg/javascript/easyui/themes/default/images/button_plain_hover.png HTTP/1.1" 304 -
101.83.144.49 - - [04/Apr/2024:09:21:55 +0800] "GET /xingrg/kc/buy/cgsh_order_add.html HTTP/1.1" 200 73868
101.83.144.49 - - [04/Apr/2024:09:21:55 +0800] "GET /xingrg/javascript/pic_change.js HTTP/1.1" 304 -
101.83.144.49 - - [04/Apr/2024:09:21:55 +0800] "GET /xingrg/javascript/jquery_tools/order_manager.js HTTP/1.1" 304 -
101.83.144.49 - - [04/Apr/2024:09:21:55 +0800] "GET /xingrg/javascript/json2.js HTTP/1.1" 304 -
101.83.144.49 - - [04/Apr/2024:09:21:55 +0800] "GET /xingrg/javascript/convert.js HTTP/1.1" 304 -
101.83.144.49 - - [04/Apr/2024:09:21:55 +0800] "GET /xingrg/javascript/print/kc_print.js HTTP/1.1" 304 -
101.83.144.49 - - [04/Apr/2024:09:21:55 +0800] "GET /xingrg/words/20240403113927_words.js HTTP/1.1" 200 1016715
101.83.144.49 - - [04/Apr/2024:09:21:55 +0800] "GET /xingrg/javascript/easyui/themes/icons/copy_new.png HTTP/1.1" 304 -
101.83.144.49 - - [04/Apr/2024:09:21:55 +0800] "GET /xingrg/javascript/easyui/themes/icons/template_new.png HTTP/1.1" 304 -
101.83.144.49 - - [04/Apr/2024:09:21:55 +0800] "GET /xingrg/javascript/easyui/themes/icons/ok.png HTTP/1.1" 304 -
101.83.144.49 - - [04/Apr/2024:09:21:55 +0800] "GET /xingrg/javascript/easyui/themes/icons/print.png HTTP/1.1" 304 -
101.83.144.49 - - [04/Apr/2024:09:21:55 +0800] "GET /xingrg/javascript/easyui/themes/default/images/menu_downarrow.png HTTP/1.1" 304 -
101.83.144.49 - - [04/Apr/2024:09:21:55 +0800] "GET /xingrg/javascript/easyui/themes/icons/cancel.png HTTP/1.1" 304 -
101.83.144.49 - - [04/Apr/2024:09:21:55 +0800] "GET /xingrg/javascript/easyui/themes/default/validatebox.css HTTP/1.1" 404 1104
101.83.144.49 - - [04/Apr/2024:09:21:55 +0800] "GET /xingrg/javascript/easyui/plugins/jquery.validatebox.js HTTP/1.1" 304 -
101.83.144.49 - - [04/Apr/2024:09:21:55 +0800] "POST /xingrg/kc/buy/cgsh_order_operate.html HTTP/1.1" 200 8245
101.83.144.49 - - [04/Apr/2024:09:21:55 +0800] "GET /xingrg/all/common/auto_word.html?type=employee&rest_code=00105 HTTP/1.1" 200 193
101.83.144.49 - - [04/Apr/2024:09:21:55 +0800] "GET /xingrg/javascript/easyui/plugins/jquery.numberbox.js HTTP/1.1" 304 -
101.83.144.49 - - [04/Apr/2024:09:21:55 +0800] "GET /xingrg/all/common/auto_word.html?type=employee&rest_code=00105 HTTP/1.1" 200 193
101.83.144.49 - - [04/Apr/2024:09:21:55 +0800] "GET /xingrg/javascript/easyui/themes/icons/edit_remove.png HTTP/1.1" 304 -
116.224.254.208 - - [04/Apr/2024:09:21:56 +0800] "POST /xingrg/kc/buy/cgsh_order_operate.html HTTP/1.1" 200 37
116.232.194.112 - - [04/Apr/2024:09:21:56 +0800] "POST /xingrg/all/report/load_report_page.html HTTP/1.1" 200 50132
101.83.144.49 - - [04/Apr/2024:09:21:56 +0800] "GET /xingrg/javascript/auto/indicator.gif HTTP/1.1" 404 1066
116.232.194.112 - - [04/Apr/2024:09:21:57 +0800] "GET /xingrg/servlets/image?cache=0.46258005217440334&image=px HTTP/1.1" 200 807
61.170.232.36 - - [04/Apr/2024:09:21:57 +0800] "GET /xingrg/all/function/internal_message.html?_=1712193716578&CODE_STATE=getMsg HTTP/1.1" 200 27
222.70.183.82 - - [04/Apr/2024:09:21:57 +0800] "GET /xingrg/all/function/internal_message.html?_=1712193715663&CODE_STATE=getMsg HTTP/1.1" 200 27
116.238.97.31 - - [04/Apr/2024:09:21:58 +0800] "GET /xingrg/all/function/internal_message.html?_=1712193709910&CODE_STATE=getMsg HTTP/1.1" 200 27
116.224.254.208 - - [04/Apr/2024:09:21:59 +0800] "POST /xingrg/kc/buy/cgsh_order_operate.html HTTP/1.1" 200 3277
116.238.97.31 - - [04/Apr/2024:09:22:01 +0800] "GET /xingrg/kc/buy/cgsh_order_operate.html?command=get_materiel&rest_code=00102&code=00101009055&supplier_code=00100022&order_time=2024-04-04 HTTP/1.1" 200 412
124.78.60.103 - - [04/Apr/2024:09:22:01 +0800] "GET /xingrg/all/function/internal_message.html?_=1712193721213&CODE_STATE=getMsg HTTP/1.1" 200 27
116.232.194.112 - - [04/Apr/2024:09:22:02 +0800] "POST /xingrg/all/report/report_print.html HTTP/1.1" 302 -
116.232.194.112 - - [04/Apr/2024:09:22:02 +0800] "GET /xingrg/servlets/html?sysBaseUrl=http%3A%2F%2F180.169.147.146%3A18081%2Fxingrg%2F&costTime=1450×tamp=1712193722594 HTTP/1.1" 200 49139
116.232.194.112 - - [04/Apr/2024:09:22:02 +0800] "GET /xingrg/servlets/image?image=px HTTP/1.1" 200 807
116.232.194.112 - - [04/Apr/2024:09:22:02 +0800] "GET /favicon.ico HTTP/1.1" 404 -
116.232.194.112 - - [04/Apr/2024:09:22:04 +0800] "GET /xingrg/all/function/internal_message.html?_=1712193679960&CODE_STATE=getMsg HTTP/1.1" 200 27
172.20.0.100 - - [04/Apr/2024:09:22:05 +0800] "POST /xingrg/dwr/call/plaincall/AjaxCheckService.checkOrder.dwr HTTP/1.1" 200 79
172.20.0.8 - - [04/Apr/2024:09:22:06 +0800] "GET /xingrg/all/function/internal_message.html?_=1712193726133&CODE_STATE=getMsg HTTP/1.1" 302 -
58.40.7.146 - - [04/Apr/2024:09:22:07 +0800] "GET /xingrg/all/function/internal_message.html?_=1712193727757&CODE_STATE=getMsg HTTP/1.1" 200 27
172.20.0.100 - - [04/Apr/2024:09:22:08 +0800] "GET /xingrg/kc/base/check_order_info.html?code=452024040100031 HTTP/1.1" 200 23094
172.20.0.100 - - [04/Apr/2024:09:22:08 +0800] "GET /xingrg/dwr/interface/AjaxComOrderService.js HTTP/1.1" 200 18264
172.20.0.100 - - [04/Apr/2024:09:22:08 +0800] "GET /xingrg/dwr/interface/AjaxCheckService.js HTTP/1.1" 200 14003
172.20.0.100 - - [04/Apr/2024:09:22:08 +0800] "GET /xingrg/dwr/engine.js HTTP/1.1" 200 43631
172.20.0.100 - - [04/Apr/2024:09:22:08 +0800] "POST /xingrg/dwr/call/plaincall/AjaxCheckService.loadOrderItems.dwr HTTP/1.1" 200 11335
101.83.144.49 - - [04/Apr/2024:09:22:09 +0800] "GET /xingrg/kc/buy/cgsh_order_operate.html?command=get_materiel&rest_code=00105&code=00101012007&supplier_code=00100151&order_time=2024-04-04 HTTP/1.1" 200 412
116.224.254.208 - - [04/Apr/2024:09:22:10 +0800] "GET /xingrg/login.html HTTP/1.1" 200 7641
116.224.254.208 - - [04/Apr/2024:09:22:10 +0800] "GET /favicon.ico HTTP/1.1" 404 -
172.20.0.100 - - [04/Apr/2024:09:22:12 +0800] "GET /xingrg/kc/cost/cost_list.html HTTP/1.1" 200 6073
172.20.0.100 - - [04/Apr/2024:09:22:12 +0800] "GET /xingrg/dwr/interface/AjaxReportQueryService.js HTTP/1.1" 200 13203
172.20.0.100 - - [04/Apr/2024:09:22:12 +0800] "GET /xingrg/dwr/engine.js HTTP/1.1" 200 43631
172.20.0.100 - - [04/Apr/2024:09:22:13 +0800] "GET /xingrg/kc/cost/cost_operate.html?_=1712193732141&command=load_cost_list HTTP/1.1" 200 615
172.20.0.100 - - [04/Apr/2024:09:22:14 +0800] "GET /xingrg/kc/cost/cost_page.html HTTP/1.1" 200 4078
172.20.0.100 - - [04/Apr/2024:09:22:14 +0800] "GET /xingrg/dwr/interface/AjaxReportQueryService.js HTTP/1.1" 200 13203
172.20.0.100 - - [04/Apr/2024:09:22:14 +0800] "GET /xingrg/dwr/engine.js HTTP/1.1" 200 43631
172.20.0.100 - - [04/Apr/2024:09:22:16 +0800] "POST /xingrg/kc/cost/cost_operate.html HTTP/1.1" 200 4
116.238.97.31 - - [04/Apr/2024:09:22:17 +0800] "GET /xingrg/all/function/internal_message.html?_=1712193729648&CODE_STATE=getMsg HTTP/1.1" 200 27
172.20.0.100 - - [04/Apr/2024:09:22:17 +0800] "GET /xingrg/kc/cost/cost_page.html HTTP/1.1" 200 4348
172.20.0.100 - - [04/Apr/2024:09:22:18 +0800] "GET /xingrg/css/blue.css HTTP/1.1" 304 -
172.20.0.100 - - [04/Apr/2024:09:22:18 +0800] "GET /xingrg/javascript/jquery_easy_ui/themes/default/easyui.css HTTP/1.1" 304 -
172.20.0.100 - - [04/Apr/2024:09:22:18 +0800] "GET /xingrg/javascript/jquery_easy_ui/themes/icon.css HTTP/1.1" 304 -
172.20.0.100 - - [04/Apr/2024:09:22:18 +0800] "GET /xingrg/javascript/step/step.css HTTP/1.1" 304 -
172.20.0.100 - - [04/Apr/2024:09:22:18 +0800] "GET /xingrg/css/table.css HTTP/1.1" 304 -
172.20.0.100 - - [04/Apr/2024:09:22:18 +0800] "GET /xingrg/dwr/interface/AjaxReportQueryService.js HTTP/1.1" 200 13203
172.20.0.100 - - [04/Apr/2024:09:22:18 +0800] "GET /xingrg/dwr/engine.js HTTP/1.1" 200 43631
172.20.0.100 - - [04/Apr/2024:09:22:18 +0800] "GET /xingrg/dwr/util.js HTTP/1.1" 304 -
172.20.0.100 - - [04/Apr/2024:09:22:18 +0800] "GET /xingrg/javascript/jquery-1.4.2.min.js HTTP/1.1" 304 -
172.20.0.100 - - [04/Apr/2024:09:22:18 +0800] "GET /xingrg/javascript/jquery_easy_ui/jquery.easyui.min.js HTTP/1.1" 304 -
172.20.0.100 - - [04/Apr/2024:09:22:18 +0800] "GET /xingrg/javascript/jquery_easy_ui/easyui-lang-zh_CN.js HTTP/1.1" 304 -
172.20.0.100 - - [04/Apr/2024:09:22:18 +0800] "GET /xingrg/javascript/jquery.utils.js HTTP/1.1" 304 -
172.20.0.100 - - [04/Apr/2024:09:22:18 +0800] "GET /xingrg/images/control/ajaxLoader.gif HTTP/1.1" 304 -
222.70.172.175 - - [04/Apr/2024:09:22:20 +0800] "POST /xingrg/kc/buy/cgsh_list_operate.html HTTP/1.1" 200 2550
116.224.254.208 - - [04/Apr/2024:09:22:21 +0800] "POST /xingrg/login.do HTTP/1.1" 302 -
116.224.254.208 - - [04/Apr/2024:09:22:21 +0800] "GET /xingrg/index.html?sysBaseUrl=http%3A%2F%2F180.169.147.146%3A18081%2Fxingrg%2F&costTime=952×tamp=1712193741408 HTTP/1.1" 200 17179
116.224.254.208 - - [04/Apr/2024:09:22:21 +0800] "GET /xingrg/all/function/internal_message.html?_=1712193741302&CODE_STATE=count HTTP/1.1" 200 11
116.224.254.208 - - [04/Apr/2024:09:22:21 +0800] "GET /xingrg/check_reg.html?_=1712193741303 HTTP/1.1" 200 22
116.224.254.208 - - [04/Apr/2024:09:22:21 +0800] "POST /xingrg/all/common/load_tree.html?tree=area_rest_tree_json&manage=1 HTTP/1.1" 200 476
116.224.254.208 - - [04/Apr/2024:09:22:21 +0800] "GET /favicon.ico HTTP/1.1" 404 -
116.224.254.208 - - [04/Apr/2024:09:22:21 +0800] "POST /xingrg/load_menu.html HTTP/1.1" 200 5138
222.70.172.175 - - [04/Apr/2024:09:22:22 +0800] "POST /xingrg/kc/buy/cgsh_list_operate.html HTTP/1.1" 200 200
101.83.144.49 - - [04/Apr/2024:09:22:23 +0800] "GET /xingrg/kc/buy/cgsh_order_operate.html?command=get_materiel&rest_code=00105&code=00101012025&supplier_code=00100151&order_time=2024-04-04 HTTP/1.1" 200 412
116.224.254.208 - - [04/Apr/2024:09:22:25 +0800] "POST /xingrg/all/user/operate.html HTTP/1.1" 200 36
222.70.172.175 - - [04/Apr/2024:09:22:26 +0800] "GET /xingrg/kc/buy/cgsh_order_info.html?code=212024040400843 HTTP/1.1" 200 73791
116.224.254.208 - - [04/Apr/2024:09:22:26 +0800] "GET /xingrg/index.html?sysBaseUrl=http%3A%2F%2F180.169.147.146%3A18081%2Fxingrg%2F&costTime=952×tamp=1712193741408 HTTP/1.1" 200 17177
116.224.254.208 - - [04/Apr/2024:09:22:26 +0800] "GET /xingrg/javascript/jquery_easy_ui/themes/default/easyui.css HTTP/1.1" 304 -
116.224.254.208 - - [04/Apr/2024:09:22:26 +0800] "GET /xingrg/javascript/jquery_easy_ui/themes/icon.css HTTP/1.1" 304 -
172.20.0.100 - - [04/Apr/2024:09:22:26 +0800] "GET /xingrg/all/function/internal_message.html?_=1712193755913&CODE_STATE=getMsg HTTP/1.1" 302 -
172.20.0.100 - - [04/Apr/2024:09:22:26 +0800] "GET /xingrg/check_reg.html?_=1712193755914 HTTP/1.1" 302 -
116.224.254.208 - - [04/Apr/2024:09:22:26 +0800] "GET /xingrg/css/form.css HTTP/1.1" 304 -
116.224.254.208 - - [04/Apr/2024:09:22:26 +0800] "GET /xingrg/javascript/jquery-1.4.2.min.js HTTP/1.1" 304 -
101.83.144.49 - - [04/Apr/2024:09:22:26 +0800] "GET /xingrg/all/function/internal_message.html?_=1712193505873&CODE_STATE=getMsg HTTP/1.1" 200 27
116.224.254.208 - - [04/Apr/2024:09:22:26 +0800] "GET /xingrg/javascript/jquery_easy_ui/jquery.easyui.min.js HTTP/1.1" 304 -
116.224.254.208 - - [04/Apr/2024:09:22:26 +0800] "GET /xingrg/javascript/jquery_easy_ui/easyui-lang-zh_CN.js HTTP/1.1" 304 -
116.224.254.208 - - [04/Apr/2024:09:22:26 +0800] "GET /xingrg/javascript/jquery.form.js HTTP/1.1" 304 -
116.224.254.208 - - [04/Apr/2024:09:22:26 +0800] "GET /xingrg/javascript/jquery.utils.js HTTP/1.1" 304 -
116.224.254.208 - - [04/Apr/2024:09:22:26 +0800] "GET /xingrg/javascript/jquery.timers.js HTTP/1.1" 304 -
116.224.254.208 - - [04/Apr/2024:09:22:26 +0800] "GET /xingrg/images/blue/jxLogo.png HTTP/1.1" 304 -
116.224.254.208 - - [04/Apr/2024:09:22:26 +0800] "GET /xingrg/images/blue/navBackgound.jpg HTTP/1.1" 304 -
116.224.254.208 - - [04/Apr/2024:09:22:26 +0800] "GET /xingrg/javascript/jquery_easy_ui/themes/icons/settle_new.png HTTP/1.1" 304 -
120.253.135.82 - - [04/Apr/2024:09:22:26 +0800] "GET /xingrg/all/function/internal_message.html?_=1712193590331&CODE_STATE=getMsg HTTP/1.1" 200 27
116.224.254.208 - - [04/Apr/2024:09:22:26 +0800] "GET /xingrg/all/function/internal_message.html?_=1712193745935&CODE_STATE=count HTTP/1.1" 200 11
116.224.254.208 - - [04/Apr/2024:09:22:26 +0800] "GET /xingrg/check_reg.html?_=1712193745936 HTTP/1.1" 200 22
116.224.254.208 - - [04/Apr/2024:09:22:26 +0800] "GET /xingrg/images/blue/pingpu.png HTTP/1.1" 304 -
116.224.254.208 - - [04/Apr/2024:09:22:26 +0800] "GET /xingrg/javascript/jquery_easy_ui/themes/default/images/tabs_leftarrow.png HTTP/1.1" 304 -
116.224.254.208 - - [04/Apr/2024:09:22:26 +0800] "GET /xingrg/javascript/jquery_easy_ui/themes/default/images/tabs_rightarrow.png HTTP/1.1" 304 -
116.224.254.208 - - [04/Apr/2024:09:22:26 +0800] "GET /xingrg/javascript/jquery_easy_ui/themes/default/images/panel_tool_collapse.gif HTTP/1.1" 304 -
116.224.254.208 - - [04/Apr/2024:09:22:26 +0800] "POST /xingrg/all/common/load_tree.html?tree=area_rest_tree_json&manage=1 HTTP/1.1" 200 476
