180.169.147.146 - - [04/Apr/2024:10:35:00 +0800] "GET /xingrg/all/function/internal_message.html?_=1712198096190&CODE_STATE=getMsg HTTP/1.1" 200 27
124.78.60.103 - - [04/Apr/2024:10:35:00 +0800] "GET /xingrg/all/function/internal_message.html?_=1712198100582&CODE_STATE=getMsg HTTP/1.1" 200 27
116.238.97.31 - - [04/Apr/2024:10:35:01 +0800] "GET /xingrg/all/function/internal_message.html?_=1712198093494&CODE_STATE=getMsg HTTP/1.1" 200 27
116.232.194.112 - - [04/Apr/2024:10:35:03 +0800] "GET /xingrg/all/function/internal_message.html?_=1712198058673&CODE_STATE=getMsg HTTP/1.1" 200 27
222.70.183.82 - - [04/Apr/2024:10:35:04 +0800] "GET /xingrg/check_reg.html?_=1712198142528 HTTP/1.1" 200 22
222.70.183.82 - - [04/Apr/2024:10:35:04 +0800] "GET /xingrg/all/function/internal_message.html?_=1712198142533&CODE_STATE=getMsg HTTP/1.1" 200 27
172.20.0.8 - - [04/Apr/2024:10:35:06 +0800] "GET /xingrg/all/function/internal_message.html?_=1712198106106&CODE_STATE=getMsg HTTP/1.1" 302 -
61.170.232.36 - - [04/Apr/2024:10:35:07 +0800] "POST /xingrg/all/user/operate.html HTTP/1.1" 200 36
61.170.232.36 - - [04/Apr/2024:10:35:07 +0800] "GET /xingrg/index.html?sysBaseUrl=http%3A%2F%2F180.169.147.146%3A18081%2Fxingrg%2F&costTime=864×tamp=1712196766777 HTTP/1.1" 200 17509
61.170.232.36 - - [04/Apr/2024:10:35:07 +0800] "GET /xingrg/javascript/jquery_easy_ui/themes/default/easyui.css HTTP/1.1" 304 -
61.170.232.36 - - [04/Apr/2024:10:35:07 +0800] "GET /xingrg/javascript/jquery_easy_ui/themes/icon.css HTTP/1.1" 304 -
61.170.232.36 - - [04/Apr/2024:10:35:07 +0800] "GET /xingrg/css/form.css HTTP/1.1" 304 -
61.170.232.36 - - [04/Apr/2024:10:35:07 +0800] "GET /xingrg/javascript/jquery-1.4.2.min.js HTTP/1.1" 304 -
61.170.232.36 - - [04/Apr/2024:10:35:07 +0800] "GET /xingrg/javascript/jquery_easy_ui/jquery.easyui.min.js HTTP/1.1" 304 -
61.170.232.36 - - [04/Apr/2024:10:35:07 +0800] "GET /xingrg/javascript/jquery_easy_ui/easyui-lang-zh_CN.js HTTP/1.1" 304 -
61.170.232.36 - - [04/Apr/2024:10:35:07 +0800] "GET /xingrg/javascript/jquery.form.js HTTP/1.1" 304 -
61.170.232.36 - - [04/Apr/2024:10:35:07 +0800] "GET /xingrg/javascript/jquery.utils.js HTTP/1.1" 304 -
61.170.232.36 - - [04/Apr/2024:10:35:07 +0800] "GET /xingrg/javascript/jquery.timers.js HTTP/1.1" 304 -
58.40.7.146 - - [04/Apr/2024:10:35:07 +0800] "GET /xingrg/all/function/internal_message.html?_=1712198107745&CODE_STATE=getMsg HTTP/1.1" 200 27
58.40.7.146 - - [04/Apr/2024:10:35:07 +0800] "GET /xingrg/check_reg.html?_=1712198107747 HTTP/1.1" 200 22
61.170.232.36 - - [04/Apr/2024:10:35:07 +0800] "GET /xingrg/images/blue/jxLogo.png HTTP/1.1" 304 -
61.170.232.36 - - [04/Apr/2024:10:35:07 +0800] "GET /xingrg/javascript/jquery_easy_ui/themes/icons/settle_new.png HTTP/1.1" 304 -
61.170.232.36 - - [04/Apr/2024:10:35:07 +0800] "GET /xingrg/images/blue/navBackgound.jpg HTTP/1.1" 304 -
61.170.232.36 - - [04/Apr/2024:10:35:07 +0800] "GET /xingrg/kc/buy/cgsh_order_operate.html?command=get_materiel&rest_code=00106&code=00101008172&supplier_code=00100008&order_time=2024-04-04 HTTP/1.1" 200 412
61.170.232.36 - - [04/Apr/2024:10:35:07 +0800] "GET /xingrg/images/blue/pingpu.png HTTP/1.1" 304 -
61.170.232.36 - - [04/Apr/2024:10:35:07 +0800] "GET /xingrg/check_reg.html?_=1712198107862 HTTP/1.1" 200 22
61.170.232.36 - - [04/Apr/2024:10:35:07 +0800] "GET /xingrg/all/function/internal_message.html?_=1712198107861&CODE_STATE=count HTTP/1.1" 200 11
61.170.232.36 - - [04/Apr/2024:10:35:07 +0800] "GET /xingrg/javascript/jquery_easy_ui/themes/default/images/panel_tool_collapse.gif HTTP/1.1" 304 -
61.170.232.36 - - [04/Apr/2024:10:35:07 +0800] "GET /xingrg/javascript/jquery_easy_ui/themes/default/images/panel_tool_expand.gif HTTP/1.1" 304 -
61.170.232.36 - - [04/Apr/2024:10:35:07 +0800] "GET /xingrg/javascript/jquery_easy_ui/themes/default/images/tabs_rightarrow.png HTTP/1.1" 304 -
61.170.232.36 - - [04/Apr/2024:10:35:07 +0800] "GET /xingrg/javascript/jquery_easy_ui/themes/default/images/tabs_leftarrow.png HTTP/1.1" 304 -
61.170.232.36 - - [04/Apr/2024:10:35:08 +0800] "POST /xingrg/all/common/load_tree.html?tree=area_rest_tree_json&manage=1 HTTP/1.1" 200 3624
61.170.232.36 - - [04/Apr/2024:10:35:08 +0800] "POST /xingrg/load_menu.html HTTP/1.1" 200 9959
61.170.232.36 - - [04/Apr/2024:10:35:12 +0800] "GET /xingrg/kc/base/wldb_order_list.html HTTP/1.1" 200 19312
180.163.28.55 - - [04/Apr/2024:10:35:12 +0800] "GET /xingrg/check_reg.html?_=1712197796696 HTTP/1.1" 302 -
180.163.28.55 - - [04/Apr/2024:10:35:12 +0800] "GET /xingrg/login.html HTTP/1.1" 200 7641
61.170.232.36 - - [04/Apr/2024:10:35:13 +0800] "POST /xingrg/kc/base/wldb_list_operate.html HTTP/1.1" 200 928
61.170.232.36 - - [04/Apr/2024:10:35:15 +0800] "GET /xingrg/kc/base/wldb_order_add.html HTTP/1.1" 200 30388
61.170.232.36 - - [04/Apr/2024:10:35:15 +0800] "POST /xingrg/kc/base/wldb_order_operate.html HTTP/1.1" 200 6806
61.170.232.36 - - [04/Apr/2024:10:35:15 +0800] "GET /xingrg/all/common/auto_word.html?type=base&rest_code=00141 HTTP/1.1" 200 1799
61.170.232.36 - - [04/Apr/2024:10:35:15 +0800] "GET /xingrg/all/common/auto_word.html?type=base&rest_code=00141 HTTP/1.1" 200 1799
61.170.232.36 - - [04/Apr/2024:10:35:15 +0800] "GET /xingrg/javascript/easyui/themes/default/validatebox.css HTTP/1.1" 404 1104
101.83.144.49 - - [04/Apr/2024:10:35:16 +0800] "GET /xingrg/all/function/internal_message.html?_=1712198276804&CODE_STATE=getMsg HTTP/1.1" 302 -
222.70.172.175 - - [04/Apr/2024:10:35:16 +0800] "GET /xingrg/check_reg.html?_=1712198127700 HTTP/1.1" 302 -
61.170.232.36 - - [04/Apr/2024:10:35:17 +0800] "GET /xingrg/javascript/auto/indicator.gif HTTP/1.1" 404 1066
61.170.232.36 - - [04/Apr/2024:10:35:20 +0800] "GET /xingrg/javascript/jquery_tools/images/prev.gif HTTP/1.1" 404 1086
61.170.232.36 - - [04/Apr/2024:10:35:20 +0800] "GET /xingrg/javascript/jquery_tools/images/next.gif HTTP/1.1" 404 1086
101.83.240.57 - - [04/Apr/2024:10:35:22 +0800] "POST /xingrg/kc/buy/cgsh_order_operate.html HTTP/1.1" 200 37
61.170.232.36 - - [04/Apr/2024:10:35:23 +0800] "GET /xingrg/kc/buy/cgsh_order_operate.html?command=get_materiel&rest_code=00106&code=00101015022&supplier_code=00100008&order_time=2024-04-04 HTTP/1.1" 200 408
61.170.232.36 - - [04/Apr/2024:10:35:25 +0800] "GET /xingrg/kc/base/wldb_order_operate.html?command=get_materiel&rest_code=00141&base_code=0010162&code=00101013205 HTTP/1.1" 200 440
172.20.0.100 - - [04/Apr/2024:10:35:26 +0800] "GET /xingrg/all/function/internal_message.html?_=1712198135964&CODE_STATE=getMsg HTTP/1.1" 302 -
101.83.144.49 - - [04/Apr/2024:10:35:26 +0800] "GET /xingrg/all/function/internal_message.html?_=1712197885989&CODE_STATE=getMsg HTTP/1.1" 200 27
116.224.254.208 - - [04/Apr/2024:10:35:26 +0800] "GET /xingrg/all/function/internal_message.html?_=1712198126260&CODE_STATE=getMsg HTTP/1.1" 200 27
114.85.113.46 - - [04/Apr/2024:10:35:26 +0800] "GET /xingrg/all/function/internal_message.html?_=1712198125630&CODE_STATE=getMsg HTTP/1.1" 200 27
101.83.144.49 - - [04/Apr/2024:10:35:29 +0800] "GET /xingrg/all/function/internal_message.html?_=1712198129653&CODE_STATE=getMsg HTTP/1.1" 200 27
222.70.172.175 - - [04/Apr/2024:10:35:30 +0800] "GET /xingrg/all/function/internal_message.html?_=1712198141903&CODE_STATE=getMsg HTTP/1.1" 302 -
172.20.0.100 - - [04/Apr/2024:10:35:30 +0800] "GET /xingrg/all/function/internal_message.html?_=1712198129995&CODE_STATE=getMsg HTTP/1.1" 200 27
172.20.0.100 - - [04/Apr/2024:10:35:30 +0800] "GET /xingrg/check_reg.html?_=1712198129996 HTTP/1.1" 200 22
101.83.240.57 - - [04/Apr/2024:10:35:31 +0800] "POST /xingrg/kc/buy/cgsh_order_operate.html HTTP/1.1" 200 12
114.83.223.186 - - [04/Apr/2024:10:35:33 +0800] "GET /xingrg/all/function/internal_message.html?_=1712198130174&CODE_STATE=getMsg HTTP/1.1" 200 27
116.235.94.6 - - [04/Apr/2024:10:35:34 +0800] "GET /xingrg/kc/base/check_order_list.html?isBack=1 HTTP/1.1" 200 16176
116.238.97.31 - - [04/Apr/2024:10:35:34 +0800] "GET /xingrg/all/function/internal_message.html?_=1712198134088&CODE_STATE=getMsg HTTP/1.1" 200 27
116.235.94.6 - - [04/Apr/2024:10:35:34 +0800] "POST /xingrg/kc/base/check_list_operate.html HTTP/1.1" 200 2592
101.83.240.57 - - [04/Apr/2024:10:35:34 +0800] "GET /xingrg/kc/buy/cgsh_order_info.html?code=212024040400875 HTTP/1.1" 200 67893
101.83.240.57 - - [04/Apr/2024:10:35:35 +0800] "GET /xingrg/javascript/easyui/themes/default/validatebox.css HTTP/1.1" 404 1104
116.235.94.6 - - [04/Apr/2024:10:35:35 +0800] "GET /xingrg/all/function/internal_message.html?_=1712198162974&CODE_STATE=getMsg HTTP/1.1" 200 27
101.83.240.57 - - [04/Apr/2024:10:35:36 +0800] "POST /xingrg/kc/buy/cgsh_order_operate.html HTTP/1.1" 200 616
180.169.147.146 - - [04/Apr/2024:10:35:37 +0800] "GET /xingrg/all/function/internal_message.html?_=1712198137803&CODE_STATE=getMsg HTTP/1.1" 200 27
116.224.254.208 - - [04/Apr/2024:10:35:38 +0800] "GET /xingrg/all/function/internal_message.html?_=1712198138750&CODE_STATE=getMsg HTTP/1.1" 200 27
180.164.1.25 - - [04/Apr/2024:10:35:40 +0800] "GET /xingrg/all/function/internal_message.html?_=1712198139853&CODE_STATE=getMsg HTTP/1.1" 200 27
61.170.232.36 - - [04/Apr/2024:10:35:40 +0800] "POST /xingrg/kc/buy/cgsh_order_operate.html HTTP/1.1" 200 37
61.170.232.36 - - [04/Apr/2024:10:35:41 +0800] "GET /xingrg/kc/base/wldb_order_operate.html?command=get_materiel&rest_code=00141&base_code=0010162&code=00101019015 HTTP/1.1" 200 449
180.169.147.146 - - [04/Apr/2024:10:35:41 +0800] "GET /xingrg/all/function/internal_message.html?_=1712198141504&CODE_STATE=getMsg HTTP/1.1" 200 27
180.169.147.146 - - [04/Apr/2024:10:35:41 +0800] "GET /xingrg/check_reg.html?_=1712198141510 HTTP/1.1" 200 22
101.83.240.57 - - [04/Apr/2024:10:35:44 +0800] "GET /xingrg/kc/print/load_data.html?order_code=212024040400875&kc_code=cgsh&condition= HTTP/1.1" 200 733
222.70.172.175 - - [04/Apr/2024:10:35:45 +0800] "GET /xingrg/all/function/internal_message.html?_=1712198159432&CODE_STATE=getMsg HTTP/1.1" 200 27
61.170.232.36 - - [04/Apr/2024:10:35:49 +0800] "POST /xingrg/kc/buy/cgsh_order_operate.html HTTP/1.1" 200 16265
101.83.240.57 - - [04/Apr/2024:10:35:49 +0800] "GET /xingrg/all/function/internal_message.html?_=1712198150347&CODE_STATE=getMsg HTTP/1.1" 200 27
180.169.147.146 - - [04/Apr/2024:10:35:51 +0800] "GET /xingrg/all/function/internal_message.html?_=1712198151417&CODE_STATE=getMsg HTTP/1.1" 200 27
180.163.29.206 - - [04/Apr/2024:10:35:53 +0800] "GET /xingrg/kc/buy/cgsh_order_operate.html?command=get_materiel&rest_code=00106&code=00101008356&supplier_code=00100008&order_time=2024-04-04 HTTP/1.1" 302 -
180.163.29.206 - - [04/Apr/2024:10:35:53 +0800] "GET /xingrg/login.html HTTP/1.1" 200 7641
61.170.232.36 - - [04/Apr/2024:10:35:56 +0800] "POST /xingrg/kc/buy/cgsh_order_operate.html HTTP/1.1" 200 37
180.163.28.143 - - [04/Apr/2024:10:35:57 +0800] "GET /xingrg/check_reg.html?_=1712198096685 HTTP/1.1" 302 -
180.163.28.143 - - [04/Apr/2024:10:35:57 +0800] "GET /xingrg/login.html HTTP/1.1" 200 7641
222.70.183.82 - - [04/Apr/2024:10:35:57 +0800] "GET /xingrg/all/function/internal_message.html?_=1712198155767&CODE_STATE=getMsg HTTP/1.1" 200 27
222.70.183.82 - - [04/Apr/2024:10:35:57 +0800] "GET /xingrg/check_reg.html?_=1712198155769 HTTP/1.1" 200 22
116.238.97.31 - - [04/Apr/2024:10:35:58 +0800] "GET /xingrg/check_reg.html?_=1712198150033 HTTP/1.1" 200 22
116.238.97.31 - - [04/Apr/2024:10:35:58 +0800] "GET /xingrg/all/function/internal_message.html?_=1712198150033&CODE_STATE=getMsg HTTP/1.1" 200 27
124.78.60.103 - - [04/Apr/2024:10:36:00 +0800] "GET /xingrg/all/function/internal_message.html?_=1712198160565&CODE_STATE=getMsg HTTP/1.1" 200 27
180.169.147.146 - - [04/Apr/2024:10:36:00 +0800] "GET /xingrg/all/function/internal_message.html?_=1712198156194&CODE_STATE=getMsg HTTP/1.1" 200 27
116.238.97.31 - - [04/Apr/2024:10:36:01 +0800] "GET /xingrg/all/function/internal_message.html?_=1712198153497&CODE_STATE=getMsg HTTP/1.1" 200 27
116.232.194.112 - - [04/Apr/2024:10:36:03 +0800] "GET /xingrg/all/function/internal_message.html?_=1712198118657&CODE_STATE=getMsg HTTP/1.1" 200 27
61.170.232.36 - - [04/Apr/2024:10:36:04 +0800] "GET /xingrg/kc/base/wldb_order_operate.html?command=get_materiel&rest_code=00141&base_code=0010162&code=00101009036 HTTP/1.1" 200 435
222.70.183.82 - - [04/Apr/2024:10:36:04 +0800] "GET /xingrg/all/function/internal_message.html?_=1712198202517&CODE_STATE=getMsg HTTP/1.1" 200 27
61.170.232.36 - - [04/Apr/2024:10:36:05 +0800] "POST /xingrg/kc/buy/cgsh_order_operate.html HTTP/1.1" 200 12
172.20.0.8 - - [04/Apr/2024:10:36:06 +0800] "GET /xingrg/check_reg.html?_=1712198166090 HTTP/1.1" 302 -
172.20.0.8 - - [04/Apr/2024:10:36:06 +0800] "GET /xingrg/all/function/internal_message.html?_=1712198166107&CODE_STATE=getMsg HTTP/1.1" 302 -
58.40.7.146 - - [04/Apr/2024:10:36:07 +0800] "GET /xingrg/all/function/internal_message.html?_=1712198167752&CODE_STATE=getMsg HTTP/1.1" 200 27
61.170.232.36 - - [04/Apr/2024:10:36:07 +0800] "GET /xingrg/all/function/internal_message.html?_=1712198167879&CODE_STATE=getMsg HTTP/1.1" 200 27
61.170.232.36 - - [04/Apr/2024:10:36:14 +0800] "GET /xingrg/kc/base/wldb_order_operate.html?command=get_materiel&rest_code=00141&base_code=0010162&code=00101009021 HTTP/1.1" 200 438
101.83.144.49 - - [04/Apr/2024:10:36:15 +0800] "GET /xingrg/all/function/internal_message.html?_=1712198336788&CODE_STATE=getMsg HTTP/1.1" 302 -
61.170.232.36 - - [04/Apr/2024:10:36:17 +0800] "GET /xingrg/kc/buy/cgsh_order_info.html?code=212024040400872 HTTP/1.1" 200 68691
61.170.232.36 - - [04/Apr/2024:10:36:18 +0800] "GET /xingrg/javascript/easyui/themes/default/validatebox.css HTTP/1.1" 404 1104
61.170.232.36 - - [04/Apr/2024:10:36:19 +0800] "POST /xingrg/kc/buy/cgsh_order_operate.html HTTP/1.1" 200 14210
116.238.97.31 - - [04/Apr/2024:10:36:20 +0800] "POST /xingrg/services/DataTransmitService HTTP/1.1" 200 524
116.238.97.31 - - [04/Apr/2024:10:36:21 +0800] "POST /xingrg/services/DataTransmitService HTTP/1.1" 200 2395
116.238.97.31 - - [04/Apr/2024:10:36:22 +0800] "POST /xingrg/services/DataTransmitService HTTP/1.1" 200 181127
61.170.232.36 - - [04/Apr/2024:10:36:23 +0800] "GET /xingrg/kc/print/load_data.html?order_code=212024040400872&kc_code=cgsh&condition= HTTP/1.1" 200 5859
172.20.0.100 - - [04/Apr/2024:10:36:26 +0800] "GET /xingrg/all/function/internal_message.html?_=1712198195979&CODE_STATE=getMsg HTTP/1.1" 302 -
101.83.144.49 - - [04/Apr/2024:10:36:26 +0800] "GET /xingrg/all/function/internal_message.html?_=1712197945989&CODE_STATE=getMsg HTTP/1.1" 200 27
116.224.254.208 - - [04/Apr/2024:10:36:26 +0800] "GET /xingrg/all/function/internal_message.html?_=1712198186243&CODE_STATE=getMsg HTTP/1.1" 200 27
114.85.113.46 - - [04/Apr/2024:10:36:26 +0800] "GET /xingrg/all/function/internal_message.html?_=1712198185614&CODE_STATE=getMsg HTTP/1.1" 200 27
61.170.232.36 - - [04/Apr/2024:10:36:29 +0800] "GET /xingrg/kc/print/load_data.html?order_code=212024040400872&kc_code=cgsh HTTP/1.1" 200 5859
101.83.144.49 - - [04/Apr/2024:10:36:29 +0800] "GET /xingrg/check_reg.html?_=1712198189651 HTTP/1.1" 200 22
101.83.144.49 - - [04/Apr/2024:10:36:29 +0800] "GET /xingrg/all/function/internal_message.html?_=1712198189655&CODE_STATE=getMsg HTTP/1.1" 200 27
222.70.172.175 - - [04/Apr/2024:10:36:30 +0800] "GET /xingrg/all/function/internal_message.html?_=1712198201906&CODE_STATE=getMsg HTTP/1.1" 302 -
61.170.232.36 - - [04/Apr/2024:10:36:30 +0800] "GET /xingrg/kc/base/wldb_order_operate.html?command=get_materiel&rest_code=00141&base_code=0010162&code=00101019816 HTTP/1.1" 200 445
172.20.0.100 - - [04/Apr/2024:10:36:30 +0800] "GET /xingrg/all/function/internal_message.html?_=1712198189997&CODE_STATE=getMsg HTTP/1.1" 200 27
114.83.223.186 - - [04/Apr/2024:10:36:33 +0800] "GET /xingrg/all/function/internal_message.html?_=1712198190146&CODE_STATE=getMsg HTTP/1.1" 200 27
116.238.97.31 - - [04/Apr/2024:10:36:34 +0800] "GET /xingrg/all/function/internal_message.html?_=1712198194075&CODE_STATE=getMsg HTTP/1.1" 200 27
116.235.94.6 - - [04/Apr/2024:10:36:35 +0800] "GET /xingrg/all/function/internal_message.html?_=1712198222978&CODE_STATE=getMsg HTTP/1.1" 200 27
116.235.94.6 - - [04/Apr/2024:10:36:35 +0800] "GET /xingrg/check_reg.html?_=1712198222979 HTTP/1.1" 200 22
180.169.147.146 - - [04/Apr/2024:10:36:37 +0800] "GET /xingrg/all/function/internal_message.html?_=1712198197786&CODE_STATE=getMsg HTTP/1.1" 200 27
116.224.254.208 - - [04/Apr/2024:10:36:38 +0800] "GET /xingrg/all/function/internal_message.html?_=1712198198736&CODE_STATE=getMsg HTTP/1.1" 200 27
180.164.1.25 - - [04/Apr/2024:10:36:40 +0800] "GET /xingrg/all/function/internal_message.html?_=1712198199851&CODE_STATE=getMsg HTTP/1.1" 200 27
180.169.147.146 - - [04/Apr/2024:10:36:41 +0800] "GET /xingrg/all/function/internal_message.html?_=1712198201510&CODE_STATE=getMsg HTTP/1.1" 200 27
61.170.232.36 - - [04/Apr/2024:10:36:42 +0800] "GET /xingrg/kc/base/wldb_order_operate.html?command=get_materiel&rest_code=00141&base_code=0010162&code=00101019368 HTTP/1.1" 200 465
222.70.172.175 - - [04/Apr/2024:10:36:45 +0800] "GET /xingrg/all/function/internal_message.html?_=1712198219530&CODE_STATE=getMsg HTTP/1.1" 200 27
101.83.240.57 - - [04/Apr/2024:10:36:49 +0800] "GET /xingrg/all/function/internal_message.html?_=1712198210337&CODE_STATE=getMsg HTTP/1.1" 200 27
61.170.232.36 - - [04/Apr/2024:10:36:51 +0800] "GET /xingrg/kc/base/wldb_order_operate.html?command=get_materiel&rest_code=00141&base_code=0010162&code=00101019216 HTTP/1.1" 200 477
180.169.147.146 - - [04/Apr/2024:10:36:51 +0800] "GET /xingrg/all/function/internal_message.html?_=1712198211423&CODE_STATE=getMsg HTTP/1.1" 200 27
61.170.232.36 - - [04/Apr/2024:10:36:57 +0800] "GET /xingrg/all/function/internal_message.html?_=1712198216617&CODE_STATE=getMsg HTTP/1.1" 200 27
222.70.183.82 - - [04/Apr/2024:10:36:57 +0800] "GET /xingrg/all/function/internal_message.html?_=1712198215768&CODE_STATE=getMsg HTTP/1.1" 200 27
116.238.97.31 - - [04/Apr/2024:10:36:58 +0800] "GET /xingrg/all/function/internal_message.html?_=1712198210032&CODE_STATE=getMsg HTTP/1.1" 200 27
124.78.60.103 - - [04/Apr/2024:10:37:00 +0800] "GET /xingrg/all/function/internal_message.html?_=1712198220557&CODE_STATE=getMsg HTTP/1.1" 200 27
180.169.147.146 - - [04/Apr/2024:10:37:00 +0800] "GET /xingrg/all/function/internal_message.html?_=1712198216191&CODE_STATE=getMsg HTTP/1.1" 200 27
116.238.97.31 - - [04/Apr/2024:10:37:01 +0800] "GET /xingrg/all/function/internal_message.html?_=1712198213513&CODE_STATE=getMsg HTTP/1.1" 200 27
116.232.194.112 - - [04/Apr/2024:10:37:03 +0800] "GET /xingrg/all/function/internal_message.html?_=1712198178640&CODE_STATE=getMsg HTTP/1.1" 200 27
222.70.183.82 - - [04/Apr/2024:10:37:04 +0800] "GET /xingrg/all/function/internal_message.html?_=1712198262515&CODE_STATE=getMsg HTTP/1.1" 200 27
172.20.0.8 - - [04/Apr/2024:10:37:06 +0800] "GET /xingrg/all/function/internal_message.html?_=1712198226109&CODE_STATE=getMsg HTTP/1.1" 302 -
180.163.29.234 - - [04/Apr/2024:10:37:07 +0800] "GET /xingrg/all/function/internal_message.html?_=1712198096601&CODE_STATE=getMsg HTTP/1.1" 302 -
180.163.29.234 - - [04/Apr/2024:10:37:07 +0800] "GET /xingrg/login.html HTTP/1.1" 200 7641
58.40.7.146 - - [04/Apr/2024:10:37:07 +0800] "GET /xingrg/all/function/internal_message.html?_=1712198227752&CODE_STATE=getMsg HTTP/1.1" 200 27
61.170.232.36 - - [04/Apr/2024:10:37:08 +0800] "GET /xingrg/all/function/internal_message.html?_=1712198228217&CODE_STATE=getMsg HTTP/1.1" 200 27
61.170.232.36 - - [04/Apr/2024:10:37:10 +0800] "GET /xingrg/kc/base/wldb_order_operate.html?command=get_materiel&rest_code=00141&base_code=0010162&code=00101019020 HTTP/1.1" 200 466
101.83.144.49 - - [04/Apr/2024:10:37:15 +0800] "GET /xingrg/all/function/internal_message.html?_=1712198396772&CODE_STATE=getMsg HTTP/1.1" 302 -
61.170.232.36 - - [04/Apr/2024:10:37:20 +0800] "GET /xingrg/kc/base/wldb_order_operate.html?command=get_materiel&rest_code=00141&base_code=0010162&code=00101019313 HTTP/1.1" 200 455
180.163.29.206 - - [04/Apr/2024:10:37:22 +0800] "GET /xingrg/kc/print/load_data.html?order_code=212024040400872&kc_code=cgsh&condition= HTTP/1.1" 302 -
180.163.29.206 - - [04/Apr/2024:10:37:22 +0800] "GET /xingrg/login.html HTTP/1.1" 200 7641
172.20.0.100 - - [04/Apr/2024:10:37:26 +0800] "GET /xingrg/check_reg.html?_=1712198255977 HTTP/1.1" 302 -
172.20.0.100 - - [04/Apr/2024:10:37:26 +0800] "GET /xingrg/all/function/internal_message.html?_=1712198255979&CODE_STATE=getMsg HTTP/1.1" 302 -
101.83.144.49 - - [04/Apr/2024:10:37:26 +0800] "GET /xingrg/all/function/internal_message.html?_=1712198005989&CODE_STATE=getMsg HTTP/1.1" 200 27
114.85.113.46 - - [04/Apr/2024:10:37:26 +0800] "GET /xingrg/all/function/internal_message.html?_=1712198245589&CODE_STATE=getMsg HTTP/1.1" 200 27
116.224.254.208 - - [04/Apr/2024:10:37:26 +0800] "GET /xingrg/check_reg.html?_=1712198246236 HTTP/1.1" 200 22
116.224.254.208 - - [04/Apr/2024:10:37:27 +0800] "GET /xingrg/all/function/internal_message.html?_=1712198246241&CODE_STATE=getMsg HTTP/1.1" 200 27
180.163.29.79 - - [04/Apr/2024:10:37:28 +0800] "GET /xingrg/kc/print/load_data.html?order_code=212024040400872&kc_code=cgsh HTTP/1.1" 302 -
180.163.29.79 - - [04/Apr/2024:10:37:28 +0800] "GET /xingrg/login.html HTTP/1.1" 200 7641
101.83.144.49 - - [04/Apr/2024:10:37:29 +0800] "GET /xingrg/all/function/internal_message.html?_=1712198249652&CODE_STATE=getMsg HTTP/1.1" 200 27
222.70.172.175 - - [04/Apr/2024:10:37:30 +0800] "GET /xingrg/all/function/internal_message.html?_=1712198261931&CODE_STATE=getMsg HTTP/1.1" 302 -
172.20.0.100 - - [04/Apr/2024:10:37:30 +0800] "GET /xingrg/all/function/internal_message.html?_=1712198249999&CODE_STATE=getMsg HTTP/1.1" 200 27
114.83.223.186 - - [04/Apr/2024:10:37:32 +0800] "GET /xingrg/check_reg.html?_=1712198249006 HTTP/1.1" 200 22
116.238.97.31 - - [04/Apr/2024:10:37:32 +0800] "GET /xingrg/check_reg.html?_=1712198252113 HTTP/1.1" 200 22
114.83.223.186 - - [04/Apr/2024:10:37:33 +0800] "GET /xingrg/all/function/internal_message.html?_=1712198250124&CODE_STATE=getMsg HTTP/1.1" 200 27
116.238.97.31 - - [04/Apr/2024:10:37:34 +0800] "GET /xingrg/all/function/internal_message.html?_=1712198254057&CODE_STATE=getMsg HTTP/1.1" 200 27
116.235.94.6 - - [04/Apr/2024:10:37:35 +0800] "GET /xingrg/all/function/internal_message.html?_=1712198282977&CODE_STATE=getMsg HTTP/1.1" 200 27
180.169.147.146 - - [04/Apr/2024:10:37:37 +0800] "GET /xingrg/all/function/internal_message.html?_=1712198257770&CODE_STATE=getMsg HTTP/1.1" 200 27
116.224.254.208 - - [04/Apr/2024:10:37:38 +0800] "GET /xingrg/all/function/internal_message.html?_=1712198258745&CODE_STATE=getMsg HTTP/1.1" 200 27
116.224.254.208 - - [04/Apr/2024:10:37:38 +0800] "GET /xingrg/check_reg.html?_=1712198258747 HTTP/1.1" 200 22
61.170.232.36 - - [04/Apr/2024:10:37:40 +0800] "GET /xingrg/kc/base/wldb_order_operate.html?command=get_materiel&rest_code=00141&base_code=0010162&code=00101023022 HTTP/1.1" 200 427
180.164.1.25 - - [04/Apr/2024:10:37:40 +0800] "GET /xingrg/all/function/internal_message.html?_=1712198259848&CODE_STATE=getMsg HTTP/1.1" 200 27
180.169.147.146 - - [04/Apr/2024:10:37:41 +0800] "GET /xingrg/all/function/internal_message.html?_=1712198261502&CODE_STATE=getMsg HTTP/1.1" 200 27
222.70.172.175 - - [04/Apr/2024:10:37:45 +0800] "GET /xingrg/all/function/internal_message.html?_=1712198279538&CODE_STATE=getMsg HTTP/1.1" 200 27
101.83.240.57 - - [04/Apr/2024:10:37:49 +0800] "GET /xingrg/all/function/internal_message.html?_=1712198270320&CODE_STATE=getMsg HTTP/1.1" 200 27
180.169.147.146 - - [04/Apr/2024:10:37:51 +0800] "GET /xingrg/all/function/internal_message.html?_=1712198271431&CODE_STATE=getMsg HTTP/1.1" 200 27
61.170.232.36 - - [04/Apr/2024:10:37:57 +0800] "GET /xingrg/all/function/internal_message.html?_=1712198276602&CODE_STATE=getMsg HTTP/1.1" 200 27
222.70.183.82 - - [04/Apr/2024:10:37:57 +0800] "GET /xingrg/all/function/internal_message.html?_=1712198275767&CODE_STATE=getMsg HTTP/1.1" 200 27
116.238.97.31 - - [04/Apr/2024:10:37:58 +0800] "GET /xingrg/all/function/internal_message.html?_=1712198270047&CODE_STATE=getMsg HTTP/1.1" 200 27
114.83.223.186 - - [04/Apr/2024:10:37:58 +0800] "GET /xingrg/login.html HTTP/1.1" 200 7641
114.83.223.186 - - [04/Apr/2024:10:37:59 +0800] "GET /favicon.ico HTTP/1.1" 404 -
124.78.60.103 - - [04/Apr/2024:10:38:00 +0800] "GET /xingrg/all/function/internal_message.html?_=1712198280547&CODE_STATE=getMsg HTTP/1.1" 200 27
180.169.147.146 - - [04/Apr/2024:10:38:00 +0800] "GET /xingrg/all/function/internal_message.html?_=1712198276191&CODE_STATE=getMsg HTTP/1.1" 200 27
116.238.97.31 - - [04/Apr/2024:10:38:01 +0800] "GET /xingrg/check_reg.html?_=1712198273512 HTTP/1.1" 200 22
116.238.97.31 - - [04/Apr/2024:10:38:01 +0800] "GET /xingrg/all/function/internal_message.html?_=1712198273513&CODE_STATE=getMsg HTTP/1.1" 200 27
116.232.194.112 - - [04/Apr/2024:10:38:03 +0800] "GET /xingrg/all/function/internal_message.html?_=1712198238623&CODE_STATE=getMsg HTTP/1.1" 200 27
222.70.183.82 - - [04/Apr/2024:10:38:04 +0800] "GET /xingrg/all/function/internal_message.html?_=1712198322513&CODE_STATE=getMsg HTTP/1.1" 200 27
172.20.0.8 - - [04/Apr/2024:10:38:06 +0800] "GET /xingrg/all/function/internal_message.html?_=1712198286109&CODE_STATE=getMsg HTTP/1.1" 302 -
114.83.223.186 - - [04/Apr/2024:10:38:07 +0800] "POST /xingrg/login.do HTTP/1.1" 200 2128
114.83.223.186 - - [04/Apr/2024:10:38:07 +0800] "GET /favicon.ico HTTP/1.1" 404 -
58.40.7.146 - - [04/Apr/2024:10:38:07 +0800] "GET /xingrg/all/function/internal_message.html?_=1712198287755&CODE_STATE=getMsg HTTP/1.1" 200 27
61.170.232.36 - - [04/Apr/2024:10:38:08 +0800] "GET /xingrg/all/function/internal_message.html?_=1712198288198&CODE_STATE=getMsg HTTP/1.1" 200 27
114.83.223.186 - - [04/Apr/2024:10:38:08 +0800] "GET /favicon.ico HTTP/1.1" 404 -
114.85.113.46 - - [04/Apr/2024:10:38:12 +0800] "GET /xingrg/check_reg.html?_=1712198291292 HTTP/1.1" 200 22
101.83.144.49 - - [04/Apr/2024:10:38:15 +0800] "GET /xingrg/all/function/internal_message.html?_=1712198456755&CODE_STATE=getMsg HTTP/1.1" 302 -
114.83.223.186 - - [04/Apr/2024:10:38:17 +0800] "POST /xingrg/login.do HTTP/1.1" 302 -
114.83.223.186 - - [04/Apr/2024:10:38:17 +0800] "GET /xingrg/index.html?sysBaseUrl=http%3A%2F%2F180.169.147.146%3A18081%2Fxingrg%2F&costTime=838×tamp=1712198297101 HTTP/1.1" 200 17419
114.83.223.186 - - [04/Apr/2024:10:38:17 +0800] "POST /xingrg/all/common/load_tree.html?tree=area_rest_tree_json&manage=1 HTTP/1.1" 200 351
114.83.223.186 - - [04/Apr/2024:10:38:17 +0800] "GET /xingrg/all/function/internal_message.html?_=1712198297570&CODE_STATE=count HTTP/1.1" 200 11
114.83.223.186 - - [04/Apr/2024:10:38:17 +0800] "GET /xingrg/check_reg.html?_=1712198297571 HTTP/1.1" 200 22
114.83.223.186 - - [04/Apr/2024:10:38:17 +0800] "GET /favicon.ico HTTP/1.1" 404 -
114.83.223.186 - - [04/Apr/2024:10:38:17 +0800] "POST /xingrg/load_menu.html HTTP/1.1" 200 9959
114.83.223.186 - - [04/Apr/2024:10:38:24 +0800] "GET /xingrg/kc/mdqp/pssh_order_list.html HTTP/1.1" 200 17929
114.83.223.186 - - [04/Apr/2024:10:38:25 +0800] "POST /xingrg/kc/mdqp/pssh_list_operate.html HTTP/1.1" 200 5436
172.20.0.100 - - [04/Apr/2024:10:38:26 +0800] "GET /xingrg/all/function/internal_message.html?_=1712198315977&CODE_STATE=getMsg HTTP/1.1" 302 -
101.83.144.49 - - [04/Apr/2024:10:38:26 +0800] "GET /xingrg/all/function/internal_message.html?_=1712198065989&CODE_STATE=getMsg HTTP/1.1" 200 27
101.83.144.49 - - [04/Apr/2024:10:38:26 +0800] "GET /xingrg/check_reg.html?_=1712198065992 HTTP/1.1" 200 22
116.224.254.208 - - [04/Apr/2024:10:38:26 +0800] "GET /xingrg/all/function/internal_message.html?_=1712198306245&CODE_STATE=getMsg HTTP/1.1" 200 27
114.85.113.46 - - [04/Apr/2024:10:38:26 +0800] "GET /xingrg/all/function/internal_message.html?_=1712198305571&CODE_STATE=getMsg HTTP/1.1" 200 27
114.83.223.186 - - [04/Apr/2024:10:38:28 +0800] "POST /xingrg/kc/mdqp/pssh_list_operate.html HTTP/1.1" 200 464
101.83.144.49 - - [04/Apr/2024:10:38:29 +0800] "GET /xingrg/all/function/internal_message.html?_=1712198309648&CODE_STATE=getMsg HTTP/1.1" 200 27
222.70.172.175 - - [04/Apr/2024:10:38:30 +0800] "GET /xingrg/all/function/internal_message.html?_=1712198321934&CODE_STATE=getMsg HTTP/1.1" 302 -
172.20.0.100 - - [04/Apr/2024:10:38:30 +0800] "GET /xingrg/all/function/internal_message.html?_=1712198310002&CODE_STATE=getMsg HTTP/1.1" 200 27
114.83.223.186 - - [04/Apr/2024:10:38:32 +0800] "GET /xingrg/kc/mdqp/pssh_order_info.html?code=312024040300052 HTTP/1.1" 200 14136
114.83.223.186 - - [04/Apr/2024:10:38:32 +0800] "GET /xingrg/javascript/jquery_tools/jquery-1.4.2.min.js HTTP/1.1" 404 1094
114.83.223.186 - - [04/Apr/2024:10:38:32 +0800] "GET /xingrg/words/20240403113927_words.js HTTP/1.1" 200 1016715
114.83.223.186 - - [04/Apr/2024:10:38:33 +0800] "GET /xingrg/javascript/easyui/themes/default/validatebox.css HTTP/1.1" 404 1104
114.83.223.186 - - [04/Apr/2024:10:38:33 +0800] "POST /xingrg/kc/mdqp/pssh_order_operate.html HTTP/1.1" 200 1590
114.83.223.186 - - [04/Apr/2024:10:38:33 +0800] "GET /xingrg/all/function/internal_message.html?_=1712198310108&CODE_STATE=getMsg HTTP/1.1" 200 27
116.238.97.31 - - [04/Apr/2024:10:38:34 +0800] "GET /xingrg/all/function/internal_message.html?_=1712198314032&CODE_STATE=getMsg HTTP/1.1" 200 27
116.235.94.6 - - [04/Apr/2024:10:38:35 +0800] "GET /xingrg/all/function/internal_message.html?_=1712198342975&CODE_STATE=getMsg HTTP/1.1" 200 27
124.78.60.103 - - [04/Apr/2024:10:38:37 +0800] "GET /xingrg/check_reg.html?_=1712198317213 HTTP/1.1" 200 22
180.169.147.146 - - [04/Apr/2024:10:38:37 +0800] "GET /xingrg/all/function/internal_message.html?_=1712198317754&CODE_STATE=getMsg HTTP/1.1" 200 27
116.224.254.208 - - [04/Apr/2024:10:38:39 +0800] "GET /xingrg/all/function/internal_message.html?_=1712198318751&CODE_STATE=getMsg HTTP/1.1" 200 27
116.224.254.208 - - [04/Apr/2024:10:38:39 +0800] "POST /xingrg/services/DataTransmitService HTTP/1.1" 200 524
180.164.1.25 - - [04/Apr/2024:10:38:40 +0800] "GET /xingrg/check_reg.html?_=1712198319838 HTTP/1.1" 200 22
180.164.1.25 - - [04/Apr/2024:10:38:40 +0800] "GET /xingrg/all/function/internal_message.html?_=1712198319839&CODE_STATE=getMsg HTTP/1.1" 200 27
116.224.254.208 - - [04/Apr/2024:10:38:41 +0800] "POST /xingrg/services/DataTransmitService HTTP/1.1" 200 2075
180.169.147.146 - - [04/Apr/2024:10:38:41 +0800] "GET /xingrg/all/function/internal_message.html?_=1712198321496&CODE_STATE=getMsg HTTP/1.1" 200 27
116.224.254.208 - - [04/Apr/2024:10:38:42 +0800] "POST /xingrg/services/DataTransmitService HTTP/1.1" 200 128428
222.70.172.175 - - [04/Apr/2024:10:38:43 +0800] "GET /xingrg/check_reg.html?_=1712198337371 HTTP/1.1" 200 22
116.232.194.112 - - [04/Apr/2024:10:38:43 +0800] "GET /xingrg/check_reg.html?_=1712198279223 HTTP/1.1" 200 22
222.70.172.175 - - [04/Apr/2024:10:38:45 +0800] "GET /xingrg/all/function/internal_message.html?_=1712198339551&CODE_STATE=getMsg HTTP/1.1" 200 27
101.83.240.57 - - [04/Apr/2024:10:38:49 +0800] "GET /xingrg/all/function/internal_message.html?_=1712198330297&CODE_STATE=getMsg HTTP/1.1" 200 27
101.83.240.57 - - [04/Apr/2024:10:38:50 +0800] "GET /xingrg/check_reg.html?_=1712198330832 HTTP/1.1" 200 22
180.169.147.146 - - [04/Apr/2024:10:38:51 +0800] "GET /xingrg/check_reg.html?_=1712198331796 HTTP/1.1" 200 22
180.169.147.146 - - [04/Apr/2024:10:38:51 +0800] "GET /xingrg/all/function/internal_message.html?_=1712198331431&CODE_STATE=getMsg HTTP/1.1" 200 27
61.170.232.36 - - [04/Apr/2024:10:38:57 +0800] "GET /xingrg/all/function/internal_message.html?_=1712198336589&CODE_STATE=getMsg HTTP/1.1" 200 27
180.163.29.103 - - [04/Apr/2024:10:38:57 +0800] "GET /xingrg/all/function/internal_message.html?_=1712198276602&CODE_STATE=getMsg HTTP/1.1" 302 -
180.163.29.103 - - [04/Apr/2024:10:38:57 +0800] "GET /xingrg/login.html HTTP/1.1" 200 7641
222.70.183.82 - - [04/Apr/2024:10:38:57 +0800] "GET /xingrg/all/function/internal_message.html?_=1712198335768&CODE_STATE=getMsg HTTP/1.1" 200 27
116.238.97.31 - - [04/Apr/2024:10:38:58 +0800] "GET /xingrg/all/function/internal_message.html?_=1712198330063&CODE_STATE=getMsg HTTP/1.1" 200 27
124.78.60.103 - - [04/Apr/2024:10:39:00 +0800] "GET /xingrg/all/function/internal_message.html?_=1712198340532&CODE_STATE=getMsg HTTP/1.1" 200 27
180.169.147.146 - - [04/Apr/2024:10:39:00 +0800] "GET /xingrg/all/function/internal_message.html?_=1712198336191&CODE_STATE=getMsg HTTP/1.1" 200 27
116.238.97.31 - - [04/Apr/2024:10:39:01 +0800] "GET /xingrg/all/function/internal_message.html?_=1712198333509&CODE_STATE=getMsg HTTP/1.1" 200 27
223.167.127.174 - - [04/Apr/2024:10:39:02 +0800] "GET /favicon.ico HTTP/1.1" 404 -
116.232.194.112 - - [04/Apr/2024:10:39:03 +0800] "GET /xingrg/all/function/internal_message.html?_=1712198298606&CODE_STATE=getMsg HTTP/1.1" 200 27
222.70.183.82 - - [04/Apr/2024:10:39:04 +0800] "GET /xingrg/all/function/internal_message.html?_=1712198382521&CODE_STATE=getMsg HTTP/1.1" 200 27
172.20.0.8 - - [04/Apr/2024:10:39:06 +0800] "GET /xingrg/all/function/internal_message.html?_=1712198346111&CODE_STATE=getMsg HTTP/1.1" 302 -
58.40.7.146 - - [04/Apr/2024:10:39:07 +0800] "GET /xingrg/all/function/internal_message.html?_=1712198347763&CODE_STATE=getMsg HTTP/1.1" 200 27
61.170.232.36 - - [04/Apr/2024:10:39:08 +0800] "GET /xingrg/all/function/internal_message.html?_=1712198348173&CODE_STATE=getMsg HTTP/1.1" 200 27
101.83.144.49 - - [04/Apr/2024:10:39:15 +0800] "GET /xingrg/all/function/internal_message.html?_=1712198516739&CODE_STATE=getMsg HTTP/1.1" 302 -
101.83.144.49 - - [04/Apr/2024:10:39:23 +0800] "GET /xingrg/check_reg.html?_=1712198524166 HTTP/1.1" 302 -
172.20.0.100 - - [04/Apr/2024:10:39:26 +0800] "GET /xingrg/all/function/internal_message.html?_=1712198375975&CODE_STATE=getMsg HTTP/1.1" 302 -
116.224.254.208 - - [04/Apr/2024:10:39:26 +0800] "GET /xingrg/login.html HTTP/1.1" 200 7641
124.78.60.103 - - [04/Apr/2024:10:39:26 +0800] "POST /xingrg/kc/buy/cgsh_order_operate.html HTTP/1.1" 200 8245
124.78.60.103 - - [04/Apr/2024:10:39:26 +0800] "GET /xingrg/javascript/easyui/themes/default/validatebox.css HTTP/1.1" 404 1104
101.83.144.49 - - [04/Apr/2024:10:39:26 +0800] "GET /xingrg/all/function/internal_message.html?_=1712198125992&CODE_STATE=getMsg HTTP/1.1" 200 27
116.224.254.208 - - [04/Apr/2024:10:39:26 +0800] "GET /favicon.ico HTTP/1.1" 404 -
116.224.254.208 - - [04/Apr/2024:10:39:26 +0800] "GET /xingrg/all/function/internal_message.html?_=1712198366245&CODE_STATE=getMsg HTTP/1.1" 200 27
114.85.113.46 - - [04/Apr/2024:10:39:26 +0800] "GET /xingrg/all/function/internal_message.html?_=1712198365557&CODE_STATE=getMsg HTTP/1.1" 200 27
116.224.254.208 - - [04/Apr/2024:10:39:28 +0800] "POST /xingrg/login.do HTTP/1.1" 302 -
116.224.254.208 - - [04/Apr/2024:10:39:28 +0800] "GET /xingrg/index.html?sysBaseUrl=http%3A%2F%2F180.169.147.146%3A18081%2Fxingrg%2F&costTime=1016×tamp=1712198368694 HTTP/1.1" 200 17179
116.224.254.208 - - [04/Apr/2024:10:39:28 +0800] "GET /favicon.ico HTTP/1.1" 404 -
116.224.254.208 - - [04/Apr/2024:10:39:29 +0800] "POST /xingrg/all/common/load_tree.html?tree=area_rest_tree_json&manage=1 HTTP/1.1" 200 476
116.224.254.208 - - [04/Apr/2024:10:39:29 +0800] "POST /xingrg/load_menu.html HTTP/1.1" 200 5138
116.224.254.208 - - [04/Apr/2024:10:39:29 +0800] "GET /xingrg/check_reg.html?_=1712198368856 HTTP/1.1" 200 22
116.224.254.208 - - [04/Apr/2024:10:39:29 +0800] "GET /xingrg/all/function/internal_message.html?_=1712198368855&CODE_STATE=count HTTP/1.1" 200 11
101.83.144.49 - - [04/Apr/2024:10:39:29 +0800] "GET /xingrg/all/function/internal_message.html?_=1712198369648&CODE_STATE=getMsg HTTP/1.1" 200 27
222.70.172.175 - - [04/Apr/2024:10:39:30 +0800] "GET /xingrg/all/function/internal_message.html?_=1712198381956&CODE_STATE=getMsg HTTP/1.1" 302 -
172.20.0.100 - - [04/Apr/2024:10:39:30 +0800] "GET /xingrg/all/function/internal_message.html?_=1712198369987&CODE_STATE=getMsg HTTP/1.1" 200 27
116.224.254.208 - - [04/Apr/2024:10:39:32 +0800] "POST /xingrg/all/user/operate.html HTTP/1.1" 200 36
116.224.254.208 - - [04/Apr/2024:10:39:32 +0800] "GET /xingrg/index.html?sysBaseUrl=http%3A%2F%2F180.169.147.146%3A18081%2Fxingrg%2F&costTime=1016×tamp=1712198368694 HTTP/1.1" 200 17177
116.224.254.208 - - [04/Apr/2024:10:39:32 +0800] "GET /xingrg/javascript/jquery_easy_ui/themes/default/easyui.css HTTP/1.1" 304 -
116.224.254.208 - - [04/Apr/2024:10:39:32 +0800] "GET /xingrg/javascript/jquery_easy_ui/themes/icon.css HTTP/1.1" 304 -
116.224.254.208 - - [04/Apr/2024:10:39:32 +0800] "GET /xingrg/css/form.css HTTP/1.1" 304 -
116.224.254.208 - - [04/Apr/2024:10:39:32 +0800] "GET /xingrg/javascript/jquery-1.4.2.min.js HTTP/1.1" 304 -
116.224.254.208 - - [04/Apr/2024:10:39:32 +0800] "GET /xingrg/javascript/jquery_easy_ui/jquery.easyui.min.js HTTP/1.1" 304 -
116.224.254.208 - - [04/Apr/2024:10:39:32 +0800] "GET /xingrg/javascript/jquery_easy_ui/easyui-lang-zh_CN.js HTTP/1.1" 304 -
116.224.254.208 - - [04/Apr/2024:10:39:32 +0800] "GET /xingrg/javascript/jquery.form.js HTTP/1.1" 304 -
116.224.254.208 - - [04/Apr/2024:10:39:32 +0800] "GET /xingrg/javascript/jquery.utils.js HTTP/1.1" 304 -
116.224.254.208 - - [04/Apr/2024:10:39:32 +0800] "GET /xingrg/javascript/jquery.timers.js HTTP/1.1" 304 -
116.224.254.208 - - [04/Apr/2024:10:39:32 +0800] "GET /xingrg/images/blue/jxLogo.png HTTP/1.1" 304 -
116.224.254.208 - - [04/Apr/2024:10:39:32 +0800] "GET /xingrg/images/blue/navBackgound.jpg HTTP/1.1" 304 -
116.224.254.208 - - [04/Apr/2024:10:39:32 +0800] "GET /xingrg/javascript/jquery_easy_ui/themes/icons/settle_new.png HTTP/1.1" 304 -
116.224.254.208 - - [04/Apr/2024:10:39:32 +0800] "GET /xingrg/all/function/internal_message.html?_=1712198372719&CODE_STATE=count HTTP/1.1" 200 11
116.224.254.208 - - [04/Apr/2024:10:39:32 +0800] "GET /xingrg/check_reg.html?_=1712198372720 HTTP/1.1" 200 22
116.224.254.208 - - [04/Apr/2024:10:39:32 +0800] "GET /xingrg/javascript/jquery_easy_ui/themes/default/images/tabs_leftarrow.png HTTP/1.1" 304 -
116.224.254.208 - - [04/Apr/2024:10:39:32 +0800] "GET /xingrg/javascript/jquery_easy_ui/themes/default/images/panel_tool_collapse.gif HTTP/1.1" 304 -
116.224.254.208 - - [04/Apr/2024:10:39:33 +0800] "POST /xingrg/all/common/load_tree.html?tree=area_rest_tree_json&manage=1 HTTP/1.1" 200 476
116.224.254.208 - - [04/Apr/2024:10:39:33 +0800] "POST /xingrg/load_menu.html HTTP/1.1" 200 5138
116.224.254.208 - - [04/Apr/2024:10:39:33 +0800] "GET /xingrg/javascript/jquery_easy_ui/themes/icons/forms_new.png HTTP/1.1" 304 -
116.224.254.208 - - [04/Apr/2024:10:39:33 +0800] "GET /xingrg/javascript/jquery_easy_ui/themes/default/images/tree_folder.gif HTTP/1.1" 304 -
116.224.254.208 - - [04/Apr/2024:10:39:33 +0800] "GET /xingrg/javascript/jquery_easy_ui/themes/icons/search_new.png HTTP/1.1" 304 -
116.224.254.208 - - [04/Apr/2024:10:39:33 +0800] "GET /xingrg/javascript/jquery_easy_ui/themes/icons/storage_new.png HTTP/1.1" 304 -
116.224.254.208 - - [04/Apr/2024:10:39:33 +0800] "GET /xingrg/javascript/jquery_easy_ui/themes/default/images/tree_arrows.gif HTTP/1.1" 304 -
116.224.254.208 - - [04/Apr/2024:10:39:33 +0800] "GET /xingrg/javascript/jquery_easy_ui/themes/default/images/tree_file.gif HTTP/1.1" 304 -
116.224.254.208 - - [04/Apr/2024:10:39:33 +0800] "GET /xingrg/images/blue/pingpu.png HTTP/1.1" 304 -
116.224.254.208 - - [04/Apr/2024:10:39:33 +0800] "GET /xingrg/javascript/jquery_easy_ui/themes/default/images/tabs_rightarrow.png HTTP/1.1" 304 -
114.83.223.186 - - [04/Apr/2024:10:39:33 +0800] "GET /xingrg/all/function/internal_message.html?_=1712198370093&CODE_STATE=getMsg HTTP/1.1" 200 27
116.224.254.208 - - [04/Apr/2024:10:39:33 +0800] "GET /xingrg/javascript/jquery_easy_ui/themes/default/images/tree_folder_open.gif HTTP/1.1" 304 -
116.238.97.31 - - [04/Apr/2024:10:39:34 +0800] "GET /xingrg/all/function/internal_message.html?_=1712198374002&CODE_STATE=getMsg HTTP/1.1" 200 27
116.235.94.6 - - [04/Apr/2024:10:39:35 +0800] "GET /xingrg/all/function/internal_message.html?_=1712198402984&CODE_STATE=getMsg HTTP/1.1" 200 27
124.78.60.103 - - [04/Apr/2024:10:39:37 +0800] "GET /xingrg/kc/buy/cgsh_order_operate.html?command=get_materiel&rest_code=00141&code=00101008091&supplier_code=00100008&order_time=2024-04-04 HTTP/1.1" 200 412
180.169.147.146 - - [04/Apr/2024:10:39:37 +0800] "GET /xingrg/all/function/internal_message.html?_=1712198377740&CODE_STATE=getMsg HTTP/1.1" 200 27
116.224.254.208 - - [04/Apr/2024:10:39:38 +0800] "GET /xingrg/kc/buy/cgsh_order_list.html HTTP/1.1" 200 58009
116.224.254.208 - - [04/Apr/2024:10:39:38 +0800] "GET /xingrg/all/function/internal_message.html?_=1712198378742&CODE_STATE=getMsg HTTP/1.1" 200 27
116.224.254.208 - - [04/Apr/2024:10:39:40 +0800] "POST /xingrg/kc/buy/cgsh_list_operate.html HTTP/1.1" 200 645
180.164.1.25 - - [04/Apr/2024:10:39:40 +0800] "GET /xingrg/all/function/internal_message.html?_=1712198379846&CODE_STATE=getMsg HTTP/1.1" 200 27
180.169.147.146 - - [04/Apr/2024:10:39:41 +0800] "GET /xingrg/all/function/internal_message.html?_=1712198381512&CODE_STATE=getMsg HTTP/1.1" 200 27
116.224.254.208 - - [04/Apr/2024:10:39:42 +0800] "GET /xingrg/kc/buy/cgsh_order_add.html HTTP/1.1" 200 73390
116.224.254.208 - - [04/Apr/2024:10:39:42 +0800] "POST /xingrg/kc/buy/cgsh_order_operate.html HTTP/1.1" 200 8245
116.224.254.208 - - [04/Apr/2024:10:39:42 +0800] "GET /xingrg/javascript/easyui/themes/default/validatebox.css HTTP/1.1" 404 1104
116.224.254.208 - - [04/Apr/2024:10:39:42 +0800] "GET /xingrg/all/common/auto_word.html?type=employee&rest_code=00151 HTTP/1.1" 200 293
116.224.254.208 - - [04/Apr/2024:10:39:42 +0800] "GET /xingrg/all/common/auto_word.html?type=employee&rest_code=00151 HTTP/1.1" 200 293
222.70.172.175 - - [04/Apr/2024:10:39:45 +0800] "GET /xingrg/all/function/internal_message.html?_=1712198399564&CODE_STATE=getMsg HTTP/1.1" 200 27
116.224.254.208 - - [04/Apr/2024:10:39:46 +0800] "GET /xingrg/javascript/auto/indicator.gif HTTP/1.1" 404 1066
101.83.240.57 - - [04/Apr/2024:10:39:49 +0800] "GET /xingrg/all/function/internal_message.html?_=1712198390278&CODE_STATE=getMsg HTTP/1.1" 200 27
180.169.147.146 - - [04/Apr/2024:10:39:51 +0800] "GET /xingrg/check_reg.html?_=1712198391433 HTTP/1.1" 200 22
180.169.147.146 - - [04/Apr/2024:10:39:51 +0800] "GET /xingrg/all/function/internal_message.html?_=1712198391434&CODE_STATE=getMsg HTTP/1.1" 200 27
124.78.60.103 - - [04/Apr/2024:10:39:54 +0800] "GET /xingrg/kc/buy/cgsh_order_operate.html?command=get_materiel&rest_code=00141&code=00101008196&supplier_code=00100008&order_time=2024-04-04 HTTP/1.1" 200 416
120.253.135.82 - - [04/Apr/2024:10:39:55 +0800] "GET /xingrg/check_reg.html?_=1712198239153 HTTP/1.1" 200 22
61.170.232.36 - - [04/Apr/2024:10:39:57 +0800] "GET /xingrg/all/function/internal_message.html?_=1712198396562&CODE_STATE=getMsg HTTP/1.1" 200 27
180.163.28.143 - - [04/Apr/2024:10:39:57 +0800] "GET /xingrg/all/function/internal_message.html?_=1712198336589&CODE_STATE=getMsg HTTP/1.1" 302 -
61.170.232.36 - - [04/Apr/2024:10:39:57 +0800] "GET /xingrg/check_reg.html?_=1712198396660 HTTP/1.1" 200 22
180.163.28.143 - - [04/Apr/2024:10:39:57 +0800] "GET /xingrg/login.html HTTP/1.1" 200 7641
222.70.183.82 - - [04/Apr/2024:10:39:57 +0800] "GET /xingrg/all/function/internal_message.html?_=1712198395797&CODE_STATE=getMsg HTTP/1.1" 200 27
116.224.254.208 - - [04/Apr/2024:10:39:58 +0800] "GET /xingrg/kc/buy/cgsh_order_operate.html?command=get_materiel&rest_code=00151&code=00101029062&supplier_code=00100282&order_time=2024-04-04 HTTP/1.1" 200 444
116.238.97.31 - - [04/Apr/2024:10:39:58 +0800] "GET /xingrg/all/function/internal_message.html?_=1712198390061&CODE_STATE=getMsg HTTP/1.1" 200 27
124.78.60.103 - - [04/Apr/2024:10:40:00 +0800] "GET /xingrg/all/function/internal_message.html?_=1712198400529&CODE_STATE=getMsg HTTP/1.1" 200 27
180.169.147.146 - - [04/Apr/2024:10:40:00 +0800] "GET /xingrg/check_reg.html?_=1712198396190 HTTP/1.1" 200 22
180.169.147.146 - - [04/Apr/2024:10:40:00 +0800] "GET /xingrg/all/function/internal_message.html?_=1712198396193&CODE_STATE=getMsg HTTP/1.1" 200 27
116.238.97.31 - - [04/Apr/2024:10:40:01 +0800] "GET /xingrg/all/function/internal_message.html?_=1712198393506&CODE_STATE=getMsg HTTP/1.1" 200 27
116.232.194.112 - - [04/Apr/2024:10:40:03 +0800] "GET /xingrg/all/function/internal_message.html?_=1712198358589&CODE_STATE=getMsg HTTP/1.1" 200 27
124.78.60.103 - - [04/Apr/2024:10:40:04 +0800] "GET /xingrg/kc/buy/cgsh_order_operate.html?command=get_materiel&rest_code=00141&code=00101008264&supplier_code=00100008&order_time=2024-04-04 HTTP/1.1" 200 433
222.70.183.82 - - [04/Apr/2024:10:40:04 +0800] "GET /xingrg/all/function/internal_message.html?_=1712198442523&CODE_STATE=getMsg HTTP/1.1" 200 27
222.70.183.82 - - [04/Apr/2024:10:40:04 +0800] "GET /xingrg/check_reg.html?_=1712198442529 HTTP/1.1" 200 22
172.20.0.8 - - [04/Apr/2024:10:40:06 +0800] "GET /xingrg/all/function/internal_message.html?_=1712198406088&CODE_STATE=getMsg HTTP/1.1" 302 -
58.40.7.146 - - [04/Apr/2024:10:40:07 +0800] "GET /xingrg/check_reg.html?_=1712198407764 HTTP/1.1" 200 22
58.40.7.146 - - [04/Apr/2024:10:40:07 +0800] "GET /xingrg/all/function/internal_message.html?_=1712198407767&CODE_STATE=getMsg HTTP/1.1" 200 27
61.170.232.36 - - [04/Apr/2024:10:40:07 +0800] "GET /xingrg/check_reg.html?_=1712198407880 HTTP/1.1" 200 22
61.170.232.36 - - [04/Apr/2024:10:40:08 +0800] "GET /xingrg/all/function/internal_message.html?_=1712198408160&CODE_STATE=getMsg HTTP/1.1" 200 27
101.83.144.49 - - [04/Apr/2024:10:40:15 +0800] "GET /xingrg/all/function/internal_message.html?_=1712198576724&CODE_STATE=getMsg HTTP/1.1" 302 -
222.70.172.175 - - [04/Apr/2024:10:40:16 +0800] "GET /xingrg/check_reg.html?_=1712198427701 HTTP/1.1" 302 -
180.169.147.146 - - [04/Apr/2024:10:40:17 +0800] "POST /xingrg/all/user/operate.html HTTP/1.1" 200 36
116.224.254.208 - - [04/Apr/2024:10:40:17 +0800] "POST /xingrg/kc/buy/cgsh_order_operate.html HTTP/1.1" 200 37
124.78.60.103 - - [04/Apr/2024:10:40:17 +0800] "GET /xingrg/kc/buy/cgsh_order_operate.html?command=get_materiel&rest_code=00141&code=00101008271&supplier_code=00100008&order_time=2024-04-04 HTTP/1.1" 200 408
180.169.147.146 - - [04/Apr/2024:10:40:17 +0800] "GET /xingrg/index.html?sysBaseUrl=http%3A%2F%2F180.169.147.146%3A18081%2Fxingrg%2F&costTime=846×tamp=1712196312300 HTTP/1.1" 200 17509
180.169.147.146 - - [04/Apr/2024:10:40:17 +0800] "GET /xingrg/javascript/jquery_easy_ui/themes/default/easyui.css HTTP/1.1" 304 -
180.169.147.146 - - [04/Apr/2024:10:40:17 +0800] "GET /xingrg/javascript/jquery_easy_ui/themes/icon.css HTTP/1.1" 304 -
180.169.147.146 - - [04/Apr/2024:10:40:17 +0800] "GET /xingrg/css/form.css HTTP/1.1" 304 -
180.169.147.146 - - [04/Apr/2024:10:40:17 +0800] "GET /xingrg/javascript/jquery-1.4.2.min.js HTTP/1.1" 304 -
180.169.147.146 - - [04/Apr/2024:10:40:17 +0800] "GET /xingrg/javascript/jquery_easy_ui/jquery.easyui.min.js HTTP/1.1" 304 -
180.169.147.146 - - [04/Apr/2024:10:40:17 +0800] "GET /xingrg/javascript/jquery_easy_ui/easyui-lang-zh_CN.js HTTP/1.1" 304 -
180.169.147.146 - - [04/Apr/2024:10:40:17 +0800] "GET /xingrg/javascript/jquery.form.js HTTP/1.1" 304 -
180.169.147.146 - - [04/Apr/2024:10:40:17 +0800] "GET /xingrg/javascript/jquery.utils.js HTTP/1.1" 304 -
180.169.147.146 - - [04/Apr/2024:10:40:17 +0800] "GET /xingrg/javascript/jquery.timers.js HTTP/1.1" 304 -
180.169.147.146 - - [04/Apr/2024:10:40:17 +0800] "GET /xingrg/images/blue/jxLogo.png HTTP/1.1" 304 -
180.169.147.146 - - [04/Apr/2024:10:40:17 +0800] "GET /xingrg/images/blue/navBackgound.jpg HTTP/1.1" 304 -
180.169.147.146 - - [04/Apr/2024:10:40:17 +0800] "GET /xingrg/javascript/jquery_easy_ui/themes/icons/settle_new.png HTTP/1.1" 304 -
180.169.147.146 - - [04/Apr/2024:10:40:17 +0800] "GET /xingrg/all/function/internal_message.html?_=1712198413068&CODE_STATE=count HTTP/1.1" 200 11
180.169.147.146 - - [04/Apr/2024:10:40:17 +0800] "GET /xingrg/check_reg.html?_=1712198413069 HTTP/1.1" 200 22
180.169.147.146 - - [04/Apr/2024:10:40:17 +0800] "GET /xingrg/javascript/jquery_easy_ui/themes/default/images/tabs_rightarrow.png HTTP/1.1" 304 -
180.169.147.146 - - [04/Apr/2024:10:40:17 +0800] "GET /xingrg/javascript/jquery_easy_ui/themes/default/images/panel_tool_expand.gif HTTP/1.1" 304 -
180.169.147.146 - - [04/Apr/2024:10:40:17 +0800] "GET /xingrg/javascript/jquery_easy_ui/themes/default/images/panel_tool_collapse.gif HTTP/1.1" 304 -
180.169.147.146 - - [04/Apr/2024:10:40:17 +0800] "GET /xingrg/images/blue/pingpu.png HTTP/1.1" 304 -
180.169.147.146 - - [04/Apr/2024:10:40:17 +0800] "GET /xingrg/javascript/jquery_easy_ui/themes/default/images/tabs_leftarrow.png HTTP/1.1" 304 -
180.169.147.146 - - [04/Apr/2024:10:40:17 +0800] "POST /xingrg/all/common/load_tree.html?tree=area_rest_tree_json&manage=1 HTTP/1.1" 200 3624
180.169.147.146 - - [04/Apr/2024:10:40:17 +0800] "POST /xingrg/load_menu.html HTTP/1.1" 200 9959
172.20.0.100 - - [04/Apr/2024:10:40:26 +0800] "GET /xingrg/all/function/internal_message.html?_=1712198435973&CODE_STATE=getMsg HTTP/1.1" 302 -
116.224.254.208 - - [04/Apr/2024:10:40:26 +0800] "POST /xingrg/kc/buy/cgsh_order_operate.html HTTP/1.1" 200 12
101.83.144.49 - - [04/Apr/2024:10:40:26 +0800] "GET /xingrg/all/function/internal_message.html?_=1712198185993&CODE_STATE=getMsg HTTP/1.1" 200 27
116.224.254.208 - - [04/Apr/2024:10:40:26 +0800] "GET /xingrg/all/function/internal_message.html?_=1712198426250&CODE_STATE=getMsg HTTP/1.1" 200 27
114.85.113.46 - - [04/Apr/2024:10:40:26 +0800] "GET /xingrg/all/function/internal_message.html?_=1712198425553&CODE_STATE=getMsg HTTP/1.1" 200 27
124.78.60.103 - - [04/Apr/2024:10:40:26 +0800] "GET /xingrg/kc/buy/cgsh_order_operate.html?command=get_materiel&rest_code=00141&code=00101008004&supplier_code=00100008&order_time=2024-04-04 HTTP/1.1" 200 417
116.224.254.208 - - [04/Apr/2024:10:40:29 +0800] "GET /xingrg/kc/buy/cgsh_order_info.html?code=212024040400876 HTTP/1.1" 200 68314
116.224.254.208 - - [04/Apr/2024:10:40:29 +0800] "GET /xingrg/javascript/easyui/themes/default/validatebox.css HTTP/1.1" 404 1104
