124.78.60.103 - - [04/Apr/2024:08:56:01 +0800] "GET /xingrg/all/function/internal_message.html?_=1712192161669&CODE_STATE=getMsg HTTP/1.1" 200 27
180.164.1.25 - - [04/Apr/2024:08:56:02 +0800] "GET /xingrg/all/function/internal_message.html?_=1712192161684&CODE_STATE=getMsg HTTP/1.1" 200 27
172.20.0.8 - - [04/Apr/2024:08:56:06 +0800] "GET /xingrg/check_reg.html?_=1712192166130 HTTP/1.1" 302 -
172.20.0.8 - - [04/Apr/2024:08:56:06 +0800] "GET /xingrg/all/function/internal_message.html?_=1712192166163&CODE_STATE=getMsg HTTP/1.1" 302 -
101.83.144.49 - - [04/Apr/2024:08:56:11 +0800] "GET /xingrg/kc/buy/cgsh_order_operate.html?command=get_materiel&rest_code=00105&code=00101008415&supplier_code=00100008&order_time=2024-04-04 HTTP/1.1" 200 412
222.70.172.175 - - [04/Apr/2024:08:56:19 +0800] "GET /xingrg/all/function/internal_message.html?_=1712192193095&CODE_STATE=getMsg HTTP/1.1" 200 27
172.20.0.100 - - [04/Apr/2024:08:56:26 +0800] "GET /xingrg/all/function/internal_message.html?_=1712192195890&CODE_STATE=getMsg HTTP/1.1" 302 -
101.83.144.49 - - [04/Apr/2024:08:56:26 +0800] "GET /xingrg/all/function/internal_message.html?_=1712191945943&CODE_STATE=getMsg HTTP/1.1" 200 27
114.85.113.46 - - [04/Apr/2024:08:56:28 +0800] "GET /xingrg/all/function/internal_message.html?_=1712192187391&CODE_STATE=getMsg HTTP/1.1" 200 27
222.70.172.175 - - [04/Apr/2024:08:56:28 +0800] "GET /xingrg/all/function/internal_message.html?_=1712192200110&CODE_STATE=getMsg HTTP/1.1" 200 27
116.238.97.31 - - [04/Apr/2024:08:56:32 +0800] "GET /xingrg/all/function/internal_message.html?_=1712192192072&CODE_STATE=getMsg HTTP/1.1" 200 27
101.83.144.49 - - [04/Apr/2024:08:56:33 +0800] "GET /xingrg/kc/buy/cgsh_order_operate.html?command=get_materiel&rest_code=00105&code=00101008403&supplier_code=00100008&order_time=2024-04-04 HTTP/1.1" 200 412
116.224.254.208 - - [04/Apr/2024:08:56:38 +0800] "GET /xingrg/all/function/internal_message.html?_=1712192198755&CODE_STATE=getMsg HTTP/1.1" 200 27
180.169.147.146 - - [04/Apr/2024:08:56:39 +0800] "GET /xingrg/all/function/internal_message.html?_=1712192199474&CODE_STATE=getMsg HTTP/1.1" 200 27
180.169.147.146 - - [04/Apr/2024:08:56:41 +0800] "GET /xingrg/all/function/internal_message.html?_=1712192201503&CODE_STATE=getMsg HTTP/1.1" 302 -
101.83.144.49 - - [04/Apr/2024:08:56:48 +0800] "GET /xingrg/kc/buy/cgsh_order_operate.html?command=get_materiel&rest_code=00105&code=00101008096&supplier_code=00100008&order_time=2024-04-04 HTTP/1.1" 200 412
61.170.232.36 - - [04/Apr/2024:08:56:57 +0800] "GET /xingrg/all/function/internal_message.html?_=1712192216547&CODE_STATE=getMsg HTTP/1.1" 200 27
222.70.183.82 - - [04/Apr/2024:08:56:57 +0800] "GET /xingrg/all/function/internal_message.html?_=1712192215736&CODE_STATE=getMsg HTTP/1.1" 200 27
116.238.97.31 - - [04/Apr/2024:08:56:58 +0800] "GET /xingrg/all/function/internal_message.html?_=1712192209860&CODE_STATE=getMsg HTTP/1.1" 302 -
222.70.172.175 - - [04/Apr/2024:08:57:01 +0800] "GET /xingrg/check_reg.html?_=1712192234534 HTTP/1.1" 200 22
124.78.60.103 - - [04/Apr/2024:08:57:01 +0800] "GET /xingrg/all/function/internal_message.html?_=1712192221658&CODE_STATE=getMsg HTTP/1.1" 200 27
180.164.1.25 - - [04/Apr/2024:08:57:02 +0800] "GET /xingrg/all/function/internal_message.html?_=1712192221679&CODE_STATE=getMsg HTTP/1.1" 200 27
101.83.144.49 - - [04/Apr/2024:08:57:05 +0800] "GET /xingrg/kc/buy/cgsh_order_operate.html?command=get_materiel&rest_code=00105&code=00101008298&supplier_code=00100008&order_time=2024-04-04 HTTP/1.1" 200 432
172.20.0.8 - - [04/Apr/2024:08:57:06 +0800] "GET /xingrg/all/function/internal_message.html?_=1712192226163&CODE_STATE=getMsg HTTP/1.1" 302 -
222.70.183.82 - - [04/Apr/2024:08:57:18 +0800] "GET /xingrg/kc/buy/cgsh_order_add.html HTTP/1.1" 200 73736
222.70.183.82 - - [04/Apr/2024:08:57:18 +0800] "POST /xingrg/kc/buy/cgsh_order_operate.html HTTP/1.1" 200 8245
222.70.183.82 - - [04/Apr/2024:08:57:18 +0800] "GET /xingrg/javascript/easyui/themes/default/validatebox.css HTTP/1.1" 404 1104
222.70.172.175 - - [04/Apr/2024:08:57:19 +0800] "GET /xingrg/all/function/internal_message.html?_=1712192253109&CODE_STATE=getMsg HTTP/1.1" 200 27
101.83.144.49 - - [04/Apr/2024:08:57:25 +0800] "GET /xingrg/kc/buy/cgsh_order_operate.html?command=get_materiel&rest_code=00105&code=00101008353&supplier_code=00100008&order_time=2024-04-04 HTTP/1.1" 200 429
172.20.0.100 - - [04/Apr/2024:08:57:26 +0800] "GET /xingrg/all/function/internal_message.html?_=1712192255890&CODE_STATE=getMsg HTTP/1.1" 302 -
172.20.0.100 - - [04/Apr/2024:08:57:26 +0800] "GET /xingrg/check_reg.html?_=1712192255891 HTTP/1.1" 302 -
101.83.144.49 - - [04/Apr/2024:08:57:26 +0800] "GET /xingrg/all/function/internal_message.html?_=1712192005923&CODE_STATE=getMsg HTTP/1.1" 200 27
114.85.113.46 - - [04/Apr/2024:08:57:28 +0800] "GET /xingrg/all/function/internal_message.html?_=1712192247376&CODE_STATE=getMsg HTTP/1.1" 200 27
222.70.172.175 - - [04/Apr/2024:08:57:28 +0800] "GET /xingrg/all/function/internal_message.html?_=1712192260141&CODE_STATE=getMsg HTTP/1.1" 200 27
222.70.183.82 - - [04/Apr/2024:08:57:30 +0800] "GET /xingrg/kc/buy/cgsh_order_operate.html?command=get_materiel&rest_code=00111&code=00101006065&supplier_code=00100096&order_time=2024-04-04 HTTP/1.1" 200 409
116.238.97.31 - - [04/Apr/2024:08:57:32 +0800] "GET /xingrg/all/function/internal_message.html?_=1712192252055&CODE_STATE=getMsg HTTP/1.1" 200 27
116.238.97.31 - - [04/Apr/2024:08:57:32 +0800] "GET /xingrg/check_reg.html?_=1712192252401 HTTP/1.1" 200 22
116.224.254.208 - - [04/Apr/2024:08:57:38 +0800] "GET /xingrg/all/function/internal_message.html?_=1712192258764&CODE_STATE=getMsg HTTP/1.1" 200 27
116.224.254.208 - - [04/Apr/2024:08:57:38 +0800] "GET /xingrg/check_reg.html?_=1712192258766 HTTP/1.1" 200 22
180.169.147.146 - - [04/Apr/2024:08:57:39 +0800] "GET /xingrg/all/function/internal_message.html?_=1712192259458&CODE_STATE=getMsg HTTP/1.1" 200 27
180.169.147.146 - - [04/Apr/2024:08:57:41 +0800] "GET /xingrg/all/function/internal_message.html?_=1712192261497&CODE_STATE=getMsg HTTP/1.1" 302 -
222.70.183.82 - - [04/Apr/2024:08:57:44 +0800] "GET /xingrg/kc/buy/cgsh_order_operate.html?command=get_materiel&rest_code=00111&code=00101006111&supplier_code=00100096&order_time=2024-04-04 HTTP/1.1" 200 409
101.83.144.49 - - [04/Apr/2024:08:57:52 +0800] "GET /xingrg/kc/buy/cgsh_order_operate.html?command=get_materiel&rest_code=00105&code=00101008356&supplier_code=00100008&order_time=2024-04-04 HTTP/1.1" 200 428
61.170.232.36 - - [04/Apr/2024:08:57:57 +0800] "GET /xingrg/all/function/internal_message.html?_=1712192276555&CODE_STATE=getMsg HTTP/1.1" 200 27
222.70.183.82 - - [04/Apr/2024:08:57:57 +0800] "GET /xingrg/all/function/internal_message.html?_=1712192275716&CODE_STATE=getMsg HTTP/1.1" 200 27
116.238.97.31 - - [04/Apr/2024:08:57:58 +0800] "GET /xingrg/all/function/internal_message.html?_=1712192269874&CODE_STATE=getMsg HTTP/1.1" 302 -
222.70.183.82 - - [04/Apr/2024:08:57:58 +0800] "GET /xingrg/kc/buy/cgsh_order_operate.html?command=get_materiel&rest_code=00111&code=00101007075&supplier_code=00100096&order_time=2024-04-04 HTTP/1.1" 200 409
124.78.60.103 - - [04/Apr/2024:08:58:01 +0800] "GET /xingrg/all/function/internal_message.html?_=1712192281642&CODE_STATE=getMsg HTTP/1.1" 200 27
180.164.1.25 - - [04/Apr/2024:08:58:02 +0800] "GET /xingrg/all/function/internal_message.html?_=1712192281680&CODE_STATE=getMsg HTTP/1.1" 200 27
172.20.0.8 - - [04/Apr/2024:08:58:06 +0800] "GET /xingrg/all/function/internal_message.html?_=1712192286150&CODE_STATE=getMsg HTTP/1.1" 302 -
222.70.183.82 - - [04/Apr/2024:08:58:10 +0800] "GET /xingrg/kc/buy/cgsh_order_operate.html?command=get_materiel&rest_code=00111&code=00101007022&supplier_code=00100096&order_time=2024-04-04 HTTP/1.1" 200 415
101.83.144.49 - - [04/Apr/2024:08:58:11 +0800] "GET /xingrg/kc/buy/cgsh_order_operate.html?command=get_materiel&rest_code=00105&code=00101008300&supplier_code=00100008&order_time=2024-04-04 HTTP/1.1" 200 433
114.85.113.46 - - [04/Apr/2024:08:58:12 +0800] "GET /xingrg/check_reg.html?_=1712192291090 HTTP/1.1" 200 22
222.70.172.175 - - [04/Apr/2024:08:58:19 +0800] "GET /xingrg/all/function/internal_message.html?_=1712192313123&CODE_STATE=getMsg HTTP/1.1" 200 27
101.83.144.49 - - [04/Apr/2024:08:58:26 +0800] "GET /xingrg/check_reg.html?_=1712192065842 HTTP/1.1" 200 22
101.83.144.49 - - [04/Apr/2024:08:58:26 +0800] "GET /xingrg/all/function/internal_message.html?_=1712192065898&CODE_STATE=getMsg HTTP/1.1" 200 27
172.20.0.100 - - [04/Apr/2024:08:58:26 +0800] "GET /xingrg/all/function/internal_message.html?_=1712192315889&CODE_STATE=getMsg HTTP/1.1" 302 -
114.85.113.46 - - [04/Apr/2024:08:58:28 +0800] "GET /xingrg/all/function/internal_message.html?_=1712192307359&CODE_STATE=getMsg HTTP/1.1" 200 27
101.83.144.49 - - [04/Apr/2024:08:58:28 +0800] "GET /xingrg/kc/buy/cgsh_order_operate.html?command=get_materiel&rest_code=00105&code=00101008137&supplier_code=00100008&order_time=2024-04-04 HTTP/1.1" 200 408
222.70.172.175 - - [04/Apr/2024:08:58:28 +0800] "GET /xingrg/all/function/internal_message.html?_=1712192320153&CODE_STATE=getMsg HTTP/1.1" 200 27
222.70.172.175 - - [04/Apr/2024:08:58:32 +0800] "GET /xingrg/kc/buy/cgsh_order_add.html HTTP/1.1" 200 73780
116.238.97.31 - - [04/Apr/2024:08:58:32 +0800] "GET /xingrg/all/function/internal_message.html?_=1712192312032&CODE_STATE=getMsg HTTP/1.1" 200 27
222.70.172.175 - - [04/Apr/2024:08:58:33 +0800] "POST /xingrg/kc/buy/cgsh_order_operate.html HTTP/1.1" 200 8245
222.70.172.175 - - [04/Apr/2024:08:58:33 +0800] "GET /xingrg/javascript/easyui/themes/default/validatebox.css HTTP/1.1" 404 1104
222.70.183.82 - - [04/Apr/2024:08:58:36 +0800] "POST /xingrg/kc/buy/cgsh_order_operate.html HTTP/1.1" 200 37
124.78.60.103 - - [04/Apr/2024:08:58:37 +0800] "GET /xingrg/check_reg.html?_=1712192317512 HTTP/1.1" 200 22
116.224.254.208 - - [04/Apr/2024:08:58:38 +0800] "GET /xingrg/all/function/internal_message.html?_=1712192318763&CODE_STATE=getMsg HTTP/1.1" 200 27
180.169.147.146 - - [04/Apr/2024:08:58:39 +0800] "GET /xingrg/all/function/internal_message.html?_=1712192319441&CODE_STATE=getMsg HTTP/1.1" 200 27
180.169.147.146 - - [04/Apr/2024:08:58:41 +0800] "GET /xingrg/all/function/internal_message.html?_=1712192321506&CODE_STATE=getMsg HTTP/1.1" 302 -
222.70.172.175 - - [04/Apr/2024:08:58:43 +0800] "GET /xingrg/kc/buy/buy_main.html HTTP/1.1" 200 12412
222.70.172.175 - - [04/Apr/2024:08:58:43 +0800] "GET /xingrg/css/blue.css HTTP/1.1" 304 -
222.70.172.175 - - [04/Apr/2024:08:58:43 +0800] "GET /xingrg/javascript/ToolTips.js HTTP/1.1" 304 -
222.70.172.175 - - [04/Apr/2024:08:58:43 +0800] "GET /xingrg/css/new_ie.css HTTP/1.1" 404 1036
222.70.172.175 - - [04/Apr/2024:08:58:43 +0800] "GET /xingrg/javascript/jquery_ui/themes/humanity/humanity.css HTTP/1.1" 304 -
222.70.172.175 - - [04/Apr/2024:08:58:43 +0800] "GET /xingrg/javascript/jquery_easy_ui/themes/icon.css HTTP/1.1" 304 -
222.70.172.175 - - [04/Apr/2024:08:58:43 +0800] "GET /xingrg/javascript/myfunction.js HTTP/1.1" 304 -
222.70.172.175 - - [04/Apr/2024:08:58:43 +0800] "GET /xingrg/javascript/jquery_ui/jquery-ui.min.js HTTP/1.1" 304 -
222.70.172.175 - - [04/Apr/2024:08:58:43 +0800] "GET /xingrg/javascript/jquery_easy_ui/themes/default/easyui.css HTTP/1.1" 304 -
222.70.172.175 - - [04/Apr/2024:08:58:43 +0800] "GET /xingrg/javascript/jquery-1.4.2.min.js HTTP/1.1" 304 -
222.70.172.175 - - [04/Apr/2024:08:58:43 +0800] "GET /xingrg/images/blue/button/cgydd.gif HTTP/1.1" 304 -
222.70.172.175 - - [04/Apr/2024:08:58:43 +0800] "GET /xingrg/images/blue/button/cgfkd.gif HTTP/1.1" 304 -
222.70.172.175 - - [04/Apr/2024:08:58:43 +0800] "GET /xingrg/images/blue/button/cgshd.gif HTTP/1.1" 304 -
222.70.172.175 - - [04/Apr/2024:08:58:43 +0800] "GET /xingrg/images/blue/button/ckthd.gif HTTP/1.1" 304 -
222.70.172.175 - - [04/Apr/2024:08:58:43 +0800] "GET /xingrg/images/blue/button/cgxqd.gif HTTP/1.1" 304 -
222.70.172.175 - - [04/Apr/2024:08:58:43 +0800] "GET /xingrg/javascript/jquery_ui/themes/humanity/images/ui-bg_inset-soft_100_f4f0ec_1x100.png HTTP/1.1" 304 -
222.70.172.175 - - [04/Apr/2024:08:58:43 +0800] "GET /xingrg/images/blue/button/down_ah.jpg HTTP/1.1" 304 -
222.70.172.175 - - [04/Apr/2024:08:58:43 +0800] "GET /xingrg/javascript/jquery_ui/themes/humanity/images/ui-iconsnew.jpg HTTP/1.1" 304 -
222.70.172.175 - - [04/Apr/2024:08:58:43 +0800] "GET /xingrg/javascript/jquery_ui/themes/humanity/images/ui-icons_ffffff_256x240.png HTTP/1.1" 304 -
222.70.172.175 - - [04/Apr/2024:08:58:43 +0800] "GET /xingrg/javascript/jquery_ui/themes/humanity/images/ui-icons_c47a23_256x240.png HTTP/1.1" 304 -
222.70.172.175 - - [04/Apr/2024:08:58:43 +0800] "GET /xingrg/javascript/jquery_ui/themes/humanity/images/ui-bg_glass_70_ede4d4_1x400.png HTTP/1.1" 304 -
222.70.183.82 - - [04/Apr/2024:08:58:44 +0800] "POST /xingrg/kc/buy/cgsh_order_operate.html HTTP/1.1" 200 12
222.70.172.175 - - [04/Apr/2024:08:58:44 +0800] "GET /xingrg/images/yd/bt.gif HTTP/1.1" 404 1040
222.70.172.175 - - [04/Apr/2024:08:58:45 +0800] "GET /xingrg/kc/buy/cgsh_order_list.html HTTP/1.1" 200 58011
101.83.144.49 - - [04/Apr/2024:08:58:46 +0800] "GET /xingrg/kc/buy/cgsh_order_operate.html?command=get_materiel&rest_code=00105&code=00101008172&supplier_code=00100008&order_time=2024-04-04 HTTP/1.1" 200 412
222.70.183.82 - - [04/Apr/2024:08:58:49 +0800] "GET /xingrg/kc/buy/cgsh_order_info.html?code=212024040400834 HTTP/1.1" 200 68635
222.70.183.82 - - [04/Apr/2024:08:58:50 +0800] "GET /xingrg/javascript/easyui/themes/default/validatebox.css HTTP/1.1" 404 1104
222.70.172.175 - - [04/Apr/2024:08:58:51 +0800] "POST /xingrg/kc/buy/cgsh_list_operate.html HTTP/1.1" 200 1387
222.70.183.82 - - [04/Apr/2024:08:58:51 +0800] "POST /xingrg/kc/buy/cgsh_order_operate.html HTTP/1.1" 200 2380
180.169.147.146 - - [04/Apr/2024:08:58:51 +0800] "GET /xingrg/check_reg.html?_=1712192331720 HTTP/1.1" 200 22
222.70.172.175 - - [04/Apr/2024:08:58:53 +0800] "POST /xingrg/kc/buy/cgsh_list_operate.html HTTP/1.1" 200 564
222.70.172.175 - - [04/Apr/2024:08:58:56 +0800] "GET /xingrg/kc/buy/cgsh_order_info.html?code=212024040400831 HTTP/1.1" 200 73789
222.70.172.175 - - [04/Apr/2024:08:58:56 +0800] "GET /xingrg/javascript/easyui/themes/default/validatebox.css HTTP/1.1" 404 1104
61.170.232.36 - - [04/Apr/2024:08:58:57 +0800] "GET /xingrg/all/function/internal_message.html?_=1712192336558&CODE_STATE=getMsg HTTP/1.1" 200 27
222.70.183.82 - - [04/Apr/2024:08:58:57 +0800] "GET /xingrg/all/function/internal_message.html?_=1712192335693&CODE_STATE=getMsg HTTP/1.1" 200 27
222.70.172.175 - - [04/Apr/2024:08:58:57 +0800] "POST /xingrg/kc/buy/cgsh_order_operate.html HTTP/1.1" 200 16868
116.238.97.31 - - [04/Apr/2024:08:58:58 +0800] "GET /xingrg/all/function/internal_message.html?_=1712192329874&CODE_STATE=getMsg HTTP/1.1" 302 -
101.83.144.49 - - [04/Apr/2024:08:59:00 +0800] "GET /xingrg/kc/buy/cgsh_order_operate.html?command=get_materiel&rest_code=00105&code=00101008027&supplier_code=00100008&order_time=2024-04-04 HTTP/1.1" 200 408
124.78.60.103 - - [04/Apr/2024:08:59:01 +0800] "GET /xingrg/all/function/internal_message.html?_=1712192341633&CODE_STATE=getMsg HTTP/1.1" 200 27
180.164.1.25 - - [04/Apr/2024:08:59:02 +0800] "GET /xingrg/all/function/internal_message.html?_=1712192341668&CODE_STATE=getMsg HTTP/1.1" 200 27
180.164.1.25 - - [04/Apr/2024:08:59:02 +0800] "GET /xingrg/check_reg.html?_=1712192341671 HTTP/1.1" 200 22
172.20.0.8 - - [04/Apr/2024:08:59:06 +0800] "GET /xingrg/all/function/internal_message.html?_=1712192346151&CODE_STATE=getMsg HTTP/1.1" 302 -
222.70.172.175 - - [04/Apr/2024:08:59:19 +0800] "POST /xingrg/kc/buy/cgsh_order_operate.html HTTP/1.1" 200 37
222.70.183.82 - - [04/Apr/2024:08:59:19 +0800] "GET /xingrg/kc/print/load_data.html?order_code=212024040400834&kc_code=cgsh&condition= HTTP/1.1" 200 1348
101.83.144.49 - - [04/Apr/2024:08:59:20 +0800] "GET /xingrg/kc/buy/cgsh_order_operate.html?command=get_materiel&rest_code=00105&code=00101008285&supplier_code=00100008&order_time=2024-04-04 HTTP/1.1" 200 413
222.70.172.175 - - [04/Apr/2024:08:59:22 +0800] "POST /xingrg/kc/buy/cgsh_order_operate.html HTTP/1.1" 200 16868
101.83.144.49 - - [04/Apr/2024:08:59:26 +0800] "GET /xingrg/all/function/internal_message.html?_=1712192125875&CODE_STATE=getMsg HTTP/1.1" 200 27
172.20.0.100 - - [04/Apr/2024:08:59:26 +0800] "GET /xingrg/all/function/internal_message.html?_=1712192375903&CODE_STATE=getMsg HTTP/1.1" 302 -
114.85.113.46 - - [04/Apr/2024:08:59:28 +0800] "GET /xingrg/all/function/internal_message.html?_=1712192367329&CODE_STATE=getMsg HTTP/1.1" 200 27
222.70.172.175 - - [04/Apr/2024:08:59:28 +0800] "GET /xingrg/all/function/internal_message.html?_=1712192382028&CODE_STATE=getMsg HTTP/1.1" 200 27
222.70.172.175 - - [04/Apr/2024:08:59:28 +0800] "GET /xingrg/all/function/internal_message.html?_=1712192380182&CODE_STATE=getMsg HTTP/1.1" 200 27
222.70.172.175 - - [04/Apr/2024:08:59:29 +0800] "GET /xingrg/kc/buy/cgsh_order_add.html HTTP/1.1" 200 73780
222.70.172.175 - - [04/Apr/2024:08:59:29 +0800] "POST /xingrg/kc/buy/cgsh_order_operate.html HTTP/1.1" 200 8245
222.70.172.175 - - [04/Apr/2024:08:59:30 +0800] "GET /xingrg/javascript/easyui/themes/default/validatebox.css HTTP/1.1" 404 1104
116.238.97.31 - - [04/Apr/2024:08:59:32 +0800] "GET /xingrg/all/function/internal_message.html?_=1712192372014&CODE_STATE=getMsg HTTP/1.1" 200 27
116.224.254.208 - - [04/Apr/2024:08:59:38 +0800] "GET /xingrg/all/function/internal_message.html?_=1712192378760&CODE_STATE=getMsg HTTP/1.1" 200 27
180.169.147.146 - - [04/Apr/2024:08:59:39 +0800] "GET /xingrg/all/function/internal_message.html?_=1712192379411&CODE_STATE=getMsg HTTP/1.1" 200 27
180.169.147.146 - - [04/Apr/2024:08:59:41 +0800] "GET /xingrg/all/function/internal_message.html?_=1712192381499&CODE_STATE=getMsg HTTP/1.1" 302 -
101.83.144.49 - - [04/Apr/2024:08:59:42 +0800] "GET /xingrg/kc/buy/cgsh_order_operate.html?command=get_materiel&rest_code=00105&code=00101008296&supplier_code=00100008&order_time=2024-04-04 HTTP/1.1" 200 416
222.70.172.175 - - [04/Apr/2024:08:59:52 +0800] "GET /xingrg/kc/buy/cgsh_order_operate.html?command=get_materiel&rest_code=00146&code=00101007090&supplier_code=00100002&order_time=2024-04-04 HTTP/1.1" 200 413
61.170.232.36 - - [04/Apr/2024:08:59:57 +0800] "GET /xingrg/check_reg.html?_=1712192396566 HTTP/1.1" 200 22
61.170.232.36 - - [04/Apr/2024:08:59:57 +0800] "GET /xingrg/all/function/internal_message.html?_=1712192396561&CODE_STATE=getMsg HTTP/1.1" 200 27
222.70.183.82 - - [04/Apr/2024:08:59:57 +0800] "GET /xingrg/all/function/internal_message.html?_=1712192395677&CODE_STATE=getMsg HTTP/1.1" 200 27
116.238.97.31 - - [04/Apr/2024:08:59:58 +0800] "GET /xingrg/all/function/internal_message.html?_=1712192389872&CODE_STATE=getMsg HTTP/1.1" 302 -
124.78.60.103 - - [04/Apr/2024:09:00:01 +0800] "GET /xingrg/all/function/internal_message.html?_=1712192401617&CODE_STATE=getMsg HTTP/1.1" 200 27
180.164.1.25 - - [04/Apr/2024:09:00:02 +0800] "GET /xingrg/all/function/internal_message.html?_=1712192401684&CODE_STATE=getMsg HTTP/1.1" 200 27
101.83.144.49 - - [04/Apr/2024:09:00:04 +0800] "GET /xingrg/kc/buy/cgsh_order_operate.html?command=get_materiel&rest_code=00105&code=00101008297&supplier_code=00100008&order_time=2024-04-04 HTTP/1.1" 200 412
172.20.0.8 - - [04/Apr/2024:09:00:06 +0800] "GET /xingrg/all/function/internal_message.html?_=1712192406153&CODE_STATE=getMsg HTTP/1.1" 302 -
222.70.172.175 - - [04/Apr/2024:09:00:11 +0800] "POST /xingrg/kc/buy/cgsh_order_operate.html HTTP/1.1" 200 37
222.70.172.175 - - [04/Apr/2024:09:00:15 +0800] "POST /xingrg/kc/buy/cgsh_order_operate.html HTTP/1.1" 200 2661
222.70.172.175 - - [04/Apr/2024:09:00:16 +0800] "GET /xingrg/check_reg.html?_=1712192427466 HTTP/1.1" 200 22
101.83.144.49 - - [04/Apr/2024:09:00:22 +0800] "GET /xingrg/kc/buy/cgsh_order_operate.html?command=get_materiel&rest_code=00105&code=00101008003&supplier_code=00100008&order_time=2024-04-04 HTTP/1.1" 200 408
222.70.172.175 - - [04/Apr/2024:09:00:25 +0800] "GET /xingrg/kc/print/load_data.html?order_code=212024040400835&kc_code=cgsh&condition= HTTP/1.1" 200 750
101.83.144.49 - - [04/Apr/2024:09:00:26 +0800] "GET /xingrg/all/function/internal_message.html?_=1712192185888&CODE_STATE=getMsg HTTP/1.1" 200 27
172.20.0.100 - - [04/Apr/2024:09:00:26 +0800] "GET /xingrg/all/function/internal_message.html?_=1712192435901&CODE_STATE=getMsg HTTP/1.1" 302 -
101.83.144.49 - - [04/Apr/2024:09:00:26 +0800] "POST /xingrg/kc/buy/cgsh_order_operate.html HTTP/1.1" 200 2065
114.85.113.46 - - [04/Apr/2024:09:00:28 +0800] "GET /xingrg/all/function/internal_message.html?_=1712192427317&CODE_STATE=getMsg HTTP/1.1" 200 27
222.70.172.175 - - [04/Apr/2024:09:00:28 +0800] "GET /xingrg/all/function/internal_message.html?_=1712192442211&CODE_STATE=getMsg HTTP/1.1" 200 27
222.70.172.175 - - [04/Apr/2024:09:00:28 +0800] "GET /xingrg/all/function/internal_message.html?_=1712192440196&CODE_STATE=getMsg HTTP/1.1" 200 27
116.238.97.31 - - [04/Apr/2024:09:00:32 +0800] "GET /xingrg/all/function/internal_message.html?_=1712192432001&CODE_STATE=getMsg HTTP/1.1" 200 27
116.224.254.208 - - [04/Apr/2024:09:00:38 +0800] "GET /xingrg/all/function/internal_message.html?_=1712192438746&CODE_STATE=getMsg HTTP/1.1" 200 27
180.169.147.146 - - [04/Apr/2024:09:00:39 +0800] "GET /xingrg/all/function/internal_message.html?_=1712192439395&CODE_STATE=getMsg HTTP/1.1" 200 27
180.169.147.146 - - [04/Apr/2024:09:00:41 +0800] "GET /xingrg/all/function/internal_message.html?_=1712192441510&CODE_STATE=getMsg HTTP/1.1" 302 -
180.169.147.146 - - [04/Apr/2024:09:00:41 +0800] "GET /xingrg/check_reg.html?_=1712192441511 HTTP/1.1" 302 -
101.83.144.49 - - [04/Apr/2024:09:00:42 +0800] "GET /xingrg/kc/buy/cgsh_order_operate.html?command=get_materiel&rest_code=00105&code=00101009155&supplier_code=00100008&order_time=2024-04-04 HTTP/1.1" 200 416
101.83.144.49 - - [04/Apr/2024:09:00:55 +0800] "POST /xingrg/kc/buy/cgsh_order_operate.html HTTP/1.1" 200 37
61.170.232.36 - - [04/Apr/2024:09:00:57 +0800] "GET /xingrg/all/function/internal_message.html?_=1712192456552&CODE_STATE=getMsg HTTP/1.1" 200 27
222.70.183.82 - - [04/Apr/2024:09:00:57 +0800] "GET /xingrg/check_reg.html?_=1712192455642 HTTP/1.1" 200 22
222.70.183.82 - - [04/Apr/2024:09:00:57 +0800] "GET /xingrg/all/function/internal_message.html?_=1712192455646&CODE_STATE=getMsg HTTP/1.1" 200 27
116.238.97.31 - - [04/Apr/2024:09:00:58 +0800] "GET /xingrg/all/function/internal_message.html?_=1712192449870&CODE_STATE=getMsg HTTP/1.1" 302 -
116.238.97.31 - - [04/Apr/2024:09:00:58 +0800] "GET /xingrg/check_reg.html?_=1712192449872 HTTP/1.1" 302 -
101.83.144.49 - - [04/Apr/2024:09:00:59 +0800] "POST /xingrg/kc/buy/cgsh_order_operate.html HTTP/1.1" 200 13889
116.224.254.208 - - [04/Apr/2024:09:00:59 +0800] "GET /xingrg/login.html HTTP/1.1" 200 7641
116.224.254.208 - - [04/Apr/2024:09:01:00 +0800] "GET /xingrg/images/blue/jxLogo.png HTTP/1.1" 304 -
116.224.254.208 - - [04/Apr/2024:09:01:00 +0800] "GET /xingrg/images/blue/login_bg.png HTTP/1.1" 304 -
116.224.254.208 - - [04/Apr/2024:09:01:00 +0800] "GET /xingrg/images/blue/hj.png HTTP/1.1" 304 -
116.224.254.208 - - [04/Apr/2024:09:01:00 +0800] "GET /xingrg/images/blue/srbg.png HTTP/1.1" 304 -
116.224.254.208 - - [04/Apr/2024:09:01:00 +0800] "GET /favicon.ico HTTP/1.1" 404 -
116.232.194.112 - - [04/Apr/2024:09:01:01 +0800] "GET /xingrg/index.html?sysBaseUrl=http%3A%2F%2F180.169.147.146%3A18081%2Fxingrg%2F&costTime=1779×tamp=1684631389383 HTTP/1.1" 302 -
124.78.60.103 - - [04/Apr/2024:09:01:01 +0800] "GET /xingrg/all/function/internal_message.html?_=1712192461599&CODE_STATE=getMsg HTTP/1.1" 200 27
116.232.194.112 - - [04/Apr/2024:09:01:01 +0800] "GET /xingrg/login.html HTTP/1.1" 200 7641
116.232.194.112 - - [04/Apr/2024:09:01:02 +0800] "GET /favicon.ico HTTP/1.1" 404 -
180.164.1.25 - - [04/Apr/2024:09:01:02 +0800] "GET /xingrg/all/function/internal_message.html?_=1712192461686&CODE_STATE=getMsg HTTP/1.1" 200 27
116.224.254.208 - - [04/Apr/2024:09:01:03 +0800] "POST /xingrg/login.do HTTP/1.1" 302 -
116.224.254.208 - - [04/Apr/2024:09:01:03 +0800] "GET /xingrg/index.html?sysBaseUrl=http%3A%2F%2F180.169.147.146%3A18081%2Fxingrg%2F&costTime=835×tamp=1712192463248 HTTP/1.1" 200 17179
116.224.254.208 - - [04/Apr/2024:09:01:03 +0800] "GET /xingrg/javascript/jquery_easy_ui/themes/default/easyui.css HTTP/1.1" 304 -
116.224.254.208 - - [04/Apr/2024:09:01:03 +0800] "GET /xingrg/javascript/jquery_easy_ui/themes/icon.css HTTP/1.1" 304 -
116.224.254.208 - - [04/Apr/2024:09:01:03 +0800] "GET /xingrg/css/form.css HTTP/1.1" 304 -
116.224.254.208 - - [04/Apr/2024:09:01:03 +0800] "GET /xingrg/javascript/jquery-1.4.2.min.js HTTP/1.1" 304 -
116.224.254.208 - - [04/Apr/2024:09:01:03 +0800] "GET /favicon.ico HTTP/1.1" 404 -
116.224.254.208 - - [04/Apr/2024:09:01:03 +0800] "GET /xingrg/javascript/jquery_easy_ui/jquery.easyui.min.js HTTP/1.1" 304 -
116.224.254.208 - - [04/Apr/2024:09:01:03 +0800] "GET /xingrg/javascript/jquery_easy_ui/easyui-lang-zh_CN.js HTTP/1.1" 304 -
116.224.254.208 - - [04/Apr/2024:09:01:03 +0800] "GET /xingrg/javascript/jquery.form.js HTTP/1.1" 304 -
116.224.254.208 - - [04/Apr/2024:09:01:03 +0800] "GET /xingrg/javascript/jquery.utils.js HTTP/1.1" 304 -
116.224.254.208 - - [04/Apr/2024:09:01:03 +0800] "GET /xingrg/javascript/jquery.timers.js HTTP/1.1" 304 -
116.224.254.208 - - [04/Apr/2024:09:01:03 +0800] "GET /xingrg/javascript/jquery_easy_ui/themes/icons/settle_new.png HTTP/1.1" 304 -
116.224.254.208 - - [04/Apr/2024:09:01:03 +0800] "GET /xingrg/images/blue/navBackgound.jpg HTTP/1.1" 304 -
116.224.254.208 - - [04/Apr/2024:09:01:04 +0800] "GET /xingrg/all/function/internal_message.html?_=1712192463630&CODE_STATE=count HTTP/1.1" 200 11
116.224.254.208 - - [04/Apr/2024:09:01:04 +0800] "GET /xingrg/check_reg.html?_=1712192463630 HTTP/1.1" 200 22
116.224.254.208 - - [04/Apr/2024:09:01:04 +0800] "GET /xingrg/images/blue/pingpu.png HTTP/1.1" 304 -
116.224.254.208 - - [04/Apr/2024:09:01:04 +0800] "GET /xingrg/javascript/jquery_easy_ui/themes/default/images/tabs_leftarrow.png HTTP/1.1" 304 -
116.224.254.208 - - [04/Apr/2024:09:01:04 +0800] "GET /xingrg/javascript/jquery_easy_ui/themes/default/images/tabs_rightarrow.png HTTP/1.1" 304 -
116.224.254.208 - - [04/Apr/2024:09:01:04 +0800] "GET /xingrg/javascript/jquery_easy_ui/themes/default/images/panel_tool_collapse.gif HTTP/1.1" 304 -
116.224.254.208 - - [04/Apr/2024:09:01:04 +0800] "POST /xingrg/all/common/load_tree.html?tree=area_rest_tree_json&manage=1 HTTP/1.1" 200 476
116.224.254.208 - - [04/Apr/2024:09:01:04 +0800] "POST /xingrg/load_menu.html HTTP/1.1" 200 5138
116.224.254.208 - - [04/Apr/2024:09:01:04 +0800] "GET /xingrg/javascript/jquery_easy_ui/themes/default/images/tree_arrows.gif HTTP/1.1" 304 -
116.224.254.208 - - [04/Apr/2024:09:01:04 +0800] "GET /xingrg/javascript/jquery_easy_ui/themes/default/images/tree_folder_open.gif HTTP/1.1" 304 -
116.224.254.208 - - [04/Apr/2024:09:01:04 +0800] "GET /xingrg/javascript/jquery_easy_ui/themes/default/images/tree_folder.gif HTTP/1.1" 304 -
116.224.254.208 - - [04/Apr/2024:09:01:04 +0800] "GET /xingrg/javascript/jquery_easy_ui/themes/icons/search_new.png HTTP/1.1" 304 -
116.224.254.208 - - [04/Apr/2024:09:01:04 +0800] "GET /xingrg/javascript/jquery_easy_ui/themes/icons/storage_new.png HTTP/1.1" 304 -
116.224.254.208 - - [04/Apr/2024:09:01:04 +0800] "GET /xingrg/javascript/jquery_easy_ui/themes/icons/forms_new.png HTTP/1.1" 304 -
116.224.254.208 - - [04/Apr/2024:09:01:04 +0800] "GET /xingrg/javascript/jquery_easy_ui/themes/default/images/tree_file.gif HTTP/1.1" 304 -
172.20.0.8 - - [04/Apr/2024:09:01:06 +0800] "GET /xingrg/check_reg.html?_=1712192466123 HTTP/1.1" 302 -
172.20.0.8 - - [04/Apr/2024:09:01:06 +0800] "GET /xingrg/all/function/internal_message.html?_=1712192466156&CODE_STATE=getMsg HTTP/1.1" 302 -
116.224.254.208 - - [04/Apr/2024:09:01:06 +0800] "GET /xingrg/javascript/jquery_easy_ui/themes/default/images/tabs_close.gif HTTP/1.1" 304 -
116.224.254.208 - - [04/Apr/2024:09:01:07 +0800] "GET /xingrg/kc/buy/cgsh_order_list.html HTTP/1.1" 200 58011
116.224.254.208 - - [04/Apr/2024:09:01:07 +0800] "GET /xingrg/css/base.css HTTP/1.1" 304 -
116.224.254.208 - - [04/Apr/2024:09:01:07 +0800] "GET /xingrg/css/site.css HTTP/1.1" 304 -
116.224.254.208 - - [04/Apr/2024:09:01:07 +0800] "GET /xingrg/javascript/jquery_tools/datebox.css HTTP/1.1" 304 -
116.224.254.208 - - [04/Apr/2024:09:01:07 +0800] "GET /xingrg/javascript/easyui/themes/default/easyui.css HTTP/1.1" 304 -
116.224.254.208 - - [04/Apr/2024:09:01:07 +0800] "GET /xingrg/javascript/easyui/themes/icon.css HTTP/1.1" 304 -
116.224.254.208 - - [04/Apr/2024:09:01:07 +0800] "GET /xingrg/javascript/auto/jquery.autocomplete.css HTTP/1.1" 304 -
116.224.254.208 - - [04/Apr/2024:09:01:07 +0800] "GET /xingrg/javascript/jquery_tools/fix.css HTTP/1.1" 304 -
116.224.254.208 - - [04/Apr/2024:09:01:07 +0800] "GET /xingrg/javascript/jquery_tools/table.css HTTP/1.1" 304 -
116.224.254.208 - - [04/Apr/2024:09:01:07 +0800] "GET /xingrg/javascript/jquery_tools/jquery.tools.min.js HTTP/1.1" 304 -
116.224.254.208 - - [04/Apr/2024:09:01:07 +0800] "GET /xingrg/javascript/jquery_tools/jquery.tools.extend.js HTTP/1.1" 304 -
116.224.254.208 - - [04/Apr/2024:09:01:07 +0800] "GET /xingrg/javascript/jquery_tools/jquery.tools.hotkey.js HTTP/1.1" 304 -
116.224.254.208 - - [04/Apr/2024:09:01:07 +0800] "GET /xingrg/javascript/jquery_tools/jquery.tools.table.js HTTP/1.1" 304 -
116.224.254.208 - - [04/Apr/2024:09:01:07 +0800] "GET /xingrg/javascript/jquery_tools/list_manager.js HTTP/1.1" 304 -
116.224.254.208 - - [04/Apr/2024:09:01:07 +0800] "GET /xingrg/javascript/auto/jquery.autocomplete.js HTTP/1.1" 304 -
116.224.254.208 - - [04/Apr/2024:09:01:07 +0800] "GET /xingrg/javascript/easyui/easyloader.js HTTP/1.1" 304 -
116.224.254.208 - - [04/Apr/2024:09:01:07 +0800] "GET /xingrg/javascript/jquery.cookie.js HTTP/1.1" 304 -
116.224.254.208 - - [04/Apr/2024:09:01:07 +0800] "GET /xingrg/javascript/print/LodopFuncs.js HTTP/1.1" 304 -
116.224.254.208 - - [04/Apr/2024:09:01:07 +0800] "GET /xingrg/javascript/easyui/themes/icons/edit_add_new.png HTTP/1.1" 304 -
116.224.254.208 - - [04/Apr/2024:09:01:07 +0800] "GET /xingrg/javascript/easyui/themes/icons/cance_new.png HTTP/1.1" 304 -
116.224.254.208 - - [04/Apr/2024:09:01:07 +0800] "GET /xingrg/javascript/easyui/themes/icons/check_new.png HTTP/1.1" 304 -
116.224.254.208 - - [04/Apr/2024:09:01:07 +0800] "GET /xingrg/javascript/easyui/themes/icons/field_new.png HTTP/1.1" 304 -
116.224.254.208 - - [04/Apr/2024:09:01:07 +0800] "GET /xingrg/javascript/easyui/themes/icons/import_new.png HTTP/1.1" 304 -
116.224.254.208 - - [04/Apr/2024:09:01:07 +0800] "GET /xingrg/javascript/easyui/plugins/jquery.parser.js HTTP/1.1" 304 -
116.224.254.208 - - [04/Apr/2024:09:01:07 +0800] "GET /xingrg/images/control/ajaxLoader.gif HTTP/1.1" 304 -
116.224.254.208 - - [04/Apr/2024:09:01:09 +0800] "POST /xingrg/kc/buy/cgsh_list_operate.html HTTP/1.1" 200 645
116.224.254.208 - - [04/Apr/2024:09:01:12 +0800] "GET /xingrg/javascript/easyui/themes/default/images/button_plain_hover.png HTTP/1.1" 304 -
116.224.254.208 - - [04/Apr/2024:09:01:13 +0800] "GET /xingrg/kc/buy/cgsh_order_add.html HTTP/1.1" 200 73842
116.224.254.208 - - [04/Apr/2024:09:01:13 +0800] "GET /xingrg/javascript/pic_change.js HTTP/1.1" 304 -
116.224.254.208 - - [04/Apr/2024:09:01:13 +0800] "GET /xingrg/javascript/jquery_tools/order_manager.js HTTP/1.1" 304 -
116.224.254.208 - - [04/Apr/2024:09:01:13 +0800] "GET /xingrg/javascript/convert.js HTTP/1.1" 304 -
116.224.254.208 - - [04/Apr/2024:09:01:13 +0800] "GET /xingrg/javascript/json2.js HTTP/1.1" 304 -
116.224.254.208 - - [04/Apr/2024:09:01:13 +0800] "GET /xingrg/javascript/print/kc_print.js HTTP/1.1" 304 -
116.224.254.208 - - [04/Apr/2024:09:01:13 +0800] "GET /xingrg/words/20240403113927_words.js HTTP/1.1" 200 1016715
116.224.254.208 - - [04/Apr/2024:09:01:13 +0800] "GET /xingrg/javascript/easyui/themes/icons/copy_new.png HTTP/1.1" 304 -
116.224.254.208 - - [04/Apr/2024:09:01:13 +0800] "GET /xingrg/javascript/easyui/themes/icons/template_new.png HTTP/1.1" 304 -
116.224.254.208 - - [04/Apr/2024:09:01:13 +0800] "GET /xingrg/javascript/easyui/themes/icons/ok.png HTTP/1.1" 304 -
116.224.254.208 - - [04/Apr/2024:09:01:13 +0800] "GET /xingrg/javascript/easyui/themes/icons/print.png HTTP/1.1" 304 -
116.224.254.208 - - [04/Apr/2024:09:01:13 +0800] "GET /xingrg/javascript/easyui/themes/default/images/menu_downarrow.png HTTP/1.1" 304 -
116.224.254.208 - - [04/Apr/2024:09:01:13 +0800] "GET /xingrg/javascript/easyui/themes/icons/cancel.png HTTP/1.1" 304 -
116.224.254.208 - - [04/Apr/2024:09:01:13 +0800] "POST /xingrg/kc/buy/cgsh_order_operate.html HTTP/1.1" 200 8245
116.224.254.208 - - [04/Apr/2024:09:01:13 +0800] "GET /xingrg/javascript/easyui/themes/default/validatebox.css HTTP/1.1" 404 1104
116.224.254.208 - - [04/Apr/2024:09:01:13 +0800] "GET /xingrg/all/common/auto_word.html?type=employee&rest_code=00150 HTTP/1.1" 200 159
116.224.254.208 - - [04/Apr/2024:09:01:13 +0800] "GET /xingrg/javascript/easyui/plugins/jquery.validatebox.js HTTP/1.1" 304 -
116.224.254.208 - - [04/Apr/2024:09:01:13 +0800] "GET /xingrg/all/common/auto_word.html?type=employee&rest_code=00150 HTTP/1.1" 200 159
116.224.254.208 - - [04/Apr/2024:09:01:13 +0800] "GET /xingrg/javascript/easyui/themes/icons/edit_remove.png HTTP/1.1" 304 -
116.224.254.208 - - [04/Apr/2024:09:01:14 +0800] "GET /xingrg/javascript/easyui/plugins/jquery.numberbox.js HTTP/1.1" 304 -
222.70.172.175 - - [04/Apr/2024:09:01:14 +0800] "GET /xingrg/kc/buy/cgsh_order_add.html HTTP/1.1" 200 73780
222.70.172.175 - - [04/Apr/2024:09:01:15 +0800] "POST /xingrg/kc/buy/cgsh_order_operate.html HTTP/1.1" 200 8245
222.70.172.175 - - [04/Apr/2024:09:01:15 +0800] "GET /xingrg/javascript/easyui/themes/default/validatebox.css HTTP/1.1" 404 1104
116.224.254.208 - - [04/Apr/2024:09:01:17 +0800] "GET /xingrg/javascript/auto/indicator.gif HTTP/1.1" 404 1066
116.224.254.208 - - [04/Apr/2024:09:01:24 +0800] "GET /xingrg/kc/buy/cgsh_order_operate.html?command=get_materiel&rest_code=00150&code=00101012025&supplier_code=00100096&order_time=2024-04-04 HTTP/1.1" 200 412
101.83.144.49 - - [04/Apr/2024:09:01:26 +0800] "GET /xingrg/all/function/internal_message.html?_=1712192245860&CODE_STATE=getMsg HTTP/1.1" 200 27
172.20.0.100 - - [04/Apr/2024:09:01:26 +0800] "GET /xingrg/all/function/internal_message.html?_=1712192495899&CODE_STATE=getMsg HTTP/1.1" 302 -
114.85.113.46 - - [04/Apr/2024:09:01:28 +0800] "GET /xingrg/all/function/internal_message.html?_=1712192487301&CODE_STATE=getMsg HTTP/1.1" 200 27
222.70.172.175 - - [04/Apr/2024:09:01:28 +0800] "GET /xingrg/all/function/internal_message.html?_=1712192502211&CODE_STATE=getMsg HTTP/1.1" 200 27
101.83.144.49 - - [04/Apr/2024:09:01:28 +0800] "GET /xingrg/kc/buy/cgsh_order_operate.html?command=get_materiel&rest_code=00105&code=00101008215&supplier_code=00100008&order_time=2024-04-04 HTTP/1.1" 200 413
222.70.172.175 - - [04/Apr/2024:09:01:28 +0800] "GET /xingrg/all/function/internal_message.html?_=1712192500217&CODE_STATE=getMsg HTTP/1.1" 200 27
116.238.97.31 - - [04/Apr/2024:09:01:32 +0800] "GET /xingrg/all/function/internal_message.html?_=1712192491995&CODE_STATE=getMsg HTTP/1.1" 200 27
222.70.172.175 - - [04/Apr/2024:09:01:32 +0800] "GET /xingrg/kc/buy/cgsh_order_operate.html?command=get_materiel&rest_code=00146&code=00101010161&supplier_code=00100041&order_time=2024-04-04 HTTP/1.1" 200 408
116.224.254.208 - - [04/Apr/2024:09:01:34 +0800] "GET /xingrg/kc/buy/cgsh_order_operate.html?command=get_materiel&rest_code=00150&code=00101012030&supplier_code=00100096&order_time=2024-04-04 HTTP/1.1" 200 416
116.224.254.208 - - [04/Apr/2024:09:01:38 +0800] "GET /xingrg/all/function/internal_message.html?_=1712192498753&CODE_STATE=getMsg HTTP/1.1" 200 27
180.169.147.146 - - [04/Apr/2024:09:01:38 +0800] "GET /xingrg/all/function/internal_message.html?_=1712192499378&CODE_STATE=getMsg HTTP/1.1" 200 27
180.169.147.146 - - [04/Apr/2024:09:01:41 +0800] "GET /xingrg/all/function/internal_message.html?_=1712192501509&CODE_STATE=getMsg HTTP/1.1" 302 -
116.232.194.112 - - [04/Apr/2024:09:01:42 +0800] "POST /xingrg/login.do HTTP/1.1" 302 -
116.232.194.112 - - [04/Apr/2024:09:01:42 +0800] "GET /xingrg/index.html?sysBaseUrl=http%3A%2F%2F180.169.147.146%3A18081%2Fxingrg%2F&costTime=832×tamp=1712192502669 HTTP/1.1" 200 17179
116.232.194.112 - - [04/Apr/2024:09:01:42 +0800] "GET /favicon.ico HTTP/1.1" 404 -
116.232.194.112 - - [04/Apr/2024:09:01:43 +0800] "POST /xingrg/all/common/load_tree.html?tree=area_rest_tree_json&manage=1 HTTP/1.1" 200 351
116.232.194.112 - - [04/Apr/2024:09:01:43 +0800] "GET /xingrg/check_reg.html?_=1712192458646 HTTP/1.1" 200 22
116.232.194.112 - - [04/Apr/2024:09:01:43 +0800] "GET /xingrg/all/function/internal_message.html?_=1712192458645&CODE_STATE=count HTTP/1.1" 200 11
116.232.194.112 - - [04/Apr/2024:09:01:43 +0800] "POST /xingrg/load_menu.html HTTP/1.1" 200 5138
116.232.194.112 - - [04/Apr/2024:09:01:46 +0800] "GET /xingrg/kc/buy/buy_main.html HTTP/1.1" 200 12412
116.232.194.112 - - [04/Apr/2024:09:01:46 +0800] "GET /xingrg/css/new_ie.css HTTP/1.1" 404 1036
116.232.194.112 - - [04/Apr/2024:09:01:47 +0800] "GET /xingrg/images/yd/bt.gif HTTP/1.1" 404 1040
101.83.144.49 - - [04/Apr/2024:09:01:49 +0800] "GET /xingrg/kc/buy/cgsh_order_operate.html?command=get_materiel&rest_code=00105&code=00101008223&supplier_code=00100008&order_time=2024-04-04 HTTP/1.1" 200 412
116.232.194.112 - - [04/Apr/2024:09:01:49 +0800] "GET /xingrg/kc/buy/cgsh_order_list.html HTTP/1.1" 200 8212
116.232.194.112 - - [04/Apr/2024:09:01:49 +0800] "GET /xingrg/kc/buy/cgsh_order_list.html HTTP/1.1" 200 58011
116.232.194.112 - - [04/Apr/2024:09:01:52 +0800] "POST /xingrg/kc/buy/cgsh_list_operate.html HTTP/1.1" 200 645
116.224.254.208 - - [04/Apr/2024:09:01:56 +0800] "GET /xingrg/kc/buy/cgsh_order_operate.html?command=get_materiel&rest_code=00150&code=00101016010&supplier_code=00100096&order_time=2024-04-04 HTTP/1.1" 200 408
61.170.232.36 - - [04/Apr/2024:09:01:57 +0800] "GET /xingrg/all/function/internal_message.html?_=1712192516556&CODE_STATE=getMsg HTTP/1.1" 200 27
222.70.183.82 - - [04/Apr/2024:09:01:57 +0800] "GET /xingrg/all/function/internal_message.html?_=1712192515645&CODE_STATE=getMsg HTTP/1.1" 200 27
116.238.97.31 - - [04/Apr/2024:09:01:58 +0800] "GET /xingrg/all/function/internal_message.html?_=1712192509884&CODE_STATE=getMsg HTTP/1.1" 302 -
222.70.172.175 - - [04/Apr/2024:09:02:01 +0800] "GET /xingrg/check_reg.html?_=1712192534594 HTTP/1.1" 200 22
124.78.60.103 - - [04/Apr/2024:09:02:01 +0800] "GET /xingrg/all/function/internal_message.html?_=1712192521576&CODE_STATE=getMsg HTTP/1.1" 200 27
180.164.1.25 - - [04/Apr/2024:09:02:02 +0800] "GET /xingrg/all/function/internal_message.html?_=1712192521683&CODE_STATE=getMsg HTTP/1.1" 200 27
222.70.172.175 - - [04/Apr/2024:09:02:03 +0800] "GET /xingrg/kc/buy/cgsh_order_operate.html?command=get_materiel&rest_code=00146&code=00101001032&supplier_code=00100041&order_time=2024-04-04 HTTP/1.1" 200 415
116.224.254.208 - - [04/Apr/2024:09:02:04 +0800] "GET /xingrg/all/function/internal_message.html?_=1712192523623&CODE_STATE=getMsg HTTP/1.1" 200 27
101.83.144.49 - - [04/Apr/2024:09:02:04 +0800] "GET /xingrg/kc/buy/cgsh_order_operate.html?command=get_materiel&rest_code=00105&code=00101008168&supplier_code=00100008&order_time=2024-04-04 HTTP/1.1" 200 412
172.20.0.8 - - [04/Apr/2024:09:02:06 +0800] "GET /xingrg/all/function/internal_message.html?_=1712192526157&CODE_STATE=getMsg HTTP/1.1" 302 -
116.224.254.208 - - [04/Apr/2024:09:02:20 +0800] "GET /xingrg/kc/buy/cgsh_order_operate.html?command=get_materiel&rest_code=00150&code=00101006240&supplier_code=00100096&order_time=2024-04-04 HTTP/1.1" 200 424
101.83.144.49 - - [04/Apr/2024:09:02:26 +0800] "GET /xingrg/kc/buy/cgsh_order_operate.html?command=get_materiel&rest_code=00105&code=00101008350&supplier_code=00100008&order_time=2024-04-04 HTTP/1.1" 200 408
101.83.144.49 - - [04/Apr/2024:09:02:26 +0800] "GET /xingrg/all/function/internal_message.html?_=1712192305842&CODE_STATE=getMsg HTTP/1.1" 200 27
172.20.0.100 - - [04/Apr/2024:09:02:26 +0800] "GET /xingrg/check_reg.html?_=1712192555898 HTTP/1.1" 302 -
172.20.0.100 - - [04/Apr/2024:09:02:26 +0800] "GET /xingrg/all/function/internal_message.html?_=1712192555899&CODE_STATE=getMsg HTTP/1.1" 302 -
114.85.113.46 - - [04/Apr/2024:09:02:28 +0800] "GET /xingrg/all/function/internal_message.html?_=1712192547290&CODE_STATE=getMsg HTTP/1.1" 200 27
222.70.172.175 - - [04/Apr/2024:09:02:28 +0800] "GET /xingrg/all/function/internal_message.html?_=1712192562225&CODE_STATE=getMsg HTTP/1.1" 200 27
222.70.172.175 - - [04/Apr/2024:09:02:28 +0800] "GET /xingrg/all/function/internal_message.html?_=1712192560230&CODE_STATE=getMsg HTTP/1.1" 200 27
101.83.144.49 - - [04/Apr/2024:09:02:29 +0800] "POST /xingrg/kc/buy/cgsh_order_operate.html HTTP/1.1" 200 2065
116.238.97.31 - - [04/Apr/2024:09:02:32 +0800] "GET /xingrg/all/function/internal_message.html?_=1712192551979&CODE_STATE=getMsg HTTP/1.1" 200 27
116.238.97.31 - - [04/Apr/2024:09:02:32 +0800] "GET /xingrg/check_reg.html?_=1712192552376 HTTP/1.1" 200 22
222.70.172.175 - - [04/Apr/2024:09:02:34 +0800] "GET /xingrg/kc/buy/cgsh_order_operate.html?command=get_materiel&rest_code=00146&code=00101005037&supplier_code=00100041&order_time=2024-04-04 HTTP/1.1" 200 409
116.224.254.208 - - [04/Apr/2024:09:02:38 +0800] "GET /xingrg/kc/buy/cgsh_order_operate.html?command=get_materiel&rest_code=00150&code=00101006130&supplier_code=00100096&order_time=2024-04-04 HTTP/1.1" 200 437
116.224.254.208 - - [04/Apr/2024:09:02:38 +0800] "GET /xingrg/all/function/internal_message.html?_=1712192558768&CODE_STATE=getMsg HTTP/1.1" 200 27
116.224.254.208 - - [04/Apr/2024:09:02:38 +0800] "GET /xingrg/check_reg.html?_=1712192558769 HTTP/1.1" 200 22
180.169.147.146 - - [04/Apr/2024:09:02:38 +0800] "GET /xingrg/all/function/internal_message.html?_=1712192559362&CODE_STATE=getMsg HTTP/1.1" 200 27
180.169.147.146 - - [04/Apr/2024:09:02:41 +0800] "GET /xingrg/all/function/internal_message.html?_=1712192561510&CODE_STATE=getMsg HTTP/1.1" 302 -
116.232.194.112 - - [04/Apr/2024:09:02:41 +0800] "GET /xingrg/kc/buy/cgsh_order_add.html HTTP/1.1" 200 73874
116.232.194.112 - - [04/Apr/2024:09:02:42 +0800] "GET /xingrg/words/20240403113927_words.js HTTP/1.1" 304 -
116.232.194.112 - - [04/Apr/2024:09:02:42 +0800] "POST /xingrg/kc/buy/cgsh_order_operate.html HTTP/1.1" 200 8245
116.232.194.112 - - [04/Apr/2024:09:02:42 +0800] "GET /xingrg/javascript/easyui/themes/default/validatebox.css HTTP/1.1" 404 1104
116.232.194.112 - - [04/Apr/2024:09:02:42 +0800] "GET /xingrg/all/common/auto_word.html?type=employee&rest_code=00155 HTTP/1.1" 200 255
116.232.194.112 - - [04/Apr/2024:09:02:42 +0800] "GET /xingrg/all/common/auto_word.html?type=employee&rest_code=00155 HTTP/1.1" 200 255
116.232.194.112 - - [04/Apr/2024:09:02:43 +0800] "GET /xingrg/all/function/internal_message.html?_=1712192518656&CODE_STATE=getMsg HTTP/1.1" 200 27
222.70.172.175 - - [04/Apr/2024:09:02:51 +0800] "GET /xingrg/kc/buy/cgsh_order_operate.html?command=get_materiel&rest_code=00146&code=00101018011&supplier_code=00100041&order_time=2024-04-04 HTTP/1.1" 200 413
116.224.254.208 - - [04/Apr/2024:09:02:52 +0800] "GET /xingrg/kc/buy/cgsh_order_operate.html?command=get_materiel&rest_code=00150&code=00101006111&supplier_code=00100096&order_time=2024-04-04 HTTP/1.1" 200 411
61.170.232.36 - - [04/Apr/2024:09:02:57 +0800] "GET /xingrg/all/function/internal_message.html?_=1712192576558&CODE_STATE=getMsg HTTP/1.1" 200 27
222.70.183.82 - - [04/Apr/2024:09:02:57 +0800] "GET /xingrg/all/function/internal_message.html?_=1712192575644&CODE_STATE=getMsg HTTP/1.1" 200 27
116.238.97.31 - - [04/Apr/2024:09:02:58 +0800] "GET /xingrg/all/function/internal_message.html?_=1712192569889&CODE_STATE=getMsg HTTP/1.1" 302 -
124.78.60.103 - - [04/Apr/2024:09:03:01 +0800] "GET /xingrg/all/function/internal_message.html?_=1712192581551&CODE_STATE=getMsg HTTP/1.1" 200 27
180.164.1.25 - - [04/Apr/2024:09:03:02 +0800] "GET /xingrg/all/function/internal_message.html?_=1712192581685&CODE_STATE=getMsg HTTP/1.1" 200 27
116.224.254.208 - - [04/Apr/2024:09:03:04 +0800] "GET /xingrg/all/function/internal_message.html?_=1712192583639&CODE_STATE=getMsg HTTP/1.1" 200 27
172.20.0.8 - - [04/Apr/2024:09:03:06 +0800] "GET /xingrg/all/function/internal_message.html?_=1712192586158&CODE_STATE=getMsg HTTP/1.1" 302 -
116.224.254.208 - - [04/Apr/2024:09:03:06 +0800] "GET /xingrg/kc/buy/cgsh_order_operate.html?command=get_materiel&rest_code=00150&code=00101010711&supplier_code=00100096&order_time=2024-04-04 HTTP/1.1" 200 407
101.83.144.49 - - [04/Apr/2024:09:03:08 +0800] "GET /xingrg/kc/buy/cgsh_order_operate.html?command=get_materiel&rest_code=00105&code=00101008061&supplier_code=00100008&order_time=2024-04-04 HTTP/1.1" 200 422
114.85.113.46 - - [04/Apr/2024:09:03:12 +0800] "GET /xingrg/check_reg.html?_=1712192591113 HTTP/1.1" 200 22
116.224.254.208 - - [04/Apr/2024:09:03:19 +0800] "GET /xingrg/kc/buy/cgsh_order_operate.html?command=get_materiel&rest_code=00150&code=00101007181&supplier_code=00100096&order_time=2024-04-04 HTTP/1.1" 200 412
222.70.172.175 - - [04/Apr/2024:09:03:25 +0800] "GET /xingrg/kc/buy/cgsh_order_operate.html?command=get_materiel&rest_code=00146&code=00101001299&supplier_code=00100041&order_time=2024-04-04 HTTP/1.1" 200 413
101.83.144.49 - - [04/Apr/2024:09:03:25 +0800] "GET /xingrg/kc/buy/cgsh_order_operate.html?command=get_materiel&rest_code=00105&code=00101009004&supplier_code=00100008&order_time=2024-04-04 HTTP/1.1" 200 408
101.83.144.49 - - [04/Apr/2024:09:03:26 +0800] "GET /xingrg/check_reg.html?_=1712192365836 HTTP/1.1" 200 22
101.83.144.49 - - [04/Apr/2024:09:03:26 +0800] "GET /xingrg/all/function/internal_message.html?_=1712192365839&CODE_STATE=getMsg HTTP/1.1" 200 27
172.20.0.100 - - [04/Apr/2024:09:03:26 +0800] "GET /xingrg/all/function/internal_message.html?_=1712192615897&CODE_STATE=getMsg HTTP/1.1" 302 -
114.85.113.46 - - [04/Apr/2024:09:03:28 +0800] "GET /xingrg/all/function/internal_message.html?_=1712192607264&CODE_STATE=getMsg HTTP/1.1" 200 27
116.232.194.112 - - [04/Apr/2024:09:03:28 +0800] "GET /xingrg/javascript/auto/indicator.gif HTTP/1.1" 404 1066
222.70.172.175 - - [04/Apr/2024:09:03:28 +0800] "GET /xingrg/all/function/internal_message.html?_=1712192622238&CODE_STATE=getMsg HTTP/1.1" 200 27
222.70.172.175 - - [04/Apr/2024:09:03:28 +0800] "GET /xingrg/all/function/internal_message.html?_=1712192620237&CODE_STATE=getMsg HTTP/1.1" 200 27
116.232.194.112 - - [04/Apr/2024:09:03:31 +0800] "GET /xingrg/javascript/jquery_tools/images/next.gif HTTP/1.1" 404 1086
116.232.194.112 - - [04/Apr/2024:09:03:31 +0800] "GET /xingrg/javascript/jquery_tools/images/prev.gif HTTP/1.1" 404 1086
116.238.97.31 - - [04/Apr/2024:09:03:32 +0800] "GET /xingrg/all/function/internal_message.html?_=1712192611963&CODE_STATE=getMsg HTTP/1.1" 200 27
124.78.60.103 - - [04/Apr/2024:09:03:37 +0800] "GET /xingrg/check_reg.html?_=1712192617496 HTTP/1.1" 200 22
101.83.144.49 - - [04/Apr/2024:09:03:38 +0800] "GET /xingrg/kc/buy/cgsh_order_operate.html?command=get_materiel&rest_code=00105&code=00101009079&supplier_code=00100008&order_time=2024-04-04 HTTP/1.1" 200 409
116.224.254.208 - - [04/Apr/2024:09:03:38 +0800] "GET /xingrg/all/function/internal_message.html?_=1712192618763&CODE_STATE=getMsg HTTP/1.1" 200 27
180.169.147.146 - - [04/Apr/2024:09:03:38 +0800] "GET /xingrg/all/function/internal_message.html?_=1712192619346&CODE_STATE=getMsg HTTP/1.1" 200 27
180.169.147.146 - - [04/Apr/2024:09:03:41 +0800] "GET /xingrg/all/function/internal_message.html?_=1712192621503&CODE_STATE=getMsg HTTP/1.1" 302 -
116.224.254.208 - - [04/Apr/2024:09:03:43 +0800] "POST /xingrg/kc/buy/cgsh_order_operate.html HTTP/1.1" 200 37
116.232.194.112 - - [04/Apr/2024:09:03:43 +0800] "GET /xingrg/all/function/internal_message.html?_=1712192578651&CODE_STATE=getMsg HTTP/1.1" 200 27
116.232.194.112 - - [04/Apr/2024:09:03:49 +0800] "GET /xingrg/kc/buy/cgsh_order_operate.html?command=get_materiel&rest_code=00155&code=00101008049&supplier_code=00100005&order_time=2024-04-04 HTTP/1.1" 200 428
116.224.254.208 - - [04/Apr/2024:09:03:50 +0800] "POST /xingrg/kc/buy/cgsh_order_operate.html HTTP/1.1" 200 12
180.169.147.146 - - [04/Apr/2024:09:03:51 +0800] "GET /xingrg/check_reg.html?_=1712192631717 HTTP/1.1" 200 22
116.224.254.208 - - [04/Apr/2024:09:03:53 +0800] "GET /xingrg/kc/buy/cgsh_order_info.html?code=212024040400837 HTTP/1.1" 200 68739
116.224.254.208 - - [04/Apr/2024:09:03:53 +0800] "GET /xingrg/javascript/easyui/themes/default/validatebox.css HTTP/1.1" 404 1104
116.224.254.208 - - [04/Apr/2024:09:03:54 +0800] "POST /xingrg/kc/buy/cgsh_order_operate.html HTTP/1.1" 200 4791
116.224.254.208 - - [04/Apr/2024:09:03:55 +0800] "GET /xingrg/kc/print/load_config.html?kc_code=cgsh HTTP/1.1" 200 1927
116.224.254.208 - - [04/Apr/2024:09:03:56 +0800] "GET /xingrg/kc/print/load_data.html?order_code=212024040400837&kc_code=cgsh&condition= HTTP/1.1" 200 2316
61.170.232.36 - - [04/Apr/2024:09:03:57 +0800] "GET /xingrg/all/function/internal_message.html?_=1712192636561&CODE_STATE=getMsg HTTP/1.1" 200 27
222.70.183.82 - - [04/Apr/2024:09:03:57 +0800] "GET /xingrg/all/function/internal_message.html?_=1712192635642&CODE_STATE=getMsg HTTP/1.1" 200 27
101.83.144.49 - - [04/Apr/2024:09:03:58 +0800] "POST /xingrg/kc/buy/cgsh_order_operate.html HTTP/1.1" 200 2065
116.238.97.31 - - [04/Apr/2024:09:03:58 +0800] "GET /xingrg/all/function/internal_message.html?_=1712192629887&CODE_STATE=getMsg HTTP/1.1" 302 -
222.70.172.175 - - [04/Apr/2024:09:04:01 +0800] "POST /xingrg/kc/buy/cgsh_order_operate.html HTTP/1.1" 200 37
124.78.60.103 - - [04/Apr/2024:09:04:01 +0800] "GET /xingrg/all/function/internal_message.html?_=1712192641535&CODE_STATE=getMsg HTTP/1.1" 200 27
180.164.1.25 - - [04/Apr/2024:09:04:02 +0800] "GET /xingrg/check_reg.html?_=1712192641682 HTTP/1.1" 200 22
