120.253.135.82 - - [04/Apr/2024:09:40:26 +0800] "GET /xingrg/all/function/internal_message.html?_=1712194670675&CODE_STATE=getMsg HTTP/1.1" 200 27
114.85.113.46 - - [04/Apr/2024:09:40:27 +0800] "GET /xingrg/all/function/internal_message.html?_=1712194826586&CODE_STATE=getMsg HTTP/1.1" 200 27
101.83.144.49 - - [04/Apr/2024:09:40:29 +0800] "GET /xingrg/all/function/internal_message.html?_=1712194829537&CODE_STATE=getMsg HTTP/1.1" 200 27
222.70.172.175 - - [04/Apr/2024:09:40:29 +0800] "GET /xingrg/all/function/internal_message.html?_=1712194840902&CODE_STATE=getMsg HTTP/1.1" 302 -
172.20.0.100 - - [04/Apr/2024:09:40:30 +0800] "GET /xingrg/check_reg.html?_=1712194830002 HTTP/1.1" 200 22
172.20.0.100 - - [04/Apr/2024:09:40:30 +0800] "GET /xingrg/all/function/internal_message.html?_=1712194830005&CODE_STATE=getMsg HTTP/1.1" 200 27
114.83.223.186 - - [04/Apr/2024:09:40:34 +0800] "GET /xingrg/all/function/internal_message.html?_=1712194831248&CODE_STATE=getMsg HTTP/1.1" 200 27
116.238.97.31 - - [04/Apr/2024:09:40:34 +0800] "GET /xingrg/all/function/internal_message.html?_=1712194826376&CODE_STATE=getMsg HTTP/1.1" 200 27
116.238.97.31 - - [04/Apr/2024:09:40:35 +0800] "GET /xingrg/all/function/internal_message.html?_=1712194834946&CODE_STATE=getMsg HTTP/1.1" 200 27
114.83.223.186 - - [04/Apr/2024:09:40:38 +0800] "POST /xingrg/kc/buy/cgsh_order_operate.html HTTP/1.1" 200 37
180.169.147.146 - - [04/Apr/2024:09:40:38 +0800] "GET /xingrg/all/function/internal_message.html?_=1712194838732&CODE_STATE=getMsg HTTP/1.1" 200 27
116.224.254.208 - - [04/Apr/2024:09:40:38 +0800] "GET /xingrg/all/function/internal_message.html?_=1712194838740&CODE_STATE=getMsg HTTP/1.1" 200 27
180.164.1.25 - - [04/Apr/2024:09:40:40 +0800] "GET /xingrg/all/function/internal_message.html?_=1712194839864&CODE_STATE=getMsg HTTP/1.1" 200 27
180.169.147.146 - - [04/Apr/2024:09:40:41 +0800] "GET /xingrg/check_reg.html?_=1712194841502 HTTP/1.1" 302 -
180.169.147.146 - - [04/Apr/2024:09:40:41 +0800] "GET /xingrg/all/function/internal_message.html?_=1712194841503&CODE_STATE=getMsg HTTP/1.1" 302 -
222.70.172.175 - - [04/Apr/2024:09:40:43 +0800] "GET /xingrg/all/function/internal_message.html?_=1712194857328&CODE_STATE=getMsg HTTP/1.1" 200 27
114.83.223.186 - - [04/Apr/2024:09:40:45 +0800] "POST /xingrg/kc/buy/cgsh_order_operate.html HTTP/1.1" 200 12
180.169.147.146 - - [04/Apr/2024:09:40:47 +0800] "GET /xingrg/all/function/internal_message.html?_=1712194847354&CODE_STATE=getMsg HTTP/1.1" 200 27
114.83.223.186 - - [04/Apr/2024:09:40:48 +0800] "GET /xingrg/kc/buy/cgsh_order_info.html?code=212024040400860 HTTP/1.1" 200 68777
114.83.223.186 - - [04/Apr/2024:09:40:49 +0800] "GET /xingrg/javascript/easyui/themes/default/validatebox.css HTTP/1.1" 404 1104
101.83.240.57 - - [04/Apr/2024:09:40:49 +0800] "GET /xingrg/all/function/internal_message.html?_=1712194850143&CODE_STATE=getMsg HTTP/1.1" 200 27
114.83.223.186 - - [04/Apr/2024:09:40:50 +0800] "POST /xingrg/kc/buy/cgsh_order_operate.html HTTP/1.1" 200 1255
114.83.223.186 - - [04/Apr/2024:09:40:51 +0800] "GET /xingrg/kc/print/load_data.html?order_code=212024040400860&kc_code=cgsh&condition= HTTP/1.1" 200 987
61.170.232.36 - - [04/Apr/2024:09:40:57 +0800] "GET /xingrg/all/function/internal_message.html?_=1712194856587&CODE_STATE=getMsg HTTP/1.1" 200 27
222.70.183.82 - - [04/Apr/2024:09:40:57 +0800] "GET /xingrg/check_reg.html?_=1712194855699 HTTP/1.1" 200 22
222.70.183.82 - - [04/Apr/2024:09:40:57 +0800] "GET /xingrg/all/function/internal_message.html?_=1712194855702&CODE_STATE=getMsg HTTP/1.1" 200 27
114.83.223.186 - - [04/Apr/2024:09:40:58 +0800] "GET /xingrg/kc/buy/cgsh_order_add.html HTTP/1.1" 200 73874
116.238.97.31 - - [04/Apr/2024:09:40:58 +0800] "GET /xingrg/check_reg.html?_=1712194849947 HTTP/1.1" 200 22
116.238.97.31 - - [04/Apr/2024:09:40:58 +0800] "GET /xingrg/all/function/internal_message.html?_=1712194849948&CODE_STATE=getMsg HTTP/1.1" 200 27
114.83.223.186 - - [04/Apr/2024:09:40:58 +0800] "POST /xingrg/kc/buy/cgsh_order_operate.html HTTP/1.1" 200 8245
114.83.223.186 - - [04/Apr/2024:09:40:58 +0800] "GET /xingrg/javascript/easyui/themes/default/validatebox.css HTTP/1.1" 404 1104
124.78.60.103 - - [04/Apr/2024:09:41:01 +0800] "GET /xingrg/all/function/internal_message.html?_=1712194861340&CODE_STATE=getMsg HTTP/1.1" 200 27
116.232.194.112 - - [04/Apr/2024:09:41:04 +0800] "GET /xingrg/all/function/internal_message.html?_=1712194819659&CODE_STATE=getMsg HTTP/1.1" 200 27
172.20.0.8 - - [04/Apr/2024:09:41:06 +0800] "GET /xingrg/check_reg.html?_=1712194866103 HTTP/1.1" 302 -
172.20.0.8 - - [04/Apr/2024:09:41:06 +0800] "GET /xingrg/all/function/internal_message.html?_=1712194866136&CODE_STATE=getMsg HTTP/1.1" 302 -
58.40.7.146 - - [04/Apr/2024:09:41:07 +0800] "GET /xingrg/all/function/internal_message.html?_=1712194867745&CODE_STATE=getMsg HTTP/1.1" 200 27
172.20.0.100 - - [04/Apr/2024:09:41:26 +0800] "GET /xingrg/all/function/internal_message.html?_=1712194895921&CODE_STATE=getMsg HTTP/1.1" 302 -
101.83.144.49 - - [04/Apr/2024:09:41:26 +0800] "GET /xingrg/all/function/internal_message.html?_=1712194645894&CODE_STATE=getMsg HTTP/1.1" 200 27
116.224.254.208 - - [04/Apr/2024:09:41:26 +0800] "GET /xingrg/all/function/internal_message.html?_=1712194885956&CODE_STATE=getMsg HTTP/1.1" 200 27
120.253.135.82 - - [04/Apr/2024:09:41:26 +0800] "GET /xingrg/all/function/internal_message.html?_=1712194730719&CODE_STATE=getMsg HTTP/1.1" 200 27
114.85.113.46 - - [04/Apr/2024:09:41:27 +0800] "GET /xingrg/all/function/internal_message.html?_=1712194886577&CODE_STATE=getMsg HTTP/1.1" 200 27
101.83.144.49 - - [04/Apr/2024:09:41:29 +0800] "GET /xingrg/all/function/internal_message.html?_=1712194889546&CODE_STATE=getMsg HTTP/1.1" 200 27
101.83.144.49 - - [04/Apr/2024:09:41:29 +0800] "GET /xingrg/check_reg.html?_=1712194889549 HTTP/1.1" 200 22
222.70.172.175 - - [04/Apr/2024:09:41:29 +0800] "GET /xingrg/all/function/internal_message.html?_=1712194900915&CODE_STATE=getMsg HTTP/1.1" 302 -
172.20.0.100 - - [04/Apr/2024:09:41:30 +0800] "GET /xingrg/all/function/internal_message.html?_=1712194889992&CODE_STATE=getMsg HTTP/1.1" 200 27
114.83.223.186 - - [04/Apr/2024:09:41:34 +0800] "GET /xingrg/all/function/internal_message.html?_=1712194891221&CODE_STATE=getMsg HTTP/1.1" 200 27
116.238.97.31 - - [04/Apr/2024:09:41:34 +0800] "GET /xingrg/all/function/internal_message.html?_=1712194886355&CODE_STATE=getMsg HTTP/1.1" 200 27
116.238.97.31 - - [04/Apr/2024:09:41:35 +0800] "GET /xingrg/all/function/internal_message.html?_=1712194894940&CODE_STATE=getMsg HTTP/1.1" 200 27
180.169.147.146 - - [04/Apr/2024:09:41:38 +0800] "GET /xingrg/all/function/internal_message.html?_=1712194898715&CODE_STATE=getMsg HTTP/1.1" 200 27
116.224.254.208 - - [04/Apr/2024:09:41:38 +0800] "GET /xingrg/all/function/internal_message.html?_=1712194898748&CODE_STATE=getMsg HTTP/1.1" 200 27
180.164.1.25 - - [04/Apr/2024:09:41:40 +0800] "GET /xingrg/all/function/internal_message.html?_=1712194899855&CODE_STATE=getMsg HTTP/1.1" 200 27
180.169.147.146 - - [04/Apr/2024:09:41:41 +0800] "GET /xingrg/all/function/internal_message.html?_=1712194901504&CODE_STATE=getMsg HTTP/1.1" 302 -
222.70.172.175 - - [04/Apr/2024:09:41:43 +0800] "GET /xingrg/all/function/internal_message.html?_=1712194917408&CODE_STATE=getMsg HTTP/1.1" 200 27
180.169.147.146 - - [04/Apr/2024:09:41:47 +0800] "GET /xingrg/all/function/internal_message.html?_=1712194907345&CODE_STATE=getMsg HTTP/1.1" 200 27
101.83.240.57 - - [04/Apr/2024:09:41:49 +0800] "GET /xingrg/all/function/internal_message.html?_=1712194910141&CODE_STATE=getMsg HTTP/1.1" 200 27
61.170.232.36 - - [04/Apr/2024:09:41:57 +0800] "GET /xingrg/all/function/internal_message.html?_=1712194916600&CODE_STATE=getMsg HTTP/1.1" 200 27
222.70.183.82 - - [04/Apr/2024:09:41:57 +0800] "GET /xingrg/all/function/internal_message.html?_=1712194915702&CODE_STATE=getMsg HTTP/1.1" 200 27
116.238.97.31 - - [04/Apr/2024:09:41:58 +0800] "GET /xingrg/all/function/internal_message.html?_=1712194909945&CODE_STATE=getMsg HTTP/1.1" 200 27
124.78.60.103 - - [04/Apr/2024:09:42:01 +0800] "GET /xingrg/all/function/internal_message.html?_=1712194921327&CODE_STATE=getMsg HTTP/1.1" 200 27
116.232.194.112 - - [04/Apr/2024:09:42:04 +0800] "GET /xingrg/all/function/internal_message.html?_=1712194879647&CODE_STATE=getMsg HTTP/1.1" 200 27
172.20.0.8 - - [04/Apr/2024:09:42:06 +0800] "GET /xingrg/all/function/internal_message.html?_=1712194926138&CODE_STATE=getMsg HTTP/1.1" 302 -
58.40.7.146 - - [04/Apr/2024:09:42:07 +0800] "GET /xingrg/all/function/internal_message.html?_=1712194927747&CODE_STATE=getMsg HTTP/1.1" 200 27
172.20.0.100 - - [04/Apr/2024:09:42:26 +0800] "GET /xingrg/all/function/internal_message.html?_=1712194955945&CODE_STATE=getMsg HTTP/1.1" 302 -
172.20.0.100 - - [04/Apr/2024:09:42:26 +0800] "GET /xingrg/check_reg.html?_=1712194955946 HTTP/1.1" 302 -
101.83.144.49 - - [04/Apr/2024:09:42:26 +0800] "GET /xingrg/all/function/internal_message.html?_=1712194705921&CODE_STATE=getMsg HTTP/1.1" 200 27
116.224.254.208 - - [04/Apr/2024:09:42:26 +0800] "GET /xingrg/all/function/internal_message.html?_=1712194945949&CODE_STATE=getMsg HTTP/1.1" 200 27
116.224.254.208 - - [04/Apr/2024:09:42:26 +0800] "GET /xingrg/check_reg.html?_=1712194945951 HTTP/1.1" 200 22
120.253.135.82 - - [04/Apr/2024:09:42:26 +0800] "GET /xingrg/all/function/internal_message.html?_=1712194790733&CODE_STATE=getMsg HTTP/1.1" 200 27
114.85.113.46 - - [04/Apr/2024:09:42:27 +0800] "GET /xingrg/all/function/internal_message.html?_=1712194946550&CODE_STATE=getMsg HTTP/1.1" 200 27
101.83.144.49 - - [04/Apr/2024:09:42:29 +0800] "GET /xingrg/all/function/internal_message.html?_=1712194949568&CODE_STATE=getMsg HTTP/1.1" 200 27
222.70.172.175 - - [04/Apr/2024:09:42:29 +0800] "GET /xingrg/all/function/internal_message.html?_=1712194960922&CODE_STATE=getMsg HTTP/1.1" 302 -
172.20.0.100 - - [04/Apr/2024:09:42:30 +0800] "GET /xingrg/all/function/internal_message.html?_=1712194949990&CODE_STATE=getMsg HTTP/1.1" 200 27
114.83.223.186 - - [04/Apr/2024:09:42:32 +0800] "GET /xingrg/check_reg.html?_=1712194948918 HTTP/1.1" 200 22
116.238.97.31 - - [04/Apr/2024:09:42:32 +0800] "GET /xingrg/check_reg.html?_=1712194952245 HTTP/1.1" 200 22
114.83.223.186 - - [04/Apr/2024:09:42:34 +0800] "GET /xingrg/all/function/internal_message.html?_=1712194951198&CODE_STATE=getMsg HTTP/1.1" 200 27
116.238.97.31 - - [04/Apr/2024:09:42:34 +0800] "GET /xingrg/all/function/internal_message.html?_=1712194946339&CODE_STATE=getMsg HTTP/1.1" 200 27
116.238.97.31 - - [04/Apr/2024:09:42:35 +0800] "GET /xingrg/all/function/internal_message.html?_=1712194954925&CODE_STATE=getMsg HTTP/1.1" 200 27
180.169.147.146 - - [04/Apr/2024:09:42:38 +0800] "GET /xingrg/all/function/internal_message.html?_=1712194958699&CODE_STATE=getMsg HTTP/1.1" 200 27
116.224.254.208 - - [04/Apr/2024:09:42:38 +0800] "GET /xingrg/all/function/internal_message.html?_=1712194958740&CODE_STATE=getMsg HTTP/1.1" 200 27
116.224.254.208 - - [04/Apr/2024:09:42:38 +0800] "GET /xingrg/check_reg.html?_=1712194958743 HTTP/1.1" 200 22
180.164.1.25 - - [04/Apr/2024:09:42:40 +0800] "GET /xingrg/all/function/internal_message.html?_=1712194959854&CODE_STATE=getMsg HTTP/1.1" 200 27
180.169.147.146 - - [04/Apr/2024:09:42:41 +0800] "GET /xingrg/all/function/internal_message.html?_=1712194961506&CODE_STATE=getMsg HTTP/1.1" 302 -
222.70.172.175 - - [04/Apr/2024:09:42:43 +0800] "GET /xingrg/all/function/internal_message.html?_=1712194977418&CODE_STATE=getMsg HTTP/1.1" 200 27
180.169.147.146 - - [04/Apr/2024:09:42:47 +0800] "GET /xingrg/all/function/internal_message.html?_=1712194967353&CODE_STATE=getMsg HTTP/1.1" 200 27
101.83.240.57 - - [04/Apr/2024:09:42:49 +0800] "GET /xingrg/all/function/internal_message.html?_=1712194970137&CODE_STATE=getMsg HTTP/1.1" 200 27
61.170.232.36 - - [04/Apr/2024:09:42:57 +0800] "GET /xingrg/all/function/internal_message.html?_=1712194976603&CODE_STATE=getMsg HTTP/1.1" 200 27
222.70.183.82 - - [04/Apr/2024:09:42:57 +0800] "GET /xingrg/all/function/internal_message.html?_=1712194975701&CODE_STATE=getMsg HTTP/1.1" 200 27
116.238.97.31 - - [04/Apr/2024:09:42:58 +0800] "GET /xingrg/all/function/internal_message.html?_=1712194969943&CODE_STATE=getMsg HTTP/1.1" 200 27
124.78.60.103 - - [04/Apr/2024:09:43:01 +0800] "GET /xingrg/all/function/internal_message.html?_=1712194981304&CODE_STATE=getMsg HTTP/1.1" 200 27
116.232.194.112 - - [04/Apr/2024:09:43:04 +0800] "GET /xingrg/all/function/internal_message.html?_=1712194939626&CODE_STATE=getMsg HTTP/1.1" 200 27
172.20.0.8 - - [04/Apr/2024:09:43:06 +0800] "GET /xingrg/all/function/internal_message.html?_=1712194986138&CODE_STATE=getMsg HTTP/1.1" 302 -
58.40.7.146 - - [04/Apr/2024:09:43:07 +0800] "GET /xingrg/all/function/internal_message.html?_=1712194987752&CODE_STATE=getMsg HTTP/1.1" 200 27
114.85.113.46 - - [04/Apr/2024:09:43:12 +0800] "GET /xingrg/check_reg.html?_=1712194991187 HTTP/1.1" 200 22
172.20.0.100 - - [04/Apr/2024:09:43:26 +0800] "GET /xingrg/all/function/internal_message.html?_=1712195015944&CODE_STATE=getMsg HTTP/1.1" 302 -
101.83.144.49 - - [04/Apr/2024:09:43:26 +0800] "GET /xingrg/check_reg.html?_=1712194765920 HTTP/1.1" 200 22
101.83.144.49 - - [04/Apr/2024:09:43:26 +0800] "GET /xingrg/all/function/internal_message.html?_=1712194765924&CODE_STATE=getMsg HTTP/1.1" 200 27
120.253.135.82 - - [04/Apr/2024:09:43:26 +0800] "GET /xingrg/check_reg.html?_=1712194850370 HTTP/1.1" 200 22
116.224.254.208 - - [04/Apr/2024:09:43:26 +0800] "GET /xingrg/all/function/internal_message.html?_=1712195006003&CODE_STATE=getMsg HTTP/1.1" 200 27
120.253.135.82 - - [04/Apr/2024:09:43:26 +0800] "GET /xingrg/all/function/internal_message.html?_=1712194850747&CODE_STATE=getMsg HTTP/1.1" 200 27
114.85.113.46 - - [04/Apr/2024:09:43:27 +0800] "GET /xingrg/all/function/internal_message.html?_=1712195006539&CODE_STATE=getMsg HTTP/1.1" 200 27
101.83.144.49 - - [04/Apr/2024:09:43:29 +0800] "GET /xingrg/all/function/internal_message.html?_=1712195009583&CODE_STATE=getMsg HTTP/1.1" 200 27
222.70.172.175 - - [04/Apr/2024:09:43:29 +0800] "GET /xingrg/all/function/internal_message.html?_=1712195020945&CODE_STATE=getMsg HTTP/1.1" 302 -
172.20.0.100 - - [04/Apr/2024:09:43:30 +0800] "GET /xingrg/all/function/internal_message.html?_=1712195009988&CODE_STATE=getMsg HTTP/1.1" 200 27
114.83.223.186 - - [04/Apr/2024:09:43:34 +0800] "GET /xingrg/all/function/internal_message.html?_=1712195011184&CODE_STATE=getMsg HTTP/1.1" 200 27
116.238.97.31 - - [04/Apr/2024:09:43:34 +0800] "GET /xingrg/all/function/internal_message.html?_=1712195006323&CODE_STATE=getMsg HTTP/1.1" 200 27
116.238.97.31 - - [04/Apr/2024:09:43:34 +0800] "GET /xingrg/check_reg.html?_=1712195006401 HTTP/1.1" 200 22
116.238.97.31 - - [04/Apr/2024:09:43:35 +0800] "GET /xingrg/all/function/internal_message.html?_=1712195014910&CODE_STATE=getMsg HTTP/1.1" 200 27
124.78.60.103 - - [04/Apr/2024:09:43:37 +0800] "GET /xingrg/check_reg.html?_=1712195017339 HTTP/1.1" 200 22
180.169.147.146 - - [04/Apr/2024:09:43:38 +0800] "GET /xingrg/all/function/internal_message.html?_=1712195018683&CODE_STATE=getMsg HTTP/1.1" 200 27
116.224.254.208 - - [04/Apr/2024:09:43:38 +0800] "GET /xingrg/all/function/internal_message.html?_=1712195018757&CODE_STATE=getMsg HTTP/1.1" 200 27
180.164.1.25 - - [04/Apr/2024:09:43:40 +0800] "GET /xingrg/check_reg.html?_=1712195019849 HTTP/1.1" 200 22
180.164.1.25 - - [04/Apr/2024:09:43:40 +0800] "GET /xingrg/all/function/internal_message.html?_=1712195019850&CODE_STATE=getMsg HTTP/1.1" 200 27
180.169.147.146 - - [04/Apr/2024:09:43:41 +0800] "GET /xingrg/all/function/internal_message.html?_=1712195021493&CODE_STATE=getMsg HTTP/1.1" 302 -
222.70.172.175 - - [04/Apr/2024:09:43:43 +0800] "GET /xingrg/check_reg.html?_=1712195036604 HTTP/1.1" 200 22
222.70.172.175 - - [04/Apr/2024:09:43:43 +0800] "GET /xingrg/all/function/internal_message.html?_=1712195037430&CODE_STATE=getMsg HTTP/1.1" 200 27
116.232.194.112 - - [04/Apr/2024:09:43:43 +0800] "GET /xingrg/check_reg.html?_=1712194979393 HTTP/1.1" 200 22
180.169.147.146 - - [04/Apr/2024:09:43:47 +0800] "GET /xingrg/check_reg.html?_=1712195027346 HTTP/1.1" 200 22
180.169.147.146 - - [04/Apr/2024:09:43:47 +0800] "GET /xingrg/all/function/internal_message.html?_=1712195027353&CODE_STATE=getMsg HTTP/1.1" 200 27
101.83.240.57 - - [04/Apr/2024:09:43:49 +0800] "GET /xingrg/check_reg.html?_=1712195030146 HTTP/1.1" 200 22
101.83.240.57 - - [04/Apr/2024:09:43:49 +0800] "GET /xingrg/all/function/internal_message.html?_=1712195030150&CODE_STATE=getMsg HTTP/1.1" 200 27
180.169.147.146 - - [04/Apr/2024:09:43:51 +0800] "GET /xingrg/check_reg.html?_=1712195031741 HTTP/1.1" 200 22
61.170.232.36 - - [04/Apr/2024:09:43:57 +0800] "GET /xingrg/all/function/internal_message.html?_=1712195036605&CODE_STATE=getMsg HTTP/1.1" 200 27
222.70.183.82 - - [04/Apr/2024:09:43:57 +0800] "GET /xingrg/all/function/internal_message.html?_=1712195035702&CODE_STATE=getMsg HTTP/1.1" 200 27
116.238.97.31 - - [04/Apr/2024:09:43:58 +0800] "GET /xingrg/all/function/internal_message.html?_=1712195029941&CODE_STATE=getMsg HTTP/1.1" 200 27
124.78.60.103 - - [04/Apr/2024:09:44:01 +0800] "GET /xingrg/all/function/internal_message.html?_=1712195041294&CODE_STATE=getMsg HTTP/1.1" 200 27
116.232.194.112 - - [04/Apr/2024:09:44:04 +0800] "GET /xingrg/all/function/internal_message.html?_=1712194999604&CODE_STATE=getMsg HTTP/1.1" 200 27
172.20.0.8 - - [04/Apr/2024:09:44:06 +0800] "GET /xingrg/all/function/internal_message.html?_=1712195046122&CODE_STATE=getMsg HTTP/1.1" 302 -
58.40.7.146 - - [04/Apr/2024:09:44:07 +0800] "GET /xingrg/all/function/internal_message.html?_=1712195047740&CODE_STATE=getMsg HTTP/1.1" 200 27
124.78.60.103 - - [04/Apr/2024:09:44:17 +0800] "GET /xingrg/css/new_ie.css HTTP/1.1" 404 1036
124.78.60.103 - - [04/Apr/2024:09:44:20 +0800] "GET /xingrg/css/new_ie.css HTTP/1.1" 404 1036
180.169.147.146 - - [04/Apr/2024:09:44:24 +0800] "GET /xingrg/kc/report/report_main.html HTTP/1.1" 200 8599
172.20.0.100 - - [04/Apr/2024:09:44:26 +0800] "GET /xingrg/all/function/internal_message.html?_=1712195075943&CODE_STATE=getMsg HTTP/1.1" 302 -
101.83.144.49 - - [04/Apr/2024:09:44:26 +0800] "GET /xingrg/all/function/internal_message.html?_=1712194825925&CODE_STATE=getMsg HTTP/1.1" 200 27
116.224.254.208 - - [04/Apr/2024:09:44:26 +0800] "GET /xingrg/all/function/internal_message.html?_=1712195066004&CODE_STATE=getMsg HTTP/1.1" 200 27
180.169.147.146 - - [04/Apr/2024:09:44:26 +0800] "GET /xingrg/all/report/report_query.html?fileName=kc/buy/wlcg_cate_hz_rest.xml&autoQuery=1 HTTP/1.1" 200 53789
120.253.135.82 - - [04/Apr/2024:09:44:26 +0800] "GET /xingrg/all/function/internal_message.html?_=1712194910762&CODE_STATE=getMsg HTTP/1.1" 200 27
180.169.147.146 - - [04/Apr/2024:09:44:26 +0800] "GET /xingrg/dwr/interface/AjaxReportQueryService.js HTTP/1.1" 200 13203
180.169.147.146 - - [04/Apr/2024:09:44:26 +0800] "GET /xingrg/dwr/engine.js HTTP/1.1" 200 43631
180.169.147.146 - - [04/Apr/2024:09:44:27 +0800] "POST /xingrg/dwr/call/plaincall/AjaxReportQueryService.getFixDate.dwr HTTP/1.1" 200 111
180.169.147.146 - - [04/Apr/2024:09:44:27 +0800] "POST /xingrg/all/common/load_tree.html?tree=area_rest_tree_json&manage=1 HTTP/1.1" 200 3624
114.85.113.46 - - [04/Apr/2024:09:44:27 +0800] "GET /xingrg/all/function/internal_message.html?_=1712195066524&CODE_STATE=getMsg HTTP/1.1" 200 27
180.169.147.146 - - [04/Apr/2024:09:44:27 +0800] "POST /xingrg/all/common/load_tree.html?tree=supplier_tree_json&manage=1 HTTP/1.1" 200 81444
180.169.147.146 - - [04/Apr/2024:09:44:28 +0800] "POST /xingrg/all/common/load_tree.html?tree=materiel_sort_tree_json HTTP/1.1" 200 9734
180.169.147.146 - - [04/Apr/2024:09:44:29 +0800] "POST /xingrg/all/report/load_report_page.html HTTP/1.1" 200 10895
101.83.144.49 - - [04/Apr/2024:09:44:29 +0800] "GET /xingrg/all/function/internal_message.html?_=1712195069561&CODE_STATE=getMsg HTTP/1.1" 200 27
222.70.172.175 - - [04/Apr/2024:09:44:29 +0800] "GET /xingrg/all/function/internal_message.html?_=1712195080966&CODE_STATE=getMsg HTTP/1.1" 302 -
180.169.147.146 - - [04/Apr/2024:09:44:30 +0800] "GET /xingrg/servlets/image?cache=0.5831023376203095&image=px HTTP/1.1" 200 807
180.169.147.146 - - [04/Apr/2024:09:44:30 +0800] "POST /xingrg/dwr/call/plaincall/AjaxReportQueryService.getFixDate.dwr HTTP/1.1" 200 111
172.20.0.100 - - [04/Apr/2024:09:44:30 +0800] "GET /xingrg/all/function/internal_message.html?_=1712195069991&CODE_STATE=getMsg HTTP/1.1" 200 27
114.83.223.186 - - [04/Apr/2024:09:44:34 +0800] "GET /xingrg/all/function/internal_message.html?_=1712195071172&CODE_STATE=getMsg HTTP/1.1" 200 27
116.238.97.31 - - [04/Apr/2024:09:44:34 +0800] "GET /xingrg/all/function/internal_message.html?_=1712195066307&CODE_STATE=getMsg HTTP/1.1" 200 27
116.238.97.31 - - [04/Apr/2024:09:44:35 +0800] "GET /xingrg/all/function/internal_message.html?_=1712195074884&CODE_STATE=getMsg HTTP/1.1" 200 27
180.169.147.146 - - [04/Apr/2024:09:44:38 +0800] "GET /xingrg/all/function/internal_message.html?_=1712195078667&CODE_STATE=getMsg HTTP/1.1" 200 27
116.224.254.208 - - [04/Apr/2024:09:44:38 +0800] "GET /xingrg/all/function/internal_message.html?_=1712195078744&CODE_STATE=getMsg HTTP/1.1" 200 27
180.169.147.146 - - [04/Apr/2024:09:44:39 +0800] "POST /xingrg/dwr/call/plaincall/AjaxReportQueryService.refreshCache.dwr HTTP/1.1" 200 78
180.164.1.25 - - [04/Apr/2024:09:44:40 +0800] "GET /xingrg/all/function/internal_message.html?_=1712195079842&CODE_STATE=getMsg HTTP/1.1" 200 27
180.169.147.146 - - [04/Apr/2024:09:44:41 +0800] "GET /xingrg/all/function/internal_message.html?_=1712195081499&CODE_STATE=getMsg HTTP/1.1" 302 -
180.169.147.146 - - [04/Apr/2024:09:44:42 +0800] "POST /xingrg/all/report/load_report_page.html HTTP/1.1" 200 8725
180.169.147.146 - - [04/Apr/2024:09:44:43 +0800] "GET /xingrg/servlets/image?cache=0.14391983646928552&image=px HTTP/1.1" 200 807
222.70.172.175 - - [04/Apr/2024:09:44:43 +0800] "GET /xingrg/all/function/internal_message.html?_=1712195097444&CODE_STATE=getMsg HTTP/1.1" 200 27
180.169.147.146 - - [04/Apr/2024:09:44:47 +0800] "GET /xingrg/all/function/internal_message.html?_=1712195087880&CODE_STATE=getMsg HTTP/1.1" 200 27
124.78.60.103 - - [04/Apr/2024:09:44:48 +0800] "POST /xingrg/kc/buy/cgsh_list_operate.html HTTP/1.1" 200 645
101.83.240.57 - - [04/Apr/2024:09:44:49 +0800] "GET /xingrg/all/function/internal_message.html?_=1712195090142&CODE_STATE=getMsg HTTP/1.1" 200 27
180.169.147.146 - - [04/Apr/2024:09:44:50 +0800] "POST /xingrg/all/report/load_report_page.html HTTP/1.1" 200 23160
180.169.147.146 - - [04/Apr/2024:09:44:50 +0800] "GET /xingrg/servlets/image?cache=0.24670431827706496&image=px HTTP/1.1" 200 807
61.170.232.36 - - [04/Apr/2024:09:44:57 +0800] "GET /xingrg/check_reg.html?_=1712195096606 HTTP/1.1" 200 22
61.170.232.36 - - [04/Apr/2024:09:44:57 +0800] "GET /xingrg/all/function/internal_message.html?_=1712195096602&CODE_STATE=getMsg HTTP/1.1" 200 27
222.70.183.82 - - [04/Apr/2024:09:44:57 +0800] "GET /xingrg/all/function/internal_message.html?_=1712195095701&CODE_STATE=getMsg HTTP/1.1" 200 27
116.238.97.31 - - [04/Apr/2024:09:44:58 +0800] "GET /xingrg/all/function/internal_message.html?_=1712195089941&CODE_STATE=getMsg HTTP/1.1" 200 27
124.78.60.103 - - [04/Apr/2024:09:45:01 +0800] "GET /xingrg/all/function/internal_message.html?_=1712195101332&CODE_STATE=getMsg HTTP/1.1" 200 27
116.232.194.112 - - [04/Apr/2024:09:45:04 +0800] "GET /xingrg/all/function/internal_message.html?_=1712195059587&CODE_STATE=getMsg HTTP/1.1" 200 27
172.20.0.8 - - [04/Apr/2024:09:45:06 +0800] "GET /xingrg/all/function/internal_message.html?_=1712195106124&CODE_STATE=getMsg HTTP/1.1" 302 -
58.40.7.146 - - [04/Apr/2024:09:45:07 +0800] "GET /xingrg/check_reg.html?_=1712195107750 HTTP/1.1" 200 22
58.40.7.146 - - [04/Apr/2024:09:45:07 +0800] "GET /xingrg/all/function/internal_message.html?_=1712195107752&CODE_STATE=getMsg HTTP/1.1" 200 27
222.70.172.175 - - [04/Apr/2024:09:45:16 +0800] "GET /xingrg/check_reg.html?_=1712195127583 HTTP/1.1" 302 -
172.20.0.100 - - [04/Apr/2024:09:45:26 +0800] "GET /xingrg/all/function/internal_message.html?_=1712195135941&CODE_STATE=getMsg HTTP/1.1" 302 -
101.83.144.49 - - [04/Apr/2024:09:45:26 +0800] "GET /xingrg/all/function/internal_message.html?_=1712194885925&CODE_STATE=getMsg HTTP/1.1" 200 27
116.224.254.208 - - [04/Apr/2024:09:45:26 +0800] "GET /xingrg/all/function/internal_message.html?_=1712195126013&CODE_STATE=getMsg HTTP/1.1" 200 27
120.253.135.82 - - [04/Apr/2024:09:45:26 +0800] "GET /xingrg/all/function/internal_message.html?_=1712194970774&CODE_STATE=getMsg HTTP/1.1" 200 27
114.85.113.46 - - [04/Apr/2024:09:45:27 +0800] "GET /xingrg/all/function/internal_message.html?_=1712195126512&CODE_STATE=getMsg HTTP/1.1" 200 27
101.83.144.49 - - [04/Apr/2024:09:45:29 +0800] "GET /xingrg/all/function/internal_message.html?_=1712195129562&CODE_STATE=getMsg HTTP/1.1" 200 27
222.70.172.175 - - [04/Apr/2024:09:45:29 +0800] "GET /xingrg/all/function/internal_message.html?_=1712195140996&CODE_STATE=getMsg HTTP/1.1" 302 -
172.20.0.100 - - [04/Apr/2024:09:45:30 +0800] "GET /xingrg/all/function/internal_message.html?_=1712195129993&CODE_STATE=getMsg HTTP/1.1" 200 27
172.20.0.100 - - [04/Apr/2024:09:45:30 +0800] "GET /xingrg/check_reg.html?_=1712195129994 HTTP/1.1" 200 22
180.164.1.25 - - [04/Apr/2024:09:45:32 +0800] "POST /xingrg/services/DataTransmitService HTTP/1.1" 200 524
114.83.223.186 - - [04/Apr/2024:09:45:34 +0800] "GET /xingrg/all/function/internal_message.html?_=1712195131141&CODE_STATE=getMsg HTTP/1.1" 200 27
116.238.97.31 - - [04/Apr/2024:09:45:34 +0800] "GET /xingrg/all/function/internal_message.html?_=1712195126300&CODE_STATE=getMsg HTTP/1.1" 200 27
116.238.97.31 - - [04/Apr/2024:09:45:35 +0800] "GET /xingrg/all/function/internal_message.html?_=1712195134872&CODE_STATE=getMsg HTTP/1.1" 200 27
180.169.147.146 - - [04/Apr/2024:09:45:38 +0800] "GET /xingrg/all/function/internal_message.html?_=1712195138650&CODE_STATE=getMsg HTTP/1.1" 200 27
116.224.254.208 - - [04/Apr/2024:09:45:38 +0800] "GET /xingrg/all/function/internal_message.html?_=1712195138735&CODE_STATE=getMsg HTTP/1.1" 200 27
180.164.1.25 - - [04/Apr/2024:09:45:40 +0800] "GET /xingrg/all/function/internal_message.html?_=1712195139847&CODE_STATE=getMsg HTTP/1.1" 200 27
180.169.147.146 - - [04/Apr/2024:09:45:41 +0800] "GET /xingrg/all/function/internal_message.html?_=1712195141515&CODE_STATE=getMsg HTTP/1.1" 302 -
180.169.147.146 - - [04/Apr/2024:09:45:41 +0800] "GET /xingrg/check_reg.html?_=1712195141516 HTTP/1.1" 302 -
222.70.172.175 - - [04/Apr/2024:09:45:43 +0800] "GET /xingrg/all/function/internal_message.html?_=1712195157460&CODE_STATE=getMsg HTTP/1.1" 200 27
180.169.147.146 - - [04/Apr/2024:09:45:47 +0800] "GET /xingrg/all/function/internal_message.html?_=1712195147863&CODE_STATE=getMsg HTTP/1.1" 200 27
101.83.240.57 - - [04/Apr/2024:09:45:49 +0800] "GET /xingrg/all/function/internal_message.html?_=1712195150151&CODE_STATE=getMsg HTTP/1.1" 200 27
61.170.232.36 - - [04/Apr/2024:09:45:57 +0800] "GET /xingrg/all/function/internal_message.html?_=1712195156608&CODE_STATE=getMsg HTTP/1.1" 200 27
222.70.183.82 - - [04/Apr/2024:09:45:57 +0800] "GET /xingrg/check_reg.html?_=1712195155700 HTTP/1.1" 200 22
222.70.183.82 - - [04/Apr/2024:09:45:57 +0800] "GET /xingrg/all/function/internal_message.html?_=1712195155702&CODE_STATE=getMsg HTTP/1.1" 200 27
116.238.97.31 - - [04/Apr/2024:09:45:58 +0800] "GET /xingrg/all/function/internal_message.html?_=1712195149957&CODE_STATE=getMsg HTTP/1.1" 200 27
116.238.97.31 - - [04/Apr/2024:09:45:58 +0800] "GET /xingrg/check_reg.html?_=1712195149959 HTTP/1.1" 200 22
124.78.60.103 - - [04/Apr/2024:09:46:01 +0800] "GET /xingrg/all/function/internal_message.html?_=1712195161278&CODE_STATE=getMsg HTTP/1.1" 200 27
116.232.194.112 - - [04/Apr/2024:09:46:04 +0800] "GET /xingrg/all/function/internal_message.html?_=1712195119563&CODE_STATE=getMsg HTTP/1.1" 200 27
172.20.0.8 - - [04/Apr/2024:09:46:06 +0800] "GET /xingrg/check_reg.html?_=1712195166110 HTTP/1.1" 302 -
172.20.0.8 - - [04/Apr/2024:09:46:06 +0800] "GET /xingrg/all/function/internal_message.html?_=1712195166127&CODE_STATE=getMsg HTTP/1.1" 302 -
58.40.7.146 - - [04/Apr/2024:09:46:07 +0800] "GET /xingrg/all/function/internal_message.html?_=1712195167748&CODE_STATE=getMsg HTTP/1.1" 200 27
101.83.240.57 - - [04/Apr/2024:09:46:08 +0800] "GET /xingrg/kc/base/wldb_order_list.html HTTP/1.1" 200 19057
222.64.57.237 - - [04/Apr/2024:09:46:08 +0800] "POST /xingrg/services/DataTransmitService HTTP/1.1" 200 524
101.83.240.57 - - [04/Apr/2024:09:46:09 +0800] "POST /xingrg/kc/base/wldb_list_operate.html HTTP/1.1" 200 928
124.78.60.103 - - [04/Apr/2024:09:46:10 +0800] "GET /xingrg/javascript/easyui/themes/default/validatebox.css HTTP/1.1" 404 1104
124.78.60.103 - - [04/Apr/2024:09:46:10 +0800] "POST /xingrg/kc/buy/cgsh_order_operate.html HTTP/1.1" 200 8245
101.83.240.57 - - [04/Apr/2024:09:46:10 +0800] "GET /xingrg/kc/base/wldb_order_add.html HTTP/1.1" 200 30388
101.83.240.57 - - [04/Apr/2024:09:46:10 +0800] "GET /xingrg/words/20240403113927_words.js HTTP/1.1" 304 -
101.83.240.57 - - [04/Apr/2024:09:46:10 +0800] "POST /xingrg/kc/base/wldb_order_operate.html HTTP/1.1" 200 6806
101.83.240.57 - - [04/Apr/2024:09:46:10 +0800] "GET /xingrg/all/common/auto_word.html?type=base&rest_code=00154 HTTP/1.1" 200 831
101.83.240.57 - - [04/Apr/2024:09:46:10 +0800] "GET /xingrg/all/common/auto_word.html?type=base&rest_code=00154 HTTP/1.1" 200 831
101.83.240.57 - - [04/Apr/2024:09:46:10 +0800] "GET /xingrg/javascript/easyui/themes/default/validatebox.css HTTP/1.1" 404 1104
101.83.240.57 - - [04/Apr/2024:09:46:12 +0800] "POST /xingrg/all/common/load_combo.html?type=base HTTP/1.1" 200 1491
101.83.240.57 - - [04/Apr/2024:09:46:16 +0800] "POST /xingrg/all/common/load_combo.html?type=base HTTP/1.1" 200 1491
101.83.240.57 - - [04/Apr/2024:09:46:23 +0800] "GET /xingrg/javascript/auto/indicator.gif HTTP/1.1" 404 1066
172.20.0.100 - - [04/Apr/2024:09:46:26 +0800] "GET /xingrg/all/function/internal_message.html?_=1712195195940&CODE_STATE=getMsg HTTP/1.1" 302 -
101.83.144.49 - - [04/Apr/2024:09:46:26 +0800] "GET /xingrg/all/function/internal_message.html?_=1712194945925&CODE_STATE=getMsg HTTP/1.1" 200 27
116.224.254.208 - - [04/Apr/2024:09:46:26 +0800] "GET /xingrg/all/function/internal_message.html?_=1712195185999&CODE_STATE=getMsg HTTP/1.1" 200 27
101.83.240.57 - - [04/Apr/2024:09:46:26 +0800] "GET /xingrg/kc/base/wldb_order_operate.html?command=get_materiel&rest_code=00154&base_code=0010724&code=00101040002 HTTP/1.1" 200 460
120.253.135.82 - - [04/Apr/2024:09:46:26 +0800] "GET /xingrg/all/function/internal_message.html?_=1712195030820&CODE_STATE=getMsg HTTP/1.1" 200 27
114.85.113.46 - - [04/Apr/2024:09:46:27 +0800] "GET /xingrg/all/function/internal_message.html?_=1712195186492&CODE_STATE=getMsg HTTP/1.1" 200 27
124.78.60.103 - - [04/Apr/2024:09:46:28 +0800] "GET /xingrg/kc/buy/cgsh_order_add.html HTTP/1.1" 200 73780
124.78.60.103 - - [04/Apr/2024:09:46:28 +0800] "GET /xingrg/css/base.css HTTP/1.1" 304 -
124.78.60.103 - - [04/Apr/2024:09:46:28 +0800] "GET /xingrg/css/site.css HTTP/1.1" 304 -
124.78.60.103 - - [04/Apr/2024:09:46:28 +0800] "GET /xingrg/javascript/jquery_tools/datebox.css HTTP/1.1" 304 -
124.78.60.103 - - [04/Apr/2024:09:46:28 +0800] "GET /xingrg/javascript/easyui/themes/default/easyui.css HTTP/1.1" 304 -
124.78.60.103 - - [04/Apr/2024:09:46:28 +0800] "GET /xingrg/javascript/easyui/themes/icon.css HTTP/1.1" 304 -
124.78.60.103 - - [04/Apr/2024:09:46:28 +0800] "GET /xingrg/javascript/auto/jquery.autocomplete.css HTTP/1.1" 304 -
124.78.60.103 - - [04/Apr/2024:09:46:28 +0800] "GET /xingrg/javascript/jquery_tools/fix.css HTTP/1.1" 304 -
124.78.60.103 - - [04/Apr/2024:09:46:28 +0800] "GET /xingrg/javascript/jquery_tools/table.css HTTP/1.1" 304 -
124.78.60.103 - - [04/Apr/2024:09:46:28 +0800] "GET /xingrg/javascript/pic_change.js HTTP/1.1" 304 -
124.78.60.103 - - [04/Apr/2024:09:46:28 +0800] "GET /xingrg/javascript/jquery_tools/jquery.tools.min.js HTTP/1.1" 304 -
124.78.60.103 - - [04/Apr/2024:09:46:28 +0800] "GET /xingrg/javascript/jquery_tools/jquery.tools.extend.js HTTP/1.1" 304 -
124.78.60.103 - - [04/Apr/2024:09:46:28 +0800] "GET /xingrg/javascript/jquery_tools/jquery.tools.hotkey.js HTTP/1.1" 304 -
124.78.60.103 - - [04/Apr/2024:09:46:28 +0800] "GET /xingrg/javascript/jquery_tools/jquery.tools.table.js HTTP/1.1" 304 -
124.78.60.103 - - [04/Apr/2024:09:46:28 +0800] "GET /xingrg/javascript/auto/jquery.autocomplete.js HTTP/1.1" 304 -
124.78.60.103 - - [04/Apr/2024:09:46:28 +0800] "GET /xingrg/javascript/easyui/easyloader.js HTTP/1.1" 304 -
124.78.60.103 - - [04/Apr/2024:09:46:28 +0800] "GET /xingrg/javascript/jquery.utils.js HTTP/1.1" 304 -
124.78.60.103 - - [04/Apr/2024:09:46:28 +0800] "GET /xingrg/javascript/jquery_tools/order_manager.js HTTP/1.1" 304 -
124.78.60.103 - - [04/Apr/2024:09:46:28 +0800] "GET /xingrg/javascript/convert.js HTTP/1.1" 304 -
124.78.60.103 - - [04/Apr/2024:09:46:28 +0800] "GET /xingrg/javascript/json2.js HTTP/1.1" 304 -
124.78.60.103 - - [04/Apr/2024:09:46:28 +0800] "GET /xingrg/javascript/jquery.cookie.js HTTP/1.1" 304 -
124.78.60.103 - - [04/Apr/2024:09:46:28 +0800] "GET /xingrg/javascript/print/kc_print.js HTTP/1.1" 304 -
124.78.60.103 - - [04/Apr/2024:09:46:28 +0800] "GET /xingrg/javascript/print/LodopFuncs.js HTTP/1.1" 304 -
124.78.60.103 - - [04/Apr/2024:09:46:28 +0800] "GET /xingrg/words/20240403113927_words.js HTTP/1.1" 304 -
124.78.60.103 - - [04/Apr/2024:09:46:28 +0800] "GET /xingrg/javascript/easyui/plugins/jquery.parser.js HTTP/1.1" 304 -
124.78.60.103 - - [04/Apr/2024:09:46:28 +0800] "GET /xingrg/images/control/ajaxLoader.gif HTTP/1.1" 304 -
124.78.60.103 - - [04/Apr/2024:09:46:28 +0800] "POST /xingrg/kc/buy/cgsh_order_operate.html HTTP/1.1" 200 8245
124.78.60.103 - - [04/Apr/2024:09:46:28 +0800] "GET /xingrg/javascript/easyui/themes/default/validatebox.css HTTP/1.1" 404 1104
101.83.240.57 - - [04/Apr/2024:09:46:29 +0800] "POST /xingrg/all/common/load_select.html HTTP/1.1" 200 25
101.83.144.49 - - [04/Apr/2024:09:46:29 +0800] "GET /xingrg/all/function/internal_message.html?_=1712195189571&CODE_STATE=getMsg HTTP/1.1" 200 27
101.83.144.49 - - [04/Apr/2024:09:46:29 +0800] "GET /xingrg/check_reg.html?_=1712195189575 HTTP/1.1" 200 22
222.70.172.175 - - [04/Apr/2024:09:46:29 +0800] "GET /xingrg/all/function/internal_message.html?_=1712195201011&CODE_STATE=getMsg HTTP/1.1" 302 -
172.20.0.100 - - [04/Apr/2024:09:46:30 +0800] "GET /xingrg/all/function/internal_message.html?_=1712195189996&CODE_STATE=getMsg HTTP/1.1" 200 27
101.83.240.57 - - [04/Apr/2024:09:46:32 +0800] "GET /xingrg/kc/base/wldb_order_operate.html?command=get_materiel_price&rest_code=00154&base_code=0010724&code=00101040002&unit_code=00100619 HTTP/1.1" 200 37
180.169.147.146 - - [04/Apr/2024:09:46:32 +0800] "POST /xingrg/all/user/operate.html HTTP/1.1" 200 36
180.169.147.146 - - [04/Apr/2024:09:46:32 +0800] "GET /xingrg/index.html?sysBaseUrl=http%3A%2F%2F180.169.147.146%3A18081%2Fxingrg%2F&costTime=1070×tamp=1712193826474 HTTP/1.1" 200 17507
180.169.147.146 - - [04/Apr/2024:09:46:32 +0800] "GET /xingrg/javascript/jquery_easy_ui/themes/default/easyui.css HTTP/1.1" 304 -
180.169.147.146 - - [04/Apr/2024:09:46:32 +0800] "GET /xingrg/javascript/jquery_easy_ui/themes/icon.css HTTP/1.1" 304 -
180.169.147.146 - - [04/Apr/2024:09:46:32 +0800] "GET /xingrg/css/form.css HTTP/1.1" 304 -
180.169.147.146 - - [04/Apr/2024:09:46:32 +0800] "GET /xingrg/javascript/jquery-1.4.2.min.js HTTP/1.1" 304 -
180.169.147.146 - - [04/Apr/2024:09:46:32 +0800] "GET /xingrg/javascript/jquery_easy_ui/jquery.easyui.min.js HTTP/1.1" 304 -
180.169.147.146 - - [04/Apr/2024:09:46:32 +0800] "GET /xingrg/javascript/jquery_easy_ui/easyui-lang-zh_CN.js HTTP/1.1" 304 -
180.169.147.146 - - [04/Apr/2024:09:46:32 +0800] "GET /xingrg/javascript/jquery.form.js HTTP/1.1" 304 -
180.169.147.146 - - [04/Apr/2024:09:46:32 +0800] "GET /xingrg/javascript/jquery.utils.js HTTP/1.1" 304 -
180.169.147.146 - - [04/Apr/2024:09:46:32 +0800] "GET /xingrg/javascript/jquery.timers.js HTTP/1.1" 304 -
180.169.147.146 - - [04/Apr/2024:09:46:32 +0800] "GET /xingrg/images/blue/jxLogo.png HTTP/1.1" 304 -
180.169.147.146 - - [04/Apr/2024:09:46:32 +0800] "GET /xingrg/images/blue/navBackgound.jpg HTTP/1.1" 304 -
180.169.147.146 - - [04/Apr/2024:09:46:32 +0800] "GET /xingrg/javascript/jquery_easy_ui/themes/icons/settle_new.png HTTP/1.1" 304 -
180.169.147.146 - - [04/Apr/2024:09:46:33 +0800] "GET /xingrg/check_reg.html?_=1712195193107 HTTP/1.1" 200 22
180.169.147.146 - - [04/Apr/2024:09:46:33 +0800] "GET /xingrg/all/function/internal_message.html?_=1712195193105&CODE_STATE=count HTTP/1.1" 200 11
180.169.147.146 - - [04/Apr/2024:09:46:33 +0800] "POST /xingrg/all/common/load_tree.html?tree=area_rest_tree_json&manage=1 HTTP/1.1" 200 3624
180.169.147.146 - - [04/Apr/2024:09:46:33 +0800] "POST /xingrg/load_menu.html HTTP/1.1" 200 9959
114.83.223.186 - - [04/Apr/2024:09:46:34 +0800] "GET /xingrg/all/function/internal_message.html?_=1712195191127&CODE_STATE=getMsg HTTP/1.1" 200 27
116.238.97.31 - - [04/Apr/2024:09:46:34 +0800] "GET /xingrg/all/function/internal_message.html?_=1712195186287&CODE_STATE=getMsg HTTP/1.1" 200 27
116.238.97.31 - - [04/Apr/2024:09:46:35 +0800] "GET /xingrg/all/function/internal_message.html?_=1712195194861&CODE_STATE=getMsg HTTP/1.1" 200 27
180.169.147.146 - - [04/Apr/2024:09:46:38 +0800] "GET /xingrg/all/function/internal_message.html?_=1712195198634&CODE_STATE=getMsg HTTP/1.1" 200 27
116.224.254.208 - - [04/Apr/2024:09:46:38 +0800] "GET /xingrg/all/function/internal_message.html?_=1712195198740&CODE_STATE=getMsg HTTP/1.1" 200 27
180.164.1.25 - - [04/Apr/2024:09:46:40 +0800] "GET /xingrg/all/function/internal_message.html?_=1712195199848&CODE_STATE=getMsg HTTP/1.1" 200 27
180.169.147.146 - - [04/Apr/2024:09:46:41 +0800] "GET /xingrg/all/function/internal_message.html?_=1712195201512&CODE_STATE=getMsg HTTP/1.1" 302 -
222.70.172.175 - - [04/Apr/2024:09:46:43 +0800] "GET /xingrg/all/function/internal_message.html?_=1712195217566&CODE_STATE=getMsg HTTP/1.1" 200 27
124.78.60.103 - - [04/Apr/2024:09:46:44 +0800] "GET /xingrg/kc/buy/cgsh_order_operate.html?command=get_materiel&rest_code=00141&code=00101001299&supplier_code=00100096&order_time=2024-04-04 HTTP/1.1" 200 415
101.83.240.57 - - [04/Apr/2024:09:46:45 +0800] "GET /xingrg/kc/base/wldb_order_operate.html?command=get_materiel&rest_code=00154&base_code=0010724&code=00101040001 HTTP/1.1" 200 469
101.83.240.57 - - [04/Apr/2024:09:46:49 +0800] "POST /xingrg/all/common/load_select.html HTTP/1.1" 200 25
101.83.240.57 - - [04/Apr/2024:09:46:49 +0800] "GET /xingrg/all/function/internal_message.html?_=1712195210123&CODE_STATE=getMsg HTTP/1.1" 200 27
101.83.240.57 - - [04/Apr/2024:09:46:52 +0800] "GET /xingrg/kc/base/wldb_order_operate.html?command=get_materiel_price&rest_code=00154&base_code=0010724&code=00101040001&unit_code=00100619 HTTP/1.1" 200 35
222.70.183.82 - - [04/Apr/2024:09:46:56 +0800] "GET /xingrg/index.html?sysBaseUrl=http%3A%2F%2F180.169.147.146%3A18081%2Fxingrg%2F&costTime=39×tamp=1645767740089 HTTP/1.1" 302 -
222.70.183.82 - - [04/Apr/2024:09:46:57 +0800] "GET /xingrg/login.html HTTP/1.1" 200 7641
61.170.232.36 - - [04/Apr/2024:09:46:57 +0800] "GET /xingrg/all/function/internal_message.html?_=1712195216597&CODE_STATE=getMsg HTTP/1.1" 200 27
101.83.240.57 - - [04/Apr/2024:09:46:57 +0800] "GET /xingrg/kc/base/wldb_order_operate.html?command=get_materiel&rest_code=00154&base_code=0010724&code=00101019400 HTTP/1.1" 200 464
222.70.183.82 - - [04/Apr/2024:09:46:57 +0800] "GET /xingrg/all/function/internal_message.html?_=1712195215702&CODE_STATE=getMsg HTTP/1.1" 200 27
222.70.183.82 - - [04/Apr/2024:09:46:58 +0800] "GET /favicon.ico HTTP/1.1" 404 -
116.238.97.31 - - [04/Apr/2024:09:46:58 +0800] "GET /xingrg/all/function/internal_message.html?_=1712195209961&CODE_STATE=getMsg HTTP/1.1" 200 27
124.78.60.103 - - [04/Apr/2024:09:47:01 +0800] "GET /xingrg/all/function/internal_message.html?_=1712195221266&CODE_STATE=getMsg HTTP/1.1" 200 27
116.232.194.112 - - [04/Apr/2024:09:47:04 +0800] "GET /xingrg/all/function/internal_message.html?_=1712195179545&CODE_STATE=getMsg HTTP/1.1" 200 27
101.83.240.57 - - [04/Apr/2024:09:47:05 +0800] "GET /xingrg/kc/base/wldb_order_operate.html?command=get_materiel&rest_code=00154&base_code=0010724&code=00101019184 HTTP/1.1" 200 458
172.20.0.8 - - [04/Apr/2024:09:47:06 +0800] "GET /xingrg/all/function/internal_message.html?_=1712195226129&CODE_STATE=getMsg HTTP/1.1" 302 -
222.70.183.82 - - [04/Apr/2024:09:47:06 +0800] "GET /xingrg/login.html HTTP/1.1" 200 7641
58.40.7.146 - - [04/Apr/2024:09:47:07 +0800] "GET /xingrg/all/function/internal_message.html?_=1712195227751&CODE_STATE=getMsg HTTP/1.1" 200 27
222.70.183.82 - - [04/Apr/2024:09:47:07 +0800] "GET /favicon.ico HTTP/1.1" 404 -
124.78.60.103 - - [04/Apr/2024:09:47:08 +0800] "GET /xingrg/kc/buy/cgsh_order_operate.html?command=get_materiel&rest_code=00141&code=00101018007&supplier_code=00100096&order_time=2024-04-04 HTTP/1.1" 200 409
222.70.183.82 - - [04/Apr/2024:09:47:11 +0800] "POST /xingrg/login.do HTTP/1.1" 302 -
222.70.183.82 - - [04/Apr/2024:09:47:11 +0800] "GET /xingrg/index.html?sysBaseUrl=http%3A%2F%2F180.169.147.146%3A18081%2Fxingrg%2F&costTime=839×tamp=1712195231279 HTTP/1.1" 200 17503
222.70.183.82 - - [04/Apr/2024:09:47:11 +0800] "POST /xingrg/all/common/load_tree.html?tree=area_rest_tree_json&manage=1 HTTP/1.1" 200 591
222.70.183.82 - - [04/Apr/2024:09:47:11 +0800] "GET /xingrg/check_reg.html?_=1712195269925 HTTP/1.1" 200 22
222.70.183.82 - - [04/Apr/2024:09:47:11 +0800] "GET /xingrg/all/function/internal_message.html?_=1712195269922&CODE_STATE=count HTTP/1.1" 200 11
222.70.183.82 - - [04/Apr/2024:09:47:12 +0800] "POST /xingrg/load_menu.html HTTP/1.1" 200 11564
101.83.240.57 - - [04/Apr/2024:09:47:16 +0800] "GET /xingrg/kc/base/wldb_order_operate.html?command=get_materiel&rest_code=00154&base_code=0010724&code=00101019185 HTTP/1.1" 200 469
222.70.183.82 - - [04/Apr/2024:09:47:18 +0800] "POST /xingrg/all/user/operate.html HTTP/1.1" 200 36
222.70.183.82 - - [04/Apr/2024:09:47:18 +0800] "GET /xingrg/index.html?sysBaseUrl=http%3A%2F%2F180.169.147.146%3A18081%2Fxingrg%2F&costTime=839×tamp=1712195231279 HTTP/1.1" 200 17509
222.70.183.82 - - [04/Apr/2024:09:47:18 +0800] "GET /xingrg/javascript/jquery_easy_ui/themes/default/easyui.css HTTP/1.1" 304 -
222.70.183.82 - - [04/Apr/2024:09:47:18 +0800] "GET /xingrg/javascript/jquery_easy_ui/themes/icon.css HTTP/1.1" 304 -
222.70.183.82 - - [04/Apr/2024:09:47:18 +0800] "GET /xingrg/css/form.css HTTP/1.1" 304 -
222.70.183.82 - - [04/Apr/2024:09:47:18 +0800] "GET /xingrg/javascript/jquery-1.4.2.min.js HTTP/1.1" 304 -
222.70.183.82 - - [04/Apr/2024:09:47:18 +0800] "GET /xingrg/javascript/jquery_easy_ui/jquery.easyui.min.js HTTP/1.1" 304 -
222.70.183.82 - - [04/Apr/2024:09:47:18 +0800] "GET /xingrg/javascript/jquery_easy_ui/easyui-lang-zh_CN.js HTTP/1.1" 304 -
222.70.183.82 - - [04/Apr/2024:09:47:18 +0800] "GET /xingrg/javascript/jquery.form.js HTTP/1.1" 304 -
222.70.183.82 - - [04/Apr/2024:09:47:18 +0800] "GET /xingrg/javascript/jquery.utils.js HTTP/1.1" 304 -
222.70.183.82 - - [04/Apr/2024:09:47:18 +0800] "GET /xingrg/javascript/jquery.timers.js HTTP/1.1" 304 -
222.70.183.82 - - [04/Apr/2024:09:47:18 +0800] "GET /xingrg/images/blue/jxLogo.png HTTP/1.1" 304 -
222.70.183.82 - - [04/Apr/2024:09:47:18 +0800] "GET /xingrg/images/blue/navBackgound.jpg HTTP/1.1" 304 -
222.70.183.82 - - [04/Apr/2024:09:47:18 +0800] "GET /xingrg/javascript/jquery_easy_ui/themes/icons/settle_new.png HTTP/1.1" 304 -
222.70.183.82 - - [04/Apr/2024:09:47:18 +0800] "GET /xingrg/all/function/internal_message.html?_=1712195276844&CODE_STATE=count HTTP/1.1" 200 11
222.70.183.82 - - [04/Apr/2024:09:47:18 +0800] "GET /xingrg/javascript/jquery_easy_ui/themes/default/images/tabs_rightarrow.png HTTP/1.1" 304 -
222.70.183.82 - - [04/Apr/2024:09:47:18 +0800] "GET /xingrg/javascript/jquery_easy_ui/themes/default/images/panel_tool_collapse.gif HTTP/1.1" 304 -
222.70.183.82 - - [04/Apr/2024:09:47:18 +0800] "GET /xingrg/javascript/jquery_easy_ui/themes/default/images/tabs_leftarrow.png HTTP/1.1" 304 -
222.70.183.82 - - [04/Apr/2024:09:47:18 +0800] "GET /xingrg/javascript/jquery_easy_ui/themes/default/images/panel_tool_expand.gif HTTP/1.1" 304 -
222.70.183.82 - - [04/Apr/2024:09:47:18 +0800] "GET /xingrg/check_reg.html?_=1712195276845 HTTP/1.1" 200 22
222.70.183.82 - - [04/Apr/2024:09:47:18 +0800] "GET /xingrg/images/blue/pingpu.png HTTP/1.1" 304 -
222.70.183.82 - - [04/Apr/2024:09:47:18 +0800] "POST /xingrg/all/common/load_tree.html?tree=area_rest_tree_json&manage=1 HTTP/1.1" 200 591
222.70.183.82 - - [04/Apr/2024:09:47:18 +0800] "POST /xingrg/load_menu.html HTTP/1.1" 200 9959
222.70.183.82 - - [04/Apr/2024:09:47:21 +0800] "GET /xingrg/kc/base/check_order_list.html HTTP/1.1" 200 16437
124.78.60.103 - - [04/Apr/2024:09:47:21 +0800] "GET /xingrg/kc/buy/cgsh_order_operate.html?command=get_materiel&rest_code=00141&code=00101006067&supplier_code=00100096&order_time=2024-04-04 HTTP/1.1" 200 409
222.70.183.82 - - [04/Apr/2024:09:47:22 +0800] "POST /xingrg/kc/base/check_list_operate.html HTTP/1.1" 200 2247
222.70.183.82 - - [04/Apr/2024:09:47:25 +0800] "POST /xingrg/kc/base/check_list_operate.html HTTP/1.1" 200 5467
172.20.0.100 - - [04/Apr/2024:09:47:26 +0800] "GET /xingrg/all/function/internal_message.html?_=1712195255954&CODE_STATE=getMsg HTTP/1.1" 302 -
172.20.0.100 - - [04/Apr/2024:09:47:26 +0800] "GET /xingrg/check_reg.html?_=1712195255955 HTTP/1.1" 302 -
101.83.144.49 - - [04/Apr/2024:09:47:26 +0800] "GET /xingrg/all/function/internal_message.html?_=1712195005923&CODE_STATE=getMsg HTTP/1.1" 200 27
116.224.254.208 - - [04/Apr/2024:09:47:26 +0800] "GET /xingrg/all/function/internal_message.html?_=1712195246025&CODE_STATE=getMsg HTTP/1.1" 200 27
116.224.254.208 - - [04/Apr/2024:09:47:26 +0800] "GET /xingrg/check_reg.html?_=1712195246027 HTTP/1.1" 200 22
101.83.240.57 - - [04/Apr/2024:09:47:26 +0800] "GET /xingrg/kc/base/wldb_order_operate.html?command=get_materiel&rest_code=00154&base_code=0010724&code=00101019133 HTTP/1.1" 200 480
120.253.135.82 - - [04/Apr/2024:09:47:26 +0800] "GET /xingrg/all/function/internal_message.html?_=1712195090833&CODE_STATE=getMsg HTTP/1.1" 200 27
114.85.113.46 - - [04/Apr/2024:09:47:27 +0800] "GET /xingrg/all/function/internal_message.html?_=1712195246481&CODE_STATE=getMsg HTTP/1.1" 200 27
101.83.144.49 - - [04/Apr/2024:09:47:29 +0800] "GET /xingrg/all/function/internal_message.html?_=1712195249566&CODE_STATE=getMsg HTTP/1.1" 200 27
222.70.172.175 - - [04/Apr/2024:09:47:29 +0800] "GET /xingrg/all/function/internal_message.html?_=1712195261029&CODE_STATE=getMsg HTTP/1.1" 302 -
172.20.0.100 - - [04/Apr/2024:09:47:30 +0800] "GET /xingrg/all/function/internal_message.html?_=1712195249989&CODE_STATE=getMsg HTTP/1.1" 200 27
222.70.183.82 - - [04/Apr/2024:09:47:31 +0800] "POST /xingrg/kc/base/check_list_operate.html HTTP/1.1" 200 9099
222.70.183.82 - - [04/Apr/2024:09:47:31 +0800] "GET /xingrg/javascript/jquery_tools/images/prev.gif HTTP/1.1" 404 1086
222.70.183.82 - - [04/Apr/2024:09:47:31 +0800] "GET /xingrg/javascript/jquery_tools/images/next.gif HTTP/1.1" 404 1086
114.83.223.186 - - [04/Apr/2024:09:47:32 +0800] "GET /xingrg/check_reg.html?_=1712195248911 HTTP/1.1" 200 22
116.238.97.31 - - [04/Apr/2024:09:47:32 +0800] "GET /xingrg/check_reg.html?_=1712195252222 HTTP/1.1" 200 22
180.169.147.146 - - [04/Apr/2024:09:47:33 +0800] "GET /xingrg/all/function/internal_message.html?_=1712195253139&CODE_STATE=getMsg HTTP/1.1" 200 27
114.83.223.186 - - [04/Apr/2024:09:47:34 +0800] "GET /xingrg/all/function/internal_message.html?_=1712195251099&CODE_STATE=getMsg HTTP/1.1" 200 27
116.238.97.31 - - [04/Apr/2024:09:47:34 +0800] "GET /xingrg/all/function/internal_message.html?_=1712195246269&CODE_STATE=getMsg HTTP/1.1" 200 27
116.238.97.31 - - [04/Apr/2024:09:47:35 +0800] "GET /xingrg/all/function/internal_message.html?_=1712195254848&CODE_STATE=getMsg HTTP/1.1" 200 27
101.83.240.57 - - [04/Apr/2024:09:47:37 +0800] "GET /xingrg/kc/base/wldb_order_operate.html?command=get_materiel&rest_code=00154&base_code=0010724&code=00101019536 HTTP/1.1" 200 472
180.169.147.146 - - [04/Apr/2024:09:47:38 +0800] "GET /xingrg/all/function/internal_message.html?_=1712195258619&CODE_STATE=getMsg HTTP/1.1" 200 27
116.224.254.208 - - [04/Apr/2024:09:47:38 +0800] "GET /xingrg/all/function/internal_message.html?_=1712195258733&CODE_STATE=getMsg HTTP/1.1" 200 27
116.224.254.208 - - [04/Apr/2024:09:47:38 +0800] "GET /xingrg/check_reg.html?_=1712195258735 HTTP/1.1" 200 22
180.164.1.25 - - [04/Apr/2024:09:47:40 +0800] "GET /xingrg/all/function/internal_message.html?_=1712195259860&CODE_STATE=getMsg HTTP/1.1" 200 27
180.169.147.146 - - [04/Apr/2024:09:47:41 +0800] "GET /xingrg/all/function/internal_message.html?_=1712195261503&CODE_STATE=getMsg HTTP/1.1" 302 -
222.70.172.175 - - [04/Apr/2024:09:47:44 +0800] "GET /xingrg/all/function/internal_message.html?_=1712195277579&CODE_STATE=getMsg HTTP/1.1" 200 27
101.83.240.57 - - [04/Apr/2024:09:47:47 +0800] "GET /xingrg/kc/base/wldb_order_operate.html?command=get_materiel&rest_code=00154&base_code=0010724&code=00101019509 HTTP/1.1" 200 463
101.83.240.57 - - [04/Apr/2024:09:47:49 +0800] "GET /xingrg/all/function/internal_message.html?_=1712195270143&CODE_STATE=getMsg HTTP/1.1" 200 27
61.170.232.36 - - [04/Apr/2024:09:47:57 +0800] "GET /xingrg/all/function/internal_message.html?_=1712195276598&CODE_STATE=getMsg HTTP/1.1" 200 27
222.70.183.82 - - [04/Apr/2024:09:47:57 +0800] "GET /xingrg/all/function/internal_message.html?_=1712195275703&CODE_STATE=getMsg HTTP/1.1" 200 27
116.238.97.31 - - [04/Apr/2024:09:47:58 +0800] "GET /xingrg/all/function/internal_message.html?_=1712195269958&CODE_STATE=getMsg HTTP/1.1" 200 27
124.78.60.103 - - [04/Apr/2024:09:48:01 +0800] "GET /xingrg/all/function/internal_message.html?_=1712195281263&CODE_STATE=getMsg HTTP/1.1" 200 27
