124.78.154.173 - - [29/Mar/2024:10:13:44 +0800] "GET /xingrg/all/function/internal_message.html?_=1711678424769&CODE_STATE=getMsg HTTP/1.1" 200 27
180.169.147.146 - - [29/Mar/2024:10:13:45 +0800] "GET /xingrg/all/function/internal_message.html?_=1711678425656&CODE_STATE=getMsg HTTP/1.1" 200 27
222.69.135.32 - - [29/Mar/2024:10:13:47 +0800] "GET /xingrg/all/function/internal_message.html?_=1711678429688&CODE_STATE=getMsg HTTP/1.1" 200 27
116.224.254.208 - - [29/Mar/2024:10:13:52 +0800] "GET /xingrg/all/function/internal_message.html?_=1711678432539&CODE_STATE=getMsg HTTP/1.1" 200 27
114.85.113.46 - - [29/Mar/2024:10:13:53 +0800] "GET /xingrg/all/function/internal_message.html?_=1711678432057&CODE_STATE=getMsg HTTP/1.1" 200 27
124.78.60.103 - - [29/Mar/2024:10:13:57 +0800] "GET /xingrg/all/function/internal_message.html?_=1711678437000&CODE_STATE=getMsg HTTP/1.1" 200 27
116.232.194.112 - - [29/Mar/2024:10:13:57 +0800] "GET /xingrg/all/function/internal_message.html?_=1711678400579&CODE_STATE=getMsg HTTP/1.1" 200 27
222.70.115.1 - - [29/Mar/2024:10:14:13 +0800] "GET /xingrg/all/function/internal_message.html?_=1711678465569&CODE_STATE=getMsg HTTP/1.1" 200 27
222.70.115.1 - - [29/Mar/2024:10:14:13 +0800] "GET /xingrg/check_reg.html?_=1711678465577 HTTP/1.1" 200 22
222.70.168.57 - - [29/Mar/2024:10:14:15 +0800] "GET /xingrg/all/function/internal_message.html?_=1711678473102&CODE_STATE=getMsg HTTP/1.1" 200 27
101.83.144.49 - - [29/Mar/2024:10:14:20 +0800] "GET /xingrg/all/function/internal_message.html?_=1711678221341&CODE_STATE=getMsg HTTP/1.1" 200 27
116.238.97.31 - - [29/Mar/2024:10:14:25 +0800] "GET /xingrg/all/function/internal_message.html?_=1711678466085&CODE_STATE=getMsg HTTP/1.1" 200 27
101.228.147.14 - - [29/Mar/2024:10:14:27 +0800] "GET /xingrg/all/function/internal_message.html?_=1711678466390&CODE_STATE=getMsg HTTP/1.1" 200 27
124.78.60.103 - - [29/Mar/2024:10:14:29 +0800] "GET /xingrg/check_reg.html?_=1711678469537 HTTP/1.1" 200 22
222.70.183.82 - - [29/Mar/2024:10:14:31 +0800] "GET /xingrg/all/function/internal_message.html?_=1711678468834&CODE_STATE=getMsg HTTP/1.1" 200 27
180.164.1.25 - - [29/Mar/2024:10:14:34 +0800] "GET /xingrg/all/function/internal_message.html?_=1711678473965&CODE_STATE=getMsg HTTP/1.1" 200 27
101.83.144.49 - - [29/Mar/2024:10:14:36 +0800] "GET /xingrg/all/function/internal_message.html?_=1711678476270&CODE_STATE=getMsg HTTP/1.1" 200 27
124.78.154.173 - - [29/Mar/2024:10:14:44 +0800] "GET /xingrg/all/function/internal_message.html?_=1711678484767&CODE_STATE=getMsg HTTP/1.1" 200 27
124.78.154.173 - - [29/Mar/2024:10:14:44 +0800] "GET /xingrg/check_reg.html?_=1711678484768 HTTP/1.1" 200 22
180.169.147.146 - - [29/Mar/2024:10:14:45 +0800] "GET /xingrg/all/function/internal_message.html?_=1711678485674&CODE_STATE=getMsg HTTP/1.1" 200 27
222.69.135.32 - - [29/Mar/2024:10:14:47 +0800] "GET /xingrg/all/function/internal_message.html?_=1711678489686&CODE_STATE=getMsg HTTP/1.1" 200 27
116.224.254.208 - - [29/Mar/2024:10:14:52 +0800] "GET /xingrg/check_reg.html?_=1711678492531 HTTP/1.1" 200 22
116.224.254.208 - - [29/Mar/2024:10:14:52 +0800] "GET /xingrg/all/function/internal_message.html?_=1711678492537&CODE_STATE=getMsg HTTP/1.1" 200 27
114.85.113.46 - - [29/Mar/2024:10:14:53 +0800] "GET /xingrg/all/function/internal_message.html?_=1711678492058&CODE_STATE=getMsg HTTP/1.1" 200 27
124.78.60.103 - - [29/Mar/2024:10:14:57 +0800] "GET /xingrg/all/function/internal_message.html?_=1711678496987&CODE_STATE=getMsg HTTP/1.1" 200 27
116.232.194.112 - - [29/Mar/2024:10:14:57 +0800] "GET /xingrg/all/function/internal_message.html?_=1711678460597&CODE_STATE=getMsg HTTP/1.1" 200 27
180.171.58.249 - - [29/Mar/2024:10:14:58 +0800] "GET /xingrg/check_reg.html?_=1711678506019 HTTP/1.1" 302 -
222.70.115.1 - - [29/Mar/2024:10:15:13 +0800] "GET /xingrg/all/function/internal_message.html?_=1711678525562&CODE_STATE=getMsg HTTP/1.1" 200 27
116.238.97.31 - - [29/Mar/2024:10:15:14 +0800] "GET /xingrg/kc/base/wldb_order_list.html HTTP/1.1" 200 19051
222.70.168.57 - - [29/Mar/2024:10:15:15 +0800] "GET /xingrg/all/function/internal_message.html?_=1711678533109&CODE_STATE=getMsg HTTP/1.1" 200 27
116.238.97.31 - - [29/Mar/2024:10:15:15 +0800] "POST /xingrg/kc/base/wldb_list_operate.html HTTP/1.1" 200 928
116.238.97.31 - - [29/Mar/2024:10:15:16 +0800] "GET /xingrg/kc/base/wldb_order_add.html HTTP/1.1" 200 30378
116.238.97.31 - - [29/Mar/2024:10:15:16 +0800] "POST /xingrg/kc/base/wldb_order_operate.html HTTP/1.1" 200 6806
116.238.97.31 - - [29/Mar/2024:10:15:16 +0800] "GET /xingrg/javascript/easyui/themes/default/validatebox.css HTTP/1.1" 404 1104
116.238.97.31 - - [29/Mar/2024:10:15:17 +0800] "POST /xingrg/all/common/load_combo.html?type=base HTTP/1.1" 200 3321
101.83.144.49 - - [29/Mar/2024:10:15:20 +0800] "GET /xingrg/all/function/internal_message.html?_=1711678281342&CODE_STATE=getMsg HTTP/1.1" 200 27
101.83.144.49 - - [29/Mar/2024:10:15:20 +0800] "GET /xingrg/check_reg.html?_=1711678281345 HTTP/1.1" 200 22
116.238.97.31 - - [29/Mar/2024:10:15:21 +0800] "GET /xingrg/kc/base/wldb_order_operate.html?command=get_materiel&rest_code=00102&base_code=0010476&code=00101019430 HTTP/1.1" 200 477
116.238.97.31 - - [29/Mar/2024:10:15:25 +0800] "GET /xingrg/all/function/internal_message.html?_=1711678526062&CODE_STATE=getMsg HTTP/1.1" 200 27
101.228.147.14 - - [29/Mar/2024:10:15:27 +0800] "GET /xingrg/all/function/internal_message.html?_=1711678526391&CODE_STATE=getMsg HTTP/1.1" 200 27
222.70.183.82 - - [29/Mar/2024:10:15:31 +0800] "GET /xingrg/all/function/internal_message.html?_=1711678528818&CODE_STATE=getMsg HTTP/1.1" 200 27
222.70.183.82 - - [29/Mar/2024:10:15:31 +0800] "GET /xingrg/check_reg.html?_=1711678529055 HTTP/1.1" 200 22
180.164.1.25 - - [29/Mar/2024:10:15:34 +0800] "GET /xingrg/all/function/internal_message.html?_=1711678533942&CODE_STATE=getMsg HTTP/1.1" 200 27
101.83.144.49 - - [29/Mar/2024:10:15:36 +0800] "GET /xingrg/all/function/internal_message.html?_=1711678536271&CODE_STATE=getMsg HTTP/1.1" 200 27
101.83.144.49 - - [29/Mar/2024:10:15:36 +0800] "GET /xingrg/check_reg.html?_=1711678536275 HTTP/1.1" 200 22
124.78.154.173 - - [29/Mar/2024:10:15:44 +0800] "GET /xingrg/all/function/internal_message.html?_=1711678544769&CODE_STATE=getMsg HTTP/1.1" 200 27
180.169.147.146 - - [29/Mar/2024:10:15:45 +0800] "GET /xingrg/check_reg.html?_=1711678545668 HTTP/1.1" 200 22
180.169.147.146 - - [29/Mar/2024:10:15:45 +0800] "GET /xingrg/all/function/internal_message.html?_=1711678545672&CODE_STATE=getMsg HTTP/1.1" 200 27
180.164.1.25 - - [29/Mar/2024:10:15:47 +0800] "GET /xingrg/check_reg.html?_=1711678547415 HTTP/1.1" 200 22
222.69.135.32 - - [29/Mar/2024:10:15:47 +0800] "GET /xingrg/all/function/internal_message.html?_=1711678549679&CODE_STATE=getMsg HTTP/1.1" 200 27
116.224.254.208 - - [29/Mar/2024:10:15:52 +0800] "GET /xingrg/all/function/internal_message.html?_=1711678552532&CODE_STATE=getMsg HTTP/1.1" 200 27
114.85.113.46 - - [29/Mar/2024:10:15:53 +0800] "GET /xingrg/all/function/internal_message.html?_=1711678552058&CODE_STATE=getMsg HTTP/1.1" 200 27
124.78.60.103 - - [29/Mar/2024:10:15:56 +0800] "GET /xingrg/all/function/internal_message.html?_=1711678556975&CODE_STATE=getMsg HTTP/1.1" 200 27
116.232.194.112 - - [29/Mar/2024:10:15:57 +0800] "GET /xingrg/all/function/internal_message.html?_=1711678520591&CODE_STATE=getMsg HTTP/1.1" 200 27
116.232.194.112 - - [29/Mar/2024:10:15:57 +0800] "GET /xingrg/check_reg.html?_=1711678520595 HTTP/1.1" 200 22
222.70.115.1 - - [29/Mar/2024:10:16:13 +0800] "GET /xingrg/all/function/internal_message.html?_=1711678585567&CODE_STATE=getMsg HTTP/1.1" 200 27
222.70.168.57 - - [29/Mar/2024:10:16:15 +0800] "GET /xingrg/all/function/internal_message.html?_=1711678593728&CODE_STATE=getMsg HTTP/1.1" 200 27
101.83.144.49 - - [29/Mar/2024:10:16:20 +0800] "GET /xingrg/all/function/internal_message.html?_=1711678341345&CODE_STATE=getMsg HTTP/1.1" 200 27
116.238.97.31 - - [29/Mar/2024:10:16:25 +0800] "GET /xingrg/all/function/internal_message.html?_=1711678586041&CODE_STATE=getMsg HTTP/1.1" 200 27
116.238.97.31 - - [29/Mar/2024:10:16:26 +0800] "GET /xingrg/check_reg.html?_=1711678587228 HTTP/1.1" 200 22
101.228.147.14 - - [29/Mar/2024:10:16:27 +0800] "GET /xingrg/all/function/internal_message.html?_=1711678586391&CODE_STATE=getMsg HTTP/1.1" 200 27
222.70.183.82 - - [29/Mar/2024:10:16:31 +0800] "GET /xingrg/all/function/internal_message.html?_=1711678588799&CODE_STATE=getMsg HTTP/1.1" 200 27
180.164.1.25 - - [29/Mar/2024:10:16:34 +0800] "GET /xingrg/all/function/internal_message.html?_=1711678593929&CODE_STATE=getMsg HTTP/1.1" 200 27
101.83.144.49 - - [29/Mar/2024:10:16:36 +0800] "GET /xingrg/all/function/internal_message.html?_=1711678596277&CODE_STATE=getMsg HTTP/1.1" 200 27
222.70.168.57 - - [29/Mar/2024:10:16:39 +0800] "GET /xingrg/check_reg.html?_=1711678617114 HTTP/1.1" 200 22
124.78.154.173 - - [29/Mar/2024:10:16:44 +0800] "GET /xingrg/all/function/internal_message.html?_=1711678604770&CODE_STATE=getMsg HTTP/1.1" 200 27
180.169.147.146 - - [29/Mar/2024:10:16:45 +0800] "GET /xingrg/all/function/internal_message.html?_=1711678605671&CODE_STATE=getMsg HTTP/1.1" 200 27
222.69.135.32 - - [29/Mar/2024:10:16:47 +0800] "GET /xingrg/check_reg.html?_=1711678609668 HTTP/1.1" 200 22
222.69.135.32 - - [29/Mar/2024:10:16:47 +0800] "GET /xingrg/all/function/internal_message.html?_=1711678609671&CODE_STATE=getMsg HTTP/1.1" 200 27
116.224.254.208 - - [29/Mar/2024:10:16:52 +0800] "GET /xingrg/all/function/internal_message.html?_=1711678612533&CODE_STATE=getMsg HTTP/1.1" 200 27
114.85.113.46 - - [29/Mar/2024:10:16:53 +0800] "GET /xingrg/all/function/internal_message.html?_=1711678612062&CODE_STATE=getMsg HTTP/1.1" 200 27
124.78.60.103 - - [29/Mar/2024:10:16:56 +0800] "GET /xingrg/all/function/internal_message.html?_=1711678616948&CODE_STATE=getMsg HTTP/1.1" 200 27
116.232.194.112 - - [29/Mar/2024:10:16:57 +0800] "GET /xingrg/all/function/internal_message.html?_=1711678580591&CODE_STATE=getMsg HTTP/1.1" 200 27
124.79.241.4 - - [29/Mar/2024:10:17:07 +0800] "GET /xingrg/index.html?sysBaseUrl=http%3A%2F%2F180.169.147.146%3A18081%2Fxingrg%2F&costTime=836×tamp=1711623877498 HTTP/1.1" 302 -
124.79.241.4 - - [29/Mar/2024:10:17:07 +0800] "GET /xingrg/login.html HTTP/1.1" 200 7641
124.79.241.4 - - [29/Mar/2024:10:17:12 +0800] "GET /favicon.ico HTTP/1.1" 404 -
222.70.115.1 - - [29/Mar/2024:10:17:13 +0800] "GET /xingrg/all/function/internal_message.html?_=1711678645567&CODE_STATE=getMsg HTTP/1.1" 200 27
222.70.168.57 - - [29/Mar/2024:10:17:15 +0800] "GET /xingrg/all/function/internal_message.html?_=1711678653729&CODE_STATE=getMsg HTTP/1.1" 200 27
101.83.144.49 - - [29/Mar/2024:10:17:20 +0800] "GET /xingrg/all/function/internal_message.html?_=1711678401348&CODE_STATE=getMsg HTTP/1.1" 200 27
116.238.97.31 - - [29/Mar/2024:10:17:25 +0800] "GET /xingrg/all/function/internal_message.html?_=1711678646023&CODE_STATE=getMsg HTTP/1.1" 200 27
101.228.147.14 - - [29/Mar/2024:10:17:28 +0800] "GET /xingrg/check_reg.html?_=1711678646405 HTTP/1.1" 200 22
101.228.147.14 - - [29/Mar/2024:10:17:28 +0800] "GET /xingrg/all/function/internal_message.html?_=1711678646414&CODE_STATE=getMsg HTTP/1.1" 200 27
222.70.183.82 - - [29/Mar/2024:10:17:31 +0800] "GET /xingrg/all/function/internal_message.html?_=1711678648784&CODE_STATE=getMsg HTTP/1.1" 200 27
180.164.1.25 - - [29/Mar/2024:10:17:34 +0800] "GET /xingrg/all/function/internal_message.html?_=1711678653907&CODE_STATE=getMsg HTTP/1.1" 200 27
101.83.144.49 - - [29/Mar/2024:10:17:36 +0800] "GET /xingrg/all/function/internal_message.html?_=1711678656278&CODE_STATE=getMsg HTTP/1.1" 200 27
124.78.154.173 - - [29/Mar/2024:10:17:44 +0800] "GET /xingrg/all/function/internal_message.html?_=1711678664774&CODE_STATE=getMsg HTTP/1.1" 200 27
180.169.147.146 - - [29/Mar/2024:10:17:45 +0800] "GET /xingrg/all/function/internal_message.html?_=1711678665667&CODE_STATE=getMsg HTTP/1.1" 200 27
120.253.135.82 - - [29/Mar/2024:10:17:47 +0800] "GET /xingrg/check_reg.html?_=1711678509603 HTTP/1.1" 200 22
222.69.135.32 - - [29/Mar/2024:10:17:47 +0800] "GET /xingrg/all/function/internal_message.html?_=1711678669680&CODE_STATE=getMsg HTTP/1.1" 200 27
124.79.241.4 - - [29/Mar/2024:10:17:50 +0800] "POST /xingrg/login.do HTTP/1.1" 302 -
124.79.241.4 - - [29/Mar/2024:10:17:50 +0800] "GET /xingrg/index.html?sysBaseUrl=http%3A%2F%2F180.169.147.146%3A18081%2Fxingrg%2F&costTime=795×tamp=1711678670310 HTTP/1.1" 200 17179
124.79.241.4 - - [29/Mar/2024:10:17:50 +0800] "GET /favicon.ico HTTP/1.1" 404 -
124.79.241.4 - - [29/Mar/2024:10:17:50 +0800] "GET /xingrg/all/function/internal_message.html?_=1711678695730&CODE_STATE=count HTTP/1.1" 200 11
124.79.241.4 - - [29/Mar/2024:10:17:50 +0800] "GET /xingrg/check_reg.html?_=1711678695731 HTTP/1.1" 200 22
124.79.241.4 - - [29/Mar/2024:10:17:50 +0800] "POST /xingrg/all/common/load_tree.html?tree=area_rest_tree_json&manage=1 HTTP/1.1" 200 351
124.79.241.4 - - [29/Mar/2024:10:17:51 +0800] "POST /xingrg/load_menu.html HTTP/1.1" 200 5138
116.224.254.208 - - [29/Mar/2024:10:17:52 +0800] "GET /xingrg/all/function/internal_message.html?_=1711678672524&CODE_STATE=getMsg HTTP/1.1" 200 27
114.85.113.46 - - [29/Mar/2024:10:17:53 +0800] "GET /xingrg/all/function/internal_message.html?_=1711678672061&CODE_STATE=getMsg HTTP/1.1" 200 27
124.78.60.103 - - [29/Mar/2024:10:17:56 +0800] "GET /xingrg/all/function/internal_message.html?_=1711678676927&CODE_STATE=getMsg HTTP/1.1" 200 27
116.232.194.112 - - [29/Mar/2024:10:17:57 +0800] "GET /xingrg/all/function/internal_message.html?_=1711678640591&CODE_STATE=getMsg HTTP/1.1" 200 27
124.79.241.4 - - [29/Mar/2024:10:17:58 +0800] "GET /xingrg/kc/buy/cgsh_order_list.html HTTP/1.1" 200 58011
124.79.241.4 - - [29/Mar/2024:10:18:02 +0800] "POST /xingrg/kc/buy/cgsh_list_operate.html HTTP/1.1" 200 645
222.70.115.1 - - [29/Mar/2024:10:18:13 +0800] "GET /xingrg/all/function/internal_message.html?_=1711678705558&CODE_STATE=getMsg HTTP/1.1" 200 27
222.70.168.57 - - [29/Mar/2024:10:18:15 +0800] "GET /xingrg/all/function/internal_message.html?_=1711678713742&CODE_STATE=getMsg HTTP/1.1" 200 27
101.83.144.49 - - [29/Mar/2024:10:18:20 +0800] "GET /xingrg/all/function/internal_message.html?_=1711678461342&CODE_STATE=getMsg HTTP/1.1" 200 27
114.85.113.46 - - [29/Mar/2024:10:18:23 +0800] "GET /xingrg/check_reg.html?_=1711678701862 HTTP/1.1" 200 22
116.238.97.31 - - [29/Mar/2024:10:18:25 +0800] "GET /xingrg/all/function/internal_message.html?_=1711678705998&CODE_STATE=getMsg HTTP/1.1" 200 27
101.228.147.14 - - [29/Mar/2024:10:18:27 +0800] "GET /xingrg/all/function/internal_message.html?_=1711678706397&CODE_STATE=getMsg HTTP/1.1" 200 27
222.70.183.82 - - [29/Mar/2024:10:18:31 +0800] "GET /xingrg/all/function/internal_message.html?_=1711678708774&CODE_STATE=getMsg HTTP/1.1" 200 27
180.164.1.25 - - [29/Mar/2024:10:18:34 +0800] "GET /xingrg/all/function/internal_message.html?_=1711678713896&CODE_STATE=getMsg HTTP/1.1" 200 27
101.83.144.49 - - [29/Mar/2024:10:18:36 +0800] "GET /xingrg/all/function/internal_message.html?_=1711678716278&CODE_STATE=getMsg HTTP/1.1" 200 27
180.171.58.249 - - [29/Mar/2024:10:18:44 +0800] "GET /xingrg/check_reg.html?_=1711678731469 HTTP/1.1" 302 -
124.78.154.173 - - [29/Mar/2024:10:18:44 +0800] "GET /xingrg/all/function/internal_message.html?_=1711678724773&CODE_STATE=getMsg HTTP/1.1" 200 27
180.169.147.146 - - [29/Mar/2024:10:18:45 +0800] "GET /xingrg/all/function/internal_message.html?_=1711678725669&CODE_STATE=getMsg HTTP/1.1" 200 27
222.69.135.32 - - [29/Mar/2024:10:18:47 +0800] "GET /xingrg/all/function/internal_message.html?_=1711678729671&CODE_STATE=getMsg HTTP/1.1" 200 27
124.79.241.4 - - [29/Mar/2024:10:18:50 +0800] "GET /xingrg/all/function/internal_message.html?_=1711678755740&CODE_STATE=getMsg HTTP/1.1" 200 27
116.224.254.208 - - [29/Mar/2024:10:18:52 +0800] "GET /xingrg/all/function/internal_message.html?_=1711678732528&CODE_STATE=getMsg HTTP/1.1" 200 27
114.85.113.46 - - [29/Mar/2024:10:18:53 +0800] "GET /xingrg/all/function/internal_message.html?_=1711678732073&CODE_STATE=getMsg HTTP/1.1" 200 27
116.232.194.112 - - [29/Mar/2024:10:18:55 +0800] "POST /xingrg/kc/buy/cgsh_list_operate.html HTTP/1.1" 200 4
124.78.60.103 - - [29/Mar/2024:10:18:56 +0800] "GET /xingrg/all/function/internal_message.html?_=1711678736912&CODE_STATE=getMsg HTTP/1.1" 200 27
116.232.194.112 - - [29/Mar/2024:10:18:58 +0800] "GET /xingrg/all/function/internal_message.html?_=1711678701845&CODE_STATE=getMsg HTTP/1.1" 200 27
116.232.194.112 - - [29/Mar/2024:10:19:00 +0800] "POST /xingrg/kc/buy/cgsh_list_operate.html HTTP/1.1" 200 645
222.70.115.1 - - [29/Mar/2024:10:19:13 +0800] "GET /xingrg/all/function/internal_message.html?_=1711678765591&CODE_STATE=getMsg HTTP/1.1" 200 27
222.70.115.1 - - [29/Mar/2024:10:19:13 +0800] "GET /xingrg/check_reg.html?_=1711678765599 HTTP/1.1" 200 22
222.70.168.57 - - [29/Mar/2024:10:19:16 +0800] "GET /xingrg/all/function/internal_message.html?_=1711678774251&CODE_STATE=getMsg HTTP/1.1" 200 27
101.83.144.49 - - [29/Mar/2024:10:19:20 +0800] "GET /xingrg/all/function/internal_message.html?_=1711678521345&CODE_STATE=getMsg HTTP/1.1" 200 27
124.79.241.4 - - [29/Mar/2024:10:19:24 +0800] "GET /xingrg/kc/buy/cgsh_order_add.html HTTP/1.1" 200 73827
116.238.97.31 - - [29/Mar/2024:10:19:24 +0800] "GET /xingrg/all/function/internal_message.html?_=1711678765985&CODE_STATE=getMsg HTTP/1.1" 200 27
124.79.241.4 - - [29/Mar/2024:10:19:25 +0800] "GET /xingrg/words/20240327135526_words.js HTTP/1.1" 304 -
124.79.241.4 - - [29/Mar/2024:10:19:25 +0800] "POST /xingrg/kc/buy/cgsh_order_operate.html HTTP/1.1" 200 8245
124.79.241.4 - - [29/Mar/2024:10:19:25 +0800] "GET /xingrg/javascript/easyui/themes/default/validatebox.css HTTP/1.1" 404 1104
124.79.241.4 - - [29/Mar/2024:10:19:25 +0800] "GET /xingrg/all/common/auto_word.html?type=employee&rest_code=00104 HTTP/1.1" 200 245
124.79.241.4 - - [29/Mar/2024:10:19:25 +0800] "GET /xingrg/all/common/auto_word.html?type=employee&rest_code=00104 HTTP/1.1" 200 245
101.228.147.14 - - [29/Mar/2024:10:19:27 +0800] "GET /xingrg/all/function/internal_message.html?_=1711678766380&CODE_STATE=getMsg HTTP/1.1" 200 27
116.232.194.112 - - [29/Mar/2024:10:19:29 +0800] "GET /xingrg/kc/buy/cgyd_order_list.html HTTP/1.1" 200 57477
124.78.60.103 - - [29/Mar/2024:10:19:29 +0800] "GET /xingrg/check_reg.html?_=1711678769520 HTTP/1.1" 200 22
116.232.194.112 - - [29/Mar/2024:10:19:30 +0800] "POST /xingrg/kc/buy/cgyd_list_operate.html HTTP/1.1" 200 976
222.70.183.82 - - [29/Mar/2024:10:19:31 +0800] "GET /xingrg/all/function/internal_message.html?_=1711678768759&CODE_STATE=getMsg HTTP/1.1" 200 27
116.232.194.112 - - [29/Mar/2024:10:19:32 +0800] "GET /xingrg/kc/buy/cgsh_order_list.html HTTP/1.1" 200 58011
180.164.1.25 - - [29/Mar/2024:10:19:34 +0800] "GET /xingrg/all/function/internal_message.html?_=1711678773882&CODE_STATE=getMsg HTTP/1.1" 200 27
116.232.194.112 - - [29/Mar/2024:10:19:34 +0800] "POST /xingrg/kc/buy/cgsh_list_operate.html HTTP/1.1" 200 645
101.83.144.49 - - [29/Mar/2024:10:19:36 +0800] "GET /xingrg/all/function/internal_message.html?_=1711678776279&CODE_STATE=getMsg HTTP/1.1" 200 27
124.78.154.173 - - [29/Mar/2024:10:19:44 +0800] "GET /xingrg/all/function/internal_message.html?_=1711678784789&CODE_STATE=getMsg HTTP/1.1" 200 27
124.78.154.173 - - [29/Mar/2024:10:19:44 +0800] "GET /xingrg/check_reg.html?_=1711678784791 HTTP/1.1" 200 22
180.169.147.146 - - [29/Mar/2024:10:19:45 +0800] "GET /xingrg/all/function/internal_message.html?_=1711678785672&CODE_STATE=getMsg HTTP/1.1" 200 27
222.70.115.1 - - [29/Mar/2024:10:19:47 +0800] "POST /xingrg/services/DataTransmitService HTTP/1.1" 200 524
222.69.135.32 - - [29/Mar/2024:10:19:47 +0800] "GET /xingrg/all/function/internal_message.html?_=1711678789674&CODE_STATE=getMsg HTTP/1.1" 200 27
124.79.241.4 - - [29/Mar/2024:10:19:50 +0800] "GET /xingrg/all/function/internal_message.html?_=1711678815741&CODE_STATE=getMsg HTTP/1.1" 200 27
116.224.254.208 - - [29/Mar/2024:10:19:52 +0800] "GET /xingrg/all/function/internal_message.html?_=1711678792545&CODE_STATE=getMsg HTTP/1.1" 200 27
116.224.254.208 - - [29/Mar/2024:10:19:52 +0800] "GET /xingrg/check_reg.html?_=1711678792549 HTTP/1.1" 200 22
114.85.113.46 - - [29/Mar/2024:10:19:53 +0800] "GET /xingrg/all/function/internal_message.html?_=1711678792061&CODE_STATE=getMsg HTTP/1.1" 200 27
124.78.60.103 - - [29/Mar/2024:10:19:56 +0800] "GET /xingrg/all/function/internal_message.html?_=1711678796891&CODE_STATE=getMsg HTTP/1.1" 200 27
116.232.194.112 - - [29/Mar/2024:10:19:58 +0800] "GET /xingrg/all/function/internal_message.html?_=1711678761855&CODE_STATE=getMsg HTTP/1.1" 200 27
180.171.58.249 - - [29/Mar/2024:10:19:58 +0800] "GET /xingrg/check_reg.html?_=1711678806026 HTTP/1.1" 302 -
222.70.115.1 - - [29/Mar/2024:10:20:13 +0800] "GET /xingrg/all/function/internal_message.html?_=1711678825598&CODE_STATE=getMsg HTTP/1.1" 200 27
222.70.168.57 - - [29/Mar/2024:10:20:16 +0800] "GET /xingrg/all/function/internal_message.html?_=1711678834253&CODE_STATE=getMsg HTTP/1.1" 200 27
101.83.144.49 - - [29/Mar/2024:10:20:20 +0800] "GET /xingrg/check_reg.html?_=1711678581337 HTTP/1.1" 200 22
101.83.144.49 - - [29/Mar/2024:10:20:20 +0800] "GET /xingrg/all/function/internal_message.html?_=1711678581341&CODE_STATE=getMsg HTTP/1.1" 200 27
116.238.97.31 - - [29/Mar/2024:10:20:24 +0800] "GET /xingrg/all/function/internal_message.html?_=1711678825970&CODE_STATE=getMsg HTTP/1.1" 200 27
101.228.147.14 - - [29/Mar/2024:10:20:27 +0800] "GET /xingrg/all/function/internal_message.html?_=1711678826381&CODE_STATE=getMsg HTTP/1.1" 200 27
222.70.183.82 - - [29/Mar/2024:10:20:31 +0800] "GET /xingrg/all/function/internal_message.html?_=1711678828749&CODE_STATE=getMsg HTTP/1.1" 200 27
222.70.183.82 - - [29/Mar/2024:10:20:31 +0800] "GET /xingrg/check_reg.html?_=1711678829072 HTTP/1.1" 200 22
180.164.1.25 - - [29/Mar/2024:10:20:34 +0800] "GET /xingrg/all/function/internal_message.html?_=1711678833875&CODE_STATE=getMsg HTTP/1.1" 200 27
101.83.144.49 - - [29/Mar/2024:10:20:36 +0800] "GET /xingrg/check_reg.html?_=1711678836267 HTTP/1.1" 200 22
101.83.144.49 - - [29/Mar/2024:10:20:36 +0800] "GET /xingrg/all/function/internal_message.html?_=1711678836270&CODE_STATE=getMsg HTTP/1.1" 200 27
124.78.154.173 - - [29/Mar/2024:10:20:44 +0800] "GET /xingrg/all/function/internal_message.html?_=1711678844791&CODE_STATE=getMsg HTTP/1.1" 200 27
180.169.147.146 - - [29/Mar/2024:10:20:45 +0800] "GET /xingrg/check_reg.html?_=1711678845668 HTTP/1.1" 200 22
180.169.147.146 - - [29/Mar/2024:10:20:45 +0800] "GET /xingrg/all/function/internal_message.html?_=1711678845671&CODE_STATE=getMsg HTTP/1.1" 200 27
180.164.1.25 - - [29/Mar/2024:10:20:47 +0800] "GET /xingrg/check_reg.html?_=1711678847396 HTTP/1.1" 200 22
222.69.135.32 - - [29/Mar/2024:10:20:47 +0800] "GET /xingrg/all/function/internal_message.html?_=1711678849677&CODE_STATE=getMsg HTTP/1.1" 200 27
124.79.241.4 - - [29/Mar/2024:10:20:50 +0800] "GET /xingrg/all/function/internal_message.html?_=1711678875738&CODE_STATE=getMsg HTTP/1.1" 200 27
116.224.254.208 - - [29/Mar/2024:10:20:52 +0800] "GET /xingrg/all/function/internal_message.html?_=1711678852545&CODE_STATE=getMsg HTTP/1.1" 200 27
114.85.113.46 - - [29/Mar/2024:10:20:53 +0800] "GET /xingrg/all/function/internal_message.html?_=1711678852064&CODE_STATE=getMsg HTTP/1.1" 200 27
124.78.60.103 - - [29/Mar/2024:10:20:56 +0800] "GET /xingrg/all/function/internal_message.html?_=1711678856869&CODE_STATE=getMsg HTTP/1.1" 200 27
116.232.194.112 - - [29/Mar/2024:10:20:57 +0800] "GET /xingrg/check_reg.html?_=1711678820586 HTTP/1.1" 200 22
116.232.194.112 - - [29/Mar/2024:10:20:58 +0800] "GET /xingrg/all/function/internal_message.html?_=1711678821838&CODE_STATE=getMsg HTTP/1.1" 200 27
222.70.168.57 - - [29/Mar/2024:10:21:07 +0800] "GET /xingrg/kc/buy/cgsh_order_add.html HTTP/1.1" 200 73780
222.70.168.57 - - [29/Mar/2024:10:21:10 +0800] "POST /xingrg/kc/buy/cgsh_order_operate.html HTTP/1.1" 200 8245
222.70.168.57 - - [29/Mar/2024:10:21:10 +0800] "GET /xingrg/javascript/easyui/themes/default/validatebox.css HTTP/1.1" 404 1104
222.70.115.1 - - [29/Mar/2024:10:21:13 +0800] "GET /xingrg/all/function/internal_message.html?_=1711678885589&CODE_STATE=getMsg HTTP/1.1" 200 27
222.70.168.57 - - [29/Mar/2024:10:21:16 +0800] "GET /xingrg/all/function/internal_message.html?_=1711678894267&CODE_STATE=getMsg HTTP/1.1" 200 27
101.83.144.49 - - [29/Mar/2024:10:21:20 +0800] "GET /xingrg/all/function/internal_message.html?_=1711678641349&CODE_STATE=getMsg HTTP/1.1" 200 27
116.238.97.31 - - [29/Mar/2024:10:21:24 +0800] "GET /xingrg/all/function/internal_message.html?_=1711678885950&CODE_STATE=getMsg HTTP/1.1" 200 27
116.238.97.31 - - [29/Mar/2024:10:21:26 +0800] "GET /xingrg/check_reg.html?_=1711678887236 HTTP/1.1" 200 22
101.228.147.14 - - [29/Mar/2024:10:21:27 +0800] "GET /xingrg/all/function/internal_message.html?_=1711678886396&CODE_STATE=getMsg HTTP/1.1" 200 27
222.70.183.82 - - [29/Mar/2024:10:21:31 +0800] "GET /xingrg/all/function/internal_message.html?_=1711678888730&CODE_STATE=getMsg HTTP/1.1" 200 27
222.70.168.57 - - [29/Mar/2024:10:21:32 +0800] "GET /xingrg/kc/buy/cgsh_order_operate.html?command=get_materiel&rest_code=00146&code=00101010161&supplier_code=00100041&order_time=2024-03-29 HTTP/1.1" 200 408
180.164.1.25 - - [29/Mar/2024:10:21:34 +0800] "GET /xingrg/all/function/internal_message.html?_=1711678893855&CODE_STATE=getMsg HTTP/1.1" 200 27
101.83.144.49 - - [29/Mar/2024:10:21:36 +0800] "GET /xingrg/all/function/internal_message.html?_=1711678896271&CODE_STATE=getMsg HTTP/1.1" 200 27
222.70.168.57 - - [29/Mar/2024:10:21:39 +0800] "GET /xingrg/check_reg.html?_=1711678917128 HTTP/1.1" 200 22
124.78.154.173 - - [29/Mar/2024:10:21:44 +0800] "GET /xingrg/all/function/internal_message.html?_=1711678904790&CODE_STATE=getMsg HTTP/1.1" 200 27
180.169.147.146 - - [29/Mar/2024:10:21:45 +0800] "GET /xingrg/all/function/internal_message.html?_=1711678905666&CODE_STATE=getMsg HTTP/1.1" 200 27
116.238.97.31 - - [29/Mar/2024:10:21:45 +0800] "GET /xingrg/kc/base/wldb_order_operate.html?command=get_materiel&rest_code=00102&base_code=0010476&code=00101020144 HTTP/1.1" 200 448
222.69.135.32 - - [29/Mar/2024:10:21:47 +0800] "GET /xingrg/check_reg.html?_=1711678909692 HTTP/1.1" 200 22
222.69.135.32 - - [29/Mar/2024:10:21:47 +0800] "GET /xingrg/all/function/internal_message.html?_=1711678909695&CODE_STATE=getMsg HTTP/1.1" 200 27
124.79.241.4 - - [29/Mar/2024:10:21:50 +0800] "GET /xingrg/all/function/internal_message.html?_=1711678935742&CODE_STATE=getMsg HTTP/1.1" 200 27
116.224.254.208 - - [29/Mar/2024:10:21:52 +0800] "GET /xingrg/all/function/internal_message.html?_=1711678912534&CODE_STATE=getMsg HTTP/1.1" 200 27
114.85.113.46 - - [29/Mar/2024:10:21:53 +0800] "GET /xingrg/all/function/internal_message.html?_=1711678912081&CODE_STATE=getMsg HTTP/1.1" 200 27
124.78.60.103 - - [29/Mar/2024:10:21:56 +0800] "GET /xingrg/all/function/internal_message.html?_=1711678916852&CODE_STATE=getMsg HTTP/1.1" 200 27
116.232.194.112 - - [29/Mar/2024:10:21:58 +0800] "GET /xingrg/all/function/internal_message.html?_=1711678881815&CODE_STATE=getMsg HTTP/1.1" 200 27
116.238.97.31 - - [29/Mar/2024:10:22:03 +0800] "GET /xingrg/login.html HTTP/1.1" 200 7641
116.238.97.31 - - [29/Mar/2024:10:22:04 +0800] "GET /favicon.ico HTTP/1.1" 404 -
116.238.97.31 - - [29/Mar/2024:10:22:07 +0800] "POST /xingrg/login.do HTTP/1.1" 302 -
116.238.97.31 - - [29/Mar/2024:10:22:07 +0800] "GET /xingrg/index.html?sysBaseUrl=http%3A%2F%2F180.169.147.146%3A18081%2Fxingrg%2F&costTime=840×tamp=1711678927431 HTTP/1.1" 200 17173
222.70.168.57 - - [29/Mar/2024:10:22:09 +0800] "GET /xingrg/kc/buy/cgsh_order_operate.html?command=get_materiel&rest_code=00146&code=00101001032&supplier_code=00100041&order_time=2024-03-29 HTTP/1.1" 200 415
116.238.97.31 - - [29/Mar/2024:10:22:10 +0800] "GET /favicon.ico HTTP/1.1" 404 -
116.238.97.31 - - [29/Mar/2024:10:22:10 +0800] "POST /xingrg/all/common/load_tree.html?tree=area_rest_tree_json&manage=1 HTTP/1.1" 200 342
116.238.97.31 - - [29/Mar/2024:10:22:11 +0800] "GET /xingrg/all/function/internal_message.html?_=1711678958951&CODE_STATE=count HTTP/1.1" 200 11
116.238.97.31 - - [29/Mar/2024:10:22:11 +0800] "GET /xingrg/check_reg.html?_=1711678958952 HTTP/1.1" 200 22
116.238.97.31 - - [29/Mar/2024:10:22:11 +0800] "POST /xingrg/load_menu.html HTTP/1.1" 200 5138
222.70.115.1 - - [29/Mar/2024:10:22:13 +0800] "GET /xingrg/all/function/internal_message.html?_=1711678945595&CODE_STATE=getMsg HTTP/1.1" 200 27
116.238.97.31 - - [29/Mar/2024:10:22:14 +0800] "GET /xingrg/kc/base/wldb_order_list.html HTTP/1.1" 200 19051
116.238.97.31 - - [29/Mar/2024:10:22:16 +0800] "POST /xingrg/kc/base/wldb_list_operate.html HTTP/1.1" 200 928
222.70.168.57 - - [29/Mar/2024:10:22:16 +0800] "GET /xingrg/all/function/internal_message.html?_=1711678954279&CODE_STATE=getMsg HTTP/1.1" 200 27
116.238.97.31 - - [29/Mar/2024:10:22:16 +0800] "GET /xingrg/kc/base/wldb_order_add.html HTTP/1.1" 200 30382
116.238.97.31 - - [29/Mar/2024:10:22:17 +0800] "GET /xingrg/words/20240327135526_words.js HTTP/1.1" 304 -
116.238.97.31 - - [29/Mar/2024:10:22:17 +0800] "POST /xingrg/kc/base/wldb_order_operate.html HTTP/1.1" 200 6806
116.238.97.31 - - [29/Mar/2024:10:22:17 +0800] "GET /xingrg/all/common/auto_word.html?type=base&rest_code=00102 HTTP/1.1" 200 1857
116.238.97.31 - - [29/Mar/2024:10:22:17 +0800] "GET /xingrg/all/common/auto_word.html?type=base&rest_code=00102 HTTP/1.1" 200 1857
116.238.97.31 - - [29/Mar/2024:10:22:17 +0800] "GET /xingrg/javascript/easyui/themes/default/validatebox.css HTTP/1.1" 404 1104
101.83.144.49 - - [29/Mar/2024:10:22:20 +0800] "GET /xingrg/all/function/internal_message.html?_=1711678701347&CODE_STATE=getMsg HTTP/1.1" 200 27
116.238.97.31 - - [29/Mar/2024:10:22:24 +0800] "GET /xingrg/javascript/auto/indicator.gif HTTP/1.1" 404 1066
116.238.97.31 - - [29/Mar/2024:10:22:24 +0800] "GET /xingrg/all/function/internal_message.html?_=1711678945936&CODE_STATE=getMsg HTTP/1.1" 200 27
116.238.97.31 - - [29/Mar/2024:10:22:24 +0800] "GET /xingrg/javascript/jquery_tools/images/next.gif HTTP/1.1" 404 1086
116.238.97.31 - - [29/Mar/2024:10:22:24 +0800] "GET /xingrg/javascript/jquery_tools/images/prev.gif HTTP/1.1" 404 1086
101.228.147.14 - - [29/Mar/2024:10:22:27 +0800] "GET /xingrg/all/function/internal_message.html?_=1711678946403&CODE_STATE=getMsg HTTP/1.1" 200 27
101.228.147.14 - - [29/Mar/2024:10:22:27 +0800] "GET /xingrg/check_reg.html?_=1711678946404 HTTP/1.1" 200 22
222.70.183.82 - - [29/Mar/2024:10:22:31 +0800] "GET /xingrg/all/function/internal_message.html?_=1711678948715&CODE_STATE=getMsg HTTP/1.1" 200 27
116.238.97.31 - - [29/Mar/2024:10:22:32 +0800] "GET /xingrg/kc/base/wldb_order_operate.html?command=get_materiel&rest_code=00102&base_code=0010481&code=00101004104 HTTP/1.1" 200 427
180.164.1.25 - - [29/Mar/2024:10:22:34 +0800] "GET /xingrg/all/function/internal_message.html?_=1711678953844&CODE_STATE=getMsg HTTP/1.1" 200 27
116.238.97.31 - - [29/Mar/2024:10:22:36 +0800] "GET /xingrg/kc/base/wldb_order_operate.html?command=get_materiel&rest_code=00102&base_code=0010481&code=00101004124 HTTP/1.1" 200 431
101.83.144.49 - - [29/Mar/2024:10:22:36 +0800] "GET /xingrg/all/function/internal_message.html?_=1711678956272&CODE_STATE=getMsg HTTP/1.1" 200 27
116.238.97.31 - - [29/Mar/2024:10:22:42 +0800] "GET /xingrg/kc/base/wldb_order_operate.html?command=get_materiel&rest_code=00102&base_code=0010481&code=00101010039 HTTP/1.1" 200 432
124.78.154.173 - - [29/Mar/2024:10:22:44 +0800] "GET /xingrg/all/function/internal_message.html?_=1711678964793&CODE_STATE=getMsg HTTP/1.1" 200 27
180.169.147.146 - - [29/Mar/2024:10:22:45 +0800] "GET /xingrg/all/function/internal_message.html?_=1711678965673&CODE_STATE=getMsg HTTP/1.1" 200 27
120.253.135.82 - - [29/Mar/2024:10:22:47 +0800] "GET /xingrg/check_reg.html?_=1711678809615 HTTP/1.1" 200 22
222.69.135.32 - - [29/Mar/2024:10:22:47 +0800] "GET /xingrg/all/function/internal_message.html?_=1711678969675&CODE_STATE=getMsg HTTP/1.1" 200 27
222.70.168.57 - - [29/Mar/2024:10:22:48 +0800] "GET /xingrg/kc/buy/cgsh_order_operate.html?command=get_materiel&rest_code=00146&code=00101005037&supplier_code=00100041&order_time=2024-03-29 HTTP/1.1" 200 409
116.238.97.31 - - [29/Mar/2024:10:22:48 +0800] "GET /xingrg/kc/base/wldb_order_operate.html?command=get_materiel&rest_code=00102&base_code=0010481&code=00101004006 HTTP/1.1" 200 444
124.79.241.4 - - [29/Mar/2024:10:22:50 +0800] "GET /xingrg/check_reg.html?_=1711678995738 HTTP/1.1" 200 22
124.79.241.4 - - [29/Mar/2024:10:22:50 +0800] "GET /xingrg/all/function/internal_message.html?_=1711678995739&CODE_STATE=getMsg HTTP/1.1" 200 27
116.224.254.208 - - [29/Mar/2024:10:22:52 +0800] "GET /xingrg/all/function/internal_message.html?_=1711678972525&CODE_STATE=getMsg HTTP/1.1" 200 27
114.85.113.46 - - [29/Mar/2024:10:22:53 +0800] "GET /xingrg/all/function/internal_message.html?_=1711678972081&CODE_STATE=getMsg HTTP/1.1" 200 27
124.78.60.103 - - [29/Mar/2024:10:22:56 +0800] "GET /xingrg/all/function/internal_message.html?_=1711678976831&CODE_STATE=getMsg HTTP/1.1" 200 27
116.232.194.112 - - [29/Mar/2024:10:22:58 +0800] "GET /xingrg/all/function/internal_message.html?_=1711678941790&CODE_STATE=getMsg HTTP/1.1" 200 27
222.70.168.57 - - [29/Mar/2024:10:23:01 +0800] "GET /xingrg/kc/buy/cgsh_order_operate.html?command=get_materiel&rest_code=00146&code=00101018011&supplier_code=00100041&order_time=2024-03-29 HTTP/1.1" 200 413
116.238.97.31 - - [29/Mar/2024:10:23:05 +0800] "GET /xingrg/kc/base/wldb_order_operate.html?command=get_materiel&rest_code=00102&base_code=0010481&code=00101014141 HTTP/1.1" 200 434
116.238.97.31 - - [29/Mar/2024:10:23:11 +0800] "GET /xingrg/all/function/internal_message.html?_=1711679018972&CODE_STATE=getMsg HTTP/1.1" 200 27
222.70.115.1 - - [29/Mar/2024:10:23:13 +0800] "GET /xingrg/all/function/internal_message.html?_=1711679005585&CODE_STATE=getMsg HTTP/1.1" 200 27
222.70.168.57 - - [29/Mar/2024:10:23:13 +0800] "GET /xingrg/kc/buy/cgsh_order_operate.html?command=get_materiel&rest_code=00146&code=00101001318&supplier_code=00100041&order_time=2024-03-29 HTTP/1.1" 200 413
222.70.168.57 - - [29/Mar/2024:10:23:16 +0800] "GET /xingrg/all/function/internal_message.html?_=1711679014293&CODE_STATE=getMsg HTTP/1.1" 200 27
101.83.144.49 - - [29/Mar/2024:10:23:20 +0800] "GET /xingrg/all/function/internal_message.html?_=1711678761339&CODE_STATE=getMsg HTTP/1.1" 200 27
114.85.113.46 - - [29/Mar/2024:10:23:23 +0800] "GET /xingrg/check_reg.html?_=1711679001849 HTTP/1.1" 200 22
116.238.97.31 - - [29/Mar/2024:10:23:24 +0800] "GET /xingrg/all/function/internal_message.html?_=1711679005914&CODE_STATE=getMsg HTTP/1.1" 200 27
101.228.147.14 - - [29/Mar/2024:10:23:27 +0800] "GET /xingrg/all/function/internal_message.html?_=1711679006394&CODE_STATE=getMsg HTTP/1.1" 200 27
222.70.183.82 - - [29/Mar/2024:10:23:31 +0800] "GET /xingrg/all/function/internal_message.html?_=1711679008702&CODE_STATE=getMsg HTTP/1.1" 200 27
180.164.1.25 - - [29/Mar/2024:10:23:34 +0800] "GET /xingrg/all/function/internal_message.html?_=1711679013827&CODE_STATE=getMsg HTTP/1.1" 200 27
101.83.144.49 - - [29/Mar/2024:10:23:36 +0800] "GET /xingrg/all/function/internal_message.html?_=1711679016274&CODE_STATE=getMsg HTTP/1.1" 200 27
180.171.58.249 - - [29/Mar/2024:10:23:44 +0800] "GET /xingrg/check_reg.html?_=1711679031446 HTTP/1.1" 302 -
124.78.154.173 - - [29/Mar/2024:10:23:44 +0800] "GET /xingrg/all/function/internal_message.html?_=1711679024793&CODE_STATE=getMsg HTTP/1.1" 200 27
180.169.147.146 - - [29/Mar/2024:10:23:45 +0800] "GET /xingrg/all/function/internal_message.html?_=1711679025668&CODE_STATE=getMsg HTTP/1.1" 200 27
222.69.135.32 - - [29/Mar/2024:10:23:47 +0800] "GET /xingrg/all/function/internal_message.html?_=1711679029692&CODE_STATE=getMsg HTTP/1.1" 200 27
116.238.97.31 - - [29/Mar/2024:10:23:49 +0800] "GET /xingrg/kc/base/check_order_list.html HTTP/1.1" 200 16170
116.238.97.31 - - [29/Mar/2024:10:23:50 +0800] "POST /xingrg/kc/base/check_list_operate.html HTTP/1.1" 200 781
124.79.241.4 - - [29/Mar/2024:10:23:50 +0800] "GET /xingrg/all/function/internal_message.html?_=1711679055734&CODE_STATE=getMsg HTTP/1.1" 200 27
116.224.254.208 - - [29/Mar/2024:10:23:52 +0800] "GET /xingrg/all/function/internal_message.html?_=1711679032533&CODE_STATE=getMsg HTTP/1.1" 200 27
114.85.113.46 - - [29/Mar/2024:10:23:53 +0800] "GET /xingrg/all/function/internal_message.html?_=1711679032078&CODE_STATE=getMsg HTTP/1.1" 200 27
116.238.97.31 - - [29/Mar/2024:10:23:55 +0800] "POST /xingrg/kc/base/check_list_operate.html HTTP/1.1" 200 781
124.78.60.103 - - [29/Mar/2024:10:23:56 +0800] "GET /xingrg/all/function/internal_message.html?_=1711679036814&CODE_STATE=getMsg HTTP/1.1" 200 27
116.232.194.112 - - [29/Mar/2024:10:23:58 +0800] "GET /xingrg/all/function/internal_message.html?_=1711679001785&CODE_STATE=getMsg HTTP/1.1" 200 27
116.238.97.31 - - [29/Mar/2024:10:24:01 +0800] "POST /xingrg/kc/base/check_list_operate.html HTTP/1.1" 200 4040
116.238.97.31 - - [29/Mar/2024:10:24:03 +0800] "GET /xingrg/kc/base/check_order_info.html?code=452024032400174 HTTP/1.1" 200 22862
116.238.97.31 - - [29/Mar/2024:10:24:03 +0800] "GET /xingrg/dwr/interface/AjaxComOrderService.js HTTP/1.1" 200 18264
116.238.97.31 - - [29/Mar/2024:10:24:03 +0800] "GET /xingrg/dwr/interface/AjaxCheckService.js HTTP/1.1" 200 14003
116.238.97.31 - - [29/Mar/2024:10:24:03 +0800] "GET /xingrg/dwr/engine.js HTTP/1.1" 200 43631
116.238.97.31 - - [29/Mar/2024:10:24:03 +0800] "GET /xingrg/dwr/util.js HTTP/1.1" 304 -
116.238.97.31 - - [29/Mar/2024:10:24:04 +0800] "GET /xingrg/javascript/jquery_easy_ui/themes/icons/exam_new.png HTTP/1.1" 200 756
116.238.97.31 - - [29/Mar/2024:10:24:04 +0800] "POST /xingrg/dwr/call/plaincall/AjaxCheckService.loadOrderItems.dwr HTTP/1.1" 200 32746
222.70.168.57 - - [29/Mar/2024:10:24:06 +0800] "POST /xingrg/kc/buy/cgsh_order_operate.html HTTP/1.1" 200 37
116.238.97.31 - - [29/Mar/2024:10:24:11 +0800] "GET /xingrg/all/function/internal_message.html?_=1711679079016&CODE_STATE=getMsg HTTP/1.1" 200 27
222.70.168.57 - - [29/Mar/2024:10:24:11 +0800] "POST /xingrg/kc/buy/cgsh_order_operate.html HTTP/1.1" 200 5018
222.70.115.1 - - [29/Mar/2024:10:24:13 +0800] "GET /xingrg/all/function/internal_message.html?_=1711679065591&CODE_STATE=getMsg HTTP/1.1" 200 27
222.70.115.1 - - [29/Mar/2024:10:24:13 +0800] "GET /xingrg/check_reg.html?_=1711679065600 HTTP/1.1" 200 22
222.70.168.57 - - [29/Mar/2024:10:24:15 +0800] "GET /xingrg/kc/print/load_data.html?order_code=212024032908578&kc_code=cgsh&condition= HTTP/1.1" 200 1585
222.70.168.57 - - [29/Mar/2024:10:24:17 +0800] "GET /xingrg/all/function/internal_message.html?_=1711679075698&CODE_STATE=getMsg HTTP/1.1" 200 27
101.83.144.49 - - [29/Mar/2024:10:24:20 +0800] "GET /xingrg/all/function/internal_message.html?_=1711678821344&CODE_STATE=getMsg HTTP/1.1" 200 27
222.70.168.57 - - [29/Mar/2024:10:24:24 +0800] "GET /xingrg/kc/buy/cgsh_order_add.html HTTP/1.1" 200 73780
116.238.97.31 - - [29/Mar/2024:10:24:24 +0800] "GET /xingrg/all/function/internal_message.html?_=1711679065898&CODE_STATE=getMsg HTTP/1.1" 200 27
222.70.168.57 - - [29/Mar/2024:10:24:26 +0800] "POST /xingrg/kc/buy/cgsh_order_operate.html HTTP/1.1" 200 8245
222.70.168.57 - - [29/Mar/2024:10:24:26 +0800] "GET /xingrg/javascript/easyui/themes/default/validatebox.css HTTP/1.1" 404 1104
101.228.147.14 - - [29/Mar/2024:10:24:27 +0800] "GET /xingrg/all/function/internal_message.html?_=1711679066393&CODE_STATE=getMsg HTTP/1.1" 200 27
124.78.60.103 - - [29/Mar/2024:10:24:29 +0800] "GET /xingrg/check_reg.html?_=1711679069498 HTTP/1.1" 200 22
222.70.183.82 - - [29/Mar/2024:10:24:31 +0800] "GET /xingrg/all/function/internal_message.html?_=1711679068695&CODE_STATE=getMsg HTTP/1.1" 200 27
124.78.154.173 - - [29/Mar/2024:10:24:31 +0800] "GET /favicon.ico HTTP/1.1" 404 -
180.164.1.25 - - [29/Mar/2024:10:24:34 +0800] "GET /xingrg/all/function/internal_message.html?_=1711679073800&CODE_STATE=getMsg HTTP/1.1" 200 27
101.83.144.49 - - [29/Mar/2024:10:24:36 +0800] "GET /xingrg/all/function/internal_message.html?_=1711679076275&CODE_STATE=getMsg HTTP/1.1" 200 27
124.78.154.173 - - [29/Mar/2024:10:24:40 +0800] "GET /xingrg/login.html?r=1 HTTP/1.1" 200 7641
124.78.154.173 - - [29/Mar/2024:10:24:40 +0800] "GET /xingrg/images/blue/jxLogo.png HTTP/1.1" 304 -
124.78.154.173 - - [29/Mar/2024:10:24:40 +0800] "GET /xingrg/images/blue/login_bg.png HTTP/1.1" 304 -
124.78.154.173 - - [29/Mar/2024:10:24:40 +0800] "GET /xingrg/images/blue/srbg.png HTTP/1.1" 304 -
124.78.154.173 - - [29/Mar/2024:10:24:40 +0800] "GET /xingrg/images/blue/hj.png HTTP/1.1" 304 -
124.78.154.173 - - [29/Mar/2024:10:24:41 +0800] "GET /favicon.ico HTTP/1.1" 404 -
120.253.135.82 - - [29/Mar/2024:10:24:43 +0800] "GET /xingrg/kc/pszx/mdqp_order_list.html?state=10 HTTP/1.1" 200 10319
120.253.135.82 - - [29/Mar/2024:10:24:43 +0800] "GET /xingrg/dwr/interface/AjaxQqpsService.js HTTP/1.1" 200 16326
120.253.135.82 - - [29/Mar/2024:10:24:43 +0800] "GET /xingrg/dwr/interface/AjaxReportQueryService.js HTTP/1.1" 200 13203
120.253.135.82 - - [29/Mar/2024:10:24:43 +0800] "GET /xingrg/dwr/engine.js HTTP/1.1" 200 43631
124.78.154.173 - - [29/Mar/2024:10:24:44 +0800] "POST /xingrg/login.do HTTP/1.1" 302 -
124.78.154.173 - - [29/Mar/2024:10:24:44 +0800] "GET /xingrg/index.html?sysBaseUrl=http%3A%2F%2F180.169.147.146%3A18081%2Fxingrg%2F&costTime=930×tamp=1711679084031 HTTP/1.1" 200 17173
124.78.154.173 - - [29/Mar/2024:10:24:44 +0800] "GET /xingrg/javascript/jquery_easy_ui/themes/default/easyui.css HTTP/1.1" 304 -
124.78.154.173 - - [29/Mar/2024:10:24:44 +0800] "GET /xingrg/javascript/jquery_easy_ui/themes/icon.css HTTP/1.1" 304 -
124.78.154.173 - - [29/Mar/2024:10:24:44 +0800] "GET /xingrg/css/form.css HTTP/1.1" 304 -
124.78.154.173 - - [29/Mar/2024:10:24:44 +0800] "GET /xingrg/javascript/jquery_easy_ui/jquery.easyui.min.js HTTP/1.1" 304 -
124.78.154.173 - - [29/Mar/2024:10:24:44 +0800] "GET /xingrg/javascript/jquery_easy_ui/easyui-lang-zh_CN.js HTTP/1.1" 304 -
124.78.154.173 - - [29/Mar/2024:10:24:44 +0800] "GET /xingrg/javascript/jquery-1.4.2.min.js HTTP/1.1" 304 -
124.78.154.173 - - [29/Mar/2024:10:24:44 +0800] "GET /xingrg/javascript/jquery.utils.js HTTP/1.1" 304 -
124.78.154.173 - - [29/Mar/2024:10:24:44 +0800] "GET /xingrg/javascript/jquery.form.js HTTP/1.1" 304 -
124.78.154.173 - - [29/Mar/2024:10:24:44 +0800] "GET /xingrg/javascript/jquery.timers.js HTTP/1.1" 304 -
124.78.154.173 - - [29/Mar/2024:10:24:44 +0800] "GET /favicon.ico HTTP/1.1" 404 -
124.78.154.173 - - [29/Mar/2024:10:24:44 +0800] "GET /xingrg/images/blue/navBackgound.jpg HTTP/1.1" 304 -
124.78.154.173 - - [29/Mar/2024:10:24:44 +0800] "GET /xingrg/javascript/jquery_easy_ui/themes/icons/settle_new.png HTTP/1.1" 304 -
124.78.154.173 - - [29/Mar/2024:10:24:44 +0800] "GET /xingrg/images/blue/pingpu.png HTTP/1.1" 304 -
124.78.154.173 - - [29/Mar/2024:10:24:44 +0800] "GET /xingrg/check_reg.html?_=1711679085634 HTTP/1.1" 200 22
124.78.154.173 - - [29/Mar/2024:10:24:44 +0800] "GET /xingrg/all/function/internal_message.html?_=1711679085633&CODE_STATE=count HTTP/1.1" 200 11
124.78.154.173 - - [29/Mar/2024:10:24:44 +0800] "GET /xingrg/javascript/jquery_easy_ui/themes/default/images/tabs_leftarrow.png HTTP/1.1" 304 -
124.78.154.173 - - [29/Mar/2024:10:24:44 +0800] "GET /xingrg/javascript/jquery_easy_ui/themes/default/images/panel_tool_collapse.gif HTTP/1.1" 304 -
124.78.154.173 - - [29/Mar/2024:10:24:44 +0800] "GET /xingrg/javascript/jquery_easy_ui/themes/default/images/tabs_rightarrow.png HTTP/1.1" 304 -
124.78.154.173 - - [29/Mar/2024:10:24:44 +0800] "POST /xingrg/all/common/load_tree.html?tree=area_rest_tree_json&manage=1 HTTP/1.1" 200 342
124.78.154.173 - - [29/Mar/2024:10:24:44 +0800] "POST /xingrg/load_menu.html HTTP/1.1" 200 5138
124.78.154.173 - - [29/Mar/2024:10:24:44 +0800] "GET /xingrg/check_reg.html?_=1711679084793 HTTP/1.1" 200 22
124.78.154.173 - - [29/Mar/2024:10:24:44 +0800] "GET /xingrg/all/function/internal_message.html?_=1711679084792&CODE_STATE=getMsg HTTP/1.1" 200 27
124.78.154.173 - - [29/Mar/2024:10:24:44 +0800] "GET /xingrg/javascript/jquery_easy_ui/themes/default/images/tree_arrows.gif HTTP/1.1" 304 -
124.78.154.173 - - [29/Mar/2024:10:24:44 +0800] "GET /xingrg/javascript/jquery_easy_ui/themes/default/images/tree_folder_open.gif HTTP/1.1" 304 -
124.78.154.173 - - [29/Mar/2024:10:24:44 +0800] "GET /xingrg/javascript/jquery_easy_ui/themes/icons/search_new.png HTTP/1.1" 304 -
124.78.154.173 - - [29/Mar/2024:10:24:44 +0800] "GET /xingrg/javascript/jquery_easy_ui/themes/default/images/tree_folder.gif HTTP/1.1" 304 -
124.78.154.173 - - [29/Mar/2024:10:24:44 +0800] "GET /xingrg/javascript/jquery_easy_ui/themes/icons/storage_new.png HTTP/1.1" 304 -
124.78.154.173 - - [29/Mar/2024:10:24:44 +0800] "GET /xingrg/javascript/jquery_easy_ui/themes/icons/forms_new.png HTTP/1.1" 304 -
124.78.154.173 - - [29/Mar/2024:10:24:44 +0800] "GET /xingrg/javascript/jquery_easy_ui/themes/default/images/tree_file.gif HTTP/1.1" 304 -
180.169.147.146 - - [29/Mar/2024:10:24:45 +0800] "GET /xingrg/all/function/internal_message.html?_=1711679085669&CODE_STATE=getMsg HTTP/1.1" 200 27
222.70.168.57 - - [29/Mar/2024:10:24:47 +0800] "GET /xingrg/kc/buy/cgsh_order_operate.html?command=get_materiel&rest_code=00146&code=00101016025&supplier_code=00100033&order_time=2024-03-29 HTTP/1.1" 200 408
222.69.135.32 - - [29/Mar/2024:10:24:47 +0800] "GET /xingrg/all/function/internal_message.html?_=1711679089679&CODE_STATE=getMsg HTTP/1.1" 200 27
116.238.97.31 - - [29/Mar/2024:10:24:50 +0800] "GET /xingrg/kc/base/wldb_order_list.html HTTP/1.1" 200 19051
124.79.241.4 - - [29/Mar/2024:10:24:50 +0800] "GET /xingrg/all/function/internal_message.html?_=1711679115742&CODE_STATE=getMsg HTTP/1.1" 200 27
116.238.97.31 - - [29/Mar/2024:10:24:51 +0800] "POST /xingrg/kc/base/wldb_list_operate.html HTTP/1.1" 200 928
124.78.154.173 - - [29/Mar/2024:10:24:51 +0800] "GET /xingrg/kc/base/base_main.html HTTP/1.1" 200 12142
124.78.154.173 - - [29/Mar/2024:10:24:51 +0800] "GET /xingrg/javascript/jquery_easy_ui/themes/default/images/tabs_close.gif HTTP/1.1" 304 -
124.78.154.173 - - [29/Mar/2024:10:24:51 +0800] "GET /xingrg/css/blue.css HTTP/1.1" 304 -
124.78.154.173 - - [29/Mar/2024:10:24:51 +0800] "GET /xingrg/javascript/pic_change.js HTTP/1.1" 304 -
124.78.154.173 - - [29/Mar/2024:10:24:51 +0800] "GET /xingrg/javascript/myfunction.js HTTP/1.1" 304 -
124.78.154.173 - - [29/Mar/2024:10:24:51 +0800] "GET /xingrg/images/blue/button/ckpd.gif HTTP/1.1" 200 2051
124.78.154.173 - - [29/Mar/2024:10:24:51 +0800] "GET /xingrg/images/blue/button/wlsy.gif HTTP/1.1" 200 2536
124.78.154.173 - - [29/Mar/2024:10:24:51 +0800] "GET /xingrg/images/blue/button/kc.gif HTTP/1.1" 304 -
124.78.154.173 - - [29/Mar/2024:10:24:51 +0800] "GET /xingrg/images/blue/button/yddb.gif HTTP/1.1" 200 2040
124.78.154.173 - - [29/Mar/2024:10:24:51 +0800] "GET /xingrg/images/blue/pic_form2.gif HTTP/1.1" 304 -
124.78.154.173 - - [29/Mar/2024:10:24:51 +0800] "GET /xingrg/images/blue/button/ckdb.gif HTTP/1.1" 200 1950
120.253.135.82 - - [29/Mar/2024:10:24:51 +0800] "GET /xingrg/kc/buy/cgsh_order_list.html HTTP/1.1" 200 58005
124.78.154.173 - - [29/Mar/2024:10:24:51 +0800] "GET /xingrg/images/blue/bg_dotted.jpg HTTP/1.1" 304 -
124.78.154.173 - - [29/Mar/2024:10:24:51 +0800] "GET /xingrg/images/blue/button/top_right.jpg HTTP/1.1" 200 1708
124.78.154.173 - - [29/Mar/2024:10:24:51 +0800] "GET /xingrg/images/blue/button/top_left.jpg HTTP/1.1" 200 1632
124.78.154.173 - - [29/Mar/2024:10:24:51 +0800] "GET /xingrg/images/blue/button/down.jpg HTTP/1.1" 200 1560
124.78.154.173 - - [29/Mar/2024:10:24:51 +0800] "GET /xingrg/images/blue/button/right_ah.jpg HTTP/1.1" 304 -
124.78.154.173 - - [29/Mar/2024:10:24:51 +0800] "GET /xingrg/images/blue/button/bottom_left.jpg HTTP/1.1" 200 1524
124.78.154.173 - - [29/Mar/2024:10:24:51 +0800] "GET /xingrg/images/blue/button/left_ah.jpg HTTP/1.1" 200 1643
124.78.154.173 - - [29/Mar/2024:10:24:51 +0800] "GET /xingrg/images/blue/button/bottom_right.jpg HTTP/1.1" 200 1436
116.238.97.31 - - [29/Mar/2024:10:24:51 +0800] "GET /xingrg/kc/base/wldb_order_add.html HTTP/1.1" 200 30382
116.238.97.31 - - [29/Mar/2024:10:24:52 +0800] "POST /xingrg/kc/base/wldb_order_operate.html HTTP/1.1" 200 6806
116.238.97.31 - - [29/Mar/2024:10:24:52 +0800] "GET /xingrg/javascript/easyui/themes/default/validatebox.css HTTP/1.1" 404 1104
116.224.254.208 - - [29/Mar/2024:10:24:52 +0800] "GET /xingrg/all/function/internal_message.html?_=1711679092525&CODE_STATE=getMsg HTTP/1.1" 200 27
116.224.254.208 - - [29/Mar/2024:10:24:52 +0800] "GET /xingrg/check_reg.html?_=1711679092528 HTTP/1.1" 200 22
114.85.113.46 - - [29/Mar/2024:10:24:53 +0800] "GET /xingrg/all/function/internal_message.html?_=1711679092081&CODE_STATE=getMsg HTTP/1.1" 200 27
120.253.135.82 - - [29/Mar/2024:10:24:54 +0800] "POST /xingrg/kc/buy/cgsh_list_operate.html HTTP/1.1" 200 645
116.238.97.31 - - [29/Mar/2024:10:24:54 +0800] "GET /xingrg/kc/base/check_order_list.html HTTP/1.1" 200 16170
116.238.97.31 - - [29/Mar/2024:10:24:54 +0800] "POST /xingrg/kc/base/check_list_operate.html HTTP/1.1" 200 781
124.78.154.173 - - [29/Mar/2024:10:24:55 +0800] "GET /xingrg/kc/base/wldb_order_list.html HTTP/1.1" 200 19051
124.78.154.173 - - [29/Mar/2024:10:24:55 +0800] "GET /xingrg/css/site.css HTTP/1.1" 304 -
124.78.154.173 - - [29/Mar/2024:10:24:55 +0800] "GET /xingrg/css/base.css HTTP/1.1" 304 -
124.78.154.173 - - [29/Mar/2024:10:24:55 +0800] "GET /xingrg/javascript/jquery_tools/datebox.css HTTP/1.1" 304 -
124.78.154.173 - - [29/Mar/2024:10:24:55 +0800] "GET /xingrg/javascript/easyui/themes/default/easyui.css HTTP/1.1" 304 -
124.78.154.173 - - [29/Mar/2024:10:24:55 +0800] "GET /xingrg/javascript/easyui/themes/icon.css HTTP/1.1" 304 -
124.78.154.173 - - [29/Mar/2024:10:24:55 +0800] "GET /xingrg/javascript/auto/jquery.autocomplete.css HTTP/1.1" 304 -
124.78.154.173 - - [29/Mar/2024:10:24:55 +0800] "GET /xingrg/javascript/jquery_tools/fix.css HTTP/1.1" 304 -
