116.224.254.208 - - [29/Mar/2024:11:29:55 +0800] "GET /xingrg/kc/buy/cgsh_order_info.html?code=212024032908627 HTTP/1.1" 200 68731
116.224.254.208 - - [29/Mar/2024:11:29:55 +0800] "GET /xingrg/javascript/easyui/themes/default/validatebox.css HTTP/1.1" 404 1104
116.224.254.208 - - [29/Mar/2024:11:29:56 +0800] "POST /xingrg/kc/buy/cgsh_order_operate.html HTTP/1.1" 200 1209
116.224.254.208 - - [29/Mar/2024:11:29:58 +0800] "GET /xingrg/kc/print/load_data.html?order_code=212024032908627&kc_code=cgsh&condition= HTTP/1.1" 200 938
180.171.58.249 - - [29/Mar/2024:11:29:58 +0800] "GET /xingrg/check_reg.html?_=1711683005765 HTTP/1.1" 302 -
124.78.60.103 - - [29/Mar/2024:11:30:02 +0800] "GET /xingrg/all/function/internal_message.html?_=1711683002334&CODE_STATE=getMsg HTTP/1.1" 200 27
120.253.135.82 - - [29/Mar/2024:11:30:02 +0800] "GET /xingrg/all/function/internal_message.html?_=1711682845080&CODE_STATE=getMsg HTTP/1.1" 200 27
116.224.254.208 - - [29/Mar/2024:11:30:03 +0800] "GET /xingrg/kc/buy/cgsh_order_add.html HTTP/1.1" 200 73830
116.224.254.208 - - [29/Mar/2024:11:30:03 +0800] "POST /xingrg/kc/buy/cgsh_order_operate.html HTTP/1.1" 200 8245
116.224.254.208 - - [29/Mar/2024:11:30:03 +0800] "GET /xingrg/javascript/easyui/themes/default/validatebox.css HTTP/1.1" 404 1104
101.83.144.49 - - [29/Mar/2024:11:30:04 +0800] "GET /xingrg/all/function/internal_message.html?_=1711682765684&CODE_STATE=getMsg HTTP/1.1" 200 27
222.70.168.57 - - [29/Mar/2024:11:30:07 +0800] "POST /xingrg/kc/buy/cgsh_order_operate.html HTTP/1.1" 200 37
114.83.222.168 - - [29/Mar/2024:11:30:09 +0800] "GET /xingrg/all/function/internal_message.html?_=1711683007912&CODE_STATE=getMsg HTTP/1.1" 200 27
114.83.222.168 - - [29/Mar/2024:11:30:09 +0800] "GET /xingrg/check_reg.html?_=1711683008106 HTTP/1.1" 200 22
222.70.168.57 - - [29/Mar/2024:11:30:10 +0800] "POST /xingrg/kc/buy/cgsh_order_operate.html HTTP/1.1" 200 3251
116.224.254.208 - - [29/Mar/2024:11:30:11 +0800] "GET /xingrg/kc/buy/cgsh_order_operate.html?command=get_materiel&rest_code=00150&code=00101007085&supplier_code=00100328&order_time=2024-03-29 HTTP/1.1" 200 413
222.70.115.1 - - [29/Mar/2024:11:30:13 +0800] "GET /xingrg/all/function/internal_message.html?_=1711683025746&CODE_STATE=getMsg HTTP/1.1" 302 -
101.83.144.49 - - [29/Mar/2024:11:30:14 +0800] "GET /xingrg/kc/buy/cgsh_order_add.html HTTP/1.1" 200 73868
222.70.168.57 - - [29/Mar/2024:11:30:14 +0800] "GET /xingrg/kc/print/load_data.html?order_code=212024032908628&kc_code=cgsh&condition= HTTP/1.1" 200 913
101.83.144.49 - - [29/Mar/2024:11:30:14 +0800] "POST /xingrg/kc/buy/cgsh_order_operate.html HTTP/1.1" 200 8245
101.83.144.49 - - [29/Mar/2024:11:30:14 +0800] "GET /xingrg/javascript/easyui/themes/default/validatebox.css HTTP/1.1" 404 1104
222.70.183.82 - - [29/Mar/2024:11:30:17 +0800] "GET /xingrg/all/function/internal_message.html?_=1711683015464&CODE_STATE=getMsg HTTP/1.1" 200 27
116.224.254.208 - - [29/Mar/2024:11:30:21 +0800] "POST /xingrg/kc/buy/cgsh_order_operate.html HTTP/1.1" 200 37
124.78.154.173 - - [29/Mar/2024:11:30:24 +0800] "GET /xingrg/all/function/internal_message.html?_=1711683024899&CODE_STATE=getMsg HTTP/1.1" 200 27
124.78.154.173 - - [29/Mar/2024:11:30:25 +0800] "GET /xingrg/check_reg.html?_=1711683025570 HTTP/1.1" 200 22
222.70.168.57 - - [29/Mar/2024:11:30:29 +0800] "GET /xingrg/kc/buy/cgsh_order_add.html HTTP/1.1" 200 73780
180.169.147.146 - - [29/Mar/2024:11:30:29 +0800] "GET /xingrg/all/function/internal_message.html?_=1711683020866&CODE_STATE=getMsg HTTP/1.1" 200 27
222.70.168.57 - - [29/Mar/2024:11:30:30 +0800] "POST /xingrg/kc/buy/cgsh_order_operate.html HTTP/1.1" 200 8245
114.89.221.239 - - [29/Mar/2024:11:30:30 +0800] "GET /xingrg/all/function/internal_message.html?_=1711683032719&CODE_STATE=getMsg HTTP/1.1" 200 27
222.70.168.57 - - [29/Mar/2024:11:30:30 +0800] "GET /xingrg/javascript/easyui/themes/default/validatebox.css HTTP/1.1" 404 1104
116.224.254.208 - - [29/Mar/2024:11:30:30 +0800] "POST /xingrg/kc/buy/cgsh_order_operate.html HTTP/1.1" 200 12
180.164.1.25 - - [29/Mar/2024:11:30:32 +0800] "GET /xingrg/all/function/internal_message.html?_=1711683032703&CODE_STATE=getMsg HTTP/1.1" 302 -
116.224.254.208 - - [29/Mar/2024:11:30:36 +0800] "GET /xingrg/kc/buy/cgsh_order_info.html?code=212024032908629 HTTP/1.1" 200 68737
101.83.144.49 - - [29/Mar/2024:11:30:36 +0800] "GET /xingrg/check_reg.html?_=1711683036330 HTTP/1.1" 302 -
101.83.144.49 - - [29/Mar/2024:11:30:36 +0800] "GET /xingrg/all/function/internal_message.html?_=1711683036333&CODE_STATE=getMsg HTTP/1.1" 302 -
116.224.254.208 - - [29/Mar/2024:11:30:36 +0800] "GET /xingrg/javascript/easyui/themes/default/validatebox.css HTTP/1.1" 404 1104
116.224.254.208 - - [29/Mar/2024:11:30:37 +0800] "POST /xingrg/kc/buy/cgsh_order_operate.html HTTP/1.1" 200 608
124.79.241.4 - - [29/Mar/2024:11:30:37 +0800] "POST /xingrg/services/DataTransmitService HTTP/1.1" 200 524
116.224.254.208 - - [29/Mar/2024:11:30:39 +0800] "GET /xingrg/kc/print/load_data.html?order_code=212024032908629&kc_code=cgsh&condition= HTTP/1.1" 200 709
116.238.97.31 - - [29/Mar/2024:11:30:39 +0800] "GET /xingrg/all/function/internal_message.html?_=1711683040545&CODE_STATE=getMsg HTTP/1.1" 200 27
180.169.147.146 - - [29/Mar/2024:11:30:41 +0800] "GET /xingrg/check_reg.html?_=1711683041780 HTTP/1.1" 200 22
180.169.147.146 - - [29/Mar/2024:11:30:41 +0800] "GET /xingrg/all/function/internal_message.html?_=1711683041782&CODE_STATE=getMsg HTTP/1.1" 200 27
101.83.144.49 - - [29/Mar/2024:11:30:43 +0800] "GET /xingrg/kc/buy/cgsh_order_operate.html?command=get_materiel&rest_code=00105&code=00101007111&supplier_code=00100326&order_time=2024-03-29 HTTP/1.1" 200 417
124.78.154.173 - - [29/Mar/2024:11:30:45 +0800] "GET /xingrg/login.html?r=1 HTTP/1.1" 200 7641
124.78.154.173 - - [29/Mar/2024:11:30:45 +0800] "GET /favicon.ico HTTP/1.1" 404 -
116.232.194.112 - - [29/Mar/2024:11:30:45 +0800] "GET /xingrg/all/function/internal_message.html?_=1711683008652&CODE_STATE=getMsg HTTP/1.1" 200 27
116.232.194.112 - - [29/Mar/2024:11:30:45 +0800] "GET /xingrg/check_reg.html?_=1711683008656 HTTP/1.1" 200 22
180.164.1.25 - - [29/Mar/2024:11:30:47 +0800] "GET /xingrg/check_reg.html?_=1711683047161 HTTP/1.1" 302 -
222.69.135.32 - - [29/Mar/2024:11:30:47 +0800] "GET /xingrg/all/function/internal_message.html?_=1711683049677&CODE_STATE=getMsg HTTP/1.1" 302 -
124.78.154.173 - - [29/Mar/2024:11:30:48 +0800] "POST /xingrg/login.do HTTP/1.1" 302 -
124.78.154.173 - - [29/Mar/2024:11:30:48 +0800] "GET /xingrg/index.html?sysBaseUrl=http%3A%2F%2F180.169.147.146%3A18081%2Fxingrg%2F&costTime=827×tamp=1711683048455 HTTP/1.1" 200 17173
124.78.154.173 - - [29/Mar/2024:11:30:48 +0800] "GET /favicon.ico HTTP/1.1" 404 -
124.78.154.173 - - [29/Mar/2024:11:30:48 +0800] "GET /xingrg/all/function/internal_message.html?_=1711683049897&CODE_STATE=count HTTP/1.1" 200 11
124.78.154.173 - - [29/Mar/2024:11:30:48 +0800] "GET /xingrg/check_reg.html?_=1711683049899 HTTP/1.1" 200 22
124.78.154.173 - - [29/Mar/2024:11:30:48 +0800] "POST /xingrg/all/common/load_tree.html?tree=area_rest_tree_json&manage=1 HTTP/1.1" 200 342
124.78.154.173 - - [29/Mar/2024:11:30:48 +0800] "POST /xingrg/load_menu.html HTTP/1.1" 200 5138
116.224.254.208 - - [29/Mar/2024:11:30:49 +0800] "GET /xingrg/all/function/internal_message.html?_=1711683049167&CODE_STATE=getMsg HTTP/1.1" 200 27
222.70.168.57 - - [29/Mar/2024:11:30:49 +0800] "GET /xingrg/kc/buy/cgsh_order_operate.html?command=get_materiel&rest_code=00146&code=00101004071&supplier_code=00100312&order_time=2024-03-29 HTTP/1.1" 200 409
124.78.154.173 - - [29/Mar/2024:11:30:50 +0800] "GET /xingrg/kc/buy/buy_main.html HTTP/1.1" 200 12412
124.78.154.173 - - [29/Mar/2024:11:30:50 +0800] "GET /xingrg/css/new_ie.css HTTP/1.1" 404 1036
116.232.34.115 - - [29/Mar/2024:11:30:50 +0800] "POST /xingrg/services/DataTransmitService HTTP/1.1" 200 524
222.70.168.57 - - [29/Mar/2024:11:30:50 +0800] "GET /xingrg/all/function/internal_message.html?_=1711683068868&CODE_STATE=getMsg HTTP/1.1" 200 27
124.79.241.4 - - [29/Mar/2024:11:30:51 +0800] "GET /xingrg/all/function/internal_message.html?_=1711683075789&CODE_STATE=getMsg HTTP/1.1" 302 -
124.78.154.173 - - [29/Mar/2024:11:30:51 +0800] "GET /xingrg/images/yd/bt.gif HTTP/1.1" 404 1040
116.232.34.115 - - [29/Mar/2024:11:30:51 +0800] "POST /xingrg/services/DataTransmitService HTTP/1.1" 200 501
124.78.154.173 - - [29/Mar/2024:11:30:52 +0800] "GET /xingrg/kc/buy/cgsh_order_list.html HTTP/1.1" 200 58005
114.85.113.46 - - [29/Mar/2024:11:30:53 +0800] "GET /xingrg/all/function/internal_message.html?_=1711683052187&CODE_STATE=getMsg HTTP/1.1" 302 -
124.78.154.173 - - [29/Mar/2024:11:30:58 +0800] "POST /xingrg/kc/buy/cgsh_list_operate.html HTTP/1.1" 200 1648
124.78.154.173 - - [29/Mar/2024:11:31:00 +0800] "GET /xingrg/kc/buy/cgsh_order_add.html HTTP/1.1" 200 73774
124.78.154.173 - - [29/Mar/2024:11:31:00 +0800] "GET /xingrg/javascript/easyui/themes/icons/copy_new.png HTTP/1.1" 304 -
124.78.154.173 - - [29/Mar/2024:11:31:00 +0800] "POST /xingrg/kc/buy/cgsh_order_operate.html HTTP/1.1" 200 8245
124.78.154.173 - - [29/Mar/2024:11:31:00 +0800] "GET /xingrg/javascript/easyui/themes/default/validatebox.css HTTP/1.1" 404 1104
124.78.154.173 - - [29/Mar/2024:11:31:00 +0800] "GET /xingrg/all/common/auto_word.html?type=employee&rest_code=00106 HTTP/1.1" 200 205
124.78.154.173 - - [29/Mar/2024:11:31:00 +0800] "GET /xingrg/all/common/auto_word.html?type=employee&rest_code=00106 HTTP/1.1" 200 205
124.78.154.173 - - [29/Mar/2024:11:31:02 +0800] "GET /xingrg/javascript/easyui/plugins/jquery.draggable.js HTTP/1.1" 200 6121
124.78.154.173 - - [29/Mar/2024:11:31:02 +0800] "GET /xingrg/javascript/easyui/plugins/jquery.droppable.js HTTP/1.1" 200 1167
124.78.154.173 - - [29/Mar/2024:11:31:02 +0800] "GET /xingrg/javascript/easyui/themes/default/tree.css HTTP/1.1" 404 1090
124.78.154.173 - - [29/Mar/2024:11:31:02 +0800] "GET /xingrg/javascript/easyui/plugins/jquery.tree.js HTTP/1.1" 200 20874
124.78.60.103 - - [29/Mar/2024:11:31:02 +0800] "GET /xingrg/all/function/internal_message.html?_=1711683062334&CODE_STATE=getMsg HTTP/1.1" 200 27
120.253.135.82 - - [29/Mar/2024:11:31:02 +0800] "GET /xingrg/all/function/internal_message.html?_=1711682905085&CODE_STATE=getMsg HTTP/1.1" 200 27
124.78.154.173 - - [29/Mar/2024:11:31:02 +0800] "POST /xingrg/all/common/load_tree.html?tree=supplier_tree_json&isDelete=1 HTTP/1.1" 200 79035
124.78.154.173 - - [29/Mar/2024:11:31:04 +0800] "GET /xingrg/javascript/easyui/themes/default/images/tree_folder_open.gif HTTP/1.1" 200 956
124.78.154.173 - - [29/Mar/2024:11:31:04 +0800] "GET /xingrg/javascript/easyui/themes/default/images/tree_arrows.gif HTTP/1.1" 200 617
124.78.154.173 - - [29/Mar/2024:11:31:04 +0800] "GET /xingrg/javascript/easyui/themes/default/images/tree_folder.gif HTTP/1.1" 200 952
124.78.154.173 - - [29/Mar/2024:11:31:04 +0800] "GET /xingrg/javascript/easyui/themes/default/images/tree_file.gif HTTP/1.1" 200 118
101.83.144.49 - - [29/Mar/2024:11:31:04 +0800] "GET /xingrg/all/function/internal_message.html?_=1711682825733&CODE_STATE=getMsg HTTP/1.1" 200 27
114.83.222.168 - - [29/Mar/2024:11:31:09 +0800] "GET /xingrg/all/function/internal_message.html?_=1711683067887&CODE_STATE=getMsg HTTP/1.1" 200 27
222.70.168.57 - - [29/Mar/2024:11:31:11 +0800] "POST /xingrg/kc/buy/cgsh_order_operate.html HTTP/1.1" 200 37
222.70.115.1 - - [29/Mar/2024:11:31:13 +0800] "GET /xingrg/all/function/internal_message.html?_=1711683085752&CODE_STATE=getMsg HTTP/1.1" 302 -
222.70.168.57 - - [29/Mar/2024:11:31:15 +0800] "POST /xingrg/kc/buy/cgsh_order_operate.html HTTP/1.1" 200 2655
101.83.144.49 - - [29/Mar/2024:11:31:15 +0800] "POST /xingrg/kc/buy/cgsh_order_operate.html HTTP/1.1" 200 88
124.78.154.173 - - [29/Mar/2024:11:31:15 +0800] "GET /xingrg/javascript/auto/indicator.gif HTTP/1.1" 404 1066
222.70.183.82 - - [29/Mar/2024:11:31:17 +0800] "GET /xingrg/all/function/internal_message.html?_=1711683075451&CODE_STATE=getMsg HTTP/1.1" 200 27
222.70.168.57 - - [29/Mar/2024:11:31:17 +0800] "GET /xingrg/kc/print/load_data.html?order_code=212024032908630&kc_code=cgsh&condition= HTTP/1.1" 200 676
124.78.154.173 - - [29/Mar/2024:11:31:20 +0800] "GET /xingrg/kc/buy/cgsh_order_operate.html?command=get_materiel&rest_code=00106&code=00101001037&supplier_code=00100090&order_time=2024-03-29 HTTP/1.1" 200 418
124.78.154.173 - - [29/Mar/2024:11:31:24 +0800] "GET /xingrg/all/function/internal_message.html?_=1711683084885&CODE_STATE=getMsg HTTP/1.1" 200 27
222.70.183.82 - - [29/Mar/2024:11:31:24 +0800] "POST /xingrg/services/DataTransmitService HTTP/1.1" 200 524
222.70.168.57 - - [29/Mar/2024:11:31:24 +0800] "GET /xingrg/kc/buy/cgsh_order_add.html HTTP/1.1" 200 73780
116.238.97.31 - - [29/Mar/2024:11:31:25 +0800] "POST /xingrg/services/DataTransmitService HTTP/1.1" 200 524
222.70.168.57 - - [29/Mar/2024:11:31:25 +0800] "POST /xingrg/kc/buy/cgsh_order_operate.html HTTP/1.1" 200 8245
222.70.168.57 - - [29/Mar/2024:11:31:25 +0800] "GET /xingrg/javascript/easyui/themes/default/validatebox.css HTTP/1.1" 404 1104
222.70.183.82 - - [29/Mar/2024:11:31:26 +0800] "POST /xingrg/services/DataTransmitService HTTP/1.1" 200 2499
116.238.97.31 - - [29/Mar/2024:11:31:27 +0800] "POST /xingrg/services/DataTransmitService HTTP/1.1" 200 412
222.70.183.82 - - [29/Mar/2024:11:31:27 +0800] "POST /xingrg/services/DataTransmitService HTTP/1.1" 200 215155
180.169.147.146 - - [29/Mar/2024:11:31:29 +0800] "GET /xingrg/all/function/internal_message.html?_=1711683080851&CODE_STATE=getMsg HTTP/1.1" 200 27
114.89.221.239 - - [29/Mar/2024:11:31:30 +0800] "GET /xingrg/all/function/internal_message.html?_=1711683092718&CODE_STATE=getMsg HTTP/1.1" 200 27
180.164.1.25 - - [29/Mar/2024:11:31:32 +0800] "GET /xingrg/all/function/internal_message.html?_=1711683092691&CODE_STATE=getMsg HTTP/1.1" 302 -
101.83.144.49 - - [29/Mar/2024:11:31:36 +0800] "GET /xingrg/all/function/internal_message.html?_=1711683096320&CODE_STATE=getMsg HTTP/1.1" 302 -
116.238.97.31 - - [29/Mar/2024:11:31:39 +0800] "GET /xingrg/all/function/internal_message.html?_=1711683100562&CODE_STATE=getMsg HTTP/1.1" 200 27
101.83.144.49 - - [29/Mar/2024:11:31:40 +0800] "POST /xingrg/kc/buy/cgsh_order_operate.html HTTP/1.1" 200 37
180.169.147.146 - - [29/Mar/2024:11:31:41 +0800] "GET /xingrg/all/function/internal_message.html?_=1711683101767&CODE_STATE=getMsg HTTP/1.1" 200 27
101.83.144.49 - - [29/Mar/2024:11:31:43 +0800] "POST /xingrg/kc/buy/cgsh_order_operate.html HTTP/1.1" 200 2662
222.70.168.57 - - [29/Mar/2024:11:31:43 +0800] "GET /xingrg/kc/buy/cgsh_order_operate.html?command=get_materiel&rest_code=00146&code=00101007233&supplier_code=00100570&order_time=2024-03-29 HTTP/1.1" 200 400
116.232.194.112 - - [29/Mar/2024:11:31:45 +0800] "GET /xingrg/all/function/internal_message.html?_=1711683068646&CODE_STATE=getMsg HTTP/1.1" 200 27
101.83.144.49 - - [29/Mar/2024:11:31:47 +0800] "GET /xingrg/kc/print/load_data.html?order_code=212024032908632&kc_code=cgsh&condition= HTTP/1.1" 200 681
222.69.135.32 - - [29/Mar/2024:11:31:47 +0800] "GET /xingrg/all/function/internal_message.html?_=1711683109675&CODE_STATE=getMsg HTTP/1.1" 302 -
222.69.135.32 - - [29/Mar/2024:11:31:47 +0800] "GET /xingrg/check_reg.html?_=1711683109676 HTTP/1.1" 302 -
124.78.154.173 - - [29/Mar/2024:11:31:48 +0800] "GET /xingrg/all/function/internal_message.html?_=1711683109911&CODE_STATE=getMsg HTTP/1.1" 200 27
116.224.254.208 - - [29/Mar/2024:11:31:49 +0800] "GET /xingrg/check_reg.html?_=1711683109149 HTTP/1.1" 200 22
116.224.254.208 - - [29/Mar/2024:11:31:49 +0800] "GET /xingrg/all/function/internal_message.html?_=1711683109153&CODE_STATE=getMsg HTTP/1.1" 200 27
222.70.168.57 - - [29/Mar/2024:11:31:50 +0800] "GET /xingrg/all/function/internal_message.html?_=1711683128882&CODE_STATE=getMsg HTTP/1.1" 200 27
124.79.241.4 - - [29/Mar/2024:11:31:51 +0800] "GET /xingrg/all/function/internal_message.html?_=1711683135799&CODE_STATE=getMsg HTTP/1.1" 302 -
124.78.154.173 - - [29/Mar/2024:11:31:53 +0800] "GET /xingrg/kc/buy/cgsh_order_operate.html?command=get_materiel&rest_code=00106&code=00101001140&supplier_code=00100090&order_time=2024-03-29 HTTP/1.1" 200 417
114.85.113.46 - - [29/Mar/2024:11:31:53 +0800] "GET /xingrg/all/function/internal_message.html?_=1711683112213&CODE_STATE=getMsg HTTP/1.1" 302 -
222.70.168.57 - - [29/Mar/2024:11:32:00 +0800] "POST /xingrg/kc/buy/cgsh_order_operate.html HTTP/1.1" 200 37
124.78.60.103 - - [29/Mar/2024:11:32:02 +0800] "GET /xingrg/all/function/internal_message.html?_=1711683122346&CODE_STATE=getMsg HTTP/1.1" 200 27
120.253.135.82 - - [29/Mar/2024:11:32:02 +0800] "GET /xingrg/all/function/internal_message.html?_=1711682965181&CODE_STATE=getMsg HTTP/1.1" 200 27
101.83.144.49 - - [29/Mar/2024:11:32:04 +0800] "GET /xingrg/all/function/internal_message.html?_=1711682885705&CODE_STATE=getMsg HTTP/1.1" 200 27
222.70.168.57 - - [29/Mar/2024:11:32:04 +0800] "POST /xingrg/kc/buy/cgsh_order_operate.html HTTP/1.1" 200 2659
222.70.168.57 - - [29/Mar/2024:11:32:07 +0800] "GET /xingrg/kc/print/load_data.html?order_code=212024032908633&kc_code=cgsh&condition= HTTP/1.1" 200 675
114.83.222.168 - - [29/Mar/2024:11:32:09 +0800] "GET /xingrg/all/function/internal_message.html?_=1711683127858&CODE_STATE=getMsg HTTP/1.1" 200 27
124.78.154.173 - - [29/Mar/2024:11:32:10 +0800] "GET /xingrg/kc/buy/cgsh_order_operate.html?command=get_materiel&rest_code=00106&code=00101001324&supplier_code=00100090&order_time=2024-03-29 HTTP/1.1" 200 402
222.70.115.1 - - [29/Mar/2024:11:32:13 +0800] "GET /xingrg/all/function/internal_message.html?_=1711683145742&CODE_STATE=getMsg HTTP/1.1" 302 -
222.70.168.57 - - [29/Mar/2024:11:32:14 +0800] "GET /xingrg/kc/buy/cgsh_order_add.html HTTP/1.1" 200 73780
222.70.168.57 - - [29/Mar/2024:11:32:15 +0800] "POST /xingrg/kc/buy/cgsh_order_operate.html HTTP/1.1" 200 8245
222.70.168.57 - - [29/Mar/2024:11:32:15 +0800] "GET /xingrg/javascript/easyui/themes/default/validatebox.css HTTP/1.1" 404 1104
222.70.183.82 - - [29/Mar/2024:11:32:17 +0800] "GET /xingrg/all/function/internal_message.html?_=1711683135440&CODE_STATE=getMsg HTTP/1.1" 200 27
222.70.183.82 - - [29/Mar/2024:11:32:18 +0800] "GET /xingrg/check_reg.html?_=1711683135755 HTTP/1.1" 200 22
124.78.154.173 - - [29/Mar/2024:11:32:24 +0800] "GET /xingrg/all/function/internal_message.html?_=1711683144872&CODE_STATE=getMsg HTTP/1.1" 200 27
101.83.144.49 - - [29/Mar/2024:11:32:25 +0800] "GET /xingrg/kc/buy/cgsh_order_add.html HTTP/1.1" 200 73868
101.83.144.49 - - [29/Mar/2024:11:32:25 +0800] "POST /xingrg/kc/buy/cgsh_order_operate.html HTTP/1.1" 200 8245
101.83.144.49 - - [29/Mar/2024:11:32:25 +0800] "GET /xingrg/javascript/easyui/themes/default/validatebox.css HTTP/1.1" 404 1104
180.169.147.146 - - [29/Mar/2024:11:32:29 +0800] "GET /xingrg/all/function/internal_message.html?_=1711683140835&CODE_STATE=getMsg HTTP/1.1" 200 27
114.89.221.239 - - [29/Mar/2024:11:32:30 +0800] "GET /xingrg/all/function/internal_message.html?_=1711683152717&CODE_STATE=getMsg HTTP/1.1" 200 27
222.70.168.57 - - [29/Mar/2024:11:32:30 +0800] "GET /xingrg/kc/buy/cgsh_order_operate.html?command=get_materiel&rest_code=00146&code=00101001115&supplier_code=00100089&order_time=2024-03-29 HTTP/1.1" 200 413
180.164.1.25 - - [29/Mar/2024:11:32:32 +0800] "GET /xingrg/all/function/internal_message.html?_=1711683152675&CODE_STATE=getMsg HTTP/1.1" 302 -
101.83.144.49 - - [29/Mar/2024:11:32:36 +0800] "GET /xingrg/all/function/internal_message.html?_=1711683156320&CODE_STATE=getMsg HTTP/1.1" 302 -
116.238.97.31 - - [29/Mar/2024:11:32:39 +0800] "GET /xingrg/all/function/internal_message.html?_=1711683160558&CODE_STATE=getMsg HTTP/1.1" 200 27
124.78.154.173 - - [29/Mar/2024:11:32:40 +0800] "GET /xingrg/javascript/jquery_easy_ui/themes/default/images/tabs_active.png HTTP/1.1" 304 -
180.169.147.146 - - [29/Mar/2024:11:32:41 +0800] "GET /xingrg/all/function/internal_message.html?_=1711683161762&CODE_STATE=getMsg HTTP/1.1" 200 27
124.79.241.4 - - [29/Mar/2024:11:32:42 +0800] "POST /xingrg/services/DataTransmitService HTTP/1.1" 200 524
124.79.241.4 - - [29/Mar/2024:11:32:44 +0800] "POST /xingrg/services/DataTransmitService HTTP/1.1" 200 2311
124.79.241.4 - - [29/Mar/2024:11:32:45 +0800] "POST /xingrg/services/DataTransmitService HTTP/1.1" 200 163080
116.232.194.112 - - [29/Mar/2024:11:32:45 +0800] "GET /xingrg/all/function/internal_message.html?_=1711683128657&CODE_STATE=getMsg HTTP/1.1" 200 27
124.78.154.173 - - [29/Mar/2024:11:32:45 +0800] "GET /xingrg/kc/buy/cgsh_order_operate.html?command=get_materiel&rest_code=00106&code=00101001044&supplier_code=00100090&order_time=2024-03-29 HTTP/1.1" 200 411
222.69.135.32 - - [29/Mar/2024:11:32:47 +0800] "GET /xingrg/all/function/internal_message.html?_=1711683169693&CODE_STATE=getMsg HTTP/1.1" 302 -
116.224.254.208 - - [29/Mar/2024:11:32:47 +0800] "GET /xingrg/kc/buy/cgsh_order_add.html HTTP/1.1" 200 73830
116.224.254.208 - - [29/Mar/2024:11:32:48 +0800] "POST /xingrg/kc/buy/cgsh_order_operate.html HTTP/1.1" 200 8245
116.224.254.208 - - [29/Mar/2024:11:32:48 +0800] "GET /xingrg/javascript/easyui/themes/default/validatebox.css HTTP/1.1" 404 1104
124.78.154.173 - - [29/Mar/2024:11:32:48 +0800] "GET /xingrg/all/function/internal_message.html?_=1711683169916&CODE_STATE=getMsg HTTP/1.1" 200 27
116.224.254.208 - - [29/Mar/2024:11:32:49 +0800] "GET /xingrg/all/function/internal_message.html?_=1711683169139&CODE_STATE=getMsg HTTP/1.1" 200 27
222.70.168.57 - - [29/Mar/2024:11:32:50 +0800] "GET /xingrg/all/function/internal_message.html?_=1711683188895&CODE_STATE=getMsg HTTP/1.1" 200 27
124.79.241.4 - - [29/Mar/2024:11:32:51 +0800] "GET /xingrg/check_reg.html?_=1711683195783 HTTP/1.1" 302 -
124.79.241.4 - - [29/Mar/2024:11:32:51 +0800] "GET /xingrg/all/function/internal_message.html?_=1711683195784&CODE_STATE=getMsg HTTP/1.1" 302 -
222.70.168.57 - - [29/Mar/2024:11:32:52 +0800] "POST /xingrg/kc/buy/cgsh_order_operate.html HTTP/1.1" 200 37
114.85.113.46 - - [29/Mar/2024:11:32:53 +0800] "GET /xingrg/all/function/internal_message.html?_=1711683172217&CODE_STATE=getMsg HTTP/1.1" 302 -
124.78.154.173 - - [29/Mar/2024:11:32:55 +0800] "GET /xingrg/javascript/jquery_easy_ui/themes/icons/rest.png HTTP/1.1" 304 -
124.78.154.173 - - [29/Mar/2024:11:32:55 +0800] "GET /xingrg/javascript/jquery_easy_ui/themes/icons/area.png HTTP/1.1" 304 -
116.224.254.208 - - [29/Mar/2024:11:32:57 +0800] "GET /xingrg/kc/buy/cgsh_order_operate.html?command=get_materiel&rest_code=00150&code=00101008171&supplier_code=00100327&order_time=2024-03-29 HTTP/1.1" 200 421
120.253.135.82 - - [29/Mar/2024:11:32:57 +0800] "GET /xingrg/check_reg.html?_=1711683020042 HTTP/1.1" 200 22
222.70.168.57 - - [29/Mar/2024:11:32:58 +0800] "POST /xingrg/kc/buy/cgsh_order_operate.html HTTP/1.1" 200 2659
124.78.60.103 - - [29/Mar/2024:11:33:02 +0800] "GET /xingrg/all/function/internal_message.html?_=1711683182337&CODE_STATE=getMsg HTTP/1.1" 200 27
124.78.154.173 - - [29/Mar/2024:11:33:02 +0800] "POST /xingrg/kc/buy/cgsh_order_operate.html HTTP/1.1" 200 37
120.253.135.82 - - [29/Mar/2024:11:33:02 +0800] "GET /xingrg/all/function/internal_message.html?_=1711683025189&CODE_STATE=getMsg HTTP/1.1" 200 27
222.70.168.57 - - [29/Mar/2024:11:33:03 +0800] "GET /xingrg/kc/print/load_data.html?order_code=212024032908634&kc_code=cgsh&condition= HTTP/1.1" 200 751
101.83.144.49 - - [29/Mar/2024:11:33:03 +0800] "GET /xingrg/kc/buy/cgsh_order_operate.html?command=get_materiel&rest_code=00105&code=00101001140&supplier_code=00100319&order_time=2024-03-29 HTTP/1.1" 200 417
101.83.144.49 - - [29/Mar/2024:11:33:04 +0800] "GET /xingrg/all/function/internal_message.html?_=1711682945683&CODE_STATE=getMsg HTTP/1.1" 200 27
180.169.147.146 - - [29/Mar/2024:11:33:05 +0800] "GET /xingrg/check_reg.html?_=1711683176840 HTTP/1.1" 200 22
116.224.254.208 - - [29/Mar/2024:11:33:07 +0800] "POST /xingrg/kc/buy/cgsh_order_operate.html HTTP/1.1" 200 37
114.83.222.168 - - [29/Mar/2024:11:33:09 +0800] "GET /xingrg/all/function/internal_message.html?_=1711683187837&CODE_STATE=getMsg HTTP/1.1" 200 27
124.78.154.173 - - [29/Mar/2024:11:33:13 +0800] "POST /xingrg/kc/buy/cgsh_order_operate.html HTTP/1.1" 200 12
222.70.115.1 - - [29/Mar/2024:11:33:13 +0800] "GET /xingrg/all/function/internal_message.html?_=1711683205757&CODE_STATE=getMsg HTTP/1.1" 302 -
116.224.254.208 - - [29/Mar/2024:11:33:16 +0800] "POST /xingrg/kc/buy/cgsh_order_operate.html HTTP/1.1" 200 12
124.78.154.173 - - [29/Mar/2024:11:33:17 +0800] "GET /xingrg/kc/buy/cgsh_order_info.html?code=212024032908635 HTTP/1.1" 200 68687
222.70.183.82 - - [29/Mar/2024:11:33:17 +0800] "GET /xingrg/all/function/internal_message.html?_=1711683195418&CODE_STATE=getMsg HTTP/1.1" 200 27
124.78.154.173 - - [29/Mar/2024:11:33:17 +0800] "GET /xingrg/javascript/easyui/themes/default/validatebox.css HTTP/1.1" 404 1104
116.224.254.208 - - [29/Mar/2024:11:33:18 +0800] "GET /xingrg/kc/buy/cgsh_order_info.html?code=212024032908636 HTTP/1.1" 200 68733
116.224.254.208 - - [29/Mar/2024:11:33:18 +0800] "GET /xingrg/javascript/easyui/themes/default/validatebox.css HTTP/1.1" 404 1104
124.78.154.173 - - [29/Mar/2024:11:33:19 +0800] "POST /xingrg/kc/buy/cgsh_order_operate.html HTTP/1.1" 200 2403
116.224.254.208 - - [29/Mar/2024:11:33:19 +0800] "POST /xingrg/kc/buy/cgsh_order_operate.html HTTP/1.1" 200 614
116.224.254.208 - - [29/Mar/2024:11:33:21 +0800] "GET /xingrg/kc/print/load_data.html?order_code=212024032908636&kc_code=cgsh&condition= HTTP/1.1" 200 708
124.78.154.173 - - [29/Mar/2024:11:33:21 +0800] "GET /xingrg/kc/print/load_config.html?kc_code=cgsh HTTP/1.1" 200 1927
116.238.97.31 - - [29/Mar/2024:11:33:22 +0800] "GET /xingrg/login.html HTTP/1.1" 200 7641
124.78.154.173 - - [29/Mar/2024:11:33:22 +0800] "GET /xingrg/kc/print/load_data.html?order_code=212024032908635&kc_code=cgsh&condition= HTTP/1.1" 200 1465
116.238.97.31 - - [29/Mar/2024:11:33:22 +0800] "GET /favicon.ico HTTP/1.1" 404 -
114.85.113.46 - - [29/Mar/2024:11:33:23 +0800] "GET /xingrg/check_reg.html?_=1711683201646 HTTP/1.1" 302 -
124.78.154.173 - - [29/Mar/2024:11:33:24 +0800] "GET /xingrg/all/function/internal_message.html?_=1711683204856&CODE_STATE=getMsg HTTP/1.1" 200 27
116.238.97.31 - - [29/Mar/2024:11:33:24 +0800] "POST /xingrg/login.do HTTP/1.1" 302 -
116.238.97.31 - - [29/Mar/2024:11:33:24 +0800] "GET /xingrg/index.html?sysBaseUrl=http%3A%2F%2F180.169.147.146%3A18081%2Fxingrg%2F&costTime=828×tamp=1711683204541 HTTP/1.1" 200 17173
116.238.97.31 - - [29/Mar/2024:11:33:24 +0800] "GET /favicon.ico HTTP/1.1" 404 -
116.238.97.31 - - [29/Mar/2024:11:33:25 +0800] "GET /xingrg/check_reg.html?_=1711683233228 HTTP/1.1" 200 22
116.238.97.31 - - [29/Mar/2024:11:33:25 +0800] "GET /xingrg/all/function/internal_message.html?_=1711683233225&CODE_STATE=count HTTP/1.1" 200 11
116.238.97.31 - - [29/Mar/2024:11:33:25 +0800] "POST /xingrg/all/common/load_tree.html?tree=area_rest_tree_json&manage=1 HTTP/1.1" 200 342
116.238.97.31 - - [29/Mar/2024:11:33:25 +0800] "POST /xingrg/load_menu.html HTTP/1.1" 200 5138
116.224.254.208 - - [29/Mar/2024:11:33:26 +0800] "GET /xingrg/kc/buy/cgsh_order_add.html HTTP/1.1" 200 73830
116.224.254.208 - - [29/Mar/2024:11:33:27 +0800] "POST /xingrg/kc/buy/cgsh_order_operate.html HTTP/1.1" 200 8245
116.224.254.208 - - [29/Mar/2024:11:33:27 +0800] "GET /xingrg/javascript/easyui/themes/default/validatebox.css HTTP/1.1" 404 1104
222.70.168.57 - - [29/Mar/2024:11:33:27 +0800] "GET /xingrg/check_reg.html?_=1711683225228 HTTP/1.1" 200 22
116.238.97.31 - - [29/Mar/2024:11:33:28 +0800] "GET /xingrg/kc/base/wldb_order_list.html HTTP/1.1" 200 19051
116.238.97.31 - - [29/Mar/2024:11:33:29 +0800] "POST /xingrg/kc/base/wldb_list_operate.html HTTP/1.1" 200 928
180.169.147.146 - - [29/Mar/2024:11:33:29 +0800] "GET /xingrg/all/function/internal_message.html?_=1711683200818&CODE_STATE=getMsg HTTP/1.1" 200 27
114.89.221.239 - - [29/Mar/2024:11:33:30 +0800] "GET /xingrg/all/function/internal_message.html?_=1711683212731&CODE_STATE=getMsg HTTP/1.1" 200 27
114.89.221.239 - - [29/Mar/2024:11:33:30 +0800] "GET /xingrg/check_reg.html?_=1711683212737 HTTP/1.1" 200 22
180.164.1.25 - - [29/Mar/2024:11:33:32 +0800] "GET /xingrg/all/function/internal_message.html?_=1711683212655&CODE_STATE=getMsg HTTP/1.1" 302 -
116.238.97.31 - - [29/Mar/2024:11:33:33 +0800] "GET /xingrg/kc/base/wldb_order_add.html HTTP/1.1" 200 30382
116.238.97.31 - - [29/Mar/2024:11:33:33 +0800] "GET /xingrg/all/common/auto_word.html?type=base&rest_code=00102 HTTP/1.1" 200 1857
116.238.97.31 - - [29/Mar/2024:11:33:33 +0800] "GET /xingrg/all/common/auto_word.html?type=base&rest_code=00102 HTTP/1.1" 200 1857
116.238.97.31 - - [29/Mar/2024:11:33:33 +0800] "GET /xingrg/javascript/easyui/themes/default/validatebox.css HTTP/1.1" 404 1104
116.238.97.31 - - [29/Mar/2024:11:33:33 +0800] "POST /xingrg/kc/base/wldb_order_operate.html HTTP/1.1" 200 6806
101.83.144.49 - - [29/Mar/2024:11:33:34 +0800] "GET /xingrg/kc/buy/cgsh_order_operate.html?command=get_materiel&rest_code=00105&code=00101001169&supplier_code=00100319&order_time=2024-03-29 HTTP/1.1" 200 416
116.224.254.208 - - [29/Mar/2024:11:33:35 +0800] "GET /xingrg/kc/buy/cgsh_order_operate.html?command=get_materiel&rest_code=00150&code=00101001029&supplier_code=00100312&order_time=2024-03-29 HTTP/1.1" 200 417
116.238.97.31 - - [29/Mar/2024:11:33:36 +0800] "GET /xingrg/javascript/auto/indicator.gif HTTP/1.1" 404 1066
101.83.144.49 - - [29/Mar/2024:11:33:36 +0800] "GET /xingrg/all/function/internal_message.html?_=1711683216322&CODE_STATE=getMsg HTTP/1.1" 302 -
116.238.97.31 - - [29/Mar/2024:11:33:37 +0800] "GET /xingrg/javascript/jquery_tools/images/next.gif HTTP/1.1" 404 1086
116.238.97.31 - - [29/Mar/2024:11:33:37 +0800] "GET /xingrg/javascript/jquery_tools/images/prev.gif HTTP/1.1" 404 1086
124.78.60.103 - - [29/Mar/2024:11:33:38 +0800] "POST /xingrg/kc/buy/cgsh_order_operate.html HTTP/1.1" 200 8245
124.78.60.103 - - [29/Mar/2024:11:33:38 +0800] "GET /xingrg/javascript/easyui/themes/default/validatebox.css HTTP/1.1" 404 1104
116.238.97.31 - - [29/Mar/2024:11:33:39 +0800] "GET /xingrg/all/function/internal_message.html?_=1711683220552&CODE_STATE=getMsg HTTP/1.1" 200 27
116.238.97.31 - - [29/Mar/2024:11:33:39 +0800] "GET /xingrg/check_reg.html?_=1711683220558 HTTP/1.1" 200 22
116.238.97.31 - - [29/Mar/2024:11:33:40 +0800] "GET /xingrg/kc/base/wldb_order_operate.html?command=get_materiel&rest_code=00102&base_code=0010477&code=00102002564 HTTP/1.1" 200 457
180.169.147.146 - - [29/Mar/2024:11:33:41 +0800] "GET /xingrg/all/function/internal_message.html?_=1711683221771&CODE_STATE=getMsg HTTP/1.1" 200 27
116.238.97.31 - - [29/Mar/2024:11:33:43 +0800] "POST /xingrg/kc/base/wldb_order_operate.html HTTP/1.1" 200 37
180.171.58.249 - - [29/Mar/2024:11:33:43 +0800] "GET /xingrg/check_reg.html?_=1711683231174 HTTP/1.1" 302 -
116.232.194.112 - - [29/Mar/2024:11:33:45 +0800] "GET /xingrg/all/function/internal_message.html?_=1711683188646&CODE_STATE=getMsg HTTP/1.1" 200 27
114.83.222.168 - - [29/Mar/2024:11:33:47 +0800] "GET /xingrg/login.html HTTP/1.1" 200 7641
114.83.222.168 - - [29/Mar/2024:11:33:47 +0800] "GET /favicon.ico HTTP/1.1" 404 -
222.69.135.32 - - [29/Mar/2024:11:33:47 +0800] "GET /xingrg/all/function/internal_message.html?_=1711683229679&CODE_STATE=getMsg HTTP/1.1" 302 -
124.78.154.173 - - [29/Mar/2024:11:33:48 +0800] "GET /xingrg/all/function/internal_message.html?_=1711683229919&CODE_STATE=getMsg HTTP/1.1" 200 27
116.224.254.208 - - [29/Mar/2024:11:33:49 +0800] "GET /xingrg/all/function/internal_message.html?_=1711683229106&CODE_STATE=getMsg HTTP/1.1" 200 27
116.238.97.31 - - [29/Mar/2024:11:33:50 +0800] "POST /xingrg/kc/base/wldb_order_operate.html HTTP/1.1" 200 12
114.83.222.168 - - [29/Mar/2024:11:33:50 +0800] "POST /xingrg/login.do HTTP/1.1" 302 -
116.238.97.31 - - [29/Mar/2024:11:33:50 +0800] "POST /xingrg/kc/base/wldb_order_operate.html HTTP/1.1" 200 2205
114.83.222.168 - - [29/Mar/2024:11:33:50 +0800] "GET /xingrg/index.html?sysBaseUrl=http%3A%2F%2F180.169.147.146%3A18081%2Fxingrg%2F&costTime=1487×tamp=1711683230125 HTTP/1.1" 200 17503
114.83.222.168 - - [29/Mar/2024:11:33:50 +0800] "GET /favicon.ico HTTP/1.1" 404 -
114.83.222.168 - - [29/Mar/2024:11:33:50 +0800] "GET /xingrg/all/function/internal_message.html?_=1711683230256&CODE_STATE=count HTTP/1.1" 200 11
114.83.222.168 - - [29/Mar/2024:11:33:50 +0800] "GET /xingrg/check_reg.html?_=1711683230257 HTTP/1.1" 200 22
114.83.222.168 - - [29/Mar/2024:11:33:50 +0800] "POST /xingrg/all/common/load_tree.html?tree=area_rest_tree_json&manage=1 HTTP/1.1" 200 3624
114.83.222.168 - - [29/Mar/2024:11:33:50 +0800] "POST /xingrg/load_menu.html HTTP/1.1" 200 11443
222.70.168.57 - - [29/Mar/2024:11:33:50 +0800] "GET /xingrg/all/function/internal_message.html?_=1711683248910&CODE_STATE=getMsg HTTP/1.1" 200 27
124.79.241.4 - - [29/Mar/2024:11:33:51 +0800] "GET /xingrg/all/function/internal_message.html?_=1711683255798&CODE_STATE=getMsg HTTP/1.1" 302 -
116.238.97.31 - - [29/Mar/2024:11:33:51 +0800] "GET /xingrg/kc/base/wldb_order_info.html?code=422024032902046 HTTP/1.1" 200 26260
116.238.97.31 - - [29/Mar/2024:11:33:51 +0800] "GET /xingrg/javascript/easyui/themes/default/validatebox.css HTTP/1.1" 404 1104
116.238.97.31 - - [29/Mar/2024:11:33:52 +0800] "POST /xingrg/kc/base/wldb_order_operate.html HTTP/1.1" 200 499
116.224.254.208 - - [29/Mar/2024:11:33:52 +0800] "GET /xingrg/kc/buy/cgsh_order_operate.html?command=get_materiel&rest_code=00150&code=00101001165&supplier_code=00100312&order_time=2024-03-29 HTTP/1.1" 200 413
222.70.183.82 - - [29/Mar/2024:11:33:52 +0800] "GET /xingrg/kc/base/wldb_order_list.html HTTP/1.1" 200 19051
114.83.222.168 - - [29/Mar/2024:11:33:52 +0800] "POST /xingrg/all/user/operate.html HTTP/1.1" 200 36
114.83.222.168 - - [29/Mar/2024:11:33:53 +0800] "GET /xingrg/index.html?sysBaseUrl=http%3A%2F%2F180.169.147.146%3A18081%2Fxingrg%2F&costTime=1487×tamp=1711683230125 HTTP/1.1" 200 17509
114.83.222.168 - - [29/Mar/2024:11:33:53 +0800] "GET /xingrg/javascript/jquery_easy_ui/themes/default/easyui.css HTTP/1.1" 304 -
114.83.222.168 - - [29/Mar/2024:11:33:53 +0800] "GET /xingrg/javascript/jquery_easy_ui/themes/icon.css HTTP/1.1" 304 -
114.83.222.168 - - [29/Mar/2024:11:33:53 +0800] "GET /xingrg/css/form.css HTTP/1.1" 304 -
114.83.222.168 - - [29/Mar/2024:11:33:53 +0800] "GET /xingrg/javascript/jquery-1.4.2.min.js HTTP/1.1" 304 -
114.83.222.168 - - [29/Mar/2024:11:33:53 +0800] "GET /xingrg/javascript/jquery_easy_ui/jquery.easyui.min.js HTTP/1.1" 304 -
114.83.222.168 - - [29/Mar/2024:11:33:53 +0800] "GET /xingrg/javascript/jquery_easy_ui/easyui-lang-zh_CN.js HTTP/1.1" 304 -
114.83.222.168 - - [29/Mar/2024:11:33:53 +0800] "GET /xingrg/javascript/jquery.form.js HTTP/1.1" 304 -
114.83.222.168 - - [29/Mar/2024:11:33:53 +0800] "GET /xingrg/javascript/jquery.utils.js HTTP/1.1" 304 -
114.83.222.168 - - [29/Mar/2024:11:33:53 +0800] "GET /xingrg/javascript/jquery.timers.js HTTP/1.1" 304 -
114.83.222.168 - - [29/Mar/2024:11:33:53 +0800] "GET /xingrg/images/blue/jxLogo.png HTTP/1.1" 304 -
114.83.222.168 - - [29/Mar/2024:11:33:53 +0800] "GET /xingrg/javascript/jquery_easy_ui/themes/icons/settle_new.png HTTP/1.1" 304 -
114.83.222.168 - - [29/Mar/2024:11:33:53 +0800] "GET /xingrg/images/blue/navBackgound.jpg HTTP/1.1" 304 -
222.70.183.82 - - [29/Mar/2024:11:33:53 +0800] "POST /xingrg/kc/base/wldb_list_operate.html HTTP/1.1" 200 928
114.83.222.168 - - [29/Mar/2024:11:33:53 +0800] "GET /xingrg/all/function/internal_message.html?_=1711683233148&CODE_STATE=count HTTP/1.1" 200 11
114.83.222.168 - - [29/Mar/2024:11:33:53 +0800] "GET /xingrg/check_reg.html?_=1711683233149 HTTP/1.1" 200 22
114.83.222.168 - - [29/Mar/2024:11:33:53 +0800] "GET /xingrg/javascript/jquery_easy_ui/themes/default/images/panel_tool_expand.gif HTTP/1.1" 304 -
114.83.222.168 - - [29/Mar/2024:11:33:53 +0800] "GET /xingrg/javascript/jquery_easy_ui/themes/default/images/tabs_leftarrow.png HTTP/1.1" 304 -
114.83.222.168 - - [29/Mar/2024:11:33:53 +0800] "GET /xingrg/javascript/jquery_easy_ui/themes/default/images/tabs_rightarrow.png HTTP/1.1" 304 -
114.83.222.168 - - [29/Mar/2024:11:33:53 +0800] "GET /xingrg/javascript/jquery_easy_ui/themes/default/images/panel_tool_collapse.gif HTTP/1.1" 304 -
114.83.222.168 - - [29/Mar/2024:11:33:53 +0800] "GET /xingrg/images/blue/pingpu.png HTTP/1.1" 304 -
114.83.222.168 - - [29/Mar/2024:11:33:53 +0800] "POST /xingrg/all/common/load_tree.html?tree=area_rest_tree_json&manage=1 HTTP/1.1" 200 3624
114.83.222.168 - - [29/Mar/2024:11:33:53 +0800] "POST /xingrg/load_menu.html HTTP/1.1" 200 9959
116.238.97.31 - - [29/Mar/2024:11:33:53 +0800] "GET /xingrg/kc/base/wldb_order_add.html HTTP/1.1" 200 30382
114.85.113.46 - - [29/Mar/2024:11:33:53 +0800] "GET /xingrg/all/function/internal_message.html?_=1711683232214&CODE_STATE=getMsg HTTP/1.1" 302 -
116.238.97.31 - - [29/Mar/2024:11:33:54 +0800] "POST /xingrg/kc/base/wldb_order_operate.html HTTP/1.1" 200 6806
116.238.97.31 - - [29/Mar/2024:11:33:54 +0800] "GET /xingrg/javascript/easyui/themes/default/validatebox.css HTTP/1.1" 404 1104
114.83.222.168 - - [29/Mar/2024:11:33:54 +0800] "GET /xingrg/kc/report/report_main.html HTTP/1.1" 200 7340
114.83.222.168 - - [29/Mar/2024:11:33:55 +0800] "GET /xingrg/kc/info/info_main.html HTTP/1.1" 200 6010
114.83.222.168 - - [29/Mar/2024:11:33:56 +0800] "GET /xingrg/system/info/base.html HTTP/1.1" 200 5755
114.83.222.168 - - [29/Mar/2024:11:33:56 +0800] "GET /xingrg/dwr/interface/AjaxBaseInfoService.js HTTP/1.1" 200 21363
114.83.222.168 - - [29/Mar/2024:11:33:56 +0800] "GET /xingrg/dwr/engine.js HTTP/1.1" 200 43631
114.83.222.168 - - [29/Mar/2024:11:33:56 +0800] "GET /xingrg/dwr/util.js HTTP/1.1" 200 35990
114.83.222.168 - - [29/Mar/2024:11:33:57 +0800] "POST /xingrg/dwr/call/plaincall/AjaxBaseInfoService.modifyAllBase.dwr HTTP/1.1" 200 2350
101.83.144.49 - - [29/Mar/2024:11:33:57 +0800] "GET /xingrg/kc/buy/cgsh_order_operate.html?command=get_materiel&rest_code=00105&code=00101001125&supplier_code=00100319&order_time=2024-03-29 HTTP/1.1" 200 417
222.70.183.82 - - [29/Mar/2024:11:33:58 +0800] "GET /xingrg/kc/base/wldb_order_add.html HTTP/1.1" 200 30382
222.70.183.82 - - [29/Mar/2024:11:33:58 +0800] "POST /xingrg/kc/base/wldb_order_operate.html HTTP/1.1" 200 6806
222.70.183.82 - - [29/Mar/2024:11:33:58 +0800] "GET /xingrg/all/common/auto_word.html?type=base&rest_code=00111 HTTP/1.1" 200 1753
222.70.183.82 - - [29/Mar/2024:11:33:58 +0800] "GET /xingrg/all/common/auto_word.html?type=base&rest_code=00111 HTTP/1.1" 200 1753
222.70.183.82 - - [29/Mar/2024:11:33:58 +0800] "GET /xingrg/javascript/easyui/themes/default/validatebox.css HTTP/1.1" 404 1104
114.83.222.168 - - [29/Mar/2024:11:34:00 +0800] "POST /xingrg/dwr/call/plaincall/AjaxBaseInfoService.modifyAllBase.dwr HTTP/1.1" 200 2331
116.224.254.208 - - [29/Mar/2024:11:34:00 +0800] "GET /xingrg/kc/buy/cgsh_order_operate.html?command=get_materiel&rest_code=00150&code=00101001174&supplier_code=00100312&order_time=2024-03-29 HTTP/1.1" 200 416
116.238.97.31 - - [29/Mar/2024:11:34:01 +0800] "GET /xingrg/kc/base/wldb_order_operate.html?command=get_materiel&rest_code=00102&base_code=0010477&code=00102002028 HTTP/1.1" 200 468
124.78.60.103 - - [29/Mar/2024:11:34:02 +0800] "GET /xingrg/all/function/internal_message.html?_=1711683242348&CODE_STATE=getMsg HTTP/1.1" 200 27
124.78.60.103 - - [29/Mar/2024:11:34:02 +0800] "GET /xingrg/check_reg.html?_=1711683242353 HTTP/1.1" 200 22
114.83.222.168 - - [29/Mar/2024:11:34:02 +0800] "POST /xingrg/dwr/call/plaincall/AjaxBaseInfoService.modifyAllBase.dwr HTTP/1.1" 200 1433
120.253.135.82 - - [29/Mar/2024:11:34:02 +0800] "GET /xingrg/all/function/internal_message.html?_=1711683085204&CODE_STATE=getMsg HTTP/1.1" 200 27
222.70.183.82 - - [29/Mar/2024:11:34:03 +0800] "POST /xingrg/all/common/load_combo.html?type=base HTTP/1.1" 200 3142
116.238.97.31 - - [29/Mar/2024:11:34:04 +0800] "GET /xingrg/kc/base/wldb_order_operate.html?command=get_materiel&rest_code=00102&base_code=0010477&code=00102002238 HTTP/1.1" 200 434
101.83.144.49 - - [29/Mar/2024:11:34:04 +0800] "GET /xingrg/all/function/internal_message.html?_=1711683005680&CODE_STATE=getMsg HTTP/1.1" 200 27
101.83.144.49 - - [29/Mar/2024:11:34:04 +0800] "GET /xingrg/check_reg.html?_=1711683005683 HTTP/1.1" 200 22
116.238.97.31 - - [29/Mar/2024:11:34:07 +0800] "GET /xingrg/kc/base/wldb_order_operate.html?command=get_materiel&rest_code=00102&base_code=0010477&code=00102015055 HTTP/1.1" 200 438
116.224.254.208 - - [29/Mar/2024:11:34:07 +0800] "GET /xingrg/kc/buy/cgsh_order_operate.html?command=get_materiel&rest_code=00150&code=00101001017&supplier_code=00100312&order_time=2024-03-29 HTTP/1.1" 200 414
114.83.222.168 - - [29/Mar/2024:11:34:09 +0800] "GET /xingrg/all/function/internal_message.html?_=1711683247822&CODE_STATE=getMsg HTTP/1.1" 200 27
222.70.183.82 - - [29/Mar/2024:11:34:12 +0800] "GET /xingrg/kc/base/wldb_order_operate.html?command=get_materiel&rest_code=00111&base_code=0010283&code=00101019222 HTTP/1.1" 200 453
116.238.97.31 - - [29/Mar/2024:11:34:12 +0800] "POST /xingrg/kc/base/wldb_order_operate.html HTTP/1.1" 200 37
222.70.115.1 - - [29/Mar/2024:11:34:13 +0800] "GET /xingrg/all/function/internal_message.html?_=1711683265755&CODE_STATE=getMsg HTTP/1.1" 302 -
222.70.115.1 - - [29/Mar/2024:11:34:13 +0800] "GET /xingrg/check_reg.html?_=1711683265757 HTTP/1.1" 302 -
222.70.183.82 - - [29/Mar/2024:11:34:17 +0800] "GET /xingrg/all/function/internal_message.html?_=1711683255416&CODE_STATE=getMsg HTTP/1.1" 200 27
116.238.97.31 - - [29/Mar/2024:11:34:19 +0800] "POST /xingrg/kc/base/wldb_order_operate.html HTTP/1.1" 200 12
116.238.97.31 - - [29/Mar/2024:11:34:19 +0800] "POST /xingrg/kc/base/wldb_order_operate.html HTTP/1.1" 200 3162
116.238.97.31 - - [29/Mar/2024:11:34:20 +0800] "GET /xingrg/kc/base/wldb_order_info.html?code=422024032902047 HTTP/1.1" 200 26261
116.238.97.31 - - [29/Mar/2024:11:34:21 +0800] "GET /xingrg/javascript/easyui/themes/default/validatebox.css HTTP/1.1" 404 1104
116.238.97.31 - - [29/Mar/2024:11:34:21 +0800] "POST /xingrg/kc/base/wldb_order_operate.html HTTP/1.1" 200 1436
124.78.154.173 - - [29/Mar/2024:11:34:24 +0800] "GET /xingrg/all/function/internal_message.html?_=1711683264842&CODE_STATE=getMsg HTTP/1.1" 200 27
116.238.97.31 - - [29/Mar/2024:11:34:25 +0800] "GET /xingrg/all/function/internal_message.html?_=1711683293238&CODE_STATE=getMsg HTTP/1.1" 200 27
222.70.183.82 - - [29/Mar/2024:11:34:25 +0800] "GET /xingrg/kc/base/wldb_order_operate.html?command=get_materiel&rest_code=00111&base_code=0010283&code=00101019015 HTTP/1.1" 200 451
180.169.147.146 - - [29/Mar/2024:11:34:29 +0800] "GET /xingrg/all/function/internal_message.html?_=1711683260801&CODE_STATE=getMsg HTTP/1.1" 200 27
114.89.221.239 - - [29/Mar/2024:11:34:30 +0800] "GET /xingrg/all/function/internal_message.html?_=1711683272709&CODE_STATE=getMsg HTTP/1.1" 200 27
101.83.144.49 - - [29/Mar/2024:11:34:31 +0800] "POST /xingrg/kc/buy/cgsh_order_operate.html HTTP/1.1" 200 37
222.70.183.82 - - [29/Mar/2024:11:34:31 +0800] "GET /xingrg/kc/base/wldb_order_operate.html?command=get_materiel&rest_code=00111&base_code=0010283&code=00101016040 HTTP/1.1" 200 458
116.224.254.208 - - [29/Mar/2024:11:34:32 +0800] "GET /xingrg/kc/buy/cgsh_order_operate.html?command=get_materiel&rest_code=00150&code=00101004023&supplier_code=00100312&order_time=2024-03-29 HTTP/1.1" 200 409
180.164.1.25 - - [29/Mar/2024:11:34:32 +0800] "GET /xingrg/all/function/internal_message.html?_=1711683272628&CODE_STATE=getMsg HTTP/1.1" 302 -
101.83.144.49 - - [29/Mar/2024:11:34:34 +0800] "POST /xingrg/kc/buy/cgsh_order_operate.html HTTP/1.1" 200 3860
101.83.144.49 - - [29/Mar/2024:11:34:36 +0800] "GET /xingrg/all/function/internal_message.html?_=1711683276324&CODE_STATE=getMsg HTTP/1.1" 302 -
101.83.144.49 - - [29/Mar/2024:11:34:36 +0800] "GET /xingrg/kc/print/load_data.html?order_code=212024032908637&kc_code=cgsh&condition= HTTP/1.1" 200 1133
116.238.97.31 - - [29/Mar/2024:11:34:39 +0800] "GET /xingrg/all/function/internal_message.html?_=1711683280558&CODE_STATE=getMsg HTTP/1.1" 200 27
222.70.183.82 - - [29/Mar/2024:11:34:41 +0800] "GET /xingrg/kc/base/wldb_order_operate.html?command=get_materiel&rest_code=00111&base_code=0010283&code=00101019339 HTTP/1.1" 200 470
180.169.147.146 - - [29/Mar/2024:11:34:41 +0800] "GET /xingrg/all/function/internal_message.html?_=1711683281764&CODE_STATE=getMsg HTTP/1.1" 200 27
116.232.194.112 - - [29/Mar/2024:11:34:45 +0800] "GET /xingrg/all/function/internal_message.html?_=1711683248655&CODE_STATE=getMsg HTTP/1.1" 200 27
222.69.135.32 - - [29/Mar/2024:11:34:47 +0800] "GET /xingrg/all/function/internal_message.html?_=1711683289670&CODE_STATE=getMsg HTTP/1.1" 302 -
124.78.154.173 - - [29/Mar/2024:11:34:48 +0800] "GET /xingrg/all/function/internal_message.html?_=1711683289913&CODE_STATE=getMsg HTTP/1.1" 200 27
116.224.254.208 - - [29/Mar/2024:11:34:49 +0800] "GET /xingrg/all/function/internal_message.html?_=1711683289090&CODE_STATE=getMsg HTTP/1.1" 200 27
222.70.168.57 - - [29/Mar/2024:11:34:50 +0800] "GET /xingrg/all/function/internal_message.html?_=1711683308923&CODE_STATE=getMsg HTTP/1.1" 200 27
124.79.241.4 - - [29/Mar/2024:11:34:51 +0800] "GET /xingrg/all/function/internal_message.html?_=1711683315796&CODE_STATE=getMsg HTTP/1.1" 302 -
222.70.183.82 - - [29/Mar/2024:11:34:52 +0800] "POST /xingrg/kc/base/wldb_order_operate.html HTTP/1.1" 200 37
114.83.222.168 - - [29/Mar/2024:11:34:53 +0800] "GET /xingrg/all/function/internal_message.html?_=1711683293174&CODE_STATE=getMsg HTTP/1.1" 200 27
114.85.113.46 - - [29/Mar/2024:11:34:53 +0800] "GET /xingrg/all/function/internal_message.html?_=1711683292215&CODE_STATE=getMsg HTTP/1.1" 302 -
222.70.183.82 - - [29/Mar/2024:11:34:58 +0800] "POST /xingrg/kc/base/wldb_order_operate.html HTTP/1.1" 200 12
180.171.58.249 - - [29/Mar/2024:11:34:58 +0800] "GET /xingrg/check_reg.html?_=1711683305743 HTTP/1.1" 302 -
222.70.183.82 - - [29/Mar/2024:11:34:58 +0800] "POST /xingrg/kc/base/wldb_order_operate.html HTTP/1.1" 200 3664
222.70.183.82 - - [29/Mar/2024:11:35:01 +0800] "GET /xingrg/kc/base/wldb_order_info.html?code=422024032902048 HTTP/1.1" 200 26261
222.70.183.82 - - [29/Mar/2024:11:35:01 +0800] "GET /xingrg/javascript/easyui/themes/default/validatebox.css HTTP/1.1" 404 1104
222.70.183.82 - - [29/Mar/2024:11:35:01 +0800] "POST /xingrg/kc/base/wldb_order_operate.html HTTP/1.1" 200 1925
124.78.60.103 - - [29/Mar/2024:11:35:02 +0800] "GET /xingrg/all/function/internal_message.html?_=1711683302370&CODE_STATE=getMsg HTTP/1.1" 200 27
120.253.135.82 - - [29/Mar/2024:11:35:03 +0800] "GET /xingrg/all/function/internal_message.html?_=1711683145300&CODE_STATE=getMsg HTTP/1.1" 200 27
101.83.144.49 - - [29/Mar/2024:11:35:04 +0800] "GET /xingrg/all/function/internal_message.html?_=1711683065677&CODE_STATE=getMsg HTTP/1.1" 200 27
101.83.144.49 - - [29/Mar/2024:11:35:04 +0800] "GET /xingrg/kc/buy/cgsh_order_add.html HTTP/1.1" 200 73868
101.83.144.49 - - [29/Mar/2024:11:35:05 +0800] "GET /xingrg/javascript/easyui/themes/default/validatebox.css HTTP/1.1" 404 1104
101.83.144.49 - - [29/Mar/2024:11:35:05 +0800] "POST /xingrg/kc/buy/cgsh_order_operate.html HTTP/1.1" 200 8245
222.70.183.82 - - [29/Mar/2024:11:35:06 +0800] "GET /xingrg/kc/base/wldb_order_add.html HTTP/1.1" 200 30382
222.70.183.82 - - [29/Mar/2024:11:35:06 +0800] "POST /xingrg/kc/base/wldb_order_operate.html HTTP/1.1" 200 6806
222.70.183.82 - - [29/Mar/2024:11:35:06 +0800] "GET /xingrg/javascript/easyui/themes/default/validatebox.css HTTP/1.1" 404 1104
114.83.222.168 - - [29/Mar/2024:11:35:09 +0800] "GET /xingrg/all/function/internal_message.html?_=1711683307807&CODE_STATE=getMsg HTTP/1.1" 200 27
222.70.183.82 - - [29/Mar/2024:11:35:09 +0800] "POST /xingrg/all/common/load_combo.html?type=base HTTP/1.1" 200 3142
114.83.222.168 - - [29/Mar/2024:11:35:09 +0800] "GET /xingrg/check_reg.html?_=1711683308081 HTTP/1.1" 200 22
222.70.115.1 - - [29/Mar/2024:11:35:13 +0800] "GET /xingrg/all/function/internal_message.html?_=1711683325756&CODE_STATE=getMsg HTTP/1.1" 302 -
222.70.183.82 - - [29/Mar/2024:11:35:17 +0800] "GET /xingrg/kc/base/wldb_order_operate.html?command=get_materiel&rest_code=00111&base_code=0010283&code=00101019133 HTTP/1.1" 200 480
222.70.183.82 - - [29/Mar/2024:11:35:17 +0800] "GET /xingrg/all/function/internal_message.html?_=1711683315435&CODE_STATE=getMsg HTTP/1.1" 200 27
124.78.154.173 - - [29/Mar/2024:11:35:24 +0800] "GET /xingrg/all/function/internal_message.html?_=1711683324824&CODE_STATE=getMsg HTTP/1.1" 200 27
124.78.154.173 - - [29/Mar/2024:11:35:25 +0800] "GET /xingrg/check_reg.html?_=1711683325577 HTTP/1.1" 200 22
222.70.183.82 - - [29/Mar/2024:11:35:25 +0800] "GET /xingrg/kc/base/wldb_order_operate.html?command=get_materiel&rest_code=00111&base_code=0010283&code=00101019306 HTTP/1.1" 200 479
116.224.254.208 - - [29/Mar/2024:11:35:26 +0800] "POST /xingrg/kc/buy/cgsh_order_operate.html HTTP/1.1" 200 37
180.169.147.146 - - [29/Mar/2024:11:35:29 +0800] "GET /xingrg/all/function/internal_message.html?_=1711683320784&CODE_STATE=getMsg HTTP/1.1" 200 27
114.89.221.239 - - [29/Mar/2024:11:35:30 +0800] "GET /xingrg/all/function/internal_message.html?_=1711683332715&CODE_STATE=getMsg HTTP/1.1" 200 27
180.164.1.25 - - [29/Mar/2024:11:35:32 +0800] "GET /xingrg/all/function/internal_message.html?_=1711683332627&CODE_STATE=getMsg HTTP/1.1" 302 -
114.83.222.168 - - [29/Mar/2024:11:35:33 +0800] "POST /xingrg/services/DataTransmitService HTTP/1.1" 200 524
114.83.222.168 - - [29/Mar/2024:11:35:33 +0800] "POST /xingrg/services/DataTransmitService HTTP/1.1" 200 2063
222.70.183.82 - - [29/Mar/2024:11:35:34 +0800] "GET /xingrg/kc/base/wldb_order_operate.html?command=get_materiel&rest_code=00111&base_code=0010283&code=00101019505 HTTP/1.1" 200 478
114.83.222.168 - - [29/Mar/2024:11:35:35 +0800] "POST /xingrg/services/DataTransmitService HTTP/1.1" 200 155704
101.83.144.49 - - [29/Mar/2024:11:35:36 +0800] "GET /xingrg/all/function/internal_message.html?_=1711683336327&CODE_STATE=getMsg HTTP/1.1" 302 -
101.83.144.49 - - [29/Mar/2024:11:35:36 +0800] "GET /xingrg/check_reg.html?_=1711683336330 HTTP/1.1" 302 -
