116.232.194.112 - - [29/Mar/2024:10:49:32 +0800] "GET /xingrg/kc/buy/cgsh_order_operate.html?command=get_materiel&rest_code=00155&code=00101008091&supplier_code=00100005&order_time=2024-03-29 HTTP/1.1" 200 412
180.164.1.25 - - [29/Mar/2024:10:49:33 +0800] "GET /xingrg/all/function/internal_message.html?_=1711680573404&CODE_STATE=getMsg HTTP/1.1" 302 -
101.83.144.49 - - [29/Mar/2024:10:49:36 +0800] "GET /xingrg/all/function/internal_message.html?_=1711680576299&CODE_STATE=getMsg HTTP/1.1" 302 -
116.238.97.31 - - [29/Mar/2024:10:49:39 +0800] "GET /xingrg/all/function/internal_message.html?_=1711680580563&CODE_STATE=getMsg HTTP/1.1" 200 27
116.232.194.112 - - [29/Mar/2024:10:49:42 +0800] "GET /xingrg/kc/buy/cgsh_order_operate.html?command=get_materiel&rest_code=00155&code=00101008256&supplier_code=00100005&order_time=2024-03-29 HTTP/1.1" 200 414
116.232.194.112 - - [29/Mar/2024:10:49:45 +0800] "GET /xingrg/all/function/internal_message.html?_=1711680548659&CODE_STATE=getMsg HTTP/1.1" 200 27
180.169.147.146 - - [29/Mar/2024:10:49:45 +0800] "GET /xingrg/all/function/internal_message.html?_=1711680585689&CODE_STATE=getMsg HTTP/1.1" 302 -
114.83.222.168 - - [29/Mar/2024:10:49:46 +0800] "GET /xingrg/all/function/internal_message.html?_=1711680586025&CODE_STATE=getMsg HTTP/1.1" 200 27
222.69.135.32 - - [29/Mar/2024:10:49:47 +0800] "GET /xingrg/all/function/internal_message.html?_=1711680589678&CODE_STATE=getMsg HTTP/1.1" 302 -
124.79.241.4 - - [29/Mar/2024:10:49:50 +0800] "GET /xingrg/all/function/internal_message.html?_=1711680615768&CODE_STATE=getMsg HTTP/1.1" 302 -
180.169.147.146 - - [29/Mar/2024:10:49:50 +0800] "GET /xingrg/all/function/internal_message.html?_=1711680582020&CODE_STATE=getMsg HTTP/1.1" 200 27
116.224.254.208 - - [29/Mar/2024:10:49:52 +0800] "GET /xingrg/check_reg.html?_=1711680592548 HTTP/1.1" 302 -
116.224.254.208 - - [29/Mar/2024:10:49:52 +0800] "GET /xingrg/all/function/internal_message.html?_=1711680592551&CODE_STATE=getMsg HTTP/1.1" 302 -
114.85.113.46 - - [29/Mar/2024:10:49:53 +0800] "GET /xingrg/all/function/internal_message.html?_=1711680592121&CODE_STATE=getMsg HTTP/1.1" 302 -
116.232.194.112 - - [29/Mar/2024:10:49:55 +0800] "GET /xingrg/kc/buy/cgsh_order_operate.html?command=get_materiel&rest_code=00155&code=00101008257&supplier_code=00100005&order_time=2024-03-29 HTTP/1.1" 200 416
120.253.135.82 - - [29/Mar/2024:10:49:57 +0800] "GET /xingrg/all/function/internal_message.html?_=1711680439677&CODE_STATE=getMsg HTTP/1.1" 200 27
180.171.58.249 - - [29/Mar/2024:10:49:58 +0800] "GET /xingrg/check_reg.html?_=1711680605915 HTTP/1.1" 302 -
124.78.60.103 - - [29/Mar/2024:10:50:02 +0800] "GET /xingrg/all/function/internal_message.html?_=1711680602920&CODE_STATE=getMsg HTTP/1.1" 200 27
101.83.144.49 - - [29/Mar/2024:10:50:04 +0800] "GET /xingrg/all/function/internal_message.html?_=1711680365637&CODE_STATE=getMsg HTTP/1.1" 200 27
116.232.194.112 - - [29/Mar/2024:10:50:04 +0800] "GET /xingrg/kc/buy/cgsh_order_operate.html?command=get_materiel&rest_code=00155&code=00101008559&supplier_code=00100005&order_time=2024-03-29 HTTP/1.1" 200 413
222.70.115.1 - - [29/Mar/2024:10:50:13 +0800] "GET /xingrg/all/function/internal_message.html?_=1711680625638&CODE_STATE=getMsg HTTP/1.1" 302 -
116.232.194.112 - - [29/Mar/2024:10:50:16 +0800] "GET /xingrg/kc/buy/cgsh_order_operate.html?command=get_materiel&rest_code=00155&code=00101008010&supplier_code=00100005&order_time=2024-03-29 HTTP/1.1" 200 412
180.169.147.146 - - [29/Mar/2024:10:50:17 +0800] "POST /xingrg/kc/buy/cgsh_list_operate.html HTTP/1.1" 200 4
120.253.135.82 - - [29/Mar/2024:10:50:21 +0800] "GET /xingrg/kc/report/report_main.html HTTP/1.1" 200 8599
120.253.135.82 - - [29/Mar/2024:10:50:21 +0800] "GET /xingrg/css/blue.css HTTP/1.1" 304 -
120.253.135.82 - - [29/Mar/2024:10:50:21 +0800] "GET /xingrg/javascript/myfunction.js HTTP/1.1" 304 -
120.253.135.82 - - [29/Mar/2024:10:50:21 +0800] "GET /xingrg/javascript/jquery_ui/themes/humanity/humanity.css HTTP/1.1" 304 -
124.78.154.173 - - [29/Mar/2024:10:50:25 +0800] "GET /xingrg/check_reg.html?_=1711680625520 HTTP/1.1" 200 22
124.78.154.173 - - [29/Mar/2024:10:50:25 +0800] "GET /xingrg/all/function/internal_message.html?_=1711680625522&CODE_STATE=getMsg HTTP/1.1" 200 27
116.232.194.112 - - [29/Mar/2024:10:50:29 +0800] "GET /xingrg/kc/buy/cgsh_order_operate.html?command=get_materiel&rest_code=00155&code=00101008338&supplier_code=00100005&order_time=2024-03-29 HTTP/1.1" 200 408
222.70.183.82 - - [29/Mar/2024:10:50:30 +0800] "GET /xingrg/all/function/internal_message.html?_=1711680628254&CODE_STATE=getMsg HTTP/1.1" 302 -
222.70.183.82 - - [29/Mar/2024:10:50:31 +0800] "GET /xingrg/check_reg.html?_=1711680629103 HTTP/1.1" 302 -
180.164.1.25 - - [29/Mar/2024:10:50:33 +0800] "GET /xingrg/all/function/internal_message.html?_=1711680633377&CODE_STATE=getMsg HTTP/1.1" 302 -
101.83.144.49 - - [29/Mar/2024:10:50:36 +0800] "GET /xingrg/all/function/internal_message.html?_=1711680636301&CODE_STATE=getMsg HTTP/1.1" 302 -
101.83.144.49 - - [29/Mar/2024:10:50:36 +0800] "GET /xingrg/check_reg.html?_=1711680636304 HTTP/1.1" 302 -
124.78.154.173 - - [29/Mar/2024:10:50:38 +0800] "GET /xingrg/javascript/auto/indicator.gif HTTP/1.1" 404 1066
116.238.97.31 - - [29/Mar/2024:10:50:39 +0800] "GET /xingrg/all/function/internal_message.html?_=1711680640565&CODE_STATE=getMsg HTTP/1.1" 200 27
116.232.194.112 - - [29/Mar/2024:10:50:39 +0800] "GET /xingrg/kc/buy/cgsh_order_operate.html?command=get_materiel&rest_code=00155&code=00101008148&supplier_code=00100005&order_time=2024-03-29 HTTP/1.1" 200 416
116.232.194.112 - - [29/Mar/2024:10:50:45 +0800] "GET /xingrg/check_reg.html?_=1711680608651 HTTP/1.1" 200 22
116.232.194.112 - - [29/Mar/2024:10:50:45 +0800] "GET /xingrg/all/function/internal_message.html?_=1711680608653&CODE_STATE=getMsg HTTP/1.1" 200 27
180.169.147.146 - - [29/Mar/2024:10:50:45 +0800] "GET /xingrg/all/function/internal_message.html?_=1711680645682&CODE_STATE=getMsg HTTP/1.1" 302 -
180.169.147.146 - - [29/Mar/2024:10:50:45 +0800] "GET /xingrg/check_reg.html?_=1711680645683 HTTP/1.1" 302 -
114.83.222.168 - - [29/Mar/2024:10:50:46 +0800] "GET /xingrg/all/function/internal_message.html?_=1711680646020&CODE_STATE=getMsg HTTP/1.1" 200 27
124.78.154.173 - - [29/Mar/2024:10:50:47 +0800] "GET /xingrg/kc/buy/cgsh_order_operate.html?command=get_materiel&rest_code=00106&code=00101008185&supplier_code=00100008&order_time=2024-03-29 HTTP/1.1" 200 408
180.164.1.25 - - [29/Mar/2024:10:50:47 +0800] "GET /xingrg/check_reg.html?_=1711680647296 HTTP/1.1" 302 -
222.69.135.32 - - [29/Mar/2024:10:50:47 +0800] "GET /xingrg/all/function/internal_message.html?_=1711680649670&CODE_STATE=getMsg HTTP/1.1" 302 -
116.232.194.112 - - [29/Mar/2024:10:50:50 +0800] "GET /xingrg/kc/buy/cgsh_order_operate.html?command=get_materiel&rest_code=00155&code=00101008264&supplier_code=00100005&order_time=2024-03-29 HTTP/1.1" 200 412
124.79.241.4 - - [29/Mar/2024:10:50:50 +0800] "GET /xingrg/all/function/internal_message.html?_=1711680675766&CODE_STATE=getMsg HTTP/1.1" 302 -
116.224.254.208 - - [29/Mar/2024:10:50:52 +0800] "GET /xingrg/all/function/internal_message.html?_=1711680652524&CODE_STATE=getMsg HTTP/1.1" 302 -
114.85.113.46 - - [29/Mar/2024:10:50:53 +0800] "GET /xingrg/all/function/internal_message.html?_=1711680652121&CODE_STATE=getMsg HTTP/1.1" 302 -
120.253.135.82 - - [29/Mar/2024:10:50:57 +0800] "GET /xingrg/all/function/internal_message.html?_=1711680499690&CODE_STATE=getMsg HTTP/1.1" 200 27
124.78.60.103 - - [29/Mar/2024:10:51:02 +0800] "GET /xingrg/all/function/internal_message.html?_=1711680662905&CODE_STATE=getMsg HTTP/1.1" 200 27
116.232.194.112 - - [29/Mar/2024:10:51:03 +0800] "GET /xingrg/kc/buy/cgsh_order_operate.html?command=get_materiel&rest_code=00155&code=00101008024&supplier_code=00100005&order_time=2024-03-29 HTTP/1.1" 200 408
101.83.144.49 - - [29/Mar/2024:10:51:04 +0800] "GET /xingrg/all/function/internal_message.html?_=1711680425638&CODE_STATE=getMsg HTTP/1.1" 200 27
116.232.194.112 - - [29/Mar/2024:10:51:05 +0800] "POST /xingrg/kc/buy/cgsh_order_operate.html HTTP/1.1" 200 2065
124.78.154.173 - - [29/Mar/2024:10:51:08 +0800] "GET /xingrg/kc/buy/cgsh_order_operate.html?command=get_materiel&rest_code=00106&code=00101008291&supplier_code=00100008&order_time=2024-03-29 HTTP/1.1" 200 408
222.70.115.1 - - [29/Mar/2024:10:51:13 +0800] "GET /xingrg/all/function/internal_message.html?_=1711680685644&CODE_STATE=getMsg HTTP/1.1" 302 -
116.232.194.112 - - [29/Mar/2024:10:51:13 +0800] "GET /xingrg/kc/buy/cgsh_order_operate.html?command=get_materiel&rest_code=00155&code=00101008360&supplier_code=00100005&order_time=2024-03-29 HTTP/1.1" 200 413
114.83.222.168 - - [29/Mar/2024:10:51:15 +0800] "GET /xingrg/kc/base/check_order_list.html HTTP/1.1" 200 16431
114.83.222.168 - - [29/Mar/2024:10:51:16 +0800] "POST /xingrg/kc/base/check_list_operate.html HTTP/1.1" 200 3849
116.232.194.112 - - [29/Mar/2024:10:51:23 +0800] "GET /xingrg/kc/buy/cgsh_order_operate.html?command=get_materiel&rest_code=00155&code=00101008196&supplier_code=00100005&order_time=2024-03-29 HTTP/1.1" 200 416
124.78.154.173 - - [29/Mar/2024:10:51:25 +0800] "GET /xingrg/all/function/internal_message.html?_=1711680685519&CODE_STATE=getMsg HTTP/1.1" 200 27
114.83.222.168 - - [29/Mar/2024:10:51:28 +0800] "POST /xingrg/kc/base/check_list_operate.html HTTP/1.1" 200 4
222.70.183.82 - - [29/Mar/2024:10:51:30 +0800] "GET /xingrg/all/function/internal_message.html?_=1711680688240&CODE_STATE=getMsg HTTP/1.1" 302 -
124.78.154.173 - - [29/Mar/2024:10:51:33 +0800] "GET /xingrg/kc/buy/cgsh_order_operate.html?command=get_materiel&rest_code=00106&code=00101008411&supplier_code=00100008&order_time=2024-03-29 HTTP/1.1" 200 412
180.164.1.25 - - [29/Mar/2024:10:51:33 +0800] "GET /xingrg/all/function/internal_message.html?_=1711680693373&CODE_STATE=getMsg HTTP/1.1" 302 -
116.232.194.112 - - [29/Mar/2024:10:51:34 +0800] "GET /xingrg/kc/buy/cgsh_order_operate.html?command=get_materiel&rest_code=00155&code=00101008286&supplier_code=00100005&order_time=2024-03-29 HTTP/1.1" 200 408
101.83.144.49 - - [29/Mar/2024:10:51:36 +0800] "GET /xingrg/all/function/internal_message.html?_=1711680696305&CODE_STATE=getMsg HTTP/1.1" 302 -
116.238.97.31 - - [29/Mar/2024:10:51:39 +0800] "GET /xingrg/all/function/internal_message.html?_=1711680700567&CODE_STATE=getMsg HTTP/1.1" 200 27
116.232.194.112 - - [29/Mar/2024:10:51:45 +0800] "GET /xingrg/all/function/internal_message.html?_=1711680668672&CODE_STATE=getMsg HTTP/1.1" 200 27
180.169.147.146 - - [29/Mar/2024:10:51:45 +0800] "GET /xingrg/all/function/internal_message.html?_=1711680705679&CODE_STATE=getMsg HTTP/1.1" 302 -
116.232.194.112 - - [29/Mar/2024:10:51:46 +0800] "GET /xingrg/kc/buy/cgsh_order_operate.html?command=get_materiel&rest_code=00155&code=00101008368&supplier_code=00100005&order_time=2024-03-29 HTTP/1.1" 200 408
114.83.222.168 - - [29/Mar/2024:10:51:47 +0800] "GET /xingrg/check_reg.html?_=1711680707139 HTTP/1.1" 200 22
114.83.222.168 - - [29/Mar/2024:10:51:47 +0800] "GET /xingrg/all/function/internal_message.html?_=1711680707141&CODE_STATE=getMsg HTTP/1.1" 200 27
114.83.222.168 - - [29/Mar/2024:10:51:47 +0800] "POST /xingrg/kc/base/check_list_operate.html HTTP/1.1" 200 781
222.69.135.32 - - [29/Mar/2024:10:51:47 +0800] "GET /xingrg/all/function/internal_message.html?_=1711680709684&CODE_STATE=getMsg HTTP/1.1" 302 -
222.69.135.32 - - [29/Mar/2024:10:51:47 +0800] "GET /xingrg/check_reg.html?_=1711680709687 HTTP/1.1" 302 -
116.224.254.208 - - [29/Mar/2024:10:51:49 +0800] "GET /xingrg/login.html HTTP/1.1" 200 2139
116.224.254.208 - - [29/Mar/2024:10:51:49 +0800] "GET /favicon.ico HTTP/1.1" 404 -
116.224.254.208 - - [29/Mar/2024:10:51:50 +0800] "GET /favicon.ico HTTP/1.1" 404 -
116.224.254.208 - - [29/Mar/2024:10:51:50 +0800] "GET /favicon.ico HTTP/1.1" 404 -
124.78.154.173 - - [29/Mar/2024:10:51:50 +0800] "GET /xingrg/kc/buy/cgsh_order_operate.html?command=get_materiel&rest_code=00106&code=00101008361&supplier_code=00100008&order_time=2024-03-29 HTTP/1.1" 200 408
124.79.241.4 - - [29/Mar/2024:10:51:50 +0800] "GET /xingrg/all/function/internal_message.html?_=1711680735765&CODE_STATE=getMsg HTTP/1.1" 302 -
114.83.222.168 - - [29/Mar/2024:10:51:51 +0800] "POST /xingrg/all/user/operate.html HTTP/1.1" 200 36
114.83.222.168 - - [29/Mar/2024:10:51:51 +0800] "GET /xingrg/javascript/jquery_easy_ui/themes/default/easyui.css HTTP/1.1" 304 -
114.83.222.168 - - [29/Mar/2024:10:51:51 +0800] "GET /xingrg/index.html?sysBaseUrl=http%3A%2F%2F180.169.147.146%3A18081%2Fxingrg%2F&costTime=905×tamp=1711680402560 HTTP/1.1" 200 17509
114.83.222.168 - - [29/Mar/2024:10:51:51 +0800] "GET /xingrg/javascript/jquery_easy_ui/themes/icon.css HTTP/1.1" 304 -
114.83.222.168 - - [29/Mar/2024:10:51:51 +0800] "GET /xingrg/css/form.css HTTP/1.1" 304 -
114.83.222.168 - - [29/Mar/2024:10:51:51 +0800] "GET /xingrg/javascript/jquery-1.4.2.min.js HTTP/1.1" 304 -
114.83.222.168 - - [29/Mar/2024:10:51:51 +0800] "GET /xingrg/javascript/jquery_easy_ui/jquery.easyui.min.js HTTP/1.1" 304 -
114.83.222.168 - - [29/Mar/2024:10:51:51 +0800] "GET /xingrg/javascript/jquery_easy_ui/easyui-lang-zh_CN.js HTTP/1.1" 304 -
114.83.222.168 - - [29/Mar/2024:10:51:51 +0800] "GET /xingrg/javascript/jquery.form.js HTTP/1.1" 304 -
114.83.222.168 - - [29/Mar/2024:10:51:51 +0800] "GET /xingrg/javascript/jquery.utils.js HTTP/1.1" 304 -
114.83.222.168 - - [29/Mar/2024:10:51:51 +0800] "GET /xingrg/javascript/jquery.timers.js HTTP/1.1" 304 -
114.83.222.168 - - [29/Mar/2024:10:51:51 +0800] "GET /xingrg/images/blue/jxLogo.png HTTP/1.1" 304 -
114.83.222.168 - - [29/Mar/2024:10:51:51 +0800] "GET /xingrg/images/blue/navBackgound.jpg HTTP/1.1" 304 -
114.83.222.168 - - [29/Mar/2024:10:51:51 +0800] "GET /xingrg/javascript/jquery_easy_ui/themes/icons/settle_new.png HTTP/1.1" 304 -
114.83.222.168 - - [29/Mar/2024:10:51:51 +0800] "GET /xingrg/javascript/jquery_easy_ui/themes/default/images/panel_tool_collapse.gif HTTP/1.1" 304 -
114.83.222.168 - - [29/Mar/2024:10:51:51 +0800] "GET /xingrg/all/function/internal_message.html?_=1711680711381&CODE_STATE=count HTTP/1.1" 200 11
114.83.222.168 - - [29/Mar/2024:10:51:51 +0800] "GET /xingrg/check_reg.html?_=1711680711382 HTTP/1.1" 200 22
114.83.222.168 - - [29/Mar/2024:10:51:51 +0800] "GET /xingrg/javascript/jquery_easy_ui/themes/default/images/panel_tool_expand.gif HTTP/1.1" 304 -
114.83.222.168 - - [29/Mar/2024:10:51:51 +0800] "GET /xingrg/javascript/jquery_easy_ui/themes/default/images/tabs_leftarrow.png HTTP/1.1" 304 -
114.83.222.168 - - [29/Mar/2024:10:51:51 +0800] "GET /xingrg/images/blue/pingpu.png HTTP/1.1" 304 -
114.83.222.168 - - [29/Mar/2024:10:51:51 +0800] "GET /xingrg/javascript/jquery_easy_ui/themes/default/images/tabs_rightarrow.png HTTP/1.1" 304 -
114.83.222.168 - - [29/Mar/2024:10:51:51 +0800] "POST /xingrg/all/common/load_tree.html?tree=area_rest_tree_json&manage=1 HTTP/1.1" 200 3624
114.83.222.168 - - [29/Mar/2024:10:51:51 +0800] "POST /xingrg/load_menu.html HTTP/1.1" 200 9959
116.224.254.208 - - [29/Mar/2024:10:51:52 +0800] "GET /xingrg/all/function/internal_message.html?_=1711680712528&CODE_STATE=getMsg HTTP/1.1" 302 -
114.85.113.46 - - [29/Mar/2024:10:51:53 +0800] "GET /xingrg/all/function/internal_message.html?_=1711680712120&CODE_STATE=getMsg HTTP/1.1" 302 -
114.83.222.168 - - [29/Mar/2024:10:51:55 +0800] "GET /xingrg/kc/base/check_order_list.html HTTP/1.1" 200 16437
114.83.222.168 - - [29/Mar/2024:10:51:55 +0800] "POST /xingrg/kc/base/check_list_operate.html HTTP/1.1" 200 781
124.78.154.173 - - [29/Mar/2024:10:51:56 +0800] "POST /xingrg/kc/buy/cgsh_order_operate.html HTTP/1.1" 200 2065
116.232.194.112 - - [29/Mar/2024:10:51:56 +0800] "GET /xingrg/kc/buy/cgsh_order_operate.html?command=get_materiel&rest_code=00155&code=00101008131&supplier_code=00100005&order_time=2024-03-29 HTTP/1.1" 200 408
120.253.135.82 - - [29/Mar/2024:10:51:57 +0800] "GET /xingrg/all/function/internal_message.html?_=1711680559703&CODE_STATE=getMsg HTTP/1.1" 200 27
114.83.222.168 - - [29/Mar/2024:10:51:58 +0800] "POST /xingrg/kc/base/check_list_operate.html HTTP/1.1" 200 5445
116.224.254.208 - - [29/Mar/2024:10:51:58 +0800] "POST /xingrg/login.do HTTP/1.1" 302 -
116.224.254.208 - - [29/Mar/2024:10:51:58 +0800] "GET /xingrg/index_mobile.html?sysBaseUrl=http%3A%2F%2F180.169.147.146%3A18081%2Fxingrg%2F&costTime=1003×tamp=1711680718493 HTTP/1.1" 200 3182
116.232.194.112 - - [29/Mar/2024:10:51:59 +0800] "POST /xingrg/kc/buy/cgsh_order_operate.html HTTP/1.1" 200 2065
116.224.254.208 - - [29/Mar/2024:10:52:01 +0800] "GET /xingrg/dma/mobile/column_pie.html?type=yyfx&title=%D3%AA%D2%B5%B7%D6%CE%F6 HTTP/1.1" 200 10245
116.224.254.208 - - [29/Mar/2024:10:52:01 +0800] "GET /favicon.ico HTTP/1.1" 404 -
116.224.254.208 - - [29/Mar/2024:10:52:01 +0800] "POST /xingrg/dma/mobile/report_query.html HTTP/1.1" 200 121
124.78.60.103 - - [29/Mar/2024:10:52:02 +0800] "GET /xingrg/all/function/internal_message.html?_=1711680722878&CODE_STATE=getMsg HTTP/1.1" 200 27
101.83.144.49 - - [29/Mar/2024:10:52:04 +0800] "GET /xingrg/all/function/internal_message.html?_=1711680485638&CODE_STATE=getMsg HTTP/1.1" 200 27
124.78.154.173 - - [29/Mar/2024:10:52:06 +0800] "GET /xingrg/kc/buy/cgsh_order_operate.html?command=get_materiel&rest_code=00106&code=00101008300&supplier_code=00100008&order_time=2024-03-29 HTTP/1.1" 200 412
116.232.194.112 - - [29/Mar/2024:10:52:08 +0800] "GET /xingrg/kc/buy/cgsh_order_operate.html?command=get_materiel&rest_code=00155&code=00101008318&supplier_code=00100005&order_time=2024-03-29 HTTP/1.1" 200 408
116.224.254.208 - - [29/Mar/2024:10:52:10 +0800] "POST /xingrg/dma/mobile/report_query.html HTTP/1.1" 200 554
222.70.115.1 - - [29/Mar/2024:10:52:13 +0800] "GET /xingrg/all/function/internal_message.html?_=1711680745650&CODE_STATE=getMsg HTTP/1.1" 302 -
222.70.183.82 - - [29/Mar/2024:10:52:14 +0800] "GET /xingrg/kc/buy/cgsh_order_add.html HTTP/1.1" 302 -
222.70.183.82 - - [29/Mar/2024:10:52:14 +0800] "GET /xingrg/login.html HTTP/1.1" 200 7641
222.70.183.82 - - [29/Mar/2024:10:52:14 +0800] "GET /xingrg/login.html HTTP/1.1" 200 7641
222.70.183.82 - - [29/Mar/2024:10:52:15 +0800] "GET /favicon.ico HTTP/1.1" 404 -
116.232.194.112 - - [29/Mar/2024:10:52:17 +0800] "GET /xingrg/kc/buy/cgsh_order_operate.html?command=get_materiel&rest_code=00155&code=00101008271&supplier_code=00100005&order_time=2024-03-29 HTTP/1.1" 200 408
222.70.183.82 - - [29/Mar/2024:10:52:17 +0800] "POST /xingrg/login.do HTTP/1.1" 302 -
222.70.183.82 - - [29/Mar/2024:10:52:17 +0800] "GET /xingrg/index.html?sysBaseUrl=http%3A%2F%2F180.169.147.146%3A18081%2Fxingrg%2F&costTime=1153×tamp=1711680737792 HTTP/1.1" 200 17173
222.70.183.82 - - [29/Mar/2024:10:52:18 +0800] "GET /favicon.ico HTTP/1.1" 404 -
222.70.183.82 - - [29/Mar/2024:10:52:18 +0800] "GET /xingrg/check_reg.html?_=1711680735758 HTTP/1.1" 200 22
222.70.183.82 - - [29/Mar/2024:10:52:18 +0800] "GET /xingrg/all/function/internal_message.html?_=1711680735757&CODE_STATE=count HTTP/1.1" 200 11
222.70.183.82 - - [29/Mar/2024:10:52:18 +0800] "POST /xingrg/all/common/load_tree.html?tree=area_rest_tree_json&manage=1 HTTP/1.1" 200 342
222.70.183.82 - - [29/Mar/2024:10:52:18 +0800] "POST /xingrg/load_menu.html HTTP/1.1" 200 5138
124.78.154.173 - - [29/Mar/2024:10:52:22 +0800] "GET /xingrg/kc/buy/cgsh_order_operate.html?command=get_materiel&rest_code=00106&code=00101008213&supplier_code=00100008&order_time=2024-03-29 HTTP/1.1" 200 412
222.70.183.82 - - [29/Mar/2024:10:52:23 +0800] "GET /xingrg/kc/buy/cgsh_order_list.html HTTP/1.1" 200 58005
124.78.154.173 - - [29/Mar/2024:10:52:25 +0800] "GET /xingrg/all/function/internal_message.html?_=1711680745512&CODE_STATE=getMsg HTTP/1.1" 200 27
116.232.194.112 - - [29/Mar/2024:10:52:27 +0800] "GET /xingrg/kc/buy/cgsh_order_operate.html?command=get_materiel&rest_code=00155&code=00101008353&supplier_code=00100005&order_time=2024-03-29 HTTP/1.1" 200 408
222.70.183.82 - - [29/Mar/2024:10:52:30 +0800] "POST /xingrg/kc/buy/cgsh_list_operate.html HTTP/1.1" 200 1647
222.70.183.82 - - [29/Mar/2024:10:52:33 +0800] "GET /xingrg/kc/buy/cgsh_order_add.html HTTP/1.1" 200 73736
180.164.1.25 - - [29/Mar/2024:10:52:33 +0800] "GET /xingrg/all/function/internal_message.html?_=1711680753357&CODE_STATE=getMsg HTTP/1.1" 302 -
222.70.183.82 - - [29/Mar/2024:10:52:33 +0800] "POST /xingrg/kc/buy/cgsh_order_operate.html HTTP/1.1" 200 8245
222.70.183.82 - - [29/Mar/2024:10:52:33 +0800] "GET /xingrg/javascript/easyui/themes/default/validatebox.css HTTP/1.1" 404 1104
124.78.154.173 - - [29/Mar/2024:10:52:34 +0800] "GET /xingrg/kc/buy/cgsh_order_operate.html?command=get_materiel&rest_code=00106&code=00101008067&supplier_code=00100008&order_time=2024-03-29 HTTP/1.1" 200 416
101.83.144.49 - - [29/Mar/2024:10:52:36 +0800] "GET /xingrg/all/function/internal_message.html?_=1711680756291&CODE_STATE=getMsg HTTP/1.1" 302 -
114.83.222.168 - - [29/Mar/2024:10:52:36 +0800] "POST /xingrg/kc/base/check_list_operate.html HTTP/1.1" 200 4
116.238.97.31 - - [29/Mar/2024:10:52:39 +0800] "GET /xingrg/all/function/internal_message.html?_=1711680760558&CODE_STATE=getMsg HTTP/1.1" 200 27
116.232.194.112 - - [29/Mar/2024:10:52:40 +0800] "GET /xingrg/kc/buy/cgsh_order_operate.html?command=get_materiel&rest_code=00155&code=00101008363&supplier_code=00100005&order_time=2024-03-29 HTTP/1.1" 200 422
222.70.183.82 - - [29/Mar/2024:10:52:41 +0800] "GET /xingrg/javascript/auto/indicator.gif HTTP/1.1" 404 1066
180.169.147.146 - - [29/Mar/2024:10:52:42 +0800] "GET /xingrg/all/function/internal_message.html?_=1711680753980&CODE_STATE=getMsg HTTP/1.1" 200 27
116.232.194.112 - - [29/Mar/2024:10:52:45 +0800] "GET /xingrg/all/function/internal_message.html?_=1711680728651&CODE_STATE=getMsg HTTP/1.1" 200 27
180.169.147.146 - - [29/Mar/2024:10:52:45 +0800] "GET /xingrg/all/function/internal_message.html?_=1711680765677&CODE_STATE=getMsg HTTP/1.1" 302 -
222.70.183.82 - - [29/Mar/2024:10:52:46 +0800] "GET /xingrg/javascript/jquery_tools/images/prev.gif HTTP/1.1" 404 1086
222.70.183.82 - - [29/Mar/2024:10:52:46 +0800] "GET /xingrg/javascript/jquery_tools/images/next.gif HTTP/1.1" 404 1086
222.69.135.32 - - [29/Mar/2024:10:52:47 +0800] "GET /xingrg/all/function/internal_message.html?_=1711680769684&CODE_STATE=getMsg HTTP/1.1" 302 -
124.79.241.4 - - [29/Mar/2024:10:52:50 +0800] "GET /xingrg/all/function/internal_message.html?_=1711680795763&CODE_STATE=getMsg HTTP/1.1" 302 -
124.79.241.4 - - [29/Mar/2024:10:52:50 +0800] "GET /xingrg/check_reg.html?_=1711680795765 HTTP/1.1" 302 -
124.78.154.173 - - [29/Mar/2024:10:52:51 +0800] "POST /xingrg/kc/buy/cgsh_order_operate.html HTTP/1.1" 200 37
116.224.254.208 - - [29/Mar/2024:10:52:52 +0800] "GET /xingrg/all/function/internal_message.html?_=1711680772544&CODE_STATE=getMsg HTTP/1.1" 302 -
114.85.113.46 - - [29/Mar/2024:10:52:53 +0800] "GET /xingrg/all/function/internal_message.html?_=1711680772124&CODE_STATE=getMsg HTTP/1.1" 302 -
222.70.183.82 - - [29/Mar/2024:10:52:54 +0800] "GET /xingrg/kc/buy/cgsh_order_operate.html?command=get_materiel&rest_code=00111&code=00101018011&supplier_code=00100042&order_time=2024-03-29 HTTP/1.1" 200 413
120.253.135.82 - - [29/Mar/2024:10:52:57 +0800] "GET /xingrg/check_reg.html?_=1711680619594 HTTP/1.1" 200 22
120.253.135.82 - - [29/Mar/2024:10:52:57 +0800] "GET /xingrg/all/function/internal_message.html?_=1711680619717&CODE_STATE=getMsg HTTP/1.1" 200 27
116.232.194.112 - - [29/Mar/2024:10:52:58 +0800] "GET /xingrg/kc/buy/cgsh_order_operate.html?command=get_materiel&rest_code=00155&code=00101008633&supplier_code=00100005&order_time=2024-03-29 HTTP/1.1" 200 414
116.232.194.112 - - [29/Mar/2024:10:53:01 +0800] "POST /xingrg/kc/buy/cgsh_order_operate.html HTTP/1.1" 200 2065
124.78.60.103 - - [29/Mar/2024:10:53:02 +0800] "GET /xingrg/all/function/internal_message.html?_=1711680782865&CODE_STATE=getMsg HTTP/1.1" 200 27
101.83.144.49 - - [29/Mar/2024:10:53:04 +0800] "GET /xingrg/all/function/internal_message.html?_=1711680545638&CODE_STATE=getMsg HTTP/1.1" 200 27
180.169.147.146 - - [29/Mar/2024:10:53:05 +0800] "GET /xingrg/check_reg.html?_=1711680776792 HTTP/1.1" 200 22
116.232.194.112 - - [29/Mar/2024:10:53:07 +0800] "GET /xingrg/kc/buy/cgsh_order_operate.html?command=get_materiel&rest_code=00155&code=00101008765&supplier_code=00100005&order_time=2024-03-29 HTTP/1.1" 200 416
222.70.183.82 - - [29/Mar/2024:10:53:07 +0800] "GET /xingrg/kc/buy/cgsh_order_operate.html?command=get_materiel&rest_code=00111&code=00101018007&supplier_code=00100042&order_time=2024-03-29 HTTP/1.1" 200 409
180.169.147.146 - - [29/Mar/2024:10:53:09 +0800] "POST /xingrg/kc/buy/cgsh_list_operate.html HTTP/1.1" 200 4249
222.70.115.1 - - [29/Mar/2024:10:53:13 +0800] "GET /xingrg/all/function/internal_message.html?_=1711680805641&CODE_STATE=getMsg HTTP/1.1" 302 -
116.232.194.112 - - [29/Mar/2024:10:53:16 +0800] "GET /xingrg/kc/buy/cgsh_order_operate.html?command=get_materiel&rest_code=00155&code=00101008172&supplier_code=00100005&order_time=2024-03-29 HTTP/1.1" 200 412
222.70.183.82 - - [29/Mar/2024:10:53:18 +0800] "GET /xingrg/all/function/internal_message.html?_=1711680795772&CODE_STATE=getMsg HTTP/1.1" 200 27
222.70.183.82 - - [29/Mar/2024:10:53:19 +0800] "GET /xingrg/kc/buy/cgsh_order_operate.html?command=get_materiel&rest_code=00111&code=00101018019&supplier_code=00100042&order_time=2024-03-29 HTTP/1.1" 200 421
114.85.113.46 - - [29/Mar/2024:10:53:23 +0800] "GET /xingrg/check_reg.html?_=1711680801752 HTTP/1.1" 302 -
222.70.168.57 - - [29/Mar/2024:10:53:23 +0800] "GET /xingrg/login.html HTTP/1.1" 200 7641
222.70.168.57 - - [29/Mar/2024:10:53:23 +0800] "GET /favicon.ico HTTP/1.1" 404 -
116.232.194.112 - - [29/Mar/2024:10:53:25 +0800] "GET /xingrg/kc/buy/cgsh_order_operate.html?command=get_materiel&rest_code=00155&code=00101023038&supplier_code=00100005&order_time=2024-03-29 HTTP/1.1" 200 413
222.70.168.57 - - [29/Mar/2024:10:53:26 +0800] "POST /xingrg/login.do HTTP/1.1" 302 -
222.70.168.57 - - [29/Mar/2024:10:53:26 +0800] "GET /xingrg/index.html?sysBaseUrl=http%3A%2F%2F180.169.147.146%3A18081%2Fxingrg%2F&costTime=833×tamp=1711680806319 HTTP/1.1" 200 17179
222.70.168.57 - - [29/Mar/2024:10:53:26 +0800] "GET /xingrg/javascript/jquery_easy_ui/themes/default/easyui.css HTTP/1.1" 304 -
222.70.168.57 - - [29/Mar/2024:10:53:26 +0800] "GET /xingrg/javascript/jquery.timers.js HTTP/1.1" 304 -
222.70.168.57 - - [29/Mar/2024:10:53:26 +0800] "GET /xingrg/javascript/jquery_easy_ui/themes/icon.css HTTP/1.1" 304 -
222.70.168.57 - - [29/Mar/2024:10:53:26 +0800] "GET /xingrg/javascript/jquery.utils.js HTTP/1.1" 304 -
222.70.168.57 - - [29/Mar/2024:10:53:26 +0800] "GET /xingrg/javascript/jquery.form.js HTTP/1.1" 304 -
222.70.168.57 - - [29/Mar/2024:10:53:26 +0800] "GET /xingrg/javascript/jquery-1.4.2.min.js HTTP/1.1" 304 -
222.70.168.57 - - [29/Mar/2024:10:53:26 +0800] "GET /xingrg/css/form.css HTTP/1.1" 304 -
222.70.168.57 - - [29/Mar/2024:10:53:26 +0800] "GET /xingrg/javascript/jquery_easy_ui/easyui-lang-zh_CN.js HTTP/1.1" 304 -
222.70.168.57 - - [29/Mar/2024:10:53:26 +0800] "GET /xingrg/javascript/jquery_easy_ui/jquery.easyui.min.js HTTP/1.1" 304 -
222.70.168.57 - - [29/Mar/2024:10:53:26 +0800] "GET /favicon.ico HTTP/1.1" 404 -
222.70.168.57 - - [29/Mar/2024:10:53:26 +0800] "POST /xingrg/all/common/load_tree.html?tree=area_rest_tree_json&manage=1 HTTP/1.1" 200 479
222.70.168.57 - - [29/Mar/2024:10:53:26 +0800] "GET /xingrg/check_reg.html?_=1711680824644 HTTP/1.1" 200 22
222.70.168.57 - - [29/Mar/2024:10:53:26 +0800] "GET /xingrg/all/function/internal_message.html?_=1711680824622&CODE_STATE=count HTTP/1.1" 200 11
222.70.168.57 - - [29/Mar/2024:10:53:26 +0800] "POST /xingrg/load_menu.html HTTP/1.1" 200 5138
222.70.168.57 - - [29/Mar/2024:10:53:31 +0800] "GET /xingrg/kc/buy/cgsh_order_list.html HTTP/1.1" 200 58011
222.70.168.57 - - [29/Mar/2024:10:53:31 +0800] "GET /xingrg/css/base.css HTTP/1.1" 304 -
222.70.168.57 - - [29/Mar/2024:10:53:31 +0800] "GET /xingrg/css/site.css HTTP/1.1" 304 -
222.70.168.57 - - [29/Mar/2024:10:53:31 +0800] "GET /xingrg/javascript/easyui/themes/icon.css HTTP/1.1" 304 -
222.70.168.57 - - [29/Mar/2024:10:53:31 +0800] "GET /xingrg/javascript/easyui/themes/default/easyui.css HTTP/1.1" 304 -
222.70.168.57 - - [29/Mar/2024:10:53:31 +0800] "GET /xingrg/javascript/jquery_tools/datebox.css HTTP/1.1" 304 -
222.70.168.57 - - [29/Mar/2024:10:53:31 +0800] "GET /xingrg/javascript/jquery_tools/table.css HTTP/1.1" 304 -
222.70.168.57 - - [29/Mar/2024:10:53:31 +0800] "GET /xingrg/javascript/jquery_tools/fix.css HTTP/1.1" 304 -
222.70.168.57 - - [29/Mar/2024:10:53:31 +0800] "GET /xingrg/javascript/auto/jquery.autocomplete.css HTTP/1.1" 304 -
222.70.168.57 - - [29/Mar/2024:10:53:31 +0800] "GET /xingrg/javascript/jquery_tools/jquery.tools.hotkey.js HTTP/1.1" 304 -
222.70.168.57 - - [29/Mar/2024:10:53:31 +0800] "GET /xingrg/javascript/jquery_tools/jquery.tools.min.js HTTP/1.1" 304 -
222.70.168.57 - - [29/Mar/2024:10:53:31 +0800] "GET /xingrg/javascript/jquery_tools/jquery.tools.table.js HTTP/1.1" 304 -
222.70.168.57 - - [29/Mar/2024:10:53:31 +0800] "GET /xingrg/javascript/auto/jquery.autocomplete.js HTTP/1.1" 304 -
222.70.168.57 - - [29/Mar/2024:10:53:31 +0800] "GET /xingrg/javascript/jquery_tools/list_manager.js HTTP/1.1" 304 -
222.70.168.57 - - [29/Mar/2024:10:53:31 +0800] "GET /xingrg/javascript/jquery_tools/jquery.tools.extend.js HTTP/1.1" 304 -
222.70.168.57 - - [29/Mar/2024:10:53:31 +0800] "GET /xingrg/javascript/easyui/easyloader.js HTTP/1.1" 304 -
222.70.168.57 - - [29/Mar/2024:10:53:31 +0800] "GET /xingrg/javascript/jquery.cookie.js HTTP/1.1" 304 -
222.70.168.57 - - [29/Mar/2024:10:53:31 +0800] "GET /xingrg/javascript/print/LodopFuncs.js HTTP/1.1" 304 -
222.70.168.57 - - [29/Mar/2024:10:53:31 +0800] "GET /xingrg/javascript/easyui/plugins/jquery.parser.js HTTP/1.1" 304 -
222.70.183.82 - - [29/Mar/2024:10:53:32 +0800] "GET /xingrg/kc/buy/cgsh_order_operate.html?command=get_materiel&rest_code=00111&code=00101010161&supplier_code=00100042&order_time=2024-03-29 HTTP/1.1" 200 408
180.164.1.25 - - [29/Mar/2024:10:53:33 +0800] "GET /xingrg/all/function/internal_message.html?_=1711680813331&CODE_STATE=getMsg HTTP/1.1" 302 -
101.83.144.49 - - [29/Mar/2024:10:53:36 +0800] "GET /xingrg/all/function/internal_message.html?_=1711680816292&CODE_STATE=getMsg HTTP/1.1" 302 -
116.232.194.112 - - [29/Mar/2024:10:53:37 +0800] "GET /xingrg/kc/buy/cgsh_order_operate.html?command=get_materiel&rest_code=00155&code=00101008168&supplier_code=00100005&order_time=2024-03-29 HTTP/1.1" 200 412
116.238.97.31 - - [29/Mar/2024:10:53:39 +0800] "GET /xingrg/all/function/internal_message.html?_=1711680820554&CODE_STATE=getMsg HTTP/1.1" 200 27
116.238.97.31 - - [29/Mar/2024:10:53:39 +0800] "GET /xingrg/check_reg.html?_=1711680820559 HTTP/1.1" 200 22
180.169.147.146 - - [29/Mar/2024:10:53:42 +0800] "GET /xingrg/all/function/internal_message.html?_=1711680813964&CODE_STATE=getMsg HTTP/1.1" 200 27
180.171.58.249 - - [29/Mar/2024:10:53:44 +0800] "GET /xingrg/check_reg.html?_=1711680831332 HTTP/1.1" 302 -
116.232.194.112 - - [29/Mar/2024:10:53:45 +0800] "GET /xingrg/all/function/internal_message.html?_=1711680788652&CODE_STATE=getMsg HTTP/1.1" 200 27
180.169.147.146 - - [29/Mar/2024:10:53:45 +0800] "GET /xingrg/all/function/internal_message.html?_=1711680825679&CODE_STATE=getMsg HTTP/1.1" 302 -
222.70.183.82 - - [29/Mar/2024:10:53:45 +0800] "GET /xingrg/kc/buy/cgsh_order_operate.html?command=get_materiel&rest_code=00111&code=00101001191&supplier_code=00100042&order_time=2024-03-29 HTTP/1.1" 200 413
222.69.135.32 - - [29/Mar/2024:10:53:47 +0800] "GET /xingrg/all/function/internal_message.html?_=1711680829690&CODE_STATE=getMsg HTTP/1.1" 302 -
116.232.194.112 - - [29/Mar/2024:10:53:49 +0800] "POST /xingrg/kc/buy/cgsh_order_operate.html HTTP/1.1" 200 2065
114.83.222.168 - - [29/Mar/2024:10:53:50 +0800] "GET /xingrg/all/function/internal_message.html?_=1711680829909&CODE_STATE=getMsg HTTP/1.1" 200 27
114.83.222.168 - - [29/Mar/2024:10:53:50 +0800] "POST /xingrg/kc/base/check_list_operate.html HTTP/1.1" 200 5514
222.70.168.57 - - [29/Mar/2024:10:53:50 +0800] "POST /xingrg/kc/buy/cgsh_list_operate.html HTTP/1.1" 200 1971
124.79.241.4 - - [29/Mar/2024:10:53:50 +0800] "GET /xingrg/all/function/internal_message.html?_=1711680855764&CODE_STATE=getMsg HTTP/1.1" 302 -
116.224.254.208 - - [29/Mar/2024:10:53:52 +0800] "GET /xingrg/all/function/internal_message.html?_=1711680832536&CODE_STATE=getMsg HTTP/1.1" 302 -
114.83.222.168 - - [29/Mar/2024:10:53:53 +0800] "GET /xingrg/kc/base/check_order_list.html HTTP/1.1" 200 16437
114.83.222.168 - - [29/Mar/2024:10:53:53 +0800] "POST /xingrg/kc/base/check_list_operate.html HTTP/1.1" 200 3522
114.85.113.46 - - [29/Mar/2024:10:53:53 +0800] "GET /xingrg/all/function/internal_message.html?_=1711680832131&CODE_STATE=getMsg HTTP/1.1" 302 -
116.232.194.112 - - [29/Mar/2024:10:53:57 +0800] "GET /xingrg/kc/buy/cgsh_order_operate.html?command=get_materiel&rest_code=00155&code=00101008331&supplier_code=00100005&order_time=2024-03-29 HTTP/1.1" 200 416
120.253.135.82 - - [29/Mar/2024:10:53:57 +0800] "GET /xingrg/all/function/internal_message.html?_=1711680679730&CODE_STATE=getMsg HTTP/1.1" 200 27
222.70.183.82 - - [29/Mar/2024:10:53:58 +0800] "GET /xingrg/kc/buy/cgsh_order_operate.html?command=get_materiel&rest_code=00111&code=00101003025&supplier_code=00100042&order_time=2024-03-29 HTTP/1.1" 200 409
124.78.60.103 - - [29/Mar/2024:10:54:02 +0800] "GET /xingrg/check_reg.html?_=1711680842366 HTTP/1.1" 200 22
124.78.60.103 - - [29/Mar/2024:10:54:02 +0800] "GET /xingrg/all/function/internal_message.html?_=1711680842855&CODE_STATE=getMsg HTTP/1.1" 200 27
101.83.144.49 - - [29/Mar/2024:10:54:04 +0800] "GET /xingrg/check_reg.html?_=1711680605642 HTTP/1.1" 200 22
101.83.144.49 - - [29/Mar/2024:10:54:04 +0800] "GET /xingrg/all/function/internal_message.html?_=1711680605639&CODE_STATE=getMsg HTTP/1.1" 200 27
180.169.147.146 - - [29/Mar/2024:10:54:06 +0800] "POST /xingrg/kc/buy/cgsh_list_operate.html HTTP/1.1" 200 164
116.232.194.112 - - [29/Mar/2024:10:54:07 +0800] "GET /xingrg/kc/buy/cgsh_order_operate.html?command=get_materiel&rest_code=00155&code=00101008175&supplier_code=00100005&order_time=2024-03-29 HTTP/1.1" 200 412
114.83.222.168 - - [29/Mar/2024:10:54:10 +0800] "POST /xingrg/kc/base/check_list_operate.html HTTP/1.1" 200 4
222.70.115.1 - - [29/Mar/2024:10:54:13 +0800] "GET /xingrg/check_reg.html?_=1711680865679 HTTP/1.1" 302 -
222.70.115.1 - - [29/Mar/2024:10:54:13 +0800] "GET /xingrg/all/function/internal_message.html?_=1711680865687&CODE_STATE=getMsg HTTP/1.1" 302 -
222.70.183.82 - - [29/Mar/2024:10:54:18 +0800] "GET /xingrg/all/function/internal_message.html?_=1711680855766&CODE_STATE=getMsg HTTP/1.1" 200 27
222.70.183.82 - - [29/Mar/2024:10:54:19 +0800] "POST /xingrg/kc/buy/cgsh_order_operate.html HTTP/1.1" 200 37
116.232.194.112 - - [29/Mar/2024:10:54:20 +0800] "GET /xingrg/kc/buy/cgsh_order_operate.html?command=get_materiel&rest_code=00155&code=00101008005&supplier_code=00100005&order_time=2024-03-29 HTTP/1.1" 200 412
222.70.168.57 - - [29/Mar/2024:10:54:23 +0800] "GET /xingrg/javascript/pic_change.js HTTP/1.1" 304 -
222.70.168.57 - - [29/Mar/2024:10:54:23 +0800] "GET /xingrg/kc/buy/cgsh_order_add.html HTTP/1.1" 200 73780
222.70.168.57 - - [29/Mar/2024:10:54:23 +0800] "GET /xingrg/javascript/jquery_tools/order_manager.js HTTP/1.1" 304 -
222.70.168.57 - - [29/Mar/2024:10:54:23 +0800] "GET /xingrg/javascript/json2.js HTTP/1.1" 304 -
222.70.168.57 - - [29/Mar/2024:10:54:23 +0800] "GET /xingrg/javascript/convert.js HTTP/1.1" 304 -
222.70.168.57 - - [29/Mar/2024:10:54:23 +0800] "GET /xingrg/javascript/print/kc_print.js HTTP/1.1" 304 -
222.70.168.57 - - [29/Mar/2024:10:54:23 +0800] "GET /xingrg/words/20240327135526_words.js HTTP/1.1" 304 -
222.70.168.57 - - [29/Mar/2024:10:54:24 +0800] "POST /xingrg/kc/buy/cgsh_order_operate.html HTTP/1.1" 200 8245
222.70.168.57 - - [29/Mar/2024:10:54:24 +0800] "GET /xingrg/javascript/easyui/themes/default/validatebox.css HTTP/1.1" 404 1104
222.70.168.57 - - [29/Mar/2024:10:54:24 +0800] "GET /xingrg/javascript/easyui/plugins/jquery.validatebox.js HTTP/1.1" 304 -
222.70.168.57 - - [29/Mar/2024:10:54:24 +0800] "GET /xingrg/javascript/easyui/plugins/jquery.numberbox.js HTTP/1.1" 304 -
222.70.168.57 - - [29/Mar/2024:10:54:24 +0800] "GET /xingrg/all/common/auto_word.html?type=employee&rest_code=00146 HTTP/1.1" 200 101
222.70.168.57 - - [29/Mar/2024:10:54:24 +0800] "GET /xingrg/all/common/auto_word.html?type=employee&rest_code=00146 HTTP/1.1" 200 101
222.70.168.57 - - [29/Mar/2024:10:54:26 +0800] "GET /xingrg/all/function/internal_message.html?_=1711680884651&CODE_STATE=getMsg HTTP/1.1" 200 27
222.70.168.57 - - [29/Mar/2024:10:54:27 +0800] "GET /xingrg/javascript/auto/indicator.gif HTTP/1.1" 404 1066
222.70.183.82 - - [29/Mar/2024:10:54:27 +0800] "POST /xingrg/kc/buy/cgsh_order_operate.html HTTP/1.1" 200 12
222.70.183.82 - - [29/Mar/2024:10:54:30 +0800] "GET /xingrg/kc/buy/cgsh_order_info.html?code=212024032908581 HTTP/1.1" 200 68645
222.70.183.82 - - [29/Mar/2024:10:54:30 +0800] "GET /xingrg/javascript/easyui/themes/default/validatebox.css HTTP/1.1" 404 1104
116.232.194.112 - - [29/Mar/2024:10:54:30 +0800] "GET /xingrg/kc/buy/cgsh_order_operate.html?command=get_materiel&rest_code=00155&code=00101008447&supplier_code=00100005&order_time=2024-03-29 HTTP/1.1" 200 413
222.70.183.82 - - [29/Mar/2024:10:54:31 +0800] "POST /xingrg/kc/buy/cgsh_order_operate.html HTTP/1.1" 200 3558
114.83.222.168 - - [29/Mar/2024:10:54:31 +0800] "POST /xingrg/services/DataTransmitService HTTP/1.1" 200 524
180.164.1.25 - - [29/Mar/2024:10:54:33 +0800] "GET /xingrg/all/function/internal_message.html?_=1711680873323&CODE_STATE=getMsg HTTP/1.1" 302 -
222.70.183.82 - - [29/Mar/2024:10:54:34 +0800] "GET /xingrg/kc/print/load_data.html?order_code=212024032908581&kc_code=cgsh&condition= HTTP/1.1" 200 1848
101.83.144.49 - - [29/Mar/2024:10:54:36 +0800] "GET /xingrg/all/function/internal_message.html?_=1711680876293&CODE_STATE=getMsg HTTP/1.1" 302 -
116.238.97.31 - - [29/Mar/2024:10:54:39 +0800] "GET /xingrg/all/function/internal_message.html?_=1711680880553&CODE_STATE=getMsg HTTP/1.1" 200 27
116.232.194.112 - - [29/Mar/2024:10:54:40 +0800] "GET /xingrg/kc/buy/cgsh_order_operate.html?command=get_materiel&rest_code=00155&code=00101009175&supplier_code=00100005&order_time=2024-03-29 HTTP/1.1" 200 415
116.232.194.112 - - [29/Mar/2024:10:54:42 +0800] "POST /xingrg/kc/buy/cgsh_order_operate.html HTTP/1.1" 200 2065
222.70.168.57 - - [29/Mar/2024:10:54:45 +0800] "GET /xingrg/javascript/jquery_tools/images/prev.gif HTTP/1.1" 404 1086
222.70.168.57 - - [29/Mar/2024:10:54:45 +0800] "GET /xingrg/javascript/jquery_tools/images/next.gif HTTP/1.1" 404 1086
116.232.194.112 - - [29/Mar/2024:10:54:45 +0800] "GET /xingrg/all/function/internal_message.html?_=1711680848658&CODE_STATE=getMsg HTTP/1.1" 200 27
180.169.147.146 - - [29/Mar/2024:10:54:45 +0800] "GET /xingrg/all/function/internal_message.html?_=1711680885671&CODE_STATE=getMsg HTTP/1.1" 302 -
222.69.135.32 - - [29/Mar/2024:10:54:47 +0800] "GET /xingrg/all/function/internal_message.html?_=1711680889688&CODE_STATE=getMsg HTTP/1.1" 302 -
124.79.241.4 - - [29/Mar/2024:10:54:50 +0800] "GET /xingrg/all/function/internal_message.html?_=1711680915763&CODE_STATE=getMsg HTTP/1.1" 302 -
222.70.183.82 - - [29/Mar/2024:10:54:51 +0800] "GET /xingrg/kc/buy/cgsh_order_add.html HTTP/1.1" 200 73736
116.232.194.112 - - [29/Mar/2024:10:54:51 +0800] "GET /xingrg/kc/buy/cgsh_order_operate.html?command=get_materiel&rest_code=00155&code=00101008248&supplier_code=00100005&order_time=2024-03-29 HTTP/1.1" 200 412
222.70.183.82 - - [29/Mar/2024:10:54:51 +0800] "POST /xingrg/kc/buy/cgsh_order_operate.html HTTP/1.1" 200 8245
222.70.183.82 - - [29/Mar/2024:10:54:52 +0800] "GET /xingrg/javascript/easyui/themes/default/validatebox.css HTTP/1.1" 404 1104
116.224.254.208 - - [29/Mar/2024:10:54:52 +0800] "GET /xingrg/all/function/internal_message.html?_=1711680892534&CODE_STATE=getMsg HTTP/1.1" 302 -
116.224.254.208 - - [29/Mar/2024:10:54:52 +0800] "GET /xingrg/check_reg.html?_=1711680892535 HTTP/1.1" 302 -
114.85.113.46 - - [29/Mar/2024:10:54:53 +0800] "GET /xingrg/all/function/internal_message.html?_=1711680892130&CODE_STATE=getMsg HTTP/1.1" 302 -
124.78.154.173 - - [29/Mar/2024:10:54:55 +0800] "POST /xingrg/kc/buy/cgsh_order_operate.html HTTP/1.1" 200 23360
222.70.168.57 - - [29/Mar/2024:10:54:57 +0800] "GET /xingrg/kc/buy/cgsh_order_operate.html?command=get_materiel&rest_code=00146&code=00101006177&supplier_code=00100005&order_time=2024-03-29 HTTP/1.1" 200 408
120.253.135.82 - - [29/Mar/2024:10:54:57 +0800] "GET /xingrg/all/function/internal_message.html?_=1711680739744&CODE_STATE=getMsg HTTP/1.1" 200 27
180.171.58.249 - - [29/Mar/2024:10:54:58 +0800] "GET /xingrg/check_reg.html?_=1711680905895 HTTP/1.1" 302 -
124.78.60.103 - - [29/Mar/2024:10:55:02 +0800] "GET /xingrg/all/function/internal_message.html?_=1711680902833&CODE_STATE=getMsg HTTP/1.1" 200 27
116.232.194.112 - - [29/Mar/2024:10:55:03 +0800] "GET /xingrg/kc/buy/cgsh_order_operate.html?command=get_materiel&rest_code=00155&code=00101009030&supplier_code=00100005&order_time=2024-03-29 HTTP/1.1" 200 412
101.83.144.49 - - [29/Mar/2024:10:55:04 +0800] "GET /xingrg/all/function/internal_message.html?_=1711680665642&CODE_STATE=getMsg HTTP/1.1" 200 27
222.70.115.1 - - [29/Mar/2024:10:55:09 +0800] "GET /favicon.ico HTTP/1.1" 404 -
116.232.194.112 - - [29/Mar/2024:10:55:12 +0800] "GET /xingrg/kc/buy/cgsh_order_operate.html?command=get_materiel&rest_code=00155&code=00101009031&supplier_code=00100005&order_time=2024-03-29 HTTP/1.1" 200 413
222.70.115.1 - - [29/Mar/2024:10:55:13 +0800] "GET /xingrg/all/function/internal_message.html?_=1711680925671&CODE_STATE=getMsg HTTP/1.1" 302 -
222.70.183.82 - - [29/Mar/2024:10:55:18 +0800] "GET /xingrg/all/function/internal_message.html?_=1711680915771&CODE_STATE=getMsg HTTP/1.1" 200 27
124.78.154.173 - - [29/Mar/2024:10:55:25 +0800] "GET /xingrg/all/function/internal_message.html?_=1711680925516&CODE_STATE=getMsg HTTP/1.1" 200 27
124.78.154.173 - - [29/Mar/2024:10:55:25 +0800] "GET /xingrg/check_reg.html?_=1711680925518 HTTP/1.1" 200 22
116.232.194.112 - - [29/Mar/2024:10:55:25 +0800] "POST /xingrg/kc/buy/cgsh_order_operate.html HTTP/1.1" 200 37
222.70.168.57 - - [29/Mar/2024:10:55:26 +0800] "GET /xingrg/all/function/internal_message.html?_=1711680944673&CODE_STATE=getMsg HTTP/1.1" 200 27
222.70.168.57 - - [29/Mar/2024:10:55:28 +0800] "GET /xingrg/kc/buy/cgsh_order_operate.html?command=get_materiel&rest_code=00146&code=00101006128&supplier_code=00100005&order_time=2024-03-29 HTTP/1.1" 200 435
116.232.194.112 - - [29/Mar/2024:10:55:31 +0800] "POST /xingrg/kc/buy/cgsh_order_operate.html HTTP/1.1" 200 26974
180.164.1.25 - - [29/Mar/2024:10:55:33 +0800] "GET /xingrg/all/function/internal_message.html?_=1711680933313&CODE_STATE=getMsg HTTP/1.1" 302 -
101.83.144.49 - - [29/Mar/2024:10:55:36 +0800] "GET /xingrg/all/function/internal_message.html?_=1711680936296&CODE_STATE=getMsg HTTP/1.1" 302 -
101.83.144.49 - - [29/Mar/2024:10:55:36 +0800] "GET /xingrg/check_reg.html?_=1711680936300 HTTP/1.1" 302 -
116.238.97.31 - - [29/Mar/2024:10:55:39 +0800] "GET /xingrg/all/function/internal_message.html?_=1711680940566&CODE_STATE=getMsg HTTP/1.1" 200 27
116.232.194.112 - - [29/Mar/2024:10:55:45 +0800] "GET /xingrg/check_reg.html?_=1711680908659 HTTP/1.1" 200 22
116.232.194.112 - - [29/Mar/2024:10:55:45 +0800] "GET /xingrg/all/function/internal_message.html?_=1711680908662&CODE_STATE=getMsg HTTP/1.1" 200 27
180.169.147.146 - - [29/Mar/2024:10:55:45 +0800] "GET /xingrg/all/function/internal_message.html?_=1711680945681&CODE_STATE=getMsg HTTP/1.1" 302 -
180.169.147.146 - - [29/Mar/2024:10:55:45 +0800] "GET /xingrg/check_reg.html?_=1711680945685 HTTP/1.1" 302 -
180.164.1.25 - - [29/Mar/2024:10:55:47 +0800] "GET /xingrg/check_reg.html?_=1711680947279 HTTP/1.1" 302 -
222.69.135.32 - - [29/Mar/2024:10:55:47 +0800] "GET /xingrg/all/function/internal_message.html?_=1711680949692&CODE_STATE=getMsg HTTP/1.1" 302 -
222.70.168.57 - - [29/Mar/2024:10:55:49 +0800] "GET /xingrg/kc/buy/cgsh_order_operate.html?command=get_materiel&rest_code=00146&code=00101006144&supplier_code=00100005&order_time=2024-03-29 HTTP/1.1" 200 409
124.79.241.4 - - [29/Mar/2024:10:55:50 +0800] "GET /xingrg/all/function/internal_message.html?_=1711680975764&CODE_STATE=getMsg HTTP/1.1" 302 -
116.224.254.208 - - [29/Mar/2024:10:55:52 +0800] "GET /xingrg/all/function/internal_message.html?_=1711680952523&CODE_STATE=getMsg HTTP/1.1" 302 -
114.85.113.46 - - [29/Mar/2024:10:55:53 +0800] "GET /xingrg/all/function/internal_message.html?_=1711680952128&CODE_STATE=getMsg HTTP/1.1" 302 -
120.253.135.82 - - [29/Mar/2024:10:55:57 +0800] "GET /xingrg/all/function/internal_message.html?_=1711680799757&CODE_STATE=getMsg HTTP/1.1" 200 27
124.78.60.103 - - [29/Mar/2024:10:56:02 +0800] "GET /xingrg/all/function/internal_message.html?_=1711680962816&CODE_STATE=getMsg HTTP/1.1" 200 27
101.83.144.49 - - [29/Mar/2024:10:56:04 +0800] "GET /xingrg/all/function/internal_message.html?_=1711680725643&CODE_STATE=getMsg HTTP/1.1" 200 27
114.89.221.239 - - [29/Mar/2024:10:56:09 +0800] "GET /xingrg/check_reg.html?_=1711680971979 HTTP/1.1" 302 -
114.89.221.239 - - [29/Mar/2024:10:56:09 +0800] "GET /xingrg/login.html HTTP/1.1" 200 7641
222.70.115.1 - - [29/Mar/2024:10:56:13 +0800] "GET /xingrg/all/function/internal_message.html?_=1711680985677&CODE_STATE=getMsg HTTP/1.1" 302 -
222.70.168.57 - - [29/Mar/2024:10:56:14 +0800] "GET /xingrg/kc/buy/cgsh_order_operate.html?command=get_materiel&rest_code=00146&code=00101006109&supplier_code=00100005&order_time=2024-03-29 HTTP/1.1" 200 409
222.70.183.82 - - [29/Mar/2024:10:56:18 +0800] "GET /xingrg/all/function/internal_message.html?_=1711680975771&CODE_STATE=getMsg HTTP/1.1" 200 27
222.70.183.82 - - [29/Mar/2024:10:56:20 +0800] "GET /xingrg/kc/buy/cgsh_order_operate.html?command=get_materiel&rest_code=00111&code=00101010282&supplier_code=00100575&order_time=2024-03-29 HTTP/1.1" 200 413
124.78.154.173 - - [29/Mar/2024:10:56:25 +0800] "GET /xingrg/all/function/internal_message.html?_=1711680985503&CODE_STATE=getMsg HTTP/1.1" 200 27
222.70.168.57 - - [29/Mar/2024:10:56:26 +0800] "GET /xingrg/all/function/internal_message.html?_=1711681004679&CODE_STATE=getMsg HTTP/1.1" 200 27
222.70.168.57 - - [29/Mar/2024:10:56:26 +0800] "GET /xingrg/kc/buy/cgsh_order_operate.html?command=get_materiel&rest_code=00146&code=00101006111&supplier_code=00100005&order_time=2024-03-29 HTTP/1.1" 200 409
180.169.147.146 - - [29/Mar/2024:10:56:30 +0800] "GET /xingrg/all/function/internal_message.html?_=1711680981395&CODE_STATE=getMsg HTTP/1.1" 200 27
180.164.1.25 - - [29/Mar/2024:10:56:33 +0800] "GET /xingrg/all/function/internal_message.html?_=1711680993308&CODE_STATE=getMsg HTTP/1.1" 302 -
180.169.147.146 - - [29/Mar/2024:10:56:36 +0800] "POST /xingrg/kc/buy/cgsh_list_operate.html HTTP/1.1" 200 64
101.83.144.49 - - [29/Mar/2024:10:56:36 +0800] "GET /xingrg/all/function/internal_message.html?_=1711680996300&CODE_STATE=getMsg HTTP/1.1" 302 -
222.70.183.82 - - [29/Mar/2024:10:56:36 +0800] "POST /xingrg/kc/buy/cgsh_order_operate.html HTTP/1.1" 200 37
116.238.97.31 - - [29/Mar/2024:10:56:39 +0800] "GET /xingrg/all/function/internal_message.html?_=1711681000564&CODE_STATE=getMsg HTTP/1.1" 200 27
116.232.194.112 - - [29/Mar/2024:10:56:45 +0800] "GET /xingrg/all/function/internal_message.html?_=1711680968668&CODE_STATE=getMsg HTTP/1.1" 200 27
180.169.147.146 - - [29/Mar/2024:10:56:45 +0800] "GET /xingrg/all/function/internal_message.html?_=1711681005685&CODE_STATE=getMsg HTTP/1.1" 302 -
222.69.135.32 - - [29/Mar/2024:10:56:47 +0800] "GET /xingrg/check_reg.html?_=1711681009689 HTTP/1.1" 302 -
222.69.135.32 - - [29/Mar/2024:10:56:47 +0800] "GET /xingrg/all/function/internal_message.html?_=1711681009693&CODE_STATE=getMsg HTTP/1.1" 302 -
116.224.254.208 - - [29/Mar/2024:10:56:49 +0800] "POST /xingrg/dma/mobile/report_query.html HTTP/1.1" 200 591
124.79.241.4 - - [29/Mar/2024:10:56:50 +0800] "GET /xingrg/all/function/internal_message.html?_=1711681035762&CODE_STATE=getMsg HTTP/1.1" 302 -
116.224.254.208 - - [29/Mar/2024:10:56:52 +0800] "GET /xingrg/all/function/internal_message.html?_=1711681012530&CODE_STATE=getMsg HTTP/1.1" 302 -
114.85.113.46 - - [29/Mar/2024:10:56:53 +0800] "GET /xingrg/all/function/internal_message.html?_=1711681012146&CODE_STATE=getMsg HTTP/1.1" 302 -
120.253.135.82 - - [29/Mar/2024:10:56:57 +0800] "GET /xingrg/all/function/internal_message.html?_=1711680859773&CODE_STATE=getMsg HTTP/1.1" 200 27
222.70.168.57 - - [29/Mar/2024:10:56:57 +0800] "POST /xingrg/kc/buy/cgsh_order_operate.html HTTP/1.1" 200 37
222.70.168.57 - - [29/Mar/2024:10:57:00 +0800] "POST /xingrg/kc/buy/cgsh_order_operate.html HTTP/1.1" 200 5037
124.78.60.103 - - [29/Mar/2024:10:57:02 +0800] "GET /xingrg/all/function/internal_message.html?_=1711681022802&CODE_STATE=getMsg HTTP/1.1" 200 27
180.169.147.146 - - [29/Mar/2024:10:57:03 +0800] "POST /xingrg/kc/buy/cgsh_list_operate.html HTTP/1.1" 200 4211
101.83.144.49 - - [29/Mar/2024:10:57:04 +0800] "GET /xingrg/all/function/internal_message.html?_=1711680785638&CODE_STATE=getMsg HTTP/1.1" 200 27
222.70.168.57 - - [29/Mar/2024:10:57:06 +0800] "GET /xingrg/kc/print/load_config.html?kc_code=cgsh HTTP/1.1" 200 1927
222.70.168.57 - - [29/Mar/2024:10:57:07 +0800] "GET /xingrg/kc/print/load_data.html?order_code=212024032908584&kc_code=cgsh&condition= HTTP/1.1" 200 1654
222.70.115.1 - - [29/Mar/2024:10:57:13 +0800] "GET /xingrg/all/function/internal_message.html?_=1711681045668&CODE_STATE=getMsg HTTP/1.1" 302 -
222.70.183.82 - - [29/Mar/2024:10:57:21 +0800] "POST /xingrg/kc/buy/cgsh_order_operate.html HTTP/1.1" 200 2657
124.78.154.173 - - [29/Mar/2024:10:57:25 +0800] "GET /xingrg/all/function/internal_message.html?_=1711681045487&CODE_STATE=getMsg HTTP/1.1" 200 27
222.70.168.57 - - [29/Mar/2024:10:57:26 +0800] "GET /xingrg/all/function/internal_message.html?_=1711681064708&CODE_STATE=getMsg HTTP/1.1" 200 27
