124.78.154.173 - - [29/Mar/2024:10:43:48 +0800] "GET /xingrg/all/common/auto_word.html?type=employee&rest_code=00106 HTTP/1.1" 200 205
124.78.154.173 - - [29/Mar/2024:10:43:48 +0800] "POST /xingrg/kc/mdqp/pssh_order_operate.html HTTP/1.1" 200 527
124.78.154.173 - - [29/Mar/2024:10:43:48 +0800] "GET /xingrg/all/function/internal_message.html?_=1711680229701&CODE_STATE=getMsg HTTP/1.1" 200 27
124.78.154.173 - - [29/Mar/2024:10:43:50 +0800] "GET /xingrg/kc/buy/buy_main.html HTTP/1.1" 200 12412
124.78.154.173 - - [29/Mar/2024:10:43:50 +0800] "GET /xingrg/css/new_ie.css HTTP/1.1" 404 1036
124.78.154.173 - - [29/Mar/2024:10:43:50 +0800] "GET /xingrg/images/blue/button/cgydd.gif HTTP/1.1" 304 -
124.78.154.173 - - [29/Mar/2024:10:43:50 +0800] "GET /xingrg/images/blue/button/cgshd.gif HTTP/1.1" 304 -
124.78.154.173 - - [29/Mar/2024:10:43:50 +0800] "GET /xingrg/images/blue/button/cgfkd.gif HTTP/1.1" 304 -
124.78.154.173 - - [29/Mar/2024:10:43:50 +0800] "GET /xingrg/images/blue/button/ckthd.gif HTTP/1.1" 304 -
124.79.241.4 - - [29/Mar/2024:10:43:50 +0800] "GET /xingrg/all/function/internal_message.html?_=1711680255745&CODE_STATE=getMsg HTTP/1.1" 302 -
124.78.154.173 - - [29/Mar/2024:10:43:51 +0800] "GET /xingrg/images/yd/bt.gif HTTP/1.1" 404 1040
116.224.254.208 - - [29/Mar/2024:10:43:52 +0800] "GET /xingrg/all/function/internal_message.html?_=1711680232551&CODE_STATE=getMsg HTTP/1.1" 302 -
124.78.154.173 - - [29/Mar/2024:10:43:53 +0800] "GET /xingrg/kc/buy/cgsh_order_list.html HTTP/1.1" 200 58005
114.85.113.46 - - [29/Mar/2024:10:43:53 +0800] "GET /xingrg/all/function/internal_message.html?_=1711680232121&CODE_STATE=getMsg HTTP/1.1" 302 -
124.78.60.103 - - [29/Mar/2024:10:43:54 +0800] "GET /xingrg/kc/buy/cgsh_order_operate.html?command=get_materiel&rest_code=00141&code=00101012025&supplier_code=00100096&order_time=2024-03-29 HTTP/1.1" 200 412
120.253.135.82 - - [29/Mar/2024:10:43:57 +0800] "GET /xingrg/all/function/internal_message.html?_=1711680079595&CODE_STATE=getMsg HTTP/1.1" 200 27
116.232.194.112 - - [29/Mar/2024:10:43:58 +0800] "GET /xingrg/all/function/internal_message.html?_=1711680201419&CODE_STATE=getMsg HTTP/1.1" 302 -
124.78.154.173 - - [29/Mar/2024:10:43:58 +0800] "POST /xingrg/kc/buy/cgsh_list_operate.html HTTP/1.1" 200 1647
124.78.60.103 - - [29/Mar/2024:10:44:02 +0800] "GET /xingrg/check_reg.html?_=1711680242356 HTTP/1.1" 200 22
124.78.60.103 - - [29/Mar/2024:10:44:03 +0800] "GET /xingrg/all/function/internal_message.html?_=1711680243002&CODE_STATE=getMsg HTTP/1.1" 200 27
124.78.60.103 - - [29/Mar/2024:10:44:04 +0800] "GET /xingrg/kc/buy/cgsh_order_operate.html?command=get_materiel&rest_code=00141&code=00101012038&supplier_code=00100096&order_time=2024-03-29 HTTP/1.1" 200 413
101.83.144.49 - - [29/Mar/2024:10:44:04 +0800] "GET /xingrg/check_reg.html?_=1711680005640 HTTP/1.1" 200 22
101.83.144.49 - - [29/Mar/2024:10:44:04 +0800] "GET /xingrg/all/function/internal_message.html?_=1711680005644&CODE_STATE=getMsg HTTP/1.1" 200 27
124.78.154.173 - - [29/Mar/2024:10:44:05 +0800] "POST /xingrg/dwr/call/plaincall/AjaxReportQueryService.refreshCache.dwr HTTP/1.1" 200 78
120.253.135.82 - - [29/Mar/2024:10:44:09 +0800] "GET /xingrg/kc/buy/cgsh_order_operate.html?command=get_materiel&rest_code=00101&code=00101019313&supplier_code=&order_time=2024-03-29 HTTP/1.1" 200 438
124.78.154.173 - - [29/Mar/2024:10:44:10 +0800] "POST /xingrg/all/report/load_report_page.html HTTP/1.1" 200 67918
124.78.154.173 - - [29/Mar/2024:10:44:10 +0800] "GET /xingrg/servlets/image?cache=0.3192761223744379&image=px HTTP/1.1" 200 807
222.70.115.1 - - [29/Mar/2024:10:44:13 +0800] "GET /xingrg/all/function/internal_message.html?_=1711680265648&CODE_STATE=getMsg HTTP/1.1" 302 -
222.70.115.1 - - [29/Mar/2024:10:44:13 +0800] "GET /xingrg/check_reg.html?_=1711680265651 HTTP/1.1" 302 -
124.78.154.173 - - [29/Mar/2024:10:44:24 +0800] "GET /xingrg/kc/base/base_main.html HTTP/1.1" 200 12142
124.78.154.173 - - [29/Mar/2024:10:44:25 +0800] "GET /xingrg/all/function/internal_message.html?_=1711680265621&CODE_STATE=getMsg HTTP/1.1" 200 27
180.169.147.146 - - [29/Mar/2024:10:44:25 +0800] "GET /xingrg/all/function/internal_message.html?_=1711680256334&CODE_STATE=getMsg HTTP/1.1" 200 27
124.78.154.173 - - [29/Mar/2024:10:44:26 +0800] "GET /xingrg/kc/base/wldb_order_list.html HTTP/1.1" 200 19051
124.78.154.173 - - [29/Mar/2024:10:44:26 +0800] "POST /xingrg/kc/base/wldb_list_operate.html HTTP/1.1" 200 2166
124.78.154.173 - - [29/Mar/2024:10:44:28 +0800] "POST /xingrg/dwr/call/plaincall/AjaxReportQueryService.refreshCache.dwr HTTP/1.1" 200 78
222.70.183.82 - - [29/Mar/2024:10:44:30 +0800] "GET /xingrg/all/function/internal_message.html?_=1711680268350&CODE_STATE=getMsg HTTP/1.1" 302 -
124.78.154.173 - - [29/Mar/2024:10:44:33 +0800] "POST /xingrg/all/report/load_report_page.html HTTP/1.1" 200 67869
124.78.154.173 - - [29/Mar/2024:10:44:33 +0800] "GET /xingrg/servlets/image?cache=0.366025421554128&image=px HTTP/1.1" 200 807
180.164.1.25 - - [29/Mar/2024:10:44:33 +0800] "GET /xingrg/all/function/internal_message.html?_=1711680273468&CODE_STATE=getMsg HTTP/1.1" 302 -
101.83.144.49 - - [29/Mar/2024:10:44:36 +0800] "GET /xingrg/all/function/internal_message.html?_=1711680276299&CODE_STATE=getMsg HTTP/1.1" 302 -
120.253.135.82 - - [29/Mar/2024:10:44:38 +0800] "GET /xingrg/kc/buy/cgsh_order_operate.html?command=get_materiel&rest_code=00101&code=00101019238&supplier_code=&order_time=2024-03-29 HTTP/1.1" 200 449
116.238.97.31 - - [29/Mar/2024:10:44:39 +0800] "GET /xingrg/all/function/internal_message.html?_=1711680280559&CODE_STATE=getMsg HTTP/1.1" 200 27
180.169.147.146 - - [29/Mar/2024:10:44:42 +0800] "POST /xingrg/kc/buy/cgsh_list_operate.html HTTP/1.1" 200 571
180.169.147.146 - - [29/Mar/2024:10:44:43 +0800] "GET /xingrg/kc/buy/cgsh_order_info.html?code=212024032808539 HTTP/1.1" 200 73846
180.169.147.146 - - [29/Mar/2024:10:44:43 +0800] "GET /xingrg/javascript/easyui/themes/default/validatebox.css HTTP/1.1" 404 1104
180.169.147.146 - - [29/Mar/2024:10:44:44 +0800] "POST /xingrg/kc/buy/cgsh_order_operate.html HTTP/1.1" 200 5627
180.169.147.146 - - [29/Mar/2024:10:44:45 +0800] "GET /xingrg/all/function/internal_message.html?_=1711680285685&CODE_STATE=getMsg HTTP/1.1" 302 -
222.69.135.32 - - [29/Mar/2024:10:44:47 +0800] "GET /xingrg/all/function/internal_message.html?_=1711680289675&CODE_STATE=getMsg HTTP/1.1" 302 -
124.78.154.173 - - [29/Mar/2024:10:44:50 +0800] "GET /xingrg/all/report/report_query.html?isQuery=1&fileName=kc/buy/wlcg_price_by_list.xml&rh=99999&queryString=&queryText=%25E3%2580%2590%25E6%259D%2590%25E6%2596%2599%25E5%2590%258D%25E7%25A7%25B0%253A%25E9%25BB%2584%25E6%25B2%2599%25E3%2580%2591%2520%25E3%2580%2590%25E9%2587%2587%25E8%25B4%25AD%25E6%2597%25B6%25E9%2597%25B4%253A2021-01-01%2520%25E8%2587%25B3%25202024-03-31%25E3%2580%2591%2520%25E5%25B9%25B6%25E4%25B8%2594%2520%2520%25E3%2580%2590%25E6%259D%2590%25E6%2596%2599%25E5%2590%258D%25E7%25A7%25B0%2520%25E5%258C%2585%25E5%2590%25AB%2520%25E9%25BB%2584%25E6%25B2%2599%25E3%2580%2591&tableQueryString=materiels%2524sp1%2524(CONVERT(char(10)%252Cb.order_time%252C%2520120)%253E%253D'2021-01-01')%2520and%2520(CONVERT(char(10)%252Cb.order_time%252C%2520120)%253C%253D'2024-03-31')%2520and%2520(m.name%2520like%2520'%2524bf%2524%25E9%25BB%2584%25E6%25B2%2599%2524bf%2524')%2520and%2520(a.materiel_code%253D'00102016593')%2520and%2520(year(b.order_time)*100%252Bmonth(b.order_time)%253D202210) HTTP/1.1" 200 51563
124.78.154.173 - - [29/Mar/2024:10:44:50 +0800] "GET /xingrg/dwr/interface/AjaxReportQueryService.js HTTP/1.1" 200 13203
124.78.154.173 - - [29/Mar/2024:10:44:50 +0800] "GET /xingrg/dwr/engine.js HTTP/1.1" 200 43631
124.78.154.173 - - [29/Mar/2024:10:44:50 +0800] "GET /xingrg/dwr/util.js HTTP/1.1" 304 -
124.79.241.4 - - [29/Mar/2024:10:44:50 +0800] "GET /xingrg/all/function/internal_message.html?_=1711680315744&CODE_STATE=getMsg HTTP/1.1" 302 -
124.78.154.173 - - [29/Mar/2024:10:44:51 +0800] "POST /xingrg/all/report/load_report_page.html HTTP/1.1" 200 17406
124.78.154.173 - - [29/Mar/2024:10:44:51 +0800] "GET /xingrg/servlets/image?cache=0.19639014210730132&image=px HTTP/1.1" 200 807
116.224.254.208 - - [29/Mar/2024:10:44:52 +0800] "GET /xingrg/check_reg.html?_=1711680292530 HTTP/1.1" 302 -
116.224.254.208 - - [29/Mar/2024:10:44:52 +0800] "GET /xingrg/all/function/internal_message.html?_=1711680292532&CODE_STATE=getMsg HTTP/1.1" 302 -
114.85.113.46 - - [29/Mar/2024:10:44:53 +0800] "GET /xingrg/all/function/internal_message.html?_=1711680292122&CODE_STATE=getMsg HTTP/1.1" 302 -
180.169.147.146 - - [29/Mar/2024:10:44:56 +0800] "POST /xingrg/kc/buy/cgsh_order_operate.html HTTP/1.1" 200 37
120.253.135.82 - - [29/Mar/2024:10:44:57 +0800] "GET /xingrg/all/function/internal_message.html?_=1711680139609&CODE_STATE=getMsg HTTP/1.1" 200 27
116.232.194.112 - - [29/Mar/2024:10:44:58 +0800] "GET /xingrg/all/function/internal_message.html?_=1711680261400&CODE_STATE=getMsg HTTP/1.1" 302 -
180.171.58.249 - - [29/Mar/2024:10:44:58 +0800] "GET /xingrg/check_reg.html?_=1711680305913 HTTP/1.1" 302 -
124.78.60.103 - - [29/Mar/2024:10:44:59 +0800] "GET /xingrg/kc/buy/cgsh_order_operate.html?command=get_materiel&rest_code=00141&code=00101007072&supplier_code=00100096&order_time=2024-03-29 HTTP/1.1" 200 421
120.253.135.82 - - [29/Mar/2024:10:44:59 +0800] "GET /xingrg/kc/buy/cgsh_order_operate.html?command=get_materiel&rest_code=00101&code=00101019174&supplier_code=&order_time=2024-03-29 HTTP/1.1" 200 443
124.78.60.103 - - [29/Mar/2024:10:45:02 +0800] "GET /xingrg/all/function/internal_message.html?_=1711680302984&CODE_STATE=getMsg HTTP/1.1" 200 27
101.83.144.49 - - [29/Mar/2024:10:45:04 +0800] "GET /xingrg/all/function/internal_message.html?_=1711680065639&CODE_STATE=getMsg HTTP/1.1" 200 27
124.78.154.173 - - [29/Mar/2024:10:45:06 +0800] "GET /xingrg/all/report/report_query.html?isQuery=1&fileName=kc/buy/wlcg_price_by_list.xml&rh=99999&queryString=&queryText=%25E3%2580%2590%25E6%259D%2590%25E6%2596%2599%25E5%2590%258D%25E7%25A7%25B0%253A%25E9%25BB%2584%25E6%25B2%2599%25E3%2580%2591%2520%25E3%2580%2590%25E9%2587%2587%25E8%25B4%25AD%25E6%2597%25B6%25E9%2597%25B4%253A2021-01-01%2520%25E8%2587%25B3%25202024-03-31%25E3%2580%2591%2520%25E5%25B9%25B6%25E4%25B8%2594%2520%2520%25E3%2580%2590%25E6%259D%2590%25E6%2596%2599%25E5%2590%258D%25E7%25A7%25B0%2520%25E5%258C%2585%25E5%2590%25AB%2520%25E9%25BB%2584%25E6%25B2%2599%25E3%2580%2591&tableQueryString=materiels%2524sp1%2524(CONVERT(char(10)%252Cb.order_time%252C%2520120)%253E%253D'2021-01-01')%2520and%2520(CONVERT(char(10)%252Cb.order_time%252C%2520120)%253C%253D'2024-03-31')%2520and%2520(m.name%2520like%2520'%2524bf%2524%25E9%25BB%2584%25E6%25B2%2599%2524bf%2524')%2520and%2520(a.materiel_code%253D'00102016593')%2520and%2520(year(b.order_time)*100%252Bmonth(b.order_time)%253D202308) HTTP/1.1" 200 51563
124.78.154.173 - - [29/Mar/2024:10:45:06 +0800] "GET /xingrg/dwr/util.js HTTP/1.1" 304 -
124.78.154.173 - - [29/Mar/2024:10:45:06 +0800] "GET /xingrg/dwr/interface/AjaxReportQueryService.js HTTP/1.1" 200 13203
124.78.154.173 - - [29/Mar/2024:10:45:06 +0800] "GET /xingrg/dwr/engine.js HTTP/1.1" 200 43631
124.78.154.173 - - [29/Mar/2024:10:45:08 +0800] "POST /xingrg/all/report/load_report_page.html HTTP/1.1" 200 17406
124.78.154.173 - - [29/Mar/2024:10:45:08 +0800] "GET /xingrg/servlets/image?cache=0.35774050188107076&image=px HTTP/1.1" 200 807
124.78.154.173 - - [29/Mar/2024:10:45:12 +0800] "GET /xingrg/all/report/report_query.html?isQuery=1&fileName=kc/buy/wlcg_price_by_list.xml&rh=99999&queryString=&queryText=%25E3%2580%2590%25E6%259D%2590%25E6%2596%2599%25E5%2590%258D%25E7%25A7%25B0%253A%25E9%25BB%2584%25E6%25B2%2599%25E3%2580%2591%2520%25E3%2580%2590%25E9%2587%2587%25E8%25B4%25AD%25E6%2597%25B6%25E9%2597%25B4%253A2021-01-01%2520%25E8%2587%25B3%25202024-03-31%25E3%2580%2591%2520%25E5%25B9%25B6%25E4%25B8%2594%2520%2520%25E3%2580%2590%25E6%259D%2590%25E6%2596%2599%25E5%2590%258D%25E7%25A7%25B0%2520%25E5%258C%2585%25E5%2590%25AB%2520%25E9%25BB%2584%25E6%25B2%2599%25E3%2580%2591&tableQueryString=materiels%2524sp1%2524(CONVERT(char(10)%252Cb.order_time%252C%2520120)%253E%253D'2021-01-01')%2520and%2520(CONVERT(char(10)%252Cb.order_time%252C%2520120)%253C%253D'2024-03-31')%2520and%2520(m.name%2520like%2520'%2524bf%2524%25E9%25BB%2584%25E6%25B2%2599%2524bf%2524')%2520and%2520(a.materiel_code%253D'00102016593')%2520and%2520(year(b.order_time)*100%252Bmonth(b.order_time)%253D202309) HTTP/1.1" 200 51563
124.78.154.173 - - [29/Mar/2024:10:45:12 +0800] "GET /xingrg/dwr/interface/AjaxReportQueryService.js HTTP/1.1" 200 13203
124.78.154.173 - - [29/Mar/2024:10:45:12 +0800] "GET /xingrg/dwr/engine.js HTTP/1.1" 200 43631
222.70.115.1 - - [29/Mar/2024:10:45:13 +0800] "GET /xingrg/all/function/internal_message.html?_=1711680325649&CODE_STATE=getMsg HTTP/1.1" 302 -
124.78.154.173 - - [29/Mar/2024:10:45:13 +0800] "POST /xingrg/all/report/load_report_page.html HTTP/1.1" 200 17386
124.78.154.173 - - [29/Mar/2024:10:45:13 +0800] "GET /xingrg/servlets/image?cache=0.4824028607587647&image=px HTTP/1.1" 200 807
120.253.135.82 - - [29/Mar/2024:10:45:19 +0800] "GET /xingrg/kc/buy/cgsh_order_operate.html?command=get_materiel&rest_code=00101&code=00101019509&supplier_code=&order_time=2024-03-29 HTTP/1.1" 200 443
124.78.154.173 - - [29/Mar/2024:10:45:21 +0800] "GET /xingrg/all/report/report_query.html?isQuery=1&fileName=kc/buy/wlcg_price_by_list.xml&rh=99999&queryString=&queryText=%25E3%2580%2590%25E6%259D%2590%25E6%2596%2599%25E5%2590%258D%25E7%25A7%25B0%253A%25E9%25BB%2584%25E6%25B2%2599%25E3%2580%2591%2520%25E3%2580%2590%25E9%2587%2587%25E8%25B4%25AD%25E6%2597%25B6%25E9%2597%25B4%253A2021-01-01%2520%25E8%2587%25B3%25202024-03-31%25E3%2580%2591%2520%25E5%25B9%25B6%25E4%25B8%2594%2520%2520%25E3%2580%2590%25E6%259D%2590%25E6%2596%2599%25E5%2590%258D%25E7%25A7%25B0%2520%25E5%258C%2585%25E5%2590%25AB%2520%25E9%25BB%2584%25E6%25B2%2599%25E3%2580%2591&tableQueryString=materiels%2524sp1%2524(CONVERT(char(10)%252Cb.order_time%252C%2520120)%253E%253D'2021-01-01')%2520and%2520(CONVERT(char(10)%252Cb.order_time%252C%2520120)%253C%253D'2024-03-31')%2520and%2520(m.name%2520like%2520'%2524bf%2524%25E9%25BB%2584%25E6%25B2%2599%2524bf%2524')%2520and%2520(a.materiel_code%253D'00102016593')%2520and%2520(year(b.order_time)*100%252Bmonth(b.order_time)%253D202403) HTTP/1.1" 200 51563
124.78.154.173 - - [29/Mar/2024:10:45:21 +0800] "GET /xingrg/dwr/util.js HTTP/1.1" 304 -
124.78.154.173 - - [29/Mar/2024:10:45:21 +0800] "GET /xingrg/dwr/interface/AjaxReportQueryService.js HTTP/1.1" 200 13203
124.78.154.173 - - [29/Mar/2024:10:45:21 +0800] "GET /xingrg/dwr/engine.js HTTP/1.1" 200 43631
124.78.154.173 - - [29/Mar/2024:10:45:22 +0800] "POST /xingrg/all/report/load_report_page.html HTTP/1.1" 200 21978
124.78.154.173 - - [29/Mar/2024:10:45:22 +0800] "GET /xingrg/servlets/image?cache=0.47971576642456126&image=px HTTP/1.1" 200 807
124.78.154.173 - - [29/Mar/2024:10:45:25 +0800] "GET /xingrg/check_reg.html?_=1711680325510 HTTP/1.1" 200 22
124.78.154.173 - - [29/Mar/2024:10:45:25 +0800] "GET /xingrg/all/function/internal_message.html?_=1711680325600&CODE_STATE=getMsg HTTP/1.1" 200 27
116.232.194.112 - - [29/Mar/2024:10:45:27 +0800] "GET /xingrg/index.html?sysBaseUrl=http%3A%2F%2F180.169.147.146%3A18081%2Fxingrg%2F&costTime=1277×tamp=1606817596806 HTTP/1.1" 302 -
116.232.194.112 - - [29/Mar/2024:10:45:27 +0800] "GET /xingrg/login.html HTTP/1.1" 200 7641
116.232.194.112 - - [29/Mar/2024:10:45:27 +0800] "GET /favicon.ico HTTP/1.1" 404 -
222.70.183.82 - - [29/Mar/2024:10:45:30 +0800] "GET /xingrg/all/function/internal_message.html?_=1711680328341&CODE_STATE=getMsg HTTP/1.1" 302 -
222.70.183.82 - - [29/Mar/2024:10:45:31 +0800] "GET /xingrg/check_reg.html?_=1711680329110 HTTP/1.1" 302 -
180.164.1.25 - - [29/Mar/2024:10:45:33 +0800] "GET /xingrg/all/function/internal_message.html?_=1711680333464&CODE_STATE=getMsg HTTP/1.1" 302 -
116.232.194.112 - - [29/Mar/2024:10:45:34 +0800] "GET /xingrg/index.html?sysBaseUrl=http%3A%2F%2F180.169.147.146%3A18081%2Fxingrg%2F&costTime=1779×tamp=1684631389383 HTTP/1.1" 302 -
116.232.194.112 - - [29/Mar/2024:10:45:34 +0800] "GET /xingrg/login.html HTTP/1.1" 200 7641
116.232.194.112 - - [29/Mar/2024:10:45:34 +0800] "GET /favicon.ico HTTP/1.1" 404 -
124.78.60.103 - - [29/Mar/2024:10:45:34 +0800] "GET /xingrg/kc/buy/cgsh_order_operate.html?command=get_materiel&rest_code=00141&code=00101007181&supplier_code=00100096&order_time=2024-03-29 HTTP/1.1" 200 412
101.83.144.49 - - [29/Mar/2024:10:45:36 +0800] "GET /xingrg/all/function/internal_message.html?_=1711680336306&CODE_STATE=getMsg HTTP/1.1" 302 -
101.83.144.49 - - [29/Mar/2024:10:45:36 +0800] "GET /xingrg/check_reg.html?_=1711680336309 HTTP/1.1" 302 -
116.238.97.31 - - [29/Mar/2024:10:45:39 +0800] "GET /xingrg/all/function/internal_message.html?_=1711680340548&CODE_STATE=getMsg HTTP/1.1" 200 27
116.232.194.112 - - [29/Mar/2024:10:45:45 +0800] "POST /xingrg/login.do HTTP/1.1" 302 -
116.232.194.112 - - [29/Mar/2024:10:45:45 +0800] "GET /xingrg/index.html?sysBaseUrl=http%3A%2F%2F180.169.147.146%3A18081%2Fxingrg%2F&costTime=886×tamp=1711680345041 HTTP/1.1" 200 17179
116.232.194.112 - - [29/Mar/2024:10:45:45 +0800] "GET /favicon.ico HTTP/1.1" 404 -
116.232.194.112 - - [29/Mar/2024:10:45:45 +0800] "GET /xingrg/check_reg.html?_=1711680308637 HTTP/1.1" 200 22
116.232.194.112 - - [29/Mar/2024:10:45:45 +0800] "POST /xingrg/all/common/load_tree.html?tree=area_rest_tree_json&manage=1 HTTP/1.1" 200 351
116.232.194.112 - - [29/Mar/2024:10:45:45 +0800] "GET /xingrg/all/function/internal_message.html?_=1711680308632&CODE_STATE=count HTTP/1.1" 200 11
116.232.194.112 - - [29/Mar/2024:10:45:45 +0800] "POST /xingrg/load_menu.html HTTP/1.1" 200 5138
180.169.147.146 - - [29/Mar/2024:10:45:45 +0800] "GET /xingrg/all/function/internal_message.html?_=1711680345693&CODE_STATE=getMsg HTTP/1.1" 302 -
180.169.147.146 - - [29/Mar/2024:10:45:45 +0800] "GET /xingrg/check_reg.html?_=1711680345697 HTTP/1.1" 302 -
116.232.194.112 - - [29/Mar/2024:10:45:47 +0800] "GET /xingrg/kc/buy/buy_main.html HTTP/1.1" 200 12412
116.232.194.112 - - [29/Mar/2024:10:45:47 +0800] "GET /xingrg/css/new_ie.css HTTP/1.1" 404 1036
180.164.1.25 - - [29/Mar/2024:10:45:47 +0800] "GET /xingrg/check_reg.html?_=1711680347305 HTTP/1.1" 302 -
222.69.135.32 - - [29/Mar/2024:10:45:47 +0800] "GET /xingrg/all/function/internal_message.html?_=1711680349688&CODE_STATE=getMsg HTTP/1.1" 302 -
116.232.194.112 - - [29/Mar/2024:10:45:47 +0800] "GET /xingrg/images/yd/bt.gif HTTP/1.1" 404 1040
120.253.135.82 - - [29/Mar/2024:10:45:48 +0800] "GET /xingrg/kc/buy/cgsh_order_operate.html?command=get_materiel&rest_code=00101&code=00101019450&supplier_code=&order_time=2024-03-29 HTTP/1.1" 200 463
116.232.194.112 - - [29/Mar/2024:10:45:49 +0800] "GET /xingrg/kc/buy/cgsh_order_list.html HTTP/1.1" 200 58011
124.79.241.4 - - [29/Mar/2024:10:45:50 +0800] "GET /xingrg/all/function/internal_message.html?_=1711680375744&CODE_STATE=getMsg HTTP/1.1" 302 -
116.232.194.112 - - [29/Mar/2024:10:45:51 +0800] "POST /xingrg/kc/buy/cgsh_list_operate.html HTTP/1.1" 200 645
116.224.254.208 - - [29/Mar/2024:10:45:52 +0800] "GET /xingrg/all/function/internal_message.html?_=1711680352550&CODE_STATE=getMsg HTTP/1.1" 302 -
124.78.154.173 - - [29/Mar/2024:10:45:52 +0800] "POST /xingrg/dwr/call/plaincall/AjaxReportQueryService.refreshCache.dwr HTTP/1.1" 200 78
114.85.113.46 - - [29/Mar/2024:10:45:53 +0800] "GET /xingrg/all/function/internal_message.html?_=1711680352124&CODE_STATE=getMsg HTTP/1.1" 302 -
116.232.194.112 - - [29/Mar/2024:10:45:55 +0800] "GET /xingrg/kc/buy/cgsh_order_add.html HTTP/1.1" 200 73874
116.232.194.112 - - [29/Mar/2024:10:45:56 +0800] "GET /xingrg/words/20240327135526_words.js HTTP/1.1" 304 -
116.232.194.112 - - [29/Mar/2024:10:45:56 +0800] "POST /xingrg/kc/buy/cgsh_order_operate.html HTTP/1.1" 200 8245
116.232.194.112 - - [29/Mar/2024:10:45:56 +0800] "GET /xingrg/javascript/easyui/themes/default/validatebox.css HTTP/1.1" 404 1104
116.232.194.112 - - [29/Mar/2024:10:45:56 +0800] "GET /xingrg/all/common/auto_word.html?type=employee&rest_code=00155 HTTP/1.1" 200 255
116.232.194.112 - - [29/Mar/2024:10:45:56 +0800] "GET /xingrg/all/common/auto_word.html?type=employee&rest_code=00155 HTTP/1.1" 200 255
124.78.60.103 - - [29/Mar/2024:10:45:57 +0800] "GET /xingrg/kc/buy/cgsh_order_operate.html?command=get_materiel&rest_code=00141&code=00101007061&supplier_code=00100096&order_time=2024-03-29 HTTP/1.1" 200 411
124.78.154.173 - - [29/Mar/2024:10:45:57 +0800] "POST /xingrg/all/report/load_report_page.html HTTP/1.1" 200 68046
124.78.154.173 - - [29/Mar/2024:10:45:57 +0800] "GET /xingrg/servlets/image?cache=0.08472282973858314&image=px HTTP/1.1" 200 807
120.253.135.82 - - [29/Mar/2024:10:45:57 +0800] "GET /xingrg/all/function/internal_message.html?_=1711680199622&CODE_STATE=getMsg HTTP/1.1" 200 27
124.78.60.103 - - [29/Mar/2024:10:46:02 +0800] "GET /xingrg/all/function/internal_message.html?_=1711680362965&CODE_STATE=getMsg HTTP/1.1" 200 27
101.83.144.49 - - [29/Mar/2024:10:46:04 +0800] "GET /xingrg/all/function/internal_message.html?_=1711680125641&CODE_STATE=getMsg HTTP/1.1" 200 27
222.70.115.1 - - [29/Mar/2024:10:46:13 +0800] "GET /xingrg/all/function/internal_message.html?_=1711680385648&CODE_STATE=getMsg HTTP/1.1" 302 -
120.253.135.82 - - [29/Mar/2024:10:46:19 +0800] "GET /xingrg/kc/buy/cgsh_order_operate.html?command=get_materiel&rest_code=00101&code=00101019183&supplier_code=&order_time=2024-03-29 HTTP/1.1" 200 428
124.78.154.173 - - [29/Mar/2024:10:46:19 +0800] "POST /xingrg/dwr/call/plaincall/AjaxReportQueryService.refreshCache.dwr HTTP/1.1" 200 78
124.78.154.173 - - [29/Mar/2024:10:46:23 +0800] "POST /xingrg/all/report/load_report_page.html HTTP/1.1" 200 102137
124.78.154.173 - - [29/Mar/2024:10:46:23 +0800] "GET /xingrg/servlets/image?cache=0.7676077694622887&image=px HTTP/1.1" 200 807
124.78.154.173 - - [29/Mar/2024:10:46:25 +0800] "GET /xingrg/all/function/internal_message.html?_=1711680385581&CODE_STATE=getMsg HTTP/1.1" 200 27
124.78.154.173 - - [29/Mar/2024:10:46:27 +0800] "GET /xingrg/all/report/report_query.html?isQuery=1&fileName=kc/buy/wlcg_price_by_list.xml&rh=99999&queryString=&queryText=%25E3%2580%2590%25E6%259D%2590%25E6%2596%2599%25E5%2590%258D%25E7%25A7%25B0%253A%25E7%25BA%25A2%25E7%25A0%2596%25E3%2580%2591%2520%25E3%2580%2590%25E9%2587%2587%25E8%25B4%25AD%25E6%2597%25B6%25E9%2597%25B4%253A2018-10-01%2520%25E8%2587%25B3%25202024-03-31%25E3%2580%2591%2520%25E5%25B9%25B6%25E4%25B8%2594%2520%2520%25E3%2580%2590%25E6%259D%2590%25E6%2596%2599%25E5%2590%258D%25E7%25A7%25B0%2520%25E5%258C%2585%25E5%2590%25AB%2520%25E7%25BA%25A2%25E7%25A0%2596%25E3%2580%2591&tableQueryString=materiels%2524sp1%2524(CONVERT(char(10)%252Cb.order_time%252C%2520120)%253E%253D'2018-10-01')%2520and%2520(CONVERT(char(10)%252Cb.order_time%252C%2520120)%253C%253D'2024-03-31')%2520and%2520(m.name%2520like%2520'%2524bf%2524%25E7%25BA%25A2%25E7%25A0%2596%2524bf%2524')%2520and%2520(a.materiel_code%253D'00102009987')%2520and%2520(year(b.order_time)*100%252Bmonth(b.order_time)%253D201903) HTTP/1.1" 200 51563
124.78.154.173 - - [29/Mar/2024:10:46:27 +0800] "GET /xingrg/dwr/engine.js HTTP/1.1" 200 43631
124.78.154.173 - - [29/Mar/2024:10:46:27 +0800] "GET /xingrg/dwr/util.js HTTP/1.1" 304 -
124.78.154.173 - - [29/Mar/2024:10:46:27 +0800] "GET /xingrg/dwr/interface/AjaxReportQueryService.js HTTP/1.1" 200 13203
124.78.154.173 - - [29/Mar/2024:10:46:29 +0800] "POST /xingrg/all/report/load_report_page.html HTTP/1.1" 200 17378
124.78.154.173 - - [29/Mar/2024:10:46:29 +0800] "GET /xingrg/servlets/image?cache=0.69933956893582&image=px HTTP/1.1" 200 807
124.78.60.103 - - [29/Mar/2024:10:46:29 +0800] "GET /xingrg/kc/buy/cgsh_order_operate.html?command=get_materiel&rest_code=00141&code=00101006065&supplier_code=00100096&order_time=2024-03-29 HTTP/1.1" 200 411
222.70.183.82 - - [29/Mar/2024:10:46:30 +0800] "GET /xingrg/all/function/internal_message.html?_=1711680388315&CODE_STATE=getMsg HTTP/1.1" 302 -
124.78.154.173 - - [29/Mar/2024:10:46:33 +0800] "GET /xingrg/all/report/report_query.html?isQuery=1&fileName=kc/buy/wlcg_price_by_list.xml&rh=99999&queryString=&queryText=%25E3%2580%2590%25E6%259D%2590%25E6%2596%2599%25E5%2590%258D%25E7%25A7%25B0%253A%25E7%25BA%25A2%25E7%25A0%2596%25E3%2580%2591%2520%25E3%2580%2590%25E9%2587%2587%25E8%25B4%25AD%25E6%2597%25B6%25E9%2597%25B4%253A2018-10-01%2520%25E8%2587%25B3%25202024-03-31%25E3%2580%2591%2520%25E5%25B9%25B6%25E4%25B8%2594%2520%2520%25E3%2580%2590%25E6%259D%2590%25E6%2596%2599%25E5%2590%258D%25E7%25A7%25B0%2520%25E5%258C%2585%25E5%2590%25AB%2520%25E7%25BA%25A2%25E7%25A0%2596%25E3%2580%2591&tableQueryString=materiels%2524sp1%2524(CONVERT(char(10)%252Cb.order_time%252C%2520120)%253E%253D'2018-10-01')%2520and%2520(CONVERT(char(10)%252Cb.order_time%252C%2520120)%253C%253D'2024-03-31')%2520and%2520(m.name%2520like%2520'%2524bf%2524%25E7%25BA%25A2%25E7%25A0%2596%2524bf%2524')%2520and%2520(a.materiel_code%253D'00102009987')%2520and%2520(year(b.order_time)*100%252Bmonth(b.order_time)%253D201905) HTTP/1.1" 200 51563
124.78.154.173 - - [29/Mar/2024:10:46:33 +0800] "GET /xingrg/dwr/interface/AjaxReportQueryService.js HTTP/1.1" 200 13203
124.78.154.173 - - [29/Mar/2024:10:46:33 +0800] "GET /xingrg/dwr/engine.js HTTP/1.1" 200 43631
180.164.1.25 - - [29/Mar/2024:10:46:33 +0800] "GET /xingrg/all/function/internal_message.html?_=1711680393449&CODE_STATE=getMsg HTTP/1.1" 302 -
124.78.154.173 - - [29/Mar/2024:10:46:34 +0800] "POST /xingrg/all/report/load_report_page.html HTTP/1.1" 200 17431
124.78.154.173 - - [29/Mar/2024:10:46:34 +0800] "GET /xingrg/servlets/image?cache=0.12644034087590483&image=px HTTP/1.1" 200 807
101.83.144.49 - - [29/Mar/2024:10:46:36 +0800] "GET /xingrg/all/function/internal_message.html?_=1711680396295&CODE_STATE=getMsg HTTP/1.1" 302 -
124.78.154.173 - - [29/Mar/2024:10:46:39 +0800] "GET /xingrg/all/report/report_query.html?isQuery=1&fileName=kc/buy/wlcg_price_by_list.xml&rh=99999&queryString=&queryText=%25E3%2580%2590%25E6%259D%2590%25E6%2596%2599%25E5%2590%258D%25E7%25A7%25B0%253A%25E7%25BA%25A2%25E7%25A0%2596%25E3%2580%2591%2520%25E3%2580%2590%25E9%2587%2587%25E8%25B4%25AD%25E6%2597%25B6%25E9%2597%25B4%253A2018-10-01%2520%25E8%2587%25B3%25202024-03-31%25E3%2580%2591%2520%25E5%25B9%25B6%25E4%25B8%2594%2520%2520%25E3%2580%2590%25E6%259D%2590%25E6%2596%2599%25E5%2590%258D%25E7%25A7%25B0%2520%25E5%258C%2585%25E5%2590%25AB%2520%25E7%25BA%25A2%25E7%25A0%2596%25E3%2580%2591&tableQueryString=materiels%2524sp1%2524(CONVERT(char(10)%252Cb.order_time%252C%2520120)%253E%253D'2018-10-01')%2520and%2520(CONVERT(char(10)%252Cb.order_time%252C%2520120)%253C%253D'2024-03-31')%2520and%2520(m.name%2520like%2520'%2524bf%2524%25E7%25BA%25A2%25E7%25A0%2596%2524bf%2524')%2520and%2520(a.materiel_code%253D'00102009987')%2520and%2520(year(b.order_time)*100%252Bmonth(b.order_time)%253D201906) HTTP/1.1" 200 51563
116.238.97.31 - - [29/Mar/2024:10:46:39 +0800] "GET /xingrg/all/function/internal_message.html?_=1711680400564&CODE_STATE=getMsg HTTP/1.1" 200 27
124.78.154.173 - - [29/Mar/2024:10:46:39 +0800] "GET /xingrg/dwr/interface/AjaxReportQueryService.js HTTP/1.1" 200 13203
124.78.154.173 - - [29/Mar/2024:10:46:39 +0800] "GET /xingrg/dwr/engine.js HTTP/1.1" 200 43631
114.83.222.168 - - [29/Mar/2024:10:46:40 +0800] "GET /xingrg/login.html HTTP/1.1" 200 7641
114.83.222.168 - - [29/Mar/2024:10:46:40 +0800] "GET /favicon.ico HTTP/1.1" 404 -
124.78.154.173 - - [29/Mar/2024:10:46:40 +0800] "POST /xingrg/all/report/load_report_page.html HTTP/1.1" 200 17416
124.78.154.173 - - [29/Mar/2024:10:46:40 +0800] "GET /xingrg/servlets/image?cache=0.9091052164332476&image=px HTTP/1.1" 200 807
114.83.222.168 - - [29/Mar/2024:10:46:42 +0800] "POST /xingrg/login.do HTTP/1.1" 302 -
114.83.222.168 - - [29/Mar/2024:10:46:42 +0800] "GET /xingrg/index.html?sysBaseUrl=http%3A%2F%2F180.169.147.146%3A18081%2Fxingrg%2F&costTime=905×tamp=1711680402560 HTTP/1.1" 200 17503
114.83.222.168 - - [29/Mar/2024:10:46:42 +0800] "GET /favicon.ico HTTP/1.1" 404 -
114.83.222.168 - - [29/Mar/2024:10:46:42 +0800] "GET /xingrg/check_reg.html?_=1711680402693 HTTP/1.1" 200 22
114.83.222.168 - - [29/Mar/2024:10:46:43 +0800] "POST /xingrg/all/common/load_tree.html?tree=area_rest_tree_json&manage=1 HTTP/1.1" 200 3624
114.83.222.168 - - [29/Mar/2024:10:46:43 +0800] "GET /xingrg/all/function/internal_message.html?_=1711680402692&CODE_STATE=count HTTP/1.1" 200 11
114.83.222.168 - - [29/Mar/2024:10:46:43 +0800] "POST /xingrg/load_menu.html HTTP/1.1" 200 11443
120.253.135.82 - - [29/Mar/2024:10:46:43 +0800] "GET /xingrg/kc/buy/cgsh_order_operate.html?command=get_materiel&rest_code=00101&code=00101019185&supplier_code=&order_time=2024-03-29 HTTP/1.1" 200 448
116.232.194.112 - - [29/Mar/2024:10:46:45 +0800] "GET /xingrg/all/function/internal_message.html?_=1711680368646&CODE_STATE=getMsg HTTP/1.1" 200 27
114.83.222.168 - - [29/Mar/2024:10:46:45 +0800] "POST /xingrg/all/user/operate.html HTTP/1.1" 200 36
114.83.222.168 - - [29/Mar/2024:10:46:45 +0800] "GET /xingrg/index.html?sysBaseUrl=http%3A%2F%2F180.169.147.146%3A18081%2Fxingrg%2F&costTime=905×tamp=1711680402560 HTTP/1.1" 200 17503
114.83.222.168 - - [29/Mar/2024:10:46:45 +0800] "GET /xingrg/javascript/jquery_easy_ui/themes/default/easyui.css HTTP/1.1" 304 -
114.83.222.168 - - [29/Mar/2024:10:46:45 +0800] "GET /xingrg/javascript/jquery_easy_ui/themes/icon.css HTTP/1.1" 304 -
180.169.147.146 - - [29/Mar/2024:10:46:45 +0800] "GET /xingrg/all/function/internal_message.html?_=1711680405672&CODE_STATE=getMsg HTTP/1.1" 302 -
114.83.222.168 - - [29/Mar/2024:10:46:45 +0800] "GET /xingrg/css/form.css HTTP/1.1" 304 -
114.83.222.168 - - [29/Mar/2024:10:46:45 +0800] "GET /xingrg/javascript/jquery-1.4.2.min.js HTTP/1.1" 304 -
114.83.222.168 - - [29/Mar/2024:10:46:45 +0800] "GET /xingrg/javascript/jquery_easy_ui/jquery.easyui.min.js HTTP/1.1" 304 -
114.83.222.168 - - [29/Mar/2024:10:46:45 +0800] "GET /xingrg/javascript/jquery_easy_ui/easyui-lang-zh_CN.js HTTP/1.1" 304 -
114.83.222.168 - - [29/Mar/2024:10:46:45 +0800] "GET /xingrg/javascript/jquery.form.js HTTP/1.1" 304 -
114.83.222.168 - - [29/Mar/2024:10:46:45 +0800] "GET /xingrg/javascript/jquery.utils.js HTTP/1.1" 304 -
114.83.222.168 - - [29/Mar/2024:10:46:45 +0800] "GET /xingrg/javascript/jquery.timers.js HTTP/1.1" 304 -
114.83.222.168 - - [29/Mar/2024:10:46:45 +0800] "GET /xingrg/images/blue/jxLogo.png HTTP/1.1" 304 -
114.83.222.168 - - [29/Mar/2024:10:46:45 +0800] "GET /xingrg/images/blue/navBackgound.jpg HTTP/1.1" 304 -
114.83.222.168 - - [29/Mar/2024:10:46:45 +0800] "GET /xingrg/javascript/jquery_easy_ui/themes/icons/settle_new.png HTTP/1.1" 304 -
114.83.222.168 - - [29/Mar/2024:10:46:45 +0800] "GET /xingrg/check_reg.html?_=1711680405718 HTTP/1.1" 200 22
114.83.222.168 - - [29/Mar/2024:10:46:45 +0800] "GET /xingrg/all/function/internal_message.html?_=1711680405717&CODE_STATE=count HTTP/1.1" 200 11
114.83.222.168 - - [29/Mar/2024:10:46:45 +0800] "GET /xingrg/javascript/jquery_easy_ui/themes/default/images/panel_tool_collapse.gif HTTP/1.1" 304 -
114.83.222.168 - - [29/Mar/2024:10:46:45 +0800] "GET /xingrg/javascript/jquery_easy_ui/themes/default/images/tabs_leftarrow.png HTTP/1.1" 304 -
114.83.222.168 - - [29/Mar/2024:10:46:45 +0800] "GET /xingrg/javascript/jquery_easy_ui/themes/default/images/panel_tool_expand.gif HTTP/1.1" 304 -
114.83.222.168 - - [29/Mar/2024:10:46:45 +0800] "GET /xingrg/javascript/jquery_easy_ui/themes/default/images/tabs_rightarrow.png HTTP/1.1" 304 -
114.83.222.168 - - [29/Mar/2024:10:46:45 +0800] "GET /xingrg/images/blue/pingpu.png HTTP/1.1" 304 -
114.83.222.168 - - [29/Mar/2024:10:46:46 +0800] "POST /xingrg/all/common/load_tree.html?tree=area_rest_tree_json&manage=1 HTTP/1.1" 200 3624
114.83.222.168 - - [29/Mar/2024:10:46:46 +0800] "POST /xingrg/load_menu.html HTTP/1.1" 200 9959
124.78.60.103 - - [29/Mar/2024:10:46:46 +0800] "GET /xingrg/kc/buy/cgsh_order_operate.html?command=get_materiel&rest_code=00141&code=00101006055&supplier_code=00100096&order_time=2024-03-29 HTTP/1.1" 200 410
222.69.135.32 - - [29/Mar/2024:10:46:47 +0800] "GET /xingrg/all/function/internal_message.html?_=1711680409688&CODE_STATE=getMsg HTTP/1.1" 302 -
222.69.135.32 - - [29/Mar/2024:10:46:47 +0800] "GET /xingrg/check_reg.html?_=1711680409692 HTTP/1.1" 302 -
114.83.222.168 - - [29/Mar/2024:10:46:49 +0800] "GET /xingrg/kc/base/check_order_list.html HTTP/1.1" 200 16431
114.83.222.168 - - [29/Mar/2024:10:46:49 +0800] "POST /xingrg/kc/base/check_list_operate.html HTTP/1.1" 200 781
124.78.154.173 - - [29/Mar/2024:10:46:50 +0800] "GET /xingrg/all/report/report_query.html?isQuery=1&fileName=kc/buy/wlcg_price_by_list.xml&rh=99999&queryString=&queryText=%25E3%2580%2590%25E6%259D%2590%25E6%2596%2599%25E5%2590%258D%25E7%25A7%25B0%253A%25E7%25BA%25A2%25E7%25A0%2596%25E3%2580%2591%2520%25E3%2580%2590%25E9%2587%2587%25E8%25B4%25AD%25E6%2597%25B6%25E9%2597%25B4%253A2018-10-01%2520%25E8%2587%25B3%25202024-03-31%25E3%2580%2591%2520%25E5%25B9%25B6%25E4%25B8%2594%2520%2520%25E3%2580%2590%25E6%259D%2590%25E6%2596%2599%25E5%2590%258D%25E7%25A7%25B0%2520%25E5%258C%2585%25E5%2590%25AB%2520%25E7%25BA%25A2%25E7%25A0%2596%25E3%2580%2591&tableQueryString=materiels%2524sp1%2524(CONVERT(char(10)%252Cb.order_time%252C%2520120)%253E%253D'2018-10-01')%2520and%2520(CONVERT(char(10)%252Cb.order_time%252C%2520120)%253C%253D'2024-03-31')%2520and%2520(m.name%2520like%2520'%2524bf%2524%25E7%25BA%25A2%25E7%25A0%2596%2524bf%2524')%2520and%2520(a.materiel_code%253D'00102009987')%2520and%2520(year(b.order_time)*100%252Bmonth(b.order_time)%253D202004) HTTP/1.1" 200 51563
124.78.154.173 - - [29/Mar/2024:10:46:50 +0800] "GET /xingrg/dwr/interface/AjaxReportQueryService.js HTTP/1.1" 200 13203
124.78.154.173 - - [29/Mar/2024:10:46:50 +0800] "GET /xingrg/dwr/engine.js HTTP/1.1" 200 43631
124.78.154.173 - - [29/Mar/2024:10:46:50 +0800] "GET /xingrg/dwr/util.js HTTP/1.1" 304 -
124.79.241.4 - - [29/Mar/2024:10:46:50 +0800] "GET /xingrg/all/function/internal_message.html?_=1711680435743&CODE_STATE=getMsg HTTP/1.1" 302 -
180.169.147.146 - - [29/Mar/2024:10:46:51 +0800] "GET /xingrg/all/function/internal_message.html?_=1711680402066&CODE_STATE=getMsg HTTP/1.1" 200 27
114.83.222.168 - - [29/Mar/2024:10:46:51 +0800] "POST /xingrg/kc/base/check_list_operate.html HTTP/1.1" 200 5397
124.78.154.173 - - [29/Mar/2024:10:46:51 +0800] "POST /xingrg/all/report/load_report_page.html HTTP/1.1" 200 17384
124.78.154.173 - - [29/Mar/2024:10:46:51 +0800] "GET /xingrg/servlets/image?cache=0.94377470719865&image=px HTTP/1.1" 200 807
180.169.147.146 - - [29/Mar/2024:10:46:52 +0800] "POST /xingrg/kc/buy/cgsh_order_operate.html HTTP/1.1" 200 5624
116.224.254.208 - - [29/Mar/2024:10:46:52 +0800] "GET /xingrg/all/function/internal_message.html?_=1711680412556&CODE_STATE=getMsg HTTP/1.1" 302 -
114.85.113.46 - - [29/Mar/2024:10:46:53 +0800] "GET /xingrg/all/function/internal_message.html?_=1711680412123&CODE_STATE=getMsg HTTP/1.1" 302 -
124.78.60.103 - - [29/Mar/2024:10:46:55 +0800] "GET /xingrg/kc/buy/cgsh_order_operate.html?command=get_materiel&rest_code=00141&code=00101006109&supplier_code=00100096&order_time=2024-03-29 HTTP/1.1" 200 409
120.253.135.82 - - [29/Mar/2024:10:46:57 +0800] "GET /xingrg/all/function/internal_message.html?_=1711680259635&CODE_STATE=getMsg HTTP/1.1" 200 27
124.78.154.173 - - [29/Mar/2024:10:46:59 +0800] "GET /xingrg/all/report/report_query.html?isQuery=1&fileName=kc/buy/wlcg_price_by_list.xml&rh=99999&queryString=&queryText=%25E3%2580%2590%25E6%259D%2590%25E6%2596%2599%25E5%2590%258D%25E7%25A7%25B0%253A%25E7%25BA%25A2%25E7%25A0%2596%25E3%2580%2591%2520%25E3%2580%2590%25E9%2587%2587%25E8%25B4%25AD%25E6%2597%25B6%25E9%2597%25B4%253A2018-10-01%2520%25E8%2587%25B3%25202024-03-31%25E3%2580%2591%2520%25E5%25B9%25B6%25E4%25B8%2594%2520%2520%25E3%2580%2590%25E6%259D%2590%25E6%2596%2599%25E5%2590%258D%25E7%25A7%25B0%2520%25E5%258C%2585%25E5%2590%25AB%2520%25E7%25BA%25A2%25E7%25A0%2596%25E3%2580%2591&tableQueryString=materiels%2524sp1%2524(CONVERT(char(10)%252Cb.order_time%252C%2520120)%253E%253D'2018-10-01')%2520and%2520(CONVERT(char(10)%252Cb.order_time%252C%2520120)%253C%253D'2024-03-31')%2520and%2520(m.name%2520like%2520'%2524bf%2524%25E7%25BA%25A2%25E7%25A0%2596%2524bf%2524')%2520and%2520(a.materiel_code%253D'00102009987')%2520and%2520(year(b.order_time)*100%252Bmonth(b.order_time)%253D202403) HTTP/1.1" 200 51563
124.78.154.173 - - [29/Mar/2024:10:46:59 +0800] "GET /xingrg/dwr/interface/AjaxReportQueryService.js HTTP/1.1" 200 13203
124.78.154.173 - - [29/Mar/2024:10:46:59 +0800] "GET /xingrg/dwr/engine.js HTTP/1.1" 200 43631
124.78.154.173 - - [29/Mar/2024:10:47:00 +0800] "POST /xingrg/all/report/load_report_page.html HTTP/1.1" 200 17416
124.78.154.173 - - [29/Mar/2024:10:47:00 +0800] "GET /xingrg/servlets/image?cache=0.5206222391853095&image=px HTTP/1.1" 200 807
124.78.60.103 - - [29/Mar/2024:10:47:02 +0800] "GET /xingrg/all/function/internal_message.html?_=1711680422981&CODE_STATE=getMsg HTTP/1.1" 200 27
101.83.144.49 - - [29/Mar/2024:10:47:04 +0800] "GET /xingrg/all/function/internal_message.html?_=1711680185643&CODE_STATE=getMsg HTTP/1.1" 200 27
101.83.144.49 - - [29/Mar/2024:10:47:07 +0800] "POST /xingrg/kc/buy/cgsh_order_operate.html HTTP/1.1" 200 37
124.78.60.103 - - [29/Mar/2024:10:47:09 +0800] "GET /xingrg/kc/buy/cgsh_order_operate.html?command=get_materiel&rest_code=00141&code=00101006111&supplier_code=00100096&order_time=2024-03-29 HTTP/1.1" 200 409
222.70.115.1 - - [29/Mar/2024:10:47:13 +0800] "GET /xingrg/all/function/internal_message.html?_=1711680445639&CODE_STATE=getMsg HTTP/1.1" 302 -
124.78.60.103 - - [29/Mar/2024:10:47:13 +0800] "POST /xingrg/kc/buy/cgsh_order_operate.html HTTP/1.1" 200 2065
120.253.135.82 - - [29/Mar/2024:10:47:14 +0800] "GET /xingrg/kc/buy/cgsh_order_operate.html?command=get_materiel&rest_code=00101&code=00101019750&supplier_code=&order_time=2024-03-29 HTTP/1.1" 200 438
101.83.144.49 - - [29/Mar/2024:10:47:14 +0800] "POST /xingrg/kc/buy/cgsh_order_operate.html HTTP/1.1" 200 28077
124.78.60.103 - - [29/Mar/2024:10:47:19 +0800] "GET /xingrg/kc/buy/cgsh_order_operate.html?command=get_materiel&rest_code=00141&code=00101006006&supplier_code=00100096&order_time=2024-03-29 HTTP/1.1" 200 408
116.232.194.112 - - [29/Mar/2024:10:47:20 +0800] "GET /xingrg/javascript/auto/indicator.gif HTTP/1.1" 404 1066
116.232.194.112 - - [29/Mar/2024:10:47:21 +0800] "GET /xingrg/javascript/jquery_tools/images/prev.gif HTTP/1.1" 404 1086
116.232.194.112 - - [29/Mar/2024:10:47:21 +0800] "GET /xingrg/javascript/jquery_tools/images/next.gif HTTP/1.1" 404 1086
124.78.154.173 - - [29/Mar/2024:10:47:25 +0800] "GET /xingrg/all/function/internal_message.html?_=1711680445565&CODE_STATE=getMsg HTTP/1.1" 200 27
222.70.183.82 - - [29/Mar/2024:10:47:30 +0800] "GET /xingrg/all/function/internal_message.html?_=1711680448295&CODE_STATE=getMsg HTTP/1.1" 302 -
180.164.1.25 - - [29/Mar/2024:10:47:33 +0800] "GET /xingrg/all/function/internal_message.html?_=1711680453432&CODE_STATE=getMsg HTTP/1.1" 302 -
101.83.144.49 - - [29/Mar/2024:10:47:36 +0800] "GET /xingrg/all/function/internal_message.html?_=1711680456296&CODE_STATE=getMsg HTTP/1.1" 302 -
114.83.222.168 - - [29/Mar/2024:10:47:37 +0800] "POST /xingrg/kc/base/check_list_operate.html HTTP/1.1" 200 4
116.238.97.31 - - [29/Mar/2024:10:47:39 +0800] "GET /xingrg/all/function/internal_message.html?_=1711680460565&CODE_STATE=getMsg HTTP/1.1" 200 27
180.169.147.146 - - [29/Mar/2024:10:47:40 +0800] "POST /xingrg/kc/buy/cgsh_list_operate.html HTTP/1.1" 200 4398
116.232.194.112 - - [29/Mar/2024:10:47:45 +0800] "GET /xingrg/all/function/internal_message.html?_=1711680428652&CODE_STATE=getMsg HTTP/1.1" 200 27
180.169.147.146 - - [29/Mar/2024:10:47:45 +0800] "GET /xingrg/all/function/internal_message.html?_=1711680465682&CODE_STATE=getMsg HTTP/1.1" 302 -
114.83.222.168 - - [29/Mar/2024:10:47:46 +0800] "GET /xingrg/all/function/internal_message.html?_=1711680466062&CODE_STATE=getMsg HTTP/1.1" 200 27
116.232.194.112 - - [29/Mar/2024:10:47:46 +0800] "GET /xingrg/kc/buy/cgsh_order_operate.html?command=get_materiel&rest_code=00155&code=00101008244&supplier_code=00100005&order_time=2024-03-29 HTTP/1.1" 200 408
114.83.222.168 - - [29/Mar/2024:10:47:46 +0800] "POST /xingrg/kc/base/check_list_operate.html HTTP/1.1" 200 5337
222.69.135.32 - - [29/Mar/2024:10:47:47 +0800] "GET /xingrg/all/function/internal_message.html?_=1711680469668&CODE_STATE=getMsg HTTP/1.1" 302 -
124.79.241.4 - - [29/Mar/2024:10:47:50 +0800] "GET /xingrg/all/function/internal_message.html?_=1711680495743&CODE_STATE=getMsg HTTP/1.1" 302 -
124.79.241.4 - - [29/Mar/2024:10:47:50 +0800] "GET /xingrg/check_reg.html?_=1711680495744 HTTP/1.1" 302 -
180.169.147.146 - - [29/Mar/2024:10:47:51 +0800] "GET /xingrg/all/function/internal_message.html?_=1711680462050&CODE_STATE=getMsg HTTP/1.1" 200 27
120.253.135.82 - - [29/Mar/2024:10:47:51 +0800] "GET /xingrg/kc/buy/cgsh_order_operate.html?command=get_materiel&rest_code=00101&code=00101019295&supplier_code=&order_time=2024-03-29 HTTP/1.1" 200 457
116.224.254.208 - - [29/Mar/2024:10:47:52 +0800] "GET /xingrg/all/function/internal_message.html?_=1711680472539&CODE_STATE=getMsg HTTP/1.1" 302 -
114.85.113.46 - - [29/Mar/2024:10:47:53 +0800] "GET /xingrg/all/function/internal_message.html?_=1711680472122&CODE_STATE=getMsg HTTP/1.1" 302 -
120.253.135.82 - - [29/Mar/2024:10:47:57 +0800] "GET /xingrg/check_reg.html?_=1711680319589 HTTP/1.1" 200 22
120.253.135.82 - - [29/Mar/2024:10:47:57 +0800] "GET /xingrg/all/function/internal_message.html?_=1711680319649&CODE_STATE=getMsg HTTP/1.1" 200 27
116.232.194.112 - - [29/Mar/2024:10:47:57 +0800] "GET /xingrg/kc/buy/cgsh_order_operate.html?command=get_materiel&rest_code=00155&code=00101008811&supplier_code=00100005&order_time=2024-03-29 HTTP/1.1" 200 398
124.78.60.103 - - [29/Mar/2024:10:48:02 +0800] "GET /xingrg/all/function/internal_message.html?_=1711680482960&CODE_STATE=getMsg HTTP/1.1" 200 27
101.83.144.49 - - [29/Mar/2024:10:48:04 +0800] "GET /xingrg/all/function/internal_message.html?_=1711680245648&CODE_STATE=getMsg HTTP/1.1" 200 27
180.169.147.146 - - [29/Mar/2024:10:48:05 +0800] "GET /xingrg/check_reg.html?_=1711680476794 HTTP/1.1" 200 22
116.232.194.112 - - [29/Mar/2024:10:48:10 +0800] "GET /xingrg/kc/buy/cgsh_order_operate.html?command=get_materiel&rest_code=00155&code=00101008224&supplier_code=00100005&order_time=2024-03-29 HTTP/1.1" 200 416
124.78.60.103 - - [29/Mar/2024:10:48:12 +0800] "GET /xingrg/kc/buy/cgsh_order_operate.html?command=get_materiel&rest_code=00141&code=00101005037&supplier_code=00100096&order_time=2024-03-29 HTTP/1.1" 200 409
222.70.115.1 - - [29/Mar/2024:10:48:13 +0800] "GET /xingrg/all/function/internal_message.html?_=1711680505638&CODE_STATE=getMsg HTTP/1.1" 302 -
120.253.135.82 - - [29/Mar/2024:10:48:15 +0800] "GET /xingrg/kc/buy/cgsh_order_operate.html?command=get_materiel&rest_code=00101&code=00101019542&supplier_code=&order_time=2024-03-29 HTTP/1.1" 200 428
124.78.154.173 - - [29/Mar/2024:10:48:20 +0800] "GET /xingrg/kc/buy/buy_main.html HTTP/1.1" 200 12412
124.78.154.173 - - [29/Mar/2024:10:48:20 +0800] "GET /xingrg/css/new_ie.css HTTP/1.1" 404 1036
124.78.154.173 - - [29/Mar/2024:10:48:21 +0800] "GET /xingrg/images/yd/bt.gif HTTP/1.1" 404 1040
116.232.194.112 - - [29/Mar/2024:10:48:21 +0800] "GET /xingrg/kc/buy/cgsh_order_operate.html?command=get_materiel&rest_code=00155&code=00101008332&supplier_code=00100005&order_time=2024-03-29 HTTP/1.1" 200 412
124.78.154.173 - - [29/Mar/2024:10:48:22 +0800] "GET /xingrg/kc/buy/cgsh_order_list.html HTTP/1.1" 200 58005
114.85.113.46 - - [29/Mar/2024:10:48:23 +0800] "GET /xingrg/check_reg.html?_=1711680501779 HTTP/1.1" 302 -
124.78.154.173 - - [29/Mar/2024:10:48:25 +0800] "GET /xingrg/all/function/internal_message.html?_=1711680505592&CODE_STATE=getMsg HTTP/1.1" 200 27
124.78.154.173 - - [29/Mar/2024:10:48:29 +0800] "POST /xingrg/kc/buy/cgsh_list_operate.html HTTP/1.1" 200 1647
116.232.194.112 - - [29/Mar/2024:10:48:30 +0800] "GET /xingrg/kc/buy/cgsh_order_operate.html?command=get_materiel&rest_code=00155&code=00101008141&supplier_code=00100005&order_time=2024-03-29 HTTP/1.1" 200 412
222.70.183.82 - - [29/Mar/2024:10:48:30 +0800] "GET /xingrg/all/function/internal_message.html?_=1711680508284&CODE_STATE=getMsg HTTP/1.1" 302 -
180.164.1.25 - - [29/Mar/2024:10:48:33 +0800] "GET /xingrg/all/function/internal_message.html?_=1711680513429&CODE_STATE=getMsg HTTP/1.1" 302 -
101.83.144.49 - - [29/Mar/2024:10:48:36 +0800] "GET /xingrg/all/function/internal_message.html?_=1711680516298&CODE_STATE=getMsg HTTP/1.1" 302 -
120.253.135.82 - - [29/Mar/2024:10:48:37 +0800] "GET /xingrg/kc/buy/cgsh_order_operate.html?command=get_materiel&rest_code=00101&code=00101019844&supplier_code=&order_time=2024-03-29 HTTP/1.1" 200 415
116.238.97.31 - - [29/Mar/2024:10:48:39 +0800] "GET /xingrg/check_reg.html?_=1711680520568 HTTP/1.1" 200 22
116.238.97.31 - - [29/Mar/2024:10:48:39 +0800] "GET /xingrg/all/function/internal_message.html?_=1711680520572&CODE_STATE=getMsg HTTP/1.1" 200 27
116.232.194.112 - - [29/Mar/2024:10:48:40 +0800] "GET /xingrg/kc/buy/cgsh_order_operate.html?command=get_materiel&rest_code=00155&code=00101008126&supplier_code=00100005&order_time=2024-03-29 HTTP/1.1" 200 412
180.171.58.249 - - [29/Mar/2024:10:48:44 +0800] "GET /xingrg/check_reg.html?_=1711680531355 HTTP/1.1" 302 -
124.78.154.173 - - [29/Mar/2024:10:48:44 +0800] "POST /xingrg/kc/buy/cgsh_list_operate.html HTTP/1.1" 200 571
116.232.194.112 - - [29/Mar/2024:10:48:45 +0800] "GET /xingrg/all/function/internal_message.html?_=1711680488672&CODE_STATE=getMsg HTTP/1.1" 200 27
180.169.147.146 - - [29/Mar/2024:10:48:45 +0800] "GET /xingrg/all/function/internal_message.html?_=1711680525682&CODE_STATE=getMsg HTTP/1.1" 302 -
114.83.222.168 - - [29/Mar/2024:10:48:46 +0800] "GET /xingrg/all/function/internal_message.html?_=1711680526051&CODE_STATE=getMsg HTTP/1.1" 200 27
124.78.154.173 - - [29/Mar/2024:10:48:47 +0800] "GET /xingrg/kc/buy/cgsh_order_info.html?code=212024032908549 HTTP/1.1" 200 73789
222.69.135.32 - - [29/Mar/2024:10:48:47 +0800] "GET /xingrg/all/function/internal_message.html?_=1711680529675&CODE_STATE=getMsg HTTP/1.1" 302 -
124.78.154.173 - - [29/Mar/2024:10:48:48 +0800] "GET /xingrg/javascript/easyui/themes/default/validatebox.css HTTP/1.1" 404 1104
116.232.194.112 - - [29/Mar/2024:10:48:48 +0800] "GET /xingrg/kc/buy/cgsh_order_operate.html?command=get_materiel&rest_code=00155&code=00101008205&supplier_code=00100005&order_time=2024-03-29 HTTP/1.1" 200 412
124.79.241.4 - - [29/Mar/2024:10:48:50 +0800] "GET /xingrg/all/function/internal_message.html?_=1711680555742&CODE_STATE=getMsg HTTP/1.1" 302 -
180.169.147.146 - - [29/Mar/2024:10:48:50 +0800] "GET /xingrg/all/function/internal_message.html?_=1711680522018&CODE_STATE=getMsg HTTP/1.1" 200 27
116.224.254.208 - - [29/Mar/2024:10:48:52 +0800] "GET /xingrg/all/function/internal_message.html?_=1711680532540&CODE_STATE=getMsg HTTP/1.1" 302 -
114.85.113.46 - - [29/Mar/2024:10:48:53 +0800] "GET /xingrg/all/function/internal_message.html?_=1711680532123&CODE_STATE=getMsg HTTP/1.1" 302 -
124.78.60.103 - - [29/Mar/2024:10:48:55 +0800] "POST /xingrg/kc/buy/cgsh_order_operate.html HTTP/1.1" 200 37
124.78.154.173 - - [29/Mar/2024:10:48:55 +0800] "POST /xingrg/kc/buy/cgsh_order_operate.html HTTP/1.1" 200 19216
120.253.135.82 - - [29/Mar/2024:10:48:57 +0800] "GET /xingrg/all/function/internal_message.html?_=1711680379664&CODE_STATE=getMsg HTTP/1.1" 200 27
116.232.194.112 - - [29/Mar/2024:10:48:59 +0800] "GET /xingrg/kc/buy/cgsh_order_operate.html?command=get_materiel&rest_code=00155&code=00101008694&supplier_code=00100005&order_time=2024-03-29 HTTP/1.1" 200 420
124.78.60.103 - - [29/Mar/2024:10:49:02 +0800] "GET /xingrg/check_reg.html?_=1711680542347 HTTP/1.1" 200 22
124.78.60.103 - - [29/Mar/2024:10:49:02 +0800] "GET /xingrg/all/function/internal_message.html?_=1711680542947&CODE_STATE=getMsg HTTP/1.1" 200 27
101.83.144.49 - - [29/Mar/2024:10:49:04 +0800] "GET /xingrg/check_reg.html?_=1711680305649 HTTP/1.1" 200 22
101.83.144.49 - - [29/Mar/2024:10:49:04 +0800] "GET /xingrg/all/function/internal_message.html?_=1711680305652&CODE_STATE=getMsg HTTP/1.1" 200 27
124.78.60.103 - - [29/Mar/2024:10:49:04 +0800] "POST /xingrg/kc/buy/cgsh_order_operate.html HTTP/1.1" 200 12
120.253.135.82 - - [29/Mar/2024:10:49:08 +0800] "GET /xingrg/kc/buy/cgsh_order_operate.html?command=get_materiel&rest_code=00101&code=00101019375&supplier_code=&order_time=2024-03-29 HTTP/1.1" 200 445
124.78.60.103 - - [29/Mar/2024:10:49:08 +0800] "GET /xingrg/kc/buy/cgsh_order_info.html?code=212024032908580 HTTP/1.1" 200 68679
116.232.194.112 - - [29/Mar/2024:10:49:09 +0800] "GET /xingrg/kc/buy/cgsh_order_operate.html?command=get_materiel&rest_code=00155&code=00101008558&supplier_code=00100005&order_time=2024-03-29 HTTP/1.1" 200 409
124.78.60.103 - - [29/Mar/2024:10:49:09 +0800] "GET /xingrg/javascript/easyui/themes/default/validatebox.css HTTP/1.1" 404 1104
124.78.60.103 - - [29/Mar/2024:10:49:10 +0800] "POST /xingrg/kc/buy/cgsh_order_operate.html HTTP/1.1" 200 12469
124.78.60.103 - - [29/Mar/2024:10:49:11 +0800] "GET /xingrg/kc/print/load_data.html?order_code=212024032908580&kc_code=cgsh&condition= HTTP/1.1" 200 5175
222.70.115.1 - - [29/Mar/2024:10:49:13 +0800] "GET /xingrg/all/function/internal_message.html?_=1711680565638&CODE_STATE=getMsg HTTP/1.1" 302 -
222.70.115.1 - - [29/Mar/2024:10:49:13 +0800] "GET /xingrg/check_reg.html?_=1711680565640 HTTP/1.1" 302 -
116.232.194.112 - - [29/Mar/2024:10:49:23 +0800] "GET /xingrg/kc/buy/cgsh_order_operate.html?command=get_materiel&rest_code=00155&code=00101008478&supplier_code=00100005&order_time=2024-03-29 HTTP/1.1" 200 413
124.78.154.173 - - [29/Mar/2024:10:49:25 +0800] "GET /xingrg/all/function/internal_message.html?_=1711680565518&CODE_STATE=getMsg HTTP/1.1" 200 27
222.70.183.82 - - [29/Mar/2024:10:49:30 +0800] "GET /xingrg/all/function/internal_message.html?_=1711680568263&CODE_STATE=getMsg HTTP/1.1" 302 -
