116.232.194.112 - - [29/Mar/2024:09:20:57 +0800] "POST /xingrg/load_menu.html HTTP/1.1" 200 5138
124.78.60.103 - - [29/Mar/2024:09:20:57 +0800] "GET /xingrg/all/function/internal_message.html?_=1711675257944&CODE_STATE=getMsg HTTP/1.1" 200 27
101.83.144.49 - - [29/Mar/2024:09:20:58 +0800] "GET /xingrg/javascript/auto/indicator.gif HTTP/1.1" 404 1066
114.83.222.168 - - [29/Mar/2024:09:20:59 +0800] "GET /xingrg/kc/buy/cgsh_order_operate.html?command=get_materiel&rest_code=00149&code=00101009010&supplier_code=00100008&order_time=2024-03-29 HTTP/1.1" 200 416
222.70.183.82 - - [29/Mar/2024:09:21:02 +0800] "GET /xingrg/javascript/auto/indicator.gif HTTP/1.1" 404 1066
116.224.254.208 - - [29/Mar/2024:09:21:03 +0800] "GET /xingrg/kc/buy/cgsh_order_operate.html?command=get_materiel&rest_code=00150&code=00101008353&supplier_code=00100008&order_time=2024-03-29 HTTP/1.1" 200 408
222.70.183.82 - - [29/Mar/2024:09:21:04 +0800] "GET /xingrg/javascript/jquery_tools/images/prev.gif HTTP/1.1" 404 1086
222.70.183.82 - - [29/Mar/2024:09:21:04 +0800] "GET /xingrg/javascript/jquery_tools/images/next.gif HTTP/1.1" 404 1086
101.83.144.49 - - [29/Mar/2024:09:21:05 +0800] "GET /xingrg/kc/buy/cgsh_order_operate.html?command=get_materiel&rest_code=00105&code=00101008223&supplier_code=00100008&order_time=2024-03-29 HTTP/1.1" 200 412
116.232.194.112 - - [29/Mar/2024:09:21:07 +0800] "GET /xingrg/kc/buy/cgsh_order_list.html HTTP/1.1" 200 58011
222.70.168.57 - - [29/Mar/2024:09:21:08 +0800] "GET /xingrg/all/function/internal_message.html?_=1711675285916&CODE_STATE=getMsg HTTP/1.1" 200 27
116.232.194.112 - - [29/Mar/2024:09:21:09 +0800] "GET /xingrg/kc/buy/cgsh_order_list.html HTTP/1.1" 200 58011
222.70.115.1 - - [29/Mar/2024:09:21:13 +0800] "GET /xingrg/all/function/internal_message.html?_=1711675285459&CODE_STATE=getMsg HTTP/1.1" 200 27
114.83.222.168 - - [29/Mar/2024:09:21:15 +0800] "GET /xingrg/all/function/internal_message.html?_=1711675273332&CODE_STATE=getMsg HTTP/1.1" 200 27
116.224.254.208 - - [29/Mar/2024:09:21:15 +0800] "GET /xingrg/check_reg.html?_=1711675275637 HTTP/1.1" 200 22
116.224.254.208 - - [29/Mar/2024:09:21:15 +0800] "GET /xingrg/all/function/internal_message.html?_=1711675275637&CODE_STATE=getMsg HTTP/1.1" 200 27
101.83.144.49 - - [29/Mar/2024:09:21:20 +0800] "GET /xingrg/all/function/internal_message.html?_=1711675041322&CODE_STATE=getMsg HTTP/1.1" 200 27
116.224.254.208 - - [29/Mar/2024:09:21:23 +0800] "GET /xingrg/kc/buy/cgsh_order_operate.html?command=get_materiel&rest_code=00150&code=00101008211&supplier_code=00100008&order_time=2024-03-29 HTTP/1.1" 200 412
114.83.222.168 - - [29/Mar/2024:09:21:23 +0800] "POST /xingrg/kc/buy/cgsh_order_operate.html HTTP/1.1" 200 37
116.238.97.31 - - [29/Mar/2024:09:21:26 +0800] "GET /xingrg/all/function/internal_message.html?_=1711675287002&CODE_STATE=getMsg HTTP/1.1" 200 27
116.238.97.31 - - [29/Mar/2024:09:21:26 +0800] "GET /xingrg/check_reg.html?_=1711675287238 HTTP/1.1" 200 22
120.253.135.82 - - [29/Mar/2024:09:21:26 +0800] "GET /xingrg/check_reg.html?_=1711675128836 HTTP/1.1" 200 22
114.83.222.168 - - [29/Mar/2024:09:21:27 +0800] "POST /xingrg/kc/buy/cgsh_order_operate.html HTTP/1.1" 200 36990
120.253.135.82 - - [29/Mar/2024:09:21:28 +0800] "GET /xingrg/all/function/internal_message.html?_=1711675130215&CODE_STATE=getMsg HTTP/1.1" 200 27
101.83.144.49 - - [29/Mar/2024:09:21:28 +0800] "GET /xingrg/kc/buy/cgsh_order_operate.html?command=get_materiel&rest_code=00105&code=00101008168&supplier_code=00100008&order_time=2024-03-29 HTTP/1.1" 200 412
222.70.183.82 - - [29/Mar/2024:09:21:31 +0800] "GET /xingrg/all/function/internal_message.html?_=1711675288980&CODE_STATE=getMsg HTTP/1.1" 200 27
116.224.254.208 - - [29/Mar/2024:09:21:34 +0800] "GET /xingrg/kc/buy/cgsh_order_operate.html?command=get_materiel&rest_code=00150&code=00101008355&supplier_code=00100008&order_time=2024-03-29 HTTP/1.1" 200 408
180.164.1.25 - - [29/Mar/2024:09:21:35 +0800] "GET /xingrg/all/function/internal_message.html?_=1711675294892&CODE_STATE=getMsg HTTP/1.1" 200 27
116.224.254.208 - - [29/Mar/2024:09:21:36 +0800] "POST /xingrg/kc/buy/cgsh_order_operate.html HTTP/1.1" 200 2065
222.70.168.57 - - [29/Mar/2024:09:21:38 +0800] "GET /xingrg/check_reg.html?_=1711675316494 HTTP/1.1" 200 22
116.224.254.208 - - [29/Mar/2024:09:21:42 +0800] "GET /xingrg/kc/buy/cgsh_order_operate.html?command=get_materiel&rest_code=00150&code=00101008004&supplier_code=00100008&order_time=2024-03-29 HTTP/1.1" 200 417
124.78.154.173 - - [29/Mar/2024:09:21:44 +0800] "GET /xingrg/all/function/internal_message.html?_=1711675304700&CODE_STATE=getMsg HTTP/1.1" 200 27
114.85.113.46 - - [29/Mar/2024:09:21:53 +0800] "GET /xingrg/all/function/internal_message.html?_=1711675311959&CODE_STATE=getMsg HTTP/1.1" 200 27
116.224.254.208 - - [29/Mar/2024:09:21:53 +0800] "GET /xingrg/kc/buy/cgsh_order_operate.html?command=get_materiel&rest_code=00150&code=00101008209&supplier_code=00100008&order_time=2024-03-29 HTTP/1.1" 200 408
116.232.194.112 - - [29/Mar/2024:09:21:54 +0800] "POST /xingrg/kc/buy/cgsh_list_operate.html HTTP/1.1" 200 4283
116.232.194.112 - - [29/Mar/2024:09:21:54 +0800] "POST /xingrg/kc/buy/cgsh_list_operate.html HTTP/1.1" 200 4283
116.232.194.112 - - [29/Mar/2024:09:21:57 +0800] "GET /xingrg/all/function/internal_message.html?_=1711675280599&CODE_STATE=getMsg HTTP/1.1" 200 27
124.78.60.103 - - [29/Mar/2024:09:21:57 +0800] "GET /xingrg/all/function/internal_message.html?_=1711675317927&CODE_STATE=getMsg HTTP/1.1" 200 27
116.224.254.208 - - [29/Mar/2024:09:22:02 +0800] "GET /xingrg/kc/buy/cgsh_order_operate.html?command=get_materiel&rest_code=00150&code=00101008562&supplier_code=00100008&order_time=2024-03-29 HTTP/1.1" 200 409
101.83.144.49 - - [29/Mar/2024:09:22:03 +0800] "GET /xingrg/kc/buy/cgsh_order_operate.html?command=get_materiel&rest_code=00105&code=00101008131&supplier_code=00100008&order_time=2024-03-29 HTTP/1.1" 200 408
222.70.168.57 - - [29/Mar/2024:09:22:08 +0800] "GET /xingrg/all/function/internal_message.html?_=1711675345930&CODE_STATE=getMsg HTTP/1.1" 200 27
116.224.254.208 - - [29/Mar/2024:09:22:09 +0800] "GET /xingrg/kc/buy/cgsh_order_operate.html?command=get_materiel&rest_code=00150&code=00101008356&supplier_code=00100008&order_time=2024-03-29 HTTP/1.1" 200 408
222.70.115.1 - - [29/Mar/2024:09:22:13 +0800] "GET /xingrg/all/function/internal_message.html?_=1711675345459&CODE_STATE=getMsg HTTP/1.1" 200 27
116.224.254.208 - - [29/Mar/2024:09:22:14 +0800] "POST /xingrg/kc/buy/cgsh_order_operate.html HTTP/1.1" 200 2065
114.83.222.168 - - [29/Mar/2024:09:22:15 +0800] "GET /xingrg/all/function/internal_message.html?_=1711675333320&CODE_STATE=getMsg HTTP/1.1" 200 27
116.224.254.208 - - [29/Mar/2024:09:22:15 +0800] "GET /xingrg/all/function/internal_message.html?_=1711675335635&CODE_STATE=getMsg HTTP/1.1" 200 27
101.83.144.49 - - [29/Mar/2024:09:22:20 +0800] "GET /xingrg/all/function/internal_message.html?_=1711675101317&CODE_STATE=getMsg HTTP/1.1" 200 27
116.224.254.208 - - [29/Mar/2024:09:22:21 +0800] "GET /xingrg/kc/buy/cgsh_order_operate.html?command=get_materiel&rest_code=00150&code=00101008172&supplier_code=00100008&order_time=2024-03-29 HTTP/1.1" 200 412
116.238.97.31 - - [29/Mar/2024:09:22:25 +0800] "GET /xingrg/all/function/internal_message.html?_=1711675346982&CODE_STATE=getMsg HTTP/1.1" 200 27
120.253.135.82 - - [29/Mar/2024:09:22:28 +0800] "GET /xingrg/all/function/internal_message.html?_=1711675190227&CODE_STATE=getMsg HTTP/1.1" 200 27
116.224.254.208 - - [29/Mar/2024:09:22:30 +0800] "GET /xingrg/kc/buy/cgsh_order_operate.html?command=get_materiel&rest_code=00150&code=00101008027&supplier_code=00100008&order_time=2024-03-29 HTTP/1.1" 200 408
222.70.183.82 - - [29/Mar/2024:09:22:31 +0800] "GET /xingrg/all/function/internal_message.html?_=1711675348981&CODE_STATE=getMsg HTTP/1.1" 200 27
101.83.144.49 - - [29/Mar/2024:09:22:33 +0800] "GET /xingrg/kc/buy/cgsh_order_operate.html?command=get_materiel&rest_code=00105&code=00101008172&supplier_code=00100008&order_time=2024-03-29 HTTP/1.1" 200 412
180.164.1.25 - - [29/Mar/2024:09:22:35 +0800] "GET /xingrg/all/function/internal_message.html?_=1711675354869&CODE_STATE=getMsg HTTP/1.1" 200 27
101.83.144.49 - - [29/Mar/2024:09:22:38 +0800] "POST /xingrg/kc/buy/cgsh_order_operate.html HTTP/1.1" 200 2065
116.224.254.208 - - [29/Mar/2024:09:22:40 +0800] "GET /xingrg/kc/buy/cgsh_order_operate.html?command=get_materiel&rest_code=00150&code=00101008242&supplier_code=00100008&order_time=2024-03-29 HTTP/1.1" 200 408
116.232.194.112 - - [29/Mar/2024:09:22:42 +0800] "POST /xingrg/kc/buy/cgsh_list_operate.html HTTP/1.1" 200 7131
124.78.154.173 - - [29/Mar/2024:09:22:44 +0800] "GET /xingrg/all/function/internal_message.html?_=1711675364698&CODE_STATE=getMsg HTTP/1.1" 200 27
180.169.147.146 - - [29/Mar/2024:09:22:50 +0800] "GET /xingrg/index.html?sysBaseUrl=http%3A%2F%2F180.169.147.146%3A18081%2Fxingrg%2F&costTime=1654×tamp=1711601140628 HTTP/1.1" 302 -
116.224.254.208 - - [29/Mar/2024:09:22:50 +0800] "GET /xingrg/kc/buy/cgsh_order_operate.html?command=get_materiel&rest_code=00150&code=00101008161&supplier_code=00100008&order_time=2024-03-29 HTTP/1.1" 200 408
114.83.222.168 - - [29/Mar/2024:09:22:50 +0800] "POST /xingrg/kc/buy/cgsh_order_operate.html HTTP/1.1" 200 37
180.169.147.146 - - [29/Mar/2024:09:22:51 +0800] "GET /xingrg/login.html HTTP/1.1" 200 7641
114.83.222.168 - - [29/Mar/2024:09:22:53 +0800] "POST /xingrg/kc/buy/cgsh_order_operate.html HTTP/1.1" 200 36990
114.85.113.46 - - [29/Mar/2024:09:22:53 +0800] "GET /xingrg/all/function/internal_message.html?_=1711675371958&CODE_STATE=getMsg HTTP/1.1" 200 27
101.83.144.49 - - [29/Mar/2024:09:22:55 +0800] "GET /xingrg/kc/buy/cgsh_order_operate.html?command=get_materiel&rest_code=00105&code=00101008286&supplier_code=00100008&order_time=2024-03-29 HTTP/1.1" 200 408
116.232.194.112 - - [29/Mar/2024:09:22:57 +0800] "GET /xingrg/all/function/internal_message.html?_=1711675340590&CODE_STATE=getMsg HTTP/1.1" 200 27
124.78.60.103 - - [29/Mar/2024:09:22:57 +0800] "GET /xingrg/all/function/internal_message.html?_=1711675377912&CODE_STATE=getMsg HTTP/1.1" 200 27
116.224.254.208 - - [29/Mar/2024:09:23:02 +0800] "GET /xingrg/kc/buy/cgsh_order_operate.html?command=get_materiel&rest_code=00150&code=00101008286&supplier_code=00100008&order_time=2024-03-29 HTTP/1.1" 200 408
116.224.254.208 - - [29/Mar/2024:09:23:04 +0800] "POST /xingrg/kc/buy/cgsh_order_operate.html HTTP/1.1" 200 2065
114.83.222.168 - - [29/Mar/2024:09:23:06 +0800] "GET /xingrg/kc/print/load_config.html?kc_code=cgsh HTTP/1.1" 200 1927
114.83.222.168 - - [29/Mar/2024:09:23:07 +0800] "GET /xingrg/kc/print/load_data.html?order_code=212024032908545&kc_code=cgsh&condition= HTTP/1.1" 200 13680
222.70.168.57 - - [29/Mar/2024:09:23:08 +0800] "GET /xingrg/all/function/internal_message.html?_=1711675405943&CODE_STATE=getMsg HTTP/1.1" 200 27
116.224.254.208 - - [29/Mar/2024:09:23:11 +0800] "GET /xingrg/kc/buy/cgsh_order_operate.html?command=get_materiel&rest_code=00150&code=00101008224&supplier_code=00100008&order_time=2024-03-29 HTTP/1.1" 200 416
222.70.115.1 - - [29/Mar/2024:09:23:13 +0800] "GET /xingrg/all/function/internal_message.html?_=1711675405458&CODE_STATE=getMsg HTTP/1.1" 200 27
114.83.222.168 - - [29/Mar/2024:09:23:15 +0800] "GET /xingrg/all/function/internal_message.html?_=1711675393315&CODE_STATE=getMsg HTTP/1.1" 200 27
116.224.254.208 - - [29/Mar/2024:09:23:15 +0800] "GET /xingrg/all/function/internal_message.html?_=1711675395651&CODE_STATE=getMsg HTTP/1.1" 200 27
180.169.147.146 - - [29/Mar/2024:09:23:19 +0800] "GET /favicon.ico HTTP/1.1" 404 -
101.83.144.49 - - [29/Mar/2024:09:23:20 +0800] "GET /xingrg/all/function/internal_message.html?_=1711675161315&CODE_STATE=getMsg HTTP/1.1" 200 27
114.83.222.168 - - [29/Mar/2024:09:23:20 +0800] "POST /xingrg/kc/buy/cgsh_order_operate.html HTTP/1.1" 200 37
114.85.113.46 - - [29/Mar/2024:09:23:23 +0800] "GET /xingrg/check_reg.html?_=1711675402001 HTTP/1.1" 200 22
116.238.97.31 - - [29/Mar/2024:09:23:25 +0800] "GET /xingrg/all/function/internal_message.html?_=1711675406968&CODE_STATE=getMsg HTTP/1.1" 200 27
101.83.144.49 - - [29/Mar/2024:09:23:27 +0800] "GET /xingrg/kc/buy/cgsh_order_operate.html?command=get_materiel&rest_code=00105&code=00101008061&supplier_code=00100008&order_time=2024-03-29 HTTP/1.1" 200 422
120.253.135.82 - - [29/Mar/2024:09:23:28 +0800] "GET /xingrg/all/function/internal_message.html?_=1711675250252&CODE_STATE=getMsg HTTP/1.1" 200 27
222.70.183.82 - - [29/Mar/2024:09:23:31 +0800] "GET /xingrg/all/function/internal_message.html?_=1711675408981&CODE_STATE=getMsg HTTP/1.1" 200 27
180.164.1.25 - - [29/Mar/2024:09:23:35 +0800] "GET /xingrg/all/function/internal_message.html?_=1711675414850&CODE_STATE=getMsg HTTP/1.1" 200 27
114.83.222.168 - - [29/Mar/2024:09:23:35 +0800] "POST /xingrg/kc/buy/cgsh_order_operate.html HTTP/1.1" 200 12
101.83.144.49 - - [29/Mar/2024:09:23:40 +0800] "GET /favicon.ico HTTP/1.1" 404 -
124.78.154.173 - - [29/Mar/2024:09:23:44 +0800] "GET /xingrg/all/function/internal_message.html?_=1711675424698&CODE_STATE=getMsg HTTP/1.1" 200 27
180.171.58.249 - - [29/Mar/2024:09:23:44 +0800] "GET /xingrg/check_reg.html?_=1711675431690 HTTP/1.1" 302 -
101.83.144.49 - - [29/Mar/2024:09:23:52 +0800] "GET /xingrg/index.html?sysBaseUrl=http%3A%2F%2F180.169.147.146%3A18081%2Fxingrg%2F&costTime=36×tamp=1585223203754 HTTP/1.1" 302 -
101.83.144.49 - - [29/Mar/2024:09:23:52 +0800] "GET /xingrg/login.html HTTP/1.1" 200 7641
114.85.113.46 - - [29/Mar/2024:09:23:53 +0800] "GET /xingrg/all/function/internal_message.html?_=1711675431959&CODE_STATE=getMsg HTTP/1.1" 200 27
116.232.194.112 - - [29/Mar/2024:09:23:57 +0800] "GET /xingrg/all/function/internal_message.html?_=1711675400598&CODE_STATE=getMsg HTTP/1.1" 200 27
124.78.60.103 - - [29/Mar/2024:09:23:57 +0800] "GET /xingrg/all/function/internal_message.html?_=1711675437895&CODE_STATE=getMsg HTTP/1.1" 200 27
114.83.222.168 - - [29/Mar/2024:09:24:02 +0800] "GET /xingrg/kc/buy/cgsh_order_info.html?code=212024032908545 HTTP/1.1" 200 68777
114.83.222.168 - - [29/Mar/2024:09:24:02 +0800] "GET /xingrg/javascript/easyui/themes/default/validatebox.css HTTP/1.1" 404 1104
114.83.222.168 - - [29/Mar/2024:09:24:03 +0800] "POST /xingrg/kc/buy/cgsh_order_operate.html HTTP/1.1" 200 34934
101.83.144.49 - - [29/Mar/2024:09:24:05 +0800] "GET /xingrg/kc/buy/cgsh_order_operate.html?command=get_materiel&rest_code=00105&code=00101015110&supplier_code=00100008&order_time=2024-03-29 HTTP/1.1" 200 412
222.70.168.57 - - [29/Mar/2024:09:24:08 +0800] "GET /xingrg/all/function/internal_message.html?_=1711675466225&CODE_STATE=getMsg HTTP/1.1" 200 27
101.83.144.49 - - [29/Mar/2024:09:24:08 +0800] "GET /favicon.ico HTTP/1.1" 404 -
222.70.115.1 - - [29/Mar/2024:09:24:13 +0800] "GET /xingrg/all/function/internal_message.html?_=1711675465457&CODE_STATE=getMsg HTTP/1.1" 200 27
222.70.115.1 - - [29/Mar/2024:09:24:13 +0800] "GET /xingrg/check_reg.html?_=1711675465458 HTTP/1.1" 200 22
114.83.222.168 - - [29/Mar/2024:09:24:13 +0800] "GET /xingrg/kc/buy/cgsh_order_add.html HTTP/1.1" 200 73874
114.83.222.168 - - [29/Mar/2024:09:24:14 +0800] "POST /xingrg/kc/buy/cgsh_order_operate.html HTTP/1.1" 200 8245
114.83.222.168 - - [29/Mar/2024:09:24:14 +0800] "GET /xingrg/javascript/easyui/themes/default/validatebox.css HTTP/1.1" 404 1104
114.83.222.168 - - [29/Mar/2024:09:24:15 +0800] "GET /xingrg/all/function/internal_message.html?_=1711675453292&CODE_STATE=getMsg HTTP/1.1" 200 27
116.224.254.208 - - [29/Mar/2024:09:24:15 +0800] "GET /xingrg/all/function/internal_message.html?_=1711675455652&CODE_STATE=getMsg HTTP/1.1" 200 27
222.69.135.32 - - [29/Mar/2024:09:24:17 +0800] "GET /xingrg/check_reg.html?_=1711675459569 HTTP/1.1" 200 22
101.83.144.49 - - [29/Mar/2024:09:24:20 +0800] "GET /xingrg/all/function/internal_message.html?_=1711675221324&CODE_STATE=getMsg HTTP/1.1" 200 27
222.70.183.82 - - [29/Mar/2024:09:24:21 +0800] "GET /xingrg/kc/buy/cgsh_order_operate.html?command=get_materiel&rest_code=00111&code=00101008091&supplier_code=00100008&order_time=2024-03-29 HTTP/1.1" 200 412
116.238.97.31 - - [29/Mar/2024:09:24:25 +0800] "GET /xingrg/all/function/internal_message.html?_=1711675466953&CODE_STATE=getMsg HTTP/1.1" 200 27
120.253.135.82 - - [29/Mar/2024:09:24:28 +0800] "GET /xingrg/all/function/internal_message.html?_=1711675310287&CODE_STATE=getMsg HTTP/1.1" 200 27
124.78.60.103 - - [29/Mar/2024:09:24:29 +0800] "GET /xingrg/check_reg.html?_=1711675469721 HTTP/1.1" 200 22
222.70.183.82 - - [29/Mar/2024:09:24:31 +0800] "GET /xingrg/all/function/internal_message.html?_=1711675468985&CODE_STATE=getMsg HTTP/1.1" 200 27
114.83.222.168 - - [29/Mar/2024:09:24:31 +0800] "POST /xingrg/services/DataTransmitService HTTP/1.1" 200 524
101.83.144.49 - - [29/Mar/2024:09:24:34 +0800] "GET /xingrg/kc/buy/cgsh_order_operate.html?command=get_materiel&rest_code=00105&code=00101015066&supplier_code=00100008&order_time=2024-03-29 HTTP/1.1" 200 413
180.164.1.25 - - [29/Mar/2024:09:24:35 +0800] "GET /xingrg/all/function/internal_message.html?_=1711675474822&CODE_STATE=getMsg HTTP/1.1" 200 27
222.70.183.82 - - [29/Mar/2024:09:24:38 +0800] "GET /xingrg/kc/buy/cgsh_order_operate.html?command=get_materiel&rest_code=00111&code=00101010168&supplier_code=00100008&order_time=2024-03-29 HTTP/1.1" 200 413
124.78.154.173 - - [29/Mar/2024:09:24:44 +0800] "GET /xingrg/all/function/internal_message.html?_=1711675484706&CODE_STATE=getMsg HTTP/1.1" 200 27
124.78.154.173 - - [29/Mar/2024:09:24:44 +0800] "GET /xingrg/check_reg.html?_=1711675484708 HTTP/1.1" 200 22
222.70.183.82 - - [29/Mar/2024:09:24:52 +0800] "GET /xingrg/kc/buy/cgsh_order_operate.html?command=get_materiel&rest_code=00111&code=00101008196&supplier_code=00100008&order_time=2024-03-29 HTTP/1.1" 200 416
114.85.113.46 - - [29/Mar/2024:09:24:53 +0800] "GET /xingrg/all/function/internal_message.html?_=1711675491960&CODE_STATE=getMsg HTTP/1.1" 200 27
116.232.194.112 - - [29/Mar/2024:09:24:57 +0800] "GET /xingrg/all/function/internal_message.html?_=1711675460597&CODE_STATE=getMsg HTTP/1.1" 200 27
124.78.60.103 - - [29/Mar/2024:09:24:57 +0800] "GET /xingrg/all/function/internal_message.html?_=1711675497868&CODE_STATE=getMsg HTTP/1.1" 200 27
180.171.58.249 - - [29/Mar/2024:09:24:59 +0800] "GET /xingrg/check_reg.html?_=1711675506195 HTTP/1.1" 302 -
116.232.194.112 - - [29/Mar/2024:09:25:04 +0800] "POST /xingrg/kc/buy/cgsh_list_operate.html HTTP/1.1" 200 4
222.70.168.57 - - [29/Mar/2024:09:25:08 +0800] "GET /xingrg/all/function/internal_message.html?_=1711675526238&CODE_STATE=getMsg HTTP/1.1" 200 27
222.70.115.1 - - [29/Mar/2024:09:25:13 +0800] "GET /xingrg/all/function/internal_message.html?_=1711675525455&CODE_STATE=getMsg HTTP/1.1" 200 27
114.83.222.168 - - [29/Mar/2024:09:25:15 +0800] "GET /xingrg/check_reg.html?_=1711675513282 HTTP/1.1" 200 22
114.83.222.168 - - [29/Mar/2024:09:25:15 +0800] "GET /xingrg/all/function/internal_message.html?_=1711675513287&CODE_STATE=getMsg HTTP/1.1" 200 27
116.224.254.208 - - [29/Mar/2024:09:25:15 +0800] "GET /xingrg/all/function/internal_message.html?_=1711675515639&CODE_STATE=getMsg HTTP/1.1" 200 27
116.224.254.208 - - [29/Mar/2024:09:25:17 +0800] "GET /xingrg/kc/buy/cgsh_order_operate.html?command=get_materiel&rest_code=00150&code=00101008694&supplier_code=00100008&order_time=2024-03-29 HTTP/1.1" 200 420
222.70.183.82 - - [29/Mar/2024:09:25:18 +0800] "GET /xingrg/kc/buy/cgsh_order_operate.html?command=get_materiel&rest_code=00111&code=00101008223&supplier_code=00100008&order_time=2024-03-29 HTTP/1.1" 200 412
101.83.144.49 - - [29/Mar/2024:09:25:20 +0800] "GET /xingrg/check_reg.html?_=1711675281322 HTTP/1.1" 200 22
101.83.144.49 - - [29/Mar/2024:09:25:20 +0800] "GET /xingrg/all/function/internal_message.html?_=1711675281328&CODE_STATE=getMsg HTTP/1.1" 200 27
116.232.194.112 - - [29/Mar/2024:09:25:22 +0800] "POST /xingrg/kc/buy/cgsh_list_operate.html HTTP/1.1" 200 2291
116.238.97.31 - - [29/Mar/2024:09:25:25 +0800] "GET /xingrg/all/function/internal_message.html?_=1711675526932&CODE_STATE=getMsg HTTP/1.1" 200 27
120.253.135.82 - - [29/Mar/2024:09:25:28 +0800] "GET /xingrg/all/function/internal_message.html?_=1711675370298&CODE_STATE=getMsg HTTP/1.1" 200 27
116.224.254.208 - - [29/Mar/2024:09:25:31 +0800] "GET /xingrg/kc/buy/cgsh_order_operate.html?command=get_materiel&rest_code=00150&code=00101008163&supplier_code=00100008&order_time=2024-03-29 HTTP/1.1" 200 409
222.70.183.82 - - [29/Mar/2024:09:25:31 +0800] "GET /xingrg/check_reg.html?_=1711675528981 HTTP/1.1" 200 22
222.70.183.82 - - [29/Mar/2024:09:25:31 +0800] "GET /xingrg/all/function/internal_message.html?_=1711675528982&CODE_STATE=getMsg HTTP/1.1" 200 27
222.70.183.82 - - [29/Mar/2024:09:25:33 +0800] "GET /xingrg/kc/buy/cgsh_order_operate.html?command=get_materiel&rest_code=00111&code=00101008150&supplier_code=00100008&order_time=2024-03-29 HTTP/1.1" 200 409
101.83.144.49 - - [29/Mar/2024:09:25:34 +0800] "GET /xingrg/kc/buy/cgsh_order_operate.html?command=get_materiel&rest_code=00105&code=00101009021&supplier_code=00100008&order_time=2024-03-29 HTTP/1.1" 200 417
180.164.1.25 - - [29/Mar/2024:09:25:35 +0800] "GET /xingrg/all/function/internal_message.html?_=1711675534813&CODE_STATE=getMsg HTTP/1.1" 200 27
101.83.144.49 - - [29/Mar/2024:09:25:39 +0800] "POST /xingrg/kc/buy/cgsh_order_operate.html HTTP/1.1" 200 2065
116.224.254.208 - - [29/Mar/2024:09:25:40 +0800] "GET /xingrg/kc/buy/cgsh_order_operate.html?command=get_materiel&rest_code=00150&code=00101008291&supplier_code=00100008&order_time=2024-03-29 HTTP/1.1" 200 408
114.83.222.168 - - [29/Mar/2024:09:25:42 +0800] "GET /xingrg/javascript/jquery_tools/images/prev.gif HTTP/1.1" 404 1086
114.83.222.168 - - [29/Mar/2024:09:25:42 +0800] "GET /xingrg/javascript/jquery_tools/images/next.gif HTTP/1.1" 404 1086
180.169.147.146 - - [29/Mar/2024:09:25:42 +0800] "GET /xingrg/index.html?sysBaseUrl=http%3A%2F%2F180.169.147.146%3A18081%2Fxingrg%2F&costTime=39×tamp=1592034574635 HTTP/1.1" 302 -
180.169.147.146 - - [29/Mar/2024:09:25:42 +0800] "GET /xingrg/login.html HTTP/1.1" 200 7641
180.169.147.146 - - [29/Mar/2024:09:25:43 +0800] "GET /favicon.ico HTTP/1.1" 404 -
222.70.183.82 - - [29/Mar/2024:09:25:43 +0800] "GET /xingrg/kc/buy/cgsh_order_operate.html?command=get_materiel&rest_code=00111&code=00101008168&supplier_code=00100008&order_time=2024-03-29 HTTP/1.1" 200 412
124.78.154.173 - - [29/Mar/2024:09:25:44 +0800] "GET /xingrg/all/function/internal_message.html?_=1711675544710&CODE_STATE=getMsg HTTP/1.1" 200 27
180.169.147.146 - - [29/Mar/2024:09:25:45 +0800] "POST /xingrg/login.do HTTP/1.1" 302 -
180.169.147.146 - - [29/Mar/2024:09:25:45 +0800] "GET /xingrg/index.html?sysBaseUrl=http%3A%2F%2F180.169.147.146%3A18081%2Fxingrg%2F&costTime=828×tamp=1711675545167 HTTP/1.1" 200 17503
180.169.147.146 - - [29/Mar/2024:09:25:45 +0800] "GET /favicon.ico HTTP/1.1" 404 -
180.169.147.146 - - [29/Mar/2024:09:25:45 +0800] "GET /xingrg/all/function/internal_message.html?_=1711675545626&CODE_STATE=count HTTP/1.1" 200 11
180.169.147.146 - - [29/Mar/2024:09:25:45 +0800] "GET /xingrg/check_reg.html?_=1711675545629 HTTP/1.1" 200 22
180.169.147.146 - - [29/Mar/2024:09:25:45 +0800] "POST /xingrg/all/common/load_tree.html?tree=area_rest_tree_json&manage=1 HTTP/1.1" 200 3624
180.169.147.146 - - [29/Mar/2024:09:25:45 +0800] "POST /xingrg/load_menu.html HTTP/1.1" 200 11564
180.169.147.146 - - [29/Mar/2024:09:25:47 +0800] "GET /xingrg/kc/report/report_main.html HTTP/1.1" 200 8599
180.164.1.25 - - [29/Mar/2024:09:25:47 +0800] "GET /xingrg/check_reg.html?_=1711675547556 HTTP/1.1" 200 22
180.169.147.146 - - [29/Mar/2024:09:25:48 +0800] "GET /xingrg/all/report/report_query.html?fileName=kc/buy/gys_amount_base_rest.xml HTTP/1.1" 200 51664
180.169.147.146 - - [29/Mar/2024:09:25:48 +0800] "GET /xingrg/dwr/interface/AjaxReportQueryService.js HTTP/1.1" 200 13203
180.169.147.146 - - [29/Mar/2024:09:25:48 +0800] "GET /xingrg/dwr/engine.js HTTP/1.1" 200 43631
180.169.147.146 - - [29/Mar/2024:09:25:48 +0800] "GET /xingrg/dwr/util.js HTTP/1.1" 304 -
180.169.147.146 - - [29/Mar/2024:09:25:48 +0800] "POST /xingrg/dwr/call/plaincall/AjaxReportQueryService.getFixDate.dwr HTTP/1.1" 200 111
180.169.147.146 - - [29/Mar/2024:09:25:48 +0800] "POST /xingrg/all/common/load_tree.html?tree=area_rest_tree_json&manage=1 HTTP/1.1" 200 3624
180.169.147.146 - - [29/Mar/2024:09:25:49 +0800] "POST /xingrg/all/common/load_tree.html?tree=supplier_tree_json&manage=1 HTTP/1.1" 200 81444
114.85.113.46 - - [29/Mar/2024:09:25:53 +0800] "GET /xingrg/all/function/internal_message.html?_=1711675551959&CODE_STATE=getMsg HTTP/1.1" 200 27
222.70.183.82 - - [29/Mar/2024:09:25:55 +0800] "GET /xingrg/kc/buy/cgsh_order_operate.html?command=get_materiel&rest_code=00111&code=00101008272&supplier_code=00100008&order_time=2024-03-29 HTTP/1.1" 200 412
101.83.144.49 - - [29/Mar/2024:09:25:56 +0800] "GET /xingrg/kc/buy/cgsh_order_operate.html?command=get_materiel&rest_code=00105&code=00101015022&supplier_code=00100008&order_time=2024-03-29 HTTP/1.1" 200 408
116.232.194.112 - - [29/Mar/2024:09:25:57 +0800] "GET /xingrg/check_reg.html?_=1711675520585 HTTP/1.1" 200 22
116.232.194.112 - - [29/Mar/2024:09:25:57 +0800] "GET /xingrg/all/function/internal_message.html?_=1711675520592&CODE_STATE=getMsg HTTP/1.1" 200 27
124.78.60.103 - - [29/Mar/2024:09:25:57 +0800] "GET /xingrg/all/function/internal_message.html?_=1711675557851&CODE_STATE=getMsg HTTP/1.1" 200 27
222.70.168.57 - - [29/Mar/2024:09:26:08 +0800] "GET /xingrg/all/function/internal_message.html?_=1711675586589&CODE_STATE=getMsg HTTP/1.1" 200 27
222.70.183.82 - - [29/Mar/2024:09:26:10 +0800] "GET /xingrg/kc/buy/cgsh_order_operate.html?command=get_materiel&rest_code=00111&code=00101008242&supplier_code=00100008&order_time=2024-03-29 HTTP/1.1" 200 408
222.70.115.1 - - [29/Mar/2024:09:26:13 +0800] "GET /xingrg/all/function/internal_message.html?_=1711675585455&CODE_STATE=getMsg HTTP/1.1" 200 27
114.83.222.168 - - [29/Mar/2024:09:26:15 +0800] "GET /xingrg/all/function/internal_message.html?_=1711675573286&CODE_STATE=getMsg HTTP/1.1" 200 27
116.224.254.208 - - [29/Mar/2024:09:26:15 +0800] "GET /xingrg/check_reg.html?_=1711675575647 HTTP/1.1" 200 22
116.224.254.208 - - [29/Mar/2024:09:26:15 +0800] "GET /xingrg/all/function/internal_message.html?_=1711675575651&CODE_STATE=getMsg HTTP/1.1" 200 27
101.83.144.49 - - [29/Mar/2024:09:26:20 +0800] "GET /xingrg/all/function/internal_message.html?_=1711675341315&CODE_STATE=getMsg HTTP/1.1" 200 27
116.224.254.208 - - [29/Mar/2024:09:26:20 +0800] "POST /xingrg/kc/buy/cgsh_order_operate.html HTTP/1.1" 200 2065
101.83.144.49 - - [29/Mar/2024:09:26:21 +0800] "GET /xingrg/kc/buy/cgsh_order_operate.html?command=get_materiel&rest_code=00105&code=00101020152&supplier_code=00100008&order_time=2024-03-29 HTTP/1.1" 200 416
116.238.97.31 - - [29/Mar/2024:09:26:25 +0800] "GET /xingrg/all/function/internal_message.html?_=1711675586911&CODE_STATE=getMsg HTTP/1.1" 200 27
116.238.97.31 - - [29/Mar/2024:09:26:26 +0800] "GET /xingrg/check_reg.html?_=1711675587236 HTTP/1.1" 200 22
120.253.135.82 - - [29/Mar/2024:09:26:26 +0800] "GET /xingrg/check_reg.html?_=1711675428893 HTTP/1.1" 200 22
120.253.135.82 - - [29/Mar/2024:09:26:28 +0800] "GET /xingrg/all/function/internal_message.html?_=1711675430313&CODE_STATE=getMsg HTTP/1.1" 200 27
222.70.183.82 - - [29/Mar/2024:09:26:30 +0800] "GET /xingrg/kc/buy/cgsh_order_operate.html?command=get_materiel&rest_code=00111&code=00101008198&supplier_code=00100008&order_time=2024-03-29 HTTP/1.1" 200 413
222.70.183.82 - - [29/Mar/2024:09:26:31 +0800] "GET /xingrg/all/function/internal_message.html?_=1711675588973&CODE_STATE=getMsg HTTP/1.1" 200 27
180.164.1.25 - - [29/Mar/2024:09:26:35 +0800] "GET /xingrg/all/function/internal_message.html?_=1711675594798&CODE_STATE=getMsg HTTP/1.1" 200 27
116.224.254.208 - - [29/Mar/2024:09:26:36 +0800] "GET /xingrg/kc/buy/cgsh_order_operate.html?command=get_materiel&rest_code=00150&code=00101008411&supplier_code=00100008&order_time=2024-03-29 HTTP/1.1" 200 412
222.70.168.57 - - [29/Mar/2024:09:26:38 +0800] "GET /xingrg/check_reg.html?_=1711675616497 HTTP/1.1" 200 22
114.83.222.168 - - [29/Mar/2024:09:26:42 +0800] "GET /xingrg/kc/buy/cgsh_order_operate.html?command=get_materiel&rest_code=00149&code=00101004067&supplier_code=00100083&order_time=2024-03-29 HTTP/1.1" 200 413
124.78.154.173 - - [29/Mar/2024:09:26:44 +0800] "GET /xingrg/all/function/internal_message.html?_=1711675604700&CODE_STATE=getMsg HTTP/1.1" 200 27
222.69.135.32 - - [29/Mar/2024:09:26:44 +0800] "GET /xingrg/login.html HTTP/1.1" 200 7641
222.69.135.32 - - [29/Mar/2024:09:26:45 +0800] "GET /favicon.ico HTTP/1.1" 404 -
222.70.183.82 - - [29/Mar/2024:09:26:45 +0800] "GET /xingrg/kc/buy/cgsh_order_operate.html?command=get_materiel&rest_code=00111&code=00101008354&supplier_code=00100008&order_time=2024-03-29 HTTP/1.1" 200 432
180.169.147.146 - - [29/Mar/2024:09:26:45 +0800] "GET /xingrg/all/function/internal_message.html?_=1711675605660&CODE_STATE=getMsg HTTP/1.1" 200 27
222.69.135.32 - - [29/Mar/2024:09:26:47 +0800] "POST /xingrg/login.do HTTP/1.1" 302 -
222.69.135.32 - - [29/Mar/2024:09:26:47 +0800] "GET /xingrg/index.html?sysBaseUrl=http%3A%2F%2F180.169.147.146%3A18081%2Fxingrg%2F&costTime=823×tamp=1711675607382 HTTP/1.1" 200 17179
222.69.135.32 - - [29/Mar/2024:09:26:47 +0800] "GET /favicon.ico HTTP/1.1" 404 -
222.69.135.32 - - [29/Mar/2024:09:26:47 +0800] "GET /xingrg/check_reg.html?_=1711675609669 HTTP/1.1" 200 22
222.69.135.32 - - [29/Mar/2024:09:26:47 +0800] "GET /xingrg/all/function/internal_message.html?_=1711675609668&CODE_STATE=count HTTP/1.1" 200 11
222.69.135.32 - - [29/Mar/2024:09:26:47 +0800] "POST /xingrg/all/common/load_tree.html?tree=area_rest_tree_json&manage=1 HTTP/1.1" 200 351
222.69.135.32 - - [29/Mar/2024:09:26:47 +0800] "POST /xingrg/load_menu.html HTTP/1.1" 200 5138
116.224.254.208 - - [29/Mar/2024:09:26:48 +0800] "GET /xingrg/kc/buy/cgsh_order_operate.html?command=get_materiel&rest_code=00150&code=00101008257&supplier_code=00100008&order_time=2024-03-29 HTTP/1.1" 200 416
222.69.135.32 - - [29/Mar/2024:09:26:51 +0800] "GET /xingrg/kc/buy/cgsh_order_list.html HTTP/1.1" 200 58011
114.85.113.46 - - [29/Mar/2024:09:26:53 +0800] "GET /xingrg/all/function/internal_message.html?_=1711675611961&CODE_STATE=getMsg HTTP/1.1" 200 27
101.83.144.49 - - [29/Mar/2024:09:26:55 +0800] "GET /xingrg/kc/buy/cgsh_order_operate.html?command=get_materiel&rest_code=00105&code=00101008350&supplier_code=00100008&order_time=2024-03-29 HTTP/1.1" 200 408
222.69.135.32 - - [29/Mar/2024:09:26:55 +0800] "POST /xingrg/kc/buy/cgsh_list_operate.html HTTP/1.1" 200 1374
116.224.254.208 - - [29/Mar/2024:09:26:56 +0800] "GET /xingrg/kc/buy/cgsh_order_operate.html?command=get_materiel&rest_code=00150&code=00101008357&supplier_code=00100008&order_time=2024-03-29 HTTP/1.1" 200 408
116.232.194.112 - - [29/Mar/2024:09:26:57 +0800] "GET /xingrg/all/function/internal_message.html?_=1711675580592&CODE_STATE=getMsg HTTP/1.1" 200 27
222.69.135.32 - - [29/Mar/2024:09:26:57 +0800] "GET /xingrg/kc/buy/cgsh_order_add.html HTTP/1.1" 200 72984
222.69.135.32 - - [29/Mar/2024:09:26:57 +0800] "POST /xingrg/kc/buy/cgsh_order_operate.html HTTP/1.1" 200 8245
222.69.135.32 - - [29/Mar/2024:09:26:57 +0800] "GET /xingrg/javascript/easyui/themes/default/validatebox.css HTTP/1.1" 404 1104
222.69.135.32 - - [29/Mar/2024:09:26:57 +0800] "GET /xingrg/all/common/auto_word.html?type=employee&rest_code=00154 HTTP/1.1" 200 101
222.69.135.32 - - [29/Mar/2024:09:26:57 +0800] "GET /xingrg/all/common/auto_word.html?type=employee&rest_code=00154 HTTP/1.1" 200 101
124.78.60.103 - - [29/Mar/2024:09:26:57 +0800] "GET /xingrg/all/function/internal_message.html?_=1711675617834&CODE_STATE=getMsg HTTP/1.1" 200 27
222.69.135.32 - - [29/Mar/2024:09:26:59 +0800] "GET /xingrg/javascript/auto/indicator.gif HTTP/1.1" 404 1066
114.83.222.168 - - [29/Mar/2024:09:27:02 +0800] "POST /xingrg/kc/buy/cgsh_order_operate.html HTTP/1.1" 200 37
222.70.183.82 - - [29/Mar/2024:09:27:04 +0800] "GET /xingrg/kc/buy/cgsh_order_operate.html?command=get_materiel&rest_code=00111&code=00101008010&supplier_code=00100008&order_time=2024-03-29 HTTP/1.1" 200 412
116.224.254.208 - - [29/Mar/2024:09:27:07 +0800] "GET /xingrg/kc/buy/cgsh_order_operate.html?command=get_materiel&rest_code=00150&code=00101008331&supplier_code=00100008&order_time=2024-03-29 HTTP/1.1" 200 416
222.70.168.57 - - [29/Mar/2024:09:27:08 +0800] "GET /xingrg/all/function/internal_message.html?_=1711675646591&CODE_STATE=getMsg HTTP/1.1" 200 27
114.83.222.168 - - [29/Mar/2024:09:27:10 +0800] "POST /xingrg/kc/buy/cgsh_order_operate.html HTTP/1.1" 200 12
222.70.115.1 - - [29/Mar/2024:09:27:13 +0800] "GET /xingrg/all/function/internal_message.html?_=1711675645454&CODE_STATE=getMsg HTTP/1.1" 200 27
114.83.222.168 - - [29/Mar/2024:09:27:15 +0800] "GET /xingrg/all/function/internal_message.html?_=1711675633273&CODE_STATE=getMsg HTTP/1.1" 200 27
114.83.222.168 - - [29/Mar/2024:09:27:15 +0800] "GET /xingrg/kc/buy/cgsh_order_info.html?code=212024032908555 HTTP/1.1" 200 68775
116.224.254.208 - - [29/Mar/2024:09:27:15 +0800] "GET /xingrg/all/function/internal_message.html?_=1711675635632&CODE_STATE=getMsg HTTP/1.1" 200 27
114.83.222.168 - - [29/Mar/2024:09:27:15 +0800] "GET /xingrg/javascript/easyui/themes/default/validatebox.css HTTP/1.1" 404 1104
116.224.254.208 - - [29/Mar/2024:09:27:16 +0800] "GET /xingrg/kc/buy/cgsh_order_operate.html?command=get_materiel&rest_code=00150&code=00101008370&supplier_code=00100008&order_time=2024-03-29 HTTP/1.1" 200 412
114.83.222.168 - - [29/Mar/2024:09:27:16 +0800] "POST /xingrg/kc/buy/cgsh_order_operate.html HTTP/1.1" 200 610
222.69.135.32 - - [29/Mar/2024:09:27:18 +0800] "GET /xingrg/kc/buy/cgsh_order_operate.html?command=get_materiel&rest_code=00154&code=00101006199&supplier_code=00100658&order_time=2024-03-29 HTTP/1.1" 200 414
116.224.254.208 - - [29/Mar/2024:09:27:18 +0800] "POST /xingrg/kc/buy/cgsh_order_operate.html HTTP/1.1" 200 2065
222.70.183.82 - - [29/Mar/2024:09:27:19 +0800] "GET /xingrg/kc/buy/cgsh_order_operate.html?command=get_materiel&rest_code=00111&code=00101008306&supplier_code=00100008&order_time=2024-03-29 HTTP/1.1" 200 412
101.83.144.49 - - [29/Mar/2024:09:27:20 +0800] "GET /xingrg/all/function/internal_message.html?_=1711675401323&CODE_STATE=getMsg HTTP/1.1" 200 27
116.224.254.208 - - [29/Mar/2024:09:27:24 +0800] "GET /xingrg/kc/buy/cgsh_order_operate.html?command=get_materiel&rest_code=00150&code=00101008141&supplier_code=00100008&order_time=2024-03-29 HTTP/1.1" 200 412
114.83.222.168 - - [29/Mar/2024:09:27:24 +0800] "GET /xingrg/kc/print/load_data.html?order_code=212024032908555&kc_code=cgsh&condition= HTTP/1.1" 200 722
116.238.97.31 - - [29/Mar/2024:09:27:25 +0800] "GET /xingrg/all/function/internal_message.html?_=1711675646900&CODE_STATE=getMsg HTTP/1.1" 200 27
120.253.135.82 - - [29/Mar/2024:09:27:28 +0800] "GET /xingrg/all/function/internal_message.html?_=1711675490326&CODE_STATE=getMsg HTTP/1.1" 200 27
114.83.222.168 - - [29/Mar/2024:09:27:29 +0800] "GET /xingrg/kc/buy/cgsh_order_add.html HTTP/1.1" 200 73874
114.83.222.168 - - [29/Mar/2024:09:27:29 +0800] "POST /xingrg/kc/buy/cgsh_order_operate.html HTTP/1.1" 200 8245
114.83.222.168 - - [29/Mar/2024:09:27:29 +0800] "GET /xingrg/javascript/easyui/themes/default/validatebox.css HTTP/1.1" 404 1104
222.70.183.82 - - [29/Mar/2024:09:27:31 +0800] "GET /xingrg/all/function/internal_message.html?_=1711675648970&CODE_STATE=getMsg HTTP/1.1" 200 27
222.69.135.32 - - [29/Mar/2024:09:27:34 +0800] "POST /xingrg/kc/buy/cgsh_order_operate.html HTTP/1.1" 200 37
180.164.1.25 - - [29/Mar/2024:09:27:35 +0800] "GET /xingrg/all/function/internal_message.html?_=1711675654793&CODE_STATE=getMsg HTTP/1.1" 200 27
116.224.254.208 - - [29/Mar/2024:09:27:36 +0800] "GET /xingrg/kc/buy/cgsh_order_operate.html?command=get_materiel&rest_code=00150&code=00101009140&supplier_code=00100008&order_time=2024-03-29 HTTP/1.1" 200 412
222.70.183.82 - - [29/Mar/2024:09:27:36 +0800] "GET /xingrg/kc/buy/cgsh_order_operate.html?command=get_materiel&rest_code=00111&code=00101008026&supplier_code=00100008&order_time=2024-03-29 HTTP/1.1" 200 409
114.83.222.168 - - [29/Mar/2024:09:27:38 +0800] "GET /xingrg/kc/buy/cgsh_order_operate.html?command=get_materiel&rest_code=00149&code=00101002027&supplier_code=00100039&order_time=2024-03-29 HTTP/1.1" 200 413
101.83.144.49 - - [29/Mar/2024:09:27:43 +0800] "GET /xingrg/kc/buy/cgsh_order_operate.html?command=get_materiel&rest_code=00105&code=00101008355&supplier_code=00100008&order_time=2024-03-29 HTTP/1.1" 200 408
124.78.154.173 - - [29/Mar/2024:09:27:44 +0800] "GET /xingrg/all/function/internal_message.html?_=1711675664699&CODE_STATE=getMsg HTTP/1.1" 200 27
180.169.147.146 - - [29/Mar/2024:09:27:45 +0800] "GET /xingrg/all/function/internal_message.html?_=1711675665645&CODE_STATE=getMsg HTTP/1.1" 200 27
222.69.135.32 - - [29/Mar/2024:09:27:47 +0800] "GET /xingrg/all/function/internal_message.html?_=1711675669674&CODE_STATE=getMsg HTTP/1.1" 200 27
222.69.135.32 - - [29/Mar/2024:09:27:47 +0800] "POST /xingrg/kc/buy/cgsh_order_operate.html HTTP/1.1" 200 12
116.224.254.208 - - [29/Mar/2024:09:27:51 +0800] "GET /xingrg/kc/buy/cgsh_order_operate.html?command=get_materiel&rest_code=00150&code=00101008519&supplier_code=00100008&order_time=2024-03-29 HTTP/1.1" 200 408
222.70.183.82 - - [29/Mar/2024:09:27:52 +0800] "GET /xingrg/kc/buy/cgsh_order_operate.html?command=get_materiel&rest_code=00111&code=00101008095&supplier_code=00100008&order_time=2024-03-29 HTTP/1.1" 200 413
114.85.113.46 - - [29/Mar/2024:09:27:53 +0800] "GET /xingrg/all/function/internal_message.html?_=1711675671970&CODE_STATE=getMsg HTTP/1.1" 200 27
222.69.135.32 - - [29/Mar/2024:09:27:55 +0800] "GET /xingrg/kc/buy/cgsh_order_info.html?code=212024032908556 HTTP/1.1" 200 67901
222.69.135.32 - - [29/Mar/2024:09:27:56 +0800] "GET /xingrg/javascript/easyui/themes/default/validatebox.css HTTP/1.1" 404 1104
222.69.135.32 - - [29/Mar/2024:09:27:57 +0800] "POST /xingrg/kc/buy/cgsh_order_operate.html HTTP/1.1" 200 610
116.232.194.112 - - [29/Mar/2024:09:27:57 +0800] "GET /xingrg/all/function/internal_message.html?_=1711675640585&CODE_STATE=getMsg HTTP/1.1" 200 27
124.78.60.103 - - [29/Mar/2024:09:27:57 +0800] "GET /xingrg/all/function/internal_message.html?_=1711675677820&CODE_STATE=getMsg HTTP/1.1" 200 27
222.69.135.32 - - [29/Mar/2024:09:27:59 +0800] "GET /xingrg/kc/print/load_config.html?kc_code=cgsh HTTP/1.1" 200 1927
222.69.135.32 - - [29/Mar/2024:09:28:00 +0800] "GET /xingrg/kc/print/load_data.html?order_code=212024032908556&kc_code=cgsh&condition= HTTP/1.1" 200 715
114.83.222.168 - - [29/Mar/2024:09:28:05 +0800] "GET /xingrg/kc/buy/cgsh_order_operate.html?command=get_materiel&rest_code=00149&code=00101004056&supplier_code=00100039&order_time=2024-03-29 HTTP/1.1" 200 421
222.70.168.57 - - [29/Mar/2024:09:28:08 +0800] "GET /xingrg/all/function/internal_message.html?_=1711675706605&CODE_STATE=getMsg HTTP/1.1" 200 27
222.70.183.82 - - [29/Mar/2024:09:28:12 +0800] "GET /xingrg/kc/buy/cgsh_order_operate.html?command=get_materiel&rest_code=00111&code=00101008403&supplier_code=00100008&order_time=2024-03-29 HTTP/1.1" 200 412
222.70.115.1 - - [29/Mar/2024:09:28:13 +0800] "GET /xingrg/all/function/internal_message.html?_=1711675705454&CODE_STATE=getMsg HTTP/1.1" 200 27
114.83.222.168 - - [29/Mar/2024:09:28:15 +0800] "GET /xingrg/all/function/internal_message.html?_=1711675693295&CODE_STATE=getMsg HTTP/1.1" 200 27
116.224.254.208 - - [29/Mar/2024:09:28:15 +0800] "GET /xingrg/all/function/internal_message.html?_=1711675695649&CODE_STATE=getMsg HTTP/1.1" 200 27
114.83.222.168 - - [29/Mar/2024:09:28:16 +0800] "GET /xingrg/kc/buy/cgsh_order_operate.html?command=get_materiel&rest_code=00149&code=00101001069&supplier_code=00100039&order_time=2024-03-29 HTTP/1.1" 200 411
101.83.144.49 - - [29/Mar/2024:09:28:20 +0800] "GET /xingrg/all/function/internal_message.html?_=1711675461335&CODE_STATE=getMsg HTTP/1.1" 200 27
114.85.113.46 - - [29/Mar/2024:09:28:23 +0800] "GET /xingrg/check_reg.html?_=1711675701989 HTTP/1.1" 200 22
116.238.97.31 - - [29/Mar/2024:09:28:25 +0800] "GET /xingrg/all/function/internal_message.html?_=1711675706894&CODE_STATE=getMsg HTTP/1.1" 200 27
114.83.222.168 - - [29/Mar/2024:09:28:27 +0800] "GET /xingrg/kc/buy/cgsh_order_operate.html?command=get_materiel&rest_code=00149&code=00101001191&supplier_code=00100039&order_time=2024-03-29 HTTP/1.1" 200 415
120.253.135.82 - - [29/Mar/2024:09:28:28 +0800] "GET /xingrg/all/function/internal_message.html?_=1711675550340&CODE_STATE=getMsg HTTP/1.1" 200 27
180.169.147.146 - - [29/Mar/2024:09:28:28 +0800] "POST /xingrg/dwr/call/plaincall/AjaxReportQueryService.refreshCache.dwr HTTP/1.1" 200 78
180.169.147.146 - - [29/Mar/2024:09:28:31 +0800] "POST /xingrg/all/report/load_report_page.html HTTP/1.1" 200 53186
180.169.147.146 - - [29/Mar/2024:09:28:31 +0800] "GET /xingrg/servlets/image?cache=0.6497540324612215&image=px HTTP/1.1" 200 807
222.70.183.82 - - [29/Mar/2024:09:28:31 +0800] "GET /xingrg/all/function/internal_message.html?_=1711675708974&CODE_STATE=getMsg HTTP/1.1" 200 27
101.83.144.49 - - [29/Mar/2024:09:28:33 +0800] "GET /xingrg/kc/buy/cgsh_order_operate.html?command=get_materiel&rest_code=00105&code=00101008323&supplier_code=00100008&order_time=2024-03-29 HTTP/1.1" 200 408
180.164.1.25 - - [29/Mar/2024:09:28:35 +0800] "GET /xingrg/all/function/internal_message.html?_=1711675714779&CODE_STATE=getMsg HTTP/1.1" 200 27
180.169.147.146 - - [29/Mar/2024:09:28:41 +0800] "POST /xingrg/dwr/call/plaincall/AjaxReportQueryService.refreshCache.dwr HTTP/1.1" 200 78
222.70.183.82 - - [29/Mar/2024:09:28:42 +0800] "GET /xingrg/kc/buy/cgsh_order_operate.html?command=get_materiel&rest_code=00111&code=00101008674&supplier_code=00100008&order_time=2024-03-29 HTTP/1.1" 200 413
114.83.222.168 - - [29/Mar/2024:09:28:42 +0800] "GET /xingrg/kc/buy/cgsh_order_operate.html?command=get_materiel&rest_code=00149&code=00101005037&supplier_code=00100039&order_time=2024-03-29 HTTP/1.1" 200 409
180.169.147.146 - - [29/Mar/2024:09:28:43 +0800] "POST /xingrg/all/report/load_report_page.html HTTP/1.1" 200 53186
180.169.147.146 - - [29/Mar/2024:09:28:43 +0800] "GET /xingrg/servlets/image?cache=0.7203539924757725&image=px HTTP/1.1" 200 807
124.78.154.173 - - [29/Mar/2024:09:28:44 +0800] "GET /xingrg/all/function/internal_message.html?_=1711675724699&CODE_STATE=getMsg HTTP/1.1" 200 27
180.171.58.249 - - [29/Mar/2024:09:28:44 +0800] "GET /xingrg/check_reg.html?_=1711675731673 HTTP/1.1" 302 -
180.169.147.146 - - [29/Mar/2024:09:28:45 +0800] "GET /xingrg/all/function/internal_message.html?_=1711675725636&CODE_STATE=getMsg HTTP/1.1" 200 27
222.69.135.32 - - [29/Mar/2024:09:28:47 +0800] "GET /xingrg/all/function/internal_message.html?_=1711675729682&CODE_STATE=getMsg HTTP/1.1" 200 27
114.85.113.46 - - [29/Mar/2024:09:28:53 +0800] "GET /xingrg/all/function/internal_message.html?_=1711675731974&CODE_STATE=getMsg HTTP/1.1" 200 27
180.169.147.146 - - [29/Mar/2024:09:28:54 +0800] "POST /xingrg/all/report/report_print.html HTTP/1.1" 200 7680
101.83.144.49 - - [29/Mar/2024:09:28:57 +0800] "POST /xingrg/kc/buy/cgsh_order_operate.html HTTP/1.1" 200 2065
116.232.194.112 - - [29/Mar/2024:09:28:57 +0800] "GET /xingrg/all/function/internal_message.html?_=1711675700587&CODE_STATE=getMsg HTTP/1.1" 200 27
124.78.60.103 - - [29/Mar/2024:09:28:57 +0800] "GET /xingrg/all/function/internal_message.html?_=1711675737801&CODE_STATE=getMsg HTTP/1.1" 200 27
114.83.222.168 - - [29/Mar/2024:09:28:59 +0800] "GET /xingrg/kc/buy/cgsh_order_operate.html?command=get_materiel&rest_code=00149&code=00101001062&supplier_code=00100039&order_time=2024-03-29 HTTP/1.1" 200 417
101.83.144.49 - - [29/Mar/2024:09:29:01 +0800] "GET /xingrg/kc/buy/cgsh_order_operate.html?command=get_materiel&rest_code=00105&code=00101016113&supplier_code=00100008&order_time=2024-03-29 HTTP/1.1" 200 422
222.70.183.82 - - [29/Mar/2024:09:29:02 +0800] "GET /xingrg/kc/buy/cgsh_order_operate.html?command=get_materiel&rest_code=00111&code=00101008096&supplier_code=00100008&order_time=2024-03-29 HTTP/1.1" 200 412
222.70.168.57 - - [29/Mar/2024:09:29:09 +0800] "GET /xingrg/all/function/internal_message.html?_=1711675766891&CODE_STATE=getMsg HTTP/1.1" 200 27
114.83.222.168 - - [29/Mar/2024:09:29:12 +0800] "POST /xingrg/kc/buy/cgsh_order_operate.html HTTP/1.1" 200 37
222.70.115.1 - - [29/Mar/2024:09:29:13 +0800] "GET /xingrg/all/function/internal_message.html?_=1711675765452&CODE_STATE=getMsg HTTP/1.1" 200 27
222.70.115.1 - - [29/Mar/2024:09:29:13 +0800] "GET /xingrg/check_reg.html?_=1711675765454 HTTP/1.1" 200 22
114.83.222.168 - - [29/Mar/2024:09:29:15 +0800] "GET /xingrg/all/function/internal_message.html?_=1711675753295&CODE_STATE=getMsg HTTP/1.1" 200 27
116.224.254.208 - - [29/Mar/2024:09:29:15 +0800] "GET /xingrg/all/function/internal_message.html?_=1711675755643&CODE_STATE=getMsg HTTP/1.1" 200 27
101.83.144.49 - - [29/Mar/2024:09:29:20 +0800] "GET /xingrg/all/function/internal_message.html?_=1711675521319&CODE_STATE=getMsg HTTP/1.1" 200 27
114.83.222.168 - - [29/Mar/2024:09:29:20 +0800] "POST /xingrg/kc/buy/cgsh_order_operate.html HTTP/1.1" 200 12
114.83.222.168 - - [29/Mar/2024:09:29:22 +0800] "GET /xingrg/kc/buy/cgsh_order_info.html?code=212024032908557 HTTP/1.1" 200 68777
114.83.222.168 - - [29/Mar/2024:09:29:23 +0800] "GET /xingrg/javascript/easyui/themes/default/validatebox.css HTTP/1.1" 404 1104
222.70.183.82 - - [29/Mar/2024:09:29:23 +0800] "POST /xingrg/kc/buy/cgsh_order_operate.html HTTP/1.1" 200 2065
114.83.222.168 - - [29/Mar/2024:09:29:24 +0800] "POST /xingrg/kc/buy/cgsh_order_operate.html HTTP/1.1" 200 3584
101.83.144.49 - - [29/Mar/2024:09:29:25 +0800] "GET /xingrg/kc/buy/cgsh_order_operate.html?command=get_materiel&rest_code=00105&code=00101008312&supplier_code=00100008&order_time=2024-03-29 HTTP/1.1" 200 412
116.238.97.31 - - [29/Mar/2024:09:29:25 +0800] "GET /xingrg/all/function/internal_message.html?_=1711675766879&CODE_STATE=getMsg HTTP/1.1" 200 27
114.83.222.168 - - [29/Mar/2024:09:29:26 +0800] "GET /xingrg/kc/print/load_data.html?order_code=212024032908557&kc_code=cgsh&condition= HTTP/1.1" 200 1868
120.253.135.82 - - [29/Mar/2024:09:29:28 +0800] "GET /xingrg/all/function/internal_message.html?_=1711675610409&CODE_STATE=getMsg HTTP/1.1" 200 27
124.78.60.103 - - [29/Mar/2024:09:29:29 +0800] "GET /xingrg/check_reg.html?_=1711675769706 HTTP/1.1" 200 22
114.83.222.168 - - [29/Mar/2024:09:29:30 +0800] "GET /xingrg/kc/buy/cgsh_order_add.html HTTP/1.1" 200 73874
114.83.222.168 - - [29/Mar/2024:09:29:31 +0800] "POST /xingrg/kc/buy/cgsh_order_operate.html HTTP/1.1" 200 8245
114.83.222.168 - - [29/Mar/2024:09:29:31 +0800] "GET /xingrg/javascript/easyui/themes/default/validatebox.css HTTP/1.1" 404 1104
222.70.183.82 - - [29/Mar/2024:09:29:31 +0800] "GET /xingrg/all/function/internal_message.html?_=1711675768985&CODE_STATE=getMsg HTTP/1.1" 200 27
180.164.1.25 - - [29/Mar/2024:09:29:35 +0800] "GET /xingrg/all/function/internal_message.html?_=1711675774767&CODE_STATE=getMsg HTTP/1.1" 200 27
124.78.154.173 - - [29/Mar/2024:09:29:44 +0800] "GET /xingrg/all/function/internal_message.html?_=1711675784715&CODE_STATE=getMsg HTTP/1.1" 200 27
124.78.154.173 - - [29/Mar/2024:09:29:44 +0800] "GET /xingrg/check_reg.html?_=1711675784716 HTTP/1.1" 200 22
101.83.144.49 - - [29/Mar/2024:09:29:44 +0800] "GET /xingrg/kc/buy/cgsh_order_operate.html?command=get_materiel&rest_code=00105&code=00101008502&supplier_code=00100008&order_time=2024-03-29 HTTP/1.1" 200 412
180.169.147.146 - - [29/Mar/2024:09:29:45 +0800] "GET /xingrg/all/function/internal_message.html?_=1711675785663&CODE_STATE=getMsg HTTP/1.1" 200 27
222.69.135.32 - - [29/Mar/2024:09:29:47 +0800] "GET /xingrg/all/function/internal_message.html?_=1711675789685&CODE_STATE=getMsg HTTP/1.1" 200 27
114.83.222.168 - - [29/Mar/2024:09:29:51 +0800] "GET /xingrg/kc/buy/cgsh_order_operate.html?command=get_materiel&rest_code=00149&code=00101011003&supplier_code=00100051&order_time=2024-03-29 HTTP/1.1" 200 413
114.85.113.46 - - [29/Mar/2024:09:29:53 +0800] "GET /xingrg/all/function/internal_message.html?_=1711675791973&CODE_STATE=getMsg HTTP/1.1" 200 27
116.232.194.112 - - [29/Mar/2024:09:29:57 +0800] "GET /xingrg/all/function/internal_message.html?_=1711675760577&CODE_STATE=getMsg HTTP/1.1" 200 27
124.78.60.103 - - [29/Mar/2024:09:29:57 +0800] "GET /xingrg/all/function/internal_message.html?_=1711675797783&CODE_STATE=getMsg HTTP/1.1" 200 27
180.171.58.249 - - [29/Mar/2024:09:29:59 +0800] "GET /xingrg/check_reg.html?_=1711675806198 HTTP/1.1" 302 -
114.83.222.168 - - [29/Mar/2024:09:30:06 +0800] "GET /xingrg/kc/buy/cgsh_order_operate.html?command=get_materiel&rest_code=00149&code=00101011004&supplier_code=00100051&order_time=2024-03-29 HTTP/1.1" 200 412
222.70.168.57 - - [29/Mar/2024:09:30:09 +0800] "GET /xingrg/all/function/internal_message.html?_=1711675826900&CODE_STATE=getMsg HTTP/1.1" 200 27
222.70.115.1 - - [29/Mar/2024:09:30:13 +0800] "GET /xingrg/all/function/internal_message.html?_=1711675825453&CODE_STATE=getMsg HTTP/1.1" 200 27
114.83.222.168 - - [29/Mar/2024:09:30:15 +0800] "GET /xingrg/check_reg.html?_=1711675813280 HTTP/1.1" 200 22
114.83.222.168 - - [29/Mar/2024:09:30:15 +0800] "GET /xingrg/all/function/internal_message.html?_=1711675813285&CODE_STATE=getMsg HTTP/1.1" 200 27
116.224.254.208 - - [29/Mar/2024:09:30:15 +0800] "GET /xingrg/all/function/internal_message.html?_=1711675815636&CODE_STATE=getMsg HTTP/1.1" 200 27
222.70.183.82 - - [29/Mar/2024:09:30:18 +0800] "GET /xingrg/kc/buy/cgsh_order_operate.html?command=get_materiel&rest_code=00111&code=00101008298&supplier_code=00100008&order_time=2024-03-29 HTTP/1.1" 200 412
101.83.144.49 - - [29/Mar/2024:09:30:20 +0800] "GET /xingrg/all/function/internal_message.html?_=1711675581310&CODE_STATE=getMsg HTTP/1.1" 200 27
101.83.144.49 - - [29/Mar/2024:09:30:20 +0800] "GET /xingrg/check_reg.html?_=1711675581315 HTTP/1.1" 200 22
