116.238.97.31 - - [29/Mar/2024:09:30:25 +0800] "GET /xingrg/all/function/internal_message.html?_=1711675826870&CODE_STATE=getMsg HTTP/1.1" 200 27
120.253.135.82 - - [29/Mar/2024:09:30:28 +0800] "GET /xingrg/all/function/internal_message.html?_=1711675670426&CODE_STATE=getMsg HTTP/1.1" 200 27
222.70.183.82 - - [29/Mar/2024:09:30:31 +0800] "GET /xingrg/kc/buy/cgsh_order_operate.html?command=get_materiel&rest_code=00111&code=00101008283&supplier_code=00100008&order_time=2024-03-29 HTTP/1.1" 200 408
222.70.183.82 - - [29/Mar/2024:09:30:31 +0800] "GET /xingrg/check_reg.html?_=1711675829027 HTTP/1.1" 200 22
222.70.183.82 - - [29/Mar/2024:09:30:31 +0800] "GET /xingrg/all/function/internal_message.html?_=1711675829028&CODE_STATE=getMsg HTTP/1.1" 200 27
180.164.1.25 - - [29/Mar/2024:09:30:35 +0800] "GET /xingrg/all/function/internal_message.html?_=1711675834764&CODE_STATE=getMsg HTTP/1.1" 200 27
101.83.144.49 - - [29/Mar/2024:09:30:35 +0800] "GET /xingrg/kc/buy/cgsh_order_operate.html?command=get_materiel&rest_code=00105&code=00101008064&supplier_code=00100008&order_time=2024-03-29 HTTP/1.1" 200 412
222.70.183.82 - - [29/Mar/2024:09:30:45 +0800] "GET /xingrg/kc/buy/cgsh_order_operate.html?command=get_materiel&rest_code=00111&code=00101008264&supplier_code=00100008&order_time=2024-03-29 HTTP/1.1" 200 432
180.169.147.146 - - [29/Mar/2024:09:30:45 +0800] "GET /xingrg/check_reg.html?_=1711675845659 HTTP/1.1" 200 22
180.169.147.146 - - [29/Mar/2024:09:30:45 +0800] "GET /xingrg/all/function/internal_message.html?_=1711675845666&CODE_STATE=getMsg HTTP/1.1" 200 27
222.69.135.32 - - [29/Mar/2024:09:30:47 +0800] "GET /xingrg/all/function/internal_message.html?_=1711675849676&CODE_STATE=getMsg HTTP/1.1" 200 27
180.164.1.25 - - [29/Mar/2024:09:30:47 +0800] "GET /xingrg/check_reg.html?_=1711675847538 HTTP/1.1" 200 22
114.85.113.46 - - [29/Mar/2024:09:30:53 +0800] "GET /xingrg/all/function/internal_message.html?_=1711675851977&CODE_STATE=getMsg HTTP/1.1" 200 27
124.78.154.173 - - [29/Mar/2024:09:30:56 +0800] "GET /xingrg/all/function/internal_message.html?_=1711675844717&CODE_STATE=getMsg HTTP/1.1" 200 27
101.83.144.49 - - [29/Mar/2024:09:30:56 +0800] "GET /xingrg/kc/buy/cgsh_order_operate.html?command=get_materiel&rest_code=00105&code=00101008321&supplier_code=00100008&order_time=2024-03-29 HTTP/1.1" 200 412
116.232.194.112 - - [29/Mar/2024:09:30:57 +0800] "GET /xingrg/check_reg.html?_=1711675820611 HTTP/1.1" 200 22
116.232.194.112 - - [29/Mar/2024:09:30:57 +0800] "GET /xingrg/all/function/internal_message.html?_=1711675820599&CODE_STATE=getMsg HTTP/1.1" 200 27
124.78.60.103 - - [29/Mar/2024:09:30:57 +0800] "GET /xingrg/all/function/internal_message.html?_=1711675857769&CODE_STATE=getMsg HTTP/1.1" 200 27
222.70.183.82 - - [29/Mar/2024:09:30:59 +0800] "GET /xingrg/kc/buy/cgsh_order_operate.html?command=get_materiel&rest_code=00111&code=00101008114&supplier_code=00100008&order_time=2024-03-29 HTTP/1.1" 200 412
101.83.144.49 - - [29/Mar/2024:09:31:02 +0800] "POST /xingrg/kc/buy/cgsh_order_operate.html HTTP/1.1" 200 2065
222.70.168.57 - - [29/Mar/2024:09:31:09 +0800] "GET /xingrg/all/function/internal_message.html?_=1711675887274&CODE_STATE=getMsg HTTP/1.1" 200 27
222.70.183.82 - - [29/Mar/2024:09:31:10 +0800] "POST /xingrg/kc/buy/cgsh_order_operate.html HTTP/1.1" 200 2065
222.70.115.1 - - [29/Mar/2024:09:31:13 +0800] "GET /xingrg/all/function/internal_message.html?_=1711675885454&CODE_STATE=getMsg HTTP/1.1" 200 27
114.83.222.168 - - [29/Mar/2024:09:31:15 +0800] "GET /xingrg/all/function/internal_message.html?_=1711675873345&CODE_STATE=getMsg HTTP/1.1" 200 27
116.224.254.208 - - [29/Mar/2024:09:31:15 +0800] "GET /xingrg/all/function/internal_message.html?_=1711675875629&CODE_STATE=getMsg HTTP/1.1" 200 27
116.224.254.208 - - [29/Mar/2024:09:31:15 +0800] "GET /xingrg/check_reg.html?_=1711675875634 HTTP/1.1" 200 22
101.83.144.49 - - [29/Mar/2024:09:31:16 +0800] "GET /xingrg/kc/buy/cgsh_order_operate.html?command=get_materiel&rest_code=00105&code=00101008213&supplier_code=00100008&order_time=2024-03-29 HTTP/1.1" 200 412
222.70.183.82 - - [29/Mar/2024:09:31:17 +0800] "GET /xingrg/kc/buy/cgsh_order_operate.html?command=get_materiel&rest_code=00111&code=00101008350&supplier_code=00100008&order_time=2024-03-29 HTTP/1.1" 200 408
101.83.144.49 - - [29/Mar/2024:09:31:20 +0800] "GET /xingrg/all/function/internal_message.html?_=1711675641315&CODE_STATE=getMsg HTTP/1.1" 200 27
116.238.97.31 - - [29/Mar/2024:09:31:25 +0800] "GET /xingrg/all/function/internal_message.html?_=1711675886848&CODE_STATE=getMsg HTTP/1.1" 200 27
116.238.97.31 - - [29/Mar/2024:09:31:26 +0800] "GET /xingrg/check_reg.html?_=1711675887220 HTTP/1.1" 200 22
120.253.135.82 - - [29/Mar/2024:09:31:26 +0800] "GET /xingrg/check_reg.html?_=1711675728954 HTTP/1.1" 200 22
120.253.135.82 - - [29/Mar/2024:09:31:28 +0800] "GET /xingrg/all/function/internal_message.html?_=1711675730428&CODE_STATE=getMsg HTTP/1.1" 200 27
114.83.222.168 - - [29/Mar/2024:09:31:30 +0800] "GET /xingrg/kc/buy/cgsh_order_operate.html?command=get_materiel&rest_code=00149&code=00101011001&supplier_code=00100051&order_time=2024-03-29 HTTP/1.1" 200 423
222.70.183.82 - - [29/Mar/2024:09:31:31 +0800] "GET /xingrg/all/function/internal_message.html?_=1711675889068&CODE_STATE=getMsg HTTP/1.1" 200 27
222.70.183.82 - - [29/Mar/2024:09:31:34 +0800] "GET /xingrg/kc/buy/cgsh_order_operate.html?command=get_materiel&rest_code=00111&code=00101008069&supplier_code=00100008&order_time=2024-03-29 HTTP/1.1" 200 412
180.164.1.25 - - [29/Mar/2024:09:31:34 +0800] "GET /xingrg/all/function/internal_message.html?_=1711675894743&CODE_STATE=getMsg HTTP/1.1" 200 27
101.83.144.49 - - [29/Mar/2024:09:31:36 +0800] "GET /xingrg/kc/buy/cgsh_order_operate.html?command=get_materiel&rest_code=00105&code=00101008296&supplier_code=00100008&order_time=2024-03-29 HTTP/1.1" 200 416
222.70.168.57 - - [29/Mar/2024:09:31:38 +0800] "GET /xingrg/check_reg.html?_=1711675916509 HTTP/1.1" 200 22
124.78.154.173 - - [29/Mar/2024:09:31:44 +0800] "GET /xingrg/all/function/internal_message.html?_=1711675904716&CODE_STATE=getMsg HTTP/1.1" 200 27
180.169.147.146 - - [29/Mar/2024:09:31:45 +0800] "GET /xingrg/all/function/internal_message.html?_=1711675905650&CODE_STATE=getMsg HTTP/1.1" 200 27
222.69.135.32 - - [29/Mar/2024:09:31:47 +0800] "GET /xingrg/check_reg.html?_=1711675909677 HTTP/1.1" 200 22
222.69.135.32 - - [29/Mar/2024:09:31:47 +0800] "GET /xingrg/all/function/internal_message.html?_=1711675909678&CODE_STATE=getMsg HTTP/1.1" 200 27
114.83.222.168 - - [29/Mar/2024:09:31:50 +0800] "POST /xingrg/kc/buy/cgsh_order_operate.html HTTP/1.1" 200 37
222.70.183.82 - - [29/Mar/2024:09:31:52 +0800] "GET /xingrg/kc/buy/cgsh_order_operate.html?command=get_materiel&rest_code=00111&code=00101008126&supplier_code=00100008&order_time=2024-03-29 HTTP/1.1" 200 412
101.83.144.49 - - [29/Mar/2024:09:31:52 +0800] "GET /xingrg/kc/buy/cgsh_order_operate.html?command=get_materiel&rest_code=00105&code=00101008261&supplier_code=00100008&order_time=2024-03-29 HTTP/1.1" 200 429
114.85.113.46 - - [29/Mar/2024:09:31:53 +0800] "GET /xingrg/all/function/internal_message.html?_=1711675911980&CODE_STATE=getMsg HTTP/1.1" 200 27
116.232.194.112 - - [29/Mar/2024:09:31:57 +0800] "GET /xingrg/all/function/internal_message.html?_=1711675880587&CODE_STATE=getMsg HTTP/1.1" 200 27
124.78.60.103 - - [29/Mar/2024:09:31:57 +0800] "GET /xingrg/all/function/internal_message.html?_=1711675917752&CODE_STATE=getMsg HTTP/1.1" 200 27
114.83.222.168 - - [29/Mar/2024:09:31:57 +0800] "POST /xingrg/kc/buy/cgsh_order_operate.html HTTP/1.1" 200 12
114.83.222.168 - - [29/Mar/2024:09:31:59 +0800] "GET /xingrg/kc/buy/cgsh_order_info.html?code=212024032908558 HTTP/1.1" 200 68777
114.83.222.168 - - [29/Mar/2024:09:31:59 +0800] "GET /xingrg/javascript/easyui/themes/default/validatebox.css HTTP/1.1" 404 1104
114.83.222.168 - - [29/Mar/2024:09:32:00 +0800] "POST /xingrg/kc/buy/cgsh_order_operate.html HTTP/1.1" 200 2391
114.83.222.168 - - [29/Mar/2024:09:32:02 +0800] "GET /xingrg/kc/print/load_data.html?order_code=212024032908558&kc_code=cgsh&condition= HTTP/1.1" 200 1408
222.70.183.82 - - [29/Mar/2024:09:32:07 +0800] "GET /xingrg/kc/buy/cgsh_order_operate.html?command=get_materiel&rest_code=00111&code=00101008087&supplier_code=00100008&order_time=2024-03-29 HTTP/1.1" 200 412
222.70.168.57 - - [29/Mar/2024:09:32:09 +0800] "GET /xingrg/all/function/internal_message.html?_=1711675947287&CODE_STATE=getMsg HTTP/1.1" 200 27
222.70.115.1 - - [29/Mar/2024:09:32:13 +0800] "GET /xingrg/all/function/internal_message.html?_=1711675945481&CODE_STATE=getMsg HTTP/1.1" 200 27
114.83.222.168 - - [29/Mar/2024:09:32:15 +0800] "GET /xingrg/all/function/internal_message.html?_=1711675933332&CODE_STATE=getMsg HTTP/1.1" 200 27
101.83.144.49 - - [29/Mar/2024:09:32:15 +0800] "GET /xingrg/kc/buy/cgsh_order_operate.html?command=get_materiel&rest_code=00105&code=00101008005&supplier_code=00100008&order_time=2024-03-29 HTTP/1.1" 200 412
180.169.147.146 - - [29/Mar/2024:09:32:15 +0800] "POST /xingrg/dwr/call/plaincall/AjaxReportQueryService.refreshCache.dwr HTTP/1.1" 200 78
116.224.254.208 - - [29/Mar/2024:09:32:15 +0800] "GET /xingrg/all/function/internal_message.html?_=1711675935652&CODE_STATE=getMsg HTTP/1.1" 200 27
180.169.147.146 - - [29/Mar/2024:09:32:18 +0800] "POST /xingrg/all/report/load_report_page.html HTTP/1.1" 200 52770
180.169.147.146 - - [29/Mar/2024:09:32:18 +0800] "GET /xingrg/servlets/image?cache=0.04864254352491526&image=px HTTP/1.1" 200 807
101.228.147.14 - - [29/Mar/2024:09:32:19 +0800] "GET /xingrg/login.html HTTP/1.1" 200 7641
101.83.144.49 - - [29/Mar/2024:09:32:20 +0800] "GET /xingrg/all/function/internal_message.html?_=1711675701309&CODE_STATE=getMsg HTTP/1.1" 200 27
101.228.147.14 - - [29/Mar/2024:09:32:20 +0800] "GET /xingrg/images/blue/jxLogo.png HTTP/1.1" 304 -
101.228.147.14 - - [29/Mar/2024:09:32:20 +0800] "GET /favicon.ico HTTP/1.1" 404 -
101.228.147.14 - - [29/Mar/2024:09:32:20 +0800] "GET /xingrg/images/blue/login_bg.png HTTP/1.1" 304 -
101.228.147.14 - - [29/Mar/2024:09:32:20 +0800] "GET /xingrg/images/blue/hj.png HTTP/1.1" 304 -
101.228.147.14 - - [29/Mar/2024:09:32:20 +0800] "GET /xingrg/images/blue/srbg.png HTTP/1.1" 304 -
222.70.183.82 - - [29/Mar/2024:09:32:20 +0800] "GET /xingrg/kc/buy/cgsh_order_operate.html?command=get_materiel&rest_code=00111&code=00101008361&supplier_code=00100008&order_time=2024-03-29 HTTP/1.1" 200 408
116.238.97.31 - - [29/Mar/2024:09:32:25 +0800] "GET /xingrg/all/function/internal_message.html?_=1711675946828&CODE_STATE=getMsg HTTP/1.1" 200 27
180.169.147.146 - - [29/Mar/2024:09:32:26 +0800] "POST /xingrg/all/report/report_print.html HTTP/1.1" 200 7680
120.253.135.82 - - [29/Mar/2024:09:32:28 +0800] "GET /xingrg/all/function/internal_message.html?_=1711675790440&CODE_STATE=getMsg HTTP/1.1" 200 27
222.70.183.82 - - [29/Mar/2024:09:32:29 +0800] "POST /xingrg/kc/buy/cgsh_order_operate.html HTTP/1.1" 200 2065
222.70.183.82 - - [29/Mar/2024:09:32:31 +0800] "GET /xingrg/all/function/internal_message.html?_=1711675949047&CODE_STATE=getMsg HTTP/1.1" 200 27
222.70.168.57 - - [29/Mar/2024:09:32:31 +0800] "GET /xingrg/kc/buy/cgsh_order_list.html HTTP/1.1" 200 58011
101.228.147.14 - - [29/Mar/2024:09:32:34 +0800] "POST /xingrg/login.do HTTP/1.1" 302 -
101.228.147.14 - - [29/Mar/2024:09:32:34 +0800] "GET /xingrg/index.html?sysBaseUrl=http%3A%2F%2F180.169.147.146%3A18081%2Fxingrg%2F&costTime=2459×tamp=1711675954513 HTTP/1.1" 200 17179
101.228.147.14 - - [29/Mar/2024:09:32:34 +0800] "GET /xingrg/javascript/jquery_easy_ui/themes/default/easyui.css HTTP/1.1" 304 -
101.228.147.14 - - [29/Mar/2024:09:32:34 +0800] "GET /xingrg/javascript/jquery_easy_ui/themes/icon.css HTTP/1.1" 304 -
101.228.147.14 - - [29/Mar/2024:09:32:34 +0800] "GET /xingrg/css/form.css HTTP/1.1" 304 -
101.228.147.14 - - [29/Mar/2024:09:32:34 +0800] "GET /xingrg/javascript/jquery.form.js HTTP/1.1" 304 -
101.228.147.14 - - [29/Mar/2024:09:32:34 +0800] "GET /xingrg/javascript/jquery.utils.js HTTP/1.1" 304 -
101.228.147.14 - - [29/Mar/2024:09:32:34 +0800] "GET /xingrg/javascript/jquery-1.4.2.min.js HTTP/1.1" 304 -
101.228.147.14 - - [29/Mar/2024:09:32:34 +0800] "GET /xingrg/javascript/jquery.timers.js HTTP/1.1" 304 -
101.228.147.14 - - [29/Mar/2024:09:32:34 +0800] "GET /xingrg/javascript/jquery_easy_ui/jquery.easyui.min.js HTTP/1.1" 304 -
101.228.147.14 - - [29/Mar/2024:09:32:34 +0800] "GET /xingrg/javascript/jquery_easy_ui/easyui-lang-zh_CN.js HTTP/1.1" 304 -
222.70.168.57 - - [29/Mar/2024:09:32:34 +0800] "POST /xingrg/kc/buy/cgsh_list_operate.html HTTP/1.1" 200 645
101.228.147.14 - - [29/Mar/2024:09:32:34 +0800] "GET /favicon.ico HTTP/1.1" 404 -
101.228.147.14 - - [29/Mar/2024:09:32:34 +0800] "GET /xingrg/images/blue/navBackgound.jpg HTTP/1.1" 304 -
101.228.147.14 - - [29/Mar/2024:09:32:34 +0800] "GET /xingrg/javascript/jquery_easy_ui/themes/icons/settle_new.png HTTP/1.1" 304 -
180.164.1.25 - - [29/Mar/2024:09:32:34 +0800] "GET /xingrg/all/function/internal_message.html?_=1711675954728&CODE_STATE=getMsg HTTP/1.1" 200 27
101.228.147.14 - - [29/Mar/2024:09:32:35 +0800] "GET /xingrg/images/blue/pingpu.png HTTP/1.1" 304 -
101.228.147.14 - - [29/Mar/2024:09:32:35 +0800] "GET /xingrg/all/function/internal_message.html?_=1711675953579&CODE_STATE=count HTTP/1.1" 200 11
101.228.147.14 - - [29/Mar/2024:09:32:35 +0800] "GET /xingrg/check_reg.html?_=1711675953580 HTTP/1.1" 200 22
101.228.147.14 - - [29/Mar/2024:09:32:35 +0800] "GET /xingrg/javascript/jquery_easy_ui/themes/default/images/tabs_leftarrow.png HTTP/1.1" 304 -
101.228.147.14 - - [29/Mar/2024:09:32:35 +0800] "GET /xingrg/javascript/jquery_easy_ui/themes/default/images/tabs_rightarrow.png HTTP/1.1" 304 -
101.228.147.14 - - [29/Mar/2024:09:32:35 +0800] "GET /xingrg/javascript/jquery_easy_ui/themes/default/images/panel_tool_collapse.gif HTTP/1.1" 304 -
101.228.147.14 - - [29/Mar/2024:09:32:35 +0800] "POST /xingrg/all/common/load_tree.html?tree=area_rest_tree_json&manage=1 HTTP/1.1" 200 351
101.228.147.14 - - [29/Mar/2024:09:32:35 +0800] "POST /xingrg/load_menu.html HTTP/1.1" 200 5138
101.228.147.14 - - [29/Mar/2024:09:32:35 +0800] "GET /xingrg/javascript/jquery_easy_ui/themes/default/images/tree_arrows.gif HTTP/1.1" 304 -
101.228.147.14 - - [29/Mar/2024:09:32:35 +0800] "GET /xingrg/javascript/jquery_easy_ui/themes/default/images/tree_folder_open.gif HTTP/1.1" 304 -
101.228.147.14 - - [29/Mar/2024:09:32:35 +0800] "GET /xingrg/javascript/jquery_easy_ui/themes/default/images/tree_folder.gif HTTP/1.1" 304 -
101.228.147.14 - - [29/Mar/2024:09:32:35 +0800] "GET /xingrg/javascript/jquery_easy_ui/themes/icons/search_new.png HTTP/1.1" 304 -
101.228.147.14 - - [29/Mar/2024:09:32:35 +0800] "GET /xingrg/javascript/jquery_easy_ui/themes/icons/storage_new.png HTTP/1.1" 304 -
101.228.147.14 - - [29/Mar/2024:09:32:35 +0800] "GET /xingrg/javascript/jquery_easy_ui/themes/icons/forms_new.png HTTP/1.1" 304 -
101.228.147.14 - - [29/Mar/2024:09:32:35 +0800] "GET /xingrg/javascript/jquery_easy_ui/themes/default/images/tree_file.gif HTTP/1.1" 304 -
101.228.147.14 - - [29/Mar/2024:09:32:37 +0800] "GET /xingrg/javascript/jquery_easy_ui/themes/icons/area.png HTTP/1.1" 304 -
101.228.147.14 - - [29/Mar/2024:09:32:37 +0800] "GET /xingrg/javascript/jquery_easy_ui/themes/icons/rest.png HTTP/1.1" 304 -
101.83.144.49 - - [29/Mar/2024:09:32:40 +0800] "POST /xingrg/kc/buy/cgsh_order_operate.html HTTP/1.1" 200 37
222.70.168.57 - - [29/Mar/2024:09:32:42 +0800] "GET /xingrg/kc/buy/cgsh_order_add.html HTTP/1.1" 200 73780
222.70.168.57 - - [29/Mar/2024:09:32:42 +0800] "GET /xingrg/javascript/jquery_tools/order_manager.js HTTP/1.1" 304 -
222.70.168.57 - - [29/Mar/2024:09:32:42 +0800] "GET /xingrg/javascript/convert.js HTTP/1.1" 304 -
222.70.168.57 - - [29/Mar/2024:09:32:42 +0800] "GET /xingrg/javascript/json2.js HTTP/1.1" 304 -
222.70.168.57 - - [29/Mar/2024:09:32:42 +0800] "GET /xingrg/javascript/print/kc_print.js HTTP/1.1" 304 -
222.70.168.57 - - [29/Mar/2024:09:32:42 +0800] "GET /xingrg/words/20240327135526_words.js HTTP/1.1" 304 -
222.70.183.82 - - [29/Mar/2024:09:32:42 +0800] "GET /xingrg/kc/buy/cgsh_order_operate.html?command=get_materiel&rest_code=00111&code=00101008172&supplier_code=00100008&order_time=2024-03-29 HTTP/1.1" 200 412
222.70.168.57 - - [29/Mar/2024:09:32:43 +0800] "POST /xingrg/kc/buy/cgsh_order_operate.html HTTP/1.1" 200 8245
222.70.168.57 - - [29/Mar/2024:09:32:43 +0800] "GET /xingrg/all/common/auto_word.html?type=employee&rest_code=00146 HTTP/1.1" 200 101
222.70.168.57 - - [29/Mar/2024:09:32:43 +0800] "GET /xingrg/all/common/auto_word.html?type=employee&rest_code=00146 HTTP/1.1" 200 101
222.70.168.57 - - [29/Mar/2024:09:32:43 +0800] "GET /xingrg/javascript/easyui/themes/default/validatebox.css HTTP/1.1" 404 1104
222.70.168.57 - - [29/Mar/2024:09:32:43 +0800] "GET /xingrg/javascript/easyui/plugins/jquery.validatebox.js HTTP/1.1" 304 -
222.70.168.57 - - [29/Mar/2024:09:32:43 +0800] "GET /xingrg/javascript/easyui/plugins/jquery.numberbox.js HTTP/1.1" 304 -
101.83.144.49 - - [29/Mar/2024:09:32:43 +0800] "POST /xingrg/kc/buy/cgsh_order_operate.html HTTP/1.1" 200 28077
124.78.154.173 - - [29/Mar/2024:09:32:44 +0800] "GET /xingrg/all/function/internal_message.html?_=1711675964717&CODE_STATE=getMsg HTTP/1.1" 200 27
180.169.147.146 - - [29/Mar/2024:09:32:45 +0800] "GET /xingrg/all/function/internal_message.html?_=1711675965662&CODE_STATE=getMsg HTTP/1.1" 200 27
222.69.135.32 - - [29/Mar/2024:09:32:47 +0800] "GET /xingrg/all/function/internal_message.html?_=1711675969672&CODE_STATE=getMsg HTTP/1.1" 200 27
114.85.113.46 - - [29/Mar/2024:09:32:53 +0800] "GET /xingrg/all/function/internal_message.html?_=1711675971969&CODE_STATE=getMsg HTTP/1.1" 200 27
222.70.183.82 - - [29/Mar/2024:09:32:57 +0800] "GET /xingrg/kc/buy/cgsh_order_operate.html?command=get_materiel&rest_code=00111&code=00101008213&supplier_code=00100008&order_time=2024-03-29 HTTP/1.1" 200 412
116.232.194.112 - - [29/Mar/2024:09:32:57 +0800] "GET /xingrg/all/function/internal_message.html?_=1711675940586&CODE_STATE=getMsg HTTP/1.1" 200 27
124.78.60.103 - - [29/Mar/2024:09:32:57 +0800] "GET /xingrg/all/function/internal_message.html?_=1711675977739&CODE_STATE=getMsg HTTP/1.1" 200 27
114.83.222.168 - - [29/Mar/2024:09:33:03 +0800] "GET /xingrg/kc/buy/cgsh_order_add.html HTTP/1.1" 200 73874
114.83.222.168 - - [29/Mar/2024:09:33:04 +0800] "POST /xingrg/kc/buy/cgsh_order_operate.html HTTP/1.1" 200 8245
114.83.222.168 - - [29/Mar/2024:09:33:04 +0800] "GET /xingrg/javascript/easyui/themes/default/validatebox.css HTTP/1.1" 404 1104
222.70.168.57 - - [29/Mar/2024:09:33:09 +0800] "GET /xingrg/all/function/internal_message.html?_=1711676007296&CODE_STATE=getMsg HTTP/1.1" 200 27
222.70.183.82 - - [29/Mar/2024:09:33:10 +0800] "GET /xingrg/kc/buy/cgsh_order_operate.html?command=get_materiel&rest_code=00111&code=00101008286&supplier_code=00100008&order_time=2024-03-29 HTTP/1.1" 200 408
222.70.115.1 - - [29/Mar/2024:09:33:13 +0800] "GET /xingrg/all/function/internal_message.html?_=1711676005481&CODE_STATE=getMsg HTTP/1.1" 200 27
114.83.222.168 - - [29/Mar/2024:09:33:15 +0800] "GET /xingrg/all/function/internal_message.html?_=1711675993319&CODE_STATE=getMsg HTTP/1.1" 200 27
116.224.254.208 - - [29/Mar/2024:09:33:15 +0800] "GET /xingrg/all/function/internal_message.html?_=1711675995641&CODE_STATE=getMsg HTTP/1.1" 200 27
101.83.144.49 - - [29/Mar/2024:09:33:20 +0800] "GET /xingrg/all/function/internal_message.html?_=1711675761308&CODE_STATE=getMsg HTTP/1.1" 200 27
114.85.113.46 - - [29/Mar/2024:09:33:23 +0800] "GET /xingrg/check_reg.html?_=1711676001978 HTTP/1.1" 200 22
116.238.97.31 - - [29/Mar/2024:09:33:25 +0800] "GET /xingrg/all/function/internal_message.html?_=1711676006803&CODE_STATE=getMsg HTTP/1.1" 200 27
120.253.135.82 - - [29/Mar/2024:09:33:28 +0800] "GET /xingrg/all/function/internal_message.html?_=1711675850460&CODE_STATE=getMsg HTTP/1.1" 200 27
222.70.183.82 - - [29/Mar/2024:09:33:31 +0800] "GET /xingrg/all/function/internal_message.html?_=1711676009020&CODE_STATE=getMsg HTTP/1.1" 200 27
114.83.222.168 - - [29/Mar/2024:09:33:34 +0800] "GET /xingrg/kc/buy/cgsh_order_operate.html?command=get_materiel&rest_code=00149&code=00101009049&supplier_code=00100201&order_time=2024-03-29 HTTP/1.1" 200 416
180.164.1.25 - - [29/Mar/2024:09:33:34 +0800] "GET /xingrg/all/function/internal_message.html?_=1711676014714&CODE_STATE=getMsg HTTP/1.1" 200 27
101.228.147.14 - - [29/Mar/2024:09:33:35 +0800] "GET /xingrg/all/function/internal_message.html?_=1711676013597&CODE_STATE=getMsg HTTP/1.1" 200 27
124.78.154.173 - - [29/Mar/2024:09:33:44 +0800] "GET /xingrg/all/function/internal_message.html?_=1711676024717&CODE_STATE=getMsg HTTP/1.1" 200 27
180.171.58.249 - - [29/Mar/2024:09:33:44 +0800] "GET /xingrg/check_reg.html?_=1711676031653 HTTP/1.1" 302 -
222.70.183.82 - - [29/Mar/2024:09:33:44 +0800] "GET /xingrg/kc/buy/cgsh_order_operate.html?command=get_materiel&rest_code=00111&code=00101008224&supplier_code=00100008&order_time=2024-03-29 HTTP/1.1" 200 416
180.169.147.146 - - [29/Mar/2024:09:33:45 +0800] "GET /xingrg/all/function/internal_message.html?_=1711676025652&CODE_STATE=getMsg HTTP/1.1" 200 27
114.83.222.168 - - [29/Mar/2024:09:33:46 +0800] "GET /xingrg/kc/buy/cgsh_order_operate.html?command=get_materiel&rest_code=00149&code=00101009062&supplier_code=00100201&order_time=2024-03-29 HTTP/1.1" 200 412
222.69.135.32 - - [29/Mar/2024:09:33:47 +0800] "GET /xingrg/all/function/internal_message.html?_=1711676029679&CODE_STATE=getMsg HTTP/1.1" 200 27
222.70.183.82 - - [29/Mar/2024:09:33:49 +0800] "POST /xingrg/kc/buy/cgsh_order_operate.html HTTP/1.1" 200 2065
114.85.113.46 - - [29/Mar/2024:09:33:53 +0800] "GET /xingrg/all/function/internal_message.html?_=1711676031978&CODE_STATE=getMsg HTTP/1.1" 200 27
114.83.222.168 - - [29/Mar/2024:09:33:55 +0800] "GET /xingrg/kc/buy/cgsh_order_operate.html?command=get_materiel&rest_code=00149&code=00101009011&supplier_code=00100201&order_time=2024-03-29 HTTP/1.1" 200 416
116.232.194.112 - - [29/Mar/2024:09:33:57 +0800] "GET /xingrg/all/function/internal_message.html?_=1711676000579&CODE_STATE=getMsg HTTP/1.1" 200 27
124.78.60.103 - - [29/Mar/2024:09:33:57 +0800] "GET /xingrg/all/function/internal_message.html?_=1711676037720&CODE_STATE=getMsg HTTP/1.1" 200 27
222.70.183.82 - - [29/Mar/2024:09:34:00 +0800] "GET /xingrg/kc/buy/cgsh_order_operate.html?command=get_materiel&rest_code=00111&code=00101008291&supplier_code=00100008&order_time=2024-03-29 HTTP/1.1" 200 408
222.70.168.57 - - [29/Mar/2024:09:34:09 +0800] "GET /xingrg/all/function/internal_message.html?_=1711676067309&CODE_STATE=getMsg HTTP/1.1" 200 27
222.70.115.1 - - [29/Mar/2024:09:34:13 +0800] "GET /xingrg/check_reg.html?_=1711676065480 HTTP/1.1" 200 22
222.70.115.1 - - [29/Mar/2024:09:34:13 +0800] "GET /xingrg/all/function/internal_message.html?_=1711676065483&CODE_STATE=getMsg HTTP/1.1" 200 27
101.228.147.14 - - [29/Mar/2024:09:34:14 +0800] "GET /xingrg/javascript/jquery_easy_ui/themes/default/images/tabs_close.gif HTTP/1.1" 304 -
114.83.222.168 - - [29/Mar/2024:09:34:15 +0800] "GET /xingrg/all/function/internal_message.html?_=1711676053312&CODE_STATE=getMsg HTTP/1.1" 200 27
101.228.147.14 - - [29/Mar/2024:09:34:15 +0800] "GET /xingrg/kc/buy/cgsh_order_list.html HTTP/1.1" 200 58011
101.228.147.14 - - [29/Mar/2024:09:34:15 +0800] "GET /xingrg/css/base.css HTTP/1.1" 304 -
101.228.147.14 - - [29/Mar/2024:09:34:15 +0800] "GET /xingrg/css/site.css HTTP/1.1" 304 -
101.228.147.14 - - [29/Mar/2024:09:34:15 +0800] "GET /xingrg/javascript/easyui/themes/default/easyui.css HTTP/1.1" 304 -
101.228.147.14 - - [29/Mar/2024:09:34:15 +0800] "GET /xingrg/javascript/jquery_tools/table.css HTTP/1.1" 304 -
101.228.147.14 - - [29/Mar/2024:09:34:15 +0800] "GET /xingrg/javascript/jquery_tools/datebox.css HTTP/1.1" 304 -
101.228.147.14 - - [29/Mar/2024:09:34:15 +0800] "GET /xingrg/javascript/jquery_tools/jquery.tools.min.js HTTP/1.1" 304 -
101.228.147.14 - - [29/Mar/2024:09:34:15 +0800] "GET /xingrg/javascript/auto/jquery.autocomplete.css HTTP/1.1" 304 -
101.228.147.14 - - [29/Mar/2024:09:34:15 +0800] "GET /xingrg/javascript/easyui/themes/icon.css HTTP/1.1" 304 -
101.228.147.14 - - [29/Mar/2024:09:34:15 +0800] "GET /xingrg/javascript/jquery_tools/fix.css HTTP/1.1" 304 -
101.228.147.14 - - [29/Mar/2024:09:34:15 +0800] "GET /xingrg/javascript/jquery_tools/jquery.tools.hotkey.js HTTP/1.1" 304 -
101.228.147.14 - - [29/Mar/2024:09:34:15 +0800] "GET /xingrg/javascript/jquery_tools/jquery.tools.extend.js HTTP/1.1" 304 -
101.228.147.14 - - [29/Mar/2024:09:34:15 +0800] "GET /xingrg/javascript/jquery_tools/list_manager.js HTTP/1.1" 304 -
101.228.147.14 - - [29/Mar/2024:09:34:15 +0800] "GET /xingrg/javascript/jquery_tools/jquery.tools.table.js HTTP/1.1" 304 -
101.228.147.14 - - [29/Mar/2024:09:34:15 +0800] "GET /xingrg/javascript/auto/jquery.autocomplete.js HTTP/1.1" 304 -
101.228.147.14 - - [29/Mar/2024:09:34:15 +0800] "GET /xingrg/javascript/easyui/easyloader.js HTTP/1.1" 304 -
101.228.147.14 - - [29/Mar/2024:09:34:15 +0800] "GET /xingrg/javascript/jquery.cookie.js HTTP/1.1" 304 -
101.228.147.14 - - [29/Mar/2024:09:34:15 +0800] "GET /xingrg/javascript/print/LodopFuncs.js HTTP/1.1" 304 -
116.224.254.208 - - [29/Mar/2024:09:34:15 +0800] "GET /xingrg/all/function/internal_message.html?_=1711676055658&CODE_STATE=getMsg HTTP/1.1" 200 27
101.228.147.14 - - [29/Mar/2024:09:34:16 +0800] "GET /xingrg/javascript/easyui/themes/icons/edit_add_new.png HTTP/1.1" 304 -
101.228.147.14 - - [29/Mar/2024:09:34:16 +0800] "GET /xingrg/javascript/easyui/themes/icons/import_new.png HTTP/1.1" 304 -
101.228.147.14 - - [29/Mar/2024:09:34:16 +0800] "GET /xingrg/javascript/easyui/themes/icons/cance_new.png HTTP/1.1" 304 -
101.228.147.14 - - [29/Mar/2024:09:34:16 +0800] "GET /xingrg/javascript/easyui/themes/icons/check_new.png HTTP/1.1" 304 -
101.228.147.14 - - [29/Mar/2024:09:34:16 +0800] "GET /xingrg/javascript/easyui/themes/icons/field_new.png HTTP/1.1" 304 -
101.228.147.14 - - [29/Mar/2024:09:34:16 +0800] "GET /xingrg/javascript/easyui/plugins/jquery.parser.js HTTP/1.1" 304 -
101.228.147.14 - - [29/Mar/2024:09:34:16 +0800] "GET /xingrg/images/control/ajaxLoader.gif HTTP/1.1" 304 -
101.83.144.49 - - [29/Mar/2024:09:34:20 +0800] "GET /xingrg/all/function/internal_message.html?_=1711675821309&CODE_STATE=getMsg HTTP/1.1" 200 27
114.83.222.168 - - [29/Mar/2024:09:34:24 +0800] "POST /xingrg/kc/buy/cgsh_order_operate.html HTTP/1.1" 200 37
116.238.97.31 - - [29/Mar/2024:09:34:25 +0800] "GET /xingrg/all/function/internal_message.html?_=1711676066787&CODE_STATE=getMsg HTTP/1.1" 200 27
101.228.147.14 - - [29/Mar/2024:09:34:26 +0800] "POST /xingrg/kc/buy/cgsh_list_operate.html HTTP/1.1" 200 1669
120.253.135.82 - - [29/Mar/2024:09:34:28 +0800] "GET /xingrg/all/function/internal_message.html?_=1711675910530&CODE_STATE=getMsg HTTP/1.1" 200 27
101.228.147.14 - - [29/Mar/2024:09:34:29 +0800] "GET /xingrg/javascript/jquery_easy_ui/themes/default/images/tabs_active.png HTTP/1.1" 304 -
124.78.60.103 - - [29/Mar/2024:09:34:29 +0800] "GET /xingrg/check_reg.html?_=1711676069686 HTTP/1.1" 200 22
222.70.183.82 - - [29/Mar/2024:09:34:31 +0800] "GET /xingrg/all/function/internal_message.html?_=1711676069024&CODE_STATE=getMsg HTTP/1.1" 200 27
101.228.147.14 - - [29/Mar/2024:09:34:31 +0800] "POST /xingrg/kc/buy/cgsh_list_operate.html HTTP/1.1" 200 496
222.70.183.82 - - [29/Mar/2024:09:34:31 +0800] "GET /xingrg/kc/buy/cgsh_order_operate.html?command=get_materiel&rest_code=00111&code=00101008211&supplier_code=00100008&order_time=2024-03-29 HTTP/1.1" 200 412
101.228.147.14 - - [29/Mar/2024:09:34:33 +0800] "GET /xingrg/kc/buy/cgsh_order_info.html?code=212024032607776 HTTP/1.1" 200 72906
101.228.147.14 - - [29/Mar/2024:09:34:33 +0800] "GET /xingrg/javascript/pic_change.js HTTP/1.1" 304 -
101.228.147.14 - - [29/Mar/2024:09:34:33 +0800] "GET /xingrg/javascript/jquery_tools/order_manager.js HTTP/1.1" 304 -
101.228.147.14 - - [29/Mar/2024:09:34:33 +0800] "GET /xingrg/javascript/convert.js HTTP/1.1" 304 -
101.228.147.14 - - [29/Mar/2024:09:34:33 +0800] "GET /xingrg/javascript/json2.js HTTP/1.1" 304 -
101.228.147.14 - - [29/Mar/2024:09:34:33 +0800] "GET /xingrg/javascript/print/kc_print.js HTTP/1.1" 304 -
101.228.147.14 - - [29/Mar/2024:09:34:33 +0800] "GET /xingrg/words/20240327135526_words.js HTTP/1.1" 200 1016286
101.228.147.14 - - [29/Mar/2024:09:34:33 +0800] "GET /xingrg/javascript/easyui/themes/icons/copy_new.png HTTP/1.1" 304 -
101.228.147.14 - - [29/Mar/2024:09:34:33 +0800] "GET /xingrg/javascript/easyui/themes/icons/template_new.png HTTP/1.1" 304 -
101.228.147.14 - - [29/Mar/2024:09:34:33 +0800] "GET /xingrg/javascript/easyui/themes/icons/ok.png HTTP/1.1" 304 -
101.228.147.14 - - [29/Mar/2024:09:34:33 +0800] "GET /xingrg/javascript/easyui/themes/icons/print.png HTTP/1.1" 304 -
101.228.147.14 - - [29/Mar/2024:09:34:33 +0800] "GET /xingrg/javascript/easyui/themes/default/images/menu_downarrow.png HTTP/1.1" 304 -
101.228.147.14 - - [29/Mar/2024:09:34:33 +0800] "GET /xingrg/javascript/easyui/themes/icons/cancel.png HTTP/1.1" 304 -
101.228.147.14 - - [29/Mar/2024:09:34:34 +0800] "GET /xingrg/javascript/easyui/themes/default/validatebox.css HTTP/1.1" 404 1104
101.228.147.14 - - [29/Mar/2024:09:34:34 +0800] "GET /xingrg/javascript/easyui/plugins/jquery.validatebox.js HTTP/1.1" 304 -
101.228.147.14 - - [29/Mar/2024:09:34:34 +0800] "GET /xingrg/javascript/easyui/plugins/jquery.numberbox.js HTTP/1.1" 304 -
101.228.147.14 - - [29/Mar/2024:09:34:34 +0800] "GET /xingrg/all/common/auto_word.html?type=employee&rest_code=00142 HTTP/1.1" 200 105
101.228.147.14 - - [29/Mar/2024:09:34:34 +0800] "GET /xingrg/all/common/auto_word.html?type=employee&rest_code=00142 HTTP/1.1" 200 105
180.164.1.25 - - [29/Mar/2024:09:34:34 +0800] "GET /xingrg/all/function/internal_message.html?_=1711676074694&CODE_STATE=getMsg HTTP/1.1" 200 27
101.228.147.14 - - [29/Mar/2024:09:34:35 +0800] "GET /xingrg/all/function/internal_message.html?_=1711676073591&CODE_STATE=getMsg HTTP/1.1" 200 27
101.228.147.14 - - [29/Mar/2024:09:34:35 +0800] "POST /xingrg/kc/buy/cgsh_order_operate.html HTTP/1.1" 200 5019
101.228.147.14 - - [29/Mar/2024:09:34:35 +0800] "GET /xingrg/javascript/easyui/themes/icons/edit_remove.png HTTP/1.1" 304 -
114.83.222.168 - - [29/Mar/2024:09:34:36 +0800] "POST /xingrg/kc/buy/cgsh_order_operate.html HTTP/1.1" 200 12
114.83.222.168 - - [29/Mar/2024:09:34:39 +0800] "GET /xingrg/kc/buy/cgsh_order_info.html?code=212024032908559 HTTP/1.1" 200 68777
114.83.222.168 - - [29/Mar/2024:09:34:39 +0800] "GET /xingrg/javascript/easyui/themes/default/validatebox.css HTTP/1.1" 404 1104
116.224.254.208 - - [29/Mar/2024:09:34:39 +0800] "GET /xingrg/javascript/jquery_easy_ui/themes/default/images/tabs_active.png HTTP/1.1" 200 2894
114.83.222.168 - - [29/Mar/2024:09:34:40 +0800] "POST /xingrg/kc/buy/cgsh_order_operate.html HTTP/1.1" 200 2390
101.228.147.14 - - [29/Mar/2024:09:34:41 +0800] "GET /xingrg/javascript/auto/indicator.gif HTTP/1.1" 404 1066
114.83.222.168 - - [29/Mar/2024:09:34:42 +0800] "GET /xingrg/kc/print/load_data.html?order_code=212024032908559&kc_code=cgsh&condition= HTTP/1.1" 200 1399
124.78.154.173 - - [29/Mar/2024:09:34:44 +0800] "GET /xingrg/check_reg.html?_=1711676084718 HTTP/1.1" 200 22
124.78.154.173 - - [29/Mar/2024:09:34:44 +0800] "GET /xingrg/all/function/internal_message.html?_=1711676084716&CODE_STATE=getMsg HTTP/1.1" 200 27
180.169.147.146 - - [29/Mar/2024:09:34:45 +0800] "GET /xingrg/all/function/internal_message.html?_=1711676085642&CODE_STATE=getMsg HTTP/1.1" 200 27
222.69.135.32 - - [29/Mar/2024:09:34:47 +0800] "GET /xingrg/all/function/internal_message.html?_=1711676089669&CODE_STATE=getMsg HTTP/1.1" 200 27
101.228.147.14 - - [29/Mar/2024:09:34:47 +0800] "GET /xingrg/kc/buy/cgsh_order_operate.html?command=get_materiel&rest_code=00142&code=00101003002&supplier_code=00100207&order_time=2024-03-28 HTTP/1.1" 200 411
222.70.183.82 - - [29/Mar/2024:09:34:52 +0800] "GET /xingrg/kc/buy/cgsh_order_operate.html?command=get_materiel&rest_code=00111&code=00101008296&supplier_code=00100008&order_time=2024-03-29 HTTP/1.1" 200 416
114.85.113.46 - - [29/Mar/2024:09:34:53 +0800] "GET /xingrg/all/function/internal_message.html?_=1711676091978&CODE_STATE=getMsg HTTP/1.1" 200 27
116.224.254.208 - - [29/Mar/2024:09:34:54 +0800] "GET /xingrg/kc/buy/cgsh_order_operate.html?command=get_materiel&rest_code=00150&code=00101009160&supplier_code=00100008&order_time=2024-03-29 HTTP/1.1" 200 415
116.232.194.112 - - [29/Mar/2024:09:34:57 +0800] "GET /xingrg/all/function/internal_message.html?_=1711676060592&CODE_STATE=getMsg HTTP/1.1" 200 27
124.78.60.103 - - [29/Mar/2024:09:34:57 +0800] "GET /xingrg/all/function/internal_message.html?_=1711676097704&CODE_STATE=getMsg HTTP/1.1" 200 27
180.171.58.249 - - [29/Mar/2024:09:34:59 +0800] "GET /xingrg/check_reg.html?_=1711676106177 HTTP/1.1" 302 -
116.224.254.208 - - [29/Mar/2024:09:35:04 +0800] "GET /xingrg/kc/buy/cgsh_order_operate.html?command=get_materiel&rest_code=00150&code=00101009175&supplier_code=00100008&order_time=2024-03-29 HTTP/1.1" 200 414
222.70.183.82 - - [29/Mar/2024:09:35:06 +0800] "GET /xingrg/kc/buy/cgsh_order_operate.html?command=get_materiel&rest_code=00111&code=00101008261&supplier_code=00100008&order_time=2024-03-29 HTTP/1.1" 200 429
116.224.254.208 - - [29/Mar/2024:09:35:06 +0800] "POST /xingrg/kc/buy/cgsh_order_operate.html HTTP/1.1" 200 2065
222.70.168.57 - - [29/Mar/2024:09:35:09 +0800] "GET /xingrg/all/function/internal_message.html?_=1711676127537&CODE_STATE=getMsg HTTP/1.1" 200 27
222.70.183.82 - - [29/Mar/2024:09:35:12 +0800] "POST /xingrg/kc/buy/cgsh_order_operate.html HTTP/1.1" 200 2065
116.224.254.208 - - [29/Mar/2024:09:35:12 +0800] "GET /xingrg/kc/buy/cgsh_order_operate.html?command=get_materiel&rest_code=00150&code=00101015215&supplier_code=00100008&order_time=2024-03-29 HTTP/1.1" 200 410
222.70.115.1 - - [29/Mar/2024:09:35:13 +0800] "GET /xingrg/all/function/internal_message.html?_=1711676125483&CODE_STATE=getMsg HTTP/1.1" 200 27
116.238.97.31 - - [29/Mar/2024:09:35:14 +0800] "GET /xingrg/kc/buy/cgsh_order_operate.html?command=get_materiel&rest_code=00102&code=00101001191&supplier_code=00100663&order_time=2024-03-29 HTTP/1.1" 200 413
114.83.222.168 - - [29/Mar/2024:09:35:15 +0800] "GET /xingrg/all/function/internal_message.html?_=1711676113306&CODE_STATE=getMsg HTTP/1.1" 200 27
114.83.222.168 - - [29/Mar/2024:09:35:15 +0800] "GET /xingrg/check_reg.html?_=1711676113303 HTTP/1.1" 200 22
116.224.254.208 - - [29/Mar/2024:09:35:15 +0800] "GET /xingrg/all/function/internal_message.html?_=1711676115640&CODE_STATE=getMsg HTTP/1.1" 200 27
180.169.147.146 - - [29/Mar/2024:09:35:17 +0800] "POST /xingrg/dwr/call/plaincall/AjaxReportQueryService.refreshCache.dwr HTTP/1.1" 200 78
101.83.144.49 - - [29/Mar/2024:09:35:20 +0800] "GET /xingrg/all/function/internal_message.html?_=1711675881309&CODE_STATE=getMsg HTTP/1.1" 200 27
101.83.144.49 - - [29/Mar/2024:09:35:20 +0800] "GET /xingrg/check_reg.html?_=1711675881312 HTTP/1.1" 200 22
180.169.147.146 - - [29/Mar/2024:09:35:20 +0800] "POST /xingrg/all/report/load_report_page.html HTTP/1.1" 200 52788
180.169.147.146 - - [29/Mar/2024:09:35:20 +0800] "GET /xingrg/servlets/image?cache=0.011592533047964482&image=px HTTP/1.1" 200 807
222.70.183.82 - - [29/Mar/2024:09:35:21 +0800] "GET /xingrg/kc/buy/cgsh_order_operate.html?command=get_materiel&rest_code=00111&code=00101008357&supplier_code=00100008&order_time=2024-03-29 HTTP/1.1" 200 408
116.224.254.208 - - [29/Mar/2024:09:35:23 +0800] "GET /xingrg/kc/buy/cgsh_order_operate.html?command=get_materiel&rest_code=00150&code=00101009011&supplier_code=00100008&order_time=2024-03-29 HTTP/1.1" 200 416
116.238.97.31 - - [29/Mar/2024:09:35:25 +0800] "GET /xingrg/all/function/internal_message.html?_=1711676126774&CODE_STATE=getMsg HTTP/1.1" 200 27
180.169.147.146 - - [29/Mar/2024:09:35:30 +0800] "POST /xingrg/dwr/call/plaincall/AjaxReportQueryService.refreshCache.dwr HTTP/1.1" 200 78
222.70.183.82 - - [29/Mar/2024:09:35:31 +0800] "GET /xingrg/all/function/internal_message.html?_=1711676129004&CODE_STATE=getMsg HTTP/1.1" 200 27
222.70.183.82 - - [29/Mar/2024:09:35:31 +0800] "GET /xingrg/check_reg.html?_=1711676129034 HTTP/1.1" 200 22
180.169.147.146 - - [29/Mar/2024:09:35:32 +0800] "POST /xingrg/all/report/load_report_page.html HTTP/1.1" 200 52705
180.169.147.146 - - [29/Mar/2024:09:35:32 +0800] "GET /xingrg/servlets/image?cache=0.9813566177677607&image=px HTTP/1.1" 200 807
180.164.1.25 - - [29/Mar/2024:09:35:34 +0800] "GET /xingrg/all/function/internal_message.html?_=1711676134676&CODE_STATE=getMsg HTTP/1.1" 200 27
101.228.147.14 - - [29/Mar/2024:09:35:35 +0800] "GET /xingrg/all/function/internal_message.html?_=1711676133586&CODE_STATE=getMsg HTTP/1.1" 200 27
222.70.183.82 - - [29/Mar/2024:09:35:35 +0800] "GET /xingrg/kc/buy/cgsh_order_operate.html?command=get_materiel&rest_code=00111&code=00101008338&supplier_code=00100008&order_time=2024-03-29 HTTP/1.1" 200 428
124.78.154.173 - - [29/Mar/2024:09:35:44 +0800] "GET /xingrg/all/function/internal_message.html?_=1711676144716&CODE_STATE=getMsg HTTP/1.1" 200 27
180.169.147.146 - - [29/Mar/2024:09:35:45 +0800] "GET /xingrg/all/function/internal_message.html?_=1711676145744&CODE_STATE=getMsg HTTP/1.1" 200 27
180.169.147.146 - - [29/Mar/2024:09:35:45 +0800] "GET /xingrg/check_reg.html?_=1711676145747 HTTP/1.1" 200 22
222.69.135.32 - - [29/Mar/2024:09:35:47 +0800] "GET /xingrg/all/function/internal_message.html?_=1711676149685&CODE_STATE=getMsg HTTP/1.1" 200 27
180.164.1.25 - - [29/Mar/2024:09:35:47 +0800] "GET /xingrg/check_reg.html?_=1711676147528 HTTP/1.1" 200 22
114.85.113.46 - - [29/Mar/2024:09:35:53 +0800] "GET /xingrg/all/function/internal_message.html?_=1711676151986&CODE_STATE=getMsg HTTP/1.1" 200 27
116.232.194.112 - - [29/Mar/2024:09:35:57 +0800] "GET /xingrg/all/function/internal_message.html?_=1711676120581&CODE_STATE=getMsg HTTP/1.1" 200 27
116.232.194.112 - - [29/Mar/2024:09:35:57 +0800] "GET /xingrg/check_reg.html?_=1711676120584 HTTP/1.1" 200 22
124.78.60.103 - - [29/Mar/2024:09:35:57 +0800] "GET /xingrg/all/function/internal_message.html?_=1711676157689&CODE_STATE=getMsg HTTP/1.1" 200 27
222.70.183.82 - - [29/Mar/2024:09:35:58 +0800] "GET /xingrg/kc/buy/cgsh_order_operate.html?command=get_materiel&rest_code=00111&code=00101008244&supplier_code=00100008&order_time=2024-03-29 HTTP/1.1" 200 408
101.228.147.14 - - [29/Mar/2024:09:36:03 +0800] "GET /xingrg/javascript/easyui/themes/default/images/button_plain_hover.png HTTP/1.1" 304 -
101.228.147.14 - - [29/Mar/2024:09:36:04 +0800] "GET /xingrg/javascript/jquery_tools/images/prev.gif HTTP/1.1" 404 1086
101.228.147.14 - - [29/Mar/2024:09:36:04 +0800] "GET /xingrg/javascript/jquery_tools/images/next.gif HTTP/1.1" 404 1086
222.70.168.57 - - [29/Mar/2024:09:36:09 +0800] "GET /xingrg/all/function/internal_message.html?_=1711676187539&CODE_STATE=getMsg HTTP/1.1" 200 27
101.228.147.14 - - [29/Mar/2024:09:36:13 +0800] "POST /xingrg/kc/buy/cgsh_order_operate.html HTTP/1.1" 200 37
222.70.115.1 - - [29/Mar/2024:09:36:13 +0800] "GET /xingrg/all/function/internal_message.html?_=1711676185482&CODE_STATE=getMsg HTTP/1.1" 200 27
114.83.222.168 - - [29/Mar/2024:09:36:15 +0800] "GET /xingrg/all/function/internal_message.html?_=1711676173309&CODE_STATE=getMsg HTTP/1.1" 200 27
222.70.183.82 - - [29/Mar/2024:09:36:15 +0800] "GET /xingrg/kc/buy/cgsh_order_operate.html?command=get_materiel&rest_code=00111&code=00101008005&supplier_code=00100008&order_time=2024-03-29 HTTP/1.1" 200 412
116.224.254.208 - - [29/Mar/2024:09:36:15 +0800] "GET /xingrg/check_reg.html?_=1711676175626 HTTP/1.1" 200 22
116.224.254.208 - - [29/Mar/2024:09:36:15 +0800] "GET /xingrg/all/function/internal_message.html?_=1711676175628&CODE_STATE=getMsg HTTP/1.1" 200 27
101.228.147.14 - - [29/Mar/2024:09:36:15 +0800] "POST /xingrg/kc/buy/cgsh_order_operate.html HTTP/1.1" 200 5607
222.70.183.82 - - [29/Mar/2024:09:36:19 +0800] "POST /xingrg/kc/buy/cgsh_order_operate.html HTTP/1.1" 200 2065
101.83.144.49 - - [29/Mar/2024:09:36:20 +0800] "GET /xingrg/all/function/internal_message.html?_=1711675941312&CODE_STATE=getMsg HTTP/1.1" 200 27
101.228.147.14 - - [29/Mar/2024:09:36:25 +0800] "POST /xingrg/kc/buy/cgsh_list_operate.html HTTP/1.1" 200 1669
116.238.97.31 - - [29/Mar/2024:09:36:25 +0800] "GET /xingrg/all/function/internal_message.html?_=1711676186732&CODE_STATE=getMsg HTTP/1.1" 200 27
116.238.97.31 - - [29/Mar/2024:09:36:26 +0800] "GET /xingrg/check_reg.html?_=1711676187223 HTTP/1.1" 200 22
222.70.183.82 - - [29/Mar/2024:09:36:31 +0800] "GET /xingrg/all/function/internal_message.html?_=1711676188994&CODE_STATE=getMsg HTTP/1.1" 200 27
180.164.1.25 - - [29/Mar/2024:09:36:34 +0800] "GET /xingrg/all/function/internal_message.html?_=1711676194672&CODE_STATE=getMsg HTTP/1.1" 200 27
101.228.147.14 - - [29/Mar/2024:09:36:35 +0800] "GET /xingrg/all/function/internal_message.html?_=1711676193601&CODE_STATE=getMsg HTTP/1.1" 200 27
222.70.183.82 - - [29/Mar/2024:09:36:38 +0800] "GET /xingrg/kc/buy/cgsh_order_operate.html?command=get_materiel&rest_code=00111&code=00101008370&supplier_code=00100008&order_time=2024-03-29 HTTP/1.1" 200 412
116.238.97.31 - - [29/Mar/2024:09:36:39 +0800] "GET /xingrg/kc/buy/cgsh_order_operate.html?command=get_materiel&rest_code=00102&code=00101001069&supplier_code=00100663&order_time=2024-03-29 HTTP/1.1" 200 409
222.70.168.57 - - [29/Mar/2024:09:36:39 +0800] "GET /xingrg/check_reg.html?_=1711676217073 HTTP/1.1" 200 22
114.83.222.168 - - [29/Mar/2024:09:36:43 +0800] "GET /xingrg/kc/buy/cgsh_order_add.html HTTP/1.1" 200 73874
114.83.222.168 - - [29/Mar/2024:09:36:44 +0800] "POST /xingrg/kc/buy/cgsh_order_operate.html HTTP/1.1" 200 8245
114.83.222.168 - - [29/Mar/2024:09:36:44 +0800] "GET /xingrg/javascript/easyui/themes/default/validatebox.css HTTP/1.1" 404 1104
124.78.154.173 - - [29/Mar/2024:09:36:44 +0800] "GET /xingrg/all/function/internal_message.html?_=1711676204716&CODE_STATE=getMsg HTTP/1.1" 200 27
180.169.147.146 - - [29/Mar/2024:09:36:45 +0800] "GET /xingrg/all/function/internal_message.html?_=1711676205749&CODE_STATE=getMsg HTTP/1.1" 200 27
222.69.135.32 - - [29/Mar/2024:09:36:47 +0800] "GET /xingrg/check_reg.html?_=1711676209676 HTTP/1.1" 200 22
222.69.135.32 - - [29/Mar/2024:09:36:47 +0800] "GET /xingrg/all/function/internal_message.html?_=1711676209678&CODE_STATE=getMsg HTTP/1.1" 200 27
116.238.97.31 - - [29/Mar/2024:09:36:49 +0800] "GET /xingrg/kc/buy/cgsh_order_operate.html?command=get_materiel&rest_code=00102&code=00101005036&supplier_code=00100663&order_time=2024-03-29 HTTP/1.1" 200 409
222.70.183.82 - - [29/Mar/2024:09:36:52 +0800] "GET /xingrg/kc/buy/cgsh_order_operate.html?command=get_materiel&rest_code=00111&code=00101008106&supplier_code=00100008&order_time=2024-03-29 HTTP/1.1" 200 412
114.85.113.46 - - [29/Mar/2024:09:36:53 +0800] "GET /xingrg/all/function/internal_message.html?_=1711676211986&CODE_STATE=getMsg HTTP/1.1" 200 27
114.83.222.168 - - [29/Mar/2024:09:36:54 +0800] "GET /xingrg/kc/buy/cgsh_order_operate.html?command=get_materiel&rest_code=00149&code=00101007061&supplier_code=00100096&order_time=2024-03-29 HTTP/1.1" 200 411
116.232.194.112 - - [29/Mar/2024:09:36:57 +0800] "GET /xingrg/all/function/internal_message.html?_=1711676180594&CODE_STATE=getMsg HTTP/1.1" 200 27
124.78.60.103 - - [29/Mar/2024:09:36:57 +0800] "GET /xingrg/all/function/internal_message.html?_=1711676217664&CODE_STATE=getMsg HTTP/1.1" 200 27
116.238.97.31 - - [29/Mar/2024:09:36:57 +0800] "GET /xingrg/kc/buy/cgsh_order_operate.html?command=get_materiel&rest_code=00102&code=00101010161&supplier_code=00100663&order_time=2024-03-29 HTTP/1.1" 200 408
116.238.97.31 - - [29/Mar/2024:09:37:08 +0800] "GET /xingrg/kc/buy/cgsh_order_operate.html?command=get_materiel&rest_code=00102&code=00101002027&supplier_code=00100663&order_time=2024-03-29 HTTP/1.1" 200 413
222.70.168.57 - - [29/Mar/2024:09:37:09 +0800] "GET /xingrg/all/function/internal_message.html?_=1711676247554&CODE_STATE=getMsg HTTP/1.1" 200 27
114.83.222.168 - - [29/Mar/2024:09:37:12 +0800] "GET /xingrg/kc/buy/cgsh_order_operate.html?command=get_materiel&rest_code=00149&code=00101007081&supplier_code=00100096&order_time=2024-03-29 HTTP/1.1" 200 415
222.70.115.1 - - [29/Mar/2024:09:37:13 +0800] "GET /xingrg/all/function/internal_message.html?_=1711676245482&CODE_STATE=getMsg HTTP/1.1" 200 27
114.83.222.168 - - [29/Mar/2024:09:37:15 +0800] "GET /xingrg/all/function/internal_message.html?_=1711676233304&CODE_STATE=getMsg HTTP/1.1" 200 27
116.224.254.208 - - [29/Mar/2024:09:37:15 +0800] "GET /xingrg/all/function/internal_message.html?_=1711676235642&CODE_STATE=getMsg HTTP/1.1" 200 27
101.83.144.49 - - [29/Mar/2024:09:37:20 +0800] "GET /xingrg/all/function/internal_message.html?_=1711676001313&CODE_STATE=getMsg HTTP/1.1" 200 27
116.238.97.31 - - [29/Mar/2024:09:37:20 +0800] "GET /xingrg/kc/buy/cgsh_order_operate.html?command=get_materiel&rest_code=00102&code=00101002022&supplier_code=00100663&order_time=2024-03-29 HTTP/1.1" 200 430
114.83.222.168 - - [29/Mar/2024:09:37:24 +0800] "GET /xingrg/kc/buy/cgsh_order_operate.html?command=get_materiel&rest_code=00149&code=00101007076&supplier_code=00100096&order_time=2024-03-29 HTTP/1.1" 200 410
116.238.97.31 - - [29/Mar/2024:09:37:25 +0800] "GET /xingrg/all/function/internal_message.html?_=1711676246704&CODE_STATE=getMsg HTTP/1.1" 200 27
222.70.183.82 - - [29/Mar/2024:09:37:29 +0800] "POST /xingrg/services/DataTransmitService HTTP/1.1" 200 524
222.70.183.82 - - [29/Mar/2024:09:37:31 +0800] "GET /xingrg/all/function/internal_message.html?_=1711676249015&CODE_STATE=getMsg HTTP/1.1" 200 27
180.164.1.25 - - [29/Mar/2024:09:37:34 +0800] "GET /xingrg/all/function/internal_message.html?_=1711676254648&CODE_STATE=getMsg HTTP/1.1" 200 27
101.228.147.14 - - [29/Mar/2024:09:37:35 +0800] "GET /xingrg/check_reg.html?_=1711676253600 HTTP/1.1" 200 22
101.228.147.14 - - [29/Mar/2024:09:37:35 +0800] "GET /xingrg/all/function/internal_message.html?_=1711676253603&CODE_STATE=getMsg HTTP/1.1" 200 27
114.83.222.168 - - [29/Mar/2024:09:37:40 +0800] "GET /xingrg/kc/buy/cgsh_order_operate.html?command=get_materiel&rest_code=00149&code=00101006111&supplier_code=00100096&order_time=2024-03-29 HTTP/1.1" 200 411
124.78.154.173 - - [29/Mar/2024:09:37:44 +0800] "GET /xingrg/all/function/internal_message.html?_=1711676264715&CODE_STATE=getMsg HTTP/1.1" 200 27
180.169.147.146 - - [29/Mar/2024:09:37:45 +0800] "GET /xingrg/all/function/internal_message.html?_=1711676265739&CODE_STATE=getMsg HTTP/1.1" 200 27
222.69.135.32 - - [29/Mar/2024:09:37:47 +0800] "GET /xingrg/all/function/internal_message.html?_=1711676269678&CODE_STATE=getMsg HTTP/1.1" 200 27
114.85.113.46 - - [29/Mar/2024:09:37:53 +0800] "GET /xingrg/all/function/internal_message.html?_=1711676271989&CODE_STATE=getMsg HTTP/1.1" 200 27
222.70.183.82 - - [29/Mar/2024:09:37:54 +0800] "POST /xingrg/kc/buy/cgsh_order_operate.html HTTP/1.1" 200 37
114.83.222.168 - - [29/Mar/2024:09:37:56 +0800] "GET /xingrg/kc/buy/cgsh_order_operate.html?command=get_materiel&rest_code=00149&code=00101006057&supplier_code=00100096&order_time=2024-03-29 HTTP/1.1" 200 415
116.232.194.112 - - [29/Mar/2024:09:37:57 +0800] "GET /xingrg/all/function/internal_message.html?_=1711676240582&CODE_STATE=getMsg HTTP/1.1" 200 27
124.78.60.103 - - [29/Mar/2024:09:37:57 +0800] "GET /xingrg/all/function/internal_message.html?_=1711676277642&CODE_STATE=getMsg HTTP/1.1" 200 27
222.70.183.82 - - [29/Mar/2024:09:37:59 +0800] "POST /xingrg/kc/buy/cgsh_order_operate.html HTTP/1.1" 200 29861
222.70.183.82 - - [29/Mar/2024:09:38:05 +0800] "GET /xingrg/kc/print/load_config.html?kc_code=cgsh HTTP/1.1" 200 1927
222.70.183.82 - - [29/Mar/2024:09:38:06 +0800] "GET /xingrg/kc/print/load_data.html?order_code=212024032908560&kc_code=cgsh&condition= HTTP/1.1" 200 10956
222.70.168.57 - - [29/Mar/2024:09:38:09 +0800] "GET /xingrg/all/function/internal_message.html?_=1711676307566&CODE_STATE=getMsg HTTP/1.1" 200 27
222.70.115.1 - - [29/Mar/2024:09:38:13 +0800] "GET /xingrg/all/function/internal_message.html?_=1711676305482&CODE_STATE=getMsg HTTP/1.1" 200 27
116.238.97.31 - - [29/Mar/2024:09:38:14 +0800] "GET /xingrg/kc/buy/cgsh_order_operate.html?command=get_materiel&rest_code=00102&code=00101002005&supplier_code=00100663&order_time=2024-03-29 HTTP/1.1" 200 413
114.83.222.168 - - [29/Mar/2024:09:38:15 +0800] "GET /xingrg/all/function/internal_message.html?_=1711676293300&CODE_STATE=getMsg HTTP/1.1" 200 27
114.83.222.168 - - [29/Mar/2024:09:38:15 +0800] "GET /xingrg/kc/buy/cgsh_order_operate.html?command=get_materiel&rest_code=00149&code=00101006062&supplier_code=00100096&order_time=2024-03-29 HTTP/1.1" 200 411
116.224.254.208 - - [29/Mar/2024:09:38:15 +0800] "GET /xingrg/all/function/internal_message.html?_=1711676295634&CODE_STATE=getMsg HTTP/1.1" 200 27
101.83.144.49 - - [29/Mar/2024:09:38:20 +0800] "GET /xingrg/all/function/internal_message.html?_=1711676061314&CODE_STATE=getMsg HTTP/1.1" 200 27
114.85.113.46 - - [29/Mar/2024:09:38:23 +0800] "GET /xingrg/check_reg.html?_=1711676301958 HTTP/1.1" 200 22
116.238.97.31 - - [29/Mar/2024:09:38:25 +0800] "GET /xingrg/all/function/internal_message.html?_=1711676306679&CODE_STATE=getMsg HTTP/1.1" 200 27
222.70.168.57 - - [29/Mar/2024:09:38:29 +0800] "GET /xingrg/kc/buy/cgsh_order_operate.html?command=get_materiel&rest_code=00146&code=00101008261&supplier_code=00100005&order_time=2024-03-29 HTTP/1.1" 200 429
222.70.183.82 - - [29/Mar/2024:09:38:31 +0800] "GET /xingrg/all/function/internal_message.html?_=1711676309014&CODE_STATE=getMsg HTTP/1.1" 200 27
114.83.222.168 - - [29/Mar/2024:09:38:33 +0800] "GET /xingrg/kc/buy/cgsh_order_operate.html?command=get_materiel&rest_code=00149&code=00101006055&supplier_code=00100096&order_time=2024-03-29 HTTP/1.1" 200 411
180.164.1.25 - - [29/Mar/2024:09:38:34 +0800] "GET /xingrg/all/function/internal_message.html?_=1711676314621&CODE_STATE=getMsg HTTP/1.1" 200 27
101.228.147.14 - - [29/Mar/2024:09:38:35 +0800] "GET /xingrg/all/function/internal_message.html?_=1711676313587&CODE_STATE=getMsg HTTP/1.1" 200 27
