124.78.154.173 - - [29/Mar/2024:08:55:08 +0800] "GET /xingrg/javascript/easyui/themes/default/validatebox.css HTTP/1.1" 404 1104
124.78.154.173 - - [29/Mar/2024:08:55:08 +0800] "GET /xingrg/all/common/auto_word.html?type=employee&rest_code=00106 HTTP/1.1" 200 205
124.78.154.173 - - [29/Mar/2024:08:55:08 +0800] "GET /xingrg/all/common/auto_word.html?type=employee&rest_code=00106 HTTP/1.1" 200 205
180.164.1.25 - - [29/Mar/2024:08:55:10 +0800] "GET /xingrg/kc/buy/cgsh_order_operate.html?command=get_materiel&rest_code=00108&code=00101009113&supplier_code=00100007&order_time=2024-03-29 HTTP/1.1" 200 413
222.70.115.1 - - [29/Mar/2024:08:55:13 +0800] "GET /xingrg/all/function/internal_message.html?_=1711673725377&CODE_STATE=getMsg HTTP/1.1" 200 27
116.224.254.208 - - [29/Mar/2024:08:55:14 +0800] "GET /xingrg/all/function/internal_message.html?_=1711673714365&CODE_STATE=getMsg HTTP/1.1" 200 27
124.78.154.173 - - [29/Mar/2024:08:55:18 +0800] "GET /xingrg/javascript/easyui/themes/default/tree.css HTTP/1.1" 404 1090
180.164.1.25 - - [29/Mar/2024:08:55:18 +0800] "GET /xingrg/kc/buy/cgsh_order_operate.html?command=get_materiel&rest_code=00108&code=00101008172&supplier_code=00100007&order_time=2024-03-29 HTTP/1.1" 200 412
124.78.154.173 - - [29/Mar/2024:08:55:18 +0800] "POST /xingrg/all/common/load_tree.html?tree=supplier_tree_json&isDelete=1 HTTP/1.1" 200 79035
180.164.1.25 - - [29/Mar/2024:08:55:20 +0800] "POST /xingrg/kc/buy/cgsh_order_operate.html HTTP/1.1" 200 2065
101.83.144.49 - - [29/Mar/2024:08:55:22 +0800] "GET /xingrg/kc/buy/cgsh_order_operate.html?command=get_materiel&rest_code=00105&code=00101006111&supplier_code=00100096&order_time=2024-03-29 HTTP/1.1" 200 409
114.83.222.168 - - [29/Mar/2024:08:55:22 +0800] "GET /xingrg/kc/buy/cgsh_order_add.html HTTP/1.1" 200 73874
114.83.222.168 - - [29/Mar/2024:08:55:22 +0800] "GET /xingrg/words/20240327135526_words.js HTTP/1.1" 304 -
114.83.222.168 - - [29/Mar/2024:08:55:23 +0800] "POST /xingrg/kc/buy/cgsh_order_operate.html HTTP/1.1" 200 8245
114.83.222.168 - - [29/Mar/2024:08:55:23 +0800] "GET /xingrg/javascript/easyui/themes/default/validatebox.css HTTP/1.1" 404 1104
114.83.222.168 - - [29/Mar/2024:08:55:23 +0800] "GET /xingrg/all/common/auto_word.html?type=employee&rest_code=00149 HTTP/1.1" 200 147
114.83.222.168 - - [29/Mar/2024:08:55:23 +0800] "GET /xingrg/all/common/auto_word.html?type=employee&rest_code=00149 HTTP/1.1" 200 147
116.238.97.31 - - [29/Mar/2024:08:55:26 +0800] "GET /xingrg/all/function/internal_message.html?_=1711673727238&CODE_STATE=getMsg HTTP/1.1" 200 27
180.164.1.25 - - [29/Mar/2024:08:55:26 +0800] "GET /xingrg/kc/buy/cgsh_order_operate.html?command=get_materiel&rest_code=00108&code=00101008215&supplier_code=00100007&order_time=2024-03-29 HTTP/1.1" 200 413
120.253.135.82 - - [29/Mar/2024:08:55:27 +0800] "GET /xingrg/all/function/internal_message.html?_=1711673569701&CODE_STATE=getMsg HTTP/1.1" 200 27
124.78.154.173 - - [29/Mar/2024:08:55:31 +0800] "GET /xingrg/javascript/auto/indicator.gif HTTP/1.1" 404 1066
114.83.222.168 - - [29/Mar/2024:08:55:31 +0800] "GET /xingrg/all/function/internal_message.html?_=1711673729604&CODE_STATE=getMsg HTTP/1.1" 200 27
180.164.1.25 - - [29/Mar/2024:08:55:35 +0800] "GET /xingrg/all/function/internal_message.html?_=1711673735350&CODE_STATE=getMsg HTTP/1.1" 200 27
124.78.154.173 - - [29/Mar/2024:08:55:36 +0800] "GET /xingrg/kc/buy/cgsh_order_operate.html?command=get_materiel&rest_code=00106&code=00101011005&supplier_code=00100096&order_time=2024-03-29 HTTP/1.1" 200 430
180.164.1.25 - - [29/Mar/2024:08:55:39 +0800] "GET /xingrg/kc/buy/cgsh_order_operate.html?command=get_materiel&rest_code=00108&code=00101008095&supplier_code=00100007&order_time=2024-03-29 HTTP/1.1" 200 413
124.78.154.173 - - [29/Mar/2024:08:55:44 +0800] "GET /xingrg/all/function/internal_message.html?_=1711673744672&CODE_STATE=getMsg HTTP/1.1" 200 27
180.164.1.25 - - [29/Mar/2024:08:55:47 +0800] "GET /xingrg/check_reg.html?_=1711673747670 HTTP/1.1" 200 22
101.83.144.49 - - [29/Mar/2024:08:55:53 +0800] "GET /xingrg/kc/buy/cgsh_order_operate.html?command=get_materiel&rest_code=00105&code=00101006177&supplier_code=00100096&order_time=2024-03-29 HTTP/1.1" 200 408
114.85.113.46 - - [29/Mar/2024:08:55:53 +0800] "GET /xingrg/all/function/internal_message.html?_=1711673751902&CODE_STATE=getMsg HTTP/1.1" 200 27
180.164.1.25 - - [29/Mar/2024:08:55:53 +0800] "GET /xingrg/kc/buy/cgsh_order_operate.html?command=get_materiel&rest_code=00108&code=00101008356&supplier_code=00100007&order_time=2024-03-29 HTTP/1.1" 200 408
180.164.1.25 - - [29/Mar/2024:08:55:56 +0800] "POST /xingrg/kc/buy/cgsh_order_operate.html HTTP/1.1" 200 2065
124.78.60.103 - - [29/Mar/2024:08:55:58 +0800] "GET /xingrg/all/function/internal_message.html?_=1711673758385&CODE_STATE=getMsg HTTP/1.1" 200 27
222.70.168.57 - - [29/Mar/2024:08:56:04 +0800] "GET /xingrg/all/function/internal_message.html?_=1711673781622&CODE_STATE=getMsg HTTP/1.1" 200 27
101.83.144.49 - - [29/Mar/2024:08:56:04 +0800] "GET /xingrg/all/function/internal_message.html?_=1711673525920&CODE_STATE=getMsg HTTP/1.1" 200 27
101.83.144.49 - - [29/Mar/2024:08:56:04 +0800] "GET /xingrg/check_reg.html?_=1711673525923 HTTP/1.1" 200 22
124.78.154.173 - - [29/Mar/2024:08:56:04 +0800] "GET /xingrg/kc/buy/cgsh_order_operate.html?command=get_materiel&rest_code=00106&code=00101011001&supplier_code=00100096&order_time=2024-03-29 HTTP/1.1" 200 422
180.164.1.25 - - [29/Mar/2024:08:56:04 +0800] "GET /xingrg/kc/buy/cgsh_order_operate.html?command=get_materiel&rest_code=00108&code=00101008032&supplier_code=00100007&order_time=2024-03-29 HTTP/1.1" 200 408
222.70.115.1 - - [29/Mar/2024:08:56:13 +0800] "GET /xingrg/all/function/internal_message.html?_=1711673785378&CODE_STATE=getMsg HTTP/1.1" 200 27
116.224.254.208 - - [29/Mar/2024:08:56:14 +0800] "GET /xingrg/all/function/internal_message.html?_=1711673774339&CODE_STATE=getMsg HTTP/1.1" 200 27
180.164.1.25 - - [29/Mar/2024:08:56:14 +0800] "GET /xingrg/kc/buy/cgsh_order_operate.html?command=get_materiel&rest_code=00108&code=00101008209&supplier_code=00100007&order_time=2024-03-29 HTTP/1.1" 200 408
124.78.154.173 - - [29/Mar/2024:08:56:17 +0800] "GET /xingrg/kc/buy/cgsh_order_operate.html?command=get_materiel&rest_code=00106&code=00101011007&supplier_code=00100096&order_time=2024-03-29 HTTP/1.1" 200 414
116.238.97.31 - - [29/Mar/2024:08:56:26 +0800] "GET /xingrg/check_reg.html?_=1711673787229 HTTP/1.1" 200 22
116.238.97.31 - - [29/Mar/2024:08:56:26 +0800] "GET /xingrg/all/function/internal_message.html?_=1711673787232&CODE_STATE=getMsg HTTP/1.1" 200 27
120.253.135.82 - - [29/Mar/2024:08:56:26 +0800] "GET /xingrg/check_reg.html?_=1711673628653 HTTP/1.1" 200 22
120.253.135.82 - - [29/Mar/2024:08:56:27 +0800] "GET /xingrg/all/function/internal_message.html?_=1711673629702&CODE_STATE=getMsg HTTP/1.1" 200 27
180.164.1.25 - - [29/Mar/2024:08:56:31 +0800] "GET /xingrg/kc/buy/cgsh_order_operate.html?command=get_materiel&rest_code=00108&code=00101008519&supplier_code=00100007&order_time=2024-03-29 HTTP/1.1" 200 408
114.83.222.168 - - [29/Mar/2024:08:56:31 +0800] "GET /xingrg/all/function/internal_message.html?_=1711673789607&CODE_STATE=getMsg HTTP/1.1" 200 27
180.164.1.25 - - [29/Mar/2024:08:56:35 +0800] "GET /xingrg/all/function/internal_message.html?_=1711673795362&CODE_STATE=getMsg HTTP/1.1" 200 27
101.83.144.49 - - [29/Mar/2024:08:56:37 +0800] "GET /xingrg/kc/buy/cgsh_order_operate.html?command=get_materiel&rest_code=00105&code=00101006122&supplier_code=00100096&order_time=2024-03-29 HTTP/1.1" 200 411
222.70.168.57 - - [29/Mar/2024:08:56:38 +0800] "GET /xingrg/check_reg.html?_=1711673816464 HTTP/1.1" 200 22
180.164.1.25 - - [29/Mar/2024:08:56:42 +0800] "POST /xingrg/kc/buy/cgsh_order_operate.html HTTP/1.1" 200 2065
124.78.154.173 - - [29/Mar/2024:08:56:44 +0800] "GET /xingrg/all/function/internal_message.html?_=1711673804673&CODE_STATE=getMsg HTTP/1.1" 200 27
180.164.1.25 - - [29/Mar/2024:08:56:49 +0800] "GET /xingrg/kc/buy/cgsh_order_operate.html?command=get_materiel&rest_code=00108&code=00101009051&supplier_code=00100007&order_time=2024-03-29 HTTP/1.1" 200 408
114.85.113.46 - - [29/Mar/2024:08:56:53 +0800] "GET /xingrg/all/function/internal_message.html?_=1711673811905&CODE_STATE=getMsg HTTP/1.1" 200 27
124.78.60.103 - - [29/Mar/2024:08:56:58 +0800] "GET /xingrg/all/function/internal_message.html?_=1711673818355&CODE_STATE=getMsg HTTP/1.1" 200 27
180.164.1.25 - - [29/Mar/2024:08:57:00 +0800] "GET /xingrg/kc/buy/cgsh_order_operate.html?command=get_materiel&rest_code=00108&code=00101009011&supplier_code=00100007&order_time=2024-03-29 HTTP/1.1" 200 416
222.70.168.57 - - [29/Mar/2024:08:57:04 +0800] "GET /xingrg/all/function/internal_message.html?_=1711673841627&CODE_STATE=getMsg HTTP/1.1" 200 27
101.83.144.49 - - [29/Mar/2024:08:57:04 +0800] "GET /xingrg/all/function/internal_message.html?_=1711673585923&CODE_STATE=getMsg HTTP/1.1" 200 27
124.78.154.173 - - [29/Mar/2024:08:57:08 +0800] "GET /xingrg/kc/buy/cgsh_order_operate.html?command=get_materiel&rest_code=00106&code=00101016105&supplier_code=00100096&order_time=2024-03-29 HTTP/1.1" 200 411
222.70.115.1 - - [29/Mar/2024:08:57:13 +0800] "GET /xingrg/all/function/internal_message.html?_=1711673845404&CODE_STATE=getMsg HTTP/1.1" 200 27
116.224.254.208 - - [29/Mar/2024:08:57:14 +0800] "GET /xingrg/all/function/internal_message.html?_=1711673834332&CODE_STATE=getMsg HTTP/1.1" 200 27
180.164.1.25 - - [29/Mar/2024:08:57:24 +0800] "GET /xingrg/kc/buy/cgsh_order_operate.html?command=get_materiel&rest_code=00108&code=00101008248&supplier_code=00100007&order_time=2024-03-29 HTTP/1.1" 200 412
116.238.97.31 - - [29/Mar/2024:08:57:26 +0800] "GET /xingrg/all/function/internal_message.html?_=1711673847241&CODE_STATE=getMsg HTTP/1.1" 200 27
120.253.135.82 - - [29/Mar/2024:08:57:27 +0800] "GET /xingrg/all/function/internal_message.html?_=1711673689719&CODE_STATE=getMsg HTTP/1.1" 200 27
114.83.222.168 - - [29/Mar/2024:08:57:31 +0800] "GET /xingrg/all/function/internal_message.html?_=1711673849607&CODE_STATE=getMsg HTTP/1.1" 200 27
124.78.154.173 - - [29/Mar/2024:08:57:34 +0800] "GET /xingrg/kc/buy/cgsh_order_operate.html?command=get_materiel&rest_code=00106&code=00101012029&supplier_code=00100096&order_time=2024-03-29 HTTP/1.1" 200 412
180.164.1.25 - - [29/Mar/2024:08:57:35 +0800] "GET /xingrg/kc/buy/cgsh_order_operate.html?command=get_materiel&rest_code=00108&code=00101009062&supplier_code=00100007&order_time=2024-03-29 HTTP/1.1" 200 412
180.164.1.25 - - [29/Mar/2024:08:57:35 +0800] "GET /xingrg/all/function/internal_message.html?_=1711673855407&CODE_STATE=getMsg HTTP/1.1" 200 27
101.83.144.49 - - [29/Mar/2024:08:57:43 +0800] "GET /xingrg/kc/buy/cgsh_order_operate.html?command=get_materiel&rest_code=00105&code=00101006115&supplier_code=00100096&order_time=2024-03-29 HTTP/1.1" 200 409
124.78.154.173 - - [29/Mar/2024:08:57:43 +0800] "GET /xingrg/kc/buy/cgsh_order_operate.html?command=get_materiel&rest_code=00106&code=00101012003&supplier_code=00100096&order_time=2024-03-29 HTTP/1.1" 200 412
124.78.154.173 - - [29/Mar/2024:08:57:44 +0800] "GET /xingrg/all/function/internal_message.html?_=1711673864670&CODE_STATE=getMsg HTTP/1.1" 200 27
180.164.1.25 - - [29/Mar/2024:08:57:44 +0800] "POST /xingrg/kc/buy/cgsh_order_operate.html HTTP/1.1" 200 2065
114.85.113.46 - - [29/Mar/2024:08:57:53 +0800] "GET /xingrg/all/function/internal_message.html?_=1711673871905&CODE_STATE=getMsg HTTP/1.1" 200 27
180.164.1.25 - - [29/Mar/2024:08:57:53 +0800] "GET /xingrg/kc/buy/cgsh_order_operate.html?command=get_materiel&rest_code=00108&code=00101009012&supplier_code=00100007&order_time=2024-03-29 HTTP/1.1" 200 409
124.78.60.103 - - [29/Mar/2024:08:57:58 +0800] "GET /xingrg/all/function/internal_message.html?_=1711673878345&CODE_STATE=getMsg HTTP/1.1" 200 27
222.70.168.57 - - [29/Mar/2024:08:58:04 +0800] "GET /xingrg/all/function/internal_message.html?_=1711673901641&CODE_STATE=getMsg HTTP/1.1" 200 27
101.83.144.49 - - [29/Mar/2024:08:58:04 +0800] "GET /xingrg/all/function/internal_message.html?_=1711673645921&CODE_STATE=getMsg HTTP/1.1" 200 27
124.78.154.173 - - [29/Mar/2024:08:58:09 +0800] "GET /xingrg/kc/buy/cgsh_order_operate.html?command=get_materiel&rest_code=00106&code=00101007022&supplier_code=00100096&order_time=2024-03-29 HTTP/1.1" 200 414
222.70.115.1 - - [29/Mar/2024:08:58:13 +0800] "GET /xingrg/all/function/internal_message.html?_=1711673905403&CODE_STATE=getMsg HTTP/1.1" 200 27
116.224.254.208 - - [29/Mar/2024:08:58:14 +0800] "GET /xingrg/all/function/internal_message.html?_=1711673894312&CODE_STATE=getMsg HTTP/1.1" 200 27
180.164.1.25 - - [29/Mar/2024:08:58:15 +0800] "POST /xingrg/kc/buy/cgsh_order_operate.html HTTP/1.1" 200 37
180.164.1.25 - - [29/Mar/2024:08:58:18 +0800] "POST /xingrg/kc/buy/cgsh_order_operate.html HTTP/1.1" 200 32209
180.164.1.25 - - [29/Mar/2024:08:58:21 +0800] "GET /xingrg/kc/print/load_config.html?kc_code=cgsh HTTP/1.1" 200 1927
180.164.1.25 - - [29/Mar/2024:08:58:22 +0800] "GET /xingrg/kc/print/load_data.html?order_code=212024032908544&kc_code=cgsh&condition= HTTP/1.1" 200 11896
114.85.113.46 - - [29/Mar/2024:08:58:23 +0800] "GET /xingrg/check_reg.html?_=1711673902081 HTTP/1.1" 200 22
116.238.97.31 - - [29/Mar/2024:08:58:25 +0800] "GET /xingrg/kc/buy/cgsh_order_operate.html?command=get_materiel&rest_code=00102&code=00101008213&supplier_code=00100008&order_time=2024-03-29 HTTP/1.1" 200 412
116.238.97.31 - - [29/Mar/2024:08:58:26 +0800] "GET /xingrg/all/function/internal_message.html?_=1711673907223&CODE_STATE=getMsg HTTP/1.1" 200 27
120.253.135.82 - - [29/Mar/2024:08:58:27 +0800] "GET /xingrg/all/function/internal_message.html?_=1711673749729&CODE_STATE=getMsg HTTP/1.1" 200 27
180.164.1.25 - - [29/Mar/2024:08:58:28 +0800] "GET /xingrg/kc/buy/cgsh_order_add.html HTTP/1.1" 200 73878
180.164.1.25 - - [29/Mar/2024:08:58:28 +0800] "POST /xingrg/kc/buy/cgsh_order_operate.html HTTP/1.1" 200 8245
180.164.1.25 - - [29/Mar/2024:08:58:28 +0800] "GET /xingrg/javascript/easyui/themes/default/validatebox.css HTTP/1.1" 404 1104
114.83.222.168 - - [29/Mar/2024:08:58:31 +0800] "GET /xingrg/check_reg.html?_=1711673909610 HTTP/1.1" 200 22
114.83.222.168 - - [29/Mar/2024:08:58:31 +0800] "GET /xingrg/all/function/internal_message.html?_=1711673909614&CODE_STATE=getMsg HTTP/1.1" 200 27
116.224.254.208 - - [29/Mar/2024:08:58:32 +0800] "GET /xingrg/check_reg.html?_=1711673912813 HTTP/1.1" 200 22
180.164.1.25 - - [29/Mar/2024:08:58:35 +0800] "GET /xingrg/all/function/internal_message.html?_=1711673915388&CODE_STATE=getMsg HTTP/1.1" 200 27
124.78.154.173 - - [29/Mar/2024:08:58:44 +0800] "GET /xingrg/all/function/internal_message.html?_=1711673924670&CODE_STATE=getMsg HTTP/1.1" 200 27
180.171.58.249 - - [29/Mar/2024:08:58:44 +0800] "GET /xingrg/check_reg.html?_=1711673931787 HTTP/1.1" 302 -
124.78.154.173 - - [29/Mar/2024:08:58:47 +0800] "GET /xingrg/kc/buy/cgsh_order_operate.html?command=get_materiel&rest_code=00106&code=00101007072&supplier_code=00100096&order_time=2024-03-29 HTTP/1.1" 200 419
114.85.113.46 - - [29/Mar/2024:08:58:53 +0800] "GET /xingrg/all/function/internal_message.html?_=1711673931918&CODE_STATE=getMsg HTTP/1.1" 200 27
124.78.60.103 - - [29/Mar/2024:08:58:58 +0800] "GET /xingrg/all/function/internal_message.html?_=1711673938330&CODE_STATE=getMsg HTTP/1.1" 200 27
222.70.168.57 - - [29/Mar/2024:08:59:04 +0800] "GET /xingrg/all/function/internal_message.html?_=1711673962091&CODE_STATE=getMsg HTTP/1.1" 200 27
101.83.144.49 - - [29/Mar/2024:08:59:04 +0800] "GET /xingrg/all/function/internal_message.html?_=1711673705922&CODE_STATE=getMsg HTTP/1.1" 200 27
124.78.154.173 - - [29/Mar/2024:08:59:10 +0800] "GET /xingrg/kc/buy/cgsh_order_operate.html?command=get_materiel&rest_code=00106&code=00101007187&supplier_code=00100096&order_time=2024-03-29 HTTP/1.1" 200 414
222.70.115.1 - - [29/Mar/2024:08:59:13 +0800] "GET /xingrg/all/function/internal_message.html?_=1711673965402&CODE_STATE=getMsg HTTP/1.1" 200 27
222.70.115.1 - - [29/Mar/2024:08:59:13 +0800] "GET /xingrg/check_reg.html?_=1711673965403 HTTP/1.1" 200 22
116.224.254.208 - - [29/Mar/2024:08:59:14 +0800] "GET /xingrg/all/function/internal_message.html?_=1711673954294&CODE_STATE=getMsg HTTP/1.1" 200 27
114.83.222.168 - - [29/Mar/2024:08:59:16 +0800] "GET /xingrg/javascript/auto/indicator.gif HTTP/1.1" 404 1066
114.83.222.168 - - [29/Mar/2024:08:59:17 +0800] "GET /xingrg/javascript/jquery_tools/images/prev.gif HTTP/1.1" 404 1086
114.83.222.168 - - [29/Mar/2024:08:59:17 +0800] "GET /xingrg/javascript/jquery_tools/images/next.gif HTTP/1.1" 404 1086
222.69.135.32 - - [29/Mar/2024:08:59:17 +0800] "GET /xingrg/check_reg.html?_=1711673959647 HTTP/1.1" 200 22
101.83.144.49 - - [29/Mar/2024:08:59:20 +0800] "GET /xingrg/kc/buy/cgsh_order_operate.html?command=get_materiel&rest_code=00105&code=00101006184&supplier_code=00100096&order_time=2024-03-29 HTTP/1.1" 200 408
116.238.97.31 - - [29/Mar/2024:08:59:26 +0800] "GET /xingrg/all/function/internal_message.html?_=1711673967218&CODE_STATE=getMsg HTTP/1.1" 200 27
114.83.222.168 - - [29/Mar/2024:08:59:26 +0800] "GET /xingrg/kc/buy/cgsh_order_operate.html?command=get_materiel&rest_code=00149&code=00101010168&supplier_code=00100008&order_time=2024-03-29 HTTP/1.1" 200 413
120.253.135.82 - - [29/Mar/2024:08:59:27 +0800] "GET /xingrg/all/function/internal_message.html?_=1711673809794&CODE_STATE=getMsg HTTP/1.1" 200 27
124.78.60.103 - - [29/Mar/2024:08:59:29 +0800] "GET /xingrg/check_reg.html?_=1711673969813 HTTP/1.1" 200 22
114.83.222.168 - - [29/Mar/2024:08:59:31 +0800] "GET /xingrg/all/function/internal_message.html?_=1711673969608&CODE_STATE=getMsg HTTP/1.1" 200 27
116.238.97.31 - - [29/Mar/2024:08:59:33 +0800] "GET /xingrg/kc/buy/cgsh_order_operate.html?command=get_materiel&rest_code=00102&code=00101008257&supplier_code=00100008&order_time=2024-03-29 HTTP/1.1" 200 416
180.164.1.25 - - [29/Mar/2024:08:59:35 +0800] "GET /xingrg/all/function/internal_message.html?_=1711673975363&CODE_STATE=getMsg HTTP/1.1" 200 27
114.83.222.168 - - [29/Mar/2024:08:59:36 +0800] "GET /xingrg/kc/buy/cgsh_order_operate.html?command=get_materiel&rest_code=00149&code=00101008196&supplier_code=00100008&order_time=2024-03-29 HTTP/1.1" 200 416
124.78.154.173 - - [29/Mar/2024:08:59:44 +0800] "GET /xingrg/check_reg.html?_=1711673984666 HTTP/1.1" 200 22
124.78.154.173 - - [29/Mar/2024:08:59:44 +0800] "GET /xingrg/all/function/internal_message.html?_=1711673984667&CODE_STATE=getMsg HTTP/1.1" 200 27
101.83.144.49 - - [29/Mar/2024:08:59:46 +0800] "GET /xingrg/kc/buy/cgsh_order_operate.html?command=get_materiel&rest_code=00105&code=00101006055&supplier_code=00100096&order_time=2024-03-29 HTTP/1.1" 200 409
124.78.154.173 - - [29/Mar/2024:08:59:51 +0800] "GET /xingrg/kc/buy/cgsh_order_operate.html?command=get_materiel&rest_code=00106&code=00101007081&supplier_code=00100096&order_time=2024-03-29 HTTP/1.1" 200 412
116.238.97.31 - - [29/Mar/2024:08:59:52 +0800] "POST /xingrg/kc/buy/cgsh_order_operate.html HTTP/1.1" 200 37
114.85.113.46 - - [29/Mar/2024:08:59:53 +0800] "GET /xingrg/all/function/internal_message.html?_=1711673991918&CODE_STATE=getMsg HTTP/1.1" 200 27
114.83.222.168 - - [29/Mar/2024:08:59:55 +0800] "GET /xingrg/kc/buy/cgsh_order_operate.html?command=get_materiel&rest_code=00149&code=00101008223&supplier_code=00100008&order_time=2024-03-29 HTTP/1.1" 200 23
116.238.97.31 - - [29/Mar/2024:08:59:55 +0800] "POST /xingrg/kc/buy/cgsh_order_operate.html HTTP/1.1" 200 15665
124.78.60.103 - - [29/Mar/2024:08:59:58 +0800] "GET /xingrg/all/function/internal_message.html?_=1711673998315&CODE_STATE=getMsg HTTP/1.1" 200 27
180.171.58.249 - - [29/Mar/2024:08:59:59 +0800] "GET /xingrg/check_reg.html?_=1711674006306 HTTP/1.1" 302 -
114.83.222.168 - - [29/Mar/2024:09:00:03 +0800] "POST /xingrg/kc/buy/cgsh_order_operate.html HTTP/1.1" 200 37
222.70.168.57 - - [29/Mar/2024:09:00:04 +0800] "GET /xingrg/all/function/internal_message.html?_=1711674022113&CODE_STATE=getMsg HTTP/1.1" 200 27
101.83.144.49 - - [29/Mar/2024:09:00:04 +0800] "GET /xingrg/all/function/internal_message.html?_=1711673765932&CODE_STATE=getMsg HTTP/1.1" 200 27
114.83.222.168 - - [29/Mar/2024:09:00:06 +0800] "POST /xingrg/kc/buy/cgsh_order_operate.html HTTP/1.1" 200 3251
114.83.222.168 - - [29/Mar/2024:09:00:12 +0800] "GET /xingrg/login.html?sysBaseUrl=http%3A%2F%2F180.169.147.146%3A18081%2Fxingrg%2F&costTime=31×tamp=1615347190560 HTTP/1.1" 200 7641
114.83.222.168 - - [29/Mar/2024:09:00:12 +0800] "GET /favicon.ico HTTP/1.1" 404 -
222.70.115.1 - - [29/Mar/2024:09:00:13 +0800] "GET /xingrg/all/function/internal_message.html?_=1711674025401&CODE_STATE=getMsg HTTP/1.1" 200 27
116.224.254.208 - - [29/Mar/2024:09:00:14 +0800] "GET /xingrg/all/function/internal_message.html?_=1711674014280&CODE_STATE=getMsg HTTP/1.1" 200 27
114.83.222.168 - - [29/Mar/2024:09:00:14 +0800] "POST /xingrg/login.do HTTP/1.1" 302 -
114.83.222.168 - - [29/Mar/2024:09:00:14 +0800] "GET /xingrg/index.html?sysBaseUrl=http%3A%2F%2F180.169.147.146%3A18081%2Fxingrg%2F&costTime=823×tamp=1711674014559 HTTP/1.1" 200 17179
114.83.222.168 - - [29/Mar/2024:09:00:14 +0800] "GET /favicon.ico HTTP/1.1" 404 -
114.83.222.168 - - [29/Mar/2024:09:00:14 +0800] "GET /xingrg/all/function/internal_message.html?_=1711674013219&CODE_STATE=count HTTP/1.1" 200 11
114.83.222.168 - - [29/Mar/2024:09:00:14 +0800] "GET /xingrg/check_reg.html?_=1711674013220 HTTP/1.1" 200 22
114.83.222.168 - - [29/Mar/2024:09:00:14 +0800] "POST /xingrg/all/common/load_tree.html?tree=area_rest_tree_json&manage=1 HTTP/1.1" 200 351
114.83.222.168 - - [29/Mar/2024:09:00:15 +0800] "POST /xingrg/load_menu.html HTTP/1.1" 200 5138
101.83.144.49 - - [29/Mar/2024:09:00:26 +0800] "POST /xingrg/services/DataTransmitService HTTP/1.1" 200 524
116.238.97.31 - - [29/Mar/2024:09:00:26 +0800] "GET /xingrg/all/function/internal_message.html?_=1711674027234&CODE_STATE=getMsg HTTP/1.1" 200 27
120.253.135.82 - - [29/Mar/2024:09:00:27 +0800] "GET /xingrg/all/function/internal_message.html?_=1711673869805&CODE_STATE=getMsg HTTP/1.1" 200 27
114.83.222.168 - - [29/Mar/2024:09:00:33 +0800] "GET /xingrg/kc/buy/cgsh_order_list.html HTTP/1.1" 200 58011
180.164.1.25 - - [29/Mar/2024:09:00:35 +0800] "GET /xingrg/all/function/internal_message.html?_=1711674035344&CODE_STATE=getMsg HTTP/1.1" 200 27
114.83.222.168 - - [29/Mar/2024:09:00:37 +0800] "POST /xingrg/kc/buy/cgsh_list_operate.html HTTP/1.1" 200 1385
114.83.222.168 - - [29/Mar/2024:09:00:40 +0800] "POST /xingrg/kc/buy/cgsh_list_operate.html HTTP/1.1" 200 279
114.83.222.168 - - [29/Mar/2024:09:00:42 +0800] "GET /xingrg/kc/buy/cgsh_order_info.html?code=212024032908545 HTTP/1.1" 200 73883
114.83.222.168 - - [29/Mar/2024:09:00:42 +0800] "GET /xingrg/javascript/easyui/themes/default/validatebox.css HTTP/1.1" 404 1104
114.83.222.168 - - [29/Mar/2024:09:00:42 +0800] "GET /xingrg/all/common/auto_word.html?type=employee&rest_code=00149 HTTP/1.1" 200 147
114.83.222.168 - - [29/Mar/2024:09:00:42 +0800] "GET /xingrg/all/common/auto_word.html?type=employee&rest_code=00149 HTTP/1.1" 200 147
114.83.222.168 - - [29/Mar/2024:09:00:43 +0800] "POST /xingrg/kc/buy/cgsh_order_operate.html HTTP/1.1" 200 3251
124.78.154.173 - - [29/Mar/2024:09:00:44 +0800] "GET /xingrg/all/function/internal_message.html?_=1711674044670&CODE_STATE=getMsg HTTP/1.1" 200 27
124.78.154.173 - - [29/Mar/2024:09:00:46 +0800] "GET /xingrg/kc/buy/cgsh_order_operate.html?command=get_materiel&rest_code=00106&code=00101006062&supplier_code=00100096&order_time=2024-03-29 HTTP/1.1" 200 411
114.83.222.168 - - [29/Mar/2024:09:00:47 +0800] "GET /xingrg/javascript/auto/indicator.gif HTTP/1.1" 404 1066
180.164.1.25 - - [29/Mar/2024:09:00:47 +0800] "GET /xingrg/check_reg.html?_=1711674047653 HTTP/1.1" 200 22
114.83.222.168 - - [29/Mar/2024:09:00:52 +0800] "GET /xingrg/kc/buy/cgsh_order_operate.html?command=get_materiel&rest_code=00149&code=00101008223&supplier_code=00100008&order_time=2024-03-29 HTTP/1.1" 200 412
114.85.113.46 - - [29/Mar/2024:09:00:53 +0800] "GET /xingrg/all/function/internal_message.html?_=1711674051918&CODE_STATE=getMsg HTTP/1.1" 200 27
124.78.60.103 - - [29/Mar/2024:09:00:58 +0800] "GET /xingrg/all/function/internal_message.html?_=1711674058287&CODE_STATE=getMsg HTTP/1.1" 200 27
101.83.144.49 - - [29/Mar/2024:09:01:04 +0800] "GET /xingrg/all/function/internal_message.html?_=1711673825930&CODE_STATE=getMsg HTTP/1.1" 200 27
101.83.144.49 - - [29/Mar/2024:09:01:04 +0800] "GET /xingrg/check_reg.html?_=1711673825933 HTTP/1.1" 200 22
222.70.168.57 - - [29/Mar/2024:09:01:04 +0800] "GET /xingrg/all/function/internal_message.html?_=1711674082445&CODE_STATE=getMsg HTTP/1.1" 200 27
124.78.154.173 - - [29/Mar/2024:09:01:05 +0800] "GET /xingrg/kc/buy/cgsh_order_operate.html?command=get_materiel&rest_code=00106&code=00101006123&supplier_code=00100096&order_time=2024-03-29 HTTP/1.1" 200 409
114.83.222.168 - - [29/Mar/2024:09:01:08 +0800] "GET /xingrg/kc/buy/cgsh_order_operate.html?command=get_materiel&rest_code=00149&code=00101008740&supplier_code=00100008&order_time=2024-03-29 HTTP/1.1" 200 413
222.70.115.1 - - [29/Mar/2024:09:01:13 +0800] "GET /xingrg/all/function/internal_message.html?_=1711674085414&CODE_STATE=getMsg HTTP/1.1" 200 27
116.224.254.208 - - [29/Mar/2024:09:01:14 +0800] "GET /xingrg/all/function/internal_message.html?_=1711674074261&CODE_STATE=getMsg HTTP/1.1" 200 27
114.83.222.168 - - [29/Mar/2024:09:01:15 +0800] "GET /xingrg/all/function/internal_message.html?_=1711674073244&CODE_STATE=getMsg HTTP/1.1" 200 27
114.83.222.168 - - [29/Mar/2024:09:01:22 +0800] "GET /xingrg/kc/buy/cgsh_order_operate.html?command=get_materiel&rest_code=00149&code=00101008150&supplier_code=00100008&order_time=2024-03-29 HTTP/1.1" 200 409
116.238.97.31 - - [29/Mar/2024:09:01:26 +0800] "GET /xingrg/check_reg.html?_=1711674087233 HTTP/1.1" 200 22
116.238.97.31 - - [29/Mar/2024:09:01:26 +0800] "GET /xingrg/all/function/internal_message.html?_=1711674087237&CODE_STATE=getMsg HTTP/1.1" 200 27
120.253.135.82 - - [29/Mar/2024:09:01:26 +0800] "GET /xingrg/check_reg.html?_=1711673928700 HTTP/1.1" 200 22
120.253.135.82 - - [29/Mar/2024:09:01:27 +0800] "GET /xingrg/all/function/internal_message.html?_=1711673929817&CODE_STATE=getMsg HTTP/1.1" 200 27
180.164.1.25 - - [29/Mar/2024:09:01:35 +0800] "GET /xingrg/all/function/internal_message.html?_=1711674095330&CODE_STATE=getMsg HTTP/1.1" 200 27
222.70.168.57 - - [29/Mar/2024:09:01:38 +0800] "GET /xingrg/check_reg.html?_=1711674116472 HTTP/1.1" 200 22
124.78.154.173 - - [29/Mar/2024:09:01:40 +0800] "GET /xingrg/kc/buy/cgsh_order_operate.html?command=get_materiel&rest_code=00106&code=00101006372&supplier_code=00100096&order_time=2024-03-29 HTTP/1.1" 200 423
124.78.154.173 - - [29/Mar/2024:09:01:44 +0800] "GET /xingrg/all/function/internal_message.html?_=1711674104678&CODE_STATE=getMsg HTTP/1.1" 200 27
114.83.222.168 - - [29/Mar/2024:09:01:47 +0800] "GET /xingrg/kc/buy/cgsh_order_operate.html?command=get_materiel&rest_code=00149&code=00101008238&supplier_code=00100008&order_time=2024-03-29 HTTP/1.1" 200 416
114.85.113.46 - - [29/Mar/2024:09:01:53 +0800] "GET /xingrg/all/function/internal_message.html?_=1711674111915&CODE_STATE=getMsg HTTP/1.1" 200 27
124.78.154.173 - - [29/Mar/2024:09:01:58 +0800] "GET /xingrg/kc/buy/cgsh_order_operate.html?command=get_materiel&rest_code=00106&code=00101010711&supplier_code=00100096&order_time=2024-03-29 HTTP/1.1" 200 406
124.78.60.103 - - [29/Mar/2024:09:01:58 +0800] "GET /xingrg/all/function/internal_message.html?_=1711674118267&CODE_STATE=getMsg HTTP/1.1" 200 27
114.83.222.168 - - [29/Mar/2024:09:02:00 +0800] "POST /xingrg/kc/buy/cgsh_order_operate.html HTTP/1.1" 200 2065
101.83.144.49 - - [29/Mar/2024:09:02:04 +0800] "GET /xingrg/all/function/internal_message.html?_=1711673885924&CODE_STATE=getMsg HTTP/1.1" 200 27
222.70.168.57 - - [29/Mar/2024:09:02:04 +0800] "GET /xingrg/all/function/internal_message.html?_=1711674142466&CODE_STATE=getMsg HTTP/1.1" 200 27
222.70.115.1 - - [29/Mar/2024:09:02:13 +0800] "GET /xingrg/all/function/internal_message.html?_=1711674145412&CODE_STATE=getMsg HTTP/1.1" 200 27
116.224.254.208 - - [29/Mar/2024:09:02:14 +0800] "GET /xingrg/all/function/internal_message.html?_=1711674134239&CODE_STATE=getMsg HTTP/1.1" 200 27
114.83.222.168 - - [29/Mar/2024:09:02:14 +0800] "GET /xingrg/all/function/internal_message.html?_=1711674133239&CODE_STATE=getMsg HTTP/1.1" 200 27
124.78.154.173 - - [29/Mar/2024:09:02:16 +0800] "GET /xingrg/kc/buy/cgsh_order_operate.html?command=get_materiel&rest_code=00106&code=00101006111&supplier_code=00100096&order_time=2024-03-29 HTTP/1.1" 200 411
116.238.97.31 - - [29/Mar/2024:09:02:26 +0800] "GET /xingrg/all/function/internal_message.html?_=1711674147222&CODE_STATE=getMsg HTTP/1.1" 200 27
120.253.135.82 - - [29/Mar/2024:09:02:27 +0800] "GET /xingrg/all/function/internal_message.html?_=1711673989834&CODE_STATE=getMsg HTTP/1.1" 200 27
114.83.222.168 - - [29/Mar/2024:09:02:29 +0800] "GET /xingrg/kc/buy/cgsh_order_operate.html?command=get_materiel&rest_code=00149&code=00101008167&supplier_code=00100008&order_time=2024-03-29 HTTP/1.1" 200 412
124.78.154.173 - - [29/Mar/2024:09:02:34 +0800] "GET /xingrg/kc/buy/cgsh_order_operate.html?command=get_materiel&rest_code=00106&code=00101006112&supplier_code=00100096&order_time=2024-03-29 HTTP/1.1" 200 411
180.164.1.25 - - [29/Mar/2024:09:02:35 +0800] "GET /xingrg/all/function/internal_message.html?_=1711674155320&CODE_STATE=getMsg HTTP/1.1" 200 27
114.83.222.168 - - [29/Mar/2024:09:02:38 +0800] "GET /xingrg/kc/buy/cgsh_order_operate.html?command=get_materiel&rest_code=00149&code=00101008010&supplier_code=00100008&order_time=2024-03-29 HTTP/1.1" 200 412
124.78.154.173 - - [29/Mar/2024:09:02:43 +0800] "GET /xingrg/kc/buy/cgsh_order_operate.html?command=get_materiel&rest_code=00106&code=00101006056&supplier_code=00100096&order_time=2024-03-29 HTTP/1.1" 200 415
124.78.154.173 - - [29/Mar/2024:09:02:44 +0800] "GET /xingrg/all/function/internal_message.html?_=1711674164672&CODE_STATE=getMsg HTTP/1.1" 200 27
114.83.222.168 - - [29/Mar/2024:09:02:49 +0800] "GET /xingrg/kc/buy/cgsh_order_operate.html?command=get_materiel&rest_code=00149&code=00101008095&supplier_code=00100008&order_time=2024-03-29 HTTP/1.1" 200 413
116.224.254.208 - - [29/Mar/2024:09:02:50 +0800] "GET /xingrg/index.html?sysBaseUrl=http%3A%2F%2F180.169.147.146%3A18081%2Fxingrg%2F&costTime=14×tamp=1698040851670 HTTP/1.1" 302 -
116.224.254.208 - - [29/Mar/2024:09:02:50 +0800] "GET /xingrg/login.html HTTP/1.1" 200 7641
116.224.254.208 - - [29/Mar/2024:09:02:50 +0800] "GET /favicon.ico HTTP/1.1" 404 -
114.85.113.46 - - [29/Mar/2024:09:02:53 +0800] "GET /xingrg/all/function/internal_message.html?_=1711674171920&CODE_STATE=getMsg HTTP/1.1" 200 27
124.78.60.103 - - [29/Mar/2024:09:02:58 +0800] "GET /xingrg/all/function/internal_message.html?_=1711674178241&CODE_STATE=getMsg HTTP/1.1" 200 27
114.83.222.168 - - [29/Mar/2024:09:02:59 +0800] "GET /xingrg/kc/buy/cgsh_order_operate.html?command=get_materiel&rest_code=00149&code=00101008403&supplier_code=00100008&order_time=2024-03-29 HTTP/1.1" 200 412
116.224.254.208 - - [29/Mar/2024:09:03:01 +0800] "POST /xingrg/login.do HTTP/1.1" 302 -
116.224.254.208 - - [29/Mar/2024:09:03:01 +0800] "GET /xingrg/index.html?sysBaseUrl=http%3A%2F%2F180.169.147.146%3A18081%2Fxingrg%2F&costTime=819×tamp=1711674181627 HTTP/1.1" 200 17177
116.224.254.208 - - [29/Mar/2024:09:03:01 +0800] "GET /favicon.ico HTTP/1.1" 404 -
116.224.254.208 - - [29/Mar/2024:09:03:01 +0800] "GET /xingrg/check_reg.html?_=1711674181873 HTTP/1.1" 200 22
116.224.254.208 - - [29/Mar/2024:09:03:01 +0800] "GET /xingrg/all/function/internal_message.html?_=1711674181873&CODE_STATE=count HTTP/1.1" 200 11
116.224.254.208 - - [29/Mar/2024:09:03:01 +0800] "POST /xingrg/all/common/load_tree.html?tree=area_rest_tree_json&manage=1 HTTP/1.1" 200 476
116.224.254.208 - - [29/Mar/2024:09:03:02 +0800] "POST /xingrg/load_menu.html HTTP/1.1" 200 5138
101.83.144.49 - - [29/Mar/2024:09:03:04 +0800] "GET /xingrg/all/function/internal_message.html?_=1711673945918&CODE_STATE=getMsg HTTP/1.1" 200 27
222.70.168.57 - - [29/Mar/2024:09:03:04 +0800] "GET /xingrg/all/function/internal_message.html?_=1711674202475&CODE_STATE=getMsg HTTP/1.1" 200 27
124.78.154.173 - - [29/Mar/2024:09:03:13 +0800] "POST /xingrg/kc/buy/cgsh_order_operate.html HTTP/1.1" 200 37
222.70.115.1 - - [29/Mar/2024:09:03:13 +0800] "GET /xingrg/all/function/internal_message.html?_=1711674205410&CODE_STATE=getMsg HTTP/1.1" 200 27
114.83.222.168 - - [29/Mar/2024:09:03:14 +0800] "GET /xingrg/all/function/internal_message.html?_=1711674193232&CODE_STATE=getMsg HTTP/1.1" 200 27
124.78.154.173 - - [29/Mar/2024:09:03:15 +0800] "POST /xingrg/kc/buy/cgsh_order_operate.html HTTP/1.1" 200 11586
114.83.222.168 - - [29/Mar/2024:09:03:15 +0800] "GET /xingrg/kc/buy/cgsh_order_operate.html?command=get_materiel&rest_code=00149&code=00101008674&supplier_code=00100008&order_time=2024-03-29 HTTP/1.1" 200 413
114.83.222.168 - - [29/Mar/2024:09:03:21 +0800] "POST /xingrg/kc/buy/cgsh_order_operate.html HTTP/1.1" 200 2065
116.238.97.31 - - [29/Mar/2024:09:03:21 +0800] "POST /xingrg/kc/buy/cgsh_order_operate.html HTTP/1.1" 200 37
114.85.113.46 - - [29/Mar/2024:09:03:23 +0800] "GET /xingrg/check_reg.html?_=1711674202062 HTTP/1.1" 200 22
120.253.135.82 - - [29/Mar/2024:09:03:23 +0800] "GET /xingrg/kc/pszx/mdqp_order_list.html?state=10 HTTP/1.1" 200 10319
120.253.135.82 - - [29/Mar/2024:09:03:23 +0800] "GET /xingrg/dwr/interface/AjaxQqpsService.js HTTP/1.1" 200 16326
120.253.135.82 - - [29/Mar/2024:09:03:23 +0800] "GET /xingrg/dwr/interface/AjaxReportQueryService.js HTTP/1.1" 200 13203
120.253.135.82 - - [29/Mar/2024:09:03:23 +0800] "GET /xingrg/dwr/engine.js HTTP/1.1" 200 43631
116.238.97.31 - - [29/Mar/2024:09:03:24 +0800] "POST /xingrg/kc/buy/cgsh_order_operate.html HTTP/1.1" 200 15665
116.238.97.31 - - [29/Mar/2024:09:03:26 +0800] "GET /xingrg/all/function/internal_message.html?_=1711674207260&CODE_STATE=getMsg HTTP/1.1" 200 27
120.253.135.82 - - [29/Mar/2024:09:03:27 +0800] "GET /xingrg/all/function/internal_message.html?_=1711674049844&CODE_STATE=getMsg HTTP/1.1" 200 27
116.232.194.112 - - [29/Mar/2024:09:03:27 +0800] "POST /xingrg/services/DataTransmitService HTTP/1.1" 200 524
120.253.135.82 - - [29/Mar/2024:09:03:32 +0800] "GET /xingrg/kc/pszx/mdqp_order_list.html?state=10 HTTP/1.1" 200 10319
120.253.135.82 - - [29/Mar/2024:09:03:32 +0800] "GET /xingrg/dwr/interface/AjaxQqpsService.js HTTP/1.1" 200 16326
120.253.135.82 - - [29/Mar/2024:09:03:32 +0800] "GET /xingrg/dwr/interface/AjaxReportQueryService.js HTTP/1.1" 200 13203
120.253.135.82 - - [29/Mar/2024:09:03:32 +0800] "GET /xingrg/dwr/engine.js HTTP/1.1" 200 43631
116.224.254.208 - - [29/Mar/2024:09:03:32 +0800] "POST /xingrg/all/user/operate.html HTTP/1.1" 200 36
116.224.254.208 - - [29/Mar/2024:09:03:32 +0800] "GET /xingrg/index.html?sysBaseUrl=http%3A%2F%2F180.169.147.146%3A18081%2Fxingrg%2F&costTime=819×tamp=1711674181627 HTTP/1.1" 200 17179
116.224.254.208 - - [29/Mar/2024:09:03:32 +0800] "GET /xingrg/javascript/jquery_easy_ui/themes/default/easyui.css HTTP/1.1" 304 -
116.224.254.208 - - [29/Mar/2024:09:03:32 +0800] "GET /xingrg/javascript/jquery_easy_ui/themes/icon.css HTTP/1.1" 304 -
116.224.254.208 - - [29/Mar/2024:09:03:32 +0800] "GET /xingrg/css/form.css HTTP/1.1" 304 -
116.224.254.208 - - [29/Mar/2024:09:03:32 +0800] "GET /xingrg/javascript/jquery-1.4.2.min.js HTTP/1.1" 304 -
116.224.254.208 - - [29/Mar/2024:09:03:32 +0800] "GET /xingrg/javascript/jquery_easy_ui/jquery.easyui.min.js HTTP/1.1" 304 -
116.224.254.208 - - [29/Mar/2024:09:03:32 +0800] "GET /xingrg/javascript/jquery_easy_ui/easyui-lang-zh_CN.js HTTP/1.1" 304 -
116.224.254.208 - - [29/Mar/2024:09:03:32 +0800] "GET /xingrg/javascript/jquery.form.js HTTP/1.1" 304 -
116.224.254.208 - - [29/Mar/2024:09:03:32 +0800] "GET /xingrg/javascript/jquery.utils.js HTTP/1.1" 304 -
116.224.254.208 - - [29/Mar/2024:09:03:32 +0800] "GET /xingrg/javascript/jquery.timers.js HTTP/1.1" 304 -
116.224.254.208 - - [29/Mar/2024:09:03:32 +0800] "GET /xingrg/images/blue/jxLogo.png HTTP/1.1" 304 -
116.224.254.208 - - [29/Mar/2024:09:03:32 +0800] "GET /xingrg/images/blue/navBackgound.jpg HTTP/1.1" 304 -
116.224.254.208 - - [29/Mar/2024:09:03:32 +0800] "GET /xingrg/javascript/jquery_easy_ui/themes/icons/settle_new.png HTTP/1.1" 304 -
116.224.254.208 - - [29/Mar/2024:09:03:32 +0800] "GET /xingrg/check_reg.html?_=1711674212870 HTTP/1.1" 200 22
116.224.254.208 - - [29/Mar/2024:09:03:32 +0800] "GET /xingrg/all/function/internal_message.html?_=1711674212869&CODE_STATE=count HTTP/1.1" 200 11
116.224.254.208 - - [29/Mar/2024:09:03:33 +0800] "POST /xingrg/all/common/load_tree.html?tree=area_rest_tree_json&manage=1 HTTP/1.1" 200 476
116.224.254.208 - - [29/Mar/2024:09:03:33 +0800] "POST /xingrg/load_menu.html HTTP/1.1" 200 5138
114.83.222.168 - - [29/Mar/2024:09:03:33 +0800] "GET /xingrg/kc/buy/cgsh_order_operate.html?command=get_materiel&rest_code=00149&code=00101008358&supplier_code=00100008&order_time=2024-03-29 HTTP/1.1" 200 412
120.253.135.82 - - [29/Mar/2024:09:03:34 +0800] "GET /xingrg/kc/pszx/mdqp_order_list.html?state=10 HTTP/1.1" 200 10319
120.253.135.82 - - [29/Mar/2024:09:03:34 +0800] "GET /xingrg/dwr/interface/AjaxQqpsService.js HTTP/1.1" 200 16326
120.253.135.82 - - [29/Mar/2024:09:03:34 +0800] "GET /xingrg/dwr/interface/AjaxReportQueryService.js HTTP/1.1" 200 13203
120.253.135.82 - - [29/Mar/2024:09:03:34 +0800] "GET /xingrg/dwr/engine.js HTTP/1.1" 200 43631
180.164.1.25 - - [29/Mar/2024:09:03:35 +0800] "GET /xingrg/all/function/internal_message.html?_=1711674215304&CODE_STATE=getMsg HTTP/1.1" 200 27
116.224.254.208 - - [29/Mar/2024:09:03:37 +0800] "GET /xingrg/kc/mdqp/pssh_order_list.html HTTP/1.1" 200 17887
116.224.254.208 - - [29/Mar/2024:09:03:38 +0800] "POST /xingrg/kc/mdqp/pssh_list_operate.html HTTP/1.1" 200 5345
116.224.254.208 - - [29/Mar/2024:09:03:39 +0800] "POST /xingrg/kc/mdqp/pssh_list_operate.html HTTP/1.1" 200 255
120.253.135.82 - - [29/Mar/2024:09:03:40 +0800] "GET /xingrg/kc/pszx/mdqp_order_list.html?state=10 HTTP/1.1" 200 10319
120.253.135.82 - - [29/Mar/2024:09:03:40 +0800] "GET /xingrg/dwr/interface/AjaxQqpsService.js HTTP/1.1" 200 16326
120.253.135.82 - - [29/Mar/2024:09:03:40 +0800] "GET /xingrg/dwr/interface/AjaxReportQueryService.js HTTP/1.1" 200 13203
120.253.135.82 - - [29/Mar/2024:09:03:40 +0800] "GET /xingrg/dwr/engine.js HTTP/1.1" 200 43631
116.224.254.208 - - [29/Mar/2024:09:03:41 +0800] "GET /xingrg/kc/mdqp/pssh_order_info.html?code=312024032500425 HTTP/1.1" 200 17299
116.224.254.208 - - [29/Mar/2024:09:03:41 +0800] "GET /xingrg/javascript/jquery_tools/jquery-1.4.2.min.js HTTP/1.1" 404 1094
116.224.254.208 - - [29/Mar/2024:09:03:41 +0800] "GET /xingrg/words/20240327135526_words.js HTTP/1.1" 304 -
116.224.254.208 - - [29/Mar/2024:09:03:41 +0800] "GET /xingrg/javascript/easyui/themes/default/validatebox.css HTTP/1.1" 404 1104
116.224.254.208 - - [29/Mar/2024:09:03:41 +0800] "GET /xingrg/all/common/auto_word.html?type=base&rest_code=00150&rest_code=00150 HTTP/1.1" 200 1853
116.224.254.208 - - [29/Mar/2024:09:03:41 +0800] "GET /xingrg/all/common/auto_word.html?type=employee&rest_code=00150 HTTP/1.1" 200 159
116.224.254.208 - - [29/Mar/2024:09:03:42 +0800] "POST /xingrg/kc/mdqp/pssh_order_operate.html HTTP/1.1" 200 528
114.83.222.168 - - [29/Mar/2024:09:03:42 +0800] "GET /xingrg/kc/buy/cgsh_order_operate.html?command=get_materiel&rest_code=00149&code=00101008096&supplier_code=00100008&order_time=2024-03-29 HTTP/1.1" 200 412
116.224.254.208 - - [29/Mar/2024:09:03:43 +0800] "POST /xingrg/all/common/load_combo.html?type=employee HTTP/1.1" 200 280
124.78.154.173 - - [29/Mar/2024:09:03:44 +0800] "GET /xingrg/all/function/internal_message.html?_=1711674224680&CODE_STATE=getMsg HTTP/1.1" 200 27
180.171.58.249 - - [29/Mar/2024:09:03:44 +0800] "GET /xingrg/check_reg.html?_=1711674231764 HTTP/1.1" 302 -
116.224.254.208 - - [29/Mar/2024:09:03:46 +0800] "POST /xingrg/kc/mdqp/pssh_order_operate.html HTTP/1.1" 200 37
120.253.135.82 - - [29/Mar/2024:09:03:47 +0800] "GET /xingrg/kc/pszx/mdqp_order_list.html?state=10 HTTP/1.1" 200 10319
120.253.135.82 - - [29/Mar/2024:09:03:48 +0800] "GET /xingrg/dwr/interface/AjaxQqpsService.js HTTP/1.1" 200 16326
120.253.135.82 - - [29/Mar/2024:09:03:48 +0800] "GET /xingrg/dwr/interface/AjaxReportQueryService.js HTTP/1.1" 200 13203
120.253.135.82 - - [29/Mar/2024:09:03:48 +0800] "GET /xingrg/dwr/engine.js HTTP/1.1" 200 43631
116.224.254.208 - - [29/Mar/2024:09:03:49 +0800] "POST /xingrg/kc/mdqp/pssh_order_operate.html HTTP/1.1" 200 12
120.253.135.82 - - [29/Mar/2024:09:03:51 +0800] "GET /xingrg/kc/pszx/mdqp_order_list.html?state=10 HTTP/1.1" 200 10319
120.253.135.82 - - [29/Mar/2024:09:03:51 +0800] "GET /xingrg/dwr/interface/AjaxQqpsService.js HTTP/1.1" 200 16326
120.253.135.82 - - [29/Mar/2024:09:03:51 +0800] "GET /xingrg/dwr/interface/AjaxReportQueryService.js HTTP/1.1" 200 13203
120.253.135.82 - - [29/Mar/2024:09:03:51 +0800] "GET /xingrg/dwr/engine.js HTTP/1.1" 200 43631
116.224.254.208 - - [29/Mar/2024:09:03:51 +0800] "GET /xingrg/kc/mdqp/pssh_order_info.html?code=312024032500425 HTTP/1.1" 200 14388
116.224.254.208 - - [29/Mar/2024:09:03:51 +0800] "GET /xingrg/javascript/jquery_tools/jquery-1.4.2.min.js HTTP/1.1" 404 1094
116.224.254.208 - - [29/Mar/2024:09:03:51 +0800] "GET /xingrg/javascript/easyui/themes/default/validatebox.css HTTP/1.1" 404 1104
116.224.254.208 - - [29/Mar/2024:09:03:51 +0800] "POST /xingrg/kc/mdqp/pssh_order_operate.html HTTP/1.1" 200 528
116.224.254.208 - - [29/Mar/2024:09:03:52 +0800] "GET /xingrg/kc/print/load_config.html?kc_code=pssh HTTP/1.1" 200 2368
116.224.254.208 - - [29/Mar/2024:09:03:53 +0800] "GET /xingrg/kc/print/load_data.html?order_code=312024032500425&kc_code=pssh&condition= HTTP/1.1" 200 653
114.85.113.46 - - [29/Mar/2024:09:03:53 +0800] "GET /xingrg/all/function/internal_message.html?_=1711674231925&CODE_STATE=getMsg HTTP/1.1" 200 27
120.253.135.82 - - [29/Mar/2024:09:03:54 +0800] "GET /xingrg/kc/pszx/mdth_order_list.html HTTP/1.1" 200 18457
120.253.135.82 - - [29/Mar/2024:09:03:55 +0800] "POST /xingrg/kc/pszx/mdth_order_new_list.html HTTP/1.1" 200 4737
114.83.222.168 - - [29/Mar/2024:09:03:55 +0800] "GET /xingrg/kc/buy/cgsh_order_operate.html?command=get_materiel&rest_code=00149&code=00101008038&supplier_code=00100008&order_time=2024-03-29 HTTP/1.1" 200 412
120.253.135.82 - - [29/Mar/2024:09:03:57 +0800] "GET /xingrg/kc/pszx/mdqp_order_list.html?state=10 HTTP/1.1" 200 10319
120.253.135.82 - - [29/Mar/2024:09:03:57 +0800] "GET /xingrg/dwr/interface/AjaxQqpsService.js HTTP/1.1" 200 16326
120.253.135.82 - - [29/Mar/2024:09:03:57 +0800] "GET /xingrg/dwr/interface/AjaxReportQueryService.js HTTP/1.1" 200 13203
120.253.135.82 - - [29/Mar/2024:09:03:57 +0800] "GET /xingrg/dwr/engine.js HTTP/1.1" 200 43631
116.224.254.208 - - [29/Mar/2024:09:03:57 +0800] "GET /xingrg/kc/mdqp/pssh_order_list.html?isBack=1 HTTP/1.1" 200 17887
124.78.60.103 - - [29/Mar/2024:09:03:58 +0800] "GET /xingrg/all/function/internal_message.html?_=1711674238213&CODE_STATE=getMsg HTTP/1.1" 200 27
116.224.254.208 - - [29/Mar/2024:09:03:58 +0800] "POST /xingrg/kc/mdqp/pssh_list_operate.html HTTP/1.1" 200 5370
116.224.254.208 - - [29/Mar/2024:09:04:00 +0800] "POST /xingrg/kc/mdqp/pssh_list_operate.html HTTP/1.1" 200 258
116.224.254.208 - - [29/Mar/2024:09:04:02 +0800] "POST /xingrg/kc/mdqp/pssh_list_operate.html HTTP/1.1" 200 380
116.224.254.208 - - [29/Mar/2024:09:04:04 +0800] "POST /xingrg/kc/mdqp/pssh_list_operate.html HTTP/1.1" 200 258
101.83.144.49 - - [29/Mar/2024:09:04:04 +0800] "GET /xingrg/all/function/internal_message.html?_=1711674005926&CODE_STATE=getMsg HTTP/1.1" 200 27
222.70.168.57 - - [29/Mar/2024:09:04:05 +0800] "GET /xingrg/all/function/internal_message.html?_=1711674262774&CODE_STATE=getMsg HTTP/1.1" 200 27
116.224.254.208 - - [29/Mar/2024:09:04:06 +0800] "GET /xingrg/kc/mdqp/pssh_order_info.html?code=312024032800500 HTTP/1.1" 200 17278
116.224.254.208 - - [29/Mar/2024:09:04:06 +0800] "GET /xingrg/javascript/jquery_tools/jquery-1.4.2.min.js HTTP/1.1" 404 1094
116.224.254.208 - - [29/Mar/2024:09:04:06 +0800] "GET /xingrg/javascript/easyui/themes/default/validatebox.css HTTP/1.1" 404 1104
116.224.254.208 - - [29/Mar/2024:09:04:06 +0800] "POST /xingrg/kc/mdqp/pssh_order_operate.html HTTP/1.1" 200 527
116.224.254.208 - - [29/Mar/2024:09:04:10 +0800] "GET /xingrg/javascript/auto/indicator.gif HTTP/1.1" 404 1066
116.224.254.208 - - [29/Mar/2024:09:04:12 +0800] "POST /xingrg/all/common/load_combo.html?type=employee HTTP/1.1" 200 280
222.70.115.1 - - [29/Mar/2024:09:04:13 +0800] "GET /xingrg/check_reg.html?_=1711674265407 HTTP/1.1" 200 22
222.70.115.1 - - [29/Mar/2024:09:04:13 +0800] "GET /xingrg/all/function/internal_message.html?_=1711674265408&CODE_STATE=getMsg HTTP/1.1" 200 27
114.83.222.168 - - [29/Mar/2024:09:04:15 +0800] "GET /xingrg/all/function/internal_message.html?_=1711674253244&CODE_STATE=getMsg HTTP/1.1" 200 27
116.224.254.208 - - [29/Mar/2024:09:04:16 +0800] "POST /xingrg/kc/mdqp/pssh_order_operate.html HTTP/1.1" 200 37
222.69.135.32 - - [29/Mar/2024:09:04:17 +0800] "GET /xingrg/check_reg.html?_=1711674259637 HTTP/1.1" 200 22
116.224.254.208 - - [29/Mar/2024:09:04:18 +0800] "POST /xingrg/kc/mdqp/pssh_order_operate.html HTTP/1.1" 200 12
116.224.254.208 - - [29/Mar/2024:09:04:20 +0800] "GET /xingrg/kc/mdqp/pssh_order_info.html?code=312024032800500 HTTP/1.1" 200 14394
116.224.254.208 - - [29/Mar/2024:09:04:20 +0800] "GET /xingrg/javascript/jquery_tools/jquery-1.4.2.min.js HTTP/1.1" 404 1094
116.224.254.208 - - [29/Mar/2024:09:04:20 +0800] "GET /xingrg/javascript/easyui/themes/default/validatebox.css HTTP/1.1" 404 1104
116.224.254.208 - - [29/Mar/2024:09:04:20 +0800] "POST /xingrg/kc/mdqp/pssh_order_operate.html HTTP/1.1" 200 527
116.224.254.208 - - [29/Mar/2024:09:04:22 +0800] "GET /xingrg/kc/print/load_data.html?order_code=312024032800500&kc_code=pssh&condition= HTTP/1.1" 200 658
120.253.135.82 - - [29/Mar/2024:09:04:23 +0800] "GET /xingrg/kc/pszx/mdqp_order_list.html?state=10 HTTP/1.1" 200 10319
120.253.135.82 - - [29/Mar/2024:09:04:23 +0800] "GET /xingrg/dwr/interface/AjaxReportQueryService.js HTTP/1.1" 200 13203
120.253.135.82 - - [29/Mar/2024:09:04:23 +0800] "GET /xingrg/dwr/interface/AjaxQqpsService.js HTTP/1.1" 200 16326
120.253.135.82 - - [29/Mar/2024:09:04:23 +0800] "GET /xingrg/dwr/engine.js HTTP/1.1" 200 43631
116.238.97.31 - - [29/Mar/2024:09:04:26 +0800] "GET /xingrg/all/function/internal_message.html?_=1711674267241&CODE_STATE=getMsg HTTP/1.1" 200 27
116.224.254.208 - - [29/Mar/2024:09:04:26 +0800] "GET /xingrg/kc/mdqp/pssh_order_list.html?isBack=1 HTTP/1.1" 200 17887
116.224.254.208 - - [29/Mar/2024:09:04:26 +0800] "POST /xingrg/kc/mdqp/pssh_list_operate.html HTTP/1.1" 200 5401
120.253.135.82 - - [29/Mar/2024:09:04:27 +0800] "GET /xingrg/all/function/internal_message.html?_=1711674109858&CODE_STATE=getMsg HTTP/1.1" 200 27
116.224.254.208 - - [29/Mar/2024:09:04:28 +0800] "POST /xingrg/kc/mdqp/pssh_list_operate.html HTTP/1.1" 200 778
124.78.60.103 - - [29/Mar/2024:09:04:29 +0800] "GET /xingrg/check_reg.html?_=1711674269809 HTTP/1.1" 200 22
116.224.254.208 - - [29/Mar/2024:09:04:31 +0800] "POST /xingrg/kc/mdqp/pssh_list_operate.html HTTP/1.1" 200 763
116.224.254.208 - - [29/Mar/2024:09:04:31 +0800] "POST /xingrg/kc/mdqp/pssh_list_operate.html HTTP/1.1" 200 380
116.224.254.208 - - [29/Mar/2024:09:04:32 +0800] "GET /xingrg/all/function/internal_message.html?_=1711674272889&CODE_STATE=getMsg HTTP/1.1" 200 27
120.253.135.82 - - [29/Mar/2024:09:04:33 +0800] "GET /xingrg/kc/pszx/mdqp_order_list.html?state=10 HTTP/1.1" 200 10319
120.253.135.82 - - [29/Mar/2024:09:04:33 +0800] "GET /xingrg/dwr/interface/AjaxReportQueryService.js HTTP/1.1" 200 13203
120.253.135.82 - - [29/Mar/2024:09:04:33 +0800] "GET /xingrg/dwr/engine.js HTTP/1.1" 200 43631
120.253.135.82 - - [29/Mar/2024:09:04:33 +0800] "GET /xingrg/dwr/interface/AjaxQqpsService.js HTTP/1.1" 200 16326
116.224.254.208 - - [29/Mar/2024:09:04:33 +0800] "POST /xingrg/kc/mdqp/pssh_list_operate.html HTTP/1.1" 200 258
180.164.1.25 - - [29/Mar/2024:09:04:35 +0800] "GET /xingrg/all/function/internal_message.html?_=1711674275276&CODE_STATE=getMsg HTTP/1.1" 200 27
116.224.254.208 - - [29/Mar/2024:09:04:37 +0800] "GET /xingrg/kc/buy/cgsh_order_list.html HTTP/1.1" 200 58011
120.253.135.82 - - [29/Mar/2024:09:04:38 +0800] "GET /xingrg/kc/pszx/mdqp_order_list.html?state=10 HTTP/1.1" 200 10319
120.253.135.82 - - [29/Mar/2024:09:04:39 +0800] "GET /xingrg/dwr/interface/AjaxQqpsService.js HTTP/1.1" 200 16326
120.253.135.82 - - [29/Mar/2024:09:04:39 +0800] "GET /xingrg/dwr/interface/AjaxReportQueryService.js HTTP/1.1" 200 13203
120.253.135.82 - - [29/Mar/2024:09:04:39 +0800] "GET /xingrg/dwr/engine.js HTTP/1.1" 200 43631
116.224.254.208 - - [29/Mar/2024:09:04:39 +0800] "POST /xingrg/kc/buy/cgsh_list_operate.html HTTP/1.1" 200 645
120.253.135.82 - - [29/Mar/2024:09:04:41 +0800] "GET /xingrg/kc/pszx/mdps_order_list.html?orderType=0 HTTP/1.1" 200 21033
116.224.254.208 - - [29/Mar/2024:09:04:41 +0800] "GET /xingrg/kc/buy/cgsh_order_add.html HTTP/1.1" 200 73830
116.224.254.208 - - [29/Mar/2024:09:04:41 +0800] "POST /xingrg/kc/buy/cgsh_order_operate.html HTTP/1.1" 200 8245
116.224.254.208 - - [29/Mar/2024:09:04:41 +0800] "GET /xingrg/javascript/easyui/themes/default/validatebox.css HTTP/1.1" 404 1104
120.253.135.82 - - [29/Mar/2024:09:04:41 +0800] "POST /xingrg/kc/pszx/mdps_list_operate.html HTTP/1.1" 200 3173
124.78.154.173 - - [29/Mar/2024:09:04:44 +0800] "GET /xingrg/check_reg.html?_=1711674284681 HTTP/1.1" 200 22
124.78.154.173 - - [29/Mar/2024:09:04:44 +0800] "GET /xingrg/all/function/internal_message.html?_=1711674284682&CODE_STATE=getMsg HTTP/1.1" 200 27
120.253.135.82 - - [29/Mar/2024:09:04:45 +0800] "GET /xingrg/kc/pszx/mdqp_order_list.html?state=10 HTTP/1.1" 200 10319
120.253.135.82 - - [29/Mar/2024:09:04:45 +0800] "GET /xingrg/dwr/interface/AjaxQqpsService.js HTTP/1.1" 200 16326
