116.224.254.208 - - [28/Mar/2024:11:25:34 +0800] "GET /xingrg/all/function/internal_message.html?_=1711596334153&CODE_STATE=getMsg HTTP/1.1" 200 27
114.83.222.216 - - [28/Mar/2024:11:25:34 +0800] "GET /xingrg/check_reg.html?_=1711596333379 HTTP/1.1" 200 22
116.232.194.112 - - [28/Mar/2024:11:25:35 +0800] "POST /xingrg/kc/buy/cgsh_order_operate.html HTTP/1.1" 200 2065
120.253.135.82 - - [28/Mar/2024:11:25:37 +0800] "GET /xingrg/all/function/internal_message.html?_=1711596512037&CODE_STATE=getMsg HTTP/1.1" 200 27
116.224.254.208 - - [28/Mar/2024:11:25:38 +0800] "GET /xingrg/all/function/internal_message.html?_=1711596338412&CODE_STATE=getMsg HTTP/1.1" 200 27
180.169.147.146 - - [28/Mar/2024:11:25:46 +0800] "GET /xingrg/all/function/internal_message.html?_=1711596346197&CODE_STATE=getMsg HTTP/1.1" 200 27
101.83.144.49 - - [28/Mar/2024:11:25:48 +0800] "GET /xingrg/check_reg.html?_=1711596110213 HTTP/1.1" 200 22
101.83.144.49 - - [28/Mar/2024:11:25:49 +0800] "GET /xingrg/all/function/internal_message.html?_=1711596110216&CODE_STATE=getMsg HTTP/1.1" 200 27
180.164.1.25 - - [28/Mar/2024:11:25:50 +0800] "GET /xingrg/all/function/internal_message.html?_=1711596348892&CODE_STATE=getMsg HTTP/1.1" 200 27
180.164.1.25 - - [28/Mar/2024:11:25:50 +0800] "GET /xingrg/check_reg.html?_=1711596348895 HTTP/1.1" 200 22
114.85.113.46 - - [28/Mar/2024:11:25:50 +0800] "GET /xingrg/all/function/internal_message.html?_=1711596349415&CODE_STATE=getMsg HTTP/1.1" 200 27
116.232.194.112 - - [28/Mar/2024:11:25:52 +0800] "POST /xingrg/kc/buy/cgsh_order_operate.html HTTP/1.1" 200 37
120.253.135.82 - - [28/Mar/2024:11:25:55 +0800] "GET /xingrg/all/function/internal_message.html?_=1711596197229&CODE_STATE=getMsg HTTP/1.1" 200 27
116.232.194.112 - - [28/Mar/2024:11:25:57 +0800] "POST /xingrg/kc/buy/cgsh_order_operate.html HTTP/1.1" 200 28740
222.70.115.1 - - [28/Mar/2024:11:25:58 +0800] "GET /xingrg/all/function/internal_message.html?_=1711596370984&CODE_STATE=getMsg HTTP/1.1" 200 27
116.237.78.87 - - [28/Mar/2024:11:26:01 +0800] "GET /xingrg/all/function/internal_message.html?_=1711596362221&CODE_STATE=getMsg HTTP/1.1" 200 27
116.232.194.112 - - [28/Mar/2024:11:26:01 +0800] "GET /xingrg/kc/print/load_data.html?order_code=212024032808256&kc_code=cgsh&condition= HTTP/1.1" 200 10628
120.253.135.82 - - [28/Mar/2024:11:26:02 +0800] "POST /xingrg/kc/pszx/mdps_list_operate.html HTTP/1.1" 200 5320
120.253.135.82 - - [28/Mar/2024:11:26:03 +0800] "POST /xingrg/kc/pszx/mdps_list_operate.html HTTP/1.1" 200 617
120.253.135.82 - - [28/Mar/2024:11:26:04 +0800] "GET /xingrg/kc/pszx/mdps_order_info.html?code=312024032800492 HTTP/1.1" 200 23982
120.253.135.82 - - [28/Mar/2024:11:26:04 +0800] "GET /xingrg/javascript/easyui/themes/default/validatebox.css HTTP/1.1" 404 1104
116.232.194.112 - - [28/Mar/2024:11:26:04 +0800] "GET /xingrg/all/function/internal_message.html?_=1711596328871&CODE_STATE=getMsg HTTP/1.1" 200 27
120.253.135.82 - - [28/Mar/2024:11:26:04 +0800] "GET /xingrg/all/common/auto_word.html?type=base&rest_code=00101 HTTP/1.1" 200 671
120.253.135.82 - - [28/Mar/2024:11:26:04 +0800] "POST /xingrg/kc/pszx/mdps_order_operate.html HTTP/1.1" 200 9294
116.232.194.112 - - [28/Mar/2024:11:26:06 +0800] "GET /xingrg/all/function/internal_message.html?_=1711596331104&CODE_STATE=getMsg HTTP/1.1" 200 27
120.253.135.82 - - [28/Mar/2024:11:26:10 +0800] "POST /xingrg/kc/pszx/mdps_list_operate.html HTTP/1.1" 200 5320
116.232.194.112 - - [28/Mar/2024:11:26:13 +0800] "GET /xingrg/all/function/internal_message.html?_=1711596338262&CODE_STATE=getMsg HTTP/1.1" 200 27
222.70.168.57 - - [28/Mar/2024:11:26:16 +0800] "GET /xingrg/all/function/internal_message.html?_=1711596390828&CODE_STATE=getMsg HTTP/1.1" 200 27
124.78.60.103 - - [28/Mar/2024:11:26:18 +0800] "GET /xingrg/all/function/internal_message.html?_=1711596378348&CODE_STATE=getMsg HTTP/1.1" 200 27
124.78.60.103 - - [28/Mar/2024:11:26:18 +0800] "GET /xingrg/all/function/internal_message.html?_=1711596378740&CODE_STATE=getMsg HTTP/1.1" 200 27
101.83.144.49 - - [28/Mar/2024:11:26:20 +0800] "GET /xingrg/all/function/internal_message.html?_=1711596380683&CODE_STATE=getMsg HTTP/1.1" 200 27
120.253.135.82 - - [28/Mar/2024:11:26:21 +0800] "POST /xingrg/kc/pszx/mdps_list_operate.html HTTP/1.1" 200 5415
180.169.147.146 - - [28/Mar/2024:11:26:24 +0800] "GET /xingrg/all/function/internal_message.html?_=1711596377501&CODE_STATE=getMsg HTTP/1.1" 200 27
114.83.222.216 - - [28/Mar/2024:11:26:34 +0800] "GET /xingrg/all/function/internal_message.html?_=1711596392675&CODE_STATE=getMsg HTTP/1.1" 200 27
116.224.254.208 - - [28/Mar/2024:11:26:34 +0800] "GET /xingrg/all/function/internal_message.html?_=1711596394137&CODE_STATE=getMsg HTTP/1.1" 200 27
116.224.254.208 - - [28/Mar/2024:11:26:36 +0800] "GET /xingrg/check_reg.html?_=1711596395859 HTTP/1.1" 200 22
116.237.78.87 - - [28/Mar/2024:11:26:37 +0800] "GET /xingrg/kc/print/load_data.html?order_code=212024032808210&kc_code=cgsh&condition= HTTP/1.1" 200 1007
120.253.135.82 - - [28/Mar/2024:11:26:37 +0800] "GET /xingrg/all/function/internal_message.html?_=1711596572044&CODE_STATE=getMsg HTTP/1.1" 200 27
116.224.254.208 - - [28/Mar/2024:11:26:38 +0800] "GET /xingrg/check_reg.html?_=1711596398413 HTTP/1.1" 200 22
116.224.254.208 - - [28/Mar/2024:11:26:38 +0800] "GET /xingrg/all/function/internal_message.html?_=1711596398414&CODE_STATE=getMsg HTTP/1.1" 200 27
120.253.135.82 - - [28/Mar/2024:11:26:42 +0800] "POST /xingrg/kc/pszx/mdps_list_operate.html HTTP/1.1" 200 205
120.253.135.82 - - [28/Mar/2024:11:26:45 +0800] "GET /xingrg/kc/pszx/mdps_order_info.html?code=312024032700483 HTTP/1.1" 200 23982
120.253.135.82 - - [28/Mar/2024:11:26:45 +0800] "GET /xingrg/javascript/easyui/themes/default/validatebox.css HTTP/1.1" 404 1104
120.253.135.82 - - [28/Mar/2024:11:26:45 +0800] "GET /xingrg/all/common/auto_word.html?type=base&rest_code=00101 HTTP/1.1" 200 671
120.253.135.82 - - [28/Mar/2024:11:26:45 +0800] "POST /xingrg/kc/pszx/mdps_order_operate.html HTTP/1.1" 200 2291
180.169.147.146 - - [28/Mar/2024:11:26:46 +0800] "GET /xingrg/all/function/internal_message.html?_=1711596406200&CODE_STATE=getMsg HTTP/1.1" 200 27
101.83.144.49 - - [28/Mar/2024:11:26:49 +0800] "GET /xingrg/all/function/internal_message.html?_=1711596170216&CODE_STATE=getMsg HTTP/1.1" 200 27
180.164.1.25 - - [28/Mar/2024:11:26:50 +0800] "GET /xingrg/all/function/internal_message.html?_=1711596408900&CODE_STATE=getMsg HTTP/1.1" 200 27
114.85.113.46 - - [28/Mar/2024:11:26:50 +0800] "GET /xingrg/all/function/internal_message.html?_=1711596409405&CODE_STATE=getMsg HTTP/1.1" 200 27
120.253.135.82 - - [28/Mar/2024:11:26:55 +0800] "GET /xingrg/check_reg.html?_=1711596257132 HTTP/1.1" 200 22
120.253.135.82 - - [28/Mar/2024:11:26:55 +0800] "GET /xingrg/all/function/internal_message.html?_=1711596257242&CODE_STATE=getMsg HTTP/1.1" 200 27
222.70.115.1 - - [28/Mar/2024:11:26:58 +0800] "GET /xingrg/all/function/internal_message.html?_=1711596430991&CODE_STATE=getMsg HTTP/1.1" 200 27
222.70.115.1 - - [28/Mar/2024:11:26:58 +0800] "GET /xingrg/check_reg.html?_=1711596430999 HTTP/1.1" 200 22
116.237.78.87 - - [28/Mar/2024:11:27:01 +0800] "GET /xingrg/check_reg.html?_=1711596422216 HTTP/1.1" 200 22
116.237.78.87 - - [28/Mar/2024:11:27:01 +0800] "GET /xingrg/all/function/internal_message.html?_=1711596422217&CODE_STATE=getMsg HTTP/1.1" 200 27
116.232.194.112 - - [28/Mar/2024:11:27:04 +0800] "GET /xingrg/all/function/internal_message.html?_=1711596388854&CODE_STATE=getMsg HTTP/1.1" 200 27
222.64.60.209 - - [28/Mar/2024:11:27:06 +0800] "POST /xingrg/services/DataTransmitService HTTP/1.1" 200 524
116.232.194.112 - - [28/Mar/2024:11:27:06 +0800] "GET /xingrg/all/function/internal_message.html?_=1711596391100&CODE_STATE=getMsg HTTP/1.1" 200 27
222.64.60.209 - - [28/Mar/2024:11:27:07 +0800] "POST /xingrg/services/DataTransmitService HTTP/1.1" 200 501
222.64.60.209 - - [28/Mar/2024:11:27:07 +0800] "POST /xingrg/services/DataTransmitService HTTP/1.1" 200 501
222.64.60.209 - - [28/Mar/2024:11:27:08 +0800] "POST /xingrg/services/DataTransmitService HTTP/1.1" 200 501
222.64.60.209 - - [28/Mar/2024:11:27:09 +0800] "POST /xingrg/services/DataTransmitService HTTP/1.1" 200 501
222.64.60.209 - - [28/Mar/2024:11:27:09 +0800] "POST /xingrg/services/DataTransmitService HTTP/1.1" 200 501
222.64.60.209 - - [28/Mar/2024:11:27:10 +0800] "POST /xingrg/services/DataTransmitService HTTP/1.1" 200 501
222.64.60.209 - - [28/Mar/2024:11:27:11 +0800] "POST /xingrg/services/DataTransmitService HTTP/1.1" 200 501
222.64.60.209 - - [28/Mar/2024:11:27:11 +0800] "POST /xingrg/services/DataTransmitService HTTP/1.1" 200 412
116.232.194.112 - - [28/Mar/2024:11:27:13 +0800] "GET /xingrg/all/function/internal_message.html?_=1711596398262&CODE_STATE=getMsg HTTP/1.1" 200 27
222.70.168.57 - - [28/Mar/2024:11:27:17 +0800] "GET /xingrg/all/function/internal_message.html?_=1711596451703&CODE_STATE=getMsg HTTP/1.1" 200 27
124.78.60.103 - - [28/Mar/2024:11:27:18 +0800] "GET /xingrg/all/function/internal_message.html?_=1711596438346&CODE_STATE=getMsg HTTP/1.1" 200 27
124.78.60.103 - - [28/Mar/2024:11:27:18 +0800] "GET /xingrg/all/function/internal_message.html?_=1711596438739&CODE_STATE=getMsg HTTP/1.1" 200 27
101.83.144.49 - - [28/Mar/2024:11:27:20 +0800] "GET /xingrg/all/function/internal_message.html?_=1711596440656&CODE_STATE=getMsg HTTP/1.1" 200 27
180.169.147.146 - - [28/Mar/2024:11:27:24 +0800] "GET /xingrg/all/function/internal_message.html?_=1711596437501&CODE_STATE=getMsg HTTP/1.1" 200 27
180.169.147.146 - - [28/Mar/2024:11:27:25 +0800] "GET /xingrg/check_reg.html?_=1711596437673 HTTP/1.1" 200 22
114.83.222.216 - - [28/Mar/2024:11:27:34 +0800] "GET /xingrg/all/function/internal_message.html?_=1711596452663&CODE_STATE=getMsg HTTP/1.1" 200 27
116.224.254.208 - - [28/Mar/2024:11:27:34 +0800] "GET /xingrg/all/function/internal_message.html?_=1711596454122&CODE_STATE=getMsg HTTP/1.1" 200 27
120.253.135.82 - - [28/Mar/2024:11:27:37 +0800] "GET /xingrg/all/function/internal_message.html?_=1711596632045&CODE_STATE=getMsg HTTP/1.1" 200 27
116.224.254.208 - - [28/Mar/2024:11:27:38 +0800] "GET /xingrg/all/function/internal_message.html?_=1711596458425&CODE_STATE=getMsg HTTP/1.1" 200 27
180.169.147.146 - - [28/Mar/2024:11:27:46 +0800] "GET /xingrg/all/function/internal_message.html?_=1711596466194&CODE_STATE=getMsg HTTP/1.1" 200 27
101.83.144.49 - - [28/Mar/2024:11:27:49 +0800] "GET /xingrg/all/function/internal_message.html?_=1711596230217&CODE_STATE=getMsg HTTP/1.1" 200 27
180.164.1.25 - - [28/Mar/2024:11:27:50 +0800] "GET /xingrg/all/function/internal_message.html?_=1711596468905&CODE_STATE=getMsg HTTP/1.1" 200 27
114.85.113.46 - - [28/Mar/2024:11:27:50 +0800] "GET /xingrg/all/function/internal_message.html?_=1711596469404&CODE_STATE=getMsg HTTP/1.1" 200 27
120.253.135.82 - - [28/Mar/2024:11:27:55 +0800] "GET /xingrg/all/function/internal_message.html?_=1711596317256&CODE_STATE=getMsg HTTP/1.1" 200 27
222.70.115.1 - - [28/Mar/2024:11:27:58 +0800] "GET /xingrg/all/function/internal_message.html?_=1711596490993&CODE_STATE=getMsg HTTP/1.1" 200 27
116.237.78.87 - - [28/Mar/2024:11:28:01 +0800] "GET /xingrg/all/function/internal_message.html?_=1711596482229&CODE_STATE=getMsg HTTP/1.1" 200 27
116.232.194.112 - - [28/Mar/2024:11:28:04 +0800] "GET /xingrg/all/function/internal_message.html?_=1711596448859&CODE_STATE=getMsg HTTP/1.1" 200 27
116.232.194.112 - - [28/Mar/2024:11:28:06 +0800] "GET /xingrg/all/function/internal_message.html?_=1711596451109&CODE_STATE=getMsg HTTP/1.1" 200 27
116.232.194.112 - - [28/Mar/2024:11:28:13 +0800] "GET /xingrg/all/function/internal_message.html?_=1711596458257&CODE_STATE=getMsg HTTP/1.1" 200 27
222.70.168.57 - - [28/Mar/2024:11:28:17 +0800] "GET /xingrg/all/function/internal_message.html?_=1711596511714&CODE_STATE=getMsg HTTP/1.1" 200 27
124.78.60.103 - - [28/Mar/2024:11:28:18 +0800] "GET /xingrg/check_reg.html?_=1711596498362 HTTP/1.1" 200 22
124.78.60.103 - - [28/Mar/2024:11:28:18 +0800] "GET /xingrg/all/function/internal_message.html?_=1711596498361&CODE_STATE=getMsg HTTP/1.1" 200 27
124.78.60.103 - - [28/Mar/2024:11:28:18 +0800] "GET /xingrg/all/function/internal_message.html?_=1711596498724&CODE_STATE=getMsg HTTP/1.1" 200 27
101.83.144.49 - - [28/Mar/2024:11:28:20 +0800] "GET /xingrg/all/function/internal_message.html?_=1711596500626&CODE_STATE=getMsg HTTP/1.1" 200 27
101.83.144.49 - - [28/Mar/2024:11:28:23 +0800] "GET /xingrg/check_reg.html?_=1711596503984 HTTP/1.1" 200 22
180.169.147.146 - - [28/Mar/2024:11:28:24 +0800] "GET /xingrg/all/function/internal_message.html?_=1711596497485&CODE_STATE=getMsg HTTP/1.1" 200 27
114.85.113.46 - - [28/Mar/2024:11:28:26 +0800] "GET /xingrg/check_reg.html?_=1711596505321 HTTP/1.1" 200 22
116.238.97.31 - - [28/Mar/2024:11:28:30 +0800] "POST /xingrg/services/DataTransmitService HTTP/1.1" 200 524
116.238.97.31 - - [28/Mar/2024:11:28:31 +0800] "POST /xingrg/services/DataTransmitService HTTP/1.1" 200 501
116.238.97.31 - - [28/Mar/2024:11:28:31 +0800] "POST /xingrg/services/DataTransmitService HTTP/1.1" 200 501
116.238.97.31 - - [28/Mar/2024:11:28:32 +0800] "POST /xingrg/services/DataTransmitService HTTP/1.1" 200 501
116.238.97.31 - - [28/Mar/2024:11:28:32 +0800] "POST /xingrg/services/DataTransmitService HTTP/1.1" 200 501
116.238.97.31 - - [28/Mar/2024:11:28:33 +0800] "POST /xingrg/services/DataTransmitService HTTP/1.1" 200 501
116.238.97.31 - - [28/Mar/2024:11:28:34 +0800] "POST /xingrg/services/DataTransmitService HTTP/1.1" 200 501
114.83.222.216 - - [28/Mar/2024:11:28:34 +0800] "GET /xingrg/all/function/internal_message.html?_=1711596512647&CODE_STATE=getMsg HTTP/1.1" 200 27
116.224.254.208 - - [28/Mar/2024:11:28:34 +0800] "GET /xingrg/all/function/internal_message.html?_=1711596514108&CODE_STATE=getMsg HTTP/1.1" 200 27
116.238.97.31 - - [28/Mar/2024:11:28:34 +0800] "POST /xingrg/services/DataTransmitService HTTP/1.1" 200 412
120.253.135.82 - - [28/Mar/2024:11:28:37 +0800] "GET /xingrg/all/function/internal_message.html?_=1711596692048&CODE_STATE=getMsg HTTP/1.1" 200 27
116.224.254.208 - - [28/Mar/2024:11:28:38 +0800] "GET /xingrg/all/function/internal_message.html?_=1711596518417&CODE_STATE=getMsg HTTP/1.1" 200 27
180.169.147.146 - - [28/Mar/2024:11:28:46 +0800] "GET /xingrg/check_reg.html?_=1711596526195 HTTP/1.1" 200 22
180.169.147.146 - - [28/Mar/2024:11:28:46 +0800] "GET /xingrg/all/function/internal_message.html?_=1711596526197&CODE_STATE=getMsg HTTP/1.1" 200 27
101.83.144.49 - - [28/Mar/2024:11:28:49 +0800] "GET /xingrg/all/function/internal_message.html?_=1711596290217&CODE_STATE=getMsg HTTP/1.1" 200 27
180.164.1.25 - - [28/Mar/2024:11:28:50 +0800] "GET /xingrg/all/function/internal_message.html?_=1711596528892&CODE_STATE=getMsg HTTP/1.1" 200 27
114.85.113.46 - - [28/Mar/2024:11:28:50 +0800] "GET /xingrg/all/function/internal_message.html?_=1711596529411&CODE_STATE=getMsg HTTP/1.1" 200 27
180.171.58.249 - - [28/Mar/2024:11:28:51 +0800] "GET /xingrg/check_reg.html?_=1711596537014 HTTP/1.1" 302 -
120.253.135.82 - - [28/Mar/2024:11:28:55 +0800] "GET /xingrg/all/function/internal_message.html?_=1711596377270&CODE_STATE=getMsg HTTP/1.1" 200 27
222.70.115.1 - - [28/Mar/2024:11:28:58 +0800] "GET /xingrg/all/function/internal_message.html?_=1711596550983&CODE_STATE=getMsg HTTP/1.1" 200 27
116.237.78.87 - - [28/Mar/2024:11:29:01 +0800] "GET /xingrg/all/function/internal_message.html?_=1711596542216&CODE_STATE=getMsg HTTP/1.1" 200 27
116.232.194.112 - - [28/Mar/2024:11:29:04 +0800] "GET /xingrg/check_reg.html?_=1711596508863 HTTP/1.1" 200 22
116.232.194.112 - - [28/Mar/2024:11:29:04 +0800] "GET /xingrg/all/function/internal_message.html?_=1711596508867&CODE_STATE=getMsg HTTP/1.1" 200 27
116.232.194.112 - - [28/Mar/2024:11:29:06 +0800] "GET /xingrg/check_reg.html?_=1711596511108 HTTP/1.1" 200 22
116.232.194.112 - - [28/Mar/2024:11:29:06 +0800] "GET /xingrg/all/function/internal_message.html?_=1711596511115&CODE_STATE=getMsg HTTP/1.1" 200 27
116.232.194.112 - - [28/Mar/2024:11:29:13 +0800] "GET /xingrg/all/function/internal_message.html?_=1711596518248&CODE_STATE=getMsg HTTP/1.1" 200 27
124.78.60.103 - - [28/Mar/2024:11:29:18 +0800] "GET /xingrg/all/function/internal_message.html?_=1711596558360&CODE_STATE=getMsg HTTP/1.1" 200 27
124.78.60.103 - - [28/Mar/2024:11:29:18 +0800] "GET /xingrg/all/function/internal_message.html?_=1711596558709&CODE_STATE=getMsg HTTP/1.1" 200 27
222.70.168.57 - - [28/Mar/2024:11:29:18 +0800] "GET /xingrg/all/function/internal_message.html?_=1711596572771&CODE_STATE=getMsg HTTP/1.1" 200 27
101.83.144.49 - - [28/Mar/2024:11:29:20 +0800] "GET /xingrg/all/function/internal_message.html?_=1711596560598&CODE_STATE=getMsg HTTP/1.1" 200 27
180.169.147.146 - - [28/Mar/2024:11:29:24 +0800] "GET /xingrg/all/function/internal_message.html?_=1711596557468&CODE_STATE=getMsg HTTP/1.1" 200 27
124.78.60.103 - - [28/Mar/2024:11:29:33 +0800] "GET /xingrg/check_reg.html?_=1711596573964 HTTP/1.1" 200 22
114.83.222.216 - - [28/Mar/2024:11:29:34 +0800] "GET /xingrg/all/function/internal_message.html?_=1711596572623&CODE_STATE=getMsg HTTP/1.1" 200 27
116.224.254.208 - - [28/Mar/2024:11:29:34 +0800] "GET /xingrg/all/function/internal_message.html?_=1711596574092&CODE_STATE=getMsg HTTP/1.1" 200 27
116.224.254.208 - - [28/Mar/2024:11:29:37 +0800] "GET /xingrg/kc/buy/cgsh_order_add.html HTTP/1.1" 200 73830
120.253.135.82 - - [28/Mar/2024:11:29:37 +0800] "GET /xingrg/all/function/internal_message.html?_=1711596752053&CODE_STATE=getMsg HTTP/1.1" 200 27
120.253.135.82 - - [28/Mar/2024:11:29:37 +0800] "GET /xingrg/check_reg.html?_=1711596752057 HTTP/1.1" 200 22
116.224.254.208 - - [28/Mar/2024:11:29:38 +0800] "POST /xingrg/kc/buy/cgsh_order_operate.html HTTP/1.1" 200 8245
116.224.254.208 - - [28/Mar/2024:11:29:38 +0800] "GET /xingrg/javascript/easyui/themes/default/validatebox.css HTTP/1.1" 404 1104
116.224.254.208 - - [28/Mar/2024:11:29:38 +0800] "GET /xingrg/all/function/internal_message.html?_=1711596578405&CODE_STATE=getMsg HTTP/1.1" 200 27
180.169.147.146 - - [28/Mar/2024:11:29:46 +0800] "GET /xingrg/all/function/internal_message.html?_=1711596586191&CODE_STATE=getMsg HTTP/1.1" 200 27
116.224.254.208 - - [28/Mar/2024:11:29:46 +0800] "GET /xingrg/kc/base/wldb_order_add.html HTTP/1.1" 200 30388
116.224.254.208 - - [28/Mar/2024:11:29:46 +0800] "POST /xingrg/kc/base/wldb_order_operate.html HTTP/1.1" 200 6806
101.83.144.49 - - [28/Mar/2024:11:29:49 +0800] "GET /xingrg/all/function/internal_message.html?_=1711596350217&CODE_STATE=getMsg HTTP/1.1" 200 27
116.224.254.208 - - [28/Mar/2024:11:29:50 +0800] "GET /xingrg/javascript/easyui/themes/default/validatebox.css HTTP/1.1" 404 1104
180.164.1.25 - - [28/Mar/2024:11:29:50 +0800] "GET /xingrg/all/function/internal_message.html?_=1711596588906&CODE_STATE=getMsg HTTP/1.1" 200 27
114.85.113.46 - - [28/Mar/2024:11:29:50 +0800] "GET /xingrg/all/function/internal_message.html?_=1711596589415&CODE_STATE=getMsg HTTP/1.1" 200 27
116.224.254.208 - - [28/Mar/2024:11:29:54 +0800] "GET /xingrg/kc/base/wldb_order_operate.html?command=get_materiel&rest_code=00150&base_code=0010446&code=00102034130 HTTP/1.1" 200 464
120.253.135.82 - - [28/Mar/2024:11:29:55 +0800] "GET /xingrg/all/function/internal_message.html?_=1711596437296&CODE_STATE=getMsg HTTP/1.1" 200 27
101.228.147.14 - - [28/Mar/2024:11:29:58 +0800] "POST /xingrg/login.do HTTP/1.1" 302 -
101.228.147.14 - - [28/Mar/2024:11:29:58 +0800] "GET /xingrg/index.html?sysBaseUrl=http%3A%2F%2F180.169.147.146%3A18081%2Fxingrg%2F&costTime=867×tamp=1711596598083 HTTP/1.1" 200 17179
101.228.147.14 - - [28/Mar/2024:11:29:58 +0800] "GET /xingrg/javascript/jquery_easy_ui/themes/icon.css HTTP/1.1" 304 -
101.228.147.14 - - [28/Mar/2024:11:29:58 +0800] "GET /xingrg/javascript/jquery_easy_ui/themes/default/easyui.css HTTP/1.1" 304 -
101.228.147.14 - - [28/Mar/2024:11:29:58 +0800] "GET /xingrg/javascript/jquery.form.js HTTP/1.1" 304 -
101.228.147.14 - - [28/Mar/2024:11:29:58 +0800] "GET /xingrg/css/form.css HTTP/1.1" 304 -
101.228.147.14 - - [28/Mar/2024:11:29:58 +0800] "GET /xingrg/javascript/jquery-1.4.2.min.js HTTP/1.1" 304 -
101.228.147.14 - - [28/Mar/2024:11:29:58 +0800] "GET /xingrg/javascript/jquery.utils.js HTTP/1.1" 304 -
101.228.147.14 - - [28/Mar/2024:11:29:58 +0800] "GET /xingrg/javascript/jquery_easy_ui/easyui-lang-zh_CN.js HTTP/1.1" 304 -
101.228.147.14 - - [28/Mar/2024:11:29:58 +0800] "GET /xingrg/javascript/jquery_easy_ui/jquery.easyui.min.js HTTP/1.1" 304 -
101.228.147.14 - - [28/Mar/2024:11:29:58 +0800] "GET /xingrg/javascript/jquery.timers.js HTTP/1.1" 304 -
101.228.147.14 - - [28/Mar/2024:11:29:58 +0800] "GET /favicon.ico HTTP/1.1" 404 -
101.228.147.14 - - [28/Mar/2024:11:29:58 +0800] "GET /xingrg/javascript/jquery_easy_ui/themes/icons/settle_new.png HTTP/1.1" 304 -
101.228.147.14 - - [28/Mar/2024:11:29:58 +0800] "GET /xingrg/images/blue/navBackgound.jpg HTTP/1.1" 304 -
222.70.115.1 - - [28/Mar/2024:11:29:58 +0800] "GET /xingrg/all/function/internal_message.html?_=1711596610989&CODE_STATE=getMsg HTTP/1.1" 200 27
101.228.147.14 - - [28/Mar/2024:11:29:58 +0800] "POST /xingrg/all/common/load_tree.html?tree=area_rest_tree_json&manage=1 HTTP/1.1" 200 351
101.228.147.14 - - [28/Mar/2024:11:29:58 +0800] "GET /xingrg/check_reg.html?_=1711596598598 HTTP/1.1" 200 22
101.228.147.14 - - [28/Mar/2024:11:29:58 +0800] "GET /xingrg/all/function/internal_message.html?_=1711596598597&CODE_STATE=count HTTP/1.1" 200 11
101.228.147.14 - - [28/Mar/2024:11:29:58 +0800] "GET /xingrg/images/blue/pingpu.png HTTP/1.1" 304 -
101.228.147.14 - - [28/Mar/2024:11:29:58 +0800] "GET /xingrg/javascript/jquery_easy_ui/themes/default/images/tabs_leftarrow.png HTTP/1.1" 304 -
101.228.147.14 - - [28/Mar/2024:11:29:58 +0800] "GET /xingrg/javascript/jquery_easy_ui/themes/default/images/tabs_rightarrow.png HTTP/1.1" 304 -
101.228.147.14 - - [28/Mar/2024:11:29:58 +0800] "GET /xingrg/javascript/jquery_easy_ui/themes/default/images/panel_tool_collapse.gif HTTP/1.1" 304 -
101.228.147.14 - - [28/Mar/2024:11:29:58 +0800] "POST /xingrg/load_menu.html HTTP/1.1" 200 5138
101.228.147.14 - - [28/Mar/2024:11:29:58 +0800] "GET /xingrg/javascript/jquery_easy_ui/themes/default/images/tree_arrows.gif HTTP/1.1" 304 -
101.228.147.14 - - [28/Mar/2024:11:29:58 +0800] "GET /xingrg/javascript/jquery_easy_ui/themes/default/images/tree_folder_open.gif HTTP/1.1" 304 -
101.228.147.14 - - [28/Mar/2024:11:29:58 +0800] "GET /xingrg/javascript/jquery_easy_ui/themes/icons/search_new.png HTTP/1.1" 304 -
101.228.147.14 - - [28/Mar/2024:11:29:58 +0800] "GET /xingrg/javascript/jquery_easy_ui/themes/default/images/tree_folder.gif HTTP/1.1" 304 -
101.228.147.14 - - [28/Mar/2024:11:29:58 +0800] "GET /xingrg/javascript/jquery_easy_ui/themes/icons/storage_new.png HTTP/1.1" 304 -
101.228.147.14 - - [28/Mar/2024:11:29:58 +0800] "GET /xingrg/javascript/jquery_easy_ui/themes/icons/forms_new.png HTTP/1.1" 304 -
101.228.147.14 - - [28/Mar/2024:11:29:58 +0800] "GET /xingrg/javascript/jquery_easy_ui/themes/default/images/tree_file.gif HTTP/1.1" 304 -
116.224.254.208 - - [28/Mar/2024:11:29:59 +0800] "GET /xingrg/kc/base/wldb_order_operate.html?command=get_materiel&rest_code=00150&base_code=0010446&code=00102002238 HTTP/1.1" 200 434
101.228.147.14 - - [28/Mar/2024:11:30:00 +0800] "GET /xingrg/javascript/jquery_easy_ui/themes/icons/area.png HTTP/1.1" 304 -
101.228.147.14 - - [28/Mar/2024:11:30:00 +0800] "GET /xingrg/javascript/jquery_easy_ui/themes/icons/rest.png HTTP/1.1" 304 -
116.237.78.87 - - [28/Mar/2024:11:30:01 +0800] "GET /xingrg/all/function/internal_message.html?_=1711596602216&CODE_STATE=getMsg HTTP/1.1" 200 27
116.232.194.112 - - [28/Mar/2024:11:30:04 +0800] "GET /xingrg/all/function/internal_message.html?_=1711596568848&CODE_STATE=getMsg HTTP/1.1" 200 27
116.224.254.208 - - [28/Mar/2024:11:30:04 +0800] "POST /xingrg/kc/base/wldb_order_operate.html HTTP/1.1" 200 37
180.171.58.249 - - [28/Mar/2024:11:30:05 +0800] "GET /xingrg/check_reg.html?_=1711596611170 HTTP/1.1" 302 -
116.232.194.112 - - [28/Mar/2024:11:30:06 +0800] "GET /xingrg/all/function/internal_message.html?_=1711596571107&CODE_STATE=getMsg HTTP/1.1" 200 27
116.224.254.208 - - [28/Mar/2024:11:30:10 +0800] "POST /xingrg/kc/base/wldb_order_operate.html HTTP/1.1" 200 12
116.224.254.208 - - [28/Mar/2024:11:30:11 +0800] "POST /xingrg/kc/base/wldb_order_operate.html HTTP/1.1" 200 2686
101.228.147.14 - - [28/Mar/2024:11:30:11 +0800] "GET /xingrg/javascript/jquery_easy_ui/themes/default/images/tabs_close.gif HTTP/1.1" 304 -
222.70.168.57 - - [28/Mar/2024:11:30:12 +0800] "GET /xingrg/check_reg.html?_=1711596626437 HTTP/1.1" 200 22
101.228.147.14 - - [28/Mar/2024:11:30:12 +0800] "GET /xingrg/kc/buy/cgsh_order_list.html HTTP/1.1" 200 58011
101.228.147.14 - - [28/Mar/2024:11:30:12 +0800] "GET /xingrg/css/base.css HTTP/1.1" 304 -
101.228.147.14 - - [28/Mar/2024:11:30:12 +0800] "GET /xingrg/javascript/jquery_tools/datebox.css HTTP/1.1" 304 -
101.228.147.14 - - [28/Mar/2024:11:30:12 +0800] "GET /xingrg/css/site.css HTTP/1.1" 304 -
101.228.147.14 - - [28/Mar/2024:11:30:12 +0800] "GET /xingrg/javascript/easyui/themes/default/easyui.css HTTP/1.1" 304 -
101.228.147.14 - - [28/Mar/2024:11:30:12 +0800] "GET /xingrg/javascript/easyui/themes/icon.css HTTP/1.1" 304 -
101.228.147.14 - - [28/Mar/2024:11:30:12 +0800] "GET /xingrg/javascript/auto/jquery.autocomplete.css HTTP/1.1" 304 -
101.228.147.14 - - [28/Mar/2024:11:30:12 +0800] "GET /xingrg/javascript/jquery_tools/fix.css HTTP/1.1" 304 -
101.228.147.14 - - [28/Mar/2024:11:30:12 +0800] "GET /xingrg/javascript/jquery_tools/table.css HTTP/1.1" 304 -
101.228.147.14 - - [28/Mar/2024:11:30:12 +0800] "GET /xingrg/javascript/jquery_tools/jquery.tools.min.js HTTP/1.1" 304 -
101.228.147.14 - - [28/Mar/2024:11:30:12 +0800] "GET /xingrg/javascript/jquery_tools/jquery.tools.extend.js HTTP/1.1" 304 -
101.228.147.14 - - [28/Mar/2024:11:30:12 +0800] "GET /xingrg/javascript/jquery_tools/jquery.tools.hotkey.js HTTP/1.1" 304 -
101.228.147.14 - - [28/Mar/2024:11:30:12 +0800] "GET /xingrg/javascript/jquery_tools/jquery.tools.table.js HTTP/1.1" 304 -
101.228.147.14 - - [28/Mar/2024:11:30:12 +0800] "GET /xingrg/javascript/jquery_tools/list_manager.js HTTP/1.1" 304 -
101.228.147.14 - - [28/Mar/2024:11:30:12 +0800] "GET /xingrg/javascript/auto/jquery.autocomplete.js HTTP/1.1" 304 -
101.228.147.14 - - [28/Mar/2024:11:30:12 +0800] "GET /xingrg/javascript/easyui/easyloader.js HTTP/1.1" 304 -
101.228.147.14 - - [28/Mar/2024:11:30:12 +0800] "GET /xingrg/javascript/jquery.cookie.js HTTP/1.1" 304 -
101.228.147.14 - - [28/Mar/2024:11:30:12 +0800] "GET /xingrg/javascript/print/LodopFuncs.js HTTP/1.1" 304 -
116.224.254.208 - - [28/Mar/2024:11:30:12 +0800] "GET /xingrg/kc/base/wldb_order_info.html?code=422024032801977 HTTP/1.1" 200 26266
101.228.147.14 - - [28/Mar/2024:11:30:13 +0800] "GET /xingrg/javascript/easyui/themes/icons/edit_add_new.png HTTP/1.1" 304 -
101.228.147.14 - - [28/Mar/2024:11:30:13 +0800] "GET /xingrg/javascript/easyui/themes/icons/cance_new.png HTTP/1.1" 304 -
101.228.147.14 - - [28/Mar/2024:11:30:13 +0800] "GET /xingrg/javascript/easyui/themes/icons/check_new.png HTTP/1.1" 304 -
101.228.147.14 - - [28/Mar/2024:11:30:13 +0800] "GET /xingrg/javascript/easyui/themes/icons/field_new.png HTTP/1.1" 304 -
101.228.147.14 - - [28/Mar/2024:11:30:13 +0800] "GET /xingrg/javascript/easyui/themes/icons/import_new.png HTTP/1.1" 304 -
116.224.254.208 - - [28/Mar/2024:11:30:13 +0800] "GET /xingrg/javascript/easyui/themes/default/validatebox.css HTTP/1.1" 404 1104
101.228.147.14 - - [28/Mar/2024:11:30:13 +0800] "GET /xingrg/javascript/easyui/plugins/jquery.parser.js HTTP/1.1" 304 -
101.228.147.14 - - [28/Mar/2024:11:30:13 +0800] "GET /xingrg/images/control/ajaxLoader.gif HTTP/1.1" 304 -
116.224.254.208 - - [28/Mar/2024:11:30:13 +0800] "POST /xingrg/kc/base/wldb_order_operate.html HTTP/1.1" 200 968
116.232.194.112 - - [28/Mar/2024:11:30:13 +0800] "GET /xingrg/all/function/internal_message.html?_=1711596578258&CODE_STATE=getMsg HTTP/1.1" 200 27
116.232.194.112 - - [28/Mar/2024:11:30:13 +0800] "GET /xingrg/check_reg.html?_=1711596578263 HTTP/1.1" 200 22
124.78.60.103 - - [28/Mar/2024:11:30:18 +0800] "GET /xingrg/all/function/internal_message.html?_=1711596618359&CODE_STATE=getMsg HTTP/1.1" 200 27
124.78.60.103 - - [28/Mar/2024:11:30:18 +0800] "GET /xingrg/all/function/internal_message.html?_=1711596618700&CODE_STATE=getMsg HTTP/1.1" 200 27
222.70.168.57 - - [28/Mar/2024:11:30:18 +0800] "GET /xingrg/all/function/internal_message.html?_=1711596632787&CODE_STATE=getMsg HTTP/1.1" 200 27
101.228.147.14 - - [28/Mar/2024:11:30:19 +0800] "POST /xingrg/kc/buy/cgsh_list_operate.html HTTP/1.1" 200 1669
101.83.144.49 - - [28/Mar/2024:11:30:20 +0800] "GET /xingrg/all/function/internal_message.html?_=1711596620579&CODE_STATE=getMsg HTTP/1.1" 200 27
180.169.147.146 - - [28/Mar/2024:11:30:24 +0800] "GET /xingrg/kc/report/report_main.html HTTP/1.1" 200 8599
180.169.147.146 - - [28/Mar/2024:11:30:24 +0800] "GET /xingrg/all/function/internal_message.html?_=1711596617451&CODE_STATE=getMsg HTTP/1.1" 200 27
180.169.147.146 - - [28/Mar/2024:11:30:25 +0800] "GET /xingrg/all/report/report_query.html?fileName=kc/buy/wlcg_mx.xml HTTP/1.1" 200 51648
180.169.147.146 - - [28/Mar/2024:11:30:25 +0800] "GET /xingrg/dwr/interface/AjaxReportQueryService.js HTTP/1.1" 200 13203
180.169.147.146 - - [28/Mar/2024:11:30:25 +0800] "GET /xingrg/dwr/engine.js HTTP/1.1" 200 43631
180.169.147.146 - - [28/Mar/2024:11:30:25 +0800] "POST /xingrg/dwr/call/plaincall/AjaxReportQueryService.getFixDate.dwr HTTP/1.1" 200 111
180.169.147.146 - - [28/Mar/2024:11:30:25 +0800] "POST /xingrg/dwr/call/plaincall/AjaxReportQueryService.getInitString.dwr HTTP/1.1" 200 37412
180.169.147.146 - - [28/Mar/2024:11:30:26 +0800] "POST /xingrg/dwr/call/plaincall/AjaxReportQueryService.getInitString.dwr HTTP/1.1" 200 489
180.169.147.146 - - [28/Mar/2024:11:30:27 +0800] "POST /xingrg/dwr/call/plaincall/AjaxReportQueryService.getInitString.dwr HTTP/1.1" 200 125
114.83.222.216 - - [28/Mar/2024:11:30:34 +0800] "GET /xingrg/all/function/internal_message.html?_=1711596632608&CODE_STATE=getMsg HTTP/1.1" 200 27
116.224.254.208 - - [28/Mar/2024:11:30:34 +0800] "GET /xingrg/all/function/internal_message.html?_=1711596634074&CODE_STATE=getMsg HTTP/1.1" 200 27
114.83.222.216 - - [28/Mar/2024:11:30:34 +0800] "GET /xingrg/check_reg.html?_=1711596633392 HTTP/1.1" 200 22
180.169.147.146 - - [28/Mar/2024:11:30:36 +0800] "POST /xingrg/dwr/call/plaincall/AjaxReportQueryService.refreshCache.dwr HTTP/1.1" 200 78
120.253.135.82 - - [28/Mar/2024:11:30:37 +0800] "GET /xingrg/all/function/internal_message.html?_=1711596812057&CODE_STATE=getMsg HTTP/1.1" 200 27
116.224.254.208 - - [28/Mar/2024:11:30:38 +0800] "GET /xingrg/all/function/internal_message.html?_=1711596638411&CODE_STATE=getMsg HTTP/1.1" 200 27
180.169.147.146 - - [28/Mar/2024:11:30:43 +0800] "POST /xingrg/all/report/load_report_page.html HTTP/1.1" 200 28850
180.169.147.146 - - [28/Mar/2024:11:30:43 +0800] "GET /xingrg/servlets/image?cache=0.9879449854393433&image=px HTTP/1.1" 200 807
180.169.147.146 - - [28/Mar/2024:11:30:46 +0800] "GET /xingrg/all/function/internal_message.html?_=1711596646187&CODE_STATE=getMsg HTTP/1.1" 200 27
101.83.144.49 - - [28/Mar/2024:11:30:49 +0800] "GET /xingrg/check_reg.html?_=1711596410221 HTTP/1.1" 200 22
101.83.144.49 - - [28/Mar/2024:11:30:49 +0800] "GET /xingrg/all/function/internal_message.html?_=1711596410224&CODE_STATE=getMsg HTTP/1.1" 200 27
180.164.1.25 - - [28/Mar/2024:11:30:50 +0800] "GET /xingrg/check_reg.html?_=1711596648902 HTTP/1.1" 200 22
180.164.1.25 - - [28/Mar/2024:11:30:50 +0800] "GET /xingrg/all/function/internal_message.html?_=1711596648903&CODE_STATE=getMsg HTTP/1.1" 200 27
114.85.113.46 - - [28/Mar/2024:11:30:50 +0800] "GET /xingrg/all/function/internal_message.html?_=1711596649415&CODE_STATE=getMsg HTTP/1.1" 200 27
120.253.135.82 - - [28/Mar/2024:11:30:55 +0800] "GET /xingrg/all/function/internal_message.html?_=1711596497297&CODE_STATE=getMsg HTTP/1.1" 200 27
222.70.115.1 - - [28/Mar/2024:11:30:58 +0800] "GET /xingrg/all/function/internal_message.html?_=1711596670994&CODE_STATE=getMsg HTTP/1.1" 200 27
101.228.147.14 - - [28/Mar/2024:11:30:58 +0800] "GET /xingrg/all/function/internal_message.html?_=1711596658605&CODE_STATE=getMsg HTTP/1.1" 200 27
116.237.78.87 - - [28/Mar/2024:11:31:01 +0800] "GET /xingrg/all/function/internal_message.html?_=1711596662232&CODE_STATE=getMsg HTTP/1.1" 200 27
116.232.194.112 - - [28/Mar/2024:11:31:04 +0800] "GET /xingrg/all/function/internal_message.html?_=1711596628847&CODE_STATE=getMsg HTTP/1.1" 200 27
116.232.194.112 - - [28/Mar/2024:11:31:06 +0800] "GET /xingrg/all/function/internal_message.html?_=1711596631106&CODE_STATE=getMsg HTTP/1.1" 200 27
116.237.78.87 - - [28/Mar/2024:11:31:12 +0800] "POST /xingrg/kc/buy/cgsh_list_operate.html HTTP/1.1" 200 4740
116.232.194.112 - - [28/Mar/2024:11:31:13 +0800] "GET /xingrg/all/function/internal_message.html?_=1711596638263&CODE_STATE=getMsg HTTP/1.1" 200 27
124.78.60.103 - - [28/Mar/2024:11:31:18 +0800] "GET /xingrg/all/function/internal_message.html?_=1711596678357&CODE_STATE=getMsg HTTP/1.1" 200 27
124.78.60.103 - - [28/Mar/2024:11:31:18 +0800] "GET /xingrg/all/function/internal_message.html?_=1711596678676&CODE_STATE=getMsg HTTP/1.1" 200 27
222.70.168.57 - - [28/Mar/2024:11:31:18 +0800] "GET /xingrg/all/function/internal_message.html?_=1711596692799&CODE_STATE=getMsg HTTP/1.1" 200 27
101.83.144.49 - - [28/Mar/2024:11:31:20 +0800] "GET /xingrg/all/function/internal_message.html?_=1711596680555&CODE_STATE=getMsg HTTP/1.1" 200 27
116.237.78.87 - - [28/Mar/2024:11:31:20 +0800] "POST /xingrg/kc/buy/cgsh_list_operate.html HTTP/1.1" 200 569
116.237.78.87 - - [28/Mar/2024:11:31:22 +0800] "GET /xingrg/kc/buy/cgsh_order_info.html?code=212024032808213 HTTP/1.1" 200 68691
116.237.78.87 - - [28/Mar/2024:11:31:23 +0800] "GET /xingrg/javascript/easyui/themes/default/validatebox.css HTTP/1.1" 404 1104
116.237.78.87 - - [28/Mar/2024:11:31:24 +0800] "POST /xingrg/kc/buy/cgsh_order_operate.html HTTP/1.1" 200 24228
180.169.147.146 - - [28/Mar/2024:11:31:24 +0800] "GET /xingrg/all/function/internal_message.html?_=1711596677435&CODE_STATE=getMsg HTTP/1.1" 200 27
114.83.222.216 - - [28/Mar/2024:11:31:34 +0800] "GET /xingrg/all/function/internal_message.html?_=1711596692598&CODE_STATE=getMsg HTTP/1.1" 200 27
116.224.254.208 - - [28/Mar/2024:11:31:34 +0800] "GET /xingrg/all/function/internal_message.html?_=1711596694047&CODE_STATE=getMsg HTTP/1.1" 200 27
116.224.254.208 - - [28/Mar/2024:11:31:36 +0800] "GET /xingrg/check_reg.html?_=1711596695831 HTTP/1.1" 200 22
120.253.135.82 - - [28/Mar/2024:11:31:37 +0800] "GET /xingrg/all/function/internal_message.html?_=1711596872061&CODE_STATE=getMsg HTTP/1.1" 200 27
116.224.254.208 - - [28/Mar/2024:11:31:38 +0800] "GET /xingrg/all/function/internal_message.html?_=1711596698411&CODE_STATE=getMsg HTTP/1.1" 200 27
116.224.254.208 - - [28/Mar/2024:11:31:38 +0800] "GET /xingrg/check_reg.html?_=1711596698413 HTTP/1.1" 200 22
180.169.147.146 - - [28/Mar/2024:11:31:46 +0800] "GET /xingrg/all/function/internal_message.html?_=1711596706195&CODE_STATE=getMsg HTTP/1.1" 200 27
101.83.144.49 - - [28/Mar/2024:11:31:49 +0800] "GET /xingrg/all/function/internal_message.html?_=1711596470210&CODE_STATE=getMsg HTTP/1.1" 200 27
180.164.1.25 - - [28/Mar/2024:11:31:50 +0800] "GET /xingrg/all/function/internal_message.html?_=1711596708890&CODE_STATE=getMsg HTTP/1.1" 200 27
114.85.113.46 - - [28/Mar/2024:11:31:50 +0800] "GET /xingrg/all/function/internal_message.html?_=1711596709411&CODE_STATE=getMsg HTTP/1.1" 200 27
120.253.135.82 - - [28/Mar/2024:11:31:55 +0800] "GET /xingrg/check_reg.html?_=1711596557151 HTTP/1.1" 200 22
120.253.135.82 - - [28/Mar/2024:11:31:55 +0800] "GET /xingrg/all/function/internal_message.html?_=1711596557310&CODE_STATE=getMsg HTTP/1.1" 200 27
222.70.115.1 - - [28/Mar/2024:11:31:58 +0800] "GET /xingrg/check_reg.html?_=1711596731020 HTTP/1.1" 200 22
222.70.115.1 - - [28/Mar/2024:11:31:58 +0800] "GET /xingrg/all/function/internal_message.html?_=1711596731012&CODE_STATE=getMsg HTTP/1.1" 200 27
101.228.147.14 - - [28/Mar/2024:11:31:58 +0800] "GET /xingrg/all/function/internal_message.html?_=1711596718604&CODE_STATE=getMsg HTTP/1.1" 200 27
116.237.78.87 - - [28/Mar/2024:11:32:01 +0800] "GET /xingrg/check_reg.html?_=1711596722230 HTTP/1.1" 200 22
116.237.78.87 - - [28/Mar/2024:11:32:01 +0800] "GET /xingrg/all/function/internal_message.html?_=1711596722244&CODE_STATE=getMsg HTTP/1.1" 200 27
116.232.194.112 - - [28/Mar/2024:11:32:04 +0800] "GET /xingrg/all/function/internal_message.html?_=1711596688845&CODE_STATE=getMsg HTTP/1.1" 200 27
116.232.194.112 - - [28/Mar/2024:11:32:05 +0800] "POST /xingrg/kc/buy/cgsh_list_operate.html HTTP/1.1" 200 7359
116.232.194.112 - - [28/Mar/2024:11:32:06 +0800] "GET /xingrg/all/function/internal_message.html?_=1711596691103&CODE_STATE=getMsg HTTP/1.1" 200 27
116.232.194.112 - - [28/Mar/2024:11:32:08 +0800] "GET /xingrg/kc/buy/buy_main.html HTTP/1.1" 200 12412
116.232.194.112 - - [28/Mar/2024:11:32:08 +0800] "GET /xingrg/css/new_ie.css HTTP/1.1" 404 1036
116.232.194.112 - - [28/Mar/2024:11:32:09 +0800] "GET /xingrg/images/yd/bt.gif HTTP/1.1" 404 1040
116.232.194.112 - - [28/Mar/2024:11:32:10 +0800] "GET /xingrg/kc/buy/cgsh_order_list.html HTTP/1.1" 200 58011
116.232.194.112 - - [28/Mar/2024:11:32:13 +0800] "GET /xingrg/all/function/internal_message.html?_=1711596698254&CODE_STATE=getMsg HTTP/1.1" 200 27
124.78.60.103 - - [28/Mar/2024:11:32:18 +0800] "GET /xingrg/all/function/internal_message.html?_=1711596738355&CODE_STATE=getMsg HTTP/1.1" 200 27
124.78.60.103 - - [28/Mar/2024:11:32:18 +0800] "GET /xingrg/all/function/internal_message.html?_=1711596738663&CODE_STATE=getMsg HTTP/1.1" 200 27
116.232.194.112 - - [28/Mar/2024:11:32:19 +0800] "POST /xingrg/kc/buy/cgsh_list_operate.html HTTP/1.1" 200 1969
116.232.194.112 - - [28/Mar/2024:11:32:19 +0800] "GET /xingrg/kc/buy/buy_main.html HTTP/1.1" 200 12412
116.232.194.112 - - [28/Mar/2024:11:32:19 +0800] "GET /xingrg/css/new_ie.css HTTP/1.1" 404 1036
222.70.168.57 - - [28/Mar/2024:11:32:19 +0800] "GET /xingrg/all/function/internal_message.html?_=1711596753910&CODE_STATE=getMsg HTTP/1.1" 200 27
116.232.194.112 - - [28/Mar/2024:11:32:20 +0800] "GET /xingrg/images/yd/bt.gif HTTP/1.1" 404 1040
101.83.144.49 - - [28/Mar/2024:11:32:20 +0800] "GET /xingrg/all/function/internal_message.html?_=1711596740534&CODE_STATE=getMsg HTTP/1.1" 200 27
116.232.194.112 - - [28/Mar/2024:11:32:21 +0800] "GET /xingrg/kc/buy/cgsh_order_list.html HTTP/1.1" 200 58011
180.169.147.146 - - [28/Mar/2024:11:32:24 +0800] "GET /xingrg/all/function/internal_message.html?_=1711596737418&CODE_STATE=getMsg HTTP/1.1" 200 27
180.169.147.146 - - [28/Mar/2024:11:32:25 +0800] "GET /xingrg/check_reg.html?_=1711596737669 HTTP/1.1" 200 22
116.232.194.112 - - [28/Mar/2024:11:32:29 +0800] "POST /xingrg/kc/buy/cgsh_list_operate.html HTTP/1.1" 200 1969
114.83.222.216 - - [28/Mar/2024:11:32:34 +0800] "GET /xingrg/all/function/internal_message.html?_=1711596752578&CODE_STATE=getMsg HTTP/1.1" 200 27
116.224.254.208 - - [28/Mar/2024:11:32:34 +0800] "GET /xingrg/all/function/internal_message.html?_=1711596754031&CODE_STATE=getMsg HTTP/1.1" 200 27
120.253.135.82 - - [28/Mar/2024:11:32:37 +0800] "GET /xingrg/all/function/internal_message.html?_=1711596932066&CODE_STATE=getMsg HTTP/1.1" 200 27
116.224.254.208 - - [28/Mar/2024:11:32:38 +0800] "GET /xingrg/all/function/internal_message.html?_=1711596758424&CODE_STATE=getMsg HTTP/1.1" 200 27
101.83.144.49 - - [28/Mar/2024:11:32:38 +0800] "GET /xingrg/kc/base/wldb_order_list.html HTTP/1.1" 200 19051
101.83.144.49 - - [28/Mar/2024:11:32:39 +0800] "POST /xingrg/kc/base/wldb_list_operate.html HTTP/1.1" 200 928
101.83.144.49 - - [28/Mar/2024:11:32:39 +0800] "GET /xingrg/kc/base/yddb_order_list.html HTTP/1.1" 200 16656
101.83.144.49 - - [28/Mar/2024:11:32:39 +0800] "POST /xingrg/kc/base/yddb_list_operate.html HTTP/1.1" 200 636
101.83.144.49 - - [28/Mar/2024:11:32:45 +0800] "POST /xingrg/kc/base/yddb_list_operate.html HTTP/1.1" 200 3334
180.169.147.146 - - [28/Mar/2024:11:32:46 +0800] "GET /xingrg/all/function/internal_message.html?_=1711596766197&CODE_STATE=getMsg HTTP/1.1" 200 27
101.83.144.49 - - [28/Mar/2024:11:32:49 +0800] "GET /xingrg/all/function/internal_message.html?_=1711596530210&CODE_STATE=getMsg HTTP/1.1" 200 27
180.164.1.25 - - [28/Mar/2024:11:32:50 +0800] "GET /xingrg/all/function/internal_message.html?_=1711596768906&CODE_STATE=getMsg HTTP/1.1" 200 27
114.85.113.46 - - [28/Mar/2024:11:32:50 +0800] "GET /xingrg/all/function/internal_message.html?_=1711596769425&CODE_STATE=getMsg HTTP/1.1" 200 27
101.83.144.49 - - [28/Mar/2024:11:32:52 +0800] "POST /xingrg/kc/base/yddb_list_operate.html HTTP/1.1" 200 211
120.253.135.82 - - [28/Mar/2024:11:32:55 +0800] "GET /xingrg/all/function/internal_message.html?_=1711596617324&CODE_STATE=getMsg HTTP/1.1" 200 27
222.70.115.1 - - [28/Mar/2024:11:32:58 +0800] "GET /xingrg/all/function/internal_message.html?_=1711596791019&CODE_STATE=getMsg HTTP/1.1" 200 27
101.228.147.14 - - [28/Mar/2024:11:32:58 +0800] "GET /xingrg/all/function/internal_message.html?_=1711596778605&CODE_STATE=getMsg HTTP/1.1" 200 27
101.83.144.49 - - [28/Mar/2024:11:33:00 +0800] "POST /xingrg/kc/base/yddb_list_operate.html HTTP/1.1" 200 3081
116.237.78.87 - - [28/Mar/2024:11:33:01 +0800] "GET /xingrg/all/function/internal_message.html?_=1711596782228&CODE_STATE=getMsg HTTP/1.1" 200 27
116.232.194.112 - - [28/Mar/2024:11:33:04 +0800] "GET /xingrg/all/function/internal_message.html?_=1711596748855&CODE_STATE=getMsg HTTP/1.1" 200 27
116.232.194.112 - - [28/Mar/2024:11:33:06 +0800] "GET /xingrg/all/function/internal_message.html?_=1711596751102&CODE_STATE=getMsg HTTP/1.1" 200 27
101.83.144.49 - - [28/Mar/2024:11:33:07 +0800] "POST /xingrg/kc/base/yddb_list_operate.html HTTP/1.1" 200 376
116.232.194.112 - - [28/Mar/2024:11:33:13 +0800] "GET /xingrg/all/function/internal_message.html?_=1711596758253&CODE_STATE=getMsg HTTP/1.1" 200 27
124.78.60.103 - - [28/Mar/2024:11:33:18 +0800] "GET /xingrg/all/function/internal_message.html?_=1711596798380&CODE_STATE=getMsg HTTP/1.1" 200 27
124.78.60.103 - - [28/Mar/2024:11:33:18 +0800] "GET /xingrg/check_reg.html?_=1711596798380 HTTP/1.1" 200 22
124.78.60.103 - - [28/Mar/2024:11:33:18 +0800] "GET /xingrg/all/function/internal_message.html?_=1711596798650&CODE_STATE=getMsg HTTP/1.1" 200 27
222.70.168.57 - - [28/Mar/2024:11:33:19 +0800] "GET /xingrg/all/function/internal_message.html?_=1711596813918&CODE_STATE=getMsg HTTP/1.1" 200 27
101.83.144.49 - - [28/Mar/2024:11:33:20 +0800] "GET /xingrg/all/function/internal_message.html?_=1711596800525&CODE_STATE=getMsg HTTP/1.1" 200 27
116.232.194.112 - - [28/Mar/2024:11:33:22 +0800] "POST /xingrg/kc/buy/cgsh_list_operate.html HTTP/1.1" 200 7914
101.83.144.49 - - [28/Mar/2024:11:33:23 +0800] "GET /xingrg/check_reg.html?_=1711596804007 HTTP/1.1" 200 22
180.169.147.146 - - [28/Mar/2024:11:33:24 +0800] "GET /xingrg/all/function/internal_message.html?_=1711596797402&CODE_STATE=getMsg HTTP/1.1" 200 27
114.85.113.46 - - [28/Mar/2024:11:33:26 +0800] "GET /xingrg/check_reg.html?_=1711596805309 HTTP/1.1" 200 22
116.232.194.112 - - [28/Mar/2024:11:33:26 +0800] "POST /xingrg/kc/buy/cgsh_list_operate.html HTTP/1.1" 200 206
116.232.194.112 - - [28/Mar/2024:11:33:31 +0800] "POST /xingrg/kc/buy/cgsh_list_operate.html HTTP/1.1" 200 568
116.232.194.112 - - [28/Mar/2024:11:33:32 +0800] "GET /xingrg/kc/buy/cgsh_order_info.html?code=212024032708071 HTTP/1.1" 200 68777
116.232.194.112 - - [28/Mar/2024:11:33:32 +0800] "GET /xingrg/javascript/easyui/themes/default/validatebox.css HTTP/1.1" 404 1104
180.169.147.146 - - [28/Mar/2024:11:33:33 +0800] "POST /xingrg/dwr/call/plaincall/AjaxReportQueryService.refreshCache.dwr HTTP/1.1" 200 78
116.232.194.112 - - [28/Mar/2024:11:33:33 +0800] "POST /xingrg/kc/buy/cgsh_order_operate.html HTTP/1.1" 200 37339
114.83.222.216 - - [28/Mar/2024:11:33:34 +0800] "GET /xingrg/all/function/internal_message.html?_=1711596812547&CODE_STATE=getMsg HTTP/1.1" 200 27
116.224.254.208 - - [28/Mar/2024:11:33:34 +0800] "GET /xingrg/all/function/internal_message.html?_=1711596814015&CODE_STATE=getMsg HTTP/1.1" 200 27
116.232.194.112 - - [28/Mar/2024:11:33:35 +0800] "GET /xingrg/kc/print/load_config.html?kc_code=cgsh HTTP/1.1" 200 1927
116.232.194.112 - - [28/Mar/2024:11:33:35 +0800] "GET /xingrg/kc/print/load_data.html?order_code=212024032708071&kc_code=cgsh HTTP/1.1" 200 14671
120.253.135.82 - - [28/Mar/2024:11:33:37 +0800] "GET /xingrg/all/function/internal_message.html?_=1711596992070&CODE_STATE=getMsg HTTP/1.1" 200 27
116.224.254.208 - - [28/Mar/2024:11:33:38 +0800] "GET /xingrg/all/function/internal_message.html?_=1711596818425&CODE_STATE=getMsg HTTP/1.1" 200 27
180.169.147.146 - - [28/Mar/2024:11:33:39 +0800] "POST /xingrg/all/report/load_report_page.html HTTP/1.1" 200 23832
180.169.147.146 - - [28/Mar/2024:11:33:39 +0800] "GET /xingrg/servlets/image?cache=0.8948630642563281&image=px HTTP/1.1" 200 807
180.169.147.146 - - [28/Mar/2024:11:33:46 +0800] "GET /xingrg/check_reg.html?_=1711596826194 HTTP/1.1" 200 22
180.169.147.146 - - [28/Mar/2024:11:33:46 +0800] "GET /xingrg/all/function/internal_message.html?_=1711596826197&CODE_STATE=getMsg HTTP/1.1" 200 27
101.83.144.49 - - [28/Mar/2024:11:33:49 +0800] "GET /xingrg/all/function/internal_message.html?_=1711596590210&CODE_STATE=getMsg HTTP/1.1" 200 27
180.164.1.25 - - [28/Mar/2024:11:33:50 +0800] "GET /xingrg/all/function/internal_message.html?_=1711596828909&CODE_STATE=getMsg HTTP/1.1" 200 27
114.85.113.46 - - [28/Mar/2024:11:33:50 +0800] "GET /xingrg/all/function/internal_message.html?_=1711596829429&CODE_STATE=getMsg HTTP/1.1" 200 27
180.171.58.249 - - [28/Mar/2024:11:33:51 +0800] "GET /xingrg/check_reg.html?_=1711596836986 HTTP/1.1" 302 -
120.253.135.82 - - [28/Mar/2024:11:33:55 +0800] "GET /xingrg/all/function/internal_message.html?_=1711596677338&CODE_STATE=getMsg HTTP/1.1" 200 27
222.70.115.1 - - [28/Mar/2024:11:33:58 +0800] "GET /xingrg/all/function/internal_message.html?_=1711596851010&CODE_STATE=getMsg HTTP/1.1" 200 27
101.228.147.14 - - [28/Mar/2024:11:33:58 +0800] "GET /xingrg/all/function/internal_message.html?_=1711596838605&CODE_STATE=getMsg HTTP/1.1" 200 27
116.237.78.87 - - [28/Mar/2024:11:34:01 +0800] "GET /xingrg/all/function/internal_message.html?_=1711596842236&CODE_STATE=getMsg HTTP/1.1" 200 27
116.232.194.112 - - [28/Mar/2024:11:34:01 +0800] "POST /xingrg/kc/buy/cgsh_list_operate.html HTTP/1.1" 200 578
116.232.194.112 - - [28/Mar/2024:11:34:03 +0800] "GET /xingrg/kc/buy/cgsh_order_info.html?code=212024032708073 HTTP/1.1" 200 68775
116.232.194.112 - - [28/Mar/2024:11:34:03 +0800] "GET /xingrg/javascript/easyui/themes/default/validatebox.css HTTP/1.1" 404 1104
116.232.194.112 - - [28/Mar/2024:11:34:04 +0800] "GET /xingrg/all/function/internal_message.html?_=1711596808855&CODE_STATE=getMsg HTTP/1.1" 200 27
116.232.194.112 - - [28/Mar/2024:11:34:04 +0800] "GET /xingrg/check_reg.html?_=1711596808865 HTTP/1.1" 200 22
116.232.194.112 - - [28/Mar/2024:11:34:04 +0800] "POST /xingrg/kc/buy/cgsh_order_operate.html HTTP/1.1" 200 3574
116.232.194.112 - - [28/Mar/2024:11:34:06 +0800] "GET /xingrg/all/function/internal_message.html?_=1711596811098&CODE_STATE=getMsg HTTP/1.1" 200 27
116.232.194.112 - - [28/Mar/2024:11:34:06 +0800] "GET /xingrg/check_reg.html?_=1711596811099 HTTP/1.1" 200 22
116.232.194.112 - - [28/Mar/2024:11:34:13 +0800] "GET /xingrg/all/function/internal_message.html?_=1711596818243&CODE_STATE=getMsg HTTP/1.1" 200 27
124.78.60.103 - - [28/Mar/2024:11:34:18 +0800] "GET /xingrg/all/function/internal_message.html?_=1711596858379&CODE_STATE=getMsg HTTP/1.1" 200 27
124.78.60.103 - - [28/Mar/2024:11:34:18 +0800] "GET /xingrg/all/function/internal_message.html?_=1711596858636&CODE_STATE=getMsg HTTP/1.1" 200 27
101.83.144.49 - - [28/Mar/2024:11:34:20 +0800] "GET /xingrg/all/function/internal_message.html?_=1711596860495&CODE_STATE=getMsg HTTP/1.1" 200 27
222.70.168.57 - - [28/Mar/2024:11:34:20 +0800] "GET /xingrg/all/function/internal_message.html?_=1711596874676&CODE_STATE=getMsg HTTP/1.1" 200 27
180.169.147.146 - - [28/Mar/2024:11:34:24 +0800] "GET /xingrg/all/function/internal_message.html?_=1711596857386&CODE_STATE=getMsg HTTP/1.1" 200 27
124.78.60.103 - - [28/Mar/2024:11:34:33 +0800] "GET /xingrg/check_reg.html?_=1711596873945 HTTP/1.1" 200 22
114.83.222.216 - - [28/Mar/2024:11:34:34 +0800] "GET /xingrg/all/function/internal_message.html?_=1711596872519&CODE_STATE=getMsg HTTP/1.1" 200 27
116.224.254.208 - - [28/Mar/2024:11:34:34 +0800] "GET /xingrg/all/function/internal_message.html?_=1711596874001&CODE_STATE=getMsg HTTP/1.1" 200 27
116.232.194.112 - - [28/Mar/2024:11:34:35 +0800] "GET /xingrg/kc/base/base_main.html HTTP/1.1" 200 12142
116.232.194.112 - - [28/Mar/2024:11:34:36 +0800] "GET /favicon.ico HTTP/1.1" 404 -
120.253.135.82 - - [28/Mar/2024:11:34:37 +0800] "GET /xingrg/all/function/internal_message.html?_=1711597052076&CODE_STATE=getMsg HTTP/1.1" 200 27
120.253.135.82 - - [28/Mar/2024:11:34:37 +0800] "GET /xingrg/check_reg.html?_=1711597052080 HTTP/1.1" 200 22
116.224.254.208 - - [28/Mar/2024:11:34:38 +0800] "GET /xingrg/all/function/internal_message.html?_=1711596878425&CODE_STATE=getMsg HTTP/1.1" 200 27
180.169.147.146 - - [28/Mar/2024:11:34:46 +0800] "GET /xingrg/all/function/internal_message.html?_=1711596886188&CODE_STATE=getMsg HTTP/1.1" 200 27
116.232.194.112 - - [28/Mar/2024:11:34:46 +0800] "GET /xingrg/kc/base/yddb_order_list.html HTTP/1.1" 200 16662
116.232.194.112 - - [28/Mar/2024:11:34:47 +0800] "POST /xingrg/kc/base/yddb_list_operate.html HTTP/1.1" 200 636
101.83.144.49 - - [28/Mar/2024:11:34:49 +0800] "GET /xingrg/all/function/internal_message.html?_=1711596650210&CODE_STATE=getMsg HTTP/1.1" 200 27
180.164.1.25 - - [28/Mar/2024:11:34:50 +0800] "GET /xingrg/all/function/internal_message.html?_=1711596888903&CODE_STATE=getMsg HTTP/1.1" 200 27
