101.228.147.14 - - [28/Mar/2024:11:49:08 +0800] "GET /xingrg/javascript/easyui/plugins/jquery.validatebox.js HTTP/1.1" 304 -
101.228.147.14 - - [28/Mar/2024:11:49:08 +0800] "GET /xingrg/javascript/easyui/plugins/jquery.numberbox.js HTTP/1.1" 304 -
101.228.147.14 - - [28/Mar/2024:11:49:08 +0800] "GET /xingrg/all/common/auto_word.html?type=employee&rest_code=00142 HTTP/1.1" 200 105
101.228.147.14 - - [28/Mar/2024:11:49:08 +0800] "GET /xingrg/all/common/auto_word.html?type=employee&rest_code=00142 HTTP/1.1" 200 105
101.228.147.14 - - [28/Mar/2024:11:49:09 +0800] "POST /xingrg/kc/buy/cgsh_order_operate.html HTTP/1.1" 200 4432
101.228.147.14 - - [28/Mar/2024:11:49:09 +0800] "GET /xingrg/javascript/easyui/themes/icons/edit_remove.png HTTP/1.1" 304 -
180.169.147.146 - - [28/Mar/2024:11:49:10 +0800] "POST /xingrg/all/report/load_report_page.html HTTP/1.1" 200 38945
180.169.147.146 - - [28/Mar/2024:11:49:10 +0800] "GET /xingrg/servlets/image?cache=0.5980094217962099&image=px HTTP/1.1" 200 807
101.228.147.14 - - [28/Mar/2024:11:49:14 +0800] "GET /xingrg/javascript/auto/indicator.gif HTTP/1.1" 404 1066
124.78.60.103 - - [28/Mar/2024:11:49:18 +0800] "GET /xingrg/all/function/internal_message.html?_=1711597758402&CODE_STATE=getMsg HTTP/1.1" 200 27
124.78.60.103 - - [28/Mar/2024:11:49:18 +0800] "GET /xingrg/all/function/internal_message.html?_=1711597758378&CODE_STATE=getMsg HTTP/1.1" 200 27
101.83.144.49 - - [28/Mar/2024:11:49:20 +0800] "GET /xingrg/all/function/internal_message.html?_=1711597760146&CODE_STATE=getMsg HTTP/1.1" 200 27
101.228.147.14 - - [28/Mar/2024:11:49:20 +0800] "GET /xingrg/kc/buy/cgsh_order_operate.html?command=get_materiel&rest_code=00142&code=00101003002&supplier_code=00100207&order_time=2024-03-27 HTTP/1.1" 200 411
180.169.147.146 - - [28/Mar/2024:11:49:24 +0800] "GET /xingrg/all/function/internal_message.html?_=1711597757156&CODE_STATE=getMsg HTTP/1.1" 200 27
222.70.168.57 - - [28/Mar/2024:11:49:27 +0800] "GET /xingrg/all/function/internal_message.html?_=1711597781737&CODE_STATE=getMsg HTTP/1.1" 200 27
101.83.144.49 - - [28/Mar/2024:11:49:29 +0800] "GET /xingrg/kc/base/wldb_order_operate.html?command=get_materiel&rest_code=00105&base_code=0010508&code=00102002197 HTTP/1.1" 200 459
116.224.254.208 - - [28/Mar/2024:11:49:33 +0800] "GET /xingrg/all/function/internal_message.html?_=1711597770363&CODE_STATE=getMsg HTTP/1.1" 200 27
124.78.60.103 - - [28/Mar/2024:11:49:33 +0800] "GET /xingrg/check_reg.html?_=1711597773893 HTTP/1.1" 200 22
116.224.254.208 - - [28/Mar/2024:11:49:34 +0800] "GET /xingrg/all/function/internal_message.html?_=1711597773746&CODE_STATE=getMsg HTTP/1.1" 200 27
114.83.222.216 - - [28/Mar/2024:11:49:34 +0800] "GET /xingrg/all/function/internal_message.html?_=1711597773443&CODE_STATE=getMsg HTTP/1.1" 200 27
120.253.135.82 - - [28/Mar/2024:11:49:37 +0800] "GET /xingrg/all/function/internal_message.html?_=1711597952136&CODE_STATE=getMsg HTTP/1.1" 200 27
120.253.135.82 - - [28/Mar/2024:11:49:37 +0800] "GET /xingrg/check_reg.html?_=1711597952138 HTTP/1.1" 200 22
101.83.144.49 - - [28/Mar/2024:11:49:42 +0800] "POST /xingrg/kc/base/wldb_order_operate.html HTTP/1.1" 200 37
101.83.144.49 - - [28/Mar/2024:11:49:43 +0800] "POST /xingrg/kc/base/wldb_order_operate.html HTTP/1.1" 200 2689
180.169.147.146 - - [28/Mar/2024:11:49:46 +0800] "GET /xingrg/all/function/internal_message.html?_=1711597786293&CODE_STATE=getMsg HTTP/1.1" 200 27
101.83.144.49 - - [28/Mar/2024:11:49:46 +0800] "GET /xingrg/kc/base/wldb_order_info.html?code=422024032801980 HTTP/1.1" 200 30396
101.83.144.49 - - [28/Mar/2024:11:49:46 +0800] "GET /xingrg/javascript/easyui/themes/default/validatebox.css HTTP/1.1" 404 1104
101.83.144.49 - - [28/Mar/2024:11:49:47 +0800] "POST /xingrg/kc/base/wldb_order_operate.html HTTP/1.1" 200 2689
101.83.144.49 - - [28/Mar/2024:11:49:49 +0800] "GET /xingrg/all/function/internal_message.html?_=1711597550248&CODE_STATE=getMsg HTTP/1.1" 200 27
180.164.1.25 - - [28/Mar/2024:11:49:50 +0800] "GET /xingrg/all/function/internal_message.html?_=1711597788890&CODE_STATE=getMsg HTTP/1.1" 200 27
114.85.113.46 - - [28/Mar/2024:11:49:50 +0800] "GET /xingrg/all/function/internal_message.html?_=1711597789458&CODE_STATE=getMsg HTTP/1.1" 200 27
120.253.135.82 - - [28/Mar/2024:11:49:55 +0800] "GET /xingrg/all/function/internal_message.html?_=1711597637610&CODE_STATE=getMsg HTTP/1.1" 200 27
222.70.115.1 - - [28/Mar/2024:11:49:58 +0800] "GET /xingrg/all/function/internal_message.html?_=1711597811043&CODE_STATE=getMsg HTTP/1.1" 200 27
101.228.147.14 - - [28/Mar/2024:11:49:58 +0800] "GET /xingrg/all/function/internal_message.html?_=1711597798623&CODE_STATE=getMsg HTTP/1.1" 200 27
101.228.147.14 - - [28/Mar/2024:11:49:58 +0800] "GET /xingrg/check_reg.html?_=1711597798626 HTTP/1.1" 200 22
116.237.78.87 - - [28/Mar/2024:11:50:01 +0800] "GET /xingrg/all/function/internal_message.html?_=1711597802249&CODE_STATE=getMsg HTTP/1.1" 200 27
101.228.147.14 - - [28/Mar/2024:11:50:03 +0800] "GET /xingrg/javascript/jquery_tools/images/prev.gif HTTP/1.1" 404 1086
101.228.147.14 - - [28/Mar/2024:11:50:03 +0800] "GET /xingrg/javascript/jquery_tools/images/next.gif HTTP/1.1" 404 1086
116.232.194.112 - - [28/Mar/2024:11:50:04 +0800] "GET /xingrg/all/function/internal_message.html?_=1711597768855&CODE_STATE=getMsg HTTP/1.1" 200 27
180.171.58.249 - - [28/Mar/2024:11:50:05 +0800] "GET /xingrg/check_reg.html?_=1711597811109 HTTP/1.1" 302 -
116.232.194.112 - - [28/Mar/2024:11:50:06 +0800] "GET /xingrg/all/function/internal_message.html?_=1711597771104&CODE_STATE=getMsg HTTP/1.1" 200 27
101.228.147.14 - - [28/Mar/2024:11:50:11 +0800] "POST /xingrg/kc/buy/cgsh_order_operate.html HTTP/1.1" 200 37
222.70.168.57 - - [28/Mar/2024:11:50:12 +0800] "GET /xingrg/check_reg.html?_=1711597826459 HTTP/1.1" 200 22
101.228.147.14 - - [28/Mar/2024:11:50:14 +0800] "POST /xingrg/kc/buy/cgsh_order_operate.html HTTP/1.1" 200 5019
101.228.147.14 - - [28/Mar/2024:11:50:15 +0800] "GET /xingrg/javascript/jquery_easy_ui/themes/default/images/tabs_active.png HTTP/1.1" 304 -
124.78.60.103 - - [28/Mar/2024:11:50:18 +0800] "GET /xingrg/all/function/internal_message.html?_=1711597818401&CODE_STATE=getMsg HTTP/1.1" 200 27
180.169.147.146 - - [28/Mar/2024:11:50:18 +0800] "POST /xingrg/dwr/call/plaincall/AjaxReportQueryService.refreshCache.dwr HTTP/1.1" 200 79
124.78.60.103 - - [28/Mar/2024:11:50:18 +0800] "GET /xingrg/all/function/internal_message.html?_=1711597818356&CODE_STATE=getMsg HTTP/1.1" 200 27
101.83.144.49 - - [28/Mar/2024:11:50:20 +0800] "GET /xingrg/all/function/internal_message.html?_=1711597820121&CODE_STATE=getMsg HTTP/1.1" 200 27
101.228.147.14 - - [28/Mar/2024:11:50:23 +0800] "POST /xingrg/kc/buy/cgsh_list_operate.html HTTP/1.1" 200 1669
116.232.194.112 - - [28/Mar/2024:11:50:23 +0800] "POST /xingrg/kc/buy/cgsh_list_operate.html HTTP/1.1" 200 572
180.169.147.146 - - [28/Mar/2024:11:50:24 +0800] "GET /xingrg/all/function/internal_message.html?_=1711597817140&CODE_STATE=getMsg HTTP/1.1" 200 27
180.169.147.146 - - [28/Mar/2024:11:50:24 +0800] "POST /xingrg/all/report/load_report_page.html HTTP/1.1" 200 53984
180.169.147.146 - - [28/Mar/2024:11:50:24 +0800] "GET /xingrg/servlets/image?cache=0.5101851848203874&image=px HTTP/1.1" 200 807
116.232.194.112 - - [28/Mar/2024:11:50:25 +0800] "GET /xingrg/kc/buy/cgsh_order_info.html?code=212024032808244 HTTP/1.1" 200 68777
116.232.194.112 - - [28/Mar/2024:11:50:25 +0800] "GET /xingrg/javascript/easyui/themes/default/validatebox.css HTTP/1.1" 404 1104
101.83.144.49 - - [28/Mar/2024:11:50:25 +0800] "GET /xingrg/kc/base/wldb_order_add.html HTTP/1.1" 200 30382
101.83.144.49 - - [28/Mar/2024:11:50:26 +0800] "POST /xingrg/kc/base/wldb_order_operate.html HTTP/1.1" 200 6806
101.83.144.49 - - [28/Mar/2024:11:50:26 +0800] "GET /xingrg/javascript/easyui/themes/default/validatebox.css HTTP/1.1" 404 1104
116.232.194.112 - - [28/Mar/2024:11:50:26 +0800] "POST /xingrg/kc/buy/cgsh_order_operate.html HTTP/1.1" 200 4744
222.70.168.57 - - [28/Mar/2024:11:50:28 +0800] "GET /xingrg/all/function/internal_message.html?_=1711597842107&CODE_STATE=getMsg HTTP/1.1" 200 27
116.224.254.208 - - [28/Mar/2024:11:50:29 +0800] "GET /xingrg/check_reg.html?_=1711597828098 HTTP/1.1" 200 22
116.232.194.112 - - [28/Mar/2024:11:50:30 +0800] "GET /xingrg/kc/print/load_data.html?order_code=212024032808244&kc_code=cgsh HTTP/1.1" 200 2370
101.228.147.14 - - [28/Mar/2024:11:50:30 +0800] "POST /xingrg/kc/buy/cgsh_list_operate.html HTTP/1.1" 200 496
101.228.147.14 - - [28/Mar/2024:11:50:32 +0800] "GET /xingrg/kc/buy/cgsh_order_info.html?code=212024032607776 HTTP/1.1" 200 72906
101.228.147.14 - - [28/Mar/2024:11:50:32 +0800] "GET /xingrg/javascript/easyui/themes/default/validatebox.css HTTP/1.1" 404 1104
101.228.147.14 - - [28/Mar/2024:11:50:33 +0800] "POST /xingrg/kc/buy/cgsh_order_operate.html HTTP/1.1" 200 5019
116.224.254.208 - - [28/Mar/2024:11:50:34 +0800] "GET /xingrg/all/function/internal_message.html?_=1711597833731&CODE_STATE=getMsg HTTP/1.1" 200 27
116.224.254.208 - - [28/Mar/2024:11:50:34 +0800] "GET /xingrg/all/function/internal_message.html?_=1711597833828&CODE_STATE=getMsg HTTP/1.1" 200 27
114.83.222.216 - - [28/Mar/2024:11:50:34 +0800] "GET /xingrg/check_reg.html?_=1711597833417 HTTP/1.1" 200 22
114.83.222.216 - - [28/Mar/2024:11:50:34 +0800] "GET /xingrg/all/function/internal_message.html?_=1711597833421&CODE_STATE=getMsg HTTP/1.1" 200 27
120.253.135.82 - - [28/Mar/2024:11:50:37 +0800] "GET /xingrg/all/function/internal_message.html?_=1711598012140&CODE_STATE=getMsg HTTP/1.1" 200 27
101.228.147.14 - - [28/Mar/2024:11:50:43 +0800] "POST /xingrg/kc/buy/cgsh_list_operate.html HTTP/1.1" 200 1669
180.169.147.146 - - [28/Mar/2024:11:50:46 +0800] "GET /xingrg/all/function/internal_message.html?_=1711597846284&CODE_STATE=getMsg HTTP/1.1" 200 27
101.83.144.49 - - [28/Mar/2024:11:50:49 +0800] "GET /xingrg/check_reg.html?_=1711597610253 HTTP/1.1" 200 22
101.83.144.49 - - [28/Mar/2024:11:50:49 +0800] "GET /xingrg/all/function/internal_message.html?_=1711597610257&CODE_STATE=getMsg HTTP/1.1" 200 27
180.164.1.25 - - [28/Mar/2024:11:50:50 +0800] "GET /xingrg/all/function/internal_message.html?_=1711597848905&CODE_STATE=getMsg HTTP/1.1" 200 27
180.164.1.25 - - [28/Mar/2024:11:50:50 +0800] "GET /xingrg/check_reg.html?_=1711597848906 HTTP/1.1" 200 22
114.85.113.46 - - [28/Mar/2024:11:50:50 +0800] "GET /xingrg/all/function/internal_message.html?_=1711597849460&CODE_STATE=getMsg HTTP/1.1" 200 27
120.253.135.82 - - [28/Mar/2024:11:50:55 +0800] "GET /xingrg/all/function/internal_message.html?_=1711597697615&CODE_STATE=getMsg HTTP/1.1" 200 27
222.70.115.1 - - [28/Mar/2024:11:50:58 +0800] "GET /xingrg/all/function/internal_message.html?_=1711597871034&CODE_STATE=getMsg HTTP/1.1" 200 27
101.228.147.14 - - [28/Mar/2024:11:50:58 +0800] "GET /xingrg/all/function/internal_message.html?_=1711597858623&CODE_STATE=getMsg HTTP/1.1" 200 27
116.237.78.87 - - [28/Mar/2024:11:51:01 +0800] "GET /xingrg/all/function/internal_message.html?_=1711597862251&CODE_STATE=getMsg HTTP/1.1" 200 27
101.83.144.49 - - [28/Mar/2024:11:51:03 +0800] "GET /xingrg/kc/base/wldb_order_operate.html?command=get_materiel&rest_code=00105&base_code=0010508&code=00102002118 HTTP/1.1" 200 467
116.232.194.112 - - [28/Mar/2024:11:51:04 +0800] "GET /xingrg/all/function/internal_message.html?_=1711597828856&CODE_STATE=getMsg HTTP/1.1" 200 27
116.232.194.112 - - [28/Mar/2024:11:51:06 +0800] "POST /xingrg/kc/buy/cgsh_list_operate.html HTTP/1.1" 200 7914
116.232.194.112 - - [28/Mar/2024:11:51:06 +0800] "GET /xingrg/all/function/internal_message.html?_=1711597831104&CODE_STATE=getMsg HTTP/1.1" 200 27
116.232.194.112 - - [28/Mar/2024:11:51:15 +0800] "POST /xingrg/kc/buy/cgsh_list_operate.html HTTP/1.1" 200 499
116.232.194.112 - - [28/Mar/2024:11:51:17 +0800] "GET /xingrg/kc/buy/cgsh_order_info.html?code=212024032808250 HTTP/1.1" 200 73881
116.232.194.112 - - [28/Mar/2024:11:51:17 +0800] "GET /xingrg/javascript/easyui/themes/default/validatebox.css HTTP/1.1" 404 1104
116.232.194.112 - - [28/Mar/2024:11:51:17 +0800] "GET /xingrg/all/common/auto_word.html?type=employee&rest_code=00155 HTTP/1.1" 200 255
116.232.194.112 - - [28/Mar/2024:11:51:17 +0800] "GET /xingrg/all/common/auto_word.html?type=employee&rest_code=00155 HTTP/1.1" 200 255
124.78.60.103 - - [28/Mar/2024:11:51:18 +0800] "GET /xingrg/all/function/internal_message.html?_=1711597878399&CODE_STATE=getMsg HTTP/1.1" 200 27
124.78.60.103 - - [28/Mar/2024:11:51:18 +0800] "GET /xingrg/all/function/internal_message.html?_=1711597878333&CODE_STATE=getMsg HTTP/1.1" 200 27
116.232.194.112 - - [28/Mar/2024:11:51:18 +0800] "POST /xingrg/kc/buy/cgsh_order_operate.html HTTP/1.1" 200 5029
180.163.28.109 - - [28/Mar/2024:11:51:19 +0800] "GET /xingrg/all/function/internal_message.html?_=1711594638942&CODE_STATE=getMsg HTTP/1.1" 302 -
180.163.28.109 - - [28/Mar/2024:11:51:19 +0800] "GET /xingrg/login.html HTTP/1.1" 200 7641
101.83.144.49 - - [28/Mar/2024:11:51:20 +0800] "GET /xingrg/all/function/internal_message.html?_=1711597880089&CODE_STATE=getMsg HTTP/1.1" 200 27
101.228.147.14 - - [28/Mar/2024:11:51:21 +0800] "GET /xingrg/kc/buy/cgsh_order_add.html HTTP/1.1" 200 72899
101.228.147.14 - - [28/Mar/2024:11:51:22 +0800] "POST /xingrg/kc/buy/cgsh_order_operate.html HTTP/1.1" 200 8245
101.228.147.14 - - [28/Mar/2024:11:51:22 +0800] "GET /xingrg/javascript/easyui/themes/default/validatebox.css HTTP/1.1" 404 1104
116.232.194.112 - - [28/Mar/2024:11:51:23 +0800] "GET /xingrg/kc/print/load_data.html?order_code=212024032808250&kc_code=cgsh HTTP/1.1" 200 1584
180.169.147.146 - - [28/Mar/2024:11:51:24 +0800] "GET /xingrg/all/function/internal_message.html?_=1711597877124&CODE_STATE=getMsg HTTP/1.1" 200 27
222.70.168.57 - - [28/Mar/2024:11:51:28 +0800] "GET /xingrg/all/function/internal_message.html?_=1711597902120&CODE_STATE=getMsg HTTP/1.1" 200 27
116.224.254.208 - - [28/Mar/2024:11:51:34 +0800] "GET /xingrg/all/function/internal_message.html?_=1711597893716&CODE_STATE=getMsg HTTP/1.1" 200 27
114.83.222.216 - - [28/Mar/2024:11:51:34 +0800] "GET /xingrg/all/function/internal_message.html?_=1711597893407&CODE_STATE=getMsg HTTP/1.1" 200 27
116.224.254.208 - - [28/Mar/2024:11:51:36 +0800] "GET /xingrg/check_reg.html?_=1711597895792 HTTP/1.1" 200 22
116.224.254.208 - - [28/Mar/2024:11:51:36 +0800] "GET /xingrg/all/function/internal_message.html?_=1711597896004&CODE_STATE=getMsg HTTP/1.1" 200 27
120.253.135.82 - - [28/Mar/2024:11:51:37 +0800] "GET /xingrg/all/function/internal_message.html?_=1711598072144&CODE_STATE=getMsg HTTP/1.1" 200 27
180.169.147.146 - - [28/Mar/2024:11:51:38 +0800] "POST /xingrg/dwr/call/plaincall/AjaxReportQueryService.refreshCache.dwr HTTP/1.1" 200 79
116.232.194.112 - - [28/Mar/2024:11:51:39 +0800] "POST /xingrg/kc/buy/cgsh_list_operate.html HTTP/1.1" 200 7914
180.169.147.146 - - [28/Mar/2024:11:51:42 +0800] "POST /xingrg/all/report/load_report_page.html HTTP/1.1" 200 38967
180.169.147.146 - - [28/Mar/2024:11:51:42 +0800] "GET /xingrg/servlets/image?cache=0.22684778311433285&image=px HTTP/1.1" 200 807
116.232.194.112 - - [28/Mar/2024:11:51:42 +0800] "POST /xingrg/kc/buy/cgsh_list_operate.html HTTP/1.1" 200 357
101.83.144.49 - - [28/Mar/2024:11:51:43 +0800] "GET /xingrg/kc/base/wldb_order_operate.html?command=get_materiel&rest_code=00105&base_code=0010508&code=00102004030 HTTP/1.1" 200 442
116.232.194.112 - - [28/Mar/2024:11:51:44 +0800] "GET /xingrg/kc/buy/cgsh_order_info.html?code=212024032808248 HTTP/1.1" 200 73883
116.232.194.112 - - [28/Mar/2024:11:51:44 +0800] "GET /xingrg/javascript/easyui/themes/default/validatebox.css HTTP/1.1" 404 1104
116.232.194.112 - - [28/Mar/2024:11:51:45 +0800] "POST /xingrg/kc/buy/cgsh_order_operate.html HTTP/1.1" 200 3862
180.169.147.146 - - [28/Mar/2024:11:51:46 +0800] "GET /xingrg/all/function/internal_message.html?_=1711597906253&CODE_STATE=getMsg HTTP/1.1" 200 27
101.83.144.49 - - [28/Mar/2024:11:51:49 +0800] "GET /xingrg/all/function/internal_message.html?_=1711597670253&CODE_STATE=getMsg HTTP/1.1" 200 27
180.164.1.25 - - [28/Mar/2024:11:51:50 +0800] "GET /xingrg/all/function/internal_message.html?_=1711597908899&CODE_STATE=getMsg HTTP/1.1" 200 27
114.85.113.46 - - [28/Mar/2024:11:51:50 +0800] "GET /xingrg/all/function/internal_message.html?_=1711597909456&CODE_STATE=getMsg HTTP/1.1" 200 27
120.253.135.82 - - [28/Mar/2024:11:51:55 +0800] "GET /xingrg/check_reg.html?_=1711597757204 HTTP/1.1" 200 22
120.253.135.82 - - [28/Mar/2024:11:51:55 +0800] "GET /xingrg/all/function/internal_message.html?_=1711597757628&CODE_STATE=getMsg HTTP/1.1" 200 27
116.232.194.112 - - [28/Mar/2024:11:51:57 +0800] "GET /xingrg/kc/print/load_data.html?order_code=212024032808248&kc_code=cgsh HTTP/1.1" 200 1220
222.70.115.1 - - [28/Mar/2024:11:51:58 +0800] "GET /xingrg/all/function/internal_message.html?_=1711597931039&CODE_STATE=getMsg HTTP/1.1" 200 27
222.70.115.1 - - [28/Mar/2024:11:51:58 +0800] "GET /xingrg/check_reg.html?_=1711597931047 HTTP/1.1" 200 22
101.228.147.14 - - [28/Mar/2024:11:51:58 +0800] "GET /xingrg/all/function/internal_message.html?_=1711597918631&CODE_STATE=getMsg HTTP/1.1" 200 27
116.237.78.87 - - [28/Mar/2024:11:52:01 +0800] "GET /xingrg/all/function/internal_message.html?_=1711597922250&CODE_STATE=getMsg HTTP/1.1" 200 27
116.237.78.87 - - [28/Mar/2024:11:52:01 +0800] "GET /xingrg/check_reg.html?_=1711597922253 HTTP/1.1" 200 22
101.83.144.49 - - [28/Mar/2024:11:52:01 +0800] "GET /xingrg/kc/base/wldb_order_operate.html?command=get_materiel&rest_code=00105&base_code=0010508&code=00102002439 HTTP/1.1" 200 472
116.232.194.112 - - [28/Mar/2024:11:52:04 +0800] "GET /xingrg/all/function/internal_message.html?_=1711597888844&CODE_STATE=getMsg HTTP/1.1" 200 27
116.232.194.112 - - [28/Mar/2024:11:52:06 +0800] "GET /xingrg/all/function/internal_message.html?_=1711597891097&CODE_STATE=getMsg HTTP/1.1" 200 27
124.78.60.103 - - [28/Mar/2024:11:52:18 +0800] "GET /xingrg/all/function/internal_message.html?_=1711597938413&CODE_STATE=getMsg HTTP/1.1" 200 27
124.78.60.103 - - [28/Mar/2024:11:52:18 +0800] "GET /xingrg/all/function/internal_message.html?_=1711597938318&CODE_STATE=getMsg HTTP/1.1" 200 27
116.232.194.112 - - [28/Mar/2024:11:52:19 +0800] "POST /xingrg/kc/buy/cgsh_list_operate.html HTTP/1.1" 200 7914
101.83.144.49 - - [28/Mar/2024:11:52:19 +0800] "GET /xingrg/all/function/internal_message.html?_=1711597940065&CODE_STATE=getMsg HTTP/1.1" 200 27
101.83.144.49 - - [28/Mar/2024:11:52:22 +0800] "POST /xingrg/kc/base/wldb_order_operate.html HTTP/1.1" 200 37
101.83.144.49 - - [28/Mar/2024:11:52:23 +0800] "POST /xingrg/kc/base/wldb_order_operate.html HTTP/1.1" 200 3194
101.83.144.49 - - [28/Mar/2024:11:52:24 +0800] "GET /xingrg/kc/base/wldb_order_info.html?code=422024032801981 HTTP/1.1" 200 30396
180.169.147.146 - - [28/Mar/2024:11:52:24 +0800] "GET /xingrg/all/function/internal_message.html?_=1711597937108&CODE_STATE=getMsg HTTP/1.1" 200 27
101.83.144.49 - - [28/Mar/2024:11:52:24 +0800] "GET /xingrg/javascript/easyui/themes/default/validatebox.css HTTP/1.1" 404 1104
180.169.147.146 - - [28/Mar/2024:11:52:25 +0800] "GET /xingrg/check_reg.html?_=1711597937702 HTTP/1.1" 200 22
101.83.144.49 - - [28/Mar/2024:11:52:25 +0800] "POST /xingrg/kc/base/wldb_order_operate.html HTTP/1.1" 200 3194
222.70.168.57 - - [28/Mar/2024:11:52:29 +0800] "GET /xingrg/all/function/internal_message.html?_=1711597963045&CODE_STATE=getMsg HTTP/1.1" 200 27
101.228.147.14 - - [28/Mar/2024:11:52:33 +0800] "GET /xingrg/kc/buy/cgsh_order_operate.html?command=get_materiel&rest_code=00142&code=00101008126&supplier_code=00100161&order_time=2024-03-28 HTTP/1.1" 200 412
116.224.254.208 - - [28/Mar/2024:11:52:34 +0800] "GET /xingrg/all/function/internal_message.html?_=1711597953715&CODE_STATE=getMsg HTTP/1.1" 200 27
114.83.222.216 - - [28/Mar/2024:11:52:34 +0800] "GET /xingrg/all/function/internal_message.html?_=1711597953376&CODE_STATE=getMsg HTTP/1.1" 200 27
116.224.254.208 - - [28/Mar/2024:11:52:37 +0800] "GET /xingrg/all/function/internal_message.html?_=1711597956519&CODE_STATE=getMsg HTTP/1.1" 200 27
120.253.135.82 - - [28/Mar/2024:11:52:37 +0800] "GET /xingrg/all/function/internal_message.html?_=1711598132149&CODE_STATE=getMsg HTTP/1.1" 200 27
116.232.194.112 - - [28/Mar/2024:11:52:44 +0800] "POST /xingrg/kc/buy/cgsh_list_operate.html HTTP/1.1" 200 357
116.232.194.112 - - [28/Mar/2024:11:52:46 +0800] "POST /xingrg/kc/buy/cgsh_list_operate.html HTTP/1.1" 200 571
180.169.147.146 - - [28/Mar/2024:11:52:46 +0800] "GET /xingrg/all/function/internal_message.html?_=1711597966243&CODE_STATE=getMsg HTTP/1.1" 200 27
116.232.194.112 - - [28/Mar/2024:11:52:48 +0800] "GET /xingrg/kc/buy/cgsh_order_info.html?code=212024032808248 HTTP/1.1" 200 73883
116.232.194.112 - - [28/Mar/2024:11:52:48 +0800] "GET /xingrg/javascript/easyui/themes/default/validatebox.css HTTP/1.1" 404 1104
101.83.144.49 - - [28/Mar/2024:11:52:49 +0800] "GET /xingrg/all/function/internal_message.html?_=1711597730252&CODE_STATE=getMsg HTTP/1.1" 200 27
116.232.194.112 - - [28/Mar/2024:11:52:49 +0800] "POST /xingrg/kc/buy/cgsh_order_operate.html HTTP/1.1" 200 3862
180.164.1.25 - - [28/Mar/2024:11:52:50 +0800] "GET /xingrg/all/function/internal_message.html?_=1711597968896&CODE_STATE=getMsg HTTP/1.1" 200 27
114.85.113.46 - - [28/Mar/2024:11:52:50 +0800] "GET /xingrg/all/function/internal_message.html?_=1711597969454&CODE_STATE=getMsg HTTP/1.1" 200 27
120.253.135.82 - - [28/Mar/2024:11:52:55 +0800] "GET /xingrg/all/function/internal_message.html?_=1711597817642&CODE_STATE=getMsg HTTP/1.1" 200 27
101.83.144.49 - - [28/Mar/2024:11:52:55 +0800] "GET /xingrg/kc/base/wldb_order_add.html HTTP/1.1" 200 30382
101.83.144.49 - - [28/Mar/2024:11:52:56 +0800] "POST /xingrg/kc/base/wldb_order_operate.html HTTP/1.1" 200 6806
101.83.144.49 - - [28/Mar/2024:11:52:56 +0800] "GET /xingrg/javascript/easyui/themes/default/validatebox.css HTTP/1.1" 404 1104
222.70.115.1 - - [28/Mar/2024:11:52:58 +0800] "GET /xingrg/all/function/internal_message.html?_=1711597991074&CODE_STATE=getMsg HTTP/1.1" 200 27
101.228.147.14 - - [28/Mar/2024:11:52:58 +0800] "GET /xingrg/all/function/internal_message.html?_=1711597978623&CODE_STATE=getMsg HTTP/1.1" 200 27
116.237.78.87 - - [28/Mar/2024:11:53:01 +0800] "GET /xingrg/all/function/internal_message.html?_=1711597982251&CODE_STATE=getMsg HTTP/1.1" 200 27
116.232.194.112 - - [28/Mar/2024:11:53:04 +0800] "GET /xingrg/all/function/internal_message.html?_=1711597948853&CODE_STATE=getMsg HTTP/1.1" 200 27
116.232.194.112 - - [28/Mar/2024:11:53:08 +0800] "GET /xingrg/all/function/internal_message.html?_=1711597952411&CODE_STATE=getMsg HTTP/1.1" 200 27
116.232.194.112 - - [28/Mar/2024:11:53:13 +0800] "POST /xingrg/kc/buy/cgsh_list_operate.html HTTP/1.1" 200 7914
116.232.194.112 - - [28/Mar/2024:11:53:15 +0800] "POST /xingrg/kc/buy/cgsh_list_operate.html HTTP/1.1" 200 571
116.232.194.112 - - [28/Mar/2024:11:53:16 +0800] "GET /xingrg/kc/buy/cgsh_order_info.html?code=212024032808256 HTTP/1.1" 200 73883
116.232.194.112 - - [28/Mar/2024:11:53:17 +0800] "GET /xingrg/javascript/easyui/themes/default/validatebox.css HTTP/1.1" 404 1104
124.78.60.103 - - [28/Mar/2024:11:53:18 +0800] "GET /xingrg/check_reg.html?_=1711597998411 HTTP/1.1" 200 22
124.78.60.103 - - [28/Mar/2024:11:53:18 +0800] "GET /xingrg/all/function/internal_message.html?_=1711597998413&CODE_STATE=getMsg HTTP/1.1" 200 27
124.78.60.103 - - [28/Mar/2024:11:53:18 +0800] "GET /xingrg/all/function/internal_message.html?_=1711597998302&CODE_STATE=getMsg HTTP/1.1" 200 27
116.232.194.112 - - [28/Mar/2024:11:53:18 +0800] "POST /xingrg/kc/buy/cgsh_order_operate.html HTTP/1.1" 200 28740
180.169.147.146 - - [28/Mar/2024:11:53:18 +0800] "POST /xingrg/dwr/call/plaincall/AjaxReportQueryService.refreshCache.dwr HTTP/1.1" 200 79
101.83.144.49 - - [28/Mar/2024:11:53:19 +0800] "GET /xingrg/all/function/internal_message.html?_=1711598000036&CODE_STATE=getMsg HTTP/1.1" 200 27
101.228.147.14 - - [28/Mar/2024:11:53:20 +0800] "GET /xingrg/kc/buy/cgsh_order_operate.html?command=get_materiel&rest_code=00142&code=00101008049&supplier_code=00100161&order_time=2024-03-28 HTTP/1.1" 200 408
116.232.194.112 - - [28/Mar/2024:11:53:22 +0800] "GET /xingrg/kc/print/load_data.html?order_code=212024032808256&kc_code=cgsh HTTP/1.1" 200 10628
180.169.147.146 - - [28/Mar/2024:11:53:23 +0800] "POST /xingrg/all/report/load_report_page.html HTTP/1.1" 200 33884
180.169.147.146 - - [28/Mar/2024:11:53:23 +0800] "GET /xingrg/servlets/image?cache=0.6664994748888847&image=px HTTP/1.1" 200 807
101.83.144.49 - - [28/Mar/2024:11:53:23 +0800] "GET /xingrg/check_reg.html?_=1711598004033 HTTP/1.1" 200 22
180.169.147.146 - - [28/Mar/2024:11:53:24 +0800] "GET /xingrg/all/function/internal_message.html?_=1711597997093&CODE_STATE=getMsg HTTP/1.1" 200 27
114.85.113.46 - - [28/Mar/2024:11:53:26 +0800] "GET /xingrg/check_reg.html?_=1711598005242 HTTP/1.1" 200 22
101.228.147.14 - - [28/Mar/2024:11:53:29 +0800] "GET /xingrg/kc/buy/cgsh_order_operate.html?command=get_materiel&rest_code=00142&code=00101008261&supplier_code=00100161&order_time=2024-03-28 HTTP/1.1" 200 429
222.70.168.57 - - [28/Mar/2024:11:53:29 +0800] "GET /xingrg/all/function/internal_message.html?_=1711598023059&CODE_STATE=getMsg HTTP/1.1" 200 27
116.224.254.208 - - [28/Mar/2024:11:53:34 +0800] "GET /xingrg/all/function/internal_message.html?_=1711598013692&CODE_STATE=getMsg HTTP/1.1" 200 27
114.83.222.216 - - [28/Mar/2024:11:53:34 +0800] "GET /xingrg/all/function/internal_message.html?_=1711598013353&CODE_STATE=getMsg HTTP/1.1" 200 27
120.253.135.82 - - [28/Mar/2024:11:53:37 +0800] "GET /xingrg/all/function/internal_message.html?_=1711598192153&CODE_STATE=getMsg HTTP/1.1" 200 27
116.224.254.208 - - [28/Mar/2024:11:53:38 +0800] "GET /xingrg/all/function/internal_message.html?_=1711598017618&CODE_STATE=getMsg HTTP/1.1" 200 27
101.83.144.49 - - [28/Mar/2024:11:53:40 +0800] "GET /xingrg/kc/base/wldb_order_operate.html?command=get_materiel&rest_code=00105&base_code=0010508&code=00102004006 HTTP/1.1" 200 442
180.169.147.146 - - [28/Mar/2024:11:53:46 +0800] "GET /xingrg/check_reg.html?_=1711598026192 HTTP/1.1" 200 22
180.169.147.146 - - [28/Mar/2024:11:53:46 +0800] "GET /xingrg/all/function/internal_message.html?_=1711598026225&CODE_STATE=getMsg HTTP/1.1" 200 27
101.228.147.14 - - [28/Mar/2024:11:53:48 +0800] "GET /xingrg/kc/buy/cgsh_order_operate.html?command=get_materiel&rest_code=00142&code=00101008268&supplier_code=00100161&order_time=2024-03-28 HTTP/1.1" 200 408
101.83.144.49 - - [28/Mar/2024:11:53:49 +0800] "GET /xingrg/all/function/internal_message.html?_=1711597790254&CODE_STATE=getMsg HTTP/1.1" 200 27
180.164.1.25 - - [28/Mar/2024:11:53:50 +0800] "GET /xingrg/all/function/internal_message.html?_=1711598028903&CODE_STATE=getMsg HTTP/1.1" 200 27
114.85.113.46 - - [28/Mar/2024:11:53:50 +0800] "GET /xingrg/all/function/internal_message.html?_=1711598029456&CODE_STATE=getMsg HTTP/1.1" 200 27
180.171.58.249 - - [28/Mar/2024:11:53:51 +0800] "GET /xingrg/check_reg.html?_=1711598036909 HTTP/1.1" 302 -
120.253.135.82 - - [28/Mar/2024:11:53:55 +0800] "GET /xingrg/all/function/internal_message.html?_=1711597877656&CODE_STATE=getMsg HTTP/1.1" 200 27
222.70.115.1 - - [28/Mar/2024:11:53:58 +0800] "GET /xingrg/all/function/internal_message.html?_=1711598051065&CODE_STATE=getMsg HTTP/1.1" 200 27
101.228.147.14 - - [28/Mar/2024:11:53:58 +0800] "GET /xingrg/all/function/internal_message.html?_=1711598038617&CODE_STATE=getMsg HTTP/1.1" 200 27
101.228.147.14 - - [28/Mar/2024:11:54:00 +0800] "GET /xingrg/kc/buy/cgsh_order_operate.html?command=get_materiel&rest_code=00142&code=00101008355&supplier_code=00100161&order_time=2024-03-28 HTTP/1.1" 200 408
116.237.78.87 - - [28/Mar/2024:11:54:01 +0800] "GET /xingrg/all/function/internal_message.html?_=1711598042257&CODE_STATE=getMsg HTTP/1.1" 200 27
101.83.144.49 - - [28/Mar/2024:11:54:03 +0800] "GET /xingrg/kc/base/wldb_order_operate.html?command=get_materiel&rest_code=00105&base_code=0010508&code=00102002022 HTTP/1.1" 200 471
116.232.194.112 - - [28/Mar/2024:11:54:04 +0800] "GET /xingrg/all/function/internal_message.html?_=1711598008845&CODE_STATE=getMsg HTTP/1.1" 200 27
116.232.194.112 - - [28/Mar/2024:11:54:04 +0800] "GET /xingrg/check_reg.html?_=1711598009173 HTTP/1.1" 200 22
116.232.194.112 - - [28/Mar/2024:11:54:06 +0800] "GET /xingrg/check_reg.html?_=1711598011114 HTTP/1.1" 200 22
116.232.194.112 - - [28/Mar/2024:11:54:08 +0800] "GET /xingrg/all/function/internal_message.html?_=1711598012404&CODE_STATE=getMsg HTTP/1.1" 200 27
101.228.147.14 - - [28/Mar/2024:11:54:09 +0800] "GET /xingrg/kc/buy/cgsh_order_operate.html?command=get_materiel&rest_code=00142&code=00101008024&supplier_code=00100161&order_time=2024-03-28 HTTP/1.1" 200 408
101.83.144.49 - - [28/Mar/2024:11:54:11 +0800] "POST /xingrg/kc/base/wldb_order_operate.html HTTP/1.1" 200 37
116.232.194.112 - - [28/Mar/2024:11:54:12 +0800] "POST /xingrg/kc/buy/cgsh_list_operate.html HTTP/1.1" 200 7914
101.83.144.49 - - [28/Mar/2024:11:54:12 +0800] "POST /xingrg/kc/base/wldb_order_operate.html HTTP/1.1" 200 3170
101.83.144.49 - - [28/Mar/2024:11:54:14 +0800] "GET /xingrg/kc/base/wldb_order_info.html?code=422024032801982 HTTP/1.1" 200 30396
101.83.144.49 - - [28/Mar/2024:11:54:14 +0800] "GET /xingrg/javascript/easyui/themes/default/validatebox.css HTTP/1.1" 404 1104
101.83.144.49 - - [28/Mar/2024:11:54:15 +0800] "POST /xingrg/kc/base/wldb_order_operate.html HTTP/1.1" 200 3170
124.78.60.103 - - [28/Mar/2024:11:54:18 +0800] "GET /xingrg/all/function/internal_message.html?_=1711598058411&CODE_STATE=getMsg HTTP/1.1" 200 27
124.78.60.103 - - [28/Mar/2024:11:54:18 +0800] "GET /xingrg/all/function/internal_message.html?_=1711598058276&CODE_STATE=getMsg HTTP/1.1" 200 27
101.228.147.14 - - [28/Mar/2024:11:54:18 +0800] "GET /xingrg/kc/buy/cgsh_order_operate.html?command=get_materiel&rest_code=00142&code=00101008356&supplier_code=00100161&order_time=2024-03-28 HTTP/1.1" 200 408
101.83.144.49 - - [28/Mar/2024:11:54:19 +0800] "GET /xingrg/all/function/internal_message.html?_=1711598060013&CODE_STATE=getMsg HTTP/1.1" 200 27
180.169.147.146 - - [28/Mar/2024:11:54:24 +0800] "GET /xingrg/all/function/internal_message.html?_=1711598057077&CODE_STATE=getMsg HTTP/1.1" 200 27
101.228.147.14 - - [28/Mar/2024:11:54:28 +0800] "GET /xingrg/kc/buy/cgsh_order_operate.html?command=get_materiel&rest_code=00142&code=00101008286&supplier_code=00100161&order_time=2024-03-28 HTTP/1.1" 200 408
222.70.168.57 - - [28/Mar/2024:11:54:30 +0800] "GET /xingrg/all/function/internal_message.html?_=1711598084801&CODE_STATE=getMsg HTTP/1.1" 200 27
124.78.60.103 - - [28/Mar/2024:11:54:33 +0800] "GET /xingrg/check_reg.html?_=1711598073875 HTTP/1.1" 200 22
116.224.254.208 - - [28/Mar/2024:11:54:33 +0800] "GET /xingrg/all/function/internal_message.html?_=1711598073675&CODE_STATE=getMsg HTTP/1.1" 200 27
114.83.222.216 - - [28/Mar/2024:11:54:34 +0800] "GET /xingrg/all/function/internal_message.html?_=1711598073337&CODE_STATE=getMsg HTTP/1.1" 200 27
101.228.147.14 - - [28/Mar/2024:11:54:37 +0800] "GET /xingrg/kc/buy/cgsh_order_operate.html?command=get_materiel&rest_code=00142&code=00101008353&supplier_code=00100161&order_time=2024-03-28 HTTP/1.1" 200 408
120.253.135.82 - - [28/Mar/2024:11:54:37 +0800] "GET /xingrg/check_reg.html?_=1711598252169 HTTP/1.1" 200 22
120.253.135.82 - - [28/Mar/2024:11:54:37 +0800] "GET /xingrg/all/function/internal_message.html?_=1711598252157&CODE_STATE=getMsg HTTP/1.1" 200 27
116.224.254.208 - - [28/Mar/2024:11:54:40 +0800] "GET /xingrg/all/function/internal_message.html?_=1711598078774&CODE_STATE=getMsg HTTP/1.1" 200 27
180.169.147.146 - - [28/Mar/2024:11:54:46 +0800] "GET /xingrg/all/function/internal_message.html?_=1711598086209&CODE_STATE=getMsg HTTP/1.1" 200 27
101.83.144.49 - - [28/Mar/2024:11:54:49 +0800] "GET /xingrg/all/function/internal_message.html?_=1711597850259&CODE_STATE=getMsg HTTP/1.1" 200 27
101.228.147.14 - - [28/Mar/2024:11:54:50 +0800] "GET /xingrg/kc/buy/cgsh_order_operate.html?command=get_materiel&rest_code=00142&code=00101008351&supplier_code=00100161&order_time=2024-03-28 HTTP/1.1" 200 408
180.164.1.25 - - [28/Mar/2024:11:54:50 +0800] "GET /xingrg/all/function/internal_message.html?_=1711598088895&CODE_STATE=getMsg HTTP/1.1" 200 27
114.85.113.46 - - [28/Mar/2024:11:54:50 +0800] "GET /xingrg/all/function/internal_message.html?_=1711598089457&CODE_STATE=getMsg HTTP/1.1" 200 27
120.253.135.82 - - [28/Mar/2024:11:54:55 +0800] "GET /xingrg/all/function/internal_message.html?_=1711597937682&CODE_STATE=getMsg HTTP/1.1" 200 27
222.70.115.1 - - [28/Mar/2024:11:54:58 +0800] "GET /xingrg/all/function/internal_message.html?_=1711598111064&CODE_STATE=getMsg HTTP/1.1" 200 27
101.228.147.14 - - [28/Mar/2024:11:54:58 +0800] "GET /xingrg/all/function/internal_message.html?_=1711598098620&CODE_STATE=getMsg HTTP/1.1" 200 27
101.228.147.14 - - [28/Mar/2024:11:54:58 +0800] "GET /xingrg/check_reg.html?_=1711598098622 HTTP/1.1" 200 22
101.228.147.14 - - [28/Mar/2024:11:54:59 +0800] "GET /xingrg/kc/buy/cgsh_order_operate.html?command=get_materiel&rest_code=00142&code=00101008350&supplier_code=00100161&order_time=2024-03-28 HTTP/1.1" 200 408
116.237.78.87 - - [28/Mar/2024:11:55:01 +0800] "GET /xingrg/all/function/internal_message.html?_=1711598102259&CODE_STATE=getMsg HTTP/1.1" 200 27
116.232.194.112 - - [28/Mar/2024:11:55:04 +0800] "GET /xingrg/all/function/internal_message.html?_=1711598068863&CODE_STATE=getMsg HTTP/1.1" 200 27
180.171.58.249 - - [28/Mar/2024:11:55:05 +0800] "GET /xingrg/check_reg.html?_=1711598111087 HTTP/1.1" 302 -
116.232.194.112 - - [28/Mar/2024:11:55:08 +0800] "GET /xingrg/all/function/internal_message.html?_=1711598072389&CODE_STATE=getMsg HTTP/1.1" 200 27
180.169.147.146 - - [28/Mar/2024:11:55:11 +0800] "GET /xingrg/kc/base/check_order_list.html HTTP/1.1" 200 16431
180.169.147.146 - - [28/Mar/2024:11:55:12 +0800] "POST /xingrg/kc/base/check_list_operate.html HTTP/1.1" 200 781
222.70.168.57 - - [28/Mar/2024:11:55:12 +0800] "GET /xingrg/check_reg.html?_=1711598126464 HTTP/1.1" 200 22
101.228.147.14 - - [28/Mar/2024:11:55:15 +0800] "GET /xingrg/kc/buy/cgsh_order_operate.html?command=get_materiel&rest_code=00142&code=00101008366&supplier_code=00100161&order_time=2024-03-28 HTTP/1.1" 200 408
180.169.147.146 - - [28/Mar/2024:11:55:15 +0800] "POST /xingrg/kc/base/check_list_operate.html HTTP/1.1" 200 2999
124.78.60.103 - - [28/Mar/2024:11:55:18 +0800] "GET /xingrg/all/function/internal_message.html?_=1711598118410&CODE_STATE=getMsg HTTP/1.1" 200 27
124.78.60.103 - - [28/Mar/2024:11:55:18 +0800] "GET /xingrg/all/function/internal_message.html?_=1711598118259&CODE_STATE=getMsg HTTP/1.1" 200 27
180.169.147.146 - - [28/Mar/2024:11:55:18 +0800] "GET /xingrg/kc/base/check_order_info.html?code=452024022900120 HTTP/1.1" 200 23122
180.169.147.146 - - [28/Mar/2024:11:55:18 +0800] "GET /xingrg/css/table.css HTTP/1.1" 200 3684
180.169.147.146 - - [28/Mar/2024:11:55:18 +0800] "GET /xingrg/dwr/interface/AjaxComOrderService.js HTTP/1.1" 200 18264
180.169.147.146 - - [28/Mar/2024:11:55:18 +0800] "GET /xingrg/dwr/interface/AjaxCheckService.js HTTP/1.1" 200 14003
180.169.147.146 - - [28/Mar/2024:11:55:18 +0800] "GET /xingrg/dwr/engine.js HTTP/1.1" 200 43631
180.169.147.146 - - [28/Mar/2024:11:55:18 +0800] "GET /xingrg/javascript/AjaxInfoList.js HTTP/1.1" 200 3774
180.169.147.146 - - [28/Mar/2024:11:55:18 +0800] "GET /xingrg/javascript/convert.js HTTP/1.1" 200 1239
180.169.147.146 - - [28/Mar/2024:11:55:18 +0800] "GET /xingrg/javascript/print/kc_print.js HTTP/1.1" 200 11415
180.169.147.146 - - [28/Mar/2024:11:55:18 +0800] "GET /xingrg/javascript/jquery_easy_ui/themes/icons/uncheck_new.png HTTP/1.1" 200 3197
180.169.147.146 - - [28/Mar/2024:11:55:18 +0800] "GET /xingrg/javascript/jquery_easy_ui/themes/icons/exam_new.png HTTP/1.1" 200 756
180.169.147.146 - - [28/Mar/2024:11:55:19 +0800] "POST /xingrg/dwr/call/plaincall/AjaxCheckService.loadOrderItems.dwr HTTP/1.1" 200 8874
101.83.144.49 - - [28/Mar/2024:11:55:19 +0800] "GET /xingrg/all/function/internal_message.html?_=1711598119994&CODE_STATE=getMsg HTTP/1.1" 200 27
180.169.147.146 - - [28/Mar/2024:11:55:24 +0800] "GET /xingrg/all/function/internal_message.html?_=1711598117061&CODE_STATE=getMsg HTTP/1.1" 200 27
116.224.254.208 - - [28/Mar/2024:11:55:29 +0800] "GET /xingrg/check_reg.html?_=1711598129038 HTTP/1.1" 200 22
101.228.147.14 - - [28/Mar/2024:11:55:29 +0800] "GET /xingrg/kc/buy/cgsh_order_operate.html?command=get_materiel&rest_code=00142&code=00101008357&supplier_code=00100161&order_time=2024-03-28 HTTP/1.1" 200 408
222.70.168.57 - - [28/Mar/2024:11:55:30 +0800] "GET /xingrg/all/function/internal_message.html?_=1711598144811&CODE_STATE=getMsg HTTP/1.1" 200 27
116.224.254.208 - - [28/Mar/2024:11:55:33 +0800] "GET /xingrg/all/function/internal_message.html?_=1711598133660&CODE_STATE=getMsg HTTP/1.1" 200 27
114.83.222.216 - - [28/Mar/2024:11:55:34 +0800] "GET /xingrg/all/function/internal_message.html?_=1711598133316&CODE_STATE=getMsg HTTP/1.1" 200 27
114.83.222.216 - - [28/Mar/2024:11:55:34 +0800] "GET /xingrg/check_reg.html?_=1711598133428 HTTP/1.1" 200 22
120.253.135.82 - - [28/Mar/2024:11:55:37 +0800] "GET /xingrg/all/function/internal_message.html?_=1711598312161&CODE_STATE=getMsg HTTP/1.1" 200 27
116.224.254.208 - - [28/Mar/2024:11:55:41 +0800] "GET /xingrg/all/function/internal_message.html?_=1711598140338&CODE_STATE=getMsg HTTP/1.1" 200 27
101.228.147.14 - - [28/Mar/2024:11:55:45 +0800] "GET /xingrg/kc/buy/cgsh_order_operate.html?command=get_materiel&rest_code=00142&code=00101008312&supplier_code=00100161&order_time=2024-03-28 HTTP/1.1" 200 412
180.169.147.146 - - [28/Mar/2024:11:55:46 +0800] "GET /xingrg/all/function/internal_message.html?_=1711598146213&CODE_STATE=getMsg HTTP/1.1" 200 27
101.83.144.49 - - [28/Mar/2024:11:55:49 +0800] "GET /xingrg/check_reg.html?_=1711597910247 HTTP/1.1" 200 22
101.83.144.49 - - [28/Mar/2024:11:55:49 +0800] "GET /xingrg/all/function/internal_message.html?_=1711597910250&CODE_STATE=getMsg HTTP/1.1" 200 27
180.164.1.25 - - [28/Mar/2024:11:55:50 +0800] "GET /xingrg/all/function/internal_message.html?_=1711598148903&CODE_STATE=getMsg HTTP/1.1" 200 27
180.164.1.25 - - [28/Mar/2024:11:55:50 +0800] "GET /xingrg/check_reg.html?_=1711598148908 HTTP/1.1" 200 22
114.85.113.46 - - [28/Mar/2024:11:55:50 +0800] "GET /xingrg/all/function/internal_message.html?_=1711598149456&CODE_STATE=getMsg HTTP/1.1" 200 27
120.253.135.82 - - [28/Mar/2024:11:55:55 +0800] "GET /xingrg/all/function/internal_message.html?_=1711597997699&CODE_STATE=getMsg HTTP/1.1" 200 27
101.228.147.14 - - [28/Mar/2024:11:55:56 +0800] "GET /xingrg/kc/buy/cgsh_order_operate.html?command=get_materiel&rest_code=00142&code=00101008264&supplier_code=00100161&order_time=2024-03-28 HTTP/1.1" 200 432
222.70.115.1 - - [28/Mar/2024:11:55:58 +0800] "GET /xingrg/all/function/internal_message.html?_=1711598171063&CODE_STATE=getMsg HTTP/1.1" 200 27
101.228.147.14 - - [28/Mar/2024:11:55:58 +0800] "GET /xingrg/all/function/internal_message.html?_=1711598158649&CODE_STATE=getMsg HTTP/1.1" 200 27
116.237.78.87 - - [28/Mar/2024:11:56:01 +0800] "GET /xingrg/all/function/internal_message.html?_=1711598162256&CODE_STATE=getMsg HTTP/1.1" 200 27
101.83.144.49 - - [28/Mar/2024:11:56:04 +0800] "GET /xingrg/kc/base/wldb_order_add.html HTTP/1.1" 200 30382
116.232.194.112 - - [28/Mar/2024:11:56:04 +0800] "GET /xingrg/all/function/internal_message.html?_=1711598128852&CODE_STATE=getMsg HTTP/1.1" 200 27
101.83.144.49 - - [28/Mar/2024:11:56:04 +0800] "GET /xingrg/javascript/easyui/themes/default/validatebox.css HTTP/1.1" 404 1104
101.83.144.49 - - [28/Mar/2024:11:56:04 +0800] "POST /xingrg/kc/base/wldb_order_operate.html HTTP/1.1" 200 6806
116.232.194.112 - - [28/Mar/2024:11:56:08 +0800] "GET /xingrg/all/function/internal_message.html?_=1711598132381&CODE_STATE=getMsg HTTP/1.1" 200 27
101.228.147.14 - - [28/Mar/2024:11:56:09 +0800] "GET /xingrg/kc/buy/cgsh_order_operate.html?command=get_materiel&rest_code=00142&code=00101008298&supplier_code=00100161&order_time=2024-03-28 HTTP/1.1" 200 412
101.228.147.14 - - [28/Mar/2024:11:56:17 +0800] "GET /xingrg/kc/buy/cgsh_order_operate.html?command=get_materiel&rest_code=00142&code=00101008352&supplier_code=00100161&order_time=2024-03-28 HTTP/1.1" 200 412
124.78.60.103 - - [28/Mar/2024:11:56:18 +0800] "GET /xingrg/all/function/internal_message.html?_=1711598178408&CODE_STATE=getMsg HTTP/1.1" 200 27
124.78.60.103 - - [28/Mar/2024:11:56:18 +0800] "GET /xingrg/all/function/internal_message.html?_=1711598178233&CODE_STATE=getMsg HTTP/1.1" 200 27
101.83.144.49 - - [28/Mar/2024:11:56:19 +0800] "GET /xingrg/all/function/internal_message.html?_=1711598179968&CODE_STATE=getMsg HTTP/1.1" 200 27
101.83.144.49 - - [28/Mar/2024:11:56:21 +0800] "GET /xingrg/javascript/jquery_tools/images/prev.gif HTTP/1.1" 404 1086
101.83.144.49 - - [28/Mar/2024:11:56:21 +0800] "GET /xingrg/javascript/jquery_tools/images/next.gif HTTP/1.1" 404 1086
180.169.147.146 - - [28/Mar/2024:11:56:24 +0800] "GET /xingrg/all/function/internal_message.html?_=1711598177044&CODE_STATE=getMsg HTTP/1.1" 200 27
101.228.147.14 - - [28/Mar/2024:11:56:27 +0800] "GET /xingrg/kc/buy/cgsh_order_operate.html?command=get_materiel&rest_code=00142&code=00101008323&supplier_code=00100161&order_time=2024-03-28 HTTP/1.1" 200 408
222.70.168.57 - - [28/Mar/2024:11:56:30 +0800] "GET /xingrg/all/function/internal_message.html?_=1711598204824&CODE_STATE=getMsg HTTP/1.1" 200 27
116.224.254.208 - - [28/Mar/2024:11:56:33 +0800] "GET /xingrg/all/function/internal_message.html?_=1711598193642&CODE_STATE=getMsg HTTP/1.1" 200 27
114.83.222.216 - - [28/Mar/2024:11:56:34 +0800] "GET /xingrg/all/function/internal_message.html?_=1711598193288&CODE_STATE=getMsg HTTP/1.1" 200 27
101.83.144.49 - - [28/Mar/2024:11:56:35 +0800] "GET /xingrg/kc/base/wldb_order_operate.html?command=get_materiel&rest_code=00105&base_code=0010507&code=00101019187 HTTP/1.1" 200 479
116.224.254.208 - - [28/Mar/2024:11:56:36 +0800] "GET /xingrg/check_reg.html?_=1711598195778 HTTP/1.1" 200 22
120.253.135.82 - - [28/Mar/2024:11:56:37 +0800] "GET /xingrg/all/function/internal_message.html?_=1711598372166&CODE_STATE=getMsg HTTP/1.1" 200 27
101.228.147.14 - - [28/Mar/2024:11:56:39 +0800] "GET /xingrg/kc/buy/cgsh_order_operate.html?command=get_materiel&rest_code=00142&code=00101008205&supplier_code=00100161&order_time=2024-03-28 HTTP/1.1" 200 412
101.228.147.14 - - [28/Mar/2024:11:56:41 +0800] "POST /xingrg/kc/buy/cgsh_order_operate.html HTTP/1.1" 200 2065
116.224.254.208 - - [28/Mar/2024:11:56:43 +0800] "GET /xingrg/all/function/internal_message.html?_=1711598202559&CODE_STATE=getMsg HTTP/1.1" 200 27
180.169.147.146 - - [28/Mar/2024:11:56:46 +0800] "GET /xingrg/all/function/internal_message.html?_=1711598206206&CODE_STATE=getMsg HTTP/1.1" 200 27
101.83.144.49 - - [28/Mar/2024:11:56:49 +0800] "GET /xingrg/all/function/internal_message.html?_=1711597970255&CODE_STATE=getMsg HTTP/1.1" 200 27
101.228.147.14 - - [28/Mar/2024:11:56:49 +0800] "GET /xingrg/kc/buy/cgsh_order_operate.html?command=get_materiel&rest_code=00142&code=00101008374&supplier_code=00100161&order_time=2024-03-28 HTTP/1.1" 200 412
101.83.144.49 - - [28/Mar/2024:11:56:49 +0800] "GET /xingrg/kc/base/wldb_order_operate.html?command=get_materiel&rest_code=00105&base_code=0010507&code=00101019306 HTTP/1.1" 200 479
180.164.1.25 - - [28/Mar/2024:11:56:50 +0800] "GET /xingrg/all/function/internal_message.html?_=1711598208905&CODE_STATE=getMsg HTTP/1.1" 200 27
114.85.113.46 - - [28/Mar/2024:11:56:50 +0800] "GET /xingrg/all/function/internal_message.html?_=1711598209457&CODE_STATE=getMsg HTTP/1.1" 200 27
120.253.135.82 - - [28/Mar/2024:11:56:55 +0800] "GET /xingrg/check_reg.html?_=1711598057211 HTTP/1.1" 200 22
120.253.135.82 - - [28/Mar/2024:11:56:55 +0800] "GET /xingrg/all/function/internal_message.html?_=1711598057712&CODE_STATE=getMsg HTTP/1.1" 200 27
222.70.115.1 - - [28/Mar/2024:11:56:58 +0800] "GET /xingrg/all/function/internal_message.html?_=1711598231069&CODE_STATE=getMsg HTTP/1.1" 200 27
222.70.115.1 - - [28/Mar/2024:11:56:58 +0800] "GET /xingrg/check_reg.html?_=1711598231071 HTTP/1.1" 200 22
101.228.147.14 - - [28/Mar/2024:11:56:58 +0800] "GET /xingrg/all/function/internal_message.html?_=1711598218625&CODE_STATE=getMsg HTTP/1.1" 200 27
101.228.147.14 - - [28/Mar/2024:11:56:59 +0800] "GET /xingrg/kc/buy/cgsh_order_operate.html?command=get_materiel&rest_code=00142&code=00101008459&supplier_code=00100161&order_time=2024-03-28 HTTP/1.1" 200 409
116.237.78.87 - - [28/Mar/2024:11:57:01 +0800] "GET /xingrg/check_reg.html?_=1711598222256 HTTP/1.1" 200 22
116.237.78.87 - - [28/Mar/2024:11:57:01 +0800] "GET /xingrg/all/function/internal_message.html?_=1711598222257&CODE_STATE=getMsg HTTP/1.1" 200 27
116.232.194.112 - - [28/Mar/2024:11:57:04 +0800] "GET /xingrg/all/function/internal_message.html?_=1711598188842&CODE_STATE=getMsg HTTP/1.1" 200 27
101.83.144.49 - - [28/Mar/2024:11:57:05 +0800] "GET /xingrg/kc/base/wldb_order_operate.html?command=get_materiel&rest_code=00105&base_code=0010507&code=00101019315 HTTP/1.1" 200 475
116.232.194.112 - - [28/Mar/2024:11:57:07 +0800] "GET /xingrg/all/function/internal_message.html?_=1711598192359&CODE_STATE=getMsg HTTP/1.1" 200 27
101.228.147.14 - - [28/Mar/2024:11:57:11 +0800] "GET /xingrg/kc/buy/cgsh_order_operate.html?command=get_materiel&rest_code=00142&code=00101012051&supplier_code=00100161&order_time=2024-03-28 HTTP/1.1" 200 408
124.78.60.103 - - [28/Mar/2024:11:57:18 +0800] "GET /xingrg/all/function/internal_message.html?_=1711598238433&CODE_STATE=getMsg HTTP/1.1" 200 27
124.78.60.103 - - [28/Mar/2024:11:57:18 +0800] "GET /xingrg/all/function/internal_message.html?_=1711598238219&CODE_STATE=getMsg HTTP/1.1" 200 27
101.83.144.49 - - [28/Mar/2024:11:57:18 +0800] "GET /xingrg/kc/base/wldb_order_operate.html?command=get_materiel&rest_code=00105&base_code=0010507&code=00101019258 HTTP/1.1" 200 483
101.83.144.49 - - [28/Mar/2024:11:57:19 +0800] "GET /xingrg/all/function/internal_message.html?_=1711598239949&CODE_STATE=getMsg HTTP/1.1" 200 27
101.228.147.14 - - [28/Mar/2024:11:57:24 +0800] "POST /xingrg/kc/buy/cgsh_order_operate.html HTTP/1.1" 200 37
180.169.147.146 - - [28/Mar/2024:11:57:24 +0800] "GET /xingrg/all/function/internal_message.html?_=1711598237028&CODE_STATE=getMsg HTTP/1.1" 200 27
180.169.147.146 - - [28/Mar/2024:11:57:25 +0800] "GET /xingrg/check_reg.html?_=1711598237699 HTTP/1.1" 200 22
101.83.144.49 - - [28/Mar/2024:11:57:30 +0800] "GET /xingrg/kc/base/wldb_order_operate.html?command=get_materiel&rest_code=00105&base_code=0010507&code=00101016096 HTTP/1.1" 200 450
222.70.168.57 - - [28/Mar/2024:11:57:32 +0800] "GET /xingrg/all/function/internal_message.html?_=1711598266112&CODE_STATE=getMsg HTTP/1.1" 200 27
116.224.254.208 - - [28/Mar/2024:11:57:33 +0800] "GET /xingrg/all/function/internal_message.html?_=1711598253632&CODE_STATE=getMsg HTTP/1.1" 200 27
114.83.222.216 - - [28/Mar/2024:11:57:34 +0800] "GET /xingrg/all/function/internal_message.html?_=1711598253267&CODE_STATE=getMsg HTTP/1.1" 200 27
120.253.135.82 - - [28/Mar/2024:11:57:37 +0800] "GET /xingrg/all/function/internal_message.html?_=1711598432171&CODE_STATE=getMsg HTTP/1.1" 200 27
101.228.147.14 - - [28/Mar/2024:11:57:40 +0800] "POST /xingrg/kc/buy/cgsh_order_operate.html HTTP/1.1" 200 12
101.83.144.49 - - [28/Mar/2024:11:57:41 +0800] "GET /xingrg/kc/base/wldb_order_operate.html?command=get_materiel&rest_code=00105&base_code=0010507&code=00101019400 HTTP/1.1" 200 465
101.228.147.14 - - [28/Mar/2024:11:57:43 +0800] "GET /xingrg/kc/buy/cgsh_order_info.html?code=212024032808259 HTTP/1.1" 200 67806
101.228.147.14 - - [28/Mar/2024:11:57:44 +0800] "GET /xingrg/javascript/easyui/themes/default/validatebox.css HTTP/1.1" 404 1104
101.228.147.14 - - [28/Mar/2024:11:57:45 +0800] "POST /xingrg/kc/buy/cgsh_order_operate.html HTTP/1.1" 200 12378
116.224.254.208 - - [28/Mar/2024:11:57:45 +0800] "GET /xingrg/all/function/internal_message.html?_=1711598264545&CODE_STATE=getMsg HTTP/1.1" 200 27
180.169.147.146 - - [28/Mar/2024:11:57:46 +0800] "GET /xingrg/all/function/internal_message.html?_=1711598266199&CODE_STATE=getMsg HTTP/1.1" 200 27
101.228.147.14 - - [28/Mar/2024:11:57:47 +0800] "GET /xingrg/kc/print/load_config.html?kc_code=cgsh HTTP/1.1" 200 1927
101.228.147.14 - - [28/Mar/2024:11:57:48 +0800] "GET /xingrg/kc/print/load_data.html?order_code=212024032808259&kc_code=cgsh&condition= HTTP/1.1" 200 5161
101.83.144.49 - - [28/Mar/2024:11:57:49 +0800] "GET /xingrg/all/function/internal_message.html?_=1711598030256&CODE_STATE=getMsg HTTP/1.1" 200 27
180.164.1.25 - - [28/Mar/2024:11:57:50 +0800] "GET /xingrg/all/function/internal_message.html?_=1711598268895&CODE_STATE=getMsg HTTP/1.1" 200 27
114.85.113.46 - - [28/Mar/2024:11:57:50 +0800] "GET /xingrg/all/function/internal_message.html?_=1711598269457&CODE_STATE=getMsg HTTP/1.1" 200 27
101.83.144.49 - - [28/Mar/2024:11:57:54 +0800] "GET /xingrg/kc/base/wldb_order_operate.html?command=get_materiel&rest_code=00105&base_code=0010507&code=00101019222 HTTP/1.1" 200 452
120.253.135.82 - - [28/Mar/2024:11:57:55 +0800] "GET /xingrg/all/function/internal_message.html?_=1711598117726&CODE_STATE=getMsg HTTP/1.1" 200 27
222.70.115.1 - - [28/Mar/2024:11:57:58 +0800] "GET /xingrg/all/function/internal_message.html?_=1711598291069&CODE_STATE=getMsg HTTP/1.1" 200 27
101.228.147.14 - - [28/Mar/2024:11:57:58 +0800] "GET /xingrg/all/function/internal_message.html?_=1711598278631&CODE_STATE=getMsg HTTP/1.1" 200 27
101.228.147.14 - - [28/Mar/2024:11:57:59 +0800] "POST /xingrg/kc/buy/cgsh_list_operate.html HTTP/1.1" 200 1669
116.237.78.87 - - [28/Mar/2024:11:58:01 +0800] "GET /xingrg/all/function/internal_message.html?_=1711598282255&CODE_STATE=getMsg HTTP/1.1" 200 27
116.232.194.112 - - [28/Mar/2024:11:58:04 +0800] "GET /xingrg/all/function/internal_message.html?_=1711598248856&CODE_STATE=getMsg HTTP/1.1" 200 27
116.232.194.112 - - [28/Mar/2024:11:58:07 +0800] "GET /xingrg/all/function/internal_message.html?_=1711598252352&CODE_STATE=getMsg HTTP/1.1" 200 27
