180.163.29.206 - - [28/Mar/2024:10:52:12 +0800] "GET /xingrg/all/function/internal_message.html?_=1711594218929&CODE_STATE=getMsg HTTP/1.1" 302 -
180.163.29.206 - - [28/Mar/2024:10:52:12 +0800] "GET /xingrg/login.html HTTP/1.1" 200 7641
120.253.135.82 - - [28/Mar/2024:10:52:12 +0800] "GET /xingrg/kc/pszx/mdqp_order_list.html?state=10 HTTP/1.1" 200 10319
120.253.135.82 - - [28/Mar/2024:10:52:12 +0800] "GET /xingrg/dwr/interface/AjaxQqpsService.js HTTP/1.1" 200 16326
120.253.135.82 - - [28/Mar/2024:10:52:12 +0800] "GET /xingrg/dwr/interface/AjaxReportQueryService.js HTTP/1.1" 200 13203
120.253.135.82 - - [28/Mar/2024:10:52:12 +0800] "GET /xingrg/dwr/engine.js HTTP/1.1" 200 43631
222.70.168.57 - - [28/Mar/2024:10:52:13 +0800] "GET /xingrg/all/function/internal_message.html?_=1711594347590&CODE_STATE=getMsg HTTP/1.1" 200 27
116.232.194.112 - - [28/Mar/2024:10:52:13 +0800] "GET /xingrg/all/function/internal_message.html?_=1711594298259&CODE_STATE=getMsg HTTP/1.1" 200 27
120.253.135.82 - - [28/Mar/2024:10:52:15 +0800] "GET /xingrg/kc/pszx/mdth_order_list.html HTTP/1.1" 200 18457
120.253.135.82 - - [28/Mar/2024:10:52:16 +0800] "POST /xingrg/kc/pszx/mdth_order_new_list.html HTTP/1.1" 200 4737
124.78.60.103 - - [28/Mar/2024:10:52:16 +0800] "GET /xingrg/all/function/internal_message.html?_=1711594336455&CODE_STATE=getMsg HTTP/1.1" 200 27
124.78.60.103 - - [28/Mar/2024:10:52:18 +0800] "GET /xingrg/all/function/internal_message.html?_=1711594338274&CODE_STATE=getMsg HTTP/1.1" 200 27
120.253.135.82 - - [28/Mar/2024:10:52:18 +0800] "GET /xingrg/all/function/internal_message.html?_=1711594338939&CODE_STATE=getMsg HTTP/1.1" 200 27
120.253.135.82 - - [28/Mar/2024:10:52:19 +0800] "GET /xingrg/kc/pszx/mdps_order_list.html?orderType=0 HTTP/1.1" 200 21033
120.253.135.82 - - [28/Mar/2024:10:52:20 +0800] "POST /xingrg/kc/pszx/mdps_list_operate.html HTTP/1.1" 200 5321
101.83.144.49 - - [28/Mar/2024:10:52:21 +0800] "GET /xingrg/all/function/internal_message.html?_=1711594341407&CODE_STATE=getMsg HTTP/1.1" 200 27
120.253.135.82 - - [28/Mar/2024:10:52:22 +0800] "GET /xingrg/kc/report/report_main.html HTTP/1.1" 200 8599
120.253.135.82 - - [28/Mar/2024:10:52:25 +0800] "GET /xingrg/kc/pszx/mdqp_order_list.html?state=10 HTTP/1.1" 200 10319
120.253.135.82 - - [28/Mar/2024:10:52:25 +0800] "GET /xingrg/dwr/interface/AjaxQqpsService.js HTTP/1.1" 200 16326
120.253.135.82 - - [28/Mar/2024:10:52:25 +0800] "GET /xingrg/dwr/engine.js HTTP/1.1" 200 43631
120.253.135.82 - - [28/Mar/2024:10:52:25 +0800] "GET /xingrg/dwr/interface/AjaxReportQueryService.js HTTP/1.1" 200 13203
120.253.135.82 - - [28/Mar/2024:10:52:32 +0800] "GET /xingrg/kc/pszx/mdqp_order_list.html?state=10 HTTP/1.1" 200 10319
120.253.135.82 - - [28/Mar/2024:10:52:32 +0800] "GET /xingrg/dwr/interface/AjaxQqpsService.js HTTP/1.1" 200 16326
120.253.135.82 - - [28/Mar/2024:10:52:32 +0800] "GET /xingrg/dwr/interface/AjaxReportQueryService.js HTTP/1.1" 200 13203
120.253.135.82 - - [28/Mar/2024:10:52:32 +0800] "GET /xingrg/dwr/engine.js HTTP/1.1" 200 43631
114.83.222.216 - - [28/Mar/2024:10:52:34 +0800] "GET /xingrg/all/function/internal_message.html?_=1711594353116&CODE_STATE=getMsg HTTP/1.1" 200 27
116.224.254.208 - - [28/Mar/2024:10:52:34 +0800] "GET /xingrg/all/function/internal_message.html?_=1711594354688&CODE_STATE=getMsg HTTP/1.1" 200 27
120.253.135.82 - - [28/Mar/2024:10:52:35 +0800] "GET /xingrg/kc/pszx/mdth_order_list.html HTTP/1.1" 200 18457
120.253.135.82 - - [28/Mar/2024:10:52:36 +0800] "POST /xingrg/kc/pszx/mdth_order_new_list.html HTTP/1.1" 200 4737
116.224.254.208 - - [28/Mar/2024:10:52:38 +0800] "GET /xingrg/all/function/internal_message.html?_=1711594358424&CODE_STATE=getMsg HTTP/1.1" 200 27
120.253.135.82 - - [28/Mar/2024:10:52:38 +0800] "GET /xingrg/kc/pszx/mdqp_order_list.html?state=10 HTTP/1.1" 200 10319
120.253.135.82 - - [28/Mar/2024:10:52:38 +0800] "GET /xingrg/dwr/interface/AjaxReportQueryService.js HTTP/1.1" 200 13203
120.253.135.82 - - [28/Mar/2024:10:52:38 +0800] "GET /xingrg/dwr/interface/AjaxQqpsService.js HTTP/1.1" 200 16326
120.253.135.82 - - [28/Mar/2024:10:52:38 +0800] "GET /xingrg/dwr/engine.js HTTP/1.1" 200 43631
120.253.135.82 - - [28/Mar/2024:10:52:42 +0800] "GET /xingrg/all/function/internal_message.html?_=1711594204113&CODE_STATE=getMsg HTTP/1.1" 200 27
101.83.144.49 - - [28/Mar/2024:10:52:48 +0800] "GET /xingrg/all/function/internal_message.html?_=1711594130168&CODE_STATE=getMsg HTTP/1.1" 200 27
180.164.1.25 - - [28/Mar/2024:10:52:50 +0800] "GET /xingrg/all/function/internal_message.html?_=1711594368905&CODE_STATE=getMsg HTTP/1.1" 200 27
114.85.113.46 - - [28/Mar/2024:10:52:50 +0800] "GET /xingrg/all/function/internal_message.html?_=1711594369356&CODE_STATE=getMsg HTTP/1.1" 200 27
180.169.147.146 - - [28/Mar/2024:10:52:54 +0800] "GET /xingrg/all/function/internal_message.html?_=1711594374458&CODE_STATE=getMsg HTTP/1.1" 200 27
120.253.135.82 - - [28/Mar/2024:10:52:55 +0800] "GET /xingrg/kc/pszx/mdqp_order_list.html?state=10 HTTP/1.1" 200 10319
120.253.135.82 - - [28/Mar/2024:10:52:55 +0800] "GET /xingrg/dwr/interface/AjaxQqpsService.js HTTP/1.1" 200 16326
120.253.135.82 - - [28/Mar/2024:10:52:55 +0800] "GET /xingrg/dwr/interface/AjaxReportQueryService.js HTTP/1.1" 200 13203
120.253.135.82 - - [28/Mar/2024:10:52:55 +0800] "GET /xingrg/dwr/engine.js HTTP/1.1" 200 43631
116.237.78.87 - - [28/Mar/2024:10:52:56 +0800] "GET /xingrg/check_reg.html?_=1711594377484 HTTP/1.1" 200 22
120.253.135.82 - - [28/Mar/2024:10:52:57 +0800] "GET /xingrg/kc/pszx/mdqp_order_list.html?state=10 HTTP/1.1" 200 10319
120.253.135.82 - - [28/Mar/2024:10:52:57 +0800] "GET /xingrg/dwr/interface/AjaxReportQueryService.js HTTP/1.1" 200 13203
120.253.135.82 - - [28/Mar/2024:10:52:57 +0800] "GET /xingrg/dwr/interface/AjaxQqpsService.js HTTP/1.1" 200 16326
120.253.135.82 - - [28/Mar/2024:10:52:57 +0800] "GET /xingrg/dwr/engine.js HTTP/1.1" 200 43631
222.70.115.1 - - [28/Mar/2024:10:52:58 +0800] "GET /xingrg/all/function/internal_message.html?_=1711594390913&CODE_STATE=getMsg HTTP/1.1" 200 27
120.253.135.82 - - [28/Mar/2024:10:53:00 +0800] "GET /xingrg/kc/pszx/mdps_order_list.html?orderType=0 HTTP/1.1" 200 21033
120.253.135.82 - - [28/Mar/2024:10:53:00 +0800] "POST /xingrg/kc/pszx/mdps_list_operate.html HTTP/1.1" 200 5321
116.237.78.87 - - [28/Mar/2024:10:53:01 +0800] "GET /xingrg/all/function/internal_message.html?_=1711594382680&CODE_STATE=getMsg HTTP/1.1" 200 27
116.232.194.112 - - [28/Mar/2024:10:53:04 +0800] "GET /xingrg/all/function/internal_message.html?_=1711594348852&CODE_STATE=getMsg HTTP/1.1" 200 27
120.253.135.82 - - [28/Mar/2024:10:53:05 +0800] "GET /xingrg/kc/pszx/mdqp_order_list.html?state=10 HTTP/1.1" 200 10319
120.253.135.82 - - [28/Mar/2024:10:53:05 +0800] "GET /xingrg/dwr/interface/AjaxQqpsService.js HTTP/1.1" 200 16326
120.253.135.82 - - [28/Mar/2024:10:53:05 +0800] "GET /xingrg/dwr/engine.js HTTP/1.1" 200 43631
120.253.135.82 - - [28/Mar/2024:10:53:05 +0800] "GET /xingrg/dwr/interface/AjaxReportQueryService.js HTTP/1.1" 200 13203
180.169.147.146 - - [28/Mar/2024:10:53:07 +0800] "GET /xingrg/all/function/internal_message.html?_=1711594387490&CODE_STATE=getMsg HTTP/1.1" 200 27
222.70.168.57 - - [28/Mar/2024:10:53:08 +0800] "GET /xingrg/kc/buy/cgsh_order_add.html HTTP/1.1" 200 73780
222.70.168.57 - - [28/Mar/2024:10:53:11 +0800] "POST /xingrg/kc/buy/cgsh_order_operate.html HTTP/1.1" 200 8245
222.70.168.57 - - [28/Mar/2024:10:53:11 +0800] "GET /xingrg/javascript/easyui/themes/default/validatebox.css HTTP/1.1" 404 1104
222.70.168.57 - - [28/Mar/2024:10:53:13 +0800] "GET /xingrg/all/function/internal_message.html?_=1711594407603&CODE_STATE=getMsg HTTP/1.1" 200 27
116.232.194.112 - - [28/Mar/2024:10:53:13 +0800] "GET /xingrg/all/function/internal_message.html?_=1711594358258&CODE_STATE=getMsg HTTP/1.1" 200 27
124.78.60.103 - - [28/Mar/2024:10:53:16 +0800] "GET /xingrg/all/function/internal_message.html?_=1711594396434&CODE_STATE=getMsg HTTP/1.1" 200 27
124.78.60.103 - - [28/Mar/2024:10:53:18 +0800] "GET /xingrg/check_reg.html?_=1711594398273 HTTP/1.1" 200 22
124.78.60.103 - - [28/Mar/2024:10:53:18 +0800] "GET /xingrg/all/function/internal_message.html?_=1711594398274&CODE_STATE=getMsg HTTP/1.1" 200 27
120.253.135.82 - - [28/Mar/2024:10:53:18 +0800] "GET /xingrg/check_reg.html?_=1711594398932 HTTP/1.1" 200 22
120.253.135.82 - - [28/Mar/2024:10:53:18 +0800] "GET /xingrg/all/function/internal_message.html?_=1711594398937&CODE_STATE=getMsg HTTP/1.1" 200 27
101.83.144.49 - - [28/Mar/2024:10:53:21 +0800] "GET /xingrg/all/function/internal_message.html?_=1711594401388&CODE_STATE=getMsg HTTP/1.1" 200 27
101.83.144.49 - - [28/Mar/2024:10:53:23 +0800] "GET /xingrg/check_reg.html?_=1711594403903 HTTP/1.1" 200 22
114.85.113.46 - - [28/Mar/2024:10:53:26 +0800] "GET /xingrg/check_reg.html?_=1711594405401 HTTP/1.1" 200 22
114.83.222.216 - - [28/Mar/2024:10:53:34 +0800] "GET /xingrg/all/function/internal_message.html?_=1711594413101&CODE_STATE=getMsg HTTP/1.1" 200 27
116.224.254.208 - - [28/Mar/2024:10:53:34 +0800] "GET /xingrg/all/function/internal_message.html?_=1711594414689&CODE_STATE=getMsg HTTP/1.1" 200 27
180.163.29.103 - - [28/Mar/2024:10:53:35 +0800] "GET /xingrg/all/function/internal_message.html?_=1711594278926&CODE_STATE=getMsg HTTP/1.1" 302 -
180.163.29.103 - - [28/Mar/2024:10:53:36 +0800] "GET /xingrg/login.html HTTP/1.1" 200 7641
116.224.254.208 - - [28/Mar/2024:10:53:38 +0800] "GET /xingrg/all/function/internal_message.html?_=1711594418418&CODE_STATE=getMsg HTTP/1.1" 200 27
120.253.135.82 - - [28/Mar/2024:10:53:42 +0800] "GET /xingrg/all/function/internal_message.html?_=1711594264216&CODE_STATE=getMsg HTTP/1.1" 200 27
101.83.144.49 - - [28/Mar/2024:10:53:48 +0800] "GET /xingrg/all/function/internal_message.html?_=1711594190156&CODE_STATE=getMsg HTTP/1.1" 200 27
180.164.1.25 - - [28/Mar/2024:10:53:50 +0800] "GET /xingrg/all/function/internal_message.html?_=1711594428906&CODE_STATE=getMsg HTTP/1.1" 200 27
114.85.113.46 - - [28/Mar/2024:10:53:50 +0800] "GET /xingrg/all/function/internal_message.html?_=1711594429351&CODE_STATE=getMsg HTTP/1.1" 200 27
180.171.58.249 - - [28/Mar/2024:10:53:51 +0800] "GET /xingrg/check_reg.html?_=1711594437159 HTTP/1.1" 302 -
180.169.147.146 - - [28/Mar/2024:10:53:54 +0800] "GET /xingrg/all/function/internal_message.html?_=1711594434450&CODE_STATE=getMsg HTTP/1.1" 200 27
222.70.115.1 - - [28/Mar/2024:10:53:58 +0800] "GET /xingrg/all/function/internal_message.html?_=1711594450915&CODE_STATE=getMsg HTTP/1.1" 200 27
116.237.78.87 - - [28/Mar/2024:10:54:01 +0800] "GET /xingrg/all/function/internal_message.html?_=1711594442666&CODE_STATE=getMsg HTTP/1.1" 200 27
116.232.194.112 - - [28/Mar/2024:10:54:04 +0800] "GET /xingrg/all/function/internal_message.html?_=1711594408843&CODE_STATE=getMsg HTTP/1.1" 200 27
116.232.194.112 - - [28/Mar/2024:10:54:04 +0800] "GET /xingrg/check_reg.html?_=1711594408847 HTTP/1.1" 200 22
180.169.147.146 - - [28/Mar/2024:10:54:07 +0800] "GET /xingrg/all/function/internal_message.html?_=1711594447479&CODE_STATE=getMsg HTTP/1.1" 200 27
222.70.168.57 - - [28/Mar/2024:10:54:11 +0800] "GET /xingrg/kc/buy/cgsh_order_operate.html?command=get_materiel&rest_code=00146&code=00101009109&supplier_code=00100023&order_time=2024-03-28 HTTP/1.1" 200 413
222.70.168.57 - - [28/Mar/2024:10:54:13 +0800] "GET /xingrg/all/function/internal_message.html?_=1711594467617&CODE_STATE=getMsg HTTP/1.1" 200 27
116.232.194.112 - - [28/Mar/2024:10:54:13 +0800] "GET /xingrg/all/function/internal_message.html?_=1711594418244&CODE_STATE=getMsg HTTP/1.1" 200 27
124.78.60.103 - - [28/Mar/2024:10:54:16 +0800] "GET /xingrg/all/function/internal_message.html?_=1711594456418&CODE_STATE=getMsg HTTP/1.1" 200 27
124.78.60.103 - - [28/Mar/2024:10:54:18 +0800] "GET /xingrg/all/function/internal_message.html?_=1711594458273&CODE_STATE=getMsg HTTP/1.1" 200 27
120.253.135.82 - - [28/Mar/2024:10:54:18 +0800] "GET /xingrg/all/function/internal_message.html?_=1711594458925&CODE_STATE=getMsg HTTP/1.1" 200 27
120.253.135.82 - - [28/Mar/2024:10:54:19 +0800] "GET /xingrg/check_reg.html?_=1711594301337 HTTP/1.1" 200 22
180.163.28.114 - - [28/Mar/2024:10:54:19 +0800] "GET /xingrg/check_reg.html?_=1711594398932 HTTP/1.1" 302 -
180.163.28.114 - - [28/Mar/2024:10:54:19 +0800] "GET /xingrg/login.html HTTP/1.1" 200 7641
101.83.144.49 - - [28/Mar/2024:10:54:21 +0800] "GET /xingrg/all/function/internal_message.html?_=1711594461360&CODE_STATE=getMsg HTTP/1.1" 200 27
124.78.60.103 - - [28/Mar/2024:10:54:34 +0800] "GET /xingrg/check_reg.html?_=1711594474105 HTTP/1.1" 200 22
114.83.222.216 - - [28/Mar/2024:10:54:34 +0800] "GET /xingrg/all/function/internal_message.html?_=1711594473089&CODE_STATE=getMsg HTTP/1.1" 200 27
116.224.254.208 - - [28/Mar/2024:10:54:34 +0800] "GET /xingrg/all/function/internal_message.html?_=1711594474661&CODE_STATE=getMsg HTTP/1.1" 200 27
116.224.254.208 - - [28/Mar/2024:10:54:38 +0800] "GET /xingrg/all/function/internal_message.html?_=1711594478415&CODE_STATE=getMsg HTTP/1.1" 200 27
222.70.168.57 - - [28/Mar/2024:10:54:41 +0800] "GET /xingrg/kc/buy/cgsh_order_operate.html?command=get_materiel&rest_code=00146&code=00101009062&supplier_code=00100023&order_time=2024-03-28 HTTP/1.1" 200 412
120.253.135.82 - - [28/Mar/2024:10:54:42 +0800] "GET /xingrg/all/function/internal_message.html?_=1711594324221&CODE_STATE=getMsg HTTP/1.1" 200 27
101.83.144.49 - - [28/Mar/2024:10:54:48 +0800] "GET /xingrg/all/function/internal_message.html?_=1711594250158&CODE_STATE=getMsg HTTP/1.1" 200 27
180.164.1.25 - - [28/Mar/2024:10:54:50 +0800] "GET /xingrg/all/function/internal_message.html?_=1711594488899&CODE_STATE=getMsg HTTP/1.1" 200 27
114.85.113.46 - - [28/Mar/2024:10:54:50 +0800] "GET /xingrg/all/function/internal_message.html?_=1711594489358&CODE_STATE=getMsg HTTP/1.1" 200 27
180.169.147.146 - - [28/Mar/2024:10:54:54 +0800] "GET /xingrg/all/function/internal_message.html?_=1711594494458&CODE_STATE=getMsg HTTP/1.1" 200 27
222.70.115.1 - - [28/Mar/2024:10:54:58 +0800] "GET /xingrg/all/function/internal_message.html?_=1711594510900&CODE_STATE=getMsg HTTP/1.1" 200 27
101.83.144.49 - - [28/Mar/2024:10:55:00 +0800] "POST /xingrg/kc/buy/cgsh_order_operate.html HTTP/1.1" 200 37
116.237.78.87 - - [28/Mar/2024:10:55:01 +0800] "GET /xingrg/all/function/internal_message.html?_=1711594502652&CODE_STATE=getMsg HTTP/1.1" 200 27
101.83.144.49 - - [28/Mar/2024:10:55:02 +0800] "POST /xingrg/kc/buy/cgsh_order_operate.html HTTP/1.1" 200 32817
116.232.194.112 - - [28/Mar/2024:10:55:04 +0800] "GET /xingrg/all/function/internal_message.html?_=1711594468861&CODE_STATE=getMsg HTTP/1.1" 200 27
180.171.58.249 - - [28/Mar/2024:10:55:05 +0800] "GET /xingrg/check_reg.html?_=1711594511293 HTTP/1.1" 302 -
180.169.147.146 - - [28/Mar/2024:10:55:07 +0800] "GET /xingrg/all/function/internal_message.html?_=1711594507481&CODE_STATE=getMsg HTTP/1.1" 200 27
114.83.222.216 - - [28/Mar/2024:10:55:09 +0800] "GET /xingrg/kc/buy/cgsh_order_operate.html?command=get_materiel&rest_code=00149&code=00101006240&supplier_code=00100096&order_time=2024-03-28 HTTP/1.1" 200 422
222.70.168.57 - - [28/Mar/2024:10:55:12 +0800] "GET /xingrg/check_reg.html?_=1711594526405 HTTP/1.1" 200 22
222.70.168.57 - - [28/Mar/2024:10:55:13 +0800] "GET /xingrg/all/function/internal_message.html?_=1711594527634&CODE_STATE=getMsg HTTP/1.1" 200 27
116.232.194.112 - - [28/Mar/2024:10:55:13 +0800] "GET /xingrg/all/function/internal_message.html?_=1711594478260&CODE_STATE=getMsg HTTP/1.1" 200 27
116.232.194.112 - - [28/Mar/2024:10:55:13 +0800] "GET /xingrg/check_reg.html?_=1711594478263 HTTP/1.1" 200 22
124.78.60.103 - - [28/Mar/2024:10:55:16 +0800] "GET /xingrg/all/function/internal_message.html?_=1711594516408&CODE_STATE=getMsg HTTP/1.1" 200 27
124.78.60.103 - - [28/Mar/2024:10:55:18 +0800] "GET /xingrg/all/function/internal_message.html?_=1711594518287&CODE_STATE=getMsg HTTP/1.1" 200 27
120.253.135.82 - - [28/Mar/2024:10:55:18 +0800] "GET /xingrg/all/function/internal_message.html?_=1711594518931&CODE_STATE=getMsg HTTP/1.1" 200 27
101.83.144.49 - - [28/Mar/2024:10:55:21 +0800] "GET /xingrg/all/function/internal_message.html?_=1711594521360&CODE_STATE=getMsg HTTP/1.1" 200 27
114.83.222.216 - - [28/Mar/2024:10:55:23 +0800] "GET /xingrg/kc/buy/cgsh_order_operate.html?command=get_materiel&rest_code=00149&code=00101006111&supplier_code=00100096&order_time=2024-03-28 HTTP/1.1" 200 411
114.83.222.216 - - [28/Mar/2024:10:55:34 +0800] "GET /xingrg/all/function/internal_message.html?_=1711594533084&CODE_STATE=getMsg HTTP/1.1" 200 27
114.83.222.216 - - [28/Mar/2024:10:55:34 +0800] "GET /xingrg/check_reg.html?_=1711594533355 HTTP/1.1" 200 22
116.224.254.208 - - [28/Mar/2024:10:55:34 +0800] "GET /xingrg/all/function/internal_message.html?_=1711594534647&CODE_STATE=getMsg HTTP/1.1" 200 27
114.83.222.216 - - [28/Mar/2024:10:55:38 +0800] "GET /xingrg/kc/buy/cgsh_order_operate.html?command=get_materiel&rest_code=00149&code=00101006177&supplier_code=00100096&order_time=2024-03-28 HTTP/1.1" 200 408
116.224.254.208 - - [28/Mar/2024:10:55:38 +0800] "GET /xingrg/all/function/internal_message.html?_=1711594538421&CODE_STATE=getMsg HTTP/1.1" 200 27
120.253.135.82 - - [28/Mar/2024:10:55:42 +0800] "GET /xingrg/all/function/internal_message.html?_=1711594384232&CODE_STATE=getMsg HTTP/1.1" 200 27
101.83.144.49 - - [28/Mar/2024:10:55:48 +0800] "GET /xingrg/all/function/internal_message.html?_=1711594310165&CODE_STATE=getMsg HTTP/1.1" 200 27
101.83.144.49 - - [28/Mar/2024:10:55:48 +0800] "GET /xingrg/check_reg.html?_=1711594310168 HTTP/1.1" 200 22
180.164.1.25 - - [28/Mar/2024:10:55:50 +0800] "GET /xingrg/all/function/internal_message.html?_=1711594548916&CODE_STATE=getMsg HTTP/1.1" 200 27
180.164.1.25 - - [28/Mar/2024:10:55:50 +0800] "GET /xingrg/check_reg.html?_=1711594548918 HTTP/1.1" 200 22
114.85.113.46 - - [28/Mar/2024:10:55:50 +0800] "GET /xingrg/all/function/internal_message.html?_=1711594549362&CODE_STATE=getMsg HTTP/1.1" 200 27
114.83.222.216 - - [28/Mar/2024:10:55:51 +0800] "GET /xingrg/kc/buy/cgsh_order_operate.html?command=get_materiel&rest_code=00149&code=00101007082&supplier_code=00100096&order_time=2024-03-28 HTTP/1.1" 200 427
180.169.147.146 - - [28/Mar/2024:10:55:54 +0800] "GET /xingrg/all/function/internal_message.html?_=1711594554449&CODE_STATE=getMsg HTTP/1.1" 200 27
180.169.147.146 - - [28/Mar/2024:10:55:54 +0800] "GET /xingrg/check_reg.html?_=1711594554452 HTTP/1.1" 200 22
222.70.115.1 - - [28/Mar/2024:10:55:58 +0800] "GET /xingrg/all/function/internal_message.html?_=1711594570901&CODE_STATE=getMsg HTTP/1.1" 200 27
116.237.78.87 - - [28/Mar/2024:10:56:01 +0800] "GET /xingrg/all/function/internal_message.html?_=1711594562635&CODE_STATE=getMsg HTTP/1.1" 200 27
222.70.168.57 - - [28/Mar/2024:10:56:03 +0800] "GET /xingrg/kc/buy/cgsh_order_operate.html?command=get_materiel&rest_code=00146&code=00101029053&supplier_code=00100023&order_time=2024-03-28 HTTP/1.1" 200 413
116.232.194.112 - - [28/Mar/2024:10:56:04 +0800] "GET /xingrg/all/function/internal_message.html?_=1711594528855&CODE_STATE=getMsg HTTP/1.1" 200 27
180.169.147.146 - - [28/Mar/2024:10:56:07 +0800] "GET /xingrg/all/function/internal_message.html?_=1711594567494&CODE_STATE=getMsg HTTP/1.1" 200 27
180.169.147.146 - - [28/Mar/2024:10:56:07 +0800] "GET /xingrg/check_reg.html?_=1711594567496 HTTP/1.1" 200 22
222.70.168.57 - - [28/Mar/2024:10:56:13 +0800] "GET /xingrg/all/function/internal_message.html?_=1711594587645&CODE_STATE=getMsg HTTP/1.1" 200 27
116.232.194.112 - - [28/Mar/2024:10:56:13 +0800] "GET /xingrg/all/function/internal_message.html?_=1711594538253&CODE_STATE=getMsg HTTP/1.1" 200 27
124.78.60.103 - - [28/Mar/2024:10:56:16 +0800] "GET /xingrg/all/function/internal_message.html?_=1711594576392&CODE_STATE=getMsg HTTP/1.1" 200 27
180.169.147.146 - - [28/Mar/2024:10:56:17 +0800] "GET /xingrg/check_reg.html?_=1711594570465 HTTP/1.1" 302 -
124.78.60.103 - - [28/Mar/2024:10:56:18 +0800] "GET /xingrg/all/function/internal_message.html?_=1711594578285&CODE_STATE=getMsg HTTP/1.1" 200 27
120.253.135.82 - - [28/Mar/2024:10:56:18 +0800] "GET /xingrg/all/function/internal_message.html?_=1711594578920&CODE_STATE=getMsg HTTP/1.1" 200 27
180.163.30.76 - - [28/Mar/2024:10:56:19 +0800] "GET /xingrg/all/function/internal_message.html?_=1711594518931&CODE_STATE=getMsg HTTP/1.1" 302 -
180.163.30.76 - - [28/Mar/2024:10:56:19 +0800] "GET /xingrg/login.html HTTP/1.1" 200 7641
101.83.144.49 - - [28/Mar/2024:10:56:21 +0800] "GET /xingrg/all/function/internal_message.html?_=1711594581327&CODE_STATE=getMsg HTTP/1.1" 200 27
114.83.222.216 - - [28/Mar/2024:10:56:23 +0800] "POST /xingrg/kc/buy/cgsh_order_operate.html HTTP/1.1" 200 37
222.70.168.57 - - [28/Mar/2024:10:56:24 +0800] "GET /xingrg/kc/buy/cgsh_order_operate.html?command=get_materiel&rest_code=00146&code=00101009161&supplier_code=00100023&order_time=2024-03-28 HTTP/1.1" 200 416
116.224.254.208 - - [28/Mar/2024:10:56:33 +0800] "GET /xingrg/kc/base/wldb_order_add.html HTTP/1.1" 200 30388
116.224.254.208 - - [28/Mar/2024:10:56:34 +0800] "POST /xingrg/kc/base/wldb_order_operate.html HTTP/1.1" 200 6806
116.224.254.208 - - [28/Mar/2024:10:56:34 +0800] "GET /xingrg/javascript/easyui/themes/default/validatebox.css HTTP/1.1" 404 1104
116.224.254.208 - - [28/Mar/2024:10:56:34 +0800] "GET /xingrg/all/function/internal_message.html?_=1711594594647&CODE_STATE=getMsg HTTP/1.1" 200 27
116.224.254.208 - - [28/Mar/2024:10:56:36 +0800] "GET /xingrg/check_reg.html?_=1711594595978 HTTP/1.1" 200 22
101.83.144.49 - - [28/Mar/2024:10:56:36 +0800] "POST /xingrg/kc/buy/cgsh_order_operate.html HTTP/1.1" 200 37
116.224.254.208 - - [28/Mar/2024:10:56:38 +0800] "GET /xingrg/all/function/internal_message.html?_=1711594598412&CODE_STATE=getMsg HTTP/1.1" 200 27
116.224.254.208 - - [28/Mar/2024:10:56:38 +0800] "GET /xingrg/check_reg.html?_=1711594598414 HTTP/1.1" 200 22
101.83.144.49 - - [28/Mar/2024:10:56:38 +0800] "POST /xingrg/kc/buy/cgsh_order_operate.html HTTP/1.1" 200 32817
120.253.135.82 - - [28/Mar/2024:10:56:42 +0800] "GET /xingrg/all/function/internal_message.html?_=1711594444358&CODE_STATE=getMsg HTTP/1.1" 200 27
114.83.222.216 - - [28/Mar/2024:10:56:42 +0800] "POST /xingrg/kc/buy/cgsh_order_operate.html HTTP/1.1" 200 12
114.83.222.216 - - [28/Mar/2024:10:56:45 +0800] "GET /xingrg/kc/buy/cgsh_order_info.html?code=212024032808237 HTTP/1.1" 200 68767
114.83.222.216 - - [28/Mar/2024:10:56:45 +0800] "GET /xingrg/javascript/easyui/themes/default/validatebox.css HTTP/1.1" 404 1104
114.83.222.216 - - [28/Mar/2024:10:56:46 +0800] "POST /xingrg/kc/buy/cgsh_order_operate.html HTTP/1.1" 200 2410
101.83.144.49 - - [28/Mar/2024:10:56:48 +0800] "GET /xingrg/all/function/internal_message.html?_=1711594370208&CODE_STATE=getMsg HTTP/1.1" 200 27
180.164.1.25 - - [28/Mar/2024:10:56:50 +0800] "GET /xingrg/all/function/internal_message.html?_=1711594608903&CODE_STATE=getMsg HTTP/1.1" 200 27
114.85.113.46 - - [28/Mar/2024:10:56:50 +0800] "GET /xingrg/all/function/internal_message.html?_=1711594609348&CODE_STATE=getMsg HTTP/1.1" 200 27
180.169.147.146 - - [28/Mar/2024:10:56:54 +0800] "GET /xingrg/all/function/internal_message.html?_=1711594614458&CODE_STATE=getMsg HTTP/1.1" 200 27
222.70.115.1 - - [28/Mar/2024:10:56:58 +0800] "GET /xingrg/all/function/internal_message.html?_=1711594630899&CODE_STATE=getMsg HTTP/1.1" 200 27
222.70.115.1 - - [28/Mar/2024:10:56:58 +0800] "GET /xingrg/check_reg.html?_=1711594630903 HTTP/1.1" 200 22
116.237.78.87 - - [28/Mar/2024:10:57:01 +0800] "GET /xingrg/all/function/internal_message.html?_=1711594622621&CODE_STATE=getMsg HTTP/1.1" 200 27
114.83.222.216 - - [28/Mar/2024:10:57:01 +0800] "GET /xingrg/kc/print/load_data.html?order_code=212024032808237&kc_code=cgsh&condition= HTTP/1.1" 200 1385
116.232.194.112 - - [28/Mar/2024:10:57:04 +0800] "GET /xingrg/all/function/internal_message.html?_=1711594588849&CODE_STATE=getMsg HTTP/1.1" 200 27
114.83.222.216 - - [28/Mar/2024:10:57:07 +0800] "GET /xingrg/kc/buy/cgsh_order_add.html HTTP/1.1" 200 73874
114.83.222.216 - - [28/Mar/2024:10:57:07 +0800] "POST /xingrg/kc/buy/cgsh_order_operate.html HTTP/1.1" 200 8245
114.83.222.216 - - [28/Mar/2024:10:57:07 +0800] "GET /xingrg/javascript/easyui/themes/default/validatebox.css HTTP/1.1" 404 1104
180.169.147.146 - - [28/Mar/2024:10:57:07 +0800] "GET /xingrg/all/function/internal_message.html?_=1711594627489&CODE_STATE=getMsg HTTP/1.1" 200 27
222.70.168.57 - - [28/Mar/2024:10:57:13 +0800] "GET /xingrg/all/function/internal_message.html?_=1711594647658&CODE_STATE=getMsg HTTP/1.1" 200 27
116.232.194.112 - - [28/Mar/2024:10:57:13 +0800] "GET /xingrg/all/function/internal_message.html?_=1711594598256&CODE_STATE=getMsg HTTP/1.1" 200 27
124.78.60.103 - - [28/Mar/2024:10:57:16 +0800] "GET /xingrg/all/function/internal_message.html?_=1711594636365&CODE_STATE=getMsg HTTP/1.1" 200 27
124.78.60.103 - - [28/Mar/2024:10:57:18 +0800] "GET /xingrg/all/function/internal_message.html?_=1711594638285&CODE_STATE=getMsg HTTP/1.1" 200 27
120.253.135.82 - - [28/Mar/2024:10:57:18 +0800] "GET /xingrg/all/function/internal_message.html?_=1711594638942&CODE_STATE=getMsg HTTP/1.1" 200 27
180.163.30.27 - - [28/Mar/2024:10:57:19 +0800] "GET /xingrg/all/function/internal_message.html?_=1711594578920&CODE_STATE=getMsg HTTP/1.1" 302 -
180.163.30.27 - - [28/Mar/2024:10:57:19 +0800] "GET /xingrg/login.html HTTP/1.1" 200 7641
101.83.144.49 - - [28/Mar/2024:10:57:21 +0800] "GET /xingrg/all/function/internal_message.html?_=1711594641304&CODE_STATE=getMsg HTTP/1.1" 200 27
116.224.254.208 - - [28/Mar/2024:10:57:26 +0800] "GET /xingrg/kc/base/wldb_order_operate.html?command=get_materiel&rest_code=00150&base_code=0010446&code=00102002367 HTTP/1.1" 200 431
114.83.222.216 - - [28/Mar/2024:10:57:31 +0800] "GET /xingrg/kc/buy/cgsh_order_operate.html?command=get_materiel&rest_code=00149&code=00101009049&supplier_code=00100201&order_time=2024-03-28 HTTP/1.1" 200 416
114.83.222.216 - - [28/Mar/2024:10:57:34 +0800] "GET /xingrg/all/function/internal_message.html?_=1711594653077&CODE_STATE=getMsg HTTP/1.1" 200 27
116.224.254.208 - - [28/Mar/2024:10:57:34 +0800] "POST /xingrg/kc/base/wldb_order_operate.html HTTP/1.1" 200 37
116.224.254.208 - - [28/Mar/2024:10:57:34 +0800] "GET /xingrg/all/function/internal_message.html?_=1711594654631&CODE_STATE=getMsg HTTP/1.1" 200 27
116.224.254.208 - - [28/Mar/2024:10:57:38 +0800] "GET /xingrg/all/function/internal_message.html?_=1711594658404&CODE_STATE=getMsg HTTP/1.1" 200 27
116.224.254.208 - - [28/Mar/2024:10:57:41 +0800] "POST /xingrg/kc/base/wldb_order_operate.html HTTP/1.1" 200 12
116.224.254.208 - - [28/Mar/2024:10:57:41 +0800] "POST /xingrg/kc/base/wldb_order_operate.html HTTP/1.1" 200 2180
120.253.135.82 - - [28/Mar/2024:10:57:42 +0800] "GET /xingrg/all/function/internal_message.html?_=1711594504368&CODE_STATE=getMsg HTTP/1.1" 200 27
116.224.254.208 - - [28/Mar/2024:10:57:42 +0800] "GET /xingrg/kc/base/wldb_order_info.html?code=422024032801970 HTTP/1.1" 200 26267
116.224.254.208 - - [28/Mar/2024:10:57:42 +0800] "GET /xingrg/javascript/easyui/themes/default/validatebox.css HTTP/1.1" 404 1104
116.224.254.208 - - [28/Mar/2024:10:57:43 +0800] "POST /xingrg/kc/base/wldb_order_operate.html HTTP/1.1" 200 475
114.83.222.216 - - [28/Mar/2024:10:57:43 +0800] "GET /xingrg/kc/buy/cgsh_order_operate.html?command=get_materiel&rest_code=00149&code=00101009062&supplier_code=00100201&order_time=2024-03-28 HTTP/1.1" 200 412
222.70.168.57 - - [28/Mar/2024:10:57:48 +0800] "POST /xingrg/kc/buy/cgsh_order_operate.html HTTP/1.1" 200 37
101.83.144.49 - - [28/Mar/2024:10:57:48 +0800] "GET /xingrg/all/function/internal_message.html?_=1711594430181&CODE_STATE=getMsg HTTP/1.1" 200 27
180.164.1.25 - - [28/Mar/2024:10:57:50 +0800] "GET /xingrg/all/function/internal_message.html?_=1711594668905&CODE_STATE=getMsg HTTP/1.1" 200 27
114.85.113.46 - - [28/Mar/2024:10:57:50 +0800] "GET /xingrg/all/function/internal_message.html?_=1711594669348&CODE_STATE=getMsg HTTP/1.1" 200 27
222.70.168.57 - - [28/Mar/2024:10:57:51 +0800] "POST /xingrg/kc/buy/cgsh_order_operate.html HTTP/1.1" 200 3843
114.83.222.216 - - [28/Mar/2024:10:57:52 +0800] "GET /xingrg/kc/buy/cgsh_order_operate.html?command=get_materiel&rest_code=00149&code=00101009011&supplier_code=00100201&order_time=2024-03-28 HTTP/1.1" 200 416
180.169.147.146 - - [28/Mar/2024:10:57:54 +0800] "GET /xingrg/all/function/internal_message.html?_=1711594674482&CODE_STATE=getMsg HTTP/1.1" 200 27
116.237.78.87 - - [28/Mar/2024:10:57:56 +0800] "GET /xingrg/check_reg.html?_=1711594677463 HTTP/1.1" 200 22
222.70.115.1 - - [28/Mar/2024:10:57:58 +0800] "GET /xingrg/all/function/internal_message.html?_=1711594690902&CODE_STATE=getMsg HTTP/1.1" 200 27
116.237.78.87 - - [28/Mar/2024:10:58:01 +0800] "GET /xingrg/all/function/internal_message.html?_=1711594682599&CODE_STATE=getMsg HTTP/1.1" 200 27
114.83.222.216 - - [28/Mar/2024:10:58:03 +0800] "POST /xingrg/kc/buy/cgsh_order_operate.html HTTP/1.1" 200 37
116.232.194.112 - - [28/Mar/2024:10:58:04 +0800] "GET /xingrg/all/function/internal_message.html?_=1711594648839&CODE_STATE=getMsg HTTP/1.1" 200 27
222.70.168.57 - - [28/Mar/2024:10:58:07 +0800] "GET /xingrg/kc/buy/cgsh_order_operate.html?command=get_materiel&rest_code=00146&code=00101009051&supplier_code=00100023&order_time=2024-03-28 HTTP/1.1" 200 408
180.169.147.146 - - [28/Mar/2024:10:58:07 +0800] "GET /xingrg/all/function/internal_message.html?_=1711594687487&CODE_STATE=getMsg HTTP/1.1" 200 27
222.70.168.57 - - [28/Mar/2024:10:58:13 +0800] "GET /xingrg/all/function/internal_message.html?_=1711594707672&CODE_STATE=getMsg HTTP/1.1" 200 27
116.232.194.112 - - [28/Mar/2024:10:58:13 +0800] "GET /xingrg/all/function/internal_message.html?_=1711594658252&CODE_STATE=getMsg HTTP/1.1" 200 27
114.83.222.216 - - [28/Mar/2024:10:58:15 +0800] "POST /xingrg/kc/buy/cgsh_order_operate.html HTTP/1.1" 200 12
124.78.60.103 - - [28/Mar/2024:10:58:16 +0800] "GET /xingrg/all/function/internal_message.html?_=1711594696349&CODE_STATE=getMsg HTTP/1.1" 200 27
124.78.60.103 - - [28/Mar/2024:10:58:18 +0800] "GET /xingrg/check_reg.html?_=1711594698283 HTTP/1.1" 200 22
124.78.60.103 - - [28/Mar/2024:10:58:18 +0800] "GET /xingrg/all/function/internal_message.html?_=1711594698284&CODE_STATE=getMsg HTTP/1.1" 200 27
120.253.135.82 - - [28/Mar/2024:10:58:18 +0800] "GET /xingrg/check_reg.html?_=1711594698944 HTTP/1.1" 200 22
120.253.135.82 - - [28/Mar/2024:10:58:18 +0800] "GET /xingrg/all/function/internal_message.html?_=1711594698946&CODE_STATE=getMsg HTTP/1.1" 200 27
114.83.222.216 - - [28/Mar/2024:10:58:20 +0800] "GET /xingrg/kc/buy/cgsh_order_info.html?code=212024032808239 HTTP/1.1" 200 68777
114.83.222.216 - - [28/Mar/2024:10:58:20 +0800] "GET /xingrg/javascript/easyui/themes/default/validatebox.css HTTP/1.1" 404 1104
101.83.144.49 - - [28/Mar/2024:10:58:21 +0800] "GET /xingrg/all/function/internal_message.html?_=1711594701282&CODE_STATE=getMsg HTTP/1.1" 200 27
114.83.222.216 - - [28/Mar/2024:10:58:21 +0800] "POST /xingrg/kc/buy/cgsh_order_operate.html HTTP/1.1" 200 1794
114.83.222.216 - - [28/Mar/2024:10:58:23 +0800] "GET /xingrg/kc/print/load_data.html?order_code=212024032808239&kc_code=cgsh&condition= HTTP/1.1" 200 1164
101.83.144.49 - - [28/Mar/2024:10:58:23 +0800] "GET /xingrg/check_reg.html?_=1711594703938 HTTP/1.1" 200 22
124.78.60.103 - - [28/Mar/2024:10:58:26 +0800] "POST /xingrg/kc/base/yddb_list_operate.html HTTP/1.1" 200 4310
114.85.113.46 - - [28/Mar/2024:10:58:26 +0800] "GET /xingrg/check_reg.html?_=1711594705386 HTTP/1.1" 200 22
114.83.222.216 - - [28/Mar/2024:10:58:29 +0800] "GET /xingrg/kc/buy/cgsh_order_add.html HTTP/1.1" 200 73874
114.83.222.216 - - [28/Mar/2024:10:58:30 +0800] "POST /xingrg/kc/buy/cgsh_order_operate.html HTTP/1.1" 200 8245
114.83.222.216 - - [28/Mar/2024:10:58:30 +0800] "GET /xingrg/javascript/easyui/themes/default/validatebox.css HTTP/1.1" 404 1104
222.70.168.57 - - [28/Mar/2024:10:58:30 +0800] "POST /xingrg/kc/buy/cgsh_order_operate.html HTTP/1.1" 200 37
124.78.60.103 - - [28/Mar/2024:10:58:31 +0800] "POST /xingrg/kc/base/yddb_list_operate.html HTTP/1.1" 200 636
222.70.168.57 - - [28/Mar/2024:10:58:32 +0800] "POST /xingrg/kc/buy/cgsh_order_operate.html HTTP/1.1" 200 3835
222.70.168.57 - - [28/Mar/2024:10:58:34 +0800] "GET /xingrg/kc/print/load_data.html?order_code=212024032808238&kc_code=cgsh&condition= HTTP/1.1" 200 1146
114.83.222.216 - - [28/Mar/2024:10:58:34 +0800] "GET /xingrg/all/function/internal_message.html?_=1711594713068&CODE_STATE=getMsg HTTP/1.1" 200 27
116.224.254.208 - - [28/Mar/2024:10:58:34 +0800] "GET /xingrg/all/function/internal_message.html?_=1711594714601&CODE_STATE=getMsg HTTP/1.1" 200 27
124.78.60.103 - - [28/Mar/2024:10:58:36 +0800] "POST /xingrg/kc/base/yddb_list_operate.html HTTP/1.1" 200 4310
116.224.254.208 - - [28/Mar/2024:10:58:38 +0800] "GET /xingrg/all/function/internal_message.html?_=1711594718413&CODE_STATE=getMsg HTTP/1.1" 200 27
124.78.60.103 - - [28/Mar/2024:10:58:39 +0800] "POST /xingrg/kc/base/yddb_list_operate.html HTTP/1.1" 200 4468
114.83.222.216 - - [28/Mar/2024:10:58:39 +0800] "GET /xingrg/kc/buy/cgsh_order_operate.html?command=get_materiel&rest_code=00149&code=00102013013&supplier_code=00100073&order_time=2024-03-28 HTTP/1.1" 200 409
124.78.60.103 - - [28/Mar/2024:10:58:40 +0800] "POST /xingrg/kc/base/yddb_list_operate.html HTTP/1.1" 200 592
124.78.60.103 - - [28/Mar/2024:10:58:41 +0800] "GET /xingrg/kc/base/yddb_order_info.html?code=482024030400028 HTTP/1.1" 200 31879
124.78.60.103 - - [28/Mar/2024:10:58:41 +0800] "GET /xingrg/dwr/engine.js HTTP/1.1" 200 43631
120.253.135.82 - - [28/Mar/2024:10:58:42 +0800] "GET /xingrg/all/function/internal_message.html?_=1711594564477&CODE_STATE=getMsg HTTP/1.1" 200 27
124.78.60.103 - - [28/Mar/2024:10:58:44 +0800] "POST /xingrg/dwr/call/plaincall/AjaxYddbService.loadMaterielItems.dwr HTTP/1.1" 200 3250
101.83.144.49 - - [28/Mar/2024:10:58:47 +0800] "GET /xingrg/javascript/jquery_easy_ui/themes/default/images/tabs_active.png HTTP/1.1" 304 -
101.83.144.49 - - [28/Mar/2024:10:58:48 +0800] "GET /xingrg/all/function/internal_message.html?_=1711594490193&CODE_STATE=getMsg HTTP/1.1" 200 27
180.164.1.25 - - [28/Mar/2024:10:58:50 +0800] "GET /xingrg/all/function/internal_message.html?_=1711594728898&CODE_STATE=getMsg HTTP/1.1" 200 27
124.78.60.103 - - [28/Mar/2024:10:58:50 +0800] "POST /xingrg/kc/base/yddb_list_operate.html HTTP/1.1" 200 620
114.85.113.46 - - [28/Mar/2024:10:58:50 +0800] "GET /xingrg/all/function/internal_message.html?_=1711594729349&CODE_STATE=getMsg HTTP/1.1" 200 27
180.171.58.249 - - [28/Mar/2024:10:58:51 +0800] "GET /xingrg/check_reg.html?_=1711594737132 HTTP/1.1" 302 -
180.169.147.146 - - [28/Mar/2024:10:58:54 +0800] "GET /xingrg/all/function/internal_message.html?_=1711594734468&CODE_STATE=getMsg HTTP/1.1" 200 27
222.70.115.1 - - [28/Mar/2024:10:58:58 +0800] "GET /xingrg/all/function/internal_message.html?_=1711594750930&CODE_STATE=getMsg HTTP/1.1" 200 27
116.237.78.87 - - [28/Mar/2024:10:59:01 +0800] "GET /xingrg/all/function/internal_message.html?_=1711594742582&CODE_STATE=getMsg HTTP/1.1" 200 27
116.232.194.112 - - [28/Mar/2024:10:59:04 +0800] "GET /xingrg/all/function/internal_message.html?_=1711594708846&CODE_STATE=getMsg HTTP/1.1" 200 27
116.232.194.112 - - [28/Mar/2024:10:59:04 +0800] "GET /xingrg/check_reg.html?_=1711594708853 HTTP/1.1" 200 22
222.70.168.57 - - [28/Mar/2024:10:59:06 +0800] "GET /xingrg/kc/buy/cgsh_order_add.html HTTP/1.1" 200 73780
180.169.147.146 - - [28/Mar/2024:10:59:07 +0800] "GET /xingrg/all/function/internal_message.html?_=1711594747491&CODE_STATE=getMsg HTTP/1.1" 200 27
222.70.168.57 - - [28/Mar/2024:10:59:09 +0800] "POST /xingrg/kc/buy/cgsh_order_operate.html HTTP/1.1" 200 8245
222.70.168.57 - - [28/Mar/2024:10:59:09 +0800] "GET /xingrg/javascript/easyui/themes/default/validatebox.css HTTP/1.1" 404 1104
222.70.168.57 - - [28/Mar/2024:10:59:13 +0800] "GET /xingrg/all/function/internal_message.html?_=1711594767685&CODE_STATE=getMsg HTTP/1.1" 200 27
116.232.194.112 - - [28/Mar/2024:10:59:13 +0800] "GET /xingrg/all/function/internal_message.html?_=1711594718257&CODE_STATE=getMsg HTTP/1.1" 200 27
114.83.222.216 - - [28/Mar/2024:10:59:14 +0800] "GET /xingrg/kc/buy/cgsh_order_operate.html?command=get_materiel&rest_code=00149&code=00102012054&supplier_code=00100073&order_time=2024-03-28 HTTP/1.1" 200 416
124.78.60.103 - - [28/Mar/2024:10:59:16 +0800] "GET /xingrg/all/function/internal_message.html?_=1711594756332&CODE_STATE=getMsg HTTP/1.1" 200 27
124.78.60.103 - - [28/Mar/2024:10:59:18 +0800] "GET /xingrg/all/function/internal_message.html?_=1711594758282&CODE_STATE=getMsg HTTP/1.1" 200 27
120.253.135.82 - - [28/Mar/2024:10:59:18 +0800] "GET /xingrg/all/function/internal_message.html?_=1711594758945&CODE_STATE=getMsg HTTP/1.1" 200 27
120.253.135.82 - - [28/Mar/2024:10:59:19 +0800] "GET /xingrg/check_reg.html?_=1711594601341 HTTP/1.1" 200 22
101.83.144.49 - - [28/Mar/2024:10:59:21 +0800] "GET /xingrg/all/function/internal_message.html?_=1711594761263&CODE_STATE=getMsg HTTP/1.1" 200 27
124.78.60.103 - - [28/Mar/2024:10:59:34 +0800] "GET /xingrg/check_reg.html?_=1711594774089 HTTP/1.1" 200 22
116.224.254.208 - - [28/Mar/2024:10:59:34 +0800] "GET /xingrg/all/function/internal_message.html?_=1711594774601&CODE_STATE=getMsg HTTP/1.1" 200 27
116.224.254.208 - - [28/Mar/2024:10:59:38 +0800] "GET /xingrg/all/function/internal_message.html?_=1711594778427&CODE_STATE=getMsg HTTP/1.1" 200 27
114.83.222.216 - - [28/Mar/2024:10:59:39 +0800] "POST /xingrg/kc/buy/cgsh_order_operate.html HTTP/1.1" 200 37
120.253.135.82 - - [28/Mar/2024:10:59:42 +0800] "GET /xingrg/all/function/internal_message.html?_=1711594624495&CODE_STATE=getMsg HTTP/1.1" 200 27
114.83.222.216 - - [28/Mar/2024:10:59:48 +0800] "POST /xingrg/kc/buy/cgsh_order_operate.html HTTP/1.1" 200 12
101.83.144.49 - - [28/Mar/2024:10:59:48 +0800] "GET /xingrg/all/function/internal_message.html?_=1711594550184&CODE_STATE=getMsg HTTP/1.1" 200 27
180.164.1.25 - - [28/Mar/2024:10:59:50 +0800] "GET /xingrg/all/function/internal_message.html?_=1711594788891&CODE_STATE=getMsg HTTP/1.1" 200 27
114.85.113.46 - - [28/Mar/2024:10:59:50 +0800] "GET /xingrg/all/function/internal_message.html?_=1711594789361&CODE_STATE=getMsg HTTP/1.1" 200 27
180.169.147.146 - - [28/Mar/2024:10:59:54 +0800] "GET /xingrg/all/function/internal_message.html?_=1711594794473&CODE_STATE=getMsg HTTP/1.1" 200 27
114.83.222.216 - - [28/Mar/2024:10:59:54 +0800] "GET /xingrg/kc/buy/cgsh_order_info.html?code=212024032808240 HTTP/1.1" 200 68779
114.83.222.216 - - [28/Mar/2024:10:59:55 +0800] "GET /xingrg/javascript/easyui/themes/default/validatebox.css HTTP/1.1" 404 1104
114.83.222.216 - - [28/Mar/2024:10:59:56 +0800] "POST /xingrg/kc/buy/cgsh_order_operate.html HTTP/1.1" 200 1202
114.83.222.216 - - [28/Mar/2024:10:59:58 +0800] "GET /xingrg/kc/print/load_data.html?order_code=212024032808240&kc_code=cgsh&condition= HTTP/1.1" 200 985
222.70.168.57 - - [28/Mar/2024:10:59:58 +0800] "GET /xingrg/kc/buy/cgsh_order_operate.html?command=get_materiel&rest_code=00146&code=00101010998&supplier_code=00100644&order_time=2024-03-28 HTTP/1.1" 200 431
222.70.115.1 - - [28/Mar/2024:10:59:58 +0800] "GET /xingrg/all/function/internal_message.html?_=1711594810930&CODE_STATE=getMsg HTTP/1.1" 200 27
116.237.78.87 - - [28/Mar/2024:11:00:01 +0800] "GET /xingrg/all/function/internal_message.html?_=1711594802566&CODE_STATE=getMsg HTTP/1.1" 200 27
114.83.222.216 - - [28/Mar/2024:11:00:02 +0800] "GET /xingrg/kc/buy/cgsh_order_add.html HTTP/1.1" 200 73874
114.83.222.216 - - [28/Mar/2024:11:00:03 +0800] "POST /xingrg/kc/buy/cgsh_order_operate.html HTTP/1.1" 200 8245
114.83.222.216 - - [28/Mar/2024:11:00:03 +0800] "GET /xingrg/javascript/easyui/themes/default/validatebox.css HTTP/1.1" 404 1104
116.232.194.112 - - [28/Mar/2024:11:00:04 +0800] "GET /xingrg/all/function/internal_message.html?_=1711594768851&CODE_STATE=getMsg HTTP/1.1" 200 27
180.171.58.249 - - [28/Mar/2024:11:00:05 +0800] "GET /xingrg/check_reg.html?_=1711594811270 HTTP/1.1" 302 -
180.169.147.146 - - [28/Mar/2024:11:00:07 +0800] "GET /xingrg/all/function/internal_message.html?_=1711594807495&CODE_STATE=getMsg HTTP/1.1" 200 27
222.70.168.57 - - [28/Mar/2024:11:00:12 +0800] "GET /xingrg/check_reg.html?_=1711594826407 HTTP/1.1" 200 22
222.70.168.57 - - [28/Mar/2024:11:00:13 +0800] "GET /xingrg/all/function/internal_message.html?_=1711594827698&CODE_STATE=getMsg HTTP/1.1" 200 27
116.232.194.112 - - [28/Mar/2024:11:00:13 +0800] "GET /xingrg/all/function/internal_message.html?_=1711594778250&CODE_STATE=getMsg HTTP/1.1" 200 27
116.232.194.112 - - [28/Mar/2024:11:00:13 +0800] "GET /xingrg/check_reg.html?_=1711594778255 HTTP/1.1" 200 22
124.78.60.103 - - [28/Mar/2024:11:00:16 +0800] "GET /xingrg/all/function/internal_message.html?_=1711594816317&CODE_STATE=getMsg HTTP/1.1" 200 27
124.78.60.103 - - [28/Mar/2024:11:00:18 +0800] "GET /xingrg/all/function/internal_message.html?_=1711594818308&CODE_STATE=getMsg HTTP/1.1" 200 27
120.253.135.82 - - [28/Mar/2024:11:00:18 +0800] "GET /xingrg/all/function/internal_message.html?_=1711594818921&CODE_STATE=getMsg HTTP/1.1" 200 27
101.83.144.49 - - [28/Mar/2024:11:00:21 +0800] "GET /xingrg/all/function/internal_message.html?_=1711594821235&CODE_STATE=getMsg HTTP/1.1" 200 27
114.83.222.216 - - [28/Mar/2024:11:00:26 +0800] "GET /xingrg/kc/buy/cgsh_order_operate.html?command=get_materiel&rest_code=00149&code=00101016037&supplier_code=00100573&order_time=2024-03-28 HTTP/1.1" 200 450
114.83.222.216 - - [28/Mar/2024:11:00:33 +0800] "GET /xingrg/kc/buy/cgsh_order_operate.html?command=get_materiel&rest_code=00149&code=00101016174&supplier_code=00100573&order_time=2024-03-28 HTTP/1.1" 200 450
114.83.222.216 - - [28/Mar/2024:11:00:34 +0800] "GET /xingrg/all/function/internal_message.html?_=1711594833075&CODE_STATE=getMsg HTTP/1.1" 200 27
116.224.254.208 - - [28/Mar/2024:11:00:34 +0800] "GET /xingrg/all/function/internal_message.html?_=1711594834586&CODE_STATE=getMsg HTTP/1.1" 200 27
114.83.222.216 - - [28/Mar/2024:11:00:34 +0800] "GET /xingrg/check_reg.html?_=1711594833347 HTTP/1.1" 200 22
116.224.254.208 - - [28/Mar/2024:11:00:38 +0800] "GET /xingrg/all/function/internal_message.html?_=1711594838425&CODE_STATE=getMsg HTTP/1.1" 200 27
222.70.168.57 - - [28/Mar/2024:11:00:41 +0800] "POST /xingrg/kc/buy/cgsh_order_operate.html HTTP/1.1" 200 37
120.253.135.82 - - [28/Mar/2024:11:00:42 +0800] "GET /xingrg/all/function/internal_message.html?_=1711594684503&CODE_STATE=getMsg HTTP/1.1" 200 27
222.70.168.57 - - [28/Mar/2024:11:00:43 +0800] "POST /xingrg/kc/buy/cgsh_order_operate.html HTTP/1.1" 200 2662
222.70.168.57 - - [28/Mar/2024:11:00:45 +0800] "GET /xingrg/kc/print/load_data.html?order_code=212024032808241&kc_code=cgsh&condition= HTTP/1.1" 200 666
114.83.222.216 - - [28/Mar/2024:11:00:46 +0800] "GET /xingrg/kc/buy/cgsh_order_operate.html?command=get_materiel&rest_code=00149&code=00101016097&supplier_code=00100573&order_time=2024-03-28 HTTP/1.1" 200 469
101.83.144.49 - - [28/Mar/2024:11:00:48 +0800] "GET /xingrg/all/function/internal_message.html?_=1711594610185&CODE_STATE=getMsg HTTP/1.1" 200 27
101.83.144.49 - - [28/Mar/2024:11:00:48 +0800] "GET /xingrg/check_reg.html?_=1711594610186 HTTP/1.1" 200 22
180.164.1.25 - - [28/Mar/2024:11:00:50 +0800] "GET /xingrg/all/function/internal_message.html?_=1711594848902&CODE_STATE=getMsg HTTP/1.1" 200 27
180.164.1.25 - - [28/Mar/2024:11:00:50 +0800] "GET /xingrg/check_reg.html?_=1711594848904 HTTP/1.1" 200 22
114.85.113.46 - - [28/Mar/2024:11:00:50 +0800] "GET /xingrg/all/function/internal_message.html?_=1711594849363&CODE_STATE=getMsg HTTP/1.1" 200 27
180.169.147.146 - - [28/Mar/2024:11:00:54 +0800] "GET /xingrg/check_reg.html?_=1711594854459 HTTP/1.1" 200 22
180.169.147.146 - - [28/Mar/2024:11:00:54 +0800] "GET /xingrg/all/function/internal_message.html?_=1711594854467&CODE_STATE=getMsg HTTP/1.1" 200 27
222.70.115.1 - - [28/Mar/2024:11:00:58 +0800] "GET /xingrg/all/function/internal_message.html?_=1711594870930&CODE_STATE=getMsg HTTP/1.1" 200 27
116.237.78.87 - - [28/Mar/2024:11:01:01 +0800] "GET /xingrg/all/function/internal_message.html?_=1711594862550&CODE_STATE=getMsg HTTP/1.1" 200 27
116.232.194.112 - - [28/Mar/2024:11:01:04 +0800] "GET /xingrg/all/function/internal_message.html?_=1711594828850&CODE_STATE=getMsg HTTP/1.1" 200 27
114.83.222.216 - - [28/Mar/2024:11:01:04 +0800] "POST /xingrg/kc/buy/cgsh_order_operate.html HTTP/1.1" 200 37
180.169.147.146 - - [28/Mar/2024:11:01:07 +0800] "GET /xingrg/all/function/internal_message.html?_=1711594867492&CODE_STATE=getMsg HTTP/1.1" 200 27
180.169.147.146 - - [28/Mar/2024:11:01:07 +0800] "GET /xingrg/check_reg.html?_=1711594867493 HTTP/1.1" 200 22
222.70.168.57 - - [28/Mar/2024:11:01:08 +0800] "GET /xingrg/kc/buy/cgsh_order_add.html HTTP/1.1" 200 73780
114.83.222.216 - - [28/Mar/2024:11:01:11 +0800] "POST /xingrg/kc/buy/cgsh_order_operate.html HTTP/1.1" 200 12
222.70.168.57 - - [28/Mar/2024:11:01:12 +0800] "POST /xingrg/kc/buy/cgsh_order_operate.html HTTP/1.1" 200 8245
222.70.168.57 - - [28/Mar/2024:11:01:12 +0800] "GET /xingrg/javascript/easyui/themes/default/validatebox.css HTTP/1.1" 404 1104
222.70.168.57 - - [28/Mar/2024:11:01:13 +0800] "GET /xingrg/all/function/internal_message.html?_=1711594887711&CODE_STATE=getMsg HTTP/1.1" 200 27
116.232.194.112 - - [28/Mar/2024:11:01:13 +0800] "GET /xingrg/all/function/internal_message.html?_=1711594838250&CODE_STATE=getMsg HTTP/1.1" 200 27
114.83.222.216 - - [28/Mar/2024:11:01:14 +0800] "GET /xingrg/kc/buy/cgsh_order_info.html?code=212024032808242 HTTP/1.1" 200 68777
114.83.222.216 - - [28/Mar/2024:11:01:14 +0800] "GET /xingrg/javascript/easyui/themes/default/validatebox.css HTTP/1.1" 404 1104
114.83.222.216 - - [28/Mar/2024:11:01:15 +0800] "POST /xingrg/kc/buy/cgsh_order_operate.html HTTP/1.1" 200 1255
124.78.60.103 - - [28/Mar/2024:11:01:16 +0800] "GET /xingrg/all/function/internal_message.html?_=1711594876294&CODE_STATE=getMsg HTTP/1.1" 200 27
114.83.222.216 - - [28/Mar/2024:11:01:17 +0800] "GET /xingrg/kc/print/load_data.html?order_code=212024032808242&kc_code=cgsh&condition= HTTP/1.1" 200 987
180.169.147.146 - - [28/Mar/2024:11:01:17 +0800] "GET /xingrg/check_reg.html?_=1711594870445 HTTP/1.1" 302 -
124.78.60.103 - - [28/Mar/2024:11:01:18 +0800] "GET /xingrg/all/function/internal_message.html?_=1711594878307&CODE_STATE=getMsg HTTP/1.1" 200 27
120.253.135.82 - - [28/Mar/2024:11:01:18 +0800] "GET /xingrg/all/function/internal_message.html?_=1711594878925&CODE_STATE=getMsg HTTP/1.1" 200 27
101.83.144.49 - - [28/Mar/2024:11:01:21 +0800] "GET /xingrg/all/function/internal_message.html?_=1711594881205&CODE_STATE=getMsg HTTP/1.1" 200 27
114.83.222.216 - - [28/Mar/2024:11:01:28 +0800] "GET /xingrg/kc/buy/cgsh_order_add.html HTTP/1.1" 200 73874
114.83.222.216 - - [28/Mar/2024:11:01:28 +0800] "POST /xingrg/kc/buy/cgsh_order_operate.html HTTP/1.1" 200 8245
114.83.222.216 - - [28/Mar/2024:11:01:28 +0800] "GET /xingrg/javascript/easyui/themes/default/validatebox.css HTTP/1.1" 404 1104
114.83.222.216 - - [28/Mar/2024:11:01:34 +0800] "GET /xingrg/all/function/internal_message.html?_=1711594893058&CODE_STATE=getMsg HTTP/1.1" 200 27
116.224.254.208 - - [28/Mar/2024:11:01:34 +0800] "GET /xingrg/all/function/internal_message.html?_=1711594894571&CODE_STATE=getMsg HTTP/1.1" 200 27
222.70.168.57 - - [28/Mar/2024:11:01:35 +0800] "GET /xingrg/kc/buy/cgsh_order_operate.html?command=get_materiel&rest_code=00146&code=00101006184&supplier_code=00100012&order_time=2024-03-28 HTTP/1.1" 200 408
116.224.254.208 - - [28/Mar/2024:11:01:36 +0800] "GET /xingrg/check_reg.html?_=1711594895965 HTTP/1.1" 200 22
116.224.254.208 - - [28/Mar/2024:11:01:38 +0800] "GET /xingrg/check_reg.html?_=1711594898411 HTTP/1.1" 200 22
116.224.254.208 - - [28/Mar/2024:11:01:38 +0800] "GET /xingrg/all/function/internal_message.html?_=1711594898412&CODE_STATE=getMsg HTTP/1.1" 200 27
114.83.222.216 - - [28/Mar/2024:11:01:39 +0800] "GET /xingrg/kc/buy/cgsh_order_operate.html?command=get_materiel&rest_code=00149&code=00101004056&supplier_code=00100039&order_time=2024-03-28 HTTP/1.1" 200 419
120.253.135.82 - - [28/Mar/2024:11:01:42 +0800] "GET /xingrg/all/function/internal_message.html?_=1711594744617&CODE_STATE=getMsg HTTP/1.1" 200 27
101.83.144.49 - - [28/Mar/2024:11:01:48 +0800] "GET /xingrg/all/function/internal_message.html?_=1711594670182&CODE_STATE=getMsg HTTP/1.1" 200 27
180.164.1.25 - - [28/Mar/2024:11:01:50 +0800] "GET /xingrg/all/function/internal_message.html?_=1711594908893&CODE_STATE=getMsg HTTP/1.1" 200 27
114.85.113.46 - - [28/Mar/2024:11:01:50 +0800] "GET /xingrg/all/function/internal_message.html?_=1711594909363&CODE_STATE=getMsg HTTP/1.1" 200 27
180.169.147.146 - - [28/Mar/2024:11:01:54 +0800] "GET /xingrg/all/function/internal_message.html?_=1711594914463&CODE_STATE=getMsg HTTP/1.1" 200 27
114.83.222.216 - - [28/Mar/2024:11:01:58 +0800] "GET /xingrg/kc/buy/cgsh_order_operate.html?command=get_materiel&rest_code=00149&code=00101002027&supplier_code=00100039&order_time=2024-03-28 HTTP/1.1" 200 415
222.70.115.1 - - [28/Mar/2024:11:01:58 +0800] "GET /xingrg/all/function/internal_message.html?_=1711594930930&CODE_STATE=getMsg HTTP/1.1" 200 27
222.70.115.1 - - [28/Mar/2024:11:01:58 +0800] "GET /xingrg/check_reg.html?_=1711594930932 HTTP/1.1" 200 22
116.237.78.87 - - [28/Mar/2024:11:02:01 +0800] "GET /xingrg/all/function/internal_message.html?_=1711594922533&CODE_STATE=getMsg HTTP/1.1" 200 27
180.163.29.212 - - [28/Mar/2024:11:02:02 +0800] "GET /xingrg/check_reg.html?_=1711594698944 HTTP/1.1" 302 -
180.163.29.212 - - [28/Mar/2024:11:02:02 +0800] "GET /xingrg/login.html HTTP/1.1" 200 7641
116.232.194.112 - - [28/Mar/2024:11:02:04 +0800] "GET /xingrg/all/function/internal_message.html?_=1711594888855&CODE_STATE=getMsg HTTP/1.1" 200 27
180.169.147.146 - - [28/Mar/2024:11:02:07 +0800] "GET /xingrg/all/function/internal_message.html?_=1711594927488&CODE_STATE=getMsg HTTP/1.1" 200 27
116.232.194.112 - - [28/Mar/2024:11:02:13 +0800] "GET /xingrg/all/function/internal_message.html?_=1711594898249&CODE_STATE=getMsg HTTP/1.1" 200 27
