101.83.144.49 - - [28/Mar/2024:11:58:08 +0800] "GET /xingrg/kc/base/wldb_order_operate.html?command=get_materiel&rest_code=00105&base_code=0010507&code=00101019071 HTTP/1.1" 200 471
124.78.60.103 - - [28/Mar/2024:11:58:18 +0800] "GET /xingrg/all/function/internal_message.html?_=1711598298431&CODE_STATE=getMsg HTTP/1.1" 200 27
124.78.60.103 - - [28/Mar/2024:11:58:18 +0800] "GET /xingrg/check_reg.html?_=1711598298432 HTTP/1.1" 200 22
124.78.60.103 - - [28/Mar/2024:11:58:18 +0800] "GET /xingrg/all/function/internal_message.html?_=1711598298200&CODE_STATE=getMsg HTTP/1.1" 200 27
101.83.144.49 - - [28/Mar/2024:11:58:19 +0800] "GET /xingrg/all/function/internal_message.html?_=1711598299922&CODE_STATE=getMsg HTTP/1.1" 200 27
101.83.144.49 - - [28/Mar/2024:11:58:22 +0800] "GET /xingrg/kc/base/wldb_order_operate.html?command=get_materiel&rest_code=00105&base_code=0010507&code=00101019199 HTTP/1.1" 200 473
101.83.144.49 - - [28/Mar/2024:11:58:23 +0800] "GET /xingrg/check_reg.html?_=1711598304028 HTTP/1.1" 200 22
180.169.147.146 - - [28/Mar/2024:11:58:24 +0800] "GET /xingrg/all/function/internal_message.html?_=1711598297015&CODE_STATE=getMsg HTTP/1.1" 200 27
222.70.115.1 - - [28/Mar/2024:11:58:25 +0800] "GET /xingrg/logout.do HTTP/1.1" 302 -
222.70.115.1 - - [28/Mar/2024:11:58:25 +0800] "GET /xingrg/login.html?sysBaseUrl=http%3A%2F%2F180.169.147.146%3A18081%2Fxingrg%2F&costTime=31×tamp=1711598305142 HTTP/1.1" 200 7641
114.85.113.46 - - [28/Mar/2024:11:58:26 +0800] "GET /xingrg/check_reg.html?_=1711598305214 HTTP/1.1" 200 22
222.70.115.1 - - [28/Mar/2024:11:58:31 +0800] "POST /xingrg/login.do HTTP/1.1" 302 -
222.70.115.1 - - [28/Mar/2024:11:58:31 +0800] "GET /xingrg/index.html?sysBaseUrl=http%3A%2F%2F180.169.147.146%3A18081%2Fxingrg%2F&costTime=1023×tamp=1711598311406 HTTP/1.1" 200 17503
222.70.115.1 - - [28/Mar/2024:11:58:31 +0800] "GET /xingrg/javascript/jquery_easy_ui/themes/default/images/panel_tool_expand.gif HTTP/1.1" 200 247
222.70.115.1 - - [28/Mar/2024:11:58:31 +0800] "GET /xingrg/check_reg.html?_=1711598324182 HTTP/1.1" 200 22
222.70.115.1 - - [28/Mar/2024:11:58:31 +0800] "GET /xingrg/all/function/internal_message.html?_=1711598324182&CODE_STATE=count HTTP/1.1" 200 11
222.70.115.1 - - [28/Mar/2024:11:58:31 +0800] "POST /xingrg/all/common/load_tree.html?tree=area_rest_tree_json&manage=1 HTTP/1.1" 200 2231
222.70.115.1 - - [28/Mar/2024:11:58:31 +0800] "POST /xingrg/load_menu.html HTTP/1.1" 200 11564
222.70.115.1 - - [28/Mar/2024:11:58:31 +0800] "GET /xingrg/javascript/jquery_easy_ui/themes/icons/setting_new.png HTTP/1.1" 200 450
222.70.115.1 - - [28/Mar/2024:11:58:31 +0800] "GET /xingrg/javascript/jquery_easy_ui/themes/icons/checkout_new.png HTTP/1.1" 200 744
222.70.115.1 - - [28/Mar/2024:11:58:31 +0800] "GET /xingrg/javascript/jquery_easy_ui/themes/icons/systemset_new.png HTTP/1.1" 200 606
222.70.115.1 - - [28/Mar/2024:11:58:31 +0800] "GET /xingrg/javascript/jquery_easy_ui/themes/icons/delivery_new.png HTTP/1.1" 200 700
222.70.168.57 - - [28/Mar/2024:11:58:32 +0800] "GET /xingrg/all/function/internal_message.html?_=1711598326115&CODE_STATE=getMsg HTTP/1.1" 200 27
116.224.254.208 - - [28/Mar/2024:11:58:33 +0800] "GET /xingrg/all/function/internal_message.html?_=1711598313609&CODE_STATE=getMsg HTTP/1.1" 200 27
114.83.222.216 - - [28/Mar/2024:11:58:34 +0800] "GET /xingrg/all/function/internal_message.html?_=1711598313238&CODE_STATE=getMsg HTTP/1.1" 200 27
120.253.135.82 - - [28/Mar/2024:11:58:37 +0800] "GET /xingrg/all/function/internal_message.html?_=1711598492174&CODE_STATE=getMsg HTTP/1.1" 200 27
101.83.144.49 - - [28/Mar/2024:11:58:39 +0800] "GET /xingrg/kc/base/wldb_order_operate.html?command=get_materiel&rest_code=00105&base_code=0010507&code=00101019183 HTTP/1.1" 200 449
180.169.147.146 - - [28/Mar/2024:11:58:46 +0800] "GET /xingrg/check_reg.html?_=1711598326204 HTTP/1.1" 200 22
180.169.147.146 - - [28/Mar/2024:11:58:46 +0800] "GET /xingrg/all/function/internal_message.html?_=1711598326206&CODE_STATE=getMsg HTTP/1.1" 200 27
101.83.144.49 - - [28/Mar/2024:11:58:49 +0800] "GET /xingrg/all/function/internal_message.html?_=1711598090276&CODE_STATE=getMsg HTTP/1.1" 200 27
116.224.254.208 - - [28/Mar/2024:11:58:49 +0800] "GET /xingrg/all/function/internal_message.html?_=1711598326397&CODE_STATE=getMsg HTTP/1.1" 200 27
180.164.1.25 - - [28/Mar/2024:11:58:50 +0800] "GET /xingrg/all/function/internal_message.html?_=1711598328909&CODE_STATE=getMsg HTTP/1.1" 200 27
114.85.113.46 - - [28/Mar/2024:11:58:50 +0800] "GET /xingrg/all/function/internal_message.html?_=1711598329476&CODE_STATE=getMsg HTTP/1.1" 200 27
101.83.144.49 - - [28/Mar/2024:11:58:51 +0800] "GET /xingrg/kc/base/wldb_order_operate.html?command=get_materiel&rest_code=00105&base_code=0010507&code=00101019249 HTTP/1.1" 200 470
180.171.58.249 - - [28/Mar/2024:11:58:51 +0800] "GET /xingrg/check_reg.html?_=1711598336884 HTTP/1.1" 302 -
120.253.135.82 - - [28/Mar/2024:11:58:55 +0800] "GET /xingrg/all/function/internal_message.html?_=1711598177739&CODE_STATE=getMsg HTTP/1.1" 200 27
222.70.115.1 - - [28/Mar/2024:11:58:57 +0800] "POST /xingrg/load_menu.html HTTP/1.1" 200 10483
101.228.147.14 - - [28/Mar/2024:11:58:58 +0800] "GET /xingrg/all/function/internal_message.html?_=1711598338634&CODE_STATE=getMsg HTTP/1.1" 200 27
222.70.115.1 - - [28/Mar/2024:11:58:59 +0800] "GET /xingrg/all/report/report_query.html?fileName=dma/new_5.0/yingye/yy_hz.xml&rw=1600 HTTP/1.1" 200 56155
222.70.115.1 - - [28/Mar/2024:11:58:59 +0800] "GET /xingrg/javascript/multi_select/jqueryMultiSelect.css HTTP/1.1" 200 951
222.70.115.1 - - [28/Mar/2024:11:58:59 +0800] "GET /xingrg/javascript/calendar/timePicker.css HTTP/1.1" 200 523
222.70.115.1 - - [28/Mar/2024:11:58:59 +0800] "GET /xingrg/javascript/bigrid/fix.css HTTP/1.1" 200 1702
222.70.115.1 - - [28/Mar/2024:11:58:59 +0800] "GET /xingrg/dwr/interface/AjaxReportQueryService.js HTTP/1.1" 200 13203
222.70.115.1 - - [28/Mar/2024:11:58:59 +0800] "GET /xingrg/dwr/util.js HTTP/1.1" 304 -
222.70.115.1 - - [28/Mar/2024:11:58:59 +0800] "GET /xingrg/dwr/engine.js HTTP/1.1" 200 43631
222.70.115.1 - - [28/Mar/2024:11:58:59 +0800] "GET /xingrg/javascript/jqueryMultiSelect.js HTTP/1.1" 200 11866
222.70.115.1 - - [28/Mar/2024:11:58:59 +0800] "GET /xingrg/javascript/calendar/jquery.timePicker.min.js HTTP/1.1" 200 2997
222.70.115.1 - - [28/Mar/2024:11:58:59 +0800] "GET /xingrg/javascript/bigrid/fix.js HTTP/1.1" 200 6439
222.70.115.1 - - [28/Mar/2024:11:58:59 +0800] "GET /xingrg/images/blue/button/advanceover.gif HTTP/1.1" 200 1347
222.70.115.1 - - [28/Mar/2024:11:58:59 +0800] "GET /xingrg/images/blue/button/advance2over.gif HTTP/1.1" 200 1336
222.70.115.1 - - [28/Mar/2024:11:58:59 +0800] "GET /xingrg/images/control/loading.gif HTTP/1.1" 200 13463
222.70.115.1 - - [28/Mar/2024:11:58:59 +0800] "GET /xingrg/images/blue/button/backover.gif HTTP/1.1" 200 1348
222.70.115.1 - - [28/Mar/2024:11:58:59 +0800] "GET /xingrg/images/blue/button/back2over.gif HTTP/1.1" 200 1335
222.70.115.1 - - [28/Mar/2024:11:58:59 +0800] "GET /xingrg/javascript/jquery_easy_ui/themes/icons/pencil.png HTTP/1.1" 200 713
222.70.115.1 - - [28/Mar/2024:11:58:59 +0800] "GET /xingrg/javascript/jquery_easy_ui/themes/default/images/menu.gif HTTP/1.1" 200 834
222.70.115.1 - - [28/Mar/2024:11:58:59 +0800] "GET /xingrg/javascript/jquery_easy_ui/themes/default/images/button_a_bg.gif HTTP/1.1" 200 1194
222.70.115.1 - - [28/Mar/2024:11:58:59 +0800] "GET /xingrg/javascript/jquery_easy_ui/themes/icons/help.png HTTP/1.1" 200 1187
222.70.115.1 - - [28/Mar/2024:11:58:59 +0800] "POST /xingrg/dwr/call/plaincall/AjaxReportQueryService.getFixDate.dwr HTTP/1.1" 200 111
222.70.115.1 - - [28/Mar/2024:11:58:59 +0800] "GET /xingrg/javascript/jquery_easy_ui/themes/default/images/menu_rightarrow.png HTTP/1.1" 200 3617
222.70.115.1 - - [28/Mar/2024:11:58:59 +0800] "GET /xingrg/javascript/jquery_easy_ui/themes/default/images/combo_arrow_dot.gif HTTP/1.1" 200 79
222.70.115.1 - - [28/Mar/2024:11:58:59 +0800] "POST /xingrg/all/common/load_tree.html?tree=area_station_tree_json&manage=1 HTTP/1.1" 200 2159
222.70.115.1 - - [28/Mar/2024:11:58:59 +0800] "GET /xingrg/javascript/jquery_easy_ui/themes/default/images/tree_checkbox_0.gif HTTP/1.1" 200 168
222.70.115.1 - - [28/Mar/2024:11:59:00 +0800] "GET /xingrg/javascript/jquery_easy_ui/themes/icons/manage.png HTTP/1.1" 200 696
116.237.78.87 - - [28/Mar/2024:11:59:01 +0800] "GET /xingrg/all/function/internal_message.html?_=1711598342253&CODE_STATE=getMsg HTTP/1.1" 200 27
222.70.115.1 - - [28/Mar/2024:11:59:01 +0800] "POST /xingrg/dwr/call/plaincall/AjaxReportQueryService.getFixDate.dwr HTTP/1.1" 200 111
101.83.144.49 - - [28/Mar/2024:11:59:01 +0800] "GET /xingrg/kc/base/wldb_order_operate.html?command=get_materiel&rest_code=00105&base_code=0010507&code=00101011005 HTTP/1.1" 200 429
222.70.115.1 - - [28/Mar/2024:11:59:03 +0800] "POST /xingrg/dwr/call/plaincall/AjaxReportQueryService.refreshCache.dwr HTTP/1.1" 200 78
116.232.194.112 - - [28/Mar/2024:11:59:04 +0800] "GET /xingrg/all/function/internal_message.html?_=1711598308858&CODE_STATE=getMsg HTTP/1.1" 200 27
222.70.115.1 - - [28/Mar/2024:11:59:04 +0800] "POST /xingrg/all/report/load_report_page.html HTTP/1.1" 200 136679
222.70.115.1 - - [28/Mar/2024:11:59:04 +0800] "GET /xingrg/servlets/image?cache=0.3523194050838133&image=px HTTP/1.1" 200 807
116.232.194.112 - - [28/Mar/2024:11:59:04 +0800] "GET /xingrg/check_reg.html?_=1711598309157 HTTP/1.1" 200 22
116.232.194.112 - - [28/Mar/2024:11:59:06 +0800] "GET /xingrg/check_reg.html?_=1711598311110 HTTP/1.1" 200 22
116.232.194.112 - - [28/Mar/2024:11:59:07 +0800] "GET /xingrg/all/function/internal_message.html?_=1711598312338&CODE_STATE=getMsg HTTP/1.1" 200 27
101.83.144.49 - - [28/Mar/2024:11:59:16 +0800] "GET /xingrg/kc/base/wldb_order_operate.html?command=get_materiel&rest_code=00105&base_code=0010507&code=00101019018 HTTP/1.1" 200 465
124.78.60.103 - - [28/Mar/2024:11:59:18 +0800] "GET /xingrg/all/function/internal_message.html?_=1711598358431&CODE_STATE=getMsg HTTP/1.1" 200 27
124.78.60.103 - - [28/Mar/2024:11:59:18 +0800] "GET /xingrg/all/function/internal_message.html?_=1711598358177&CODE_STATE=getMsg HTTP/1.1" 200 27
101.83.144.49 - - [28/Mar/2024:11:59:19 +0800] "GET /xingrg/all/function/internal_message.html?_=1711598359893&CODE_STATE=getMsg HTTP/1.1" 200 27
180.169.147.146 - - [28/Mar/2024:11:59:24 +0800] "GET /xingrg/all/function/internal_message.html?_=1711598356982&CODE_STATE=getMsg HTTP/1.1" 200 27
101.83.144.49 - - [28/Mar/2024:11:59:27 +0800] "POST /xingrg/kc/base/wldb_order_operate.html HTTP/1.1" 200 37
101.83.144.49 - - [28/Mar/2024:11:59:28 +0800] "POST /xingrg/kc/base/wldb_order_operate.html HTTP/1.1" 200 8187
101.83.144.49 - - [28/Mar/2024:11:59:30 +0800] "GET /xingrg/kc/base/wldb_order_info.html?code=422024032801983 HTTP/1.1" 200 30397
101.83.144.49 - - [28/Mar/2024:11:59:30 +0800] "GET /xingrg/javascript/easyui/themes/default/validatebox.css HTTP/1.1" 404 1104
101.83.144.49 - - [28/Mar/2024:11:59:31 +0800] "POST /xingrg/kc/base/wldb_order_operate.html HTTP/1.1" 200 8187
222.70.115.1 - - [28/Mar/2024:11:59:31 +0800] "GET /xingrg/all/function/internal_message.html?_=1711598384196&CODE_STATE=getMsg HTTP/1.1" 200 27
124.78.60.103 - - [28/Mar/2024:11:59:33 +0800] "GET /xingrg/check_reg.html?_=1711598373866 HTTP/1.1" 200 22
116.224.254.208 - - [28/Mar/2024:11:59:33 +0800] "GET /xingrg/all/function/internal_message.html?_=1711598373594&CODE_STATE=getMsg HTTP/1.1" 200 27
222.70.168.57 - - [28/Mar/2024:11:59:34 +0800] "GET /xingrg/all/function/internal_message.html?_=1711598388492&CODE_STATE=getMsg HTTP/1.1" 200 27
114.83.222.216 - - [28/Mar/2024:11:59:34 +0800] "GET /xingrg/all/function/internal_message.html?_=1711598373222&CODE_STATE=getMsg HTTP/1.1" 200 27
120.253.135.82 - - [28/Mar/2024:11:59:37 +0800] "GET /xingrg/check_reg.html?_=1711598552180 HTTP/1.1" 200 22
120.253.135.82 - - [28/Mar/2024:11:59:37 +0800] "GET /xingrg/all/function/internal_message.html?_=1711598552177&CODE_STATE=getMsg HTTP/1.1" 200 27
180.169.147.146 - - [28/Mar/2024:11:59:46 +0800] "GET /xingrg/all/function/internal_message.html?_=1711598386199&CODE_STATE=getMsg HTTP/1.1" 200 27
101.83.144.49 - - [28/Mar/2024:11:59:49 +0800] "GET /xingrg/all/function/internal_message.html?_=1711598150365&CODE_STATE=getMsg HTTP/1.1" 200 27
116.224.254.208 - - [28/Mar/2024:11:59:49 +0800] "GET /xingrg/all/function/internal_message.html?_=1711598388276&CODE_STATE=getMsg HTTP/1.1" 200 27
180.164.1.25 - - [28/Mar/2024:11:59:50 +0800] "GET /xingrg/all/function/internal_message.html?_=1711598388905&CODE_STATE=getMsg HTTP/1.1" 200 27
101.228.147.14 - - [28/Mar/2024:11:59:50 +0800] "POST /xingrg/kc/buy/cgsh_list_operate.html HTTP/1.1" 200 618
114.85.113.46 - - [28/Mar/2024:11:59:50 +0800] "GET /xingrg/all/function/internal_message.html?_=1711598389474&CODE_STATE=getMsg HTTP/1.1" 200 27
101.228.147.14 - - [28/Mar/2024:11:59:51 +0800] "GET /xingrg/kc/buy/cgsh_order_info.html?code=212024032206680 HTTP/1.1" 200 72902
222.70.183.82 - - [28/Mar/2024:11:59:52 +0800] "GET /xingrg/login.html HTTP/1.1" 200 7641
101.228.147.14 - - [28/Mar/2024:11:59:52 +0800] "GET /xingrg/javascript/easyui/themes/default/validatebox.css HTTP/1.1" 404 1104
222.70.183.82 - - [28/Mar/2024:11:59:52 +0800] "GET /favicon.ico HTTP/1.1" 404 -
222.70.115.1 - - [28/Mar/2024:11:59:52 +0800] "POST /xingrg/dwr/call/plaincall/AjaxReportQueryService.getFixDate.dwr HTTP/1.1" 200 111
101.228.147.14 - - [28/Mar/2024:11:59:53 +0800] "POST /xingrg/kc/buy/cgsh_order_operate.html HTTP/1.1" 200 5685
222.70.115.1 - - [28/Mar/2024:11:59:54 +0800] "POST /xingrg/dwr/call/plaincall/AjaxReportQueryService.refreshCache.dwr HTTP/1.1" 200 78
120.253.135.82 - - [28/Mar/2024:11:59:55 +0800] "GET /xingrg/all/function/internal_message.html?_=1711598237766&CODE_STATE=getMsg HTTP/1.1" 200 27
222.70.115.1 - - [28/Mar/2024:11:59:55 +0800] "POST /xingrg/all/report/load_report_page.html HTTP/1.1" 200 137000
222.70.115.1 - - [28/Mar/2024:11:59:56 +0800] "GET /xingrg/servlets/image?cache=0.7164831320972121&image=px HTTP/1.1" 200 807
101.228.147.14 - - [28/Mar/2024:11:59:58 +0800] "GET /xingrg/check_reg.html?_=1711598398628 HTTP/1.1" 200 22
101.228.147.14 - - [28/Mar/2024:11:59:58 +0800] "GET /xingrg/all/function/internal_message.html?_=1711598398631&CODE_STATE=getMsg HTTP/1.1" 200 27
116.237.78.87 - - [28/Mar/2024:12:00:01 +0800] "GET /xingrg/all/function/internal_message.html?_=1711598402272&CODE_STATE=getMsg HTTP/1.1" 200 27
116.232.194.112 - - [28/Mar/2024:12:00:04 +0800] "GET /xingrg/all/function/internal_message.html?_=1711598368854&CODE_STATE=getMsg HTTP/1.1" 200 27
180.171.58.249 - - [28/Mar/2024:12:00:05 +0800] "GET /xingrg/check_reg.html?_=1711598411073 HTTP/1.1" 302 -
116.232.194.112 - - [28/Mar/2024:12:00:07 +0800] "GET /xingrg/all/function/internal_message.html?_=1711598372314&CODE_STATE=getMsg HTTP/1.1" 200 27
222.70.168.57 - - [28/Mar/2024:12:00:12 +0800] "GET /xingrg/check_reg.html?_=1711598426474 HTTP/1.1" 200 22
124.78.60.103 - - [28/Mar/2024:12:00:18 +0800] "GET /xingrg/all/function/internal_message.html?_=1711598418428&CODE_STATE=getMsg HTTP/1.1" 200 27
124.78.60.103 - - [28/Mar/2024:12:00:18 +0800] "GET /xingrg/all/function/internal_message.html?_=1711598418162&CODE_STATE=getMsg HTTP/1.1" 200 27
101.83.144.49 - - [28/Mar/2024:12:00:19 +0800] "GET /xingrg/all/function/internal_message.html?_=1711598419877&CODE_STATE=getMsg HTTP/1.1" 200 27
180.169.147.146 - - [28/Mar/2024:12:00:24 +0800] "GET /xingrg/all/function/internal_message.html?_=1711598416966&CODE_STATE=getMsg HTTP/1.1" 200 27
222.70.115.1 - - [28/Mar/2024:12:00:31 +0800] "GET /xingrg/all/function/internal_message.html?_=1711598444196&CODE_STATE=getMsg HTTP/1.1" 200 27
116.224.254.208 - - [28/Mar/2024:12:00:33 +0800] "GET /xingrg/check_reg.html?_=1711598430503 HTTP/1.1" 200 22
116.224.254.208 - - [28/Mar/2024:12:00:33 +0800] "GET /xingrg/all/function/internal_message.html?_=1711598433568&CODE_STATE=getMsg HTTP/1.1" 200 27
222.70.168.57 - - [28/Mar/2024:12:00:34 +0800] "GET /xingrg/all/function/internal_message.html?_=1711598448498&CODE_STATE=getMsg HTTP/1.1" 200 27
114.83.222.216 - - [28/Mar/2024:12:00:34 +0800] "GET /xingrg/all/function/internal_message.html?_=1711598433208&CODE_STATE=getMsg HTTP/1.1" 200 27
114.83.222.216 - - [28/Mar/2024:12:00:34 +0800] "GET /xingrg/check_reg.html?_=1711598433450 HTTP/1.1" 200 22
120.253.135.82 - - [28/Mar/2024:12:00:37 +0800] "GET /xingrg/all/function/internal_message.html?_=1711598612182&CODE_STATE=getMsg HTTP/1.1" 200 27
116.232.194.112 - - [28/Mar/2024:12:00:39 +0800] "GET /xingrg/kc/buy/cgsh_order_add.html HTTP/1.1" 200 73874
116.232.194.112 - - [28/Mar/2024:12:00:39 +0800] "POST /xingrg/kc/buy/cgsh_order_operate.html HTTP/1.1" 200 8245
116.232.194.112 - - [28/Mar/2024:12:00:39 +0800] "GET /xingrg/javascript/easyui/themes/default/validatebox.css HTTP/1.1" 404 1104
222.70.115.1 - - [28/Mar/2024:12:00:44 +0800] "GET /xingrg/logout.do HTTP/1.1" 302 -
222.70.115.1 - - [28/Mar/2024:12:00:44 +0800] "GET /xingrg/login.html?sysBaseUrl=http%3A%2F%2F180.169.147.146%3A18081%2Fxingrg%2F&costTime=31×tamp=1711598444786 HTTP/1.1" 200 7641
180.169.147.146 - - [28/Mar/2024:12:00:46 +0800] "GET /xingrg/all/function/internal_message.html?_=1711598446223&CODE_STATE=getMsg HTTP/1.1" 200 27
116.232.194.112 - - [28/Mar/2024:12:00:47 +0800] "GET /xingrg/javascript/auto/indicator.gif HTTP/1.1" 404 1066
116.232.194.112 - - [28/Mar/2024:12:00:47 +0800] "POST /xingrg/services/DataTransmitService HTTP/1.1" 200 524
116.232.194.112 - - [28/Mar/2024:12:00:47 +0800] "GET /xingrg/javascript/jquery_tools/images/prev.gif HTTP/1.1" 404 1086
116.232.194.112 - - [28/Mar/2024:12:00:47 +0800] "GET /xingrg/javascript/jquery_tools/images/next.gif HTTP/1.1" 404 1086
116.232.194.112 - - [28/Mar/2024:12:00:47 +0800] "POST /xingrg/services/DataTransmitService HTTP/1.1" 200 501
101.83.144.49 - - [28/Mar/2024:12:00:49 +0800] "GET /xingrg/check_reg.html?_=1711598210257 HTTP/1.1" 200 22
101.83.144.49 - - [28/Mar/2024:12:00:49 +0800] "GET /xingrg/all/function/internal_message.html?_=1711598210260&CODE_STATE=getMsg HTTP/1.1" 200 27
180.164.1.25 - - [28/Mar/2024:12:00:50 +0800] "GET /xingrg/all/function/internal_message.html?_=1711598448894&CODE_STATE=getMsg HTTP/1.1" 200 27
180.164.1.25 - - [28/Mar/2024:12:00:50 +0800] "GET /xingrg/check_reg.html?_=1711598448895 HTTP/1.1" 200 22
114.85.113.46 - - [28/Mar/2024:12:00:50 +0800] "GET /xingrg/all/function/internal_message.html?_=1711598449477&CODE_STATE=getMsg HTTP/1.1" 200 27
116.224.254.208 - - [28/Mar/2024:12:00:54 +0800] "GET /xingrg/all/function/internal_message.html?_=1711598450707&CODE_STATE=getMsg HTTP/1.1" 200 27
120.253.135.82 - - [28/Mar/2024:12:00:55 +0800] "GET /xingrg/all/function/internal_message.html?_=1711598297783&CODE_STATE=getMsg HTTP/1.1" 200 27
101.228.147.14 - - [28/Mar/2024:12:00:58 +0800] "GET /xingrg/all/function/internal_message.html?_=1711598458631&CODE_STATE=getMsg HTTP/1.1" 200 27
114.89.221.239 - - [28/Mar/2024:12:01:00 +0800] "GET /xingrg/login.html HTTP/1.1" 200 7641
114.89.221.239 - - [28/Mar/2024:12:01:00 +0800] "GET /xingrg/images/blue/jxLogo.png HTTP/1.1" 200 6156
114.89.221.239 - - [28/Mar/2024:12:01:00 +0800] "GET /xingrg/images/blue/login_bg.png HTTP/1.1" 200 22101
114.89.221.239 - - [28/Mar/2024:12:01:00 +0800] "GET /xingrg/images/blue/hj.png HTTP/1.1" 200 1014
114.89.221.239 - - [28/Mar/2024:12:01:00 +0800] "GET /xingrg/images/blue/srbg.png HTTP/1.1" 200 138
114.89.221.239 - - [28/Mar/2024:12:01:00 +0800] "GET /favicon.ico HTTP/1.1" 404 -
222.70.115.1 - - [28/Mar/2024:12:01:01 +0800] "POST /xingrg/login.do HTTP/1.1" 302 -
222.70.115.1 - - [28/Mar/2024:12:01:01 +0800] "GET /xingrg/index.html?sysBaseUrl=http%3A%2F%2F180.169.147.146%3A18081%2Fxingrg%2F&costTime=883×tamp=1711598461168 HTTP/1.1" 200 17179
116.237.78.87 - - [28/Mar/2024:12:01:01 +0800] "GET /xingrg/all/function/internal_message.html?_=1711598462272&CODE_STATE=getMsg HTTP/1.1" 200 27
222.70.115.1 - - [28/Mar/2024:12:01:01 +0800] "GET /xingrg/check_reg.html?_=1711598473932 HTTP/1.1" 200 22
222.70.115.1 - - [28/Mar/2024:12:01:01 +0800] "GET /xingrg/all/function/internal_message.html?_=1711598473931&CODE_STATE=count HTTP/1.1" 200 11
222.70.115.1 - - [28/Mar/2024:12:01:01 +0800] "POST /xingrg/all/common/load_tree.html?tree=area_rest_tree_json&manage=1 HTTP/1.1" 200 351
222.70.115.1 - - [28/Mar/2024:12:01:01 +0800] "POST /xingrg/load_menu.html HTTP/1.1" 200 5138
114.89.221.239 - - [28/Mar/2024:12:01:02 +0800] "GET /xingrg/login.html HTTP/1.1" 200 7641
114.89.221.239 - - [28/Mar/2024:12:01:02 +0800] "GET /xingrg/images/blue/jxLogo.png HTTP/1.1" 200 6156
114.89.221.239 - - [28/Mar/2024:12:01:02 +0800] "GET /xingrg/images/blue/hj.png HTTP/1.1" 200 1014
114.89.221.239 - - [28/Mar/2024:12:01:02 +0800] "GET /xingrg/images/blue/login_bg.png HTTP/1.1" 200 22101
114.89.221.239 - - [28/Mar/2024:12:01:02 +0800] "GET /xingrg/images/blue/srbg.png HTTP/1.1" 200 138
114.89.221.239 - - [28/Mar/2024:12:01:02 +0800] "GET /favicon.ico HTTP/1.1" 404 -
222.70.115.1 - - [28/Mar/2024:12:01:02 +0800] "GET /xingrg/kc/buy/buy_main.html HTTP/1.1" 200 12412
222.70.115.1 - - [28/Mar/2024:12:01:02 +0800] "GET /xingrg/css/new_ie.css HTTP/1.1" 404 1036
222.70.115.1 - - [28/Mar/2024:12:01:03 +0800] "GET /xingrg/images/yd/bt.gif HTTP/1.1" 404 1040
222.70.115.1 - - [28/Mar/2024:12:01:04 +0800] "GET /xingrg/kc/buy/cgsh_order_list.html HTTP/1.1" 200 58011
116.232.194.112 - - [28/Mar/2024:12:01:04 +0800] "GET /xingrg/all/function/internal_message.html?_=1711598428853&CODE_STATE=getMsg HTTP/1.1" 200 27
222.70.115.1 - - [28/Mar/2024:12:01:06 +0800] "POST /xingrg/kc/buy/cgsh_list_operate.html HTTP/1.1" 200 645
116.232.194.112 - - [28/Mar/2024:12:01:07 +0800] "GET /xingrg/all/function/internal_message.html?_=1711598432305&CODE_STATE=getMsg HTTP/1.1" 200 27
222.70.115.1 - - [28/Mar/2024:12:01:09 +0800] "GET /xingrg/kc/buy/cgsh_order_add.html HTTP/1.1" 200 73865
222.70.115.1 - - [28/Mar/2024:12:01:09 +0800] "GET /xingrg/words/20240327135526_words.js HTTP/1.1" 304 -
222.70.115.1 - - [28/Mar/2024:12:01:09 +0800] "POST /xingrg/kc/buy/cgsh_order_operate.html HTTP/1.1" 200 8245
222.70.115.1 - - [28/Mar/2024:12:01:09 +0800] "GET /xingrg/javascript/easyui/themes/default/validatebox.css HTTP/1.1" 404 1104
222.70.115.1 - - [28/Mar/2024:12:01:09 +0800] "GET /xingrg/all/common/auto_word.html?type=employee&rest_code=00156 HTTP/1.1" 200 47
222.70.115.1 - - [28/Mar/2024:12:01:09 +0800] "GET /xingrg/all/common/auto_word.html?type=employee&rest_code=00156 HTTP/1.1" 200 47
114.89.221.239 - - [28/Mar/2024:12:01:10 +0800] "POST /xingrg/login.do HTTP/1.1" 302 -
114.89.221.239 - - [28/Mar/2024:12:01:10 +0800] "GET /xingrg/index.html?sysBaseUrl=http%3A%2F%2F180.169.147.146%3A18081%2Fxingrg%2F&costTime=858×tamp=1711598470833 HTTP/1.1" 200 17177
114.89.221.239 - - [28/Mar/2024:12:01:10 +0800] "GET /xingrg/javascript/jquery_easy_ui/themes/default/easyui.css HTTP/1.1" 200 26500
114.89.221.239 - - [28/Mar/2024:12:01:10 +0800] "GET /xingrg/javascript/jquery_easy_ui/themes/icon.css HTTP/1.1" 200 3949
114.89.221.239 - - [28/Mar/2024:12:01:10 +0800] "GET /xingrg/css/form.css HTTP/1.1" 200 893
114.89.221.239 - - [28/Mar/2024:12:01:10 +0800] "GET /xingrg/javascript/jquery_easy_ui/jquery.easyui.min.js HTTP/1.1" 200 213662
114.89.221.239 - - [28/Mar/2024:12:01:10 +0800] "GET /xingrg/javascript/jquery_easy_ui/easyui-lang-zh_CN.js HTTP/1.1" 200 1900
114.89.221.239 - - [28/Mar/2024:12:01:10 +0800] "GET /xingrg/javascript/jquery-1.4.2.min.js HTTP/1.1" 200 72205
114.89.221.239 - - [28/Mar/2024:12:01:10 +0800] "GET /xingrg/javascript/jquery.form.js HTTP/1.1" 200 23110
114.89.221.239 - - [28/Mar/2024:12:01:10 +0800] "GET /xingrg/javascript/jquery.utils.js HTTP/1.1" 200 11805
114.89.221.239 - - [28/Mar/2024:12:01:10 +0800] "GET /xingrg/javascript/jquery.timers.js HTTP/1.1" 200 3532
114.89.221.239 - - [28/Mar/2024:12:01:10 +0800] "GET /favicon.ico HTTP/1.1" 404 -
114.89.221.239 - - [28/Mar/2024:12:01:11 +0800] "GET /xingrg/images/blue/navBackgound.jpg HTTP/1.1" 200 12378
114.89.221.239 - - [28/Mar/2024:12:01:11 +0800] "GET /xingrg/javascript/jquery_easy_ui/themes/icons/settle_new.png HTTP/1.1" 200 826
114.89.221.239 - - [28/Mar/2024:12:01:11 +0800] "GET /xingrg/all/function/internal_message.html?_=1711598470325&CODE_STATE=count HTTP/1.1" 200 11
114.89.221.239 - - [28/Mar/2024:12:01:11 +0800] "GET /xingrg/check_reg.html?_=1711598470326 HTTP/1.1" 200 22
114.89.221.239 - - [28/Mar/2024:12:01:11 +0800] "GET /xingrg/images/blue/pingpu.png HTTP/1.1" 200 231
114.89.221.239 - - [28/Mar/2024:12:01:11 +0800] "GET /xingrg/javascript/jquery_easy_ui/themes/default/images/tabs_leftarrow.png HTTP/1.1" 200 389
114.89.221.239 - - [28/Mar/2024:12:01:11 +0800] "GET /xingrg/javascript/jquery_easy_ui/themes/default/images/tabs_rightarrow.png HTTP/1.1" 200 395
114.89.221.239 - - [28/Mar/2024:12:01:11 +0800] "GET /xingrg/javascript/jquery_easy_ui/themes/default/images/panel_tool_collapse.gif HTTP/1.1" 200 246
114.89.221.239 - - [28/Mar/2024:12:01:11 +0800] "POST /xingrg/all/common/load_tree.html?tree=area_rest_tree_json&manage=1 HTTP/1.1" 200 601
114.89.221.239 - - [28/Mar/2024:12:01:11 +0800] "POST /xingrg/load_menu.html HTTP/1.1" 200 5138
114.89.221.239 - - [28/Mar/2024:12:01:11 +0800] "GET /xingrg/javascript/jquery_easy_ui/themes/default/images/tree_folder_open.gif HTTP/1.1" 200 956
114.89.221.239 - - [28/Mar/2024:12:01:11 +0800] "GET /xingrg/javascript/jquery_easy_ui/themes/default/images/tree_arrows.gif HTTP/1.1" 200 1043
114.89.221.239 - - [28/Mar/2024:12:01:11 +0800] "GET /xingrg/javascript/jquery_easy_ui/themes/icons/forms_new.png HTTP/1.1" 200 350
114.89.221.239 - - [28/Mar/2024:12:01:11 +0800] "GET /xingrg/javascript/jquery_easy_ui/themes/icons/search_new.png HTTP/1.1" 200 586
114.89.221.239 - - [28/Mar/2024:12:01:11 +0800] "GET /xingrg/javascript/jquery_easy_ui/themes/default/images/tree_folder.gif HTTP/1.1" 200 952
114.89.221.239 - - [28/Mar/2024:12:01:11 +0800] "GET /xingrg/javascript/jquery_easy_ui/themes/icons/storage_new.png HTTP/1.1" 200 853
114.89.221.239 - - [28/Mar/2024:12:01:11 +0800] "GET /xingrg/javascript/jquery_easy_ui/themes/default/images/tree_file.gif HTTP/1.1" 200 118
222.70.115.1 - - [28/Mar/2024:12:01:12 +0800] "GET /xingrg/javascript/auto/indicator.gif HTTP/1.1" 404 1066
222.70.115.1 - - [28/Mar/2024:12:01:16 +0800] "GET /xingrg/index.html?sysBaseUrl=http%3A%2F%2F180.169.147.146%3A18081%2Fxingrg%2F&costTime=883×tamp=1711598461168 HTTP/1.1" 200 17179
222.70.115.1 - - [28/Mar/2024:12:01:16 +0800] "GET /xingrg/all/function/internal_message.html?_=1711598488782&CODE_STATE=count HTTP/1.1" 200 11
222.70.115.1 - - [28/Mar/2024:12:01:16 +0800] "GET /xingrg/check_reg.html?_=1711598488783 HTTP/1.1" 200 22
222.70.115.1 - - [28/Mar/2024:12:01:16 +0800] "POST /xingrg/all/common/load_tree.html?tree=area_rest_tree_json&manage=1 HTTP/1.1" 200 351
222.70.115.1 - - [28/Mar/2024:12:01:16 +0800] "POST /xingrg/load_menu.html HTTP/1.1" 200 5138
222.70.115.1 - - [28/Mar/2024:12:01:17 +0800] "GET /xingrg/kc/buy/buy_main.html HTTP/1.1" 200 12412
222.70.115.1 - - [28/Mar/2024:12:01:17 +0800] "GET /xingrg/css/new_ie.css HTTP/1.1" 404 1036
124.78.60.103 - - [28/Mar/2024:12:01:18 +0800] "GET /xingrg/all/function/internal_message.html?_=1711598478427&CODE_STATE=getMsg HTTP/1.1" 200 27
124.78.60.103 - - [28/Mar/2024:12:01:18 +0800] "GET /xingrg/all/function/internal_message.html?_=1711598478146&CODE_STATE=getMsg HTTP/1.1" 200 27
222.70.115.1 - - [28/Mar/2024:12:01:18 +0800] "GET /xingrg/kc/buy/cgsh_order_list.html HTTP/1.1" 200 58011
101.83.144.49 - - [28/Mar/2024:12:01:19 +0800] "GET /xingrg/all/function/internal_message.html?_=1711598479833&CODE_STATE=getMsg HTTP/1.1" 200 27
222.70.115.1 - - [28/Mar/2024:12:01:21 +0800] "POST /xingrg/kc/buy/cgsh_list_operate.html HTTP/1.1" 200 645
180.169.147.146 - - [28/Mar/2024:12:01:24 +0800] "GET /xingrg/all/function/internal_message.html?_=1711598476950&CODE_STATE=getMsg HTTP/1.1" 200 27
222.70.115.1 - - [28/Mar/2024:12:01:26 +0800] "GET /xingrg/kc/buy/cgsh_order_add.html HTTP/1.1" 200 73865
222.70.115.1 - - [28/Mar/2024:12:01:26 +0800] "GET /xingrg/words/20240327135526_words.js HTTP/1.1" 304 -
222.70.115.1 - - [28/Mar/2024:12:01:26 +0800] "POST /xingrg/kc/buy/cgsh_order_operate.html HTTP/1.1" 200 8245
222.70.115.1 - - [28/Mar/2024:12:01:26 +0800] "GET /xingrg/javascript/easyui/themes/default/validatebox.css HTTP/1.1" 404 1104
222.70.115.1 - - [28/Mar/2024:12:01:26 +0800] "GET /xingrg/all/common/auto_word.html?type=employee&rest_code=00156 HTTP/1.1" 200 47
222.70.115.1 - - [28/Mar/2024:12:01:26 +0800] "GET /xingrg/all/common/auto_word.html?type=employee&rest_code=00156 HTTP/1.1" 200 47
222.70.115.1 - - [28/Mar/2024:12:01:28 +0800] "GET /xingrg/javascript/jquery_tools/images/prev.gif HTTP/1.1" 404 1086
222.70.115.1 - - [28/Mar/2024:12:01:28 +0800] "GET /xingrg/javascript/jquery_tools/images/next.gif HTTP/1.1" 404 1086
116.224.254.208 - - [28/Mar/2024:12:01:33 +0800] "GET /xingrg/all/function/internal_message.html?_=1711598493552&CODE_STATE=getMsg HTTP/1.1" 200 27
222.70.168.57 - - [28/Mar/2024:12:01:34 +0800] "GET /xingrg/all/function/internal_message.html?_=1711598508512&CODE_STATE=getMsg HTTP/1.1" 200 27
114.83.222.216 - - [28/Mar/2024:12:01:34 +0800] "GET /xingrg/all/function/internal_message.html?_=1711598493186&CODE_STATE=getMsg HTTP/1.1" 200 27
222.70.115.1 - - [28/Mar/2024:12:01:35 +0800] "GET /xingrg/kc/buy/cgsh_order_operate.html?command=get_materiel&rest_code=00156&code=00101011013&supplier_code=00100012&order_time=2024-03-28 HTTP/1.1" 200 413
116.224.254.208 - - [28/Mar/2024:12:01:36 +0800] "GET /xingrg/check_reg.html?_=1711598495767 HTTP/1.1" 200 22
116.232.194.112 - - [28/Mar/2024:12:01:36 +0800] "GET /xingrg/kc/buy/cgsh_order_operate.html?command=get_materiel&rest_code=00155&code=00101006284&supplier_code=00100558&order_time=2024-03-28 HTTP/1.1" 200 418
120.253.135.82 - - [28/Mar/2024:12:01:37 +0800] "GET /xingrg/all/function/internal_message.html?_=1711598672187&CODE_STATE=getMsg HTTP/1.1" 200 27
114.89.221.239 - - [28/Mar/2024:12:01:45 +0800] "GET /xingrg/kc/buy/buy_main.html HTTP/1.1" 200 12412
114.89.221.239 - - [28/Mar/2024:12:01:45 +0800] "GET /xingrg/javascript/jquery_easy_ui/themes/default/images/tabs_close.gif HTTP/1.1" 200 829
114.89.221.239 - - [28/Mar/2024:12:01:45 +0800] "GET /xingrg/css/blue.css HTTP/1.1" 200 15949
114.89.221.239 - - [28/Mar/2024:12:01:45 +0800] "GET /xingrg/css/new_ie.css HTTP/1.1" 404 1036
114.89.221.239 - - [28/Mar/2024:12:01:45 +0800] "GET /xingrg/javascript/pic_change.js HTTP/1.1" 200 4739
114.89.221.239 - - [28/Mar/2024:12:01:45 +0800] "GET /xingrg/javascript/ToolTips.js HTTP/1.1" 200 5615
114.89.221.239 - - [28/Mar/2024:12:01:45 +0800] "GET /xingrg/javascript/jquery_ui/themes/humanity/humanity.css HTTP/1.1" 200 27801
114.89.221.239 - - [28/Mar/2024:12:01:45 +0800] "GET /xingrg/javascript/myfunction.js HTTP/1.1" 200 24559
114.89.221.239 - - [28/Mar/2024:12:01:45 +0800] "GET /xingrg/javascript/jquery_ui/jquery-ui.min.js HTTP/1.1" 200 186181
114.89.221.239 - - [28/Mar/2024:12:01:45 +0800] "GET /xingrg/images/blue/button/cgydd.gif HTTP/1.1" 200 2712
114.89.221.239 - - [28/Mar/2024:12:01:45 +0800] "GET /xingrg/images/blue/button/cgxqd.gif HTTP/1.1" 200 2619
114.89.221.239 - - [28/Mar/2024:12:01:45 +0800] "GET /xingrg/images/blue/button/cgfkd.gif HTTP/1.1" 200 2075
114.89.221.239 - - [28/Mar/2024:12:01:45 +0800] "GET /xingrg/images/blue/button/cgshd.gif HTTP/1.1" 200 2618
114.89.221.239 - - [28/Mar/2024:12:01:45 +0800] "GET /xingrg/images/blue/button/ckthd.gif HTTP/1.1" 200 2045
114.89.221.239 - - [28/Mar/2024:12:01:45 +0800] "GET /xingrg/images/blue/button/kc.gif HTTP/1.1" 200 2160
114.89.221.239 - - [28/Mar/2024:12:01:45 +0800] "GET /xingrg/images/blue/pic_form2.gif HTTP/1.1" 200 1853
114.89.221.239 - - [28/Mar/2024:12:01:45 +0800] "GET /xingrg/javascript/jquery_ui/themes/humanity/images/ui-bg_inset-soft_100_f4f0ec_1x100.png HTTP/1.1" 200 141
114.89.221.239 - - [28/Mar/2024:12:01:45 +0800] "GET /xingrg/images/blue/bg_dotted.jpg HTTP/1.1" 200 319
114.89.221.239 - - [28/Mar/2024:12:01:45 +0800] "GET /xingrg/images/blue/button/right_ah.jpg HTTP/1.1" 200 1744
114.89.221.239 - - [28/Mar/2024:12:01:45 +0800] "GET /xingrg/images/blue/button/down_ah.jpg HTTP/1.1" 200 1732
114.89.221.239 - - [28/Mar/2024:12:01:45 +0800] "GET /xingrg/javascript/jquery_ui/themes/humanity/images/ui-iconsnew.jpg HTTP/1.1" 200 337
114.89.221.239 - - [28/Mar/2024:12:01:45 +0800] "GET /xingrg/javascript/jquery_ui/themes/humanity/images/ui-bg_glass_70_ede4d4_1x400.png HTTP/1.1" 200 161
114.89.221.239 - - [28/Mar/2024:12:01:45 +0800] "GET /xingrg/javascript/jquery_ui/themes/humanity/images/ui-icons_ffffff_256x240.png HTTP/1.1" 200 4369
114.89.221.239 - - [28/Mar/2024:12:01:45 +0800] "GET /xingrg/javascript/jquery_ui/themes/humanity/images/ui-icons_c47a23_256x240.png HTTP/1.1" 200 5355
114.89.221.239 - - [28/Mar/2024:12:01:46 +0800] "GET /xingrg/images/yd/bt.gif HTTP/1.1" 404 1040
180.169.147.146 - - [28/Mar/2024:12:01:46 +0800] "GET /xingrg/all/function/internal_message.html?_=1711598506220&CODE_STATE=getMsg HTTP/1.1" 200 27
114.89.221.239 - - [28/Mar/2024:12:01:47 +0800] "GET /xingrg/kc/buy/cgsh_order_list.html HTTP/1.1" 200 58009
114.89.221.239 - - [28/Mar/2024:12:01:47 +0800] "GET /xingrg/css/base.css HTTP/1.1" 200 2811
114.89.221.239 - - [28/Mar/2024:12:01:47 +0800] "GET /xingrg/css/site.css HTTP/1.1" 200 7541
114.89.221.239 - - [28/Mar/2024:12:01:47 +0800] "GET /xingrg/javascript/jquery_tools/datebox.css HTTP/1.1" 200 2597
114.89.221.239 - - [28/Mar/2024:12:01:47 +0800] "GET /xingrg/javascript/easyui/themes/icon.css HTTP/1.1" 200 4483
114.89.221.239 - - [28/Mar/2024:12:01:47 +0800] "GET /xingrg/javascript/easyui/themes/default/easyui.css HTTP/1.1" 200 30432
114.89.221.239 - - [28/Mar/2024:12:01:47 +0800] "GET /xingrg/javascript/auto/jquery.autocomplete.css HTTP/1.1" 200 587
114.89.221.239 - - [28/Mar/2024:12:01:47 +0800] "GET /xingrg/javascript/jquery_tools/table.css HTTP/1.1" 200 1032
114.89.221.239 - - [28/Mar/2024:12:01:47 +0800] "GET /xingrg/javascript/jquery_tools/fix.css HTTP/1.1" 200 1702
114.89.221.239 - - [28/Mar/2024:12:01:47 +0800] "GET /xingrg/javascript/jquery_tools/jquery.tools.extend.js HTTP/1.1" 200 15385
114.89.221.239 - - [28/Mar/2024:12:01:47 +0800] "GET /xingrg/javascript/jquery_tools/jquery.tools.min.js HTTP/1.1" 200 138801
114.89.221.239 - - [28/Mar/2024:12:01:47 +0800] "GET /xingrg/javascript/jquery_tools/jquery.tools.hotkey.js HTTP/1.1" 200 3242
114.89.221.239 - - [28/Mar/2024:12:01:47 +0800] "GET /xingrg/javascript/jquery_tools/list_manager.js HTTP/1.1" 200 3652
114.89.221.239 - - [28/Mar/2024:12:01:47 +0800] "GET /xingrg/javascript/jquery_tools/jquery.tools.table.js HTTP/1.1" 200 6994
114.89.221.239 - - [28/Mar/2024:12:01:47 +0800] "GET /xingrg/javascript/auto/jquery.autocomplete.js HTTP/1.1" 200 21624
114.89.221.239 - - [28/Mar/2024:12:01:47 +0800] "GET /xingrg/javascript/jquery.cookie.js HTTP/1.1" 200 5513
114.89.221.239 - - [28/Mar/2024:12:01:47 +0800] "GET /xingrg/javascript/easyui/easyloader.js HTTP/1.1" 200 5975
114.89.221.239 - - [28/Mar/2024:12:01:47 +0800] "GET /xingrg/javascript/print/LodopFuncs.js HTTP/1.1" 200 5121
114.89.221.239 - - [28/Mar/2024:12:01:47 +0800] "GET /xingrg/javascript/easyui/themes/icons/import_new.png HTTP/1.1" 200 1247
114.89.221.239 - - [28/Mar/2024:12:01:47 +0800] "GET /xingrg/javascript/easyui/themes/icons/cance_new.png HTTP/1.1" 200 3986
114.89.221.239 - - [28/Mar/2024:12:01:47 +0800] "GET /xingrg/javascript/easyui/themes/icons/field_new.png HTTP/1.1" 200 1097
114.89.221.239 - - [28/Mar/2024:12:01:47 +0800] "GET /xingrg/javascript/easyui/themes/icons/check_new.png HTTP/1.1" 200 3224
114.89.221.239 - - [28/Mar/2024:12:01:47 +0800] "GET /xingrg/javascript/easyui/themes/icons/edit_add_new.png HTTP/1.1" 200 2997
114.89.221.239 - - [28/Mar/2024:12:01:47 +0800] "GET /xingrg/javascript/easyui/plugins/jquery.parser.js HTTP/1.1" 200 1142
114.89.221.239 - - [28/Mar/2024:12:01:47 +0800] "GET /xingrg/images/control/ajaxLoader.gif HTTP/1.1" 200 4659
101.83.144.49 - - [28/Mar/2024:12:01:49 +0800] "GET /xingrg/all/function/internal_message.html?_=1711598270261&CODE_STATE=getMsg HTTP/1.1" 200 27
180.164.1.25 - - [28/Mar/2024:12:01:50 +0800] "GET /xingrg/all/function/internal_message.html?_=1711598508898&CODE_STATE=getMsg HTTP/1.1" 200 27
114.85.113.46 - - [28/Mar/2024:12:01:50 +0800] "GET /xingrg/all/function/internal_message.html?_=1711598509480&CODE_STATE=getMsg HTTP/1.1" 200 27
116.224.254.208 - - [28/Mar/2024:12:01:51 +0800] "GET /xingrg/all/function/internal_message.html?_=1711598511056&CODE_STATE=getMsg HTTP/1.1" 200 27
114.89.221.239 - - [28/Mar/2024:12:01:55 +0800] "POST /xingrg/kc/buy/cgsh_list_operate.html HTTP/1.1" 200 1945
120.253.135.82 - - [28/Mar/2024:12:01:55 +0800] "GET /xingrg/check_reg.html?_=1711598357232 HTTP/1.1" 200 22
120.253.135.82 - - [28/Mar/2024:12:01:55 +0800] "GET /xingrg/all/function/internal_message.html?_=1711598357796&CODE_STATE=getMsg HTTP/1.1" 200 27
101.228.147.14 - - [28/Mar/2024:12:01:58 +0800] "GET /xingrg/all/function/internal_message.html?_=1711598518631&CODE_STATE=getMsg HTTP/1.1" 200 27
222.70.115.1 - - [28/Mar/2024:12:01:59 +0800] "GET /xingrg/kc/buy/cgsh_order_operate.html?command=get_materiel&rest_code=00156&code=00101006129&supplier_code=00100012&order_time=2024-03-28 HTTP/1.1" 200 439
116.237.78.87 - - [28/Mar/2024:12:02:01 +0800] "GET /xingrg/check_reg.html?_=1711598522270 HTTP/1.1" 200 22
116.237.78.87 - - [28/Mar/2024:12:02:01 +0800] "GET /xingrg/all/function/internal_message.html?_=1711598522272&CODE_STATE=getMsg HTTP/1.1" 200 27
116.232.194.112 - - [28/Mar/2024:12:02:04 +0800] "GET /xingrg/all/function/internal_message.html?_=1711598488851&CODE_STATE=getMsg HTTP/1.1" 200 27
116.232.194.112 - - [28/Mar/2024:12:02:07 +0800] "GET /xingrg/all/function/internal_message.html?_=1711598492335&CODE_STATE=getMsg HTTP/1.1" 200 27
114.89.221.239 - - [28/Mar/2024:12:02:11 +0800] "GET /xingrg/all/function/internal_message.html?_=1711598530351&CODE_STATE=getMsg HTTP/1.1" 200 27
222.70.115.1 - - [28/Mar/2024:12:02:16 +0800] "GET /xingrg/all/function/internal_message.html?_=1711598548787&CODE_STATE=getMsg HTTP/1.1" 200 27
124.78.60.103 - - [28/Mar/2024:12:02:18 +0800] "GET /xingrg/all/function/internal_message.html?_=1711598538426&CODE_STATE=getMsg HTTP/1.1" 200 27
124.78.60.103 - - [28/Mar/2024:12:02:18 +0800] "GET /xingrg/all/function/internal_message.html?_=1711598538132&CODE_STATE=getMsg HTTP/1.1" 200 27
101.83.144.49 - - [28/Mar/2024:12:02:19 +0800] "GET /xingrg/all/function/internal_message.html?_=1711598539842&CODE_STATE=getMsg HTTP/1.1" 200 27
116.232.194.112 - - [28/Mar/2024:12:02:23 +0800] "GET /xingrg/kc/buy/cgsh_order_operate.html?command=get_materiel&rest_code=00155&code=00101006335&supplier_code=00100558&order_time=2024-03-28 HTTP/1.1" 200 414
180.169.147.146 - - [28/Mar/2024:12:02:24 +0800] "GET /xingrg/all/function/internal_message.html?_=1711598536934&CODE_STATE=getMsg HTTP/1.1" 200 27
180.169.147.146 - - [28/Mar/2024:12:02:25 +0800] "GET /xingrg/check_reg.html?_=1711598537700 HTTP/1.1" 200 22
116.224.254.208 - - [28/Mar/2024:12:02:33 +0800] "GET /xingrg/all/function/internal_message.html?_=1711598553537&CODE_STATE=getMsg HTTP/1.1" 200 27
114.83.222.216 - - [28/Mar/2024:12:02:34 +0800] "GET /xingrg/all/function/internal_message.html?_=1711598553158&CODE_STATE=getMsg HTTP/1.1" 200 27
222.70.168.57 - - [28/Mar/2024:12:02:36 +0800] "GET /xingrg/all/function/internal_message.html?_=1711598570098&CODE_STATE=getMsg HTTP/1.1" 200 27
120.253.135.82 - - [28/Mar/2024:12:02:37 +0800] "GET /xingrg/all/function/internal_message.html?_=1711598732191&CODE_STATE=getMsg HTTP/1.1" 200 27
180.169.147.146 - - [28/Mar/2024:12:02:46 +0800] "GET /xingrg/all/function/internal_message.html?_=1711598566213&CODE_STATE=getMsg HTTP/1.1" 200 27
101.83.144.49 - - [28/Mar/2024:12:02:49 +0800] "GET /xingrg/all/function/internal_message.html?_=1711598330262&CODE_STATE=getMsg HTTP/1.1" 200 27
180.164.1.25 - - [28/Mar/2024:12:02:50 +0800] "GET /xingrg/all/function/internal_message.html?_=1711598568902&CODE_STATE=getMsg HTTP/1.1" 200 27
114.85.113.46 - - [28/Mar/2024:12:02:50 +0800] "GET /xingrg/all/function/internal_message.html?_=1711598569480&CODE_STATE=getMsg HTTP/1.1" 200 27
116.232.194.112 - - [28/Mar/2024:12:02:52 +0800] "GET /xingrg/kc/buy/cgsh_order_operate.html?command=get_materiel&rest_code=00155&code=00101006282&supplier_code=00100558&order_time=2024-03-28 HTTP/1.1" 200 418
120.253.135.82 - - [28/Mar/2024:12:02:55 +0800] "GET /xingrg/all/function/internal_message.html?_=1711598417809&CODE_STATE=getMsg HTTP/1.1" 200 27
101.228.147.14 - - [28/Mar/2024:12:02:58 +0800] "GET /xingrg/all/function/internal_message.html?_=1711598578632&CODE_STATE=getMsg HTTP/1.1" 200 27
116.237.78.87 - - [28/Mar/2024:12:03:01 +0800] "GET /xingrg/all/function/internal_message.html?_=1711598582271&CODE_STATE=getMsg HTTP/1.1" 200 27
222.70.183.82 - - [28/Mar/2024:12:03:03 +0800] "POST /xingrg/login.do HTTP/1.1" 302 -
222.70.183.82 - - [28/Mar/2024:12:03:03 +0800] "GET /xingrg/index.html?sysBaseUrl=http%3A%2F%2F180.169.147.146%3A18081%2Fxingrg%2F&costTime=808×tamp=1711598583207 HTTP/1.1" 200 17173
222.70.183.82 - - [28/Mar/2024:12:03:03 +0800] "GET /favicon.ico HTTP/1.1" 404 -
222.70.183.82 - - [28/Mar/2024:12:03:03 +0800] "GET /xingrg/all/function/internal_message.html?_=1711598581697&CODE_STATE=count HTTP/1.1" 200 11
222.70.183.82 - - [28/Mar/2024:12:03:03 +0800] "GET /xingrg/check_reg.html?_=1711598581698 HTTP/1.1" 200 22
222.70.183.82 - - [28/Mar/2024:12:03:03 +0800] "POST /xingrg/all/common/load_tree.html?tree=area_rest_tree_json&manage=1 HTTP/1.1" 200 342
222.70.183.82 - - [28/Mar/2024:12:03:03 +0800] "POST /xingrg/load_menu.html HTTP/1.1" 200 5138
116.232.194.112 - - [28/Mar/2024:12:03:04 +0800] "GET /xingrg/all/function/internal_message.html?_=1711598548848&CODE_STATE=getMsg HTTP/1.1" 200 27
116.232.194.112 - - [28/Mar/2024:12:03:07 +0800] "GET /xingrg/all/function/internal_message.html?_=1711598552310&CODE_STATE=getMsg HTTP/1.1" 200 27
116.232.194.112 - - [28/Mar/2024:12:03:08 +0800] "GET /xingrg/kc/buy/cgsh_order_operate.html?command=get_materiel&rest_code=00155&code=00101006334&supplier_code=00100558&order_time=2024-03-28 HTTP/1.1" 200 414
114.89.221.239 - - [28/Mar/2024:12:03:11 +0800] "GET /xingrg/all/function/internal_message.html?_=1711598590332&CODE_STATE=getMsg HTTP/1.1" 200 27
116.224.254.208 - - [28/Mar/2024:12:03:11 +0800] "GET /xingrg/all/function/internal_message.html?_=1711598573989&CODE_STATE=getMsg HTTP/1.1" 200 27
222.70.115.1 - - [28/Mar/2024:12:03:16 +0800] "GET /xingrg/all/function/internal_message.html?_=1711598608789&CODE_STATE=getMsg HTTP/1.1" 200 27
124.78.60.103 - - [28/Mar/2024:12:03:18 +0800] "GET /xingrg/all/function/internal_message.html?_=1711598598440&CODE_STATE=getMsg HTTP/1.1" 200 27
124.78.60.103 - - [28/Mar/2024:12:03:18 +0800] "GET /xingrg/check_reg.html?_=1711598598441 HTTP/1.1" 200 22
124.78.60.103 - - [28/Mar/2024:12:03:18 +0800] "GET /xingrg/all/function/internal_message.html?_=1711598598108&CODE_STATE=getMsg HTTP/1.1" 200 27
101.83.144.49 - - [28/Mar/2024:12:03:19 +0800] "GET /xingrg/all/function/internal_message.html?_=1711598599819&CODE_STATE=getMsg HTTP/1.1" 200 27
101.83.144.49 - - [28/Mar/2024:12:03:23 +0800] "GET /xingrg/check_reg.html?_=1711598604049 HTTP/1.1" 200 22
180.169.147.146 - - [28/Mar/2024:12:03:24 +0800] "GET /xingrg/all/function/internal_message.html?_=1711598596906&CODE_STATE=getMsg HTTP/1.1" 200 27
222.70.115.1 - - [28/Mar/2024:12:03:25 +0800] "GET /xingrg/kc/buy/cgsh_order_operate.html?command=get_materiel&rest_code=00156&code=00101006194&supplier_code=00100012&order_time=2024-03-28 HTTP/1.1" 200 413
114.85.113.46 - - [28/Mar/2024:12:03:26 +0800] "GET /xingrg/check_reg.html?_=1711598605211 HTTP/1.1" 200 22
116.224.254.208 - - [28/Mar/2024:12:03:33 +0800] "GET /xingrg/all/function/internal_message.html?_=1711598613507&CODE_STATE=getMsg HTTP/1.1" 200 27
114.83.222.216 - - [28/Mar/2024:12:03:34 +0800] "GET /xingrg/all/function/internal_message.html?_=1711598613143&CODE_STATE=getMsg HTTP/1.1" 200 27
222.70.168.57 - - [28/Mar/2024:12:03:36 +0800] "GET /xingrg/all/function/internal_message.html?_=1711598630114&CODE_STATE=getMsg HTTP/1.1" 200 27
116.232.194.112 - - [28/Mar/2024:12:03:36 +0800] "GET /xingrg/kc/buy/cgsh_order_operate.html?command=get_materiel&rest_code=00155&code=00101010881&supplier_code=00100558&order_time=2024-03-28 HTTP/1.1" 200 417
120.253.135.82 - - [28/Mar/2024:12:03:37 +0800] "GET /xingrg/all/function/internal_message.html?_=1711598792195&CODE_STATE=getMsg HTTP/1.1" 200 27
222.70.115.1 - - [28/Mar/2024:12:03:42 +0800] "GET /xingrg/kc/buy/cgsh_order_operate.html?command=get_materiel&rest_code=00156&code=00101006130&supplier_code=00100012&order_time=2024-03-28 HTTP/1.1" 200 435
180.169.147.146 - - [28/Mar/2024:12:03:46 +0800] "GET /xingrg/check_reg.html?_=1711598626208 HTTP/1.1" 200 22
180.169.147.146 - - [28/Mar/2024:12:03:46 +0800] "GET /xingrg/all/function/internal_message.html?_=1711598626211&CODE_STATE=getMsg HTTP/1.1" 200 27
101.83.144.49 - - [28/Mar/2024:12:03:49 +0800] "GET /xingrg/all/function/internal_message.html?_=1711598390262&CODE_STATE=getMsg HTTP/1.1" 200 27
180.164.1.25 - - [28/Mar/2024:12:03:50 +0800] "GET /xingrg/all/function/internal_message.html?_=1711598628892&CODE_STATE=getMsg HTTP/1.1" 200 27
116.232.194.112 - - [28/Mar/2024:12:03:50 +0800] "GET /xingrg/kc/buy/cgsh_order_operate.html?command=get_materiel&rest_code=00155&code=00101012117&supplier_code=00100558&order_time=2024-03-28 HTTP/1.1" 200 414
114.85.113.46 - - [28/Mar/2024:12:03:50 +0800] "GET /xingrg/all/function/internal_message.html?_=1711598629488&CODE_STATE=getMsg HTTP/1.1" 200 27
180.171.58.249 - - [28/Mar/2024:12:03:51 +0800] "GET /xingrg/check_reg.html?_=1711598636859 HTTP/1.1" 302 -
222.70.115.1 - - [28/Mar/2024:12:03:51 +0800] "GET /xingrg/javascript/auto/indicator.gif HTTP/1.1" 404 1066
120.253.135.82 - - [28/Mar/2024:12:03:55 +0800] "GET /xingrg/all/function/internal_message.html?_=1711598477824&CODE_STATE=getMsg HTTP/1.1" 200 27
116.224.254.208 - - [28/Mar/2024:12:03:56 +0800] "GET /xingrg/all/function/internal_message.html?_=1711598636079&CODE_STATE=getMsg HTTP/1.1" 200 27
222.70.115.1 - - [28/Mar/2024:12:03:57 +0800] "GET /xingrg/kc/buy/cgsh_order_operate.html?command=get_materiel&rest_code=00156&code=00101012032&supplier_code=00100012&order_time=2024-03-28 HTTP/1.1" 200 416
101.228.147.14 - - [28/Mar/2024:12:03:58 +0800] "GET /xingrg/all/function/internal_message.html?_=1711598638631&CODE_STATE=getMsg HTTP/1.1" 200 27
116.237.78.87 - - [28/Mar/2024:12:04:01 +0800] "GET /xingrg/all/function/internal_message.html?_=1711598642271&CODE_STATE=getMsg HTTP/1.1" 200 27
222.70.183.82 - - [28/Mar/2024:12:04:03 +0800] "GET /xingrg/all/function/internal_message.html?_=1711598641717&CODE_STATE=getMsg HTTP/1.1" 200 27
222.70.115.1 - - [28/Mar/2024:12:04:04 +0800] "GET /xingrg/kc/buy/cgsh_order_operate.html?command=get_materiel&rest_code=00156&code=00101009044&supplier_code=00100012&order_time=2024-03-28 HTTP/1.1" 200 412
116.232.194.112 - - [28/Mar/2024:12:04:04 +0800] "GET /xingrg/all/function/internal_message.html?_=1711598608867&CODE_STATE=getMsg HTTP/1.1" 200 27
116.232.194.112 - - [28/Mar/2024:12:04:04 +0800] "GET /xingrg/check_reg.html?_=1711598609150 HTTP/1.1" 200 22
116.232.194.112 - - [28/Mar/2024:12:04:06 +0800] "GET /xingrg/check_reg.html?_=1711598611093 HTTP/1.1" 200 22
116.232.194.112 - - [28/Mar/2024:12:04:07 +0800] "GET /xingrg/kc/buy/cgsh_order_operate.html?command=get_materiel&rest_code=00155&code=00102026001&supplier_code=00100558&order_time=2024-03-28 HTTP/1.1" 200 409
116.232.194.112 - - [28/Mar/2024:12:04:07 +0800] "GET /xingrg/all/function/internal_message.html?_=1711598612293&CODE_STATE=getMsg HTTP/1.1" 200 27
114.89.221.239 - - [28/Mar/2024:12:04:11 +0800] "GET /xingrg/all/function/internal_message.html?_=1711598650357&CODE_STATE=getMsg HTTP/1.1" 200 27
222.70.115.1 - - [28/Mar/2024:12:04:16 +0800] "GET /xingrg/all/function/internal_message.html?_=1711598668795&CODE_STATE=getMsg HTTP/1.1" 200 27
124.78.60.103 - - [28/Mar/2024:12:04:18 +0800] "GET /xingrg/all/function/internal_message.html?_=1711598658439&CODE_STATE=getMsg HTTP/1.1" 200 27
124.78.60.103 - - [28/Mar/2024:12:04:18 +0800] "GET /xingrg/all/function/internal_message.html?_=1711598658095&CODE_STATE=getMsg HTTP/1.1" 200 27
101.83.144.49 - - [28/Mar/2024:12:04:19 +0800] "GET /xingrg/all/function/internal_message.html?_=1711598659790&CODE_STATE=getMsg HTTP/1.1" 200 27
180.169.147.146 - - [28/Mar/2024:12:04:24 +0800] "GET /xingrg/all/function/internal_message.html?_=1711598656890&CODE_STATE=getMsg HTTP/1.1" 200 27
222.70.115.1 - - [28/Mar/2024:12:04:26 +0800] "GET /xingrg/kc/buy/cgsh_order_operate.html?command=get_materiel&rest_code=00156&code=00101009004&supplier_code=00100012&order_time=2024-03-28 HTTP/1.1" 200 409
116.224.254.208 - - [28/Mar/2024:12:04:33 +0800] "GET /xingrg/all/function/internal_message.html?_=1711598673507&CODE_STATE=getMsg HTTP/1.1" 200 27
124.78.60.103 - - [28/Mar/2024:12:04:33 +0800] "GET /xingrg/check_reg.html?_=1711598673860 HTTP/1.1" 200 22
114.83.222.216 - - [28/Mar/2024:12:04:34 +0800] "GET /xingrg/all/function/internal_message.html?_=1711598673129&CODE_STATE=getMsg HTTP/1.1" 200 27
180.164.1.25 - - [28/Mar/2024:12:04:36 +0800] "GET /favicon.ico HTTP/1.1" 404 -
222.70.168.57 - - [28/Mar/2024:12:04:37 +0800] "GET /xingrg/all/function/internal_message.html?_=1711598691538&CODE_STATE=getMsg HTTP/1.1" 200 27
120.253.135.82 - - [28/Mar/2024:12:04:37 +0800] "GET /xingrg/all/function/internal_message.html?_=1711598852195&CODE_STATE=getMsg HTTP/1.1" 200 27
120.253.135.82 - - [28/Mar/2024:12:04:37 +0800] "GET /xingrg/check_reg.html?_=1711598852200 HTTP/1.1" 200 22
222.70.168.57 - - [28/Mar/2024:12:04:41 +0800] "POST /xingrg/services/DataTransmitService HTTP/1.1" 200 524
222.70.168.57 - - [28/Mar/2024:12:04:43 +0800] "POST /xingrg/services/DataTransmitService HTTP/1.1" 200 501
