120.253.135.82 - - [28/Mar/2024:10:25:09 +0800] "POST /xingrg/all/common/load_tree.html?tree=supplier_tree_json&manage=1 HTTP/1.1" 200 81444
120.253.135.82 - - [28/Mar/2024:10:25:13 +0800] "GET /xingrg/kc/report/report_main.html HTTP/1.1" 200 8599
120.253.135.82 - - [28/Mar/2024:10:25:13 +0800] "GET /xingrg/javascript/jquery_ui/themes/humanity/humanity.css HTTP/1.1" 200 27801
120.253.135.82 - - [28/Mar/2024:10:25:13 +0800] "GET /xingrg/javascript/json2.js HTTP/1.1" 200 11259
120.253.135.82 - - [28/Mar/2024:10:25:13 +0800] "GET /xingrg/javascript/jquery_easy_ui/themes/icons/back_new.png HTTP/1.1" 200 3414
124.78.60.103 - - [28/Mar/2024:10:25:16 +0800] "GET /xingrg/all/function/internal_message.html?_=1711592716811&CODE_STATE=getMsg HTTP/1.1" 200 27
114.83.222.216 - - [28/Mar/2024:10:25:17 +0800] "GET /xingrg/kc/buy/cgsh_order_operate.html?command=get_materiel&rest_code=00149&code=00101001115&supplier_code=00100089&order_time=2024-03-27 HTTP/1.1" 200 415
120.253.135.82 - - [28/Mar/2024:10:25:21 +0800] "GET /xingrg/all/report/report_query.html?fileName=kc/buy/wlcg_cate_hz_rest.xml&autoQuery=1 HTTP/1.1" 200 53789
120.253.135.82 - - [28/Mar/2024:10:25:21 +0800] "GET /xingrg/dwr/interface/AjaxReportQueryService.js HTTP/1.1" 200 13203
101.83.144.49 - - [28/Mar/2024:10:25:22 +0800] "GET /xingrg/all/function/internal_message.html?_=1711592722087&CODE_STATE=getMsg HTTP/1.1" 200 27
120.253.135.82 - - [28/Mar/2024:10:25:26 +0800] "POST /xingrg/all/common/load_tree.html?tree=area_rest_tree_json&manage=1 HTTP/1.1" 200 3624
120.253.135.82 - - [28/Mar/2024:10:25:27 +0800] "POST /xingrg/all/common/load_tree.html?tree=materiel_sort_tree_json HTTP/1.1" 200 9734
120.253.135.82 - - [28/Mar/2024:10:25:27 +0800] "POST /xingrg/all/common/load_tree.html?tree=supplier_tree_json&manage=1 HTTP/1.1" 200 81444
120.253.135.82 - - [28/Mar/2024:10:25:33 +0800] "GET /xingrg/all/function/internal_message.html?_=1711592733300&CODE_STATE=getMsg HTTP/1.1" 200 27
114.83.222.216 - - [28/Mar/2024:10:25:34 +0800] "GET /xingrg/check_reg.html?_=1711592733274 HTTP/1.1" 200 22
114.83.222.216 - - [28/Mar/2024:10:25:34 +0800] "GET /xingrg/all/function/internal_message.html?_=1711592733278&CODE_STATE=getMsg HTTP/1.1" 200 27
116.224.254.208 - - [28/Mar/2024:10:25:35 +0800] "GET /xingrg/all/function/internal_message.html?_=1711592735138&CODE_STATE=getMsg HTTP/1.1" 200 27
114.83.222.216 - - [28/Mar/2024:10:25:35 +0800] "POST /xingrg/kc/buy/cgsh_order_operate.html HTTP/1.1" 200 37
116.237.78.87 - - [28/Mar/2024:10:25:38 +0800] "GET /xingrg/all/function/internal_message.html?_=1711592739740&CODE_STATE=getMsg HTTP/1.1" 200 27
120.253.135.82 - - [28/Mar/2024:10:25:40 +0800] "POST /xingrg/all/report/load_report_page.html HTTP/1.1" 200 10917
120.253.135.82 - - [28/Mar/2024:10:25:40 +0800] "GET /xingrg/servlets/image?cache=0.3845327155197521&image=px HTTP/1.1" 200 807
120.253.135.82 - - [28/Mar/2024:10:25:40 +0800] "GET /xingrg/all/function/internal_message.html?_=1711592582998&CODE_STATE=getMsg HTTP/1.1" 200 27
114.83.222.216 - - [28/Mar/2024:10:25:43 +0800] "POST /xingrg/kc/buy/cgsh_order_operate.html HTTP/1.1" 200 12
120.253.135.82 - - [28/Mar/2024:10:25:44 +0800] "GET /xingrg/javascript/jquery_easy_ui/themes/default/images/tabs_active.png HTTP/1.1" 200 2894
101.83.144.49 - - [28/Mar/2024:10:25:48 +0800] "GET /xingrg/all/function/internal_message.html?_=1711592510140&CODE_STATE=getMsg HTTP/1.1" 200 27
101.83.144.49 - - [28/Mar/2024:10:25:48 +0800] "GET /xingrg/check_reg.html?_=1711592510144 HTTP/1.1" 200 22
180.164.1.25 - - [28/Mar/2024:10:25:50 +0800] "GET /xingrg/check_reg.html?_=1711592748907 HTTP/1.1" 200 22
180.164.1.25 - - [28/Mar/2024:10:25:50 +0800] "GET /xingrg/all/function/internal_message.html?_=1711592748908&CODE_STATE=getMsg HTTP/1.1" 200 27
114.85.113.46 - - [28/Mar/2024:10:25:50 +0800] "GET /xingrg/all/function/internal_message.html?_=1711592749300&CODE_STATE=getMsg HTTP/1.1" 200 27
116.237.78.87 - - [28/Mar/2024:10:25:51 +0800] "GET /xingrg/kc/buy/buy_main.html HTTP/1.1" 200 12412
114.83.222.216 - - [28/Mar/2024:10:25:51 +0800] "GET /xingrg/kc/buy/cgsh_order_info.html?code=212024032808221 HTTP/1.1" 200 68779
116.237.78.87 - - [28/Mar/2024:10:25:51 +0800] "GET /xingrg/css/new_ie.css HTTP/1.1" 404 1036
114.83.222.216 - - [28/Mar/2024:10:25:52 +0800] "GET /xingrg/javascript/easyui/themes/default/validatebox.css HTTP/1.1" 404 1104
114.83.222.216 - - [28/Mar/2024:10:25:53 +0800] "POST /xingrg/kc/buy/cgsh_order_operate.html HTTP/1.1" 200 610
116.237.78.87 - - [28/Mar/2024:10:25:53 +0800] "GET /xingrg/kc/buy/cgsh_order_list.html HTTP/1.1" 200 58005
180.169.147.146 - - [28/Mar/2024:10:25:54 +0800] "GET /xingrg/all/function/internal_message.html?_=1711592754762&CODE_STATE=getMsg HTTP/1.1" 200 27
116.224.254.208 - - [28/Mar/2024:10:25:56 +0800] "GET /xingrg/check_reg.html?_=1711592756276 HTTP/1.1" 200 22
116.224.254.208 - - [28/Mar/2024:10:25:56 +0800] "GET /xingrg/all/function/internal_message.html?_=1711592756279&CODE_STATE=getMsg HTTP/1.1" 200 27
114.83.222.216 - - [28/Mar/2024:10:25:56 +0800] "GET /xingrg/kc/print/load_data.html?order_code=212024032808221&kc_code=cgsh&condition= HTTP/1.1" 200 784
116.237.78.87 - - [28/Mar/2024:10:25:58 +0800] "POST /xingrg/kc/buy/cgsh_list_operate.html HTTP/1.1" 200 1378
222.70.115.1 - - [28/Mar/2024:10:25:58 +0800] "GET /xingrg/all/function/internal_message.html?_=1711592770860&CODE_STATE=getMsg HTTP/1.1" 200 27
116.237.78.87 - - [28/Mar/2024:10:25:59 +0800] "GET /xingrg/kc/base/base_main.html HTTP/1.1" 200 12142
114.83.222.216 - - [28/Mar/2024:10:26:01 +0800] "GET /xingrg/kc/buy/cgsh_order_add.html HTTP/1.1" 200 73874
114.83.222.216 - - [28/Mar/2024:10:26:01 +0800] "POST /xingrg/kc/buy/cgsh_order_operate.html HTTP/1.1" 200 8245
114.83.222.216 - - [28/Mar/2024:10:26:01 +0800] "GET /xingrg/javascript/easyui/themes/default/validatebox.css HTTP/1.1" 404 1104
116.237.78.87 - - [28/Mar/2024:10:26:02 +0800] "GET /xingrg/kc/base/wldb_order_list.html HTTP/1.1" 200 19051
116.237.78.87 - - [28/Mar/2024:10:26:02 +0800] "GET /xingrg/all/function/internal_message.html?_=1711592763130&CODE_STATE=getMsg HTTP/1.1" 200 27
120.253.135.82 - - [28/Mar/2024:10:26:02 +0800] "GET /xingrg/javascript/jquery_easy_ui/themes/default/images/button_plain_hover.png HTTP/1.1" 200 252
116.237.78.87 - - [28/Mar/2024:10:26:02 +0800] "POST /xingrg/kc/base/wldb_list_operate.html HTTP/1.1" 200 928
116.232.194.112 - - [28/Mar/2024:10:26:04 +0800] "GET /xingrg/all/function/internal_message.html?_=1711592728863&CODE_STATE=getMsg HTTP/1.1" 200 27
180.169.147.146 - - [28/Mar/2024:10:26:07 +0800] "GET /xingrg/check_reg.html?_=1711592767496 HTTP/1.1" 200 22
180.169.147.146 - - [28/Mar/2024:10:26:07 +0800] "GET /xingrg/all/function/internal_message.html?_=1711592767498&CODE_STATE=getMsg HTTP/1.1" 200 27
222.70.168.57 - - [28/Mar/2024:10:26:08 +0800] "GET /xingrg/all/function/internal_message.html?_=1711592782027&CODE_STATE=getMsg HTTP/1.1" 200 27
114.83.222.216 - - [28/Mar/2024:10:26:11 +0800] "GET /xingrg/kc/buy/cgsh_order_operate.html?command=get_materiel&rest_code=00149&code=00101004088&supplier_code=00100312&order_time=2024-03-27 HTTP/1.1" 200 410
120.253.135.82 - - [28/Mar/2024:10:26:13 +0800] "GET /xingrg/javascript/jquery_easy_ui/themes/default/images/tree_checkbox_0.gif HTTP/1.1" 200 168
120.253.135.82 - - [28/Mar/2024:10:26:13 +0800] "GET /xingrg/javascript/jquery_easy_ui/themes/icons/manage.png HTTP/1.1" 200 696
120.253.135.82 - - [28/Mar/2024:10:26:13 +0800] "GET /xingrg/javascript/jquery_easy_ui/themes/icons/rest.png HTTP/1.1" 200 695
120.253.135.82 - - [28/Mar/2024:10:26:13 +0800] "GET /xingrg/javascript/jquery_easy_ui/themes/icons/area.png HTTP/1.1" 200 262
120.253.135.82 - - [28/Mar/2024:10:26:15 +0800] "GET /xingrg/javascript/jquery_easy_ui/themes/default/images/tree_checkbox_2.gif HTTP/1.1" 200 181
120.253.135.82 - - [28/Mar/2024:10:26:15 +0800] "GET /xingrg/javascript/jquery_easy_ui/themes/default/images/tree_checkbox_1.gif HTTP/1.1" 200 174
124.78.60.103 - - [28/Mar/2024:10:26:16 +0800] "GET /xingrg/all/function/internal_message.html?_=1711592776793&CODE_STATE=getMsg HTTP/1.1" 200 27
116.237.78.87 - - [28/Mar/2024:10:26:20 +0800] "GET /xingrg/kc/buy/buy_main.html HTTP/1.1" 200 12412
116.237.78.87 - - [28/Mar/2024:10:26:20 +0800] "GET /xingrg/css/new_ie.css HTTP/1.1" 404 1036
116.237.78.87 - - [28/Mar/2024:10:26:21 +0800] "GET /xingrg/images/yd/bt.gif HTTP/1.1" 404 1040
101.83.144.49 - - [28/Mar/2024:10:26:22 +0800] "GET /xingrg/all/function/internal_message.html?_=1711592782064&CODE_STATE=getMsg HTTP/1.1" 200 27
116.237.78.87 - - [28/Mar/2024:10:26:23 +0800] "GET /xingrg/kc/buy/cgsh_order_list.html HTTP/1.1" 200 58005
114.83.222.216 - - [28/Mar/2024:10:26:24 +0800] "GET /xingrg/kc/buy/cgsh_order_operate.html?command=get_materiel&rest_code=00149&code=00101005022&supplier_code=00100312&order_time=2024-03-27 HTTP/1.1" 200 417
116.237.78.87 - - [28/Mar/2024:10:26:27 +0800] "POST /xingrg/kc/buy/cgsh_list_operate.html HTTP/1.1" 200 1378
116.237.78.87 - - [28/Mar/2024:10:26:30 +0800] "GET /xingrg/kc/buy/buy_main.html HTTP/1.1" 200 12412
116.237.78.87 - - [28/Mar/2024:10:26:30 +0800] "GET /xingrg/css/new_ie.css HTTP/1.1" 404 1036
116.237.78.87 - - [28/Mar/2024:10:26:31 +0800] "GET /xingrg/images/yd/bt.gif HTTP/1.1" 404 1040
116.232.194.112 - - [28/Mar/2024:10:26:32 +0800] "GET /favicon.ico HTTP/1.1" 404 -
120.253.135.82 - - [28/Mar/2024:10:26:33 +0800] "GET /xingrg/all/function/internal_message.html?_=1711592793287&CODE_STATE=getMsg HTTP/1.1" 200 27
116.237.78.87 - - [28/Mar/2024:10:26:34 +0800] "GET /xingrg/kc/buy/cgsh_order_list.html HTTP/1.1" 200 58005
114.83.222.216 - - [28/Mar/2024:10:26:34 +0800] "GET /xingrg/all/function/internal_message.html?_=1711592793273&CODE_STATE=getMsg HTTP/1.1" 200 27
116.224.254.208 - - [28/Mar/2024:10:26:35 +0800] "GET /xingrg/all/function/internal_message.html?_=1711592795124&CODE_STATE=getMsg HTTP/1.1" 200 27
116.224.254.208 - - [28/Mar/2024:10:26:36 +0800] "GET /xingrg/check_reg.html?_=1711592796074 HTTP/1.1" 200 22
114.83.222.216 - - [28/Mar/2024:10:26:37 +0800] "GET /xingrg/kc/buy/cgsh_order_operate.html?command=get_materiel&rest_code=00149&code=00101001029&supplier_code=00100312&order_time=2024-03-27 HTTP/1.1" 200 417
116.237.78.87 - - [28/Mar/2024:10:26:38 +0800] "POST /xingrg/kc/buy/cgsh_list_operate.html HTTP/1.1" 200 1378
120.253.135.82 - - [28/Mar/2024:10:26:38 +0800] "POST /xingrg/all/report/load_report_page.html HTTP/1.1" 200 127380
120.253.135.82 - - [28/Mar/2024:10:26:38 +0800] "GET /xingrg/images/blue/button/back2.gif HTTP/1.1" 200 1339
120.253.135.82 - - [28/Mar/2024:10:26:38 +0800] "GET /xingrg/images/blue/button/back.gif HTTP/1.1" 200 1352
120.253.135.82 - - [28/Mar/2024:10:26:38 +0800] "GET /xingrg/servlets/image?cache=0.49780991926254825&image=px HTTP/1.1" 200 807
116.237.78.87 - - [28/Mar/2024:10:26:38 +0800] "GET /xingrg/all/function/internal_message.html?_=1711592799754&CODE_STATE=getMsg HTTP/1.1" 200 27
120.253.135.82 - - [28/Mar/2024:10:26:41 +0800] "GET /xingrg/all/function/internal_message.html?_=1711592643087&CODE_STATE=getMsg HTTP/1.1" 200 27
101.83.144.49 - - [28/Mar/2024:10:26:48 +0800] "GET /xingrg/all/function/internal_message.html?_=1711592570132&CODE_STATE=getMsg HTTP/1.1" 200 27
180.164.1.25 - - [28/Mar/2024:10:26:50 +0800] "GET /xingrg/all/function/internal_message.html?_=1711592808895&CODE_STATE=getMsg HTTP/1.1" 200 27
114.85.113.46 - - [28/Mar/2024:10:26:50 +0800] "GET /xingrg/all/function/internal_message.html?_=1711592809290&CODE_STATE=getMsg HTTP/1.1" 200 27
116.237.78.87 - - [28/Mar/2024:10:26:50 +0800] "GET /xingrg/kc/base/base_main.html HTTP/1.1" 200 12142
120.253.135.82 - - [28/Mar/2024:10:26:50 +0800] "GET null null" 400 -
180.169.147.146 - - [28/Mar/2024:10:26:54 +0800] "GET /xingrg/all/function/internal_message.html?_=1711592814772&CODE_STATE=getMsg HTTP/1.1" 200 27
116.224.254.208 - - [28/Mar/2024:10:26:56 +0800] "GET /xingrg/all/function/internal_message.html?_=1711592816279&CODE_STATE=getMsg HTTP/1.1" 200 27
114.83.222.216 - - [28/Mar/2024:10:26:57 +0800] "POST /xingrg/kc/buy/cgsh_order_operate.html HTTP/1.1" 200 37
222.70.115.1 - - [28/Mar/2024:10:26:58 +0800] "GET /xingrg/check_reg.html?_=1711592830850 HTTP/1.1" 200 22
222.70.115.1 - - [28/Mar/2024:10:26:58 +0800] "GET /xingrg/all/function/internal_message.html?_=1711592830858&CODE_STATE=getMsg HTTP/1.1" 200 27
116.237.78.87 - - [28/Mar/2024:10:27:02 +0800] "GET /xingrg/all/function/internal_message.html?_=1711592823119&CODE_STATE=getMsg HTTP/1.1" 200 27
116.232.194.112 - - [28/Mar/2024:10:27:04 +0800] "GET /xingrg/all/function/internal_message.html?_=1711592788859&CODE_STATE=getMsg HTTP/1.1" 200 27
114.83.222.216 - - [28/Mar/2024:10:27:04 +0800] "POST /xingrg/kc/buy/cgsh_order_operate.html HTTP/1.1" 200 12
124.78.60.103 - - [28/Mar/2024:10:27:05 +0800] "GET /xingrg/javascript/easyui/themes/default/validatebox.css HTTP/1.1" 404 1104
124.78.60.103 - - [28/Mar/2024:10:27:05 +0800] "POST /xingrg/kc/buy/cgsh_order_operate.html HTTP/1.1" 200 8245
180.169.147.146 - - [28/Mar/2024:10:27:07 +0800] "GET /xingrg/all/function/internal_message.html?_=1711592827497&CODE_STATE=getMsg HTTP/1.1" 200 27
222.70.168.57 - - [28/Mar/2024:10:27:08 +0800] "GET /xingrg/all/function/internal_message.html?_=1711592842056&CODE_STATE=getMsg HTTP/1.1" 200 27
114.83.222.216 - - [28/Mar/2024:10:27:11 +0800] "GET /xingrg/kc/buy/cgsh_order_info.html?code=212024032808222 HTTP/1.1" 200 68781
114.83.222.216 - - [28/Mar/2024:10:27:11 +0800] "GET /xingrg/javascript/easyui/themes/default/validatebox.css HTTP/1.1" 404 1104
114.83.222.216 - - [28/Mar/2024:10:27:12 +0800] "POST /xingrg/kc/buy/cgsh_order_operate.html HTTP/1.1" 200 1205
120.253.135.82 - - [28/Mar/2024:10:27:13 +0800] "GET null null" 400 -
120.253.135.82 - - [28/Mar/2024:10:27:13 +0800] "GET null null" 400 -
120.253.135.82 - - [28/Mar/2024:10:27:13 +0800] "GET null null" 400 -
114.83.222.216 - - [28/Mar/2024:10:27:14 +0800] "GET /xingrg/kc/print/load_data.html?order_code=212024032808222&kc_code=cgsh&condition= HTTP/1.1" 200 937
124.78.60.103 - - [28/Mar/2024:10:27:16 +0800] "GET /xingrg/all/function/internal_message.html?_=1711592836777&CODE_STATE=getMsg HTTP/1.1" 200 27
114.83.222.216 - - [28/Mar/2024:10:27:19 +0800] "GET /xingrg/kc/buy/cgsh_order_add.html HTTP/1.1" 200 73874
114.83.222.216 - - [28/Mar/2024:10:27:19 +0800] "POST /xingrg/kc/buy/cgsh_order_operate.html HTTP/1.1" 200 8245
114.83.222.216 - - [28/Mar/2024:10:27:19 +0800] "GET /xingrg/javascript/easyui/themes/default/validatebox.css HTTP/1.1" 404 1104
101.83.144.49 - - [28/Mar/2024:10:27:21 +0800] "GET /xingrg/all/function/internal_message.html?_=1711592842035&CODE_STATE=getMsg HTTP/1.1" 200 27
116.237.78.87 - - [28/Mar/2024:10:27:24 +0800] "GET /xingrg/kc/base/wldb_order_list.html HTTP/1.1" 200 19051
116.237.78.87 - - [28/Mar/2024:10:27:25 +0800] "POST /xingrg/kc/base/wldb_list_operate.html HTTP/1.1" 200 928
116.237.78.87 - - [28/Mar/2024:10:27:28 +0800] "GET /xingrg/kc/base/wldb_order_add.html HTTP/1.1" 200 30382
114.83.222.216 - - [28/Mar/2024:10:27:28 +0800] "GET /xingrg/kc/buy/cgsh_order_operate.html?command=get_materiel&rest_code=00149&code=00102002167&supplier_code=00100337&order_time=2024-03-28 HTTP/1.1" 200 409
116.237.78.87 - - [28/Mar/2024:10:27:28 +0800] "POST /xingrg/kc/base/wldb_order_operate.html HTTP/1.1" 200 6806
116.237.78.87 - - [28/Mar/2024:10:27:28 +0800] "GET /xingrg/javascript/easyui/themes/default/validatebox.css HTTP/1.1" 404 1104
116.237.78.87 - - [28/Mar/2024:10:27:29 +0800] "POST /xingrg/all/common/load_combo.html?type=base HTTP/1.1" 200 3227
120.253.135.82 - - [28/Mar/2024:10:27:33 +0800] "GET /xingrg/all/function/internal_message.html?_=1711592853297&CODE_STATE=getMsg HTTP/1.1" 200 27
116.237.78.87 - - [28/Mar/2024:10:27:33 +0800] "POST /xingrg/all/common/load_combo.html?type=base HTTP/1.1" 200 3227
114.83.222.216 - - [28/Mar/2024:10:27:34 +0800] "GET /xingrg/all/function/internal_message.html?_=1711592853277&CODE_STATE=getMsg HTTP/1.1" 200 27
116.224.254.208 - - [28/Mar/2024:10:27:35 +0800] "GET /xingrg/all/function/internal_message.html?_=1711592855108&CODE_STATE=getMsg HTTP/1.1" 200 27
116.237.78.87 - - [28/Mar/2024:10:27:38 +0800] "GET /xingrg/all/function/internal_message.html?_=1711592859752&CODE_STATE=getMsg HTTP/1.1" 200 27
120.253.135.82 - - [28/Mar/2024:10:27:41 +0800] "GET /xingrg/all/function/internal_message.html?_=1711592703087&CODE_STATE=getMsg HTTP/1.1" 200 27
120.253.135.82 - - [28/Mar/2024:10:27:45 +0800] "GET null null" 400 -
120.253.135.82 - - [28/Mar/2024:10:27:45 +0800] "GET null null" 400 -
120.253.135.82 - - [28/Mar/2024:10:27:45 +0800] "GET null null" 400 -
116.237.78.87 - - [28/Mar/2024:10:27:46 +0800] "GET /xingrg/javascript/auto/indicator.gif HTTP/1.1" 404 1066
114.83.222.216 - - [28/Mar/2024:10:27:47 +0800] "GET /xingrg/kc/buy/cgsh_order_operate.html?command=get_materiel&rest_code=00149&code=00101019844&supplier_code=00100337&order_time=2024-03-28 HTTP/1.1" 200 414
101.83.144.49 - - [28/Mar/2024:10:27:48 +0800] "GET /xingrg/all/function/internal_message.html?_=1711592630128&CODE_STATE=getMsg HTTP/1.1" 200 27
180.164.1.25 - - [28/Mar/2024:10:27:50 +0800] "GET /xingrg/all/function/internal_message.html?_=1711592868910&CODE_STATE=getMsg HTTP/1.1" 200 27
114.85.113.46 - - [28/Mar/2024:10:27:50 +0800] "GET /xingrg/all/function/internal_message.html?_=1711592869294&CODE_STATE=getMsg HTTP/1.1" 200 27
116.237.78.87 - - [28/Mar/2024:10:27:53 +0800] "GET /xingrg/kc/base/wldb_order_operate.html?command=get_materiel&rest_code=00106&base_code=0010396&code=00101019133 HTTP/1.1" 200 479
180.169.147.146 - - [28/Mar/2024:10:27:54 +0800] "GET /xingrg/all/function/internal_message.html?_=1711592874775&CODE_STATE=getMsg HTTP/1.1" 200 27
116.224.254.208 - - [28/Mar/2024:10:27:56 +0800] "GET /xingrg/all/function/internal_message.html?_=1711592876280&CODE_STATE=getMsg HTTP/1.1" 200 27
116.237.78.87 - - [28/Mar/2024:10:27:56 +0800] "GET /xingrg/check_reg.html?_=1711592877549 HTTP/1.1" 200 22
222.70.115.1 - - [28/Mar/2024:10:27:58 +0800] "GET /xingrg/all/function/internal_message.html?_=1711592890859&CODE_STATE=getMsg HTTP/1.1" 200 27
114.83.222.216 - - [28/Mar/2024:10:27:59 +0800] "GET /xingrg/kc/buy/cgsh_order_operate.html?command=get_materiel&rest_code=00149&code=00101002063&supplier_code=00100337&order_time=2024-03-28 HTTP/1.1" 200 411
116.237.78.87 - - [28/Mar/2024:10:28:02 +0800] "GET /xingrg/all/function/internal_message.html?_=1711592883089&CODE_STATE=getMsg HTTP/1.1" 200 27
120.253.135.82 - - [28/Mar/2024:10:28:02 +0800] "POST /xingrg/all/report/report_print.html HTTP/1.1" 200 1036284
116.232.194.112 - - [28/Mar/2024:10:28:04 +0800] "GET /xingrg/all/function/internal_message.html?_=1711592848848&CODE_STATE=getMsg HTTP/1.1" 200 27
116.237.78.87 - - [28/Mar/2024:10:28:06 +0800] "GET /xingrg/kc/base/wldb_order_operate.html?command=get_materiel&rest_code=00106&base_code=0010396&code=00101019492 HTTP/1.1" 200 457
180.169.147.146 - - [28/Mar/2024:10:28:07 +0800] "GET /xingrg/all/function/internal_message.html?_=1711592887487&CODE_STATE=getMsg HTTP/1.1" 200 27
222.70.168.57 - - [28/Mar/2024:10:28:08 +0800] "GET /xingrg/all/function/internal_message.html?_=1711592902677&CODE_STATE=getMsg HTTP/1.1" 200 27
114.83.222.216 - - [28/Mar/2024:10:28:09 +0800] "GET /xingrg/kc/buy/cgsh_order_operate.html?command=get_materiel&rest_code=00149&code=00101013154&supplier_code=00100337&order_time=2024-03-28 HTTP/1.1" 200 457
116.237.78.87 - - [28/Mar/2024:10:28:16 +0800] "GET /xingrg/kc/base/wldb_order_operate.html?command=get_materiel&rest_code=00106&base_code=0010396&code=00101016094 HTTP/1.1" 200 470
124.78.60.103 - - [28/Mar/2024:10:28:16 +0800] "GET /xingrg/all/function/internal_message.html?_=1711592896768&CODE_STATE=getMsg HTTP/1.1" 200 27
101.83.144.49 - - [28/Mar/2024:10:28:21 +0800] "GET /xingrg/all/function/internal_message.html?_=1711592902003&CODE_STATE=getMsg HTTP/1.1" 200 27
114.83.222.216 - - [28/Mar/2024:10:28:23 +0800] "GET /xingrg/kc/buy/cgsh_order_operate.html?command=get_materiel&rest_code=00149&code=00101013084&supplier_code=00100337&order_time=2024-03-28 HTTP/1.1" 200 429
101.83.144.49 - - [28/Mar/2024:10:28:23 +0800] "GET /xingrg/check_reg.html?_=1711592903878 HTTP/1.1" 200 22
114.85.113.46 - - [28/Mar/2024:10:28:26 +0800] "GET /xingrg/check_reg.html?_=1711592905465 HTTP/1.1" 200 22
116.237.78.87 - - [28/Mar/2024:10:28:31 +0800] "GET /xingrg/kc/base/wldb_order_operate.html?command=get_materiel&rest_code=00106&base_code=0010396&code=00101016044 HTTP/1.1" 200 464
120.253.135.82 - - [28/Mar/2024:10:28:33 +0800] "GET /xingrg/all/function/internal_message.html?_=1711592913884&CODE_STATE=getMsg HTTP/1.1" 200 27
114.83.222.216 - - [28/Mar/2024:10:28:34 +0800] "GET /xingrg/all/function/internal_message.html?_=1711592913285&CODE_STATE=getMsg HTTP/1.1" 200 27
116.224.254.208 - - [28/Mar/2024:10:28:35 +0800] "GET /xingrg/all/function/internal_message.html?_=1711592915079&CODE_STATE=getMsg HTTP/1.1" 200 27
116.237.78.87 - - [28/Mar/2024:10:28:38 +0800] "GET /xingrg/check_reg.html?_=1711592919756 HTTP/1.1" 200 22
116.237.78.87 - - [28/Mar/2024:10:28:38 +0800] "GET /xingrg/all/function/internal_message.html?_=1711592919759&CODE_STATE=getMsg HTTP/1.1" 200 27
120.253.135.82 - - [28/Mar/2024:10:28:41 +0800] "GET /xingrg/all/function/internal_message.html?_=1711592763190&CODE_STATE=getMsg HTTP/1.1" 200 27
101.83.144.49 - - [28/Mar/2024:10:28:48 +0800] "GET /xingrg/all/function/internal_message.html?_=1711592690136&CODE_STATE=getMsg HTTP/1.1" 200 27
180.164.1.25 - - [28/Mar/2024:10:28:50 +0800] "GET /xingrg/all/function/internal_message.html?_=1711592928921&CODE_STATE=getMsg HTTP/1.1" 200 27
114.85.113.46 - - [28/Mar/2024:10:28:50 +0800] "GET /xingrg/all/function/internal_message.html?_=1711592929309&CODE_STATE=getMsg HTTP/1.1" 200 27
180.171.58.249 - - [28/Mar/2024:10:28:51 +0800] "GET /xingrg/check_reg.html?_=1711592937260 HTTP/1.1" 302 -
180.169.147.146 - - [28/Mar/2024:10:28:54 +0800] "GET /xingrg/check_reg.html?_=1711592934772 HTTP/1.1" 200 22
180.169.147.146 - - [28/Mar/2024:10:28:54 +0800] "GET /xingrg/all/function/internal_message.html?_=1711592934777&CODE_STATE=getMsg HTTP/1.1" 200 27
116.224.254.208 - - [28/Mar/2024:10:28:56 +0800] "GET /xingrg/all/function/internal_message.html?_=1711592936280&CODE_STATE=getMsg HTTP/1.1" 200 27
222.70.115.1 - - [28/Mar/2024:10:28:58 +0800] "GET /xingrg/all/function/internal_message.html?_=1711592950849&CODE_STATE=getMsg HTTP/1.1" 200 27
116.237.78.87 - - [28/Mar/2024:10:29:02 +0800] "GET /xingrg/all/function/internal_message.html?_=1711592943073&CODE_STATE=getMsg HTTP/1.1" 200 27
116.232.194.112 - - [28/Mar/2024:10:29:04 +0800] "GET /xingrg/all/function/internal_message.html?_=1711592908842&CODE_STATE=getMsg HTTP/1.1" 200 27
116.232.194.112 - - [28/Mar/2024:10:29:04 +0800] "GET /xingrg/check_reg.html?_=1711592908843 HTTP/1.1" 200 22
180.169.147.146 - - [28/Mar/2024:10:29:07 +0800] "GET /xingrg/all/function/internal_message.html?_=1711592947477&CODE_STATE=getMsg HTTP/1.1" 200 27
222.70.168.57 - - [28/Mar/2024:10:29:08 +0800] "GET /xingrg/all/function/internal_message.html?_=1711592962691&CODE_STATE=getMsg HTTP/1.1" 200 27
120.253.135.82 - - [28/Mar/2024:10:29:09 +0800] "POST /xingrg/kc/pszx/mdps_list_operate.html HTTP/1.1" 200 3177
124.78.60.103 - - [28/Mar/2024:10:29:10 +0800] "GET /xingrg/kc/buy/cgsh_order_operate.html?command=get_materiel&rest_code=00141&code=00101008323&supplier_code=00100008&order_time=2024-03-28 HTTP/1.1" 200 408
120.253.135.82 - - [28/Mar/2024:10:29:11 +0800] "POST /xingrg/kc/pszx/mdps_list_operate.html HTTP/1.1" 200 201
116.224.254.208 - - [28/Mar/2024:10:29:12 +0800] "GET /xingrg/index.html?sysBaseUrl=http%3A%2F%2F180.169.147.146%3A18081%2Fxingrg%2F&costTime=14×tamp=1698040851670 HTTP/1.1" 302 -
116.224.254.208 - - [28/Mar/2024:10:29:12 +0800] "GET /xingrg/login.html HTTP/1.1" 200 7641
116.224.254.208 - - [28/Mar/2024:10:29:13 +0800] "GET /favicon.ico HTTP/1.1" 404 -
120.253.135.82 - - [28/Mar/2024:10:29:13 +0800] "GET /xingrg/kc/pszx/mdps_order_info.html?code=312024032800494 HTTP/1.1" 200 23978
120.253.135.82 - - [28/Mar/2024:10:29:14 +0800] "GET /xingrg/javascript/easyui/themes/default/validatebox.css HTTP/1.1" 404 1104
120.253.135.82 - - [28/Mar/2024:10:29:14 +0800] "POST /xingrg/kc/pszx/mdps_order_operate.html HTTP/1.1" 200 2269
124.78.60.103 - - [28/Mar/2024:10:29:16 +0800] "GET /xingrg/all/function/internal_message.html?_=1711592956745&CODE_STATE=getMsg HTTP/1.1" 200 27
120.253.135.82 - - [28/Mar/2024:10:29:17 +0800] "POST /xingrg/kc/pszx/mdps_order_operate.html HTTP/1.1" 200 37
120.253.135.82 - - [28/Mar/2024:10:29:18 +0800] "GET /xingrg/kc/pszx/mdps_order_info.html?code=312024032800494 HTTP/1.1" 200 23978
120.253.135.82 - - [28/Mar/2024:10:29:19 +0800] "GET /xingrg/javascript/easyui/themes/default/validatebox.css HTTP/1.1" 404 1104
120.253.135.82 - - [28/Mar/2024:10:29:19 +0800] "GET /xingrg/check_reg.html?_=1711592801306 HTTP/1.1" 200 22
120.253.135.82 - - [28/Mar/2024:10:29:19 +0800] "POST /xingrg/kc/pszx/mdps_order_operate.html HTTP/1.1" 200 2276
116.224.254.208 - - [28/Mar/2024:10:29:19 +0800] "POST /xingrg/login.do HTTP/1.1" 302 -
116.224.254.208 - - [28/Mar/2024:10:29:19 +0800] "GET /xingrg/index.html?sysBaseUrl=http%3A%2F%2F180.169.147.146%3A18081%2Fxingrg%2F&costTime=1149×tamp=1711592959800 HTTP/1.1" 200 17177
116.224.254.208 - - [28/Mar/2024:10:29:19 +0800] "GET /favicon.ico HTTP/1.1" 404 -
116.224.254.208 - - [28/Mar/2024:10:29:20 +0800] "GET /xingrg/all/function/internal_message.html?_=1711592960145&CODE_STATE=count HTTP/1.1" 200 11
116.224.254.208 - - [28/Mar/2024:10:29:20 +0800] "GET /xingrg/check_reg.html?_=1711592960146 HTTP/1.1" 200 22
116.224.254.208 - - [28/Mar/2024:10:29:20 +0800] "POST /xingrg/all/common/load_tree.html?tree=area_rest_tree_json&manage=1 HTTP/1.1" 200 476
116.224.254.208 - - [28/Mar/2024:10:29:20 +0800] "POST /xingrg/load_menu.html HTTP/1.1" 200 5138
101.83.144.49 - - [28/Mar/2024:10:29:21 +0800] "GET /xingrg/all/function/internal_message.html?_=1711592961980&CODE_STATE=getMsg HTTP/1.1" 200 27
120.253.135.82 - - [28/Mar/2024:10:29:22 +0800] "GET /xingrg/kc/print/load_data.html?order_code=312024032800494&kc_code=mdps&condition= HTTP/1.1" 200 662
116.224.254.208 - - [28/Mar/2024:10:29:23 +0800] "GET /xingrg/kc/buy/cgsh_order_list.html HTTP/1.1" 200 58009
116.224.254.208 - - [28/Mar/2024:10:29:25 +0800] "POST /xingrg/kc/buy/cgsh_list_operate.html HTTP/1.1" 200 645
116.237.78.87 - - [28/Mar/2024:10:29:30 +0800] "POST /xingrg/kc/base/wldb_order_operate.html HTTP/1.1" 200 37
124.78.60.103 - - [28/Mar/2024:10:29:32 +0800] "GET /xingrg/kc/buy/cgsh_order_operate.html?command=get_materiel&rest_code=00141&code=00101008358&supplier_code=00100008&order_time=2024-03-28 HTTP/1.1" 200 412
116.237.78.87 - - [28/Mar/2024:10:29:32 +0800] "POST /xingrg/kc/base/wldb_order_operate.html HTTP/1.1" 200 4186
116.237.78.87 - - [28/Mar/2024:10:29:32 +0800] "GET /xingrg/kc/base/wldb_order_info.html?code=422024032801966 HTTP/1.1" 200 30397
116.237.78.87 - - [28/Mar/2024:10:29:32 +0800] "GET /xingrg/javascript/easyui/themes/default/validatebox.css HTTP/1.1" 404 1104
116.237.78.87 - - [28/Mar/2024:10:29:33 +0800] "POST /xingrg/kc/base/wldb_order_operate.html HTTP/1.1" 200 4186
120.253.135.82 - - [28/Mar/2024:10:29:33 +0800] "GET /xingrg/all/function/internal_message.html?_=1711592973872&CODE_STATE=getMsg HTTP/1.1" 200 27
120.253.135.82 - - [28/Mar/2024:10:29:33 +0800] "GET /xingrg/check_reg.html?_=1711592973873 HTTP/1.1" 200 22
124.78.60.103 - - [28/Mar/2024:10:29:34 +0800] "GET /xingrg/check_reg.html?_=1711592974186 HTTP/1.1" 200 22
114.83.222.216 - - [28/Mar/2024:10:29:34 +0800] "GET /xingrg/all/function/internal_message.html?_=1711592973273&CODE_STATE=getMsg HTTP/1.1" 200 27
116.224.254.208 - - [28/Mar/2024:10:29:35 +0800] "GET /xingrg/all/function/internal_message.html?_=1711592975062&CODE_STATE=getMsg HTTP/1.1" 200 27
116.237.78.87 - - [28/Mar/2024:10:29:38 +0800] "GET /xingrg/all/function/internal_message.html?_=1711592979747&CODE_STATE=getMsg HTTP/1.1" 200 27
124.78.60.103 - - [28/Mar/2024:10:29:40 +0800] "GET /xingrg/kc/buy/cgsh_order_operate.html?command=get_materiel&rest_code=00141&code=00101008087&supplier_code=00100008&order_time=2024-03-28 HTTP/1.1" 200 412
120.253.135.82 - - [28/Mar/2024:10:29:41 +0800] "GET /xingrg/all/function/internal_message.html?_=1711592823192&CODE_STATE=getMsg HTTP/1.1" 200 27
101.83.144.49 - - [28/Mar/2024:10:29:48 +0800] "GET /xingrg/all/function/internal_message.html?_=1711592750141&CODE_STATE=getMsg HTTP/1.1" 200 27
124.78.60.103 - - [28/Mar/2024:10:29:50 +0800] "GET /xingrg/kc/buy/cgsh_order_operate.html?command=get_materiel&rest_code=00141&code=00101008300&supplier_code=00100008&order_time=2024-03-28 HTTP/1.1" 200 412
180.164.1.25 - - [28/Mar/2024:10:29:50 +0800] "GET /xingrg/all/function/internal_message.html?_=1711592988900&CODE_STATE=getMsg HTTP/1.1" 200 27
114.85.113.46 - - [28/Mar/2024:10:29:50 +0800] "GET /xingrg/all/function/internal_message.html?_=1711592989308&CODE_STATE=getMsg HTTP/1.1" 200 27
120.253.135.82 - - [28/Mar/2024:10:29:51 +0800] "GET /xingrg/kc/report/report_main.html HTTP/1.1" 200 8599
180.169.147.146 - - [28/Mar/2024:10:29:54 +0800] "GET /xingrg/all/function/internal_message.html?_=1711592994765&CODE_STATE=getMsg HTTP/1.1" 200 27
114.83.222.216 - - [28/Mar/2024:10:29:55 +0800] "POST /xingrg/kc/buy/cgsh_order_operate.html HTTP/1.1" 200 37
120.253.135.82 - - [28/Mar/2024:10:29:57 +0800] "GET /xingrg/all/report/report_query.html?fileName=kc/buy/wlcg_cate_hz_rest.xml&autoQuery=1 HTTP/1.1" 200 53789
120.253.135.82 - - [28/Mar/2024:10:29:57 +0800] "GET /xingrg/dwr/interface/AjaxReportQueryService.js HTTP/1.1" 200 13203
222.70.115.1 - - [28/Mar/2024:10:29:58 +0800] "GET /xingrg/all/function/internal_message.html?_=1711593010856&CODE_STATE=getMsg HTTP/1.1" 200 27
120.253.135.82 - - [28/Mar/2024:10:29:58 +0800] "POST /xingrg/all/common/load_tree.html?tree=area_rest_tree_json&manage=1 HTTP/1.1" 200 3624
120.253.135.82 - - [28/Mar/2024:10:29:59 +0800] "POST /xingrg/all/report/load_report_page.html HTTP/1.1" 200 10925
120.253.135.82 - - [28/Mar/2024:10:29:59 +0800] "GET /xingrg/servlets/image?cache=0.12454229432605513&image=px HTTP/1.1" 200 807
120.253.135.82 - - [28/Mar/2024:10:29:59 +0800] "POST /xingrg/all/common/load_tree.html?tree=supplier_tree_json&manage=1 HTTP/1.1" 200 81444
120.253.135.82 - - [28/Mar/2024:10:29:59 +0800] "POST /xingrg/all/common/load_tree.html?tree=materiel_sort_tree_json HTTP/1.1" 200 9734
116.237.78.87 - - [28/Mar/2024:10:30:02 +0800] "GET /xingrg/all/function/internal_message.html?_=1711593003057&CODE_STATE=getMsg HTTP/1.1" 200 27
114.83.222.216 - - [28/Mar/2024:10:30:03 +0800] "POST /xingrg/kc/buy/cgsh_order_operate.html HTTP/1.1" 200 12
116.232.194.112 - - [28/Mar/2024:10:30:04 +0800] "GET /xingrg/all/function/internal_message.html?_=1711592968854&CODE_STATE=getMsg HTTP/1.1" 200 27
114.83.222.216 - - [28/Mar/2024:10:30:05 +0800] "GET /xingrg/kc/buy/cgsh_order_info.html?code=212024032808223 HTTP/1.1" 200 68779
180.171.58.249 - - [28/Mar/2024:10:30:05 +0800] "GET /xingrg/check_reg.html?_=1711593011381 HTTP/1.1" 302 -
114.83.222.216 - - [28/Mar/2024:10:30:06 +0800] "GET /xingrg/javascript/easyui/themes/default/validatebox.css HTTP/1.1" 404 1104
114.83.222.216 - - [28/Mar/2024:10:30:07 +0800] "POST /xingrg/kc/buy/cgsh_order_operate.html HTTP/1.1" 200 2976
180.169.147.146 - - [28/Mar/2024:10:30:07 +0800] "GET /xingrg/all/function/internal_message.html?_=1711593007497&CODE_STATE=getMsg HTTP/1.1" 200 27
222.70.168.57 - - [28/Mar/2024:10:30:08 +0800] "GET /xingrg/check_reg.html?_=1711593022001 HTTP/1.1" 200 22
222.70.168.57 - - [28/Mar/2024:10:30:08 +0800] "GET /favicon.ico HTTP/1.1" 404 -
222.70.168.57 - - [28/Mar/2024:10:30:08 +0800] "GET /xingrg/all/function/internal_message.html?_=1711593022704&CODE_STATE=getMsg HTTP/1.1" 200 27
114.83.222.216 - - [28/Mar/2024:10:30:10 +0800] "GET /xingrg/kc/print/load_data.html?order_code=212024032808223&kc_code=cgsh&condition= HTTP/1.1" 200 1614
114.83.222.216 - - [28/Mar/2024:10:30:15 +0800] "GET /xingrg/kc/buy/cgsh_order_add.html HTTP/1.1" 200 73874
114.83.222.216 - - [28/Mar/2024:10:30:15 +0800] "POST /xingrg/kc/buy/cgsh_order_operate.html HTTP/1.1" 200 8245
114.83.222.216 - - [28/Mar/2024:10:30:15 +0800] "GET /xingrg/javascript/easyui/themes/default/validatebox.css HTTP/1.1" 404 1104
124.78.60.103 - - [28/Mar/2024:10:30:16 +0800] "GET /xingrg/all/function/internal_message.html?_=1711593016717&CODE_STATE=getMsg HTTP/1.1" 200 27
116.224.254.208 - - [28/Mar/2024:10:30:20 +0800] "GET /xingrg/all/function/internal_message.html?_=1711593020173&CODE_STATE=getMsg HTTP/1.1" 200 27
101.83.144.49 - - [28/Mar/2024:10:30:21 +0800] "GET /xingrg/all/function/internal_message.html?_=1711593021948&CODE_STATE=getMsg HTTP/1.1" 200 27
116.237.78.87 - - [28/Mar/2024:10:30:26 +0800] "GET /xingrg/javascript/jquery_easy_ui/themes/icons/area.png HTTP/1.1" 304 -
116.237.78.87 - - [28/Mar/2024:10:30:26 +0800] "GET /xingrg/javascript/jquery_easy_ui/themes/icons/rest.png HTTP/1.1" 304 -
116.224.254.208 - - [28/Mar/2024:10:30:31 +0800] "GET /xingrg/words/20240327135526_words.js HTTP/1.1" 304 -
116.224.254.208 - - [28/Mar/2024:10:30:31 +0800] "GET /xingrg/kc/buy/cgsh_order_add.html HTTP/1.1" 200 73378
116.224.254.208 - - [28/Mar/2024:10:30:31 +0800] "GET /xingrg/javascript/easyui/themes/default/validatebox.css HTTP/1.1" 404 1104
116.224.254.208 - - [28/Mar/2024:10:30:32 +0800] "GET /xingrg/all/common/auto_word.html?type=employee&rest_code=00151 HTTP/1.1" 200 293
116.224.254.208 - - [28/Mar/2024:10:30:32 +0800] "POST /xingrg/kc/buy/cgsh_order_operate.html HTTP/1.1" 200 8245
116.224.254.208 - - [28/Mar/2024:10:30:32 +0800] "GET /xingrg/all/common/auto_word.html?type=employee&rest_code=00151 HTTP/1.1" 200 293
116.237.78.87 - - [28/Mar/2024:10:30:32 +0800] "GET /xingrg/kc/base/wldb_order_add.html HTTP/1.1" 200 30382
116.237.78.87 - - [28/Mar/2024:10:30:32 +0800] "GET /xingrg/javascript/easyui/themes/default/validatebox.css HTTP/1.1" 404 1104
116.237.78.87 - - [28/Mar/2024:10:30:32 +0800] "POST /xingrg/kc/base/wldb_order_operate.html HTTP/1.1" 200 6806
120.253.135.82 - - [28/Mar/2024:10:30:34 +0800] "GET /xingrg/all/function/internal_message.html?_=1711593034302&CODE_STATE=getMsg HTTP/1.1" 200 27
116.237.78.87 - - [28/Mar/2024:10:30:34 +0800] "POST /xingrg/all/common/load_combo.html?type=base HTTP/1.1" 200 3227
114.83.222.216 - - [28/Mar/2024:10:30:34 +0800] "GET /xingrg/all/function/internal_message.html?_=1711593033284&CODE_STATE=getMsg HTTP/1.1" 200 27
114.83.222.216 - - [28/Mar/2024:10:30:34 +0800] "GET /xingrg/check_reg.html?_=1711593033289 HTTP/1.1" 200 22
116.224.254.208 - - [28/Mar/2024:10:30:35 +0800] "GET /xingrg/all/function/internal_message.html?_=1711593035046&CODE_STATE=getMsg HTTP/1.1" 200 27
124.78.60.103 - - [28/Mar/2024:10:30:37 +0800] "GET /xingrg/kc/buy/cgsh_order_operate.html?command=get_materiel&rest_code=00141&code=00101008213&supplier_code=00100008&order_time=2024-03-28 HTTP/1.1" 200 412
116.237.78.87 - - [28/Mar/2024:10:30:38 +0800] "GET /xingrg/all/function/internal_message.html?_=1711593039782&CODE_STATE=getMsg HTTP/1.1" 200 27
116.237.78.87 - - [28/Mar/2024:10:30:39 +0800] "POST /xingrg/all/common/load_combo.html?type=base HTTP/1.1" 200 3227
116.232.194.112 - - [28/Mar/2024:10:30:39 +0800] "POST /xingrg/services/DataTransmitService HTTP/1.1" 200 524
116.224.254.208 - - [28/Mar/2024:10:30:40 +0800] "GET /xingrg/javascript/auto/indicator.gif HTTP/1.1" 404 1066
120.253.135.82 - - [28/Mar/2024:10:30:41 +0800] "GET /xingrg/all/function/internal_message.html?_=1711592883206&CODE_STATE=getMsg HTTP/1.1" 200 27
116.232.194.112 - - [28/Mar/2024:10:30:47 +0800] "POST /xingrg/services/DataTransmitService HTTP/1.1" 200 501
101.83.144.49 - - [28/Mar/2024:10:30:48 +0800] "GET /xingrg/all/function/internal_message.html?_=1711592810132&CODE_STATE=getMsg HTTP/1.1" 200 27
101.83.144.49 - - [28/Mar/2024:10:30:48 +0800] "GET /xingrg/check_reg.html?_=1711592810136 HTTP/1.1" 200 22
180.164.1.25 - - [28/Mar/2024:10:30:50 +0800] "GET /xingrg/all/function/internal_message.html?_=1711593048890&CODE_STATE=getMsg HTTP/1.1" 200 27
180.164.1.25 - - [28/Mar/2024:10:30:50 +0800] "GET /xingrg/check_reg.html?_=1711593048891 HTTP/1.1" 200 22
114.85.113.46 - - [28/Mar/2024:10:30:50 +0800] "GET /xingrg/all/function/internal_message.html?_=1711593049295&CODE_STATE=getMsg HTTP/1.1" 200 27
114.83.222.216 - - [28/Mar/2024:10:30:50 +0800] "GET /xingrg/kc/buy/cgsh_order_operate.html?command=get_materiel&rest_code=00149&code=00101002006&supplier_code=00100091&order_time=2024-03-27 HTTP/1.1" 200 414
116.224.254.208 - - [28/Mar/2024:10:30:52 +0800] "GET /xingrg/kc/buy/cgsh_order_operate.html?command=get_materiel&rest_code=00151&code=00101011010&supplier_code=00100047&order_time=2024-03-28 HTTP/1.1" 200 418
124.78.60.103 - - [28/Mar/2024:10:30:53 +0800] "GET /xingrg/kc/buy/cgsh_order_operate.html?command=get_materiel&rest_code=00141&code=00101008357&supplier_code=00100008&order_time=2024-03-28 HTTP/1.1" 200 408
180.169.147.146 - - [28/Mar/2024:10:30:54 +0800] "GET /xingrg/all/function/internal_message.html?_=1711593054777&CODE_STATE=getMsg HTTP/1.1" 200 27
120.253.135.82 - - [28/Mar/2024:10:30:54 +0800] "GET /xingrg/index.html?sysBaseUrl=http%3A%2F%2F180.169.147.146%3A18081%2Fxingrg%2F&costTime=1030×tamp=1711592672755 HTTP/1.1" 200 17503
120.253.135.82 - - [28/Mar/2024:10:30:55 +0800] "GET /xingrg/all/function/internal_message.html?_=1711593055134&CODE_STATE=count HTTP/1.1" 200 11
120.253.135.82 - - [28/Mar/2024:10:30:55 +0800] "GET /xingrg/check_reg.html?_=1711593055134 HTTP/1.1" 200 22
120.253.135.82 - - [28/Mar/2024:10:30:55 +0800] "POST /xingrg/all/common/load_tree.html?tree=area_rest_tree_json&manage=1 HTTP/1.1" 200 3624
120.253.135.82 - - [28/Mar/2024:10:30:55 +0800] "POST /xingrg/load_menu.html HTTP/1.1" 200 11443
222.70.115.1 - - [28/Mar/2024:10:30:58 +0800] "GET /xingrg/all/function/internal_message.html?_=1711593070847&CODE_STATE=getMsg HTTP/1.1" 200 27
120.253.135.82 - - [28/Mar/2024:10:30:58 +0800] "GET /xingrg/kc/report/report_main.html HTTP/1.1" 200 8599
120.253.135.82 - - [28/Mar/2024:10:30:59 +0800] "GET /xingrg/all/report/report_query.html?fileName=kc/buy/wlcg_cate_hz_rest.xml&autoQuery=1 HTTP/1.1" 200 53789
120.253.135.82 - - [28/Mar/2024:10:30:59 +0800] "GET /xingrg/dwr/interface/AjaxReportQueryService.js HTTP/1.1" 200 13203
120.253.135.82 - - [28/Mar/2024:10:30:59 +0800] "GET /xingrg/dwr/engine.js HTTP/1.1" 200 43631
120.253.135.82 - - [28/Mar/2024:10:31:01 +0800] "POST /xingrg/all/common/load_tree.html?tree=area_rest_tree_json&manage=1 HTTP/1.1" 200 3624
120.253.135.82 - - [28/Mar/2024:10:31:01 +0800] "POST /xingrg/all/report/load_report_page.html HTTP/1.1" 200 10917
120.253.135.82 - - [28/Mar/2024:10:31:01 +0800] "GET /xingrg/servlets/image?cache=0.6580173673797892&image=px HTTP/1.1" 200 807
120.253.135.82 - - [28/Mar/2024:10:31:01 +0800] "POST /xingrg/all/common/load_tree.html?tree=materiel_sort_tree_json HTTP/1.1" 200 9734
120.253.135.82 - - [28/Mar/2024:10:31:01 +0800] "POST /xingrg/all/common/load_tree.html?tree=supplier_tree_json&manage=1 HTTP/1.1" 200 81444
116.237.78.87 - - [28/Mar/2024:10:31:01 +0800] "GET /xingrg/all/function/internal_message.html?_=1711593063041&CODE_STATE=getMsg HTTP/1.1" 200 27
116.232.194.112 - - [28/Mar/2024:10:31:04 +0800] "GET /xingrg/all/function/internal_message.html?_=1711593028857&CODE_STATE=getMsg HTTP/1.1" 200 27
114.83.222.216 - - [28/Mar/2024:10:31:06 +0800] "POST /xingrg/kc/buy/cgsh_order_operate.html HTTP/1.1" 200 37
116.224.254.208 - - [28/Mar/2024:10:31:06 +0800] "GET /xingrg/kc/buy/cgsh_order_operate.html?command=get_materiel&rest_code=00151&code=00101011001&supplier_code=00100047&order_time=2024-03-28 HTTP/1.1" 200 423
124.78.60.103 - - [28/Mar/2024:10:31:06 +0800] "GET /xingrg/kc/buy/cgsh_order_operate.html?command=get_materiel&rest_code=00141&code=00101008059&supplier_code=00100008&order_time=2024-03-28 HTTP/1.1" 200 408
180.169.147.146 - - [28/Mar/2024:10:31:07 +0800] "GET /xingrg/check_reg.html?_=1711593067495 HTTP/1.1" 200 22
180.169.147.146 - - [28/Mar/2024:10:31:07 +0800] "GET /xingrg/all/function/internal_message.html?_=1711593067497&CODE_STATE=getMsg HTTP/1.1" 200 27
222.70.168.57 - - [28/Mar/2024:10:31:08 +0800] "GET /xingrg/all/function/internal_message.html?_=1711593082718&CODE_STATE=getMsg HTTP/1.1" 200 27
116.224.254.208 - - [28/Mar/2024:10:31:15 +0800] "POST /xingrg/kc/buy/cgsh_order_operate.html HTTP/1.1" 200 37
124.78.60.103 - - [28/Mar/2024:10:31:16 +0800] "GET /xingrg/all/function/internal_message.html?_=1711593076700&CODE_STATE=getMsg HTTP/1.1" 200 27
114.83.222.216 - - [28/Mar/2024:10:31:16 +0800] "POST /xingrg/kc/buy/cgsh_order_operate.html HTTP/1.1" 200 12
124.78.60.103 - - [28/Mar/2024:10:31:18 +0800] "GET /xingrg/kc/buy/cgsh_order_operate.html?command=get_materiel&rest_code=00141&code=00101008085&supplier_code=00100008&order_time=2024-03-28 HTTP/1.1" 200 412
114.83.222.216 - - [28/Mar/2024:10:31:19 +0800] "GET /xingrg/kc/buy/cgsh_order_info.html?code=212024032808224 HTTP/1.1" 200 68781
114.83.222.216 - - [28/Mar/2024:10:31:19 +0800] "GET /xingrg/javascript/easyui/themes/default/validatebox.css HTTP/1.1" 404 1104
116.224.254.208 - - [28/Mar/2024:10:31:20 +0800] "GET /xingrg/all/function/internal_message.html?_=1711593080225&CODE_STATE=getMsg HTTP/1.1" 200 27
114.83.222.216 - - [28/Mar/2024:10:31:20 +0800] "POST /xingrg/kc/buy/cgsh_order_operate.html HTTP/1.1" 200 612
120.253.135.82 - - [28/Mar/2024:10:31:21 +0800] "POST /xingrg/all/report/load_report_page.html HTTP/1.1" 200 127371
120.253.135.82 - - [28/Mar/2024:10:31:21 +0800] "GET /xingrg/servlets/image?cache=0.3479205295590486&image=px HTTP/1.1" 200 807
101.83.144.49 - - [28/Mar/2024:10:31:21 +0800] "GET /xingrg/all/function/internal_message.html?_=1711593081918&CODE_STATE=getMsg HTTP/1.1" 200 27
114.83.222.216 - - [28/Mar/2024:10:31:22 +0800] "GET /xingrg/kc/print/load_data.html?order_code=212024032808224&kc_code=cgsh&condition= HTTP/1.1" 200 783
120.253.135.82 - - [28/Mar/2024:10:31:22 +0800] "GET /xingrg/kc/pszx/mdqp_order_list.html?state=10 HTTP/1.1" 200 10319
120.253.135.82 - - [28/Mar/2024:10:31:22 +0800] "GET /xingrg/dwr/interface/AjaxQqpsService.js HTTP/1.1" 200 16326
120.253.135.82 - - [28/Mar/2024:10:31:22 +0800] "GET /xingrg/dwr/engine.js HTTP/1.1" 200 43631
120.253.135.82 - - [28/Mar/2024:10:31:22 +0800] "GET /xingrg/dwr/interface/AjaxReportQueryService.js HTTP/1.1" 200 13203
120.253.135.82 - - [28/Mar/2024:10:31:25 +0800] "GET /xingrg/kc/pszx/mdth_order_list.html HTTP/1.1" 200 18457
120.253.135.82 - - [28/Mar/2024:10:31:25 +0800] "POST /xingrg/kc/pszx/mdth_order_new_list.html HTTP/1.1" 200 4737
120.253.135.82 - - [28/Mar/2024:10:31:26 +0800] "POST /xingrg/all/report/load_report_page.html HTTP/1.1" 200 127237
120.253.135.82 - - [28/Mar/2024:10:31:26 +0800] "GET /xingrg/images/blue/button/advance.gif HTTP/1.1" 200 1354
120.253.135.82 - - [28/Mar/2024:10:31:26 +0800] "GET /xingrg/images/blue/button/advance2.gif HTTP/1.1" 200 1338
120.253.135.82 - - [28/Mar/2024:10:31:26 +0800] "GET /xingrg/servlets/image?cache=0.7918317782540245&image=px HTTP/1.1" 200 807
116.224.254.208 - - [28/Mar/2024:10:31:26 +0800] "POST /xingrg/kc/buy/cgsh_order_operate.html HTTP/1.1" 200 12
116.237.78.87 - - [28/Mar/2024:10:31:26 +0800] "GET /xingrg/kc/base/wldb_order_operate.html?command=get_materiel&rest_code=00106&base_code=0010396&code=00101019071 HTTP/1.1" 200 471
114.83.222.216 - - [28/Mar/2024:10:31:27 +0800] "GET /xingrg/kc/buy/cgsh_order_add.html HTTP/1.1" 200 73874
114.83.222.216 - - [28/Mar/2024:10:31:27 +0800] "POST /xingrg/kc/buy/cgsh_order_operate.html HTTP/1.1" 200 8245
124.78.60.103 - - [28/Mar/2024:10:31:27 +0800] "GET /xingrg/kc/buy/cgsh_order_operate.html?command=get_materiel&rest_code=00141&code=00101008354&supplier_code=00100008&order_time=2024-03-28 HTTP/1.1" 200 432
114.83.222.216 - - [28/Mar/2024:10:31:27 +0800] "GET /xingrg/javascript/easyui/themes/default/validatebox.css HTTP/1.1" 404 1104
120.253.135.82 - - [28/Mar/2024:10:31:28 +0800] "GET /xingrg/kc/report/report_main.html HTTP/1.1" 200 8599
120.253.135.82 - - [28/Mar/2024:10:31:28 +0800] "POST /xingrg/all/report/load_report_page.html HTTP/1.1" 200 127344
120.253.135.82 - - [28/Mar/2024:10:31:28 +0800] "GET /xingrg/servlets/image?cache=0.29700070080977603&image=px HTTP/1.1" 200 807
116.224.254.208 - - [28/Mar/2024:10:31:28 +0800] "GET /xingrg/kc/buy/cgsh_order_info.html?code=212024032808225 HTTP/1.1" 200 68287
116.224.254.208 - - [28/Mar/2024:10:31:29 +0800] "GET /xingrg/javascript/easyui/themes/default/validatebox.css HTTP/1.1" 404 1104
120.253.135.82 - - [28/Mar/2024:10:31:29 +0800] "POST /xingrg/all/report/load_report_page.html HTTP/1.1" 200 127129
120.253.135.82 - - [28/Mar/2024:10:31:29 +0800] "GET /xingrg/servlets/image?cache=0.23751615104610968&image=px HTTP/1.1" 200 807
116.224.254.208 - - [28/Mar/2024:10:31:30 +0800] "POST /xingrg/kc/buy/cgsh_order_operate.html HTTP/1.1" 200 1231
120.253.135.82 - - [28/Mar/2024:10:31:30 +0800] "GET /xingrg/kc/pszx/mdqp_order_list.html?state=10 HTTP/1.1" 200 10319
120.253.135.82 - - [28/Mar/2024:10:31:30 +0800] "GET /xingrg/dwr/interface/AjaxReportQueryService.js HTTP/1.1" 200 13203
120.253.135.82 - - [28/Mar/2024:10:31:30 +0800] "GET /xingrg/dwr/interface/AjaxQqpsService.js HTTP/1.1" 200 16326
120.253.135.82 - - [28/Mar/2024:10:31:30 +0800] "GET /xingrg/dwr/engine.js HTTP/1.1" 200 43631
120.253.135.82 - - [28/Mar/2024:10:31:30 +0800] "POST /xingrg/all/report/load_report_page.html HTTP/1.1" 200 126985
120.253.135.82 - - [28/Mar/2024:10:31:30 +0800] "GET /xingrg/servlets/image?cache=0.5585752807915901&image=px HTTP/1.1" 200 807
116.224.254.208 - - [28/Mar/2024:10:31:31 +0800] "GET /xingrg/kc/print/load_config.html?kc_code=cgsh HTTP/1.1" 200 1927
120.253.135.82 - - [28/Mar/2024:10:31:31 +0800] "POST /xingrg/all/report/load_report_page.html HTTP/1.1" 200 127518
120.253.135.82 - - [28/Mar/2024:10:31:31 +0800] "GET /xingrg/servlets/image?cache=0.5829575112197981&image=px HTTP/1.1" 200 807
116.224.254.208 - - [28/Mar/2024:10:31:31 +0800] "GET /xingrg/kc/print/load_data.html?order_code=212024032808225&kc_code=cgsh&condition= HTTP/1.1" 200 1004
120.253.135.82 - - [28/Mar/2024:10:31:32 +0800] "GET /xingrg/kc/pszx/mdps_order_list.html?orderType=0 HTTP/1.1" 200 21033
120.253.135.82 - - [28/Mar/2024:10:31:32 +0800] "POST /xingrg/kc/pszx/mdps_list_operate.html HTTP/1.1" 200 5321
120.253.135.82 - - [28/Mar/2024:10:31:33 +0800] "POST /xingrg/all/report/load_report_page.html HTTP/1.1" 200 127465
120.253.135.82 - - [28/Mar/2024:10:31:33 +0800] "GET /xingrg/servlets/image?cache=0.6980659465367536&image=px HTTP/1.1" 200 807
120.253.135.82 - - [28/Mar/2024:10:31:34 +0800] "POST /xingrg/all/report/load_report_page.html HTTP/1.1" 200 127236
114.83.222.216 - - [28/Mar/2024:10:31:34 +0800] "GET /xingrg/all/function/internal_message.html?_=1711593093293&CODE_STATE=getMsg HTTP/1.1" 200 27
120.253.135.82 - - [28/Mar/2024:10:31:34 +0800] "GET /xingrg/servlets/image?cache=0.6696566382544263&image=px HTTP/1.1" 200 807
116.224.254.208 - - [28/Mar/2024:10:31:35 +0800] "GET /xingrg/all/function/internal_message.html?_=1711593095027&CODE_STATE=getMsg HTTP/1.1" 200 27
120.253.135.82 - - [28/Mar/2024:10:31:36 +0800] "POST /xingrg/all/report/load_report_page.html HTTP/1.1" 200 127297
120.253.135.82 - - [28/Mar/2024:10:31:36 +0800] "GET /xingrg/servlets/image?cache=0.348163157797024&image=px HTTP/1.1" 200 807
116.224.254.208 - - [28/Mar/2024:10:31:36 +0800] "GET /xingrg/check_reg.html?_=1711593096061 HTTP/1.1" 200 22
124.78.60.103 - - [28/Mar/2024:10:31:36 +0800] "GET /xingrg/kc/buy/cgsh_order_operate.html?command=get_materiel&rest_code=00141&code=00101008130&supplier_code=00100008&order_time=2024-03-28 HTTP/1.1" 200 413
116.224.254.208 - - [28/Mar/2024:10:31:37 +0800] "POST /xingrg/all/user/operate.html HTTP/1.1" 200 36
116.224.254.208 - - [28/Mar/2024:10:31:38 +0800] "GET /xingrg/index.html?sysBaseUrl=http%3A%2F%2F180.169.147.146%3A18081%2Fxingrg%2F&costTime=1149×tamp=1711592959800 HTTP/1.1" 200 17179
116.224.254.208 - - [28/Mar/2024:10:31:38 +0800] "GET /xingrg/javascript/jquery_easy_ui/themes/default/easyui.css HTTP/1.1" 304 -
116.224.254.208 - - [28/Mar/2024:10:31:38 +0800] "GET /xingrg/javascript/jquery_easy_ui/themes/icon.css HTTP/1.1" 304 -
116.224.254.208 - - [28/Mar/2024:10:31:38 +0800] "GET /xingrg/css/form.css HTTP/1.1" 304 -
116.224.254.208 - - [28/Mar/2024:10:31:38 +0800] "GET /xingrg/javascript/jquery-1.4.2.min.js HTTP/1.1" 304 -
116.224.254.208 - - [28/Mar/2024:10:31:38 +0800] "GET /xingrg/javascript/jquery_easy_ui/jquery.easyui.min.js HTTP/1.1" 304 -
116.224.254.208 - - [28/Mar/2024:10:31:38 +0800] "GET /xingrg/javascript/jquery_easy_ui/easyui-lang-zh_CN.js HTTP/1.1" 304 -
116.224.254.208 - - [28/Mar/2024:10:31:38 +0800] "GET /xingrg/javascript/jquery.form.js HTTP/1.1" 304 -
116.224.254.208 - - [28/Mar/2024:10:31:38 +0800] "GET /xingrg/javascript/jquery.utils.js HTTP/1.1" 304 -
116.224.254.208 - - [28/Mar/2024:10:31:38 +0800] "GET /xingrg/javascript/jquery.timers.js HTTP/1.1" 304 -
116.224.254.208 - - [28/Mar/2024:10:31:38 +0800] "GET /xingrg/images/blue/jxLogo.png HTTP/1.1" 304 -
116.224.254.208 - - [28/Mar/2024:10:31:38 +0800] "GET /xingrg/images/blue/navBackgound.jpg HTTP/1.1" 304 -
116.224.254.208 - - [28/Mar/2024:10:31:38 +0800] "GET /xingrg/javascript/jquery_easy_ui/themes/icons/settle_new.png HTTP/1.1" 304 -
116.224.254.208 - - [28/Mar/2024:10:31:38 +0800] "GET /xingrg/all/function/internal_message.html?_=1711593098397&CODE_STATE=count HTTP/1.1" 200 11
116.224.254.208 - - [28/Mar/2024:10:31:38 +0800] "GET /xingrg/javascript/jquery_easy_ui/themes/default/images/panel_tool_collapse.gif HTTP/1.1" 304 -
116.224.254.208 - - [28/Mar/2024:10:31:38 +0800] "GET /xingrg/images/blue/pingpu.png HTTP/1.1" 304 -
116.224.254.208 - - [28/Mar/2024:10:31:38 +0800] "GET /xingrg/check_reg.html?_=1711593098397 HTTP/1.1" 200 22
