222.69.133.65 - - [25/Mar/2024:11:49:40 +0800] "GET /xingrg/all/function/internal_message.html?_=1711338580817&CODE_STATE=getMsg HTTP/1.1" 200 27
222.69.133.65 - - [25/Mar/2024:11:49:40 +0800] "GET /xingrg/check_reg.html?_=1711338580837 HTTP/1.1" 200 22
222.70.183.82 - - [25/Mar/2024:11:49:42 +0800] "GET /xingrg/all/function/internal_message.html?_=1711338582682&CODE_STATE=getMsg HTTP/1.1" 200 27
101.83.240.43 - - [25/Mar/2024:11:49:48 +0800] "POST /xingrg/dwr/call/plaincall/AjaxQqpsService.saveOrder.dwr HTTP/1.1" 200 78
180.164.1.25 - - [25/Mar/2024:11:49:49 +0800] "GET /xingrg/all/function/internal_message.html?_=1711338589557&CODE_STATE=getMsg HTTP/1.1" 200 27
124.78.156.194 - - [25/Mar/2024:11:49:53 +0800] "GET /xingrg/kc/buy/cgsh_order_operate.html?command=get_materiel&rest_code=00106&code=00101008113&supplier_code=00100323&order_time=2024-03-25 HTTP/1.1" 200 413
101.83.240.43 - - [25/Mar/2024:11:49:54 +0800] "POST /xingrg/dwr/call/plaincall/AjaxQqpsService.getMaterielByCode.dwr HTTP/1.1" 200 2757
180.169.147.146 - - [25/Mar/2024:11:49:57 +0800] "GET /xingrg/all/function/internal_message.html?_=1711338596684&CODE_STATE=getMsg HTTP/1.1" 200 27
101.83.144.49 - - [25/Mar/2024:11:49:59 +0800] "GET /xingrg/all/function/internal_message.html?_=1711338360918&CODE_STATE=getMsg HTTP/1.1" 200 27
101.83.240.43 - - [25/Mar/2024:11:50:00 +0800] "POST /xingrg/dwr/call/plaincall/AjaxQqpsService.saveMaterielItem.dwr HTTP/1.1" 200 78
120.253.135.82 - - [25/Mar/2024:11:50:00 +0800] "GET /xingrg/kc/buy/cgsh_order_operate.html?command=get_materiel&rest_code=00101&code=00101030013&supplier_code=00100622&order_time=2024-03-25 HTTP/1.1" 200 414
101.83.144.49 - - [25/Mar/2024:11:50:00 +0800] "POST /xingrg/kc/buy/cgsh_list_operate.html HTTP/1.1" 200 4051
101.83.240.43 - - [25/Mar/2024:11:50:03 +0800] "POST /xingrg/dwr/call/plaincall/AjaxQqpsService.getMaterielByCode.dwr HTTP/1.1" 200 2744
116.235.245.40 - - [25/Mar/2024:11:50:03 +0800] "GET /xingrg/check_reg.html?_=1711338605703 HTTP/1.1" 200 22
101.83.144.49 - - [25/Mar/2024:11:50:04 +0800] "GET /xingrg/kc/buy/cgsh_order_add.html HTTP/1.1" 200 73737
101.83.144.49 - - [25/Mar/2024:11:50:04 +0800] "POST /xingrg/kc/buy/cgsh_order_operate.html HTTP/1.1" 200 8245
101.83.144.49 - - [25/Mar/2024:11:50:04 +0800] "GET /xingrg/javascript/easyui/themes/default/validatebox.css HTTP/1.1" 404 1104
101.83.240.43 - - [25/Mar/2024:11:50:06 +0800] "POST /xingrg/dwr/call/plaincall/AjaxQqpsService.saveMaterielItem.dwr HTTP/1.1" 200 78
101.83.144.49 - - [25/Mar/2024:11:50:09 +0800] "GET /xingrg/javascript/auto/indicator.gif HTTP/1.1" 404 1066
101.83.240.43 - - [25/Mar/2024:11:50:12 +0800] "POST /xingrg/dwr/call/plaincall/AjaxQqpsService.getMaterielByCode.dwr HTTP/1.1" 200 2827
124.78.156.194 - - [25/Mar/2024:11:50:13 +0800] "POST /xingrg/kc/buy/cgsh_order_operate.html HTTP/1.1" 200 37
124.79.241.4 - - [25/Mar/2024:11:50:14 +0800] "GET /xingrg/all/function/internal_message.html?_=1711338638333&CODE_STATE=getMsg HTTP/1.1" 200 27
124.79.241.4 - - [25/Mar/2024:11:50:14 +0800] "GET /xingrg/check_reg.html?_=1711338638334 HTTP/1.1" 200 22
120.253.135.82 - - [25/Mar/2024:11:50:15 +0800] "GET /xingrg/kc/buy/cgsh_order_operate.html?command=get_materiel&rest_code=00101&code=00101030020&supplier_code=00100622&order_time=2024-03-25 HTTP/1.1" 200 414
124.78.60.103 - - [25/Mar/2024:11:50:16 +0800] "GET /xingrg/all/function/internal_message.html?_=1711338616344&CODE_STATE=getMsg HTTP/1.1" 200 27
124.78.60.103 - - [25/Mar/2024:11:50:16 +0800] "GET /xingrg/check_reg.html?_=1711338616349 HTTP/1.1" 200 22
116.224.254.208 - - [25/Mar/2024:11:50:16 +0800] "GET /xingrg/all/function/internal_message.html?_=1711338616704&CODE_STATE=getMsg HTTP/1.1" 200 27
116.235.245.40 - - [25/Mar/2024:11:50:18 +0800] "GET /xingrg/all/function/internal_message.html?_=1711338620238&CODE_STATE=getMsg HTTP/1.1" 200 27
101.83.240.43 - - [25/Mar/2024:11:50:18 +0800] "POST /xingrg/dwr/call/plaincall/AjaxQqpsService.saveMaterielItem.dwr HTTP/1.1" 200 78
124.78.156.194 - - [25/Mar/2024:11:50:19 +0800] "GET /xingrg/all/function/internal_message.html?_=1711338620171&CODE_STATE=getMsg HTTP/1.1" 200 27
124.78.156.194 - - [25/Mar/2024:11:50:19 +0800] "GET /xingrg/check_reg.html?_=1711338620173 HTTP/1.1" 200 22
101.83.144.49 - - [25/Mar/2024:11:50:20 +0800] "GET /xingrg/all/function/internal_message.html?_=1711338620958&CODE_STATE=getMsg HTTP/1.1" 200 27
114.85.113.46 - - [25/Mar/2024:11:50:21 +0800] "GET /xingrg/all/function/internal_message.html?_=1711338620526&CODE_STATE=getMsg HTTP/1.1" 200 27
124.78.156.194 - - [25/Mar/2024:11:50:21 +0800] "POST /xingrg/kc/buy/cgsh_order_operate.html HTTP/1.1" 200 12
101.83.240.43 - - [25/Mar/2024:11:50:21 +0800] "POST /xingrg/dwr/call/plaincall/AjaxQqpsService.getMaterielByCode.dwr HTTP/1.1" 200 2743
124.78.156.194 - - [25/Mar/2024:11:50:24 +0800] "GET /xingrg/kc/buy/cgsh_order_info.html?code=212024032507544 HTTP/1.1" 200 68561
124.78.156.194 - - [25/Mar/2024:11:50:24 +0800] "GET /xingrg/javascript/easyui/themes/default/validatebox.css HTTP/1.1" 404 1104
101.83.240.43 - - [25/Mar/2024:11:50:24 +0800] "POST /xingrg/dwr/call/plaincall/AjaxQqpsService.saveMaterielItem.dwr HTTP/1.1" 200 78
124.78.156.194 - - [25/Mar/2024:11:50:25 +0800] "POST /xingrg/kc/buy/cgsh_order_operate.html HTTP/1.1" 200 1794
124.78.156.194 - - [25/Mar/2024:11:50:28 +0800] "GET /xingrg/kc/print/load_data.html?order_code=212024032507544&kc_code=cgsh&condition= HTTP/1.1" 200 1159
120.253.135.82 - - [25/Mar/2024:11:50:30 +0800] "GET /xingrg/kc/buy/cgsh_order_operate.html?command=get_materiel&rest_code=00101&code=00101030030&supplier_code=00100622&order_time=2024-03-25 HTTP/1.1" 200 418
101.83.240.43 - - [25/Mar/2024:11:50:30 +0800] "POST /xingrg/dwr/call/plaincall/AjaxQqpsService.getMaterielByCode.dwr HTTP/1.1" 200 2758
124.79.241.4 - - [25/Mar/2024:11:50:30 +0800] "GET /xingrg/check_reg.html?_=1711338629258 HTTP/1.1" 200 22
124.78.156.194 - - [25/Mar/2024:11:50:31 +0800] "GET /xingrg/all/function/internal_message.html?_=1711338630269&CODE_STATE=getMsg HTTP/1.1" 200 27
124.79.241.4 - - [25/Mar/2024:11:50:31 +0800] "GET /xingrg/all/function/internal_message.html?_=1711338629606&CODE_STATE=getMsg HTTP/1.1" 200 27
180.163.28.143 - - [25/Mar/2024:11:50:32 +0800] "GET /xingrg/check_reg.html?_=1711338570751 HTTP/1.1" 302 -
180.163.28.143 - - [25/Mar/2024:11:50:32 +0800] "GET /xingrg/login.html HTTP/1.1" 200 7641
222.70.115.1 - - [25/Mar/2024:11:50:34 +0800] "GET /xingrg/check_reg.html?_=1711338638609 HTTP/1.1" 200 22
222.70.115.1 - - [25/Mar/2024:11:50:34 +0800] "GET /xingrg/all/function/internal_message.html?_=1711338638619&CODE_STATE=getMsg HTTP/1.1" 200 27
124.78.156.194 - - [25/Mar/2024:11:50:34 +0800] "GET /xingrg/kc/buy/buy_main.html HTTP/1.1" 200 12412
124.78.156.194 - - [25/Mar/2024:11:50:34 +0800] "GET /xingrg/css/new_ie.css HTTP/1.1" 404 1036
101.83.240.43 - - [25/Mar/2024:11:50:34 +0800] "POST /xingrg/dwr/call/plaincall/AjaxQqpsService.saveMaterielItem.dwr HTTP/1.1" 200 79
124.78.156.194 - - [25/Mar/2024:11:50:35 +0800] "GET /xingrg/images/yd/bt.gif HTTP/1.1" 404 1040
124.78.156.194 - - [25/Mar/2024:11:50:36 +0800] "GET /xingrg/kc/buy/cgsh_order_list.html HTTP/1.1" 200 57880
101.83.240.43 - - [25/Mar/2024:11:50:36 +0800] "POST /xingrg/dwr/call/plaincall/AjaxQqpsService.getMaterielByCode.dwr HTTP/1.1" 200 2817
101.228.147.14 - - [25/Mar/2024:11:50:37 +0800] "GET /xingrg/all/function/internal_message.html?_=1711338635477&CODE_STATE=getMsg HTTP/1.1" 200 27
124.78.156.194 - - [25/Mar/2024:11:50:38 +0800] "GET /xingrg/all/function/internal_message.html?_=1711338639305&CODE_STATE=getMsg HTTP/1.1" 200 27
180.169.147.146 - - [25/Mar/2024:11:50:38 +0800] "GET /xingrg/all/function/internal_message.html?_=1711338632400&CODE_STATE=getMsg HTTP/1.1" 200 27
124.78.156.194 - - [25/Mar/2024:11:50:38 +0800] "POST /xingrg/kc/buy/cgsh_list_operate.html HTTP/1.1" 200 645
101.83.240.43 - - [25/Mar/2024:11:50:39 +0800] "GET /xingrg/all/function/internal_message.html?_=1711338638907&CODE_STATE=getMsg HTTP/1.1" 200 27
180.169.147.146 - - [25/Mar/2024:11:50:39 +0800] "GET /xingrg/check_reg.html?_=1711338633447 HTTP/1.1" 200 22
222.69.133.65 - - [25/Mar/2024:11:50:40 +0800] "GET /xingrg/all/function/internal_message.html?_=1711338640827&CODE_STATE=getMsg HTTP/1.1" 200 27
101.83.240.43 - - [25/Mar/2024:11:50:40 +0800] "GET /xingrg/check_reg.html?_=1711338640548 HTTP/1.1" 200 22
222.70.183.82 - - [25/Mar/2024:11:50:42 +0800] "GET /xingrg/all/function/internal_message.html?_=1711338642693&CODE_STATE=getMsg HTTP/1.1" 200 27
222.70.183.82 - - [25/Mar/2024:11:50:43 +0800] "GET /xingrg/check_reg.html?_=1711338643365 HTTP/1.1" 200 22
120.253.135.82 - - [25/Mar/2024:11:50:44 +0800] "GET /xingrg/kc/buy/cgsh_order_operate.html?command=get_materiel&rest_code=00101&code=00101030036&supplier_code=00100622&order_time=2024-03-25 HTTP/1.1" 200 415
180.164.1.25 - - [25/Mar/2024:11:50:49 +0800] "GET /xingrg/all/function/internal_message.html?_=1711338649554&CODE_STATE=getMsg HTTP/1.1" 200 27
120.253.135.82 - - [25/Mar/2024:11:50:55 +0800] "POST /xingrg/kc/buy/cgsh_order_operate.html HTTP/1.1" 200 37
101.83.240.43 - - [25/Mar/2024:11:50:55 +0800] "POST /xingrg/dwr/call/plaincall/AjaxQqpsService.saveMaterielItem.dwr HTTP/1.1" 200 79
180.169.147.146 - - [25/Mar/2024:11:50:57 +0800] "GET /xingrg/all/function/internal_message.html?_=1711338656674&CODE_STATE=getMsg HTTP/1.1" 200 27
120.253.135.82 - - [25/Mar/2024:11:50:57 +0800] "POST /xingrg/kc/buy/cgsh_order_operate.html HTTP/1.1" 200 6280
101.83.240.43 - - [25/Mar/2024:11:50:58 +0800] "POST /xingrg/dwr/call/plaincall/AjaxQqpsService.getMaterielByCode.dwr HTTP/1.1" 200 2745
101.83.144.49 - - [25/Mar/2024:11:50:59 +0800] "GET /xingrg/all/function/internal_message.html?_=1711338420891&CODE_STATE=getMsg HTTP/1.1" 200 27
101.83.240.43 - - [25/Mar/2024:11:51:00 +0800] "POST /xingrg/dwr/call/plaincall/AjaxQqpsService.saveMaterielItem.dwr HTTP/1.1" 200 79
101.83.240.43 - - [25/Mar/2024:11:51:02 +0800] "POST /xingrg/dwr/call/plaincall/AjaxQqpsService.getMaterielByCode.dwr HTTP/1.1" 200 2744
101.83.240.43 - - [25/Mar/2024:11:51:04 +0800] "POST /xingrg/dwr/call/plaincall/AjaxQqpsService.saveMaterielItem.dwr HTTP/1.1" 200 79
120.253.135.82 - - [25/Mar/2024:11:51:08 +0800] "POST /xingrg/kc/buy/cgsh_order_operate.html HTTP/1.1" 200 37
120.253.135.82 - - [25/Mar/2024:11:51:10 +0800] "POST /xingrg/kc/buy/cgsh_order_operate.html HTTP/1.1" 200 6280
124.79.241.4 - - [25/Mar/2024:11:51:14 +0800] "GET /xingrg/all/function/internal_message.html?_=1711338698333&CODE_STATE=getMsg HTTP/1.1" 200 27
124.78.60.103 - - [25/Mar/2024:11:51:16 +0800] "GET /xingrg/all/function/internal_message.html?_=1711338676360&CODE_STATE=getMsg HTTP/1.1" 200 27
116.224.254.208 - - [25/Mar/2024:11:51:16 +0800] "GET /xingrg/all/function/internal_message.html?_=1711338676702&CODE_STATE=getMsg HTTP/1.1" 200 27
116.235.245.40 - - [25/Mar/2024:11:51:18 +0800] "GET /xingrg/all/function/internal_message.html?_=1711338680250&CODE_STATE=getMsg HTTP/1.1" 200 27
101.83.144.49 - - [25/Mar/2024:11:51:20 +0800] "GET /xingrg/all/function/internal_message.html?_=1711338680936&CODE_STATE=getMsg HTTP/1.1" 200 27
114.85.113.46 - - [25/Mar/2024:11:51:21 +0800] "GET /xingrg/all/function/internal_message.html?_=1711338680501&CODE_STATE=getMsg HTTP/1.1" 200 27
101.83.240.43 - - [25/Mar/2024:11:51:21 +0800] "POST /xingrg/dwr/call/plaincall/AjaxQqpsService.removeMaterielItem.dwr HTTP/1.1" 200 79
120.253.135.82 - - [25/Mar/2024:11:51:23 +0800] "GET /xingrg/kc/report/report_main.html HTTP/1.1" 200 8599
120.253.135.82 - - [25/Mar/2024:11:51:25 +0800] "GET /xingrg/kc/base/kc_stocks.html HTTP/1.1" 200 16554
120.253.135.82 - - [25/Mar/2024:11:51:25 +0800] "GET /xingrg/javascript/easyui/themes/default/tree.css HTTP/1.1" 404 1090
120.253.135.82 - - [25/Mar/2024:11:51:25 +0800] "POST /xingrg/all/common/load_tree.html?tree=materiel_sort_tree_json HTTP/1.1" 200 9734
120.253.135.82 - - [25/Mar/2024:11:51:26 +0800] "POST /xingrg/all/common/load_combo.html?type=base HTTP/1.1" 200 1169
101.83.240.43 - - [25/Mar/2024:11:51:27 +0800] "POST /xingrg/dwr/call/plaincall/AjaxQqpsService.deleteOrder.dwr HTTP/1.1" 200 79
101.83.240.43 - - [25/Mar/2024:11:51:29 +0800] "GET /xingrg/kc/mdqp/qqps_order_list.html HTTP/1.1" 200 9668
101.83.240.43 - - [25/Mar/2024:11:51:29 +0800] "GET /xingrg/dwr/interface/AjaxQqpsService.js HTTP/1.1" 200 16326
101.83.240.43 - - [25/Mar/2024:11:51:29 +0800] "GET /xingrg/dwr/interface/AjaxReportQueryService.js HTTP/1.1" 200 13203
101.83.240.43 - - [25/Mar/2024:11:51:29 +0800] "GET /xingrg/dwr/engine.js HTTP/1.1" 200 43631
124.78.156.194 - - [25/Mar/2024:11:51:31 +0800] "GET /xingrg/all/function/internal_message.html?_=1711338690240&CODE_STATE=getMsg HTTP/1.1" 200 27
124.79.241.4 - - [25/Mar/2024:11:51:31 +0800] "GET /xingrg/all/function/internal_message.html?_=1711338689591&CODE_STATE=getMsg HTTP/1.1" 200 27
222.70.115.1 - - [25/Mar/2024:11:51:33 +0800] "GET /xingrg/all/function/internal_message.html?_=1711338698602&CODE_STATE=getMsg HTTP/1.1" 200 27
101.83.240.43 - - [25/Mar/2024:11:51:36 +0800] "GET /xingrg/kc/mdqp/qqps_order_info.html?code=302024032500337 HTTP/1.1" 200 26720
101.83.240.43 - - [25/Mar/2024:11:51:36 +0800] "GET /xingrg/dwr/interface/AjaxComOrderService.js HTTP/1.1" 200 18264
101.83.240.43 - - [25/Mar/2024:11:51:36 +0800] "GET /xingrg/dwr/interface/AjaxQqpsService.js HTTP/1.1" 200 16326
101.83.240.43 - - [25/Mar/2024:11:51:36 +0800] "GET /xingrg/dwr/engine.js HTTP/1.1" 200 43631
120.253.135.82 - - [25/Mar/2024:11:51:37 +0800] "POST /xingrg/kc/base/stock_operate.html HTTP/1.1" 200 1462
101.83.240.43 - - [25/Mar/2024:11:51:37 +0800] "POST /xingrg/dwr/call/plaincall/AjaxQqpsService.loadMaterielItems.dwr HTTP/1.1" 200 630
101.228.147.14 - - [25/Mar/2024:11:51:37 +0800] "GET /xingrg/all/function/internal_message.html?_=1711338695477&CODE_STATE=getMsg HTTP/1.1" 200 27
180.169.147.146 - - [25/Mar/2024:11:51:38 +0800] "GET /xingrg/all/function/internal_message.html?_=1711338692385&CODE_STATE=getMsg HTTP/1.1" 200 27
101.83.240.43 - - [25/Mar/2024:11:51:39 +0800] "GET /xingrg/all/function/internal_message.html?_=1711338698896&CODE_STATE=getMsg HTTP/1.1" 200 27
101.83.240.43 - - [25/Mar/2024:11:51:39 +0800] "GET /xingrg/kc/mdqp/qqps_order_list.html?isBack=1 HTTP/1.1" 200 9677
101.83.240.43 - - [25/Mar/2024:11:51:39 +0800] "GET /xingrg/dwr/interface/AjaxQqpsService.js HTTP/1.1" 200 16326
101.83.240.43 - - [25/Mar/2024:11:51:39 +0800] "GET /xingrg/dwr/interface/AjaxReportQueryService.js HTTP/1.1" 200 13203
101.83.240.43 - - [25/Mar/2024:11:51:39 +0800] "GET /xingrg/dwr/engine.js HTTP/1.1" 200 43631
120.253.135.82 - - [25/Mar/2024:11:51:40 +0800] "GET /xingrg/kc/base/stock_detail.html?m=00101030035 HTTP/1.1" 200 6435
120.253.135.82 - - [25/Mar/2024:11:51:40 +0800] "GET /xingrg/javascript/jquery_easy_ui/themes/default/images/menu.gif HTTP/1.1" 304 -
222.69.133.65 - - [25/Mar/2024:11:51:40 +0800] "GET /xingrg/all/function/internal_message.html?_=1711338700828&CODE_STATE=getMsg HTTP/1.1" 200 27
120.253.135.82 - - [25/Mar/2024:11:51:42 +0800] "GET /xingrg/kc/base/stock_operate.html?_=1711338543476&command=get_report_file&start_day=20240301 HTTP/1.1" 200 53
120.253.135.82 - - [25/Mar/2024:11:51:42 +0800] "GET /xingrg/all/report/report_query.html?isQuery=1&onlyBody=1&rh=2000&fileName=kc/base/kc_stock_detail_new.xml&queryString=(1=1)&queryText=&tableQueryString=init_table$sp1$$sp$crk_table$sp1$order_day%20between%2020240301%20and%2020240331&varString=start_day:20240301,materiel_code:00101030035,cost_id:4949,end_date:20240229 HTTP/1.1" 200 48701
120.253.135.82 - - [25/Mar/2024:11:51:42 +0800] "GET /xingrg/javascript/calendar/timePicker.css HTTP/1.1" 304 -
120.253.135.82 - - [25/Mar/2024:11:51:42 +0800] "GET /xingrg/javascript/multi_select/jqueryMultiSelect.css HTTP/1.1" 304 -
120.253.135.82 - - [25/Mar/2024:11:51:42 +0800] "GET /xingrg/dwr/interface/AjaxReportQueryService.js HTTP/1.1" 200 13203
120.253.135.82 - - [25/Mar/2024:11:51:42 +0800] "GET /xingrg/javascript/calendar/jquery.timePicker.min.js HTTP/1.1" 304 -
120.253.135.82 - - [25/Mar/2024:11:51:42 +0800] "GET /xingrg/javascript/bigrid/fix.css HTTP/1.1" 304 -
120.253.135.82 - - [25/Mar/2024:11:51:42 +0800] "GET /xingrg/javascript/bigrid/fix.js HTTP/1.1" 304 -
120.253.135.82 - - [25/Mar/2024:11:51:42 +0800] "GET /xingrg/javascript/jqueryMultiSelect.js HTTP/1.1" 304 -
120.253.135.82 - - [25/Mar/2024:11:51:42 +0800] "GET /xingrg/dwr/engine.js HTTP/1.1" 200 43631
120.253.135.82 - - [25/Mar/2024:11:51:42 +0800] "GET /xingrg/images/blue/button/advanceover.gif HTTP/1.1" 304 -
120.253.135.82 - - [25/Mar/2024:11:51:42 +0800] "GET /xingrg/images/blue/button/advance2over.gif HTTP/1.1" 304 -
120.253.135.82 - - [25/Mar/2024:11:51:42 +0800] "GET /xingrg/images/control/loading.gif HTTP/1.1" 304 -
120.253.135.82 - - [25/Mar/2024:11:51:42 +0800] "GET /xingrg/images/blue/button/backover.gif HTTP/1.1" 304 -
120.253.135.82 - - [25/Mar/2024:11:51:42 +0800] "GET /xingrg/images/blue/button/back2over.gif HTTP/1.1" 304 -
120.253.135.82 - - [25/Mar/2024:11:51:42 +0800] "GET /xingrg/javascript/jquery_easy_ui/themes/icons/help.png HTTP/1.1" 304 -
222.70.183.82 - - [25/Mar/2024:11:51:42 +0800] "GET /xingrg/all/function/internal_message.html?_=1711338702677&CODE_STATE=getMsg HTTP/1.1" 200 27
120.253.135.82 - - [25/Mar/2024:11:51:43 +0800] "POST /xingrg/all/report/load_report_page.html HTTP/1.1" 200 34912
120.253.135.82 - - [25/Mar/2024:11:51:44 +0800] "GET /xingrg/servlets/image?cache=0.7142796149401852&image=px HTTP/1.1" 200 807
101.83.240.43 - - [25/Mar/2024:11:51:46 +0800] "GET /xingrg/kc/mdqp/qqps_order_add.html HTTP/1.1" 200 28317
101.83.240.43 - - [25/Mar/2024:11:51:46 +0800] "GET /xingrg/dwr/interface/AjaxComOrderService.js HTTP/1.1" 200 18264
101.83.240.43 - - [25/Mar/2024:11:51:46 +0800] "GET /xingrg/dwr/interface/AjaxQqpsService.js HTTP/1.1" 200 16326
101.83.240.43 - - [25/Mar/2024:11:51:46 +0800] "GET /xingrg/dwr/engine.js HTTP/1.1" 200 43631
116.238.97.31 - - [25/Mar/2024:11:51:48 +0800] "GET /xingrg/check_reg.html?_=1711338709925 HTTP/1.1" 200 22
180.164.1.25 - - [25/Mar/2024:11:51:49 +0800] "GET /xingrg/all/function/internal_message.html?_=1711338709553&CODE_STATE=getMsg HTTP/1.1" 200 27
120.253.135.82 - - [25/Mar/2024:11:51:53 +0800] "GET /xingrg/kc/base/stock_operate.html?_=1711338554677&command=get_report_file&start_day=20220301 HTTP/1.1" 200 53
120.253.135.82 - - [25/Mar/2024:11:51:53 +0800] "GET /xingrg/all/report/report_query.html?isQuery=1&onlyBody=1&rh=2000&fileName=kc/base/kc_stock_detail_new.xml&queryString=(1=1)&queryText=&tableQueryString=init_table$sp1$$sp$crk_table$sp1$order_day%20between%2020220301%20and%2020240331&varString=start_day:20220301,materiel_code:00101030035,cost_id:3646,end_date:20220228 HTTP/1.1" 200 48701
120.253.135.82 - - [25/Mar/2024:11:51:53 +0800] "GET /xingrg/dwr/interface/AjaxReportQueryService.js HTTP/1.1" 200 13203
120.253.135.82 - - [25/Mar/2024:11:51:53 +0800] "GET /xingrg/dwr/engine.js HTTP/1.1" 200 43631
120.253.135.82 - - [25/Mar/2024:11:51:56 +0800] "POST /xingrg/all/report/load_report_page.html HTTP/1.1" 200 338404
120.253.135.82 - - [25/Mar/2024:11:51:56 +0800] "GET /xingrg/servlets/image?cache=0.8037047653789651&image=px HTTP/1.1" 200 807
180.169.147.146 - - [25/Mar/2024:11:51:57 +0800] "GET /xingrg/all/function/internal_message.html?_=1711338716682&CODE_STATE=getMsg HTTP/1.1" 200 27
101.83.144.49 - - [25/Mar/2024:11:51:59 +0800] "GET /xingrg/all/function/internal_message.html?_=1711338480866&CODE_STATE=getMsg HTTP/1.1" 200 27
101.83.240.43 - - [25/Mar/2024:11:52:03 +0800] "POST /xingrg/dwr/call/plaincall/AjaxQqpsService.saveOrder.dwr HTTP/1.1" 200 78
101.83.240.43 - - [25/Mar/2024:11:52:11 +0800] "POST /xingrg/dwr/call/plaincall/AjaxQqpsService.getMaterielByCode.dwr HTTP/1.1" 200 2757
124.79.241.4 - - [25/Mar/2024:11:52:14 +0800] "GET /xingrg/all/function/internal_message.html?_=1711338758332&CODE_STATE=getMsg HTTP/1.1" 200 27
101.83.240.43 - - [25/Mar/2024:11:52:15 +0800] "POST /xingrg/dwr/call/plaincall/AjaxQqpsService.saveMaterielItem.dwr HTTP/1.1" 200 78
124.78.60.103 - - [25/Mar/2024:11:52:16 +0800] "GET /xingrg/all/function/internal_message.html?_=1711338736358&CODE_STATE=getMsg HTTP/1.1" 200 27
116.224.254.208 - - [25/Mar/2024:11:52:16 +0800] "GET /xingrg/check_reg.html?_=1711338736722 HTTP/1.1" 200 22
116.224.254.208 - - [25/Mar/2024:11:52:16 +0800] "GET /xingrg/all/function/internal_message.html?_=1711338736719&CODE_STATE=getMsg HTTP/1.1" 200 27
101.83.240.43 - - [25/Mar/2024:11:52:17 +0800] "POST /xingrg/dwr/call/plaincall/AjaxQqpsService.getMaterielByCode.dwr HTTP/1.1" 200 2743
116.235.245.40 - - [25/Mar/2024:11:52:18 +0800] "GET /xingrg/all/function/internal_message.html?_=1711338740586&CODE_STATE=getMsg HTTP/1.1" 200 27
101.83.240.43 - - [25/Mar/2024:11:52:19 +0800] "POST /xingrg/dwr/call/plaincall/AjaxQqpsService.saveMaterielItem.dwr HTTP/1.1" 200 78
101.83.144.49 - - [25/Mar/2024:11:52:19 +0800] "GET /xingrg/check_reg.html?_=1711338740438 HTTP/1.1" 200 22
101.83.144.49 - - [25/Mar/2024:11:52:20 +0800] "GET /xingrg/all/function/internal_message.html?_=1711338740918&CODE_STATE=getMsg HTTP/1.1" 200 27
114.85.113.46 - - [25/Mar/2024:11:52:20 +0800] "GET /xingrg/all/function/internal_message.html?_=1711338740486&CODE_STATE=getMsg HTTP/1.1" 200 27
120.253.135.82 - - [25/Mar/2024:11:52:22 +0800] "GET /xingrg/kc/buy/cgsh_order_list.html HTTP/1.1" 200 57880
101.83.240.43 - - [25/Mar/2024:11:52:22 +0800] "POST /xingrg/dwr/call/plaincall/AjaxQqpsService.getMaterielByCode.dwr HTTP/1.1" 200 2827
101.83.240.43 - - [25/Mar/2024:11:52:24 +0800] "POST /xingrg/dwr/call/plaincall/AjaxQqpsService.saveMaterielItem.dwr HTTP/1.1" 200 78
101.83.240.43 - - [25/Mar/2024:11:52:25 +0800] "POST /xingrg/dwr/call/plaincall/AjaxQqpsService.getMaterielByCode.dwr HTTP/1.1" 200 2743
120.253.135.82 - - [25/Mar/2024:11:52:26 +0800] "POST /xingrg/kc/buy/cgsh_list_operate.html HTTP/1.1" 200 1382
101.83.240.43 - - [25/Mar/2024:11:52:29 +0800] "POST /xingrg/dwr/call/plaincall/AjaxQqpsService.saveMaterielItem.dwr HTTP/1.1" 200 78
180.163.29.212 - - [25/Mar/2024:11:52:31 +0800] "GET /xingrg/all/function/internal_message.html?_=1711338690240&CODE_STATE=getMsg HTTP/1.1" 302 -
124.78.156.194 - - [25/Mar/2024:11:52:31 +0800] "GET /xingrg/all/function/internal_message.html?_=1711338750217&CODE_STATE=getMsg HTTP/1.1" 200 27
180.163.29.212 - - [25/Mar/2024:11:52:31 +0800] "GET /xingrg/login.html HTTP/1.1" 200 7641
124.79.241.4 - - [25/Mar/2024:11:52:31 +0800] "GET /xingrg/all/function/internal_message.html?_=1711338749600&CODE_STATE=getMsg HTTP/1.1" 200 27
101.83.240.43 - - [25/Mar/2024:11:52:32 +0800] "POST /xingrg/dwr/call/plaincall/AjaxQqpsService.getMaterielByCode.dwr HTTP/1.1" 200 2758
222.70.115.1 - - [25/Mar/2024:11:52:33 +0800] "GET /xingrg/all/function/internal_message.html?_=1711338758603&CODE_STATE=getMsg HTTP/1.1" 200 27
101.83.240.43 - - [25/Mar/2024:11:52:34 +0800] "POST /xingrg/dwr/call/plaincall/AjaxQqpsService.saveMaterielItem.dwr HTTP/1.1" 200 79
101.228.147.14 - - [25/Mar/2024:11:52:37 +0800] "GET /xingrg/all/function/internal_message.html?_=1711338755476&CODE_STATE=getMsg HTTP/1.1" 200 27
101.83.240.43 - - [25/Mar/2024:11:52:37 +0800] "POST /xingrg/dwr/call/plaincall/AjaxQqpsService.getMaterielByCode.dwr HTTP/1.1" 200 2745
180.169.147.146 - - [25/Mar/2024:11:52:38 +0800] "GET /xingrg/all/function/internal_message.html?_=1711338752368&CODE_STATE=getMsg HTTP/1.1" 200 27
101.83.240.43 - - [25/Mar/2024:11:52:39 +0800] "GET /xingrg/all/function/internal_message.html?_=1711338758878&CODE_STATE=getMsg HTTP/1.1" 200 27
101.83.240.43 - - [25/Mar/2024:11:52:39 +0800] "POST /xingrg/dwr/call/plaincall/AjaxQqpsService.saveMaterielItem.dwr HTTP/1.1" 200 79
222.69.133.65 - - [25/Mar/2024:11:52:40 +0800] "GET /xingrg/all/function/internal_message.html?_=1711338760809&CODE_STATE=getMsg HTTP/1.1" 200 27
101.83.240.43 - - [25/Mar/2024:11:52:42 +0800] "POST /xingrg/dwr/call/plaincall/AjaxQqpsService.getMaterielByCode.dwr HTTP/1.1" 200 2744
222.70.183.82 - - [25/Mar/2024:11:52:42 +0800] "GET /xingrg/all/function/internal_message.html?_=1711338762662&CODE_STATE=getMsg HTTP/1.1" 200 27
120.253.135.82 - - [25/Mar/2024:11:52:43 +0800] "POST /xingrg/kc/buy/cgsh_list_operate.html HTTP/1.1" 200 598
101.83.240.43 - - [25/Mar/2024:11:52:45 +0800] "POST /xingrg/dwr/call/plaincall/AjaxQqpsService.saveMaterielItem.dwr HTTP/1.1" 200 79
120.253.135.82 - - [25/Mar/2024:11:52:45 +0800] "GET /xingrg/kc/buy/cgsh_order_info.html?code=212024032507545 HTTP/1.1" 200 72726
120.253.135.82 - - [25/Mar/2024:11:52:45 +0800] "GET /xingrg/javascript/easyui/themes/default/validatebox.css HTTP/1.1" 404 1104
120.253.135.82 - - [25/Mar/2024:11:52:46 +0800] "POST /xingrg/kc/buy/cgsh_order_operate.html HTTP/1.1" 200 6280
120.253.135.82 - - [25/Mar/2024:11:52:49 +0800] "GET /xingrg/kc/print/load_data.html?order_code=212024032507545&kc_code=cgsh&condition= HTTP/1.1" 200 2093
180.164.1.25 - - [25/Mar/2024:11:52:49 +0800] "GET /xingrg/all/function/internal_message.html?_=1711338769528&CODE_STATE=getMsg HTTP/1.1" 200 27
120.253.135.82 - - [25/Mar/2024:11:52:49 +0800] "GET /favicon.ico HTTP/1.1" 404 -
101.83.240.43 - - [25/Mar/2024:11:52:51 +0800] "POST /xingrg/dwr/call/plaincall/AjaxQqpsService.checkOrder.dwr HTTP/1.1" 200 79
101.83.240.43 - - [25/Mar/2024:11:52:53 +0800] "GET /xingrg/kc/mdqp/qqps_order_info.html?code=302024032500339 HTTP/1.1" 200 26720
101.83.240.43 - - [25/Mar/2024:11:52:53 +0800] "GET /xingrg/dwr/interface/AjaxComOrderService.js HTTP/1.1" 200 18264
101.83.240.43 - - [25/Mar/2024:11:52:53 +0800] "GET /xingrg/dwr/interface/AjaxQqpsService.js HTTP/1.1" 200 16326
101.83.240.43 - - [25/Mar/2024:11:52:53 +0800] "GET /xingrg/dwr/engine.js HTTP/1.1" 200 43631
101.83.240.43 - - [25/Mar/2024:11:52:54 +0800] "POST /xingrg/dwr/call/plaincall/AjaxQqpsService.loadMaterielItems.dwr HTTP/1.1" 200 1932
101.83.240.43 - - [25/Mar/2024:11:52:56 +0800] "GET /xingrg/kc/mdqp/qqps_order_list.html?isBack=1 HTTP/1.1" 200 10088
101.83.240.43 - - [25/Mar/2024:11:52:56 +0800] "GET /xingrg/dwr/interface/AjaxQqpsService.js HTTP/1.1" 200 16326
101.83.240.43 - - [25/Mar/2024:11:52:56 +0800] "GET /xingrg/dwr/interface/AjaxReportQueryService.js HTTP/1.1" 200 13203
101.83.240.43 - - [25/Mar/2024:11:52:56 +0800] "GET /xingrg/dwr/engine.js HTTP/1.1" 200 43631
180.169.147.146 - - [25/Mar/2024:11:52:57 +0800] "GET /xingrg/all/function/internal_message.html?_=1711338776677&CODE_STATE=getMsg HTTP/1.1" 200 27
180.169.147.146 - - [25/Mar/2024:11:52:57 +0800] "GET /xingrg/check_reg.html?_=1711338776679 HTTP/1.1" 200 22
101.83.144.49 - - [25/Mar/2024:11:52:59 +0800] "GET /xingrg/all/function/internal_message.html?_=1711338540837&CODE_STATE=getMsg HTTP/1.1" 200 27
101.83.240.43 - - [25/Mar/2024:11:52:59 +0800] "GET /xingrg/kc/mdqp/qqps_order_info.html?code=302024032500339 HTTP/1.1" 200 26720
101.83.240.43 - - [25/Mar/2024:11:52:59 +0800] "GET /xingrg/dwr/interface/AjaxComOrderService.js HTTP/1.1" 200 18264
101.83.240.43 - - [25/Mar/2024:11:52:59 +0800] "GET /xingrg/dwr/interface/AjaxQqpsService.js HTTP/1.1" 200 16326
101.83.240.43 - - [25/Mar/2024:11:52:59 +0800] "GET /xingrg/dwr/engine.js HTTP/1.1" 200 43631
101.83.144.49 - - [25/Mar/2024:11:53:00 +0800] "GET /xingrg/check_reg.html?_=1711338541681 HTTP/1.1" 200 22
101.83.240.43 - - [25/Mar/2024:11:53:00 +0800] "POST /xingrg/dwr/call/plaincall/AjaxQqpsService.loadMaterielItems.dwr HTTP/1.1" 200 1932
101.83.240.43 - - [25/Mar/2024:11:53:04 +0800] "GET /xingrg/kc/mdqp/qqps_order_add.html HTTP/1.1" 200 28317
101.83.240.43 - - [25/Mar/2024:11:53:04 +0800] "GET /xingrg/dwr/interface/AjaxComOrderService.js HTTP/1.1" 200 18264
101.83.240.43 - - [25/Mar/2024:11:53:04 +0800] "GET /xingrg/dwr/interface/AjaxQqpsService.js HTTP/1.1" 200 16326
101.83.240.43 - - [25/Mar/2024:11:53:04 +0800] "GET /xingrg/dwr/engine.js HTTP/1.1" 200 43631
124.78.60.103 - - [25/Mar/2024:11:53:06 +0800] "GET /xingrg/javascript/auto/indicator.gif HTTP/1.1" 404 1066
101.83.144.49 - - [25/Mar/2024:11:53:07 +0800] "GET /xingrg/kc/base/wldb_order_list.html HTTP/1.1" 200 19051
101.83.144.49 - - [25/Mar/2024:11:53:08 +0800] "POST /xingrg/kc/base/wldb_list_operate.html HTTP/1.1" 200 3332
101.83.144.49 - - [25/Mar/2024:11:53:10 +0800] "POST /xingrg/kc/base/wldb_list_operate.html HTTP/1.1" 200 641
101.83.144.49 - - [25/Mar/2024:11:53:11 +0800] "GET /xingrg/kc/base/wldb_order_info.html?code=422024032501797 HTTP/1.1" 200 30395
101.83.144.49 - - [25/Mar/2024:11:53:11 +0800] "GET /xingrg/javascript/easyui/themes/default/validatebox.css HTTP/1.1" 404 1104
120.253.135.82 - - [25/Mar/2024:11:53:12 +0800] "GET /xingrg/check_reg.html?_=1711338633291 HTTP/1.1" 200 22
101.83.144.49 - - [25/Mar/2024:11:53:12 +0800] "POST /xingrg/kc/base/wldb_order_operate.html HTTP/1.1" 200 5619
124.79.241.4 - - [25/Mar/2024:11:53:14 +0800] "GET /xingrg/all/function/internal_message.html?_=1711338818330&CODE_STATE=getMsg HTTP/1.1" 200 27
124.78.60.103 - - [25/Mar/2024:11:53:16 +0800] "GET /xingrg/all/function/internal_message.html?_=1711338796335&CODE_STATE=getMsg HTTP/1.1" 200 27
116.224.254.208 - - [25/Mar/2024:11:53:16 +0800] "GET /xingrg/all/function/internal_message.html?_=1711338796705&CODE_STATE=getMsg HTTP/1.1" 200 27
101.83.240.43 - - [25/Mar/2024:11:53:17 +0800] "GET /xingrg/login.html HTTP/1.1" 200 7641
101.83.240.43 - - [25/Mar/2024:11:53:17 +0800] "GET /favicon.ico HTTP/1.1" 404 -
116.235.245.40 - - [25/Mar/2024:11:53:18 +0800] "GET /xingrg/all/function/internal_message.html?_=1711338800590&CODE_STATE=getMsg HTTP/1.1" 200 27
101.83.144.49 - - [25/Mar/2024:11:53:20 +0800] "GET /xingrg/all/function/internal_message.html?_=1711338800916&CODE_STATE=getMsg HTTP/1.1" 200 27
114.85.113.46 - - [25/Mar/2024:11:53:20 +0800] "GET /xingrg/all/function/internal_message.html?_=1711338800473&CODE_STATE=getMsg HTTP/1.1" 200 27
101.83.240.43 - - [25/Mar/2024:11:53:22 +0800] "POST /xingrg/login.do HTTP/1.1" 302 -
101.83.240.43 - - [25/Mar/2024:11:53:22 +0800] "GET /xingrg/index.html?sysBaseUrl=http%3A%2F%2F180.169.147.146%3A18081%2Fxingrg%2F&costTime=850×tamp=1711338802875 HTTP/1.1" 200 17503
101.83.240.43 - - [25/Mar/2024:11:53:23 +0800] "GET /favicon.ico HTTP/1.1" 404 -
101.83.240.43 - - [25/Mar/2024:11:53:23 +0800] "GET /xingrg/check_reg.html?_=1711338802981 HTTP/1.1" 200 22
101.83.240.43 - - [25/Mar/2024:11:53:23 +0800] "GET /xingrg/all/function/internal_message.html?_=1711338802980&CODE_STATE=count HTTP/1.1" 200 11
101.83.240.43 - - [25/Mar/2024:11:53:23 +0800] "POST /xingrg/all/common/load_tree.html?tree=area_rest_tree_json&manage=1 HTTP/1.1" 200 3624
101.83.240.43 - - [25/Mar/2024:11:53:23 +0800] "POST /xingrg/load_menu.html HTTP/1.1" 200 11443
101.83.240.43 - - [25/Mar/2024:11:53:25 +0800] "POST /xingrg/all/user/operate.html HTTP/1.1" 200 36
101.83.240.43 - - [25/Mar/2024:11:53:25 +0800] "GET /xingrg/index.html?sysBaseUrl=http%3A%2F%2F180.169.147.146%3A18081%2Fxingrg%2F&costTime=850×tamp=1711338802875 HTTP/1.1" 200 17503
101.83.240.43 - - [25/Mar/2024:11:53:25 +0800] "GET /xingrg/javascript/jquery_easy_ui/themes/default/easyui.css HTTP/1.1" 304 -
101.83.240.43 - - [25/Mar/2024:11:53:25 +0800] "GET /xingrg/javascript/jquery_easy_ui/themes/icon.css HTTP/1.1" 304 -
101.83.240.43 - - [25/Mar/2024:11:53:25 +0800] "GET /xingrg/css/form.css HTTP/1.1" 304 -
101.83.240.43 - - [25/Mar/2024:11:53:25 +0800] "GET /xingrg/javascript/jquery-1.4.2.min.js HTTP/1.1" 304 -
101.83.240.43 - - [25/Mar/2024:11:53:25 +0800] "GET /xingrg/javascript/jquery_easy_ui/jquery.easyui.min.js HTTP/1.1" 304 -
101.83.240.43 - - [25/Mar/2024:11:53:25 +0800] "GET /xingrg/javascript/jquery_easy_ui/easyui-lang-zh_CN.js HTTP/1.1" 304 -
101.83.240.43 - - [25/Mar/2024:11:53:25 +0800] "GET /xingrg/javascript/jquery.form.js HTTP/1.1" 304 -
101.83.240.43 - - [25/Mar/2024:11:53:25 +0800] "GET /xingrg/javascript/jquery.utils.js HTTP/1.1" 304 -
101.83.240.43 - - [25/Mar/2024:11:53:25 +0800] "GET /xingrg/javascript/jquery.timers.js HTTP/1.1" 304 -
101.83.240.43 - - [25/Mar/2024:11:53:25 +0800] "GET /xingrg/images/blue/jxLogo.png HTTP/1.1" 304 -
101.83.240.43 - - [25/Mar/2024:11:53:25 +0800] "GET /xingrg/javascript/jquery_easy_ui/themes/icons/settle_new.png HTTP/1.1" 304 -
101.83.240.43 - - [25/Mar/2024:11:53:25 +0800] "GET /xingrg/images/blue/navBackgound.jpg HTTP/1.1" 304 -
101.83.240.43 - - [25/Mar/2024:11:53:25 +0800] "GET /xingrg/check_reg.html?_=1711338805428 HTTP/1.1" 200 22
101.83.240.43 - - [25/Mar/2024:11:53:25 +0800] "GET /xingrg/all/function/internal_message.html?_=1711338805427&CODE_STATE=count HTTP/1.1" 200 11
101.83.240.43 - - [25/Mar/2024:11:53:25 +0800] "GET /xingrg/javascript/jquery_easy_ui/themes/default/images/panel_tool_collapse.gif HTTP/1.1" 304 -
101.83.240.43 - - [25/Mar/2024:11:53:25 +0800] "GET /xingrg/javascript/jquery_easy_ui/themes/default/images/tabs_leftarrow.png HTTP/1.1" 304 -
101.83.240.43 - - [25/Mar/2024:11:53:25 +0800] "GET /xingrg/javascript/jquery_easy_ui/themes/default/images/tabs_rightarrow.png HTTP/1.1" 304 -
101.83.240.43 - - [25/Mar/2024:11:53:25 +0800] "GET /xingrg/images/blue/pingpu.png HTTP/1.1" 304 -
101.83.240.43 - - [25/Mar/2024:11:53:25 +0800] "GET /xingrg/javascript/jquery_easy_ui/themes/default/images/panel_tool_expand.gif HTTP/1.1" 304 -
101.83.240.43 - - [25/Mar/2024:11:53:25 +0800] "POST /xingrg/all/common/load_tree.html?tree=area_rest_tree_json&manage=1 HTTP/1.1" 200 3624
101.83.240.43 - - [25/Mar/2024:11:53:25 +0800] "POST /xingrg/load_menu.html HTTP/1.1" 200 9959
101.83.240.43 - - [25/Mar/2024:11:53:28 +0800] "GET /xingrg/kc/base/check_order_list.html HTTP/1.1" 200 16431
101.83.240.43 - - [25/Mar/2024:11:53:28 +0800] "POST /xingrg/kc/base/check_list_operate.html HTTP/1.1" 200 2865
101.83.240.43 - - [25/Mar/2024:11:53:29 +0800] "GET /xingrg/kc/base/check_order_info.html?code=452024032400181 HTTP/1.1" 200 26518
101.83.240.43 - - [25/Mar/2024:11:53:29 +0800] "GET /xingrg/dwr/interface/AjaxComOrderService.js HTTP/1.1" 200 18264
101.83.240.43 - - [25/Mar/2024:11:53:29 +0800] "GET /xingrg/dwr/interface/AjaxCheckService.js HTTP/1.1" 200 14003
101.83.240.43 - - [25/Mar/2024:11:53:29 +0800] "GET /xingrg/dwr/engine.js HTTP/1.1" 200 43631
101.83.240.43 - - [25/Mar/2024:11:53:30 +0800] "POST /xingrg/dwr/call/plaincall/AjaxCheckService.loadOrderItems.dwr HTTP/1.1" 200 27874
124.78.156.194 - - [25/Mar/2024:11:53:31 +0800] "GET /xingrg/all/function/internal_message.html?_=1711338810189&CODE_STATE=getMsg HTTP/1.1" 200 27
124.79.241.4 - - [25/Mar/2024:11:53:31 +0800] "GET /xingrg/all/function/internal_message.html?_=1711338809587&CODE_STATE=getMsg HTTP/1.1" 200 27
222.70.115.1 - - [25/Mar/2024:11:53:33 +0800] "GET /xingrg/all/function/internal_message.html?_=1711338818608&CODE_STATE=getMsg HTTP/1.1" 200 27
101.83.240.43 - - [25/Mar/2024:11:53:34 +0800] "GET /xingrg/kc/base/check_order_info.html?code=452024032400169 HTTP/1.1" 200 26518
101.83.240.43 - - [25/Mar/2024:11:53:34 +0800] "GET /xingrg/dwr/interface/AjaxCheckService.js HTTP/1.1" 200 14003
101.83.240.43 - - [25/Mar/2024:11:53:34 +0800] "GET /xingrg/dwr/interface/AjaxComOrderService.js HTTP/1.1" 200 18264
101.83.240.43 - - [25/Mar/2024:11:53:34 +0800] "GET /xingrg/dwr/engine.js HTTP/1.1" 200 43631
101.83.240.43 - - [25/Mar/2024:11:53:34 +0800] "POST /xingrg/dwr/call/plaincall/AjaxCheckService.loadOrderItems.dwr HTTP/1.1" 200 137678
114.85.113.46 - - [25/Mar/2024:11:53:37 +0800] "GET /xingrg/check_reg.html?_=1711338816630 HTTP/1.1" 200 22
101.228.147.14 - - [25/Mar/2024:11:53:37 +0800] "GET /xingrg/check_reg.html?_=1711338815477 HTTP/1.1" 200 22
101.228.147.14 - - [25/Mar/2024:11:53:37 +0800] "GET /xingrg/all/function/internal_message.html?_=1711338815480&CODE_STATE=getMsg HTTP/1.1" 200 27
180.169.147.146 - - [25/Mar/2024:11:53:38 +0800] "GET /xingrg/all/function/internal_message.html?_=1711338812376&CODE_STATE=getMsg HTTP/1.1" 200 27
101.83.240.43 - - [25/Mar/2024:11:53:39 +0800] "GET /xingrg/all/function/internal_message.html?_=1711338818854&CODE_STATE=getMsg HTTP/1.1" 200 27
222.69.133.65 - - [25/Mar/2024:11:53:40 +0800] "GET /xingrg/all/function/internal_message.html?_=1711338820814&CODE_STATE=getMsg HTTP/1.1" 200 27
101.83.240.43 - - [25/Mar/2024:11:53:41 +0800] "POST /xingrg/dwr/call/plaincall/AjaxQqpsService.saveOrder.dwr HTTP/1.1" 200 78
222.70.183.82 - - [25/Mar/2024:11:53:42 +0800] "GET /xingrg/all/function/internal_message.html?_=1711338822643&CODE_STATE=getMsg HTTP/1.1" 200 27
124.78.60.103 - - [25/Mar/2024:11:53:45 +0800] "POST /xingrg/kc/buy/cgsh_order_operate.html HTTP/1.1" 200 2065
101.83.240.43 - - [25/Mar/2024:11:53:48 +0800] "POST /xingrg/dwr/call/plaincall/AjaxQqpsService.getMaterielByCode.dwr HTTP/1.1" 200 2779
180.164.1.25 - - [25/Mar/2024:11:53:49 +0800] "GET /xingrg/all/function/internal_message.html?_=1711338829521&CODE_STATE=getMsg HTTP/1.1" 200 27
101.83.240.43 - - [25/Mar/2024:11:53:52 +0800] "POST /xingrg/dwr/call/plaincall/AjaxQqpsService.saveMaterielItem.dwr HTTP/1.1" 200 78
101.83.240.43 - - [25/Mar/2024:11:53:56 +0800] "POST /xingrg/dwr/call/plaincall/AjaxQqpsService.getMaterielByCode.dwr HTTP/1.1" 200 2803
180.169.147.146 - - [25/Mar/2024:11:53:57 +0800] "GET /xingrg/all/function/internal_message.html?_=1711338836684&CODE_STATE=getMsg HTTP/1.1" 200 27
101.83.240.43 - - [25/Mar/2024:11:53:57 +0800] "POST /xingrg/dwr/call/plaincall/AjaxQqpsService.saveMaterielItem.dwr HTTP/1.1" 200 78
101.83.144.49 - - [25/Mar/2024:11:53:59 +0800] "GET /xingrg/all/function/internal_message.html?_=1711338600817&CODE_STATE=getMsg HTTP/1.1" 200 27
101.83.240.43 - - [25/Mar/2024:11:54:03 +0800] "POST /xingrg/dwr/call/plaincall/AjaxQqpsService.getMaterielByCode.dwr HTTP/1.1" 200 2839
101.83.240.43 - - [25/Mar/2024:11:54:04 +0800] "POST /xingrg/dwr/call/plaincall/AjaxQqpsService.saveMaterielItem.dwr HTTP/1.1" 200 78
101.83.240.43 - - [25/Mar/2024:11:54:10 +0800] "POST /xingrg/dwr/call/plaincall/AjaxQqpsService.getMaterielByCode.dwr HTTP/1.1" 200 2831
101.83.240.43 - - [25/Mar/2024:11:54:12 +0800] "POST /xingrg/dwr/call/plaincall/AjaxQqpsService.saveMaterielItem.dwr HTTP/1.1" 200 78
180.164.1.25 - - [25/Mar/2024:11:54:13 +0800] "GET /xingrg/check_reg.html?_=1711338853202 HTTP/1.1" 200 22
180.171.58.249 - - [25/Mar/2024:11:54:13 +0800] "GET /xingrg/check_reg.html?_=1711338854562 HTTP/1.1" 302 -
124.79.241.4 - - [25/Mar/2024:11:54:14 +0800] "GET /xingrg/all/function/internal_message.html?_=1711338878328&CODE_STATE=getMsg HTTP/1.1" 200 27
124.78.60.103 - - [25/Mar/2024:11:54:16 +0800] "GET /xingrg/all/function/internal_message.html?_=1711338856346&CODE_STATE=getMsg HTTP/1.1" 200 27
116.224.254.208 - - [25/Mar/2024:11:54:16 +0800] "GET /xingrg/all/function/internal_message.html?_=1711338856710&CODE_STATE=getMsg HTTP/1.1" 200 27
116.235.245.40 - - [25/Mar/2024:11:54:19 +0800] "GET /xingrg/all/function/internal_message.html?_=1711338861073&CODE_STATE=getMsg HTTP/1.1" 200 27
101.83.144.49 - - [25/Mar/2024:11:54:20 +0800] "GET /xingrg/all/function/internal_message.html?_=1711338860881&CODE_STATE=getMsg HTTP/1.1" 200 27
114.85.113.46 - - [25/Mar/2024:11:54:20 +0800] "GET /xingrg/all/function/internal_message.html?_=1711338860459&CODE_STATE=getMsg HTTP/1.1" 200 27
101.83.240.43 - - [25/Mar/2024:11:54:23 +0800] "POST /xingrg/dwr/call/plaincall/AjaxQqpsService.getMaterielByCode.dwr HTTP/1.1" 200 2828
101.83.240.43 - - [25/Mar/2024:11:54:25 +0800] "POST /xingrg/dwr/call/plaincall/AjaxQqpsService.saveMaterielItem.dwr HTTP/1.1" 200 79
101.83.240.43 - - [25/Mar/2024:11:54:25 +0800] "GET /xingrg/all/function/internal_message.html?_=1711338865441&CODE_STATE=getMsg HTTP/1.1" 200 27
120.253.135.82 - - [25/Mar/2024:11:54:26 +0800] "POST /xingrg/kc/buy/cgsh_order_operate.html HTTP/1.1" 200 37
101.83.240.43 - - [25/Mar/2024:11:54:30 +0800] "POST /xingrg/dwr/call/plaincall/AjaxQqpsService.getMaterielByCode.dwr HTTP/1.1" 200 2837
124.78.60.103 - - [25/Mar/2024:11:54:30 +0800] "POST /xingrg/kc/buy/cgsh_order_operate.html HTTP/1.1" 200 2065
124.78.156.194 - - [25/Mar/2024:11:54:31 +0800] "GET /xingrg/all/function/internal_message.html?_=1711338870175&CODE_STATE=getMsg HTTP/1.1" 200 27
124.79.241.4 - - [25/Mar/2024:11:54:31 +0800] "GET /xingrg/all/function/internal_message.html?_=1711338869575&CODE_STATE=getMsg HTTP/1.1" 200 27
124.78.156.194 - - [25/Mar/2024:11:54:31 +0800] "GET /xingrg/check_reg.html?_=1711338870757 HTTP/1.1" 200 22
101.83.240.43 - - [25/Mar/2024:11:54:32 +0800] "POST /xingrg/dwr/call/plaincall/AjaxQqpsService.saveMaterielItem.dwr HTTP/1.1" 200 79
222.70.115.1 - - [25/Mar/2024:11:54:33 +0800] "GET /xingrg/all/function/internal_message.html?_=1711338878639&CODE_STATE=getMsg HTTP/1.1" 200 27
120.253.135.82 - - [25/Mar/2024:11:54:36 +0800] "POST /xingrg/kc/buy/cgsh_order_operate.html HTTP/1.1" 200 12
101.228.147.14 - - [25/Mar/2024:11:54:37 +0800] "GET /xingrg/all/function/internal_message.html?_=1711338875464&CODE_STATE=getMsg HTTP/1.1" 200 27
180.169.147.146 - - [25/Mar/2024:11:54:38 +0800] "GET /xingrg/all/function/internal_message.html?_=1711338872359&CODE_STATE=getMsg HTTP/1.1" 200 27
101.83.240.43 - - [25/Mar/2024:11:54:39 +0800] "GET /xingrg/all/function/internal_message.html?_=1711338878847&CODE_STATE=getMsg HTTP/1.1" 200 27
120.253.135.82 - - [25/Mar/2024:11:54:39 +0800] "GET /xingrg/kc/buy/cgsh_order_info.html?code=212024032507545 HTTP/1.1" 200 67626
222.69.133.65 - - [25/Mar/2024:11:54:40 +0800] "GET /xingrg/all/function/internal_message.html?_=1711338880807&CODE_STATE=getMsg HTTP/1.1" 200 27
222.69.133.65 - - [25/Mar/2024:11:54:40 +0800] "GET /xingrg/check_reg.html?_=1711338880812 HTTP/1.1" 200 22
120.253.135.82 - - [25/Mar/2024:11:54:40 +0800] "GET /xingrg/javascript/easyui/themes/default/validatebox.css HTTP/1.1" 404 1104
101.83.240.43 - - [25/Mar/2024:11:54:41 +0800] "POST /xingrg/dwr/call/plaincall/AjaxQqpsService.getMaterielByCode.dwr HTTP/1.1" 200 2811
120.253.135.82 - - [25/Mar/2024:11:54:42 +0800] "POST /xingrg/kc/buy/cgsh_order_operate.html HTTP/1.1" 200 4227
222.70.183.82 - - [25/Mar/2024:11:54:42 +0800] "GET /xingrg/all/function/internal_message.html?_=1711338882617&CODE_STATE=getMsg HTTP/1.1" 200 27
101.83.240.43 - - [25/Mar/2024:11:54:43 +0800] "POST /xingrg/dwr/call/plaincall/AjaxQqpsService.saveMaterielItem.dwr HTTP/1.1" 200 79
101.83.240.43 - - [25/Mar/2024:11:54:46 +0800] "POST /xingrg/dwr/call/plaincall/AjaxQqpsService.getMaterielByCode.dwr HTTP/1.1" 200 2824
101.83.240.43 - - [25/Mar/2024:11:54:48 +0800] "POST /xingrg/dwr/call/plaincall/AjaxQqpsService.saveMaterielItem.dwr HTTP/1.1" 200 79
180.164.1.25 - - [25/Mar/2024:11:54:49 +0800] "GET /xingrg/all/function/internal_message.html?_=1711338889510&CODE_STATE=getMsg HTTP/1.1" 200 27
120.253.135.82 - - [25/Mar/2024:11:54:50 +0800] "GET /xingrg/kc/buy/cgsh_order_info.html?code=212024032507545 HTTP/1.1" 200 67626
120.253.135.82 - - [25/Mar/2024:11:54:50 +0800] "GET /xingrg/javascript/easyui/themes/default/validatebox.css HTTP/1.1" 404 1104
120.253.135.82 - - [25/Mar/2024:11:54:51 +0800] "POST /xingrg/kc/buy/cgsh_order_operate.html HTTP/1.1" 200 4227
101.83.240.43 - - [25/Mar/2024:11:54:52 +0800] "POST /xingrg/dwr/call/plaincall/AjaxQqpsService.getMaterielByCode.dwr HTTP/1.1" 200 2838
101.83.240.43 - - [25/Mar/2024:11:54:55 +0800] "POST /xingrg/dwr/call/plaincall/AjaxQqpsService.saveMaterielItem.dwr HTTP/1.1" 200 79
120.253.135.82 - - [25/Mar/2024:11:54:55 +0800] "POST /xingrg/kc/buy/cgsh_list_operate.html HTTP/1.1" 200 645
120.253.135.82 - - [25/Mar/2024:11:54:57 +0800] "GET /xingrg/kc/report/report_main.html HTTP/1.1" 200 8599
180.169.147.146 - - [25/Mar/2024:11:54:57 +0800] "GET /xingrg/all/function/internal_message.html?_=1711338896683&CODE_STATE=getMsg HTTP/1.1" 200 27
120.253.135.82 - - [25/Mar/2024:11:54:58 +0800] "GET /xingrg/kc/base/kc_stocks.html HTTP/1.1" 200 16554
120.253.135.82 - - [25/Mar/2024:11:54:58 +0800] "GET /xingrg/javascript/easyui/themes/default/tree.css HTTP/1.1" 404 1090
120.253.135.82 - - [25/Mar/2024:11:54:58 +0800] "POST /xingrg/all/common/load_tree.html?tree=materiel_sort_tree_json HTTP/1.1" 200 9734
101.83.144.49 - - [25/Mar/2024:11:54:59 +0800] "GET /xingrg/all/function/internal_message.html?_=1711338660801&CODE_STATE=getMsg HTTP/1.1" 200 27
120.253.135.82 - - [25/Mar/2024:11:54:59 +0800] "POST /xingrg/kc/buy/cgsh_list_operate.html HTTP/1.1" 200 645
120.253.135.82 - - [25/Mar/2024:11:55:00 +0800] "POST /xingrg/all/common/load_combo.html?type=base HTTP/1.1" 200 1169
101.83.240.43 - - [25/Mar/2024:11:55:01 +0800] "POST /xingrg/dwr/call/plaincall/AjaxQqpsService.getMaterielByCode.dwr HTTP/1.1" 200 2838
101.83.240.43 - - [25/Mar/2024:11:55:03 +0800] "POST /xingrg/dwr/call/plaincall/AjaxQqpsService.saveMaterielItem.dwr HTTP/1.1" 200 79
116.235.245.40 - - [25/Mar/2024:11:55:03 +0800] "GET /xingrg/check_reg.html?_=1711338905724 HTTP/1.1" 200 22
120.253.135.82 - - [25/Mar/2024:11:55:07 +0800] "POST /xingrg/kc/base/stock_operate.html HTTP/1.1" 200 1723
101.83.240.43 - - [25/Mar/2024:11:55:12 +0800] "POST /xingrg/dwr/call/plaincall/AjaxQqpsService.getMaterielByCode.dwr HTTP/1.1" 200 2820
124.79.241.4 - - [25/Mar/2024:11:55:14 +0800] "GET /xingrg/all/function/internal_message.html?_=1711338938327&CODE_STATE=getMsg HTTP/1.1" 200 27
124.79.241.4 - - [25/Mar/2024:11:55:14 +0800] "GET /xingrg/check_reg.html?_=1711338938329 HTTP/1.1" 200 22
124.78.60.103 - - [25/Mar/2024:11:55:16 +0800] "GET /xingrg/all/function/internal_message.html?_=1711338916349&CODE_STATE=getMsg HTTP/1.1" 200 27
124.78.60.103 - - [25/Mar/2024:11:55:16 +0800] "GET /xingrg/check_reg.html?_=1711338916354 HTTP/1.1" 200 22
116.224.254.208 - - [25/Mar/2024:11:55:16 +0800] "GET /xingrg/all/function/internal_message.html?_=1711338916701&CODE_STATE=getMsg HTTP/1.1" 200 27
120.253.135.82 - - [25/Mar/2024:11:55:17 +0800] "POST /xingrg/kc/base/stock_operate.html HTTP/1.1" 200 1467
101.83.240.43 - - [25/Mar/2024:11:55:18 +0800] "POST /xingrg/dwr/call/plaincall/AjaxQqpsService.saveMaterielItem.dwr HTTP/1.1" 200 79
116.235.245.40 - - [25/Mar/2024:11:55:19 +0800] "GET /xingrg/all/function/internal_message.html?_=1711338921083&CODE_STATE=getMsg HTTP/1.1" 200 27
101.83.144.49 - - [25/Mar/2024:11:55:20 +0800] "GET /xingrg/all/function/internal_message.html?_=1711338920858&CODE_STATE=getMsg HTTP/1.1" 200 27
114.85.113.46 - - [25/Mar/2024:11:55:20 +0800] "GET /xingrg/all/function/internal_message.html?_=1711338920445&CODE_STATE=getMsg HTTP/1.1" 200 27
120.253.135.82 - - [25/Mar/2024:11:55:25 +0800] "POST /xingrg/kc/base/stock_operate.html HTTP/1.1" 200 1978
101.83.240.43 - - [25/Mar/2024:11:55:25 +0800] "POST /xingrg/dwr/call/plaincall/AjaxQqpsService.getMaterielByCode.dwr HTTP/1.1" 200 2828
101.83.240.43 - - [25/Mar/2024:11:55:25 +0800] "GET /xingrg/all/function/internal_message.html?_=1711338925443&CODE_STATE=getMsg HTTP/1.1" 200 27
101.83.240.43 - - [25/Mar/2024:11:55:27 +0800] "POST /xingrg/dwr/call/plaincall/AjaxQqpsService.saveMaterielItem.dwr HTTP/1.1" 200 79
124.79.241.4 - - [25/Mar/2024:11:55:30 +0800] "GET /xingrg/check_reg.html?_=1711338929258 HTTP/1.1" 200 22
124.78.156.194 - - [25/Mar/2024:11:55:31 +0800] "GET /xingrg/all/function/internal_message.html?_=1711338930149&CODE_STATE=getMsg HTTP/1.1" 200 27
124.79.241.4 - - [25/Mar/2024:11:55:31 +0800] "GET /xingrg/all/function/internal_message.html?_=1711338929571&CODE_STATE=getMsg HTTP/1.1" 200 27
180.163.29.234 - - [25/Mar/2024:11:55:31 +0800] "GET /xingrg/all/function/internal_message.html?_=1711338870175&CODE_STATE=getMsg HTTP/1.1" 302 -
180.163.29.234 - - [25/Mar/2024:11:55:31 +0800] "GET /xingrg/login.html HTTP/1.1" 200 7641
101.83.240.43 - - [25/Mar/2024:11:55:32 +0800] "POST /xingrg/kc/base/check_list_operate.html HTTP/1.1" 200 2865
101.83.240.43 - - [25/Mar/2024:11:55:33 +0800] "GET /xingrg/kc/base/check_order_info.html?code=452024032400181 HTTP/1.1" 200 26518
101.83.240.43 - - [25/Mar/2024:11:55:33 +0800] "GET /xingrg/dwr/interface/AjaxComOrderService.js HTTP/1.1" 200 18264
101.83.240.43 - - [25/Mar/2024:11:55:33 +0800] "GET /xingrg/dwr/interface/AjaxCheckService.js HTTP/1.1" 200 14003
101.83.240.43 - - [25/Mar/2024:11:55:33 +0800] "GET /xingrg/dwr/engine.js HTTP/1.1" 200 43631
120.253.135.82 - - [25/Mar/2024:11:55:33 +0800] "GET /xingrg/kc/pszx/mdqp_order_list.html?state=10 HTTP/1.1" 200 11164
120.253.135.82 - - [25/Mar/2024:11:55:33 +0800] "GET /xingrg/dwr/interface/AjaxQqpsService.js HTTP/1.1" 200 16326
120.253.135.82 - - [25/Mar/2024:11:55:33 +0800] "GET /xingrg/dwr/interface/AjaxReportQueryService.js HTTP/1.1" 200 13203
120.253.135.82 - - [25/Mar/2024:11:55:33 +0800] "GET /xingrg/dwr/engine.js HTTP/1.1" 200 43631
222.70.115.1 - - [25/Mar/2024:11:55:33 +0800] "GET /xingrg/check_reg.html?_=1711338938639 HTTP/1.1" 200 22
222.70.115.1 - - [25/Mar/2024:11:55:34 +0800] "GET /xingrg/all/function/internal_message.html?_=1711338938644&CODE_STATE=getMsg HTTP/1.1" 200 27
101.83.240.43 - - [25/Mar/2024:11:55:34 +0800] "POST /xingrg/dwr/call/plaincall/AjaxCheckService.loadOrderItems.dwr HTTP/1.1" 200 27874
124.78.60.103 - - [25/Mar/2024:11:55:34 +0800] "POST /xingrg/kc/buy/cgsh_order_operate.html HTTP/1.1" 200 2065
101.83.240.43 - - [25/Mar/2024:11:55:34 +0800] "POST /xingrg/dwr/call/plaincall/AjaxQqpsService.getMaterielByCode.dwr HTTP/1.1" 200 2824
101.83.144.49 - - [25/Mar/2024:11:55:36 +0800] "POST /xingrg/kc/base/wldb_order_operate.html HTTP/1.1" 200 37
101.83.240.43 - - [25/Mar/2024:11:55:37 +0800] "POST /xingrg/dwr/call/plaincall/AjaxQqpsService.saveMaterielItem.dwr HTTP/1.1" 200 79
101.83.144.49 - - [25/Mar/2024:11:55:37 +0800] "POST /xingrg/kc/base/wldb_order_operate.html HTTP/1.1" 200 5136
101.228.147.14 - - [25/Mar/2024:11:55:37 +0800] "GET /xingrg/all/function/internal_message.html?_=1711338935463&CODE_STATE=getMsg HTTP/1.1" 200 27
101.83.144.49 - - [25/Mar/2024:11:55:37 +0800] "GET /xingrg/kc/base/wldb_order_info.html?code=422024032501797 HTTP/1.1" 200 30395
101.83.144.49 - - [25/Mar/2024:11:55:37 +0800] "GET /xingrg/javascript/easyui/themes/default/validatebox.css HTTP/1.1" 404 1104
180.169.147.146 - - [25/Mar/2024:11:55:38 +0800] "GET /xingrg/all/function/internal_message.html?_=1711338932342&CODE_STATE=getMsg HTTP/1.1" 200 27
