222.70.183.82 - - [25/Mar/2024:09:29:07 +0800] "POST /xingrg/dwr/call/plaincall/AjaxCheckService.setItemNumber.dwr HTTP/1.1" 200 78
101.83.240.43 - - [25/Mar/2024:09:29:09 +0800] "POST /xingrg/kc/buy/cgsh_order_operate.html HTTP/1.1" 200 37
222.70.183.82 - - [25/Mar/2024:09:29:09 +0800] "POST /xingrg/dwr/call/plaincall/AjaxCheckService.setItemNumber.dwr HTTP/1.1" 200 78
222.70.183.82 - - [25/Mar/2024:09:29:10 +0800] "POST /xingrg/dwr/call/plaincall/AjaxCheckService.setItemNumber.dwr HTTP/1.1" 200 78
101.228.147.14 - - [25/Mar/2024:09:29:12 +0800] "GET /xingrg/kc/buy/cgsh_order_operate.html?command=get_materiel&rest_code=00142&code=00101008108&supplier_code=00100161&order_time=2024-03-25 HTTP/1.1" 200 412
180.164.1.25 - - [25/Mar/2024:09:29:12 +0800] "GET /xingrg/kc/buy/cgsh_order_operate.html?command=get_materiel&rest_code=00108&code=00101008543&supplier_code=00100007&order_time=2024-03-25 HTTP/1.1" 200 409
180.164.1.25 - - [25/Mar/2024:09:29:13 +0800] "GET /xingrg/check_reg.html?_=1711330153622 HTTP/1.1" 200 22
180.171.58.249 - - [25/Mar/2024:09:29:14 +0800] "GET /xingrg/check_reg.html?_=1711330155165 HTTP/1.1" 302 -
222.70.183.82 - - [25/Mar/2024:09:29:16 +0800] "POST /xingrg/dwr/call/plaincall/AjaxCheckService.setItemNumber.dwr HTTP/1.1" 200 78
222.70.183.82 - - [25/Mar/2024:09:29:17 +0800] "POST /xingrg/dwr/call/plaincall/AjaxCheckService.setItemNumber.dwr HTTP/1.1" 200 78
101.228.147.14 - - [25/Mar/2024:09:29:17 +0800] "GET /xingrg/all/function/internal_message.html?_=1711330156052&CODE_STATE=getMsg HTTP/1.1" 200 27
222.70.183.82 - - [25/Mar/2024:09:29:18 +0800] "POST /xingrg/dwr/call/plaincall/AjaxCheckService.setItemNumber.dwr HTTP/1.1" 200 78
180.164.1.25 - - [25/Mar/2024:09:29:18 +0800] "GET /xingrg/kc/buy/cgsh_order_operate.html?command=get_materiel&rest_code=00108&code=00101008478&supplier_code=00100007&order_time=2024-03-25 HTTP/1.1" 200 413
101.83.144.49 - - [25/Mar/2024:09:29:19 +0800] "GET /xingrg/all/function/internal_message.html?_=1711330160368&CODE_STATE=getMsg HTTP/1.1" 200 27
222.70.183.82 - - [25/Mar/2024:09:29:20 +0800] "POST /xingrg/dwr/call/plaincall/AjaxCheckService.setItemNumber.dwr HTTP/1.1" 200 78
222.70.183.82 - - [25/Mar/2024:09:29:22 +0800] "POST /xingrg/dwr/call/plaincall/AjaxCheckService.setItemNumber.dwr HTTP/1.1" 200 78
114.85.113.46 - - [25/Mar/2024:09:29:23 +0800] "GET /xingrg/all/function/internal_message.html?_=1711330163111&CODE_STATE=getMsg HTTP/1.1" 200 27
222.70.183.82 - - [25/Mar/2024:09:29:24 +0800] "POST /xingrg/dwr/call/plaincall/AjaxCheckService.setItemNumber.dwr HTTP/1.1" 200 78
222.70.183.82 - - [25/Mar/2024:09:29:26 +0800] "POST /xingrg/dwr/call/plaincall/AjaxCheckService.setItemNumber.dwr HTTP/1.1" 200 78
116.224.254.208 - - [25/Mar/2024:09:29:26 +0800] "GET /xingrg/all/function/internal_message.html?_=1711330165944&CODE_STATE=getMsg HTTP/1.1" 200 27
101.83.240.43 - - [25/Mar/2024:09:29:26 +0800] "POST /xingrg/kc/buy/cgsh_order_operate.html HTTP/1.1" 200 12
222.70.183.82 - - [25/Mar/2024:09:29:27 +0800] "POST /xingrg/dwr/call/plaincall/AjaxCheckService.setItemNumber.dwr HTTP/1.1" 200 78
116.224.254.208 - - [25/Mar/2024:09:29:27 +0800] "GET /xingrg/kc/buy/cgsh_order_operate.html?command=get_materiel&rest_code=00151&code=00101009053&supplier_code=00100022&order_time=2024-03-25 HTTP/1.1" 200 416
101.228.147.14 - - [25/Mar/2024:09:29:27 +0800] "GET /xingrg/kc/buy/cgsh_order_operate.html?command=get_materiel&rest_code=00142&code=00101008368&supplier_code=00100161&order_time=2024-03-25 HTTP/1.1" 200 408
222.70.183.82 - - [25/Mar/2024:09:29:28 +0800] "POST /xingrg/dwr/call/plaincall/AjaxCheckService.setItemNumber.dwr HTTP/1.1" 200 78
101.83.240.43 - - [25/Mar/2024:09:29:29 +0800] "GET /xingrg/kc/buy/cgsh_order_info.html?code=212024032507454 HTTP/1.1" 200 68652
101.83.240.43 - - [25/Mar/2024:09:29:29 +0800] "GET /xingrg/javascript/easyui/themes/default/validatebox.css HTTP/1.1" 404 1104
222.70.183.82 - - [25/Mar/2024:09:29:29 +0800] "POST /xingrg/dwr/call/plaincall/AjaxCheckService.setItemNumber.dwr HTTP/1.1" 200 78
222.70.183.82 - - [25/Mar/2024:09:29:30 +0800] "POST /xingrg/dwr/call/plaincall/AjaxCheckService.setItemNumber.dwr HTTP/1.1" 200 78
101.83.240.43 - - [25/Mar/2024:09:29:30 +0800] "POST /xingrg/kc/buy/cgsh_order_operate.html HTTP/1.1" 200 606
124.78.156.194 - - [25/Mar/2024:09:29:31 +0800] "GET /xingrg/all/function/internal_message.html?_=1711330170423&CODE_STATE=getMsg HTTP/1.1" 200 27
124.78.156.194 - - [25/Mar/2024:09:29:31 +0800] "GET /xingrg/check_reg.html?_=1711330170524 HTTP/1.1" 200 22
222.70.183.82 - - [25/Mar/2024:09:29:31 +0800] "POST /xingrg/dwr/call/plaincall/AjaxCheckService.setItemNumber.dwr HTTP/1.1" 200 78
101.83.240.43 - - [25/Mar/2024:09:29:33 +0800] "GET /xingrg/kc/print/load_data.html?order_code=212024032507454&kc_code=cgsh&condition= HTTP/1.1" 200 717
180.164.1.25 - - [25/Mar/2024:09:29:33 +0800] "GET /xingrg/kc/buy/cgsh_order_operate.html?command=get_materiel&rest_code=00108&code=00101008288&supplier_code=00100007&order_time=2024-03-25 HTTP/1.1" 200 408
222.70.183.82 - - [25/Mar/2024:09:29:34 +0800] "POST /xingrg/dwr/call/plaincall/AjaxCheckService.setItemNumber.dwr HTTP/1.1" 200 78
101.228.147.14 - - [25/Mar/2024:09:29:36 +0800] "GET /xingrg/kc/buy/cgsh_order_operate.html?command=get_materiel&rest_code=00142&code=00101008005&supplier_code=00100161&order_time=2024-03-25 HTTP/1.1" 200 412
101.83.240.43 - - [25/Mar/2024:09:29:38 +0800] "GET /xingrg/kc/buy/cgsh_order_add.html HTTP/1.1" 200 73743
101.83.240.43 - - [25/Mar/2024:09:29:38 +0800] "POST /xingrg/kc/buy/cgsh_order_operate.html HTTP/1.1" 200 8245
101.83.240.43 - - [25/Mar/2024:09:29:38 +0800] "GET /xingrg/javascript/easyui/themes/default/validatebox.css HTTP/1.1" 404 1104
101.83.240.43 - - [25/Mar/2024:09:29:40 +0800] "GET /xingrg/all/function/internal_message.html?_=1711330180361&CODE_STATE=getMsg HTTP/1.1" 200 27
222.70.183.82 - - [25/Mar/2024:09:29:41 +0800] "POST /xingrg/dwr/call/plaincall/AjaxCheckService.setItemNumber.dwr HTTP/1.1" 200 78
180.164.1.25 - - [25/Mar/2024:09:29:41 +0800] "GET /xingrg/kc/buy/cgsh_order_operate.html?command=get_materiel&rest_code=00108&code=00101008298&supplier_code=00100007&order_time=2024-03-25 HTTP/1.1" 200 412
116.224.254.208 - - [25/Mar/2024:09:29:42 +0800] "GET /xingrg/kc/buy/cgsh_order_operate.html?command=get_materiel&rest_code=00151&code=00101009006&supplier_code=00100022&order_time=2024-03-25 HTTP/1.1" 200 408
222.70.183.82 - - [25/Mar/2024:09:29:43 +0800] "GET /xingrg/all/function/internal_message.html?_=1711330183390&CODE_STATE=getMsg HTTP/1.1" 200 27
101.83.240.43 - - [25/Mar/2024:09:29:47 +0800] "GET /xingrg/kc/buy/cgsh_order_operate.html?command=get_materiel&rest_code=00149&code=00101009049&supplier_code=00100201&order_time=2024-03-25 HTTP/1.1" 200 416
222.70.183.82 - - [25/Mar/2024:09:29:48 +0800] "POST /xingrg/dwr/call/plaincall/AjaxCheckService.setItemNumber.dwr HTTP/1.1" 200 78
222.70.183.82 - - [25/Mar/2024:09:29:51 +0800] "POST /xingrg/dwr/call/plaincall/AjaxCheckService.setItemNumber.dwr HTTP/1.1" 200 78
180.164.1.25 - - [25/Mar/2024:09:29:51 +0800] "GET /xingrg/all/function/internal_message.html?_=1711330191553&CODE_STATE=getMsg HTTP/1.1" 200 27
222.70.183.82 - - [25/Mar/2024:09:29:52 +0800] "POST /xingrg/dwr/call/plaincall/AjaxCheckService.setItemNumber.dwr HTTP/1.1" 200 78
124.78.60.103 - - [25/Mar/2024:09:29:52 +0800] "GET /xingrg/all/function/internal_message.html?_=1711330192949&CODE_STATE=getMsg HTTP/1.1" 200 27
116.224.254.208 - - [25/Mar/2024:09:29:54 +0800] "GET /xingrg/kc/buy/cgsh_order_operate.html?command=get_materiel&rest_code=00151&code=00101009039&supplier_code=00100022&order_time=2024-03-25 HTTP/1.1" 200 408
222.70.183.82 - - [25/Mar/2024:09:29:54 +0800] "POST /xingrg/dwr/call/plaincall/AjaxCheckService.setItemNumber.dwr HTTP/1.1" 200 78
180.164.1.25 - - [25/Mar/2024:09:29:55 +0800] "GET /xingrg/kc/buy/cgsh_order_operate.html?command=get_materiel&rest_code=00108&code=00101008215&supplier_code=00100007&order_time=2024-03-25 HTTP/1.1" 200 413
222.70.183.82 - - [25/Mar/2024:09:29:56 +0800] "POST /xingrg/dwr/call/plaincall/AjaxCheckService.setItemNumber.dwr HTTP/1.1" 200 78
101.83.144.49 - - [25/Mar/2024:09:30:00 +0800] "GET /xingrg/all/function/internal_message.html?_=1711329961766&CODE_STATE=getMsg HTTP/1.1" 200 27
116.235.245.40 - - [25/Mar/2024:09:30:03 +0800] "GET /xingrg/check_reg.html?_=1711330204844 HTTP/1.1" 200 22
116.235.245.40 - - [25/Mar/2024:09:30:05 +0800] "GET /xingrg/all/function/internal_message.html?_=1711330206650&CODE_STATE=getMsg HTTP/1.1" 200 27
222.70.183.82 - - [25/Mar/2024:09:30:05 +0800] "POST /xingrg/dwr/call/plaincall/AjaxCheckService.setItemNumber.dwr HTTP/1.1" 200 78
116.224.254.208 - - [25/Mar/2024:09:30:06 +0800] "GET /xingrg/kc/buy/cgsh_order_operate.html?command=get_materiel&rest_code=00151&code=00101009088&supplier_code=00100022&order_time=2024-03-25 HTTP/1.1" 200 405
180.164.1.25 - - [25/Mar/2024:09:30:09 +0800] "GET /xingrg/kc/buy/cgsh_order_operate.html?command=get_materiel&rest_code=00108&code=00101008285&supplier_code=00100007&order_time=2024-03-25 HTTP/1.1" 200 413
124.78.60.103 - - [25/Mar/2024:09:30:15 +0800] "GET /xingrg/check_reg.html?_=1711330215650 HTTP/1.1" 200 22
101.228.147.14 - - [25/Mar/2024:09:30:17 +0800] "GET /xingrg/all/function/internal_message.html?_=1711330216056&CODE_STATE=getMsg HTTP/1.1" 200 27
116.224.254.208 - - [25/Mar/2024:09:30:18 +0800] "GET /xingrg/kc/buy/cgsh_order_operate.html?command=get_materiel&rest_code=00151&code=00101009116&supplier_code=00100022&order_time=2024-03-25 HTTP/1.1" 200 412
101.83.144.49 - - [25/Mar/2024:09:30:19 +0800] "GET /xingrg/all/function/internal_message.html?_=1711330220369&CODE_STATE=getMsg HTTP/1.1" 200 27
180.164.1.25 - - [25/Mar/2024:09:30:20 +0800] "GET /xingrg/kc/buy/cgsh_order_operate.html?command=get_materiel&rest_code=00108&code=00101008356&supplier_code=00100007&order_time=2024-03-25 HTTP/1.1" 200 408
114.85.113.46 - - [25/Mar/2024:09:30:23 +0800] "GET /xingrg/all/function/internal_message.html?_=1711330223098&CODE_STATE=getMsg HTTP/1.1" 200 27
101.228.147.14 - - [25/Mar/2024:09:30:24 +0800] "GET /xingrg/kc/buy/cgsh_order_operate.html?command=get_materiel&rest_code=00142&code=00101008268&supplier_code=00100161&order_time=2024-03-25 HTTP/1.1" 200 408
116.224.254.208 - - [25/Mar/2024:09:30:26 +0800] "GET /xingrg/all/function/internal_message.html?_=1711330225924&CODE_STATE=getMsg HTTP/1.1" 200 27
116.224.254.208 - - [25/Mar/2024:09:30:27 +0800] "GET /xingrg/check_reg.html?_=1711330226726 HTTP/1.1" 200 22
116.224.254.208 - - [25/Mar/2024:09:30:28 +0800] "GET /xingrg/kc/buy/cgsh_order_operate.html?command=get_materiel&rest_code=00151&code=00101009011&supplier_code=00100022&order_time=2024-03-25 HTTP/1.1" 200 416
222.70.183.82 - - [25/Mar/2024:09:30:28 +0800] "POST /xingrg/dwr/call/plaincall/AjaxCheckService.checkOrder.dwr HTTP/1.1" 200 80
180.164.1.25 - - [25/Mar/2024:09:30:28 +0800] "GET /xingrg/kc/buy/cgsh_order_operate.html?command=get_materiel&rest_code=00108&code=00101008131&supplier_code=00100007&order_time=2024-03-25 HTTP/1.1" 200 408
124.78.156.194 - - [25/Mar/2024:09:30:29 +0800] "GET /xingrg/kc/buy/cgsh_order_operate.html?command=get_materiel&rest_code=00106&code=00101008372&supplier_code=00100008&order_time=2024-03-25 HTTP/1.1" 200 408
222.70.183.82 - - [25/Mar/2024:09:30:30 +0800] "GET /xingrg/kc/base/check_order_info.html?code=452024032400178 HTTP/1.1" 200 22854
222.70.183.82 - - [25/Mar/2024:09:30:30 +0800] "GET /xingrg/dwr/interface/AjaxCheckService.js HTTP/1.1" 200 14003
222.70.183.82 - - [25/Mar/2024:09:30:30 +0800] "GET /xingrg/dwr/interface/AjaxComOrderService.js HTTP/1.1" 200 18264
222.70.183.82 - - [25/Mar/2024:09:30:30 +0800] "GET /xingrg/dwr/engine.js HTTP/1.1" 200 43631
222.70.183.82 - - [25/Mar/2024:09:30:30 +0800] "POST /xingrg/dwr/call/plaincall/AjaxCheckService.loadOrderItems.dwr HTTP/1.1" 200 56178
124.78.156.194 - - [25/Mar/2024:09:30:31 +0800] "GET /xingrg/all/function/internal_message.html?_=1711330230385&CODE_STATE=getMsg HTTP/1.1" 200 27
101.83.240.43 - - [25/Mar/2024:09:30:32 +0800] "GET /xingrg/kc/buy/cgsh_order_operate.html?command=get_materiel&rest_code=00149&code=00101009011&supplier_code=00100201&order_time=2024-03-25 HTTP/1.1" 200 416
222.70.183.82 - - [25/Mar/2024:09:30:35 +0800] "GET /xingrg/kc/buy/cgsh_order_list.html HTTP/1.1" 200 57880
101.228.147.14 - - [25/Mar/2024:09:30:36 +0800] "GET /xingrg/kc/buy/cgsh_order_operate.html?command=get_materiel&rest_code=00142&code=00101008059&supplier_code=00100161&order_time=2024-03-25 HTTP/1.1" 200 408
101.83.240.43 - - [25/Mar/2024:09:30:40 +0800] "GET /xingrg/all/function/internal_message.html?_=1711330240374&CODE_STATE=getMsg HTTP/1.1" 200 27
101.83.240.43 - - [25/Mar/2024:09:30:40 +0800] "GET /xingrg/check_reg.html?_=1711330240464 HTTP/1.1" 200 22
124.78.156.194 - - [25/Mar/2024:09:30:41 +0800] "POST /xingrg/kc/buy/cgsh_order_operate.html HTTP/1.1" 200 37
180.164.1.25 - - [25/Mar/2024:09:30:41 +0800] "GET /xingrg/kc/buy/cgsh_order_operate.html?command=get_materiel&rest_code=00108&code=00101008172&supplier_code=00100007&order_time=2024-03-25 HTTP/1.1" 200 412
222.70.183.82 - - [25/Mar/2024:09:30:41 +0800] "POST /xingrg/kc/buy/cgsh_list_operate.html HTTP/1.1" 200 1378
222.70.183.82 - - [25/Mar/2024:09:30:43 +0800] "GET /xingrg/check_reg.html?_=1711330243410 HTTP/1.1" 200 22
222.70.183.82 - - [25/Mar/2024:09:30:43 +0800] "GET /xingrg/all/function/internal_message.html?_=1711330243413&CODE_STATE=getMsg HTTP/1.1" 200 27
116.224.254.208 - - [25/Mar/2024:09:30:44 +0800] "GET /xingrg/kc/buy/cgsh_order_operate.html?command=get_materiel&rest_code=00151&code=00101009013&supplier_code=00100022&order_time=2024-03-25 HTTP/1.1" 200 420
101.83.240.43 - - [25/Mar/2024:09:30:49 +0800] "POST /xingrg/kc/buy/cgsh_order_operate.html HTTP/1.1" 200 37
180.164.1.25 - - [25/Mar/2024:09:30:51 +0800] "GET /xingrg/kc/buy/cgsh_order_operate.html?command=get_materiel&rest_code=00108&code=00101009066&supplier_code=00100007&order_time=2024-03-25 HTTP/1.1" 200 416
180.164.1.25 - - [25/Mar/2024:09:30:51 +0800] "GET /xingrg/all/function/internal_message.html?_=1711330251548&CODE_STATE=getMsg HTTP/1.1" 200 27
101.228.147.14 - - [25/Mar/2024:09:30:52 +0800] "GET /xingrg/kc/buy/cgsh_order_operate.html?command=get_materiel&rest_code=00142&code=00101008199&supplier_code=00100161&order_time=2024-03-25 HTTP/1.1" 200 408
124.78.60.103 - - [25/Mar/2024:09:30:52 +0800] "GET /xingrg/all/function/internal_message.html?_=1711330252927&CODE_STATE=getMsg HTTP/1.1" 200 27
124.78.156.194 - - [25/Mar/2024:09:30:53 +0800] "POST /xingrg/kc/buy/cgsh_order_operate.html HTTP/1.1" 200 10939
180.164.1.25 - - [25/Mar/2024:09:30:59 +0800] "GET /xingrg/kc/buy/cgsh_order_operate.html?command=get_materiel&rest_code=00108&code=00101015006&supplier_code=00100007&order_time=2024-03-25 HTTP/1.1" 200 413
101.83.240.43 - - [25/Mar/2024:09:31:00 +0800] "POST /xingrg/kc/buy/cgsh_order_operate.html HTTP/1.1" 200 12
101.83.144.49 - - [25/Mar/2024:09:31:00 +0800] "GET /xingrg/all/function/internal_message.html?_=1711330021763&CODE_STATE=getMsg HTTP/1.1" 200 27
101.83.240.43 - - [25/Mar/2024:09:31:02 +0800] "GET /xingrg/kc/buy/cgsh_order_info.html?code=212024032507455 HTTP/1.1" 200 68652
101.83.240.43 - - [25/Mar/2024:09:31:03 +0800] "GET /xingrg/javascript/easyui/themes/default/validatebox.css HTTP/1.1" 404 1104
101.83.240.43 - - [25/Mar/2024:09:31:04 +0800] "POST /xingrg/kc/buy/cgsh_order_operate.html HTTP/1.1" 200 2396
116.235.245.40 - - [25/Mar/2024:09:31:05 +0800] "GET /xingrg/all/function/internal_message.html?_=1711330266664&CODE_STATE=getMsg HTTP/1.1" 200 27
124.78.156.194 - - [25/Mar/2024:09:31:07 +0800] "GET /xingrg/kc/buy/cgsh_order_operate.html?command=get_materiel&rest_code=00106&code=00101008096&supplier_code=00100008&order_time=2024-03-25 HTTP/1.1" 200 412
101.83.240.43 - - [25/Mar/2024:09:31:11 +0800] "GET /xingrg/kc/print/load_data.html?order_code=212024032507455&kc_code=cgsh&condition= HTTP/1.1" 200 1407
101.228.147.14 - - [25/Mar/2024:09:31:17 +0800] "GET /xingrg/all/function/internal_message.html?_=1711330276056&CODE_STATE=getMsg HTTP/1.1" 200 27
180.164.1.25 - - [25/Mar/2024:09:31:18 +0800] "POST /xingrg/kc/buy/cgsh_order_operate.html HTTP/1.1" 200 37
101.83.144.49 - - [25/Mar/2024:09:31:19 +0800] "GET /xingrg/all/function/internal_message.html?_=1711330280369&CODE_STATE=getMsg HTTP/1.1" 200 27
180.164.1.25 - - [25/Mar/2024:09:31:21 +0800] "POST /xingrg/kc/buy/cgsh_order_operate.html HTTP/1.1" 200 10946
101.83.240.43 - - [25/Mar/2024:09:31:23 +0800] "GET /xingrg/kc/buy/cgsh_order_add.html HTTP/1.1" 200 73743
114.85.113.46 - - [25/Mar/2024:09:31:23 +0800] "GET /xingrg/all/function/internal_message.html?_=1711330283073&CODE_STATE=getMsg HTTP/1.1" 200 27
101.83.240.43 - - [25/Mar/2024:09:31:23 +0800] "POST /xingrg/kc/buy/cgsh_order_operate.html HTTP/1.1" 200 8245
101.83.240.43 - - [25/Mar/2024:09:31:23 +0800] "GET /xingrg/javascript/easyui/themes/default/validatebox.css HTTP/1.1" 404 1104
180.164.1.25 - - [25/Mar/2024:09:31:24 +0800] "GET /xingrg/kc/print/load_config.html?kc_code=cgsh HTTP/1.1" 200 1927
180.164.1.25 - - [25/Mar/2024:09:31:25 +0800] "GET /xingrg/kc/print/load_data.html?order_code=212024032507456&kc_code=cgsh&condition= HTTP/1.1" 200 3875
116.224.254.208 - - [25/Mar/2024:09:31:26 +0800] "GET /xingrg/all/function/internal_message.html?_=1711330285908&CODE_STATE=getMsg HTTP/1.1" 200 27
124.78.156.194 - - [25/Mar/2024:09:31:30 +0800] "GET /xingrg/kc/buy/cgsh_order_operate.html?command=get_materiel&rest_code=00106&code=00101008283&supplier_code=00100008&order_time=2024-03-25 HTTP/1.1" 200 408
124.78.156.194 - - [25/Mar/2024:09:31:31 +0800] "GET /xingrg/all/function/internal_message.html?_=1711330290364&CODE_STATE=getMsg HTTP/1.1" 200 27
180.164.1.25 - - [25/Mar/2024:09:31:38 +0800] "GET /xingrg/kc/buy/cgsh_order_add.html HTTP/1.1" 200 73747
180.164.1.25 - - [25/Mar/2024:09:31:38 +0800] "POST /xingrg/kc/buy/cgsh_order_operate.html HTTP/1.1" 200 8245
180.164.1.25 - - [25/Mar/2024:09:31:38 +0800] "GET /xingrg/javascript/easyui/themes/default/validatebox.css HTTP/1.1" 404 1104
180.163.28.114 - - [25/Mar/2024:09:31:38 +0800] "GET /xingrg/all/function/internal_message.html?_=1711330170423&CODE_STATE=getMsg HTTP/1.1" 302 -
180.163.28.114 - - [25/Mar/2024:09:31:38 +0800] "GET /xingrg/login.html HTTP/1.1" 200 7641
101.228.147.14 - - [25/Mar/2024:09:31:38 +0800] "GET /xingrg/kc/buy/cgsh_order_operate.html?command=get_materiel&rest_code=00142&code=00101008361&supplier_code=00100161&order_time=2024-03-25 HTTP/1.1" 200 408
101.83.240.43 - - [25/Mar/2024:09:31:40 +0800] "GET /xingrg/all/function/internal_message.html?_=1711330300360&CODE_STATE=getMsg HTTP/1.1" 200 27
222.70.183.82 - - [25/Mar/2024:09:31:43 +0800] "GET /xingrg/all/function/internal_message.html?_=1711330303417&CODE_STATE=getMsg HTTP/1.1" 200 27
101.228.147.14 - - [25/Mar/2024:09:31:45 +0800] "GET /xingrg/kc/buy/cgsh_order_operate.html?command=get_materiel&rest_code=00142&code=00101008155&supplier_code=00100161&order_time=2024-03-25 HTTP/1.1" 200 408
180.164.1.25 - - [25/Mar/2024:09:31:51 +0800] "GET /xingrg/all/function/internal_message.html?_=1711330311548&CODE_STATE=getMsg HTTP/1.1" 200 27
124.78.60.103 - - [25/Mar/2024:09:31:52 +0800] "GET /xingrg/all/function/internal_message.html?_=1711330312913&CODE_STATE=getMsg HTTP/1.1" 200 27
101.228.147.14 - - [25/Mar/2024:09:31:59 +0800] "GET /xingrg/kc/buy/cgsh_order_operate.html?command=get_materiel&rest_code=00142&code=00101008097&supplier_code=00100161&order_time=2024-03-25 HTTP/1.1" 200 408
101.83.144.49 - - [25/Mar/2024:09:32:00 +0800] "GET /xingrg/all/function/internal_message.html?_=1711330081763&CODE_STATE=getMsg HTTP/1.1" 200 27
116.235.245.40 - - [25/Mar/2024:09:32:05 +0800] "GET /xingrg/all/function/internal_message.html?_=1711330326677&CODE_STATE=getMsg HTTP/1.1" 200 27
180.164.1.25 - - [25/Mar/2024:09:32:14 +0800] "GET /xingrg/kc/buy/cgsh_order_operate.html?command=get_materiel&rest_code=00108&code=00101007072&supplier_code=00100002&order_time=2024-03-25 HTTP/1.1" 200 419
101.228.147.14 - - [25/Mar/2024:09:32:17 +0800] "GET /xingrg/check_reg.html?_=1711330336053 HTTP/1.1" 200 22
101.228.147.14 - - [25/Mar/2024:09:32:17 +0800] "GET /xingrg/all/function/internal_message.html?_=1711330336056&CODE_STATE=getMsg HTTP/1.1" 200 27
101.83.144.49 - - [25/Mar/2024:09:32:19 +0800] "GET /xingrg/all/function/internal_message.html?_=1711330340393&CODE_STATE=getMsg HTTP/1.1" 200 27
101.83.144.49 - - [25/Mar/2024:09:32:19 +0800] "GET /xingrg/check_reg.html?_=1711330340398 HTTP/1.1" 200 22
101.228.147.14 - - [25/Mar/2024:09:32:21 +0800] "GET /xingrg/kc/buy/cgsh_order_operate.html?command=get_materiel&rest_code=00142&code=00101008371&supplier_code=00100161&order_time=2024-03-25 HTTP/1.1" 200 412
114.85.113.46 - - [25/Mar/2024:09:32:23 +0800] "GET /xingrg/all/function/internal_message.html?_=1711330343063&CODE_STATE=getMsg HTTP/1.1" 200 27
180.164.1.25 - - [25/Mar/2024:09:32:25 +0800] "POST /xingrg/kc/buy/cgsh_order_operate.html HTTP/1.1" 200 37
116.224.254.208 - - [25/Mar/2024:09:32:26 +0800] "GET /xingrg/all/function/internal_message.html?_=1711330345880&CODE_STATE=getMsg HTTP/1.1" 200 27
180.164.1.25 - - [25/Mar/2024:09:32:27 +0800] "POST /xingrg/kc/buy/cgsh_order_operate.html HTTP/1.1" 200 2664
180.164.1.25 - - [25/Mar/2024:09:32:28 +0800] "GET /xingrg/kc/print/load_data.html?order_code=212024032507457&kc_code=cgsh&condition= HTTP/1.1" 200 770
124.78.156.194 - - [25/Mar/2024:09:32:31 +0800] "GET /xingrg/all/function/internal_message.html?_=1711330350367&CODE_STATE=getMsg HTTP/1.1" 200 27
101.228.147.14 - - [25/Mar/2024:09:32:32 +0800] "GET /xingrg/kc/buy/cgsh_order_operate.html?command=get_materiel&rest_code=00142&code=00101008286&supplier_code=00100161&order_time=2024-03-25 HTTP/1.1" 200 408
180.164.1.25 - - [25/Mar/2024:09:32:33 +0800] "GET /xingrg/kc/buy/cgsh_order_add.html HTTP/1.1" 200 73747
180.164.1.25 - - [25/Mar/2024:09:32:33 +0800] "POST /xingrg/kc/buy/cgsh_order_operate.html HTTP/1.1" 200 8245
180.164.1.25 - - [25/Mar/2024:09:32:33 +0800] "GET /xingrg/javascript/easyui/themes/default/validatebox.css HTTP/1.1" 404 1104
101.83.144.49 - - [25/Mar/2024:09:32:38 +0800] "POST /xingrg/kc/buy/cgsh_order_operate.html HTTP/1.1" 200 37
101.83.240.43 - - [25/Mar/2024:09:32:40 +0800] "GET /xingrg/all/function/internal_message.html?_=1711330360361&CODE_STATE=getMsg HTTP/1.1" 200 27
101.83.144.49 - - [25/Mar/2024:09:32:41 +0800] "POST /xingrg/kc/buy/cgsh_order_operate.html HTTP/1.1" 200 26882
101.228.147.14 - - [25/Mar/2024:09:32:42 +0800] "GET /xingrg/kc/buy/cgsh_order_operate.html?command=get_materiel&rest_code=00142&code=00101008353&supplier_code=00100161&order_time=2024-03-25 HTTP/1.1" 200 408
180.163.29.206 - - [25/Mar/2024:09:32:42 +0800] "GET /xingrg/check_reg.html?_=1711330170524 HTTP/1.1" 302 -
180.164.1.25 - - [25/Mar/2024:09:32:42 +0800] "GET /xingrg/kc/buy/cgsh_order_operate.html?command=get_materiel&rest_code=00108&code=00101001191&supplier_code=00100012&order_time=2024-03-25 HTTP/1.1" 200 413
180.163.29.206 - - [25/Mar/2024:09:32:42 +0800] "GET /xingrg/login.html HTTP/1.1" 200 7641
222.70.183.82 - - [25/Mar/2024:09:32:43 +0800] "GET /xingrg/all/function/internal_message.html?_=1711330363416&CODE_STATE=getMsg HTTP/1.1" 200 27
180.164.1.25 - - [25/Mar/2024:09:32:51 +0800] "GET /xingrg/all/function/internal_message.html?_=1711330371528&CODE_STATE=getMsg HTTP/1.1" 200 27
222.70.183.82 - - [25/Mar/2024:09:32:52 +0800] "GET /xingrg/kc/buy/cgsh_order_add.html HTTP/1.1" 200 73611
222.70.183.82 - - [25/Mar/2024:09:32:52 +0800] "POST /xingrg/kc/buy/cgsh_order_operate.html HTTP/1.1" 200 8245
222.70.183.82 - - [25/Mar/2024:09:32:52 +0800] "GET /xingrg/javascript/easyui/themes/default/validatebox.css HTTP/1.1" 404 1104
180.164.1.25 - - [25/Mar/2024:09:32:52 +0800] "POST /xingrg/kc/buy/cgsh_order_operate.html HTTP/1.1" 200 37
101.83.144.49 - - [25/Mar/2024:09:32:52 +0800] "GET /xingrg/kc/buy/cgsh_order_operate.html?command=get_materiel&rest_code=00105&code=00101013176&supplier_code=00100151&order_time=2024-03-25 HTTP/1.1" 200 420
124.78.60.103 - - [25/Mar/2024:09:32:52 +0800] "GET /xingrg/all/function/internal_message.html?_=1711330372891&CODE_STATE=getMsg HTTP/1.1" 200 27
124.78.156.194 - - [25/Mar/2024:09:32:54 +0800] "GET /xingrg/kc/buy/cgsh_order_operate.html?command=get_materiel&rest_code=00106&code=00101008037&supplier_code=00100008&order_time=2024-03-25 HTTP/1.1" 200 415
101.228.147.14 - - [25/Mar/2024:09:32:54 +0800] "GET /xingrg/kc/buy/cgsh_order_operate.html?command=get_materiel&rest_code=00142&code=00101008264&supplier_code=00100161&order_time=2024-03-25 HTTP/1.1" 200 412
180.164.1.25 - - [25/Mar/2024:09:32:54 +0800] "POST /xingrg/kc/buy/cgsh_order_operate.html HTTP/1.1" 200 2656
180.164.1.25 - - [25/Mar/2024:09:32:56 +0800] "GET /xingrg/kc/print/load_data.html?order_code=212024032507458&kc_code=cgsh&condition= HTTP/1.1" 200 771
180.164.1.25 - - [25/Mar/2024:09:33:00 +0800] "GET /xingrg/kc/buy/cgsh_order_add.html HTTP/1.1" 200 73747
101.83.144.49 - - [25/Mar/2024:09:33:00 +0800] "GET /xingrg/all/function/internal_message.html?_=1711330141787&CODE_STATE=getMsg HTTP/1.1" 200 27
101.83.144.49 - - [25/Mar/2024:09:33:00 +0800] "GET /xingrg/check_reg.html?_=1711330141823 HTTP/1.1" 200 22
180.164.1.25 - - [25/Mar/2024:09:33:00 +0800] "POST /xingrg/kc/buy/cgsh_order_operate.html HTTP/1.1" 200 8245
180.164.1.25 - - [25/Mar/2024:09:33:00 +0800] "GET /xingrg/javascript/easyui/themes/default/validatebox.css HTTP/1.1" 404 1104
101.83.144.49 - - [25/Mar/2024:09:33:01 +0800] "GET /xingrg/kc/buy/cgsh_order_operate.html?command=get_materiel&rest_code=00105&code=00101013196&supplier_code=00100151&order_time=2024-03-25 HTTP/1.1" 200 410
124.78.156.194 - - [25/Mar/2024:09:33:01 +0800] "POST /xingrg/kc/buy/cgsh_order_operate.html HTTP/1.1" 200 2065
101.228.147.14 - - [25/Mar/2024:09:33:04 +0800] "GET /xingrg/kc/buy/cgsh_order_operate.html?command=get_materiel&rest_code=00142&code=00101008137&supplier_code=00100161&order_time=2024-03-25 HTTP/1.1" 200 408
116.235.245.40 - - [25/Mar/2024:09:33:05 +0800] "GET /xingrg/all/function/internal_message.html?_=1711330386752&CODE_STATE=getMsg HTTP/1.1" 200 27
222.70.183.82 - - [25/Mar/2024:09:33:05 +0800] "GET /xingrg/kc/buy/cgsh_order_operate.html?command=get_materiel&rest_code=00111&code=00101009004&supplier_code=00100037&order_time=2024-03-25 HTTP/1.1" 200 409
180.164.1.25 - - [25/Mar/2024:09:33:09 +0800] "GET /xingrg/kc/buy/cgsh_order_operate.html?command=get_materiel&rest_code=00108&code=00101023022&supplier_code=00100036&order_time=2024-03-25 HTTP/1.1" 200 406
124.78.156.194 - - [25/Mar/2024:09:33:09 +0800] "GET /xingrg/kc/buy/cgsh_order_operate.html?command=get_materiel&rest_code=00106&code=00101008224&supplier_code=00100008&order_time=2024-03-25 HTTP/1.1" 200 416
101.228.147.14 - - [25/Mar/2024:09:33:14 +0800] "GET /xingrg/kc/buy/cgsh_order_operate.html?command=get_materiel&rest_code=00142&code=00101008298&supplier_code=00100161&order_time=2024-03-25 HTTP/1.1" 200 412
101.228.147.14 - - [25/Mar/2024:09:33:17 +0800] "GET /xingrg/all/function/internal_message.html?_=1711330396048&CODE_STATE=getMsg HTTP/1.1" 200 27
180.164.1.25 - - [25/Mar/2024:09:33:18 +0800] "GET /xingrg/kc/buy/cgsh_order_operate.html?command=get_materiel&rest_code=00108&code=00101016030&supplier_code=00100036&order_time=2024-03-25 HTTP/1.1" 200 412
116.238.97.31 - - [25/Mar/2024:09:33:18 +0800] "GET /xingrg/check_reg.html?_=1711330398987 HTTP/1.1" 200 22
124.78.156.194 - - [25/Mar/2024:09:33:19 +0800] "GET /xingrg/kc/buy/cgsh_order_operate.html?command=get_materiel&rest_code=00106&code=00101008108&supplier_code=00100008&order_time=2024-03-25 HTTP/1.1" 200 412
101.83.144.49 - - [25/Mar/2024:09:33:19 +0800] "GET /xingrg/all/function/internal_message.html?_=1711330400388&CODE_STATE=getMsg HTTP/1.1" 200 27
222.70.183.82 - - [25/Mar/2024:09:33:22 +0800] "GET /xingrg/kc/buy/cgsh_order_operate.html?command=get_materiel&rest_code=00111&code=00101009079&supplier_code=00100037&order_time=2024-03-25 HTTP/1.1" 200 409
114.85.113.46 - - [25/Mar/2024:09:33:23 +0800] "GET /xingrg/all/function/internal_message.html?_=1711330403046&CODE_STATE=getMsg HTTP/1.1" 200 27
116.224.254.208 - - [25/Mar/2024:09:33:26 +0800] "GET /xingrg/all/function/internal_message.html?_=1711330405853&CODE_STATE=getMsg HTTP/1.1" 200 27
180.164.1.25 - - [25/Mar/2024:09:33:29 +0800] "GET /xingrg/kc/buy/cgsh_order_operate.html?command=get_materiel&rest_code=00108&code=00101011005&supplier_code=00100036&order_time=2024-03-25 HTTP/1.1" 200 428
124.78.156.194 - - [25/Mar/2024:09:33:30 +0800] "GET /xingrg/kc/buy/cgsh_order_operate.html?command=get_materiel&rest_code=00106&code=00101008161&supplier_code=00100008&order_time=2024-03-25 HTTP/1.1" 200 409
124.78.156.194 - - [25/Mar/2024:09:33:31 +0800] "GET /xingrg/all/function/internal_message.html?_=1711330410325&CODE_STATE=getMsg HTTP/1.1" 200 27
222.70.183.82 - - [25/Mar/2024:09:33:32 +0800] "GET /xingrg/kc/buy/cgsh_order_operate.html?command=get_materiel&rest_code=00111&code=00101008704&supplier_code=00100037&order_time=2024-03-25 HTTP/1.1" 200 409
114.85.113.46 - - [25/Mar/2024:09:33:37 +0800] "GET /xingrg/check_reg.html?_=1711330416983 HTTP/1.1" 200 22
101.83.240.43 - - [25/Mar/2024:09:33:40 +0800] "GET /xingrg/all/function/internal_message.html?_=1711330420361&CODE_STATE=getMsg HTTP/1.1" 200 27
101.83.144.49 - - [25/Mar/2024:09:33:43 +0800] "POST /xingrg/kc/buy/cgsh_order_operate.html HTTP/1.1" 200 37
222.70.183.82 - - [25/Mar/2024:09:33:43 +0800] "GET /xingrg/all/function/internal_message.html?_=1711330423413&CODE_STATE=getMsg HTTP/1.1" 200 27
180.164.1.25 - - [25/Mar/2024:09:33:46 +0800] "POST /xingrg/kc/buy/cgsh_order_operate.html HTTP/1.1" 200 37
101.228.147.14 - - [25/Mar/2024:09:33:46 +0800] "GET /xingrg/kc/buy/cgsh_order_operate.html?command=get_materiel&rest_code=00142&code=00101008354&supplier_code=00100161&order_time=2024-03-25 HTTP/1.1" 200 412
101.83.144.49 - - [25/Mar/2024:09:33:46 +0800] "POST /xingrg/kc/buy/cgsh_order_operate.html HTTP/1.1" 200 2652
180.164.1.25 - - [25/Mar/2024:09:33:51 +0800] "GET /xingrg/all/function/internal_message.html?_=1711330431505&CODE_STATE=getMsg HTTP/1.1" 200 27
101.83.144.49 - - [25/Mar/2024:09:33:51 +0800] "GET /xingrg/kc/buy/cgsh_order_add.html HTTP/1.1" 200 73737
116.224.254.208 - - [25/Mar/2024:09:33:51 +0800] "POST /xingrg/kc/buy/cgsh_order_operate.html HTTP/1.1" 200 37
222.70.183.82 - - [25/Mar/2024:09:33:51 +0800] "GET /xingrg/kc/buy/cgsh_order_operate.html?command=get_materiel&rest_code=00111&code=00101009063&supplier_code=00100037&order_time=2024-03-25 HTTP/1.1" 200 409
180.164.1.25 - - [25/Mar/2024:09:33:51 +0800] "POST /xingrg/kc/buy/cgsh_order_operate.html HTTP/1.1" 200 3830
101.83.144.49 - - [25/Mar/2024:09:33:52 +0800] "GET /xingrg/javascript/easyui/themes/default/validatebox.css HTTP/1.1" 404 1104
101.83.144.49 - - [25/Mar/2024:09:33:52 +0800] "POST /xingrg/kc/buy/cgsh_order_operate.html HTTP/1.1" 200 8245
124.78.60.103 - - [25/Mar/2024:09:33:52 +0800] "GET /xingrg/all/function/internal_message.html?_=1711330432867&CODE_STATE=getMsg HTTP/1.1" 200 27
180.164.1.25 - - [25/Mar/2024:09:33:53 +0800] "GET /xingrg/kc/print/load_data.html?order_code=212024032507460&kc_code=cgsh&condition= HTTP/1.1" 200 1207
116.224.254.208 - - [25/Mar/2024:09:33:55 +0800] "POST /xingrg/kc/buy/cgsh_order_operate.html HTTP/1.1" 200 6257
124.78.156.194 - - [25/Mar/2024:09:33:55 +0800] "GET /xingrg/kc/buy/cgsh_order_operate.html?command=get_materiel&rest_code=00106&code=00101008285&supplier_code=00100008&order_time=2024-03-25 HTTP/1.1" 200 413
101.228.147.14 - - [25/Mar/2024:09:33:58 +0800] "GET /xingrg/kc/buy/cgsh_order_operate.html?command=get_materiel&rest_code=00142&code=00101008323&supplier_code=00100161&order_time=2024-03-25 HTTP/1.1" 200 408
101.83.144.49 - - [25/Mar/2024:09:34:00 +0800] "GET /xingrg/all/function/internal_message.html?_=1711330201760&CODE_STATE=getMsg HTTP/1.1" 200 27
116.235.245.40 - - [25/Mar/2024:09:34:05 +0800] "GET /xingrg/all/function/internal_message.html?_=1711330446766&CODE_STATE=getMsg HTTP/1.1" 200 27
180.163.28.109 - - [25/Mar/2024:09:34:06 +0800] "GET /xingrg/kc/buy/cgsh_order_operate.html?command=get_materiel&rest_code=00106&code=00101008096&supplier_code=00100008&order_time=2024-03-25 HTTP/1.1" 302 -
180.163.28.109 - - [25/Mar/2024:09:34:06 +0800] "GET /xingrg/login.html HTTP/1.1" 200 7641
101.228.147.14 - - [25/Mar/2024:09:34:11 +0800] "GET /xingrg/kc/buy/cgsh_order_operate.html?command=get_materiel&rest_code=00142&code=00101008374&supplier_code=00100161&order_time=2024-03-25 HTTP/1.1" 200 412
124.78.156.194 - - [25/Mar/2024:09:34:11 +0800] "POST /xingrg/kc/buy/cgsh_order_operate.html HTTP/1.1" 200 37
180.164.1.25 - - [25/Mar/2024:09:34:13 +0800] "GET /xingrg/check_reg.html?_=1711330453598 HTTP/1.1" 200 22
180.171.58.249 - - [25/Mar/2024:09:34:14 +0800] "GET /xingrg/check_reg.html?_=1711330455144 HTTP/1.1" 302 -
124.78.156.194 - - [25/Mar/2024:09:34:14 +0800] "POST /xingrg/kc/buy/cgsh_order_operate.html HTTP/1.1" 200 15665
222.70.183.82 - - [25/Mar/2024:09:34:15 +0800] "GET /xingrg/kc/buy/cgsh_order_operate.html?command=get_materiel&rest_code=00111&code=00101019435&supplier_code=00100037&order_time=2024-03-25 HTTP/1.1" 200 417
101.83.144.49 - - [25/Mar/2024:09:34:19 +0800] "GET /xingrg/all/function/internal_message.html?_=1711330460385&CODE_STATE=getMsg HTTP/1.1" 200 27
114.85.113.46 - - [25/Mar/2024:09:34:23 +0800] "GET /xingrg/all/function/internal_message.html?_=1711330463038&CODE_STATE=getMsg HTTP/1.1" 200 27
116.224.254.208 - - [25/Mar/2024:09:34:26 +0800] "GET /xingrg/all/function/internal_message.html?_=1711330465840&CODE_STATE=getMsg HTTP/1.1" 200 27
101.228.147.14 - - [25/Mar/2024:09:34:26 +0800] "POST /xingrg/kc/buy/cgsh_order_operate.html HTTP/1.1" 200 37
101.228.147.14 - - [25/Mar/2024:09:34:29 +0800] "POST /xingrg/kc/buy/cgsh_order_operate.html HTTP/1.1" 200 12081
222.70.183.82 - - [25/Mar/2024:09:34:30 +0800] "GET /xingrg/kc/buy/cgsh_order_operate.html?command=get_materiel&rest_code=00111&code=00101012003&supplier_code=00100037&order_time=2024-03-25 HTTP/1.1" 200 412
124.78.156.194 - - [25/Mar/2024:09:34:31 +0800] "GET /xingrg/all/function/internal_message.html?_=1711330470308&CODE_STATE=getMsg HTTP/1.1" 200 27
124.78.156.194 - - [25/Mar/2024:09:34:31 +0800] "GET /xingrg/check_reg.html?_=1711330470533 HTTP/1.1" 200 22
101.228.147.14 - - [25/Mar/2024:09:34:36 +0800] "POST /xingrg/kc/buy/cgsh_order_operate.html HTTP/1.1" 200 37
222.70.115.1 - - [25/Mar/2024:09:34:37 +0800] "POST /xingrg/all/common/load_tree.html?tree=area_rest_tree_json&manage=1 HTTP/1.1" 302 -
222.70.115.1 - - [25/Mar/2024:09:34:37 +0800] "POST /xingrg/load_menu.html HTTP/1.1" 302 -
222.70.115.1 - - [25/Mar/2024:09:34:37 +0800] "GET /xingrg/all/function/internal_message.html?_=1711330481574&CODE_STATE=count HTTP/1.1" 302 -
222.70.115.1 - - [25/Mar/2024:09:34:37 +0800] "GET /xingrg/check_reg.html?_=1711330481575 HTTP/1.1" 302 -
222.70.115.1 - - [25/Mar/2024:09:34:37 +0800] "GET /xingrg/login.html HTTP/1.1" 200 7641
222.70.115.1 - - [25/Mar/2024:09:34:37 +0800] "GET /xingrg/login.html HTTP/1.1" 200 7641
222.70.115.1 - - [25/Mar/2024:09:34:37 +0800] "GET /xingrg/login.html HTTP/1.1" 200 7641
222.70.115.1 - - [25/Mar/2024:09:34:37 +0800] "GET /xingrg/login.html HTTP/1.1" 200 7641
101.228.147.14 - - [25/Mar/2024:09:34:38 +0800] "POST /xingrg/kc/buy/cgsh_order_operate.html HTTP/1.1" 200 12081
222.70.115.1 - - [25/Mar/2024:09:34:38 +0800] "GET /favicon.ico HTTP/1.1" 404 -
101.83.240.43 - - [25/Mar/2024:09:34:40 +0800] "GET /xingrg/all/function/internal_message.html?_=1711330480360&CODE_STATE=getMsg HTTP/1.1" 200 27
222.70.183.82 - - [25/Mar/2024:09:34:43 +0800] "GET /xingrg/kc/buy/cgsh_order_operate.html?command=get_materiel&rest_code=00111&code=00101040102&supplier_code=00100037&order_time=2024-03-25 HTTP/1.1" 200 412
222.70.183.82 - - [25/Mar/2024:09:34:43 +0800] "GET /xingrg/all/function/internal_message.html?_=1711330483421&CODE_STATE=getMsg HTTP/1.1" 200 27
180.164.1.25 - - [25/Mar/2024:09:34:51 +0800] "GET /xingrg/all/function/internal_message.html?_=1711330491492&CODE_STATE=getMsg HTTP/1.1" 200 27
124.78.60.103 - - [25/Mar/2024:09:34:52 +0800] "GET /xingrg/all/function/internal_message.html?_=1711330492853&CODE_STATE=getMsg HTTP/1.1" 200 27
101.228.147.14 - - [25/Mar/2024:09:34:54 +0800] "GET /xingrg/login.html HTTP/1.1" 200 7641
101.228.147.14 - - [25/Mar/2024:09:34:55 +0800] "GET /favicon.ico HTTP/1.1" 404 -
222.70.183.82 - - [25/Mar/2024:09:34:58 +0800] "GET /xingrg/kc/buy/cgsh_order_operate.html?command=get_materiel&rest_code=00111&code=00101007109&supplier_code=00100037&order_time=2024-03-25 HTTP/1.1" 200 408
101.83.144.49 - - [25/Mar/2024:09:35:00 +0800] "GET /xingrg/all/function/internal_message.html?_=1711330261760&CODE_STATE=getMsg HTTP/1.1" 200 27
116.235.245.40 - - [25/Mar/2024:09:35:03 +0800] "GET /xingrg/check_reg.html?_=1711330504921 HTTP/1.1" 200 22
116.235.245.40 - - [25/Mar/2024:09:35:05 +0800] "GET /xingrg/all/function/internal_message.html?_=1711330506780&CODE_STATE=getMsg HTTP/1.1" 200 27
222.70.183.82 - - [25/Mar/2024:09:35:09 +0800] "GET /xingrg/kc/buy/cgsh_order_operate.html?command=get_materiel&rest_code=00111&code=00101011005&supplier_code=00100037&order_time=2024-03-25 HTTP/1.1" 200 428
222.70.115.1 - - [25/Mar/2024:09:35:13 +0800] "GET /xingrg/logout.do HTTP/1.1" 302 -
222.70.115.1 - - [25/Mar/2024:09:35:13 +0800] "GET /xingrg/login.html HTTP/1.1" 200 7641
124.78.60.103 - - [25/Mar/2024:09:35:15 +0800] "GET /xingrg/check_reg.html?_=1711330515653 HTTP/1.1" 200 22
101.83.144.49 - - [25/Mar/2024:09:35:19 +0800] "GET /xingrg/all/function/internal_message.html?_=1711330520378&CODE_STATE=getMsg HTTP/1.1" 200 27
114.85.113.46 - - [25/Mar/2024:09:35:23 +0800] "GET /xingrg/all/function/internal_message.html?_=1711330523021&CODE_STATE=getMsg HTTP/1.1" 200 27
116.224.254.208 - - [25/Mar/2024:09:35:26 +0800] "GET /xingrg/all/function/internal_message.html?_=1711330525826&CODE_STATE=getMsg HTTP/1.1" 200 27
222.70.183.82 - - [25/Mar/2024:09:35:26 +0800] "GET /xingrg/kc/buy/cgsh_order_operate.html?command=get_materiel&rest_code=00111&code=00101016059&supplier_code=00100037&order_time=2024-03-25 HTTP/1.1" 200 408
222.70.115.1 - - [25/Mar/2024:09:35:26 +0800] "POST /xingrg/login.do HTTP/1.1" 302 -
222.70.115.1 - - [25/Mar/2024:09:35:26 +0800] "POST /xingrg/login.do HTTP/1.1" 302 -
222.70.115.1 - - [25/Mar/2024:09:35:26 +0800] "GET /xingrg/index.html?sysBaseUrl=http%3A%2F%2F180.169.147.146%3A18081%2Fxingrg%2F&costTime=1591×tamp=1711330526688 HTTP/1.1" 200 17503
222.70.115.1 - - [25/Mar/2024:09:35:26 +0800] "GET /xingrg/check_reg.html?_=1711330531062 HTTP/1.1" 200 22
222.70.115.1 - - [25/Mar/2024:09:35:26 +0800] "GET /xingrg/all/function/internal_message.html?_=1711330531062&CODE_STATE=count HTTP/1.1" 200 11
222.70.115.1 - - [25/Mar/2024:09:35:26 +0800] "POST /xingrg/load_menu.html HTTP/1.1" 200 11564
222.70.115.1 - - [25/Mar/2024:09:35:27 +0800] "POST /xingrg/all/common/load_tree.html?tree=area_rest_tree_json&manage=1 HTTP/1.1" 200 2231
116.224.254.208 - - [25/Mar/2024:09:35:27 +0800] "GET /xingrg/check_reg.html?_=1711330526744 HTTP/1.1" 200 22
222.70.115.1 - - [25/Mar/2024:09:35:28 +0800] "POST /xingrg/load_menu.html HTTP/1.1" 200 10483
124.78.156.194 - - [25/Mar/2024:09:35:31 +0800] "GET /xingrg/all/function/internal_message.html?_=1711330530286&CODE_STATE=getMsg HTTP/1.1" 200 27
222.70.115.1 - - [25/Mar/2024:09:35:31 +0800] "GET /xingrg/index.html?sysBaseUrl=http%3A%2F%2F180.169.147.146%3A18081%2Fxingrg%2F&costTime=1591×tamp=1711330526688 HTTP/1.1" 200 17503
222.70.115.1 - - [25/Mar/2024:09:35:31 +0800] "GET /xingrg/check_reg.html?_=1711330535864 HTTP/1.1" 200 22
222.70.115.1 - - [25/Mar/2024:09:35:31 +0800] "GET /xingrg/all/function/internal_message.html?_=1711330535863&CODE_STATE=count HTTP/1.1" 200 11
222.70.115.1 - - [25/Mar/2024:09:35:31 +0800] "POST /xingrg/all/common/load_tree.html?tree=area_rest_tree_json&manage=1 HTTP/1.1" 200 2231
222.70.115.1 - - [25/Mar/2024:09:35:31 +0800] "POST /xingrg/load_menu.html HTTP/1.1" 200 11564
101.83.144.49 - - [25/Mar/2024:09:35:32 +0800] "GET /xingrg/kc/buy/cgsh_order_operate.html?command=get_materiel&rest_code=00105&code=00101016030&supplier_code=00100151&order_time=2024-03-25 HTTP/1.1" 200 412
222.70.115.1 - - [25/Mar/2024:09:35:33 +0800] "GET /xingrg/index.html?sysBaseUrl=http%3A%2F%2F180.169.147.146%3A18081%2Fxingrg%2F&costTime=1591×tamp=1711330526688 HTTP/1.1" 200 17503
222.70.115.1 - - [25/Mar/2024:09:35:34 +0800] "GET /xingrg/all/function/internal_message.html?_=1711330538310&CODE_STATE=count HTTP/1.1" 200 11
222.70.115.1 - - [25/Mar/2024:09:35:34 +0800] "GET /xingrg/check_reg.html?_=1711330538310 HTTP/1.1" 200 22
222.70.115.1 - - [25/Mar/2024:09:35:34 +0800] "POST /xingrg/all/common/load_tree.html?tree=area_rest_tree_json&manage=1 HTTP/1.1" 200 2231
222.70.115.1 - - [25/Mar/2024:09:35:34 +0800] "POST /xingrg/load_menu.html HTTP/1.1" 200 11564
222.70.115.1 - - [25/Mar/2024:09:35:34 +0800] "POST /xingrg/load_menu.html HTTP/1.1" 200 10483
222.70.115.1 - - [25/Mar/2024:09:35:36 +0800] "GET /xingrg/all/report/report_query.html?fileName=dma/new_5.0/yingye/yy_hz.xml&rw=1600 HTTP/1.1" 200 56155
222.70.115.1 - - [25/Mar/2024:09:35:36 +0800] "GET /xingrg/dwr/interface/AjaxReportQueryService.js HTTP/1.1" 200 13203
222.70.115.1 - - [25/Mar/2024:09:35:36 +0800] "GET /xingrg/dwr/engine.js HTTP/1.1" 200 43631
222.70.115.1 - - [25/Mar/2024:09:35:36 +0800] "GET /xingrg/dwr/util.js HTTP/1.1" 200 35990
222.70.115.1 - - [25/Mar/2024:09:35:36 +0800] "POST /xingrg/dwr/call/plaincall/AjaxReportQueryService.getFixDate.dwr HTTP/1.1" 200 111
222.70.115.1 - - [25/Mar/2024:09:35:37 +0800] "POST /xingrg/all/common/load_tree.html?tree=area_station_tree_json&manage=1 HTTP/1.1" 200 2159
222.70.183.82 - - [25/Mar/2024:09:35:37 +0800] "GET /xingrg/kc/buy/cgsh_order_operate.html?command=get_materiel&rest_code=00111&code=00101013225&supplier_code=00100037&order_time=2024-03-25 HTTP/1.1" 200 430
222.70.115.1 - - [25/Mar/2024:09:35:38 +0800] "POST /xingrg/dwr/call/plaincall/AjaxReportQueryService.getFixDate.dwr HTTP/1.1" 200 111
222.70.183.82 - - [25/Mar/2024:09:35:40 +0800] "POST /xingrg/all/common/load_select.html HTTP/1.1" 200 25
222.70.115.1 - - [25/Mar/2024:09:35:40 +0800] "POST /xingrg/dwr/call/plaincall/AjaxReportQueryService.refreshCache.dwr HTTP/1.1" 200 78
101.83.240.43 - - [25/Mar/2024:09:35:40 +0800] "GET /xingrg/all/function/internal_message.html?_=1711330540360&CODE_STATE=getMsg HTTP/1.1" 200 27
101.83.240.43 - - [25/Mar/2024:09:35:40 +0800] "GET /xingrg/check_reg.html?_=1711330540441 HTTP/1.1" 200 22
222.70.115.1 - - [25/Mar/2024:09:35:41 +0800] "POST /xingrg/all/report/load_report_page.html HTTP/1.1" 200 136709
222.70.115.1 - - [25/Mar/2024:09:35:41 +0800] "GET /xingrg/servlets/image?cache=0.8054250813480146&image=px HTTP/1.1" 200 807
222.70.183.82 - - [25/Mar/2024:09:35:43 +0800] "GET /xingrg/check_reg.html?_=1711330543416 HTTP/1.1" 200 22
222.70.183.82 - - [25/Mar/2024:09:35:43 +0800] "GET /xingrg/all/function/internal_message.html?_=1711330543419&CODE_STATE=getMsg HTTP/1.1" 200 27
222.70.183.82 - - [25/Mar/2024:09:35:45 +0800] "GET /xingrg/kc/buy/cgsh_order_operate.html?command=get_materiel_price&rest_code=00111&code=00101013225&unit_code=00100112&supplier_code=00100037&order_time=2024-03-25 HTTP/1.1" 200 27
101.83.144.49 - - [25/Mar/2024:09:35:48 +0800] "GET /xingrg/kc/buy/cgsh_order_operate.html?command=get_materiel&rest_code=00105&code=00101020153&supplier_code=00100151&order_time=2024-03-25 HTTP/1.1" 200 408
180.164.1.25 - - [25/Mar/2024:09:35:51 +0800] "GET /xingrg/all/function/internal_message.html?_=1711330551488&CODE_STATE=getMsg HTTP/1.1" 200 27
124.78.60.103 - - [25/Mar/2024:09:35:52 +0800] "GET /xingrg/all/function/internal_message.html?_=1711330552846&CODE_STATE=getMsg HTTP/1.1" 200 27
101.83.144.49 - - [25/Mar/2024:09:35:58 +0800] "GET /xingrg/kc/buy/cgsh_order_operate.html?command=get_materiel&rest_code=00105&code=00101008274&supplier_code=00100151&order_time=2024-03-25 HTTP/1.1" 200 412
101.83.144.49 - - [25/Mar/2024:09:36:00 +0800] "GET /xingrg/all/function/internal_message.html?_=1711330321761&CODE_STATE=getMsg HTTP/1.1" 200 27
222.70.183.82 - - [25/Mar/2024:09:36:04 +0800] "GET /xingrg/kc/buy/cgsh_order_operate.html?command=get_materiel&rest_code=00111&code=00101023022&supplier_code=00100037&order_time=2024-03-25 HTTP/1.1" 200 406
58.40.7.146 - - [25/Mar/2024:09:36:05 +0800] "GET /favicon.ico HTTP/1.1" 404 -
116.235.245.40 - - [25/Mar/2024:09:36:05 +0800] "GET /xingrg/all/function/internal_message.html?_=1711330566794&CODE_STATE=getMsg HTTP/1.1" 200 27
58.40.7.146 - - [25/Mar/2024:09:36:07 +0800] "GET /xingrg/login.html HTTP/1.1" 200 7641
58.40.7.146 - - [25/Mar/2024:09:36:08 +0800] "GET /favicon.ico HTTP/1.1" 404 -
58.40.7.146 - - [25/Mar/2024:09:36:08 +0800] "GET /favicon.ico HTTP/1.1" 404 -
58.40.7.146 - - [25/Mar/2024:09:36:10 +0800] "POST /xingrg/login.do HTTP/1.1" 302 -
58.40.7.146 - - [25/Mar/2024:09:36:10 +0800] "GET /xingrg/index.html?sysBaseUrl=http%3A%2F%2F180.169.147.146%3A18081%2Fxingrg%2F&costTime=910×tamp=1711330570349 HTTP/1.1" 200 17503
58.40.7.146 - - [25/Mar/2024:09:36:10 +0800] "GET /favicon.ico HTTP/1.1" 404 -
58.40.7.146 - - [25/Mar/2024:09:36:10 +0800] "GET /xingrg/check_reg.html?_=1711330581483 HTTP/1.1" 200 22
58.40.7.146 - - [25/Mar/2024:09:36:10 +0800] "POST /xingrg/all/common/load_tree.html?tree=area_rest_tree_json&manage=1 HTTP/1.1" 200 3624
58.40.7.146 - - [25/Mar/2024:09:36:11 +0800] "GET /xingrg/all/function/internal_message.html?_=1711330581481&CODE_STATE=count HTTP/1.1" 200 11
58.40.7.146 - - [25/Mar/2024:09:36:11 +0800] "POST /xingrg/load_menu.html HTTP/1.1" 200 11564
222.70.115.1 - - [25/Mar/2024:09:36:13 +0800] "POST /xingrg/dwr/call/plaincall/AjaxReportQueryService.refreshCache.dwr HTTP/1.1" 200 78
222.70.115.1 - - [25/Mar/2024:09:36:14 +0800] "POST /xingrg/all/report/load_report_page.html HTTP/1.1" 200 136720
222.70.115.1 - - [25/Mar/2024:09:36:14 +0800] "GET /xingrg/servlets/image?cache=0.9026595533674279&image=px HTTP/1.1" 200 807
58.40.7.146 - - [25/Mar/2024:09:36:15 +0800] "POST /xingrg/all/user/operate.html HTTP/1.1" 200 36
58.40.7.146 - - [25/Mar/2024:09:36:15 +0800] "GET /xingrg/index.html?sysBaseUrl=http%3A%2F%2F180.169.147.146%3A18081%2Fxingrg%2F&costTime=910×tamp=1711330570349 HTTP/1.1" 200 17509
58.40.7.146 - - [25/Mar/2024:09:36:15 +0800] "GET /xingrg/javascript/jquery_easy_ui/themes/default/easyui.css HTTP/1.1" 304 -
58.40.7.146 - - [25/Mar/2024:09:36:15 +0800] "GET /xingrg/javascript/jquery_easy_ui/themes/icon.css HTTP/1.1" 304 -
58.40.7.146 - - [25/Mar/2024:09:36:15 +0800] "GET /xingrg/css/form.css HTTP/1.1" 304 -
58.40.7.146 - - [25/Mar/2024:09:36:15 +0800] "GET /xingrg/javascript/jquery-1.4.2.min.js HTTP/1.1" 304 -
58.40.7.146 - - [25/Mar/2024:09:36:15 +0800] "GET /xingrg/javascript/jquery_easy_ui/jquery.easyui.min.js HTTP/1.1" 304 -
58.40.7.146 - - [25/Mar/2024:09:36:15 +0800] "GET /xingrg/javascript/jquery_easy_ui/easyui-lang-zh_CN.js HTTP/1.1" 304 -
58.40.7.146 - - [25/Mar/2024:09:36:15 +0800] "GET /xingrg/javascript/jquery.form.js HTTP/1.1" 304 -
58.40.7.146 - - [25/Mar/2024:09:36:15 +0800] "GET /xingrg/javascript/jquery.utils.js HTTP/1.1" 304 -
58.40.7.146 - - [25/Mar/2024:09:36:15 +0800] "GET /xingrg/javascript/jquery.timers.js HTTP/1.1" 304 -
58.40.7.146 - - [25/Mar/2024:09:36:15 +0800] "GET /xingrg/images/blue/jxLogo.png HTTP/1.1" 304 -
58.40.7.146 - - [25/Mar/2024:09:36:15 +0800] "GET /xingrg/images/blue/navBackgound.jpg HTTP/1.1" 304 -
58.40.7.146 - - [25/Mar/2024:09:36:15 +0800] "GET /xingrg/javascript/jquery_easy_ui/themes/icons/settle_new.png HTTP/1.1" 304 -
58.40.7.146 - - [25/Mar/2024:09:36:15 +0800] "GET /xingrg/all/function/internal_message.html?_=1711330586064&CODE_STATE=count HTTP/1.1" 200 11
58.40.7.146 - - [25/Mar/2024:09:36:15 +0800] "GET /xingrg/check_reg.html?_=1711330586065 HTTP/1.1" 200 22
58.40.7.146 - - [25/Mar/2024:09:36:15 +0800] "GET /xingrg/javascript/jquery_easy_ui/themes/default/images/tabs_leftarrow.png HTTP/1.1" 304 -
58.40.7.146 - - [25/Mar/2024:09:36:15 +0800] "GET /xingrg/javascript/jquery_easy_ui/themes/default/images/panel_tool_expand.gif HTTP/1.1" 304 -
58.40.7.146 - - [25/Mar/2024:09:36:15 +0800] "GET /xingrg/javascript/jquery_easy_ui/themes/default/images/tabs_rightarrow.png HTTP/1.1" 304 -
58.40.7.146 - - [25/Mar/2024:09:36:15 +0800] "GET /xingrg/javascript/jquery_easy_ui/themes/default/images/panel_tool_collapse.gif HTTP/1.1" 304 -
58.40.7.146 - - [25/Mar/2024:09:36:15 +0800] "GET /xingrg/images/blue/pingpu.png HTTP/1.1" 304 -
101.83.144.49 - - [25/Mar/2024:09:36:15 +0800] "GET /xingrg/kc/buy/cgsh_order_operate.html?command=get_materiel&rest_code=00105&code=00101012003&supplier_code=00100151&order_time=2024-03-25 HTTP/1.1" 200 412
58.40.7.146 - - [25/Mar/2024:09:36:15 +0800] "POST /xingrg/all/common/load_tree.html?tree=area_rest_tree_json&manage=1 HTTP/1.1" 200 3624
58.40.7.146 - - [25/Mar/2024:09:36:15 +0800] "POST /xingrg/load_menu.html HTTP/1.1" 200 9959
180.163.28.143 - - [25/Mar/2024:09:36:15 +0800] "GET /xingrg/kc/buy/cgsh_order_operate.html?command=get_materiel&rest_code=00106&code=00101008285&supplier_code=00100008&order_time=2024-03-25 HTTP/1.1" 302 -
180.163.28.143 - - [25/Mar/2024:09:36:16 +0800] "GET /xingrg/login.html HTTP/1.1" 200 7641
58.40.7.146 - - [25/Mar/2024:09:36:16 +0800] "GET /xingrg/kc/base/base_main.html HTTP/1.1" 200 12142
58.40.7.146 - - [25/Mar/2024:09:36:18 +0800] "GET /xingrg/kc/base/yddb_order_list.html HTTP/1.1" 200 16662
58.40.7.146 - - [25/Mar/2024:09:36:19 +0800] "POST /xingrg/kc/base/yddb_list_operate.html HTTP/1.1" 200 636
101.83.144.49 - - [25/Mar/2024:09:36:19 +0800] "GET /xingrg/all/function/internal_message.html?_=1711330580434&CODE_STATE=getMsg HTTP/1.1" 200 27
222.70.183.82 - - [25/Mar/2024:09:36:19 +0800] "GET /xingrg/kc/buy/cgsh_order_operate.html?command=get_materiel&rest_code=00111&code=00101008211&supplier_code=00100037&order_time=2024-03-25 HTTP/1.1" 200 412
