101.83.144.49 - - [25/Mar/2024:08:53:00 +0800] "GET /xingrg/check_reg.html?_=1711327741749 HTTP/1.1" 200 22
116.235.245.40 - - [25/Mar/2024:08:53:04 +0800] "GET /xingrg/all/function/internal_message.html?_=1711327985673&CODE_STATE=getMsg HTTP/1.1" 200 27
101.83.144.49 - - [25/Mar/2024:08:53:07 +0800] "GET /xingrg/kc/buy/cgsh_order_operate.html?command=get_materiel&rest_code=00105&code=00101008005&supplier_code=00100008&order_time=2024-03-25 HTTP/1.1" 200 412
116.238.97.31 - - [25/Mar/2024:08:53:18 +0800] "GET /xingrg/kc/buy/cgsh_order_add.html HTTP/1.1" 200 73690
116.238.97.31 - - [25/Mar/2024:08:53:18 +0800] "POST /xingrg/kc/buy/cgsh_order_operate.html HTTP/1.1" 200 8245
116.238.97.31 - - [25/Mar/2024:08:53:18 +0800] "GET /xingrg/javascript/easyui/themes/default/validatebox.css HTTP/1.1" 404 1104
116.238.97.31 - - [25/Mar/2024:08:53:18 +0800] "GET /xingrg/check_reg.html?_=1711327999142 HTTP/1.1" 200 22
114.85.113.46 - - [25/Mar/2024:08:53:24 +0800] "GET /xingrg/all/function/internal_message.html?_=1711328003831&CODE_STATE=getMsg HTTP/1.1" 200 27
116.224.254.208 - - [25/Mar/2024:08:53:26 +0800] "GET /xingrg/all/function/internal_message.html?_=1711328006645&CODE_STATE=getMsg HTTP/1.1" 200 27
124.78.156.194 - - [25/Mar/2024:08:53:31 +0800] "GET /xingrg/all/function/internal_message.html?_=1711328010471&CODE_STATE=getMsg HTTP/1.1" 200 27
101.83.144.49 - - [25/Mar/2024:08:53:35 +0800] "POST /xingrg/kc/buy/cgsh_order_operate.html HTTP/1.1" 200 37
114.85.113.46 - - [25/Mar/2024:08:53:37 +0800] "GET /xingrg/check_reg.html?_=1711328017092 HTTP/1.1" 200 22
180.163.30.85 - - [25/Mar/2024:08:53:37 +0800] "GET /xingrg/all/function/internal_message.html?_=1711327950464&CODE_STATE=getMsg HTTP/1.1" 302 -
180.163.30.85 - - [25/Mar/2024:08:53:37 +0800] "GET /xingrg/login.html HTTP/1.1" 200 7641
101.83.144.49 - - [25/Mar/2024:08:53:39 +0800] "POST /xingrg/kc/buy/cgsh_order_operate.html HTTP/1.1" 200 10923
101.83.240.43 - - [25/Mar/2024:08:53:40 +0800] "GET /xingrg/all/function/internal_message.html?_=1711328020272&CODE_STATE=getMsg HTTP/1.1" 200 27
180.164.1.25 - - [25/Mar/2024:08:53:52 +0800] "GET /xingrg/all/function/internal_message.html?_=1711328031983&CODE_STATE=getMsg HTTP/1.1" 200 27
124.78.60.103 - - [25/Mar/2024:08:53:53 +0800] "GET /xingrg/all/function/internal_message.html?_=1711328033703&CODE_STATE=getMsg HTTP/1.1" 200 27
101.83.144.49 - - [25/Mar/2024:08:54:00 +0800] "GET /xingrg/all/function/internal_message.html?_=1711327801756&CODE_STATE=getMsg HTTP/1.1" 200 27
116.235.245.40 - - [25/Mar/2024:08:54:04 +0800] "GET /xingrg/all/function/internal_message.html?_=1711328045705&CODE_STATE=getMsg HTTP/1.1" 200 27
180.164.1.25 - - [25/Mar/2024:08:54:13 +0800] "GET /xingrg/check_reg.html?_=1711328053643 HTTP/1.1" 200 22
180.171.58.249 - - [25/Mar/2024:08:54:14 +0800] "GET /xingrg/check_reg.html?_=1711328055313 HTTP/1.1" 302 -
114.85.113.46 - - [25/Mar/2024:08:54:24 +0800] "GET /xingrg/all/function/internal_message.html?_=1711328063803&CODE_STATE=getMsg HTTP/1.1" 200 27
120.253.135.82 - - [25/Mar/2024:08:54:25 +0800] "GET /xingrg/check_reg.html?_=1711327906972 HTTP/1.1" 200 22
116.224.254.208 - - [25/Mar/2024:08:54:26 +0800] "GET /xingrg/all/function/internal_message.html?_=1711328066625&CODE_STATE=getMsg HTTP/1.1" 200 27
124.78.156.194 - - [25/Mar/2024:08:54:31 +0800] "GET /xingrg/check_reg.html?_=1711328070457 HTTP/1.1" 200 22
124.78.156.194 - - [25/Mar/2024:08:54:31 +0800] "GET /xingrg/all/function/internal_message.html?_=1711328070463&CODE_STATE=getMsg HTTP/1.1" 200 27
101.83.240.43 - - [25/Mar/2024:08:54:40 +0800] "GET /xingrg/all/function/internal_message.html?_=1711328080282&CODE_STATE=getMsg HTTP/1.1" 200 27
172.20.0.100 - - [25/Mar/2024:08:54:50 +0800] "GET /favicon.ico HTTP/1.1" 404 -
180.164.1.25 - - [25/Mar/2024:08:54:52 +0800] "GET /xingrg/all/function/internal_message.html?_=1711328091964&CODE_STATE=getMsg HTTP/1.1" 200 27
101.83.144.49 - - [25/Mar/2024:08:54:53 +0800] "GET /xingrg/kc/buy/cgsh_order_operate.html?command=get_materiel&rest_code=00105&code=00101015066&supplier_code=00100008&order_time=2024-03-25 HTTP/1.1" 200 413
124.78.60.103 - - [25/Mar/2024:08:54:53 +0800] "GET /xingrg/all/function/internal_message.html?_=1711328093679&CODE_STATE=getMsg HTTP/1.1" 200 27
101.83.144.49 - - [25/Mar/2024:08:55:00 +0800] "GET /xingrg/all/function/internal_message.html?_=1711327861737&CODE_STATE=getMsg HTTP/1.1" 200 27
116.235.245.40 - - [25/Mar/2024:08:55:03 +0800] "GET /xingrg/check_reg.html?_=1711328104348 HTTP/1.1" 200 22
116.235.245.40 - - [25/Mar/2024:08:55:04 +0800] "GET /xingrg/all/function/internal_message.html?_=1711328105722&CODE_STATE=getMsg HTTP/1.1" 200 27
124.78.60.103 - - [25/Mar/2024:08:55:15 +0800] "GET /xingrg/check_reg.html?_=1711328115673 HTTP/1.1" 200 22
114.85.113.46 - - [25/Mar/2024:08:55:24 +0800] "GET /xingrg/all/function/internal_message.html?_=1711328123789&CODE_STATE=getMsg HTTP/1.1" 200 27
101.83.144.49 - - [25/Mar/2024:08:55:26 +0800] "GET /xingrg/kc/buy/cgsh_order_operate.html?command=get_materiel&rest_code=00105&code=00101008312&supplier_code=00100008&order_time=2024-03-25 HTTP/1.1" 200 412
116.224.254.208 - - [25/Mar/2024:08:55:26 +0800] "GET /xingrg/all/function/internal_message.html?_=1711328126605&CODE_STATE=getMsg HTTP/1.1" 200 27
116.224.254.208 - - [25/Mar/2024:08:55:27 +0800] "GET /xingrg/check_reg.html?_=1711328126745 HTTP/1.1" 200 22
124.78.156.194 - - [25/Mar/2024:08:55:31 +0800] "GET /xingrg/all/function/internal_message.html?_=1711328130456&CODE_STATE=getMsg HTTP/1.1" 200 27
101.83.240.43 - - [25/Mar/2024:08:55:40 +0800] "GET /xingrg/all/function/internal_message.html?_=1711328140292&CODE_STATE=getMsg HTTP/1.1" 200 27
101.83.240.43 - - [25/Mar/2024:08:55:40 +0800] "GET /xingrg/check_reg.html?_=1711328140299 HTTP/1.1" 200 22
180.164.1.25 - - [25/Mar/2024:08:55:52 +0800] "GET /xingrg/all/function/internal_message.html?_=1711328151938&CODE_STATE=getMsg HTTP/1.1" 200 27
124.78.60.103 - - [25/Mar/2024:08:55:53 +0800] "GET /xingrg/all/function/internal_message.html?_=1711328153676&CODE_STATE=getMsg HTTP/1.1" 200 27
101.83.144.49 - - [25/Mar/2024:08:56:00 +0800] "GET /xingrg/all/function/internal_message.html?_=1711327921739&CODE_STATE=getMsg HTTP/1.1" 200 27
116.235.245.40 - - [25/Mar/2024:08:56:04 +0800] "GET /xingrg/all/function/internal_message.html?_=1711328165736&CODE_STATE=getMsg HTTP/1.1" 200 27
114.85.113.46 - - [25/Mar/2024:08:56:24 +0800] "GET /xingrg/all/function/internal_message.html?_=1711328183761&CODE_STATE=getMsg HTTP/1.1" 200 27
116.224.254.208 - - [25/Mar/2024:08:56:26 +0800] "GET /xingrg/all/function/internal_message.html?_=1711328186581&CODE_STATE=getMsg HTTP/1.1" 200 27
124.78.156.194 - - [25/Mar/2024:08:56:31 +0800] "GET /xingrg/all/function/internal_message.html?_=1711328190464&CODE_STATE=getMsg HTTP/1.1" 200 27
101.83.240.43 - - [25/Mar/2024:08:56:40 +0800] "GET /xingrg/all/function/internal_message.html?_=1711328200282&CODE_STATE=getMsg HTTP/1.1" 200 27
180.164.1.25 - - [25/Mar/2024:08:56:52 +0800] "GET /xingrg/all/function/internal_message.html?_=1711328211921&CODE_STATE=getMsg HTTP/1.1" 200 27
124.78.60.103 - - [25/Mar/2024:08:56:53 +0800] "GET /xingrg/all/function/internal_message.html?_=1711328213650&CODE_STATE=getMsg HTTP/1.1" 200 27
116.235.245.40 - - [25/Mar/2024:08:56:55 +0800] "POST /xingrg/services/DataTransmitService HTTP/1.1" 200 524
101.83.144.49 - - [25/Mar/2024:08:57:00 +0800] "GET /xingrg/all/function/internal_message.html?_=1711327981767&CODE_STATE=getMsg HTTP/1.1" 200 27
116.235.245.40 - - [25/Mar/2024:08:57:04 +0800] "GET /xingrg/all/function/internal_message.html?_=1711328225750&CODE_STATE=getMsg HTTP/1.1" 200 27
101.83.144.49 - - [25/Mar/2024:08:57:06 +0800] "GET /xingrg/kc/buy/cgsh_order_operate.html?command=get_materiel&rest_code=00105&code=00101008275&supplier_code=00100008&order_time=2024-03-25 HTTP/1.1" 200 416
114.85.113.46 - - [25/Mar/2024:08:57:24 +0800] "GET /xingrg/all/function/internal_message.html?_=1711328243753&CODE_STATE=getMsg HTTP/1.1" 200 27
116.224.254.208 - - [25/Mar/2024:08:57:26 +0800] "GET /xingrg/all/function/internal_message.html?_=1711328246564&CODE_STATE=getMsg HTTP/1.1" 200 27
124.79.241.4 - - [25/Mar/2024:08:57:27 +0800] "POST /xingrg/services/DataTransmitService HTTP/1.1" 200 524
124.78.156.194 - - [25/Mar/2024:08:57:31 +0800] "GET /xingrg/all/function/internal_message.html?_=1711328250468&CODE_STATE=getMsg HTTP/1.1" 200 27
101.83.240.43 - - [25/Mar/2024:08:57:40 +0800] "GET /xingrg/all/function/internal_message.html?_=1711328260282&CODE_STATE=getMsg HTTP/1.1" 200 27
101.83.144.49 - - [25/Mar/2024:08:57:51 +0800] "GET /xingrg/kc/buy/cgsh_order_operate.html?command=get_materiel&rest_code=00105&code=00101009155&supplier_code=00100008&order_time=2024-03-25 HTTP/1.1" 200 416
180.164.1.25 - - [25/Mar/2024:08:57:52 +0800] "GET /xingrg/all/function/internal_message.html?_=1711328271903&CODE_STATE=getMsg HTTP/1.1" 200 27
124.78.60.103 - - [25/Mar/2024:08:57:53 +0800] "GET /xingrg/all/function/internal_message.html?_=1711328273626&CODE_STATE=getMsg HTTP/1.1" 200 27
101.83.144.49 - - [25/Mar/2024:08:58:00 +0800] "GET /xingrg/all/function/internal_message.html?_=1711328041751&CODE_STATE=getMsg HTTP/1.1" 200 27
101.83.144.49 - - [25/Mar/2024:08:58:00 +0800] "GET /xingrg/check_reg.html?_=1711328041756 HTTP/1.1" 200 22
116.235.245.40 - - [25/Mar/2024:08:58:04 +0800] "GET /xingrg/all/function/internal_message.html?_=1711328285852&CODE_STATE=getMsg HTTP/1.1" 200 27
116.238.97.31 - - [25/Mar/2024:08:58:18 +0800] "GET /xingrg/check_reg.html?_=1711328299114 HTTP/1.1" 200 22
101.83.144.49 - - [25/Mar/2024:08:58:21 +0800] "POST /xingrg/kc/buy/cgsh_order_operate.html HTTP/1.1" 200 2065
114.85.113.46 - - [25/Mar/2024:08:58:24 +0800] "GET /xingrg/all/function/internal_message.html?_=1711328303728&CODE_STATE=getMsg HTTP/1.1" 200 27
116.224.254.208 - - [25/Mar/2024:08:58:26 +0800] "GET /xingrg/all/function/internal_message.html?_=1711328306539&CODE_STATE=getMsg HTTP/1.1" 200 27
124.78.156.194 - - [25/Mar/2024:08:58:31 +0800] "GET /xingrg/all/function/internal_message.html?_=1711328310477&CODE_STATE=getMsg HTTP/1.1" 200 27
180.163.30.85 - - [25/Mar/2024:08:58:34 +0800] "GET /xingrg/all/function/internal_message.html?_=1711328250468&CODE_STATE=getMsg HTTP/1.1" 302 -
180.163.30.85 - - [25/Mar/2024:08:58:34 +0800] "GET /xingrg/login.html HTTP/1.1" 200 7641
114.85.113.46 - - [25/Mar/2024:08:58:37 +0800] "GET /xingrg/check_reg.html?_=1711328317085 HTTP/1.1" 200 22
101.83.240.43 - - [25/Mar/2024:08:58:40 +0800] "GET /xingrg/all/function/internal_message.html?_=1711328320301&CODE_STATE=getMsg HTTP/1.1" 200 27
180.164.1.25 - - [25/Mar/2024:08:58:52 +0800] "GET /xingrg/all/function/internal_message.html?_=1711328331882&CODE_STATE=getMsg HTTP/1.1" 200 27
124.78.60.103 - - [25/Mar/2024:08:58:53 +0800] "GET /xingrg/all/function/internal_message.html?_=1711328333603&CODE_STATE=getMsg HTTP/1.1" 200 27
101.83.144.49 - - [25/Mar/2024:08:59:00 +0800] "GET /xingrg/all/function/internal_message.html?_=1711328101737&CODE_STATE=getMsg HTTP/1.1" 200 27
116.235.245.40 - - [25/Mar/2024:08:59:04 +0800] "GET /xingrg/all/function/internal_message.html?_=1711328345872&CODE_STATE=getMsg HTTP/1.1" 200 27
180.164.1.25 - - [25/Mar/2024:08:59:13 +0800] "GET /xingrg/check_reg.html?_=1711328353627 HTTP/1.1" 200 22
180.171.58.249 - - [25/Mar/2024:08:59:14 +0800] "GET /xingrg/check_reg.html?_=1711328355288 HTTP/1.1" 302 -
114.85.113.46 - - [25/Mar/2024:08:59:24 +0800] "GET /xingrg/all/function/internal_message.html?_=1711328363700&CODE_STATE=getMsg HTTP/1.1" 200 27
120.253.135.82 - - [25/Mar/2024:08:59:25 +0800] "GET /xingrg/check_reg.html?_=1711328206977 HTTP/1.1" 200 22
116.224.254.208 - - [25/Mar/2024:08:59:26 +0800] "GET /xingrg/all/function/internal_message.html?_=1711328366516&CODE_STATE=getMsg HTTP/1.1" 200 27
124.78.156.194 - - [25/Mar/2024:08:59:31 +0800] "GET /xingrg/check_reg.html?_=1711328370463 HTTP/1.1" 200 22
124.78.156.194 - - [25/Mar/2024:08:59:31 +0800] "GET /xingrg/all/function/internal_message.html?_=1711328370468&CODE_STATE=getMsg HTTP/1.1" 200 27
101.83.144.49 - - [25/Mar/2024:08:59:34 +0800] "GET /xingrg/kc/buy/cgsh_order_operate.html?command=get_materiel&rest_code=00105&code=00101008296&supplier_code=00100008&order_time=2024-03-25 HTTP/1.1" 200 416
101.83.240.43 - - [25/Mar/2024:08:59:40 +0800] "GET /xingrg/all/function/internal_message.html?_=1711328380289&CODE_STATE=getMsg HTTP/1.1" 200 27
180.164.1.25 - - [25/Mar/2024:08:59:52 +0800] "GET /xingrg/all/function/internal_message.html?_=1711328391869&CODE_STATE=getMsg HTTP/1.1" 200 27
124.78.60.103 - - [25/Mar/2024:08:59:53 +0800] "GET /xingrg/all/function/internal_message.html?_=1711328393583&CODE_STATE=getMsg HTTP/1.1" 200 27
101.83.144.49 - - [25/Mar/2024:09:00:00 +0800] "GET /xingrg/all/function/internal_message.html?_=1711328161743&CODE_STATE=getMsg HTTP/1.1" 200 27
116.235.245.40 - - [25/Mar/2024:09:00:03 +0800] "GET /xingrg/check_reg.html?_=1711328404412 HTTP/1.1" 200 22
116.235.245.40 - - [25/Mar/2024:09:00:04 +0800] "GET /xingrg/all/function/internal_message.html?_=1711328405884&CODE_STATE=getMsg HTTP/1.1" 200 27
124.78.60.103 - - [25/Mar/2024:09:00:15 +0800] "GET /xingrg/check_reg.html?_=1711328415670 HTTP/1.1" 200 22
114.85.113.46 - - [25/Mar/2024:09:00:24 +0800] "GET /xingrg/all/function/internal_message.html?_=1711328423683&CODE_STATE=getMsg HTTP/1.1" 200 27
116.224.254.208 - - [25/Mar/2024:09:00:26 +0800] "GET /xingrg/all/function/internal_message.html?_=1711328426496&CODE_STATE=getMsg HTTP/1.1" 200 27
116.224.254.208 - - [25/Mar/2024:09:00:27 +0800] "GET /xingrg/check_reg.html?_=1711328426746 HTTP/1.1" 200 22
124.78.156.194 - - [25/Mar/2024:09:00:31 +0800] "GET /xingrg/all/function/internal_message.html?_=1711328430471&CODE_STATE=getMsg HTTP/1.1" 200 27
101.83.144.49 - - [25/Mar/2024:09:00:36 +0800] "GET /xingrg/kc/buy/cgsh_order_operate.html?command=get_materiel&rest_code=00105&code=00101008415&supplier_code=00100008&order_time=2024-03-25 HTTP/1.1" 200 412
101.83.240.43 - - [25/Mar/2024:09:00:40 +0800] "GET /xingrg/all/function/internal_message.html?_=1711328440303&CODE_STATE=getMsg HTTP/1.1" 200 27
101.83.240.43 - - [25/Mar/2024:09:00:40 +0800] "GET /xingrg/check_reg.html?_=1711328440320 HTTP/1.1" 200 22
180.164.1.25 - - [25/Mar/2024:09:00:52 +0800] "GET /xingrg/all/function/internal_message.html?_=1711328451850&CODE_STATE=getMsg HTTP/1.1" 200 27
124.78.60.103 - - [25/Mar/2024:09:00:53 +0800] "GET /xingrg/all/function/internal_message.html?_=1711328453571&CODE_STATE=getMsg HTTP/1.1" 200 27
101.83.144.49 - - [25/Mar/2024:09:01:00 +0800] "GET /xingrg/all/function/internal_message.html?_=1711328221736&CODE_STATE=getMsg HTTP/1.1" 200 27
116.235.245.40 - - [25/Mar/2024:09:01:04 +0800] "GET /xingrg/all/function/internal_message.html?_=1711328465897&CODE_STATE=getMsg HTTP/1.1" 200 27
101.83.240.43 - - [25/Mar/2024:09:01:22 +0800] "POST /xingrg/kc/base/check_list_operate.html HTTP/1.1" 200 781
114.85.113.46 - - [25/Mar/2024:09:01:24 +0800] "GET /xingrg/all/function/internal_message.html?_=1711328483659&CODE_STATE=getMsg HTTP/1.1" 200 27
116.224.254.208 - - [25/Mar/2024:09:01:26 +0800] "GET /xingrg/all/function/internal_message.html?_=1711328486474&CODE_STATE=getMsg HTTP/1.1" 200 27
124.78.156.194 - - [25/Mar/2024:09:01:31 +0800] "GET /xingrg/all/function/internal_message.html?_=1711328490478&CODE_STATE=getMsg HTTP/1.1" 200 27
101.83.144.49 - - [25/Mar/2024:09:01:39 +0800] "GET /xingrg/kc/buy/cgsh_order_operate.html?command=get_materiel&rest_code=00105&code=00101008150&supplier_code=00100008&order_time=2024-03-25 HTTP/1.1" 200 409
124.78.156.194 - - [25/Mar/2024:09:01:40 +0800] "GET /xingrg/javascript/easyui/themes/default/tree.css HTTP/1.1" 404 1090
101.83.240.43 - - [25/Mar/2024:09:01:40 +0800] "GET /xingrg/all/function/internal_message.html?_=1711328500303&CODE_STATE=getMsg HTTP/1.1" 200 27
124.78.156.194 - - [25/Mar/2024:09:01:40 +0800] "POST /xingrg/all/common/load_tree.html?tree=supplier_tree_json&isDelete=1 HTTP/1.1" 200 78788
180.164.1.25 - - [25/Mar/2024:09:01:52 +0800] "GET /xingrg/all/function/internal_message.html?_=1711328511837&CODE_STATE=getMsg HTTP/1.1" 200 27
124.78.60.103 - - [25/Mar/2024:09:01:53 +0800] "GET /xingrg/all/function/internal_message.html?_=1711328513547&CODE_STATE=getMsg HTTP/1.1" 200 27
101.83.240.43 - - [25/Mar/2024:09:01:59 +0800] "GET /xingrg/kc/buy/cgsh_order_list.html HTTP/1.1" 200 57886
101.83.144.49 - - [25/Mar/2024:09:02:00 +0800] "GET /xingrg/all/function/internal_message.html?_=1711328281748&CODE_STATE=getMsg HTTP/1.1" 200 27
101.83.240.43 - - [25/Mar/2024:09:02:02 +0800] "POST /xingrg/kc/buy/cgsh_list_operate.html HTTP/1.1" 200 645
116.235.245.40 - - [25/Mar/2024:09:02:04 +0800] "GET /xingrg/all/function/internal_message.html?_=1711328525911&CODE_STATE=getMsg HTTP/1.1" 200 27
124.78.156.194 - - [25/Mar/2024:09:02:09 +0800] "GET /xingrg/kc/buy/cgsh_order_operate.html?command=get_materiel&rest_code=00106&code=00101011004&supplier_code=00100096&order_time=2024-03-25 HTTP/1.1" 200 412
114.85.113.46 - - [25/Mar/2024:09:02:24 +0800] "GET /xingrg/all/function/internal_message.html?_=1711328543642&CODE_STATE=getMsg HTTP/1.1" 200 27
116.224.254.208 - - [25/Mar/2024:09:02:26 +0800] "GET /xingrg/all/function/internal_message.html?_=1711328546456&CODE_STATE=getMsg HTTP/1.1" 200 27
101.83.240.43 - - [25/Mar/2024:09:02:29 +0800] "GET /favicon.ico HTTP/1.1" 404 -
124.78.156.194 - - [25/Mar/2024:09:02:31 +0800] "GET /xingrg/all/function/internal_message.html?_=1711328550491&CODE_STATE=getMsg HTTP/1.1" 200 27
101.83.240.43 - - [25/Mar/2024:09:02:32 +0800] "GET /favicon.ico HTTP/1.1" 404 -
101.83.240.43 - - [25/Mar/2024:09:02:36 +0800] "GET /xingrg/kc/buy/cgsh_order_add.html HTTP/1.1" 200 73743
101.83.240.43 - - [25/Mar/2024:09:02:36 +0800] "GET /xingrg/words/20240323111507_words.js HTTP/1.1" 304 -
101.83.240.43 - - [25/Mar/2024:09:02:37 +0800] "GET /xingrg/javascript/easyui/themes/default/validatebox.css HTTP/1.1" 404 1104
101.83.240.43 - - [25/Mar/2024:09:02:37 +0800] "POST /xingrg/kc/buy/cgsh_order_operate.html HTTP/1.1" 200 8245
101.83.240.43 - - [25/Mar/2024:09:02:37 +0800] "GET /xingrg/all/common/auto_word.html?type=employee&rest_code=00149 HTTP/1.1" 200 147
101.83.240.43 - - [25/Mar/2024:09:02:37 +0800] "GET /xingrg/all/common/auto_word.html?type=employee&rest_code=00149 HTTP/1.1" 200 147
180.169.147.146 - - [25/Mar/2024:09:02:37 +0800] "GET /xingrg/index.html?sysBaseUrl=http%3A%2F%2F180.169.147.146%3A18081%2Fxingrg%2F&costTime=865×tamp=1711254346684 HTTP/1.1" 302 -
180.169.147.146 - - [25/Mar/2024:09:02:37 +0800] "GET /xingrg/login.html HTTP/1.1" 200 7641
101.83.240.43 - - [25/Mar/2024:09:02:40 +0800] "GET /xingrg/all/function/internal_message.html?_=1711328560308&CODE_STATE=getMsg HTTP/1.1" 200 27
124.78.156.194 - - [25/Mar/2024:09:02:42 +0800] "GET /xingrg/kc/buy/cgsh_order_operate.html?command=get_materiel&rest_code=00106&code=00101011013&supplier_code=00100096&order_time=2024-03-25 HTTP/1.1" 200 412
180.163.28.55 - - [25/Mar/2024:09:02:44 +0800] "GET /xingrg/all/function/internal_message.html?_=1711328490478&CODE_STATE=getMsg HTTP/1.1" 302 -
180.163.28.55 - - [25/Mar/2024:09:02:44 +0800] "GET /xingrg/login.html HTTP/1.1" 200 7641
180.169.147.146 - - [25/Mar/2024:09:02:45 +0800] "GET /favicon.ico HTTP/1.1" 404 -
101.83.144.49 - - [25/Mar/2024:09:02:48 +0800] "POST /xingrg/kc/buy/cgsh_order_operate.html HTTP/1.1" 200 2065
180.164.1.25 - - [25/Mar/2024:09:02:52 +0800] "GET /xingrg/all/function/internal_message.html?_=1711328571818&CODE_STATE=getMsg HTTP/1.1" 200 27
124.78.60.103 - - [25/Mar/2024:09:02:53 +0800] "GET /xingrg/all/function/internal_message.html?_=1711328573525&CODE_STATE=getMsg HTTP/1.1" 200 27
124.78.156.194 - - [25/Mar/2024:09:02:58 +0800] "GET /xingrg/kc/buy/cgsh_order_operate.html?command=get_materiel&rest_code=00106&code=00101016080&supplier_code=00100096&order_time=2024-03-25 HTTP/1.1" 200 408
101.83.144.49 - - [25/Mar/2024:09:03:00 +0800] "GET /xingrg/all/function/internal_message.html?_=1711328341741&CODE_STATE=getMsg HTTP/1.1" 200 27
101.83.144.49 - - [25/Mar/2024:09:03:00 +0800] "GET /xingrg/check_reg.html?_=1711328341745 HTTP/1.1" 200 22
116.235.245.40 - - [25/Mar/2024:09:03:04 +0800] "GET /xingrg/all/function/internal_message.html?_=1711328585971&CODE_STATE=getMsg HTTP/1.1" 200 27
101.83.144.49 - - [25/Mar/2024:09:03:09 +0800] "GET /xingrg/kc/buy/cgsh_order_operate.html?command=get_materiel&rest_code=00105&code=00101008172&supplier_code=00100008&order_time=2024-03-25 HTTP/1.1" 200 412
180.163.28.114 - - [25/Mar/2024:09:03:15 +0800] "GET /xingrg/all/function/internal_message.html?_=1711328010471&CODE_STATE=getMsg HTTP/1.1" 302 -
180.163.28.114 - - [25/Mar/2024:09:03:16 +0800] "GET /xingrg/login.html HTTP/1.1" 200 7641
116.238.97.31 - - [25/Mar/2024:09:03:18 +0800] "GET /xingrg/check_reg.html?_=1711328599094 HTTP/1.1" 200 22
114.85.113.46 - - [25/Mar/2024:09:03:24 +0800] "GET /xingrg/all/function/internal_message.html?_=1711328603631&CODE_STATE=getMsg HTTP/1.1" 200 27
124.78.156.194 - - [25/Mar/2024:09:03:26 +0800] "GET /xingrg/kc/buy/cgsh_order_operate.html?command=get_materiel&rest_code=00106&code=00101006240&supplier_code=00100096&order_time=2024-03-25 HTTP/1.1" 200 424
116.224.254.208 - - [25/Mar/2024:09:03:26 +0800] "GET /xingrg/all/function/internal_message.html?_=1711328606431&CODE_STATE=getMsg HTTP/1.1" 200 27
124.78.156.194 - - [25/Mar/2024:09:03:31 +0800] "GET /xingrg/all/function/internal_message.html?_=1711328610484&CODE_STATE=getMsg HTTP/1.1" 200 27
114.85.113.46 - - [25/Mar/2024:09:03:37 +0800] "GET /xingrg/check_reg.html?_=1711328617064 HTTP/1.1" 200 22
222.69.133.65 - - [25/Mar/2024:09:03:38 +0800] "GET /xingrg/login.html HTTP/1.1" 200 7641
222.69.133.65 - - [25/Mar/2024:09:03:39 +0800] "GET /favicon.ico HTTP/1.1" 404 -
101.83.240.43 - - [25/Mar/2024:09:03:40 +0800] "GET /xingrg/all/function/internal_message.html?_=1711328620297&CODE_STATE=getMsg HTTP/1.1" 200 27
124.78.156.194 - - [25/Mar/2024:09:03:42 +0800] "GET /xingrg/kc/buy/cgsh_order_operate.html?command=get_materiel&rest_code=00106&code=00101006111&supplier_code=00100096&order_time=2024-03-25 HTTP/1.1" 200 411
180.164.1.25 - - [25/Mar/2024:09:03:51 +0800] "GET /xingrg/all/function/internal_message.html?_=1711328631801&CODE_STATE=getMsg HTTP/1.1" 200 27
124.78.60.103 - - [25/Mar/2024:09:03:53 +0800] "GET /xingrg/all/function/internal_message.html?_=1711328633499&CODE_STATE=getMsg HTTP/1.1" 200 27
124.78.156.194 - - [25/Mar/2024:09:03:58 +0800] "GET /xingrg/kc/buy/cgsh_order_operate.html?command=get_materiel&rest_code=00106&code=00101006184&supplier_code=00100096&order_time=2024-03-25 HTTP/1.1" 200 408
101.83.144.49 - - [25/Mar/2024:09:04:00 +0800] "GET /xingrg/all/function/internal_message.html?_=1711328401754&CODE_STATE=getMsg HTTP/1.1" 200 27
180.163.29.206 - - [25/Mar/2024:09:04:02 +0800] "GET /xingrg/all/function/internal_message.html?_=1711328550491&CODE_STATE=getMsg HTTP/1.1" 302 -
180.163.29.206 - - [25/Mar/2024:09:04:02 +0800] "GET /xingrg/login.html HTTP/1.1" 200 7641
116.235.245.40 - - [25/Mar/2024:09:04:04 +0800] "GET /xingrg/all/function/internal_message.html?_=1711328645987&CODE_STATE=getMsg HTTP/1.1" 200 27
101.83.144.49 - - [25/Mar/2024:09:04:11 +0800] "GET /xingrg/kc/buy/cgsh_order_operate.html?command=get_materiel&rest_code=00105&code=00101008286&supplier_code=00100008&order_time=2024-03-25 HTTP/1.1" 200 408
180.164.1.25 - - [25/Mar/2024:09:04:13 +0800] "GET /xingrg/check_reg.html?_=1711328653613 HTTP/1.1" 200 22
180.171.58.249 - - [25/Mar/2024:09:04:14 +0800] "GET /xingrg/check_reg.html?_=1711328655264 HTTP/1.1" 302 -
114.85.113.46 - - [25/Mar/2024:09:04:24 +0800] "GET /xingrg/all/function/internal_message.html?_=1711328663601&CODE_STATE=getMsg HTTP/1.1" 200 27
120.253.135.82 - - [25/Mar/2024:09:04:25 +0800] "GET /xingrg/check_reg.html?_=1711328507003 HTTP/1.1" 200 22
116.224.254.208 - - [25/Mar/2024:09:04:26 +0800] "GET /xingrg/all/function/internal_message.html?_=1711328666406&CODE_STATE=getMsg HTTP/1.1" 200 27
124.78.156.194 - - [25/Mar/2024:09:04:27 +0800] "GET /xingrg/kc/buy/cgsh_order_operate.html?command=get_materiel&rest_code=00106&code=00101007061&supplier_code=00100096&order_time=2024-03-25 HTTP/1.1" 200 411
124.78.156.194 - - [25/Mar/2024:09:04:31 +0800] "GET /xingrg/check_reg.html?_=1711328670475 HTTP/1.1" 200 22
124.78.156.194 - - [25/Mar/2024:09:04:31 +0800] "GET /xingrg/all/function/internal_message.html?_=1711328670479&CODE_STATE=getMsg HTTP/1.1" 200 27
101.83.240.43 - - [25/Mar/2024:09:04:40 +0800] "GET /xingrg/all/function/internal_message.html?_=1711328680306&CODE_STATE=getMsg HTTP/1.1" 200 27
124.78.156.194 - - [25/Mar/2024:09:04:49 +0800] "GET /xingrg/kc/buy/cgsh_order_operate.html?command=get_materiel&rest_code=00106&code=00101007090&supplier_code=00100096&order_time=2024-03-25 HTTP/1.1" 200 415
180.164.1.25 - - [25/Mar/2024:09:04:51 +0800] "GET /xingrg/all/function/internal_message.html?_=1711328691787&CODE_STATE=getMsg HTTP/1.1" 200 27
124.78.60.103 - - [25/Mar/2024:09:04:53 +0800] "GET /xingrg/all/function/internal_message.html?_=1711328693487&CODE_STATE=getMsg HTTP/1.1" 200 27
101.83.144.49 - - [25/Mar/2024:09:05:00 +0800] "GET /xingrg/all/function/internal_message.html?_=1711328461748&CODE_STATE=getMsg HTTP/1.1" 200 27
116.235.245.40 - - [25/Mar/2024:09:05:03 +0800] "GET /xingrg/check_reg.html?_=1711328704482 HTTP/1.1" 200 22
116.235.245.40 - - [25/Mar/2024:09:05:04 +0800] "GET /xingrg/all/function/internal_message.html?_=1711328705999&CODE_STATE=getMsg HTTP/1.1" 200 27
124.78.156.194 - - [25/Mar/2024:09:05:07 +0800] "POST /xingrg/kc/buy/cgsh_order_operate.html HTTP/1.1" 200 37
124.78.60.103 - - [25/Mar/2024:09:05:15 +0800] "GET /xingrg/check_reg.html?_=1711328715677 HTTP/1.1" 200 22
124.78.156.194 - - [25/Mar/2024:09:05:16 +0800] "POST /xingrg/kc/buy/cgsh_order_operate.html HTTP/1.1" 200 6804
124.78.156.194 - - [25/Mar/2024:09:05:17 +0800] "GET /xingrg/kc/print/load_config.html?kc_code=cgsh HTTP/1.1" 200 1927
124.78.156.194 - - [25/Mar/2024:09:05:17 +0800] "GET /xingrg/kc/print/load_data.html?order_code=212024032507444&kc_code=cgsh HTTP/1.1" 200 2226
114.85.113.46 - - [25/Mar/2024:09:05:24 +0800] "GET /xingrg/all/function/internal_message.html?_=1711328723585&CODE_STATE=getMsg HTTP/1.1" 200 27
116.224.254.208 - - [25/Mar/2024:09:05:26 +0800] "GET /xingrg/all/function/internal_message.html?_=1711328726390&CODE_STATE=getMsg HTTP/1.1" 200 27
116.224.254.208 - - [25/Mar/2024:09:05:27 +0800] "GET /xingrg/check_reg.html?_=1711328726749 HTTP/1.1" 200 22
124.78.156.194 - - [25/Mar/2024:09:05:31 +0800] "GET /xingrg/all/function/internal_message.html?_=1711328730494&CODE_STATE=getMsg HTTP/1.1" 200 27
222.70.183.82 - - [25/Mar/2024:09:05:39 +0800] "GET /xingrg/login.html HTTP/1.1" 200 7641
222.70.183.82 - - [25/Mar/2024:09:05:40 +0800] "GET /favicon.ico HTTP/1.1" 404 -
101.83.240.43 - - [25/Mar/2024:09:05:40 +0800] "GET /xingrg/all/function/internal_message.html?_=1711328740311&CODE_STATE=getMsg HTTP/1.1" 200 27
101.83.240.43 - - [25/Mar/2024:09:05:40 +0800] "GET /xingrg/check_reg.html?_=1711328740314 HTTP/1.1" 200 22
222.70.183.82 - - [25/Mar/2024:09:05:43 +0800] "POST /xingrg/login.do HTTP/1.1" 302 -
222.70.183.82 - - [25/Mar/2024:09:05:43 +0800] "GET /xingrg/index.html?sysBaseUrl=http%3A%2F%2F180.169.147.146%3A18081%2Fxingrg%2F&costTime=844×tamp=1711328743172 HTTP/1.1" 200 17173
222.70.183.82 - - [25/Mar/2024:09:05:43 +0800] "GET /favicon.ico HTTP/1.1" 404 -
222.70.183.82 - - [25/Mar/2024:09:05:43 +0800] "GET /xingrg/check_reg.html?_=1711328743363 HTTP/1.1" 200 22
222.70.183.82 - - [25/Mar/2024:09:05:43 +0800] "GET /xingrg/all/function/internal_message.html?_=1711328743362&CODE_STATE=count HTTP/1.1" 200 11
222.70.183.82 - - [25/Mar/2024:09:05:43 +0800] "POST /xingrg/all/common/load_tree.html?tree=area_rest_tree_json&manage=1 HTTP/1.1" 200 342
222.70.183.82 - - [25/Mar/2024:09:05:43 +0800] "POST /xingrg/load_menu.html HTTP/1.1" 200 5138
101.83.144.49 - - [25/Mar/2024:09:05:44 +0800] "GET /xingrg/kc/buy/cgsh_order_operate.html?command=get_materiel&rest_code=00105&code=00101008589&supplier_code=00100008&order_time=2024-03-25 HTTP/1.1" 200 409
180.164.1.25 - - [25/Mar/2024:09:05:51 +0800] "GET /xingrg/all/function/internal_message.html?_=1711328751767&CODE_STATE=getMsg HTTP/1.1" 200 27
124.78.60.103 - - [25/Mar/2024:09:05:53 +0800] "GET /xingrg/all/function/internal_message.html?_=1711328753471&CODE_STATE=getMsg HTTP/1.1" 200 27
101.83.144.49 - - [25/Mar/2024:09:06:00 +0800] "GET /xingrg/all/function/internal_message.html?_=1711328521744&CODE_STATE=getMsg HTTP/1.1" 200 27
116.235.245.40 - - [25/Mar/2024:09:06:04 +0800] "GET /xingrg/all/function/internal_message.html?_=1711328766011&CODE_STATE=getMsg HTTP/1.1" 200 27
114.85.113.46 - - [25/Mar/2024:09:06:24 +0800] "GET /xingrg/all/function/internal_message.html?_=1711328783563&CODE_STATE=getMsg HTTP/1.1" 200 27
180.163.30.76 - - [25/Mar/2024:09:06:24 +0800] "GET /xingrg/kc/print/load_data.html?order_code=212024032507444&kc_code=cgsh HTTP/1.1" 302 -
180.163.30.76 - - [25/Mar/2024:09:06:24 +0800] "GET /xingrg/login.html HTTP/1.1" 200 7641
116.224.254.208 - - [25/Mar/2024:09:06:26 +0800] "GET /xingrg/all/function/internal_message.html?_=1711328786380&CODE_STATE=getMsg HTTP/1.1" 200 27
124.78.156.194 - - [25/Mar/2024:09:06:31 +0800] "GET /xingrg/all/function/internal_message.html?_=1711328790479&CODE_STATE=getMsg HTTP/1.1" 200 27
222.70.183.82 - - [25/Mar/2024:09:06:38 +0800] "GET /xingrg/kc/buy/cgsh_order_list.html HTTP/1.1" 200 57880
222.70.183.82 - - [25/Mar/2024:09:06:40 +0800] "POST /xingrg/kc/buy/cgsh_list_operate.html HTTP/1.1" 200 645
101.83.240.43 - - [25/Mar/2024:09:06:40 +0800] "GET /xingrg/all/function/internal_message.html?_=1711328800311&CODE_STATE=getMsg HTTP/1.1" 200 27
222.70.183.82 - - [25/Mar/2024:09:06:41 +0800] "GET /xingrg/kc/buy/cgsh_order_add.html HTTP/1.1" 200 73611
222.70.183.82 - - [25/Mar/2024:09:06:42 +0800] "GET /xingrg/words/20240323111507_words.js HTTP/1.1" 304 -
222.70.183.82 - - [25/Mar/2024:09:06:42 +0800] "GET /xingrg/javascript/easyui/themes/default/validatebox.css HTTP/1.1" 404 1104
222.70.183.82 - - [25/Mar/2024:09:06:42 +0800] "POST /xingrg/kc/buy/cgsh_order_operate.html HTTP/1.1" 200 8245
222.70.183.82 - - [25/Mar/2024:09:06:42 +0800] "GET /xingrg/all/common/auto_word.html?type=employee&rest_code=00111 HTTP/1.1" 200 105
222.70.183.82 - - [25/Mar/2024:09:06:42 +0800] "GET /xingrg/all/common/auto_word.html?type=employee&rest_code=00111 HTTP/1.1" 200 105
222.70.183.82 - - [25/Mar/2024:09:06:43 +0800] "GET /xingrg/all/function/internal_message.html?_=1711328803396&CODE_STATE=getMsg HTTP/1.1" 200 27
222.70.183.82 - - [25/Mar/2024:09:06:45 +0800] "GET /xingrg/javascript/auto/indicator.gif HTTP/1.1" 404 1066
222.70.183.82 - - [25/Mar/2024:09:06:47 +0800] "GET /xingrg/javascript/jquery_tools/images/prev.gif HTTP/1.1" 404 1086
222.70.183.82 - - [25/Mar/2024:09:06:47 +0800] "GET /xingrg/javascript/jquery_tools/images/next.gif HTTP/1.1" 404 1086
180.164.1.25 - - [25/Mar/2024:09:06:51 +0800] "GET /xingrg/all/function/internal_message.html?_=1711328811748&CODE_STATE=getMsg HTTP/1.1" 200 27
124.78.60.103 - - [25/Mar/2024:09:06:53 +0800] "GET /xingrg/all/function/internal_message.html?_=1711328813451&CODE_STATE=getMsg HTTP/1.1" 200 27
101.83.240.43 - - [25/Mar/2024:09:06:53 +0800] "GET /xingrg/javascript/auto/indicator.gif HTTP/1.1" 404 1066
101.83.240.43 - - [25/Mar/2024:09:06:54 +0800] "GET /xingrg/javascript/jquery_tools/images/prev.gif HTTP/1.1" 404 1086
101.83.240.43 - - [25/Mar/2024:09:06:54 +0800] "GET /xingrg/javascript/jquery_tools/images/next.gif HTTP/1.1" 404 1086
222.70.183.82 - - [25/Mar/2024:09:06:58 +0800] "GET /xingrg/kc/buy/cgsh_order_operate.html?command=get_materiel&rest_code=00111&code=00101008080&supplier_code=00100008&order_time=2024-03-25 HTTP/1.1" 200 416
101.83.144.49 - - [25/Mar/2024:09:07:00 +0800] "GET /xingrg/all/function/internal_message.html?_=1711328581744&CODE_STATE=getMsg HTTP/1.1" 200 27
101.83.240.43 - - [25/Mar/2024:09:07:03 +0800] "GET /xingrg/kc/buy/cgsh_order_operate.html?command=get_materiel&rest_code=00149&code=00101008176&supplier_code=00100008&order_time=2024-03-25 HTTP/1.1" 200 413
116.235.245.40 - - [25/Mar/2024:09:07:04 +0800] "GET /xingrg/all/function/internal_message.html?_=1711328826025&CODE_STATE=getMsg HTTP/1.1" 200 27
101.83.240.43 - - [25/Mar/2024:09:07:13 +0800] "GET /xingrg/kc/buy/cgsh_order_operate.html?command=get_materiel&rest_code=00149&code=00101008196&supplier_code=00100008&order_time=2024-03-25 HTTP/1.1" 200 416
222.70.183.82 - - [25/Mar/2024:09:07:17 +0800] "GET /xingrg/kc/buy/cgsh_order_operate.html?command=get_materiel&rest_code=00111&code=00101010168&supplier_code=00100008&order_time=2024-03-25 HTTP/1.1" 200 413
114.85.113.46 - - [25/Mar/2024:09:07:24 +0800] "GET /xingrg/all/function/internal_message.html?_=1711328843549&CODE_STATE=getMsg HTTP/1.1" 200 27
116.224.254.208 - - [25/Mar/2024:09:07:26 +0800] "GET /xingrg/all/function/internal_message.html?_=1711328846365&CODE_STATE=getMsg HTTP/1.1" 200 27
222.70.183.82 - - [25/Mar/2024:09:07:28 +0800] "GET /xingrg/kc/buy/cgsh_order_operate.html?command=get_materiel&rest_code=00111&code=00101008223&supplier_code=00100008&order_time=2024-03-25 HTTP/1.1" 200 412
124.78.156.194 - - [25/Mar/2024:09:07:31 +0800] "GET /xingrg/all/function/internal_message.html?_=1711328850481&CODE_STATE=getMsg HTTP/1.1" 200 27
101.83.240.43 - - [25/Mar/2024:09:07:40 +0800] "GET /xingrg/all/function/internal_message.html?_=1711328860316&CODE_STATE=getMsg HTTP/1.1" 200 27
222.70.183.82 - - [25/Mar/2024:09:07:43 +0800] "GET /xingrg/all/function/internal_message.html?_=1711328863378&CODE_STATE=getMsg HTTP/1.1" 200 27
222.70.183.82 - - [25/Mar/2024:09:07:46 +0800] "GET /xingrg/kc/buy/cgsh_order_operate.html?command=get_materiel&rest_code=00111&code=00101008150&supplier_code=00100008&order_time=2024-03-25 HTTP/1.1" 200 409
180.164.1.25 - - [25/Mar/2024:09:07:51 +0800] "GET /xingrg/all/function/internal_message.html?_=1711328871720&CODE_STATE=getMsg HTTP/1.1" 200 27
124.78.60.103 - - [25/Mar/2024:09:07:53 +0800] "GET /xingrg/all/function/internal_message.html?_=1711328873432&CODE_STATE=getMsg HTTP/1.1" 200 27
222.70.183.82 - - [25/Mar/2024:09:07:55 +0800] "GET /xingrg/kc/buy/cgsh_order_operate.html?command=get_materiel&rest_code=00111&code=00101015004&supplier_code=00100008&order_time=2024-03-25 HTTP/1.1" 200 409
101.83.144.49 - - [25/Mar/2024:09:08:00 +0800] "GET /xingrg/check_reg.html?_=1711328641744 HTTP/1.1" 200 22
101.83.144.49 - - [25/Mar/2024:09:08:00 +0800] "GET /xingrg/all/function/internal_message.html?_=1711328641741&CODE_STATE=getMsg HTTP/1.1" 200 27
101.83.144.49 - - [25/Mar/2024:09:08:02 +0800] "GET /xingrg/kc/buy/cgsh_order_operate.html?command=get_materiel&rest_code=00105&code=00101008704&supplier_code=00100008&order_time=2024-03-25 HTTP/1.1" 200 409
116.235.245.40 - - [25/Mar/2024:09:08:04 +0800] "GET /xingrg/all/function/internal_message.html?_=1711328886121&CODE_STATE=getMsg HTTP/1.1" 200 27
222.70.183.82 - - [25/Mar/2024:09:08:07 +0800] "GET /xingrg/kc/buy/cgsh_order_operate.html?command=get_materiel&rest_code=00111&code=00101008041&supplier_code=00100008&order_time=2024-03-25 HTTP/1.1" 200 408
116.238.97.31 - - [25/Mar/2024:09:08:18 +0800] "GET /xingrg/check_reg.html?_=1711328899070 HTTP/1.1" 200 22
222.70.183.82 - - [25/Mar/2024:09:08:23 +0800] "GET /xingrg/kc/buy/cgsh_order_operate.html?command=get_materiel&rest_code=00111&code=00101008350&supplier_code=00100008&order_time=2024-03-25 HTTP/1.1" 200 408
114.85.113.46 - - [25/Mar/2024:09:08:24 +0800] "GET /xingrg/all/function/internal_message.html?_=1711328903532&CODE_STATE=getMsg HTTP/1.1" 200 27
101.83.240.43 - - [25/Mar/2024:09:08:26 +0800] "GET /xingrg/kc/buy/cgsh_order_operate.html?command=get_materiel&rest_code=00149&code=00101008740&supplier_code=00100008&order_time=2024-03-25 HTTP/1.1" 200 413
116.224.254.208 - - [25/Mar/2024:09:08:26 +0800] "GET /xingrg/all/function/internal_message.html?_=1711328906351&CODE_STATE=getMsg HTTP/1.1" 200 27
124.78.156.194 - - [25/Mar/2024:09:08:31 +0800] "GET /xingrg/all/function/internal_message.html?_=1711328910485&CODE_STATE=getMsg HTTP/1.1" 200 27
101.83.144.49 - - [25/Mar/2024:09:08:33 +0800] "GET /xingrg/kc/buy/cgsh_order_operate.html?command=get_materiel&rest_code=00105&code=00101008041&supplier_code=00100008&order_time=2024-03-25 HTTP/1.1" 200 408
101.83.240.43 - - [25/Mar/2024:09:08:34 +0800] "GET /xingrg/kc/buy/cgsh_order_operate.html?command=get_materiel&rest_code=00149&code=00101008168&supplier_code=00100008&order_time=2024-03-25 HTTP/1.1" 200 412
222.70.183.82 - - [25/Mar/2024:09:08:35 +0800] "GET /xingrg/kc/buy/cgsh_order_operate.html?command=get_materiel&rest_code=00111&code=00101008312&supplier_code=00100008&order_time=2024-03-25 HTTP/1.1" 200 412
114.85.113.46 - - [25/Mar/2024:09:08:37 +0800] "GET /xingrg/check_reg.html?_=1711328917048 HTTP/1.1" 200 22
101.83.240.43 - - [25/Mar/2024:09:08:40 +0800] "GET /xingrg/all/function/internal_message.html?_=1711328920320&CODE_STATE=getMsg HTTP/1.1" 200 27
222.70.183.82 - - [25/Mar/2024:09:08:43 +0800] "GET /xingrg/all/function/internal_message.html?_=1711328923381&CODE_STATE=getMsg HTTP/1.1" 200 27
101.83.240.43 - - [25/Mar/2024:09:08:44 +0800] "GET /xingrg/kc/buy/cgsh_order_operate.html?command=get_materiel&rest_code=00149&code=00101008238&supplier_code=00100008&order_time=2024-03-25 HTTP/1.1" 200 416
180.164.1.25 - - [25/Mar/2024:09:08:51 +0800] "GET /xingrg/all/function/internal_message.html?_=1711328931702&CODE_STATE=getMsg HTTP/1.1" 200 27
124.78.60.103 - - [25/Mar/2024:09:08:53 +0800] "GET /xingrg/all/function/internal_message.html?_=1711328933411&CODE_STATE=getMsg HTTP/1.1" 200 27
101.83.240.43 - - [25/Mar/2024:09:08:54 +0800] "GET /xingrg/kc/buy/cgsh_order_operate.html?command=get_materiel&rest_code=00149&code=00101008612&supplier_code=00100008&order_time=2024-03-25 HTTP/1.1" 200 420
101.83.144.49 - - [25/Mar/2024:09:09:00 +0800] "GET /xingrg/all/function/internal_message.html?_=1711328701744&CODE_STATE=getMsg HTTP/1.1" 200 27
116.235.245.40 - - [25/Mar/2024:09:09:04 +0800] "GET /xingrg/all/function/internal_message.html?_=1711328946132&CODE_STATE=getMsg HTTP/1.1" 200 27
222.70.183.82 - - [25/Mar/2024:09:09:04 +0800] "GET /xingrg/kc/buy/cgsh_order_operate.html?command=get_materiel&rest_code=00111&code=00101008010&supplier_code=00100008&order_time=2024-03-25 HTTP/1.1" 200 412
101.83.144.49 - - [25/Mar/2024:09:09:06 +0800] "POST /xingrg/kc/buy/cgsh_order_operate.html HTTP/1.1" 200 2065
101.83.240.43 - - [25/Mar/2024:09:09:07 +0800] "GET /xingrg/kc/buy/cgsh_order_operate.html?command=get_materiel&rest_code=00149&code=00101008351&supplier_code=00100008&order_time=2024-03-25 HTTP/1.1" 200 408
180.164.1.25 - - [25/Mar/2024:09:09:13 +0800] "GET /xingrg/check_reg.html?_=1711328953602 HTTP/1.1" 200 22
180.171.58.249 - - [25/Mar/2024:09:09:14 +0800] "GET /xingrg/check_reg.html?_=1711328955251 HTTP/1.1" 302 -
222.70.183.82 - - [25/Mar/2024:09:09:17 +0800] "GET /xingrg/kc/buy/cgsh_order_operate.html?command=get_materiel&rest_code=00111&code=00101008351&supplier_code=00100008&order_time=2024-03-25 HTTP/1.1" 200 408
114.85.113.46 - - [25/Mar/2024:09:09:23 +0800] "GET /xingrg/all/function/internal_message.html?_=1711328963513&CODE_STATE=getMsg HTTP/1.1" 200 27
120.253.135.82 - - [25/Mar/2024:09:09:25 +0800] "GET /xingrg/check_reg.html?_=1711328807008 HTTP/1.1" 200 22
116.224.254.208 - - [25/Mar/2024:09:09:26 +0800] "GET /xingrg/all/function/internal_message.html?_=1711328966323&CODE_STATE=getMsg HTTP/1.1" 200 27
222.70.183.82 - - [25/Mar/2024:09:09:28 +0800] "GET /xingrg/kc/buy/cgsh_order_operate.html?command=get_materiel&rest_code=00111&code=00101008403&supplier_code=00100008&order_time=2024-03-25 HTTP/1.1" 200 412
101.83.240.43 - - [25/Mar/2024:09:09:31 +0800] "GET /xingrg/kc/buy/cgsh_order_operate.html?command=get_materiel&rest_code=00149&code=00101008095&supplier_code=00100008&order_time=2024-03-25 HTTP/1.1" 200 413
124.78.156.194 - - [25/Mar/2024:09:09:31 +0800] "GET /xingrg/check_reg.html?_=1711328970489 HTTP/1.1" 200 22
124.78.156.194 - - [25/Mar/2024:09:09:31 +0800] "GET /xingrg/all/function/internal_message.html?_=1711328970493&CODE_STATE=getMsg HTTP/1.1" 200 27
101.83.240.43 - - [25/Mar/2024:09:09:40 +0800] "GET /xingrg/all/function/internal_message.html?_=1711328980310&CODE_STATE=getMsg HTTP/1.1" 200 27
222.70.183.82 - - [25/Mar/2024:09:09:41 +0800] "GET /xingrg/kc/buy/cgsh_order_operate.html?command=get_materiel&rest_code=00111&code=00101008096&supplier_code=00100008&order_time=2024-03-25 HTTP/1.1" 200 412
101.83.240.43 - - [25/Mar/2024:09:09:42 +0800] "GET /xingrg/kc/buy/cgsh_order_operate.html?command=get_materiel&rest_code=00149&code=00101008674&supplier_code=00100008&order_time=2024-03-25 HTTP/1.1" 200 413
222.70.183.82 - - [25/Mar/2024:09:09:43 +0800] "GET /xingrg/all/function/internal_message.html?_=1711328983371&CODE_STATE=getMsg HTTP/1.1" 200 27
101.83.144.49 - - [25/Mar/2024:09:09:46 +0800] "GET /xingrg/kc/buy/cgsh_order_operate.html?command=get_materiel&rest_code=00105&code=00101008207&supplier_code=00100008&order_time=2024-03-25 HTTP/1.1" 200 408
222.70.183.82 - - [25/Mar/2024:09:09:51 +0800] "GET /xingrg/kc/buy/cgsh_order_operate.html?command=get_materiel&rest_code=00111&code=00101008298&supplier_code=00100008&order_time=2024-03-25 HTTP/1.1" 200 412
180.164.1.25 - - [25/Mar/2024:09:09:51 +0800] "GET /xingrg/all/function/internal_message.html?_=1711328991695&CODE_STATE=getMsg HTTP/1.1" 200 27
124.78.60.103 - - [25/Mar/2024:09:09:53 +0800] "GET /xingrg/all/function/internal_message.html?_=1711328993390&CODE_STATE=getMsg HTTP/1.1" 200 27
101.83.240.43 - - [25/Mar/2024:09:09:59 +0800] "GET /xingrg/kc/buy/cgsh_order_operate.html?command=get_materiel&rest_code=00149&code=00101008358&supplier_code=00100008&order_time=2024-03-25 HTTP/1.1" 200 412
101.83.144.49 - - [25/Mar/2024:09:10:00 +0800] "GET /xingrg/all/function/internal_message.html?_=1711328761741&CODE_STATE=getMsg HTTP/1.1" 200 27
180.163.29.212 - - [25/Mar/2024:09:10:00 +0800] "GET /xingrg/all/function/internal_message.html?_=1711328910485&CODE_STATE=getMsg HTTP/1.1" 302 -
180.163.29.212 - - [25/Mar/2024:09:10:00 +0800] "GET /xingrg/login.html HTTP/1.1" 200 7641
116.235.245.40 - - [25/Mar/2024:09:10:03 +0800] "GET /xingrg/check_reg.html?_=1711329004553 HTTP/1.1" 200 22
116.235.245.40 - - [25/Mar/2024:09:10:04 +0800] "GET /xingrg/all/function/internal_message.html?_=1711329006144&CODE_STATE=getMsg HTTP/1.1" 200 27
222.70.183.82 - - [25/Mar/2024:09:10:04 +0800] "GET /xingrg/kc/buy/cgsh_order_operate.html?command=get_materiel&rest_code=00111&code=00101008283&supplier_code=00100008&order_time=2024-03-25 HTTP/1.1" 200 408
101.83.240.43 - - [25/Mar/2024:09:10:08 +0800] "GET /xingrg/kc/buy/cgsh_order_operate.html?command=get_materiel&rest_code=00149&code=00101008038&supplier_code=00100008&order_time=2024-03-25 HTTP/1.1" 200 412
124.78.60.103 - - [25/Mar/2024:09:10:15 +0800] "GET /xingrg/check_reg.html?_=1711329015672 HTTP/1.1" 200 22
222.70.183.82 - - [25/Mar/2024:09:10:15 +0800] "GET /xingrg/kc/buy/cgsh_order_operate.html?command=get_materiel&rest_code=00111&code=00101008131&supplier_code=00100008&order_time=2024-03-25 HTTP/1.1" 200 408
114.85.113.46 - - [25/Mar/2024:09:10:23 +0800] "GET /xingrg/all/function/internal_message.html?_=1711329023499&CODE_STATE=getMsg HTTP/1.1" 200 27
116.224.254.208 - - [25/Mar/2024:09:10:26 +0800] "GET /xingrg/all/function/internal_message.html?_=1711329026302&CODE_STATE=getMsg HTTP/1.1" 200 27
116.224.254.208 - - [25/Mar/2024:09:10:27 +0800] "GET /xingrg/check_reg.html?_=1711329026755 HTTP/1.1" 200 22
101.83.240.43 - - [25/Mar/2024:09:10:28 +0800] "GET /xingrg/kc/buy/cgsh_order_operate.html?command=get_materiel&rest_code=00149&code=00101008283&supplier_code=00100008&order_time=2024-03-25 HTTP/1.1" 200 408
124.78.156.194 - - [25/Mar/2024:09:10:31 +0800] "GET /xingrg/all/function/internal_message.html?_=1711329030489&CODE_STATE=getMsg HTTP/1.1" 200 27
101.83.240.43 - - [25/Mar/2024:09:10:39 +0800] "GET /xingrg/kc/buy/cgsh_order_operate.html?command=get_materiel&rest_code=00149&code=00101008114&supplier_code=00100008&order_time=2024-03-25 HTTP/1.1" 200 412
101.83.240.43 - - [25/Mar/2024:09:10:40 +0800] "GET /xingrg/all/function/internal_message.html?_=1711329040313&CODE_STATE=getMsg HTTP/1.1" 200 27
101.83.240.43 - - [25/Mar/2024:09:10:40 +0800] "GET /xingrg/check_reg.html?_=1711329040389 HTTP/1.1" 200 22
222.70.183.82 - - [25/Mar/2024:09:10:41 +0800] "GET /xingrg/kc/buy/cgsh_order_operate.html?command=get_materiel&rest_code=00111&code=00101008353&supplier_code=00100008&order_time=2024-03-25 HTTP/1.1" 200 408
222.70.183.82 - - [25/Mar/2024:09:10:43 +0800] "GET /xingrg/check_reg.html?_=1711329043375 HTTP/1.1" 200 22
222.70.183.82 - - [25/Mar/2024:09:10:43 +0800] "GET /xingrg/all/function/internal_message.html?_=1711329043378&CODE_STATE=getMsg HTTP/1.1" 200 27
101.83.240.43 - - [25/Mar/2024:09:10:48 +0800] "GET /xingrg/kc/buy/cgsh_order_operate.html?command=get_materiel&rest_code=00149&code=00101008350&supplier_code=00100008&order_time=2024-03-25 HTTP/1.1" 200 408
180.164.1.25 - - [25/Mar/2024:09:10:51 +0800] "GET /xingrg/all/function/internal_message.html?_=1711329051672&CODE_STATE=getMsg HTTP/1.1" 200 27
124.78.60.103 - - [25/Mar/2024:09:10:53 +0800] "GET /xingrg/all/function/internal_message.html?_=1711329053366&CODE_STATE=getMsg HTTP/1.1" 200 27
101.83.144.49 - - [25/Mar/2024:09:11:00 +0800] "GET /xingrg/all/function/internal_message.html?_=1711328821754&CODE_STATE=getMsg HTTP/1.1" 200 27
116.235.245.40 - - [25/Mar/2024:09:11:04 +0800] "GET /xingrg/all/function/internal_message.html?_=1711329066157&CODE_STATE=getMsg HTTP/1.1" 200 27
222.70.183.82 - - [25/Mar/2024:09:11:05 +0800] "GET /xingrg/kc/buy/cgsh_order_operate.html?command=get_materiel&rest_code=00111&code=00101008087&supplier_code=00100008&order_time=2024-03-25 HTTP/1.1" 200 412
101.83.144.49 - - [25/Mar/2024:09:11:09 +0800] "GET /xingrg/kc/buy/cgsh_order_operate.html?command=get_materiel&rest_code=00105&code=00101008064&supplier_code=00100008&order_time=2024-03-25 HTTP/1.1" 200 412
101.83.240.43 - - [25/Mar/2024:09:11:09 +0800] "GET /xingrg/kc/buy/cgsh_order_operate.html?command=get_materiel&rest_code=00149&code=00101008069&supplier_code=00100008&order_time=2024-03-25 HTTP/1.1" 200 412
222.70.183.82 - - [25/Mar/2024:09:11:20 +0800] "GET /xingrg/kc/buy/cgsh_order_operate.html?command=get_materiel&rest_code=00111&code=00101008415&supplier_code=00100008&order_time=2024-03-25 HTTP/1.1" 200 412
101.83.240.43 - - [25/Mar/2024:09:11:22 +0800] "GET /xingrg/kc/buy/cgsh_order_operate.html?command=get_materiel&rest_code=00149&code=00101008368&supplier_code=00100008&order_time=2024-03-25 HTTP/1.1" 200 408
114.85.113.46 - - [25/Mar/2024:09:11:23 +0800] "GET /xingrg/all/function/internal_message.html?_=1711329083486&CODE_STATE=getMsg HTTP/1.1" 200 27
222.70.183.82 - - [25/Mar/2024:09:11:25 +0800] "POST /xingrg/kc/buy/cgsh_order_operate.html HTTP/1.1" 200 2065
116.224.254.208 - - [25/Mar/2024:09:11:26 +0800] "GET /xingrg/all/function/internal_message.html?_=1711329086278&CODE_STATE=getMsg HTTP/1.1" 200 27
124.78.156.194 - - [25/Mar/2024:09:11:31 +0800] "GET /xingrg/all/function/internal_message.html?_=1711329090490&CODE_STATE=getMsg HTTP/1.1" 200 27
101.83.240.43 - - [25/Mar/2024:09:11:31 +0800] "GET /xingrg/kc/buy/cgsh_order_operate.html?command=get_materiel&rest_code=00149&code=00101008353&supplier_code=00100008&order_time=2024-03-25 HTTP/1.1" 200 408
222.70.183.82 - - [25/Mar/2024:09:11:32 +0800] "GET /xingrg/kc/buy/cgsh_order_operate.html?command=get_materiel&rest_code=00111&code=00101008285&supplier_code=00100008&order_time=2024-03-25 HTTP/1.1" 200 413
101.83.240.43 - - [25/Mar/2024:09:11:37 +0800] "POST /xingrg/kc/buy/cgsh_order_operate.html HTTP/1.1" 200 2065
101.83.240.43 - - [25/Mar/2024:09:11:40 +0800] "GET /xingrg/all/function/internal_message.html?_=1711329100338&CODE_STATE=getMsg HTTP/1.1" 200 27
222.70.183.82 - - [25/Mar/2024:09:11:43 +0800] "GET /xingrg/all/function/internal_message.html?_=1711329103377&CODE_STATE=getMsg HTTP/1.1" 200 27
101.83.144.49 - - [25/Mar/2024:09:11:44 +0800] "GET /xingrg/kc/buy/cgsh_order_operate.html?command=get_materiel&rest_code=00105&code=00101008361&supplier_code=00100008&order_time=2024-03-25 HTTP/1.1" 200 408
180.164.1.25 - - [25/Mar/2024:09:11:45 +0800] "GET /xingrg/kc/buy/cgsh_order_list.html HTTP/1.1" 200 57890
180.164.1.25 - - [25/Mar/2024:09:11:45 +0800] "GET /xingrg/css/site.css HTTP/1.1" 200 7541
180.164.1.25 - - [25/Mar/2024:09:11:45 +0800] "GET /xingrg/css/base.css HTTP/1.1" 200 2811
180.164.1.25 - - [25/Mar/2024:09:11:45 +0800] "GET /xingrg/javascript/jquery_tools/datebox.css HTTP/1.1" 200 2597
180.164.1.25 - - [25/Mar/2024:09:11:45 +0800] "GET /xingrg/javascript/jquery_tools/fix.css HTTP/1.1" 200 1702
180.164.1.25 - - [25/Mar/2024:09:11:45 +0800] "GET /xingrg/javascript/easyui/themes/default/easyui.css HTTP/1.1" 200 30432
180.164.1.25 - - [25/Mar/2024:09:11:45 +0800] "GET /xingrg/javascript/easyui/themes/icon.css HTTP/1.1" 200 4483
180.164.1.25 - - [25/Mar/2024:09:11:45 +0800] "GET /xingrg/javascript/auto/jquery.autocomplete.css HTTP/1.1" 200 587
180.164.1.25 - - [25/Mar/2024:09:11:45 +0800] "GET /xingrg/javascript/jquery_tools/table.css HTTP/1.1" 200 1032
180.164.1.25 - - [25/Mar/2024:09:11:45 +0800] "GET /xingrg/javascript/jquery_tools/jquery.tools.extend.js HTTP/1.1" 200 15385
180.164.1.25 - - [25/Mar/2024:09:11:45 +0800] "GET /xingrg/javascript/jquery_tools/jquery.tools.min.js HTTP/1.1" 200 138801
180.164.1.25 - - [25/Mar/2024:09:11:45 +0800] "GET /xingrg/javascript/jquery_tools/jquery.tools.table.js HTTP/1.1" 200 6994
180.164.1.25 - - [25/Mar/2024:09:11:45 +0800] "GET /xingrg/javascript/jquery_tools/jquery.tools.hotkey.js HTTP/1.1" 200 3242
180.164.1.25 - - [25/Mar/2024:09:11:45 +0800] "GET /xingrg/javascript/jquery_tools/list_manager.js HTTP/1.1" 200 3652
180.164.1.25 - - [25/Mar/2024:09:11:45 +0800] "GET /xingrg/javascript/auto/jquery.autocomplete.js HTTP/1.1" 200 21624
