101.83.144.49 - - [25/Mar/2024:11:42:19 +0800] "GET /xingrg/check_reg.html?_=1711338140478 HTTP/1.1" 200 22
101.83.144.49 - - [25/Mar/2024:11:42:20 +0800] "GET /xingrg/all/function/internal_message.html?_=1711338141150&CODE_STATE=getMsg HTTP/1.1" 200 27
116.224.254.208 - - [25/Mar/2024:11:42:20 +0800] "GET /xingrg/kc/buy/cgsh_order_list.html HTTP/1.1" 200 57886
114.85.113.46 - - [25/Mar/2024:11:42:21 +0800] "GET /xingrg/all/function/internal_message.html?_=1711338140668&CODE_STATE=getMsg HTTP/1.1" 200 27
116.224.254.208 - - [25/Mar/2024:11:42:22 +0800] "POST /xingrg/kc/buy/cgsh_list_operate.html HTTP/1.1" 200 645
116.224.254.208 - - [25/Mar/2024:11:42:23 +0800] "GET /xingrg/kc/buy/cgsh_order_add.html HTTP/1.1" 200 73711
116.224.254.208 - - [25/Mar/2024:11:42:24 +0800] "POST /xingrg/kc/buy/cgsh_order_operate.html HTTP/1.1" 200 8245
116.224.254.208 - - [25/Mar/2024:11:42:24 +0800] "GET /xingrg/javascript/easyui/themes/default/validatebox.css HTTP/1.1" 404 1104
116.224.254.208 - - [25/Mar/2024:11:42:25 +0800] "GET /xingrg/javascript/auto/indicator.gif HTTP/1.1" 404 1066
124.79.241.4 - - [25/Mar/2024:11:42:30 +0800] "GET /xingrg/all/function/internal_message.html?_=1711338149263&CODE_STATE=getMsg HTTP/1.1" 200 27
180.163.29.234 - - [25/Mar/2024:11:42:31 +0800] "GET /xingrg/all/function/internal_message.html?_=1711338090489&CODE_STATE=getMsg HTTP/1.1" 302 -
180.163.29.234 - - [25/Mar/2024:11:42:31 +0800] "GET /xingrg/login.html HTTP/1.1" 200 7641
124.78.156.194 - - [25/Mar/2024:11:42:31 +0800] "GET /xingrg/all/function/internal_message.html?_=1711338150464&CODE_STATE=getMsg HTTP/1.1" 200 27
124.78.156.194 - - [25/Mar/2024:11:42:33 +0800] "POST /xingrg/kc/buy/cgsh_order_operate.html HTTP/1.1" 200 37
222.70.115.1 - - [25/Mar/2024:11:42:33 +0800] "GET /xingrg/all/function/internal_message.html?_=1711338158587&CODE_STATE=getMsg HTTP/1.1" 200 27
180.169.147.146 - - [25/Mar/2024:11:42:34 +0800] "GET /xingrg/all/function/internal_message.html?_=1711338153933&CODE_STATE=getMsg HTTP/1.1" 200 27
116.224.254.208 - - [25/Mar/2024:11:42:36 +0800] "GET /xingrg/kc/buy/cgsh_order_operate.html?command=get_materiel&rest_code=00150&code=00101002022&supplier_code=00100151&order_time=2024-03-25 HTTP/1.1" 200 430
124.78.156.194 - - [25/Mar/2024:11:42:37 +0800] "GET /xingrg/all/function/internal_message.html?_=1711338158168&CODE_STATE=getMsg HTTP/1.1" 200 27
101.228.147.14 - - [25/Mar/2024:11:42:37 +0800] "GET /xingrg/all/function/internal_message.html?_=1711338155451&CODE_STATE=getMsg HTTP/1.1" 200 27
180.169.147.146 - - [25/Mar/2024:11:42:38 +0800] "GET /xingrg/all/function/internal_message.html?_=1711338152533&CODE_STATE=getMsg HTTP/1.1" 200 27
101.83.240.43 - - [25/Mar/2024:11:42:39 +0800] "GET /xingrg/all/function/internal_message.html?_=1711338159093&CODE_STATE=getMsg HTTP/1.1" 200 27
124.78.156.194 - - [25/Mar/2024:11:42:40 +0800] "POST /xingrg/kc/buy/cgsh_order_operate.html HTTP/1.1" 200 12
222.69.133.65 - - [25/Mar/2024:11:42:40 +0800] "GET /xingrg/all/function/internal_message.html?_=1711338160802&CODE_STATE=getMsg HTTP/1.1" 200 27
124.78.156.194 - - [25/Mar/2024:11:42:42 +0800] "GET /xingrg/kc/buy/cgsh_order_info.html?code=212024032507538 HTTP/1.1" 200 68562
222.70.183.82 - - [25/Mar/2024:11:42:43 +0800] "GET /xingrg/all/function/internal_message.html?_=1711338162800&CODE_STATE=getMsg HTTP/1.1" 200 27
124.78.156.194 - - [25/Mar/2024:11:42:43 +0800] "GET /xingrg/javascript/easyui/themes/default/validatebox.css HTTP/1.1" 404 1104
124.78.156.194 - - [25/Mar/2024:11:42:44 +0800] "POST /xingrg/kc/buy/cgsh_order_operate.html HTTP/1.1" 200 602
124.78.156.194 - - [25/Mar/2024:11:42:47 +0800] "GET /xingrg/kc/print/load_data.html?order_code=212024032507538&kc_code=cgsh&condition= HTTP/1.1" 200 693
180.164.1.25 - - [25/Mar/2024:11:42:49 +0800] "GET /xingrg/all/function/internal_message.html?_=1711338169672&CODE_STATE=getMsg HTTP/1.1" 200 27
124.78.156.194 - - [25/Mar/2024:11:42:52 +0800] "GET /xingrg/kc/buy/cgsh_order_add.html HTTP/1.1" 200 73649
124.78.156.194 - - [25/Mar/2024:11:42:53 +0800] "POST /xingrg/kc/buy/cgsh_order_operate.html HTTP/1.1" 200 8245
124.78.156.194 - - [25/Mar/2024:11:42:53 +0800] "GET /xingrg/javascript/easyui/themes/default/validatebox.css HTTP/1.1" 404 1104
116.224.254.208 - - [25/Mar/2024:11:42:53 +0800] "GET /xingrg/kc/buy/cgsh_order_operate.html?command=get_materiel&rest_code=00150&code=00101005037&supplier_code=00100151&order_time=2024-03-25 HTTP/1.1" 200 409
124.78.156.194 - - [25/Mar/2024:11:42:55 +0800] "GET /xingrg/javascript/easyui/themes/default/tree.css HTTP/1.1" 404 1090
124.78.156.194 - - [25/Mar/2024:11:42:56 +0800] "POST /xingrg/all/common/load_tree.html?tree=supplier_tree_json&isDelete=1 HTTP/1.1" 200 78788
180.169.147.146 - - [25/Mar/2024:11:42:57 +0800] "POST /xingrg/all/user/operate.html HTTP/1.1" 200 36
180.169.147.146 - - [25/Mar/2024:11:42:57 +0800] "GET /xingrg/index.html?sysBaseUrl=http%3A%2F%2F180.169.147.146%3A18081%2Fxingrg%2F&costTime=2059×tamp=1711337667435 HTTP/1.1" 200 17503
180.169.147.146 - - [25/Mar/2024:11:42:57 +0800] "GET /xingrg/javascript/jquery_easy_ui/themes/default/easyui.css HTTP/1.1" 304 -
180.169.147.146 - - [25/Mar/2024:11:42:57 +0800] "GET /xingrg/javascript/jquery_easy_ui/themes/icon.css HTTP/1.1" 304 -
180.169.147.146 - - [25/Mar/2024:11:42:57 +0800] "GET /xingrg/css/form.css HTTP/1.1" 304 -
180.169.147.146 - - [25/Mar/2024:11:42:57 +0800] "GET /xingrg/javascript/jquery-1.4.2.min.js HTTP/1.1" 304 -
180.169.147.146 - - [25/Mar/2024:11:42:57 +0800] "GET /xingrg/javascript/jquery_easy_ui/jquery.easyui.min.js HTTP/1.1" 304 -
180.169.147.146 - - [25/Mar/2024:11:42:57 +0800] "GET /xingrg/javascript/jquery_easy_ui/easyui-lang-zh_CN.js HTTP/1.1" 304 -
180.169.147.146 - - [25/Mar/2024:11:42:57 +0800] "GET /xingrg/javascript/jquery.form.js HTTP/1.1" 304 -
180.169.147.146 - - [25/Mar/2024:11:42:57 +0800] "GET /xingrg/javascript/jquery.utils.js HTTP/1.1" 304 -
180.169.147.146 - - [25/Mar/2024:11:42:57 +0800] "GET /xingrg/javascript/jquery.timers.js HTTP/1.1" 304 -
180.169.147.146 - - [25/Mar/2024:11:42:57 +0800] "GET /xingrg/images/blue/jxLogo.png HTTP/1.1" 304 -
180.169.147.146 - - [25/Mar/2024:11:42:57 +0800] "GET /xingrg/images/blue/navBackgound.jpg HTTP/1.1" 304 -
180.169.147.146 - - [25/Mar/2024:11:42:57 +0800] "GET /xingrg/javascript/jquery_easy_ui/themes/icons/settle_new.png HTTP/1.1" 304 -
180.169.147.146 - - [25/Mar/2024:11:42:57 +0800] "GET /xingrg/check_reg.html?_=1711338176669 HTTP/1.1" 200 22
180.169.147.146 - - [25/Mar/2024:11:42:57 +0800] "GET /xingrg/all/function/internal_message.html?_=1711338176668&CODE_STATE=count HTTP/1.1" 200 11
180.169.147.146 - - [25/Mar/2024:11:42:57 +0800] "GET /xingrg/javascript/jquery_easy_ui/themes/default/images/panel_tool_collapse.gif HTTP/1.1" 304 -
180.169.147.146 - - [25/Mar/2024:11:42:57 +0800] "GET /xingrg/images/blue/pingpu.png HTTP/1.1" 304 -
180.169.147.146 - - [25/Mar/2024:11:42:57 +0800] "GET /xingrg/javascript/jquery_easy_ui/themes/default/images/tabs_rightarrow.png HTTP/1.1" 304 -
180.169.147.146 - - [25/Mar/2024:11:42:57 +0800] "GET /xingrg/javascript/jquery_easy_ui/themes/default/images/tabs_leftarrow.png HTTP/1.1" 304 -
180.169.147.146 - - [25/Mar/2024:11:42:57 +0800] "GET /xingrg/javascript/jquery_easy_ui/themes/default/images/panel_tool_expand.gif HTTP/1.1" 304 -
180.169.147.146 - - [25/Mar/2024:11:42:57 +0800] "POST /xingrg/all/common/load_tree.html?tree=area_rest_tree_json&manage=1 HTTP/1.1" 200 2231
180.169.147.146 - - [25/Mar/2024:11:42:57 +0800] "POST /xingrg/load_menu.html HTTP/1.1" 200 9959
180.169.147.146 - - [25/Mar/2024:11:42:58 +0800] "GET /xingrg/kc/report/report_main.html HTTP/1.1" 200 7340
101.83.144.49 - - [25/Mar/2024:11:42:59 +0800] "GET /xingrg/all/function/internal_message.html?_=1711337941063&CODE_STATE=getMsg HTTP/1.1" 200 27
101.83.144.49 - - [25/Mar/2024:11:43:00 +0800] "GET /xingrg/check_reg.html?_=1711337941704 HTTP/1.1" 200 22
180.169.147.146 - - [25/Mar/2024:11:43:00 +0800] "GET /xingrg/all/report/report_query.html?fileName=kc/buy/gys_amount.xml&rh=99999 HTTP/1.1" 200 52006
180.169.147.146 - - [25/Mar/2024:11:43:00 +0800] "GET /xingrg/dwr/interface/AjaxReportQueryService.js HTTP/1.1" 200 13203
180.169.147.146 - - [25/Mar/2024:11:43:00 +0800] "GET /xingrg/dwr/engine.js HTTP/1.1" 200 43631
180.169.147.146 - - [25/Mar/2024:11:43:00 +0800] "POST /xingrg/dwr/call/plaincall/AjaxReportQueryService.getFixDate.dwr HTTP/1.1" 200 111
180.169.147.146 - - [25/Mar/2024:11:43:01 +0800] "POST /xingrg/dwr/call/plaincall/AjaxReportQueryService.getInitString.dwr HTTP/1.1" 200 1002
180.169.147.146 - - [25/Mar/2024:11:43:01 +0800] "POST /xingrg/all/common/load_tree.html?tree=materiel_sort_tree_json HTTP/1.1" 200 9734
180.169.147.146 - - [25/Mar/2024:11:43:01 +0800] "POST /xingrg/all/common/load_tree.html?tree=supplier_tree_json&manage=1 HTTP/1.1" 200 81197
116.224.254.208 - - [25/Mar/2024:11:43:05 +0800] "POST /xingrg/kc/buy/cgsh_order_operate.html HTTP/1.1" 200 37
120.253.135.82 - - [25/Mar/2024:11:43:12 +0800] "GET /xingrg/check_reg.html?_=1711338033288 HTTP/1.1" 200 22
116.224.254.208 - - [25/Mar/2024:11:43:14 +0800] "POST /xingrg/kc/buy/cgsh_order_operate.html HTTP/1.1" 200 12
124.79.241.4 - - [25/Mar/2024:11:43:14 +0800] "GET /xingrg/all/function/internal_message.html?_=1711338218328&CODE_STATE=getMsg HTTP/1.1" 200 27
124.78.60.103 - - [25/Mar/2024:11:43:16 +0800] "GET /xingrg/all/function/internal_message.html?_=1711338196354&CODE_STATE=getMsg HTTP/1.1" 200 27
116.224.254.208 - - [25/Mar/2024:11:43:16 +0800] "GET /xingrg/all/function/internal_message.html?_=1711338196694&CODE_STATE=getMsg HTTP/1.1" 200 27
116.224.254.208 - - [25/Mar/2024:11:43:17 +0800] "GET /xingrg/kc/buy/cgsh_order_info.html?code=212024032507539 HTTP/1.1" 200 68614
116.235.245.40 - - [25/Mar/2024:11:43:17 +0800] "GET /xingrg/all/function/internal_message.html?_=1711338199018&CODE_STATE=getMsg HTTP/1.1" 200 27
116.224.254.208 - - [25/Mar/2024:11:43:17 +0800] "GET /xingrg/javascript/easyui/themes/default/validatebox.css HTTP/1.1" 404 1104
116.224.254.208 - - [25/Mar/2024:11:43:18 +0800] "POST /xingrg/kc/buy/cgsh_order_operate.html HTTP/1.1" 200 1196
180.169.147.146 - - [25/Mar/2024:11:43:18 +0800] "POST /xingrg/dwr/call/plaincall/AjaxReportQueryService.refreshCache.dwr HTTP/1.1" 200 78
124.78.156.194 - - [25/Mar/2024:11:43:19 +0800] "GET /xingrg/all/function/internal_message.html?_=1711338200153&CODE_STATE=getMsg HTTP/1.1" 200 27
101.83.144.49 - - [25/Mar/2024:11:43:20 +0800] "GET /xingrg/all/function/internal_message.html?_=1711338201121&CODE_STATE=getMsg HTTP/1.1" 200 27
180.169.147.146 - - [25/Mar/2024:11:43:20 +0800] "POST /xingrg/all/report/load_report_page.html HTTP/1.1" 200 8908
180.169.147.146 - - [25/Mar/2024:11:43:21 +0800] "GET /xingrg/servlets/image?cache=0.9868903769245565&image=px HTTP/1.1" 200 807
116.224.254.208 - - [25/Mar/2024:11:43:21 +0800] "GET /xingrg/kc/print/load_data.html?order_code=212024032507539&kc_code=cgsh&condition= HTTP/1.1" 200 921
114.85.113.46 - - [25/Mar/2024:11:43:21 +0800] "GET /xingrg/all/function/internal_message.html?_=1711338200653&CODE_STATE=getMsg HTTP/1.1" 200 27
180.169.147.146 - - [25/Mar/2024:11:43:22 +0800] "GET /xingrg/all/report/report_query.html?isQuery=1&fileName=kc/buy/wlcg_cate_hz.xml&queryString=(CONVERT(char(10)%252Ca.order_time%252C%2520120)%253E%253D'2023-11-01')%2520and%2520(CONVERT(char(10)%252Ca.order_time%252C%2520120)%253C%253D'2023-11-30')%2520and%2520(a.supplier_code%2520in%2520('00100199'))%2520and%2520(a.number%253E0%2520and%2520a.supplier_code%253D'00100199')&queryText=%25E3%2580%2590%25E9%2587%2587%25E8%25B4%25AD%25E6%2597%25A5%25E6%259C%259F%253A2023-11-01%2520%25E8%2587%25B3%25202023-11-30%25E3%2580%2591%2520%25E5%25B9%25B6%25E4%25B8%2594%2520%2520%25E3%2580%2590%25E4%25BE%259B%25E5%25BA%2594%25E5%2595%2586%2520%253D%2520%25E6%25B2%25B3%25E8%2599%25BE%25EF%25BC%2588%25E6%259D%258E%25E4%25B9%2590%25EF%25BC%2589%25E3%2580%2591%2520%25E5%25B9%25B6%25E4%25B8%2594%2520%25E3%2580%2590%25E4%25BE%259B%25E5%25BA%2594%25E5%2595%2586%253D%25E6%25B2%25B3%25E8%2599%25BE%25EF%25BC%2588%25E6%259D%258E%25E4%25B9%2590%25EF%25BC%2589%25E3%2580%2591 HTTP/1.1" 200 54472
180.169.147.146 - - [25/Mar/2024:11:43:22 +0800] "GET /xingrg/dwr/interface/AjaxReportQueryService.js HTTP/1.1" 200 13203
180.169.147.146 - - [25/Mar/2024:11:43:22 +0800] "GET /xingrg/dwr/engine.js HTTP/1.1" 200 43631
124.78.156.194 - - [25/Mar/2024:11:43:24 +0800] "GET /xingrg/kc/buy/cgsh_order_operate.html?command=get_materiel&rest_code=00106&code=00101006082&supplier_code=00100574&order_time=2024-03-25 HTTP/1.1" 200 419
180.169.147.146 - - [25/Mar/2024:11:43:26 +0800] "POST /xingrg/all/report/load_report_page.html HTTP/1.1" 200 8713
180.169.147.146 - - [25/Mar/2024:11:43:26 +0800] "GET /xingrg/servlets/image?cache=0.5041504575598413&image=px HTTP/1.1" 200 807
180.169.147.146 - - [25/Mar/2024:11:43:30 +0800] "POST /xingrg/all/report/load_report_page.html HTTP/1.1" 200 36608
180.169.147.146 - - [25/Mar/2024:11:43:30 +0800] "GET /xingrg/servlets/image?cache=0.6712901910327543&image=px HTTP/1.1" 200 807
124.79.241.4 - - [25/Mar/2024:11:43:30 +0800] "GET /xingrg/all/function/internal_message.html?_=1711338209272&CODE_STATE=getMsg HTTP/1.1" 200 27
124.78.156.194 - - [25/Mar/2024:11:43:31 +0800] "GET /xingrg/all/function/internal_message.html?_=1711338210435&CODE_STATE=getMsg HTTP/1.1" 200 27
222.70.115.1 - - [25/Mar/2024:11:43:33 +0800] "GET /xingrg/all/function/internal_message.html?_=1711338218599&CODE_STATE=getMsg HTTP/1.1" 200 27
114.85.113.46 - - [25/Mar/2024:11:43:37 +0800] "GET /xingrg/check_reg.html?_=1711338216651 HTTP/1.1" 200 22
101.228.147.14 - - [25/Mar/2024:11:43:37 +0800] "GET /xingrg/check_reg.html?_=1711338215467 HTTP/1.1" 200 22
101.228.147.14 - - [25/Mar/2024:11:43:37 +0800] "GET /xingrg/all/function/internal_message.html?_=1711338215469&CODE_STATE=getMsg HTTP/1.1" 200 27
180.169.147.146 - - [25/Mar/2024:11:43:38 +0800] "GET /xingrg/all/function/internal_message.html?_=1711338212516&CODE_STATE=getMsg HTTP/1.1" 200 27
101.83.240.43 - - [25/Mar/2024:11:43:39 +0800] "GET /xingrg/all/function/internal_message.html?_=1711338219083&CODE_STATE=getMsg HTTP/1.1" 200 27
222.69.133.65 - - [25/Mar/2024:11:43:40 +0800] "GET /xingrg/all/function/internal_message.html?_=1711338220808&CODE_STATE=getMsg HTTP/1.1" 200 27
222.70.183.82 - - [25/Mar/2024:11:43:43 +0800] "GET /xingrg/all/function/internal_message.html?_=1711338222785&CODE_STATE=getMsg HTTP/1.1" 200 27
124.78.156.194 - - [25/Mar/2024:11:43:43 +0800] "POST /xingrg/kc/buy/cgsh_order_operate.html HTTP/1.1" 200 37
180.164.1.25 - - [25/Mar/2024:11:43:49 +0800] "GET /xingrg/all/function/internal_message.html?_=1711338229663&CODE_STATE=getMsg HTTP/1.1" 200 27
124.78.156.194 - - [25/Mar/2024:11:43:50 +0800] "POST /xingrg/kc/buy/cgsh_order_operate.html HTTP/1.1" 200 12
124.78.156.194 - - [25/Mar/2024:11:43:52 +0800] "GET /xingrg/kc/buy/cgsh_order_info.html?code=212024032507540 HTTP/1.1" 200 68564
124.78.156.194 - - [25/Mar/2024:11:43:53 +0800] "GET /xingrg/javascript/easyui/themes/default/validatebox.css HTTP/1.1" 404 1104
124.78.156.194 - - [25/Mar/2024:11:43:54 +0800] "POST /xingrg/kc/buy/cgsh_order_operate.html HTTP/1.1" 200 615
124.78.156.194 - - [25/Mar/2024:11:43:57 +0800] "GET /xingrg/kc/print/load_data.html?order_code=212024032507540&kc_code=cgsh&condition= HTTP/1.1" 200 714
180.169.147.146 - - [25/Mar/2024:11:43:57 +0800] "GET /xingrg/all/function/internal_message.html?_=1711338236695&CODE_STATE=getMsg HTTP/1.1" 200 27
101.83.144.49 - - [25/Mar/2024:11:43:59 +0800] "GET /xingrg/all/function/internal_message.html?_=1711338001034&CODE_STATE=getMsg HTTP/1.1" 200 27
124.78.156.194 - - [25/Mar/2024:11:44:03 +0800] "GET /xingrg/kc/buy/cgsh_order_add.html HTTP/1.1" 200 73649
124.78.156.194 - - [25/Mar/2024:11:44:03 +0800] "POST /xingrg/kc/buy/cgsh_order_operate.html HTTP/1.1" 200 8245
124.78.156.194 - - [25/Mar/2024:11:44:03 +0800] "GET /xingrg/javascript/easyui/themes/default/validatebox.css HTTP/1.1" 404 1104
124.78.156.194 - - [25/Mar/2024:11:44:05 +0800] "GET /xingrg/javascript/easyui/themes/default/tree.css HTTP/1.1" 404 1090
124.78.156.194 - - [25/Mar/2024:11:44:06 +0800] "POST /xingrg/all/common/load_tree.html?tree=supplier_tree_json&isDelete=1 HTTP/1.1" 200 78788
101.83.144.49 - - [25/Mar/2024:11:44:06 +0800] "GET /xingrg/kc/base/wldb_order_operate.html?command=get_materiel&rest_code=00105&base_code=0010508&code=00102002484 HTTP/1.1" 200 456
180.164.1.25 - - [25/Mar/2024:11:44:13 +0800] "GET /xingrg/check_reg.html?_=1711338253236 HTTP/1.1" 200 22
180.171.58.249 - - [25/Mar/2024:11:44:13 +0800] "GET /xingrg/check_reg.html?_=1711338254604 HTTP/1.1" 302 -
124.79.241.4 - - [25/Mar/2024:11:44:14 +0800] "GET /xingrg/all/function/internal_message.html?_=1711338278326&CODE_STATE=getMsg HTTP/1.1" 200 27
124.78.60.103 - - [25/Mar/2024:11:44:16 +0800] "GET /xingrg/all/function/internal_message.html?_=1711338256355&CODE_STATE=getMsg HTTP/1.1" 200 27
116.224.254.208 - - [25/Mar/2024:11:44:16 +0800] "GET /xingrg/all/function/internal_message.html?_=1711338256710&CODE_STATE=getMsg HTTP/1.1" 200 27
116.235.245.40 - - [25/Mar/2024:11:44:17 +0800] "GET /xingrg/all/function/internal_message.html?_=1711338259413&CODE_STATE=getMsg HTTP/1.1" 200 27
124.78.156.194 - - [25/Mar/2024:11:44:19 +0800] "GET /xingrg/all/function/internal_message.html?_=1711338260157&CODE_STATE=getMsg HTTP/1.1" 200 27
101.83.144.49 - - [25/Mar/2024:11:44:20 +0800] "GET /xingrg/all/function/internal_message.html?_=1711338261161&CODE_STATE=getMsg HTTP/1.1" 200 27
114.85.113.46 - - [25/Mar/2024:11:44:21 +0800] "GET /xingrg/all/function/internal_message.html?_=1711338260630&CODE_STATE=getMsg HTTP/1.1" 200 27
101.83.144.49 - - [25/Mar/2024:11:44:25 +0800] "GET /xingrg/kc/base/wldb_order_operate.html?command=get_materiel&rest_code=00105&base_code=0010508&code=00102002556 HTTP/1.1" 200 444
124.78.156.194 - - [25/Mar/2024:11:44:27 +0800] "GET /xingrg/kc/buy/cgsh_order_operate.html?command=get_materiel&rest_code=00106&code=00101010646&supplier_code=00100325&order_time=2024-03-25 HTTP/1.1" 200 422
124.78.156.194 - - [25/Mar/2024:11:44:31 +0800] "GET /xingrg/all/function/internal_message.html?_=1711338270423&CODE_STATE=getMsg HTTP/1.1" 200 27
124.79.241.4 - - [25/Mar/2024:11:44:31 +0800] "GET /xingrg/all/function/internal_message.html?_=1711338269688&CODE_STATE=getMsg HTTP/1.1" 200 27
124.78.156.194 - - [25/Mar/2024:11:44:31 +0800] "GET /xingrg/check_reg.html?_=1711338270738 HTTP/1.1" 200 22
180.163.30.85 - - [25/Mar/2024:11:44:32 +0800] "GET /xingrg/all/function/internal_message.html?_=1711338210435&CODE_STATE=getMsg HTTP/1.1" 302 -
180.163.30.85 - - [25/Mar/2024:11:44:32 +0800] "GET /xingrg/login.html HTTP/1.1" 200 7641
222.70.115.1 - - [25/Mar/2024:11:44:33 +0800] "GET /xingrg/all/function/internal_message.html?_=1711338278600&CODE_STATE=getMsg HTTP/1.1" 200 27
124.78.156.194 - - [25/Mar/2024:11:44:37 +0800] "GET /xingrg/all/function/internal_message.html?_=1711338278170&CODE_STATE=getMsg HTTP/1.1" 200 27
101.228.147.14 - - [25/Mar/2024:11:44:37 +0800] "GET /xingrg/all/function/internal_message.html?_=1711338275479&CODE_STATE=getMsg HTTP/1.1" 200 27
180.169.147.146 - - [25/Mar/2024:11:44:38 +0800] "GET /xingrg/all/function/internal_message.html?_=1711338272499&CODE_STATE=getMsg HTTP/1.1" 200 27
101.83.240.43 - - [25/Mar/2024:11:44:39 +0800] "GET /xingrg/all/function/internal_message.html?_=1711338279067&CODE_STATE=getMsg HTTP/1.1" 200 27
222.69.133.65 - - [25/Mar/2024:11:44:40 +0800] "GET /xingrg/all/function/internal_message.html?_=1711338280818&CODE_STATE=getMsg HTTP/1.1" 200 27
222.69.133.65 - - [25/Mar/2024:11:44:40 +0800] "GET /xingrg/check_reg.html?_=1711338280857 HTTP/1.1" 200 22
222.70.183.82 - - [25/Mar/2024:11:44:43 +0800] "GET /xingrg/all/function/internal_message.html?_=1711338282771&CODE_STATE=getMsg HTTP/1.1" 200 27
124.78.156.194 - - [25/Mar/2024:11:44:49 +0800] "GET /xingrg/kc/buy/cgsh_order_operate.html?command=get_materiel&rest_code=00106&code=00101012122&supplier_code=00100325&order_time=2024-03-25 HTTP/1.1" 200 417
180.164.1.25 - - [25/Mar/2024:11:44:49 +0800] "GET /xingrg/all/function/internal_message.html?_=1711338289644&CODE_STATE=getMsg HTTP/1.1" 200 27
101.83.144.49 - - [25/Mar/2024:11:44:56 +0800] "GET /xingrg/kc/base/wldb_order_operate.html?command=get_materiel&rest_code=00105&base_code=0010508&code=00102012040 HTTP/1.1" 200 452
180.169.147.146 - - [25/Mar/2024:11:44:57 +0800] "GET /xingrg/all/function/internal_message.html?_=1711338296682&CODE_STATE=getMsg HTTP/1.1" 200 27
101.83.144.49 - - [25/Mar/2024:11:44:59 +0800] "GET /xingrg/all/function/internal_message.html?_=1711338061004&CODE_STATE=getMsg HTTP/1.1" 200 27
116.235.245.40 - - [25/Mar/2024:11:45:03 +0800] "GET /xingrg/check_reg.html?_=1711338305691 HTTP/1.1" 200 22
124.79.241.4 - - [25/Mar/2024:11:45:14 +0800] "GET /xingrg/all/function/internal_message.html?_=1711338338324&CODE_STATE=getMsg HTTP/1.1" 200 27
124.79.241.4 - - [25/Mar/2024:11:45:14 +0800] "GET /xingrg/check_reg.html?_=1711338338325 HTTP/1.1" 200 22
124.78.60.103 - - [25/Mar/2024:11:45:16 +0800] "GET /xingrg/all/function/internal_message.html?_=1711338316357&CODE_STATE=getMsg HTTP/1.1" 200 27
124.78.60.103 - - [25/Mar/2024:11:45:16 +0800] "GET /xingrg/check_reg.html?_=1711338316361 HTTP/1.1" 200 22
116.224.254.208 - - [25/Mar/2024:11:45:16 +0800] "GET /xingrg/all/function/internal_message.html?_=1711338316706&CODE_STATE=getMsg HTTP/1.1" 200 27
116.235.245.40 - - [25/Mar/2024:11:45:17 +0800] "GET /xingrg/all/function/internal_message.html?_=1711338319419&CODE_STATE=getMsg HTTP/1.1" 200 27
124.78.156.194 - - [25/Mar/2024:11:45:19 +0800] "GET /xingrg/check_reg.html?_=1711338320157 HTTP/1.1" 200 22
124.78.156.194 - - [25/Mar/2024:11:45:19 +0800] "GET /xingrg/all/function/internal_message.html?_=1711338320160&CODE_STATE=getMsg HTTP/1.1" 200 27
101.83.144.49 - - [25/Mar/2024:11:45:20 +0800] "GET /xingrg/all/function/internal_message.html?_=1711338321126&CODE_STATE=getMsg HTTP/1.1" 200 27
114.85.113.46 - - [25/Mar/2024:11:45:21 +0800] "GET /xingrg/all/function/internal_message.html?_=1711338320616&CODE_STATE=getMsg HTTP/1.1" 200 27
101.83.144.49 - - [25/Mar/2024:11:45:29 +0800] "GET /xingrg/kc/base/wldb_order_operate.html?command=get_materiel&rest_code=00105&base_code=0010508&code=00102002118 HTTP/1.1" 200 467
124.79.241.4 - - [25/Mar/2024:11:45:30 +0800] "GET /xingrg/check_reg.html?_=1711338329262 HTTP/1.1" 200 22
124.78.156.194 - - [25/Mar/2024:11:45:31 +0800] "GET /xingrg/all/function/internal_message.html?_=1711338330397&CODE_STATE=getMsg HTTP/1.1" 200 27
124.79.241.4 - - [25/Mar/2024:11:45:31 +0800] "GET /xingrg/all/function/internal_message.html?_=1711338329670&CODE_STATE=getMsg HTTP/1.1" 200 27
180.163.29.79 - - [25/Mar/2024:11:45:31 +0800] "GET /xingrg/check_reg.html?_=1711338270738 HTTP/1.1" 302 -
180.163.29.79 - - [25/Mar/2024:11:45:31 +0800] "GET /xingrg/login.html HTTP/1.1" 200 7641
222.70.115.1 - - [25/Mar/2024:11:45:33 +0800] "GET /xingrg/all/function/internal_message.html?_=1711338338599&CODE_STATE=getMsg HTTP/1.1" 200 27
222.70.115.1 - - [25/Mar/2024:11:45:33 +0800] "GET /xingrg/check_reg.html?_=1711338338602 HTTP/1.1" 200 22
124.78.156.194 - - [25/Mar/2024:11:45:37 +0800] "GET /xingrg/all/function/internal_message.html?_=1711338338147&CODE_STATE=getMsg HTTP/1.1" 200 27
101.228.147.14 - - [25/Mar/2024:11:45:37 +0800] "GET /xingrg/all/function/internal_message.html?_=1711338335479&CODE_STATE=getMsg HTTP/1.1" 200 27
180.169.147.146 - - [25/Mar/2024:11:45:38 +0800] "GET /xingrg/all/function/internal_message.html?_=1711338332482&CODE_STATE=getMsg HTTP/1.1" 200 27
101.83.240.43 - - [25/Mar/2024:11:45:39 +0800] "GET /xingrg/all/function/internal_message.html?_=1711338339042&CODE_STATE=getMsg HTTP/1.1" 200 27
180.169.147.146 - - [25/Mar/2024:11:45:39 +0800] "GET /xingrg/check_reg.html?_=1711338333465 HTTP/1.1" 200 22
222.69.133.65 - - [25/Mar/2024:11:45:40 +0800] "GET /xingrg/all/function/internal_message.html?_=1711338340827&CODE_STATE=getMsg HTTP/1.1" 200 27
101.83.240.43 - - [25/Mar/2024:11:45:40 +0800] "GET /xingrg/check_reg.html?_=1711338340560 HTTP/1.1" 200 22
222.70.183.82 - - [25/Mar/2024:11:45:43 +0800] "GET /xingrg/all/function/internal_message.html?_=1711338342756&CODE_STATE=getMsg HTTP/1.1" 200 27
222.70.183.82 - - [25/Mar/2024:11:45:43 +0800] "GET /xingrg/check_reg.html?_=1711338343367 HTTP/1.1" 200 22
124.78.156.194 - - [25/Mar/2024:11:45:44 +0800] "GET /xingrg/kc/buy/cgsh_order_operate.html?command=get_materiel&rest_code=00106&code=00101001219&supplier_code=00100325&order_time=2024-03-25 HTTP/1.1" 200 424
180.164.1.25 - - [25/Mar/2024:11:45:49 +0800] "GET /xingrg/all/function/internal_message.html?_=1711338349614&CODE_STATE=getMsg HTTP/1.1" 200 27
180.169.147.146 - - [25/Mar/2024:11:45:57 +0800] "GET /xingrg/all/function/internal_message.html?_=1711338356680&CODE_STATE=getMsg HTTP/1.1" 200 27
101.83.144.49 - - [25/Mar/2024:11:45:59 +0800] "GET /xingrg/all/function/internal_message.html?_=1711338120974&CODE_STATE=getMsg HTTP/1.1" 200 27
124.78.156.194 - - [25/Mar/2024:11:46:06 +0800] "GET /xingrg/javascript/jquery_easy_ui/themes/icons/rest.png HTTP/1.1" 304 -
124.78.156.194 - - [25/Mar/2024:11:46:06 +0800] "GET /xingrg/javascript/jquery_easy_ui/themes/icons/area.png HTTP/1.1" 304 -
124.78.156.194 - - [25/Mar/2024:11:46:14 +0800] "POST /xingrg/kc/buy/cgsh_order_operate.html HTTP/1.1" 200 37
124.79.241.4 - - [25/Mar/2024:11:46:14 +0800] "GET /xingrg/all/function/internal_message.html?_=1711338398323&CODE_STATE=getMsg HTTP/1.1" 200 27
124.78.60.103 - - [25/Mar/2024:11:46:16 +0800] "GET /xingrg/all/function/internal_message.html?_=1711338376350&CODE_STATE=getMsg HTTP/1.1" 200 27
116.224.254.208 - - [25/Mar/2024:11:46:16 +0800] "GET /xingrg/all/function/internal_message.html?_=1711338376706&CODE_STATE=getMsg HTTP/1.1" 200 27
116.235.245.40 - - [25/Mar/2024:11:46:17 +0800] "GET /xingrg/all/function/internal_message.html?_=1711338379432&CODE_STATE=getMsg HTTP/1.1" 200 27
124.78.156.194 - - [25/Mar/2024:11:46:19 +0800] "GET /xingrg/all/function/internal_message.html?_=1711338380171&CODE_STATE=getMsg HTTP/1.1" 200 27
101.83.144.49 - - [25/Mar/2024:11:46:20 +0800] "GET /xingrg/all/function/internal_message.html?_=1711338381089&CODE_STATE=getMsg HTTP/1.1" 200 27
114.85.113.46 - - [25/Mar/2024:11:46:21 +0800] "GET /xingrg/all/function/internal_message.html?_=1711338380585&CODE_STATE=getMsg HTTP/1.1" 200 27
124.78.156.194 - - [25/Mar/2024:11:46:21 +0800] "POST /xingrg/kc/buy/cgsh_order_operate.html HTTP/1.1" 200 12
124.78.156.194 - - [25/Mar/2024:11:46:23 +0800] "GET /xingrg/kc/buy/cgsh_order_info.html?code=212024032507541 HTTP/1.1" 200 68562
124.78.156.194 - - [25/Mar/2024:11:46:23 +0800] "GET /xingrg/javascript/easyui/themes/default/validatebox.css HTTP/1.1" 404 1104
124.78.156.194 - - [25/Mar/2024:11:46:24 +0800] "POST /xingrg/kc/buy/cgsh_order_operate.html HTTP/1.1" 200 1819
124.78.156.194 - - [25/Mar/2024:11:46:27 +0800] "GET /xingrg/kc/print/load_data.html?order_code=212024032507541&kc_code=cgsh&condition= HTTP/1.1" 200 1183
124.78.156.194 - - [25/Mar/2024:11:46:31 +0800] "GET /xingrg/all/function/internal_message.html?_=1711338390368&CODE_STATE=getMsg HTTP/1.1" 200 27
124.79.241.4 - - [25/Mar/2024:11:46:31 +0800] "GET /xingrg/all/function/internal_message.html?_=1711338389673&CODE_STATE=getMsg HTTP/1.1" 200 27
222.70.115.1 - - [25/Mar/2024:11:46:33 +0800] "GET /xingrg/all/function/internal_message.html?_=1711338398600&CODE_STATE=getMsg HTTP/1.1" 200 27
124.78.156.194 - - [25/Mar/2024:11:46:34 +0800] "GET /xingrg/kc/buy/cgsh_order_add.html HTTP/1.1" 200 73649
124.78.156.194 - - [25/Mar/2024:11:46:34 +0800] "POST /xingrg/kc/buy/cgsh_order_operate.html HTTP/1.1" 200 8245
124.78.156.194 - - [25/Mar/2024:11:46:34 +0800] "GET /xingrg/javascript/easyui/themes/default/validatebox.css HTTP/1.1" 404 1104
124.78.156.194 - - [25/Mar/2024:11:46:36 +0800] "GET /xingrg/javascript/easyui/themes/default/tree.css HTTP/1.1" 404 1090
124.78.156.194 - - [25/Mar/2024:11:46:36 +0800] "POST /xingrg/all/common/load_tree.html?tree=supplier_tree_json&isDelete=1 HTTP/1.1" 200 78788
101.228.147.14 - - [25/Mar/2024:11:46:37 +0800] "GET /xingrg/all/function/internal_message.html?_=1711338395474&CODE_STATE=getMsg HTTP/1.1" 200 27
124.78.156.194 - - [25/Mar/2024:11:46:38 +0800] "GET /xingrg/all/function/internal_message.html?_=1711338399354&CODE_STATE=getMsg HTTP/1.1" 200 27
180.169.147.146 - - [25/Mar/2024:11:46:38 +0800] "GET /xingrg/all/function/internal_message.html?_=1711338392465&CODE_STATE=getMsg HTTP/1.1" 200 27
101.83.240.43 - - [25/Mar/2024:11:46:39 +0800] "GET /xingrg/all/function/internal_message.html?_=1711338399016&CODE_STATE=getMsg HTTP/1.1" 200 27
222.69.133.65 - - [25/Mar/2024:11:46:40 +0800] "GET /xingrg/all/function/internal_message.html?_=1711338400821&CODE_STATE=getMsg HTTP/1.1" 200 27
222.70.183.82 - - [25/Mar/2024:11:46:43 +0800] "GET /xingrg/all/function/internal_message.html?_=1711338402727&CODE_STATE=getMsg HTTP/1.1" 200 27
116.238.97.31 - - [25/Mar/2024:11:46:48 +0800] "GET /xingrg/check_reg.html?_=1711338409933 HTTP/1.1" 200 22
180.164.1.25 - - [25/Mar/2024:11:46:49 +0800] "GET /xingrg/all/function/internal_message.html?_=1711338409604&CODE_STATE=getMsg HTTP/1.1" 200 27
180.169.147.146 - - [25/Mar/2024:11:46:57 +0800] "GET /xingrg/all/function/internal_message.html?_=1711338416691&CODE_STATE=getMsg HTTP/1.1" 200 27
101.83.144.49 - - [25/Mar/2024:11:46:59 +0800] "GET /xingrg/all/function/internal_message.html?_=1711338180960&CODE_STATE=getMsg HTTP/1.1" 200 27
124.78.156.194 - - [25/Mar/2024:11:47:11 +0800] "GET /xingrg/kc/buy/cgsh_order_operate.html?command=get_materiel&rest_code=00106&code=00101006347&supplier_code=00100505&order_time=2024-03-25 HTTP/1.1" 200 410
124.79.241.4 - - [25/Mar/2024:11:47:14 +0800] "GET /xingrg/all/function/internal_message.html?_=1711338458322&CODE_STATE=getMsg HTTP/1.1" 200 27
124.78.60.103 - - [25/Mar/2024:11:47:16 +0800] "GET /xingrg/all/function/internal_message.html?_=1711338436348&CODE_STATE=getMsg HTTP/1.1" 200 27
116.224.254.208 - - [25/Mar/2024:11:47:16 +0800] "GET /xingrg/check_reg.html?_=1711338436702 HTTP/1.1" 200 22
116.224.254.208 - - [25/Mar/2024:11:47:16 +0800] "GET /xingrg/all/function/internal_message.html?_=1711338436705&CODE_STATE=getMsg HTTP/1.1" 200 27
116.235.245.40 - - [25/Mar/2024:11:47:18 +0800] "GET /xingrg/all/function/internal_message.html?_=1711338439822&CODE_STATE=getMsg HTTP/1.1" 200 27
124.78.156.194 - - [25/Mar/2024:11:47:19 +0800] "GET /xingrg/all/function/internal_message.html?_=1711338440171&CODE_STATE=getMsg HTTP/1.1" 200 27
101.83.144.49 - - [25/Mar/2024:11:47:19 +0800] "GET /xingrg/check_reg.html?_=1711338440449 HTTP/1.1" 200 22
101.83.144.49 - - [25/Mar/2024:11:47:20 +0800] "GET /xingrg/all/function/internal_message.html?_=1711338441019&CODE_STATE=getMsg HTTP/1.1" 200 27
114.85.113.46 - - [25/Mar/2024:11:47:21 +0800] "GET /xingrg/all/function/internal_message.html?_=1711338440567&CODE_STATE=getMsg HTTP/1.1" 200 27
124.78.156.194 - - [25/Mar/2024:11:47:27 +0800] "POST /xingrg/kc/buy/cgsh_order_operate.html HTTP/1.1" 200 37
124.78.156.194 - - [25/Mar/2024:11:47:31 +0800] "GET /xingrg/all/function/internal_message.html?_=1711338450339&CODE_STATE=getMsg HTTP/1.1" 200 27
124.79.241.4 - - [25/Mar/2024:11:47:31 +0800] "GET /xingrg/all/function/internal_message.html?_=1711338449657&CODE_STATE=getMsg HTTP/1.1" 200 27
180.163.28.55 - - [25/Mar/2024:11:47:31 +0800] "GET /xingrg/all/function/internal_message.html?_=1711338390368&CODE_STATE=getMsg HTTP/1.1" 302 -
180.163.28.55 - - [25/Mar/2024:11:47:31 +0800] "GET /xingrg/login.html HTTP/1.1" 200 7641
222.70.115.1 - - [25/Mar/2024:11:47:33 +0800] "GET /xingrg/all/function/internal_message.html?_=1711338458603&CODE_STATE=getMsg HTTP/1.1" 200 27
124.78.156.194 - - [25/Mar/2024:11:47:34 +0800] "POST /xingrg/kc/buy/cgsh_order_operate.html HTTP/1.1" 200 12
124.78.156.194 - - [25/Mar/2024:11:47:36 +0800] "GET /xingrg/kc/buy/cgsh_order_info.html?code=212024032507542 HTTP/1.1" 200 68560
124.78.156.194 - - [25/Mar/2024:11:47:36 +0800] "GET /xingrg/javascript/easyui/themes/default/validatebox.css HTTP/1.1" 404 1104
101.228.147.14 - - [25/Mar/2024:11:47:37 +0800] "GET /xingrg/all/function/internal_message.html?_=1711338455474&CODE_STATE=getMsg HTTP/1.1" 200 27
124.78.156.194 - - [25/Mar/2024:11:47:37 +0800] "POST /xingrg/kc/buy/cgsh_order_operate.html HTTP/1.1" 200 604
124.78.156.194 - - [25/Mar/2024:11:47:38 +0800] "GET /xingrg/all/function/internal_message.html?_=1711338459341&CODE_STATE=getMsg HTTP/1.1" 200 27
180.169.147.146 - - [25/Mar/2024:11:47:38 +0800] "GET /xingrg/all/function/internal_message.html?_=1711338452448&CODE_STATE=getMsg HTTP/1.1" 200 27
101.83.240.43 - - [25/Mar/2024:11:47:39 +0800] "GET /xingrg/all/function/internal_message.html?_=1711338458986&CODE_STATE=getMsg HTTP/1.1" 200 27
124.78.156.194 - - [25/Mar/2024:11:47:40 +0800] "GET /xingrg/kc/print/load_data.html?order_code=212024032507542&kc_code=cgsh&condition= HTTP/1.1" 200 693
222.69.133.65 - - [25/Mar/2024:11:47:40 +0800] "GET /xingrg/all/function/internal_message.html?_=1711338460823&CODE_STATE=getMsg HTTP/1.1" 200 27
222.70.183.82 - - [25/Mar/2024:11:47:42 +0800] "GET /xingrg/all/function/internal_message.html?_=1711338462713&CODE_STATE=getMsg HTTP/1.1" 200 27
124.78.156.194 - - [25/Mar/2024:11:47:46 +0800] "GET /xingrg/kc/buy/cgsh_order_add.html HTTP/1.1" 200 73649
124.78.156.194 - - [25/Mar/2024:11:47:46 +0800] "POST /xingrg/kc/buy/cgsh_order_operate.html HTTP/1.1" 200 8245
124.78.156.194 - - [25/Mar/2024:11:47:46 +0800] "GET /xingrg/javascript/easyui/themes/default/validatebox.css HTTP/1.1" 404 1104
124.78.156.194 - - [25/Mar/2024:11:47:48 +0800] "GET /xingrg/javascript/easyui/themes/default/tree.css HTTP/1.1" 404 1090
124.78.156.194 - - [25/Mar/2024:11:47:48 +0800] "POST /xingrg/all/common/load_tree.html?tree=supplier_tree_json&isDelete=1 HTTP/1.1" 200 78788
180.164.1.25 - - [25/Mar/2024:11:47:49 +0800] "GET /xingrg/all/function/internal_message.html?_=1711338469576&CODE_STATE=getMsg HTTP/1.1" 200 27
180.169.147.146 - - [25/Mar/2024:11:47:57 +0800] "GET /xingrg/check_reg.html?_=1711338476687 HTTP/1.1" 200 22
180.169.147.146 - - [25/Mar/2024:11:47:57 +0800] "GET /xingrg/all/function/internal_message.html?_=1711338476689&CODE_STATE=getMsg HTTP/1.1" 200 27
116.232.194.112 - - [25/Mar/2024:11:47:57 +0800] "POST /xingrg/services/DataTransmitService HTTP/1.1" 200 524
101.83.144.49 - - [25/Mar/2024:11:47:59 +0800] "GET /xingrg/all/function/internal_message.html?_=1711338240944&CODE_STATE=getMsg HTTP/1.1" 200 27
101.83.144.49 - - [25/Mar/2024:11:48:00 +0800] "GET /xingrg/check_reg.html?_=1711338241680 HTTP/1.1" 200 22
124.78.156.194 - - [25/Mar/2024:11:48:07 +0800] "GET /xingrg/kc/buy/cgsh_order_operate.html?command=get_materiel&rest_code=00106&code=00101006064&supplier_code=00100329&order_time=2024-03-25 HTTP/1.1" 200 441
120.253.135.82 - - [25/Mar/2024:11:48:10 +0800] "GET /xingrg/kc/pszx/mdqp_order_list.html?state=10 HTTP/1.1" 200 10319
120.253.135.82 - - [25/Mar/2024:11:48:10 +0800] "GET /xingrg/dwr/interface/AjaxQqpsService.js HTTP/1.1" 200 16326
120.253.135.82 - - [25/Mar/2024:11:48:10 +0800] "GET /xingrg/dwr/engine.js HTTP/1.1" 200 43631
120.253.135.82 - - [25/Mar/2024:11:48:10 +0800] "GET /xingrg/dwr/interface/AjaxReportQueryService.js HTTP/1.1" 200 13203
120.253.135.82 - - [25/Mar/2024:11:48:12 +0800] "GET /xingrg/check_reg.html?_=1711338333284 HTTP/1.1" 200 22
120.253.135.82 - - [25/Mar/2024:11:48:12 +0800] "GET /xingrg/kc/buy/cgsh_order_list.html HTTP/1.1" 200 57880
180.163.30.27 - - [25/Mar/2024:11:48:13 +0800] "GET /xingrg/all/function/internal_message.html?_=1711338270423&CODE_STATE=getMsg HTTP/1.1" 302 -
180.163.30.27 - - [25/Mar/2024:11:48:13 +0800] "GET /xingrg/login.html HTTP/1.1" 200 7641
124.79.241.4 - - [25/Mar/2024:11:48:14 +0800] "GET /xingrg/all/function/internal_message.html?_=1711338518321&CODE_STATE=getMsg HTTP/1.1" 200 27
120.253.135.82 - - [25/Mar/2024:11:48:15 +0800] "POST /xingrg/kc/buy/cgsh_list_operate.html HTTP/1.1" 200 645
124.78.60.103 - - [25/Mar/2024:11:48:16 +0800] "GET /xingrg/all/function/internal_message.html?_=1711338496359&CODE_STATE=getMsg HTTP/1.1" 200 27
116.224.254.208 - - [25/Mar/2024:11:48:16 +0800] "GET /xingrg/all/function/internal_message.html?_=1711338496697&CODE_STATE=getMsg HTTP/1.1" 200 27
116.235.245.40 - - [25/Mar/2024:11:48:17 +0800] "GET /xingrg/all/function/internal_message.html?_=1711338499834&CODE_STATE=getMsg HTTP/1.1" 200 27
124.78.156.194 - - [25/Mar/2024:11:48:19 +0800] "GET /xingrg/all/function/internal_message.html?_=1711338500171&CODE_STATE=getMsg HTTP/1.1" 200 27
101.83.144.49 - - [25/Mar/2024:11:48:20 +0800] "GET /xingrg/all/function/internal_message.html?_=1711338500993&CODE_STATE=getMsg HTTP/1.1" 200 27
114.85.113.46 - - [25/Mar/2024:11:48:21 +0800] "GET /xingrg/all/function/internal_message.html?_=1711338500556&CODE_STATE=getMsg HTTP/1.1" 200 27
120.253.135.82 - - [25/Mar/2024:11:48:21 +0800] "GET /xingrg/kc/buy/cgsh_order_add.html HTTP/1.1" 200 72719
120.253.135.82 - - [25/Mar/2024:11:48:22 +0800] "POST /xingrg/kc/buy/cgsh_order_operate.html HTTP/1.1" 200 8245
120.253.135.82 - - [25/Mar/2024:11:48:22 +0800] "GET /xingrg/javascript/easyui/themes/default/validatebox.css HTTP/1.1" 404 1104
124.78.156.194 - - [25/Mar/2024:11:48:22 +0800] "POST /xingrg/kc/buy/cgsh_order_operate.html HTTP/1.1" 200 37
124.78.156.194 - - [25/Mar/2024:11:48:29 +0800] "POST /xingrg/kc/buy/cgsh_order_operate.html HTTP/1.1" 200 12
124.78.156.194 - - [25/Mar/2024:11:48:31 +0800] "GET /xingrg/all/function/internal_message.html?_=1711338510319&CODE_STATE=getMsg HTTP/1.1" 200 27
124.79.241.4 - - [25/Mar/2024:11:48:31 +0800] "GET /xingrg/all/function/internal_message.html?_=1711338509643&CODE_STATE=getMsg HTTP/1.1" 200 27
124.78.156.194 - - [25/Mar/2024:11:48:31 +0800] "GET /xingrg/kc/buy/cgsh_order_info.html?code=212024032507543 HTTP/1.1" 200 68562
124.78.156.194 - - [25/Mar/2024:11:48:31 +0800] "GET /xingrg/javascript/easyui/themes/default/validatebox.css HTTP/1.1" 404 1104
124.78.156.194 - - [25/Mar/2024:11:48:32 +0800] "POST /xingrg/kc/buy/cgsh_order_operate.html HTTP/1.1" 200 616
222.70.115.1 - - [25/Mar/2024:11:48:33 +0800] "GET /xingrg/all/function/internal_message.html?_=1711338518606&CODE_STATE=getMsg HTTP/1.1" 200 27
124.78.156.194 - - [25/Mar/2024:11:48:36 +0800] "GET /xingrg/kc/print/load_data.html?order_code=212024032507543&kc_code=cgsh&condition= HTTP/1.1" 200 714
120.253.135.82 - - [25/Mar/2024:11:48:36 +0800] "POST /xingrg/all/common/load_combo.html?type=employee HTTP/1.1" 200 1834
124.78.156.194 - - [25/Mar/2024:11:48:37 +0800] "GET /xingrg/check_reg.html?_=1711338518215 HTTP/1.1" 200 22
114.85.113.46 - - [25/Mar/2024:11:48:37 +0800] "GET /xingrg/check_reg.html?_=1711338516638 HTTP/1.1" 200 22
101.228.147.14 - - [25/Mar/2024:11:48:37 +0800] "GET /xingrg/all/function/internal_message.html?_=1711338515474&CODE_STATE=getMsg HTTP/1.1" 200 27
101.228.147.14 - - [25/Mar/2024:11:48:37 +0800] "GET /xingrg/check_reg.html?_=1711338515476 HTTP/1.1" 200 22
124.78.156.194 - - [25/Mar/2024:11:48:38 +0800] "GET /xingrg/all/function/internal_message.html?_=1711338519356&CODE_STATE=getMsg HTTP/1.1" 200 27
180.169.147.146 - - [25/Mar/2024:11:48:38 +0800] "GET /xingrg/all/function/internal_message.html?_=1711338512432&CODE_STATE=getMsg HTTP/1.1" 200 27
101.83.240.43 - - [25/Mar/2024:11:48:39 +0800] "GET /xingrg/all/function/internal_message.html?_=1711338518956&CODE_STATE=getMsg HTTP/1.1" 200 27
222.69.133.65 - - [25/Mar/2024:11:48:40 +0800] "GET /xingrg/all/function/internal_message.html?_=1711338520827&CODE_STATE=getMsg HTTP/1.1" 200 27
124.78.156.194 - - [25/Mar/2024:11:48:41 +0800] "GET /xingrg/kc/buy/cgsh_order_add.html HTTP/1.1" 200 73649
124.78.156.194 - - [25/Mar/2024:11:48:42 +0800] "POST /xingrg/kc/buy/cgsh_order_operate.html HTTP/1.1" 200 8245
124.78.156.194 - - [25/Mar/2024:11:48:42 +0800] "GET /xingrg/javascript/easyui/themes/default/validatebox.css HTTP/1.1" 404 1104
222.70.183.82 - - [25/Mar/2024:11:48:42 +0800] "GET /xingrg/all/function/internal_message.html?_=1711338522698&CODE_STATE=getMsg HTTP/1.1" 200 27
124.78.156.194 - - [25/Mar/2024:11:48:43 +0800] "GET /xingrg/javascript/easyui/themes/default/tree.css HTTP/1.1" 404 1090
124.78.156.194 - - [25/Mar/2024:11:48:44 +0800] "POST /xingrg/all/common/load_tree.html?tree=supplier_tree_json&isDelete=1 HTTP/1.1" 200 78788
101.83.240.43 - - [25/Mar/2024:11:48:49 +0800] "GET /xingrg/kc/buy/cgsh_order_add.html HTTP/1.1" 200 73743
101.83.240.43 - - [25/Mar/2024:11:48:49 +0800] "POST /xingrg/kc/buy/cgsh_order_operate.html HTTP/1.1" 200 8245
101.83.240.43 - - [25/Mar/2024:11:48:49 +0800] "GET /xingrg/javascript/easyui/themes/default/validatebox.css HTTP/1.1" 404 1104
180.164.1.25 - - [25/Mar/2024:11:48:49 +0800] "GET /xingrg/all/function/internal_message.html?_=1711338529577&CODE_STATE=getMsg HTTP/1.1" 200 27
120.253.135.82 - - [25/Mar/2024:11:48:53 +0800] "GET /xingrg/kc/buy/cgsh_order_operate.html?command=get_materiel&rest_code=00101&code=00101023018&supplier_code=00100622&order_time=2024-03-25 HTTP/1.1" 200 415
101.83.240.43 - - [25/Mar/2024:11:48:53 +0800] "GET /xingrg/kc/mdqp/qqps_order_list.html HTTP/1.1" 200 9222
101.83.240.43 - - [25/Mar/2024:11:48:53 +0800] "GET /xingrg/dwr/interface/AjaxQqpsService.js HTTP/1.1" 200 16326
101.83.240.43 - - [25/Mar/2024:11:48:53 +0800] "GET /xingrg/dwr/interface/AjaxReportQueryService.js HTTP/1.1" 200 13203
101.83.240.43 - - [25/Mar/2024:11:48:53 +0800] "GET /xingrg/dwr/engine.js HTTP/1.1" 200 43631
101.83.240.43 - - [25/Mar/2024:11:48:54 +0800] "GET /xingrg/javascript/jquery_easy_ui/themes/icons/uncheck_new.png HTTP/1.1" 200 3197
180.169.147.146 - - [25/Mar/2024:11:48:57 +0800] "GET /xingrg/all/function/internal_message.html?_=1711338536680&CODE_STATE=getMsg HTTP/1.1" 200 27
101.83.144.49 - - [25/Mar/2024:11:48:59 +0800] "GET /xingrg/all/function/internal_message.html?_=1711338300915&CODE_STATE=getMsg HTTP/1.1" 200 27
124.78.156.194 - - [25/Mar/2024:11:49:00 +0800] "GET /xingrg/kc/buy/cgsh_order_operate.html?command=get_materiel&rest_code=00106&code=00101006026&supplier_code=00100323&order_time=2024-03-25 HTTP/1.1" 200 409
101.83.240.43 - - [25/Mar/2024:11:49:04 +0800] "GET /xingrg/kc/mdqp/qqps_order_add.html HTTP/1.1" 200 28317
101.83.240.43 - - [25/Mar/2024:11:49:04 +0800] "GET /xingrg/javascript/tools/jquery.qtip-1.0.0-rc3.min.js HTTP/1.1" 200 38404
101.83.240.43 - - [25/Mar/2024:11:49:04 +0800] "GET /xingrg/dwr/interface/AjaxComOrderService.js HTTP/1.1" 200 18264
101.83.240.43 - - [25/Mar/2024:11:49:04 +0800] "GET /xingrg/dwr/interface/AjaxQqpsService.js HTTP/1.1" 200 16326
101.83.240.43 - - [25/Mar/2024:11:49:04 +0800] "GET /xingrg/dwr/engine.js HTTP/1.1" 200 43631
101.83.240.43 - - [25/Mar/2024:11:49:04 +0800] "GET /xingrg/javascript/jquery_easy_ui/themes/icons/template_new.png HTTP/1.1" 200 3956
101.83.240.43 - - [25/Mar/2024:11:49:04 +0800] "GET /xingrg/javascript/jquery_easy_ui/themes/icons/copy_new.png HTTP/1.1" 200 815
101.83.240.43 - - [25/Mar/2024:11:49:04 +0800] "GET /xingrg/javascript/jquery_easy_ui/themes/default/images/combo_arrow_dot.gif HTTP/1.1" 200 79
101.83.144.49 - - [25/Mar/2024:11:49:05 +0800] "POST /xingrg/kc/base/wldb_order_operate.html HTTP/1.1" 200 37
101.83.144.49 - - [25/Mar/2024:11:49:05 +0800] "POST /xingrg/kc/base/wldb_order_operate.html HTTP/1.1" 200 5532
101.83.144.49 - - [25/Mar/2024:11:49:07 +0800] "GET /xingrg/kc/base/wldb_order_info.html?code=422024032501798 HTTP/1.1" 200 30401
101.83.144.49 - - [25/Mar/2024:11:49:08 +0800] "GET /xingrg/javascript/easyui/themes/default/validatebox.css HTTP/1.1" 404 1104
101.83.144.49 - - [25/Mar/2024:11:49:08 +0800] "POST /xingrg/kc/base/wldb_order_operate.html HTTP/1.1" 200 5532
101.83.144.49 - - [25/Mar/2024:11:49:11 +0800] "GET /xingrg/kc/print/load_data.html?order_code=422024032501798&kc_code=wldb&condition= HTTP/1.1" 200 1503
120.253.135.82 - - [25/Mar/2024:11:49:12 +0800] "GET /xingrg/kc/buy/cgsh_order_operate.html?command=get_materiel&rest_code=00101&code=00101030019&supplier_code=00100622&order_time=2024-03-25 HTTP/1.1" 200 414
180.164.1.25 - - [25/Mar/2024:11:49:13 +0800] "GET /xingrg/check_reg.html?_=1711338553216 HTTP/1.1" 200 22
101.83.240.43 - - [25/Mar/2024:11:49:13 +0800] "POST /xingrg/dwr/call/plaincall/AjaxQqpsService.saveOrder.dwr HTTP/1.1" 200 78
180.171.58.249 - - [25/Mar/2024:11:49:13 +0800] "GET /xingrg/check_reg.html?_=1711338554579 HTTP/1.1" 302 -
124.79.241.4 - - [25/Mar/2024:11:49:14 +0800] "GET /xingrg/all/function/internal_message.html?_=1711338578319&CODE_STATE=getMsg HTTP/1.1" 200 27
124.78.60.103 - - [25/Mar/2024:11:49:16 +0800] "GET /xingrg/all/function/internal_message.html?_=1711338556350&CODE_STATE=getMsg HTTP/1.1" 200 27
116.224.254.208 - - [25/Mar/2024:11:49:16 +0800] "GET /xingrg/all/function/internal_message.html?_=1711338556709&CODE_STATE=getMsg HTTP/1.1" 200 27
101.83.240.43 - - [25/Mar/2024:11:49:16 +0800] "POST /xingrg/dwr/call/plaincall/AjaxQqpsService.getMaterielByCode.dwr HTTP/1.1" 200 2745
116.235.245.40 - - [25/Mar/2024:11:49:18 +0800] "GET /xingrg/all/function/internal_message.html?_=1711338560222&CODE_STATE=getMsg HTTP/1.1" 200 27
124.78.156.194 - - [25/Mar/2024:11:49:19 +0800] "GET /xingrg/all/function/internal_message.html?_=1711338560171&CODE_STATE=getMsg HTTP/1.1" 200 27
101.83.240.43 - - [25/Mar/2024:11:49:19 +0800] "POST /xingrg/dwr/call/plaincall/AjaxQqpsService.saveMaterielItem.dwr HTTP/1.1" 200 78
101.83.144.49 - - [25/Mar/2024:11:49:20 +0800] "GET /xingrg/all/function/internal_message.html?_=1711338560985&CODE_STATE=getMsg HTTP/1.1" 200 27
114.85.113.46 - - [25/Mar/2024:11:49:21 +0800] "GET /xingrg/all/function/internal_message.html?_=1711338560542&CODE_STATE=getMsg HTTP/1.1" 200 27
101.83.240.43 - - [25/Mar/2024:11:49:22 +0800] "POST /xingrg/dwr/call/plaincall/AjaxQqpsService.getMaterielByCode.dwr HTTP/1.1" 200 2806
124.78.156.194 - - [25/Mar/2024:11:49:22 +0800] "GET /xingrg/kc/buy/cgsh_order_operate.html?command=get_materiel&rest_code=00106&code=00101010193&supplier_code=00100323&order_time=2024-03-25 HTTP/1.1" 200 416
101.83.240.43 - - [25/Mar/2024:11:49:24 +0800] "POST /xingrg/dwr/call/plaincall/AjaxQqpsService.saveMaterielItem.dwr HTTP/1.1" 200 78
120.253.135.82 - - [25/Mar/2024:11:49:27 +0800] "GET /xingrg/kc/buy/cgsh_order_operate.html?command=get_materiel&rest_code=00101&code=00101030035&supplier_code=00100622&order_time=2024-03-25 HTTP/1.1" 200 415
101.83.240.43 - - [25/Mar/2024:11:49:28 +0800] "POST /xingrg/dwr/call/plaincall/AjaxQqpsService.checkOrder.dwr HTTP/1.1" 200 78
101.83.240.43 - - [25/Mar/2024:11:49:29 +0800] "GET /xingrg/kc/mdqp/qqps_order_info.html?code=302024032500337 HTTP/1.1" 200 26720
101.83.144.49 - - [25/Mar/2024:11:49:29 +0800] "GET /xingrg/kc/buy/buy_main.html HTTP/1.1" 200 12412
101.83.240.43 - - [25/Mar/2024:11:49:30 +0800] "GET /xingrg/dwr/interface/AjaxComOrderService.js HTTP/1.1" 200 18264
101.83.144.49 - - [25/Mar/2024:11:49:30 +0800] "GET /xingrg/css/new_ie.css HTTP/1.1" 404 1036
101.83.240.43 - - [25/Mar/2024:11:49:30 +0800] "GET /xingrg/dwr/interface/AjaxQqpsService.js HTTP/1.1" 200 16326
101.83.240.43 - - [25/Mar/2024:11:49:30 +0800] "GET /xingrg/dwr/engine.js HTTP/1.1" 200 43631
101.83.144.49 - - [25/Mar/2024:11:49:30 +0800] "GET /xingrg/images/yd/bt.gif HTTP/1.1" 404 1040
101.83.240.43 - - [25/Mar/2024:11:49:30 +0800] "POST /xingrg/dwr/call/plaincall/AjaxQqpsService.loadMaterielItems.dwr HTTP/1.1" 200 630
124.78.156.194 - - [25/Mar/2024:11:49:31 +0800] "GET /xingrg/all/function/internal_message.html?_=1711338570294&CODE_STATE=getMsg HTTP/1.1" 200 27
101.83.240.43 - - [25/Mar/2024:11:49:31 +0800] "GET /xingrg/images/yd/bt.gif HTTP/1.1" 404 1040
124.79.241.4 - - [25/Mar/2024:11:49:31 +0800] "GET /xingrg/all/function/internal_message.html?_=1711338569618&CODE_STATE=getMsg HTTP/1.1" 200 27
101.83.240.43 - - [25/Mar/2024:11:49:31 +0800] "GET /xingrg/images/yd/bt2.gif HTTP/1.1" 404 1042
124.78.156.194 - - [25/Mar/2024:11:49:31 +0800] "GET /xingrg/check_reg.html?_=1711338570751 HTTP/1.1" 200 22
101.83.144.49 - - [25/Mar/2024:11:49:32 +0800] "GET /xingrg/kc/buy/cgsh_order_list.html HTTP/1.1" 200 57880
101.83.240.43 - - [25/Mar/2024:11:49:33 +0800] "GET /xingrg/kc/mdqp/qqps_order_list.html?isBack=1 HTTP/1.1" 200 9677
101.83.240.43 - - [25/Mar/2024:11:49:33 +0800] "GET /xingrg/dwr/interface/AjaxQqpsService.js HTTP/1.1" 200 16326
101.83.240.43 - - [25/Mar/2024:11:49:33 +0800] "GET /xingrg/dwr/interface/AjaxReportQueryService.js HTTP/1.1" 200 13203
101.83.240.43 - - [25/Mar/2024:11:49:33 +0800] "GET /xingrg/dwr/engine.js HTTP/1.1" 200 43631
222.70.115.1 - - [25/Mar/2024:11:49:33 +0800] "GET /xingrg/all/function/internal_message.html?_=1711338578607&CODE_STATE=getMsg HTTP/1.1" 200 27
116.232.194.112 - - [25/Mar/2024:11:49:34 +0800] "POST /xingrg/services/DataTransmitService HTTP/1.1" 200 524
116.232.194.112 - - [25/Mar/2024:11:49:35 +0800] "POST /xingrg/services/DataTransmitService HTTP/1.1" 200 412
101.83.240.43 - - [25/Mar/2024:11:49:35 +0800] "GET /xingrg/kc/mdqp/qqps_order_add.html HTTP/1.1" 200 28317
101.83.240.43 - - [25/Mar/2024:11:49:35 +0800] "GET /xingrg/dwr/interface/AjaxComOrderService.js HTTP/1.1" 200 18264
101.83.240.43 - - [25/Mar/2024:11:49:35 +0800] "GET /xingrg/dwr/interface/AjaxQqpsService.js HTTP/1.1" 200 16326
101.83.240.43 - - [25/Mar/2024:11:49:35 +0800] "GET /xingrg/dwr/engine.js HTTP/1.1" 200 43631
101.228.147.14 - - [25/Mar/2024:11:49:37 +0800] "GET /xingrg/all/function/internal_message.html?_=1711338575476&CODE_STATE=getMsg HTTP/1.1" 200 27
124.78.156.194 - - [25/Mar/2024:11:49:38 +0800] "GET /xingrg/all/function/internal_message.html?_=1711338579330&CODE_STATE=getMsg HTTP/1.1" 200 27
180.169.147.146 - - [25/Mar/2024:11:49:38 +0800] "GET /xingrg/all/function/internal_message.html?_=1711338572416&CODE_STATE=getMsg HTTP/1.1" 200 27
101.83.240.43 - - [25/Mar/2024:11:49:39 +0800] "GET /xingrg/all/function/internal_message.html?_=1711338578935&CODE_STATE=getMsg HTTP/1.1" 200 27
