116.224.254.208 - - [25/Mar/2024:11:11:48 +0800] "GET /xingrg/all/function/internal_message.html?_=1711336308128&CODE_STATE=getMsg HTTP/1.1" 200 27
116.238.97.31 - - [25/Mar/2024:11:11:49 +0800] "GET /xingrg/check_reg.html?_=1711336310049 HTTP/1.1" 200 22
180.164.1.25 - - [25/Mar/2024:11:11:50 +0800] "GET /xingrg/all/function/internal_message.html?_=1711336310229&CODE_STATE=getMsg HTTP/1.1" 200 27
124.78.60.103 - - [25/Mar/2024:11:11:51 +0800] "GET /xingrg/all/function/internal_message.html?_=1711336311327&CODE_STATE=getMsg HTTP/1.1" 200 27
101.83.144.49 - - [25/Mar/2024:11:11:55 +0800] "POST /xingrg/kc/buy/cgsh_list_operate.html HTTP/1.1" 200 4051
101.83.144.49 - - [25/Mar/2024:11:12:00 +0800] "GET /xingrg/all/function/internal_message.html?_=1711336081736&CODE_STATE=getMsg HTTP/1.1" 200 27
124.78.60.103 - - [25/Mar/2024:11:12:05 +0800] "GET /xingrg/kc/buy/cgsh_order_operate.html?command=get_materiel&rest_code=00141&code=00101008355&supplier_code=00100008&order_time=2024-03-25 HTTP/1.1" 200 408
116.235.245.40 - - [25/Mar/2024:11:12:12 +0800] "GET /xingrg/all/function/internal_message.html?_=1711336334269&CODE_STATE=getMsg HTTP/1.1" 200 27
124.79.241.4 - - [25/Mar/2024:11:12:14 +0800] "POST /xingrg/services/DataTransmitService HTTP/1.1" 200 524
124.79.241.4 - - [25/Mar/2024:11:12:14 +0800] "GET /xingrg/all/function/internal_message.html?_=1711336358270&CODE_STATE=getMsg HTTP/1.1" 200 27
124.79.241.4 - - [25/Mar/2024:11:12:15 +0800] "POST /xingrg/services/DataTransmitService HTTP/1.1" 200 412
124.78.156.194 - - [25/Mar/2024:11:12:18 +0800] "GET /xingrg/all/function/internal_message.html?_=1711336340107&CODE_STATE=getMsg HTTP/1.1" 200 27
101.83.144.49 - - [25/Mar/2024:11:12:19 +0800] "GET /xingrg/all/function/internal_message.html?_=1711336340502&CODE_STATE=getMsg HTTP/1.1" 200 27
101.83.144.49 - - [25/Mar/2024:11:12:19 +0800] "GET /xingrg/check_reg.html?_=1711336340507 HTTP/1.1" 200 22
124.78.60.103 - - [25/Mar/2024:11:12:20 +0800] "GET /xingrg/kc/buy/cgsh_order_operate.html?command=get_materiel&rest_code=00141&code=00101008361&supplier_code=00100008&order_time=2024-03-25 HTTP/1.1" 200 408
114.85.113.46 - - [25/Mar/2024:11:12:21 +0800] "GET /xingrg/all/function/internal_message.html?_=1711336341198&CODE_STATE=getMsg HTTP/1.1" 200 27
124.78.60.103 - - [25/Mar/2024:11:12:24 +0800] "POST /xingrg/kc/buy/cgsh_order_operate.html HTTP/1.1" 200 2065
124.78.156.194 - - [25/Mar/2024:11:12:30 +0800] "GET /xingrg/all/function/internal_message.html?_=1711336349144&CODE_STATE=getMsg HTTP/1.1" 200 27
124.79.241.4 - - [25/Mar/2024:11:12:30 +0800] "GET /xingrg/all/function/internal_message.html?_=1711336349268&CODE_STATE=getMsg HTTP/1.1" 200 27
222.70.115.1 - - [25/Mar/2024:11:12:33 +0800] "GET /xingrg/all/function/internal_message.html?_=1711336358526&CODE_STATE=getMsg HTTP/1.1" 200 27
101.228.147.14 - - [25/Mar/2024:11:12:37 +0800] "GET /xingrg/all/function/internal_message.html?_=1711336355412&CODE_STATE=getMsg HTTP/1.1" 200 27
180.169.147.146 - - [25/Mar/2024:11:12:38 +0800] "GET /xingrg/all/function/internal_message.html?_=1711336353093&CODE_STATE=getMsg HTTP/1.1" 200 27
101.83.240.43 - - [25/Mar/2024:11:12:39 +0800] "GET /xingrg/all/function/internal_message.html?_=1711336359590&CODE_STATE=getMsg HTTP/1.1" 200 27
222.69.133.65 - - [25/Mar/2024:11:12:40 +0800] "GET /xingrg/all/function/internal_message.html?_=1711336361898&CODE_STATE=getMsg HTTP/1.1" 200 27
101.83.144.49 - - [25/Mar/2024:11:12:40 +0800] "POST /xingrg/kc/buy/cgsh_list_operate.html HTTP/1.1" 200 198
124.78.60.103 - - [25/Mar/2024:11:12:42 +0800] "GET /xingrg/kc/buy/cgsh_order_operate.html?command=get_materiel&rest_code=00141&code=00101008037&supplier_code=00100008&order_time=2024-03-25 HTTP/1.1" 200 413
222.70.183.82 - - [25/Mar/2024:11:12:43 +0800] "GET /xingrg/all/function/internal_message.html?_=1711336363313&CODE_STATE=getMsg HTTP/1.1" 200 27
101.83.144.49 - - [25/Mar/2024:11:12:43 +0800] "GET /xingrg/kc/buy/cgsh_order_info.html?code=212024032507483 HTTP/1.1" 200 73748
101.83.144.49 - - [25/Mar/2024:11:12:44 +0800] "GET /xingrg/javascript/easyui/themes/default/validatebox.css HTTP/1.1" 404 1104
101.83.240.43 - - [25/Mar/2024:11:12:44 +0800] "GET /xingrg/all/function/internal_message.html?_=1711336364058&CODE_STATE=getMsg HTTP/1.1" 200 27
101.83.144.49 - - [25/Mar/2024:11:12:45 +0800] "POST /xingrg/kc/buy/cgsh_order_operate.html HTTP/1.1" 200 2652
101.83.144.49 - - [25/Mar/2024:11:12:46 +0800] "GET /xingrg/javascript/jquery_easy_ui/themes/icons/rest.png HTTP/1.1" 304 -
101.83.144.49 - - [25/Mar/2024:11:12:46 +0800] "GET /xingrg/javascript/jquery_easy_ui/themes/icons/area.png HTTP/1.1" 304 -
116.224.254.208 - - [25/Mar/2024:11:12:48 +0800] "GET /xingrg/all/function/internal_message.html?_=1711336368139&CODE_STATE=getMsg HTTP/1.1" 200 27
180.164.1.25 - - [25/Mar/2024:11:12:50 +0800] "GET /xingrg/all/function/internal_message.html?_=1711336370205&CODE_STATE=getMsg HTTP/1.1" 200 27
124.78.60.103 - - [25/Mar/2024:11:12:51 +0800] "GET /xingrg/all/function/internal_message.html?_=1711336371286&CODE_STATE=getMsg HTTP/1.1" 200 27
124.78.60.103 - - [25/Mar/2024:11:12:55 +0800] "GET /xingrg/kc/buy/cgsh_order_operate.html?command=get_materiel&rest_code=00141&code=00101008213&supplier_code=00100008&order_time=2024-03-25 HTTP/1.1" 200 412
101.83.144.49 - - [25/Mar/2024:11:12:57 +0800] "GET /xingrg/kc/base/wldb_order_operate.html?command=get_materiel&rest_code=00105&base_code=0010514&code=00101008559 HTTP/1.1" 200 432
101.83.144.49 - - [25/Mar/2024:11:13:00 +0800] "GET /xingrg/all/function/internal_message.html?_=1711336141718&CODE_STATE=getMsg HTTP/1.1" 200 27
101.83.144.49 - - [25/Mar/2024:11:13:00 +0800] "GET /xingrg/check_reg.html?_=1711336141846 HTTP/1.1" 200 22
101.83.144.49 - - [25/Mar/2024:11:13:11 +0800] "POST /xingrg/kc/buy/cgsh_list_operate.html HTTP/1.1" 200 203
120.253.135.82 - - [25/Mar/2024:11:13:11 +0800] "GET /xingrg/check_reg.html?_=1711336233097 HTTP/1.1" 200 22
116.235.245.40 - - [25/Mar/2024:11:13:12 +0800] "GET /xingrg/all/function/internal_message.html?_=1711336394273&CODE_STATE=getMsg HTTP/1.1" 200 27
101.83.144.49 - - [25/Mar/2024:11:13:13 +0800] "GET /xingrg/kc/buy/cgsh_order_info.html?code=212024032507486 HTTP/1.1" 200 73738
101.83.144.49 - - [25/Mar/2024:11:13:13 +0800] "GET /xingrg/javascript/easyui/themes/default/validatebox.css HTTP/1.1" 404 1104
124.79.241.4 - - [25/Mar/2024:11:13:14 +0800] "GET /xingrg/all/function/internal_message.html?_=1711336418269&CODE_STATE=getMsg HTTP/1.1" 200 27
101.83.144.49 - - [25/Mar/2024:11:13:15 +0800] "POST /xingrg/kc/buy/cgsh_order_operate.html HTTP/1.1" 200 2665
124.78.60.103 - - [25/Mar/2024:11:13:17 +0800] "GET /xingrg/kc/buy/cgsh_order_operate.html?command=get_materiel&rest_code=00141&code=00101008272&supplier_code=00100008&order_time=2024-03-25 HTTP/1.1" 200 412
124.78.156.194 - - [25/Mar/2024:11:13:18 +0800] "GET /xingrg/all/function/internal_message.html?_=1711336400106&CODE_STATE=getMsg HTTP/1.1" 200 27
101.83.144.49 - - [25/Mar/2024:11:13:19 +0800] "GET /xingrg/all/function/internal_message.html?_=1711336400537&CODE_STATE=getMsg HTTP/1.1" 200 27
114.85.113.46 - - [25/Mar/2024:11:13:21 +0800] "GET /xingrg/all/function/internal_message.html?_=1711336401191&CODE_STATE=getMsg HTTP/1.1" 200 27
124.78.156.194 - - [25/Mar/2024:11:13:30 +0800] "GET /xingrg/all/function/internal_message.html?_=1711336409117&CODE_STATE=getMsg HTTP/1.1" 200 27
180.163.29.103 - - [25/Mar/2024:11:13:30 +0800] "GET /xingrg/all/function/internal_message.html?_=1711336349144&CODE_STATE=getMsg HTTP/1.1" 302 -
124.79.241.4 - - [25/Mar/2024:11:13:30 +0800] "GET /xingrg/all/function/internal_message.html?_=1711336409265&CODE_STATE=getMsg HTTP/1.1" 200 27
180.163.29.103 - - [25/Mar/2024:11:13:30 +0800] "GET /xingrg/login.html HTTP/1.1" 200 7641
222.70.115.1 - - [25/Mar/2024:11:13:33 +0800] "GET /xingrg/all/function/internal_message.html?_=1711336418526&CODE_STATE=getMsg HTTP/1.1" 200 27
101.228.147.14 - - [25/Mar/2024:11:13:37 +0800] "GET /xingrg/check_reg.html?_=1711336415413 HTTP/1.1" 200 22
101.228.147.14 - - [25/Mar/2024:11:13:37 +0800] "GET /xingrg/all/function/internal_message.html?_=1711336415415&CODE_STATE=getMsg HTTP/1.1" 200 27
114.85.113.46 - - [25/Mar/2024:11:13:37 +0800] "GET /xingrg/check_reg.html?_=1711336416724 HTTP/1.1" 200 22
180.164.1.25 - - [25/Mar/2024:11:13:38 +0800] "GET /favicon.ico HTTP/1.1" 404 -
180.169.147.146 - - [25/Mar/2024:11:13:38 +0800] "GET /xingrg/all/function/internal_message.html?_=1711336413077&CODE_STATE=getMsg HTTP/1.1" 200 27
101.83.240.43 - - [25/Mar/2024:11:13:39 +0800] "GET /xingrg/all/function/internal_message.html?_=1711336419575&CODE_STATE=getMsg HTTP/1.1" 200 27
222.69.133.65 - - [25/Mar/2024:11:13:40 +0800] "GET /xingrg/all/function/internal_message.html?_=1711336421905&CODE_STATE=getMsg HTTP/1.1" 200 27
222.70.183.82 - - [25/Mar/2024:11:13:43 +0800] "GET /xingrg/all/function/internal_message.html?_=1711336423298&CODE_STATE=getMsg HTTP/1.1" 200 27
101.83.240.43 - - [25/Mar/2024:11:13:44 +0800] "GET /xingrg/all/function/internal_message.html?_=1711336424054&CODE_STATE=getMsg HTTP/1.1" 200 27
116.224.254.208 - - [25/Mar/2024:11:13:48 +0800] "GET /xingrg/all/function/internal_message.html?_=1711336428137&CODE_STATE=getMsg HTTP/1.1" 200 27
180.164.1.25 - - [25/Mar/2024:11:13:50 +0800] "GET /xingrg/all/function/internal_message.html?_=1711336430183&CODE_STATE=getMsg HTTP/1.1" 200 27
124.78.60.103 - - [25/Mar/2024:11:13:51 +0800] "GET /xingrg/all/function/internal_message.html?_=1711336431282&CODE_STATE=getMsg HTTP/1.1" 200 27
101.83.144.49 - - [25/Mar/2024:11:14:00 +0800] "GET /xingrg/all/function/internal_message.html?_=1711336201692&CODE_STATE=getMsg HTTP/1.1" 200 27
101.83.144.49 - - [25/Mar/2024:11:14:03 +0800] "POST /xingrg/kc/buy/cgsh_list_operate.html HTTP/1.1" 200 4051
101.83.144.49 - - [25/Mar/2024:11:14:06 +0800] "POST /xingrg/kc/buy/cgsh_list_operate.html HTTP/1.1" 200 198
101.83.144.49 - - [25/Mar/2024:11:14:08 +0800] "GET /xingrg/kc/buy/cgsh_order_info.html?code=212024032507488 HTTP/1.1" 200 73748
101.83.144.49 - - [25/Mar/2024:11:14:09 +0800] "GET /xingrg/javascript/easyui/themes/default/validatebox.css HTTP/1.1" 404 1104
101.83.144.49 - - [25/Mar/2024:11:14:10 +0800] "POST /xingrg/kc/buy/cgsh_order_operate.html HTTP/1.1" 200 2656
116.235.245.40 - - [25/Mar/2024:11:14:12 +0800] "GET /xingrg/all/function/internal_message.html?_=1711336454548&CODE_STATE=getMsg HTTP/1.1" 200 27
180.164.1.25 - - [25/Mar/2024:11:14:13 +0800] "GET /xingrg/check_reg.html?_=1711336453344 HTTP/1.1" 200 22
180.171.58.249 - - [25/Mar/2024:11:14:14 +0800] "GET /xingrg/check_reg.html?_=1711336454725 HTTP/1.1" 302 -
124.79.241.4 - - [25/Mar/2024:11:14:14 +0800] "GET /xingrg/all/function/internal_message.html?_=1711336478277&CODE_STATE=getMsg HTTP/1.1" 200 27
124.78.156.194 - - [25/Mar/2024:11:14:18 +0800] "GET /xingrg/all/function/internal_message.html?_=1711336460097&CODE_STATE=getMsg HTTP/1.1" 200 27
101.83.144.49 - - [25/Mar/2024:11:14:19 +0800] "GET /xingrg/all/function/internal_message.html?_=1711336460490&CODE_STATE=getMsg HTTP/1.1" 200 27
101.83.144.49 - - [25/Mar/2024:11:14:20 +0800] "GET /xingrg/kc/base/wldb_order_operate.html?command=get_materiel&rest_code=00105&base_code=0010514&code=00101008735 HTTP/1.1" 200 453
114.85.113.46 - - [25/Mar/2024:11:14:21 +0800] "GET /xingrg/all/function/internal_message.html?_=1711336461174&CODE_STATE=getMsg HTTP/1.1" 200 27
101.83.144.49 - - [25/Mar/2024:11:14:23 +0800] "POST /xingrg/services/DataTransmitService HTTP/1.1" 200 524
101.83.144.49 - - [25/Mar/2024:11:14:24 +0800] "POST /xingrg/services/DataTransmitService HTTP/1.1" 200 412
124.78.156.194 - - [25/Mar/2024:11:14:30 +0800] "GET /xingrg/all/function/internal_message.html?_=1711336469101&CODE_STATE=getMsg HTTP/1.1" 200 27
124.79.241.4 - - [25/Mar/2024:11:14:30 +0800] "GET /xingrg/all/function/internal_message.html?_=1711336469265&CODE_STATE=getMsg HTTP/1.1" 200 27
124.78.156.194 - - [25/Mar/2024:11:14:31 +0800] "GET /xingrg/check_reg.html?_=1711336470686 HTTP/1.1" 200 22
222.70.115.1 - - [25/Mar/2024:11:14:33 +0800] "GET /xingrg/all/function/internal_message.html?_=1711336478528&CODE_STATE=getMsg HTTP/1.1" 200 27
101.228.147.14 - - [25/Mar/2024:11:14:37 +0800] "GET /xingrg/all/function/internal_message.html?_=1711336475415&CODE_STATE=getMsg HTTP/1.1" 200 27
180.169.147.146 - - [25/Mar/2024:11:14:38 +0800] "GET /xingrg/all/function/internal_message.html?_=1711336473059&CODE_STATE=getMsg HTTP/1.1" 200 27
101.83.240.43 - - [25/Mar/2024:11:14:39 +0800] "GET /xingrg/all/function/internal_message.html?_=1711336479545&CODE_STATE=getMsg HTTP/1.1" 200 27
101.83.144.49 - - [25/Mar/2024:11:14:40 +0800] "GET /xingrg/kc/base/wldb_order_operate.html?command=get_materiel&rest_code=00105&base_code=0010514&code=00101010339 HTTP/1.1" 200 458
222.69.133.65 - - [25/Mar/2024:11:14:40 +0800] "GET /xingrg/check_reg.html?_=1711336481910 HTTP/1.1" 200 22
222.69.133.65 - - [25/Mar/2024:11:14:40 +0800] "GET /xingrg/all/function/internal_message.html?_=1711336481916&CODE_STATE=getMsg HTTP/1.1" 200 27
222.70.183.82 - - [25/Mar/2024:11:14:43 +0800] "GET /xingrg/all/function/internal_message.html?_=1711336483283&CODE_STATE=getMsg HTTP/1.1" 200 27
101.83.240.43 - - [25/Mar/2024:11:14:44 +0800] "GET /xingrg/all/function/internal_message.html?_=1711336484068&CODE_STATE=getMsg HTTP/1.1" 200 27
116.224.254.208 - - [25/Mar/2024:11:14:48 +0800] "GET /xingrg/all/function/internal_message.html?_=1711336488124&CODE_STATE=getMsg HTTP/1.1" 200 27
180.164.1.25 - - [25/Mar/2024:11:14:50 +0800] "GET /xingrg/all/function/internal_message.html?_=1711336490162&CODE_STATE=getMsg HTTP/1.1" 200 27
124.78.60.103 - - [25/Mar/2024:11:14:51 +0800] "GET /xingrg/all/function/internal_message.html?_=1711336491242&CODE_STATE=getMsg HTTP/1.1" 200 27
116.224.254.208 - - [25/Mar/2024:11:14:51 +0800] "POST /xingrg/all/user/operate.html HTTP/1.1" 200 36
116.224.254.208 - - [25/Mar/2024:11:14:51 +0800] "GET /xingrg/index.html?sysBaseUrl=http%3A%2F%2F180.169.147.146%3A18081%2Fxingrg%2F&costTime=842×tamp=1711325725465 HTTP/1.1" 200 17179
116.224.254.208 - - [25/Mar/2024:11:14:51 +0800] "GET /xingrg/javascript/jquery_easy_ui/themes/default/easyui.css HTTP/1.1" 304 -
116.224.254.208 - - [25/Mar/2024:11:14:51 +0800] "GET /xingrg/javascript/jquery_easy_ui/themes/icon.css HTTP/1.1" 304 -
116.224.254.208 - - [25/Mar/2024:11:14:51 +0800] "GET /xingrg/css/form.css HTTP/1.1" 304 -
116.224.254.208 - - [25/Mar/2024:11:14:51 +0800] "GET /xingrg/javascript/jquery-1.4.2.min.js HTTP/1.1" 304 -
116.224.254.208 - - [25/Mar/2024:11:14:51 +0800] "GET /xingrg/javascript/jquery_easy_ui/jquery.easyui.min.js HTTP/1.1" 304 -
116.224.254.208 - - [25/Mar/2024:11:14:51 +0800] "GET /xingrg/javascript/jquery_easy_ui/easyui-lang-zh_CN.js HTTP/1.1" 304 -
116.224.254.208 - - [25/Mar/2024:11:14:51 +0800] "GET /xingrg/javascript/jquery.form.js HTTP/1.1" 304 -
116.224.254.208 - - [25/Mar/2024:11:14:51 +0800] "GET /xingrg/javascript/jquery.utils.js HTTP/1.1" 304 -
116.224.254.208 - - [25/Mar/2024:11:14:51 +0800] "GET /xingrg/javascript/jquery.timers.js HTTP/1.1" 304 -
116.224.254.208 - - [25/Mar/2024:11:14:51 +0800] "GET /xingrg/images/blue/jxLogo.png HTTP/1.1" 304 -
116.224.254.208 - - [25/Mar/2024:11:14:51 +0800] "GET /xingrg/images/blue/navBackgound.jpg HTTP/1.1" 304 -
116.224.254.208 - - [25/Mar/2024:11:14:51 +0800] "GET /xingrg/javascript/jquery_easy_ui/themes/icons/settle_new.png HTTP/1.1" 304 -
116.224.254.208 - - [25/Mar/2024:11:14:51 +0800] "GET /xingrg/all/function/internal_message.html?_=1711336491850&CODE_STATE=count HTTP/1.1" 200 11
116.224.254.208 - - [25/Mar/2024:11:14:51 +0800] "GET /xingrg/javascript/jquery_easy_ui/themes/default/images/panel_tool_collapse.gif HTTP/1.1" 304 -
116.224.254.208 - - [25/Mar/2024:11:14:51 +0800] "GET /xingrg/check_reg.html?_=1711336491851 HTTP/1.1" 200 22
116.224.254.208 - - [25/Mar/2024:11:14:51 +0800] "GET /xingrg/javascript/jquery_easy_ui/themes/default/images/tabs_rightarrow.png HTTP/1.1" 304 -
116.224.254.208 - - [25/Mar/2024:11:14:51 +0800] "GET /xingrg/javascript/jquery_easy_ui/themes/default/images/tabs_leftarrow.png HTTP/1.1" 304 -
116.224.254.208 - - [25/Mar/2024:11:14:51 +0800] "GET /xingrg/images/blue/pingpu.png HTTP/1.1" 304 -
116.224.254.208 - - [25/Mar/2024:11:14:52 +0800] "POST /xingrg/all/common/load_tree.html?tree=area_rest_tree_json&manage=1 HTTP/1.1" 200 476
116.224.254.208 - - [25/Mar/2024:11:14:52 +0800] "POST /xingrg/load_menu.html HTTP/1.1" 200 5138
101.83.144.49 - - [25/Mar/2024:11:15:00 +0800] "GET /xingrg/all/function/internal_message.html?_=1711336261664&CODE_STATE=getMsg HTTP/1.1" 200 27
101.83.144.49 - - [25/Mar/2024:11:15:00 +0800] "POST /xingrg/kc/buy/cgsh_list_operate.html HTTP/1.1" 200 4051
180.163.29.217 - - [25/Mar/2024:11:15:00 +0800] "GET /xingrg/all/function/internal_message.html?_=1711336409117&CODE_STATE=getMsg HTTP/1.1" 302 -
180.163.29.217 - - [25/Mar/2024:11:15:00 +0800] "GET /xingrg/login.html HTTP/1.1" 200 7641
116.224.254.208 - - [25/Mar/2024:11:15:00 +0800] "GET /xingrg/kc/buy/cgsh_order_list.html HTTP/1.1" 200 57886
116.224.254.208 - - [25/Mar/2024:11:15:03 +0800] "POST /xingrg/kc/buy/cgsh_list_operate.html HTTP/1.1" 200 645
116.235.245.40 - - [25/Mar/2024:11:15:03 +0800] "GET /xingrg/check_reg.html?_=1711336505519 HTTP/1.1" 200 22
116.224.254.208 - - [25/Mar/2024:11:15:04 +0800] "GET /xingrg/kc/buy/cgsh_order_add.html HTTP/1.1" 200 73711
116.224.254.208 - - [25/Mar/2024:11:15:04 +0800] "POST /xingrg/kc/buy/cgsh_order_operate.html HTTP/1.1" 200 8245
116.224.254.208 - - [25/Mar/2024:11:15:04 +0800] "GET /xingrg/javascript/easyui/themes/default/validatebox.css HTTP/1.1" 404 1104
116.224.254.208 - - [25/Mar/2024:11:15:06 +0800] "GET /xingrg/javascript/auto/indicator.gif HTTP/1.1" 404 1066
116.235.245.40 - - [25/Mar/2024:11:15:12 +0800] "GET /xingrg/all/function/internal_message.html?_=1711336514550&CODE_STATE=getMsg HTTP/1.1" 200 27
124.78.60.103 - - [25/Mar/2024:11:15:13 +0800] "GET /xingrg/login.html HTTP/1.1" 200 7641
124.78.60.103 - - [25/Mar/2024:11:15:13 +0800] "GET /favicon.ico HTTP/1.1" 404 -
124.79.241.4 - - [25/Mar/2024:11:15:14 +0800] "GET /xingrg/check_reg.html?_=1711336538276 HTTP/1.1" 200 22
124.79.241.4 - - [25/Mar/2024:11:15:14 +0800] "GET /xingrg/all/function/internal_message.html?_=1711336538277&CODE_STATE=getMsg HTTP/1.1" 200 27
116.224.254.208 - - [25/Mar/2024:11:15:15 +0800] "GET /xingrg/kc/buy/cgsh_order_operate.html?command=get_materiel&rest_code=00150&code=00101004034&supplier_code=00100545&order_time=2024-03-25 HTTP/1.1" 200 416
124.78.60.103 - - [25/Mar/2024:11:15:15 +0800] "POST /xingrg/login.do HTTP/1.1" 302 -
124.78.60.103 - - [25/Mar/2024:11:15:16 +0800] "GET /xingrg/index.html?sysBaseUrl=http%3A%2F%2F180.169.147.146%3A18081%2Fxingrg%2F&costTime=834×tamp=1711336515954 HTTP/1.1" 200 17179
124.78.60.103 - - [25/Mar/2024:11:15:16 +0800] "GET /favicon.ico HTTP/1.1" 404 -
124.78.60.103 - - [25/Mar/2024:11:15:16 +0800] "POST /xingrg/all/common/load_tree.html?tree=area_rest_tree_json&manage=1 HTTP/1.1" 200 351
124.78.60.103 - - [25/Mar/2024:11:15:16 +0800] "GET /xingrg/all/function/internal_message.html?_=1711336516348&CODE_STATE=count HTTP/1.1" 200 11
124.78.60.103 - - [25/Mar/2024:11:15:16 +0800] "GET /xingrg/check_reg.html?_=1711336516349 HTTP/1.1" 200 22
124.78.60.103 - - [25/Mar/2024:11:15:16 +0800] "POST /xingrg/load_menu.html HTTP/1.1" 200 5138
124.78.60.103 - - [25/Mar/2024:11:15:18 +0800] "GET /xingrg/css/new_ie.css HTTP/1.1" 404 1036
124.78.156.194 - - [25/Mar/2024:11:15:18 +0800] "GET /xingrg/all/function/internal_message.html?_=1711336520097&CODE_STATE=getMsg HTTP/1.1" 200 27
124.78.156.194 - - [25/Mar/2024:11:15:18 +0800] "GET /xingrg/check_reg.html?_=1711336520103 HTTP/1.1" 200 22
101.83.144.49 - - [25/Mar/2024:11:15:19 +0800] "GET /xingrg/all/function/internal_message.html?_=1711336520540&CODE_STATE=getMsg HTTP/1.1" 200 27
124.78.60.103 - - [25/Mar/2024:11:15:19 +0800] "GET /xingrg/images/yd/bt.gif HTTP/1.1" 404 1040
101.83.144.49 - - [25/Mar/2024:11:15:20 +0800] "POST /xingrg/kc/buy/cgsh_list_operate.html HTTP/1.1" 200 200
114.85.113.46 - - [25/Mar/2024:11:15:21 +0800] "GET /xingrg/all/function/internal_message.html?_=1711336521163&CODE_STATE=getMsg HTTP/1.1" 200 27
101.83.144.49 - - [25/Mar/2024:11:15:23 +0800] "GET /xingrg/kc/buy/cgsh_order_info.html?code=212024032507490 HTTP/1.1" 200 73750
101.83.144.49 - - [25/Mar/2024:11:15:23 +0800] "GET /xingrg/javascript/easyui/themes/default/validatebox.css HTTP/1.1" 404 1104
124.78.60.103 - - [25/Mar/2024:11:15:24 +0800] "POST /xingrg/kc/buy/cgsh_list_operate.html HTTP/1.1" 200 1387
101.83.144.49 - - [25/Mar/2024:11:15:24 +0800] "POST /xingrg/kc/buy/cgsh_order_operate.html HTTP/1.1" 200 2660
124.78.60.103 - - [25/Mar/2024:11:15:27 +0800] "POST /xingrg/kc/buy/cgsh_list_operate.html HTTP/1.1" 200 560
124.78.60.103 - - [25/Mar/2024:11:15:28 +0800] "GET /xingrg/kc/buy/cgsh_order_info.html?code=212024032507502 HTTP/1.1" 200 73664
124.78.60.103 - - [25/Mar/2024:11:15:29 +0800] "GET /xingrg/javascript/easyui/themes/default/validatebox.css HTTP/1.1" 404 1104
124.78.156.194 - - [25/Mar/2024:11:15:29 +0800] "GET /xingrg/all/function/internal_message.html?_=1711336529079&CODE_STATE=getMsg HTTP/1.1" 200 27
124.78.60.103 - - [25/Mar/2024:11:15:30 +0800] "POST /xingrg/kc/buy/cgsh_order_operate.html HTTP/1.1" 200 15667
180.163.28.180 - - [25/Mar/2024:11:15:30 +0800] "GET /xingrg/check_reg.html?_=1711336170683 HTTP/1.1" 302 -
180.163.28.180 - - [25/Mar/2024:11:15:30 +0800] "GET /xingrg/login.html HTTP/1.1" 200 7641
116.224.254.208 - - [25/Mar/2024:11:15:30 +0800] "GET /xingrg/kc/buy/cgsh_order_operate.html?command=get_materiel&rest_code=00150&code=00102026001&supplier_code=00100545&order_time=2024-03-25 HTTP/1.1" 200 409
124.79.241.4 - - [25/Mar/2024:11:15:30 +0800] "GET /xingrg/all/function/internal_message.html?_=1711336529271&CODE_STATE=getMsg HTTP/1.1" 200 27
124.79.241.4 - - [25/Mar/2024:11:15:30 +0800] "GET /xingrg/check_reg.html?_=1711336529268 HTTP/1.1" 200 22
180.163.29.219 - - [25/Mar/2024:11:15:31 +0800] "GET /xingrg/check_reg.html?_=1711336470686 HTTP/1.1" 302 -
180.163.29.219 - - [25/Mar/2024:11:15:31 +0800] "GET /xingrg/login.html HTTP/1.1" 200 7641
222.70.115.1 - - [25/Mar/2024:11:15:33 +0800] "GET /xingrg/all/function/internal_message.html?_=1711336538532&CODE_STATE=getMsg HTTP/1.1" 200 27
222.70.115.1 - - [25/Mar/2024:11:15:34 +0800] "GET /xingrg/check_reg.html?_=1711336538535 HTTP/1.1" 200 22
101.228.147.14 - - [25/Mar/2024:11:15:37 +0800] "GET /xingrg/all/function/internal_message.html?_=1711336535415&CODE_STATE=getMsg HTTP/1.1" 200 27
180.169.147.146 - - [25/Mar/2024:11:15:38 +0800] "GET /xingrg/all/function/internal_message.html?_=1711336533040&CODE_STATE=getMsg HTTP/1.1" 200 27
180.169.147.146 - - [25/Mar/2024:11:15:39 +0800] "GET /xingrg/check_reg.html?_=1711336533571 HTTP/1.1" 200 22
101.83.240.43 - - [25/Mar/2024:11:15:39 +0800] "GET /xingrg/all/function/internal_message.html?_=1711336539515&CODE_STATE=getMsg HTTP/1.1" 200 27
101.83.240.43 - - [25/Mar/2024:11:15:40 +0800] "GET /xingrg/check_reg.html?_=1711336540540 HTTP/1.1" 200 22
222.69.133.65 - - [25/Mar/2024:11:15:40 +0800] "GET /xingrg/all/function/internal_message.html?_=1711336541898&CODE_STATE=getMsg HTTP/1.1" 200 27
116.224.254.208 - - [25/Mar/2024:11:15:42 +0800] "POST /xingrg/kc/buy/cgsh_order_operate.html HTTP/1.1" 200 37
222.70.183.82 - - [25/Mar/2024:11:15:43 +0800] "GET /xingrg/all/function/internal_message.html?_=1711336543266&CODE_STATE=getMsg HTTP/1.1" 200 27
222.70.183.82 - - [25/Mar/2024:11:15:43 +0800] "GET /xingrg/check_reg.html?_=1711336543473 HTTP/1.1" 200 22
101.83.240.43 - - [25/Mar/2024:11:15:44 +0800] "GET /xingrg/all/function/internal_message.html?_=1711336544080&CODE_STATE=getMsg HTTP/1.1" 200 27
116.224.254.208 - - [25/Mar/2024:11:15:49 +0800] "POST /xingrg/kc/buy/cgsh_order_operate.html HTTP/1.1" 200 12
180.164.1.25 - - [25/Mar/2024:11:15:50 +0800] "GET /xingrg/all/function/internal_message.html?_=1711336550141&CODE_STATE=getMsg HTTP/1.1" 200 27
116.224.254.208 - - [25/Mar/2024:11:15:51 +0800] "GET /xingrg/all/function/internal_message.html?_=1711336551877&CODE_STATE=getMsg HTTP/1.1" 200 27
116.224.254.208 - - [25/Mar/2024:11:15:52 +0800] "GET /xingrg/kc/buy/cgsh_order_info.html?code=212024032507503 HTTP/1.1" 200 68616
116.224.254.208 - - [25/Mar/2024:11:15:52 +0800] "GET /xingrg/javascript/easyui/themes/default/validatebox.css HTTP/1.1" 404 1104
116.224.254.208 - - [25/Mar/2024:11:15:53 +0800] "POST /xingrg/kc/buy/cgsh_order_operate.html HTTP/1.1" 200 1204
116.224.254.208 - - [25/Mar/2024:11:15:55 +0800] "GET /xingrg/kc/print/load_data.html?order_code=212024032507503&kc_code=cgsh&condition= HTTP/1.1" 200 948
180.163.30.76 - - [25/Mar/2024:11:15:57 +0800] "GET /xingrg/all/function/internal_message.html?_=1711336469101&CODE_STATE=getMsg HTTP/1.1" 302 -
180.163.30.76 - - [25/Mar/2024:11:15:57 +0800] "GET /xingrg/login.html HTTP/1.1" 200 7641
101.83.144.49 - - [25/Mar/2024:11:16:00 +0800] "GET /xingrg/all/function/internal_message.html?_=1711336321637&CODE_STATE=getMsg HTTP/1.1" 200 27
116.224.254.208 - - [25/Mar/2024:11:16:02 +0800] "GET /xingrg/kc/buy/cgsh_order_add.html HTTP/1.1" 200 73711
116.224.254.208 - - [25/Mar/2024:11:16:03 +0800] "POST /xingrg/kc/buy/cgsh_order_operate.html HTTP/1.1" 200 8245
116.224.254.208 - - [25/Mar/2024:11:16:03 +0800] "GET /xingrg/javascript/easyui/themes/default/validatebox.css HTTP/1.1" 404 1104
116.235.245.40 - - [25/Mar/2024:11:16:12 +0800] "GET /xingrg/all/function/internal_message.html?_=1711336574564&CODE_STATE=getMsg HTTP/1.1" 200 27
120.253.135.82 - - [25/Mar/2024:11:16:13 +0800] "GET /xingrg/kc/pszx/mdqp_order_list.html?state=10 HTTP/1.1" 200 10319
120.253.135.82 - - [25/Mar/2024:11:16:13 +0800] "GET /xingrg/dwr/interface/AjaxQqpsService.js HTTP/1.1" 200 16326
120.253.135.82 - - [25/Mar/2024:11:16:13 +0800] "GET /xingrg/dwr/interface/AjaxReportQueryService.js HTTP/1.1" 200 13203
120.253.135.82 - - [25/Mar/2024:11:16:13 +0800] "GET /xingrg/dwr/engine.js HTTP/1.1" 200 43631
116.224.254.208 - - [25/Mar/2024:11:16:13 +0800] "GET /xingrg/kc/buy/cgsh_order_operate.html?command=get_materiel&rest_code=00150&code=00101003047&supplier_code=00100094&order_time=2024-03-25 HTTP/1.1" 200 424
124.79.241.4 - - [25/Mar/2024:11:16:14 +0800] "GET /xingrg/all/function/internal_message.html?_=1711336598275&CODE_STATE=getMsg HTTP/1.1" 200 27
124.78.60.103 - - [25/Mar/2024:11:16:16 +0800] "GET /xingrg/all/function/internal_message.html?_=1711336576366&CODE_STATE=getMsg HTTP/1.1" 200 27
120.253.135.82 - - [25/Mar/2024:11:16:16 +0800] "GET /xingrg/kc/pszx/mdps_order_list.html?orderType=0 HTTP/1.1" 200 21033
120.253.135.82 - - [25/Mar/2024:11:16:17 +0800] "POST /xingrg/kc/pszx/mdps_list_operate.html HTTP/1.1" 200 5151
124.78.156.194 - - [25/Mar/2024:11:16:18 +0800] "GET /xingrg/all/function/internal_message.html?_=1711336580104&CODE_STATE=getMsg HTTP/1.1" 200 27
101.83.144.49 - - [25/Mar/2024:11:16:19 +0800] "GET /xingrg/all/function/internal_message.html?_=1711336580493&CODE_STATE=getMsg HTTP/1.1" 200 27
114.85.113.46 - - [25/Mar/2024:11:16:21 +0800] "GET /xingrg/all/function/internal_message.html?_=1711336581136&CODE_STATE=getMsg HTTP/1.1" 200 27
120.253.135.82 - - [25/Mar/2024:11:16:22 +0800] "POST /xingrg/kc/pszx/mdps_list_operate.html HTTP/1.1" 200 3131
120.253.135.82 - - [25/Mar/2024:11:16:23 +0800] "POST /xingrg/kc/pszx/mdps_list_operate.html HTTP/1.1" 200 289
120.253.135.82 - - [25/Mar/2024:11:16:25 +0800] "POST /xingrg/kc/pszx/mdps_list_operate.html HTTP/1.1" 200 537
120.253.135.82 - - [25/Mar/2024:11:16:27 +0800] "GET /xingrg/kc/pszx/mdps_order_info.html?code=312024032500430 HTTP/1.1" 200 23972
120.253.135.82 - - [25/Mar/2024:11:16:28 +0800] "GET /xingrg/javascript/easyui/themes/default/validatebox.css HTTP/1.1" 404 1104
120.253.135.82 - - [25/Mar/2024:11:16:28 +0800] "POST /xingrg/kc/pszx/mdps_order_operate.html HTTP/1.1" 200 4295
116.224.254.208 - - [25/Mar/2024:11:16:29 +0800] "POST /xingrg/kc/buy/cgsh_order_operate.html HTTP/1.1" 200 37
124.78.156.194 - - [25/Mar/2024:11:16:29 +0800] "GET /xingrg/all/function/internal_message.html?_=1711336589067&CODE_STATE=getMsg HTTP/1.1" 200 27
124.79.241.4 - - [25/Mar/2024:11:16:30 +0800] "GET /xingrg/all/function/internal_message.html?_=1711336589271&CODE_STATE=getMsg HTTP/1.1" 200 27
222.70.115.1 - - [25/Mar/2024:11:16:33 +0800] "GET /xingrg/all/function/internal_message.html?_=1711336598534&CODE_STATE=getMsg HTTP/1.1" 200 27
120.253.135.82 - - [25/Mar/2024:11:16:35 +0800] "POST /xingrg/kc/pszx/mdps_list_operate.html HTTP/1.1" 200 205
116.224.254.208 - - [25/Mar/2024:11:16:36 +0800] "POST /xingrg/kc/buy/cgsh_order_operate.html HTTP/1.1" 200 12
101.228.147.14 - - [25/Mar/2024:11:16:37 +0800] "GET /xingrg/all/function/internal_message.html?_=1711336595402&CODE_STATE=getMsg HTTP/1.1" 200 27
101.83.144.49 - - [25/Mar/2024:11:16:37 +0800] "POST /xingrg/kc/buy/cgsh_list_operate.html HTTP/1.1" 200 4051
120.253.135.82 - - [25/Mar/2024:11:16:38 +0800] "POST /xingrg/kc/pszx/mdps_list_operate.html HTTP/1.1" 200 463
116.224.254.208 - - [25/Mar/2024:11:16:38 +0800] "GET /xingrg/kc/buy/cgsh_order_info.html?code=212024032507504 HTTP/1.1" 200 68624
101.83.144.49 - - [25/Mar/2024:11:16:38 +0800] "GET /xingrg/kc/base/wldb_order_operate.html?command=get_materiel&rest_code=00105&base_code=0010514&code=00101010348 HTTP/1.1" 200 451
180.169.147.146 - - [25/Mar/2024:11:16:38 +0800] "GET /xingrg/all/function/internal_message.html?_=1711336593021&CODE_STATE=getMsg HTTP/1.1" 200 27
116.224.254.208 - - [25/Mar/2024:11:16:39 +0800] "GET /xingrg/javascript/easyui/themes/default/validatebox.css HTTP/1.1" 404 1104
101.83.240.43 - - [25/Mar/2024:11:16:39 +0800] "GET /xingrg/all/function/internal_message.html?_=1711336599494&CODE_STATE=getMsg HTTP/1.1" 200 27
120.253.135.82 - - [25/Mar/2024:11:16:40 +0800] "GET /xingrg/kc/pszx/mdps_order_info.html?code=312024032500432 HTTP/1.1" 200 23972
116.224.254.208 - - [25/Mar/2024:11:16:40 +0800] "POST /xingrg/kc/buy/cgsh_order_operate.html HTTP/1.1" 200 620
120.253.135.82 - - [25/Mar/2024:11:16:40 +0800] "GET /xingrg/javascript/easyui/themes/default/validatebox.css HTTP/1.1" 404 1104
222.69.133.65 - - [25/Mar/2024:11:16:40 +0800] "GET /xingrg/all/function/internal_message.html?_=1711336601897&CODE_STATE=getMsg HTTP/1.1" 200 27
120.253.135.82 - - [25/Mar/2024:11:16:40 +0800] "POST /xingrg/kc/pszx/mdps_order_operate.html HTTP/1.1" 200 3803
116.224.254.208 - - [25/Mar/2024:11:16:42 +0800] "GET /xingrg/kc/print/load_data.html?order_code=212024032507504&kc_code=cgsh&condition= HTTP/1.1" 200 823
222.70.183.82 - - [25/Mar/2024:11:16:43 +0800] "GET /xingrg/all/function/internal_message.html?_=1711336603239&CODE_STATE=getMsg HTTP/1.1" 200 27
101.83.240.43 - - [25/Mar/2024:11:16:44 +0800] "GET /xingrg/check_reg.html?_=1711336604068 HTTP/1.1" 200 22
101.83.240.43 - - [25/Mar/2024:11:16:44 +0800] "GET /xingrg/all/function/internal_message.html?_=1711336604072&CODE_STATE=getMsg HTTP/1.1" 200 27
116.238.97.31 - - [25/Mar/2024:11:16:49 +0800] "GET /xingrg/check_reg.html?_=1711336610036 HTTP/1.1" 200 22
180.164.1.25 - - [25/Mar/2024:11:16:50 +0800] "GET /xingrg/all/function/internal_message.html?_=1711336610115&CODE_STATE=getMsg HTTP/1.1" 200 27
116.224.254.208 - - [25/Mar/2024:11:16:51 +0800] "GET /xingrg/kc/buy/cgsh_order_add.html HTTP/1.1" 200 73711
116.224.254.208 - - [25/Mar/2024:11:16:51 +0800] "POST /xingrg/kc/buy/cgsh_order_operate.html HTTP/1.1" 200 8245
116.224.254.208 - - [25/Mar/2024:11:16:51 +0800] "GET /xingrg/javascript/easyui/themes/default/validatebox.css HTTP/1.1" 404 1104
116.224.254.208 - - [25/Mar/2024:11:16:51 +0800] "GET /xingrg/all/function/internal_message.html?_=1711336611866&CODE_STATE=getMsg HTTP/1.1" 200 27
101.83.144.49 - - [25/Mar/2024:11:16:54 +0800] "GET /xingrg/kc/base/wldb_order_operate.html?command=get_materiel&rest_code=00105&base_code=0010514&code=00101010547 HTTP/1.1" 200 443
101.83.144.49 - - [25/Mar/2024:11:16:59 +0800] "GET /xingrg/all/function/internal_message.html?_=1711336381608&CODE_STATE=getMsg HTTP/1.1" 200 27
116.224.254.208 - - [25/Mar/2024:11:17:05 +0800] "GET /xingrg/kc/buy/cgsh_order_operate.html?command=get_materiel&rest_code=00150&code=00101003016&supplier_code=00100093&order_time=2024-03-25 HTTP/1.1" 200 420
116.235.245.40 - - [25/Mar/2024:11:17:13 +0800] "GET /xingrg/all/function/internal_message.html?_=1711336634890&CODE_STATE=getMsg HTTP/1.1" 200 27
120.253.135.82 - - [25/Mar/2024:11:17:13 +0800] "POST /xingrg/all/common/load_select.html HTTP/1.1" 200 25
124.79.241.4 - - [25/Mar/2024:11:17:14 +0800] "GET /xingrg/all/function/internal_message.html?_=1711336658273&CODE_STATE=getMsg HTTP/1.1" 200 27
101.83.144.49 - - [25/Mar/2024:11:17:15 +0800] "POST /xingrg/kc/buy/cgsh_list_operate.html HTTP/1.1" 200 2728
120.253.135.82 - - [25/Mar/2024:11:17:15 +0800] "GET /xingrg/kc/pszx/mdps_order_operate.html?command=get_materiel_price&pszx_code=00101&rest_code=00102&base_code=0010246&code=00101019448&unit_code=00100188&order_time=2024-03-26 HTTP/1.1" 200 48
124.78.60.103 - - [25/Mar/2024:11:17:16 +0800] "GET /xingrg/all/function/internal_message.html?_=1711336636358&CODE_STATE=getMsg HTTP/1.1" 200 27
124.78.156.194 - - [25/Mar/2024:11:17:18 +0800] "GET /xingrg/all/function/internal_message.html?_=1711336640105&CODE_STATE=getMsg HTTP/1.1" 200 27
101.83.144.49 - - [25/Mar/2024:11:17:19 +0800] "GET /xingrg/all/function/internal_message.html?_=1711336640496&CODE_STATE=getMsg HTTP/1.1" 200 27
101.83.144.49 - - [25/Mar/2024:11:17:19 +0800] "GET /xingrg/check_reg.html?_=1711336640500 HTTP/1.1" 200 22
116.224.254.208 - - [25/Mar/2024:11:17:20 +0800] "POST /xingrg/kc/buy/cgsh_order_operate.html HTTP/1.1" 200 37
114.85.113.46 - - [25/Mar/2024:11:17:21 +0800] "GET /xingrg/all/function/internal_message.html?_=1711336641123&CODE_STATE=getMsg HTTP/1.1" 200 27
101.83.144.49 - - [25/Mar/2024:11:17:24 +0800] "GET /xingrg/kc/base/wldb_order_operate.html?command=get_materiel&rest_code=00105&base_code=0010514&code=00101010719 HTTP/1.1" 200 428
124.78.156.194 - - [25/Mar/2024:11:17:29 +0800] "GET /xingrg/all/function/internal_message.html?_=1711336649039&CODE_STATE=getMsg HTTP/1.1" 200 27
124.79.241.4 - - [25/Mar/2024:11:17:30 +0800] "GET /xingrg/all/function/internal_message.html?_=1711336649266&CODE_STATE=getMsg HTTP/1.1" 200 27
101.83.144.49 - - [25/Mar/2024:11:17:33 +0800] "POST /xingrg/kc/buy/cgsh_list_operate.html HTTP/1.1" 200 197
222.70.115.1 - - [25/Mar/2024:11:17:34 +0800] "GET /xingrg/all/function/internal_message.html?_=1711336658535&CODE_STATE=getMsg HTTP/1.1" 200 27
101.83.144.49 - - [25/Mar/2024:11:17:35 +0800] "GET /xingrg/kc/buy/cgsh_order_info.html?code=212024032507494 HTTP/1.1" 200 73750
101.83.144.49 - - [25/Mar/2024:11:17:35 +0800] "GET /xingrg/javascript/easyui/themes/default/validatebox.css HTTP/1.1" 404 1104
101.83.144.49 - - [25/Mar/2024:11:17:36 +0800] "POST /xingrg/kc/buy/cgsh_order_operate.html HTTP/1.1" 200 2651
101.228.147.14 - - [25/Mar/2024:11:17:37 +0800] "GET /xingrg/all/function/internal_message.html?_=1711336655424&CODE_STATE=getMsg HTTP/1.1" 200 27
120.253.135.82 - - [25/Mar/2024:11:17:37 +0800] "POST /xingrg/kc/pszx/mdps_order_operate.html HTTP/1.1" 200 37
101.83.144.49 - - [25/Mar/2024:11:17:37 +0800] "GET /xingrg/kc/base/wldb_order_operate.html?command=get_materiel&rest_code=00105&base_code=0010514&code=00101010737 HTTP/1.1" 200 452
180.169.147.146 - - [25/Mar/2024:11:17:38 +0800] "GET /xingrg/all/function/internal_message.html?_=1711336653002&CODE_STATE=getMsg HTTP/1.1" 200 27
120.253.135.82 - - [25/Mar/2024:11:17:39 +0800] "GET /xingrg/kc/pszx/mdps_order_info.html?code=312024032500432 HTTP/1.1" 200 23972
101.83.240.43 - - [25/Mar/2024:11:17:39 +0800] "GET /xingrg/all/function/internal_message.html?_=1711336659467&CODE_STATE=getMsg HTTP/1.1" 200 27
120.253.135.82 - - [25/Mar/2024:11:17:40 +0800] "GET /xingrg/javascript/easyui/themes/default/validatebox.css HTTP/1.1" 404 1104
120.253.135.82 - - [25/Mar/2024:11:17:40 +0800] "POST /xingrg/kc/pszx/mdps_order_operate.html HTTP/1.1" 200 3805
222.69.133.65 - - [25/Mar/2024:11:17:40 +0800] "GET /xingrg/all/function/internal_message.html?_=1711336661907&CODE_STATE=getMsg HTTP/1.1" 200 27
222.70.183.82 - - [25/Mar/2024:11:17:43 +0800] "GET /xingrg/all/function/internal_message.html?_=1711336663222&CODE_STATE=getMsg HTTP/1.1" 200 27
101.83.240.43 - - [25/Mar/2024:11:17:44 +0800] "GET /xingrg/all/function/internal_message.html?_=1711336664058&CODE_STATE=getMsg HTTP/1.1" 200 27
120.253.135.82 - - [25/Mar/2024:11:17:46 +0800] "POST /xingrg/kc/pszx/mdps_list_operate.html HTTP/1.1" 200 3132
120.253.135.82 - - [25/Mar/2024:11:17:47 +0800] "POST /xingrg/kc/pszx/mdps_list_operate.html HTTP/1.1" 200 202
180.164.1.25 - - [25/Mar/2024:11:17:50 +0800] "GET /xingrg/all/function/internal_message.html?_=1711336670095&CODE_STATE=getMsg HTTP/1.1" 200 27
120.253.135.82 - - [25/Mar/2024:11:17:50 +0800] "GET /xingrg/kc/pszx/mdps_order_info.html?code=312024032500433 HTTP/1.1" 200 23972
120.253.135.82 - - [25/Mar/2024:11:17:51 +0800] "GET /xingrg/javascript/easyui/themes/default/validatebox.css HTTP/1.1" 404 1104
120.253.135.82 - - [25/Mar/2024:11:17:51 +0800] "POST /xingrg/kc/pszx/mdps_order_operate.html HTTP/1.1" 200 2279
101.83.144.49 - - [25/Mar/2024:11:17:51 +0800] "GET /xingrg/kc/base/wldb_order_operate.html?command=get_materiel&rest_code=00105&base_code=0010514&code=00101012010 HTTP/1.1" 200 429
120.253.135.82 - - [25/Mar/2024:11:17:54 +0800] "POST /xingrg/kc/pszx/mdps_list_operate.html HTTP/1.1" 200 3132
180.164.1.25 - - [25/Mar/2024:11:17:54 +0800] "GET /favicon.ico HTTP/1.1" 404 -
101.83.144.49 - - [25/Mar/2024:11:17:59 +0800] "GET /xingrg/all/function/internal_message.html?_=1711336441582&CODE_STATE=getMsg HTTP/1.1" 200 27
101.83.144.49 - - [25/Mar/2024:11:18:00 +0800] "GET /xingrg/check_reg.html?_=1711336441820 HTTP/1.1" 200 22
116.224.254.208 - - [25/Mar/2024:11:18:00 +0800] "POST /xingrg/kc/buy/cgsh_order_operate.html HTTP/1.1" 200 12
116.224.254.208 - - [25/Mar/2024:11:18:09 +0800] "GET /xingrg/kc/buy/cgsh_order_info.html?code=212024032507505 HTTP/1.1" 200 68626
116.224.254.208 - - [25/Mar/2024:11:18:09 +0800] "GET /xingrg/javascript/easyui/themes/default/validatebox.css HTTP/1.1" 404 1104
222.64.61.213 - - [25/Mar/2024:11:18:09 +0800] "POST /xingrg/services/DataTransmitService HTTP/1.1" 200 524
116.224.254.208 - - [25/Mar/2024:11:18:10 +0800] "POST /xingrg/kc/buy/cgsh_order_operate.html HTTP/1.1" 200 619
222.64.61.213 - - [25/Mar/2024:11:18:10 +0800] "POST /xingrg/services/DataTransmitService HTTP/1.1" 200 501
120.253.135.82 - - [25/Mar/2024:11:18:11 +0800] "GET /xingrg/check_reg.html?_=1711336533244 HTTP/1.1" 200 22
116.235.245.40 - - [25/Mar/2024:11:18:13 +0800] "GET /xingrg/all/function/internal_message.html?_=1711336694903&CODE_STATE=getMsg HTTP/1.1" 200 27
124.79.241.4 - - [25/Mar/2024:11:18:14 +0800] "GET /xingrg/all/function/internal_message.html?_=1711336718275&CODE_STATE=getMsg HTTP/1.1" 200 27
124.78.60.103 - - [25/Mar/2024:11:18:16 +0800] "GET /xingrg/all/function/internal_message.html?_=1711336696370&CODE_STATE=getMsg HTTP/1.1" 200 27
101.83.144.49 - - [25/Mar/2024:11:18:16 +0800] "GET /xingrg/kc/base/wldb_order_operate.html?command=get_materiel&rest_code=00105&base_code=0010514&code=00101013115 HTTP/1.1" 200 435
124.78.156.194 - - [25/Mar/2024:11:18:18 +0800] "GET /xingrg/all/function/internal_message.html?_=1711336700104&CODE_STATE=getMsg HTTP/1.1" 200 27
116.224.254.208 - - [25/Mar/2024:11:18:19 +0800] "GET /xingrg/kc/print/load_data.html?order_code=212024032507505&kc_code=cgsh&condition= HTTP/1.1" 200 801
101.83.144.49 - - [25/Mar/2024:11:18:19 +0800] "GET /xingrg/all/function/internal_message.html?_=1711336700490&CODE_STATE=getMsg HTTP/1.1" 200 27
114.85.113.46 - - [25/Mar/2024:11:18:21 +0800] "GET /xingrg/all/function/internal_message.html?_=1711336701108&CODE_STATE=getMsg HTTP/1.1" 200 27
101.83.144.49 - - [25/Mar/2024:11:18:28 +0800] "POST /xingrg/kc/buy/cgsh_list_operate.html HTTP/1.1" 200 2728
101.83.240.43 - - [25/Mar/2024:11:18:28 +0800] "GET /xingrg/kc/buy/cgsh_order_list.html HTTP/1.1" 200 57886
124.78.156.194 - - [25/Mar/2024:11:18:29 +0800] "GET /xingrg/all/function/internal_message.html?_=1711336709011&CODE_STATE=getMsg HTTP/1.1" 200 27
124.79.241.4 - - [25/Mar/2024:11:18:30 +0800] "GET /xingrg/all/function/internal_message.html?_=1711336709258&CODE_STATE=getMsg HTTP/1.1" 200 27
101.83.240.43 - - [25/Mar/2024:11:18:31 +0800] "POST /xingrg/kc/buy/cgsh_list_operate.html HTTP/1.1" 200 645
124.78.156.194 - - [25/Mar/2024:11:18:32 +0800] "GET /xingrg/login.html?r=1 HTTP/1.1" 200 7641
116.224.254.208 - - [25/Mar/2024:11:18:32 +0800] "GET /xingrg/kc/buy/cgsh_order_add.html HTTP/1.1" 200 73711
124.78.156.194 - - [25/Mar/2024:11:18:32 +0800] "GET /favicon.ico HTTP/1.1" 404 -
116.224.254.208 - - [25/Mar/2024:11:18:32 +0800] "POST /xingrg/kc/buy/cgsh_order_operate.html HTTP/1.1" 200 8245
116.224.254.208 - - [25/Mar/2024:11:18:32 +0800] "GET /xingrg/javascript/easyui/themes/default/validatebox.css HTTP/1.1" 404 1104
101.83.144.49 - - [25/Mar/2024:11:18:32 +0800] "POST /xingrg/kc/buy/cgsh_list_operate.html HTTP/1.1" 200 345
222.70.115.1 - - [25/Mar/2024:11:18:33 +0800] "GET /xingrg/all/function/internal_message.html?_=1711336718522&CODE_STATE=getMsg HTTP/1.1" 200 27
101.83.144.49 - - [25/Mar/2024:11:18:36 +0800] "GET /xingrg/kc/buy/cgsh_order_info.html?code=212024032507498 HTTP/1.1" 200 73750
124.78.156.194 - - [25/Mar/2024:11:18:36 +0800] "POST /xingrg/login.do HTTP/1.1" 302 -
101.83.144.49 - - [25/Mar/2024:11:18:36 +0800] "GET /xingrg/javascript/easyui/themes/default/validatebox.css HTTP/1.1" 404 1104
124.78.156.194 - - [25/Mar/2024:11:18:36 +0800] "GET /xingrg/index.html?sysBaseUrl=http%3A%2F%2F180.169.147.146%3A18081%2Fxingrg%2F&costTime=1624×tamp=1711336716596 HTTP/1.1" 200 17173
124.78.156.194 - - [25/Mar/2024:11:18:36 +0800] "GET /favicon.ico HTTP/1.1" 404 -
124.78.156.194 - - [25/Mar/2024:11:18:36 +0800] "GET /xingrg/all/function/internal_message.html?_=1711336718117&CODE_STATE=count HTTP/1.1" 200 11
124.78.156.194 - - [25/Mar/2024:11:18:36 +0800] "GET /xingrg/check_reg.html?_=1711336718119 HTTP/1.1" 200 22
124.78.156.194 - - [25/Mar/2024:11:18:37 +0800] "POST /xingrg/all/common/load_tree.html?tree=area_rest_tree_json&manage=1 HTTP/1.1" 200 342
124.78.156.194 - - [25/Mar/2024:11:18:37 +0800] "POST /xingrg/load_menu.html HTTP/1.1" 200 5138
101.228.147.14 - - [25/Mar/2024:11:18:37 +0800] "GET /xingrg/check_reg.html?_=1711336715408 HTTP/1.1" 200 22
114.85.113.46 - - [25/Mar/2024:11:18:37 +0800] "GET /xingrg/check_reg.html?_=1711336716713 HTTP/1.1" 200 22
101.228.147.14 - - [25/Mar/2024:11:18:37 +0800] "GET /xingrg/all/function/internal_message.html?_=1711336715411&CODE_STATE=getMsg HTTP/1.1" 200 27
101.83.144.49 - - [25/Mar/2024:11:18:37 +0800] "POST /xingrg/kc/buy/cgsh_order_operate.html HTTP/1.1" 200 3843
180.169.147.146 - - [25/Mar/2024:11:18:38 +0800] "GET /xingrg/all/function/internal_message.html?_=1711336712984&CODE_STATE=getMsg HTTP/1.1" 200 27
101.83.240.43 - - [25/Mar/2024:11:18:39 +0800] "GET /xingrg/all/function/internal_message.html?_=1711336719452&CODE_STATE=getMsg HTTP/1.1" 200 27
222.69.133.65 - - [25/Mar/2024:11:18:40 +0800] "GET /xingrg/all/function/internal_message.html?_=1711336721902&CODE_STATE=getMsg HTTP/1.1" 200 27
116.224.254.208 - - [25/Mar/2024:11:18:42 +0800] "GET /xingrg/kc/buy/cgsh_order_operate.html?command=get_materiel&rest_code=00150&code=00101002006&supplier_code=00100091&order_time=2024-03-25 HTTP/1.1" 200 414
222.70.183.82 - - [25/Mar/2024:11:18:43 +0800] "GET /xingrg/all/function/internal_message.html?_=1711336723201&CODE_STATE=getMsg HTTP/1.1" 200 27
101.83.240.43 - - [25/Mar/2024:11:18:43 +0800] "GET /xingrg/kc/buy/cgsh_order_add.html HTTP/1.1" 200 73743
101.83.240.43 - - [25/Mar/2024:11:18:43 +0800] "POST /xingrg/kc/buy/cgsh_order_operate.html HTTP/1.1" 200 8245
101.83.240.43 - - [25/Mar/2024:11:18:44 +0800] "GET /xingrg/javascript/easyui/themes/default/validatebox.css HTTP/1.1" 404 1104
101.83.240.43 - - [25/Mar/2024:11:18:44 +0800] "GET /xingrg/all/function/internal_message.html?_=1711336724070&CODE_STATE=getMsg HTTP/1.1" 200 27
101.83.144.49 - - [25/Mar/2024:11:18:45 +0800] "GET /xingrg/kc/base/wldb_order_operate.html?command=get_materiel&rest_code=00105&base_code=0010514&code=00101019169 HTTP/1.1" 200 478
124.78.156.194 - - [25/Mar/2024:11:18:47 +0800] "GET /xingrg/kc/buy/buy_main.html HTTP/1.1" 200 12412
124.78.156.194 - - [25/Mar/2024:11:18:47 +0800] "GET /xingrg/css/new_ie.css HTTP/1.1" 404 1036
124.78.156.194 - - [25/Mar/2024:11:18:47 +0800] "GET /xingrg/images/blue/button/cgydd.gif HTTP/1.1" 304 -
124.78.156.194 - - [25/Mar/2024:11:18:47 +0800] "GET /xingrg/images/blue/button/cgshd.gif HTTP/1.1" 304 -
124.78.156.194 - - [25/Mar/2024:11:18:47 +0800] "GET /xingrg/images/blue/button/cgfkd.gif HTTP/1.1" 304 -
124.78.156.194 - - [25/Mar/2024:11:18:47 +0800] "GET /xingrg/images/blue/button/kc.gif HTTP/1.1" 304 -
124.78.156.194 - - [25/Mar/2024:11:18:47 +0800] "GET /xingrg/images/blue/button/ckthd.gif HTTP/1.1" 304 -
222.70.183.82 - - [25/Mar/2024:11:18:48 +0800] "GET /xingrg/kc/base/check_order_list.html?isBack=1 HTTP/1.1" 200 16170
124.78.156.194 - - [25/Mar/2024:11:18:48 +0800] "GET /xingrg/images/yd/bt.gif HTTP/1.1" 404 1040
222.70.183.82 - - [25/Mar/2024:11:18:48 +0800] "POST /xingrg/kc/base/check_list_operate.html HTTP/1.1" 200 1548
124.78.156.194 - - [25/Mar/2024:11:18:49 +0800] "GET /xingrg/kc/buy/cgsh_order_list.html HTTP/1.1" 200 57880
124.78.156.194 - - [25/Mar/2024:11:18:49 +0800] "GET /xingrg/css/base.css HTTP/1.1" 304 -
124.78.156.194 - - [25/Mar/2024:11:18:49 +0800] "GET /xingrg/css/site.css HTTP/1.1" 304 -
124.78.156.194 - - [25/Mar/2024:11:18:49 +0800] "GET /xingrg/javascript/jquery_tools/datebox.css HTTP/1.1" 304 -
124.78.156.194 - - [25/Mar/2024:11:18:49 +0800] "GET /xingrg/javascript/easyui/themes/default/easyui.css HTTP/1.1" 304 -
124.78.156.194 - - [25/Mar/2024:11:18:49 +0800] "GET /xingrg/javascript/easyui/themes/icon.css HTTP/1.1" 304 -
124.78.156.194 - - [25/Mar/2024:11:18:49 +0800] "GET /xingrg/javascript/jquery_tools/fix.css HTTP/1.1" 304 -
124.78.156.194 - - [25/Mar/2024:11:18:49 +0800] "GET /xingrg/javascript/jquery_tools/table.css HTTP/1.1" 304 -
124.78.156.194 - - [25/Mar/2024:11:18:49 +0800] "GET /xingrg/javascript/jquery_tools/jquery.tools.min.js HTTP/1.1" 304 -
124.78.156.194 - - [25/Mar/2024:11:18:49 +0800] "GET /xingrg/javascript/jquery_tools/jquery.tools.extend.js HTTP/1.1" 304 -
124.78.156.194 - - [25/Mar/2024:11:18:49 +0800] "GET /xingrg/javascript/jquery_tools/jquery.tools.hotkey.js HTTP/1.1" 304 -
124.78.156.194 - - [25/Mar/2024:11:18:49 +0800] "GET /xingrg/javascript/jquery_tools/jquery.tools.table.js HTTP/1.1" 304 -
124.78.156.194 - - [25/Mar/2024:11:18:49 +0800] "GET /xingrg/javascript/jquery_tools/list_manager.js HTTP/1.1" 304 -
124.78.156.194 - - [25/Mar/2024:11:18:49 +0800] "GET /xingrg/javascript/easyui/easyloader.js HTTP/1.1" 304 -
124.78.156.194 - - [25/Mar/2024:11:18:49 +0800] "GET /xingrg/javascript/jquery.cookie.js HTTP/1.1" 304 -
124.78.156.194 - - [25/Mar/2024:11:18:50 +0800] "GET /xingrg/javascript/easyui/themes/icons/import_new.png HTTP/1.1" 304 -
124.78.156.194 - - [25/Mar/2024:11:18:50 +0800] "GET /xingrg/javascript/easyui/themes/icons/check_new.png HTTP/1.1" 304 -
124.78.156.194 - - [25/Mar/2024:11:18:50 +0800] "GET /xingrg/javascript/easyui/themes/icons/field_new.png HTTP/1.1" 304 -
124.78.156.194 - - [25/Mar/2024:11:18:50 +0800] "GET /xingrg/javascript/easyui/themes/icons/cance_new.png HTTP/1.1" 304 -
124.78.156.194 - - [25/Mar/2024:11:18:50 +0800] "GET /xingrg/javascript/easyui/themes/icons/edit_add_new.png HTTP/1.1" 304 -
124.78.156.194 - - [25/Mar/2024:11:18:50 +0800] "GET /xingrg/javascript/easyui/plugins/jquery.parser.js HTTP/1.1" 304 -
124.78.156.194 - - [25/Mar/2024:11:18:50 +0800] "GET /xingrg/images/control/ajaxLoader.gif HTTP/1.1" 304 -
180.164.1.25 - - [25/Mar/2024:11:18:50 +0800] "GET /xingrg/all/function/internal_message.html?_=1711336730073&CODE_STATE=getMsg HTTP/1.1" 200 27
222.70.183.82 - - [25/Mar/2024:11:18:50 +0800] "GET /xingrg/kc/base/check_order_info.html?code=452024032400176 HTTP/1.1" 200 26355
222.70.183.82 - - [25/Mar/2024:11:18:50 +0800] "GET /xingrg/dwr/interface/AjaxCheckService.js HTTP/1.1" 200 14003
222.70.183.82 - - [25/Mar/2024:11:18:50 +0800] "GET /xingrg/dwr/interface/AjaxComOrderService.js HTTP/1.1" 200 18264
222.70.183.82 - - [25/Mar/2024:11:18:50 +0800] "GET /xingrg/dwr/engine.js HTTP/1.1" 200 43631
222.70.183.82 - - [25/Mar/2024:11:18:51 +0800] "POST /xingrg/dwr/call/plaincall/AjaxCheckService.loadOrderItems.dwr HTTP/1.1" 200 191513
116.224.254.208 - - [25/Mar/2024:11:18:51 +0800] "GET /xingrg/all/function/internal_message.html?_=1711336731878&CODE_STATE=getMsg HTTP/1.1" 200 27
124.78.156.194 - - [25/Mar/2024:11:18:52 +0800] "POST /xingrg/kc/buy/cgsh_list_operate.html HTTP/1.1" 200 645
116.224.254.208 - - [25/Mar/2024:11:18:54 +0800] "GET /xingrg/kc/buy/cgsh_order_operate.html?command=get_materiel&rest_code=00150&code=00101002034&supplier_code=00100091&order_time=2024-03-25 HTTP/1.1" 200 409
101.83.240.43 - - [25/Mar/2024:11:18:55 +0800] "GET /xingrg/kc/buy/cgsh_order_operate.html?command=get_materiel&rest_code=00149&code=00101007102&supplier_code=00100323&order_time=2024-03-25 HTTP/1.1" 200 408
101.83.144.49 - - [25/Mar/2024:11:18:57 +0800] "GET /xingrg/kc/base/wldb_order_operate.html?command=get_materiel&rest_code=00105&base_code=0010514&code=00101019243 HTTP/1.1" 200 464
101.83.144.49 - - [25/Mar/2024:11:18:59 +0800] "GET /xingrg/all/function/internal_message.html?_=1711336501551&CODE_STATE=getMsg HTTP/1.1" 200 27
116.224.254.208 - - [25/Mar/2024:11:19:07 +0800] "POST /xingrg/kc/buy/cgsh_order_operate.html HTTP/1.1" 200 37
101.83.240.43 - - [25/Mar/2024:11:19:12 +0800] "GET /xingrg/kc/buy/cgsh_order_operate.html?command=get_materiel&rest_code=00149&code=00101007110&supplier_code=00100323&order_time=2024-03-25 HTTP/1.1" 200 409
