116.224.254.208 - - [23/Mar/2024:09:13:23 +0800] "GET /xingrg/index.html?sysBaseUrl=http%3A%2F%2F180.169.147.146%3A18081%2Fxingrg%2F&costTime=804×tamp=1711156403536 HTTP/1.1" 200 17179
180.163.30.100 - - [23/Mar/2024:09:13:23 +0800] "GET /xingrg/all/function/internal_message.html?_=1711156338093&CODE_STATE=getMsg HTTP/1.1" 302 -
116.224.254.208 - - [23/Mar/2024:09:13:23 +0800] "GET /favicon.ico HTTP/1.1" 404 -
180.163.30.100 - - [23/Mar/2024:09:13:23 +0800] "GET /xingrg/login.html HTTP/1.1" 200 7641
116.224.254.208 - - [23/Mar/2024:09:13:23 +0800] "GET /xingrg/check_reg.html?_=1711156403479 HTTP/1.1" 200 22
116.224.254.208 - - [23/Mar/2024:09:13:23 +0800] "GET /xingrg/all/function/internal_message.html?_=1711156403477&CODE_STATE=count HTTP/1.1" 200 11
116.224.254.208 - - [23/Mar/2024:09:13:23 +0800] "POST /xingrg/all/common/load_tree.html?tree=area_rest_tree_json&manage=1 HTTP/1.1" 200 476
116.224.254.208 - - [23/Mar/2024:09:13:23 +0800] "POST /xingrg/load_menu.html HTTP/1.1" 200 5138
116.224.254.208 - - [23/Mar/2024:09:13:25 +0800] "GET /xingrg/javascript/jquery_easy_ui/themes/default/images/button_plain_hover.png HTTP/1.1" 304 -
218.79.29.78 - - [23/Mar/2024:09:13:26 +0800] "GET /xingrg/check_reg.html?_=1711156415126 HTTP/1.1" 302 -
180.163.28.109 - - [23/Mar/2024:09:13:26 +0800] "GET /xingrg/kc/buy/cgsh_order_operate.html?command=get_materiel&rest_code=00106&code=00101008207&supplier_code=00100008&order_time=2024-03-23 HTTP/1.1" 302 -
180.163.28.109 - - [23/Mar/2024:09:13:26 +0800] "GET /xingrg/login.html HTTP/1.1" 200 7641
116.235.241.21 - - [23/Mar/2024:09:13:29 +0800] "GET /xingrg/check_reg.html?_=1711156431182 HTTP/1.1" 200 22
120.253.135.82 - - [23/Mar/2024:09:13:29 +0800] "GET /xingrg/all/function/internal_message.html?_=1711156250085&CODE_STATE=getMsg HTTP/1.1" 200 27
114.83.222.168 - - [23/Mar/2024:09:13:30 +0800] "GET /xingrg/kc/buy/cgsh_order_operate.html?command=get_materiel&rest_code=00149&code=00101008300&supplier_code=00100008&order_time=2024-03-23 HTTP/1.1" 200 412
116.224.254.208 - - [23/Mar/2024:09:13:30 +0800] "POST /xingrg/all/user/operate.html HTTP/1.1" 200 36
116.224.254.208 - - [23/Mar/2024:09:13:31 +0800] "GET /xingrg/index.html?sysBaseUrl=http%3A%2F%2F180.169.147.146%3A18081%2Fxingrg%2F&costTime=804×tamp=1711156403536 HTTP/1.1" 200 17177
116.224.254.208 - - [23/Mar/2024:09:13:31 +0800] "GET /xingrg/javascript/jquery_easy_ui/themes/default/easyui.css HTTP/1.1" 304 -
116.224.254.208 - - [23/Mar/2024:09:13:31 +0800] "GET /xingrg/javascript/jquery_easy_ui/themes/icon.css HTTP/1.1" 304 -
116.224.254.208 - - [23/Mar/2024:09:13:31 +0800] "GET /xingrg/css/form.css HTTP/1.1" 304 -
116.224.254.208 - - [23/Mar/2024:09:13:31 +0800] "GET /xingrg/javascript/jquery-1.4.2.min.js HTTP/1.1" 304 -
116.224.254.208 - - [23/Mar/2024:09:13:31 +0800] "GET /xingrg/javascript/jquery_easy_ui/jquery.easyui.min.js HTTP/1.1" 304 -
116.224.254.208 - - [23/Mar/2024:09:13:31 +0800] "GET /xingrg/javascript/jquery_easy_ui/easyui-lang-zh_CN.js HTTP/1.1" 304 -
116.224.254.208 - - [23/Mar/2024:09:13:31 +0800] "GET /xingrg/javascript/jquery.form.js HTTP/1.1" 304 -
116.224.254.208 - - [23/Mar/2024:09:13:31 +0800] "GET /xingrg/javascript/jquery.utils.js HTTP/1.1" 304 -
116.224.254.208 - - [23/Mar/2024:09:13:31 +0800] "GET /xingrg/javascript/jquery.timers.js HTTP/1.1" 304 -
116.224.254.208 - - [23/Mar/2024:09:13:31 +0800] "GET /xingrg/images/blue/jxLogo.png HTTP/1.1" 304 -
116.224.254.208 - - [23/Mar/2024:09:13:31 +0800] "GET /xingrg/images/blue/navBackgound.jpg HTTP/1.1" 304 -
116.224.254.208 - - [23/Mar/2024:09:13:31 +0800] "GET /xingrg/javascript/jquery_easy_ui/themes/icons/settle_new.png HTTP/1.1" 304 -
116.224.254.208 - - [23/Mar/2024:09:13:31 +0800] "GET /xingrg/all/function/internal_message.html?_=1711156410880&CODE_STATE=count HTTP/1.1" 200 11
116.224.254.208 - - [23/Mar/2024:09:13:31 +0800] "GET /xingrg/check_reg.html?_=1711156410881 HTTP/1.1" 200 22
116.224.254.208 - - [23/Mar/2024:09:13:31 +0800] "GET /xingrg/javascript/jquery_easy_ui/themes/default/images/panel_tool_collapse.gif HTTP/1.1" 304 -
116.224.254.208 - - [23/Mar/2024:09:13:31 +0800] "GET /xingrg/images/blue/pingpu.png HTTP/1.1" 304 -
116.224.254.208 - - [23/Mar/2024:09:13:31 +0800] "GET /xingrg/javascript/jquery_easy_ui/themes/default/images/tabs_leftarrow.png HTTP/1.1" 304 -
116.224.254.208 - - [23/Mar/2024:09:13:31 +0800] "GET /xingrg/javascript/jquery_easy_ui/themes/default/images/tabs_rightarrow.png HTTP/1.1" 304 -
116.224.254.208 - - [23/Mar/2024:09:13:31 +0800] "POST /xingrg/all/common/load_tree.html?tree=area_rest_tree_json&manage=1 HTTP/1.1" 200 476
116.224.254.208 - - [23/Mar/2024:09:13:31 +0800] "POST /xingrg/load_menu.html HTTP/1.1" 200 5138
222.69.132.13 - - [23/Mar/2024:09:13:31 +0800] "GET /xingrg/all/function/internal_message.html?_=1711156412543&CODE_STATE=getMsg HTTP/1.1" 200 27
222.70.183.82 - - [23/Mar/2024:09:13:34 +0800] "GET /xingrg/all/function/internal_message.html?_=1711156411422&CODE_STATE=getMsg HTTP/1.1" 200 27
116.224.254.208 - - [23/Mar/2024:09:13:36 +0800] "GET /xingrg/all/function/internal_message.html?_=1711156416050&CODE_STATE=getMsg HTTP/1.1" 200 27
114.83.222.168 - - [23/Mar/2024:09:13:41 +0800] "GET /xingrg/kc/buy/cgsh_order_operate.html?command=get_materiel&rest_code=00149&code=00101008205&supplier_code=00100008&order_time=2024-03-23 HTTP/1.1" 200 412
120.253.135.82 - - [23/Mar/2024:09:13:44 +0800] "GET /xingrg/kc/pszx/mdps_order_list.html?orderType=0 HTTP/1.1" 200 21033
120.253.135.82 - - [23/Mar/2024:09:13:44 +0800] "POST /xingrg/kc/pszx/mdps_list_operate.html HTTP/1.1" 200 5367
101.83.144.49 - - [23/Mar/2024:09:13:44 +0800] "GET /xingrg/kc/buy/cgsh_order_operate.html?command=get_materiel&rest_code=00105&code=00101008300&supplier_code=00100008&order_time=2024-03-23 HTTP/1.1" 200 412
120.253.135.82 - - [23/Mar/2024:09:13:47 +0800] "GET /xingrg/kc/report/report_main.html HTTP/1.1" 200 8599
120.253.135.82 - - [23/Mar/2024:09:13:48 +0800] "GET /xingrg/kc/base/kc_stocks.html HTTP/1.1" 200 16554
120.253.135.82 - - [23/Mar/2024:09:13:49 +0800] "GET /xingrg/javascript/easyui/themes/default/tree.css HTTP/1.1" 404 1090
120.253.135.82 - - [23/Mar/2024:09:13:49 +0800] "POST /xingrg/all/common/load_tree.html?tree=materiel_sort_tree_json HTTP/1.1" 200 9734
114.83.222.168 - - [23/Mar/2024:09:13:49 +0800] "GET /xingrg/all/function/internal_message.html?_=1711156429692&CODE_STATE=getMsg HTTP/1.1" 200 27
120.253.135.82 - - [23/Mar/2024:09:13:50 +0800] "POST /xingrg/all/common/load_combo.html?type=base HTTP/1.1" 200 1169
114.83.222.168 - - [23/Mar/2024:09:13:51 +0800] "GET /xingrg/kc/buy/cgsh_order_operate.html?command=get_materiel&rest_code=00149&code=00101008213&supplier_code=00100008&order_time=2024-03-23 HTTP/1.1" 200 412
116.235.241.21 - - [23/Mar/2024:09:13:54 +0800] "GET /xingrg/all/function/internal_message.html?_=1711156456369&CODE_STATE=getMsg HTTP/1.1" 200 27
114.83.222.168 - - [23/Mar/2024:09:13:54 +0800] "POST /xingrg/kc/buy/cgsh_order_operate.html HTTP/1.1" 200 2065
101.83.144.49 - - [23/Mar/2024:09:13:56 +0800] "GET /xingrg/all/function/internal_message.html?_=1711156436250&CODE_STATE=getMsg HTTP/1.1" 200 27
120.253.135.82 - - [23/Mar/2024:09:13:56 +0800] "POST /xingrg/kc/base/stock_operate.html HTTP/1.1" 200 1486
114.83.222.168 - - [23/Mar/2024:09:14:01 +0800] "GET /xingrg/kc/buy/cgsh_order_operate.html?command=get_materiel&rest_code=00149&code=00101008360&supplier_code=00100008&order_time=2024-03-23 HTTP/1.1" 200 413
101.83.144.49 - - [23/Mar/2024:09:14:04 +0800] "GET /xingrg/all/function/internal_message.html?_=1711156202558&CODE_STATE=getMsg HTTP/1.1" 200 27
124.78.60.103 - - [23/Mar/2024:09:14:04 +0800] "GET /xingrg/all/function/internal_message.html?_=1711156444946&CODE_STATE=getMsg HTTP/1.1" 200 27
116.238.97.31 - - [23/Mar/2024:09:14:06 +0800] "GET /xingrg/check_reg.html?_=1711156446678 HTTP/1.1" 200 22
116.238.97.31 - - [23/Mar/2024:09:14:06 +0800] "GET /xingrg/all/function/internal_message.html?_=1711156446901&CODE_STATE=getMsg HTTP/1.1" 200 27
120.253.135.82 - - [23/Mar/2024:09:14:13 +0800] "GET /xingrg/check_reg.html?_=1711156293610 HTTP/1.1" 200 22
180.164.1.25 - - [23/Mar/2024:09:14:14 +0800] "GET /xingrg/check_reg.html?_=1711156453951 HTTP/1.1" 200 22
180.164.1.25 - - [23/Mar/2024:09:14:14 +0800] "GET /xingrg/all/function/internal_message.html?_=1711156453953&CODE_STATE=getMsg HTTP/1.1" 200 27
120.253.135.82 - - [23/Mar/2024:09:14:16 +0800] "POST /xingrg/kc/base/stock_operate.html HTTP/1.1" 200 1477
101.83.144.49 - - [23/Mar/2024:09:14:18 +0800] "GET /xingrg/kc/buy/cgsh_order_operate.html?command=get_materiel&rest_code=00105&code=00101008172&supplier_code=00100008&order_time=2024-03-23 HTTP/1.1" 200 412
120.253.135.82 - - [23/Mar/2024:09:14:29 +0800] "GET /xingrg/all/function/internal_message.html?_=1711156310084&CODE_STATE=getMsg HTTP/1.1" 200 27
218.79.29.78 - - [23/Mar/2024:09:14:29 +0800] "GET /xingrg/check_reg.html?_=1711156478797 HTTP/1.1" 302 -
116.224.254.208 - - [23/Mar/2024:09:14:31 +0800] "GET /xingrg/all/function/internal_message.html?_=1711156470896&CODE_STATE=getMsg HTTP/1.1" 200 27
222.69.132.13 - - [23/Mar/2024:09:14:31 +0800] "GET /xingrg/check_reg.html?_=1711156472549 HTTP/1.1" 200 22
222.69.132.13 - - [23/Mar/2024:09:14:31 +0800] "GET /xingrg/all/function/internal_message.html?_=1711156472553&CODE_STATE=getMsg HTTP/1.1" 200 27
114.83.222.168 - - [23/Mar/2024:09:14:33 +0800] "GET /xingrg/kc/buy/cgsh_order_operate.html?command=get_materiel&rest_code=00149&code=00101008286&supplier_code=00100008&order_time=2024-03-23 HTTP/1.1" 200 408
222.70.183.82 - - [23/Mar/2024:09:14:34 +0800] "GET /xingrg/all/function/internal_message.html?_=1711156471392&CODE_STATE=getMsg HTTP/1.1" 200 27
116.224.254.208 - - [23/Mar/2024:09:14:36 +0800] "GET /xingrg/all/function/internal_message.html?_=1711156476043&CODE_STATE=getMsg HTTP/1.1" 200 27
101.83.144.49 - - [23/Mar/2024:09:14:42 +0800] "GET /xingrg/kc/buy/cgsh_order_operate.html?command=get_materiel&rest_code=00105&code=00101008027&supplier_code=00100008&order_time=2024-03-23 HTTP/1.1" 200 408
120.253.135.82 - - [23/Mar/2024:09:14:45 +0800] "GET /xingrg/kc/pszx/mdqp_order_list.html?state=10 HTTP/1.1" 200 10319
120.253.135.82 - - [23/Mar/2024:09:14:45 +0800] "GET /xingrg/dwr/interface/AjaxQqpsService.js HTTP/1.1" 200 16326
120.253.135.82 - - [23/Mar/2024:09:14:45 +0800] "GET /xingrg/dwr/interface/AjaxReportQueryService.js HTTP/1.1" 200 13203
120.253.135.82 - - [23/Mar/2024:09:14:45 +0800] "GET /xingrg/dwr/engine.js HTTP/1.1" 200 43631
114.83.222.168 - - [23/Mar/2024:09:14:49 +0800] "GET /xingrg/all/function/internal_message.html?_=1711156489684&CODE_STATE=getMsg HTTP/1.1" 200 27
222.69.132.13 - - [23/Mar/2024:09:14:49 +0800] "GET /xingrg/kc/base/wldb_order_list.html HTTP/1.1" 200 19057
222.69.132.13 - - [23/Mar/2024:09:14:51 +0800] "GET /xingrg/kc/base/wldb_order_list.html HTTP/1.1" 200 19057
222.69.132.13 - - [23/Mar/2024:09:14:51 +0800] "POST /xingrg/kc/base/wldb_list_operate.html HTTP/1.1" 200 928
222.69.132.13 - - [23/Mar/2024:09:14:51 +0800] "POST /xingrg/kc/base/wldb_list_operate.html HTTP/1.1" 200 928
222.69.132.13 - - [23/Mar/2024:09:14:53 +0800] "GET /xingrg/kc/base/wldb_order_add.html HTTP/1.1" 200 30388
222.69.132.13 - - [23/Mar/2024:09:14:53 +0800] "GET /xingrg/words/20240321130421_words.js HTTP/1.1" 304 -
222.69.132.13 - - [23/Mar/2024:09:14:53 +0800] "POST /xingrg/kc/base/wldb_order_operate.html HTTP/1.1" 200 6806
222.69.132.13 - - [23/Mar/2024:09:14:53 +0800] "GET /xingrg/all/common/auto_word.html?type=base&rest_code=00154 HTTP/1.1" 200 831
222.69.132.13 - - [23/Mar/2024:09:14:53 +0800] "GET /xingrg/all/common/auto_word.html?type=base&rest_code=00154 HTTP/1.1" 200 831
222.69.132.13 - - [23/Mar/2024:09:14:53 +0800] "GET /xingrg/javascript/easyui/themes/default/validatebox.css HTTP/1.1" 404 1104
116.235.241.21 - - [23/Mar/2024:09:14:54 +0800] "GET /xingrg/all/function/internal_message.html?_=1711156516385&CODE_STATE=getMsg HTTP/1.1" 200 27
222.69.132.13 - - [23/Mar/2024:09:14:55 +0800] "POST /xingrg/all/common/load_combo.html?type=base HTTP/1.1" 200 1491
114.83.222.168 - - [23/Mar/2024:09:14:55 +0800] "GET /xingrg/kc/buy/cgsh_order_operate.html?command=get_materiel&rest_code=00149&code=00101008224&supplier_code=00100008&order_time=2024-03-23 HTTP/1.1" 200 416
101.83.144.49 - - [23/Mar/2024:09:14:56 +0800] "GET /xingrg/all/function/internal_message.html?_=1711156496251&CODE_STATE=getMsg HTTP/1.1" 200 27
222.69.132.13 - - [23/Mar/2024:09:14:58 +0800] "POST /xingrg/all/common/load_combo.html?type=base HTTP/1.1" 200 1491
114.83.222.168 - - [23/Mar/2024:09:15:00 +0800] "POST /xingrg/kc/buy/cgsh_order_operate.html HTTP/1.1" 200 2065
101.83.144.49 - - [23/Mar/2024:09:15:04 +0800] "GET /xingrg/all/function/internal_message.html?_=1711156262574&CODE_STATE=getMsg HTTP/1.1" 200 27
124.78.60.103 - - [23/Mar/2024:09:15:04 +0800] "GET /xingrg/check_reg.html?_=1711156504937 HTTP/1.1" 200 22
124.78.60.103 - - [23/Mar/2024:09:15:04 +0800] "GET /xingrg/all/function/internal_message.html?_=1711156504939&CODE_STATE=getMsg HTTP/1.1" 200 27
116.238.97.31 - - [23/Mar/2024:09:15:06 +0800] "GET /xingrg/all/function/internal_message.html?_=1711156506885&CODE_STATE=getMsg HTTP/1.1" 200 27
222.69.132.13 - - [23/Mar/2024:09:15:10 +0800] "GET /xingrg/javascript/auto/indicator.gif HTTP/1.1" 404 1066
116.237.74.65 - - [23/Mar/2024:09:15:10 +0800] "POST /xingrg/services/DataTransmitService HTTP/1.1" 200 524
114.83.222.168 - - [23/Mar/2024:09:15:11 +0800] "GET /xingrg/kc/buy/cgsh_order_operate.html?command=get_materiel&rest_code=00149&code=00101008137&supplier_code=00100008&order_time=2024-03-23 HTTP/1.1" 200 408
180.164.1.25 - - [23/Mar/2024:09:15:14 +0800] "GET /xingrg/all/function/internal_message.html?_=1711156513961&CODE_STATE=getMsg HTTP/1.1" 200 27
222.69.132.13 - - [23/Mar/2024:09:15:25 +0800] "GET /xingrg/system/info/materiel_import.html?isSelect=1&singleSelect=false HTTP/1.1" 200 5600
222.69.132.13 - - [23/Mar/2024:09:15:26 +0800] "GET /favicon.ico HTTP/1.1" 404 -
222.69.132.13 - - [23/Mar/2024:09:15:26 +0800] "POST /xingrg/all/common/load_tree.html?tree=materiel_sort_tree_json HTTP/1.1" 200 9734
120.253.135.82 - - [23/Mar/2024:09:15:29 +0800] "GET /xingrg/all/function/internal_message.html?_=1711156370414&CODE_STATE=getMsg HTTP/1.1" 200 27
116.232.194.112 - - [23/Mar/2024:09:15:29 +0800] "GET /favicon.ico HTTP/1.1" 404 -
114.83.222.168 - - [23/Mar/2024:09:15:30 +0800] "GET /xingrg/kc/buy/cgsh_order_operate.html?command=get_materiel&rest_code=00149&code=00101008108&supplier_code=00100008&order_time=2024-03-23 HTTP/1.1" 200 412
116.224.254.208 - - [23/Mar/2024:09:15:31 +0800] "GET /xingrg/all/function/internal_message.html?_=1711156530903&CODE_STATE=getMsg HTTP/1.1" 200 27
222.69.132.13 - - [23/Mar/2024:09:15:31 +0800] "GET /xingrg/all/function/internal_message.html?_=1711156532538&CODE_STATE=getMsg HTTP/1.1" 200 27
222.69.132.13 - - [23/Mar/2024:09:15:31 +0800] "GET /xingrg/kc/base/wldb_order_operate.html?command=get_materiel&rest_code=00154&base_code=0010724&code=00101019133 HTTP/1.1" 200 480
222.70.183.82 - - [23/Mar/2024:09:15:34 +0800] "GET /xingrg/all/function/internal_message.html?_=1711156531400&CODE_STATE=getMsg HTTP/1.1" 200 27
116.224.254.208 - - [23/Mar/2024:09:15:36 +0800] "GET /xingrg/check_reg.html?_=1711156536053 HTTP/1.1" 200 22
116.224.254.208 - - [23/Mar/2024:09:15:36 +0800] "GET /xingrg/all/function/internal_message.html?_=1711156536056&CODE_STATE=getMsg HTTP/1.1" 200 27
222.70.183.82 - - [23/Mar/2024:09:15:36 +0800] "GET /xingrg/kc/buy/cgsh_order_add.html HTTP/1.1" 200 73611
222.70.183.82 - - [23/Mar/2024:09:15:36 +0800] "POST /xingrg/kc/buy/cgsh_order_operate.html HTTP/1.1" 200 8245
222.70.183.82 - - [23/Mar/2024:09:15:36 +0800] "GET /xingrg/javascript/easyui/themes/default/validatebox.css HTTP/1.1" 404 1104
101.83.144.49 - - [23/Mar/2024:09:15:37 +0800] "GET /xingrg/kc/buy/cgsh_order_operate.html?command=get_materiel&rest_code=00105&code=00101008224&supplier_code=00100008&order_time=2024-03-23 HTTP/1.1" 200 416
114.83.222.168 - - [23/Mar/2024:09:15:40 +0800] "GET /xingrg/kc/buy/cgsh_order_operate.html?command=get_materiel&rest_code=00149&code=00101008169&supplier_code=00100008&order_time=2024-03-23 HTTP/1.1" 200 412
222.69.132.13 - - [23/Mar/2024:09:15:45 +0800] "GET /xingrg/kc/base/wldb_order_operate.html?command=get_materiel&rest_code=00154&base_code=0010724&code=00101040001 HTTP/1.1" 200 469
114.83.222.168 - - [23/Mar/2024:09:15:49 +0800] "GET /xingrg/all/function/internal_message.html?_=1711156549682&CODE_STATE=getMsg HTTP/1.1" 200 27
222.69.132.13 - - [23/Mar/2024:09:15:50 +0800] "POST /xingrg/all/common/load_select.html HTTP/1.1" 200 25
101.83.144.49 - - [23/Mar/2024:09:15:50 +0800] "POST /xingrg/kc/buy/cgsh_order_operate.html HTTP/1.1" 200 2065
114.83.222.168 - - [23/Mar/2024:09:15:50 +0800] "GET /xingrg/kc/buy/cgsh_order_operate.html?command=get_materiel&rest_code=00149&code=00101008163&supplier_code=00100008&order_time=2024-03-23 HTTP/1.1" 200 409
222.69.132.13 - - [23/Mar/2024:09:15:51 +0800] "GET /xingrg/kc/base/wldb_order_operate.html?command=get_materiel_price&rest_code=00154&base_code=0010724&code=00101040001&unit_code=00100618 HTTP/1.1" 200 37
114.83.222.168 - - [23/Mar/2024:09:15:54 +0800] "POST /xingrg/kc/buy/cgsh_order_operate.html HTTP/1.1" 200 2065
116.235.241.21 - - [23/Mar/2024:09:15:54 +0800] "GET /xingrg/all/function/internal_message.html?_=1711156576394&CODE_STATE=getMsg HTTP/1.1" 200 27
101.83.144.49 - - [23/Mar/2024:09:15:56 +0800] "GET /xingrg/all/function/internal_message.html?_=1711156556253&CODE_STATE=getMsg HTTP/1.1" 200 27
222.69.132.13 - - [23/Mar/2024:09:15:57 +0800] "GET /xingrg/kc/base/wldb_order_operate.html?command=get_materiel_price&rest_code=00154&base_code=0010724&code=00101040001&unit_code=00100619 HTTP/1.1" 200 36
114.83.222.168 - - [23/Mar/2024:09:15:59 +0800] "GET /xingrg/kc/buy/cgsh_order_operate.html?command=get_materiel&rest_code=00149&code=00101008411&supplier_code=00100008&order_time=2024-03-23 HTTP/1.1" 200 414
222.69.132.13 - - [23/Mar/2024:09:16:04 +0800] "GET /xingrg/kc/base/wldb_order_operate.html?command=get_materiel&rest_code=00154&base_code=0010724&code=00101019071 HTTP/1.1" 200 470
101.83.144.49 - - [23/Mar/2024:09:16:04 +0800] "GET /xingrg/all/function/internal_message.html?_=1711156322563&CODE_STATE=getMsg HTTP/1.1" 200 27
124.78.60.103 - - [23/Mar/2024:09:16:04 +0800] "GET /xingrg/all/function/internal_message.html?_=1711156564927&CODE_STATE=getMsg HTTP/1.1" 200 27
116.238.97.31 - - [23/Mar/2024:09:16:06 +0800] "GET /xingrg/all/function/internal_message.html?_=1711156566858&CODE_STATE=getMsg HTTP/1.1" 200 27
222.70.183.82 - - [23/Mar/2024:09:16:09 +0800] "GET /xingrg/kc/buy/cgsh_order_operate.html?command=get_materiel&rest_code=00111&code=00101028055&supplier_code=00100017&order_time=2024-03-23 HTTP/1.1" 200 431
114.83.222.168 - - [23/Mar/2024:09:16:10 +0800] "GET /xingrg/kc/buy/cgsh_order_operate.html?command=get_materiel&rest_code=00149&code=00101008257&supplier_code=00100008&order_time=2024-03-23 HTTP/1.1" 200 416
101.83.144.49 - - [23/Mar/2024:09:16:10 +0800] "GET /xingrg/kc/buy/cgsh_order_operate.html?command=get_materiel&rest_code=00105&code=00101008242&supplier_code=00100008&order_time=2024-03-23 HTTP/1.1" 200 408
180.164.1.25 - - [23/Mar/2024:09:16:14 +0800] "GET /xingrg/all/function/internal_message.html?_=1711156573946&CODE_STATE=getMsg HTTP/1.1" 200 27
116.235.241.21 - - [23/Mar/2024:09:16:22 +0800] "GET /xingrg/kc/buy/cgsh_order_list.html HTTP/1.1" 200 57886
116.235.241.21 - - [23/Mar/2024:09:16:22 +0800] "GET /xingrg/css/base.css HTTP/1.1" 304 -
116.235.241.21 - - [23/Mar/2024:09:16:22 +0800] "GET /xingrg/css/site.css HTTP/1.1" 304 -
116.235.241.21 - - [23/Mar/2024:09:16:22 +0800] "GET /xingrg/javascript/jquery_tools/datebox.css HTTP/1.1" 304 -
116.235.241.21 - - [23/Mar/2024:09:16:22 +0800] "GET /xingrg/javascript/jquery_tools/jquery.tools.extend.js HTTP/1.1" 304 -
116.235.241.21 - - [23/Mar/2024:09:16:22 +0800] "GET /xingrg/javascript/easyui/themes/default/easyui.css HTTP/1.1" 304 -
116.235.241.21 - - [23/Mar/2024:09:16:22 +0800] "GET /xingrg/javascript/jquery_tools/jquery.tools.min.js HTTP/1.1" 304 -
116.235.241.21 - - [23/Mar/2024:09:16:22 +0800] "GET /xingrg/javascript/auto/jquery.autocomplete.css HTTP/1.1" 304 -
116.235.241.21 - - [23/Mar/2024:09:16:22 +0800] "GET /xingrg/javascript/easyui/themes/icon.css HTTP/1.1" 304 -
116.235.241.21 - - [23/Mar/2024:09:16:22 +0800] "GET /xingrg/javascript/jquery_tools/table.css HTTP/1.1" 304 -
116.235.241.21 - - [23/Mar/2024:09:16:22 +0800] "GET /xingrg/javascript/jquery_tools/fix.css HTTP/1.1" 304 -
116.235.241.21 - - [23/Mar/2024:09:16:22 +0800] "GET /xingrg/javascript/jquery_tools/jquery.tools.table.js HTTP/1.1" 304 -
116.235.241.21 - - [23/Mar/2024:09:16:22 +0800] "GET /xingrg/javascript/jquery_tools/jquery.tools.hotkey.js HTTP/1.1" 304 -
116.235.241.21 - - [23/Mar/2024:09:16:22 +0800] "GET /xingrg/javascript/auto/jquery.autocomplete.js HTTP/1.1" 304 -
116.235.241.21 - - [23/Mar/2024:09:16:22 +0800] "GET /xingrg/javascript/jquery_tools/list_manager.js HTTP/1.1" 304 -
116.235.241.21 - - [23/Mar/2024:09:16:22 +0800] "GET /xingrg/javascript/easyui/easyloader.js HTTP/1.1" 304 -
116.235.241.21 - - [23/Mar/2024:09:16:22 +0800] "GET /xingrg/javascript/jquery.utils.js HTTP/1.1" 304 -
116.235.241.21 - - [23/Mar/2024:09:16:22 +0800] "GET /xingrg/javascript/jquery.cookie.js HTTP/1.1" 304 -
116.235.241.21 - - [23/Mar/2024:09:16:22 +0800] "GET /xingrg/javascript/print/LodopFuncs.js HTTP/1.1" 304 -
116.235.241.21 - - [23/Mar/2024:09:16:22 +0800] "GET /xingrg/javascript/easyui/plugins/jquery.parser.js HTTP/1.1" 304 -
222.69.132.13 - - [23/Mar/2024:09:16:23 +0800] "GET /xingrg/kc/base/wldb_order_operate.html?command=get_materiel&rest_code=00154&base_code=0010724&code=00101019536 HTTP/1.1" 200 471
116.235.241.21 - - [23/Mar/2024:09:16:25 +0800] "POST /xingrg/kc/buy/cgsh_list_operate.html HTTP/1.1" 200 645
120.253.135.82 - - [23/Mar/2024:09:16:29 +0800] "GET /xingrg/all/function/internal_message.html?_=1711156430423&CODE_STATE=getMsg HTTP/1.1" 200 27
116.224.254.208 - - [23/Mar/2024:09:16:31 +0800] "GET /xingrg/all/function/internal_message.html?_=1711156590891&CODE_STATE=getMsg HTTP/1.1" 200 27
222.69.132.13 - - [23/Mar/2024:09:16:31 +0800] "GET /xingrg/all/function/internal_message.html?_=1711156592550&CODE_STATE=getMsg HTTP/1.1" 200 27
116.235.241.21 - - [23/Mar/2024:09:16:32 +0800] "GET /xingrg/kc/buy/cgsh_order_add.html HTTP/1.1" 200 73655
116.235.241.21 - - [23/Mar/2024:09:16:32 +0800] "GET /xingrg/javascript/pic_change.js HTTP/1.1" 304 -
116.235.241.21 - - [23/Mar/2024:09:16:32 +0800] "GET /xingrg/javascript/jquery_tools/order_manager.js HTTP/1.1" 304 -
116.235.241.21 - - [23/Mar/2024:09:16:32 +0800] "GET /xingrg/javascript/convert.js HTTP/1.1" 304 -
116.235.241.21 - - [23/Mar/2024:09:16:32 +0800] "GET /xingrg/javascript/print/kc_print.js HTTP/1.1" 304 -
116.235.241.21 - - [23/Mar/2024:09:16:32 +0800] "GET /xingrg/javascript/json2.js HTTP/1.1" 304 -
116.235.241.21 - - [23/Mar/2024:09:16:32 +0800] "GET /xingrg/words/20240321130421_words.js HTTP/1.1" 304 -
222.70.183.82 - - [23/Mar/2024:09:16:32 +0800] "GET /xingrg/check_reg.html?_=1711156589636 HTTP/1.1" 200 22
116.235.241.21 - - [23/Mar/2024:09:16:32 +0800] "POST /xingrg/kc/buy/cgsh_order_operate.html HTTP/1.1" 200 8245
116.235.241.21 - - [23/Mar/2024:09:16:32 +0800] "GET /xingrg/all/common/auto_word.html?type=employee&rest_code=00146 HTTP/1.1" 200 101
116.235.241.21 - - [23/Mar/2024:09:16:32 +0800] "GET /xingrg/all/common/auto_word.html?type=employee&rest_code=00146 HTTP/1.1" 200 101
116.235.241.21 - - [23/Mar/2024:09:16:32 +0800] "GET /xingrg/javascript/easyui/themes/default/validatebox.css HTTP/1.1" 404 1104
116.235.241.21 - - [23/Mar/2024:09:16:32 +0800] "GET /xingrg/javascript/easyui/plugins/jquery.validatebox.js HTTP/1.1" 304 -
116.235.241.21 - - [23/Mar/2024:09:16:32 +0800] "GET /xingrg/javascript/easyui/plugins/jquery.numberbox.js HTTP/1.1" 304 -
222.70.183.82 - - [23/Mar/2024:09:16:34 +0800] "GET /xingrg/all/function/internal_message.html?_=1711156591493&CODE_STATE=getMsg HTTP/1.1" 200 27
116.224.254.208 - - [23/Mar/2024:09:16:36 +0800] "GET /xingrg/all/function/internal_message.html?_=1711156596051&CODE_STATE=getMsg HTTP/1.1" 200 27
222.70.183.82 - - [23/Mar/2024:09:16:37 +0800] "GET /xingrg/kc/buy/cgsh_order_operate.html?command=get_materiel&rest_code=00111&code=00101029011&supplier_code=00100017&order_time=2024-03-23 HTTP/1.1" 200 460
116.235.241.21 - - [23/Mar/2024:09:16:40 +0800] "GET /xingrg/javascript/auto/indicator.gif HTTP/1.1" 404 1066
180.164.1.25 - - [23/Mar/2024:09:16:41 +0800] "GET /xingrg/kc/mdqp/qqps_order_list.html HTTP/1.1" 200 9222
180.164.1.25 - - [23/Mar/2024:09:16:41 +0800] "GET /xingrg/dwr/interface/AjaxQqpsService.js HTTP/1.1" 200 16326
180.164.1.25 - - [23/Mar/2024:09:16:41 +0800] "GET /xingrg/dwr/interface/AjaxReportQueryService.js HTTP/1.1" 200 13203
180.164.1.25 - - [23/Mar/2024:09:16:41 +0800] "GET /xingrg/dwr/util.js HTTP/1.1" 200 35990
180.164.1.25 - - [23/Mar/2024:09:16:41 +0800] "GET /xingrg/javascript/Calendar.js HTTP/1.1" 200 31561
180.164.1.25 - - [23/Mar/2024:09:16:41 +0800] "GET /xingrg/dwr/engine.js HTTP/1.1" 200 43631
180.164.1.25 - - [23/Mar/2024:09:16:41 +0800] "GET /xingrg/javascript/jquery_easy_ui/themes/icons/edit_add_new.png HTTP/1.1" 200 2997
180.164.1.25 - - [23/Mar/2024:09:16:41 +0800] "GET /xingrg/javascript/jquery_easy_ui/themes/icons/cance_new.png HTTP/1.1" 200 3986
180.164.1.25 - - [23/Mar/2024:09:16:41 +0800] "GET /xingrg/javascript/jquery_easy_ui/themes/icons/uncheck_new.png HTTP/1.1" 200 3197
180.164.1.25 - - [23/Mar/2024:09:16:41 +0800] "GET /xingrg/javascript/jquery_easy_ui/themes/icons/check_new.png HTTP/1.1" 200 3224
116.235.241.21 - - [23/Mar/2024:09:16:45 +0800] "GET /xingrg/javascript/jquery_tools/images/prev.gif HTTP/1.1" 404 1086
116.235.241.21 - - [23/Mar/2024:09:16:45 +0800] "GET /xingrg/javascript/jquery_tools/images/next.gif HTTP/1.1" 404 1086
180.164.1.25 - - [23/Mar/2024:09:16:47 +0800] "GET /xingrg/javascript/jquery_easy_ui/themes/default/images/button_plain_hover.png HTTP/1.1" 200 252
180.164.1.25 - - [23/Mar/2024:09:16:48 +0800] "GET /xingrg/kc/mdqp/qqps_order_add.html HTTP/1.1" 200 28241
180.164.1.25 - - [23/Mar/2024:09:16:48 +0800] "GET /xingrg/javascript/tools/jquery.qtip-1.0.0-rc3.min.js HTTP/1.1" 200 38404
180.164.1.25 - - [23/Mar/2024:09:16:48 +0800] "GET /xingrg/dwr/interface/AjaxComOrderService.js HTTP/1.1" 200 18264
180.164.1.25 - - [23/Mar/2024:09:16:48 +0800] "GET /xingrg/dwr/interface/AjaxQqpsService.js HTTP/1.1" 200 16326
180.164.1.25 - - [23/Mar/2024:09:16:48 +0800] "GET /xingrg/dwr/engine.js HTTP/1.1" 200 43631
180.164.1.25 - - [23/Mar/2024:09:16:48 +0800] "GET /xingrg/javascript/AjaxInfoList.js HTTP/1.1" 200 3774
180.164.1.25 - - [23/Mar/2024:09:16:48 +0800] "GET /xingrg/javascript/Grid.js HTTP/1.1" 200 58908
180.164.1.25 - - [23/Mar/2024:09:16:48 +0800] "GET /xingrg/javascript/jquery_easy_ui/themes/icons/back_new.png HTTP/1.1" 200 3414
180.164.1.25 - - [23/Mar/2024:09:16:48 +0800] "GET /xingrg/javascript/jquery_easy_ui/themes/icons/template_new.png HTTP/1.1" 200 3956
180.164.1.25 - - [23/Mar/2024:09:16:48 +0800] "GET /xingrg/javascript/jquery_easy_ui/themes/icons/copy_new.png HTTP/1.1" 200 815
180.164.1.25 - - [23/Mar/2024:09:16:48 +0800] "GET /xingrg/javascript/jquery_easy_ui/themes/icons/ok.png HTTP/1.1" 200 883
180.164.1.25 - - [23/Mar/2024:09:16:48 +0800] "GET /xingrg/javascript/jquery_easy_ui/themes/icons/print.png HTTP/1.1" 200 1057
180.164.1.25 - - [23/Mar/2024:09:16:48 +0800] "GET /xingrg/javascript/jquery_easy_ui/themes/default/images/menu_downarrow.png HTTP/1.1" 200 173
180.164.1.25 - - [23/Mar/2024:09:16:48 +0800] "GET /xingrg/images/blue/button/kc_tab_add.gif HTTP/1.1" 200 375
180.164.1.25 - - [23/Mar/2024:09:16:48 +0800] "GET /xingrg/images/blue/button/kc_tab_save.gif HTTP/1.1" 200 777
180.164.1.25 - - [23/Mar/2024:09:16:48 +0800] "GET /xingrg/images/blue/button/kc_tab_edit.gif HTTP/1.1" 200 551
180.164.1.25 - - [23/Mar/2024:09:16:48 +0800] "GET /xingrg/images/blue/button/kc_tab_del.gif HTTP/1.1" 200 383
180.164.1.25 - - [23/Mar/2024:09:16:48 +0800] "GET /xingrg/images/blue/kc_tab_left.gif HTTP/1.1" 200 188
180.164.1.25 - - [23/Mar/2024:09:16:48 +0800] "GET /xingrg/javascript/jquery_easy_ui/themes/default/images/combo_arrow_dot.gif HTTP/1.1" 200 79
180.164.1.25 - - [23/Mar/2024:09:16:48 +0800] "GET /xingrg/images/blue/kc_tab_mid.gif HTTP/1.1" 200 44
180.164.1.25 - - [23/Mar/2024:09:16:48 +0800] "GET /xingrg/images/blue/kc_tab_right.gif HTTP/1.1" 200 643
180.164.1.25 - - [23/Mar/2024:09:16:48 +0800] "GET /xingrg/images/blue/kc_tab2_left.gif HTTP/1.1" 200 625
180.164.1.25 - - [23/Mar/2024:09:16:48 +0800] "GET /xingrg/images/blue/kc_tab2_right.gif HTTP/1.1" 200 192
114.83.222.168 - - [23/Mar/2024:09:16:49 +0800] "GET /xingrg/all/function/internal_message.html?_=1711156609684&CODE_STATE=getMsg HTTP/1.1" 200 27
101.83.144.49 - - [23/Mar/2024:09:16:51 +0800] "POST /xingrg/kc/buy/cgsh_order_operate.html HTTP/1.1" 200 37
222.70.183.82 - - [23/Mar/2024:09:16:53 +0800] "GET /xingrg/kc/buy/cgsh_order_operate.html?command=get_materiel&rest_code=00111&code=00101028011&supplier_code=00100017&order_time=2024-03-23 HTTP/1.1" 200 454
116.235.241.21 - - [23/Mar/2024:09:16:54 +0800] "GET /xingrg/all/function/internal_message.html?_=1711156636498&CODE_STATE=getMsg HTTP/1.1" 200 27
101.83.144.49 - - [23/Mar/2024:09:16:56 +0800] "GET /xingrg/all/function/internal_message.html?_=1711156616254&CODE_STATE=getMsg HTTP/1.1" 200 27
101.83.144.49 - - [23/Mar/2024:09:16:56 +0800] "GET /xingrg/check_reg.html?_=1711156616259 HTTP/1.1" 200 22
180.164.1.25 - - [23/Mar/2024:09:16:57 +0800] "GET /xingrg/images/blue/wait.gif HTTP/1.1" 200 1100
101.83.144.49 - - [23/Mar/2024:09:16:57 +0800] "POST /xingrg/kc/buy/cgsh_order_operate.html HTTP/1.1" 200 20947
180.164.1.25 - - [23/Mar/2024:09:16:58 +0800] "POST /xingrg/dwr/call/plaincall/AjaxQqpsService.saveOrder.dwr HTTP/1.1" 200 78
114.83.222.168 - - [23/Mar/2024:09:16:58 +0800] "GET /xingrg/kc/buy/cgsh_order_operate.html?command=get_materiel&rest_code=00149&code=00101008357&supplier_code=00100008&order_time=2024-03-23 HTTP/1.1" 200 408
180.164.1.25 - - [23/Mar/2024:09:17:01 +0800] "POST /xingrg/dwr/call/plaincall/AjaxQqpsService.getMaterielByCode.dwr HTTP/1.1" 200 2997
116.235.241.21 - - [23/Mar/2024:09:17:02 +0800] "GET /xingrg/kc/buy/cgsh_order_operate.html?command=get_materiel&rest_code=00146&code=00101008072&supplier_code=00100005&order_time=2024-03-23 HTTP/1.1" 200 408
101.83.144.49 - - [23/Mar/2024:09:17:04 +0800] "GET /xingrg/check_reg.html?_=1711156382569 HTTP/1.1" 200 22
101.83.144.49 - - [23/Mar/2024:09:17:04 +0800] "GET /xingrg/all/function/internal_message.html?_=1711156382572&CODE_STATE=getMsg HTTP/1.1" 200 27
180.164.1.25 - - [23/Mar/2024:09:17:04 +0800] "POST /xingrg/dwr/call/plaincall/AjaxQqpsService.saveMaterielItem.dwr HTTP/1.1" 200 78
124.78.60.103 - - [23/Mar/2024:09:17:04 +0800] "GET /xingrg/all/function/internal_message.html?_=1711156624944&CODE_STATE=getMsg HTTP/1.1" 200 27
116.238.97.31 - - [23/Mar/2024:09:17:06 +0800] "GET /xingrg/all/function/internal_message.html?_=1711156626838&CODE_STATE=getMsg HTTP/1.1" 200 27
180.164.1.25 - - [23/Mar/2024:09:17:07 +0800] "POST /xingrg/dwr/call/plaincall/AjaxQqpsService.getMaterielByCode.dwr HTTP/1.1" 200 2960
114.83.222.168 - - [23/Mar/2024:09:17:09 +0800] "GET /xingrg/kc/buy/cgsh_order_operate.html?command=get_materiel&rest_code=00149&code=00101008113&supplier_code=00100008&order_time=2024-03-23 HTTP/1.1" 200 413
180.164.1.25 - - [23/Mar/2024:09:17:09 +0800] "POST /xingrg/dwr/call/plaincall/AjaxQqpsService.saveMaterielItem.dwr HTTP/1.1" 200 78
180.164.1.25 - - [23/Mar/2024:09:17:13 +0800] "POST /xingrg/dwr/call/plaincall/AjaxQqpsService.getMaterielByCode.dwr HTTP/1.1" 200 2954
180.164.1.25 - - [23/Mar/2024:09:17:14 +0800] "GET /xingrg/all/function/internal_message.html?_=1711156633944&CODE_STATE=getMsg HTTP/1.1" 200 27
222.69.132.13 - - [23/Mar/2024:09:17:15 +0800] "GET /xingrg/kc/base/wldb_order_operate.html?command=get_materiel&rest_code=00154&base_code=0010724&code=00101016044 HTTP/1.1" 200 466
222.70.183.82 - - [23/Mar/2024:09:17:15 +0800] "GET /xingrg/kc/buy/cgsh_order_operate.html?command=get_materiel&rest_code=00111&code=00101029003&supplier_code=00100017&order_time=2024-03-23 HTTP/1.1" 200 454
180.164.1.25 - - [23/Mar/2024:09:17:21 +0800] "POST /xingrg/dwr/call/plaincall/AjaxQqpsService.saveMaterielItem.dwr HTTP/1.1" 200 78
114.83.222.168 - - [23/Mar/2024:09:17:22 +0800] "GET /xingrg/kc/buy/cgsh_order_operate.html?command=get_materiel&rest_code=00149&code=00101008305&supplier_code=00100008&order_time=2024-03-23 HTTP/1.1" 200 412
180.164.1.25 - - [23/Mar/2024:09:17:24 +0800] "POST /xingrg/dwr/call/plaincall/AjaxQqpsService.checkOrder.dwr HTTP/1.1" 200 78
180.164.1.25 - - [23/Mar/2024:09:17:26 +0800] "GET /xingrg/kc/mdqp/qqps_order_info.html?code=302024032300314 HTTP/1.1" 200 26644
180.164.1.25 - - [23/Mar/2024:09:17:26 +0800] "GET /xingrg/dwr/interface/AjaxComOrderService.js HTTP/1.1" 200 18264
180.164.1.25 - - [23/Mar/2024:09:17:26 +0800] "GET /xingrg/dwr/interface/AjaxQqpsService.js HTTP/1.1" 200 16326
180.164.1.25 - - [23/Mar/2024:09:17:26 +0800] "GET /xingrg/dwr/engine.js HTTP/1.1" 200 43631
180.164.1.25 - - [23/Mar/2024:09:17:27 +0800] "POST /xingrg/dwr/call/plaincall/AjaxQqpsService.loadMaterielItems.dwr HTTP/1.1" 200 870
120.253.135.82 - - [23/Mar/2024:09:17:29 +0800] "GET /xingrg/all/function/internal_message.html?_=1711156490613&CODE_STATE=getMsg HTTP/1.1" 200 27
222.70.183.82 - - [23/Mar/2024:09:17:30 +0800] "GET /xingrg/kc/buy/cgsh_order_operate.html?command=get_materiel&rest_code=00111&code=00101028030&supplier_code=00100017&order_time=2024-03-23 HTTP/1.1" 200 430
116.224.254.208 - - [23/Mar/2024:09:17:31 +0800] "GET /xingrg/all/function/internal_message.html?_=1711156650909&CODE_STATE=getMsg HTTP/1.1" 200 27
222.69.132.13 - - [23/Mar/2024:09:17:31 +0800] "GET /xingrg/all/function/internal_message.html?_=1711156652559&CODE_STATE=getMsg HTTP/1.1" 200 27
180.164.1.25 - - [23/Mar/2024:09:17:33 +0800] "GET /xingrg/images/yd/bt.gif HTTP/1.1" 404 1040
222.70.183.82 - - [23/Mar/2024:09:17:34 +0800] "GET /xingrg/all/function/internal_message.html?_=1711156651358&CODE_STATE=getMsg HTTP/1.1" 200 27
180.164.1.25 - - [23/Mar/2024:09:17:34 +0800] "GET /xingrg/kc/mdqp/qqps_order_list.html?isBack=1 HTTP/1.1" 200 9677
180.164.1.25 - - [23/Mar/2024:09:17:34 +0800] "GET /xingrg/dwr/interface/AjaxQqpsService.js HTTP/1.1" 200 16326
180.164.1.25 - - [23/Mar/2024:09:17:34 +0800] "GET /xingrg/dwr/interface/AjaxReportQueryService.js HTTP/1.1" 200 13203
180.164.1.25 - - [23/Mar/2024:09:17:34 +0800] "GET /xingrg/dwr/engine.js HTTP/1.1" 200 43631
116.224.254.208 - - [23/Mar/2024:09:17:36 +0800] "GET /xingrg/all/function/internal_message.html?_=1711156656047&CODE_STATE=getMsg HTTP/1.1" 200 27
116.235.241.21 - - [23/Mar/2024:09:17:38 +0800] "GET /xingrg/kc/buy/cgsh_order_operate.html?command=get_materiel&rest_code=00146&code=00101008087&supplier_code=00100005&order_time=2024-03-23 HTTP/1.1" 200 412
180.164.1.25 - - [23/Mar/2024:09:17:38 +0800] "GET /xingrg/kc/buy/cgsh_order_list.html HTTP/1.1" 200 57890
180.164.1.25 - - [23/Mar/2024:09:17:40 +0800] "POST /xingrg/kc/buy/cgsh_list_operate.html HTTP/1.1" 200 645
222.70.183.82 - - [23/Mar/2024:09:17:43 +0800] "GET /xingrg/kc/buy/cgsh_order_operate.html?command=get_materiel&rest_code=00111&code=00101024024&supplier_code=00100017&order_time=2024-03-23 HTTP/1.1" 200 429
180.164.1.25 - - [23/Mar/2024:09:17:49 +0800] "GET /xingrg/kc/buy/cgsh_order_add.html HTTP/1.1" 200 73747
180.164.1.25 - - [23/Mar/2024:09:17:49 +0800] "POST /xingrg/kc/buy/cgsh_order_operate.html HTTP/1.1" 200 8245
180.164.1.25 - - [23/Mar/2024:09:17:49 +0800] "GET /xingrg/javascript/easyui/themes/default/validatebox.css HTTP/1.1" 404 1104
114.83.222.168 - - [23/Mar/2024:09:17:49 +0800] "GET /xingrg/check_reg.html?_=1711156669689 HTTP/1.1" 200 22
114.83.222.168 - - [23/Mar/2024:09:17:49 +0800] "GET /xingrg/all/function/internal_message.html?_=1711156669694&CODE_STATE=getMsg HTTP/1.1" 200 27
116.235.241.21 - - [23/Mar/2024:09:17:52 +0800] "GET /xingrg/kc/buy/cgsh_order_operate.html?command=get_materiel&rest_code=00146&code=00101008148&supplier_code=00100005&order_time=2024-03-23 HTTP/1.1" 200 416
114.83.222.168 - - [23/Mar/2024:09:17:53 +0800] "POST /xingrg/kc/buy/cgsh_order_operate.html HTTP/1.1" 200 2065
116.235.241.21 - - [23/Mar/2024:09:17:54 +0800] "GET /xingrg/all/function/internal_message.html?_=1711156696500&CODE_STATE=getMsg HTTP/1.1" 200 27
101.83.144.49 - - [23/Mar/2024:09:17:56 +0800] "GET /xingrg/all/function/internal_message.html?_=1711156676259&CODE_STATE=getMsg HTTP/1.1" 200 27
222.70.183.82 - - [23/Mar/2024:09:18:00 +0800] "GET /xingrg/kc/buy/cgsh_order_operate.html?command=get_materiel&rest_code=00111&code=00101029024&supplier_code=00100017&order_time=2024-03-23 HTTP/1.1" 200 461
101.83.144.49 - - [23/Mar/2024:09:18:04 +0800] "GET /xingrg/all/function/internal_message.html?_=1711156442577&CODE_STATE=getMsg HTTP/1.1" 200 27
124.78.60.103 - - [23/Mar/2024:09:18:04 +0800] "GET /xingrg/all/function/internal_message.html?_=1711156684937&CODE_STATE=getMsg HTTP/1.1" 200 27
222.69.132.13 - - [23/Mar/2024:09:18:05 +0800] "GET /xingrg/kc/base/wldb_order_operate.html?command=get_materiel&rest_code=00154&base_code=0010724&code=00101019184 HTTP/1.1" 200 457
116.238.97.31 - - [23/Mar/2024:09:18:06 +0800] "GET /xingrg/all/function/internal_message.html?_=1711156686821&CODE_STATE=getMsg HTTP/1.1" 200 27
116.235.241.21 - - [23/Mar/2024:09:18:07 +0800] "GET /xingrg/kc/buy/cgsh_order_operate.html?command=get_materiel&rest_code=00146&code=00101008067&supplier_code=00100005&order_time=2024-03-23 HTTP/1.1" 200 416
114.83.222.168 - - [23/Mar/2024:09:18:07 +0800] "GET /xingrg/kc/buy/cgsh_order_operate.html?command=get_materiel&rest_code=00149&code=00101008302&supplier_code=00100008&order_time=2024-03-23 HTTP/1.1" 200 412
180.164.1.25 - - [23/Mar/2024:09:18:14 +0800] "GET /xingrg/all/function/internal_message.html?_=1711156693939&CODE_STATE=getMsg HTTP/1.1" 200 27
222.70.183.82 - - [23/Mar/2024:09:18:20 +0800] "POST /xingrg/kc/buy/cgsh_order_operate.html HTTP/1.1" 200 37
180.164.1.25 - - [23/Mar/2024:09:18:22 +0800] "GET /xingrg/kc/buy/cgsh_order_operate.html?command=get_materiel&rest_code=00108&code=00101008211&supplier_code=00100007&order_time=2024-03-23 HTTP/1.1" 200 412
116.235.241.21 - - [23/Mar/2024:09:18:22 +0800] "GET /xingrg/kc/buy/cgsh_order_operate.html?command=get_materiel&rest_code=00146&code=00101008321&supplier_code=00100005&order_time=2024-03-23 HTTP/1.1" 200 412
218.79.29.78 - - [23/Mar/2024:09:18:26 +0800] "GET /xingrg/check_reg.html?_=1711156715102 HTTP/1.1" 302 -
114.83.222.168 - - [23/Mar/2024:09:18:26 +0800] "GET /xingrg/kc/buy/cgsh_order_operate.html?command=get_materiel&rest_code=00149&code=00101008331&supplier_code=00100008&order_time=2024-03-23 HTTP/1.1" 200 416
222.69.132.13 - - [23/Mar/2024:09:18:26 +0800] "GET /xingrg/kc/base/wldb_order_operate.html?command=get_materiel&rest_code=00154&base_code=0010724&code=00101040040 HTTP/1.1" 200 458
222.70.183.82 - - [23/Mar/2024:09:18:28 +0800] "POST /xingrg/kc/buy/cgsh_order_operate.html HTTP/1.1" 200 12
116.235.241.21 - - [23/Mar/2024:09:18:29 +0800] "GET /xingrg/check_reg.html?_=1711156731182 HTTP/1.1" 200 22
120.253.135.82 - - [23/Mar/2024:09:18:29 +0800] "GET /xingrg/all/function/internal_message.html?_=1711156550623&CODE_STATE=getMsg HTTP/1.1" 200 27
222.70.183.82 - - [23/Mar/2024:09:18:31 +0800] "GET /xingrg/kc/buy/cgsh_order_info.html?code=212024032306773 HTTP/1.1" 200 68518
116.224.254.208 - - [23/Mar/2024:09:18:31 +0800] "GET /xingrg/check_reg.html?_=1711156710900 HTTP/1.1" 200 22
116.224.254.208 - - [23/Mar/2024:09:18:31 +0800] "GET /xingrg/all/function/internal_message.html?_=1711156710902&CODE_STATE=getMsg HTTP/1.1" 200 27
222.69.132.13 - - [23/Mar/2024:09:18:31 +0800] "GET /xingrg/all/function/internal_message.html?_=1711156712550&CODE_STATE=getMsg HTTP/1.1" 200 27
222.70.183.82 - - [23/Mar/2024:09:18:31 +0800] "GET /xingrg/javascript/easyui/themes/default/validatebox.css HTTP/1.1" 404 1104
222.70.183.82 - - [23/Mar/2024:09:18:32 +0800] "POST /xingrg/kc/buy/cgsh_order_operate.html HTTP/1.1" 200 3731
222.70.183.82 - - [23/Mar/2024:09:18:34 +0800] "GET /xingrg/all/function/internal_message.html?_=1711156711331&CODE_STATE=getMsg HTTP/1.1" 200 27
222.70.183.82 - - [23/Mar/2024:09:18:34 +0800] "GET /xingrg/kc/print/load_data.html?order_code=212024032306773&kc_code=cgsh&condition= HTTP/1.1" 200 2048
222.69.132.13 - - [23/Mar/2024:09:18:35 +0800] "GET /xingrg/kc/base/wldb_order_operate.html?command=get_materiel&rest_code=00154&base_code=0010724&code=00101040002 HTTP/1.1" 200 460
116.224.254.208 - - [23/Mar/2024:09:18:36 +0800] "GET /xingrg/all/function/internal_message.html?_=1711156716051&CODE_STATE=getMsg HTTP/1.1" 200 27
222.69.132.13 - - [23/Mar/2024:09:18:37 +0800] "POST /xingrg/all/common/load_select.html HTTP/1.1" 200 25
116.235.241.21 - - [23/Mar/2024:09:18:38 +0800] "GET /xingrg/kc/buy/cgsh_order_operate.html?command=get_materiel&rest_code=00146&code=00101008270&supplier_code=00100005&order_time=2024-03-23 HTTP/1.1" 200 412
180.164.1.25 - - [23/Mar/2024:09:18:40 +0800] "GET /xingrg/kc/buy/cgsh_order_operate.html?command=get_materiel&rest_code=00108&code=00101008198&supplier_code=00100007&order_time=2024-03-23 HTTP/1.1" 200 413
222.69.132.13 - - [23/Mar/2024:09:18:40 +0800] "GET /xingrg/kc/base/wldb_order_operate.html?command=get_materiel_price&rest_code=00154&base_code=0010724&code=00101040002&unit_code=00100619 HTTP/1.1" 200 37
222.69.132.13 - - [23/Mar/2024:09:18:46 +0800] "GET /xingrg/kc/base/wldb_order_operate.html?command=get_materiel&rest_code=00154&base_code=0010724&code=00101012077 HTTP/1.1" 200 436
114.83.222.168 - - [23/Mar/2024:09:18:48 +0800] "GET /xingrg/kc/buy/cgsh_order_operate.html?command=get_materiel&rest_code=00149&code=00101008244&supplier_code=00100008&order_time=2024-03-23 HTTP/1.1" 200 408
180.164.1.25 - - [23/Mar/2024:09:18:49 +0800] "GET /xingrg/kc/buy/cgsh_order_operate.html?command=get_materiel&rest_code=00108&code=00101008331&supplier_code=00100007&order_time=2024-03-23 HTTP/1.1" 200 416
114.83.222.168 - - [23/Mar/2024:09:18:49 +0800] "GET /xingrg/all/function/internal_message.html?_=1711156729691&CODE_STATE=getMsg HTTP/1.1" 200 27
116.235.241.21 - - [23/Mar/2024:09:18:50 +0800] "GET /xingrg/kc/buy/cgsh_order_operate.html?command=get_materiel&rest_code=00146&code=00101008213&supplier_code=00100005&order_time=2024-03-23 HTTP/1.1" 200 412
116.235.241.21 - - [23/Mar/2024:09:18:54 +0800] "GET /xingrg/all/function/internal_message.html?_=1711156756512&CODE_STATE=getMsg HTTP/1.1" 200 27
101.83.144.49 - - [23/Mar/2024:09:18:56 +0800] "GET /xingrg/all/function/internal_message.html?_=1711156736259&CODE_STATE=getMsg HTTP/1.1" 200 27
180.164.1.25 - - [23/Mar/2024:09:18:56 +0800] "GET /xingrg/kc/buy/cgsh_order_operate.html?command=get_materiel&rest_code=00108&code=00101008264&supplier_code=00100007&order_time=2024-03-23 HTTP/1.1" 200 432
116.235.241.21 - - [23/Mar/2024:09:19:03 +0800] "GET /xingrg/kc/buy/cgsh_order_operate.html?command=get_materiel&rest_code=00146&code=00101008403&supplier_code=00100005&order_time=2024-03-23 HTTP/1.1" 200 412
101.83.144.49 - - [23/Mar/2024:09:19:04 +0800] "GET /xingrg/all/function/internal_message.html?_=1711156502563&CODE_STATE=getMsg HTTP/1.1" 200 27
114.83.222.168 - - [23/Mar/2024:09:19:04 +0800] "GET /xingrg/kc/buy/cgsh_order_operate.html?command=get_materiel&rest_code=00149&code=00101008005&supplier_code=00100008&order_time=2024-03-23 HTTP/1.1" 200 412
124.78.60.103 - - [23/Mar/2024:09:19:04 +0800] "GET /xingrg/all/function/internal_message.html?_=1711156744932&CODE_STATE=getMsg HTTP/1.1" 200 27
180.164.1.25 - - [23/Mar/2024:09:19:05 +0800] "GET /xingrg/kc/buy/cgsh_order_operate.html?command=get_materiel&rest_code=00108&code=00101008242&supplier_code=00100007&order_time=2024-03-23 HTTP/1.1" 200 408
222.69.132.13 - - [23/Mar/2024:09:19:05 +0800] "GET /xingrg/kc/base/wldb_order_operate.html?command=get_materiel&rest_code=00154&base_code=0010724&code=00101040003 HTTP/1.1" 200 460
116.238.97.31 - - [23/Mar/2024:09:19:06 +0800] "GET /xingrg/check_reg.html?_=1711156746672 HTTP/1.1" 200 22
116.238.97.31 - - [23/Mar/2024:09:19:06 +0800] "GET /xingrg/all/function/internal_message.html?_=1711156746815&CODE_STATE=getMsg HTTP/1.1" 200 27
120.253.135.82 - - [23/Mar/2024:09:19:13 +0800] "GET /xingrg/check_reg.html?_=1711156593917 HTTP/1.1" 200 22
180.164.1.25 - - [23/Mar/2024:09:19:13 +0800] "GET /xingrg/kc/buy/cgsh_order_operate.html?command=get_materiel&rest_code=00108&code=00101008077&supplier_code=00100007&order_time=2024-03-23 HTTP/1.1" 200 416
114.83.222.168 - - [23/Mar/2024:09:19:14 +0800] "GET /xingrg/kc/buy/cgsh_order_operate.html?command=get_materiel&rest_code=00149&code=00101008370&supplier_code=00100008&order_time=2024-03-23 HTTP/1.1" 200 412
180.164.1.25 - - [23/Mar/2024:09:19:14 +0800] "GET /xingrg/all/function/internal_message.html?_=1711156753946&CODE_STATE=getMsg HTTP/1.1" 200 27
180.164.1.25 - - [23/Mar/2024:09:19:14 +0800] "GET /xingrg/check_reg.html?_=1711156753948 HTTP/1.1" 200 22
116.235.241.21 - - [23/Mar/2024:09:19:17 +0800] "GET /xingrg/kc/buy/cgsh_order_operate.html?command=get_materiel&rest_code=00146&code=00101008027&supplier_code=00100005&order_time=2024-03-23 HTTP/1.1" 200 408
222.69.132.13 - - [23/Mar/2024:09:19:18 +0800] "GET /xingrg/kc/base/wldb_order_operate.html?command=get_materiel&rest_code=00154&base_code=0010724&code=00101040058 HTTP/1.1" 200 458
180.164.1.25 - - [23/Mar/2024:09:19:21 +0800] "GET /xingrg/kc/buy/cgsh_order_operate.html?command=get_materiel&rest_code=00108&code=00101008131&supplier_code=00100007&order_time=2024-03-23 HTTP/1.1" 200 408
114.83.222.168 - - [23/Mar/2024:09:19:22 +0800] "POST /xingrg/kc/buy/cgsh_order_operate.html HTTP/1.1" 200 2065
218.79.29.78 - - [23/Mar/2024:09:19:29 +0800] "GET /xingrg/check_reg.html?_=1711156778772 HTTP/1.1" 302 -
120.253.135.82 - - [23/Mar/2024:09:19:29 +0800] "GET /xingrg/all/function/internal_message.html?_=1711156610636&CODE_STATE=getMsg HTTP/1.1" 200 27
114.83.222.168 - - [23/Mar/2024:09:19:31 +0800] "GET /xingrg/kc/buy/cgsh_order_operate.html?command=get_materiel&rest_code=00149&code=00101008498&supplier_code=00100008&order_time=2024-03-23 HTTP/1.1" 200 424
116.224.254.208 - - [23/Mar/2024:09:19:31 +0800] "GET /xingrg/all/function/internal_message.html?_=1711156770901&CODE_STATE=getMsg HTTP/1.1" 200 27
222.69.132.13 - - [23/Mar/2024:09:19:31 +0800] "GET /xingrg/check_reg.html?_=1711156772550 HTTP/1.1" 200 22
222.69.132.13 - - [23/Mar/2024:09:19:31 +0800] "GET /xingrg/all/function/internal_message.html?_=1711156772552&CODE_STATE=getMsg HTTP/1.1" 200 27
180.164.1.25 - - [23/Mar/2024:09:19:31 +0800] "GET /xingrg/kc/buy/cgsh_order_operate.html?command=get_materiel&rest_code=00108&code=00101008353&supplier_code=00100007&order_time=2024-03-23 HTTP/1.1" 200 408
222.69.132.13 - - [23/Mar/2024:09:19:33 +0800] "POST /xingrg/kc/base/wldb_order_operate.html HTTP/1.1" 200 37
222.70.183.82 - - [23/Mar/2024:09:19:34 +0800] "GET /xingrg/all/function/internal_message.html?_=1711156771315&CODE_STATE=getMsg HTTP/1.1" 200 27
116.224.254.208 - - [23/Mar/2024:09:19:36 +0800] "GET /xingrg/all/function/internal_message.html?_=1711156776040&CODE_STATE=getMsg HTTP/1.1" 200 27
222.69.132.13 - - [23/Mar/2024:09:19:40 +0800] "POST /xingrg/kc/base/wldb_order_operate.html HTTP/1.1" 200 12
222.69.132.13 - - [23/Mar/2024:09:19:40 +0800] "POST /xingrg/kc/base/wldb_order_operate.html HTTP/1.1" 200 7187
180.164.1.25 - - [23/Mar/2024:09:19:40 +0800] "GET /xingrg/kc/buy/cgsh_order_operate.html?command=get_materiel&rest_code=00108&code=00101008336&supplier_code=00100007&order_time=2024-03-23 HTTP/1.1" 200 412
222.69.132.13 - - [23/Mar/2024:09:19:42 +0800] "GET /xingrg/kc/base/wldb_order_info.html?code=422024032301627 HTTP/1.1" 200 26267
114.83.222.168 - - [23/Mar/2024:09:19:42 +0800] "GET /xingrg/kc/buy/cgsh_order_operate.html?command=get_materiel&rest_code=00149&code=00101015046&supplier_code=00100008&order_time=2024-03-23 HTTP/1.1" 200 412
222.69.132.13 - - [23/Mar/2024:09:19:42 +0800] "GET /xingrg/javascript/easyui/themes/default/validatebox.css HTTP/1.1" 404 1104
222.69.132.13 - - [23/Mar/2024:09:19:42 +0800] "POST /xingrg/kc/base/wldb_order_operate.html HTTP/1.1" 200 5371
116.235.241.21 - - [23/Mar/2024:09:19:43 +0800] "GET /xingrg/kc/buy/cgsh_order_operate.html?command=get_materiel&rest_code=00146&code=00101008244&supplier_code=00100005&order_time=2024-03-23 HTTP/1.1" 200 408
114.83.222.168 - - [23/Mar/2024:09:19:49 +0800] "GET /xingrg/all/function/internal_message.html?_=1711156789688&CODE_STATE=getMsg HTTP/1.1" 200 27
116.235.241.21 - - [23/Mar/2024:09:19:54 +0800] "GET /xingrg/all/function/internal_message.html?_=1711156816545&CODE_STATE=getMsg HTTP/1.1" 200 27
101.83.144.49 - - [23/Mar/2024:09:19:56 +0800] "GET /xingrg/all/function/internal_message.html?_=1711156796248&CODE_STATE=getMsg HTTP/1.1" 200 27
116.235.241.21 - - [23/Mar/2024:09:20:00 +0800] "GET /xingrg/kc/buy/cgsh_order_operate.html?command=get_materiel&rest_code=00146&code=00101008028&supplier_code=00100005&order_time=2024-03-23 HTTP/1.1" 200 412
222.69.132.13 - - [23/Mar/2024:09:20:02 +0800] "GET /xingrg/kc/base/wldb_order_add.html HTTP/1.1" 200 30388
222.69.132.13 - - [23/Mar/2024:09:20:02 +0800] "POST /xingrg/kc/base/wldb_order_operate.html HTTP/1.1" 200 6806
222.69.132.13 - - [23/Mar/2024:09:20:02 +0800] "GET /xingrg/javascript/easyui/themes/default/validatebox.css HTTP/1.1" 404 1104
101.83.144.49 - - [23/Mar/2024:09:20:04 +0800] "GET /xingrg/all/function/internal_message.html?_=1711156562563&CODE_STATE=getMsg HTTP/1.1" 200 27
124.78.60.103 - - [23/Mar/2024:09:20:04 +0800] "GET /xingrg/all/function/internal_message.html?_=1711156804941&CODE_STATE=getMsg HTTP/1.1" 200 27
