114.89.221.239 - - [23/Mar/2024:09:46:35 +0800] "GET /xingrg/images/blue/button/kc_tab_del.gif HTTP/1.1" 200 383
114.89.221.239 - - [23/Mar/2024:09:46:35 +0800] "GET /xingrg/javascript/jquery_easy_ui/themes/icons/cance_new.png HTTP/1.1" 200 3986
114.89.221.239 - - [23/Mar/2024:09:46:35 +0800] "GET /xingrg/images/blue/kc_tab2_left.gif HTTP/1.1" 200 625
114.89.221.239 - - [23/Mar/2024:09:46:35 +0800] "GET /xingrg/images/blue/kc_tab2_right.gif HTTP/1.1" 200 192
116.224.254.208 - - [23/Mar/2024:09:46:36 +0800] "GET /xingrg/all/function/internal_message.html?_=1711158396034&CODE_STATE=getMsg HTTP/1.1" 200 27
114.89.221.239 - - [23/Mar/2024:09:46:37 +0800] "GET /xingrg/all/function/internal_message.html?_=1711158397975&CODE_STATE=getMsg HTTP/1.1" 200 27
114.89.221.239 - - [23/Mar/2024:09:46:38 +0800] "POST /xingrg/dwr/call/plaincall/AjaxYddbService.getRestBases.dwr HTTP/1.1" 200 398
222.69.132.13 - - [23/Mar/2024:09:46:39 +0800] "GET /xingrg/all/function/internal_message.html?_=1711158400448&CODE_STATE=getMsg HTTP/1.1" 200 27
222.69.132.13 - - [23/Mar/2024:09:46:39 +0800] "GET /xingrg/kc/buy/cgsh_order_operate.html?command=get_materiel&rest_code=00154&code=00101008261&supplier_code=00100417&order_time=2024-03-23 HTTP/1.1" 200 429
114.89.221.239 - - [23/Mar/2024:09:46:45 +0800] "POST /xingrg/dwr/call/plaincall/AjaxYddbService.saveOrder.dwr HTTP/1.1" 200 78
222.69.132.13 - - [23/Mar/2024:09:46:49 +0800] "GET /xingrg/kc/buy/cgsh_order_operate.html?command=get_materiel&rest_code=00154&code=00101008155&supplier_code=00100417&order_time=2024-03-23 HTTP/1.1" 200 408
114.89.221.239 - - [23/Mar/2024:09:46:49 +0800] "POST /xingrg/dwr/call/plaincall/AjaxComOrderService.getMaterielSearchList.dwr HTTP/1.1" 200 76
114.89.221.239 - - [23/Mar/2024:09:46:50 +0800] "POST /xingrg/dwr/call/plaincall/AjaxComOrderService.getMaterielSearchList.dwr HTTP/1.1" 200 76
114.89.221.239 - - [23/Mar/2024:09:46:51 +0800] "POST /xingrg/dwr/call/plaincall/AjaxComOrderService.getMaterielSearchList.dwr HTTP/1.1" 200 277
114.89.221.239 - - [23/Mar/2024:09:46:52 +0800] "POST /xingrg/dwr/call/plaincall/AjaxYddbService.getMaterielByMap.dwr HTTP/1.1" 200 1435
114.83.222.168 - - [23/Mar/2024:09:46:54 +0800] "GET /xingrg/all/function/internal_message.html?_=1711158414276&CODE_STATE=getMsg HTTP/1.1" 200 27
101.83.144.49 - - [23/Mar/2024:09:46:56 +0800] "GET /xingrg/all/function/internal_message.html?_=1711158416276&CODE_STATE=getMsg HTTP/1.1" 200 27
101.83.144.49 - - [23/Mar/2024:09:46:56 +0800] "GET /xingrg/check_reg.html?_=1711158416281 HTTP/1.1" 200 22
222.69.132.13 - - [23/Mar/2024:09:47:00 +0800] "GET /xingrg/kc/buy/cgsh_order_operate.html?command=get_materiel&rest_code=00154&code=00101008005&supplier_code=00100417&order_time=2024-03-23 HTTP/1.1" 200 412
116.238.97.31 - - [23/Mar/2024:09:47:03 +0800] "GET /xingrg/all/function/internal_message.html?_=1711158423707&CODE_STATE=getMsg HTTP/1.1" 200 27
101.83.144.49 - - [23/Mar/2024:09:47:04 +0800] "GET /xingrg/check_reg.html?_=1711158182593 HTTP/1.1" 200 22
101.83.144.49 - - [23/Mar/2024:09:47:04 +0800] "GET /xingrg/all/function/internal_message.html?_=1711158182596&CODE_STATE=getMsg HTTP/1.1" 200 27
124.78.60.103 - - [23/Mar/2024:09:47:04 +0800] "GET /xingrg/all/function/internal_message.html?_=1711158424937&CODE_STATE=getMsg HTTP/1.1" 200 27
180.164.1.25 - - [23/Mar/2024:09:47:05 +0800] "GET /xingrg/all/function/internal_message.html?_=1711158425092&CODE_STATE=getMsg HTTP/1.1" 200 27
114.89.221.239 - - [23/Mar/2024:09:47:06 +0800] "POST /xingrg/dwr/call/plaincall/AjaxYddbService.saveMaterielItem.dwr HTTP/1.1" 200 78
222.69.132.13 - - [23/Mar/2024:09:47:09 +0800] "GET /xingrg/kc/buy/cgsh_order_operate.html?command=get_materiel&rest_code=00154&code=00101019224&supplier_code=00100417&order_time=2024-03-23 HTTP/1.1" 200 408
116.224.254.208 - - [23/Mar/2024:09:47:14 +0800] "POST /xingrg/services/DataTransmitService HTTP/1.1" 200 524
114.89.221.239 - - [23/Mar/2024:09:47:17 +0800] "POST /xingrg/dwr/call/plaincall/AjaxYddbService.saveMaterielItem.dwr HTTP/1.1" 200 78
222.69.132.13 - - [23/Mar/2024:09:47:20 +0800] "GET /xingrg/kc/buy/cgsh_order_operate.html?command=get_materiel&rest_code=00154&code=00101008234&supplier_code=00100417&order_time=2024-03-23 HTTP/1.1" 200 408
114.89.221.239 - - [23/Mar/2024:09:47:22 +0800] "POST /xingrg/dwr/call/plaincall/AjaxYddbService.checkOrder.dwr HTTP/1.1" 200 78
116.235.241.21 - - [23/Mar/2024:09:47:24 +0800] "GET /xingrg/check_reg.html?_=1711158466082 HTTP/1.1" 200 22
116.235.241.21 - - [23/Mar/2024:09:47:24 +0800] "GET /xingrg/all/function/internal_message.html?_=1711158466205&CODE_STATE=getMsg HTTP/1.1" 200 27
114.89.221.239 - - [23/Mar/2024:09:47:24 +0800] "GET /xingrg/kc/base/yddb_order_info.html?code=482024032300131 HTTP/1.1" 200 28769
114.89.221.239 - - [23/Mar/2024:09:47:24 +0800] "GET /xingrg/dwr/interface/AjaxComOrderService.js HTTP/1.1" 200 18264
114.89.221.239 - - [23/Mar/2024:09:47:24 +0800] "GET /xingrg/dwr/interface/AjaxYddbService.js HTTP/1.1" 200 13201
114.89.221.239 - - [23/Mar/2024:09:47:24 +0800] "GET /xingrg/dwr/engine.js HTTP/1.1" 200 43631
114.89.221.239 - - [23/Mar/2024:09:47:25 +0800] "POST /xingrg/dwr/call/plaincall/AjaxYddbService.loadMaterielItems.dwr HTTP/1.1" 200 395
114.89.221.239 - - [23/Mar/2024:09:47:26 +0800] "GET /xingrg/kc/buy/buy_main.html HTTP/1.1" 200 12412
114.89.221.239 - - [23/Mar/2024:09:47:26 +0800] "GET /xingrg/css/new_ie.css HTTP/1.1" 404 1036
114.89.221.239 - - [23/Mar/2024:09:47:26 +0800] "GET /xingrg/images/yd/bt.gif HTTP/1.1" 404 1040
116.224.254.208 - - [23/Mar/2024:09:47:28 +0800] "GET /xingrg/all/function/internal_message.html?_=1711158448462&CODE_STATE=getMsg HTTP/1.1" 200 27
114.89.221.239 - - [23/Mar/2024:09:47:28 +0800] "GET /xingrg/kc/buy/cgsh_order_list.html HTTP/1.1" 200 57884
114.89.221.239 - - [23/Mar/2024:09:47:31 +0800] "POST /xingrg/kc/buy/cgsh_list_operate.html HTTP/1.1" 200 645
120.253.135.82 - - [23/Mar/2024:09:47:32 +0800] "GET /xingrg/all/function/internal_message.html?_=1711158292873&CODE_STATE=getMsg HTTP/1.1" 200 27
222.70.183.82 - - [23/Mar/2024:09:47:33 +0800] "GET /xingrg/all/function/internal_message.html?_=1711158450797&CODE_STATE=getMsg HTTP/1.1" 200 27
116.224.254.208 - - [23/Mar/2024:09:47:36 +0800] "GET /xingrg/all/function/internal_message.html?_=1711158456053&CODE_STATE=getMsg HTTP/1.1" 200 27
114.89.221.239 - - [23/Mar/2024:09:47:38 +0800] "GET /xingrg/check_reg.html?_=1711158457989 HTTP/1.1" 200 22
114.89.221.239 - - [23/Mar/2024:09:47:38 +0800] "GET /xingrg/all/function/internal_message.html?_=1711158457994&CODE_STATE=getMsg HTTP/1.1" 200 27
222.69.132.13 - - [23/Mar/2024:09:47:39 +0800] "GET /xingrg/all/function/internal_message.html?_=1711158460426&CODE_STATE=getMsg HTTP/1.1" 200 27
116.238.97.31 - - [23/Mar/2024:09:47:41 +0800] "POST /xingrg/services/DataTransmitService HTTP/1.1" 200 524
114.83.222.168 - - [23/Mar/2024:09:47:54 +0800] "GET /xingrg/all/function/internal_message.html?_=1711158474261&CODE_STATE=getMsg HTTP/1.1" 200 27
114.83.222.168 - - [23/Mar/2024:09:47:54 +0800] "GET /xingrg/check_reg.html?_=1711158474637 HTTP/1.1" 200 22
101.83.144.49 - - [23/Mar/2024:09:47:56 +0800] "GET /xingrg/all/function/internal_message.html?_=1711158476306&CODE_STATE=getMsg HTTP/1.1" 200 27
116.238.97.31 - - [23/Mar/2024:09:48:03 +0800] "GET /xingrg/all/function/internal_message.html?_=1711158483699&CODE_STATE=getMsg HTTP/1.1" 200 27
101.83.144.49 - - [23/Mar/2024:09:48:04 +0800] "GET /xingrg/all/function/internal_message.html?_=1711158242595&CODE_STATE=getMsg HTTP/1.1" 200 27
124.78.60.103 - - [23/Mar/2024:09:48:04 +0800] "GET /xingrg/all/function/internal_message.html?_=1711158484940&CODE_STATE=getMsg HTTP/1.1" 200 27
180.164.1.25 - - [23/Mar/2024:09:48:05 +0800] "GET /xingrg/all/function/internal_message.html?_=1711158485079&CODE_STATE=getMsg HTTP/1.1" 200 27
180.164.1.25 - - [23/Mar/2024:09:48:05 +0800] "GET /xingrg/check_reg.html?_=1711158485220 HTTP/1.1" 200 22
116.235.241.21 - - [23/Mar/2024:09:48:24 +0800] "GET /xingrg/all/function/internal_message.html?_=1711158526220&CODE_STATE=getMsg HTTP/1.1" 200 27
218.79.29.78 - - [23/Mar/2024:09:48:25 +0800] "GET /xingrg/check_reg.html?_=1711158514974 HTTP/1.1" 302 -
116.224.254.208 - - [23/Mar/2024:09:48:28 +0800] "GET /xingrg/all/function/internal_message.html?_=1711158508465&CODE_STATE=getMsg HTTP/1.1" 200 27
120.253.135.82 - - [23/Mar/2024:09:48:32 +0800] "GET /xingrg/all/function/internal_message.html?_=1711158353073&CODE_STATE=getMsg HTTP/1.1" 200 27
222.70.183.82 - - [23/Mar/2024:09:48:33 +0800] "GET /xingrg/all/function/internal_message.html?_=1711158510782&CODE_STATE=getMsg HTTP/1.1" 200 27
116.224.254.208 - - [23/Mar/2024:09:48:36 +0800] "GET /xingrg/all/function/internal_message.html?_=1711158516054&CODE_STATE=getMsg HTTP/1.1" 200 27
114.89.221.239 - - [23/Mar/2024:09:48:38 +0800] "GET /xingrg/all/function/internal_message.html?_=1711158517987&CODE_STATE=getMsg HTTP/1.1" 200 27
222.69.132.13 - - [23/Mar/2024:09:48:39 +0800] "GET /xingrg/all/function/internal_message.html?_=1711158520422&CODE_STATE=getMsg HTTP/1.1" 200 27
114.83.222.168 - - [23/Mar/2024:09:48:54 +0800] "GET /xingrg/all/function/internal_message.html?_=1711158534242&CODE_STATE=getMsg HTTP/1.1" 200 27
101.83.144.49 - - [23/Mar/2024:09:48:56 +0800] "GET /xingrg/all/function/internal_message.html?_=1711158536307&CODE_STATE=getMsg HTTP/1.1" 200 27
116.238.97.31 - - [23/Mar/2024:09:49:03 +0800] "GET /xingrg/all/function/internal_message.html?_=1711158543695&CODE_STATE=getMsg HTTP/1.1" 200 27
101.83.144.49 - - [23/Mar/2024:09:49:04 +0800] "GET /xingrg/all/function/internal_message.html?_=1711158302596&CODE_STATE=getMsg HTTP/1.1" 200 27
124.78.60.103 - - [23/Mar/2024:09:49:04 +0800] "GET /xingrg/all/function/internal_message.html?_=1711158544925&CODE_STATE=getMsg HTTP/1.1" 200 27
180.164.1.25 - - [23/Mar/2024:09:49:05 +0800] "GET /xingrg/all/function/internal_message.html?_=1711158545059&CODE_STATE=getMsg HTTP/1.1" 200 27
120.253.135.82 - - [23/Mar/2024:09:49:13 +0800] "GET /xingrg/check_reg.html?_=1711158393945 HTTP/1.1" 200 22
116.235.241.21 - - [23/Mar/2024:09:49:24 +0800] "GET /xingrg/all/function/internal_message.html?_=1711158586233&CODE_STATE=getMsg HTTP/1.1" 200 27
116.224.254.208 - - [23/Mar/2024:09:49:28 +0800] "GET /xingrg/check_reg.html?_=1711158568469 HTTP/1.1" 200 22
116.224.254.208 - - [23/Mar/2024:09:49:28 +0800] "GET /xingrg/all/function/internal_message.html?_=1711158568472&CODE_STATE=getMsg HTTP/1.1" 200 27
218.79.29.78 - - [23/Mar/2024:09:49:29 +0800] "GET /xingrg/check_reg.html?_=1711158578647 HTTP/1.1" 302 -
120.253.135.82 - - [23/Mar/2024:09:49:32 +0800] "GET /xingrg/all/function/internal_message.html?_=1711158413087&CODE_STATE=getMsg HTTP/1.1" 200 27
222.70.183.82 - - [23/Mar/2024:09:49:33 +0800] "GET /xingrg/all/function/internal_message.html?_=1711158570767&CODE_STATE=getMsg HTTP/1.1" 200 27
222.69.132.13 - - [23/Mar/2024:09:49:34 +0800] "GET /xingrg/check_reg.html?_=1711158575378 HTTP/1.1" 200 22
116.224.254.208 - - [23/Mar/2024:09:49:36 +0800] "GET /xingrg/all/function/internal_message.html?_=1711158576054&CODE_STATE=getMsg HTTP/1.1" 200 27
114.89.221.239 - - [23/Mar/2024:09:49:38 +0800] "GET /xingrg/all/function/internal_message.html?_=1711158577985&CODE_STATE=getMsg HTTP/1.1" 200 27
222.69.132.13 - - [23/Mar/2024:09:49:39 +0800] "GET /xingrg/all/function/internal_message.html?_=1711158580398&CODE_STATE=getMsg HTTP/1.1" 200 27
114.83.222.168 - - [23/Mar/2024:09:49:54 +0800] "GET /xingrg/all/function/internal_message.html?_=1711158594212&CODE_STATE=getMsg HTTP/1.1" 200 27
101.83.144.49 - - [23/Mar/2024:09:49:56 +0800] "GET /xingrg/all/function/internal_message.html?_=1711158596307&CODE_STATE=getMsg HTTP/1.1" 200 27
116.238.97.31 - - [23/Mar/2024:09:50:03 +0800] "GET /xingrg/check_reg.html?_=1711158603700 HTTP/1.1" 200 22
116.238.97.31 - - [23/Mar/2024:09:50:03 +0800] "GET /xingrg/all/function/internal_message.html?_=1711158603703&CODE_STATE=getMsg HTTP/1.1" 200 27
101.83.144.49 - - [23/Mar/2024:09:50:04 +0800] "GET /xingrg/all/function/internal_message.html?_=1711158362581&CODE_STATE=getMsg HTTP/1.1" 200 27
124.78.60.103 - - [23/Mar/2024:09:50:04 +0800] "GET /xingrg/all/function/internal_message.html?_=1711158604914&CODE_STATE=getMsg HTTP/1.1" 200 27
124.78.60.103 - - [23/Mar/2024:09:50:04 +0800] "GET /xingrg/check_reg.html?_=1711158604919 HTTP/1.1" 200 22
180.164.1.25 - - [23/Mar/2024:09:50:05 +0800] "GET /xingrg/all/function/internal_message.html?_=1711158605035&CODE_STATE=getMsg HTTP/1.1" 200 27
120.253.135.82 - - [23/Mar/2024:09:50:07 +0800] "GET /xingrg/login.html HTTP/1.1" 200 7641
120.253.135.82 - - [23/Mar/2024:09:50:11 +0800] "POST /xingrg/login.do HTTP/1.1" 302 -
120.253.135.82 - - [23/Mar/2024:09:50:11 +0800] "GET /xingrg/index.html?sysBaseUrl=http%3A%2F%2F180.169.147.146%3A18081%2Fxingrg%2F&costTime=813×tamp=1711158611140 HTTP/1.1" 200 17173
120.253.135.82 - - [23/Mar/2024:09:50:11 +0800] "GET /xingrg/all/function/internal_message.html?_=1711158785594&CODE_STATE=count HTTP/1.1" 200 11
120.253.135.82 - - [23/Mar/2024:09:50:11 +0800] "GET /xingrg/check_reg.html?_=1711158785595 HTTP/1.1" 200 22
120.253.135.82 - - [23/Mar/2024:09:50:11 +0800] "POST /xingrg/all/common/load_tree.html?tree=area_rest_tree_json&manage=1 HTTP/1.1" 200 344
120.253.135.82 - - [23/Mar/2024:09:50:11 +0800] "POST /xingrg/load_menu.html HTTP/1.1" 200 6743
120.253.135.82 - - [23/Mar/2024:09:50:14 +0800] "GET /xingrg/kc/pszx/mdps_order_list.html?orderType=0 HTTP/1.1" 200 21033
120.253.135.82 - - [23/Mar/2024:09:50:15 +0800] "POST /xingrg/kc/pszx/mdps_list_operate.html HTTP/1.1" 200 5367
120.253.135.82 - - [23/Mar/2024:09:50:16 +0800] "GET /xingrg/kc/pszx/mdps_order_add.html HTTP/1.1" 200 29102
120.253.135.82 - - [23/Mar/2024:09:50:16 +0800] "GET /xingrg/words/20240321130421_words.js HTTP/1.1" 304 -
120.253.135.82 - - [23/Mar/2024:09:50:17 +0800] "POST /xingrg/kc/pszx/mdps_order_operate.html HTTP/1.1" 200 7126
120.253.135.82 - - [23/Mar/2024:09:50:17 +0800] "GET /xingrg/javascript/easyui/themes/default/validatebox.css HTTP/1.1" 404 1104
120.253.135.82 - - [23/Mar/2024:09:50:17 +0800] "GET /xingrg/all/common/auto_word.html?type=base&rest_code=00101 HTTP/1.1" 200 671
120.253.135.82 - - [23/Mar/2024:09:50:18 +0800] "POST /xingrg/all/common/load_combo.html?type=base HTTP/1.1" 200 1169
116.235.241.21 - - [23/Mar/2024:09:50:24 +0800] "GET /xingrg/all/function/internal_message.html?_=1711158646349&CODE_STATE=getMsg HTTP/1.1" 200 27
120.253.135.82 - - [23/Mar/2024:09:50:27 +0800] "GET /xingrg/kc/pszx/mdps_order_operate.html?command=get_materiel&pszx_code=00101&rest_code=&base_code=0010246&code=00101019390 HTTP/1.1" 200 483
116.224.254.208 - - [23/Mar/2024:09:50:28 +0800] "GET /xingrg/all/function/internal_message.html?_=1711158628472&CODE_STATE=getMsg HTTP/1.1" 200 27
120.253.135.82 - - [23/Mar/2024:09:50:29 +0800] "POST /xingrg/all/common/load_select.html HTTP/1.1" 200 25
120.253.135.82 - - [23/Mar/2024:09:50:31 +0800] "GET /xingrg/kc/pszx/mdps_order_operate.html?command=get_materiel_price&pszx_code=00101&rest_code=&base_code=0010246&code=00101019390&unit_code=00100156&order_time=2024-03-23 HTTP/1.1" 200 48
120.253.135.82 - - [23/Mar/2024:09:50:32 +0800] "GET /xingrg/all/function/internal_message.html?_=1711158473101&CODE_STATE=getMsg HTTP/1.1" 200 27
222.70.183.82 - - [23/Mar/2024:09:50:33 +0800] "GET /xingrg/all/function/internal_message.html?_=1711158630752&CODE_STATE=getMsg HTTP/1.1" 200 27
116.224.254.208 - - [23/Mar/2024:09:50:36 +0800] "GET /xingrg/check_reg.html?_=1711158636046 HTTP/1.1" 200 22
116.224.254.208 - - [23/Mar/2024:09:50:36 +0800] "GET /xingrg/all/function/internal_message.html?_=1711158636048&CODE_STATE=getMsg HTTP/1.1" 200 27
114.89.221.239 - - [23/Mar/2024:09:50:38 +0800] "GET /xingrg/all/function/internal_message.html?_=1711158637978&CODE_STATE=getMsg HTTP/1.1" 200 27
222.69.132.13 - - [23/Mar/2024:09:50:39 +0800] "GET /xingrg/all/function/internal_message.html?_=1711158640382&CODE_STATE=getMsg HTTP/1.1" 200 27
120.253.135.82 - - [23/Mar/2024:09:50:45 +0800] "GET /xingrg/kc/pszx/mdps_order_operate.html?command=get_materiel_price&pszx_code=00101&rest_code=&base_code=0010246&code=00101019390&unit_code=00100157&order_time=2024-03-23 HTTP/1.1" 200 34
120.253.135.82 - - [23/Mar/2024:09:50:52 +0800] "GET /xingrg/kc/pszx/mdps_order_operate.html?command=get_materiel_price&pszx_code=00101&rest_code=&base_code=0010246&code=00101019390&unit_code=00100157&order_time=2024-03-23 HTTP/1.1" 200 34
114.83.222.168 - - [23/Mar/2024:09:50:54 +0800] "GET /xingrg/all/function/internal_message.html?_=1711158654185&CODE_STATE=getMsg HTTP/1.1" 200 27
101.83.144.49 - - [23/Mar/2024:09:50:56 +0800] "GET /xingrg/all/function/internal_message.html?_=1711158656310&CODE_STATE=getMsg HTTP/1.1" 200 27
120.253.135.82 - - [23/Mar/2024:09:50:58 +0800] "GET /xingrg/kc/pszx/mdps_order_operate.html?command=get_materiel_price&pszx_code=00101&rest_code=&base_code=0010246&code=00101019390&unit_code=00100156&order_time=2024-03-23 HTTP/1.1" 200 48
116.238.97.31 - - [23/Mar/2024:09:51:03 +0800] "GET /xingrg/all/function/internal_message.html?_=1711158663693&CODE_STATE=getMsg HTTP/1.1" 200 27
101.83.144.49 - - [23/Mar/2024:09:51:04 +0800] "GET /xingrg/all/function/internal_message.html?_=1711158422581&CODE_STATE=getMsg HTTP/1.1" 200 27
124.78.60.103 - - [23/Mar/2024:09:51:04 +0800] "GET /xingrg/all/function/internal_message.html?_=1711158664925&CODE_STATE=getMsg HTTP/1.1" 200 27
180.164.1.25 - - [23/Mar/2024:09:51:05 +0800] "GET /xingrg/all/function/internal_message.html?_=1711158665012&CODE_STATE=getMsg HTTP/1.1" 200 27
120.253.135.82 - - [23/Mar/2024:09:51:11 +0800] "GET /xingrg/all/function/internal_message.html?_=1711158845604&CODE_STATE=getMsg HTTP/1.1" 200 27
116.235.241.21 - - [23/Mar/2024:09:51:12 +0800] "GET /xingrg/kc/buy/cgsh_order_add.html HTTP/1.1" 200 73655
116.235.241.21 - - [23/Mar/2024:09:51:13 +0800] "POST /xingrg/kc/buy/cgsh_order_operate.html HTTP/1.1" 200 8245
116.235.241.21 - - [23/Mar/2024:09:51:13 +0800] "GET /xingrg/javascript/easyui/themes/default/validatebox.css HTTP/1.1" 404 1104
222.69.132.13 - - [23/Mar/2024:09:51:19 +0800] "GET /xingrg/kc/buy/cgsh_order_operate.html?command=get_materiel&rest_code=00154&code=00101008372&supplier_code=00100417&order_time=2024-03-23 HTTP/1.1" 200 408
116.235.241.21 - - [23/Mar/2024:09:51:24 +0800] "GET /xingrg/all/function/internal_message.html?_=1711158706385&CODE_STATE=getMsg HTTP/1.1" 200 27
116.224.254.208 - - [23/Mar/2024:09:51:28 +0800] "GET /xingrg/all/function/internal_message.html?_=1711158688473&CODE_STATE=getMsg HTTP/1.1" 200 27
222.70.183.82 - - [23/Mar/2024:09:51:32 +0800] "GET /xingrg/check_reg.html?_=1711158689534 HTTP/1.1" 200 22
120.253.135.82 - - [23/Mar/2024:09:51:32 +0800] "GET /xingrg/all/function/internal_message.html?_=1711158533271&CODE_STATE=getMsg HTTP/1.1" 200 27
222.70.183.82 - - [23/Mar/2024:09:51:33 +0800] "GET /xingrg/all/function/internal_message.html?_=1711158690722&CODE_STATE=getMsg HTTP/1.1" 200 27
116.232.194.112 - - [23/Mar/2024:09:51:35 +0800] "GET /xingrg/index.html?sysBaseUrl=http%3A%2F%2F180.169.147.146%3A18081%2Fxingrg%2F&costTime=1779×tamp=1684631389383 HTTP/1.1" 302 -
116.232.194.112 - - [23/Mar/2024:09:51:35 +0800] "GET /xingrg/login.html HTTP/1.1" 200 7641
116.224.254.208 - - [23/Mar/2024:09:51:36 +0800] "GET /xingrg/all/function/internal_message.html?_=1711158696052&CODE_STATE=getMsg HTTP/1.1" 200 27
116.232.194.112 - - [23/Mar/2024:09:51:36 +0800] "GET /favicon.ico HTTP/1.1" 404 -
114.89.221.239 - - [23/Mar/2024:09:51:38 +0800] "GET /xingrg/all/function/internal_message.html?_=1711158697991&CODE_STATE=getMsg HTTP/1.1" 200 27
222.69.132.13 - - [23/Mar/2024:09:51:39 +0800] "GET /xingrg/all/function/internal_message.html?_=1711158700371&CODE_STATE=getMsg HTTP/1.1" 200 27
116.235.241.21 - - [23/Mar/2024:09:51:44 +0800] "GET /xingrg/javascript/jquery_tools/images/prev.gif HTTP/1.1" 404 1086
116.235.241.21 - - [23/Mar/2024:09:51:44 +0800] "GET /xingrg/javascript/jquery_tools/images/next.gif HTTP/1.1" 404 1086
222.69.132.13 - - [23/Mar/2024:09:51:46 +0800] "GET /xingrg/kc/buy/cgsh_order_operate.html?command=get_materiel&rest_code=00154&code=00101008264&supplier_code=00100417&order_time=2024-03-23 HTTP/1.1" 200 432
114.83.222.168 - - [23/Mar/2024:09:51:54 +0800] "GET /xingrg/all/function/internal_message.html?_=1711158714172&CODE_STATE=getMsg HTTP/1.1" 200 27
116.235.241.21 - - [23/Mar/2024:09:51:54 +0800] "GET /xingrg/kc/buy/cgsh_order_operate.html?command=get_materiel&rest_code=00146&code=00101001032&supplier_code=00100041&order_time=2024-03-23 HTTP/1.1" 200 413
116.232.194.112 - - [23/Mar/2024:09:51:55 +0800] "POST /xingrg/login.do HTTP/1.1" 302 -
116.232.194.112 - - [23/Mar/2024:09:51:55 +0800] "GET /xingrg/index.html?sysBaseUrl=http%3A%2F%2F180.169.147.146%3A18081%2Fxingrg%2F&costTime=803×tamp=1711158715603 HTTP/1.1" 200 17179
116.232.194.112 - - [23/Mar/2024:09:51:55 +0800] "GET /favicon.ico HTTP/1.1" 404 -
116.232.194.112 - - [23/Mar/2024:09:51:56 +0800] "POST /xingrg/all/common/load_tree.html?tree=area_rest_tree_json&manage=1 HTTP/1.1" 200 351
116.232.194.112 - - [23/Mar/2024:09:51:56 +0800] "GET /xingrg/all/function/internal_message.html?_=1711158685064&CODE_STATE=count HTTP/1.1" 200 11
116.232.194.112 - - [23/Mar/2024:09:51:56 +0800] "GET /xingrg/check_reg.html?_=1711158685066 HTTP/1.1" 200 22
116.232.194.112 - - [23/Mar/2024:09:51:56 +0800] "POST /xingrg/load_menu.html HTTP/1.1" 200 5138
101.83.144.49 - - [23/Mar/2024:09:51:56 +0800] "GET /xingrg/check_reg.html?_=1711158716311 HTTP/1.1" 200 22
101.83.144.49 - - [23/Mar/2024:09:51:56 +0800] "GET /xingrg/all/function/internal_message.html?_=1711158716315&CODE_STATE=getMsg HTTP/1.1" 200 27
222.69.132.13 - - [23/Mar/2024:09:51:56 +0800] "GET /xingrg/kc/buy/cgsh_order_operate.html?command=get_materiel&rest_code=00154&code=00101008268&supplier_code=00100417&order_time=2024-03-23 HTTP/1.1" 200 408
116.238.97.31 - - [23/Mar/2024:09:52:03 +0800] "GET /xingrg/all/function/internal_message.html?_=1711158723694&CODE_STATE=getMsg HTTP/1.1" 200 27
101.83.144.49 - - [23/Mar/2024:09:52:04 +0800] "GET /xingrg/all/function/internal_message.html?_=1711158482582&CODE_STATE=getMsg HTTP/1.1" 200 27
101.83.144.49 - - [23/Mar/2024:09:52:04 +0800] "GET /xingrg/check_reg.html?_=1711158482585 HTTP/1.1" 200 22
124.78.60.103 - - [23/Mar/2024:09:52:04 +0800] "GET /xingrg/all/function/internal_message.html?_=1711158724926&CODE_STATE=getMsg HTTP/1.1" 200 27
180.164.1.25 - - [23/Mar/2024:09:52:05 +0800] "GET /xingrg/all/function/internal_message.html?_=1711158724996&CODE_STATE=getMsg HTTP/1.1" 200 27
222.69.132.13 - - [23/Mar/2024:09:52:09 +0800] "GET /xingrg/kc/buy/cgsh_order_operate.html?command=get_materiel&rest_code=00154&code=00101008108&supplier_code=00100417&order_time=2024-03-23 HTTP/1.1" 200 412
120.253.135.82 - - [23/Mar/2024:09:52:11 +0800] "GET /xingrg/all/function/internal_message.html?_=1711158905606&CODE_STATE=getMsg HTTP/1.1" 200 27
116.235.241.21 - - [23/Mar/2024:09:52:18 +0800] "GET /xingrg/kc/buy/cgsh_order_operate.html?command=get_materiel&rest_code=00146&code=00101005037&supplier_code=00100041&order_time=2024-03-23 HTTP/1.1" 200 409
222.69.132.13 - - [23/Mar/2024:09:52:21 +0800] "GET /xingrg/kc/buy/cgsh_order_operate.html?command=get_materiel&rest_code=00154&code=00101008092&supplier_code=00100417&order_time=2024-03-23 HTTP/1.1" 200 412
116.235.241.21 - - [23/Mar/2024:09:52:24 +0800] "GET /xingrg/check_reg.html?_=1711158766087 HTTP/1.1" 200 22
116.235.241.21 - - [23/Mar/2024:09:52:24 +0800] "GET /xingrg/all/function/internal_message.html?_=1711158766399&CODE_STATE=getMsg HTTP/1.1" 200 27
116.224.254.208 - - [23/Mar/2024:09:52:28 +0800] "GET /xingrg/all/function/internal_message.html?_=1711158748475&CODE_STATE=getMsg HTTP/1.1" 200 27
120.253.135.82 - - [23/Mar/2024:09:52:32 +0800] "GET /xingrg/all/function/internal_message.html?_=1711158593284&CODE_STATE=getMsg HTTP/1.1" 200 27
222.70.183.82 - - [23/Mar/2024:09:52:33 +0800] "GET /xingrg/all/function/internal_message.html?_=1711158750707&CODE_STATE=getMsg HTTP/1.1" 200 27
222.69.132.13 - - [23/Mar/2024:09:52:33 +0800] "GET /xingrg/kc/buy/cgsh_order_operate.html?command=get_materiel&rest_code=00154&code=00101008286&supplier_code=00100417&order_time=2024-03-23 HTTP/1.1" 200 408
116.224.254.208 - - [23/Mar/2024:09:52:36 +0800] "GET /xingrg/all/function/internal_message.html?_=1711158756045&CODE_STATE=getMsg HTTP/1.1" 200 27
114.89.221.239 - - [23/Mar/2024:09:52:38 +0800] "GET /xingrg/check_reg.html?_=1711158757983 HTTP/1.1" 200 22
116.235.241.21 - - [23/Mar/2024:09:52:38 +0800] "GET /xingrg/kc/buy/cgsh_order_operate.html?command=get_materiel&rest_code=00146&code=00101019013&supplier_code=00100041&order_time=2024-03-23 HTTP/1.1" 200 431
114.89.221.239 - - [23/Mar/2024:09:52:38 +0800] "GET /xingrg/all/function/internal_message.html?_=1711158757985&CODE_STATE=getMsg HTTP/1.1" 200 27
222.69.132.13 - - [23/Mar/2024:09:52:39 +0800] "GET /xingrg/all/function/internal_message.html?_=1711158760340&CODE_STATE=getMsg HTTP/1.1" 200 27
222.69.132.13 - - [23/Mar/2024:09:52:43 +0800] "GET /xingrg/kc/buy/cgsh_order_operate.html?command=get_materiel&rest_code=00154&code=00101008351&supplier_code=00100417&order_time=2024-03-23 HTTP/1.1" 200 408
114.83.222.168 - - [23/Mar/2024:09:52:54 +0800] "GET /xingrg/all/function/internal_message.html?_=1711158774159&CODE_STATE=getMsg HTTP/1.1" 200 27
114.83.222.168 - - [23/Mar/2024:09:52:54 +0800] "GET /xingrg/check_reg.html?_=1711158774633 HTTP/1.1" 200 22
116.235.241.21 - - [23/Mar/2024:09:52:55 +0800] "GET /xingrg/kc/buy/cgsh_order_operate.html?command=get_materiel&rest_code=00146&code=00101001299&supplier_code=00100041&order_time=2024-03-23 HTTP/1.1" 200 413
116.232.194.112 - - [23/Mar/2024:09:52:56 +0800] "GET /xingrg/all/function/internal_message.html?_=1711158745084&CODE_STATE=getMsg HTTP/1.1" 200 27
116.238.97.31 - - [23/Mar/2024:09:52:56 +0800] "GET /favicon.ico HTTP/1.1" 404 -
101.83.144.49 - - [23/Mar/2024:09:52:56 +0800] "GET /xingrg/all/function/internal_message.html?_=1711158776300&CODE_STATE=getMsg HTTP/1.1" 200 27
222.69.132.13 - - [23/Mar/2024:09:53:03 +0800] "GET /xingrg/kc/buy/cgsh_order_operate.html?command=get_materiel&rest_code=00154&code=00101008356&supplier_code=00100417&order_time=2024-03-23 HTTP/1.1" 200 408
116.238.97.31 - - [23/Mar/2024:09:53:03 +0800] "GET /xingrg/all/function/internal_message.html?_=1711158783706&CODE_STATE=getMsg HTTP/1.1" 200 27
101.83.144.49 - - [23/Mar/2024:09:53:04 +0800] "GET /xingrg/all/function/internal_message.html?_=1711158542584&CODE_STATE=getMsg HTTP/1.1" 200 27
124.78.60.103 - - [23/Mar/2024:09:53:04 +0800] "GET /xingrg/all/function/internal_message.html?_=1711158784929&CODE_STATE=getMsg HTTP/1.1" 200 27
180.164.1.25 - - [23/Mar/2024:09:53:05 +0800] "GET /xingrg/all/function/internal_message.html?_=1711158784993&CODE_STATE=getMsg HTTP/1.1" 200 27
180.164.1.25 - - [23/Mar/2024:09:53:05 +0800] "GET /xingrg/check_reg.html?_=1711158785229 HTTP/1.1" 200 22
120.253.135.82 - - [23/Mar/2024:09:53:10 +0800] "GET /xingrg/kc/pszx/mdqp_order_list.html?state=10 HTTP/1.1" 200 10763
120.253.135.82 - - [23/Mar/2024:09:53:10 +0800] "GET /xingrg/dwr/interface/AjaxQqpsService.js HTTP/1.1" 200 16326
120.253.135.82 - - [23/Mar/2024:09:53:10 +0800] "GET /xingrg/dwr/interface/AjaxReportQueryService.js HTTP/1.1" 200 13203
120.253.135.82 - - [23/Mar/2024:09:53:10 +0800] "GET /xingrg/dwr/engine.js HTTP/1.1" 200 43631
120.253.135.82 - - [23/Mar/2024:09:53:11 +0800] "GET /xingrg/all/function/internal_message.html?_=1711158965611&CODE_STATE=getMsg HTTP/1.1" 200 27
116.238.97.31 - - [23/Mar/2024:09:53:13 +0800] "GET /favicon.ico HTTP/1.1" 404 -
120.253.135.82 - - [23/Mar/2024:09:53:13 +0800] "GET /xingrg/kc/pszx/mdqp_order_info.html?code=302024032300314 HTTP/1.1" 200 13358
120.253.135.82 - - [23/Mar/2024:09:53:13 +0800] "GET /xingrg/dwr/interface/AjaxQqpsService.js HTTP/1.1" 200 16326
120.253.135.82 - - [23/Mar/2024:09:53:13 +0800] "GET /xingrg/dwr/interface/AjaxComOrderService.js HTTP/1.1" 200 18264
120.253.135.82 - - [23/Mar/2024:09:53:13 +0800] "GET /xingrg/dwr/engine.js HTTP/1.1" 200 43631
120.253.135.82 - - [23/Mar/2024:09:53:14 +0800] "POST /xingrg/dwr/call/plaincall/AjaxQqpsService.loadMaterielItems.dwr HTTP/1.1" 200 870
222.69.132.13 - - [23/Mar/2024:09:53:17 +0800] "GET /xingrg/kc/buy/cgsh_order_operate.html?command=get_materiel&rest_code=00154&code=00101008354&supplier_code=00100417&order_time=2024-03-23 HTTP/1.1" 200 432
116.235.241.21 - - [23/Mar/2024:09:53:24 +0800] "GET /xingrg/all/function/internal_message.html?_=1711158826412&CODE_STATE=getMsg HTTP/1.1" 200 27
218.79.29.78 - - [23/Mar/2024:09:53:25 +0800] "GET /xingrg/check_reg.html?_=1711158814968 HTTP/1.1" 302 -
116.224.254.208 - - [23/Mar/2024:09:53:28 +0800] "GET /xingrg/all/function/internal_message.html?_=1711158808472&CODE_STATE=getMsg HTTP/1.1" 200 27
222.69.132.13 - - [23/Mar/2024:09:53:29 +0800] "GET /xingrg/kc/buy/cgsh_order_operate.html?command=get_materiel&rest_code=00154&code=00101012070&supplier_code=00100417&order_time=2024-03-23 HTTP/1.1" 200 432
120.253.135.82 - - [23/Mar/2024:09:53:32 +0800] "GET /xingrg/all/function/internal_message.html?_=1711158653297&CODE_STATE=getMsg HTTP/1.1" 200 27
222.70.183.82 - - [23/Mar/2024:09:53:33 +0800] "GET /xingrg/all/function/internal_message.html?_=1711158810692&CODE_STATE=getMsg HTTP/1.1" 200 27
116.224.254.208 - - [23/Mar/2024:09:53:36 +0800] "GET /xingrg/all/function/internal_message.html?_=1711158816043&CODE_STATE=getMsg HTTP/1.1" 200 27
180.164.1.25 - - [23/Mar/2024:09:53:36 +0800] "POST /xingrg/kc/buy/cgsh_list_operate.html HTTP/1.1" 200 577
114.89.221.239 - - [23/Mar/2024:09:53:38 +0800] "GET /xingrg/all/function/internal_message.html?_=1711158817984&CODE_STATE=getMsg HTTP/1.1" 200 27
180.164.1.25 - - [23/Mar/2024:09:53:38 +0800] "GET /xingrg/kc/buy/cgsh_order_info.html?code=212024032306775 HTTP/1.1" 200 73756
180.164.1.25 - - [23/Mar/2024:09:53:38 +0800] "GET /xingrg/javascript/easyui/themes/default/validatebox.css HTTP/1.1" 404 1104
222.69.132.13 - - [23/Mar/2024:09:53:39 +0800] "GET /xingrg/all/function/internal_message.html?_=1711158820319&CODE_STATE=getMsg HTTP/1.1" 200 27
222.69.132.13 - - [23/Mar/2024:09:53:39 +0800] "GET /xingrg/kc/buy/cgsh_order_operate.html?command=get_materiel&rest_code=00154&code=00101008298&supplier_code=00100417&order_time=2024-03-23 HTTP/1.1" 200 412
180.164.1.25 - - [23/Mar/2024:09:53:39 +0800] "POST /xingrg/kc/buy/cgsh_order_operate.html HTTP/1.1" 200 34609
222.70.115.1 - - [23/Mar/2024:09:53:43 +0800] "POST /xingrg/services/DataTransmitService HTTP/1.1" 200 524
114.83.222.168 - - [23/Mar/2024:09:53:54 +0800] "GET /xingrg/all/function/internal_message.html?_=1711158834134&CODE_STATE=getMsg HTTP/1.1" 200 27
116.232.194.112 - - [23/Mar/2024:09:53:56 +0800] "GET /xingrg/all/function/internal_message.html?_=1711158805078&CODE_STATE=getMsg HTTP/1.1" 200 27
101.83.144.49 - - [23/Mar/2024:09:53:56 +0800] "GET /xingrg/all/function/internal_message.html?_=1711158836302&CODE_STATE=getMsg HTTP/1.1" 200 27
116.235.241.21 - - [23/Mar/2024:09:54:03 +0800] "POST /xingrg/kc/buy/cgsh_order_operate.html HTTP/1.1" 200 37
116.238.97.31 - - [23/Mar/2024:09:54:03 +0800] "GET /xingrg/all/function/internal_message.html?_=1711158843698&CODE_STATE=getMsg HTTP/1.1" 200 27
101.83.144.49 - - [23/Mar/2024:09:54:04 +0800] "GET /xingrg/all/function/internal_message.html?_=1711158602584&CODE_STATE=getMsg HTTP/1.1" 200 27
124.78.60.103 - - [23/Mar/2024:09:54:04 +0800] "GET /xingrg/all/function/internal_message.html?_=1711158844918&CODE_STATE=getMsg HTTP/1.1" 200 27
180.164.1.25 - - [23/Mar/2024:09:54:05 +0800] "GET /xingrg/all/function/internal_message.html?_=1711158844977&CODE_STATE=getMsg HTTP/1.1" 200 27
222.69.132.13 - - [23/Mar/2024:09:54:10 +0800] "POST /xingrg/kc/buy/cgsh_order_operate.html HTTP/1.1" 200 37
116.235.241.21 - - [23/Mar/2024:09:54:10 +0800] "POST /xingrg/kc/buy/cgsh_order_operate.html HTTP/1.1" 200 3837
180.164.1.25 - - [23/Mar/2024:09:54:10 +0800] "POST /xingrg/kc/buy/cgsh_order_operate.html HTTP/1.1" 200 37
120.253.135.82 - - [23/Mar/2024:09:54:11 +0800] "GET /xingrg/all/function/internal_message.html?_=1711159025616&CODE_STATE=getMsg HTTP/1.1" 200 27
180.164.1.25 - - [23/Mar/2024:09:54:12 +0800] "POST /xingrg/kc/buy/cgsh_order_operate.html HTTP/1.1" 200 34609
120.253.135.82 - - [23/Mar/2024:09:54:13 +0800] "GET /xingrg/check_reg.html?_=1711158693953 HTTP/1.1" 200 22
124.78.60.103 - - [23/Mar/2024:09:54:13 +0800] "POST /xingrg/services/DataTransmitService HTTP/1.1" 200 524
116.235.241.21 - - [23/Mar/2024:09:54:13 +0800] "GET /xingrg/kc/print/load_data.html?order_code=212024032306799&kc_code=cgsh&condition= HTTP/1.1" 200 1142
124.78.60.103 - - [23/Mar/2024:09:54:14 +0800] "POST /xingrg/services/DataTransmitService HTTP/1.1" 200 412
116.235.241.21 - - [23/Mar/2024:09:54:24 +0800] "GET /xingrg/all/function/internal_message.html?_=1711158886425&CODE_STATE=getMsg HTTP/1.1" 200 27
116.238.97.31 - - [23/Mar/2024:09:54:28 +0800] "GET /xingrg/kc/buy/cgsh_order_operate.html?command=get_materiel&rest_code=00102&code=00101012025&supplier_code=00100096&order_time=2024-03-23 HTTP/1.1" 200 412
116.224.254.208 - - [23/Mar/2024:09:54:28 +0800] "GET /xingrg/check_reg.html?_=1711158868470 HTTP/1.1" 200 22
116.224.254.208 - - [23/Mar/2024:09:54:28 +0800] "GET /xingrg/all/function/internal_message.html?_=1711158868471&CODE_STATE=getMsg HTTP/1.1" 200 27
218.79.29.78 - - [23/Mar/2024:09:54:29 +0800] "GET /xingrg/check_reg.html?_=1711158878632 HTTP/1.1" 302 -
120.253.135.82 - - [23/Mar/2024:09:54:32 +0800] "GET /xingrg/all/function/internal_message.html?_=1711158713312&CODE_STATE=getMsg HTTP/1.1" 200 27
222.70.183.82 - - [23/Mar/2024:09:54:33 +0800] "GET /xingrg/all/function/internal_message.html?_=1711158870677&CODE_STATE=getMsg HTTP/1.1" 200 27
116.224.254.208 - - [23/Mar/2024:09:54:36 +0800] "GET /xingrg/all/function/internal_message.html?_=1711158876046&CODE_STATE=getMsg HTTP/1.1" 200 27
116.238.97.31 - - [23/Mar/2024:09:54:37 +0800] "GET /xingrg/kc/buy/cgsh_order_operate.html?command=get_materiel&rest_code=00102&code=00101012064&supplier_code=00100096&order_time=2024-03-23 HTTP/1.1" 200 428
114.89.221.239 - - [23/Mar/2024:09:54:38 +0800] "GET /xingrg/all/function/internal_message.html?_=1711158877983&CODE_STATE=getMsg HTTP/1.1" 200 27
116.238.97.31 - - [23/Mar/2024:09:54:41 +0800] "POST /xingrg/all/common/load_select.html HTTP/1.1" 200 12
116.238.97.31 - - [23/Mar/2024:09:54:44 +0800] "GET /xingrg/kc/buy/cgsh_order_operate.html?command=get_materiel_price&rest_code=00102&code=00101012025&unit_code=00100012&supplier_code=00100096&order_time=2024-03-23 HTTP/1.1" 200 27
116.238.97.31 - - [23/Mar/2024:09:54:45 +0800] "POST /xingrg/all/common/load_select.html HTTP/1.1" 200 25
116.238.97.31 - - [23/Mar/2024:09:54:50 +0800] "GET /xingrg/kc/buy/cgsh_order_operate.html?command=get_materiel_price&rest_code=00102&code=00101012064&unit_code=00100040&supplier_code=00100096&order_time=2024-03-23 HTTP/1.1" 200 27
114.83.222.168 - - [23/Mar/2024:09:54:54 +0800] "GET /xingrg/all/function/internal_message.html?_=1711158894120&CODE_STATE=getMsg HTTP/1.1" 200 27
222.69.132.13 - - [23/Mar/2024:09:54:54 +0800] "POST /xingrg/kc/buy/cgsh_order_operate.html HTTP/1.1" 200 12
114.89.221.239 - - [23/Mar/2024:09:54:54 +0800] "GET /xingrg/kc/buy/cgsh_order_add.html HTTP/1.1" 200 72617
114.89.221.239 - - [23/Mar/2024:09:54:54 +0800] "POST /xingrg/kc/buy/cgsh_order_operate.html HTTP/1.1" 200 8245
114.89.221.239 - - [23/Mar/2024:09:54:54 +0800] "GET /xingrg/javascript/easyui/themes/default/validatebox.css HTTP/1.1" 404 1104
116.232.194.112 - - [23/Mar/2024:09:54:56 +0800] "GET /xingrg/all/function/internal_message.html?_=1711158865078&CODE_STATE=getMsg HTTP/1.1" 200 27
101.83.144.49 - - [23/Mar/2024:09:54:56 +0800] "GET /xingrg/all/function/internal_message.html?_=1711158896304&CODE_STATE=getMsg HTTP/1.1" 200 27
222.69.132.13 - - [23/Mar/2024:09:54:57 +0800] "GET /xingrg/kc/buy/cgsh_order_info.html?code=212024032306800 HTTP/1.1" 200 67770
222.69.132.13 - - [23/Mar/2024:09:54:58 +0800] "GET /xingrg/javascript/easyui/themes/default/validatebox.css HTTP/1.1" 404 1104
222.69.132.13 - - [23/Mar/2024:09:54:59 +0800] "POST /xingrg/kc/buy/cgsh_order_operate.html HTTP/1.1" 200 10034
222.69.132.13 - - [23/Mar/2024:09:55:02 +0800] "GET /xingrg/kc/print/load_data.html?order_code=212024032306800&kc_code=cgsh&condition= HTTP/1.1" 200 4238
116.238.97.31 - - [23/Mar/2024:09:55:03 +0800] "GET /xingrg/all/function/internal_message.html?_=1711158903702&CODE_STATE=getMsg HTTP/1.1" 200 27
116.238.97.31 - - [23/Mar/2024:09:55:03 +0800] "GET /xingrg/check_reg.html?_=1711158903705 HTTP/1.1" 200 22
101.83.144.49 - - [23/Mar/2024:09:55:04 +0800] "GET /xingrg/all/function/internal_message.html?_=1711158662585&CODE_STATE=getMsg HTTP/1.1" 200 27
124.78.60.103 - - [23/Mar/2024:09:55:04 +0800] "GET /xingrg/check_reg.html?_=1711158904913 HTTP/1.1" 200 22
124.78.60.103 - - [23/Mar/2024:09:55:04 +0800] "GET /xingrg/all/function/internal_message.html?_=1711158904915&CODE_STATE=getMsg HTTP/1.1" 200 27
180.164.1.25 - - [23/Mar/2024:09:55:05 +0800] "GET /xingrg/all/function/internal_message.html?_=1711158904961&CODE_STATE=getMsg HTTP/1.1" 200 27
120.253.135.82 - - [23/Mar/2024:09:55:11 +0800] "GET /xingrg/all/function/internal_message.html?_=1711159085620&CODE_STATE=getMsg HTTP/1.1" 200 27
120.253.135.82 - - [23/Mar/2024:09:55:11 +0800] "GET /xingrg/check_reg.html?_=1711159085623 HTTP/1.1" 200 22
116.238.97.31 - - [23/Mar/2024:09:55:13 +0800] "GET /xingrg/kc/buy/cgsh_order_operate.html?command=get_materiel&rest_code=00102&code=00101018011&supplier_code=00100096&order_time=2024-03-23 HTTP/1.1" 200 413
116.238.97.31 - - [23/Mar/2024:09:55:23 +0800] "GET /xingrg/kc/buy/cgsh_order_operate.html?command=get_materiel&rest_code=00102&code=00101006067&supplier_code=00100096&order_time=2024-03-23 HTTP/1.1" 200 409
116.235.241.21 - - [23/Mar/2024:09:55:24 +0800] "GET /xingrg/all/function/internal_message.html?_=1711158946484&CODE_STATE=getMsg HTTP/1.1" 200 27
120.253.135.82 - - [23/Mar/2024:09:55:32 +0800] "GET /xingrg/all/function/internal_message.html?_=1711158773324&CODE_STATE=getMsg HTTP/1.1" 200 27
222.70.183.82 - - [23/Mar/2024:09:55:33 +0800] "GET /xingrg/all/function/internal_message.html?_=1711158930663&CODE_STATE=getMsg HTTP/1.1" 200 27
120.253.135.82 - - [23/Mar/2024:09:55:33 +0800] "GET /xingrg/kc/pszx/mdps_order_operate.html?command=get_materiel&pszx_code=00101&rest_code=&base_code=0010246&code=00101019263 HTTP/1.1" 200 467
116.224.254.208 - - [23/Mar/2024:09:55:36 +0800] "GET /xingrg/check_reg.html?_=1711158936037 HTTP/1.1" 200 22
116.224.254.208 - - [23/Mar/2024:09:55:36 +0800] "GET /xingrg/all/function/internal_message.html?_=1711158936038&CODE_STATE=getMsg HTTP/1.1" 200 27
120.253.135.82 - - [23/Mar/2024:09:55:36 +0800] "POST /xingrg/all/common/load_select.html HTTP/1.1" 200 25
114.89.221.239 - - [23/Mar/2024:09:55:38 +0800] "GET /xingrg/all/function/internal_message.html?_=1711158937991&CODE_STATE=getMsg HTTP/1.1" 200 27
222.69.132.13 - - [23/Mar/2024:09:55:39 +0800] "GET /xingrg/all/function/internal_message.html?_=1711158940325&CODE_STATE=getMsg HTTP/1.1" 200 27
120.253.135.82 - - [23/Mar/2024:09:55:40 +0800] "GET /xingrg/kc/pszx/mdps_order_operate.html?command=get_materiel_price&pszx_code=00101&rest_code=&base_code=0010246&code=00101019263&unit_code=00100156&order_time=2024-03-23 HTTP/1.1" 200 35
116.238.97.31 - - [23/Mar/2024:09:55:42 +0800] "GET /xingrg/kc/buy/cgsh_order_operate.html?command=get_materiel&rest_code=00102&code=00101016030&supplier_code=00100096&order_time=2024-03-23 HTTP/1.1" 200 412
114.83.222.168 - - [23/Mar/2024:09:55:54 +0800] "GET /xingrg/all/function/internal_message.html?_=1711158954104&CODE_STATE=getMsg HTTP/1.1" 200 27
116.232.194.112 - - [23/Mar/2024:09:55:56 +0800] "GET /xingrg/all/function/internal_message.html?_=1711158925072&CODE_STATE=getMsg HTTP/1.1" 200 27
101.83.144.49 - - [23/Mar/2024:09:55:56 +0800] "GET /xingrg/all/function/internal_message.html?_=1711158956305&CODE_STATE=getMsg HTTP/1.1" 200 27
116.238.97.31 - - [23/Mar/2024:09:56:03 +0800] "GET /xingrg/all/function/internal_message.html?_=1711158963701&CODE_STATE=getMsg HTTP/1.1" 200 27
101.83.144.49 - - [23/Mar/2024:09:56:04 +0800] "GET /xingrg/all/function/internal_message.html?_=1711158722585&CODE_STATE=getMsg HTTP/1.1" 200 27
124.78.60.103 - - [23/Mar/2024:09:56:04 +0800] "GET /xingrg/all/function/internal_message.html?_=1711158964923&CODE_STATE=getMsg HTTP/1.1" 200 27
180.164.1.25 - - [23/Mar/2024:09:56:05 +0800] "GET /xingrg/all/function/internal_message.html?_=1711158964952&CODE_STATE=getMsg HTTP/1.1" 200 27
116.238.97.31 - - [23/Mar/2024:09:56:07 +0800] "GET /xingrg/kc/buy/cgsh_order_operate.html?command=get_materiel&rest_code=00102&code=00101006087&supplier_code=00100096&order_time=2024-03-23 HTTP/1.1" 200 411
120.253.135.82 - - [23/Mar/2024:09:56:11 +0800] "GET /xingrg/all/function/internal_message.html?_=1711159145628&CODE_STATE=getMsg HTTP/1.1" 200 27
116.232.194.112 - - [23/Mar/2024:09:56:23 +0800] "GET /xingrg/kc/base/yddb_order_list.html HTTP/1.1" 200 16662
116.235.241.21 - - [23/Mar/2024:09:56:24 +0800] "GET /xingrg/all/function/internal_message.html?_=1711159006499&CODE_STATE=getMsg HTTP/1.1" 200 27
116.232.194.112 - - [23/Mar/2024:09:56:24 +0800] "POST /xingrg/kc/base/yddb_list_operate.html HTTP/1.1" 200 636
116.232.194.112 - - [23/Mar/2024:09:56:27 +0800] "GET /xingrg/kc/base/yddb_order_add.html HTTP/1.1" 200 30041
116.232.194.112 - - [23/Mar/2024:09:56:27 +0800] "GET /xingrg/dwr/interface/AjaxComOrderService.js HTTP/1.1" 200 18264
116.232.194.112 - - [23/Mar/2024:09:56:27 +0800] "GET /xingrg/dwr/interface/AjaxYddbService.js HTTP/1.1" 200 13201
116.232.194.112 - - [23/Mar/2024:09:56:27 +0800] "GET /xingrg/dwr/engine.js HTTP/1.1" 200 43631
116.232.194.112 - - [23/Mar/2024:09:56:27 +0800] "GET /xingrg/dwr/util.js HTTP/1.1" 304 -
116.232.194.112 - - [23/Mar/2024:09:56:31 +0800] "POST /xingrg/dwr/call/plaincall/AjaxYddbService.getRestBases.dwr HTTP/1.1" 200 1121
222.70.183.82 - - [23/Mar/2024:09:56:32 +0800] "GET /xingrg/check_reg.html?_=1711158989538 HTTP/1.1" 200 22
116.238.97.31 - - [23/Mar/2024:09:56:32 +0800] "GET /xingrg/kc/buy/cgsh_order_operate.html?command=get_materiel&rest_code=00102&code=00101006074&supplier_code=00100096&order_time=2024-03-23 HTTP/1.1" 200 420
120.253.135.82 - - [23/Mar/2024:09:56:32 +0800] "GET /xingrg/all/function/internal_message.html?_=1711158833506&CODE_STATE=getMsg HTTP/1.1" 200 27
222.70.183.82 - - [23/Mar/2024:09:56:33 +0800] "GET /xingrg/all/function/internal_message.html?_=1711158990633&CODE_STATE=getMsg HTTP/1.1" 200 27
116.224.254.208 - - [23/Mar/2024:09:56:36 +0800] "GET /xingrg/all/function/internal_message.html?_=1711158996043&CODE_STATE=getMsg HTTP/1.1" 200 27
114.89.221.239 - - [23/Mar/2024:09:56:38 +0800] "GET /xingrg/all/function/internal_message.html?_=1711158997989&CODE_STATE=getMsg HTTP/1.1" 200 27
222.69.132.13 - - [23/Mar/2024:09:56:39 +0800] "GET /xingrg/all/function/internal_message.html?_=1711159000312&CODE_STATE=getMsg HTTP/1.1" 200 27
116.232.194.112 - - [23/Mar/2024:09:56:40 +0800] "POST /xingrg/dwr/call/plaincall/AjaxYddbService.saveOrder.dwr HTTP/1.1" 200 78
116.232.194.112 - - [23/Mar/2024:09:56:40 +0800] "GET /xingrg/images/yd/bt.gif HTTP/1.1" 404 1040
116.238.97.31 - - [23/Mar/2024:09:56:48 +0800] "GET /xingrg/kc/buy/cgsh_order_operate.html?command=get_materiel&rest_code=00102&code=00101007024&supplier_code=00100096&order_time=2024-03-23 HTTP/1.1" 200 417
114.83.222.168 - - [23/Mar/2024:09:56:54 +0800] "GET /xingrg/all/function/internal_message.html?_=1711159014076&CODE_STATE=getMsg HTTP/1.1" 200 27
116.232.194.112 - - [23/Mar/2024:09:56:56 +0800] "GET /xingrg/check_reg.html?_=1711158985071 HTTP/1.1" 200 22
116.232.194.112 - - [23/Mar/2024:09:56:56 +0800] "GET /xingrg/all/function/internal_message.html?_=1711158985076&CODE_STATE=getMsg HTTP/1.1" 200 27
101.83.144.49 - - [23/Mar/2024:09:56:56 +0800] "GET /xingrg/all/function/internal_message.html?_=1711159016305&CODE_STATE=getMsg HTTP/1.1" 200 27
101.83.144.49 - - [23/Mar/2024:09:56:56 +0800] "GET /xingrg/check_reg.html?_=1711159016310 HTTP/1.1" 200 22
116.238.97.31 - - [23/Mar/2024:09:56:57 +0800] "GET /xingrg/kc/buy/cgsh_order_operate.html?command=get_materiel&rest_code=00102&code=00101007033&supplier_code=00100096&order_time=2024-03-23 HTTP/1.1" 200 419
116.238.97.31 - - [23/Mar/2024:09:57:03 +0800] "GET /xingrg/all/function/internal_message.html?_=1711159023719&CODE_STATE=getMsg HTTP/1.1" 200 27
101.83.144.49 - - [23/Mar/2024:09:57:04 +0800] "GET /xingrg/check_reg.html?_=1711158782585 HTTP/1.1" 200 22
101.83.144.49 - - [23/Mar/2024:09:57:04 +0800] "GET /xingrg/all/function/internal_message.html?_=1711158782588&CODE_STATE=getMsg HTTP/1.1" 200 27
124.78.60.103 - - [23/Mar/2024:09:57:04 +0800] "GET /xingrg/all/function/internal_message.html?_=1711159024954&CODE_STATE=getMsg HTTP/1.1" 200 27
180.164.1.25 - - [23/Mar/2024:09:57:05 +0800] "GET /xingrg/all/function/internal_message.html?_=1711159024931&CODE_STATE=getMsg HTTP/1.1" 200 27
120.253.135.82 - - [23/Mar/2024:09:57:11 +0800] "GET /xingrg/all/function/internal_message.html?_=1711159205630&CODE_STATE=getMsg HTTP/1.1" 200 27
116.232.194.112 - - [23/Mar/2024:09:57:21 +0800] "POST /xingrg/dwr/call/plaincall/AjaxComOrderService.getMaterielSearchList.dwr HTTP/1.1" 200 76
116.238.97.31 - - [23/Mar/2024:09:57:21 +0800] "GET /xingrg/kc/buy/cgsh_order_operate.html?command=get_materiel&rest_code=00102&code=00101006111&supplier_code=00100096&order_time=2024-03-23 HTTP/1.1" 200 411
116.232.194.112 - - [23/Mar/2024:09:57:22 +0800] "POST /xingrg/dwr/call/plaincall/AjaxComOrderService.getMaterielSearchList.dwr HTTP/1.1" 200 76
116.232.194.112 - - [23/Mar/2024:09:57:23 +0800] "POST /xingrg/dwr/call/plaincall/AjaxComOrderService.getMaterielSearchList.dwr HTTP/1.1" 200 1059
116.235.241.21 - - [23/Mar/2024:09:57:24 +0800] "GET /xingrg/check_reg.html?_=1711159066151 HTTP/1.1" 200 22
116.235.241.21 - - [23/Mar/2024:09:57:24 +0800] "GET /xingrg/all/function/internal_message.html?_=1711159066513&CODE_STATE=getMsg HTTP/1.1" 200 27
116.232.194.112 - - [23/Mar/2024:09:57:27 +0800] "POST /xingrg/dwr/call/plaincall/AjaxYddbService.getMaterielByMap.dwr HTTP/1.1" 200 2882
120.253.135.82 - - [23/Mar/2024:09:57:33 +0800] "GET /xingrg/all/function/internal_message.html?_=1711158893508&CODE_STATE=getMsg HTTP/1.1" 200 27
116.238.97.31 - - [23/Mar/2024:09:57:33 +0800] "GET /xingrg/kc/buy/cgsh_order_operate.html?command=get_materiel&rest_code=00102&code=00101006065&supplier_code=00100096&order_time=2024-03-23 HTTP/1.1" 200 411
222.70.183.82 - - [23/Mar/2024:09:57:33 +0800] "GET /xingrg/all/function/internal_message.html?_=1711159050616&CODE_STATE=getMsg HTTP/1.1" 200 27
116.224.254.208 - - [23/Mar/2024:09:57:36 +0800] "GET /xingrg/all/function/internal_message.html?_=1711159056047&CODE_STATE=getMsg HTTP/1.1" 200 27
114.89.221.239 - - [23/Mar/2024:09:57:38 +0800] "GET /xingrg/check_reg.html?_=1711159057978 HTTP/1.1" 200 22
114.89.221.239 - - [23/Mar/2024:09:57:38 +0800] "GET /xingrg/all/function/internal_message.html?_=1711159057981&CODE_STATE=getMsg HTTP/1.1" 200 27
222.69.132.13 - - [23/Mar/2024:09:57:39 +0800] "GET /xingrg/all/function/internal_message.html?_=1711159060285&CODE_STATE=getMsg HTTP/1.1" 200 27
116.232.194.112 - - [23/Mar/2024:09:57:41 +0800] "POST /xingrg/dwr/call/plaincall/AjaxYddbService.saveMaterielItem.dwr HTTP/1.1" 200 78
116.238.97.31 - - [23/Mar/2024:09:57:44 +0800] "GET /xingrg/kc/buy/cgsh_order_operate.html?command=get_materiel&rest_code=00102&code=00101006055&supplier_code=00100096&order_time=2024-03-23 HTTP/1.1" 200 411
116.232.194.112 - - [23/Mar/2024:09:57:50 +0800] "GET /xingrg/images/yd/bt2.gif HTTP/1.1" 404 1042
116.232.194.112 - - [23/Mar/2024:09:57:50 +0800] "POST /xingrg/dwr/call/plaincall/AjaxYddbService.checkOrder.dwr HTTP/1.1" 200 78
116.232.194.112 - - [23/Mar/2024:09:57:52 +0800] "GET /xingrg/kc/base/yddb_order_info.html?code=482024032300132 HTTP/1.1" 200 29873
116.232.194.112 - - [23/Mar/2024:09:57:52 +0800] "GET /xingrg/dwr/interface/AjaxComOrderService.js HTTP/1.1" 200 18264
116.232.194.112 - - [23/Mar/2024:09:57:52 +0800] "GET /xingrg/dwr/interface/AjaxYddbService.js HTTP/1.1" 200 13201
116.232.194.112 - - [23/Mar/2024:09:57:52 +0800] "GET /xingrg/dwr/engine.js HTTP/1.1" 200 43631
116.232.194.112 - - [23/Mar/2024:09:57:53 +0800] "POST /xingrg/dwr/call/plaincall/AjaxYddbService.loadMaterielItems.dwr HTTP/1.1" 200 393
114.83.222.168 - - [23/Mar/2024:09:57:53 +0800] "GET /xingrg/all/function/internal_message.html?_=1711159074069&CODE_STATE=getMsg HTTP/1.1" 200 27
116.238.97.31 - - [23/Mar/2024:09:57:54 +0800] "GET /xingrg/kc/buy/cgsh_order_operate.html?command=get_materiel&rest_code=00102&code=00101007061&supplier_code=00100096&order_time=2024-03-23 HTTP/1.1" 200 411
114.83.222.168 - - [23/Mar/2024:09:57:54 +0800] "GET /xingrg/check_reg.html?_=1711159074619 HTTP/1.1" 200 22
116.232.194.112 - - [23/Mar/2024:09:57:55 +0800] "GET /xingrg/kc/base/yddb_order_report.html?fileType=servlets/html&code=482024032300132&reportName=ck_order_report&subName=yddb HTTP/1.1" 302 -
116.232.194.112 - - [23/Mar/2024:09:57:55 +0800] "GET /xingrg/servlets/html?sysBaseUrl=http%3A%2F%2F180.169.147.146%3A18081%2Fxingrg%2F&costTime=413×tamp=1711159075022 HTTP/1.1" 200 14768
116.232.194.112 - - [23/Mar/2024:09:57:55 +0800] "GET /xingrg/servlets/image?image=px HTTP/1.1" 200 807
116.232.194.112 - - [23/Mar/2024:09:57:55 +0800] "GET /favicon.ico HTTP/1.1" 404 -
116.235.241.21 - - [23/Mar/2024:09:57:56 +0800] "GET /xingrg/kc/buy/cgsh_order_add.html HTTP/1.1" 200 73655
116.232.194.112 - - [23/Mar/2024:09:57:56 +0800] "GET /xingrg/all/function/internal_message.html?_=1711159045092&CODE_STATE=getMsg HTTP/1.1" 200 27
101.83.144.49 - - [23/Mar/2024:09:57:56 +0800] "GET /xingrg/all/function/internal_message.html?_=1711159076311&CODE_STATE=getMsg HTTP/1.1" 200 27
