116.232.194.112 - - [23/Mar/2024:10:56:48 +0800] "GET /xingrg/kc/buy/cgsh_order_operate.html?command=get_materiel&rest_code=00155&code=00101007064&supplier_code=00100002&order_time=2024-03-23 HTTP/1.1" 200 427
124.79.241.4 - - [23/Mar/2024:10:56:49 +0800] "GET /xingrg/all/function/internal_message.html?_=1711162632289&CODE_STATE=getMsg HTTP/1.1" 200 27
120.253.135.82 - - [23/Mar/2024:10:56:49 +0800] "GET /xingrg/kc/buy/cgsh_order_list.html HTTP/1.1" 200 57880
120.253.135.82 - - [23/Mar/2024:10:56:49 +0800] "GET /xingrg/javascript/easyui/themes/icons/cance_new.png HTTP/1.1" 304 -
120.253.135.82 - - [23/Mar/2024:10:56:49 +0800] "GET /xingrg/javascript/easyui/themes/icons/check_new.png HTTP/1.1" 304 -
120.253.135.82 - - [23/Mar/2024:10:56:51 +0800] "POST /xingrg/kc/buy/cgsh_list_operate.html HTTP/1.1" 200 645
114.83.222.168 - - [23/Mar/2024:10:56:53 +0800] "GET /xingrg/all/function/internal_message.html?_=1711162613207&CODE_STATE=getMsg HTTP/1.1" 200 27
180.169.147.146 - - [23/Mar/2024:10:56:53 +0800] "GET /xingrg/all/function/internal_message.html?_=1711162608802&CODE_STATE=getMsg HTTP/1.1" 200 27
222.69.132.13 - - [23/Mar/2024:10:56:55 +0800] "GET /xingrg/all/function/internal_message.html?_=1711162616850&CODE_STATE=getMsg HTTP/1.1" 200 27
116.232.194.112 - - [23/Mar/2024:10:56:56 +0800] "GET /xingrg/check_reg.html?_=1711162585077 HTTP/1.1" 200 22
116.232.194.112 - - [23/Mar/2024:10:56:56 +0800] "GET /xingrg/all/function/internal_message.html?_=1711162585078&CODE_STATE=getMsg HTTP/1.1" 200 27
101.83.144.49 - - [23/Mar/2024:10:56:56 +0800] "GET /xingrg/all/function/internal_message.html?_=1711162616347&CODE_STATE=getMsg HTTP/1.1" 200 27
101.83.144.49 - - [23/Mar/2024:10:56:56 +0800] "GET /xingrg/check_reg.html?_=1711162616348 HTTP/1.1" 200 22
120.253.135.82 - - [23/Mar/2024:10:57:00 +0800] "GET /xingrg/kc/report/report_main.html HTTP/1.1" 200 8599
116.232.194.112 - - [23/Mar/2024:10:57:02 +0800] "POST /xingrg/kc/buy/cgsh_order_operate.html HTTP/1.1" 200 37
116.238.97.31 - - [23/Mar/2024:10:57:02 +0800] "GET /xingrg/all/function/internal_message.html?_=1711162622905&CODE_STATE=getMsg HTTP/1.1" 200 27
120.253.135.82 - - [23/Mar/2024:10:57:04 +0800] "GET /xingrg/kc/base/kc_stocks.html HTTP/1.1" 200 16554
120.253.135.82 - - [23/Mar/2024:10:57:04 +0800] "GET /xingrg/javascript/easyui/themes/default/tree.css HTTP/1.1" 404 1090
120.253.135.82 - - [23/Mar/2024:10:57:04 +0800] "POST /xingrg/all/common/load_tree.html?tree=materiel_sort_tree_json HTTP/1.1" 200 9734
101.83.144.49 - - [23/Mar/2024:10:57:04 +0800] "GET /xingrg/all/function/internal_message.html?_=1711162382657&CODE_STATE=getMsg HTTP/1.1" 200 27
101.83.144.49 - - [23/Mar/2024:10:57:04 +0800] "GET /xingrg/check_reg.html?_=1711162382683 HTTP/1.1" 200 22
101.83.144.49 - - [23/Mar/2024:10:57:04 +0800] "GET /xingrg/kc/buy/cgsh_order_operate.html?command=get_materiel&rest_code=00105&code=00101008096&supplier_code=00100008&order_time=2024-03-23 HTTP/1.1" 200 412
180.164.1.25 - - [23/Mar/2024:10:57:04 +0800] "GET /xingrg/all/function/internal_message.html?_=1711162624189&CODE_STATE=getMsg HTTP/1.1" 200 27
124.78.60.103 - - [23/Mar/2024:10:57:04 +0800] "GET /xingrg/all/function/internal_message.html?_=1711162624925&CODE_STATE=getMsg HTTP/1.1" 200 27
116.232.194.112 - - [23/Mar/2024:10:57:05 +0800] "POST /xingrg/kc/buy/cgsh_order_operate.html HTTP/1.1" 200 4441
120.253.135.82 - - [23/Mar/2024:10:57:05 +0800] "GET /xingrg/javascript/easyui/themes/sunny/images/ui-bg_gloss-wave_60_fece2f_500x100.png HTTP/1.1" 304 -
116.232.194.112 - - [23/Mar/2024:10:57:08 +0800] "GET /xingrg/kc/print/load_data.html?order_code=212024032306823&kc_code=cgsh&condition= HTTP/1.1" 200 1442
124.78.60.103 - - [23/Mar/2024:10:57:08 +0800] "GET /xingrg/images/yd/bt.gif HTTP/1.1" 404 1040
120.253.135.82 - - [23/Mar/2024:10:57:13 +0800] "GET /xingrg/kc/buy/cgsh_order_list.html HTTP/1.1" 200 57880
120.253.135.82 - - [23/Mar/2024:10:57:16 +0800] "POST /xingrg/kc/buy/cgsh_list_operate.html HTTP/1.1" 200 645
116.232.194.112 - - [23/Mar/2024:10:57:16 +0800] "GET /xingrg/kc/buy/cgsh_order_add.html HTTP/1.1" 200 73743
116.232.194.112 - - [23/Mar/2024:10:57:17 +0800] "POST /xingrg/kc/buy/cgsh_order_operate.html HTTP/1.1" 200 8245
116.232.194.112 - - [23/Mar/2024:10:57:17 +0800] "GET /xingrg/javascript/easyui/themes/default/validatebox.css HTTP/1.1" 404 1104
124.78.60.103 - - [23/Mar/2024:10:57:17 +0800] "POST /xingrg/kc/mdqp/pssh_list_operate.html HTTP/1.1" 200 5291
124.78.60.103 - - [23/Mar/2024:10:57:20 +0800] "POST /xingrg/kc/mdqp/pssh_list_operate.html HTTP/1.1" 200 488
124.78.60.103 - - [23/Mar/2024:10:57:20 +0800] "GET /xingrg/javascript/jquery_tools/jquery-1.4.2.min.js HTTP/1.1" 404 1094
124.78.60.103 - - [23/Mar/2024:10:57:21 +0800] "GET /xingrg/javascript/easyui/themes/default/validatebox.css HTTP/1.1" 404 1104
124.78.60.103 - - [23/Mar/2024:10:57:21 +0800] "POST /xingrg/kc/mdqp/pssh_order_operate.html HTTP/1.1" 200 1593
120.253.135.82 - - [23/Mar/2024:10:57:21 +0800] "GET /xingrg/javascript/jquery_tools/images/next.gif HTTP/1.1" 404 1086
120.253.135.82 - - [23/Mar/2024:10:57:21 +0800] "GET /xingrg/javascript/jquery_tools/images/prev.gif HTTP/1.1" 404 1086
120.253.135.82 - - [23/Mar/2024:10:57:23 +0800] "GET /xingrg/all/function/internal_message.html?_=1711162483761&CODE_STATE=getMsg HTTP/1.1" 200 27
180.163.29.234 - - [23/Mar/2024:10:57:24 +0800] "GET /xingrg/check_reg.html?_=1711162579200 HTTP/1.1" 302 -
180.163.29.234 - - [23/Mar/2024:10:57:24 +0800] "GET /xingrg/login.html HTTP/1.1" 200 7641
116.235.241.21 - - [23/Mar/2024:10:57:24 +0800] "GET /xingrg/check_reg.html?_=1711162667007 HTTP/1.1" 200 22
116.237.74.65 - - [23/Mar/2024:10:57:24 +0800] "GET /xingrg/all/function/internal_message.html?_=1711162639202&CODE_STATE=getMsg HTTP/1.1" 200 27
180.163.28.114 - - [23/Mar/2024:10:57:25 +0800] "GET /xingrg/all/function/internal_message.html?_=1711162579196&CODE_STATE=getMsg HTTP/1.1" 302 -
180.163.28.114 - - [23/Mar/2024:10:57:25 +0800] "GET /xingrg/login.html HTTP/1.1" 200 7641
116.232.194.112 - - [23/Mar/2024:10:57:26 +0800] "GET /xingrg/all/function/internal_message.html?_=1711162615771&CODE_STATE=getMsg HTTP/1.1" 200 27
116.235.241.21 - - [23/Mar/2024:10:57:27 +0800] "GET /xingrg/all/function/internal_message.html?_=1711162669527&CODE_STATE=getMsg HTTP/1.1" 200 27
101.228.147.14 - - [23/Mar/2024:10:57:30 +0800] "GET /xingrg/all/function/internal_message.html?_=1711162649877&CODE_STATE=getMsg HTTP/1.1" 200 27
116.224.254.208 - - [23/Mar/2024:10:57:31 +0800] "GET /xingrg/all/function/internal_message.html?_=1711162651339&CODE_STATE=getMsg HTTP/1.1" 200 27
222.70.183.82 - - [23/Mar/2024:10:57:32 +0800] "GET /xingrg/all/function/internal_message.html?_=1711162649527&CODE_STATE=getMsg HTTP/1.1" 200 27
120.253.135.82 - - [23/Mar/2024:10:57:32 +0800] "GET /xingrg/javascript/auto/indicator.gif HTTP/1.1" 404 1066
120.253.135.82 - - [23/Mar/2024:10:57:37 +0800] "GET /xingrg/all/function/internal_message.html?_=1711162498160&CODE_STATE=getMsg HTTP/1.1" 200 27
120.253.135.82 - - [23/Mar/2024:10:57:48 +0800] "POST /xingrg/kc/buy/cgsh_list_operate.html HTTP/1.1" 200 1967
116.232.194.112 - - [23/Mar/2024:10:57:48 +0800] "GET /xingrg/kc/buy/cgsh_order_operate.html?command=get_materiel&rest_code=00155&code=00101012051&supplier_code=00100012&order_time=2024-03-23 HTTP/1.1" 200 408
124.79.241.4 - - [23/Mar/2024:10:57:49 +0800] "GET /xingrg/all/function/internal_message.html?_=1711162692300&CODE_STATE=getMsg HTTP/1.1" 200 27
114.83.222.168 - - [23/Mar/2024:10:57:53 +0800] "GET /xingrg/all/function/internal_message.html?_=1711162673184&CODE_STATE=getMsg HTTP/1.1" 200 27
180.169.147.146 - - [23/Mar/2024:10:57:53 +0800] "GET /xingrg/check_reg.html?_=1711162668801 HTTP/1.1" 200 22
180.169.147.146 - - [23/Mar/2024:10:57:53 +0800] "GET /xingrg/all/function/internal_message.html?_=1711162668802&CODE_STATE=getMsg HTTP/1.1" 200 27
114.83.222.168 - - [23/Mar/2024:10:57:54 +0800] "GET /xingrg/check_reg.html?_=1711162674434 HTTP/1.1" 200 22
124.78.60.103 - - [23/Mar/2024:10:57:55 +0800] "GET /xingrg/javascript/jquery_tools/jquery-1.4.2.min.js HTTP/1.1" 404 1094
222.69.132.13 - - [23/Mar/2024:10:57:55 +0800] "GET /xingrg/all/function/internal_message.html?_=1711162676824&CODE_STATE=getMsg HTTP/1.1" 200 27
124.78.60.103 - - [23/Mar/2024:10:57:55 +0800] "GET /xingrg/javascript/easyui/themes/default/validatebox.css HTTP/1.1" 404 1104
124.78.60.103 - - [23/Mar/2024:10:57:56 +0800] "POST /xingrg/kc/mdqp/pssh_order_operate.html HTTP/1.1" 200 1593
124.78.60.103 - - [23/Mar/2024:10:57:56 +0800] "POST /xingrg/kc/mdqp/pssh_list_operate.html HTTP/1.1" 200 1574
116.232.194.112 - - [23/Mar/2024:10:57:56 +0800] "GET /xingrg/all/function/internal_message.html?_=1711162645090&CODE_STATE=getMsg HTTP/1.1" 200 27
101.83.144.49 - - [23/Mar/2024:10:57:56 +0800] "GET /xingrg/all/function/internal_message.html?_=1711162676372&CODE_STATE=getMsg HTTP/1.1" 200 27
116.238.97.31 - - [23/Mar/2024:10:58:02 +0800] "GET /xingrg/all/function/internal_message.html?_=1711162682892&CODE_STATE=getMsg HTTP/1.1" 200 27
101.83.144.49 - - [23/Mar/2024:10:58:04 +0800] "GET /xingrg/all/function/internal_message.html?_=1711162442656&CODE_STATE=getMsg HTTP/1.1" 200 27
180.164.1.25 - - [23/Mar/2024:10:58:04 +0800] "GET /xingrg/all/function/internal_message.html?_=1711162684186&CODE_STATE=getMsg HTTP/1.1" 200 27
124.78.60.103 - - [23/Mar/2024:10:58:04 +0800] "GET /xingrg/all/function/internal_message.html?_=1711162684920&CODE_STATE=getMsg HTTP/1.1" 200 27
124.78.60.103 - - [23/Mar/2024:10:58:05 +0800] "POST /xingrg/kc/mdqp/pssh_list_operate.html HTTP/1.1" 200 1574
180.164.1.25 - - [23/Mar/2024:10:58:05 +0800] "GET /xingrg/check_reg.html?_=1711162685230 HTTP/1.1" 200 22
116.232.194.112 - - [23/Mar/2024:10:58:06 +0800] "GET /xingrg/kc/buy/cgsh_order_operate.html?command=get_materiel&rest_code=00155&code=00101006019&supplier_code=00100012&order_time=2024-03-23 HTTP/1.1" 200 417
101.83.144.49 - - [23/Mar/2024:10:58:14 +0800] "GET /xingrg/kc/buy/cgsh_order_operate.html?command=get_materiel&rest_code=00105&code=00101008502&supplier_code=00100008&order_time=2024-03-23 HTTP/1.1" 200 412
124.78.60.103 - - [23/Mar/2024:10:58:15 +0800] "POST /xingrg/kc/mdqp/pssh_list_operate.html HTTP/1.1" 200 1574
124.78.60.103 - - [23/Mar/2024:10:58:17 +0800] "POST /xingrg/kc/mdqp/pssh_list_operate.html HTTP/1.1" 200 5291
124.78.60.103 - - [23/Mar/2024:10:58:20 +0800] "POST /xingrg/kc/mdqp/pssh_list_operate.html HTTP/1.1" 200 257
124.78.60.103 - - [23/Mar/2024:10:58:21 +0800] "GET /xingrg/javascript/jquery_tools/jquery-1.4.2.min.js HTTP/1.1" 404 1094
124.78.60.103 - - [23/Mar/2024:10:58:21 +0800] "GET /xingrg/javascript/easyui/themes/default/validatebox.css HTTP/1.1" 404 1104
124.78.60.103 - - [23/Mar/2024:10:58:21 +0800] "POST /xingrg/kc/mdqp/pssh_order_operate.html HTTP/1.1" 200 526
120.253.135.82 - - [23/Mar/2024:10:58:23 +0800] "GET /xingrg/all/function/internal_message.html?_=1711162543787&CODE_STATE=getMsg HTTP/1.1" 200 27
180.163.30.85 - - [23/Mar/2024:10:58:24 +0800] "GET /xingrg/all/function/internal_message.html?_=1711162639202&CODE_STATE=getMsg HTTP/1.1" 302 -
180.163.30.85 - - [23/Mar/2024:10:58:24 +0800] "GET /xingrg/login.html HTTP/1.1" 200 7641
116.237.74.65 - - [23/Mar/2024:10:58:24 +0800] "GET /xingrg/all/function/internal_message.html?_=1711162699204&CODE_STATE=getMsg HTTP/1.1" 200 27
218.79.29.78 - - [23/Mar/2024:10:58:25 +0800] "GET /xingrg/check_reg.html?_=1711162714695 HTTP/1.1" 302 -
116.232.194.112 - - [23/Mar/2024:10:58:25 +0800] "GET /xingrg/kc/buy/cgsh_order_operate.html?command=get_materiel&rest_code=00155&code=00101006055&supplier_code=00100012&order_time=2024-03-23 HTTP/1.1" 200 409
124.78.60.103 - - [23/Mar/2024:10:58:26 +0800] "POST /xingrg/all/common/load_combo.html?type=base&rest_code=00141 HTTP/1.1" 200 3227
116.232.194.112 - - [23/Mar/2024:10:58:26 +0800] "GET /xingrg/all/function/internal_message.html?_=1711162675770&CODE_STATE=getMsg HTTP/1.1" 200 27
101.83.144.49 - - [23/Mar/2024:10:58:27 +0800] "POST /xingrg/kc/buy/cgsh_order_operate.html HTTP/1.1" 200 2065
116.235.241.21 - - [23/Mar/2024:10:58:27 +0800] "GET /xingrg/all/function/internal_message.html?_=1711162729543&CODE_STATE=getMsg HTTP/1.1" 200 27
101.228.147.14 - - [23/Mar/2024:10:58:30 +0800] "GET /xingrg/all/function/internal_message.html?_=1711162709863&CODE_STATE=getMsg HTTP/1.1" 200 27
101.228.147.14 - - [23/Mar/2024:10:58:30 +0800] "GET /xingrg/check_reg.html?_=1711162709861 HTTP/1.1" 200 22
116.224.254.208 - - [23/Mar/2024:10:58:31 +0800] "GET /xingrg/all/function/internal_message.html?_=1711162711360&CODE_STATE=getMsg HTTP/1.1" 200 27
222.70.183.82 - - [23/Mar/2024:10:58:32 +0800] "GET /xingrg/all/function/internal_message.html?_=1711162709511&CODE_STATE=getMsg HTTP/1.1" 200 27
124.78.60.103 - - [23/Mar/2024:10:58:34 +0800] "POST /xingrg/kc/mdqp/pssh_list_operate.html HTTP/1.1" 200 766
124.78.60.103 - - [23/Mar/2024:10:58:35 +0800] "GET /xingrg/javascript/jquery_tools/jquery-1.4.2.min.js HTTP/1.1" 404 1094
124.78.60.103 - - [23/Mar/2024:10:58:35 +0800] "POST /xingrg/kc/mdqp/pssh_list_operate.html HTTP/1.1" 200 1574
124.78.60.103 - - [23/Mar/2024:10:58:35 +0800] "GET /xingrg/javascript/easyui/themes/default/validatebox.css HTTP/1.1" 404 1104
124.78.60.103 - - [23/Mar/2024:10:58:36 +0800] "POST /xingrg/kc/mdqp/pssh_order_operate.html HTTP/1.1" 200 3094
120.253.135.82 - - [23/Mar/2024:10:58:37 +0800] "GET /xingrg/all/function/internal_message.html?_=1711162558358&CODE_STATE=getMsg HTTP/1.1" 200 27
124.78.60.103 - - [23/Mar/2024:10:58:38 +0800] "POST /xingrg/all/common/load_combo.html?type=base&rest_code=00141 HTTP/1.1" 200 3227
124.78.60.103 - - [23/Mar/2024:10:58:44 +0800] "GET /xingrg/javascript/jquery_tools/images/prev.gif HTTP/1.1" 404 1086
124.78.60.103 - - [23/Mar/2024:10:58:44 +0800] "GET /xingrg/javascript/jquery_tools/images/next.gif HTTP/1.1" 404 1086
124.78.60.103 - - [23/Mar/2024:10:58:47 +0800] "POST /xingrg/all/common/load_combo.html?type=employee HTTP/1.1" 200 362
116.232.194.112 - - [23/Mar/2024:10:58:48 +0800] "GET /xingrg/kc/buy/cgsh_order_operate.html?command=get_materiel&rest_code=00155&code=00101006056&supplier_code=00100012&order_time=2024-03-23 HTTP/1.1" 200 413
124.79.241.4 - - [23/Mar/2024:10:58:49 +0800] "GET /xingrg/all/function/internal_message.html?_=1711162752297&CODE_STATE=getMsg HTTP/1.1" 200 27
114.83.222.168 - - [23/Mar/2024:10:58:53 +0800] "GET /xingrg/all/function/internal_message.html?_=1711162733154&CODE_STATE=getMsg HTTP/1.1" 200 27
180.169.147.146 - - [23/Mar/2024:10:58:53 +0800] "GET /xingrg/all/function/internal_message.html?_=1711162728800&CODE_STATE=getMsg HTTP/1.1" 200 27
222.69.132.13 - - [23/Mar/2024:10:58:55 +0800] "GET /xingrg/all/function/internal_message.html?_=1711162736834&CODE_STATE=getMsg HTTP/1.1" 200 27
116.232.194.112 - - [23/Mar/2024:10:58:56 +0800] "GET /xingrg/all/function/internal_message.html?_=1711162705084&CODE_STATE=getMsg HTTP/1.1" 200 27
101.83.144.49 - - [23/Mar/2024:10:58:56 +0800] "GET /xingrg/all/function/internal_message.html?_=1711162736373&CODE_STATE=getMsg HTTP/1.1" 200 27
124.78.60.103 - - [23/Mar/2024:10:59:00 +0800] "POST /xingrg/kc/mdqp/pssh_order_operate.html HTTP/1.1" 200 37
116.238.97.31 - - [23/Mar/2024:10:59:02 +0800] "GET /xingrg/all/function/internal_message.html?_=1711162742876&CODE_STATE=getMsg HTTP/1.1" 200 27
124.78.60.103 - - [23/Mar/2024:10:59:04 +0800] "POST /xingrg/kc/mdqp/pssh_order_operate.html HTTP/1.1" 200 12
101.83.144.49 - - [23/Mar/2024:10:59:04 +0800] "GET /xingrg/all/function/internal_message.html?_=1711162502640&CODE_STATE=getMsg HTTP/1.1" 200 27
180.164.1.25 - - [23/Mar/2024:10:59:04 +0800] "GET /xingrg/all/function/internal_message.html?_=1711162744185&CODE_STATE=getMsg HTTP/1.1" 200 27
124.78.60.103 - - [23/Mar/2024:10:59:05 +0800] "GET /xingrg/javascript/jquery_tools/jquery-1.4.2.min.js HTTP/1.1" 404 1094
124.78.60.103 - - [23/Mar/2024:10:59:05 +0800] "GET /xingrg/all/function/internal_message.html?_=1711162745868&CODE_STATE=getMsg HTTP/1.1" 200 27
124.78.60.103 - - [23/Mar/2024:10:59:06 +0800] "GET /xingrg/javascript/easyui/themes/default/validatebox.css HTTP/1.1" 404 1104
124.78.60.103 - - [23/Mar/2024:10:59:06 +0800] "POST /xingrg/kc/mdqp/pssh_order_operate.html HTTP/1.1" 200 3094
124.78.60.103 - - [23/Mar/2024:10:59:08 +0800] "GET /xingrg/kc/print/load_data.html?order_code=312024032000358&kc_code=pssh&condition= HTTP/1.1" 200 1527
120.253.135.82 - - [23/Mar/2024:10:59:13 +0800] "GET /xingrg/check_reg.html?_=1711162594195 HTTP/1.1" 200 22
120.253.135.82 - - [23/Mar/2024:10:59:22 +0800] "GET /xingrg/check_reg.html?_=1711162603355 HTTP/1.1" 200 22
120.253.135.82 - - [23/Mar/2024:10:59:23 +0800] "GET /xingrg/all/function/internal_message.html?_=1711162603788&CODE_STATE=getMsg HTTP/1.1" 200 27
116.237.74.65 - - [23/Mar/2024:10:59:24 +0800] "GET /xingrg/all/function/internal_message.html?_=1711162759196&CODE_STATE=getMsg HTTP/1.1" 200 27
116.232.194.112 - - [23/Mar/2024:10:59:26 +0800] "GET /xingrg/all/function/internal_message.html?_=1711162735782&CODE_STATE=getMsg HTTP/1.1" 200 27
116.235.241.21 - - [23/Mar/2024:10:59:27 +0800] "GET /xingrg/all/function/internal_message.html?_=1711162789555&CODE_STATE=getMsg HTTP/1.1" 200 27
180.163.29.219 - - [23/Mar/2024:10:59:27 +0800] "GET /xingrg/all/function/internal_message.html?_=1711162699204&CODE_STATE=getMsg HTTP/1.1" 302 -
180.163.29.219 - - [23/Mar/2024:10:59:27 +0800] "GET /xingrg/login.html HTTP/1.1" 200 7641
124.78.60.103 - - [23/Mar/2024:10:59:28 +0800] "POST /xingrg/kc/mdqp/pssh_list_operate.html HTTP/1.1" 200 1574
218.79.29.78 - - [23/Mar/2024:10:59:29 +0800] "GET /xingrg/check_reg.html?_=1711162778323 HTTP/1.1" 302 -
101.228.147.14 - - [23/Mar/2024:10:59:30 +0800] "GET /xingrg/all/function/internal_message.html?_=1711162769861&CODE_STATE=getMsg HTTP/1.1" 200 27
116.224.254.208 - - [23/Mar/2024:10:59:31 +0800] "GET /xingrg/check_reg.html?_=1711162771359 HTTP/1.1" 200 22
116.224.254.208 - - [23/Mar/2024:10:59:31 +0800] "GET /xingrg/all/function/internal_message.html?_=1711162771361&CODE_STATE=getMsg HTTP/1.1" 200 27
222.70.183.82 - - [23/Mar/2024:10:59:32 +0800] "GET /xingrg/all/function/internal_message.html?_=1711162769482&CODE_STATE=getMsg HTTP/1.1" 200 27
120.253.135.82 - - [23/Mar/2024:10:59:37 +0800] "GET /xingrg/all/function/internal_message.html?_=1711162618359&CODE_STATE=getMsg HTTP/1.1" 200 27
124.78.60.103 - - [23/Mar/2024:10:59:38 +0800] "POST /xingrg/kc/mdqp/pssh_list_operate.html HTTP/1.1" 200 5328
116.232.194.112 - - [23/Mar/2024:10:59:40 +0800] "GET /xingrg/kc/buy/cgsh_order_operate.html?command=get_materiel&rest_code=00155&code=00101006240&supplier_code=00100012&order_time=2024-03-23 HTTP/1.1" 200 422
124.78.60.103 - - [23/Mar/2024:10:59:41 +0800] "POST /xingrg/kc/mdqp/pssh_list_operate.html HTTP/1.1" 200 257
124.78.60.103 - - [23/Mar/2024:10:59:41 +0800] "GET /xingrg/javascript/jquery_tools/jquery-1.4.2.min.js HTTP/1.1" 404 1094
124.78.60.103 - - [23/Mar/2024:10:59:41 +0800] "GET /xingrg/javascript/easyui/themes/default/validatebox.css HTTP/1.1" 404 1104
124.78.60.103 - - [23/Mar/2024:10:59:41 +0800] "POST /xingrg/kc/mdqp/pssh_order_operate.html HTTP/1.1" 200 526
124.78.60.103 - - [23/Mar/2024:10:59:44 +0800] "POST /xingrg/all/common/load_combo.html?type=base&rest_code=00141 HTTP/1.1" 200 3227
124.79.241.4 - - [23/Mar/2024:10:59:49 +0800] "GET /xingrg/all/function/internal_message.html?_=1711162812294&CODE_STATE=getMsg HTTP/1.1" 200 27
120.253.135.82 - - [23/Mar/2024:10:59:51 +0800] "POST /xingrg/kc/buy/cgsh_list_operate.html HTTP/1.1" 200 284
114.83.222.168 - - [23/Mar/2024:10:59:53 +0800] "GET /xingrg/all/function/internal_message.html?_=1711162793143&CODE_STATE=getMsg HTTP/1.1" 200 27
180.169.147.146 - - [23/Mar/2024:10:59:53 +0800] "GET /xingrg/all/function/internal_message.html?_=1711162788799&CODE_STATE=getMsg HTTP/1.1" 200 27
101.83.144.49 - - [23/Mar/2024:10:59:54 +0800] "GET /xingrg/kc/buy/cgsh_order_operate.html?command=get_materiel&rest_code=00105&code=00101008087&supplier_code=00100008&order_time=2024-03-23 HTTP/1.1" 200 412
124.78.60.103 - - [23/Mar/2024:10:59:54 +0800] "GET /xingrg/javascript/jquery_tools/images/next.gif HTTP/1.1" 404 1086
124.78.60.103 - - [23/Mar/2024:10:59:54 +0800] "GET /xingrg/javascript/jquery_tools/images/prev.gif HTTP/1.1" 404 1086
120.253.135.82 - - [23/Mar/2024:10:59:54 +0800] "GET /xingrg/kc/buy/cgsh_order_info.html?code=212024030802338 HTTP/1.1" 200 67616
120.253.135.82 - - [23/Mar/2024:10:59:55 +0800] "GET /xingrg/javascript/easyui/themes/default/validatebox.css HTTP/1.1" 404 1104
222.69.132.13 - - [23/Mar/2024:10:59:55 +0800] "GET /xingrg/all/function/internal_message.html?_=1711162796834&CODE_STATE=getMsg HTTP/1.1" 200 27
120.253.135.82 - - [23/Mar/2024:10:59:56 +0800] "POST /xingrg/kc/buy/cgsh_order_operate.html HTTP/1.1" 200 1221
116.232.194.112 - - [23/Mar/2024:10:59:56 +0800] "GET /xingrg/all/function/internal_message.html?_=1711162765081&CODE_STATE=getMsg HTTP/1.1" 200 27
101.83.144.49 - - [23/Mar/2024:10:59:56 +0800] "GET /xingrg/all/function/internal_message.html?_=1711162796375&CODE_STATE=getMsg HTTP/1.1" 200 27
124.78.60.103 - - [23/Mar/2024:10:59:56 +0800] "POST /xingrg/all/common/load_combo.html?type=employee HTTP/1.1" 200 362
116.232.194.112 - - [23/Mar/2024:11:00:02 +0800] "GET /xingrg/kc/buy/cgsh_order_operate.html?command=get_materiel&rest_code=00155&code=00101016030&supplier_code=00100012&order_time=2024-03-23 HTTP/1.1" 200 412
116.238.97.31 - - [23/Mar/2024:11:00:02 +0800] "GET /xingrg/all/function/internal_message.html?_=1711162802858&CODE_STATE=getMsg HTTP/1.1" 200 27
124.78.60.103 - - [23/Mar/2024:11:00:03 +0800] "POST /xingrg/kc/mdqp/pssh_order_operate.html HTTP/1.1" 200 37
116.238.97.31 - - [23/Mar/2024:11:00:03 +0800] "GET /xingrg/check_reg.html?_=1711162803523 HTTP/1.1" 200 22
101.83.144.49 - - [23/Mar/2024:11:00:04 +0800] "GET /xingrg/all/function/internal_message.html?_=1711162562643&CODE_STATE=getMsg HTTP/1.1" 200 27
180.164.1.25 - - [23/Mar/2024:11:00:04 +0800] "GET /xingrg/all/function/internal_message.html?_=1711162804157&CODE_STATE=getMsg HTTP/1.1" 200 27
124.78.60.103 - - [23/Mar/2024:11:00:04 +0800] "GET /xingrg/check_reg.html?_=1711162804930 HTTP/1.1" 200 22
124.78.60.103 - - [23/Mar/2024:11:00:05 +0800] "GET /xingrg/all/function/internal_message.html?_=1711162805866&CODE_STATE=getMsg HTTP/1.1" 200 27
124.78.60.103 - - [23/Mar/2024:11:00:06 +0800] "POST /xingrg/kc/mdqp/pssh_order_operate.html HTTP/1.1" 200 12
124.78.60.103 - - [23/Mar/2024:11:00:07 +0800] "GET /xingrg/javascript/jquery_tools/jquery-1.4.2.min.js HTTP/1.1" 404 1094
124.78.60.103 - - [23/Mar/2024:11:00:07 +0800] "GET /xingrg/javascript/easyui/themes/default/validatebox.css HTTP/1.1" 404 1104
124.78.60.103 - - [23/Mar/2024:11:00:08 +0800] "POST /xingrg/kc/mdqp/pssh_order_operate.html HTTP/1.1" 200 526
124.78.60.103 - - [23/Mar/2024:11:00:10 +0800] "GET /xingrg/kc/print/load_data.html?order_code=312024032000366&kc_code=pssh&condition= HTTP/1.1" 200 657
116.237.74.65 - - [23/Mar/2024:11:00:15 +0800] "POST /xingrg/kc/base/wldb_list_operate.html HTTP/1.1" 200 5530
116.232.194.112 - - [23/Mar/2024:11:00:17 +0800] "GET /xingrg/kc/buy/cgsh_order_operate.html?command=get_materiel&rest_code=00155&code=00101011005&supplier_code=00100012&order_time=2024-03-23 HTTP/1.1" 200 429
222.70.115.1 - - [23/Mar/2024:11:00:18 +0800] "GET /favicon.ico HTTP/1.1" 404 -
124.78.60.103 - - [23/Mar/2024:11:00:20 +0800] "POST /xingrg/kc/mdqp/pssh_list_operate.html HTTP/1.1" 200 256
222.70.115.1 - - [23/Mar/2024:11:00:21 +0800] "GET /xingrg/index.html?sysBaseUrl=http%3A%2F%2F180.169.147.146%3A18081%2Fxingrg%2F&costTime=1301×tamp=1711082300751 HTTP/1.1" 302 -
222.70.115.1 - - [23/Mar/2024:11:00:21 +0800] "GET /xingrg/login.html HTTP/1.1" 200 7641
222.70.115.1 - - [23/Mar/2024:11:00:22 +0800] "GET /favicon.ico HTTP/1.1" 404 -
124.78.60.103 - - [23/Mar/2024:11:00:22 +0800] "POST /xingrg/kc/mdqp/pssh_list_operate.html HTTP/1.1" 200 1574
124.78.60.103 - - [23/Mar/2024:11:00:22 +0800] "GET /xingrg/kc/mdqp/pssh_order_info.html?code=312024032100380 HTTP/1.1" 200 17301
124.78.60.103 - - [23/Mar/2024:11:00:22 +0800] "GET /xingrg/javascript/jquery_tools/jquery-1.4.2.min.js HTTP/1.1" 404 1094
120.253.135.82 - - [23/Mar/2024:11:00:23 +0800] "GET /xingrg/all/function/internal_message.html?_=1711162663803&CODE_STATE=getMsg HTTP/1.1" 200 27
124.78.60.103 - - [23/Mar/2024:11:00:23 +0800] "GET /xingrg/javascript/easyui/themes/default/validatebox.css HTTP/1.1" 404 1104
124.78.60.103 - - [23/Mar/2024:11:00:23 +0800] "POST /xingrg/kc/mdqp/pssh_order_operate.html HTTP/1.1" 200 529
116.237.74.65 - - [23/Mar/2024:11:00:24 +0800] "GET /xingrg/all/function/internal_message.html?_=1711162819207&CODE_STATE=getMsg HTTP/1.1" 200 27
124.78.60.103 - - [23/Mar/2024:11:00:26 +0800] "POST /xingrg/all/common/load_combo.html?type=employee HTTP/1.1" 200 362
116.232.194.112 - - [23/Mar/2024:11:00:26 +0800] "GET /xingrg/all/function/internal_message.html?_=1711162795763&CODE_STATE=getMsg HTTP/1.1" 200 27
116.235.241.21 - - [23/Mar/2024:11:00:27 +0800] "GET /xingrg/all/function/internal_message.html?_=1711162849748&CODE_STATE=getMsg HTTP/1.1" 200 27
101.228.147.14 - - [23/Mar/2024:11:00:30 +0800] "GET /xingrg/all/function/internal_message.html?_=1711162829859&CODE_STATE=getMsg HTTP/1.1" 200 27
116.224.254.208 - - [23/Mar/2024:11:00:31 +0800] "GET /xingrg/all/function/internal_message.html?_=1711162831360&CODE_STATE=getMsg HTTP/1.1" 200 27
222.70.183.82 - - [23/Mar/2024:11:00:32 +0800] "GET /xingrg/all/function/internal_message.html?_=1711162829465&CODE_STATE=getMsg HTTP/1.1" 200 27
124.78.60.103 - - [23/Mar/2024:11:00:33 +0800] "POST /xingrg/kc/mdqp/pssh_order_operate.html HTTP/1.1" 200 37
222.70.115.1 - - [23/Mar/2024:11:00:35 +0800] "POST /xingrg/login.do HTTP/1.1" 302 -
222.70.115.1 - - [23/Mar/2024:11:00:35 +0800] "GET /xingrg/index.html?sysBaseUrl=http%3A%2F%2F180.169.147.146%3A18081%2Fxingrg%2F&costTime=2348×tamp=1711162835866 HTTP/1.1" 200 17503
222.70.115.1 - - [23/Mar/2024:11:00:36 +0800] "GET /favicon.ico HTTP/1.1" 404 -
222.70.115.1 - - [23/Mar/2024:11:00:36 +0800] "GET /xingrg/all/function/internal_message.html?_=1711162836172&CODE_STATE=count HTTP/1.1" 200 11
222.70.115.1 - - [23/Mar/2024:11:00:36 +0800] "GET /xingrg/check_reg.html?_=1711162836173 HTTP/1.1" 200 22
222.70.115.1 - - [23/Mar/2024:11:00:36 +0800] "GET /xingrg/javascript/jquery_easy_ui/themes/default/images/panel_tool_expand.gif HTTP/1.1" 200 247
222.70.115.1 - - [23/Mar/2024:11:00:36 +0800] "POST /xingrg/all/common/load_tree.html?tree=area_rest_tree_json&manage=1 HTTP/1.1" 200 2231
222.70.115.1 - - [23/Mar/2024:11:00:36 +0800] "POST /xingrg/load_menu.html HTTP/1.1" 200 11564
222.70.115.1 - - [23/Mar/2024:11:00:36 +0800] "GET /xingrg/javascript/jquery_easy_ui/themes/icons/delivery_new.png HTTP/1.1" 200 700
222.70.115.1 - - [23/Mar/2024:11:00:36 +0800] "GET /xingrg/javascript/jquery_easy_ui/themes/icons/checkout_new.png HTTP/1.1" 200 744
222.70.115.1 - - [23/Mar/2024:11:00:36 +0800] "GET /xingrg/javascript/jquery_easy_ui/themes/icons/systemset_new.png HTTP/1.1" 200 606
222.70.115.1 - - [23/Mar/2024:11:00:36 +0800] "GET /xingrg/javascript/jquery_easy_ui/themes/icons/setting_new.png HTTP/1.1" 200 450
124.78.60.103 - - [23/Mar/2024:11:00:37 +0800] "POST /xingrg/kc/mdqp/pssh_order_operate.html HTTP/1.1" 200 12
120.253.135.82 - - [23/Mar/2024:11:00:37 +0800] "GET /xingrg/all/function/internal_message.html?_=1711162678373&CODE_STATE=getMsg HTTP/1.1" 200 27
124.78.60.103 - - [23/Mar/2024:11:00:38 +0800] "GET /xingrg/javascript/jquery_tools/jquery-1.4.2.min.js HTTP/1.1" 404 1094
124.78.60.103 - - [23/Mar/2024:11:00:39 +0800] "GET /xingrg/javascript/easyui/themes/default/validatebox.css HTTP/1.1" 404 1104
124.78.60.103 - - [23/Mar/2024:11:00:39 +0800] "POST /xingrg/kc/mdqp/pssh_order_operate.html HTTP/1.1" 200 529
124.78.60.103 - - [23/Mar/2024:11:00:41 +0800] "GET /xingrg/kc/print/load_data.html?order_code=312024032100380&kc_code=pssh&condition= HTTP/1.1" 200 657
222.70.115.1 - - [23/Mar/2024:11:00:41 +0800] "POST /xingrg/load_menu.html HTTP/1.1" 200 10483
116.232.194.112 - - [23/Mar/2024:11:00:42 +0800] "POST /xingrg/kc/buy/cgsh_order_operate.html HTTP/1.1" 200 37
222.70.115.1 - - [23/Mar/2024:11:00:44 +0800] "GET /xingrg/all/report/report_query.html?fileName=dma/new_5.0/yingye/yy_hz.xml&rw=1600 HTTP/1.1" 200 56155
222.70.115.1 - - [23/Mar/2024:11:00:44 +0800] "GET /xingrg/javascript/multi_select/jqueryMultiSelect.css HTTP/1.1" 200 951
222.70.115.1 - - [23/Mar/2024:11:00:44 +0800] "GET /xingrg/javascript/calendar/timePicker.css HTTP/1.1" 200 523
222.70.115.1 - - [23/Mar/2024:11:00:44 +0800] "GET /xingrg/javascript/bigrid/fix.css HTTP/1.1" 200 1702
222.70.115.1 - - [23/Mar/2024:11:00:44 +0800] "GET /xingrg/dwr/interface/AjaxReportQueryService.js HTTP/1.1" 200 13203
222.70.115.1 - - [23/Mar/2024:11:00:44 +0800] "GET /xingrg/dwr/util.js HTTP/1.1" 200 35990
222.70.115.1 - - [23/Mar/2024:11:00:44 +0800] "GET /xingrg/javascript/calendar/jquery.timePicker.min.js HTTP/1.1" 200 2997
222.70.115.1 - - [23/Mar/2024:11:00:44 +0800] "GET /xingrg/javascript/jqueryMultiSelect.js HTTP/1.1" 200 11866
222.70.115.1 - - [23/Mar/2024:11:00:44 +0800] "GET /xingrg/javascript/Calendar.js HTTP/1.1" 200 31561
222.70.115.1 - - [23/Mar/2024:11:00:44 +0800] "GET /xingrg/dwr/engine.js HTTP/1.1" 200 43631
222.70.115.1 - - [23/Mar/2024:11:00:44 +0800] "GET /xingrg/javascript/bigrid/fix.js HTTP/1.1" 200 6439
222.70.115.1 - - [23/Mar/2024:11:00:44 +0800] "GET /xingrg/images/blue/button/advance2over.gif HTTP/1.1" 200 1336
222.70.115.1 - - [23/Mar/2024:11:00:44 +0800] "GET /xingrg/images/blue/button/advanceover.gif HTTP/1.1" 200 1347
222.70.115.1 - - [23/Mar/2024:11:00:44 +0800] "GET /xingrg/images/control/loading.gif HTTP/1.1" 200 13463
222.70.115.1 - - [23/Mar/2024:11:00:44 +0800] "GET /xingrg/images/blue/button/back2over.gif HTTP/1.1" 200 1335
222.70.115.1 - - [23/Mar/2024:11:00:44 +0800] "GET /xingrg/images/blue/button/backover.gif HTTP/1.1" 200 1348
222.70.115.1 - - [23/Mar/2024:11:00:44 +0800] "GET /xingrg/javascript/jquery_easy_ui/themes/default/images/menu_downarrow.png HTTP/1.1" 200 173
222.70.115.1 - - [23/Mar/2024:11:00:44 +0800] "GET /xingrg/javascript/jquery_easy_ui/themes/icons/help.png HTTP/1.1" 200 1187
222.70.115.1 - - [23/Mar/2024:11:00:44 +0800] "GET /xingrg/javascript/jquery_easy_ui/themes/icons/print.png HTTP/1.1" 200 1057
222.70.115.1 - - [23/Mar/2024:11:00:44 +0800] "GET /xingrg/javascript/jquery_easy_ui/themes/default/images/menu.gif HTTP/1.1" 200 834
222.70.115.1 - - [23/Mar/2024:11:00:44 +0800] "GET /xingrg/javascript/jquery_easy_ui/themes/default/images/button_a_bg.gif HTTP/1.1" 200 1194
222.70.115.1 - - [23/Mar/2024:11:00:44 +0800] "GET /xingrg/javascript/jquery_easy_ui/themes/default/images/menu_rightarrow.png HTTP/1.1" 200 3617
222.70.115.1 - - [23/Mar/2024:11:00:44 +0800] "GET /xingrg/javascript/jquery_easy_ui/themes/icons/pencil.png HTTP/1.1" 200 713
222.70.115.1 - - [23/Mar/2024:11:00:44 +0800] "POST /xingrg/dwr/call/plaincall/AjaxReportQueryService.getFixDate.dwr HTTP/1.1" 200 111
222.70.115.1 - - [23/Mar/2024:11:00:44 +0800] "GET /xingrg/javascript/jquery_easy_ui/themes/default/images/combo_arrow_dot.gif HTTP/1.1" 200 79
116.232.194.112 - - [23/Mar/2024:11:00:44 +0800] "POST /xingrg/kc/buy/cgsh_order_operate.html HTTP/1.1" 200 6805
222.70.115.1 - - [23/Mar/2024:11:00:44 +0800] "POST /xingrg/all/common/load_tree.html?tree=area_station_tree_json&manage=1 HTTP/1.1" 200 2159
222.70.115.1 - - [23/Mar/2024:11:00:44 +0800] "GET /xingrg/javascript/jquery_easy_ui/themes/default/images/tree_checkbox_0.gif HTTP/1.1" 200 168
222.70.115.1 - - [23/Mar/2024:11:00:46 +0800] "GET /xingrg/javascript/jquery_easy_ui/themes/icons/manage.png HTTP/1.1" 200 696
116.232.194.112 - - [23/Mar/2024:11:00:47 +0800] "GET /xingrg/kc/print/load_data.html?order_code=212024032306824&kc_code=cgsh&condition= HTTP/1.1" 200 2345
124.79.241.4 - - [23/Mar/2024:11:00:49 +0800] "GET /xingrg/all/function/internal_message.html?_=1711162872306&CODE_STATE=getMsg HTTP/1.1" 200 27
124.79.241.4 - - [23/Mar/2024:11:00:49 +0800] "GET /xingrg/check_reg.html?_=1711162872307 HTTP/1.1" 200 22
222.70.115.1 - - [23/Mar/2024:11:00:50 +0800] "POST /xingrg/dwr/call/plaincall/AjaxReportQueryService.getFixDate.dwr HTTP/1.1" 200 111
222.70.115.1 - - [23/Mar/2024:11:00:51 +0800] "GET /xingrg/javascript/jquery_easy_ui/themes/default/images/button_plain_hover.png HTTP/1.1" 200 252
222.70.115.1 - - [23/Mar/2024:11:00:51 +0800] "POST /xingrg/dwr/call/plaincall/AjaxReportQueryService.refreshCache.dwr HTTP/1.1" 200 78
222.70.115.1 - - [23/Mar/2024:11:00:52 +0800] "POST /xingrg/all/report/load_report_page.html HTTP/1.1" 200 136672
222.70.115.1 - - [23/Mar/2024:11:00:52 +0800] "GET /xingrg/servlets/image?cache=0.6964632620451009&image=px HTTP/1.1" 200 807
114.83.222.168 - - [23/Mar/2024:11:00:53 +0800] "GET /xingrg/all/function/internal_message.html?_=1711162853127&CODE_STATE=getMsg HTTP/1.1" 200 27
180.169.147.146 - - [23/Mar/2024:11:00:53 +0800] "GET /xingrg/all/function/internal_message.html?_=1711162848798&CODE_STATE=getMsg HTTP/1.1" 200 27
222.69.132.13 - - [23/Mar/2024:11:00:55 +0800] "GET /xingrg/all/function/internal_message.html?_=1711162856839&CODE_STATE=getMsg HTTP/1.1" 200 27
222.69.132.13 - - [23/Mar/2024:11:00:55 +0800] "GET /xingrg/check_reg.html?_=1711162856843 HTTP/1.1" 200 22
116.232.194.112 - - [23/Mar/2024:11:00:56 +0800] "GET /xingrg/all/function/internal_message.html?_=1711162825087&CODE_STATE=getMsg HTTP/1.1" 200 27
101.83.144.49 - - [23/Mar/2024:11:00:56 +0800] "GET /xingrg/all/function/internal_message.html?_=1711162856377&CODE_STATE=getMsg HTTP/1.1" 200 27
116.238.97.31 - - [23/Mar/2024:11:01:02 +0800] "GET /xingrg/all/function/internal_message.html?_=1711162862848&CODE_STATE=getMsg HTTP/1.1" 200 27
101.83.144.49 - - [23/Mar/2024:11:01:04 +0800] "GET /xingrg/all/function/internal_message.html?_=1711162622638&CODE_STATE=getMsg HTTP/1.1" 200 27
180.164.1.25 - - [23/Mar/2024:11:01:04 +0800] "GET /xingrg/all/function/internal_message.html?_=1711162864152&CODE_STATE=getMsg HTTP/1.1" 200 27
222.70.115.1 - - [23/Mar/2024:11:01:05 +0800] "POST /xingrg/dwr/call/plaincall/AjaxReportQueryService.getFixDate.dwr HTTP/1.1" 200 111
124.78.60.103 - - [23/Mar/2024:11:01:05 +0800] "GET /xingrg/all/function/internal_message.html?_=1711162865847&CODE_STATE=getMsg HTTP/1.1" 200 27
222.70.115.1 - - [23/Mar/2024:11:01:06 +0800] "POST /xingrg/dwr/call/plaincall/AjaxReportQueryService.refreshCache.dwr HTTP/1.1" 200 78
222.70.115.1 - - [23/Mar/2024:11:01:08 +0800] "POST /xingrg/all/report/load_report_page.html HTTP/1.1" 200 136987
222.70.115.1 - - [23/Mar/2024:11:01:08 +0800] "GET /xingrg/servlets/image?cache=0.2771989576006072&image=px HTTP/1.1" 200 807
180.169.147.146 - - [23/Mar/2024:11:01:17 +0800] "GET /xingrg/kc/buy/cgsh_order_add.html HTTP/1.1" 200 73702
180.169.147.146 - - [23/Mar/2024:11:01:17 +0800] "POST /xingrg/kc/buy/cgsh_order_operate.html HTTP/1.1" 200 8245
180.169.147.146 - - [23/Mar/2024:11:01:17 +0800] "GET /xingrg/javascript/easyui/themes/default/validatebox.css HTTP/1.1" 404 1104
120.253.135.82 - - [23/Mar/2024:11:01:23 +0800] "GET /xingrg/all/function/internal_message.html?_=1711162723817&CODE_STATE=getMsg HTTP/1.1" 200 27
180.163.29.103 - - [23/Mar/2024:11:01:24 +0800] "GET /xingrg/all/function/internal_message.html?_=1711162819207&CODE_STATE=getMsg HTTP/1.1" 302 -
180.163.29.103 - - [23/Mar/2024:11:01:24 +0800] "GET /xingrg/login.html HTTP/1.1" 200 7641
116.237.74.65 - - [23/Mar/2024:11:01:24 +0800] "GET /xingrg/check_reg.html?_=1711162879215 HTTP/1.1" 200 22
116.237.74.65 - - [23/Mar/2024:11:01:24 +0800] "GET /xingrg/all/function/internal_message.html?_=1711162879210&CODE_STATE=getMsg HTTP/1.1" 200 27
124.78.60.103 - - [23/Mar/2024:11:01:25 +0800] "POST /xingrg/kc/mdqp/pssh_list_operate.html HTTP/1.1" 200 1574
116.232.194.112 - - [23/Mar/2024:11:01:26 +0800] "GET /xingrg/all/function/internal_message.html?_=1711162855773&CODE_STATE=getMsg HTTP/1.1" 200 27
116.232.194.112 - - [23/Mar/2024:11:01:26 +0800] "GET /xingrg/check_reg.html?_=1711162855777 HTTP/1.1" 200 22
116.235.241.21 - - [23/Mar/2024:11:01:27 +0800] "GET /xingrg/all/function/internal_message.html?_=1711162909754&CODE_STATE=getMsg HTTP/1.1" 200 27
101.228.147.14 - - [23/Mar/2024:11:01:30 +0800] "GET /xingrg/all/function/internal_message.html?_=1711162889858&CODE_STATE=getMsg HTTP/1.1" 200 27
116.224.254.208 - - [23/Mar/2024:11:01:31 +0800] "GET /xingrg/all/function/internal_message.html?_=1711162891349&CODE_STATE=getMsg HTTP/1.1" 200 27
124.78.60.103 - - [23/Mar/2024:11:01:32 +0800] "GET /xingrg/images/yd/bt.gif HTTP/1.1" 404 1040
222.70.183.82 - - [23/Mar/2024:11:01:32 +0800] "GET /xingrg/all/function/internal_message.html?_=1711162889449&CODE_STATE=getMsg HTTP/1.1" 200 27
222.70.183.82 - - [23/Mar/2024:11:01:32 +0800] "GET /xingrg/check_reg.html?_=1711162889590 HTTP/1.1" 200 22
124.78.60.103 - - [23/Mar/2024:11:01:33 +0800] "POST /xingrg/kc/mdqp/pssh_list_operate.html HTTP/1.1" 200 5384
124.78.60.103 - - [23/Mar/2024:11:01:35 +0800] "POST /xingrg/kc/mdqp/pssh_list_operate.html HTTP/1.1" 200 365
222.70.115.1 - - [23/Mar/2024:11:01:36 +0800] "GET /xingrg/all/function/internal_message.html?_=1711162896177&CODE_STATE=getMsg HTTP/1.1" 200 27
124.78.60.103 - - [23/Mar/2024:11:01:36 +0800] "GET /xingrg/javascript/jquery_tools/jquery-1.4.2.min.js HTTP/1.1" 404 1094
124.78.60.103 - - [23/Mar/2024:11:01:37 +0800] "GET /xingrg/javascript/easyui/themes/default/validatebox.css HTTP/1.1" 404 1104
124.78.60.103 - - [23/Mar/2024:11:01:37 +0800] "POST /xingrg/kc/mdqp/pssh_order_operate.html HTTP/1.1" 200 1089
120.253.135.82 - - [23/Mar/2024:11:01:37 +0800] "GET /xingrg/all/function/internal_message.html?_=1711162738573&CODE_STATE=getMsg HTTP/1.1" 200 27
124.78.60.103 - - [23/Mar/2024:11:01:39 +0800] "GET /xingrg/javascript/jquery_tools/images/prev.gif HTTP/1.1" 404 1086
124.78.60.103 - - [23/Mar/2024:11:01:39 +0800] "GET /xingrg/javascript/jquery_tools/images/next.gif HTTP/1.1" 404 1086
124.78.60.103 - - [23/Mar/2024:11:01:44 +0800] "POST /xingrg/all/common/load_combo.html?type=employee HTTP/1.1" 200 362
124.79.241.4 - - [23/Mar/2024:11:01:49 +0800] "GET /xingrg/all/function/internal_message.html?_=1711162932298&CODE_STATE=getMsg HTTP/1.1" 200 27
124.78.60.103 - - [23/Mar/2024:11:01:51 +0800] "POST /xingrg/kc/mdqp/pssh_order_operate.html HTTP/1.1" 200 37
114.83.222.168 - - [23/Mar/2024:11:01:52 +0800] "GET /xingrg/all/function/internal_message.html?_=1711162913114&CODE_STATE=getMsg HTTP/1.1" 200 27
180.169.147.146 - - [23/Mar/2024:11:01:53 +0800] "GET /xingrg/all/function/internal_message.html?_=1711162908802&CODE_STATE=getMsg HTTP/1.1" 200 27
124.78.60.103 - - [23/Mar/2024:11:01:54 +0800] "POST /xingrg/kc/mdqp/pssh_order_operate.html HTTP/1.1" 200 12
124.78.60.103 - - [23/Mar/2024:11:01:55 +0800] "GET /xingrg/javascript/jquery_tools/jquery-1.4.2.min.js HTTP/1.1" 404 1094
222.69.132.13 - - [23/Mar/2024:11:01:55 +0800] "GET /xingrg/all/function/internal_message.html?_=1711162916837&CODE_STATE=getMsg HTTP/1.1" 200 27
124.78.60.103 - - [23/Mar/2024:11:01:55 +0800] "GET /xingrg/javascript/easyui/themes/default/validatebox.css HTTP/1.1" 404 1104
124.78.60.103 - - [23/Mar/2024:11:01:55 +0800] "POST /xingrg/kc/mdqp/pssh_order_operate.html HTTP/1.1" 200 1089
116.232.194.112 - - [23/Mar/2024:11:01:56 +0800] "GET /xingrg/check_reg.html?_=1711162885091 HTTP/1.1" 200 22
116.232.194.112 - - [23/Mar/2024:11:01:56 +0800] "GET /xingrg/all/function/internal_message.html?_=1711162885095&CODE_STATE=getMsg HTTP/1.1" 200 27
101.83.144.49 - - [23/Mar/2024:11:01:56 +0800] "GET /xingrg/check_reg.html?_=1711162916378 HTTP/1.1" 200 22
101.83.144.49 - - [23/Mar/2024:11:01:56 +0800] "GET /xingrg/all/function/internal_message.html?_=1711162916382&CODE_STATE=getMsg HTTP/1.1" 200 27
124.78.60.103 - - [23/Mar/2024:11:01:57 +0800] "GET /xingrg/kc/print/load_data.html?order_code=312024032100379&kc_code=pssh&condition= HTTP/1.1" 200 866
116.232.194.112 - - [23/Mar/2024:11:02:00 +0800] "GET /xingrg/kc/print/load_data.html?order_code=212024032306824&kc_code=cgsh HTTP/1.1" 200 2345
116.238.97.31 - - [23/Mar/2024:11:02:02 +0800] "GET /xingrg/all/function/internal_message.html?_=1711162922834&CODE_STATE=getMsg HTTP/1.1" 200 27
101.83.144.49 - - [23/Mar/2024:11:02:04 +0800] "GET /xingrg/all/function/internal_message.html?_=1711162682642&CODE_STATE=getMsg HTTP/1.1" 200 27
101.83.144.49 - - [23/Mar/2024:11:02:04 +0800] "GET /xingrg/check_reg.html?_=1711162682661 HTTP/1.1" 200 22
180.164.1.25 - - [23/Mar/2024:11:02:04 +0800] "GET /xingrg/all/function/internal_message.html?_=1711162924132&CODE_STATE=getMsg HTTP/1.1" 200 27
124.78.60.103 - - [23/Mar/2024:11:02:05 +0800] "GET /xingrg/all/function/internal_message.html?_=1711162925828&CODE_STATE=getMsg HTTP/1.1" 200 27
124.78.60.103 - - [23/Mar/2024:11:02:07 +0800] "POST /xingrg/kc/mdqp/pssh_list_operate.html HTTP/1.1" 200 785
124.78.60.103 - - [23/Mar/2024:11:02:13 +0800] "GET /xingrg/javascript/jquery_tools/jquery-1.4.2.min.js HTTP/1.1" 404 1094
124.78.60.103 - - [23/Mar/2024:11:02:14 +0800] "POST /xingrg/kc/mdqp/pssh_list_operate.html HTTP/1.1" 200 1574
124.78.60.103 - - [23/Mar/2024:11:02:14 +0800] "POST /xingrg/kc/mdqp/pssh_order_operate.html HTTP/1.1" 200 6412
124.78.60.103 - - [23/Mar/2024:11:02:14 +0800] "GET /xingrg/javascript/easyui/themes/default/validatebox.css HTTP/1.1" 404 1104
124.78.60.103 - - [23/Mar/2024:11:02:18 +0800] "POST /xingrg/all/common/load_combo.html?type=employee HTTP/1.1" 200 362
120.253.135.82 - - [23/Mar/2024:11:02:23 +0800] "GET /xingrg/all/function/internal_message.html?_=1711162783839&CODE_STATE=getMsg HTTP/1.1" 200 27
124.78.60.103 - - [23/Mar/2024:11:02:23 +0800] "POST /xingrg/kc/mdqp/pssh_order_operate.html HTTP/1.1" 200 37
116.237.74.65 - - [23/Mar/2024:11:02:24 +0800] "GET /xingrg/all/function/internal_message.html?_=1711162939201&CODE_STATE=getMsg HTTP/1.1" 200 27
116.235.241.21 - - [23/Mar/2024:11:02:25 +0800] "GET /xingrg/check_reg.html?_=1711162967158 HTTP/1.1" 200 22
116.232.194.112 - - [23/Mar/2024:11:02:26 +0800] "GET /xingrg/all/function/internal_message.html?_=1711162915784&CODE_STATE=getMsg HTTP/1.1" 200 27
124.78.60.103 - - [23/Mar/2024:11:02:27 +0800] "POST /xingrg/kc/mdqp/pssh_order_operate.html HTTP/1.1" 200 12
116.235.241.21 - - [23/Mar/2024:11:02:27 +0800] "GET /xingrg/all/function/internal_message.html?_=1711162969767&CODE_STATE=getMsg HTTP/1.1" 200 27
124.78.60.103 - - [23/Mar/2024:11:02:28 +0800] "GET /xingrg/javascript/jquery_tools/jquery-1.4.2.min.js HTTP/1.1" 404 1094
124.78.60.103 - - [23/Mar/2024:11:02:28 +0800] "GET /xingrg/javascript/easyui/themes/default/validatebox.css HTTP/1.1" 404 1104
124.78.60.103 - - [23/Mar/2024:11:02:28 +0800] "POST /xingrg/kc/mdqp/pssh_order_operate.html HTTP/1.1" 200 6412
101.228.147.14 - - [23/Mar/2024:11:02:30 +0800] "GET /xingrg/all/function/internal_message.html?_=1711162949859&CODE_STATE=getMsg HTTP/1.1" 200 27
124.78.60.103 - - [23/Mar/2024:11:02:31 +0800] "GET /xingrg/kc/print/load_data.html?order_code=312024032100378&kc_code=pssh&condition= HTTP/1.1" 200 2755
116.224.254.208 - - [23/Mar/2024:11:02:31 +0800] "GET /xingrg/all/function/internal_message.html?_=1711162951341&CODE_STATE=getMsg HTTP/1.1" 200 27
222.70.183.82 - - [23/Mar/2024:11:02:32 +0800] "GET /xingrg/all/function/internal_message.html?_=1711162949419&CODE_STATE=getMsg HTTP/1.1" 200 27
222.70.115.1 - - [23/Mar/2024:11:02:36 +0800] "GET /xingrg/all/function/internal_message.html?_=1711162956186&CODE_STATE=getMsg HTTP/1.1" 200 27
120.253.135.82 - - [23/Mar/2024:11:02:37 +0800] "GET /xingrg/all/function/internal_message.html?_=1711162798587&CODE_STATE=getMsg HTTP/1.1" 200 27
124.78.60.103 - - [23/Mar/2024:11:02:42 +0800] "GET /xingrg/images/yd/bt.gif HTTP/1.1" 404 1040
124.78.60.103 - - [23/Mar/2024:11:02:43 +0800] "POST /xingrg/kc/mdqp/pssh_list_operate.html HTTP/1.1" 200 5434
124.78.60.103 - - [23/Mar/2024:11:02:44 +0800] "POST /xingrg/kc/mdqp/pssh_list_operate.html HTTP/1.1" 200 775
124.78.60.103 - - [23/Mar/2024:11:02:45 +0800] "GET /xingrg/kc/mdqp/pssh_order_info.html?code=312024032100381 HTTP/1.1" 200 17303
124.78.60.103 - - [23/Mar/2024:11:02:45 +0800] "GET /xingrg/javascript/jquery_tools/jquery-1.4.2.min.js HTTP/1.1" 404 1094
124.78.60.103 - - [23/Mar/2024:11:02:46 +0800] "GET /xingrg/javascript/easyui/themes/default/validatebox.css HTTP/1.1" 404 1104
124.78.60.103 - - [23/Mar/2024:11:02:46 +0800] "POST /xingrg/kc/mdqp/pssh_order_operate.html HTTP/1.1" 200 6326
124.78.60.103 - - [23/Mar/2024:11:02:48 +0800] "POST /xingrg/all/common/load_combo.html?type=employee HTTP/1.1" 200 362
124.79.241.4 - - [23/Mar/2024:11:02:49 +0800] "GET /xingrg/all/function/internal_message.html?_=1711162992291&CODE_STATE=getMsg HTTP/1.1" 200 27
114.83.222.168 - - [23/Mar/2024:11:02:52 +0800] "GET /xingrg/all/function/internal_message.html?_=1711162973103&CODE_STATE=getMsg HTTP/1.1" 200 27
180.169.147.146 - - [23/Mar/2024:11:02:53 +0800] "GET /xingrg/all/function/internal_message.html?_=1711162968891&CODE_STATE=getMsg HTTP/1.1" 200 27
180.169.147.146 - - [23/Mar/2024:11:02:53 +0800] "GET /xingrg/check_reg.html?_=1711162968893 HTTP/1.1" 200 22
114.83.222.168 - - [23/Mar/2024:11:02:54 +0800] "GET /xingrg/check_reg.html?_=1711162974431 HTTP/1.1" 200 22
222.69.132.13 - - [23/Mar/2024:11:02:55 +0800] "GET /xingrg/all/function/internal_message.html?_=1711162976829&CODE_STATE=getMsg HTTP/1.1" 200 27
116.232.194.112 - - [23/Mar/2024:11:02:56 +0800] "GET /xingrg/all/function/internal_message.html?_=1711162945094&CODE_STATE=getMsg HTTP/1.1" 200 27
101.83.144.49 - - [23/Mar/2024:11:02:56 +0800] "GET /xingrg/all/function/internal_message.html?_=1711162976381&CODE_STATE=getMsg HTTP/1.1" 200 27
116.238.97.31 - - [23/Mar/2024:11:03:02 +0800] "GET /xingrg/all/function/internal_message.html?_=1711162982806&CODE_STATE=getMsg HTTP/1.1" 200 27
101.83.144.49 - - [23/Mar/2024:11:03:04 +0800] "GET /xingrg/all/function/internal_message.html?_=1711162742660&CODE_STATE=getMsg HTTP/1.1" 200 27
180.164.1.25 - - [23/Mar/2024:11:03:04 +0800] "GET /xingrg/all/function/internal_message.html?_=1711162984127&CODE_STATE=getMsg HTTP/1.1" 200 27
124.78.60.103 - - [23/Mar/2024:11:03:05 +0800] "GET /xingrg/all/function/internal_message.html?_=1711162985809&CODE_STATE=getMsg HTTP/1.1" 200 27
180.164.1.25 - - [23/Mar/2024:11:03:05 +0800] "GET /xingrg/check_reg.html?_=1711162985207 HTTP/1.1" 200 22
124.78.60.103 - - [23/Mar/2024:11:03:09 +0800] "POST /xingrg/kc/mdqp/pssh_order_operate.html HTTP/1.1" 200 37
124.78.60.103 - - [23/Mar/2024:11:03:13 +0800] "POST /xingrg/kc/mdqp/pssh_order_operate.html HTTP/1.1" 200 12
124.78.60.103 - - [23/Mar/2024:11:03:14 +0800] "GET /xingrg/javascript/jquery_tools/jquery-1.4.2.min.js HTTP/1.1" 404 1094
124.78.60.103 - - [23/Mar/2024:11:03:14 +0800] "GET /xingrg/javascript/easyui/themes/default/validatebox.css HTTP/1.1" 404 1104
124.78.60.103 - - [23/Mar/2024:11:03:14 +0800] "POST /xingrg/kc/mdqp/pssh_order_operate.html HTTP/1.1" 200 6326
180.164.1.25 - - [23/Mar/2024:11:03:15 +0800] "POST /xingrg/services/DataTransmitService HTTP/1.1" 200 524
180.164.1.25 - - [23/Mar/2024:11:03:15 +0800] "POST /xingrg/services/DataTransmitService HTTP/1.1" 200 412
124.78.60.103 - - [23/Mar/2024:11:03:17 +0800] "GET /xingrg/kc/print/load_data.html?order_code=312024032100381&kc_code=pssh&condition= HTTP/1.1" 200 2656
120.253.135.82 - - [23/Mar/2024:11:03:23 +0800] "GET /xingrg/all/function/internal_message.html?_=1711162843843&CODE_STATE=getMsg HTTP/1.1" 200 27
116.237.74.65 - - [23/Mar/2024:11:03:24 +0800] "GET /xingrg/all/function/internal_message.html?_=1711162999214&CODE_STATE=getMsg HTTP/1.1" 200 27
218.79.29.78 - - [23/Mar/2024:11:03:25 +0800] "GET /xingrg/check_reg.html?_=1711163014671 HTTP/1.1" 302 -
116.232.194.112 - - [23/Mar/2024:11:03:26 +0800] "GET /xingrg/all/function/internal_message.html?_=1711162975777&CODE_STATE=getMsg HTTP/1.1" 200 27
116.235.241.21 - - [23/Mar/2024:11:03:27 +0800] "GET /xingrg/all/function/internal_message.html?_=1711163029781&CODE_STATE=getMsg HTTP/1.1" 200 27
101.228.147.14 - - [23/Mar/2024:11:03:30 +0800] "GET /xingrg/all/function/internal_message.html?_=1711163009884&CODE_STATE=getMsg HTTP/1.1" 200 27
101.228.147.14 - - [23/Mar/2024:11:03:30 +0800] "GET /xingrg/check_reg.html?_=1711163009886 HTTP/1.1" 200 22
116.224.254.208 - - [23/Mar/2024:11:03:31 +0800] "GET /xingrg/all/function/internal_message.html?_=1711163011343&CODE_STATE=getMsg HTTP/1.1" 200 27
222.70.183.82 - - [23/Mar/2024:11:03:32 +0800] "GET /xingrg/all/function/internal_message.html?_=1711163009403&CODE_STATE=getMsg HTTP/1.1" 200 27
222.70.115.1 - - [23/Mar/2024:11:03:36 +0800] "GET /xingrg/all/function/internal_message.html?_=1711163016180&CODE_STATE=getMsg HTTP/1.1" 200 27
120.253.135.82 - - [23/Mar/2024:11:03:38 +0800] "GET /xingrg/all/function/internal_message.html?_=1711162858787&CODE_STATE=getMsg HTTP/1.1" 200 27
124.79.241.4 - - [23/Mar/2024:11:03:49 +0800] "GET /xingrg/all/function/internal_message.html?_=1711163052299&CODE_STATE=getMsg HTTP/1.1" 200 27
114.83.222.168 - - [23/Mar/2024:11:03:52 +0800] "GET /xingrg/all/function/internal_message.html?_=1711163033079&CODE_STATE=getMsg HTTP/1.1" 200 27
180.169.147.146 - - [23/Mar/2024:11:03:53 +0800] "GET /xingrg/all/function/internal_message.html?_=1711163028811&CODE_STATE=getMsg HTTP/1.1" 200 27
222.69.132.13 - - [23/Mar/2024:11:03:55 +0800] "GET /xingrg/all/function/internal_message.html?_=1711163036849&CODE_STATE=getMsg HTTP/1.1" 200 27
116.232.194.112 - - [23/Mar/2024:11:03:56 +0800] "GET /xingrg/all/function/internal_message.html?_=1711163005080&CODE_STATE=getMsg HTTP/1.1" 200 27
101.83.144.49 - - [23/Mar/2024:11:03:56 +0800] "GET /xingrg/all/function/internal_message.html?_=1711163036382&CODE_STATE=getMsg HTTP/1.1" 200 27
101.83.144.49 - - [23/Mar/2024:11:03:58 +0800] "POST /xingrg/kc/buy/cgsh_order_operate.html HTTP/1.1" 200 2065
116.238.97.31 - - [23/Mar/2024:11:04:02 +0800] "GET /xingrg/all/function/internal_message.html?_=1711163042789&CODE_STATE=getMsg HTTP/1.1" 200 27
