101.83.144.49 - - [23/Mar/2024:11:04:04 +0800] "GET /xingrg/all/function/internal_message.html?_=1711162802640&CODE_STATE=getMsg HTTP/1.1" 200 27
180.164.1.25 - - [23/Mar/2024:11:04:04 +0800] "GET /xingrg/all/function/internal_message.html?_=1711163044113&CODE_STATE=getMsg HTTP/1.1" 200 27
124.78.60.103 - - [23/Mar/2024:11:04:05 +0800] "GET /xingrg/all/function/internal_message.html?_=1711163045799&CODE_STATE=getMsg HTTP/1.1" 200 27
120.253.135.82 - - [23/Mar/2024:11:04:13 +0800] "GET /xingrg/check_reg.html?_=1711162894201 HTTP/1.1" 200 22
124.78.60.103 - - [23/Mar/2024:11:04:14 +0800] "POST /xingrg/kc/mdqp/pssh_list_operate.html HTTP/1.1" 200 1574
124.78.60.103 - - [23/Mar/2024:11:04:16 +0800] "GET /xingrg/images/yd/bt.gif HTTP/1.1" 404 1040
124.78.60.103 - - [23/Mar/2024:11:04:17 +0800] "POST /xingrg/kc/mdqp/pssh_list_operate.html HTTP/1.1" 200 5459
101.83.144.49 - - [23/Mar/2024:11:04:21 +0800] "GET /xingrg/kc/buy/cgsh_order_operate.html?command=get_materiel&rest_code=00105&code=00101008137&supplier_code=00100008&order_time=2024-03-23 HTTP/1.1" 200 408
120.253.135.82 - - [23/Mar/2024:11:04:22 +0800] "GET /xingrg/check_reg.html?_=1711162903367 HTTP/1.1" 200 22
120.253.135.82 - - [23/Mar/2024:11:04:23 +0800] "GET /xingrg/all/function/internal_message.html?_=1711162903856&CODE_STATE=getMsg HTTP/1.1" 200 27
124.78.60.103 - - [23/Mar/2024:11:04:24 +0800] "GET /xingrg/css/new_ie.css HTTP/1.1" 404 1036
116.237.74.65 - - [23/Mar/2024:11:04:24 +0800] "GET /xingrg/all/function/internal_message.html?_=1711163059217&CODE_STATE=getMsg HTTP/1.1" 200 27
124.78.60.103 - - [23/Mar/2024:11:04:25 +0800] "GET /xingrg/images/yd/bt.gif HTTP/1.1" 404 1040
180.163.30.27 - - [23/Mar/2024:11:04:25 +0800] "GET /xingrg/all/function/internal_message.html?_=1711162999214&CODE_STATE=getMsg HTTP/1.1" 302 -
180.163.30.27 - - [23/Mar/2024:11:04:25 +0800] "GET /xingrg/login.html HTTP/1.1" 200 7641
116.232.194.112 - - [23/Mar/2024:11:04:26 +0800] "GET /xingrg/all/function/internal_message.html?_=1711163035774&CODE_STATE=getMsg HTTP/1.1" 200 27
116.235.241.21 - - [23/Mar/2024:11:04:28 +0800] "GET /xingrg/all/function/internal_message.html?_=1711163089795&CODE_STATE=getMsg HTTP/1.1" 200 27
124.78.60.103 - - [23/Mar/2024:11:04:28 +0800] "POST /xingrg/kc/buy/cgsh_list_operate.html HTTP/1.1" 200 645
218.79.29.78 - - [23/Mar/2024:11:04:29 +0800] "GET /xingrg/check_reg.html?_=1711163078324 HTTP/1.1" 302 -
101.228.147.14 - - [23/Mar/2024:11:04:30 +0800] "GET /xingrg/all/function/internal_message.html?_=1711163069893&CODE_STATE=getMsg HTTP/1.1" 200 27
116.224.254.208 - - [23/Mar/2024:11:04:31 +0800] "GET /xingrg/all/function/internal_message.html?_=1711163071350&CODE_STATE=getMsg HTTP/1.1" 200 27
116.224.254.208 - - [23/Mar/2024:11:04:31 +0800] "GET /xingrg/check_reg.html?_=1711163071352 HTTP/1.1" 200 22
222.70.183.82 - - [23/Mar/2024:11:04:32 +0800] "GET /xingrg/all/function/internal_message.html?_=1711163069385&CODE_STATE=getMsg HTTP/1.1" 200 27
222.70.115.1 - - [23/Mar/2024:11:04:36 +0800] "GET /xingrg/all/function/internal_message.html?_=1711163076180&CODE_STATE=getMsg HTTP/1.1" 200 27
120.253.135.82 - - [23/Mar/2024:11:04:38 +0800] "GET /xingrg/all/function/internal_message.html?_=1711162918801&CODE_STATE=getMsg HTTP/1.1" 200 27
124.78.60.103 - - [23/Mar/2024:11:04:47 +0800] "POST /xingrg/kc/buy/cgsh_order_operate.html HTTP/1.1" 200 8245
124.78.60.103 - - [23/Mar/2024:11:04:47 +0800] "GET /xingrg/javascript/easyui/themes/default/validatebox.css HTTP/1.1" 404 1104
124.79.241.4 - - [23/Mar/2024:11:04:49 +0800] "GET /xingrg/all/function/internal_message.html?_=1711163112295&CODE_STATE=getMsg HTTP/1.1" 200 27
124.78.60.103 - - [23/Mar/2024:11:04:50 +0800] "GET /xingrg/kc/buy/cgsh_order_add.html HTTP/1.1" 200 73655
124.78.60.103 - - [23/Mar/2024:11:04:50 +0800] "GET /xingrg/css/base.css HTTP/1.1" 304 -
124.78.60.103 - - [23/Mar/2024:11:04:50 +0800] "GET /xingrg/css/site.css HTTP/1.1" 304 -
124.78.60.103 - - [23/Mar/2024:11:04:50 +0800] "GET /xingrg/javascript/jquery_tools/datebox.css HTTP/1.1" 304 -
124.78.60.103 - - [23/Mar/2024:11:04:50 +0800] "GET /xingrg/javascript/easyui/themes/default/easyui.css HTTP/1.1" 304 -
124.78.60.103 - - [23/Mar/2024:11:04:50 +0800] "GET /xingrg/javascript/easyui/themes/icon.css HTTP/1.1" 304 -
124.78.60.103 - - [23/Mar/2024:11:04:50 +0800] "GET /xingrg/javascript/auto/jquery.autocomplete.css HTTP/1.1" 304 -
124.78.60.103 - - [23/Mar/2024:11:04:50 +0800] "GET /xingrg/javascript/jquery_tools/fix.css HTTP/1.1" 304 -
124.78.60.103 - - [23/Mar/2024:11:04:50 +0800] "GET /xingrg/javascript/jquery_tools/table.css HTTP/1.1" 304 -
124.78.60.103 - - [23/Mar/2024:11:04:50 +0800] "GET /xingrg/javascript/pic_change.js HTTP/1.1" 304 -
124.78.60.103 - - [23/Mar/2024:11:04:50 +0800] "GET /xingrg/javascript/jquery_tools/jquery.tools.min.js HTTP/1.1" 304 -
124.78.60.103 - - [23/Mar/2024:11:04:50 +0800] "GET /xingrg/javascript/jquery_tools/jquery.tools.extend.js HTTP/1.1" 304 -
124.78.60.103 - - [23/Mar/2024:11:04:50 +0800] "GET /xingrg/javascript/jquery_tools/jquery.tools.hotkey.js HTTP/1.1" 304 -
124.78.60.103 - - [23/Mar/2024:11:04:50 +0800] "GET /xingrg/javascript/jquery_tools/jquery.tools.table.js HTTP/1.1" 304 -
124.78.60.103 - - [23/Mar/2024:11:04:50 +0800] "GET /xingrg/javascript/auto/jquery.autocomplete.js HTTP/1.1" 304 -
124.78.60.103 - - [23/Mar/2024:11:04:50 +0800] "GET /xingrg/javascript/easyui/easyloader.js HTTP/1.1" 304 -
124.78.60.103 - - [23/Mar/2024:11:04:50 +0800] "GET /xingrg/javascript/jquery.utils.js HTTP/1.1" 304 -
124.78.60.103 - - [23/Mar/2024:11:04:50 +0800] "GET /xingrg/javascript/jquery_tools/order_manager.js HTTP/1.1" 304 -
124.78.60.103 - - [23/Mar/2024:11:04:50 +0800] "GET /xingrg/javascript/convert.js HTTP/1.1" 304 -
124.78.60.103 - - [23/Mar/2024:11:04:50 +0800] "GET /xingrg/javascript/json2.js HTTP/1.1" 304 -
124.78.60.103 - - [23/Mar/2024:11:04:50 +0800] "GET /xingrg/javascript/jquery.cookie.js HTTP/1.1" 304 -
124.78.60.103 - - [23/Mar/2024:11:04:50 +0800] "GET /xingrg/javascript/print/kc_print.js HTTP/1.1" 304 -
124.78.60.103 - - [23/Mar/2024:11:04:50 +0800] "GET /xingrg/javascript/print/LodopFuncs.js HTTP/1.1" 304 -
124.78.60.103 - - [23/Mar/2024:11:04:50 +0800] "GET /xingrg/words/20240321130421_words.js HTTP/1.1" 304 -
124.78.60.103 - - [23/Mar/2024:11:04:51 +0800] "GET /xingrg/javascript/easyui/plugins/jquery.parser.js HTTP/1.1" 304 -
124.78.60.103 - - [23/Mar/2024:11:04:51 +0800] "GET /xingrg/images/control/ajaxLoader.gif HTTP/1.1" 304 -
124.78.60.103 - - [23/Mar/2024:11:04:51 +0800] "POST /xingrg/kc/buy/cgsh_order_operate.html HTTP/1.1" 200 8245
124.78.60.103 - - [23/Mar/2024:11:04:51 +0800] "GET /xingrg/javascript/easyui/themes/default/validatebox.css HTTP/1.1" 404 1104
124.78.60.103 - - [23/Mar/2024:11:04:52 +0800] "GET /xingrg/javascript/auto/indicator.gif HTTP/1.1" 404 1066
114.83.222.168 - - [23/Mar/2024:11:04:52 +0800] "GET /xingrg/all/function/internal_message.html?_=1711163093055&CODE_STATE=getMsg HTTP/1.1" 200 27
180.169.147.146 - - [23/Mar/2024:11:04:53 +0800] "GET /xingrg/all/function/internal_message.html?_=1711163088803&CODE_STATE=getMsg HTTP/1.1" 200 27
222.69.132.13 - - [23/Mar/2024:11:04:55 +0800] "GET /xingrg/all/function/internal_message.html?_=1711163096828&CODE_STATE=getMsg HTTP/1.1" 200 27
116.232.194.112 - - [23/Mar/2024:11:04:56 +0800] "GET /xingrg/all/function/internal_message.html?_=1711163065080&CODE_STATE=getMsg HTTP/1.1" 200 27
101.83.144.49 - - [23/Mar/2024:11:04:56 +0800] "GET /xingrg/all/function/internal_message.html?_=1711163096380&CODE_STATE=getMsg HTTP/1.1" 200 27
124.78.60.103 - - [23/Mar/2024:11:05:01 +0800] "GET /xingrg/javascript/jquery_tools/images/prev.gif HTTP/1.1" 404 1086
124.78.60.103 - - [23/Mar/2024:11:05:01 +0800] "GET /xingrg/javascript/jquery_tools/images/next.gif HTTP/1.1" 404 1086
116.238.97.31 - - [23/Mar/2024:11:05:02 +0800] "GET /xingrg/all/function/internal_message.html?_=1711163102766&CODE_STATE=getMsg HTTP/1.1" 200 27
116.238.97.31 - - [23/Mar/2024:11:05:03 +0800] "GET /xingrg/check_reg.html?_=1711163103505 HTTP/1.1" 200 22
101.83.144.49 - - [23/Mar/2024:11:05:04 +0800] "GET /xingrg/all/function/internal_message.html?_=1711162862642&CODE_STATE=getMsg HTTP/1.1" 200 27
180.164.1.25 - - [23/Mar/2024:11:05:04 +0800] "GET /xingrg/all/function/internal_message.html?_=1711163104102&CODE_STATE=getMsg HTTP/1.1" 200 27
124.78.60.103 - - [23/Mar/2024:11:05:04 +0800] "GET /xingrg/check_reg.html?_=1711163104917 HTTP/1.1" 200 22
124.78.60.103 - - [23/Mar/2024:11:05:05 +0800] "GET /xingrg/all/function/internal_message.html?_=1711163105800&CODE_STATE=getMsg HTTP/1.1" 200 27
101.83.144.49 - - [23/Mar/2024:11:05:11 +0800] "GET /xingrg/kc/buy/cgsh_order_operate.html?command=get_materiel&rest_code=00105&code=00101008213&supplier_code=00100008&order_time=2024-03-23 HTTP/1.1" 200 412
124.78.60.103 - - [23/Mar/2024:11:05:14 +0800] "GET /xingrg/kc/buy/cgsh_order_operate.html?command=get_materiel&rest_code=00141&code=00101008215&supplier_code=00100008&order_time=2024-03-23 HTTP/1.1" 200 413
120.253.135.82 - - [23/Mar/2024:11:05:23 +0800] "GET /xingrg/all/function/internal_message.html?_=1711162963871&CODE_STATE=getMsg HTTP/1.1" 200 27
116.237.74.65 - - [23/Mar/2024:11:05:24 +0800] "GET /xingrg/all/function/internal_message.html?_=1711163119207&CODE_STATE=getMsg HTTP/1.1" 200 27
180.163.30.85 - - [23/Mar/2024:11:05:25 +0800] "GET /xingrg/all/function/internal_message.html?_=1711163059217&CODE_STATE=getMsg HTTP/1.1" 302 -
180.163.30.85 - - [23/Mar/2024:11:05:25 +0800] "GET /xingrg/login.html HTTP/1.1" 200 7641
116.232.194.112 - - [23/Mar/2024:11:05:26 +0800] "GET /xingrg/all/function/internal_message.html?_=1711163095787&CODE_STATE=getMsg HTTP/1.1" 200 27
116.235.241.21 - - [23/Mar/2024:11:05:28 +0800] "GET /xingrg/all/function/internal_message.html?_=1711163150167&CODE_STATE=getMsg HTTP/1.1" 200 27
101.228.147.14 - - [23/Mar/2024:11:05:30 +0800] "GET /xingrg/all/function/internal_message.html?_=1711163129893&CODE_STATE=getMsg HTTP/1.1" 200 27
116.224.254.208 - - [23/Mar/2024:11:05:31 +0800] "GET /xingrg/all/function/internal_message.html?_=1711163131346&CODE_STATE=getMsg HTTP/1.1" 200 27
222.70.183.82 - - [23/Mar/2024:11:05:32 +0800] "GET /xingrg/all/function/internal_message.html?_=1711163129357&CODE_STATE=getMsg HTTP/1.1" 200 27
222.70.115.1 - - [23/Mar/2024:11:05:36 +0800] "GET /xingrg/check_reg.html?_=1711163136186 HTTP/1.1" 200 22
222.70.115.1 - - [23/Mar/2024:11:05:36 +0800] "GET /xingrg/all/function/internal_message.html?_=1711163136194&CODE_STATE=getMsg HTTP/1.1" 200 27
124.78.60.103 - - [23/Mar/2024:11:05:36 +0800] "GET /xingrg/kc/buy/cgsh_order_operate.html?command=get_materiel&rest_code=00141&code=00101008354&supplier_code=00100008&order_time=2024-03-23 HTTP/1.1" 200 432
120.253.135.82 - - [23/Mar/2024:11:05:38 +0800] "GET /xingrg/all/function/internal_message.html?_=1711162978816&CODE_STATE=getMsg HTTP/1.1" 200 27
116.232.194.112 - - [23/Mar/2024:11:05:46 +0800] "GET /xingrg/kc/buy/cgsh_order_add.html HTTP/1.1" 200 73743
116.232.194.112 - - [23/Mar/2024:11:05:46 +0800] "POST /xingrg/kc/buy/cgsh_order_operate.html HTTP/1.1" 200 8245
116.232.194.112 - - [23/Mar/2024:11:05:46 +0800] "GET /xingrg/javascript/easyui/themes/default/validatebox.css HTTP/1.1" 404 1104
101.83.144.49 - - [23/Mar/2024:11:05:47 +0800] "GET /xingrg/kc/buy/cgsh_order_operate.html?command=get_materiel&rest_code=00105&code=00101008296&supplier_code=00100008&order_time=2024-03-23 HTTP/1.1" 200 416
124.79.241.4 - - [23/Mar/2024:11:05:49 +0800] "GET /xingrg/all/function/internal_message.html?_=1711163172301&CODE_STATE=getMsg HTTP/1.1" 200 27
124.79.241.4 - - [23/Mar/2024:11:05:49 +0800] "GET /xingrg/check_reg.html?_=1711163172302 HTTP/1.1" 200 22
124.78.60.103 - - [23/Mar/2024:11:05:51 +0800] "GET /xingrg/kc/buy/cgsh_order_operate.html?command=get_materiel&rest_code=00141&code=00101008403&supplier_code=00100008&order_time=2024-03-23 HTTP/1.1" 200 412
114.83.222.168 - - [23/Mar/2024:11:05:52 +0800] "GET /xingrg/all/function/internal_message.html?_=1711163153034&CODE_STATE=getMsg HTTP/1.1" 200 27
180.169.147.146 - - [23/Mar/2024:11:05:53 +0800] "GET /xingrg/all/function/internal_message.html?_=1711163148811&CODE_STATE=getMsg HTTP/1.1" 200 27
222.69.132.13 - - [23/Mar/2024:11:05:55 +0800] "GET /xingrg/all/function/internal_message.html?_=1711163156848&CODE_STATE=getMsg HTTP/1.1" 200 27
222.69.132.13 - - [23/Mar/2024:11:05:55 +0800] "GET /xingrg/check_reg.html?_=1711163156851 HTTP/1.1" 200 22
116.232.194.112 - - [23/Mar/2024:11:05:56 +0800] "GET /xingrg/all/function/internal_message.html?_=1711163125085&CODE_STATE=getMsg HTTP/1.1" 200 27
101.83.144.49 - - [23/Mar/2024:11:05:56 +0800] "GET /xingrg/all/function/internal_message.html?_=1711163156381&CODE_STATE=getMsg HTTP/1.1" 200 27
116.232.194.112 - - [23/Mar/2024:11:06:01 +0800] "GET /xingrg/kc/buy/cgsh_order_operate.html?command=get_materiel&rest_code=00155&code=00101002027&supplier_code=00100199&order_time=2024-03-23 HTTP/1.1" 200 413
116.238.97.31 - - [23/Mar/2024:11:06:02 +0800] "GET /xingrg/all/function/internal_message.html?_=1711163162769&CODE_STATE=getMsg HTTP/1.1" 200 27
124.78.60.103 - - [23/Mar/2024:11:06:03 +0800] "GET /xingrg/kc/buy/cgsh_order_operate.html?command=get_materiel&rest_code=00141&code=00101008038&supplier_code=00100008&order_time=2024-03-23 HTTP/1.1" 200 412
101.83.144.49 - - [23/Mar/2024:11:06:04 +0800] "GET /xingrg/all/function/internal_message.html?_=1711162922643&CODE_STATE=getMsg HTTP/1.1" 200 27
180.164.1.25 - - [23/Mar/2024:11:06:04 +0800] "GET /xingrg/all/function/internal_message.html?_=1711163164086&CODE_STATE=getMsg HTTP/1.1" 200 27
124.78.60.103 - - [23/Mar/2024:11:06:05 +0800] "GET /xingrg/all/function/internal_message.html?_=1711163165772&CODE_STATE=getMsg HTTP/1.1" 200 27
116.232.194.112 - - [23/Mar/2024:11:06:15 +0800] "GET /xingrg/kc/buy/cgsh_order_operate.html?command=get_materiel&rest_code=00155&code=00101001052&supplier_code=00100199&order_time=2024-03-23 HTTP/1.1" 200 411
124.78.60.103 - - [23/Mar/2024:11:06:15 +0800] "GET /xingrg/kc/buy/cgsh_order_operate.html?command=get_materiel&rest_code=00141&code=00101008283&supplier_code=00100008&order_time=2024-03-23 HTTP/1.1" 200 408
209.141.55.133 - - [23/Mar/2024:11:06:19 +0800] "GET /manager/html HTTP/1.1" 404 -
209.141.55.133 - - [23/Mar/2024:11:06:19 +0800] "GET /manager/html HTTP/1.1" 404 -
120.253.135.82 - - [23/Mar/2024:11:06:23 +0800] "GET /xingrg/all/function/internal_message.html?_=1711163023898&CODE_STATE=getMsg HTTP/1.1" 200 27
180.163.28.180 - - [23/Mar/2024:11:06:24 +0800] "GET /xingrg/all/function/internal_message.html?_=1711163119207&CODE_STATE=getMsg HTTP/1.1" 302 -
116.237.74.65 - - [23/Mar/2024:11:06:24 +0800] "GET /xingrg/all/function/internal_message.html?_=1711163179209&CODE_STATE=getMsg HTTP/1.1" 200 27
116.237.74.65 - - [23/Mar/2024:11:06:24 +0800] "GET /xingrg/check_reg.html?_=1711163179213 HTTP/1.1" 200 22
180.163.28.180 - - [23/Mar/2024:11:06:24 +0800] "GET /xingrg/login.html HTTP/1.1" 200 7641
124.78.60.103 - - [23/Mar/2024:11:06:25 +0800] "GET /xingrg/kc/buy/cgsh_order_operate.html?command=get_materiel&rest_code=00141&code=00101008298&supplier_code=00100008&order_time=2024-03-23 HTTP/1.1" 200 412
116.232.194.112 - - [23/Mar/2024:11:06:27 +0800] "GET /xingrg/check_reg.html?_=1711163155841 HTTP/1.1" 200 22
116.232.194.112 - - [23/Mar/2024:11:06:27 +0800] "GET /xingrg/all/function/internal_message.html?_=1711163155843&CODE_STATE=getMsg HTTP/1.1" 200 27
116.235.241.21 - - [23/Mar/2024:11:06:28 +0800] "GET /xingrg/all/function/internal_message.html?_=1711163210181&CODE_STATE=getMsg HTTP/1.1" 200 27
101.228.147.14 - - [23/Mar/2024:11:06:30 +0800] "GET /xingrg/all/function/internal_message.html?_=1711163189878&CODE_STATE=getMsg HTTP/1.1" 200 27
116.224.254.208 - - [23/Mar/2024:11:06:31 +0800] "GET /xingrg/all/function/internal_message.html?_=1711163191337&CODE_STATE=getMsg HTTP/1.1" 200 27
222.70.183.82 - - [23/Mar/2024:11:06:32 +0800] "GET /xingrg/all/function/internal_message.html?_=1711163189339&CODE_STATE=getMsg HTTP/1.1" 200 27
222.70.183.82 - - [23/Mar/2024:11:06:32 +0800] "GET /xingrg/check_reg.html?_=1711163189589 HTTP/1.1" 200 22
124.78.60.103 - - [23/Mar/2024:11:06:35 +0800] "GET /xingrg/kc/buy/cgsh_order_operate.html?command=get_materiel&rest_code=00141&code=00101008300&supplier_code=00100008&order_time=2024-03-23 HTTP/1.1" 200 412
222.70.115.1 - - [23/Mar/2024:11:06:36 +0800] "GET /xingrg/all/function/internal_message.html?_=1711163196186&CODE_STATE=getMsg HTTP/1.1" 200 27
120.253.135.82 - - [23/Mar/2024:11:06:38 +0800] "GET /xingrg/all/function/internal_message.html?_=1711163039020&CODE_STATE=getMsg HTTP/1.1" 200 27
116.232.194.112 - - [23/Mar/2024:11:06:45 +0800] "POST /xingrg/kc/buy/cgsh_order_operate.html HTTP/1.1" 200 37
124.78.60.103 - - [23/Mar/2024:11:06:47 +0800] "GET /xingrg/kc/buy/cgsh_order_operate.html?command=get_materiel&rest_code=00141&code=00101008137&supplier_code=00100008&order_time=2024-03-23 HTTP/1.1" 200 408
116.232.194.112 - - [23/Mar/2024:11:06:48 +0800] "POST /xingrg/kc/buy/cgsh_order_operate.html HTTP/1.1" 200 3844
124.79.241.4 - - [23/Mar/2024:11:06:49 +0800] "GET /xingrg/all/function/internal_message.html?_=1711163232294&CODE_STATE=getMsg HTTP/1.1" 200 27
116.232.194.112 - - [23/Mar/2024:11:06:51 +0800] "GET /xingrg/kc/print/load_data.html?order_code=212024032306825&kc_code=cgsh&condition= HTTP/1.1" 200 1127
114.83.222.168 - - [23/Mar/2024:11:06:52 +0800] "GET /xingrg/all/function/internal_message.html?_=1711163213018&CODE_STATE=getMsg HTTP/1.1" 200 27
180.169.147.146 - - [23/Mar/2024:11:06:53 +0800] "GET /xingrg/all/function/internal_message.html?_=1711163208802&CODE_STATE=getMsg HTTP/1.1" 200 27
222.69.132.13 - - [23/Mar/2024:11:06:55 +0800] "GET /xingrg/all/function/internal_message.html?_=1711163216838&CODE_STATE=getMsg HTTP/1.1" 200 27
116.232.194.112 - - [23/Mar/2024:11:06:56 +0800] "GET /xingrg/all/function/internal_message.html?_=1711163185083&CODE_STATE=getMsg HTTP/1.1" 200 27
116.232.194.112 - - [23/Mar/2024:11:06:56 +0800] "GET /xingrg/check_reg.html?_=1711163185086 HTTP/1.1" 200 22
101.83.144.49 - - [23/Mar/2024:11:06:56 +0800] "GET /xingrg/check_reg.html?_=1711163216383 HTTP/1.1" 200 22
101.83.144.49 - - [23/Mar/2024:11:06:56 +0800] "GET /xingrg/all/function/internal_message.html?_=1711163216386&CODE_STATE=getMsg HTTP/1.1" 200 27
124.78.60.103 - - [23/Mar/2024:11:06:57 +0800] "GET /xingrg/kc/buy/cgsh_order_operate.html?command=get_materiel&rest_code=00141&code=00101008162&supplier_code=00100008&order_time=2024-03-23 HTTP/1.1" 200 408
116.238.97.31 - - [23/Mar/2024:11:07:02 +0800] "GET /xingrg/all/function/internal_message.html?_=1711163222754&CODE_STATE=getMsg HTTP/1.1" 200 27
101.83.144.49 - - [23/Mar/2024:11:07:04 +0800] "GET /xingrg/all/function/internal_message.html?_=1711162982633&CODE_STATE=getMsg HTTP/1.1" 200 27
101.83.144.49 - - [23/Mar/2024:11:07:04 +0800] "GET /xingrg/check_reg.html?_=1711162982637 HTTP/1.1" 200 22
180.164.1.25 - - [23/Mar/2024:11:07:04 +0800] "GET /xingrg/all/function/internal_message.html?_=1711163224076&CODE_STATE=getMsg HTTP/1.1" 200 27
124.78.60.103 - - [23/Mar/2024:11:07:05 +0800] "GET /xingrg/all/function/internal_message.html?_=1711163225786&CODE_STATE=getMsg HTTP/1.1" 200 27
124.78.60.103 - - [23/Mar/2024:11:07:13 +0800] "GET /xingrg/kc/buy/cgsh_order_operate.html?command=get_materiel&rest_code=00141&code=00101008161&supplier_code=00100008&order_time=2024-03-23 HTTP/1.1" 200 409
120.253.135.82 - - [23/Mar/2024:11:07:23 +0800] "GET /xingrg/all/function/internal_message.html?_=1711163083913&CODE_STATE=getMsg HTTP/1.1" 200 27
124.78.60.103 - - [23/Mar/2024:11:07:23 +0800] "GET /xingrg/kc/buy/cgsh_order_operate.html?command=get_materiel&rest_code=00141&code=00101008415&supplier_code=00100008&order_time=2024-03-23 HTTP/1.1" 200 412
180.163.29.206 - - [23/Mar/2024:11:07:24 +0800] "GET /xingrg/check_reg.html?_=1711163179213 HTTP/1.1" 302 -
180.163.29.206 - - [23/Mar/2024:11:07:24 +0800] "GET /xingrg/login.html HTTP/1.1" 200 7641
180.163.30.27 - - [23/Mar/2024:11:07:24 +0800] "GET /xingrg/all/function/internal_message.html?_=1711163179209&CODE_STATE=getMsg HTTP/1.1" 302 -
180.163.30.27 - - [23/Mar/2024:11:07:24 +0800] "GET /xingrg/login.html HTTP/1.1" 200 7641
116.237.74.65 - - [23/Mar/2024:11:07:24 +0800] "GET /xingrg/all/function/internal_message.html?_=1711163239213&CODE_STATE=getMsg HTTP/1.1" 200 27
116.235.241.21 - - [23/Mar/2024:11:07:25 +0800] "GET /xingrg/check_reg.html?_=1711163267159 HTTP/1.1" 200 22
116.232.194.112 - - [23/Mar/2024:11:07:27 +0800] "GET /xingrg/all/function/internal_message.html?_=1711163215832&CODE_STATE=getMsg HTTP/1.1" 200 27
116.235.241.21 - - [23/Mar/2024:11:07:28 +0800] "GET /xingrg/all/function/internal_message.html?_=1711163270525&CODE_STATE=getMsg HTTP/1.1" 200 27
101.228.147.14 - - [23/Mar/2024:11:07:30 +0800] "GET /xingrg/all/function/internal_message.html?_=1711163249893&CODE_STATE=getMsg HTTP/1.1" 200 27
116.224.254.208 - - [23/Mar/2024:11:07:31 +0800] "GET /xingrg/all/function/internal_message.html?_=1711163251334&CODE_STATE=getMsg HTTP/1.1" 200 27
222.70.183.82 - - [23/Mar/2024:11:07:32 +0800] "GET /xingrg/all/function/internal_message.html?_=1711163249322&CODE_STATE=getMsg HTTP/1.1" 200 27
101.83.144.49 - - [23/Mar/2024:11:07:35 +0800] "GET /xingrg/kc/buy/cgsh_order_operate.html?command=get_materiel&rest_code=00105&code=00101008049&supplier_code=00100008&order_time=2024-03-23 HTTP/1.1" 200 408
222.70.115.1 - - [23/Mar/2024:11:07:36 +0800] "GET /xingrg/all/function/internal_message.html?_=1711163256177&CODE_STATE=getMsg HTTP/1.1" 200 27
124.78.60.103 - - [23/Mar/2024:11:07:36 +0800] "GET /xingrg/kc/buy/cgsh_order_operate.html?command=get_materiel&rest_code=00141&code=00101008285&supplier_code=00100008&order_time=2024-03-23 HTTP/1.1" 200 413
120.253.135.82 - - [23/Mar/2024:11:07:38 +0800] "GET /xingrg/all/function/internal_message.html?_=1711163099029&CODE_STATE=getMsg HTTP/1.1" 200 27
101.83.144.49 - - [23/Mar/2024:11:07:44 +0800] "POST /xingrg/kc/buy/cgsh_order_operate.html HTTP/1.1" 200 2065
124.78.60.103 - - [23/Mar/2024:11:07:48 +0800] "GET /xingrg/kc/buy/cgsh_order_operate.html?command=get_materiel&rest_code=00141&code=00101008108&supplier_code=00100008&order_time=2024-03-23 HTTP/1.1" 200 412
124.79.241.4 - - [23/Mar/2024:11:07:49 +0800] "GET /xingrg/all/function/internal_message.html?_=1711163292317&CODE_STATE=getMsg HTTP/1.1" 200 27
114.83.222.168 - - [23/Mar/2024:11:07:52 +0800] "GET /xingrg/all/function/internal_message.html?_=1711163272990&CODE_STATE=getMsg HTTP/1.1" 200 27
180.169.147.146 - - [23/Mar/2024:11:07:53 +0800] "GET /xingrg/all/function/internal_message.html?_=1711163268810&CODE_STATE=getMsg HTTP/1.1" 200 27
180.169.147.146 - - [23/Mar/2024:11:07:53 +0800] "GET /xingrg/check_reg.html?_=1711163268873 HTTP/1.1" 200 22
114.83.222.168 - - [23/Mar/2024:11:07:54 +0800] "GET /xingrg/check_reg.html?_=1711163274424 HTTP/1.1" 200 22
222.69.132.13 - - [23/Mar/2024:11:07:55 +0800] "GET /xingrg/all/function/internal_message.html?_=1711163276838&CODE_STATE=getMsg HTTP/1.1" 200 27
116.232.194.112 - - [23/Mar/2024:11:07:56 +0800] "GET /xingrg/all/function/internal_message.html?_=1711163245075&CODE_STATE=getMsg HTTP/1.1" 200 27
101.83.144.49 - - [23/Mar/2024:11:07:56 +0800] "GET /xingrg/all/function/internal_message.html?_=1711163276371&CODE_STATE=getMsg HTTP/1.1" 200 27
124.78.60.103 - - [23/Mar/2024:11:08:00 +0800] "GET /xingrg/kc/buy/cgsh_order_operate.html?command=get_materiel&rest_code=00141&code=00101008051&supplier_code=00100008&order_time=2024-03-23 HTTP/1.1" 200 408
116.238.97.31 - - [23/Mar/2024:11:08:02 +0800] "GET /xingrg/all/function/internal_message.html?_=1711163282731&CODE_STATE=getMsg HTTP/1.1" 200 27
101.83.144.49 - - [23/Mar/2024:11:08:04 +0800] "GET /xingrg/all/function/internal_message.html?_=1711163042632&CODE_STATE=getMsg HTTP/1.1" 200 27
180.164.1.25 - - [23/Mar/2024:11:08:04 +0800] "GET /xingrg/all/function/internal_message.html?_=1711163284059&CODE_STATE=getMsg HTTP/1.1" 200 27
124.78.60.103 - - [23/Mar/2024:11:08:05 +0800] "GET /xingrg/all/function/internal_message.html?_=1711163285756&CODE_STATE=getMsg HTTP/1.1" 200 27
180.164.1.25 - - [23/Mar/2024:11:08:05 +0800] "GET /xingrg/check_reg.html?_=1711163285232 HTTP/1.1" 200 22
101.83.144.49 - - [23/Mar/2024:11:08:09 +0800] "GET /xingrg/kc/buy/cgsh_order_operate.html?command=get_materiel&rest_code=00105&code=00101008149&supplier_code=00100008&order_time=2024-03-23 HTTP/1.1" 200 408
124.78.60.103 - - [23/Mar/2024:11:08:09 +0800] "GET /xingrg/kc/buy/cgsh_order_operate.html?command=get_materiel&rest_code=00141&code=00101008274&supplier_code=00100008&order_time=2024-03-23 HTTP/1.1" 200 412
124.79.241.4 - - [23/Mar/2024:11:08:14 +0800] "POST /xingrg/services/DataTransmitService HTTP/1.1" 200 524
124.79.241.4 - - [23/Mar/2024:11:08:15 +0800] "POST /xingrg/services/DataTransmitService HTTP/1.1" 200 412
124.78.60.103 - - [23/Mar/2024:11:08:20 +0800] "GET /xingrg/kc/buy/cgsh_order_operate.html?command=get_materiel&rest_code=00141&code=00101008350&supplier_code=00100008&order_time=2024-03-23 HTTP/1.1" 200 408
120.253.135.82 - - [23/Mar/2024:11:08:23 +0800] "GET /xingrg/all/function/internal_message.html?_=1711163143934&CODE_STATE=getMsg HTTP/1.1" 200 27
180.163.29.219 - - [23/Mar/2024:11:08:24 +0800] "GET /xingrg/all/function/internal_message.html?_=1711163239213&CODE_STATE=getMsg HTTP/1.1" 302 -
116.237.74.65 - - [23/Mar/2024:11:08:24 +0800] "GET /xingrg/all/function/internal_message.html?_=1711163299212&CODE_STATE=getMsg HTTP/1.1" 200 27
180.163.29.219 - - [23/Mar/2024:11:08:24 +0800] "GET /xingrg/login.html HTTP/1.1" 200 7641
218.79.29.78 - - [23/Mar/2024:11:08:25 +0800] "GET /xingrg/check_reg.html?_=1711163314659 HTTP/1.1" 302 -
101.83.144.49 - - [23/Mar/2024:11:08:25 +0800] "GET /xingrg/kc/buy/cgsh_order_operate.html?command=get_materiel&rest_code=00105&code=00101008270&supplier_code=00100008&order_time=2024-03-23 HTTP/1.1" 200 412
116.232.194.112 - - [23/Mar/2024:11:08:27 +0800] "GET /xingrg/all/function/internal_message.html?_=1711163275819&CODE_STATE=getMsg HTTP/1.1" 200 27
116.235.241.21 - - [23/Mar/2024:11:08:28 +0800] "GET /xingrg/all/function/internal_message.html?_=1711163330535&CODE_STATE=getMsg HTTP/1.1" 200 27
101.228.147.14 - - [23/Mar/2024:11:08:30 +0800] "GET /xingrg/check_reg.html?_=1711163309883 HTTP/1.1" 200 22
101.228.147.14 - - [23/Mar/2024:11:08:30 +0800] "GET /xingrg/all/function/internal_message.html?_=1711163309886&CODE_STATE=getMsg HTTP/1.1" 200 27
116.224.254.208 - - [23/Mar/2024:11:08:31 +0800] "GET /xingrg/all/function/internal_message.html?_=1711163311341&CODE_STATE=getMsg HTTP/1.1" 200 27
222.70.183.82 - - [23/Mar/2024:11:08:32 +0800] "GET /xingrg/all/function/internal_message.html?_=1711163309307&CODE_STATE=getMsg HTTP/1.1" 200 27
124.78.60.103 - - [23/Mar/2024:11:08:33 +0800] "GET /xingrg/kc/buy/cgsh_order_operate.html?command=get_materiel&rest_code=00141&code=00101008519&supplier_code=00100008&order_time=2024-03-23 HTTP/1.1" 200 408
222.70.115.1 - - [23/Mar/2024:11:08:36 +0800] "GET /xingrg/all/function/internal_message.html?_=1711163316183&CODE_STATE=getMsg HTTP/1.1" 200 27
114.83.222.168 - - [23/Mar/2024:11:08:36 +0800] "GET /xingrg/kc/base/wldb_order_list.html HTTP/1.1" 200 19057
114.83.222.168 - - [23/Mar/2024:11:08:37 +0800] "POST /xingrg/kc/base/wldb_list_operate.html HTTP/1.1" 200 928
114.83.222.168 - - [23/Mar/2024:11:08:38 +0800] "GET /xingrg/kc/base/wldb_order_add.html HTTP/1.1" 200 30388
120.253.135.82 - - [23/Mar/2024:11:08:38 +0800] "GET /xingrg/all/function/internal_message.html?_=1711163159227&CODE_STATE=getMsg HTTP/1.1" 200 27
114.83.222.168 - - [23/Mar/2024:11:08:38 +0800] "POST /xingrg/kc/base/wldb_order_operate.html HTTP/1.1" 200 6806
114.83.222.168 - - [23/Mar/2024:11:08:38 +0800] "GET /xingrg/javascript/easyui/themes/default/validatebox.css HTTP/1.1" 404 1104
114.83.222.168 - - [23/Mar/2024:11:08:41 +0800] "GET /xingrg/javascript/auto/indicator.gif HTTP/1.1" 404 1066
114.83.222.168 - - [23/Mar/2024:11:08:46 +0800] "GET /xingrg/javascript/jquery_tools/images/next.gif HTTP/1.1" 404 1086
114.83.222.168 - - [23/Mar/2024:11:08:46 +0800] "GET /xingrg/javascript/jquery_tools/images/prev.gif HTTP/1.1" 404 1086
101.83.144.49 - - [23/Mar/2024:11:08:46 +0800] "GET /xingrg/kc/buy/cgsh_order_operate.html?command=get_materiel&rest_code=00105&code=00101008005&supplier_code=00100008&order_time=2024-03-23 HTTP/1.1" 200 412
124.79.241.4 - - [23/Mar/2024:11:08:49 +0800] "GET /xingrg/all/function/internal_message.html?_=1711163352318&CODE_STATE=getMsg HTTP/1.1" 200 27
114.83.222.168 - - [23/Mar/2024:11:08:50 +0800] "GET /xingrg/kc/base/wldb_order_operate.html?command=get_materiel&rest_code=00149&base_code=0010394&code=00101019390 HTTP/1.1" 200 469
114.83.222.168 - - [23/Mar/2024:11:08:52 +0800] "GET /xingrg/all/function/internal_message.html?_=1711163332996&CODE_STATE=getMsg HTTP/1.1" 200 27
180.169.147.146 - - [23/Mar/2024:11:08:53 +0800] "GET /xingrg/all/function/internal_message.html?_=1711163328802&CODE_STATE=getMsg HTTP/1.1" 200 27
114.83.222.168 - - [23/Mar/2024:11:08:54 +0800] "GET /xingrg/kc/base/wldb_order_operate.html?command=get_materiel&rest_code=00149&base_code=0010394&code=00101019391 HTTP/1.1" 200 485
124.78.60.103 - - [23/Mar/2024:11:08:54 +0800] "GET /xingrg/kc/buy/cgsh_order_operate.html?command=get_materiel&rest_code=00141&code=00101013179&supplier_code=00100008&order_time=2024-03-23 HTTP/1.1" 200 412
222.69.132.13 - - [23/Mar/2024:11:08:55 +0800] "GET /xingrg/all/function/internal_message.html?_=1711163336837&CODE_STATE=getMsg HTTP/1.1" 200 27
116.232.194.112 - - [23/Mar/2024:11:08:56 +0800] "GET /xingrg/all/function/internal_message.html?_=1711163305090&CODE_STATE=getMsg HTTP/1.1" 200 27
101.83.144.49 - - [23/Mar/2024:11:08:56 +0800] "GET /xingrg/all/function/internal_message.html?_=1711163336372&CODE_STATE=getMsg HTTP/1.1" 200 27
114.83.222.168 - - [23/Mar/2024:11:08:58 +0800] "GET /xingrg/kc/base/wldb_order_operate.html?command=get_materiel&rest_code=00149&base_code=0010394&code=00101019185 HTTP/1.1" 200 469
114.83.222.168 - - [23/Mar/2024:11:09:01 +0800] "GET /xingrg/kc/base/wldb_order_operate.html?command=get_materiel&rest_code=00149&base_code=0010394&code=00101019222 HTTP/1.1" 200 451
116.238.97.31 - - [23/Mar/2024:11:09:02 +0800] "GET /xingrg/all/function/internal_message.html?_=1711163342707&CODE_STATE=getMsg HTTP/1.1" 200 27
101.83.144.49 - - [23/Mar/2024:11:09:04 +0800] "GET /xingrg/all/function/internal_message.html?_=1711163102634&CODE_STATE=getMsg HTTP/1.1" 200 27
180.164.1.25 - - [23/Mar/2024:11:09:04 +0800] "GET /xingrg/all/function/internal_message.html?_=1711163344047&CODE_STATE=getMsg HTTP/1.1" 200 27
124.78.60.103 - - [23/Mar/2024:11:09:05 +0800] "GET /xingrg/all/function/internal_message.html?_=1711163345740&CODE_STATE=getMsg HTTP/1.1" 200 27
114.83.222.168 - - [23/Mar/2024:11:09:05 +0800] "GET /xingrg/kc/base/wldb_order_operate.html?command=get_materiel&rest_code=00149&base_code=0010394&code=00101019438 HTTP/1.1" 200 461
124.78.60.103 - - [23/Mar/2024:11:09:07 +0800] "GET /xingrg/kc/buy/cgsh_order_operate.html?command=get_materiel&rest_code=00141&code=00101008010&supplier_code=00100008&order_time=2024-03-23 HTTP/1.1" 200 412
101.83.144.49 - - [23/Mar/2024:11:09:10 +0800] "POST /xingrg/services/DataTransmitService HTTP/1.1" 200 524
114.83.222.168 - - [23/Mar/2024:11:09:10 +0800] "GET /xingrg/kc/base/wldb_order_operate.html?command=get_materiel&rest_code=00149&base_code=0010394&code=00101016094 HTTP/1.1" 200 469
101.83.144.49 - - [23/Mar/2024:11:09:11 +0800] "POST /xingrg/services/DataTransmitService HTTP/1.1" 200 412
114.83.222.168 - - [23/Mar/2024:11:09:13 +0800] "GET /xingrg/kc/base/wldb_order_operate.html?command=get_materiel&rest_code=00149&base_code=0010394&code=00101019183 HTTP/1.1" 200 449
120.253.135.82 - - [23/Mar/2024:11:09:13 +0800] "GET /xingrg/check_reg.html?_=1711163194206 HTTP/1.1" 200 22
101.83.144.49 - - [23/Mar/2024:11:09:14 +0800] "GET /xingrg/kc/buy/cgsh_order_operate.html?command=get_materiel&rest_code=00105&code=00101008003&supplier_code=00100008&order_time=2024-03-23 HTTP/1.1" 200 408
114.83.222.168 - - [23/Mar/2024:11:09:17 +0800] "GET /xingrg/kc/base/wldb_order_operate.html?command=get_materiel&rest_code=00149&base_code=0010394&code=00101019199 HTTP/1.1" 200 473
120.253.135.82 - - [23/Mar/2024:11:09:22 +0800] "GET /xingrg/check_reg.html?_=1711163203369 HTTP/1.1" 200 22
124.78.60.103 - - [23/Mar/2024:11:09:22 +0800] "GET /xingrg/kc/buy/cgsh_order_operate.html?command=get_materiel&rest_code=00141&code=00101008095&supplier_code=00100008&order_time=2024-03-23 HTTP/1.1" 200 413
120.253.135.82 - - [23/Mar/2024:11:09:23 +0800] "GET /xingrg/all/function/internal_message.html?_=1711163203954&CODE_STATE=getMsg HTTP/1.1" 200 27
180.163.29.217 - - [23/Mar/2024:11:09:24 +0800] "GET /xingrg/all/function/internal_message.html?_=1711163299212&CODE_STATE=getMsg HTTP/1.1" 302 -
180.163.29.217 - - [23/Mar/2024:11:09:24 +0800] "GET /xingrg/login.html HTTP/1.1" 200 7641
116.237.74.65 - - [23/Mar/2024:11:09:24 +0800] "GET /xingrg/all/function/internal_message.html?_=1711163359215&CODE_STATE=getMsg HTTP/1.1" 200 27
116.232.194.112 - - [23/Mar/2024:11:09:27 +0800] "GET /xingrg/all/function/internal_message.html?_=1711163335804&CODE_STATE=getMsg HTTP/1.1" 200 27
124.78.60.103 - - [23/Mar/2024:11:09:28 +0800] "POST /xingrg/kc/buy/cgsh_order_operate.html HTTP/1.1" 200 2065
116.235.241.21 - - [23/Mar/2024:11:09:28 +0800] "GET /xingrg/all/function/internal_message.html?_=1711163390772&CODE_STATE=getMsg HTTP/1.1" 200 27
218.79.29.78 - - [23/Mar/2024:11:09:29 +0800] "GET /xingrg/check_reg.html?_=1711163378296 HTTP/1.1" 302 -
101.228.147.14 - - [23/Mar/2024:11:09:30 +0800] "GET /xingrg/all/function/internal_message.html?_=1711163369886&CODE_STATE=getMsg HTTP/1.1" 200 27
116.224.254.208 - - [23/Mar/2024:11:09:31 +0800] "GET /xingrg/all/function/internal_message.html?_=1711163371354&CODE_STATE=getMsg HTTP/1.1" 200 27
116.224.254.208 - - [23/Mar/2024:11:09:31 +0800] "GET /xingrg/check_reg.html?_=1711163371357 HTTP/1.1" 200 22
222.70.183.82 - - [23/Mar/2024:11:09:32 +0800] "GET /xingrg/all/function/internal_message.html?_=1711163369291&CODE_STATE=getMsg HTTP/1.1" 200 27
124.78.60.103 - - [23/Mar/2024:11:09:35 +0800] "GET /xingrg/kc/buy/cgsh_order_operate.html?command=get_materiel&rest_code=00141&code=00101008674&supplier_code=00100008&order_time=2024-03-23 HTTP/1.1" 200 413
222.70.115.1 - - [23/Mar/2024:11:09:36 +0800] "GET /xingrg/all/function/internal_message.html?_=1711163376174&CODE_STATE=getMsg HTTP/1.1" 200 27
114.83.222.168 - - [23/Mar/2024:11:09:37 +0800] "POST /xingrg/kc/base/wldb_order_operate.html HTTP/1.1" 200 37
114.83.222.168 - - [23/Mar/2024:11:09:38 +0800] "POST /xingrg/kc/base/wldb_order_operate.html HTTP/1.1" 200 5695
120.253.135.82 - - [23/Mar/2024:11:09:38 +0800] "GET /xingrg/all/function/internal_message.html?_=1711163219228&CODE_STATE=getMsg HTTP/1.1" 200 27
114.83.222.168 - - [23/Mar/2024:11:09:39 +0800] "GET /xingrg/kc/base/wldb_order_info.html?code=422024032301648 HTTP/1.1" 200 30403
114.83.222.168 - - [23/Mar/2024:11:09:39 +0800] "GET /xingrg/javascript/easyui/themes/default/validatebox.css HTTP/1.1" 404 1104
114.83.222.168 - - [23/Mar/2024:11:09:40 +0800] "POST /xingrg/kc/base/wldb_order_operate.html HTTP/1.1" 200 5695
114.83.222.168 - - [23/Mar/2024:11:09:42 +0800] "GET /xingrg/kc/base/wldb_order_add.html HTTP/1.1" 200 30388
114.83.222.168 - - [23/Mar/2024:11:09:42 +0800] "POST /xingrg/kc/base/wldb_order_operate.html HTTP/1.1" 200 6806
114.83.222.168 - - [23/Mar/2024:11:09:42 +0800] "GET /xingrg/javascript/easyui/themes/default/validatebox.css HTTP/1.1" 404 1104
124.78.60.103 - - [23/Mar/2024:11:09:47 +0800] "GET /xingrg/kc/buy/cgsh_order_operate.html?command=get_materiel&rest_code=00141&code=00101008358&supplier_code=00100008&order_time=2024-03-23 HTTP/1.1" 200 412
124.79.241.4 - - [23/Mar/2024:11:09:49 +0800] "GET /xingrg/all/function/internal_message.html?_=1711163412316&CODE_STATE=getMsg HTTP/1.1" 200 27
114.83.222.168 - - [23/Mar/2024:11:09:51 +0800] "GET /xingrg/kc/base/wldb_order_operate.html?command=get_materiel&rest_code=00149&base_code=0010394&code=00101019187 HTTP/1.1" 200 478
114.83.222.168 - - [23/Mar/2024:11:09:52 +0800] "GET /xingrg/all/function/internal_message.html?_=1711163392969&CODE_STATE=getMsg HTTP/1.1" 200 27
180.169.147.146 - - [23/Mar/2024:11:09:53 +0800] "GET /xingrg/all/function/internal_message.html?_=1711163388808&CODE_STATE=getMsg HTTP/1.1" 200 27
222.69.132.13 - - [23/Mar/2024:11:09:55 +0800] "GET /xingrg/all/function/internal_message.html?_=1711163396832&CODE_STATE=getMsg HTTP/1.1" 200 27
116.232.194.112 - - [23/Mar/2024:11:09:56 +0800] "GET /xingrg/all/function/internal_message.html?_=1711163365084&CODE_STATE=getMsg HTTP/1.1" 200 27
101.83.144.49 - - [23/Mar/2024:11:09:56 +0800] "GET /xingrg/all/function/internal_message.html?_=1711163396373&CODE_STATE=getMsg HTTP/1.1" 200 27
124.78.60.103 - - [23/Mar/2024:11:10:01 +0800] "GET /xingrg/kc/buy/cgsh_order_operate.html?command=get_materiel&rest_code=00141&code=00101008096&supplier_code=00100008&order_time=2024-03-23 HTTP/1.1" 200 412
116.238.97.31 - - [23/Mar/2024:11:10:02 +0800] "GET /xingrg/all/function/internal_message.html?_=1711163402681&CODE_STATE=getMsg HTTP/1.1" 200 27
116.238.97.31 - - [23/Mar/2024:11:10:03 +0800] "GET /xingrg/check_reg.html?_=1711163403492 HTTP/1.1" 200 22
101.83.144.49 - - [23/Mar/2024:11:10:04 +0800] "GET /xingrg/all/function/internal_message.html?_=1711163162646&CODE_STATE=getMsg HTTP/1.1" 200 27
180.164.1.25 - - [23/Mar/2024:11:10:04 +0800] "GET /xingrg/all/function/internal_message.html?_=1711163404034&CODE_STATE=getMsg HTTP/1.1" 200 27
124.78.60.103 - - [23/Mar/2024:11:10:04 +0800] "GET /xingrg/check_reg.html?_=1711163404937 HTTP/1.1" 200 22
114.83.222.168 - - [23/Mar/2024:11:10:05 +0800] "GET /xingrg/kc/base/wldb_order_operate.html?command=get_materiel&rest_code=00149&base_code=0010394&code=00101019575 HTTP/1.1" 200 442
124.78.60.103 - - [23/Mar/2024:11:10:05 +0800] "GET /xingrg/all/function/internal_message.html?_=1711163405719&CODE_STATE=getMsg HTTP/1.1" 200 27
114.83.222.168 - - [23/Mar/2024:11:10:23 +0800] "POST /xingrg/kc/base/wldb_order_operate.html HTTP/1.1" 200 37
120.253.135.82 - - [23/Mar/2024:11:10:23 +0800] "GET /xingrg/all/function/internal_message.html?_=1711163263970&CODE_STATE=getMsg HTTP/1.1" 200 27
114.83.222.168 - - [23/Mar/2024:11:10:23 +0800] "POST /xingrg/kc/base/wldb_order_operate.html HTTP/1.1" 200 4694
114.83.222.168 - - [23/Mar/2024:11:10:24 +0800] "GET /xingrg/kc/base/wldb_order_info.html?code=422024032301649 HTTP/1.1" 200 30403
114.83.222.168 - - [23/Mar/2024:11:10:24 +0800] "GET /xingrg/javascript/easyui/themes/default/validatebox.css HTTP/1.1" 404 1104
116.237.74.65 - - [23/Mar/2024:11:10:24 +0800] "GET /xingrg/all/function/internal_message.html?_=1711163419218&CODE_STATE=getMsg HTTP/1.1" 200 27
180.163.28.180 - - [23/Mar/2024:11:10:25 +0800] "GET /xingrg/all/function/internal_message.html?_=1711163359215&CODE_STATE=getMsg HTTP/1.1" 302 -
180.163.28.180 - - [23/Mar/2024:11:10:25 +0800] "GET /xingrg/login.html HTTP/1.1" 200 7641
114.83.222.168 - - [23/Mar/2024:11:10:25 +0800] "POST /xingrg/kc/base/wldb_order_operate.html HTTP/1.1" 200 4694
114.83.222.168 - - [23/Mar/2024:11:10:26 +0800] "GET /xingrg/kc/base/wldb_order_add.html HTTP/1.1" 200 30388
116.232.194.112 - - [23/Mar/2024:11:10:26 +0800] "GET /xingrg/all/function/internal_message.html?_=1711163395791&CODE_STATE=getMsg HTTP/1.1" 200 27
114.83.222.168 - - [23/Mar/2024:11:10:27 +0800] "POST /xingrg/kc/base/wldb_order_operate.html HTTP/1.1" 200 6806
114.83.222.168 - - [23/Mar/2024:11:10:27 +0800] "GET /xingrg/javascript/easyui/themes/default/validatebox.css HTTP/1.1" 404 1104
124.78.60.103 - - [23/Mar/2024:11:10:28 +0800] "POST /xingrg/kc/buy/cgsh_order_operate.html HTTP/1.1" 200 2065
116.235.241.21 - - [23/Mar/2024:11:10:28 +0800] "GET /xingrg/all/function/internal_message.html?_=1711163450781&CODE_STATE=getMsg HTTP/1.1" 200 27
101.228.147.14 - - [23/Mar/2024:11:10:30 +0800] "GET /xingrg/all/function/internal_message.html?_=1711163429900&CODE_STATE=getMsg HTTP/1.1" 200 27
116.224.254.208 - - [23/Mar/2024:11:10:31 +0800] "GET /xingrg/all/function/internal_message.html?_=1711163431344&CODE_STATE=getMsg HTTP/1.1" 200 27
222.70.183.82 - - [23/Mar/2024:11:10:32 +0800] "GET /xingrg/all/function/internal_message.html?_=1711163429275&CODE_STATE=getMsg HTTP/1.1" 200 27
114.83.222.168 - - [23/Mar/2024:11:10:34 +0800] "GET /xingrg/kc/base/wldb_order_operate.html?command=get_materiel&rest_code=00149&base_code=0010395&code=00102002497 HTTP/1.1" 200 439
124.78.60.103 - - [23/Mar/2024:11:10:35 +0800] "GET /xingrg/kc/buy/cgsh_order_operate.html?command=get_materiel&rest_code=00141&code=00101008264&supplier_code=00100008&order_time=2024-03-23 HTTP/1.1" 200 432
222.70.115.1 - - [23/Mar/2024:11:10:36 +0800] "GET /xingrg/all/function/internal_message.html?_=1711163436187&CODE_STATE=getMsg HTTP/1.1" 200 27
222.70.115.1 - - [23/Mar/2024:11:10:36 +0800] "GET /xingrg/check_reg.html?_=1711163436197 HTTP/1.1" 200 22
120.253.135.82 - - [23/Mar/2024:11:10:38 +0800] "GET /xingrg/all/function/internal_message.html?_=1711163279242&CODE_STATE=getMsg HTTP/1.1" 200 27
124.78.60.103 - - [23/Mar/2024:11:10:47 +0800] "GET /xingrg/kc/buy/cgsh_order_operate.html?command=get_materiel&rest_code=00141&code=00101008271&supplier_code=00100008&order_time=2024-03-23 HTTP/1.1" 200 408
124.79.241.4 - - [23/Mar/2024:11:10:49 +0800] "GET /xingrg/check_reg.html?_=1711163472315 HTTP/1.1" 200 22
124.79.241.4 - - [23/Mar/2024:11:10:49 +0800] "GET /xingrg/all/function/internal_message.html?_=1711163472314&CODE_STATE=getMsg HTTP/1.1" 200 27
114.83.222.168 - - [23/Mar/2024:11:10:51 +0800] "POST /xingrg/kc/base/wldb_order_operate.html HTTP/1.1" 200 37
114.83.222.168 - - [23/Mar/2024:11:10:52 +0800] "POST /xingrg/kc/base/wldb_order_operate.html HTTP/1.1" 200 2187
180.169.147.146 - - [23/Mar/2024:11:10:53 +0800] "GET /xingrg/all/function/internal_message.html?_=1711163448799&CODE_STATE=getMsg HTTP/1.1" 200 27
222.69.132.13 - - [23/Mar/2024:11:10:55 +0800] "GET /xingrg/check_reg.html?_=1711163456854 HTTP/1.1" 200 22
222.69.132.13 - - [23/Mar/2024:11:10:55 +0800] "GET /xingrg/all/function/internal_message.html?_=1711163456851&CODE_STATE=getMsg HTTP/1.1" 200 27
116.232.194.112 - - [23/Mar/2024:11:10:56 +0800] "GET /xingrg/all/function/internal_message.html?_=1711163425080&CODE_STATE=getMsg HTTP/1.1" 200 27
101.83.144.49 - - [23/Mar/2024:11:10:56 +0800] "GET /xingrg/all/function/internal_message.html?_=1711163456376&CODE_STATE=getMsg HTTP/1.1" 200 27
114.83.222.168 - - [23/Mar/2024:11:10:57 +0800] "GET /xingrg/kc/base/wldb_order_info.html?code=422024032301650 HTTP/1.1" 200 30401
114.83.222.168 - - [23/Mar/2024:11:10:57 +0800] "GET /xingrg/javascript/easyui/themes/default/validatebox.css HTTP/1.1" 404 1104
114.83.222.168 - - [23/Mar/2024:11:10:58 +0800] "POST /xingrg/kc/base/wldb_order_operate.html HTTP/1.1" 200 2187
114.83.222.168 - - [23/Mar/2024:11:11:01 +0800] "POST /xingrg/kc/base/wldb_list_operate.html HTTP/1.1" 200 2585
116.238.97.31 - - [23/Mar/2024:11:11:02 +0800] "GET /xingrg/all/function/internal_message.html?_=1711163462663&CODE_STATE=getMsg HTTP/1.1" 200 27
101.83.144.49 - - [23/Mar/2024:11:11:04 +0800] "GET /xingrg/all/function/internal_message.html?_=1711163222664&CODE_STATE=getMsg HTTP/1.1" 200 27
180.164.1.25 - - [23/Mar/2024:11:11:04 +0800] "GET /xingrg/all/function/internal_message.html?_=1711163464007&CODE_STATE=getMsg HTTP/1.1" 200 27
124.78.60.103 - - [23/Mar/2024:11:11:05 +0800] "GET /xingrg/all/function/internal_message.html?_=1711163465723&CODE_STATE=getMsg HTTP/1.1" 200 27
101.83.144.49 - - [23/Mar/2024:11:11:08 +0800] "POST /xingrg/kc/buy/cgsh_order_operate.html HTTP/1.1" 200 37
124.78.60.103 - - [23/Mar/2024:11:11:08 +0800] "GET /xingrg/kc/buy/cgsh_order_operate.html?command=get_materiel&rest_code=00141&code=00101008087&supplier_code=00100008&order_time=2024-03-23 HTTP/1.1" 200 412
101.83.144.49 - - [23/Mar/2024:11:11:10 +0800] "POST /xingrg/kc/buy/cgsh_order_operate.html HTTP/1.1" 200 42852
120.253.135.82 - - [23/Mar/2024:11:11:23 +0800] "GET /xingrg/all/function/internal_message.html?_=1711163323983&CODE_STATE=getMsg HTTP/1.1" 200 27
114.83.222.168 - - [23/Mar/2024:11:11:24 +0800] "POST /xingrg/kc/base/wldb_list_operate.html HTTP/1.1" 200 4
180.163.29.219 - - [23/Mar/2024:11:11:24 +0800] "GET /xingrg/all/function/internal_message.html?_=1711163419218&CODE_STATE=getMsg HTTP/1.1" 302 -
180.163.29.219 - - [23/Mar/2024:11:11:24 +0800] "GET /xingrg/login.html HTTP/1.1" 200 7641
116.237.74.65 - - [23/Mar/2024:11:11:24 +0800] "GET /xingrg/check_reg.html?_=1711163479219 HTTP/1.1" 200 22
116.237.74.65 - - [23/Mar/2024:11:11:24 +0800] "GET /xingrg/all/function/internal_message.html?_=1711163479223&CODE_STATE=getMsg HTTP/1.1" 200 27
124.78.60.103 - - [23/Mar/2024:11:11:25 +0800] "GET /xingrg/kc/buy/cgsh_order_operate.html?command=get_materiel&rest_code=00141&code=00101008355&supplier_code=00100008&order_time=2024-03-23 HTTP/1.1" 200 408
114.83.222.168 - - [23/Mar/2024:11:11:26 +0800] "POST /xingrg/kc/base/wldb_list_operate.html HTTP/1.1" 200 928
116.232.194.112 - - [23/Mar/2024:11:11:26 +0800] "GET /xingrg/all/function/internal_message.html?_=1711163455767&CODE_STATE=getMsg HTTP/1.1" 200 27
116.232.194.112 - - [23/Mar/2024:11:11:27 +0800] "GET /xingrg/check_reg.html?_=1711163455831 HTTP/1.1" 200 22
116.235.241.21 - - [23/Mar/2024:11:11:29 +0800] "GET /xingrg/all/function/internal_message.html?_=1711163511187&CODE_STATE=getMsg HTTP/1.1" 200 27
101.228.147.14 - - [23/Mar/2024:11:11:30 +0800] "GET /xingrg/all/function/internal_message.html?_=1711163489885&CODE_STATE=getMsg HTTP/1.1" 200 27
114.83.222.168 - - [23/Mar/2024:11:11:31 +0800] "GET /xingrg/kc/base/wldb_order_add.html HTTP/1.1" 200 30388
114.83.222.168 - - [23/Mar/2024:11:11:31 +0800] "POST /xingrg/kc/base/wldb_order_operate.html HTTP/1.1" 200 6806
114.83.222.168 - - [23/Mar/2024:11:11:31 +0800] "GET /xingrg/javascript/easyui/themes/default/validatebox.css HTTP/1.1" 404 1104
116.224.254.208 - - [23/Mar/2024:11:11:31 +0800] "GET /xingrg/all/function/internal_message.html?_=1711163491337&CODE_STATE=getMsg HTTP/1.1" 200 27
222.70.183.82 - - [23/Mar/2024:11:11:32 +0800] "GET /xingrg/all/function/internal_message.html?_=1711163489286&CODE_STATE=getMsg HTTP/1.1" 200 27
222.70.183.82 - - [23/Mar/2024:11:11:32 +0800] "GET /xingrg/check_reg.html?_=1711163489631 HTTP/1.1" 200 22
114.83.222.168 - - [23/Mar/2024:11:11:35 +0800] "GET /xingrg/kc/buy/cgsh_order_list.html HTTP/1.1" 200 57886
222.70.115.1 - - [23/Mar/2024:11:11:36 +0800] "GET /xingrg/all/function/internal_message.html?_=1711163496181&CODE_STATE=getMsg HTTP/1.1" 200 27
114.83.222.168 - - [23/Mar/2024:11:11:38 +0800] "POST /xingrg/kc/buy/cgsh_list_operate.html HTTP/1.1" 200 645
120.253.135.82 - - [23/Mar/2024:11:11:38 +0800] "GET /xingrg/all/function/internal_message.html?_=1711163339436&CODE_STATE=getMsg HTTP/1.1" 200 27
114.83.222.168 - - [23/Mar/2024:11:11:39 +0800] "GET /xingrg/kc/buy/cgsh_order_add.html HTTP/1.1" 200 73743
114.83.222.168 - - [23/Mar/2024:11:11:40 +0800] "POST /xingrg/kc/buy/cgsh_order_operate.html HTTP/1.1" 200 8245
114.83.222.168 - - [23/Mar/2024:11:11:40 +0800] "GET /xingrg/javascript/easyui/themes/default/validatebox.css HTTP/1.1" 404 1104
124.78.60.103 - - [23/Mar/2024:11:11:49 +0800] "GET /xingrg/kc/buy/cgsh_order_operate.html?command=get_materiel&rest_code=00141&code=00101008004&supplier_code=00100008&order_time=2024-03-23 HTTP/1.1" 200 417
124.79.241.4 - - [23/Mar/2024:11:11:49 +0800] "GET /xingrg/all/function/internal_message.html?_=1711163532312&CODE_STATE=getMsg HTTP/1.1" 200 27
114.83.222.168 - - [23/Mar/2024:11:11:52 +0800] "GET /xingrg/all/function/internal_message.html?_=1711163512985&CODE_STATE=getMsg HTTP/1.1" 200 27
180.169.147.146 - - [23/Mar/2024:11:11:53 +0800] "GET /xingrg/all/function/internal_message.html?_=1711163508806&CODE_STATE=getMsg HTTP/1.1" 200 27
124.78.60.103 - - [23/Mar/2024:11:11:54 +0800] "POST /xingrg/kc/buy/cgsh_order_operate.html HTTP/1.1" 200 2065
222.69.132.13 - - [23/Mar/2024:11:11:55 +0800] "GET /xingrg/all/function/internal_message.html?_=1711163516836&CODE_STATE=getMsg HTTP/1.1" 200 27
116.232.194.112 - - [23/Mar/2024:11:11:56 +0800] "GET /xingrg/all/function/internal_message.html?_=1711163485075&CODE_STATE=getMsg HTTP/1.1" 200 27
116.232.194.112 - - [23/Mar/2024:11:11:56 +0800] "GET /xingrg/check_reg.html?_=1711163485080 HTTP/1.1" 200 22
101.83.144.49 - - [23/Mar/2024:11:11:56 +0800] "GET /xingrg/all/function/internal_message.html?_=1711163516377&CODE_STATE=getMsg HTTP/1.1" 200 27
101.83.144.49 - - [23/Mar/2024:11:11:56 +0800] "GET /xingrg/check_reg.html?_=1711163516380 HTTP/1.1" 200 22
116.238.97.31 - - [23/Mar/2024:11:12:02 +0800] "GET /xingrg/all/function/internal_message.html?_=1711163522641&CODE_STATE=getMsg HTTP/1.1" 200 27
101.83.144.49 - - [23/Mar/2024:11:12:04 +0800] "GET /xingrg/check_reg.html?_=1711163282635 HTTP/1.1" 200 22
101.83.144.49 - - [23/Mar/2024:11:12:04 +0800] "GET /xingrg/all/function/internal_message.html?_=1711163282638&CODE_STATE=getMsg HTTP/1.1" 200 27
180.164.1.25 - - [23/Mar/2024:11:12:04 +0800] "GET /xingrg/all/function/internal_message.html?_=1711163523980&CODE_STATE=getMsg HTTP/1.1" 200 27
124.78.60.103 - - [23/Mar/2024:11:12:05 +0800] "GET /xingrg/all/function/internal_message.html?_=1711163525686&CODE_STATE=getMsg HTTP/1.1" 200 27
124.78.60.103 - - [23/Mar/2024:11:12:12 +0800] "GET /xingrg/kc/buy/cgsh_order_operate.html?command=get_materiel&rest_code=00141&code=00101008213&supplier_code=00100008&order_time=2024-03-23 HTTP/1.1" 200 412
120.253.135.82 - - [23/Mar/2024:11:12:23 +0800] "GET /xingrg/all/function/internal_message.html?_=1711163384004&CODE_STATE=getMsg HTTP/1.1" 200 27
116.232.194.112 - - [23/Mar/2024:11:12:23 +0800] "GET /xingrg/kc/buy/cgsh_order_add.html HTTP/1.1" 200 73743
116.232.194.112 - - [23/Mar/2024:11:12:24 +0800] "POST /xingrg/kc/buy/cgsh_order_operate.html HTTP/1.1" 200 8245
