116.224.254.208 - - [23/Mar/2024:09:05:59 +0800] "GET /xingrg/all/function/internal_message.html?_=1711155958677&CODE_STATE=getMsg HTTP/1.1" 200 27
114.83.222.168 - - [23/Mar/2024:09:06:02 +0800] "GET /xingrg/kc/buy/cgsh_order_operate.html?command=get_materiel&rest_code=00149&code=00101010168&supplier_code=00100008&order_time=2024-03-23 HTTP/1.1" 200 413
101.83.144.49 - - [23/Mar/2024:09:06:04 +0800] "GET /xingrg/all/function/internal_message.html?_=1711155722535&CODE_STATE=getMsg HTTP/1.1" 200 27
124.78.60.103 - - [23/Mar/2024:09:06:04 +0800] "GET /xingrg/all/function/internal_message.html?_=1711155964941&CODE_STATE=getMsg HTTP/1.1" 200 27
116.238.97.31 - - [23/Mar/2024:09:06:07 +0800] "GET /xingrg/all/function/internal_message.html?_=1711155967025&CODE_STATE=getMsg HTTP/1.1" 200 27
116.224.254.208 - - [23/Mar/2024:09:06:12 +0800] "GET /xingrg/kc/buy/cgsh_order_operate.html?command=get_materiel&rest_code=00150&code=00101001299&supplier_code=00100096&order_time=2024-03-23 HTTP/1.1" 200 413
222.70.183.82 - - [23/Mar/2024:09:06:12 +0800] "GET /xingrg/kc/buy/cgsh_order_operate.html?command=get_materiel&rest_code=00111&code=00101007022&supplier_code=00100096&order_time=2024-03-23 HTTP/1.1" 200 415
114.83.222.168 - - [23/Mar/2024:09:06:12 +0800] "GET /xingrg/kc/buy/cgsh_order_operate.html?command=get_materiel&rest_code=00149&code=00101008196&supplier_code=00100008&order_time=2024-03-23 HTTP/1.1" 200 416
114.83.222.168 - - [23/Mar/2024:09:06:13 +0800] "GET /xingrg/all/function/internal_message.html?_=1711155973318&CODE_STATE=getMsg HTTP/1.1" 200 27
180.164.1.25 - - [23/Mar/2024:09:06:14 +0800] "GET /xingrg/all/function/internal_message.html?_=1711155973939&CODE_STATE=getMsg HTTP/1.1" 200 27
180.164.1.25 - - [23/Mar/2024:09:06:17 +0800] "POST /xingrg/kc/buy/cgsh_list_operate.html HTTP/1.1" 200 4
116.224.254.208 - - [23/Mar/2024:09:06:20 +0800] "GET /xingrg/kc/buy/cgsh_order_operate.html?command=get_materiel&rest_code=00150&code=00101001010&supplier_code=00100096&order_time=2024-03-23 HTTP/1.1" 200 408
114.83.222.168 - - [23/Mar/2024:09:06:22 +0800] "GET /xingrg/kc/buy/cgsh_order_operate.html?command=get_materiel&rest_code=00149&code=00101008740&supplier_code=00100008&order_time=2024-03-23 HTTP/1.1" 200 413
116.237.74.65 - - [23/Mar/2024:09:06:23 +0800] "GET /xingrg/all/function/internal_message.html?_=1711155978073&CODE_STATE=getMsg HTTP/1.1" 200 27
120.253.135.82 - - [23/Mar/2024:09:06:28 +0800] "GET /xingrg/all/function/internal_message.html?_=1711155829564&CODE_STATE=getMsg HTTP/1.1" 200 27
116.237.74.65 - - [23/Mar/2024:09:06:29 +0800] "GET /xingrg/kc/buy/cgsh_order_operate.html?command=get_materiel&rest_code=00106&code=00101008351&supplier_code=00100008&order_time=2024-03-23 HTTP/1.1" 200 408
180.163.30.76 - - [23/Mar/2024:09:06:30 +0800] "GET /xingrg/all/function/internal_message.html?_=1711155798080&CODE_STATE=getMsg HTTP/1.1" 302 -
180.163.30.76 - - [23/Mar/2024:09:06:30 +0800] "GET /xingrg/login.html HTTP/1.1" 200 7641
222.70.183.82 - - [23/Mar/2024:09:06:31 +0800] "GET /xingrg/kc/buy/cgsh_order_operate.html?command=get_materiel&rest_code=00111&code=00101007075&supplier_code=00100096&order_time=2024-03-23 HTTP/1.1" 200 409
114.83.222.168 - - [23/Mar/2024:09:06:31 +0800] "GET /xingrg/kc/buy/cgsh_order_operate.html?command=get_materiel&rest_code=00149&code=00101008150&supplier_code=00100008&order_time=2024-03-23 HTTP/1.1" 200 409
222.70.183.82 - - [23/Mar/2024:09:06:32 +0800] "GET /xingrg/check_reg.html?_=1711155989493 HTTP/1.1" 200 22
222.70.183.82 - - [23/Mar/2024:09:06:34 +0800] "GET /xingrg/all/function/internal_message.html?_=1711155991567&CODE_STATE=getMsg HTTP/1.1" 200 27
116.224.254.208 - - [23/Mar/2024:09:06:36 +0800] "GET /xingrg/all/function/internal_message.html?_=1711155996044&CODE_STATE=getMsg HTTP/1.1" 200 27
180.164.1.25 - - [23/Mar/2024:09:06:37 +0800] "POST /xingrg/kc/buy/cgsh_list_operate.html HTTP/1.1" 200 4105
116.224.254.208 - - [23/Mar/2024:09:06:44 +0800] "GET /xingrg/kc/buy/cgsh_order_operate.html?command=get_materiel&rest_code=00150&code=00101007061&supplier_code=00100096&order_time=2024-03-23 HTTP/1.1" 200 410
114.83.222.168 - - [23/Mar/2024:09:06:47 +0800] "GET /xingrg/kc/buy/cgsh_order_operate.html?command=get_materiel&rest_code=00149&code=00101008291&supplier_code=00100008&order_time=2024-03-23 HTTP/1.1" 200 410
116.235.241.21 - - [23/Mar/2024:09:06:54 +0800] "GET /xingrg/all/function/internal_message.html?_=1711156036272&CODE_STATE=getMsg HTTP/1.1" 200 27
101.83.144.49 - - [23/Mar/2024:09:06:56 +0800] "GET /xingrg/all/function/internal_message.html?_=1711156016249&CODE_STATE=getMsg HTTP/1.1" 200 27
101.83.144.49 - - [23/Mar/2024:09:06:56 +0800] "GET /xingrg/check_reg.html?_=1711156016251 HTTP/1.1" 200 22
116.224.254.208 - - [23/Mar/2024:09:06:59 +0800] "GET /xingrg/all/function/internal_message.html?_=1711156018661&CODE_STATE=getMsg HTTP/1.1" 200 27
114.83.222.168 - - [23/Mar/2024:09:06:59 +0800] "GET /xingrg/kc/buy/cgsh_order_operate.html?command=get_materiel&rest_code=00149&code=00101008272&supplier_code=00100008&order_time=2024-03-23 HTTP/1.1" 200 412
116.224.254.208 - - [23/Mar/2024:09:06:59 +0800] "GET /xingrg/kc/buy/cgsh_order_operate.html?command=get_materiel&rest_code=00150&code=00101007049&supplier_code=00100096&order_time=2024-03-23 HTTP/1.1" 200 409
101.83.144.49 - - [23/Mar/2024:09:07:04 +0800] "GET /xingrg/all/function/internal_message.html?_=1711155782544&CODE_STATE=getMsg HTTP/1.1" 200 27
101.83.144.49 - - [23/Mar/2024:09:07:04 +0800] "GET /xingrg/check_reg.html?_=1711155782547 HTTP/1.1" 200 22
124.78.60.103 - - [23/Mar/2024:09:07:04 +0800] "GET /xingrg/all/function/internal_message.html?_=1711156024939&CODE_STATE=getMsg HTTP/1.1" 200 27
116.238.97.31 - - [23/Mar/2024:09:07:06 +0800] "GET /xingrg/all/function/internal_message.html?_=1711156027003&CODE_STATE=getMsg HTTP/1.1" 200 27
114.83.222.168 - - [23/Mar/2024:09:07:08 +0800] "GET /xingrg/kc/buy/cgsh_order_operate.html?command=get_materiel&rest_code=00149&code=00101008010&supplier_code=00100008&order_time=2024-03-23 HTTP/1.1" 200 412
114.83.222.168 - - [23/Mar/2024:09:07:13 +0800] "GET /xingrg/all/function/internal_message.html?_=1711156033293&CODE_STATE=getMsg HTTP/1.1" 200 27
180.164.1.25 - - [23/Mar/2024:09:07:14 +0800] "GET /xingrg/all/function/internal_message.html?_=1711156033964&CODE_STATE=getMsg HTTP/1.1" 200 27
114.83.222.168 - - [23/Mar/2024:09:07:17 +0800] "GET /xingrg/kc/buy/cgsh_order_operate.html?command=get_materiel&rest_code=00149&code=00101008125&supplier_code=00100008&order_time=2024-03-23 HTTP/1.1" 200 413
116.237.74.65 - - [23/Mar/2024:09:07:23 +0800] "GET /xingrg/all/function/internal_message.html?_=1711156038080&CODE_STATE=getMsg HTTP/1.1" 200 27
116.224.254.208 - - [23/Mar/2024:09:07:24 +0800] "GET /xingrg/kc/buy/cgsh_order_operate.html?command=get_materiel&rest_code=00150&code=00101006240&supplier_code=00100096&order_time=2024-03-23 HTTP/1.1" 200 422
180.163.29.103 - - [23/Mar/2024:09:07:26 +0800] "GET /xingrg/kc/buy/cgsh_order_operate.html?command=get_materiel&rest_code=00106&code=00101008351&supplier_code=00100008&order_time=2024-03-23 HTTP/1.1" 302 -
180.163.29.103 - - [23/Mar/2024:09:07:26 +0800] "GET /xingrg/login.html HTTP/1.1" 200 7641
180.163.29.206 - - [23/Mar/2024:09:07:26 +0800] "GET /xingrg/all/function/internal_message.html?_=1711155978073&CODE_STATE=getMsg HTTP/1.1" 302 -
180.163.29.206 - - [23/Mar/2024:09:07:26 +0800] "GET /xingrg/login.html HTTP/1.1" 200 7641
114.83.222.168 - - [23/Mar/2024:09:07:27 +0800] "GET /xingrg/kc/buy/cgsh_order_operate.html?command=get_materiel&rest_code=00149&code=00101008351&supplier_code=00100008&order_time=2024-03-23 HTTP/1.1" 200 408
120.253.135.82 - - [23/Mar/2024:09:07:28 +0800] "GET /xingrg/all/function/internal_message.html?_=1711155889568&CODE_STATE=getMsg HTTP/1.1" 200 27
222.70.183.82 - - [23/Mar/2024:09:07:34 +0800] "GET /xingrg/all/function/internal_message.html?_=1711156051551&CODE_STATE=getMsg HTTP/1.1" 200 27
116.224.254.208 - - [23/Mar/2024:09:07:36 +0800] "GET /xingrg/all/function/internal_message.html?_=1711156056031&CODE_STATE=getMsg HTTP/1.1" 200 27
116.224.254.208 - - [23/Mar/2024:09:07:40 +0800] "GET /xingrg/kc/buy/cgsh_order_operate.html?command=get_materiel&rest_code=00150&code=00101006112&supplier_code=00100096&order_time=2024-03-23 HTTP/1.1" 200 411
114.83.222.168 - - [23/Mar/2024:09:07:49 +0800] "GET /xingrg/kc/buy/cgsh_order_operate.html?command=get_materiel&rest_code=00149&code=00101008095&supplier_code=00100008&order_time=2024-03-23 HTTP/1.1" 200 413
116.224.254.208 - - [23/Mar/2024:09:07:50 +0800] "GET /xingrg/check_reg.html?_=1711156069757 HTTP/1.1" 200 22
116.224.254.208 - - [23/Mar/2024:09:07:50 +0800] "GET /xingrg/kc/buy/cgsh_order_operate.html?command=get_materiel&rest_code=00150&code=00101010711&supplier_code=00100096&order_time=2024-03-23 HTTP/1.1" 200 406
116.237.74.65 - - [23/Mar/2024:09:07:52 +0800] "GET /xingrg/kc/buy/cgsh_order_operate.html?command=get_materiel&rest_code=00106&code=00101008096&supplier_code=00100008&order_time=2024-03-23 HTTP/1.1" 200 412
116.235.241.21 - - [23/Mar/2024:09:07:54 +0800] "GET /xingrg/all/function/internal_message.html?_=1711156096292&CODE_STATE=getMsg HTTP/1.1" 200 27
101.83.144.49 - - [23/Mar/2024:09:07:56 +0800] "GET /xingrg/all/function/internal_message.html?_=1711156076250&CODE_STATE=getMsg HTTP/1.1" 200 27
116.237.74.65 - - [23/Mar/2024:09:07:57 +0800] "POST /xingrg/kc/buy/cgsh_order_operate.html HTTP/1.1" 200 2065
222.70.183.82 - - [23/Mar/2024:09:07:58 +0800] "GET /xingrg/kc/buy/cgsh_order_operate.html?command=get_materiel&rest_code=00111&code=00101006057&supplier_code=00100096&order_time=2024-03-23 HTTP/1.1" 200 413
116.224.254.208 - - [23/Mar/2024:09:07:59 +0800] "GET /xingrg/all/function/internal_message.html?_=1711156078637&CODE_STATE=getMsg HTTP/1.1" 200 27
114.83.222.168 - - [23/Mar/2024:09:08:01 +0800] "GET /xingrg/kc/buy/cgsh_order_operate.html?command=get_materiel&rest_code=00149&code=00101008674&supplier_code=00100008&order_time=2024-03-23 HTTP/1.1" 200 413
116.224.254.208 - - [23/Mar/2024:09:08:02 +0800] "GET /xingrg/kc/buy/cgsh_order_operate.html?command=get_materiel&rest_code=00150&code=00101006019&supplier_code=00100096&order_time=2024-03-23 HTTP/1.1" 200 417
101.83.144.49 - - [23/Mar/2024:09:08:04 +0800] "GET /xingrg/all/function/internal_message.html?_=1711155842536&CODE_STATE=getMsg HTTP/1.1" 200 27
116.237.74.65 - - [23/Mar/2024:09:08:04 +0800] "GET /xingrg/kc/buy/cgsh_order_operate.html?command=get_materiel&rest_code=00106&code=00101008264&supplier_code=00100008&order_time=2024-03-23 HTTP/1.1" 200 432
124.78.60.103 - - [23/Mar/2024:09:08:04 +0800] "GET /xingrg/all/function/internal_message.html?_=1711156084942&CODE_STATE=getMsg HTTP/1.1" 200 27
116.238.97.31 - - [23/Mar/2024:09:08:06 +0800] "GET /xingrg/all/function/internal_message.html?_=1711156086983&CODE_STATE=getMsg HTTP/1.1" 200 27
114.83.222.168 - - [23/Mar/2024:09:08:08 +0800] "POST /xingrg/services/DataTransmitService HTTP/1.1" 200 524
222.70.183.82 - - [23/Mar/2024:09:08:11 +0800] "GET /xingrg/kc/buy/cgsh_order_operate.html?command=get_materiel&rest_code=00111&code=00101006111&supplier_code=00100096&order_time=2024-03-23 HTTP/1.1" 200 409
114.83.222.168 - - [23/Mar/2024:09:08:13 +0800] "GET /xingrg/all/function/internal_message.html?_=1711156093296&CODE_STATE=getMsg HTTP/1.1" 200 27
116.237.74.65 - - [23/Mar/2024:09:08:14 +0800] "GET /xingrg/kc/buy/cgsh_order_operate.html?command=get_materiel&rest_code=00106&code=00101008352&supplier_code=00100008&order_time=2024-03-23 HTTP/1.1" 200 412
180.164.1.25 - - [23/Mar/2024:09:08:14 +0800] "GET /xingrg/all/function/internal_message.html?_=1711156093956&CODE_STATE=getMsg HTTP/1.1" 200 27
116.224.254.208 - - [23/Mar/2024:09:08:15 +0800] "GET /xingrg/kc/buy/cgsh_order_operate.html?command=get_materiel&rest_code=00150&code=00101006055&supplier_code=00100096&order_time=2024-03-23 HTTP/1.1" 200 409
222.70.183.82 - - [23/Mar/2024:09:08:22 +0800] "GET /xingrg/kc/buy/cgsh_order_operate.html?command=get_materiel&rest_code=00111&code=00101006087&supplier_code=00100096&order_time=2024-03-23 HTTP/1.1" 200 411
116.237.74.65 - - [23/Mar/2024:09:08:23 +0800] "GET /xingrg/all/function/internal_message.html?_=1711156098086&CODE_STATE=getMsg HTTP/1.1" 200 27
114.83.222.168 - - [23/Mar/2024:09:08:24 +0800] "GET /xingrg/kc/buy/cgsh_order_operate.html?command=get_materiel&rest_code=00149&code=00101008358&supplier_code=00100008&order_time=2024-03-23 HTTP/1.1" 200 412
218.79.29.78 - - [23/Mar/2024:09:08:26 +0800] "GET /xingrg/check_reg.html?_=1711156115150 HTTP/1.1" 302 -
120.253.135.82 - - [23/Mar/2024:09:08:29 +0800] "GET /xingrg/all/function/internal_message.html?_=1711155949745&CODE_STATE=getMsg HTTP/1.1" 200 27
116.235.241.21 - - [23/Mar/2024:09:08:29 +0800] "GET /xingrg/check_reg.html?_=1711156131167 HTTP/1.1" 200 22
114.83.222.168 - - [23/Mar/2024:09:08:34 +0800] "GET /xingrg/kc/buy/cgsh_order_operate.html?command=get_materiel&rest_code=00149&code=00101008096&supplier_code=00100008&order_time=2024-03-23 HTTP/1.1" 200 412
222.70.183.82 - - [23/Mar/2024:09:08:34 +0800] "GET /xingrg/all/function/internal_message.html?_=1711156111522&CODE_STATE=getMsg HTTP/1.1" 200 27
116.224.254.208 - - [23/Mar/2024:09:08:36 +0800] "GET /xingrg/all/function/internal_message.html?_=1711156116041&CODE_STATE=getMsg HTTP/1.1" 200 27
116.224.254.208 - - [23/Mar/2024:09:08:45 +0800] "GET /xingrg/kc/buy/cgsh_order_operate.html?command=get_materiel&rest_code=00150&code=00101007181&supplier_code=00100096&order_time=2024-03-23 HTTP/1.1" 200 412
116.235.241.21 - - [23/Mar/2024:09:08:54 +0800] "GET /xingrg/all/function/internal_message.html?_=1711156156298&CODE_STATE=getMsg HTTP/1.1" 200 27
101.83.144.49 - - [23/Mar/2024:09:08:56 +0800] "GET /xingrg/all/function/internal_message.html?_=1711156136253&CODE_STATE=getMsg HTTP/1.1" 200 27
116.237.74.65 - - [23/Mar/2024:09:08:58 +0800] "GET /xingrg/kc/buy/cgsh_order_operate.html?command=get_materiel&rest_code=00106&code=00101008353&supplier_code=00100008&order_time=2024-03-23 HTTP/1.1" 200 408
101.83.144.49 - - [23/Mar/2024:09:09:04 +0800] "GET /xingrg/all/function/internal_message.html?_=1711155902541&CODE_STATE=getMsg HTTP/1.1" 200 27
124.78.60.103 - - [23/Mar/2024:09:09:04 +0800] "GET /xingrg/all/function/internal_message.html?_=1711156144933&CODE_STATE=getMsg HTTP/1.1" 200 27
116.224.254.208 - - [23/Mar/2024:09:09:04 +0800] "POST /xingrg/kc/buy/cgsh_order_operate.html HTTP/1.1" 200 37
222.70.183.82 - - [23/Mar/2024:09:09:06 +0800] "GET /xingrg/kc/buy/cgsh_order_operate.html?command=get_materiel&rest_code=00111&code=00101006129&supplier_code=00100096&order_time=2024-03-23 HTTP/1.1" 200 439
116.238.97.31 - - [23/Mar/2024:09:09:06 +0800] "GET /xingrg/check_reg.html?_=1711156146681 HTTP/1.1" 200 22
116.238.97.31 - - [23/Mar/2024:09:09:06 +0800] "GET /xingrg/all/function/internal_message.html?_=1711156146982&CODE_STATE=getMsg HTTP/1.1" 200 27
114.83.222.168 - - [23/Mar/2024:09:09:07 +0800] "GET /xingrg/kc/buy/cgsh_order_operate.html?command=get_materiel&rest_code=00149&code=00101008038&supplier_code=00100008&order_time=2024-03-23 HTTP/1.1" 200 412
120.253.135.82 - - [23/Mar/2024:09:09:12 +0800] "GET /xingrg/check_reg.html?_=1711155993609 HTTP/1.1" 200 22
114.83.222.168 - - [23/Mar/2024:09:09:13 +0800] "GET /xingrg/check_reg.html?_=1711156153291 HTTP/1.1" 200 22
114.83.222.168 - - [23/Mar/2024:09:09:13 +0800] "GET /xingrg/all/function/internal_message.html?_=1711156153296&CODE_STATE=getMsg HTTP/1.1" 200 27
180.164.1.25 - - [23/Mar/2024:09:09:14 +0800] "GET /xingrg/all/function/internal_message.html?_=1711156153940&CODE_STATE=getMsg HTTP/1.1" 200 27
180.164.1.25 - - [23/Mar/2024:09:09:14 +0800] "GET /xingrg/check_reg.html?_=1711156153939 HTTP/1.1" 200 22
116.224.254.208 - - [23/Mar/2024:09:09:14 +0800] "POST /xingrg/kc/buy/cgsh_order_operate.html HTTP/1.1" 200 12
180.164.1.25 - - [23/Mar/2024:09:09:17 +0800] "POST /xingrg/kc/buy/cgsh_list_operate.html HTTP/1.1" 200 4
116.224.254.208 - - [23/Mar/2024:09:09:18 +0800] "GET /xingrg/kc/buy/cgsh_order_info.html?code=212024032306769 HTTP/1.1" 200 68614
116.224.254.208 - - [23/Mar/2024:09:09:18 +0800] "GET /xingrg/javascript/easyui/themes/default/validatebox.css HTTP/1.1" 404 1104
116.224.254.208 - - [23/Mar/2024:09:09:19 +0800] "POST /xingrg/kc/buy/cgsh_order_operate.html HTTP/1.1" 200 7123
180.164.1.25 - - [23/Mar/2024:09:09:21 +0800] "POST /xingrg/kc/buy/cgsh_list_operate.html HTTP/1.1" 200 645
114.83.222.168 - - [23/Mar/2024:09:09:22 +0800] "GET /xingrg/kc/buy/cgsh_order_operate.html?command=get_materiel&rest_code=00149&code=00101008283&supplier_code=00100008&order_time=2024-03-23 HTTP/1.1" 200 408
116.237.74.65 - - [23/Mar/2024:09:09:23 +0800] "GET /xingrg/all/function/internal_message.html?_=1711156158084&CODE_STATE=getMsg HTTP/1.1" 200 27
116.224.254.208 - - [23/Mar/2024:09:09:25 +0800] "GET /xingrg/kc/print/load_data.html?order_code=212024032306769&kc_code=cgsh&condition= HTTP/1.1" 200 3185
114.83.222.168 - - [23/Mar/2024:09:09:27 +0800] "POST /xingrg/kc/buy/cgsh_order_operate.html HTTP/1.1" 200 2065
222.69.132.13 - - [23/Mar/2024:09:09:28 +0800] "GET /xingrg/login.html HTTP/1.1" 200 7641
116.237.74.65 - - [23/Mar/2024:09:09:28 +0800] "GET /xingrg/kc/buy/cgsh_order_operate.html?command=get_materiel&rest_code=00106&code=00101008361&supplier_code=00100008&order_time=2024-03-23 HTTP/1.1" 200 408
222.69.132.13 - - [23/Mar/2024:09:09:28 +0800] "GET /favicon.ico HTTP/1.1" 404 -
120.253.135.82 - - [23/Mar/2024:09:09:29 +0800] "GET /xingrg/all/function/internal_message.html?_=1711156009752&CODE_STATE=getMsg HTTP/1.1" 200 27
218.79.29.78 - - [23/Mar/2024:09:09:29 +0800] "GET /xingrg/check_reg.html?_=1711156178817 HTTP/1.1" 302 -
222.69.132.13 - - [23/Mar/2024:09:09:30 +0800] "POST /xingrg/login.do HTTP/1.1" 302 -
222.69.132.13 - - [23/Mar/2024:09:09:31 +0800] "GET /xingrg/index.html?sysBaseUrl=http%3A%2F%2F180.169.147.146%3A18081%2Fxingrg%2F&costTime=812×tamp=1711156170927 HTTP/1.1" 200 17179
222.69.132.13 - - [23/Mar/2024:09:09:31 +0800] "GET /favicon.ico HTTP/1.1" 404 -
222.69.132.13 - - [23/Mar/2024:09:09:31 +0800] "GET /xingrg/check_reg.html?_=1711156172526 HTTP/1.1" 200 22
222.69.132.13 - - [23/Mar/2024:09:09:31 +0800] "GET /xingrg/all/function/internal_message.html?_=1711156172525&CODE_STATE=count HTTP/1.1" 200 11
222.69.132.13 - - [23/Mar/2024:09:09:31 +0800] "POST /xingrg/all/common/load_tree.html?tree=area_rest_tree_json&manage=1 HTTP/1.1" 200 351
222.69.132.13 - - [23/Mar/2024:09:09:31 +0800] "POST /xingrg/load_menu.html HTTP/1.1" 200 5138
114.83.222.168 - - [23/Mar/2024:09:09:33 +0800] "GET /xingrg/kc/buy/cgsh_order_operate.html?command=get_materiel&rest_code=00149&code=00101008502&supplier_code=00100008&order_time=2024-03-23 HTTP/1.1" 200 412
222.70.183.82 - - [23/Mar/2024:09:09:34 +0800] "GET /xingrg/all/function/internal_message.html?_=1711156171499&CODE_STATE=getMsg HTTP/1.1" 200 27
116.224.254.208 - - [23/Mar/2024:09:09:34 +0800] "GET /xingrg/kc/buy/cgsh_order_add.html HTTP/1.1" 200 73711
116.224.254.208 - - [23/Mar/2024:09:09:35 +0800] "POST /xingrg/kc/buy/cgsh_order_operate.html HTTP/1.1" 200 8245
116.224.254.208 - - [23/Mar/2024:09:09:35 +0800] "GET /xingrg/javascript/easyui/themes/default/validatebox.css HTTP/1.1" 404 1104
116.224.254.208 - - [23/Mar/2024:09:09:35 +0800] "GET /xingrg/javascript/jquery_easy_ui/themes/icons/ok.png HTTP/1.1" 304 -
116.224.254.208 - - [23/Mar/2024:09:09:35 +0800] "GET /xingrg/javascript/jquery_easy_ui/themes/default/images/panel_title.png HTTP/1.1" 304 -
116.224.254.208 - - [23/Mar/2024:09:09:35 +0800] "GET /xingrg/javascript/jquery_easy_ui/themes/default/images/panel_tools.gif HTTP/1.1" 304 -
116.224.254.208 - - [23/Mar/2024:09:09:36 +0800] "GET /xingrg/all/function/internal_message.html?_=1711156176058&CODE_STATE=getMsg HTTP/1.1" 200 27
116.224.254.208 - - [23/Mar/2024:09:09:38 +0800] "POST /xingrg/all/user/operate.html HTTP/1.1" 200 36
116.224.254.208 - - [23/Mar/2024:09:09:38 +0800] "GET /xingrg/index.html?sysBaseUrl=http%3A%2F%2F180.169.147.146%3A18081%2Fxingrg%2F&costTime=1137×tamp=1711154869550 HTTP/1.1" 200 17177
116.224.254.208 - - [23/Mar/2024:09:09:38 +0800] "GET /xingrg/javascript/jquery_easy_ui/themes/default/easyui.css HTTP/1.1" 304 -
116.224.254.208 - - [23/Mar/2024:09:09:38 +0800] "GET /xingrg/javascript/jquery_easy_ui/themes/icon.css HTTP/1.1" 304 -
116.224.254.208 - - [23/Mar/2024:09:09:38 +0800] "GET /xingrg/css/form.css HTTP/1.1" 304 -
116.224.254.208 - - [23/Mar/2024:09:09:38 +0800] "GET /xingrg/javascript/jquery-1.4.2.min.js HTTP/1.1" 304 -
116.224.254.208 - - [23/Mar/2024:09:09:38 +0800] "GET /xingrg/javascript/jquery_easy_ui/jquery.easyui.min.js HTTP/1.1" 304 -
116.224.254.208 - - [23/Mar/2024:09:09:38 +0800] "GET /xingrg/javascript/jquery_easy_ui/easyui-lang-zh_CN.js HTTP/1.1" 304 -
116.224.254.208 - - [23/Mar/2024:09:09:38 +0800] "GET /xingrg/javascript/jquery.form.js HTTP/1.1" 304 -
116.224.254.208 - - [23/Mar/2024:09:09:38 +0800] "GET /xingrg/javascript/jquery.utils.js HTTP/1.1" 304 -
116.224.254.208 - - [23/Mar/2024:09:09:38 +0800] "GET /xingrg/javascript/jquery.timers.js HTTP/1.1" 304 -
116.224.254.208 - - [23/Mar/2024:09:09:38 +0800] "GET /xingrg/images/blue/jxLogo.png HTTP/1.1" 304 -
116.224.254.208 - - [23/Mar/2024:09:09:39 +0800] "GET /xingrg/images/blue/navBackgound.jpg HTTP/1.1" 304 -
116.224.254.208 - - [23/Mar/2024:09:09:39 +0800] "GET /xingrg/javascript/jquery_easy_ui/themes/icons/settle_new.png HTTP/1.1" 304 -
116.224.254.208 - - [23/Mar/2024:09:09:39 +0800] "GET /xingrg/all/function/internal_message.html?_=1711156178694&CODE_STATE=count HTTP/1.1" 200 11
116.224.254.208 - - [23/Mar/2024:09:09:39 +0800] "GET /xingrg/javascript/jquery_easy_ui/themes/default/images/tabs_leftarrow.png HTTP/1.1" 304 -
116.224.254.208 - - [23/Mar/2024:09:09:39 +0800] "GET /xingrg/javascript/jquery_easy_ui/themes/default/images/panel_tool_collapse.gif HTTP/1.1" 304 -
116.224.254.208 - - [23/Mar/2024:09:09:39 +0800] "GET /xingrg/check_reg.html?_=1711156178695 HTTP/1.1" 200 22
116.224.254.208 - - [23/Mar/2024:09:09:39 +0800] "GET /xingrg/images/blue/pingpu.png HTTP/1.1" 304 -
116.224.254.208 - - [23/Mar/2024:09:09:39 +0800] "GET /xingrg/javascript/jquery_easy_ui/themes/default/images/tabs_rightarrow.png HTTP/1.1" 304 -
116.224.254.208 - - [23/Mar/2024:09:09:39 +0800] "POST /xingrg/all/common/load_tree.html?tree=area_rest_tree_json&manage=1 HTTP/1.1" 200 476
116.224.254.208 - - [23/Mar/2024:09:09:39 +0800] "POST /xingrg/load_menu.html HTTP/1.1" 200 5138
116.224.254.208 - - [23/Mar/2024:09:09:43 +0800] "GET /xingrg/kc/buy/cgsh_order_list.html HTTP/1.1" 200 57884
222.70.183.82 - - [23/Mar/2024:09:09:44 +0800] "POST /xingrg/kc/buy/cgsh_order_operate.html HTTP/1.1" 200 37
116.224.254.208 - - [23/Mar/2024:09:09:45 +0800] "POST /xingrg/kc/buy/cgsh_list_operate.html HTTP/1.1" 200 645
114.83.222.168 - - [23/Mar/2024:09:09:46 +0800] "GET /xingrg/kc/buy/cgsh_order_operate.html?command=get_materiel&rest_code=00149&code=00101008264&supplier_code=00100008&order_time=2024-03-23 HTTP/1.1" 200 432
116.224.254.208 - - [23/Mar/2024:09:09:47 +0800] "GET /xingrg/kc/buy/cgsh_order_add.html HTTP/1.1" 200 73265
116.224.254.208 - - [23/Mar/2024:09:09:48 +0800] "POST /xingrg/kc/buy/cgsh_order_operate.html HTTP/1.1" 200 8245
116.224.254.208 - - [23/Mar/2024:09:09:48 +0800] "GET /xingrg/javascript/easyui/themes/default/validatebox.css HTTP/1.1" 404 1104
116.224.254.208 - - [23/Mar/2024:09:09:48 +0800] "GET /xingrg/all/common/auto_word.html?type=employee&rest_code=00151 HTTP/1.1" 200 293
116.224.254.208 - - [23/Mar/2024:09:09:48 +0800] "GET /xingrg/all/common/auto_word.html?type=employee&rest_code=00151 HTTP/1.1" 200 293
116.224.254.208 - - [23/Mar/2024:09:09:49 +0800] "GET /xingrg/javascript/auto/indicator.gif HTTP/1.1" 404 1066
222.70.183.82 - - [23/Mar/2024:09:09:52 +0800] "POST /xingrg/kc/buy/cgsh_order_operate.html HTTP/1.1" 200 12
116.235.241.21 - - [23/Mar/2024:09:09:54 +0800] "GET /xingrg/all/function/internal_message.html?_=1711156216313&CODE_STATE=getMsg HTTP/1.1" 200 27
101.83.144.49 - - [23/Mar/2024:09:09:56 +0800] "GET /xingrg/all/function/internal_message.html?_=1711156196254&CODE_STATE=getMsg HTTP/1.1" 200 27
114.83.222.168 - - [23/Mar/2024:09:09:57 +0800] "GET /xingrg/kc/buy/cgsh_order_operate.html?command=get_materiel&rest_code=00149&code=00101008352&supplier_code=00100008&order_time=2024-03-23 HTTP/1.1" 200 412
222.70.183.82 - - [23/Mar/2024:09:09:58 +0800] "GET /xingrg/kc/buy/cgsh_order_info.html?code=212024032306770 HTTP/1.1" 200 68510
222.70.183.82 - - [23/Mar/2024:09:09:59 +0800] "GET /xingrg/javascript/easyui/themes/default/validatebox.css HTTP/1.1" 404 1104
116.224.254.208 - - [23/Mar/2024:09:09:59 +0800] "GET /xingrg/kc/buy/cgsh_order_operate.html?command=get_materiel&rest_code=00151&code=00101008087&supplier_code=00100008&order_time=2024-03-23 HTTP/1.1" 200 412
222.70.183.82 - - [23/Mar/2024:09:10:00 +0800] "POST /xingrg/kc/buy/cgsh_order_operate.html HTTP/1.1" 200 3594
222.70.183.82 - - [23/Mar/2024:09:10:02 +0800] "GET /xingrg/kc/print/load_data.html?order_code=212024032306770&kc_code=cgsh&condition= HTTP/1.1" 200 1830
101.83.144.49 - - [23/Mar/2024:09:10:04 +0800] "GET /xingrg/all/function/internal_message.html?_=1711155962561&CODE_STATE=getMsg HTTP/1.1" 200 27
124.78.60.103 - - [23/Mar/2024:09:10:04 +0800] "GET /xingrg/all/function/internal_message.html?_=1711156204943&CODE_STATE=getMsg HTTP/1.1" 200 27
124.78.60.103 - - [23/Mar/2024:09:10:04 +0800] "GET /xingrg/check_reg.html?_=1711156204947 HTTP/1.1" 200 22
114.83.222.168 - - [23/Mar/2024:09:10:06 +0800] "GET /xingrg/kc/buy/cgsh_order_operate.html?command=get_materiel&rest_code=00149&code=00101008114&supplier_code=00100008&order_time=2024-03-23 HTTP/1.1" 200 412
116.238.97.31 - - [23/Mar/2024:09:10:06 +0800] "GET /xingrg/all/function/internal_message.html?_=1711156206955&CODE_STATE=getMsg HTTP/1.1" 200 27
116.224.254.208 - - [23/Mar/2024:09:10:10 +0800] "GET /xingrg/kc/buy/cgsh_order_operate.html?command=get_materiel&rest_code=00151&code=00101008372&supplier_code=00100008&order_time=2024-03-23 HTTP/1.1" 200 408
114.83.222.168 - - [23/Mar/2024:09:10:13 +0800] "GET /xingrg/all/function/internal_message.html?_=1711156213288&CODE_STATE=getMsg HTTP/1.1" 200 27
180.164.1.25 - - [23/Mar/2024:09:10:14 +0800] "GET /xingrg/all/function/internal_message.html?_=1711156213963&CODE_STATE=getMsg HTTP/1.1" 200 27
116.237.74.65 - - [23/Mar/2024:09:10:17 +0800] "GET /xingrg/kc/buy/cgsh_order_operate.html?command=get_materiel&rest_code=00106&code=00101008286&supplier_code=00100008&order_time=2024-03-23 HTTP/1.1" 200 408
114.83.222.168 - - [23/Mar/2024:09:10:20 +0800] "GET /xingrg/kc/buy/cgsh_order_operate.html?command=get_materiel&rest_code=00149&code=00101008765&supplier_code=00100008&order_time=2024-03-23 HTTP/1.1" 200 416
116.224.254.208 - - [23/Mar/2024:09:10:20 +0800] "GET /xingrg/kc/buy/cgsh_order_operate.html?command=get_materiel&rest_code=00151&code=00101008300&supplier_code=00100008&order_time=2024-03-23 HTTP/1.1" 200 412
114.83.222.168 - - [23/Mar/2024:09:10:22 +0800] "POST /xingrg/kc/buy/cgsh_order_operate.html HTTP/1.1" 200 2065
116.237.74.65 - - [23/Mar/2024:09:10:23 +0800] "GET /xingrg/all/function/internal_message.html?_=1711156218082&CODE_STATE=getMsg HTTP/1.1" 200 27
116.237.74.65 - - [23/Mar/2024:09:10:23 +0800] "GET /xingrg/check_reg.html?_=1711156218088 HTTP/1.1" 200 22
101.83.144.49 - - [23/Mar/2024:09:10:24 +0800] "GET /xingrg/kc/buy/cgsh_order_operate.html?command=get_materiel&rest_code=00105&code=00101008351&supplier_code=00100008&order_time=2024-03-23 HTTP/1.1" 200 408
116.237.74.65 - - [23/Mar/2024:09:10:25 +0800] "POST /xingrg/kc/buy/cgsh_order_operate.html HTTP/1.1" 200 2065
114.83.222.168 - - [23/Mar/2024:09:10:29 +0800] "GET /xingrg/kc/buy/cgsh_order_operate.html?command=get_materiel&rest_code=00149&code=00101008069&supplier_code=00100008&order_time=2024-03-23 HTTP/1.1" 200 412
120.253.135.82 - - [23/Mar/2024:09:10:29 +0800] "GET /xingrg/all/function/internal_message.html?_=1711156069765&CODE_STATE=getMsg HTTP/1.1" 200 27
116.224.254.208 - - [23/Mar/2024:09:10:30 +0800] "GET /xingrg/kc/buy/cgsh_order_operate.html?command=get_materiel&rest_code=00151&code=00101008115&supplier_code=00100008&order_time=2024-03-23 HTTP/1.1" 200 412
222.69.132.13 - - [23/Mar/2024:09:10:31 +0800] "GET /xingrg/all/function/internal_message.html?_=1711156232569&CODE_STATE=getMsg HTTP/1.1" 200 27
222.70.183.82 - - [23/Mar/2024:09:10:34 +0800] "GET /xingrg/all/function/internal_message.html?_=1711156231490&CODE_STATE=getMsg HTTP/1.1" 200 27
116.237.74.65 - - [23/Mar/2024:09:10:34 +0800] "GET /xingrg/kc/buy/cgsh_order_operate.html?command=get_materiel&rest_code=00106&code=00101008163&supplier_code=00100008&order_time=2024-03-23 HTTP/1.1" 200 409
116.224.254.208 - - [23/Mar/2024:09:10:36 +0800] "GET /xingrg/check_reg.html?_=1711156236042 HTTP/1.1" 200 22
116.224.254.208 - - [23/Mar/2024:09:10:36 +0800] "GET /xingrg/all/function/internal_message.html?_=1711156236044&CODE_STATE=getMsg HTTP/1.1" 200 27
116.224.254.208 - - [23/Mar/2024:09:10:39 +0800] "GET /xingrg/all/function/internal_message.html?_=1711156238708&CODE_STATE=getMsg HTTP/1.1" 200 27
114.83.222.168 - - [23/Mar/2024:09:10:39 +0800] "GET /xingrg/kc/buy/cgsh_order_operate.html?command=get_materiel&rest_code=00149&code=00101008368&supplier_code=00100008&order_time=2024-03-23 HTTP/1.1" 200 408
116.237.74.65 - - [23/Mar/2024:09:10:44 +0800] "GET /xingrg/kc/buy/cgsh_order_operate.html?command=get_materiel&rest_code=00106&code=00101008275&supplier_code=00100008&order_time=2024-03-23 HTTP/1.1" 200 416
114.83.222.168 - - [23/Mar/2024:09:10:51 +0800] "GET /xingrg/kc/buy/cgsh_order_operate.html?command=get_materiel&rest_code=00149&code=00101008131&supplier_code=00100008&order_time=2024-03-23 HTTP/1.1" 200 408
116.235.241.21 - - [23/Mar/2024:09:10:54 +0800] "GET /xingrg/all/function/internal_message.html?_=1711156276338&CODE_STATE=getMsg HTTP/1.1" 200 27
101.83.144.49 - - [23/Mar/2024:09:10:56 +0800] "GET /xingrg/all/function/internal_message.html?_=1711156256258&CODE_STATE=getMsg HTTP/1.1" 200 27
114.83.222.168 - - [23/Mar/2024:09:11:02 +0800] "GET /xingrg/kc/buy/cgsh_order_operate.html?command=get_materiel&rest_code=00149&code=00101008353&supplier_code=00100008&order_time=2024-03-23 HTTP/1.1" 200 408
101.83.144.49 - - [23/Mar/2024:09:11:04 +0800] "GET /xingrg/all/function/internal_message.html?_=1711156022557&CODE_STATE=getMsg HTTP/1.1" 200 27
124.78.60.103 - - [23/Mar/2024:09:11:04 +0800] "GET /xingrg/all/function/internal_message.html?_=1711156264936&CODE_STATE=getMsg HTTP/1.1" 200 27
116.224.254.208 - - [23/Mar/2024:09:11:05 +0800] "GET /xingrg/kc/buy/cgsh_order_operate.html?command=get_materiel&rest_code=00151&code=00101008415&supplier_code=00100008&order_time=2024-03-23 HTTP/1.1" 200 412
180.164.1.25 - - [23/Mar/2024:09:11:06 +0800] "GET /xingrg/kc/base/wldb_order_list.html HTTP/1.1" 200 19061
116.238.97.31 - - [23/Mar/2024:09:11:06 +0800] "GET /xingrg/all/function/internal_message.html?_=1711156266943&CODE_STATE=getMsg HTTP/1.1" 200 27
180.164.1.25 - - [23/Mar/2024:09:11:06 +0800] "POST /xingrg/kc/base/wldb_list_operate.html HTTP/1.1" 200 3832
116.237.74.65 - - [23/Mar/2024:09:11:11 +0800] "GET /xingrg/kc/buy/cgsh_order_operate.html?command=get_materiel&rest_code=00106&code=00101016113&supplier_code=00100008&order_time=2024-03-23 HTTP/1.1" 200 422
114.83.222.168 - - [23/Mar/2024:09:11:13 +0800] "GET /xingrg/all/function/internal_message.html?_=1711156273315&CODE_STATE=getMsg HTTP/1.1" 200 27
114.83.222.168 - - [23/Mar/2024:09:11:13 +0800] "GET /xingrg/kc/buy/cgsh_order_operate.html?command=get_materiel&rest_code=00149&code=00101008211&supplier_code=00100008&order_time=2024-03-23 HTTP/1.1" 200 412
180.164.1.25 - - [23/Mar/2024:09:11:14 +0800] "GET /xingrg/all/function/internal_message.html?_=1711156273938&CODE_STATE=getMsg HTTP/1.1" 200 27
116.224.254.208 - - [23/Mar/2024:09:11:17 +0800] "GET /xingrg/kc/buy/cgsh_order_operate.html?command=get_materiel&rest_code=00151&code=00101008137&supplier_code=00100008&order_time=2024-03-23 HTTP/1.1" 200 408
114.83.222.168 - - [23/Mar/2024:09:11:19 +0800] "POST /xingrg/kc/buy/cgsh_order_operate.html HTTP/1.1" 200 2065
101.83.144.49 - - [23/Mar/2024:09:11:23 +0800] "POST /xingrg/kc/buy/cgsh_order_operate.html HTTP/1.1" 200 2065
116.237.74.65 - - [23/Mar/2024:09:11:23 +0800] "GET /xingrg/all/function/internal_message.html?_=1711156278083&CODE_STATE=getMsg HTTP/1.1" 200 27
116.224.254.208 - - [23/Mar/2024:09:11:24 +0800] "GET /xingrg/kc/buy/cgsh_order_operate.html?command=get_materiel&rest_code=00151&code=00101008362&supplier_code=00100008&order_time=2024-03-23 HTTP/1.1" 200 408
114.83.222.168 - - [23/Mar/2024:09:11:28 +0800] "GET /xingrg/kc/buy/cgsh_order_operate.html?command=get_materiel&rest_code=00149&code=00101008087&supplier_code=00100008&order_time=2024-03-23 HTTP/1.1" 200 412
120.253.135.82 - - [23/Mar/2024:09:11:29 +0800] "GET /xingrg/all/function/internal_message.html?_=1711156129921&CODE_STATE=getMsg HTTP/1.1" 200 27
222.69.132.13 - - [23/Mar/2024:09:11:31 +0800] "GET /xingrg/all/function/internal_message.html?_=1711156292553&CODE_STATE=getMsg HTTP/1.1" 200 27
222.70.183.82 - - [23/Mar/2024:09:11:32 +0800] "GET /xingrg/check_reg.html?_=1711156289498 HTTP/1.1" 200 22
222.70.183.82 - - [23/Mar/2024:09:11:34 +0800] "GET /xingrg/all/function/internal_message.html?_=1711156291467&CODE_STATE=getMsg HTTP/1.1" 200 27
116.224.254.208 - - [23/Mar/2024:09:11:36 +0800] "GET /xingrg/all/function/internal_message.html?_=1711156296051&CODE_STATE=getMsg HTTP/1.1" 200 27
116.224.254.208 - - [23/Mar/2024:09:11:36 +0800] "GET /xingrg/kc/buy/cgsh_order_operate.html?command=get_materiel&rest_code=00151&code=00101008077&supplier_code=00100008&order_time=2024-03-23 HTTP/1.1" 200 416
114.83.222.168 - - [23/Mar/2024:09:11:37 +0800] "GET /xingrg/kc/buy/cgsh_order_operate.html?command=get_materiel&rest_code=00149&code=00101008361&supplier_code=00100008&order_time=2024-03-23 HTTP/1.1" 200 408
116.237.74.65 - - [23/Mar/2024:09:11:37 +0800] "GET /xingrg/kc/buy/cgsh_order_operate.html?command=get_materiel&rest_code=00106&code=00101008411&supplier_code=00100008&order_time=2024-03-23 HTTP/1.1" 200 412
116.224.254.208 - - [23/Mar/2024:09:11:39 +0800] "GET /xingrg/all/function/internal_message.html?_=1711156298702&CODE_STATE=getMsg HTTP/1.1" 200 27
120.253.135.82 - - [23/Mar/2024:09:11:44 +0800] "GET /xingrg/kc/pszx/mdqp_order_list.html?state=10 HTTP/1.1" 200 10319
120.253.135.82 - - [23/Mar/2024:09:11:44 +0800] "GET /xingrg/dwr/interface/AjaxQqpsService.js HTTP/1.1" 200 16326
120.253.135.82 - - [23/Mar/2024:09:11:44 +0800] "GET /xingrg/dwr/interface/AjaxReportQueryService.js HTTP/1.1" 200 13203
120.253.135.82 - - [23/Mar/2024:09:11:44 +0800] "GET /xingrg/dwr/engine.js HTTP/1.1" 200 43631
116.237.74.65 - - [23/Mar/2024:09:11:47 +0800] "GET /xingrg/kc/buy/cgsh_order_operate.html?command=get_materiel&rest_code=00106&code=00101008005&supplier_code=00100008&order_time=2024-03-23 HTTP/1.1" 200 412
180.164.1.25 - - [23/Mar/2024:09:11:47 +0800] "POST /xingrg/kc/base/wldb_list_operate.html HTTP/1.1" 200 4
116.224.254.208 - - [23/Mar/2024:09:11:48 +0800] "GET /xingrg/kc/buy/cgsh_order_operate.html?command=get_materiel&rest_code=00151&code=00101008131&supplier_code=00100008&order_time=2024-03-23 HTTP/1.1" 200 408
180.164.1.25 - - [23/Mar/2024:09:11:50 +0800] "POST /xingrg/kc/base/wldb_list_operate.html HTTP/1.1" 200 928
114.83.222.168 - - [23/Mar/2024:09:11:50 +0800] "GET /xingrg/kc/buy/cgsh_order_operate.html?command=get_materiel&rest_code=00149&code=00101008355&supplier_code=00100008&order_time=2024-03-23 HTTP/1.1" 200 408
120.253.135.82 - - [23/Mar/2024:09:11:50 +0800] "GET /xingrg/kc/pszx/mdqp_order_list.html?state=10 HTTP/1.1" 200 10319
120.253.135.82 - - [23/Mar/2024:09:11:50 +0800] "GET /xingrg/dwr/interface/AjaxQqpsService.js HTTP/1.1" 200 16326
120.253.135.82 - - [23/Mar/2024:09:11:50 +0800] "GET /xingrg/dwr/interface/AjaxReportQueryService.js HTTP/1.1" 200 13203
120.253.135.82 - - [23/Mar/2024:09:11:50 +0800] "GET /xingrg/dwr/engine.js HTTP/1.1" 200 43631
180.164.1.25 - - [23/Mar/2024:09:11:52 +0800] "GET /xingrg/kc/buy/cgsh_order_list.html HTTP/1.1" 200 57890
116.235.241.21 - - [23/Mar/2024:09:11:54 +0800] "GET /xingrg/all/function/internal_message.html?_=1711156336339&CODE_STATE=getMsg HTTP/1.1" 200 27
180.164.1.25 - - [23/Mar/2024:09:11:54 +0800] "POST /xingrg/kc/buy/cgsh_list_operate.html HTTP/1.1" 200 645
116.224.254.208 - - [23/Mar/2024:09:11:56 +0800] "GET /xingrg/kc/buy/cgsh_order_operate.html?command=get_materiel&rest_code=00151&code=00101008169&supplier_code=00100008&order_time=2024-03-23 HTTP/1.1" 200 412
101.83.144.49 - - [23/Mar/2024:09:11:56 +0800] "GET /xingrg/check_reg.html?_=1711156316259 HTTP/1.1" 200 22
101.83.144.49 - - [23/Mar/2024:09:11:56 +0800] "GET /xingrg/all/function/internal_message.html?_=1711156316263&CODE_STATE=getMsg HTTP/1.1" 200 27
120.253.135.82 - - [23/Mar/2024:09:11:56 +0800] "GET /xingrg/kc/pszx/mdqp_order_list.html?state=10 HTTP/1.1" 200 10319
180.164.1.25 - - [23/Mar/2024:09:11:56 +0800] "GET /xingrg/kc/buy/cgsh_order_add.html HTTP/1.1" 200 73747
120.253.135.82 - - [23/Mar/2024:09:11:56 +0800] "GET /xingrg/dwr/interface/AjaxQqpsService.js HTTP/1.1" 200 16326
120.253.135.82 - - [23/Mar/2024:09:11:56 +0800] "GET /xingrg/dwr/interface/AjaxReportQueryService.js HTTP/1.1" 200 13203
120.253.135.82 - - [23/Mar/2024:09:11:56 +0800] "GET /xingrg/dwr/engine.js HTTP/1.1" 200 43631
180.164.1.25 - - [23/Mar/2024:09:11:56 +0800] "GET /xingrg/words/20240321130421_words.js HTTP/1.1" 304 -
180.164.1.25 - - [23/Mar/2024:09:11:57 +0800] "POST /xingrg/kc/buy/cgsh_order_operate.html HTTP/1.1" 200 8245
180.164.1.25 - - [23/Mar/2024:09:11:57 +0800] "GET /xingrg/javascript/easyui/themes/default/validatebox.css HTTP/1.1" 404 1104
180.164.1.25 - - [23/Mar/2024:09:11:57 +0800] "GET /xingrg/all/common/auto_word.html?type=employee&rest_code=00108 HTTP/1.1" 200 101
180.164.1.25 - - [23/Mar/2024:09:11:57 +0800] "GET /xingrg/all/common/auto_word.html?type=employee&rest_code=00108 HTTP/1.1" 200 101
116.237.74.65 - - [23/Mar/2024:09:11:59 +0800] "GET /xingrg/kc/buy/cgsh_order_operate.html?command=get_materiel&rest_code=00106&code=00101008272&supplier_code=00100008&order_time=2024-03-23 HTTP/1.1" 200 412
180.164.1.25 - - [23/Mar/2024:09:12:01 +0800] "GET /xingrg/javascript/auto/indicator.gif HTTP/1.1" 404 1066
116.237.74.65 - - [23/Mar/2024:09:12:02 +0800] "POST /xingrg/kc/buy/cgsh_order_operate.html HTTP/1.1" 200 2065
114.83.222.168 - - [23/Mar/2024:09:12:03 +0800] "GET /xingrg/kc/buy/cgsh_order_operate.html?command=get_materiel&rest_code=00149&code=00101008024&supplier_code=00100008&order_time=2024-03-23 HTTP/1.1" 200 408
116.224.254.208 - - [23/Mar/2024:09:12:04 +0800] "GET /xingrg/kc/buy/cgsh_order_operate.html?command=get_materiel&rest_code=00151&code=00101008005&supplier_code=00100008&order_time=2024-03-23 HTTP/1.1" 200 412
101.83.144.49 - - [23/Mar/2024:09:12:04 +0800] "GET /xingrg/all/function/internal_message.html?_=1711156082557&CODE_STATE=getMsg HTTP/1.1" 200 27
101.83.144.49 - - [23/Mar/2024:09:12:04 +0800] "GET /xingrg/check_reg.html?_=1711156082560 HTTP/1.1" 200 22
124.78.60.103 - - [23/Mar/2024:09:12:04 +0800] "GET /xingrg/all/function/internal_message.html?_=1711156324944&CODE_STATE=getMsg HTTP/1.1" 200 27
180.164.1.25 - - [23/Mar/2024:09:12:06 +0800] "GET /xingrg/kc/buy/cgsh_order_operate.html?command=get_materiel&rest_code=00108&code=00101008674&supplier_code=&order_time=2024-03-23 HTTP/1.1" 200 413
116.238.97.31 - - [23/Mar/2024:09:12:06 +0800] "GET /xingrg/all/function/internal_message.html?_=1711156326924&CODE_STATE=getMsg HTTP/1.1" 200 27
120.253.135.82 - - [23/Mar/2024:09:12:07 +0800] "GET /xingrg/kc/pszx/mdqp_order_list.html?state=10 HTTP/1.1" 200 10319
120.253.135.82 - - [23/Mar/2024:09:12:07 +0800] "GET /xingrg/dwr/interface/AjaxReportQueryService.js HTTP/1.1" 200 13203
120.253.135.82 - - [23/Mar/2024:09:12:07 +0800] "GET /xingrg/dwr/interface/AjaxQqpsService.js HTTP/1.1" 200 16326
120.253.135.82 - - [23/Mar/2024:09:12:07 +0800] "GET /xingrg/dwr/engine.js HTTP/1.1" 200 43631
120.253.135.82 - - [23/Mar/2024:09:12:12 +0800] "GET /xingrg/kc/pszx/mdqp_order_list.html?state=10 HTTP/1.1" 200 10319
120.253.135.82 - - [23/Mar/2024:09:12:12 +0800] "GET /xingrg/dwr/interface/AjaxReportQueryService.js HTTP/1.1" 200 13203
120.253.135.82 - - [23/Mar/2024:09:12:12 +0800] "GET /xingrg/dwr/interface/AjaxQqpsService.js HTTP/1.1" 200 16326
120.253.135.82 - - [23/Mar/2024:09:12:12 +0800] "GET /xingrg/dwr/engine.js HTTP/1.1" 200 43631
114.83.222.168 - - [23/Mar/2024:09:12:13 +0800] "GET /xingrg/all/function/internal_message.html?_=1711156333317&CODE_STATE=getMsg HTTP/1.1" 200 27
120.253.135.82 - - [23/Mar/2024:09:12:14 +0800] "GET /xingrg/kc/pszx/mdqp_order_list.html?state=10 HTTP/1.1" 200 10319
180.164.1.25 - - [23/Mar/2024:09:12:14 +0800] "GET /xingrg/all/function/internal_message.html?_=1711156333943&CODE_STATE=getMsg HTTP/1.1" 200 27
120.253.135.82 - - [23/Mar/2024:09:12:14 +0800] "GET /xingrg/dwr/interface/AjaxQqpsService.js HTTP/1.1" 200 16326
120.253.135.82 - - [23/Mar/2024:09:12:14 +0800] "GET /xingrg/dwr/engine.js HTTP/1.1" 200 43631
120.253.135.82 - - [23/Mar/2024:09:12:14 +0800] "GET /xingrg/dwr/interface/AjaxReportQueryService.js HTTP/1.1" 200 13203
116.237.74.65 - - [23/Mar/2024:09:12:16 +0800] "POST /xingrg/kc/buy/cgsh_order_operate.html HTTP/1.1" 200 37
120.253.135.82 - - [23/Mar/2024:09:12:19 +0800] "GET /xingrg/kc/pszx/mdqp_order_list.html?state=10 HTTP/1.1" 200 10319
120.253.135.82 - - [23/Mar/2024:09:12:19 +0800] "GET /xingrg/dwr/interface/AjaxQqpsService.js HTTP/1.1" 200 16326
120.253.135.82 - - [23/Mar/2024:09:12:19 +0800] "GET /xingrg/dwr/interface/AjaxReportQueryService.js HTTP/1.1" 200 13203
120.253.135.82 - - [23/Mar/2024:09:12:19 +0800] "GET /xingrg/dwr/engine.js HTTP/1.1" 200 43631
114.83.222.168 - - [23/Mar/2024:09:12:20 +0800] "GET /xingrg/kc/buy/cgsh_order_operate.html?command=get_materiel&rest_code=00149&code=00101008356&supplier_code=00100008&order_time=2024-03-23 HTTP/1.1" 200 23
116.237.74.65 - - [23/Mar/2024:09:12:20 +0800] "POST /xingrg/kc/buy/cgsh_order_operate.html HTTP/1.1" 200 25127
120.253.135.82 - - [23/Mar/2024:09:12:22 +0800] "GET /xingrg/kc/pszx/mdqp_order_list.html?state=10 HTTP/1.1" 200 10319
120.253.135.82 - - [23/Mar/2024:09:12:22 +0800] "GET /xingrg/dwr/interface/AjaxQqpsService.js HTTP/1.1" 200 16326
120.253.135.82 - - [23/Mar/2024:09:12:22 +0800] "GET /xingrg/dwr/interface/AjaxReportQueryService.js HTTP/1.1" 200 13203
120.253.135.82 - - [23/Mar/2024:09:12:22 +0800] "GET /xingrg/dwr/engine.js HTTP/1.1" 200 43631
116.237.74.65 - - [23/Mar/2024:09:12:23 +0800] "GET /xingrg/all/function/internal_message.html?_=1711156338093&CODE_STATE=getMsg HTTP/1.1" 200 27
120.253.135.82 - - [23/Mar/2024:09:12:29 +0800] "GET /xingrg/all/function/internal_message.html?_=1711156189932&CODE_STATE=getMsg HTTP/1.1" 200 27
222.69.132.13 - - [23/Mar/2024:09:12:31 +0800] "GET /xingrg/all/function/internal_message.html?_=1711156352534&CODE_STATE=getMsg HTTP/1.1" 200 27
114.83.222.168 - - [23/Mar/2024:09:12:32 +0800] "POST /xingrg/kc/buy/cgsh_order_operate.html HTTP/1.1" 200 37
222.70.183.82 - - [23/Mar/2024:09:12:34 +0800] "GET /xingrg/all/function/internal_message.html?_=1711156351438&CODE_STATE=getMsg HTTP/1.1" 200 27
180.163.28.114 - - [23/Mar/2024:09:12:34 +0800] "GET /xingrg/kc/buy/cgsh_order_operate.html?command=get_materiel&rest_code=00106&code=00101008411&supplier_code=00100008&order_time=2024-03-23 HTTP/1.1" 302 -
180.163.28.114 - - [23/Mar/2024:09:12:34 +0800] "GET /xingrg/login.html HTTP/1.1" 200 7641
116.237.74.65 - - [23/Mar/2024:09:12:34 +0800] "GET /xingrg/kc/buy/cgsh_order_operate.html?command=get_materiel&rest_code=00106&code=00101008207&supplier_code=00100008&order_time=2024-03-23 HTTP/1.1" 200 408
116.224.254.208 - - [23/Mar/2024:09:12:34 +0800] "GET /xingrg/kc/buy/cgsh_order_operate.html?command=get_materiel&rest_code=00151&code=00101008361&supplier_code=00100008&order_time=2024-03-23 HTTP/1.1" 200 408
114.83.222.168 - - [23/Mar/2024:09:12:34 +0800] "POST /xingrg/kc/buy/cgsh_order_operate.html HTTP/1.1" 200 21589
120.253.135.82 - - [23/Mar/2024:09:12:35 +0800] "GET /xingrg/kc/report/report_main.html HTTP/1.1" 200 8599
116.224.254.208 - - [23/Mar/2024:09:12:36 +0800] "GET /xingrg/all/function/internal_message.html?_=1711156356048&CODE_STATE=getMsg HTTP/1.1" 200 27
120.253.135.82 - - [23/Mar/2024:09:12:38 +0800] "GET /xingrg/kc/buy/cgsh_order_list.html HTTP/1.1" 200 57880
116.224.254.208 - - [23/Mar/2024:09:12:39 +0800] "GET /xingrg/all/function/internal_message.html?_=1711156358714&CODE_STATE=getMsg HTTP/1.1" 200 27
101.83.144.49 - - [23/Mar/2024:09:12:40 +0800] "GET /xingrg/kc/buy/cgsh_order_operate.html?command=get_materiel&rest_code=00105&code=00101008212&supplier_code=00100008&order_time=2024-03-23 HTTP/1.1" 200 412
120.253.135.82 - - [23/Mar/2024:09:12:41 +0800] "POST /xingrg/kc/buy/cgsh_list_operate.html HTTP/1.1" 200 645
120.253.135.82 - - [23/Mar/2024:09:12:43 +0800] "GET /xingrg/kc/pszx/mdqp_order_list.html?state=10 HTTP/1.1" 200 10319
120.253.135.82 - - [23/Mar/2024:09:12:43 +0800] "GET /xingrg/dwr/interface/AjaxQqpsService.js HTTP/1.1" 200 16326
120.253.135.82 - - [23/Mar/2024:09:12:43 +0800] "GET /xingrg/dwr/interface/AjaxReportQueryService.js HTTP/1.1" 200 13203
120.253.135.82 - - [23/Mar/2024:09:12:43 +0800] "GET /xingrg/dwr/engine.js HTTP/1.1" 200 43631
116.224.254.208 - - [23/Mar/2024:09:12:46 +0800] "GET /xingrg/kc/buy/cgsh_order_operate.html?command=get_materiel&rest_code=00151&code=00101008353&supplier_code=00100008&order_time=2024-03-23 HTTP/1.1" 200 408
116.237.74.65 - - [23/Mar/2024:09:12:46 +0800] "GET /xingrg/kc/buy/cgsh_order_operate.html?command=get_materiel&rest_code=00106&code=00101008355&supplier_code=00100008&order_time=2024-03-23 HTTP/1.1" 200 408
114.83.222.168 - - [23/Mar/2024:09:12:46 +0800] "GET /xingrg/login.html?sysBaseUrl=http%3A%2F%2F180.169.147.146%3A18081%2Fxingrg%2F&costTime=31×tamp=1615347190560 HTTP/1.1" 200 7641
114.83.222.168 - - [23/Mar/2024:09:12:47 +0800] "GET /favicon.ico HTTP/1.1" 404 -
114.83.222.168 - - [23/Mar/2024:09:12:49 +0800] "POST /xingrg/login.do HTTP/1.1" 302 -
114.83.222.168 - - [23/Mar/2024:09:12:49 +0800] "GET /xingrg/index.html?sysBaseUrl=http%3A%2F%2F180.169.147.146%3A18081%2Fxingrg%2F&costTime=811×tamp=1711156369236 HTTP/1.1" 200 17179
114.83.222.168 - - [23/Mar/2024:09:12:49 +0800] "GET /favicon.ico HTTP/1.1" 404 -
114.83.222.168 - - [23/Mar/2024:09:12:49 +0800] "GET /xingrg/all/function/internal_message.html?_=1711156369671&CODE_STATE=count HTTP/1.1" 200 11
114.83.222.168 - - [23/Mar/2024:09:12:49 +0800] "GET /xingrg/check_reg.html?_=1711156369673 HTTP/1.1" 200 22
114.83.222.168 - - [23/Mar/2024:09:12:49 +0800] "POST /xingrg/all/common/load_tree.html?tree=area_rest_tree_json&manage=1 HTTP/1.1" 200 351
114.83.222.168 - - [23/Mar/2024:09:12:49 +0800] "POST /xingrg/load_menu.html HTTP/1.1" 200 5138
114.83.222.168 - - [23/Mar/2024:09:12:52 +0800] "GET /xingrg/kc/buy/cgsh_order_list.html HTTP/1.1" 200 57886
116.235.241.21 - - [23/Mar/2024:09:12:54 +0800] "GET /xingrg/all/function/internal_message.html?_=1711156396358&CODE_STATE=getMsg HTTP/1.1" 200 27
101.83.144.49 - - [23/Mar/2024:09:12:56 +0800] "GET /xingrg/all/function/internal_message.html?_=1711156376249&CODE_STATE=getMsg HTTP/1.1" 200 27
114.83.222.168 - - [23/Mar/2024:09:12:56 +0800] "POST /xingrg/kc/buy/cgsh_list_operate.html HTTP/1.1" 200 1387
114.83.222.168 - - [23/Mar/2024:09:12:59 +0800] "POST /xingrg/kc/buy/cgsh_list_operate.html HTTP/1.1" 200 575
114.83.222.168 - - [23/Mar/2024:09:13:00 +0800] "GET /xingrg/kc/buy/cgsh_order_info.html?code=212024032306771 HTTP/1.1" 200 73752
114.83.222.168 - - [23/Mar/2024:09:13:01 +0800] "GET /xingrg/javascript/easyui/themes/default/validatebox.css HTTP/1.1" 404 1104
114.83.222.168 - - [23/Mar/2024:09:13:01 +0800] "GET /xingrg/all/common/auto_word.html?type=employee&rest_code=00149 HTTP/1.1" 200 147
114.83.222.168 - - [23/Mar/2024:09:13:01 +0800] "GET /xingrg/all/common/auto_word.html?type=employee&rest_code=00149 HTTP/1.1" 200 147
101.83.144.49 - - [23/Mar/2024:09:13:04 +0800] "GET /xingrg/all/function/internal_message.html?_=1711156142564&CODE_STATE=getMsg HTTP/1.1" 200 27
116.237.74.65 - - [23/Mar/2024:09:13:04 +0800] "POST /xingrg/kc/buy/cgsh_order_operate.html HTTP/1.1" 200 37
114.83.222.168 - - [23/Mar/2024:09:13:04 +0800] "POST /xingrg/kc/buy/cgsh_order_operate.html HTTP/1.1" 200 21589
124.78.60.103 - - [23/Mar/2024:09:13:04 +0800] "GET /xingrg/all/function/internal_message.html?_=1711156384944&CODE_STATE=getMsg HTTP/1.1" 200 27
116.238.97.31 - - [23/Mar/2024:09:13:06 +0800] "GET /xingrg/all/function/internal_message.html?_=1711156386905&CODE_STATE=getMsg HTTP/1.1" 200 27
116.224.254.208 - - [23/Mar/2024:09:13:07 +0800] "GET /xingrg/kc/buy/cgsh_order_operate.html?command=get_materiel&rest_code=00151&code=00101008161&supplier_code=00100008&order_time=2024-03-23 HTTP/1.1" 200 23
114.83.222.168 - - [23/Mar/2024:09:13:10 +0800] "GET /xingrg/javascript/auto/indicator.gif HTTP/1.1" 404 1066
180.164.1.25 - - [23/Mar/2024:09:13:14 +0800] "GET /xingrg/all/function/internal_message.html?_=1711156393958&CODE_STATE=getMsg HTTP/1.1" 200 27
116.224.254.208 - - [23/Mar/2024:09:13:16 +0800] "POST /xingrg/kc/buy/cgsh_order_operate.html HTTP/1.1" 200 37
114.83.222.168 - - [23/Mar/2024:09:13:18 +0800] "GET /xingrg/kc/buy/cgsh_order_operate.html?command=get_materiel&rest_code=00149&code=00101008356&supplier_code=00100008&order_time=2024-03-23 HTTP/1.1" 200 408
116.224.254.208 - - [23/Mar/2024:09:13:19 +0800] "POST /xingrg/kc/buy/cgsh_order_operate.html HTTP/1.1" 200 9861
116.224.254.208 - - [23/Mar/2024:09:13:21 +0800] "GET /xingrg/login.html HTTP/1.1" 200 7641
116.224.254.208 - - [23/Mar/2024:09:13:21 +0800] "GET /favicon.ico HTTP/1.1" 404 -
116.224.254.208 - - [23/Mar/2024:09:13:23 +0800] "POST /xingrg/login.do HTTP/1.1" 302 -
