116.235.241.21 - - [23/Mar/2024:09:57:56 +0800] "POST /xingrg/kc/buy/cgsh_order_operate.html HTTP/1.1" 200 8245
116.235.241.21 - - [23/Mar/2024:09:57:56 +0800] "GET /xingrg/javascript/easyui/themes/default/validatebox.css HTTP/1.1" 404 1104
116.238.97.31 - - [23/Mar/2024:09:58:03 +0800] "GET /xingrg/all/function/internal_message.html?_=1711159083695&CODE_STATE=getMsg HTTP/1.1" 200 27
101.83.144.49 - - [23/Mar/2024:09:58:04 +0800] "GET /xingrg/all/function/internal_message.html?_=1711158842589&CODE_STATE=getMsg HTTP/1.1" 200 27
124.78.60.103 - - [23/Mar/2024:09:58:04 +0800] "GET /xingrg/all/function/internal_message.html?_=1711159084950&CODE_STATE=getMsg HTTP/1.1" 200 27
180.164.1.25 - - [23/Mar/2024:09:58:05 +0800] "GET /xingrg/all/function/internal_message.html?_=1711159084929&CODE_STATE=getMsg HTTP/1.1" 200 27
180.164.1.25 - - [23/Mar/2024:09:58:05 +0800] "GET /xingrg/check_reg.html?_=1711159085220 HTTP/1.1" 200 22
116.238.97.31 - - [23/Mar/2024:09:58:06 +0800] "POST /xingrg/kc/buy/cgsh_order_operate.html HTTP/1.1" 200 37
120.253.135.82 - - [23/Mar/2024:09:58:11 +0800] "GET /xingrg/all/function/internal_message.html?_=1711159265635&CODE_STATE=getMsg HTTP/1.1" 200 27
116.235.241.21 - - [23/Mar/2024:09:58:24 +0800] "GET /xingrg/all/function/internal_message.html?_=1711159126526&CODE_STATE=getMsg HTTP/1.1" 200 27
218.79.29.78 - - [23/Mar/2024:09:58:25 +0800] "GET /xingrg/check_reg.html?_=1711159114943 HTTP/1.1" 302 -
120.253.135.82 - - [23/Mar/2024:09:58:33 +0800] "GET /xingrg/all/function/internal_message.html?_=1711158953678&CODE_STATE=getMsg HTTP/1.1" 200 27
222.70.183.82 - - [23/Mar/2024:09:58:33 +0800] "GET /xingrg/all/function/internal_message.html?_=1711159110601&CODE_STATE=getMsg HTTP/1.1" 200 27
116.224.254.208 - - [23/Mar/2024:09:58:36 +0800] "GET /xingrg/all/function/internal_message.html?_=1711159116044&CODE_STATE=getMsg HTTP/1.1" 200 27
114.89.221.239 - - [23/Mar/2024:09:58:38 +0800] "GET /xingrg/all/function/internal_message.html?_=1711159117993&CODE_STATE=getMsg HTTP/1.1" 200 27
222.69.132.13 - - [23/Mar/2024:09:58:39 +0800] "GET /xingrg/all/function/internal_message.html?_=1711159120266&CODE_STATE=getMsg HTTP/1.1" 200 27
116.235.241.21 - - [23/Mar/2024:09:58:42 +0800] "GET /xingrg/kc/buy/cgsh_order_operate.html?command=get_materiel&rest_code=00146&code=00101011001&supplier_code=00100033&order_time=2024-03-23 HTTP/1.1" 200 423
114.83.222.168 - - [23/Mar/2024:09:58:53 +0800] "GET /xingrg/all/function/internal_message.html?_=1711159134056&CODE_STATE=getMsg HTTP/1.1" 200 27
116.232.194.112 - - [23/Mar/2024:09:58:56 +0800] "GET /xingrg/all/function/internal_message.html?_=1711159105086&CODE_STATE=getMsg HTTP/1.1" 200 27
101.83.144.49 - - [23/Mar/2024:09:58:56 +0800] "GET /xingrg/all/function/internal_message.html?_=1711159136311&CODE_STATE=getMsg HTTP/1.1" 200 27
116.235.241.21 - - [23/Mar/2024:09:59:01 +0800] "GET /xingrg/kc/buy/cgsh_order_operate.html?command=get_materiel&rest_code=00146&code=00101016030&supplier_code=00100033&order_time=2024-03-23 HTTP/1.1" 200 412
101.83.144.49 - - [23/Mar/2024:09:59:04 +0800] "GET /xingrg/all/function/internal_message.html?_=1711158902589&CODE_STATE=getMsg HTTP/1.1" 200 27
124.78.60.103 - - [23/Mar/2024:09:59:04 +0800] "GET /xingrg/all/function/internal_message.html?_=1711159144946&CODE_STATE=getMsg HTTP/1.1" 200 27
180.164.1.25 - - [23/Mar/2024:09:59:05 +0800] "GET /xingrg/all/function/internal_message.html?_=1711159144918&CODE_STATE=getMsg HTTP/1.1" 200 27
120.253.135.82 - - [23/Mar/2024:09:59:11 +0800] "GET /xingrg/all/function/internal_message.html?_=1711159325640&CODE_STATE=getMsg HTTP/1.1" 200 27
120.253.135.82 - - [23/Mar/2024:09:59:13 +0800] "GET /xingrg/check_reg.html?_=1711158993957 HTTP/1.1" 200 22
116.235.241.21 - - [23/Mar/2024:09:59:24 +0800] "GET /xingrg/all/function/internal_message.html?_=1711159186540&CODE_STATE=getMsg HTTP/1.1" 200 27
218.79.29.78 - - [23/Mar/2024:09:59:29 +0800] "GET /xingrg/check_reg.html?_=1711159178609 HTTP/1.1" 302 -
120.253.135.82 - - [23/Mar/2024:09:59:33 +0800] "GET /xingrg/all/function/internal_message.html?_=1711159013692&CODE_STATE=getMsg HTTP/1.1" 200 27
222.70.183.82 - - [23/Mar/2024:09:59:33 +0800] "GET /xingrg/all/function/internal_message.html?_=1711159170585&CODE_STATE=getMsg HTTP/1.1" 200 27
222.69.132.13 - - [23/Mar/2024:09:59:34 +0800] "GET /xingrg/check_reg.html?_=1711159175380 HTTP/1.1" 200 22
116.224.254.208 - - [23/Mar/2024:09:59:36 +0800] "GET /xingrg/all/function/internal_message.html?_=1711159176038&CODE_STATE=getMsg HTTP/1.1" 200 27
114.89.221.239 - - [23/Mar/2024:09:59:38 +0800] "GET /xingrg/all/function/internal_message.html?_=1711159177971&CODE_STATE=getMsg HTTP/1.1" 200 27
222.69.132.13 - - [23/Mar/2024:09:59:39 +0800] "GET /xingrg/all/function/internal_message.html?_=1711159180250&CODE_STATE=getMsg HTTP/1.1" 200 27
114.83.222.168 - - [23/Mar/2024:09:59:53 +0800] "GET /xingrg/all/function/internal_message.html?_=1711159194043&CODE_STATE=getMsg HTTP/1.1" 200 27
116.232.194.112 - - [23/Mar/2024:09:59:56 +0800] "GET /xingrg/all/function/internal_message.html?_=1711159165083&CODE_STATE=getMsg HTTP/1.1" 200 27
101.83.144.49 - - [23/Mar/2024:09:59:56 +0800] "GET /xingrg/all/function/internal_message.html?_=1711159196299&CODE_STATE=getMsg HTTP/1.1" 200 27
101.83.144.49 - - [23/Mar/2024:10:00:04 +0800] "GET /xingrg/all/function/internal_message.html?_=1711158962589&CODE_STATE=getMsg HTTP/1.1" 200 27
124.78.60.103 - - [23/Mar/2024:10:00:04 +0800] "GET /xingrg/check_reg.html?_=1711159204950 HTTP/1.1" 200 22
124.78.60.103 - - [23/Mar/2024:10:00:04 +0800] "GET /xingrg/all/function/internal_message.html?_=1711159204955&CODE_STATE=getMsg HTTP/1.1" 200 27
180.164.1.25 - - [23/Mar/2024:10:00:05 +0800] "GET /xingrg/all/function/internal_message.html?_=1711159204918&CODE_STATE=getMsg HTTP/1.1" 200 27
120.253.135.82 - - [23/Mar/2024:10:00:11 +0800] "GET /xingrg/all/function/internal_message.html?_=1711159385644&CODE_STATE=getMsg HTTP/1.1" 200 27
120.253.135.82 - - [23/Mar/2024:10:00:11 +0800] "GET /xingrg/check_reg.html?_=1711159385649 HTTP/1.1" 200 22
116.235.241.21 - - [23/Mar/2024:10:00:24 +0800] "GET /xingrg/all/function/internal_message.html?_=1711159246555&CODE_STATE=getMsg HTTP/1.1" 200 27
116.235.241.21 - - [23/Mar/2024:10:00:27 +0800] "GET /xingrg/kc/buy/cgsh_order_operate.html?command=get_materiel&rest_code=00146&code=00101012003&supplier_code=00100033&order_time=2024-03-23 HTTP/1.1" 200 412
120.253.135.82 - - [23/Mar/2024:10:00:33 +0800] "GET /xingrg/all/function/internal_message.html?_=1711159073704&CODE_STATE=getMsg HTTP/1.1" 200 27
222.70.183.82 - - [23/Mar/2024:10:00:33 +0800] "GET /xingrg/all/function/internal_message.html?_=1711159230570&CODE_STATE=getMsg HTTP/1.1" 200 27
116.224.254.208 - - [23/Mar/2024:10:00:36 +0800] "GET /xingrg/check_reg.html?_=1711159236049 HTTP/1.1" 200 22
116.224.254.208 - - [23/Mar/2024:10:00:36 +0800] "GET /xingrg/all/function/internal_message.html?_=1711159236051&CODE_STATE=getMsg HTTP/1.1" 200 27
114.89.221.239 - - [23/Mar/2024:10:00:38 +0800] "GET /xingrg/all/function/internal_message.html?_=1711159237974&CODE_STATE=getMsg HTTP/1.1" 200 27
222.69.132.13 - - [23/Mar/2024:10:00:39 +0800] "GET /xingrg/all/function/internal_message.html?_=1711159240241&CODE_STATE=getMsg HTTP/1.1" 200 27
114.83.222.168 - - [23/Mar/2024:10:00:53 +0800] "GET /xingrg/all/function/internal_message.html?_=1711159254032&CODE_STATE=getMsg HTTP/1.1" 200 27
116.235.241.21 - - [23/Mar/2024:10:00:54 +0800] "GET /xingrg/kc/buy/cgsh_order_operate.html?command=get_materiel&rest_code=00146&code=00101012051&supplier_code=00100033&order_time=2024-03-23 HTTP/1.1" 200 408
116.232.194.112 - - [23/Mar/2024:10:00:56 +0800] "GET /xingrg/all/function/internal_message.html?_=1711159225085&CODE_STATE=getMsg HTTP/1.1" 200 27
101.83.144.49 - - [23/Mar/2024:10:00:56 +0800] "GET /xingrg/all/function/internal_message.html?_=1711159256300&CODE_STATE=getMsg HTTP/1.1" 200 27
101.83.144.49 - - [23/Mar/2024:10:01:04 +0800] "GET /xingrg/all/function/internal_message.html?_=1711159022589&CODE_STATE=getMsg HTTP/1.1" 200 27
124.78.60.103 - - [23/Mar/2024:10:01:04 +0800] "GET /xingrg/all/function/internal_message.html?_=1711159264953&CODE_STATE=getMsg HTTP/1.1" 200 27
180.164.1.25 - - [23/Mar/2024:10:01:05 +0800] "GET /xingrg/all/function/internal_message.html?_=1711159264905&CODE_STATE=getMsg HTTP/1.1" 200 27
120.253.135.82 - - [23/Mar/2024:10:01:11 +0800] "GET /xingrg/all/function/internal_message.html?_=1711159445648&CODE_STATE=getMsg HTTP/1.1" 200 27
116.235.241.21 - - [23/Mar/2024:10:01:24 +0800] "GET /xingrg/all/function/internal_message.html?_=1711159306568&CODE_STATE=getMsg HTTP/1.1" 200 27
222.70.183.82 - - [23/Mar/2024:10:01:32 +0800] "GET /xingrg/check_reg.html?_=1711159289541 HTTP/1.1" 200 22
120.253.135.82 - - [23/Mar/2024:10:01:33 +0800] "GET /xingrg/all/function/internal_message.html?_=1711159133887&CODE_STATE=getMsg HTTP/1.1" 200 27
222.70.183.82 - - [23/Mar/2024:10:01:33 +0800] "GET /xingrg/all/function/internal_message.html?_=1711159290542&CODE_STATE=getMsg HTTP/1.1" 200 27
116.224.254.208 - - [23/Mar/2024:10:01:36 +0800] "GET /xingrg/all/function/internal_message.html?_=1711159296048&CODE_STATE=getMsg HTTP/1.1" 200 27
114.89.221.239 - - [23/Mar/2024:10:01:38 +0800] "GET /xingrg/all/function/internal_message.html?_=1711159297982&CODE_STATE=getMsg HTTP/1.1" 200 27
222.69.132.13 - - [23/Mar/2024:10:01:38 +0800] "GET /xingrg/all/function/internal_message.html?_=1711159300227&CODE_STATE=getMsg HTTP/1.1" 200 27
114.83.222.168 - - [23/Mar/2024:10:01:53 +0800] "GET /xingrg/all/function/internal_message.html?_=1711159314002&CODE_STATE=getMsg HTTP/1.1" 200 27
116.232.194.112 - - [23/Mar/2024:10:01:56 +0800] "GET /xingrg/check_reg.html?_=1711159285076 HTTP/1.1" 200 22
116.232.194.112 - - [23/Mar/2024:10:01:56 +0800] "GET /xingrg/all/function/internal_message.html?_=1711159285077&CODE_STATE=getMsg HTTP/1.1" 200 27
101.83.144.49 - - [23/Mar/2024:10:01:56 +0800] "GET /xingrg/all/function/internal_message.html?_=1711159316300&CODE_STATE=getMsg HTTP/1.1" 200 27
101.83.144.49 - - [23/Mar/2024:10:01:56 +0800] "GET /xingrg/check_reg.html?_=1711159316301 HTTP/1.1" 200 22
101.83.144.49 - - [23/Mar/2024:10:02:04 +0800] "GET /xingrg/check_reg.html?_=1711159082589 HTTP/1.1" 200 22
101.83.144.49 - - [23/Mar/2024:10:02:04 +0800] "GET /xingrg/all/function/internal_message.html?_=1711159082592&CODE_STATE=getMsg HTTP/1.1" 200 27
124.78.60.103 - - [23/Mar/2024:10:02:04 +0800] "GET /xingrg/all/function/internal_message.html?_=1711159324957&CODE_STATE=getMsg HTTP/1.1" 200 27
180.164.1.25 - - [23/Mar/2024:10:02:05 +0800] "GET /xingrg/all/function/internal_message.html?_=1711159324882&CODE_STATE=getMsg HTTP/1.1" 200 27
120.253.135.82 - - [23/Mar/2024:10:02:11 +0800] "GET /xingrg/all/function/internal_message.html?_=1711159505653&CODE_STATE=getMsg HTTP/1.1" 200 27
120.253.135.82 - - [23/Mar/2024:10:02:22 +0800] "GET /xingrg/kc/pszx/mdqp_order_list.html?isBack=1 HTTP/1.1" 302 -
120.253.135.82 - - [23/Mar/2024:10:02:23 +0800] "GET /xingrg/kc/pszx/mdqp_order_list.html?state=10 HTTP/1.1" 200 10763
120.253.135.82 - - [23/Mar/2024:10:02:23 +0800] "GET /xingrg/dwr/interface/AjaxQqpsService.js HTTP/1.1" 200 16326
120.253.135.82 - - [23/Mar/2024:10:02:23 +0800] "GET /xingrg/dwr/interface/AjaxReportQueryService.js HTTP/1.1" 200 13203
120.253.135.82 - - [23/Mar/2024:10:02:23 +0800] "GET /xingrg/dwr/engine.js HTTP/1.1" 200 43631
116.235.241.21 - - [23/Mar/2024:10:02:24 +0800] "GET /xingrg/check_reg.html?_=1711159366144 HTTP/1.1" 200 22
116.235.241.21 - - [23/Mar/2024:10:02:24 +0800] "GET /xingrg/all/function/internal_message.html?_=1711159366581&CODE_STATE=getMsg HTTP/1.1" 200 27
120.253.135.82 - - [23/Mar/2024:10:02:26 +0800] "GET /xingrg/kc/pszx/jzcl_ps.html HTTP/1.1" 200 7683
120.253.135.82 - - [23/Mar/2024:10:02:26 +0800] "POST /xingrg/all/common/load_tree.html?tree=area_rest_tree_json HTTP/1.1" 200 3624
120.253.135.82 - - [23/Mar/2024:10:02:27 +0800] "POST /xingrg/kc/pszx/jzcl_ps_operate.html HTTP/1.1" 200 429
120.253.135.82 - - [23/Mar/2024:10:02:27 +0800] "POST /xingrg/kc/pszx/jzcl_ps_operate.html HTTP/1.1" 200 429
120.253.135.82 - - [23/Mar/2024:10:02:33 +0800] "GET /xingrg/all/function/internal_message.html?_=1711159193887&CODE_STATE=getMsg HTTP/1.1" 200 27
222.70.183.82 - - [23/Mar/2024:10:02:33 +0800] "GET /xingrg/all/function/internal_message.html?_=1711159350527&CODE_STATE=getMsg HTTP/1.1" 200 27
120.253.135.82 - - [23/Mar/2024:10:02:36 +0800] "POST /xingrg/kc/pszx/jzcl_ps_operate.html HTTP/1.1" 200 4
116.224.254.208 - - [23/Mar/2024:10:02:36 +0800] "GET /xingrg/all/function/internal_message.html?_=1711159356043&CODE_STATE=getMsg HTTP/1.1" 200 27
120.253.135.82 - - [23/Mar/2024:10:02:37 +0800] "POST /xingrg/kc/pszx/jzcl_ps_operate.html HTTP/1.1" 200 21
120.253.135.82 - - [23/Mar/2024:10:02:37 +0800] "GET /xingrg/kc/pszx/mdps_order_list.html HTTP/1.1" 200 21033
114.89.221.239 - - [23/Mar/2024:10:02:38 +0800] "GET /xingrg/check_reg.html?_=1711159357988 HTTP/1.1" 200 22
114.89.221.239 - - [23/Mar/2024:10:02:38 +0800] "GET /xingrg/all/function/internal_message.html?_=1711159357990&CODE_STATE=getMsg HTTP/1.1" 200 27
120.253.135.82 - - [23/Mar/2024:10:02:38 +0800] "POST /xingrg/kc/pszx/mdps_list_operate.html HTTP/1.1" 200 5367
222.69.132.13 - - [23/Mar/2024:10:02:38 +0800] "GET /xingrg/all/function/internal_message.html?_=1711159360214&CODE_STATE=getMsg HTTP/1.1" 200 27
116.235.241.21 - - [23/Mar/2024:10:02:40 +0800] "GET /xingrg/kc/buy/cgsh_order_operate.html?command=get_materiel&rest_code=00146&code=00101012064&supplier_code=00100033&order_time=2024-03-23 HTTP/1.1" 200 428
116.235.241.21 - - [23/Mar/2024:10:02:43 +0800] "POST /xingrg/all/common/load_select.html HTTP/1.1" 200 25
114.83.222.168 - - [23/Mar/2024:10:02:53 +0800] "GET /xingrg/all/function/internal_message.html?_=1711159373986&CODE_STATE=getMsg HTTP/1.1" 200 27
114.83.222.168 - - [23/Mar/2024:10:02:54 +0800] "GET /xingrg/check_reg.html?_=1711159374596 HTTP/1.1" 200 22
116.232.194.112 - - [23/Mar/2024:10:02:56 +0800] "GET /xingrg/all/function/internal_message.html?_=1711159345089&CODE_STATE=getMsg HTTP/1.1" 200 27
101.83.144.49 - - [23/Mar/2024:10:02:56 +0800] "GET /xingrg/all/function/internal_message.html?_=1711159376321&CODE_STATE=getMsg HTTP/1.1" 200 27
101.83.144.49 - - [23/Mar/2024:10:03:04 +0800] "GET /xingrg/all/function/internal_message.html?_=1711159142592&CODE_STATE=getMsg HTTP/1.1" 200 27
124.78.60.103 - - [23/Mar/2024:10:03:04 +0800] "GET /xingrg/all/function/internal_message.html?_=1711159384946&CODE_STATE=getMsg HTTP/1.1" 200 27
180.164.1.25 - - [23/Mar/2024:10:03:05 +0800] "GET /xingrg/all/function/internal_message.html?_=1711159384879&CODE_STATE=getMsg HTTP/1.1" 200 27
180.164.1.25 - - [23/Mar/2024:10:03:05 +0800] "GET /xingrg/check_reg.html?_=1711159385224 HTTP/1.1" 200 22
120.253.135.82 - - [23/Mar/2024:10:03:11 +0800] "GET /xingrg/all/function/internal_message.html?_=1711159565658&CODE_STATE=getMsg HTTP/1.1" 200 27
116.235.241.21 - - [23/Mar/2024:10:03:21 +0800] "GET /xingrg/kc/buy/cgsh_order_operate.html?command=get_materiel_price&rest_code=00146&code=00101012064&unit_code=00100040&supplier_code=00100033&order_time=2024-03-23 HTTP/1.1" 200 27
101.228.147.14 - - [23/Mar/2024:10:03:22 +0800] "GET /xingrg/login.html HTTP/1.1" 200 7641
116.235.241.21 - - [23/Mar/2024:10:03:24 +0800] "GET /xingrg/all/function/internal_message.html?_=1711159426664&CODE_STATE=getMsg HTTP/1.1" 200 27
101.228.147.14 - - [23/Mar/2024:10:03:25 +0800] "GET /xingrg/images/blue/jxLogo.png HTTP/1.1" 304 -
101.228.147.14 - - [23/Mar/2024:10:03:25 +0800] "GET /xingrg/images/blue/login_bg.png HTTP/1.1" 304 -
101.228.147.14 - - [23/Mar/2024:10:03:25 +0800] "GET /xingrg/images/blue/srbg.png HTTP/1.1" 304 -
101.228.147.14 - - [23/Mar/2024:10:03:25 +0800] "GET /xingrg/images/blue/hj.png HTTP/1.1" 304 -
218.79.29.78 - - [23/Mar/2024:10:03:25 +0800] "GET /xingrg/check_reg.html?_=1711159414916 HTTP/1.1" 302 -
101.228.147.14 - - [23/Mar/2024:10:03:26 +0800] "GET /favicon.ico HTTP/1.1" 404 -
101.228.147.14 - - [23/Mar/2024:10:03:29 +0800] "POST /xingrg/login.do HTTP/1.1" 302 -
101.228.147.14 - - [23/Mar/2024:10:03:29 +0800] "GET /xingrg/index.html?sysBaseUrl=http%3A%2F%2F180.169.147.146%3A18081%2Fxingrg%2F&costTime=1093×tamp=1711159409862 HTTP/1.1" 200 17179
101.228.147.14 - - [23/Mar/2024:10:03:29 +0800] "GET /xingrg/javascript/jquery_easy_ui/themes/default/easyui.css HTTP/1.1" 304 -
101.228.147.14 - - [23/Mar/2024:10:03:29 +0800] "GET /xingrg/javascript/jquery_easy_ui/themes/icon.css HTTP/1.1" 304 -
101.228.147.14 - - [23/Mar/2024:10:03:29 +0800] "GET /xingrg/javascript/jquery_easy_ui/easyui-lang-zh_CN.js HTTP/1.1" 304 -
101.228.147.14 - - [23/Mar/2024:10:03:29 +0800] "GET /xingrg/javascript/jquery.form.js HTTP/1.1" 304 -
101.228.147.14 - - [23/Mar/2024:10:03:29 +0800] "GET /xingrg/css/form.css HTTP/1.1" 304 -
101.228.147.14 - - [23/Mar/2024:10:03:29 +0800] "GET /xingrg/javascript/jquery-1.4.2.min.js HTTP/1.1" 304 -
101.228.147.14 - - [23/Mar/2024:10:03:29 +0800] "GET /xingrg/javascript/jquery_easy_ui/jquery.easyui.min.js HTTP/1.1" 304 -
101.228.147.14 - - [23/Mar/2024:10:03:30 +0800] "GET /xingrg/javascript/jquery.utils.js HTTP/1.1" 304 -
101.228.147.14 - - [23/Mar/2024:10:03:30 +0800] "GET /xingrg/javascript/jquery.timers.js HTTP/1.1" 304 -
101.228.147.14 - - [23/Mar/2024:10:03:30 +0800] "GET /favicon.ico HTTP/1.1" 404 -
101.228.147.14 - - [23/Mar/2024:10:03:30 +0800] "GET /xingrg/javascript/jquery_easy_ui/themes/icons/settle_new.png HTTP/1.1" 304 -
101.228.147.14 - - [23/Mar/2024:10:03:30 +0800] "GET /xingrg/images/blue/navBackgound.jpg HTTP/1.1" 304 -
101.228.147.14 - - [23/Mar/2024:10:03:30 +0800] "POST /xingrg/all/common/load_tree.html?tree=area_rest_tree_json&manage=1 HTTP/1.1" 200 351
101.228.147.14 - - [23/Mar/2024:10:03:30 +0800] "GET /xingrg/images/blue/pingpu.png HTTP/1.1" 304 -
101.228.147.14 - - [23/Mar/2024:10:03:30 +0800] "GET /xingrg/check_reg.html?_=1711159409818 HTTP/1.1" 200 22
101.228.147.14 - - [23/Mar/2024:10:03:30 +0800] "GET /xingrg/all/function/internal_message.html?_=1711159409817&CODE_STATE=count HTTP/1.1" 200 11
101.228.147.14 - - [23/Mar/2024:10:03:30 +0800] "GET /xingrg/javascript/jquery_easy_ui/themes/default/images/tabs_leftarrow.png HTTP/1.1" 304 -
101.228.147.14 - - [23/Mar/2024:10:03:30 +0800] "GET /xingrg/javascript/jquery_easy_ui/themes/default/images/tabs_rightarrow.png HTTP/1.1" 304 -
101.228.147.14 - - [23/Mar/2024:10:03:30 +0800] "GET /xingrg/javascript/jquery_easy_ui/themes/default/images/panel_tool_collapse.gif HTTP/1.1" 304 -
101.228.147.14 - - [23/Mar/2024:10:03:30 +0800] "POST /xingrg/load_menu.html HTTP/1.1" 200 5138
101.228.147.14 - - [23/Mar/2024:10:03:30 +0800] "GET /xingrg/javascript/jquery_easy_ui/themes/default/images/tree_arrows.gif HTTP/1.1" 304 -
101.228.147.14 - - [23/Mar/2024:10:03:30 +0800] "GET /xingrg/javascript/jquery_easy_ui/themes/icons/search_new.png HTTP/1.1" 304 -
101.228.147.14 - - [23/Mar/2024:10:03:30 +0800] "GET /xingrg/javascript/jquery_easy_ui/themes/default/images/tree_folder_open.gif HTTP/1.1" 304 -
101.228.147.14 - - [23/Mar/2024:10:03:30 +0800] "GET /xingrg/javascript/jquery_easy_ui/themes/default/images/tree_folder.gif HTTP/1.1" 304 -
101.228.147.14 - - [23/Mar/2024:10:03:30 +0800] "GET /xingrg/javascript/jquery_easy_ui/themes/icons/storage_new.png HTTP/1.1" 304 -
101.228.147.14 - - [23/Mar/2024:10:03:30 +0800] "GET /xingrg/javascript/jquery_easy_ui/themes/icons/forms_new.png HTTP/1.1" 304 -
101.228.147.14 - - [23/Mar/2024:10:03:30 +0800] "GET /xingrg/javascript/jquery_easy_ui/themes/default/images/tree_file.gif HTTP/1.1" 304 -
101.228.147.14 - - [23/Mar/2024:10:03:31 +0800] "GET /xingrg/javascript/jquery_easy_ui/themes/icons/area.png HTTP/1.1" 304 -
101.228.147.14 - - [23/Mar/2024:10:03:31 +0800] "GET /xingrg/javascript/jquery_easy_ui/themes/icons/rest.png HTTP/1.1" 304 -
222.70.183.82 - - [23/Mar/2024:10:03:33 +0800] "GET /xingrg/all/function/internal_message.html?_=1711159410511&CODE_STATE=getMsg HTTP/1.1" 200 27
120.253.135.82 - - [23/Mar/2024:10:03:33 +0800] "GET /xingrg/all/function/internal_message.html?_=1711159254062&CODE_STATE=getMsg HTTP/1.1" 200 27
116.224.254.208 - - [23/Mar/2024:10:03:36 +0800] "GET /xingrg/all/function/internal_message.html?_=1711159416033&CODE_STATE=getMsg HTTP/1.1" 200 27
114.89.221.239 - - [23/Mar/2024:10:03:38 +0800] "GET /xingrg/all/function/internal_message.html?_=1711159417974&CODE_STATE=getMsg HTTP/1.1" 200 27
222.69.132.13 - - [23/Mar/2024:10:03:38 +0800] "GET /xingrg/all/function/internal_message.html?_=1711159420188&CODE_STATE=getMsg HTTP/1.1" 200 27
114.83.222.168 - - [23/Mar/2024:10:03:53 +0800] "GET /xingrg/kc/buy/cgsh_order_operate.html?command=get_materiel&rest_code=00149&code=00101004090&supplier_code=00100083&order_time=2024-03-23 HTTP/1.1" 200 405
101.228.147.14 - - [23/Mar/2024:10:03:53 +0800] "GET /xingrg/javascript/jquery_easy_ui/themes/default/images/tabs_close.gif HTTP/1.1" 304 -
101.228.147.14 - - [23/Mar/2024:10:03:53 +0800] "GET /xingrg/kc/base/yddb_order_list.html HTTP/1.1" 200 16662
101.228.147.14 - - [23/Mar/2024:10:03:53 +0800] "GET /xingrg/css/base.css HTTP/1.1" 304 -
101.228.147.14 - - [23/Mar/2024:10:03:53 +0800] "GET /xingrg/css/site.css HTTP/1.1" 304 -
101.228.147.14 - - [23/Mar/2024:10:03:53 +0800] "GET /xingrg/javascript/jquery_tools/datebox.css HTTP/1.1" 304 -
101.228.147.14 - - [23/Mar/2024:10:03:53 +0800] "GET /xingrg/javascript/easyui/themes/default/easyui.css HTTP/1.1" 304 -
101.228.147.14 - - [23/Mar/2024:10:03:53 +0800] "GET /xingrg/javascript/easyui/themes/icon.css HTTP/1.1" 304 -
101.228.147.14 - - [23/Mar/2024:10:03:53 +0800] "GET /xingrg/javascript/jquery_tools/fix.css HTTP/1.1" 304 -
101.228.147.14 - - [23/Mar/2024:10:03:53 +0800] "GET /xingrg/javascript/auto/jquery.autocomplete.css HTTP/1.1" 304 -
101.228.147.14 - - [23/Mar/2024:10:03:53 +0800] "GET /xingrg/javascript/jquery_tools/table.css HTTP/1.1" 304 -
101.228.147.14 - - [23/Mar/2024:10:03:53 +0800] "GET /xingrg/javascript/jquery_tools/jquery.tools.extend.js HTTP/1.1" 304 -
101.228.147.14 - - [23/Mar/2024:10:03:53 +0800] "GET /xingrg/javascript/jquery_tools/jquery.tools.min.js HTTP/1.1" 304 -
114.83.222.168 - - [23/Mar/2024:10:03:53 +0800] "GET /xingrg/all/function/internal_message.html?_=1711159433967&CODE_STATE=getMsg HTTP/1.1" 200 27
101.228.147.14 - - [23/Mar/2024:10:03:53 +0800] "GET /xingrg/javascript/jquery_tools/jquery.tools.hotkey.js HTTP/1.1" 304 -
101.228.147.14 - - [23/Mar/2024:10:03:53 +0800] "GET /xingrg/javascript/jquery_tools/jquery.tools.table.js HTTP/1.1" 304 -
101.228.147.14 - - [23/Mar/2024:10:03:53 +0800] "GET /xingrg/javascript/jquery_tools/list_manager.js HTTP/1.1" 304 -
101.228.147.14 - - [23/Mar/2024:10:03:53 +0800] "GET /xingrg/javascript/auto/jquery.autocomplete.js HTTP/1.1" 304 -
101.228.147.14 - - [23/Mar/2024:10:03:53 +0800] "GET /xingrg/javascript/jquery.cookie.js HTTP/1.1" 304 -
101.228.147.14 - - [23/Mar/2024:10:03:53 +0800] "GET /xingrg/javascript/easyui/easyloader.js HTTP/1.1" 304 -
101.228.147.14 - - [23/Mar/2024:10:03:53 +0800] "GET /xingrg/javascript/print/LodopFuncs.js HTTP/1.1" 304 -
120.253.135.82 - - [23/Mar/2024:10:03:54 +0800] "GET /xingrg/kc/pszx/mdqp_order_list.html?state=10 HTTP/1.1" 200 10319
120.253.135.82 - - [23/Mar/2024:10:03:54 +0800] "GET /xingrg/dwr/interface/AjaxQqpsService.js HTTP/1.1" 200 16326
120.253.135.82 - - [23/Mar/2024:10:03:54 +0800] "GET /xingrg/dwr/interface/AjaxReportQueryService.js HTTP/1.1" 200 13203
120.253.135.82 - - [23/Mar/2024:10:03:54 +0800] "GET /xingrg/dwr/engine.js HTTP/1.1" 200 43631
116.235.241.21 - - [23/Mar/2024:10:03:54 +0800] "GET /xingrg/kc/buy/cgsh_order_operate.html?command=get_materiel&rest_code=00146&code=00101011007&supplier_code=00100033&order_time=2024-03-23 HTTP/1.1" 200 414
101.228.147.14 - - [23/Mar/2024:10:03:54 +0800] "GET /xingrg/javascript/easyui/themes/icons/edit_add_new.png HTTP/1.1" 304 -
101.228.147.14 - - [23/Mar/2024:10:03:54 +0800] "GET /xingrg/javascript/easyui/themes/icons/field_new.png HTTP/1.1" 304 -
101.228.147.14 - - [23/Mar/2024:10:03:54 +0800] "GET /xingrg/javascript/easyui/themes/icons/import_new.png HTTP/1.1" 304 -
101.228.147.14 - - [23/Mar/2024:10:03:54 +0800] "GET /xingrg/javascript/easyui/plugins/jquery.parser.js HTTP/1.1" 304 -
101.228.147.14 - - [23/Mar/2024:10:03:54 +0800] "GET /xingrg/images/control/ajaxLoader.gif HTTP/1.1" 304 -
101.228.147.14 - - [23/Mar/2024:10:03:55 +0800] "POST /xingrg/kc/base/yddb_list_operate.html HTTP/1.1" 200 1345
116.232.194.112 - - [23/Mar/2024:10:03:56 +0800] "GET /xingrg/all/function/internal_message.html?_=1711159405090&CODE_STATE=getMsg HTTP/1.1" 200 27
101.83.144.49 - - [23/Mar/2024:10:03:56 +0800] "GET /xingrg/all/function/internal_message.html?_=1711159436306&CODE_STATE=getMsg HTTP/1.1" 200 27
101.228.147.14 - - [23/Mar/2024:10:03:59 +0800] "POST /xingrg/kc/base/yddb_list_operate.html HTTP/1.1" 200 355
101.228.147.14 - - [23/Mar/2024:10:04:00 +0800] "GET /xingrg/kc/base/yddb_order_info.html?code=482024031800101 HTTP/1.1" 200 30743
101.228.147.14 - - [23/Mar/2024:10:04:00 +0800] "GET /xingrg/css/blue.css HTTP/1.1" 200 15949
101.228.147.14 - - [23/Mar/2024:10:04:00 +0800] "GET /xingrg/javascript/pic_change.js HTTP/1.1" 304 -
101.228.147.14 - - [23/Mar/2024:10:04:00 +0800] "GET /xingrg/dwr/interface/AjaxComOrderService.js HTTP/1.1" 200 18264
101.228.147.14 - - [23/Mar/2024:10:04:00 +0800] "GET /xingrg/dwr/interface/AjaxYddbService.js HTTP/1.1" 200 13201
101.228.147.14 - - [23/Mar/2024:10:04:00 +0800] "GET /xingrg/dwr/engine.js HTTP/1.1" 200 43631
101.228.147.14 - - [23/Mar/2024:10:04:00 +0800] "GET /xingrg/dwr/util.js HTTP/1.1" 200 35990
101.228.147.14 - - [23/Mar/2024:10:04:00 +0800] "GET /xingrg/javascript/Calendar.js HTTP/1.1" 200 31561
101.228.147.14 - - [23/Mar/2024:10:04:00 +0800] "GET /xingrg/javascript/myfunction.js HTTP/1.1" 200 24559
101.228.147.14 - - [23/Mar/2024:10:04:00 +0800] "GET /xingrg/javascript/checkform.js HTTP/1.1" 200 18351
101.228.147.14 - - [23/Mar/2024:10:04:00 +0800] "GET /xingrg/javascript/AjaxInfoList.js HTTP/1.1" 200 3774
101.228.147.14 - - [23/Mar/2024:10:04:00 +0800] "GET /xingrg/javascript/Grid.js HTTP/1.1" 200 58908
101.228.147.14 - - [23/Mar/2024:10:04:00 +0800] "GET /xingrg/javascript/ToolTips.js HTTP/1.1" 200 5615
101.228.147.14 - - [23/Mar/2024:10:04:00 +0800] "GET /xingrg/javascript/jquery_easy_ui/themes/icons/edit_add_new.png HTTP/1.1" 200 2997
101.228.147.14 - - [23/Mar/2024:10:04:00 +0800] "GET /xingrg/javascript/jquery_easy_ui/themes/icons/print.png HTTP/1.1" 200 1057
101.228.147.14 - - [23/Mar/2024:10:04:00 +0800] "GET /xingrg/javascript/jquery_easy_ui/themes/icons/check_new.png HTTP/1.1" 200 3224
101.228.147.14 - - [23/Mar/2024:10:04:00 +0800] "GET /xingrg/javascript/jquery_easy_ui/themes/default/images/menu_downarrow.png HTTP/1.1" 200 173
101.228.147.14 - - [23/Mar/2024:10:04:00 +0800] "GET /xingrg/javascript/jquery_easy_ui/themes/icons/cance_new.png HTTP/1.1" 200 3986
101.228.147.14 - - [23/Mar/2024:10:04:00 +0800] "GET /xingrg/javascript/jquery_easy_ui/themes/icons/back_new.png HTTP/1.1" 200 3414
101.228.147.14 - - [23/Mar/2024:10:04:01 +0800] "GET /xingrg/images/blue/button/kc_tab_save.gif HTTP/1.1" 200 777
101.228.147.14 - - [23/Mar/2024:10:04:01 +0800] "GET /xingrg/images/blue/button/kc_tab_add.gif HTTP/1.1" 200 375
101.228.147.14 - - [23/Mar/2024:10:04:01 +0800] "GET /xingrg/images/blue/button/kc_tab_del.gif HTTP/1.1" 200 383
101.228.147.14 - - [23/Mar/2024:10:04:01 +0800] "GET /xingrg/images/blue/button/kc_tab_edit.gif HTTP/1.1" 200 551
101.228.147.14 - - [23/Mar/2024:10:04:01 +0800] "GET /xingrg/images/blue/wait.gif HTTP/1.1" 200 1100
101.228.147.14 - - [23/Mar/2024:10:04:01 +0800] "GET /xingrg/images/blue/kc_tab_mid.gif HTTP/1.1" 200 44
101.228.147.14 - - [23/Mar/2024:10:04:01 +0800] "GET /xingrg/images/blue/kc_tab2_right.gif HTTP/1.1" 200 192
101.228.147.14 - - [23/Mar/2024:10:04:01 +0800] "GET /xingrg/images/blue/kc_tab_left.gif HTTP/1.1" 200 188
101.228.147.14 - - [23/Mar/2024:10:04:01 +0800] "GET /xingrg/images/blue/kc_tab2_left.gif HTTP/1.1" 200 625
101.228.147.14 - - [23/Mar/2024:10:04:01 +0800] "GET /xingrg/images/blue/kc_tab_right.gif HTTP/1.1" 200 643
101.228.147.14 - - [23/Mar/2024:10:04:01 +0800] "POST /xingrg/dwr/call/plaincall/AjaxYddbService.loadMaterielItems.dwr HTTP/1.1" 200 1021
101.83.144.49 - - [23/Mar/2024:10:04:04 +0800] "GET /xingrg/all/function/internal_message.html?_=1711159202592&CODE_STATE=getMsg HTTP/1.1" 200 27
124.78.60.103 - - [23/Mar/2024:10:04:04 +0800] "GET /xingrg/all/function/internal_message.html?_=1711159444944&CODE_STATE=getMsg HTTP/1.1" 200 27
180.164.1.25 - - [23/Mar/2024:10:04:05 +0800] "GET /xingrg/all/function/internal_message.html?_=1711159444866&CODE_STATE=getMsg HTTP/1.1" 200 27
120.253.135.82 - - [23/Mar/2024:10:04:11 +0800] "GET /xingrg/all/function/internal_message.html?_=1711159625662&CODE_STATE=getMsg HTTP/1.1" 200 27
120.253.135.82 - - [23/Mar/2024:10:04:13 +0800] "GET /xingrg/check_reg.html?_=1711159293965 HTTP/1.1" 200 22
120.253.135.82 - - [23/Mar/2024:10:04:18 +0800] "GET /xingrg/kc/pszx/mdps_order_operate.html?command=get_materiel&pszx_code=00101&rest_code=&base_code=0010246&code=00101019509 HTTP/1.1" 200 476
116.235.241.21 - - [23/Mar/2024:10:04:24 +0800] "GET /xingrg/all/function/internal_message.html?_=1711159486745&CODE_STATE=getMsg HTTP/1.1" 200 27
114.83.222.168 - - [23/Mar/2024:10:04:27 +0800] "GET /xingrg/kc/buy/cgsh_order_operate.html?command=get_materiel&rest_code=00149&code=00101004017&supplier_code=00100083&order_time=2024-03-23 HTTP/1.1" 200 413
116.235.241.21 - - [23/Mar/2024:10:04:28 +0800] "GET /xingrg/kc/buy/cgsh_order_operate.html?command=get_materiel&rest_code=00146&code=00101016033&supplier_code=00100033&order_time=2024-03-23 HTTP/1.1" 200 412
120.253.135.82 - - [23/Mar/2024:10:04:29 +0800] "GET /xingrg/kc/pszx/mdqp_order_list.html?state=10 HTTP/1.1" 200 10319
120.253.135.82 - - [23/Mar/2024:10:04:29 +0800] "GET /xingrg/dwr/interface/AjaxQqpsService.js HTTP/1.1" 200 16326
120.253.135.82 - - [23/Mar/2024:10:04:29 +0800] "GET /xingrg/dwr/interface/AjaxReportQueryService.js HTTP/1.1" 200 13203
120.253.135.82 - - [23/Mar/2024:10:04:29 +0800] "GET /xingrg/dwr/engine.js HTTP/1.1" 200 43631
218.79.29.78 - - [23/Mar/2024:10:04:29 +0800] "GET /xingrg/check_reg.html?_=1711159478588 HTTP/1.1" 302 -
101.228.147.14 - - [23/Mar/2024:10:04:30 +0800] "GET /xingrg/all/function/internal_message.html?_=1711159469831&CODE_STATE=getMsg HTTP/1.1" 200 27
180.164.1.25 - - [23/Mar/2024:10:04:32 +0800] "GET /xingrg/kc/buy/cgsh_order_add.html HTTP/1.1" 200 73747
180.164.1.25 - - [23/Mar/2024:10:04:33 +0800] "POST /xingrg/kc/buy/cgsh_order_operate.html HTTP/1.1" 200 8245
180.164.1.25 - - [23/Mar/2024:10:04:33 +0800] "GET /xingrg/javascript/easyui/themes/default/validatebox.css HTTP/1.1" 404 1104
222.70.183.82 - - [23/Mar/2024:10:04:33 +0800] "GET /xingrg/all/function/internal_message.html?_=1711159470496&CODE_STATE=getMsg HTTP/1.1" 200 27
120.253.135.82 - - [23/Mar/2024:10:04:33 +0800] "GET /xingrg/all/function/internal_message.html?_=1711159314071&CODE_STATE=getMsg HTTP/1.1" 200 27
120.253.135.82 - - [23/Mar/2024:10:04:33 +0800] "GET /xingrg/kc/pszx/mdqp_order_list.html?state=10 HTTP/1.1" 200 10319
120.253.135.82 - - [23/Mar/2024:10:04:33 +0800] "GET /xingrg/dwr/interface/AjaxQqpsService.js HTTP/1.1" 200 16326
120.253.135.82 - - [23/Mar/2024:10:04:33 +0800] "GET /xingrg/dwr/interface/AjaxReportQueryService.js HTTP/1.1" 200 13203
120.253.135.82 - - [23/Mar/2024:10:04:33 +0800] "GET /xingrg/dwr/engine.js HTTP/1.1" 200 43631
222.69.132.13 - - [23/Mar/2024:10:04:34 +0800] "GET /xingrg/check_reg.html?_=1711159475368 HTTP/1.1" 200 22
116.224.254.208 - - [23/Mar/2024:10:04:36 +0800] "GET /xingrg/all/function/internal_message.html?_=1711159476041&CODE_STATE=getMsg HTTP/1.1" 200 27
114.83.222.168 - - [23/Mar/2024:10:04:36 +0800] "GET /xingrg/kc/buy/cgsh_order_operate.html?command=get_materiel&rest_code=00149&code=00101004030&supplier_code=00100083&order_time=2024-03-23 HTTP/1.1" 200 408
114.89.221.239 - - [23/Mar/2024:10:04:38 +0800] "GET /xingrg/all/function/internal_message.html?_=1711159477981&CODE_STATE=getMsg HTTP/1.1" 200 27
222.69.132.13 - - [23/Mar/2024:10:04:38 +0800] "GET /xingrg/all/function/internal_message.html?_=1711159480174&CODE_STATE=getMsg HTTP/1.1" 200 27
116.235.241.21 - - [23/Mar/2024:10:04:39 +0800] "GET /xingrg/kc/buy/cgsh_order_operate.html?command=get_materiel&rest_code=00146&code=00101016025&supplier_code=00100033&order_time=2024-03-23 HTTP/1.1" 200 408
114.83.222.168 - - [23/Mar/2024:10:04:51 +0800] "POST /xingrg/kc/buy/cgsh_order_operate.html HTTP/1.1" 200 37
114.83.222.168 - - [23/Mar/2024:10:04:53 +0800] "GET /xingrg/all/function/internal_message.html?_=1711159493946&CODE_STATE=getMsg HTTP/1.1" 200 27
116.232.194.112 - - [23/Mar/2024:10:04:56 +0800] "GET /xingrg/all/function/internal_message.html?_=1711159465071&CODE_STATE=getMsg HTTP/1.1" 200 27
101.83.144.49 - - [23/Mar/2024:10:04:56 +0800] "GET /xingrg/all/function/internal_message.html?_=1711159496307&CODE_STATE=getMsg HTTP/1.1" 200 27
114.83.222.168 - - [23/Mar/2024:10:04:57 +0800] "POST /xingrg/kc/buy/cgsh_order_operate.html HTTP/1.1" 200 12
114.83.222.168 - - [23/Mar/2024:10:05:00 +0800] "GET /xingrg/kc/buy/cgsh_order_info.html?code=212024032306802 HTTP/1.1" 200 68650
114.83.222.168 - - [23/Mar/2024:10:05:01 +0800] "GET /xingrg/javascript/easyui/themes/default/validatebox.css HTTP/1.1" 404 1104
114.83.222.168 - - [23/Mar/2024:10:05:02 +0800] "POST /xingrg/kc/buy/cgsh_order_operate.html HTTP/1.1" 200 1790
101.83.144.49 - - [23/Mar/2024:10:05:04 +0800] "GET /xingrg/all/function/internal_message.html?_=1711159262592&CODE_STATE=getMsg HTTP/1.1" 200 27
124.78.60.103 - - [23/Mar/2024:10:05:04 +0800] "GET /xingrg/all/function/internal_message.html?_=1711159504937&CODE_STATE=getMsg HTTP/1.1" 200 27
124.78.60.103 - - [23/Mar/2024:10:05:04 +0800] "GET /xingrg/check_reg.html?_=1711159504941 HTTP/1.1" 200 22
180.164.1.25 - - [23/Mar/2024:10:05:05 +0800] "GET /xingrg/all/function/internal_message.html?_=1711159504852&CODE_STATE=getMsg HTTP/1.1" 200 27
116.235.241.21 - - [23/Mar/2024:10:05:07 +0800] "POST /xingrg/kc/buy/cgsh_order_operate.html HTTP/1.1" 200 37
114.83.222.168 - - [23/Mar/2024:10:05:08 +0800] "GET /xingrg/kc/print/load_data.html?order_code=212024032306802&kc_code=cgsh&condition= HTTP/1.1" 200 1166
120.253.135.82 - - [23/Mar/2024:10:05:11 +0800] "GET /xingrg/check_reg.html?_=1711159685670 HTTP/1.1" 200 22
120.253.135.82 - - [23/Mar/2024:10:05:11 +0800] "GET /xingrg/all/function/internal_message.html?_=1711159685667&CODE_STATE=getMsg HTTP/1.1" 200 27
114.83.222.168 - - [23/Mar/2024:10:05:12 +0800] "GET /xingrg/kc/buy/cgsh_order_add.html HTTP/1.1" 200 73743
114.83.222.168 - - [23/Mar/2024:10:05:12 +0800] "POST /xingrg/kc/buy/cgsh_order_operate.html HTTP/1.1" 200 8245
114.83.222.168 - - [23/Mar/2024:10:05:13 +0800] "GET /xingrg/javascript/easyui/themes/default/validatebox.css HTTP/1.1" 404 1104
116.238.97.31 - - [23/Mar/2024:10:05:18 +0800] "POST /xingrg/kc/buy/cgsh_order_operate.html HTTP/1.1" 200 9787
116.235.241.21 - - [23/Mar/2024:10:05:20 +0800] "POST /xingrg/kc/buy/cgsh_order_operate.html HTTP/1.1" 200 6801
116.235.241.21 - - [23/Mar/2024:10:05:24 +0800] "GET /xingrg/all/function/internal_message.html?_=1711159546746&CODE_STATE=getMsg HTTP/1.1" 200 27
116.235.241.21 - - [23/Mar/2024:10:05:29 +0800] "GET /xingrg/kc/print/load_data.html?order_code=212024032306803&kc_code=cgsh&condition= HTTP/1.1" 200 2291
101.228.147.14 - - [23/Mar/2024:10:05:30 +0800] "GET /xingrg/all/function/internal_message.html?_=1711159529823&CODE_STATE=getMsg HTTP/1.1" 200 27
114.83.222.168 - - [23/Mar/2024:10:05:32 +0800] "GET /xingrg/kc/buy/cgsh_order_operate.html?command=get_materiel&rest_code=00149&code=00101001099&supplier_code=00100039&order_time=2024-03-23 HTTP/1.1" 200 409
222.70.183.82 - - [23/Mar/2024:10:05:33 +0800] "GET /xingrg/all/function/internal_message.html?_=1711159530480&CODE_STATE=getMsg HTTP/1.1" 200 27
120.253.135.82 - - [23/Mar/2024:10:05:33 +0800] "GET /xingrg/all/function/internal_message.html?_=1711159374227&CODE_STATE=getMsg HTTP/1.1" 200 27
116.224.254.208 - - [23/Mar/2024:10:05:36 +0800] "GET /xingrg/all/function/internal_message.html?_=1711159536055&CODE_STATE=getMsg HTTP/1.1" 200 27
116.224.254.208 - - [23/Mar/2024:10:05:36 +0800] "GET /xingrg/check_reg.html?_=1711159536060 HTTP/1.1" 200 22
114.89.221.239 - - [23/Mar/2024:10:05:38 +0800] "GET /xingrg/all/function/internal_message.html?_=1711159537970&CODE_STATE=getMsg HTTP/1.1" 200 27
222.69.132.13 - - [23/Mar/2024:10:05:38 +0800] "GET /xingrg/all/function/internal_message.html?_=1711159540149&CODE_STATE=getMsg HTTP/1.1" 200 27
116.238.97.31 - - [23/Mar/2024:10:05:45 +0800] "GET /xingrg/kc/buy/cgsh_order_operate.html?command=get_materiel&rest_code=00102&code=00101007060&supplier_code=00100096&order_time=2024-03-23 HTTP/1.1" 200 409
114.83.222.168 - - [23/Mar/2024:10:05:45 +0800] "GET /xingrg/kc/buy/cgsh_order_operate.html?command=get_materiel&rest_code=00149&code=00101005009&supplier_code=00100039&order_time=2024-03-23 HTTP/1.1" 200 415
116.235.241.21 - - [23/Mar/2024:10:05:50 +0800] "GET /xingrg/kc/buy/cgsh_order_add.html HTTP/1.1" 200 73655
116.235.241.21 - - [23/Mar/2024:10:05:51 +0800] "POST /xingrg/kc/buy/cgsh_order_operate.html HTTP/1.1" 200 8245
116.235.241.21 - - [23/Mar/2024:10:05:51 +0800] "GET /xingrg/javascript/easyui/themes/default/validatebox.css HTTP/1.1" 404 1104
114.83.222.168 - - [23/Mar/2024:10:05:53 +0800] "GET /xingrg/all/function/internal_message.html?_=1711159553936&CODE_STATE=getMsg HTTP/1.1" 200 27
116.232.194.112 - - [23/Mar/2024:10:05:56 +0800] "GET /xingrg/all/function/internal_message.html?_=1711159525081&CODE_STATE=getMsg HTTP/1.1" 200 27
101.83.144.49 - - [23/Mar/2024:10:05:56 +0800] "GET /xingrg/all/function/internal_message.html?_=1711159556310&CODE_STATE=getMsg HTTP/1.1" 200 27
114.83.222.168 - - [23/Mar/2024:10:05:59 +0800] "GET /xingrg/kc/buy/cgsh_order_operate.html?command=get_materiel&rest_code=00149&code=00101002027&supplier_code=00100039&order_time=2024-03-23 HTTP/1.1" 200 413
116.238.97.31 - - [23/Mar/2024:10:06:03 +0800] "GET /xingrg/all/function/internal_message.html?_=1711159563717&CODE_STATE=getMsg HTTP/1.1" 200 27
101.83.144.49 - - [23/Mar/2024:10:06:04 +0800] "GET /xingrg/all/function/internal_message.html?_=1711159322593&CODE_STATE=getMsg HTTP/1.1" 200 27
124.78.60.103 - - [23/Mar/2024:10:06:04 +0800] "GET /xingrg/all/function/internal_message.html?_=1711159564946&CODE_STATE=getMsg HTTP/1.1" 200 27
180.164.1.25 - - [23/Mar/2024:10:06:05 +0800] "GET /xingrg/all/function/internal_message.html?_=1711159564830&CODE_STATE=getMsg HTTP/1.1" 200 27
114.83.222.168 - - [23/Mar/2024:10:06:09 +0800] "GET /xingrg/kc/buy/cgsh_order_operate.html?command=get_materiel&rest_code=00149&code=00101001191&supplier_code=00100039&order_time=2024-03-23 HTTP/1.1" 200 415
120.253.135.82 - - [23/Mar/2024:10:06:11 +0800] "GET /xingrg/all/function/internal_message.html?_=1711159745672&CODE_STATE=getMsg HTTP/1.1" 200 27
114.83.222.168 - - [23/Mar/2024:10:06:22 +0800] "GET /xingrg/kc/buy/cgsh_order_operate.html?command=get_materiel&rest_code=00149&code=00101005037&supplier_code=00100039&order_time=2024-03-23 HTTP/1.1" 200 409
120.253.135.82 - - [23/Mar/2024:10:06:22 +0800] "GET /xingrg/kc/pszx/mdqp_order_list.html?state=10 HTTP/1.1" 200 10319
120.253.135.82 - - [23/Mar/2024:10:06:23 +0800] "GET /xingrg/dwr/interface/AjaxQqpsService.js HTTP/1.1" 200 16326
120.253.135.82 - - [23/Mar/2024:10:06:23 +0800] "GET /xingrg/dwr/interface/AjaxReportQueryService.js HTTP/1.1" 200 13203
120.253.135.82 - - [23/Mar/2024:10:06:23 +0800] "GET /xingrg/dwr/engine.js HTTP/1.1" 200 43631
116.235.241.21 - - [23/Mar/2024:10:06:24 +0800] "GET /xingrg/all/function/internal_message.html?_=1711159606760&CODE_STATE=getMsg HTTP/1.1" 200 27
120.253.135.82 - - [23/Mar/2024:10:06:25 +0800] "GET /xingrg/kc/pszx/mdqp_order_list.html?state=10 HTTP/1.1" 200 10319
120.253.135.82 - - [23/Mar/2024:10:06:25 +0800] "GET /xingrg/dwr/interface/AjaxQqpsService.js HTTP/1.1" 200 16326
120.253.135.82 - - [23/Mar/2024:10:06:25 +0800] "GET /xingrg/dwr/interface/AjaxReportQueryService.js HTTP/1.1" 200 13203
120.253.135.82 - - [23/Mar/2024:10:06:25 +0800] "GET /xingrg/dwr/engine.js HTTP/1.1" 200 43631
120.253.135.82 - - [23/Mar/2024:10:06:29 +0800] "GET /xingrg/kc/pszx/mdqp_order_list.html?state=10 HTTP/1.1" 200 10319
120.253.135.82 - - [23/Mar/2024:10:06:29 +0800] "GET /xingrg/dwr/interface/AjaxQqpsService.js HTTP/1.1" 200 16326
120.253.135.82 - - [23/Mar/2024:10:06:29 +0800] "GET /xingrg/dwr/interface/AjaxReportQueryService.js HTTP/1.1" 200 13203
120.253.135.82 - - [23/Mar/2024:10:06:29 +0800] "GET /xingrg/dwr/engine.js HTTP/1.1" 200 43631
101.228.147.14 - - [23/Mar/2024:10:06:30 +0800] "GET /xingrg/all/function/internal_message.html?_=1711159589823&CODE_STATE=getMsg HTTP/1.1" 200 27
222.70.115.1 - - [23/Mar/2024:10:06:31 +0800] "POST /xingrg/services/DataTransmitService HTTP/1.1" 200 524
120.253.135.82 - - [23/Mar/2024:10:06:32 +0800] "GET /xingrg/kc/pszx/mdqp_order_list.html?state=10 HTTP/1.1" 200 10319
120.253.135.82 - - [23/Mar/2024:10:06:32 +0800] "GET /xingrg/dwr/interface/AjaxReportQueryService.js HTTP/1.1" 200 13203
120.253.135.82 - - [23/Mar/2024:10:06:32 +0800] "GET /xingrg/dwr/interface/AjaxQqpsService.js HTTP/1.1" 200 16326
120.253.135.82 - - [23/Mar/2024:10:06:32 +0800] "GET /xingrg/dwr/engine.js HTTP/1.1" 200 43631
222.70.183.82 - - [23/Mar/2024:10:06:32 +0800] "GET /xingrg/check_reg.html?_=1711159589543 HTTP/1.1" 200 22
222.70.183.82 - - [23/Mar/2024:10:06:33 +0800] "GET /xingrg/all/function/internal_message.html?_=1711159590450&CODE_STATE=getMsg HTTP/1.1" 200 27
120.253.135.82 - - [23/Mar/2024:10:06:33 +0800] "GET /xingrg/all/function/internal_message.html?_=1711159434238&CODE_STATE=getMsg HTTP/1.1" 200 27
116.224.254.208 - - [23/Mar/2024:10:06:36 +0800] "GET /xingrg/all/function/internal_message.html?_=1711159596041&CODE_STATE=getMsg HTTP/1.1" 200 27
114.83.222.168 - - [23/Mar/2024:10:06:36 +0800] "POST /xingrg/kc/buy/cgsh_order_operate.html HTTP/1.1" 200 37
114.89.221.239 - - [23/Mar/2024:10:06:38 +0800] "GET /xingrg/all/function/internal_message.html?_=1711159597968&CODE_STATE=getMsg HTTP/1.1" 200 27
120.253.135.82 - - [23/Mar/2024:10:06:38 +0800] "GET /xingrg/kc/pszx/mdqp_order_list.html?state=10 HTTP/1.1" 200 10319
120.253.135.82 - - [23/Mar/2024:10:06:38 +0800] "GET /xingrg/dwr/interface/AjaxQqpsService.js HTTP/1.1" 200 16326
120.253.135.82 - - [23/Mar/2024:10:06:38 +0800] "GET /xingrg/dwr/interface/AjaxReportQueryService.js HTTP/1.1" 200 13203
120.253.135.82 - - [23/Mar/2024:10:06:38 +0800] "GET /xingrg/dwr/engine.js HTTP/1.1" 200 43631
222.69.132.13 - - [23/Mar/2024:10:06:38 +0800] "GET /xingrg/all/function/internal_message.html?_=1711159600122&CODE_STATE=getMsg HTTP/1.1" 200 27
114.83.222.168 - - [23/Mar/2024:10:06:43 +0800] "POST /xingrg/kc/buy/cgsh_order_operate.html HTTP/1.1" 200 12
120.253.135.82 - - [23/Mar/2024:10:06:50 +0800] "GET /xingrg/kc/pszx/mdqp_order_list.html?state=10 HTTP/1.1" 200 10319
120.253.135.82 - - [23/Mar/2024:10:06:50 +0800] "GET /xingrg/dwr/interface/AjaxQqpsService.js HTTP/1.1" 200 16326
120.253.135.82 - - [23/Mar/2024:10:06:50 +0800] "GET /xingrg/dwr/interface/AjaxReportQueryService.js HTTP/1.1" 200 13203
120.253.135.82 - - [23/Mar/2024:10:06:50 +0800] "GET /xingrg/dwr/engine.js HTTP/1.1" 200 43631
120.253.135.82 - - [23/Mar/2024:10:06:52 +0800] "GET /xingrg/kc/pszx/mdqp_order_list.html?state=10 HTTP/1.1" 200 10319
120.253.135.82 - - [23/Mar/2024:10:06:52 +0800] "GET /xingrg/dwr/interface/AjaxQqpsService.js HTTP/1.1" 200 16326
120.253.135.82 - - [23/Mar/2024:10:06:52 +0800] "GET /xingrg/dwr/interface/AjaxReportQueryService.js HTTP/1.1" 200 13203
120.253.135.82 - - [23/Mar/2024:10:06:52 +0800] "GET /xingrg/dwr/engine.js HTTP/1.1" 200 43631
116.235.241.21 - - [23/Mar/2024:10:06:54 +0800] "GET /xingrg/kc/buy/cgsh_order_operate.html?command=get_materiel&rest_code=00146&code=00101002027&supplier_code=00100199&order_time=2024-03-23 HTTP/1.1" 200 413
120.253.135.82 - - [23/Mar/2024:10:06:54 +0800] "GET /xingrg/kc/report/report_main.html HTTP/1.1" 200 8599
116.232.194.112 - - [23/Mar/2024:10:06:56 +0800] "GET /xingrg/check_reg.html?_=1711159585071 HTTP/1.1" 200 22
116.232.194.112 - - [23/Mar/2024:10:06:56 +0800] "GET /xingrg/all/function/internal_message.html?_=1711159585076&CODE_STATE=getMsg HTTP/1.1" 200 27
114.83.222.168 - - [23/Mar/2024:10:06:56 +0800] "GET /xingrg/kc/buy/cgsh_order_info.html?code=212024032306804 HTTP/1.1" 200 68652
101.83.144.49 - - [23/Mar/2024:10:06:56 +0800] "GET /xingrg/check_reg.html?_=1711159616312 HTTP/1.1" 200 22
101.83.144.49 - - [23/Mar/2024:10:06:56 +0800] "GET /xingrg/all/function/internal_message.html?_=1711159616315&CODE_STATE=getMsg HTTP/1.1" 200 27
114.83.222.168 - - [23/Mar/2024:10:06:56 +0800] "GET /xingrg/javascript/easyui/themes/default/validatebox.css HTTP/1.1" 404 1104
114.83.222.168 - - [23/Mar/2024:10:06:57 +0800] "POST /xingrg/kc/buy/cgsh_order_operate.html HTTP/1.1" 200 2981
120.253.135.82 - - [23/Mar/2024:10:06:58 +0800] "GET /xingrg/kc/base/kc_stocks.html HTTP/1.1" 200 16554
120.253.135.82 - - [23/Mar/2024:10:06:58 +0800] "GET /xingrg/javascript/easyui/themes/default/tree.css HTTP/1.1" 404 1090
120.253.135.82 - - [23/Mar/2024:10:06:59 +0800] "POST /xingrg/all/common/load_tree.html?tree=materiel_sort_tree_json HTTP/1.1" 200 9734
120.253.135.82 - - [23/Mar/2024:10:07:00 +0800] "POST /xingrg/all/common/load_combo.html?type=base HTTP/1.1" 200 1169
114.83.222.168 - - [23/Mar/2024:10:07:02 +0800] "GET /xingrg/kc/print/load_data.html?order_code=212024032306804&kc_code=cgsh&condition= HTTP/1.1" 200 1636
116.238.97.31 - - [23/Mar/2024:10:07:03 +0800] "GET /xingrg/all/function/internal_message.html?_=1711159623702&CODE_STATE=getMsg HTTP/1.1" 200 27
101.83.144.49 - - [23/Mar/2024:10:07:04 +0800] "GET /xingrg/check_reg.html?_=1711159382593 HTTP/1.1" 200 22
101.83.144.49 - - [23/Mar/2024:10:07:04 +0800] "GET /xingrg/all/function/internal_message.html?_=1711159382596&CODE_STATE=getMsg HTTP/1.1" 200 27
124.78.60.103 - - [23/Mar/2024:10:07:04 +0800] "GET /xingrg/all/function/internal_message.html?_=1711159624941&CODE_STATE=getMsg HTTP/1.1" 200 27
180.164.1.25 - - [23/Mar/2024:10:07:05 +0800] "GET /xingrg/all/function/internal_message.html?_=1711159624814&CODE_STATE=getMsg HTTP/1.1" 200 27
114.83.222.168 - - [23/Mar/2024:10:07:07 +0800] "GET /xingrg/kc/buy/cgsh_order_add.html HTTP/1.1" 200 73743
114.83.222.168 - - [23/Mar/2024:10:07:07 +0800] "POST /xingrg/kc/buy/cgsh_order_operate.html HTTP/1.1" 200 8245
114.83.222.168 - - [23/Mar/2024:10:07:07 +0800] "GET /xingrg/javascript/easyui/themes/default/validatebox.css HTTP/1.1" 404 1104
120.253.135.82 - - [23/Mar/2024:10:07:11 +0800] "GET /xingrg/all/function/internal_message.html?_=1711159805677&CODE_STATE=getMsg HTTP/1.1" 200 27
114.83.222.168 - - [23/Mar/2024:10:07:16 +0800] "GET /xingrg/kc/buy/cgsh_order_operate.html?command=get_materiel&rest_code=00149&code=00101011003&supplier_code=00100051&order_time=2024-03-23 HTTP/1.1" 200 413
120.253.135.82 - - [23/Mar/2024:10:07:18 +0800] "POST /xingrg/kc/base/stock_operate.html HTTP/1.1" 200 1480
116.235.241.21 - - [23/Mar/2024:10:07:22 +0800] "GET /xingrg/kc/buy/cgsh_order_operate.html?command=get_materiel&rest_code=00146&code=00101001044&supplier_code=00100199&order_time=2024-03-23 HTTP/1.1" 200 413
120.253.135.82 - - [23/Mar/2024:10:07:23 +0800] "GET /xingrg/kc/base/stock_detail.html?m=00101027001 HTTP/1.1" 200 6440
116.235.241.21 - - [23/Mar/2024:10:07:24 +0800] "GET /xingrg/check_reg.html?_=1711159666149 HTTP/1.1" 200 22
116.235.241.21 - - [23/Mar/2024:10:07:24 +0800] "GET /xingrg/all/function/internal_message.html?_=1711159666773&CODE_STATE=getMsg HTTP/1.1" 200 27
120.253.135.82 - - [23/Mar/2024:10:07:26 +0800] "GET /xingrg/kc/base/stock_operate.html?_=1711159486702&command=get_report_file&start_day=20240301 HTTP/1.1" 200 53
120.253.135.82 - - [23/Mar/2024:10:07:26 +0800] "GET /xingrg/all/report/report_query.html?isQuery=1&onlyBody=1&rh=2000&fileName=kc/base/kc_stock_detail_new.xml&queryString=(1=1)&queryText=&tableQueryString=init_table$sp1$$sp$crk_table$sp1$order_day%20between%2020240301%20and%2020240331&varString=start_day:20240301,materiel_code:00101027001,cost_id:4949,end_date:20240229 HTTP/1.1" 200 48701
120.253.135.82 - - [23/Mar/2024:10:07:26 +0800] "GET /xingrg/dwr/interface/AjaxReportQueryService.js HTTP/1.1" 200 13203
120.253.135.82 - - [23/Mar/2024:10:07:26 +0800] "GET /xingrg/dwr/engine.js HTTP/1.1" 200 43631
120.253.135.82 - - [23/Mar/2024:10:07:27 +0800] "POST /xingrg/all/report/load_report_page.html HTTP/1.1" 200 74095
120.253.135.82 - - [23/Mar/2024:10:07:28 +0800] "GET /xingrg/servlets/image?cache=0.5183734371912941&image=px HTTP/1.1" 200 807
101.228.147.14 - - [23/Mar/2024:10:07:30 +0800] "GET /xingrg/all/function/internal_message.html?_=1711159649829&CODE_STATE=getMsg HTTP/1.1" 200 27
222.70.183.82 - - [23/Mar/2024:10:07:33 +0800] "GET /xingrg/all/function/internal_message.html?_=1711159650435&CODE_STATE=getMsg HTTP/1.1" 200 27
120.253.135.82 - - [23/Mar/2024:10:07:33 +0800] "GET /xingrg/all/function/internal_message.html?_=1711159494252&CODE_STATE=getMsg HTTP/1.1" 200 27
114.83.222.168 - - [23/Mar/2024:10:07:35 +0800] "GET /xingrg/kc/buy/cgsh_order_operate.html?command=get_materiel&rest_code=00149&code=00101011001&supplier_code=00100051&order_time=2024-03-23 HTTP/1.1" 200 423
116.224.254.208 - - [23/Mar/2024:10:07:36 +0800] "GET /xingrg/all/function/internal_message.html?_=1711159656043&CODE_STATE=getMsg HTTP/1.1" 200 27
114.89.221.239 - - [23/Mar/2024:10:07:38 +0800] "GET /xingrg/all/function/internal_message.html?_=1711159657979&CODE_STATE=getMsg HTTP/1.1" 200 27
114.89.221.239 - - [23/Mar/2024:10:07:38 +0800] "GET /xingrg/check_reg.html?_=1711159657981 HTTP/1.1" 200 22
222.69.132.13 - - [23/Mar/2024:10:07:38 +0800] "GET /xingrg/all/function/internal_message.html?_=1711159660126&CODE_STATE=getMsg HTTP/1.1" 200 27
