101.83.145.37 - - [18/Mar/2024:09:28:21 +0800] "GET /xingrg/all/function/internal_message.html?_=1710725302962&CODE_STATE=getMsg HTTP/1.1" 200 27
124.78.60.103 - - [18/Mar/2024:09:28:23 +0800] "GET /xingrg/kc/buy/cgsh_order_operate.html?command=get_materiel&rest_code=00141&code=00101008274&supplier_code=00100008&order_time=2024-03-18 HTTP/1.1" 200 412
116.232.194.112 - - [18/Mar/2024:09:28:26 +0800] "GET /xingrg/kc/buy/cgsh_order_operate.html?command=get_materiel&rest_code=00155&code=00101008349&supplier_code=00100005&order_time=2024-03-18 HTTP/1.1" 200 412
180.169.147.146 - - [18/Mar/2024:09:28:27 +0800] "GET /xingrg/all/function/internal_message.html?_=1710725306341&CODE_STATE=getMsg HTTP/1.1" 200 27
180.169.147.146 - - [18/Mar/2024:09:28:35 +0800] "GET /xingrg/check_reg.html?_=1710725315812 HTTP/1.1" 200 22
180.169.147.146 - - [18/Mar/2024:09:28:35 +0800] "GET /xingrg/all/function/internal_message.html?_=1710725315819&CODE_STATE=getMsg HTTP/1.1" 200 27
116.232.194.112 - - [18/Mar/2024:09:28:39 +0800] "GET /xingrg/kc/buy/cgsh_order_operate.html?command=get_materiel&rest_code=00155&code=00101008010&supplier_code=00100005&order_time=2024-03-18 HTTP/1.1" 200 412
116.224.254.208 - - [18/Mar/2024:09:28:39 +0800] "GET /xingrg/check_reg.html?_=1710725319683 HTTP/1.1" 200 22
116.238.97.31 - - [18/Mar/2024:09:28:39 +0800] "GET /xingrg/all/function/internal_message.html?_=1710725319651&CODE_STATE=getMsg HTTP/1.1" 200 27
116.224.254.208 - - [18/Mar/2024:09:28:39 +0800] "GET /xingrg/all/function/internal_message.html?_=1710725319687&CODE_STATE=getMsg HTTP/1.1" 200 27
116.224.254.208 - - [18/Mar/2024:09:28:42 +0800] "GET /xingrg/all/function/internal_message.html?_=1710725322657&CODE_STATE=getMsg HTTP/1.1" 200 27
116.224.254.208 - - [18/Mar/2024:09:28:43 +0800] "GET /xingrg/check_reg.html?_=1710725322951 HTTP/1.1" 200 22
124.78.60.103 - - [18/Mar/2024:09:28:48 +0800] "GET /xingrg/kc/buy/cgsh_order_operate.html?command=get_materiel&rest_code=00141&code=00101008095&supplier_code=00100008&order_time=2024-03-18 HTTP/1.1" 200 413
222.70.115.1 - - [18/Mar/2024:09:28:49 +0800] "GET /xingrg/check_reg.html?_=1710725329083 HTTP/1.1" 200 22
222.70.115.1 - - [18/Mar/2024:09:28:49 +0800] "GET /xingrg/all/function/internal_message.html?_=1710725329084&CODE_STATE=getMsg HTTP/1.1" 200 27
116.232.194.112 - - [18/Mar/2024:09:28:50 +0800] "GET /xingrg/kc/buy/cgsh_order_operate.html?command=get_materiel&rest_code=00155&code=00101008361&supplier_code=00100005&order_time=2024-03-18 HTTP/1.1" 200 408
114.83.223.3 - - [18/Mar/2024:09:28:51 +0800] "GET /xingrg/all/function/internal_message.html?_=1710725331287&CODE_STATE=getMsg HTTP/1.1" 200 27
124.78.60.103 - - [18/Mar/2024:09:28:53 +0800] "GET /xingrg/all/function/internal_message.html?_=1710725333835&CODE_STATE=getMsg HTTP/1.1" 200 27
180.164.1.25 - - [18/Mar/2024:09:28:56 +0800] "GET /xingrg/all/function/internal_message.html?_=1710725335204&CODE_STATE=getMsg HTTP/1.1" 200 27
116.232.194.112 - - [18/Mar/2024:09:29:00 +0800] "GET /xingrg/kc/buy/cgsh_order_operate.html?command=get_materiel&rest_code=00155&code=00101008148&supplier_code=00100005&order_time=2024-03-18 HTTP/1.1" 200 416
116.232.194.112 - - [18/Mar/2024:09:29:00 +0800] "GET /xingrg/all/function/internal_message.html?_=1710725313710&CODE_STATE=getMsg HTTP/1.1" 200 27
124.78.60.103 - - [18/Mar/2024:09:29:01 +0800] "GET /xingrg/kc/buy/cgsh_order_operate.html?command=get_materiel&rest_code=00141&code=00101008674&supplier_code=00100008&order_time=2024-03-18 HTTP/1.1" 200 413
61.170.232.54 - - [18/Mar/2024:09:29:06 +0800] "GET /xingrg/all/function/internal_message.html?_=1710725342760&CODE_STATE=getMsg HTTP/1.1" 200 27
116.232.194.112 - - [18/Mar/2024:09:29:11 +0800] "GET /xingrg/kc/buy/cgsh_order_operate.html?command=get_materiel&rest_code=00155&code=00101008024&supplier_code=00100005&order_time=2024-03-18 HTTP/1.1" 200 428
124.78.60.103 - - [18/Mar/2024:09:29:11 +0800] "GET /xingrg/kc/buy/cgsh_order_operate.html?command=get_materiel&rest_code=00141&code=00101008096&supplier_code=00100008&order_time=2024-03-18 HTTP/1.1" 200 412
222.69.134.93 - - [18/Mar/2024:09:29:17 +0800] "GET /xingrg/all/function/internal_message.html?_=1710725360087&CODE_STATE=getMsg HTTP/1.1" 200 27
101.83.145.37 - - [18/Mar/2024:09:29:21 +0800] "GET /xingrg/all/function/internal_message.html?_=1710725362938&CODE_STATE=getMsg HTTP/1.1" 200 27
124.78.60.103 - - [18/Mar/2024:09:29:21 +0800] "GET /xingrg/kc/buy/cgsh_order_operate.html?command=get_materiel&rest_code=00141&code=00101008283&supplier_code=00100008&order_time=2024-03-18 HTTP/1.1" 200 408
116.232.194.112 - - [18/Mar/2024:09:29:24 +0800] "GET /xingrg/kc/buy/cgsh_order_operate.html?command=get_materiel&rest_code=00155&code=00101008069&supplier_code=00100005&order_time=2024-03-18 HTTP/1.1" 200 412
180.169.147.146 - - [18/Mar/2024:09:29:27 +0800] "GET /xingrg/all/function/internal_message.html?_=1710725366328&CODE_STATE=getMsg HTTP/1.1" 200 27
180.169.147.146 - - [18/Mar/2024:09:29:35 +0800] "GET /xingrg/all/function/internal_message.html?_=1710725375809&CODE_STATE=getMsg HTTP/1.1" 200 27
222.70.183.82 - - [18/Mar/2024:09:29:38 +0800] "GET /favicon.ico HTTP/1.1" 404 -
116.232.194.112 - - [18/Mar/2024:09:29:39 +0800] "GET /xingrg/kc/buy/cgsh_order_operate.html?command=get_materiel&rest_code=00155&code=00101008286&supplier_code=00100005&order_time=2024-03-18 HTTP/1.1" 200 428
116.238.97.31 - - [18/Mar/2024:09:29:39 +0800] "GET /xingrg/all/function/internal_message.html?_=1710725379627&CODE_STATE=getMsg HTTP/1.1" 200 27
124.78.60.103 - - [18/Mar/2024:09:29:39 +0800] "GET /xingrg/kc/buy/cgsh_order_operate.html?command=get_materiel&rest_code=00141&code=00101008353&supplier_code=00100008&order_time=2024-03-18 HTTP/1.1" 200 428
116.224.254.208 - - [18/Mar/2024:09:29:39 +0800] "GET /xingrg/all/function/internal_message.html?_=1710725379700&CODE_STATE=getMsg HTTP/1.1" 200 27
116.224.254.208 - - [18/Mar/2024:09:29:42 +0800] "GET /xingrg/all/function/internal_message.html?_=1710725382656&CODE_STATE=getMsg HTTP/1.1" 200 27
222.70.115.1 - - [18/Mar/2024:09:29:49 +0800] "GET /xingrg/all/function/internal_message.html?_=1710725389082&CODE_STATE=getMsg HTTP/1.1" 200 27
116.232.194.112 - - [18/Mar/2024:09:29:51 +0800] "GET /xingrg/kc/buy/cgsh_order_operate.html?command=get_materiel&rest_code=00155&code=00101008131&supplier_code=00100005&order_time=2024-03-18 HTTP/1.1" 200 408
114.83.223.3 - - [18/Mar/2024:09:29:51 +0800] "GET /xingrg/all/function/internal_message.html?_=1710725391287&CODE_STATE=getMsg HTTP/1.1" 200 27
124.78.60.103 - - [18/Mar/2024:09:29:53 +0800] "GET /xingrg/all/function/internal_message.html?_=1710725393826&CODE_STATE=getMsg HTTP/1.1" 200 27
180.164.1.25 - - [18/Mar/2024:09:29:56 +0800] "GET /xingrg/all/function/internal_message.html?_=1710725395189&CODE_STATE=getMsg HTTP/1.1" 200 27
124.78.60.103 - - [18/Mar/2024:09:29:56 +0800] "GET /xingrg/kc/buy/cgsh_order_operate.html?command=get_materiel&rest_code=00141&code=00101008350&supplier_code=00100008&order_time=2024-03-18 HTTP/1.1" 200 408
116.232.194.112 - - [18/Mar/2024:09:30:00 +0800] "GET /xingrg/check_reg.html?_=1710725373737 HTTP/1.1" 200 22
116.232.194.112 - - [18/Mar/2024:09:30:00 +0800] "GET /xingrg/all/function/internal_message.html?_=1710725373738&CODE_STATE=getMsg HTTP/1.1" 200 27
116.232.194.112 - - [18/Mar/2024:09:30:01 +0800] "GET /xingrg/kc/buy/cgsh_order_operate.html?command=get_materiel&rest_code=00155&code=00101008353&supplier_code=00100005&order_time=2024-03-18 HTTP/1.1" 200 428
61.170.232.54 - - [18/Mar/2024:09:30:06 +0800] "GET /xingrg/all/function/internal_message.html?_=1710725402738&CODE_STATE=getMsg HTTP/1.1" 200 27
180.169.147.146 - - [18/Mar/2024:09:30:07 +0800] "POST /xingrg/load_menu.html HTTP/1.1" 200 10483
116.238.97.31 - - [18/Mar/2024:09:30:08 +0800] "GET /favicon.ico HTTP/1.1" 404 -
116.232.194.112 - - [18/Mar/2024:09:30:11 +0800] "GET /xingrg/kc/buy/cgsh_order_operate.html?command=get_materiel&rest_code=00155&code=00101008213&supplier_code=00100005&order_time=2024-03-18 HTTP/1.1" 200 412
180.169.147.146 - - [18/Mar/2024:09:30:11 +0800] "GET /xingrg/all/report/report_query.html?fileName=dma/new_5.0/menu/menu_category_hz.xml HTTP/1.1" 200 53064
180.169.147.146 - - [18/Mar/2024:09:30:11 +0800] "GET /xingrg/dwr/interface/AjaxReportQueryService.js HTTP/1.1" 200 13203
180.169.147.146 - - [18/Mar/2024:09:30:11 +0800] "GET /xingrg/dwr/engine.js HTTP/1.1" 200 43631
180.169.147.146 - - [18/Mar/2024:09:30:11 +0800] "POST /xingrg/dwr/call/plaincall/AjaxReportQueryService.getFixDate.dwr HTTP/1.1" 200 111
180.169.147.146 - - [18/Mar/2024:09:30:11 +0800] "GET /xingrg/javascript/jquery_easy_ui/themes/icons/pencil.png HTTP/1.1" 200 713
180.169.147.146 - - [18/Mar/2024:09:30:11 +0800] "GET /xingrg/javascript/jquery_easy_ui/themes/default/images/menu_rightarrow.png HTTP/1.1" 200 3617
124.78.60.103 - - [18/Mar/2024:09:30:11 +0800] "GET /xingrg/kc/buy/cgsh_order_operate.html?command=get_materiel&rest_code=00141&code=00101008323&supplier_code=00100008&order_time=2024-03-18 HTTP/1.1" 200 408
180.169.147.146 - - [18/Mar/2024:09:30:11 +0800] "GET /xingrg/javascript/multi_select/dropdown.gif HTTP/1.1" 200 61
180.169.147.146 - - [18/Mar/2024:09:30:11 +0800] "POST /xingrg/all/common/load_tree.html?tree=area_station_tree_json&manage=1 HTTP/1.1" 200 2159
180.169.147.146 - - [18/Mar/2024:09:30:14 +0800] "GET /xingrg/all/report/report_query.html?fileName=dma/new_5.0/yingye/order_list.xml HTTP/1.1" 200 55281
180.169.147.146 - - [18/Mar/2024:09:30:14 +0800] "GET /xingrg/dwr/interface/AjaxReportQueryService.js HTTP/1.1" 200 13203
180.169.147.146 - - [18/Mar/2024:09:30:14 +0800] "GET /xingrg/dwr/engine.js HTTP/1.1" 200 43631
180.169.147.146 - - [18/Mar/2024:09:30:14 +0800] "POST /xingrg/dwr/call/plaincall/AjaxReportQueryService.getFixDate.dwr HTTP/1.1" 200 111
180.169.147.146 - - [18/Mar/2024:09:30:14 +0800] "POST /xingrg/all/common/load_tree.html?tree=area_station_tree_json&manage=1 HTTP/1.1" 200 2159
180.169.147.146 - - [18/Mar/2024:09:30:14 +0800] "POST /xingrg/dwr/call/plaincall/AjaxReportQueryService.getInitString.dwr HTTP/1.1" 200 76
180.169.147.146 - - [18/Mar/2024:09:30:15 +0800] "GET /xingrg/all/report/report_query.html?fileName=dma/new_5.0/yingye/yy_hz.xml&rw=1600 HTTP/1.1" 200 56155
180.169.147.146 - - [18/Mar/2024:09:30:15 +0800] "GET /xingrg/dwr/interface/AjaxReportQueryService.js HTTP/1.1" 200 13203
180.169.147.146 - - [18/Mar/2024:09:30:15 +0800] "GET /xingrg/dwr/engine.js HTTP/1.1" 200 43631
180.169.147.146 - - [18/Mar/2024:09:30:16 +0800] "POST /xingrg/dwr/call/plaincall/AjaxReportQueryService.getFixDate.dwr HTTP/1.1" 200 111
180.169.147.146 - - [18/Mar/2024:09:30:16 +0800] "POST /xingrg/all/common/load_tree.html?tree=area_station_tree_json&manage=1 HTTP/1.1" 200 2159
222.69.134.93 - - [18/Mar/2024:09:30:17 +0800] "GET /xingrg/check_reg.html?_=1710725420076 HTTP/1.1" 200 22
222.69.134.93 - - [18/Mar/2024:09:30:17 +0800] "GET /xingrg/all/function/internal_message.html?_=1710725420077&CODE_STATE=getMsg HTTP/1.1" 200 27
180.169.147.146 - - [18/Mar/2024:09:30:18 +0800] "POST /xingrg/dwr/call/plaincall/AjaxReportQueryService.getFixDate.dwr HTTP/1.1" 200 111
222.70.183.82 - - [18/Mar/2024:09:30:19 +0800] "GET /xingrg/login.html HTTP/1.1" 200 7641
180.169.147.146 - - [18/Mar/2024:09:30:20 +0800] "POST /xingrg/dwr/call/plaincall/AjaxReportQueryService.getFixDate.dwr HTTP/1.1" 200 111
116.232.194.112 - - [18/Mar/2024:09:30:21 +0800] "GET /xingrg/kc/buy/cgsh_order_operate.html?command=get_materiel&rest_code=00155&code=00101008312&supplier_code=00100005&order_time=2024-03-18 HTTP/1.1" 200 412
101.83.145.37 - - [18/Mar/2024:09:30:21 +0800] "GET /xingrg/all/function/internal_message.html?_=1710725422940&CODE_STATE=getMsg HTTP/1.1" 200 27
116.232.194.112 - - [18/Mar/2024:09:30:23 +0800] "POST /xingrg/kc/buy/cgsh_order_operate.html HTTP/1.1" 200 2065
180.169.147.146 - - [18/Mar/2024:09:30:25 +0800] "POST /xingrg/dwr/call/plaincall/AjaxReportQueryService.refreshCache.dwr HTTP/1.1" 200 78
124.78.60.103 - - [18/Mar/2024:09:30:25 +0800] "GET /xingrg/kc/buy/cgsh_order_operate.html?command=get_materiel&rest_code=00141&code=00101009030&supplier_code=00100008&order_time=2024-03-18 HTTP/1.1" 200 412
180.169.147.146 - - [18/Mar/2024:09:30:26 +0800] "POST /xingrg/all/report/load_report_page.html HTTP/1.1" 200 32789
180.169.147.146 - - [18/Mar/2024:09:30:26 +0800] "GET /xingrg/servlets/image?cache=0.09637446619985546&image=px HTTP/1.1" 200 807
180.169.147.146 - - [18/Mar/2024:09:30:27 +0800] "GET /xingrg/all/function/internal_message.html?_=1710725426306&CODE_STATE=getMsg HTTP/1.1" 200 27
116.232.194.112 - - [18/Mar/2024:09:30:31 +0800] "GET /xingrg/kc/buy/cgsh_order_operate.html?command=get_materiel&rest_code=00155&code=00101008095&supplier_code=00100005&order_time=2024-03-18 HTTP/1.1" 200 413
222.70.183.82 - - [18/Mar/2024:09:30:35 +0800] "GET /favicon.ico HTTP/1.1" 404 -
180.169.147.146 - - [18/Mar/2024:09:30:35 +0800] "GET /xingrg/all/function/internal_message.html?_=1710725435821&CODE_STATE=getMsg HTTP/1.1" 200 27
116.238.97.31 - - [18/Mar/2024:09:30:39 +0800] "GET /xingrg/all/function/internal_message.html?_=1710725439613&CODE_STATE=getMsg HTTP/1.1" 200 27
116.224.254.208 - - [18/Mar/2024:09:30:39 +0800] "GET /xingrg/all/function/internal_message.html?_=1710725439696&CODE_STATE=getMsg HTTP/1.1" 200 27
222.70.183.82 - - [18/Mar/2024:09:30:40 +0800] "POST /xingrg/login.do HTTP/1.1" 302 -
116.232.194.112 - - [18/Mar/2024:09:30:41 +0800] "GET /xingrg/kc/buy/cgsh_order_operate.html?command=get_materiel&rest_code=00155&code=00101008110&supplier_code=00100005&order_time=2024-03-18 HTTP/1.1" 200 409
222.70.183.82 - - [18/Mar/2024:09:30:41 +0800] "POST /xingrg/login.do HTTP/1.1" 302 -
222.70.183.82 - - [18/Mar/2024:09:30:42 +0800] "GET /xingrg/index.html?sysBaseUrl=http%3A%2F%2F180.169.147.146%3A18081%2Fxingrg%2F&costTime=800×tamp=1710725441981 HTTP/1.1" 200 17173
116.224.254.208 - - [18/Mar/2024:09:30:42 +0800] "GET /xingrg/all/function/internal_message.html?_=1710725442641&CODE_STATE=getMsg HTTP/1.1" 200 27
222.70.183.82 - - [18/Mar/2024:09:30:43 +0800] "GET /favicon.ico HTTP/1.1" 404 -
222.70.183.82 - - [18/Mar/2024:09:30:43 +0800] "GET /xingrg/all/function/internal_message.html?_=1710725443288&CODE_STATE=count HTTP/1.1" 200 11
222.70.183.82 - - [18/Mar/2024:09:30:43 +0800] "GET /xingrg/check_reg.html?_=1710725443289 HTTP/1.1" 200 22
222.70.183.82 - - [18/Mar/2024:09:30:43 +0800] "POST /xingrg/all/common/load_tree.html?tree=area_rest_tree_json&manage=1 HTTP/1.1" 200 342
222.70.183.82 - - [18/Mar/2024:09:30:43 +0800] "POST /xingrg/load_menu.html HTTP/1.1" 200 5138
222.70.115.1 - - [18/Mar/2024:09:30:49 +0800] "GET /xingrg/all/function/internal_message.html?_=1710725449082&CODE_STATE=getMsg HTTP/1.1" 200 27
124.78.60.103 - - [18/Mar/2024:09:30:50 +0800] "GET /xingrg/kc/buy/cgsh_order_operate.html?command=get_materiel&rest_code=00141&code=00101008085&supplier_code=00100008&order_time=2024-03-18 HTTP/1.1" 200 412
116.232.194.112 - - [18/Mar/2024:09:30:51 +0800] "GET /xingrg/kc/buy/cgsh_order_operate.html?command=get_materiel&rest_code=00155&code=00101008298&supplier_code=00100005&order_time=2024-03-18 HTTP/1.1" 200 432
114.83.223.3 - - [18/Mar/2024:09:30:51 +0800] "GET /xingrg/all/function/internal_message.html?_=1710725451273&CODE_STATE=getMsg HTTP/1.1" 200 27
124.78.60.103 - - [18/Mar/2024:09:30:53 +0800] "GET /xingrg/all/function/internal_message.html?_=1710725453826&CODE_STATE=getMsg HTTP/1.1" 200 27
180.164.1.25 - - [18/Mar/2024:09:30:56 +0800] "GET /xingrg/all/function/internal_message.html?_=1710725455179&CODE_STATE=getMsg HTTP/1.1" 200 27
116.232.194.112 - - [18/Mar/2024:09:31:00 +0800] "GET /xingrg/kc/buy/cgsh_order_operate.html?command=get_materiel&rest_code=00155&code=00101008256&supplier_code=00100005&order_time=2024-03-18 HTTP/1.1" 200 412
116.232.194.112 - - [18/Mar/2024:09:31:00 +0800] "GET /xingrg/all/function/internal_message.html?_=1710725433710&CODE_STATE=getMsg HTTP/1.1" 200 27
61.170.232.54 - - [18/Mar/2024:09:31:05 +0800] "GET /xingrg/all/function/internal_message.html?_=1710725462716&CODE_STATE=getMsg HTTP/1.1" 200 27
61.170.232.54 - - [18/Mar/2024:09:31:06 +0800] "GET /xingrg/check_reg.html?_=1710725462937 HTTP/1.1" 200 22
124.78.60.103 - - [18/Mar/2024:09:31:10 +0800] "GET /xingrg/kc/buy/cgsh_order_operate.html?command=get_materiel&rest_code=00141&code=00101008198&supplier_code=00100008&order_time=2024-03-18 HTTP/1.1" 200 413
116.232.194.112 - - [18/Mar/2024:09:31:13 +0800] "GET /xingrg/kc/buy/cgsh_order_operate.html?command=get_materiel&rest_code=00155&code=00101008172&supplier_code=00100005&order_time=2024-03-18 HTTP/1.1" 200 412
116.238.97.31 - - [18/Mar/2024:09:31:15 +0800] "GET /xingrg/check_reg.html?_=1710725475303 HTTP/1.1" 200 22
222.69.134.93 - - [18/Mar/2024:09:31:17 +0800] "GET /xingrg/all/function/internal_message.html?_=1710725480086&CODE_STATE=getMsg HTTP/1.1" 200 27
116.232.194.112 - - [18/Mar/2024:09:31:20 +0800] "POST /xingrg/kc/buy/cgsh_order_operate.html HTTP/1.1" 200 2065
101.83.145.37 - - [18/Mar/2024:09:31:21 +0800] "GET /xingrg/all/function/internal_message.html?_=1710725482941&CODE_STATE=getMsg HTTP/1.1" 200 27
101.83.145.37 - - [18/Mar/2024:09:31:21 +0800] "GET /xingrg/check_reg.html?_=1710725482945 HTTP/1.1" 200 22
124.78.60.103 - - [18/Mar/2024:09:31:21 +0800] "GET /xingrg/kc/buy/cgsh_order_operate.html?command=get_materiel&rest_code=00141&code=00101008358&supplier_code=00100008&order_time=2024-03-18 HTTP/1.1" 200 412
180.169.147.146 - - [18/Mar/2024:09:31:26 +0800] "GET /xingrg/check_reg.html?_=1710725485242 HTTP/1.1" 200 22
180.169.147.146 - - [18/Mar/2024:09:31:27 +0800] "GET /xingrg/all/function/internal_message.html?_=1710725486286&CODE_STATE=getMsg HTTP/1.1" 200 27
222.70.183.82 - - [18/Mar/2024:09:31:27 +0800] "GET /xingrg/kc/buy/cgsh_order_list.html HTTP/1.1" 200 57880
116.232.194.112 - - [18/Mar/2024:09:31:27 +0800] "GET /xingrg/kc/buy/cgsh_order_operate.html?command=get_materiel&rest_code=00155&code=00101015110&supplier_code=00100005&order_time=2024-03-18 HTTP/1.1" 200 413
222.70.183.82 - - [18/Mar/2024:09:31:31 +0800] "POST /xingrg/kc/buy/cgsh_list_operate.html HTTP/1.1" 200 645
222.70.183.82 - - [18/Mar/2024:09:31:33 +0800] "GET /xingrg/kc/buy/cgsh_order_add.html HTTP/1.1" 200 73611
222.70.183.82 - - [18/Mar/2024:09:31:34 +0800] "GET /xingrg/words/20240317191211_words.js HTTP/1.1" 200 1015935
124.78.60.103 - - [18/Mar/2024:09:31:34 +0800] "GET /xingrg/kc/buy/cgsh_order_operate.html?command=get_materiel&rest_code=00141&code=00101008069&supplier_code=00100008&order_time=2024-03-18 HTTP/1.1" 200 412
222.70.183.82 - - [18/Mar/2024:09:31:34 +0800] "GET /xingrg/javascript/easyui/themes/default/validatebox.css HTTP/1.1" 404 1104
222.70.183.82 - - [18/Mar/2024:09:31:34 +0800] "GET /xingrg/all/common/auto_word.html?type=employee&rest_code=00111 HTTP/1.1" 200 105
222.70.183.82 - - [18/Mar/2024:09:31:35 +0800] "GET /xingrg/all/common/auto_word.html?type=employee&rest_code=00111 HTTP/1.1" 200 105
222.70.183.82 - - [18/Mar/2024:09:31:35 +0800] "POST /xingrg/kc/buy/cgsh_order_operate.html HTTP/1.1" 200 8245
180.169.147.146 - - [18/Mar/2024:09:31:35 +0800] "GET /xingrg/all/function/internal_message.html?_=1710725495819&CODE_STATE=getMsg HTTP/1.1" 200 27
116.238.97.31 - - [18/Mar/2024:09:31:39 +0800] "GET /xingrg/all/function/internal_message.html?_=1710725499600&CODE_STATE=getMsg HTTP/1.1" 200 27
116.224.254.208 - - [18/Mar/2024:09:31:39 +0800] "GET /xingrg/all/function/internal_message.html?_=1710725499686&CODE_STATE=getMsg HTTP/1.1" 200 27
124.78.60.103 - - [18/Mar/2024:09:31:40 +0800] "POST /xingrg/kc/buy/cgsh_order_operate.html HTTP/1.1" 200 2065
116.224.254.208 - - [18/Mar/2024:09:31:42 +0800] "GET /xingrg/all/function/internal_message.html?_=1710725502620&CODE_STATE=getMsg HTTP/1.1" 200 27
222.70.183.82 - - [18/Mar/2024:09:31:43 +0800] "GET /xingrg/all/function/internal_message.html?_=1710725503318&CODE_STATE=getMsg HTTP/1.1" 200 27
222.70.183.82 - - [18/Mar/2024:09:31:45 +0800] "GET /xingrg/javascript/auto/indicator.gif HTTP/1.1" 404 1066
116.232.194.112 - - [18/Mar/2024:09:31:45 +0800] "GET /xingrg/kc/buy/cgsh_order_operate.html?command=get_materiel&rest_code=00155&code=00101008103&supplier_code=00100005&order_time=2024-03-18 HTTP/1.1" 200 417
124.78.60.103 - - [18/Mar/2024:09:31:47 +0800] "GET /xingrg/kc/buy/cgsh_order_operate.html?command=get_materiel&rest_code=00141&code=00101008131&supplier_code=00100008&order_time=2024-03-18 HTTP/1.1" 200 408
222.70.115.1 - - [18/Mar/2024:09:31:49 +0800] "GET /xingrg/all/function/internal_message.html?_=1710725509081&CODE_STATE=getMsg HTTP/1.1" 200 27
114.83.223.3 - - [18/Mar/2024:09:31:51 +0800] "GET /xingrg/all/function/internal_message.html?_=1710725511242&CODE_STATE=getMsg HTTP/1.1" 200 27
114.83.223.3 - - [18/Mar/2024:09:31:51 +0800] "GET /xingrg/check_reg.html?_=1710725511573 HTTP/1.1" 200 22
124.78.60.103 - - [18/Mar/2024:09:31:53 +0800] "GET /xingrg/check_reg.html?_=1710725513852 HTTP/1.1" 200 22
124.78.60.103 - - [18/Mar/2024:09:31:53 +0800] "GET /xingrg/all/function/internal_message.html?_=1710725513857&CODE_STATE=getMsg HTTP/1.1" 200 27
116.232.194.112 - - [18/Mar/2024:09:31:55 +0800] "GET /xingrg/kc/buy/cgsh_order_operate.html?command=get_materiel&rest_code=00155&code=00101023038&supplier_code=00100005&order_time=2024-03-18 HTTP/1.1" 200 413
180.164.1.25 - - [18/Mar/2024:09:31:56 +0800] "GET /xingrg/all/function/internal_message.html?_=1710725515177&CODE_STATE=getMsg HTTP/1.1" 200 27
180.164.1.25 - - [18/Mar/2024:09:31:56 +0800] "GET /xingrg/check_reg.html?_=1710725515332 HTTP/1.1" 200 22
222.70.183.82 - - [18/Mar/2024:09:32:00 +0800] "GET /xingrg/kc/buy/cgsh_order_operate.html?command=get_materiel&rest_code=00111&code=00101008196&supplier_code=00100008&order_time=2024-03-18 HTTP/1.1" 200 416
116.232.194.112 - - [18/Mar/2024:09:32:00 +0800] "GET /xingrg/all/function/internal_message.html?_=1710725493713&CODE_STATE=getMsg HTTP/1.1" 200 27
124.78.60.103 - - [18/Mar/2024:09:32:05 +0800] "GET /xingrg/kc/buy/cgsh_order_operate.html?command=get_materiel&rest_code=00141&code=00101008361&supplier_code=00100008&order_time=2024-03-18 HTTP/1.1" 200 408
61.170.232.54 - - [18/Mar/2024:09:32:05 +0800] "GET /xingrg/all/function/internal_message.html?_=1710725522690&CODE_STATE=getMsg HTTP/1.1" 200 27
116.232.194.112 - - [18/Mar/2024:09:32:06 +0800] "GET /xingrg/kc/buy/cgsh_order_operate.html?command=get_materiel&rest_code=00155&code=00101008223&supplier_code=00100005&order_time=2024-03-18 HTTP/1.1" 200 412
116.232.194.112 - - [18/Mar/2024:09:32:09 +0800] "POST /xingrg/kc/buy/cgsh_order_operate.html HTTP/1.1" 200 2065
222.70.183.82 - - [18/Mar/2024:09:32:14 +0800] "GET /xingrg/kc/buy/cgsh_order_operate.html?command=get_materiel&rest_code=00111&code=00101008150&supplier_code=00100008&order_time=2024-03-18 HTTP/1.1" 200 409
116.232.194.112 - - [18/Mar/2024:09:32:17 +0800] "GET /xingrg/kc/buy/cgsh_order_operate.html?command=get_materiel&rest_code=00155&code=00101008168&supplier_code=00100005&order_time=2024-03-18 HTTP/1.1" 200 412
222.69.134.93 - - [18/Mar/2024:09:32:17 +0800] "GET /xingrg/all/function/internal_message.html?_=1710725540086&CODE_STATE=getMsg HTTP/1.1" 200 27
101.83.145.37 - - [18/Mar/2024:09:32:21 +0800] "GET /xingrg/all/function/internal_message.html?_=1710725542946&CODE_STATE=getMsg HTTP/1.1" 200 27
124.78.60.103 - - [18/Mar/2024:09:32:25 +0800] "GET /xingrg/kc/buy/cgsh_order_operate.html?command=get_materiel&rest_code=00141&code=00101008137&supplier_code=00100008&order_time=2024-03-18 HTTP/1.1" 200 408
180.169.147.146 - - [18/Mar/2024:09:32:27 +0800] "GET /xingrg/all/function/internal_message.html?_=1710725546269&CODE_STATE=getMsg HTTP/1.1" 200 27
222.70.183.82 - - [18/Mar/2024:09:32:27 +0800] "GET /xingrg/kc/buy/cgsh_order_operate.html?command=get_materiel&rest_code=00111&code=00101008272&supplier_code=00100008&order_time=2024-03-18 HTTP/1.1" 200 412
124.78.60.103 - - [18/Mar/2024:09:32:28 +0800] "POST /xingrg/kc/buy/cgsh_order_operate.html HTTP/1.1" 200 2065
116.232.194.112 - - [18/Mar/2024:09:32:29 +0800] "GET /xingrg/kc/buy/cgsh_order_operate.html?command=get_materiel&rest_code=00155&code=00101008338&supplier_code=00100005&order_time=2024-03-18 HTTP/1.1" 200 408
180.169.147.146 - - [18/Mar/2024:09:32:35 +0800] "GET /xingrg/all/function/internal_message.html?_=1710725555809&CODE_STATE=getMsg HTTP/1.1" 200 27
101.228.147.14 - - [18/Mar/2024:09:32:37 +0800] "GET /xingrg/login.html HTTP/1.1" 200 7641
101.228.147.14 - - [18/Mar/2024:09:32:38 +0800] "GET /xingrg/images/blue/jxLogo.png HTTP/1.1" 304 -
116.238.97.31 - - [18/Mar/2024:09:32:39 +0800] "GET /xingrg/all/function/internal_message.html?_=1710725559579&CODE_STATE=getMsg HTTP/1.1" 200 27
116.224.254.208 - - [18/Mar/2024:09:32:39 +0800] "GET /xingrg/all/function/internal_message.html?_=1710725559701&CODE_STATE=getMsg HTTP/1.1" 200 27
101.228.147.14 - - [18/Mar/2024:09:32:39 +0800] "GET /xingrg/images/blue/login_bg.png HTTP/1.1" 304 -
101.228.147.14 - - [18/Mar/2024:09:32:39 +0800] "GET /xingrg/images/blue/hj.png HTTP/1.1" 304 -
101.228.147.14 - - [18/Mar/2024:09:32:39 +0800] "GET /xingrg/images/blue/srbg.png HTTP/1.1" 304 -
101.228.147.14 - - [18/Mar/2024:09:32:41 +0800] "GET /favicon.ico HTTP/1.1" 404 -
222.70.183.82 - - [18/Mar/2024:09:32:42 +0800] "GET /xingrg/kc/buy/cgsh_order_operate.html?command=get_materiel&rest_code=00111&code=00101008207&supplier_code=00100008&order_time=2024-03-18 HTTP/1.1" 200 408
116.232.194.112 - - [18/Mar/2024:09:32:42 +0800] "GET /xingrg/kc/buy/cgsh_order_operate.html?command=get_materiel&rest_code=00155&code=00101009175&supplier_code=00100005&order_time=2024-03-18 HTTP/1.1" 200 415
116.224.254.208 - - [18/Mar/2024:09:32:42 +0800] "GET /xingrg/all/function/internal_message.html?_=1710725562599&CODE_STATE=getMsg HTTP/1.1" 200 27
124.78.60.103 - - [18/Mar/2024:09:32:43 +0800] "GET /xingrg/kc/buy/cgsh_order_operate.html?command=get_materiel&rest_code=00141&code=00101008318&supplier_code=00100008&order_time=2024-03-18 HTTP/1.1" 200 408
222.70.183.82 - - [18/Mar/2024:09:32:43 +0800] "GET /xingrg/all/function/internal_message.html?_=1710725563314&CODE_STATE=getMsg HTTP/1.1" 200 27
222.70.115.1 - - [18/Mar/2024:09:32:49 +0800] "GET /xingrg/all/function/internal_message.html?_=1710725569080&CODE_STATE=getMsg HTTP/1.1" 200 27
180.169.147.146 - - [18/Mar/2024:09:32:50 +0800] "POST /xingrg/dwr/call/plaincall/AjaxReportQueryService.refreshCache.dwr HTTP/1.1" 200 78
114.83.223.3 - - [18/Mar/2024:09:32:51 +0800] "GET /xingrg/all/function/internal_message.html?_=1710725571218&CODE_STATE=getMsg HTTP/1.1" 200 27
180.169.147.146 - - [18/Mar/2024:09:32:52 +0800] "POST /xingrg/all/report/load_report_page.html HTTP/1.1" 200 32802
180.169.147.146 - - [18/Mar/2024:09:32:52 +0800] "GET /xingrg/servlets/image?cache=0.5204858277801289&image=px HTTP/1.1" 200 807
116.232.194.112 - - [18/Mar/2024:09:32:53 +0800] "GET /xingrg/kc/buy/cgsh_order_operate.html?command=get_materiel&rest_code=00155&code=00101009160&supplier_code=00100005&order_time=2024-03-18 HTTP/1.1" 200 415
124.78.60.103 - - [18/Mar/2024:09:32:53 +0800] "GET /xingrg/all/function/internal_message.html?_=1710725573840&CODE_STATE=getMsg HTTP/1.1" 200 27
180.164.1.25 - - [18/Mar/2024:09:32:56 +0800] "GET /xingrg/all/function/internal_message.html?_=1710725575169&CODE_STATE=getMsg HTTP/1.1" 200 27
222.70.183.82 - - [18/Mar/2024:09:32:57 +0800] "GET /xingrg/kc/buy/cgsh_order_operate.html?command=get_materiel&rest_code=00111&code=00101008403&supplier_code=00100008&order_time=2024-03-18 HTTP/1.1" 200 412
101.228.147.14 - - [18/Mar/2024:09:32:59 +0800] "POST /xingrg/login.do HTTP/1.1" 302 -
101.228.147.14 - - [18/Mar/2024:09:32:59 +0800] "GET /xingrg/index.html?sysBaseUrl=http%3A%2F%2F180.169.147.146%3A18081%2Fxingrg%2F&costTime=864×tamp=1710725579647 HTTP/1.1" 200 17179
101.228.147.14 - - [18/Mar/2024:09:32:59 +0800] "GET /xingrg/javascript/jquery_easy_ui/themes/default/easyui.css HTTP/1.1" 304 -
101.228.147.14 - - [18/Mar/2024:09:32:59 +0800] "GET /xingrg/javascript/jquery_easy_ui/themes/icon.css HTTP/1.1" 304 -
101.228.147.14 - - [18/Mar/2024:09:32:59 +0800] "GET /xingrg/css/form.css HTTP/1.1" 304 -
101.228.147.14 - - [18/Mar/2024:09:32:59 +0800] "GET /xingrg/javascript/jquery_easy_ui/easyui-lang-zh_CN.js HTTP/1.1" 304 -
101.228.147.14 - - [18/Mar/2024:09:32:59 +0800] "GET /xingrg/javascript/jquery.form.js HTTP/1.1" 304 -
101.228.147.14 - - [18/Mar/2024:09:32:59 +0800] "GET /xingrg/javascript/jquery-1.4.2.min.js HTTP/1.1" 304 -
101.228.147.14 - - [18/Mar/2024:09:32:59 +0800] "GET /xingrg/javascript/jquery.utils.js HTTP/1.1" 304 -
101.228.147.14 - - [18/Mar/2024:09:32:59 +0800] "GET /xingrg/javascript/jquery_easy_ui/jquery.easyui.min.js HTTP/1.1" 304 -
101.228.147.14 - - [18/Mar/2024:09:32:59 +0800] "GET /xingrg/javascript/jquery.timers.js HTTP/1.1" 304 -
101.228.147.14 - - [18/Mar/2024:09:32:59 +0800] "GET /favicon.ico HTTP/1.1" 404 -
101.228.147.14 - - [18/Mar/2024:09:33:00 +0800] "GET /xingrg/images/blue/navBackgound.jpg HTTP/1.1" 304 -
101.228.147.14 - - [18/Mar/2024:09:33:00 +0800] "GET /xingrg/javascript/jquery_easy_ui/themes/icons/settle_new.png HTTP/1.1" 304 -
101.228.147.14 - - [18/Mar/2024:09:33:00 +0800] "POST /xingrg/all/common/load_tree.html?tree=area_rest_tree_json&manage=1 HTTP/1.1" 200 351
101.228.147.14 - - [18/Mar/2024:09:33:00 +0800] "GET /xingrg/all/function/internal_message.html?_=1710725580268&CODE_STATE=count HTTP/1.1" 200 11
101.228.147.14 - - [18/Mar/2024:09:33:00 +0800] "GET /xingrg/check_reg.html?_=1710725580269 HTTP/1.1" 200 22
101.228.147.14 - - [18/Mar/2024:09:33:00 +0800] "GET /xingrg/images/blue/pingpu.png HTTP/1.1" 304 -
101.228.147.14 - - [18/Mar/2024:09:33:00 +0800] "GET /xingrg/javascript/jquery_easy_ui/themes/default/images/tabs_leftarrow.png HTTP/1.1" 304 -
101.228.147.14 - - [18/Mar/2024:09:33:00 +0800] "GET /xingrg/javascript/jquery_easy_ui/themes/default/images/tabs_rightarrow.png HTTP/1.1" 304 -
101.228.147.14 - - [18/Mar/2024:09:33:00 +0800] "GET /xingrg/javascript/jquery_easy_ui/themes/default/images/panel_tool_collapse.gif HTTP/1.1" 304 -
101.228.147.14 - - [18/Mar/2024:09:33:00 +0800] "POST /xingrg/load_menu.html HTTP/1.1" 200 5138
101.228.147.14 - - [18/Mar/2024:09:33:00 +0800] "GET /xingrg/javascript/jquery_easy_ui/themes/default/images/tree_arrows.gif HTTP/1.1" 304 -
101.228.147.14 - - [18/Mar/2024:09:33:00 +0800] "GET /xingrg/javascript/jquery_easy_ui/themes/default/images/tree_folder_open.gif HTTP/1.1" 304 -
101.228.147.14 - - [18/Mar/2024:09:33:00 +0800] "GET /xingrg/javascript/jquery_easy_ui/themes/icons/search_new.png HTTP/1.1" 304 -
101.228.147.14 - - [18/Mar/2024:09:33:00 +0800] "GET /xingrg/javascript/jquery_easy_ui/themes/default/images/tree_folder.gif HTTP/1.1" 304 -
101.228.147.14 - - [18/Mar/2024:09:33:00 +0800] "GET /xingrg/javascript/jquery_easy_ui/themes/icons/storage_new.png HTTP/1.1" 304 -
101.228.147.14 - - [18/Mar/2024:09:33:00 +0800] "GET /xingrg/javascript/jquery_easy_ui/themes/icons/forms_new.png HTTP/1.1" 304 -
101.228.147.14 - - [18/Mar/2024:09:33:00 +0800] "GET /xingrg/javascript/jquery_easy_ui/themes/default/images/tree_file.gif HTTP/1.1" 304 -
116.232.194.112 - - [18/Mar/2024:09:33:00 +0800] "GET /xingrg/all/function/internal_message.html?_=1710725553737&CODE_STATE=getMsg HTTP/1.1" 200 27
116.232.194.112 - - [18/Mar/2024:09:33:04 +0800] "GET /xingrg/kc/buy/cgsh_order_operate.html?command=get_materiel&rest_code=00155&code=00101008765&supplier_code=00100005&order_time=2024-03-18 HTTP/1.1" 200 416
124.78.60.103 - - [18/Mar/2024:09:33:04 +0800] "GET /xingrg/kc/buy/cgsh_order_operate.html?command=get_materiel&rest_code=00141&code=00101008117&supplier_code=00100008&order_time=2024-03-18 HTTP/1.1" 200 414
61.170.232.54 - - [18/Mar/2024:09:33:05 +0800] "GET /xingrg/all/function/internal_message.html?_=1710725582660&CODE_STATE=getMsg HTTP/1.1" 200 27
124.78.60.103 - - [18/Mar/2024:09:33:09 +0800] "POST /xingrg/all/common/load_select.html HTTP/1.1" 200 12
116.232.194.112 - - [18/Mar/2024:09:33:09 +0800] "POST /xingrg/kc/buy/cgsh_order_operate.html HTTP/1.1" 200 2065
124.78.60.103 - - [18/Mar/2024:09:33:16 +0800] "GET /xingrg/kc/buy/cgsh_order_operate.html?command=get_materiel_price&rest_code=00141&code=00101008117&unit_code=00100035&supplier_code=00100008&order_time=2024-03-18 HTTP/1.1" 200 29
222.69.134.93 - - [18/Mar/2024:09:33:17 +0800] "GET /xingrg/all/function/internal_message.html?_=1710725600075&CODE_STATE=getMsg HTTP/1.1" 200 27
101.228.147.14 - - [18/Mar/2024:09:33:19 +0800] "GET /xingrg/javascript/jquery_easy_ui/themes/default/images/tabs_close.gif HTTP/1.1" 304 -
101.228.147.14 - - [18/Mar/2024:09:33:19 +0800] "GET /xingrg/kc/base/check_order_list.html HTTP/1.1" 200 16176
101.228.147.14 - - [18/Mar/2024:09:33:19 +0800] "GET /xingrg/css/base.css HTTP/1.1" 304 -
101.228.147.14 - - [18/Mar/2024:09:33:19 +0800] "GET /xingrg/css/site.css HTTP/1.1" 304 -
101.228.147.14 - - [18/Mar/2024:09:33:19 +0800] "GET /xingrg/javascript/jquery_tools/datebox.css HTTP/1.1" 304 -
101.228.147.14 - - [18/Mar/2024:09:33:19 +0800] "GET /xingrg/javascript/easyui/themes/default/easyui.css HTTP/1.1" 304 -
101.228.147.14 - - [18/Mar/2024:09:33:19 +0800] "GET /xingrg/javascript/easyui/themes/icon.css HTTP/1.1" 304 -
101.228.147.14 - - [18/Mar/2024:09:33:19 +0800] "GET /xingrg/javascript/auto/jquery.autocomplete.css HTTP/1.1" 304 -
101.228.147.14 - - [18/Mar/2024:09:33:19 +0800] "GET /xingrg/javascript/jquery_tools/fix.css HTTP/1.1" 304 -
101.228.147.14 - - [18/Mar/2024:09:33:19 +0800] "GET /xingrg/javascript/jquery_tools/table.css HTTP/1.1" 304 -
101.228.147.14 - - [18/Mar/2024:09:33:19 +0800] "GET /xingrg/javascript/jquery_tools/jquery.tools.min.js HTTP/1.1" 304 -
101.228.147.14 - - [18/Mar/2024:09:33:19 +0800] "GET /xingrg/javascript/jquery_tools/jquery.tools.extend.js HTTP/1.1" 304 -
101.228.147.14 - - [18/Mar/2024:09:33:19 +0800] "GET /xingrg/javascript/jquery_tools/jquery.tools.hotkey.js HTTP/1.1" 304 -
101.228.147.14 - - [18/Mar/2024:09:33:19 +0800] "GET /xingrg/javascript/jquery_tools/list_manager.js HTTP/1.1" 304 -
101.228.147.14 - - [18/Mar/2024:09:33:19 +0800] "GET /xingrg/javascript/jquery_tools/jquery.tools.table.js HTTP/1.1" 304 -
101.228.147.14 - - [18/Mar/2024:09:33:19 +0800] "GET /xingrg/javascript/auto/jquery.autocomplete.js HTTP/1.1" 304 -
101.228.147.14 - - [18/Mar/2024:09:33:19 +0800] "GET /xingrg/javascript/easyui/easyloader.js HTTP/1.1" 304 -
101.228.147.14 - - [18/Mar/2024:09:33:19 +0800] "GET /xingrg/javascript/jquery.cookie.js HTTP/1.1" 304 -
101.228.147.14 - - [18/Mar/2024:09:33:19 +0800] "GET /xingrg/javascript/easyui/themes/icons/edit_add_new.png HTTP/1.1" 304 -
101.228.147.14 - - [18/Mar/2024:09:33:19 +0800] "GET /xingrg/javascript/easyui/themes/icons/cance_new.png HTTP/1.1" 304 -
101.228.147.14 - - [18/Mar/2024:09:33:19 +0800] "GET /xingrg/javascript/easyui/themes/icons/check_new.png HTTP/1.1" 304 -
101.228.147.14 - - [18/Mar/2024:09:33:19 +0800] "GET /xingrg/javascript/easyui/themes/icons/field_new.png HTTP/1.1" 304 -
101.228.147.14 - - [18/Mar/2024:09:33:20 +0800] "GET /xingrg/javascript/easyui/plugins/jquery.parser.js HTTP/1.1" 304 -
101.228.147.14 - - [18/Mar/2024:09:33:20 +0800] "GET /xingrg/images/control/ajaxLoader.gif HTTP/1.1" 304 -
222.70.183.82 - - [18/Mar/2024:09:33:20 +0800] "GET /xingrg/kc/buy/cgsh_order_operate.html?command=get_materiel&rest_code=00111&code=00101008674&supplier_code=00100008&order_time=2024-03-18 HTTP/1.1" 200 413
101.228.147.14 - - [18/Mar/2024:09:33:20 +0800] "POST /xingrg/kc/base/check_list_operate.html HTTP/1.1" 200 1920
101.83.145.37 - - [18/Mar/2024:09:33:21 +0800] "GET /xingrg/all/function/internal_message.html?_=1710725602947&CODE_STATE=getMsg HTTP/1.1" 200 27
101.228.147.14 - - [18/Mar/2024:09:33:23 +0800] "GET /xingrg/kc/base/check_order_info.html?code=452024031700149 HTTP/1.1" 200 25534
101.228.147.14 - - [18/Mar/2024:09:33:23 +0800] "GET /xingrg/css/blue.css HTTP/1.1" 200 15949
101.228.147.14 - - [18/Mar/2024:09:33:23 +0800] "GET /xingrg/css/table.css HTTP/1.1" 200 3684
101.228.147.14 - - [18/Mar/2024:09:33:23 +0800] "GET /xingrg/javascript/pic_change.js HTTP/1.1" 304 -
101.228.147.14 - - [18/Mar/2024:09:33:23 +0800] "GET /xingrg/dwr/interface/AjaxComOrderService.js HTTP/1.1" 200 18264
101.228.147.14 - - [18/Mar/2024:09:33:23 +0800] "GET /xingrg/dwr/util.js HTTP/1.1" 200 35990
101.228.147.14 - - [18/Mar/2024:09:33:23 +0800] "GET /xingrg/dwr/interface/AjaxCheckService.js HTTP/1.1" 200 14003
101.228.147.14 - - [18/Mar/2024:09:33:23 +0800] "GET /xingrg/dwr/engine.js HTTP/1.1" 200 43631
101.228.147.14 - - [18/Mar/2024:09:33:23 +0800] "GET /xingrg/javascript/AjaxInfoList.js HTTP/1.1" 200 3774
101.228.147.14 - - [18/Mar/2024:09:33:23 +0800] "GET /xingrg/javascript/myfunction.js HTTP/1.1" 200 24559
101.228.147.14 - - [18/Mar/2024:09:33:23 +0800] "GET /xingrg/javascript/Calendar.js HTTP/1.1" 200 31561
101.228.147.14 - - [18/Mar/2024:09:33:23 +0800] "GET /xingrg/javascript/convert.js HTTP/1.1" 304 -
101.228.147.14 - - [18/Mar/2024:09:33:23 +0800] "GET /xingrg/javascript/print/kc_print.js HTTP/1.1" 304 -
101.228.147.14 - - [18/Mar/2024:09:33:23 +0800] "GET /xingrg/javascript/print/LodopFuncs.js HTTP/1.1" 304 -
101.228.147.14 - - [18/Mar/2024:09:33:24 +0800] "GET /xingrg/javascript/jquery_easy_ui/themes/icons/check_new.png HTTP/1.1" 200 3224
101.228.147.14 - - [18/Mar/2024:09:33:24 +0800] "GET /xingrg/javascript/jquery_easy_ui/themes/icons/back_new.png HTTP/1.1" 200 3414
101.228.147.14 - - [18/Mar/2024:09:33:24 +0800] "GET /xingrg/javascript/jquery_easy_ui/themes/default/images/menu_downarrow.png HTTP/1.1" 200 173
101.228.147.14 - - [18/Mar/2024:09:33:24 +0800] "GET /xingrg/javascript/jquery_easy_ui/themes/icons/print.png HTTP/1.1" 200 1057
101.228.147.14 - - [18/Mar/2024:09:33:24 +0800] "GET /xingrg/javascript/jquery_easy_ui/themes/icons/cance_new.png HTTP/1.1" 200 3986
124.78.60.103 - - [18/Mar/2024:09:33:24 +0800] "GET /xingrg/kc/buy/cgsh_order_operate.html?command=get_materiel&rest_code=00141&code=00101008118&supplier_code=00100008&order_time=2024-03-18 HTTP/1.1" 200 418
101.228.147.14 - - [18/Mar/2024:09:33:24 +0800] "POST /xingrg/dwr/call/plaincall/AjaxCheckService.loadOrderItems.dwr HTTP/1.1" 200 67054
101.228.147.14 - - [18/Mar/2024:09:33:24 +0800] "GET /xingrg/javascript/jquery_easy_ui/themes/icons/no.png HTTP/1.1" 200 922
180.169.147.146 - - [18/Mar/2024:09:33:27 +0800] "GET /xingrg/all/function/internal_message.html?_=1710725606248&CODE_STATE=getMsg HTTP/1.1" 200 27
222.70.183.82 - - [18/Mar/2024:09:33:33 +0800] "GET /xingrg/kc/buy/cgsh_order_operate.html?command=get_materiel&rest_code=00111&code=00101008298&supplier_code=00100008&order_time=2024-03-18 HTTP/1.1" 200 432
180.169.147.146 - - [18/Mar/2024:09:33:35 +0800] "GET /xingrg/all/function/internal_message.html?_=1710725615830&CODE_STATE=getMsg HTTP/1.1" 200 27
180.169.147.146 - - [18/Mar/2024:09:33:35 +0800] "GET /xingrg/check_reg.html?_=1710725615832 HTTP/1.1" 200 22
116.238.97.31 - - [18/Mar/2024:09:33:39 +0800] "GET /xingrg/all/function/internal_message.html?_=1710725619552&CODE_STATE=getMsg HTTP/1.1" 200 27
116.224.254.208 - - [18/Mar/2024:09:33:39 +0800] "GET /xingrg/check_reg.html?_=1710725619697 HTTP/1.1" 200 22
116.224.254.208 - - [18/Mar/2024:09:33:39 +0800] "GET /xingrg/all/function/internal_message.html?_=1710725619701&CODE_STATE=getMsg HTTP/1.1" 200 27
116.224.254.208 - - [18/Mar/2024:09:33:42 +0800] "GET /xingrg/all/function/internal_message.html?_=1710725622579&CODE_STATE=getMsg HTTP/1.1" 200 27
116.224.254.208 - - [18/Mar/2024:09:33:43 +0800] "GET /xingrg/check_reg.html?_=1710725622954 HTTP/1.1" 200 22
222.70.183.82 - - [18/Mar/2024:09:33:43 +0800] "GET /xingrg/all/function/internal_message.html?_=1710725623300&CODE_STATE=getMsg HTTP/1.1" 200 27
222.70.115.1 - - [18/Mar/2024:09:33:49 +0800] "GET /xingrg/all/function/internal_message.html?_=1710725629085&CODE_STATE=getMsg HTTP/1.1" 200 27
222.70.115.1 - - [18/Mar/2024:09:33:49 +0800] "GET /xingrg/check_reg.html?_=1710725629087 HTTP/1.1" 200 22
114.83.223.3 - - [18/Mar/2024:09:33:51 +0800] "GET /xingrg/all/function/internal_message.html?_=1710725631201&CODE_STATE=getMsg HTTP/1.1" 200 27
116.232.194.112 - - [18/Mar/2024:09:33:51 +0800] "POST /xingrg/kc/buy/cgsh_order_operate.html HTTP/1.1" 200 37
180.169.147.146 - - [18/Mar/2024:09:33:52 +0800] "GET /xingrg/kc/report/report_main.html HTTP/1.1" 200 7340
222.70.183.82 - - [18/Mar/2024:09:33:52 +0800] "GET /xingrg/kc/buy/cgsh_order_operate.html?command=get_materiel&rest_code=00111&code=00101008264&supplier_code=00100008&order_time=2024-03-18 HTTP/1.1" 200 432
124.78.60.103 - - [18/Mar/2024:09:33:53 +0800] "GET /xingrg/all/function/internal_message.html?_=1710725633865&CODE_STATE=getMsg HTTP/1.1" 200 27
124.78.60.103 - - [18/Mar/2024:09:33:53 +0800] "GET /xingrg/kc/buy/cgsh_order_operate.html?command=get_materiel&rest_code=00141&code=00101008155&supplier_code=00100008&order_time=2024-03-18 HTTP/1.1" 200 428
116.232.194.112 - - [18/Mar/2024:09:33:54 +0800] "POST /xingrg/kc/buy/cgsh_order_operate.html HTTP/1.1" 200 22214
180.164.1.25 - - [18/Mar/2024:09:33:56 +0800] "GET /xingrg/all/function/internal_message.html?_=1710725635167&CODE_STATE=getMsg HTTP/1.1" 200 27
180.169.147.146 - - [18/Mar/2024:09:33:57 +0800] "GET /xingrg/kc/cost/crk_report.html HTTP/1.1" 200 24036
180.169.147.146 - - [18/Mar/2024:09:33:57 +0800] "POST /xingrg/kc/cost/cost_operate.html?command=get_base_tree HTTP/1.1" 200 2583
180.169.147.146 - - [18/Mar/2024:09:33:57 +0800] "POST /xingrg/all/common/load_tree.html?tree=materiel_sort_tree_json HTTP/1.1" 200 9734
180.169.147.146 - - [18/Mar/2024:09:33:58 +0800] "POST /xingrg/kc/cost/cost_operate.html HTTP/1.1" 200 37
101.228.147.14 - - [18/Mar/2024:09:34:00 +0800] "GET /xingrg/all/function/internal_message.html?_=1710725640278&CODE_STATE=getMsg HTTP/1.1" 200 27
116.232.194.112 - - [18/Mar/2024:09:34:00 +0800] "GET /xingrg/kc/print/load_config.html?kc_code=cgsh HTTP/1.1" 200 1927
116.232.194.112 - - [18/Mar/2024:09:34:00 +0800] "GET /xingrg/all/function/internal_message.html?_=1710725613709&CODE_STATE=getMsg HTTP/1.1" 200 27
116.232.194.112 - - [18/Mar/2024:09:34:01 +0800] "GET /xingrg/kc/print/load_data.html?order_code=212024031805343&kc_code=cgsh&condition= HTTP/1.1" 200 8134
61.170.232.54 - - [18/Mar/2024:09:34:05 +0800] "GET /xingrg/all/function/internal_message.html?_=1710725642631&CODE_STATE=getMsg HTTP/1.1" 200 27
180.169.147.146 - - [18/Mar/2024:09:34:06 +0800] "GET /xingrg/kc/cost/cost_list.html HTTP/1.1" 200 6093
180.169.147.146 - - [18/Mar/2024:09:34:06 +0800] "GET /xingrg/dwr/interface/AjaxReportQueryService.js HTTP/1.1" 200 13203
180.169.147.146 - - [18/Mar/2024:09:34:06 +0800] "GET /xingrg/dwr/engine.js HTTP/1.1" 200 43631
180.169.147.146 - - [18/Mar/2024:09:34:06 +0800] "GET /xingrg/javascript/jquery_easy_ui/themes/icons/edit_add.png HTTP/1.1" 200 1088
180.169.147.146 - - [18/Mar/2024:09:34:06 +0800] "GET /xingrg/javascript/jquery_easy_ui/themes/icons/edit_remove.png HTTP/1.1" 200 625
180.169.147.146 - - [18/Mar/2024:09:34:06 +0800] "GET /xingrg/javascript/jquery_easy_ui/themes/default/images/datagrid_header_bg.gif HTTP/1.1" 200 97
180.169.147.146 - - [18/Mar/2024:09:34:06 +0800] "GET /xingrg/javascript/jquery_easy_ui/themes/default/images/pagination_loading.gif HTTP/1.1" 200 1737
180.169.147.146 - - [18/Mar/2024:09:34:06 +0800] "GET /xingrg/kc/cost/cost_operate.html?_=1710725645411&command=load_cost_list HTTP/1.1" 200 12062
124.78.60.103 - - [18/Mar/2024:09:34:06 +0800] "GET /xingrg/kc/buy/cgsh_order_operate.html?command=get_materiel&rest_code=00141&code=00101008098&supplier_code=00100008&order_time=2024-03-18 HTTP/1.1" 200 412
222.70.183.82 - - [18/Mar/2024:09:34:06 +0800] "GET /xingrg/kc/buy/cgsh_order_operate.html?command=get_materiel&rest_code=00111&code=00101008350&supplier_code=00100008&order_time=2024-03-18 HTTP/1.1" 200 408
116.232.194.112 - - [18/Mar/2024:09:34:08 +0800] "GET /xingrg/kc/buy/cgsh_order_add.html HTTP/1.1" 200 73743
116.232.194.112 - - [18/Mar/2024:09:34:08 +0800] "GET /xingrg/javascript/easyui/themes/default/validatebox.css HTTP/1.1" 404 1104
116.232.194.112 - - [18/Mar/2024:09:34:08 +0800] "POST /xingrg/kc/buy/cgsh_order_operate.html HTTP/1.1" 200 8245
180.169.147.146 - - [18/Mar/2024:09:34:13 +0800] "GET /xingrg/kc/cost/cost_page.html HTTP/1.1" 200 4088
180.169.147.146 - - [18/Mar/2024:09:34:13 +0800] "GET /xingrg/dwr/interface/AjaxReportQueryService.js HTTP/1.1" 200 13203
180.169.147.146 - - [18/Mar/2024:09:34:13 +0800] "GET /xingrg/dwr/engine.js HTTP/1.1" 200 43631
180.169.147.146 - - [18/Mar/2024:09:34:13 +0800] "GET /xingrg/javascript/jquery_easy_ui/themes/default/images/calendar_prevmonth.gif HTTP/1.1" 200 66
180.169.147.146 - - [18/Mar/2024:09:34:13 +0800] "GET /xingrg/javascript/jquery_easy_ui/themes/default/images/calendar_nextmonth.gif HTTP/1.1" 200 64
180.169.147.146 - - [18/Mar/2024:09:34:13 +0800] "GET /xingrg/javascript/jquery_easy_ui/themes/default/images/calendar_prevyear.gif HTTP/1.1" 200 76
180.169.147.146 - - [18/Mar/2024:09:34:13 +0800] "GET /xingrg/javascript/jquery_easy_ui/themes/default/images/calendar_nextyear.gif HTTP/1.1" 200 75
222.69.134.93 - - [18/Mar/2024:09:34:17 +0800] "GET /xingrg/all/function/internal_message.html?_=1710725660081&CODE_STATE=getMsg HTTP/1.1" 200 27
124.78.60.103 - - [18/Mar/2024:09:34:19 +0800] "POST /xingrg/kc/buy/cgsh_order_operate.html HTTP/1.1" 200 2065
180.169.147.146 - - [18/Mar/2024:09:34:20 +0800] "POST /xingrg/kc/cost/cost_operate.html HTTP/1.1" 200 4
101.83.145.37 - - [18/Mar/2024:09:34:21 +0800] "GET /xingrg/all/function/internal_message.html?_=1710725662949&CODE_STATE=getMsg HTTP/1.1" 200 27
180.169.147.146 - - [18/Mar/2024:09:34:22 +0800] "GET /xingrg/kc/cost/cost_page.html HTTP/1.1" 200 4363
180.169.147.146 - - [18/Mar/2024:09:34:22 +0800] "GET /xingrg/css/blue.css HTTP/1.1" 304 -
180.169.147.146 - - [18/Mar/2024:09:34:22 +0800] "GET /xingrg/javascript/jquery_easy_ui/themes/default/easyui.css HTTP/1.1" 304 -
180.169.147.146 - - [18/Mar/2024:09:34:22 +0800] "GET /xingrg/javascript/jquery_easy_ui/themes/icon.css HTTP/1.1" 304 -
180.169.147.146 - - [18/Mar/2024:09:34:22 +0800] "GET /xingrg/javascript/step/step.css HTTP/1.1" 304 -
180.169.147.146 - - [18/Mar/2024:09:34:22 +0800] "GET /xingrg/css/table.css HTTP/1.1" 304 -
180.169.147.146 - - [18/Mar/2024:09:34:22 +0800] "GET /xingrg/dwr/interface/AjaxReportQueryService.js HTTP/1.1" 200 13203
180.169.147.146 - - [18/Mar/2024:09:34:22 +0800] "GET /xingrg/dwr/engine.js HTTP/1.1" 200 43631
180.169.147.146 - - [18/Mar/2024:09:34:22 +0800] "GET /xingrg/dwr/util.js HTTP/1.1" 304 -
180.169.147.146 - - [18/Mar/2024:09:34:22 +0800] "GET /xingrg/javascript/jquery-1.4.2.min.js HTTP/1.1" 304 -
180.169.147.146 - - [18/Mar/2024:09:34:22 +0800] "GET /xingrg/javascript/jquery_easy_ui/jquery.easyui.min.js HTTP/1.1" 304 -
180.169.147.146 - - [18/Mar/2024:09:34:22 +0800] "GET /xingrg/javascript/jquery_easy_ui/easyui-lang-zh_CN.js HTTP/1.1" 304 -
180.169.147.146 - - [18/Mar/2024:09:34:22 +0800] "GET /xingrg/javascript/jquery.utils.js HTTP/1.1" 304 -
180.169.147.146 - - [18/Mar/2024:09:34:22 +0800] "GET /xingrg/images/control/ajaxLoader.gif HTTP/1.1" 304 -
116.232.194.112 - - [18/Mar/2024:09:34:25 +0800] "GET /xingrg/kc/buy/cgsh_order_operate.html?command=get_materiel&rest_code=00155&code=00101007071&supplier_code=00100002&order_time=2024-03-18 HTTP/1.1" 200 417
180.169.147.146 - - [18/Mar/2024:09:34:27 +0800] "GET /xingrg/all/function/internal_message.html?_=1710725666229&CODE_STATE=getMsg HTTP/1.1" 200 27
124.78.60.103 - - [18/Mar/2024:09:34:32 +0800] "GET /xingrg/kc/buy/cgsh_order_operate.html?command=get_materiel&rest_code=00141&code=00101008370&supplier_code=00100008&order_time=2024-03-18 HTTP/1.1" 200 412
222.70.183.82 - - [18/Mar/2024:09:34:34 +0800] "GET /xingrg/kc/buy/cgsh_order_operate.html?command=get_materiel&rest_code=00111&code=00101008131&supplier_code=00100008&order_time=2024-03-18 HTTP/1.1" 200 408
180.169.147.146 - - [18/Mar/2024:09:34:35 +0800] "GET /xingrg/all/function/internal_message.html?_=1710725675837&CODE_STATE=getMsg HTTP/1.1" 200 27
116.238.97.31 - - [18/Mar/2024:09:34:39 +0800] "GET /xingrg/all/function/internal_message.html?_=1710725679525&CODE_STATE=getMsg HTTP/1.1" 200 27
116.224.254.208 - - [18/Mar/2024:09:34:39 +0800] "GET /xingrg/all/function/internal_message.html?_=1710725679691&CODE_STATE=getMsg HTTP/1.1" 200 27
116.224.254.208 - - [18/Mar/2024:09:34:42 +0800] "GET /xingrg/all/function/internal_message.html?_=1710725682562&CODE_STATE=getMsg HTTP/1.1" 200 27
116.232.194.112 - - [18/Mar/2024:09:34:43 +0800] "POST /xingrg/kc/buy/cgsh_order_operate.html HTTP/1.1" 200 37
222.70.183.82 - - [18/Mar/2024:09:34:43 +0800] "GET /xingrg/all/function/internal_message.html?_=1710725683655&CODE_STATE=getMsg HTTP/1.1" 200 27
124.78.60.103 - - [18/Mar/2024:09:34:45 +0800] "GET /xingrg/kc/buy/cgsh_order_operate.html?command=get_materiel&rest_code=00141&code=00101023033&supplier_code=00100008&order_time=2024-03-18 HTTP/1.1" 200 409
116.232.194.112 - - [18/Mar/2024:09:34:46 +0800] "POST /xingrg/kc/buy/cgsh_order_operate.html HTTP/1.1" 200 2662
116.232.194.112 - - [18/Mar/2024:09:34:48 +0800] "GET /xingrg/kc/print/load_data.html?order_code=212024031805344&kc_code=cgsh&condition= HTTP/1.1" 200 751
222.70.115.1 - - [18/Mar/2024:09:34:49 +0800] "GET /xingrg/all/function/internal_message.html?_=1710725689071&CODE_STATE=getMsg HTTP/1.1" 200 27
222.70.183.82 - - [18/Mar/2024:09:34:49 +0800] "GET /xingrg/kc/buy/cgsh_order_operate.html?command=get_materiel&rest_code=00111&code=00101008353&supplier_code=00100008&order_time=2024-03-18 HTTP/1.1" 200 428
114.83.223.3 - - [18/Mar/2024:09:34:51 +0800] "GET /xingrg/all/function/internal_message.html?_=1710725691180&CODE_STATE=getMsg HTTP/1.1" 200 27
116.232.194.112 - - [18/Mar/2024:09:34:53 +0800] "GET /xingrg/kc/buy/cgsh_order_add.html HTTP/1.1" 200 73743
116.232.194.112 - - [18/Mar/2024:09:34:53 +0800] "POST /xingrg/kc/buy/cgsh_order_operate.html HTTP/1.1" 200 8245
116.232.194.112 - - [18/Mar/2024:09:34:53 +0800] "GET /xingrg/javascript/easyui/themes/default/validatebox.css HTTP/1.1" 404 1104
