222.70.183.82 - - [18/Mar/2024:10:41:50 +0800] "POST /xingrg/kc/buy/cgsh_order_operate.html HTTP/1.1" 200 612
114.83.223.3 - - [18/Mar/2024:10:41:51 +0800] "GET /xingrg/check_reg.html?_=1710729711716 HTTP/1.1" 200 22
124.78.60.103 - - [18/Mar/2024:10:41:53 +0800] "GET /xingrg/check_reg.html?_=1710729713814 HTTP/1.1" 200 22
124.78.60.103 - - [18/Mar/2024:10:41:53 +0800] "GET /xingrg/all/function/internal_message.html?_=1710729713816&CODE_STATE=getMsg HTTP/1.1" 200 27
101.83.145.37 - - [18/Mar/2024:10:41:54 +0800] "POST /xingrg/kc/buy/cgsh_order_operate.html HTTP/1.1" 200 37
124.77.245.45 - - [18/Mar/2024:10:41:54 +0800] "GET /xingrg/kc/buy/cgsh_order_operate.html?command=get_materiel&rest_code=00146&code=00101008368&supplier_code=00100005&order_time=2024-03-18 HTTP/1.1" 200 408
222.70.183.82 - - [18/Mar/2024:10:41:54 +0800] "GET /xingrg/kc/print/load_data.html?order_code=212024031805367&kc_code=cgsh&condition= HTTP/1.1" 200 703
180.164.1.25 - - [18/Mar/2024:10:41:55 +0800] "GET /xingrg/all/function/internal_message.html?_=1710729714296&CODE_STATE=getMsg HTTP/1.1" 200 27
180.164.1.25 - - [18/Mar/2024:10:41:56 +0800] "GET /xingrg/check_reg.html?_=1710729715340 HTTP/1.1" 200 22
101.83.145.37 - - [18/Mar/2024:10:42:00 +0800] "POST /xingrg/kc/buy/cgsh_order_operate.html HTTP/1.1" 200 2655
101.83.145.37 - - [18/Mar/2024:10:42:01 +0800] "GET /xingrg/kc/print/load_data.html?order_code=212024031805368&kc_code=cgsh&condition= HTTP/1.1" 200 665
116.238.97.31 - - [18/Mar/2024:10:42:02 +0800] "GET /xingrg/all/function/internal_message.html?_=1710729724162&CODE_STATE=getMsg HTTP/1.1" 200 27
222.70.183.82 - - [18/Mar/2024:10:42:02 +0800] "GET /xingrg/kc/buy/cgsh_order_add.html HTTP/1.1" 200 73611
222.70.183.82 - - [18/Mar/2024:10:42:04 +0800] "GET /xingrg/javascript/easyui/themes/default/validatebox.css HTTP/1.1" 404 1104
222.70.183.82 - - [18/Mar/2024:10:42:04 +0800] "POST /xingrg/kc/buy/cgsh_order_operate.html HTTP/1.1" 200 8245
101.83.145.37 - - [18/Mar/2024:10:42:05 +0800] "GET /xingrg/kc/buy/cgsh_order_add.html HTTP/1.1" 200 73737
101.83.145.37 - - [18/Mar/2024:10:42:06 +0800] "POST /xingrg/kc/buy/cgsh_order_operate.html HTTP/1.1" 200 8245
101.83.145.37 - - [18/Mar/2024:10:42:06 +0800] "GET /xingrg/javascript/easyui/themes/default/validatebox.css HTTP/1.1" 404 1104
124.77.245.45 - - [18/Mar/2024:10:42:06 +0800] "GET /xingrg/kc/buy/cgsh_order_operate.html?command=get_materiel&rest_code=00146&code=00101008318&supplier_code=00100005&order_time=2024-03-18 HTTP/1.1" 200 408
116.238.97.31 - - [18/Mar/2024:10:42:08 +0800] "GET /xingrg/all/function/internal_message.html?_=1710729729589&CODE_STATE=getMsg HTTP/1.1" 200 27
61.170.232.54 - - [18/Mar/2024:10:42:08 +0800] "GET /xingrg/all/function/internal_message.html?_=1710729729169&CODE_STATE=getMsg HTTP/1.1" 200 27
124.77.245.45 - - [18/Mar/2024:10:42:09 +0800] "POST /xingrg/kc/buy/cgsh_order_operate.html HTTP/1.1" 200 2065
222.69.134.93 - - [18/Mar/2024:10:42:17 +0800] "GET /xingrg/all/function/internal_message.html?_=1710729740072&CODE_STATE=getMsg HTTP/1.1" 200 27
222.70.183.82 - - [18/Mar/2024:10:42:18 +0800] "GET /xingrg/kc/buy/cgsh_order_operate.html?command=get_materiel&rest_code=00111&code=00101009036&supplier_code=00100335&order_time=2024-03-18 HTTP/1.1" 200 415
124.77.245.45 - - [18/Mar/2024:10:42:18 +0800] "GET /xingrg/kc/buy/cgsh_order_operate.html?command=get_materiel&rest_code=00146&code=00101008005&supplier_code=00100005&order_time=2024-03-18 HTTP/1.1" 200 433
116.232.194.112 - - [18/Mar/2024:10:42:18 +0800] "GET /xingrg/all/function/internal_message.html?_=1710729711562&CODE_STATE=getMsg HTTP/1.1" 200 27
101.83.145.37 - - [18/Mar/2024:10:42:20 +0800] "GET /xingrg/all/function/internal_message.html?_=1710729741656&CODE_STATE=getMsg HTTP/1.1" 200 27
61.170.232.54 - - [18/Mar/2024:10:42:23 +0800] "GET /xingrg/all/function/internal_message.html?_=1710729740353&CODE_STATE=getMsg HTTP/1.1" 200 27
101.83.145.37 - - [18/Mar/2024:10:42:25 +0800] "GET /xingrg/kc/buy/cgsh_order_operate.html?command=get_materiel&rest_code=00105&code=00101020399&supplier_code=00100323&order_time=2024-03-18 HTTP/1.1" 200 422
222.70.183.82 - - [18/Mar/2024:10:42:29 +0800] "POST /xingrg/kc/buy/cgsh_order_operate.html HTTP/1.1" 200 37
124.77.245.45 - - [18/Mar/2024:10:42:31 +0800] "GET /xingrg/all/function/internal_message.html?_=1710729753337&CODE_STATE=getMsg HTTP/1.1" 200 27
124.77.245.45 - - [18/Mar/2024:10:42:31 +0800] "GET /xingrg/kc/buy/cgsh_order_operate.html?command=get_materiel&rest_code=00146&code=00101008353&supplier_code=00100005&order_time=2024-03-18 HTTP/1.1" 200 428
180.169.147.146 - - [18/Mar/2024:10:42:33 +0800] "GET /xingrg/all/function/internal_message.html?_=1710729752837&CODE_STATE=getMsg HTTP/1.1" 200 27
180.169.147.146 - - [18/Mar/2024:10:42:35 +0800] "GET /xingrg/all/function/internal_message.html?_=1710729755735&CODE_STATE=getMsg HTTP/1.1" 200 27
120.253.135.82 - - [18/Mar/2024:10:42:35 +0800] "GET /xingrg/check_reg.html?_=1710729595872 HTTP/1.1" 200 22
120.253.135.82 - - [18/Mar/2024:10:42:36 +0800] "GET /xingrg/all/function/internal_message.html?_=1710729596368&CODE_STATE=getMsg HTTP/1.1" 200 27
101.228.147.14 - - [18/Mar/2024:10:42:37 +0800] "GET /xingrg/all/function/internal_message.html?_=1710729757477&CODE_STATE=getMsg HTTP/1.1" 200 27
116.224.254.208 - - [18/Mar/2024:10:42:41 +0800] "GET /xingrg/all/function/internal_message.html?_=1710729761307&CODE_STATE=getMsg HTTP/1.1" 200 27
116.224.254.208 - - [18/Mar/2024:10:42:41 +0800] "GET /xingrg/all/function/internal_message.html?_=1710729761396&CODE_STATE=getMsg HTTP/1.1" 200 27
180.169.147.146 - - [18/Mar/2024:10:42:42 +0800] "GET /xingrg/all/function/internal_message.html?_=1710729762430&CODE_STATE=getMsg HTTP/1.1" 200 27
101.228.147.14 - - [18/Mar/2024:10:42:43 +0800] "GET /xingrg/kc/base/check_order_list.html HTTP/1.1" 200 16176
222.70.183.82 - - [18/Mar/2024:10:42:43 +0800] "GET /xingrg/all/function/internal_message.html?_=1710729763234&CODE_STATE=getMsg HTTP/1.1" 200 27
101.228.147.14 - - [18/Mar/2024:10:42:43 +0800] "POST /xingrg/kc/base/check_list_operate.html HTTP/1.1" 200 1920
101.228.147.14 - - [18/Mar/2024:10:42:45 +0800] "GET /xingrg/kc/base/check_order_info.html?code=452024031700149 HTTP/1.1" 200 25534
101.228.147.14 - - [18/Mar/2024:10:42:45 +0800] "GET /xingrg/dwr/interface/AjaxComOrderService.js HTTP/1.1" 200 18264
101.228.147.14 - - [18/Mar/2024:10:42:45 +0800] "GET /xingrg/dwr/interface/AjaxCheckService.js HTTP/1.1" 200 14003
101.228.147.14 - - [18/Mar/2024:10:42:45 +0800] "GET /xingrg/dwr/engine.js HTTP/1.1" 200 43631
101.228.147.14 - - [18/Mar/2024:10:42:46 +0800] "POST /xingrg/dwr/call/plaincall/AjaxCheckService.loadOrderItems.dwr HTTP/1.1" 200 67054
124.77.245.45 - - [18/Mar/2024:10:42:47 +0800] "GET /xingrg/kc/buy/cgsh_order_operate.html?command=get_materiel&rest_code=00146&code=00101008027&supplier_code=00100005&order_time=2024-03-18 HTTP/1.1" 200 408
222.70.183.82 - - [18/Mar/2024:10:42:48 +0800] "POST /xingrg/kc/buy/cgsh_order_operate.html HTTP/1.1" 200 12
222.70.115.1 - - [18/Mar/2024:10:42:48 +0800] "GET /xingrg/all/function/internal_message.html?_=1710729769238&CODE_STATE=getMsg HTTP/1.1" 200 27
101.83.145.37 - - [18/Mar/2024:10:42:49 +0800] "GET /xingrg/kc/buy/cgsh_order_operate.html?command=get_materiel&rest_code=00105&code=00101002028&supplier_code=00100323&order_time=2024-03-18 HTTP/1.1" 200 419
114.83.223.3 - - [18/Mar/2024:10:42:50 +0800] "GET /xingrg/all/function/internal_message.html?_=1710729769876&CODE_STATE=getMsg HTTP/1.1" 200 27
222.70.183.82 - - [18/Mar/2024:10:42:51 +0800] "GET /xingrg/kc/buy/cgsh_order_info.html?code=212024031805369 HTTP/1.1" 200 68520
124.78.60.103 - - [18/Mar/2024:10:42:53 +0800] "GET /xingrg/all/function/internal_message.html?_=1710729773816&CODE_STATE=getMsg HTTP/1.1" 200 27
180.164.1.25 - - [18/Mar/2024:10:42:55 +0800] "GET /xingrg/all/function/internal_message.html?_=1710729774282&CODE_STATE=getMsg HTTP/1.1" 200 27
222.70.183.82 - - [18/Mar/2024:10:42:55 +0800] "GET /xingrg/javascript/easyui/themes/default/validatebox.css HTTP/1.1" 404 1104
61.170.232.54 - - [18/Mar/2024:10:42:56 +0800] "GET /xingrg/check_reg.html?_=1710729772900 HTTP/1.1" 200 22
222.70.183.82 - - [18/Mar/2024:10:42:56 +0800] "POST /xingrg/kc/buy/cgsh_order_operate.html HTTP/1.1" 200 608
101.83.145.37 - - [18/Mar/2024:10:42:58 +0800] "GET /xingrg/kc/buy/cgsh_order_operate.html?command=get_materiel&rest_code=00105&code=00101010309&supplier_code=00100323&order_time=2024-03-18 HTTP/1.1" 200 423
222.70.183.82 - - [18/Mar/2024:10:43:01 +0800] "GET /xingrg/kc/print/load_data.html?order_code=212024031805369&kc_code=cgsh&condition= HTTP/1.1" 200 696
116.238.97.31 - - [18/Mar/2024:10:43:02 +0800] "GET /xingrg/all/function/internal_message.html?_=1710729784165&CODE_STATE=getMsg HTTP/1.1" 200 27
124.77.245.45 - - [18/Mar/2024:10:43:03 +0800] "GET /xingrg/kc/buy/cgsh_order_operate.html?command=get_materiel&rest_code=00146&code=00101008354&supplier_code=00100005&order_time=2024-03-18 HTTP/1.1" 200 433
116.238.97.31 - - [18/Mar/2024:10:43:08 +0800] "GET /xingrg/all/function/internal_message.html?_=1710729789585&CODE_STATE=getMsg HTTP/1.1" 200 27
61.170.232.54 - - [18/Mar/2024:10:43:08 +0800] "GET /xingrg/all/function/internal_message.html?_=1710729789154&CODE_STATE=getMsg HTTP/1.1" 200 27
222.70.115.1 - - [18/Mar/2024:10:43:10 +0800] "GET /favicon.ico HTTP/1.1" 404 -
101.83.145.37 - - [18/Mar/2024:10:43:14 +0800] "GET /xingrg/kc/buy/cgsh_order_operate.html?command=get_materiel&rest_code=00105&code=00101006047&supplier_code=00100323&order_time=2024-03-18 HTTP/1.1" 200 413
124.77.245.45 - - [18/Mar/2024:10:43:15 +0800] "GET /xingrg/kc/buy/cgsh_order_operate.html?command=get_materiel&rest_code=00146&code=00101008264&supplier_code=00100005&order_time=2024-03-18 HTTP/1.1" 200 432
222.69.134.93 - - [18/Mar/2024:10:43:17 +0800] "GET /xingrg/all/function/internal_message.html?_=1710729800092&CODE_STATE=getMsg HTTP/1.1" 200 27
124.77.245.45 - - [18/Mar/2024:10:43:18 +0800] "POST /xingrg/kc/buy/cgsh_order_operate.html HTTP/1.1" 200 2065
116.232.194.112 - - [18/Mar/2024:10:43:18 +0800] "GET /xingrg/check_reg.html?_=1710729771557 HTTP/1.1" 200 22
116.232.194.112 - - [18/Mar/2024:10:43:18 +0800] "GET /xingrg/all/function/internal_message.html?_=1710729771564&CODE_STATE=getMsg HTTP/1.1" 200 27
101.83.145.37 - - [18/Mar/2024:10:43:20 +0800] "GET /xingrg/all/function/internal_message.html?_=1710729801614&CODE_STATE=getMsg HTTP/1.1" 200 27
180.169.147.146 - - [18/Mar/2024:10:43:23 +0800] "GET /xingrg/check_reg.html?_=1710729802562 HTTP/1.1" 200 22
61.170.232.54 - - [18/Mar/2024:10:43:23 +0800] "GET /xingrg/all/function/internal_message.html?_=1710729800328&CODE_STATE=getMsg HTTP/1.1" 200 27
101.228.147.14 - - [18/Mar/2024:10:43:25 +0800] "GET /xingrg/javascript/jquery_easy_ui/themes/default/images/button_plain_hover.png HTTP/1.1" 200 252
101.83.145.37 - - [18/Mar/2024:10:43:27 +0800] "POST /xingrg/kc/buy/cgsh_order_operate.html HTTP/1.1" 200 37
101.228.147.14 - - [18/Mar/2024:10:43:28 +0800] "GET /xingrg/kc/print/load_config.html?_=1710729808154&kc_code=check HTTP/1.1" 200 2488
101.228.147.14 - - [18/Mar/2024:10:43:28 +0800] "GET /xingrg/kc/print/load_data.html?_=1710729808250&order_code=452024031700149&kc_code=check&condition= HTTP/1.1" 200 18336
101.83.145.37 - - [18/Mar/2024:10:43:29 +0800] "POST /xingrg/kc/buy/cgsh_order_operate.html HTTP/1.1" 200 3868
124.77.245.45 - - [18/Mar/2024:10:43:29 +0800] "GET /xingrg/kc/buy/cgsh_order_operate.html?command=get_materiel&rest_code=00146&code=00101008357&supplier_code=00100005&order_time=2024-03-18 HTTP/1.1" 200 408
101.83.145.37 - - [18/Mar/2024:10:43:30 +0800] "GET /xingrg/kc/print/load_data.html?order_code=212024031805370&kc_code=cgsh&condition= HTTP/1.1" 200 1150
124.77.245.45 - - [18/Mar/2024:10:43:31 +0800] "GET /xingrg/all/function/internal_message.html?_=1710729813350&CODE_STATE=getMsg HTTP/1.1" 200 27
180.169.147.146 - - [18/Mar/2024:10:43:33 +0800] "GET /xingrg/all/function/internal_message.html?_=1710729812820&CODE_STATE=getMsg HTTP/1.1" 200 27
180.169.147.146 - - [18/Mar/2024:10:43:35 +0800] "GET /xingrg/all/function/internal_message.html?_=1710729815733&CODE_STATE=getMsg HTTP/1.1" 200 27
101.83.145.37 - - [18/Mar/2024:10:43:35 +0800] "GET /xingrg/kc/buy/cgsh_order_add.html HTTP/1.1" 200 73737
101.83.145.37 - - [18/Mar/2024:10:43:36 +0800] "POST /xingrg/kc/buy/cgsh_order_operate.html HTTP/1.1" 200 8245
101.83.145.37 - - [18/Mar/2024:10:43:36 +0800] "GET /xingrg/javascript/easyui/themes/default/validatebox.css HTTP/1.1" 404 1104
120.253.135.82 - - [18/Mar/2024:10:43:36 +0800] "GET /xingrg/all/function/internal_message.html?_=1710729656382&CODE_STATE=getMsg HTTP/1.1" 200 27
101.228.147.14 - - [18/Mar/2024:10:43:37 +0800] "GET /xingrg/all/function/internal_message.html?_=1710729817481&CODE_STATE=getMsg HTTP/1.1" 200 27
116.224.254.208 - - [18/Mar/2024:10:43:41 +0800] "GET /xingrg/all/function/internal_message.html?_=1710729821300&CODE_STATE=getMsg HTTP/1.1" 200 27
116.224.254.208 - - [18/Mar/2024:10:43:41 +0800] "GET /xingrg/all/function/internal_message.html?_=1710729821374&CODE_STATE=getMsg HTTP/1.1" 200 27
180.169.147.146 - - [18/Mar/2024:10:43:42 +0800] "GET /xingrg/all/function/internal_message.html?_=1710729822434&CODE_STATE=getMsg HTTP/1.1" 200 27
116.224.254.208 - - [18/Mar/2024:10:43:43 +0800] "GET /xingrg/check_reg.html?_=1710729823123 HTTP/1.1" 200 22
222.70.183.82 - - [18/Mar/2024:10:43:43 +0800] "GET /xingrg/all/function/internal_message.html?_=1710729823222&CODE_STATE=getMsg HTTP/1.1" 200 27
124.77.245.45 - - [18/Mar/2024:10:43:47 +0800] "GET /xingrg/kc/buy/cgsh_order_operate.html?command=get_materiel&rest_code=00146&code=00101008242&supplier_code=00100005&order_time=2024-03-18 HTTP/1.1" 200 408
101.83.145.37 - - [18/Mar/2024:10:43:48 +0800] "GET /xingrg/kc/buy/cgsh_order_operate.html?command=get_materiel&rest_code=00105&code=00101010646&supplier_code=00100325&order_time=2024-03-18 HTTP/1.1" 200 422
222.70.115.1 - - [18/Mar/2024:10:43:48 +0800] "GET /xingrg/check_reg.html?_=1710729829236 HTTP/1.1" 200 22
222.70.115.1 - - [18/Mar/2024:10:43:49 +0800] "GET /xingrg/all/function/internal_message.html?_=1710729829245&CODE_STATE=getMsg HTTP/1.1" 200 27
114.83.223.3 - - [18/Mar/2024:10:43:50 +0800] "GET /xingrg/all/function/internal_message.html?_=1710729829852&CODE_STATE=getMsg HTTP/1.1" 200 27
124.78.60.103 - - [18/Mar/2024:10:43:53 +0800] "GET /xingrg/all/function/internal_message.html?_=1710729833803&CODE_STATE=getMsg HTTP/1.1" 200 27
180.164.1.25 - - [18/Mar/2024:10:43:55 +0800] "GET /xingrg/all/function/internal_message.html?_=1710729834256&CODE_STATE=getMsg HTTP/1.1" 200 27
222.70.183.82 - - [18/Mar/2024:10:43:59 +0800] "GET /xingrg/kc/buy/cgsh_order_add.html HTTP/1.1" 200 73611
222.70.183.82 - - [18/Mar/2024:10:43:59 +0800] "GET /xingrg/javascript/easyui/themes/default/validatebox.css HTTP/1.1" 404 1104
222.70.183.82 - - [18/Mar/2024:10:43:59 +0800] "POST /xingrg/kc/buy/cgsh_order_operate.html HTTP/1.1" 200 8245
116.238.97.31 - - [18/Mar/2024:10:44:02 +0800] "GET /xingrg/all/function/internal_message.html?_=1710729844163&CODE_STATE=getMsg HTTP/1.1" 200 27
101.83.145.37 - - [18/Mar/2024:10:44:05 +0800] "POST /xingrg/kc/buy/cgsh_order_operate.html HTTP/1.1" 200 37
116.238.97.31 - - [18/Mar/2024:10:44:05 +0800] "GET /xingrg/login.html HTTP/1.1" 200 7641
116.238.97.31 - - [18/Mar/2024:10:44:06 +0800] "GET /favicon.ico HTTP/1.1" 404 -
61.170.232.54 - - [18/Mar/2024:10:44:07 +0800] "POST /xingrg/kc/buy/cgsh_order_operate.html HTTP/1.1" 200 37
116.238.97.31 - - [18/Mar/2024:10:44:08 +0800] "POST /xingrg/login.do HTTP/1.1" 302 -
116.238.97.31 - - [18/Mar/2024:10:44:08 +0800] "GET /xingrg/index.html?sysBaseUrl=http%3A%2F%2F180.169.147.146%3A18081%2Fxingrg%2F&costTime=948×tamp=1710729848214 HTTP/1.1" 200 17173
101.83.145.37 - - [18/Mar/2024:10:44:08 +0800] "POST /xingrg/kc/buy/cgsh_order_operate.html HTTP/1.1" 200 2666
116.238.97.31 - - [18/Mar/2024:10:44:08 +0800] "GET /xingrg/all/function/internal_message.html?_=1710729849574&CODE_STATE=getMsg HTTP/1.1" 200 27
116.238.97.31 - - [18/Mar/2024:10:44:08 +0800] "GET /favicon.ico HTTP/1.1" 404 -
116.238.97.31 - - [18/Mar/2024:10:44:08 +0800] "GET /xingrg/all/function/internal_message.html?_=1710729850942&CODE_STATE=count HTTP/1.1" 200 11
116.238.97.31 - - [18/Mar/2024:10:44:08 +0800] "GET /xingrg/check_reg.html?_=1710729850943 HTTP/1.1" 200 22
61.170.232.54 - - [18/Mar/2024:10:44:08 +0800] "GET /xingrg/all/function/internal_message.html?_=1710729849154&CODE_STATE=getMsg HTTP/1.1" 200 27
116.238.97.31 - - [18/Mar/2024:10:44:08 +0800] "POST /xingrg/all/common/load_tree.html?tree=area_rest_tree_json&manage=1 HTTP/1.1" 200 342
116.238.97.31 - - [18/Mar/2024:10:44:08 +0800] "POST /xingrg/load_menu.html HTTP/1.1" 200 5138
116.238.97.31 - - [18/Mar/2024:10:44:11 +0800] "GET /xingrg/kc/base/check_order_list.html HTTP/1.1" 200 16170
116.238.97.31 - - [18/Mar/2024:10:44:12 +0800] "POST /xingrg/kc/base/check_list_operate.html HTTP/1.1" 200 3849
101.83.145.37 - - [18/Mar/2024:10:44:13 +0800] "GET /xingrg/kc/print/load_data.html?order_code=212024031805371&kc_code=cgsh&condition= HTTP/1.1" 200 685
116.238.97.31 - - [18/Mar/2024:10:44:15 +0800] "GET /xingrg/kc/base/check_order_info.html?code=452024031700123 HTTP/1.1" 200 26518
116.238.97.31 - - [18/Mar/2024:10:44:15 +0800] "GET /xingrg/dwr/interface/AjaxComOrderService.js HTTP/1.1" 200 18264
116.238.97.31 - - [18/Mar/2024:10:44:15 +0800] "GET /xingrg/dwr/interface/AjaxCheckService.js HTTP/1.1" 200 14003
116.238.97.31 - - [18/Mar/2024:10:44:15 +0800] "GET /xingrg/dwr/engine.js HTTP/1.1" 200 43631
116.238.97.31 - - [18/Mar/2024:10:44:16 +0800] "POST /xingrg/dwr/call/plaincall/AjaxCheckService.loadOrderItems.dwr HTTP/1.1" 200 132580
222.69.134.93 - - [18/Mar/2024:10:44:17 +0800] "GET /xingrg/all/function/internal_message.html?_=1710729860093&CODE_STATE=getMsg HTTP/1.1" 200 27
116.232.194.112 - - [18/Mar/2024:10:44:18 +0800] "GET /xingrg/all/function/internal_message.html?_=1710729831561&CODE_STATE=getMsg HTTP/1.1" 200 27
222.70.183.82 - - [18/Mar/2024:10:44:19 +0800] "GET /xingrg/kc/buy/cgsh_order_operate.html?command=get_materiel&rest_code=00111&code=00101002009&supplier_code=00100094&order_time=2024-03-18 HTTP/1.1" 200 418
101.83.145.37 - - [18/Mar/2024:10:44:20 +0800] "GET /xingrg/all/function/internal_message.html?_=1710729861638&CODE_STATE=getMsg HTTP/1.1" 200 27
101.83.145.37 - - [18/Mar/2024:10:44:20 +0800] "GET /xingrg/check_reg.html?_=1710729861642 HTTP/1.1" 200 22
61.170.232.54 - - [18/Mar/2024:10:44:20 +0800] "POST /xingrg/kc/buy/cgsh_order_operate.html HTTP/1.1" 200 12
116.238.97.31 - - [18/Mar/2024:10:44:22 +0800] "POST /xingrg/dwr/call/plaincall/AjaxCheckService.setItemNumber.dwr HTTP/1.1" 200 76
116.238.97.31 - - [18/Mar/2024:10:44:22 +0800] "POST /xingrg/dwr/call/plaincall/AjaxCheckService.setItemNumber.dwr HTTP/1.1" 200 76
116.238.97.31 - - [18/Mar/2024:10:44:23 +0800] "POST /xingrg/dwr/call/plaincall/AjaxCheckService.setItemNumber.dwr HTTP/1.1" 200 76
116.238.97.31 - - [18/Mar/2024:10:44:23 +0800] "POST /xingrg/dwr/call/plaincall/AjaxCheckService.setItemNumber.dwr HTTP/1.1" 200 76
116.238.97.31 - - [18/Mar/2024:10:44:24 +0800] "POST /xingrg/dwr/call/plaincall/AjaxCheckService.setItemNumber.dwr HTTP/1.1" 200 76
116.238.97.31 - - [18/Mar/2024:10:44:25 +0800] "POST /xingrg/dwr/call/plaincall/AjaxCheckService.setItemNumber.dwr HTTP/1.1" 200 76
116.238.97.31 - - [18/Mar/2024:10:44:25 +0800] "POST /xingrg/dwr/call/plaincall/AjaxCheckService.setItemNumber.dwr HTTP/1.1" 200 76
116.238.97.31 - - [18/Mar/2024:10:44:26 +0800] "POST /xingrg/dwr/call/plaincall/AjaxCheckService.setItemNumber.dwr HTTP/1.1" 200 76
61.170.232.54 - - [18/Mar/2024:10:44:26 +0800] "GET /xingrg/kc/buy/cgsh_order_info.html?code=212024031805354 HTTP/1.1" 200 68566
116.238.97.31 - - [18/Mar/2024:10:44:26 +0800] "POST /xingrg/dwr/call/plaincall/AjaxCheckService.setItemNumber.dwr HTTP/1.1" 200 77
61.170.232.54 - - [18/Mar/2024:10:44:26 +0800] "GET /xingrg/words/20240317191211_words.js HTTP/1.1" 304 -
116.238.97.31 - - [18/Mar/2024:10:44:26 +0800] "POST /xingrg/dwr/call/plaincall/AjaxCheckService.setItemNumber.dwr HTTP/1.1" 200 76
116.238.97.31 - - [18/Mar/2024:10:44:26 +0800] "POST /xingrg/dwr/call/plaincall/AjaxCheckService.setItemNumber.dwr HTTP/1.1" 200 77
61.170.232.54 - - [18/Mar/2024:10:44:26 +0800] "GET /xingrg/javascript/easyui/themes/default/validatebox.css HTTP/1.1" 404 1104
116.238.97.31 - - [18/Mar/2024:10:44:27 +0800] "POST /xingrg/dwr/call/plaincall/AjaxCheckService.setItemNumber.dwr HTTP/1.1" 200 77
116.238.97.31 - - [18/Mar/2024:10:44:27 +0800] "POST /xingrg/dwr/call/plaincall/AjaxCheckService.setItemNumber.dwr HTTP/1.1" 200 77
61.170.232.54 - - [18/Mar/2024:10:44:27 +0800] "POST /xingrg/kc/buy/cgsh_order_operate.html HTTP/1.1" 200 27222
116.238.97.31 - - [18/Mar/2024:10:44:27 +0800] "POST /xingrg/dwr/call/plaincall/AjaxCheckService.setItemNumber.dwr HTTP/1.1" 200 77
116.238.97.31 - - [18/Mar/2024:10:44:28 +0800] "POST /xingrg/dwr/call/plaincall/AjaxCheckService.setItemNumber.dwr HTTP/1.1" 200 77
116.238.97.31 - - [18/Mar/2024:10:44:28 +0800] "POST /xingrg/dwr/call/plaincall/AjaxCheckService.setItemNumber.dwr HTTP/1.1" 200 77
116.238.97.31 - - [18/Mar/2024:10:44:28 +0800] "POST /xingrg/dwr/call/plaincall/AjaxCheckService.setItemNumber.dwr HTTP/1.1" 200 77
116.238.97.31 - - [18/Mar/2024:10:44:29 +0800] "POST /xingrg/dwr/call/plaincall/AjaxCheckService.setItemNumber.dwr HTTP/1.1" 200 77
116.238.97.31 - - [18/Mar/2024:10:44:29 +0800] "POST /xingrg/dwr/call/plaincall/AjaxCheckService.setItemNumber.dwr HTTP/1.1" 200 77
61.170.232.54 - - [18/Mar/2024:10:44:30 +0800] "GET /xingrg/kc/print/load_data.html?order_code=212024031805354&kc_code=cgsh&condition= HTTP/1.1" 200 10784
116.238.97.31 - - [18/Mar/2024:10:44:30 +0800] "POST /xingrg/dwr/call/plaincall/AjaxCheckService.setItemNumber.dwr HTTP/1.1" 200 77
116.238.97.31 - - [18/Mar/2024:10:44:30 +0800] "POST /xingrg/dwr/call/plaincall/AjaxCheckService.setItemNumber.dwr HTTP/1.1" 200 77
116.238.97.31 - - [18/Mar/2024:10:44:30 +0800] "POST /xingrg/dwr/call/plaincall/AjaxCheckService.setItemNumber.dwr HTTP/1.1" 200 77
116.238.97.31 - - [18/Mar/2024:10:44:31 +0800] "POST /xingrg/dwr/call/plaincall/AjaxCheckService.setItemNumber.dwr HTTP/1.1" 200 77
124.77.245.45 - - [18/Mar/2024:10:44:31 +0800] "GET /xingrg/check_reg.html?_=1710729873245 HTTP/1.1" 200 22
116.238.97.31 - - [18/Mar/2024:10:44:31 +0800] "POST /xingrg/dwr/call/plaincall/AjaxCheckService.setItemNumber.dwr HTTP/1.1" 200 77
124.77.245.45 - - [18/Mar/2024:10:44:31 +0800] "GET /xingrg/all/function/internal_message.html?_=1710729873363&CODE_STATE=getMsg HTTP/1.1" 200 27
116.238.97.31 - - [18/Mar/2024:10:44:31 +0800] "POST /xingrg/dwr/call/plaincall/AjaxCheckService.setItemNumber.dwr HTTP/1.1" 200 77
116.238.97.31 - - [18/Mar/2024:10:44:32 +0800] "POST /xingrg/dwr/call/plaincall/AjaxCheckService.setItemNumber.dwr HTTP/1.1" 200 77
116.238.97.31 - - [18/Mar/2024:10:44:32 +0800] "POST /xingrg/dwr/call/plaincall/AjaxCheckService.setItemNumber.dwr HTTP/1.1" 200 77
116.238.97.31 - - [18/Mar/2024:10:44:33 +0800] "POST /xingrg/dwr/call/plaincall/AjaxCheckService.setItemNumber.dwr HTTP/1.1" 200 77
116.238.97.31 - - [18/Mar/2024:10:44:33 +0800] "POST /xingrg/dwr/call/plaincall/AjaxCheckService.setItemNumber.dwr HTTP/1.1" 200 77
116.238.97.31 - - [18/Mar/2024:10:44:33 +0800] "POST /xingrg/dwr/call/plaincall/AjaxCheckService.setItemNumber.dwr HTTP/1.1" 200 77
180.169.147.146 - - [18/Mar/2024:10:44:33 +0800] "GET /xingrg/all/function/internal_message.html?_=1710729872792&CODE_STATE=getMsg HTTP/1.1" 200 27
116.238.97.31 - - [18/Mar/2024:10:44:34 +0800] "POST /xingrg/dwr/call/plaincall/AjaxCheckService.setItemNumber.dwr HTTP/1.1" 200 77
180.169.147.146 - - [18/Mar/2024:10:44:35 +0800] "GET /xingrg/all/function/internal_message.html?_=1710729875733&CODE_STATE=getMsg HTTP/1.1" 200 27
120.253.135.82 - - [18/Mar/2024:10:44:36 +0800] "GET /xingrg/all/function/internal_message.html?_=1710729716395&CODE_STATE=getMsg HTTP/1.1" 200 27
116.238.97.31 - - [18/Mar/2024:10:44:37 +0800] "POST /xingrg/dwr/call/plaincall/AjaxCheckService.setItemNumber.dwr HTTP/1.1" 200 77
116.238.97.31 - - [18/Mar/2024:10:44:37 +0800] "POST /xingrg/dwr/call/plaincall/AjaxCheckService.setItemNumber.dwr HTTP/1.1" 200 77
101.228.147.14 - - [18/Mar/2024:10:44:37 +0800] "GET /xingrg/all/function/internal_message.html?_=1710729877486&CODE_STATE=getMsg HTTP/1.1" 200 27
116.238.97.31 - - [18/Mar/2024:10:44:37 +0800] "POST /xingrg/dwr/call/plaincall/AjaxCheckService.setItemNumber.dwr HTTP/1.1" 200 77
116.238.97.31 - - [18/Mar/2024:10:44:38 +0800] "POST /xingrg/dwr/call/plaincall/AjaxCheckService.setItemNumber.dwr HTTP/1.1" 200 77
61.170.232.54 - - [18/Mar/2024:10:44:38 +0800] "GET /xingrg/kc/base/base_main.html HTTP/1.1" 200 12142
116.238.97.31 - - [18/Mar/2024:10:44:39 +0800] "POST /xingrg/dwr/call/plaincall/AjaxCheckService.setItemNumber.dwr HTTP/1.1" 200 77
61.170.232.54 - - [18/Mar/2024:10:44:40 +0800] "GET /xingrg/kc/base/wldb_order_list.html HTTP/1.1" 200 19051
116.224.254.208 - - [18/Mar/2024:10:44:41 +0800] "GET /xingrg/all/function/internal_message.html?_=1710729881312&CODE_STATE=getMsg HTTP/1.1" 200 27
61.170.232.54 - - [18/Mar/2024:10:44:41 +0800] "POST /xingrg/kc/base/wldb_list_operate.html HTTP/1.1" 200 2165
116.224.254.208 - - [18/Mar/2024:10:44:41 +0800] "GET /xingrg/all/function/internal_message.html?_=1710729881346&CODE_STATE=getMsg HTTP/1.1" 200 27
180.169.147.146 - - [18/Mar/2024:10:44:42 +0800] "GET /xingrg/check_reg.html?_=1710729882418 HTTP/1.1" 200 22
180.169.147.146 - - [18/Mar/2024:10:44:42 +0800] "GET /xingrg/all/function/internal_message.html?_=1710729882421&CODE_STATE=getMsg HTTP/1.1" 200 27
116.238.97.31 - - [18/Mar/2024:10:44:42 +0800] "POST /xingrg/dwr/call/plaincall/AjaxCheckService.setItemNumber.dwr HTTP/1.1" 200 77
116.238.97.31 - - [18/Mar/2024:10:44:43 +0800] "POST /xingrg/dwr/call/plaincall/AjaxCheckService.setItemNumber.dwr HTTP/1.1" 200 77
61.170.232.54 - - [18/Mar/2024:10:44:43 +0800] "GET /xingrg/kc/base/wldb_order_add.html HTTP/1.1" 200 30386
61.170.232.54 - - [18/Mar/2024:10:44:43 +0800] "POST /xingrg/kc/base/wldb_order_operate.html HTTP/1.1" 200 6806
116.238.97.31 - - [18/Mar/2024:10:44:43 +0800] "POST /xingrg/dwr/call/plaincall/AjaxCheckService.setItemNumber.dwr HTTP/1.1" 200 77
61.170.232.54 - - [18/Mar/2024:10:44:43 +0800] "GET /xingrg/javascript/easyui/themes/default/validatebox.css HTTP/1.1" 404 1104
61.170.232.54 - - [18/Mar/2024:10:44:43 +0800] "GET /xingrg/all/common/auto_word.html?type=base&rest_code=00106 HTTP/1.1" 200 1799
61.170.232.54 - - [18/Mar/2024:10:44:43 +0800] "GET /xingrg/all/common/auto_word.html?type=base&rest_code=00106 HTTP/1.1" 200 1799
116.238.97.31 - - [18/Mar/2024:10:44:44 +0800] "POST /xingrg/dwr/call/plaincall/AjaxCheckService.setItemNumber.dwr HTTP/1.1" 200 77
116.238.97.31 - - [18/Mar/2024:10:44:44 +0800] "POST /xingrg/dwr/call/plaincall/AjaxCheckService.setItemNumber.dwr HTTP/1.1" 200 77
116.238.97.31 - - [18/Mar/2024:10:44:44 +0800] "POST /xingrg/dwr/call/plaincall/AjaxCheckService.setItemNumber.dwr HTTP/1.1" 200 77
61.170.232.54 - - [18/Mar/2024:10:44:45 +0800] "POST /xingrg/all/common/load_combo.html?type=base HTTP/1.1" 200 3227
116.238.97.31 - - [18/Mar/2024:10:44:47 +0800] "GET /xingrg/kc/base/check_order_list.html HTTP/1.1" 200 16437
116.238.97.31 - - [18/Mar/2024:10:44:47 +0800] "POST /xingrg/kc/base/check_list_operate.html HTTP/1.1" 200 781
61.170.232.54 - - [18/Mar/2024:10:44:47 +0800] "POST /xingrg/all/common/load_combo.html?type=base HTTP/1.1" 200 3227
116.238.97.31 - - [18/Mar/2024:10:44:48 +0800] "POST /xingrg/dwr/call/plaincall/AjaxCheckService.setItemNumber.dwr HTTP/1.1" 200 77
222.70.115.1 - - [18/Mar/2024:10:44:48 +0800] "GET /xingrg/all/function/internal_message.html?_=1710729889273&CODE_STATE=getMsg HTTP/1.1" 200 27
116.238.97.31 - - [18/Mar/2024:10:44:49 +0800] "POST /xingrg/dwr/call/plaincall/AjaxCheckService.setItemNumber.dwr HTTP/1.1" 200 77
114.83.223.3 - - [18/Mar/2024:10:44:49 +0800] "GET /xingrg/all/function/internal_message.html?_=1710729889837&CODE_STATE=getMsg HTTP/1.1" 200 27
116.238.97.31 - - [18/Mar/2024:10:44:50 +0800] "POST /xingrg/kc/base/check_list_operate.html HTTP/1.1" 200 5445
116.238.97.31 - - [18/Mar/2024:10:44:50 +0800] "POST /xingrg/dwr/call/plaincall/AjaxCheckService.setItemNumber.dwr HTTP/1.1" 200 77
116.238.97.31 - - [18/Mar/2024:10:44:51 +0800] "GET /xingrg/kc/base/check_order_info.html?code=452024031700116 HTTP/1.1" 200 23114
116.238.97.31 - - [18/Mar/2024:10:44:51 +0800] "GET /xingrg/dwr/interface/AjaxComOrderService.js HTTP/1.1" 200 18264
116.238.97.31 - - [18/Mar/2024:10:44:51 +0800] "GET /xingrg/dwr/interface/AjaxCheckService.js HTTP/1.1" 200 14003
116.238.97.31 - - [18/Mar/2024:10:44:51 +0800] "GET /xingrg/dwr/engine.js HTTP/1.1" 200 43631
116.238.97.31 - - [18/Mar/2024:10:44:51 +0800] "POST /xingrg/dwr/call/plaincall/AjaxCheckService.setItemNumber.dwr HTTP/1.1" 200 77
116.238.97.31 - - [18/Mar/2024:10:44:52 +0800] "POST /xingrg/dwr/call/plaincall/AjaxCheckService.setItemNumber.dwr HTTP/1.1" 200 77
116.238.97.31 - - [18/Mar/2024:10:44:52 +0800] "POST /xingrg/dwr/call/plaincall/AjaxCheckService.loadOrderItems.dwr HTTP/1.1" 200 48211
116.238.97.31 - - [18/Mar/2024:10:44:52 +0800] "POST /xingrg/dwr/call/plaincall/AjaxCheckService.setItemNumber.dwr HTTP/1.1" 200 77
116.238.97.31 - - [18/Mar/2024:10:44:52 +0800] "POST /xingrg/dwr/call/plaincall/AjaxCheckService.setItemNumber.dwr HTTP/1.1" 200 77
116.238.97.31 - - [18/Mar/2024:10:44:53 +0800] "POST /xingrg/dwr/call/plaincall/AjaxCheckService.setItemNumber.dwr HTTP/1.1" 200 77
116.238.97.31 - - [18/Mar/2024:10:44:53 +0800] "POST /xingrg/dwr/call/plaincall/AjaxCheckService.setItemNumber.dwr HTTP/1.1" 200 77
124.78.60.103 - - [18/Mar/2024:10:44:53 +0800] "GET /xingrg/all/function/internal_message.html?_=1710729893808&CODE_STATE=getMsg HTTP/1.1" 200 27
61.170.232.54 - - [18/Mar/2024:10:44:53 +0800] "GET /xingrg/kc/base/wldb_order_operate.html?command=get_materiel&rest_code=00106&base_code=0010397&code=00102002204 HTTP/1.1" 200 447
116.238.97.31 - - [18/Mar/2024:10:44:54 +0800] "POST /xingrg/dwr/call/plaincall/AjaxCheckService.setItemNumber.dwr HTTP/1.1" 200 77
116.238.97.31 - - [18/Mar/2024:10:44:54 +0800] "GET /xingrg/kc/base/check_order_info.html?code=452024031700111 HTTP/1.1" 200 23114
116.238.97.31 - - [18/Mar/2024:10:44:54 +0800] "GET /xingrg/dwr/interface/AjaxComOrderService.js HTTP/1.1" 200 18264
116.238.97.31 - - [18/Mar/2024:10:44:54 +0800] "GET /xingrg/dwr/interface/AjaxCheckService.js HTTP/1.1" 200 14003
116.238.97.31 - - [18/Mar/2024:10:44:54 +0800] "GET /xingrg/dwr/engine.js HTTP/1.1" 200 43631
116.238.97.31 - - [18/Mar/2024:10:44:55 +0800] "POST /xingrg/dwr/call/plaincall/AjaxCheckService.loadOrderItems.dwr HTTP/1.1" 200 46538
116.238.97.31 - - [18/Mar/2024:10:44:55 +0800] "POST /xingrg/dwr/call/plaincall/AjaxCheckService.setItemNumber.dwr HTTP/1.1" 200 77
180.164.1.25 - - [18/Mar/2024:10:44:55 +0800] "GET /xingrg/all/function/internal_message.html?_=1710729894236&CODE_STATE=getMsg HTTP/1.1" 200 27
116.238.97.31 - - [18/Mar/2024:10:44:55 +0800] "POST /xingrg/dwr/call/plaincall/AjaxCheckService.setItemNumber.dwr HTTP/1.1" 200 77
116.238.97.31 - - [18/Mar/2024:10:44:56 +0800] "POST /xingrg/dwr/call/plaincall/AjaxCheckService.setItemNumber.dwr HTTP/1.1" 200 77
116.238.97.31 - - [18/Mar/2024:10:44:56 +0800] "POST /xingrg/dwr/call/plaincall/AjaxCheckService.setItemNumber.dwr HTTP/1.1" 200 77
116.238.97.31 - - [18/Mar/2024:10:44:56 +0800] "POST /xingrg/dwr/call/plaincall/AjaxCheckService.setItemNumber.dwr HTTP/1.1" 200 77
116.238.97.31 - - [18/Mar/2024:10:44:57 +0800] "POST /xingrg/dwr/call/plaincall/AjaxCheckService.setItemNumber.dwr HTTP/1.1" 200 77
116.238.97.31 - - [18/Mar/2024:10:44:57 +0800] "POST /xingrg/dwr/call/plaincall/AjaxCheckService.setItemNumber.dwr HTTP/1.1" 200 77
116.238.97.31 - - [18/Mar/2024:10:44:57 +0800] "POST /xingrg/dwr/call/plaincall/AjaxCheckService.setItemNumber.dwr HTTP/1.1" 200 77
116.238.97.31 - - [18/Mar/2024:10:44:58 +0800] "POST /xingrg/dwr/call/plaincall/AjaxCheckService.setItemNumber.dwr HTTP/1.1" 200 77
116.238.97.31 - - [18/Mar/2024:10:44:58 +0800] "POST /xingrg/dwr/call/plaincall/AjaxCheckService.setItemNumber.dwr HTTP/1.1" 200 77
116.238.97.31 - - [18/Mar/2024:10:44:59 +0800] "POST /xingrg/dwr/call/plaincall/AjaxCheckService.setItemNumber.dwr HTTP/1.1" 200 77
116.238.97.31 - - [18/Mar/2024:10:44:59 +0800] "GET /xingrg/kc/base/check_order_info.html?code=452024031700110 HTTP/1.1" 200 23118
116.238.97.31 - - [18/Mar/2024:10:44:59 +0800] "GET /xingrg/dwr/interface/AjaxCheckService.js HTTP/1.1" 200 14003
116.238.97.31 - - [18/Mar/2024:10:44:59 +0800] "GET /xingrg/dwr/interface/AjaxComOrderService.js HTTP/1.1" 200 18264
116.238.97.31 - - [18/Mar/2024:10:44:59 +0800] "GET /xingrg/dwr/engine.js HTTP/1.1" 200 43631
116.238.97.31 - - [18/Mar/2024:10:44:59 +0800] "POST /xingrg/dwr/call/plaincall/AjaxCheckService.setItemNumber.dwr HTTP/1.1" 200 77
116.238.97.31 - - [18/Mar/2024:10:45:00 +0800] "POST /xingrg/dwr/call/plaincall/AjaxCheckService.setItemNumber.dwr HTTP/1.1" 200 77
116.238.97.31 - - [18/Mar/2024:10:45:00 +0800] "POST /xingrg/dwr/call/plaincall/AjaxCheckService.setItemNumber.dwr HTTP/1.1" 200 77
116.238.97.31 - - [18/Mar/2024:10:45:01 +0800] "POST /xingrg/dwr/call/plaincall/AjaxCheckService.setItemNumber.dwr HTTP/1.1" 200 77
116.238.97.31 - - [18/Mar/2024:10:45:01 +0800] "POST /xingrg/dwr/call/plaincall/AjaxCheckService.loadOrderItems.dwr HTTP/1.1" 200 21493
116.238.97.31 - - [18/Mar/2024:10:45:01 +0800] "POST /xingrg/dwr/call/plaincall/AjaxCheckService.setItemNumber.dwr HTTP/1.1" 200 77
61.170.232.54 - - [18/Mar/2024:10:45:02 +0800] "POST /xingrg/kc/base/wldb_order_operate.html HTTP/1.1" 200 37
116.238.97.31 - - [18/Mar/2024:10:45:02 +0800] "POST /xingrg/dwr/call/plaincall/AjaxCheckService.setItemNumber.dwr HTTP/1.1" 200 77
116.238.97.31 - - [18/Mar/2024:10:45:02 +0800] "POST /xingrg/dwr/call/plaincall/AjaxCheckService.setItemNumber.dwr HTTP/1.1" 200 77
116.238.97.31 - - [18/Mar/2024:10:45:02 +0800] "GET /xingrg/all/function/internal_message.html?_=1710729904237&CODE_STATE=getMsg HTTP/1.1" 200 27
61.170.232.54 - - [18/Mar/2024:10:45:02 +0800] "POST /xingrg/kc/base/wldb_order_operate.html HTTP/1.1" 200 2197
222.70.183.82 - - [18/Mar/2024:10:45:04 +0800] "POST /xingrg/kc/buy/cgsh_order_operate.html HTTP/1.1" 200 37
116.238.97.31 - - [18/Mar/2024:10:45:05 +0800] "POST /xingrg/dwr/call/plaincall/AjaxCheckService.setItemNumber.dwr HTTP/1.1" 200 77
116.238.97.31 - - [18/Mar/2024:10:45:05 +0800] "POST /xingrg/dwr/call/plaincall/AjaxCheckService.setItemNumber.dwr HTTP/1.1" 200 77
116.238.97.31 - - [18/Mar/2024:10:45:06 +0800] "POST /xingrg/dwr/call/plaincall/AjaxCheckService.setItemNumber.dwr HTTP/1.1" 200 77
116.238.97.31 - - [18/Mar/2024:10:45:06 +0800] "POST /xingrg/dwr/call/plaincall/AjaxCheckService.setItemNumber.dwr HTTP/1.1" 200 77
116.238.97.31 - - [18/Mar/2024:10:45:06 +0800] "POST /xingrg/dwr/call/plaincall/AjaxCheckService.setItemNumber.dwr HTTP/1.1" 200 77
61.170.232.54 - - [18/Mar/2024:10:45:07 +0800] "GET /xingrg/kc/base/wldb_order_info.html?code=422024031801285 HTTP/1.1" 200 30400
116.238.97.31 - - [18/Mar/2024:10:45:07 +0800] "POST /xingrg/dwr/call/plaincall/AjaxCheckService.setItemNumber.dwr HTTP/1.1" 200 77
61.170.232.54 - - [18/Mar/2024:10:45:07 +0800] "GET /xingrg/javascript/easyui/themes/default/validatebox.css HTTP/1.1" 404 1104
61.170.232.54 - - [18/Mar/2024:10:45:08 +0800] "POST /xingrg/kc/base/wldb_order_operate.html HTTP/1.1" 200 2197
116.238.97.31 - - [18/Mar/2024:10:45:08 +0800] "GET /xingrg/all/function/internal_message.html?_=1710729909591&CODE_STATE=getMsg HTTP/1.1" 200 27
116.238.97.31 - - [18/Mar/2024:10:45:08 +0800] "GET /xingrg/check_reg.html?_=1710729909593 HTTP/1.1" 200 22
116.238.97.31 - - [18/Mar/2024:10:45:08 +0800] "GET /xingrg/all/function/internal_message.html?_=1710729910951&CODE_STATE=getMsg HTTP/1.1" 200 27
61.170.232.54 - - [18/Mar/2024:10:45:08 +0800] "GET /xingrg/all/function/internal_message.html?_=1710729909154&CODE_STATE=getMsg HTTP/1.1" 200 27
61.170.232.54 - - [18/Mar/2024:10:45:08 +0800] "GET /xingrg/check_reg.html?_=1710729909157 HTTP/1.1" 200 22
61.170.232.54 - - [18/Mar/2024:10:45:10 +0800] "GET /xingrg/kc/base/wldb_order_add.html HTTP/1.1" 200 30386
61.170.232.54 - - [18/Mar/2024:10:45:10 +0800] "POST /xingrg/kc/base/wldb_order_operate.html HTTP/1.1" 200 6806
61.170.232.54 - - [18/Mar/2024:10:45:10 +0800] "GET /xingrg/javascript/easyui/themes/default/validatebox.css HTTP/1.1" 404 1104
61.170.232.54 - - [18/Mar/2024:10:45:11 +0800] "POST /xingrg/all/common/load_combo.html?type=base HTTP/1.1" 200 3227
222.70.183.82 - - [18/Mar/2024:10:45:11 +0800] "POST /xingrg/kc/buy/cgsh_order_operate.html HTTP/1.1" 200 12
124.77.245.45 - - [18/Mar/2024:10:45:13 +0800] "GET /xingrg/kc/buy/cgsh_order_operate.html?command=get_materiel&rest_code=00146&code=00101008098&supplier_code=00100005&order_time=2024-03-18 HTTP/1.1" 200 412
222.70.183.82 - - [18/Mar/2024:10:45:14 +0800] "GET /xingrg/kc/buy/cgsh_order_info.html?code=212024031805372 HTTP/1.1" 200 68520
61.170.232.54 - - [18/Mar/2024:10:45:14 +0800] "POST /xingrg/all/common/load_combo.html?type=base HTTP/1.1" 200 3227
222.70.183.82 - - [18/Mar/2024:10:45:16 +0800] "GET /xingrg/javascript/easyui/themes/default/validatebox.css HTTP/1.1" 404 1104
222.70.183.82 - - [18/Mar/2024:10:45:17 +0800] "POST /xingrg/kc/buy/cgsh_order_operate.html HTTP/1.1" 200 615
222.69.134.93 - - [18/Mar/2024:10:45:17 +0800] "GET /xingrg/check_reg.html?_=1710729920071 HTTP/1.1" 200 22
222.69.134.93 - - [18/Mar/2024:10:45:17 +0800] "GET /xingrg/all/function/internal_message.html?_=1710729920073&CODE_STATE=getMsg HTTP/1.1" 200 27
116.232.194.112 - - [18/Mar/2024:10:45:18 +0800] "GET /xingrg/all/function/internal_message.html?_=1710729891555&CODE_STATE=getMsg HTTP/1.1" 200 27
101.83.145.37 - - [18/Mar/2024:10:45:20 +0800] "GET /xingrg/all/function/internal_message.html?_=1710729921617&CODE_STATE=getMsg HTTP/1.1" 200 27
61.170.232.54 - - [18/Mar/2024:10:45:20 +0800] "GET /xingrg/kc/base/wldb_order_operate.html?command=get_materiel&rest_code=00106&base_code=0010397&code=00102002453 HTTP/1.1" 200 433
222.70.183.82 - - [18/Mar/2024:10:45:21 +0800] "GET /xingrg/kc/print/load_data.html?order_code=212024031805372&kc_code=cgsh&condition= HTTP/1.1" 200 776
61.170.232.54 - - [18/Mar/2024:10:45:23 +0800] "GET /xingrg/all/function/internal_message.html?_=1710729920353&CODE_STATE=getMsg HTTP/1.1" 200 27
61.170.232.54 - - [18/Mar/2024:10:45:27 +0800] "GET /xingrg/kc/base/wldb_order_operate.html?command=get_materiel&rest_code=00106&base_code=0010397&code=00102002586 HTTP/1.1" 200 439
124.77.245.45 - - [18/Mar/2024:10:45:31 +0800] "GET /xingrg/all/function/internal_message.html?_=1710729933378&CODE_STATE=getMsg HTTP/1.1" 200 27
180.169.147.146 - - [18/Mar/2024:10:45:33 +0800] "GET /xingrg/all/function/internal_message.html?_=1710729932777&CODE_STATE=getMsg HTTP/1.1" 200 27
61.170.232.54 - - [18/Mar/2024:10:45:34 +0800] "GET /xingrg/kc/base/wldb_order_operate.html?command=get_materiel&rest_code=00106&base_code=0010397&code=00102002238 HTTP/1.1" 200 434
222.70.183.82 - - [18/Mar/2024:10:45:34 +0800] "GET /xingrg/kc/buy/cgsh_order_add.html HTTP/1.1" 200 73611
180.169.147.146 - - [18/Mar/2024:10:45:35 +0800] "GET /xingrg/all/function/internal_message.html?_=1710729935744&CODE_STATE=getMsg HTTP/1.1" 200 27
180.169.147.146 - - [18/Mar/2024:10:45:35 +0800] "GET /xingrg/check_reg.html?_=1710729935747 HTTP/1.1" 200 22
120.253.135.82 - - [18/Mar/2024:10:45:36 +0800] "GET /xingrg/all/function/internal_message.html?_=1710729776411&CODE_STATE=getMsg HTTP/1.1" 200 27
222.70.183.82 - - [18/Mar/2024:10:45:36 +0800] "GET /xingrg/javascript/easyui/themes/default/validatebox.css HTTP/1.1" 404 1104
222.70.183.82 - - [18/Mar/2024:10:45:36 +0800] "POST /xingrg/kc/buy/cgsh_order_operate.html HTTP/1.1" 200 8245
101.228.147.14 - - [18/Mar/2024:10:45:37 +0800] "GET /xingrg/all/function/internal_message.html?_=1710729937486&CODE_STATE=getMsg HTTP/1.1" 200 27
124.77.245.45 - - [18/Mar/2024:10:45:40 +0800] "GET /xingrg/kc/buy/cgsh_order_operate.html?command=get_materiel&rest_code=00146&code=00101008112&supplier_code=00100005&order_time=2024-03-18 HTTP/1.1" 200 412
116.224.254.208 - - [18/Mar/2024:10:45:41 +0800] "GET /xingrg/all/function/internal_message.html?_=1710729941308&CODE_STATE=getMsg HTTP/1.1" 200 27
61.170.232.54 - - [18/Mar/2024:10:45:41 +0800] "GET /xingrg/kc/base/wldb_order_operate.html?command=get_materiel&rest_code=00106&base_code=0010397&code=00102002362 HTTP/1.1" 200 433
116.224.254.208 - - [18/Mar/2024:10:45:41 +0800] "GET /xingrg/all/function/internal_message.html?_=1710729941329&CODE_STATE=getMsg HTTP/1.1" 200 27
180.169.147.146 - - [18/Mar/2024:10:45:42 +0800] "GET /xingrg/all/function/internal_message.html?_=1710729942417&CODE_STATE=getMsg HTTP/1.1" 200 27
222.70.183.82 - - [18/Mar/2024:10:45:43 +0800] "GET /xingrg/all/function/internal_message.html?_=1710729943249&CODE_STATE=getMsg HTTP/1.1" 200 27
222.70.183.82 - - [18/Mar/2024:10:45:43 +0800] "GET /xingrg/check_reg.html?_=1710729943431 HTTP/1.1" 200 22
124.77.245.45 - - [18/Mar/2024:10:45:45 +0800] "POST /xingrg/kc/buy/cgsh_order_operate.html HTTP/1.1" 200 2065
61.170.232.54 - - [18/Mar/2024:10:45:48 +0800] "POST /xingrg/kc/base/wldb_order_operate.html HTTP/1.1" 200 37
222.70.115.1 - - [18/Mar/2024:10:45:48 +0800] "GET /xingrg/all/function/internal_message.html?_=1710729949263&CODE_STATE=getMsg HTTP/1.1" 200 27
222.70.183.82 - - [18/Mar/2024:10:45:49 +0800] "GET /xingrg/kc/buy/cgsh_order_operate.html?command=get_materiel&rest_code=00111&code=00101001125&supplier_code=00100545&order_time=2024-03-18 HTTP/1.1" 200 417
61.170.232.54 - - [18/Mar/2024:10:45:49 +0800] "POST /xingrg/kc/base/wldb_order_operate.html HTTP/1.1" 200 3601
114.83.223.3 - - [18/Mar/2024:10:45:49 +0800] "GET /xingrg/all/function/internal_message.html?_=1710729949823&CODE_STATE=getMsg HTTP/1.1" 200 27
61.170.232.54 - - [18/Mar/2024:10:45:50 +0800] "GET /xingrg/kc/base/wldb_order_info.html?code=422024031801286 HTTP/1.1" 200 30402
61.170.232.54 - - [18/Mar/2024:10:45:51 +0800] "GET /xingrg/javascript/easyui/themes/default/validatebox.css HTTP/1.1" 404 1104
61.170.232.54 - - [18/Mar/2024:10:45:52 +0800] "POST /xingrg/kc/base/wldb_order_operate.html HTTP/1.1" 200 3601
124.78.60.103 - - [18/Mar/2024:10:45:53 +0800] "GET /xingrg/all/function/internal_message.html?_=1710729953799&CODE_STATE=getMsg HTTP/1.1" 200 27
180.164.1.25 - - [18/Mar/2024:10:45:55 +0800] "GET /xingrg/all/function/internal_message.html?_=1710729954211&CODE_STATE=getMsg HTTP/1.1" 200 27
124.77.245.45 - - [18/Mar/2024:10:45:57 +0800] "GET /xingrg/kc/buy/cgsh_order_operate.html?command=get_materiel&rest_code=00146&code=00101008285&supplier_code=00100005&order_time=2024-03-18 HTTP/1.1" 200 413
61.170.232.54 - - [18/Mar/2024:10:46:01 +0800] "GET /xingrg/kc/base/wldb_order_add.html HTTP/1.1" 200 30386
116.238.97.31 - - [18/Mar/2024:10:46:02 +0800] "GET /xingrg/kc/base/check_order_list.html HTTP/1.1" 200 16170
61.170.232.54 - - [18/Mar/2024:10:46:02 +0800] "POST /xingrg/kc/base/wldb_order_operate.html HTTP/1.1" 200 6806
116.238.97.31 - - [18/Mar/2024:10:46:02 +0800] "GET /xingrg/check_reg.html?_=1710729964177 HTTP/1.1" 200 22
61.170.232.54 - - [18/Mar/2024:10:46:02 +0800] "GET /xingrg/javascript/easyui/themes/default/validatebox.css HTTP/1.1" 404 1104
116.238.97.31 - - [18/Mar/2024:10:46:02 +0800] "GET /xingrg/all/function/internal_message.html?_=1710729964214&CODE_STATE=getMsg HTTP/1.1" 200 27
116.238.97.31 - - [18/Mar/2024:10:46:02 +0800] "POST /xingrg/kc/base/check_list_operate.html HTTP/1.1" 200 3849
116.238.97.31 - - [18/Mar/2024:10:46:04 +0800] "GET /xingrg/kc/base/check_order_info.html?code=452024031700130 HTTP/1.1" 200 26518
116.238.97.31 - - [18/Mar/2024:10:46:04 +0800] "GET /xingrg/css/table.css HTTP/1.1" 200 3684
116.238.97.31 - - [18/Mar/2024:10:46:04 +0800] "GET /xingrg/dwr/interface/AjaxComOrderService.js HTTP/1.1" 200 18264
116.238.97.31 - - [18/Mar/2024:10:46:04 +0800] "GET /xingrg/dwr/interface/AjaxCheckService.js HTTP/1.1" 200 14003
116.238.97.31 - - [18/Mar/2024:10:46:04 +0800] "GET /xingrg/dwr/engine.js HTTP/1.1" 200 43631
116.238.97.31 - - [18/Mar/2024:10:46:04 +0800] "GET /xingrg/dwr/util.js HTTP/1.1" 304 -
116.238.97.31 - - [18/Mar/2024:10:46:04 +0800] "GET /xingrg/javascript/AjaxInfoList.js HTTP/1.1" 200 3774
116.238.97.31 - - [18/Mar/2024:10:46:04 +0800] "GET /xingrg/javascript/jquery_easy_ui/themes/icons/check_new.png HTTP/1.1" 200 3224
116.238.97.31 - - [18/Mar/2024:10:46:04 +0800] "GET /xingrg/javascript/jquery_easy_ui/themes/icons/cance_new.png HTTP/1.1" 200 3986
116.238.97.31 - - [18/Mar/2024:10:46:04 +0800] "POST /xingrg/dwr/call/plaincall/AjaxCheckService.loadOrderItems.dwr HTTP/1.1" 200 64293
116.238.97.31 - - [18/Mar/2024:10:46:05 +0800] "GET /xingrg/javascript/jquery_easy_ui/themes/icons/no.png HTTP/1.1" 200 922
222.69.134.93 - - [18/Mar/2024:10:46:06 +0800] "GET /xingrg/kc/buy/cgsh_order_list.html HTTP/1.1" 200 57886
116.238.97.31 - - [18/Mar/2024:10:46:07 +0800] "GET /xingrg/javascript/jquery_easy_ui/themes/default/images/button_plain_hover.png HTTP/1.1" 200 252
116.238.97.31 - - [18/Mar/2024:10:46:08 +0800] "GET /xingrg/kc/base/check_order_list.html?isBack=1 HTTP/1.1" 200 16170
116.238.97.31 - - [18/Mar/2024:10:46:08 +0800] "POST /xingrg/kc/base/check_list_operate.html HTTP/1.1" 200 3849
116.238.97.31 - - [18/Mar/2024:10:46:08 +0800] "GET /xingrg/all/function/internal_message.html?_=1710729969596&CODE_STATE=getMsg HTTP/1.1" 200 27
116.238.97.31 - - [18/Mar/2024:10:46:08 +0800] "GET /xingrg/all/function/internal_message.html?_=1710729970953&CODE_STATE=getMsg HTTP/1.1" 200 27
61.170.232.54 - - [18/Mar/2024:10:46:08 +0800] "GET /xingrg/all/function/internal_message.html?_=1710729969157&CODE_STATE=getMsg HTTP/1.1" 200 27
61.170.232.54 - - [18/Mar/2024:10:46:09 +0800] "POST /xingrg/all/common/load_combo.html?type=base HTTP/1.1" 200 3227
116.238.97.31 - - [18/Mar/2024:10:46:10 +0800] "GET /xingrg/kc/base/check_order_info.html?code=452024031700127 HTTP/1.1" 200 26518
116.238.97.31 - - [18/Mar/2024:10:46:10 +0800] "GET /xingrg/dwr/interface/AjaxComOrderService.js HTTP/1.1" 200 18264
116.238.97.31 - - [18/Mar/2024:10:46:10 +0800] "GET /xingrg/dwr/interface/AjaxCheckService.js HTTP/1.1" 200 14003
116.238.97.31 - - [18/Mar/2024:10:46:10 +0800] "GET /xingrg/dwr/engine.js HTTP/1.1" 200 43631
116.238.97.31 - - [18/Mar/2024:10:46:10 +0800] "POST /xingrg/dwr/call/plaincall/AjaxCheckService.loadOrderItems.dwr HTTP/1.1" 200 11104
222.69.134.93 - - [18/Mar/2024:10:46:11 +0800] "POST /xingrg/kc/buy/cgsh_list_operate.html HTTP/1.1" 200 1373
222.70.183.82 - - [18/Mar/2024:10:46:11 +0800] "GET /xingrg/kc/buy/cgsh_order_operate.html?command=get_materiel&rest_code=00111&code=00101001093&supplier_code=00100545&order_time=2024-03-18 HTTP/1.1" 200 413
116.238.97.31 - - [18/Mar/2024:10:46:12 +0800] "GET /xingrg/kc/base/check_order_list.html?isBack=1 HTTP/1.1" 200 16170
116.238.97.31 - - [18/Mar/2024:10:46:12 +0800] "POST /xingrg/kc/base/check_list_operate.html HTTP/1.1" 200 3849
61.170.232.54 - - [18/Mar/2024:10:46:12 +0800] "POST /xingrg/all/common/load_combo.html?type=base HTTP/1.1" 200 3227
124.77.245.45 - - [18/Mar/2024:10:46:13 +0800] "GET /xingrg/kc/buy/cgsh_order_operate.html?command=get_materiel&rest_code=00146&code=00101008415&supplier_code=00100005&order_time=2024-03-18 HTTP/1.1" 200 412
116.238.97.31 - - [18/Mar/2024:10:46:14 +0800] "GET /xingrg/kc/base/check_order_info.html?code=452024031700128 HTTP/1.1" 200 26518
116.238.97.31 - - [18/Mar/2024:10:46:14 +0800] "GET /xingrg/dwr/interface/AjaxComOrderService.js HTTP/1.1" 200 18264
116.238.97.31 - - [18/Mar/2024:10:46:14 +0800] "GET /xingrg/dwr/interface/AjaxCheckService.js HTTP/1.1" 200 14003
116.238.97.31 - - [18/Mar/2024:10:46:14 +0800] "GET /xingrg/dwr/engine.js HTTP/1.1" 200 43631
222.69.134.93 - - [18/Mar/2024:10:46:14 +0800] "GET /xingrg/kc/buy/cgsh_order_add.html HTTP/1.1" 200 72859
222.69.134.93 - - [18/Mar/2024:10:46:14 +0800] "GET /xingrg/words/20240317191211_words.js HTTP/1.1" 200 1015935
116.238.97.31 - - [18/Mar/2024:10:46:14 +0800] "POST /xingrg/dwr/call/plaincall/AjaxCheckService.loadOrderItems.dwr HTTP/1.1" 200 43761
222.69.134.93 - - [18/Mar/2024:10:46:14 +0800] "POST /xingrg/kc/buy/cgsh_order_operate.html HTTP/1.1" 200 8245
222.69.134.93 - - [18/Mar/2024:10:46:15 +0800] "GET /xingrg/javascript/easyui/themes/default/validatebox.css HTTP/1.1" 404 1104
222.69.134.93 - - [18/Mar/2024:10:46:15 +0800] "GET /xingrg/all/common/auto_word.html?type=employee&rest_code=00154 HTTP/1.1" 200 101
222.69.134.93 - - [18/Mar/2024:10:46:15 +0800] "GET /xingrg/all/common/auto_word.html?type=employee&rest_code=00154 HTTP/1.1" 200 101
222.69.134.93 - - [18/Mar/2024:10:46:15 +0800] "GET /xingrg/javascript/auto/indicator.gif HTTP/1.1" 404 1066
116.238.97.31 - - [18/Mar/2024:10:46:17 +0800] "GET /xingrg/kc/base/check_order_list.html?isBack=1 HTTP/1.1" 200 16170
116.238.97.31 - - [18/Mar/2024:10:46:17 +0800] "POST /xingrg/kc/base/check_list_operate.html HTTP/1.1" 200 3849
222.69.134.93 - - [18/Mar/2024:10:46:17 +0800] "GET /xingrg/all/function/internal_message.html?_=1710729980068&CODE_STATE=getMsg HTTP/1.1" 200 27
116.232.194.112 - - [18/Mar/2024:10:46:18 +0800] "GET /xingrg/all/function/internal_message.html?_=1710729951559&CODE_STATE=getMsg HTTP/1.1" 200 27
116.238.97.31 - - [18/Mar/2024:10:46:19 +0800] "GET /xingrg/kc/base/check_order_info.html?code=452024031700129 HTTP/1.1" 200 26518
116.238.97.31 - - [18/Mar/2024:10:46:19 +0800] "GET /xingrg/dwr/interface/AjaxComOrderService.js HTTP/1.1" 200 18264
116.238.97.31 - - [18/Mar/2024:10:46:19 +0800] "GET /xingrg/dwr/interface/AjaxCheckService.js HTTP/1.1" 200 14003
116.238.97.31 - - [18/Mar/2024:10:46:19 +0800] "GET /xingrg/dwr/engine.js HTTP/1.1" 200 43631
116.238.97.31 - - [18/Mar/2024:10:46:19 +0800] "POST /xingrg/all/user/operate.html HTTP/1.1" 200 36
