61.170.232.54 - - [18/Mar/2024:11:30:59 +0800] "POST /xingrg/all/common/load_tree.html?tree=supplier_tree_json&isDelete=1 HTTP/1.1" 200 78788
114.83.223.3 - - [18/Mar/2024:11:31:00 +0800] "GET /xingrg/all/function/internal_message.html?_=1710732660235&CODE_STATE=getMsg HTTP/1.1" 200 27
101.228.147.14 - - [18/Mar/2024:11:31:01 +0800] "POST /xingrg/dwr/call/plaincall/AjaxComOrderService.getMaterielSearchList.dwr HTTP/1.1" 200 77
124.78.60.103 - - [18/Mar/2024:11:31:01 +0800] "GET /xingrg/kc/buy/cgsh_order_operate.html?command=get_materiel&rest_code=00141&code=00101013197&supplier_code=00100337&order_time=2024-03-18 HTTP/1.1" 200 448
101.228.147.14 - - [18/Mar/2024:11:31:02 +0800] "POST /xingrg/dwr/call/plaincall/AjaxComOrderService.getMaterielSearchList.dwr HTTP/1.1" 200 77
116.224.254.208 - - [18/Mar/2024:11:31:02 +0800] "POST /xingrg/kc/base/wldb_order_operate.html HTTP/1.1" 200 37
116.224.254.208 - - [18/Mar/2024:11:31:03 +0800] "POST /xingrg/kc/base/wldb_order_operate.html HTTP/1.1" 200 2179
101.228.147.14 - - [18/Mar/2024:11:31:03 +0800] "GET /xingrg/all/function/internal_message.html?_=1710732663333&CODE_STATE=getMsg HTTP/1.1" 200 27
114.83.223.3 - - [18/Mar/2024:11:31:07 +0800] "POST /xingrg/kc/buy/cgsh_order_operate.html HTTP/1.1" 200 12
116.238.97.31 - - [18/Mar/2024:11:31:08 +0800] "GET /xingrg/all/function/internal_message.html?_=1710732670988&CODE_STATE=getMsg HTTP/1.1" 200 27
116.238.97.31 - - [18/Mar/2024:11:31:08 +0800] "GET /xingrg/all/function/internal_message.html?_=1710732669591&CODE_STATE=getMsg HTTP/1.1" 200 27
114.83.223.3 - - [18/Mar/2024:11:31:09 +0800] "GET /xingrg/kc/buy/cgsh_order_info.html?code=212024031805460 HTTP/1.1" 200 68654
114.83.223.3 - - [18/Mar/2024:11:31:09 +0800] "GET /xingrg/javascript/easyui/themes/default/validatebox.css HTTP/1.1" 404 1104
101.228.147.14 - - [18/Mar/2024:11:31:09 +0800] "POST /xingrg/dwr/call/plaincall/AjaxComOrderService.getMaterielSearchList.dwr HTTP/1.1" 200 646767
101.228.147.14 - - [18/Mar/2024:11:31:10 +0800] "POST /xingrg/dwr/call/plaincall/AjaxComOrderService.getMaterielSearchList.dwr HTTP/1.1" 200 24036
114.83.223.3 - - [18/Mar/2024:11:31:10 +0800] "POST /xingrg/kc/buy/cgsh_order_operate.html HTTP/1.1" 200 1813
101.228.147.14 - - [18/Mar/2024:11:31:11 +0800] "POST /xingrg/dwr/call/plaincall/AjaxComOrderService.getMaterielSearchList.dwr HTTP/1.1" 200 313
101.228.147.14 - - [18/Mar/2024:11:31:11 +0800] "POST /xingrg/dwr/call/plaincall/AjaxComOrderService.getMaterielSearchList.dwr HTTP/1.1" 200 313
114.83.223.3 - - [18/Mar/2024:11:31:11 +0800] "GET /xingrg/kc/print/load_config.html?kc_code=cgsh HTTP/1.1" 200 1927
116.232.194.112 - - [18/Mar/2024:11:31:12 +0800] "POST /xingrg/services/DataTransmitService HTTP/1.1" 200 524
114.83.223.3 - - [18/Mar/2024:11:31:13 +0800] "GET /xingrg/kc/print/load_data.html?order_code=212024031805460&kc_code=cgsh&condition= HTTP/1.1" 200 1183
116.224.254.208 - - [18/Mar/2024:11:31:13 +0800] "POST /xingrg/kc/base/wldb_order_operate.html HTTP/1.1" 200 12
116.232.194.112 - - [18/Mar/2024:11:31:13 +0800] "POST /xingrg/services/DataTransmitService HTTP/1.1" 200 412
101.228.147.14 - - [18/Mar/2024:11:31:13 +0800] "POST /xingrg/dwr/call/plaincall/AjaxYddbService.getMaterielByMap.dwr HTTP/1.1" 200 1661
116.232.194.112 - - [18/Mar/2024:11:31:14 +0800] "POST /xingrg/kc/buy/cgsh_list_operate.html HTTP/1.1" 200 286
124.78.60.103 - - [18/Mar/2024:11:31:14 +0800] "GET /xingrg/kc/buy/cgsh_order_operate.html?command=get_materiel&rest_code=00141&code=00101010172&supplier_code=00100337&order_time=2024-03-18 HTTP/1.1" 200 409
116.224.254.208 - - [18/Mar/2024:11:31:14 +0800] "GET /xingrg/kc/base/wldb_order_info.html?code=422024031801290 HTTP/1.1" 200 26262
116.224.254.208 - - [18/Mar/2024:11:31:14 +0800] "GET /xingrg/javascript/easyui/themes/default/validatebox.css HTTP/1.1" 404 1104
116.224.254.208 - - [18/Mar/2024:11:31:15 +0800] "POST /xingrg/kc/base/wldb_order_operate.html HTTP/1.1" 200 472
116.232.194.112 - - [18/Mar/2024:11:31:15 +0800] "GET /xingrg/kc/buy/cgsh_order_info.html?code=212024031805377 HTTP/1.1" 200 73754
116.232.194.112 - - [18/Mar/2024:11:31:16 +0800] "GET /xingrg/javascript/easyui/themes/default/validatebox.css HTTP/1.1" 404 1104
116.232.194.112 - - [18/Mar/2024:11:31:17 +0800] "POST /xingrg/kc/buy/cgsh_order_operate.html HTTP/1.1" 200 3267
116.232.194.112 - - [18/Mar/2024:11:31:17 +0800] "GET /xingrg/all/function/internal_message.html?_=1710732649990&CODE_STATE=getMsg HTTP/1.1" 200 27
222.69.134.93 - - [18/Mar/2024:11:31:17 +0800] "GET /xingrg/all/function/internal_message.html?_=1710732680079&CODE_STATE=getMsg HTTP/1.1" 200 27
116.224.254.208 - - [18/Mar/2024:11:31:18 +0800] "GET /xingrg/kc/print/load_config.html?kc_code=wldb HTTP/1.1" 200 2261
116.224.254.208 - - [18/Mar/2024:11:31:18 +0800] "GET /xingrg/all/function/internal_message.html?_=1710732678434&CODE_STATE=getMsg HTTP/1.1" 200 27
101.228.147.14 - - [18/Mar/2024:11:31:18 +0800] "POST /xingrg/dwr/call/plaincall/AjaxYddbService.getUnitPrice.dwr HTTP/1.1" 200 88
114.83.223.3 - - [18/Mar/2024:11:31:18 +0800] "GET /xingrg/kc/buy/cgsh_order_add.html HTTP/1.1" 200 73743
116.232.194.112 - - [18/Mar/2024:11:31:18 +0800] "GET /xingrg/all/function/internal_message.html?_=1710732651189&CODE_STATE=getMsg HTTP/1.1" 200 27
116.224.254.208 - - [18/Mar/2024:11:31:18 +0800] "GET /xingrg/kc/print/load_data.html?order_code=422024031801290&kc_code=wldb&condition= HTTP/1.1" 200 584
114.83.223.3 - - [18/Mar/2024:11:31:18 +0800] "POST /xingrg/kc/buy/cgsh_order_operate.html HTTP/1.1" 200 8245
114.83.223.3 - - [18/Mar/2024:11:31:18 +0800] "GET /xingrg/javascript/easyui/themes/default/validatebox.css HTTP/1.1" 404 1104
116.238.97.31 - - [18/Mar/2024:11:31:19 +0800] "GET /xingrg/check_reg.html?_=1710732681839 HTTP/1.1" 200 22
101.83.145.37 - - [18/Mar/2024:11:31:20 +0800] "GET /xingrg/all/function/internal_message.html?_=1710732681645&CODE_STATE=getMsg HTTP/1.1" 200 27
61.170.232.54 - - [18/Mar/2024:11:31:22 +0800] "GET /xingrg/all/function/internal_message.html?_=1710732679287&CODE_STATE=getMsg HTTP/1.1" 200 27
222.70.183.82 - - [18/Mar/2024:11:31:23 +0800] "GET /xingrg/all/function/internal_message.html?_=1710732681411&CODE_STATE=getMsg HTTP/1.1" 200 27
116.238.97.31 - - [18/Mar/2024:11:31:27 +0800] "GET /xingrg/kc/base/wldb_order_list.html HTTP/1.1" 200 19051
116.238.97.31 - - [18/Mar/2024:11:31:27 +0800] "POST /xingrg/kc/base/wldb_list_operate.html HTTP/1.1" 200 928
124.78.60.103 - - [18/Mar/2024:11:31:28 +0800] "POST /xingrg/kc/buy/cgsh_order_operate.html HTTP/1.1" 200 37
124.78.60.103 - - [18/Mar/2024:11:31:29 +0800] "GET /xingrg/all/function/internal_message.html?_=1710732689066&CODE_STATE=getMsg HTTP/1.1" 200 27
116.238.97.31 - - [18/Mar/2024:11:31:29 +0800] "GET /xingrg/kc/base/wldb_order_add.html HTTP/1.1" 200 30378
116.238.97.31 - - [18/Mar/2024:11:31:29 +0800] "POST /xingrg/kc/base/wldb_order_operate.html HTTP/1.1" 200 6806
116.238.97.31 - - [18/Mar/2024:11:31:29 +0800] "GET /xingrg/javascript/easyui/themes/default/validatebox.css HTTP/1.1" 404 1104
116.224.254.208 - - [18/Mar/2024:11:31:29 +0800] "POST /xingrg/kc/buy/cgsh_list_operate.html HTTP/1.1" 200 645
116.238.97.31 - - [18/Mar/2024:11:31:30 +0800] "POST /xingrg/all/common/load_combo.html?type=base HTTP/1.1" 200 3321
222.70.183.82 - - [18/Mar/2024:11:31:30 +0800] "POST /xingrg/kc/buy/cgsh_order_operate.html HTTP/1.1" 200 37
124.78.60.103 - - [18/Mar/2024:11:31:31 +0800] "POST /xingrg/kc/buy/cgsh_order_operate.html HTTP/1.1" 200 4460
116.238.97.31 - - [18/Mar/2024:11:31:31 +0800] "POST /xingrg/all/common/load_combo.html?type=base HTTP/1.1" 200 3321
222.70.183.82 - - [18/Mar/2024:11:31:31 +0800] "GET /xingrg/all/function/internal_message.html?_=1710732689358&CODE_STATE=getMsg HTTP/1.1" 302 -
61.170.232.54 - - [18/Mar/2024:11:31:31 +0800] "GET /xingrg/kc/buy/cgsh_order_operate.html?command=get_materiel&rest_code=00106&code=00101012046&supplier_code=00100487&order_time=2024-03-18 HTTP/1.1" 200 417
116.224.254.208 - - [18/Mar/2024:11:31:32 +0800] "GET /xingrg/kc/buy/cgsh_order_add.html HTTP/1.1" 200 73699
116.224.254.208 - - [18/Mar/2024:11:31:33 +0800] "POST /xingrg/kc/buy/cgsh_order_operate.html HTTP/1.1" 200 8245
116.224.254.208 - - [18/Mar/2024:11:31:33 +0800] "GET /xingrg/javascript/easyui/themes/default/validatebox.css HTTP/1.1" 404 1104
114.83.223.3 - - [18/Mar/2024:11:31:33 +0800] "GET /xingrg/kc/buy/cgsh_order_operate.html?command=get_materiel&rest_code=00149&code=00101003047&supplier_code=00100093&order_time=2024-03-18 HTTP/1.1" 200 422
124.78.60.103 - - [18/Mar/2024:11:31:33 +0800] "GET /xingrg/kc/print/load_data.html?order_code=212024031805461&kc_code=cgsh&condition= HTTP/1.1" 200 1384
180.169.147.146 - - [18/Mar/2024:11:31:35 +0800] "GET /xingrg/all/function/internal_message.html?_=1710732695867&CODE_STATE=getMsg HTTP/1.1" 200 27
120.253.135.82 - - [18/Mar/2024:11:31:36 +0800] "GET /xingrg/all/function/internal_message.html?_=1710732537065&CODE_STATE=getMsg HTTP/1.1" 200 27
116.238.97.31 - - [18/Mar/2024:11:31:38 +0800] "GET /xingrg/kc/base/wldb_order_operate.html?command=get_materiel&rest_code=00102&base_code=0010476&code=00101019079 HTTP/1.1" 200 479
124.78.60.103 - - [18/Mar/2024:11:31:39 +0800] "POST /xingrg/kc/buy/cgsh_order_operate.html HTTP/1.1" 200 8245
124.78.60.103 - - [18/Mar/2024:11:31:39 +0800] "GET /xingrg/javascript/easyui/themes/default/validatebox.css HTTP/1.1" 404 1104
180.169.147.146 - - [18/Mar/2024:11:31:40 +0800] "GET /xingrg/all/function/internal_message.html?_=1710732700426&CODE_STATE=getMsg HTTP/1.1" 200 27
116.224.254.208 - - [18/Mar/2024:11:31:40 +0800] "GET /xingrg/all/function/internal_message.html?_=1710732700370&CODE_STATE=getMsg HTTP/1.1" 200 27
61.170.232.54 - - [18/Mar/2024:11:31:40 +0800] "GET /xingrg/all/function/internal_message.html?_=1710732700845&CODE_STATE=getMsg HTTP/1.1" 200 27
124.78.60.103 - - [18/Mar/2024:11:31:41 +0800] "GET /xingrg/all/function/internal_message.html?_=1710732701202&CODE_STATE=getMsg HTTP/1.1" 200 27
124.77.245.45 - - [18/Mar/2024:11:31:42 +0800] "GET /xingrg/all/function/internal_message.html?_=1710732704315&CODE_STATE=getMsg HTTP/1.1" 200 27
180.164.1.25 - - [18/Mar/2024:11:31:42 +0800] "GET /xingrg/all/function/internal_message.html?_=1710732701318&CODE_STATE=getMsg HTTP/1.1" 200 27
116.238.97.31 - - [18/Mar/2024:11:31:43 +0800] "GET /xingrg/kc/base/wldb_order_operate.html?command=get_materiel&rest_code=00102&base_code=0010476&code=00101019195 HTTP/1.1" 200 472
116.238.97.31 - - [18/Mar/2024:11:31:47 +0800] "GET /xingrg/kc/base/wldb_order_operate.html?command=get_materiel&rest_code=00102&base_code=0010476&code=00101019315 HTTP/1.1" 200 474
116.238.97.31 - - [18/Mar/2024:11:31:48 +0800] "GET /xingrg/all/function/internal_message.html?_=1710732710357&CODE_STATE=getMsg HTTP/1.1" 200 27
222.70.115.1 - - [18/Mar/2024:11:31:48 +0800] "GET /xingrg/all/function/internal_message.html?_=1710732709377&CODE_STATE=getMsg HTTP/1.1" 200 27
114.83.223.3 - - [18/Mar/2024:11:31:50 +0800] "POST /xingrg/kc/buy/cgsh_order_operate.html HTTP/1.1" 200 37
124.78.60.103 - - [18/Mar/2024:11:31:52 +0800] "GET /xingrg/kc/buy/cgsh_order_operate.html?command=get_materiel&rest_code=00141&code=00101007144&supplier_code=00100547&order_time=2024-03-18 HTTP/1.1" 200 442
116.238.97.31 - - [18/Mar/2024:11:31:54 +0800] "POST /xingrg/kc/base/wldb_order_operate.html HTTP/1.1" 200 37
114.83.223.3 - - [18/Mar/2024:11:31:57 +0800] "POST /xingrg/kc/buy/cgsh_order_operate.html HTTP/1.1" 200 12
116.238.97.31 - - [18/Mar/2024:11:31:57 +0800] "POST /xingrg/kc/base/wldb_order_operate.html HTTP/1.1" 200 3232
180.169.147.146 - - [18/Mar/2024:11:31:58 +0800] "GET /xingrg/all/function/internal_message.html?_=1710732717134&CODE_STATE=getMsg HTTP/1.1" 200 27
114.83.223.3 - - [18/Mar/2024:11:32:00 +0800] "GET /xingrg/all/function/internal_message.html?_=1710732720219&CODE_STATE=getMsg HTTP/1.1" 200 27
116.238.97.31 - - [18/Mar/2024:11:32:01 +0800] "POST /xingrg/kc/base/wldb_order_operate.html HTTP/1.1" 200 12
124.78.60.103 - - [18/Mar/2024:11:32:02 +0800] "POST /xingrg/kc/buy/cgsh_order_operate.html HTTP/1.1" 200 37
116.238.97.31 - - [18/Mar/2024:11:32:03 +0800] "GET /xingrg/kc/base/wldb_order_info.html?code=422024031801291 HTTP/1.1" 200 26254
116.238.97.31 - - [18/Mar/2024:11:32:03 +0800] "GET /xingrg/javascript/easyui/themes/default/validatebox.css HTTP/1.1" 404 1104
101.228.147.14 - - [18/Mar/2024:11:32:03 +0800] "GET /xingrg/all/function/internal_message.html?_=1710732723334&CODE_STATE=getMsg HTTP/1.1" 200 27
116.238.97.31 - - [18/Mar/2024:11:32:03 +0800] "POST /xingrg/kc/base/wldb_order_operate.html HTTP/1.1" 200 1506
101.228.147.14 - - [18/Mar/2024:11:32:05 +0800] "POST /xingrg/dwr/call/plaincall/AjaxYddbService.saveMaterielItem.dwr HTTP/1.1" 200 79
61.170.232.54 - - [18/Mar/2024:11:32:08 +0800] "GET /xingrg/kc/buy/cgsh_order_operate.html?command=get_materiel&rest_code=00106&code=00101012102&supplier_code=00100487&order_time=2024-03-18 HTTP/1.1" 200 418
222.70.183.82 - - [18/Mar/2024:11:32:08 +0800] "POST /xingrg/kc/buy/cgsh_order_operate.html HTTP/1.1" 200 12
116.238.97.31 - - [18/Mar/2024:11:32:08 +0800] "GET /xingrg/all/function/internal_message.html?_=1710732729590&CODE_STATE=getMsg HTTP/1.1" 200 27
114.83.223.3 - - [18/Mar/2024:11:32:09 +0800] "GET /xingrg/kc/print/load_data.html?order_code=212024031805462&kc_code=cgsh&condition= HTTP/1.1" 200 779
114.83.223.3 - - [18/Mar/2024:11:32:09 +0800] "GET /xingrg/kc/buy/cgsh_order_info.html?code=212024031805462 HTTP/1.1" 200 68654
114.83.223.3 - - [18/Mar/2024:11:32:09 +0800] "GET /xingrg/javascript/easyui/themes/default/validatebox.css HTTP/1.1" 404 1104
124.78.60.103 - - [18/Mar/2024:11:32:10 +0800] "POST /xingrg/kc/buy/cgsh_order_operate.html HTTP/1.1" 200 2679
114.83.223.3 - - [18/Mar/2024:11:32:11 +0800] "POST /xingrg/kc/buy/cgsh_order_operate.html HTTP/1.1" 200 621
124.78.60.103 - - [18/Mar/2024:11:32:12 +0800] "GET /xingrg/kc/print/load_data.html?order_code=212024031805463&kc_code=cgsh&condition= HTTP/1.1" 200 673
114.83.223.3 - - [18/Mar/2024:11:32:15 +0800] "GET /xingrg/kc/buy/cgsh_order_add.html HTTP/1.1" 200 73743
114.83.223.3 - - [18/Mar/2024:11:32:15 +0800] "POST /xingrg/kc/buy/cgsh_order_operate.html HTTP/1.1" 200 8245
114.83.223.3 - - [18/Mar/2024:11:32:15 +0800] "GET /xingrg/javascript/easyui/themes/default/validatebox.css HTTP/1.1" 404 1104
116.232.194.112 - - [18/Mar/2024:11:32:17 +0800] "GET /xingrg/check_reg.html?_=1710732709989 HTTP/1.1" 200 22
116.232.194.112 - - [18/Mar/2024:11:32:17 +0800] "GET /xingrg/all/function/internal_message.html?_=1710732709992&CODE_STATE=getMsg HTTP/1.1" 200 27
222.69.134.93 - - [18/Mar/2024:11:32:17 +0800] "GET /xingrg/all/function/internal_message.html?_=1710732740097&CODE_STATE=getMsg HTTP/1.1" 200 27
116.224.254.208 - - [18/Mar/2024:11:32:18 +0800] "GET /xingrg/all/function/internal_message.html?_=1710732738421&CODE_STATE=getMsg HTTP/1.1" 200 27
116.224.254.208 - - [18/Mar/2024:11:32:18 +0800] "GET /xingrg/check_reg.html?_=1710732738515 HTTP/1.1" 200 22
116.232.194.112 - - [18/Mar/2024:11:32:18 +0800] "GET /xingrg/all/function/internal_message.html?_=1710732711174&CODE_STATE=getMsg HTTP/1.1" 200 27
124.78.60.103 - - [18/Mar/2024:11:32:19 +0800] "POST /xingrg/kc/buy/cgsh_order_operate.html HTTP/1.1" 200 8245
124.78.60.103 - - [18/Mar/2024:11:32:19 +0800] "GET /xingrg/javascript/easyui/themes/default/validatebox.css HTTP/1.1" 404 1104
101.83.145.37 - - [18/Mar/2024:11:32:20 +0800] "GET /xingrg/all/function/internal_message.html?_=1710732741646&CODE_STATE=getMsg HTTP/1.1" 200 27
61.170.232.54 - - [18/Mar/2024:11:32:22 +0800] "GET /xingrg/all/function/internal_message.html?_=1710732739258&CODE_STATE=getMsg HTTP/1.1" 200 27
222.70.183.82 - - [18/Mar/2024:11:32:23 +0800] "GET /xingrg/kc/buy/cgsh_order_info.html?code=212024031805372 HTTP/1.1" 200 68520
101.228.147.14 - - [18/Mar/2024:11:32:23 +0800] "POST /xingrg/dwr/call/plaincall/AjaxComOrderService.getMaterielSearchList.dwr HTTP/1.1" 200 581696
222.70.183.82 - - [18/Mar/2024:11:32:23 +0800] "GET /xingrg/all/function/internal_message.html?_=1710732741389&CODE_STATE=getMsg HTTP/1.1" 200 27
61.170.232.54 - - [18/Mar/2024:11:32:25 +0800] "POST /xingrg/kc/buy/cgsh_order_operate.html HTTP/1.1" 200 37
222.70.183.82 - - [18/Mar/2024:11:32:25 +0800] "GET /xingrg/javascript/easyui/themes/default/validatebox.css HTTP/1.1" 404 1104
222.70.183.82 - - [18/Mar/2024:11:32:26 +0800] "POST /xingrg/kc/buy/cgsh_order_operate.html HTTP/1.1" 200 616
101.228.147.14 - - [18/Mar/2024:11:32:27 +0800] "POST /xingrg/dwr/call/plaincall/AjaxComOrderService.getMaterielSearchList.dwr HTTP/1.1" 200 12177
180.164.1.25 - - [18/Mar/2024:11:32:27 +0800] "GET /xingrg/index.html?sysBaseUrl=http%3A%2F%2F180.169.147.146%3A18081%2Fxingrg%2F&costTime=1990×tamp=1710732522224 HTTP/1.1" 200 17183
180.164.1.25 - - [18/Mar/2024:11:32:27 +0800] "GET /xingrg/javascript/jquery_easy_ui/themes/default/easyui.css HTTP/1.1" 304 -
180.164.1.25 - - [18/Mar/2024:11:32:27 +0800] "GET /xingrg/javascript/jquery_easy_ui/themes/icon.css HTTP/1.1" 304 -
180.164.1.25 - - [18/Mar/2024:11:32:27 +0800] "GET /xingrg/css/form.css HTTP/1.1" 304 -
180.164.1.25 - - [18/Mar/2024:11:32:27 +0800] "GET /xingrg/javascript/jquery-1.4.2.min.js HTTP/1.1" 304 -
180.164.1.25 - - [18/Mar/2024:11:32:27 +0800] "GET /xingrg/javascript/jquery_easy_ui/jquery.easyui.min.js HTTP/1.1" 304 -
180.164.1.25 - - [18/Mar/2024:11:32:27 +0800] "GET /xingrg/javascript/jquery_easy_ui/easyui-lang-zh_CN.js HTTP/1.1" 304 -
180.164.1.25 - - [18/Mar/2024:11:32:27 +0800] "GET /xingrg/javascript/jquery.form.js HTTP/1.1" 304 -
180.164.1.25 - - [18/Mar/2024:11:32:27 +0800] "GET /xingrg/javascript/jquery.utils.js HTTP/1.1" 304 -
180.164.1.25 - - [18/Mar/2024:11:32:27 +0800] "GET /xingrg/javascript/jquery.timers.js HTTP/1.1" 304 -
180.164.1.25 - - [18/Mar/2024:11:32:27 +0800] "GET /xingrg/images/blue/jxLogo.png HTTP/1.1" 304 -
180.164.1.25 - - [18/Mar/2024:11:32:27 +0800] "GET /xingrg/javascript/jquery_easy_ui/themes/icons/settle_new.png HTTP/1.1" 304 -
180.164.1.25 - - [18/Mar/2024:11:32:27 +0800] "GET /xingrg/images/blue/navBackgound.jpg HTTP/1.1" 304 -
180.164.1.25 - - [18/Mar/2024:11:32:27 +0800] "GET /xingrg/all/function/internal_message.html?_=1710732746310&CODE_STATE=count HTTP/1.1" 200 11
180.164.1.25 - - [18/Mar/2024:11:32:27 +0800] "GET /xingrg/images/blue/pingpu.png HTTP/1.1" 304 -
180.164.1.25 - - [18/Mar/2024:11:32:27 +0800] "GET /xingrg/check_reg.html?_=1710732746310 HTTP/1.1" 200 22
180.164.1.25 - - [18/Mar/2024:11:32:27 +0800] "GET /xingrg/javascript/jquery_easy_ui/themes/default/images/tabs_rightarrow.png HTTP/1.1" 304 -
180.164.1.25 - - [18/Mar/2024:11:32:27 +0800] "GET /xingrg/javascript/jquery_easy_ui/themes/default/images/panel_tool_collapse.gif HTTP/1.1" 304 -
180.164.1.25 - - [18/Mar/2024:11:32:27 +0800] "GET /xingrg/javascript/jquery_easy_ui/themes/default/images/tabs_leftarrow.png HTTP/1.1" 304 -
180.164.1.25 - - [18/Mar/2024:11:32:27 +0800] "POST /xingrg/all/common/load_tree.html?tree=area_rest_tree_json&manage=1 HTTP/1.1" 200 357
180.164.1.25 - - [18/Mar/2024:11:32:27 +0800] "POST /xingrg/load_menu.html HTTP/1.1" 200 5138
114.83.223.3 - - [18/Mar/2024:11:32:27 +0800] "GET /xingrg/kc/buy/cgsh_order_operate.html?command=get_materiel&rest_code=00149&code=00101029005&supplier_code=00100019&order_time=2024-03-18 HTTP/1.1" 200 436
101.228.147.14 - - [18/Mar/2024:11:32:28 +0800] "POST /xingrg/dwr/call/plaincall/AjaxComOrderService.getMaterielSearchList.dwr HTTP/1.1" 200 1342
124.78.60.103 - - [18/Mar/2024:11:32:29 +0800] "GET /xingrg/all/function/internal_message.html?_=1710732749077&CODE_STATE=getMsg HTTP/1.1" 200 27
101.228.147.14 - - [18/Mar/2024:11:32:30 +0800] "POST /xingrg/dwr/call/plaincall/AjaxComOrderService.getMaterielSearchList.dwr HTTP/1.1" 200 470
101.228.147.14 - - [18/Mar/2024:11:32:31 +0800] "POST /xingrg/dwr/call/plaincall/AjaxComOrderService.getMaterielSearchList.dwr HTTP/1.1" 200 470
180.164.1.25 - - [18/Mar/2024:11:32:31 +0800] "GET /xingrg/kc/buy/cgsh_order_list.html HTTP/1.1" 200 57890
222.70.183.82 - - [18/Mar/2024:11:32:31 +0800] "GET /xingrg/all/function/internal_message.html?_=1710732749353&CODE_STATE=getMsg HTTP/1.1" 302 -
222.70.183.82 - - [18/Mar/2024:11:32:32 +0800] "GET /xingrg/all/function/internal_message.html?_=1710732751793&CODE_STATE=getMsg HTTP/1.1" 200 27
101.228.147.14 - - [18/Mar/2024:11:32:32 +0800] "POST /xingrg/dwr/call/plaincall/AjaxComOrderService.getMaterielSearchList.dwr HTTP/1.1" 200 318
101.228.147.14 - - [18/Mar/2024:11:32:34 +0800] "POST /xingrg/dwr/call/plaincall/AjaxYddbService.getMaterielByMap.dwr HTTP/1.1" 200 1668
180.169.147.146 - - [18/Mar/2024:11:32:35 +0800] "GET /xingrg/all/function/internal_message.html?_=1710732755855&CODE_STATE=getMsg HTTP/1.1" 200 27
124.78.60.103 - - [18/Mar/2024:11:32:35 +0800] "GET /xingrg/kc/buy/cgsh_order_operate.html?command=get_materiel&rest_code=00141&code=00101006084&supplier_code=00100505&order_time=2024-03-18 HTTP/1.1" 200 413
120.253.135.82 - - [18/Mar/2024:11:32:35 +0800] "GET /xingrg/check_reg.html?_=1710732595990 HTTP/1.1" 200 22
120.253.135.82 - - [18/Mar/2024:11:32:37 +0800] "GET /xingrg/all/function/internal_message.html?_=1710732597079&CODE_STATE=getMsg HTTP/1.1" 200 27
61.170.232.54 - - [18/Mar/2024:11:32:38 +0800] "POST /xingrg/kc/buy/cgsh_order_operate.html HTTP/1.1" 200 12
61.170.232.54 - - [18/Mar/2024:11:32:40 +0800] "GET /xingrg/kc/buy/cgsh_order_info.html?code=212024031805464 HTTP/1.1" 200 68568
180.169.147.146 - - [18/Mar/2024:11:32:40 +0800] "GET /xingrg/all/function/internal_message.html?_=1710732760420&CODE_STATE=getMsg HTTP/1.1" 200 27
116.224.254.208 - - [18/Mar/2024:11:32:40 +0800] "GET /xingrg/all/function/internal_message.html?_=1710732760349&CODE_STATE=getMsg HTTP/1.1" 200 27
101.228.147.14 - - [18/Mar/2024:11:32:40 +0800] "POST /xingrg/dwr/call/plaincall/AjaxYddbService.getUnitPrice.dwr HTTP/1.1" 200 88
61.170.232.54 - - [18/Mar/2024:11:32:40 +0800] "GET /xingrg/javascript/easyui/themes/default/validatebox.css HTTP/1.1" 404 1104
61.170.232.54 - - [18/Mar/2024:11:32:40 +0800] "GET /xingrg/all/function/internal_message.html?_=1710732760848&CODE_STATE=getMsg HTTP/1.1" 200 27
124.78.60.103 - - [18/Mar/2024:11:32:41 +0800] "GET /xingrg/all/function/internal_message.html?_=1710732761179&CODE_STATE=getMsg HTTP/1.1" 200 27
124.78.60.103 - - [18/Mar/2024:11:32:41 +0800] "GET /xingrg/check_reg.html?_=1710732761367 HTTP/1.1" 200 22
61.170.232.54 - - [18/Mar/2024:11:32:41 +0800] "POST /xingrg/kc/buy/cgsh_order_operate.html HTTP/1.1" 200 1208
124.77.245.45 - - [18/Mar/2024:11:32:42 +0800] "GET /xingrg/all/function/internal_message.html?_=1710732764330&CODE_STATE=getMsg HTTP/1.1" 200 27
61.170.232.54 - - [18/Mar/2024:11:32:44 +0800] "GET /xingrg/kc/print/load_data.html?order_code=212024031805464&kc_code=cgsh&condition= HTTP/1.1" 200 933
116.238.97.31 - - [18/Mar/2024:11:32:48 +0800] "GET /xingrg/all/function/internal_message.html?_=1710732770329&CODE_STATE=getMsg HTTP/1.1" 200 27
222.70.115.1 - - [18/Mar/2024:11:32:48 +0800] "GET /xingrg/all/function/internal_message.html?_=1710732769368&CODE_STATE=getMsg HTTP/1.1" 200 27
61.170.232.54 - - [18/Mar/2024:11:32:49 +0800] "GET /xingrg/kc/buy/cgsh_order_add.html HTTP/1.1" 200 73649
61.170.232.54 - - [18/Mar/2024:11:32:49 +0800] "POST /xingrg/kc/buy/cgsh_order_operate.html HTTP/1.1" 200 8245
61.170.232.54 - - [18/Mar/2024:11:32:49 +0800] "GET /xingrg/javascript/easyui/themes/default/validatebox.css HTTP/1.1" 404 1104
61.170.232.54 - - [18/Mar/2024:11:32:51 +0800] "GET /xingrg/javascript/easyui/themes/default/tree.css HTTP/1.1" 404 1090
61.170.232.54 - - [18/Mar/2024:11:32:52 +0800] "POST /xingrg/all/common/load_tree.html?tree=supplier_tree_json&isDelete=1 HTTP/1.1" 200 78788
61.170.232.54 - - [18/Mar/2024:11:32:56 +0800] "GET /xingrg/check_reg.html?_=1710732772994 HTTP/1.1" 200 22
180.169.147.146 - - [18/Mar/2024:11:32:58 +0800] "GET /xingrg/all/function/internal_message.html?_=1710732777111&CODE_STATE=getMsg HTTP/1.1" 200 27
114.83.223.3 - - [18/Mar/2024:11:33:00 +0800] "GET /xingrg/all/function/internal_message.html?_=1710732780193&CODE_STATE=getMsg HTTP/1.1" 200 27
101.228.147.14 - - [18/Mar/2024:11:33:03 +0800] "GET /xingrg/all/function/internal_message.html?_=1710732783337&CODE_STATE=getMsg HTTP/1.1" 200 27
124.78.60.103 - - [18/Mar/2024:11:33:05 +0800] "POST /xingrg/kc/buy/cgsh_order_operate.html HTTP/1.1" 200 37
101.83.145.37 - - [18/Mar/2024:11:33:06 +0800] "GET /xingrg/kc/base/wldb_order_list.html HTTP/1.1" 200 19051
101.83.145.37 - - [18/Mar/2024:11:33:07 +0800] "POST /xingrg/kc/base/wldb_list_operate.html HTTP/1.1" 200 928
116.238.97.31 - - [18/Mar/2024:11:33:08 +0800] "GET /xingrg/all/function/internal_message.html?_=1710732789580&CODE_STATE=getMsg HTTP/1.1" 200 27
180.164.1.25 - - [18/Mar/2024:11:33:10 +0800] "POST /xingrg/kc/buy/cgsh_list_operate.html HTTP/1.1" 200 4301
101.83.145.37 - - [18/Mar/2024:11:33:10 +0800] "GET /xingrg/kc/base/wldb_order_add.html HTTP/1.1" 200 30382
101.83.145.37 - - [18/Mar/2024:11:33:11 +0800] "POST /xingrg/kc/base/wldb_order_operate.html HTTP/1.1" 200 6806
101.83.145.37 - - [18/Mar/2024:11:33:11 +0800] "GET /xingrg/all/common/auto_word.html?type=base&rest_code=00105 HTTP/1.1" 200 1907
101.83.145.37 - - [18/Mar/2024:11:33:11 +0800] "GET /xingrg/javascript/easyui/themes/default/validatebox.css HTTP/1.1" 404 1104
101.83.145.37 - - [18/Mar/2024:11:33:11 +0800] "GET /xingrg/all/common/auto_word.html?type=base&rest_code=00105 HTTP/1.1" 200 1907
101.83.145.37 - - [18/Mar/2024:11:33:12 +0800] "GET /xingrg/css/images/panel_loading.gif HTTP/1.1" 304 -
101.83.145.37 - - [18/Mar/2024:11:33:12 +0800] "POST /xingrg/all/common/load_combo.html?type=base HTTP/1.1" 200 3409
116.232.194.112 - - [18/Mar/2024:11:33:17 +0800] "GET /xingrg/all/function/internal_message.html?_=1710732769984&CODE_STATE=getMsg HTTP/1.1" 200 27
222.69.134.93 - - [18/Mar/2024:11:33:17 +0800] "GET /xingrg/all/function/internal_message.html?_=1710732800087&CODE_STATE=getMsg HTTP/1.1" 200 27
116.224.254.208 - - [18/Mar/2024:11:33:18 +0800] "GET /xingrg/all/function/internal_message.html?_=1710732798420&CODE_STATE=getMsg HTTP/1.1" 200 27
116.232.194.112 - - [18/Mar/2024:11:33:18 +0800] "GET /xingrg/all/function/internal_message.html?_=1710732771153&CODE_STATE=getMsg HTTP/1.1" 200 27
116.232.194.112 - - [18/Mar/2024:11:33:18 +0800] "GET /xingrg/check_reg.html?_=1710732771561 HTTP/1.1" 200 22
101.83.145.37 - - [18/Mar/2024:11:33:20 +0800] "GET /xingrg/all/function/internal_message.html?_=1710732801699&CODE_STATE=getMsg HTTP/1.1" 200 27
61.170.232.54 - - [18/Mar/2024:11:33:22 +0800] "GET /xingrg/all/function/internal_message.html?_=1710732799237&CODE_STATE=getMsg HTTP/1.1" 200 27
101.83.145.37 - - [18/Mar/2024:11:33:23 +0800] "GET /xingrg/kc/base/wldb_order_operate.html?command=get_materiel&rest_code=00105&base_code=0010507&code=00101019125 HTTP/1.1" 200 482
222.70.183.82 - - [18/Mar/2024:11:33:23 +0800] "GET /xingrg/all/function/internal_message.html?_=1710732801377&CODE_STATE=getMsg HTTP/1.1" 200 27
180.164.1.25 - - [18/Mar/2024:11:33:27 +0800] "GET /xingrg/all/function/internal_message.html?_=1710732806320&CODE_STATE=getMsg HTTP/1.1" 200 27
61.170.232.54 - - [18/Mar/2024:11:33:28 +0800] "GET /xingrg/kc/buy/cgsh_order_operate.html?command=get_materiel&rest_code=00106&code=00101001322&supplier_code=00100653&order_time=2024-03-18 HTTP/1.1" 200 426
101.83.145.37 - - [18/Mar/2024:11:33:29 +0800] "GET /xingrg/kc/base/wldb_order_operate.html?command=get_materiel&rest_code=00105&base_code=0010507&code=00101019222 HTTP/1.1" 200 452
124.78.60.103 - - [18/Mar/2024:11:33:29 +0800] "GET /xingrg/all/function/internal_message.html?_=1710732809068&CODE_STATE=getMsg HTTP/1.1" 200 27
222.70.183.82 - - [18/Mar/2024:11:33:31 +0800] "GET /xingrg/all/function/internal_message.html?_=1710732809349&CODE_STATE=getMsg HTTP/1.1" 302 -
101.83.145.37 - - [18/Mar/2024:11:33:33 +0800] "POST /xingrg/kc/base/wldb_order_operate.html HTTP/1.1" 200 37
101.83.145.37 - - [18/Mar/2024:11:33:34 +0800] "POST /xingrg/kc/base/wldb_order_operate.html HTTP/1.1" 200 2707
180.164.1.25 - - [18/Mar/2024:11:33:34 +0800] "GET /xingrg/kc/buy/cgsh_order_add.html HTTP/1.1" 200 73747
180.164.1.25 - - [18/Mar/2024:11:33:35 +0800] "POST /xingrg/kc/buy/cgsh_order_operate.html HTTP/1.1" 200 8245
180.164.1.25 - - [18/Mar/2024:11:33:35 +0800] "GET /xingrg/javascript/easyui/themes/default/validatebox.css HTTP/1.1" 404 1104
180.164.1.25 - - [18/Mar/2024:11:33:35 +0800] "GET /xingrg/all/common/auto_word.html?type=employee&rest_code=00108 HTTP/1.1" 200 101
180.164.1.25 - - [18/Mar/2024:11:33:35 +0800] "GET /xingrg/all/common/auto_word.html?type=employee&rest_code=00108 HTTP/1.1" 200 101
180.169.147.146 - - [18/Mar/2024:11:33:35 +0800] "GET /xingrg/all/function/internal_message.html?_=1710732815847&CODE_STATE=getMsg HTTP/1.1" 200 27
120.253.135.82 - - [18/Mar/2024:11:33:37 +0800] "GET /xingrg/all/function/internal_message.html?_=1710732657092&CODE_STATE=getMsg HTTP/1.1" 200 27
101.83.145.37 - - [18/Mar/2024:11:33:38 +0800] "GET /xingrg/kc/base/wldb_order_info.html?code=422024031801292 HTTP/1.1" 200 30395
101.83.145.37 - - [18/Mar/2024:11:33:39 +0800] "GET /xingrg/javascript/easyui/themes/default/validatebox.css HTTP/1.1" 404 1104
101.83.145.37 - - [18/Mar/2024:11:33:40 +0800] "POST /xingrg/kc/base/wldb_order_operate.html HTTP/1.1" 200 2707
61.170.232.54 - - [18/Mar/2024:11:33:40 +0800] "GET /xingrg/kc/buy/buy_main.html HTTP/1.1" 200 12412
61.170.232.54 - - [18/Mar/2024:11:33:40 +0800] "GET /xingrg/css/new_ie.css HTTP/1.1" 404 1036
116.224.254.208 - - [18/Mar/2024:11:33:40 +0800] "GET /xingrg/all/function/internal_message.html?_=1710732820324&CODE_STATE=getMsg HTTP/1.1" 200 27
180.169.147.146 - - [18/Mar/2024:11:33:40 +0800] "GET /xingrg/all/function/internal_message.html?_=1710732820434&CODE_STATE=getMsg HTTP/1.1" 200 27
61.170.232.54 - - [18/Mar/2024:11:33:40 +0800] "GET /xingrg/all/function/internal_message.html?_=1710732820855&CODE_STATE=getMsg HTTP/1.1" 200 27
61.170.232.54 - - [18/Mar/2024:11:33:40 +0800] "GET /xingrg/check_reg.html?_=1710732820858 HTTP/1.1" 200 22
61.170.232.54 - - [18/Mar/2024:11:33:40 +0800] "GET /xingrg/images/yd/bt.gif HTTP/1.1" 404 1040
61.170.232.54 - - [18/Mar/2024:11:33:41 +0800] "GET /xingrg/kc/buy/cgsh_order_list.html HTTP/1.1" 200 57880
101.83.145.37 - - [18/Mar/2024:11:33:42 +0800] "GET /xingrg/kc/base/wldb_order_add.html HTTP/1.1" 200 30382
101.83.145.37 - - [18/Mar/2024:11:33:42 +0800] "POST /xingrg/kc/base/wldb_order_operate.html HTTP/1.1" 200 6806
101.83.145.37 - - [18/Mar/2024:11:33:42 +0800] "GET /xingrg/javascript/easyui/themes/default/validatebox.css HTTP/1.1" 404 1104
116.224.254.208 - - [18/Mar/2024:11:33:43 +0800] "GET /xingrg/check_reg.html?_=1710732823109 HTTP/1.1" 200 22
101.83.145.37 - - [18/Mar/2024:11:33:43 +0800] "POST /xingrg/all/common/load_combo.html?type=base HTTP/1.1" 200 3409
124.77.245.45 - - [18/Mar/2024:11:33:43 +0800] "GET /xingrg/all/function/internal_message.html?_=1710732825455&CODE_STATE=getMsg HTTP/1.1" 200 27
61.170.232.54 - - [18/Mar/2024:11:33:44 +0800] "POST /xingrg/kc/buy/cgsh_list_operate.html HTTP/1.1" 200 645
61.170.232.54 - - [18/Mar/2024:11:33:44 +0800] "POST /xingrg/all/common/load_select.html HTTP/1.1" 200 25
114.83.223.3 - - [18/Mar/2024:11:33:45 +0800] "GET /xingrg/kc/buy/cgsh_order_operate.html?command=get_materiel&rest_code=00149&code=00101028011&supplier_code=00100019&order_time=2024-03-18 HTTP/1.1" 200 454
116.238.97.31 - - [18/Mar/2024:11:33:48 +0800] "GET /xingrg/all/function/internal_message.html?_=1710732830314&CODE_STATE=getMsg HTTP/1.1" 200 27
222.70.115.1 - - [18/Mar/2024:11:33:48 +0800] "GET /xingrg/all/function/internal_message.html?_=1710732829374&CODE_STATE=getMsg HTTP/1.1" 200 27
222.70.115.1 - - [18/Mar/2024:11:33:48 +0800] "GET /xingrg/check_reg.html?_=1710732829383 HTTP/1.1" 200 22
61.170.232.54 - - [18/Mar/2024:11:33:50 +0800] "GET /xingrg/kc/buy/cgsh_order_operate.html?command=get_materiel_price&rest_code=00106&code=00101001322&unit_code=00100736&supplier_code=00100653&order_time=2024-03-18 HTTP/1.1" 200 28
101.83.145.37 - - [18/Mar/2024:11:33:52 +0800] "GET /xingrg/kc/base/wldb_order_operate.html?command=get_materiel&rest_code=00105&base_code=0010508&code=00102002204 HTTP/1.1" 200 448
114.83.223.3 - - [18/Mar/2024:11:33:55 +0800] "GET /xingrg/kc/buy/cgsh_order_operate.html?command=get_materiel&rest_code=00149&code=00101028005&supplier_code=00100019&order_time=2024-03-18 HTTP/1.1" 200 434
101.228.147.14 - - [18/Mar/2024:11:33:56 +0800] "POST /xingrg/dwr/call/plaincall/AjaxYddbService.saveMaterielItem.dwr HTTP/1.1" 200 79
101.83.145.37 - - [18/Mar/2024:11:33:57 +0800] "POST /xingrg/kc/base/wldb_order_operate.html HTTP/1.1" 200 37
180.169.147.146 - - [18/Mar/2024:11:33:58 +0800] "GET /xingrg/all/function/internal_message.html?_=1710732837090&CODE_STATE=getMsg HTTP/1.1" 200 27
101.83.145.37 - - [18/Mar/2024:11:33:58 +0800] "POST /xingrg/kc/base/wldb_order_operate.html HTTP/1.1" 200 2199
114.83.223.3 - - [18/Mar/2024:11:33:59 +0800] "GET /xingrg/check_reg.html?_=1710732839286 HTTP/1.1" 200 22
114.83.223.3 - - [18/Mar/2024:11:34:00 +0800] "GET /xingrg/all/function/internal_message.html?_=1710732840171&CODE_STATE=getMsg HTTP/1.1" 200 27
101.83.145.37 - - [18/Mar/2024:11:34:02 +0800] "GET /xingrg/kc/base/wldb_order_info.html?code=422024031801293 HTTP/1.1" 200 30396
101.83.145.37 - - [18/Mar/2024:11:34:03 +0800] "GET /xingrg/javascript/easyui/themes/default/validatebox.css HTTP/1.1" 404 1104
101.228.147.14 - - [18/Mar/2024:11:34:03 +0800] "GET /xingrg/all/function/internal_message.html?_=1710732843330&CODE_STATE=getMsg HTTP/1.1" 200 27
101.83.145.37 - - [18/Mar/2024:11:34:03 +0800] "POST /xingrg/kc/base/wldb_order_operate.html HTTP/1.1" 200 2199
114.83.223.3 - - [18/Mar/2024:11:34:04 +0800] "GET /xingrg/kc/buy/cgsh_order_operate.html?command=get_materiel&rest_code=00149&code=00101026072&supplier_code=00100019&order_time=2024-03-18 HTTP/1.1" 200 458
101.83.145.37 - - [18/Mar/2024:11:34:05 +0800] "GET /xingrg/kc/base/wldb_order_add.html HTTP/1.1" 200 30382
101.83.145.37 - - [18/Mar/2024:11:34:06 +0800] "GET /xingrg/javascript/easyui/themes/default/validatebox.css HTTP/1.1" 404 1104
101.83.145.37 - - [18/Mar/2024:11:34:06 +0800] "POST /xingrg/kc/base/wldb_order_operate.html HTTP/1.1" 200 6806
101.83.145.37 - - [18/Mar/2024:11:34:06 +0800] "POST /xingrg/all/common/load_combo.html?type=base HTTP/1.1" 200 3409
61.170.232.54 - - [18/Mar/2024:11:34:07 +0800] "POST /xingrg/kc/buy/cgsh_list_operate.html HTTP/1.1" 200 4776
116.238.97.31 - - [18/Mar/2024:11:34:08 +0800] "GET /xingrg/all/function/internal_message.html?_=1710732849595&CODE_STATE=getMsg HTTP/1.1" 200 27
101.228.147.14 - - [18/Mar/2024:11:34:13 +0800] "POST /xingrg/dwr/call/plaincall/AjaxComOrderService.getMaterielSearchList.dwr HTTP/1.1" 200 20664
101.228.147.14 - - [18/Mar/2024:11:34:14 +0800] "POST /xingrg/dwr/call/plaincall/AjaxComOrderService.getMaterielSearchList.dwr HTTP/1.1" 200 602
61.170.232.54 - - [18/Mar/2024:11:34:14 +0800] "POST /xingrg/kc/buy/cgsh_order_operate.html HTTP/1.1" 200 37
116.232.194.112 - - [18/Mar/2024:11:34:17 +0800] "GET /xingrg/all/function/internal_message.html?_=1710732829990&CODE_STATE=getMsg HTTP/1.1" 200 27
101.228.147.14 - - [18/Mar/2024:11:34:17 +0800] "POST /xingrg/dwr/call/plaincall/AjaxComOrderService.getMaterielSearchList.dwr HTTP/1.1" 200 460
222.69.134.93 - - [18/Mar/2024:11:34:17 +0800] "GET /xingrg/all/function/internal_message.html?_=1710732860088&CODE_STATE=getMsg HTTP/1.1" 200 27
116.224.254.208 - - [18/Mar/2024:11:34:18 +0800] "GET /xingrg/all/function/internal_message.html?_=1710732858380&CODE_STATE=getMsg HTTP/1.1" 200 27
116.232.194.112 - - [18/Mar/2024:11:34:18 +0800] "GET /xingrg/all/function/internal_message.html?_=1710732831148&CODE_STATE=getMsg HTTP/1.1" 200 27
101.83.145.37 - - [18/Mar/2024:11:34:19 +0800] "GET /xingrg/kc/base/wldb_order_operate.html?command=get_materiel&rest_code=00105&base_code=0010508&code=00102002022 HTTP/1.1" 200 472
114.83.223.3 - - [18/Mar/2024:11:34:19 +0800] "POST /xingrg/kc/buy/cgsh_order_operate.html HTTP/1.1" 200 88
101.228.147.14 - - [18/Mar/2024:11:34:19 +0800] "POST /xingrg/dwr/call/plaincall/AjaxYddbService.getMaterielByMap.dwr HTTP/1.1" 200 1678
101.83.145.37 - - [18/Mar/2024:11:34:20 +0800] "GET /xingrg/check_reg.html?_=1710732861661 HTTP/1.1" 200 22
101.83.145.37 - - [18/Mar/2024:11:34:20 +0800] "GET /xingrg/all/function/internal_message.html?_=1710732861666&CODE_STATE=getMsg HTTP/1.1" 200 27
61.170.232.54 - - [18/Mar/2024:11:34:22 +0800] "GET /xingrg/all/function/internal_message.html?_=1710732859218&CODE_STATE=getMsg HTTP/1.1" 200 27
101.228.147.14 - - [18/Mar/2024:11:34:23 +0800] "POST /xingrg/dwr/call/plaincall/AjaxYddbService.getUnitPrice.dwr HTTP/1.1" 200 87
222.70.183.82 - - [18/Mar/2024:11:34:23 +0800] "GET /xingrg/all/function/internal_message.html?_=1710732861352&CODE_STATE=getMsg HTTP/1.1" 200 27
101.83.145.37 - - [18/Mar/2024:11:34:24 +0800] "POST /xingrg/kc/base/wldb_order_operate.html HTTP/1.1" 200 37
61.170.232.54 - - [18/Mar/2024:11:34:26 +0800] "POST /xingrg/kc/buy/cgsh_order_operate.html HTTP/1.1" 200 12
101.83.145.37 - - [18/Mar/2024:11:34:26 +0800] "POST /xingrg/kc/base/wldb_order_operate.html HTTP/1.1" 200 2215
101.83.145.37 - - [18/Mar/2024:11:34:26 +0800] "GET /xingrg/kc/base/wldb_order_info.html?code=422024031801294 HTTP/1.1" 200 30396
101.83.145.37 - - [18/Mar/2024:11:34:26 +0800] "GET /xingrg/javascript/easyui/themes/default/validatebox.css HTTP/1.1" 404 1104
180.164.1.25 - - [18/Mar/2024:11:34:27 +0800] "GET /xingrg/all/function/internal_message.html?_=1710732866335&CODE_STATE=getMsg HTTP/1.1" 200 27
101.83.145.37 - - [18/Mar/2024:11:34:27 +0800] "POST /xingrg/kc/base/wldb_order_operate.html HTTP/1.1" 200 2215
61.170.232.54 - - [18/Mar/2024:11:34:29 +0800] "GET /xingrg/kc/buy/cgsh_order_info.html?code=212024031805466 HTTP/1.1" 200 68550
124.78.60.103 - - [18/Mar/2024:11:34:29 +0800] "GET /xingrg/all/function/internal_message.html?_=1710732869072&CODE_STATE=getMsg HTTP/1.1" 200 27
61.170.232.54 - - [18/Mar/2024:11:34:29 +0800] "GET /xingrg/javascript/easyui/themes/default/validatebox.css HTTP/1.1" 404 1104
222.70.183.82 - - [18/Mar/2024:11:34:31 +0800] "GET /xingrg/all/function/internal_message.html?_=1710732869356&CODE_STATE=getMsg HTTP/1.1" 302 -
124.77.245.45 - - [18/Mar/2024:11:34:32 +0800] "GET /xingrg/check_reg.html?_=1710732873829 HTTP/1.1" 200 22
114.83.223.3 - - [18/Mar/2024:11:34:32 +0800] "POST /xingrg/kc/buy/cgsh_order_operate.html HTTP/1.1" 200 37
61.170.232.54 - - [18/Mar/2024:11:34:32 +0800] "POST /xingrg/kc/buy/cgsh_order_operate.html HTTP/1.1" 200 611
101.83.145.37 - - [18/Mar/2024:11:34:34 +0800] "GET /xingrg/kc/base/wldb_order_add.html HTTP/1.1" 200 30382
101.83.145.37 - - [18/Mar/2024:11:34:34 +0800] "POST /xingrg/kc/base/wldb_order_operate.html HTTP/1.1" 200 6806
101.83.145.37 - - [18/Mar/2024:11:34:34 +0800] "GET /xingrg/javascript/easyui/themes/default/validatebox.css HTTP/1.1" 404 1104
101.83.145.37 - - [18/Mar/2024:11:34:35 +0800] "POST /xingrg/all/common/load_combo.html?type=base HTTP/1.1" 200 3409
180.169.147.146 - - [18/Mar/2024:11:34:35 +0800] "GET /xingrg/all/function/internal_message.html?_=1710732875853&CODE_STATE=getMsg HTTP/1.1" 200 27
61.170.232.54 - - [18/Mar/2024:11:34:35 +0800] "GET /xingrg/kc/print/load_data.html?order_code=212024031805466&kc_code=cgsh&condition= HTTP/1.1" 200 684
120.253.135.82 - - [18/Mar/2024:11:34:37 +0800] "GET /xingrg/all/function/internal_message.html?_=1710732717106&CODE_STATE=getMsg HTTP/1.1" 200 27
114.83.223.3 - - [18/Mar/2024:11:34:39 +0800] "POST /xingrg/kc/buy/cgsh_order_operate.html HTTP/1.1" 200 12
116.224.254.208 - - [18/Mar/2024:11:34:40 +0800] "GET /xingrg/all/function/internal_message.html?_=1710732880300&CODE_STATE=getMsg HTTP/1.1" 200 27
180.169.147.146 - - [18/Mar/2024:11:34:40 +0800] "GET /xingrg/all/function/internal_message.html?_=1710732880441&CODE_STATE=getMsg HTTP/1.1" 200 27
61.170.232.54 - - [18/Mar/2024:11:34:40 +0800] "GET /xingrg/all/function/internal_message.html?_=1710732880862&CODE_STATE=getMsg HTTP/1.1" 200 27
61.170.232.54 - - [18/Mar/2024:11:34:43 +0800] "GET /xingrg/kc/buy/cgsh_order_add.html HTTP/1.1" 200 73649
114.83.223.3 - - [18/Mar/2024:11:34:43 +0800] "GET /xingrg/kc/buy/cgsh_order_info.html?code=212024031805468 HTTP/1.1" 200 68650
61.170.232.54 - - [18/Mar/2024:11:34:43 +0800] "POST /xingrg/kc/buy/cgsh_order_operate.html HTTP/1.1" 200 8245
61.170.232.54 - - [18/Mar/2024:11:34:43 +0800] "GET /xingrg/javascript/easyui/themes/default/validatebox.css HTTP/1.1" 404 1104
114.83.223.3 - - [18/Mar/2024:11:34:43 +0800] "GET /xingrg/javascript/easyui/themes/default/validatebox.css HTTP/1.1" 404 1104
124.77.245.45 - - [18/Mar/2024:11:34:43 +0800] "GET /xingrg/all/function/internal_message.html?_=1710732885463&CODE_STATE=getMsg HTTP/1.1" 200 27
114.83.223.3 - - [18/Mar/2024:11:34:44 +0800] "POST /xingrg/kc/buy/cgsh_order_operate.html HTTP/1.1" 200 2497
61.170.232.54 - - [18/Mar/2024:11:34:44 +0800] "GET /xingrg/javascript/easyui/themes/default/tree.css HTTP/1.1" 404 1090
61.170.232.54 - - [18/Mar/2024:11:34:45 +0800] "POST /xingrg/all/common/load_tree.html?tree=supplier_tree_json&isDelete=1 HTTP/1.1" 200 78788
114.83.223.3 - - [18/Mar/2024:11:34:46 +0800] "GET /xingrg/kc/print/load_data.html?order_code=212024031805468&kc_code=cgsh&condition= HTTP/1.1" 200 1559
101.228.147.14 - - [18/Mar/2024:11:34:47 +0800] "POST /xingrg/dwr/call/plaincall/AjaxYddbService.saveMaterielItem.dwr HTTP/1.1" 200 79
116.238.97.31 - - [18/Mar/2024:11:34:48 +0800] "GET /xingrg/all/function/internal_message.html?_=1710732890296&CODE_STATE=getMsg HTTP/1.1" 200 27
222.70.115.1 - - [18/Mar/2024:11:34:48 +0800] "GET /xingrg/all/function/internal_message.html?_=1710732889367&CODE_STATE=getMsg HTTP/1.1" 200 27
114.83.223.3 - - [18/Mar/2024:11:34:51 +0800] "GET /xingrg/kc/buy/cgsh_order_add.html HTTP/1.1" 200 73743
114.83.223.3 - - [18/Mar/2024:11:34:51 +0800] "POST /xingrg/kc/buy/cgsh_order_operate.html HTTP/1.1" 200 8245
114.83.223.3 - - [18/Mar/2024:11:34:51 +0800] "GET /xingrg/javascript/easyui/themes/default/validatebox.css HTTP/1.1" 404 1104
101.83.145.37 - - [18/Mar/2024:11:34:52 +0800] "GET /xingrg/kc/base/wldb_order_operate.html?command=get_materiel&rest_code=00105&base_code=0010507&code=00101019496 HTTP/1.1" 200 470
180.169.147.146 - - [18/Mar/2024:11:34:58 +0800] "GET /xingrg/all/function/internal_message.html?_=1710732897063&CODE_STATE=getMsg HTTP/1.1" 200 27
101.83.145.37 - - [18/Mar/2024:11:34:59 +0800] "GET /xingrg/kc/base/wldb_order_operate.html?command=get_materiel&rest_code=00105&base_code=0010507&code=00101013052 HTTP/1.1" 200 442
114.83.223.3 - - [18/Mar/2024:11:35:00 +0800] "GET /xingrg/all/function/internal_message.html?_=1710732900143&CODE_STATE=getMsg HTTP/1.1" 200 27
101.228.147.14 - - [18/Mar/2024:11:35:03 +0800] "GET /xingrg/check_reg.html?_=1710732903328 HTTP/1.1" 200 22
101.228.147.14 - - [18/Mar/2024:11:35:03 +0800] "GET /xingrg/all/function/internal_message.html?_=1710732903330&CODE_STATE=getMsg HTTP/1.1" 200 27
61.170.232.54 - - [18/Mar/2024:11:35:05 +0800] "GET /xingrg/kc/buy/cgsh_order_operate.html?command=get_materiel&rest_code=00106&code=00101010079&supplier_code=00100336&order_time=2024-03-18 HTTP/1.1" 200 413
101.228.147.14 - - [18/Mar/2024:11:35:05 +0800] "POST /xingrg/dwr/call/plaincall/AjaxComOrderService.getMaterielSearchList.dwr HTTP/1.1" 200 323082
101.83.145.37 - - [18/Mar/2024:11:35:07 +0800] "GET /xingrg/kc/base/wldb_order_operate.html?command=get_materiel&rest_code=00105&base_code=0010507&code=00101012077 HTTP/1.1" 200 436
101.228.147.14 - - [18/Mar/2024:11:35:07 +0800] "POST /xingrg/dwr/call/plaincall/AjaxComOrderService.getMaterielSearchList.dwr HTTP/1.1" 200 13489
116.238.97.31 - - [18/Mar/2024:11:35:08 +0800] "GET /xingrg/check_reg.html?_=1710732909596 HTTP/1.1" 200 22
116.238.97.31 - - [18/Mar/2024:11:35:08 +0800] "GET /xingrg/all/function/internal_message.html?_=1710732909599&CODE_STATE=getMsg HTTP/1.1" 200 27
101.228.147.14 - - [18/Mar/2024:11:35:09 +0800] "POST /xingrg/dwr/call/plaincall/AjaxComOrderService.getMaterielSearchList.dwr HTTP/1.1" 200 445
114.83.223.3 - - [18/Mar/2024:11:35:09 +0800] "GET /xingrg/kc/buy/cgsh_order_operate.html?command=get_materiel&rest_code=00149&code=00101001180&supplier_code=00100545&order_time=2024-03-18 HTTP/1.1" 200 416
101.228.147.14 - - [18/Mar/2024:11:35:10 +0800] "POST /xingrg/dwr/call/plaincall/AjaxComOrderService.getMaterielSearchList.dwr HTTP/1.1" 200 303
101.83.145.37 - - [18/Mar/2024:11:35:12 +0800] "POST /xingrg/kc/base/wldb_order_operate.html HTTP/1.1" 200 37
101.228.147.14 - - [18/Mar/2024:11:35:13 +0800] "POST /xingrg/dwr/call/plaincall/AjaxYddbService.getMaterielByMap.dwr HTTP/1.1" 200 1643
101.83.145.37 - - [18/Mar/2024:11:35:13 +0800] "POST /xingrg/kc/base/wldb_order_operate.html HTTP/1.1" 200 3160
101.83.145.37 - - [18/Mar/2024:11:35:17 +0800] "GET /xingrg/kc/base/wldb_order_info.html?code=422024031801295 HTTP/1.1" 200 30399
116.232.194.112 - - [18/Mar/2024:11:35:17 +0800] "GET /xingrg/all/function/internal_message.html?_=1710732889990&CODE_STATE=getMsg HTTP/1.1" 200 27
101.83.145.37 - - [18/Mar/2024:11:35:17 +0800] "GET /xingrg/javascript/easyui/themes/default/validatebox.css HTTP/1.1" 404 1104
222.69.134.93 - - [18/Mar/2024:11:35:17 +0800] "GET /xingrg/all/function/internal_message.html?_=1710732920088&CODE_STATE=getMsg HTTP/1.1" 200 27
222.69.134.93 - - [18/Mar/2024:11:35:17 +0800] "GET /xingrg/check_reg.html?_=1710732920091 HTTP/1.1" 200 22
116.224.254.208 - - [18/Mar/2024:11:35:18 +0800] "GET /xingrg/all/function/internal_message.html?_=1710732918365&CODE_STATE=getMsg HTTP/1.1" 200 27
101.83.145.37 - - [18/Mar/2024:11:35:18 +0800] "POST /xingrg/kc/base/wldb_order_operate.html HTTP/1.1" 200 3160
116.232.194.112 - - [18/Mar/2024:11:35:18 +0800] "POST /xingrg/kc/buy/cgsh_list_operate.html HTTP/1.1" 200 205
116.232.194.112 - - [18/Mar/2024:11:35:18 +0800] "GET /xingrg/all/function/internal_message.html?_=1710732891146&CODE_STATE=getMsg HTTP/1.1" 200 27
116.232.194.112 - - [18/Mar/2024:11:35:19 +0800] "GET /xingrg/kc/buy/cgsh_order_info.html?code=212024031805344 HTTP/1.1" 200 73752
101.83.145.37 - - [18/Mar/2024:11:35:20 +0800] "GET /xingrg/kc/base/wldb_order_add.html HTTP/1.1" 200 30382
116.232.194.112 - - [18/Mar/2024:11:35:20 +0800] "GET /xingrg/javascript/easyui/themes/default/validatebox.css HTTP/1.1" 404 1104
101.83.145.37 - - [18/Mar/2024:11:35:20 +0800] "GET /xingrg/javascript/easyui/themes/default/validatebox.css HTTP/1.1" 404 1104
101.83.145.37 - - [18/Mar/2024:11:35:20 +0800] "GET /xingrg/all/function/internal_message.html?_=1710732921878&CODE_STATE=getMsg HTTP/1.1" 200 27
101.83.145.37 - - [18/Mar/2024:11:35:20 +0800] "POST /xingrg/kc/base/wldb_order_operate.html HTTP/1.1" 200 6806
101.83.145.37 - - [18/Mar/2024:11:35:20 +0800] "POST /xingrg/all/common/load_combo.html?type=base HTTP/1.1" 200 3409
61.170.232.54 - - [18/Mar/2024:11:35:22 +0800] "GET /xingrg/all/function/internal_message.html?_=1710732919190&CODE_STATE=getMsg HTTP/1.1" 200 27
61.170.232.54 - - [18/Mar/2024:11:35:23 +0800] "POST /xingrg/kc/buy/cgsh_order_operate.html HTTP/1.1" 200 37
116.232.194.112 - - [18/Mar/2024:11:35:23 +0800] "POST /xingrg/kc/buy/cgsh_order_operate.html HTTP/1.1" 200 2662
222.70.183.82 - - [18/Mar/2024:11:35:23 +0800] "GET /xingrg/all/function/internal_message.html?_=1710732921350&CODE_STATE=getMsg HTTP/1.1" 200 27
180.164.1.25 - - [18/Mar/2024:11:35:27 +0800] "GET /xingrg/all/function/internal_message.html?_=1710732926336&CODE_STATE=getMsg HTTP/1.1" 200 27
116.232.194.112 - - [18/Mar/2024:11:35:28 +0800] "GET /xingrg/kc/print/load_data.html?order_code=212024031805344&kc_code=cgsh HTTP/1.1" 200 751
124.78.60.103 - - [18/Mar/2024:11:35:29 +0800] "GET /xingrg/check_reg.html?_=1710732929063 HTTP/1.1" 200 22
124.78.60.103 - - [18/Mar/2024:11:35:29 +0800] "GET /xingrg/all/function/internal_message.html?_=1710732929067&CODE_STATE=getMsg HTTP/1.1" 200 27
61.170.232.54 - - [18/Mar/2024:11:35:31 +0800] "POST /xingrg/kc/buy/cgsh_order_operate.html HTTP/1.1" 200 12
222.70.183.82 - - [18/Mar/2024:11:35:31 +0800] "GET /xingrg/all/function/internal_message.html?_=1710732929348&CODE_STATE=getMsg HTTP/1.1" 302 -
222.70.183.82 - - [18/Mar/2024:11:35:31 +0800] "GET /xingrg/check_reg.html?_=1710732929352 HTTP/1.1" 302 -
101.83.145.37 - - [18/Mar/2024:11:35:32 +0800] "GET /xingrg/kc/base/wldb_order_operate.html?command=get_materiel&rest_code=00105&base_code=0010507&code=00101019542 HTTP/1.1" 200 445
61.170.232.54 - - [18/Mar/2024:11:35:33 +0800] "GET /xingrg/kc/buy/cgsh_order_info.html?code=212024031805469 HTTP/1.1" 200 68558
61.170.232.54 - - [18/Mar/2024:11:35:34 +0800] "GET /xingrg/javascript/easyui/themes/default/validatebox.css HTTP/1.1" 404 1104
61.170.232.54 - - [18/Mar/2024:11:35:35 +0800] "POST /xingrg/kc/buy/cgsh_order_operate.html HTTP/1.1" 200 607
180.169.147.146 - - [18/Mar/2024:11:35:35 +0800] "GET /xingrg/all/function/internal_message.html?_=1710732935874&CODE_STATE=getMsg HTTP/1.1" 200 27
180.169.147.146 - - [18/Mar/2024:11:35:35 +0800] "GET /xingrg/check_reg.html?_=1710732935902 HTTP/1.1" 200 22
120.253.135.82 - - [18/Mar/2024:11:35:37 +0800] "GET /xingrg/all/function/internal_message.html?_=1710732777123&CODE_STATE=getMsg HTTP/1.1" 200 27
101.83.145.37 - - [18/Mar/2024:11:35:38 +0800] "GET /xingrg/kc/base/wldb_order_operate.html?command=get_materiel&rest_code=00105&base_code=0010507&code=00101019142 HTTP/1.1" 200 463
61.170.232.54 - - [18/Mar/2024:11:35:38 +0800] "GET /xingrg/kc/print/load_data.html?order_code=212024031805469&kc_code=cgsh&condition= HTTP/1.1" 200 699
116.224.254.208 - - [18/Mar/2024:11:35:40 +0800] "GET /xingrg/all/function/internal_message.html?_=1710732940293&CODE_STATE=getMsg HTTP/1.1" 200 27
180.169.147.146 - - [18/Mar/2024:11:35:40 +0800] "GET /xingrg/check_reg.html?_=1710732940430 HTTP/1.1" 200 22
180.169.147.146 - - [18/Mar/2024:11:35:40 +0800] "GET /xingrg/all/function/internal_message.html?_=1710732940433&CODE_STATE=getMsg HTTP/1.1" 200 27
