61.170.232.54 - - [18/Mar/2024:11:40:40 +0800] "GET /xingrg/all/function/internal_message.html?_=1710733241113&CODE_STATE=getMsg HTTP/1.1" 200 27
124.78.60.103 - - [18/Mar/2024:11:40:41 +0800] "GET /xingrg/all/function/internal_message.html?_=1710733241192&CODE_STATE=getMsg HTTP/1.1" 200 27
120.253.135.82 - - [18/Mar/2024:11:40:41 +0800] "POST /xingrg/kc/pszx/mdps_order_operate.html HTTP/1.1" 200 12
124.78.60.103 - - [18/Mar/2024:11:40:42 +0800] "POST /xingrg/kc/buy/cgsh_order_operate.html HTTP/1.1" 200 37
120.253.135.82 - - [18/Mar/2024:11:40:43 +0800] "GET /xingrg/all/function/internal_message.html?_=1710733416071&CODE_STATE=getMsg HTTP/1.1" 200 27
61.170.232.54 - - [18/Mar/2024:11:40:43 +0800] "GET /xingrg/kc/buy/cgsh_order_add.html HTTP/1.1" 200 73649
61.170.232.54 - - [18/Mar/2024:11:40:44 +0800] "POST /xingrg/kc/buy/cgsh_order_operate.html HTTP/1.1" 200 8245
61.170.232.54 - - [18/Mar/2024:11:40:44 +0800] "GET /xingrg/javascript/easyui/themes/default/validatebox.css HTTP/1.1" 404 1104
124.78.60.103 - - [18/Mar/2024:11:40:44 +0800] "POST /xingrg/kc/buy/cgsh_order_operate.html HTTP/1.1" 200 2662
124.77.245.45 - - [18/Mar/2024:11:40:44 +0800] "GET /xingrg/all/function/internal_message.html?_=1710733246698&CODE_STATE=getMsg HTTP/1.1" 200 27
61.170.232.54 - - [18/Mar/2024:11:40:45 +0800] "GET /xingrg/javascript/easyui/themes/default/tree.css HTTP/1.1" 404 1090
61.170.232.54 - - [18/Mar/2024:11:40:46 +0800] "POST /xingrg/all/common/load_tree.html?tree=supplier_tree_json&isDelete=1 HTTP/1.1" 200 78788
124.78.60.103 - - [18/Mar/2024:11:40:46 +0800] "GET /xingrg/kc/print/load_data.html?order_code=212024031805475&kc_code=cgsh&condition= HTTP/1.1" 200 690
222.70.183.82 - - [18/Mar/2024:11:40:47 +0800] "GET /xingrg/check_reg.html?_=1710733244640 HTTP/1.1" 200 22
120.253.135.82 - - [18/Mar/2024:11:40:47 +0800] "GET /xingrg/kc/pszx/mdps_order_info.html?code=312024031400274 HTTP/1.1" 200 19642
120.253.135.82 - - [18/Mar/2024:11:40:48 +0800] "GET /xingrg/javascript/easyui/themes/default/validatebox.css HTTP/1.1" 404 1104
116.238.97.31 - - [18/Mar/2024:11:40:48 +0800] "GET /xingrg/all/function/internal_message.html?_=1710733250216&CODE_STATE=getMsg HTTP/1.1" 200 27
120.253.135.82 - - [18/Mar/2024:11:40:48 +0800] "POST /xingrg/kc/pszx/mdps_order_operate.html HTTP/1.1" 200 496
222.70.115.1 - - [18/Mar/2024:11:40:48 +0800] "GET /xingrg/all/function/internal_message.html?_=1710733249401&CODE_STATE=getMsg HTTP/1.1" 200 27
101.228.147.14 - - [18/Mar/2024:11:40:49 +0800] "POST /xingrg/dwr/call/plaincall/AjaxComOrderService.getMaterielSearchList.dwr HTTP/1.1" 200 65273
116.232.194.112 - - [18/Mar/2024:11:40:49 +0800] "POST /xingrg/kc/buy/cgsh_list_operate.html HTTP/1.1" 200 349
120.253.135.82 - - [18/Mar/2024:11:40:50 +0800] "POST /xingrg/kc/pszx/mdps_list_operate.html HTTP/1.1" 200 2064
101.228.147.14 - - [18/Mar/2024:11:40:50 +0800] "POST /xingrg/dwr/call/plaincall/AjaxComOrderService.getMaterielSearchList.dwr HTTP/1.1" 200 9263
101.228.147.14 - - [18/Mar/2024:11:40:50 +0800] "POST /xingrg/dwr/call/plaincall/AjaxComOrderService.getMaterielSearchList.dwr HTTP/1.1" 200 435
116.232.194.112 - - [18/Mar/2024:11:40:51 +0800] "GET /xingrg/kc/buy/cgsh_order_info.html?code=212024031805347 HTTP/1.1" 200 73750
116.232.194.112 - - [18/Mar/2024:11:40:51 +0800] "GET /xingrg/javascript/easyui/themes/default/validatebox.css HTTP/1.1" 404 1104
120.253.135.82 - - [18/Mar/2024:11:40:52 +0800] "POST /xingrg/kc/pszx/mdps_list_operate.html HTTP/1.1" 200 664
116.232.194.112 - - [18/Mar/2024:11:40:52 +0800] "POST /xingrg/kc/buy/cgsh_order_operate.html HTTP/1.1" 200 3839
101.228.147.14 - - [18/Mar/2024:11:40:52 +0800] "POST /xingrg/dwr/call/plaincall/AjaxComOrderService.getMaterielSearchList.dwr HTTP/1.1" 200 435
120.253.135.82 - - [18/Mar/2024:11:40:53 +0800] "GET /xingrg/kc/pszx/mdps_order_info.html?code=312024031700330 HTTP/1.1" 200 23978
120.253.135.82 - - [18/Mar/2024:11:40:53 +0800] "GET /xingrg/javascript/easyui/themes/default/validatebox.css HTTP/1.1" 404 1104
120.253.135.82 - - [18/Mar/2024:11:40:54 +0800] "POST /xingrg/kc/pszx/mdps_order_operate.html HTTP/1.1" 200 7539
180.169.147.146 - - [18/Mar/2024:11:40:55 +0800] "GET /xingrg/check_reg.html?_=1710733254032 HTTP/1.1" 200 22
101.228.147.14 - - [18/Mar/2024:11:40:56 +0800] "POST /xingrg/dwr/call/plaincall/AjaxYddbService.getMaterielByMap.dwr HTTP/1.1" 200 1645
180.169.147.146 - - [18/Mar/2024:11:40:57 +0800] "GET /xingrg/all/function/internal_message.html?_=1710733256950&CODE_STATE=getMsg HTTP/1.1" 200 27
120.253.135.82 - - [18/Mar/2024:11:40:58 +0800] "POST /xingrg/kc/pszx/mdps_order_operate.html HTTP/1.1" 200 37
114.83.223.3 - - [18/Mar/2024:11:41:00 +0800] "GET /xingrg/all/function/internal_message.html?_=1710733260076&CODE_STATE=getMsg HTTP/1.1" 200 27
61.170.232.54 - - [18/Mar/2024:11:41:02 +0800] "GET /xingrg/kc/buy/cgsh_order_operate.html?command=get_materiel&rest_code=00106&code=00101001310&supplier_code=00100322&order_time=2024-03-18 HTTP/1.1" 200 421
120.253.135.82 - - [18/Mar/2024:11:41:03 +0800] "POST /xingrg/kc/pszx/mdps_order_operate.html HTTP/1.1" 200 12
101.228.147.14 - - [18/Mar/2024:11:41:03 +0800] "GET /xingrg/all/function/internal_message.html?_=1710733263333&CODE_STATE=getMsg HTTP/1.1" 200 27
101.228.147.14 - - [18/Mar/2024:11:41:04 +0800] "POST /xingrg/dwr/call/plaincall/AjaxYddbService.getUnitPrice.dwr HTTP/1.1" 200 88
124.78.60.103 - - [18/Mar/2024:11:41:05 +0800] "POST /xingrg/kc/buy/cgsh_order_operate.html HTTP/1.1" 200 8245
124.78.60.103 - - [18/Mar/2024:11:41:05 +0800] "GET /xingrg/javascript/easyui/themes/default/validatebox.css HTTP/1.1" 404 1104
116.238.97.31 - - [18/Mar/2024:11:41:08 +0800] "GET /xingrg/all/function/internal_message.html?_=1710733269577&CODE_STATE=getMsg HTTP/1.1" 200 27
120.253.135.82 - - [18/Mar/2024:11:41:14 +0800] "GET /xingrg/kc/pszx/mdps_order_info.html?code=312024031700330 HTTP/1.1" 200 19638
120.253.135.82 - - [18/Mar/2024:11:41:14 +0800] "GET /xingrg/all/function/internal_message.html?_=1710733114984&CODE_STATE=getMsg HTTP/1.1" 200 27
120.253.135.82 - - [18/Mar/2024:11:41:15 +0800] "GET /xingrg/javascript/easyui/themes/default/validatebox.css HTTP/1.1" 404 1104
120.253.135.82 - - [18/Mar/2024:11:41:15 +0800] "POST /xingrg/kc/pszx/mdps_order_operate.html HTTP/1.1" 200 5712
116.232.194.112 - - [18/Mar/2024:11:41:17 +0800] "GET /xingrg/all/function/internal_message.html?_=1710733249978&CODE_STATE=getMsg HTTP/1.1" 200 27
222.69.134.93 - - [18/Mar/2024:11:41:17 +0800] "GET /xingrg/all/function/internal_message.html?_=1710733280086&CODE_STATE=getMsg HTTP/1.1" 200 27
61.170.232.54 - - [18/Mar/2024:11:41:17 +0800] "POST /xingrg/kc/buy/cgsh_order_operate.html HTTP/1.1" 200 37
116.224.254.208 - - [18/Mar/2024:11:41:18 +0800] "GET /xingrg/all/function/internal_message.html?_=1710733278290&CODE_STATE=getMsg HTTP/1.1" 200 27
120.253.135.82 - - [18/Mar/2024:11:41:18 +0800] "POST /xingrg/kc/pszx/mdps_list_operate.html HTTP/1.1" 200 1690
116.232.194.112 - - [18/Mar/2024:11:41:19 +0800] "GET /xingrg/all/function/internal_message.html?_=1710733251931&CODE_STATE=getMsg HTTP/1.1" 200 27
116.238.97.31 - - [18/Mar/2024:11:41:19 +0800] "GET /xingrg/check_reg.html?_=1710733281870 HTTP/1.1" 200 22
120.253.135.82 - - [18/Mar/2024:11:41:19 +0800] "POST /xingrg/kc/pszx/mdps_list_operate.html HTTP/1.1" 200 553
101.83.145.37 - - [18/Mar/2024:11:41:20 +0800] "GET /xingrg/all/function/internal_message.html?_=1710733281734&CODE_STATE=getMsg HTTP/1.1" 200 27
120.253.135.82 - - [18/Mar/2024:11:41:20 +0800] "GET /xingrg/kc/pszx/mdps_order_info.html?code=312024031700331 HTTP/1.1" 200 23978
120.253.135.82 - - [18/Mar/2024:11:41:21 +0800] "GET /xingrg/javascript/easyui/themes/default/validatebox.css HTTP/1.1" 404 1104
124.78.60.103 - - [18/Mar/2024:11:41:21 +0800] "GET /xingrg/kc/buy/cgsh_order_operate.html?command=get_materiel&rest_code=00141&code=00101001023&supplier_code=00100653&order_time=2024-03-18 HTTP/1.1" 200 413
120.253.135.82 - - [18/Mar/2024:11:41:21 +0800] "POST /xingrg/kc/pszx/mdps_order_operate.html HTTP/1.1" 200 4322
61.170.232.54 - - [18/Mar/2024:11:41:22 +0800] "GET /xingrg/all/function/internal_message.html?_=1710733279043&CODE_STATE=getMsg HTTP/1.1" 200 27
222.70.183.82 - - [18/Mar/2024:11:41:23 +0800] "GET /xingrg/all/function/internal_message.html?_=1710733281234&CODE_STATE=getMsg HTTP/1.1" 200 27
120.253.135.82 - - [18/Mar/2024:11:41:25 +0800] "POST /xingrg/kc/pszx/mdps_order_operate.html HTTP/1.1" 200 37
61.170.232.54 - - [18/Mar/2024:11:41:26 +0800] "POST /xingrg/kc/buy/cgsh_order_operate.html HTTP/1.1" 200 12
180.164.1.25 - - [18/Mar/2024:11:41:27 +0800] "GET /xingrg/all/function/internal_message.html?_=1710733286316&CODE_STATE=getMsg HTTP/1.1" 200 27
61.170.232.54 - - [18/Mar/2024:11:41:28 +0800] "GET /xingrg/kc/buy/cgsh_order_info.html?code=212024031805476 HTTP/1.1" 200 68552
61.170.232.54 - - [18/Mar/2024:11:41:28 +0800] "GET /xingrg/javascript/easyui/themes/default/validatebox.css HTTP/1.1" 404 1104
124.78.60.103 - - [18/Mar/2024:11:41:29 +0800] "GET /xingrg/all/function/internal_message.html?_=1710733289079&CODE_STATE=getMsg HTTP/1.1" 200 27
61.170.232.54 - - [18/Mar/2024:11:41:29 +0800] "POST /xingrg/kc/buy/cgsh_order_operate.html HTTP/1.1" 200 608
101.228.147.14 - - [18/Mar/2024:11:41:30 +0800] "POST /xingrg/dwr/call/plaincall/AjaxYddbService.saveMaterielItem.dwr HTTP/1.1" 200 79
120.253.135.82 - - [18/Mar/2024:11:41:30 +0800] "POST /xingrg/kc/pszx/mdps_order_operate.html HTTP/1.1" 200 12
222.70.183.82 - - [18/Mar/2024:11:41:31 +0800] "GET /xingrg/all/function/internal_message.html?_=1710733289344&CODE_STATE=getMsg HTTP/1.1" 302 -
124.78.60.103 - - [18/Mar/2024:11:41:35 +0800] "POST /xingrg/kc/buy/cgsh_order_operate.html HTTP/1.1" 200 37
61.170.232.54 - - [18/Mar/2024:11:41:35 +0800] "GET /xingrg/kc/print/load_data.html?order_code=212024031805476&kc_code=cgsh&condition= HTTP/1.1" 200 690
180.169.147.146 - - [18/Mar/2024:11:41:35 +0800] "GET /xingrg/all/function/internal_message.html?_=1710733295867&CODE_STATE=getMsg HTTP/1.1" 200 27
124.78.60.103 - - [18/Mar/2024:11:41:37 +0800] "POST /xingrg/kc/buy/cgsh_order_operate.html HTTP/1.1" 200 2660
124.78.60.103 - - [18/Mar/2024:11:41:39 +0800] "GET /xingrg/kc/print/load_data.html?order_code=212024031805477&kc_code=cgsh&condition= HTTP/1.1" 200 670
116.224.254.208 - - [18/Mar/2024:11:41:40 +0800] "GET /xingrg/all/function/internal_message.html?_=1710733300180&CODE_STATE=getMsg HTTP/1.1" 200 27
180.169.147.146 - - [18/Mar/2024:11:41:40 +0800] "GET /xingrg/all/function/internal_message.html?_=1710733300428&CODE_STATE=getMsg HTTP/1.1" 200 27
61.170.232.54 - - [18/Mar/2024:11:41:40 +0800] "GET /xingrg/kc/buy/cgsh_order_add.html HTTP/1.1" 200 73649
61.170.232.54 - - [18/Mar/2024:11:41:40 +0800] "POST /xingrg/kc/buy/cgsh_order_operate.html HTTP/1.1" 200 8245
61.170.232.54 - - [18/Mar/2024:11:41:40 +0800] "GET /xingrg/javascript/easyui/themes/default/validatebox.css HTTP/1.1" 404 1104
61.170.232.54 - - [18/Mar/2024:11:41:40 +0800] "GET /xingrg/all/function/internal_message.html?_=1710733301152&CODE_STATE=getMsg HTTP/1.1" 200 27
124.78.60.103 - - [18/Mar/2024:11:41:41 +0800] "GET /xingrg/all/function/internal_message.html?_=1710733301206&CODE_STATE=getMsg HTTP/1.1" 200 27
61.170.232.54 - - [18/Mar/2024:11:41:42 +0800] "GET /xingrg/javascript/easyui/themes/default/tree.css HTTP/1.1" 404 1090
61.170.232.54 - - [18/Mar/2024:11:41:43 +0800] "POST /xingrg/all/common/load_tree.html?tree=supplier_tree_json&isDelete=1 HTTP/1.1" 200 78788
120.253.135.82 - - [18/Mar/2024:11:41:43 +0800] "GET /xingrg/all/function/internal_message.html?_=1710733476072&CODE_STATE=getMsg HTTP/1.1" 200 27
124.77.245.45 - - [18/Mar/2024:11:41:45 +0800] "GET /xingrg/all/function/internal_message.html?_=1710733307403&CODE_STATE=getMsg HTTP/1.1" 200 27
116.238.97.31 - - [18/Mar/2024:11:41:48 +0800] "GET /xingrg/all/function/internal_message.html?_=1710733310203&CODE_STATE=getMsg HTTP/1.1" 200 27
222.70.115.1 - - [18/Mar/2024:11:41:48 +0800] "GET /xingrg/all/function/internal_message.html?_=1710733309407&CODE_STATE=getMsg HTTP/1.1" 200 27
124.78.60.103 - - [18/Mar/2024:11:41:50 +0800] "POST /xingrg/kc/buy/cgsh_order_operate.html HTTP/1.1" 200 8245
124.78.60.103 - - [18/Mar/2024:11:41:50 +0800] "GET /xingrg/javascript/easyui/themes/default/validatebox.css HTTP/1.1" 404 1104
101.228.147.14 - - [18/Mar/2024:11:41:51 +0800] "POST /xingrg/dwr/call/plaincall/AjaxComOrderService.getMaterielSearchList.dwr HTTP/1.1" 200 596003
120.253.135.82 - - [18/Mar/2024:11:41:51 +0800] "GET /xingrg/kc/pszx/mdps_order_info.html?code=312024031700331 HTTP/1.1" 200 19638
120.253.135.82 - - [18/Mar/2024:11:41:52 +0800] "GET /xingrg/javascript/easyui/themes/default/validatebox.css HTTP/1.1" 404 1104
120.253.135.82 - - [18/Mar/2024:11:41:52 +0800] "POST /xingrg/kc/pszx/mdps_order_operate.html HTTP/1.1" 200 2526
101.228.147.14 - - [18/Mar/2024:11:41:53 +0800] "POST /xingrg/dwr/call/plaincall/AjaxComOrderService.getMaterielSearchList.dwr HTTP/1.1" 200 628
120.253.135.82 - - [18/Mar/2024:11:41:56 +0800] "POST /xingrg/kc/pszx/mdps_list_operate.html HTTP/1.1" 200 868
101.228.147.14 - - [18/Mar/2024:11:41:56 +0800] "POST /xingrg/dwr/call/plaincall/AjaxYddbService.getMaterielByMap.dwr HTTP/1.1" 200 1608
180.169.147.146 - - [18/Mar/2024:11:41:57 +0800] "GET /xingrg/all/function/internal_message.html?_=1710733316931&CODE_STATE=getMsg HTTP/1.1" 200 27
114.83.223.3 - - [18/Mar/2024:11:42:00 +0800] "GET /xingrg/all/function/internal_message.html?_=1710733320060&CODE_STATE=getMsg HTTP/1.1" 200 27
124.78.60.103 - - [18/Mar/2024:11:42:02 +0800] "GET /xingrg/kc/buy/cgsh_order_operate.html?command=get_materiel&rest_code=00141&code=00101002038&supplier_code=00100087&order_time=2024-03-18 HTTP/1.1" 200 416
116.232.194.112 - - [18/Mar/2024:11:42:02 +0800] "POST /xingrg/kc/buy/cgsh_list_operate.html HTTP/1.1" 200 4203
61.170.232.54 - - [18/Mar/2024:11:42:02 +0800] "GET /xingrg/kc/buy/cgsh_order_operate.html?command=get_materiel&rest_code=00106&code=00101001213&supplier_code=00100323&order_time=2024-03-18 HTTP/1.1" 200 438
101.228.147.14 - - [18/Mar/2024:11:42:03 +0800] "GET /xingrg/all/function/internal_message.html?_=1710733323330&CODE_STATE=getMsg HTTP/1.1" 200 27
116.238.97.31 - - [18/Mar/2024:11:42:08 +0800] "GET /xingrg/all/function/internal_message.html?_=1710733329588&CODE_STATE=getMsg HTTP/1.1" 200 27
180.169.147.146 - - [18/Mar/2024:11:42:11 +0800] "POST /xingrg/all/user/operate.html HTTP/1.1" 200 36
180.169.147.146 - - [18/Mar/2024:11:42:11 +0800] "GET /xingrg/index.html?sysBaseUrl=http%3A%2F%2F180.169.147.146%3A18081%2Fxingrg%2F&costTime=871×tamp=1710724087233 HTTP/1.1" 200 17509
180.169.147.146 - - [18/Mar/2024:11:42:11 +0800] "GET /xingrg/javascript/jquery_easy_ui/themes/default/easyui.css HTTP/1.1" 304 -
180.169.147.146 - - [18/Mar/2024:11:42:11 +0800] "GET /xingrg/javascript/jquery_easy_ui/themes/icon.css HTTP/1.1" 304 -
180.169.147.146 - - [18/Mar/2024:11:42:11 +0800] "GET /xingrg/css/form.css HTTP/1.1" 304 -
180.169.147.146 - - [18/Mar/2024:11:42:11 +0800] "GET /xingrg/javascript/jquery-1.4.2.min.js HTTP/1.1" 304 -
180.169.147.146 - - [18/Mar/2024:11:42:12 +0800] "GET /xingrg/javascript/jquery_easy_ui/jquery.easyui.min.js HTTP/1.1" 304 -
180.169.147.146 - - [18/Mar/2024:11:42:12 +0800] "GET /xingrg/javascript/jquery_easy_ui/easyui-lang-zh_CN.js HTTP/1.1" 304 -
180.169.147.146 - - [18/Mar/2024:11:42:12 +0800] "GET /xingrg/javascript/jquery.form.js HTTP/1.1" 304 -
180.169.147.146 - - [18/Mar/2024:11:42:12 +0800] "GET /xingrg/javascript/jquery.utils.js HTTP/1.1" 304 -
180.169.147.146 - - [18/Mar/2024:11:42:12 +0800] "GET /xingrg/javascript/jquery.timers.js HTTP/1.1" 304 -
180.169.147.146 - - [18/Mar/2024:11:42:12 +0800] "GET /xingrg/images/blue/jxLogo.png HTTP/1.1" 304 -
180.169.147.146 - - [18/Mar/2024:11:42:12 +0800] "GET /xingrg/javascript/jquery_easy_ui/themes/icons/settle_new.png HTTP/1.1" 304 -
180.169.147.146 - - [18/Mar/2024:11:42:12 +0800] "GET /xingrg/images/blue/navBackgound.jpg HTTP/1.1" 304 -
180.169.147.146 - - [18/Mar/2024:11:42:12 +0800] "GET /xingrg/images/blue/pingpu.png HTTP/1.1" 304 -
180.169.147.146 - - [18/Mar/2024:11:42:12 +0800] "GET /xingrg/javascript/jquery_easy_ui/themes/default/images/tabs_rightarrow.png HTTP/1.1" 304 -
180.169.147.146 - - [18/Mar/2024:11:42:12 +0800] "GET /xingrg/all/function/internal_message.html?_=1710733332214&CODE_STATE=count HTTP/1.1" 200 11
180.169.147.146 - - [18/Mar/2024:11:42:12 +0800] "GET /xingrg/javascript/jquery_easy_ui/themes/default/images/panel_tool_collapse.gif HTTP/1.1" 304 -
180.169.147.146 - - [18/Mar/2024:11:42:12 +0800] "GET /xingrg/javascript/jquery_easy_ui/themes/default/images/tabs_leftarrow.png HTTP/1.1" 304 -
180.169.147.146 - - [18/Mar/2024:11:42:12 +0800] "GET /xingrg/javascript/jquery_easy_ui/themes/default/images/panel_tool_expand.gif HTTP/1.1" 304 -
180.169.147.146 - - [18/Mar/2024:11:42:12 +0800] "GET /xingrg/check_reg.html?_=1710733332215 HTTP/1.1" 200 22
180.169.147.146 - - [18/Mar/2024:11:42:12 +0800] "POST /xingrg/all/common/load_tree.html?tree=area_rest_tree_json&manage=1 HTTP/1.1" 200 3624
180.169.147.146 - - [18/Mar/2024:11:42:12 +0800] "POST /xingrg/load_menu.html HTTP/1.1" 200 9959
120.253.135.82 - - [18/Mar/2024:11:42:14 +0800] "POST /xingrg/kc/pszx/mdps_list_operate.html HTTP/1.1" 200 3182
120.253.135.82 - - [18/Mar/2024:11:42:14 +0800] "GET /xingrg/all/function/internal_message.html?_=1710733174985&CODE_STATE=getMsg HTTP/1.1" 200 27
180.169.147.146 - - [18/Mar/2024:11:42:14 +0800] "GET /xingrg/kc/base/check_order_list.html HTTP/1.1" 200 16437
180.169.147.146 - - [18/Mar/2024:11:42:15 +0800] "POST /xingrg/kc/base/check_list_operate.html HTTP/1.1" 200 781
116.232.194.112 - - [18/Mar/2024:11:42:17 +0800] "GET /xingrg/all/function/internal_message.html?_=1710733309988&CODE_STATE=getMsg HTTP/1.1" 200 27
116.232.194.112 - - [18/Mar/2024:11:42:17 +0800] "GET /xingrg/check_reg.html?_=1710733309991 HTTP/1.1" 200 22
222.69.134.93 - - [18/Mar/2024:11:42:17 +0800] "GET /xingrg/all/function/internal_message.html?_=1710733340076&CODE_STATE=getMsg HTTP/1.1" 200 27
116.224.254.208 - - [18/Mar/2024:11:42:18 +0800] "GET /xingrg/all/function/internal_message.html?_=1710733338272&CODE_STATE=getMsg HTTP/1.1" 200 27
116.224.254.208 - - [18/Mar/2024:11:42:18 +0800] "GET /xingrg/check_reg.html?_=1710733338490 HTTP/1.1" 200 22
116.232.194.112 - - [18/Mar/2024:11:42:19 +0800] "GET /xingrg/all/function/internal_message.html?_=1710733311919&CODE_STATE=getMsg HTTP/1.1" 200 27
101.83.145.37 - - [18/Mar/2024:11:42:20 +0800] "GET /xingrg/all/function/internal_message.html?_=1710733341704&CODE_STATE=getMsg HTTP/1.1" 200 27
180.169.147.146 - - [18/Mar/2024:11:42:20 +0800] "POST /xingrg/kc/base/check_list_operate.html HTTP/1.1" 200 781
124.78.60.103 - - [18/Mar/2024:11:42:20 +0800] "POST /xingrg/kc/buy/cgsh_order_operate.html HTTP/1.1" 200 37
101.228.147.14 - - [18/Mar/2024:11:42:21 +0800] "POST /xingrg/dwr/call/plaincall/AjaxYddbService.saveMaterielItem.dwr HTTP/1.1" 200 80
61.170.232.54 - - [18/Mar/2024:11:42:22 +0800] "GET /xingrg/all/function/internal_message.html?_=1710733339018&CODE_STATE=getMsg HTTP/1.1" 200 27
120.253.135.82 - - [18/Mar/2024:11:42:22 +0800] "POST /xingrg/kc/pszx/mdps_list_operate.html HTTP/1.1" 200 202
124.78.60.103 - - [18/Mar/2024:11:42:23 +0800] "POST /xingrg/kc/buy/cgsh_order_operate.html HTTP/1.1" 200 2664
222.70.183.82 - - [18/Mar/2024:11:42:23 +0800] "GET /xingrg/all/function/internal_message.html?_=1710733341226&CODE_STATE=getMsg HTTP/1.1" 200 27
120.253.135.82 - - [18/Mar/2024:11:42:24 +0800] "GET /xingrg/kc/pszx/mdps_order_info.html?code=312024031400269 HTTP/1.1" 200 23982
120.253.135.82 - - [18/Mar/2024:11:42:24 +0800] "GET /xingrg/javascript/easyui/themes/default/validatebox.css HTTP/1.1" 404 1104
120.253.135.82 - - [18/Mar/2024:11:42:25 +0800] "POST /xingrg/kc/pszx/mdps_order_operate.html HTTP/1.1" 200 2275
124.78.60.103 - - [18/Mar/2024:11:42:26 +0800] "GET /xingrg/kc/print/load_data.html?order_code=212024031805478&kc_code=cgsh&condition= HTTP/1.1" 200 738
116.232.194.112 - - [18/Mar/2024:11:42:26 +0800] "POST /xingrg/kc/buy/cgsh_list_operate.html HTTP/1.1" 200 6987
180.164.1.25 - - [18/Mar/2024:11:42:27 +0800] "GET /xingrg/all/function/internal_message.html?_=1710733346321&CODE_STATE=getMsg HTTP/1.1" 200 27
180.164.1.25 - - [18/Mar/2024:11:42:27 +0800] "GET /xingrg/check_reg.html?_=1710733346323 HTTP/1.1" 200 22
124.78.60.103 - - [18/Mar/2024:11:42:29 +0800] "GET /xingrg/all/function/internal_message.html?_=1710733349076&CODE_STATE=getMsg HTTP/1.1" 200 27
120.253.135.82 - - [18/Mar/2024:11:42:29 +0800] "POST /xingrg/kc/pszx/mdps_order_operate.html HTTP/1.1" 200 37
124.78.60.103 - - [18/Mar/2024:11:42:31 +0800] "POST /xingrg/kc/buy/cgsh_order_operate.html HTTP/1.1" 200 8245
124.78.60.103 - - [18/Mar/2024:11:42:31 +0800] "GET /xingrg/javascript/easyui/themes/default/validatebox.css HTTP/1.1" 404 1104
222.70.183.82 - - [18/Mar/2024:11:42:31 +0800] "GET /xingrg/all/function/internal_message.html?_=1710733349350&CODE_STATE=getMsg HTTP/1.1" 302 -
101.228.147.14 - - [18/Mar/2024:11:42:33 +0800] "POST /xingrg/dwr/call/plaincall/AjaxComOrderService.getMaterielSearchList.dwr HTTP/1.1" 200 18824
120.253.135.82 - - [18/Mar/2024:11:42:33 +0800] "POST /xingrg/kc/pszx/mdps_order_operate.html HTTP/1.1" 200 12
101.228.147.14 - - [18/Mar/2024:11:42:34 +0800] "POST /xingrg/dwr/call/plaincall/AjaxComOrderService.getMaterielSearchList.dwr HTTP/1.1" 200 314
180.169.147.146 - - [18/Mar/2024:11:42:34 +0800] "POST /xingrg/kc/buy/cgsh_list_operate.html HTTP/1.1" 302 -
180.169.147.146 - - [18/Mar/2024:11:42:34 +0800] "GET /xingrg/login.html HTTP/1.1" 200 7641
180.169.147.146 - - [18/Mar/2024:11:42:34 +0800] "GET /xingrg/kc/buy/images/blue/login_bg.png HTTP/1.1" 404 1070
180.169.147.146 - - [18/Mar/2024:11:42:34 +0800] "GET /xingrg/kc/buy/images/blue/hj.png HTTP/1.1" 404 1058
180.169.147.146 - - [18/Mar/2024:11:42:34 +0800] "GET /xingrg/kc/buy/images/blue/srbg.png HTTP/1.1" 404 1062
101.228.147.14 - - [18/Mar/2024:11:42:34 +0800] "POST /xingrg/dwr/call/plaincall/AjaxComOrderService.getMaterielSearchList.dwr HTTP/1.1" 200 314
61.170.232.54 - - [18/Mar/2024:11:42:35 +0800] "GET /xingrg/kc/buy/cgsh_order_operate.html?command=get_materiel&rest_code=00106&code=00101016009&supplier_code=00100323&order_time=2024-03-18 HTTP/1.1" 200 419
180.169.147.146 - - [18/Mar/2024:11:42:35 +0800] "GET /xingrg/all/function/internal_message.html?_=1710733355876&CODE_STATE=getMsg HTTP/1.1" 200 27
101.228.147.14 - - [18/Mar/2024:11:42:35 +0800] "POST /xingrg/dwr/call/plaincall/AjaxYddbService.getMaterielByMap.dwr HTTP/1.1" 200 1624
180.169.147.146 - - [18/Mar/2024:11:42:36 +0800] "GET /xingrg/kc/buy/buy_main.html HTTP/1.1" 302 -
180.169.147.146 - - [18/Mar/2024:11:42:36 +0800] "GET /xingrg/login.html HTTP/1.1" 200 7641
180.169.147.146 - - [18/Mar/2024:11:42:36 +0800] "GET /xingrg/login.html HTTP/1.1" 200 7641
180.169.147.146 - - [18/Mar/2024:11:42:36 +0800] "GET /favicon.ico HTTP/1.1" 404 -
180.169.147.146 - - [18/Mar/2024:11:42:37 +0800] "GET /xingrg/login.html HTTP/1.1" 200 7641
180.169.147.146 - - [18/Mar/2024:11:42:37 +0800] "GET /favicon.ico HTTP/1.1" 404 -
116.224.254.208 - - [18/Mar/2024:11:42:40 +0800] "GET /xingrg/all/function/internal_message.html?_=1710733360160&CODE_STATE=getMsg HTTP/1.1" 200 27
120.253.135.82 - - [18/Mar/2024:11:42:40 +0800] "GET /xingrg/kc/pszx/mdps_order_info.html?code=312024031400269 HTTP/1.1" 200 19642
120.253.135.82 - - [18/Mar/2024:11:42:40 +0800] "GET /xingrg/javascript/easyui/themes/default/validatebox.css HTTP/1.1" 404 1104
61.170.232.54 - - [18/Mar/2024:11:42:40 +0800] "GET /xingrg/all/function/internal_message.html?_=1710733361130&CODE_STATE=getMsg HTTP/1.1" 200 27
120.253.135.82 - - [18/Mar/2024:11:42:41 +0800] "POST /xingrg/kc/pszx/mdps_order_operate.html HTTP/1.1" 200 496
124.78.60.103 - - [18/Mar/2024:11:42:41 +0800] "GET /xingrg/all/function/internal_message.html?_=1710733361189&CODE_STATE=getMsg HTTP/1.1" 200 27
124.78.60.103 - - [18/Mar/2024:11:42:41 +0800] "GET /xingrg/check_reg.html?_=1710733361408 HTTP/1.1" 200 22
180.169.147.146 - - [18/Mar/2024:11:42:42 +0800] "POST /xingrg/login.do HTTP/1.1" 302 -
180.169.147.146 - - [18/Mar/2024:11:42:42 +0800] "GET /xingrg/index.html?sysBaseUrl=http%3A%2F%2F180.169.147.146%3A18081%2Fxingrg%2F&costTime=866×tamp=1710733362119 HTTP/1.1" 200 17179
180.169.147.146 - - [18/Mar/2024:11:42:42 +0800] "GET /favicon.ico HTTP/1.1" 404 -
180.169.147.146 - - [18/Mar/2024:11:42:42 +0800] "GET /xingrg/check_reg.html?_=1710733358187 HTTP/1.1" 200 22
120.253.135.82 - - [18/Mar/2024:11:42:42 +0800] "POST /xingrg/kc/pszx/mdps_list_operate.html HTTP/1.1" 200 2805
180.169.147.146 - - [18/Mar/2024:11:42:42 +0800] "POST /xingrg/all/common/load_tree.html?tree=area_rest_tree_json&manage=1 HTTP/1.1" 200 351
180.169.147.146 - - [18/Mar/2024:11:42:42 +0800] "GET /xingrg/all/function/internal_message.html?_=1710733358185&CODE_STATE=count HTTP/1.1" 200 11
180.169.147.146 - - [18/Mar/2024:11:42:42 +0800] "POST /xingrg/load_menu.html HTTP/1.1" 200 5138
120.253.135.82 - - [18/Mar/2024:11:42:43 +0800] "GET /xingrg/check_reg.html?_=1710733536076 HTTP/1.1" 200 22
120.253.135.82 - - [18/Mar/2024:11:42:43 +0800] "GET /xingrg/all/function/internal_message.html?_=1710733536072&CODE_STATE=getMsg HTTP/1.1" 200 27
124.78.60.103 - - [18/Mar/2024:11:42:44 +0800] "GET /xingrg/kc/buy/cgsh_order_operate.html?command=get_materiel&rest_code=00141&code=00101004034&supplier_code=00100085&order_time=2024-03-18 HTTP/1.1" 200 416
222.70.183.82 - - [18/Mar/2024:11:42:45 +0800] "POST /xingrg/all/user/operate.html HTTP/1.1" 302 -
124.77.245.45 - - [18/Mar/2024:11:42:45 +0800] "GET /xingrg/all/function/internal_message.html?_=1710733367412&CODE_STATE=getMsg HTTP/1.1" 200 27
120.253.135.82 - - [18/Mar/2024:11:42:45 +0800] "POST /xingrg/kc/pszx/mdps_list_operate.html HTTP/1.1" 200 289
120.253.135.82 - - [18/Mar/2024:11:42:46 +0800] "GET /xingrg/kc/pszx/mdps_order_info.html?code=312024031700323 HTTP/1.1" 200 23978
120.253.135.82 - - [18/Mar/2024:11:42:47 +0800] "GET /xingrg/javascript/easyui/themes/default/validatebox.css HTTP/1.1" 404 1104
120.253.135.82 - - [18/Mar/2024:11:42:47 +0800] "POST /xingrg/kc/pszx/mdps_order_operate.html HTTP/1.1" 200 2799
116.238.97.31 - - [18/Mar/2024:11:42:48 +0800] "GET /xingrg/all/function/internal_message.html?_=1710733370187&CODE_STATE=getMsg HTTP/1.1" 200 27
222.70.115.1 - - [18/Mar/2024:11:42:48 +0800] "GET /xingrg/all/function/internal_message.html?_=1710733369398&CODE_STATE=getMsg HTTP/1.1" 200 27
120.253.135.82 - - [18/Mar/2024:11:42:52 +0800] "POST /xingrg/kc/pszx/mdps_order_operate.html HTTP/1.1" 200 37
120.253.135.82 - - [18/Mar/2024:11:42:53 +0800] "GET /xingrg/check_reg.html?_=1710733213922 HTTP/1.1" 200 22
222.70.183.82 - - [18/Mar/2024:11:42:55 +0800] "GET /xingrg/kc/base/check_order_list.html HTTP/1.1" 200 16431
222.70.183.82 - - [18/Mar/2024:11:42:55 +0800] "POST /xingrg/kc/base/check_list_operate.html HTTP/1.1" 200 2502
120.253.135.82 - - [18/Mar/2024:11:42:56 +0800] "POST /xingrg/kc/pszx/mdps_order_operate.html HTTP/1.1" 200 12
61.170.232.54 - - [18/Mar/2024:11:42:56 +0800] "GET /xingrg/check_reg.html?_=1710733372999 HTTP/1.1" 200 22
180.169.147.146 - - [18/Mar/2024:11:42:57 +0800] "GET /xingrg/all/function/internal_message.html?_=1710733376906&CODE_STATE=getMsg HTTP/1.1" 200 27
116.232.194.112 - - [18/Mar/2024:11:42:58 +0800] "POST /xingrg/kc/buy/cgsh_list_operate.html HTTP/1.1" 200 345
114.83.223.3 - - [18/Mar/2024:11:43:00 +0800] "GET /xingrg/all/function/internal_message.html?_=1710733380046&CODE_STATE=getMsg HTTP/1.1" 200 27
222.70.183.82 - - [18/Mar/2024:11:43:00 +0800] "POST /xingrg/all/user/operate.html HTTP/1.1" 200 36
222.70.183.82 - - [18/Mar/2024:11:43:00 +0800] "GET /xingrg/index.html?sysBaseUrl=http%3A%2F%2F180.169.147.146%3A18081%2Fxingrg%2F&costTime=1595×tamp=1710732341138 HTTP/1.1" 200 17509
222.70.183.82 - - [18/Mar/2024:11:43:00 +0800] "GET /xingrg/javascript/jquery_easy_ui/themes/default/easyui.css HTTP/1.1" 304 -
116.232.194.112 - - [18/Mar/2024:11:43:00 +0800] "GET /xingrg/kc/buy/cgsh_order_info.html?code=212024031805346 HTTP/1.1" 200 73752
222.70.183.82 - - [18/Mar/2024:11:43:00 +0800] "GET /xingrg/javascript/jquery_easy_ui/themes/icon.css HTTP/1.1" 304 -
222.70.183.82 - - [18/Mar/2024:11:43:00 +0800] "GET /xingrg/css/form.css HTTP/1.1" 304 -
222.70.183.82 - - [18/Mar/2024:11:43:00 +0800] "GET /xingrg/javascript/jquery-1.4.2.min.js HTTP/1.1" 304 -
222.70.183.82 - - [18/Mar/2024:11:43:00 +0800] "GET /xingrg/javascript/jquery_easy_ui/jquery.easyui.min.js HTTP/1.1" 304 -
222.70.183.82 - - [18/Mar/2024:11:43:00 +0800] "GET /xingrg/javascript/jquery_easy_ui/easyui-lang-zh_CN.js HTTP/1.1" 304 -
222.70.183.82 - - [18/Mar/2024:11:43:00 +0800] "GET /xingrg/javascript/jquery.form.js HTTP/1.1" 304 -
222.70.183.82 - - [18/Mar/2024:11:43:01 +0800] "GET /xingrg/javascript/jquery.utils.js HTTP/1.1" 304 -
222.70.183.82 - - [18/Mar/2024:11:43:01 +0800] "GET /xingrg/javascript/jquery.timers.js HTTP/1.1" 304 -
222.70.183.82 - - [18/Mar/2024:11:43:01 +0800] "GET /xingrg/images/blue/jxLogo.png HTTP/1.1" 304 -
222.70.183.82 - - [18/Mar/2024:11:43:01 +0800] "GET /xingrg/javascript/jquery_easy_ui/themes/icons/settle_new.png HTTP/1.1" 304 -
222.70.183.82 - - [18/Mar/2024:11:43:01 +0800] "GET /xingrg/images/blue/navBackgound.jpg HTTP/1.1" 304 -
222.70.183.82 - - [18/Mar/2024:11:43:01 +0800] "GET /xingrg/all/function/internal_message.html?_=1710733378548&CODE_STATE=count HTTP/1.1" 200 11
222.70.183.82 - - [18/Mar/2024:11:43:01 +0800] "GET /xingrg/check_reg.html?_=1710733378549 HTTP/1.1" 200 22
222.70.183.82 - - [18/Mar/2024:11:43:01 +0800] "GET /xingrg/javascript/jquery_easy_ui/themes/default/images/tabs_rightarrow.png HTTP/1.1" 304 -
222.70.183.82 - - [18/Mar/2024:11:43:01 +0800] "GET /xingrg/javascript/jquery_easy_ui/themes/default/images/panel_tool_expand.gif HTTP/1.1" 304 -
222.70.183.82 - - [18/Mar/2024:11:43:01 +0800] "GET /xingrg/javascript/jquery_easy_ui/themes/default/images/panel_tool_collapse.gif HTTP/1.1" 304 -
222.70.183.82 - - [18/Mar/2024:11:43:01 +0800] "GET /xingrg/images/blue/pingpu.png HTTP/1.1" 304 -
222.70.183.82 - - [18/Mar/2024:11:43:01 +0800] "GET /xingrg/javascript/jquery_easy_ui/themes/default/images/tabs_leftarrow.png HTTP/1.1" 304 -
222.70.183.82 - - [18/Mar/2024:11:43:01 +0800] "POST /xingrg/all/common/load_tree.html?tree=area_rest_tree_json&manage=1 HTTP/1.1" 200 591
222.70.183.82 - - [18/Mar/2024:11:43:01 +0800] "POST /xingrg/load_menu.html HTTP/1.1" 200 9959
116.232.194.112 - - [18/Mar/2024:11:43:01 +0800] "GET /xingrg/javascript/easyui/themes/default/validatebox.css HTTP/1.1" 404 1104
124.78.60.103 - - [18/Mar/2024:11:43:02 +0800] "POST /xingrg/kc/buy/cgsh_order_operate.html HTTP/1.1" 200 37
116.232.194.112 - - [18/Mar/2024:11:43:02 +0800] "POST /xingrg/kc/buy/cgsh_order_operate.html HTTP/1.1" 200 3841
120.253.135.82 - - [18/Mar/2024:11:43:03 +0800] "GET /xingrg/kc/pszx/mdps_order_info.html?code=312024031700323 HTTP/1.1" 200 19638
101.228.147.14 - - [18/Mar/2024:11:43:03 +0800] "GET /xingrg/all/function/internal_message.html?_=1710733383335&CODE_STATE=getMsg HTTP/1.1" 200 27
120.253.135.82 - - [18/Mar/2024:11:43:03 +0800] "GET /xingrg/javascript/easyui/themes/default/validatebox.css HTTP/1.1" 404 1104
120.253.135.82 - - [18/Mar/2024:11:43:04 +0800] "POST /xingrg/kc/pszx/mdps_order_operate.html HTTP/1.1" 200 1017
124.78.60.103 - - [18/Mar/2024:11:43:04 +0800] "POST /xingrg/kc/buy/cgsh_order_operate.html HTTP/1.1" 200 2666
116.232.194.112 - - [18/Mar/2024:11:43:04 +0800] "GET /xingrg/kc/print/load_data.html?order_code=212024031805346&kc_code=cgsh HTTP/1.1" 200 1223
120.253.135.82 - - [18/Mar/2024:11:43:05 +0800] "POST /xingrg/kc/pszx/mdps_list_operate.html HTTP/1.1" 200 2434
61.170.232.54 - - [18/Mar/2024:11:43:06 +0800] "GET /xingrg/kc/buy/cgsh_order_operate.html?command=get_materiel&rest_code=00106&code=00101008113&supplier_code=00100323&order_time=2024-03-18 HTTP/1.1" 200 413
120.253.135.82 - - [18/Mar/2024:11:43:07 +0800] "POST /xingrg/kc/pszx/mdps_list_operate.html HTTP/1.1" 200 435
124.78.60.103 - - [18/Mar/2024:11:43:07 +0800] "GET /xingrg/kc/print/load_data.html?order_code=212024031805479&kc_code=cgsh&condition= HTTP/1.1" 200 746
222.70.183.82 - - [18/Mar/2024:11:43:07 +0800] "GET /xingrg/kc/base/check_order_list.html HTTP/1.1" 200 16437
222.70.183.82 - - [18/Mar/2024:11:43:08 +0800] "POST /xingrg/kc/base/check_list_operate.html HTTP/1.1" 200 1566
120.253.135.82 - - [18/Mar/2024:11:43:08 +0800] "GET /xingrg/kc/pszx/mdps_order_info.html?code=312024031700322 HTTP/1.1" 200 23978
116.238.97.31 - - [18/Mar/2024:11:43:08 +0800] "GET /xingrg/all/function/internal_message.html?_=1710733389584&CODE_STATE=getMsg HTTP/1.1" 200 27
120.253.135.82 - - [18/Mar/2024:11:43:08 +0800] "GET /xingrg/javascript/easyui/themes/default/validatebox.css HTTP/1.1" 404 1104
120.253.135.82 - - [18/Mar/2024:11:43:09 +0800] "POST /xingrg/kc/pszx/mdps_order_operate.html HTTP/1.1" 200 3756
101.228.147.14 - - [18/Mar/2024:11:43:10 +0800] "POST /xingrg/dwr/call/plaincall/AjaxYddbService.saveMaterielItem.dwr HTTP/1.1" 200 80
222.70.183.82 - - [18/Mar/2024:11:43:11 +0800] "POST /xingrg/kc/base/check_list_operate.html HTTP/1.1" 200 5495
180.169.147.146 - - [18/Mar/2024:11:43:12 +0800] "GET /xingrg/all/function/internal_message.html?_=1710733392246&CODE_STATE=getMsg HTTP/1.1" 200 27
124.78.60.103 - - [18/Mar/2024:11:43:12 +0800] "POST /xingrg/kc/buy/cgsh_order_operate.html HTTP/1.1" 200 8245
124.78.60.103 - - [18/Mar/2024:11:43:12 +0800] "GET /xingrg/javascript/easyui/themes/default/validatebox.css HTTP/1.1" 404 1104
120.253.135.82 - - [18/Mar/2024:11:43:13 +0800] "POST /xingrg/kc/pszx/mdps_order_operate.html HTTP/1.1" 200 37
120.253.135.82 - - [18/Mar/2024:11:43:14 +0800] "GET /xingrg/all/function/internal_message.html?_=1710733234997&CODE_STATE=getMsg HTTP/1.1" 200 27
116.232.194.112 - - [18/Mar/2024:11:43:17 +0800] "GET /xingrg/all/function/internal_message.html?_=1710733369988&CODE_STATE=getMsg HTTP/1.1" 200 27
222.69.134.93 - - [18/Mar/2024:11:43:17 +0800] "GET /xingrg/all/function/internal_message.html?_=1710733400095&CODE_STATE=getMsg HTTP/1.1" 200 27
120.253.135.82 - - [18/Mar/2024:11:43:17 +0800] "POST /xingrg/kc/pszx/mdps_order_operate.html HTTP/1.1" 200 12
116.224.254.208 - - [18/Mar/2024:11:43:17 +0800] "GET /xingrg/all/function/internal_message.html?_=1710733398249&CODE_STATE=getMsg HTTP/1.1" 200 27
116.232.194.112 - - [18/Mar/2024:11:43:18 +0800] "GET /xingrg/check_reg.html?_=1710733371551 HTTP/1.1" 200 22
116.232.194.112 - - [18/Mar/2024:11:43:19 +0800] "GET /xingrg/all/function/internal_message.html?_=1710733371937&CODE_STATE=getMsg HTTP/1.1" 200 27
101.83.145.37 - - [18/Mar/2024:11:43:20 +0800] "GET /xingrg/all/function/internal_message.html?_=1710733401673&CODE_STATE=getMsg HTTP/1.1" 200 27
61.170.232.54 - - [18/Mar/2024:11:43:22 +0800] "GET /xingrg/all/function/internal_message.html?_=1710733398993&CODE_STATE=getMsg HTTP/1.1" 200 27
101.228.147.14 - - [18/Mar/2024:11:43:26 +0800] "POST /xingrg/dwr/call/plaincall/AjaxComOrderService.getMaterielSearchList.dwr HTTP/1.1" 200 545761
180.164.1.25 - - [18/Mar/2024:11:43:27 +0800] "GET /xingrg/all/function/internal_message.html?_=1710733406341&CODE_STATE=getMsg HTTP/1.1" 200 27
101.228.147.14 - - [18/Mar/2024:11:43:27 +0800] "POST /xingrg/dwr/call/plaincall/AjaxComOrderService.getMaterielSearchList.dwr HTTP/1.1" 200 24696
120.253.135.82 - - [18/Mar/2024:11:43:28 +0800] "GET /xingrg/kc/pszx/mdps_order_info.html?code=312024031700322 HTTP/1.1" 200 19638
124.78.60.103 - - [18/Mar/2024:11:43:29 +0800] "GET /xingrg/all/function/internal_message.html?_=1710733409072&CODE_STATE=getMsg HTTP/1.1" 200 27
120.253.135.82 - - [18/Mar/2024:11:43:29 +0800] "GET /xingrg/javascript/easyui/themes/default/validatebox.css HTTP/1.1" 404 1104
120.253.135.82 - - [18/Mar/2024:11:43:29 +0800] "POST /xingrg/kc/pszx/mdps_order_operate.html HTTP/1.1" 200 1966
61.170.232.54 - - [18/Mar/2024:11:43:29 +0800] "POST /xingrg/kc/buy/cgsh_order_operate.html HTTP/1.1" 200 37
124.78.60.103 - - [18/Mar/2024:11:43:29 +0800] "GET /xingrg/kc/buy/cgsh_order_operate.html?command=get_materiel&rest_code=00141&code=00101002041&supplier_code=00100442&order_time=2024-03-18 HTTP/1.1" 200 409
101.228.147.14 - - [18/Mar/2024:11:43:30 +0800] "POST /xingrg/dwr/call/plaincall/AjaxComOrderService.getMaterielSearchList.dwr HTTP/1.1" 200 431
120.253.135.82 - - [18/Mar/2024:11:43:30 +0800] "POST /xingrg/kc/pszx/mdps_list_operate.html HTTP/1.1" 200 2063
101.228.147.14 - - [18/Mar/2024:11:43:32 +0800] "POST /xingrg/dwr/call/plaincall/AjaxComOrderService.getMaterielSearchList.dwr HTTP/1.1" 200 304
120.253.135.82 - - [18/Mar/2024:11:43:32 +0800] "POST /xingrg/kc/pszx/mdps_list_operate.html HTTP/1.1" 200 542
101.228.147.14 - - [18/Mar/2024:11:43:34 +0800] "POST /xingrg/dwr/call/plaincall/AjaxYddbService.getMaterielByMap.dwr HTTP/1.1" 200 1640
120.253.135.82 - - [18/Mar/2024:11:43:34 +0800] "GET /xingrg/kc/pszx/mdps_order_info.html?code=312024031700321 HTTP/1.1" 200 23978
120.253.135.82 - - [18/Mar/2024:11:43:34 +0800] "GET /xingrg/javascript/easyui/themes/default/validatebox.css HTTP/1.1" 404 1104
120.253.135.82 - - [18/Mar/2024:11:43:35 +0800] "POST /xingrg/kc/pszx/mdps_order_operate.html HTTP/1.1" 200 4324
180.169.147.146 - - [18/Mar/2024:11:43:35 +0800] "GET /xingrg/all/function/internal_message.html?_=1710733415878&CODE_STATE=getMsg HTTP/1.1" 200 27
61.170.232.54 - - [18/Mar/2024:11:43:38 +0800] "POST /xingrg/kc/buy/cgsh_order_operate.html HTTP/1.1" 200 12
120.253.135.82 - - [18/Mar/2024:11:43:39 +0800] "POST /xingrg/kc/pszx/mdps_order_operate.html HTTP/1.1" 200 37
116.224.254.208 - - [18/Mar/2024:11:43:40 +0800] "GET /xingrg/all/function/internal_message.html?_=1710733420136&CODE_STATE=getMsg HTTP/1.1" 200 27
61.170.232.54 - - [18/Mar/2024:11:43:40 +0800] "GET /xingrg/check_reg.html?_=1710733420886 HTTP/1.1" 200 22
61.170.232.54 - - [18/Mar/2024:11:43:40 +0800] "GET /xingrg/all/function/internal_message.html?_=1710733421103&CODE_STATE=getMsg HTTP/1.1" 200 27
124.78.60.103 - - [18/Mar/2024:11:43:41 +0800] "GET /xingrg/all/function/internal_message.html?_=1710733421169&CODE_STATE=getMsg HTTP/1.1" 200 27
61.170.232.54 - - [18/Mar/2024:11:43:41 +0800] "GET /xingrg/kc/buy/cgsh_order_info.html?code=212024031805480 HTTP/1.1" 200 68561
61.170.232.54 - - [18/Mar/2024:11:43:41 +0800] "GET /xingrg/javascript/easyui/themes/default/validatebox.css HTTP/1.1" 404 1104
180.169.147.146 - - [18/Mar/2024:11:43:42 +0800] "GET /xingrg/all/function/internal_message.html?_=1710733418208&CODE_STATE=getMsg HTTP/1.1" 200 27
61.170.232.54 - - [18/Mar/2024:11:43:42 +0800] "POST /xingrg/kc/buy/cgsh_order_operate.html HTTP/1.1" 200 1801
116.224.254.208 - - [18/Mar/2024:11:43:43 +0800] "GET /xingrg/check_reg.html?_=1710733423122 HTTP/1.1" 200 22
120.253.135.82 - - [18/Mar/2024:11:43:43 +0800] "GET /xingrg/all/function/internal_message.html?_=1710733596073&CODE_STATE=getMsg HTTP/1.1" 200 27
101.228.147.14 - - [18/Mar/2024:11:43:43 +0800] "POST /xingrg/dwr/call/plaincall/AjaxYddbService.getUnitPrice.dwr HTTP/1.1" 200 89
124.78.60.103 - - [18/Mar/2024:11:43:43 +0800] "GET /xingrg/kc/buy/cgsh_order_operate.html?command=get_materiel&rest_code=00141&code=00101002005&supplier_code=00100442&order_time=2024-03-18 HTTP/1.1" 200 413
120.253.135.82 - - [18/Mar/2024:11:43:45 +0800] "POST /xingrg/kc/pszx/mdps_order_operate.html HTTP/1.1" 200 12
61.170.232.54 - - [18/Mar/2024:11:43:46 +0800] "GET /xingrg/kc/print/load_data.html?order_code=212024031805480&kc_code=cgsh&condition= HTTP/1.1" 200 1166
124.77.245.45 - - [18/Mar/2024:11:43:46 +0800] "GET /xingrg/all/function/internal_message.html?_=1710733427927&CODE_STATE=getMsg HTTP/1.1" 200 27
116.238.97.31 - - [18/Mar/2024:11:43:48 +0800] "GET /xingrg/all/function/internal_message.html?_=1710733430170&CODE_STATE=getMsg HTTP/1.1" 200 27
222.70.115.1 - - [18/Mar/2024:11:43:48 +0800] "GET /xingrg/all/function/internal_message.html?_=1710733429398&CODE_STATE=getMsg HTTP/1.1" 200 27
222.70.115.1 - - [18/Mar/2024:11:43:48 +0800] "GET /xingrg/check_reg.html?_=1710733429406 HTTP/1.1" 200 22
61.170.232.54 - - [18/Mar/2024:11:43:50 +0800] "GET /xingrg/kc/buy/buy_main.html HTTP/1.1" 200 12412
61.170.232.54 - - [18/Mar/2024:11:43:50 +0800] "GET /xingrg/css/new_ie.css HTTP/1.1" 404 1036
61.170.232.54 - - [18/Mar/2024:11:43:52 +0800] "GET /xingrg/images/yd/bt.gif HTTP/1.1" 404 1040
120.253.135.82 - - [18/Mar/2024:11:43:52 +0800] "GET /xingrg/kc/pszx/mdps_order_info.html?code=312024031700321 HTTP/1.1" 200 19638
61.170.232.54 - - [18/Mar/2024:11:43:53 +0800] "GET /xingrg/kc/buy/cgsh_order_list.html HTTP/1.1" 200 57880
120.253.135.82 - - [18/Mar/2024:11:43:53 +0800] "GET /xingrg/javascript/easyui/themes/default/validatebox.css HTTP/1.1" 404 1104
120.253.135.82 - - [18/Mar/2024:11:43:53 +0800] "POST /xingrg/kc/pszx/mdps_order_operate.html HTTP/1.1" 200 2531
120.253.135.82 - - [18/Mar/2024:11:43:54 +0800] "POST /xingrg/kc/pszx/mdps_list_operate.html HTTP/1.1" 200 1691
61.170.232.54 - - [18/Mar/2024:11:43:55 +0800] "POST /xingrg/kc/buy/cgsh_list_operate.html HTTP/1.1" 200 645
120.253.135.82 - - [18/Mar/2024:11:43:56 +0800] "POST /xingrg/kc/pszx/mdps_list_operate.html HTTP/1.1" 200 588
124.78.60.103 - - [18/Mar/2024:11:43:56 +0800] "GET /xingrg/kc/buy/cgsh_order_operate.html?command=get_materiel&rest_code=00141&code=00101001060&supplier_code=00100442&order_time=2024-03-18 HTTP/1.1" 200 421
120.253.135.82 - - [18/Mar/2024:11:43:57 +0800] "GET /xingrg/kc/pszx/mdps_order_info.html?code=312024031700320 HTTP/1.1" 200 23978
120.253.135.82 - - [18/Mar/2024:11:43:57 +0800] "GET /xingrg/javascript/easyui/themes/default/validatebox.css HTTP/1.1" 404 1104
180.169.147.146 - - [18/Mar/2024:11:43:57 +0800] "GET /xingrg/all/function/internal_message.html?_=1710733436884&CODE_STATE=getMsg HTTP/1.1" 200 27
120.253.135.82 - - [18/Mar/2024:11:43:58 +0800] "POST /xingrg/kc/pszx/mdps_order_operate.html HTTP/1.1" 200 4755
114.83.223.3 - - [18/Mar/2024:11:43:59 +0800] "GET /xingrg/check_reg.html?_=1710733439305 HTTP/1.1" 200 22
114.83.223.3 - - [18/Mar/2024:11:44:00 +0800] "GET /xingrg/all/function/internal_message.html?_=1710733440025&CODE_STATE=getMsg HTTP/1.1" 200 27
61.170.232.54 - - [18/Mar/2024:11:44:01 +0800] "GET /xingrg/kc/buy/cgsh_order_add.html HTTP/1.1" 200 73649
222.70.183.82 - - [18/Mar/2024:11:44:01 +0800] "GET /xingrg/all/function/internal_message.html?_=1710733438572&CODE_STATE=getMsg HTTP/1.1" 200 27
61.170.232.54 - - [18/Mar/2024:11:44:01 +0800] "POST /xingrg/kc/buy/cgsh_order_operate.html HTTP/1.1" 200 8245
61.170.232.54 - - [18/Mar/2024:11:44:01 +0800] "GET /xingrg/javascript/easyui/themes/default/validatebox.css HTTP/1.1" 404 1104
120.253.135.82 - - [18/Mar/2024:11:44:02 +0800] "POST /xingrg/kc/pszx/mdps_order_operate.html HTTP/1.1" 200 37
101.228.147.14 - - [18/Mar/2024:11:44:03 +0800] "GET /xingrg/all/function/internal_message.html?_=1710733443336&CODE_STATE=getMsg HTTP/1.1" 200 27
180.169.147.146 - - [18/Mar/2024:11:44:04 +0800] "GET /xingrg/kc/base/check_order_info.html?code=452024031700104 HTTP/1.1" 200 26597
61.170.232.54 - - [18/Mar/2024:11:44:04 +0800] "GET /xingrg/javascript/easyui/themes/default/tree.css HTTP/1.1" 404 1090
61.170.232.54 - - [18/Mar/2024:11:44:05 +0800] "POST /xingrg/all/common/load_tree.html?tree=supplier_tree_json&isDelete=1 HTTP/1.1" 200 78788
180.169.147.146 - - [18/Mar/2024:11:44:06 +0800] "GET /xingrg/dwr/interface/AjaxComOrderService.js HTTP/1.1" 200 18264
180.169.147.146 - - [18/Mar/2024:11:44:06 +0800] "GET /xingrg/dwr/engine.js HTTP/1.1" 200 43631
180.169.147.146 - - [18/Mar/2024:11:44:06 +0800] "GET /xingrg/dwr/interface/AjaxCheckService.js HTTP/1.1" 200 14003
180.169.147.146 - - [18/Mar/2024:11:44:06 +0800] "GET /xingrg/dwr/util.js HTTP/1.1" 200 35990
120.253.135.82 - - [18/Mar/2024:11:44:08 +0800] "POST /xingrg/kc/pszx/mdps_order_operate.html HTTP/1.1" 200 12
101.228.147.14 - - [18/Mar/2024:11:44:08 +0800] "POST /xingrg/dwr/call/plaincall/AjaxYddbService.saveMaterielItem.dwr HTTP/1.1" 200 80
116.238.97.31 - - [18/Mar/2024:11:44:08 +0800] "GET /xingrg/all/function/internal_message.html?_=1710733449582&CODE_STATE=getMsg HTTP/1.1" 200 27
180.169.147.146 - - [18/Mar/2024:11:44:11 +0800] "POST /xingrg/dwr/call/plaincall/AjaxCheckService.loadOrderItems.dwr HTTP/1.1" 200 50967
124.78.60.103 - - [18/Mar/2024:11:44:11 +0800] "POST /xingrg/kc/buy/cgsh_order_operate.html HTTP/1.1" 200 37
180.164.1.25 - - [18/Mar/2024:11:44:12 +0800] "GET /xingrg/javascript/auto/indicator.gif HTTP/1.1" 404 1066
180.169.147.146 - - [18/Mar/2024:11:44:12 +0800] "GET /xingrg/all/function/internal_message.html?_=1710733452238&CODE_STATE=getMsg HTTP/1.1" 200 27
124.78.60.103 - - [18/Mar/2024:11:44:14 +0800] "POST /xingrg/kc/buy/cgsh_order_operate.html HTTP/1.1" 200 3852
116.232.194.112 - - [18/Mar/2024:11:44:17 +0800] "GET /xingrg/all/function/internal_message.html?_=1710733429970&CODE_STATE=getMsg HTTP/1.1" 200 27
222.69.134.93 - - [18/Mar/2024:11:44:17 +0800] "GET /xingrg/all/function/internal_message.html?_=1710733460096&CODE_STATE=getMsg HTTP/1.1" 200 27
116.224.254.208 - - [18/Mar/2024:11:44:17 +0800] "GET /xingrg/all/function/internal_message.html?_=1710733458243&CODE_STATE=getMsg HTTP/1.1" 200 27
101.228.147.14 - - [18/Mar/2024:11:44:18 +0800] "POST /xingrg/dwr/call/plaincall/AjaxComOrderService.getMaterielSearchList.dwr HTTP/1.1" 200 65274
124.78.60.103 - - [18/Mar/2024:11:44:18 +0800] "GET /xingrg/kc/print/load_data.html?order_code=212024031805481&kc_code=cgsh&condition= HTTP/1.1" 200 1148
101.228.147.14 - - [18/Mar/2024:11:44:18 +0800] "POST /xingrg/dwr/call/plaincall/AjaxComOrderService.getMaterielSearchList.dwr HTTP/1.1" 200 451
116.232.194.112 - - [18/Mar/2024:11:44:19 +0800] "GET /xingrg/all/function/internal_message.html?_=1710733431890&CODE_STATE=getMsg HTTP/1.1" 200 27
101.228.147.14 - - [18/Mar/2024:11:44:19 +0800] "POST /xingrg/dwr/call/plaincall/AjaxComOrderService.getMaterielSearchList.dwr HTTP/1.1" 200 299
101.83.145.37 - - [18/Mar/2024:11:44:20 +0800] "GET /xingrg/check_reg.html?_=1710733461659 HTTP/1.1" 200 22
101.83.145.37 - - [18/Mar/2024:11:44:20 +0800] "GET /xingrg/all/function/internal_message.html?_=1710733461663&CODE_STATE=getMsg HTTP/1.1" 200 27
101.228.147.14 - - [18/Mar/2024:11:44:21 +0800] "POST /xingrg/dwr/call/plaincall/AjaxYddbService.getMaterielByMap.dwr HTTP/1.1" 200 1643
61.170.232.54 - - [18/Mar/2024:11:44:22 +0800] "GET /xingrg/all/function/internal_message.html?_=1710733458963&CODE_STATE=getMsg HTTP/1.1" 200 27
180.164.1.25 - - [18/Mar/2024:11:44:24 +0800] "GET /xingrg/kc/buy/cgsh_order_operate.html?command=get_materiel&rest_code=00108&code=00101004051&supplier_code=00100312&order_time=2024-03-18 HTTP/1.1" 200 408
124.78.60.103 - - [18/Mar/2024:11:44:26 +0800] "GET /xingrg/javascript/easyui/themes/default/validatebox.css HTTP/1.1" 404 1104
124.78.60.103 - - [18/Mar/2024:11:44:26 +0800] "POST /xingrg/kc/buy/cgsh_order_operate.html HTTP/1.1" 200 8245
180.164.1.25 - - [18/Mar/2024:11:44:27 +0800] "GET /xingrg/all/function/internal_message.html?_=1710733466344&CODE_STATE=getMsg HTTP/1.1" 200 27
180.169.147.146 - - [18/Mar/2024:11:44:27 +0800] "GET /xingrg/kc/buy/buy_main.html HTTP/1.1" 200 12412
180.169.147.146 - - [18/Mar/2024:11:44:27 +0800] "GET /xingrg/css/new_ie.css HTTP/1.1" 404 1036
180.169.147.146 - - [18/Mar/2024:11:44:28 +0800] "GET /xingrg/images/yd/bt.gif HTTP/1.1" 404 1040
124.78.60.103 - - [18/Mar/2024:11:44:29 +0800] "GET /xingrg/all/function/internal_message.html?_=1710733469063&CODE_STATE=getMsg HTTP/1.1" 200 27
180.169.147.146 - - [18/Mar/2024:11:44:29 +0800] "GET /xingrg/kc/buy/cgsh_order_list.html HTTP/1.1" 200 57886
101.228.147.14 - - [18/Mar/2024:11:44:31 +0800] "POST /xingrg/dwr/call/plaincall/AjaxYddbService.getUnitPrice.dwr HTTP/1.1" 200 89
124.77.245.45 - - [18/Mar/2024:11:44:32 +0800] "GET /xingrg/check_reg.html?_=1710733473835 HTTP/1.1" 200 22
180.169.147.146 - - [18/Mar/2024:11:44:35 +0800] "GET /xingrg/all/function/internal_message.html?_=1710733475868&CODE_STATE=getMsg HTTP/1.1" 200 27
61.170.232.54 - - [18/Mar/2024:11:44:37 +0800] "GET /xingrg/kc/buy/cgsh_order_operate.html?command=get_materiel&rest_code=00106&code=00101029119&supplier_code=00100017&order_time=2024-03-18 HTTP/1.1" 200 436
124.78.60.103 - - [18/Mar/2024:11:44:38 +0800] "GET /xingrg/kc/buy/cgsh_order_operate.html?command=get_materiel&rest_code=00141&code=00101002006&supplier_code=00100091&order_time=2024-03-18 HTTP/1.1" 200 414
116.224.254.208 - - [18/Mar/2024:11:44:40 +0800] "GET /xingrg/all/function/internal_message.html?_=1710733480122&CODE_STATE=getMsg HTTP/1.1" 200 27
61.170.232.54 - - [18/Mar/2024:11:44:40 +0800] "GET /xingrg/all/function/internal_message.html?_=1710733481079&CODE_STATE=getMsg HTTP/1.1" 200 27
124.78.60.103 - - [18/Mar/2024:11:44:41 +0800] "GET /xingrg/all/function/internal_message.html?_=1710733481148&CODE_STATE=getMsg HTTP/1.1" 200 27
180.169.147.146 - - [18/Mar/2024:11:44:42 +0800] "GET /xingrg/all/function/internal_message.html?_=1710733482357&CODE_STATE=getMsg HTTP/1.1" 200 27
120.253.135.82 - - [18/Mar/2024:11:44:43 +0800] "GET /xingrg/all/function/internal_message.html?_=1710733656075&CODE_STATE=getMsg HTTP/1.1" 200 27
124.77.245.45 - - [18/Mar/2024:11:44:46 +0800] "GET /xingrg/all/function/internal_message.html?_=1710733487938&CODE_STATE=getMsg HTTP/1.1" 200 27
116.238.97.31 - - [18/Mar/2024:11:44:48 +0800] "GET /xingrg/all/function/internal_message.html?_=1710733490154&CODE_STATE=getMsg HTTP/1.1" 200 27
222.70.115.1 - - [18/Mar/2024:11:44:48 +0800] "GET /xingrg/all/function/internal_message.html?_=1710733489406&CODE_STATE=getMsg HTTP/1.1" 200 27
120.253.135.82 - - [18/Mar/2024:11:44:54 +0800] "GET /xingrg/kc/pszx/mdps_order_info.html?code=312024031700320 HTTP/1.1" 200 19638
120.253.135.82 - - [18/Mar/2024:11:44:54 +0800] "GET /xingrg/javascript/easyui/themes/default/validatebox.css HTTP/1.1" 404 1104
120.253.135.82 - - [18/Mar/2024:11:44:54 +0800] "GET /xingrg/all/function/internal_message.html?_=1710733334932&CODE_STATE=getMsg HTTP/1.1" 200 27
