61.170.232.54 - - [18/Mar/2024:11:35:40 +0800] "GET /xingrg/all/function/internal_message.html?_=1710732940888&CODE_STATE=getMsg HTTP/1.1" 200 27
124.77.245.45 - - [18/Mar/2024:11:35:43 +0800] "GET /xingrg/all/function/internal_message.html?_=1710732945476&CODE_STATE=getMsg HTTP/1.1" 200 27
101.83.145.37 - - [18/Mar/2024:11:35:44 +0800] "GET /xingrg/kc/base/wldb_order_operate.html?command=get_materiel&rest_code=00105&base_code=0010507&code=00101019400 HTTP/1.1" 200 465
61.170.232.54 - - [18/Mar/2024:11:35:46 +0800] "GET /xingrg/kc/buy/cgsh_order_add.html HTTP/1.1" 200 73649
61.170.232.54 - - [18/Mar/2024:11:35:46 +0800] "POST /xingrg/kc/buy/cgsh_order_operate.html HTTP/1.1" 200 8245
61.170.232.54 - - [18/Mar/2024:11:35:46 +0800] "GET /xingrg/javascript/easyui/themes/default/validatebox.css HTTP/1.1" 404 1104
222.70.183.82 - - [18/Mar/2024:11:35:47 +0800] "GET /xingrg/check_reg.html?_=1710732944628 HTTP/1.1" 200 22
116.238.97.31 - - [18/Mar/2024:11:35:48 +0800] "GET /xingrg/all/function/internal_message.html?_=1710732950282&CODE_STATE=getMsg HTTP/1.1" 200 27
61.170.232.54 - - [18/Mar/2024:11:35:48 +0800] "GET /xingrg/javascript/easyui/themes/default/tree.css HTTP/1.1" 404 1090
222.70.115.1 - - [18/Mar/2024:11:35:48 +0800] "GET /xingrg/all/function/internal_message.html?_=1710732949373&CODE_STATE=getMsg HTTP/1.1" 200 27
61.170.232.54 - - [18/Mar/2024:11:35:49 +0800] "POST /xingrg/all/common/load_tree.html?tree=supplier_tree_json&isDelete=1 HTTP/1.1" 200 78788
114.83.223.3 - - [18/Mar/2024:11:35:50 +0800] "GET /xingrg/kc/buy/cgsh_order_operate.html?command=get_materiel&rest_code=00149&code=00101001140&supplier_code=00100545&order_time=2024-03-18 HTTP/1.1" 200 415
101.228.147.14 - - [18/Mar/2024:11:35:54 +0800] "POST /xingrg/dwr/call/plaincall/AjaxYddbService.getUnitPrice.dwr HTTP/1.1" 200 87
180.169.147.146 - - [18/Mar/2024:11:35:55 +0800] "GET /xingrg/check_reg.html?_=1710732954042 HTTP/1.1" 200 22
101.83.145.37 - - [18/Mar/2024:11:35:57 +0800] "GET /xingrg/kc/base/wldb_order_operate.html?command=get_materiel&rest_code=00105&base_code=0010507&code=00101016029 HTTP/1.1" 200 460
180.169.147.146 - - [18/Mar/2024:11:35:58 +0800] "GET /xingrg/all/function/internal_message.html?_=1710732957054&CODE_STATE=getMsg HTTP/1.1" 200 27
101.83.145.37 - - [18/Mar/2024:11:36:02 +0800] "GET /xingrg/kc/base/wldb_order_operate.html?command=get_materiel&rest_code=00105&base_code=0010507&code=00101019315 HTTP/1.1" 200 475
101.228.147.14 - - [18/Mar/2024:11:36:03 +0800] "GET /xingrg/all/function/internal_message.html?_=1710732963335&CODE_STATE=getMsg HTTP/1.1" 200 27
114.83.223.3 - - [18/Mar/2024:11:36:04 +0800] "POST /xingrg/kc/buy/cgsh_order_operate.html HTTP/1.1" 200 37
116.238.97.31 - - [18/Mar/2024:11:36:08 +0800] "GET /xingrg/all/function/internal_message.html?_=1710732969588&CODE_STATE=getMsg HTTP/1.1" 200 27
61.170.232.54 - - [18/Mar/2024:11:36:10 +0800] "GET /xingrg/kc/buy/cgsh_order_operate.html?command=get_materiel&rest_code=00106&code=00101001256&supplier_code=00100479&order_time=2024-03-18 HTTP/1.1" 200 418
101.83.145.37 - - [18/Mar/2024:11:36:11 +0800] "GET /xingrg/kc/base/wldb_order_operate.html?command=get_materiel&rest_code=00105&base_code=0010507&code=00101019175 HTTP/1.1" 200 439
101.228.147.14 - - [18/Mar/2024:11:36:14 +0800] "POST /xingrg/dwr/call/plaincall/AjaxYddbService.saveMaterielItem.dwr HTTP/1.1" 200 79
116.232.194.112 - - [18/Mar/2024:11:36:17 +0800] "GET /xingrg/all/function/internal_message.html?_=1710732949988&CODE_STATE=getMsg HTTP/1.1" 200 27
222.69.134.93 - - [18/Mar/2024:11:36:17 +0800] "GET /xingrg/all/function/internal_message.html?_=1710732980088&CODE_STATE=getMsg HTTP/1.1" 200 27
116.224.254.208 - - [18/Mar/2024:11:36:18 +0800] "GET /xingrg/all/function/internal_message.html?_=1710732978350&CODE_STATE=getMsg HTTP/1.1" 200 27
114.83.223.3 - - [18/Mar/2024:11:36:18 +0800] "POST /xingrg/kc/buy/cgsh_order_operate.html HTTP/1.1" 200 12
116.232.194.112 - - [18/Mar/2024:11:36:18 +0800] "GET /xingrg/all/function/internal_message.html?_=1710732951124&CODE_STATE=getMsg HTTP/1.1" 200 27
101.83.145.37 - - [18/Mar/2024:11:36:19 +0800] "GET /xingrg/kc/base/wldb_order_operate.html?command=get_materiel&rest_code=00105&base_code=0010507&code=00101016076 HTTP/1.1" 200 477
116.238.97.31 - - [18/Mar/2024:11:36:19 +0800] "GET /xingrg/check_reg.html?_=1710732981844 HTTP/1.1" 200 22
101.83.145.37 - - [18/Mar/2024:11:36:20 +0800] "GET /xingrg/all/function/internal_message.html?_=1710732981920&CODE_STATE=getMsg HTTP/1.1" 200 27
61.170.232.54 - - [18/Mar/2024:11:36:22 +0800] "GET /xingrg/all/function/internal_message.html?_=1710732979161&CODE_STATE=getMsg HTTP/1.1" 200 27
222.70.183.82 - - [18/Mar/2024:11:36:23 +0800] "GET /xingrg/all/function/internal_message.html?_=1710732981330&CODE_STATE=getMsg HTTP/1.1" 200 27
101.228.147.14 - - [18/Mar/2024:11:36:23 +0800] "POST /xingrg/dwr/call/plaincall/AjaxComOrderService.getMaterielSearchList.dwr HTTP/1.1" 200 11372
101.228.147.14 - - [18/Mar/2024:11:36:24 +0800] "POST /xingrg/dwr/call/plaincall/AjaxComOrderService.getMaterielSearchList.dwr HTTP/1.1" 200 450
116.232.194.112 - - [18/Mar/2024:11:36:25 +0800] "POST /xingrg/kc/buy/cgsh_list_operate.html HTTP/1.1" 200 4203
61.170.232.54 - - [18/Mar/2024:11:36:25 +0800] "POST /xingrg/kc/buy/cgsh_order_operate.html HTTP/1.1" 200 37
101.83.145.37 - - [18/Mar/2024:11:36:26 +0800] "GET /xingrg/kc/base/wldb_order_operate.html?command=get_materiel&rest_code=00105&base_code=0010507&code=00101019438 HTTP/1.1" 200 462
180.164.1.25 - - [18/Mar/2024:11:36:27 +0800] "GET /xingrg/all/function/internal_message.html?_=1710732986316&CODE_STATE=getMsg HTTP/1.1" 200 27
124.78.60.103 - - [18/Mar/2024:11:36:29 +0800] "GET /xingrg/all/function/internal_message.html?_=1710732989080&CODE_STATE=getMsg HTTP/1.1" 200 27
101.228.147.14 - - [18/Mar/2024:11:36:30 +0800] "POST /xingrg/dwr/call/plaincall/AjaxYddbService.getMaterielByMap.dwr HTTP/1.1" 200 1659
222.70.183.82 - - [18/Mar/2024:11:36:31 +0800] "GET /xingrg/all/function/internal_message.html?_=1710732989350&CODE_STATE=getMsg HTTP/1.1" 302 -
61.170.232.54 - - [18/Mar/2024:11:36:32 +0800] "POST /xingrg/kc/buy/cgsh_order_operate.html HTTP/1.1" 200 12
101.83.145.37 - - [18/Mar/2024:11:36:32 +0800] "GET /xingrg/kc/base/wldb_order_operate.html?command=get_materiel&rest_code=00105&base_code=0010507&code=00101019185 HTTP/1.1" 200 469
61.170.232.54 - - [18/Mar/2024:11:36:35 +0800] "GET /xingrg/kc/buy/cgsh_order_info.html?code=212024031805471 HTTP/1.1" 200 68566
61.170.232.54 - - [18/Mar/2024:11:36:35 +0800] "GET /xingrg/javascript/easyui/themes/default/validatebox.css HTTP/1.1" 404 1104
180.169.147.146 - - [18/Mar/2024:11:36:35 +0800] "GET /xingrg/all/function/internal_message.html?_=1710732995865&CODE_STATE=getMsg HTTP/1.1" 200 27
61.170.232.54 - - [18/Mar/2024:11:36:36 +0800] "POST /xingrg/kc/buy/cgsh_order_operate.html HTTP/1.1" 200 613
120.253.135.82 - - [18/Mar/2024:11:36:37 +0800] "GET /xingrg/all/function/internal_message.html?_=1710732837133&CODE_STATE=getMsg HTTP/1.1" 200 27
101.83.145.37 - - [18/Mar/2024:11:36:39 +0800] "GET /xingrg/kc/base/wldb_order_operate.html?command=get_materiel&rest_code=00105&base_code=0010507&code=00101019110 HTTP/1.1" 200 475
116.224.254.208 - - [18/Mar/2024:11:36:40 +0800] "GET /xingrg/all/function/internal_message.html?_=1710733000276&CODE_STATE=getMsg HTTP/1.1" 200 27
180.169.147.146 - - [18/Mar/2024:11:36:40 +0800] "GET /xingrg/all/function/internal_message.html?_=1710733000427&CODE_STATE=getMsg HTTP/1.1" 200 27
61.170.232.54 - - [18/Mar/2024:11:36:40 +0800] "GET /xingrg/kc/print/load_data.html?order_code=212024031805471&kc_code=cgsh&condition= HTTP/1.1" 200 708
61.170.232.54 - - [18/Mar/2024:11:36:40 +0800] "GET /xingrg/all/function/internal_message.html?_=1710733001135&CODE_STATE=getMsg HTTP/1.1" 200 27
101.228.147.14 - - [18/Mar/2024:11:36:41 +0800] "POST /xingrg/dwr/call/plaincall/AjaxYddbService.getUnitPrice.dwr HTTP/1.1" 200 87
124.77.245.45 - - [18/Mar/2024:11:36:44 +0800] "GET /xingrg/all/function/internal_message.html?_=1710733006077&CODE_STATE=getMsg HTTP/1.1" 200 27
101.83.145.37 - - [18/Mar/2024:11:36:45 +0800] "GET /xingrg/kc/base/wldb_order_operate.html?command=get_materiel&rest_code=00105&base_code=0010507&code=00101019258 HTTP/1.1" 200 483
61.170.232.54 - - [18/Mar/2024:11:36:47 +0800] "GET /xingrg/kc/buy/cgsh_order_add.html HTTP/1.1" 200 73649
61.170.232.54 - - [18/Mar/2024:11:36:47 +0800] "POST /xingrg/kc/buy/cgsh_order_operate.html HTTP/1.1" 200 8245
61.170.232.54 - - [18/Mar/2024:11:36:47 +0800] "GET /xingrg/javascript/easyui/themes/default/validatebox.css HTTP/1.1" 404 1104
116.238.97.31 - - [18/Mar/2024:11:36:48 +0800] "GET /xingrg/all/function/internal_message.html?_=1710733010254&CODE_STATE=getMsg HTTP/1.1" 200 27
222.70.115.1 - - [18/Mar/2024:11:36:48 +0800] "GET /xingrg/all/function/internal_message.html?_=1710733009379&CODE_STATE=getMsg HTTP/1.1" 200 27
61.170.232.54 - - [18/Mar/2024:11:36:49 +0800] "GET /xingrg/javascript/easyui/themes/default/tree.css HTTP/1.1" 404 1090
61.170.232.54 - - [18/Mar/2024:11:36:49 +0800] "POST /xingrg/all/common/load_tree.html?tree=supplier_tree_json&isDelete=1 HTTP/1.1" 200 78788
101.83.145.37 - - [18/Mar/2024:11:36:52 +0800] "GET /xingrg/kc/base/wldb_order_operate.html?command=get_materiel&rest_code=00105&base_code=0010507&code=00101019018 HTTP/1.1" 200 465
114.83.223.3 - - [18/Mar/2024:11:36:55 +0800] "GET /xingrg/kc/buy/cgsh_order_info.html?code=212024031805470 HTTP/1.1" 200 68644
114.83.223.3 - - [18/Mar/2024:11:36:55 +0800] "GET /xingrg/javascript/easyui/themes/default/validatebox.css HTTP/1.1" 404 1104
114.83.223.3 - - [18/Mar/2024:11:36:56 +0800] "POST /xingrg/kc/buy/cgsh_order_operate.html HTTP/1.1" 200 1214
180.169.147.146 - - [18/Mar/2024:11:36:57 +0800] "GET /xingrg/all/function/internal_message.html?_=1710733017029&CODE_STATE=getMsg HTTP/1.1" 200 27
101.83.145.37 - - [18/Mar/2024:11:36:59 +0800] "GET /xingrg/kc/base/wldb_order_operate.html?command=get_materiel&rest_code=00105&base_code=0010507&code=00101016044 HTTP/1.1" 200 466
114.83.223.3 - - [18/Mar/2024:11:37:00 +0800] "GET /xingrg/all/function/internal_message.html?_=1710733020240&CODE_STATE=getMsg HTTP/1.1" 200 27
120.253.135.82 - - [18/Mar/2024:11:37:00 +0800] "GET /xingrg/kc/pszx/mdqp_order_list.html?state=10 HTTP/1.1" 200 10319
120.253.135.82 - - [18/Mar/2024:11:37:00 +0800] "GET /xingrg/dwr/interface/AjaxQqpsService.js HTTP/1.1" 200 16326
120.253.135.82 - - [18/Mar/2024:11:37:00 +0800] "GET /xingrg/dwr/interface/AjaxReportQueryService.js HTTP/1.1" 200 13203
120.253.135.82 - - [18/Mar/2024:11:37:00 +0800] "GET /xingrg/dwr/engine.js HTTP/1.1" 200 43631
114.83.223.3 - - [18/Mar/2024:11:37:02 +0800] "GET /xingrg/kc/print/load_data.html?order_code=212024031805470&kc_code=cgsh&condition= HTTP/1.1" 200 926
101.228.147.14 - - [18/Mar/2024:11:37:03 +0800] "GET /xingrg/all/function/internal_message.html?_=1710733023330&CODE_STATE=getMsg HTTP/1.1" 200 27
120.253.135.82 - - [18/Mar/2024:11:37:04 +0800] "GET /xingrg/kc/pszx/mdps_order_list.html?orderType=0 HTTP/1.1" 200 21033
120.253.135.82 - - [18/Mar/2024:11:37:04 +0800] "GET /xingrg/css/base.css HTTP/1.1" 304 -
120.253.135.82 - - [18/Mar/2024:11:37:04 +0800] "GET /xingrg/css/site.css HTTP/1.1" 304 -
120.253.135.82 - - [18/Mar/2024:11:37:04 +0800] "GET /xingrg/javascript/jquery_tools/datebox.css HTTP/1.1" 304 -
120.253.135.82 - - [18/Mar/2024:11:37:04 +0800] "GET /xingrg/javascript/jquery_tools/table.css HTTP/1.1" 304 -
120.253.135.82 - - [18/Mar/2024:11:37:04 +0800] "GET /xingrg/javascript/easyui/themes/default/easyui.css HTTP/1.1" 304 -
120.253.135.82 - - [18/Mar/2024:11:37:04 +0800] "GET /xingrg/javascript/easyui/themes/icon.css HTTP/1.1" 304 -
120.253.135.82 - - [18/Mar/2024:11:37:04 +0800] "GET /xingrg/javascript/jquery_tools/jquery.tools.table.js HTTP/1.1" 304 -
120.253.135.82 - - [18/Mar/2024:11:37:04 +0800] "GET /xingrg/javascript/jquery_tools/jquery.tools.hotkey.js HTTP/1.1" 304 -
120.253.135.82 - - [18/Mar/2024:11:37:04 +0800] "GET /xingrg/javascript/jquery_tools/jquery.tools.min.js HTTP/1.1" 304 -
120.253.135.82 - - [18/Mar/2024:11:37:04 +0800] "GET /xingrg/javascript/jquery_tools/jquery.tools.extend.js HTTP/1.1" 304 -
120.253.135.82 - - [18/Mar/2024:11:37:04 +0800] "GET /xingrg/javascript/auto/jquery.autocomplete.css HTTP/1.1" 304 -
120.253.135.82 - - [18/Mar/2024:11:37:04 +0800] "GET /xingrg/javascript/jquery_tools/fix.css HTTP/1.1" 304 -
120.253.135.82 - - [18/Mar/2024:11:37:04 +0800] "GET /xingrg/javascript/easyui/easyloader.js HTTP/1.1" 304 -
120.253.135.82 - - [18/Mar/2024:11:37:04 +0800] "GET /xingrg/javascript/jquery.cookie.js HTTP/1.1" 304 -
120.253.135.82 - - [18/Mar/2024:11:37:04 +0800] "GET /xingrg/javascript/jquery_tools/list_manager.js HTTP/1.1" 304 -
120.253.135.82 - - [18/Mar/2024:11:37:04 +0800] "GET /xingrg/javascript/auto/jquery.autocomplete.js HTTP/1.1" 304 -
120.253.135.82 - - [18/Mar/2024:11:37:04 +0800] "GET /xingrg/javascript/print/LodopFuncs.js HTTP/1.1" 304 -
120.253.135.82 - - [18/Mar/2024:11:37:04 +0800] "GET /xingrg/javascript/easyui/themes/icons/edit_add_new.png HTTP/1.1" 304 -
120.253.135.82 - - [18/Mar/2024:11:37:04 +0800] "GET /xingrg/javascript/easyui/themes/icons/check_new.png HTTP/1.1" 304 -
120.253.135.82 - - [18/Mar/2024:11:37:04 +0800] "GET /xingrg/javascript/easyui/themes/icons/uncheck_new.png HTTP/1.1" 304 -
120.253.135.82 - - [18/Mar/2024:11:37:04 +0800] "GET /xingrg/javascript/easyui/themes/icons/cance_new.png HTTP/1.1" 304 -
120.253.135.82 - - [18/Mar/2024:11:37:04 +0800] "GET /xingrg/javascript/easyui/themes/icons/field_new.png HTTP/1.1" 304 -
120.253.135.82 - - [18/Mar/2024:11:37:04 +0800] "GET /xingrg/javascript/easyui/themes/icons/import_new.png HTTP/1.1" 304 -
120.253.135.82 - - [18/Mar/2024:11:37:04 +0800] "GET /xingrg/javascript/easyui/plugins/jquery.parser.js HTTP/1.1" 304 -
120.253.135.82 - - [18/Mar/2024:11:37:04 +0800] "GET /xingrg/images/control/ajaxLoader.gif HTTP/1.1" 304 -
120.253.135.82 - - [18/Mar/2024:11:37:05 +0800] "POST /xingrg/kc/pszx/mdps_list_operate.html HTTP/1.1" 200 5313
101.83.145.37 - - [18/Mar/2024:11:37:06 +0800] "POST /xingrg/kc/base/wldb_order_operate.html HTTP/1.1" 200 37
114.83.223.3 - - [18/Mar/2024:11:37:07 +0800] "GET /xingrg/kc/buy/cgsh_order_add.html HTTP/1.1" 200 73743
114.83.223.3 - - [18/Mar/2024:11:37:07 +0800] "POST /xingrg/kc/buy/cgsh_order_operate.html HTTP/1.1" 200 8245
114.83.223.3 - - [18/Mar/2024:11:37:07 +0800] "GET /xingrg/javascript/easyui/themes/default/validatebox.css HTTP/1.1" 404 1104
101.83.145.37 - - [18/Mar/2024:11:37:07 +0800] "POST /xingrg/kc/base/wldb_order_operate.html HTTP/1.1" 200 8682
116.238.97.31 - - [18/Mar/2024:11:37:08 +0800] "GET /xingrg/all/function/internal_message.html?_=1710733029589&CODE_STATE=getMsg HTTP/1.1" 200 27
120.253.135.82 - - [18/Mar/2024:11:37:09 +0800] "GET /xingrg/javascript/auto/indicator.gif HTTP/1.1" 404 1066
101.83.145.37 - - [18/Mar/2024:11:37:16 +0800] "GET /xingrg/kc/base/wldb_order_info.html?code=422024031801296 HTTP/1.1" 200 30397
101.228.147.14 - - [18/Mar/2024:11:37:16 +0800] "POST /xingrg/dwr/call/plaincall/AjaxYddbService.saveMaterielItem.dwr HTTP/1.1" 200 79
101.83.145.37 - - [18/Mar/2024:11:37:16 +0800] "GET /xingrg/javascript/easyui/themes/default/validatebox.css HTTP/1.1" 404 1104
120.253.135.82 - - [18/Mar/2024:11:37:17 +0800] "POST /xingrg/kc/pszx/mdps_list_operate.html HTTP/1.1" 200 3557
116.232.194.112 - - [18/Mar/2024:11:37:17 +0800] "GET /xingrg/all/function/internal_message.html?_=1710733009987&CODE_STATE=getMsg HTTP/1.1" 200 27
116.232.194.112 - - [18/Mar/2024:11:37:17 +0800] "GET /xingrg/check_reg.html?_=1710733009995 HTTP/1.1" 200 22
101.83.145.37 - - [18/Mar/2024:11:37:17 +0800] "POST /xingrg/kc/base/wldb_order_operate.html HTTP/1.1" 200 8682
222.69.134.93 - - [18/Mar/2024:11:37:17 +0800] "GET /xingrg/all/function/internal_message.html?_=1710733040079&CODE_STATE=getMsg HTTP/1.1" 200 27
116.224.254.208 - - [18/Mar/2024:11:37:18 +0800] "GET /xingrg/all/function/internal_message.html?_=1710733038344&CODE_STATE=getMsg HTTP/1.1" 200 27
116.224.254.208 - - [18/Mar/2024:11:37:18 +0800] "GET /xingrg/check_reg.html?_=1710733038495 HTTP/1.1" 200 22
116.232.194.112 - - [18/Mar/2024:11:37:18 +0800] "GET /xingrg/all/function/internal_message.html?_=1710733011110&CODE_STATE=getMsg HTTP/1.1" 200 27
101.83.145.37 - - [18/Mar/2024:11:37:20 +0800] "GET /xingrg/all/function/internal_message.html?_=1710733041836&CODE_STATE=getMsg HTTP/1.1" 200 27
61.170.232.54 - - [18/Mar/2024:11:37:22 +0800] "GET /xingrg/all/function/internal_message.html?_=1710733039133&CODE_STATE=getMsg HTTP/1.1" 200 27
61.170.232.54 - - [18/Mar/2024:11:37:22 +0800] "GET /xingrg/kc/buy/cgsh_order_operate.html?command=get_materiel&rest_code=00106&code=00101010842&supplier_code=00100575&order_time=2024-03-18 HTTP/1.1" 200 435
222.70.183.82 - - [18/Mar/2024:11:37:23 +0800] "GET /xingrg/all/function/internal_message.html?_=1710733041303&CODE_STATE=getMsg HTTP/1.1" 200 27
101.228.147.14 - - [18/Mar/2024:11:37:24 +0800] "POST /xingrg/dwr/call/plaincall/AjaxComOrderService.getMaterielSearchList.dwr HTTP/1.1" 200 646767
101.228.147.14 - - [18/Mar/2024:11:37:24 +0800] "POST /xingrg/dwr/call/plaincall/AjaxComOrderService.getMaterielSearchList.dwr HTTP/1.1" 200 13910
101.228.147.14 - - [18/Mar/2024:11:37:24 +0800] "POST /xingrg/dwr/call/plaincall/AjaxComOrderService.getMaterielSearchList.dwr HTTP/1.1" 200 303
101.228.147.14 - - [18/Mar/2024:11:37:26 +0800] "POST /xingrg/dwr/call/plaincall/AjaxYddbService.getMaterielByMap.dwr HTTP/1.1" 200 1605
180.164.1.25 - - [18/Mar/2024:11:37:27 +0800] "GET /xingrg/check_reg.html?_=1710733046335 HTTP/1.1" 200 22
180.164.1.25 - - [18/Mar/2024:11:37:27 +0800] "GET /xingrg/all/function/internal_message.html?_=1710733046336&CODE_STATE=getMsg HTTP/1.1" 200 27
124.78.60.103 - - [18/Mar/2024:11:37:29 +0800] "GET /xingrg/all/function/internal_message.html?_=1710733049063&CODE_STATE=getMsg HTTP/1.1" 200 27
120.253.135.82 - - [18/Mar/2024:11:37:29 +0800] "POST /xingrg/kc/pszx/mdps_list_operate.html HTTP/1.1" 200 203
120.253.135.82 - - [18/Mar/2024:11:37:30 +0800] "GET /xingrg/kc/pszx/mdps_order_info.html?code=312024031400273 HTTP/1.1" 200 23982
120.253.135.82 - - [18/Mar/2024:11:37:31 +0800] "GET /xingrg/javascript/convert.js HTTP/1.1" 304 -
120.253.135.82 - - [18/Mar/2024:11:37:31 +0800] "GET /xingrg/javascript/jquery_tools/order_manager.js HTTP/1.1" 304 -
120.253.135.82 - - [18/Mar/2024:11:37:31 +0800] "GET /xingrg/javascript/json2.js HTTP/1.1" 304 -
120.253.135.82 - - [18/Mar/2024:11:37:31 +0800] "GET /xingrg/javascript/print/kc_print.js HTTP/1.1" 304 -
120.253.135.82 - - [18/Mar/2024:11:37:31 +0800] "GET /xingrg/words/20240317191211_words.js HTTP/1.1" 304 -
120.253.135.82 - - [18/Mar/2024:11:37:31 +0800] "GET /xingrg/javascript/easyui/themes/icons/copy_new.png HTTP/1.1" 304 -
120.253.135.82 - - [18/Mar/2024:11:37:31 +0800] "GET /xingrg/javascript/easyui/themes/icons/print.png HTTP/1.1" 304 -
120.253.135.82 - - [18/Mar/2024:11:37:31 +0800] "GET /xingrg/javascript/easyui/themes/icons/ok.png HTTP/1.1" 304 -
120.253.135.82 - - [18/Mar/2024:11:37:31 +0800] "GET /xingrg/javascript/easyui/themes/icons/cancel.png HTTP/1.1" 304 -
120.253.135.82 - - [18/Mar/2024:11:37:31 +0800] "GET /xingrg/javascript/easyui/themes/default/images/menu_downarrow.png HTTP/1.1" 304 -
120.253.135.82 - - [18/Mar/2024:11:37:31 +0800] "GET /xingrg/javascript/easyui/themes/default/validatebox.css HTTP/1.1" 404 1104
120.253.135.82 - - [18/Mar/2024:11:37:31 +0800] "GET /xingrg/javascript/easyui/plugins/jquery.validatebox.js HTTP/1.1" 304 -
120.253.135.82 - - [18/Mar/2024:11:37:31 +0800] "GET /xingrg/javascript/easyui/plugins/jquery.numberbox.js HTTP/1.1" 304 -
120.253.135.82 - - [18/Mar/2024:11:37:31 +0800] "GET /xingrg/all/common/auto_word.html?type=base&rest_code=00101 HTTP/1.1" 200 671
222.70.183.82 - - [18/Mar/2024:11:37:31 +0800] "GET /xingrg/all/function/internal_message.html?_=1710733049341&CODE_STATE=getMsg HTTP/1.1" 302 -
120.253.135.82 - - [18/Mar/2024:11:37:31 +0800] "POST /xingrg/kc/pszx/mdps_order_operate.html HTTP/1.1" 200 2278
120.253.135.82 - - [18/Mar/2024:11:37:32 +0800] "GET /xingrg/javascript/easyui/themes/icons/edit_remove.png HTTP/1.1" 304 -
120.253.135.82 - - [18/Mar/2024:11:37:34 +0800] "GET /xingrg/javascript/easyui/themes/default/images/button_plain_hover.png HTTP/1.1" 304 -
180.169.147.146 - - [18/Mar/2024:11:37:35 +0800] "GET /xingrg/all/function/internal_message.html?_=1710733055851&CODE_STATE=getMsg HTTP/1.1" 200 27
101.228.147.14 - - [18/Mar/2024:11:37:37 +0800] "POST /xingrg/dwr/call/plaincall/AjaxYddbService.saveMaterielItem.dwr HTTP/1.1" 200 79
61.170.232.54 - - [18/Mar/2024:11:37:38 +0800] "POST /xingrg/kc/buy/cgsh_order_operate.html HTTP/1.1" 200 37
120.253.135.82 - - [18/Mar/2024:11:37:39 +0800] "GET /xingrg/login.html HTTP/1.1" 200 7641
120.253.135.82 - - [18/Mar/2024:11:37:39 +0800] "POST /xingrg/kc/pszx/mdps_order_operate.html HTTP/1.1" 200 37
116.224.254.208 - - [18/Mar/2024:11:37:40 +0800] "GET /xingrg/all/function/internal_message.html?_=1710733060260&CODE_STATE=getMsg HTTP/1.1" 200 27
180.169.147.146 - - [18/Mar/2024:11:37:40 +0800] "GET /xingrg/all/function/internal_message.html?_=1710733060426&CODE_STATE=getMsg HTTP/1.1" 200 27
61.170.232.54 - - [18/Mar/2024:11:37:40 +0800] "GET /xingrg/all/function/internal_message.html?_=1710733061118&CODE_STATE=getMsg HTTP/1.1" 200 27
120.253.135.82 - - [18/Mar/2024:11:37:43 +0800] "POST /xingrg/login.do HTTP/1.1" 302 -
120.253.135.82 - - [18/Mar/2024:11:37:43 +0800] "GET /xingrg/index.html?sysBaseUrl=http%3A%2F%2F180.169.147.146%3A18081%2Fxingrg%2F&costTime=1488×tamp=1710733063253 HTTP/1.1" 200 17173
120.253.135.82 - - [18/Mar/2024:11:37:43 +0800] "GET /xingrg/all/function/internal_message.html?_=1710733236066&CODE_STATE=count HTTP/1.1" 200 11
120.253.135.82 - - [18/Mar/2024:11:37:43 +0800] "GET /xingrg/check_reg.html?_=1710733236067 HTTP/1.1" 200 22
120.253.135.82 - - [18/Mar/2024:11:37:43 +0800] "POST /xingrg/all/common/load_tree.html?tree=area_rest_tree_json&manage=1 HTTP/1.1" 200 344
120.253.135.82 - - [18/Mar/2024:11:37:43 +0800] "POST /xingrg/load_menu.html HTTP/1.1" 200 6743
124.77.245.45 - - [18/Mar/2024:11:37:44 +0800] "GET /xingrg/all/function/internal_message.html?_=1710733066087&CODE_STATE=getMsg HTTP/1.1" 200 27
101.228.147.14 - - [18/Mar/2024:11:37:44 +0800] "POST /xingrg/dwr/call/plaincall/AjaxComOrderService.getMaterielSearchList.dwr HTTP/1.1" 200 34341
120.253.135.82 - - [18/Mar/2024:11:37:44 +0800] "POST /xingrg/kc/pszx/mdps_order_operate.html HTTP/1.1" 200 12
101.228.147.14 - - [18/Mar/2024:11:37:44 +0800] "POST /xingrg/dwr/call/plaincall/AjaxComOrderService.getMaterielSearchList.dwr HTTP/1.1" 200 34341
101.228.147.14 - - [18/Mar/2024:11:37:46 +0800] "POST /xingrg/dwr/call/plaincall/AjaxComOrderService.getMaterielSearchList.dwr HTTP/1.1" 200 871
120.253.135.82 - - [18/Mar/2024:11:37:48 +0800] "GET /xingrg/kc/pszx/mdps_order_list.html?orderType=0 HTTP/1.1" 200 21033
116.238.97.31 - - [18/Mar/2024:11:37:48 +0800] "GET /xingrg/all/function/internal_message.html?_=1710733070240&CODE_STATE=getMsg HTTP/1.1" 200 27
120.253.135.82 - - [18/Mar/2024:11:37:48 +0800] "POST /xingrg/kc/pszx/mdps_list_operate.html HTTP/1.1" 200 5313
222.70.115.1 - - [18/Mar/2024:11:37:48 +0800] "GET /xingrg/all/function/internal_message.html?_=1710733069369&CODE_STATE=getMsg HTTP/1.1" 200 27
61.170.232.54 - - [18/Mar/2024:11:37:50 +0800] "POST /xingrg/kc/buy/cgsh_order_operate.html HTTP/1.1" 200 12
101.228.147.14 - - [18/Mar/2024:11:37:51 +0800] "POST /xingrg/dwr/call/plaincall/AjaxYddbService.getMaterielByMap.dwr HTTP/1.1" 200 1604
120.253.135.82 - - [18/Mar/2024:11:37:52 +0800] "POST /xingrg/kc/pszx/mdps_list_operate.html HTTP/1.1" 200 5411
120.253.135.82 - - [18/Mar/2024:11:37:53 +0800] "GET /xingrg/kc/pszx/mdps_order_info.html?code=312024031400273 HTTP/1.1" 200 19642
61.170.232.54 - - [18/Mar/2024:11:37:53 +0800] "GET /xingrg/kc/buy/cgsh_order_info.html?code=212024031805472 HTTP/1.1" 200 68566
61.170.232.54 - - [18/Mar/2024:11:37:53 +0800] "GET /xingrg/javascript/easyui/themes/default/validatebox.css HTTP/1.1" 404 1104
120.253.135.82 - - [18/Mar/2024:11:37:53 +0800] "GET /xingrg/javascript/easyui/themes/default/validatebox.css HTTP/1.1" 404 1104
120.253.135.82 - - [18/Mar/2024:11:37:53 +0800] "GET /xingrg/check_reg.html?_=1710732913915 HTTP/1.1" 200 22
120.253.135.82 - - [18/Mar/2024:11:37:53 +0800] "GET /xingrg/all/function/internal_message.html?_=1710732913916&CODE_STATE=getMsg HTTP/1.1" 200 27
120.253.135.82 - - [18/Mar/2024:11:37:54 +0800] "POST /xingrg/kc/pszx/mdps_order_operate.html HTTP/1.1" 200 498
61.170.232.54 - - [18/Mar/2024:11:37:54 +0800] "POST /xingrg/kc/buy/cgsh_order_operate.html HTTP/1.1" 200 622
61.170.232.54 - - [18/Mar/2024:11:37:56 +0800] "GET /xingrg/check_reg.html?_=1710733072988 HTTP/1.1" 200 22
120.253.135.82 - - [18/Mar/2024:11:37:57 +0800] "POST /xingrg/kc/pszx/mdps_list_operate.html HTTP/1.1" 200 654
61.170.232.54 - - [18/Mar/2024:11:37:57 +0800] "GET /xingrg/kc/print/load_data.html?order_code=212024031805472&kc_code=cgsh&condition= HTTP/1.1" 200 716
180.169.147.146 - - [18/Mar/2024:11:37:57 +0800] "GET /xingrg/all/function/internal_message.html?_=1710733077010&CODE_STATE=getMsg HTTP/1.1" 200 27
120.253.135.82 - - [18/Mar/2024:11:37:58 +0800] "GET /xingrg/kc/pszx/mdps_order_info.html?code=312024031700328 HTTP/1.1" 200 23978
120.253.135.82 - - [18/Mar/2024:11:37:59 +0800] "GET /xingrg/javascript/easyui/themes/default/validatebox.css HTTP/1.1" 404 1104
120.253.135.82 - - [18/Mar/2024:11:37:59 +0800] "POST /xingrg/kc/pszx/mdps_order_operate.html HTTP/1.1" 200 12555
120.253.135.82 - - [18/Mar/2024:11:38:02 +0800] "POST /xingrg/kc/pszx/mdps_list_operate.html HTTP/1.1" 200 654
101.228.147.14 - - [18/Mar/2024:11:38:03 +0800] "GET /xingrg/all/function/internal_message.html?_=1710733083334&CODE_STATE=getMsg HTTP/1.1" 200 27
120.253.135.82 - - [18/Mar/2024:11:38:03 +0800] "GET /xingrg/kc/pszx/mdps_order_info.html?code=312024031700328 HTTP/1.1" 200 23978
61.170.232.54 - - [18/Mar/2024:11:38:03 +0800] "GET /xingrg/kc/buy/cgsh_order_add.html HTTP/1.1" 200 73649
120.253.135.82 - - [18/Mar/2024:11:38:03 +0800] "GET /xingrg/words/20240317191211_words.js HTTP/1.1" 304 -
61.170.232.54 - - [18/Mar/2024:11:38:04 +0800] "POST /xingrg/kc/buy/cgsh_order_operate.html HTTP/1.1" 200 8245
61.170.232.54 - - [18/Mar/2024:11:38:04 +0800] "GET /xingrg/javascript/easyui/themes/default/validatebox.css HTTP/1.1" 404 1104
120.253.135.82 - - [18/Mar/2024:11:38:04 +0800] "GET /xingrg/javascript/easyui/themes/default/validatebox.css HTTP/1.1" 404 1104
120.253.135.82 - - [18/Mar/2024:11:38:04 +0800] "GET /xingrg/all/common/auto_word.html?type=base&rest_code=00101 HTTP/1.1" 200 671
120.253.135.82 - - [18/Mar/2024:11:38:04 +0800] "POST /xingrg/kc/pszx/mdps_order_operate.html HTTP/1.1" 200 37
120.253.135.82 - - [18/Mar/2024:11:38:04 +0800] "POST /xingrg/kc/pszx/mdps_order_operate.html HTTP/1.1" 200 12555
61.170.232.54 - - [18/Mar/2024:11:38:05 +0800] "GET /xingrg/javascript/easyui/themes/default/tree.css HTTP/1.1" 404 1090
61.170.232.54 - - [18/Mar/2024:11:38:06 +0800] "POST /xingrg/all/common/load_tree.html?tree=supplier_tree_json&isDelete=1 HTTP/1.1" 200 78788
116.238.97.31 - - [18/Mar/2024:11:38:08 +0800] "GET /xingrg/all/function/internal_message.html?_=1710733089577&CODE_STATE=getMsg HTTP/1.1" 200 27
120.253.135.82 - - [18/Mar/2024:11:38:10 +0800] "POST /xingrg/kc/pszx/mdps_order_operate.html HTTP/1.1" 200 12
114.83.223.3 - - [18/Mar/2024:11:38:11 +0800] "GET /xingrg/all/function/internal_message.html?_=1710733080129&CODE_STATE=getMsg HTTP/1.1" 200 27
116.232.194.112 - - [18/Mar/2024:11:38:17 +0800] "GET /xingrg/all/function/internal_message.html?_=1710733069984&CODE_STATE=getMsg HTTP/1.1" 200 27
222.69.134.93 - - [18/Mar/2024:11:38:17 +0800] "GET /xingrg/all/function/internal_message.html?_=1710733100101&CODE_STATE=getMsg HTTP/1.1" 200 27
116.224.254.208 - - [18/Mar/2024:11:38:18 +0800] "GET /xingrg/all/function/internal_message.html?_=1710733098316&CODE_STATE=getMsg HTTP/1.1" 200 27
116.232.194.112 - - [18/Mar/2024:11:38:18 +0800] "GET /xingrg/all/function/internal_message.html?_=1710733071099&CODE_STATE=getMsg HTTP/1.1" 200 27
116.232.194.112 - - [18/Mar/2024:11:38:18 +0800] "GET /xingrg/check_reg.html?_=1710733071573 HTTP/1.1" 200 22
120.253.135.82 - - [18/Mar/2024:11:38:19 +0800] "GET /xingrg/kc/buy/cgsh_order_list.html HTTP/1.1" 200 57880
120.253.135.82 - - [18/Mar/2024:11:38:19 +0800] "GET /xingrg/kc/pszx/mdps_order_info.html?code=312024031700328 HTTP/1.1" 200 19638
120.253.135.82 - - [18/Mar/2024:11:38:20 +0800] "GET /xingrg/javascript/easyui/themes/default/validatebox.css HTTP/1.1" 404 1104
101.83.145.37 - - [18/Mar/2024:11:38:20 +0800] "GET /xingrg/all/function/internal_message.html?_=1710733101801&CODE_STATE=getMsg HTTP/1.1" 200 27
120.253.135.82 - - [18/Mar/2024:11:38:20 +0800] "POST /xingrg/kc/pszx/mdps_order_operate.html HTTP/1.1" 200 10689
120.253.135.82 - - [18/Mar/2024:11:38:21 +0800] "POST /xingrg/kc/buy/cgsh_list_operate.html HTTP/1.1" 200 645
120.253.135.82 - - [18/Mar/2024:11:38:21 +0800] "POST /xingrg/kc/pszx/mdps_list_operate.html HTTP/1.1" 200 2806
61.170.232.54 - - [18/Mar/2024:11:38:22 +0800] "GET /xingrg/all/function/internal_message.html?_=1710733099113&CODE_STATE=getMsg HTTP/1.1" 200 27
222.70.183.82 - - [18/Mar/2024:11:38:23 +0800] "GET /xingrg/all/function/internal_message.html?_=1710733101282&CODE_STATE=getMsg HTTP/1.1" 200 27
120.253.135.82 - - [18/Mar/2024:11:38:24 +0800] "POST /xingrg/kc/pszx/mdps_list_operate.html HTTP/1.1" 200 379
120.253.135.82 - - [18/Mar/2024:11:38:26 +0800] "GET /xingrg/kc/pszx/mdps_order_info.html?code=312024031700326 HTTP/1.1" 200 23978
120.253.135.82 - - [18/Mar/2024:11:38:27 +0800] "GET /xingrg/javascript/easyui/themes/default/validatebox.css HTTP/1.1" 404 1104
120.253.135.82 - - [18/Mar/2024:11:38:27 +0800] "POST /xingrg/kc/pszx/mdps_order_operate.html HTTP/1.1" 200 3297
180.164.1.25 - - [18/Mar/2024:11:38:27 +0800] "GET /xingrg/all/function/internal_message.html?_=1710733106336&CODE_STATE=getMsg HTTP/1.1" 200 27
124.78.60.103 - - [18/Mar/2024:11:38:29 +0800] "GET /xingrg/all/function/internal_message.html?_=1710733109074&CODE_STATE=getMsg HTTP/1.1" 200 27
120.253.135.82 - - [18/Mar/2024:11:38:31 +0800] "POST /xingrg/kc/pszx/mdps_order_operate.html HTTP/1.1" 200 37
222.70.183.82 - - [18/Mar/2024:11:38:31 +0800] "GET /xingrg/all/function/internal_message.html?_=1710733109350&CODE_STATE=getMsg HTTP/1.1" 302 -
116.232.194.112 - - [18/Mar/2024:11:38:32 +0800] "POST /xingrg/kc/buy/cgsh_list_operate.html HTTP/1.1" 200 568
61.170.232.54 - - [18/Mar/2024:11:38:34 +0800] "GET /xingrg/kc/buy/cgsh_order_operate.html?command=get_materiel&rest_code=00106&code=00101001309&supplier_code=00100331&order_time=2024-03-18 HTTP/1.1" 200 410
116.232.194.112 - - [18/Mar/2024:11:38:34 +0800] "GET /xingrg/kc/buy/cgsh_order_info.html?code=212024031805343 HTTP/1.1" 200 73752
116.232.194.112 - - [18/Mar/2024:11:38:34 +0800] "GET /xingrg/javascript/easyui/themes/default/validatebox.css HTTP/1.1" 404 1104
180.169.147.146 - - [18/Mar/2024:11:38:35 +0800] "GET /xingrg/all/function/internal_message.html?_=1710733115843&CODE_STATE=getMsg HTTP/1.1" 200 27
116.232.194.112 - - [18/Mar/2024:11:38:35 +0800] "POST /xingrg/kc/buy/cgsh_order_operate.html HTTP/1.1" 200 22214
120.253.135.82 - - [18/Mar/2024:11:38:36 +0800] "POST /xingrg/kc/pszx/mdps_order_operate.html HTTP/1.1" 200 12
116.224.254.208 - - [18/Mar/2024:11:38:40 +0800] "GET /xingrg/all/function/internal_message.html?_=1710733120241&CODE_STATE=getMsg HTTP/1.1" 200 27
180.169.147.146 - - [18/Mar/2024:11:38:40 +0800] "GET /xingrg/all/function/internal_message.html?_=1710733120421&CODE_STATE=getMsg HTTP/1.1" 200 27
61.170.232.54 - - [18/Mar/2024:11:38:40 +0800] "GET /xingrg/check_reg.html?_=1710733120866 HTTP/1.1" 200 22
61.170.232.54 - - [18/Mar/2024:11:38:40 +0800] "GET /xingrg/all/function/internal_message.html?_=1710733121094&CODE_STATE=getMsg HTTP/1.1" 200 27
116.224.254.208 - - [18/Mar/2024:11:38:43 +0800] "GET /xingrg/check_reg.html?_=1710733123116 HTTP/1.1" 200 22
120.253.135.82 - - [18/Mar/2024:11:38:43 +0800] "GET /xingrg/all/function/internal_message.html?_=1710733296073&CODE_STATE=getMsg HTTP/1.1" 200 27
124.77.245.45 - - [18/Mar/2024:11:38:44 +0800] "GET /xingrg/all/function/internal_message.html?_=1710733126674&CODE_STATE=getMsg HTTP/1.1" 200 27
116.238.97.31 - - [18/Mar/2024:11:38:48 +0800] "GET /xingrg/all/function/internal_message.html?_=1710733130243&CODE_STATE=getMsg HTTP/1.1" 200 27
222.70.115.1 - - [18/Mar/2024:11:38:48 +0800] "GET /xingrg/all/function/internal_message.html?_=1710733129375&CODE_STATE=getMsg HTTP/1.1" 200 27
222.70.115.1 - - [18/Mar/2024:11:38:48 +0800] "GET /xingrg/check_reg.html?_=1710733129384 HTTP/1.1" 200 22
120.253.135.82 - - [18/Mar/2024:11:38:49 +0800] "GET /xingrg/kc/pszx/mdps_order_info.html?code=312024031700326 HTTP/1.1" 200 19638
120.253.135.82 - - [18/Mar/2024:11:38:49 +0800] "GET /xingrg/javascript/easyui/themes/default/validatebox.css HTTP/1.1" 404 1104
120.253.135.82 - - [18/Mar/2024:11:38:49 +0800] "POST /xingrg/kc/pszx/mdps_order_operate.html HTTP/1.1" 200 1507
120.253.135.82 - - [18/Mar/2024:11:38:50 +0800] "POST /xingrg/kc/pszx/mdps_list_operate.html HTTP/1.1" 200 2435
120.253.135.82 - - [18/Mar/2024:11:38:52 +0800] "POST /xingrg/kc/pszx/mdps_list_operate.html HTTP/1.1" 200 290
120.253.135.82 - - [18/Mar/2024:11:38:53 +0800] "GET /xingrg/kc/pszx/mdps_order_info.html?code=312024031700325 HTTP/1.1" 200 23978
120.253.135.82 - - [18/Mar/2024:11:38:53 +0800] "GET /xingrg/javascript/easyui/themes/default/validatebox.css HTTP/1.1" 404 1104
120.253.135.82 - - [18/Mar/2024:11:38:54 +0800] "GET /xingrg/all/function/internal_message.html?_=1710732974096&CODE_STATE=getMsg HTTP/1.1" 200 27
120.253.135.82 - - [18/Mar/2024:11:38:54 +0800] "POST /xingrg/kc/pszx/mdps_order_operate.html HTTP/1.1" 200 2795
180.169.147.146 - - [18/Mar/2024:11:38:57 +0800] "GET /xingrg/all/function/internal_message.html?_=1710733136997&CODE_STATE=getMsg HTTP/1.1" 200 27
114.83.223.3 - - [18/Mar/2024:11:38:59 +0800] "GET /xingrg/check_reg.html?_=1710733139307 HTTP/1.1" 200 22
114.83.223.3 - - [18/Mar/2024:11:39:00 +0800] "GET /xingrg/all/function/internal_message.html?_=1710733140106&CODE_STATE=getMsg HTTP/1.1" 200 27
120.253.135.82 - - [18/Mar/2024:11:39:01 +0800] "POST /xingrg/kc/pszx/mdps_order_operate.html HTTP/1.1" 200 37
61.170.232.54 - - [18/Mar/2024:11:39:02 +0800] "GET /xingrg/kc/buy/cgsh_order_operate.html?command=get_materiel&rest_code=00106&code=00101015220&supplier_code=00100331&order_time=2024-03-18 HTTP/1.1" 200 418
101.228.147.14 - - [18/Mar/2024:11:39:03 +0800] "GET /xingrg/all/function/internal_message.html?_=1710733143330&CODE_STATE=getMsg HTTP/1.1" 200 27
120.253.135.82 - - [18/Mar/2024:11:39:05 +0800] "POST /xingrg/kc/pszx/mdps_order_operate.html HTTP/1.1" 200 12
101.228.147.14 - - [18/Mar/2024:11:39:08 +0800] "POST /xingrg/dwr/call/plaincall/AjaxYddbService.saveMaterielItem.dwr HTTP/1.1" 200 79
116.238.97.31 - - [18/Mar/2024:11:39:08 +0800] "GET /xingrg/all/function/internal_message.html?_=1710733149588&CODE_STATE=getMsg HTTP/1.1" 200 27
120.253.135.82 - - [18/Mar/2024:11:39:12 +0800] "GET /xingrg/kc/pszx/mdps_order_info.html?code=312024031700325 HTTP/1.1" 200 19638
120.253.135.82 - - [18/Mar/2024:11:39:12 +0800] "GET /xingrg/javascript/easyui/themes/default/validatebox.css HTTP/1.1" 404 1104
120.253.135.82 - - [18/Mar/2024:11:39:12 +0800] "POST /xingrg/kc/pszx/mdps_order_operate.html HTTP/1.1" 200 1009
120.253.135.82 - - [18/Mar/2024:11:39:13 +0800] "POST /xingrg/kc/pszx/mdps_list_operate.html HTTP/1.1" 200 2063
61.170.232.54 - - [18/Mar/2024:11:39:15 +0800] "POST /xingrg/kc/buy/cgsh_order_operate.html HTTP/1.1" 200 37
120.253.135.82 - - [18/Mar/2024:11:39:16 +0800] "POST /xingrg/kc/pszx/mdps_list_operate.html HTTP/1.1" 200 215
116.232.194.112 - - [18/Mar/2024:11:39:17 +0800] "GET /xingrg/all/function/internal_message.html?_=1710733129990&CODE_STATE=getMsg HTTP/1.1" 200 27
222.69.134.93 - - [18/Mar/2024:11:39:17 +0800] "GET /xingrg/all/function/internal_message.html?_=1710733160082&CODE_STATE=getMsg HTTP/1.1" 200 27
116.224.254.208 - - [18/Mar/2024:11:39:18 +0800] "GET /xingrg/all/function/internal_message.html?_=1710733158317&CODE_STATE=getMsg HTTP/1.1" 200 27
120.253.135.82 - - [18/Mar/2024:11:39:18 +0800] "GET /xingrg/kc/pszx/mdps_order_info.html?code=312024031700324 HTTP/1.1" 200 23978
116.232.194.112 - - [18/Mar/2024:11:39:18 +0800] "GET /xingrg/all/function/internal_message.html?_=1710733131074&CODE_STATE=getMsg HTTP/1.1" 200 27
120.253.135.82 - - [18/Mar/2024:11:39:18 +0800] "GET /xingrg/javascript/easyui/themes/default/validatebox.css HTTP/1.1" 404 1104
120.253.135.82 - - [18/Mar/2024:11:39:19 +0800] "POST /xingrg/kc/pszx/mdps_order_operate.html HTTP/1.1" 200 2312
101.83.145.37 - - [18/Mar/2024:11:39:20 +0800] "GET /xingrg/check_reg.html?_=1710733161661 HTTP/1.1" 200 22
101.83.145.37 - - [18/Mar/2024:11:39:20 +0800] "GET /xingrg/all/function/internal_message.html?_=1710733161772&CODE_STATE=getMsg HTTP/1.1" 200 27
120.253.135.82 - - [18/Mar/2024:11:39:22 +0800] "POST /xingrg/kc/pszx/mdps_order_operate.html HTTP/1.1" 200 37
61.170.232.54 - - [18/Mar/2024:11:39:22 +0800] "GET /xingrg/all/function/internal_message.html?_=1710733159083&CODE_STATE=getMsg HTTP/1.1" 200 27
61.170.232.54 - - [18/Mar/2024:11:39:22 +0800] "POST /xingrg/kc/buy/cgsh_order_operate.html HTTP/1.1" 200 12
222.70.183.82 - - [18/Mar/2024:11:39:23 +0800] "GET /xingrg/all/function/internal_message.html?_=1710733161260&CODE_STATE=getMsg HTTP/1.1" 200 27
114.83.223.3 - - [18/Mar/2024:11:39:24 +0800] "POST /xingrg/services/DataTransmitService HTTP/1.1" 200 524
61.170.232.54 - - [18/Mar/2024:11:39:25 +0800] "GET /xingrg/kc/buy/cgsh_order_info.html?code=212024031805473 HTTP/1.1" 200 68560
114.83.223.3 - - [18/Mar/2024:11:39:25 +0800] "POST /xingrg/services/DataTransmitService HTTP/1.1" 200 412
61.170.232.54 - - [18/Mar/2024:11:39:25 +0800] "GET /xingrg/javascript/easyui/themes/default/validatebox.css HTTP/1.1" 404 1104
61.170.232.54 - - [18/Mar/2024:11:39:26 +0800] "POST /xingrg/kc/buy/cgsh_order_operate.html HTTP/1.1" 200 1201
120.253.135.82 - - [18/Mar/2024:11:39:27 +0800] "POST /xingrg/kc/pszx/mdps_order_operate.html HTTP/1.1" 200 12
180.164.1.25 - - [18/Mar/2024:11:39:27 +0800] "GET /xingrg/all/function/internal_message.html?_=1710733166318&CODE_STATE=getMsg HTTP/1.1" 200 27
124.78.60.103 - - [18/Mar/2024:11:39:29 +0800] "GET /xingrg/all/function/internal_message.html?_=1710733169065&CODE_STATE=getMsg HTTP/1.1" 200 27
61.170.232.54 - - [18/Mar/2024:11:39:29 +0800] "GET /xingrg/kc/print/load_data.html?order_code=212024031805473&kc_code=cgsh&condition= HTTP/1.1" 200 926
222.70.183.82 - - [18/Mar/2024:11:39:31 +0800] "GET /xingrg/all/function/internal_message.html?_=1710733169358&CODE_STATE=getMsg HTTP/1.1" 302 -
124.77.245.45 - - [18/Mar/2024:11:39:32 +0800] "GET /xingrg/check_reg.html?_=1710733173834 HTTP/1.1" 200 22
101.228.147.14 - - [18/Mar/2024:11:39:34 +0800] "POST /xingrg/dwr/call/plaincall/AjaxComOrderService.getMaterielSearchList.dwr HTTP/1.1" 200 65273
120.253.135.82 - - [18/Mar/2024:11:39:34 +0800] "GET /xingrg/kc/pszx/mdps_order_info.html?code=312024031700324 HTTP/1.1" 200 19638
120.253.135.82 - - [18/Mar/2024:11:39:35 +0800] "GET /xingrg/javascript/easyui/themes/default/validatebox.css HTTP/1.1" 404 1104
101.228.147.14 - - [18/Mar/2024:11:39:35 +0800] "POST /xingrg/dwr/call/plaincall/AjaxComOrderService.getMaterielSearchList.dwr HTTP/1.1" 200 9263
180.169.147.146 - - [18/Mar/2024:11:39:35 +0800] "GET /xingrg/all/function/internal_message.html?_=1710733175864&CODE_STATE=getMsg HTTP/1.1" 200 27
116.232.194.112 - - [18/Mar/2024:11:39:35 +0800] "POST /xingrg/kc/buy/cgsh_list_operate.html HTTP/1.1" 200 349
120.253.135.82 - - [18/Mar/2024:11:39:35 +0800] "POST /xingrg/kc/pszx/mdps_order_operate.html HTTP/1.1" 200 534
61.170.232.54 - - [18/Mar/2024:11:39:35 +0800] "GET /xingrg/kc/buy/cgsh_order_add.html HTTP/1.1" 200 73649
61.170.232.54 - - [18/Mar/2024:11:39:36 +0800] "POST /xingrg/kc/buy/cgsh_order_operate.html HTTP/1.1" 200 8245
61.170.232.54 - - [18/Mar/2024:11:39:36 +0800] "GET /xingrg/javascript/easyui/themes/default/validatebox.css HTTP/1.1" 404 1104
120.253.135.82 - - [18/Mar/2024:11:39:36 +0800] "POST /xingrg/kc/pszx/mdps_list_operate.html HTTP/1.1" 200 1692
101.228.147.14 - - [18/Mar/2024:11:39:37 +0800] "POST /xingrg/dwr/call/plaincall/AjaxComOrderService.getMaterielSearchList.dwr HTTP/1.1" 200 627
61.170.232.54 - - [18/Mar/2024:11:39:37 +0800] "GET /xingrg/javascript/easyui/themes/default/tree.css HTTP/1.1" 404 1090
120.253.135.82 - - [18/Mar/2024:11:39:38 +0800] "POST /xingrg/kc/pszx/mdps_list_operate.html HTTP/1.1" 200 277
101.228.147.14 - - [18/Mar/2024:11:39:38 +0800] "POST /xingrg/dwr/call/plaincall/AjaxComOrderService.getMaterielSearchList.dwr HTTP/1.1" 200 303
61.170.232.54 - - [18/Mar/2024:11:39:39 +0800] "POST /xingrg/all/common/load_tree.html?tree=supplier_tree_json&isDelete=1 HTTP/1.1" 200 78788
116.232.194.112 - - [18/Mar/2024:11:39:39 +0800] "GET /xingrg/kc/buy/cgsh_order_info.html?code=212024031805347 HTTP/1.1" 200 73750
116.232.194.112 - - [18/Mar/2024:11:39:39 +0800] "GET /xingrg/javascript/easyui/themes/default/validatebox.css HTTP/1.1" 404 1104
116.224.254.208 - - [18/Mar/2024:11:39:40 +0800] "GET /xingrg/all/function/internal_message.html?_=1710733180227&CODE_STATE=getMsg HTTP/1.1" 200 27
120.253.135.82 - - [18/Mar/2024:11:39:40 +0800] "GET /xingrg/kc/pszx/mdps_order_info.html?code=312024031700327 HTTP/1.1" 200 23978
101.228.147.14 - - [18/Mar/2024:11:39:40 +0800] "POST /xingrg/dwr/call/plaincall/AjaxYddbService.getMaterielByMap.dwr HTTP/1.1" 200 1647
180.169.147.146 - - [18/Mar/2024:11:39:40 +0800] "GET /xingrg/all/function/internal_message.html?_=1710733180439&CODE_STATE=getMsg HTTP/1.1" 200 27
116.232.194.112 - - [18/Mar/2024:11:39:40 +0800] "POST /xingrg/kc/buy/cgsh_order_operate.html HTTP/1.1" 200 3839
120.253.135.82 - - [18/Mar/2024:11:39:40 +0800] "GET /xingrg/javascript/easyui/themes/default/validatebox.css HTTP/1.1" 404 1104
61.170.232.54 - - [18/Mar/2024:11:39:40 +0800] "GET /xingrg/all/function/internal_message.html?_=1710733181130&CODE_STATE=getMsg HTTP/1.1" 200 27
120.253.135.82 - - [18/Mar/2024:11:39:41 +0800] "POST /xingrg/kc/pszx/mdps_order_operate.html HTTP/1.1" 200 2770
120.253.135.82 - - [18/Mar/2024:11:39:43 +0800] "GET /xingrg/all/function/internal_message.html?_=1710733356070&CODE_STATE=getMsg HTTP/1.1" 200 27
116.232.194.112 - - [18/Mar/2024:11:39:43 +0800] "GET /xingrg/kc/print/load_data.html?order_code=212024031805347&kc_code=cgsh HTTP/1.1" 200 1121
116.232.194.112 - - [18/Mar/2024:11:39:43 +0800] "POST /xingrg/kc/buy/cgsh_list_operate.html HTTP/1.1" 200 4203
124.77.245.45 - - [18/Mar/2024:11:39:44 +0800] "GET /xingrg/all/function/internal_message.html?_=1710733186687&CODE_STATE=getMsg HTTP/1.1" 200 27
120.253.135.82 - - [18/Mar/2024:11:39:44 +0800] "POST /xingrg/kc/pszx/mdps_order_operate.html HTTP/1.1" 200 37
124.78.60.103 - - [18/Mar/2024:11:39:46 +0800] "POST /xingrg/kc/buy/cgsh_order_operate.html HTTP/1.1" 200 2659
116.238.97.31 - - [18/Mar/2024:11:39:48 +0800] "GET /xingrg/all/function/internal_message.html?_=1710733190226&CODE_STATE=getMsg HTTP/1.1" 200 27
222.70.115.1 - - [18/Mar/2024:11:39:48 +0800] "GET /xingrg/all/function/internal_message.html?_=1710733189396&CODE_STATE=getMsg HTTP/1.1" 200 27
124.78.60.103 - - [18/Mar/2024:11:39:49 +0800] "GET /xingrg/kc/print/load_data.html?order_code=212024031805465&kc_code=cgsh&condition= HTTP/1.1" 200 682
120.253.135.82 - - [18/Mar/2024:11:39:49 +0800] "POST /xingrg/kc/pszx/mdps_order_operate.html HTTP/1.1" 200 12
120.253.135.82 - - [18/Mar/2024:11:39:56 +0800] "GET /xingrg/kc/pszx/mdps_order_info.html?code=312024031700327 HTTP/1.1" 200 19638
120.253.135.82 - - [18/Mar/2024:11:39:57 +0800] "GET /xingrg/javascript/easyui/themes/default/validatebox.css HTTP/1.1" 404 1104
120.253.135.82 - - [18/Mar/2024:11:39:57 +0800] "GET /xingrg/all/function/internal_message.html?_=1710733037625&CODE_STATE=getMsg HTTP/1.1" 200 27
120.253.135.82 - - [18/Mar/2024:11:39:57 +0800] "POST /xingrg/kc/pszx/mdps_order_operate.html HTTP/1.1" 200 988
180.169.147.146 - - [18/Mar/2024:11:39:57 +0800] "GET /xingrg/all/function/internal_message.html?_=1710733196973&CODE_STATE=getMsg HTTP/1.1" 200 27
114.83.223.3 - - [18/Mar/2024:11:40:00 +0800] "GET /xingrg/all/function/internal_message.html?_=1710733200090&CODE_STATE=getMsg HTTP/1.1" 200 27
101.228.147.14 - - [18/Mar/2024:11:40:03 +0800] "GET /xingrg/check_reg.html?_=1710733203337 HTTP/1.1" 200 22
101.228.147.14 - - [18/Mar/2024:11:40:03 +0800] "GET /xingrg/all/function/internal_message.html?_=1710733203339&CODE_STATE=getMsg HTTP/1.1" 200 27
116.238.97.31 - - [18/Mar/2024:11:40:08 +0800] "GET /xingrg/all/function/internal_message.html?_=1710733209581&CODE_STATE=getMsg HTTP/1.1" 200 27
116.238.97.31 - - [18/Mar/2024:11:40:08 +0800] "GET /xingrg/check_reg.html?_=1710733209585 HTTP/1.1" 200 22
61.170.232.54 - - [18/Mar/2024:11:40:09 +0800] "GET /xingrg/kc/buy/cgsh_order_operate.html?command=get_materiel&rest_code=00106&code=00101010355&supplier_code=00100329&order_time=2024-03-18 HTTP/1.1" 200 440
120.253.135.82 - - [18/Mar/2024:11:40:09 +0800] "POST /xingrg/kc/pszx/mdps_list_operate.html HTTP/1.1" 200 868
124.78.60.103 - - [18/Mar/2024:11:40:11 +0800] "POST /xingrg/kc/buy/cgsh_order_operate.html HTTP/1.1" 200 8245
124.78.60.103 - - [18/Mar/2024:11:40:11 +0800] "GET /xingrg/javascript/easyui/themes/default/validatebox.css HTTP/1.1" 404 1104
116.232.194.112 - - [18/Mar/2024:11:40:17 +0800] "GET /xingrg/all/function/internal_message.html?_=1710733189986&CODE_STATE=getMsg HTTP/1.1" 200 27
222.69.134.93 - - [18/Mar/2024:11:40:17 +0800] "GET /xingrg/all/function/internal_message.html?_=1710733220085&CODE_STATE=getMsg HTTP/1.1" 200 27
222.69.134.93 - - [18/Mar/2024:11:40:17 +0800] "GET /xingrg/check_reg.html?_=1710733220088 HTTP/1.1" 200 22
116.224.254.208 - - [18/Mar/2024:11:40:18 +0800] "GET /xingrg/all/function/internal_message.html?_=1710733218293&CODE_STATE=getMsg HTTP/1.1" 200 27
116.232.194.112 - - [18/Mar/2024:11:40:18 +0800] "GET /xingrg/all/function/internal_message.html?_=1710733191059&CODE_STATE=getMsg HTTP/1.1" 200 27
101.83.145.37 - - [18/Mar/2024:11:40:20 +0800] "GET /xingrg/all/function/internal_message.html?_=1710733221752&CODE_STATE=getMsg HTTP/1.1" 200 27
61.170.232.54 - - [18/Mar/2024:11:40:22 +0800] "GET /xingrg/all/function/internal_message.html?_=1710733219068&CODE_STATE=getMsg HTTP/1.1" 200 27
101.228.147.14 - - [18/Mar/2024:11:40:23 +0800] "POST /xingrg/dwr/call/plaincall/AjaxYddbService.getUnitPrice.dwr HTTP/1.1" 200 88
61.170.232.54 - - [18/Mar/2024:11:40:23 +0800] "POST /xingrg/kc/buy/cgsh_order_operate.html HTTP/1.1" 200 37
222.70.183.82 - - [18/Mar/2024:11:40:23 +0800] "GET /xingrg/all/function/internal_message.html?_=1710733221239&CODE_STATE=getMsg HTTP/1.1" 200 27
120.253.135.82 - - [18/Mar/2024:11:40:24 +0800] "POST /xingrg/kc/pszx/mdps_list_operate.html HTTP/1.1" 200 2441
180.164.1.25 - - [18/Mar/2024:11:40:27 +0800] "GET /xingrg/all/function/internal_message.html?_=1710733226319&CODE_STATE=getMsg HTTP/1.1" 200 27
124.78.60.103 - - [18/Mar/2024:11:40:29 +0800] "GET /xingrg/check_reg.html?_=1710733229086 HTTP/1.1" 200 22
124.78.60.103 - - [18/Mar/2024:11:40:29 +0800] "GET /xingrg/all/function/internal_message.html?_=1710733229089&CODE_STATE=getMsg HTTP/1.1" 200 27
124.78.60.103 - - [18/Mar/2024:11:40:29 +0800] "GET /xingrg/kc/buy/cgsh_order_operate.html?command=get_materiel&rest_code=00141&code=00101012122&supplier_code=00100325&order_time=2024-03-18 HTTP/1.1" 200 417
61.170.232.54 - - [18/Mar/2024:11:40:30 +0800] "POST /xingrg/kc/buy/cgsh_order_operate.html HTTP/1.1" 200 12
120.253.135.82 - - [18/Mar/2024:11:40:31 +0800] "POST /xingrg/kc/pszx/mdps_list_operate.html HTTP/1.1" 200 202
222.70.183.82 - - [18/Mar/2024:11:40:31 +0800] "GET /xingrg/check_reg.html?_=1710733229354 HTTP/1.1" 302 -
222.70.183.82 - - [18/Mar/2024:11:40:31 +0800] "GET /xingrg/all/function/internal_message.html?_=1710733229355&CODE_STATE=getMsg HTTP/1.1" 302 -
101.228.147.14 - - [18/Mar/2024:11:40:32 +0800] "POST /xingrg/dwr/call/plaincall/AjaxYddbService.saveMaterielItem.dwr HTTP/1.1" 200 79
120.253.135.82 - - [18/Mar/2024:11:40:32 +0800] "GET /xingrg/kc/pszx/mdps_order_info.html?code=312024031400274 HTTP/1.1" 200 23982
120.253.135.82 - - [18/Mar/2024:11:40:33 +0800] "GET /xingrg/javascript/easyui/themes/default/validatebox.css HTTP/1.1" 404 1104
61.170.232.54 - - [18/Mar/2024:11:40:33 +0800] "GET /xingrg/kc/buy/cgsh_order_info.html?code=212024031805474 HTTP/1.1" 200 68562
120.253.135.82 - - [18/Mar/2024:11:40:33 +0800] "POST /xingrg/kc/pszx/mdps_order_operate.html HTTP/1.1" 200 2276
61.170.232.54 - - [18/Mar/2024:11:40:34 +0800] "GET /xingrg/javascript/easyui/themes/default/validatebox.css HTTP/1.1" 404 1104
61.170.232.54 - - [18/Mar/2024:11:40:35 +0800] "POST /xingrg/kc/buy/cgsh_order_operate.html HTTP/1.1" 200 629
180.169.147.146 - - [18/Mar/2024:11:40:35 +0800] "GET /xingrg/all/function/internal_message.html?_=1710733235873&CODE_STATE=getMsg HTTP/1.1" 200 27
180.169.147.146 - - [18/Mar/2024:11:40:35 +0800] "GET /xingrg/check_reg.html?_=1710733235881 HTTP/1.1" 200 22
120.253.135.82 - - [18/Mar/2024:11:40:36 +0800] "POST /xingrg/kc/pszx/mdps_order_operate.html HTTP/1.1" 200 37
61.170.232.54 - - [18/Mar/2024:11:40:38 +0800] "GET /xingrg/kc/print/load_data.html?order_code=212024031805474&kc_code=cgsh&condition= HTTP/1.1" 200 735
116.224.254.208 - - [18/Mar/2024:11:40:40 +0800] "GET /xingrg/all/function/internal_message.html?_=1710733240207&CODE_STATE=getMsg HTTP/1.1" 200 27
180.169.147.146 - - [18/Mar/2024:11:40:40 +0800] "GET /xingrg/check_reg.html?_=1710733240417 HTTP/1.1" 200 22
180.169.147.146 - - [18/Mar/2024:11:40:40 +0800] "GET /xingrg/all/function/internal_message.html?_=1710733240421&CODE_STATE=getMsg HTTP/1.1" 200 27
