116.224.254.208 - - [18/Mar/2024:09:39:21 +0800] "GET /xingrg/javascript/jquery_easy_ui/themes/icons/search_new.png HTTP/1.1" 304 -
116.224.254.208 - - [18/Mar/2024:09:39:21 +0800] "GET /xingrg/javascript/jquery_easy_ui/themes/default/images/tree_folder.gif HTTP/1.1" 304 -
116.224.254.208 - - [18/Mar/2024:09:39:23 +0800] "GET /xingrg/javascript/jquery_easy_ui/themes/default/images/tabs_close.gif HTTP/1.1" 304 -
116.224.254.208 - - [18/Mar/2024:09:39:24 +0800] "GET /xingrg/javascript/jquery_easy_ui/themes/default/images/tabs_rightarrow.png HTTP/1.1" 304 -
116.224.254.208 - - [18/Mar/2024:09:39:24 +0800] "GET /xingrg/kc/buy/cgsh_order_list.html HTTP/1.1" 200 57886
116.224.254.208 - - [18/Mar/2024:09:39:24 +0800] "GET /xingrg/css/site.css HTTP/1.1" 304 -
116.224.254.208 - - [18/Mar/2024:09:39:24 +0800] "GET /xingrg/css/base.css HTTP/1.1" 304 -
116.224.254.208 - - [18/Mar/2024:09:39:24 +0800] "GET /xingrg/javascript/easyui/themes/default/easyui.css HTTP/1.1" 304 -
116.224.254.208 - - [18/Mar/2024:09:39:24 +0800] "GET /xingrg/javascript/jquery_tools/datebox.css HTTP/1.1" 304 -
116.224.254.208 - - [18/Mar/2024:09:39:24 +0800] "GET /xingrg/javascript/easyui/themes/icon.css HTTP/1.1" 304 -
116.224.254.208 - - [18/Mar/2024:09:39:24 +0800] "GET /xingrg/javascript/jquery_tools/fix.css HTTP/1.1" 304 -
116.224.254.208 - - [18/Mar/2024:09:39:24 +0800] "GET /xingrg/javascript/jquery_tools/table.css HTTP/1.1" 304 -
116.224.254.208 - - [18/Mar/2024:09:39:24 +0800] "GET /xingrg/javascript/auto/jquery.autocomplete.css HTTP/1.1" 304 -
116.224.254.208 - - [18/Mar/2024:09:39:24 +0800] "GET /xingrg/javascript/jquery_tools/jquery.tools.extend.js HTTP/1.1" 304 -
116.224.254.208 - - [18/Mar/2024:09:39:24 +0800] "GET /xingrg/javascript/jquery_tools/jquery.tools.min.js HTTP/1.1" 304 -
116.224.254.208 - - [18/Mar/2024:09:39:24 +0800] "GET /xingrg/javascript/jquery_tools/jquery.tools.table.js HTTP/1.1" 304 -
116.224.254.208 - - [18/Mar/2024:09:39:24 +0800] "GET /xingrg/javascript/jquery_tools/jquery.tools.hotkey.js HTTP/1.1" 304 -
116.224.254.208 - - [18/Mar/2024:09:39:24 +0800] "GET /xingrg/javascript/jquery_tools/list_manager.js HTTP/1.1" 304 -
116.224.254.208 - - [18/Mar/2024:09:39:24 +0800] "GET /xingrg/javascript/auto/jquery.autocomplete.js HTTP/1.1" 304 -
116.224.254.208 - - [18/Mar/2024:09:39:24 +0800] "GET /xingrg/javascript/easyui/easyloader.js HTTP/1.1" 304 -
116.224.254.208 - - [18/Mar/2024:09:39:24 +0800] "GET /xingrg/javascript/jquery.utils.js HTTP/1.1" 304 -
116.224.254.208 - - [18/Mar/2024:09:39:24 +0800] "GET /xingrg/javascript/jquery.cookie.js HTTP/1.1" 304 -
116.224.254.208 - - [18/Mar/2024:09:39:24 +0800] "GET /xingrg/javascript/print/LodopFuncs.js HTTP/1.1" 304 -
116.224.254.208 - - [18/Mar/2024:09:39:24 +0800] "GET /xingrg/javascript/easyui/themes/icons/cance_new.png HTTP/1.1" 304 -
116.224.254.208 - - [18/Mar/2024:09:39:24 +0800] "GET /xingrg/javascript/easyui/themes/icons/check_new.png HTTP/1.1" 304 -
116.224.254.208 - - [18/Mar/2024:09:39:24 +0800] "GET /xingrg/javascript/easyui/themes/icons/field_new.png HTTP/1.1" 304 -
116.224.254.208 - - [18/Mar/2024:09:39:24 +0800] "GET /xingrg/javascript/easyui/themes/icons/edit_add_new.png HTTP/1.1" 304 -
116.224.254.208 - - [18/Mar/2024:09:39:24 +0800] "GET /xingrg/javascript/easyui/themes/icons/import_new.png HTTP/1.1" 304 -
116.224.254.208 - - [18/Mar/2024:09:39:24 +0800] "GET /xingrg/javascript/easyui/plugins/jquery.parser.js HTTP/1.1" 304 -
116.224.254.208 - - [18/Mar/2024:09:39:24 +0800] "GET /xingrg/images/control/ajaxLoader.gif HTTP/1.1" 304 -
116.232.194.112 - - [18/Mar/2024:09:39:25 +0800] "POST /xingrg/dwr/call/plaincall/AjaxCheckService.setItemNumber.dwr HTTP/1.1" 200 77
116.232.194.112 - - [18/Mar/2024:09:39:26 +0800] "POST /xingrg/dwr/call/plaincall/AjaxCheckService.setItemNumber.dwr HTTP/1.1" 200 77
222.70.115.1 - - [18/Mar/2024:09:39:26 +0800] "POST /xingrg/services/DataTransmitService HTTP/1.1" 200 524
116.232.194.112 - - [18/Mar/2024:09:39:26 +0800] "POST /xingrg/dwr/call/plaincall/AjaxCheckService.setItemNumber.dwr HTTP/1.1" 200 77
180.169.147.146 - - [18/Mar/2024:09:39:27 +0800] "GET /xingrg/all/function/internal_message.html?_=1710725966140&CODE_STATE=getMsg HTTP/1.1" 200 27
116.232.194.112 - - [18/Mar/2024:09:39:27 +0800] "POST /xingrg/dwr/call/plaincall/AjaxCheckService.setItemNumber.dwr HTTP/1.1" 200 77
116.232.194.112 - - [18/Mar/2024:09:39:27 +0800] "POST /xingrg/dwr/call/plaincall/AjaxCheckService.setItemNumber.dwr HTTP/1.1" 200 77
116.224.254.208 - - [18/Mar/2024:09:39:28 +0800] "POST /xingrg/kc/buy/cgsh_list_operate.html HTTP/1.1" 200 645
116.232.194.112 - - [18/Mar/2024:09:39:29 +0800] "POST /xingrg/dwr/call/plaincall/AjaxCheckService.setItemNumber.dwr HTTP/1.1" 200 77
116.224.254.208 - - [18/Mar/2024:09:39:30 +0800] "GET /xingrg/kc/buy/cgsh_order_add.html HTTP/1.1" 200 73699
116.224.254.208 - - [18/Mar/2024:09:39:30 +0800] "POST /xingrg/kc/buy/cgsh_order_operate.html HTTP/1.1" 200 8245
116.224.254.208 - - [18/Mar/2024:09:39:30 +0800] "GET /xingrg/javascript/easyui/themes/default/validatebox.css HTTP/1.1" 404 1104
116.224.254.208 - - [18/Mar/2024:09:39:30 +0800] "GET /xingrg/all/common/auto_word.html?type=employee&rest_code=00150 HTTP/1.1" 200 159
116.224.254.208 - - [18/Mar/2024:09:39:30 +0800] "GET /xingrg/all/common/auto_word.html?type=employee&rest_code=00150 HTTP/1.1" 200 159
116.224.254.208 - - [18/Mar/2024:09:39:30 +0800] "GET /xingrg/javascript/auto/indicator.gif HTTP/1.1" 404 1066
116.232.194.112 - - [18/Mar/2024:09:39:31 +0800] "POST /xingrg/dwr/call/plaincall/AjaxCheckService.setItemNumber.dwr HTTP/1.1" 200 77
116.232.194.112 - - [18/Mar/2024:09:39:31 +0800] "POST /xingrg/dwr/call/plaincall/AjaxCheckService.setItemNumber.dwr HTTP/1.1" 200 77
116.232.194.112 - - [18/Mar/2024:09:39:32 +0800] "POST /xingrg/dwr/call/plaincall/AjaxCheckService.setItemNumber.dwr HTTP/1.1" 200 77
116.232.194.112 - - [18/Mar/2024:09:39:32 +0800] "POST /xingrg/dwr/call/plaincall/AjaxCheckService.setItemNumber.dwr HTTP/1.1" 200 77
116.232.194.112 - - [18/Mar/2024:09:39:33 +0800] "POST /xingrg/dwr/call/plaincall/AjaxCheckService.setItemNumber.dwr HTTP/1.1" 200 77
116.232.194.112 - - [18/Mar/2024:09:39:34 +0800] "POST /xingrg/dwr/call/plaincall/AjaxCheckService.setItemNumber.dwr HTTP/1.1" 200 77
116.232.194.112 - - [18/Mar/2024:09:39:34 +0800] "POST /xingrg/dwr/call/plaincall/AjaxCheckService.setItemNumber.dwr HTTP/1.1" 200 77
116.232.194.112 - - [18/Mar/2024:09:39:35 +0800] "POST /xingrg/dwr/call/plaincall/AjaxCheckService.setItemNumber.dwr HTTP/1.1" 200 77
116.232.194.112 - - [18/Mar/2024:09:39:36 +0800] "POST /xingrg/dwr/call/plaincall/AjaxCheckService.setItemNumber.dwr HTTP/1.1" 200 77
180.169.147.146 - - [18/Mar/2024:09:39:36 +0800] "GET /xingrg/all/function/internal_message.html?_=1710725976843&CODE_STATE=getMsg HTTP/1.1" 200 27
116.232.194.112 - - [18/Mar/2024:09:39:36 +0800] "POST /xingrg/dwr/call/plaincall/AjaxCheckService.setItemNumber.dwr HTTP/1.1" 200 77
222.70.183.82 - - [18/Mar/2024:09:39:37 +0800] "GET /xingrg/kc/buy/cgsh_order_operate.html?command=get_materiel&rest_code=00111&code=00101008411&supplier_code=00100008&order_time=2024-03-18 HTTP/1.1" 200 412
124.78.60.103 - - [18/Mar/2024:09:39:38 +0800] "GET /xingrg/kc/buy/cgsh_order_operate.html?command=get_materiel&rest_code=00141&code=00101007072&supplier_code=00100096&order_time=2024-03-18 HTTP/1.1" 200 420
116.238.97.31 - - [18/Mar/2024:09:39:39 +0800] "GET /xingrg/all/function/internal_message.html?_=1710725979452&CODE_STATE=getMsg HTTP/1.1" 200 27
116.224.254.208 - - [18/Mar/2024:09:39:42 +0800] "GET /xingrg/all/function/internal_message.html?_=1710725982469&CODE_STATE=getMsg HTTP/1.1" 200 27
222.70.183.82 - - [18/Mar/2024:09:39:43 +0800] "GET /xingrg/all/function/internal_message.html?_=1710725983557&CODE_STATE=getMsg HTTP/1.1" 200 27
116.232.194.112 - - [18/Mar/2024:09:39:46 +0800] "POST /xingrg/dwr/call/plaincall/AjaxCheckService.setItemNumber.dwr HTTP/1.1" 200 77
116.232.194.112 - - [18/Mar/2024:09:39:47 +0800] "POST /xingrg/dwr/call/plaincall/AjaxCheckService.setItemNumber.dwr HTTP/1.1" 200 77
116.232.194.112 - - [18/Mar/2024:09:39:48 +0800] "POST /xingrg/dwr/call/plaincall/AjaxCheckService.setItemNumber.dwr HTTP/1.1" 200 77
222.70.115.1 - - [18/Mar/2024:09:39:49 +0800] "GET /xingrg/all/function/internal_message.html?_=1710725989100&CODE_STATE=getMsg HTTP/1.1" 200 27
116.232.194.112 - - [18/Mar/2024:09:39:49 +0800] "POST /xingrg/dwr/call/plaincall/AjaxCheckService.setItemNumber.dwr HTTP/1.1" 200 77
116.224.254.208 - - [18/Mar/2024:09:39:49 +0800] "GET /xingrg/kc/buy/cgsh_order_operate.html?command=get_materiel&rest_code=00150&code=00101009109&supplier_code=00100022&order_time=2024-03-18 HTTP/1.1" 200 413
116.232.194.112 - - [18/Mar/2024:09:39:50 +0800] "POST /xingrg/dwr/call/plaincall/AjaxCheckService.setItemNumber.dwr HTTP/1.1" 200 77
116.232.194.112 - - [18/Mar/2024:09:39:50 +0800] "POST /xingrg/dwr/call/plaincall/AjaxCheckService.setItemNumber.dwr HTTP/1.1" 200 78
114.83.223.3 - - [18/Mar/2024:09:39:51 +0800] "GET /xingrg/all/function/internal_message.html?_=1710725991073&CODE_STATE=getMsg HTTP/1.1" 200 27
116.232.194.112 - - [18/Mar/2024:09:39:51 +0800] "POST /xingrg/dwr/call/plaincall/AjaxCheckService.setItemNumber.dwr HTTP/1.1" 200 78
116.232.194.112 - - [18/Mar/2024:09:39:52 +0800] "POST /xingrg/dwr/call/plaincall/AjaxCheckService.setItemNumber.dwr HTTP/1.1" 200 78
116.232.194.112 - - [18/Mar/2024:09:39:53 +0800] "POST /xingrg/dwr/call/plaincall/AjaxCheckService.setItemNumber.dwr HTTP/1.1" 200 78
124.78.60.103 - - [18/Mar/2024:09:39:53 +0800] "GET /xingrg/all/function/internal_message.html?_=1710725993818&CODE_STATE=getMsg HTTP/1.1" 200 27
116.232.194.112 - - [18/Mar/2024:09:39:53 +0800] "POST /xingrg/dwr/call/plaincall/AjaxCheckService.setItemNumber.dwr HTTP/1.1" 200 78
116.232.194.112 - - [18/Mar/2024:09:39:54 +0800] "POST /xingrg/dwr/call/plaincall/AjaxCheckService.setItemNumber.dwr HTTP/1.1" 200 78
116.232.194.112 - - [18/Mar/2024:09:39:54 +0800] "POST /xingrg/dwr/call/plaincall/AjaxCheckService.setItemNumber.dwr HTTP/1.1" 200 78
116.232.194.112 - - [18/Mar/2024:09:39:56 +0800] "POST /xingrg/dwr/call/plaincall/AjaxCheckService.setItemNumber.dwr HTTP/1.1" 200 78
180.164.1.25 - - [18/Mar/2024:09:39:56 +0800] "GET /xingrg/all/function/internal_message.html?_=1710725995123&CODE_STATE=getMsg HTTP/1.1" 200 27
116.232.194.112 - - [18/Mar/2024:09:39:56 +0800] "POST /xingrg/dwr/call/plaincall/AjaxCheckService.setItemNumber.dwr HTTP/1.1" 200 78
222.70.183.82 - - [18/Mar/2024:09:39:56 +0800] "GET /xingrg/kc/buy/cgsh_order_operate.html?command=get_materiel&rest_code=00111&code=00101008261&supplier_code=00100008&order_time=2024-03-18 HTTP/1.1" 200 429
116.232.194.112 - - [18/Mar/2024:09:39:57 +0800] "POST /xingrg/dwr/call/plaincall/AjaxCheckService.setItemNumber.dwr HTTP/1.1" 200 78
116.232.194.112 - - [18/Mar/2024:09:39:58 +0800] "POST /xingrg/dwr/call/plaincall/AjaxCheckService.setItemNumber.dwr HTTP/1.1" 200 78
116.232.194.112 - - [18/Mar/2024:09:39:59 +0800] "POST /xingrg/dwr/call/plaincall/AjaxCheckService.setItemNumber.dwr HTTP/1.1" 200 78
116.232.194.112 - - [18/Mar/2024:09:39:59 +0800] "POST /xingrg/dwr/call/plaincall/AjaxCheckService.setItemNumber.dwr HTTP/1.1" 200 78
116.232.194.112 - - [18/Mar/2024:09:40:00 +0800] "POST /xingrg/dwr/call/plaincall/AjaxCheckService.setItemNumber.dwr HTTP/1.1" 200 78
101.228.147.14 - - [18/Mar/2024:09:40:00 +0800] "GET /xingrg/all/function/internal_message.html?_=1710726000275&CODE_STATE=getMsg HTTP/1.1" 200 27
116.232.194.112 - - [18/Mar/2024:09:40:00 +0800] "POST /xingrg/dwr/call/plaincall/AjaxCheckService.setItemNumber.dwr HTTP/1.1" 200 78
116.232.194.112 - - [18/Mar/2024:09:40:00 +0800] "GET /xingrg/all/function/internal_message.html?_=1710725973720&CODE_STATE=getMsg HTTP/1.1" 200 27
116.232.194.112 - - [18/Mar/2024:09:40:00 +0800] "GET /xingrg/check_reg.html?_=1710725973724 HTTP/1.1" 200 22
116.232.194.112 - - [18/Mar/2024:09:40:01 +0800] "POST /xingrg/dwr/call/plaincall/AjaxCheckService.setItemNumber.dwr HTTP/1.1" 200 78
116.232.194.112 - - [18/Mar/2024:09:40:02 +0800] "POST /xingrg/dwr/call/plaincall/AjaxCheckService.setItemNumber.dwr HTTP/1.1" 200 78
116.232.194.112 - - [18/Mar/2024:09:40:02 +0800] "POST /xingrg/dwr/call/plaincall/AjaxCheckService.setItemNumber.dwr HTTP/1.1" 200 78
116.232.194.112 - - [18/Mar/2024:09:40:03 +0800] "POST /xingrg/dwr/call/plaincall/AjaxCheckService.setItemNumber.dwr HTTP/1.1" 200 78
116.232.194.112 - - [18/Mar/2024:09:40:04 +0800] "POST /xingrg/dwr/call/plaincall/AjaxCheckService.setItemNumber.dwr HTTP/1.1" 200 78
116.224.254.208 - - [18/Mar/2024:09:40:04 +0800] "GET /xingrg/kc/buy/cgsh_order_operate.html?command=get_materiel&rest_code=00150&code=00101009018&supplier_code=00100022&order_time=2024-03-18 HTTP/1.1" 200 409
116.232.194.112 - - [18/Mar/2024:09:40:04 +0800] "POST /xingrg/dwr/call/plaincall/AjaxCheckService.setItemNumber.dwr HTTP/1.1" 200 78
116.232.194.112 - - [18/Mar/2024:09:40:05 +0800] "POST /xingrg/dwr/call/plaincall/AjaxCheckService.setItemNumber.dwr HTTP/1.1" 200 78
116.232.194.112 - - [18/Mar/2024:09:40:07 +0800] "POST /xingrg/dwr/call/plaincall/AjaxCheckService.setItemNumber.dwr HTTP/1.1" 200 78
116.232.194.112 - - [18/Mar/2024:09:40:10 +0800] "POST /xingrg/dwr/call/plaincall/AjaxCheckService.setItemNumber.dwr HTTP/1.1" 200 78
116.232.194.112 - - [18/Mar/2024:09:40:10 +0800] "POST /xingrg/dwr/call/plaincall/AjaxCheckService.setItemNumber.dwr HTTP/1.1" 200 78
116.232.194.112 - - [18/Mar/2024:09:40:11 +0800] "POST /xingrg/dwr/call/plaincall/AjaxCheckService.setItemNumber.dwr HTTP/1.1" 200 78
116.232.194.112 - - [18/Mar/2024:09:40:11 +0800] "POST /xingrg/dwr/call/plaincall/AjaxCheckService.setItemNumber.dwr HTTP/1.1" 200 78
116.232.194.112 - - [18/Mar/2024:09:40:12 +0800] "POST /xingrg/dwr/call/plaincall/AjaxCheckService.setItemNumber.dwr HTTP/1.1" 200 78
116.232.194.112 - - [18/Mar/2024:09:40:13 +0800] "POST /xingrg/dwr/call/plaincall/AjaxCheckService.setItemNumber.dwr HTTP/1.1" 200 78
116.224.254.208 - - [18/Mar/2024:09:40:14 +0800] "GET /xingrg/kc/buy/cgsh_order_operate.html?command=get_materiel&rest_code=00150&code=00101009010&supplier_code=00100022&order_time=2024-03-18 HTTP/1.1" 200 416
116.232.194.112 - - [18/Mar/2024:09:40:15 +0800] "POST /xingrg/dwr/call/plaincall/AjaxCheckService.setItemNumber.dwr HTTP/1.1" 200 78
116.232.194.112 - - [18/Mar/2024:09:40:16 +0800] "POST /xingrg/dwr/call/plaincall/AjaxCheckService.setItemNumber.dwr HTTP/1.1" 200 78
116.232.194.112 - - [18/Mar/2024:09:40:16 +0800] "POST /xingrg/dwr/call/plaincall/AjaxCheckService.setItemNumber.dwr HTTP/1.1" 200 78
116.232.194.112 - - [18/Mar/2024:09:40:17 +0800] "POST /xingrg/dwr/call/plaincall/AjaxCheckService.setItemNumber.dwr HTTP/1.1" 200 78
222.69.134.93 - - [18/Mar/2024:09:40:17 +0800] "GET /xingrg/all/function/internal_message.html?_=1710726020078&CODE_STATE=getMsg HTTP/1.1" 200 27
222.69.134.93 - - [18/Mar/2024:09:40:17 +0800] "GET /xingrg/check_reg.html?_=1710726020082 HTTP/1.1" 200 22
116.232.194.112 - - [18/Mar/2024:09:40:18 +0800] "POST /xingrg/dwr/call/plaincall/AjaxCheckService.setItemNumber.dwr HTTP/1.1" 200 78
116.232.194.112 - - [18/Mar/2024:09:40:18 +0800] "POST /xingrg/dwr/call/plaincall/AjaxCheckService.setItemNumber.dwr HTTP/1.1" 200 78
116.232.194.112 - - [18/Mar/2024:09:40:19 +0800] "POST /xingrg/dwr/call/plaincall/AjaxCheckService.setItemNumber.dwr HTTP/1.1" 200 78
116.232.194.112 - - [18/Mar/2024:09:40:20 +0800] "POST /xingrg/dwr/call/plaincall/AjaxCheckService.setItemNumber.dwr HTTP/1.1" 200 78
116.232.194.112 - - [18/Mar/2024:09:40:21 +0800] "POST /xingrg/dwr/call/plaincall/AjaxCheckService.setItemNumber.dwr HTTP/1.1" 200 78
116.224.254.208 - - [18/Mar/2024:09:40:21 +0800] "GET /xingrg/all/function/internal_message.html?_=1710726021622&CODE_STATE=getMsg HTTP/1.1" 200 27
101.83.145.37 - - [18/Mar/2024:09:40:21 +0800] "GET /xingrg/all/function/internal_message.html?_=1710726022944&CODE_STATE=getMsg HTTP/1.1" 200 27
116.232.194.112 - - [18/Mar/2024:09:40:21 +0800] "POST /xingrg/dwr/call/plaincall/AjaxCheckService.setItemNumber.dwr HTTP/1.1" 200 78
116.232.194.112 - - [18/Mar/2024:09:40:22 +0800] "POST /xingrg/dwr/call/plaincall/AjaxCheckService.setItemNumber.dwr HTTP/1.1" 200 78
116.224.254.208 - - [18/Mar/2024:09:40:22 +0800] "GET /xingrg/kc/buy/cgsh_order_operate.html?command=get_materiel&rest_code=00150&code=00101009039&supplier_code=00100022&order_time=2024-03-18 HTTP/1.1" 200 408
116.232.194.112 - - [18/Mar/2024:09:40:22 +0800] "POST /xingrg/dwr/call/plaincall/AjaxCheckService.setItemNumber.dwr HTTP/1.1" 200 78
116.232.194.112 - - [18/Mar/2024:09:40:23 +0800] "POST /xingrg/dwr/call/plaincall/AjaxCheckService.setItemNumber.dwr HTTP/1.1" 200 78
116.232.194.112 - - [18/Mar/2024:09:40:23 +0800] "POST /xingrg/dwr/call/plaincall/AjaxCheckService.setItemNumber.dwr HTTP/1.1" 200 78
180.169.147.146 - - [18/Mar/2024:09:40:27 +0800] "GET /xingrg/all/function/internal_message.html?_=1710726026122&CODE_STATE=getMsg HTTP/1.1" 200 27
116.232.194.112 - - [18/Mar/2024:09:40:27 +0800] "POST /xingrg/dwr/call/plaincall/AjaxCheckService.setItemNumber.dwr HTTP/1.1" 200 78
116.232.194.112 - - [18/Mar/2024:09:40:28 +0800] "POST /xingrg/dwr/call/plaincall/AjaxCheckService.setItemNumber.dwr HTTP/1.1" 200 78
116.232.194.112 - - [18/Mar/2024:09:40:29 +0800] "POST /xingrg/dwr/call/plaincall/AjaxCheckService.setItemNumber.dwr HTTP/1.1" 200 78
116.224.254.208 - - [18/Mar/2024:09:40:29 +0800] "GET /xingrg/kc/buy/cgsh_order_operate.html?command=get_materiel&rest_code=00150&code=00101009016&supplier_code=00100022&order_time=2024-03-18 HTTP/1.1" 200 420
116.232.194.112 - - [18/Mar/2024:09:40:29 +0800] "POST /xingrg/dwr/call/plaincall/AjaxCheckService.setItemNumber.dwr HTTP/1.1" 200 78
116.232.194.112 - - [18/Mar/2024:09:40:30 +0800] "POST /xingrg/dwr/call/plaincall/AjaxCheckService.setItemNumber.dwr HTTP/1.1" 200 78
116.232.194.112 - - [18/Mar/2024:09:40:30 +0800] "POST /xingrg/dwr/call/plaincall/AjaxCheckService.setItemNumber.dwr HTTP/1.1" 200 78
116.232.194.112 - - [18/Mar/2024:09:40:31 +0800] "POST /xingrg/dwr/call/plaincall/AjaxCheckService.setItemNumber.dwr HTTP/1.1" 200 78
116.232.194.112 - - [18/Mar/2024:09:40:31 +0800] "POST /xingrg/dwr/call/plaincall/AjaxCheckService.setItemNumber.dwr HTTP/1.1" 200 78
116.232.194.112 - - [18/Mar/2024:09:40:32 +0800] "POST /xingrg/dwr/call/plaincall/AjaxCheckService.setItemNumber.dwr HTTP/1.1" 200 78
116.232.194.112 - - [18/Mar/2024:09:40:33 +0800] "POST /xingrg/dwr/call/plaincall/AjaxCheckService.setItemNumber.dwr HTTP/1.1" 200 78
116.232.194.112 - - [18/Mar/2024:09:40:33 +0800] "POST /xingrg/dwr/call/plaincall/AjaxCheckService.setItemNumber.dwr HTTP/1.1" 200 78
116.232.194.112 - - [18/Mar/2024:09:40:34 +0800] "POST /xingrg/dwr/call/plaincall/AjaxCheckService.setItemNumber.dwr HTTP/1.1" 200 78
116.232.194.112 - - [18/Mar/2024:09:40:35 +0800] "POST /xingrg/dwr/call/plaincall/AjaxCheckService.setItemNumber.dwr HTTP/1.1" 200 78
124.78.60.103 - - [18/Mar/2024:09:40:35 +0800] "GET /xingrg/kc/buy/cgsh_order_operate.html?command=get_materiel&rest_code=00141&code=00101006057&supplier_code=00100096&order_time=2024-03-18 HTTP/1.1" 200 413
116.232.194.112 - - [18/Mar/2024:09:40:35 +0800] "POST /xingrg/dwr/call/plaincall/AjaxCheckService.setItemNumber.dwr HTTP/1.1" 200 78
116.232.194.112 - - [18/Mar/2024:09:40:36 +0800] "POST /xingrg/dwr/call/plaincall/AjaxCheckService.setItemNumber.dwr HTTP/1.1" 200 78
180.169.147.146 - - [18/Mar/2024:09:40:36 +0800] "GET /xingrg/all/function/internal_message.html?_=1710726036853&CODE_STATE=getMsg HTTP/1.1" 200 27
116.232.194.112 - - [18/Mar/2024:09:40:37 +0800] "POST /xingrg/dwr/call/plaincall/AjaxCheckService.setItemNumber.dwr HTTP/1.1" 200 78
116.232.194.112 - - [18/Mar/2024:09:40:37 +0800] "POST /xingrg/dwr/call/plaincall/AjaxCheckService.setItemNumber.dwr HTTP/1.1" 200 78
116.232.194.112 - - [18/Mar/2024:09:40:38 +0800] "POST /xingrg/dwr/call/plaincall/AjaxCheckService.setItemNumber.dwr HTTP/1.1" 200 78
116.232.194.112 - - [18/Mar/2024:09:40:38 +0800] "POST /xingrg/dwr/call/plaincall/AjaxCheckService.setItemNumber.dwr HTTP/1.1" 200 78
116.238.97.31 - - [18/Mar/2024:09:40:39 +0800] "GET /xingrg/all/function/internal_message.html?_=1710726039460&CODE_STATE=getMsg HTTP/1.1" 200 27
116.232.194.112 - - [18/Mar/2024:09:40:39 +0800] "POST /xingrg/dwr/call/plaincall/AjaxCheckService.setItemNumber.dwr HTTP/1.1" 200 78
116.232.194.112 - - [18/Mar/2024:09:40:40 +0800] "POST /xingrg/dwr/call/plaincall/AjaxCheckService.setItemNumber.dwr HTTP/1.1" 200 78
116.232.194.112 - - [18/Mar/2024:09:40:40 +0800] "POST /xingrg/dwr/call/plaincall/AjaxCheckService.setItemNumber.dwr HTTP/1.1" 200 78
116.224.254.208 - - [18/Mar/2024:09:40:41 +0800] "POST /xingrg/kc/buy/cgsh_order_operate.html HTTP/1.1" 200 37
116.224.254.208 - - [18/Mar/2024:09:40:42 +0800] "GET /xingrg/all/function/internal_message.html?_=1710726042443&CODE_STATE=getMsg HTTP/1.1" 200 27
222.70.183.82 - - [18/Mar/2024:09:40:43 +0800] "GET /xingrg/check_reg.html?_=1710726043323 HTTP/1.1" 200 22
222.70.183.82 - - [18/Mar/2024:09:40:43 +0800] "GET /xingrg/all/function/internal_message.html?_=1710726043523&CODE_STATE=getMsg HTTP/1.1" 200 27
116.232.194.112 - - [18/Mar/2024:09:40:45 +0800] "POST /xingrg/dwr/call/plaincall/AjaxCheckService.setItemNumber.dwr HTTP/1.1" 200 78
116.232.194.112 - - [18/Mar/2024:09:40:47 +0800] "POST /xingrg/dwr/call/plaincall/AjaxCheckService.setItemNumber.dwr HTTP/1.1" 200 78
116.232.194.112 - - [18/Mar/2024:09:40:48 +0800] "POST /xingrg/dwr/call/plaincall/AjaxCheckService.setItemNumber.dwr HTTP/1.1" 200 78
222.70.115.1 - - [18/Mar/2024:09:40:49 +0800] "GET /xingrg/all/function/internal_message.html?_=1710726049099&CODE_STATE=getMsg HTTP/1.1" 200 27
116.232.194.112 - - [18/Mar/2024:09:40:49 +0800] "POST /xingrg/dwr/call/plaincall/AjaxCheckService.setItemNumber.dwr HTTP/1.1" 200 78
116.232.194.112 - - [18/Mar/2024:09:40:50 +0800] "POST /xingrg/dwr/call/plaincall/AjaxCheckService.setItemNumber.dwr HTTP/1.1" 200 78
116.232.194.112 - - [18/Mar/2024:09:40:50 +0800] "POST /xingrg/dwr/call/plaincall/AjaxCheckService.setItemNumber.dwr HTTP/1.1" 200 78
114.83.223.3 - - [18/Mar/2024:09:40:51 +0800] "GET /xingrg/all/function/internal_message.html?_=1710726051050&CODE_STATE=getMsg HTTP/1.1" 200 27
116.232.194.112 - - [18/Mar/2024:09:40:51 +0800] "POST /xingrg/dwr/call/plaincall/AjaxCheckService.setItemNumber.dwr HTTP/1.1" 200 78
116.232.194.112 - - [18/Mar/2024:09:40:51 +0800] "POST /xingrg/dwr/call/plaincall/AjaxCheckService.setItemNumber.dwr HTTP/1.1" 200 78
116.232.194.112 - - [18/Mar/2024:09:40:52 +0800] "POST /xingrg/dwr/call/plaincall/AjaxCheckService.setItemNumber.dwr HTTP/1.1" 200 78
116.232.194.112 - - [18/Mar/2024:09:40:53 +0800] "POST /xingrg/dwr/call/plaincall/AjaxCheckService.setItemNumber.dwr HTTP/1.1" 200 78
124.78.60.103 - - [18/Mar/2024:09:40:53 +0800] "GET /xingrg/all/function/internal_message.html?_=1710726053819&CODE_STATE=getMsg HTTP/1.1" 200 27
116.232.194.112 - - [18/Mar/2024:09:40:54 +0800] "POST /xingrg/dwr/call/plaincall/AjaxCheckService.setItemNumber.dwr HTTP/1.1" 200 78
116.232.194.112 - - [18/Mar/2024:09:40:55 +0800] "POST /xingrg/dwr/call/plaincall/AjaxCheckService.setItemNumber.dwr HTTP/1.1" 200 78
180.164.1.25 - - [18/Mar/2024:09:40:56 +0800] "GET /xingrg/all/function/internal_message.html?_=1710726055107&CODE_STATE=getMsg HTTP/1.1" 200 27
124.78.60.103 - - [18/Mar/2024:09:40:56 +0800] "GET /xingrg/kc/buy/cgsh_order_operate.html?command=get_materiel&rest_code=00141&code=00101006359&supplier_code=00100096&order_time=2024-03-18 HTTP/1.1" 200 409
116.232.194.112 - - [18/Mar/2024:09:40:56 +0800] "POST /xingrg/dwr/call/plaincall/AjaxCheckService.setItemNumber.dwr HTTP/1.1" 200 78
116.232.194.112 - - [18/Mar/2024:09:40:57 +0800] "POST /xingrg/dwr/call/plaincall/AjaxCheckService.setItemNumber.dwr HTTP/1.1" 200 78
116.232.194.112 - - [18/Mar/2024:09:40:58 +0800] "POST /xingrg/dwr/call/plaincall/AjaxCheckService.setItemNumber.dwr HTTP/1.1" 200 78
116.232.194.112 - - [18/Mar/2024:09:40:59 +0800] "POST /xingrg/dwr/call/plaincall/AjaxCheckService.setItemNumber.dwr HTTP/1.1" 200 78
116.224.254.208 - - [18/Mar/2024:09:40:59 +0800] "POST /xingrg/kc/buy/cgsh_order_operate.html HTTP/1.1" 200 12
116.232.194.112 - - [18/Mar/2024:09:40:59 +0800] "POST /xingrg/dwr/call/plaincall/AjaxCheckService.setItemNumber.dwr HTTP/1.1" 200 78
101.228.147.14 - - [18/Mar/2024:09:41:00 +0800] "GET /xingrg/all/function/internal_message.html?_=1710726060287&CODE_STATE=getMsg HTTP/1.1" 200 27
116.232.194.112 - - [18/Mar/2024:09:41:00 +0800] "POST /xingrg/dwr/call/plaincall/AjaxCheckService.setItemNumber.dwr HTTP/1.1" 200 78
116.232.194.112 - - [18/Mar/2024:09:41:00 +0800] "GET /xingrg/all/function/internal_message.html?_=1710726033706&CODE_STATE=getMsg HTTP/1.1" 200 27
116.232.194.112 - - [18/Mar/2024:09:41:01 +0800] "POST /xingrg/dwr/call/plaincall/AjaxCheckService.setItemNumber.dwr HTTP/1.1" 200 78
222.70.183.82 - - [18/Mar/2024:09:41:01 +0800] "GET /xingrg/kc/buy/cgsh_order_operate.html?command=get_materiel&rest_code=00111&code=00101008051&supplier_code=00100008&order_time=2024-03-18 HTTP/1.1" 200 408
116.232.194.112 - - [18/Mar/2024:09:41:01 +0800] "POST /xingrg/dwr/call/plaincall/AjaxCheckService.setItemNumber.dwr HTTP/1.1" 200 78
116.224.254.208 - - [18/Mar/2024:09:41:01 +0800] "GET /xingrg/kc/buy/cgsh_order_info.html?code=212024031805349 HTTP/1.1" 200 68606
116.224.254.208 - - [18/Mar/2024:09:41:02 +0800] "GET /xingrg/javascript/easyui/themes/default/validatebox.css HTTP/1.1" 404 1104
116.232.194.112 - - [18/Mar/2024:09:41:02 +0800] "POST /xingrg/dwr/call/plaincall/AjaxCheckService.setItemNumber.dwr HTTP/1.1" 200 78
116.224.254.208 - - [18/Mar/2024:09:41:03 +0800] "POST /xingrg/kc/buy/cgsh_order_operate.html HTTP/1.1" 200 2974
116.232.194.112 - - [18/Mar/2024:09:41:04 +0800] "POST /xingrg/dwr/call/plaincall/AjaxCheckService.setItemNumber.dwr HTTP/1.1" 200 78
116.224.254.208 - - [18/Mar/2024:09:41:05 +0800] "GET /xingrg/kc/print/load_data.html?order_code=212024031805349&kc_code=cgsh&condition= HTTP/1.1" 200 1647
116.232.194.112 - - [18/Mar/2024:09:41:07 +0800] "POST /xingrg/dwr/call/plaincall/AjaxCheckService.setItemNumber.dwr HTTP/1.1" 200 78
116.232.194.112 - - [18/Mar/2024:09:41:08 +0800] "POST /xingrg/dwr/call/plaincall/AjaxCheckService.setItemNumber.dwr HTTP/1.1" 200 78
116.232.194.112 - - [18/Mar/2024:09:41:09 +0800] "POST /xingrg/dwr/call/plaincall/AjaxCheckService.setItemNumber.dwr HTTP/1.1" 200 78
116.232.194.112 - - [18/Mar/2024:09:41:09 +0800] "POST /xingrg/dwr/call/plaincall/AjaxCheckService.setItemNumber.dwr HTTP/1.1" 200 78
116.238.97.31 - - [18/Mar/2024:09:41:15 +0800] "GET /xingrg/check_reg.html?_=1710726075281 HTTP/1.1" 200 22
222.70.183.82 - - [18/Mar/2024:09:41:16 +0800] "GET /xingrg/kc/buy/cgsh_order_operate.html?command=get_materiel&rest_code=00111&code=00101008338&supplier_code=00100008&order_time=2024-03-18 HTTP/1.1" 200 408
222.69.134.93 - - [18/Mar/2024:09:41:17 +0800] "GET /xingrg/all/function/internal_message.html?_=1710726080088&CODE_STATE=getMsg HTTP/1.1" 200 27
116.224.254.208 - - [18/Mar/2024:09:41:21 +0800] "GET /xingrg/all/function/internal_message.html?_=1710726081629&CODE_STATE=getMsg HTTP/1.1" 200 27
101.83.145.37 - - [18/Mar/2024:09:41:21 +0800] "GET /xingrg/check_reg.html?_=1710726082939 HTTP/1.1" 200 22
101.83.145.37 - - [18/Mar/2024:09:41:21 +0800] "GET /xingrg/all/function/internal_message.html?_=1710726082943&CODE_STATE=getMsg HTTP/1.1" 200 27
180.169.147.146 - - [18/Mar/2024:09:41:26 +0800] "GET /xingrg/check_reg.html?_=1710726085243 HTTP/1.1" 200 22
222.70.183.82 - - [18/Mar/2024:09:41:26 +0800] "POST /xingrg/kc/buy/cgsh_order_operate.html HTTP/1.1" 200 2065
180.169.147.146 - - [18/Mar/2024:09:41:27 +0800] "GET /xingrg/all/function/internal_message.html?_=1710726086110&CODE_STATE=getMsg HTTP/1.1" 200 27
124.78.60.103 - - [18/Mar/2024:09:41:27 +0800] "POST /xingrg/kc/buy/cgsh_order_operate.html HTTP/1.1" 200 37
116.232.194.112 - - [18/Mar/2024:09:41:28 +0800] "POST /xingrg/dwr/call/plaincall/AjaxCheckService.setItemNumber.dwr HTTP/1.1" 200 78
124.78.60.103 - - [18/Mar/2024:09:41:30 +0800] "POST /xingrg/kc/buy/cgsh_order_operate.html HTTP/1.1" 200 7995
116.232.194.112 - - [18/Mar/2024:09:41:31 +0800] "POST /xingrg/dwr/call/plaincall/AjaxCheckService.setItemNumber.dwr HTTP/1.1" 200 78
116.232.194.112 - - [18/Mar/2024:09:41:31 +0800] "POST /xingrg/dwr/call/plaincall/AjaxCheckService.setItemNumber.dwr HTTP/1.1" 200 78
124.78.60.103 - - [18/Mar/2024:09:41:33 +0800] "GET /xingrg/kc/print/load_data.html?order_code=212024031805350&kc_code=cgsh&condition= HTTP/1.1" 200 2677
116.232.194.112 - - [18/Mar/2024:09:41:34 +0800] "POST /xingrg/dwr/call/plaincall/AjaxCheckService.setItemNumber.dwr HTTP/1.1" 200 78
222.70.183.82 - - [18/Mar/2024:09:41:35 +0800] "GET /xingrg/kc/buy/cgsh_order_operate.html?command=get_materiel&rest_code=00111&code=00101008210&supplier_code=00100008&order_time=2024-03-18 HTTP/1.1" 200 408
116.232.194.112 - - [18/Mar/2024:09:41:36 +0800] "POST /xingrg/dwr/call/plaincall/AjaxCheckService.setItemNumber.dwr HTTP/1.1" 200 78
180.169.147.146 - - [18/Mar/2024:09:41:36 +0800] "GET /xingrg/all/function/internal_message.html?_=1710726096857&CODE_STATE=getMsg HTTP/1.1" 200 27
116.232.194.112 - - [18/Mar/2024:09:41:36 +0800] "POST /xingrg/dwr/call/plaincall/AjaxCheckService.setItemNumber.dwr HTTP/1.1" 200 78
116.232.194.112 - - [18/Mar/2024:09:41:38 +0800] "POST /xingrg/dwr/call/plaincall/AjaxCheckService.setItemNumber.dwr HTTP/1.1" 200 78
116.232.194.112 - - [18/Mar/2024:09:41:39 +0800] "POST /xingrg/dwr/call/plaincall/AjaxCheckService.setItemNumber.dwr HTTP/1.1" 200 78
116.238.97.31 - - [18/Mar/2024:09:41:39 +0800] "GET /xingrg/all/function/internal_message.html?_=1710726099410&CODE_STATE=getMsg HTTP/1.1" 200 27
116.232.194.112 - - [18/Mar/2024:09:41:39 +0800] "POST /xingrg/dwr/call/plaincall/AjaxCheckService.setItemNumber.dwr HTTP/1.1" 200 78
116.232.194.112 - - [18/Mar/2024:09:41:40 +0800] "POST /xingrg/dwr/call/plaincall/AjaxCheckService.setItemNumber.dwr HTTP/1.1" 200 78
116.232.194.112 - - [18/Mar/2024:09:41:41 +0800] "POST /xingrg/dwr/call/plaincall/AjaxCheckService.setItemNumber.dwr HTTP/1.1" 200 78
116.232.194.112 - - [18/Mar/2024:09:41:42 +0800] "POST /xingrg/dwr/call/plaincall/AjaxCheckService.setItemNumber.dwr HTTP/1.1" 200 78
116.224.254.208 - - [18/Mar/2024:09:41:42 +0800] "GET /xingrg/all/function/internal_message.html?_=1710726102423&CODE_STATE=getMsg HTTP/1.1" 200 27
116.232.194.112 - - [18/Mar/2024:09:41:43 +0800] "POST /xingrg/dwr/call/plaincall/AjaxCheckService.setItemNumber.dwr HTTP/1.1" 200 78
222.70.183.82 - - [18/Mar/2024:09:41:43 +0800] "GET /xingrg/all/function/internal_message.html?_=1710726103513&CODE_STATE=getMsg HTTP/1.1" 200 27
116.232.194.112 - - [18/Mar/2024:09:41:43 +0800] "POST /xingrg/dwr/call/plaincall/AjaxCheckService.setItemNumber.dwr HTTP/1.1" 200 78
116.232.194.112 - - [18/Mar/2024:09:41:44 +0800] "POST /xingrg/dwr/call/plaincall/AjaxCheckService.setItemNumber.dwr HTTP/1.1" 200 78
116.232.194.112 - - [18/Mar/2024:09:41:45 +0800] "POST /xingrg/dwr/call/plaincall/AjaxCheckService.setItemNumber.dwr HTTP/1.1" 200 78
116.232.194.112 - - [18/Mar/2024:09:41:45 +0800] "POST /xingrg/dwr/call/plaincall/AjaxCheckService.setItemNumber.dwr HTTP/1.1" 200 78
116.232.194.112 - - [18/Mar/2024:09:41:47 +0800] "POST /xingrg/dwr/call/plaincall/AjaxCheckService.setItemNumber.dwr HTTP/1.1" 200 78
116.232.194.112 - - [18/Mar/2024:09:41:47 +0800] "POST /xingrg/dwr/call/plaincall/AjaxCheckService.setItemNumber.dwr HTTP/1.1" 200 78
116.232.194.112 - - [18/Mar/2024:09:41:48 +0800] "POST /xingrg/dwr/call/plaincall/AjaxCheckService.setItemNumber.dwr HTTP/1.1" 200 78
222.70.115.1 - - [18/Mar/2024:09:41:49 +0800] "GET /xingrg/all/function/internal_message.html?_=1710726109101&CODE_STATE=getMsg HTTP/1.1" 200 27
116.232.194.112 - - [18/Mar/2024:09:41:49 +0800] "POST /xingrg/dwr/call/plaincall/AjaxCheckService.setItemNumber.dwr HTTP/1.1" 200 78
116.232.194.112 - - [18/Mar/2024:09:41:50 +0800] "POST /xingrg/dwr/call/plaincall/AjaxCheckService.setItemNumber.dwr HTTP/1.1" 200 78
114.83.223.3 - - [18/Mar/2024:09:41:51 +0800] "GET /xingrg/all/function/internal_message.html?_=1710726111040&CODE_STATE=getMsg HTTP/1.1" 200 27
116.232.194.112 - - [18/Mar/2024:09:41:51 +0800] "POST /xingrg/dwr/call/plaincall/AjaxCheckService.setItemNumber.dwr HTTP/1.1" 200 78
114.83.223.3 - - [18/Mar/2024:09:41:51 +0800] "GET /xingrg/check_reg.html?_=1710726111590 HTTP/1.1" 200 22
116.232.194.112 - - [18/Mar/2024:09:41:52 +0800] "POST /xingrg/dwr/call/plaincall/AjaxCheckService.setItemNumber.dwr HTTP/1.1" 200 78
116.232.194.112 - - [18/Mar/2024:09:41:53 +0800] "POST /xingrg/dwr/call/plaincall/AjaxCheckService.setItemNumber.dwr HTTP/1.1" 200 78
124.78.60.103 - - [18/Mar/2024:09:41:53 +0800] "GET /xingrg/all/function/internal_message.html?_=1710726113823&CODE_STATE=getMsg HTTP/1.1" 200 27
124.78.60.103 - - [18/Mar/2024:09:41:53 +0800] "GET /xingrg/check_reg.html?_=1710726113828 HTTP/1.1" 200 22
116.232.194.112 - - [18/Mar/2024:09:41:53 +0800] "POST /xingrg/dwr/call/plaincall/AjaxCheckService.setItemNumber.dwr HTTP/1.1" 200 78
116.232.194.112 - - [18/Mar/2024:09:41:55 +0800] "POST /xingrg/dwr/call/plaincall/AjaxCheckService.setItemNumber.dwr HTTP/1.1" 200 78
116.232.194.112 - - [18/Mar/2024:09:41:55 +0800] "POST /xingrg/dwr/call/plaincall/AjaxCheckService.setItemNumber.dwr HTTP/1.1" 200 78
116.232.194.112 - - [18/Mar/2024:09:41:56 +0800] "POST /xingrg/dwr/call/plaincall/AjaxCheckService.setItemNumber.dwr HTTP/1.1" 200 78
180.164.1.25 - - [18/Mar/2024:09:41:56 +0800] "GET /xingrg/all/function/internal_message.html?_=1710726115096&CODE_STATE=getMsg HTTP/1.1" 200 27
180.164.1.25 - - [18/Mar/2024:09:41:56 +0800] "GET /xingrg/check_reg.html?_=1710726115329 HTTP/1.1" 200 22
116.232.194.112 - - [18/Mar/2024:09:41:56 +0800] "POST /xingrg/dwr/call/plaincall/AjaxCheckService.setItemNumber.dwr HTTP/1.1" 200 78
116.232.194.112 - - [18/Mar/2024:09:41:58 +0800] "POST /xingrg/dwr/call/plaincall/AjaxCheckService.setItemNumber.dwr HTTP/1.1" 200 78
116.232.194.112 - - [18/Mar/2024:09:41:59 +0800] "POST /xingrg/dwr/call/plaincall/AjaxCheckService.setItemNumber.dwr HTTP/1.1" 200 78
101.228.147.14 - - [18/Mar/2024:09:42:00 +0800] "GET /xingrg/all/function/internal_message.html?_=1710726120277&CODE_STATE=getMsg HTTP/1.1" 200 27
116.232.194.112 - - [18/Mar/2024:09:42:00 +0800] "POST /xingrg/dwr/call/plaincall/AjaxCheckService.setItemNumber.dwr HTTP/1.1" 200 78
222.70.183.82 - - [18/Mar/2024:09:42:00 +0800] "GET /xingrg/kc/buy/cgsh_order_operate.html?command=get_materiel&rest_code=00111&code=00101008244&supplier_code=00100008&order_time=2024-03-18 HTTP/1.1" 200 408
116.232.194.112 - - [18/Mar/2024:09:42:00 +0800] "GET /xingrg/all/function/internal_message.html?_=1710726093710&CODE_STATE=getMsg HTTP/1.1" 200 27
116.232.194.112 - - [18/Mar/2024:09:42:02 +0800] "POST /xingrg/dwr/call/plaincall/AjaxCheckService.setItemNumber.dwr HTTP/1.1" 200 78
116.232.194.112 - - [18/Mar/2024:09:42:03 +0800] "POST /xingrg/dwr/call/plaincall/AjaxCheckService.setItemNumber.dwr HTTP/1.1" 200 78
116.232.194.112 - - [18/Mar/2024:09:42:04 +0800] "POST /xingrg/dwr/call/plaincall/AjaxCheckService.setItemNumber.dwr HTTP/1.1" 200 78
116.232.194.112 - - [18/Mar/2024:09:42:05 +0800] "POST /xingrg/dwr/call/plaincall/AjaxCheckService.setItemNumber.dwr HTTP/1.1" 200 78
116.232.194.112 - - [18/Mar/2024:09:42:06 +0800] "POST /xingrg/dwr/call/plaincall/AjaxCheckService.setItemNumber.dwr HTTP/1.1" 200 78
116.232.194.112 - - [18/Mar/2024:09:42:07 +0800] "POST /xingrg/dwr/call/plaincall/AjaxCheckService.setItemNumber.dwr HTTP/1.1" 200 78
116.232.194.112 - - [18/Mar/2024:09:42:08 +0800] "POST /xingrg/dwr/call/plaincall/AjaxCheckService.setItemNumber.dwr HTTP/1.1" 200 78
116.232.194.112 - - [18/Mar/2024:09:42:08 +0800] "POST /xingrg/dwr/call/plaincall/AjaxCheckService.setItemNumber.dwr HTTP/1.1" 200 78
116.232.194.112 - - [18/Mar/2024:09:42:09 +0800] "POST /xingrg/dwr/call/plaincall/AjaxCheckService.setItemNumber.dwr HTTP/1.1" 200 78
116.232.194.112 - - [18/Mar/2024:09:42:09 +0800] "POST /xingrg/dwr/call/plaincall/AjaxCheckService.setItemNumber.dwr HTTP/1.1" 200 78
116.232.194.112 - - [18/Mar/2024:09:42:10 +0800] "POST /xingrg/dwr/call/plaincall/AjaxCheckService.setItemNumber.dwr HTTP/1.1" 200 78
116.232.194.112 - - [18/Mar/2024:09:42:11 +0800] "POST /xingrg/dwr/call/plaincall/AjaxCheckService.setItemNumber.dwr HTTP/1.1" 200 78
116.232.194.112 - - [18/Mar/2024:09:42:11 +0800] "POST /xingrg/dwr/call/plaincall/AjaxCheckService.setItemNumber.dwr HTTP/1.1" 200 78
116.232.194.112 - - [18/Mar/2024:09:42:12 +0800] "POST /xingrg/dwr/call/plaincall/AjaxCheckService.setItemNumber.dwr HTTP/1.1" 200 78
116.232.194.112 - - [18/Mar/2024:09:42:13 +0800] "POST /xingrg/dwr/call/plaincall/AjaxCheckService.setItemNumber.dwr HTTP/1.1" 200 78
222.69.134.93 - - [18/Mar/2024:09:42:17 +0800] "GET /xingrg/all/function/internal_message.html?_=1710726140093&CODE_STATE=getMsg HTTP/1.1" 200 27
222.70.183.82 - - [18/Mar/2024:09:42:19 +0800] "GET /xingrg/kc/buy/cgsh_order_operate.html?command=get_materiel&rest_code=00111&code=00101008059&supplier_code=00100008&order_time=2024-03-18 HTTP/1.1" 200 408
116.224.254.208 - - [18/Mar/2024:09:42:21 +0800] "GET /xingrg/all/function/internal_message.html?_=1710726141633&CODE_STATE=getMsg HTTP/1.1" 200 27
101.83.145.37 - - [18/Mar/2024:09:42:21 +0800] "GET /xingrg/all/function/internal_message.html?_=1710726142937&CODE_STATE=getMsg HTTP/1.1" 200 27
116.232.194.112 - - [18/Mar/2024:09:42:23 +0800] "POST /xingrg/dwr/call/plaincall/AjaxCheckService.setItemNumber.dwr HTTP/1.1" 200 78
116.232.194.112 - - [18/Mar/2024:09:42:23 +0800] "POST /xingrg/dwr/call/plaincall/AjaxCheckService.setItemNumber.dwr HTTP/1.1" 200 78
116.232.194.112 - - [18/Mar/2024:09:42:25 +0800] "POST /xingrg/dwr/call/plaincall/AjaxCheckService.setItemNumber.dwr HTTP/1.1" 200 78
180.169.147.146 - - [18/Mar/2024:09:42:27 +0800] "GET /xingrg/all/function/internal_message.html?_=1710726146107&CODE_STATE=getMsg HTTP/1.1" 200 27
116.232.194.112 - - [18/Mar/2024:09:42:27 +0800] "POST /xingrg/dwr/call/plaincall/AjaxCheckService.setItemNumber.dwr HTTP/1.1" 200 78
116.232.194.112 - - [18/Mar/2024:09:42:28 +0800] "POST /xingrg/dwr/call/plaincall/AjaxCheckService.setItemNumber.dwr HTTP/1.1" 200 78
116.232.194.112 - - [18/Mar/2024:09:42:28 +0800] "POST /xingrg/dwr/call/plaincall/AjaxCheckService.setItemNumber.dwr HTTP/1.1" 200 78
116.232.194.112 - - [18/Mar/2024:09:42:29 +0800] "POST /xingrg/dwr/call/plaincall/AjaxCheckService.setItemNumber.dwr HTTP/1.1" 200 78
116.232.194.112 - - [18/Mar/2024:09:42:29 +0800] "POST /xingrg/dwr/call/plaincall/AjaxCheckService.setItemNumber.dwr HTTP/1.1" 200 78
116.232.194.112 - - [18/Mar/2024:09:42:30 +0800] "POST /xingrg/dwr/call/plaincall/AjaxCheckService.setItemNumber.dwr HTTP/1.1" 200 78
116.232.194.112 - - [18/Mar/2024:09:42:32 +0800] "POST /xingrg/dwr/call/plaincall/AjaxCheckService.setItemNumber.dwr HTTP/1.1" 200 78
116.232.194.112 - - [18/Mar/2024:09:42:32 +0800] "POST /xingrg/dwr/call/plaincall/AjaxCheckService.setItemNumber.dwr HTTP/1.1" 200 78
116.232.194.112 - - [18/Mar/2024:09:42:33 +0800] "POST /xingrg/dwr/call/plaincall/AjaxCheckService.setItemNumber.dwr HTTP/1.1" 200 78
116.232.194.112 - - [18/Mar/2024:09:42:33 +0800] "POST /xingrg/dwr/call/plaincall/AjaxCheckService.setItemNumber.dwr HTTP/1.1" 200 78
116.232.194.112 - - [18/Mar/2024:09:42:35 +0800] "POST /xingrg/dwr/call/plaincall/AjaxCheckService.setItemNumber.dwr HTTP/1.1" 200 78
116.232.194.112 - - [18/Mar/2024:09:42:35 +0800] "POST /xingrg/dwr/call/plaincall/AjaxCheckService.setItemNumber.dwr HTTP/1.1" 200 78
116.232.194.112 - - [18/Mar/2024:09:42:35 +0800] "POST /xingrg/dwr/call/plaincall/AjaxCheckService.setItemNumber.dwr HTTP/1.1" 200 78
116.232.194.112 - - [18/Mar/2024:09:42:36 +0800] "POST /xingrg/dwr/call/plaincall/AjaxCheckService.setItemNumber.dwr HTTP/1.1" 200 78
180.169.147.146 - - [18/Mar/2024:09:42:36 +0800] "GET /xingrg/all/function/internal_message.html?_=1710726156853&CODE_STATE=getMsg HTTP/1.1" 200 27
116.232.194.112 - - [18/Mar/2024:09:42:37 +0800] "POST /xingrg/dwr/call/plaincall/AjaxCheckService.setItemNumber.dwr HTTP/1.1" 200 78
116.232.194.112 - - [18/Mar/2024:09:42:38 +0800] "POST /xingrg/dwr/call/plaincall/AjaxCheckService.setItemNumber.dwr HTTP/1.1" 200 78
116.232.194.112 - - [18/Mar/2024:09:42:38 +0800] "POST /xingrg/dwr/call/plaincall/AjaxCheckService.setItemNumber.dwr HTTP/1.1" 200 78
116.238.97.31 - - [18/Mar/2024:09:42:39 +0800] "GET /xingrg/all/function/internal_message.html?_=1710726159387&CODE_STATE=getMsg HTTP/1.1" 200 27
222.70.183.82 - - [18/Mar/2024:09:42:39 +0800] "GET /xingrg/kc/buy/cgsh_order_operate.html?command=get_materiel&rest_code=00111&code=00101008005&supplier_code=00100008&order_time=2024-03-18 HTTP/1.1" 200 433
116.232.194.112 - - [18/Mar/2024:09:42:39 +0800] "POST /xingrg/dwr/call/plaincall/AjaxCheckService.setItemNumber.dwr HTTP/1.1" 200 78
116.232.194.112 - - [18/Mar/2024:09:42:40 +0800] "POST /xingrg/dwr/call/plaincall/AjaxCheckService.setItemNumber.dwr HTTP/1.1" 200 78
116.232.194.112 - - [18/Mar/2024:09:42:40 +0800] "POST /xingrg/dwr/call/plaincall/AjaxCheckService.setItemNumber.dwr HTTP/1.1" 200 78
116.232.194.112 - - [18/Mar/2024:09:42:41 +0800] "POST /xingrg/dwr/call/plaincall/AjaxCheckService.setItemNumber.dwr HTTP/1.1" 200 78
116.232.194.112 - - [18/Mar/2024:09:42:42 +0800] "POST /xingrg/dwr/call/plaincall/AjaxCheckService.setItemNumber.dwr HTTP/1.1" 200 78
116.224.254.208 - - [18/Mar/2024:09:42:42 +0800] "GET /xingrg/all/function/internal_message.html?_=1710726162436&CODE_STATE=getMsg HTTP/1.1" 200 27
116.232.194.112 - - [18/Mar/2024:09:42:43 +0800] "POST /xingrg/dwr/call/plaincall/AjaxCheckService.setItemNumber.dwr HTTP/1.1" 200 78
222.70.183.82 - - [18/Mar/2024:09:42:43 +0800] "GET /xingrg/all/function/internal_message.html?_=1710726163489&CODE_STATE=getMsg HTTP/1.1" 200 27
116.232.194.112 - - [18/Mar/2024:09:42:44 +0800] "POST /xingrg/dwr/call/plaincall/AjaxCheckService.setItemNumber.dwr HTTP/1.1" 200 78
116.232.194.112 - - [18/Mar/2024:09:42:45 +0800] "POST /xingrg/dwr/call/plaincall/AjaxCheckService.setItemNumber.dwr HTTP/1.1" 200 78
116.232.194.112 - - [18/Mar/2024:09:42:45 +0800] "POST /xingrg/dwr/call/plaincall/AjaxCheckService.setItemNumber.dwr HTTP/1.1" 200 78
116.232.194.112 - - [18/Mar/2024:09:42:45 +0800] "POST /xingrg/dwr/call/plaincall/AjaxCheckService.setItemNumber.dwr HTTP/1.1" 200 78
116.232.194.112 - - [18/Mar/2024:09:42:46 +0800] "POST /xingrg/dwr/call/plaincall/AjaxCheckService.setItemNumber.dwr HTTP/1.1" 200 78
116.232.194.112 - - [18/Mar/2024:09:42:47 +0800] "POST /xingrg/dwr/call/plaincall/AjaxCheckService.setItemNumber.dwr HTTP/1.1" 200 78
116.232.194.112 - - [18/Mar/2024:09:42:48 +0800] "POST /xingrg/dwr/call/plaincall/AjaxCheckService.setItemNumber.dwr HTTP/1.1" 200 78
222.70.115.1 - - [18/Mar/2024:09:42:49 +0800] "GET /xingrg/all/function/internal_message.html?_=1710726169109&CODE_STATE=getMsg HTTP/1.1" 200 27
116.232.194.112 - - [18/Mar/2024:09:42:49 +0800] "POST /xingrg/dwr/call/plaincall/AjaxCheckService.setItemNumber.dwr HTTP/1.1" 200 78
116.232.194.112 - - [18/Mar/2024:09:42:49 +0800] "POST /xingrg/dwr/call/plaincall/AjaxCheckService.setItemNumber.dwr HTTP/1.1" 200 78
116.232.194.112 - - [18/Mar/2024:09:42:50 +0800] "POST /xingrg/dwr/call/plaincall/AjaxCheckService.setItemNumber.dwr HTTP/1.1" 200 78
114.83.223.3 - - [18/Mar/2024:09:42:51 +0800] "GET /xingrg/all/function/internal_message.html?_=1710726171014&CODE_STATE=getMsg HTTP/1.1" 200 27
116.232.194.112 - - [18/Mar/2024:09:42:51 +0800] "POST /xingrg/dwr/call/plaincall/AjaxCheckService.setItemNumber.dwr HTTP/1.1" 200 78
116.232.194.112 - - [18/Mar/2024:09:42:52 +0800] "POST /xingrg/dwr/call/plaincall/AjaxCheckService.setItemNumber.dwr HTTP/1.1" 200 78
116.232.194.112 - - [18/Mar/2024:09:42:52 +0800] "POST /xingrg/dwr/call/plaincall/AjaxCheckService.setItemNumber.dwr HTTP/1.1" 200 78
116.232.194.112 - - [18/Mar/2024:09:42:52 +0800] "POST /xingrg/dwr/call/plaincall/AjaxCheckService.setItemNumber.dwr HTTP/1.1" 200 78
116.232.194.112 - - [18/Mar/2024:09:42:53 +0800] "POST /xingrg/dwr/call/plaincall/AjaxCheckService.setItemNumber.dwr HTTP/1.1" 200 78
124.78.60.103 - - [18/Mar/2024:09:42:53 +0800] "GET /xingrg/all/function/internal_message.html?_=1710726173830&CODE_STATE=getMsg HTTP/1.1" 200 27
116.232.194.112 - - [18/Mar/2024:09:42:53 +0800] "POST /xingrg/dwr/call/plaincall/AjaxCheckService.setItemNumber.dwr HTTP/1.1" 200 78
116.232.194.112 - - [18/Mar/2024:09:42:54 +0800] "POST /xingrg/dwr/call/plaincall/AjaxCheckService.setItemNumber.dwr HTTP/1.1" 200 78
180.164.1.25 - - [18/Mar/2024:09:42:56 +0800] "GET /xingrg/all/function/internal_message.html?_=1710726175076&CODE_STATE=getMsg HTTP/1.1" 200 27
222.70.183.82 - - [18/Mar/2024:09:42:58 +0800] "POST /xingrg/kc/buy/cgsh_order_operate.html HTTP/1.1" 200 2065
116.232.194.112 - - [18/Mar/2024:09:42:58 +0800] "POST /xingrg/dwr/call/plaincall/AjaxCheckService.setItemNumber.dwr HTTP/1.1" 200 78
101.228.147.14 - - [18/Mar/2024:09:43:00 +0800] "GET /xingrg/all/function/internal_message.html?_=1710726180279&CODE_STATE=getMsg HTTP/1.1" 200 27
101.228.147.14 - - [18/Mar/2024:09:43:00 +0800] "GET /xingrg/check_reg.html?_=1710726180274 HTTP/1.1" 200 22
116.232.194.112 - - [18/Mar/2024:09:43:00 +0800] "GET /xingrg/all/function/internal_message.html?_=1710726153715&CODE_STATE=getMsg HTTP/1.1" 200 27
116.232.194.112 - - [18/Mar/2024:09:43:02 +0800] "POST /xingrg/dwr/call/plaincall/AjaxCheckService.setItemNumber.dwr HTTP/1.1" 200 78
116.232.194.112 - - [18/Mar/2024:09:43:05 +0800] "POST /xingrg/dwr/call/plaincall/AjaxCheckService.setItemNumber.dwr HTTP/1.1" 200 78
116.232.194.112 - - [18/Mar/2024:09:43:06 +0800] "POST /xingrg/dwr/call/plaincall/AjaxCheckService.setItemNumber.dwr HTTP/1.1" 200 78
116.232.194.112 - - [18/Mar/2024:09:43:08 +0800] "POST /xingrg/dwr/call/plaincall/AjaxCheckService.setItemNumber.dwr HTTP/1.1" 200 78
116.232.194.112 - - [18/Mar/2024:09:43:09 +0800] "POST /xingrg/dwr/call/plaincall/AjaxCheckService.setItemNumber.dwr HTTP/1.1" 200 78
116.232.194.112 - - [18/Mar/2024:09:43:09 +0800] "POST /xingrg/dwr/call/plaincall/AjaxCheckService.setItemNumber.dwr HTTP/1.1" 200 78
116.232.194.112 - - [18/Mar/2024:09:43:10 +0800] "POST /xingrg/dwr/call/plaincall/AjaxCheckService.setItemNumber.dwr HTTP/1.1" 200 78
222.70.183.82 - - [18/Mar/2024:09:43:10 +0800] "GET /xingrg/kc/buy/cgsh_order_operate.html?command=get_materiel&rest_code=00111&code=00101008314&supplier_code=00100008&order_time=2024-03-18 HTTP/1.1" 200 413
116.232.194.112 - - [18/Mar/2024:09:43:11 +0800] "POST /xingrg/dwr/call/plaincall/AjaxCheckService.setItemNumber.dwr HTTP/1.1" 200 78
116.232.194.112 - - [18/Mar/2024:09:43:12 +0800] "POST /xingrg/dwr/call/plaincall/AjaxCheckService.setItemNumber.dwr HTTP/1.1" 200 78
116.232.194.112 - - [18/Mar/2024:09:43:13 +0800] "POST /xingrg/dwr/call/plaincall/AjaxCheckService.setItemNumber.dwr HTTP/1.1" 200 78
116.232.194.112 - - [18/Mar/2024:09:43:14 +0800] "POST /xingrg/dwr/call/plaincall/AjaxCheckService.setItemNumber.dwr HTTP/1.1" 200 78
116.232.194.112 - - [18/Mar/2024:09:43:14 +0800] "POST /xingrg/dwr/call/plaincall/AjaxCheckService.setItemNumber.dwr HTTP/1.1" 200 78
116.232.194.112 - - [18/Mar/2024:09:43:15 +0800] "POST /xingrg/dwr/call/plaincall/AjaxCheckService.setItemNumber.dwr HTTP/1.1" 200 78
116.232.194.112 - - [18/Mar/2024:09:43:16 +0800] "POST /xingrg/dwr/call/plaincall/AjaxCheckService.setItemNumber.dwr HTTP/1.1" 200 78
116.232.194.112 - - [18/Mar/2024:09:43:16 +0800] "POST /xingrg/dwr/call/plaincall/AjaxCheckService.setItemNumber.dwr HTTP/1.1" 200 78
116.232.194.112 - - [18/Mar/2024:09:43:17 +0800] "POST /xingrg/dwr/call/plaincall/AjaxCheckService.setItemNumber.dwr HTTP/1.1" 200 78
222.69.134.93 - - [18/Mar/2024:09:43:17 +0800] "GET /xingrg/all/function/internal_message.html?_=1710726200071&CODE_STATE=getMsg HTTP/1.1" 200 27
116.232.194.112 - - [18/Mar/2024:09:43:18 +0800] "POST /xingrg/dwr/call/plaincall/AjaxCheckService.setItemNumber.dwr HTTP/1.1" 200 78
116.232.194.112 - - [18/Mar/2024:09:43:19 +0800] "POST /xingrg/dwr/call/plaincall/AjaxCheckService.setItemNumber.dwr HTTP/1.1" 200 78
116.232.194.112 - - [18/Mar/2024:09:43:19 +0800] "POST /xingrg/dwr/call/plaincall/AjaxCheckService.setItemNumber.dwr HTTP/1.1" 200 78
116.232.194.112 - - [18/Mar/2024:09:43:20 +0800] "POST /xingrg/dwr/call/plaincall/AjaxCheckService.setItemNumber.dwr HTTP/1.1" 200 78
116.232.194.112 - - [18/Mar/2024:09:43:20 +0800] "POST /xingrg/dwr/call/plaincall/AjaxCheckService.setItemNumber.dwr HTTP/1.1" 200 78
116.224.254.208 - - [18/Mar/2024:09:43:21 +0800] "GET /xingrg/all/function/internal_message.html?_=1710726201636&CODE_STATE=getMsg HTTP/1.1" 200 27
101.83.145.37 - - [18/Mar/2024:09:43:21 +0800] "GET /xingrg/all/function/internal_message.html?_=1710726202939&CODE_STATE=getMsg HTTP/1.1" 200 27
116.232.194.112 - - [18/Mar/2024:09:43:24 +0800] "POST /xingrg/dwr/call/plaincall/AjaxCheckService.setItemNumber.dwr HTTP/1.1" 200 78
116.232.194.112 - - [18/Mar/2024:09:43:25 +0800] "POST /xingrg/dwr/call/plaincall/AjaxCheckService.setItemNumber.dwr HTTP/1.1" 200 78
116.232.194.112 - - [18/Mar/2024:09:43:26 +0800] "POST /xingrg/dwr/call/plaincall/AjaxCheckService.setItemNumber.dwr HTTP/1.1" 200 78
116.232.194.112 - - [18/Mar/2024:09:43:26 +0800] "POST /xingrg/dwr/call/plaincall/AjaxCheckService.setItemNumber.dwr HTTP/1.1" 200 78
116.232.194.112 - - [18/Mar/2024:09:43:26 +0800] "POST /xingrg/dwr/call/plaincall/AjaxCheckService.setItemNumber.dwr HTTP/1.1" 200 78
180.169.147.146 - - [18/Mar/2024:09:43:26 +0800] "GET /xingrg/all/function/internal_message.html?_=1710726206090&CODE_STATE=getMsg HTTP/1.1" 200 27
116.232.194.112 - - [18/Mar/2024:09:43:27 +0800] "POST /xingrg/dwr/call/plaincall/AjaxCheckService.setItemNumber.dwr HTTP/1.1" 200 78
116.232.194.112 - - [18/Mar/2024:09:43:28 +0800] "POST /xingrg/dwr/call/plaincall/AjaxCheckService.setItemNumber.dwr HTTP/1.1" 200 78
