116.238.97.31 - - [18/Mar/2024:10:08:45 +0800] "GET /xingrg/javascript/jquery_easy_ui/themes/icons/settle_new.png HTTP/1.1" 200 826
116.238.97.31 - - [18/Mar/2024:10:08:45 +0800] "GET /xingrg/images/blue/navBackgound.jpg HTTP/1.1" 200 12378
116.238.97.31 - - [18/Mar/2024:10:08:45 +0800] "GET /xingrg/all/function/internal_message.html?_=1710727727136&CODE_STATE=count HTTP/1.1" 200 11
116.238.97.31 - - [18/Mar/2024:10:08:45 +0800] "GET /xingrg/check_reg.html?_=1710727727137 HTTP/1.1" 200 22
116.238.97.31 - - [18/Mar/2024:10:08:45 +0800] "GET /xingrg/images/blue/pingpu.png HTTP/1.1" 200 231
116.238.97.31 - - [18/Mar/2024:10:08:45 +0800] "GET /xingrg/javascript/jquery_easy_ui/themes/default/images/tabs_leftarrow.png HTTP/1.1" 200 389
116.238.97.31 - - [18/Mar/2024:10:08:45 +0800] "POST /xingrg/all/common/load_tree.html?tree=area_rest_tree_json&manage=1 HTTP/1.1" 200 3624
116.238.97.31 - - [18/Mar/2024:10:08:45 +0800] "GET /xingrg/javascript/jquery_easy_ui/themes/default/images/tabs_rightarrow.png HTTP/1.1" 200 395
116.238.97.31 - - [18/Mar/2024:10:08:45 +0800] "GET /xingrg/javascript/jquery_easy_ui/themes/default/images/panel_tool_expand.gif HTTP/1.1" 200 247
116.238.97.31 - - [18/Mar/2024:10:08:45 +0800] "GET /xingrg/javascript/jquery_easy_ui/themes/default/images/panel_tool_collapse.gif HTTP/1.1" 200 246
116.238.97.31 - - [18/Mar/2024:10:08:45 +0800] "POST /xingrg/load_menu.html HTTP/1.1" 200 11443
116.238.97.31 - - [18/Mar/2024:10:08:45 +0800] "GET /xingrg/javascript/jquery_easy_ui/themes/default/images/tree_arrows.gif HTTP/1.1" 200 1043
116.238.97.31 - - [18/Mar/2024:10:08:45 +0800] "GET /xingrg/javascript/jquery_easy_ui/themes/default/images/tree_folder_open.gif HTTP/1.1" 200 956
116.238.97.31 - - [18/Mar/2024:10:08:45 +0800] "GET /xingrg/javascript/jquery_easy_ui/themes/icons/search_new.png HTTP/1.1" 200 586
116.238.97.31 - - [18/Mar/2024:10:08:45 +0800] "GET /xingrg/javascript/jquery_easy_ui/themes/icons/delivery_new.png HTTP/1.1" 200 700
116.238.97.31 - - [18/Mar/2024:10:08:45 +0800] "GET /xingrg/javascript/jquery_easy_ui/themes/icons/storage_new.png HTTP/1.1" 200 853
116.238.97.31 - - [18/Mar/2024:10:08:45 +0800] "GET /xingrg/javascript/jquery_easy_ui/themes/icons/checkout_new.png HTTP/1.1" 200 744
116.238.97.31 - - [18/Mar/2024:10:08:45 +0800] "GET /xingrg/javascript/jquery_easy_ui/themes/icons/forms_new.png HTTP/1.1" 200 350
116.238.97.31 - - [18/Mar/2024:10:08:45 +0800] "GET /xingrg/javascript/jquery_easy_ui/themes/icons/setting_new.png HTTP/1.1" 200 450
116.238.97.31 - - [18/Mar/2024:10:08:45 +0800] "GET /xingrg/javascript/jquery_easy_ui/themes/icons/systemset_new.png HTTP/1.1" 200 606
116.238.97.31 - - [18/Mar/2024:10:08:45 +0800] "GET /xingrg/javascript/jquery_easy_ui/themes/default/images/tree_file.gif HTTP/1.1" 200 118
116.238.97.31 - - [18/Mar/2024:10:08:45 +0800] "GET /xingrg/javascript/jquery_easy_ui/themes/default/images/tree_folder.gif HTTP/1.1" 200 952
222.70.183.82 - - [18/Mar/2024:10:08:45 +0800] "GET /xingrg/javascript/jquery_tools/images/prev.gif HTTP/1.1" 404 1086
222.70.183.82 - - [18/Mar/2024:10:08:45 +0800] "GET /xingrg/javascript/jquery_tools/images/next.gif HTTP/1.1" 404 1086
116.238.97.31 - - [18/Mar/2024:10:08:46 +0800] "GET /xingrg/javascript/jquery_easy_ui/themes/icons/area.png HTTP/1.1" 200 262
116.238.97.31 - - [18/Mar/2024:10:08:46 +0800] "GET /xingrg/javascript/jquery_easy_ui/themes/icons/manage.png HTTP/1.1" 200 696
116.238.97.31 - - [18/Mar/2024:10:08:46 +0800] "GET /xingrg/javascript/jquery_easy_ui/themes/icons/rest.png HTTP/1.1" 200 695
116.238.97.31 - - [18/Mar/2024:10:08:46 +0800] "GET /xingrg/javascript/jquery_easy_ui/themes/default/images/button_a_bg.gif HTTP/1.1" 200 1194
116.238.97.31 - - [18/Mar/2024:10:08:46 +0800] "GET /xingrg/javascript/jquery_easy_ui/themes/default/images/button_span_bg.gif HTTP/1.1" 200 2061
116.238.97.31 - - [18/Mar/2024:10:08:46 +0800] "GET /xingrg/javascript/jquery_easy_ui/themes/icons/ok.png HTTP/1.1" 200 883
116.238.97.31 - - [18/Mar/2024:10:08:46 +0800] "GET /xingrg/javascript/jquery_easy_ui/themes/default/images/panel_title.png HTTP/1.1" 200 266
116.238.97.31 - - [18/Mar/2024:10:08:46 +0800] "GET /xingrg/javascript/jquery_easy_ui/themes/default/images/panel_tools.gif HTTP/1.1" 200 737
222.70.115.1 - - [18/Mar/2024:10:08:49 +0800] "GET /xingrg/all/function/internal_message.html?_=1710727729169&CODE_STATE=getMsg HTTP/1.1" 200 27
222.70.115.1 - - [18/Mar/2024:10:08:49 +0800] "GET /xingrg/check_reg.html?_=1710727729165 HTTP/1.1" 200 22
116.238.97.31 - - [18/Mar/2024:10:08:49 +0800] "GET /xingrg/images/control/ajaxLoader.gif HTTP/1.1" 200 4659
116.238.97.31 - - [18/Mar/2024:10:08:49 +0800] "POST /xingrg/all/user/operate.html HTTP/1.1" 200 36
116.238.97.31 - - [18/Mar/2024:10:08:49 +0800] "GET /xingrg/index.html?sysBaseUrl=http%3A%2F%2F180.169.147.146%3A18081%2Fxingrg%2F&costTime=843×tamp=1710727724682 HTTP/1.1" 200 17509
116.238.97.31 - - [18/Mar/2024:10:08:49 +0800] "GET /xingrg/javascript/jquery_easy_ui/themes/default/easyui.css HTTP/1.1" 304 -
116.238.97.31 - - [18/Mar/2024:10:08:49 +0800] "GET /xingrg/javascript/jquery_easy_ui/themes/icon.css HTTP/1.1" 304 -
116.238.97.31 - - [18/Mar/2024:10:08:49 +0800] "GET /xingrg/css/form.css HTTP/1.1" 304 -
116.238.97.31 - - [18/Mar/2024:10:08:49 +0800] "GET /xingrg/javascript/jquery-1.4.2.min.js HTTP/1.1" 304 -
116.238.97.31 - - [18/Mar/2024:10:08:49 +0800] "GET /xingrg/javascript/jquery_easy_ui/jquery.easyui.min.js HTTP/1.1" 304 -
116.238.97.31 - - [18/Mar/2024:10:08:49 +0800] "GET /xingrg/javascript/jquery_easy_ui/easyui-lang-zh_CN.js HTTP/1.1" 304 -
116.238.97.31 - - [18/Mar/2024:10:08:49 +0800] "GET /xingrg/javascript/jquery.form.js HTTP/1.1" 304 -
116.238.97.31 - - [18/Mar/2024:10:08:49 +0800] "GET /xingrg/javascript/jquery.utils.js HTTP/1.1" 304 -
116.238.97.31 - - [18/Mar/2024:10:08:49 +0800] "GET /xingrg/javascript/jquery.timers.js HTTP/1.1" 304 -
116.238.97.31 - - [18/Mar/2024:10:08:49 +0800] "GET /xingrg/images/blue/jxLogo.png HTTP/1.1" 304 -
116.238.97.31 - - [18/Mar/2024:10:08:49 +0800] "GET /xingrg/images/blue/navBackgound.jpg HTTP/1.1" 304 -
116.238.97.31 - - [18/Mar/2024:10:08:49 +0800] "GET /xingrg/javascript/jquery_easy_ui/themes/icons/settle_new.png HTTP/1.1" 304 -
116.238.97.31 - - [18/Mar/2024:10:08:49 +0800] "GET /xingrg/all/function/internal_message.html?_=1710727731811&CODE_STATE=count HTTP/1.1" 200 11
116.238.97.31 - - [18/Mar/2024:10:08:49 +0800] "GET /xingrg/check_reg.html?_=1710727731812 HTTP/1.1" 200 22
116.238.97.31 - - [18/Mar/2024:10:08:49 +0800] "GET /xingrg/javascript/jquery_easy_ui/themes/default/images/tabs_leftarrow.png HTTP/1.1" 304 -
116.238.97.31 - - [18/Mar/2024:10:08:49 +0800] "GET /xingrg/javascript/jquery_easy_ui/themes/default/images/panel_tool_collapse.gif HTTP/1.1" 304 -
116.238.97.31 - - [18/Mar/2024:10:08:49 +0800] "GET /xingrg/images/blue/pingpu.png HTTP/1.1" 304 -
116.238.97.31 - - [18/Mar/2024:10:08:49 +0800] "GET /xingrg/javascript/jquery_easy_ui/themes/default/images/tabs_rightarrow.png HTTP/1.1" 304 -
116.238.97.31 - - [18/Mar/2024:10:08:49 +0800] "GET /xingrg/javascript/jquery_easy_ui/themes/default/images/panel_tool_expand.gif HTTP/1.1" 304 -
116.238.97.31 - - [18/Mar/2024:10:08:50 +0800] "POST /xingrg/all/common/load_tree.html?tree=area_rest_tree_json&manage=1 HTTP/1.1" 200 3624
116.238.97.31 - - [18/Mar/2024:10:08:50 +0800] "POST /xingrg/load_menu.html HTTP/1.1" 200 9959
114.83.223.3 - - [18/Mar/2024:10:08:50 +0800] "GET /xingrg/all/function/internal_message.html?_=1710727730525&CODE_STATE=getMsg HTTP/1.1" 200 27
116.238.97.31 - - [18/Mar/2024:10:08:51 +0800] "GET /xingrg/javascript/jquery_easy_ui/themes/default/images/tabs_close.gif HTTP/1.1" 200 829
116.238.97.31 - - [18/Mar/2024:10:08:51 +0800] "GET /xingrg/kc/report/report_main.html HTTP/1.1" 200 7340
116.238.97.31 - - [18/Mar/2024:10:08:51 +0800] "GET /xingrg/css/blue.css HTTP/1.1" 200 15949
116.238.97.31 - - [18/Mar/2024:10:08:51 +0800] "GET /xingrg/javascript/jquery_ui/themes/humanity/humanity.css HTTP/1.1" 200 27801
116.238.97.31 - - [18/Mar/2024:10:08:51 +0800] "GET /xingrg/javascript/pic_change.js HTTP/1.1" 200 4739
116.238.97.31 - - [18/Mar/2024:10:08:51 +0800] "GET /xingrg/javascript/myfunction.js HTTP/1.1" 200 24559
116.238.97.31 - - [18/Mar/2024:10:08:51 +0800] "GET /xingrg/javascript/json2.js HTTP/1.1" 200 11259
116.238.97.31 - - [18/Mar/2024:10:08:51 +0800] "GET /xingrg/javascript/jquery_easy_ui/themes/icons/back_new.png HTTP/1.1" 200 3414
124.78.60.103 - - [18/Mar/2024:10:08:53 +0800] "GET /xingrg/all/function/internal_message.html?_=1710727733833&CODE_STATE=getMsg HTTP/1.1" 200 27
116.238.97.31 - - [18/Mar/2024:10:08:53 +0800] "GET /xingrg/kc/base/check_order_list.html HTTP/1.1" 200 16437
116.238.97.31 - - [18/Mar/2024:10:08:53 +0800] "GET /xingrg/css/base.css HTTP/1.1" 200 2811
116.238.97.31 - - [18/Mar/2024:10:08:53 +0800] "GET /xingrg/css/site.css HTTP/1.1" 200 7541
116.238.97.31 - - [18/Mar/2024:10:08:53 +0800] "GET /xingrg/javascript/jquery_tools/datebox.css HTTP/1.1" 200 2597
116.238.97.31 - - [18/Mar/2024:10:08:53 +0800] "GET /xingrg/javascript/easyui/themes/default/easyui.css HTTP/1.1" 200 30432
116.238.97.31 - - [18/Mar/2024:10:08:53 +0800] "GET /xingrg/javascript/easyui/themes/icon.css HTTP/1.1" 200 4483
116.238.97.31 - - [18/Mar/2024:10:08:53 +0800] "GET /xingrg/javascript/auto/jquery.autocomplete.css HTTP/1.1" 200 587
116.238.97.31 - - [18/Mar/2024:10:08:53 +0800] "GET /xingrg/javascript/jquery_tools/fix.css HTTP/1.1" 200 1702
116.238.97.31 - - [18/Mar/2024:10:08:53 +0800] "GET /xingrg/javascript/jquery_tools/table.css HTTP/1.1" 200 1032
116.238.97.31 - - [18/Mar/2024:10:08:53 +0800] "GET /xingrg/javascript/jquery_tools/jquery.tools.min.js HTTP/1.1" 200 138801
116.238.97.31 - - [18/Mar/2024:10:08:53 +0800] "GET /xingrg/javascript/jquery_tools/jquery.tools.extend.js HTTP/1.1" 200 15385
116.238.97.31 - - [18/Mar/2024:10:08:53 +0800] "GET /xingrg/javascript/jquery_tools/jquery.tools.hotkey.js HTTP/1.1" 200 3242
116.238.97.31 - - [18/Mar/2024:10:08:53 +0800] "GET /xingrg/javascript/jquery_tools/jquery.tools.table.js HTTP/1.1" 200 6994
116.238.97.31 - - [18/Mar/2024:10:08:53 +0800] "GET /xingrg/javascript/jquery_tools/list_manager.js HTTP/1.1" 200 3652
116.238.97.31 - - [18/Mar/2024:10:08:53 +0800] "GET /xingrg/javascript/auto/jquery.autocomplete.js HTTP/1.1" 200 21624
116.238.97.31 - - [18/Mar/2024:10:08:53 +0800] "GET /xingrg/javascript/easyui/easyloader.js HTTP/1.1" 200 5975
116.238.97.31 - - [18/Mar/2024:10:08:53 +0800] "GET /xingrg/javascript/jquery.cookie.js HTTP/1.1" 200 5513
116.238.97.31 - - [18/Mar/2024:10:08:54 +0800] "GET /xingrg/javascript/easyui/themes/icons/cance_new.png HTTP/1.1" 200 3986
116.238.97.31 - - [18/Mar/2024:10:08:54 +0800] "GET /xingrg/javascript/easyui/themes/icons/edit_add_new.png HTTP/1.1" 200 2997
116.238.97.31 - - [18/Mar/2024:10:08:54 +0800] "GET /xingrg/javascript/easyui/themes/icons/check_new.png HTTP/1.1" 200 3224
116.238.97.31 - - [18/Mar/2024:10:08:54 +0800] "GET /xingrg/javascript/easyui/themes/icons/field_new.png HTTP/1.1" 200 1097
116.238.97.31 - - [18/Mar/2024:10:08:54 +0800] "GET /xingrg/javascript/easyui/themes/icons/uncheck_new.png HTTP/1.1" 200 3197
116.238.97.31 - - [18/Mar/2024:10:08:54 +0800] "GET /xingrg/javascript/easyui/plugins/jquery.parser.js HTTP/1.1" 200 1142
116.238.97.31 - - [18/Mar/2024:10:08:54 +0800] "POST /xingrg/kc/base/check_list_operate.html HTTP/1.1" 200 781
61.170.232.54 - - [18/Mar/2024:10:08:55 +0800] "GET /xingrg/kc/buy/cgsh_order_operate.html?command=get_materiel&rest_code=00106&code=00101008087&supplier_code=00100008&order_time=2024-03-18 HTTP/1.1" 200 412
180.164.1.25 - - [18/Mar/2024:10:08:55 +0800] "GET /xingrg/all/function/internal_message.html?_=1710727734694&CODE_STATE=getMsg HTTP/1.1" 200 27
101.228.147.14 - - [18/Mar/2024:10:09:00 +0800] "GET /xingrg/all/function/internal_message.html?_=1710727740303&CODE_STATE=getMsg HTTP/1.1" 200 27
222.69.134.93 - - [18/Mar/2024:10:09:17 +0800] "GET /xingrg/all/function/internal_message.html?_=1710727760070&CODE_STATE=getMsg HTTP/1.1" 200 27
101.83.145.37 - - [18/Mar/2024:10:09:20 +0800] "GET /xingrg/all/function/internal_message.html?_=1710727761609&CODE_STATE=getMsg HTTP/1.1" 200 27
101.83.145.37 - - [18/Mar/2024:10:09:20 +0800] "GET /xingrg/check_reg.html?_=1710727761606 HTTP/1.1" 200 22
116.224.254.208 - - [18/Mar/2024:10:09:21 +0800] "GET /xingrg/all/function/internal_message.html?_=1710727761634&CODE_STATE=getMsg HTTP/1.1" 200 27
116.224.254.208 - - [18/Mar/2024:10:09:21 +0800] "GET /xingrg/check_reg.html?_=1710727761637 HTTP/1.1" 200 22
114.83.223.3 - - [18/Mar/2024:10:09:23 +0800] "POST /xingrg/services/DataTransmitService HTTP/1.1" 200 524
61.170.232.54 - - [18/Mar/2024:10:09:24 +0800] "GET /xingrg/all/function/internal_message.html?_=1710727760843&CODE_STATE=getMsg HTTP/1.1" 200 27
180.169.147.146 - - [18/Mar/2024:10:09:26 +0800] "GET /xingrg/all/function/internal_message.html?_=1710727765571&CODE_STATE=getMsg HTTP/1.1" 200 27
61.170.232.54 - - [18/Mar/2024:10:09:35 +0800] "GET /xingrg/kc/buy/cgsh_order_operate.html?command=get_materiel&rest_code=00106&code=00101008213&supplier_code=00100008&order_time=2024-03-18 HTTP/1.1" 200 412
180.169.147.146 - - [18/Mar/2024:10:09:35 +0800] "GET /xingrg/all/function/internal_message.html?_=1710727775683&CODE_STATE=getMsg HTTP/1.1" 200 27
120.253.135.82 - - [18/Mar/2024:10:09:35 +0800] "GET /xingrg/all/function/internal_message.html?_=1710727615920&CODE_STATE=getMsg HTTP/1.1" 200 27
180.169.147.146 - - [18/Mar/2024:10:09:36 +0800] "GET /xingrg/all/function/internal_message.html?_=1710727776843&CODE_STATE=getMsg HTTP/1.1" 200 27
116.224.254.208 - - [18/Mar/2024:10:09:42 +0800] "GET /xingrg/all/function/internal_message.html?_=1710727782020&CODE_STATE=getMsg HTTP/1.1" 200 27
222.70.183.82 - - [18/Mar/2024:10:09:43 +0800] "GET /xingrg/all/function/internal_message.html?_=1710727783124&CODE_STATE=getMsg HTTP/1.1" 200 27
61.170.232.54 - - [18/Mar/2024:10:09:46 +0800] "POST /xingrg/kc/buy/cgsh_order_operate.html HTTP/1.1" 200 2065
222.70.115.1 - - [18/Mar/2024:10:09:48 +0800] "GET /xingrg/all/function/internal_message.html?_=1710727789153&CODE_STATE=getMsg HTTP/1.1" 200 27
116.238.97.31 - - [18/Mar/2024:10:09:49 +0800] "GET /xingrg/all/function/internal_message.html?_=1710727791819&CODE_STATE=getMsg HTTP/1.1" 200 27
114.83.223.3 - - [18/Mar/2024:10:09:50 +0800] "GET /xingrg/all/function/internal_message.html?_=1710727790515&CODE_STATE=getMsg HTTP/1.1" 200 27
124.78.60.103 - - [18/Mar/2024:10:09:53 +0800] "GET /xingrg/all/function/internal_message.html?_=1710727793811&CODE_STATE=getMsg HTTP/1.1" 200 27
180.164.1.25 - - [18/Mar/2024:10:09:55 +0800] "GET /xingrg/all/function/internal_message.html?_=1710727794685&CODE_STATE=getMsg HTTP/1.1" 200 27
61.170.232.54 - - [18/Mar/2024:10:09:59 +0800] "GET /xingrg/kc/buy/cgsh_order_operate.html?command=get_materiel&rest_code=00106&code=00101008067&supplier_code=00100008&order_time=2024-03-18 HTTP/1.1" 200 416
101.228.147.14 - - [18/Mar/2024:10:10:00 +0800] "GET /xingrg/all/function/internal_message.html?_=1710727800303&CODE_STATE=getMsg HTTP/1.1" 200 27
222.70.183.82 - - [18/Mar/2024:10:10:01 +0800] "GET /xingrg/kc/buy/cgsh_order_operate.html?command=get_materiel&rest_code=00111&code=00101007085&supplier_code=00100096&order_time=2024-03-18 HTTP/1.1" 200 413
61.170.232.54 - - [18/Mar/2024:10:10:14 +0800] "GET /xingrg/kc/buy/cgsh_order_operate.html?command=get_materiel&rest_code=00106&code=00101008180&supplier_code=00100008&order_time=2024-03-18 HTTP/1.1" 200 412
222.69.134.93 - - [18/Mar/2024:10:10:17 +0800] "GET /xingrg/all/function/internal_message.html?_=1710727820091&CODE_STATE=getMsg HTTP/1.1" 200 27
222.69.134.93 - - [18/Mar/2024:10:10:17 +0800] "GET /xingrg/check_reg.html?_=1710727820095 HTTP/1.1" 200 22
116.224.254.208 - - [18/Mar/2024:10:10:18 +0800] "GET /xingrg/all/report/report_query.html?fileName=kc/buy/gys_amount.xml&rh=99999 HTTP/1.1" 200 52006
116.224.254.208 - - [18/Mar/2024:10:10:18 +0800] "GET /xingrg/dwr/interface/AjaxReportQueryService.js HTTP/1.1" 200 13203
116.224.254.208 - - [18/Mar/2024:10:10:18 +0800] "GET /xingrg/dwr/engine.js HTTP/1.1" 200 43631
116.224.254.208 - - [18/Mar/2024:10:10:18 +0800] "POST /xingrg/dwr/call/plaincall/AjaxReportQueryService.getFixDate.dwr HTTP/1.1" 200 111
116.224.254.208 - - [18/Mar/2024:10:10:19 +0800] "POST /xingrg/dwr/call/plaincall/AjaxReportQueryService.getInitString.dwr HTTP/1.1" 200 1617
116.224.254.208 - - [18/Mar/2024:10:10:19 +0800] "POST /xingrg/all/common/load_tree.html?tree=supplier_tree_json&manage=1 HTTP/1.1" 200 81197
116.224.254.208 - - [18/Mar/2024:10:10:19 +0800] "POST /xingrg/all/common/load_tree.html?tree=materiel_sort_tree_json HTTP/1.1" 200 9734
101.83.145.37 - - [18/Mar/2024:10:10:20 +0800] "GET /xingrg/all/function/internal_message.html?_=1710727821595&CODE_STATE=getMsg HTTP/1.1" 200 27
116.224.254.208 - - [18/Mar/2024:10:10:21 +0800] "GET /xingrg/all/function/internal_message.html?_=1710727821619&CODE_STATE=getMsg HTTP/1.1" 200 27
61.170.232.54 - - [18/Mar/2024:10:10:24 +0800] "GET /xingrg/all/function/internal_message.html?_=1710727820849&CODE_STATE=getMsg HTTP/1.1" 200 27
180.169.147.146 - - [18/Mar/2024:10:10:26 +0800] "GET /xingrg/all/function/internal_message.html?_=1710727825549&CODE_STATE=getMsg HTTP/1.1" 200 27
222.70.183.82 - - [18/Mar/2024:10:10:26 +0800] "GET /xingrg/kc/buy/cgsh_order_operate.html?command=get_materiel&rest_code=00111&code=00101007077&supplier_code=00100096&order_time=2024-03-18 HTTP/1.1" 200 415
61.170.232.54 - - [18/Mar/2024:10:10:31 +0800] "GET /xingrg/kc/buy/cgsh_order_operate.html?command=get_materiel&rest_code=00106&code=00101010168&supplier_code=00100008&order_time=2024-03-18 HTTP/1.1" 200 413
116.224.254.208 - - [18/Mar/2024:10:10:33 +0800] "GET /xingrg/javascript/multi_select/dropdown_hover.gif HTTP/1.1" 200 61
116.224.254.208 - - [18/Mar/2024:10:10:34 +0800] "POST /xingrg/dwr/call/plaincall/AjaxReportQueryService.refreshCache.dwr HTTP/1.1" 200 78
180.169.147.146 - - [18/Mar/2024:10:10:35 +0800] "GET /xingrg/check_reg.html?_=1710727835683 HTTP/1.1" 200 22
180.169.147.146 - - [18/Mar/2024:10:10:35 +0800] "GET /xingrg/all/function/internal_message.html?_=1710727835686&CODE_STATE=getMsg HTTP/1.1" 200 27
120.253.135.82 - - [18/Mar/2024:10:10:35 +0800] "GET /xingrg/all/function/internal_message.html?_=1710727675937&CODE_STATE=getMsg HTTP/1.1" 200 27
180.169.147.146 - - [18/Mar/2024:10:10:36 +0800] "GET /xingrg/all/function/internal_message.html?_=1710727836856&CODE_STATE=getMsg HTTP/1.1" 200 27
116.224.254.208 - - [18/Mar/2024:10:10:39 +0800] "POST /xingrg/all/report/load_report_page.html HTTP/1.1" 200 71901
116.224.254.208 - - [18/Mar/2024:10:10:39 +0800] "GET /xingrg/servlets/image?cache=0.7241268530601849&image=px HTTP/1.1" 200 807
116.224.254.208 - - [18/Mar/2024:10:10:42 +0800] "GET /xingrg/all/function/internal_message.html?_=1710727841997&CODE_STATE=getMsg HTTP/1.1" 200 27
222.70.183.82 - - [18/Mar/2024:10:10:43 +0800] "GET /xingrg/all/function/internal_message.html?_=1710727843108&CODE_STATE=getMsg HTTP/1.1" 200 27
222.70.183.82 - - [18/Mar/2024:10:10:43 +0800] "GET /xingrg/check_reg.html?_=1710727843338 HTTP/1.1" 200 22
116.224.254.208 - - [18/Mar/2024:10:10:44 +0800] "GET /xingrg/all/report/report_query.html?isQuery=1&fileName=kc/buy/wlcg_cate_hz.xml&queryString=(CONVERT(char(10)%252Ca.order_time%252C%2520120)%253E%253D'2024-03-16')%2520and%2520(CONVERT(char(10)%252Ca.order_time%252C%2520120)%253C%253D'2024-03-17')%2520and%2520(a.number%253E0%2520and%2520a.supplier_code%253D'00100545')&queryText=%25E3%2580%2590%25E9%2587%2587%25E8%25B4%25AD%25E6%2597%25A5%25E6%259C%259F%253A2024-03-16%2520%25E8%2587%25B3%25202024-03-17%25E3%2580%2591%2520%25E5%25B9%25B6%25E4%25B8%2594%2520%25E3%2580%2590%25E4%25BE%259B%25E5%25BA%2594%25E5%2595%2586%253D%25E9%25AB%2598%25E4%25BA%2591%25E5%2585%2589%25E3%2580%2591 HTTP/1.1" 200 54358
61.170.232.54 - - [18/Mar/2024:10:10:44 +0800] "GET /xingrg/kc/buy/cgsh_order_operate.html?command=get_materiel&rest_code=00106&code=00101008351&supplier_code=00100008&order_time=2024-03-18 HTTP/1.1" 200 428
116.224.254.208 - - [18/Mar/2024:10:10:44 +0800] "GET /xingrg/dwr/interface/AjaxReportQueryService.js HTTP/1.1" 200 13203
116.224.254.208 - - [18/Mar/2024:10:10:44 +0800] "GET /xingrg/dwr/engine.js HTTP/1.1" 200 43631
116.224.254.208 - - [18/Mar/2024:10:10:47 +0800] "POST /xingrg/all/report/load_report_page.html HTTP/1.1" 200 8722
116.224.254.208 - - [18/Mar/2024:10:10:47 +0800] "GET /xingrg/servlets/image?cache=0.13656638225834716&image=px HTTP/1.1" 200 807
222.70.183.82 - - [18/Mar/2024:10:10:47 +0800] "GET /xingrg/kc/buy/cgsh_order_operate.html?command=get_materiel&rest_code=00111&code=00101007075&supplier_code=00100096&order_time=2024-03-18 HTTP/1.1" 200 411
222.70.115.1 - - [18/Mar/2024:10:10:48 +0800] "GET /xingrg/all/function/internal_message.html?_=1710727849153&CODE_STATE=getMsg HTTP/1.1" 200 27
116.238.97.31 - - [18/Mar/2024:10:10:49 +0800] "GET /xingrg/all/function/internal_message.html?_=1710727851828&CODE_STATE=getMsg HTTP/1.1" 200 27
114.83.223.3 - - [18/Mar/2024:10:10:50 +0800] "GET /xingrg/all/function/internal_message.html?_=1710727850487&CODE_STATE=getMsg HTTP/1.1" 200 27
124.78.60.103 - - [18/Mar/2024:10:10:53 +0800] "GET /xingrg/all/function/internal_message.html?_=1710727853815&CODE_STATE=getMsg HTTP/1.1" 200 27
61.170.232.54 - - [18/Mar/2024:10:10:53 +0800] "GET /xingrg/kc/buy/cgsh_order_operate.html?command=get_materiel&rest_code=00106&code=00101008298&supplier_code=00100008&order_time=2024-03-18 HTTP/1.1" 200 432
180.164.1.25 - - [18/Mar/2024:10:10:55 +0800] "GET /xingrg/all/function/internal_message.html?_=1710727854679&CODE_STATE=getMsg HTTP/1.1" 200 27
61.170.232.54 - - [18/Mar/2024:10:10:55 +0800] "POST /xingrg/kc/buy/cgsh_order_operate.html HTTP/1.1" 200 2065
101.228.147.14 - - [18/Mar/2024:10:11:00 +0800] "GET /xingrg/all/function/internal_message.html?_=1710727860304&CODE_STATE=getMsg HTTP/1.1" 200 27
222.69.134.93 - - [18/Mar/2024:10:11:17 +0800] "GET /xingrg/all/function/internal_message.html?_=1710727880081&CODE_STATE=getMsg HTTP/1.1" 200 27
101.83.145.37 - - [18/Mar/2024:10:11:20 +0800] "GET /xingrg/all/function/internal_message.html?_=1710727881596&CODE_STATE=getMsg HTTP/1.1" 200 27
61.170.232.54 - - [18/Mar/2024:10:11:22 +0800] "POST /xingrg/kc/buy/cgsh_order_operate.html HTTP/1.1" 200 37
61.170.232.54 - - [18/Mar/2024:10:11:25 +0800] "POST /xingrg/kc/buy/cgsh_order_operate.html HTTP/1.1" 200 18038
180.169.147.146 - - [18/Mar/2024:10:11:26 +0800] "GET /xingrg/check_reg.html?_=1710727885252 HTTP/1.1" 200 22
180.169.147.146 - - [18/Mar/2024:10:11:26 +0800] "GET /xingrg/all/function/internal_message.html?_=1710727885550&CODE_STATE=getMsg HTTP/1.1" 200 27
116.224.254.208 - - [18/Mar/2024:10:11:29 +0800] "GET /xingrg/index.html?sysBaseUrl=http%3A%2F%2F180.169.147.146%3A18081%2Fxingrg%2F&costTime=14×tamp=1698040851670 HTTP/1.1" 302 -
116.224.254.208 - - [18/Mar/2024:10:11:29 +0800] "GET /xingrg/login.html HTTP/1.1" 200 7641
116.224.254.208 - - [18/Mar/2024:10:11:30 +0800] "GET /favicon.ico HTTP/1.1" 404 -
180.169.147.146 - - [18/Mar/2024:10:11:35 +0800] "GET /xingrg/all/function/internal_message.html?_=1710727895687&CODE_STATE=getMsg HTTP/1.1" 200 27
120.253.135.82 - - [18/Mar/2024:10:11:35 +0800] "GET /xingrg/all/function/internal_message.html?_=1710727735947&CODE_STATE=getMsg HTTP/1.1" 200 27
180.169.147.146 - - [18/Mar/2024:10:11:36 +0800] "GET /xingrg/all/function/internal_message.html?_=1710727896852&CODE_STATE=getMsg HTTP/1.1" 200 27
116.224.254.208 - - [18/Mar/2024:10:11:37 +0800] "POST /xingrg/login.do HTTP/1.1" 302 -
116.224.254.208 - - [18/Mar/2024:10:11:37 +0800] "GET /xingrg/index.html?sysBaseUrl=http%3A%2F%2F180.169.147.146%3A18081%2Fxingrg%2F&costTime=824×tamp=1710727897070 HTTP/1.1" 200 17177
116.224.254.208 - - [18/Mar/2024:10:11:37 +0800] "GET /favicon.ico HTTP/1.1" 404 -
116.224.254.208 - - [18/Mar/2024:10:11:37 +0800] "GET /xingrg/all/function/internal_message.html?_=1710727897693&CODE_STATE=count HTTP/1.1" 200 11
116.224.254.208 - - [18/Mar/2024:10:11:37 +0800] "GET /xingrg/check_reg.html?_=1710727897693 HTTP/1.1" 200 22
116.224.254.208 - - [18/Mar/2024:10:11:37 +0800] "POST /xingrg/all/common/load_tree.html?tree=area_rest_tree_json&manage=1 HTTP/1.1" 200 476
116.224.254.208 - - [18/Mar/2024:10:11:37 +0800] "POST /xingrg/load_menu.html HTTP/1.1" 200 5138
222.70.183.82 - - [18/Mar/2024:10:11:38 +0800] "GET /xingrg/kc/buy/cgsh_order_operate.html?command=get_materiel&rest_code=00111&code=00101006111&supplier_code=00100096&order_time=2024-03-18 HTTP/1.1" 200 409
116.224.254.208 - - [18/Mar/2024:10:11:40 +0800] "POST /xingrg/all/user/operate.html HTTP/1.1" 200 36
116.224.254.208 - - [18/Mar/2024:10:11:40 +0800] "GET /xingrg/index.html?sysBaseUrl=http%3A%2F%2F180.169.147.146%3A18081%2Fxingrg%2F&costTime=824×tamp=1710727897070 HTTP/1.1" 200 17179
116.224.254.208 - - [18/Mar/2024:10:11:40 +0800] "GET /xingrg/javascript/jquery_easy_ui/themes/default/easyui.css HTTP/1.1" 304 -
116.224.254.208 - - [18/Mar/2024:10:11:40 +0800] "GET /xingrg/javascript/jquery_easy_ui/themes/icon.css HTTP/1.1" 304 -
116.224.254.208 - - [18/Mar/2024:10:11:40 +0800] "GET /xingrg/css/form.css HTTP/1.1" 304 -
116.224.254.208 - - [18/Mar/2024:10:11:40 +0800] "GET /xingrg/javascript/jquery-1.4.2.min.js HTTP/1.1" 304 -
116.224.254.208 - - [18/Mar/2024:10:11:40 +0800] "GET /xingrg/javascript/jquery_easy_ui/jquery.easyui.min.js HTTP/1.1" 304 -
116.224.254.208 - - [18/Mar/2024:10:11:40 +0800] "GET /xingrg/javascript/jquery_easy_ui/easyui-lang-zh_CN.js HTTP/1.1" 304 -
116.224.254.208 - - [18/Mar/2024:10:11:40 +0800] "GET /xingrg/javascript/jquery.form.js HTTP/1.1" 304 -
116.224.254.208 - - [18/Mar/2024:10:11:40 +0800] "GET /xingrg/javascript/jquery.utils.js HTTP/1.1" 304 -
116.224.254.208 - - [18/Mar/2024:10:11:40 +0800] "GET /xingrg/javascript/jquery.timers.js HTTP/1.1" 304 -
116.224.254.208 - - [18/Mar/2024:10:11:40 +0800] "GET /xingrg/images/blue/jxLogo.png HTTP/1.1" 304 -
116.224.254.208 - - [18/Mar/2024:10:11:40 +0800] "GET /xingrg/images/blue/navBackgound.jpg HTTP/1.1" 304 -
116.224.254.208 - - [18/Mar/2024:10:11:40 +0800] "GET /xingrg/javascript/jquery_easy_ui/themes/icons/settle_new.png HTTP/1.1" 304 -
116.224.254.208 - - [18/Mar/2024:10:11:41 +0800] "GET /xingrg/all/function/internal_message.html?_=1710727901287&CODE_STATE=count HTTP/1.1" 200 11
116.224.254.208 - - [18/Mar/2024:10:11:41 +0800] "GET /xingrg/check_reg.html?_=1710727901288 HTTP/1.1" 200 22
116.224.254.208 - - [18/Mar/2024:10:11:41 +0800] "POST /xingrg/all/common/load_tree.html?tree=area_rest_tree_json&manage=1 HTTP/1.1" 200 476
116.224.254.208 - - [18/Mar/2024:10:11:41 +0800] "GET /xingrg/images/blue/pingpu.png HTTP/1.1" 304 -
116.224.254.208 - - [18/Mar/2024:10:11:41 +0800] "GET /xingrg/javascript/jquery_easy_ui/themes/default/images/tabs_leftarrow.png HTTP/1.1" 304 -
116.224.254.208 - - [18/Mar/2024:10:11:41 +0800] "GET /xingrg/javascript/jquery_easy_ui/themes/default/images/tabs_rightarrow.png HTTP/1.1" 304 -
116.224.254.208 - - [18/Mar/2024:10:11:41 +0800] "GET /xingrg/javascript/jquery_easy_ui/themes/default/images/panel_tool_collapse.gif HTTP/1.1" 304 -
116.224.254.208 - - [18/Mar/2024:10:11:41 +0800] "POST /xingrg/load_menu.html HTTP/1.1" 200 5138
61.170.232.54 - - [18/Mar/2024:10:11:41 +0800] "GET /xingrg/kc/buy/cgsh_order_operate.html?command=get_materiel&rest_code=00106&code=00101008356&supplier_code=00100008&order_time=2024-03-18 HTTP/1.1" 200 428
116.224.254.208 - - [18/Mar/2024:10:11:42 +0800] "GET /xingrg/kc/report/report_main.html HTTP/1.1" 200 7340
116.224.254.208 - - [18/Mar/2024:10:11:42 +0800] "GET /xingrg/all/function/internal_message.html?_=1710727901987&CODE_STATE=getMsg HTTP/1.1" 200 27
222.70.183.82 - - [18/Mar/2024:10:11:43 +0800] "GET /xingrg/all/function/internal_message.html?_=1710727903083&CODE_STATE=getMsg HTTP/1.1" 200 27
116.224.254.208 - - [18/Mar/2024:10:11:43 +0800] "GET /xingrg/all/report/report_query.html?fileName=kc/buy/gys_amount.xml&rh=99999 HTTP/1.1" 200 52006
116.224.254.208 - - [18/Mar/2024:10:11:43 +0800] "GET /xingrg/dwr/interface/AjaxReportQueryService.js HTTP/1.1" 200 13203
116.224.254.208 - - [18/Mar/2024:10:11:43 +0800] "GET /xingrg/dwr/engine.js HTTP/1.1" 200 43631
116.224.254.208 - - [18/Mar/2024:10:11:43 +0800] "POST /xingrg/dwr/call/plaincall/AjaxReportQueryService.getFixDate.dwr HTTP/1.1" 200 111
116.224.254.208 - - [18/Mar/2024:10:11:44 +0800] "POST /xingrg/dwr/call/plaincall/AjaxReportQueryService.getInitString.dwr HTTP/1.1" 200 1617
116.224.254.208 - - [18/Mar/2024:10:11:44 +0800] "POST /xingrg/all/common/load_tree.html?tree=materiel_sort_tree_json HTTP/1.1" 200 9734
116.224.254.208 - - [18/Mar/2024:10:11:44 +0800] "POST /xingrg/all/common/load_tree.html?tree=supplier_tree_json&manage=1 HTTP/1.1" 200 81197
222.70.115.1 - - [18/Mar/2024:10:11:48 +0800] "GET /xingrg/all/function/internal_message.html?_=1710727909153&CODE_STATE=getMsg HTTP/1.1" 200 27
116.238.97.31 - - [18/Mar/2024:10:11:49 +0800] "GET /xingrg/all/function/internal_message.html?_=1710727911826&CODE_STATE=getMsg HTTP/1.1" 200 27
114.83.223.3 - - [18/Mar/2024:10:11:50 +0800] "GET /xingrg/all/function/internal_message.html?_=1710727910457&CODE_STATE=getMsg HTTP/1.1" 200 27
114.83.223.3 - - [18/Mar/2024:10:11:51 +0800] "GET /xingrg/check_reg.html?_=1710727911650 HTTP/1.1" 200 22
222.70.183.82 - - [18/Mar/2024:10:11:53 +0800] "GET /xingrg/kc/buy/cgsh_order_operate.html?command=get_materiel&rest_code=00111&code=00101016104&supplier_code=00100096&order_time=2024-03-18 HTTP/1.1" 200 410
124.78.60.103 - - [18/Mar/2024:10:11:53 +0800] "GET /xingrg/all/function/internal_message.html?_=1710727913821&CODE_STATE=getMsg HTTP/1.1" 200 27
124.78.60.103 - - [18/Mar/2024:10:11:53 +0800] "GET /xingrg/check_reg.html?_=1710727913825 HTTP/1.1" 200 22
116.224.254.208 - - [18/Mar/2024:10:11:53 +0800] "POST /xingrg/dwr/call/plaincall/AjaxReportQueryService.refreshCache.dwr HTTP/1.1" 200 78
180.164.1.25 - - [18/Mar/2024:10:11:55 +0800] "GET /xingrg/all/function/internal_message.html?_=1710727914678&CODE_STATE=getMsg HTTP/1.1" 200 27
180.164.1.25 - - [18/Mar/2024:10:11:56 +0800] "GET /xingrg/check_reg.html?_=1710727915331 HTTP/1.1" 200 22
116.224.254.208 - - [18/Mar/2024:10:11:58 +0800] "POST /xingrg/all/report/load_report_page.html HTTP/1.1" 200 71936
116.224.254.208 - - [18/Mar/2024:10:11:58 +0800] "GET /xingrg/servlets/image?cache=0.02961746129005216&image=px HTTP/1.1" 200 807
101.228.147.14 - - [18/Mar/2024:10:12:00 +0800] "GET /xingrg/all/function/internal_message.html?_=1710727920306&CODE_STATE=getMsg HTTP/1.1" 200 27
61.170.232.54 - - [18/Mar/2024:10:12:02 +0800] "GET /xingrg/kc/buy/cgsh_order_operate.html?command=get_materiel&rest_code=00106&code=00101008300&supplier_code=00100008&order_time=2024-03-18 HTTP/1.1" 200 412
116.224.254.208 - - [18/Mar/2024:10:12:05 +0800] "GET /xingrg/all/report/report_query.html?isQuery=1&fileName=kc/buy/wlcg_cate_hz.xml&queryString=(CONVERT(char(10)%252Ca.order_time%252C%2520120)%253E%253D'2024-03-16')%2520and%2520(CONVERT(char(10)%252Ca.order_time%252C%2520120)%253C%253D'2024-03-17')%2520and%2520(a.number%253E0%2520and%2520a.supplier_code%253D'00100545')&queryText=%25E3%2580%2590%25E9%2587%2587%25E8%25B4%25AD%25E6%2597%25A5%25E6%259C%259F%253A2024-03-16%2520%25E8%2587%25B3%25202024-03-17%25E3%2580%2591%2520%25E5%25B9%25B6%25E4%25B8%2594%2520%25E3%2580%2590%25E4%25BE%259B%25E5%25BA%2594%25E5%2595%2586%253D%25E9%25AB%2598%25E4%25BA%2591%25E5%2585%2589%25E3%2580%2591 HTTP/1.1" 200 54358
116.224.254.208 - - [18/Mar/2024:10:12:05 +0800] "GET /xingrg/dwr/interface/AjaxReportQueryService.js HTTP/1.1" 200 13203
116.224.254.208 - - [18/Mar/2024:10:12:05 +0800] "GET /xingrg/dwr/engine.js HTTP/1.1" 200 43631
116.224.254.208 - - [18/Mar/2024:10:12:07 +0800] "POST /xingrg/all/report/load_report_page.html HTTP/1.1" 200 8722
116.224.254.208 - - [18/Mar/2024:10:12:07 +0800] "GET /xingrg/servlets/image?cache=0.08164955424796427&image=px HTTP/1.1" 200 807
116.224.254.208 - - [18/Mar/2024:10:12:09 +0800] "POST /xingrg/all/report/load_report_page.html HTTP/1.1" 200 29909
116.224.254.208 - - [18/Mar/2024:10:12:09 +0800] "GET /xingrg/servlets/image?cache=0.3553732970260578&image=px HTTP/1.1" 200 807
222.70.183.82 - - [18/Mar/2024:10:12:11 +0800] "GET /xingrg/kc/buy/cgsh_order_operate.html?command=get_materiel&rest_code=00111&code=00101006193&supplier_code=00100096&order_time=2024-03-18 HTTP/1.1" 200 409
101.83.145.37 - - [18/Mar/2024:10:12:12 +0800] "POST /xingrg/services/DataTransmitService HTTP/1.1" 200 524
116.224.254.208 - - [18/Mar/2024:10:12:12 +0800] "POST /xingrg/all/report/report_print.html HTTP/1.1" 302 -
116.224.254.208 - - [18/Mar/2024:10:12:12 +0800] "GET /xingrg/servlets/html?sysBaseUrl=http%3A%2F%2F180.169.147.146%3A18081%2Fxingrg%2F&costTime=921×tamp=1710727932551 HTTP/1.1" 200 30368
116.224.254.208 - - [18/Mar/2024:10:12:12 +0800] "GET /xingrg/servlets/image?image=px HTTP/1.1" 200 807
116.224.254.208 - - [18/Mar/2024:10:12:12 +0800] "GET /favicon.ico HTTP/1.1" 404 -
222.69.134.93 - - [18/Mar/2024:10:12:17 +0800] "GET /xingrg/all/function/internal_message.html?_=1710727940072&CODE_STATE=getMsg HTTP/1.1" 200 27
61.170.232.54 - - [18/Mar/2024:10:12:20 +0800] "GET /xingrg/kc/buy/cgsh_order_operate.html?command=get_materiel&rest_code=00106&code=00101008037&supplier_code=00100008&order_time=2024-03-18 HTTP/1.1" 200 415
101.83.145.37 - - [18/Mar/2024:10:12:20 +0800] "GET /xingrg/all/function/internal_message.html?_=1710727941597&CODE_STATE=getMsg HTTP/1.1" 200 27
61.170.232.54 - - [18/Mar/2024:10:12:24 +0800] "GET /xingrg/all/function/internal_message.html?_=1710727940836&CODE_STATE=getMsg HTTP/1.1" 200 27
180.169.147.146 - - [18/Mar/2024:10:12:26 +0800] "GET /xingrg/all/function/internal_message.html?_=1710727945537&CODE_STATE=getMsg HTTP/1.1" 200 27
61.170.232.54 - - [18/Mar/2024:10:12:35 +0800] "GET /xingrg/kc/buy/cgsh_order_operate.html?command=get_materiel&rest_code=00106&code=00101008224&supplier_code=00100008&order_time=2024-03-18 HTTP/1.1" 200 416
180.169.147.146 - - [18/Mar/2024:10:12:35 +0800] "GET /xingrg/all/function/internal_message.html?_=1710727955693&CODE_STATE=getMsg HTTP/1.1" 200 27
120.253.135.82 - - [18/Mar/2024:10:12:35 +0800] "GET /xingrg/check_reg.html?_=1710727795838 HTTP/1.1" 200 22
120.253.135.82 - - [18/Mar/2024:10:12:35 +0800] "GET /xingrg/all/function/internal_message.html?_=1710727795961&CODE_STATE=getMsg HTTP/1.1" 200 27
180.169.147.146 - - [18/Mar/2024:10:12:36 +0800] "GET /xingrg/all/function/internal_message.html?_=1710727956853&CODE_STATE=getMsg HTTP/1.1" 200 27
116.224.254.208 - - [18/Mar/2024:10:12:41 +0800] "GET /xingrg/all/function/internal_message.html?_=1710727961304&CODE_STATE=getMsg HTTP/1.1" 200 27
116.224.254.208 - - [18/Mar/2024:10:12:42 +0800] "GET /xingrg/all/function/internal_message.html?_=1710727961977&CODE_STATE=getMsg HTTP/1.1" 200 27
222.70.183.82 - - [18/Mar/2024:10:12:43 +0800] "GET /xingrg/all/function/internal_message.html?_=1710727963056&CODE_STATE=getMsg HTTP/1.1" 200 27
222.70.115.1 - - [18/Mar/2024:10:12:48 +0800] "GET /xingrg/all/function/internal_message.html?_=1710727969180&CODE_STATE=getMsg HTTP/1.1" 200 27
116.238.97.31 - - [18/Mar/2024:10:12:49 +0800] "GET /xingrg/all/function/internal_message.html?_=1710727971826&CODE_STATE=getMsg HTTP/1.1" 200 27
114.83.223.3 - - [18/Mar/2024:10:12:50 +0800] "GET /xingrg/all/function/internal_message.html?_=1710727970447&CODE_STATE=getMsg HTTP/1.1" 200 27
124.78.60.103 - - [18/Mar/2024:10:12:53 +0800] "GET /xingrg/all/function/internal_message.html?_=1710727973816&CODE_STATE=getMsg HTTP/1.1" 200 27
180.164.1.25 - - [18/Mar/2024:10:12:54 +0800] "GET /xingrg/kc/base/check_order_info.html?code=452024031700144 HTTP/1.1" 200 26475
180.164.1.25 - - [18/Mar/2024:10:12:54 +0800] "GET /xingrg/dwr/interface/AjaxComOrderService.js HTTP/1.1" 200 18264
180.164.1.25 - - [18/Mar/2024:10:12:54 +0800] "GET /xingrg/dwr/util.js HTTP/1.1" 200 35990
180.164.1.25 - - [18/Mar/2024:10:12:54 +0800] "GET /xingrg/dwr/interface/AjaxCheckService.js HTTP/1.1" 200 14003
180.164.1.25 - - [18/Mar/2024:10:12:54 +0800] "GET /xingrg/dwr/engine.js HTTP/1.1" 200 43631
180.164.1.25 - - [18/Mar/2024:10:12:54 +0800] "POST /xingrg/dwr/call/plaincall/AjaxCheckService.loadOrderItems.dwr HTTP/1.1" 200 223857
180.164.1.25 - - [18/Mar/2024:10:12:55 +0800] "GET /xingrg/all/function/internal_message.html?_=1710727974654&CODE_STATE=getMsg HTTP/1.1" 200 27
61.170.232.54 - - [18/Mar/2024:10:12:56 +0800] "GET /xingrg/check_reg.html?_=1710727972853 HTTP/1.1" 200 22
61.170.232.54 - - [18/Mar/2024:10:12:57 +0800] "POST /xingrg/kc/buy/cgsh_order_operate.html HTTP/1.1" 200 37
61.170.232.54 - - [18/Mar/2024:10:12:59 +0800] "POST /xingrg/kc/buy/cgsh_order_operate.html HTTP/1.1" 200 20404
101.228.147.14 - - [18/Mar/2024:10:13:00 +0800] "GET /xingrg/check_reg.html?_=1710727980308 HTTP/1.1" 200 22
101.228.147.14 - - [18/Mar/2024:10:13:00 +0800] "GET /xingrg/all/function/internal_message.html?_=1710727980309&CODE_STATE=getMsg HTTP/1.1" 200 27
180.164.1.25 - - [18/Mar/2024:10:13:03 +0800] "POST /xingrg/dwr/call/plaincall/AjaxCheckService.setItemNumber.dwr HTTP/1.1" 200 76
180.164.1.25 - - [18/Mar/2024:10:13:04 +0800] "POST /xingrg/dwr/call/plaincall/AjaxCheckService.setItemNumber.dwr HTTP/1.1" 200 76
180.164.1.25 - - [18/Mar/2024:10:13:06 +0800] "POST /xingrg/dwr/call/plaincall/AjaxCheckService.setItemNumber.dwr HTTP/1.1" 200 76
180.164.1.25 - - [18/Mar/2024:10:13:09 +0800] "POST /xingrg/dwr/call/plaincall/AjaxCheckService.setItemNumber.dwr HTTP/1.1" 200 76
222.70.183.82 - - [18/Mar/2024:10:13:10 +0800] "POST /xingrg/kc/buy/cgsh_order_operate.html HTTP/1.1" 200 37
180.164.1.25 - - [18/Mar/2024:10:13:11 +0800] "POST /xingrg/dwr/call/plaincall/AjaxCheckService.setItemNumber.dwr HTTP/1.1" 200 76
180.164.1.25 - - [18/Mar/2024:10:13:12 +0800] "POST /xingrg/dwr/call/plaincall/AjaxCheckService.setItemNumber.dwr HTTP/1.1" 200 76
180.164.1.25 - - [18/Mar/2024:10:13:14 +0800] "POST /xingrg/dwr/call/plaincall/AjaxCheckService.setItemNumber.dwr HTTP/1.1" 200 76
180.164.1.25 - - [18/Mar/2024:10:13:15 +0800] "POST /xingrg/dwr/call/plaincall/AjaxCheckService.setItemNumber.dwr HTTP/1.1" 200 76
222.69.134.93 - - [18/Mar/2024:10:13:17 +0800] "GET /xingrg/all/function/internal_message.html?_=1710728000091&CODE_STATE=getMsg HTTP/1.1" 200 27
180.164.1.25 - - [18/Mar/2024:10:13:20 +0800] "POST /xingrg/dwr/call/plaincall/AjaxCheckService.setItemNumber.dwr HTTP/1.1" 200 76
101.83.145.37 - - [18/Mar/2024:10:13:20 +0800] "GET /xingrg/all/function/internal_message.html?_=1710728001605&CODE_STATE=getMsg HTTP/1.1" 200 27
180.169.147.146 - - [18/Mar/2024:10:13:22 +0800] "POST /xingrg/dwr/call/plaincall/AjaxReportQueryService.refreshCache.dwr HTTP/1.1" 200 78
61.170.232.54 - - [18/Mar/2024:10:13:24 +0800] "GET /xingrg/all/function/internal_message.html?_=1710728000887&CODE_STATE=getMsg HTTP/1.1" 200 27
180.169.147.146 - - [18/Mar/2024:10:13:26 +0800] "GET /xingrg/all/function/internal_message.html?_=1710728005528&CODE_STATE=getMsg HTTP/1.1" 200 27
180.164.1.25 - - [18/Mar/2024:10:13:26 +0800] "POST /xingrg/dwr/call/plaincall/AjaxCheckService.setItemNumber.dwr HTTP/1.1" 200 77
180.164.1.25 - - [18/Mar/2024:10:13:27 +0800] "POST /xingrg/dwr/call/plaincall/AjaxCheckService.setItemNumber.dwr HTTP/1.1" 200 77
180.164.1.25 - - [18/Mar/2024:10:13:28 +0800] "POST /xingrg/dwr/call/plaincall/AjaxCheckService.setItemNumber.dwr HTTP/1.1" 200 77
180.164.1.25 - - [18/Mar/2024:10:13:28 +0800] "POST /xingrg/dwr/call/plaincall/AjaxCheckService.setItemNumber.dwr HTTP/1.1" 200 77
180.164.1.25 - - [18/Mar/2024:10:13:29 +0800] "POST /xingrg/dwr/call/plaincall/AjaxCheckService.setItemNumber.dwr HTTP/1.1" 200 77
180.164.1.25 - - [18/Mar/2024:10:13:30 +0800] "POST /xingrg/dwr/call/plaincall/AjaxCheckService.setItemNumber.dwr HTTP/1.1" 200 77
222.70.183.82 - - [18/Mar/2024:10:13:30 +0800] "POST /xingrg/kc/buy/cgsh_order_operate.html HTTP/1.1" 200 12
180.164.1.25 - - [18/Mar/2024:10:13:30 +0800] "POST /xingrg/dwr/call/plaincall/AjaxCheckService.setItemNumber.dwr HTTP/1.1" 200 77
180.169.147.146 - - [18/Mar/2024:10:13:30 +0800] "POST /xingrg/all/report/load_report_page.html HTTP/1.1" 200 52725
180.169.147.146 - - [18/Mar/2024:10:13:30 +0800] "GET /xingrg/servlets/image?cache=0.6216092113124583&image=px HTTP/1.1" 200 807
180.164.1.25 - - [18/Mar/2024:10:13:30 +0800] "POST /xingrg/dwr/call/plaincall/AjaxCheckService.setItemNumber.dwr HTTP/1.1" 200 77
180.164.1.25 - - [18/Mar/2024:10:13:31 +0800] "POST /xingrg/dwr/call/plaincall/AjaxCheckService.setItemNumber.dwr HTTP/1.1" 200 77
180.164.1.25 - - [18/Mar/2024:10:13:31 +0800] "POST /xingrg/dwr/call/plaincall/AjaxCheckService.setItemNumber.dwr HTTP/1.1" 200 77
180.164.1.25 - - [18/Mar/2024:10:13:32 +0800] "POST /xingrg/dwr/call/plaincall/AjaxCheckService.setItemNumber.dwr HTTP/1.1" 200 77
180.164.1.25 - - [18/Mar/2024:10:13:32 +0800] "POST /xingrg/dwr/call/plaincall/AjaxCheckService.setItemNumber.dwr HTTP/1.1" 200 77
180.164.1.25 - - [18/Mar/2024:10:13:32 +0800] "POST /xingrg/dwr/call/plaincall/AjaxCheckService.setItemNumber.dwr HTTP/1.1" 200 77
180.164.1.25 - - [18/Mar/2024:10:13:33 +0800] "POST /xingrg/dwr/call/plaincall/AjaxCheckService.setItemNumber.dwr HTTP/1.1" 200 77
180.164.1.25 - - [18/Mar/2024:10:13:35 +0800] "POST /xingrg/dwr/call/plaincall/AjaxCheckService.setItemNumber.dwr HTTP/1.1" 200 77
180.169.147.146 - - [18/Mar/2024:10:13:35 +0800] "GET /xingrg/all/function/internal_message.html?_=1710728015758&CODE_STATE=getMsg HTTP/1.1" 200 27
222.70.183.82 - - [18/Mar/2024:10:13:35 +0800] "GET /xingrg/kc/buy/cgsh_order_info.html?code=212024031805358 HTTP/1.1" 200 68510
120.253.135.82 - - [18/Mar/2024:10:13:35 +0800] "GET /xingrg/all/function/internal_message.html?_=1710727855975&CODE_STATE=getMsg HTTP/1.1" 200 27
180.164.1.25 - - [18/Mar/2024:10:13:36 +0800] "POST /xingrg/dwr/call/plaincall/AjaxCheckService.setItemNumber.dwr HTTP/1.1" 200 77
180.164.1.25 - - [18/Mar/2024:10:13:36 +0800] "POST /xingrg/dwr/call/plaincall/AjaxCheckService.setItemNumber.dwr HTTP/1.1" 200 77
180.169.147.146 - - [18/Mar/2024:10:13:36 +0800] "GET /xingrg/all/function/internal_message.html?_=1710728016836&CODE_STATE=getMsg HTTP/1.1" 200 27
180.169.147.146 - - [18/Mar/2024:10:13:36 +0800] "GET /xingrg/check_reg.html?_=1710728016839 HTTP/1.1" 200 22
222.70.183.82 - - [18/Mar/2024:10:13:37 +0800] "GET /xingrg/javascript/easyui/themes/default/validatebox.css HTTP/1.1" 404 1104
180.164.1.25 - - [18/Mar/2024:10:13:37 +0800] "POST /xingrg/dwr/call/plaincall/AjaxCheckService.setItemNumber.dwr HTTP/1.1" 200 77
180.164.1.25 - - [18/Mar/2024:10:13:38 +0800] "POST /xingrg/dwr/call/plaincall/AjaxCheckService.setItemNumber.dwr HTTP/1.1" 200 77
180.164.1.25 - - [18/Mar/2024:10:13:38 +0800] "POST /xingrg/dwr/call/plaincall/AjaxCheckService.setItemNumber.dwr HTTP/1.1" 200 77
180.164.1.25 - - [18/Mar/2024:10:13:39 +0800] "POST /xingrg/dwr/call/plaincall/AjaxCheckService.setItemNumber.dwr HTTP/1.1" 200 77
222.70.183.82 - - [18/Mar/2024:10:13:39 +0800] "POST /xingrg/kc/buy/cgsh_order_operate.html HTTP/1.1" 200 3561
180.164.1.25 - - [18/Mar/2024:10:13:40 +0800] "POST /xingrg/dwr/call/plaincall/AjaxCheckService.setItemNumber.dwr HTTP/1.1" 200 77
116.224.254.208 - - [18/Mar/2024:10:13:41 +0800] "GET /xingrg/all/function/internal_message.html?_=1710728021292&CODE_STATE=getMsg HTTP/1.1" 200 27
180.164.1.25 - - [18/Mar/2024:10:13:41 +0800] "POST /xingrg/dwr/call/plaincall/AjaxCheckService.setItemNumber.dwr HTTP/1.1" 200 77
116.224.254.208 - - [18/Mar/2024:10:13:42 +0800] "GET /xingrg/all/function/internal_message.html?_=1710728021957&CODE_STATE=getMsg HTTP/1.1" 200 27
61.170.232.54 - - [18/Mar/2024:10:13:42 +0800] "GET /xingrg/kc/buy/cgsh_order_operate.html?command=get_materiel&rest_code=00106&code=00101008261&supplier_code=00100008&order_time=2024-03-18 HTTP/1.1" 200 429
180.164.1.25 - - [18/Mar/2024:10:13:43 +0800] "POST /xingrg/dwr/call/plaincall/AjaxCheckService.setItemNumber.dwr HTTP/1.1" 200 77
116.224.254.208 - - [18/Mar/2024:10:13:43 +0800] "GET /xingrg/check_reg.html?_=1710728023088 HTTP/1.1" 200 22
222.70.183.82 - - [18/Mar/2024:10:13:43 +0800] "GET /xingrg/all/function/internal_message.html?_=1710728023042&CODE_STATE=getMsg HTTP/1.1" 200 27
180.164.1.25 - - [18/Mar/2024:10:13:43 +0800] "POST /xingrg/dwr/call/plaincall/AjaxCheckService.setItemNumber.dwr HTTP/1.1" 200 77
222.70.183.82 - - [18/Mar/2024:10:13:44 +0800] "GET /xingrg/kc/print/load_data.html?order_code=212024031805358&kc_code=cgsh&condition= HTTP/1.1" 200 1796
180.164.1.25 - - [18/Mar/2024:10:13:44 +0800] "POST /xingrg/dwr/call/plaincall/AjaxCheckService.setItemNumber.dwr HTTP/1.1" 200 77
180.164.1.25 - - [18/Mar/2024:10:13:44 +0800] "POST /xingrg/dwr/call/plaincall/AjaxCheckService.setItemNumber.dwr HTTP/1.1" 200 77
180.164.1.25 - - [18/Mar/2024:10:13:45 +0800] "POST /xingrg/dwr/call/plaincall/AjaxCheckService.setItemNumber.dwr HTTP/1.1" 200 77
180.164.1.25 - - [18/Mar/2024:10:13:46 +0800] "POST /xingrg/dwr/call/plaincall/AjaxCheckService.setItemNumber.dwr HTTP/1.1" 200 77
180.164.1.25 - - [18/Mar/2024:10:13:46 +0800] "POST /xingrg/dwr/call/plaincall/AjaxCheckService.setItemNumber.dwr HTTP/1.1" 200 77
180.164.1.25 - - [18/Mar/2024:10:13:47 +0800] "POST /xingrg/dwr/call/plaincall/AjaxCheckService.setItemNumber.dwr HTTP/1.1" 200 77
180.164.1.25 - - [18/Mar/2024:10:13:47 +0800] "POST /xingrg/dwr/call/plaincall/AjaxCheckService.setItemNumber.dwr HTTP/1.1" 200 77
180.164.1.25 - - [18/Mar/2024:10:13:48 +0800] "POST /xingrg/dwr/call/plaincall/AjaxCheckService.setItemNumber.dwr HTTP/1.1" 200 77
180.164.1.25 - - [18/Mar/2024:10:13:48 +0800] "POST /xingrg/dwr/call/plaincall/AjaxCheckService.setItemNumber.dwr HTTP/1.1" 200 77
222.70.115.1 - - [18/Mar/2024:10:13:49 +0800] "GET /xingrg/all/function/internal_message.html?_=1710728029188&CODE_STATE=getMsg HTTP/1.1" 200 27
222.70.115.1 - - [18/Mar/2024:10:13:49 +0800] "GET /xingrg/check_reg.html?_=1710728029197 HTTP/1.1" 200 22
180.164.1.25 - - [18/Mar/2024:10:13:49 +0800] "POST /xingrg/dwr/call/plaincall/AjaxCheckService.setItemNumber.dwr HTTP/1.1" 200 77
180.164.1.25 - - [18/Mar/2024:10:13:49 +0800] "POST /xingrg/dwr/call/plaincall/AjaxCheckService.setItemNumber.dwr HTTP/1.1" 200 77
116.238.97.31 - - [18/Mar/2024:10:13:49 +0800] "GET /xingrg/check_reg.html?_=1710728031833 HTTP/1.1" 200 22
116.238.97.31 - - [18/Mar/2024:10:13:49 +0800] "GET /xingrg/all/function/internal_message.html?_=1710728031835&CODE_STATE=getMsg HTTP/1.1" 200 27
180.164.1.25 - - [18/Mar/2024:10:13:50 +0800] "POST /xingrg/dwr/call/plaincall/AjaxCheckService.setItemNumber.dwr HTTP/1.1" 200 77
114.83.223.3 - - [18/Mar/2024:10:13:50 +0800] "GET /xingrg/all/function/internal_message.html?_=1710728030432&CODE_STATE=getMsg HTTP/1.1" 200 27
180.164.1.25 - - [18/Mar/2024:10:13:51 +0800] "POST /xingrg/dwr/call/plaincall/AjaxCheckService.setItemNumber.dwr HTTP/1.1" 200 77
180.164.1.25 - - [18/Mar/2024:10:13:52 +0800] "POST /xingrg/dwr/call/plaincall/AjaxCheckService.setItemNumber.dwr HTTP/1.1" 200 77
180.164.1.25 - - [18/Mar/2024:10:13:52 +0800] "POST /xingrg/dwr/call/plaincall/AjaxCheckService.setItemNumber.dwr HTTP/1.1" 200 77
180.164.1.25 - - [18/Mar/2024:10:13:53 +0800] "POST /xingrg/dwr/call/plaincall/AjaxCheckService.setItemNumber.dwr HTTP/1.1" 200 77
180.164.1.25 - - [18/Mar/2024:10:13:53 +0800] "POST /xingrg/dwr/call/plaincall/AjaxCheckService.setItemNumber.dwr HTTP/1.1" 200 77
124.78.60.103 - - [18/Mar/2024:10:13:53 +0800] "GET /xingrg/all/function/internal_message.html?_=1710728033820&CODE_STATE=getMsg HTTP/1.1" 200 27
180.164.1.25 - - [18/Mar/2024:10:13:55 +0800] "GET /xingrg/all/function/internal_message.html?_=1710728034632&CODE_STATE=getMsg HTTP/1.1" 200 27
180.164.1.25 - - [18/Mar/2024:10:13:55 +0800] "POST /xingrg/dwr/call/plaincall/AjaxCheckService.setItemNumber.dwr HTTP/1.1" 200 77
180.164.1.25 - - [18/Mar/2024:10:13:56 +0800] "POST /xingrg/dwr/call/plaincall/AjaxCheckService.setItemNumber.dwr HTTP/1.1" 200 77
180.164.1.25 - - [18/Mar/2024:10:13:56 +0800] "POST /xingrg/dwr/call/plaincall/AjaxCheckService.setItemNumber.dwr HTTP/1.1" 200 77
180.164.1.25 - - [18/Mar/2024:10:13:57 +0800] "POST /xingrg/dwr/call/plaincall/AjaxCheckService.setItemNumber.dwr HTTP/1.1" 200 77
180.164.1.25 - - [18/Mar/2024:10:13:57 +0800] "POST /xingrg/dwr/call/plaincall/AjaxCheckService.setItemNumber.dwr HTTP/1.1" 200 77
180.164.1.25 - - [18/Mar/2024:10:13:58 +0800] "POST /xingrg/dwr/call/plaincall/AjaxCheckService.setItemNumber.dwr HTTP/1.1" 200 77
180.164.1.25 - - [18/Mar/2024:10:13:58 +0800] "POST /xingrg/dwr/call/plaincall/AjaxCheckService.setItemNumber.dwr HTTP/1.1" 200 77
180.164.1.25 - - [18/Mar/2024:10:13:59 +0800] "POST /xingrg/dwr/call/plaincall/AjaxCheckService.setItemNumber.dwr HTTP/1.1" 200 77
180.164.1.25 - - [18/Mar/2024:10:13:59 +0800] "POST /xingrg/dwr/call/plaincall/AjaxCheckService.setItemNumber.dwr HTTP/1.1" 200 77
180.164.1.25 - - [18/Mar/2024:10:13:59 +0800] "POST /xingrg/dwr/call/plaincall/AjaxCheckService.setItemNumber.dwr HTTP/1.1" 200 77
101.228.147.14 - - [18/Mar/2024:10:14:00 +0800] "GET /xingrg/all/function/internal_message.html?_=1710728040308&CODE_STATE=getMsg HTTP/1.1" 200 27
180.164.1.25 - - [18/Mar/2024:10:14:00 +0800] "POST /xingrg/dwr/call/plaincall/AjaxCheckService.setItemNumber.dwr HTTP/1.1" 200 77
180.164.1.25 - - [18/Mar/2024:10:14:00 +0800] "POST /xingrg/dwr/call/plaincall/AjaxCheckService.setItemNumber.dwr HTTP/1.1" 200 77
180.164.1.25 - - [18/Mar/2024:10:14:01 +0800] "POST /xingrg/dwr/call/plaincall/AjaxCheckService.setItemNumber.dwr HTTP/1.1" 200 77
180.164.1.25 - - [18/Mar/2024:10:14:01 +0800] "POST /xingrg/dwr/call/plaincall/AjaxCheckService.setItemNumber.dwr HTTP/1.1" 200 77
61.170.232.54 - - [18/Mar/2024:10:14:01 +0800] "GET /xingrg/kc/buy/cgsh_order_operate.html?command=get_materiel&rest_code=00106&code=00101008370&supplier_code=00100008&order_time=2024-03-18 HTTP/1.1" 200 412
180.164.1.25 - - [18/Mar/2024:10:14:02 +0800] "POST /xingrg/dwr/call/plaincall/AjaxCheckService.setItemNumber.dwr HTTP/1.1" 200 77
