116.224.254.208 - - [16/Mar/2024:09:53:49 +0800] "GET /xingrg/all/function/internal_message.html?_=1710554029414&CODE_STATE=getMsg HTTP/1.1" 200 27
124.77.245.47 - - [16/Mar/2024:09:53:49 +0800] "GET /xingrg/all/function/internal_message.html?_=1710554051819&CODE_STATE=getMsg HTTP/1.1" 200 27
116.224.254.208 - - [16/Mar/2024:09:53:50 +0800] "GET /xingrg/all/function/internal_message.html?_=1710554030272&CODE_STATE=getMsg HTTP/1.1" 200 27
116.237.79.112 - - [16/Mar/2024:09:53:51 +0800] "POST /xingrg/kc/buy/cgsh_order_operate.html HTTP/1.1" 200 37
221.239.169.251 - - [16/Mar/2024:09:53:59 +0800] "GET /xingrg/all/function/internal_message.html?_=1710554037721&CODE_STATE=getMsg HTTP/1.1" 302 -
116.224.254.208 - - [16/Mar/2024:09:54:00 +0800] "GET /xingrg/kc/buy/cgsh_order_operate.html?command=get_materiel&rest_code=00151&code=00101009039&supplier_code=00100022&order_time=2024-03-16 HTTP/1.1" 200 408
222.70.183.82 - - [16/Mar/2024:09:54:01 +0800] "GET /xingrg/all/function/internal_message.html?_=1710554039831&CODE_STATE=getMsg HTTP/1.1" 200 27
116.237.79.112 - - [16/Mar/2024:09:54:05 +0800] "POST /xingrg/kc/buy/cgsh_order_operate.html HTTP/1.1" 200 10339
101.83.145.37 - - [16/Mar/2024:09:54:07 +0800] "GET /xingrg/all/function/internal_message.html?_=1710554047420&CODE_STATE=getMsg HTTP/1.1" 200 27
116.237.79.112 - - [16/Mar/2024:09:54:09 +0800] "GET /xingrg/all/function/internal_message.html?_=1710554047670&CODE_STATE=getMsg HTTP/1.1" 200 27
116.224.254.208 - - [16/Mar/2024:09:54:13 +0800] "GET /xingrg/all/function/internal_message.html?_=1710554053536&CODE_STATE=getMsg HTTP/1.1" 200 27
218.79.29.78 - - [16/Mar/2024:09:54:17 +0800] "GET /xingrg/all/function/internal_message.html?_=1710554068137&CODE_STATE=getMsg HTTP/1.1" 200 27
116.232.194.112 - - [16/Mar/2024:09:54:21 +0800] "GET /xingrg/all/function/internal_message.html?_=1710554033749&CODE_STATE=getMsg HTTP/1.1" 200 27
222.69.135.185 - - [16/Mar/2024:09:54:22 +0800] "GET /xingrg/all/function/internal_message.html?_=1710554063950&CODE_STATE=getMsg HTTP/1.1" 200 27
116.237.79.112 - - [16/Mar/2024:09:54:22 +0800] "GET /xingrg/kc/buy/cgsh_order_operate.html?command=get_materiel&rest_code=00106&code=00101008207&supplier_code=00100008&order_time=2024-03-16 HTTP/1.1" 200 408
180.164.1.25 - - [16/Mar/2024:09:54:30 +0800] "GET /xingrg/all/function/internal_message.html?_=1710554069482&CODE_STATE=getMsg HTTP/1.1" 200 27
116.224.254.208 - - [16/Mar/2024:09:54:33 +0800] "GET /xingrg/kc/buy/cgsh_order_operate.html?command=get_materiel&rest_code=00151&code=00101009011&supplier_code=00100022&order_time=2024-03-16 HTTP/1.1" 200 416
116.238.97.31 - - [16/Mar/2024:09:54:33 +0800] "GET /xingrg/all/function/internal_message.html?_=1710554073989&CODE_STATE=getMsg HTTP/1.1" 200 27
221.239.169.251 - - [16/Mar/2024:09:54:35 +0800] "GET /xingrg/check_reg.html?_=1710554073144 HTTP/1.1" 302 -
114.83.222.242 - - [16/Mar/2024:09:54:39 +0800] "GET /xingrg/check_reg.html?_=1710554076311 HTTP/1.1" 200 22
114.83.222.242 - - [16/Mar/2024:09:54:40 +0800] "GET /xingrg/all/function/internal_message.html?_=1710554077562&CODE_STATE=getMsg HTTP/1.1" 200 27
124.77.245.47 - - [16/Mar/2024:09:54:41 +0800] "GET /xingrg/kc/buy/cgsh_order_add.html HTTP/1.1" 200 73655
124.78.60.103 - - [16/Mar/2024:09:54:42 +0800] "GET /xingrg/all/function/internal_message.html?_=1710554082730&CODE_STATE=getMsg HTTP/1.1" 200 27
124.78.60.103 - - [16/Mar/2024:09:54:42 +0800] "GET /xingrg/check_reg.html?_=1710554082734 HTTP/1.1" 200 22
124.77.245.47 - - [16/Mar/2024:09:54:43 +0800] "POST /xingrg/kc/buy/cgsh_order_operate.html HTTP/1.1" 200 8245
124.77.245.47 - - [16/Mar/2024:09:54:43 +0800] "GET /xingrg/javascript/easyui/themes/default/validatebox.css HTTP/1.1" 404 1104
116.224.254.208 - - [16/Mar/2024:09:54:44 +0800] "GET /xingrg/kc/buy/cgsh_order_operate.html?command=get_materiel&rest_code=00151&code=00101009109&supplier_code=00100022&order_time=2024-03-16 HTTP/1.1" 200 413
116.237.79.112 - - [16/Mar/2024:09:54:46 +0800] "GET /xingrg/kc/buy/cgsh_order_operate.html?command=get_materiel&rest_code=00106&code=00101008087&supplier_code=00100008&order_time=2024-03-16 HTTP/1.1" 200 412
116.224.254.208 - - [16/Mar/2024:09:54:49 +0800] "GET /xingrg/all/function/internal_message.html?_=1710554089419&CODE_STATE=getMsg HTTP/1.1" 200 27
124.77.245.47 - - [16/Mar/2024:09:54:49 +0800] "GET /xingrg/all/function/internal_message.html?_=1710554111833&CODE_STATE=getMsg HTTP/1.1" 200 27
116.224.254.208 - - [16/Mar/2024:09:54:50 +0800] "GET /xingrg/all/function/internal_message.html?_=1710554090248&CODE_STATE=getMsg HTTP/1.1" 200 27
221.239.169.251 - - [16/Mar/2024:09:54:59 +0800] "GET /xingrg/all/function/internal_message.html?_=1710554097747&CODE_STATE=getMsg HTTP/1.1" 302 -
222.70.183.82 - - [16/Mar/2024:09:55:01 +0800] "GET /xingrg/all/function/internal_message.html?_=1710554099819&CODE_STATE=getMsg HTTP/1.1" 200 27
124.77.245.47 - - [16/Mar/2024:09:55:01 +0800] "GET /xingrg/check_reg.html?_=1710554123393 HTTP/1.1" 200 22
124.77.245.47 - - [16/Mar/2024:09:55:05 +0800] "GET /xingrg/kc/buy/cgsh_order_operate.html?command=get_materiel&rest_code=00146&code=00101001032&supplier_code=00100041&order_time=2024-03-16 HTTP/1.1" 200 415
101.83.145.37 - - [16/Mar/2024:09:55:07 +0800] "GET /xingrg/all/function/internal_message.html?_=1710554107402&CODE_STATE=getMsg HTTP/1.1" 200 27
116.237.79.112 - - [16/Mar/2024:09:55:09 +0800] "GET /xingrg/all/function/internal_message.html?_=1710554107672&CODE_STATE=getMsg HTTP/1.1" 200 27
116.237.79.112 - - [16/Mar/2024:09:55:11 +0800] "GET /xingrg/kc/buy/cgsh_order_operate.html?command=get_materiel&rest_code=00106&code=00101008355&supplier_code=00100008&order_time=2024-03-16 HTTP/1.1" 200 408
116.224.254.208 - - [16/Mar/2024:09:55:13 +0800] "GET /xingrg/all/function/internal_message.html?_=1710554113539&CODE_STATE=getMsg HTTP/1.1" 200 27
218.79.29.78 - - [16/Mar/2024:09:55:17 +0800] "GET /xingrg/all/function/internal_message.html?_=1710554128140&CODE_STATE=getMsg HTTP/1.1" 200 27
116.224.254.208 - - [16/Mar/2024:09:55:18 +0800] "GET /xingrg/kc/buy/cgsh_order_operate.html?command=get_materiel&rest_code=00151&code=00101009013&supplier_code=00100022&order_time=2024-03-16 HTTP/1.1" 200 420
116.232.194.112 - - [16/Mar/2024:09:55:21 +0800] "GET /xingrg/all/function/internal_message.html?_=1710554093736&CODE_STATE=getMsg HTTP/1.1" 200 27
222.69.135.185 - - [16/Mar/2024:09:55:22 +0800] "GET /xingrg/all/function/internal_message.html?_=1710554123949&CODE_STATE=getMsg HTTP/1.1" 200 27
222.69.135.185 - - [16/Mar/2024:09:55:22 +0800] "GET /xingrg/check_reg.html?_=1710554123953 HTTP/1.1" 200 22
116.237.79.112 - - [16/Mar/2024:09:55:24 +0800] "GET /xingrg/kc/buy/cgsh_order_operate.html?command=get_materiel&rest_code=00106&code=00101008005&supplier_code=00100008&order_time=2024-03-16 HTTP/1.1" 200 412
124.77.245.47 - - [16/Mar/2024:09:55:27 +0800] "GET /xingrg/kc/buy/cgsh_order_operate.html?command=get_materiel&rest_code=00146&code=00101018011&supplier_code=00100041&order_time=2024-03-16 HTTP/1.1" 200 413
116.237.79.112 - - [16/Mar/2024:09:55:27 +0800] "POST /xingrg/kc/buy/cgsh_order_operate.html HTTP/1.1" 200 2065
180.164.1.25 - - [16/Mar/2024:09:55:30 +0800] "GET /xingrg/all/function/internal_message.html?_=1710554129467&CODE_STATE=getMsg HTTP/1.1" 200 27
116.224.254.208 - - [16/Mar/2024:09:55:31 +0800] "POST /xingrg/kc/buy/cgsh_order_operate.html HTTP/1.1" 200 37
116.238.97.31 - - [16/Mar/2024:09:55:33 +0800] "GET /xingrg/all/function/internal_message.html?_=1710554133959&CODE_STATE=getMsg HTTP/1.1" 200 27
116.237.79.112 - - [16/Mar/2024:09:55:35 +0800] "GET /xingrg/kc/buy/cgsh_order_operate.html?command=get_materiel&rest_code=00106&code=00101008067&supplier_code=00100008&order_time=2024-03-16 HTTP/1.1" 200 416
114.83.222.242 - - [16/Mar/2024:09:55:40 +0800] "GET /xingrg/all/function/internal_message.html?_=1710554137548&CODE_STATE=getMsg HTTP/1.1" 200 27
116.232.194.112 - - [16/Mar/2024:09:55:41 +0800] "GET /xingrg/check_reg.html?_=1710554114252 HTTP/1.1" 200 22
124.78.60.103 - - [16/Mar/2024:09:55:42 +0800] "GET /xingrg/all/function/internal_message.html?_=1710554142732&CODE_STATE=getMsg HTTP/1.1" 200 27
124.77.245.47 - - [16/Mar/2024:09:55:42 +0800] "GET /xingrg/kc/buy/cgsh_order_operate.html?command=get_materiel&rest_code=00146&code=00101001318&supplier_code=00100041&order_time=2024-03-16 HTTP/1.1" 200 413
116.224.254.208 - - [16/Mar/2024:09:55:49 +0800] "GET /xingrg/all/function/internal_message.html?_=1710554149414&CODE_STATE=getMsg HTTP/1.1" 200 27
124.77.245.47 - - [16/Mar/2024:09:55:49 +0800] "GET /xingrg/all/function/internal_message.html?_=1710554171845&CODE_STATE=getMsg HTTP/1.1" 200 27
116.224.254.208 - - [16/Mar/2024:09:55:50 +0800] "GET /xingrg/all/function/internal_message.html?_=1710554150221&CODE_STATE=getMsg HTTP/1.1" 200 27
116.224.254.208 - - [16/Mar/2024:09:55:51 +0800] "GET /xingrg/check_reg.html?_=1710554150856 HTTP/1.1" 200 22
124.77.245.47 - - [16/Mar/2024:09:55:57 +0800] "POST /xingrg/kc/buy/cgsh_order_operate.html HTTP/1.1" 200 37
116.224.254.208 - - [16/Mar/2024:09:55:57 +0800] "POST /xingrg/kc/buy/cgsh_order_operate.html HTTP/1.1" 200 5069
221.239.169.251 - - [16/Mar/2024:09:55:59 +0800] "GET /xingrg/all/function/internal_message.html?_=1710554157748&CODE_STATE=getMsg HTTP/1.1" 302 -
222.70.183.82 - - [16/Mar/2024:09:56:01 +0800] "GET /xingrg/all/function/internal_message.html?_=1710554159801&CODE_STATE=getMsg HTTP/1.1" 200 27
124.77.245.47 - - [16/Mar/2024:09:56:05 +0800] "POST /xingrg/kc/buy/cgsh_order_operate.html HTTP/1.1" 200 2065
116.237.79.112 - - [16/Mar/2024:09:56:05 +0800] "POST /xingrg/kc/buy/cgsh_order_operate.html HTTP/1.1" 200 37
101.83.145.37 - - [16/Mar/2024:09:56:07 +0800] "GET /xingrg/all/function/internal_message.html?_=1710554167381&CODE_STATE=getMsg HTTP/1.1" 200 27
116.237.79.112 - - [16/Mar/2024:09:56:08 +0800] "POST /xingrg/kc/buy/cgsh_order_operate.html HTTP/1.1" 200 13312
116.237.79.112 - - [16/Mar/2024:09:56:09 +0800] "GET /xingrg/all/function/internal_message.html?_=1710554167687&CODE_STATE=getMsg HTTP/1.1" 200 27
116.224.254.208 - - [16/Mar/2024:09:56:13 +0800] "GET /xingrg/all/function/internal_message.html?_=1710554173538&CODE_STATE=getMsg HTTP/1.1" 200 27
124.77.245.47 - - [16/Mar/2024:09:56:15 +0800] "POST /xingrg/kc/buy/cgsh_list_operate.html HTTP/1.1" 200 1676
218.79.29.78 - - [16/Mar/2024:09:56:17 +0800] "GET /xingrg/all/function/internal_message.html?_=1710554188127&CODE_STATE=getMsg HTTP/1.1" 200 27
124.77.245.47 - - [16/Mar/2024:09:56:19 +0800] "POST /xingrg/kc/buy/cgsh_list_operate.html HTTP/1.1" 200 352
222.70.183.82 - - [16/Mar/2024:09:56:19 +0800] "POST /xingrg/services/DataTransmitService HTTP/1.1" 200 524
116.232.194.112 - - [16/Mar/2024:09:56:21 +0800] "GET /xingrg/all/function/internal_message.html?_=1710554153721&CODE_STATE=getMsg HTTP/1.1" 200 27
116.237.79.112 - - [16/Mar/2024:09:56:22 +0800] "GET /xingrg/kc/buy/cgsh_order_operate.html?command=get_materiel&rest_code=00106&code=00101008368&supplier_code=00100008&order_time=2024-03-16 HTTP/1.1" 200 408
222.69.135.185 - - [16/Mar/2024:09:56:22 +0800] "GET /xingrg/all/function/internal_message.html?_=1710554183959&CODE_STATE=getMsg HTTP/1.1" 200 27
124.77.245.47 - - [16/Mar/2024:09:56:24 +0800] "GET /xingrg/kc/buy/cgsh_order_info.html?code=212024031604589 HTTP/1.1" 200 73662
124.77.245.47 - - [16/Mar/2024:09:56:24 +0800] "GET /xingrg/javascript/easyui/themes/default/validatebox.css HTTP/1.1" 404 1104
124.77.245.47 - - [16/Mar/2024:09:56:25 +0800] "POST /xingrg/kc/buy/cgsh_order_operate.html HTTP/1.1" 200 3841
124.77.245.47 - - [16/Mar/2024:09:56:28 +0800] "GET /xingrg/kc/print/load_data.html?order_code=212024031604589&kc_code=cgsh&condition= HTTP/1.1" 200 1146
180.164.1.25 - - [16/Mar/2024:09:56:30 +0800] "GET /xingrg/all/function/internal_message.html?_=1710554189442&CODE_STATE=getMsg HTTP/1.1" 200 27
116.238.97.31 - - [16/Mar/2024:09:56:33 +0800] "GET /xingrg/all/function/internal_message.html?_=1710554193936&CODE_STATE=getMsg HTTP/1.1" 200 27
116.238.97.31 - - [16/Mar/2024:09:56:34 +0800] "GET /xingrg/check_reg.html?_=1710554194619 HTTP/1.1" 200 22
114.83.222.242 - - [16/Mar/2024:09:56:40 +0800] "GET /xingrg/all/function/internal_message.html?_=1710554197534&CODE_STATE=getMsg HTTP/1.1" 200 27
116.237.79.112 - - [16/Mar/2024:09:56:41 +0800] "GET /xingrg/kc/buy/cgsh_order_operate.html?command=get_materiel&rest_code=00106&code=00101008137&supplier_code=00100008&order_time=2024-03-16 HTTP/1.1" 200 408
124.77.245.47 - - [16/Mar/2024:09:56:41 +0800] "GET /xingrg/kc/buy/cgsh_order_add.html HTTP/1.1" 200 73655
124.78.60.103 - - [16/Mar/2024:09:56:42 +0800] "GET /xingrg/all/function/internal_message.html?_=1710554202732&CODE_STATE=getMsg HTTP/1.1" 200 27
124.77.245.47 - - [16/Mar/2024:09:56:43 +0800] "POST /xingrg/kc/buy/cgsh_order_operate.html HTTP/1.1" 200 8245
124.77.245.47 - - [16/Mar/2024:09:56:43 +0800] "GET /xingrg/javascript/easyui/themes/default/validatebox.css HTTP/1.1" 404 1104
116.224.254.208 - - [16/Mar/2024:09:56:49 +0800] "GET /xingrg/all/function/internal_message.html?_=1710554209430&CODE_STATE=getMsg HTTP/1.1" 200 27
124.77.245.47 - - [16/Mar/2024:09:56:49 +0800] "GET /xingrg/all/function/internal_message.html?_=1710554231860&CODE_STATE=getMsg HTTP/1.1" 200 27
116.224.254.208 - - [16/Mar/2024:09:56:50 +0800] "GET /xingrg/all/function/internal_message.html?_=1710554210208&CODE_STATE=getMsg HTTP/1.1" 200 27
221.239.169.251 - - [16/Mar/2024:09:56:59 +0800] "GET /xingrg/all/function/internal_message.html?_=1710554217752&CODE_STATE=getMsg HTTP/1.1" 302 -
222.70.183.82 - - [16/Mar/2024:09:57:01 +0800] "GET /xingrg/all/function/internal_message.html?_=1710554219785&CODE_STATE=getMsg HTTP/1.1" 200 27
116.237.79.112 - - [16/Mar/2024:09:57:01 +0800] "GET /xingrg/kc/buy/cgsh_order_operate.html?command=get_materiel&rest_code=00106&code=00101008283&supplier_code=00100008&order_time=2024-03-16 HTTP/1.1" 200 408
101.83.145.37 - - [16/Mar/2024:09:57:07 +0800] "GET /xingrg/all/function/internal_message.html?_=1710554227362&CODE_STATE=getMsg HTTP/1.1" 200 27
116.237.79.112 - - [16/Mar/2024:09:57:09 +0800] "GET /xingrg/all/function/internal_message.html?_=1710554227678&CODE_STATE=getMsg HTTP/1.1" 200 27
116.224.254.208 - - [16/Mar/2024:09:57:13 +0800] "GET /xingrg/all/function/internal_message.html?_=1710554233526&CODE_STATE=getMsg HTTP/1.1" 200 27
218.79.29.78 - - [16/Mar/2024:09:57:17 +0800] "GET /xingrg/all/function/internal_message.html?_=1710554248128&CODE_STATE=getMsg HTTP/1.1" 200 27
124.77.245.47 - - [16/Mar/2024:09:57:21 +0800] "GET /xingrg/kc/buy/cgsh_order_operate.html?command=get_materiel&rest_code=00146&code=00101016025&supplier_code=00100033&order_time=2024-03-16 HTTP/1.1" 200 408
116.232.194.112 - - [16/Mar/2024:09:57:21 +0800] "GET /xingrg/all/function/internal_message.html?_=1710554213695&CODE_STATE=getMsg HTTP/1.1" 200 27
222.69.135.185 - - [16/Mar/2024:09:57:22 +0800] "GET /xingrg/all/function/internal_message.html?_=1710554243959&CODE_STATE=getMsg HTTP/1.1" 200 27
180.164.1.25 - - [16/Mar/2024:09:57:27 +0800] "GET /xingrg/check_reg.html?_=1710554246675 HTTP/1.1" 200 22
180.164.1.25 - - [16/Mar/2024:09:57:30 +0800] "GET /xingrg/all/function/internal_message.html?_=1710554249418&CODE_STATE=getMsg HTTP/1.1" 200 27
116.238.97.31 - - [16/Mar/2024:09:57:33 +0800] "GET /xingrg/all/function/internal_message.html?_=1710554253907&CODE_STATE=getMsg HTTP/1.1" 200 27
116.237.79.112 - - [16/Mar/2024:09:57:39 +0800] "GET /xingrg/kc/buy/cgsh_order_operate.html?command=get_materiel&rest_code=00106&code=00101008037&supplier_code=00100008&order_time=2024-03-16 HTTP/1.1" 200 415
114.83.222.242 - - [16/Mar/2024:09:57:40 +0800] "GET /xingrg/all/function/internal_message.html?_=1710554257519&CODE_STATE=getMsg HTTP/1.1" 200 27
124.78.60.103 - - [16/Mar/2024:09:57:42 +0800] "GET /xingrg/all/function/internal_message.html?_=1710554262729&CODE_STATE=getMsg HTTP/1.1" 200 27
124.77.245.47 - - [16/Mar/2024:09:57:42 +0800] "GET /xingrg/kc/buy/cgsh_order_operate.html?command=get_materiel&rest_code=00146&code=00101019435&supplier_code=00100033&order_time=2024-03-16 HTTP/1.1" 200 417
120.253.135.82 - - [16/Mar/2024:09:57:44 +0800] "GET /xingrg/login.html HTTP/1.1" 200 7641
120.253.135.82 - - [16/Mar/2024:09:57:44 +0800] "GET /xingrg/images/blue/jxLogo.png HTTP/1.1" 200 6156
120.253.135.82 - - [16/Mar/2024:09:57:44 +0800] "GET /xingrg/images/blue/hj.png HTTP/1.1" 200 1014
120.253.135.82 - - [16/Mar/2024:09:57:44 +0800] "GET /xingrg/images/blue/login_bg.png HTTP/1.1" 200 22101
120.253.135.82 - - [16/Mar/2024:09:57:44 +0800] "GET /xingrg/images/blue/srbg.png HTTP/1.1" 200 138
120.253.135.82 - - [16/Mar/2024:09:57:45 +0800] "GET /favicon.ico HTTP/1.1" 404 -
116.224.254.208 - - [16/Mar/2024:09:57:49 +0800] "GET /xingrg/check_reg.html?_=1710554269412 HTTP/1.1" 200 22
116.224.254.208 - - [16/Mar/2024:09:57:49 +0800] "GET /xingrg/all/function/internal_message.html?_=1710554269415&CODE_STATE=getMsg HTTP/1.1" 200 27
124.77.245.47 - - [16/Mar/2024:09:57:49 +0800] "GET /xingrg/all/function/internal_message.html?_=1710554291916&CODE_STATE=getMsg HTTP/1.1" 200 27
116.224.254.208 - - [16/Mar/2024:09:57:50 +0800] "GET /xingrg/all/function/internal_message.html?_=1710554270196&CODE_STATE=getMsg HTTP/1.1" 200 27
116.237.79.112 - - [16/Mar/2024:09:57:54 +0800] "POST /xingrg/kc/buy/cgsh_order_operate.html HTTP/1.1" 200 2065
120.253.135.82 - - [16/Mar/2024:09:57:54 +0800] "POST /xingrg/login.do HTTP/1.1" 302 -
120.253.135.82 - - [16/Mar/2024:09:57:54 +0800] "GET /xingrg/index.html?sysBaseUrl=http%3A%2F%2F180.169.147.146%3A18081%2Fxingrg%2F&costTime=892×tamp=1710554274371 HTTP/1.1" 200 17173
120.253.135.82 - - [16/Mar/2024:09:57:54 +0800] "GET /xingrg/javascript/jquery_easy_ui/themes/default/easyui.css HTTP/1.1" 200 26500
120.253.135.82 - - [16/Mar/2024:09:57:54 +0800] "GET /xingrg/javascript/jquery_easy_ui/themes/icon.css HTTP/1.1" 200 3949
120.253.135.82 - - [16/Mar/2024:09:57:54 +0800] "GET /xingrg/css/form.css HTTP/1.1" 200 893
120.253.135.82 - - [16/Mar/2024:09:57:54 +0800] "GET /xingrg/javascript/jquery-1.4.2.min.js HTTP/1.1" 200 72205
120.253.135.82 - - [16/Mar/2024:09:57:54 +0800] "GET /xingrg/javascript/jquery_easy_ui/jquery.easyui.min.js HTTP/1.1" 200 213662
120.253.135.82 - - [16/Mar/2024:09:57:54 +0800] "GET /xingrg/javascript/jquery_easy_ui/easyui-lang-zh_CN.js HTTP/1.1" 200 1900
120.253.135.82 - - [16/Mar/2024:09:57:54 +0800] "GET /xingrg/javascript/jquery.form.js HTTP/1.1" 200 23110
120.253.135.82 - - [16/Mar/2024:09:57:54 +0800] "GET /xingrg/javascript/jquery.utils.js HTTP/1.1" 200 11805
120.253.135.82 - - [16/Mar/2024:09:57:54 +0800] "GET /xingrg/javascript/jquery.timers.js HTTP/1.1" 200 3532
120.253.135.82 - - [16/Mar/2024:09:57:54 +0800] "GET /xingrg/images/blue/navBackgound.jpg HTTP/1.1" 200 12378
120.253.135.82 - - [16/Mar/2024:09:57:54 +0800] "GET /xingrg/javascript/jquery_easy_ui/themes/icons/settle_new.png HTTP/1.1" 200 826
120.253.135.82 - - [16/Mar/2024:09:57:54 +0800] "GET /xingrg/images/blue/pingpu.png HTTP/1.1" 200 231
120.253.135.82 - - [16/Mar/2024:09:57:54 +0800] "GET /xingrg/javascript/jquery_easy_ui/themes/default/images/tabs_leftarrow.png HTTP/1.1" 200 389
120.253.135.82 - - [16/Mar/2024:09:57:54 +0800] "GET /xingrg/javascript/jquery_easy_ui/themes/default/images/tabs_rightarrow.png HTTP/1.1" 200 395
120.253.135.82 - - [16/Mar/2024:09:57:54 +0800] "GET /xingrg/javascript/jquery_easy_ui/themes/default/images/panel_tool_collapse.gif HTTP/1.1" 200 246
120.253.135.82 - - [16/Mar/2024:09:57:54 +0800] "POST /xingrg/all/common/load_tree.html?tree=area_rest_tree_json&manage=1 HTTP/1.1" 200 344
120.253.135.82 - - [16/Mar/2024:09:57:54 +0800] "GET /xingrg/check_reg.html?_=1710554112413 HTTP/1.1" 200 22
120.253.135.82 - - [16/Mar/2024:09:57:54 +0800] "GET /xingrg/all/function/internal_message.html?_=1710554112412&CODE_STATE=count HTTP/1.1" 200 11
120.253.135.82 - - [16/Mar/2024:09:57:55 +0800] "GET /favicon.ico HTTP/1.1" 404 -
120.253.135.82 - - [16/Mar/2024:09:57:55 +0800] "POST /xingrg/load_menu.html HTTP/1.1" 200 6743
120.253.135.82 - - [16/Mar/2024:09:57:55 +0800] "GET /xingrg/javascript/jquery_easy_ui/themes/default/images/tree_arrows.gif HTTP/1.1" 200 1043
120.253.135.82 - - [16/Mar/2024:09:57:55 +0800] "GET /xingrg/javascript/jquery_easy_ui/themes/default/images/tree_folder_open.gif HTTP/1.1" 200 956
120.253.135.82 - - [16/Mar/2024:09:57:55 +0800] "GET /xingrg/javascript/jquery_easy_ui/themes/icons/search_new.png HTTP/1.1" 200 586
120.253.135.82 - - [16/Mar/2024:09:57:55 +0800] "GET /xingrg/javascript/jquery_easy_ui/themes/default/images/tree_file.gif HTTP/1.1" 200 118
120.253.135.82 - - [16/Mar/2024:09:57:55 +0800] "GET /xingrg/javascript/jquery_easy_ui/themes/icons/storage_new.png HTTP/1.1" 200 853
120.253.135.82 - - [16/Mar/2024:09:57:55 +0800] "GET /xingrg/javascript/jquery_easy_ui/themes/icons/delivery_new.png HTTP/1.1" 200 700
120.253.135.82 - - [16/Mar/2024:09:57:55 +0800] "GET /xingrg/javascript/jquery_easy_ui/themes/icons/forms_new.png HTTP/1.1" 200 350
120.253.135.82 - - [16/Mar/2024:09:57:55 +0800] "GET /xingrg/javascript/jquery_easy_ui/themes/default/images/tree_folder.gif HTTP/1.1" 200 952
124.77.245.47 - - [16/Mar/2024:09:57:56 +0800] "GET /xingrg/kc/buy/cgsh_order_operate.html?command=get_materiel&rest_code=00146&code=00101016030&supplier_code=00100033&order_time=2024-03-16 HTTP/1.1" 200 412
222.70.183.82 - - [16/Mar/2024:09:57:58 +0800] "GET /xingrg/check_reg.html?_=1710554276936 HTTP/1.1" 200 22
120.253.135.82 - - [16/Mar/2024:09:57:58 +0800] "GET /xingrg/javascript/jquery_easy_ui/themes/default/images/tabs_close.gif HTTP/1.1" 200 829
120.253.135.82 - - [16/Mar/2024:09:57:59 +0800] "GET /xingrg/kc/pszx/mdqp_order_list.html?state=10 HTTP/1.1" 200 10753
120.253.135.82 - - [16/Mar/2024:09:57:59 +0800] "GET /xingrg/javascript/pic_change.js HTTP/1.1" 200 4739
120.253.135.82 - - [16/Mar/2024:09:57:59 +0800] "GET /xingrg/dwr/interface/AjaxQqpsService.js HTTP/1.1" 200 16326
120.253.135.82 - - [16/Mar/2024:09:57:59 +0800] "GET /xingrg/css/blue.css HTTP/1.1" 200 15949
120.253.135.82 - - [16/Mar/2024:09:57:59 +0800] "GET /xingrg/dwr/interface/AjaxReportQueryService.js HTTP/1.1" 200 13203
120.253.135.82 - - [16/Mar/2024:09:57:59 +0800] "GET /xingrg/dwr/util.js HTTP/1.1" 200 35990
120.253.135.82 - - [16/Mar/2024:09:57:59 +0800] "GET /xingrg/javascript/Calendar.js HTTP/1.1" 200 31561
120.253.135.82 - - [16/Mar/2024:09:57:59 +0800] "GET /xingrg/dwr/engine.js HTTP/1.1" 200 43631
120.253.135.82 - - [16/Mar/2024:09:57:59 +0800] "GET /xingrg/javascript/myfunction.js HTTP/1.1" 200 24559
120.253.135.82 - - [16/Mar/2024:09:57:59 +0800] "GET /xingrg/javascript/jquery_easy_ui/themes/icons/uncheck_new.png HTTP/1.1" 200 3197
120.253.135.82 - - [16/Mar/2024:09:57:59 +0800] "GET /xingrg/javascript/jquery_easy_ui/themes/icons/check_new.png HTTP/1.1" 200 3224
120.253.135.82 - - [16/Mar/2024:09:57:59 +0800] "GET /xingrg/javascript/jquery_easy_ui/themes/icons/back_new.png HTTP/1.1" 200 3414
221.239.169.251 - - [16/Mar/2024:09:57:59 +0800] "GET /xingrg/all/function/internal_message.html?_=1710554277754&CODE_STATE=getMsg HTTP/1.1" 302 -
116.232.194.112 - - [16/Mar/2024:09:57:59 +0800] "GET /xingrg/kc/print/load_data.html?order_code=212024031604587&kc_code=cgsh&condition= HTTP/1.1" 200 2112
222.70.183.82 - - [16/Mar/2024:09:58:01 +0800] "GET /xingrg/all/function/internal_message.html?_=1710554279765&CODE_STATE=getMsg HTTP/1.1" 200 27
120.253.135.82 - - [16/Mar/2024:09:58:02 +0800] "GET /xingrg/kc/pszx/mdqp_order_info.html?code=302024031600224 HTTP/1.1" 200 13338
120.253.135.82 - - [16/Mar/2024:09:58:02 +0800] "GET /xingrg/javascript/checkform.js HTTP/1.1" 200 18351
120.253.135.82 - - [16/Mar/2024:09:58:02 +0800] "GET /xingrg/javascript/tools/jquery.qtip-1.0.0-rc3.min.js HTTP/1.1" 200 38404
120.253.135.82 - - [16/Mar/2024:09:58:02 +0800] "GET /xingrg/dwr/interface/AjaxQqpsService.js HTTP/1.1" 200 16326
120.253.135.82 - - [16/Mar/2024:09:58:02 +0800] "GET /xingrg/javascript/ToolTips.js HTTP/1.1" 200 5615
120.253.135.82 - - [16/Mar/2024:09:58:02 +0800] "GET /xingrg/dwr/interface/AjaxComOrderService.js HTTP/1.1" 200 18264
120.253.135.82 - - [16/Mar/2024:09:58:02 +0800] "GET /xingrg/javascript/AjaxInfoList.js HTTP/1.1" 200 3774
120.253.135.82 - - [16/Mar/2024:09:58:02 +0800] "GET /xingrg/javascript/Grid.js HTTP/1.1" 200 58908
120.253.135.82 - - [16/Mar/2024:09:58:02 +0800] "GET /xingrg/dwr/engine.js HTTP/1.1" 200 43631
120.253.135.82 - - [16/Mar/2024:09:58:02 +0800] "GET /xingrg/javascript/print/kc_print.js HTTP/1.1" 200 11415
120.253.135.82 - - [16/Mar/2024:09:58:02 +0800] "GET /xingrg/javascript/auto/jquery.autocomplete.js HTTP/1.1" 200 21624
120.253.135.82 - - [16/Mar/2024:09:58:02 +0800] "GET /xingrg/javascript/print/LodopFuncs.js HTTP/1.1" 200 5121
116.237.79.112 - - [16/Mar/2024:09:58:02 +0800] "GET /xingrg/kc/buy/cgsh_order_operate.html?command=get_materiel&rest_code=00106&code=00101008224&supplier_code=00100008&order_time=2024-03-16 HTTP/1.1" 200 416
120.253.135.82 - - [16/Mar/2024:09:58:02 +0800] "GET /xingrg/javascript/jquery_easy_ui/themes/icons/print.png HTTP/1.1" 200 1057
120.253.135.82 - - [16/Mar/2024:09:58:02 +0800] "GET /xingrg/javascript/jquery_easy_ui/themes/default/images/menu_downarrow.png HTTP/1.1" 200 173
120.253.135.82 - - [16/Mar/2024:09:58:02 +0800] "GET /xingrg/images/blue/button/kc_tab_edit.gif HTTP/1.1" 200 551
120.253.135.82 - - [16/Mar/2024:09:58:02 +0800] "GET /xingrg/images/blue/button/kc_tab_save.gif HTTP/1.1" 200 777
120.253.135.82 - - [16/Mar/2024:09:58:02 +0800] "GET /xingrg/images/blue/kc_tab2_right.gif HTTP/1.1" 200 192
120.253.135.82 - - [16/Mar/2024:09:58:02 +0800] "GET /xingrg/images/blue/kc_tab_mid.gif HTTP/1.1" 200 44
120.253.135.82 - - [16/Mar/2024:09:58:02 +0800] "GET /xingrg/images/blue/kc_tab2_left.gif HTTP/1.1" 200 625
120.253.135.82 - - [16/Mar/2024:09:58:02 +0800] "GET /xingrg/images/blue/kc_tab_left.gif HTTP/1.1" 200 188
120.253.135.82 - - [16/Mar/2024:09:58:02 +0800] "GET /xingrg/images/blue/kc_tab_right.gif HTTP/1.1" 200 643
120.253.135.82 - - [16/Mar/2024:09:58:02 +0800] "GET /xingrg/images/blue/wait.gif HTTP/1.1" 200 1100
120.253.135.82 - - [16/Mar/2024:09:58:02 +0800] "POST /xingrg/dwr/call/plaincall/AjaxQqpsService.loadMaterielItems.dwr HTTP/1.1" 200 1271
101.83.145.37 - - [16/Mar/2024:09:58:07 +0800] "GET /xingrg/all/function/internal_message.html?_=1710554287334&CODE_STATE=getMsg HTTP/1.1" 200 27
116.237.79.112 - - [16/Mar/2024:09:58:09 +0800] "GET /xingrg/all/function/internal_message.html?_=1710554287685&CODE_STATE=getMsg HTTP/1.1" 200 27
116.237.79.112 - - [16/Mar/2024:09:58:09 +0800] "GET /xingrg/check_reg.html?_=1710554287693 HTTP/1.1" 200 22
124.77.245.47 - - [16/Mar/2024:09:58:11 +0800] "GET /xingrg/kc/buy/cgsh_order_operate.html?command=get_materiel&rest_code=00146&code=00101012051&supplier_code=00100033&order_time=2024-03-16 HTTP/1.1" 200 408
120.253.135.82 - - [16/Mar/2024:09:58:12 +0800] "GET /xingrg/javascript/jquery_easy_ui/themes/default/images/button_plain_hover.png HTTP/1.1" 200 252
120.253.135.82 - - [16/Mar/2024:09:58:12 +0800] "GET /xingrg/kc/pszx/mdqp_order_list.html?isBack=1 HTTP/1.1" 302 -
120.253.135.82 - - [16/Mar/2024:09:58:13 +0800] "GET /xingrg/kc/pszx/mdqp_order_list.html?state=10 HTTP/1.1" 200 10753
120.253.135.82 - - [16/Mar/2024:09:58:13 +0800] "GET /xingrg/dwr/interface/AjaxReportQueryService.js HTTP/1.1" 200 13203
120.253.135.82 - - [16/Mar/2024:09:58:13 +0800] "GET /xingrg/dwr/interface/AjaxQqpsService.js HTTP/1.1" 200 16326
120.253.135.82 - - [16/Mar/2024:09:58:13 +0800] "GET /xingrg/dwr/engine.js HTTP/1.1" 200 43631
116.224.254.208 - - [16/Mar/2024:09:58:13 +0800] "GET /xingrg/check_reg.html?_=1710554293545 HTTP/1.1" 200 22
116.224.254.208 - - [16/Mar/2024:09:58:13 +0800] "GET /xingrg/all/function/internal_message.html?_=1710554293550&CODE_STATE=getMsg HTTP/1.1" 200 27
218.79.29.78 - - [16/Mar/2024:09:58:17 +0800] "GET /xingrg/all/function/internal_message.html?_=1710554308130&CODE_STATE=getMsg HTTP/1.1" 200 27
218.79.29.78 - - [16/Mar/2024:09:58:17 +0800] "GET /xingrg/check_reg.html?_=1710554308135 HTTP/1.1" 200 22
116.232.194.112 - - [16/Mar/2024:09:58:21 +0800] "GET /xingrg/all/function/internal_message.html?_=1710554273687&CODE_STATE=getMsg HTTP/1.1" 200 27
222.69.135.185 - - [16/Mar/2024:09:58:22 +0800] "GET /xingrg/all/function/internal_message.html?_=1710554303959&CODE_STATE=getMsg HTTP/1.1" 200 27
124.77.245.47 - - [16/Mar/2024:09:58:22 +0800] "POST /xingrg/kc/buy/cgsh_order_operate.html HTTP/1.1" 200 37
116.237.79.112 - - [16/Mar/2024:09:58:22 +0800] "GET /xingrg/kc/buy/cgsh_order_operate.html?command=get_materiel&rest_code=00106&code=00101008108&supplier_code=00100008&order_time=2024-03-16 HTTP/1.1" 200 412
116.232.194.112 - - [16/Mar/2024:09:58:25 +0800] "GET /xingrg/kc/print/load_data.html?order_code=212024031604587&kc_code=cgsh HTTP/1.1" 200 2112
124.77.245.47 - - [16/Mar/2024:09:58:25 +0800] "POST /xingrg/kc/buy/cgsh_order_operate.html HTTP/1.1" 200 4428
101.83.145.37 - - [16/Mar/2024:09:58:27 +0800] "GET /xingrg/check_reg.html?_=1710554307930 HTTP/1.1" 200 22
180.164.1.25 - - [16/Mar/2024:09:58:30 +0800] "GET /xingrg/all/function/internal_message.html?_=1710554309390&CODE_STATE=getMsg HTTP/1.1" 200 27
124.77.245.47 - - [16/Mar/2024:09:58:30 +0800] "GET /xingrg/kc/print/load_data.html?order_code=212024031604590&kc_code=cgsh&condition= HTTP/1.1" 200 1388
116.238.97.31 - - [16/Mar/2024:09:58:33 +0800] "GET /xingrg/all/function/internal_message.html?_=1710554313891&CODE_STATE=getMsg HTTP/1.1" 200 27
116.237.79.112 - - [16/Mar/2024:09:58:34 +0800] "GET /xingrg/kc/buy/cgsh_order_operate.html?command=get_materiel&rest_code=00106&code=00101008161&supplier_code=00100008&order_time=2024-03-16 HTTP/1.1" 200 409
114.83.222.242 - - [16/Mar/2024:09:58:40 +0800] "GET /xingrg/all/function/internal_message.html?_=1710554317507&CODE_STATE=getMsg HTTP/1.1" 200 27
124.78.60.103 - - [16/Mar/2024:09:58:42 +0800] "GET /xingrg/all/function/internal_message.html?_=1710554322733&CODE_STATE=getMsg HTTP/1.1" 200 27
116.237.79.112 - - [16/Mar/2024:09:58:43 +0800] "GET /xingrg/kc/buy/cgsh_order_operate.html?command=get_materiel&rest_code=00106&code=00101008285&supplier_code=00100008&order_time=2024-03-16 HTTP/1.1" 200 413
116.232.194.112 - - [16/Mar/2024:09:58:43 +0800] "POST /xingrg/services/DataTransmitService HTTP/1.1" 200 524
116.232.194.112 - - [16/Mar/2024:09:58:44 +0800] "POST /xingrg/services/DataTransmitService HTTP/1.1" 200 412
116.224.254.208 - - [16/Mar/2024:09:58:49 +0800] "GET /xingrg/all/function/internal_message.html?_=1710554329402&CODE_STATE=getMsg HTTP/1.1" 200 27
124.77.245.47 - - [16/Mar/2024:09:58:50 +0800] "GET /xingrg/all/function/internal_message.html?_=1710554352385&CODE_STATE=getMsg HTTP/1.1" 200 27
116.224.254.208 - - [16/Mar/2024:09:58:50 +0800] "GET /xingrg/all/function/internal_message.html?_=1710554330182&CODE_STATE=getMsg HTTP/1.1" 200 27
120.253.135.82 - - [16/Mar/2024:09:58:54 +0800] "GET /xingrg/all/function/internal_message.html?_=1710554172417&CODE_STATE=getMsg HTTP/1.1" 200 27
116.232.194.112 - - [16/Mar/2024:09:58:59 +0800] "POST /xingrg/kc/buy/cgsh_list_operate.html HTTP/1.1" 200 2259
221.239.169.251 - - [16/Mar/2024:09:58:59 +0800] "GET /xingrg/all/function/internal_message.html?_=1710554337753&CODE_STATE=getMsg HTTP/1.1" 302 -
222.70.183.82 - - [16/Mar/2024:09:59:01 +0800] "GET /xingrg/all/function/internal_message.html?_=1710554339748&CODE_STATE=getMsg HTTP/1.1" 200 27
116.237.79.112 - - [16/Mar/2024:09:59:02 +0800] "POST /xingrg/kc/buy/cgsh_order_operate.html HTTP/1.1" 200 37
116.232.194.112 - - [16/Mar/2024:09:59:02 +0800] "POST /xingrg/kc/buy/cgsh_list_operate.html HTTP/1.1" 200 428
124.77.245.47 - - [16/Mar/2024:09:59:02 +0800] "GET /xingrg/kc/buy/cgsh_order_add.html HTTP/1.1" 200 73655
116.237.79.112 - - [16/Mar/2024:09:59:04 +0800] "POST /xingrg/kc/buy/cgsh_order_operate.html HTTP/1.1" 200 18041
116.232.194.112 - - [16/Mar/2024:09:59:05 +0800] "POST /xingrg/kc/buy/cgsh_list_operate.html HTTP/1.1" 200 496
124.77.245.47 - - [16/Mar/2024:09:59:05 +0800] "POST /xingrg/kc/buy/cgsh_order_operate.html HTTP/1.1" 200 8245
124.77.245.47 - - [16/Mar/2024:09:59:05 +0800] "GET /xingrg/javascript/easyui/themes/default/validatebox.css HTTP/1.1" 404 1104
116.232.194.112 - - [16/Mar/2024:09:59:06 +0800] "GET /xingrg/kc/buy/cgsh_order_info.html?code=212024031604568 HTTP/1.1" 200 73750
116.232.194.112 - - [16/Mar/2024:09:59:06 +0800] "GET /xingrg/javascript/easyui/themes/default/validatebox.css HTTP/1.1" 404 1104
101.83.145.37 - - [16/Mar/2024:09:59:07 +0800] "GET /xingrg/all/function/internal_message.html?_=1710554347315&CODE_STATE=getMsg HTTP/1.1" 200 27
116.232.194.112 - - [16/Mar/2024:09:59:07 +0800] "POST /xingrg/kc/buy/cgsh_order_operate.html HTTP/1.1" 200 5031
116.232.194.112 - - [16/Mar/2024:09:59:09 +0800] "GET /xingrg/kc/print/load_data.html?order_code=212024031604568&kc_code=cgsh HTTP/1.1" 200 1577
116.237.79.112 - - [16/Mar/2024:09:59:09 +0800] "GET /xingrg/all/function/internal_message.html?_=1710554347684&CODE_STATE=getMsg HTTP/1.1" 200 27
120.253.135.82 - - [16/Mar/2024:09:59:12 +0800] "GET /xingrg/kc/pszx/mdqp_order_list.html?state=10 HTTP/1.1" 200 10753
120.253.135.82 - - [16/Mar/2024:09:59:12 +0800] "GET /xingrg/dwr/interface/AjaxQqpsService.js HTTP/1.1" 200 16326
120.253.135.82 - - [16/Mar/2024:09:59:12 +0800] "GET /xingrg/dwr/interface/AjaxReportQueryService.js HTTP/1.1" 200 13203
120.253.135.82 - - [16/Mar/2024:09:59:12 +0800] "GET /xingrg/dwr/engine.js HTTP/1.1" 200 43631
116.224.254.208 - - [16/Mar/2024:09:59:13 +0800] "GET /xingrg/all/function/internal_message.html?_=1710554353532&CODE_STATE=getMsg HTTP/1.1" 200 27
116.237.79.112 - - [16/Mar/2024:09:59:14 +0800] "GET /xingrg/kc/buy/cgsh_order_operate.html?command=get_materiel&rest_code=00106&code=00101008215&supplier_code=00100008&order_time=2024-03-16 HTTP/1.1" 200 413
218.79.29.78 - - [16/Mar/2024:09:59:17 +0800] "GET /xingrg/all/function/internal_message.html?_=1710554368136&CODE_STATE=getMsg HTTP/1.1" 200 27
116.232.194.112 - - [16/Mar/2024:09:59:21 +0800] "GET /xingrg/all/function/internal_message.html?_=1710554333663&CODE_STATE=getMsg HTTP/1.1" 200 27
222.69.135.185 - - [16/Mar/2024:09:59:22 +0800] "GET /xingrg/all/function/internal_message.html?_=1710554363949&CODE_STATE=getMsg HTTP/1.1" 200 27
116.232.194.112 - - [16/Mar/2024:09:59:28 +0800] "POST /xingrg/kc/buy/cgsh_list_operate.html HTTP/1.1" 200 2259
120.253.135.82 - - [16/Mar/2024:09:59:28 +0800] "GET /xingrg/kc/pszx/jzcl_ps.html HTTP/1.1" 200 7683
120.253.135.82 - - [16/Mar/2024:09:59:28 +0800] "GET /xingrg/javascript/step/step.css HTTP/1.1" 200 999
120.253.135.82 - - [16/Mar/2024:09:59:28 +0800] "GET /xingrg/css/table.css HTTP/1.1" 200 3684
120.253.135.82 - - [16/Mar/2024:09:59:29 +0800] "GET /xingrg/javascript/step/images/navCurrentBtn.gif HTTP/1.1" 200 557
120.253.135.82 - - [16/Mar/2024:09:59:29 +0800] "GET /xingrg/javascript/jquery_easy_ui/themes/default/images/button_a_bg.gif HTTP/1.1" 200 1194
120.253.135.82 - - [16/Mar/2024:09:59:29 +0800] "GET /xingrg/javascript/jquery_easy_ui/themes/default/images/button_span_bg.gif HTTP/1.1" 200 2061
120.253.135.82 - - [16/Mar/2024:09:59:29 +0800] "GET /xingrg/javascript/jquery_easy_ui/themes/icons/search.png HTTP/1.1" 200 813
116.237.79.112 - - [16/Mar/2024:09:59:29 +0800] "GET /xingrg/kc/buy/cgsh_order_operate.html?command=get_materiel&rest_code=00106&code=00101010168&supplier_code=00100008&order_time=2024-03-16 HTTP/1.1" 200 413
120.253.135.82 - - [16/Mar/2024:09:59:29 +0800] "GET /xingrg/javascript/jquery_easy_ui/themes/default/images/combo_arrow_dot.gif HTTP/1.1" 200 79
120.253.135.82 - - [16/Mar/2024:09:59:29 +0800] "GET /xingrg/javascript/jquery_easy_ui/themes/default/images/calendar_nextyear.gif HTTP/1.1" 200 75
120.253.135.82 - - [16/Mar/2024:09:59:29 +0800] "GET /xingrg/javascript/jquery_easy_ui/themes/default/images/calendar_nextmonth.gif HTTP/1.1" 200 64
120.253.135.82 - - [16/Mar/2024:09:59:29 +0800] "GET /xingrg/javascript/jquery_easy_ui/themes/default/images/calendar_prevmonth.gif HTTP/1.1" 200 66
120.253.135.82 - - [16/Mar/2024:09:59:29 +0800] "GET /xingrg/javascript/jquery_easy_ui/themes/default/images/calendar_prevyear.gif HTTP/1.1" 200 76
120.253.135.82 - - [16/Mar/2024:09:59:29 +0800] "POST /xingrg/all/common/load_tree.html?tree=area_rest_tree_json HTTP/1.1" 200 3624
120.253.135.82 - - [16/Mar/2024:09:59:29 +0800] "GET /xingrg/images/control/ajaxLoader.gif HTTP/1.1" 200 4659
120.253.135.82 - - [16/Mar/2024:09:59:29 +0800] "GET /xingrg/javascript/jquery_easy_ui/themes/default/images/datagrid_header_bg.gif HTTP/1.1" 200 97
120.253.135.82 - - [16/Mar/2024:09:59:29 +0800] "GET /xingrg/javascript/jquery_easy_ui/themes/default/images/pagination_loading.gif HTTP/1.1" 200 1737
120.253.135.82 - - [16/Mar/2024:09:59:29 +0800] "GET /xingrg/javascript/jquery_easy_ui/themes/default/images/tree_checkbox_0.gif HTTP/1.1" 200 168
120.253.135.82 - - [16/Mar/2024:09:59:29 +0800] "GET /xingrg/javascript/jquery_easy_ui/themes/icons/rest.png HTTP/1.1" 200 695
120.253.135.82 - - [16/Mar/2024:09:59:29 +0800] "GET /xingrg/javascript/jquery_easy_ui/themes/icons/area.png HTTP/1.1" 200 262
120.253.135.82 - - [16/Mar/2024:09:59:29 +0800] "GET /xingrg/javascript/jquery_easy_ui/themes/icons/manage.png HTTP/1.1" 200 696
120.253.135.82 - - [16/Mar/2024:09:59:29 +0800] "POST /xingrg/kc/pszx/jzcl_ps_operate.html HTTP/1.1" 200 447
120.253.135.82 - - [16/Mar/2024:09:59:29 +0800] "POST /xingrg/kc/pszx/jzcl_ps_operate.html HTTP/1.1" 200 447
116.232.194.112 - - [16/Mar/2024:09:59:30 +0800] "POST /xingrg/kc/buy/cgsh_list_operate.html HTTP/1.1" 200 568
180.164.1.25 - - [16/Mar/2024:09:59:30 +0800] "GET /xingrg/all/function/internal_message.html?_=1710554369369&CODE_STATE=getMsg HTTP/1.1" 200 27
124.77.245.47 - - [16/Mar/2024:09:59:30 +0800] "GET /xingrg/kc/buy/cgsh_order_operate.html?command=get_materiel&rest_code=00146&code=00101006184&supplier_code=00100012&order_time=2024-03-16 HTTP/1.1" 200 408
116.232.194.112 - - [16/Mar/2024:09:59:31 +0800] "GET /xingrg/kc/buy/cgsh_order_info.html?code=212024031604582 HTTP/1.1" 200 73752
116.232.194.112 - - [16/Mar/2024:09:59:31 +0800] "GET /xingrg/javascript/easyui/themes/default/validatebox.css HTTP/1.1" 404 1104
116.232.194.112 - - [16/Mar/2024:09:59:32 +0800] "POST /xingrg/kc/buy/cgsh_order_operate.html HTTP/1.1" 200 30535
116.238.97.31 - - [16/Mar/2024:09:59:33 +0800] "GET /xingrg/all/function/internal_message.html?_=1710554373874&CODE_STATE=getMsg HTTP/1.1" 200 27
116.232.194.112 - - [16/Mar/2024:09:59:34 +0800] "GET /xingrg/kc/print/load_data.html?order_code=212024031604582&kc_code=cgsh HTTP/1.1" 200 11316
221.239.169.251 - - [16/Mar/2024:09:59:35 +0800] "GET /xingrg/check_reg.html?_=1710554373121 HTTP/1.1" 302 -
120.253.135.82 - - [16/Mar/2024:09:59:38 +0800] "POST /xingrg/kc/pszx/jzcl_ps_operate.html HTTP/1.1" 200 4
120.253.135.82 - - [16/Mar/2024:09:59:38 +0800] "GET /xingrg/javascript/step/images/navBtn.gif HTTP/1.1" 200 361
120.253.135.82 - - [16/Mar/2024:09:59:38 +0800] "GET /xingrg/javascript/step/images/navLastDoneBtn.gif HTTP/1.1" 200 552
120.253.135.82 - - [16/Mar/2024:09:59:38 +0800] "GET /xingrg/javascript/step/images/navDoneBtn.gif HTTP/1.1" 200 394
114.83.222.242 - - [16/Mar/2024:09:59:39 +0800] "GET /xingrg/check_reg.html?_=1710554376322 HTTP/1.1" 200 22
120.253.135.82 - - [16/Mar/2024:09:59:40 +0800] "POST /xingrg/kc/pszx/jzcl_ps_operate.html HTTP/1.1" 200 21
120.253.135.82 - - [16/Mar/2024:09:59:40 +0800] "GET /xingrg/kc/pszx/mdps_order_list.html HTTP/1.1" 200 21033
114.83.222.242 - - [16/Mar/2024:09:59:40 +0800] "GET /xingrg/all/function/internal_message.html?_=1710554377481&CODE_STATE=getMsg HTTP/1.1" 200 27
120.253.135.82 - - [16/Mar/2024:09:59:40 +0800] "GET /xingrg/css/site.css HTTP/1.1" 200 7541
120.253.135.82 - - [16/Mar/2024:09:59:40 +0800] "GET /xingrg/css/base.css HTTP/1.1" 200 2811
120.253.135.82 - - [16/Mar/2024:09:59:40 +0800] "GET /xingrg/javascript/jquery_tools/datebox.css HTTP/1.1" 200 2597
120.253.135.82 - - [16/Mar/2024:09:59:40 +0800] "GET /xingrg/javascript/jquery_tools/fix.css HTTP/1.1" 200 1702
120.253.135.82 - - [16/Mar/2024:09:59:40 +0800] "GET /xingrg/javascript/auto/jquery.autocomplete.css HTTP/1.1" 200 587
120.253.135.82 - - [16/Mar/2024:09:59:40 +0800] "GET /xingrg/javascript/easyui/themes/default/easyui.css HTTP/1.1" 200 30432
120.253.135.82 - - [16/Mar/2024:09:59:40 +0800] "GET /xingrg/javascript/jquery_tools/jquery.tools.extend.js HTTP/1.1" 200 15385
120.253.135.82 - - [16/Mar/2024:09:59:40 +0800] "GET /xingrg/javascript/jquery_tools/jquery.tools.min.js HTTP/1.1" 200 138801
120.253.135.82 - - [16/Mar/2024:09:59:40 +0800] "GET /xingrg/javascript/jquery_tools/table.css HTTP/1.1" 200 1032
120.253.135.82 - - [16/Mar/2024:09:59:40 +0800] "GET /xingrg/javascript/easyui/themes/icon.css HTTP/1.1" 200 4483
120.253.135.82 - - [16/Mar/2024:09:59:40 +0800] "GET /xingrg/javascript/jquery.cookie.js HTTP/1.1" 200 5513
120.253.135.82 - - [16/Mar/2024:09:59:40 +0800] "GET /xingrg/javascript/jquery_tools/list_manager.js HTTP/1.1" 200 3652
120.253.135.82 - - [16/Mar/2024:09:59:40 +0800] "GET /xingrg/javascript/jquery_tools/jquery.tools.table.js HTTP/1.1" 200 6994
120.253.135.82 - - [16/Mar/2024:09:59:40 +0800] "GET /xingrg/javascript/easyui/easyloader.js HTTP/1.1" 200 5975
120.253.135.82 - - [16/Mar/2024:09:59:40 +0800] "GET /xingrg/javascript/jquery_tools/jquery.tools.hotkey.js HTTP/1.1" 200 3242
120.253.135.82 - - [16/Mar/2024:09:59:40 +0800] "GET /xingrg/javascript/easyui/themes/icons/import_new.png HTTP/1.1" 200 1247
120.253.135.82 - - [16/Mar/2024:09:59:40 +0800] "GET /xingrg/javascript/easyui/themes/icons/uncheck_new.png HTTP/1.1" 200 3197
120.253.135.82 - - [16/Mar/2024:09:59:40 +0800] "GET /xingrg/javascript/easyui/themes/icons/edit_add_new.png HTTP/1.1" 200 2997
120.253.135.82 - - [16/Mar/2024:09:59:40 +0800] "GET /xingrg/javascript/easyui/themes/icons/cance_new.png HTTP/1.1" 200 3986
120.253.135.82 - - [16/Mar/2024:09:59:40 +0800] "GET /xingrg/javascript/easyui/themes/icons/field_new.png HTTP/1.1" 200 1097
120.253.135.82 - - [16/Mar/2024:09:59:40 +0800] "GET /xingrg/javascript/easyui/themes/icons/check_new.png HTTP/1.1" 200 3224
120.253.135.82 - - [16/Mar/2024:09:59:40 +0800] "GET /xingrg/javascript/easyui/plugins/jquery.parser.js HTTP/1.1" 200 1142
120.253.135.82 - - [16/Mar/2024:09:59:41 +0800] "POST /xingrg/kc/pszx/mdps_list_operate.html HTTP/1.1" 200 5323
124.78.60.103 - - [16/Mar/2024:09:59:42 +0800] "GET /xingrg/all/function/internal_message.html?_=1710554382725&CODE_STATE=getMsg HTTP/1.1" 200 27
124.78.60.103 - - [16/Mar/2024:09:59:42 +0800] "GET /xingrg/check_reg.html?_=1710554382729 HTTP/1.1" 200 22
120.253.135.82 - - [16/Mar/2024:09:59:43 +0800] "GET /xingrg/javascript/auto/indicator.gif HTTP/1.1" 404 1066
120.253.135.82 - - [16/Mar/2024:09:59:46 +0800] "POST /xingrg/kc/pszx/mdps_list_operate.html HTTP/1.1" 200 3503
124.77.245.47 - - [16/Mar/2024:09:59:48 +0800] "GET /xingrg/kc/buy/cgsh_order_operate.html?command=get_materiel&rest_code=00146&code=00101006065&supplier_code=00100012&order_time=2024-03-16 HTTP/1.1" 200 409
116.224.254.208 - - [16/Mar/2024:09:59:49 +0800] "GET /xingrg/all/function/internal_message.html?_=1710554389405&CODE_STATE=getMsg HTTP/1.1" 200 27
124.77.245.47 - - [16/Mar/2024:09:59:50 +0800] "GET /xingrg/all/function/internal_message.html?_=1710554412400&CODE_STATE=getMsg HTTP/1.1" 200 27
116.224.254.208 - - [16/Mar/2024:09:59:50 +0800] "GET /xingrg/all/function/internal_message.html?_=1710554390167&CODE_STATE=getMsg HTTP/1.1" 200 27
120.253.135.82 - - [16/Mar/2024:09:59:50 +0800] "POST /xingrg/kc/pszx/mdps_list_operate.html HTTP/1.1" 200 455
120.253.135.82 - - [16/Mar/2024:09:59:52 +0800] "GET /xingrg/kc/pszx/mdps_order_info.html?code=312024031600312 HTTP/1.1" 200 23972
120.253.135.82 - - [16/Mar/2024:09:59:52 +0800] "GET /xingrg/javascript/jquery_tools/order_manager.js HTTP/1.1" 200 11183
120.253.135.82 - - [16/Mar/2024:09:59:52 +0800] "GET /xingrg/javascript/convert.js HTTP/1.1" 200 1239
120.253.135.82 - - [16/Mar/2024:09:59:52 +0800] "GET /xingrg/javascript/json2.js HTTP/1.1" 200 11259
120.253.135.82 - - [16/Mar/2024:09:59:52 +0800] "GET /xingrg/words/20240314161634_words.js HTTP/1.1" 200 1015632
120.253.135.82 - - [16/Mar/2024:09:59:52 +0800] "GET /xingrg/javascript/easyui/themes/icons/ok.png HTTP/1.1" 200 883
120.253.135.82 - - [16/Mar/2024:09:59:52 +0800] "GET /xingrg/javascript/easyui/themes/icons/copy_new.png HTTP/1.1" 200 815
120.253.135.82 - - [16/Mar/2024:09:59:52 +0800] "GET /xingrg/javascript/easyui/themes/icons/cancel.png HTTP/1.1" 200 1133
120.253.135.82 - - [16/Mar/2024:09:59:52 +0800] "GET /xingrg/javascript/easyui/themes/icons/print.png HTTP/1.1" 200 1057
120.253.135.82 - - [16/Mar/2024:09:59:52 +0800] "GET /xingrg/javascript/easyui/themes/default/images/menu_downarrow.png HTTP/1.1" 200 173
120.253.135.82 - - [16/Mar/2024:09:59:52 +0800] "GET /xingrg/javascript/easyui/themes/default/validatebox.css HTTP/1.1" 404 1104
120.253.135.82 - - [16/Mar/2024:09:59:52 +0800] "GET /xingrg/javascript/easyui/plugins/jquery.validatebox.js HTTP/1.1" 200 6103
120.253.135.82 - - [16/Mar/2024:09:59:52 +0800] "GET /xingrg/javascript/easyui/plugins/jquery.numberbox.js HTTP/1.1" 200 5213
120.253.135.82 - - [16/Mar/2024:09:59:53 +0800] "GET /xingrg/all/common/auto_word.html?type=base&rest_code=00101 HTTP/1.1" 200 671
120.253.135.82 - - [16/Mar/2024:09:59:53 +0800] "POST /xingrg/kc/pszx/mdps_order_operate.html HTTP/1.1" 200 3783
120.253.135.82 - - [16/Mar/2024:09:59:53 +0800] "GET /xingrg/javascript/easyui/themes/icons/edit_remove.png HTTP/1.1" 200 625
120.253.135.82 - - [16/Mar/2024:09:59:54 +0800] "GET /xingrg/all/function/internal_message.html?_=1710554232431&CODE_STATE=getMsg HTTP/1.1" 200 27
221.239.169.251 - - [16/Mar/2024:09:59:59 +0800] "GET /xingrg/all/function/internal_message.html?_=1710554397760&CODE_STATE=getMsg HTTP/1.1" 302 -
120.253.135.82 - - [16/Mar/2024:09:59:59 +0800] "GET /xingrg/css/images/panel_loading.gif HTTP/1.1" 200 1737
120.253.135.82 - - [16/Mar/2024:09:59:59 +0800] "POST /xingrg/all/common/load_combo.html?type=base HTTP/1.1" 200 1169
222.70.183.82 - - [16/Mar/2024:10:00:01 +0800] "GET /xingrg/all/function/internal_message.html?_=1710554399734&CODE_STATE=getMsg HTTP/1.1" 200 27
124.77.245.47 - - [16/Mar/2024:10:00:01 +0800] "GET /xingrg/check_reg.html?_=1710554423398 HTTP/1.1" 200 22
120.253.135.82 - - [16/Mar/2024:10:00:01 +0800] "GET /xingrg/javascript/easyui/themes/default/images/button_plain_hover.png HTTP/1.1" 200 144
120.253.135.82 - - [16/Mar/2024:10:00:01 +0800] "GET /xingrg/javascript/easyui/themes/default/images/button_plain_hover.png HTTP/1.1" 200 144
116.232.194.112 - - [16/Mar/2024:10:00:02 +0800] "POST /xingrg/kc/buy/cgsh_list_operate.html HTTP/1.1" 200 2259
120.253.135.82 - - [16/Mar/2024:10:00:04 +0800] "POST /xingrg/kc/pszx/mdps_order_operate.html HTTP/1.1" 200 37
116.232.194.112 - - [16/Mar/2024:10:00:05 +0800] "POST /xingrg/kc/buy/cgsh_list_operate.html HTTP/1.1" 200 428
120.253.135.82 - - [16/Mar/2024:10:00:07 +0800] "GET /xingrg/kc/pszx/mdps_order_info.html?code=312024031600312 HTTP/1.1" 200 23972
116.232.194.112 - - [16/Mar/2024:10:00:07 +0800] "GET /xingrg/kc/buy/cgsh_order_info.html?code=212024031604585 HTTP/1.1" 200 73752
101.83.145.37 - - [16/Mar/2024:10:00:07 +0800] "GET /xingrg/all/function/internal_message.html?_=1710554407292&CODE_STATE=getMsg HTTP/1.1" 200 27
120.253.135.82 - - [16/Mar/2024:10:00:07 +0800] "GET /xingrg/javascript/easyui/themes/default/validatebox.css HTTP/1.1" 404 1104
116.232.194.112 - - [16/Mar/2024:10:00:07 +0800] "GET /xingrg/javascript/easyui/themes/default/validatebox.css HTTP/1.1" 404 1104
120.253.135.82 - - [16/Mar/2024:10:00:08 +0800] "POST /xingrg/kc/pszx/mdps_order_operate.html HTTP/1.1" 200 3815
116.232.194.112 - - [16/Mar/2024:10:00:08 +0800] "POST /xingrg/kc/buy/cgsh_order_operate.html HTTP/1.1" 200 4439
124.77.245.47 - - [16/Mar/2024:10:00:09 +0800] "GET /xingrg/kc/buy/cgsh_order_operate.html?command=get_materiel&rest_code=00146&code=00101006129&supplier_code=00100012&order_time=2024-03-16 HTTP/1.1" 200 439
116.237.79.112 - - [16/Mar/2024:10:00:09 +0800] "GET /xingrg/all/function/internal_message.html?_=1710554407707&CODE_STATE=getMsg HTTP/1.1" 200 27
116.232.194.112 - - [16/Mar/2024:10:00:10 +0800] "GET /xingrg/kc/print/load_data.html?order_code=212024031604585&kc_code=cgsh HTTP/1.1" 200 1431
116.224.254.208 - - [16/Mar/2024:10:00:13 +0800] "GET /xingrg/all/function/internal_message.html?_=1710554413549&CODE_STATE=getMsg HTTP/1.1" 200 27
218.79.29.78 - - [16/Mar/2024:10:00:17 +0800] "GET /xingrg/all/function/internal_message.html?_=1710554428137&CODE_STATE=getMsg HTTP/1.1" 200 27
116.232.194.112 - - [16/Mar/2024:10:00:21 +0800] "GET /xingrg/all/function/internal_message.html?_=1710554393646&CODE_STATE=getMsg HTTP/1.1" 200 27
222.69.135.185 - - [16/Mar/2024:10:00:22 +0800] "GET /xingrg/all/function/internal_message.html?_=1710554423959&CODE_STATE=getMsg HTTP/1.1" 200 27
222.69.135.185 - - [16/Mar/2024:10:00:22 +0800] "GET /xingrg/check_reg.html?_=1710554423968 HTTP/1.1" 200 22
124.77.245.47 - - [16/Mar/2024:10:00:29 +0800] "GET /xingrg/kc/buy/cgsh_order_operate.html?command=get_materiel&rest_code=00146&code=00101006112&supplier_code=00100012&order_time=2024-03-16 HTTP/1.1" 200 409
180.164.1.25 - - [16/Mar/2024:10:00:30 +0800] "GET /xingrg/all/function/internal_message.html?_=1710554429345&CODE_STATE=getMsg HTTP/1.1" 200 27
116.238.97.31 - - [16/Mar/2024:10:00:33 +0800] "GET /xingrg/all/function/internal_message.html?_=1710554433858&CODE_STATE=getMsg HTTP/1.1" 200 27
116.224.254.208 - - [16/Mar/2024:10:00:37 +0800] "POST /xingrg/kc/buy/cgsh_order_operate.html HTTP/1.1" 200 37
120.253.135.82 - - [16/Mar/2024:10:00:38 +0800] "GET /xingrg/kc/print/load_config.html?kc_code=mdps HTTP/1.1" 200 2390
120.253.135.82 - - [16/Mar/2024:10:00:38 +0800] "GET /xingrg/kc/print/load_data.html?order_code=312024031600312&kc_code=mdps&condition= HTTP/1.1" 200 1413
