101.83.145.37 - - [16/Mar/2024:11:41:24 +0800] "POST /xingrg/kc/base/wldb_order_operate.html HTTP/1.1" 200 2192
222.70.115.1 - - [16/Mar/2024:11:41:24 +0800] "GET /xingrg/all/function/internal_message.html?_=1710560495126&CODE_STATE=getMsg HTTP/1.1" 200 27
101.83.145.37 - - [16/Mar/2024:11:41:26 +0800] "GET /xingrg/kc/base/wldb_order_add.html HTTP/1.1" 200 30382
101.83.145.37 - - [16/Mar/2024:11:41:27 +0800] "GET /xingrg/javascript/easyui/themes/default/validatebox.css HTTP/1.1" 404 1104
101.83.145.37 - - [16/Mar/2024:11:41:27 +0800] "POST /xingrg/kc/base/wldb_order_operate.html HTTP/1.1" 200 6806
101.83.145.37 - - [16/Mar/2024:11:41:27 +0800] "POST /xingrg/all/common/load_combo.html?type=base HTTP/1.1" 200 3409
180.164.1.25 - - [16/Mar/2024:11:41:28 +0800] "GET /xingrg/all/function/internal_message.html?_=1710560487469&CODE_STATE=getMsg HTTP/1.1" 200 27
124.78.60.103 - - [16/Mar/2024:11:41:28 +0800] "GET /xingrg/kc/buy/cgsh_order_operate.html?command=get_materiel&rest_code=00141&code=00101008275&supplier_code=00100008&order_time=2024-03-16 HTTP/1.1" 200 416
222.70.183.82 - - [16/Mar/2024:11:41:31 +0800] "GET /xingrg/all/function/internal_message.html?_=1710560489610&CODE_STATE=getMsg HTTP/1.1" 200 27
116.238.97.31 - - [16/Mar/2024:11:41:33 +0800] "GET /xingrg/check_reg.html?_=1710560494347 HTTP/1.1" 200 22
124.77.245.47 - - [16/Mar/2024:11:41:34 +0800] "GET /xingrg/all/function/internal_message.html?_=1710560517047&CODE_STATE=getMsg HTTP/1.1" 200 27
101.83.145.37 - - [16/Mar/2024:11:41:34 +0800] "GET /xingrg/all/function/internal_message.html?_=1710560495049&CODE_STATE=getMsg HTTP/1.1" 200 27
180.169.147.146 - - [16/Mar/2024:11:41:35 +0800] "GET /xingrg/kc/buy/cgsh_order_operate.html?command=get_materiel&rest_code=00147&code=00101008261&supplier_code=00100008&order_time=2024-03-14 HTTP/1.1" 200 408
101.83.145.37 - - [16/Mar/2024:11:41:38 +0800] "GET /xingrg/kc/base/wldb_order_operate.html?command=get_materiel&rest_code=00105&base_code=0010507&code=00101016044 HTTP/1.1" 200 466
114.83.222.242 - - [16/Mar/2024:11:41:39 +0800] "GET /xingrg/all/function/internal_message.html?_=1710560496506&CODE_STATE=getMsg HTTP/1.1" 200 27
221.239.169.251 - - [16/Mar/2024:11:41:39 +0800] "GET /xingrg/all/function/internal_message.html?_=1710560497704&CODE_STATE=getMsg HTTP/1.1" 200 27
116.228.172.94 - - [16/Mar/2024:11:41:40 +0800] "GET /xingrg/javascript/easyui/themes/default/images/button_plain_hover.png HTTP/1.1" 200 144
116.228.172.94 - - [16/Mar/2024:11:41:41 +0800] "GET /xingrg/kc/buy/cgsh_order_add.html HTTP/1.1" 200 72708
116.228.172.94 - - [16/Mar/2024:11:41:41 +0800] "GET /xingrg/javascript/jquery_tools/order_manager.js HTTP/1.1" 200 11183
116.228.172.94 - - [16/Mar/2024:11:41:41 +0800] "GET /xingrg/javascript/convert.js HTTP/1.1" 200 1239
116.228.172.94 - - [16/Mar/2024:11:41:41 +0800] "GET /xingrg/javascript/json2.js HTTP/1.1" 200 11259
116.228.172.94 - - [16/Mar/2024:11:41:41 +0800] "GET /xingrg/javascript/print/kc_print.js HTTP/1.1" 200 11415
116.228.172.94 - - [16/Mar/2024:11:41:41 +0800] "GET /xingrg/words/20240314161634_words.js HTTP/1.1" 200 1015632
116.228.172.94 - - [16/Mar/2024:11:41:41 +0800] "GET /xingrg/javascript/easyui/themes/icons/copy_new.png HTTP/1.1" 200 815
116.228.172.94 - - [16/Mar/2024:11:41:41 +0800] "GET /xingrg/javascript/easyui/themes/icons/template_new.png HTTP/1.1" 200 3956
116.228.172.94 - - [16/Mar/2024:11:41:41 +0800] "GET /xingrg/javascript/easyui/themes/icons/ok.png HTTP/1.1" 200 883
116.228.172.94 - - [16/Mar/2024:11:41:41 +0800] "GET /xingrg/javascript/easyui/themes/icons/cancel.png HTTP/1.1" 200 1133
116.228.172.94 - - [16/Mar/2024:11:41:41 +0800] "GET /xingrg/javascript/easyui/themes/default/images/menu_downarrow.png HTTP/1.1" 200 173
116.228.172.94 - - [16/Mar/2024:11:41:41 +0800] "GET /xingrg/javascript/easyui/themes/icons/print.png HTTP/1.1" 200 1057
116.237.79.112 - - [16/Mar/2024:11:41:41 +0800] "GET /xingrg/kc/base/wldb_order_operate.html?command=get_materiel&rest_code=00106&base_code=0010396&code=00101013003 HTTP/1.1" 200 430
116.228.172.94 - - [16/Mar/2024:11:41:41 +0800] "POST /xingrg/kc/buy/cgsh_order_operate.html HTTP/1.1" 200 8245
116.228.172.94 - - [16/Mar/2024:11:41:41 +0800] "GET /xingrg/javascript/easyui/themes/default/validatebox.css HTTP/1.1" 404 1104
116.228.172.94 - - [16/Mar/2024:11:41:41 +0800] "GET /xingrg/javascript/easyui/plugins/jquery.validatebox.js HTTP/1.1" 200 6103
116.228.172.94 - - [16/Mar/2024:11:41:41 +0800] "GET /xingrg/javascript/easyui/plugins/jquery.numberbox.js HTTP/1.1" 200 5213
116.228.172.94 - - [16/Mar/2024:11:41:41 +0800] "GET /xingrg/all/common/auto_word.html?type=employee&rest_code=00153 HTTP/1.1" 200 47
116.228.172.94 - - [16/Mar/2024:11:41:41 +0800] "GET /xingrg/all/common/auto_word.html?type=employee&rest_code=00153 HTTP/1.1" 200 47
116.228.172.94 - - [16/Mar/2024:11:41:41 +0800] "GET /xingrg/javascript/easyui/themes/icons/edit_remove.png HTTP/1.1" 200 625
124.78.60.103 - - [16/Mar/2024:11:41:42 +0800] "GET /xingrg/all/function/internal_message.html?_=1710560502709&CODE_STATE=getMsg HTTP/1.1" 200 27
124.78.60.103 - - [16/Mar/2024:11:41:43 +0800] "GET /xingrg/kc/buy/cgsh_order_operate.html?command=get_materiel&rest_code=00141&code=00101008257&supplier_code=00100008&order_time=2024-03-16 HTTP/1.1" 200 416
221.239.169.251 - - [16/Mar/2024:11:41:43 +0800] "GET /xingrg/javascript/jquery_tools/images/prev.gif HTTP/1.1" 404 1086
221.239.169.251 - - [16/Mar/2024:11:41:43 +0800] "GET /xingrg/javascript/jquery_tools/images/next.gif HTTP/1.1" 404 1086
180.169.147.146 - - [16/Mar/2024:11:41:45 +0800] "GET /xingrg/kc/buy/cgsh_order_operate.html?command=get_materiel&rest_code=00147&code=00101008349&supplier_code=00100008&order_time=2024-03-14 HTTP/1.1" 200 412
101.83.145.37 - - [16/Mar/2024:11:41:46 +0800] "GET /xingrg/kc/base/wldb_order_operate.html?command=get_materiel&rest_code=00105&base_code=0010507&code=00101016096 HTTP/1.1" 200 450
116.232.194.112 - - [16/Mar/2024:11:41:46 +0800] "GET /xingrg/all/function/internal_message.html?_=1710560479084&CODE_STATE=getMsg HTTP/1.1" 200 27
180.169.147.146 - - [16/Mar/2024:11:41:47 +0800] "GET /xingrg/all/function/internal_message.html?_=1710560504557&CODE_STATE=getMsg HTTP/1.1" 200 27
180.169.147.146 - - [16/Mar/2024:11:41:47 +0800] "POST /xingrg/kc/buy/cgsh_order_operate.html HTTP/1.1" 200 2065
116.224.254.208 - - [16/Mar/2024:11:41:48 +0800] "GET /xingrg/all/function/internal_message.html?_=1710560508259&CODE_STATE=getMsg HTTP/1.1" 200 27
116.237.79.112 - - [16/Mar/2024:11:41:50 +0800] "GET /xingrg/all/function/internal_message.html?_=1710560508073&CODE_STATE=getMsg HTTP/1.1" 200 27
120.253.135.82 - - [16/Mar/2024:11:41:50 +0800] "GET /xingrg/all/function/internal_message.html?_=1710560348034&CODE_STATE=getMsg HTTP/1.1" 200 27
101.83.145.37 - - [16/Mar/2024:11:41:51 +0800] "POST /xingrg/kc/base/wldb_order_operate.html HTTP/1.1" 200 37
101.83.145.37 - - [16/Mar/2024:11:41:52 +0800] "POST /xingrg/kc/base/wldb_order_operate.html HTTP/1.1" 200 2698
101.83.145.37 - - [16/Mar/2024:11:41:53 +0800] "GET /xingrg/kc/base/wldb_order_info.html?code=422024031601122 HTTP/1.1" 200 30397
101.83.145.37 - - [16/Mar/2024:11:41:54 +0800] "GET /xingrg/javascript/easyui/themes/default/validatebox.css HTTP/1.1" 404 1104
116.238.97.31 - - [16/Mar/2024:11:41:54 +0800] "GET /xingrg/all/function/internal_message.html?_=1710560515440&CODE_STATE=getMsg HTTP/1.1" 200 27
101.83.145.37 - - [16/Mar/2024:11:41:54 +0800] "POST /xingrg/kc/base/wldb_order_operate.html HTTP/1.1" 200 2698
180.169.147.146 - - [16/Mar/2024:11:41:55 +0800] "GET /xingrg/kc/buy/cgsh_order_operate.html?command=get_materiel&rest_code=00147&code=00101008016&supplier_code=00100008&order_time=2024-03-14 HTTP/1.1" 200 416
116.237.79.112 - - [16/Mar/2024:11:41:57 +0800] "GET /xingrg/all/function/internal_message.html?_=1710560517155&CODE_STATE=getMsg HTTP/1.1" 200 27
124.78.60.103 - - [16/Mar/2024:11:41:59 +0800] "GET /xingrg/kc/buy/cgsh_order_operate.html?command=get_materiel&rest_code=00141&code=00101008357&supplier_code=00100008&order_time=2024-03-16 HTTP/1.1" 200 408
101.83.145.37 - - [16/Mar/2024:11:42:02 +0800] "GET /xingrg/kc/base/wldb_order_add.html HTTP/1.1" 200 30382
101.83.145.37 - - [16/Mar/2024:11:42:03 +0800] "GET /xingrg/javascript/easyui/themes/default/validatebox.css HTTP/1.1" 404 1104
101.83.145.37 - - [16/Mar/2024:11:42:03 +0800] "POST /xingrg/kc/base/wldb_order_operate.html HTTP/1.1" 200 6806
101.83.145.37 - - [16/Mar/2024:11:42:04 +0800] "POST /xingrg/all/common/load_combo.html?type=base HTTP/1.1" 200 3409
222.69.135.185 - - [16/Mar/2024:11:42:05 +0800] "GET /xingrg/check_reg.html?_=1710560526998 HTTP/1.1" 200 22
116.237.79.112 - - [16/Mar/2024:11:42:05 +0800] "POST /xingrg/kc/base/wldb_order_operate.html HTTP/1.1" 200 37
116.237.79.112 - - [16/Mar/2024:11:42:06 +0800] "POST /xingrg/kc/base/wldb_order_operate.html HTTP/1.1" 200 6683
116.237.79.112 - - [16/Mar/2024:11:42:06 +0800] "GET /xingrg/kc/base/wldb_order_info.html?code=422024031601123 HTTP/1.1" 200 30397
116.228.172.94 - - [16/Mar/2024:11:42:07 +0800] "GET /xingrg/all/function/internal_message.html?_=1710560193464&CODE_STATE=getMsg HTTP/1.1" 200 27
116.237.79.112 - - [16/Mar/2024:11:42:07 +0800] "GET /xingrg/javascript/easyui/themes/default/validatebox.css HTTP/1.1" 404 1104
116.237.79.112 - - [16/Mar/2024:11:42:07 +0800] "POST /xingrg/kc/base/wldb_order_operate.html HTTP/1.1" 200 6683
221.239.169.251 - - [16/Mar/2024:11:42:07 +0800] "GET /xingrg/kc/buy/cgsh_order_operate.html?command=get_materiel&rest_code=00145&code=00101028061&supplier_code=00100585&order_time=2024-03-15 HTTP/1.1" 200 438
180.169.147.146 - - [16/Mar/2024:11:42:09 +0800] "GET /xingrg/kc/buy/cgsh_order_operate.html?command=get_materiel&rest_code=00147&code=00101008210&supplier_code=00100008&order_time=2024-03-14 HTTP/1.1" 200 408
116.237.79.112 - - [16/Mar/2024:11:42:10 +0800] "GET /xingrg/kc/base/wldb_order_add.html HTTP/1.1" 200 30382
116.237.79.112 - - [16/Mar/2024:11:42:11 +0800] "POST /xingrg/kc/base/wldb_order_operate.html HTTP/1.1" 200 6806
116.237.79.112 - - [16/Mar/2024:11:42:11 +0800] "GET /xingrg/javascript/easyui/themes/default/validatebox.css HTTP/1.1" 404 1104
116.237.79.112 - - [16/Mar/2024:11:42:12 +0800] "POST /xingrg/all/common/load_combo.html?type=base HTTP/1.1" 200 3227
222.69.135.185 - - [16/Mar/2024:11:42:14 +0800] "GET /xingrg/all/function/internal_message.html?_=1710560536153&CODE_STATE=getMsg HTTP/1.1" 200 27
101.83.145.37 - - [16/Mar/2024:11:42:15 +0800] "GET /xingrg/kc/base/wldb_order_operate.html?command=get_materiel&rest_code=00105&base_code=0010507&code=00101019529 HTTP/1.1" 200 475
116.237.79.112 - - [16/Mar/2024:11:42:15 +0800] "POST /xingrg/all/common/load_combo.html?type=base HTTP/1.1" 200 3227
218.79.29.78 - - [16/Mar/2024:11:42:16 +0800] "GET /xingrg/all/function/internal_message.html?_=1710560548220&CODE_STATE=getMsg HTTP/1.1" 200 27
124.78.60.103 - - [16/Mar/2024:11:42:17 +0800] "GET /xingrg/kc/buy/cgsh_order_operate.html?command=get_materiel&rest_code=00141&code=00101008112&supplier_code=00100008&order_time=2024-03-16 HTTP/1.1" 200 412
116.224.254.208 - - [16/Mar/2024:11:42:18 +0800] "GET /xingrg/all/function/internal_message.html?_=1710560537648&CODE_STATE=getMsg HTTP/1.1" 200 27
101.83.145.37 - - [16/Mar/2024:11:42:19 +0800] "POST /xingrg/kc/base/wldb_order_operate.html HTTP/1.1" 200 37
116.232.194.112 - - [16/Mar/2024:11:42:19 +0800] "GET /xingrg/all/function/internal_message.html?_=1710560512197&CODE_STATE=getMsg HTTP/1.1" 200 27
180.169.147.146 - - [16/Mar/2024:11:42:20 +0800] "GET /xingrg/kc/buy/cgsh_order_operate.html?command=get_materiel&rest_code=00147&code=00101008331&supplier_code=00100008&order_time=2024-03-14 HTTP/1.1" 200 416
101.83.145.37 - - [16/Mar/2024:11:42:20 +0800] "POST /xingrg/kc/base/wldb_order_operate.html HTTP/1.1" 200 2217
101.83.145.37 - - [16/Mar/2024:11:42:22 +0800] "GET /xingrg/kc/base/wldb_order_info.html?code=422024031601124 HTTP/1.1" 200 30395
101.83.145.37 - - [16/Mar/2024:11:42:23 +0800] "GET /xingrg/javascript/easyui/themes/default/validatebox.css HTTP/1.1" 404 1104
101.83.145.37 - - [16/Mar/2024:11:42:23 +0800] "POST /xingrg/kc/base/wldb_order_operate.html HTTP/1.1" 200 2217
222.70.115.1 - - [16/Mar/2024:11:42:24 +0800] "GET /xingrg/all/function/internal_message.html?_=1710560555126&CODE_STATE=getMsg HTTP/1.1" 200 27
180.164.1.25 - - [16/Mar/2024:11:42:27 +0800] "GET /xingrg/check_reg.html?_=1710560546659 HTTP/1.1" 200 22
180.164.1.25 - - [16/Mar/2024:11:42:28 +0800] "GET /xingrg/all/function/internal_message.html?_=1710560547460&CODE_STATE=getMsg HTTP/1.1" 200 27
180.169.147.146 - - [16/Mar/2024:11:42:30 +0800] "GET /xingrg/kc/buy/cgsh_order_operate.html?command=get_materiel&rest_code=00147&code=00101008059&supplier_code=00100008&order_time=2024-03-14 HTTP/1.1" 200 408
222.70.183.82 - - [16/Mar/2024:11:42:31 +0800] "GET /xingrg/all/function/internal_message.html?_=1710560549582&CODE_STATE=getMsg HTTP/1.1" 200 27
101.83.145.37 - - [16/Mar/2024:11:42:31 +0800] "GET /xingrg/kc/base/wldb_order_add.html HTTP/1.1" 200 30382
101.83.145.37 - - [16/Mar/2024:11:42:31 +0800] "GET /xingrg/javascript/easyui/themes/default/validatebox.css HTTP/1.1" 404 1104
101.83.145.37 - - [16/Mar/2024:11:42:31 +0800] "POST /xingrg/kc/base/wldb_order_operate.html HTTP/1.1" 200 6806
101.83.145.37 - - [16/Mar/2024:11:42:32 +0800] "POST /xingrg/all/common/load_combo.html?type=base HTTP/1.1" 200 3409
124.77.245.47 - - [16/Mar/2024:11:42:34 +0800] "GET /xingrg/all/function/internal_message.html?_=1710560577060&CODE_STATE=getMsg HTTP/1.1" 200 27
101.83.145.37 - - [16/Mar/2024:11:42:34 +0800] "GET /xingrg/all/function/internal_message.html?_=1710560555005&CODE_STATE=getMsg HTTP/1.1" 200 27
116.232.194.112 - - [16/Mar/2024:11:42:35 +0800] "POST /xingrg/kc/base/wldb_list_operate.html HTTP/1.1" 200 3388
124.78.60.103 - - [16/Mar/2024:11:42:38 +0800] "GET /xingrg/kc/buy/cgsh_order_operate.html?command=get_materiel&rest_code=00141&code=00101008072&supplier_code=00100008&order_time=2024-03-16 HTTP/1.1" 200 408
114.83.222.242 - - [16/Mar/2024:11:42:39 +0800] "GET /xingrg/all/function/internal_message.html?_=1710560556507&CODE_STATE=getMsg HTTP/1.1" 200 27
221.239.169.251 - - [16/Mar/2024:11:42:39 +0800] "GET /xingrg/all/function/internal_message.html?_=1710560557699&CODE_STATE=getMsg HTTP/1.1" 200 27
101.83.145.37 - - [16/Mar/2024:11:42:42 +0800] "GET /xingrg/kc/base/wldb_order_operate.html?command=get_materiel&rest_code=00105&base_code=0010507&code=00101019391 HTTP/1.1" 200 485
180.169.147.146 - - [16/Mar/2024:11:42:42 +0800] "GET /xingrg/kc/buy/cgsh_order_operate.html?command=get_materiel&rest_code=00147&code=00101008042&supplier_code=00100008&order_time=2024-03-14 HTTP/1.1" 200 416
124.78.60.103 - - [16/Mar/2024:11:42:42 +0800] "GET /xingrg/all/function/internal_message.html?_=1710560562708&CODE_STATE=getMsg HTTP/1.1" 200 27
116.228.172.94 - - [16/Mar/2024:11:42:43 +0800] "GET /xingrg/javascript/auto/indicator.gif HTTP/1.1" 404 1066
116.228.172.94 - - [16/Mar/2024:11:42:43 +0800] "GET /xingrg/javascript/jquery_tools/images/prev.gif HTTP/1.1" 404 1086
116.228.172.94 - - [16/Mar/2024:11:42:43 +0800] "GET /xingrg/javascript/jquery_tools/images/next.gif HTTP/1.1" 404 1086
124.78.60.103 - - [16/Mar/2024:11:42:44 +0800] "POST /xingrg/kc/buy/cgsh_order_operate.html HTTP/1.1" 200 2065
116.232.194.112 - - [16/Mar/2024:11:42:46 +0800] "GET /xingrg/all/function/internal_message.html?_=1710560539091&CODE_STATE=getMsg HTTP/1.1" 200 27
180.169.147.146 - - [16/Mar/2024:11:42:47 +0800] "GET /xingrg/all/function/internal_message.html?_=1710560564528&CODE_STATE=getMsg HTTP/1.1" 200 27
116.224.254.208 - - [16/Mar/2024:11:42:48 +0800] "GET /xingrg/all/function/internal_message.html?_=1710560568231&CODE_STATE=getMsg HTTP/1.1" 200 27
101.83.145.37 - - [16/Mar/2024:11:42:49 +0800] "GET /xingrg/kc/base/wldb_order_operate.html?command=get_materiel&rest_code=00105&base_code=0010507&code=00101019258 HTTP/1.1" 200 483
116.237.79.112 - - [16/Mar/2024:11:42:50 +0800] "GET /xingrg/all/function/internal_message.html?_=1710560568076&CODE_STATE=getMsg HTTP/1.1" 200 27
180.169.147.146 - - [16/Mar/2024:11:42:50 +0800] "GET /xingrg/kc/buy/cgsh_order_operate.html?command=get_materiel&rest_code=00147&code=00101008061&supplier_code=00100008&order_time=2024-03-14 HTTP/1.1" 200 422
120.253.135.82 - - [16/Mar/2024:11:42:50 +0800] "GET /xingrg/all/function/internal_message.html?_=1710560408042&CODE_STATE=getMsg HTTP/1.1" 200 27
180.163.28.180 - - [16/Mar/2024:11:42:50 +0800] "GET /xingrg/all/function/internal_message.html?_=1710560508073&CODE_STATE=getMsg HTTP/1.1" 302 -
180.163.28.180 - - [16/Mar/2024:11:42:50 +0800] "GET /xingrg/login.html HTTP/1.1" 200 7641
124.78.60.103 - - [16/Mar/2024:11:42:52 +0800] "GET /xingrg/kc/buy/cgsh_order_operate.html?command=get_materiel&rest_code=00141&code=00101008098&supplier_code=00100008&order_time=2024-03-16 HTTP/1.1" 200 412
116.238.97.31 - - [16/Mar/2024:11:42:54 +0800] "GET /xingrg/all/function/internal_message.html?_=1710560575421&CODE_STATE=getMsg HTTP/1.1" 200 27
180.169.147.146 - - [16/Mar/2024:11:42:55 +0800] "POST /xingrg/kc/buy/cgsh_order_operate.html HTTP/1.1" 200 2065
116.237.79.112 - - [16/Mar/2024:11:42:57 +0800] "GET /xingrg/all/function/internal_message.html?_=1710560577177&CODE_STATE=getMsg HTTP/1.1" 200 27
116.237.79.112 - - [16/Mar/2024:11:42:57 +0800] "GET /xingrg/check_reg.html?_=1710560577174 HTTP/1.1" 200 22
116.232.194.112 - - [16/Mar/2024:11:43:02 +0800] "POST /xingrg/kc/base/wldb_list_operate.html HTTP/1.1" 200 202
116.232.194.112 - - [16/Mar/2024:11:43:02 +0800] "GET /xingrg/kc/base/wldb_order_info.html?code=422024031601113 HTTP/1.1" 200 30401
180.169.147.146 - - [16/Mar/2024:11:43:03 +0800] "GET /xingrg/kc/buy/cgsh_order_operate.html?command=get_materiel&rest_code=00147&code=00101008519&supplier_code=00100008&order_time=2024-03-14 HTTP/1.1" 200 408
116.232.194.112 - - [16/Mar/2024:11:43:03 +0800] "GET /xingrg/javascript/easyui/themes/default/validatebox.css HTTP/1.1" 404 1104
116.237.79.112 - - [16/Mar/2024:11:43:03 +0800] "GET /xingrg/kc/base/wldb_order_operate.html?command=get_materiel&rest_code=00106&base_code=0010396&code=00101019185 HTTP/1.1" 200 469
116.232.194.112 - - [16/Mar/2024:11:43:03 +0800] "POST /xingrg/kc/base/wldb_order_operate.html HTTP/1.1" 200 2192
116.228.172.94 - - [16/Mar/2024:11:43:07 +0800] "GET /xingrg/all/function/internal_message.html?_=1710560253460&CODE_STATE=getMsg HTTP/1.1" 200 27
116.228.172.94 - - [16/Mar/2024:11:43:08 +0800] "GET /xingrg/kc/buy/cgsh_order_operate.html?command=get_materiel&rest_code=00153&code=00101011005&supplier_code=00100049&order_time=2024-03-15 HTTP/1.1" 200 430
124.78.60.103 - - [16/Mar/2024:11:43:10 +0800] "GET /xingrg/kc/buy/cgsh_order_operate.html?command=get_materiel&rest_code=00141&code=00101008059&supplier_code=00100008&order_time=2024-03-16 HTTP/1.1" 200 408
180.169.147.146 - - [16/Mar/2024:11:43:11 +0800] "GET /xingrg/kc/buy/cgsh_order_operate.html?command=get_materiel&rest_code=00147&code=00101009011&supplier_code=00100008&order_time=2024-03-14 HTTP/1.1" 200 416
116.232.194.112 - - [16/Mar/2024:11:43:12 +0800] "GET /xingrg/kc/base/wldb_order_operate.html?command=get_materiel&rest_code=00155&base_code=0010742&code=00101036007 HTTP/1.1" 200 446
116.237.79.112 - - [16/Mar/2024:11:43:14 +0800] "GET /xingrg/kc/base/wldb_order_operate.html?command=get_materiel&rest_code=00106&base_code=0010396&code=00101016094 HTTP/1.1" 200 470
222.69.135.185 - - [16/Mar/2024:11:43:14 +0800] "GET /xingrg/all/function/internal_message.html?_=1710560596137&CODE_STATE=getMsg HTTP/1.1" 200 27
116.228.172.94 - - [16/Mar/2024:11:43:16 +0800] "GET /xingrg/kc/buy/cgsh_order_operate.html?command=get_materiel&rest_code=00153&code=00101011010&supplier_code=00100049&order_time=2024-03-15 HTTP/1.1" 200 418
218.79.29.78 - - [16/Mar/2024:11:43:16 +0800] "GET /xingrg/check_reg.html?_=1710560608220 HTTP/1.1" 200 22
218.79.29.78 - - [16/Mar/2024:11:43:16 +0800] "GET /xingrg/all/function/internal_message.html?_=1710560608224&CODE_STATE=getMsg HTTP/1.1" 200 27
101.83.145.37 - - [16/Mar/2024:11:43:17 +0800] "GET /xingrg/kc/base/wldb_order_operate.html?command=get_materiel&rest_code=00105&base_code=0010507&code=00101019133 HTTP/1.1" 200 480
116.224.254.208 - - [16/Mar/2024:11:43:17 +0800] "GET /xingrg/all/function/internal_message.html?_=1710560597642&CODE_STATE=getMsg HTTP/1.1" 200 27
116.224.254.208 - - [16/Mar/2024:11:43:18 +0800] "GET /xingrg/check_reg.html?_=1710560597645 HTTP/1.1" 200 22
101.83.145.37 - - [16/Mar/2024:11:43:21 +0800] "POST /xingrg/kc/base/wldb_order_operate.html HTTP/1.1" 200 37
116.232.194.112 - - [16/Mar/2024:11:43:23 +0800] "POST /xingrg/kc/base/wldb_order_operate.html HTTP/1.1" 200 37
101.83.145.37 - - [16/Mar/2024:11:43:23 +0800] "POST /xingrg/kc/base/wldb_order_operate.html HTTP/1.1" 200 3255
116.232.194.112 - - [16/Mar/2024:11:43:23 +0800] "POST /xingrg/kc/base/wldb_order_operate.html HTTP/1.1" 200 2679
222.70.115.1 - - [16/Mar/2024:11:43:24 +0800] "GET /xingrg/all/function/internal_message.html?_=1710560615153&CODE_STATE=getMsg HTTP/1.1" 200 27
101.83.145.37 - - [16/Mar/2024:11:43:25 +0800] "GET /xingrg/kc/base/wldb_order_info.html?code=422024031601125 HTTP/1.1" 200 30397
116.232.194.112 - - [16/Mar/2024:11:43:25 +0800] "GET /xingrg/kc/base/wldb_order_info.html?code=422024031601113 HTTP/1.1" 200 30403
101.83.145.37 - - [16/Mar/2024:11:43:25 +0800] "GET /xingrg/javascript/easyui/themes/default/validatebox.css HTTP/1.1" 404 1104
116.232.194.112 - - [16/Mar/2024:11:43:26 +0800] "GET /xingrg/javascript/easyui/themes/default/validatebox.css HTTP/1.1" 404 1104
101.83.145.37 - - [16/Mar/2024:11:43:26 +0800] "POST /xingrg/kc/base/wldb_order_operate.html HTTP/1.1" 200 3255
116.232.194.112 - - [16/Mar/2024:11:43:26 +0800] "POST /xingrg/kc/base/wldb_order_operate.html HTTP/1.1" 200 2679
221.239.169.251 - - [16/Mar/2024:11:43:27 +0800] "GET /xingrg/kc/buy/cgsh_order_operate.html?command=get_materiel&rest_code=00145&code=00101029081&supplier_code=00100585&order_time=2024-03-15 HTTP/1.1" 200 437
124.78.60.103 - - [16/Mar/2024:11:43:28 +0800] "GET /xingrg/kc/buy/cgsh_order_operate.html?command=get_materiel&rest_code=00141&code=00101009036&supplier_code=00100008&order_time=2024-03-16 HTTP/1.1" 200 415
101.83.145.37 - - [16/Mar/2024:11:43:28 +0800] "GET /xingrg/kc/base/wldb_order_add.html HTTP/1.1" 200 30382
180.164.1.25 - - [16/Mar/2024:11:43:28 +0800] "GET /xingrg/all/function/internal_message.html?_=1710560607444&CODE_STATE=getMsg HTTP/1.1" 200 27
116.228.172.94 - - [16/Mar/2024:11:43:28 +0800] "GET /xingrg/kc/buy/cgsh_order_operate.html?command=get_materiel&rest_code=00153&code=00101016011&supplier_code=00100049&order_time=2024-03-15 HTTP/1.1" 200 431
101.83.145.37 - - [16/Mar/2024:11:43:28 +0800] "GET /xingrg/javascript/easyui/themes/default/validatebox.css HTTP/1.1" 404 1104
101.83.145.37 - - [16/Mar/2024:11:43:28 +0800] "POST /xingrg/kc/base/wldb_order_operate.html HTTP/1.1" 200 6806
101.83.145.37 - - [16/Mar/2024:11:43:29 +0800] "POST /xingrg/all/common/load_combo.html?type=base HTTP/1.1" 200 3409
180.169.147.146 - - [16/Mar/2024:11:43:30 +0800] "GET /xingrg/kc/buy/cgsh_order_operate.html?command=get_materiel&rest_code=00147&code=00101009015&supplier_code=00100008&order_time=2024-03-14 HTTP/1.1" 200 416
222.70.183.82 - - [16/Mar/2024:11:43:31 +0800] "GET /xingrg/all/function/internal_message.html?_=1710560609553&CODE_STATE=getMsg HTTP/1.1" 200 27
222.70.183.82 - - [16/Mar/2024:11:43:32 +0800] "GET /xingrg/check_reg.html?_=1710560610788 HTTP/1.1" 200 22
101.83.145.37 - - [16/Mar/2024:11:43:34 +0800] "GET /xingrg/all/function/internal_message.html?_=1710560615018&CODE_STATE=getMsg HTTP/1.1" 200 27
124.77.245.47 - - [16/Mar/2024:11:43:34 +0800] "GET /xingrg/all/function/internal_message.html?_=1710560637140&CODE_STATE=getMsg HTTP/1.1" 200 27
101.83.145.37 - - [16/Mar/2024:11:43:38 +0800] "GET /xingrg/kc/base/wldb_order_operate.html?command=get_materiel&rest_code=00105&base_code=0010508&code=00102002258 HTTP/1.1" 200 447
114.83.222.242 - - [16/Mar/2024:11:43:39 +0800] "GET /xingrg/all/function/internal_message.html?_=1710560616512&CODE_STATE=getMsg HTTP/1.1" 200 27
221.239.169.251 - - [16/Mar/2024:11:43:39 +0800] "GET /xingrg/all/function/internal_message.html?_=1710560617701&CODE_STATE=getMsg HTTP/1.1" 200 27
116.237.79.112 - - [16/Mar/2024:11:43:40 +0800] "GET /xingrg/kc/base/wldb_order_operate.html?command=get_materiel&rest_code=00106&base_code=0010396&code=00101016044 HTTP/1.1" 200 464
180.169.147.146 - - [16/Mar/2024:11:43:40 +0800] "GET /xingrg/kc/buy/cgsh_order_operate.html?command=get_materiel&rest_code=00147&code=00101008655&supplier_code=00100008&order_time=2024-03-14 HTTP/1.1" 200 409
124.78.60.103 - - [16/Mar/2024:11:43:42 +0800] "GET /xingrg/all/function/internal_message.html?_=1710560622711&CODE_STATE=getMsg HTTP/1.1" 200 27
116.232.194.112 - - [16/Mar/2024:11:43:46 +0800] "GET /xingrg/all/function/internal_message.html?_=1710560599091&CODE_STATE=getMsg HTTP/1.1" 200 27
116.232.194.112 - - [16/Mar/2024:11:43:46 +0800] "GET /xingrg/check_reg.html?_=1710560599094 HTTP/1.1" 200 22
124.78.60.103 - - [16/Mar/2024:11:43:47 +0800] "GET /xingrg/kc/buy/cgsh_order_operate.html?command=get_materiel&rest_code=00141&code=00101008368&supplier_code=00100008&order_time=2024-03-16 HTTP/1.1" 200 408
180.169.147.146 - - [16/Mar/2024:11:43:47 +0800] "GET /xingrg/all/function/internal_message.html?_=1710560624505&CODE_STATE=getMsg HTTP/1.1" 200 27
116.224.254.208 - - [16/Mar/2024:11:43:48 +0800] "GET /xingrg/all/function/internal_message.html?_=1710560628216&CODE_STATE=getMsg HTTP/1.1" 200 27
180.163.29.79 - - [16/Mar/2024:11:43:50 +0800] "GET /xingrg/all/function/internal_message.html?_=1710560568076&CODE_STATE=getMsg HTTP/1.1" 302 -
180.163.29.79 - - [16/Mar/2024:11:43:50 +0800] "GET /xingrg/login.html HTTP/1.1" 200 7641
120.253.135.82 - - [16/Mar/2024:11:43:50 +0800] "GET /xingrg/check_reg.html?_=1710560467818 HTTP/1.1" 200 22
116.237.79.112 - - [16/Mar/2024:11:43:50 +0800] "GET /xingrg/check_reg.html?_=1710560628092 HTTP/1.1" 200 22
116.237.79.112 - - [16/Mar/2024:11:43:50 +0800] "GET /xingrg/all/function/internal_message.html?_=1710560628086&CODE_STATE=getMsg HTTP/1.1" 200 27
120.253.135.82 - - [16/Mar/2024:11:43:50 +0800] "GET /xingrg/all/function/internal_message.html?_=1710560468056&CODE_STATE=getMsg HTTP/1.1" 200 27
116.237.79.112 - - [16/Mar/2024:11:43:53 +0800] "POST /xingrg/kc/base/wldb_order_operate.html HTTP/1.1" 200 37
116.237.79.112 - - [16/Mar/2024:11:43:54 +0800] "POST /xingrg/kc/base/wldb_order_operate.html HTTP/1.1" 200 3726
116.238.97.31 - - [16/Mar/2024:11:43:54 +0800] "GET /xingrg/all/function/internal_message.html?_=1710560635396&CODE_STATE=getMsg HTTP/1.1" 200 27
116.237.79.112 - - [16/Mar/2024:11:43:54 +0800] "GET /xingrg/kc/base/wldb_order_info.html?code=422024031601126 HTTP/1.1" 200 30397
116.237.79.112 - - [16/Mar/2024:11:43:55 +0800] "GET /xingrg/javascript/easyui/themes/default/validatebox.css HTTP/1.1" 404 1104
116.237.79.112 - - [16/Mar/2024:11:43:55 +0800] "POST /xingrg/kc/base/wldb_order_operate.html HTTP/1.1" 200 3726
116.237.79.112 - - [16/Mar/2024:11:43:58 +0800] "GET /xingrg/kc/base/wldb_order_add.html HTTP/1.1" 200 30382
116.237.79.112 - - [16/Mar/2024:11:43:58 +0800] "POST /xingrg/kc/base/wldb_order_operate.html HTTP/1.1" 200 6806
116.237.79.112 - - [16/Mar/2024:11:43:58 +0800] "GET /xingrg/javascript/easyui/themes/default/validatebox.css HTTP/1.1" 404 1104
116.232.194.112 - - [16/Mar/2024:11:43:59 +0800] "POST /xingrg/kc/base/wldb_order_operate.html HTTP/1.1" 200 37
116.237.79.112 - - [16/Mar/2024:11:43:59 +0800] "POST /xingrg/all/common/load_combo.html?type=base HTTP/1.1" 200 3227
116.232.194.112 - - [16/Mar/2024:11:44:00 +0800] "POST /xingrg/kc/base/wldb_order_operate.html HTTP/1.1" 200 2679
180.169.147.146 - - [16/Mar/2024:11:44:01 +0800] "POST /xingrg/kc/buy/cgsh_order_operate.html HTTP/1.1" 200 37
116.237.79.112 - - [16/Mar/2024:11:44:02 +0800] "POST /xingrg/all/common/load_combo.html?type=base HTTP/1.1" 200 3227
221.239.169.251 - - [16/Mar/2024:11:44:03 +0800] "GET /xingrg/kc/buy/cgsh_order_operate.html?command=get_materiel&rest_code=00145&code=00101025070&supplier_code=00100585&order_time=2024-03-15 HTTP/1.1" 200 454
124.78.60.103 - - [16/Mar/2024:11:44:04 +0800] "GET /xingrg/kc/buy/cgsh_order_operate.html?command=get_materiel&rest_code=00141&code=00101008350&supplier_code=00100008&order_time=2024-03-16 HTTP/1.1" 200 408
116.228.172.94 - - [16/Mar/2024:11:44:07 +0800] "GET /xingrg/all/function/internal_message.html?_=1710560313457&CODE_STATE=getMsg HTTP/1.1" 200 27
116.232.194.112 - - [16/Mar/2024:11:44:14 +0800] "GET /xingrg/kc/base/wldb_order_info.html?code=422024031601113 HTTP/1.1" 200 30403
222.69.135.185 - - [16/Mar/2024:11:44:14 +0800] "GET /xingrg/all/function/internal_message.html?_=1710560656129&CODE_STATE=getMsg HTTP/1.1" 200 27
116.232.194.112 - - [16/Mar/2024:11:44:14 +0800] "GET /xingrg/javascript/easyui/themes/default/validatebox.css HTTP/1.1" 404 1104
116.232.194.112 - - [16/Mar/2024:11:44:15 +0800] "POST /xingrg/kc/base/wldb_order_operate.html HTTP/1.1" 200 2679
116.237.79.112 - - [16/Mar/2024:11:44:15 +0800] "GET /xingrg/kc/base/wldb_order_operate.html?command=get_materiel&rest_code=00106&base_code=0010396&code=00101013225 HTTP/1.1" 200 449
218.79.29.78 - - [16/Mar/2024:11:44:16 +0800] "GET /xingrg/all/function/internal_message.html?_=1710560668229&CODE_STATE=getMsg HTTP/1.1" 200 27
116.224.254.208 - - [16/Mar/2024:11:44:17 +0800] "GET /xingrg/all/function/internal_message.html?_=1710560657637&CODE_STATE=getMsg HTTP/1.1" 200 27
116.232.194.112 - - [16/Mar/2024:11:44:19 +0800] "GET /xingrg/all/function/internal_message.html?_=1710560632200&CODE_STATE=getMsg HTTP/1.1" 200 27
116.238.97.31 - - [16/Mar/2024:11:44:21 +0800] "POST /xingrg/services/DataTransmitService HTTP/1.1" 200 524
116.238.97.31 - - [16/Mar/2024:11:44:23 +0800] "POST /xingrg/services/DataTransmitService HTTP/1.1" 200 412
116.237.79.112 - - [16/Mar/2024:11:44:23 +0800] "POST /xingrg/kc/base/wldb_order_operate.html HTTP/1.1" 200 37
124.78.60.103 - - [16/Mar/2024:11:44:24 +0800] "POST /xingrg/kc/buy/cgsh_order_operate.html HTTP/1.1" 200 37
116.237.79.112 - - [16/Mar/2024:11:44:24 +0800] "POST /xingrg/kc/base/wldb_order_operate.html HTTP/1.1" 200 2192
222.70.115.1 - - [16/Mar/2024:11:44:24 +0800] "GET /xingrg/check_reg.html?_=1710560675152 HTTP/1.1" 200 22
222.70.115.1 - - [16/Mar/2024:11:44:24 +0800] "GET /xingrg/all/function/internal_message.html?_=1710560675155&CODE_STATE=getMsg HTTP/1.1" 200 27
221.239.169.251 - - [16/Mar/2024:11:44:26 +0800] "GET /xingrg/kc/buy/cgsh_order_operate.html?command=get_materiel&rest_code=00145&code=00101027042&supplier_code=00100585&order_time=2024-03-15 HTTP/1.1" 200 440
116.237.79.112 - - [16/Mar/2024:11:44:26 +0800] "GET /xingrg/kc/base/wldb_order_info.html?code=422024031601127 HTTP/1.1" 200 30398
116.237.79.112 - - [16/Mar/2024:11:44:26 +0800] "GET /xingrg/javascript/easyui/themes/default/validatebox.css HTTP/1.1" 404 1104
116.237.79.112 - - [16/Mar/2024:11:44:27 +0800] "POST /xingrg/kc/base/wldb_order_operate.html HTTP/1.1" 200 2192
124.78.60.103 - - [16/Mar/2024:11:44:27 +0800] "POST /xingrg/kc/buy/cgsh_order_operate.html HTTP/1.1" 200 22192
180.164.1.25 - - [16/Mar/2024:11:44:28 +0800] "GET /xingrg/all/function/internal_message.html?_=1710560667424&CODE_STATE=getMsg HTTP/1.1" 200 27
116.237.79.112 - - [16/Mar/2024:11:44:29 +0800] "GET /xingrg/kc/base/wldb_order_add.html HTTP/1.1" 200 30382
116.237.79.112 - - [16/Mar/2024:11:44:29 +0800] "GET /xingrg/javascript/easyui/themes/default/validatebox.css HTTP/1.1" 404 1104
116.237.79.112 - - [16/Mar/2024:11:44:29 +0800] "POST /xingrg/kc/base/wldb_order_operate.html HTTP/1.1" 200 6806
222.70.183.82 - - [16/Mar/2024:11:44:31 +0800] "GET /xingrg/all/function/internal_message.html?_=1710560669526&CODE_STATE=getMsg HTTP/1.1" 200 27
116.237.79.112 - - [16/Mar/2024:11:44:31 +0800] "POST /xingrg/all/common/load_combo.html?type=base HTTP/1.1" 200 3227
116.232.194.112 - - [16/Mar/2024:11:44:31 +0800] "POST /xingrg/kc/base/wldb_list_operate.html HTTP/1.1" 200 3389
116.237.79.112 - - [16/Mar/2024:11:44:33 +0800] "POST /xingrg/all/common/load_combo.html?type=base HTTP/1.1" 200 3227
124.77.245.47 - - [16/Mar/2024:11:44:34 +0800] "GET /xingrg/all/function/internal_message.html?_=1710560697149&CODE_STATE=getMsg HTTP/1.1" 200 27
101.83.145.37 - - [16/Mar/2024:11:44:34 +0800] "GET /xingrg/all/function/internal_message.html?_=1710560675017&CODE_STATE=getMsg HTTP/1.1" 200 27
180.169.147.146 - - [16/Mar/2024:11:44:35 +0800] "POST /xingrg/kc/buy/cgsh_order_operate.html HTTP/1.1" 200 24547
116.232.194.112 - - [16/Mar/2024:11:44:36 +0800] "POST /xingrg/kc/base/wldb_list_operate.html HTTP/1.1" 200 213
180.169.147.146 - - [16/Mar/2024:11:44:36 +0800] "GET /xingrg/kc/print/load_config.html?kc_code=cgsh HTTP/1.1" 200 1927
180.169.147.146 - - [16/Mar/2024:11:44:37 +0800] "GET /xingrg/kc/print/load_data.html?order_code=212024031604641&kc_code=cgsh&condition= HTTP/1.1" 200 8973
116.232.194.112 - - [16/Mar/2024:11:44:37 +0800] "GET /xingrg/kc/base/wldb_order_info.html?code=422024031601115 HTTP/1.1" 200 30405
116.232.194.112 - - [16/Mar/2024:11:44:38 +0800] "GET /xingrg/javascript/easyui/themes/default/validatebox.css HTTP/1.1" 404 1104
116.232.194.112 - - [16/Mar/2024:11:44:38 +0800] "POST /xingrg/kc/base/wldb_order_operate.html HTTP/1.1" 200 2209
114.83.222.242 - - [16/Mar/2024:11:44:39 +0800] "GET /xingrg/check_reg.html?_=1710560676517 HTTP/1.1" 200 22
114.83.222.242 - - [16/Mar/2024:11:44:39 +0800] "GET /xingrg/all/function/internal_message.html?_=1710560676521&CODE_STATE=getMsg HTTP/1.1" 200 27
221.239.169.251 - - [16/Mar/2024:11:44:39 +0800] "GET /xingrg/all/function/internal_message.html?_=1710560677697&CODE_STATE=getMsg HTTP/1.1" 200 27
124.78.60.103 - - [16/Mar/2024:11:44:42 +0800] "GET /xingrg/all/function/internal_message.html?_=1710560682705&CODE_STATE=getMsg HTTP/1.1" 200 27
124.78.60.103 - - [16/Mar/2024:11:44:42 +0800] "GET /xingrg/check_reg.html?_=1710560682711 HTTP/1.1" 200 22
116.232.194.112 - - [16/Mar/2024:11:44:43 +0800] "GET /xingrg/kc/base/wldb_order_operate.html?command=get_materiel&rest_code=00155&base_code=0010739&code=00101019390 HTTP/1.1" 200 470
116.232.194.112 - - [16/Mar/2024:11:44:46 +0800] "GET /xingrg/all/function/internal_message.html?_=1710560659088&CODE_STATE=getMsg HTTP/1.1" 200 27
180.169.147.146 - - [16/Mar/2024:11:44:47 +0800] "GET /xingrg/all/function/internal_message.html?_=1710560684492&CODE_STATE=getMsg HTTP/1.1" 200 27
180.169.147.146 - - [16/Mar/2024:11:44:48 +0800] "GET /xingrg/check_reg.html?_=1710560685054 HTTP/1.1" 200 22
116.237.79.112 - - [16/Mar/2024:11:44:48 +0800] "GET /xingrg/kc/base/wldb_order_operate.html?command=get_materiel&rest_code=00106&base_code=0010396&code=00101019492 HTTP/1.1" 200 456
116.224.254.208 - - [16/Mar/2024:11:44:48 +0800] "GET /xingrg/all/function/internal_message.html?_=1710560688200&CODE_STATE=getMsg HTTP/1.1" 200 27
221.239.169.251 - - [16/Mar/2024:11:44:48 +0800] "GET /xingrg/kc/buy/cgsh_order_operate.html?command=get_materiel&rest_code=00145&code=00101027025&supplier_code=00100585&order_time=2024-03-15 HTTP/1.1" 200 463
101.83.145.37 - - [16/Mar/2024:11:44:49 +0800] "GET /xingrg/kc/base/wldb_order_operate.html?command=get_materiel&rest_code=00105&base_code=0010508&code=00102002556 HTTP/1.1" 200 444
116.237.79.112 - - [16/Mar/2024:11:44:50 +0800] "GET /xingrg/all/function/internal_message.html?_=1710560688094&CODE_STATE=getMsg HTTP/1.1" 200 27
120.253.135.82 - - [16/Mar/2024:11:44:50 +0800] "GET /xingrg/all/function/internal_message.html?_=1710560528069&CODE_STATE=getMsg HTTP/1.1" 200 27
116.232.194.112 - - [16/Mar/2024:11:44:52 +0800] "POST /xingrg/kc/base/wldb_order_operate.html HTTP/1.1" 200 37
116.232.194.112 - - [16/Mar/2024:11:44:52 +0800] "POST /xingrg/kc/base/wldb_order_operate.html HTTP/1.1" 200 2712
124.78.60.103 - - [16/Mar/2024:11:44:54 +0800] "GET /xingrg/kc/buy/cgsh_order_operate.html?command=get_materiel&rest_code=00141&code=00101008403&supplier_code=00100008&order_time=2024-03-16 HTTP/1.1" 200 412
116.232.194.112 - - [16/Mar/2024:11:44:54 +0800] "GET /xingrg/kc/base/wldb_order_info.html?code=422024031601115 HTTP/1.1" 200 30405
116.238.97.31 - - [16/Mar/2024:11:44:54 +0800] "GET /xingrg/all/function/internal_message.html?_=1710560695389&CODE_STATE=getMsg HTTP/1.1" 200 27
116.232.194.112 - - [16/Mar/2024:11:44:54 +0800] "GET /xingrg/javascript/easyui/themes/default/validatebox.css HTTP/1.1" 404 1104
116.232.194.112 - - [16/Mar/2024:11:44:55 +0800] "POST /xingrg/kc/base/wldb_order_operate.html HTTP/1.1" 200 2712
120.253.135.82 - - [16/Mar/2024:11:44:56 +0800] "GET /xingrg/kc/pszx/mdqp_order_list.html?state=10 HTTP/1.1" 200 10319
120.253.135.82 - - [16/Mar/2024:11:44:56 +0800] "GET /xingrg/dwr/interface/AjaxQqpsService.js HTTP/1.1" 200 16326
120.253.135.82 - - [16/Mar/2024:11:44:56 +0800] "GET /xingrg/dwr/interface/AjaxReportQueryService.js HTTP/1.1" 200 13203
120.253.135.82 - - [16/Mar/2024:11:44:56 +0800] "GET /xingrg/dwr/engine.js HTTP/1.1" 200 43631
101.83.145.37 - - [16/Mar/2024:11:44:57 +0800] "GET /xingrg/kc/base/wldb_order_operate.html?command=get_materiel&rest_code=00105&base_code=0010508&code=00102002082 HTTP/1.1" 200 454
116.237.79.112 - - [16/Mar/2024:11:44:57 +0800] "GET /xingrg/all/function/internal_message.html?_=1710560697194&CODE_STATE=getMsg HTTP/1.1" 200 27
120.253.135.82 - - [16/Mar/2024:11:44:59 +0800] "GET /xingrg/kc/pszx/mdps_order_list.html?orderType=0 HTTP/1.1" 200 21033
120.253.135.82 - - [16/Mar/2024:11:44:59 +0800] "POST /xingrg/kc/pszx/mdps_list_operate.html HTTP/1.1" 200 5323
101.83.145.37 - - [16/Mar/2024:11:45:01 +0800] "POST /xingrg/kc/base/wldb_order_operate.html HTTP/1.1" 200 37
101.83.145.37 - - [16/Mar/2024:11:45:02 +0800] "POST /xingrg/kc/base/wldb_order_operate.html HTTP/1.1" 200 3167
116.232.194.112 - - [16/Mar/2024:11:45:03 +0800] "POST /xingrg/kc/base/wldb_list_operate.html HTTP/1.1" 200 3389
101.83.145.37 - - [16/Mar/2024:11:45:04 +0800] "GET /xingrg/kc/base/wldb_order_info.html?code=422024031601128 HTTP/1.1" 200 30396
101.83.145.37 - - [16/Mar/2024:11:45:04 +0800] "GET /xingrg/javascript/easyui/themes/default/validatebox.css HTTP/1.1" 404 1104
101.83.145.37 - - [16/Mar/2024:11:45:05 +0800] "POST /xingrg/kc/base/wldb_order_operate.html HTTP/1.1" 200 3167
116.228.172.94 - - [16/Mar/2024:11:45:07 +0800] "GET /xingrg/check_reg.html?_=1710560373449 HTTP/1.1" 200 22
116.228.172.94 - - [16/Mar/2024:11:45:07 +0800] "GET /xingrg/all/function/internal_message.html?_=1710560373454&CODE_STATE=getMsg HTTP/1.1" 200 27
101.83.145.37 - - [16/Mar/2024:11:45:10 +0800] "GET /xingrg/kc/base/wldb_order_add.html HTTP/1.1" 200 30382
120.253.135.82 - - [16/Mar/2024:11:45:11 +0800] "GET /xingrg/javascript/auto/indicator.gif HTTP/1.1" 404 1066
101.83.145.37 - - [16/Mar/2024:11:45:11 +0800] "GET /xingrg/javascript/easyui/themes/default/validatebox.css HTTP/1.1" 404 1104
101.83.145.37 - - [16/Mar/2024:11:45:11 +0800] "POST /xingrg/kc/base/wldb_order_operate.html HTTP/1.1" 200 6806
221.239.169.251 - - [16/Mar/2024:11:45:11 +0800] "POST /xingrg/kc/buy/cgsh_order_operate.html HTTP/1.1" 200 37
124.78.60.103 - - [16/Mar/2024:11:45:11 +0800] "GET /xingrg/kc/buy/cgsh_order_operate.html?command=get_materiel&rest_code=00141&code=00101008038&supplier_code=00100008&order_time=2024-03-16 HTTP/1.1" 200 412
101.83.145.37 - - [16/Mar/2024:11:45:12 +0800] "POST /xingrg/all/common/load_combo.html?type=base HTTP/1.1" 200 3409
120.253.135.82 - - [16/Mar/2024:11:45:14 +0800] "POST /xingrg/kc/pszx/mdps_list_operate.html HTTP/1.1" 200 3503
222.69.135.185 - - [16/Mar/2024:11:45:14 +0800] "GET /xingrg/all/function/internal_message.html?_=1710560716104&CODE_STATE=getMsg HTTP/1.1" 200 27
218.79.29.78 - - [16/Mar/2024:11:45:17 +0800] "GET /xingrg/all/function/internal_message.html?_=1710560728231&CODE_STATE=getMsg HTTP/1.1" 200 27
116.224.254.208 - - [16/Mar/2024:11:45:18 +0800] "GET /xingrg/all/function/internal_message.html?_=1710560717650&CODE_STATE=getMsg HTTP/1.1" 200 27
221.239.169.251 - - [16/Mar/2024:11:45:19 +0800] "POST /xingrg/kc/buy/cgsh_order_operate.html HTTP/1.1" 200 12
120.253.135.82 - - [16/Mar/2024:11:45:19 +0800] "POST /xingrg/kc/pszx/mdps_list_operate.html HTTP/1.1" 200 532
116.232.194.112 - - [16/Mar/2024:11:45:19 +0800] "GET /xingrg/all/function/internal_message.html?_=1710560692008&CODE_STATE=getMsg HTTP/1.1" 200 27
120.253.135.82 - - [16/Mar/2024:11:45:21 +0800] "GET /xingrg/kc/pszx/mdps_order_info.html?code=312024031600312 HTTP/1.1" 200 23972
120.253.135.82 - - [16/Mar/2024:11:45:21 +0800] "GET /xingrg/javascript/convert.js HTTP/1.1" 304 -
120.253.135.82 - - [16/Mar/2024:11:45:21 +0800] "GET /xingrg/javascript/json2.js HTTP/1.1" 304 -
120.253.135.82 - - [16/Mar/2024:11:45:21 +0800] "GET /xingrg/javascript/print/kc_print.js HTTP/1.1" 304 -
120.253.135.82 - - [16/Mar/2024:11:45:21 +0800] "GET /xingrg/javascript/jquery_tools/order_manager.js HTTP/1.1" 304 -
120.253.135.82 - - [16/Mar/2024:11:45:21 +0800] "GET /xingrg/words/20240314161634_words.js HTTP/1.1" 304 -
120.253.135.82 - - [16/Mar/2024:11:45:21 +0800] "GET /xingrg/javascript/easyui/themes/icons/copy_new.png HTTP/1.1" 304 -
120.253.135.82 - - [16/Mar/2024:11:45:21 +0800] "GET /xingrg/javascript/easyui/themes/icons/ok.png HTTP/1.1" 304 -
120.253.135.82 - - [16/Mar/2024:11:45:21 +0800] "GET /xingrg/javascript/easyui/themes/default/images/menu_downarrow.png HTTP/1.1" 304 -
120.253.135.82 - - [16/Mar/2024:11:45:21 +0800] "GET /xingrg/javascript/easyui/themes/icons/print.png HTTP/1.1" 304 -
120.253.135.82 - - [16/Mar/2024:11:45:21 +0800] "GET /xingrg/javascript/easyui/themes/icons/cancel.png HTTP/1.1" 304 -
120.253.135.82 - - [16/Mar/2024:11:45:21 +0800] "GET /xingrg/javascript/easyui/themes/default/validatebox.css HTTP/1.1" 404 1104
120.253.135.82 - - [16/Mar/2024:11:45:21 +0800] "GET /xingrg/javascript/easyui/plugins/jquery.validatebox.js HTTP/1.1" 304 -
120.253.135.82 - - [16/Mar/2024:11:45:21 +0800] "GET /xingrg/javascript/easyui/plugins/jquery.numberbox.js HTTP/1.1" 304 -
120.253.135.82 - - [16/Mar/2024:11:45:21 +0800] "GET /xingrg/all/common/auto_word.html?type=base&rest_code=00101 HTTP/1.1" 200 671
221.239.169.251 - - [16/Mar/2024:11:45:22 +0800] "GET /xingrg/kc/buy/cgsh_order_info.html?code=212024031604643 HTTP/1.1" 200 67765
120.253.135.82 - - [16/Mar/2024:11:45:22 +0800] "POST /xingrg/kc/pszx/mdps_order_operate.html HTTP/1.1" 200 4302
120.253.135.82 - - [16/Mar/2024:11:45:22 +0800] "GET /xingrg/javascript/easyui/themes/icons/edit_remove.png HTTP/1.1" 304 -
221.239.169.251 - - [16/Mar/2024:11:45:22 +0800] "GET /xingrg/javascript/easyui/themes/default/validatebox.css HTTP/1.1" 404 1104
120.253.135.82 - - [16/Mar/2024:11:45:23 +0800] "GET /xingrg/javascript/easyui/themes/default/images/button_plain_hover.png HTTP/1.1" 304 -
221.239.169.251 - - [16/Mar/2024:11:45:23 +0800] "POST /xingrg/kc/buy/cgsh_order_operate.html HTTP/1.1" 200 3110
101.83.145.37 - - [16/Mar/2024:11:45:24 +0800] "GET /xingrg/kc/base/wldb_order_operate.html?command=get_materiel&rest_code=00105&base_code=0010507&code=00101019295 HTTP/1.1" 200 475
222.70.115.1 - - [16/Mar/2024:11:45:24 +0800] "GET /xingrg/all/function/internal_message.html?_=1710560735140&CODE_STATE=getMsg HTTP/1.1" 200 27
221.239.169.251 - - [16/Mar/2024:11:45:25 +0800] "GET /xingrg/kc/print/load_config.html?kc_code=cgsh HTTP/1.1" 200 1927
120.253.135.82 - - [16/Mar/2024:11:45:25 +0800] "POST /xingrg/kc/pszx/mdps_order_operate.html HTTP/1.1" 200 37
180.164.1.25 - - [16/Mar/2024:11:45:28 +0800] "GET /xingrg/all/function/internal_message.html?_=1710560727405&CODE_STATE=getMsg HTTP/1.1" 200 27
116.228.172.94 - - [16/Mar/2024:11:45:28 +0800] "POST /xingrg/kc/buy/cgsh_order_operate.html HTTP/1.1" 200 37
221.239.169.251 - - [16/Mar/2024:11:45:28 +0800] "GET /xingrg/kc/print/load_data.html?order_code=212024031604643&kc_code=cgsh&condition= HTTP/1.1" 200 1756
116.237.79.112 - - [16/Mar/2024:11:45:29 +0800] "GET /xingrg/kc/base/wldb_order_operate.html?command=get_materiel&rest_code=00106&base_code=0010396&code=00101027001 HTTP/1.1" 200 471
120.253.135.82 - - [16/Mar/2024:11:45:31 +0800] "POST /xingrg/kc/pszx/mdps_order_operate.html HTTP/1.1" 200 12
101.83.145.37 - - [16/Mar/2024:11:45:31 +0800] "GET /xingrg/kc/base/wldb_order_operate.html?command=get_materiel&rest_code=00105&base_code=0010507&code=00101019015 HTTP/1.1" 200 450
222.70.183.82 - - [16/Mar/2024:11:45:31 +0800] "GET /xingrg/all/function/internal_message.html?_=1710560729510&CODE_STATE=getMsg HTTP/1.1" 200 27
124.77.245.47 - - [16/Mar/2024:11:45:33 +0800] "GET /xingrg/check_reg.html?_=1710560755778 HTTP/1.1" 200 22
101.83.145.37 - - [16/Mar/2024:11:45:34 +0800] "GET /xingrg/all/function/internal_message.html?_=1710560734967&CODE_STATE=getMsg HTTP/1.1" 200 27
124.77.245.47 - - [16/Mar/2024:11:45:34 +0800] "GET /xingrg/all/function/internal_message.html?_=1710560757162&CODE_STATE=getMsg HTTP/1.1" 200 27
124.78.60.103 - - [16/Mar/2024:11:45:35 +0800] "GET /xingrg/kc/buy/cgsh_order_operate.html?command=get_materiel&rest_code=00141&code=00101008283&supplier_code=00100008&order_time=2024-03-16 HTTP/1.1" 200 408
101.83.145.37 - - [16/Mar/2024:11:45:35 +0800] "GET /xingrg/check_reg.html?_=1710560735518 HTTP/1.1" 200 22
114.83.222.242 - - [16/Mar/2024:11:45:39 +0800] "GET /xingrg/all/function/internal_message.html?_=1710560736522&CODE_STATE=getMsg HTTP/1.1" 200 27
221.239.169.251 - - [16/Mar/2024:11:45:39 +0800] "GET /xingrg/all/function/internal_message.html?_=1710560737707&CODE_STATE=getMsg HTTP/1.1" 200 27
221.239.169.251 - - [16/Mar/2024:11:45:39 +0800] "GET /xingrg/check_reg.html?_=1710560737708 HTTP/1.1" 200 22
120.253.135.82 - - [16/Mar/2024:11:45:40 +0800] "GET /xingrg/kc/pszx/mdps_order_info.html?code=312024031600312 HTTP/1.1" 200 19632
120.253.135.82 - - [16/Mar/2024:11:45:41 +0800] "GET /xingrg/javascript/easyui/themes/default/validatebox.css HTTP/1.1" 404 1104
120.253.135.82 - - [16/Mar/2024:11:45:41 +0800] "POST /xingrg/kc/pszx/mdps_order_operate.html HTTP/1.1" 200 2506
116.232.194.112 - - [16/Mar/2024:11:45:41 +0800] "GET /xingrg/check_reg.html?_=1710560714034 HTTP/1.1" 200 22
124.78.60.103 - - [16/Mar/2024:11:45:41 +0800] "POST /xingrg/kc/buy/cgsh_order_operate.html HTTP/1.1" 200 2065
124.78.60.103 - - [16/Mar/2024:11:45:42 +0800] "GET /xingrg/all/function/internal_message.html?_=1710560742706&CODE_STATE=getMsg HTTP/1.1" 200 27
120.253.135.82 - - [16/Mar/2024:11:45:44 +0800] "POST /xingrg/kc/pszx/mdps_list_operate.html HTTP/1.1" 200 203
120.253.135.82 - - [16/Mar/2024:11:45:45 +0800] "GET /xingrg/kc/pszx/mdps_order_info.html?code=312024031400270 HTTP/1.1" 200 23976
120.253.135.82 - - [16/Mar/2024:11:45:45 +0800] "GET /xingrg/javascript/easyui/themes/default/validatebox.css HTTP/1.1" 404 1104
120.253.135.82 - - [16/Mar/2024:11:45:46 +0800] "POST /xingrg/kc/pszx/mdps_order_operate.html HTTP/1.1" 200 2278
116.232.194.112 - - [16/Mar/2024:11:45:46 +0800] "GET /xingrg/all/function/internal_message.html?_=1710560719084&CODE_STATE=getMsg HTTP/1.1" 200 27
180.169.147.146 - - [16/Mar/2024:11:45:47 +0800] "GET /xingrg/all/function/internal_message.html?_=1710560744476&CODE_STATE=getMsg HTTP/1.1" 200 27
116.224.254.208 - - [16/Mar/2024:11:45:48 +0800] "GET /xingrg/all/function/internal_message.html?_=1710560748179&CODE_STATE=getMsg HTTP/1.1" 200 27
116.237.79.112 - - [16/Mar/2024:11:45:49 +0800] "POST /xingrg/kc/base/wldb_order_operate.html HTTP/1.1" 200 37
124.78.60.103 - - [16/Mar/2024:11:45:49 +0800] "GET /xingrg/kc/buy/cgsh_order_operate.html?command=get_materiel&rest_code=00141&code=00101008502&supplier_code=00100008&order_time=2024-03-16 HTTP/1.1" 200 412
120.253.135.82 - - [16/Mar/2024:11:45:49 +0800] "POST /xingrg/kc/pszx/mdps_order_operate.html HTTP/1.1" 200 37
116.237.79.112 - - [16/Mar/2024:11:45:49 +0800] "POST /xingrg/kc/base/wldb_order_operate.html HTTP/1.1" 200 3205
180.163.30.27 - - [16/Mar/2024:11:45:50 +0800] "GET /xingrg/all/function/internal_message.html?_=1710560688094&CODE_STATE=getMsg HTTP/1.1" 302 -
180.163.30.27 - - [16/Mar/2024:11:45:50 +0800] "GET /xingrg/login.html HTTP/1.1" 200 7641
116.237.79.112 - - [16/Mar/2024:11:45:50 +0800] "GET /xingrg/all/function/internal_message.html?_=1710560748083&CODE_STATE=getMsg HTTP/1.1" 200 27
120.253.135.82 - - [16/Mar/2024:11:45:50 +0800] "GET /xingrg/all/function/internal_message.html?_=1710560588083&CODE_STATE=getMsg HTTP/1.1" 200 27
116.237.79.112 - - [16/Mar/2024:11:45:50 +0800] "GET /xingrg/kc/base/wldb_order_info.html?code=422024031601129 HTTP/1.1" 200 30397
116.224.254.208 - - [16/Mar/2024:11:45:51 +0800] "GET /xingrg/check_reg.html?_=1710560750869 HTTP/1.1" 200 22
116.237.79.112 - - [16/Mar/2024:11:45:51 +0800] "GET /xingrg/javascript/easyui/themes/default/validatebox.css HTTP/1.1" 404 1104
116.237.79.112 - - [16/Mar/2024:11:45:52 +0800] "POST /xingrg/kc/base/wldb_order_operate.html HTTP/1.1" 200 3205
120.253.135.82 - - [16/Mar/2024:11:45:54 +0800] "POST /xingrg/kc/pszx/mdps_order_operate.html HTTP/1.1" 200 12
116.237.79.112 - - [16/Mar/2024:11:45:54 +0800] "GET /xingrg/kc/base/base_main.html HTTP/1.1" 200 12142
116.238.97.31 - - [16/Mar/2024:11:45:54 +0800] "GET /xingrg/all/function/internal_message.html?_=1710560755365&CODE_STATE=getMsg HTTP/1.1" 200 27
101.83.145.37 - - [16/Mar/2024:11:45:55 +0800] "GET /xingrg/kc/base/wldb_order_operate.html?command=get_materiel&rest_code=00105&base_code=0010507&code=00101019384 HTTP/1.1" 200 471
116.237.79.112 - - [16/Mar/2024:11:45:55 +0800] "GET /xingrg/kc/base/wldb_order_list.html HTTP/1.1" 200 19051
116.237.79.112 - - [16/Mar/2024:11:45:56 +0800] "POST /xingrg/kc/base/wldb_list_operate.html HTTP/1.1" 200 4150
116.237.79.112 - - [16/Mar/2024:11:45:57 +0800] "GET /xingrg/all/function/internal_message.html?_=1710560757167&CODE_STATE=getMsg HTTP/1.1" 200 27
116.232.194.112 - - [16/Mar/2024:11:45:58 +0800] "GET /xingrg/kc/base/wldb_order_add.html HTTP/1.1" 200 30388
116.232.194.112 - - [16/Mar/2024:11:45:58 +0800] "POST /xingrg/kc/base/wldb_order_operate.html HTTP/1.1" 200 6806
