114.83.222.242 - - [16/Mar/2024:11:02:39 +0800] "GET /xingrg/all/function/internal_message.html?_=1710558156438&CODE_STATE=getMsg HTTP/1.1" 200 27
124.78.60.103 - - [16/Mar/2024:11:02:42 +0800] "GET /xingrg/all/function/internal_message.html?_=1710558162700&CODE_STATE=getMsg HTTP/1.1" 200 27
116.224.254.208 - - [16/Mar/2024:11:02:49 +0800] "GET /xingrg/all/function/internal_message.html?_=1710558169015&CODE_STATE=getMsg HTTP/1.1" 200 27
116.238.97.31 - - [16/Mar/2024:11:02:55 +0800] "GET /xingrg/all/function/internal_message.html?_=1710558176124&CODE_STATE=getMsg HTTP/1.1" 200 27
221.239.169.251 - - [16/Mar/2024:11:02:59 +0800] "GET /xingrg/all/function/internal_message.html?_=1710558177816&CODE_STATE=getMsg HTTP/1.1" 302 -
116.237.79.112 - - [16/Mar/2024:11:03:10 +0800] "GET /xingrg/check_reg.html?_=1710558187738 HTTP/1.1" 200 22
222.69.135.185 - - [16/Mar/2024:11:03:15 +0800] "GET /xingrg/all/function/internal_message.html?_=1710558196765&CODE_STATE=getMsg HTTP/1.1" 200 27
116.224.254.208 - - [16/Mar/2024:11:03:16 +0800] "GET /xingrg/all/function/internal_message.html?_=1710558195972&CODE_STATE=getMsg HTTP/1.1" 200 27
101.83.145.37 - - [16/Mar/2024:11:03:16 +0800] "POST /xingrg/kc/buy/cgsh_order_operate.html HTTP/1.1" 200 2664
218.79.29.78 - - [16/Mar/2024:11:03:17 +0800] "GET /xingrg/all/function/internal_message.html?_=1710558208184&CODE_STATE=getMsg HTTP/1.1" 200 27
218.79.29.78 - - [16/Mar/2024:11:03:17 +0800] "GET /xingrg/check_reg.html?_=1710558208189 HTTP/1.1" 200 22
116.232.194.112 - - [16/Mar/2024:11:03:20 +0800] "GET /xingrg/all/function/internal_message.html?_=1710558172576&CODE_STATE=getMsg HTTP/1.1" 200 27
222.70.115.1 - - [16/Mar/2024:11:03:24 +0800] "GET /xingrg/all/function/internal_message.html?_=1710558215038&CODE_STATE=getMsg HTTP/1.1" 200 27
180.164.1.25 - - [16/Mar/2024:11:03:28 +0800] "GET /xingrg/all/function/internal_message.html?_=1710558208154&CODE_STATE=getMsg HTTP/1.1" 200 27
116.237.79.112 - - [16/Mar/2024:11:03:30 +0800] "GET /xingrg/all/function/internal_message.html?_=1710558207761&CODE_STATE=getMsg HTTP/1.1" 200 27
222.70.183.82 - - [16/Mar/2024:11:03:32 +0800] "GET /xingrg/all/function/internal_message.html?_=1710558210550&CODE_STATE=getMsg HTTP/1.1" 200 27
222.70.183.82 - - [16/Mar/2024:11:03:32 +0800] "GET /xingrg/check_reg.html?_=1710558210771 HTTP/1.1" 200 22
124.77.245.47 - - [16/Mar/2024:11:03:34 +0800] "GET /xingrg/all/function/internal_message.html?_=1710558236199&CODE_STATE=getMsg HTTP/1.1" 200 27
101.83.145.37 - - [16/Mar/2024:11:03:35 +0800] "GET /xingrg/all/function/internal_message.html?_=1710558215498&CODE_STATE=getMsg HTTP/1.1" 200 27
114.83.222.242 - - [16/Mar/2024:11:03:39 +0800] "GET /xingrg/all/function/internal_message.html?_=1710558216441&CODE_STATE=getMsg HTTP/1.1" 200 27
124.78.60.103 - - [16/Mar/2024:11:03:42 +0800] "GET /xingrg/all/function/internal_message.html?_=1710558222711&CODE_STATE=getMsg HTTP/1.1" 200 27
116.224.254.208 - - [16/Mar/2024:11:03:49 +0800] "GET /xingrg/all/function/internal_message.html?_=1710558228991&CODE_STATE=getMsg HTTP/1.1" 200 27
116.238.97.31 - - [16/Mar/2024:11:03:55 +0800] "GET /xingrg/all/function/internal_message.html?_=1710558236096&CODE_STATE=getMsg HTTP/1.1" 200 27
180.169.147.146 - - [16/Mar/2024:11:03:57 +0800] "POST /xingrg/kc/buy/cgsh_list_operate.html HTTP/1.1" 302 -
180.169.147.146 - - [16/Mar/2024:11:03:57 +0800] "GET /xingrg/login.html HTTP/1.1" 200 7641
180.169.147.146 - - [16/Mar/2024:11:03:57 +0800] "GET /xingrg/kc/buy/images/blue/hj.png HTTP/1.1" 404 1058
180.169.147.146 - - [16/Mar/2024:11:03:57 +0800] "GET /xingrg/kc/buy/images/blue/login_bg.png HTTP/1.1" 404 1070
180.169.147.146 - - [16/Mar/2024:11:03:57 +0800] "GET /xingrg/kc/buy/images/blue/srbg.png HTTP/1.1" 404 1062
180.169.147.146 - - [16/Mar/2024:11:03:58 +0800] "GET /xingrg/login.html HTTP/1.1" 200 7641
180.169.147.146 - - [16/Mar/2024:11:03:58 +0800] "GET /favicon.ico HTTP/1.1" 404 -
221.239.169.251 - - [16/Mar/2024:11:03:59 +0800] "GET /xingrg/all/function/internal_message.html?_=1710558237816&CODE_STATE=getMsg HTTP/1.1" 302 -
180.169.147.146 - - [16/Mar/2024:11:04:00 +0800] "POST /xingrg/login.do HTTP/1.1" 302 -
180.169.147.146 - - [16/Mar/2024:11:04:00 +0800] "GET /xingrg/index.html?sysBaseUrl=http%3A%2F%2F180.169.147.146%3A18081%2Fxingrg%2F&costTime=833×tamp=1710558240867 HTTP/1.1" 200 17179
180.169.147.146 - - [16/Mar/2024:11:04:00 +0800] "GET /favicon.ico HTTP/1.1" 404 -
180.169.147.146 - - [16/Mar/2024:11:04:01 +0800] "GET /xingrg/check_reg.html?_=1710558237688 HTTP/1.1" 200 22
180.169.147.146 - - [16/Mar/2024:11:04:01 +0800] "GET /xingrg/all/function/internal_message.html?_=1710558237684&CODE_STATE=count HTTP/1.1" 200 11
180.169.147.146 - - [16/Mar/2024:11:04:01 +0800] "POST /xingrg/all/common/load_tree.html?tree=area_rest_tree_json&manage=1 HTTP/1.1" 200 351
180.169.147.146 - - [16/Mar/2024:11:04:01 +0800] "POST /xingrg/load_menu.html HTTP/1.1" 200 5138
180.169.147.146 - - [16/Mar/2024:11:04:02 +0800] "GET /xingrg/kc/buy/buy_main.html HTTP/1.1" 200 12412
180.169.147.146 - - [16/Mar/2024:11:04:02 +0800] "GET /xingrg/css/new_ie.css HTTP/1.1" 404 1036
180.169.147.146 - - [16/Mar/2024:11:04:03 +0800] "GET /xingrg/images/yd/bt.gif HTTP/1.1" 404 1040
180.169.147.146 - - [16/Mar/2024:11:04:04 +0800] "GET /xingrg/kc/buy/cgsh_order_list.html HTTP/1.1" 200 57886
222.69.135.185 - - [16/Mar/2024:11:04:15 +0800] "GET /xingrg/all/function/internal_message.html?_=1710558256747&CODE_STATE=getMsg HTTP/1.1" 200 27
116.224.254.208 - - [16/Mar/2024:11:04:16 +0800] "GET /xingrg/all/function/internal_message.html?_=1710558255962&CODE_STATE=getMsg HTTP/1.1" 200 27
116.224.254.208 - - [16/Mar/2024:11:04:16 +0800] "GET /xingrg/check_reg.html?_=1710558255965 HTTP/1.1" 200 22
218.79.29.78 - - [16/Mar/2024:11:04:17 +0800] "GET /xingrg/all/function/internal_message.html?_=1710558268191&CODE_STATE=getMsg HTTP/1.1" 200 27
116.232.194.112 - - [16/Mar/2024:11:04:20 +0800] "GET /xingrg/all/function/internal_message.html?_=1710558232553&CODE_STATE=getMsg HTTP/1.1" 200 27
222.70.115.1 - - [16/Mar/2024:11:04:24 +0800] "GET /xingrg/all/function/internal_message.html?_=1710558275039&CODE_STATE=getMsg HTTP/1.1" 200 27
222.70.115.1 - - [16/Mar/2024:11:04:25 +0800] "GET /xingrg/check_reg.html?_=1710558275042 HTTP/1.1" 200 22
180.164.1.25 - - [16/Mar/2024:11:04:28 +0800] "GET /xingrg/all/function/internal_message.html?_=1710558268138&CODE_STATE=getMsg HTTP/1.1" 200 27
116.237.79.112 - - [16/Mar/2024:11:04:30 +0800] "GET /xingrg/all/function/internal_message.html?_=1710558267749&CODE_STATE=getMsg HTTP/1.1" 200 27
222.70.183.82 - - [16/Mar/2024:11:04:31 +0800] "GET /xingrg/all/function/internal_message.html?_=1710558270520&CODE_STATE=getMsg HTTP/1.1" 200 27
124.77.245.47 - - [16/Mar/2024:11:04:34 +0800] "GET /xingrg/all/function/internal_message.html?_=1710558296200&CODE_STATE=getMsg HTTP/1.1" 200 27
221.239.169.251 - - [16/Mar/2024:11:04:34 +0800] "GET /xingrg/check_reg.html?_=1710558272917 HTTP/1.1" 302 -
101.83.145.37 - - [16/Mar/2024:11:04:35 +0800] "GET /xingrg/all/function/internal_message.html?_=1710558275452&CODE_STATE=getMsg HTTP/1.1" 200 27
114.83.222.242 - - [16/Mar/2024:11:04:39 +0800] "GET /xingrg/check_reg.html?_=1710558276443 HTTP/1.1" 200 22
114.83.222.242 - - [16/Mar/2024:11:04:39 +0800] "GET /xingrg/all/function/internal_message.html?_=1710558276449&CODE_STATE=getMsg HTTP/1.1" 200 27
180.169.147.146 - - [16/Mar/2024:11:04:39 +0800] "POST /xingrg/kc/buy/cgsh_list_operate.html HTTP/1.1" 200 4232
124.78.60.103 - - [16/Mar/2024:11:04:42 +0800] "GET /xingrg/all/function/internal_message.html?_=1710558282725&CODE_STATE=getMsg HTTP/1.1" 200 27
124.78.60.103 - - [16/Mar/2024:11:04:42 +0800] "GET /xingrg/check_reg.html?_=1710558282729 HTTP/1.1" 200 22
116.224.254.208 - - [16/Mar/2024:11:04:49 +0800] "GET /xingrg/all/function/internal_message.html?_=1710558288973&CODE_STATE=getMsg HTTP/1.1" 200 27
116.238.97.31 - - [16/Mar/2024:11:04:55 +0800] "GET /xingrg/all/function/internal_message.html?_=1710558296075&CODE_STATE=getMsg HTTP/1.1" 200 27
221.239.169.251 - - [16/Mar/2024:11:04:59 +0800] "GET /xingrg/all/function/internal_message.html?_=1710558297813&CODE_STATE=getMsg HTTP/1.1" 302 -
180.169.147.146 - - [16/Mar/2024:11:05:01 +0800] "GET /xingrg/all/function/internal_message.html?_=1710558297690&CODE_STATE=getMsg HTTP/1.1" 200 27
222.69.135.185 - - [16/Mar/2024:11:05:15 +0800] "GET /xingrg/all/function/internal_message.html?_=1710558316727&CODE_STATE=getMsg HTTP/1.1" 200 27
116.224.254.208 - - [16/Mar/2024:11:05:16 +0800] "GET /xingrg/all/function/internal_message.html?_=1710558315965&CODE_STATE=getMsg HTTP/1.1" 200 27
218.79.29.78 - - [16/Mar/2024:11:05:17 +0800] "GET /xingrg/all/function/internal_message.html?_=1710558328191&CODE_STATE=getMsg HTTP/1.1" 200 27
116.232.194.112 - - [16/Mar/2024:11:05:20 +0800] "GET /xingrg/all/function/internal_message.html?_=1710558292528&CODE_STATE=getMsg HTTP/1.1" 200 27
222.70.115.1 - - [16/Mar/2024:11:05:25 +0800] "GET /xingrg/all/function/internal_message.html?_=1710558335073&CODE_STATE=getMsg HTTP/1.1" 200 27
180.164.1.25 - - [16/Mar/2024:11:05:28 +0800] "GET /xingrg/all/function/internal_message.html?_=1710558328116&CODE_STATE=getMsg HTTP/1.1" 200 27
116.237.79.112 - - [16/Mar/2024:11:05:30 +0800] "GET /xingrg/all/function/internal_message.html?_=1710558327729&CODE_STATE=getMsg HTTP/1.1" 200 27
222.70.183.82 - - [16/Mar/2024:11:05:31 +0800] "GET /xingrg/all/function/internal_message.html?_=1710558330506&CODE_STATE=getMsg HTTP/1.1" 200 27
124.77.245.47 - - [16/Mar/2024:11:05:33 +0800] "GET /xingrg/check_reg.html?_=1710558355227 HTTP/1.1" 200 22
124.77.245.47 - - [16/Mar/2024:11:05:34 +0800] "GET /xingrg/all/function/internal_message.html?_=1710558356214&CODE_STATE=getMsg HTTP/1.1" 200 27
101.83.145.37 - - [16/Mar/2024:11:05:35 +0800] "GET /xingrg/all/function/internal_message.html?_=1710558335423&CODE_STATE=getMsg HTTP/1.1" 200 27
101.83.145.37 - - [16/Mar/2024:11:05:35 +0800] "GET /xingrg/check_reg.html?_=1710558335473 HTTP/1.1" 200 22
114.83.222.242 - - [16/Mar/2024:11:05:39 +0800] "GET /xingrg/all/function/internal_message.html?_=1710558336450&CODE_STATE=getMsg HTTP/1.1" 200 27
116.232.194.112 - - [16/Mar/2024:11:05:41 +0800] "GET /xingrg/check_reg.html?_=1710558314042 HTTP/1.1" 200 22
124.78.60.103 - - [16/Mar/2024:11:05:42 +0800] "GET /xingrg/all/function/internal_message.html?_=1710558342721&CODE_STATE=getMsg HTTP/1.1" 200 27
116.224.254.208 - - [16/Mar/2024:11:05:49 +0800] "GET /xingrg/all/function/internal_message.html?_=1710558348954&CODE_STATE=getMsg HTTP/1.1" 200 27
116.224.254.208 - - [16/Mar/2024:11:05:51 +0800] "GET /xingrg/check_reg.html?_=1710558350850 HTTP/1.1" 200 22
116.238.97.31 - - [16/Mar/2024:11:05:55 +0800] "GET /xingrg/all/function/internal_message.html?_=1710558356066&CODE_STATE=getMsg HTTP/1.1" 200 27
221.239.169.251 - - [16/Mar/2024:11:05:59 +0800] "GET /xingrg/all/function/internal_message.html?_=1710558357813&CODE_STATE=getMsg HTTP/1.1" 302 -
180.169.147.146 - - [16/Mar/2024:11:06:01 +0800] "GET /xingrg/all/function/internal_message.html?_=1710558357702&CODE_STATE=getMsg HTTP/1.1" 200 27
222.69.135.185 - - [16/Mar/2024:11:06:15 +0800] "GET /xingrg/all/function/internal_message.html?_=1710558376711&CODE_STATE=getMsg HTTP/1.1" 200 27
116.224.254.208 - - [16/Mar/2024:11:06:16 +0800] "GET /xingrg/all/function/internal_message.html?_=1710558375966&CODE_STATE=getMsg HTTP/1.1" 200 27
218.79.29.78 - - [16/Mar/2024:11:06:17 +0800] "GET /xingrg/all/function/internal_message.html?_=1710558388193&CODE_STATE=getMsg HTTP/1.1" 200 27
116.232.194.112 - - [16/Mar/2024:11:06:20 +0800] "GET /xingrg/all/function/internal_message.html?_=1710558352521&CODE_STATE=getMsg HTTP/1.1" 200 27
222.70.115.1 - - [16/Mar/2024:11:06:24 +0800] "GET /xingrg/all/function/internal_message.html?_=1710558395072&CODE_STATE=getMsg HTTP/1.1" 200 27
180.164.1.25 - - [16/Mar/2024:11:06:28 +0800] "GET /xingrg/all/function/internal_message.html?_=1710558388101&CODE_STATE=getMsg HTTP/1.1" 200 27
116.237.79.112 - - [16/Mar/2024:11:06:29 +0800] "GET /xingrg/all/function/internal_message.html?_=1710558387703&CODE_STATE=getMsg HTTP/1.1" 200 27
222.70.183.82 - - [16/Mar/2024:11:06:31 +0800] "GET /xingrg/all/function/internal_message.html?_=1710558390475&CODE_STATE=getMsg HTTP/1.1" 200 27
116.238.97.31 - - [16/Mar/2024:11:06:33 +0800] "GET /xingrg/check_reg.html?_=1710558394458 HTTP/1.1" 200 22
124.77.245.47 - - [16/Mar/2024:11:06:34 +0800] "GET /xingrg/all/function/internal_message.html?_=1710558416227&CODE_STATE=getMsg HTTP/1.1" 200 27
101.83.145.37 - - [16/Mar/2024:11:06:35 +0800] "GET /xingrg/all/function/internal_message.html?_=1710558395397&CODE_STATE=getMsg HTTP/1.1" 200 27
114.83.222.242 - - [16/Mar/2024:11:06:39 +0800] "GET /xingrg/all/function/internal_message.html?_=1710558396438&CODE_STATE=getMsg HTTP/1.1" 200 27
124.78.60.103 - - [16/Mar/2024:11:06:42 +0800] "GET /xingrg/all/function/internal_message.html?_=1710558402724&CODE_STATE=getMsg HTTP/1.1" 200 27
116.224.254.208 - - [16/Mar/2024:11:06:45 +0800] "GET /xingrg/kc/buy/cgsh_order_list.html HTTP/1.1" 200 57886
116.224.254.208 - - [16/Mar/2024:11:06:48 +0800] "POST /xingrg/kc/buy/cgsh_list_operate.html HTTP/1.1" 200 645
116.224.254.208 - - [16/Mar/2024:11:06:49 +0800] "GET /xingrg/all/function/internal_message.html?_=1710558408939&CODE_STATE=getMsg HTTP/1.1" 200 27
116.224.254.208 - - [16/Mar/2024:11:06:49 +0800] "GET /xingrg/kc/buy/cgsh_order_add.html HTTP/1.1" 200 73711
116.224.254.208 - - [16/Mar/2024:11:06:50 +0800] "POST /xingrg/kc/buy/cgsh_order_operate.html HTTP/1.1" 200 8245
116.224.254.208 - - [16/Mar/2024:11:06:50 +0800] "GET /xingrg/javascript/easyui/themes/default/validatebox.css HTTP/1.1" 404 1104
116.238.97.31 - - [16/Mar/2024:11:06:55 +0800] "GET /xingrg/all/function/internal_message.html?_=1710558416048&CODE_STATE=getMsg HTTP/1.1" 200 27
221.239.169.251 - - [16/Mar/2024:11:06:59 +0800] "GET /xingrg/all/function/internal_message.html?_=1710558417812&CODE_STATE=getMsg HTTP/1.1" 302 -
180.169.147.146 - - [16/Mar/2024:11:07:01 +0800] "GET /xingrg/all/function/internal_message.html?_=1710558417700&CODE_STATE=getMsg HTTP/1.1" 200 27
116.224.254.208 - - [16/Mar/2024:11:07:04 +0800] "GET /xingrg/kc/buy/cgsh_order_operate.html?command=get_materiel&rest_code=00150&code=00101011005&supplier_code=00100047&order_time=2024-03-16 HTTP/1.1" 200 428
222.69.135.185 - - [16/Mar/2024:11:07:05 +0800] "GET /xingrg/check_reg.html?_=1710558426997 HTTP/1.1" 200 22
222.69.135.185 - - [16/Mar/2024:11:07:15 +0800] "GET /xingrg/all/function/internal_message.html?_=1710558436696&CODE_STATE=getMsg HTTP/1.1" 200 27
116.224.254.208 - - [16/Mar/2024:11:07:16 +0800] "GET /xingrg/all/function/internal_message.html?_=1710558435945&CODE_STATE=getMsg HTTP/1.1" 200 27
218.79.29.78 - - [16/Mar/2024:11:07:17 +0800] "GET /xingrg/all/function/internal_message.html?_=1710558448194&CODE_STATE=getMsg HTTP/1.1" 200 27
116.232.194.112 - - [16/Mar/2024:11:07:20 +0800] "GET /xingrg/all/function/internal_message.html?_=1710558412497&CODE_STATE=getMsg HTTP/1.1" 200 27
116.224.254.208 - - [16/Mar/2024:11:07:22 +0800] "GET /xingrg/kc/buy/cgsh_order_operate.html?command=get_materiel&rest_code=00150&code=00101011010&supplier_code=00100047&order_time=2024-03-16 HTTP/1.1" 200 418
222.70.115.1 - - [16/Mar/2024:11:07:24 +0800] "GET /xingrg/all/function/internal_message.html?_=1710558455071&CODE_STATE=getMsg HTTP/1.1" 200 27
180.164.1.25 - - [16/Mar/2024:11:07:27 +0800] "GET /xingrg/check_reg.html?_=1710558446670 HTTP/1.1" 200 22
180.164.1.25 - - [16/Mar/2024:11:07:28 +0800] "GET /xingrg/all/function/internal_message.html?_=1710558448094&CODE_STATE=getMsg HTTP/1.1" 200 27
116.237.79.112 - - [16/Mar/2024:11:07:29 +0800] "GET /xingrg/all/function/internal_message.html?_=1710558447679&CODE_STATE=getMsg HTTP/1.1" 200 27
222.70.183.82 - - [16/Mar/2024:11:07:31 +0800] "GET /xingrg/all/function/internal_message.html?_=1710558450461&CODE_STATE=getMsg HTTP/1.1" 200 27
124.77.245.47 - - [16/Mar/2024:11:07:34 +0800] "GET /xingrg/all/function/internal_message.html?_=1710558476241&CODE_STATE=getMsg HTTP/1.1" 200 27
101.83.145.37 - - [16/Mar/2024:11:07:35 +0800] "GET /xingrg/all/function/internal_message.html?_=1710558455371&CODE_STATE=getMsg HTTP/1.1" 200 27
114.83.222.242 - - [16/Mar/2024:11:07:39 +0800] "GET /xingrg/all/function/internal_message.html?_=1710558456439&CODE_STATE=getMsg HTTP/1.1" 200 27
124.78.60.103 - - [16/Mar/2024:11:07:42 +0800] "GET /xingrg/all/function/internal_message.html?_=1710558462715&CODE_STATE=getMsg HTTP/1.1" 200 27
116.224.254.208 - - [16/Mar/2024:11:07:45 +0800] "POST /xingrg/kc/buy/cgsh_order_operate.html HTTP/1.1" 200 37
116.237.79.112 - - [16/Mar/2024:11:07:47 +0800] "GET /xingrg/kc/base/base_main.html HTTP/1.1" 200 12142
116.224.254.208 - - [16/Mar/2024:11:07:49 +0800] "GET /xingrg/all/function/internal_message.html?_=1710558468917&CODE_STATE=getMsg HTTP/1.1" 200 27
116.237.79.112 - - [16/Mar/2024:11:07:49 +0800] "GET /xingrg/kc/base/wldb_order_list.html HTTP/1.1" 200 19051
116.237.79.112 - - [16/Mar/2024:11:07:50 +0800] "POST /xingrg/kc/base/wldb_list_operate.html HTTP/1.1" 200 928
116.238.97.31 - - [16/Mar/2024:11:07:55 +0800] "GET /xingrg/all/function/internal_message.html?_=1710558476033&CODE_STATE=getMsg HTTP/1.1" 200 27
116.224.254.208 - - [16/Mar/2024:11:07:58 +0800] "POST /xingrg/kc/buy/cgsh_order_operate.html HTTP/1.1" 200 12
116.237.79.112 - - [16/Mar/2024:11:07:58 +0800] "GET /xingrg/kc/base/wldb_order_add.html HTTP/1.1" 200 30386
116.237.79.112 - - [16/Mar/2024:11:07:58 +0800] "POST /xingrg/kc/base/wldb_order_operate.html HTTP/1.1" 200 6806
116.237.79.112 - - [16/Mar/2024:11:07:58 +0800] "GET /xingrg/javascript/easyui/themes/default/validatebox.css HTTP/1.1" 404 1104
116.237.79.112 - - [16/Mar/2024:11:07:58 +0800] "GET /xingrg/all/common/auto_word.html?type=base&rest_code=00106 HTTP/1.1" 200 1799
116.237.79.112 - - [16/Mar/2024:11:07:58 +0800] "GET /xingrg/all/common/auto_word.html?type=base&rest_code=00106 HTTP/1.1" 200 1799
221.239.169.251 - - [16/Mar/2024:11:07:59 +0800] "GET /xingrg/all/function/internal_message.html?_=1710558477836&CODE_STATE=getMsg HTTP/1.1" 302 -
116.237.79.112 - - [16/Mar/2024:11:08:00 +0800] "POST /xingrg/all/common/load_combo.html?type=base HTTP/1.1" 200 3227
180.169.147.146 - - [16/Mar/2024:11:08:01 +0800] "GET /xingrg/all/function/internal_message.html?_=1710558477699&CODE_STATE=getMsg HTTP/1.1" 200 27
116.224.254.208 - - [16/Mar/2024:11:08:02 +0800] "GET /xingrg/kc/buy/cgsh_order_info.html?code=212024031604608 HTTP/1.1" 200 68624
116.224.254.208 - - [16/Mar/2024:11:08:02 +0800] "GET /xingrg/javascript/easyui/themes/default/validatebox.css HTTP/1.1" 404 1104
116.237.79.112 - - [16/Mar/2024:11:08:03 +0800] "POST /xingrg/all/common/load_combo.html?type=base HTTP/1.1" 200 3227
116.224.254.208 - - [16/Mar/2024:11:08:05 +0800] "POST /xingrg/kc/buy/cgsh_order_operate.html HTTP/1.1" 200 1206
116.224.254.208 - - [16/Mar/2024:11:08:07 +0800] "GET /xingrg/kc/print/load_data.html?order_code=212024031604608&kc_code=cgsh&condition= HTTP/1.1" 200 1016
116.237.79.112 - - [16/Mar/2024:11:08:10 +0800] "GET /xingrg/check_reg.html?_=1710558487737 HTTP/1.1" 200 22
116.237.79.112 - - [16/Mar/2024:11:08:13 +0800] "GET /xingrg/kc/base/wldb_order_operate.html?command=get_materiel&rest_code=00106&base_code=0010397&code=00102002448 HTTP/1.1" 200 439
222.69.135.185 - - [16/Mar/2024:11:08:15 +0800] "GET /xingrg/all/function/internal_message.html?_=1710558496687&CODE_STATE=getMsg HTTP/1.1" 200 27
116.224.254.208 - - [16/Mar/2024:11:08:16 +0800] "GET /xingrg/all/function/internal_message.html?_=1710558495962&CODE_STATE=getMsg HTTP/1.1" 200 27
218.79.29.78 - - [16/Mar/2024:11:08:17 +0800] "GET /xingrg/check_reg.html?_=1710558508194 HTTP/1.1" 200 22
218.79.29.78 - - [16/Mar/2024:11:08:17 +0800] "GET /xingrg/all/function/internal_message.html?_=1710558508199&CODE_STATE=getMsg HTTP/1.1" 200 27
116.224.254.208 - - [16/Mar/2024:11:08:17 +0800] "POST /xingrg/all/user/operate.html HTTP/1.1" 200 36
116.224.254.208 - - [16/Mar/2024:11:08:17 +0800] "GET /xingrg/index.html?sysBaseUrl=http%3A%2F%2F180.169.147.146%3A18081%2Fxingrg%2F&costTime=897×tamp=1710553480568 HTTP/1.1" 200 17177
116.224.254.208 - - [16/Mar/2024:11:08:17 +0800] "GET /xingrg/javascript/jquery_easy_ui/themes/default/easyui.css HTTP/1.1" 304 -
116.224.254.208 - - [16/Mar/2024:11:08:17 +0800] "GET /xingrg/javascript/jquery_easy_ui/themes/icon.css HTTP/1.1" 304 -
116.224.254.208 - - [16/Mar/2024:11:08:17 +0800] "GET /xingrg/css/form.css HTTP/1.1" 304 -
116.224.254.208 - - [16/Mar/2024:11:08:17 +0800] "GET /xingrg/javascript/jquery-1.4.2.min.js HTTP/1.1" 304 -
116.224.254.208 - - [16/Mar/2024:11:08:17 +0800] "GET /xingrg/javascript/jquery_easy_ui/jquery.easyui.min.js HTTP/1.1" 304 -
116.224.254.208 - - [16/Mar/2024:11:08:17 +0800] "GET /xingrg/javascript/jquery_easy_ui/easyui-lang-zh_CN.js HTTP/1.1" 304 -
116.224.254.208 - - [16/Mar/2024:11:08:17 +0800] "GET /xingrg/javascript/jquery.form.js HTTP/1.1" 304 -
116.224.254.208 - - [16/Mar/2024:11:08:17 +0800] "GET /xingrg/javascript/jquery.utils.js HTTP/1.1" 304 -
116.224.254.208 - - [16/Mar/2024:11:08:17 +0800] "GET /xingrg/javascript/jquery.timers.js HTTP/1.1" 304 -
116.224.254.208 - - [16/Mar/2024:11:08:17 +0800] "GET /xingrg/images/blue/jxLogo.png HTTP/1.1" 304 -
116.224.254.208 - - [16/Mar/2024:11:08:17 +0800] "GET /xingrg/images/blue/navBackgound.jpg HTTP/1.1" 304 -
116.224.254.208 - - [16/Mar/2024:11:08:17 +0800] "GET /xingrg/javascript/jquery_easy_ui/themes/icons/settle_new.png HTTP/1.1" 304 -
116.224.254.208 - - [16/Mar/2024:11:08:17 +0800] "GET /xingrg/all/function/internal_message.html?_=1710558497628&CODE_STATE=count HTTP/1.1" 200 11
116.224.254.208 - - [16/Mar/2024:11:08:17 +0800] "GET /xingrg/check_reg.html?_=1710558497629 HTTP/1.1" 200 22
116.224.254.208 - - [16/Mar/2024:11:08:18 +0800] "POST /xingrg/all/common/load_tree.html?tree=area_rest_tree_json&manage=1 HTTP/1.1" 200 476
116.224.254.208 - - [16/Mar/2024:11:08:18 +0800] "POST /xingrg/load_menu.html HTTP/1.1" 200 5138
116.232.194.112 - - [16/Mar/2024:11:08:20 +0800] "GET /xingrg/all/function/internal_message.html?_=1710558472471&CODE_STATE=getMsg HTTP/1.1" 200 27
116.224.254.208 - - [16/Mar/2024:11:08:22 +0800] "GET /xingrg/kc/buy/cgsh_order_list.html HTTP/1.1" 200 57884
116.237.79.112 - - [16/Mar/2024:11:08:24 +0800] "GET /xingrg/kc/base/wldb_order_operate.html?command=get_materiel&rest_code=00106&base_code=0010397&code=00102002451 HTTP/1.1" 200 432
222.70.115.1 - - [16/Mar/2024:11:08:24 +0800] "GET /xingrg/all/function/internal_message.html?_=1710558515069&CODE_STATE=getMsg HTTP/1.1" 200 27
116.224.254.208 - - [16/Mar/2024:11:08:26 +0800] "POST /xingrg/kc/buy/cgsh_list_operate.html HTTP/1.1" 200 645
180.164.1.25 - - [16/Mar/2024:11:08:28 +0800] "GET /xingrg/all/function/internal_message.html?_=1710558508074&CODE_STATE=getMsg HTTP/1.1" 200 27
116.237.79.112 - - [16/Mar/2024:11:08:29 +0800] "GET /xingrg/all/function/internal_message.html?_=1710558507657&CODE_STATE=getMsg HTTP/1.1" 200 27
222.70.183.82 - - [16/Mar/2024:11:08:31 +0800] "GET /xingrg/all/function/internal_message.html?_=1710558510434&CODE_STATE=getMsg HTTP/1.1" 200 27
222.70.183.82 - - [16/Mar/2024:11:08:32 +0800] "GET /xingrg/check_reg.html?_=1710558510769 HTTP/1.1" 200 22
124.77.245.47 - - [16/Mar/2024:11:08:34 +0800] "GET /xingrg/all/function/internal_message.html?_=1710558536301&CODE_STATE=getMsg HTTP/1.1" 200 27
101.83.145.37 - - [16/Mar/2024:11:08:35 +0800] "GET /xingrg/all/function/internal_message.html?_=1710558515348&CODE_STATE=getMsg HTTP/1.1" 200 27
116.237.79.112 - - [16/Mar/2024:11:08:35 +0800] "POST /xingrg/kc/base/wldb_order_operate.html HTTP/1.1" 200 37
116.237.79.112 - - [16/Mar/2024:11:08:37 +0800] "POST /xingrg/kc/base/wldb_order_operate.html HTTP/1.1" 200 2661
114.83.222.242 - - [16/Mar/2024:11:08:39 +0800] "GET /xingrg/all/function/internal_message.html?_=1710558516444&CODE_STATE=getMsg HTTP/1.1" 200 27
116.237.79.112 - - [16/Mar/2024:11:08:40 +0800] "GET /xingrg/kc/base/wldb_order_info.html?code=422024031601109 HTTP/1.1" 200 30401
116.224.254.208 - - [16/Mar/2024:11:08:41 +0800] "GET /xingrg/kc/buy/cgsh_order_add.html HTTP/1.1" 200 73265
116.237.79.112 - - [16/Mar/2024:11:08:41 +0800] "GET /xingrg/javascript/easyui/themes/default/validatebox.css HTTP/1.1" 404 1104
116.224.254.208 - - [16/Mar/2024:11:08:41 +0800] "POST /xingrg/kc/buy/cgsh_order_operate.html HTTP/1.1" 200 8245
116.224.254.208 - - [16/Mar/2024:11:08:41 +0800] "GET /xingrg/javascript/easyui/themes/default/validatebox.css HTTP/1.1" 404 1104
116.237.79.112 - - [16/Mar/2024:11:08:42 +0800] "POST /xingrg/kc/base/wldb_order_operate.html HTTP/1.1" 200 2661
124.78.60.103 - - [16/Mar/2024:11:08:42 +0800] "GET /xingrg/all/function/internal_message.html?_=1710558522719&CODE_STATE=getMsg HTTP/1.1" 200 27
116.237.79.112 - - [16/Mar/2024:11:08:48 +0800] "GET /xingrg/kc/base/wldb_order_add.html HTTP/1.1" 200 30386
116.237.79.112 - - [16/Mar/2024:11:08:48 +0800] "POST /xingrg/kc/base/wldb_order_operate.html HTTP/1.1" 200 6806
116.237.79.112 - - [16/Mar/2024:11:08:48 +0800] "GET /xingrg/javascript/easyui/themes/default/validatebox.css HTTP/1.1" 404 1104
116.224.254.208 - - [16/Mar/2024:11:08:49 +0800] "GET /xingrg/all/function/internal_message.html?_=1710558528895&CODE_STATE=getMsg HTTP/1.1" 200 27
116.237.79.112 - - [16/Mar/2024:11:08:49 +0800] "POST /xingrg/all/common/load_combo.html?type=base HTTP/1.1" 200 3227
116.232.194.112 - - [16/Mar/2024:11:08:51 +0800] "GET /xingrg/kc/buy/cgsh_order_add.html HTTP/1.1" 200 73743
116.232.194.112 - - [16/Mar/2024:11:08:51 +0800] "POST /xingrg/kc/buy/cgsh_order_operate.html HTTP/1.1" 200 8245
116.232.194.112 - - [16/Mar/2024:11:08:51 +0800] "GET /xingrg/javascript/easyui/themes/default/validatebox.css HTTP/1.1" 404 1104
116.238.97.31 - - [16/Mar/2024:11:08:55 +0800] "GET /xingrg/all/function/internal_message.html?_=1710558536010&CODE_STATE=getMsg HTTP/1.1" 200 27
116.237.79.112 - - [16/Mar/2024:11:08:56 +0800] "POST /xingrg/all/common/load_combo.html?type=base HTTP/1.1" 200 3227
221.239.169.251 - - [16/Mar/2024:11:08:59 +0800] "GET /xingrg/all/function/internal_message.html?_=1710558537826&CODE_STATE=getMsg HTTP/1.1" 302 -
180.169.147.146 - - [16/Mar/2024:11:09:01 +0800] "GET /xingrg/check_reg.html?_=1710558537698 HTTP/1.1" 200 22
180.169.147.146 - - [16/Mar/2024:11:09:01 +0800] "GET /xingrg/all/function/internal_message.html?_=1710558537700&CODE_STATE=getMsg HTTP/1.1" 200 27
116.224.254.208 - - [16/Mar/2024:11:09:04 +0800] "GET /xingrg/javascript/auto/indicator.gif HTTP/1.1" 404 1066
116.237.79.112 - - [16/Mar/2024:11:09:08 +0800] "GET /xingrg/kc/base/wldb_order_operate.html?command=get_materiel&rest_code=00106&base_code=0010397&code=00102002992 HTTP/1.1" 200 438
222.69.135.185 - - [16/Mar/2024:11:09:15 +0800] "GET /xingrg/all/function/internal_message.html?_=1710558556662&CODE_STATE=getMsg HTTP/1.1" 200 27
116.224.254.208 - - [16/Mar/2024:11:09:15 +0800] "GET /xingrg/kc/buy/cgsh_order_operate.html?command=get_materiel&rest_code=00151&code=00101011005&supplier_code=00100047&order_time=2024-03-16 HTTP/1.1" 200 428
218.79.29.78 - - [16/Mar/2024:11:09:16 +0800] "GET /xingrg/all/function/internal_message.html?_=1710558568184&CODE_STATE=getMsg HTTP/1.1" 200 27
116.224.254.208 - - [16/Mar/2024:11:09:17 +0800] "GET /xingrg/all/function/internal_message.html?_=1710558557624&CODE_STATE=getMsg HTTP/1.1" 200 27
116.232.194.112 - - [16/Mar/2024:11:09:20 +0800] "GET /xingrg/all/function/internal_message.html?_=1710558532446&CODE_STATE=getMsg HTTP/1.1" 200 27
222.70.115.1 - - [16/Mar/2024:11:09:24 +0800] "GET /xingrg/check_reg.html?_=1710558575068 HTTP/1.1" 200 22
222.70.115.1 - - [16/Mar/2024:11:09:25 +0800] "GET /xingrg/all/function/internal_message.html?_=1710558575069&CODE_STATE=getMsg HTTP/1.1" 200 27
116.232.194.112 - - [16/Mar/2024:11:09:26 +0800] "GET /xingrg/kc/buy/cgsh_order_operate.html?command=get_materiel&rest_code=00155&code=00101006350&supplier_code=00100547&order_time=2024-03-16 HTTP/1.1" 200 409
180.164.1.25 - - [16/Mar/2024:11:09:28 +0800] "GET /xingrg/all/function/internal_message.html?_=1710558568059&CODE_STATE=getMsg HTTP/1.1" 200 27
116.237.79.112 - - [16/Mar/2024:11:09:30 +0800] "GET /xingrg/all/function/internal_message.html?_=1710558567822&CODE_STATE=getMsg HTTP/1.1" 200 27
222.70.183.82 - - [16/Mar/2024:11:09:31 +0800] "GET /xingrg/all/function/internal_message.html?_=1710558570410&CODE_STATE=getMsg HTTP/1.1" 200 27
124.77.245.47 - - [16/Mar/2024:11:09:34 +0800] "GET /xingrg/all/function/internal_message.html?_=1710558596314&CODE_STATE=getMsg HTTP/1.1" 200 27
221.239.169.251 - - [16/Mar/2024:11:09:34 +0800] "GET /xingrg/check_reg.html?_=1710558572922 HTTP/1.1" 302 -
116.224.254.208 - - [16/Mar/2024:11:09:35 +0800] "GET /xingrg/kc/buy/cgsh_order_operate.html?command=get_materiel&rest_code=00151&code=00101011001&supplier_code=00100047&order_time=2024-03-16 HTTP/1.1" 200 423
101.83.145.37 - - [16/Mar/2024:11:09:35 +0800] "GET /xingrg/all/function/internal_message.html?_=1710558575319&CODE_STATE=getMsg HTTP/1.1" 200 27
116.237.79.112 - - [16/Mar/2024:11:09:35 +0800] "GET /xingrg/kc/base/wldb_order_operate.html?command=get_materiel&rest_code=00106&base_code=0010397&code=00102002315 HTTP/1.1" 200 461
114.83.222.242 - - [16/Mar/2024:11:09:39 +0800] "GET /xingrg/check_reg.html?_=1710558576451 HTTP/1.1" 200 22
114.83.222.242 - - [16/Mar/2024:11:09:39 +0800] "GET /xingrg/all/function/internal_message.html?_=1710558576446&CODE_STATE=getMsg HTTP/1.1" 200 27
124.78.60.103 - - [16/Mar/2024:11:09:42 +0800] "GET /xingrg/all/function/internal_message.html?_=1710558582716&CODE_STATE=getMsg HTTP/1.1" 200 27
124.78.60.103 - - [16/Mar/2024:11:09:42 +0800] "GET /xingrg/check_reg.html?_=1710558582720 HTTP/1.1" 200 22
116.232.194.112 - - [16/Mar/2024:11:09:48 +0800] "POST /xingrg/kc/buy/cgsh_order_operate.html HTTP/1.1" 200 37
116.224.254.208 - - [16/Mar/2024:11:09:49 +0800] "GET /xingrg/all/function/internal_message.html?_=1710558588872&CODE_STATE=getMsg HTTP/1.1" 200 27
116.232.194.112 - - [16/Mar/2024:11:09:52 +0800] "POST /xingrg/kc/buy/cgsh_order_operate.html HTTP/1.1" 200 2655
116.224.254.208 - - [16/Mar/2024:11:09:52 +0800] "GET /xingrg/kc/buy/cgsh_order_operate.html?command=get_materiel&rest_code=00151&code=00101011010&supplier_code=00100047&order_time=2024-03-16 HTTP/1.1" 200 418
116.232.194.112 - - [16/Mar/2024:11:09:54 +0800] "GET /xingrg/kc/print/load_data.html?order_code=212024031604609&kc_code=cgsh&condition= HTTP/1.1" 200 666
116.238.97.31 - - [16/Mar/2024:11:09:55 +0800] "GET /xingrg/all/function/internal_message.html?_=1710558595997&CODE_STATE=getMsg HTTP/1.1" 200 27
221.239.169.251 - - [16/Mar/2024:11:09:59 +0800] "GET /xingrg/all/function/internal_message.html?_=1710558597850&CODE_STATE=getMsg HTTP/1.1" 302 -
180.169.147.146 - - [16/Mar/2024:11:10:01 +0800] "GET /xingrg/all/function/internal_message.html?_=1710558597698&CODE_STATE=getMsg HTTP/1.1" 200 27
116.232.194.112 - - [16/Mar/2024:11:10:01 +0800] "GET /xingrg/kc/buy/cgsh_order_add.html HTTP/1.1" 200 73743
116.232.194.112 - - [16/Mar/2024:11:10:01 +0800] "POST /xingrg/kc/buy/cgsh_order_operate.html HTTP/1.1" 200 8245
116.232.194.112 - - [16/Mar/2024:11:10:01 +0800] "GET /xingrg/javascript/easyui/themes/default/validatebox.css HTTP/1.1" 404 1104
116.237.79.112 - - [16/Mar/2024:11:10:03 +0800] "POST /xingrg/kc/base/wldb_order_operate.html HTTP/1.1" 200 37
116.237.79.112 - - [16/Mar/2024:11:10:03 +0800] "POST /xingrg/kc/base/wldb_order_operate.html HTTP/1.1" 200 3164
116.237.79.112 - - [16/Mar/2024:11:10:04 +0800] "GET /xingrg/kc/base/wldb_order_info.html?code=422024031601110 HTTP/1.1" 200 30400
116.237.79.112 - - [16/Mar/2024:11:10:05 +0800] "GET /xingrg/javascript/easyui/themes/default/validatebox.css HTTP/1.1" 404 1104
116.237.79.112 - - [16/Mar/2024:11:10:07 +0800] "POST /xingrg/kc/base/wldb_order_operate.html HTTP/1.1" 200 3164
222.69.135.185 - - [16/Mar/2024:11:10:15 +0800] "GET /xingrg/all/function/internal_message.html?_=1710558616636&CODE_STATE=getMsg HTTP/1.1" 200 27
218.79.29.78 - - [16/Mar/2024:11:10:16 +0800] "GET /xingrg/all/function/internal_message.html?_=1710558628188&CODE_STATE=getMsg HTTP/1.1" 200 27
116.237.79.112 - - [16/Mar/2024:11:10:17 +0800] "GET /xingrg/kc/base/wldb_order_add.html HTTP/1.1" 200 30386
116.237.79.112 - - [16/Mar/2024:11:10:17 +0800] "GET /xingrg/javascript/easyui/themes/default/validatebox.css HTTP/1.1" 404 1104
116.237.79.112 - - [16/Mar/2024:11:10:17 +0800] "POST /xingrg/kc/base/wldb_order_operate.html HTTP/1.1" 200 6806
116.224.254.208 - - [16/Mar/2024:11:10:17 +0800] "GET /xingrg/all/function/internal_message.html?_=1710558617615&CODE_STATE=getMsg HTTP/1.1" 200 27
116.224.254.208 - - [16/Mar/2024:11:10:18 +0800] "POST /xingrg/kc/buy/cgsh_order_operate.html HTTP/1.1" 200 37
116.237.79.112 - - [16/Mar/2024:11:10:19 +0800] "POST /xingrg/all/common/load_combo.html?type=base HTTP/1.1" 200 3227
116.232.194.112 - - [16/Mar/2024:11:10:20 +0800] "GET /xingrg/all/function/internal_message.html?_=1710558592428&CODE_STATE=getMsg HTTP/1.1" 200 27
116.232.194.112 - - [16/Mar/2024:11:10:22 +0800] "GET /xingrg/kc/buy/cgsh_order_operate.html?command=get_materiel&rest_code=00155&code=00101010310&supplier_code=00100314&order_time=2024-03-16 HTTP/1.1" 200 423
222.70.115.1 - - [16/Mar/2024:11:10:24 +0800] "GET /xingrg/all/function/internal_message.html?_=1710558635067&CODE_STATE=getMsg HTTP/1.1" 200 27
180.164.1.25 - - [16/Mar/2024:11:10:28 +0800] "GET /xingrg/all/function/internal_message.html?_=1710558628038&CODE_STATE=getMsg HTTP/1.1" 200 27
116.237.79.112 - - [16/Mar/2024:11:10:30 +0800] "GET /xingrg/all/function/internal_message.html?_=1710558627799&CODE_STATE=getMsg HTTP/1.1" 200 27
116.224.254.208 - - [16/Mar/2024:11:10:31 +0800] "POST /xingrg/kc/buy/cgsh_order_operate.html HTTP/1.1" 200 12
222.70.183.82 - - [16/Mar/2024:11:10:31 +0800] "GET /xingrg/all/function/internal_message.html?_=1710558630384&CODE_STATE=getMsg HTTP/1.1" 200 27
124.77.245.47 - - [16/Mar/2024:11:10:33 +0800] "GET /xingrg/check_reg.html?_=1710558655272 HTTP/1.1" 200 22
124.77.245.47 - - [16/Mar/2024:11:10:34 +0800] "GET /xingrg/all/function/internal_message.html?_=1710558656328&CODE_STATE=getMsg HTTP/1.1" 200 27
101.83.145.37 - - [16/Mar/2024:11:10:35 +0800] "GET /xingrg/all/function/internal_message.html?_=1710558635299&CODE_STATE=getMsg HTTP/1.1" 200 27
116.224.254.208 - - [16/Mar/2024:11:10:35 +0800] "GET /xingrg/kc/buy/cgsh_order_info.html?code=212024031604610 HTTP/1.1" 200 68178
101.83.145.37 - - [16/Mar/2024:11:10:35 +0800] "GET /xingrg/check_reg.html?_=1710558635474 HTTP/1.1" 200 22
116.224.254.208 - - [16/Mar/2024:11:10:35 +0800] "GET /xingrg/javascript/easyui/themes/default/validatebox.css HTTP/1.1" 404 1104
116.224.254.208 - - [16/Mar/2024:11:10:37 +0800] "POST /xingrg/kc/buy/cgsh_order_operate.html HTTP/1.1" 200 1828
116.237.79.112 - - [16/Mar/2024:11:10:39 +0800] "POST /xingrg/all/common/load_combo.html?type=base HTTP/1.1" 200 3227
114.83.222.242 - - [16/Mar/2024:11:10:39 +0800] "GET /xingrg/all/function/internal_message.html?_=1710558636451&CODE_STATE=getMsg HTTP/1.1" 200 27
116.232.194.112 - - [16/Mar/2024:11:10:41 +0800] "GET /xingrg/check_reg.html?_=1710558614012 HTTP/1.1" 200 22
116.232.194.112 - - [16/Mar/2024:11:10:42 +0800] "GET /xingrg/kc/buy/cgsh_order_operate.html?command=get_materiel&rest_code=00155&code=00102026001&supplier_code=00100314&order_time=2024-03-16 HTTP/1.1" 200 409
124.78.60.103 - - [16/Mar/2024:11:10:42 +0800] "GET /xingrg/all/function/internal_message.html?_=1710558642716&CODE_STATE=getMsg HTTP/1.1" 200 27
101.83.145.37 - - [16/Mar/2024:11:10:48 +0800] "GET /xingrg/kc/buy/cgsh_order_add.html HTTP/1.1" 200 73737
101.83.145.37 - - [16/Mar/2024:11:10:48 +0800] "POST /xingrg/kc/buy/cgsh_order_operate.html HTTP/1.1" 200 8245
101.83.145.37 - - [16/Mar/2024:11:10:48 +0800] "GET /xingrg/javascript/easyui/themes/default/validatebox.css HTTP/1.1" 404 1104
116.224.254.208 - - [16/Mar/2024:11:10:49 +0800] "GET /xingrg/all/function/internal_message.html?_=1710558648844&CODE_STATE=getMsg HTTP/1.1" 200 27
116.224.254.208 - - [16/Mar/2024:11:10:49 +0800] "GET /xingrg/kc/print/load_data.html?order_code=212024031604610&kc_code=cgsh&condition= HTTP/1.1" 200 1268
116.224.254.208 - - [16/Mar/2024:11:10:51 +0800] "GET /xingrg/check_reg.html?_=1710558650857 HTTP/1.1" 200 22
116.238.97.31 - - [16/Mar/2024:11:10:55 +0800] "GET /xingrg/all/function/internal_message.html?_=1710558655981&CODE_STATE=getMsg HTTP/1.1" 200 27
116.232.194.112 - - [16/Mar/2024:11:10:56 +0800] "GET /xingrg/kc/buy/cgsh_order_operate.html?command=get_materiel&rest_code=00155&code=00101001165&supplier_code=00100314&order_time=2024-03-16 HTTP/1.1" 200 410
221.239.169.251 - - [16/Mar/2024:11:10:59 +0800] "GET /xingrg/all/function/internal_message.html?_=1710558657838&CODE_STATE=getMsg HTTP/1.1" 302 -
180.169.147.146 - - [16/Mar/2024:11:11:01 +0800] "GET /xingrg/all/function/internal_message.html?_=1710558657696&CODE_STATE=getMsg HTTP/1.1" 200 27
101.83.145.37 - - [16/Mar/2024:11:11:05 +0800] "GET /xingrg/kc/buy/cgsh_order_operate.html?command=get_materiel&rest_code=00105&code=00101011003&supplier_code=00100052&order_time=2024-03-16 HTTP/1.1" 200 412
116.232.194.112 - - [16/Mar/2024:11:11:06 +0800] "GET /xingrg/kc/buy/cgsh_order_operate.html?command=get_materiel&rest_code=00155&code=00101001174&supplier_code=00100314&order_time=2024-03-16 HTTP/1.1" 200 416
116.237.79.112 - - [16/Mar/2024:11:11:08 +0800] "GET /xingrg/kc/base/wldb_order_operate.html?command=get_materiel&rest_code=00106&base_code=0010397&code=00102002304 HTTP/1.1" 200 463
116.237.79.112 - - [16/Mar/2024:11:11:13 +0800] "POST /xingrg/kc/base/wldb_order_operate.html HTTP/1.1" 200 37
116.237.79.112 - - [16/Mar/2024:11:11:14 +0800] "POST /xingrg/kc/base/wldb_order_operate.html HTTP/1.1" 200 2206
222.69.135.185 - - [16/Mar/2024:11:11:15 +0800] "GET /xingrg/all/function/internal_message.html?_=1710558676620&CODE_STATE=getMsg HTTP/1.1" 200 27
218.79.29.78 - - [16/Mar/2024:11:11:17 +0800] "GET /xingrg/all/function/internal_message.html?_=1710558688190&CODE_STATE=getMsg HTTP/1.1" 200 27
116.224.254.208 - - [16/Mar/2024:11:11:17 +0800] "GET /xingrg/all/function/internal_message.html?_=1710558677642&CODE_STATE=getMsg HTTP/1.1" 200 27
101.83.145.37 - - [16/Mar/2024:11:11:18 +0800] "POST /xingrg/kc/buy/cgsh_order_operate.html HTTP/1.1" 200 37
116.232.194.112 - - [16/Mar/2024:11:11:20 +0800] "GET /xingrg/all/function/internal_message.html?_=1710558652411&CODE_STATE=getMsg HTTP/1.1" 200 27
101.83.145.37 - - [16/Mar/2024:11:11:21 +0800] "POST /xingrg/kc/buy/cgsh_order_operate.html HTTP/1.1" 200 2655
101.83.145.37 - - [16/Mar/2024:11:11:22 +0800] "GET /xingrg/kc/print/load_data.html?order_code=212024031604611&kc_code=cgsh&condition= HTTP/1.1" 200 709
116.237.79.112 - - [16/Mar/2024:11:11:24 +0800] "GET /xingrg/kc/base/wldb_order_info.html?code=422024031601111 HTTP/1.1" 200 30400
116.237.79.112 - - [16/Mar/2024:11:11:24 +0800] "GET /xingrg/javascript/easyui/themes/default/validatebox.css HTTP/1.1" 404 1104
222.70.115.1 - - [16/Mar/2024:11:11:24 +0800] "GET /xingrg/all/function/internal_message.html?_=1710558695065&CODE_STATE=getMsg HTTP/1.1" 200 27
116.237.79.112 - - [16/Mar/2024:11:11:25 +0800] "POST /xingrg/kc/base/wldb_order_operate.html HTTP/1.1" 200 2206
180.164.1.25 - - [16/Mar/2024:11:11:28 +0800] "GET /xingrg/all/function/internal_message.html?_=1710558688036&CODE_STATE=getMsg HTTP/1.1" 200 27
116.237.79.112 - - [16/Mar/2024:11:11:30 +0800] "GET /xingrg/all/function/internal_message.html?_=1710558687778&CODE_STATE=getMsg HTTP/1.1" 200 27
116.237.79.112 - - [16/Mar/2024:11:11:30 +0800] "POST /xingrg/kc/base/wldb_list_operate.html HTTP/1.1" 200 2575
116.232.194.112 - - [16/Mar/2024:11:11:30 +0800] "POST /xingrg/kc/buy/cgsh_order_operate.html HTTP/1.1" 200 37
222.70.183.82 - - [16/Mar/2024:11:11:31 +0800] "GET /xingrg/all/function/internal_message.html?_=1710558690354&CODE_STATE=getMsg HTTP/1.1" 200 27
116.238.97.31 - - [16/Mar/2024:11:11:33 +0800] "GET /xingrg/check_reg.html?_=1710558694445 HTTP/1.1" 200 22
116.237.79.112 - - [16/Mar/2024:11:11:33 +0800] "POST /xingrg/kc/base/wldb_list_operate.html HTTP/1.1" 200 364
124.77.245.47 - - [16/Mar/2024:11:11:34 +0800] "GET /xingrg/all/function/internal_message.html?_=1710558716342&CODE_STATE=getMsg HTTP/1.1" 200 27
101.83.145.37 - - [16/Mar/2024:11:11:35 +0800] "GET /xingrg/all/function/internal_message.html?_=1710558695290&CODE_STATE=getMsg HTTP/1.1" 200 27
116.237.79.112 - - [16/Mar/2024:11:11:36 +0800] "POST /xingrg/kc/base/wldb_list_operate.html HTTP/1.1" 200 213
116.232.194.112 - - [16/Mar/2024:11:11:38 +0800] "POST /xingrg/kc/buy/cgsh_order_operate.html HTTP/1.1" 200 3854
114.83.222.242 - - [16/Mar/2024:11:11:39 +0800] "GET /xingrg/all/function/internal_message.html?_=1710558696448&CODE_STATE=getMsg HTTP/1.1" 200 27
124.78.60.103 - - [16/Mar/2024:11:11:42 +0800] "GET /xingrg/all/function/internal_message.html?_=1710558702711&CODE_STATE=getMsg HTTP/1.1" 200 27
116.232.194.112 - - [16/Mar/2024:11:11:44 +0800] "GET /xingrg/kc/print/load_data.html?order_code=212024031604612&kc_code=cgsh&condition= HTTP/1.1" 200 1142
116.224.254.208 - - [16/Mar/2024:11:11:49 +0800] "GET /xingrg/all/function/internal_message.html?_=1710558708832&CODE_STATE=getMsg HTTP/1.1" 200 27
116.232.194.112 - - [16/Mar/2024:11:11:50 +0800] "GET /xingrg/kc/buy/cgsh_order_add.html HTTP/1.1" 200 73743
116.232.194.112 - - [16/Mar/2024:11:11:50 +0800] "POST /xingrg/kc/buy/cgsh_order_operate.html HTTP/1.1" 200 8245
116.232.194.112 - - [16/Mar/2024:11:11:50 +0800] "GET /xingrg/javascript/easyui/themes/default/validatebox.css HTTP/1.1" 404 1104
116.238.97.31 - - [16/Mar/2024:11:11:55 +0800] "GET /xingrg/all/function/internal_message.html?_=1710558715974&CODE_STATE=getMsg HTTP/1.1" 200 27
221.239.169.251 - - [16/Mar/2024:11:11:59 +0800] "GET /xingrg/all/function/internal_message.html?_=1710558717846&CODE_STATE=getMsg HTTP/1.1" 302 -
180.169.147.146 - - [16/Mar/2024:11:12:01 +0800] "GET /xingrg/all/function/internal_message.html?_=1710558717694&CODE_STATE=getMsg HTTP/1.1" 200 27
222.69.135.185 - - [16/Mar/2024:11:12:05 +0800] "GET /xingrg/check_reg.html?_=1710558726985 HTTP/1.1" 200 22
116.232.194.112 - - [16/Mar/2024:11:12:06 +0800] "GET /xingrg/kc/buy/cgsh_order_operate.html?command=get_materiel&rest_code=00155&code=00102002167&supplier_code=00100337&order_time=2024-03-16 HTTP/1.1" 200 409
222.69.135.185 - - [16/Mar/2024:11:12:15 +0800] "GET /xingrg/all/function/internal_message.html?_=1710558736615&CODE_STATE=getMsg HTTP/1.1" 200 27
218.79.29.78 - - [16/Mar/2024:11:12:16 +0800] "GET /xingrg/all/function/internal_message.html?_=1710558748191&CODE_STATE=getMsg HTTP/1.1" 200 27
116.224.254.208 - - [16/Mar/2024:11:12:18 +0800] "GET /xingrg/all/function/internal_message.html?_=1710558737661&CODE_STATE=getMsg HTTP/1.1" 200 27
116.232.194.112 - - [16/Mar/2024:11:12:19 +0800] "GET /xingrg/all/function/internal_message.html?_=1710558712382&CODE_STATE=getMsg HTTP/1.1" 200 27
116.232.194.112 - - [16/Mar/2024:11:12:22 +0800] "POST /xingrg/kc/buy/cgsh_order_operate.html HTTP/1.1" 200 37
222.70.115.1 - - [16/Mar/2024:11:12:24 +0800] "GET /xingrg/all/function/internal_message.html?_=1710558755063&CODE_STATE=getMsg HTTP/1.1" 200 27
116.232.194.112 - - [16/Mar/2024:11:12:25 +0800] "POST /xingrg/kc/buy/cgsh_order_operate.html HTTP/1.1" 200 2652
116.232.194.112 - - [16/Mar/2024:11:12:27 +0800] "GET /xingrg/kc/print/load_data.html?order_code=212024031604613&kc_code=cgsh&condition= HTTP/1.1" 200 670
180.164.1.25 - - [16/Mar/2024:11:12:27 +0800] "GET /xingrg/check_reg.html?_=1710558746681 HTTP/1.1" 200 22
180.164.1.25 - - [16/Mar/2024:11:12:28 +0800] "GET /xingrg/all/function/internal_message.html?_=1710558748022&CODE_STATE=getMsg HTTP/1.1" 200 27
116.237.79.112 - - [16/Mar/2024:11:12:30 +0800] "GET /xingrg/all/function/internal_message.html?_=1710558747756&CODE_STATE=getMsg HTTP/1.1" 200 27
222.70.183.82 - - [16/Mar/2024:11:12:31 +0800] "GET /xingrg/all/function/internal_message.html?_=1710558750340&CODE_STATE=getMsg HTTP/1.1" 200 27
116.232.194.112 - - [16/Mar/2024:11:12:32 +0800] "GET /xingrg/kc/buy/cgsh_order_add.html HTTP/1.1" 200 73743
116.232.194.112 - - [16/Mar/2024:11:12:32 +0800] "POST /xingrg/kc/buy/cgsh_order_operate.html HTTP/1.1" 200 8245
116.232.194.112 - - [16/Mar/2024:11:12:32 +0800] "GET /xingrg/javascript/easyui/themes/default/validatebox.css HTTP/1.1" 404 1104
124.77.245.47 - - [16/Mar/2024:11:12:34 +0800] "GET /xingrg/all/function/internal_message.html?_=1710558776355&CODE_STATE=getMsg HTTP/1.1" 200 27
101.83.145.37 - - [16/Mar/2024:11:12:35 +0800] "GET /xingrg/all/function/internal_message.html?_=1710558755273&CODE_STATE=getMsg HTTP/1.1" 200 27
114.83.222.242 - - [16/Mar/2024:11:12:39 +0800] "GET /xingrg/all/function/internal_message.html?_=1710558756449&CODE_STATE=getMsg HTTP/1.1" 200 27
124.78.60.103 - - [16/Mar/2024:11:12:42 +0800] "GET /xingrg/all/function/internal_message.html?_=1710558762702&CODE_STATE=getMsg HTTP/1.1" 200 27
116.224.254.208 - - [16/Mar/2024:11:12:49 +0800] "GET /xingrg/all/function/internal_message.html?_=1710558768829&CODE_STATE=getMsg HTTP/1.1" 200 27
116.232.194.112 - - [16/Mar/2024:11:12:51 +0800] "GET /xingrg/kc/buy/cgsh_order_operate.html?command=get_materiel&rest_code=00155&code=00101010616&supplier_code=00100494&order_time=2024-03-16 HTTP/1.1" 200 409
116.238.97.31 - - [16/Mar/2024:11:12:55 +0800] "GET /xingrg/all/function/internal_message.html?_=1710558775953&CODE_STATE=getMsg HTTP/1.1" 200 27
221.239.169.251 - - [16/Mar/2024:11:12:59 +0800] "GET /xingrg/all/function/internal_message.html?_=1710558777847&CODE_STATE=getMsg HTTP/1.1" 302 -
180.169.147.146 - - [16/Mar/2024:11:13:01 +0800] "GET /xingrg/all/function/internal_message.html?_=1710558777692&CODE_STATE=getMsg HTTP/1.1" 200 27
116.232.194.112 - - [16/Mar/2024:11:13:05 +0800] "POST /xingrg/kc/buy/cgsh_order_operate.html HTTP/1.1" 200 37
116.232.194.112 - - [16/Mar/2024:11:13:09 +0800] "POST /xingrg/kc/buy/cgsh_order_operate.html HTTP/1.1" 200 2658
116.237.79.112 - - [16/Mar/2024:11:13:10 +0800] "GET /xingrg/check_reg.html?_=1710558787719 HTTP/1.1" 200 22
116.232.194.112 - - [16/Mar/2024:11:13:11 +0800] "GET /xingrg/kc/print/load_data.html?order_code=212024031604614&kc_code=cgsh&condition= HTTP/1.1" 200 678
222.69.135.185 - - [16/Mar/2024:11:13:15 +0800] "GET /xingrg/all/function/internal_message.html?_=1710558796601&CODE_STATE=getMsg HTTP/1.1" 200 27
116.232.194.112 - - [16/Mar/2024:11:13:16 +0800] "GET /xingrg/kc/buy/cgsh_order_add.html HTTP/1.1" 200 73743
116.232.194.112 - - [16/Mar/2024:11:13:16 +0800] "POST /xingrg/kc/buy/cgsh_order_operate.html HTTP/1.1" 200 8245
116.232.194.112 - - [16/Mar/2024:11:13:16 +0800] "GET /xingrg/javascript/easyui/themes/default/validatebox.css HTTP/1.1" 404 1104
218.79.29.78 - - [16/Mar/2024:11:13:17 +0800] "GET /xingrg/all/function/internal_message.html?_=1710558808192&CODE_STATE=getMsg HTTP/1.1" 200 27
218.79.29.78 - - [16/Mar/2024:11:13:17 +0800] "GET /xingrg/check_reg.html?_=1710558808196 HTTP/1.1" 200 22
116.224.254.208 - - [16/Mar/2024:11:13:17 +0800] "GET /xingrg/check_reg.html?_=1710558797646 HTTP/1.1" 200 22
116.224.254.208 - - [16/Mar/2024:11:13:18 +0800] "GET /xingrg/all/function/internal_message.html?_=1710558797652&CODE_STATE=getMsg HTTP/1.1" 200 27
116.232.194.112 - - [16/Mar/2024:11:13:19 +0800] "GET /xingrg/all/function/internal_message.html?_=1710558772354&CODE_STATE=getMsg HTTP/1.1" 200 27
222.70.115.1 - - [16/Mar/2024:11:13:24 +0800] "GET /xingrg/all/function/internal_message.html?_=1710558815061&CODE_STATE=getMsg HTTP/1.1" 200 27
180.164.1.25 - - [16/Mar/2024:11:13:28 +0800] "GET /xingrg/all/function/internal_message.html?_=1710558807998&CODE_STATE=getMsg HTTP/1.1" 200 27
116.237.79.112 - - [16/Mar/2024:11:13:30 +0800] "GET /xingrg/all/function/internal_message.html?_=1710558807738&CODE_STATE=getMsg HTTP/1.1" 200 27
116.232.194.112 - - [16/Mar/2024:11:13:30 +0800] "GET /xingrg/kc/buy/cgsh_order_operate.html?command=get_materiel&rest_code=00155&code=00101006090&supplier_code=00100323&order_time=2024-03-16 HTTP/1.1" 200 421
222.70.183.82 - - [16/Mar/2024:11:13:31 +0800] "GET /xingrg/all/function/internal_message.html?_=1710558810312&CODE_STATE=getMsg HTTP/1.1" 200 27
222.70.183.82 - - [16/Mar/2024:11:13:32 +0800] "GET /xingrg/check_reg.html?_=1710558810766 HTTP/1.1" 200 22
124.77.245.47 - - [16/Mar/2024:11:13:34 +0800] "GET /xingrg/all/function/internal_message.html?_=1710558836438&CODE_STATE=getMsg HTTP/1.1" 200 27
101.83.145.37 - - [16/Mar/2024:11:13:35 +0800] "GET /xingrg/all/function/internal_message.html?_=1710558815242&CODE_STATE=getMsg HTTP/1.1" 200 27
114.83.222.242 - - [16/Mar/2024:11:13:39 +0800] "GET /xingrg/all/function/internal_message.html?_=1710558816458&CODE_STATE=getMsg HTTP/1.1" 200 27
124.78.60.103 - - [16/Mar/2024:11:13:42 +0800] "GET /xingrg/all/function/internal_message.html?_=1710558822718&CODE_STATE=getMsg HTTP/1.1" 200 27
116.224.254.208 - - [16/Mar/2024:11:13:49 +0800] "GET /xingrg/all/function/internal_message.html?_=1710558828814&CODE_STATE=getMsg HTTP/1.1" 200 27
116.238.97.31 - - [16/Mar/2024:11:13:55 +0800] "GET /xingrg/all/function/internal_message.html?_=1710558835939&CODE_STATE=getMsg HTTP/1.1" 200 27
221.239.169.251 - - [16/Mar/2024:11:13:59 +0800] "GET /xingrg/all/function/internal_message.html?_=1710558837844&CODE_STATE=getMsg HTTP/1.1" 302 -
180.169.147.146 - - [16/Mar/2024:11:14:01 +0800] "GET /xingrg/all/function/internal_message.html?_=1710558837697&CODE_STATE=getMsg HTTP/1.1" 200 27
180.169.147.146 - - [16/Mar/2024:11:14:01 +0800] "GET /xingrg/check_reg.html?_=1710558837698 HTTP/1.1" 200 22
116.232.194.112 - - [16/Mar/2024:11:14:01 +0800] "POST /xingrg/kc/buy/cgsh_order_operate.html HTTP/1.1" 200 37
116.232.194.112 - - [16/Mar/2024:11:14:04 +0800] "POST /xingrg/kc/buy/cgsh_order_operate.html HTTP/1.1" 200 2666
116.232.194.112 - - [16/Mar/2024:11:14:05 +0800] "GET /xingrg/kc/print/load_data.html?order_code=212024031604615&kc_code=cgsh&condition= HTTP/1.1" 200 691
