218.79.29.78 - - [16/Mar/2024:09:01:17 +0800] "GET /xingrg/all/function/internal_message.html?_=1710550888082&CODE_STATE=getMsg HTTP/1.1" 200 27
116.232.194.112 - - [16/Mar/2024:09:01:21 +0800] "GET /xingrg/all/function/internal_message.html?_=1710550854579&CODE_STATE=getMsg HTTP/1.1" 200 27
116.224.254.208 - - [16/Mar/2024:09:01:27 +0800] "GET /xingrg/check_reg.html?_=1710550886724 HTTP/1.1" 200 22
116.224.254.208 - - [16/Mar/2024:09:01:27 +0800] "GET /xingrg/all/function/internal_message.html?_=1710550886756&CODE_STATE=getMsg HTTP/1.1" 200 27
101.83.145.37 - - [16/Mar/2024:09:01:27 +0800] "GET /xingrg/all/function/internal_message.html?_=1710550887857&CODE_STATE=getMsg HTTP/1.1" 200 27
116.238.97.31 - - [16/Mar/2024:09:01:34 +0800] "GET /xingrg/all/function/internal_message.html?_=1710550894653&CODE_STATE=getMsg HTTP/1.1" 200 27
116.238.97.31 - - [16/Mar/2024:09:01:34 +0800] "GET /xingrg/check_reg.html?_=1710550894711 HTTP/1.1" 200 22
124.77.245.47 - - [16/Mar/2024:09:01:41 +0800] "GET /xingrg/all/function/internal_message.html?_=1710550923536&CODE_STATE=getMsg HTTP/1.1" 200 27
124.78.60.103 - - [16/Mar/2024:09:01:42 +0800] "GET /xingrg/all/function/internal_message.html?_=1710550902751&CODE_STATE=getMsg HTTP/1.1" 200 27
101.83.145.37 - - [16/Mar/2024:09:01:43 +0800] "GET /xingrg/kc/buy/cgsh_order_operate.html?command=get_materiel&rest_code=00105&code=00101008333&supplier_code=00100008&order_time=2024-03-16 HTTP/1.1" 200 412
116.224.254.208 - - [16/Mar/2024:09:01:49 +0800] "GET /xingrg/all/function/internal_message.html?_=1710550909418&CODE_STATE=getMsg HTTP/1.1" 200 27
221.239.169.251 - - [16/Mar/2024:09:01:59 +0800] "GET /xingrg/all/function/internal_message.html?_=1710550917673&CODE_STATE=getMsg HTTP/1.1" 302 -
101.83.145.37 - - [16/Mar/2024:09:02:03 +0800] "GET /xingrg/kc/buy/cgsh_order_operate.html?command=get_materiel&rest_code=00105&code=00101008064&supplier_code=00100008&order_time=2024-03-16 HTTP/1.1" 200 412
218.79.29.78 - - [16/Mar/2024:09:02:17 +0800] "GET /xingrg/all/function/internal_message.html?_=1710550948083&CODE_STATE=getMsg HTTP/1.1" 200 27
116.224.254.208 - - [16/Mar/2024:09:02:20 +0800] "GET /xingrg/kc/buy/cgsh_order_operate.html?command=get_materiel&rest_code=00150&code=00101008027&supplier_code=00100008&order_time=2024-03-16 HTTP/1.1" 200 408
116.232.194.112 - - [16/Mar/2024:09:02:21 +0800] "GET /xingrg/all/function/internal_message.html?_=1710550914554&CODE_STATE=getMsg HTTP/1.1" 200 27
116.224.254.208 - - [16/Mar/2024:09:02:27 +0800] "GET /xingrg/all/function/internal_message.html?_=1710550946735&CODE_STATE=getMsg HTTP/1.1" 200 27
101.83.145.37 - - [16/Mar/2024:09:02:27 +0800] "GET /xingrg/all/function/internal_message.html?_=1710550947979&CODE_STATE=getMsg HTTP/1.1" 200 27
116.224.254.208 - - [16/Mar/2024:09:02:33 +0800] "GET /xingrg/kc/buy/cgsh_order_operate.html?command=get_materiel&rest_code=00150&code=00101008272&supplier_code=00100008&order_time=2024-03-16 HTTP/1.1" 200 412
116.238.97.31 - - [16/Mar/2024:09:02:34 +0800] "GET /xingrg/all/function/internal_message.html?_=1710550954648&CODE_STATE=getMsg HTTP/1.1" 200 27
124.77.245.47 - - [16/Mar/2024:09:02:42 +0800] "GET /xingrg/all/function/internal_message.html?_=1710550983998&CODE_STATE=getMsg HTTP/1.1" 200 27
124.78.60.103 - - [16/Mar/2024:09:02:42 +0800] "GET /xingrg/all/function/internal_message.html?_=1710550962749&CODE_STATE=getMsg HTTP/1.1" 200 27
116.224.254.208 - - [16/Mar/2024:09:02:43 +0800] "POST /xingrg/kc/buy/cgsh_order_operate.html HTTP/1.1" 200 37
116.224.254.208 - - [16/Mar/2024:09:02:45 +0800] "POST /xingrg/kc/buy/cgsh_order_operate.html HTTP/1.1" 200 22740
116.224.254.208 - - [16/Mar/2024:09:02:49 +0800] "GET /xingrg/check_reg.html?_=1710550969414 HTTP/1.1" 200 22
116.224.254.208 - - [16/Mar/2024:09:02:49 +0800] "GET /xingrg/all/function/internal_message.html?_=1710550969418&CODE_STATE=getMsg HTTP/1.1" 200 27
101.83.145.37 - - [16/Mar/2024:09:02:49 +0800] "GET /xingrg/kc/buy/cgsh_order_operate.html?command=get_materiel&rest_code=00105&code=00101008087&supplier_code=00100008&order_time=2024-03-16 HTTP/1.1" 200 412
116.224.254.208 - - [16/Mar/2024:09:02:54 +0800] "GET /xingrg/kc/buy/cgsh_order_operate.html?command=get_materiel&rest_code=00150&code=00101008213&supplier_code=00100008&order_time=2024-03-16 HTTP/1.1" 200 412
101.83.145.37 - - [16/Mar/2024:09:02:58 +0800] "GET /xingrg/kc/buy/cgsh_order_operate.html?command=get_materiel&rest_code=00105&code=00101008361&supplier_code=00100008&order_time=2024-03-16 HTTP/1.1" 200 408
221.239.169.251 - - [16/Mar/2024:09:02:59 +0800] "GET /xingrg/all/function/internal_message.html?_=1710550977672&CODE_STATE=getMsg HTTP/1.1" 302 -
101.83.145.37 - - [16/Mar/2024:09:03:00 +0800] "POST /xingrg/kc/buy/cgsh_order_operate.html HTTP/1.1" 200 2065
101.83.145.37 - - [16/Mar/2024:09:03:01 +0800] "POST /xingrg/kc/buy/cgsh_order_operate.html HTTP/1.1" 200 2065
101.83.145.37 - - [16/Mar/2024:09:03:02 +0800] "POST /xingrg/kc/buy/cgsh_order_operate.html HTTP/1.1" 200 2065
116.224.254.208 - - [16/Mar/2024:09:03:02 +0800] "GET /xingrg/kc/buy/cgsh_order_operate.html?command=get_materiel&rest_code=00150&code=00101008286&supplier_code=00100008&order_time=2024-03-16 HTTP/1.1" 200 408
116.224.254.208 - - [16/Mar/2024:09:03:13 +0800] "GET /xingrg/kc/buy/cgsh_order_operate.html?command=get_materiel&rest_code=00150&code=00101008215&supplier_code=00100008&order_time=2024-03-16 HTTP/1.1" 200 413
218.79.29.78 - - [16/Mar/2024:09:03:17 +0800] "GET /xingrg/all/function/internal_message.html?_=1710551008084&CODE_STATE=getMsg HTTP/1.1" 200 27
218.79.29.78 - - [16/Mar/2024:09:03:17 +0800] "GET /xingrg/check_reg.html?_=1710551008089 HTTP/1.1" 200 22
116.232.194.112 - - [16/Mar/2024:09:03:21 +0800] "GET /xingrg/all/function/internal_message.html?_=1710550974526&CODE_STATE=getMsg HTTP/1.1" 200 27
116.224.254.208 - - [16/Mar/2024:09:03:27 +0800] "GET /xingrg/all/function/internal_message.html?_=1710551006812&CODE_STATE=getMsg HTTP/1.1" 200 27
101.83.145.37 - - [16/Mar/2024:09:03:27 +0800] "GET /xingrg/check_reg.html?_=1710551007848 HTTP/1.1" 200 22
101.83.145.37 - - [16/Mar/2024:09:03:27 +0800] "GET /xingrg/all/function/internal_message.html?_=1710551007853&CODE_STATE=getMsg HTTP/1.1" 200 27
116.224.254.208 - - [16/Mar/2024:09:03:30 +0800] "GET /xingrg/kc/buy/cgsh_order_operate.html?command=get_materiel&rest_code=00150&code=00101008694&supplier_code=00100008&order_time=2024-03-16 HTTP/1.1" 200 420
116.238.97.31 - - [16/Mar/2024:09:03:34 +0800] "GET /xingrg/all/function/internal_message.html?_=1710551014631&CODE_STATE=getMsg HTTP/1.1" 200 27
101.83.145.37 - - [16/Mar/2024:09:03:40 +0800] "GET /xingrg/kc/buy/cgsh_order_operate.html?command=get_materiel&rest_code=00105&code=00101008286&supplier_code=00100008&order_time=2024-03-16 HTTP/1.1" 200 408
116.224.254.208 - - [16/Mar/2024:09:03:40 +0800] "POST /xingrg/kc/buy/cgsh_order_operate.html HTTP/1.1" 200 37
124.77.245.47 - - [16/Mar/2024:09:03:42 +0800] "GET /xingrg/all/function/internal_message.html?_=1710551044010&CODE_STATE=getMsg HTTP/1.1" 200 27
116.224.254.208 - - [16/Mar/2024:09:03:42 +0800] "POST /xingrg/kc/buy/cgsh_order_operate.html HTTP/1.1" 200 25709
124.78.60.103 - - [16/Mar/2024:09:03:42 +0800] "GET /xingrg/all/function/internal_message.html?_=1710551022741&CODE_STATE=getMsg HTTP/1.1" 200 27
116.224.254.208 - - [16/Mar/2024:09:03:49 +0800] "GET /xingrg/all/function/internal_message.html?_=1710551029417&CODE_STATE=getMsg HTTP/1.1" 200 27
116.224.254.208 - - [16/Mar/2024:09:03:50 +0800] "GET /xingrg/kc/buy/cgsh_order_operate.html?command=get_materiel&rest_code=00150&code=00101008357&supplier_code=00100008&order_time=2024-03-16 HTTP/1.1" 200 408
101.228.147.14 - - [16/Mar/2024:09:03:56 +0800] "GET /favicon.ico HTTP/1.1" 404 -
221.239.169.251 - - [16/Mar/2024:09:03:59 +0800] "GET /xingrg/all/function/internal_message.html?_=1710551037686&CODE_STATE=getMsg HTTP/1.1" 302 -
116.224.254.208 - - [16/Mar/2024:09:04:07 +0800] "GET /xingrg/kc/buy/cgsh_order_operate.html?command=get_materiel&rest_code=00150&code=00101008331&supplier_code=00100008&order_time=2024-03-16 HTTP/1.1" 200 416
101.83.145.37 - - [16/Mar/2024:09:04:10 +0800] "GET /xingrg/kc/buy/cgsh_order_operate.html?command=get_materiel&rest_code=00105&code=00101008261&supplier_code=00100008&order_time=2024-03-16 HTTP/1.1" 200 408
218.79.29.78 - - [16/Mar/2024:09:04:17 +0800] "GET /xingrg/all/function/internal_message.html?_=1710551068089&CODE_STATE=getMsg HTTP/1.1" 200 27
116.224.254.208 - - [16/Mar/2024:09:04:18 +0800] "GET /xingrg/kc/buy/cgsh_order_operate.html?command=get_materiel&rest_code=00150&code=00101008059&supplier_code=00100008&order_time=2024-03-16 HTTP/1.1" 200 408
101.83.145.37 - - [16/Mar/2024:09:04:21 +0800] "GET /xingrg/kc/buy/cgsh_order_operate.html?command=get_materiel&rest_code=00105&code=00101008213&supplier_code=00100008&order_time=2024-03-16 HTTP/1.1" 200 412
116.232.194.112 - - [16/Mar/2024:09:04:21 +0800] "GET /xingrg/all/function/internal_message.html?_=1710551034496&CODE_STATE=getMsg HTTP/1.1" 200 27
116.224.254.208 - - [16/Mar/2024:09:04:27 +0800] "GET /xingrg/all/function/internal_message.html?_=1710551066802&CODE_STATE=getMsg HTTP/1.1" 200 27
101.83.145.37 - - [16/Mar/2024:09:04:27 +0800] "GET /xingrg/all/function/internal_message.html?_=1710551068004&CODE_STATE=getMsg HTTP/1.1" 200 27
101.83.145.37 - - [16/Mar/2024:09:04:29 +0800] "GET /xingrg/kc/buy/cgsh_order_operate.html?command=get_materiel&rest_code=00105&code=00101008049&supplier_code=00100008&order_time=2024-03-16 HTTP/1.1" 200 408
116.224.254.208 - - [16/Mar/2024:09:04:30 +0800] "GET /xingrg/kc/buy/cgsh_order_operate.html?command=get_materiel&rest_code=00150&code=00101008005&supplier_code=00100008&order_time=2024-03-16 HTTP/1.1" 200 412
116.238.97.31 - - [16/Mar/2024:09:04:34 +0800] "GET /xingrg/all/function/internal_message.html?_=1710551074611&CODE_STATE=getMsg HTTP/1.1" 200 27
114.83.222.242 - - [16/Mar/2024:09:04:35 +0800] "GET /xingrg/login.html?sysBaseUrl=http%3A%2F%2F180.169.147.146%3A18081%2Fxingrg%2F&costTime=31×tamp=1615347190560 HTTP/1.1" 200 7641
221.239.169.251 - - [16/Mar/2024:09:04:35 +0800] "GET /xingrg/check_reg.html?_=1710551073319 HTTP/1.1" 302 -
114.83.222.242 - - [16/Mar/2024:09:04:35 +0800] "GET /favicon.ico HTTP/1.1" 404 -
114.83.222.242 - - [16/Mar/2024:09:04:38 +0800] "POST /xingrg/login.do HTTP/1.1" 302 -
114.83.222.242 - - [16/Mar/2024:09:04:38 +0800] "GET /xingrg/index.html?sysBaseUrl=http%3A%2F%2F180.169.147.146%3A18081%2Fxingrg%2F&costTime=1760×tamp=1710551078522 HTTP/1.1" 200 17179
114.83.222.242 - - [16/Mar/2024:09:04:38 +0800] "GET /favicon.ico HTTP/1.1" 404 -
114.83.222.242 - - [16/Mar/2024:09:04:39 +0800] "GET /xingrg/check_reg.html?_=1710551076216 HTTP/1.1" 200 22
114.83.222.242 - - [16/Mar/2024:09:04:39 +0800] "GET /xingrg/all/function/internal_message.html?_=1710551076215&CODE_STATE=count HTTP/1.1" 200 11
114.83.222.242 - - [16/Mar/2024:09:04:39 +0800] "POST /xingrg/load_menu.html HTTP/1.1" 200 5138
114.83.222.242 - - [16/Mar/2024:09:04:39 +0800] "POST /xingrg/all/common/load_tree.html?tree=area_rest_tree_json&manage=1 HTTP/1.1" 200 351
124.78.60.103 - - [16/Mar/2024:09:04:42 +0800] "GET /xingrg/check_reg.html?_=1710551082732 HTTP/1.1" 200 22
124.78.60.103 - - [16/Mar/2024:09:04:42 +0800] "GET /xingrg/all/function/internal_message.html?_=1710551082736&CODE_STATE=getMsg HTTP/1.1" 200 27
124.77.245.47 - - [16/Mar/2024:09:04:42 +0800] "GET /xingrg/all/function/internal_message.html?_=1710551104657&CODE_STATE=getMsg HTTP/1.1" 200 27
114.83.222.242 - - [16/Mar/2024:09:04:44 +0800] "GET /xingrg/kc/buy/cgsh_order_list.html HTTP/1.1" 200 57886
101.83.145.37 - - [16/Mar/2024:09:04:48 +0800] "POST /xingrg/kc/buy/cgsh_order_operate.html HTTP/1.1" 200 37
116.224.254.208 - - [16/Mar/2024:09:04:49 +0800] "GET /xingrg/all/function/internal_message.html?_=1710551089414&CODE_STATE=getMsg HTTP/1.1" 200 27
116.224.254.208 - - [16/Mar/2024:09:04:49 +0800] "GET /xingrg/kc/buy/cgsh_order_operate.html?command=get_materiel&rest_code=00150&code=00101008370&supplier_code=00100008&order_time=2024-03-16 HTTP/1.1" 200 412
114.83.222.242 - - [16/Mar/2024:09:04:50 +0800] "POST /xingrg/kc/buy/cgsh_list_operate.html HTTP/1.1" 200 645
114.83.222.242 - - [16/Mar/2024:09:04:53 +0800] "GET /xingrg/kc/buy/cgsh_order_add.html HTTP/1.1" 200 73743
114.83.222.242 - - [16/Mar/2024:09:04:53 +0800] "GET /xingrg/words/20240314161634_words.js HTTP/1.1" 304 -
114.83.222.242 - - [16/Mar/2024:09:04:54 +0800] "POST /xingrg/kc/buy/cgsh_order_operate.html HTTP/1.1" 200 8245
114.83.222.242 - - [16/Mar/2024:09:04:54 +0800] "GET /xingrg/javascript/easyui/themes/default/validatebox.css HTTP/1.1" 404 1104
114.83.222.242 - - [16/Mar/2024:09:04:54 +0800] "GET /xingrg/all/common/auto_word.html?type=employee&rest_code=00149 HTTP/1.1" 200 147
114.83.222.242 - - [16/Mar/2024:09:04:54 +0800] "GET /xingrg/all/common/auto_word.html?type=employee&rest_code=00149 HTTP/1.1" 200 147
221.239.169.251 - - [16/Mar/2024:09:04:59 +0800] "GET /xingrg/all/function/internal_message.html?_=1710551097673&CODE_STATE=getMsg HTTP/1.1" 302 -
124.77.245.47 - - [16/Mar/2024:09:05:01 +0800] "GET /xingrg/check_reg.html?_=1710551122839 HTTP/1.1" 200 22
114.83.222.242 - - [16/Mar/2024:09:05:04 +0800] "GET /xingrg/javascript/auto/indicator.gif HTTP/1.1" 404 1066
114.83.222.242 - - [16/Mar/2024:09:05:05 +0800] "GET /xingrg/javascript/jquery_tools/images/next.gif HTTP/1.1" 404 1086
114.83.222.242 - - [16/Mar/2024:09:05:05 +0800] "GET /xingrg/javascript/jquery_tools/images/prev.gif HTTP/1.1" 404 1086
116.224.254.208 - - [16/Mar/2024:09:05:09 +0800] "POST /xingrg/kc/buy/cgsh_order_operate.html HTTP/1.1" 200 37
116.224.254.208 - - [16/Mar/2024:09:05:11 +0800] "POST /xingrg/kc/buy/cgsh_order_operate.html HTTP/1.1" 200 28663
116.237.79.112 - - [16/Mar/2024:09:05:12 +0800] "GET /xingrg/login.html HTTP/1.1" 200 7641
114.83.222.242 - - [16/Mar/2024:09:05:12 +0800] "GET /xingrg/kc/buy/cgsh_order_operate.html?command=get_materiel&rest_code=00149&code=00101008080&supplier_code=00100008&order_time=2024-03-16 HTTP/1.1" 200 416
222.69.135.185 - - [16/Mar/2024:09:05:14 +0800] "GET /xingrg/login.html HTTP/1.1" 200 7641
222.69.135.185 - - [16/Mar/2024:09:05:15 +0800] "GET /favicon.ico HTTP/1.1" 404 -
218.79.29.78 - - [16/Mar/2024:09:05:17 +0800] "GET /xingrg/all/function/internal_message.html?_=1710551128094&CODE_STATE=getMsg HTTP/1.1" 200 27
116.237.79.112 - - [16/Mar/2024:09:05:17 +0800] "GET /favicon.ico HTTP/1.1" 404 -
116.224.254.208 - - [16/Mar/2024:09:05:19 +0800] "GET /xingrg/kc/buy/cgsh_order_operate.html?command=get_materiel&rest_code=00150&code=00101008042&supplier_code=00100008&order_time=2024-03-16 HTTP/1.1" 200 416
116.232.194.112 - - [16/Mar/2024:09:05:21 +0800] "GET /xingrg/all/function/internal_message.html?_=1710551094482&CODE_STATE=getMsg HTTP/1.1" 200 27
222.69.135.185 - - [16/Mar/2024:09:05:22 +0800] "POST /xingrg/login.do HTTP/1.1" 302 -
222.69.135.185 - - [16/Mar/2024:09:05:22 +0800] "GET /xingrg/index.html?sysBaseUrl=http%3A%2F%2F180.169.147.146%3A18081%2Fxingrg%2F&costTime=823×tamp=1710551122371 HTTP/1.1" 200 17179
222.69.135.185 - - [16/Mar/2024:09:05:22 +0800] "GET /favicon.ico HTTP/1.1" 404 -
222.69.135.185 - - [16/Mar/2024:09:05:22 +0800] "GET /xingrg/all/function/internal_message.html?_=1710551123931&CODE_STATE=count HTTP/1.1" 200 11
222.69.135.185 - - [16/Mar/2024:09:05:22 +0800] "GET /xingrg/check_reg.html?_=1710551123932 HTTP/1.1" 200 22
222.69.135.185 - - [16/Mar/2024:09:05:22 +0800] "POST /xingrg/all/common/load_tree.html?tree=area_rest_tree_json&manage=1 HTTP/1.1" 200 351
222.69.135.185 - - [16/Mar/2024:09:05:22 +0800] "POST /xingrg/load_menu.html HTTP/1.1" 200 5138
114.83.222.242 - - [16/Mar/2024:09:05:24 +0800] "GET /xingrg/kc/buy/cgsh_order_operate.html?command=get_materiel&rest_code=00149&code=00101008196&supplier_code=00100008&order_time=2024-03-16 HTTP/1.1" 200 416
116.237.79.112 - - [16/Mar/2024:09:05:25 +0800] "POST /xingrg/login.do HTTP/1.1" 302 -
116.237.79.112 - - [16/Mar/2024:09:05:25 +0800] "GET /xingrg/index.html?sysBaseUrl=http%3A%2F%2F180.169.147.146%3A18081%2Fxingrg%2F&costTime=822×tamp=1710551125376 HTTP/1.1" 200 17173
116.237.79.112 - - [16/Mar/2024:09:05:26 +0800] "GET /favicon.ico HTTP/1.1" 404 -
116.237.79.112 - - [16/Mar/2024:09:05:26 +0800] "POST /xingrg/all/common/load_tree.html?tree=area_rest_tree_json&manage=1 HTTP/1.1" 200 342
116.237.79.112 - - [16/Mar/2024:09:05:26 +0800] "GET /xingrg/all/function/internal_message.html?_=1710551124525&CODE_STATE=count HTTP/1.1" 200 11
116.237.79.112 - - [16/Mar/2024:09:05:26 +0800] "GET /xingrg/check_reg.html?_=1710551124529 HTTP/1.1" 200 22
116.237.79.112 - - [16/Mar/2024:09:05:26 +0800] "POST /xingrg/load_menu.html HTTP/1.1" 200 5138
116.224.254.208 - - [16/Mar/2024:09:05:27 +0800] "GET /xingrg/all/function/internal_message.html?_=1710551126774&CODE_STATE=getMsg HTTP/1.1" 200 27
116.238.97.31 - - [16/Mar/2024:09:05:34 +0800] "GET /xingrg/all/function/internal_message.html?_=1710551134588&CODE_STATE=getMsg HTTP/1.1" 200 27
114.83.222.242 - - [16/Mar/2024:09:05:37 +0800] "GET /xingrg/kc/buy/cgsh_order_operate.html?command=get_materiel&rest_code=00149&code=00101008740&supplier_code=00100008&order_time=2024-03-16 HTTP/1.1" 200 413
114.83.222.242 - - [16/Mar/2024:09:05:39 +0800] "GET /xingrg/all/function/internal_message.html?_=1710551136234&CODE_STATE=getMsg HTTP/1.1" 200 27
116.232.194.112 - - [16/Mar/2024:09:05:41 +0800] "GET /xingrg/check_reg.html?_=1710551114421 HTTP/1.1" 200 22
124.78.60.103 - - [16/Mar/2024:09:05:42 +0800] "GET /xingrg/all/function/internal_message.html?_=1710551142745&CODE_STATE=getMsg HTTP/1.1" 200 27
124.77.245.47 - - [16/Mar/2024:09:05:42 +0800] "GET /xingrg/all/function/internal_message.html?_=1710551164663&CODE_STATE=getMsg HTTP/1.1" 200 27
114.83.222.242 - - [16/Mar/2024:09:05:45 +0800] "GET /xingrg/kc/buy/cgsh_order_operate.html?command=get_materiel&rest_code=00149&code=00101008041&supplier_code=00100008&order_time=2024-03-16 HTTP/1.1" 200 408
116.224.254.208 - - [16/Mar/2024:09:05:49 +0800] "GET /xingrg/all/function/internal_message.html?_=1710551149423&CODE_STATE=getMsg HTTP/1.1" 200 27
116.224.254.208 - - [16/Mar/2024:09:05:50 +0800] "GET /xingrg/kc/buy/cgsh_order_operate.html?command=get_materiel&rest_code=00150&code=00101015130&supplier_code=00100008&order_time=2024-03-16 HTTP/1.1" 200 409
116.237.79.112 - - [16/Mar/2024:09:05:54 +0800] "GET /xingrg/kc/buy/buy_main.html HTTP/1.1" 200 12412
116.237.79.112 - - [16/Mar/2024:09:05:54 +0800] "GET /xingrg/css/new_ie.css HTTP/1.1" 404 1036
114.83.222.242 - - [16/Mar/2024:09:05:55 +0800] "GET /xingrg/kc/buy/cgsh_order_operate.html?command=get_materiel&rest_code=00149&code=00101008612&supplier_code=00100008&order_time=2024-03-16 HTTP/1.1" 200 420
116.237.79.112 - - [16/Mar/2024:09:05:55 +0800] "GET /xingrg/images/yd/bt.gif HTTP/1.1" 404 1040
116.237.79.112 - - [16/Mar/2024:09:05:56 +0800] "GET /xingrg/kc/buy/cgsh_order_list.html HTTP/1.1" 200 57880
221.239.169.251 - - [16/Mar/2024:09:05:59 +0800] "GET /xingrg/all/function/internal_message.html?_=1710551157673&CODE_STATE=getMsg HTTP/1.1" 302 -
116.224.254.208 - - [16/Mar/2024:09:06:03 +0800] "GET /xingrg/kc/buy/cgsh_order_operate.html?command=get_materiel&rest_code=00150&code=00101009011&supplier_code=00100008&order_time=2024-03-16 HTTP/1.1" 200 416
101.83.145.37 - - [16/Mar/2024:09:06:08 +0800] "GET /xingrg/all/function/internal_message.html?_=1710551168432&CODE_STATE=getMsg HTTP/1.1" 200 27
116.237.79.112 - - [16/Mar/2024:09:06:08 +0800] "POST /xingrg/kc/buy/cgsh_list_operate.html HTTP/1.1" 200 645
101.83.145.37 - - [16/Mar/2024:09:06:09 +0800] "POST /xingrg/kc/buy/cgsh_order_operate.html HTTP/1.1" 200 36936
116.224.254.208 - - [16/Mar/2024:09:06:15 +0800] "GET /xingrg/kc/buy/cgsh_order_operate.html?command=get_materiel&rest_code=00150&code=00101009015&supplier_code=00100008&order_time=2024-03-16 HTTP/1.1" 200 416
218.79.29.78 - - [16/Mar/2024:09:06:17 +0800] "GET /xingrg/all/function/internal_message.html?_=1710551188096&CODE_STATE=getMsg HTTP/1.1" 200 27
180.163.29.103 - - [16/Mar/2024:09:06:17 +0800] "GET /xingrg/login.html HTTP/1.1" 200 7641
124.78.60.103 - - [16/Mar/2024:09:06:19 +0800] "POST /xingrg/services/DataTransmitService HTTP/1.1" 200 524
114.83.222.242 - - [16/Mar/2024:09:06:21 +0800] "GET /xingrg/kc/buy/cgsh_order_operate.html?command=get_materiel&rest_code=00149&code=00101008010&supplier_code=00100008&order_time=2024-03-16 HTTP/1.1" 200 412
116.232.194.112 - - [16/Mar/2024:09:06:21 +0800] "GET /xingrg/all/function/internal_message.html?_=1710551154471&CODE_STATE=getMsg HTTP/1.1" 200 27
222.69.135.185 - - [16/Mar/2024:09:06:22 +0800] "GET /xingrg/all/function/internal_message.html?_=1710551183971&CODE_STATE=getMsg HTTP/1.1" 200 27
116.237.79.112 - - [16/Mar/2024:09:06:26 +0800] "GET /xingrg/all/function/internal_message.html?_=1710551184538&CODE_STATE=getMsg HTTP/1.1" 200 27
116.224.254.208 - - [16/Mar/2024:09:06:27 +0800] "GET /xingrg/check_reg.html?_=1710551186703 HTTP/1.1" 200 22
116.224.254.208 - - [16/Mar/2024:09:06:27 +0800] "GET /xingrg/all/function/internal_message.html?_=1710551186753&CODE_STATE=getMsg HTTP/1.1" 200 27
180.163.28.55 - - [16/Mar/2024:09:06:27 +0800] "GET /xingrg/check_reg.html?_=1710551124529 HTTP/1.1" 302 -
180.163.28.55 - - [16/Mar/2024:09:06:27 +0800] "GET /xingrg/login.html HTTP/1.1" 200 7641
180.163.29.103 - - [16/Mar/2024:09:06:27 +0800] "GET /xingrg/all/function/internal_message.html?_=1710551124525&CODE_STATE=count HTTP/1.1" 302 -
180.163.29.103 - - [16/Mar/2024:09:06:27 +0800] "GET /xingrg/login.html HTTP/1.1" 200 7641
116.224.254.208 - - [16/Mar/2024:09:06:29 +0800] "GET /xingrg/kc/buy/cgsh_order_operate.html?command=get_materiel&rest_code=00150&code=00101008358&supplier_code=00100008&order_time=2024-03-16 HTTP/1.1" 200 412
116.237.79.112 - - [16/Mar/2024:09:06:30 +0800] "GET /xingrg/kc/buy/cgsh_order_add.html HTTP/1.1" 200 73655
116.237.79.112 - - [16/Mar/2024:09:06:31 +0800] "GET /xingrg/words/20240314161634_words.js HTTP/1.1" 304 -
116.237.79.112 - - [16/Mar/2024:09:06:31 +0800] "POST /xingrg/kc/buy/cgsh_order_operate.html HTTP/1.1" 200 8245
116.237.79.112 - - [16/Mar/2024:09:06:31 +0800] "GET /xingrg/javascript/easyui/themes/default/validatebox.css HTTP/1.1" 404 1104
116.237.79.112 - - [16/Mar/2024:09:06:31 +0800] "GET /xingrg/all/common/auto_word.html?type=employee&rest_code=00106 HTTP/1.1" 200 205
116.237.79.112 - - [16/Mar/2024:09:06:31 +0800] "GET /xingrg/all/common/auto_word.html?type=employee&rest_code=00106 HTTP/1.1" 200 205
116.238.97.31 - - [16/Mar/2024:09:06:34 +0800] "GET /xingrg/all/function/internal_message.html?_=1710551194560&CODE_STATE=getMsg HTTP/1.1" 200 27
116.238.97.31 - - [16/Mar/2024:09:06:34 +0800] "GET /xingrg/check_reg.html?_=1710551194701 HTTP/1.1" 200 22
116.237.79.112 - - [16/Mar/2024:09:06:34 +0800] "GET /xingrg/javascript/easyui/themes/default/tree.css HTTP/1.1" 404 1090
116.237.79.112 - - [16/Mar/2024:09:06:35 +0800] "POST /xingrg/all/common/load_tree.html?tree=supplier_tree_json&isDelete=1 HTTP/1.1" 200 78788
116.224.254.208 - - [16/Mar/2024:09:06:38 +0800] "POST /xingrg/kc/buy/cgsh_order_operate.html HTTP/1.1" 200 37
114.83.222.242 - - [16/Mar/2024:09:06:39 +0800] "GET /xingrg/all/function/internal_message.html?_=1710551196225&CODE_STATE=getMsg HTTP/1.1" 200 27
124.78.60.103 - - [16/Mar/2024:09:06:42 +0800] "GET /xingrg/all/function/internal_message.html?_=1710551202741&CODE_STATE=getMsg HTTP/1.1" 200 27
124.77.245.47 - - [16/Mar/2024:09:06:42 +0800] "GET /xingrg/all/function/internal_message.html?_=1710551224675&CODE_STATE=getMsg HTTP/1.1" 200 27
114.83.222.242 - - [16/Mar/2024:09:06:47 +0800] "GET /xingrg/kc/buy/cgsh_order_operate.html?command=get_materiel&rest_code=00149&code=00101008125&supplier_code=00100008&order_time=2024-03-16 HTTP/1.1" 200 413
116.224.254.208 - - [16/Mar/2024:09:06:49 +0800] "GET /xingrg/all/function/internal_message.html?_=1710551209417&CODE_STATE=getMsg HTTP/1.1" 200 27
180.163.28.109 - - [16/Mar/2024:09:06:55 +0800] "GET /xingrg/kc/buy/buy_main.html HTTP/1.1" 302 -
180.163.28.109 - - [16/Mar/2024:09:06:55 +0800] "GET /xingrg/login.html HTTP/1.1" 200 7641
180.163.30.85 - - [16/Mar/2024:09:06:56 +0800] "GET /xingrg/kc/buy/cgsh_order_list.html HTTP/1.1" 302 -
180.163.30.85 - - [16/Mar/2024:09:06:56 +0800] "GET /xingrg/login.html HTTP/1.1" 200 7641
114.83.222.242 - - [16/Mar/2024:09:06:58 +0800] "GET /xingrg/kc/buy/cgsh_order_operate.html?command=get_materiel&rest_code=00149&code=00101008095&supplier_code=00100008&order_time=2024-03-16 HTTP/1.1" 200 413
221.239.169.251 - - [16/Mar/2024:09:06:59 +0800] "GET /xingrg/all/function/internal_message.html?_=1710551217676&CODE_STATE=getMsg HTTP/1.1" 302 -
101.83.145.37 - - [16/Mar/2024:09:07:08 +0800] "GET /xingrg/all/function/internal_message.html?_=1710551228415&CODE_STATE=getMsg HTTP/1.1" 200 27
114.83.222.242 - - [16/Mar/2024:09:07:08 +0800] "GET /xingrg/kc/buy/cgsh_order_operate.html?command=get_materiel&rest_code=00149&code=00101008674&supplier_code=00100008&order_time=2024-03-16 HTTP/1.1" 200 413
218.79.29.78 - - [16/Mar/2024:09:07:17 +0800] "GET /xingrg/all/function/internal_message.html?_=1710551248098&CODE_STATE=getMsg HTTP/1.1" 200 27
114.83.222.242 - - [16/Mar/2024:09:07:20 +0800] "GET /xingrg/kc/buy/cgsh_order_operate.html?command=get_materiel&rest_code=00149&code=00101008358&supplier_code=00100008&order_time=2024-03-16 HTTP/1.1" 200 412
116.232.194.112 - - [16/Mar/2024:09:07:21 +0800] "GET /xingrg/all/function/internal_message.html?_=1710551214447&CODE_STATE=getMsg HTTP/1.1" 200 27
222.69.135.185 - - [16/Mar/2024:09:07:22 +0800] "GET /xingrg/all/function/internal_message.html?_=1710551243950&CODE_STATE=getMsg HTTP/1.1" 200 27
116.238.97.31 - - [16/Mar/2024:09:07:24 +0800] "POST /xingrg/services/DataTransmitService HTTP/1.1" 200 524
116.237.79.112 - - [16/Mar/2024:09:07:26 +0800] "GET /xingrg/all/function/internal_message.html?_=1710551244538&CODE_STATE=getMsg HTTP/1.1" 200 27
116.237.79.112 - - [16/Mar/2024:09:07:29 +0800] "GET /xingrg/javascript/auto/indicator.gif HTTP/1.1" 404 1066
114.83.222.242 - - [16/Mar/2024:09:07:29 +0800] "GET /xingrg/kc/buy/cgsh_order_operate.html?command=get_materiel&rest_code=00149&code=00101008096&supplier_code=00100008&order_time=2024-03-16 HTTP/1.1" 200 412
116.238.97.31 - - [16/Mar/2024:09:07:34 +0800] "GET /xingrg/all/function/internal_message.html?_=1710551254544&CODE_STATE=getMsg HTTP/1.1" 200 27
116.237.79.112 - - [16/Mar/2024:09:07:37 +0800] "GET /xingrg/kc/buy/cgsh_order_operate.html?command=get_materiel&rest_code=00106&code=00101008147&supplier_code=00100009&order_time=2024-03-16 HTTP/1.1" 200 416
114.83.222.242 - - [16/Mar/2024:09:07:39 +0800] "GET /xingrg/all/function/internal_message.html?_=1710551256478&CODE_STATE=getMsg HTTP/1.1" 200 27
124.78.60.103 - - [16/Mar/2024:09:07:42 +0800] "GET /xingrg/all/function/internal_message.html?_=1710551262753&CODE_STATE=getMsg HTTP/1.1" 200 27
124.77.245.47 - - [16/Mar/2024:09:07:43 +0800] "GET /xingrg/all/function/internal_message.html?_=1710551285315&CODE_STATE=getMsg HTTP/1.1" 200 27
114.83.222.242 - - [16/Mar/2024:09:07:45 +0800] "GET /xingrg/kc/buy/cgsh_order_operate.html?command=get_materiel&rest_code=00149&code=00101008038&supplier_code=00100008&order_time=2024-03-16 HTTP/1.1" 200 412
116.224.254.208 - - [16/Mar/2024:09:07:49 +0800] "GET /xingrg/check_reg.html?_=1710551269417 HTTP/1.1" 200 22
116.224.254.208 - - [16/Mar/2024:09:07:49 +0800] "GET /xingrg/all/function/internal_message.html?_=1710551269420&CODE_STATE=getMsg HTTP/1.1" 200 27
116.224.254.208 - - [16/Mar/2024:09:07:49 +0800] "GET /xingrg/all/function/internal_message.html?_=1710551268826&CODE_STATE=getMsg HTTP/1.1" 200 27
116.224.254.208 - - [16/Mar/2024:09:07:50 +0800] "POST /xingrg/kc/buy/cgsh_order_operate.html HTTP/1.1" 200 31634
221.239.169.251 - - [16/Mar/2024:09:07:59 +0800] "GET /xingrg/all/function/internal_message.html?_=1710551277687&CODE_STATE=getMsg HTTP/1.1" 302 -
116.237.79.112 - - [16/Mar/2024:09:08:00 +0800] "GET /xingrg/kc/buy/cgsh_order_operate.html?command=get_materiel&rest_code=00106&code=00101008146&supplier_code=00100009&order_time=2024-03-16 HTTP/1.1" 200 416
114.83.222.242 - - [16/Mar/2024:09:08:03 +0800] "GET /xingrg/kc/buy/cgsh_order_operate.html?command=get_materiel&rest_code=00149&code=00101008298&supplier_code=00100008&order_time=2024-03-16 HTTP/1.1" 200 412
101.83.145.37 - - [16/Mar/2024:09:08:08 +0800] "GET /xingrg/all/function/internal_message.html?_=1710551288447&CODE_STATE=getMsg HTTP/1.1" 200 27
114.83.222.242 - - [16/Mar/2024:09:08:13 +0800] "GET /xingrg/kc/buy/cgsh_order_operate.html?command=get_materiel&rest_code=00149&code=00101008283&supplier_code=00100008&order_time=2024-03-16 HTTP/1.1" 200 408
218.79.29.78 - - [16/Mar/2024:09:08:17 +0800] "GET /xingrg/check_reg.html?_=1710551308099 HTTP/1.1" 200 22
218.79.29.78 - - [16/Mar/2024:09:08:17 +0800] "GET /xingrg/all/function/internal_message.html?_=1710551308103&CODE_STATE=getMsg HTTP/1.1" 200 27
116.232.194.112 - - [16/Mar/2024:09:08:21 +0800] "GET /xingrg/all/function/internal_message.html?_=1710551274431&CODE_STATE=getMsg HTTP/1.1" 200 27
116.237.79.112 - - [16/Mar/2024:09:08:22 +0800] "POST /xingrg/kc/buy/cgsh_order_operate.html HTTP/1.1" 200 37
222.69.135.185 - - [16/Mar/2024:09:08:22 +0800] "GET /xingrg/all/function/internal_message.html?_=1710551303950&CODE_STATE=getMsg HTTP/1.1" 200 27
114.83.222.242 - - [16/Mar/2024:09:08:26 +0800] "GET /xingrg/kc/buy/cgsh_order_operate.html?command=get_materiel&rest_code=00149&code=00101008352&supplier_code=00100008&order_time=2024-03-16 HTTP/1.1" 200 412
116.237.79.112 - - [16/Mar/2024:09:08:26 +0800] "GET /xingrg/all/function/internal_message.html?_=1710551304537&CODE_STATE=getMsg HTTP/1.1" 200 27
101.83.145.37 - - [16/Mar/2024:09:08:27 +0800] "GET /xingrg/check_reg.html?_=1710551307845 HTTP/1.1" 200 22
116.237.79.112 - - [16/Mar/2024:09:08:29 +0800] "POST /xingrg/kc/buy/cgsh_order_operate.html HTTP/1.1" 200 12
116.237.79.112 - - [16/Mar/2024:09:08:32 +0800] "GET /xingrg/kc/buy/cgsh_order_info.html?code=212024031604563 HTTP/1.1" 200 68570
116.237.79.112 - - [16/Mar/2024:09:08:32 +0800] "GET /xingrg/javascript/easyui/themes/default/validatebox.css HTTP/1.1" 404 1104
116.237.79.112 - - [16/Mar/2024:09:08:33 +0800] "POST /xingrg/kc/buy/cgsh_order_operate.html HTTP/1.1" 200 1205
116.238.97.31 - - [16/Mar/2024:09:08:34 +0800] "GET /xingrg/all/function/internal_message.html?_=1710551314524&CODE_STATE=getMsg HTTP/1.1" 200 27
180.163.29.212 - - [16/Mar/2024:09:08:34 +0800] "GET /xingrg/kc/buy/cgsh_order_operate.html?command=get_materiel&rest_code=00106&code=00101008147&supplier_code=00100009&order_time=2024-03-16 HTTP/1.1" 302 -
180.163.29.212 - - [16/Mar/2024:09:08:34 +0800] "GET /xingrg/login.html HTTP/1.1" 200 7641
116.237.79.112 - - [16/Mar/2024:09:08:35 +0800] "GET /xingrg/kc/print/load_config.html?kc_code=cgsh HTTP/1.1" 200 1927
116.237.79.112 - - [16/Mar/2024:09:08:36 +0800] "GET /xingrg/kc/print/load_data.html?order_code=212024031604563&kc_code=cgsh&condition= HTTP/1.1" 200 1007
114.83.222.242 - - [16/Mar/2024:09:08:39 +0800] "GET /xingrg/all/function/internal_message.html?_=1710551316472&CODE_STATE=getMsg HTTP/1.1" 200 27
124.78.60.103 - - [16/Mar/2024:09:08:42 +0800] "GET /xingrg/all/function/internal_message.html?_=1710551322752&CODE_STATE=getMsg HTTP/1.1" 200 27
124.77.245.47 - - [16/Mar/2024:09:08:43 +0800] "GET /xingrg/all/function/internal_message.html?_=1710551345327&CODE_STATE=getMsg HTTP/1.1" 200 27
114.83.222.242 - - [16/Mar/2024:09:08:44 +0800] "GET /xingrg/kc/buy/cgsh_order_operate.html?command=get_materiel&rest_code=00149&code=00101008114&supplier_code=00100008&order_time=2024-03-16 HTTP/1.1" 200 412
116.224.254.208 - - [16/Mar/2024:09:08:49 +0800] "GET /xingrg/all/function/internal_message.html?_=1710551329408&CODE_STATE=getMsg HTTP/1.1" 200 27
116.224.254.208 - - [16/Mar/2024:09:08:49 +0800] "GET /xingrg/all/function/internal_message.html?_=1710551328802&CODE_STATE=getMsg HTTP/1.1" 200 27
114.83.222.242 - - [16/Mar/2024:09:08:54 +0800] "GET /xingrg/kc/buy/cgsh_order_operate.html?command=get_materiel&rest_code=00149&code=00101008350&supplier_code=00100008&order_time=2024-03-16 HTTP/1.1" 200 408
221.239.169.251 - - [16/Mar/2024:09:08:59 +0800] "GET /xingrg/all/function/internal_message.html?_=1710551337690&CODE_STATE=getMsg HTTP/1.1" 302 -
114.83.222.242 - - [16/Mar/2024:09:09:04 +0800] "POST /xingrg/kc/buy/cgsh_order_operate.html HTTP/1.1" 200 2065
116.237.79.112 - - [16/Mar/2024:09:09:05 +0800] "GET /xingrg/kc/buy/cgsh_order_add.html HTTP/1.1" 200 73655
116.237.79.112 - - [16/Mar/2024:09:09:05 +0800] "POST /xingrg/kc/buy/cgsh_order_operate.html HTTP/1.1" 200 8245
116.237.79.112 - - [16/Mar/2024:09:09:05 +0800] "GET /xingrg/javascript/easyui/themes/default/validatebox.css HTTP/1.1" 404 1104
116.237.79.112 - - [16/Mar/2024:09:09:08 +0800] "GET /xingrg/javascript/easyui/themes/default/tree.css HTTP/1.1" 404 1090
101.83.145.37 - - [16/Mar/2024:09:09:08 +0800] "GET /xingrg/all/function/internal_message.html?_=1710551348415&CODE_STATE=getMsg HTTP/1.1" 200 27
116.237.79.112 - - [16/Mar/2024:09:09:08 +0800] "POST /xingrg/all/common/load_tree.html?tree=supplier_tree_json&isDelete=1 HTTP/1.1" 200 78788
114.83.222.242 - - [16/Mar/2024:09:09:10 +0800] "GET /xingrg/kc/buy/cgsh_order_operate.html?command=get_materiel&rest_code=00149&code=00101008069&supplier_code=00100008&order_time=2024-03-16 HTTP/1.1" 200 412
218.79.29.78 - - [16/Mar/2024:09:09:17 +0800] "GET /xingrg/all/function/internal_message.html?_=1710551368088&CODE_STATE=getMsg HTTP/1.1" 200 27
114.83.222.242 - - [16/Mar/2024:09:09:19 +0800] "GET /xingrg/kc/buy/cgsh_order_operate.html?command=get_materiel&rest_code=00149&code=00101008131&supplier_code=00100008&order_time=2024-03-16 HTTP/1.1" 200 408
116.232.194.112 - - [16/Mar/2024:09:09:21 +0800] "GET /xingrg/all/function/internal_message.html?_=1710551334416&CODE_STATE=getMsg HTTP/1.1" 200 27
222.69.135.185 - - [16/Mar/2024:09:09:22 +0800] "GET /xingrg/all/function/internal_message.html?_=1710551363950&CODE_STATE=getMsg HTTP/1.1" 200 27
116.237.79.112 - - [16/Mar/2024:09:09:26 +0800] "GET /xingrg/all/function/internal_message.html?_=1710551364548&CODE_STATE=getMsg HTTP/1.1" 200 27
114.83.222.242 - - [16/Mar/2024:09:09:33 +0800] "GET /xingrg/kc/buy/cgsh_order_operate.html?command=get_materiel&rest_code=00149&code=00101008353&supplier_code=00100008&order_time=2024-03-16 HTTP/1.1" 200 408
116.238.97.31 - - [16/Mar/2024:09:09:34 +0800] "GET /xingrg/all/function/internal_message.html?_=1710551374517&CODE_STATE=getMsg HTTP/1.1" 200 27
221.239.169.251 - - [16/Mar/2024:09:09:35 +0800] "GET /xingrg/check_reg.html?_=1710551373305 HTTP/1.1" 302 -
114.83.222.242 - - [16/Mar/2024:09:09:39 +0800] "GET /xingrg/check_reg.html?_=1710551376236 HTTP/1.1" 200 22
114.83.222.242 - - [16/Mar/2024:09:09:39 +0800] "GET /xingrg/all/function/internal_message.html?_=1710551376455&CODE_STATE=getMsg HTTP/1.1" 200 27
180.163.28.114 - - [16/Mar/2024:09:09:39 +0800] "GET /xingrg/kc/print/load_data.html?order_code=212024031604563&kc_code=cgsh&condition= HTTP/1.1" 302 -
180.163.28.114 - - [16/Mar/2024:09:09:39 +0800] "GET /xingrg/login.html HTTP/1.1" 200 7641
124.78.60.103 - - [16/Mar/2024:09:09:42 +0800] "GET /xingrg/check_reg.html?_=1710551382748 HTTP/1.1" 200 22
124.78.60.103 - - [16/Mar/2024:09:09:42 +0800] "GET /xingrg/all/function/internal_message.html?_=1710551382752&CODE_STATE=getMsg HTTP/1.1" 200 27
124.77.245.47 - - [16/Mar/2024:09:09:44 +0800] "GET /xingrg/all/function/internal_message.html?_=1710551405929&CODE_STATE=getMsg HTTP/1.1" 200 27
114.83.222.242 - - [16/Mar/2024:09:09:44 +0800] "GET /xingrg/kc/buy/cgsh_order_operate.html?command=get_materiel&rest_code=00149&code=00101008211&supplier_code=00100008&order_time=2024-03-16 HTTP/1.1" 200 412
116.224.254.208 - - [16/Mar/2024:09:09:49 +0800] "GET /xingrg/all/function/internal_message.html?_=1710551389419&CODE_STATE=getMsg HTTP/1.1" 200 27
116.224.254.208 - - [16/Mar/2024:09:09:49 +0800] "GET /xingrg/all/function/internal_message.html?_=1710551388774&CODE_STATE=getMsg HTTP/1.1" 200 27
116.237.79.112 - - [16/Mar/2024:09:09:55 +0800] "GET /xingrg/kc/buy/cgsh_order_operate.html?command=get_materiel&rest_code=00106&code=00101016105&supplier_code=00100096&order_time=2024-03-16 HTTP/1.1" 200 411
114.83.222.242 - - [16/Mar/2024:09:09:56 +0800] "GET /xingrg/kc/buy/cgsh_order_operate.html?command=get_materiel&rest_code=00149&code=00101008209&supplier_code=00100008&order_time=2024-03-16 HTTP/1.1" 200 408
221.239.169.251 - - [16/Mar/2024:09:09:59 +0800] "GET /xingrg/all/function/internal_message.html?_=1710551397693&CODE_STATE=getMsg HTTP/1.1" 302 -
124.77.245.47 - - [16/Mar/2024:09:10:01 +0800] "GET /xingrg/check_reg.html?_=1710551422853 HTTP/1.1" 200 22
114.83.222.242 - - [16/Mar/2024:09:10:01 +0800] "POST /xingrg/kc/buy/cgsh_order_operate.html HTTP/1.1" 200 2065
116.224.254.208 - - [16/Mar/2024:09:10:03 +0800] "POST /xingrg/kc/buy/cgsh_order_operate.html HTTP/1.1" 200 37
114.83.222.242 - - [16/Mar/2024:09:10:08 +0800] "GET /xingrg/kc/buy/cgsh_order_operate.html?command=get_materiel&rest_code=00149&code=00101008024&supplier_code=00100008&order_time=2024-03-16 HTTP/1.1" 200 408
101.83.145.37 - - [16/Mar/2024:09:10:08 +0800] "GET /xingrg/all/function/internal_message.html?_=1710551408393&CODE_STATE=getMsg HTTP/1.1" 200 27
116.224.254.208 - - [16/Mar/2024:09:10:16 +0800] "POST /xingrg/kc/buy/cgsh_order_operate.html HTTP/1.1" 200 12
218.79.29.78 - - [16/Mar/2024:09:10:17 +0800] "GET /xingrg/all/function/internal_message.html?_=1710551428089&CODE_STATE=getMsg HTTP/1.1" 200 27
114.83.222.242 - - [16/Mar/2024:09:10:19 +0800] "GET /xingrg/kc/buy/cgsh_order_operate.html?command=get_materiel&rest_code=00149&code=00101008356&supplier_code=00100008&order_time=2024-03-16 HTTP/1.1" 200 408
116.224.254.208 - - [16/Mar/2024:09:10:21 +0800] "GET /xingrg/kc/buy/cgsh_order_info.html?code=212024031604561 HTTP/1.1" 200 68624
116.224.254.208 - - [16/Mar/2024:09:10:21 +0800] "GET /xingrg/javascript/easyui/themes/default/validatebox.css HTTP/1.1" 404 1104
116.232.194.112 - - [16/Mar/2024:09:10:21 +0800] "GET /xingrg/all/function/internal_message.html?_=1710551394401&CODE_STATE=getMsg HTTP/1.1" 200 27
116.224.254.208 - - [16/Mar/2024:09:10:22 +0800] "POST /xingrg/kc/buy/cgsh_order_operate.html HTTP/1.1" 200 29579
222.69.135.185 - - [16/Mar/2024:09:10:22 +0800] "GET /xingrg/check_reg.html?_=1710551423940 HTTP/1.1" 200 22
222.69.135.185 - - [16/Mar/2024:09:10:22 +0800] "GET /xingrg/all/function/internal_message.html?_=1710551423943&CODE_STATE=getMsg HTTP/1.1" 200 27
116.224.254.208 - - [16/Mar/2024:09:10:23 +0800] "GET /xingrg/kc/print/load_config.html?kc_code=cgsh HTTP/1.1" 200 1927
116.224.254.208 - - [16/Mar/2024:09:10:24 +0800] "GET /xingrg/kc/print/load_data.html?order_code=212024031604561&kc_code=cgsh&condition= HTTP/1.1" 200 11694
116.237.79.112 - - [16/Mar/2024:09:10:26 +0800] "GET /xingrg/check_reg.html?_=1710551424537 HTTP/1.1" 200 22
116.237.79.112 - - [16/Mar/2024:09:10:26 +0800] "GET /xingrg/all/function/internal_message.html?_=1710551424544&CODE_STATE=getMsg HTTP/1.1" 200 27
116.237.79.112 - - [16/Mar/2024:09:10:27 +0800] "GET /xingrg/kc/buy/cgsh_order_operate.html?command=get_materiel&rest_code=00106&code=00101016025&supplier_code=00100096&order_time=2024-03-16 HTTP/1.1" 200 408
116.224.254.208 - - [16/Mar/2024:09:10:32 +0800] "GET /xingrg/kc/buy/cgsh_order_add.html HTTP/1.1" 200 73711
114.83.222.242 - - [16/Mar/2024:09:10:32 +0800] "GET /xingrg/kc/buy/cgsh_order_operate.html?command=get_materiel&rest_code=00149&code=00101008300&supplier_code=00100008&order_time=2024-03-16 HTTP/1.1" 200 412
116.224.254.208 - - [16/Mar/2024:09:10:32 +0800] "POST /xingrg/kc/buy/cgsh_order_operate.html HTTP/1.1" 200 8245
116.224.254.208 - - [16/Mar/2024:09:10:32 +0800] "GET /xingrg/javascript/easyui/themes/default/validatebox.css HTTP/1.1" 404 1104
116.238.97.31 - - [16/Mar/2024:09:10:34 +0800] "GET /xingrg/all/function/internal_message.html?_=1710551434500&CODE_STATE=getMsg HTTP/1.1" 200 27
114.83.222.242 - - [16/Mar/2024:09:10:39 +0800] "GET /xingrg/all/function/internal_message.html?_=1710551436424&CODE_STATE=getMsg HTTP/1.1" 200 27
116.232.194.112 - - [16/Mar/2024:09:10:41 +0800] "GET /xingrg/check_reg.html?_=1710551414419 HTTP/1.1" 200 22
116.224.254.208 - - [16/Mar/2024:09:10:42 +0800] "GET /xingrg/kc/buy/cgsh_order_operate.html?command=get_materiel&rest_code=00150&code=00101001299&supplier_code=00100096&order_time=2024-03-16 HTTP/1.1" 200 413
124.78.60.103 - - [16/Mar/2024:09:10:42 +0800] "GET /xingrg/all/function/internal_message.html?_=1710551442754&CODE_STATE=getMsg HTTP/1.1" 200 27
114.83.222.242 - - [16/Mar/2024:09:10:43 +0800] "GET /xingrg/kc/buy/cgsh_order_operate.html?command=get_materiel&rest_code=00149&code=00101008205&supplier_code=00100008&order_time=2024-03-16 HTTP/1.1" 200 412
124.77.245.47 - - [16/Mar/2024:09:10:44 +0800] "GET /xingrg/all/function/internal_message.html?_=1710551465931&CODE_STATE=getMsg HTTP/1.1" 200 27
116.224.254.208 - - [16/Mar/2024:09:10:49 +0800] "GET /xingrg/all/function/internal_message.html?_=1710551449408&CODE_STATE=getMsg HTTP/1.1" 200 27
116.224.254.208 - - [16/Mar/2024:09:10:49 +0800] "GET /xingrg/all/function/internal_message.html?_=1710551448753&CODE_STATE=getMsg HTTP/1.1" 200 27
180.163.30.85 - - [16/Mar/2024:09:10:52 +0800] "GET /xingrg/kc/buy/cgsh_order_operate.html?command=get_materiel&rest_code=00106&code=00101016105&supplier_code=00100096&order_time=2024-03-16 HTTP/1.1" 302 -
180.163.30.85 - - [16/Mar/2024:09:10:52 +0800] "GET /xingrg/login.html HTTP/1.1" 200 7641
116.237.79.112 - - [16/Mar/2024:09:10:55 +0800] "GET /xingrg/kc/buy/cgsh_order_operate.html?command=get_materiel&rest_code=00106&code=00101016080&supplier_code=00100096&order_time=2024-03-16 HTTP/1.1" 200 408
221.239.169.251 - - [16/Mar/2024:09:10:59 +0800] "GET /xingrg/all/function/internal_message.html?_=1710551457692&CODE_STATE=getMsg HTTP/1.1" 302 -
101.83.145.37 - - [16/Mar/2024:09:11:00 +0800] "POST /xingrg/kc/buy/cgsh_order_operate.html HTTP/1.1" 200 37
116.224.254.208 - - [16/Mar/2024:09:11:01 +0800] "GET /xingrg/kc/buy/cgsh_order_operate.html?command=get_materiel&rest_code=00150&code=00101012029&supplier_code=00100096&order_time=2024-03-16 HTTP/1.1" 200 412
101.83.145.37 - - [16/Mar/2024:09:11:07 +0800] "POST /xingrg/kc/buy/cgsh_order_operate.html HTTP/1.1" 200 36936
114.83.222.242 - - [16/Mar/2024:09:11:07 +0800] "GET /xingrg/kc/buy/cgsh_order_operate.html?command=get_materiel&rest_code=00149&code=00101008360&supplier_code=00100008&order_time=2024-03-16 HTTP/1.1" 200 413
101.83.145.37 - - [16/Mar/2024:09:11:08 +0800] "GET /xingrg/all/function/internal_message.html?_=1710551468370&CODE_STATE=getMsg HTTP/1.1" 200 27
116.224.254.208 - - [16/Mar/2024:09:11:13 +0800] "GET /xingrg/kc/buy/cgsh_order_operate.html?command=get_materiel&rest_code=00150&code=00101012025&supplier_code=00100096&order_time=2024-03-16 HTTP/1.1" 200 412
116.237.79.112 - - [16/Mar/2024:09:11:16 +0800] "GET /xingrg/kc/buy/cgsh_order_operate.html?command=get_materiel&rest_code=00106&code=00101010248&supplier_code=00100096&order_time=2024-03-16 HTTP/1.1" 200 432
218.79.29.78 - - [16/Mar/2024:09:11:17 +0800] "GET /xingrg/all/function/internal_message.html?_=1710551488090&CODE_STATE=getMsg HTTP/1.1" 200 27
114.83.222.242 - - [16/Mar/2024:09:11:18 +0800] "POST /xingrg/kc/buy/cgsh_order_operate.html HTTP/1.1" 200 2065
116.232.194.112 - - [16/Mar/2024:09:11:21 +0800] "GET /xingrg/all/function/internal_message.html?_=1710551454380&CODE_STATE=getMsg HTTP/1.1" 200 27
222.69.135.185 - - [16/Mar/2024:09:11:22 +0800] "GET /xingrg/all/function/internal_message.html?_=1710551483954&CODE_STATE=getMsg HTTP/1.1" 200 27
116.224.254.208 - - [16/Mar/2024:09:11:24 +0800] "GET /xingrg/kc/buy/cgsh_order_operate.html?command=get_materiel&rest_code=00150&code=00101012064&supplier_code=00100096&order_time=2024-03-16 HTTP/1.1" 200 428
116.224.254.208 - - [16/Mar/2024:09:11:25 +0800] "POST /xingrg/all/common/load_select.html HTTP/1.1" 200 25
114.83.222.242 - - [16/Mar/2024:09:11:25 +0800] "GET /xingrg/kc/buy/cgsh_order_operate.html?command=get_materiel&rest_code=00149&code=00101008286&supplier_code=00100008&order_time=2024-03-16 HTTP/1.1" 200 408
101.83.145.37 - - [16/Mar/2024:09:11:26 +0800] "GET /xingrg/kc/print/load_config.html?kc_code=cgsh HTTP/1.1" 200 1927
116.237.79.112 - - [16/Mar/2024:09:11:26 +0800] "GET /xingrg/all/function/internal_message.html?_=1710551484548&CODE_STATE=getMsg HTTP/1.1" 200 27
116.224.254.208 - - [16/Mar/2024:09:11:27 +0800] "GET /xingrg/check_reg.html?_=1710551486718 HTTP/1.1" 200 22
101.83.145.37 - - [16/Mar/2024:09:11:27 +0800] "GET /xingrg/kc/print/load_data.html?order_code=212024031604562&kc_code=cgsh&condition= HTTP/1.1" 200 13615
180.163.28.109 - - [16/Mar/2024:09:11:27 +0800] "GET /xingrg/all/function/internal_message.html?_=1710551424544&CODE_STATE=getMsg HTTP/1.1" 302 -
180.163.28.109 - - [16/Mar/2024:09:11:27 +0800] "GET /xingrg/login.html HTTP/1.1" 200 7641
116.224.254.208 - - [16/Mar/2024:09:11:31 +0800] "GET /xingrg/kc/buy/cgsh_order_operate.html?command=get_materiel_price&rest_code=00150&code=00101012064&unit_code=00100040&supplier_code=00100096&order_time=2024-03-16 HTTP/1.1" 200 27
116.237.79.112 - - [16/Mar/2024:09:11:32 +0800] "GET /xingrg/kc/buy/cgsh_order_operate.html?command=get_materiel&rest_code=00106&code=00101012025&supplier_code=00100096&order_time=2024-03-16 HTTP/1.1" 200 413
116.238.97.31 - - [16/Mar/2024:09:11:34 +0800] "GET /xingrg/all/function/internal_message.html?_=1710551494471&CODE_STATE=getMsg HTTP/1.1" 200 27
116.238.97.31 - - [16/Mar/2024:09:11:34 +0800] "GET /xingrg/check_reg.html?_=1710551494688 HTTP/1.1" 200 22
114.83.222.242 - - [16/Mar/2024:09:11:39 +0800] "GET /xingrg/all/function/internal_message.html?_=1710551496425&CODE_STATE=getMsg HTTP/1.1" 200 27
124.78.60.103 - - [16/Mar/2024:09:11:42 +0800] "GET /xingrg/all/function/internal_message.html?_=1710551502726&CODE_STATE=getMsg HTTP/1.1" 200 27
124.77.245.47 - - [16/Mar/2024:09:11:44 +0800] "GET /xingrg/all/function/internal_message.html?_=1710551525943&CODE_STATE=getMsg HTTP/1.1" 200 27
114.83.222.242 - - [16/Mar/2024:09:11:45 +0800] "GET /xingrg/kc/buy/cgsh_order_operate.html?command=get_materiel&rest_code=00149&code=00101008224&supplier_code=00100008&order_time=2024-03-16 HTTP/1.1" 200 416
116.224.254.208 - - [16/Mar/2024:09:11:47 +0800] "GET /xingrg/kc/buy/cgsh_order_operate.html?command=get_materiel&rest_code=00150&code=00101012005&supplier_code=00100096&order_time=2024-03-16 HTTP/1.1" 200 412
116.224.254.208 - - [16/Mar/2024:09:11:49 +0800] "GET /xingrg/all/function/internal_message.html?_=1710551508720&CODE_STATE=getMsg HTTP/1.1" 200 27
116.224.254.208 - - [16/Mar/2024:09:11:49 +0800] "GET /xingrg/all/function/internal_message.html?_=1710551509413&CODE_STATE=getMsg HTTP/1.1" 200 27
116.237.79.112 - - [16/Mar/2024:09:11:55 +0800] "GET /xingrg/kc/buy/cgsh_order_operate.html?command=get_materiel&rest_code=00106&code=00101016017&supplier_code=00100096&order_time=2024-03-16 HTTP/1.1" 200 408
221.239.169.251 - - [16/Mar/2024:09:11:59 +0800] "GET /xingrg/all/function/internal_message.html?_=1710551517690&CODE_STATE=getMsg HTTP/1.1" 302 -
114.83.222.242 - - [16/Mar/2024:09:12:06 +0800] "GET /xingrg/kc/buy/cgsh_order_operate.html?command=get_materiel&rest_code=00149&code=00101008285&supplier_code=00100008&order_time=2024-03-16 HTTP/1.1" 200 413
101.83.145.37 - - [16/Mar/2024:09:12:08 +0800] "GET /xingrg/all/function/internal_message.html?_=1710551528368&CODE_STATE=getMsg HTTP/1.1" 200 27
180.164.1.25 - - [16/Mar/2024:09:12:14 +0800] "GET /xingrg/login.html HTTP/1.1" 200 7641
180.164.1.25 - - [16/Mar/2024:09:12:14 +0800] "GET /xingrg/images/blue/jxLogo.png HTTP/1.1" 200 6156
180.164.1.25 - - [16/Mar/2024:09:12:14 +0800] "GET /xingrg/images/blue/login_bg.png HTTP/1.1" 200 22101
180.164.1.25 - - [16/Mar/2024:09:12:14 +0800] "GET /xingrg/images/blue/hj.png HTTP/1.1" 200 1014
180.164.1.25 - - [16/Mar/2024:09:12:14 +0800] "GET /xingrg/images/blue/srbg.png HTTP/1.1" 200 138
180.164.1.25 - - [16/Mar/2024:09:12:14 +0800] "GET /favicon.ico HTTP/1.1" 404 -
218.79.29.78 - - [16/Mar/2024:09:12:17 +0800] "GET /xingrg/all/function/internal_message.html?_=1710551548091&CODE_STATE=getMsg HTTP/1.1" 200 27
114.83.222.242 - - [16/Mar/2024:09:12:19 +0800] "POST /xingrg/kc/buy/cgsh_order_operate.html HTTP/1.1" 200 2065
116.232.194.112 - - [16/Mar/2024:09:12:21 +0800] "GET /xingrg/all/function/internal_message.html?_=1710551514363&CODE_STATE=getMsg HTTP/1.1" 200 27
222.69.135.185 - - [16/Mar/2024:09:12:22 +0800] "GET /xingrg/all/function/internal_message.html?_=1710551543949&CODE_STATE=getMsg HTTP/1.1" 200 27
222.70.183.82 - - [16/Mar/2024:09:12:25 +0800] "GET /xingrg/login.html HTTP/1.1" 200 7641
114.83.222.242 - - [16/Mar/2024:09:12:25 +0800] "GET /xingrg/kc/buy/cgsh_order_operate.html?command=get_materiel&rest_code=00149&code=00101008108&supplier_code=00100008&order_time=2024-03-16 HTTP/1.1" 200 412
116.237.79.112 - - [16/Mar/2024:09:12:26 +0800] "GET /xingrg/all/function/internal_message.html?_=1710551544565&CODE_STATE=getMsg HTTP/1.1" 200 27
180.164.1.25 - - [16/Mar/2024:09:12:27 +0800] "POST /xingrg/login.do HTTP/1.1" 302 -
180.164.1.25 - - [16/Mar/2024:09:12:27 +0800] "GET /xingrg/index.html?sysBaseUrl=http%3A%2F%2F180.169.147.146%3A18081%2Fxingrg%2F&costTime=822×tamp=1710551547151 HTTP/1.1" 200 17183
180.164.1.25 - - [16/Mar/2024:09:12:27 +0800] "GET /xingrg/css/form.css HTTP/1.1" 200 893
180.164.1.25 - - [16/Mar/2024:09:12:27 +0800] "GET /xingrg/javascript/jquery-1.4.2.min.js HTTP/1.1" 200 72205
180.164.1.25 - - [16/Mar/2024:09:12:27 +0800] "GET /xingrg/javascript/jquery_easy_ui/jquery.easyui.min.js HTTP/1.1" 200 213662
180.164.1.25 - - [16/Mar/2024:09:12:27 +0800] "GET /xingrg/javascript/jquery_easy_ui/easyui-lang-zh_CN.js HTTP/1.1" 200 1900
180.164.1.25 - - [16/Mar/2024:09:12:27 +0800] "GET /xingrg/javascript/jquery.form.js HTTP/1.1" 200 23110
180.164.1.25 - - [16/Mar/2024:09:12:27 +0800] "GET /xingrg/javascript/jquery.timers.js HTTP/1.1" 200 3532
