116.230.123.13 - - [14/Mar/2024:11:18:00 +0800] "GET /xingrg/kc/buy/cgsh_order_operate.html?command=get_materiel&rest_code=00111&code=00101008353&supplier_code=00100008&order_time=2024-03-14 HTTP/1.1" 200 408
116.230.123.13 - - [14/Mar/2024:11:18:03 +0800] "GET /xingrg/all/function/internal_message.html?_=1710386320780&CODE_STATE=getMsg HTTP/1.1" 200 27
61.170.233.77 - - [14/Mar/2024:11:18:08 +0800] "GET /xingrg/all/function/internal_message.html?_=1710386287251&CODE_STATE=getMsg HTTP/1.1" 200 27
180.163.28.114 - - [14/Mar/2024:11:18:08 +0800] "GET /xingrg/all/function/internal_message.html?_=1710386227271&CODE_STATE=getMsg HTTP/1.1" 302 -
180.163.28.114 - - [14/Mar/2024:11:18:08 +0800] "GET /xingrg/login.html HTTP/1.1" 200 7641
124.77.241.8 - - [14/Mar/2024:11:18:12 +0800] "GET /xingrg/kc/buy/cgsh_order_operate.html?command=get_materiel&rest_code=00146&code=00101001119&supplier_code=00100316&order_time=2024-03-14 HTTP/1.1" 200 423
180.169.147.146 - - [14/Mar/2024:11:18:12 +0800] "GET /xingrg/all/function/internal_message.html?_=1710386291607&CODE_STATE=getMsg HTTP/1.1" 200 27
222.70.115.1 - - [14/Mar/2024:11:18:13 +0800] "GET /xingrg/all/function/internal_message.html?_=1710386300042&CODE_STATE=getMsg HTTP/1.1" 200 27
58.40.7.146 - - [14/Mar/2024:11:18:16 +0800] "GET /xingrg/all/function/internal_message.html?_=1710386304179&CODE_STATE=getMsg HTTP/1.1" 302 -
116.238.97.31 - - [14/Mar/2024:11:18:17 +0800] "GET /xingrg/all/function/internal_message.html?_=1710386297925&CODE_STATE=getMsg HTTP/1.1" 200 27
124.78.60.103 - - [14/Mar/2024:11:18:17 +0800] "GET /xingrg/all/function/internal_message.html?_=1710386297354&CODE_STATE=getMsg HTTP/1.1" 200 27
116.238.97.31 - - [14/Mar/2024:11:18:17 +0800] "GET /xingrg/check_reg.html?_=1710386298298 HTTP/1.1" 200 22
116.232.194.112 - - [14/Mar/2024:11:18:17 +0800] "GET /xingrg/kc/base/wldb_order_info.html?code=422024031400957 HTTP/1.1" 200 30405
218.79.29.78 - - [14/Mar/2024:11:18:18 +0800] "GET /xingrg/all/function/internal_message.html?_=1710386305842&CODE_STATE=getMsg HTTP/1.1" 200 27
218.79.29.78 - - [14/Mar/2024:11:18:18 +0800] "GET /xingrg/check_reg.html?_=1710386305845 HTTP/1.1" 200 22
116.232.194.112 - - [14/Mar/2024:11:18:18 +0800] "GET /xingrg/javascript/easyui/themes/default/validatebox.css HTTP/1.1" 404 1104
124.79.241.4 - - [14/Mar/2024:11:18:18 +0800] "GET /xingrg/all/function/internal_message.html?_=1710386316743&CODE_STATE=getMsg HTTP/1.1" 200 27
116.230.123.13 - - [14/Mar/2024:11:18:18 +0800] "GET /xingrg/kc/buy/cgsh_order_operate.html?command=get_materiel&rest_code=00111&code=00101008355&supplier_code=00100008&order_time=2024-03-14 HTTP/1.1" 200 408
116.232.194.112 - - [14/Mar/2024:11:18:18 +0800] "POST /xingrg/kc/base/wldb_order_operate.html HTTP/1.1" 200 2203
116.230.123.13 - - [14/Mar/2024:11:18:20 +0800] "GET /xingrg/all/function/internal_message.html?_=1710386337260&CODE_STATE=getMsg HTTP/1.1" 302 -
101.83.145.37 - - [14/Mar/2024:11:18:28 +0800] "GET /xingrg/all/function/internal_message.html?_=1710386310052&CODE_STATE=getMsg HTTP/1.1" 200 27
61.170.233.77 - - [14/Mar/2024:11:18:29 +0800] "POST /xingrg/kc/buy/cgsh_order_operate.html HTTP/1.1" 200 37
116.238.97.31 - - [14/Mar/2024:11:18:30 +0800] "GET /xingrg/kc/buy/cgsh_order_list.html HTTP/1.1" 200 57880
116.232.194.112 - - [14/Mar/2024:11:18:31 +0800] "GET /xingrg/kc/base/wldb_order_add.html HTTP/1.1" 200 30388
116.232.194.112 - - [14/Mar/2024:11:18:31 +0800] "POST /xingrg/kc/base/wldb_order_operate.html HTTP/1.1" 200 6806
116.232.194.112 - - [14/Mar/2024:11:18:31 +0800] "GET /xingrg/javascript/easyui/themes/default/validatebox.css HTTP/1.1" 404 1104
180.169.147.146 - - [14/Mar/2024:11:18:32 +0800] "GET /xingrg/check_reg.html?_=1710386311045 HTTP/1.1" 302 -
180.169.147.146 - - [14/Mar/2024:11:18:32 +0800] "GET /xingrg/all/function/internal_message.html?_=1710386311048&CODE_STATE=getMsg HTTP/1.1" 302 -
124.77.241.8 - - [14/Mar/2024:11:18:33 +0800] "POST /xingrg/kc/buy/cgsh_order_operate.html HTTP/1.1" 200 37
116.238.97.31 - - [14/Mar/2024:11:18:34 +0800] "POST /xingrg/kc/buy/cgsh_list_operate.html HTTP/1.1" 200 645
124.77.241.8 - - [14/Mar/2024:11:18:36 +0800] "POST /xingrg/kc/buy/cgsh_order_operate.html HTTP/1.1" 200 2670
124.77.241.8 - - [14/Mar/2024:11:18:37 +0800] "GET /xingrg/all/function/internal_message.html?_=1710386331150&CODE_STATE=getMsg HTTP/1.1" 200 27
116.230.123.13 - - [14/Mar/2024:11:18:37 +0800] "GET /xingrg/check_reg.html?_=1710386315144 HTTP/1.1" 200 22
116.230.123.13 - - [14/Mar/2024:11:18:37 +0800] "GET /xingrg/all/function/internal_message.html?_=1710386315473&CODE_STATE=getMsg HTTP/1.1" 200 27
116.232.194.112 - - [14/Mar/2024:11:18:37 +0800] "GET /xingrg/all/function/internal_message.html?_=1710386294158&CODE_STATE=getMsg HTTP/1.1" 200 27
124.77.241.8 - - [14/Mar/2024:11:18:40 +0800] "GET /xingrg/kc/print/load_data.html?order_code=212024031404047&kc_code=cgsh&condition= HTTP/1.1" 200 696
116.224.254.208 - - [14/Mar/2024:11:18:41 +0800] "GET /xingrg/all/function/internal_message.html?_=1710386320608&CODE_STATE=getMsg HTTP/1.1" 200 27
116.224.254.208 - - [14/Mar/2024:11:18:41 +0800] "GET /xingrg/check_reg.html?_=1710386320611 HTTP/1.1" 200 22
116.232.194.112 - - [14/Mar/2024:11:18:41 +0800] "GET /xingrg/all/function/internal_message.html?_=1710386298468&CODE_STATE=getMsg HTTP/1.1" 200 27
116.238.97.31 - - [14/Mar/2024:11:18:42 +0800] "POST /xingrg/kc/buy/cgsh_list_operate.html HTTP/1.1" 200 4723
116.224.254.208 - - [14/Mar/2024:11:18:43 +0800] "GET /xingrg/all/function/internal_message.html?_=1710386323473&CODE_STATE=getMsg HTTP/1.1" 200 27
124.77.241.8 - - [14/Mar/2024:11:18:46 +0800] "GET /xingrg/kc/buy/cgsh_order_add.html HTTP/1.1" 200 73655
116.230.123.13 - - [14/Mar/2024:11:18:46 +0800] "GET /xingrg/kc/buy/cgsh_order_operate.html?command=get_materiel&rest_code=00111&code=00101008137&supplier_code=00100008&order_time=2024-03-14 HTTP/1.1" 200 408
124.77.241.8 - - [14/Mar/2024:11:18:47 +0800] "POST /xingrg/kc/buy/cgsh_order_operate.html HTTP/1.1" 200 8245
124.77.241.8 - - [14/Mar/2024:11:18:47 +0800] "GET /xingrg/javascript/easyui/themes/default/validatebox.css HTTP/1.1" 404 1104
116.232.194.112 - - [14/Mar/2024:11:18:50 +0800] "GET /xingrg/kc/base/wldb_order_operate.html?command=get_materiel&rest_code=00155&base_code=0010740&code=00102002448 HTTP/1.1" 200 439
172.20.0.100 - - [14/Mar/2024:11:18:53 +0800] "GET /xingrg/all/function/internal_message.html?_=1710386343275&CODE_STATE=getMsg HTTP/1.1" 200 27
61.170.233.77 - - [14/Mar/2024:11:18:55 +0800] "POST /xingrg/kc/buy/cgsh_order_operate.html HTTP/1.1" 200 12
221.239.169.251 - - [14/Mar/2024:11:18:55 +0800] "GET /xingrg/all/function/internal_message.html?_=1710386334190&CODE_STATE=getMsg HTTP/1.1" 302 -
180.164.1.25 - - [14/Mar/2024:11:18:56 +0800] "GET /xingrg/all/function/internal_message.html?_=1710386335001&CODE_STATE=getMsg HTTP/1.1" 200 27
180.164.1.25 - - [14/Mar/2024:11:18:56 +0800] "GET /xingrg/check_reg.html?_=1710386335004 HTTP/1.1" 200 22
180.169.147.146 - - [14/Mar/2024:11:18:57 +0800] "GET /xingrg/all/function/internal_message.html?_=1710386337656&CODE_STATE=getMsg HTTP/1.1" 200 27
61.170.233.77 - - [14/Mar/2024:11:18:58 +0800] "GET /xingrg/kc/buy/cgsh_order_info.html?code=212024031404046 HTTP/1.1" 200 68564
61.170.233.77 - - [14/Mar/2024:11:18:58 +0800] "GET /xingrg/javascript/easyui/themes/default/validatebox.css HTTP/1.1" 404 1104
222.69.132.67 - - [14/Mar/2024:11:18:59 +0800] "GET /xingrg/all/function/internal_message.html?_=1710386339508&CODE_STATE=getMsg HTTP/1.1" 200 27
61.170.233.77 - - [14/Mar/2024:11:18:59 +0800] "POST /xingrg/kc/buy/cgsh_order_operate.html HTTP/1.1" 200 2385
116.230.123.13 - - [14/Mar/2024:11:19:03 +0800] "GET /xingrg/all/function/internal_message.html?_=1710386380778&CODE_STATE=getMsg HTTP/1.1" 200 27
124.77.241.8 - - [14/Mar/2024:11:19:03 +0800] "GET /xingrg/kc/buy/cgsh_order_operate.html?command=get_materiel&rest_code=00146&code=00101004027&supplier_code=00100312&order_time=2024-03-14 HTTP/1.1" 200 409
116.238.97.31 - - [14/Mar/2024:11:19:05 +0800] "POST /xingrg/kc/buy/cgsh_list_operate.html HTTP/1.1" 200 568
116.238.97.31 - - [14/Mar/2024:11:19:06 +0800] "GET /xingrg/kc/buy/cgsh_order_info.html?code=212024031404038 HTTP/1.1" 200 68587
116.238.97.31 - - [14/Mar/2024:11:19:06 +0800] "GET /xingrg/javascript/easyui/themes/icons/copy_new.png HTTP/1.1" 200 815
116.238.97.31 - - [14/Mar/2024:11:19:06 +0800] "GET /xingrg/javascript/easyui/themes/default/validatebox.css HTTP/1.1" 404 1104
116.238.97.31 - - [14/Mar/2024:11:19:07 +0800] "POST /xingrg/kc/buy/cgsh_order_operate.html HTTP/1.1" 200 5929
116.230.123.13 - - [14/Mar/2024:11:19:08 +0800] "GET /xingrg/kc/buy/cgsh_order_operate.html?command=get_materiel&rest_code=00111&code=00101008356&supplier_code=00100008&order_time=2024-03-14 HTTP/1.1" 200 408
61.170.233.77 - - [14/Mar/2024:11:19:08 +0800] "GET /xingrg/all/function/internal_message.html?_=1710386347303&CODE_STATE=getMsg HTTP/1.1" 200 27
180.163.29.103 - - [14/Mar/2024:11:19:08 +0800] "GET /xingrg/all/function/internal_message.html?_=1710386287251&CODE_STATE=getMsg HTTP/1.1" 302 -
180.163.29.103 - - [14/Mar/2024:11:19:08 +0800] "GET /xingrg/login.html HTTP/1.1" 200 7641
116.232.194.112 - - [14/Mar/2024:11:19:09 +0800] "POST /xingrg/kc/base/wldb_order_operate.html HTTP/1.1" 200 37
116.232.194.112 - - [14/Mar/2024:11:19:10 +0800] "POST /xingrg/kc/base/wldb_order_operate.html HTTP/1.1" 200 2668
116.232.194.112 - - [14/Mar/2024:11:19:11 +0800] "GET /xingrg/kc/base/wldb_order_info.html?code=422024031400959 HTTP/1.1" 200 30402
116.232.194.112 - - [14/Mar/2024:11:19:11 +0800] "GET /xingrg/javascript/easyui/themes/default/validatebox.css HTTP/1.1" 404 1104
116.232.194.112 - - [14/Mar/2024:11:19:12 +0800] "POST /xingrg/kc/base/wldb_order_operate.html HTTP/1.1" 200 2668
180.169.147.146 - - [14/Mar/2024:11:19:12 +0800] "GET /xingrg/all/function/internal_message.html?_=1710386351575&CODE_STATE=getMsg HTTP/1.1" 200 27
222.70.115.1 - - [14/Mar/2024:11:19:13 +0800] "GET /xingrg/all/function/internal_message.html?_=1710386360048&CODE_STATE=getMsg HTTP/1.1" 200 27
222.70.115.1 - - [14/Mar/2024:11:19:13 +0800] "GET /xingrg/check_reg.html?_=1710386360082 HTTP/1.1" 200 22
61.170.233.77 - - [14/Mar/2024:11:19:14 +0800] "GET /xingrg/kc/print/load_data.html?order_code=212024031404046&kc_code=cgsh&condition= HTTP/1.1" 200 1418
116.232.194.112 - - [14/Mar/2024:11:19:15 +0800] "GET /xingrg/kc/base/wldb_order_add.html HTTP/1.1" 200 30388
116.232.194.112 - - [14/Mar/2024:11:19:15 +0800] "POST /xingrg/kc/base/wldb_order_operate.html HTTP/1.1" 200 6806
116.232.194.112 - - [14/Mar/2024:11:19:15 +0800] "GET /xingrg/javascript/easyui/themes/default/validatebox.css HTTP/1.1" 404 1104
124.78.60.103 - - [14/Mar/2024:11:19:16 +0800] "GET /xingrg/check_reg.html?_=1710386356300 HTTP/1.1" 200 22
58.40.7.146 - - [14/Mar/2024:11:19:16 +0800] "GET /xingrg/all/function/internal_message.html?_=1710386364191&CODE_STATE=getMsg HTTP/1.1" 302 -
116.238.97.31 - - [14/Mar/2024:11:19:17 +0800] "GET /xingrg/all/function/internal_message.html?_=1710386357922&CODE_STATE=getMsg HTTP/1.1" 200 27
124.78.60.103 - - [14/Mar/2024:11:19:17 +0800] "GET /xingrg/all/function/internal_message.html?_=1710386357339&CODE_STATE=getMsg HTTP/1.1" 200 27
218.79.29.78 - - [14/Mar/2024:11:19:18 +0800] "GET /xingrg/all/function/internal_message.html?_=1710386365846&CODE_STATE=getMsg HTTP/1.1" 200 27
124.79.241.4 - - [14/Mar/2024:11:19:18 +0800] "GET /xingrg/all/function/internal_message.html?_=1710386376733&CODE_STATE=getMsg HTTP/1.1" 200 27
116.230.123.13 - - [14/Mar/2024:11:19:20 +0800] "GET /xingrg/all/function/internal_message.html?_=1710386397260&CODE_STATE=getMsg HTTP/1.1" 302 -
124.77.241.8 - - [14/Mar/2024:11:19:22 +0800] "GET /xingrg/kc/buy/cgsh_order_operate.html?command=get_materiel&rest_code=00146&code=00101001016&supplier_code=00100312&order_time=2024-03-14 HTTP/1.1" 200 415
61.170.233.77 - - [14/Mar/2024:11:19:24 +0800] "GET /xingrg/kc/print/load_data.html?order_code=212024031404046&kc_code=cgsh HTTP/1.1" 200 1418
101.83.145.37 - - [14/Mar/2024:11:19:28 +0800] "GET /xingrg/all/function/internal_message.html?_=1710386370058&CODE_STATE=getMsg HTTP/1.1" 200 27
116.230.123.13 - - [14/Mar/2024:11:19:31 +0800] "GET /xingrg/kc/buy/cgsh_order_operate.html?command=get_materiel&rest_code=00111&code=00101008027&supplier_code=00100008&order_time=2024-03-14 HTTP/1.1" 200 408
180.169.147.146 - - [14/Mar/2024:11:19:32 +0800] "GET /xingrg/all/function/internal_message.html?_=1710386371036&CODE_STATE=getMsg HTTP/1.1" 302 -
114.83.220.119 - - [14/Mar/2024:11:19:33 +0800] "GET /xingrg/kc/base/wldb_order_add.html HTTP/1.1" 200 30388
114.83.220.119 - - [14/Mar/2024:11:19:33 +0800] "POST /xingrg/kc/base/wldb_order_operate.html HTTP/1.1" 200 6806
114.83.220.119 - - [14/Mar/2024:11:19:33 +0800] "GET /xingrg/javascript/easyui/themes/default/validatebox.css HTTP/1.1" 404 1104
116.232.194.112 - - [14/Mar/2024:11:19:34 +0800] "GET /xingrg/kc/base/wldb_order_operate.html?command=get_materiel&rest_code=00155&base_code=0010739&code=00101013225 HTTP/1.1" 200 449
116.232.194.112 - - [14/Mar/2024:11:19:37 +0800] "GET /xingrg/check_reg.html?_=1710386353488 HTTP/1.1" 200 22
124.77.241.8 - - [14/Mar/2024:11:19:37 +0800] "GET /xingrg/all/function/internal_message.html?_=1710386391163&CODE_STATE=getMsg HTTP/1.1" 200 27
120.253.135.82 - - [14/Mar/2024:11:19:37 +0800] "GET /xingrg/login.html HTTP/1.1" 200 7641
120.253.135.82 - - [14/Mar/2024:11:19:37 +0800] "GET /xingrg/images/blue/jxLogo.png HTTP/1.1" 304 -
120.253.135.82 - - [14/Mar/2024:11:19:37 +0800] "GET /xingrg/images/blue/login_bg.png HTTP/1.1" 304 -
120.253.135.82 - - [14/Mar/2024:11:19:37 +0800] "GET /xingrg/images/blue/hj.png HTTP/1.1" 304 -
116.230.123.13 - - [14/Mar/2024:11:19:37 +0800] "GET /xingrg/all/function/internal_message.html?_=1710386375443&CODE_STATE=getMsg HTTP/1.1" 200 27
120.253.135.82 - - [14/Mar/2024:11:19:37 +0800] "GET /xingrg/images/blue/srbg.png HTTP/1.1" 304 -
116.232.194.112 - - [14/Mar/2024:11:19:37 +0800] "GET /xingrg/all/function/internal_message.html?_=1710386354135&CODE_STATE=getMsg HTTP/1.1" 200 27
120.253.135.82 - - [14/Mar/2024:11:19:37 +0800] "GET /favicon.ico HTTP/1.1" 404 -
124.77.241.8 - - [14/Mar/2024:11:19:38 +0800] "GET /xingrg/kc/buy/cgsh_order_operate.html?command=get_materiel&rest_code=00146&code=00101004023&supplier_code=00100312&order_time=2024-03-14 HTTP/1.1" 200 409
120.253.135.82 - - [14/Mar/2024:11:19:41 +0800] "POST /xingrg/login.do HTTP/1.1" 200 2421
120.253.135.82 - - [14/Mar/2024:11:19:41 +0800] "GET /xingrg/css/blue.css HTTP/1.1" 304 -
120.253.135.82 - - [14/Mar/2024:11:19:41 +0800] "GET /xingrg/javascript/myfunction.js HTTP/1.1" 304 -
120.253.135.82 - - [14/Mar/2024:11:19:41 +0800] "GET /xingrg/images/blue/error_mid.gif HTTP/1.1" 304 -
120.253.135.82 - - [14/Mar/2024:11:19:41 +0800] "GET /xingrg/images/blue/error_top.gif HTTP/1.1" 304 -
116.224.254.208 - - [14/Mar/2024:11:19:41 +0800] "GET /xingrg/all/function/internal_message.html?_=1710386380611&CODE_STATE=getMsg HTTP/1.1" 200 27
120.253.135.82 - - [14/Mar/2024:11:19:41 +0800] "GET /xingrg/images/blue/error_buttom.gif HTTP/1.1" 304 -
120.253.135.82 - - [14/Mar/2024:11:19:41 +0800] "GET /xingrg/images/blue/pic_notice.jpg HTTP/1.1" 304 -
120.253.135.82 - - [14/Mar/2024:11:19:41 +0800] "GET /xingrg/images/blue/pic_top.gif HTTP/1.1" 304 -
120.253.135.82 - - [14/Mar/2024:11:19:41 +0800] "GET /favicon.ico HTTP/1.1" 404 -
116.232.194.112 - - [14/Mar/2024:11:19:41 +0800] "GET /xingrg/all/function/internal_message.html?_=1710386358483&CODE_STATE=getMsg HTTP/1.1" 200 27
120.253.135.82 - - [14/Mar/2024:11:19:43 +0800] "GET /xingrg/login.html HTTP/1.1" 200 7641
116.224.254.208 - - [14/Mar/2024:11:19:43 +0800] "GET /xingrg/all/function/internal_message.html?_=1710386383450&CODE_STATE=getMsg HTTP/1.1" 200 27
221.239.169.251 - - [14/Mar/2024:11:19:43 +0800] "GET /xingrg/check_reg.html?_=1710386381713 HTTP/1.1" 302 -
120.253.135.82 - - [14/Mar/2024:11:19:43 +0800] "GET /favicon.ico HTTP/1.1" 404 -
120.253.135.82 - - [14/Mar/2024:11:19:45 +0800] "POST /xingrg/login.do HTTP/1.1" 302 -
120.253.135.82 - - [14/Mar/2024:11:19:45 +0800] "GET /xingrg/index.html?sysBaseUrl=http%3A%2F%2F180.169.147.146%3A18081%2Fxingrg%2F&costTime=825×tamp=1710386385795 HTTP/1.1" 200 17173
120.253.135.82 - - [14/Mar/2024:11:19:46 +0800] "GET /xingrg/javascript/jquery_easy_ui/themes/icon.css HTTP/1.1" 304 -
120.253.135.82 - - [14/Mar/2024:11:19:46 +0800] "GET /xingrg/javascript/jquery_easy_ui/themes/default/easyui.css HTTP/1.1" 304 -
120.253.135.82 - - [14/Mar/2024:11:19:46 +0800] "GET /xingrg/javascript/jquery_easy_ui/jquery.easyui.min.js HTTP/1.1" 304 -
120.253.135.82 - - [14/Mar/2024:11:19:46 +0800] "GET /xingrg/javascript/jquery-1.4.2.min.js HTTP/1.1" 304 -
120.253.135.82 - - [14/Mar/2024:11:19:46 +0800] "GET /xingrg/css/form.css HTTP/1.1" 304 -
120.253.135.82 - - [14/Mar/2024:11:19:46 +0800] "GET /xingrg/javascript/jquery.form.js HTTP/1.1" 304 -
120.253.135.82 - - [14/Mar/2024:11:19:46 +0800] "GET /xingrg/javascript/jquery_easy_ui/easyui-lang-zh_CN.js HTTP/1.1" 304 -
120.253.135.82 - - [14/Mar/2024:11:19:46 +0800] "GET /xingrg/javascript/jquery.utils.js HTTP/1.1" 304 -
120.253.135.82 - - [14/Mar/2024:11:19:46 +0800] "GET /xingrg/javascript/jquery.timers.js HTTP/1.1" 304 -
120.253.135.82 - - [14/Mar/2024:11:19:46 +0800] "GET /favicon.ico HTTP/1.1" 404 -
120.253.135.82 - - [14/Mar/2024:11:19:47 +0800] "GET /xingrg/images/blue/navBackgound.jpg HTTP/1.1" 304 -
120.253.135.82 - - [14/Mar/2024:11:19:47 +0800] "GET /xingrg/javascript/jquery_easy_ui/themes/icons/settle_new.png HTTP/1.1" 304 -
120.253.135.82 - - [14/Mar/2024:11:19:47 +0800] "GET /xingrg/images/blue/pingpu.png HTTP/1.1" 304 -
120.253.135.82 - - [14/Mar/2024:11:19:47 +0800] "GET /xingrg/javascript/jquery_easy_ui/themes/default/images/tabs_rightarrow.png HTTP/1.1" 304 -
120.253.135.82 - - [14/Mar/2024:11:19:47 +0800] "GET /xingrg/javascript/jquery_easy_ui/themes/default/images/tabs_leftarrow.png HTTP/1.1" 304 -
120.253.135.82 - - [14/Mar/2024:11:19:47 +0800] "GET /xingrg/javascript/jquery_easy_ui/themes/default/images/panel_tool_collapse.gif HTTP/1.1" 304 -
120.253.135.82 - - [14/Mar/2024:11:19:47 +0800] "POST /xingrg/all/common/load_tree.html?tree=area_rest_tree_json&manage=1 HTTP/1.1" 200 344
120.253.135.82 - - [14/Mar/2024:11:19:47 +0800] "GET /xingrg/all/function/internal_message.html?_=1710386226165&CODE_STATE=count HTTP/1.1" 200 11
120.253.135.82 - - [14/Mar/2024:11:19:47 +0800] "GET /xingrg/check_reg.html?_=1710386226166 HTTP/1.1" 200 22
120.253.135.82 - - [14/Mar/2024:11:19:47 +0800] "GET /xingrg/javascript/jquery_easy_ui/themes/default/images/tree_arrows.gif HTTP/1.1" 304 -
120.253.135.82 - - [14/Mar/2024:11:19:47 +0800] "POST /xingrg/load_menu.html HTTP/1.1" 200 6743
120.253.135.82 - - [14/Mar/2024:11:19:48 +0800] "GET /xingrg/javascript/jquery_easy_ui/themes/default/images/tree_folder_open.gif HTTP/1.1" 304 -
120.253.135.82 - - [14/Mar/2024:11:19:48 +0800] "GET /xingrg/javascript/jquery_easy_ui/themes/default/images/tree_folder.gif HTTP/1.1" 304 -
120.253.135.82 - - [14/Mar/2024:11:19:48 +0800] "GET /xingrg/javascript/jquery_easy_ui/themes/icons/search_new.png HTTP/1.1" 304 -
120.253.135.82 - - [14/Mar/2024:11:19:48 +0800] "GET /xingrg/javascript/jquery_easy_ui/themes/icons/storage_new.png HTTP/1.1" 304 -
120.253.135.82 - - [14/Mar/2024:11:19:48 +0800] "GET /xingrg/javascript/jquery_easy_ui/themes/default/images/tree_file.gif HTTP/1.1" 304 -
120.253.135.82 - - [14/Mar/2024:11:19:48 +0800] "GET /xingrg/javascript/jquery_easy_ui/themes/icons/forms_new.png HTTP/1.1" 304 -
120.253.135.82 - - [14/Mar/2024:11:19:48 +0800] "GET /xingrg/javascript/jquery_easy_ui/themes/icons/delivery_new.png HTTP/1.1" 304 -
120.253.135.82 - - [14/Mar/2024:11:19:51 +0800] "GET /xingrg/javascript/jquery_easy_ui/themes/default/images/tabs_close.gif HTTP/1.1" 304 -
120.253.135.82 - - [14/Mar/2024:11:19:52 +0800] "GET /xingrg/kc/pszx/mdqp_order_list.html?state=10 HTTP/1.1" 200 11162
120.253.135.82 - - [14/Mar/2024:11:19:52 +0800] "GET /xingrg/dwr/interface/AjaxReportQueryService.js HTTP/1.1" 200 13203
120.253.135.82 - - [14/Mar/2024:11:19:52 +0800] "GET /xingrg/javascript/pic_change.js HTTP/1.1" 304 -
120.253.135.82 - - [14/Mar/2024:11:19:52 +0800] "GET /xingrg/dwr/util.js HTTP/1.1" 304 -
120.253.135.82 - - [14/Mar/2024:11:19:52 +0800] "GET /xingrg/javascript/Calendar.js HTTP/1.1" 304 -
120.253.135.82 - - [14/Mar/2024:11:19:52 +0800] "GET /xingrg/dwr/interface/AjaxQqpsService.js HTTP/1.1" 200 16326
120.253.135.82 - - [14/Mar/2024:11:19:52 +0800] "GET /xingrg/dwr/engine.js HTTP/1.1" 200 43631
120.253.135.82 - - [14/Mar/2024:11:19:52 +0800] "GET /xingrg/javascript/jquery_easy_ui/themes/icons/back_new.png HTTP/1.1" 304 -
120.253.135.82 - - [14/Mar/2024:11:19:52 +0800] "GET /xingrg/javascript/jquery_easy_ui/themes/icons/uncheck_new.png HTTP/1.1" 304 -
120.253.135.82 - - [14/Mar/2024:11:19:52 +0800] "GET /xingrg/javascript/jquery_easy_ui/themes/icons/check_new.png HTTP/1.1" 304 -
172.20.0.100 - - [14/Mar/2024:11:19:53 +0800] "GET /xingrg/all/function/internal_message.html?_=1710386403289&CODE_STATE=getMsg HTTP/1.1" 200 27
120.253.135.82 - - [14/Mar/2024:11:19:54 +0800] "GET /xingrg/kc/pszx/mdqp_order_info.html?code=302024031400189 HTTP/1.1" 200 13350
120.253.135.82 - - [14/Mar/2024:11:19:54 +0800] "GET /xingrg/javascript/auto/jquery.autocomplete.js HTTP/1.1" 304 -
120.253.135.82 - - [14/Mar/2024:11:19:54 +0800] "GET /xingrg/javascript/tools/jquery.qtip-1.0.0-rc3.min.js HTTP/1.1" 304 -
120.253.135.82 - - [14/Mar/2024:11:19:54 +0800] "GET /xingrg/dwr/interface/AjaxComOrderService.js HTTP/1.1" 200 18264
120.253.135.82 - - [14/Mar/2024:11:19:54 +0800] "GET /xingrg/dwr/interface/AjaxQqpsService.js HTTP/1.1" 200 16326
120.253.135.82 - - [14/Mar/2024:11:19:54 +0800] "GET /xingrg/javascript/checkform.js HTTP/1.1" 304 -
120.253.135.82 - - [14/Mar/2024:11:19:54 +0800] "GET /xingrg/dwr/engine.js HTTP/1.1" 200 43631
120.253.135.82 - - [14/Mar/2024:11:19:54 +0800] "GET /xingrg/javascript/Grid.js HTTP/1.1" 304 -
120.253.135.82 - - [14/Mar/2024:11:19:54 +0800] "GET /xingrg/javascript/AjaxInfoList.js HTTP/1.1" 304 -
120.253.135.82 - - [14/Mar/2024:11:19:54 +0800] "GET /xingrg/javascript/ToolTips.js HTTP/1.1" 304 -
120.253.135.82 - - [14/Mar/2024:11:19:54 +0800] "GET /xingrg/javascript/print/kc_print.js HTTP/1.1" 304 -
120.253.135.82 - - [14/Mar/2024:11:19:54 +0800] "GET /xingrg/javascript/print/LodopFuncs.js HTTP/1.1" 304 -
120.253.135.82 - - [14/Mar/2024:11:19:54 +0800] "GET /xingrg/javascript/jquery_easy_ui/themes/icons/print.png HTTP/1.1" 304 -
120.253.135.82 - - [14/Mar/2024:11:19:54 +0800] "GET /xingrg/javascript/jquery_easy_ui/themes/default/images/menu_downarrow.png HTTP/1.1" 304 -
120.253.135.82 - - [14/Mar/2024:11:19:54 +0800] "GET /xingrg/images/blue/button/kc_tab_edit.gif HTTP/1.1" 304 -
120.253.135.82 - - [14/Mar/2024:11:19:54 +0800] "GET /xingrg/images/blue/button/kc_tab_save.gif HTTP/1.1" 304 -
120.253.135.82 - - [14/Mar/2024:11:19:54 +0800] "GET /xingrg/images/blue/kc_tab_left.gif HTTP/1.1" 304 -
120.253.135.82 - - [14/Mar/2024:11:19:54 +0800] "GET /xingrg/images/blue/kc_tab_mid.gif HTTP/1.1" 304 -
120.253.135.82 - - [14/Mar/2024:11:19:54 +0800] "GET /xingrg/images/blue/kc_tab2_left.gif HTTP/1.1" 304 -
120.253.135.82 - - [14/Mar/2024:11:19:54 +0800] "GET /xingrg/images/blue/kc_tab_right.gif HTTP/1.1" 304 -
120.253.135.82 - - [14/Mar/2024:11:19:54 +0800] "GET /xingrg/images/blue/kc_tab2_right.gif HTTP/1.1" 304 -
120.253.135.82 - - [14/Mar/2024:11:19:54 +0800] "GET /xingrg/images/blue/wait.gif HTTP/1.1" 304 -
120.253.135.82 - - [14/Mar/2024:11:19:55 +0800] "POST /xingrg/dwr/call/plaincall/AjaxQqpsService.loadMaterielItems.dwr HTTP/1.1" 200 398
221.239.169.251 - - [14/Mar/2024:11:19:55 +0800] "GET /xingrg/all/function/internal_message.html?_=1710386394189&CODE_STATE=getMsg HTTP/1.1" 302 -
180.164.1.25 - - [14/Mar/2024:11:19:56 +0800] "GET /xingrg/all/function/internal_message.html?_=1710386395004&CODE_STATE=getMsg HTTP/1.1" 200 27
180.169.147.146 - - [14/Mar/2024:11:19:57 +0800] "GET /xingrg/all/function/internal_message.html?_=1710386397657&CODE_STATE=getMsg HTTP/1.1" 200 27
180.169.147.146 - - [14/Mar/2024:11:19:58 +0800] "POST /xingrg/kc/buy/cgsh_list_operate.html HTTP/1.1" 200 4474
124.77.241.8 - - [14/Mar/2024:11:19:58 +0800] "POST /xingrg/kc/buy/cgsh_order_operate.html HTTP/1.1" 200 37
120.253.135.82 - - [14/Mar/2024:11:19:58 +0800] "GET /xingrg/javascript/jquery_easy_ui/themes/default/images/button_plain_hover.png HTTP/1.1" 304 -
222.69.132.67 - - [14/Mar/2024:11:19:59 +0800] "GET /xingrg/all/function/internal_message.html?_=1710386399509&CODE_STATE=getMsg HTTP/1.1" 200 27
120.253.135.82 - - [14/Mar/2024:11:19:59 +0800] "GET /xingrg/kc/pszx/mdqp_order_list.html?isBack=1 HTTP/1.1" 302 -
120.253.135.82 - - [14/Mar/2024:11:20:00 +0800] "GET /xingrg/kc/pszx/mdqp_order_list.html?state=10 HTTP/1.1" 200 11162
120.253.135.82 - - [14/Mar/2024:11:20:00 +0800] "GET /xingrg/dwr/interface/AjaxQqpsService.js HTTP/1.1" 200 16326
120.253.135.82 - - [14/Mar/2024:11:20:00 +0800] "GET /xingrg/dwr/engine.js HTTP/1.1" 200 43631
120.253.135.82 - - [14/Mar/2024:11:20:00 +0800] "GET /xingrg/dwr/interface/AjaxReportQueryService.js HTTP/1.1" 200 13203
124.77.241.8 - - [14/Mar/2024:11:20:01 +0800] "POST /xingrg/kc/buy/cgsh_order_operate.html HTTP/1.1" 200 3841
120.253.135.82 - - [14/Mar/2024:11:20:03 +0800] "GET /xingrg/kc/pszx/mdqp_order_info.html?code=302024031400190 HTTP/1.1" 200 13346
120.253.135.82 - - [14/Mar/2024:11:20:03 +0800] "GET /xingrg/dwr/interface/AjaxQqpsService.js HTTP/1.1" 200 16326
120.253.135.82 - - [14/Mar/2024:11:20:03 +0800] "GET /xingrg/dwr/interface/AjaxComOrderService.js HTTP/1.1" 200 18264
120.253.135.82 - - [14/Mar/2024:11:20:03 +0800] "GET /xingrg/dwr/engine.js HTTP/1.1" 200 43631
120.253.135.82 - - [14/Mar/2024:11:20:03 +0800] "POST /xingrg/dwr/call/plaincall/AjaxQqpsService.loadMaterielItems.dwr HTTP/1.1" 200 381
116.230.123.13 - - [14/Mar/2024:11:20:03 +0800] "GET /xingrg/all/function/internal_message.html?_=1710386440762&CODE_STATE=getMsg HTTP/1.1" 200 27
116.230.123.13 - - [14/Mar/2024:11:20:04 +0800] "GET /xingrg/kc/buy/cgsh_order_operate.html?command=get_materiel&rest_code=00111&code=00101008037&supplier_code=00100008&order_time=2024-03-14 HTTP/1.1" 200 415
124.77.241.8 - - [14/Mar/2024:11:20:06 +0800] "GET /xingrg/kc/print/load_data.html?order_code=212024031404048&kc_code=cgsh&condition= HTTP/1.1" 200 1135
61.170.233.77 - - [14/Mar/2024:11:20:08 +0800] "GET /xingrg/all/function/internal_message.html?_=1710386407220&CODE_STATE=getMsg HTTP/1.1" 200 27
180.169.147.146 - - [14/Mar/2024:11:20:12 +0800] "GET /xingrg/all/function/internal_message.html?_=1710386411558&CODE_STATE=getMsg HTTP/1.1" 200 27
222.70.115.1 - - [14/Mar/2024:11:20:13 +0800] "GET /xingrg/all/function/internal_message.html?_=1710386420073&CODE_STATE=getMsg HTTP/1.1" 200 27
180.163.28.109 - - [14/Mar/2024:11:20:14 +0800] "GET /xingrg/kc/print/load_data.html?order_code=212024031404046&kc_code=cgsh&condition= HTTP/1.1" 302 -
180.163.28.109 - - [14/Mar/2024:11:20:14 +0800] "GET /xingrg/login.html HTTP/1.1" 200 7641
114.83.220.119 - - [14/Mar/2024:11:20:14 +0800] "GET /xingrg/login.html HTTP/1.1" 200 7641
124.77.241.8 - - [14/Mar/2024:11:20:14 +0800] "GET /xingrg/kc/buy/cgsh_order_add.html HTTP/1.1" 200 73655
114.83.220.119 - - [14/Mar/2024:11:20:14 +0800] "GET /favicon.ico HTTP/1.1" 404 -
124.77.241.8 - - [14/Mar/2024:11:20:16 +0800] "POST /xingrg/kc/buy/cgsh_order_operate.html HTTP/1.1" 200 8245
58.40.7.146 - - [14/Mar/2024:11:20:16 +0800] "GET /xingrg/all/function/internal_message.html?_=1710386424189&CODE_STATE=getMsg HTTP/1.1" 302 -
124.77.241.8 - - [14/Mar/2024:11:20:16 +0800] "GET /xingrg/javascript/easyui/themes/default/validatebox.css HTTP/1.1" 404 1104
116.238.97.31 - - [14/Mar/2024:11:20:17 +0800] "GET /xingrg/all/function/internal_message.html?_=1710386417903&CODE_STATE=getMsg HTTP/1.1" 200 27
124.78.60.103 - - [14/Mar/2024:11:20:17 +0800] "GET /xingrg/all/function/internal_message.html?_=1710386417326&CODE_STATE=getMsg HTTP/1.1" 200 27
218.79.29.78 - - [14/Mar/2024:11:20:18 +0800] "GET /xingrg/all/function/internal_message.html?_=1710386425848&CODE_STATE=getMsg HTTP/1.1" 200 27
124.79.241.4 - - [14/Mar/2024:11:20:18 +0800] "GET /xingrg/all/function/internal_message.html?_=1710386436706&CODE_STATE=getMsg HTTP/1.1" 200 27
124.79.241.4 - - [14/Mar/2024:11:20:19 +0800] "GET /xingrg/check_reg.html?_=1710386438191 HTTP/1.1" 200 22
116.230.123.13 - - [14/Mar/2024:11:20:20 +0800] "GET /xingrg/all/function/internal_message.html?_=1710386457254&CODE_STATE=getMsg HTTP/1.1" 302 -
114.83.220.119 - - [14/Mar/2024:11:20:20 +0800] "POST /xingrg/login.do HTTP/1.1" 302 -
114.83.220.119 - - [14/Mar/2024:11:20:20 +0800] "GET /xingrg/index.html?sysBaseUrl=http%3A%2F%2F180.169.147.146%3A18081%2Fxingrg%2F&costTime=855×tamp=1710386420774 HTTP/1.1" 200 17503
114.83.220.119 - - [14/Mar/2024:11:20:20 +0800] "GET /favicon.ico HTTP/1.1" 404 -
114.83.220.119 - - [14/Mar/2024:11:20:21 +0800] "GET /xingrg/check_reg.html?_=1710386420922 HTTP/1.1" 200 22
114.83.220.119 - - [14/Mar/2024:11:20:21 +0800] "GET /xingrg/all/function/internal_message.html?_=1710386420921&CODE_STATE=count HTTP/1.1" 200 11
114.83.220.119 - - [14/Mar/2024:11:20:21 +0800] "POST /xingrg/all/common/load_tree.html?tree=area_rest_tree_json&manage=1 HTTP/1.1" 200 3624
114.83.220.119 - - [14/Mar/2024:11:20:21 +0800] "POST /xingrg/load_menu.html HTTP/1.1" 200 11443
120.253.135.82 - - [14/Mar/2024:11:20:22 +0800] "GET /xingrg/kc/pszx/jzcl_ps.html HTTP/1.1" 200 7683
120.253.135.82 - - [14/Mar/2024:11:20:22 +0800] "GET /xingrg/javascript/jquery_easy_ui/themes/icons/area.png HTTP/1.1" 304 -
120.253.135.82 - - [14/Mar/2024:11:20:22 +0800] "GET /xingrg/javascript/jquery_easy_ui/themes/icons/manage.png HTTP/1.1" 304 -
120.253.135.82 - - [14/Mar/2024:11:20:22 +0800] "GET /xingrg/javascript/step/step.css HTTP/1.1" 304 -
120.253.135.82 - - [14/Mar/2024:11:20:22 +0800] "GET /xingrg/css/table.css HTTP/1.1" 304 -
120.253.135.82 - - [14/Mar/2024:11:20:22 +0800] "GET /xingrg/javascript/step/images/navCurrentBtn.gif HTTP/1.1" 304 -
120.253.135.82 - - [14/Mar/2024:11:20:22 +0800] "GET /xingrg/javascript/jquery_easy_ui/themes/default/images/button_a_bg.gif HTTP/1.1" 304 -
120.253.135.82 - - [14/Mar/2024:11:20:22 +0800] "GET /xingrg/javascript/jquery_easy_ui/themes/icons/search.png HTTP/1.1" 304 -
120.253.135.82 - - [14/Mar/2024:11:20:22 +0800] "GET /xingrg/javascript/jquery_easy_ui/themes/default/images/button_span_bg.gif HTTP/1.1" 304 -
120.253.135.82 - - [14/Mar/2024:11:20:22 +0800] "GET /xingrg/javascript/jquery_easy_ui/themes/default/images/combo_arrow_dot.gif HTTP/1.1" 304 -
120.253.135.82 - - [14/Mar/2024:11:20:22 +0800] "GET /xingrg/javascript/jquery_easy_ui/themes/default/images/calendar_prevmonth.gif HTTP/1.1" 304 -
120.253.135.82 - - [14/Mar/2024:11:20:22 +0800] "GET /xingrg/javascript/jquery_easy_ui/themes/default/images/calendar_nextmonth.gif HTTP/1.1" 304 -
120.253.135.82 - - [14/Mar/2024:11:20:22 +0800] "GET /xingrg/javascript/jquery_easy_ui/themes/default/images/calendar_nextyear.gif HTTP/1.1" 304 -
120.253.135.82 - - [14/Mar/2024:11:20:22 +0800] "GET /xingrg/javascript/jquery_easy_ui/themes/default/images/calendar_prevyear.gif HTTP/1.1" 304 -
120.253.135.82 - - [14/Mar/2024:11:20:22 +0800] "POST /xingrg/all/common/load_tree.html?tree=area_rest_tree_json HTTP/1.1" 200 3624
120.253.135.82 - - [14/Mar/2024:11:20:22 +0800] "GET /xingrg/images/control/ajaxLoader.gif HTTP/1.1" 304 -
120.253.135.82 - - [14/Mar/2024:11:20:22 +0800] "GET /xingrg/javascript/jquery_easy_ui/themes/default/images/datagrid_header_bg.gif HTTP/1.1" 304 -
120.253.135.82 - - [14/Mar/2024:11:20:22 +0800] "GET /xingrg/javascript/jquery_easy_ui/themes/default/images/pagination_loading.gif HTTP/1.1" 304 -
120.253.135.82 - - [14/Mar/2024:11:20:22 +0800] "GET /xingrg/javascript/jquery_easy_ui/themes/default/images/tree_checkbox_0.gif HTTP/1.1" 304 -
120.253.135.82 - - [14/Mar/2024:11:20:22 +0800] "GET /xingrg/javascript/jquery_easy_ui/themes/icons/rest.png HTTP/1.1" 304 -
120.253.135.82 - - [14/Mar/2024:11:20:23 +0800] "POST /xingrg/kc/pszx/jzcl_ps_operate.html HTTP/1.1" 200 795
120.253.135.82 - - [14/Mar/2024:11:20:23 +0800] "POST /xingrg/kc/pszx/jzcl_ps_operate.html HTTP/1.1" 200 795
180.163.30.76 - - [14/Mar/2024:11:20:23 +0800] "GET /xingrg/kc/print/load_data.html?order_code=212024031404046&kc_code=cgsh HTTP/1.1" 302 -
180.163.30.76 - - [14/Mar/2024:11:20:23 +0800] "GET /xingrg/login.html HTTP/1.1" 200 7641
114.83.220.119 - - [14/Mar/2024:11:20:26 +0800] "POST /xingrg/all/user/operate.html HTTP/1.1" 200 36
114.83.220.119 - - [14/Mar/2024:11:20:26 +0800] "GET /xingrg/index.html?sysBaseUrl=http%3A%2F%2F180.169.147.146%3A18081%2Fxingrg%2F&costTime=855×tamp=1710386420774 HTTP/1.1" 200 17503
114.83.220.119 - - [14/Mar/2024:11:20:26 +0800] "GET /xingrg/javascript/jquery_easy_ui/themes/default/easyui.css HTTP/1.1" 304 -
114.83.220.119 - - [14/Mar/2024:11:20:26 +0800] "GET /xingrg/javascript/jquery_easy_ui/themes/icon.css HTTP/1.1" 304 -
114.83.220.119 - - [14/Mar/2024:11:20:26 +0800] "GET /xingrg/css/form.css HTTP/1.1" 304 -
114.83.220.119 - - [14/Mar/2024:11:20:26 +0800] "GET /xingrg/javascript/jquery-1.4.2.min.js HTTP/1.1" 304 -
114.83.220.119 - - [14/Mar/2024:11:20:26 +0800] "GET /xingrg/javascript/jquery_easy_ui/jquery.easyui.min.js HTTP/1.1" 304 -
114.83.220.119 - - [14/Mar/2024:11:20:26 +0800] "GET /xingrg/javascript/jquery_easy_ui/easyui-lang-zh_CN.js HTTP/1.1" 304 -
114.83.220.119 - - [14/Mar/2024:11:20:26 +0800] "GET /xingrg/javascript/jquery.form.js HTTP/1.1" 304 -
114.83.220.119 - - [14/Mar/2024:11:20:26 +0800] "GET /xingrg/javascript/jquery.utils.js HTTP/1.1" 304 -
114.83.220.119 - - [14/Mar/2024:11:20:26 +0800] "GET /xingrg/javascript/jquery.timers.js HTTP/1.1" 304 -
114.83.220.119 - - [14/Mar/2024:11:20:26 +0800] "GET /xingrg/images/blue/jxLogo.png HTTP/1.1" 304 -
114.83.220.119 - - [14/Mar/2024:11:20:27 +0800] "GET /xingrg/images/blue/navBackgound.jpg HTTP/1.1" 304 -
114.83.220.119 - - [14/Mar/2024:11:20:27 +0800] "GET /xingrg/javascript/jquery_easy_ui/themes/icons/settle_new.png HTTP/1.1" 304 -
114.83.220.119 - - [14/Mar/2024:11:20:27 +0800] "GET /xingrg/all/function/internal_message.html?_=1710386426887&CODE_STATE=count HTTP/1.1" 200 11
114.83.220.119 - - [14/Mar/2024:11:20:27 +0800] "GET /xingrg/check_reg.html?_=1710386426887 HTTP/1.1" 200 22
114.83.220.119 - - [14/Mar/2024:11:20:27 +0800] "GET /xingrg/javascript/jquery_easy_ui/themes/default/images/panel_tool_expand.gif HTTP/1.1" 304 -
114.83.220.119 - - [14/Mar/2024:11:20:27 +0800] "GET /xingrg/javascript/jquery_easy_ui/themes/default/images/tabs_leftarrow.png HTTP/1.1" 304 -
114.83.220.119 - - [14/Mar/2024:11:20:27 +0800] "GET /xingrg/javascript/jquery_easy_ui/themes/default/images/panel_tool_collapse.gif HTTP/1.1" 304 -
114.83.220.119 - - [14/Mar/2024:11:20:27 +0800] "GET /xingrg/images/blue/pingpu.png HTTP/1.1" 304 -
114.83.220.119 - - [14/Mar/2024:11:20:27 +0800] "GET /xingrg/javascript/jquery_easy_ui/themes/default/images/tabs_rightarrow.png HTTP/1.1" 304 -
114.83.220.119 - - [14/Mar/2024:11:20:27 +0800] "POST /xingrg/all/common/load_tree.html?tree=area_rest_tree_json&manage=1 HTTP/1.1" 200 3624
114.83.220.119 - - [14/Mar/2024:11:20:27 +0800] "POST /xingrg/load_menu.html HTTP/1.1" 200 9959
101.83.145.37 - - [14/Mar/2024:11:20:28 +0800] "GET /xingrg/all/function/internal_message.html?_=1710386430044&CODE_STATE=getMsg HTTP/1.1" 200 27
114.83.220.119 - - [14/Mar/2024:11:20:29 +0800] "GET /xingrg/kc/buy/cgsh_order_list.html HTTP/1.1" 200 58135
116.232.194.112 - - [14/Mar/2024:11:20:29 +0800] "GET /xingrg/kc/base/wldb_order_operate.html?command=get_materiel&rest_code=00155&base_code=0010739&code=00101016011 HTTP/1.1" 200 431
120.253.135.82 - - [14/Mar/2024:11:20:30 +0800] "POST /xingrg/kc/pszx/jzcl_ps_operate.html HTTP/1.1" 200 4
120.253.135.82 - - [14/Mar/2024:11:20:30 +0800] "GET /xingrg/javascript/step/images/navDoneBtn.gif HTTP/1.1" 304 -
120.253.135.82 - - [14/Mar/2024:11:20:30 +0800] "GET /xingrg/javascript/step/images/navLastDoneBtn.gif HTTP/1.1" 304 -
124.77.241.8 - - [14/Mar/2024:11:20:30 +0800] "GET /xingrg/kc/buy/cgsh_order_operate.html?command=get_materiel&rest_code=00146&code=00101004104&supplier_code=00100086&order_time=2024-03-14 HTTP/1.1" 200 408
114.83.220.119 - - [14/Mar/2024:11:20:32 +0800] "POST /xingrg/kc/buy/cgsh_list_operate.html HTTP/1.1" 200 645
180.169.147.146 - - [14/Mar/2024:11:20:32 +0800] "GET /xingrg/all/function/internal_message.html?_=1710386431058&CODE_STATE=getMsg HTTP/1.1" 302 -
114.83.220.119 - - [14/Mar/2024:11:20:33 +0800] "GET /xingrg/javascript/jquery_tools/images/next.gif HTTP/1.1" 404 1086
114.83.220.119 - - [14/Mar/2024:11:20:33 +0800] "GET /xingrg/javascript/jquery_tools/images/prev.gif HTTP/1.1" 404 1086
180.163.30.100 - - [14/Mar/2024:11:20:36 +0800] "GET /xingrg/all/function/internal_message.html?_=1710383288323&CODE_STATE=getMsg HTTP/1.1" 302 -
180.163.30.100 - - [14/Mar/2024:11:20:36 +0800] "GET /xingrg/login.html HTTP/1.1" 200 7641
116.232.194.112 - - [14/Mar/2024:11:20:37 +0800] "POST /xingrg/kc/base/wldb_order_operate.html HTTP/1.1" 200 37
124.77.241.8 - - [14/Mar/2024:11:20:37 +0800] "GET /xingrg/all/function/internal_message.html?_=1710386451177&CODE_STATE=getMsg HTTP/1.1" 200 27
116.230.123.13 - - [14/Mar/2024:11:20:37 +0800] "GET /xingrg/all/function/internal_message.html?_=1710386435416&CODE_STATE=getMsg HTTP/1.1" 200 27
116.232.194.112 - - [14/Mar/2024:11:20:38 +0800] "POST /xingrg/kc/base/wldb_order_operate.html HTTP/1.1" 200 2664
114.83.220.119 - - [14/Mar/2024:11:20:41 +0800] "POST /xingrg/kc/buy/cgsh_list_operate.html HTTP/1.1" 200 2572
116.224.254.208 - - [14/Mar/2024:11:20:41 +0800] "GET /xingrg/all/function/internal_message.html?_=1710386440607&CODE_STATE=getMsg HTTP/1.1" 200 27
116.232.194.112 - - [14/Mar/2024:11:20:41 +0800] "GET /xingrg/kc/base/wldb_order_info.html?code=422024031400960 HTTP/1.1" 200 30405
116.232.194.112 - - [14/Mar/2024:11:20:41 +0800] "GET /xingrg/check_reg.html?_=1710386418470 HTTP/1.1" 200 22
116.232.194.112 - - [14/Mar/2024:11:20:41 +0800] "GET /xingrg/all/function/internal_message.html?_=1710386418473&CODE_STATE=getMsg HTTP/1.1" 200 27
116.232.194.112 - - [14/Mar/2024:11:20:42 +0800] "GET /xingrg/javascript/easyui/themes/default/validatebox.css HTTP/1.1" 404 1104
116.232.194.112 - - [14/Mar/2024:11:20:42 +0800] "POST /xingrg/kc/base/wldb_order_operate.html HTTP/1.1" 200 2664
116.224.254.208 - - [14/Mar/2024:11:20:43 +0800] "GET /xingrg/all/function/internal_message.html?_=1710386443434&CODE_STATE=getMsg HTTP/1.1" 200 27
116.230.123.13 - - [14/Mar/2024:11:20:45 +0800] "GET /xingrg/kc/buy/cgsh_order_operate.html?command=get_materiel&rest_code=00111&code=00101008285&supplier_code=00100008&order_time=2024-03-14 HTTP/1.1" 200 413
124.77.241.8 - - [14/Mar/2024:11:20:45 +0800] "GET /xingrg/kc/buy/cgsh_order_operate.html?command=get_materiel&rest_code=00146&code=00101004065&supplier_code=00100086&order_time=2024-03-14 HTTP/1.1" 200 413
120.253.135.82 - - [14/Mar/2024:11:20:45 +0800] "GET /xingrg/kc/pszx/mdps_order_list.html HTTP/1.1" 200 21033
120.253.135.82 - - [14/Mar/2024:11:20:45 +0800] "POST /xingrg/kc/pszx/jzcl_ps_operate.html HTTP/1.1" 200 409
120.253.135.82 - - [14/Mar/2024:11:20:45 +0800] "GET /xingrg/javascript/auto/jquery.autocomplete.css HTTP/1.1" 304 -
120.253.135.82 - - [14/Mar/2024:11:20:45 +0800] "GET /xingrg/javascript/easyui/themes/icon.css HTTP/1.1" 304 -
120.253.135.82 - - [14/Mar/2024:11:20:45 +0800] "GET /xingrg/css/base.css HTTP/1.1" 304 -
120.253.135.82 - - [14/Mar/2024:11:20:45 +0800] "GET /xingrg/javascript/jquery_tools/datebox.css HTTP/1.1" 304 -
120.253.135.82 - - [14/Mar/2024:11:20:45 +0800] "GET /xingrg/css/site.css HTTP/1.1" 304 -
120.253.135.82 - - [14/Mar/2024:11:20:45 +0800] "GET /xingrg/javascript/jquery_tools/jquery.tools.extend.js HTTP/1.1" 304 -
120.253.135.82 - - [14/Mar/2024:11:20:45 +0800] "GET /xingrg/javascript/jquery_tools/jquery.tools.hotkey.js HTTP/1.1" 304 -
120.253.135.82 - - [14/Mar/2024:11:20:45 +0800] "GET /xingrg/javascript/jquery_tools/jquery.tools.table.js HTTP/1.1" 304 -
120.253.135.82 - - [14/Mar/2024:11:20:45 +0800] "GET /xingrg/javascript/jquery_tools/table.css HTTP/1.1" 304 -
120.253.135.82 - - [14/Mar/2024:11:20:45 +0800] "GET /xingrg/javascript/jquery_tools/jquery.tools.min.js HTTP/1.1" 304 -
120.253.135.82 - - [14/Mar/2024:11:20:45 +0800] "GET /xingrg/javascript/jquery_tools/list_manager.js HTTP/1.1" 304 -
120.253.135.82 - - [14/Mar/2024:11:20:45 +0800] "GET /xingrg/javascript/easyui/themes/default/easyui.css HTTP/1.1" 304 -
120.253.135.82 - - [14/Mar/2024:11:20:45 +0800] "GET /xingrg/javascript/jquery_tools/fix.css HTTP/1.1" 304 -
120.253.135.82 - - [14/Mar/2024:11:20:45 +0800] "GET /xingrg/javascript/easyui/easyloader.js HTTP/1.1" 304 -
120.253.135.82 - - [14/Mar/2024:11:20:45 +0800] "GET /xingrg/javascript/jquery.cookie.js HTTP/1.1" 304 -
120.253.135.82 - - [14/Mar/2024:11:20:45 +0800] "GET /xingrg/javascript/easyui/themes/icons/edit_add_new.png HTTP/1.1" 304 -
120.253.135.82 - - [14/Mar/2024:11:20:45 +0800] "GET /xingrg/javascript/easyui/themes/icons/cance_new.png HTTP/1.1" 304 -
120.253.135.82 - - [14/Mar/2024:11:20:45 +0800] "GET /xingrg/javascript/easyui/themes/icons/check_new.png HTTP/1.1" 304 -
120.253.135.82 - - [14/Mar/2024:11:20:45 +0800] "GET /xingrg/javascript/easyui/themes/icons/uncheck_new.png HTTP/1.1" 304 -
120.253.135.82 - - [14/Mar/2024:11:20:45 +0800] "GET /xingrg/javascript/easyui/themes/icons/field_new.png HTTP/1.1" 304 -
120.253.135.82 - - [14/Mar/2024:11:20:45 +0800] "GET /xingrg/javascript/easyui/themes/icons/import_new.png HTTP/1.1" 304 -
120.253.135.82 - - [14/Mar/2024:11:20:45 +0800] "GET /xingrg/javascript/easyui/plugins/jquery.parser.js HTTP/1.1" 304 -
120.253.135.82 - - [14/Mar/2024:11:20:46 +0800] "POST /xingrg/kc/pszx/mdps_list_operate.html HTTP/1.1" 200 5210
120.253.135.82 - - [14/Mar/2024:11:20:47 +0800] "GET /xingrg/all/function/internal_message.html?_=1710386286185&CODE_STATE=getMsg HTTP/1.1" 200 27
120.253.135.82 - - [14/Mar/2024:11:20:51 +0800] "POST /xingrg/kc/pszx/mdps_list_operate.html HTTP/1.1" 200 211
120.253.135.82 - - [14/Mar/2024:11:20:51 +0800] "GET /xingrg/kc/pszx/mdps_order_info.html?code=312024031400267 HTTP/1.1" 200 23976
120.253.135.82 - - [14/Mar/2024:11:20:52 +0800] "GET /xingrg/javascript/jquery_tools/order_manager.js HTTP/1.1" 304 -
120.253.135.82 - - [14/Mar/2024:11:20:52 +0800] "GET /xingrg/javascript/convert.js HTTP/1.1" 304 -
120.253.135.82 - - [14/Mar/2024:11:20:52 +0800] "GET /xingrg/javascript/json2.js HTTP/1.1" 304 -
120.253.135.82 - - [14/Mar/2024:11:20:52 +0800] "GET /xingrg/words/20240312190758_words.js HTTP/1.1" 304 -
120.253.135.82 - - [14/Mar/2024:11:20:52 +0800] "GET /xingrg/javascript/easyui/themes/icons/ok.png HTTP/1.1" 304 -
120.253.135.82 - - [14/Mar/2024:11:20:52 +0800] "GET /xingrg/javascript/easyui/themes/icons/print.png HTTP/1.1" 304 -
120.253.135.82 - - [14/Mar/2024:11:20:52 +0800] "GET /xingrg/javascript/easyui/themes/icons/copy_new.png HTTP/1.1" 304 -
120.253.135.82 - - [14/Mar/2024:11:20:52 +0800] "GET /xingrg/javascript/easyui/themes/default/images/menu_downarrow.png HTTP/1.1" 304 -
120.253.135.82 - - [14/Mar/2024:11:20:52 +0800] "GET /xingrg/javascript/easyui/themes/icons/cancel.png HTTP/1.1" 304 -
120.253.135.82 - - [14/Mar/2024:11:20:52 +0800] "GET /xingrg/javascript/easyui/themes/default/validatebox.css HTTP/1.1" 404 1104
120.253.135.82 - - [14/Mar/2024:11:20:52 +0800] "GET /xingrg/javascript/easyui/plugins/jquery.validatebox.js HTTP/1.1" 304 -
120.253.135.82 - - [14/Mar/2024:11:20:52 +0800] "GET /xingrg/javascript/easyui/plugins/jquery.numberbox.js HTTP/1.1" 304 -
120.253.135.82 - - [14/Mar/2024:11:20:52 +0800] "GET /xingrg/all/common/auto_word.html?type=base&rest_code=00101 HTTP/1.1" 200 671
120.253.135.82 - - [14/Mar/2024:11:20:52 +0800] "POST /xingrg/kc/pszx/mdps_order_operate.html HTTP/1.1" 200 2293
120.253.135.82 - - [14/Mar/2024:11:20:53 +0800] "GET /xingrg/javascript/easyui/themes/icons/edit_remove.png HTTP/1.1" 304 -
172.20.0.100 - - [14/Mar/2024:11:20:53 +0800] "GET /xingrg/all/function/internal_message.html?_=1710386463287&CODE_STATE=getMsg HTTP/1.1" 200 27
114.83.220.119 - - [14/Mar/2024:11:20:53 +0800] "POST /xingrg/kc/buy/cgsh_list_operate.html HTTP/1.1" 200 568
116.232.194.112 - - [14/Mar/2024:11:20:54 +0800] "GET /xingrg/kc/base/wldb_order_add.html HTTP/1.1" 200 30388
120.253.135.82 - - [14/Mar/2024:11:20:54 +0800] "GET /xingrg/javascript/easyui/themes/default/images/button_plain_hover.png HTTP/1.1" 304 -
116.232.194.112 - - [14/Mar/2024:11:20:54 +0800] "POST /xingrg/kc/base/wldb_order_operate.html HTTP/1.1" 200 6806
116.232.194.112 - - [14/Mar/2024:11:20:54 +0800] "GET /xingrg/javascript/easyui/themes/default/validatebox.css HTTP/1.1" 404 1104
124.77.241.8 - - [14/Mar/2024:11:20:55 +0800] "GET /xingrg/check_reg.html?_=1710386469072 HTTP/1.1" 200 22
221.239.169.251 - - [14/Mar/2024:11:20:55 +0800] "GET /xingrg/all/function/internal_message.html?_=1710386454188&CODE_STATE=getMsg HTTP/1.1" 302 -
180.164.1.25 - - [14/Mar/2024:11:20:56 +0800] "GET /xingrg/all/function/internal_message.html?_=1710386454980&CODE_STATE=getMsg HTTP/1.1" 200 27
180.169.147.146 - - [14/Mar/2024:11:20:57 +0800] "GET /xingrg/check_reg.html?_=1710386457664 HTTP/1.1" 200 22
180.169.147.146 - - [14/Mar/2024:11:20:57 +0800] "GET /xingrg/all/function/internal_message.html?_=1710386457666&CODE_STATE=getMsg HTTP/1.1" 200 27
124.77.241.8 - - [14/Mar/2024:11:20:57 +0800] "POST /xingrg/kc/buy/cgsh_order_operate.html HTTP/1.1" 200 37
180.169.147.146 - - [14/Mar/2024:11:20:57 +0800] "GET /xingrg/check_reg.html?_=1710386456473 HTTP/1.1" 200 22
120.253.135.82 - - [14/Mar/2024:11:20:57 +0800] "POST /xingrg/kc/pszx/mdps_order_operate.html HTTP/1.1" 200 37
222.69.132.67 - - [14/Mar/2024:11:20:59 +0800] "GET /xingrg/all/function/internal_message.html?_=1710386459508&CODE_STATE=getMsg HTTP/1.1" 200 27
61.170.233.77 - - [14/Mar/2024:11:21:00 +0800] "GET /xingrg/check_reg.html?_=1710386459049 HTTP/1.1" 200 22
114.83.220.119 - - [14/Mar/2024:11:21:00 +0800] "POST /xingrg/kc/buy/cgsh_list_operate.html HTTP/1.1" 200 4
124.77.241.8 - - [14/Mar/2024:11:21:02 +0800] "POST /xingrg/kc/buy/cgsh_order_operate.html HTTP/1.1" 200 3250
116.230.123.13 - - [14/Mar/2024:11:21:03 +0800] "GET /xingrg/all/function/internal_message.html?_=1710386500736&CODE_STATE=getMsg HTTP/1.1" 200 27
124.77.241.8 - - [14/Mar/2024:11:21:06 +0800] "GET /xingrg/kc/print/load_data.html?order_code=212024031404049&kc_code=cgsh&condition= HTTP/1.1" 200 971
61.170.233.77 - - [14/Mar/2024:11:21:08 +0800] "GET /xingrg/all/function/internal_message.html?_=1710386467198&CODE_STATE=getMsg HTTP/1.1" 200 27
180.169.147.146 - - [14/Mar/2024:11:21:12 +0800] "GET /xingrg/all/function/internal_message.html?_=1710386471533&CODE_STATE=getMsg HTTP/1.1" 200 27
124.77.241.8 - - [14/Mar/2024:11:21:13 +0800] "GET /xingrg/kc/buy/cgsh_order_add.html HTTP/1.1" 200 73655
222.70.115.1 - - [14/Mar/2024:11:21:13 +0800] "GET /xingrg/all/function/internal_message.html?_=1710386480071&CODE_STATE=getMsg HTTP/1.1" 200 27
124.77.241.8 - - [14/Mar/2024:11:21:14 +0800] "POST /xingrg/kc/buy/cgsh_order_operate.html HTTP/1.1" 200 8245
124.77.241.8 - - [14/Mar/2024:11:21:14 +0800] "GET /xingrg/javascript/easyui/themes/default/validatebox.css HTTP/1.1" 404 1104
58.40.7.146 - - [14/Mar/2024:11:21:16 +0800] "GET /xingrg/check_reg.html?_=1710386484186 HTTP/1.1" 302 -
58.40.7.146 - - [14/Mar/2024:11:21:16 +0800] "GET /xingrg/all/function/internal_message.html?_=1710386484189&CODE_STATE=getMsg HTTP/1.1" 302 -
120.253.135.82 - - [14/Mar/2024:11:21:16 +0800] "GET /xingrg/kc/pszx/mdps_order_info.html?code=312024031400267 HTTP/1.1" 200 23976
116.238.97.31 - - [14/Mar/2024:11:21:17 +0800] "GET /xingrg/all/function/internal_message.html?_=1710386477894&CODE_STATE=getMsg HTTP/1.1" 200 27
124.78.60.103 - - [14/Mar/2024:11:21:17 +0800] "GET /xingrg/all/function/internal_message.html?_=1710386477300&CODE_STATE=getMsg HTTP/1.1" 200 27
120.253.135.82 - - [14/Mar/2024:11:21:17 +0800] "GET /xingrg/javascript/easyui/themes/default/validatebox.css HTTP/1.1" 404 1104
218.79.29.78 - - [14/Mar/2024:11:21:18 +0800] "GET /xingrg/all/function/internal_message.html?_=1710386485873&CODE_STATE=getMsg HTTP/1.1" 200 27
124.79.241.4 - - [14/Mar/2024:11:21:18 +0800] "GET /xingrg/all/function/internal_message.html?_=1710386496681&CODE_STATE=getMsg HTTP/1.1" 200 27
120.253.135.82 - - [14/Mar/2024:11:21:19 +0800] "POST /xingrg/kc/pszx/mdps_order_operate.html HTTP/1.1" 200 2300
116.230.123.13 - - [14/Mar/2024:11:21:20 +0800] "GET /xingrg/all/function/internal_message.html?_=1710386517255&CODE_STATE=getMsg HTTP/1.1" 302 -
120.253.135.82 - - [14/Mar/2024:11:21:20 +0800] "GET /xingrg/kc/print/load_config.html?kc_code=mdps HTTP/1.1" 200 2390
120.253.135.82 - - [14/Mar/2024:11:21:21 +0800] "GET /xingrg/kc/print/load_data.html?order_code=312024031400267&kc_code=mdps&condition= HTTP/1.1" 200 702
116.232.194.112 - - [14/Mar/2024:11:21:25 +0800] "GET /xingrg/kc/base/wldb_order_operate.html?command=get_materiel&rest_code=00155&base_code=0010740&code=00102034130 HTTP/1.1" 200 464
114.83.220.119 - - [14/Mar/2024:11:21:27 +0800] "GET /xingrg/all/function/internal_message.html?_=1710386486891&CODE_STATE=getMsg HTTP/1.1" 200 27
101.83.145.37 - - [14/Mar/2024:11:21:28 +0800] "GET /xingrg/all/function/internal_message.html?_=1710386490059&CODE_STATE=getMsg HTTP/1.1" 200 27
101.83.145.37 - - [14/Mar/2024:11:21:28 +0800] "GET /xingrg/check_reg.html?_=1710386490063 HTTP/1.1" 200 22
116.232.194.112 - - [14/Mar/2024:11:21:32 +0800] "GET /xingrg/kc/base/wldb_order_operate.html?command=get_materiel&rest_code=00155&base_code=0010740&code=00102012048 HTTP/1.1" 200 446
180.169.147.146 - - [14/Mar/2024:11:21:32 +0800] "GET /xingrg/all/function/internal_message.html?_=1710386491036&CODE_STATE=getMsg HTTP/1.1" 302 -
