116.224.254.208 - - [14/Mar/2024:08:57:56 +0800] "GET /xingrg/javascript/jquery_easy_ui/themes/default/images/tabs_rightarrow.png HTTP/1.1" 304 -
116.224.254.208 - - [14/Mar/2024:08:57:56 +0800] "GET /xingrg/check_reg.html?_=1710377876150 HTTP/1.1" 200 22
116.224.254.208 - - [14/Mar/2024:08:57:56 +0800] "GET /xingrg/images/blue/pingpu.png HTTP/1.1" 304 -
116.224.254.208 - - [14/Mar/2024:08:57:56 +0800] "GET /xingrg/javascript/jquery_easy_ui/themes/default/images/panel_tool_collapse.gif HTTP/1.1" 304 -
116.224.254.208 - - [14/Mar/2024:08:57:56 +0800] "POST /xingrg/all/common/load_tree.html?tree=area_rest_tree_json&manage=1 HTTP/1.1" 200 476
116.224.254.208 - - [14/Mar/2024:08:57:56 +0800] "POST /xingrg/load_menu.html HTTP/1.1" 200 5138
124.77.241.8 - - [14/Mar/2024:08:57:56 +0800] "GET /xingrg/all/function/internal_message.html?_=1710377889812&CODE_STATE=getMsg HTTP/1.1" 200 27
116.224.254.208 - - [14/Mar/2024:08:57:58 +0800] "GET /xingrg/kc/buy/cgsh_order_list.html HTTP/1.1" 200 57886
61.170.233.77 - - [14/Mar/2024:08:58:00 +0800] "GET /xingrg/all/function/internal_message.html?_=1710377879419&CODE_STATE=getMsg HTTP/1.1" 200 27
180.163.29.206 - - [14/Mar/2024:08:58:00 +0800] "GET /xingrg/all/function/internal_message.html?_=1710377819430&CODE_STATE=getMsg HTTP/1.1" 302 -
116.224.254.208 - - [14/Mar/2024:08:58:00 +0800] "POST /xingrg/kc/buy/cgsh_list_operate.html HTTP/1.1" 200 645
180.163.29.206 - - [14/Mar/2024:08:58:00 +0800] "GET /xingrg/login.html HTTP/1.1" 200 7641
116.224.254.208 - - [14/Mar/2024:08:58:02 +0800] "GET /xingrg/kc/buy/cgsh_order_add.html HTTP/1.1" 200 73699
116.224.254.208 - - [14/Mar/2024:08:58:02 +0800] "POST /xingrg/kc/buy/cgsh_order_operate.html HTTP/1.1" 200 8245
116.224.254.208 - - [14/Mar/2024:08:58:02 +0800] "GET /xingrg/javascript/easyui/themes/default/validatebox.css HTTP/1.1" 404 1104
116.224.254.208 - - [14/Mar/2024:08:58:02 +0800] "GET /xingrg/all/common/auto_word.html?type=employee&rest_code=00150 HTTP/1.1" 200 159
116.224.254.208 - - [14/Mar/2024:08:58:02 +0800] "GET /xingrg/all/common/auto_word.html?type=employee&rest_code=00150 HTTP/1.1" 200 159
116.224.254.208 - - [14/Mar/2024:08:58:03 +0800] "GET /xingrg/javascript/auto/indicator.gif HTTP/1.1" 404 1066
114.83.220.119 - - [14/Mar/2024:08:58:08 +0800] "GET /xingrg/kc/buy/cgsh_order_operate.html?command=get_materiel&rest_code=00149&code=00101008069&supplier_code=00100008&order_time=2024-03-14 HTTP/1.1" 200 412
116.224.254.208 - - [14/Mar/2024:08:58:11 +0800] "GET /xingrg/kc/buy/cgsh_order_operate.html?command=get_materiel&rest_code=00150&code=00101009039&supplier_code=00100022&order_time=2024-03-14 HTTP/1.1" 200 408
58.40.7.146 - - [14/Mar/2024:08:58:16 +0800] "GET /xingrg/all/function/internal_message.html?_=1710377904200&CODE_STATE=getMsg HTTP/1.1" 302 -
218.79.29.78 - - [14/Mar/2024:08:58:18 +0800] "GET /xingrg/all/function/internal_message.html?_=1710377905728&CODE_STATE=getMsg HTTP/1.1" 200 27
218.79.29.78 - - [14/Mar/2024:08:58:18 +0800] "GET /xingrg/check_reg.html?_=1710377905732 HTTP/1.1" 200 22
114.83.220.119 - - [14/Mar/2024:08:58:19 +0800] "GET /xingrg/kc/buy/cgsh_order_operate.html?command=get_materiel&rest_code=00149&code=00101008131&supplier_code=00100008&order_time=2024-03-14 HTTP/1.1" 200 408
116.224.254.208 - - [14/Mar/2024:08:58:21 +0800] "GET /xingrg/kc/buy/cgsh_order_operate.html?command=get_materiel&rest_code=00150&code=00101009031&supplier_code=00100022&order_time=2024-03-14 HTTP/1.1" 200 412
116.238.97.31 - - [14/Mar/2024:08:58:23 +0800] "GET /xingrg/all/function/internal_message.html?_=1710377903386&CODE_STATE=getMsg HTTP/1.1" 200 27
116.224.254.208 - - [14/Mar/2024:08:58:27 +0800] "GET /xingrg/kc/buy/cgsh_order_operate.html?command=get_materiel&rest_code=00150&code=00101009062&supplier_code=00100022&order_time=2024-03-14 HTTP/1.1" 200 412
114.83.220.119 - - [14/Mar/2024:08:58:28 +0800] "GET /xingrg/kc/buy/cgsh_order_operate.html?command=get_materiel&rest_code=00149&code=00101008353&supplier_code=00100008&order_time=2024-03-14 HTTP/1.1" 200 408
180.163.29.212 - - [14/Mar/2024:08:58:31 +0800] "GET /xingrg/kc/print/load_data.html?order_code=212024031403996&kc_code=cgsh HTTP/1.1" 302 -
180.163.29.212 - - [14/Mar/2024:08:58:31 +0800] "GET /xingrg/login.html HTTP/1.1" 200 7641
116.224.254.208 - - [14/Mar/2024:08:58:35 +0800] "GET /xingrg/kc/buy/cgsh_order_operate.html?command=get_materiel&rest_code=00150&code=00101009010&supplier_code=00100022&order_time=2024-03-14 HTTP/1.1" 200 416
116.224.254.208 - - [14/Mar/2024:08:58:35 +0800] "GET /xingrg/check_reg.html?_=1710377914573 HTTP/1.1" 200 22
116.224.254.208 - - [14/Mar/2024:08:58:35 +0800] "GET /xingrg/all/function/internal_message.html?_=1710377914576&CODE_STATE=getMsg HTTP/1.1" 200 27
114.83.220.119 - - [14/Mar/2024:08:58:38 +0800] "GET /xingrg/check_reg.html?_=1710377916313 HTTP/1.1" 200 22
114.83.220.119 - - [14/Mar/2024:08:58:38 +0800] "GET /xingrg/all/function/internal_message.html?_=1710377916319&CODE_STATE=getMsg HTTP/1.1" 200 27
114.83.220.119 - - [14/Mar/2024:08:58:42 +0800] "GET /xingrg/kc/buy/cgsh_order_operate.html?command=get_materiel&rest_code=00149&code=00101009010&supplier_code=00100008&order_time=2024-03-14 HTTP/1.1" 200 416
116.224.254.208 - - [14/Mar/2024:08:58:43 +0800] "GET /xingrg/kc/buy/cgsh_order_operate.html?command=get_materiel&rest_code=00150&code=00101009044&supplier_code=00100022&order_time=2024-03-14 HTTP/1.1" 200 412
172.20.0.100 - - [14/Mar/2024:08:58:52 +0800] "GET /xingrg/all/function/internal_message.html?_=1710377942726&CODE_STATE=getMsg HTTP/1.1" 200 27
114.83.220.119 - - [14/Mar/2024:08:58:55 +0800] "GET /xingrg/kc/buy/cgsh_order_operate.html?command=get_materiel&rest_code=00149&code=00101008361&supplier_code=00100008&order_time=2024-03-14 HTTP/1.1" 200 408
221.239.169.251 - - [14/Mar/2024:08:58:55 +0800] "GET /xingrg/all/function/internal_message.html?_=1710377934012&CODE_STATE=getMsg HTTP/1.1" 302 -
116.224.254.208 - - [14/Mar/2024:08:58:56 +0800] "GET /xingrg/all/function/internal_message.html?_=1710377936159&CODE_STATE=getMsg HTTP/1.1" 200 27
124.77.241.8 - - [14/Mar/2024:08:58:56 +0800] "GET /xingrg/all/function/internal_message.html?_=1710377949849&CODE_STATE=getMsg HTTP/1.1" 200 27
180.163.29.103 - - [14/Mar/2024:08:59:00 +0800] "GET /xingrg/all/function/internal_message.html?_=1710377879419&CODE_STATE=getMsg HTTP/1.1" 302 -
180.163.29.103 - - [14/Mar/2024:08:59:00 +0800] "GET /xingrg/login.html HTTP/1.1" 200 7641
116.224.254.208 - - [14/Mar/2024:08:59:07 +0800] "POST /xingrg/kc/buy/cgsh_order_operate.html HTTP/1.1" 200 37
114.83.220.119 - - [14/Mar/2024:08:59:08 +0800] "GET /xingrg/kc/buy/cgsh_order_operate.html?command=get_materiel&rest_code=00149&code=00101008355&supplier_code=00100008&order_time=2024-03-14 HTTP/1.1" 200 408
61.170.233.77 - - [14/Mar/2024:08:59:11 +0800] "GET /xingrg/all/function/internal_message.html?_=1710377950320&CODE_STATE=getMsg HTTP/1.1" 200 27
58.40.7.146 - - [14/Mar/2024:08:59:16 +0800] "GET /xingrg/all/function/internal_message.html?_=1710377964186&CODE_STATE=getMsg HTTP/1.1" 302 -
116.224.254.208 - - [14/Mar/2024:08:59:17 +0800] "POST /xingrg/kc/buy/cgsh_order_operate.html HTTP/1.1" 200 12
218.79.29.78 - - [14/Mar/2024:08:59:18 +0800] "GET /xingrg/all/function/internal_message.html?_=1710377965733&CODE_STATE=getMsg HTTP/1.1" 200 27
114.83.220.119 - - [14/Mar/2024:08:59:19 +0800] "GET /xingrg/kc/buy/cgsh_order_operate.html?command=get_materiel&rest_code=00149&code=00101008356&supplier_code=00100008&order_time=2024-03-14 HTTP/1.1" 200 408
116.238.97.31 - - [14/Mar/2024:08:59:23 +0800] "GET /xingrg/all/function/internal_message.html?_=1710377963377&CODE_STATE=getMsg HTTP/1.1" 200 27
116.224.254.208 - - [14/Mar/2024:08:59:23 +0800] "GET /xingrg/kc/buy/cgsh_order_info.html?code=212024031403998 HTTP/1.1" 200 68606
116.224.254.208 - - [14/Mar/2024:08:59:23 +0800] "GET /xingrg/javascript/easyui/themes/default/validatebox.css HTTP/1.1" 404 1104
116.224.254.208 - - [14/Mar/2024:08:59:24 +0800] "POST /xingrg/kc/buy/cgsh_order_operate.html HTTP/1.1" 200 2377
116.224.254.208 - - [14/Mar/2024:08:59:26 +0800] "GET /xingrg/kc/print/load_data.html?order_code=212024031403998&kc_code=cgsh&condition= HTTP/1.1" 200 1416
116.224.254.208 - - [14/Mar/2024:08:59:35 +0800] "GET /xingrg/kc/buy/cgsh_order_add.html HTTP/1.1" 200 73699
116.224.254.208 - - [14/Mar/2024:08:59:35 +0800] "GET /xingrg/all/function/internal_message.html?_=1710377974570&CODE_STATE=getMsg HTTP/1.1" 200 27
116.224.254.208 - - [14/Mar/2024:08:59:35 +0800] "POST /xingrg/kc/buy/cgsh_order_operate.html HTTP/1.1" 200 8245
116.224.254.208 - - [14/Mar/2024:08:59:35 +0800] "GET /xingrg/javascript/easyui/themes/default/validatebox.css HTTP/1.1" 404 1104
114.83.220.119 - - [14/Mar/2024:08:59:38 +0800] "GET /xingrg/all/function/internal_message.html?_=1710377976310&CODE_STATE=getMsg HTTP/1.1" 200 27
221.239.169.251 - - [14/Mar/2024:08:59:43 +0800] "GET /xingrg/check_reg.html?_=1710377982127 HTTP/1.1" 302 -
61.170.233.77 - - [14/Mar/2024:08:59:48 +0800] "GET /xingrg/kc/buy/cgsh_order_add.html HTTP/1.1" 200 73655
61.170.233.77 - - [14/Mar/2024:08:59:48 +0800] "POST /xingrg/kc/buy/cgsh_order_operate.html HTTP/1.1" 200 8245
61.170.233.77 - - [14/Mar/2024:08:59:48 +0800] "GET /xingrg/javascript/easyui/themes/default/validatebox.css HTTP/1.1" 404 1104
61.170.233.77 - - [14/Mar/2024:08:59:52 +0800] "GET /xingrg/javascript/easyui/themes/default/tree.css HTTP/1.1" 404 1090
61.170.233.77 - - [14/Mar/2024:08:59:52 +0800] "POST /xingrg/all/common/load_tree.html?tree=supplier_tree_json&isDelete=1 HTTP/1.1" 200 78788
172.20.0.100 - - [14/Mar/2024:08:59:52 +0800] "GET /xingrg/all/function/internal_message.html?_=1710378002725&CODE_STATE=getMsg HTTP/1.1" 200 27
221.239.169.251 - - [14/Mar/2024:08:59:55 +0800] "GET /xingrg/all/function/internal_message.html?_=1710377994000&CODE_STATE=getMsg HTTP/1.1" 302 -
116.224.254.208 - - [14/Mar/2024:08:59:56 +0800] "GET /xingrg/all/function/internal_message.html?_=1710377996156&CODE_STATE=getMsg HTTP/1.1" 200 27
124.77.241.8 - - [14/Mar/2024:08:59:56 +0800] "GET /xingrg/all/function/internal_message.html?_=1710378009854&CODE_STATE=getMsg HTTP/1.1" 200 27
180.169.147.146 - - [14/Mar/2024:09:00:06 +0800] "GET /favicon.ico HTTP/1.1" 404 -
61.170.233.77 - - [14/Mar/2024:09:00:11 +0800] "GET /xingrg/all/function/internal_message.html?_=1710378010303&CODE_STATE=getMsg HTTP/1.1" 200 27
58.40.7.146 - - [14/Mar/2024:09:00:16 +0800] "GET /xingrg/all/function/internal_message.html?_=1710378024174&CODE_STATE=getMsg HTTP/1.1" 302 -
114.83.220.119 - - [14/Mar/2024:09:00:16 +0800] "GET /xingrg/kc/buy/cgsh_order_operate.html?command=get_materiel&rest_code=00149&code=00101008286&supplier_code=00100008&order_time=2024-03-14 HTTP/1.1" 200 408
218.79.29.78 - - [14/Mar/2024:09:00:18 +0800] "GET /xingrg/all/function/internal_message.html?_=1710378025736&CODE_STATE=getMsg HTTP/1.1" 200 27
116.238.97.31 - - [14/Mar/2024:09:00:23 +0800] "GET /xingrg/all/function/internal_message.html?_=1710378023384&CODE_STATE=getMsg HTTP/1.1" 200 27
116.224.254.208 - - [14/Mar/2024:09:00:27 +0800] "GET /xingrg/kc/buy/cgsh_order_operate.html?command=get_materiel&rest_code=00150&code=00101001069&supplier_code=00100151&order_time=2024-03-14 HTTP/1.1" 200 411
114.83.220.119 - - [14/Mar/2024:09:00:27 +0800] "GET /xingrg/kc/buy/cgsh_order_operate.html?command=get_materiel&rest_code=00149&code=00101008224&supplier_code=00100008&order_time=2024-03-14 HTTP/1.1" 200 416
114.83.220.119 - - [14/Mar/2024:09:00:38 +0800] "GET /xingrg/all/function/internal_message.html?_=1710378036315&CODE_STATE=getMsg HTTP/1.1" 200 27
114.83.220.119 - - [14/Mar/2024:09:00:40 +0800] "GET /xingrg/kc/buy/cgsh_order_operate.html?command=get_materiel&rest_code=00149&code=00101008285&supplier_code=00100008&order_time=2024-03-14 HTTP/1.1" 200 413
116.224.254.208 - - [14/Mar/2024:09:00:41 +0800] "GET /xingrg/kc/buy/cgsh_order_operate.html?command=get_materiel&rest_code=00150&code=00101002027&supplier_code=00100151&order_time=2024-03-14 HTTP/1.1" 200 413
114.83.220.119 - - [14/Mar/2024:09:00:46 +0800] "POST /xingrg/kc/buy/cgsh_order_operate.html HTTP/1.1" 200 2065
114.83.220.119 - - [14/Mar/2024:09:00:52 +0800] "GET /xingrg/kc/buy/cgsh_order_operate.html?command=get_materiel&rest_code=00149&code=00101008415&supplier_code=00100008&order_time=2024-03-14 HTTP/1.1" 200 412
172.20.0.100 - - [14/Mar/2024:09:00:52 +0800] "GET /xingrg/all/function/internal_message.html?_=1710378062724&CODE_STATE=getMsg HTTP/1.1" 200 27
124.77.241.8 - - [14/Mar/2024:09:00:54 +0800] "GET /xingrg/check_reg.html?_=1710378068286 HTTP/1.1" 200 22
221.239.169.251 - - [14/Mar/2024:09:00:55 +0800] "GET /xingrg/all/function/internal_message.html?_=1710378054007&CODE_STATE=getMsg HTTP/1.1" 302 -
116.224.254.208 - - [14/Mar/2024:09:00:56 +0800] "GET /xingrg/all/function/internal_message.html?_=1710378056166&CODE_STATE=getMsg HTTP/1.1" 200 27
124.77.241.8 - - [14/Mar/2024:09:00:56 +0800] "GET /xingrg/all/function/internal_message.html?_=1710378069868&CODE_STATE=getMsg HTTP/1.1" 200 27
61.170.233.77 - - [14/Mar/2024:09:01:00 +0800] "GET /xingrg/check_reg.html?_=1710378059431 HTTP/1.1" 200 22
116.224.254.208 - - [14/Mar/2024:09:01:05 +0800] "POST /xingrg/kc/buy/cgsh_order_operate.html HTTP/1.1" 200 37
114.83.220.119 - - [14/Mar/2024:09:01:06 +0800] "GET /xingrg/kc/buy/cgsh_order_operate.html?command=get_materiel&rest_code=00149&code=00101008108&supplier_code=00100008&order_time=2024-03-14 HTTP/1.1" 200 412
61.170.233.77 - - [14/Mar/2024:09:01:11 +0800] "GET /xingrg/all/function/internal_message.html?_=1710378070279&CODE_STATE=getMsg HTTP/1.1" 200 27
116.224.254.208 - - [14/Mar/2024:09:01:11 +0800] "POST /xingrg/kc/buy/cgsh_order_operate.html HTTP/1.1" 200 12
180.163.28.109 - - [14/Mar/2024:09:01:12 +0800] "GET /xingrg/all/function/internal_message.html?_=1710378010303&CODE_STATE=getMsg HTTP/1.1" 302 -
180.163.28.109 - - [14/Mar/2024:09:01:12 +0800] "GET /xingrg/login.html HTTP/1.1" 200 7641
116.224.254.208 - - [14/Mar/2024:09:01:13 +0800] "GET /xingrg/kc/buy/cgsh_order_info.html?code=212024031403999 HTTP/1.1" 200 68598
116.224.254.208 - - [14/Mar/2024:09:01:14 +0800] "GET /xingrg/javascript/easyui/themes/default/validatebox.css HTTP/1.1" 404 1104
180.169.147.146 - - [14/Mar/2024:09:01:14 +0800] "GET /xingrg/index.html?sysBaseUrl=http%3A%2F%2F180.169.147.146%3A18081%2Fxingrg%2F&costTime=39×tamp=1592034574635 HTTP/1.1" 302 -
180.169.147.146 - - [14/Mar/2024:09:01:14 +0800] "GET /xingrg/login.html HTTP/1.1" 200 7641
116.224.254.208 - - [14/Mar/2024:09:01:15 +0800] "POST /xingrg/kc/buy/cgsh_order_operate.html HTTP/1.1" 200 1202
180.169.147.146 - - [14/Mar/2024:09:01:15 +0800] "GET /favicon.ico HTTP/1.1" 404 -
58.40.7.146 - - [14/Mar/2024:09:01:16 +0800] "GET /xingrg/check_reg.html?_=1710378084191 HTTP/1.1" 302 -
58.40.7.146 - - [14/Mar/2024:09:01:16 +0800] "GET /xingrg/all/function/internal_message.html?_=1710378084188&CODE_STATE=getMsg HTTP/1.1" 302 -
180.169.147.146 - - [14/Mar/2024:09:01:17 +0800] "POST /xingrg/login.do HTTP/1.1" 302 -
180.169.147.146 - - [14/Mar/2024:09:01:17 +0800] "GET /xingrg/index.html?sysBaseUrl=http%3A%2F%2F180.169.147.146%3A18081%2Fxingrg%2F&costTime=899×tamp=1710378077761 HTTP/1.1" 200 17503
180.169.147.146 - - [14/Mar/2024:09:01:17 +0800] "GET /favicon.ico HTTP/1.1" 404 -
218.79.29.78 - - [14/Mar/2024:09:01:18 +0800] "GET /xingrg/all/function/internal_message.html?_=1710378085739&CODE_STATE=getMsg HTTP/1.1" 200 27
180.169.147.146 - - [14/Mar/2024:09:01:18 +0800] "POST /xingrg/all/common/load_tree.html?tree=area_rest_tree_json&manage=1 HTTP/1.1" 200 3624
180.169.147.146 - - [14/Mar/2024:09:01:18 +0800] "GET /xingrg/check_reg.html?_=1710378078056 HTTP/1.1" 200 22
180.169.147.146 - - [14/Mar/2024:09:01:18 +0800] "GET /xingrg/all/function/internal_message.html?_=1710378078055&CODE_STATE=count HTTP/1.1" 200 11
180.169.147.146 - - [14/Mar/2024:09:01:18 +0800] "POST /xingrg/load_menu.html HTTP/1.1" 200 11564
116.224.254.208 - - [14/Mar/2024:09:01:18 +0800] "GET /xingrg/kc/print/load_data.html?order_code=212024031403999&kc_code=cgsh&condition= HTTP/1.1" 200 909
180.169.147.146 - - [14/Mar/2024:09:01:19 +0800] "GET /xingrg/kc/report/report_main.html HTTP/1.1" 200 8599
114.83.220.119 - - [14/Mar/2024:09:01:19 +0800] "GET /xingrg/kc/buy/cgsh_order_operate.html?command=get_materiel&rest_code=00149&code=00101008169&supplier_code=00100008&order_time=2024-03-14 HTTP/1.1" 200 412
180.169.147.146 - - [14/Mar/2024:09:01:20 +0800] "GET /xingrg/all/report/report_query.html?fileName=kc/buy/gys_amount_base_rest.xml HTTP/1.1" 200 51664
180.169.147.146 - - [14/Mar/2024:09:01:20 +0800] "GET /xingrg/dwr/interface/AjaxReportQueryService.js HTTP/1.1" 200 13203
180.169.147.146 - - [14/Mar/2024:09:01:20 +0800] "GET /xingrg/dwr/engine.js HTTP/1.1" 200 43631
180.169.147.146 - - [14/Mar/2024:09:01:20 +0800] "GET /xingrg/dwr/util.js HTTP/1.1" 200 35990
180.169.147.146 - - [14/Mar/2024:09:01:21 +0800] "POST /xingrg/dwr/call/plaincall/AjaxReportQueryService.getFixDate.dwr HTTP/1.1" 200 111
180.169.147.146 - - [14/Mar/2024:09:01:21 +0800] "POST /xingrg/all/common/load_tree.html?tree=area_rest_tree_json&manage=1 HTTP/1.1" 200 3624
180.169.147.146 - - [14/Mar/2024:09:01:21 +0800] "POST /xingrg/all/common/load_tree.html?tree=supplier_tree_json&manage=1 HTTP/1.1" 200 81197
116.238.97.31 - - [14/Mar/2024:09:01:23 +0800] "GET /xingrg/all/function/internal_message.html?_=1710378083392&CODE_STATE=getMsg HTTP/1.1" 200 27
116.238.97.31 - - [14/Mar/2024:09:01:23 +0800] "GET /xingrg/check_reg.html?_=1710378083394 HTTP/1.1" 200 22
114.83.220.119 - - [14/Mar/2024:09:01:29 +0800] "GET /xingrg/kc/buy/cgsh_order_operate.html?command=get_materiel&rest_code=00149&code=00101008318&supplier_code=00100008&order_time=2024-03-14 HTTP/1.1" 200 408
114.83.220.119 - - [14/Mar/2024:09:01:38 +0800] "GET /xingrg/all/function/internal_message.html?_=1710378096317&CODE_STATE=getMsg HTTP/1.1" 200 27
114.83.220.119 - - [14/Mar/2024:09:01:47 +0800] "GET /xingrg/kc/buy/cgsh_order_operate.html?command=get_materiel&rest_code=00149&code=00101008161&supplier_code=00100008&order_time=2024-03-14 HTTP/1.1" 200 409
172.20.0.100 - - [14/Mar/2024:09:01:53 +0800] "GET /xingrg/all/function/internal_message.html?_=1710378122723&CODE_STATE=getMsg HTTP/1.1" 200 27
114.83.220.119 - - [14/Mar/2024:09:01:54 +0800] "POST /xingrg/kc/buy/cgsh_order_operate.html HTTP/1.1" 200 2065
221.239.169.251 - - [14/Mar/2024:09:01:55 +0800] "GET /xingrg/all/function/internal_message.html?_=1710378114006&CODE_STATE=getMsg HTTP/1.1" 302 -
116.224.254.208 - - [14/Mar/2024:09:01:56 +0800] "GET /xingrg/all/function/internal_message.html?_=1710378116169&CODE_STATE=getMsg HTTP/1.1" 200 27
124.77.241.8 - - [14/Mar/2024:09:01:56 +0800] "GET /xingrg/all/function/internal_message.html?_=1710378129881&CODE_STATE=getMsg HTTP/1.1" 200 27
180.163.29.212 - - [14/Mar/2024:09:02:01 +0800] "GET /xingrg/check_reg.html?_=1710378059431 HTTP/1.1" 302 -
180.163.29.212 - - [14/Mar/2024:09:02:01 +0800] "GET /xingrg/login.html HTTP/1.1" 200 7641
114.83.220.119 - - [14/Mar/2024:09:02:02 +0800] "GET /xingrg/kc/buy/cgsh_order_operate.html?command=get_materiel&rest_code=00149&code=00101013175&supplier_code=00100008&order_time=2024-03-14 HTTP/1.1" 200 412
61.170.233.77 - - [14/Mar/2024:09:02:11 +0800] "GET /xingrg/all/function/internal_message.html?_=1710378130265&CODE_STATE=getMsg HTTP/1.1" 200 27
114.83.220.119 - - [14/Mar/2024:09:02:13 +0800] "GET /xingrg/kc/buy/cgsh_order_operate.html?command=get_materiel&rest_code=00149&code=00101008163&supplier_code=00100008&order_time=2024-03-14 HTTP/1.1" 200 409
58.40.7.146 - - [14/Mar/2024:09:02:16 +0800] "GET /xingrg/all/function/internal_message.html?_=1710378144195&CODE_STATE=getMsg HTTP/1.1" 302 -
218.79.29.78 - - [14/Mar/2024:09:02:18 +0800] "GET /xingrg/all/function/internal_message.html?_=1710378145739&CODE_STATE=getMsg HTTP/1.1" 200 27
180.169.147.146 - - [14/Mar/2024:09:02:18 +0800] "GET /xingrg/all/function/internal_message.html?_=1710378138103&CODE_STATE=getMsg HTTP/1.1" 200 27
116.238.97.31 - - [14/Mar/2024:09:02:23 +0800] "GET /xingrg/all/function/internal_message.html?_=1710378143380&CODE_STATE=getMsg HTTP/1.1" 200 27
114.83.220.119 - - [14/Mar/2024:09:02:26 +0800] "GET /xingrg/kc/buy/cgsh_order_operate.html?command=get_materiel&rest_code=00149&code=00101008332&supplier_code=00100008&order_time=2024-03-14 HTTP/1.1" 200 412
61.170.233.77 - - [14/Mar/2024:09:02:32 +0800] "GET /xingrg/kc/buy/cgsh_order_operate.html?command=get_materiel&rest_code=00106&code=00101008186&supplier_code=00100008&order_time=2024-03-14 HTTP/1.1" 200 408
114.83.220.119 - - [14/Mar/2024:09:02:38 +0800] "GET /xingrg/all/function/internal_message.html?_=1710378156324&CODE_STATE=getMsg HTTP/1.1" 200 27
114.83.220.119 - - [14/Mar/2024:09:02:40 +0800] "POST /xingrg/kc/buy/cgsh_order_operate.html HTTP/1.1" 200 37
114.83.220.119 - - [14/Mar/2024:09:02:42 +0800] "POST /xingrg/kc/buy/cgsh_order_operate.html HTTP/1.1" 200 18040
61.170.233.77 - - [14/Mar/2024:09:02:46 +0800] "GET /xingrg/kc/buy/cgsh_order_operate.html?command=get_materiel&rest_code=00106&code=00101008403&supplier_code=00100008&order_time=2024-03-14 HTTP/1.1" 200 412
222.69.132.67 - - [14/Mar/2024:09:02:47 +0800] "GET /xingrg/login.html HTTP/1.1" 200 7641
222.69.132.67 - - [14/Mar/2024:09:02:47 +0800] "GET /favicon.ico HTTP/1.1" 404 -
172.20.0.100 - - [14/Mar/2024:09:02:52 +0800] "GET /xingrg/all/function/internal_message.html?_=1710378182722&CODE_STATE=getMsg HTTP/1.1" 200 27
172.20.0.100 - - [14/Mar/2024:09:02:52 +0800] "GET /xingrg/check_reg.html?_=1710378182723 HTTP/1.1" 200 22
221.239.169.251 - - [14/Mar/2024:09:02:55 +0800] "GET /xingrg/all/function/internal_message.html?_=1710378174005&CODE_STATE=getMsg HTTP/1.1" 302 -
116.224.254.208 - - [14/Mar/2024:09:02:56 +0800] "GET /xingrg/check_reg.html?_=1710378176169 HTTP/1.1" 200 22
116.224.254.208 - - [14/Mar/2024:09:02:56 +0800] "GET /xingrg/all/function/internal_message.html?_=1710378176173&CODE_STATE=getMsg HTTP/1.1" 200 27
124.77.241.8 - - [14/Mar/2024:09:02:56 +0800] "GET /xingrg/all/function/internal_message.html?_=1710378189894&CODE_STATE=getMsg HTTP/1.1" 200 27
61.170.233.77 - - [14/Mar/2024:09:02:58 +0800] "GET /xingrg/kc/buy/cgsh_order_operate.html?command=get_materiel&rest_code=00106&code=00101008096&supplier_code=00100008&order_time=2024-03-14 HTTP/1.1" 200 412
222.69.132.67 - - [14/Mar/2024:09:02:59 +0800] "POST /xingrg/login.do HTTP/1.1" 302 -
222.69.132.67 - - [14/Mar/2024:09:02:59 +0800] "GET /xingrg/index.html?sysBaseUrl=http%3A%2F%2F180.169.147.146%3A18081%2Fxingrg%2F&costTime=865×tamp=1710378179003 HTTP/1.1" 200 17179
222.69.132.67 - - [14/Mar/2024:09:02:59 +0800] "GET /favicon.ico HTTP/1.1" 404 -
222.69.132.67 - - [14/Mar/2024:09:02:59 +0800] "POST /xingrg/all/common/load_tree.html?tree=area_rest_tree_json&manage=1 HTTP/1.1" 200 351
222.69.132.67 - - [14/Mar/2024:09:02:59 +0800] "GET /xingrg/check_reg.html?_=1710378179487 HTTP/1.1" 200 22
222.69.132.67 - - [14/Mar/2024:09:02:59 +0800] "GET /xingrg/all/function/internal_message.html?_=1710378179486&CODE_STATE=count HTTP/1.1" 200 11
222.69.132.67 - - [14/Mar/2024:09:02:59 +0800] "POST /xingrg/load_menu.html HTTP/1.1" 200 5138
61.170.233.77 - - [14/Mar/2024:09:03:07 +0800] "GET /xingrg/kc/buy/cgsh_order_operate.html?command=get_materiel&rest_code=00106&code=00101008038&supplier_code=00100008&order_time=2024-03-14 HTTP/1.1" 200 412
61.170.233.77 - - [14/Mar/2024:09:03:11 +0800] "GET /xingrg/all/function/internal_message.html?_=1710378190240&CODE_STATE=getMsg HTTP/1.1" 200 27
61.170.233.77 - - [14/Mar/2024:09:03:16 +0800] "GET /xingrg/kc/buy/cgsh_order_operate.html?command=get_materiel&rest_code=00106&code=00101008283&supplier_code=00100008&order_time=2024-03-14 HTTP/1.1" 200 408
58.40.7.146 - - [14/Mar/2024:09:03:16 +0800] "GET /xingrg/all/function/internal_message.html?_=1710378204194&CODE_STATE=getMsg HTTP/1.1" 302 -
218.79.29.78 - - [14/Mar/2024:09:03:18 +0800] "GET /xingrg/all/function/internal_message.html?_=1710378205744&CODE_STATE=getMsg HTTP/1.1" 200 27
218.79.29.78 - - [14/Mar/2024:09:03:18 +0800] "GET /xingrg/check_reg.html?_=1710378205740 HTTP/1.1" 200 22
180.169.147.146 - - [14/Mar/2024:09:03:18 +0800] "GET /xingrg/all/function/internal_message.html?_=1710378198075&CODE_STATE=getMsg HTTP/1.1" 200 27
116.238.97.31 - - [14/Mar/2024:09:03:23 +0800] "GET /xingrg/all/function/internal_message.html?_=1710378203393&CODE_STATE=getMsg HTTP/1.1" 200 27
180.163.28.109 - - [14/Mar/2024:09:03:26 +0800] "GET /xingrg/kc/buy/cgsh_order_operate.html?command=get_materiel&rest_code=00106&code=00101016080&supplier_code=00100096&order_time=2024-03-14 HTTP/1.1" 302 -
180.163.28.109 - - [14/Mar/2024:09:03:26 +0800] "GET /xingrg/login.html HTTP/1.1" 200 7641
114.83.220.119 - - [14/Mar/2024:09:03:38 +0800] "GET /xingrg/check_reg.html?_=1710378216329 HTTP/1.1" 200 22
114.83.220.119 - - [14/Mar/2024:09:03:38 +0800] "GET /xingrg/all/function/internal_message.html?_=1710378216333&CODE_STATE=getMsg HTTP/1.1" 200 27
180.169.147.146 - - [14/Mar/2024:09:03:38 +0800] "POST /xingrg/dwr/call/plaincall/AjaxReportQueryService.refreshCache.dwr HTTP/1.1" 200 78
180.169.147.146 - - [14/Mar/2024:09:03:41 +0800] "POST /xingrg/all/report/load_report_page.html HTTP/1.1" 200 53186
180.169.147.146 - - [14/Mar/2024:09:03:41 +0800] "GET /xingrg/servlets/image?cache=0.5367642990737531&image=px HTTP/1.1" 200 807
61.170.233.77 - - [14/Mar/2024:09:03:49 +0800] "GET /xingrg/kc/buy/cgsh_order_operate.html?command=get_materiel&rest_code=00106&code=00101008356&supplier_code=00100008&order_time=2024-03-14 HTTP/1.1" 200 408
172.20.0.100 - - [14/Mar/2024:09:03:52 +0800] "GET /xingrg/all/function/internal_message.html?_=1710378242722&CODE_STATE=getMsg HTTP/1.1" 200 27
221.239.169.251 - - [14/Mar/2024:09:03:55 +0800] "GET /xingrg/all/function/internal_message.html?_=1710378234004&CODE_STATE=getMsg HTTP/1.1" 302 -
116.224.254.208 - - [14/Mar/2024:09:03:56 +0800] "GET /xingrg/all/function/internal_message.html?_=1710378236167&CODE_STATE=getMsg HTTP/1.1" 200 27
124.77.241.8 - - [14/Mar/2024:09:03:56 +0800] "GET /xingrg/all/function/internal_message.html?_=1710378249938&CODE_STATE=getMsg HTTP/1.1" 200 27
222.69.132.67 - - [14/Mar/2024:09:03:59 +0800] "GET /xingrg/all/function/internal_message.html?_=1710378239514&CODE_STATE=getMsg HTTP/1.1" 200 27
180.169.147.146 - - [14/Mar/2024:09:04:03 +0800] "POST /xingrg/dwr/call/plaincall/AjaxReportQueryService.refreshCache.dwr HTTP/1.1" 200 78
61.170.233.77 - - [14/Mar/2024:09:04:04 +0800] "GET /xingrg/kc/buy/cgsh_order_operate.html?command=get_materiel&rest_code=00106&code=00101008251&supplier_code=00100008&order_time=2024-03-14 HTTP/1.1" 200 408
180.169.147.146 - - [14/Mar/2024:09:04:06 +0800] "POST /xingrg/all/report/load_report_page.html HTTP/1.1" 200 53153
180.169.147.146 - - [14/Mar/2024:09:04:06 +0800] "GET /xingrg/servlets/image?cache=0.9787386649342302&image=px HTTP/1.1" 200 807
61.170.233.77 - - [14/Mar/2024:09:04:11 +0800] "GET /xingrg/all/function/internal_message.html?_=1710378250235&CODE_STATE=getMsg HTTP/1.1" 200 27
58.40.7.146 - - [14/Mar/2024:09:04:16 +0800] "GET /xingrg/all/function/internal_message.html?_=1710378264185&CODE_STATE=getMsg HTTP/1.1" 302 -
180.163.29.206 - - [14/Mar/2024:09:04:16 +0800] "GET /xingrg/kc/buy/cgsh_order_operate.html?command=get_materiel&rest_code=00106&code=00101008283&supplier_code=00100008&order_time=2024-03-14 HTTP/1.1" 302 -
180.163.29.206 - - [14/Mar/2024:09:04:17 +0800] "GET /xingrg/login.html HTTP/1.1" 200 7641
218.79.29.78 - - [14/Mar/2024:09:04:18 +0800] "GET /xingrg/all/function/internal_message.html?_=1710378265731&CODE_STATE=getMsg HTTP/1.1" 200 27
180.169.147.146 - - [14/Mar/2024:09:04:18 +0800] "GET /xingrg/all/function/internal_message.html?_=1710378258067&CODE_STATE=getMsg HTTP/1.1" 200 27
116.238.97.31 - - [14/Mar/2024:09:04:21 +0800] "POST /xingrg/services/DataTransmitService HTTP/1.1" 200 524
61.170.233.77 - - [14/Mar/2024:09:04:22 +0800] "GET /xingrg/kc/buy/cgsh_order_operate.html?command=get_materiel&rest_code=00106&code=00101008137&supplier_code=00100008&order_time=2024-03-14 HTTP/1.1" 200 408
116.238.97.31 - - [14/Mar/2024:09:04:23 +0800] "GET /xingrg/all/function/internal_message.html?_=1710378263393&CODE_STATE=getMsg HTTP/1.1" 200 27
114.83.220.119 - - [14/Mar/2024:09:04:38 +0800] "GET /xingrg/all/function/internal_message.html?_=1710378276319&CODE_STATE=getMsg HTTP/1.1" 200 27
221.239.169.251 - - [14/Mar/2024:09:04:43 +0800] "GET /xingrg/check_reg.html?_=1710378282099 HTTP/1.1" 302 -
172.20.0.100 - - [14/Mar/2024:09:04:52 +0800] "GET /xingrg/all/function/internal_message.html?_=1710378302721&CODE_STATE=getMsg HTTP/1.1" 200 27
221.239.169.251 - - [14/Mar/2024:09:04:55 +0800] "GET /xingrg/all/function/internal_message.html?_=1710378294004&CODE_STATE=getMsg HTTP/1.1" 302 -
116.224.254.208 - - [14/Mar/2024:09:04:56 +0800] "GET /xingrg/all/function/internal_message.html?_=1710378296167&CODE_STATE=getMsg HTTP/1.1" 200 27
124.77.241.8 - - [14/Mar/2024:09:04:56 +0800] "GET /xingrg/all/function/internal_message.html?_=1710378309953&CODE_STATE=getMsg HTTP/1.1" 200 27
222.69.132.67 - - [14/Mar/2024:09:04:59 +0800] "GET /xingrg/all/function/internal_message.html?_=1710378299492&CODE_STATE=getMsg HTTP/1.1" 200 27
61.170.233.77 - - [14/Mar/2024:09:05:11 +0800] "GET /xingrg/all/function/internal_message.html?_=1710378310216&CODE_STATE=getMsg HTTP/1.1" 200 27
61.170.233.77 - - [14/Mar/2024:09:05:12 +0800] "GET /xingrg/kc/buy/cgsh_order_operate.html?command=get_materiel&rest_code=00106&code=00101008037&supplier_code=00100008&order_time=2024-03-14 HTTP/1.1" 200 413
58.40.7.146 - - [14/Mar/2024:09:05:16 +0800] "GET /xingrg/all/function/internal_message.html?_=1710378324176&CODE_STATE=getMsg HTTP/1.1" 302 -
218.79.29.78 - - [14/Mar/2024:09:05:18 +0800] "GET /xingrg/all/function/internal_message.html?_=1710378325732&CODE_STATE=getMsg HTTP/1.1" 200 27
180.169.147.146 - - [14/Mar/2024:09:05:18 +0800] "GET /xingrg/all/function/internal_message.html?_=1710378318063&CODE_STATE=getMsg HTTP/1.1" 200 27
180.163.28.114 - - [14/Mar/2024:09:05:19 +0800] "GET /xingrg/kc/buy/cgsh_order_operate.html?command=get_materiel&rest_code=00106&code=00101008137&supplier_code=00100008&order_time=2024-03-14 HTTP/1.1" 302 -
180.163.28.114 - - [14/Mar/2024:09:05:19 +0800] "GET /xingrg/login.html HTTP/1.1" 200 7641
116.238.97.31 - - [14/Mar/2024:09:05:23 +0800] "GET /xingrg/all/function/internal_message.html?_=1710378323381&CODE_STATE=getMsg HTTP/1.1" 200 27
61.170.233.77 - - [14/Mar/2024:09:05:26 +0800] "GET /xingrg/kc/buy/cgsh_order_operate.html?command=get_materiel&rest_code=00106&code=00101008213&supplier_code=00100008&order_time=2024-03-14 HTTP/1.1" 200 412
114.83.220.119 - - [14/Mar/2024:09:05:38 +0800] "GET /xingrg/all/function/internal_message.html?_=1710378336320&CODE_STATE=getMsg HTTP/1.1" 200 27
61.170.233.77 - - [14/Mar/2024:09:05:46 +0800] "GET /xingrg/kc/buy/cgsh_order_operate.html?command=get_materiel&rest_code=00106&code=00101008108&supplier_code=00100008&order_time=2024-03-14 HTTP/1.1" 200 412
172.20.0.100 - - [14/Mar/2024:09:05:52 +0800] "GET /xingrg/all/function/internal_message.html?_=1710378362748&CODE_STATE=getMsg HTTP/1.1" 200 27
124.77.241.8 - - [14/Mar/2024:09:05:54 +0800] "GET /xingrg/check_reg.html?_=1710378368319 HTTP/1.1" 200 22
221.239.169.251 - - [14/Mar/2024:09:05:55 +0800] "GET /xingrg/all/function/internal_message.html?_=1710378354004&CODE_STATE=getMsg HTTP/1.1" 302 -
116.224.254.208 - - [14/Mar/2024:09:05:56 +0800] "GET /xingrg/all/function/internal_message.html?_=1710378356168&CODE_STATE=getMsg HTTP/1.1" 200 27
124.77.241.8 - - [14/Mar/2024:09:05:56 +0800] "GET /xingrg/all/function/internal_message.html?_=1710378369969&CODE_STATE=getMsg HTTP/1.1" 200 27
61.170.233.77 - - [14/Mar/2024:09:05:58 +0800] "GET /xingrg/kc/buy/cgsh_order_operate.html?command=get_materiel&rest_code=00106&code=00101008051&supplier_code=00100008&order_time=2024-03-14 HTTP/1.1" 200 408
222.69.132.67 - - [14/Mar/2024:09:05:59 +0800] "GET /xingrg/all/function/internal_message.html?_=1710378359517&CODE_STATE=getMsg HTTP/1.1" 200 27
61.170.233.77 - - [14/Mar/2024:09:06:00 +0800] "GET /xingrg/check_reg.html?_=1710378359412 HTTP/1.1" 200 22
61.170.233.77 - - [14/Mar/2024:09:06:11 +0800] "GET /xingrg/all/function/internal_message.html?_=1710378370211&CODE_STATE=getMsg HTTP/1.1" 200 27
61.170.233.77 - - [14/Mar/2024:09:06:11 +0800] "GET /xingrg/kc/buy/cgsh_order_operate.html?command=get_materiel&rest_code=00106&code=00101008161&supplier_code=00100008&order_time=2024-03-14 HTTP/1.1" 200 409
180.163.30.100 - - [14/Mar/2024:09:06:12 +0800] "GET /xingrg/all/function/internal_message.html?_=1710378310216&CODE_STATE=getMsg HTTP/1.1" 302 -
180.163.30.100 - - [14/Mar/2024:09:06:12 +0800] "GET /xingrg/login.html HTTP/1.1" 200 7641
58.40.7.146 - - [14/Mar/2024:09:06:16 +0800] "GET /xingrg/check_reg.html?_=1710378384191 HTTP/1.1" 302 -
58.40.7.146 - - [14/Mar/2024:09:06:16 +0800] "GET /xingrg/all/function/internal_message.html?_=1710378384189&CODE_STATE=getMsg HTTP/1.1" 302 -
218.79.29.78 - - [14/Mar/2024:09:06:18 +0800] "GET /xingrg/all/function/internal_message.html?_=1710378385733&CODE_STATE=getMsg HTTP/1.1" 200 27
180.169.147.146 - - [14/Mar/2024:09:06:18 +0800] "GET /xingrg/check_reg.html?_=1710378378075 HTTP/1.1" 200 22
180.169.147.146 - - [14/Mar/2024:09:06:18 +0800] "GET /xingrg/all/function/internal_message.html?_=1710378378076&CODE_STATE=getMsg HTTP/1.1" 200 27
61.170.233.77 - - [14/Mar/2024:09:06:22 +0800] "POST /xingrg/kc/buy/cgsh_order_operate.html HTTP/1.1" 200 37
116.238.97.31 - - [14/Mar/2024:09:06:23 +0800] "GET /xingrg/all/function/internal_message.html?_=1710378383397&CODE_STATE=getMsg HTTP/1.1" 200 27
116.238.97.31 - - [14/Mar/2024:09:06:23 +0800] "GET /xingrg/check_reg.html?_=1710378383399 HTTP/1.1" 200 22
180.169.147.146 - - [14/Mar/2024:09:06:26 +0800] "POST /xingrg/all/user/operate.html HTTP/1.1" 200 36
180.169.147.146 - - [14/Mar/2024:09:06:26 +0800] "GET /xingrg/index.html?sysBaseUrl=http%3A%2F%2F180.169.147.146%3A18081%2Fxingrg%2F&costTime=899×tamp=1710378077761 HTTP/1.1" 200 17509
180.169.147.146 - - [14/Mar/2024:09:06:26 +0800] "GET /xingrg/javascript/jquery_easy_ui/themes/default/easyui.css HTTP/1.1" 304 -
180.169.147.146 - - [14/Mar/2024:09:06:26 +0800] "GET /xingrg/javascript/jquery_easy_ui/themes/icon.css HTTP/1.1" 304 -
180.169.147.146 - - [14/Mar/2024:09:06:26 +0800] "GET /xingrg/css/form.css HTTP/1.1" 304 -
180.169.147.146 - - [14/Mar/2024:09:06:26 +0800] "GET /xingrg/javascript/jquery-1.4.2.min.js HTTP/1.1" 304 -
180.169.147.146 - - [14/Mar/2024:09:06:26 +0800] "GET /xingrg/javascript/jquery_easy_ui/jquery.easyui.min.js HTTP/1.1" 304 -
180.169.147.146 - - [14/Mar/2024:09:06:26 +0800] "GET /xingrg/javascript/jquery_easy_ui/easyui-lang-zh_CN.js HTTP/1.1" 304 -
180.169.147.146 - - [14/Mar/2024:09:06:26 +0800] "GET /xingrg/javascript/jquery.form.js HTTP/1.1" 304 -
180.169.147.146 - - [14/Mar/2024:09:06:26 +0800] "GET /xingrg/javascript/jquery.utils.js HTTP/1.1" 304 -
180.169.147.146 - - [14/Mar/2024:09:06:26 +0800] "GET /xingrg/javascript/jquery.timers.js HTTP/1.1" 304 -
180.169.147.146 - - [14/Mar/2024:09:06:26 +0800] "GET /xingrg/images/blue/jxLogo.png HTTP/1.1" 304 -
180.169.147.146 - - [14/Mar/2024:09:06:26 +0800] "GET /xingrg/images/blue/navBackgound.jpg HTTP/1.1" 304 -
180.169.147.146 - - [14/Mar/2024:09:06:26 +0800] "GET /xingrg/javascript/jquery_easy_ui/themes/icons/settle_new.png HTTP/1.1" 304 -
180.169.147.146 - - [14/Mar/2024:09:06:26 +0800] "GET /xingrg/check_reg.html?_=1710378386798 HTTP/1.1" 200 22
180.169.147.146 - - [14/Mar/2024:09:06:26 +0800] "GET /xingrg/all/function/internal_message.html?_=1710378386797&CODE_STATE=count HTTP/1.1" 200 11
180.169.147.146 - - [14/Mar/2024:09:06:26 +0800] "GET /xingrg/javascript/jquery_easy_ui/themes/default/images/tabs_leftarrow.png HTTP/1.1" 304 -
180.169.147.146 - - [14/Mar/2024:09:06:26 +0800] "GET /xingrg/javascript/jquery_easy_ui/themes/default/images/panel_tool_expand.gif HTTP/1.1" 304 -
180.169.147.146 - - [14/Mar/2024:09:06:26 +0800] "GET /xingrg/javascript/jquery_easy_ui/themes/default/images/panel_tool_collapse.gif HTTP/1.1" 304 -
180.169.147.146 - - [14/Mar/2024:09:06:26 +0800] "GET /xingrg/images/blue/pingpu.png HTTP/1.1" 304 -
180.169.147.146 - - [14/Mar/2024:09:06:26 +0800] "GET /xingrg/javascript/jquery_easy_ui/themes/default/images/tabs_rightarrow.png HTTP/1.1" 304 -
180.169.147.146 - - [14/Mar/2024:09:06:26 +0800] "POST /xingrg/all/common/load_tree.html?tree=area_rest_tree_json&manage=1 HTTP/1.1" 200 3624
180.169.147.146 - - [14/Mar/2024:09:06:27 +0800] "POST /xingrg/load_menu.html HTTP/1.1" 200 9959
180.169.147.146 - - [14/Mar/2024:09:06:30 +0800] "GET /xingrg/kc/buy/cgsh_order_list.html HTTP/1.1" 200 58141
180.169.147.146 - - [14/Mar/2024:09:06:33 +0800] "POST /xingrg/kc/buy/cgsh_list_operate.html HTTP/1.1" 200 645
180.169.147.146 - - [14/Mar/2024:09:06:37 +0800] "GET /xingrg/javascript/jquery_tools/images/next.gif HTTP/1.1" 404 1086
180.169.147.146 - - [14/Mar/2024:09:06:37 +0800] "GET /xingrg/javascript/jquery_tools/images/prev.gif HTTP/1.1" 404 1086
114.83.220.119 - - [14/Mar/2024:09:06:38 +0800] "GET /xingrg/all/function/internal_message.html?_=1710378396321&CODE_STATE=getMsg HTTP/1.1" 200 27
180.169.147.146 - - [14/Mar/2024:09:06:45 +0800] "POST /xingrg/kc/buy/cgsh_list_operate.html HTTP/1.1" 200 4417
180.169.147.146 - - [14/Mar/2024:09:06:49 +0800] "POST /xingrg/kc/buy/cgsh_list_operate.html HTTP/1.1" 200 570
180.169.147.146 - - [14/Mar/2024:09:06:51 +0800] "GET /xingrg/kc/buy/cgsh_order_info.html?code=212024030802128 HTTP/1.1" 200 68821
180.169.147.146 - - [14/Mar/2024:09:06:51 +0800] "GET /xingrg/words/20240312190758_words.js HTTP/1.1" 200 1015516
180.169.147.146 - - [14/Mar/2024:09:06:52 +0800] "GET /xingrg/javascript/easyui/themes/default/validatebox.css HTTP/1.1" 404 1104
172.20.0.100 - - [14/Mar/2024:09:06:52 +0800] "GET /xingrg/all/function/internal_message.html?_=1710378422746&CODE_STATE=getMsg HTTP/1.1" 200 27
180.169.147.146 - - [14/Mar/2024:09:06:53 +0800] "POST /xingrg/kc/buy/cgsh_order_operate.html HTTP/1.1" 200 32505
221.239.169.251 - - [14/Mar/2024:09:06:55 +0800] "GET /xingrg/all/function/internal_message.html?_=1710378414010&CODE_STATE=getMsg HTTP/1.1" 302 -
116.224.254.208 - - [14/Mar/2024:09:06:56 +0800] "GET /xingrg/all/function/internal_message.html?_=1710378416170&CODE_STATE=getMsg HTTP/1.1" 200 27
124.77.241.8 - - [14/Mar/2024:09:06:56 +0800] "GET /xingrg/all/function/internal_message.html?_=1710378429980&CODE_STATE=getMsg HTTP/1.1" 200 27
222.69.132.67 - - [14/Mar/2024:09:06:59 +0800] "GET /xingrg/all/function/internal_message.html?_=1710378419506&CODE_STATE=getMsg HTTP/1.1" 200 27
180.169.147.146 - - [14/Mar/2024:09:07:12 +0800] "POST /xingrg/kc/buy/cgsh_order_operate.html HTTP/1.1" 200 12
58.40.7.146 - - [14/Mar/2024:09:07:16 +0800] "GET /xingrg/all/function/internal_message.html?_=1710378444190&CODE_STATE=getMsg HTTP/1.1" 302 -
218.79.29.78 - - [14/Mar/2024:09:07:18 +0800] "GET /xingrg/all/function/internal_message.html?_=1710378445733&CODE_STATE=getMsg HTTP/1.1" 200 27
116.238.97.31 - - [14/Mar/2024:09:07:23 +0800] "GET /xingrg/all/function/internal_message.html?_=1710378443393&CODE_STATE=getMsg HTTP/1.1" 200 27
114.83.220.119 - - [14/Mar/2024:09:07:38 +0800] "GET /xingrg/all/function/internal_message.html?_=1710378456322&CODE_STATE=getMsg HTTP/1.1" 200 27
172.20.0.100 - - [14/Mar/2024:09:07:52 +0800] "GET /xingrg/all/function/internal_message.html?_=1710378482760&CODE_STATE=getMsg HTTP/1.1" 200 27
172.20.0.100 - - [14/Mar/2024:09:07:52 +0800] "GET /xingrg/check_reg.html?_=1710378482761 HTTP/1.1" 200 22
180.169.147.146 - - [14/Mar/2024:09:07:53 +0800] "GET /xingrg/all/function/internal_message.html?_=1710378473309&CODE_STATE=getMsg HTTP/1.1" 200 27
180.169.147.146 - - [14/Mar/2024:09:07:54 +0800] "GET /xingrg/kc/buy/cgsh_order_info.html?code=212024030802128 HTTP/1.1" 200 73664
180.169.147.146 - - [14/Mar/2024:09:07:54 +0800] "GET /xingrg/javascript/easyui/themes/icons/template_new.png HTTP/1.1" 200 3956
180.169.147.146 - - [14/Mar/2024:09:07:54 +0800] "GET /xingrg/javascript/easyui/themes/default/validatebox.css HTTP/1.1" 404 1104
180.169.147.146 - - [14/Mar/2024:09:07:54 +0800] "GET /xingrg/all/common/auto_word.html?type=employee&rest_code=00141 HTTP/1.1" 200 201
180.169.147.146 - - [14/Mar/2024:09:07:54 +0800] "GET /xingrg/all/common/auto_word.html?type=employee&rest_code=00141 HTTP/1.1" 200 201
180.169.147.146 - - [14/Mar/2024:09:07:55 +0800] "POST /xingrg/kc/buy/cgsh_order_operate.html HTTP/1.1" 200 34567
221.239.169.251 - - [14/Mar/2024:09:07:55 +0800] "GET /xingrg/all/function/internal_message.html?_=1710378473998&CODE_STATE=getMsg HTTP/1.1" 302 -
116.224.254.208 - - [14/Mar/2024:09:07:56 +0800] "GET /xingrg/check_reg.html?_=1710378476157 HTTP/1.1" 200 22
116.224.254.208 - - [14/Mar/2024:09:07:56 +0800] "GET /xingrg/all/function/internal_message.html?_=1710378476162&CODE_STATE=getMsg HTTP/1.1" 200 27
124.77.241.8 - - [14/Mar/2024:09:07:56 +0800] "GET /xingrg/all/function/internal_message.html?_=1710378489993&CODE_STATE=getMsg HTTP/1.1" 200 27
180.169.147.146 - - [14/Mar/2024:09:07:56 +0800] "GET /xingrg/javascript/auto/indicator.gif HTTP/1.1" 404 1066
222.69.132.67 - - [14/Mar/2024:09:07:59 +0800] "GET /xingrg/check_reg.html?_=1710378479506 HTTP/1.1" 200 22
222.69.132.67 - - [14/Mar/2024:09:07:59 +0800] "GET /xingrg/all/function/internal_message.html?_=1710378479510&CODE_STATE=getMsg HTTP/1.1" 200 27
180.169.147.146 - - [14/Mar/2024:09:08:06 +0800] "POST /xingrg/kc/buy/cgsh_order_operate.html HTTP/1.1" 200 37
58.40.7.146 - - [14/Mar/2024:09:08:16 +0800] "GET /xingrg/all/function/internal_message.html?_=1710378504190&CODE_STATE=getMsg HTTP/1.1" 302 -
180.169.147.146 - - [14/Mar/2024:09:08:16 +0800] "POST /xingrg/kc/buy/cgsh_order_operate.html HTTP/1.1" 200 12
218.79.29.78 - - [14/Mar/2024:09:08:18 +0800] "GET /xingrg/all/function/internal_message.html?_=1710378505736&CODE_STATE=getMsg HTTP/1.1" 200 27
218.79.29.78 - - [14/Mar/2024:09:08:18 +0800] "GET /xingrg/check_reg.html?_=1710378505739 HTTP/1.1" 200 22
116.238.97.31 - - [14/Mar/2024:09:08:23 +0800] "GET /xingrg/all/function/internal_message.html?_=1710378503386&CODE_STATE=getMsg HTTP/1.1" 200 27
180.169.147.146 - - [14/Mar/2024:09:08:25 +0800] "GET /xingrg/kc/buy/cgsh_order_info.html?code=212024030802128 HTTP/1.1" 200 68819
180.169.147.146 - - [14/Mar/2024:09:08:25 +0800] "GET /xingrg/javascript/easyui/themes/default/validatebox.css HTTP/1.1" 404 1104
180.169.147.146 - - [14/Mar/2024:09:08:26 +0800] "POST /xingrg/kc/buy/cgsh_order_operate.html HTTP/1.1" 200 32505
114.83.220.119 - - [14/Mar/2024:09:08:38 +0800] "GET /xingrg/all/function/internal_message.html?_=1710378516322&CODE_STATE=getMsg HTTP/1.1" 200 27
114.83.220.119 - - [14/Mar/2024:09:08:38 +0800] "GET /xingrg/check_reg.html?_=1710378516326 HTTP/1.1" 200 22
172.20.0.100 - - [14/Mar/2024:09:08:52 +0800] "GET /xingrg/all/function/internal_message.html?_=1710378542759&CODE_STATE=getMsg HTTP/1.1" 200 27
180.169.147.146 - - [14/Mar/2024:09:08:53 +0800] "GET /xingrg/all/function/internal_message.html?_=1710378533294&CODE_STATE=getMsg HTTP/1.1" 200 27
221.239.169.251 - - [14/Mar/2024:09:08:55 +0800] "GET /xingrg/all/function/internal_message.html?_=1710378534023&CODE_STATE=getMsg HTTP/1.1" 302 -
116.224.254.208 - - [14/Mar/2024:09:08:56 +0800] "GET /xingrg/all/function/internal_message.html?_=1710378536171&CODE_STATE=getMsg HTTP/1.1" 200 27
124.77.241.8 - - [14/Mar/2024:09:08:56 +0800] "GET /xingrg/all/function/internal_message.html?_=1710378550040&CODE_STATE=getMsg HTTP/1.1" 200 27
222.69.132.67 - - [14/Mar/2024:09:08:59 +0800] "GET /xingrg/all/function/internal_message.html?_=1710378539515&CODE_STATE=getMsg HTTP/1.1" 200 27
61.170.233.77 - - [14/Mar/2024:09:09:00 +0800] "POST /xingrg/kc/buy/cgsh_order_operate.html HTTP/1.1" 200 9739
180.163.28.109 - - [14/Mar/2024:09:09:01 +0800] "GET /xingrg/check_reg.html?_=1710377759444 HTTP/1.1" 302 -
180.163.28.109 - - [14/Mar/2024:09:09:01 +0800] "GET /xingrg/login.html HTTP/1.1" 200 7641
61.170.233.77 - - [14/Mar/2024:09:09:11 +0800] "GET /xingrg/all/function/internal_message.html?_=1710378550208&CODE_STATE=getMsg HTTP/1.1" 200 27
58.40.7.146 - - [14/Mar/2024:09:09:16 +0800] "GET /xingrg/all/function/internal_message.html?_=1710378564189&CODE_STATE=getMsg HTTP/1.1" 302 -
218.79.29.78 - - [14/Mar/2024:09:09:18 +0800] "GET /xingrg/all/function/internal_message.html?_=1710378565739&CODE_STATE=getMsg HTTP/1.1" 200 27
116.238.97.31 - - [14/Mar/2024:09:09:23 +0800] "GET /xingrg/all/function/internal_message.html?_=1710378563384&CODE_STATE=getMsg HTTP/1.1" 200 27
114.83.220.119 - - [14/Mar/2024:09:09:38 +0800] "GET /xingrg/all/function/internal_message.html?_=1710378576326&CODE_STATE=getMsg HTTP/1.1" 200 27
221.239.169.251 - - [14/Mar/2024:09:09:43 +0800] "GET /xingrg/check_reg.html?_=1710378582107 HTTP/1.1" 302 -
172.20.0.100 - - [14/Mar/2024:09:09:52 +0800] "GET /xingrg/all/function/internal_message.html?_=1710378602757&CODE_STATE=getMsg HTTP/1.1" 200 27
180.169.147.146 - - [14/Mar/2024:09:09:53 +0800] "GET /xingrg/all/function/internal_message.html?_=1710378593270&CODE_STATE=getMsg HTTP/1.1" 200 27
221.239.169.251 - - [14/Mar/2024:09:09:55 +0800] "GET /xingrg/all/function/internal_message.html?_=1710378594036&CODE_STATE=getMsg HTTP/1.1" 302 -
116.224.254.208 - - [14/Mar/2024:09:09:56 +0800] "GET /xingrg/all/function/internal_message.html?_=1710378596164&CODE_STATE=getMsg HTTP/1.1" 200 27
124.77.241.8 - - [14/Mar/2024:09:09:56 +0800] "GET /xingrg/all/function/internal_message.html?_=1710378610052&CODE_STATE=getMsg HTTP/1.1" 200 27
222.69.132.67 - - [14/Mar/2024:09:09:59 +0800] "GET /xingrg/all/function/internal_message.html?_=1710378599517&CODE_STATE=getMsg HTTP/1.1" 200 27
61.170.233.77 - - [14/Mar/2024:09:10:11 +0800] "GET /xingrg/all/function/internal_message.html?_=1710378610169&CODE_STATE=getMsg HTTP/1.1" 200 27
180.169.147.146 - - [14/Mar/2024:09:10:12 +0800] "POST /xingrg/all/user/operate.html HTTP/1.1" 200 36
180.169.147.146 - - [14/Mar/2024:09:10:12 +0800] "GET /xingrg/index.html?sysBaseUrl=http%3A%2F%2F180.169.147.146%3A18081%2Fxingrg%2F&costTime=899×tamp=1710378077761 HTTP/1.1" 200 17503
180.169.147.146 - - [14/Mar/2024:09:10:12 +0800] "GET /xingrg/javascript/jquery_easy_ui/themes/default/easyui.css HTTP/1.1" 304 -
180.169.147.146 - - [14/Mar/2024:09:10:12 +0800] "GET /xingrg/javascript/jquery_easy_ui/themes/icon.css HTTP/1.1" 304 -
180.169.147.146 - - [14/Mar/2024:09:10:12 +0800] "GET /xingrg/css/form.css HTTP/1.1" 304 -
180.169.147.146 - - [14/Mar/2024:09:10:12 +0800] "GET /xingrg/javascript/jquery-1.4.2.min.js HTTP/1.1" 304 -
180.169.147.146 - - [14/Mar/2024:09:10:12 +0800] "GET /xingrg/javascript/jquery_easy_ui/jquery.easyui.min.js HTTP/1.1" 304 -
180.169.147.146 - - [14/Mar/2024:09:10:12 +0800] "GET /xingrg/javascript/jquery_easy_ui/easyui-lang-zh_CN.js HTTP/1.1" 304 -
180.169.147.146 - - [14/Mar/2024:09:10:12 +0800] "GET /xingrg/javascript/jquery.form.js HTTP/1.1" 304 -
180.169.147.146 - - [14/Mar/2024:09:10:12 +0800] "GET /xingrg/javascript/jquery.utils.js HTTP/1.1" 304 -
180.169.147.146 - - [14/Mar/2024:09:10:12 +0800] "GET /xingrg/javascript/jquery.timers.js HTTP/1.1" 304 -
180.169.147.146 - - [14/Mar/2024:09:10:12 +0800] "GET /xingrg/images/blue/jxLogo.png HTTP/1.1" 304 -
180.169.147.146 - - [14/Mar/2024:09:10:12 +0800] "GET /xingrg/images/blue/navBackgound.jpg HTTP/1.1" 304 -
180.169.147.146 - - [14/Mar/2024:09:10:12 +0800] "GET /xingrg/javascript/jquery_easy_ui/themes/icons/settle_new.png HTTP/1.1" 304 -
180.169.147.146 - - [14/Mar/2024:09:10:12 +0800] "GET /xingrg/all/function/internal_message.html?_=1710378612522&CODE_STATE=count HTTP/1.1" 200 11
180.169.147.146 - - [14/Mar/2024:09:10:12 +0800] "GET /xingrg/check_reg.html?_=1710378612523 HTTP/1.1" 200 22
180.169.147.146 - - [14/Mar/2024:09:10:12 +0800] "GET /xingrg/javascript/jquery_easy_ui/themes/default/images/tabs_rightarrow.png HTTP/1.1" 304 -
180.169.147.146 - - [14/Mar/2024:09:10:12 +0800] "GET /xingrg/javascript/jquery_easy_ui/themes/default/images/panel_tool_expand.gif HTTP/1.1" 304 -
180.169.147.146 - - [14/Mar/2024:09:10:12 +0800] "GET /xingrg/javascript/jquery_easy_ui/themes/default/images/panel_tool_collapse.gif HTTP/1.1" 304 -
180.169.147.146 - - [14/Mar/2024:09:10:12 +0800] "GET /xingrg/javascript/jquery_easy_ui/themes/default/images/tabs_leftarrow.png HTTP/1.1" 304 -
180.169.147.146 - - [14/Mar/2024:09:10:12 +0800] "GET /xingrg/images/blue/pingpu.png HTTP/1.1" 304 -
180.169.147.146 - - [14/Mar/2024:09:10:12 +0800] "POST /xingrg/all/common/load_tree.html?tree=area_rest_tree_json&manage=1 HTTP/1.1" 200 3624
180.169.147.146 - - [14/Mar/2024:09:10:12 +0800] "POST /xingrg/load_menu.html HTTP/1.1" 200 11564
101.93.221.95 - - [14/Mar/2024:09:10:13 +0800] "POST /xingrg/services/DataTransmitService HTTP/1.1" 200 524
180.169.147.146 - - [14/Mar/2024:09:10:13 +0800] "GET /xingrg/kc/report/report_main.html HTTP/1.1" 200 8599
180.169.147.146 - - [14/Mar/2024:09:10:15 +0800] "GET /xingrg/all/report/report_query.html?fileName=kc/buy/gys_amount_base_rest.xml HTTP/1.1" 200 51664
180.169.147.146 - - [14/Mar/2024:09:10:15 +0800] "GET /xingrg/dwr/interface/AjaxReportQueryService.js HTTP/1.1" 200 13203
180.169.147.146 - - [14/Mar/2024:09:10:15 +0800] "GET /xingrg/dwr/engine.js HTTP/1.1" 200 43631
180.169.147.146 - - [14/Mar/2024:09:10:15 +0800] "POST /xingrg/dwr/call/plaincall/AjaxReportQueryService.getFixDate.dwr HTTP/1.1" 200 111
180.169.147.146 - - [14/Mar/2024:09:10:16 +0800] "POST /xingrg/all/common/load_tree.html?tree=area_rest_tree_json&manage=1 HTTP/1.1" 200 3624
58.40.7.146 - - [14/Mar/2024:09:10:16 +0800] "GET /xingrg/all/function/internal_message.html?_=1710378624190&CODE_STATE=getMsg HTTP/1.1" 302 -
180.169.147.146 - - [14/Mar/2024:09:10:16 +0800] "POST /xingrg/all/common/load_tree.html?tree=supplier_tree_json&manage=1 HTTP/1.1" 200 81197
180.163.28.55 - - [14/Mar/2024:09:10:17 +0800] "GET /xingrg/all/function/internal_message.html?_=1710378550208&CODE_STATE=getMsg HTTP/1.1" 302 -
