116.232.194.112 - - [14/Mar/2024:09:55:46 +0800] "GET /xingrg/kc/buy/cgsh_order_list.html HTTP/1.1" 200 57886
116.232.194.112 - - [14/Mar/2024:09:55:49 +0800] "POST /xingrg/kc/buy/cgsh_list_operate.html HTTP/1.1" 200 645
172.20.0.100 - - [14/Mar/2024:09:55:52 +0800] "GET /xingrg/all/function/internal_message.html?_=1710381362948&CODE_STATE=getMsg HTTP/1.1" 200 27
124.77.241.8 - - [14/Mar/2024:09:55:54 +0800] "GET /xingrg/check_reg.html?_=1710381368714 HTTP/1.1" 200 22
221.239.169.251 - - [14/Mar/2024:09:55:55 +0800] "GET /xingrg/all/function/internal_message.html?_=1710381354070&CODE_STATE=getMsg HTTP/1.1" 302 -
180.164.1.25 - - [14/Mar/2024:09:55:56 +0800] "GET /xingrg/all/function/internal_message.html?_=1710381354985&CODE_STATE=getMsg HTTP/1.1" 200 27
124.77.241.8 - - [14/Mar/2024:09:55:57 +0800] "GET /xingrg/all/function/internal_message.html?_=1710381370957&CODE_STATE=getMsg HTTP/1.1" 200 27
116.232.194.112 - - [14/Mar/2024:09:55:57 +0800] "GET /xingrg/javascript/auto/indicator.gif HTTP/1.1" 404 1066
180.169.147.146 - - [14/Mar/2024:09:55:57 +0800] "GET /xingrg/all/function/internal_message.html?_=1710381357530&CODE_STATE=getMsg HTTP/1.1" 200 27
180.169.147.146 - - [14/Mar/2024:09:55:57 +0800] "GET /xingrg/check_reg.html?_=1710381357538 HTTP/1.1" 200 22
114.89.91.180 - - [14/Mar/2024:09:55:58 +0800] "GET /xingrg/all/function/internal_message.html?_=1710381357963&CODE_STATE=getMsg HTTP/1.1" 200 27
180.164.1.25 - - [14/Mar/2024:09:55:59 +0800] "GET /xingrg/kc/buy/cgsh_order_operate.html?command=get_materiel&rest_code=00108&code=00101007049&supplier_code=00100002&order_time=2024-03-14 HTTP/1.1" 200 409
222.69.132.67 - - [14/Mar/2024:09:55:59 +0800] "GET /xingrg/all/function/internal_message.html?_=1710381359504&CODE_STATE=getMsg HTTP/1.1" 200 27
61.170.233.77 - - [14/Mar/2024:09:56:00 +0800] "GET /xingrg/check_reg.html?_=1710381359265 HTTP/1.1" 200 22
114.83.220.119 - - [14/Mar/2024:09:56:01 +0800] "GET /xingrg/all/function/internal_message.html?_=1710381359571&CODE_STATE=getMsg HTTP/1.1" 200 27
180.163.29.103 - - [14/Mar/2024:09:56:02 +0800] "GET /xingrg/check_reg.html?_=1710379559344 HTTP/1.1" 302 -
180.163.29.103 - - [14/Mar/2024:09:56:02 +0800] "GET /xingrg/login.html HTTP/1.1" 200 7641
116.232.194.112 - - [14/Mar/2024:09:56:04 +0800] "POST /xingrg/kc/buy/cgsh_list_operate.html HTTP/1.1" 200 2266
61.170.233.77 - - [14/Mar/2024:09:56:10 +0800] "GET /xingrg/all/function/internal_message.html?_=1710381369080&CODE_STATE=getMsg HTTP/1.1" 200 27
58.40.7.146 - - [14/Mar/2024:09:56:16 +0800] "GET /xingrg/check_reg.html?_=1710381384188 HTTP/1.1" 302 -
58.40.7.146 - - [14/Mar/2024:09:56:16 +0800] "GET /xingrg/all/function/internal_message.html?_=1710381384190&CODE_STATE=getMsg HTTP/1.1" 302 -
116.238.97.31 - - [14/Mar/2024:09:56:17 +0800] "GET /xingrg/all/function/internal_message.html?_=1710381378299&CODE_STATE=getMsg HTTP/1.1" 200 27
218.79.29.78 - - [14/Mar/2024:09:56:18 +0800] "GET /xingrg/all/function/internal_message.html?_=1710381385775&CODE_STATE=getMsg HTTP/1.1" 200 27
180.164.1.25 - - [14/Mar/2024:09:56:18 +0800] "GET /xingrg/kc/buy/cgsh_order_operate.html?command=get_materiel&rest_code=00108&code=00101007072&supplier_code=00100002&order_time=2024-03-14 HTTP/1.1" 200 419
116.224.254.208 - - [14/Mar/2024:09:56:22 +0800] "GET /xingrg/javascript/jquery_easy_ui/themes/default/images/tabs_active.png HTTP/1.1" 200 2894
180.163.30.85 - - [14/Mar/2024:09:56:24 +0800] "GET /xingrg/all/function/internal_message.html?_=1710379629753&CODE_STATE=getMsg HTTP/1.1" 302 -
180.163.30.85 - - [14/Mar/2024:09:56:24 +0800] "GET /xingrg/login.html HTTP/1.1" 200 7641
101.83.145.37 - - [14/Mar/2024:09:56:28 +0800] "GET /xingrg/check_reg.html?_=1710381389917 HTTP/1.1" 200 22
101.83.145.37 - - [14/Mar/2024:09:56:28 +0800] "GET /xingrg/all/function/internal_message.html?_=1710381389920&CODE_STATE=getMsg HTTP/1.1" 200 27
116.224.254.208 - - [14/Mar/2024:09:56:29 +0800] "GET /xingrg/all/function/internal_message.html?_=1710381389574&CODE_STATE=getMsg HTTP/1.1" 200 27
180.164.1.25 - - [14/Mar/2024:09:56:30 +0800] "GET /xingrg/kc/buy/cgsh_order_operate.html?command=get_materiel&rest_code=00108&code=00101007076&supplier_code=00100002&order_time=2024-03-14 HTTP/1.1" 200 408
180.169.147.146 - - [14/Mar/2024:09:56:32 +0800] "GET /xingrg/all/function/internal_message.html?_=1710381391046&CODE_STATE=getMsg HTTP/1.1" 200 27
116.232.194.112 - - [14/Mar/2024:09:56:41 +0800] "GET /xingrg/all/function/internal_message.html?_=1710381378480&CODE_STATE=getMsg HTTP/1.1" 200 27
180.164.1.25 - - [14/Mar/2024:09:56:42 +0800] "POST /xingrg/kc/buy/cgsh_order_operate.html HTTP/1.1" 200 37
180.164.1.25 - - [14/Mar/2024:09:56:50 +0800] "POST /xingrg/kc/buy/cgsh_order_operate.html HTTP/1.1" 200 3842
180.164.1.25 - - [14/Mar/2024:09:56:52 +0800] "GET /xingrg/kc/print/load_data.html?order_code=212024031404010&kc_code=cgsh&condition= HTTP/1.1" 200 1203
172.20.0.100 - - [14/Mar/2024:09:56:52 +0800] "GET /xingrg/all/function/internal_message.html?_=1710381422948&CODE_STATE=getMsg HTTP/1.1" 200 27
221.239.169.251 - - [14/Mar/2024:09:56:55 +0800] "GET /xingrg/all/function/internal_message.html?_=1710381414076&CODE_STATE=getMsg HTTP/1.1" 302 -
180.164.1.25 - - [14/Mar/2024:09:56:56 +0800] "GET /xingrg/all/function/internal_message.html?_=1710381414986&CODE_STATE=getMsg HTTP/1.1" 200 27
124.77.241.8 - - [14/Mar/2024:09:56:57 +0800] "GET /xingrg/all/function/internal_message.html?_=1710381430972&CODE_STATE=getMsg HTTP/1.1" 200 27
180.169.147.146 - - [14/Mar/2024:09:56:57 +0800] "GET /xingrg/all/function/internal_message.html?_=1710381417537&CODE_STATE=getMsg HTTP/1.1" 200 27
114.89.91.180 - - [14/Mar/2024:09:56:58 +0800] "GET /xingrg/all/function/internal_message.html?_=1710381417952&CODE_STATE=getMsg HTTP/1.1" 200 27
114.89.91.180 - - [14/Mar/2024:09:56:58 +0800] "GET /xingrg/check_reg.html?_=1710381417955 HTTP/1.1" 200 22
222.69.132.67 - - [14/Mar/2024:09:56:59 +0800] "GET /xingrg/all/function/internal_message.html?_=1710381419504&CODE_STATE=getMsg HTTP/1.1" 200 27
114.83.220.119 - - [14/Mar/2024:09:57:01 +0800] "GET /xingrg/all/function/internal_message.html?_=1710381419555&CODE_STATE=getMsg HTTP/1.1" 200 27
180.164.1.25 - - [14/Mar/2024:09:57:06 +0800] "GET /xingrg/kc/buy/cgsh_order_add.html HTTP/1.1" 200 73747
180.164.1.25 - - [14/Mar/2024:09:57:06 +0800] "POST /xingrg/kc/buy/cgsh_order_operate.html HTTP/1.1" 200 8245
180.164.1.25 - - [14/Mar/2024:09:57:06 +0800] "GET /xingrg/javascript/easyui/themes/default/validatebox.css HTTP/1.1" 404 1104
61.170.233.77 - - [14/Mar/2024:09:57:10 +0800] "GET /xingrg/all/function/internal_message.html?_=1710381429051&CODE_STATE=getMsg HTTP/1.1" 200 27
58.40.7.146 - - [14/Mar/2024:09:57:16 +0800] "GET /xingrg/all/function/internal_message.html?_=1710381444188&CODE_STATE=getMsg HTTP/1.1" 302 -
116.238.97.31 - - [14/Mar/2024:09:57:17 +0800] "GET /xingrg/all/function/internal_message.html?_=1710381438299&CODE_STATE=getMsg HTTP/1.1" 200 27
218.79.29.78 - - [14/Mar/2024:09:57:18 +0800] "GET /xingrg/all/function/internal_message.html?_=1710381445775&CODE_STATE=getMsg HTTP/1.1" 200 27
101.83.145.37 - - [14/Mar/2024:09:57:28 +0800] "GET /xingrg/all/function/internal_message.html?_=1710381449920&CODE_STATE=getMsg HTTP/1.1" 200 27
116.224.254.208 - - [14/Mar/2024:09:57:29 +0800] "GET /xingrg/all/function/internal_message.html?_=1710381449584&CODE_STATE=getMsg HTTP/1.1" 200 27
116.224.254.208 - - [14/Mar/2024:09:57:29 +0800] "GET /xingrg/check_reg.html?_=1710381449586 HTTP/1.1" 200 22
180.169.147.146 - - [14/Mar/2024:09:57:32 +0800] "GET /xingrg/all/function/internal_message.html?_=1710381451043&CODE_STATE=getMsg HTTP/1.1" 200 27
116.232.194.112 - - [14/Mar/2024:09:57:41 +0800] "GET /xingrg/all/function/internal_message.html?_=1710381438462&CODE_STATE=getMsg HTTP/1.1" 200 27
116.232.194.112 - - [14/Mar/2024:09:57:42 +0800] "POST /xingrg/kc/buy/cgsh_list_operate.html HTTP/1.1" 200 4685
172.20.0.100 - - [14/Mar/2024:09:57:52 +0800] "GET /xingrg/all/function/internal_message.html?_=1710381482947&CODE_STATE=getMsg HTTP/1.1" 200 27
172.20.0.100 - - [14/Mar/2024:09:57:52 +0800] "GET /xingrg/check_reg.html?_=1710381482948 HTTP/1.1" 200 22
116.232.194.112 - - [14/Mar/2024:09:57:53 +0800] "POST /xingrg/kc/buy/cgsh_list_operate.html HTTP/1.1" 200 7604
221.239.169.251 - - [14/Mar/2024:09:57:55 +0800] "GET /xingrg/all/function/internal_message.html?_=1710381474061&CODE_STATE=getMsg HTTP/1.1" 302 -
180.164.1.25 - - [14/Mar/2024:09:57:56 +0800] "GET /xingrg/all/function/internal_message.html?_=1710381475000&CODE_STATE=getMsg HTTP/1.1" 200 27
124.77.241.8 - - [14/Mar/2024:09:57:57 +0800] "GET /xingrg/all/function/internal_message.html?_=1710381490985&CODE_STATE=getMsg HTTP/1.1" 200 27
180.169.147.146 - - [14/Mar/2024:09:57:57 +0800] "GET /xingrg/all/function/internal_message.html?_=1710381477543&CODE_STATE=getMsg HTTP/1.1" 200 27
114.89.91.180 - - [14/Mar/2024:09:57:58 +0800] "GET /xingrg/all/function/internal_message.html?_=1710381477965&CODE_STATE=getMsg HTTP/1.1" 200 27
222.69.132.67 - - [14/Mar/2024:09:57:59 +0800] "GET /xingrg/all/function/internal_message.html?_=1710381479504&CODE_STATE=getMsg HTTP/1.1" 200 27
222.69.132.67 - - [14/Mar/2024:09:57:59 +0800] "GET /xingrg/check_reg.html?_=1710381479508 HTTP/1.1" 200 22
116.232.194.112 - - [14/Mar/2024:09:58:01 +0800] "POST /xingrg/kc/buy/cgsh_list_operate.html HTTP/1.1" 200 7735
114.83.220.119 - - [14/Mar/2024:09:58:01 +0800] "GET /xingrg/all/function/internal_message.html?_=1710381479546&CODE_STATE=getMsg HTTP/1.1" 200 27
61.170.233.77 - - [14/Mar/2024:09:58:10 +0800] "GET /xingrg/all/function/internal_message.html?_=1710381489022&CODE_STATE=getMsg HTTP/1.1" 200 27
58.40.7.146 - - [14/Mar/2024:09:58:16 +0800] "GET /xingrg/all/function/internal_message.html?_=1710381504183&CODE_STATE=getMsg HTTP/1.1" 302 -
116.238.97.31 - - [14/Mar/2024:09:58:16 +0800] "GET /xingrg/javascript/easyui/plugins/jquery.draggable.js HTTP/1.1" 200 6121
116.238.97.31 - - [14/Mar/2024:09:58:17 +0800] "GET /xingrg/css/images/panel_loading.gif HTTP/1.1" 200 1737
116.238.97.31 - - [14/Mar/2024:09:58:17 +0800] "GET /xingrg/javascript/easyui/plugins/jquery.droppable.js HTTP/1.1" 200 1167
116.238.97.31 - - [14/Mar/2024:09:58:17 +0800] "GET /xingrg/javascript/easyui/themes/default/tree.css HTTP/1.1" 404 1090
116.238.97.31 - - [14/Mar/2024:09:58:17 +0800] "GET /xingrg/javascript/easyui/plugins/jquery.tree.js HTTP/1.1" 200 20874
116.238.97.31 - - [14/Mar/2024:09:58:17 +0800] "GET /xingrg/check_reg.html?_=1710381498302 HTTP/1.1" 200 22
116.238.97.31 - - [14/Mar/2024:09:58:17 +0800] "GET /xingrg/all/function/internal_message.html?_=1710381498305&CODE_STATE=getMsg HTTP/1.1" 200 27
116.238.97.31 - - [14/Mar/2024:09:58:17 +0800] "POST /xingrg/all/common/load_tree.html?tree=supplier_tree_json&isDelete=1 HTTP/1.1" 200 78788
218.79.29.78 - - [14/Mar/2024:09:58:18 +0800] "GET /xingrg/all/function/internal_message.html?_=1710381505778&CODE_STATE=getMsg HTTP/1.1" 200 27
218.79.29.78 - - [14/Mar/2024:09:58:18 +0800] "GET /xingrg/check_reg.html?_=1710381505781 HTTP/1.1" 200 22
116.238.97.31 - - [14/Mar/2024:09:58:18 +0800] "GET /xingrg/javascript/easyui/themes/default/images/tree_folder_open.gif HTTP/1.1" 200 956
116.238.97.31 - - [14/Mar/2024:09:58:18 +0800] "GET /xingrg/javascript/easyui/themes/default/images/tree_arrows.gif HTTP/1.1" 200 617
116.238.97.31 - - [14/Mar/2024:09:58:18 +0800] "GET /xingrg/javascript/easyui/themes/default/images/tree_folder.gif HTTP/1.1" 200 952
116.238.97.31 - - [14/Mar/2024:09:58:18 +0800] "GET /xingrg/javascript/easyui/themes/default/images/tree_file.gif HTTP/1.1" 200 118
116.238.97.31 - - [14/Mar/2024:09:58:27 +0800] "GET /xingrg/javascript/auto/indicator.gif HTTP/1.1" 404 1066
101.83.145.37 - - [14/Mar/2024:09:58:28 +0800] "GET /xingrg/all/function/internal_message.html?_=1710381509925&CODE_STATE=getMsg HTTP/1.1" 200 27
116.224.254.208 - - [14/Mar/2024:09:58:29 +0800] "GET /xingrg/all/function/internal_message.html?_=1710381509574&CODE_STATE=getMsg HTTP/1.1" 200 27
116.232.194.112 - - [14/Mar/2024:09:58:31 +0800] "POST /xingrg/kc/buy/cgsh_list_operate.html HTTP/1.1" 200 221
180.169.147.146 - - [14/Mar/2024:09:58:32 +0800] "GET /xingrg/all/function/internal_message.html?_=1710381511043&CODE_STATE=getMsg HTTP/1.1" 200 27
180.169.147.146 - - [14/Mar/2024:09:58:32 +0800] "GET /xingrg/check_reg.html?_=1710381511075 HTTP/1.1" 200 22
180.169.147.146 - - [14/Mar/2024:09:58:32 +0800] "POST /xingrg/dwr/call/plaincall/AjaxReportQueryService.refreshCache.dwr HTTP/1.1" 200 79
180.169.147.146 - - [14/Mar/2024:09:58:35 +0800] "POST /xingrg/all/report/load_report_page.html HTTP/1.1" 200 52680
180.169.147.146 - - [14/Mar/2024:09:58:35 +0800] "GET /xingrg/servlets/image?cache=0.8695746971566172&image=px HTTP/1.1" 200 807
180.163.29.206 - - [14/Mar/2024:09:58:37 +0800] "GET /xingrg/all/function/internal_message.html?_=1710379929620&CODE_STATE=getMsg HTTP/1.1" 302 -
180.163.29.206 - - [14/Mar/2024:09:58:38 +0800] "GET /xingrg/login.html HTTP/1.1" 200 7641
116.238.97.31 - - [14/Mar/2024:09:58:38 +0800] "GET /xingrg/kc/buy/cgsh_order_operate.html?command=get_materiel&rest_code=00102&code=00101031001&supplier_code=00100064&order_time=2024-03-14 HTTP/1.1" 200 419
114.83.220.119 - - [14/Mar/2024:09:58:38 +0800] "GET /xingrg/check_reg.html?_=1710381516410 HTTP/1.1" 200 22
116.232.194.112 - - [14/Mar/2024:09:58:41 +0800] "GET /xingrg/all/function/internal_message.html?_=1710381498468&CODE_STATE=getMsg HTTP/1.1" 200 27
116.232.194.112 - - [14/Mar/2024:09:58:46 +0800] "POST /xingrg/kc/buy/cgsh_list_operate.html HTTP/1.1" 200 199
172.20.0.100 - - [14/Mar/2024:09:58:52 +0800] "GET /xingrg/all/function/internal_message.html?_=1710381542947&CODE_STATE=getMsg HTTP/1.1" 200 27
116.232.194.112 - - [14/Mar/2024:09:58:54 +0800] "POST /xingrg/kc/buy/cgsh_list_operate.html HTTP/1.1" 200 297
221.239.169.251 - - [14/Mar/2024:09:58:55 +0800] "GET /xingrg/all/function/internal_message.html?_=1710381534087&CODE_STATE=getMsg HTTP/1.1" 302 -
180.164.1.25 - - [14/Mar/2024:09:58:56 +0800] "GET /xingrg/check_reg.html?_=1710381534986 HTTP/1.1" 200 22
180.164.1.25 - - [14/Mar/2024:09:58:56 +0800] "GET /xingrg/all/function/internal_message.html?_=1710381534991&CODE_STATE=getMsg HTTP/1.1" 200 27
124.77.241.8 - - [14/Mar/2024:09:58:57 +0800] "GET /xingrg/all/function/internal_message.html?_=1710381551027&CODE_STATE=getMsg HTTP/1.1" 200 27
180.169.147.146 - - [14/Mar/2024:09:58:57 +0800] "GET /xingrg/all/function/internal_message.html?_=1710381537547&CODE_STATE=getMsg HTTP/1.1" 200 27
114.89.91.180 - - [14/Mar/2024:09:58:58 +0800] "GET /xingrg/all/function/internal_message.html?_=1710381537957&CODE_STATE=getMsg HTTP/1.1" 200 27
116.232.194.112 - - [14/Mar/2024:09:58:58 +0800] "POST /xingrg/kc/buy/cgsh_list_operate.html HTTP/1.1" 200 427
222.69.132.67 - - [14/Mar/2024:09:58:59 +0800] "GET /xingrg/all/function/internal_message.html?_=1710381539515&CODE_STATE=getMsg HTTP/1.1" 200 27
114.83.220.119 - - [14/Mar/2024:09:59:01 +0800] "GET /xingrg/all/function/internal_message.html?_=1710381539517&CODE_STATE=getMsg HTTP/1.1" 200 27
116.232.194.112 - - [14/Mar/2024:09:59:06 +0800] "POST /xingrg/kc/buy/cgsh_list_operate.html HTTP/1.1" 200 362
61.170.233.77 - - [14/Mar/2024:09:59:10 +0800] "GET /xingrg/all/function/internal_message.html?_=1710381548998&CODE_STATE=getMsg HTTP/1.1" 200 27
114.83.220.119 - - [14/Mar/2024:09:59:11 +0800] "POST /xingrg/services/DataTransmitService HTTP/1.1" 200 524
116.232.194.112 - - [14/Mar/2024:09:59:13 +0800] "POST /xingrg/kc/buy/cgsh_list_operate.html HTTP/1.1" 200 220
58.40.7.146 - - [14/Mar/2024:09:59:16 +0800] "GET /xingrg/all/function/internal_message.html?_=1710381564189&CODE_STATE=getMsg HTTP/1.1" 302 -
116.232.194.112 - - [14/Mar/2024:09:59:17 +0800] "POST /xingrg/kc/buy/cgsh_list_operate.html HTTP/1.1" 200 203
101.83.145.37 - - [14/Mar/2024:09:59:17 +0800] "GET /xingrg/kc/buy/cgsh_order_operate.html?command=get_materiel&rest_code=00105&code=00101008356&supplier_code=00100008&order_time=2024-03-14 HTTP/1.1" 200 408
116.238.97.31 - - [14/Mar/2024:09:59:17 +0800] "GET /xingrg/all/function/internal_message.html?_=1710381558312&CODE_STATE=getMsg HTTP/1.1" 200 27
218.79.29.78 - - [14/Mar/2024:09:59:18 +0800] "GET /xingrg/all/function/internal_message.html?_=1710381565785&CODE_STATE=getMsg HTTP/1.1" 200 27
180.163.30.100 - - [14/Mar/2024:09:59:20 +0800] "GET /xingrg/all/function/internal_message.html?_=1710379749699&CODE_STATE=getMsg HTTP/1.1" 302 -
180.163.30.100 - - [14/Mar/2024:09:59:20 +0800] "GET /xingrg/login.html HTTP/1.1" 200 7641
116.238.97.31 - - [14/Mar/2024:09:59:22 +0800] "GET /xingrg/kc/buy/cgsh_order_operate.html?command=get_materiel&rest_code=00102&code=00101031002&supplier_code=00100064&order_time=2024-03-14 HTTP/1.1" 200 420
116.232.194.112 - - [14/Mar/2024:09:59:23 +0800] "POST /xingrg/kc/buy/cgsh_list_operate.html HTTP/1.1" 200 205
101.83.145.37 - - [14/Mar/2024:09:59:28 +0800] "GET /xingrg/all/function/internal_message.html?_=1710381569989&CODE_STATE=getMsg HTTP/1.1" 200 27
116.224.254.208 - - [14/Mar/2024:09:59:29 +0800] "GET /xingrg/all/function/internal_message.html?_=1710381569579&CODE_STATE=getMsg HTTP/1.1" 200 27
101.83.145.37 - - [14/Mar/2024:09:59:30 +0800] "GET /xingrg/kc/buy/cgsh_order_operate.html?command=get_materiel&rest_code=00105&code=00101008137&supplier_code=00100008&order_time=2024-03-14 HTTP/1.1" 200 408
180.169.147.146 - - [14/Mar/2024:09:59:32 +0800] "GET /xingrg/all/function/internal_message.html?_=1710381571034&CODE_STATE=getMsg HTTP/1.1" 200 27
116.238.97.31 - - [14/Mar/2024:09:59:36 +0800] "POST /xingrg/kc/buy/cgsh_order_operate.html HTTP/1.1" 200 37
116.232.194.112 - - [14/Mar/2024:09:59:38 +0800] "POST /xingrg/kc/buy/cgsh_list_operate.html HTTP/1.1" 200 453
101.83.145.37 - - [14/Mar/2024:09:59:39 +0800] "GET /xingrg/kc/buy/cgsh_order_operate.html?command=get_materiel&rest_code=00105&code=00101008172&supplier_code=00100008&order_time=2024-03-14 HTTP/1.1" 200 412
116.232.194.112 - - [14/Mar/2024:09:59:41 +0800] "GET /xingrg/all/function/internal_message.html?_=1710381558474&CODE_STATE=getMsg HTTP/1.1" 200 27
221.239.169.251 - - [14/Mar/2024:09:59:43 +0800] "GET /xingrg/check_reg.html?_=1710381581962 HTTP/1.1" 302 -
124.79.241.4 - - [14/Mar/2024:09:59:47 +0800] "GET /xingrg/login.html HTTP/1.1" 200 7641
124.79.241.4 - - [14/Mar/2024:09:59:48 +0800] "GET /favicon.ico HTTP/1.1" 404 -
116.238.97.31 - - [14/Mar/2024:09:59:49 +0800] "POST /xingrg/kc/buy/cgsh_order_operate.html HTTP/1.1" 200 12
101.83.145.37 - - [14/Mar/2024:09:59:49 +0800] "GET /xingrg/kc/buy/cgsh_order_operate.html?command=get_materiel&rest_code=00105&code=00101008027&supplier_code=00100008&order_time=2024-03-14 HTTP/1.1" 200 408
172.20.0.100 - - [14/Mar/2024:09:59:52 +0800] "GET /xingrg/all/function/internal_message.html?_=1710381602946&CODE_STATE=getMsg HTTP/1.1" 200 27
221.239.169.251 - - [14/Mar/2024:09:59:55 +0800] "GET /xingrg/all/function/internal_message.html?_=1710381594089&CODE_STATE=getMsg HTTP/1.1" 302 -
180.164.1.25 - - [14/Mar/2024:09:59:56 +0800] "GET /xingrg/all/function/internal_message.html?_=1710381594991&CODE_STATE=getMsg HTTP/1.1" 200 27
124.77.241.8 - - [14/Mar/2024:09:59:57 +0800] "GET /xingrg/all/function/internal_message.html?_=1710381611027&CODE_STATE=getMsg HTTP/1.1" 200 27
180.169.147.146 - - [14/Mar/2024:09:59:57 +0800] "GET /xingrg/all/function/internal_message.html?_=1710381597536&CODE_STATE=getMsg HTTP/1.1" 200 27
114.89.91.180 - - [14/Mar/2024:09:59:58 +0800] "GET /xingrg/all/function/internal_message.html?_=1710381597970&CODE_STATE=getMsg HTTP/1.1" 200 27
222.69.132.67 - - [14/Mar/2024:09:59:59 +0800] "GET /xingrg/all/function/internal_message.html?_=1710381599514&CODE_STATE=getMsg HTTP/1.1" 200 27
61.170.233.77 - - [14/Mar/2024:10:00:00 +0800] "POST /xingrg/services/DataTransmitService HTTP/1.1" 200 524
114.83.220.119 - - [14/Mar/2024:10:00:00 +0800] "POST /xingrg/services/DataTransmitService HTTP/1.1" 200 501
114.83.220.119 - - [14/Mar/2024:10:00:01 +0800] "GET /xingrg/all/function/internal_message.html?_=1710381599504&CODE_STATE=getMsg HTTP/1.1" 200 27
116.238.97.31 - - [14/Mar/2024:10:00:02 +0800] "GET /xingrg/kc/buy/cgsh_order_info.html?code=212024031404011 HTTP/1.1" 200 68597
116.238.97.31 - - [14/Mar/2024:10:00:02 +0800] "GET /xingrg/javascript/easyui/themes/default/validatebox.css HTTP/1.1" 404 1104
101.83.145.37 - - [14/Mar/2024:10:00:03 +0800] "GET /xingrg/kc/buy/cgsh_order_operate.html?command=get_materiel&rest_code=00105&code=00101008360&supplier_code=00100008&order_time=2024-03-14 HTTP/1.1" 200 413
116.238.97.31 - - [14/Mar/2024:10:00:03 +0800] "POST /xingrg/kc/buy/cgsh_order_operate.html HTTP/1.1" 200 1212
116.238.97.31 - - [14/Mar/2024:10:00:05 +0800] "GET /xingrg/kc/print/load_config.html?kc_code=cgsh HTTP/1.1" 200 1927
116.238.97.31 - - [14/Mar/2024:10:00:06 +0800] "GET /xingrg/kc/print/load_data.html?order_code=212024031404011&kc_code=cgsh&condition= HTTP/1.1" 200 967
124.79.241.4 - - [14/Mar/2024:10:00:08 +0800] "POST /xingrg/login.do HTTP/1.1" 200 2421
124.79.241.4 - - [14/Mar/2024:10:00:08 +0800] "GET /xingrg/images/blue/error_mid.gif HTTP/1.1" 200 215
124.79.241.4 - - [14/Mar/2024:10:00:08 +0800] "GET /xingrg/images/blue/error_top.gif HTTP/1.1" 200 1790
124.79.241.4 - - [14/Mar/2024:10:00:09 +0800] "GET /xingrg/images/blue/pic_top.gif HTTP/1.1" 200 3656
124.79.241.4 - - [14/Mar/2024:10:00:09 +0800] "GET /xingrg/images/blue/error_buttom.gif HTTP/1.1" 200 1750
124.79.241.4 - - [14/Mar/2024:10:00:09 +0800] "GET /xingrg/images/blue/pic_notice.jpg HTTP/1.1" 200 3583
124.79.241.4 - - [14/Mar/2024:10:00:09 +0800] "GET /favicon.ico HTTP/1.1" 404 -
61.170.233.77 - - [14/Mar/2024:10:00:10 +0800] "GET /xingrg/all/function/internal_message.html?_=1710381608970&CODE_STATE=getMsg HTTP/1.1" 200 27
124.79.241.4 - - [14/Mar/2024:10:00:10 +0800] "GET /xingrg/login.html HTTP/1.1" 200 7641
124.79.241.4 - - [14/Mar/2024:10:00:10 +0800] "GET /favicon.ico HTTP/1.1" 404 -
58.40.7.146 - - [14/Mar/2024:10:00:16 +0800] "GET /xingrg/all/function/internal_message.html?_=1710381624179&CODE_STATE=getMsg HTTP/1.1" 302 -
116.238.97.31 - - [14/Mar/2024:10:00:17 +0800] "GET /xingrg/all/function/internal_message.html?_=1710381618296&CODE_STATE=getMsg HTTP/1.1" 200 27
218.79.29.78 - - [14/Mar/2024:10:00:18 +0800] "GET /xingrg/all/function/internal_message.html?_=1710381625785&CODE_STATE=getMsg HTTP/1.1" 200 27
116.232.194.112 - - [14/Mar/2024:10:00:18 +0800] "POST /xingrg/kc/buy/cgsh_list_operate.html HTTP/1.1" 200 2266
124.79.241.4 - - [14/Mar/2024:10:00:19 +0800] "POST /xingrg/login.do HTTP/1.1" 302 -
124.79.241.4 - - [14/Mar/2024:10:00:19 +0800] "GET /xingrg/index.html?sysBaseUrl=http%3A%2F%2F180.169.147.146%3A18081%2Fxingrg%2F&costTime=885×tamp=1710381619271 HTTP/1.1" 200 17179
124.79.241.4 - - [14/Mar/2024:10:00:19 +0800] "GET /favicon.ico HTTP/1.1" 404 -
124.79.241.4 - - [14/Mar/2024:10:00:19 +0800] "GET /xingrg/all/function/internal_message.html?_=1710381638087&CODE_STATE=count HTTP/1.1" 200 11
124.79.241.4 - - [14/Mar/2024:10:00:19 +0800] "GET /xingrg/check_reg.html?_=1710381638087 HTTP/1.1" 200 22
124.79.241.4 - - [14/Mar/2024:10:00:19 +0800] "POST /xingrg/all/common/load_tree.html?tree=area_rest_tree_json&manage=1 HTTP/1.1" 200 351
124.79.241.4 - - [14/Mar/2024:10:00:19 +0800] "POST /xingrg/load_menu.html HTTP/1.1" 200 5138
116.232.194.112 - - [14/Mar/2024:10:00:22 +0800] "POST /xingrg/kc/buy/cgsh_list_operate.html HTTP/1.1" 200 574
124.79.241.4 - - [14/Mar/2024:10:00:25 +0800] "GET /xingrg/kc/buy/cgsh_order_list.html HTTP/1.1" 200 57886
101.83.145.37 - - [14/Mar/2024:10:00:26 +0800] "GET /xingrg/kc/buy/cgsh_order_operate.html?command=get_materiel&rest_code=00105&code=00101008286&supplier_code=00100008&order_time=2024-03-14 HTTP/1.1" 200 408
124.79.241.4 - - [14/Mar/2024:10:00:28 +0800] "POST /xingrg/kc/buy/cgsh_list_operate.html HTTP/1.1" 200 645
101.83.145.37 - - [14/Mar/2024:10:00:28 +0800] "GET /xingrg/all/function/internal_message.html?_=1710381629943&CODE_STATE=getMsg HTTP/1.1" 200 27
116.224.254.208 - - [14/Mar/2024:10:00:29 +0800] "GET /xingrg/all/function/internal_message.html?_=1710381629587&CODE_STATE=getMsg HTTP/1.1" 200 27
180.169.147.146 - - [14/Mar/2024:10:00:32 +0800] "GET /xingrg/all/function/internal_message.html?_=1710381631040&CODE_STATE=getMsg HTTP/1.1" 200 27
116.232.194.112 - - [14/Mar/2024:10:00:35 +0800] "POST /xingrg/kc/buy/cgsh_list_operate.html HTTP/1.1" 200 270
124.79.241.4 - - [14/Mar/2024:10:00:40 +0800] "GET /xingrg/javascript/auto/indicator.gif HTTP/1.1" 404 1066
116.232.194.112 - - [14/Mar/2024:10:00:41 +0800] "GET /xingrg/check_reg.html?_=1710381618461 HTTP/1.1" 200 22
116.232.194.112 - - [14/Mar/2024:10:00:41 +0800] "GET /xingrg/all/function/internal_message.html?_=1710381618465&CODE_STATE=getMsg HTTP/1.1" 200 27
101.83.145.37 - - [14/Mar/2024:10:00:42 +0800] "GET /xingrg/kc/buy/cgsh_order_operate.html?command=get_materiel&rest_code=00105&code=00101008051&supplier_code=00100008&order_time=2024-03-14 HTTP/1.1" 200 408
116.224.254.208 - - [14/Mar/2024:10:00:48 +0800] "POST /xingrg/all/user/operate.html HTTP/1.1" 200 36
116.224.254.208 - - [14/Mar/2024:10:00:48 +0800] "GET /xingrg/index.html?sysBaseUrl=http%3A%2F%2F180.169.147.146%3A18081%2Fxingrg%2F&costTime=1565×tamp=1710376832687 HTTP/1.1" 200 17179
116.224.254.208 - - [14/Mar/2024:10:00:48 +0800] "GET /xingrg/javascript/jquery_easy_ui/themes/default/easyui.css HTTP/1.1" 304 -
116.224.254.208 - - [14/Mar/2024:10:00:48 +0800] "GET /xingrg/javascript/jquery_easy_ui/themes/icon.css HTTP/1.1" 304 -
116.224.254.208 - - [14/Mar/2024:10:00:48 +0800] "GET /xingrg/css/form.css HTTP/1.1" 304 -
116.224.254.208 - - [14/Mar/2024:10:00:48 +0800] "GET /xingrg/javascript/jquery-1.4.2.min.js HTTP/1.1" 304 -
116.224.254.208 - - [14/Mar/2024:10:00:48 +0800] "GET /xingrg/javascript/jquery_easy_ui/jquery.easyui.min.js HTTP/1.1" 304 -
116.224.254.208 - - [14/Mar/2024:10:00:48 +0800] "GET /xingrg/javascript/jquery_easy_ui/easyui-lang-zh_CN.js HTTP/1.1" 304 -
116.224.254.208 - - [14/Mar/2024:10:00:48 +0800] "GET /xingrg/javascript/jquery.form.js HTTP/1.1" 304 -
116.224.254.208 - - [14/Mar/2024:10:00:48 +0800] "GET /xingrg/javascript/jquery.utils.js HTTP/1.1" 304 -
116.224.254.208 - - [14/Mar/2024:10:00:48 +0800] "GET /xingrg/javascript/jquery.timers.js HTTP/1.1" 304 -
116.224.254.208 - - [14/Mar/2024:10:00:48 +0800] "GET /xingrg/images/blue/jxLogo.png HTTP/1.1" 304 -
116.224.254.208 - - [14/Mar/2024:10:00:48 +0800] "GET /xingrg/images/blue/navBackgound.jpg HTTP/1.1" 304 -
116.224.254.208 - - [14/Mar/2024:10:00:48 +0800] "GET /xingrg/javascript/jquery_easy_ui/themes/icons/settle_new.png HTTP/1.1" 304 -
116.224.254.208 - - [14/Mar/2024:10:00:48 +0800] "GET /xingrg/all/function/internal_message.html?_=1710381648630&CODE_STATE=count HTTP/1.1" 200 11
116.224.254.208 - - [14/Mar/2024:10:00:48 +0800] "GET /xingrg/javascript/jquery_easy_ui/themes/default/images/tabs_rightarrow.png HTTP/1.1" 304 -
116.224.254.208 - - [14/Mar/2024:10:00:48 +0800] "GET /xingrg/javascript/jquery_easy_ui/themes/default/images/panel_tool_collapse.gif HTTP/1.1" 304 -
116.224.254.208 - - [14/Mar/2024:10:00:48 +0800] "GET /xingrg/check_reg.html?_=1710381648630 HTTP/1.1" 200 22
116.224.254.208 - - [14/Mar/2024:10:00:48 +0800] "GET /xingrg/images/blue/pingpu.png HTTP/1.1" 304 -
116.224.254.208 - - [14/Mar/2024:10:00:48 +0800] "GET /xingrg/javascript/jquery_easy_ui/themes/default/images/tabs_leftarrow.png HTTP/1.1" 304 -
116.224.254.208 - - [14/Mar/2024:10:00:48 +0800] "POST /xingrg/all/common/load_tree.html?tree=area_rest_tree_json&manage=1 HTTP/1.1" 200 476
116.224.254.208 - - [14/Mar/2024:10:00:48 +0800] "POST /xingrg/load_menu.html HTTP/1.1" 200 5138
124.79.241.4 - - [14/Mar/2024:10:00:49 +0800] "POST /xingrg/kc/buy/cgsh_list_operate.html HTTP/1.1" 200 1405
101.83.145.37 - - [14/Mar/2024:10:00:50 +0800] "POST /xingrg/kc/buy/cgsh_order_operate.html HTTP/1.1" 200 2065
116.232.194.112 - - [14/Mar/2024:10:00:50 +0800] "POST /xingrg/kc/buy/cgsh_list_operate.html HTTP/1.1" 200 429
124.79.241.4 - - [14/Mar/2024:10:00:52 +0800] "POST /xingrg/kc/buy/cgsh_list_operate.html HTTP/1.1" 200 290
172.20.0.100 - - [14/Mar/2024:10:00:52 +0800] "GET /xingrg/all/function/internal_message.html?_=1710381662945&CODE_STATE=getMsg HTTP/1.1" 200 27
124.79.241.4 - - [14/Mar/2024:10:00:54 +0800] "GET /xingrg/kc/buy/cgsh_order_info.html?code=212024030501485 HTTP/1.1" 200 68605
124.79.241.4 - - [14/Mar/2024:10:00:54 +0800] "GET /xingrg/words/20240312190758_words.js HTTP/1.1" 304 -
124.79.241.4 - - [14/Mar/2024:10:00:54 +0800] "GET /xingrg/javascript/easyui/themes/default/validatebox.css HTTP/1.1" 404 1104
124.77.241.8 - - [14/Mar/2024:10:00:54 +0800] "GET /xingrg/check_reg.html?_=1710381668750 HTTP/1.1" 200 22
124.79.241.4 - - [14/Mar/2024:10:00:55 +0800] "POST /xingrg/kc/buy/cgsh_order_operate.html HTTP/1.1" 200 1242
221.239.169.251 - - [14/Mar/2024:10:00:55 +0800] "GET /xingrg/all/function/internal_message.html?_=1710381654092&CODE_STATE=getMsg HTTP/1.1" 302 -
180.164.1.25 - - [14/Mar/2024:10:00:56 +0800] "GET /xingrg/all/function/internal_message.html?_=1710381654994&CODE_STATE=getMsg HTTP/1.1" 200 27
116.224.254.208 - - [14/Mar/2024:10:00:56 +0800] "GET /xingrg/kc/buy/cgsh_order_list.html HTTP/1.1" 200 57886
124.77.241.8 - - [14/Mar/2024:10:00:57 +0800] "GET /xingrg/all/function/internal_message.html?_=1710381671042&CODE_STATE=getMsg HTTP/1.1" 200 27
180.169.147.146 - - [14/Mar/2024:10:00:57 +0800] "GET /xingrg/all/function/internal_message.html?_=1710381657556&CODE_STATE=getMsg HTTP/1.1" 200 27
180.169.147.146 - - [14/Mar/2024:10:00:57 +0800] "GET /xingrg/check_reg.html?_=1710381657558 HTTP/1.1" 200 22
114.89.91.180 - - [14/Mar/2024:10:00:58 +0800] "GET /xingrg/all/function/internal_message.html?_=1710381657962&CODE_STATE=getMsg HTTP/1.1" 200 27
116.224.254.208 - - [14/Mar/2024:10:00:59 +0800] "POST /xingrg/kc/buy/cgsh_list_operate.html HTTP/1.1" 200 645
222.69.132.67 - - [14/Mar/2024:10:00:59 +0800] "GET /xingrg/all/function/internal_message.html?_=1710381659516&CODE_STATE=getMsg HTTP/1.1" 200 27
116.224.254.208 - - [14/Mar/2024:10:01:00 +0800] "GET /xingrg/kc/buy/cgsh_order_add.html HTTP/1.1" 200 73699
61.170.233.77 - - [14/Mar/2024:10:01:00 +0800] "GET /xingrg/check_reg.html?_=1710381659252 HTTP/1.1" 200 22
116.224.254.208 - - [14/Mar/2024:10:01:00 +0800] "POST /xingrg/kc/buy/cgsh_order_operate.html HTTP/1.1" 200 8245
116.224.254.208 - - [14/Mar/2024:10:01:00 +0800] "GET /xingrg/javascript/easyui/themes/default/validatebox.css HTTP/1.1" 404 1104
114.83.220.119 - - [14/Mar/2024:10:01:01 +0800] "GET /favicon.ico HTTP/1.1" 404 -
114.83.220.119 - - [14/Mar/2024:10:01:01 +0800] "GET /xingrg/all/function/internal_message.html?_=1710381659476&CODE_STATE=getMsg HTTP/1.1" 200 27
116.224.254.208 - - [14/Mar/2024:10:01:03 +0800] "GET /xingrg/javascript/auto/indicator.gif HTTP/1.1" 404 1066
116.232.194.112 - - [14/Mar/2024:10:01:03 +0800] "POST /xingrg/kc/buy/cgsh_list_operate.html HTTP/1.1" 200 568
61.170.233.77 - - [14/Mar/2024:10:01:10 +0800] "GET /xingrg/all/function/internal_message.html?_=1710381668950&CODE_STATE=getMsg HTTP/1.1" 200 27
116.224.254.208 - - [14/Mar/2024:10:01:10 +0800] "GET /xingrg/kc/buy/cgsh_order_operate.html?command=get_materiel&rest_code=00150&code=00101031012&supplier_code=00100054&order_time=2024-03-14 HTTP/1.1" 200 417
101.83.145.37 - - [14/Mar/2024:10:01:13 +0800] "GET /xingrg/kc/buy/cgsh_order_operate.html?command=get_materiel&rest_code=00105&code=00101008350&supplier_code=00100008&order_time=2024-03-14 HTTP/1.1" 200 408
58.40.7.146 - - [14/Mar/2024:10:01:16 +0800] "GET /xingrg/all/function/internal_message.html?_=1710381684188&CODE_STATE=getMsg HTTP/1.1" 302 -
58.40.7.146 - - [14/Mar/2024:10:01:16 +0800] "GET /xingrg/check_reg.html?_=1710381684190 HTTP/1.1" 302 -
116.238.97.31 - - [14/Mar/2024:10:01:17 +0800] "GET /xingrg/all/function/internal_message.html?_=1710381678296&CODE_STATE=getMsg HTTP/1.1" 200 27
218.79.29.78 - - [14/Mar/2024:10:01:18 +0800] "GET /xingrg/all/function/internal_message.html?_=1710381685786&CODE_STATE=getMsg HTTP/1.1" 200 27
116.238.97.31 - - [14/Mar/2024:10:01:18 +0800] "GET /xingrg/kc/buy/cgsh_order_add.html HTTP/1.1" 200 73690
116.238.97.31 - - [14/Mar/2024:10:01:18 +0800] "POST /xingrg/kc/buy/cgsh_order_operate.html HTTP/1.1" 200 8245
116.238.97.31 - - [14/Mar/2024:10:01:19 +0800] "GET /xingrg/javascript/easyui/themes/default/validatebox.css HTTP/1.1" 404 1104
124.79.241.4 - - [14/Mar/2024:10:01:19 +0800] "GET /xingrg/all/function/internal_message.html?_=1710381698092&CODE_STATE=getMsg HTTP/1.1" 200 27
116.224.254.208 - - [14/Mar/2024:10:01:19 +0800] "POST /xingrg/kc/buy/cgsh_order_operate.html HTTP/1.1" 200 37
101.83.145.37 - - [14/Mar/2024:10:01:28 +0800] "GET /xingrg/check_reg.html?_=1710381689946 HTTP/1.1" 200 22
101.83.145.37 - - [14/Mar/2024:10:01:28 +0800] "GET /xingrg/all/function/internal_message.html?_=1710381689950&CODE_STATE=getMsg HTTP/1.1" 200 27
180.163.29.234 - - [14/Mar/2024:10:01:31 +0800] "GET /xingrg/all/function/internal_message.html?_=1710381429051&CODE_STATE=getMsg HTTP/1.1" 302 -
180.163.29.234 - - [14/Mar/2024:10:01:31 +0800] "GET /xingrg/login.html HTTP/1.1" 200 7641
180.169.147.146 - - [14/Mar/2024:10:01:32 +0800] "GET /xingrg/all/function/internal_message.html?_=1710381691052&CODE_STATE=getMsg HTTP/1.1" 200 27
116.224.254.208 - - [14/Mar/2024:10:01:33 +0800] "POST /xingrg/kc/buy/cgsh_order_operate.html HTTP/1.1" 200 12
116.224.254.208 - - [14/Mar/2024:10:01:36 +0800] "GET /xingrg/kc/buy/cgsh_order_info.html?code=212024031404012 HTTP/1.1" 200 68606
116.224.254.208 - - [14/Mar/2024:10:01:36 +0800] "GET /xingrg/javascript/easyui/themes/default/validatebox.css HTTP/1.1" 404 1104
116.224.254.208 - - [14/Mar/2024:10:01:38 +0800] "POST /xingrg/kc/buy/cgsh_order_operate.html HTTP/1.1" 200 613
116.224.254.208 - - [14/Mar/2024:10:01:41 +0800] "GET /xingrg/kc/print/load_data.html?order_code=212024031404012&kc_code=cgsh&condition= HTTP/1.1" 200 704
116.232.194.112 - - [14/Mar/2024:10:01:41 +0800] "GET /xingrg/all/function/internal_message.html?_=1710381678468&CODE_STATE=getMsg HTTP/1.1" 200 27
116.224.254.208 - - [14/Mar/2024:10:01:46 +0800] "GET /xingrg/kc/buy/cgsh_order_add.html HTTP/1.1" 200 73699
116.224.254.208 - - [14/Mar/2024:10:01:46 +0800] "GET /xingrg/javascript/easyui/themes/default/validatebox.css HTTP/1.1" 404 1104
116.224.254.208 - - [14/Mar/2024:10:01:46 +0800] "POST /xingrg/kc/buy/cgsh_order_operate.html HTTP/1.1" 200 8245
116.224.254.208 - - [14/Mar/2024:10:01:48 +0800] "GET /xingrg/all/function/internal_message.html?_=1710381708633&CODE_STATE=getMsg HTTP/1.1" 200 27
172.20.0.100 - - [14/Mar/2024:10:01:52 +0800] "GET /xingrg/all/function/internal_message.html?_=1710381722972&CODE_STATE=getMsg HTTP/1.1" 200 27
221.239.169.251 - - [14/Mar/2024:10:01:55 +0800] "GET /xingrg/all/function/internal_message.html?_=1710381714093&CODE_STATE=getMsg HTTP/1.1" 302 -
180.164.1.25 - - [14/Mar/2024:10:01:56 +0800] "GET /xingrg/all/function/internal_message.html?_=1710381714995&CODE_STATE=getMsg HTTP/1.1" 200 27
124.77.241.8 - - [14/Mar/2024:10:01:57 +0800] "GET /xingrg/all/function/internal_message.html?_=1710381731054&CODE_STATE=getMsg HTTP/1.1" 200 27
180.169.147.146 - - [14/Mar/2024:10:01:57 +0800] "GET /xingrg/all/function/internal_message.html?_=1710381717540&CODE_STATE=getMsg HTTP/1.1" 200 27
114.89.91.180 - - [14/Mar/2024:10:01:58 +0800] "GET /xingrg/check_reg.html?_=1710381717976 HTTP/1.1" 200 22
114.89.91.180 - - [14/Mar/2024:10:01:58 +0800] "GET /xingrg/all/function/internal_message.html?_=1710381717979&CODE_STATE=getMsg HTTP/1.1" 200 27
222.69.132.67 - - [14/Mar/2024:10:01:59 +0800] "GET /xingrg/all/function/internal_message.html?_=1710381719506&CODE_STATE=getMsg HTTP/1.1" 200 27
116.224.254.208 - - [14/Mar/2024:10:02:00 +0800] "GET /xingrg/kc/buy/cgsh_order_operate.html?command=get_materiel&rest_code=00150&code=00101015017&supplier_code=00100054&order_time=2024-03-14 HTTP/1.1" 200 412
114.83.220.119 - - [14/Mar/2024:10:02:01 +0800] "GET /xingrg/all/function/internal_message.html?_=1710381719476&CODE_STATE=getMsg HTTP/1.1" 200 27
61.170.233.77 - - [14/Mar/2024:10:02:10 +0800] "GET /xingrg/all/function/internal_message.html?_=1710381728934&CODE_STATE=getMsg HTTP/1.1" 200 27
101.83.145.37 - - [14/Mar/2024:10:02:12 +0800] "GET /xingrg/kc/buy/cgsh_order_operate.html?command=get_materiel&rest_code=00105&code=00101008223&supplier_code=00100008&order_time=2024-03-14 HTTP/1.1" 200 412
116.224.254.208 - - [14/Mar/2024:10:02:14 +0800] "GET /xingrg/kc/buy/cgsh_order_operate.html?command=get_materiel&rest_code=00150&code=00101015189&supplier_code=00100054&order_time=2024-03-14 HTTP/1.1" 200 409
58.40.7.146 - - [14/Mar/2024:10:02:16 +0800] "GET /xingrg/all/function/internal_message.html?_=1710381744184&CODE_STATE=getMsg HTTP/1.1" 302 -
116.238.97.31 - - [14/Mar/2024:10:02:17 +0800] "GET /xingrg/all/function/internal_message.html?_=1710381738288&CODE_STATE=getMsg HTTP/1.1" 200 27
218.79.29.78 - - [14/Mar/2024:10:02:18 +0800] "GET /xingrg/all/function/internal_message.html?_=1710381745786&CODE_STATE=getMsg HTTP/1.1" 200 27
124.79.241.4 - - [14/Mar/2024:10:02:19 +0800] "GET /xingrg/all/function/internal_message.html?_=1710381758092&CODE_STATE=getMsg HTTP/1.1" 200 27
116.224.254.208 - - [14/Mar/2024:10:02:25 +0800] "GET /xingrg/kc/buy/cgsh_order_operate.html?command=get_materiel&rest_code=00150&code=00101015022&supplier_code=00100054&order_time=2024-03-14 HTTP/1.1" 200 408
180.163.28.109 - - [14/Mar/2024:10:02:25 +0800] "GET /xingrg/all/function/internal_message.html?_=1710379869649&CODE_STATE=getMsg HTTP/1.1" 302 -
180.163.28.109 - - [14/Mar/2024:10:02:25 +0800] "GET /xingrg/login.html HTTP/1.1" 200 7641
101.83.145.37 - - [14/Mar/2024:10:02:28 +0800] "GET /xingrg/all/function/internal_message.html?_=1710381750036&CODE_STATE=getMsg HTTP/1.1" 200 27
116.232.194.112 - - [14/Mar/2024:10:02:30 +0800] "GET /xingrg/kc/buy/cgsh_order_info.html?code=212024022205893 HTTP/1.1" 200 68642
116.232.194.112 - - [14/Mar/2024:10:02:30 +0800] "GET /xingrg/words/20240312190758_words.js HTTP/1.1" 304 -
116.232.194.112 - - [14/Mar/2024:10:02:30 +0800] "GET /xingrg/javascript/easyui/themes/default/validatebox.css HTTP/1.1" 404 1104
101.83.145.37 - - [14/Mar/2024:10:02:30 +0800] "GET /xingrg/kc/buy/cgsh_order_operate.html?command=get_materiel&rest_code=00105&code=00101008168&supplier_code=00100008&order_time=2024-03-14 HTTP/1.1" 200 412
180.169.147.146 - - [14/Mar/2024:10:02:32 +0800] "GET /xingrg/all/function/internal_message.html?_=1710381751039&CODE_STATE=getMsg HTTP/1.1" 200 27
116.224.254.208 - - [14/Mar/2024:10:02:37 +0800] "POST /xingrg/kc/buy/cgsh_order_operate.html HTTP/1.1" 200 37
116.232.194.112 - - [14/Mar/2024:10:02:37 +0800] "POST /xingrg/kc/buy/cgsh_order_operate.html HTTP/1.1" 200 2389
116.232.194.112 - - [14/Mar/2024:10:02:41 +0800] "GET /xingrg/all/function/internal_message.html?_=1710381738459&CODE_STATE=getMsg HTTP/1.1" 200 27
101.83.145.37 - - [14/Mar/2024:10:02:46 +0800] "GET /xingrg/kc/buy/cgsh_order_operate.html?command=get_materiel&rest_code=00105&code=00101008105&supplier_code=00100008&order_time=2024-03-14 HTTP/1.1" 200 413
116.224.254.208 - - [14/Mar/2024:10:02:48 +0800] "POST /xingrg/kc/buy/cgsh_order_operate.html HTTP/1.1" 200 12
116.224.254.208 - - [14/Mar/2024:10:02:51 +0800] "GET /xingrg/kc/buy/cgsh_order_info.html?code=212024031404013 HTTP/1.1" 200 68606
116.224.254.208 - - [14/Mar/2024:10:02:51 +0800] "GET /xingrg/javascript/easyui/themes/default/validatebox.css HTTP/1.1" 404 1104
180.164.1.25 - - [14/Mar/2024:10:02:52 +0800] "POST /xingrg/services/DataTransmitService HTTP/1.1" 200 524
172.20.0.100 - - [14/Mar/2024:10:02:52 +0800] "GET /xingrg/all/function/internal_message.html?_=1710381782971&CODE_STATE=getMsg HTTP/1.1" 200 27
172.20.0.100 - - [14/Mar/2024:10:02:52 +0800] "GET /xingrg/check_reg.html?_=1710381782972 HTTP/1.1" 200 22
116.224.254.208 - - [14/Mar/2024:10:02:53 +0800] "POST /xingrg/kc/buy/cgsh_order_operate.html HTTP/1.1" 200 1778
221.239.169.251 - - [14/Mar/2024:10:02:55 +0800] "GET /xingrg/all/function/internal_message.html?_=1710381774105&CODE_STATE=getMsg HTTP/1.1" 302 -
180.164.1.25 - - [14/Mar/2024:10:02:56 +0800] "GET /xingrg/all/function/internal_message.html?_=1710381774993&CODE_STATE=getMsg HTTP/1.1" 200 27
124.77.241.8 - - [14/Mar/2024:10:02:57 +0800] "GET /xingrg/all/function/internal_message.html?_=1710381791069&CODE_STATE=getMsg HTTP/1.1" 200 27
180.169.147.146 - - [14/Mar/2024:10:02:57 +0800] "GET /xingrg/all/function/internal_message.html?_=1710381777552&CODE_STATE=getMsg HTTP/1.1" 200 27
114.89.91.180 - - [14/Mar/2024:10:02:58 +0800] "GET /xingrg/all/function/internal_message.html?_=1710381777968&CODE_STATE=getMsg HTTP/1.1" 200 27
222.69.132.67 - - [14/Mar/2024:10:02:59 +0800] "GET /xingrg/all/function/internal_message.html?_=1710381779517&CODE_STATE=getMsg HTTP/1.1" 200 27
222.69.132.67 - - [14/Mar/2024:10:02:59 +0800] "GET /xingrg/check_reg.html?_=1710381779527 HTTP/1.1" 200 22
116.224.254.208 - - [14/Mar/2024:10:03:00 +0800] "GET /xingrg/kc/print/load_data.html?order_code=212024031404013&kc_code=cgsh&condition= HTTP/1.1" 200 1135
114.83.220.119 - - [14/Mar/2024:10:03:01 +0800] "GET /xingrg/all/function/internal_message.html?_=1710381779464&CODE_STATE=getMsg HTTP/1.1" 200 27
61.170.233.77 - - [14/Mar/2024:10:03:10 +0800] "GET /xingrg/all/function/internal_message.html?_=1710381788904&CODE_STATE=getMsg HTTP/1.1" 200 27
58.40.7.146 - - [14/Mar/2024:10:03:16 +0800] "GET /xingrg/all/function/internal_message.html?_=1710381804186&CODE_STATE=getMsg HTTP/1.1" 302 -
116.238.97.31 - - [14/Mar/2024:10:03:17 +0800] "GET /xingrg/all/function/internal_message.html?_=1710381798302&CODE_STATE=getMsg HTTP/1.1" 200 27
116.238.97.31 - - [14/Mar/2024:10:03:17 +0800] "GET /xingrg/check_reg.html?_=1710381798307 HTTP/1.1" 200 22
218.79.29.78 - - [14/Mar/2024:10:03:18 +0800] "GET /xingrg/check_reg.html?_=1710381805792 HTTP/1.1" 200 22
218.79.29.78 - - [14/Mar/2024:10:03:18 +0800] "GET /xingrg/all/function/internal_message.html?_=1710381805796&CODE_STATE=getMsg HTTP/1.1" 200 27
124.79.241.4 - - [14/Mar/2024:10:03:19 +0800] "GET /xingrg/all/function/internal_message.html?_=1710381818096&CODE_STATE=getMsg HTTP/1.1" 200 27
180.163.29.212 - - [14/Mar/2024:10:03:27 +0800] "GET /xingrg/check_reg.html?_=1710381659252 HTTP/1.1" 302 -
180.163.29.212 - - [14/Mar/2024:10:03:27 +0800] "GET /xingrg/login.html HTTP/1.1" 200 7641
101.83.145.37 - - [14/Mar/2024:10:03:28 +0800] "GET /xingrg/all/function/internal_message.html?_=1710381809951&CODE_STATE=getMsg HTTP/1.1" 200 27
180.169.147.146 - - [14/Mar/2024:10:03:32 +0800] "GET /xingrg/check_reg.html?_=1710381811055 HTTP/1.1" 200 22
180.169.147.146 - - [14/Mar/2024:10:03:32 +0800] "GET /xingrg/all/function/internal_message.html?_=1710381811053&CODE_STATE=getMsg HTTP/1.1" 200 27
114.83.220.119 - - [14/Mar/2024:10:03:38 +0800] "GET /xingrg/check_reg.html?_=1710381816425 HTTP/1.1" 200 22
116.232.194.112 - - [14/Mar/2024:10:03:41 +0800] "GET /xingrg/all/function/internal_message.html?_=1710381798474&CODE_STATE=getMsg HTTP/1.1" 200 27
116.224.254.208 - - [14/Mar/2024:10:03:48 +0800] "GET /xingrg/all/function/internal_message.html?_=1710381828636&CODE_STATE=getMsg HTTP/1.1" 200 27
101.83.145.37 - - [14/Mar/2024:10:03:51 +0800] "GET /xingrg/kc/buy/cgsh_order_operate.html?command=get_materiel&rest_code=00105&code=00101008061&supplier_code=00100008&order_time=2024-03-14 HTTP/1.1" 200 422
172.20.0.100 - - [14/Mar/2024:10:03:52 +0800] "GET /xingrg/all/function/internal_message.html?_=1710381842971&CODE_STATE=getMsg HTTP/1.1" 200 27
221.239.169.251 - - [14/Mar/2024:10:03:55 +0800] "GET /xingrg/all/function/internal_message.html?_=1710381834099&CODE_STATE=getMsg HTTP/1.1" 302 -
180.164.1.25 - - [14/Mar/2024:10:03:56 +0800] "GET /xingrg/check_reg.html?_=1710381834992 HTTP/1.1" 200 22
180.164.1.25 - - [14/Mar/2024:10:03:56 +0800] "GET /xingrg/all/function/internal_message.html?_=1710381834997&CODE_STATE=getMsg HTTP/1.1" 200 27
124.77.241.8 - - [14/Mar/2024:10:03:57 +0800] "GET /xingrg/all/function/internal_message.html?_=1710381851106&CODE_STATE=getMsg HTTP/1.1" 200 27
180.169.147.146 - - [14/Mar/2024:10:03:57 +0800] "GET /xingrg/all/function/internal_message.html?_=1710381837553&CODE_STATE=getMsg HTTP/1.1" 200 27
114.89.91.180 - - [14/Mar/2024:10:03:58 +0800] "GET /xingrg/all/function/internal_message.html?_=1710381837966&CODE_STATE=getMsg HTTP/1.1" 200 27
222.69.132.67 - - [14/Mar/2024:10:03:59 +0800] "GET /xingrg/all/function/internal_message.html?_=1710381839506&CODE_STATE=getMsg HTTP/1.1" 200 27
101.83.145.37 - - [14/Mar/2024:10:04:01 +0800] "GET /xingrg/kc/buy/cgsh_order_operate.html?command=get_materiel&rest_code=00105&code=00101008704&supplier_code=00100008&order_time=2024-03-14 HTTP/1.1" 200 409
114.83.220.119 - - [14/Mar/2024:10:04:01 +0800] "GET /xingrg/all/function/internal_message.html?_=1710381839442&CODE_STATE=getMsg HTTP/1.1" 200 27
61.170.233.77 - - [14/Mar/2024:10:04:10 +0800] "GET /xingrg/all/function/internal_message.html?_=1710381848879&CODE_STATE=getMsg HTTP/1.1" 200 27
101.83.145.37 - - [14/Mar/2024:10:04:10 +0800] "GET /xingrg/kc/buy/cgsh_order_operate.html?command=get_materiel&rest_code=00105&code=00101009160&supplier_code=00100008&order_time=2024-03-14 HTTP/1.1" 200 415
58.40.7.146 - - [14/Mar/2024:10:04:16 +0800] "GET /xingrg/all/function/internal_message.html?_=1710381864183&CODE_STATE=getMsg HTTP/1.1" 302 -
116.238.97.31 - - [14/Mar/2024:10:04:17 +0800] "GET /xingrg/all/function/internal_message.html?_=1710381858289&CODE_STATE=getMsg HTTP/1.1" 200 27
218.79.29.78 - - [14/Mar/2024:10:04:18 +0800] "GET /xingrg/all/function/internal_message.html?_=1710381865783&CODE_STATE=getMsg HTTP/1.1" 200 27
124.79.241.4 - - [14/Mar/2024:10:04:19 +0800] "GET /xingrg/all/function/internal_message.html?_=1710381878090&CODE_STATE=getMsg HTTP/1.1" 200 27
101.83.145.37 - - [14/Mar/2024:10:04:24 +0800] "GET /xingrg/kc/buy/cgsh_order_operate.html?command=get_materiel&rest_code=00105&code=00101009079&supplier_code=00100008&order_time=2024-03-14 HTTP/1.1" 200 409
101.83.145.37 - - [14/Mar/2024:10:04:28 +0800] "GET /xingrg/all/function/internal_message.html?_=1710381869952&CODE_STATE=getMsg HTTP/1.1" 200 27
180.169.147.146 - - [14/Mar/2024:10:04:32 +0800] "GET /xingrg/all/function/internal_message.html?_=1710381871044&CODE_STATE=getMsg HTTP/1.1" 200 27
180.163.28.143 - - [14/Mar/2024:10:04:33 +0800] "GET /xingrg/all/function/internal_message.html?_=1710381728934&CODE_STATE=getMsg HTTP/1.1" 302 -
180.163.28.143 - - [14/Mar/2024:10:04:33 +0800] "GET /xingrg/login.html HTTP/1.1" 200 7641
101.83.145.37 - - [14/Mar/2024:10:04:35 +0800] "GET /xingrg/kc/buy/cgsh_order_operate.html?command=get_materiel&rest_code=00105&code=00101009175&supplier_code=00100008&order_time=2024-03-14 HTTP/1.1" 200 415
116.232.194.112 - - [14/Mar/2024:10:04:41 +0800] "GET /xingrg/all/function/internal_message.html?_=1710381858463&CODE_STATE=getMsg HTTP/1.1" 200 27
221.239.169.251 - - [14/Mar/2024:10:04:43 +0800] "GET /xingrg/check_reg.html?_=1710381881950 HTTP/1.1" 302 -
180.163.28.55 - - [14/Mar/2024:10:04:46 +0800] "GET /xingrg/check_reg.html?_=1710379859332 HTTP/1.1" 302 -
180.163.28.55 - - [14/Mar/2024:10:04:46 +0800] "GET /xingrg/login.html HTTP/1.1" 200 7641
116.224.254.208 - - [14/Mar/2024:10:04:48 +0800] "GET /xingrg/all/function/internal_message.html?_=1710381888623&CODE_STATE=getMsg HTTP/1.1" 200 27
101.83.145.37 - - [14/Mar/2024:10:04:49 +0800] "GET /xingrg/kc/buy/cgsh_order_operate.html?command=get_materiel&rest_code=00105&code=00101009015&supplier_code=00100008&order_time=2024-03-14 HTTP/1.1" 200 416
101.83.145.37 - - [14/Mar/2024:10:04:52 +0800] "POST /xingrg/kc/buy/cgsh_order_operate.html HTTP/1.1" 200 2065
172.20.0.100 - - [14/Mar/2024:10:04:52 +0800] "GET /xingrg/all/function/internal_message.html?_=1710381902970&CODE_STATE=getMsg HTTP/1.1" 200 27
101.83.145.37 - - [14/Mar/2024:10:04:54 +0800] "POST /xingrg/kc/buy/cgsh_order_operate.html HTTP/1.1" 200 2065
221.239.169.251 - - [14/Mar/2024:10:04:55 +0800] "GET /xingrg/all/function/internal_message.html?_=1710381894097&CODE_STATE=getMsg HTTP/1.1" 302 -
101.83.145.37 - - [14/Mar/2024:10:04:56 +0800] "POST /xingrg/kc/buy/cgsh_order_operate.html HTTP/1.1" 200 2065
180.164.1.25 - - [14/Mar/2024:10:04:56 +0800] "GET /xingrg/all/function/internal_message.html?_=1710381894997&CODE_STATE=getMsg HTTP/1.1" 200 27
124.77.241.8 - - [14/Mar/2024:10:04:57 +0800] "GET /xingrg/all/function/internal_message.html?_=1710381911111&CODE_STATE=getMsg HTTP/1.1" 200 27
180.169.147.146 - - [14/Mar/2024:10:04:57 +0800] "GET /xingrg/all/function/internal_message.html?_=1710381897551&CODE_STATE=getMsg HTTP/1.1" 200 27
114.89.91.180 - - [14/Mar/2024:10:04:58 +0800] "GET /xingrg/all/function/internal_message.html?_=1710381897972&CODE_STATE=getMsg HTTP/1.1" 200 27
222.69.132.67 - - [14/Mar/2024:10:04:59 +0800] "GET /xingrg/all/function/internal_message.html?_=1710381899499&CODE_STATE=getMsg HTTP/1.1" 200 27
114.83.220.119 - - [14/Mar/2024:10:05:01 +0800] "GET /xingrg/all/function/internal_message.html?_=1710381899427&CODE_STATE=getMsg HTTP/1.1" 200 27
101.83.145.37 - - [14/Mar/2024:10:05:07 +0800] "GET /xingrg/kc/buy/cgsh_order_operate.html?command=get_materiel&rest_code=00105&code=00101009140&supplier_code=00100008&order_time=2024-03-14 HTTP/1.1" 200 414
61.170.233.77 - - [14/Mar/2024:10:05:10 +0800] "GET /xingrg/all/function/internal_message.html?_=1710381908863&CODE_STATE=getMsg HTTP/1.1" 200 27
58.40.7.146 - - [14/Mar/2024:10:05:16 +0800] "GET /xingrg/all/function/internal_message.html?_=1710381924193&CODE_STATE=getMsg HTTP/1.1" 302 -
116.238.97.31 - - [14/Mar/2024:10:05:17 +0800] "GET /xingrg/all/function/internal_message.html?_=1710381918298&CODE_STATE=getMsg HTTP/1.1" 200 27
218.79.29.78 - - [14/Mar/2024:10:05:18 +0800] "GET /xingrg/all/function/internal_message.html?_=1710381925784&CODE_STATE=getMsg HTTP/1.1" 200 27
124.79.241.4 - - [14/Mar/2024:10:05:19 +0800] "GET /xingrg/check_reg.html?_=1710381938101 HTTP/1.1" 200 22
