116.224.254.208 - - [14/Mar/2024:10:35:44 +0800] "GET /xingrg/javascript/auto/indicator.gif HTTP/1.1" 404 1066
124.78.60.103 - - [14/Mar/2024:10:35:45 +0800] "GET /xingrg/kc/buy/cgsh_order_operate.html?command=get_materiel&rest_code=00141&code=00101008037&supplier_code=00100008&order_time=2024-03-14 HTTP/1.1" 200 413
172.20.0.100 - - [14/Mar/2024:10:35:52 +0800] "GET /xingrg/all/function/internal_message.html?_=1710383763089&CODE_STATE=getMsg HTTP/1.1" 200 27
116.224.254.208 - - [14/Mar/2024:10:35:53 +0800] "GET /xingrg/kc/buy/cgsh_order_operate.html?command=get_materiel&rest_code=00151&code=00101011005&supplier_code=00100047&order_time=2024-03-14 HTTP/1.1" 200 408
172.20.0.100 - - [14/Mar/2024:10:35:54 +0800] "GET /xingrg/all/function/internal_message.html?_=1710383753263&CODE_STATE=getMsg HTTP/1.1" 200 27
124.77.241.8 - - [14/Mar/2024:10:35:54 +0800] "GET /xingrg/check_reg.html?_=1710383768919 HTTP/1.1" 200 22
221.239.169.251 - - [14/Mar/2024:10:35:55 +0800] "GET /xingrg/all/function/internal_message.html?_=1710383754131&CODE_STATE=getMsg HTTP/1.1" 302 -
180.164.1.25 - - [14/Mar/2024:10:35:56 +0800] "GET /xingrg/all/function/internal_message.html?_=1710383754991&CODE_STATE=getMsg HTTP/1.1" 200 27
180.169.147.146 - - [14/Mar/2024:10:35:57 +0800] "GET /xingrg/check_reg.html?_=1710383757596 HTTP/1.1" 200 22
180.169.147.146 - - [14/Mar/2024:10:35:57 +0800] "GET /xingrg/all/function/internal_message.html?_=1710383757599&CODE_STATE=getMsg HTTP/1.1" 200 27
124.77.241.8 - - [14/Mar/2024:10:35:57 +0800] "GET /xingrg/all/function/internal_message.html?_=1710383771735&CODE_STATE=getMsg HTTP/1.1" 200 27
222.69.132.67 - - [14/Mar/2024:10:35:59 +0800] "GET /xingrg/all/function/internal_message.html?_=1710383759491&CODE_STATE=getMsg HTTP/1.1" 200 27
61.170.233.77 - - [14/Mar/2024:10:36:00 +0800] "GET /xingrg/check_reg.html?_=1710383759156 HTTP/1.1" 200 22
124.78.60.103 - - [14/Mar/2024:10:36:00 +0800] "GET /xingrg/kc/buy/cgsh_order_operate.html?command=get_materiel&rest_code=00141&code=00101008166&supplier_code=00100008&order_time=2024-03-14 HTTP/1.1" 200 413
114.83.220.119 - - [14/Mar/2024:10:36:00 +0800] "GET /xingrg/all/function/internal_message.html?_=1710383758831&CODE_STATE=getMsg HTTP/1.1" 200 27
116.230.123.13 - - [14/Mar/2024:10:36:04 +0800] "GET /xingrg/all/function/internal_message.html?_=1710383801423&CODE_STATE=getMsg HTTP/1.1" 200 27
116.224.254.208 - - [14/Mar/2024:10:36:06 +0800] "GET /xingrg/kc/buy/cgsh_order_operate.html?command=get_materiel&rest_code=00151&code=00101011001&supplier_code=00100047&order_time=2024-03-14 HTTP/1.1" 200 423
114.89.91.180 - - [14/Mar/2024:10:36:06 +0800] "GET /xingrg/all/function/internal_message.html?_=1710383765958&CODE_STATE=getMsg HTTP/1.1" 200 27
114.89.91.180 - - [14/Mar/2024:10:36:06 +0800] "GET /xingrg/check_reg.html?_=1710383766302 HTTP/1.1" 200 22
61.170.233.77 - - [14/Mar/2024:10:36:09 +0800] "GET /xingrg/all/function/internal_message.html?_=1710383768146&CODE_STATE=getMsg HTTP/1.1" 200 27
58.40.7.146 - - [14/Mar/2024:10:36:16 +0800] "GET /xingrg/check_reg.html?_=1710383784184 HTTP/1.1" 302 -
58.40.7.146 - - [14/Mar/2024:10:36:16 +0800] "GET /xingrg/all/function/internal_message.html?_=1710383784186&CODE_STATE=getMsg HTTP/1.1" 302 -
116.238.97.31 - - [14/Mar/2024:10:36:17 +0800] "GET /xingrg/all/function/internal_message.html?_=1710383778293&CODE_STATE=getMsg HTTP/1.1" 200 27
124.78.60.103 - - [14/Mar/2024:10:36:17 +0800] "GET /xingrg/all/function/internal_message.html?_=1710383778053&CODE_STATE=getMsg HTTP/1.1" 200 27
218.79.29.78 - - [14/Mar/2024:10:36:18 +0800] "GET /xingrg/all/function/internal_message.html?_=1710383785810&CODE_STATE=getMsg HTTP/1.1" 200 27
116.224.254.208 - - [14/Mar/2024:10:36:18 +0800] "GET /xingrg/kc/buy/cgsh_order_operate.html?command=get_materiel&rest_code=00151&code=00101011010&supplier_code=00100047&order_time=2024-03-14 HTTP/1.1" 200 418
124.79.241.4 - - [14/Mar/2024:10:36:19 +0800] "GET /xingrg/all/function/internal_message.html?_=1710383797749&CODE_STATE=getMsg HTTP/1.1" 200 27
116.230.123.13 - - [14/Mar/2024:10:36:20 +0800] "GET /xingrg/all/function/internal_message.html?_=1710383817257&CODE_STATE=getMsg HTTP/1.1" 302 -
124.77.241.8 - - [14/Mar/2024:10:36:24 +0800] "GET /xingrg/kc/buy/cgsh_order_operate.html?command=get_materiel&rest_code=00146&code=00101008244&supplier_code=00100005&order_time=2024-03-14 HTTP/1.1" 200 408
101.83.145.37 - - [14/Mar/2024:10:36:28 +0800] "GET /xingrg/all/function/internal_message.html?_=1710383789995&CODE_STATE=getMsg HTTP/1.1" 200 27
101.83.145.37 - - [14/Mar/2024:10:36:28 +0800] "GET /xingrg/check_reg.html?_=1710383790086 HTTP/1.1" 200 22
180.169.147.146 - - [14/Mar/2024:10:36:32 +0800] "GET /xingrg/all/function/internal_message.html?_=1710383791045&CODE_STATE=getMsg HTTP/1.1" 302 -
116.232.194.112 - - [14/Mar/2024:10:36:37 +0800] "GET /xingrg/all/function/internal_message.html?_=1710383774522&CODE_STATE=getMsg HTTP/1.1" 200 27
124.78.60.103 - - [14/Mar/2024:10:36:38 +0800] "GET /xingrg/kc/buy/cgsh_order_operate.html?command=get_materiel&rest_code=00141&code=00101008350&supplier_code=00100008&order_time=2024-03-14 HTTP/1.1" 200 408
116.224.254.208 - - [14/Mar/2024:10:36:41 +0800] "GET /xingrg/all/function/internal_message.html?_=1710383800615&CODE_STATE=getMsg HTTP/1.1" 200 27
116.232.194.112 - - [14/Mar/2024:10:36:41 +0800] "GET /xingrg/all/function/internal_message.html?_=1710383778479&CODE_STATE=getMsg HTTP/1.1" 200 27
222.70.115.1 - - [14/Mar/2024:10:36:42 +0800] "GET /xingrg/all/function/internal_message.html?_=1710383809146&CODE_STATE=getMsg HTTP/1.1" 200 27
116.224.254.208 - - [14/Mar/2024:10:36:42 +0800] "POST /xingrg/kc/buy/cgsh_order_operate.html HTTP/1.1" 200 37
116.232.194.112 - - [14/Mar/2024:10:36:48 +0800] "POST /xingrg/kc/buy/cgsh_order_operate.html HTTP/1.1" 200 37
124.77.241.8 - - [14/Mar/2024:10:36:48 +0800] "GET /xingrg/kc/buy/cgsh_order_operate.html?command=get_materiel&rest_code=00146&code=00101008110&supplier_code=00100005&order_time=2024-03-14 HTTP/1.1" 200 409
116.232.194.112 - - [14/Mar/2024:10:36:51 +0800] "POST /xingrg/kc/buy/cgsh_order_operate.html HTTP/1.1" 200 6827
172.20.0.100 - - [14/Mar/2024:10:36:52 +0800] "GET /xingrg/all/function/internal_message.html?_=1710383823116&CODE_STATE=getMsg HTTP/1.1" 200 27
116.232.194.112 - - [14/Mar/2024:10:36:53 +0800] "GET /xingrg/kc/print/load_data.html?order_code=212024031404025&kc_code=cgsh&condition= HTTP/1.1" 200 2253
172.20.0.100 - - [14/Mar/2024:10:36:54 +0800] "GET /xingrg/all/function/internal_message.html?_=1710383813265&CODE_STATE=getMsg HTTP/1.1" 200 27
116.224.254.208 - - [14/Mar/2024:10:36:55 +0800] "POST /xingrg/kc/buy/cgsh_order_operate.html HTTP/1.1" 200 12
221.239.169.251 - - [14/Mar/2024:10:36:55 +0800] "GET /xingrg/all/function/internal_message.html?_=1710383814137&CODE_STATE=getMsg HTTP/1.1" 302 -
180.164.1.25 - - [14/Mar/2024:10:36:56 +0800] "GET /xingrg/all/function/internal_message.html?_=1710383814978&CODE_STATE=getMsg HTTP/1.1" 200 27
180.169.147.146 - - [14/Mar/2024:10:36:57 +0800] "GET /xingrg/all/function/internal_message.html?_=1710383817600&CODE_STATE=getMsg HTTP/1.1" 200 27
124.77.241.8 - - [14/Mar/2024:10:36:57 +0800] "GET /xingrg/all/function/internal_message.html?_=1710383831749&CODE_STATE=getMsg HTTP/1.1" 200 27
222.69.132.67 - - [14/Mar/2024:10:36:59 +0800] "GET /xingrg/all/function/internal_message.html?_=1710383819511&CODE_STATE=getMsg HTTP/1.1" 200 27
124.77.241.8 - - [14/Mar/2024:10:36:59 +0800] "GET /xingrg/kc/buy/cgsh_order_operate.html?command=get_materiel&rest_code=00146&code=00101008028&supplier_code=00100005&order_time=2024-03-14 HTTP/1.1" 200 412
180.163.29.219 - - [14/Mar/2024:10:37:00 +0800] "GET /xingrg/check_reg.html?_=1710383759156 HTTP/1.1" 302 -
180.163.29.219 - - [14/Mar/2024:10:37:00 +0800] "GET /xingrg/login.html HTTP/1.1" 200 7641
124.78.60.103 - - [14/Mar/2024:10:37:00 +0800] "GET /xingrg/kc/buy/cgsh_order_operate.html?command=get_materiel&rest_code=00141&code=00101008172&supplier_code=00100008&order_time=2024-03-14 HTTP/1.1" 200 412
114.83.220.119 - - [14/Mar/2024:10:37:00 +0800] "GET /xingrg/all/function/internal_message.html?_=1710383818818&CODE_STATE=getMsg HTTP/1.1" 200 27
116.224.254.208 - - [14/Mar/2024:10:37:02 +0800] "GET /xingrg/kc/buy/cgsh_order_info.html?code=212024031404024 HTTP/1.1" 200 68162
116.224.254.208 - - [14/Mar/2024:10:37:02 +0800] "GET /xingrg/javascript/easyui/themes/default/validatebox.css HTTP/1.1" 404 1104
116.224.254.208 - - [14/Mar/2024:10:37:03 +0800] "POST /xingrg/kc/buy/cgsh_order_operate.html HTTP/1.1" 200 1828
116.230.123.13 - - [14/Mar/2024:10:37:04 +0800] "GET /xingrg/all/function/internal_message.html?_=1710383861398&CODE_STATE=getMsg HTTP/1.1" 200 27
124.79.241.4 - - [14/Mar/2024:10:37:05 +0800] "GET /xingrg/kc/report/report_main.html HTTP/1.1" 200 7340
114.89.91.180 - - [14/Mar/2024:10:37:06 +0800] "GET /xingrg/all/function/internal_message.html?_=1710383825936&CODE_STATE=getMsg HTTP/1.1" 200 27
116.224.254.208 - - [14/Mar/2024:10:37:06 +0800] "GET /xingrg/kc/print/load_data.html?order_code=212024031404024&kc_code=cgsh&condition= HTTP/1.1" 200 1244
116.232.194.112 - - [14/Mar/2024:10:37:06 +0800] "POST /xingrg/kc/buy/cgsh_list_operate.html HTTP/1.1" 200 1648
124.79.241.4 - - [14/Mar/2024:10:37:08 +0800] "GET /xingrg/all/report/report_query.html?fileName=kc/buy/gys_amount.xml&rh=99999 HTTP/1.1" 200 52006
124.79.241.4 - - [14/Mar/2024:10:37:08 +0800] "GET /xingrg/dwr/engine.js HTTP/1.1" 200 43631
124.79.241.4 - - [14/Mar/2024:10:37:08 +0800] "GET /xingrg/dwr/util.js HTTP/1.1" 304 -
124.79.241.4 - - [14/Mar/2024:10:37:08 +0800] "GET /xingrg/dwr/interface/AjaxReportQueryService.js HTTP/1.1" 200 13203
124.79.241.4 - - [14/Mar/2024:10:37:08 +0800] "POST /xingrg/dwr/call/plaincall/AjaxReportQueryService.getFixDate.dwr HTTP/1.1" 200 111
61.170.233.77 - - [14/Mar/2024:10:37:09 +0800] "GET /xingrg/all/function/internal_message.html?_=1710383828129&CODE_STATE=getMsg HTTP/1.1" 200 27
124.79.241.4 - - [14/Mar/2024:10:37:09 +0800] "POST /xingrg/dwr/call/plaincall/AjaxReportQueryService.getInitString.dwr HTTP/1.1" 200 1023
124.79.241.4 - - [14/Mar/2024:10:37:09 +0800] "POST /xingrg/all/common/load_tree.html?tree=materiel_sort_tree_json HTTP/1.1" 200 9734
124.79.241.4 - - [14/Mar/2024:10:37:10 +0800] "POST /xingrg/all/common/load_tree.html?tree=supplier_tree_json&manage=1 HTTP/1.1" 200 81197
116.232.194.112 - - [14/Mar/2024:10:37:10 +0800] "GET /xingrg/kc/buy/cgsh_order_add.html HTTP/1.1" 200 73743
116.232.194.112 - - [14/Mar/2024:10:37:10 +0800] "POST /xingrg/kc/buy/cgsh_order_operate.html HTTP/1.1" 200 8245
116.232.194.112 - - [14/Mar/2024:10:37:10 +0800] "GET /xingrg/javascript/easyui/themes/default/validatebox.css HTTP/1.1" 404 1104
61.170.233.77 - - [14/Mar/2024:10:37:11 +0800] "GET /favicon.ico HTTP/1.1" 404 -
124.77.241.8 - - [14/Mar/2024:10:37:12 +0800] "GET /xingrg/kc/buy/cgsh_order_operate.html?command=get_materiel&rest_code=00146&code=00101008224&supplier_code=00100005&order_time=2024-03-14 HTTP/1.1" 200 416
58.40.7.146 - - [14/Mar/2024:10:37:16 +0800] "GET /xingrg/all/function/internal_message.html?_=1710383844183&CODE_STATE=getMsg HTTP/1.1" 302 -
116.238.97.31 - - [14/Mar/2024:10:37:17 +0800] "GET /xingrg/all/function/internal_message.html?_=1710383838309&CODE_STATE=getMsg HTTP/1.1" 200 27
124.78.60.103 - - [14/Mar/2024:10:37:17 +0800] "GET /xingrg/all/function/internal_message.html?_=1710383838022&CODE_STATE=getMsg HTTP/1.1" 200 27
218.79.29.78 - - [14/Mar/2024:10:37:18 +0800] "GET /xingrg/all/function/internal_message.html?_=1710383845812&CODE_STATE=getMsg HTTP/1.1" 200 27
124.79.241.4 - - [14/Mar/2024:10:37:19 +0800] "GET /xingrg/all/function/internal_message.html?_=1710383857737&CODE_STATE=getMsg HTTP/1.1" 200 27
116.230.123.13 - - [14/Mar/2024:10:37:20 +0800] "GET /xingrg/all/function/internal_message.html?_=1710383877245&CODE_STATE=getMsg HTTP/1.1" 302 -
116.230.123.13 - - [14/Mar/2024:10:37:20 +0800] "GET /xingrg/check_reg.html?_=1710383877246 HTTP/1.1" 302 -
61.170.233.77 - - [14/Mar/2024:10:37:20 +0800] "GET /xingrg/login.html?r=1 HTTP/1.1" 200 7641
61.170.233.77 - - [14/Mar/2024:10:37:20 +0800] "GET /xingrg/images/blue/jxLogo.png HTTP/1.1" 304 -
61.170.233.77 - - [14/Mar/2024:10:37:20 +0800] "GET /xingrg/images/blue/login_bg.png HTTP/1.1" 304 -
61.170.233.77 - - [14/Mar/2024:10:37:20 +0800] "GET /xingrg/images/blue/hj.png HTTP/1.1" 304 -
61.170.233.77 - - [14/Mar/2024:10:37:20 +0800] "GET /xingrg/images/blue/srbg.png HTTP/1.1" 304 -
61.170.233.77 - - [14/Mar/2024:10:37:21 +0800] "GET /favicon.ico HTTP/1.1" 404 -
61.170.233.77 - - [14/Mar/2024:10:37:24 +0800] "POST /xingrg/login.do HTTP/1.1" 302 -
61.170.233.77 - - [14/Mar/2024:10:37:24 +0800] "GET /xingrg/index.html?sysBaseUrl=http%3A%2F%2F180.169.147.146%3A18081%2Fxingrg%2F&costTime=837×tamp=1710383844114 HTTP/1.1" 200 17173
61.170.233.77 - - [14/Mar/2024:10:37:24 +0800] "GET /xingrg/javascript/jquery_easy_ui/themes/default/easyui.css HTTP/1.1" 304 -
61.170.233.77 - - [14/Mar/2024:10:37:24 +0800] "GET /xingrg/javascript/jquery_easy_ui/themes/icon.css HTTP/1.1" 304 -
61.170.233.77 - - [14/Mar/2024:10:37:24 +0800] "GET /xingrg/javascript/jquery-1.4.2.min.js HTTP/1.1" 304 -
61.170.233.77 - - [14/Mar/2024:10:37:24 +0800] "GET /xingrg/css/form.css HTTP/1.1" 304 -
61.170.233.77 - - [14/Mar/2024:10:37:24 +0800] "GET /xingrg/javascript/jquery_easy_ui/jquery.easyui.min.js HTTP/1.1" 304 -
61.170.233.77 - - [14/Mar/2024:10:37:24 +0800] "GET /xingrg/javascript/jquery_easy_ui/easyui-lang-zh_CN.js HTTP/1.1" 304 -
61.170.233.77 - - [14/Mar/2024:10:37:24 +0800] "GET /xingrg/javascript/jquery.utils.js HTTP/1.1" 304 -
61.170.233.77 - - [14/Mar/2024:10:37:24 +0800] "GET /xingrg/javascript/jquery.form.js HTTP/1.1" 304 -
61.170.233.77 - - [14/Mar/2024:10:37:24 +0800] "GET /xingrg/javascript/jquery.timers.js HTTP/1.1" 304 -
61.170.233.77 - - [14/Mar/2024:10:37:24 +0800] "GET /favicon.ico HTTP/1.1" 404 -
61.170.233.77 - - [14/Mar/2024:10:37:24 +0800] "GET /xingrg/javascript/jquery_easy_ui/themes/icons/settle_new.png HTTP/1.1" 304 -
61.170.233.77 - - [14/Mar/2024:10:37:24 +0800] "GET /xingrg/images/blue/navBackgound.jpg HTTP/1.1" 304 -
61.170.233.77 - - [14/Mar/2024:10:37:24 +0800] "GET /xingrg/all/function/internal_message.html?_=1710383844253&CODE_STATE=count HTTP/1.1" 200 11
61.170.233.77 - - [14/Mar/2024:10:37:24 +0800] "GET /xingrg/check_reg.html?_=1710383844255 HTTP/1.1" 200 22
61.170.233.77 - - [14/Mar/2024:10:37:24 +0800] "GET /xingrg/images/blue/pingpu.png HTTP/1.1" 304 -
61.170.233.77 - - [14/Mar/2024:10:37:24 +0800] "GET /xingrg/javascript/jquery_easy_ui/themes/default/images/tabs_leftarrow.png HTTP/1.1" 304 -
61.170.233.77 - - [14/Mar/2024:10:37:24 +0800] "GET /xingrg/javascript/jquery_easy_ui/themes/default/images/tabs_rightarrow.png HTTP/1.1" 304 -
61.170.233.77 - - [14/Mar/2024:10:37:24 +0800] "GET /xingrg/javascript/jquery_easy_ui/themes/default/images/panel_tool_collapse.gif HTTP/1.1" 304 -
61.170.233.77 - - [14/Mar/2024:10:37:24 +0800] "POST /xingrg/all/common/load_tree.html?tree=area_rest_tree_json&manage=1 HTTP/1.1" 200 342
61.170.233.77 - - [14/Mar/2024:10:37:24 +0800] "POST /xingrg/load_menu.html HTTP/1.1" 200 5138
61.170.233.77 - - [14/Mar/2024:10:37:24 +0800] "GET /xingrg/javascript/jquery_easy_ui/themes/default/images/tree_arrows.gif HTTP/1.1" 304 -
61.170.233.77 - - [14/Mar/2024:10:37:24 +0800] "GET /xingrg/javascript/jquery_easy_ui/themes/default/images/tree_folder_open.gif HTTP/1.1" 304 -
61.170.233.77 - - [14/Mar/2024:10:37:24 +0800] "GET /xingrg/javascript/jquery_easy_ui/themes/icons/search_new.png HTTP/1.1" 304 -
61.170.233.77 - - [14/Mar/2024:10:37:24 +0800] "GET /xingrg/javascript/jquery_easy_ui/themes/default/images/tree_folder.gif HTTP/1.1" 304 -
61.170.233.77 - - [14/Mar/2024:10:37:24 +0800] "GET /xingrg/javascript/jquery_easy_ui/themes/icons/storage_new.png HTTP/1.1" 304 -
61.170.233.77 - - [14/Mar/2024:10:37:24 +0800] "GET /xingrg/javascript/jquery_easy_ui/themes/icons/forms_new.png HTTP/1.1" 304 -
61.170.233.77 - - [14/Mar/2024:10:37:24 +0800] "GET /xingrg/javascript/jquery_easy_ui/themes/default/images/tree_file.gif HTTP/1.1" 304 -
61.170.233.77 - - [14/Mar/2024:10:37:26 +0800] "GET /xingrg/kc/buy/buy_main.html HTTP/1.1" 200 12412
61.170.233.77 - - [14/Mar/2024:10:37:26 +0800] "GET /xingrg/javascript/jquery_easy_ui/themes/default/images/tabs_close.gif HTTP/1.1" 304 -
61.170.233.77 - - [14/Mar/2024:10:37:26 +0800] "GET /xingrg/css/blue.css HTTP/1.1" 304 -
61.170.233.77 - - [14/Mar/2024:10:37:26 +0800] "GET /xingrg/css/new_ie.css HTTP/1.1" 404 1036
61.170.233.77 - - [14/Mar/2024:10:37:26 +0800] "GET /xingrg/javascript/jquery_ui/themes/humanity/humanity.css HTTP/1.1" 304 -
61.170.233.77 - - [14/Mar/2024:10:37:26 +0800] "GET /xingrg/javascript/pic_change.js HTTP/1.1" 304 -
61.170.233.77 - - [14/Mar/2024:10:37:26 +0800] "GET /xingrg/javascript/ToolTips.js HTTP/1.1" 304 -
61.170.233.77 - - [14/Mar/2024:10:37:26 +0800] "GET /xingrg/javascript/myfunction.js HTTP/1.1" 304 -
61.170.233.77 - - [14/Mar/2024:10:37:26 +0800] "GET /xingrg/javascript/jquery_ui/jquery-ui.min.js HTTP/1.1" 304 -
61.170.233.77 - - [14/Mar/2024:10:37:26 +0800] "GET /xingrg/images/blue/button/cgxqd.gif HTTP/1.1" 304 -
61.170.233.77 - - [14/Mar/2024:10:37:26 +0800] "GET /xingrg/images/blue/button/cgydd.gif HTTP/1.1" 304 -
61.170.233.77 - - [14/Mar/2024:10:37:26 +0800] "GET /xingrg/images/blue/button/cgshd.gif HTTP/1.1" 304 -
61.170.233.77 - - [14/Mar/2024:10:37:26 +0800] "GET /xingrg/images/blue/button/cgfkd.gif HTTP/1.1" 304 -
61.170.233.77 - - [14/Mar/2024:10:37:26 +0800] "GET /xingrg/images/blue/button/kc.gif HTTP/1.1" 304 -
61.170.233.77 - - [14/Mar/2024:10:37:26 +0800] "GET /xingrg/images/blue/button/ckthd.gif HTTP/1.1" 304 -
61.170.233.77 - - [14/Mar/2024:10:37:26 +0800] "GET /xingrg/images/blue/pic_form2.gif HTTP/1.1" 304 -
61.170.233.77 - - [14/Mar/2024:10:37:26 +0800] "GET /xingrg/javascript/jquery_ui/themes/humanity/images/ui-bg_inset-soft_100_f4f0ec_1x100.png HTTP/1.1" 304 -
61.170.233.77 - - [14/Mar/2024:10:37:26 +0800] "GET /xingrg/images/blue/bg_dotted.jpg HTTP/1.1" 304 -
61.170.233.77 - - [14/Mar/2024:10:37:26 +0800] "GET /xingrg/images/blue/button/right_ah.jpg HTTP/1.1" 304 -
61.170.233.77 - - [14/Mar/2024:10:37:26 +0800] "GET /xingrg/images/blue/button/down_ah.jpg HTTP/1.1" 304 -
61.170.233.77 - - [14/Mar/2024:10:37:26 +0800] "GET /xingrg/javascript/jquery_ui/themes/humanity/images/ui-iconsnew.jpg HTTP/1.1" 304 -
61.170.233.77 - - [14/Mar/2024:10:37:26 +0800] "GET /xingrg/javascript/jquery_ui/themes/humanity/images/ui-icons_ffffff_256x240.png HTTP/1.1" 304 -
61.170.233.77 - - [14/Mar/2024:10:37:26 +0800] "GET /xingrg/javascript/jquery_ui/themes/humanity/images/ui-icons_c47a23_256x240.png HTTP/1.1" 304 -
61.170.233.77 - - [14/Mar/2024:10:37:26 +0800] "GET /xingrg/javascript/jquery_ui/themes/humanity/images/ui-bg_glass_70_ede4d4_1x400.png HTTP/1.1" 304 -
124.77.241.8 - - [14/Mar/2024:10:37:27 +0800] "GET /xingrg/kc/buy/cgsh_order_operate.html?command=get_materiel&rest_code=00146&code=00101008264&supplier_code=00100005&order_time=2024-03-14 HTTP/1.1" 200 412
61.170.233.77 - - [14/Mar/2024:10:37:28 +0800] "GET /xingrg/images/yd/bt.gif HTTP/1.1" 404 1040
101.83.145.37 - - [14/Mar/2024:10:37:28 +0800] "GET /xingrg/all/function/internal_message.html?_=1710383849991&CODE_STATE=getMsg HTTP/1.1" 200 27
61.170.233.77 - - [14/Mar/2024:10:37:29 +0800] "GET /xingrg/kc/buy/cgsh_order_list.html HTTP/1.1" 200 57880
61.170.233.77 - - [14/Mar/2024:10:37:29 +0800] "GET /xingrg/css/base.css HTTP/1.1" 304 -
61.170.233.77 - - [14/Mar/2024:10:37:29 +0800] "GET /xingrg/css/site.css HTTP/1.1" 304 -
61.170.233.77 - - [14/Mar/2024:10:37:29 +0800] "GET /xingrg/javascript/jquery_tools/datebox.css HTTP/1.1" 304 -
61.170.233.77 - - [14/Mar/2024:10:37:29 +0800] "GET /xingrg/javascript/easyui/themes/default/easyui.css HTTP/1.1" 304 -
61.170.233.77 - - [14/Mar/2024:10:37:29 +0800] "GET /xingrg/javascript/easyui/themes/icon.css HTTP/1.1" 304 -
61.170.233.77 - - [14/Mar/2024:10:37:29 +0800] "GET /xingrg/javascript/auto/jquery.autocomplete.css HTTP/1.1" 304 -
61.170.233.77 - - [14/Mar/2024:10:37:29 +0800] "GET /xingrg/javascript/jquery_tools/fix.css HTTP/1.1" 304 -
61.170.233.77 - - [14/Mar/2024:10:37:29 +0800] "GET /xingrg/javascript/jquery_tools/table.css HTTP/1.1" 304 -
61.170.233.77 - - [14/Mar/2024:10:37:29 +0800] "GET /xingrg/javascript/jquery_tools/jquery.tools.min.js HTTP/1.1" 304 -
61.170.233.77 - - [14/Mar/2024:10:37:29 +0800] "GET /xingrg/javascript/jquery_tools/jquery.tools.extend.js HTTP/1.1" 304 -
61.170.233.77 - - [14/Mar/2024:10:37:29 +0800] "GET /xingrg/javascript/jquery_tools/jquery.tools.hotkey.js HTTP/1.1" 304 -
61.170.233.77 - - [14/Mar/2024:10:37:29 +0800] "GET /xingrg/javascript/jquery_tools/jquery.tools.table.js HTTP/1.1" 304 -
61.170.233.77 - - [14/Mar/2024:10:37:29 +0800] "GET /xingrg/javascript/jquery_tools/list_manager.js HTTP/1.1" 304 -
61.170.233.77 - - [14/Mar/2024:10:37:29 +0800] "GET /xingrg/javascript/auto/jquery.autocomplete.js HTTP/1.1" 304 -
61.170.233.77 - - [14/Mar/2024:10:37:29 +0800] "GET /xingrg/javascript/easyui/easyloader.js HTTP/1.1" 304 -
61.170.233.77 - - [14/Mar/2024:10:37:29 +0800] "GET /xingrg/javascript/jquery.cookie.js HTTP/1.1" 304 -
61.170.233.77 - - [14/Mar/2024:10:37:29 +0800] "GET /xingrg/javascript/print/LodopFuncs.js HTTP/1.1" 304 -
61.170.233.77 - - [14/Mar/2024:10:37:29 +0800] "GET /xingrg/javascript/easyui/themes/icons/check_new.png HTTP/1.1" 304 -
61.170.233.77 - - [14/Mar/2024:10:37:29 +0800] "GET /xingrg/javascript/easyui/themes/icons/cance_new.png HTTP/1.1" 304 -
61.170.233.77 - - [14/Mar/2024:10:37:29 +0800] "GET /xingrg/javascript/easyui/themes/icons/field_new.png HTTP/1.1" 304 -
61.170.233.77 - - [14/Mar/2024:10:37:29 +0800] "GET /xingrg/javascript/easyui/themes/icons/import_new.png HTTP/1.1" 304 -
61.170.233.77 - - [14/Mar/2024:10:37:29 +0800] "GET /xingrg/javascript/easyui/themes/icons/edit_add_new.png HTTP/1.1" 304 -
61.170.233.77 - - [14/Mar/2024:10:37:29 +0800] "GET /xingrg/javascript/easyui/plugins/jquery.parser.js HTTP/1.1" 304 -
61.170.233.77 - - [14/Mar/2024:10:37:29 +0800] "GET /xingrg/images/control/ajaxLoader.gif HTTP/1.1" 304 -
180.169.147.146 - - [14/Mar/2024:10:37:32 +0800] "GET /xingrg/all/function/internal_message.html?_=1710383851046&CODE_STATE=getMsg HTTP/1.1" 302 -
61.170.233.77 - - [14/Mar/2024:10:37:33 +0800] "POST /xingrg/kc/buy/cgsh_list_operate.html HTTP/1.1" 200 1378
61.170.233.77 - - [14/Mar/2024:10:37:35 +0800] "GET /xingrg/javascript/easyui/themes/default/images/button_plain_hover.png HTTP/1.1" 304 -
61.170.233.77 - - [14/Mar/2024:10:37:36 +0800] "GET /xingrg/kc/buy/cgsh_order_add.html HTTP/1.1" 200 73649
61.170.233.77 - - [14/Mar/2024:10:37:36 +0800] "GET /xingrg/javascript/jquery_tools/order_manager.js HTTP/1.1" 304 -
61.170.233.77 - - [14/Mar/2024:10:37:36 +0800] "GET /xingrg/javascript/convert.js HTTP/1.1" 304 -
61.170.233.77 - - [14/Mar/2024:10:37:36 +0800] "GET /xingrg/javascript/json2.js HTTP/1.1" 304 -
61.170.233.77 - - [14/Mar/2024:10:37:36 +0800] "GET /xingrg/javascript/print/kc_print.js HTTP/1.1" 304 -
61.170.233.77 - - [14/Mar/2024:10:37:36 +0800] "GET /xingrg/words/20240312190758_words.js HTTP/1.1" 200 1015516
61.170.233.77 - - [14/Mar/2024:10:37:36 +0800] "GET /xingrg/javascript/easyui/themes/icons/copy_new.png HTTP/1.1" 304 -
61.170.233.77 - - [14/Mar/2024:10:37:36 +0800] "GET /xingrg/javascript/easyui/themes/icons/template_new.png HTTP/1.1" 200 3956
61.170.233.77 - - [14/Mar/2024:10:37:36 +0800] "GET /xingrg/javascript/easyui/themes/icons/ok.png HTTP/1.1" 200 883
61.170.233.77 - - [14/Mar/2024:10:37:36 +0800] "GET /xingrg/javascript/easyui/themes/icons/print.png HTTP/1.1" 304 -
61.170.233.77 - - [14/Mar/2024:10:37:36 +0800] "GET /xingrg/javascript/easyui/themes/default/images/menu_downarrow.png HTTP/1.1" 304 -
61.170.233.77 - - [14/Mar/2024:10:37:36 +0800] "GET /xingrg/javascript/easyui/themes/icons/cancel.png HTTP/1.1" 304 -
61.170.233.77 - - [14/Mar/2024:10:37:36 +0800] "POST /xingrg/kc/buy/cgsh_order_operate.html HTTP/1.1" 200 8245
61.170.233.77 - - [14/Mar/2024:10:37:36 +0800] "GET /xingrg/javascript/easyui/themes/default/validatebox.css HTTP/1.1" 404 1104
61.170.233.77 - - [14/Mar/2024:10:37:36 +0800] "GET /xingrg/javascript/easyui/plugins/jquery.validatebox.js HTTP/1.1" 304 -
61.170.233.77 - - [14/Mar/2024:10:37:36 +0800] "GET /xingrg/javascript/easyui/plugins/jquery.numberbox.js HTTP/1.1" 304 -
61.170.233.77 - - [14/Mar/2024:10:37:36 +0800] "GET /xingrg/all/common/auto_word.html?type=employee&rest_code=00106 HTTP/1.1" 200 205
61.170.233.77 - - [14/Mar/2024:10:37:36 +0800] "GET /xingrg/javascript/easyui/themes/icons/edit_remove.png HTTP/1.1" 304 -
61.170.233.77 - - [14/Mar/2024:10:37:36 +0800] "GET /xingrg/all/common/auto_word.html?type=employee&rest_code=00106 HTTP/1.1" 200 205
124.78.60.103 - - [14/Mar/2024:10:37:37 +0800] "GET /xingrg/kc/buy/cgsh_order_operate.html?command=get_materiel&rest_code=00141&code=00101008338&supplier_code=00100008&order_time=2024-03-14 HTTP/1.1" 200 408
116.232.194.112 - - [14/Mar/2024:10:37:37 +0800] "GET /xingrg/all/function/internal_message.html?_=1710383834513&CODE_STATE=getMsg HTTP/1.1" 200 27
116.224.254.208 - - [14/Mar/2024:10:37:38 +0800] "GET /xingrg/all/function/internal_message.html?_=1710383858196&CODE_STATE=getMsg HTTP/1.1" 200 27
61.170.233.77 - - [14/Mar/2024:10:37:38 +0800] "GET /xingrg/javascript/easyui/plugins/jquery.draggable.js HTTP/1.1" 200 6121
61.170.233.77 - - [14/Mar/2024:10:37:38 +0800] "GET /xingrg/css/images/panel_loading.gif HTTP/1.1" 200 1737
61.170.233.77 - - [14/Mar/2024:10:37:38 +0800] "GET /xingrg/javascript/easyui/plugins/jquery.droppable.js HTTP/1.1" 200 1167
61.170.233.77 - - [14/Mar/2024:10:37:38 +0800] "GET /xingrg/javascript/easyui/themes/default/tree.css HTTP/1.1" 404 1090
61.170.233.77 - - [14/Mar/2024:10:37:38 +0800] "GET /xingrg/javascript/easyui/plugins/jquery.tree.js HTTP/1.1" 200 20874
61.170.233.77 - - [14/Mar/2024:10:37:39 +0800] "POST /xingrg/all/common/load_tree.html?tree=supplier_tree_json&isDelete=1 HTTP/1.1" 200 78788
124.77.241.8 - - [14/Mar/2024:10:37:40 +0800] "GET /xingrg/kc/buy/cgsh_order_operate.html?command=get_materiel&rest_code=00146&code=00101008357&supplier_code=00100005&order_time=2024-03-14 HTTP/1.1" 200 408
61.170.233.77 - - [14/Mar/2024:10:37:41 +0800] "GET /xingrg/javascript/easyui/themes/default/images/tree_arrows.gif HTTP/1.1" 200 617
61.170.233.77 - - [14/Mar/2024:10:37:41 +0800] "GET /xingrg/javascript/easyui/themes/default/images/tree_folder_open.gif HTTP/1.1" 200 956
61.170.233.77 - - [14/Mar/2024:10:37:41 +0800] "GET /xingrg/javascript/easyui/themes/default/images/tree_folder.gif HTTP/1.1" 200 952
61.170.233.77 - - [14/Mar/2024:10:37:41 +0800] "GET /xingrg/javascript/easyui/themes/default/images/tree_file.gif HTTP/1.1" 200 118
116.224.254.208 - - [14/Mar/2024:10:37:41 +0800] "GET /xingrg/all/function/internal_message.html?_=1710383860601&CODE_STATE=getMsg HTTP/1.1" 200 27
116.232.194.112 - - [14/Mar/2024:10:37:41 +0800] "GET /xingrg/all/function/internal_message.html?_=1710383838482&CODE_STATE=getMsg HTTP/1.1" 200 27
222.70.115.1 - - [14/Mar/2024:10:37:42 +0800] "GET /xingrg/all/function/internal_message.html?_=1710383869146&CODE_STATE=getMsg HTTP/1.1" 200 27
116.230.123.13 - - [14/Mar/2024:10:37:43 +0800] "GET /xingrg/check_reg.html?_=1710383900464 HTTP/1.1" 200 22
124.78.60.103 - - [14/Mar/2024:10:37:48 +0800] "GET /xingrg/kc/buy/cgsh_order_operate.html?command=get_materiel&rest_code=00141&code=00101008331&supplier_code=00100008&order_time=2024-03-14 HTTP/1.1" 200 416
172.20.0.100 - - [14/Mar/2024:10:37:52 +0800] "GET /xingrg/all/function/internal_message.html?_=1710383883114&CODE_STATE=getMsg HTTP/1.1" 200 27
172.20.0.100 - - [14/Mar/2024:10:37:52 +0800] "GET /xingrg/check_reg.html?_=1710383883115 HTTP/1.1" 200 22
124.77.241.8 - - [14/Mar/2024:10:37:53 +0800] "GET /xingrg/kc/buy/cgsh_order_operate.html?command=get_materiel&rest_code=00146&code=00101008296&supplier_code=00100005&order_time=2024-03-14 HTTP/1.1" 200 416
172.20.0.100 - - [14/Mar/2024:10:37:54 +0800] "GET /xingrg/all/function/internal_message.html?_=1710383873267&CODE_STATE=getMsg HTTP/1.1" 200 27
221.239.169.251 - - [14/Mar/2024:10:37:55 +0800] "GET /xingrg/all/function/internal_message.html?_=1710383874141&CODE_STATE=getMsg HTTP/1.1" 302 -
180.164.1.25 - - [14/Mar/2024:10:37:56 +0800] "GET /xingrg/all/function/internal_message.html?_=1710383874978&CODE_STATE=getMsg HTTP/1.1" 200 27
180.169.147.146 - - [14/Mar/2024:10:37:57 +0800] "GET /xingrg/all/function/internal_message.html?_=1710383877600&CODE_STATE=getMsg HTTP/1.1" 200 27
124.77.241.8 - - [14/Mar/2024:10:37:57 +0800] "GET /xingrg/all/function/internal_message.html?_=1710383891764&CODE_STATE=getMsg HTTP/1.1" 200 27
222.69.132.67 - - [14/Mar/2024:10:37:59 +0800] "GET /xingrg/check_reg.html?_=1710383879512 HTTP/1.1" 200 22
222.69.132.67 - - [14/Mar/2024:10:37:59 +0800] "GET /xingrg/all/function/internal_message.html?_=1710383879515&CODE_STATE=getMsg HTTP/1.1" 200 27
61.170.233.77 - - [14/Mar/2024:10:37:59 +0800] "GET /xingrg/javascript/auto/indicator.gif HTTP/1.1" 404 1066
124.79.241.4 - - [14/Mar/2024:10:38:00 +0800] "GET /xingrg/all/report/report_query.html?fileName=kc/buy/gys_amount.xml&rh=99999 HTTP/1.1" 200 52006
124.79.241.4 - - [14/Mar/2024:10:38:00 +0800] "GET /xingrg/dwr/engine.js HTTP/1.1" 200 43631
124.79.241.4 - - [14/Mar/2024:10:38:00 +0800] "GET /xingrg/dwr/interface/AjaxReportQueryService.js HTTP/1.1" 200 13203
114.83.220.119 - - [14/Mar/2024:10:38:00 +0800] "GET /xingrg/all/function/internal_message.html?_=1710383878797&CODE_STATE=getMsg HTTP/1.1" 200 27
124.79.241.4 - - [14/Mar/2024:10:38:00 +0800] "POST /xingrg/dwr/call/plaincall/AjaxReportQueryService.getFixDate.dwr HTTP/1.1" 200 111
124.79.241.4 - - [14/Mar/2024:10:38:01 +0800] "POST /xingrg/dwr/call/plaincall/AjaxReportQueryService.getInitString.dwr HTTP/1.1" 200 1023
124.79.241.4 - - [14/Mar/2024:10:38:01 +0800] "POST /xingrg/all/common/load_tree.html?tree=materiel_sort_tree_json HTTP/1.1" 200 9734
124.79.241.4 - - [14/Mar/2024:10:38:01 +0800] "POST /xingrg/all/common/load_tree.html?tree=supplier_tree_json&manage=1 HTTP/1.1" 200 81197
116.230.123.13 - - [14/Mar/2024:10:38:04 +0800] "GET /xingrg/all/function/internal_message.html?_=1710383921378&CODE_STATE=getMsg HTTP/1.1" 200 27
114.89.91.180 - - [14/Mar/2024:10:38:06 +0800] "GET /xingrg/all/function/internal_message.html?_=1710383885932&CODE_STATE=getMsg HTTP/1.1" 200 27
124.77.241.8 - - [14/Mar/2024:10:38:06 +0800] "GET /xingrg/kc/buy/cgsh_order_operate.html?command=get_materiel&rest_code=00146&code=00101016122&supplier_code=00100005&order_time=2024-03-14 HTTP/1.1" 200 409
61.170.233.77 - - [14/Mar/2024:10:38:09 +0800] "GET /xingrg/all/function/internal_message.html?_=1710383888104&CODE_STATE=getMsg HTTP/1.1" 200 27
58.40.7.146 - - [14/Mar/2024:10:38:16 +0800] "GET /xingrg/all/function/internal_message.html?_=1710383904196&CODE_STATE=getMsg HTTP/1.1" 302 -
116.238.97.31 - - [14/Mar/2024:10:38:17 +0800] "GET /xingrg/check_reg.html?_=1710383898296 HTTP/1.1" 200 22
116.238.97.31 - - [14/Mar/2024:10:38:17 +0800] "GET /xingrg/all/function/internal_message.html?_=1710383898298&CODE_STATE=getMsg HTTP/1.1" 200 27
124.78.60.103 - - [14/Mar/2024:10:38:17 +0800] "GET /xingrg/all/function/internal_message.html?_=1710383897995&CODE_STATE=getMsg HTTP/1.1" 200 27
218.79.29.78 - - [14/Mar/2024:10:38:18 +0800] "GET /xingrg/all/function/internal_message.html?_=1710383905813&CODE_STATE=getMsg HTTP/1.1" 200 27
218.79.29.78 - - [14/Mar/2024:10:38:18 +0800] "GET /xingrg/check_reg.html?_=1710383905820 HTTP/1.1" 200 22
124.78.60.103 - - [14/Mar/2024:10:38:18 +0800] "GET /xingrg/kc/buy/cgsh_order_operate.html?command=get_materiel&rest_code=00141&code=00101008215&supplier_code=00100008&order_time=2024-03-14 HTTP/1.1" 200 413
124.79.241.4 - - [14/Mar/2024:10:38:19 +0800] "GET /xingrg/all/function/internal_message.html?_=1710383917716&CODE_STATE=getMsg HTTP/1.1" 200 27
116.230.123.13 - - [14/Mar/2024:10:38:20 +0800] "GET /xingrg/all/function/internal_message.html?_=1710383937253&CODE_STATE=getMsg HTTP/1.1" 302 -
61.170.233.77 - - [14/Mar/2024:10:38:24 +0800] "GET /xingrg/all/function/internal_message.html?_=1710383904262&CODE_STATE=getMsg HTTP/1.1" 200 27
101.83.145.37 - - [14/Mar/2024:10:38:28 +0800] "GET /xingrg/all/function/internal_message.html?_=1710383909991&CODE_STATE=getMsg HTTP/1.1" 200 27
124.77.241.8 - - [14/Mar/2024:10:38:31 +0800] "GET /xingrg/kc/buy/cgsh_order_operate.html?command=get_materiel&rest_code=00146&code=00101008285&supplier_code=00100005&order_time=2024-03-14 HTTP/1.1" 200 413
180.169.147.146 - - [14/Mar/2024:10:38:32 +0800] "GET /xingrg/check_reg.html?_=1710383911052 HTTP/1.1" 302 -
180.169.147.146 - - [14/Mar/2024:10:38:32 +0800] "GET /xingrg/all/function/internal_message.html?_=1710383911047&CODE_STATE=getMsg HTTP/1.1" 302 -
124.78.60.103 - - [14/Mar/2024:10:38:34 +0800] "GET /xingrg/kc/buy/cgsh_order_operate.html?command=get_materiel&rest_code=00141&code=00101008038&supplier_code=00100008&order_time=2024-03-14 HTTP/1.1" 200 412
116.232.194.112 - - [14/Mar/2024:10:38:37 +0800] "GET /xingrg/all/function/internal_message.html?_=1710383894483&CODE_STATE=getMsg HTTP/1.1" 200 27
116.224.254.208 - - [14/Mar/2024:10:38:37 +0800] "GET /xingrg/all/function/internal_message.html?_=1710383918178&CODE_STATE=getMsg HTTP/1.1" 200 27
114.83.220.119 - - [14/Mar/2024:10:38:38 +0800] "GET /xingrg/check_reg.html?_=1710383916489 HTTP/1.1" 200 22
124.79.241.4 - - [14/Mar/2024:10:38:38 +0800] "POST /xingrg/dwr/call/plaincall/AjaxReportQueryService.refreshCache.dwr HTTP/1.1" 200 78
124.79.241.4 - - [14/Mar/2024:10:38:40 +0800] "POST /xingrg/all/report/load_report_page.html HTTP/1.1" 200 8940
124.79.241.4 - - [14/Mar/2024:10:38:40 +0800] "GET /xingrg/servlets/image?cache=0.49955200684338996&image=px HTTP/1.1" 200 807
116.224.254.208 - - [14/Mar/2024:10:38:41 +0800] "GET /xingrg/all/function/internal_message.html?_=1710383920602&CODE_STATE=getMsg HTTP/1.1" 200 27
116.224.254.208 - - [14/Mar/2024:10:38:41 +0800] "GET /xingrg/check_reg.html?_=1710383920605 HTTP/1.1" 200 22
116.232.194.112 - - [14/Mar/2024:10:38:41 +0800] "GET /xingrg/all/function/internal_message.html?_=1710383898470&CODE_STATE=getMsg HTTP/1.1" 200 27
222.70.115.1 - - [14/Mar/2024:10:38:43 +0800] "GET /xingrg/all/function/internal_message.html?_=1710383929855&CODE_STATE=getMsg HTTP/1.1" 200 27
222.70.115.1 - - [14/Mar/2024:10:38:43 +0800] "GET /xingrg/check_reg.html?_=1710383929856 HTTP/1.1" 200 22
124.77.241.8 - - [14/Mar/2024:10:38:43 +0800] "GET /xingrg/kc/buy/cgsh_order_operate.html?command=get_materiel&rest_code=00146&code=00101008242&supplier_code=00100005&order_time=2024-03-14 HTTP/1.1" 200 408
172.20.0.100 - - [14/Mar/2024:10:38:52 +0800] "GET /xingrg/all/function/internal_message.html?_=1710383943113&CODE_STATE=getMsg HTTP/1.1" 200 27
172.20.0.100 - - [14/Mar/2024:10:38:54 +0800] "GET /xingrg/check_reg.html?_=1710383933254 HTTP/1.1" 200 22
172.20.0.100 - - [14/Mar/2024:10:38:54 +0800] "GET /xingrg/all/function/internal_message.html?_=1710383933256&CODE_STATE=getMsg HTTP/1.1" 200 27
180.163.29.206 - - [14/Mar/2024:10:38:54 +0800] "GET /xingrg/check_reg.html?_=1710381359265 HTTP/1.1" 302 -
180.163.29.206 - - [14/Mar/2024:10:38:54 +0800] "GET /xingrg/login.html HTTP/1.1" 200 7641
221.239.169.251 - - [14/Mar/2024:10:38:55 +0800] "GET /xingrg/all/function/internal_message.html?_=1710383934133&CODE_STATE=getMsg HTTP/1.1" 302 -
180.164.1.25 - - [14/Mar/2024:10:38:56 +0800] "GET /xingrg/all/function/internal_message.html?_=1710383934981&CODE_STATE=getMsg HTTP/1.1" 200 27
180.164.1.25 - - [14/Mar/2024:10:38:56 +0800] "GET /xingrg/check_reg.html?_=1710383934989 HTTP/1.1" 200 22
180.169.147.146 - - [14/Mar/2024:10:38:57 +0800] "GET /xingrg/all/function/internal_message.html?_=1710383937593&CODE_STATE=getMsg HTTP/1.1" 200 27
124.77.241.8 - - [14/Mar/2024:10:38:57 +0800] "GET /xingrg/all/function/internal_message.html?_=1710383951776&CODE_STATE=getMsg HTTP/1.1" 200 27
124.77.241.8 - - [14/Mar/2024:10:38:58 +0800] "GET /xingrg/kc/buy/cgsh_order_operate.html?command=get_materiel&rest_code=00146&code=00101008283&supplier_code=00100005&order_time=2024-03-14 HTTP/1.1" 200 408
222.69.132.67 - - [14/Mar/2024:10:38:59 +0800] "GET /xingrg/all/function/internal_message.html?_=1710383939510&CODE_STATE=getMsg HTTP/1.1" 200 27
124.79.241.4 - - [14/Mar/2024:10:39:00 +0800] "GET /xingrg/all/report/report_query.html?isQuery=1&fileName=kc/buy/wlcg_cate_hz.xml&queryString=(CONVERT(char(10)%252Ca.order_time%252C%2520120)%253E%253D'2023-11-01')%2520and%2520(CONVERT(char(10)%252Ca.order_time%252C%2520120)%253C%253D'2024-02-29')%2520and%2520(a.supplier_code%2520in%2520('00100068'))%2520and%2520(a.supplier_code%253D'00100068')&queryText=%25E3%2580%2590%25E9%2587%2587%25E8%25B4%25AD%25E6%2597%25A5%25E6%259C%259F%253A2023-11-01%2520%25E8%2587%25B3%25202024-02-29%25E3%2580%2591%2520%25E5%25B9%25B6%25E4%25B8%2594%2520%2520%25E3%2580%2590%25E4%25BE%259B%25E5%25BA%2594%25E5%2595%2586%2520%253D%2520%25E6%25B4%2597%25E6%25B4%2581%25E7%25B2%25BE%25EF%25BC%2588%25E9%25AB%2598%25E9%2591%25AB%25E7%2591%259E%25EF%25BC%2589%25E3%2580%2591%2520%25E5%25B9%25B6%25E4%25B8%2594%2520%25E3%2580%2590%25E4%25BE%259B%25E5%25BA%2594%25E5%2595%2586%253D%25E6%25B4%2597%25E6%25B4%2581%25E7%25B2%25BE%25EF%25BC%2588%25E9%25AB%2598%25E9%2591%25AB%25E7%2591%259E%25EF%25BC%2589%25E3%2580%2591 HTTP/1.1" 200 54473
124.79.241.4 - - [14/Mar/2024:10:39:00 +0800] "GET /xingrg/dwr/interface/AjaxReportQueryService.js HTTP/1.1" 200 13203
124.79.241.4 - - [14/Mar/2024:10:39:00 +0800] "GET /xingrg/dwr/engine.js HTTP/1.1" 200 43631
114.83.220.119 - - [14/Mar/2024:10:39:00 +0800] "GET /xingrg/all/function/internal_message.html?_=1710383938775&CODE_STATE=getMsg HTTP/1.1" 200 27
180.164.1.25 - - [14/Mar/2024:10:39:01 +0800] "GET /xingrg/javascript/jquery_easy_ui/themes/default/images/tabs_active.png HTTP/1.1" 200 2894
124.79.241.4 - - [14/Mar/2024:10:39:02 +0800] "POST /xingrg/all/report/load_report_page.html HTTP/1.1" 200 8714
124.79.241.4 - - [14/Mar/2024:10:39:02 +0800] "GET /xingrg/servlets/image?cache=0.8368178240032024&image=px HTTP/1.1" 200 807
180.164.1.25 - - [14/Mar/2024:10:39:03 +0800] "GET /xingrg/kc/buy/cgsh_order_list.html HTTP/1.1" 200 57890
61.170.233.77 - - [14/Mar/2024:10:39:04 +0800] "GET /xingrg/kc/buy/cgsh_order_operate.html?command=get_materiel&rest_code=00106&code=00101006385&supplier_code=00100323&order_time=2024-03-14 HTTP/1.1" 200 421
116.230.123.13 - - [14/Mar/2024:10:39:04 +0800] "GET /xingrg/all/function/internal_message.html?_=1710383981362&CODE_STATE=getMsg HTTP/1.1" 200 27
124.79.241.4 - - [14/Mar/2024:10:39:05 +0800] "POST /xingrg/all/report/load_report_page.html HTTP/1.1" 200 19823
124.79.241.4 - - [14/Mar/2024:10:39:05 +0800] "GET /xingrg/servlets/image?cache=0.6885678849760193&image=px HTTP/1.1" 200 807
114.89.91.180 - - [14/Mar/2024:10:39:06 +0800] "GET /xingrg/all/function/internal_message.html?_=1710383945917&CODE_STATE=getMsg HTTP/1.1" 200 27
61.170.233.77 - - [14/Mar/2024:10:39:09 +0800] "GET /xingrg/all/function/internal_message.html?_=1710383948095&CODE_STATE=getMsg HTTP/1.1" 200 27
180.164.1.25 - - [14/Mar/2024:10:39:15 +0800] "POST /xingrg/kc/buy/cgsh_list_operate.html HTTP/1.1" 200 2595
124.77.241.8 - - [14/Mar/2024:10:39:15 +0800] "GET /xingrg/kc/buy/cgsh_order_operate.html?command=get_materiel&rest_code=00146&code=00101009155&supplier_code=00100005&order_time=2024-03-14 HTTP/1.1" 200 416
124.78.60.103 - - [14/Mar/2024:10:39:16 +0800] "GET /xingrg/check_reg.html?_=1710383956350 HTTP/1.1" 200 22
58.40.7.146 - - [14/Mar/2024:10:39:16 +0800] "GET /xingrg/all/function/internal_message.html?_=1710383964192&CODE_STATE=getMsg HTTP/1.1" 302 -
116.238.97.31 - - [14/Mar/2024:10:39:17 +0800] "GET /xingrg/all/function/internal_message.html?_=1710383958285&CODE_STATE=getMsg HTTP/1.1" 200 27
124.78.60.103 - - [14/Mar/2024:10:39:17 +0800] "GET /xingrg/all/function/internal_message.html?_=1710383957987&CODE_STATE=getMsg HTTP/1.1" 200 27
218.79.29.78 - - [14/Mar/2024:10:39:18 +0800] "GET /xingrg/all/function/internal_message.html?_=1710383965822&CODE_STATE=getMsg HTTP/1.1" 200 27
124.79.241.4 - - [14/Mar/2024:10:39:19 +0800] "GET /xingrg/all/function/internal_message.html?_=1710383977694&CODE_STATE=getMsg HTTP/1.1" 200 27
116.230.123.13 - - [14/Mar/2024:10:39:20 +0800] "GET /xingrg/all/function/internal_message.html?_=1710383997248&CODE_STATE=getMsg HTTP/1.1" 302 -
61.170.233.77 - - [14/Mar/2024:10:39:24 +0800] "GET /xingrg/all/function/internal_message.html?_=1710383964272&CODE_STATE=getMsg HTTP/1.1" 200 27
101.83.145.37 - - [14/Mar/2024:10:39:28 +0800] "GET /xingrg/all/function/internal_message.html?_=1710383969992&CODE_STATE=getMsg HTTP/1.1" 200 27
124.79.241.4 - - [14/Mar/2024:10:39:30 +0800] "POST /xingrg/all/report/report_print.html HTTP/1.1" 302 -
124.79.241.4 - - [14/Mar/2024:10:39:30 +0800] "GET /xingrg/servlets/html?sysBaseUrl=http%3A%2F%2F180.169.147.146%3A18081%2Fxingrg%2F&costTime=946×tamp=1710383970140 HTTP/1.1" 200 21038
124.79.241.4 - - [14/Mar/2024:10:39:30 +0800] "GET /xingrg/servlets/image?image=px HTTP/1.1" 200 807
124.79.241.4 - - [14/Mar/2024:10:39:30 +0800] "GET /favicon.ico HTTP/1.1" 404 -
180.169.147.146 - - [14/Mar/2024:10:39:32 +0800] "GET /xingrg/all/function/internal_message.html?_=1710383971058&CODE_STATE=getMsg HTTP/1.1" 302 -
124.77.241.8 - - [14/Mar/2024:10:39:34 +0800] "GET /xingrg/kc/buy/cgsh_order_operate.html?command=get_materiel&rest_code=00146&code=00101008274&supplier_code=00100005&order_time=2024-03-14 HTTP/1.1" 200 412
116.232.194.112 - - [14/Mar/2024:10:39:36 +0800] "GET /xingrg/check_reg.html?_=1710383953482 HTTP/1.1" 200 22
116.232.194.112 - - [14/Mar/2024:10:39:37 +0800] "GET /xingrg/all/function/internal_message.html?_=1710383954464&CODE_STATE=getMsg HTTP/1.1" 200 27
116.224.254.208 - - [14/Mar/2024:10:39:37 +0800] "GET /xingrg/all/function/internal_message.html?_=1710383978153&CODE_STATE=getMsg HTTP/1.1" 200 27
180.164.1.25 - - [14/Mar/2024:10:39:38 +0800] "POST /xingrg/kc/buy/cgsh_list_operate.html HTTP/1.1" 200 575
124.77.241.8 - - [14/Mar/2024:10:39:38 +0800] "POST /xingrg/kc/buy/cgsh_order_operate.html HTTP/1.1" 200 2065
180.164.1.25 - - [14/Mar/2024:10:39:39 +0800] "GET /xingrg/kc/buy/cgsh_order_info.html?code=212024031404006 HTTP/1.1" 200 73756
180.164.1.25 - - [14/Mar/2024:10:39:39 +0800] "GET /xingrg/javascript/easyui/themes/default/validatebox.css HTTP/1.1" 404 1104
180.164.1.25 - - [14/Mar/2024:10:39:40 +0800] "POST /xingrg/kc/buy/cgsh_order_operate.html HTTP/1.1" 200 30471
116.224.254.208 - - [14/Mar/2024:10:39:41 +0800] "GET /xingrg/all/function/internal_message.html?_=1710383980611&CODE_STATE=getMsg HTTP/1.1" 200 27
61.170.233.77 - - [14/Mar/2024:10:39:41 +0800] "GET /xingrg/kc/buy/cgsh_order_operate.html?command=get_materiel&rest_code=00106&code=00101006250&supplier_code=00100323&order_time=2024-03-14 HTTP/1.1" 200 415
116.232.194.112 - - [14/Mar/2024:10:39:41 +0800] "GET /xingrg/all/function/internal_message.html?_=1710383958480&CODE_STATE=getMsg HTTP/1.1" 200 27
221.239.169.251 - - [14/Mar/2024:10:39:43 +0800] "GET /xingrg/check_reg.html?_=1710383981837 HTTP/1.1" 302 -
222.70.115.1 - - [14/Mar/2024:10:39:44 +0800] "GET /xingrg/all/function/internal_message.html?_=1710383990857&CODE_STATE=getMsg HTTP/1.1" 200 27
124.77.241.8 - - [14/Mar/2024:10:39:51 +0800] "GET /xingrg/kc/buy/cgsh_order_operate.html?command=get_materiel&rest_code=00146&code=00101008161&supplier_code=00100005&order_time=2024-03-14 HTTP/1.1" 200 409
172.20.0.100 - - [14/Mar/2024:10:39:52 +0800] "GET /xingrg/all/function/internal_message.html?_=1710384003111&CODE_STATE=getMsg HTTP/1.1" 200 27
172.20.0.100 - - [14/Mar/2024:10:39:54 +0800] "GET /xingrg/all/function/internal_message.html?_=1710383993256&CODE_STATE=getMsg HTTP/1.1" 200 27
124.78.60.103 - - [14/Mar/2024:10:39:54 +0800] "POST /xingrg/kc/buy/cgsh_order_operate.html HTTP/1.1" 200 2065
221.239.169.251 - - [14/Mar/2024:10:39:55 +0800] "GET /xingrg/all/function/internal_message.html?_=1710383994151&CODE_STATE=getMsg HTTP/1.1" 302 -
180.164.1.25 - - [14/Mar/2024:10:39:56 +0800] "GET /xingrg/all/function/internal_message.html?_=1710383994978&CODE_STATE=getMsg HTTP/1.1" 200 27
61.170.233.77 - - [14/Mar/2024:10:39:57 +0800] "GET /xingrg/kc/buy/buy_main.html HTTP/1.1" 200 12412
61.170.233.77 - - [14/Mar/2024:10:39:57 +0800] "GET /xingrg/css/new_ie.css HTTP/1.1" 404 1036
180.169.147.146 - - [14/Mar/2024:10:39:57 +0800] "GET /xingrg/all/function/internal_message.html?_=1710383997608&CODE_STATE=getMsg HTTP/1.1" 200 27
124.77.241.8 - - [14/Mar/2024:10:39:57 +0800] "GET /xingrg/all/function/internal_message.html?_=1710384011790&CODE_STATE=getMsg HTTP/1.1" 200 27
61.170.233.77 - - [14/Mar/2024:10:39:58 +0800] "GET /xingrg/kc/base/base_main.html HTTP/1.1" 200 12142
61.170.233.77 - - [14/Mar/2024:10:39:58 +0800] "GET /xingrg/images/blue/button/wlsy.gif HTTP/1.1" 200 2536
61.170.233.77 - - [14/Mar/2024:10:39:58 +0800] "GET /xingrg/images/blue/button/ckpd.gif HTTP/1.1" 200 2051
61.170.233.77 - - [14/Mar/2024:10:39:59 +0800] "GET /xingrg/images/blue/button/yddb.gif HTTP/1.1" 200 2040
61.170.233.77 - - [14/Mar/2024:10:39:59 +0800] "GET /xingrg/images/blue/button/ckdb.gif HTTP/1.1" 200 1950
61.170.233.77 - - [14/Mar/2024:10:39:59 +0800] "GET /xingrg/images/blue/button/bottom_left.jpg HTTP/1.1" 200 1524
61.170.233.77 - - [14/Mar/2024:10:39:59 +0800] "GET /xingrg/images/blue/button/left_ah.jpg HTTP/1.1" 200 1643
61.170.233.77 - - [14/Mar/2024:10:39:59 +0800] "GET /xingrg/images/blue/button/bottom_right.jpg HTTP/1.1" 200 1436
61.170.233.77 - - [14/Mar/2024:10:39:59 +0800] "GET /xingrg/images/blue/button/top_right.jpg HTTP/1.1" 200 1708
61.170.233.77 - - [14/Mar/2024:10:39:59 +0800] "GET /xingrg/images/blue/button/down.jpg HTTP/1.1" 200 1560
61.170.233.77 - - [14/Mar/2024:10:39:59 +0800] "GET /xingrg/images/blue/button/top_left.jpg HTTP/1.1" 200 1632
180.164.1.25 - - [14/Mar/2024:10:39:59 +0800] "POST /xingrg/kc/buy/cgsh_order_operate.html HTTP/1.1" 200 37
222.69.132.67 - - [14/Mar/2024:10:39:59 +0800] "GET /xingrg/all/function/internal_message.html?_=1710383999509&CODE_STATE=getMsg HTTP/1.1" 200 27
61.170.233.77 - - [14/Mar/2024:10:40:00 +0800] "GET /xingrg/kc/base/wldb_order_list.html HTTP/1.1" 200 19051
114.83.220.119 - - [14/Mar/2024:10:40:00 +0800] "GET /xingrg/all/function/internal_message.html?_=1710383998748&CODE_STATE=getMsg HTTP/1.1" 200 27
61.170.233.77 - - [14/Mar/2024:10:40:01 +0800] "POST /xingrg/kc/base/wldb_list_operate.html HTTP/1.1" 200 928
61.170.233.77 - - [14/Mar/2024:10:40:03 +0800] "GET /xingrg/kc/base/wldb_order_add.html HTTP/1.1" 200 30382
61.170.233.77 - - [14/Mar/2024:10:40:04 +0800] "POST /xingrg/kc/base/wldb_order_operate.html HTTP/1.1" 200 6806
61.170.233.77 - - [14/Mar/2024:10:40:04 +0800] "GET /xingrg/all/common/auto_word.html?type=base&rest_code=00106 HTTP/1.1" 200 1799
61.170.233.77 - - [14/Mar/2024:10:40:04 +0800] "GET /xingrg/all/common/auto_word.html?type=base&rest_code=00106 HTTP/1.1" 200 1799
61.170.233.77 - - [14/Mar/2024:10:40:04 +0800] "GET /xingrg/javascript/easyui/themes/default/validatebox.css HTTP/1.1" 404 1104
124.77.241.8 - - [14/Mar/2024:10:40:04 +0800] "GET /xingrg/kc/buy/cgsh_order_operate.html?command=get_materiel&rest_code=00146&code=00101008225&supplier_code=00100005&order_time=2024-03-14 HTTP/1.1" 200 416
116.230.123.13 - - [14/Mar/2024:10:40:04 +0800] "GET /xingrg/all/function/internal_message.html?_=1710384041346&CODE_STATE=getMsg HTTP/1.1" 200 27
61.170.233.77 - - [14/Mar/2024:10:40:05 +0800] "GET /xingrg/javascript/jquery_easy_ui/themes/default/images/tabs_active.png HTTP/1.1" 304 -
114.89.91.180 - - [14/Mar/2024:10:40:06 +0800] "GET /xingrg/all/function/internal_message.html?_=1710384005916&CODE_STATE=getMsg HTTP/1.1" 200 27
61.170.233.77 - - [14/Mar/2024:10:40:06 +0800] "POST /xingrg/all/common/load_combo.html?type=base HTTP/1.1" 200 3227
180.164.1.25 - - [14/Mar/2024:10:40:06 +0800] "POST /xingrg/kc/buy/cgsh_order_operate.html HTTP/1.1" 200 29877
61.170.233.77 - - [14/Mar/2024:10:40:09 +0800] "GET /xingrg/all/function/internal_message.html?_=1710384008065&CODE_STATE=getMsg HTTP/1.1" 200 27
61.170.233.77 - - [14/Mar/2024:10:40:09 +0800] "POST /xingrg/all/common/load_combo.html?type=base HTTP/1.1" 200 3227
180.164.1.25 - - [14/Mar/2024:10:40:11 +0800] "POST /xingrg/kc/buy/cgsh_order_operate.html HTTP/1.1" 200 37
101.93.221.95 - - [14/Mar/2024:10:40:13 +0800] "POST /xingrg/services/DataTransmitService HTTP/1.1" 200 524
180.164.1.25 - - [14/Mar/2024:10:40:14 +0800] "POST /xingrg/kc/buy/cgsh_order_operate.html HTTP/1.1" 200 29877
101.93.221.95 - - [14/Mar/2024:10:40:14 +0800] "POST /xingrg/services/DataTransmitService HTTP/1.1" 200 501
58.40.7.146 - - [14/Mar/2024:10:40:16 +0800] "GET /xingrg/all/function/internal_message.html?_=1710384024190&CODE_STATE=getMsg HTTP/1.1" 302 -
124.77.241.8 - - [14/Mar/2024:10:40:16 +0800] "GET /xingrg/kc/buy/cgsh_order_operate.html?command=get_materiel&rest_code=00146&code=00101008403&supplier_code=00100005&order_time=2024-03-14 HTTP/1.1" 200 412
116.238.97.31 - - [14/Mar/2024:10:40:17 +0800] "GET /xingrg/all/function/internal_message.html?_=1710384018291&CODE_STATE=getMsg HTTP/1.1" 200 27
124.78.60.103 - - [14/Mar/2024:10:40:17 +0800] "GET /xingrg/all/function/internal_message.html?_=1710384018001&CODE_STATE=getMsg HTTP/1.1" 200 27
218.79.29.78 - - [14/Mar/2024:10:40:18 +0800] "GET /xingrg/all/function/internal_message.html?_=1710384025811&CODE_STATE=getMsg HTTP/1.1" 200 27
180.164.1.25 - - [14/Mar/2024:10:40:18 +0800] "GET /xingrg/kc/buy/cgsh_order_add.html HTTP/1.1" 200 73747
180.164.1.25 - - [14/Mar/2024:10:40:19 +0800] "POST /xingrg/kc/buy/cgsh_order_operate.html HTTP/1.1" 200 8245
180.164.1.25 - - [14/Mar/2024:10:40:19 +0800] "GET /xingrg/javascript/easyui/themes/default/validatebox.css HTTP/1.1" 404 1104
124.79.241.4 - - [14/Mar/2024:10:40:19 +0800] "GET /xingrg/all/function/internal_message.html?_=1710384037662&CODE_STATE=getMsg HTTP/1.1" 200 27
