124.79.241.4 - - [14/Mar/2024:10:40:19 +0800] "GET /xingrg/check_reg.html?_=1710384038147 HTTP/1.1" 200 22
116.230.123.13 - - [14/Mar/2024:10:40:20 +0800] "GET /xingrg/all/function/internal_message.html?_=1710384057259&CODE_STATE=getMsg HTTP/1.1" 302 -
61.170.233.77 - - [14/Mar/2024:10:40:24 +0800] "GET /xingrg/all/function/internal_message.html?_=1710384024276&CODE_STATE=getMsg HTTP/1.1" 200 27
61.170.233.77 - - [14/Mar/2024:10:40:27 +0800] "GET /xingrg/javascript/auto/indicator.gif HTTP/1.1" 404 1066
101.83.145.37 - - [14/Mar/2024:10:40:28 +0800] "GET /xingrg/all/function/internal_message.html?_=1710384029993&CODE_STATE=getMsg HTTP/1.1" 200 27
124.78.60.103 - - [14/Mar/2024:10:40:30 +0800] "GET /xingrg/kc/buy/cgsh_order_operate.html?command=get_materiel&rest_code=00141&code=00101008502&supplier_code=00100008&order_time=2024-03-14 HTTP/1.1" 200 412
180.169.147.146 - - [14/Mar/2024:10:40:32 +0800] "GET /xingrg/all/function/internal_message.html?_=1710384031036&CODE_STATE=getMsg HTTP/1.1" 302 -
61.170.233.77 - - [14/Mar/2024:10:40:32 +0800] "GET /xingrg/kc/base/wldb_order_operate.html?command=get_materiel&rest_code=00106&base_code=0010396&code=00101016094 HTTP/1.1" 200 470
180.163.29.79 - - [14/Mar/2024:10:40:35 +0800] "GET /xingrg/all/function/internal_message.html?_=1710383828129&CODE_STATE=getMsg HTTP/1.1" 302 -
180.163.29.79 - - [14/Mar/2024:10:40:36 +0800] "GET /xingrg/login.html HTTP/1.1" 200 7641
116.232.194.112 - - [14/Mar/2024:10:40:37 +0800] "GET /xingrg/all/function/internal_message.html?_=1710384014456&CODE_STATE=getMsg HTTP/1.1" 200 27
116.224.254.208 - - [14/Mar/2024:10:40:37 +0800] "GET /xingrg/all/function/internal_message.html?_=1710384038132&CODE_STATE=getMsg HTTP/1.1" 200 27
116.224.254.208 - - [14/Mar/2024:10:40:38 +0800] "GET /xingrg/check_reg.html?_=1710384038193 HTTP/1.1" 200 22
124.77.241.8 - - [14/Mar/2024:10:40:39 +0800] "POST /xingrg/kc/buy/cgsh_order_operate.html HTTP/1.1" 200 37
116.224.254.208 - - [14/Mar/2024:10:40:41 +0800] "GET /xingrg/all/function/internal_message.html?_=1710384040612&CODE_STATE=getMsg HTTP/1.1" 200 27
116.232.194.112 - - [14/Mar/2024:10:40:41 +0800] "GET /xingrg/check_reg.html?_=1710384018474 HTTP/1.1" 200 22
116.232.194.112 - - [14/Mar/2024:10:40:41 +0800] "GET /xingrg/all/function/internal_message.html?_=1710384018478&CODE_STATE=getMsg HTTP/1.1" 200 27
124.77.241.8 - - [14/Mar/2024:10:40:43 +0800] "POST /xingrg/kc/buy/cgsh_order_operate.html HTTP/1.1" 200 15093
222.70.115.1 - - [14/Mar/2024:10:40:45 +0800] "GET /xingrg/all/function/internal_message.html?_=1710384051859&CODE_STATE=getMsg HTTP/1.1" 200 27
61.170.233.77 - - [14/Mar/2024:10:40:51 +0800] "GET /xingrg/kc/base/wldb_order_operate.html?command=get_materiel&rest_code=00106&base_code=0010396&code=00101019503 HTTP/1.1" 200 465
180.163.30.85 - - [14/Mar/2024:10:40:52 +0800] "GET /xingrg/all/function/internal_message.html?_=1710383888104&CODE_STATE=getMsg HTTP/1.1" 302 -
180.163.30.85 - - [14/Mar/2024:10:40:52 +0800] "GET /xingrg/login.html HTTP/1.1" 200 7641
172.20.0.100 - - [14/Mar/2024:10:40:52 +0800] "GET /xingrg/all/function/internal_message.html?_=1710384063109&CODE_STATE=getMsg HTTP/1.1" 200 27
172.20.0.100 - - [14/Mar/2024:10:40:54 +0800] "GET /xingrg/all/function/internal_message.html?_=1710384053258&CODE_STATE=getMsg HTTP/1.1" 200 27
124.77.241.8 - - [14/Mar/2024:10:40:54 +0800] "GET /xingrg/check_reg.html?_=1710384068917 HTTP/1.1" 200 22
221.239.169.251 - - [14/Mar/2024:10:40:55 +0800] "GET /xingrg/all/function/internal_message.html?_=1710384054142&CODE_STATE=getMsg HTTP/1.1" 302 -
180.164.1.25 - - [14/Mar/2024:10:40:56 +0800] "GET /xingrg/all/function/internal_message.html?_=1710384054993&CODE_STATE=getMsg HTTP/1.1" 200 27
180.169.147.146 - - [14/Mar/2024:10:40:57 +0800] "GET /xingrg/check_reg.html?_=1710384057608 HTTP/1.1" 200 22
180.169.147.146 - - [14/Mar/2024:10:40:57 +0800] "GET /xingrg/all/function/internal_message.html?_=1710384057610&CODE_STATE=getMsg HTTP/1.1" 200 27
124.77.241.8 - - [14/Mar/2024:10:40:57 +0800] "GET /xingrg/all/function/internal_message.html?_=1710384071802&CODE_STATE=getMsg HTTP/1.1" 200 27
222.69.132.67 - - [14/Mar/2024:10:40:59 +0800] "GET /xingrg/all/function/internal_message.html?_=1710384059499&CODE_STATE=getMsg HTTP/1.1" 200 27
61.170.233.77 - - [14/Mar/2024:10:41:00 +0800] "GET /xingrg/check_reg.html?_=1710384059147 HTTP/1.1" 200 22
114.83.220.119 - - [14/Mar/2024:10:41:00 +0800] "GET /xingrg/all/function/internal_message.html?_=1710384058732&CODE_STATE=getMsg HTTP/1.1" 200 27
180.164.1.25 - - [14/Mar/2024:10:41:01 +0800] "POST /xingrg/services/DataTransmitService HTTP/1.1" 200 524
180.164.1.25 - - [14/Mar/2024:10:41:02 +0800] "POST /xingrg/services/DataTransmitService HTTP/1.1" 200 412
116.230.123.13 - - [14/Mar/2024:10:41:04 +0800] "GET /xingrg/all/function/internal_message.html?_=1710384101323&CODE_STATE=getMsg HTTP/1.1" 200 27
61.170.233.77 - - [14/Mar/2024:10:41:04 +0800] "GET /xingrg/kc/base/wldb_order_operate.html?command=get_materiel&rest_code=00106&base_code=0010396&code=00101019133 HTTP/1.1" 200 480
114.89.91.180 - - [14/Mar/2024:10:41:06 +0800] "GET /xingrg/all/function/internal_message.html?_=1710384065914&CODE_STATE=getMsg HTTP/1.1" 200 27
114.89.91.180 - - [14/Mar/2024:10:41:06 +0800] "GET /xingrg/check_reg.html?_=1710384066278 HTTP/1.1" 200 22
116.232.194.112 - - [14/Mar/2024:10:41:06 +0800] "GET /xingrg/kc/buy/cgsh_order_operate.html?command=get_materiel&rest_code=00155&code=00101008072&supplier_code=00100005&order_time=2024-03-14 HTTP/1.1" 200 408
61.170.233.77 - - [14/Mar/2024:10:41:09 +0800] "GET /xingrg/all/function/internal_message.html?_=1710384068045&CODE_STATE=getMsg HTTP/1.1" 200 27
58.40.7.146 - - [14/Mar/2024:10:41:16 +0800] "GET /xingrg/check_reg.html?_=1710384084181 HTTP/1.1" 302 -
58.40.7.146 - - [14/Mar/2024:10:41:16 +0800] "GET /xingrg/all/function/internal_message.html?_=1710384084183&CODE_STATE=getMsg HTTP/1.1" 302 -
61.170.233.77 - - [14/Mar/2024:10:41:16 +0800] "GET /xingrg/kc/base/wldb_order_operate.html?command=get_materiel&rest_code=00106&base_code=0010396&code=00101019258 HTTP/1.1" 200 483
116.238.97.31 - - [14/Mar/2024:10:41:17 +0800] "GET /xingrg/all/function/internal_message.html?_=1710384078304&CODE_STATE=getMsg HTTP/1.1" 200 27
124.78.60.103 - - [14/Mar/2024:10:41:17 +0800] "GET /xingrg/all/function/internal_message.html?_=1710384077976&CODE_STATE=getMsg HTTP/1.1" 200 27
218.79.29.78 - - [14/Mar/2024:10:41:18 +0800] "GET /xingrg/all/function/internal_message.html?_=1710384085814&CODE_STATE=getMsg HTTP/1.1" 200 27
124.79.241.4 - - [14/Mar/2024:10:41:19 +0800] "GET /xingrg/all/function/internal_message.html?_=1710384097638&CODE_STATE=getMsg HTTP/1.1" 200 27
116.232.194.112 - - [14/Mar/2024:10:41:19 +0800] "GET /xingrg/kc/buy/cgsh_order_operate.html?command=get_materiel&rest_code=00155&code=00101008207&supplier_code=00100005&order_time=2024-03-14 HTTP/1.1" 200 408
116.230.123.13 - - [14/Mar/2024:10:41:20 +0800] "GET /xingrg/all/function/internal_message.html?_=1710384117246&CODE_STATE=getMsg HTTP/1.1" 302 -
61.170.233.77 - - [14/Mar/2024:10:41:24 +0800] "GET /xingrg/all/function/internal_message.html?_=1710384084265&CODE_STATE=getMsg HTTP/1.1" 200 27
101.83.145.37 - - [14/Mar/2024:10:41:28 +0800] "GET /xingrg/all/function/internal_message.html?_=1710384089994&CODE_STATE=getMsg HTTP/1.1" 200 27
101.83.145.37 - - [14/Mar/2024:10:41:28 +0800] "GET /xingrg/check_reg.html?_=1710384090055 HTTP/1.1" 200 22
116.232.194.112 - - [14/Mar/2024:10:41:30 +0800] "GET /xingrg/kc/buy/cgsh_order_operate.html?command=get_materiel&rest_code=00155&code=00101008146&supplier_code=00100005&order_time=2024-03-14 HTTP/1.1" 200 416
61.170.233.77 - - [14/Mar/2024:10:41:30 +0800] "GET /xingrg/kc/base/wldb_order_operate.html?command=get_materiel&rest_code=00106&base_code=0010396&code=00101016020 HTTP/1.1" 200 447
180.169.147.146 - - [14/Mar/2024:10:41:32 +0800] "GET /xingrg/all/function/internal_message.html?_=1710384091046&CODE_STATE=getMsg HTTP/1.1" 302 -
114.83.220.119 - - [14/Mar/2024:10:41:34 +0800] "GET /xingrg/login.html HTTP/1.1" 200 7641
114.83.220.119 - - [14/Mar/2024:10:41:35 +0800] "GET /favicon.ico HTTP/1.1" 404 -
116.232.194.112 - - [14/Mar/2024:10:41:37 +0800] "GET /xingrg/kc/buy/cgsh_order_operate.html?command=get_materiel&rest_code=00155&code=00101008148&supplier_code=00100005&order_time=2024-03-14 HTTP/1.1" 200 416
114.83.220.119 - - [14/Mar/2024:10:41:37 +0800] "POST /xingrg/login.do HTTP/1.1" 302 -
114.83.220.119 - - [14/Mar/2024:10:41:37 +0800] "GET /xingrg/index.html?sysBaseUrl=http%3A%2F%2F180.169.147.146%3A18081%2Fxingrg%2F&costTime=847×tamp=1710384097351 HTTP/1.1" 200 17503
114.83.220.119 - - [14/Mar/2024:10:41:37 +0800] "GET /favicon.ico HTTP/1.1" 404 -
114.83.220.119 - - [14/Mar/2024:10:41:37 +0800] "GET /xingrg/check_reg.html?_=1710384097534 HTTP/1.1" 200 22
114.83.220.119 - - [14/Mar/2024:10:41:37 +0800] "POST /xingrg/all/common/load_tree.html?tree=area_rest_tree_json&manage=1 HTTP/1.1" 200 3624
114.83.220.119 - - [14/Mar/2024:10:41:37 +0800] "GET /xingrg/all/function/internal_message.html?_=1710384097533&CODE_STATE=count HTTP/1.1" 200 11
116.232.194.112 - - [14/Mar/2024:10:41:37 +0800] "GET /xingrg/all/function/internal_message.html?_=1710384074441&CODE_STATE=getMsg HTTP/1.1" 200 27
114.83.220.119 - - [14/Mar/2024:10:41:37 +0800] "POST /xingrg/load_menu.html HTTP/1.1" 200 11443
116.224.254.208 - - [14/Mar/2024:10:41:37 +0800] "GET /xingrg/all/function/internal_message.html?_=1710384098112&CODE_STATE=getMsg HTTP/1.1" 200 27
116.224.254.208 - - [14/Mar/2024:10:41:41 +0800] "GET /xingrg/all/function/internal_message.html?_=1710384100606&CODE_STATE=getMsg HTTP/1.1" 200 27
116.232.194.112 - - [14/Mar/2024:10:41:41 +0800] "GET /xingrg/all/function/internal_message.html?_=1710384078469&CODE_STATE=getMsg HTTP/1.1" 200 27
222.70.115.1 - - [14/Mar/2024:10:41:46 +0800] "GET /xingrg/all/function/internal_message.html?_=1710384112861&CODE_STATE=getMsg HTTP/1.1" 200 27
114.83.220.119 - - [14/Mar/2024:10:41:49 +0800] "POST /xingrg/all/user/operate.html HTTP/1.1" 200 36
114.83.220.119 - - [14/Mar/2024:10:41:50 +0800] "GET /xingrg/index.html?sysBaseUrl=http%3A%2F%2F180.169.147.146%3A18081%2Fxingrg%2F&costTime=847×tamp=1710384097351 HTTP/1.1" 200 17509
114.83.220.119 - - [14/Mar/2024:10:41:50 +0800] "GET /xingrg/javascript/jquery_easy_ui/themes/default/easyui.css HTTP/1.1" 304 -
114.83.220.119 - - [14/Mar/2024:10:41:50 +0800] "GET /xingrg/javascript/jquery_easy_ui/themes/icon.css HTTP/1.1" 304 -
114.83.220.119 - - [14/Mar/2024:10:41:50 +0800] "GET /xingrg/css/form.css HTTP/1.1" 304 -
114.83.220.119 - - [14/Mar/2024:10:41:50 +0800] "GET /xingrg/javascript/jquery-1.4.2.min.js HTTP/1.1" 304 -
114.83.220.119 - - [14/Mar/2024:10:41:50 +0800] "GET /xingrg/javascript/jquery_easy_ui/jquery.easyui.min.js HTTP/1.1" 304 -
114.83.220.119 - - [14/Mar/2024:10:41:50 +0800] "GET /xingrg/javascript/jquery_easy_ui/easyui-lang-zh_CN.js HTTP/1.1" 304 -
114.83.220.119 - - [14/Mar/2024:10:41:50 +0800] "GET /xingrg/javascript/jquery.form.js HTTP/1.1" 304 -
114.83.220.119 - - [14/Mar/2024:10:41:50 +0800] "GET /xingrg/javascript/jquery.utils.js HTTP/1.1" 304 -
114.83.220.119 - - [14/Mar/2024:10:41:50 +0800] "GET /xingrg/javascript/jquery.timers.js HTTP/1.1" 304 -
114.83.220.119 - - [14/Mar/2024:10:41:50 +0800] "GET /xingrg/images/blue/jxLogo.png HTTP/1.1" 304 -
114.83.220.119 - - [14/Mar/2024:10:41:50 +0800] "GET /xingrg/images/blue/navBackgound.jpg HTTP/1.1" 304 -
114.83.220.119 - - [14/Mar/2024:10:41:50 +0800] "GET /xingrg/javascript/jquery_easy_ui/themes/icons/settle_new.png HTTP/1.1" 304 -
114.83.220.119 - - [14/Mar/2024:10:41:50 +0800] "GET /xingrg/all/function/internal_message.html?_=1710384110165&CODE_STATE=count HTTP/1.1" 200 11
114.83.220.119 - - [14/Mar/2024:10:41:50 +0800] "GET /xingrg/check_reg.html?_=1710384110166 HTTP/1.1" 200 22
114.83.220.119 - - [14/Mar/2024:10:41:50 +0800] "GET /xingrg/images/blue/pingpu.png HTTP/1.1" 304 -
114.83.220.119 - - [14/Mar/2024:10:41:50 +0800] "GET /xingrg/javascript/jquery_easy_ui/themes/default/images/tabs_leftarrow.png HTTP/1.1" 304 -
114.83.220.119 - - [14/Mar/2024:10:41:50 +0800] "GET /xingrg/javascript/jquery_easy_ui/themes/default/images/panel_tool_expand.gif HTTP/1.1" 304 -
114.83.220.119 - - [14/Mar/2024:10:41:50 +0800] "GET /xingrg/javascript/jquery_easy_ui/themes/default/images/panel_tool_collapse.gif HTTP/1.1" 304 -
114.83.220.119 - - [14/Mar/2024:10:41:50 +0800] "GET /xingrg/javascript/jquery_easy_ui/themes/default/images/tabs_rightarrow.png HTTP/1.1" 304 -
114.83.220.119 - - [14/Mar/2024:10:41:50 +0800] "POST /xingrg/all/common/load_tree.html?tree=area_rest_tree_json&manage=1 HTTP/1.1" 200 3624
114.83.220.119 - - [14/Mar/2024:10:41:50 +0800] "POST /xingrg/load_menu.html HTTP/1.1" 200 9959
114.83.220.119 - - [14/Mar/2024:10:41:52 +0800] "GET /xingrg/kc/report/report_main.html HTTP/1.1" 200 7340
172.20.0.100 - - [14/Mar/2024:10:41:52 +0800] "GET /xingrg/all/function/internal_message.html?_=1710384123123&CODE_STATE=getMsg HTTP/1.1" 200 27
172.20.0.100 - - [14/Mar/2024:10:41:54 +0800] "GET /xingrg/all/function/internal_message.html?_=1710384113260&CODE_STATE=getMsg HTTP/1.1" 200 27
116.232.194.112 - - [14/Mar/2024:10:41:54 +0800] "GET /xingrg/kc/buy/cgsh_order_operate.html?command=get_materiel&rest_code=00155&code=00101008169&supplier_code=00100005&order_time=2024-03-14 HTTP/1.1" 200 412
221.239.169.251 - - [14/Mar/2024:10:41:55 +0800] "GET /xingrg/all/function/internal_message.html?_=1710384114157&CODE_STATE=getMsg HTTP/1.1" 302 -
180.164.1.25 - - [14/Mar/2024:10:41:56 +0800] "GET /xingrg/all/function/internal_message.html?_=1710384114990&CODE_STATE=getMsg HTTP/1.1" 200 27
124.78.60.103 - - [14/Mar/2024:10:41:56 +0800] "GET /xingrg/kc/buy/cgsh_order_operate.html?command=get_materiel&rest_code=00141&code=00101008131&supplier_code=00100008&order_time=2024-03-14 HTTP/1.1" 200 408
180.169.147.146 - - [14/Mar/2024:10:41:57 +0800] "GET /xingrg/all/function/internal_message.html?_=1710384117609&CODE_STATE=getMsg HTTP/1.1" 200 27
124.77.241.8 - - [14/Mar/2024:10:41:57 +0800] "GET /xingrg/all/function/internal_message.html?_=1710384131816&CODE_STATE=getMsg HTTP/1.1" 200 27
114.83.220.119 - - [14/Mar/2024:10:41:59 +0800] "GET /xingrg/kc/report/report_main.html HTTP/1.1" 200 7340
222.69.132.67 - - [14/Mar/2024:10:41:59 +0800] "GET /xingrg/all/function/internal_message.html?_=1710384119510&CODE_STATE=getMsg HTTP/1.1" 200 27
114.83.220.119 - - [14/Mar/2024:10:42:00 +0800] "GET /xingrg/all/function/internal_message.html?_=1710384118703&CODE_STATE=getMsg HTTP/1.1" 200 27
114.83.220.119 - - [14/Mar/2024:10:42:01 +0800] "GET /xingrg/kc/info/info_main.html HTTP/1.1" 200 6010
114.83.220.119 - - [14/Mar/2024:10:42:02 +0800] "GET /xingrg/system/info/materiel_manager.html HTTP/1.1" 200 19497
114.83.220.119 - - [14/Mar/2024:10:42:02 +0800] "GET /xingrg/css/xtree.css HTTP/1.1" 200 880
114.83.220.119 - - [14/Mar/2024:10:42:02 +0800] "GET /xingrg/javascript/jquery_ui/themes/base/base.css HTTP/1.1" 200 28568
114.83.220.119 - - [14/Mar/2024:10:42:02 +0800] "GET /xingrg/dwr/interface/AjaxComOrderService.js HTTP/1.1" 200 18264
114.83.220.119 - - [14/Mar/2024:10:42:02 +0800] "GET /xingrg/dwr/interface/AjaxBaseInfoService.js HTTP/1.1" 200 21363
114.83.220.119 - - [14/Mar/2024:10:42:02 +0800] "GET /xingrg/dwr/util.js HTTP/1.1" 200 35990
114.83.220.119 - - [14/Mar/2024:10:42:02 +0800] "GET /xingrg/dwr/engine.js HTTP/1.1" 200 43631
114.83.220.119 - - [14/Mar/2024:10:42:02 +0800] "GET /xingrg/javascript/xtree.js HTTP/1.1" 200 26582
114.83.220.119 - - [14/Mar/2024:10:42:02 +0800] "GET /xingrg/images/xtree/openfoldericon.png HTTP/1.1" 200 232
114.83.220.119 - - [14/Mar/2024:10:42:02 +0800] "GET /xingrg/javascript/jquery_easy_ui/themes/icons/import_new.png HTTP/1.1" 200 1247
114.83.220.119 - - [14/Mar/2024:10:42:03 +0800] "POST /xingrg/dwr/call/plaincall/AjaxBaseInfoService.getSubMaterielSorts.dwr HTTP/1.1" 200 219
114.83.220.119 - - [14/Mar/2024:10:42:03 +0800] "GET /xingrg/images/xtree/Lplus.png HTTP/1.1" 200 224
114.83.220.119 - - [14/Mar/2024:10:42:03 +0800] "GET /xingrg/images/xtree/foldericon.png HTTP/1.1" 200 229
114.83.220.119 - - [14/Mar/2024:10:42:03 +0800] "GET /xingrg/images/xtree/Tplus.png HTTP/1.1" 200 222
114.83.220.119 - - [14/Mar/2024:10:42:03 +0800] "GET /xingrg/images/xtree/Lplus.png HTTP/1.1" 200 224
114.83.220.119 - - [14/Mar/2024:10:42:03 +0800] "POST /xingrg/dwr/call/plaincall/AjaxBaseInfoService.getMateriels.dwr HTTP/1.1" 200 2930
61.170.233.77 - - [14/Mar/2024:10:42:03 +0800] "GET /xingrg/kc/buy/cgsh_order_operate.html?command=get_materiel&rest_code=00106&code=00101008126&supplier_code=00100008&order_time=2024-03-14 HTTP/1.1" 200 412
116.230.123.13 - - [14/Mar/2024:10:42:04 +0800] "GET /xingrg/all/function/internal_message.html?_=1710384161319&CODE_STATE=getMsg HTTP/1.1" 200 27
116.232.194.112 - - [14/Mar/2024:10:42:04 +0800] "GET /xingrg/kc/buy/cgsh_order_operate.html?command=get_materiel&rest_code=00155&code=00101008242&supplier_code=00100005&order_time=2024-03-14 HTTP/1.1" 200 408
114.89.91.180 - - [14/Mar/2024:10:42:06 +0800] "GET /xingrg/all/function/internal_message.html?_=1710384125904&CODE_STATE=getMsg HTTP/1.1" 200 27
61.170.233.77 - - [14/Mar/2024:10:42:06 +0800] "GET /xingrg/kc/base/wldb_order_operate.html?command=get_materiel&rest_code=00106&base_code=0010396&code=00101019492 HTTP/1.1" 200 456
61.170.233.77 - - [14/Mar/2024:10:42:09 +0800] "GET /xingrg/all/function/internal_message.html?_=1710384128028&CODE_STATE=getMsg HTTP/1.1" 200 27
124.78.60.103 - - [14/Mar/2024:10:42:10 +0800] "GET /xingrg/kc/buy/cgsh_order_operate.html?command=get_materiel&rest_code=00141&code=00101008353&supplier_code=00100008&order_time=2024-03-14 HTTP/1.1" 200 408
116.232.194.112 - - [14/Mar/2024:10:42:14 +0800] "GET /xingrg/kc/buy/cgsh_order_operate.html?command=get_materiel&rest_code=00155&code=00101008283&supplier_code=00100005&order_time=2024-03-14 HTTP/1.1" 200 408
58.40.7.146 - - [14/Mar/2024:10:42:16 +0800] "GET /xingrg/all/function/internal_message.html?_=1710384144192&CODE_STATE=getMsg HTTP/1.1" 302 -
124.78.60.103 - - [14/Mar/2024:10:42:16 +0800] "POST /xingrg/kc/buy/cgsh_order_operate.html HTTP/1.1" 200 2065
116.238.97.31 - - [14/Mar/2024:10:42:17 +0800] "GET /xingrg/all/function/internal_message.html?_=1710384138299&CODE_STATE=getMsg HTTP/1.1" 200 27
124.78.60.103 - - [14/Mar/2024:10:42:17 +0800] "GET /xingrg/all/function/internal_message.html?_=1710384137956&CODE_STATE=getMsg HTTP/1.1" 200 27
218.79.29.78 - - [14/Mar/2024:10:42:18 +0800] "GET /xingrg/all/function/internal_message.html?_=1710384145815&CODE_STATE=getMsg HTTP/1.1" 200 27
124.79.241.4 - - [14/Mar/2024:10:42:19 +0800] "GET /xingrg/all/function/internal_message.html?_=1710384157619&CODE_STATE=getMsg HTTP/1.1" 200 27
116.230.123.13 - - [14/Mar/2024:10:42:20 +0800] "GET /xingrg/check_reg.html?_=1710384177261 HTTP/1.1" 302 -
116.230.123.13 - - [14/Mar/2024:10:42:20 +0800] "GET /xingrg/all/function/internal_message.html?_=1710384177262&CODE_STATE=getMsg HTTP/1.1" 302 -
61.170.233.77 - - [14/Mar/2024:10:42:20 +0800] "GET /xingrg/kc/base/wldb_order_operate.html?command=get_materiel&rest_code=00106&base_code=0010396&code=00101019400 HTTP/1.1" 200 465
61.170.233.77 - - [14/Mar/2024:10:42:24 +0800] "GET /xingrg/check_reg.html?_=1710384144270 HTTP/1.1" 200 22
61.170.233.77 - - [14/Mar/2024:10:42:24 +0800] "GET /xingrg/all/function/internal_message.html?_=1710384144274&CODE_STATE=getMsg HTTP/1.1" 200 27
124.78.60.103 - - [14/Mar/2024:10:42:24 +0800] "GET /xingrg/kc/buy/cgsh_order_operate.html?command=get_materiel&rest_code=00141&code=00101008126&supplier_code=00100008&order_time=2024-03-14 HTTP/1.1" 200 412
116.232.194.112 - - [14/Mar/2024:10:42:25 +0800] "GET /xingrg/kc/buy/cgsh_order_operate.html?command=get_materiel&rest_code=00155&code=00101008331&supplier_code=00100005&order_time=2024-03-14 HTTP/1.1" 200 416
101.83.145.37 - - [14/Mar/2024:10:42:28 +0800] "GET /xingrg/all/function/internal_message.html?_=1710384149994&CODE_STATE=getMsg HTTP/1.1" 200 27
61.170.233.77 - - [14/Mar/2024:10:42:31 +0800] "GET /xingrg/kc/buy/cgsh_order_operate.html?command=get_materiel&rest_code=00106&code=00101008300&supplier_code=00100008&order_time=2024-03-14 HTTP/1.1" 200 412
180.169.147.146 - - [14/Mar/2024:10:42:32 +0800] "GET /xingrg/all/function/internal_message.html?_=1710384151046&CODE_STATE=getMsg HTTP/1.1" 302 -
116.232.194.112 - - [14/Mar/2024:10:42:36 +0800] "GET /xingrg/kc/buy/cgsh_order_operate.html?command=get_materiel&rest_code=00155&code=00101008010&supplier_code=00100005&order_time=2024-03-14 HTTP/1.1" 200 412
124.78.60.103 - - [14/Mar/2024:10:42:37 +0800] "GET /xingrg/kc/buy/cgsh_order_operate.html?command=get_materiel&rest_code=00141&code=00101008087&supplier_code=00100008&order_time=2024-03-14 HTTP/1.1" 200 412
116.232.194.112 - - [14/Mar/2024:10:42:37 +0800] "GET /xingrg/all/function/internal_message.html?_=1710384134428&CODE_STATE=getMsg HTTP/1.1" 200 27
116.224.254.208 - - [14/Mar/2024:10:42:37 +0800] "GET /xingrg/all/function/internal_message.html?_=1710384158093&CODE_STATE=getMsg HTTP/1.1" 200 27
116.224.254.208 - - [14/Mar/2024:10:42:41 +0800] "GET /xingrg/all/function/internal_message.html?_=1710384160596&CODE_STATE=getMsg HTTP/1.1" 200 27
116.232.194.112 - - [14/Mar/2024:10:42:41 +0800] "GET /xingrg/all/function/internal_message.html?_=1710384138483&CODE_STATE=getMsg HTTP/1.1" 200 27
116.230.123.13 - - [14/Mar/2024:10:42:43 +0800] "GET /xingrg/check_reg.html?_=1710384200477 HTTP/1.1" 200 22
180.164.1.25 - - [14/Mar/2024:10:42:43 +0800] "GET /favicon.ico HTTP/1.1" 404 -
222.70.115.1 - - [14/Mar/2024:10:42:47 +0800] "GET /xingrg/all/function/internal_message.html?_=1710384173863&CODE_STATE=getMsg HTTP/1.1" 200 27
116.232.194.112 - - [14/Mar/2024:10:42:48 +0800] "GET /xingrg/kc/buy/cgsh_order_operate.html?command=get_materiel&rest_code=00155&code=00101008559&supplier_code=00100005&order_time=2024-03-14 HTTP/1.1" 200 413
61.170.233.77 - - [14/Mar/2024:10:42:48 +0800] "POST /xingrg/kc/base/wldb_order_operate.html HTTP/1.1" 200 37
61.170.233.77 - - [14/Mar/2024:10:42:49 +0800] "POST /xingrg/kc/base/wldb_order_operate.html HTTP/1.1" 200 5204
124.78.60.103 - - [14/Mar/2024:10:42:49 +0800] "GET /xingrg/kc/buy/cgsh_order_operate.html?command=get_materiel&rest_code=00141&code=00101008356&supplier_code=00100008&order_time=2024-03-14 HTTP/1.1" 200 408
61.170.233.77 - - [14/Mar/2024:10:42:49 +0800] "GET /xingrg/kc/base/wldb_order_info.html?code=422024031400945 HTTP/1.1" 200 30397
61.170.233.77 - - [14/Mar/2024:10:42:50 +0800] "GET /xingrg/javascript/easyui/themes/default/validatebox.css HTTP/1.1" 404 1104
114.83.220.119 - - [14/Mar/2024:10:42:50 +0800] "GET /xingrg/all/function/internal_message.html?_=1710384170180&CODE_STATE=getMsg HTTP/1.1" 200 27
61.170.233.77 - - [14/Mar/2024:10:42:50 +0800] "POST /xingrg/kc/base/wldb_order_operate.html HTTP/1.1" 200 5204
172.20.0.100 - - [14/Mar/2024:10:42:52 +0800] "GET /xingrg/check_reg.html?_=1710384183122 HTTP/1.1" 200 22
172.20.0.100 - - [14/Mar/2024:10:42:52 +0800] "GET /xingrg/all/function/internal_message.html?_=1710384183123&CODE_STATE=getMsg HTTP/1.1" 200 27
172.20.0.100 - - [14/Mar/2024:10:42:54 +0800] "GET /xingrg/all/function/internal_message.html?_=1710384173262&CODE_STATE=getMsg HTTP/1.1" 200 27
61.170.233.77 - - [14/Mar/2024:10:42:54 +0800] "GET /xingrg/kc/buy/cgsh_order_operate.html?command=get_materiel&rest_code=00106&code=00101008072&supplier_code=00100008&order_time=2024-03-14 HTTP/1.1" 200 408
61.170.233.77 - - [14/Mar/2024:10:42:54 +0800] "GET /xingrg/kc/base/wldb_order_add.html HTTP/1.1" 200 30382
61.170.233.77 - - [14/Mar/2024:10:42:54 +0800] "POST /xingrg/kc/base/wldb_order_operate.html HTTP/1.1" 200 6806
61.170.233.77 - - [14/Mar/2024:10:42:54 +0800] "GET /xingrg/javascript/easyui/themes/default/validatebox.css HTTP/1.1" 404 1104
221.239.169.251 - - [14/Mar/2024:10:42:55 +0800] "GET /xingrg/all/function/internal_message.html?_=1710384174137&CODE_STATE=getMsg HTTP/1.1" 302 -
61.170.233.77 - - [14/Mar/2024:10:42:56 +0800] "POST /xingrg/all/common/load_combo.html?type=base HTTP/1.1" 200 3227
180.164.1.25 - - [14/Mar/2024:10:42:56 +0800] "GET /xingrg/all/function/internal_message.html?_=1710384174996&CODE_STATE=getMsg HTTP/1.1" 200 27
180.169.147.146 - - [14/Mar/2024:10:42:57 +0800] "GET /xingrg/all/function/internal_message.html?_=1710384177604&CODE_STATE=getMsg HTTP/1.1" 200 27
124.77.241.8 - - [14/Mar/2024:10:42:57 +0800] "GET /xingrg/all/function/internal_message.html?_=1710384191830&CODE_STATE=getMsg HTTP/1.1" 200 27
222.69.132.67 - - [14/Mar/2024:10:42:59 +0800] "GET /xingrg/all/function/internal_message.html?_=1710384179512&CODE_STATE=getMsg HTTP/1.1" 200 27
222.69.132.67 - - [14/Mar/2024:10:42:59 +0800] "GET /xingrg/check_reg.html?_=1710384179516 HTTP/1.1" 200 22
116.232.194.112 - - [14/Mar/2024:10:42:59 +0800] "GET /xingrg/kc/buy/cgsh_order_operate.html?command=get_materiel&rest_code=00155&code=00101008224&supplier_code=00100005&order_time=2024-03-14 HTTP/1.1" 200 416
180.163.30.76 - - [14/Mar/2024:10:43:00 +0800] "GET /xingrg/kc/buy/cgsh_order_operate.html?command=get_materiel&rest_code=00106&code=00101008126&supplier_code=00100008&order_time=2024-03-14 HTTP/1.1" 302 -
61.170.233.77 - - [14/Mar/2024:10:43:00 +0800] "POST /xingrg/all/common/load_combo.html?type=base HTTP/1.1" 200 3227
180.163.30.76 - - [14/Mar/2024:10:43:00 +0800] "GET /xingrg/login.html HTTP/1.1" 200 7641
114.83.220.119 - - [14/Mar/2024:10:43:00 +0800] "GET /xingrg/all/function/internal_message.html?_=1710384178677&CODE_STATE=getMsg HTTP/1.1" 200 27
116.230.123.13 - - [14/Mar/2024:10:43:04 +0800] "GET /xingrg/all/function/internal_message.html?_=1710384221304&CODE_STATE=getMsg HTTP/1.1" 200 27
114.89.91.180 - - [14/Mar/2024:10:43:06 +0800] "GET /xingrg/all/function/internal_message.html?_=1710384185879&CODE_STATE=getMsg HTTP/1.1" 200 27
61.170.233.77 - - [14/Mar/2024:10:43:09 +0800] "GET /xingrg/all/function/internal_message.html?_=1710384188009&CODE_STATE=getMsg HTTP/1.1" 200 27
61.170.233.77 - - [14/Mar/2024:10:43:09 +0800] "GET /xingrg/kc/buy/cgsh_order_operate.html?command=get_materiel&rest_code=00106&code=00101008005&supplier_code=00100008&order_time=2024-03-14 HTTP/1.1" 200 414
116.232.194.112 - - [14/Mar/2024:10:43:10 +0800] "GET /xingrg/kc/buy/cgsh_order_operate.html?command=get_materiel&rest_code=00155&code=00101008163&supplier_code=00100005&order_time=2024-03-14 HTTP/1.1" 200 409
180.157.175.197 - - [14/Mar/2024:10:43:11 +0800] "GET /xingrg/login_supplier.html HTTP/1.1" 200 3208
180.157.175.197 - - [14/Mar/2024:10:43:13 +0800] "GET /favicon.ico HTTP/1.1" 404 -
58.40.7.146 - - [14/Mar/2024:10:43:16 +0800] "GET /xingrg/all/function/internal_message.html?_=1710384204197&CODE_STATE=getMsg HTTP/1.1" 302 -
116.238.97.31 - - [14/Mar/2024:10:43:17 +0800] "GET /xingrg/check_reg.html?_=1710384198292 HTTP/1.1" 200 22
116.238.97.31 - - [14/Mar/2024:10:43:17 +0800] "GET /xingrg/all/function/internal_message.html?_=1710384198295&CODE_STATE=getMsg HTTP/1.1" 200 27
124.78.60.103 - - [14/Mar/2024:10:43:17 +0800] "GET /xingrg/all/function/internal_message.html?_=1710384197940&CODE_STATE=getMsg HTTP/1.1" 200 27
218.79.29.78 - - [14/Mar/2024:10:43:18 +0800] "GET /xingrg/all/function/internal_message.html?_=1710384205819&CODE_STATE=getMsg HTTP/1.1" 200 27
218.79.29.78 - - [14/Mar/2024:10:43:18 +0800] "GET /xingrg/check_reg.html?_=1710384205823 HTTP/1.1" 200 22
124.79.241.4 - - [14/Mar/2024:10:43:19 +0800] "GET /xingrg/all/function/internal_message.html?_=1710384217599&CODE_STATE=getMsg HTTP/1.1" 200 27
116.230.123.13 - - [14/Mar/2024:10:43:20 +0800] "GET /xingrg/all/function/internal_message.html?_=1710384237260&CODE_STATE=getMsg HTTP/1.1" 302 -
116.232.194.112 - - [14/Mar/2024:10:43:20 +0800] "GET /xingrg/kc/buy/cgsh_order_operate.html?command=get_materiel&rest_code=00155&code=00101008809&supplier_code=00100005&order_time=2024-03-14 HTTP/1.1" 200 415
61.170.233.77 - - [14/Mar/2024:10:43:24 +0800] "GET /xingrg/all/function/internal_message.html?_=1710384204281&CODE_STATE=getMsg HTTP/1.1" 200 27
61.170.233.77 - - [14/Mar/2024:10:43:25 +0800] "POST /xingrg/kc/buy/cgsh_order_operate.html HTTP/1.1" 200 37
180.157.175.197 - - [14/Mar/2024:10:43:26 +0800] "POST /xingrg/login_supplier.html HTTP/1.1" 302 -
180.157.175.197 - - [14/Mar/2024:10:43:26 +0800] "GET /xingrg/supplier_index.html?sysBaseUrl=http%3A%2F%2F180.169.147.146%3A18081%2Fxingrg%2F&costTime=248×tamp=1710384206553 HTTP/1.1" 200 9061
180.157.175.197 - - [14/Mar/2024:10:43:27 +0800] "GET /favicon.ico HTTP/1.1" 404 -
61.170.233.77 - - [14/Mar/2024:10:43:27 +0800] "POST /xingrg/kc/buy/cgsh_order_operate.html HTTP/1.1" 200 12115
101.83.145.37 - - [14/Mar/2024:10:43:28 +0800] "GET /xingrg/all/function/internal_message.html?_=1710384209995&CODE_STATE=getMsg HTTP/1.1" 200 27
61.170.233.77 - - [14/Mar/2024:10:43:30 +0800] "GET /xingrg/kc/base/wldb_order_operate.html?command=get_materiel&rest_code=00106&base_code=0010396&code=00101019127 HTTP/1.1" 200 480
116.232.194.112 - - [14/Mar/2024:10:43:30 +0800] "GET /xingrg/kc/buy/cgsh_order_operate.html?command=get_materiel&rest_code=00155&code=00101008141&supplier_code=00100005&order_time=2024-03-14 HTTP/1.1" 200 414
180.169.147.146 - - [14/Mar/2024:10:43:32 +0800] "GET /xingrg/all/function/internal_message.html?_=1710384211048&CODE_STATE=getMsg HTTP/1.1" 302 -
180.169.147.146 - - [14/Mar/2024:10:43:32 +0800] "GET /xingrg/check_reg.html?_=1710384211054 HTTP/1.1" 302 -
180.157.175.197 - - [14/Mar/2024:10:43:32 +0800] "GET /xingrg/supplier/cgsh_order_list.html HTTP/1.1" 200 10896
180.157.175.197 - - [14/Mar/2024:10:43:37 +0800] "POST /xingrg/supplier/cgsh_list_operate.html HTTP/1.1" 200 4863
116.232.194.112 - - [14/Mar/2024:10:43:37 +0800] "GET /xingrg/all/function/internal_message.html?_=1710384194410&CODE_STATE=getMsg HTTP/1.1" 200 27
116.224.254.208 - - [14/Mar/2024:10:43:37 +0800] "GET /xingrg/all/function/internal_message.html?_=1710384218066&CODE_STATE=getMsg HTTP/1.1" 200 27
114.83.220.119 - - [14/Mar/2024:10:43:38 +0800] "GET /xingrg/check_reg.html?_=1710384216503 HTTP/1.1" 200 22
116.224.254.208 - - [14/Mar/2024:10:43:41 +0800] "GET /xingrg/all/function/internal_message.html?_=1710384220606&CODE_STATE=getMsg HTTP/1.1" 200 27
116.224.254.208 - - [14/Mar/2024:10:43:41 +0800] "GET /xingrg/check_reg.html?_=1710384220609 HTTP/1.1" 200 22
116.232.194.112 - - [14/Mar/2024:10:43:41 +0800] "GET /xingrg/all/function/internal_message.html?_=1710384198465&CODE_STATE=getMsg HTTP/1.1" 200 27
61.170.233.77 - - [14/Mar/2024:10:43:42 +0800] "GET /xingrg/kc/base/wldb_order_operate.html?command=get_materiel&rest_code=00106&base_code=0010396&code=00101019297 HTTP/1.1" 200 476
222.70.115.1 - - [14/Mar/2024:10:43:43 +0800] "GET /xingrg/check_reg.html?_=1710384229864 HTTP/1.1" 200 22
180.163.28.180 - - [14/Mar/2024:10:43:43 +0800] "GET /xingrg/all/function/internal_message.html?_=1710381189145&CODE_STATE=getMsg HTTP/1.1" 302 -
180.163.28.180 - - [14/Mar/2024:10:43:44 +0800] "GET /xingrg/login.html HTTP/1.1" 200 7641
180.157.175.197 - - [14/Mar/2024:10:43:44 +0800] "GET /xingrg/javascript/jquery_tools/images/prev.gif HTTP/1.1" 404 1086
180.157.175.197 - - [14/Mar/2024:10:43:44 +0800] "GET /xingrg/javascript/jquery_tools/images/next.gif HTTP/1.1" 404 1086
61.170.233.77 - - [14/Mar/2024:10:43:44 +0800] "GET /xingrg/kc/buy/cgsh_order_operate.html?command=get_materiel&rest_code=00106&code=00101008110&supplier_code=00100008&order_time=2024-03-14 HTTP/1.1" 200 409
124.78.60.103 - - [14/Mar/2024:10:43:45 +0800] "GET /xingrg/kc/buy/cgsh_order_operate.html?command=get_materiel&rest_code=00141&code=00101008300&supplier_code=00100008&order_time=2024-03-14 HTTP/1.1" 200 412
222.70.115.1 - - [14/Mar/2024:10:43:48 +0800] "GET /xingrg/all/function/internal_message.html?_=1710384234866&CODE_STATE=getMsg HTTP/1.1" 200 27
114.83.220.119 - - [14/Mar/2024:10:43:50 +0800] "GET /xingrg/all/function/internal_message.html?_=1710384230187&CODE_STATE=getMsg HTTP/1.1" 200 27
172.20.0.100 - - [14/Mar/2024:10:43:52 +0800] "GET /xingrg/all/function/internal_message.html?_=1710384243149&CODE_STATE=getMsg HTTP/1.1" 200 27
172.20.0.100 - - [14/Mar/2024:10:43:54 +0800] "GET /xingrg/check_reg.html?_=1710384233258 HTTP/1.1" 200 22
172.20.0.100 - - [14/Mar/2024:10:43:54 +0800] "GET /xingrg/all/function/internal_message.html?_=1710384233260&CODE_STATE=getMsg HTTP/1.1" 200 27
116.232.194.112 - - [14/Mar/2024:10:43:55 +0800] "GET /xingrg/kc/buy/cgsh_order_operate.html?command=get_materiel&rest_code=00155&code=00101013175&supplier_code=00100005&order_time=2024-03-14 HTTP/1.1" 200 412
221.239.169.251 - - [14/Mar/2024:10:43:55 +0800] "GET /xingrg/all/function/internal_message.html?_=1710384234138&CODE_STATE=getMsg HTTP/1.1" 302 -
180.157.175.197 - - [14/Mar/2024:10:43:56 +0800] "POST /xingrg/supplier/cgsh_list_operate.html HTTP/1.1" 200 4189
180.164.1.25 - - [14/Mar/2024:10:43:56 +0800] "GET /xingrg/check_reg.html?_=1710384234978 HTTP/1.1" 200 22
180.164.1.25 - - [14/Mar/2024:10:43:56 +0800] "GET /xingrg/all/function/internal_message.html?_=1710384234979&CODE_STATE=getMsg HTTP/1.1" 200 27
180.169.147.146 - - [14/Mar/2024:10:43:57 +0800] "GET /xingrg/all/function/internal_message.html?_=1710384237602&CODE_STATE=getMsg HTTP/1.1" 200 27
124.77.241.8 - - [14/Mar/2024:10:43:57 +0800] "GET /xingrg/all/function/internal_message.html?_=1710384251937&CODE_STATE=getMsg HTTP/1.1" 200 27
222.69.132.67 - - [14/Mar/2024:10:43:59 +0800] "GET /xingrg/all/function/internal_message.html?_=1710384239502&CODE_STATE=getMsg HTTP/1.1" 200 27
114.83.220.119 - - [14/Mar/2024:10:44:00 +0800] "GET /xingrg/all/function/internal_message.html?_=1710384238651&CODE_STATE=getMsg HTTP/1.1" 200 27
124.78.60.103 - - [14/Mar/2024:10:44:01 +0800] "POST /xingrg/kc/buy/cgsh_order_operate.html HTTP/1.1" 200 2065
116.230.123.13 - - [14/Mar/2024:10:44:04 +0800] "GET /xingrg/all/function/internal_message.html?_=1710384281275&CODE_STATE=getMsg HTTP/1.1" 200 27
180.163.29.212 - - [14/Mar/2024:10:44:06 +0800] "GET /xingrg/kc/buy/cgsh_order_operate.html?command=get_materiel&rest_code=00106&code=00101008005&supplier_code=00100008&order_time=2024-03-14 HTTP/1.1" 302 -
180.163.29.212 - - [14/Mar/2024:10:44:06 +0800] "GET /xingrg/login.html HTTP/1.1" 200 7641
116.232.194.112 - - [14/Mar/2024:10:44:06 +0800] "GET /xingrg/kc/buy/cgsh_order_operate.html?command=get_materiel&rest_code=00155&code=00101008361&supplier_code=00100005&order_time=2024-03-14 HTTP/1.1" 200 408
124.78.60.103 - - [14/Mar/2024:10:44:08 +0800] "GET /xingrg/kc/buy/cgsh_order_operate.html?command=get_materiel&rest_code=00141&code=00101008286&supplier_code=00100008&order_time=2024-03-14 HTTP/1.1" 200 408
61.170.233.77 - - [14/Mar/2024:10:44:09 +0800] "GET /xingrg/all/function/internal_message.html?_=1710384247996&CODE_STATE=getMsg HTTP/1.1" 200 27
58.40.7.146 - - [14/Mar/2024:10:44:16 +0800] "GET /xingrg/all/function/internal_message.html?_=1710384264185&CODE_STATE=getMsg HTTP/1.1" 302 -
124.78.60.103 - - [14/Mar/2024:10:44:16 +0800] "GET /xingrg/check_reg.html?_=1710384256382 HTTP/1.1" 200 22
116.238.97.31 - - [14/Mar/2024:10:44:17 +0800] "GET /xingrg/all/function/internal_message.html?_=1710384258310&CODE_STATE=getMsg HTTP/1.1" 200 27
124.78.60.103 - - [14/Mar/2024:10:44:17 +0800] "GET /xingrg/all/function/internal_message.html?_=1710384257922&CODE_STATE=getMsg HTTP/1.1" 200 27
218.79.29.78 - - [14/Mar/2024:10:44:18 +0800] "GET /xingrg/all/function/internal_message.html?_=1710384265822&CODE_STATE=getMsg HTTP/1.1" 200 27
61.170.233.77 - - [14/Mar/2024:10:44:18 +0800] "GET /xingrg/kc/base/wldb_order_operate.html?command=get_materiel&rest_code=00106&base_code=0010396&code=00101019187 HTTP/1.1" 200 479
124.79.241.4 - - [14/Mar/2024:10:44:19 +0800] "GET /xingrg/all/function/internal_message.html?_=1710384277569&CODE_STATE=getMsg HTTP/1.1" 200 27
116.230.123.13 - - [14/Mar/2024:10:44:20 +0800] "GET /xingrg/all/function/internal_message.html?_=1710384297258&CODE_STATE=getMsg HTTP/1.1" 302 -
124.78.60.103 - - [14/Mar/2024:10:44:20 +0800] "GET /xingrg/kc/buy/cgsh_order_operate.html?command=get_materiel&rest_code=00141&code=00101008224&supplier_code=00100008&order_time=2024-03-14 HTTP/1.1" 200 416
61.170.233.77 - - [14/Mar/2024:10:44:24 +0800] "GET /xingrg/all/function/internal_message.html?_=1710384264281&CODE_STATE=getMsg HTTP/1.1" 200 27
101.83.145.37 - - [14/Mar/2024:10:44:28 +0800] "GET /xingrg/all/function/internal_message.html?_=1710384269997&CODE_STATE=getMsg HTTP/1.1" 200 27
180.169.147.146 - - [14/Mar/2024:10:44:32 +0800] "GET /xingrg/all/function/internal_message.html?_=1710384271043&CODE_STATE=getMsg HTTP/1.1" 302 -
116.232.194.112 - - [14/Mar/2024:10:44:36 +0800] "GET /xingrg/check_reg.html?_=1710384253491 HTTP/1.1" 200 22
61.170.233.77 - - [14/Mar/2024:10:44:37 +0800] "GET /xingrg/kc/buy/cgsh_order_operate.html?command=get_materiel&rest_code=00106&code=00101008353&supplier_code=00100008&order_time=2024-03-14 HTTP/1.1" 200 408
116.232.194.112 - - [14/Mar/2024:10:44:37 +0800] "GET /xingrg/all/function/internal_message.html?_=1710384254395&CODE_STATE=getMsg HTTP/1.1" 200 27
116.224.254.208 - - [14/Mar/2024:10:44:37 +0800] "GET /xingrg/all/function/internal_message.html?_=1710384278047&CODE_STATE=getMsg HTTP/1.1" 200 27
124.78.60.103 - - [14/Mar/2024:10:44:39 +0800] "GET /xingrg/kc/buy/cgsh_order_operate.html?command=get_materiel&rest_code=00141&code=00101008155&supplier_code=00100008&order_time=2024-03-14 HTTP/1.1" 200 408
116.224.254.208 - - [14/Mar/2024:10:44:41 +0800] "GET /xingrg/all/function/internal_message.html?_=1710384280612&CODE_STATE=getMsg HTTP/1.1" 200 27
116.232.194.112 - - [14/Mar/2024:10:44:41 +0800] "GET /xingrg/all/function/internal_message.html?_=1710384258474&CODE_STATE=getMsg HTTP/1.1" 200 27
116.232.194.112 - - [14/Mar/2024:10:44:42 +0800] "GET /xingrg/kc/buy/cgsh_order_operate.html?command=get_materiel&rest_code=00155&code=00101008264&supplier_code=00100005&order_time=2024-03-14 HTTP/1.1" 200 412
221.239.169.251 - - [14/Mar/2024:10:44:43 +0800] "GET /xingrg/check_reg.html?_=1710384281818 HTTP/1.1" 302 -
180.169.147.146 - - [14/Mar/2024:10:44:45 +0800] "GET /xingrg/login.html HTTP/1.1" 200 7641
180.169.147.146 - - [14/Mar/2024:10:44:45 +0800] "GET /favicon.ico HTTP/1.1" 404 -
180.169.147.146 - - [14/Mar/2024:10:44:47 +0800] "POST /xingrg/login.do HTTP/1.1" 302 -
180.169.147.146 - - [14/Mar/2024:10:44:47 +0800] "GET /xingrg/index.html?sysBaseUrl=http%3A%2F%2F180.169.147.146%3A18081%2Fxingrg%2F&costTime=824×tamp=1710384287477 HTTP/1.1" 200 17179
180.169.147.146 - - [14/Mar/2024:10:44:47 +0800] "GET /favicon.ico HTTP/1.1" 404 -
180.169.147.146 - - [14/Mar/2024:10:44:47 +0800] "GET /xingrg/all/function/internal_message.html?_=1710384286416&CODE_STATE=count HTTP/1.1" 200 11
180.169.147.146 - - [14/Mar/2024:10:44:47 +0800] "GET /xingrg/check_reg.html?_=1710384286417 HTTP/1.1" 200 22
180.169.147.146 - - [14/Mar/2024:10:44:47 +0800] "POST /xingrg/all/common/load_tree.html?tree=area_rest_tree_json&manage=1 HTTP/1.1" 200 351
180.169.147.146 - - [14/Mar/2024:10:44:47 +0800] "POST /xingrg/load_menu.html HTTP/1.1" 200 5138
222.70.115.1 - - [14/Mar/2024:10:44:49 +0800] "GET /xingrg/all/function/internal_message.html?_=1710384295868&CODE_STATE=getMsg HTTP/1.1" 200 27
114.83.220.119 - - [14/Mar/2024:10:44:50 +0800] "GET /xingrg/all/function/internal_message.html?_=1710384290187&CODE_STATE=getMsg HTTP/1.1" 200 27
180.163.28.180 - - [14/Mar/2024:10:44:51 +0800] "GET /xingrg/all/function/internal_message.html?_=1710381608970&CODE_STATE=getMsg HTTP/1.1" 302 -
180.163.28.180 - - [14/Mar/2024:10:44:51 +0800] "GET /xingrg/login.html HTTP/1.1" 200 7641
116.232.194.112 - - [14/Mar/2024:10:44:52 +0800] "GET /xingrg/kc/buy/cgsh_order_operate.html?command=get_materiel&rest_code=00155&code=00101008024&supplier_code=00100005&order_time=2024-03-14 HTTP/1.1" 200 408
172.20.0.100 - - [14/Mar/2024:10:44:52 +0800] "GET /xingrg/all/function/internal_message.html?_=1710384303147&CODE_STATE=getMsg HTTP/1.1" 200 27
172.20.0.100 - - [14/Mar/2024:10:44:54 +0800] "GET /xingrg/all/function/internal_message.html?_=1710384293263&CODE_STATE=getMsg HTTP/1.1" 200 27
180.169.147.146 - - [14/Mar/2024:10:44:54 +0800] "GET /xingrg/kc/buy/buy_main.html HTTP/1.1" 200 12412
180.169.147.146 - - [14/Mar/2024:10:44:54 +0800] "GET /xingrg/css/new_ie.css HTTP/1.1" 404 1036
180.169.147.146 - - [14/Mar/2024:10:44:54 +0800] "GET /xingrg/images/yd/bt.gif HTTP/1.1" 404 1040
221.239.169.251 - - [14/Mar/2024:10:44:55 +0800] "GET /xingrg/all/function/internal_message.html?_=1710384294147&CODE_STATE=getMsg HTTP/1.1" 302 -
180.164.1.25 - - [14/Mar/2024:10:44:56 +0800] "GET /xingrg/all/function/internal_message.html?_=1710384294992&CODE_STATE=getMsg HTTP/1.1" 200 27
180.169.147.146 - - [14/Mar/2024:10:44:56 +0800] "GET /xingrg/kc/buy/cgsh_order_list.html HTTP/1.1" 200 8212
180.169.147.146 - - [14/Mar/2024:10:44:56 +0800] "GET /xingrg/kc/buy/cgsh_order_list.html HTTP/1.1" 200 57886
124.78.60.103 - - [14/Mar/2024:10:44:57 +0800] "GET /xingrg/kc/buy/cgsh_order_operate.html?command=get_materiel&rest_code=00141&code=00101008051&supplier_code=00100008&order_time=2024-03-14 HTTP/1.1" 200 408
180.169.147.146 - - [14/Mar/2024:10:44:57 +0800] "GET /xingrg/all/function/internal_message.html?_=1710384297609&CODE_STATE=getMsg HTTP/1.1" 200 27
124.77.241.8 - - [14/Mar/2024:10:44:58 +0800] "GET /xingrg/all/function/internal_message.html?_=1710384311950&CODE_STATE=getMsg HTTP/1.1" 200 27
61.170.233.77 - - [14/Mar/2024:10:44:58 +0800] "POST /xingrg/kc/base/wldb_order_operate.html HTTP/1.1" 200 37
222.69.132.67 - - [14/Mar/2024:10:44:59 +0800] "GET /xingrg/all/function/internal_message.html?_=1710384299493&CODE_STATE=getMsg HTTP/1.1" 200 27
61.170.233.77 - - [14/Mar/2024:10:44:59 +0800] "POST /xingrg/kc/base/wldb_order_operate.html HTTP/1.1" 200 4259
114.83.220.119 - - [14/Mar/2024:10:45:00 +0800] "GET /xingrg/all/function/internal_message.html?_=1710384298623&CODE_STATE=getMsg HTTP/1.1" 200 27
61.170.233.77 - - [14/Mar/2024:10:45:00 +0800] "GET /xingrg/kc/base/wldb_order_info.html?code=422024031400946 HTTP/1.1" 200 30397
61.170.233.77 - - [14/Mar/2024:10:45:01 +0800] "GET /xingrg/javascript/easyui/themes/default/validatebox.css HTTP/1.1" 404 1104
61.170.233.77 - - [14/Mar/2024:10:45:01 +0800] "POST /xingrg/kc/base/wldb_order_operate.html HTTP/1.1" 200 4259
116.232.194.112 - - [14/Mar/2024:10:45:02 +0800] "GET /xingrg/kc/buy/cgsh_order_operate.html?command=get_materiel&rest_code=00155&code=00101008356&supplier_code=00100005&order_time=2024-03-14 HTTP/1.1" 200 408
116.230.123.13 - - [14/Mar/2024:10:45:04 +0800] "GET /xingrg/all/function/internal_message.html?_=1710384341255&CODE_STATE=getMsg HTTP/1.1" 200 27
61.170.233.77 - - [14/Mar/2024:10:45:05 +0800] "GET /xingrg/kc/base/base_main.html HTTP/1.1" 200 12142
61.170.233.77 - - [14/Mar/2024:10:45:07 +0800] "GET /xingrg/kc/base/wldb_order_list.html HTTP/1.1" 200 19051
61.170.233.77 - - [14/Mar/2024:10:45:07 +0800] "POST /xingrg/kc/base/wldb_list_operate.html HTTP/1.1" 200 2166
61.170.233.77 - - [14/Mar/2024:10:45:09 +0800] "GET /xingrg/all/function/internal_message.html?_=1710384307972&CODE_STATE=getMsg HTTP/1.1" 200 27
116.232.194.112 - - [14/Mar/2024:10:45:11 +0800] "GET /xingrg/kc/buy/cgsh_order_operate.html?command=get_materiel&rest_code=00155&code=00101008205&supplier_code=00100005&order_time=2024-03-14 HTTP/1.1" 200 412
61.170.233.77 - - [14/Mar/2024:10:45:12 +0800] "POST /xingrg/kc/buy/cgsh_order_operate.html HTTP/1.1" 200 2065
116.232.194.112 - - [14/Mar/2024:10:45:14 +0800] "POST /xingrg/kc/buy/cgsh_order_operate.html HTTP/1.1" 200 2065
58.40.7.146 - - [14/Mar/2024:10:45:16 +0800] "GET /xingrg/all/function/internal_message.html?_=1710384324177&CODE_STATE=getMsg HTTP/1.1" 302 -
116.238.97.31 - - [14/Mar/2024:10:45:17 +0800] "GET /xingrg/all/function/internal_message.html?_=1710384318304&CODE_STATE=getMsg HTTP/1.1" 200 27
124.78.60.103 - - [14/Mar/2024:10:45:17 +0800] "GET /xingrg/all/function/internal_message.html?_=1710384317904&CODE_STATE=getMsg HTTP/1.1" 200 27
218.79.29.78 - - [14/Mar/2024:10:45:18 +0800] "GET /xingrg/all/function/internal_message.html?_=1710384325823&CODE_STATE=getMsg HTTP/1.1" 200 27
124.79.241.4 - - [14/Mar/2024:10:45:19 +0800] "GET /xingrg/all/function/internal_message.html?_=1710384337539&CODE_STATE=getMsg HTTP/1.1" 200 27
124.79.241.4 - - [14/Mar/2024:10:45:19 +0800] "GET /xingrg/check_reg.html?_=1710384338148 HTTP/1.1" 200 22
124.78.60.103 - - [14/Mar/2024:10:45:20 +0800] "POST /xingrg/kc/buy/cgsh_order_operate.html HTTP/1.1" 200 2065
116.230.123.13 - - [14/Mar/2024:10:45:20 +0800] "GET /xingrg/all/function/internal_message.html?_=1710384357248&CODE_STATE=getMsg HTTP/1.1" 302 -
61.170.233.77 - - [14/Mar/2024:10:45:24 +0800] "GET /xingrg/all/function/internal_message.html?_=1710384324294&CODE_STATE=getMsg HTTP/1.1" 200 27
116.232.194.112 - - [14/Mar/2024:10:45:24 +0800] "GET /xingrg/kc/buy/cgsh_order_operate.html?command=get_materiel&rest_code=00155&code=00101008137&supplier_code=00100005&order_time=2024-03-14 HTTP/1.1" 200 408
61.170.233.77 - - [14/Mar/2024:10:45:25 +0800] "GET /xingrg/kc/buy/cgsh_order_operate.html?command=get_materiel&rest_code=00106&code=00101008131&supplier_code=00100008&order_time=2024-03-14 HTTP/1.1" 200 408
101.83.145.37 - - [14/Mar/2024:10:45:28 +0800] "GET /xingrg/all/function/internal_message.html?_=1710384329998&CODE_STATE=getMsg HTTP/1.1" 200 27
180.169.147.146 - - [14/Mar/2024:10:45:32 +0800] "GET /xingrg/all/function/internal_message.html?_=1710384331036&CODE_STATE=getMsg HTTP/1.1" 302 -
116.232.194.112 - - [14/Mar/2024:10:45:36 +0800] "GET /xingrg/kc/buy/cgsh_order_operate.html?command=get_materiel&rest_code=00155&code=00101008360&supplier_code=00100005&order_time=2024-03-14 HTTP/1.1" 200 413
116.232.194.112 - - [14/Mar/2024:10:45:37 +0800] "GET /xingrg/all/function/internal_message.html?_=1710384314390&CODE_STATE=getMsg HTTP/1.1" 200 27
116.224.254.208 - - [14/Mar/2024:10:45:37 +0800] "GET /xingrg/all/function/internal_message.html?_=1710384338030&CODE_STATE=getMsg HTTP/1.1" 200 27
116.224.254.208 - - [14/Mar/2024:10:45:38 +0800] "GET /xingrg/check_reg.html?_=1710384338201 HTTP/1.1" 200 22
124.78.60.103 - - [14/Mar/2024:10:45:40 +0800] "GET /xingrg/kc/buy/cgsh_order_operate.html?command=get_materiel&rest_code=00141&code=00101010193&supplier_code=00100008&order_time=2024-03-14 HTTP/1.1" 200 415
116.224.254.208 - - [14/Mar/2024:10:45:41 +0800] "GET /xingrg/all/function/internal_message.html?_=1710384340608&CODE_STATE=getMsg HTTP/1.1" 200 27
116.232.194.112 - - [14/Mar/2024:10:45:41 +0800] "GET /xingrg/check_reg.html?_=1710384318460 HTTP/1.1" 200 22
116.232.194.112 - - [14/Mar/2024:10:45:41 +0800] "GET /xingrg/all/function/internal_message.html?_=1710384318462&CODE_STATE=getMsg HTTP/1.1" 200 27
116.232.194.112 - - [14/Mar/2024:10:45:46 +0800] "GET /xingrg/kc/buy/cgsh_order_operate.html?command=get_materiel&rest_code=00155&code=00101008196&supplier_code=00100005&order_time=2024-03-14 HTTP/1.1" 200 416
180.169.147.146 - - [14/Mar/2024:10:45:47 +0800] "GET /xingrg/all/function/internal_message.html?_=1710384346434&CODE_STATE=getMsg HTTP/1.1" 200 27
180.163.29.212 - - [14/Mar/2024:10:45:49 +0800] "GET /xingrg/all/function/internal_message.html?_=1710384008065&CODE_STATE=getMsg HTTP/1.1" 302 -
180.163.29.212 - - [14/Mar/2024:10:45:49 +0800] "GET /xingrg/login.html HTTP/1.1" 200 7641
222.70.115.1 - - [14/Mar/2024:10:45:50 +0800] "GET /xingrg/all/function/internal_message.html?_=1710384356870&CODE_STATE=getMsg HTTP/1.1" 200 27
114.83.220.119 - - [14/Mar/2024:10:45:50 +0800] "GET /xingrg/all/function/internal_message.html?_=1710384350190&CODE_STATE=getMsg HTTP/1.1" 200 27
172.20.0.100 - - [14/Mar/2024:10:45:52 +0800] "GET /xingrg/all/function/internal_message.html?_=1710384363147&CODE_STATE=getMsg HTTP/1.1" 200 27
172.20.0.100 - - [14/Mar/2024:10:45:54 +0800] "GET /xingrg/all/function/internal_message.html?_=1710384353267&CODE_STATE=getMsg HTTP/1.1" 200 27
124.77.241.8 - - [14/Mar/2024:10:45:55 +0800] "GET /xingrg/check_reg.html?_=1710384369033 HTTP/1.1" 200 22
221.239.169.251 - - [14/Mar/2024:10:45:55 +0800] "GET /xingrg/all/function/internal_message.html?_=1710384354148&CODE_STATE=getMsg HTTP/1.1" 302 -
180.164.1.25 - - [14/Mar/2024:10:45:56 +0800] "GET /xingrg/all/function/internal_message.html?_=1710384354991&CODE_STATE=getMsg HTTP/1.1" 200 27
180.169.147.146 - - [14/Mar/2024:10:45:57 +0800] "GET /xingrg/all/function/internal_message.html?_=1710384357607&CODE_STATE=getMsg HTTP/1.1" 200 27
180.169.147.146 - - [14/Mar/2024:10:45:57 +0800] "GET /xingrg/check_reg.html?_=1710384357608 HTTP/1.1" 200 22
124.77.241.8 - - [14/Mar/2024:10:45:58 +0800] "GET /xingrg/all/function/internal_message.html?_=1710384371965&CODE_STATE=getMsg HTTP/1.1" 200 27
222.69.132.67 - - [14/Mar/2024:10:45:59 +0800] "GET /xingrg/all/function/internal_message.html?_=1710384359522&CODE_STATE=getMsg HTTP/1.1" 200 27
61.170.233.77 - - [14/Mar/2024:10:46:00 +0800] "GET /xingrg/check_reg.html?_=1710384359157 HTTP/1.1" 200 22
114.83.220.119 - - [14/Mar/2024:10:46:00 +0800] "GET /xingrg/all/function/internal_message.html?_=1710384358601&CODE_STATE=getMsg HTTP/1.1" 200 27
61.170.233.77 - - [14/Mar/2024:10:46:02 +0800] "GET /xingrg/kc/buy/cgsh_order_operate.html?command=get_materiel&rest_code=00106&code=00101008172&supplier_code=00100008&order_time=2024-03-14 HTTP/1.1" 200 412
116.230.123.13 - - [14/Mar/2024:10:46:04 +0800] "GET /xingrg/all/function/internal_message.html?_=1710384401254&CODE_STATE=getMsg HTTP/1.1" 200 27
116.232.194.112 - - [14/Mar/2024:10:46:05 +0800] "GET /xingrg/kc/buy/cgsh_order_operate.html?command=get_materiel&rest_code=00155&code=00101008069&supplier_code=00100005&order_time=2024-03-14 HTTP/1.1" 200 412
61.170.233.77 - - [14/Mar/2024:10:46:09 +0800] "GET /xingrg/all/function/internal_message.html?_=1710384367946&CODE_STATE=getMsg HTTP/1.1" 200 27
58.40.7.146 - - [14/Mar/2024:10:46:16 +0800] "GET /xingrg/all/function/internal_message.html?_=1710384384181&CODE_STATE=getMsg HTTP/1.1" 302 -
