120.253.135.82 - - [14/Mar/2024:08:15:15 +0800] "GET /xingrg/javascript/easyui/themes/default/validatebox.css HTTP/1.1" 404 1104
120.253.135.82 - - [14/Mar/2024:08:15:15 +0800] "GET /xingrg/all/common/auto_word.html?type=base&rest_code=00101 HTTP/1.1" 200 671
120.253.135.82 - - [14/Mar/2024:08:15:15 +0800] "POST /xingrg/kc/pszx/mdps_order_operate.html HTTP/1.1" 200 12048
58.40.7.146 - - [14/Mar/2024:08:15:16 +0800] "GET /xingrg/all/function/internal_message.html?_=1710375324194&CODE_STATE=getMsg HTTP/1.1" 302 -
218.79.29.78 - - [14/Mar/2024:08:15:18 +0800] "GET /xingrg/all/function/internal_message.html?_=1710375325693&CODE_STATE=getMsg HTTP/1.1" 200 27
120.253.135.82 - - [14/Mar/2024:08:15:19 +0800] "GET /xingrg/all/function/internal_message.html?_=1710375491295&CODE_STATE=getMsg HTTP/1.1" 200 27
116.224.254.208 - - [14/Mar/2024:08:15:22 +0800] "GET /xingrg/kc/buy/cgsh_order_operate.html?command=get_materiel&rest_code=00150&code=00101031001&supplier_code=00100064&order_time=2024-03-14 HTTP/1.1" 200 419
116.238.97.31 - - [14/Mar/2024:08:15:23 +0800] "GET /xingrg/all/function/internal_message.html?_=1710375324678&CODE_STATE=getMsg HTTP/1.1" 200 27
116.224.254.208 - - [14/Mar/2024:08:15:25 +0800] "GET /xingrg/all/function/internal_message.html?_=1710375325793&CODE_STATE=getMsg HTTP/1.1" 200 27
116.224.254.208 - - [14/Mar/2024:08:15:34 +0800] "POST /xingrg/kc/buy/cgsh_order_operate.html HTTP/1.1" 200 37
116.224.254.208 - - [14/Mar/2024:08:15:35 +0800] "GET /xingrg/all/function/internal_message.html?_=1710375335041&CODE_STATE=getMsg HTTP/1.1" 200 27
116.224.254.208 - - [14/Mar/2024:08:15:41 +0800] "POST /xingrg/kc/buy/cgsh_order_operate.html HTTP/1.1" 200 12
120.253.135.82 - - [14/Mar/2024:08:15:43 +0800] "POST /xingrg/kc/pszx/mdps_order_operate.html HTTP/1.1" 200 37
116.224.254.208 - - [14/Mar/2024:08:15:43 +0800] "GET /xingrg/kc/buy/cgsh_order_info.html?code=212024031403989 HTTP/1.1" 200 68624
116.224.254.208 - - [14/Mar/2024:08:15:44 +0800] "GET /xingrg/javascript/easyui/themes/default/validatebox.css HTTP/1.1" 404 1104
116.224.254.208 - - [14/Mar/2024:08:15:45 +0800] "POST /xingrg/kc/buy/cgsh_order_operate.html HTTP/1.1" 200 616
116.224.254.208 - - [14/Mar/2024:08:15:46 +0800] "GET /xingrg/kc/print/load_config.html?kc_code=cgsh HTTP/1.1" 200 1927
116.224.254.208 - - [14/Mar/2024:08:15:47 +0800] "GET /xingrg/kc/print/load_data.html?order_code=212024031403989&kc_code=cgsh&condition= HTTP/1.1" 200 783
120.253.135.82 - - [14/Mar/2024:08:15:49 +0800] "POST /xingrg/kc/pszx/mdps_order_operate.html HTTP/1.1" 200 12
172.20.0.100 - - [14/Mar/2024:08:15:52 +0800] "GET /xingrg/all/function/internal_message.html?_=1710375362531&CODE_STATE=getMsg HTTP/1.1" 200 27
116.224.254.208 - - [14/Mar/2024:08:15:53 +0800] "GET /xingrg/kc/buy/cgsh_order_add.html HTTP/1.1" 200 73711
116.224.254.208 - - [14/Mar/2024:08:15:53 +0800] "POST /xingrg/kc/buy/cgsh_order_operate.html HTTP/1.1" 200 8245
116.224.254.208 - - [14/Mar/2024:08:15:53 +0800] "GET /xingrg/javascript/easyui/themes/default/validatebox.css HTTP/1.1" 404 1104
120.253.135.82 - - [14/Mar/2024:08:15:54 +0800] "GET /xingrg/kc/pszx/mdps_order_info.html?code=312024031300257 HTTP/1.1" 200 19636
120.253.135.82 - - [14/Mar/2024:08:15:54 +0800] "GET /xingrg/javascript/easyui/themes/default/validatebox.css HTTP/1.1" 404 1104
124.77.241.8 - - [14/Mar/2024:08:15:54 +0800] "GET /xingrg/check_reg.html?_=1710375367971 HTTP/1.1" 200 22
120.253.135.82 - - [14/Mar/2024:08:15:54 +0800] "POST /xingrg/kc/pszx/mdps_order_operate.html HTTP/1.1" 200 10191
124.77.241.8 - - [14/Mar/2024:08:15:55 +0800] "GET /xingrg/all/function/internal_message.html?_=1710375368977&CODE_STATE=getMsg HTTP/1.1" 200 27
221.239.169.251 - - [14/Mar/2024:08:15:55 +0800] "GET /xingrg/all/function/internal_message.html?_=1710375353963&CODE_STATE=getMsg HTTP/1.1" 302 -
120.253.135.82 - - [14/Mar/2024:08:16:01 +0800] "POST /xingrg/kc/pszx/mdps_list_operate.html HTTP/1.1" 200 5231
116.224.254.208 - - [14/Mar/2024:08:16:03 +0800] "GET /xingrg/kc/buy/cgsh_order_operate.html?command=get_materiel&rest_code=00150&code=00101031012&supplier_code=00100054&order_time=2024-03-14 HTTP/1.1" 200 417
222.70.115.1 - - [14/Mar/2024:08:16:08 +0800] "POST /xingrg/services/DataTransmitService HTTP/1.1" 200 524
120.253.135.82 - - [14/Mar/2024:08:16:10 +0800] "POST /xingrg/kc/pszx/mdps_list_operate.html HTTP/1.1" 200 606
120.253.135.82 - - [14/Mar/2024:08:16:13 +0800] "GET /xingrg/kc/pszx/mdps_order_info.html?code=312024031300259 HTTP/1.1" 200 23978
120.253.135.82 - - [14/Mar/2024:08:16:13 +0800] "GET /xingrg/javascript/easyui/themes/default/validatebox.css HTTP/1.1" 404 1104
120.253.135.82 - - [14/Mar/2024:08:16:14 +0800] "GET /xingrg/all/common/auto_word.html?type=base&rest_code=00101 HTTP/1.1" 200 671
120.253.135.82 - - [14/Mar/2024:08:16:14 +0800] "POST /xingrg/kc/pszx/mdps_order_operate.html HTTP/1.1" 200 4787
58.40.7.146 - - [14/Mar/2024:08:16:16 +0800] "GET /xingrg/check_reg.html?_=1710375384188 HTTP/1.1" 302 -
58.40.7.146 - - [14/Mar/2024:08:16:16 +0800] "GET /xingrg/all/function/internal_message.html?_=1710375384191&CODE_STATE=getMsg HTTP/1.1" 302 -
116.224.254.208 - - [14/Mar/2024:08:16:17 +0800] "POST /xingrg/kc/buy/cgsh_order_operate.html HTTP/1.1" 200 37
218.79.29.78 - - [14/Mar/2024:08:16:18 +0800] "GET /xingrg/all/function/internal_message.html?_=1710375385695&CODE_STATE=getMsg HTTP/1.1" 200 27
120.253.135.82 - - [14/Mar/2024:08:16:19 +0800] "GET /xingrg/all/function/internal_message.html?_=1710375551299&CODE_STATE=getMsg HTTP/1.1" 200 27
120.253.135.82 - - [14/Mar/2024:08:16:22 +0800] "POST /xingrg/kc/pszx/mdps_order_operate.html HTTP/1.1" 200 37
116.238.97.31 - - [14/Mar/2024:08:16:23 +0800] "GET /xingrg/check_reg.html?_=1710375384680 HTTP/1.1" 200 22
116.238.97.31 - - [14/Mar/2024:08:16:23 +0800] "GET /xingrg/all/function/internal_message.html?_=1710375384681&CODE_STATE=getMsg HTTP/1.1" 200 27
116.224.254.208 - - [14/Mar/2024:08:16:25 +0800] "POST /xingrg/kc/buy/cgsh_order_operate.html HTTP/1.1" 200 12
116.224.254.208 - - [14/Mar/2024:08:16:25 +0800] "GET /xingrg/all/function/internal_message.html?_=1710375385786&CODE_STATE=getMsg HTTP/1.1" 200 27
116.224.254.208 - - [14/Mar/2024:08:16:25 +0800] "GET /xingrg/check_reg.html?_=1710375385789 HTTP/1.1" 200 22
120.253.135.82 - - [14/Mar/2024:08:16:28 +0800] "POST /xingrg/kc/pszx/mdps_order_operate.html HTTP/1.1" 200 12
116.224.254.208 - - [14/Mar/2024:08:16:28 +0800] "GET /xingrg/kc/buy/cgsh_order_info.html?code=212024031403990 HTTP/1.1" 200 68622
116.224.254.208 - - [14/Mar/2024:08:16:28 +0800] "GET /xingrg/javascript/easyui/themes/default/validatebox.css HTTP/1.1" 404 1104
116.224.254.208 - - [14/Mar/2024:08:16:29 +0800] "POST /xingrg/kc/buy/cgsh_order_operate.html HTTP/1.1" 200 614
120.253.135.82 - - [14/Mar/2024:08:16:31 +0800] "GET /xingrg/kc/pszx/mdps_order_info.html?code=312024031300259 HTTP/1.1" 200 19636
120.253.135.82 - - [14/Mar/2024:08:16:31 +0800] "GET /xingrg/javascript/easyui/themes/default/validatebox.css HTTP/1.1" 404 1104
116.224.254.208 - - [14/Mar/2024:08:16:31 +0800] "GET /xingrg/kc/print/load_data.html?order_code=212024031403990&kc_code=cgsh&condition= HTTP/1.1" 200 736
120.253.135.82 - - [14/Mar/2024:08:16:31 +0800] "POST /xingrg/kc/pszx/mdps_order_operate.html HTTP/1.1" 200 2982
116.224.254.208 - - [14/Mar/2024:08:16:35 +0800] "GET /xingrg/all/function/internal_message.html?_=1710375395017&CODE_STATE=getMsg HTTP/1.1" 200 27
172.20.0.100 - - [14/Mar/2024:08:16:52 +0800] "GET /xingrg/all/function/internal_message.html?_=1710375422557&CODE_STATE=getMsg HTTP/1.1" 200 27
124.77.241.8 - - [14/Mar/2024:08:16:55 +0800] "GET /xingrg/all/function/internal_message.html?_=1710375428988&CODE_STATE=getMsg HTTP/1.1" 200 27
221.239.169.251 - - [14/Mar/2024:08:16:55 +0800] "GET /xingrg/all/function/internal_message.html?_=1710375413950&CODE_STATE=getMsg HTTP/1.1" 302 -
58.40.7.146 - - [14/Mar/2024:08:17:16 +0800] "GET /xingrg/all/function/internal_message.html?_=1710375444193&CODE_STATE=getMsg HTTP/1.1" 302 -
218.79.29.78 - - [14/Mar/2024:08:17:18 +0800] "GET /xingrg/all/function/internal_message.html?_=1710375445695&CODE_STATE=getMsg HTTP/1.1" 200 27
120.253.135.82 - - [14/Mar/2024:08:17:19 +0800] "GET /xingrg/all/function/internal_message.html?_=1710375611304&CODE_STATE=getMsg HTTP/1.1" 200 27
120.253.135.82 - - [14/Mar/2024:08:17:19 +0800] "GET /xingrg/check_reg.html?_=1710375611306 HTTP/1.1" 200 22
116.238.97.31 - - [14/Mar/2024:08:17:23 +0800] "GET /xingrg/all/function/internal_message.html?_=1710375444677&CODE_STATE=getMsg HTTP/1.1" 200 27
116.224.254.208 - - [14/Mar/2024:08:17:25 +0800] "GET /xingrg/all/function/internal_message.html?_=1710375445805&CODE_STATE=getMsg HTTP/1.1" 200 27
116.224.254.208 - - [14/Mar/2024:08:17:35 +0800] "GET /xingrg/all/function/internal_message.html?_=1710375455002&CODE_STATE=getMsg HTTP/1.1" 200 27
120.253.135.82 - - [14/Mar/2024:08:17:43 +0800] "POST /xingrg/kc/pszx/mdps_list_operate.html HTTP/1.1" 200 5230
172.20.0.100 - - [14/Mar/2024:08:17:52 +0800] "GET /xingrg/all/function/internal_message.html?_=1710375482555&CODE_STATE=getMsg HTTP/1.1" 200 27
172.20.0.100 - - [14/Mar/2024:08:17:52 +0800] "GET /xingrg/check_reg.html?_=1710375482556 HTTP/1.1" 200 22
221.239.169.251 - - [14/Mar/2024:08:17:55 +0800] "GET /xingrg/all/function/internal_message.html?_=1710375473951&CODE_STATE=getMsg HTTP/1.1" 302 -
124.77.241.8 - - [14/Mar/2024:08:17:55 +0800] "GET /xingrg/all/function/internal_message.html?_=1710375489002&CODE_STATE=getMsg HTTP/1.1" 200 27
58.40.7.146 - - [14/Mar/2024:08:18:16 +0800] "GET /xingrg/all/function/internal_message.html?_=1710375504181&CODE_STATE=getMsg HTTP/1.1" 302 -
218.79.29.78 - - [14/Mar/2024:08:18:18 +0800] "GET /xingrg/all/function/internal_message.html?_=1710375505700&CODE_STATE=getMsg HTTP/1.1" 200 27
218.79.29.78 - - [14/Mar/2024:08:18:18 +0800] "GET /xingrg/check_reg.html?_=1710375505704 HTTP/1.1" 200 22
120.253.135.82 - - [14/Mar/2024:08:18:19 +0800] "GET /xingrg/all/function/internal_message.html?_=1710375671309&CODE_STATE=getMsg HTTP/1.1" 200 27
116.238.97.31 - - [14/Mar/2024:08:18:23 +0800] "GET /xingrg/all/function/internal_message.html?_=1710375504667&CODE_STATE=getMsg HTTP/1.1" 200 27
116.224.254.208 - - [14/Mar/2024:08:18:25 +0800] "GET /xingrg/all/function/internal_message.html?_=1710375505793&CODE_STATE=getMsg HTTP/1.1" 200 27
116.224.254.208 - - [14/Mar/2024:08:18:35 +0800] "GET /xingrg/check_reg.html?_=1710375514554 HTTP/1.1" 200 22
116.224.254.208 - - [14/Mar/2024:08:18:35 +0800] "GET /xingrg/all/function/internal_message.html?_=1710375514991&CODE_STATE=getMsg HTTP/1.1" 200 27
172.20.0.100 - - [14/Mar/2024:08:18:52 +0800] "GET /xingrg/all/function/internal_message.html?_=1710375542554&CODE_STATE=getMsg HTTP/1.1" 200 27
221.239.169.251 - - [14/Mar/2024:08:18:55 +0800] "GET /xingrg/all/function/internal_message.html?_=1710375533952&CODE_STATE=getMsg HTTP/1.1" 302 -
124.77.241.8 - - [14/Mar/2024:08:18:55 +0800] "GET /xingrg/all/function/internal_message.html?_=1710375549049&CODE_STATE=getMsg HTTP/1.1" 200 27
58.40.7.146 - - [14/Mar/2024:08:19:16 +0800] "GET /xingrg/all/function/internal_message.html?_=1710375564189&CODE_STATE=getMsg HTTP/1.1" 302 -
218.79.29.78 - - [14/Mar/2024:08:19:18 +0800] "GET /xingrg/all/function/internal_message.html?_=1710375565707&CODE_STATE=getMsg HTTP/1.1" 200 27
120.253.135.82 - - [14/Mar/2024:08:19:19 +0800] "GET /xingrg/all/function/internal_message.html?_=1710375731315&CODE_STATE=getMsg HTTP/1.1" 200 27
120.253.135.82 - - [14/Mar/2024:08:19:20 +0800] "POST /xingrg/kc/pszx/mdps_list_operate.html HTTP/1.1" 200 212
120.253.135.82 - - [14/Mar/2024:08:19:20 +0800] "GET /xingrg/kc/pszx/mdps_order_info.html?code=312024031300252 HTTP/1.1" 200 23980
120.253.135.82 - - [14/Mar/2024:08:19:21 +0800] "GET /xingrg/javascript/easyui/themes/default/validatebox.css HTTP/1.1" 404 1104
120.253.135.82 - - [14/Mar/2024:08:19:21 +0800] "GET /xingrg/all/common/auto_word.html?type=base&rest_code=00101 HTTP/1.1" 200 671
120.253.135.82 - - [14/Mar/2024:08:19:21 +0800] "POST /xingrg/kc/pszx/mdps_order_operate.html HTTP/1.1" 200 2297
116.238.97.31 - - [14/Mar/2024:08:19:23 +0800] "GET /xingrg/all/function/internal_message.html?_=1710375564656&CODE_STATE=getMsg HTTP/1.1" 200 27
116.224.254.208 - - [14/Mar/2024:08:19:25 +0800] "GET /xingrg/all/function/internal_message.html?_=1710375565792&CODE_STATE=getMsg HTTP/1.1" 200 27
120.253.135.82 - - [14/Mar/2024:08:19:27 +0800] "POST /xingrg/kc/pszx/mdps_order_operate.html HTTP/1.1" 200 37
120.253.135.82 - - [14/Mar/2024:08:19:31 +0800] "POST /xingrg/kc/pszx/mdps_order_operate.html HTTP/1.1" 200 12
120.253.135.82 - - [14/Mar/2024:08:19:33 +0800] "GET /xingrg/kc/pszx/mdps_order_info.html?code=312024031300252 HTTP/1.1" 200 19638
120.253.135.82 - - [14/Mar/2024:08:19:34 +0800] "GET /xingrg/javascript/easyui/themes/default/validatebox.css HTTP/1.1" 404 1104
120.253.135.82 - - [14/Mar/2024:08:19:34 +0800] "POST /xingrg/kc/pszx/mdps_order_operate.html HTTP/1.1" 200 518
116.224.254.208 - - [14/Mar/2024:08:19:35 +0800] "GET /xingrg/all/function/internal_message.html?_=1710375574968&CODE_STATE=getMsg HTTP/1.1" 200 27
221.239.169.251 - - [14/Mar/2024:08:19:43 +0800] "GET /xingrg/check_reg.html?_=1710375582272 HTTP/1.1" 302 -
120.253.135.82 - - [14/Mar/2024:08:19:49 +0800] "POST /xingrg/kc/pszx/mdps_list_operate.html HTTP/1.1" 200 5227
172.20.0.100 - - [14/Mar/2024:08:19:52 +0800] "GET /xingrg/all/function/internal_message.html?_=1710375602552&CODE_STATE=getMsg HTTP/1.1" 200 27
120.253.135.82 - - [14/Mar/2024:08:19:54 +0800] "POST /xingrg/kc/pszx/mdps_list_operate.html HTTP/1.1" 200 653
120.253.135.82 - - [14/Mar/2024:08:19:55 +0800] "GET /xingrg/kc/pszx/mdps_order_info.html?code=312024031300253 HTTP/1.1" 200 23982
120.253.135.82 - - [14/Mar/2024:08:19:55 +0800] "GET /xingrg/javascript/easyui/themes/default/validatebox.css HTTP/1.1" 404 1104
221.239.169.251 - - [14/Mar/2024:08:19:55 +0800] "GET /xingrg/all/function/internal_message.html?_=1710375593965&CODE_STATE=getMsg HTTP/1.1" 302 -
124.77.241.8 - - [14/Mar/2024:08:19:55 +0800] "GET /xingrg/all/function/internal_message.html?_=1710375609060&CODE_STATE=getMsg HTTP/1.1" 200 27
120.253.135.82 - - [14/Mar/2024:08:19:55 +0800] "GET /xingrg/all/common/auto_word.html?type=base&rest_code=00101 HTTP/1.1" 200 671
120.253.135.82 - - [14/Mar/2024:08:19:55 +0800] "POST /xingrg/kc/pszx/mdps_order_operate.html HTTP/1.1" 200 6897
120.253.135.82 - - [14/Mar/2024:08:20:04 +0800] "POST /xingrg/kc/pszx/mdps_order_operate.html HTTP/1.1" 200 37
120.253.135.82 - - [14/Mar/2024:08:20:09 +0800] "POST /xingrg/kc/pszx/mdps_order_operate.html HTTP/1.1" 200 12
120.253.135.82 - - [14/Mar/2024:08:20:12 +0800] "GET /xingrg/kc/pszx/mdps_order_info.html?code=312024031300253 HTTP/1.1" 200 19640
120.253.135.82 - - [14/Mar/2024:08:20:12 +0800] "GET /xingrg/javascript/easyui/themes/default/validatebox.css HTTP/1.1" 404 1104
120.253.135.82 - - [14/Mar/2024:08:20:12 +0800] "POST /xingrg/kc/pszx/mdps_order_operate.html HTTP/1.1" 200 5077
120.253.135.82 - - [14/Mar/2024:08:20:14 +0800] "POST /xingrg/kc/pszx/mdps_list_operate.html HTTP/1.1" 200 5220
58.40.7.146 - - [14/Mar/2024:08:20:16 +0800] "GET /xingrg/all/function/internal_message.html?_=1710375624178&CODE_STATE=getMsg HTTP/1.1" 302 -
218.79.29.78 - - [14/Mar/2024:08:20:18 +0800] "GET /xingrg/all/function/internal_message.html?_=1710375625707&CODE_STATE=getMsg HTTP/1.1" 200 27
120.253.135.82 - - [14/Mar/2024:08:20:19 +0800] "GET /xingrg/all/function/internal_message.html?_=1710375791318&CODE_STATE=getMsg HTTP/1.1" 200 27
116.238.97.31 - - [14/Mar/2024:08:20:23 +0800] "GET /xingrg/all/function/internal_message.html?_=1710375624671&CODE_STATE=getMsg HTTP/1.1" 200 27
116.224.254.208 - - [14/Mar/2024:08:20:25 +0800] "GET /xingrg/all/function/internal_message.html?_=1710375625809&CODE_STATE=getMsg HTTP/1.1" 200 27
120.253.135.82 - - [14/Mar/2024:08:20:34 +0800] "POST /xingrg/kc/pszx/mdps_list_operate.html HTTP/1.1" 200 608
120.253.135.82 - - [14/Mar/2024:08:20:34 +0800] "GET /xingrg/kc/pszx/mdps_order_info.html?code=312024031300254 HTTP/1.1" 200 23982
120.253.135.82 - - [14/Mar/2024:08:20:35 +0800] "GET /xingrg/javascript/easyui/themes/default/validatebox.css HTTP/1.1" 404 1104
120.253.135.82 - - [14/Mar/2024:08:20:35 +0800] "GET /xingrg/all/common/auto_word.html?type=base&rest_code=00101 HTTP/1.1" 200 671
120.253.135.82 - - [14/Mar/2024:08:20:35 +0800] "POST /xingrg/kc/pszx/mdps_order_operate.html HTTP/1.1" 200 5316
116.224.254.208 - - [14/Mar/2024:08:20:35 +0800] "GET /xingrg/all/function/internal_message.html?_=1710375634948&CODE_STATE=getMsg HTTP/1.1" 200 27
120.253.135.82 - - [14/Mar/2024:08:20:40 +0800] "POST /xingrg/kc/pszx/mdps_order_operate.html HTTP/1.1" 200 37
120.253.135.82 - - [14/Mar/2024:08:20:45 +0800] "POST /xingrg/kc/pszx/mdps_order_operate.html HTTP/1.1" 200 12
120.253.135.82 - - [14/Mar/2024:08:20:47 +0800] "GET /xingrg/kc/pszx/mdps_order_info.html?code=312024031300254 HTTP/1.1" 200 19640
120.253.135.82 - - [14/Mar/2024:08:20:47 +0800] "GET /xingrg/javascript/easyui/themes/default/validatebox.css HTTP/1.1" 404 1104
120.253.135.82 - - [14/Mar/2024:08:20:48 +0800] "POST /xingrg/kc/pszx/mdps_order_operate.html HTTP/1.1" 200 3507
172.20.0.100 - - [14/Mar/2024:08:20:52 +0800] "GET /xingrg/all/function/internal_message.html?_=1710375662550&CODE_STATE=getMsg HTTP/1.1" 200 27
124.77.241.8 - - [14/Mar/2024:08:20:54 +0800] "GET /xingrg/check_reg.html?_=1710375667990 HTTP/1.1" 200 22
221.239.169.251 - - [14/Mar/2024:08:20:55 +0800] "GET /xingrg/all/function/internal_message.html?_=1710375653953&CODE_STATE=getMsg HTTP/1.1" 302 -
124.77.241.8 - - [14/Mar/2024:08:20:55 +0800] "GET /xingrg/all/function/internal_message.html?_=1710375669075&CODE_STATE=getMsg HTTP/1.1" 200 27
58.40.7.146 - - [14/Mar/2024:08:21:16 +0800] "GET /xingrg/all/function/internal_message.html?_=1710375684188&CODE_STATE=getMsg HTTP/1.1" 302 -
58.40.7.146 - - [14/Mar/2024:08:21:16 +0800] "GET /xingrg/check_reg.html?_=1710375684190 HTTP/1.1" 302 -
218.79.29.78 - - [14/Mar/2024:08:21:18 +0800] "GET /xingrg/all/function/internal_message.html?_=1710375685707&CODE_STATE=getMsg HTTP/1.1" 200 27
120.253.135.82 - - [14/Mar/2024:08:21:19 +0800] "GET /xingrg/all/function/internal_message.html?_=1710375851324&CODE_STATE=getMsg HTTP/1.1" 200 27
116.238.97.31 - - [14/Mar/2024:08:21:23 +0800] "GET /xingrg/all/function/internal_message.html?_=1710375684661&CODE_STATE=getMsg HTTP/1.1" 200 27
116.238.97.31 - - [14/Mar/2024:08:21:23 +0800] "GET /xingrg/check_reg.html?_=1710375684663 HTTP/1.1" 200 22
116.224.254.208 - - [14/Mar/2024:08:21:25 +0800] "GET /xingrg/check_reg.html?_=1710375685791 HTTP/1.1" 200 22
116.224.254.208 - - [14/Mar/2024:08:21:25 +0800] "GET /xingrg/all/function/internal_message.html?_=1710375685795&CODE_STATE=getMsg HTTP/1.1" 200 27
116.224.254.208 - - [14/Mar/2024:08:21:35 +0800] "GET /xingrg/all/function/internal_message.html?_=1710375694920&CODE_STATE=getMsg HTTP/1.1" 200 27
172.20.0.100 - - [14/Mar/2024:08:21:52 +0800] "GET /xingrg/all/function/internal_message.html?_=1710375722564&CODE_STATE=getMsg HTTP/1.1" 200 27
221.239.169.251 - - [14/Mar/2024:08:21:55 +0800] "GET /xingrg/all/function/internal_message.html?_=1710375713955&CODE_STATE=getMsg HTTP/1.1" 302 -
124.77.241.8 - - [14/Mar/2024:08:21:55 +0800] "GET /xingrg/all/function/internal_message.html?_=1710375729088&CODE_STATE=getMsg HTTP/1.1" 200 27
58.40.7.146 - - [14/Mar/2024:08:22:16 +0800] "GET /xingrg/all/function/internal_message.html?_=1710375744182&CODE_STATE=getMsg HTTP/1.1" 302 -
218.79.29.78 - - [14/Mar/2024:08:22:18 +0800] "GET /xingrg/all/function/internal_message.html?_=1710375745709&CODE_STATE=getMsg HTTP/1.1" 200 27
120.253.135.82 - - [14/Mar/2024:08:22:19 +0800] "GET /xingrg/all/function/internal_message.html?_=1710375911328&CODE_STATE=getMsg HTTP/1.1" 200 27
120.253.135.82 - - [14/Mar/2024:08:22:19 +0800] "GET /xingrg/check_reg.html?_=1710375911330 HTTP/1.1" 200 22
116.238.97.31 - - [14/Mar/2024:08:22:23 +0800] "GET /xingrg/all/function/internal_message.html?_=1710375744674&CODE_STATE=getMsg HTTP/1.1" 200 27
116.224.254.208 - - [14/Mar/2024:08:22:25 +0800] "GET /xingrg/all/function/internal_message.html?_=1710375745796&CODE_STATE=getMsg HTTP/1.1" 200 27
116.224.254.208 - - [14/Mar/2024:08:22:35 +0800] "GET /xingrg/all/function/internal_message.html?_=1710375754907&CODE_STATE=getMsg HTTP/1.1" 200 27
172.20.0.100 - - [14/Mar/2024:08:22:52 +0800] "GET /xingrg/check_reg.html?_=1710375782562 HTTP/1.1" 200 22
172.20.0.100 - - [14/Mar/2024:08:22:52 +0800] "GET /xingrg/all/function/internal_message.html?_=1710375782563&CODE_STATE=getMsg HTTP/1.1" 200 27
221.239.169.251 - - [14/Mar/2024:08:22:55 +0800] "GET /xingrg/all/function/internal_message.html?_=1710375773958&CODE_STATE=getMsg HTTP/1.1" 302 -
124.77.241.8 - - [14/Mar/2024:08:22:55 +0800] "GET /xingrg/all/function/internal_message.html?_=1710375789103&CODE_STATE=getMsg HTTP/1.1" 200 27
58.40.7.146 - - [14/Mar/2024:08:23:16 +0800] "GET /xingrg/all/function/internal_message.html?_=1710375804196&CODE_STATE=getMsg HTTP/1.1" 302 -
218.79.29.78 - - [14/Mar/2024:08:23:18 +0800] "GET /xingrg/check_reg.html?_=1710375805710 HTTP/1.1" 200 22
218.79.29.78 - - [14/Mar/2024:08:23:18 +0800] "GET /xingrg/all/function/internal_message.html?_=1710375805714&CODE_STATE=getMsg HTTP/1.1" 200 27
120.253.135.82 - - [14/Mar/2024:08:23:19 +0800] "GET /xingrg/all/function/internal_message.html?_=1710375971334&CODE_STATE=getMsg HTTP/1.1" 200 27
116.238.97.31 - - [14/Mar/2024:08:23:23 +0800] "GET /xingrg/all/function/internal_message.html?_=1710375804671&CODE_STATE=getMsg HTTP/1.1" 200 27
116.232.194.112 - - [14/Mar/2024:08:23:24 +0800] "POST /xingrg/services/DataTransmitService HTTP/1.1" 200 524
116.224.254.208 - - [14/Mar/2024:08:23:25 +0800] "GET /xingrg/all/function/internal_message.html?_=1710375805797&CODE_STATE=getMsg HTTP/1.1" 200 27
116.224.254.208 - - [14/Mar/2024:08:23:35 +0800] "GET /xingrg/check_reg.html?_=1710375814560 HTTP/1.1" 200 22
116.224.254.208 - - [14/Mar/2024:08:23:35 +0800] "GET /xingrg/all/function/internal_message.html?_=1710375814895&CODE_STATE=getMsg HTTP/1.1" 200 27
172.20.0.100 - - [14/Mar/2024:08:23:52 +0800] "GET /xingrg/all/function/internal_message.html?_=1710375842589&CODE_STATE=getMsg HTTP/1.1" 200 27
221.239.169.251 - - [14/Mar/2024:08:23:55 +0800] "GET /xingrg/all/function/internal_message.html?_=1710375833944&CODE_STATE=getMsg HTTP/1.1" 302 -
124.77.241.8 - - [14/Mar/2024:08:23:55 +0800] "GET /xingrg/all/function/internal_message.html?_=1710375849149&CODE_STATE=getMsg HTTP/1.1" 200 27
58.40.7.146 - - [14/Mar/2024:08:24:16 +0800] "GET /xingrg/all/function/internal_message.html?_=1710375864189&CODE_STATE=getMsg HTTP/1.1" 302 -
218.79.29.78 - - [14/Mar/2024:08:24:18 +0800] "GET /xingrg/all/function/internal_message.html?_=1710375865706&CODE_STATE=getMsg HTTP/1.1" 200 27
120.253.135.82 - - [14/Mar/2024:08:24:19 +0800] "GET /xingrg/all/function/internal_message.html?_=1710376031339&CODE_STATE=getMsg HTTP/1.1" 200 27
116.238.97.31 - - [14/Mar/2024:08:24:23 +0800] "GET /xingrg/all/function/internal_message.html?_=1710375864671&CODE_STATE=getMsg HTTP/1.1" 200 27
116.224.254.208 - - [14/Mar/2024:08:24:25 +0800] "GET /xingrg/all/function/internal_message.html?_=1710375865796&CODE_STATE=getMsg HTTP/1.1" 200 27
116.224.254.208 - - [14/Mar/2024:08:24:35 +0800] "GET /xingrg/all/function/internal_message.html?_=1710375874882&CODE_STATE=getMsg HTTP/1.1" 200 27
101.83.145.37 - - [14/Mar/2024:08:24:40 +0800] "POST /xingrg/services/DataTransmitService HTTP/1.1" 200 524
221.239.169.251 - - [14/Mar/2024:08:24:43 +0800] "GET /xingrg/check_reg.html?_=1710375882244 HTTP/1.1" 302 -
172.20.0.100 - - [14/Mar/2024:08:24:52 +0800] "GET /xingrg/all/function/internal_message.html?_=1710375902587&CODE_STATE=getMsg HTTP/1.1" 200 27
221.239.169.251 - - [14/Mar/2024:08:24:55 +0800] "GET /xingrg/all/function/internal_message.html?_=1710375893950&CODE_STATE=getMsg HTTP/1.1" 302 -
124.77.241.8 - - [14/Mar/2024:08:24:55 +0800] "GET /xingrg/all/function/internal_message.html?_=1710375909161&CODE_STATE=getMsg HTTP/1.1" 200 27
58.40.7.146 - - [14/Mar/2024:08:25:16 +0800] "GET /xingrg/all/function/internal_message.html?_=1710375924184&CODE_STATE=getMsg HTTP/1.1" 302 -
218.79.29.78 - - [14/Mar/2024:08:25:18 +0800] "GET /xingrg/all/function/internal_message.html?_=1710375925706&CODE_STATE=getMsg HTTP/1.1" 200 27
120.253.135.82 - - [14/Mar/2024:08:25:19 +0800] "GET /xingrg/all/function/internal_message.html?_=1710376091344&CODE_STATE=getMsg HTTP/1.1" 200 27
116.238.97.31 - - [14/Mar/2024:08:25:23 +0800] "GET /xingrg/all/function/internal_message.html?_=1710375924665&CODE_STATE=getMsg HTTP/1.1" 200 27
116.224.254.208 - - [14/Mar/2024:08:25:25 +0800] "GET /xingrg/all/function/internal_message.html?_=1710375925791&CODE_STATE=getMsg HTTP/1.1" 200 27
116.224.254.208 - - [14/Mar/2024:08:25:35 +0800] "GET /xingrg/all/function/internal_message.html?_=1710375934864&CODE_STATE=getMsg HTTP/1.1" 200 27
172.20.0.100 - - [14/Mar/2024:08:25:52 +0800] "GET /xingrg/all/function/internal_message.html?_=1710375962585&CODE_STATE=getMsg HTTP/1.1" 200 27
124.77.241.8 - - [14/Mar/2024:08:25:54 +0800] "GET /xingrg/check_reg.html?_=1710375968026 HTTP/1.1" 200 22
221.239.169.251 - - [14/Mar/2024:08:25:55 +0800] "GET /xingrg/all/function/internal_message.html?_=1710375953948&CODE_STATE=getMsg HTTP/1.1" 302 -
124.77.241.8 - - [14/Mar/2024:08:25:55 +0800] "GET /xingrg/all/function/internal_message.html?_=1710375969173&CODE_STATE=getMsg HTTP/1.1" 200 27
116.224.254.208 - - [14/Mar/2024:08:25:55 +0800] "GET /xingrg/kc/buy/cgsh_order_add.html HTTP/1.1" 200 73711
116.224.254.208 - - [14/Mar/2024:08:25:56 +0800] "POST /xingrg/kc/buy/cgsh_order_operate.html HTTP/1.1" 200 8245
116.224.254.208 - - [14/Mar/2024:08:25:56 +0800] "GET /xingrg/javascript/easyui/themes/default/validatebox.css HTTP/1.1" 404 1104
116.224.254.208 - - [14/Mar/2024:08:26:09 +0800] "GET /xingrg/kc/buy/cgsh_order_operate.html?command=get_materiel&rest_code=00150&code=00101008175&supplier_code=00100008&order_time=2024-03-14 HTTP/1.1" 200 412
58.40.7.146 - - [14/Mar/2024:08:26:16 +0800] "GET /xingrg/all/function/internal_message.html?_=1710375984202&CODE_STATE=getMsg HTTP/1.1" 302 -
58.40.7.146 - - [14/Mar/2024:08:26:16 +0800] "GET /xingrg/check_reg.html?_=1710375984204 HTTP/1.1" 302 -
218.79.29.78 - - [14/Mar/2024:08:26:18 +0800] "GET /xingrg/all/function/internal_message.html?_=1710375985709&CODE_STATE=getMsg HTTP/1.1" 200 27
120.253.135.82 - - [14/Mar/2024:08:26:19 +0800] "GET /xingrg/all/function/internal_message.html?_=1710376151349&CODE_STATE=getMsg HTTP/1.1" 200 27
116.238.97.31 - - [14/Mar/2024:08:26:23 +0800] "GET /xingrg/check_reg.html?_=1710375984659 HTTP/1.1" 200 22
116.238.97.31 - - [14/Mar/2024:08:26:23 +0800] "GET /xingrg/all/function/internal_message.html?_=1710375984664&CODE_STATE=getMsg HTTP/1.1" 200 27
116.224.254.208 - - [14/Mar/2024:08:26:23 +0800] "GET /xingrg/kc/buy/cgsh_order_operate.html?command=get_materiel&rest_code=00150&code=00101008196&supplier_code=00100008&order_time=2024-03-14 HTTP/1.1" 200 416
116.224.254.208 - - [14/Mar/2024:08:26:25 +0800] "GET /xingrg/all/function/internal_message.html?_=1710375985807&CODE_STATE=getMsg HTTP/1.1" 200 27
116.224.254.208 - - [14/Mar/2024:08:26:25 +0800] "GET /xingrg/check_reg.html?_=1710375985810 HTTP/1.1" 200 22
116.224.254.208 - - [14/Mar/2024:08:26:35 +0800] "GET /xingrg/all/function/internal_message.html?_=1710375994856&CODE_STATE=getMsg HTTP/1.1" 200 27
116.224.254.208 - - [14/Mar/2024:08:26:40 +0800] "GET /xingrg/kc/buy/cgsh_order_operate.html?command=get_materiel&rest_code=00150&code=00101008223&supplier_code=00100008&order_time=2024-03-14 HTTP/1.1" 200 412
120.253.135.82 - - [14/Mar/2024:08:26:48 +0800] "GET /xingrg/kc/buy/cgsh_order_list.html HTTP/1.1" 200 57880
120.253.135.82 - - [14/Mar/2024:08:26:50 +0800] "POST /xingrg/kc/buy/cgsh_list_operate.html HTTP/1.1" 200 645
120.253.135.82 - - [14/Mar/2024:08:26:52 +0800] "GET /xingrg/kc/buy/cgsh_order_add.html HTTP/1.1" 200 72713
120.253.135.82 - - [14/Mar/2024:08:26:52 +0800] "POST /xingrg/kc/buy/cgsh_order_operate.html HTTP/1.1" 200 8245
172.20.0.100 - - [14/Mar/2024:08:26:52 +0800] "GET /xingrg/all/function/internal_message.html?_=1710376022583&CODE_STATE=getMsg HTTP/1.1" 200 27
120.253.135.82 - - [14/Mar/2024:08:26:52 +0800] "GET /xingrg/javascript/easyui/themes/default/validatebox.css HTTP/1.1" 404 1104
120.253.135.82 - - [14/Mar/2024:08:26:52 +0800] "GET /xingrg/all/common/auto_word.html?type=employee&rest_code=00101 HTTP/1.1" 200 1019
120.253.135.82 - - [14/Mar/2024:08:26:52 +0800] "GET /xingrg/all/common/auto_word.html?type=employee&rest_code=00101 HTTP/1.1" 200 1019
120.253.135.82 - - [14/Mar/2024:08:26:54 +0800] "POST /xingrg/all/common/load_combo.html?type=employee HTTP/1.1" 200 1834
221.239.169.251 - - [14/Mar/2024:08:26:55 +0800] "GET /xingrg/all/function/internal_message.html?_=1710376013948&CODE_STATE=getMsg HTTP/1.1" 302 -
124.77.241.8 - - [14/Mar/2024:08:26:55 +0800] "GET /xingrg/all/function/internal_message.html?_=1710376029187&CODE_STATE=getMsg HTTP/1.1" 200 27
116.224.254.208 - - [14/Mar/2024:08:26:56 +0800] "GET /xingrg/kc/buy/cgsh_order_operate.html?command=get_materiel&rest_code=00150&code=00101008740&supplier_code=00100008&order_time=2024-03-14 HTTP/1.1" 200 413
116.224.254.208 - - [14/Mar/2024:08:27:15 +0800] "GET /xingrg/kc/buy/cgsh_order_operate.html?command=get_materiel&rest_code=00150&code=00101008558&supplier_code=00100008&order_time=2024-03-14 HTTP/1.1" 200 409
58.40.7.146 - - [14/Mar/2024:08:27:16 +0800] "GET /xingrg/all/function/internal_message.html?_=1710376044177&CODE_STATE=getMsg HTTP/1.1" 302 -
120.253.135.82 - - [14/Mar/2024:08:27:16 +0800] "GET /xingrg/kc/buy/cgsh_order_operate.html?command=get_materiel&rest_code=00101&code=00101019405&supplier_code=&order_time=2024-03-14 HTTP/1.1" 200 462
218.79.29.78 - - [14/Mar/2024:08:27:18 +0800] "GET /xingrg/all/function/internal_message.html?_=1710376045710&CODE_STATE=getMsg HTTP/1.1" 200 27
120.253.135.82 - - [14/Mar/2024:08:27:19 +0800] "GET /xingrg/all/function/internal_message.html?_=1710376211352&CODE_STATE=getMsg HTTP/1.1" 200 27
120.253.135.82 - - [14/Mar/2024:08:27:19 +0800] "GET /xingrg/check_reg.html?_=1710376211354 HTTP/1.1" 200 22
116.238.97.31 - - [14/Mar/2024:08:27:23 +0800] "GET /xingrg/all/function/internal_message.html?_=1710376044665&CODE_STATE=getMsg HTTP/1.1" 200 27
116.224.254.208 - - [14/Mar/2024:08:27:25 +0800] "GET /xingrg/all/function/internal_message.html?_=1710376045793&CODE_STATE=getMsg HTTP/1.1" 200 27
116.224.254.208 - - [14/Mar/2024:08:27:35 +0800] "GET /xingrg/all/function/internal_message.html?_=1710376054846&CODE_STATE=getMsg HTTP/1.1" 200 27
116.224.254.208 - - [14/Mar/2024:08:27:43 +0800] "GET /xingrg/kc/buy/cgsh_order_operate.html?command=get_materiel&rest_code=00150&code=00101008150&supplier_code=00100008&order_time=2024-03-14 HTTP/1.1" 200 409
172.20.0.100 - - [14/Mar/2024:08:27:52 +0800] "GET /xingrg/all/function/internal_message.html?_=1710376082581&CODE_STATE=getMsg HTTP/1.1" 200 27
172.20.0.100 - - [14/Mar/2024:08:27:52 +0800] "GET /xingrg/check_reg.html?_=1710376082582 HTTP/1.1" 200 22
116.224.254.208 - - [14/Mar/2024:08:27:53 +0800] "GET /xingrg/kc/buy/cgsh_order_operate.html?command=get_materiel&rest_code=00150&code=00101008519&supplier_code=00100008&order_time=2024-03-14 HTTP/1.1" 200 408
221.239.169.251 - - [14/Mar/2024:08:27:55 +0800] "GET /xingrg/all/function/internal_message.html?_=1710376073953&CODE_STATE=getMsg HTTP/1.1" 302 -
124.77.241.8 - - [14/Mar/2024:08:27:55 +0800] "GET /xingrg/all/function/internal_message.html?_=1710376089200&CODE_STATE=getMsg HTTP/1.1" 200 27
116.224.254.208 - - [14/Mar/2024:08:28:06 +0800] "GET /xingrg/kc/buy/cgsh_order_operate.html?command=get_materiel&rest_code=00150&code=00101008095&supplier_code=00100008&order_time=2024-03-14 HTTP/1.1" 200 413
58.40.7.146 - - [14/Mar/2024:08:28:16 +0800] "GET /xingrg/all/function/internal_message.html?_=1710376104184&CODE_STATE=getMsg HTTP/1.1" 302 -
218.79.29.78 - - [14/Mar/2024:08:28:18 +0800] "GET /xingrg/all/function/internal_message.html?_=1710376105710&CODE_STATE=getMsg HTTP/1.1" 200 27
218.79.29.78 - - [14/Mar/2024:08:28:18 +0800] "GET /xingrg/check_reg.html?_=1710376105714 HTTP/1.1" 200 22
120.253.135.82 - - [14/Mar/2024:08:28:19 +0800] "GET /xingrg/all/function/internal_message.html?_=1710376271358&CODE_STATE=getMsg HTTP/1.1" 200 27
116.238.97.31 - - [14/Mar/2024:08:28:23 +0800] "GET /xingrg/all/function/internal_message.html?_=1710376104665&CODE_STATE=getMsg HTTP/1.1" 200 27
116.224.254.208 - - [14/Mar/2024:08:28:24 +0800] "GET /xingrg/kc/buy/cgsh_order_operate.html?command=get_materiel&rest_code=00150&code=00101008612&supplier_code=00100008&order_time=2024-03-14 HTTP/1.1" 200 420
116.224.254.208 - - [14/Mar/2024:08:28:25 +0800] "GET /xingrg/all/function/internal_message.html?_=1710376105818&CODE_STATE=getMsg HTTP/1.1" 200 27
116.224.254.208 - - [14/Mar/2024:08:28:35 +0800] "GET /xingrg/kc/buy/cgsh_order_operate.html?command=get_materiel&rest_code=00150&code=00101008312&supplier_code=00100008&order_time=2024-03-14 HTTP/1.1" 200 412
116.224.254.208 - - [14/Mar/2024:08:28:35 +0800] "GET /xingrg/check_reg.html?_=1710376114558 HTTP/1.1" 200 22
116.224.254.208 - - [14/Mar/2024:08:28:35 +0800] "GET /xingrg/all/function/internal_message.html?_=1710376114818&CODE_STATE=getMsg HTTP/1.1" 200 27
116.224.254.208 - - [14/Mar/2024:08:28:46 +0800] "GET /xingrg/kc/buy/cgsh_order_operate.html?command=get_materiel&rest_code=00150&code=00101008010&supplier_code=00100008&order_time=2024-03-14 HTTP/1.1" 200 412
172.20.0.100 - - [14/Mar/2024:08:28:52 +0800] "GET /xingrg/all/function/internal_message.html?_=1710376142580&CODE_STATE=getMsg HTTP/1.1" 200 27
221.239.169.251 - - [14/Mar/2024:08:28:55 +0800] "GET /xingrg/all/function/internal_message.html?_=1710376133964&CODE_STATE=getMsg HTTP/1.1" 302 -
124.77.241.8 - - [14/Mar/2024:08:28:55 +0800] "GET /xingrg/all/function/internal_message.html?_=1710376149244&CODE_STATE=getMsg HTTP/1.1" 200 27
116.224.254.208 - - [14/Mar/2024:08:29:08 +0800] "GET /xingrg/kc/buy/cgsh_order_operate.html?command=get_materiel&rest_code=00150&code=00101008015&supplier_code=00100008&order_time=2024-03-14 HTTP/1.1" 200 414
114.83.220.119 - - [14/Mar/2024:08:29:10 +0800] "POST /xingrg/services/DataTransmitService HTTP/1.1" 200 524
116.224.254.208 - - [14/Mar/2024:08:29:14 +0800] "GET /xingrg/kc/buy/cgsh_order_list.html HTTP/1.1" 200 57886
116.224.254.208 - - [14/Mar/2024:08:29:15 +0800] "GET /xingrg/css/base.css HTTP/1.1" 200 2811
116.224.254.208 - - [14/Mar/2024:08:29:15 +0800] "GET /xingrg/css/site.css HTTP/1.1" 200 7541
116.224.254.208 - - [14/Mar/2024:08:29:15 +0800] "GET /xingrg/javascript/jquery_tools/datebox.css HTTP/1.1" 200 2597
116.224.254.208 - - [14/Mar/2024:08:29:15 +0800] "GET /xingrg/javascript/jquery_tools/fix.css HTTP/1.1" 200 1702
116.224.254.208 - - [14/Mar/2024:08:29:15 +0800] "GET /xingrg/javascript/auto/jquery.autocomplete.css HTTP/1.1" 200 587
116.224.254.208 - - [14/Mar/2024:08:29:15 +0800] "GET /xingrg/javascript/easyui/themes/default/easyui.css HTTP/1.1" 200 30432
116.224.254.208 - - [14/Mar/2024:08:29:15 +0800] "GET /xingrg/javascript/easyui/themes/icon.css HTTP/1.1" 200 4483
116.224.254.208 - - [14/Mar/2024:08:29:15 +0800] "GET /xingrg/javascript/jquery_tools/table.css HTTP/1.1" 200 1032
116.224.254.208 - - [14/Mar/2024:08:29:15 +0800] "GET /xingrg/javascript/jquery_tools/jquery.tools.min.js HTTP/1.1" 200 138801
116.224.254.208 - - [14/Mar/2024:08:29:15 +0800] "GET /xingrg/javascript/jquery_tools/jquery.tools.extend.js HTTP/1.1" 200 15385
116.224.254.208 - - [14/Mar/2024:08:29:15 +0800] "GET /xingrg/javascript/jquery_tools/jquery.tools.hotkey.js HTTP/1.1" 200 3242
116.224.254.208 - - [14/Mar/2024:08:29:15 +0800] "GET /xingrg/javascript/jquery_tools/jquery.tools.table.js HTTP/1.1" 200 6994
116.224.254.208 - - [14/Mar/2024:08:29:15 +0800] "GET /xingrg/javascript/jquery_tools/list_manager.js HTTP/1.1" 200 3652
116.224.254.208 - - [14/Mar/2024:08:29:15 +0800] "GET /xingrg/javascript/auto/jquery.autocomplete.js HTTP/1.1" 200 21624
116.224.254.208 - - [14/Mar/2024:08:29:15 +0800] "GET /xingrg/javascript/easyui/easyloader.js HTTP/1.1" 200 5975
116.224.254.208 - - [14/Mar/2024:08:29:15 +0800] "GET /xingrg/javascript/jquery.utils.js HTTP/1.1" 200 11805
116.224.254.208 - - [14/Mar/2024:08:29:15 +0800] "GET /xingrg/javascript/jquery.cookie.js HTTP/1.1" 200 5513
116.224.254.208 - - [14/Mar/2024:08:29:15 +0800] "GET /xingrg/javascript/print/LodopFuncs.js HTTP/1.1" 200 5121
116.224.254.208 - - [14/Mar/2024:08:29:15 +0800] "GET /xingrg/javascript/easyui/themes/icons/edit_add_new.png HTTP/1.1" 200 2997
116.224.254.208 - - [14/Mar/2024:08:29:15 +0800] "GET /xingrg/javascript/easyui/themes/icons/cance_new.png HTTP/1.1" 200 3986
116.224.254.208 - - [14/Mar/2024:08:29:15 +0800] "GET /xingrg/javascript/easyui/themes/icons/import_new.png HTTP/1.1" 200 1247
116.224.254.208 - - [14/Mar/2024:08:29:15 +0800] "GET /xingrg/javascript/easyui/themes/icons/check_new.png HTTP/1.1" 200 3224
116.224.254.208 - - [14/Mar/2024:08:29:15 +0800] "GET /xingrg/javascript/easyui/themes/icons/field_new.png HTTP/1.1" 200 1097
116.224.254.208 - - [14/Mar/2024:08:29:15 +0800] "GET /xingrg/javascript/easyui/plugins/jquery.parser.js HTTP/1.1" 200 1142
116.224.254.208 - - [14/Mar/2024:08:29:15 +0800] "GET /xingrg/images/control/ajaxLoader.gif HTTP/1.1" 200 4659
58.40.7.146 - - [14/Mar/2024:08:29:16 +0800] "GET /xingrg/all/function/internal_message.html?_=1710376164200&CODE_STATE=getMsg HTTP/1.1" 302 -
61.170.233.77 - - [14/Mar/2024:08:29:16 +0800] "POST /xingrg/services/DataTransmitService HTTP/1.1" 200 524
116.224.254.208 - - [14/Mar/2024:08:29:17 +0800] "POST /xingrg/kc/buy/cgsh_list_operate.html HTTP/1.1" 200 645
218.79.29.78 - - [14/Mar/2024:08:29:18 +0800] "GET /xingrg/all/function/internal_message.html?_=1710376165714&CODE_STATE=getMsg HTTP/1.1" 200 27
116.224.254.208 - - [14/Mar/2024:08:29:19 +0800] "GET /xingrg/kc/buy/cgsh_order_operate.html?command=get_materiel&rest_code=00150&code=00101008110&supplier_code=00100008&order_time=2024-03-14 HTTP/1.1" 200 409
120.253.135.82 - - [14/Mar/2024:08:29:19 +0800] "GET /xingrg/all/function/internal_message.html?_=1710376331363&CODE_STATE=getMsg HTTP/1.1" 200 27
116.238.97.31 - - [14/Mar/2024:08:29:23 +0800] "GET /xingrg/all/function/internal_message.html?_=1710376164653&CODE_STATE=getMsg HTTP/1.1" 200 27
116.224.254.208 - - [14/Mar/2024:08:29:25 +0800] "GET /xingrg/all/function/internal_message.html?_=1710376165803&CODE_STATE=getMsg HTTP/1.1" 200 27
116.224.254.208 - - [14/Mar/2024:08:29:35 +0800] "GET /xingrg/all/function/internal_message.html?_=1710376174806&CODE_STATE=getMsg HTTP/1.1" 200 27
116.224.254.208 - - [14/Mar/2024:08:29:41 +0800] "GET /xingrg/kc/buy/cgsh_order_operate.html?command=get_materiel&rest_code=00150&code=00101008358&supplier_code=00100008&order_time=2024-03-14 HTTP/1.1" 200 412
221.239.169.251 - - [14/Mar/2024:08:29:43 +0800] "GET /xingrg/check_reg.html?_=1710376182217 HTTP/1.1" 302 -
172.20.0.100 - - [14/Mar/2024:08:29:52 +0800] "GET /xingrg/all/function/internal_message.html?_=1710376202578&CODE_STATE=getMsg HTTP/1.1" 200 27
116.224.254.208 - - [14/Mar/2024:08:29:53 +0800] "GET /xingrg/kc/buy/cgsh_order_operate.html?command=get_materiel&rest_code=00150&code=00101008283&supplier_code=00100008&order_time=2024-03-14 HTTP/1.1" 200 408
221.239.169.251 - - [14/Mar/2024:08:29:55 +0800] "GET /xingrg/all/function/internal_message.html?_=1710376193984&CODE_STATE=getMsg HTTP/1.1" 302 -
124.77.241.8 - - [14/Mar/2024:08:29:55 +0800] "GET /xingrg/all/function/internal_message.html?_=1710376209261&CODE_STATE=getMsg HTTP/1.1" 200 27
116.224.254.208 - - [14/Mar/2024:08:30:00 +0800] "GET /xingrg/javascript/easyui/themes/default/images/button_plain_hover.png HTTP/1.1" 200 144
116.224.254.208 - - [14/Mar/2024:08:30:02 +0800] "GET /xingrg/kc/buy/cgsh_order_operate.html?command=get_materiel&rest_code=00150&code=00101008264&supplier_code=00100008&order_time=2024-03-14 HTTP/1.1" 200 412
116.224.254.208 - - [14/Mar/2024:08:30:02 +0800] "GET /xingrg/kc/buy/cgsh_order_add.html HTTP/1.1" 200 73699
116.224.254.208 - - [14/Mar/2024:08:30:03 +0800] "GET /xingrg/javascript/pic_change.js HTTP/1.1" 200 4739
116.224.254.208 - - [14/Mar/2024:08:30:03 +0800] "GET /xingrg/javascript/convert.js HTTP/1.1" 200 1239
116.224.254.208 - - [14/Mar/2024:08:30:03 +0800] "GET /xingrg/javascript/jquery_tools/order_manager.js HTTP/1.1" 200 11183
116.224.254.208 - - [14/Mar/2024:08:30:03 +0800] "GET /xingrg/javascript/json2.js HTTP/1.1" 200 11259
116.224.254.208 - - [14/Mar/2024:08:30:03 +0800] "GET /xingrg/javascript/print/kc_print.js HTTP/1.1" 200 11415
116.224.254.208 - - [14/Mar/2024:08:30:03 +0800] "GET /xingrg/words/20240312190758_words.js HTTP/1.1" 200 1015516
116.224.254.208 - - [14/Mar/2024:08:30:03 +0800] "GET /xingrg/javascript/easyui/themes/icons/copy_new.png HTTP/1.1" 200 815
116.224.254.208 - - [14/Mar/2024:08:30:03 +0800] "GET /xingrg/javascript/easyui/themes/icons/print.png HTTP/1.1" 200 1057
116.224.254.208 - - [14/Mar/2024:08:30:03 +0800] "GET /xingrg/javascript/easyui/themes/default/images/menu_downarrow.png HTTP/1.1" 200 173
116.224.254.208 - - [14/Mar/2024:08:30:03 +0800] "GET /xingrg/javascript/easyui/themes/icons/ok.png HTTP/1.1" 200 883
116.224.254.208 - - [14/Mar/2024:08:30:03 +0800] "GET /xingrg/javascript/easyui/themes/icons/template_new.png HTTP/1.1" 200 3956
116.224.254.208 - - [14/Mar/2024:08:30:03 +0800] "GET /xingrg/javascript/easyui/themes/icons/cancel.png HTTP/1.1" 200 1133
116.224.254.208 - - [14/Mar/2024:08:30:03 +0800] "POST /xingrg/kc/buy/cgsh_order_operate.html HTTP/1.1" 200 8245
116.224.254.208 - - [14/Mar/2024:08:30:03 +0800] "GET /xingrg/javascript/easyui/themes/default/validatebox.css HTTP/1.1" 404 1104
116.224.254.208 - - [14/Mar/2024:08:30:03 +0800] "GET /xingrg/javascript/easyui/plugins/jquery.validatebox.js HTTP/1.1" 200 6103
116.224.254.208 - - [14/Mar/2024:08:30:03 +0800] "GET /xingrg/all/common/auto_word.html?type=employee&rest_code=00150 HTTP/1.1" 200 159
116.224.254.208 - - [14/Mar/2024:08:30:03 +0800] "GET /xingrg/javascript/easyui/themes/icons/edit_remove.png HTTP/1.1" 200 625
116.224.254.208 - - [14/Mar/2024:08:30:03 +0800] "GET /xingrg/all/common/auto_word.html?type=employee&rest_code=00150 HTTP/1.1" 200 159
116.224.254.208 - - [14/Mar/2024:08:30:03 +0800] "GET /xingrg/javascript/easyui/plugins/jquery.numberbox.js HTTP/1.1" 200 5213
116.224.254.208 - - [14/Mar/2024:08:30:05 +0800] "GET /xingrg/javascript/auto/indicator.gif HTTP/1.1" 404 1066
116.224.254.208 - - [14/Mar/2024:08:30:13 +0800] "GET /xingrg/kc/buy/cgsh_order_operate.html?command=get_materiel&rest_code=00150&code=00101008352&supplier_code=00100008&order_time=2024-03-14 HTTP/1.1" 200 412
58.40.7.146 - - [14/Mar/2024:08:30:16 +0800] "GET /xingrg/all/function/internal_message.html?_=1710376224172&CODE_STATE=getMsg HTTP/1.1" 302 -
218.79.29.78 - - [14/Mar/2024:08:30:18 +0800] "GET /xingrg/all/function/internal_message.html?_=1710376225716&CODE_STATE=getMsg HTTP/1.1" 200 27
120.253.135.82 - - [14/Mar/2024:08:30:19 +0800] "GET /xingrg/all/function/internal_message.html?_=1710376391368&CODE_STATE=getMsg HTTP/1.1" 200 27
116.224.254.208 - - [14/Mar/2024:08:30:23 +0800] "GET /xingrg/kc/buy/cgsh_order_operate.html?command=get_materiel&rest_code=00150&code=00101008271&supplier_code=00100008&order_time=2024-03-14 HTTP/1.1" 200 408
116.238.97.31 - - [14/Mar/2024:08:30:23 +0800] "GET /xingrg/all/function/internal_message.html?_=1710376223387&CODE_STATE=getMsg HTTP/1.1" 200 27
116.224.254.208 - - [14/Mar/2024:08:30:25 +0800] "GET /xingrg/all/function/internal_message.html?_=1710376225789&CODE_STATE=getMsg HTTP/1.1" 200 27
116.224.254.208 - - [14/Mar/2024:08:30:35 +0800] "GET /xingrg/all/function/internal_message.html?_=1710376234802&CODE_STATE=getMsg HTTP/1.1" 200 27
116.224.254.208 - - [14/Mar/2024:08:30:40 +0800] "GET /xingrg/kc/buy/cgsh_order_operate.html?command=get_materiel&rest_code=00150&code=00101008069&supplier_code=00100008&order_time=2024-03-14 HTTP/1.1" 200 412
172.20.0.100 - - [14/Mar/2024:08:30:52 +0800] "GET /xingrg/all/function/internal_message.html?_=1710376262620&CODE_STATE=getMsg HTTP/1.1" 200 27
124.77.241.8 - - [14/Mar/2024:08:30:54 +0800] "GET /xingrg/check_reg.html?_=1710376268055 HTTP/1.1" 200 22
221.239.169.251 - - [14/Mar/2024:08:30:55 +0800] "GET /xingrg/all/function/internal_message.html?_=1710376253983&CODE_STATE=getMsg HTTP/1.1" 302 -
124.77.241.8 - - [14/Mar/2024:08:30:55 +0800] "GET /xingrg/all/function/internal_message.html?_=1710376269272&CODE_STATE=getMsg HTTP/1.1" 200 27
116.224.254.208 - - [14/Mar/2024:08:30:56 +0800] "GET /xingrg/kc/buy/cgsh_order_operate.html?command=get_materiel&rest_code=00150&code=00101016010&supplier_code=00100096&order_time=2024-03-14 HTTP/1.1" 200 408
116.224.254.208 - - [14/Mar/2024:08:31:04 +0800] "POST /xingrg/kc/buy/cgsh_order_operate.html HTTP/1.1" 200 37
116.224.254.208 - - [14/Mar/2024:08:31:06 +0800] "POST /xingrg/kc/buy/cgsh_order_operate.html HTTP/1.1" 200 13903
58.40.7.146 - - [14/Mar/2024:08:31:16 +0800] "GET /xingrg/all/function/internal_message.html?_=1710376284183&CODE_STATE=getMsg HTTP/1.1" 302 -
116.224.254.208 - - [14/Mar/2024:08:31:16 +0800] "GET /xingrg/kc/buy/cgsh_order_operate.html?command=get_materiel&rest_code=00150&code=00101008368&supplier_code=00100008&order_time=2024-03-14 HTTP/1.1" 200 408
58.40.7.146 - - [14/Mar/2024:08:31:16 +0800] "GET /xingrg/check_reg.html?_=1710376284184 HTTP/1.1" 302 -
218.79.29.78 - - [14/Mar/2024:08:31:18 +0800] "GET /xingrg/all/function/internal_message.html?_=1710376285702&CODE_STATE=getMsg HTTP/1.1" 200 27
120.253.135.82 - - [14/Mar/2024:08:31:20 +0800] "GET /xingrg/all/function/internal_message.html?_=1710376451373&CODE_STATE=getMsg HTTP/1.1" 200 27
116.238.97.31 - - [14/Mar/2024:08:31:23 +0800] "GET /xingrg/check_reg.html?_=1710376283379 HTTP/1.1" 200 22
116.238.97.31 - - [14/Mar/2024:08:31:23 +0800] "GET /xingrg/all/function/internal_message.html?_=1710376283379&CODE_STATE=getMsg HTTP/1.1" 200 27
116.224.254.208 - - [14/Mar/2024:08:31:24 +0800] "GET /xingrg/kc/buy/cgsh_order_operate.html?command=get_materiel&rest_code=00150&code=00101012005&supplier_code=00100096&order_time=2024-03-14 HTTP/1.1" 200 412
116.224.254.208 - - [14/Mar/2024:08:31:25 +0800] "GET /xingrg/all/function/internal_message.html?_=1710376285794&CODE_STATE=getMsg HTTP/1.1" 200 27
116.224.254.208 - - [14/Mar/2024:08:31:25 +0800] "GET /xingrg/check_reg.html?_=1710376285797 HTTP/1.1" 200 22
116.224.254.208 - - [14/Mar/2024:08:31:26 +0800] "GET /xingrg/kc/buy/cgsh_order_operate.html?command=get_materiel&rest_code=00150&code=00101008131&supplier_code=00100008&order_time=2024-03-14 HTTP/1.1" 200 408
116.224.254.208 - - [14/Mar/2024:08:31:35 +0800] "GET /xingrg/all/function/internal_message.html?_=1710376294781&CODE_STATE=getMsg HTTP/1.1" 200 27
116.224.254.208 - - [14/Mar/2024:08:31:36 +0800] "GET /xingrg/kc/buy/cgsh_order_operate.html?command=get_materiel&rest_code=00150&code=00101008353&supplier_code=00100008&order_time=2024-03-14 HTTP/1.1" 200 408
172.20.0.100 - - [14/Mar/2024:08:31:52 +0800] "GET /xingrg/all/function/internal_message.html?_=1710376322617&CODE_STATE=getMsg HTTP/1.1" 200 27
116.224.254.208 - - [14/Mar/2024:08:31:54 +0800] "GET /xingrg/kc/buy/cgsh_order_operate.html?command=get_materiel&rest_code=00150&code=00101008338&supplier_code=00100008&order_time=2024-03-14 HTTP/1.1" 200 408
221.239.169.251 - - [14/Mar/2024:08:31:55 +0800] "GET /xingrg/all/function/internal_message.html?_=1710376313973&CODE_STATE=getMsg HTTP/1.1" 302 -
124.77.241.8 - - [14/Mar/2024:08:31:55 +0800] "GET /xingrg/all/function/internal_message.html?_=1710376329286&CODE_STATE=getMsg HTTP/1.1" 200 27
116.224.254.208 - - [14/Mar/2024:08:32:09 +0800] "GET /xingrg/kc/buy/cgsh_order_operate.html?command=get_materiel&rest_code=00150&code=00101008211&supplier_code=00100008&order_time=2024-03-14 HTTP/1.1" 200 412
58.40.7.146 - - [14/Mar/2024:08:32:16 +0800] "GET /xingrg/all/function/internal_message.html?_=1710376344200&CODE_STATE=getMsg HTTP/1.1" 302 -
218.79.29.78 - - [14/Mar/2024:08:32:18 +0800] "GET /xingrg/all/function/internal_message.html?_=1710376345707&CODE_STATE=getMsg HTTP/1.1" 200 27
120.253.135.82 - - [14/Mar/2024:08:32:19 +0800] "GET /xingrg/all/function/internal_message.html?_=1710376511378&CODE_STATE=getMsg HTTP/1.1" 200 27
120.253.135.82 - - [14/Mar/2024:08:32:19 +0800] "GET /xingrg/check_reg.html?_=1710376511380 HTTP/1.1" 200 22
116.238.97.31 - - [14/Mar/2024:08:32:23 +0800] "GET /xingrg/all/function/internal_message.html?_=1710376343395&CODE_STATE=getMsg HTTP/1.1" 200 27
116.224.254.208 - - [14/Mar/2024:08:32:23 +0800] "GET /xingrg/kc/buy/cgsh_order_operate.html?command=get_materiel&rest_code=00150&code=00101007024&supplier_code=00100096&order_time=2024-03-14 HTTP/1.1" 200 417
116.224.254.208 - - [14/Mar/2024:08:32:25 +0800] "GET /xingrg/all/function/internal_message.html?_=1710376345782&CODE_STATE=getMsg HTTP/1.1" 200 27
116.224.254.208 - - [14/Mar/2024:08:32:26 +0800] "POST /xingrg/kc/buy/cgsh_order_operate.html HTTP/1.1" 200 37
116.224.254.208 - - [14/Mar/2024:08:32:29 +0800] "POST /xingrg/kc/buy/cgsh_order_operate.html HTTP/1.1" 200 16855
116.224.254.208 - - [14/Mar/2024:08:32:35 +0800] "GET /xingrg/all/function/internal_message.html?_=1710376354791&CODE_STATE=getMsg HTTP/1.1" 200 27
116.224.254.208 - - [14/Mar/2024:08:32:38 +0800] "GET /xingrg/kc/buy/cgsh_order_operate.html?command=get_materiel&rest_code=00150&code=00101007081&supplier_code=00100096&order_time=2024-03-14 HTTP/1.1" 200 415
116.224.254.208 - - [14/Mar/2024:08:32:39 +0800] "GET /xingrg/kc/buy/cgsh_order_operate.html?command=get_materiel&rest_code=00150&code=00101008361&supplier_code=00100008&order_time=2024-03-14 HTTP/1.1" 200 408
116.224.254.208 - - [14/Mar/2024:08:32:49 +0800] "GET /xingrg/kc/buy/cgsh_order_operate.html?command=get_materiel&rest_code=00150&code=00101008355&supplier_code=00100008&order_time=2024-03-14 HTTP/1.1" 200 408
