218.79.29.78 - - [14/Mar/2024:07:51:18 +0800] "GET /xingrg/all/function/internal_message.html?_=1710373885679&CODE_STATE=getMsg HTTP/1.1" 200 27
116.238.97.31 - - [14/Mar/2024:07:51:20 +0800] "GET /xingrg/kc/buy/cgsh_order_operate.html?command=get_materiel&rest_code=00102&code=00101008338&supplier_code=00100008&order_time=2024-03-14 HTTP/1.1" 200 408
116.238.97.31 - - [14/Mar/2024:07:51:23 +0800] "GET /xingrg/check_reg.html?_=1710373884662 HTTP/1.1" 200 22
116.238.97.31 - - [14/Mar/2024:07:51:23 +0800] "GET /xingrg/all/function/internal_message.html?_=1710373884739&CODE_STATE=getMsg HTTP/1.1" 200 27
116.224.254.208 - - [14/Mar/2024:07:51:25 +0800] "GET /xingrg/all/function/internal_message.html?_=1710373885801&CODE_STATE=getMsg HTTP/1.1" 200 27
116.224.254.208 - - [14/Mar/2024:07:51:25 +0800] "GET /xingrg/check_reg.html?_=1710373885805 HTTP/1.1" 200 22
116.238.97.31 - - [14/Mar/2024:07:51:31 +0800] "GET /xingrg/kc/buy/cgsh_order_operate.html?command=get_materiel&rest_code=00102&code=00101008285&supplier_code=00100008&order_time=2024-03-14 HTTP/1.1" 200 413
116.238.97.31 - - [14/Mar/2024:07:51:40 +0800] "GET /xingrg/kc/buy/cgsh_order_operate.html?command=get_materiel&rest_code=00102&code=00101008058&supplier_code=00100008&order_time=2024-03-14 HTTP/1.1" 200 408
116.238.97.31 - - [14/Mar/2024:07:51:43 +0800] "POST /xingrg/kc/buy/cgsh_order_operate.html HTTP/1.1" 200 2065
116.238.97.31 - - [14/Mar/2024:07:51:50 +0800] "GET /xingrg/kc/buy/cgsh_order_operate.html?command=get_materiel&rest_code=00102&code=00101008041&supplier_code=00100008&order_time=2024-03-14 HTTP/1.1" 200 408
172.20.0.100 - - [14/Mar/2024:07:51:52 +0800] "GET /xingrg/all/function/internal_message.html?_=1710373922442&CODE_STATE=getMsg HTTP/1.1" 200 27
124.77.241.8 - - [14/Mar/2024:07:51:55 +0800] "GET /xingrg/all/function/internal_message.html?_=1710373928508&CODE_STATE=getMsg HTTP/1.1" 200 27
221.239.169.251 - - [14/Mar/2024:07:51:55 +0800] "GET /xingrg/all/function/internal_message.html?_=1710373913929&CODE_STATE=getMsg HTTP/1.1" 302 -
120.253.135.82 - - [14/Mar/2024:07:52:15 +0800] "GET /xingrg/login.html HTTP/1.1" 200 7641
58.40.7.146 - - [14/Mar/2024:07:52:16 +0800] "GET /xingrg/all/function/internal_message.html?_=1710373944193&CODE_STATE=getMsg HTTP/1.1" 302 -
116.238.97.31 - - [14/Mar/2024:07:52:16 +0800] "GET /xingrg/kc/buy/cgsh_order_operate.html?command=get_materiel&rest_code=00102&code=00101008601&supplier_code=00100008&order_time=2024-03-14 HTTP/1.1" 200 409
218.79.29.78 - - [14/Mar/2024:07:52:18 +0800] "GET /xingrg/all/function/internal_message.html?_=1710373945682&CODE_STATE=getMsg HTTP/1.1" 200 27
120.253.135.82 - - [14/Mar/2024:07:52:19 +0800] "POST /xingrg/login.do HTTP/1.1" 302 -
120.253.135.82 - - [14/Mar/2024:07:52:19 +0800] "GET /xingrg/index.html?sysBaseUrl=http%3A%2F%2F180.169.147.146%3A18081%2Fxingrg%2F&costTime=837×tamp=1710373939211 HTTP/1.1" 200 17173
120.253.135.82 - - [14/Mar/2024:07:52:19 +0800] "GET /xingrg/all/function/internal_message.html?_=1710374111183&CODE_STATE=count HTTP/1.1" 200 11
120.253.135.82 - - [14/Mar/2024:07:52:19 +0800] "GET /xingrg/check_reg.html?_=1710374111183 HTTP/1.1" 200 22
120.253.135.82 - - [14/Mar/2024:07:52:19 +0800] "POST /xingrg/all/common/load_tree.html?tree=area_rest_tree_json&manage=1 HTTP/1.1" 200 344
120.253.135.82 - - [14/Mar/2024:07:52:19 +0800] "POST /xingrg/load_menu.html HTTP/1.1" 200 6743
116.238.97.31 - - [14/Mar/2024:07:52:23 +0800] "GET /xingrg/all/function/internal_message.html?_=1710373944712&CODE_STATE=getMsg HTTP/1.1" 200 27
120.253.135.82 - - [14/Mar/2024:07:52:24 +0800] "GET /xingrg/kc/pszx/mdps_order_list.html?orderType=0 HTTP/1.1" 200 21033
120.253.135.82 - - [14/Mar/2024:07:52:24 +0800] "POST /xingrg/kc/pszx/mdps_list_operate.html HTTP/1.1" 200 5305
116.224.254.208 - - [14/Mar/2024:07:52:25 +0800] "GET /xingrg/all/function/internal_message.html?_=1710373945797&CODE_STATE=getMsg HTTP/1.1" 200 27
120.253.135.82 - - [14/Mar/2024:07:52:32 +0800] "POST /xingrg/kc/pszx/mdps_list_operate.html HTTP/1.1" 200 5416
120.253.135.82 - - [14/Mar/2024:07:52:34 +0800] "POST /xingrg/kc/pszx/mdps_list_operate.html HTTP/1.1" 200 205
120.253.135.82 - - [14/Mar/2024:07:52:35 +0800] "GET /xingrg/kc/pszx/mdps_order_info.html?code=312024030800148 HTTP/1.1" 200 23988
120.253.135.82 - - [14/Mar/2024:07:52:35 +0800] "GET /xingrg/javascript/easyui/themes/default/validatebox.css HTTP/1.1" 404 1104
120.253.135.82 - - [14/Mar/2024:07:52:35 +0800] "GET /xingrg/all/common/auto_word.html?type=base&rest_code=00101 HTTP/1.1" 200 671
120.253.135.82 - - [14/Mar/2024:07:52:36 +0800] "POST /xingrg/kc/pszx/mdps_order_operate.html HTTP/1.1" 200 2281
120.253.135.82 - - [14/Mar/2024:07:52:46 +0800] "POST /xingrg/kc/pszx/mdps_order_operate.html HTTP/1.1" 200 37
120.253.135.82 - - [14/Mar/2024:07:52:51 +0800] "POST /xingrg/kc/pszx/mdps_order_operate.html HTTP/1.1" 200 12
172.20.0.100 - - [14/Mar/2024:07:52:52 +0800] "GET /xingrg/all/function/internal_message.html?_=1710373982442&CODE_STATE=getMsg HTTP/1.1" 200 27
172.20.0.100 - - [14/Mar/2024:07:52:52 +0800] "GET /xingrg/check_reg.html?_=1710373982443 HTTP/1.1" 200 22
120.253.135.82 - - [14/Mar/2024:07:52:53 +0800] "GET /xingrg/kc/pszx/mdps_order_info.html?code=312024030800148 HTTP/1.1" 200 19646
120.253.135.82 - - [14/Mar/2024:07:52:53 +0800] "GET /xingrg/javascript/easyui/themes/default/validatebox.css HTTP/1.1" 404 1104
120.253.135.82 - - [14/Mar/2024:07:52:53 +0800] "POST /xingrg/kc/pszx/mdps_order_operate.html HTTP/1.1" 200 502
116.238.97.31 - - [14/Mar/2024:07:52:55 +0800] "GET /xingrg/kc/buy/cgsh_order_operate.html?command=get_materiel&rest_code=00102&code=00101015050&supplier_code=00100008&order_time=2024-03-14 HTTP/1.1" 200 412
124.77.241.8 - - [14/Mar/2024:07:52:55 +0800] "GET /xingrg/all/function/internal_message.html?_=1710373988523&CODE_STATE=getMsg HTTP/1.1" 200 27
221.239.169.251 - - [14/Mar/2024:07:52:55 +0800] "GET /xingrg/all/function/internal_message.html?_=1710373973929&CODE_STATE=getMsg HTTP/1.1" 302 -
116.238.97.31 - - [14/Mar/2024:07:53:09 +0800] "GET /xingrg/kc/buy/cgsh_order_operate.html?command=get_materiel&rest_code=00102&code=00101008312&supplier_code=00100008&order_time=2024-03-14 HTTP/1.1" 200 412
58.40.7.146 - - [14/Mar/2024:07:53:16 +0800] "GET /xingrg/all/function/internal_message.html?_=1710374004186&CODE_STATE=getMsg HTTP/1.1" 302 -
218.79.29.78 - - [14/Mar/2024:07:53:18 +0800] "GET /xingrg/check_reg.html?_=1710374005683 HTTP/1.1" 200 22
218.79.29.78 - - [14/Mar/2024:07:53:18 +0800] "GET /xingrg/all/function/internal_message.html?_=1710374005686&CODE_STATE=getMsg HTTP/1.1" 200 27
120.253.135.82 - - [14/Mar/2024:07:53:19 +0800] "GET /xingrg/all/function/internal_message.html?_=1710374171192&CODE_STATE=getMsg HTTP/1.1" 200 27
116.238.97.31 - - [14/Mar/2024:07:53:22 +0800] "GET /xingrg/kc/buy/cgsh_order_operate.html?command=get_materiel&rest_code=00102&code=00101008351&supplier_code=00100008&order_time=2024-03-14 HTTP/1.1" 200 408
116.238.97.31 - - [14/Mar/2024:07:53:23 +0800] "GET /xingrg/all/function/internal_message.html?_=1710374004691&CODE_STATE=getMsg HTTP/1.1" 200 27
116.238.97.31 - - [14/Mar/2024:07:53:24 +0800] "POST /xingrg/kc/buy/cgsh_order_operate.html HTTP/1.1" 200 2065
116.224.254.208 - - [14/Mar/2024:07:53:25 +0800] "GET /xingrg/all/function/internal_message.html?_=1710374005790&CODE_STATE=getMsg HTTP/1.1" 200 27
120.253.135.82 - - [14/Mar/2024:07:53:32 +0800] "GET /xingrg/kc/pszx/mdps_order_list.html?orderType=0 HTTP/1.1" 200 21033
120.253.135.82 - - [14/Mar/2024:07:53:32 +0800] "POST /xingrg/kc/pszx/mdps_list_operate.html HTTP/1.1" 200 5246
116.238.97.31 - - [14/Mar/2024:07:53:33 +0800] "GET /xingrg/kc/buy/cgsh_order_operate.html?command=get_materiel&rest_code=00102&code=00101008502&supplier_code=00100008&order_time=2024-03-14 HTTP/1.1" 200 412
120.253.135.82 - - [14/Mar/2024:07:53:40 +0800] "POST /xingrg/kc/pszx/mdps_list_operate.html HTTP/1.1" 200 642
120.253.135.82 - - [14/Mar/2024:07:53:40 +0800] "GET /xingrg/kc/pszx/mdps_order_info.html?code=312024031300255 HTTP/1.1" 200 23982
120.253.135.82 - - [14/Mar/2024:07:53:41 +0800] "GET /xingrg/javascript/easyui/themes/default/validatebox.css HTTP/1.1" 404 1104
120.253.135.82 - - [14/Mar/2024:07:53:41 +0800] "GET /xingrg/all/common/auto_word.html?type=base&rest_code=00101 HTTP/1.1" 200 671
120.253.135.82 - - [14/Mar/2024:07:53:41 +0800] "POST /xingrg/kc/pszx/mdps_order_operate.html HTTP/1.1" 200 6859
116.238.97.31 - - [14/Mar/2024:07:53:44 +0800] "GET /xingrg/kc/buy/cgsh_order_operate.html?command=get_materiel&rest_code=00102&code=00101008355&supplier_code=00100008&order_time=2024-03-14 HTTP/1.1" 200 408
120.253.135.82 - - [14/Mar/2024:07:53:46 +0800] "POST /xingrg/kc/pszx/mdps_order_operate.html HTTP/1.1" 200 37
120.253.135.82 - - [14/Mar/2024:07:53:51 +0800] "POST /xingrg/kc/pszx/mdps_order_operate.html HTTP/1.1" 200 12
172.20.0.100 - - [14/Mar/2024:07:53:52 +0800] "GET /xingrg/all/function/internal_message.html?_=1710374042442&CODE_STATE=getMsg HTTP/1.1" 200 27
120.253.135.82 - - [14/Mar/2024:07:53:53 +0800] "GET /xingrg/kc/pszx/mdps_order_info.html?code=312024031300255 HTTP/1.1" 200 19640
120.253.135.82 - - [14/Mar/2024:07:53:53 +0800] "GET /xingrg/javascript/easyui/themes/default/validatebox.css HTTP/1.1" 404 1104
120.253.135.82 - - [14/Mar/2024:07:53:53 +0800] "POST /xingrg/kc/pszx/mdps_order_operate.html HTTP/1.1" 200 5036
116.238.97.31 - - [14/Mar/2024:07:53:54 +0800] "GET /xingrg/kc/buy/cgsh_order_operate.html?command=get_materiel&rest_code=00102&code=00101008321&supplier_code=00100008&order_time=2024-03-14 HTTP/1.1" 200 414
124.77.241.8 - - [14/Mar/2024:07:53:55 +0800] "GET /xingrg/all/function/internal_message.html?_=1710374048559&CODE_STATE=getMsg HTTP/1.1" 200 27
221.239.169.251 - - [14/Mar/2024:07:53:55 +0800] "GET /xingrg/all/function/internal_message.html?_=1710374033928&CODE_STATE=getMsg HTTP/1.1" 302 -
116.238.97.31 - - [14/Mar/2024:07:54:05 +0800] "GET /xingrg/kc/buy/cgsh_order_operate.html?command=get_materiel&rest_code=00102&code=00101008137&supplier_code=00100008&order_time=2024-03-14 HTTP/1.1" 200 408
120.253.135.82 - - [14/Mar/2024:07:54:09 +0800] "POST /xingrg/kc/pszx/mdps_list_operate.html HTTP/1.1" 200 591
120.253.135.82 - - [14/Mar/2024:07:54:09 +0800] "GET /xingrg/kc/pszx/mdps_order_info.html?code=312024031300256 HTTP/1.1" 200 23982
120.253.135.82 - - [14/Mar/2024:07:54:10 +0800] "GET /xingrg/javascript/easyui/themes/default/validatebox.css HTTP/1.1" 404 1104
120.253.135.82 - - [14/Mar/2024:07:54:10 +0800] "GET /xingrg/all/common/auto_word.html?type=base&rest_code=00101 HTTP/1.1" 200 671
120.253.135.82 - - [14/Mar/2024:07:54:10 +0800] "POST /xingrg/kc/pszx/mdps_order_operate.html HTTP/1.1" 200 6755
116.238.97.31 - - [14/Mar/2024:07:54:14 +0800] "GET /xingrg/kc/buy/cgsh_order_operate.html?command=get_materiel&rest_code=00102&code=00101008169&supplier_code=00100008&order_time=2024-03-14 HTTP/1.1" 200 412
120.253.135.82 - - [14/Mar/2024:07:54:14 +0800] "POST /xingrg/kc/pszx/mdps_order_operate.html HTTP/1.1" 200 37
116.238.97.31 - - [14/Mar/2024:07:54:16 +0800] "POST /xingrg/kc/buy/cgsh_order_operate.html HTTP/1.1" 200 2065
58.40.7.146 - - [14/Mar/2024:07:54:16 +0800] "GET /xingrg/all/function/internal_message.html?_=1710374064183&CODE_STATE=getMsg HTTP/1.1" 302 -
218.79.29.78 - - [14/Mar/2024:07:54:18 +0800] "GET /xingrg/all/function/internal_message.html?_=1710374065690&CODE_STATE=getMsg HTTP/1.1" 200 27
120.253.135.82 - - [14/Mar/2024:07:54:19 +0800] "POST /xingrg/kc/pszx/mdps_order_operate.html HTTP/1.1" 200 12
116.238.97.31 - - [14/Mar/2024:07:54:23 +0800] "GET /xingrg/all/function/internal_message.html?_=1710374064663&CODE_STATE=getMsg HTTP/1.1" 200 27
116.224.254.208 - - [14/Mar/2024:07:54:25 +0800] "GET /xingrg/all/function/internal_message.html?_=1710374065798&CODE_STATE=getMsg HTTP/1.1" 200 27
120.253.135.82 - - [14/Mar/2024:07:54:31 +0800] "GET /xingrg/all/function/internal_message.html?_=1710374242726&CODE_STATE=getMsg HTTP/1.1" 200 27
116.238.97.31 - - [14/Mar/2024:07:54:31 +0800] "GET /xingrg/kc/buy/cgsh_order_operate.html?command=get_materiel&rest_code=00102&code=00101008261&supplier_code=00100008&order_time=2024-03-14 HTTP/1.1" 200 408
120.253.135.82 - - [14/Mar/2024:07:54:31 +0800] "GET /xingrg/kc/pszx/mdps_order_info.html?code=312024031300256 HTTP/1.1" 200 19640
120.253.135.82 - - [14/Mar/2024:07:54:31 +0800] "GET /xingrg/javascript/easyui/themes/default/validatebox.css HTTP/1.1" 404 1104
120.253.135.82 - - [14/Mar/2024:07:54:32 +0800] "POST /xingrg/kc/pszx/mdps_order_operate.html HTTP/1.1" 200 4934
116.238.97.31 - - [14/Mar/2024:07:54:41 +0800] "GET /xingrg/kc/buy/cgsh_order_operate.html?command=get_materiel&rest_code=00102&code=00101008357&supplier_code=00100008&order_time=2024-03-14 HTTP/1.1" 200 408
221.239.169.251 - - [14/Mar/2024:07:54:43 +0800] "GET /xingrg/check_reg.html?_=1710374082355 HTTP/1.1" 302 -
116.238.97.31 - - [14/Mar/2024:07:54:52 +0800] "GET /xingrg/kc/buy/cgsh_order_operate.html?command=get_materiel&rest_code=00102&code=00101008210&supplier_code=00100008&order_time=2024-03-14 HTTP/1.1" 200 408
172.20.0.100 - - [14/Mar/2024:07:54:52 +0800] "GET /xingrg/all/function/internal_message.html?_=1710374102441&CODE_STATE=getMsg HTTP/1.1" 200 27
124.77.241.8 - - [14/Mar/2024:07:54:55 +0800] "GET /xingrg/all/function/internal_message.html?_=1710374108565&CODE_STATE=getMsg HTTP/1.1" 200 27
221.239.169.251 - - [14/Mar/2024:07:54:55 +0800] "GET /xingrg/all/function/internal_message.html?_=1710374093934&CODE_STATE=getMsg HTTP/1.1" 302 -
116.238.97.31 - - [14/Mar/2024:07:55:02 +0800] "GET /xingrg/kc/buy/cgsh_order_operate.html?command=get_materiel&rest_code=00102&code=00101008098&supplier_code=00100008&order_time=2024-03-14 HTTP/1.1" 200 412
116.238.97.31 - - [14/Mar/2024:07:55:11 +0800] "GET /xingrg/kc/buy/cgsh_order_operate.html?command=get_materiel&rest_code=00102&code=00101008270&supplier_code=00100008&order_time=2024-03-14 HTTP/1.1" 200 412
116.238.97.31 - - [14/Mar/2024:07:55:15 +0800] "POST /xingrg/kc/buy/cgsh_order_operate.html HTTP/1.1" 200 2065
58.40.7.146 - - [14/Mar/2024:07:55:16 +0800] "GET /xingrg/all/function/internal_message.html?_=1710374124200&CODE_STATE=getMsg HTTP/1.1" 302 -
218.79.29.78 - - [14/Mar/2024:07:55:18 +0800] "GET /xingrg/all/function/internal_message.html?_=1710374125675&CODE_STATE=getMsg HTTP/1.1" 200 27
120.253.135.82 - - [14/Mar/2024:07:55:19 +0800] "GET /xingrg/all/function/internal_message.html?_=1710374291204&CODE_STATE=getMsg HTTP/1.1" 200 27
116.238.97.31 - - [14/Mar/2024:07:55:20 +0800] "GET /xingrg/kc/buy/cgsh_order_operate.html?command=get_materiel&rest_code=00102&code=00101008005&supplier_code=00100008&order_time=2024-03-14 HTTP/1.1" 200 412
116.238.97.31 - - [14/Mar/2024:07:55:23 +0800] "GET /xingrg/all/function/internal_message.html?_=1710374124663&CODE_STATE=getMsg HTTP/1.1" 200 27
116.224.254.208 - - [14/Mar/2024:07:55:25 +0800] "GET /xingrg/all/function/internal_message.html?_=1710374125795&CODE_STATE=getMsg HTTP/1.1" 200 27
116.238.97.31 - - [14/Mar/2024:07:55:32 +0800] "GET /xingrg/kc/buy/cgsh_order_operate.html?command=get_materiel&rest_code=00102&code=00101008372&supplier_code=00100008&order_time=2024-03-14 HTTP/1.1" 200 408
172.20.0.100 - - [14/Mar/2024:07:55:52 +0800] "GET /xingrg/all/function/internal_message.html?_=1710374162467&CODE_STATE=getMsg HTTP/1.1" 200 27
124.77.241.8 - - [14/Mar/2024:07:55:54 +0800] "GET /xingrg/check_reg.html?_=1710374167815 HTTP/1.1" 200 22
124.77.241.8 - - [14/Mar/2024:07:55:55 +0800] "GET /xingrg/all/function/internal_message.html?_=1710374168579&CODE_STATE=getMsg HTTP/1.1" 200 27
221.239.169.251 - - [14/Mar/2024:07:55:55 +0800] "GET /xingrg/all/function/internal_message.html?_=1710374153934&CODE_STATE=getMsg HTTP/1.1" 302 -
116.238.97.31 - - [14/Mar/2024:07:55:58 +0800] "POST /xingrg/kc/buy/cgsh_order_operate.html HTTP/1.1" 200 37
116.238.97.31 - - [14/Mar/2024:07:56:08 +0800] "POST /xingrg/kc/buy/cgsh_order_operate.html HTTP/1.1" 200 12
116.238.97.31 - - [14/Mar/2024:07:56:11 +0800] "GET /xingrg/kc/buy/cgsh_order_info.html?code=212024031403988 HTTP/1.1" 200 68597
116.238.97.31 - - [14/Mar/2024:07:56:11 +0800] "GET /xingrg/javascript/easyui/themes/default/validatebox.css HTTP/1.1" 404 1104
116.238.97.31 - - [14/Mar/2024:07:56:12 +0800] "POST /xingrg/kc/buy/cgsh_order_operate.html HTTP/1.1" 200 26058
58.40.7.146 - - [14/Mar/2024:07:56:16 +0800] "GET /xingrg/check_reg.html?_=1710374184188 HTTP/1.1" 302 -
58.40.7.146 - - [14/Mar/2024:07:56:16 +0800] "GET /xingrg/all/function/internal_message.html?_=1710374184190&CODE_STATE=getMsg HTTP/1.1" 302 -
218.79.29.78 - - [14/Mar/2024:07:56:18 +0800] "GET /xingrg/all/function/internal_message.html?_=1710374185678&CODE_STATE=getMsg HTTP/1.1" 200 27
116.238.97.31 - - [14/Mar/2024:07:56:19 +0800] "GET /xingrg/kc/buy/cgsh_order_add.html HTTP/1.1" 200 73690
116.238.97.31 - - [14/Mar/2024:07:56:19 +0800] "POST /xingrg/kc/buy/cgsh_order_operate.html HTTP/1.1" 200 8245
116.238.97.31 - - [14/Mar/2024:07:56:19 +0800] "GET /xingrg/javascript/easyui/themes/default/validatebox.css HTTP/1.1" 404 1104
120.253.135.82 - - [14/Mar/2024:07:56:19 +0800] "GET /xingrg/all/function/internal_message.html?_=1710374351204&CODE_STATE=getMsg HTTP/1.1" 200 27
116.238.97.31 - - [14/Mar/2024:07:56:23 +0800] "GET /xingrg/check_reg.html?_=1710374184664 HTTP/1.1" 200 22
116.238.97.31 - - [14/Mar/2024:07:56:23 +0800] "GET /xingrg/all/function/internal_message.html?_=1710374184670&CODE_STATE=getMsg HTTP/1.1" 200 27
116.224.254.208 - - [14/Mar/2024:07:56:25 +0800] "GET /xingrg/all/function/internal_message.html?_=1710374185787&CODE_STATE=getMsg HTTP/1.1" 200 27
116.224.254.208 - - [14/Mar/2024:07:56:25 +0800] "GET /xingrg/check_reg.html?_=1710374185789 HTTP/1.1" 200 22
172.20.0.100 - - [14/Mar/2024:07:56:52 +0800] "GET /xingrg/all/function/internal_message.html?_=1710374222466&CODE_STATE=getMsg HTTP/1.1" 200 27
124.77.241.8 - - [14/Mar/2024:07:56:55 +0800] "GET /xingrg/all/function/internal_message.html?_=1710374228593&CODE_STATE=getMsg HTTP/1.1" 200 27
221.239.169.251 - - [14/Mar/2024:07:56:55 +0800] "GET /xingrg/all/function/internal_message.html?_=1710374213935&CODE_STATE=getMsg HTTP/1.1" 302 -
58.40.7.146 - - [14/Mar/2024:07:57:16 +0800] "GET /xingrg/all/function/internal_message.html?_=1710374244183&CODE_STATE=getMsg HTTP/1.1" 302 -
218.79.29.78 - - [14/Mar/2024:07:57:18 +0800] "GET /xingrg/all/function/internal_message.html?_=1710374245680&CODE_STATE=getMsg HTTP/1.1" 200 27
120.253.135.82 - - [14/Mar/2024:07:57:19 +0800] "GET /xingrg/all/function/internal_message.html?_=1710374411210&CODE_STATE=getMsg HTTP/1.1" 200 27
120.253.135.82 - - [14/Mar/2024:07:57:19 +0800] "GET /xingrg/check_reg.html?_=1710374411211 HTTP/1.1" 200 22
116.238.97.31 - - [14/Mar/2024:07:57:23 +0800] "GET /xingrg/all/function/internal_message.html?_=1710374244666&CODE_STATE=getMsg HTTP/1.1" 200 27
116.224.254.208 - - [14/Mar/2024:07:57:25 +0800] "GET /xingrg/all/function/internal_message.html?_=1710374245796&CODE_STATE=getMsg HTTP/1.1" 200 27
172.20.0.100 - - [14/Mar/2024:07:57:52 +0800] "GET /xingrg/check_reg.html?_=1710374282482 HTTP/1.1" 200 22
172.20.0.100 - - [14/Mar/2024:07:57:52 +0800] "GET /xingrg/all/function/internal_message.html?_=1710374282481&CODE_STATE=getMsg HTTP/1.1" 200 27
124.77.241.8 - - [14/Mar/2024:07:57:55 +0800] "GET /xingrg/all/function/internal_message.html?_=1710374288605&CODE_STATE=getMsg HTTP/1.1" 200 27
221.239.169.251 - - [14/Mar/2024:07:57:55 +0800] "GET /xingrg/all/function/internal_message.html?_=1710374273923&CODE_STATE=getMsg HTTP/1.1" 302 -
58.40.7.146 - - [14/Mar/2024:07:58:16 +0800] "GET /xingrg/all/function/internal_message.html?_=1710374304187&CODE_STATE=getMsg HTTP/1.1" 302 -
218.79.29.78 - - [14/Mar/2024:07:58:18 +0800] "GET /xingrg/all/function/internal_message.html?_=1710374305681&CODE_STATE=getMsg HTTP/1.1" 200 27
218.79.29.78 - - [14/Mar/2024:07:58:18 +0800] "GET /xingrg/check_reg.html?_=1710374305685 HTTP/1.1" 200 22
120.253.135.82 - - [14/Mar/2024:07:58:19 +0800] "GET /xingrg/all/function/internal_message.html?_=1710374471214&CODE_STATE=getMsg HTTP/1.1" 200 27
116.238.97.31 - - [14/Mar/2024:07:58:23 +0800] "GET /xingrg/all/function/internal_message.html?_=1710374304684&CODE_STATE=getMsg HTTP/1.1" 200 27
116.224.254.208 - - [14/Mar/2024:07:58:25 +0800] "GET /xingrg/all/function/internal_message.html?_=1710374305798&CODE_STATE=getMsg HTTP/1.1" 200 27
172.20.0.100 - - [14/Mar/2024:07:58:52 +0800] "GET /xingrg/all/function/internal_message.html?_=1710374342466&CODE_STATE=getMsg HTTP/1.1" 200 27
124.77.241.8 - - [14/Mar/2024:07:58:55 +0800] "GET /xingrg/all/function/internal_message.html?_=1710374348657&CODE_STATE=getMsg HTTP/1.1" 200 27
221.239.169.251 - - [14/Mar/2024:07:58:55 +0800] "GET /xingrg/all/function/internal_message.html?_=1710374333926&CODE_STATE=getMsg HTTP/1.1" 302 -
58.40.7.146 - - [14/Mar/2024:07:59:16 +0800] "GET /xingrg/all/function/internal_message.html?_=1710374364178&CODE_STATE=getMsg HTTP/1.1" 302 -
218.79.29.78 - - [14/Mar/2024:07:59:18 +0800] "GET /xingrg/all/function/internal_message.html?_=1710374365687&CODE_STATE=getMsg HTTP/1.1" 200 27
120.253.135.82 - - [14/Mar/2024:07:59:19 +0800] "GET /xingrg/all/function/internal_message.html?_=1710374531219&CODE_STATE=getMsg HTTP/1.1" 200 27
116.238.97.31 - - [14/Mar/2024:07:59:23 +0800] "GET /xingrg/all/function/internal_message.html?_=1710374364667&CODE_STATE=getMsg HTTP/1.1" 200 27
116.224.254.208 - - [14/Mar/2024:07:59:25 +0800] "GET /xingrg/all/function/internal_message.html?_=1710374365799&CODE_STATE=getMsg HTTP/1.1" 200 27
221.239.169.251 - - [14/Mar/2024:07:59:43 +0800] "GET /xingrg/check_reg.html?_=1710374382338 HTTP/1.1" 302 -
172.20.0.100 - - [14/Mar/2024:07:59:52 +0800] "GET /xingrg/all/function/internal_message.html?_=1710374402481&CODE_STATE=getMsg HTTP/1.1" 200 27
124.77.241.8 - - [14/Mar/2024:07:59:55 +0800] "GET /xingrg/all/function/internal_message.html?_=1710374408665&CODE_STATE=getMsg HTTP/1.1" 200 27
221.239.169.251 - - [14/Mar/2024:07:59:55 +0800] "GET /xingrg/all/function/internal_message.html?_=1710374393934&CODE_STATE=getMsg HTTP/1.1" 302 -
58.40.7.146 - - [14/Mar/2024:08:00:16 +0800] "GET /xingrg/all/function/internal_message.html?_=1710374424189&CODE_STATE=getMsg HTTP/1.1" 302 -
218.79.29.78 - - [14/Mar/2024:08:00:18 +0800] "GET /xingrg/all/function/internal_message.html?_=1710374425687&CODE_STATE=getMsg HTTP/1.1" 200 27
120.253.135.82 - - [14/Mar/2024:08:00:19 +0800] "GET /xingrg/all/function/internal_message.html?_=1710374591224&CODE_STATE=getMsg HTTP/1.1" 200 27
116.238.97.31 - - [14/Mar/2024:08:00:23 +0800] "GET /xingrg/all/function/internal_message.html?_=1710374424665&CODE_STATE=getMsg HTTP/1.1" 200 27
116.224.254.208 - - [14/Mar/2024:08:00:25 +0800] "GET /xingrg/all/function/internal_message.html?_=1710374425789&CODE_STATE=getMsg HTTP/1.1" 200 27
172.20.0.100 - - [14/Mar/2024:08:00:52 +0800] "GET /xingrg/all/function/internal_message.html?_=1710374462480&CODE_STATE=getMsg HTTP/1.1" 200 27
124.77.241.8 - - [14/Mar/2024:08:00:54 +0800] "GET /xingrg/check_reg.html?_=1710374467850 HTTP/1.1" 200 22
124.77.241.8 - - [14/Mar/2024:08:00:55 +0800] "GET /xingrg/all/function/internal_message.html?_=1710374468677&CODE_STATE=getMsg HTTP/1.1" 200 27
221.239.169.251 - - [14/Mar/2024:08:00:55 +0800] "GET /xingrg/all/function/internal_message.html?_=1710374453922&CODE_STATE=getMsg HTTP/1.1" 302 -
58.40.7.146 - - [14/Mar/2024:08:01:16 +0800] "GET /xingrg/check_reg.html?_=1710374484179 HTTP/1.1" 302 -
58.40.7.146 - - [14/Mar/2024:08:01:16 +0800] "GET /xingrg/all/function/internal_message.html?_=1710374484181&CODE_STATE=getMsg HTTP/1.1" 302 -
218.79.29.78 - - [14/Mar/2024:08:01:18 +0800] "GET /xingrg/all/function/internal_message.html?_=1710374485692&CODE_STATE=getMsg HTTP/1.1" 200 27
120.253.135.82 - - [14/Mar/2024:08:01:19 +0800] "GET /xingrg/all/function/internal_message.html?_=1710374651229&CODE_STATE=getMsg HTTP/1.1" 200 27
116.238.97.31 - - [14/Mar/2024:08:01:23 +0800] "GET /xingrg/check_reg.html?_=1710374484669 HTTP/1.1" 200 22
116.238.97.31 - - [14/Mar/2024:08:01:23 +0800] "GET /xingrg/all/function/internal_message.html?_=1710374484670&CODE_STATE=getMsg HTTP/1.1" 200 27
116.224.254.208 - - [14/Mar/2024:08:01:25 +0800] "GET /xingrg/all/function/internal_message.html?_=1710374485806&CODE_STATE=getMsg HTTP/1.1" 200 27
116.224.254.208 - - [14/Mar/2024:08:01:25 +0800] "GET /xingrg/check_reg.html?_=1710374485809 HTTP/1.1" 200 22
172.20.0.100 - - [14/Mar/2024:08:01:52 +0800] "GET /xingrg/all/function/internal_message.html?_=1710374522479&CODE_STATE=getMsg HTTP/1.1" 200 27
124.77.241.8 - - [14/Mar/2024:08:01:55 +0800] "GET /xingrg/all/function/internal_message.html?_=1710374528693&CODE_STATE=getMsg HTTP/1.1" 200 27
221.239.169.251 - - [14/Mar/2024:08:01:55 +0800] "GET /xingrg/all/function/internal_message.html?_=1710374513922&CODE_STATE=getMsg HTTP/1.1" 302 -
58.40.7.146 - - [14/Mar/2024:08:02:16 +0800] "GET /xingrg/all/function/internal_message.html?_=1710374544191&CODE_STATE=getMsg HTTP/1.1" 302 -
218.79.29.78 - - [14/Mar/2024:08:02:18 +0800] "GET /xingrg/all/function/internal_message.html?_=1710374545691&CODE_STATE=getMsg HTTP/1.1" 200 27
120.253.135.82 - - [14/Mar/2024:08:02:19 +0800] "GET /xingrg/check_reg.html?_=1710374711236 HTTP/1.1" 200 22
120.253.135.82 - - [14/Mar/2024:08:02:19 +0800] "GET /xingrg/all/function/internal_message.html?_=1710374711234&CODE_STATE=getMsg HTTP/1.1" 200 27
116.238.97.31 - - [14/Mar/2024:08:02:23 +0800] "GET /xingrg/all/function/internal_message.html?_=1710374544662&CODE_STATE=getMsg HTTP/1.1" 200 27
116.224.254.208 - - [14/Mar/2024:08:02:25 +0800] "GET /xingrg/all/function/internal_message.html?_=1710374545804&CODE_STATE=getMsg HTTP/1.1" 200 27
172.20.0.100 - - [14/Mar/2024:08:02:52 +0800] "GET /xingrg/all/function/internal_message.html?_=1710374582507&CODE_STATE=getMsg HTTP/1.1" 200 27
172.20.0.100 - - [14/Mar/2024:08:02:52 +0800] "GET /xingrg/check_reg.html?_=1710374582508 HTTP/1.1" 200 22
124.77.241.8 - - [14/Mar/2024:08:02:55 +0800] "GET /xingrg/all/function/internal_message.html?_=1710374588708&CODE_STATE=getMsg HTTP/1.1" 200 27
221.239.169.251 - - [14/Mar/2024:08:02:55 +0800] "GET /xingrg/all/function/internal_message.html?_=1710374573925&CODE_STATE=getMsg HTTP/1.1" 302 -
120.253.135.82 - - [14/Mar/2024:08:03:07 +0800] "POST /xingrg/kc/pszx/mdps_list_operate.html HTTP/1.1" 200 5227
58.40.7.146 - - [14/Mar/2024:08:03:16 +0800] "GET /xingrg/all/function/internal_message.html?_=1710374604193&CODE_STATE=getMsg HTTP/1.1" 302 -
218.79.29.78 - - [14/Mar/2024:08:03:18 +0800] "GET /xingrg/check_reg.html?_=1710374605691 HTTP/1.1" 200 22
218.79.29.78 - - [14/Mar/2024:08:03:18 +0800] "GET /xingrg/all/function/internal_message.html?_=1710374605695&CODE_STATE=getMsg HTTP/1.1" 200 27
120.253.135.82 - - [14/Mar/2024:08:03:19 +0800] "GET /xingrg/all/function/internal_message.html?_=1710374771239&CODE_STATE=getMsg HTTP/1.1" 200 27
116.238.97.31 - - [14/Mar/2024:08:03:23 +0800] "GET /xingrg/all/function/internal_message.html?_=1710374604673&CODE_STATE=getMsg HTTP/1.1" 200 27
116.224.254.208 - - [14/Mar/2024:08:03:25 +0800] "GET /xingrg/all/function/internal_message.html?_=1710374605810&CODE_STATE=getMsg HTTP/1.1" 200 27
172.20.0.100 - - [14/Mar/2024:08:03:52 +0800] "GET /xingrg/all/function/internal_message.html?_=1710374642507&CODE_STATE=getMsg HTTP/1.1" 200 27
124.77.241.8 - - [14/Mar/2024:08:03:55 +0800] "GET /xingrg/all/function/internal_message.html?_=1710374648760&CODE_STATE=getMsg HTTP/1.1" 200 27
221.239.169.251 - - [14/Mar/2024:08:03:55 +0800] "GET /xingrg/all/function/internal_message.html?_=1710374633925&CODE_STATE=getMsg HTTP/1.1" 302 -
58.40.7.146 - - [14/Mar/2024:08:04:16 +0800] "GET /xingrg/all/function/internal_message.html?_=1710374664192&CODE_STATE=getMsg HTTP/1.1" 302 -
218.79.29.78 - - [14/Mar/2024:08:04:18 +0800] "GET /xingrg/all/function/internal_message.html?_=1710374665696&CODE_STATE=getMsg HTTP/1.1" 200 27
120.253.135.82 - - [14/Mar/2024:08:04:19 +0800] "GET /xingrg/all/function/internal_message.html?_=1710374831244&CODE_STATE=getMsg HTTP/1.1" 200 27
120.253.135.82 - - [14/Mar/2024:08:04:23 +0800] "POST /xingrg/kc/pszx/mdps_list_operate.html HTTP/1.1" 200 627
116.238.97.31 - - [14/Mar/2024:08:04:23 +0800] "GET /xingrg/all/function/internal_message.html?_=1710374664663&CODE_STATE=getMsg HTTP/1.1" 200 27
120.253.135.82 - - [14/Mar/2024:08:04:23 +0800] "GET /xingrg/kc/pszx/mdps_order_info.html?code=312024031300260 HTTP/1.1" 200 23976
120.253.135.82 - - [14/Mar/2024:08:04:24 +0800] "GET /xingrg/javascript/easyui/themes/default/validatebox.css HTTP/1.1" 404 1104
120.253.135.82 - - [14/Mar/2024:08:04:24 +0800] "GET /xingrg/all/common/auto_word.html?type=base&rest_code=00101 HTTP/1.1" 200 671
120.253.135.82 - - [14/Mar/2024:08:04:24 +0800] "POST /xingrg/kc/pszx/mdps_order_operate.html HTTP/1.1" 200 6307
116.224.254.208 - - [14/Mar/2024:08:04:25 +0800] "GET /xingrg/all/function/internal_message.html?_=1710374665785&CODE_STATE=getMsg HTTP/1.1" 200 27
120.253.135.82 - - [14/Mar/2024:08:04:42 +0800] "POST /xingrg/kc/pszx/mdps_order_operate.html HTTP/1.1" 200 37
221.239.169.251 - - [14/Mar/2024:08:04:43 +0800] "GET /xingrg/check_reg.html?_=1710374682311 HTTP/1.1" 302 -
120.253.135.82 - - [14/Mar/2024:08:04:47 +0800] "POST /xingrg/kc/pszx/mdps_order_operate.html HTTP/1.1" 200 12
120.253.135.82 - - [14/Mar/2024:08:04:49 +0800] "GET /xingrg/kc/pszx/mdps_order_info.html?code=312024031300260 HTTP/1.1" 200 19634
120.253.135.82 - - [14/Mar/2024:08:04:49 +0800] "GET /xingrg/javascript/easyui/themes/default/validatebox.css HTTP/1.1" 404 1104
120.253.135.82 - - [14/Mar/2024:08:04:50 +0800] "POST /xingrg/kc/pszx/mdps_order_operate.html HTTP/1.1" 200 4499
172.20.0.100 - - [14/Mar/2024:08:04:52 +0800] "GET /xingrg/all/function/internal_message.html?_=1710374702506&CODE_STATE=getMsg HTTP/1.1" 200 27
120.253.135.82 - - [14/Mar/2024:08:04:54 +0800] "POST /xingrg/kc/pszx/mdps_list_operate.html HTTP/1.1" 200 5234
124.77.241.8 - - [14/Mar/2024:08:04:55 +0800] "GET /xingrg/all/function/internal_message.html?_=1710374708763&CODE_STATE=getMsg HTTP/1.1" 200 27
221.239.169.251 - - [14/Mar/2024:08:04:55 +0800] "GET /xingrg/all/function/internal_message.html?_=1710374693954&CODE_STATE=getMsg HTTP/1.1" 302 -
120.253.135.82 - - [14/Mar/2024:08:05:15 +0800] "POST /xingrg/kc/pszx/mdps_list_operate.html HTTP/1.1" 200 295
120.253.135.82 - - [14/Mar/2024:08:05:16 +0800] "GET /xingrg/kc/pszx/mdps_order_info.html?code=312024031300261 HTTP/1.1" 200 23976
58.40.7.146 - - [14/Mar/2024:08:05:16 +0800] "GET /xingrg/all/function/internal_message.html?_=1710374724188&CODE_STATE=getMsg HTTP/1.1" 302 -
120.253.135.82 - - [14/Mar/2024:08:05:16 +0800] "GET /xingrg/javascript/easyui/themes/default/validatebox.css HTTP/1.1" 404 1104
120.253.135.82 - - [14/Mar/2024:08:05:16 +0800] "GET /xingrg/all/common/auto_word.html?type=base&rest_code=00101 HTTP/1.1" 200 671
120.253.135.82 - - [14/Mar/2024:08:05:17 +0800] "POST /xingrg/kc/pszx/mdps_order_operate.html HTTP/1.1" 200 2801
218.79.29.78 - - [14/Mar/2024:08:05:18 +0800] "GET /xingrg/all/function/internal_message.html?_=1710374725682&CODE_STATE=getMsg HTTP/1.1" 200 27
120.253.135.82 - - [14/Mar/2024:08:05:19 +0800] "GET /xingrg/all/function/internal_message.html?_=1710374891249&CODE_STATE=getMsg HTTP/1.1" 200 27
116.238.97.31 - - [14/Mar/2024:08:05:23 +0800] "GET /xingrg/all/function/internal_message.html?_=1710374724679&CODE_STATE=getMsg HTTP/1.1" 200 27
116.224.254.208 - - [14/Mar/2024:08:05:25 +0800] "GET /xingrg/all/function/internal_message.html?_=1710374725800&CODE_STATE=getMsg HTTP/1.1" 200 27
120.253.135.82 - - [14/Mar/2024:08:05:28 +0800] "POST /xingrg/kc/pszx/mdps_order_operate.html HTTP/1.1" 200 37
120.253.135.82 - - [14/Mar/2024:08:05:34 +0800] "POST /xingrg/kc/pszx/mdps_order_operate.html HTTP/1.1" 200 12
172.20.0.100 - - [14/Mar/2024:08:05:52 +0800] "GET /xingrg/all/function/internal_message.html?_=1710374762505&CODE_STATE=getMsg HTTP/1.1" 200 27
124.77.241.8 - - [14/Mar/2024:08:05:54 +0800] "GET /xingrg/check_reg.html?_=1710374767884 HTTP/1.1" 200 22
124.77.241.8 - - [14/Mar/2024:08:05:55 +0800] "GET /xingrg/all/function/internal_message.html?_=1710374768776&CODE_STATE=getMsg HTTP/1.1" 200 27
221.239.169.251 - - [14/Mar/2024:08:05:55 +0800] "GET /xingrg/all/function/internal_message.html?_=1710374753941&CODE_STATE=getMsg HTTP/1.1" 302 -
58.40.7.146 - - [14/Mar/2024:08:06:16 +0800] "GET /xingrg/check_reg.html?_=1710374784183 HTTP/1.1" 302 -
58.40.7.146 - - [14/Mar/2024:08:06:16 +0800] "GET /xingrg/all/function/internal_message.html?_=1710374784186&CODE_STATE=getMsg HTTP/1.1" 302 -
218.79.29.78 - - [14/Mar/2024:08:06:18 +0800] "GET /xingrg/all/function/internal_message.html?_=1710374785683&CODE_STATE=getMsg HTTP/1.1" 200 27
116.238.97.31 - - [14/Mar/2024:08:06:23 +0800] "GET /xingrg/check_reg.html?_=1710374784671 HTTP/1.1" 200 22
116.238.97.31 - - [14/Mar/2024:08:06:23 +0800] "GET /xingrg/all/function/internal_message.html?_=1710374784673&CODE_STATE=getMsg HTTP/1.1" 200 27
116.224.254.208 - - [14/Mar/2024:08:06:25 +0800] "GET /xingrg/all/function/internal_message.html?_=1710374785790&CODE_STATE=getMsg HTTP/1.1" 200 27
116.224.254.208 - - [14/Mar/2024:08:06:25 +0800] "GET /xingrg/check_reg.html?_=1710374785792 HTTP/1.1" 200 22
120.253.135.82 - - [14/Mar/2024:08:06:44 +0800] "GET /xingrg/all/function/internal_message.html?_=1710374976192&CODE_STATE=getMsg HTTP/1.1" 200 27
120.253.135.82 - - [14/Mar/2024:08:06:45 +0800] "GET /xingrg/kc/pszx/mdps_order_info.html?code=312024031300261 HTTP/1.1" 200 19634
120.253.135.82 - - [14/Mar/2024:08:06:45 +0800] "GET /xingrg/javascript/easyui/themes/default/validatebox.css HTTP/1.1" 404 1104
120.253.135.82 - - [14/Mar/2024:08:06:45 +0800] "POST /xingrg/kc/pszx/mdps_order_operate.html HTTP/1.1" 200 1018
172.20.0.100 - - [14/Mar/2024:08:06:52 +0800] "GET /xingrg/all/function/internal_message.html?_=1710374822503&CODE_STATE=getMsg HTTP/1.1" 200 27
124.77.241.8 - - [14/Mar/2024:08:06:55 +0800] "GET /xingrg/all/function/internal_message.html?_=1710374828790&CODE_STATE=getMsg HTTP/1.1" 200 27
221.239.169.251 - - [14/Mar/2024:08:06:55 +0800] "GET /xingrg/all/function/internal_message.html?_=1710374813952&CODE_STATE=getMsg HTTP/1.1" 302 -
58.40.7.146 - - [14/Mar/2024:08:07:16 +0800] "GET /xingrg/all/function/internal_message.html?_=1710374844171&CODE_STATE=getMsg HTTP/1.1" 302 -
218.79.29.78 - - [14/Mar/2024:08:07:18 +0800] "GET /xingrg/all/function/internal_message.html?_=1710374845685&CODE_STATE=getMsg HTTP/1.1" 200 27
120.253.135.82 - - [14/Mar/2024:08:07:19 +0800] "GET /xingrg/all/function/internal_message.html?_=1710375011256&CODE_STATE=getMsg HTTP/1.1" 200 27
120.253.135.82 - - [14/Mar/2024:08:07:19 +0800] "GET /xingrg/check_reg.html?_=1710375011257 HTTP/1.1" 200 22
116.238.97.31 - - [14/Mar/2024:08:07:23 +0800] "GET /xingrg/all/function/internal_message.html?_=1710374844661&CODE_STATE=getMsg HTTP/1.1" 200 27
116.224.254.208 - - [14/Mar/2024:08:07:25 +0800] "GET /xingrg/all/function/internal_message.html?_=1710374845797&CODE_STATE=getMsg HTTP/1.1" 200 27
172.20.0.100 - - [14/Mar/2024:08:07:52 +0800] "GET /xingrg/all/function/internal_message.html?_=1710374882501&CODE_STATE=getMsg HTTP/1.1" 200 27
172.20.0.100 - - [14/Mar/2024:08:07:52 +0800] "GET /xingrg/check_reg.html?_=1710374882502 HTTP/1.1" 200 22
124.77.241.8 - - [14/Mar/2024:08:07:55 +0800] "GET /xingrg/all/function/internal_message.html?_=1710374888803&CODE_STATE=getMsg HTTP/1.1" 200 27
221.239.169.251 - - [14/Mar/2024:08:07:55 +0800] "GET /xingrg/all/function/internal_message.html?_=1710374873959&CODE_STATE=getMsg HTTP/1.1" 302 -
58.40.7.146 - - [14/Mar/2024:08:08:16 +0800] "GET /xingrg/all/function/internal_message.html?_=1710374904183&CODE_STATE=getMsg HTTP/1.1" 302 -
218.79.29.78 - - [14/Mar/2024:08:08:18 +0800] "GET /xingrg/all/function/internal_message.html?_=1710374905689&CODE_STATE=getMsg HTTP/1.1" 200 27
218.79.29.78 - - [14/Mar/2024:08:08:18 +0800] "GET /xingrg/check_reg.html?_=1710374905695 HTTP/1.1" 200 22
120.253.135.82 - - [14/Mar/2024:08:08:19 +0800] "GET /xingrg/all/function/internal_message.html?_=1710375071261&CODE_STATE=getMsg HTTP/1.1" 200 27
116.238.97.31 - - [14/Mar/2024:08:08:23 +0800] "GET /xingrg/all/function/internal_message.html?_=1710374904667&CODE_STATE=getMsg HTTP/1.1" 200 27
116.224.254.208 - - [14/Mar/2024:08:08:25 +0800] "GET /xingrg/all/function/internal_message.html?_=1710374905794&CODE_STATE=getMsg HTTP/1.1" 200 27
172.20.0.100 - - [14/Mar/2024:08:08:52 +0800] "GET /xingrg/all/function/internal_message.html?_=1710374942500&CODE_STATE=getMsg HTTP/1.1" 200 27
124.77.241.8 - - [14/Mar/2024:08:08:55 +0800] "GET /xingrg/all/function/internal_message.html?_=1710374948847&CODE_STATE=getMsg HTTP/1.1" 200 27
221.239.169.251 - - [14/Mar/2024:08:08:55 +0800] "GET /xingrg/all/function/internal_message.html?_=1710374933948&CODE_STATE=getMsg HTTP/1.1" 302 -
58.40.7.146 - - [14/Mar/2024:08:09:16 +0800] "GET /xingrg/all/function/internal_message.html?_=1710374964197&CODE_STATE=getMsg HTTP/1.1" 302 -
218.79.29.78 - - [14/Mar/2024:08:09:18 +0800] "GET /xingrg/all/function/internal_message.html?_=1710374965695&CODE_STATE=getMsg HTTP/1.1" 200 27
120.253.135.82 - - [14/Mar/2024:08:09:19 +0800] "GET /xingrg/all/function/internal_message.html?_=1710375131266&CODE_STATE=getMsg HTTP/1.1" 200 27
116.238.97.31 - - [14/Mar/2024:08:09:23 +0800] "GET /xingrg/all/function/internal_message.html?_=1710374964668&CODE_STATE=getMsg HTTP/1.1" 200 27
116.224.254.208 - - [14/Mar/2024:08:09:25 +0800] "GET /xingrg/all/function/internal_message.html?_=1710374965788&CODE_STATE=getMsg HTTP/1.1" 200 27
221.239.169.251 - - [14/Mar/2024:08:09:43 +0800] "GET /xingrg/check_reg.html?_=1710374982318 HTTP/1.1" 302 -
172.20.0.100 - - [14/Mar/2024:08:09:52 +0800] "GET /xingrg/all/function/internal_message.html?_=1710375002526&CODE_STATE=getMsg HTTP/1.1" 200 27
124.77.241.8 - - [14/Mar/2024:08:09:55 +0800] "GET /xingrg/all/function/internal_message.html?_=1710375008862&CODE_STATE=getMsg HTTP/1.1" 200 27
221.239.169.251 - - [14/Mar/2024:08:09:55 +0800] "GET /xingrg/all/function/internal_message.html?_=1710374993959&CODE_STATE=getMsg HTTP/1.1" 302 -
58.40.7.146 - - [14/Mar/2024:08:10:16 +0800] "GET /xingrg/all/function/internal_message.html?_=1710375024184&CODE_STATE=getMsg HTTP/1.1" 302 -
218.79.29.78 - - [14/Mar/2024:08:10:18 +0800] "GET /xingrg/all/function/internal_message.html?_=1710375025695&CODE_STATE=getMsg HTTP/1.1" 200 27
120.253.135.82 - - [14/Mar/2024:08:10:19 +0800] "GET /xingrg/all/function/internal_message.html?_=1710375191271&CODE_STATE=getMsg HTTP/1.1" 200 27
116.238.97.31 - - [14/Mar/2024:08:10:23 +0800] "GET /xingrg/all/function/internal_message.html?_=1710375024656&CODE_STATE=getMsg HTTP/1.1" 200 27
116.224.254.208 - - [14/Mar/2024:08:10:25 +0800] "GET /xingrg/all/function/internal_message.html?_=1710375025790&CODE_STATE=getMsg HTTP/1.1" 200 27
172.20.0.100 - - [14/Mar/2024:08:10:52 +0800] "GET /xingrg/all/function/internal_message.html?_=1710375062523&CODE_STATE=getMsg HTTP/1.1" 200 27
124.77.241.8 - - [14/Mar/2024:08:10:54 +0800] "GET /xingrg/check_reg.html?_=1710375067925 HTTP/1.1" 200 22
124.77.241.8 - - [14/Mar/2024:08:10:55 +0800] "GET /xingrg/all/function/internal_message.html?_=1710375068877&CODE_STATE=getMsg HTTP/1.1" 200 27
221.239.169.251 - - [14/Mar/2024:08:10:55 +0800] "GET /xingrg/all/function/internal_message.html?_=1710375053958&CODE_STATE=getMsg HTTP/1.1" 302 -
58.40.7.146 - - [14/Mar/2024:08:11:16 +0800] "GET /xingrg/check_reg.html?_=1710375084178 HTTP/1.1" 302 -
58.40.7.146 - - [14/Mar/2024:08:11:16 +0800] "GET /xingrg/all/function/internal_message.html?_=1710375084180&CODE_STATE=getMsg HTTP/1.1" 302 -
218.79.29.78 - - [14/Mar/2024:08:11:18 +0800] "GET /xingrg/all/function/internal_message.html?_=1710375085701&CODE_STATE=getMsg HTTP/1.1" 200 27
120.253.135.82 - - [14/Mar/2024:08:11:19 +0800] "GET /xingrg/all/function/internal_message.html?_=1710375251275&CODE_STATE=getMsg HTTP/1.1" 200 27
116.238.97.31 - - [14/Mar/2024:08:11:23 +0800] "GET /xingrg/all/function/internal_message.html?_=1710375084664&CODE_STATE=getMsg HTTP/1.1" 200 27
116.238.97.31 - - [14/Mar/2024:08:11:23 +0800] "GET /xingrg/check_reg.html?_=1710375084669 HTTP/1.1" 200 22
116.224.254.208 - - [14/Mar/2024:08:11:25 +0800] "GET /xingrg/all/function/internal_message.html?_=1710375085801&CODE_STATE=getMsg HTTP/1.1" 200 27
116.224.254.208 - - [14/Mar/2024:08:11:25 +0800] "GET /xingrg/check_reg.html?_=1710375085802 HTTP/1.1" 200 22
172.20.0.100 - - [14/Mar/2024:08:11:52 +0800] "GET /xingrg/all/function/internal_message.html?_=1710375122522&CODE_STATE=getMsg HTTP/1.1" 200 27
124.77.241.8 - - [14/Mar/2024:08:11:55 +0800] "GET /xingrg/all/function/internal_message.html?_=1710375128891&CODE_STATE=getMsg HTTP/1.1" 200 27
221.239.169.251 - - [14/Mar/2024:08:11:55 +0800] "GET /xingrg/all/function/internal_message.html?_=1710375113959&CODE_STATE=getMsg HTTP/1.1" 302 -
58.40.7.146 - - [14/Mar/2024:08:12:16 +0800] "GET /xingrg/all/function/internal_message.html?_=1710375144188&CODE_STATE=getMsg HTTP/1.1" 302 -
218.79.29.78 - - [14/Mar/2024:08:12:18 +0800] "GET /xingrg/all/function/internal_message.html?_=1710375145702&CODE_STATE=getMsg HTTP/1.1" 200 27
120.253.135.82 - - [14/Mar/2024:08:12:19 +0800] "GET /xingrg/all/function/internal_message.html?_=1710375311311&CODE_STATE=getMsg HTTP/1.1" 200 27
120.253.135.82 - - [14/Mar/2024:08:12:19 +0800] "GET /xingrg/check_reg.html?_=1710375311312 HTTP/1.1" 200 22
116.238.97.31 - - [14/Mar/2024:08:12:23 +0800] "GET /xingrg/all/function/internal_message.html?_=1710375144655&CODE_STATE=getMsg HTTP/1.1" 200 27
116.224.254.208 - - [14/Mar/2024:08:12:25 +0800] "GET /xingrg/all/function/internal_message.html?_=1710375145793&CODE_STATE=getMsg HTTP/1.1" 200 27
172.20.0.100 - - [14/Mar/2024:08:12:52 +0800] "GET /xingrg/all/function/internal_message.html?_=1710375182536&CODE_STATE=getMsg HTTP/1.1" 200 27
172.20.0.100 - - [14/Mar/2024:08:12:52 +0800] "GET /xingrg/check_reg.html?_=1710375182537 HTTP/1.1" 200 22
124.77.241.8 - - [14/Mar/2024:08:12:55 +0800] "GET /xingrg/all/function/internal_message.html?_=1710375188904&CODE_STATE=getMsg HTTP/1.1" 200 27
221.239.169.251 - - [14/Mar/2024:08:12:55 +0800] "GET /xingrg/all/function/internal_message.html?_=1710375173950&CODE_STATE=getMsg HTTP/1.1" 302 -
58.40.7.146 - - [14/Mar/2024:08:13:16 +0800] "GET /xingrg/all/function/internal_message.html?_=1710375204183&CODE_STATE=getMsg HTTP/1.1" 302 -
218.79.29.78 - - [14/Mar/2024:08:13:18 +0800] "GET /xingrg/check_reg.html?_=1710375205704 HTTP/1.1" 200 22
218.79.29.78 - - [14/Mar/2024:08:13:18 +0800] "GET /xingrg/all/function/internal_message.html?_=1710375205707&CODE_STATE=getMsg HTTP/1.1" 200 27
120.253.135.82 - - [14/Mar/2024:08:13:19 +0800] "GET /xingrg/all/function/internal_message.html?_=1710375371285&CODE_STATE=getMsg HTTP/1.1" 200 27
116.238.97.31 - - [14/Mar/2024:08:13:23 +0800] "GET /xingrg/all/function/internal_message.html?_=1710375204661&CODE_STATE=getMsg HTTP/1.1" 200 27
116.224.254.208 - - [14/Mar/2024:08:13:25 +0800] "GET /xingrg/all/function/internal_message.html?_=1710375205796&CODE_STATE=getMsg HTTP/1.1" 200 27
116.224.254.208 - - [14/Mar/2024:08:13:25 +0800] "GET /xingrg/login.html HTTP/1.1" 200 7641
116.224.254.208 - - [14/Mar/2024:08:13:26 +0800] "GET /favicon.ico HTTP/1.1" 404 -
116.224.254.208 - - [14/Mar/2024:08:13:27 +0800] "GET /xingrg/login.html HTTP/1.1" 200 7641
116.224.254.208 - - [14/Mar/2024:08:13:27 +0800] "GET /favicon.ico HTTP/1.1" 404 -
116.224.254.208 - - [14/Mar/2024:08:13:27 +0800] "GET /favicon.ico HTTP/1.1" 404 -
120.253.135.82 - - [14/Mar/2024:08:13:31 +0800] "POST /xingrg/kc/pszx/mdps_list_operate.html HTTP/1.1" 200 5237
116.224.254.208 - - [14/Mar/2024:08:13:34 +0800] "POST /xingrg/login.do HTTP/1.1" 302 -
116.224.254.208 - - [14/Mar/2024:08:13:34 +0800] "GET /xingrg/index.html?sysBaseUrl=http%3A%2F%2F180.169.147.146%3A18081%2Fxingrg%2F&costTime=1106×tamp=1710375214727 HTTP/1.1" 200 17179
116.224.254.208 - - [14/Mar/2024:08:13:35 +0800] "GET /favicon.ico HTTP/1.1" 404 -
116.224.254.208 - - [14/Mar/2024:08:13:35 +0800] "GET /xingrg/check_reg.html?_=1710375214545 HTTP/1.1" 200 22
116.224.254.208 - - [14/Mar/2024:08:13:35 +0800] "GET /xingrg/all/function/internal_message.html?_=1710375214544&CODE_STATE=count HTTP/1.1" 200 11
116.224.254.208 - - [14/Mar/2024:08:13:35 +0800] "POST /xingrg/all/common/load_tree.html?tree=area_rest_tree_json&manage=1 HTTP/1.1" 200 476
116.224.254.208 - - [14/Mar/2024:08:13:35 +0800] "POST /xingrg/load_menu.html HTTP/1.1" 200 5138
120.253.135.82 - - [14/Mar/2024:08:13:36 +0800] "POST /xingrg/kc/pszx/mdps_list_operate.html HTTP/1.1" 200 208
124.79.241.4 - - [14/Mar/2024:08:13:36 +0800] "POST /xingrg/services/DataTransmitService HTTP/1.1" 200 524
120.253.135.82 - - [14/Mar/2024:08:13:37 +0800] "GET /xingrg/kc/pszx/mdps_order_info.html?code=312024031300258 HTTP/1.1" 200 23976
120.253.135.82 - - [14/Mar/2024:08:13:37 +0800] "GET /xingrg/javascript/easyui/themes/default/validatebox.css HTTP/1.1" 404 1104
120.253.135.82 - - [14/Mar/2024:08:13:37 +0800] "GET /xingrg/all/common/auto_word.html?type=base&rest_code=00101 HTTP/1.1" 200 671
120.253.135.82 - - [14/Mar/2024:08:13:37 +0800] "POST /xingrg/kc/pszx/mdps_order_operate.html HTTP/1.1" 200 2303
116.224.254.208 - - [14/Mar/2024:08:13:38 +0800] "GET /xingrg/kc/mdqp/pssh_order_list.html HTTP/1.1" 200 17887
116.224.254.208 - - [14/Mar/2024:08:13:39 +0800] "POST /xingrg/kc/mdqp/pssh_list_operate.html HTTP/1.1" 200 5370
120.253.135.82 - - [14/Mar/2024:08:13:43 +0800] "POST /xingrg/kc/pszx/mdps_order_operate.html HTTP/1.1" 200 37
116.224.254.208 - - [14/Mar/2024:08:13:48 +0800] "POST /xingrg/kc/mdqp/pssh_list_operate.html HTTP/1.1" 200 780
120.253.135.82 - - [14/Mar/2024:08:13:50 +0800] "POST /xingrg/kc/pszx/mdps_order_operate.html HTTP/1.1" 200 12
116.224.254.208 - - [14/Mar/2024:08:13:50 +0800] "GET /xingrg/kc/mdqp/pssh_order_info.html?code=312024031300257 HTTP/1.1" 200 17281
116.224.254.208 - - [14/Mar/2024:08:13:50 +0800] "GET /xingrg/javascript/jquery_tools/jquery-1.4.2.min.js HTTP/1.1" 404 1094
116.224.254.208 - - [14/Mar/2024:08:13:50 +0800] "GET /xingrg/words/20240312190758_words.js HTTP/1.1" 304 -
116.224.254.208 - - [14/Mar/2024:08:13:51 +0800] "GET /xingrg/javascript/easyui/themes/default/validatebox.css HTTP/1.1" 404 1104
116.224.254.208 - - [14/Mar/2024:08:13:51 +0800] "GET /xingrg/all/common/auto_word.html?type=employee&rest_code=00150 HTTP/1.1" 200 159
116.224.254.208 - - [14/Mar/2024:08:13:51 +0800] "GET /xingrg/all/common/auto_word.html?type=base&rest_code=00150&rest_code=00150 HTTP/1.1" 200 1853
116.224.254.208 - - [14/Mar/2024:08:13:51 +0800] "POST /xingrg/kc/mdqp/pssh_order_operate.html HTTP/1.1" 200 10711
120.253.135.82 - - [14/Mar/2024:08:13:52 +0800] "GET /xingrg/kc/pszx/mdps_order_info.html?code=312024031300258 HTTP/1.1" 200 19634
120.253.135.82 - - [14/Mar/2024:08:13:52 +0800] "GET /xingrg/javascript/easyui/themes/default/validatebox.css HTTP/1.1" 404 1104
120.253.135.82 - - [14/Mar/2024:08:13:52 +0800] "POST /xingrg/kc/pszx/mdps_order_operate.html HTTP/1.1" 200 524
172.20.0.100 - - [14/Mar/2024:08:13:52 +0800] "GET /xingrg/all/function/internal_message.html?_=1710375242535&CODE_STATE=getMsg HTTP/1.1" 200 27
120.253.135.82 - - [14/Mar/2024:08:13:54 +0800] "POST /xingrg/kc/pszx/mdps_list_operate.html HTTP/1.1" 200 5238
124.77.241.8 - - [14/Mar/2024:08:13:55 +0800] "GET /xingrg/all/function/internal_message.html?_=1710375248948&CODE_STATE=getMsg HTTP/1.1" 200 27
221.239.169.251 - - [14/Mar/2024:08:13:55 +0800] "GET /xingrg/all/function/internal_message.html?_=1710375233953&CODE_STATE=getMsg HTTP/1.1" 302 -
58.40.7.146 - - [14/Mar/2024:08:14:16 +0800] "GET /xingrg/all/function/internal_message.html?_=1710375264189&CODE_STATE=getMsg HTTP/1.1" 302 -
218.79.29.78 - - [14/Mar/2024:08:14:18 +0800] "GET /xingrg/all/function/internal_message.html?_=1710375265693&CODE_STATE=getMsg HTTP/1.1" 200 27
120.253.135.82 - - [14/Mar/2024:08:14:19 +0800] "GET /xingrg/all/function/internal_message.html?_=1710375431289&CODE_STATE=getMsg HTTP/1.1" 200 27
116.238.97.31 - - [14/Mar/2024:08:14:23 +0800] "GET /xingrg/all/function/internal_message.html?_=1710375264674&CODE_STATE=getMsg HTTP/1.1" 200 27
116.224.254.208 - - [14/Mar/2024:08:14:25 +0800] "GET /xingrg/all/function/internal_message.html?_=1710375265798&CODE_STATE=getMsg HTTP/1.1" 200 27
116.224.254.208 - - [14/Mar/2024:08:14:33 +0800] "GET /xingrg/kc/buy/cgsh_order_list.html HTTP/1.1" 200 57886
116.224.254.208 - - [14/Mar/2024:08:14:35 +0800] "GET /xingrg/all/function/internal_message.html?_=1710375274569&CODE_STATE=getMsg HTTP/1.1" 200 27
116.224.254.208 - - [14/Mar/2024:08:14:36 +0800] "POST /xingrg/kc/buy/cgsh_list_operate.html HTTP/1.1" 200 645
116.224.254.208 - - [14/Mar/2024:08:14:38 +0800] "GET /xingrg/kc/buy/cgsh_order_add.html HTTP/1.1" 200 73711
116.224.254.208 - - [14/Mar/2024:08:14:39 +0800] "POST /xingrg/kc/buy/cgsh_order_operate.html HTTP/1.1" 200 8245
116.224.254.208 - - [14/Mar/2024:08:14:39 +0800] "GET /xingrg/javascript/easyui/themes/default/validatebox.css HTTP/1.1" 404 1104
221.239.169.251 - - [14/Mar/2024:08:14:43 +0800] "GET /xingrg/check_reg.html?_=1710375282302 HTTP/1.1" 302 -
172.20.0.100 - - [14/Mar/2024:08:14:52 +0800] "GET /xingrg/all/function/internal_message.html?_=1710375302533&CODE_STATE=getMsg HTTP/1.1" 200 27
124.77.241.8 - - [14/Mar/2024:08:14:55 +0800] "GET /xingrg/all/function/internal_message.html?_=1710375308962&CODE_STATE=getMsg HTTP/1.1" 200 27
221.239.169.251 - - [14/Mar/2024:08:14:55 +0800] "GET /xingrg/all/function/internal_message.html?_=1710375293961&CODE_STATE=getMsg HTTP/1.1" 302 -
116.224.254.208 - - [14/Mar/2024:08:15:05 +0800] "GET /xingrg/javascript/auto/indicator.gif HTTP/1.1" 404 1066
120.253.135.82 - - [14/Mar/2024:08:15:14 +0800] "POST /xingrg/kc/pszx/mdps_list_operate.html HTTP/1.1" 200 625
120.253.135.82 - - [14/Mar/2024:08:15:15 +0800] "GET /xingrg/kc/pszx/mdps_order_info.html?code=312024031300257 HTTP/1.1" 200 23978
